186.115.225.51 - - [08/Jan/2024:22:38:01 -0500] "GET /kwssiamovil/sm/acme/a?s=U2FsdGVkX1+A0L3+r6MEfXwjgaHgDXZcJjiekz2KS5mCFGj+3/YIhlh9Od82Jd/u/10ABa556n8XkqX2U69fg1Mh8K0uAzQy1DEqPsFMSbbeG9k7LPGXFdH/kjaQad2JZrGXuILLyW41qDeeO45a5f+aL4hIeNAwu9Dr3m/angk=&u=U2FsdGVkX19l8MkkaBy8SvMgp2sjie+YPCcI0a8VpHyg4W3hl6Hg5n45VLIInmUd&y=U2FsdGVkX1/1FCOSWd7IRU52i4N2Dl9vxxvEPOBiFrspP/VgP89aYkJJxDyDb3dH HTTP/1.1" 200 26
186.115.225.51 - - [08/Jan/2024:22:38:01 -0500] "GET /kwssiamovil/sm/acme/a?s=U2FsdGVkX1/M+GoAHEWFJAh3HWVJ0v4yXISb8S7XhcEHkXqEFFG8rSdDH3Bv5djJNKHDZeKP/4XP9PvbPfPnMEvYibIXdUgBzQquQe/vEUtxw6kayrefMu4qYfj9/xo+qNaWCbMtmGP+4Q3zL09TZV+O6oeCm+2Kbie5lSEEzJo=&u=U2FsdGVkX19l8MkkaBy8SvMgp2sjie+YPCcI0a8VpHyg4W3hl6Hg5n45VLIInmUd&y=U2FsdGVkX1/1FCOSWd7IRU52i4N2Dl9vxxvEPOBiFrspP/VgP89aYkJJxDyDb3dH HTTP/1.1" 200 26
186.115.225.51 - - [08/Jan/2024:22:38:01 -0500] "GET /kwssiamovil/sm/acme/a?s=U2FsdGVkX18bXGioS7K8F3O/sw+z0AozqEazqtBkHo6ne/+PoAIGhNDZTLMAGC7W1gzYXNI4R+G6FHNr65PGdAJPyFc7R7dVLHzwWmhlYFc9oWLkqw8Oc1eV5JdOghYfCzzgqBOOm+coySpxdoVcU5l81j8tFCwI52SMDMZ/ZgIHp30A5kGN1kCwVTeV+oVf7aoxgInoLYu2V1nCRFcqRg==&u=U2FsdGVkX19l8MkkaBy8SvMgp2sjie+YPCcI0a8VpHyg4W3hl6Hg5n45VLIInmUd&y=U2FsdGVkX1/1FCOSWd7IRU52i4N2Dl9vxxvEPOBiFrspP/VgP89aYkJJxDyDb3dH HTTP/1.1" 200 26
156.59.198.135 - - [08/Jan/2024:22:38:03 -0500] "GET /BLA/resoluciones/RESOLUCIONES%202019/2871.pdf HTTP/1.0" 200 776799
156.59.198.136 - - [08/Jan/2024:22:38:29 -0500] "GET /BLA/resoluciones/AUTOS%202023/0234.pdf HTTP/1.0" 200 1894294
156.59.198.136 - - [08/Jan/2024:22:38:54 -0500] "GET /BLA/resoluciones/Notificaciones/AUTOS%202014/1653.doc HTTP/1.0" 200 230912
191.156.49.222 - - [08/Jan/2024:22:39:16 -0500] "GET /inicia-el-2024-conociendo-la-biodiversidad-de-bogoti.html?fbclid=IwAR1BUoIFOASHzJyYmGTsHi-r2UwATAtZ8nIG0c6sNjxpWE-QhX8N8E1fdw8 HTTP/1.1" 200 894
201.245.192.253 - - [08/Jan/2024:22:39:15 -0500] "POST /kwsrmcab/Wsrmcab HTTP/1.1" 200 36873
156.59.198.135 - - [08/Jan/2024:22:39:19 -0500] "GET /BLA/resoluciones/AUTOS%202023/4015.pdf HTTP/1.0" 200 1018020
156.59.198.135 - - [08/Jan/2024:22:39:44 -0500] "GET /BLA/resoluciones/AUTOS%202023/5198.pdf HTTP/1.0" 200 775388
201.245.192.253 - - [08/Jan/2024:22:39:56 -0500] "GET /kwsrmcab/Wsrmcab?wsdl HTTP/1.1" 200 6948
201.245.192.253 - - [08/Jan/2024:22:39:56 -0500] "POST /kwsrmcab/Wsrmcab HTTP/1.1" 200 37023
66.249.66.193 - - [08/Jan/2024:22:40:06 -0500] "GET /robots.txt HTTP/1.1" 404 1034
66.249.66.194 - - [08/Jan/2024:22:40:06 -0500] "GET /inicia-el-2024-conociendo-la-biodiversidad-de-bogoti.html HTTP/1.1" 200 894
156.59.198.136 - - [08/Jan/2024:22:40:07 -0500] "GET /BLA/resoluciones/Notificaciones/AUTOS%202014/2173.doc HTTP/1.0" 200 115200
216.245.221.92 - - [08/Jan/2024:22:40:29 -0500] "HEAD / HTTP/1.1" 200 -
156.59.198.135 - - [08/Jan/2024:22:40:32 -0500] "GET /BLA/resoluciones/AUTOS%202023/4211.pdf HTTP/1.0" 200 410042
66.249.66.20 - - [08/Jan/2024:22:40:45 -0500] "GET /BLA/resoluciones/RESOLUCIONES%202012/1081.pdf HTTP/1.1" 200 435221
156.59.198.136 - - [08/Jan/2024:22:40:56 -0500] "GET /BLA/resoluciones/AUTOS%202023/1863.pdf HTTP/1.0" 200 2743803
173.252.107.5 - - [08/Jan/2024:22:41:12 -0500] "GET /tinguas-azules-secretaria-de-ambiente-atiende-alto-numero-de-reportes-de-aves-migratorias.html HTTP/1.1" 200 923
173.252.79.4 - - [08/Jan/2024:22:41:13 -0500] "GET /images/foto%202.jpg HTTP/1.1" 200 63300
172.22.2.4 - - [08/Jan/2024:22:39:38 -0500] "HEAD /BLA/boletinlegal/ HTTP/1.1" 200 -
156.59.198.135 - - [08/Jan/2024:22:41:20 -0500] "GET /BLA/resoluciones/AUTOS%202023/4222.pdf HTTP/1.0" 200 608004
201.245.192.253 - - [08/Jan/2024:22:41:39 -0500] "POST /kwsrmcab/Wsrmcab  HTTP/1.1" 200 36937
156.59.198.136 - - [08/Jan/2024:22:41:45 -0500] "GET /BLA/resoluciones/Notificaciones/AUTOS%202014/5823.doc HTTP/1.0" 200 156672
172.22.2.4 - - [08/Jan/2024:22:40:29 -0500] "GET /BLA/boletinlegal/ HTTP/1.1" 200 60502
156.59.198.136 - - [08/Jan/2024:22:42:10 -0500] "GET /BLA/resoluciones/AUTOS%202023/0709.pdf HTTP/1.0" 200 855838
156.59.198.135 - - [08/Jan/2024:22:42:33 -0500] "GET /BLA/resoluciones/AUTOS%202023/5951.pdf HTTP/1.0" 200 419889
156.59.198.135 - - [08/Jan/2024:22:42:59 -0500] "GET /BLA/resoluciones/AUTOS%202023/3763.pdf HTTP/1.0" 200 385235
66.249.66.19 - - [08/Jan/2024:22:43:17 -0500] "GET /BLA/resoluciones/Notificaciones/AUTOS%202023/5856.pdf HTTP/1.1" 200 601937
156.59.198.136 - - [08/Jan/2024:22:43:22 -0500] "GET /BLA/resoluciones/RESOLUCIONES%202019/2088.pdf HTTP/1.0" 200 403160
156.59.198.136 - - [08/Jan/2024:22:43:46 -0500] "GET /BLA/resoluciones/Notificaciones/AUTOS%202014/5498.doc HTTP/1.0" 200 97280
156.59.198.136 - - [08/Jan/2024:22:44:12 -0500] "GET /BLA/resoluciones/AUTOS%202023/1442.pdf HTTP/1.0" 200 1286216
191.95.16.43 - - [08/Jan/2024:22:44:19 -0500] "GET /portaldeninos/wp-content/uploads/useanyfont/uaf.css?ver=1589905315 HTTP/1.1" 200 408
191.95.16.43 - - [08/Jan/2024:22:44:19 -0500] "GET /portaldeninos/wp-content/themes/betheme/style.css?ver=20.9.6 HTTP/1.1" 200 287
191.95.16.43 - - [08/Jan/2024:22:44:19 -0500] "GET /portaldeninos/wp-content/plugins/gallery-videos/CSS/totalsoft.css?ver=4.9.8 HTTP/1.1" 200 40622
191.95.16.43 - - [08/Jan/2024:22:44:19 -0500] "GET /portaldeninos/wp-content/plugins/gallery-videos/CSS/Total-Soft-Gallery-Video-Widget.css?ver=4.9.8 HTTP/1.1" 200 51554
191.95.16.43 - - [08/Jan/2024:22:44:19 -0500] "GET /portaldeninos/wp-content/themes/betheme/css/base.css?ver=20.9.6 HTTP/1.1" 200 57283
191.95.16.43 - - [08/Jan/2024:22:44:19 -0500] "GET /portaldeninos/wp-content/themes/betheme/css/layout.css?ver=20.9.6 HTTP/1.1" 200 116639
191.95.16.43 - - [08/Jan/2024:22:44:19 -0500] "GET /portaldeninos/wp-content/themes/betheme/css/shortcodes.css?ver=20.9.6 HTTP/1.1" 200 138889
191.95.16.43 - - [08/Jan/2024:22:44:19 -0500] "GET /portaldeninos/wp-content/themes/betheme/assets/jplayer/css/jplayer.blue.monday.css?ver=20.9.6 HTTP/1.1" 200 9834
191.95.16.43 - - [08/Jan/2024:22:44:19 -0500] "GET /portaldeninos/wp-content/themes/betheme/assets/ui/jquery.ui.all.css?ver=20.9.6 HTTP/1.1" 200 18765
191.95.16.43 - - [08/Jan/2024:22:44:19 -0500] "GET /portaldeninos/wp-content/themes/betheme/assets/animations/animations.min.css?ver=20.9.6 HTTP/1.1" 200 58508
191.95.16.43 - - [08/Jan/2024:22:44:19 -0500] "GET /portaldeninos/ HTTP/1.1" 200 110175
191.95.16.43 - - [08/Jan/2024:22:44:20 -0500] "GET /portaldeninos/wp-includes/js/wp-emoji-release.min.js?ver=4.9.8 HTTP/1.1" 200 12026
191.95.16.43 - - [08/Jan/2024:22:44:20 -0500] "GET /portaldeninos/wp-content/plugins/popup-maker/assets/css/site.min.css?ver=1.8.14 HTTP/1.1" 200 8260
191.95.16.43 - - [08/Jan/2024:22:44:20 -0500] "GET /portaldeninos/wp-content/plugins/google-analytics-for-wordpress/assets/js/frontend-gtag.min.js?ver=8.5.0 HTTP/1.1" 200 11801
191.95.16.43 - - [08/Jan/2024:22:44:20 -0500] "GET /portaldeninos/wp-includes/js/jquery/jquery-migrate.min.js?ver=1.4.1 HTTP/1.1" 200 10056
191.95.16.43 - - [08/Jan/2024:22:44:20 -0500] "GET /portaldeninos/wp-includes/js/jquery/ui/core.min.js?ver=1.11.4 HTTP/1.1" 200 4000
191.95.16.43 - - [08/Jan/2024:22:44:20 -0500] "GET /portaldeninos/wp-content/plugins/gallery-videos/JS/modernizr.custom.js?ver=4.9.8 HTTP/1.1" 200 9019
191.95.16.43 - - [08/Jan/2024:22:44:20 -0500] "GET /portaldeninos/wp-content/themes/betheme/css/responsive.css?ver=20.9.6 HTTP/1.1" 200 55740
191.95.16.43 - - [08/Jan/2024:22:44:21 -0500] "GET /portaldeninos/wp-content/uploads/2019/08/Logo-Ambientic.png HTTP/1.1" 200 22941
191.95.16.43 - - [08/Jan/2024:22:44:21 -0500] "GET /portaldeninos/wp-content/plugins/gallery-videos/JS/Total-Soft-Gallery-Video-Widget.js?ver=4.9.8 HTTP/1.1" 200 80264
191.95.16.43 - - [08/Jan/2024:22:44:21 -0500] "GET /portaldeninos/wp-includes/js/jquery/ui/widget.min.js?ver=1.11.4 HTTP/1.1" 200 6908
191.95.16.43 - - [08/Jan/2024:22:44:21 -0500] "GET /portaldeninos/wp-content/uploads/2021/06/titulo-cabezote-ni%C3%B1os.png HTTP/1.1" 200 64425
191.95.16.43 - - [08/Jan/2024:22:44:20 -0500] "GET /portaldeninos/wp-includes/js/jquery/jquery.js?ver=1.12.4 HTTP/1.1" 200 97184
191.95.16.43 - - [08/Jan/2024:22:44:21 -0500] "GET /portaldeninos/wp-includes/js/jquery/ui/mouse.min.js?ver=1.11.4 HTTP/1.1" 200 3148
191.95.16.43 - - [08/Jan/2024:22:44:21 -0500] "GET /portaldeninos/wp-includes/js/jquery/ui/tabs.min.js?ver=1.11.4 HTTP/1.1" 200 12110
191.95.16.43 - - [08/Jan/2024:22:44:21 -0500] "GET /portaldeninos/wp-includes/js/jquery/ui/sortable.min.js?ver=1.11.4 HTTP/1.1" 200 24899
191.95.16.43 - - [08/Jan/2024:22:44:21 -0500] "GET /portaldeninos/wp-includes/js/jquery/ui/accordion.min.js?ver=1.11.4 HTTP/1.1" 200 8584
191.95.16.43 - - [08/Jan/2024:22:44:21 -0500] "GET /portaldeninos/wp-content/themes/betheme/js/menu.js?ver=20.9.6 HTTP/1.1" 200 2449
191.95.16.43 - - [08/Jan/2024:22:44:21 -0500] "GET /portaldeninos/wp-content/themes/betheme/assets/animations/animations.min.js?ver=20.9.6 HTTP/1.1" 200 1896
191.95.16.43 - - [08/Jan/2024:22:44:21 -0500] "GET /portaldeninos/wp-includes/js/jquery/ui/position.min.js?ver=1.11.4 HTTP/1.1" 200 6527
191.95.16.43 - - [08/Jan/2024:22:44:21 -0500] "GET /portaldeninos/wp-content/themes/betheme/js/scripts.js?ver=20.9.6 HTTP/1.1" 200 77162
191.95.16.43 - - [08/Jan/2024:22:44:21 -0500] "GET /portaldeninos/wp-includes/js/wp-embed.min.js?ver=4.9.8 HTTP/1.1" 200 1398
191.95.16.43 - - [08/Jan/2024:22:44:21 -0500] "GET /portaldeninos/wp-content/uploads/2021/06/titulo-miambiente-ni%C3%B1os.png HTTP/1.1" 200 11944
191.95.16.43 - - [08/Jan/2024:22:44:21 -0500] "GET /portaldeninos/wp-content/themes/betheme/fonts/mfn-icons.woff?93978679 HTTP/1.1" 200 80932
191.95.16.43 - - [08/Jan/2024:22:44:21 -0500] "GET /portaldeninos/wp-content/themes/betheme/assets/jplayer/jplayer.min.js?ver=20.9.6 HTTP/1.1" 200 52702
191.95.16.43 - - [08/Jan/2024:22:44:21 -0500] "GET /portaldeninos/wp-content/plugins/popup-maker/assets/js/site.min.js?defer&ver=1.8.14 HTTP/1.1" 200 48457
191.95.16.43 - - [08/Jan/2024:22:44:21 -0500] "GET /portaldeninos/wp-content/themes/betheme/js/plugins.js?ver=20.9.6 HTTP/1.1" 200 197151
191.95.16.43 - - [08/Jan/2024:22:44:21 -0500] "GET /portaldeninos/wp-content/uploads/2021/06/titulo-videos-ni%C3%B1os.png HTTP/1.1" 200 10502
191.95.16.43 - - [08/Jan/2024:22:44:21 -0500] "GET /portaldeninos/wp-content/uploads/2021/06/titulo-humedales-ni%C3%B1os.png HTTP/1.1" 200 13361
191.95.16.43 - - [08/Jan/2024:22:44:21 -0500] "GET /portaldeninos/wp-content/uploads/2020/01/Tierra-escenario.jpg HTTP/1.1" 200 181491
191.95.16.43 - - [08/Jan/2024:22:44:21 -0500] "GET /portaldeninos/wp-content/uploads/2018/10/oso.jpg HTTP/1.1" 200 305180
191.95.16.43 - - [08/Jan/2024:22:44:21 -0500] "GET /portaldeninos/wp-content/uploads/2018/11/caneca.jpg HTTP/1.1" 200 262661
191.95.16.43 - - [08/Jan/2024:22:44:22 -0500] "GET /portaldeninos/wp-content/uploads/2020/05/fb.jpg HTTP/1.1" 200 9893
191.95.16.43 - - [08/Jan/2024:22:44:21 -0500] "GET /portaldeninos/wp-content/uploads/2020/01/Frailejon-escenario.jpg HTTP/1.1" 200 357472
191.95.16.43 - - [08/Jan/2024:22:44:22 -0500] "GET /portaldeninos/wp-content/uploads/2020/05/ig.jpg HTTP/1.1" 200 11470
191.95.16.43 - - [08/Jan/2024:22:44:21 -0500] "GET /portaldeninos/wp-content/uploads/2018/11/tigrillo.jpg HTTP/1.1" 200 402961
191.95.16.43 - - [08/Jan/2024:22:44:22 -0500] "GET /portaldeninos/wp-content/uploads/2020/06/yt.jpg HTTP/1.1" 200 10577
191.95.16.43 - - [08/Jan/2024:22:44:22 -0500] "GET /portaldeninos/wp-content/uploads/2020/06/tw.jpg HTTP/1.1" 200 11056
191.95.16.43 - - [08/Jan/2024:22:44:22 -0500] "GET /portaldeninos/wp-content/themes/betheme/images/box_shadow.png HTTP/1.1" 200 108
191.95.16.43 - - [08/Jan/2024:22:44:22 -0500] "GET /portaldeninos/wp-content/themes/betheme/images/stripes/stripes_3_b.png HTTP/1.1" 200 974
191.95.16.43 - - [08/Jan/2024:22:44:22 -0500] "GET /portaldeninos/wp-content/uploads/2023/08/Infografia-Web-Infantil.mp4 HTTP/1.1" 206 249114
191.95.16.43 - - [08/Jan/2024:22:44:22 -0500] "GET /portaldeninos/wp-content/uploads/2022/08/Infograf%C3%ADa-humedales-actualizada.png HTTP/1.1" 200 588022
191.95.16.43 - - [08/Jan/2024:22:44:23 -0500] "GET /portaldeninos/wp-json/pum/v1/analytics/?event=open&pid=1126&_cache=1704771874565 HTTP/1.1" 204 -
156.59.198.135 - - [08/Jan/2024:22:44:35 -0500] "GET /BLA/resoluciones/AUTOS%202023/4272.pdf HTTP/1.0" 200 511037
191.95.16.43 - - [08/Jan/2024:22:44:22 -0500] "GET /portaldeninos/wp-content/uploads/2023/08/Infografia-Web-Infantil.mp4 HTTP/1.1" 206 9615065
191.95.16.43 - - [08/Jan/2024:22:44:22 -0500] "GET /portaldeninos/wp-content/uploads/2022/08/HUmedalConejera03-1.jpg HTTP/1.1" 200 12388495
191.95.16.43 - - [08/Jan/2024:22:44:22 -0500] "GET /portaldeninos/wp-content/uploads/2019/06/CabezoteAMBIENTIC.mp4 HTTP/1.1" 206 14935342
156.59.198.135 - - [08/Jan/2024:22:45:00 -0500] "GET /BLA/resoluciones/Notificaciones/AUTOS%202014/4065.doc HTTP/1.0" 200 93696
156.59.198.135 - - [08/Jan/2024:22:45:26 -0500] "GET /BLA/resoluciones/AUTOS%202023/2072.pdf HTTP/1.0" 200 405667
216.245.221.92 - - [08/Jan/2024:22:45:29 -0500] "HEAD / HTTP/1.1" 200 -
156.59.198.136 - - [08/Jan/2024:22:45:49 -0500] "GET /BLA/resoluciones/AUTOS%202023/0662.pdf HTTP/1.0" 200 1231194
156.59.198.136 - - [08/Jan/2024:22:46:15 -0500] "GET /BLA/resoluciones/AUTOS%202023/1762.pdf HTTP/1.0" 200 527793
66.249.66.193 - - [08/Jan/2024:22:46:24 -0500] "GET /investigadores-del-jardin-botanico-de-bogota-descubren-primera-especie-de- HTTP/1.1" 404 1034
173.252.107.119 - - [08/Jan/2024:22:46:26 -0500] "GET /images/Musgo%2017%20-%2012%20-%202023.jpeg HTTP/1.1" 200 66238
201.245.192.253 - - [08/Jan/2024:22:46:36 -0500] "POST /kwsrmcab/Wsrmcab  HTTP/1.1" 200 36937
156.59.198.135 - - [08/Jan/2024:22:46:39 -0500] "GET /BLA/resoluciones/Notificaciones/AUTOS%202014/5000.pdf HTTP/1.0" 200 81761
156.59.198.136 - - [08/Jan/2024:22:47:03 -0500] "GET /BLA/resoluciones/AUTOS%202023/0724.pdf HTTP/1.0" 200 1065624
172.22.2.4 - - [08/Jan/2024:22:45:28 -0500] "HEAD /BLA/boletinlegal/ HTTP/1.1" 200 -
172.22.2.4 - - [08/Jan/2024:22:46:41 -0500] "GET /BLA/boletinlegal/ HTTP/1.1" 200 20427
156.59.198.136 - - [08/Jan/2024:22:47:28 -0500] "GET /BLA/resoluciones/AUTOS%202023/1382.pdf HTTP/1.0" 200 430870
156.59.198.135 - - [08/Jan/2024:22:47:52 -0500] "GET /BLA/resoluciones/Notificaciones/AUTOS%202014/2062.doc HTTP/1.0" 200 228352
172.22.2.4 - - [08/Jan/2024:22:46:19 -0500] "GET /BLA/boletinlegal/ HTTP/1.1" 200 57309
66.249.66.21 - - [08/Jan/2024:22:48:19 -0500] "GET /BLA/resoluciones/AUTOS%202012/2666.pdf HTTP/1.1" 200 918593
156.59.198.135 - - [08/Jan/2024:22:48:19 -0500] "GET /BLA/resoluciones/AUTOS%202023/2539.pdf HTTP/1.0" 200 801421
173.252.107.120 - - [08/Jan/2024:22:48:26 -0500] "GET /palmas-silvestres-secretaria-de-ambiente-inicia-campana-de-proteccion.html HTTP/1.1" 200 851
156.59.198.136 - - [08/Jan/2024:22:48:44 -0500] "GET /BLA/resoluciones/RESOLUCIONES%202019/1554.pdf HTTP/1.0" 200 260085
66.249.66.21 - - [08/Jan/2024:22:48:53 -0500] "GET /BLA/resoluciones/RESOLUCIONES%202009/6046.pdf HTTP/1.1" 200 491887
156.59.198.136 - - [08/Jan/2024:22:49:08 -0500] "GET /BLA/resoluciones/Notificaciones/AUTOS%202014/56.doc HTTP/1.0" 200 228352
156.59.198.135 - - [08/Jan/2024:22:49:32 -0500] "GET /BLA/resoluciones/AUTOS%202023/0691.pdf HTTP/1.0" 200 1043951
156.59.198.135 - - [08/Jan/2024:22:49:57 -0500] "GET /BLA/resoluciones/AUTOS%202023/1170.pdf HTTP/1.0" 200 413721
156.59.198.135 - - [08/Jan/2024:22:50:21 -0500] "GET /BLA/resoluciones/AUTOS%202023/0108.pdf HTTP/1.0" 200 677768
216.245.221.92 - - [08/Jan/2024:22:50:29 -0500] "HEAD / HTTP/1.1" 200 -
156.59.198.135 - - [08/Jan/2024:22:50:45 -0500] "GET /BLA/resoluciones/AUTOS%202023/2582.pdf HTTP/1.0" 200 956763
40.77.167.79 - - [08/Jan/2024:22:51:03 -0500] "GET /BLA/resoluciones/AUTOS%202013/2224.pdf HTTP/1.1" 304 -
156.59.198.135 - - [08/Jan/2024:22:51:09 -0500] "GET /BLA/resoluciones/Notificaciones/AUTOS%202014/5621.doc HTTP/1.0" 200 165376
156.59.198.135 - - [08/Jan/2024:22:51:34 -0500] "GET /BLA/resoluciones/AUTOS%202023/4127.pdf HTTP/1.0" 200 398945
201.245.192.253 - - [08/Jan/2024:22:51:35 -0500] "POST /kwsrmcab/Wsrmcab  HTTP/1.1" 200 36937
156.59.198.136 - - [08/Jan/2024:22:51:59 -0500] "GET /BLA/resoluciones/AUTOS%202023/5026.pdf HTTP/1.0" 200 665377
156.59.198.136 - - [08/Jan/2024:22:52:22 -0500] "GET /BLA/resoluciones/AUTOS%202023/4110.pdf HTTP/1.0" 200 388715
186.115.225.51 - - [08/Jan/2024:22:52:39 -0500] "GET /kwssiamovil/sm/acme/a?s=U2FsdGVkX18lTvB1h6a4yR/aiYKE7T/02rpBdBIgkj9BHUr+eTu8ChNc69aQCg0g3B7/esUB+KYzC/Yg3qWvqikdXjcsyxJx/i8joR3UwAPLSzMVPbfDihc5BCJ/rZZ4MTb7ZohMpBucw8ywPDzJFBCE+1PEWrPnqh2cXjyoZ5Q/ciOpVZv+cAfFRfsn7ju8XpuKDQVy26SRhgd7gzojXC1+CE+zvqMwz677OYqa6X+YT4t2ifgOwx0J+QPn+kJutJ5re0IVYXvxIoa0hS+jLQ==&u=U2FsdGVkX19l8MkkaBy8SvMgp2sjie+YPCcI0a8VpHyg4W3hl6Hg5n45VLIInmUd&y=U2FsdGVkX1/1FCOSWd7IRU52i4N2Dl9vxxvEPOBiFrspP/VgP89aYkJJxDyDb3dH HTTP/1.1" 200 26
186.115.225.51 - - [08/Jan/2024:22:52:39 -0500] "GET /kwssiamovil/sm/acme/a?s=U2FsdGVkX1+UN52TKyVGk9WAXhW+CuiOta+T/w6m+CgxUK127ALa8tCUI5S2TTwa1m3ZuRcqV2cuetawgWqpGdm8GfRWDaHp9BA78fg4z+3JU0PC3kaIOCg9dlGS7AReVsl5T9s+aTebrgPStzz22APYrNNBZuvgEt7u33DRwWw8hueGvsmozqZUZWETeOll0jL6p6LaR3EI0Nq5NuCQzuydTfGs5Edw4yBXbE2AoFP3AT7NZFrQqa9zjye4pJlZQOJEp4IGySv3X5Gj56Au6OZYVN8PTnT75B3mTNerFM1xOz3nfHojyyC1ShHPU165o3J6W3HYNEeDRxZ0ReF0zCaoSCNZjz6SbvM8ceiV/o3c1FsPxF2mCX5fCYM1KRs1n7JQymNS1BjsKcwBlXGQLVbp99kHqciijvnUnm8aMWTQv70Yo2rAKqCMC36zQ5gMcGBSoYheH4QzgC9UnVoD80+qcGj7d6ZDKOr8wbt2cr7ibC0XsfKJRkCDGwNOLD1hwgrEbvHsvs8D2iV8LFKhfJ4urt+bUo2mv8DCMFC3l1QojiCiTqNO+kRTSjKjVF+zwIXLy5V4hEO77WCY90xNn5CFCvz6OvV2grRQwQ3W1R02Ldga8LCMycieG4J/Sf4yBK/BCF4xgwRG5kVtMvHb+B7rkOVpkCDqkNoPQU/3jN/GpZ2T1MvDvHbW3CulEZaGwD6gthXIypRKYdaEaxWJ5pekvTsT2vxlen+slEzGnE3kAj1edr2Mjs/uOg0QjfXw1U6OU8VSG9/74z48obzu6NQ9zJ06ABEOkdUq/qQa3ViI2061+3aLCO/hE91wNf3kdkjEl3P3OGL+fxCKIE2kPYrHLta3kmYFmPglxUC5BsgPI4Yi6+rHFbpSuZK6X1kOCZk3NfAJnJpqSa+owR6inR24q+ccyKbVNbqd2M22csaDshvKVK6Tay8z0YwDXHix+oDuc6Jelqki6/JGZ+0mwHQQwUn65oncindXJw4v/l3PjDRFp1Hlp9y3/I5WvP6521j17sH58zQxQXxWPH68nHkbHffjh3Z76irigrqtDd55akxoqhw6tpOnakgXP0X0rZwFAJjVZVnr1SiH5Gn0Q401O0NnvbbuRgSFkP6HlZSX0TPWQfqa4msy8DSJc5gEZFR2+PSBKQ3RkS8x5F1wt224Fqg4FiuRpDZeBUXtKd9p9seZLagundMa051yQsWGh+bMZyedozFK+sTahdH6GJ/H/II7EqJk2ZKMCmXFzn81LnVGlX2PahPS+VTIFIBnWoY6EwGym+feAegu68ELILG0RfuOy4maEn8zmFpXOoSwmVt11YjGLvtNukhZuNo9Eq0epXWezNue4uRxy7VW2AIl0SM1+iQTvSlMheDZ0nvqIYMCre2HvnUORY6Z9lXjdkIvE2pi/+KJISZeyYmwIx+4j3Yxw7W6dCV+HYN5d2SKcTq2ZPkZ5MHTrtBj5Av+NR6m7gX6Sqa9Sg+DAaJiwgQBnbydJF90ue+Xbr4QSN6jVXMdj90pAC4DbV0AzBOPXTNY3byNJp6senfomeQ79AD9OyEKbK3ty+3Zwyxq6Bk1mDNdo651553m9r7aBmrOQKADD9IQY547d9ZCCw2TgY5NNKWmXZHTZEPQopcpuphzN0ThP6u/sN/c+Tn8AIbYlOInBbcNKxjwk2OWjs+bwg==&u=U2FsdGVkX19l8MkkaBy8SvMgp2sjie+YPCcI0a8VpHyg4W3hl6Hg5n45VLIInmUd&y=U2FsdGVkX1/1FCOSWd7IRU52i4N2Dl9vxxvEPOBiFrspP/VgP89aYkJJxDyDb3dH HTTP/1.1" 200 26
186.115.225.51 - - [08/Jan/2024:22:52:40 -0500] "GET /kwssiamovil/sm/acme/a?s=U2FsdGVkX19siZ81oEmGa4K10sUEgcg2Lrlz51rWCx6rTfRgGsqTR4it5a8mu4+bAh+aQEW3ng55TBvUfP+XajRmZpNA6DXrTGgX56cu9r7HsHhdhSrCE1lTO8RCfgqv715RrX+KD4569fE4qEKVKMNEkG9CmEzo0WpNGQLqdQY=&u=U2FsdGVkX19l8MkkaBy8SvMgp2sjie+YPCcI0a8VpHyg4W3hl6Hg5n45VLIInmUd&y=U2FsdGVkX1/1FCOSWd7IRU52i4N2Dl9vxxvEPOBiFrspP/VgP89aYkJJxDyDb3dH HTTP/1.1" 200 26
186.115.225.51 - - [08/Jan/2024:22:52:40 -0500] "GET /kwssiamovil/sm/acme/a?s=U2FsdGVkX1/y9ZVYloX7WMPw7w6F+vPIEdtiYpnalsDd2Ua82cUXBaN5lMhPHdXt+CwIENGBLQhET4qsdZB9YQrQh75xMhsnsfgkmcseSoD99CPTZceB0/qF+fK483QJctJN8i2XlKmyyHZl9ILGz+bA/HZokaCxr5cudo1JSE0=&u=U2FsdGVkX19l8MkkaBy8SvMgp2sjie+YPCcI0a8VpHyg4W3hl6Hg5n45VLIInmUd&y=U2FsdGVkX1/1FCOSWd7IRU52i4N2Dl9vxxvEPOBiFrspP/VgP89aYkJJxDyDb3dH HTTP/1.1" 200 26
186.115.225.51 - - [08/Jan/2024:22:52:40 -0500] "GET /kwssiamovil/sm/acme/a?s=U2FsdGVkX19beBRNXmk/xtKWN5p6p4jNnIryBzYf6SO1Yi2v6GcX3W4sgaOwf/GTvpRxVFqMHVYkZg8ewNguZNbTsmwe0oJTcrfJodPV62fLDg5c74Lkcwto90bAu1WLU5ZzS0NxHue+TEtv3xmpdGCf+ZJAkWl/sJrxmCOt6/g=&u=U2FsdGVkX19l8MkkaBy8SvMgp2sjie+YPCcI0a8VpHyg4W3hl6Hg5n45VLIInmUd&y=U2FsdGVkX1/1FCOSWd7IRU52i4N2Dl9vxxvEPOBiFrspP/VgP89aYkJJxDyDb3dH HTTP/1.1" 200 26
186.115.225.51 - - [08/Jan/2024:22:52:41 -0500] "GET /kwssiamovil/sm/acme/a?s=U2FsdGVkX1+KMoblo3f1sW2X73vC9crXtOQLTcKBqVatbqPrf8cHAD0aE7NsWaRcKmGvMmiJcZUs5I4GELAqa+NrKQlzlZLXLeSOpR4OX+fb0hIAyVTe7b60igVslXNgYEYxoenp1kg7zG3rh6A3+/YrgZzhv8IWmc3RmAYY3rEdAwgI/gHJfDsKGy0EoPTT4wJ1yNQ2/Ev2hn0B1YCAkQ==&u=U2FsdGVkX19l8MkkaBy8SvMgp2sjie+YPCcI0a8VpHyg4W3hl6Hg5n45VLIInmUd&y=U2FsdGVkX1/1FCOSWd7IRU52i4N2Dl9vxxvEPOBiFrspP/VgP89aYkJJxDyDb3dH HTTP/1.1" 200 26
156.59.198.136 - - [08/Jan/2024:22:52:47 -0500] "GET /BLA/resoluciones/Notificaciones/AUTOS%202014/1430.doc HTTP/1.0" 200 289280
172.22.2.4 - - [08/Jan/2024:22:51:18 -0500] "HEAD /BLA/boletinlegal/ HTTP/1.1" 200 -
156.59.198.136 - - [08/Jan/2024:22:53:11 -0500] "GET /BLA/resoluciones/AUTOS%202023/3185.pdf HTTP/1.0" 200 1538056
156.59.198.135 - - [08/Jan/2024:22:53:36 -0500] "GET /BLA/resoluciones/RESOLUCIONES%202019/1951.pdf HTTP/1.0" 200 388845
66.249.66.19 - - [08/Jan/2024:22:53:47 -0500] "GET /BLA/resoluciones/RESOLUCIONES%202009/9001.pdf HTTP/1.1" 200 728472
172.22.2.4 - - [08/Jan/2024:22:52:09 -0500] "GET /BLA/boletinlegal/ HTTP/1.1" 200 58567
156.59.198.136 - - [08/Jan/2024:22:54:00 -0500] "GET /BLA/resoluciones/Notificaciones/AUTOS%202014/7080.doc HTTP/1.0" 200 178688
40.77.167.28 - - [08/Jan/2024:22:54:15 -0500] "GET /portaldeninos/?s=2024 HTTP/1.1" 200 85855
156.59.198.136 - - [08/Jan/2024:22:54:24 -0500] "GET /BLA/resoluciones/AUTOS%202023/3161.pdf HTTP/1.0" 200 325833
156.59.198.136 - - [08/Jan/2024:22:54:48 -0500] "GET /BLA/resoluciones/Notificaciones/AUTOS%202014/5643.doc HTTP/1.0" 200 180736
156.59.198.136 - - [08/Jan/2024:22:55:13 -0500] "GET /BLA/resoluciones/Notificaciones/AUTOS%202014/5124.doc HTTP/1.0" 200 97792
216.245.221.92 - - [08/Jan/2024:22:55:29 -0500] "HEAD / HTTP/1.1" 200 -
156.59.198.135 - - [08/Jan/2024:22:55:38 -0500] "GET /BLA/resoluciones/RESOLUCIONES%202019/2003.pdf HTTP/1.0" 200 709590
156.59.198.135 - - [08/Jan/2024:22:56:02 -0500] "GET /BLA/resoluciones/AUTOS%202023/2300.pdf HTTP/1.0" 200 698132
207.46.13.64 - - [08/Jan/2024:22:56:03 -0500] "GET /BLA/resoluciones/index.php?dir=RESOLUCIONES+2005%2FRES+2005+2501-2550%2F HTTP/1.1" 200 12365
156.59.198.135 - - [08/Jan/2024:22:56:26 -0500] "GET /BLA/resoluciones/AUTOS%202023/3277.pdf HTTP/1.0" 200 404989
201.245.192.253 - - [08/Jan/2024:22:56:34 -0500] "POST /kwsrmcab/Wsrmcab  HTTP/1.1" 200 36937
186.115.225.51 - - [08/Jan/2024:22:56:52 -0500] "GET /kwssiamovil/sm/acme/a?s=U2FsdGVkX185Rk2WXuOfnZNrcQvQJwTHa9WfWvMvknE2/or4FJjbg+HuDd2v/mu4sQE5J3kYsEe2oRMDywVGrjgvDAvOU35S0IsIJF9k3kFlzRt1kKF0e5IaKEexvUF8xUHxIz5ha1rAoNLjC3dfqc1WkNv8o6X7UC562PQ1hUYV0G+V6M49VtnWUYNXrhGZEiJxs0wd324KVg6AirG3g/YL2LWyu8HbARi/kQeJYR12GwsAvd7cxMevqLIIatlRrhyN39qjroOzmaCnHAMotg==&u=U2FsdGVkX19l8MkkaBy8SvMgp2sjie+YPCcI0a8VpHyg4W3hl6Hg5n45VLIInmUd&y=U2FsdGVkX1/1FCOSWd7IRU52i4N2Dl9vxxvEPOBiFrspP/VgP89aYkJJxDyDb3dH HTTP/1.1" 200 26
186.115.225.51 - - [08/Jan/2024:22:56:52 -0500] "GET /kwssiamovil/sm/acme/a?s=U2FsdGVkX1/eGkZ4cTo7vmnsJgRFrI25E6iLmcG3jDOgt8+uNgTsKjWAeUvuq1x3B6AIzuJEcLi13av09xqAKc5bxnBp1w4NHlAkx1WHgLy8tKJsqNvK5aOGXI50n6zWeyQkMOSdQnmCQk1GHrzPh4d1fqeSjFgAtYGuNhBsBv9iTTcxEXzwb8dIcuOBiVNiuCromHvG1OlecSwyWVIFAERmJYOp84hKViD4nV6Ed8aJg6LU/XZ8/dNFAUF8FcktwAUVy5CwltFTwGl5pVAPcwMuSoPqXsfjDFCjCJ1z98L0LEID4V44tpirkFdXOi5NMiIt1X32qukPXKdMQAcSKwHOBhbTZmCKU0VQLuwGvwMJq3vlimC/H9rvsMdXKtC0fR6E2prhlYVEd5KsINE85DJt6KSyd/4OE6w+8LUDsa/zTqtjTnWDdHhRbkHYPoXeJrBZQcYMdOSGfHeHz7jNCAwJh6EFElVIYCcu5ikm0j5p3yB21MmXEOjJcj0FriYmMssf0FYJ/YwrTiGHO9eQ4EiKAAMz6B0dIRIwYZkz2SpIWDxsG5BR+M+dfPL6pEEbINXbeXCND2RP6vos3DQCAsaswZmfHVUb+MwrtSOhz8jzOnbVE+Xc7XPUSWEBqe5x4SUfVOxyMhDkXW5vljbhzsYdw/pz9i5JUvsdKJ1FDV15Fi20O2WRIh8+35/1GmRhHoSCxe1CErALOXMax3Fd8nxrX18yPyxkU4HREdVptQ6AOsfn2Vgn5cQn4SJqUBFOWXrUclfahWGgzCY3cTBGymEtXuoY2lIiutnwLueyvGh27DKXl+ShGlHmfGthzsdKa630TSjNH2mPf0k2buTHr7yeasmj/po8J4o+vMRxZutgoEE5JAx1kCYCkgdOMm/quPsY/Hd1ILhRGOfSQyYcbiglR7AoeoiiWUYMd56gHHhdLbUjhl7VL5g6Sc3sT3oe6PbbMsIuOn09VtVGFwqw1uwMqd2aWMzK4AVbB5332yu5cakwx/pfvPEG75hcvPYSTOpEonWUVlKZexL451DvAjLiuf7GyZI2fM9jrOq4ck/5TK+eFVPGNqzpQNvTpQxE4foDKhvkk3+9Tsa17Z26demXyNcHY9GgxYitVJl/uFqbHrU3z0QCZ8FOkT0gOQaEXWanVNehGZnPMlxS/YC6LsrXTvoDjGBJrLKN2LEVMW0qJzxw08p1U+O0p6qHsmIM61iV1l8//wutSNUMXmIHDj7lP1XLOzo520tI0lL+xRJCapMAS/MsMT+9rminqIHGc6o4zYX9FBxsR7gqOUMW5r8/QAhNl/GqIJ7KSX3eSBX4zSArSVNfuJ4UAhBsSKMqSfVLEtpR5S5+7VAWmmUu0RnUH/87tKZHUzzVrLTd1E/asfA7BrxHBxi8BdrkL+r5XaxAt2O9CKtj2ITumQf3ZDiWlSQsHXjQFRKoP4iHB2ppbwSu6WKP2GHi01eGMsQXwbxo5iJlhlOc31VA9UcHsy7pcpoKubVmp45P2MCax6iVkAhRIk1pJ/ZoZA/Aad+8HUSWGnGaoo6eq6TcbSquUj8oELfJLvBQ22Rbd+Awfspmr5swgLonO+ZmiD94zbpM8LSgTQcXZRumbM51GLPxYkUJLipNm6tZilp54M9PsglRcA3f0URc+AcU/ra+vNSl9/WcvdJe40V3bpyB4W2XHbMbPB+hKK889J+hcMa2EIz4ky+5mSUvhocRFhBjF5xK&u=U2FsdGVkX19l8MkkaBy8SvMgp2sjie+YPCcI0a8VpHyg4W3hl6Hg5n45VLIInmUd&y=U2FsdGVkX1/1FCOSWd7IRU52i4N2Dl9vxxvEPOBiFrspP/VgP89aYkJJxDyDb3dH HTTP/1.1" 200 26
186.115.225.51 - - [08/Jan/2024:22:56:53 -0500] "GET /kwssiamovil/sm/acme/a?s=U2FsdGVkX1+PS0tJyxbmSKf8OdTTW2HRHkPDeO91VLoS585Lspt5km/g4Dat6r07ybSYaUieYfBlE2GG8W8i8HdZQbEglCOqIFRev6g9AXZHNjWXa9LlPtCc9OaYIrZjLsK19GPN3nCEpV3IMpCR+PqLk/eQIQMuy/CL22wyipQ=&u=U2FsdGVkX19l8MkkaBy8SvMgp2sjie+YPCcI0a8VpHyg4W3hl6Hg5n45VLIInmUd&y=U2FsdGVkX1/1FCOSWd7IRU52i4N2Dl9vxxvEPOBiFrspP/VgP89aYkJJxDyDb3dH HTTP/1.1" 200 26
186.115.225.51 - - [08/Jan/2024:22:56:53 -0500] "GET /kwssiamovil/sm/acme/a?s=U2FsdGVkX18Dg21b03cCkgdq7r3HXs7QK+5l6cMoyPdreIKp6nX70djlGvLLWAqL0EQYRajmkOgtGCpwTmfPksmNjJ6Wzm0szX+ACVhjO5sYwIYltNdT6ACgbiZykudTk+IXXts8PiBhK8BhWQsdJcaYQy7siLAHael70tUwXEc=&u=U2FsdGVkX19l8MkkaBy8SvMgp2sjie+YPCcI0a8VpHyg4W3hl6Hg5n45VLIInmUd&y=U2FsdGVkX1/1FCOSWd7IRU52i4N2Dl9vxxvEPOBiFrspP/VgP89aYkJJxDyDb3dH HTTP/1.1" 200 26
186.115.225.51 - - [08/Jan/2024:22:56:53 -0500] "GET /kwssiamovil/sm/acme/a?s=U2FsdGVkX1+55kajMd+048ua/6ZAWogRdRLVH4sZ6lMqchAtrYwExBatFTCEzfgN/qP7BUT+zB0kDRAs6rRO3glzfIm2R+qhT/nLzIkEzWOsuiCLkT3DUv/6/cKJZiO5eouS5oWgIhNvcXsmrDG9WeqBf+LRaJuxKgAGV2BIx1c=&u=U2FsdGVkX19l8MkkaBy8SvMgp2sjie+YPCcI0a8VpHyg4W3hl6Hg5n45VLIInmUd&y=U2FsdGVkX1/1FCOSWd7IRU52i4N2Dl9vxxvEPOBiFrspP/VgP89aYkJJxDyDb3dH HTTP/1.1" 200 26
186.115.225.51 - - [08/Jan/2024:22:56:53 -0500] "GET /kwssiamovil/sm/acme/a?s=U2FsdGVkX1/rbaAQu4VMJqcUTRlhtd4hgzVt/ZVXXlRSIwg5Acc9koENGZVojfDz6wfSzh6nwbXcw8r/IFGmxbz7OZqAHfw2dy/lY4NlEdV6qwo07TzT8z3sJ6boVcwaLc8CRLU3wAo5ujRmipuy7V6r6XU7/xaUMRa3OueYzZ+4DTU7pTm+tUauxFdNzp4Z0MZ0QfLLPUq1tBwTtySF9w==&u=U2FsdGVkX19l8MkkaBy8SvMgp2sjie+YPCcI0a8VpHyg4W3hl6Hg5n45VLIInmUd&y=U2FsdGVkX1/1FCOSWd7IRU52i4N2Dl9vxxvEPOBiFrspP/VgP89aYkJJxDyDb3dH HTTP/1.1" 200 26
156.59.198.135 - - [08/Jan/2024:22:56:54 -0500] "GET /BLA/resoluciones/AUTOS%202023/4101.pdf HTTP/1.0" 200 402347
156.59.198.136 - - [08/Jan/2024:22:57:16 -0500] "GET /BLA/resoluciones/Notificaciones/AUTOS%202014/3120.doc HTTP/1.0" 200 172032
156.59.198.135 - - [08/Jan/2024:22:57:41 -0500] "GET /BLA/resoluciones/AUTOS%202023/5200.pdf HTTP/1.0" 200 588919
156.59.198.136 - - [08/Jan/2024:22:58:05 -0500] "GET /BLA/resoluciones/AUTOS%202023/1187.pdf HTTP/1.0" 200 971207
156.59.198.136 - - [08/Jan/2024:22:58:30 -0500] "GET /BLA/resoluciones/RESOLUCIONES%202019/3485.pdf HTTP/1.0" 200 2165580
172.22.2.4 - - [08/Jan/2024:22:57:08 -0500] "HEAD /BLA/boletinlegal/ HTTP/1.1" 200 -
156.59.198.135 - - [08/Jan/2024:22:58:55 -0500] "GET /BLA/resoluciones/Notificaciones/AUTOS%202014/2766.doc HTTP/1.0" 200 198656
162.55.43.55 - - [08/Jan/2024:22:58:55 -0500] "GET / HTTP/1.1" 200 4720
162.55.43.55 - - [08/Jan/2024:22:58:57 -0500] "GET / HTTP/1.1" 200 319
156.59.198.135 - - [08/Jan/2024:22:59:18 -0500] "GET /BLA/resoluciones/AUTOS%202023/2828.pdf HTTP/1.0" 200 444738
172.22.2.4 - - [08/Jan/2024:22:57:59 -0500] "GET /BLA/boletinlegal/ HTTP/1.1" 200 60502
66.249.66.19 - - [08/Jan/2024:22:59:41 -0500] "GET /BLA/resoluciones/Notificaciones/AUTOS%202023/5931.pdf HTTP/1.1" 200 684211
156.59.198.135 - - [08/Jan/2024:22:59:41 -0500] "GET /BLA/resoluciones/AUTOS%202023/1022.pdf HTTP/1.0" 200 391658
156.59.198.136 - - [08/Jan/2024:23:00:06 -0500] "GET /BLA/resoluciones/AUTOS%202023/2371.pdf HTTP/1.0" 200 638782
216.245.221.92 - - [08/Jan/2024:23:00:29 -0500] "HEAD / HTTP/1.1" 200 -
186.115.225.51 - - [08/Jan/2024:23:00:31 -0500] "GET /kwssiamovil/sm/acme/a?s=U2FsdGVkX19LzUujYuWhqHIl7+v2FfiB+mVCIKWR46iKVidZo6RTrmgF3alCnN3n74LGVnI85fXYspC2FlE23AIcuj4Sn+pyXY1dVRHR8UNvnTvY32cplcRaSF1D25+MfEkDN06Ir6iNhYKxWeUSsHM9WDCvOC0EAtwjFi0QEaqbjXontPWKz/WfQ+PVrkA496q9jmpDS9wHFqFUzr4GqUX2MfsqWjqS/KxSxew+yL+159T6wtvIdKvdgXEz0BQNVosa881wF7dkqO9TaBUA+Q==&u=U2FsdGVkX19l8MkkaBy8SvMgp2sjie+YPCcI0a8VpHyg4W3hl6Hg5n45VLIInmUd&y=U2FsdGVkX1/1FCOSWd7IRU52i4N2Dl9vxxvEPOBiFrspP/VgP89aYkJJxDyDb3dH HTTP/1.1" 200 26
186.115.225.51 - - [08/Jan/2024:23:00:31 -0500] "GET /kwssiamovil/sm/acme/a?s=U2FsdGVkX19oDXSw34ucVr1Lthy5TmHa7rKAv72r5XWfmKF7vlTFRqETkR22rgbRGj1agzUcu9RsZuK0XFZcV8Pa2IOwmYZXrWyQnfnSeNBR5lnfKzmYFxDAiMt44879miCiJOGTRQwjNuCPa3i+PSnPB7aAKPywPyTzy/EYxAFjNd5kbaTNx7znbXcn5WRvGLddmQSDyHEOjs5kdbNPwKNd4WVMo7gJlEHq+iMa440j86lVc2nM26jYnGexcjvhF91aCUOGt7XYnVqCRGxXs8/gILi0aR7g5c/LAZCXZUJR7FdU8qi3CwDU0u/vixc7SCsV4ScBp9rT8jAOq+YAhf8prLCn250oHI+tIk4jDVAyqS04Sui5aS0qwMvIFK4Hn/yaCt5qy11Uo0n6pZUIq8q8d6JVL94rd8HgZgxACjjujFP81xyCQjxrvgcwEMKAMsQJP6S1l454DhWOfx0zGNsNMIy5fjAPlcyukR0z/Zo+SwONGjbrg2ECHeZP9MpkY0V0ahq0I0kMs48IpHvWPKz40zGNWzzIgKUBUS07Rc5UjPsixAWs5/+eUFB5vbRXoe7LIynbR0AqZTAuh0qTC/Hx/ImqqcLXfSjdCAcV1ssBjI8WbPmJPeLRDhgQIqqH4bW5NE+afvDV42sAOalYHAswsvd6CF2V3X9AMMZMKyuQcXLpJSwiEaPv/0GcnRVq/x37mXybIqQFDeptu3oXqtRRYxMv6ptUHCXSWJ2A9o/SfoDS4jGmd9uZ6XvhbbWxCfHAw1BdZVVbQZMyPicNMlMFcRgFb2O7qTwZ0Qxl3JdcKrSIp7Kx9X9sNJxCESYVXsUWoM1XsrYc70lTw4Mvcr+/CxKDX0SIXLaNSKBDPSsPMEz5nTkHBindVMq4HhKRr024FTDvwZ982xFVgdrQuRSOptM7Z3R00HKJEd1yZwmCyV/1kYgv7DKHdE2Ph8ich9aBxmBUsv9FnyLyhtkz3emVSMrrK8h7ZHBXjMLGU3hdOGbK6e/cW89NZFixPuprWFs0aJ8cSsJec4TmV7rM/MbGKXFyuynxNBcTcNHbpWtTSoAEIzgs70JEPe7UQOw3L0eT6DAf+8BbyLR6IwMyIr5Z4X6IR1KJQGjcV2aPhO14g8oHAl2c9I93SjVDBmeBwsUrBLX/jE5rNGHhQzT+qMconxW5kggEQAP4GFdxMeV5UKUeqi2vHz2otPxIJ6enzCjknqnFsdqpFo0f9ufAnl+R8cXGNtS8+c0VG1SCnnh2qu+G+vpqCMHy+zu+4TF68ksUpQHySm+m0UxYNZaLFF+6+Rrnx8GWkNgGoCGowMZg3ApngVKghu6QJBmxTlFUINXH8NqADv3kyMelYuTYc763oPN5yQ10Tq3z7PEaI0IUu0bxLI/OcHibH95VLwO5Ma93Jf0Wpd6RKsR2zmmODFx5znlsClhGY8ais99gLYhj//ikM3LOxx+SVh5tCI7BuhKY13S0L1QHVW5MoLzfMIGYxZu5wt5mdZHX6bK6qhZ80mSklJ2/B19eTTf1U2V65uex0ZqWJIJv43GMTdXXZHijA7GspPZDFytWp90q1CMGM13DuwYry8rCnUbnP1OlDsAVsYaEballj7Ywz0166oEadBXLHkdC7ZBDbWcgEpjV5ODSrYQEvp71iwQKBauBw5bTCRJkOv75rc9ixT/qo55eGAPV73oLrJEGIh7E4jQ=&u=U2FsdGVkX19l8MkkaBy8SvMgp2sjie+YPCcI0a8VpHyg4W3hl6Hg5n45VLIInmUd&y=U2FsdGVkX1/1FCOSWd7IRU52i4N2Dl9vxxvEPOBiFrspP/VgP89aYkJJxDyDb3dH HTTP/1.1" 200 26
186.115.225.51 - - [08/Jan/2024:23:00:31 -0500] "GET /kwssiamovil/sm/acme/a?s=U2FsdGVkX1949ykaJWStCwVpNriRKyHzoINWx8rLDz0SR+Tp03lXG7T1Kchn5YBp9lhC9bcAe4fhNg5lK0xmHDhsAKygCbiOKPS1/6cLkCFPxyASzxq6hQE4bGjf5mDRnjAYD9voXmhCWn6Eu/tp2RDT7ksPHca2EgRUWtM1HPU=&u=U2FsdGVkX19l8MkkaBy8SvMgp2sjie+YPCcI0a8VpHyg4W3hl6Hg5n45VLIInmUd&y=U2FsdGVkX1/1FCOSWd7IRU52i4N2Dl9vxxvEPOBiFrspP/VgP89aYkJJxDyDb3dH HTTP/1.1" 200 26
186.115.225.51 - - [08/Jan/2024:23:00:31 -0500] "GET /kwssiamovil/sm/acme/a?s=U2FsdGVkX18ix1wh6DcK06UG0mUPS8r3fbtYhN81Tq4PIMcGMTbiRJ9n1of/STIcc57kT7gr7DtPXppDqI2BvVZcRrrjAdGq3LCkb/vCxot/KnzgRnfYmAsTWiPsKGo1sbTS3FZqPlmL9SSvDFbZfZnVWG3l9OOv7gHjsLNZBDE=&u=U2FsdGVkX19l8MkkaBy8SvMgp2sjie+YPCcI0a8VpHyg4W3hl6Hg5n45VLIInmUd&y=U2FsdGVkX1/1FCOSWd7IRU52i4N2Dl9vxxvEPOBiFrspP/VgP89aYkJJxDyDb3dH HTTP/1.1" 200 26
156.59.198.135 - - [08/Jan/2024:23:00:32 -0500] "GET /BLA/resoluciones/AUTOS%202023/5846.pdf HTTP/1.0" 200 389184
186.115.225.51 - - [08/Jan/2024:23:00:32 -0500] "GET /kwssiamovil/sm/acme/a?s=U2FsdGVkX19t23rP6y4XVSs7i9zWthY2RCOapYuerE4/kxBEDfnif4pNXBErH7Igik4w5lbGCpvqcD4VP4nLFb++h1LojvwYrueSHJrlLbd0O0Ki3X3LxQZNrJC9ZWi9JfLTRvbmOwqX1JzDavk2ST5yDqtMcHFhfajv4lqVeEU=&u=U2FsdGVkX19l8MkkaBy8SvMgp2sjie+YPCcI0a8VpHyg4W3hl6Hg5n45VLIInmUd&y=U2FsdGVkX1/1FCOSWd7IRU52i4N2Dl9vxxvEPOBiFrspP/VgP89aYkJJxDyDb3dH HTTP/1.1" 200 26
186.115.225.51 - - [08/Jan/2024:23:00:32 -0500] "GET /kwssiamovil/sm/acme/a?s=U2FsdGVkX184Bgnqwb18FLbSh11eyTZOuS+mozMzm4Wv75tSf/eTHOEsDsZQrjjCbZIVo/DOgx/vq5fe06BYdCewz0VpadShpRhKCc3Sj4up5Ok/VzuDVFBGxdV2Rxein1YHLFE7XOdLzc0gKyIrArQpFVXLy94CODgrT0gRfX4BhqEIkQ7TbYbMThV0mIEXU2E8O2KLRNvv/SbboK1O+w==&u=U2FsdGVkX19l8MkkaBy8SvMgp2sjie+YPCcI0a8VpHyg4W3hl6Hg5n45VLIInmUd&y=U2FsdGVkX1/1FCOSWd7IRU52i4N2Dl9vxxvEPOBiFrspP/VgP89aYkJJxDyDb3dH HTTP/1.1" 200 26
40.77.167.25 - - [08/Jan/2024:23:00:40 -0500] "GET /BLA/resoluciones/index.php?dir=RESOLUCIONES+2002%2FRES+2002+501-550%2F HTTP/1.1" 200 12510
156.59.198.135 - - [08/Jan/2024:23:00:55 -0500] "GET /BLA/resoluciones/AUTOS%202023/0702.pdf HTTP/1.0" 200 372746
156.59.198.135 - - [08/Jan/2024:23:01:21 -0500] "GET /BLA/resoluciones/Notificaciones/AUTOS%202014/4055.doc HTTP/1.0" 200 103424
157.55.39.10 - - [08/Jan/2024:23:01:25 -0500] "GET /BLA/resoluciones/index.php?dir=RESOLUCIONES+2007%2FRES+2007+1201+AL+1300%2F HTTP/1.1" 200 26864
201.245.192.253 - - [08/Jan/2024:23:01:33 -0500] "POST /kwsrmcab/Wsrmcab  HTTP/1.1" 200 36937
156.59.198.136 - - [08/Jan/2024:23:01:44 -0500] "GET /BLA/resoluciones/AUTOS%202023/2365.pdf HTTP/1.0" 200 422263
156.59.198.135 - - [08/Jan/2024:23:02:11 -0500] "GET /BLA/resoluciones/AUTOS%202023/1476.pdf HTTP/1.0" 200 401632
156.59.198.136 - - [08/Jan/2024:23:02:34 -0500] "GET /BLA/resoluciones/AUTOS%202023/2422.pdf HTTP/1.0" 200 673614
156.59.198.135 - - [08/Jan/2024:23:02:59 -0500] "GET /BLA/resoluciones/AUTOS%202023/4839.pdf HTTP/1.0" 200 825922
172.22.2.4 - - [08/Jan/2024:23:03:23 -0500] "GET /BLA/boletinlegal/actos.php HTTP/1.1" 200 9648
156.59.198.136 - - [08/Jan/2024:23:03:23 -0500] "GET /BLA/resoluciones/AUTOS%202023/0348.pdf HTTP/1.0" 200 318382
172.22.2.4 - - [08/Jan/2024:23:03:23 -0500] "GET /BLA/boletinlegal/js/ajax_actos.js HTTP/1.1" 200 1322
172.22.2.4 - - [08/Jan/2024:23:03:24 -0500] "GET /BLA/boletinlegal/js/popup.js HTTP/1.1" 200 1270
172.22.2.4 - - [08/Jan/2024:23:03:24 -0500] "GET /BLA/boletinlegal/js/lib.js HTTP/1.1" 200 6474
172.22.2.4 - - [08/Jan/2024:23:03:24 -0500] "GET /BLA/boletinlegal/js/jquery1.js HTTP/1.1" 200 29846
156.59.198.136 - - [08/Jan/2024:23:03:48 -0500] "GET /BLA/resoluciones/RESOLUCIONES%202019/3657.pdf HTTP/1.0" 200 500815
156.59.198.136 - - [08/Jan/2024:23:04:13 -0500] "GET /BLA/resoluciones/Notificaciones/AUTOS%202014/3871.doc HTTP/1.0" 200 98816
156.59.198.136 - - [08/Jan/2024:23:04:37 -0500] "GET /BLA/resoluciones/AUTOS%202023/0785.pdf HTTP/1.0" 200 540985
172.22.2.4 - - [08/Jan/2024:23:02:58 -0500] "HEAD /BLA/boletinlegal/ HTTP/1.1" 200 -
156.59.198.136 - - [08/Jan/2024:23:05:01 -0500] "GET /BLA/resoluciones/AUTOS%202023/0778.pdf HTTP/1.0" 200 400329
156.59.198.135 - - [08/Jan/2024:23:05:24 -0500] "GET /BLA/resoluciones/Notificaciones/AUTOS%202014/5472.doc HTTP/1.0" 200 96768
172.22.2.4 - - [08/Jan/2024:23:03:49 -0500] "GET /BLA/boletinlegal/ HTTP/1.1" 200 52418
216.245.221.92 - - [08/Jan/2024:23:05:29 -0500] "HEAD / HTTP/1.1" 200 -
156.59.198.135 - - [08/Jan/2024:23:05:49 -0500] "GET /BLA/resoluciones/RESOLUCIONES%202019/3215.pdf HTTP/1.0" 200 391236
156.59.198.135 - - [08/Jan/2024:23:06:13 -0500] "GET /BLA/resoluciones/Notificaciones/AUTOS%202014/2468.doc HTTP/1.0" 200 227328
201.245.192.253 - - [08/Jan/2024:23:06:32 -0500] "POST /kwsrmcab/Wsrmcab  HTTP/1.1" 200 36937
156.59.198.136 - - [08/Jan/2024:23:06:36 -0500] "GET /BLA/resoluciones/AUTOS%202023/0097.pdf HTTP/1.0" 200 480979
181.53.12.175 - - [08/Jan/2024:23:07:01 -0500] "GET /BLA/resoluciones/ HTTP/1.1" 200 13696
181.53.12.175 - - [08/Jan/2024:23:07:02 -0500] "GET /BLA/resoluciones/dlf/styles.css HTTP/1.1" 200 3049
181.53.12.175 - - [08/Jan/2024:23:07:02 -0500] "GET /BLA/resoluciones/dlf/folder.png HTTP/1.1" 200 410
156.59.198.135 - - [08/Jan/2024:23:07:02 -0500] "GET /BLA/resoluciones/RESOLUCIONES%202019/2831.pdf HTTP/1.0" 200 610120
181.53.12.175 - - [08/Jan/2024:23:07:02 -0500] "GET /BLA/resoluciones/dlf/bg.gif HTTP/1.1" 200 54
181.53.12.175 - - [08/Jan/2024:23:07:10 -0500] "GET /BLA/resoluciones/dlf/dirup.png HTTP/1.1" 200 644
181.53.12.175 - - [08/Jan/2024:23:07:10 -0500] "GET /BLA/resoluciones/dlf/pdf.gif HTTP/1.1" 200 272
181.53.12.175 - - [08/Jan/2024:23:07:10 -0500] "GET /BLA/resoluciones/index.php?dir=AUTOS+2017%2F HTTP/1.1" 200 483810
156.59.198.135 - - [08/Jan/2024:23:07:26 -0500] "GET /BLA/resoluciones/AUTOS%202023/0705.pdf HTTP/1.0" 200 1139549
156.59.198.136 - - [08/Jan/2024:23:07:50 -0500] "GET /BLA/resoluciones/AUTOS%202023/1815.pdf HTTP/1.0" 200 451670
40.77.167.36 - - [08/Jan/2024:23:08:00 -0500] "GET /camaras-trampa-de-la-secretaria-de-ambiente-registran-fauna-en-cerros-orientales-en-areas-donde-tenemos-acuerdos-de-conservacion.html HTTP/1.1" 200 982
156.59.198.136 - - [08/Jan/2024:23:08:15 -0500] "GET /BLA/resoluciones/Notificaciones/AUTOS%202014/2158.doc HTTP/1.0" 200 144896
156.59.198.136 - - [08/Jan/2024:23:08:40 -0500] "GET /BLA/resoluciones/RESOLUCIONES%202019/2005.pdf HTTP/1.0" 200 499864
156.59.198.135 - - [08/Jan/2024:23:09:04 -0500] "GET /BLA/resoluciones/AUTOS%202023/0663.pdf HTTP/1.0" 200 732659
156.59.198.136 - - [08/Jan/2024:23:09:28 -0500] "GET /BLA/resoluciones/Notificaciones/AUTOS%202014/3166.doc HTTP/1.0" 200 135680
157.55.39.49 - - [08/Jan/2024:23:09:36 -0500] "GET /BLA/resoluciones/RESOLUCIONES%202014/3414.pdf HTTP/1.1" 200 652383
156.59.198.135 - - [08/Jan/2024:23:09:53 -0500] "GET /BLA/resoluciones/RESOLUCIONES%202019/1779.pdf HTTP/1.0" 200 850213
156.59.198.136 - - [08/Jan/2024:23:10:18 -0500] "GET /BLA/resoluciones/AUTOS%202023/2385.pdf HTTP/1.0" 200 308563
172.22.2.4 - - [08/Jan/2024:23:08:48 -0500] "HEAD /BLA/boletinlegal/ HTTP/1.1" 200 -
216.245.221.92 - - [08/Jan/2024:23:10:29 -0500] "HEAD / HTTP/1.1" 200 -
156.59.198.135 - - [08/Jan/2024:23:10:42 -0500] "GET /BLA/resoluciones/AUTOS%202023/3463.pdf HTTP/1.0" 200 313459
156.59.198.135 - - [08/Jan/2024:23:11:08 -0500] "GET /BLA/resoluciones/RESOLUCIONES%202019/0094.pdf HTTP/1.0" 200 298744
172.22.2.4 - - [08/Jan/2024:23:09:39 -0500] "GET /BLA/boletinlegal/ HTTP/1.1" 200 58969
201.245.192.253 - - [08/Jan/2024:23:11:29 -0500] "POST /kwsrmcab/Wsrmcab  HTTP/1.1" 200 36937
156.59.198.136 - - [08/Jan/2024:23:11:32 -0500] "GET /BLA/resoluciones/RESOLUCIONES%202019/3197.pdf HTTP/1.0" 200 346594
156.59.198.136 - - [08/Jan/2024:23:11:56 -0500] "GET /BLA/resoluciones/Notificaciones/AUTOS%202014/6450.doc HTTP/1.0" 200 230912
157.55.39.49 - - [08/Jan/2024:23:12:20 -0500] "GET /BLA/resoluciones/RESOLUCIONES%202023/02482.pdf HTTP/1.1" 200 483584
156.59.198.136 - - [08/Jan/2024:23:12:20 -0500] "GET /BLA/resoluciones/RESOLUCIONES%202019/2159.pdf HTTP/1.0" 200 284362
40.77.167.28 - - [08/Jan/2024:23:12:36 -0500] "GET /BLA/resoluciones/index.php?dir=RESOLUCIONES+2007%2FRES+2007+301+AL+400%2F HTTP/1.1" 200 26381
114.119.128.158 - - [08/Jan/2024:23:12:44 -0500] "GET /BLA/resoluciones/index.php?dir=AUTOS%2B2005/&sort=size&order=asc HTTP/1.1" 200 13882
156.59.198.135 - - [08/Jan/2024:23:12:46 -0500] "GET /BLA/resoluciones/Notificaciones/AUTOS%202014/0299.doc HTTP/1.0" 200 226816
156.59.198.135 - - [08/Jan/2024:23:13:10 -0500] "GET /BLA/resoluciones/RESOLUCIONES%202019/0460.pdf HTTP/1.0" 200 312707
156.59.198.136 - - [08/Jan/2024:23:13:33 -0500] "GET /BLA/resoluciones/AUTOS%202023/3338.pdf HTTP/1.0" 200 957902
156.59.198.135 - - [08/Jan/2024:23:13:58 -0500] "GET /BLA/resoluciones/AUTOS%202023/5396.pdf HTTP/1.0" 200 351582
156.59.198.135 - - [08/Jan/2024:23:14:23 -0500] "GET /BLA/resoluciones/AUTOS%202023/1610.pdf HTTP/1.0" 200 3564080
156.59.198.135 - - [08/Jan/2024:23:14:48 -0500] "GET /BLA/resoluciones/AUTOS%202023/4276.pdf HTTP/1.0" 200 440284
201.245.192.253 - - [08/Jan/2024:23:15:01 -0500] "POST /kwsrmcab/Wsrmcab HTTP/1.1" 200 36863
201.245.192.253 - - [08/Jan/2024:23:15:04 -0500] "POST /kwsrmcab/Wsrmcab HTTP/1.1" 200 37028
156.59.198.135 - - [08/Jan/2024:23:15:12 -0500] "GET /BLA/resoluciones/AUTOS%202023/1281.pdf HTTP/1.0" 200 628030
216.245.221.92 - - [08/Jan/2024:23:15:29 -0500] "HEAD / HTTP/1.1" 200 -
156.59.198.135 - - [08/Jan/2024:23:15:36 -0500] "GET /BLA/resoluciones/AUTOS%202023/3081.pdf HTTP/1.0" 200 1292014
156.59.198.135 - - [08/Jan/2024:23:16:02 -0500] "GET /BLA/resoluciones/Notificaciones/AUTOS%202014/3951.doc HTTP/1.0" 200 144896
172.22.2.4 - - [08/Jan/2024:23:14:38 -0500] "HEAD /BLA/boletinlegal/ HTTP/1.1" 200 -
156.59.198.136 - - [08/Jan/2024:23:16:25 -0500] "GET /BLA/resoluciones/RESOLUCIONES%202019/3370.pdf HTTP/1.0" 200 782198
201.245.192.253 - - [08/Jan/2024:23:16:28 -0500] "POST /kwsrmcab/Wsrmcab  HTTP/1.1" 200 36937
156.59.198.135 - - [08/Jan/2024:23:16:49 -0500] "GET /BLA/resoluciones/RESOLUCIONES%202019/3304.pdf HTTP/1.0" 200 299515
172.22.2.4 - - [08/Jan/2024:23:15:29 -0500] "GET /BLA/boletinlegal/ HTTP/1.1" 200 58172
156.59.198.136 - - [08/Jan/2024:23:17:15 -0500] "GET /BLA/resoluciones/AUTOS%202023/4263.pdf HTTP/1.0" 200 806494
156.59.198.136 - - [08/Jan/2024:23:17:38 -0500] "GET /BLA/resoluciones/Notificaciones/AUTOS%202014/3962.doc HTTP/1.0" 200 138240
156.59.198.136 - - [08/Jan/2024:23:18:04 -0500] "GET /BLA/resoluciones/AUTOS%202023/2290.pdf HTTP/1.0" 200 622170
156.59.198.136 - - [08/Jan/2024:23:18:28 -0500] "GET /BLA/resoluciones/Notificaciones/AUTOS%202014/2981.doc HTTP/1.0" 200 263680
47.128.50.238 - - [08/Jan/2024:23:18:54 -0500] "GET /BLA/resoluciones/dlf/styles.css HTTP/1.1" 200 3049
47.128.50.238 - - [08/Jan/2024:23:18:55 -0500] "GET /BLA/resoluciones/dlf/dirup.png HTTP/1.1" 200 644
47.128.50.238 - - [08/Jan/2024:23:18:56 -0500] "GET /BLA/resoluciones/dlf/pdf.gif HTTP/1.1" 200 272
47.128.50.238 - - [08/Jan/2024:23:19:08 -0500] "GET /BLA/resoluciones/dlf/doc.gif HTTP/1.1" 200 1079
47.128.50.238 - - [08/Jan/2024:23:18:53 -0500] "GET /BLA/resoluciones/index.php?dir=RESOLUCIONES%202013%2F&order=desc&sort=size HTTP/1.1" 200 238277
201.245.192.253 - - [08/Jan/2024:23:19:15 -0500] "POST /kwsrmcab/Wsrmcab HTTP/1.1" 200 36863
156.59.198.136 - - [08/Jan/2024:23:19:17 -0500] "GET /BLA/resoluciones/AUTOS%202023/4196.pdf HTTP/1.0" 200 444473
47.128.60.16 - - [08/Jan/2024:23:19:44 -0500] "GET /BLA/resoluciones/index.php?dir=RESOLUCIONES%202007%2FRES%202007%20601%20AL%20700%2F&order=asc&sort=size HTTP/1.1" 200 26655
66.249.66.19 - - [08/Jan/2024:23:19:45 -0500] "GET /BLA/resoluciones/RESOLUCIONES%202008/3152.pdf HTTP/1.1" 200 1132215
47.128.60.16 - - [08/Jan/2024:23:19:45 -0500] "GET /BLA/resoluciones/dlf/dirup.png HTTP/1.1" 200 644
47.128.60.16 - - [08/Jan/2024:23:19:45 -0500] "GET /BLA/resoluciones/dlf/pdf.gif HTTP/1.1" 200 272
201.245.192.253 - - [08/Jan/2024:23:19:55 -0500] "POST /kwsrmcab/Wsrmcab HTTP/1.1" 200 37028
156.59.198.136 - - [08/Jan/2024:23:20:08 -0500] "GET /BLA/resoluciones/Notificaciones/AUTOS%202014/4988.doc HTTP/1.0" 200 96256
52.167.144.182 - - [08/Jan/2024:23:20:08 -0500] "GET /BLA/resoluciones/index.php?dir=RESOLUCIONES+2007%2FRES+2007+4001+AL+4100%2F HTTP/1.1" 200 26864
216.245.221.92 - - [08/Jan/2024:23:20:29 -0500] "HEAD / HTTP/1.1" 200 -
156.59.198.136 - - [08/Jan/2024:23:20:33 -0500] "GET /BLA/resoluciones/Notificaciones/AUTOS%202014/7188.doc HTTP/1.0" 200 174080
156.59.198.135 - - [08/Jan/2024:23:20:58 -0500] "GET /BLA/resoluciones/RESOLUCIONES%202019/1752.pdf HTTP/1.0" 200 308380
156.59.198.136 - - [08/Jan/2024:23:21:22 -0500] "GET /BLA/resoluciones/Notificaciones/AUTOS%202014/4937.doc HTTP/1.0" 200 94720
201.245.192.253 - - [08/Jan/2024:23:21:26 -0500] "POST /kwsrmcab/Wsrmcab  HTTP/1.1" 200 36937
66.249.66.19 - - [08/Jan/2024:23:21:41 -0500] "GET /BLA/resoluciones/Notificaciones/AUTOS%202023/5753.pdf HTTP/1.1" 200 475870
156.59.198.135 - - [08/Jan/2024:23:21:47 -0500] "GET /BLA/resoluciones/AUTOS%202023/2944.pdf HTTP/1.0" 200 431515
66.249.66.20 - - [08/Jan/2024:23:22:03 -0500] "GET /BLA/resoluciones/Autos%202008/1955.pdf HTTP/1.1" 200 94747
172.22.2.4 - - [08/Jan/2024:23:20:28 -0500] "HEAD /BLA/boletinlegal/ HTTP/1.1" 200 -
156.59.198.136 - - [08/Jan/2024:23:22:11 -0500] "GET /BLA/resoluciones/AUTOS%202023/2331.pdf HTTP/1.0" 200 956897
156.59.198.135 - - [08/Jan/2024:23:22:35 -0500] "GET /BLA/resoluciones/Notificaciones/AUTOS%202014/5713.doc HTTP/1.0" 200 154624
172.22.2.4 - - [08/Jan/2024:23:21:19 -0500] "GET /BLA/boletinlegal/ HTTP/1.1" 200 60502
156.59.198.135 - - [08/Jan/2024:23:23:01 -0500] "GET /BLA/resoluciones/AUTOS%202023/5790.pdf HTTP/1.0" 200 434690
156.59.198.135 - - [08/Jan/2024:23:23:27 -0500] "GET /BLA/resoluciones/Notificaciones/AUTOS%202014/0474.doc HTTP/1.0" 200 233472
156.59.198.136 - - [08/Jan/2024:23:23:50 -0500] "GET /BLA/resoluciones/RESOLUCIONES%202019/0399.pdf HTTP/1.0" 200 215423
156.59.198.136 - - [08/Jan/2024:23:24:14 -0500] "GET /BLA/resoluciones/RESOLUCIONES%202019/3267.pdf HTTP/1.0" 200 377007
156.59.198.136 - - [08/Jan/2024:23:24:40 -0500] "GET /BLA/resoluciones/RESOLUCIONES%202019/0554.pdf HTTP/1.0" 200 231357
156.59.198.136 - - [08/Jan/2024:23:25:03 -0500] "GET /BLA/resoluciones/RESOLUCIONES%202019/1018.pdf HTTP/1.0" 200 318536
201.245.192.253 - - [08/Jan/2024:23:25:01 -0500] "POST /kwsrmcab/Wsrmcab HTTP/1.1" 200 36863
201.245.192.253 - - [08/Jan/2024:23:25:05 -0500] "POST /kwsrmcab/Wsrmcab HTTP/1.1" 200 37028
156.59.198.135 - - [08/Jan/2024:23:25:27 -0500] "GET /BLA/resoluciones/AUTOS%202023/4213.pdf HTTP/1.0" 200 663308
216.245.221.92 - - [08/Jan/2024:23:25:29 -0500] "HEAD / HTTP/1.1" 200 -
40.77.167.15 - - [08/Jan/2024:23:25:33 -0500] "GET /portaldeninos/wp-content/uploads/2021/11/arbol-bogota-capacitacion-29-abril-50x28.jpg HTTP/1.1" 200 1395
156.59.198.136 - - [08/Jan/2024:23:25:52 -0500] "GET /BLA/resoluciones/Notificaciones/AUTOS%202014/1020.doc HTTP/1.0" 200 230400
156.59.198.135 - - [08/Jan/2024:23:26:15 -0500] "GET /BLA/resoluciones/AUTOS%202023/0101.pdf HTTP/1.0" 200 416401
201.245.192.253 - - [08/Jan/2024:23:26:23 -0500] "POST /kwsrmcab/Wsrmcab  HTTP/1.1" 200 36937
156.59.198.136 - - [08/Jan/2024:23:26:40 -0500] "GET /BLA/resoluciones/RESOLUCIONES%202019/1333.pdf HTTP/1.0" 200 276110
156.59.198.136 - - [08/Jan/2024:23:27:05 -0500] "GET /BLA/resoluciones/AUTOS%202023/3180.pdf HTTP/1.0" 200 2371056
156.59.198.136 - - [08/Jan/2024:23:27:29 -0500] "GET /BLA/resoluciones/AUTOS%202023/1718.pdf HTTP/1.0" 200 388810
156.59.198.135 - - [08/Jan/2024:23:27:53 -0500] "GET /BLA/resoluciones/Notificaciones/AUTOS%202014/4722.doc HTTP/1.0" 200 96768
52.167.144.4 - - [08/Jan/2024:23:27:54 -0500] "GET /BLA/resoluciones/index.php?dir=RESOLUCIONES+2007%2FRES+2007+101+AL+200%2F HTTP/1.1" 200 26931
172.22.2.4 - - [08/Jan/2024:23:26:18 -0500] "HEAD /BLA/boletinlegal/ HTTP/1.1" 200 -
156.59.198.136 - - [08/Jan/2024:23:28:17 -0500] "GET /BLA/resoluciones/RESOLUCIONES%202019/3834.pdf HTTP/1.0" 200 346343
156.59.198.136 - - [08/Jan/2024:23:28:42 -0500] "GET /BLA/resoluciones/AUTOS%202023/4061.pdf HTTP/1.0" 200 685874
172.22.2.4 - - [08/Jan/2024:23:27:09 -0500] "GET /BLA/boletinlegal/ HTTP/1.1" 200 60502
156.59.198.136 - - [08/Jan/2024:23:29:05 -0500] "GET /BLA/resoluciones/AUTOS%202023/5240.pdf HTTP/1.0" 200 927810
201.245.192.253 - - [08/Jan/2024:23:29:15 -0500] "POST /kwsrmcab/Wsrmcab HTTP/1.1" 200 36863
156.59.198.135 - - [08/Jan/2024:23:29:30 -0500] "GET /BLA/resoluciones/RESOLUCIONES%202019/1068.pdf HTTP/1.0" 200 3842701
157.55.39.14 - - [08/Jan/2024:23:29:32 -0500] "GET /Publicaciones/2024EE00627.pdf HTTP/1.1" 200 231747
156.59.198.135 - - [08/Jan/2024:23:29:54 -0500] "GET /BLA/resoluciones/AUTOS%202023/0236.pdf HTTP/1.0" 200 975352
201.245.192.253 - - [08/Jan/2024:23:29:55 -0500] "POST /kwsrmcab/Wsrmcab HTTP/1.1" 200 37028
156.59.198.136 - - [08/Jan/2024:23:30:19 -0500] "GET /BLA/resoluciones/RESOLUCIONES%202019/3552.pdf HTTP/1.0" 200 340814
216.245.221.92 - - [08/Jan/2024:23:30:29 -0500] "HEAD / HTTP/1.1" 200 -
172.22.2.4 - - [08/Jan/2024:23:30:44 -0500] "GET /BLA/boletinlegal/robots.txt HTTP/1.1" 404 1037
156.59.198.135 - - [08/Jan/2024:23:30:44 -0500] "GET /BLA/resoluciones/RESOLUCIONES%202019/2110.pdf HTTP/1.0" 200 262442
172.22.2.4 - - [08/Jan/2024:23:30:44 -0500] "GET /BLA/boletinlegal/Circulares/2017/Circular%20No.%20011%20del%2005%20de%20julio%20de%202017.pdf HTTP/1.1" 304 -
172.22.2.4 - - [08/Jan/2024:23:30:45 -0500] "GET /BLA/boletinlegal/Directivas/2016/Directiva%20No.%2003%20del%2026%20de%20Julio%20de%202016.pdf HTTP/1.1" 304 -
156.59.198.136 - - [08/Jan/2024:23:31:11 -0500] "GET /BLA/resoluciones/Notificaciones/AUTOS%202014/6331.doc HTTP/1.0" 200 154112
201.245.192.253 - - [08/Jan/2024:23:31:22 -0500] "POST /kwsrmcab/Wsrmcab  HTTP/1.1" 200 36937
156.59.198.136 - - [08/Jan/2024:23:31:36 -0500] "GET /BLA/resoluciones/AUTOS%202023/0965.pdf HTTP/1.0" 200 727682
156.59.198.135 - - [08/Jan/2024:23:32:00 -0500] "GET /BLA/resoluciones/Notificaciones/AUTOS%202014/6750.doc HTTP/1.0" 200 204800
156.59.198.135 - - [08/Jan/2024:23:32:24 -0500] "GET /BLA/resoluciones/AUTOS%202023/4778.pdf HTTP/1.0" 200 612326
156.59.198.135 - - [08/Jan/2024:23:32:49 -0500] "GET /BLA/resoluciones/AUTOS%202023/2786.pdf HTTP/1.0" 200 893488
156.59.198.135 - - [08/Jan/2024:23:33:13 -0500] "GET /BLA/resoluciones/RESOLUCIONES%202019/2135.pdf HTTP/1.0" 200 288970
156.59.198.135 - - [08/Jan/2024:23:33:37 -0500] "GET /BLA/resoluciones/RESOLUCIONES%202019/2166.pdf HTTP/1.0" 200 429829
172.22.2.4 - - [08/Jan/2024:23:32:08 -0500] "HEAD /BLA/boletinlegal/ HTTP/1.1" 200 -
156.59.198.135 - - [08/Jan/2024:23:34:02 -0500] "GET /BLA/resoluciones/Notificaciones/AUTOS%202014/5469.doc HTTP/1.0" 200 96768
156.59.198.135 - - [08/Jan/2024:23:34:26 -0500] "GET /BLA/resoluciones/Notificaciones/AUTOS%202014/5981.doc HTTP/1.0" 200 152576
172.22.2.4 - - [08/Jan/2024:23:32:59 -0500] "GET /BLA/boletinlegal/ HTTP/1.1" 200 49733
156.59.198.136 - - [08/Jan/2024:23:34:50 -0500] "GET /BLA/resoluciones/Notificaciones/AUTOS%202014/0633.doc HTTP/1.0" 200 255488
172.22.2.4 - - [08/Jan/2024:23:33:12 -0500] "GET /BLA/boletinlegal/ HTTP/1.1" 200 50947
201.245.192.253 - - [08/Jan/2024:23:35:02 -0500] "POST /kwsrmcab/Wsrmcab HTTP/1.1" 200 36863
201.245.192.253 - - [08/Jan/2024:23:35:04 -0500] "POST /kwsrmcab/Wsrmcab HTTP/1.1" 200 37028
156.59.198.136 - - [08/Jan/2024:23:35:14 -0500] "GET /BLA/resoluciones/AUTOS%202023/1057.pdf HTTP/1.0" 200 1547777
216.245.221.92 - - [08/Jan/2024:23:35:29 -0500] "HEAD / HTTP/1.1" 200 -
156.59.198.135 - - [08/Jan/2024:23:35:39 -0500] "GET /BLA/resoluciones/AUTOS%202023/5037.pdf HTTP/1.0" 200 417866
