190.90.132.140 - - [08/Jan/2024:13:25:27 -0500] "GET /sipse/css/custom_css_sg_prime_login.css HTTP/1.1" 200 443
190.90.132.140 - - [08/Jan/2024:13:25:27 -0500] "GET /sipse/faces/javax.faces.resource/layout/layout.css;jsessionid=r7Z6vi5Q-prPLlOlnVLWrxQd.undefined?ln=primefaces&v=4.0 HTTP/1.1" 200 542
190.90.132.140 - - [08/Jan/2024:13:25:27 -0500] "GET /sipse/js/funciones.js HTTP/1.1" 200 12592
190.90.132.140 - - [08/Jan/2024:13:25:27 -0500] "GET /sipse/css/custom_css_sg.css HTTP/1.1" 200 9694
190.90.132.140 - - [08/Jan/2024:13:25:27 -0500] "GET /sipse/faces/javax.faces.resource/primefaces.css;jsessionid=r7Z6vi5Q-prPLlOlnVLWrxQd.undefined?ln=primefaces&v=4.0 HTTP/1.1" 200 53295
190.90.132.140 - - [08/Jan/2024:13:25:27 -0500] "GET /sipse/faces/javax.faces.resource/theme.css?ln=primefaces-sipse HTTP/1.1" 200 50058
190.90.132.140 - - [08/Jan/2024:13:25:27 -0500] "GET /sipse/faces/javax.faces.resource/jquery/jquery.js;jsessionid=r7Z6vi5Q-prPLlOlnVLWrxQd.undefined?ln=primefaces&v=4.0 HTTP/1.1" 200 105384
190.90.132.140 - - [08/Jan/2024:13:25:27 -0500] "GET /sipse/faces/javax.faces.resource/layout/layout.js;jsessionid=r7Z6vi5Q-prPLlOlnVLWrxQd.undefined?ln=primefaces&v=4.0 HTTP/1.1" 200 87560
190.90.132.140 - - [08/Jan/2024:13:25:27 -0500] "GET /sipse/faces/javax.faces.resource/primefaces.js;jsessionid=r7Z6vi5Q-prPLlOlnVLWrxQd.undefined?ln=primefaces&v=4.0 HTTP/1.1" 200 276924
190.90.132.140 - - [08/Jan/2024:13:25:27 -0500] "GET /sipse/faces/javax.faces.resource/jquery/jquery-plugins.js;jsessionid=r7Z6vi5Q-prPLlOlnVLWrxQd.undefined?ln=primefaces&v=4.0 HTTP/1.1" 200 220526
190.90.132.140 - - [08/Jan/2024:13:25:27 -0500] "GET /sipse/css/imagen/logoSDG.png HTTP/1.1" 304 -
190.90.132.140 - - [08/Jan/2024:13:25:27 -0500] "GET /sipse/css/imagen/loginimg.png HTTP/1.1" 304 -
190.90.132.140 - - [08/Jan/2024:13:25:28 -0500] "GET /sipse/faces/javax.faces.resource/images/ui-icons_898989_256x240.png?ln=primefaces-aristo HTTP/1.1" 304 -
190.90.132.140 - - [08/Jan/2024:13:25:28 -0500] "GET /sipse/faces/faces/index.xhtml HTTP/1.1" 200 677
190.90.132.140 - - [08/Jan/2024:13:25:29 -0500] "GET /sipse/faces/javax.faces.resource/theme.css?ln=primefaces-sipse HTTP/1.1" 304 -
190.90.132.140 - - [08/Jan/2024:13:25:30 -0500] "GET /sipse/faces/faces/faces/autenticacion.xhtml HTTP/1.1" 200 12400
190.90.132.140 - - [08/Jan/2024:13:25:30 -0500] "GET /sipse/faces/javax.faces.resource/theme.css?ln=primefaces-sipse HTTP/1.1" 304 -
190.90.132.140 - - [08/Jan/2024:13:25:30 -0500] "GET /sipse/faces/javax.faces.resource/primefaces.css?ln=primefaces&v=4.0 HTTP/1.1" 304 -
190.90.132.140 - - [08/Jan/2024:13:25:30 -0500] "GET /sipse/faces/javax.faces.resource/layout/layout.css?ln=primefaces&v=4.0 HTTP/1.1" 304 -
190.90.132.140 - - [08/Jan/2024:13:25:30 -0500] "GET /sipse/faces/javax.faces.resource/jquery/jquery.js?ln=primefaces&v=4.0 HTTP/1.1" 304 -
190.90.132.140 - - [08/Jan/2024:13:25:30 -0500] "GET /sipse/faces/javax.faces.resource/jquery/jquery-plugins.js?ln=primefaces&v=4.0 HTTP/1.1" 304 -
190.90.132.140 - - [08/Jan/2024:13:25:30 -0500] "GET /sipse/faces/javax.faces.resource/layout/layout.js?ln=primefaces&v=4.0 HTTP/1.1" 304 -
190.90.132.140 - - [08/Jan/2024:13:25:30 -0500] "GET /sipse/faces/javax.faces.resource/primefaces.js?ln=primefaces&v=4.0 HTTP/1.1" 304 -
190.90.132.140 - - [08/Jan/2024:13:25:30 -0500] "GET /sipse/faces/javax.faces.resource/images/ui-icons_898989_256x240.png?ln=primefaces-aristo HTTP/1.1" 304 -
216.245.221.92 - - [08/Jan/2024:13:25:30 -0500] "HEAD / HTTP/1.1" 200 -
190.90.132.140 - - [08/Jan/2024:13:25:34 -0500] "POST /sipse/faces/autenticacion.xhtml HTTP/1.1" 200 2223
190.90.132.140 - - [08/Jan/2024:13:25:34 -0500] "GET /sipse/faces/javax.faces.resource/messages/messages.png?ln=primefaces&v=4.0 HTTP/1.1" 304 -
190.90.132.140 - - [08/Jan/2024:13:25:35 -0500] "POST /sipse/faces/autenticacion.xhtml HTTP/1.1" 200 16383
190.90.132.140 - - [08/Jan/2024:13:25:35 -0500] "GET /sipse/css/custom_css_sg_prime.css HTTP/1.1" 304 -
190.90.132.140 - - [08/Jan/2024:13:25:35 -0500] "GET /sipse/js/jquery.min.js HTTP/1.1" 304 -
190.90.132.140 - - [08/Jan/2024:13:25:35 -0500] "GET /sipse/faces/javax.faces.resource/jquery/jquery.js?ln=primefaces&v=4.0 HTTP/1.1" 304 -
190.90.132.140 - - [08/Jan/2024:13:25:35 -0500] "GET /sipse/faces/javax.faces.resource/jquery/jquery-plugins.js?ln=primefaces&v=4.0 HTTP/1.1" 304 -
190.90.132.140 - - [08/Jan/2024:13:25:35 -0500] "GET /sipse/faces/javax.faces.resource/primefaces.js?ln=primefaces&v=4.0 HTTP/1.1" 304 -
190.90.132.140 - - [08/Jan/2024:13:25:35 -0500] "GET /sipse/faces/javax.faces.resource/layout/layout.js?ln=primefaces&v=4.0 HTTP/1.1" 304 -
190.90.132.140 - - [08/Jan/2024:13:25:35 -0500] "GET /sipse/imagenes/cargando.gif HTTP/1.1" 304 -
190.90.132.140 - - [08/Jan/2024:13:25:35 -0500] "GET /sipse/imagenes/logoAplicacion.jpg HTTP/1.1" 304 -
190.90.132.140 - - [08/Jan/2024:13:25:35 -0500] "GET /sipse/css/v_mergente.css HTTP/1.1" 304 -
190.90.132.140 - - [08/Jan/2024:13:25:35 -0500] "GET /sipse/css/imagen/contrasena.png HTTP/1.1" 404 383
190.90.132.140 - - [08/Jan/2024:13:25:37 -0500] "GET /sipse/faces/javax.faces.resource/images/ui-bg_flat_0_2d5972_40x100.png?ln=primefaces-aristo HTTP/1.1" 304 -
190.90.132.140 - - [08/Jan/2024:13:25:37 -0500] "POST /sipse/faces/bienvenido.xhtml HTTP/1.1" 200 2658
190.90.132.140 - - [08/Jan/2024:13:25:38 -0500] "POST /sipse/faces/bienvenido.xhtml HTTP/1.1" 200 64711
190.90.132.140 - - [08/Jan/2024:13:25:38 -0500] "GET /sipse/faces/javax.faces.resource/jquery/jquery.js?ln=primefaces&v=4.0 HTTP/1.1" 304 -
190.90.132.140 - - [08/Jan/2024:13:25:38 -0500] "GET /sipse/faces/javax.faces.resource/jquery/jquery-plugins.js?ln=primefaces&v=4.0 HTTP/1.1" 304 -
190.90.132.140 - - [08/Jan/2024:13:25:39 -0500] "GET /sipse/faces/javax.faces.resource/primefaces.js?ln=primefaces&v=4.0 HTTP/1.1" 304 -
190.90.132.140 - - [08/Jan/2024:13:25:39 -0500] "GET /sipse/faces/javax.faces.resource/layout/layout.js?ln=primefaces&v=4.0 HTTP/1.1" 304 -
190.90.132.140 - - [08/Jan/2024:13:25:39 -0500] "POST /sipse/faces/presentacion/financiero/solicitudProceso/listarSolicitudProceso.xhtml HTTP/1.1" 200 1556
156.59.198.136 - - [08/Jan/2024:13:25:41 -0500] "GET /BLA/resoluciones/AUTOS%202023/05429.pdf HTTP/1.0" 200 386468
190.90.132.140 - - [08/Jan/2024:13:25:43 -0500] "POST /sipse/faces/presentacion/financiero/solicitudProceso/listarSolicitudProceso.xhtml HTTP/1.1" 200 2829
190.90.132.140 - - [08/Jan/2024:13:25:45 -0500] "POST /sipse/faces/presentacion/financiero/solicitudProceso/listarSolicitudProceso.xhtml HTTP/1.1" 200 3877
190.90.132.140 - - [08/Jan/2024:13:25:46 -0500] "POST /sipse/faces/presentacion/financiero/solicitudProceso/listarSolicitudProceso.xhtml HTTP/1.1" 200 40768
190.90.132.140 - - [08/Jan/2024:13:25:46 -0500] "GET /sipse/faces/javax.faces.resource/jquery/jquery.js?ln=primefaces&v=4.0 HTTP/1.1" 304 -
190.90.132.140 - - [08/Jan/2024:13:25:46 -0500] "GET /sipse/faces/javax.faces.resource/jquery/jquery-plugins.js?ln=primefaces&v=4.0 HTTP/1.1" 304 -
190.90.132.140 - - [08/Jan/2024:13:25:46 -0500] "GET /sipse/faces/javax.faces.resource/primefaces.js?ln=primefaces&v=4.0 HTTP/1.1" 304 -
190.90.132.140 - - [08/Jan/2024:13:25:46 -0500] "GET /sipse/faces/javax.faces.resource/layout/layout.js?ln=primefaces&v=4.0 HTTP/1.1" 304 -
190.90.132.140 - - [08/Jan/2024:13:25:47 -0500] "POST /sipse/faces/presentacion/financiero/solicitudProceso/consultar.xhtml HTTP/1.1" 200 34137
190.90.132.140 - - [08/Jan/2024:13:25:52 -0500] "POST /sipse/faces/presentacion/financiero/solicitudProceso/consultar.xhtml HTTP/1.1" 200 12787
190.90.132.140 - - [08/Jan/2024:13:25:57 -0500] "POST /sipse/faces/presentacion/financiero/solicitudProceso/consultar.xhtml HTTP/1.1" 200 122859
190.90.132.140 - - [08/Jan/2024:13:25:58 -0500] "GET /sipse/faces/javax.faces.resource/jquery/jquery.js?ln=primefaces&v=4.0 HTTP/1.1" 304 -
190.90.132.140 - - [08/Jan/2024:13:25:58 -0500] "GET /sipse/faces/javax.faces.resource/jquery/jquery-plugins.js?ln=primefaces&v=4.0 HTTP/1.1" 304 -
190.90.132.140 - - [08/Jan/2024:13:25:58 -0500] "GET /sipse/faces/javax.faces.resource/primefaces.js?ln=primefaces&v=4.0 HTTP/1.1" 304 -
190.90.132.140 - - [08/Jan/2024:13:25:58 -0500] "GET /sipse/faces/javax.faces.resource/layout/layout.js?ln=primefaces&v=4.0 HTTP/1.1" 304 -
156.59.198.136 - - [08/Jan/2024:13:26:05 -0500] "GET /BLA/resoluciones/AUTOS%202023/0974.pdf HTTP/1.0" 200 434789
190.90.132.140 - - [08/Jan/2024:13:26:09 -0500] "POST /sipse/faces/presentacion/financiero/solicitudProceso/consultarSolicitudProceso.xhtml HTTP/1.1" 200 439564
156.59.198.135 - - [08/Jan/2024:13:26:30 -0500] "GET /BLA/resoluciones/AUTOS%202023/2007.pdf HTTP/1.0" 200 563899
156.59.198.136 - - [08/Jan/2024:13:26:55 -0500] "GET /BLA/resoluciones/AUTOS%202023/1151.pdf HTTP/1.0" 200 703576
172.22.2.4 - - [08/Jan/2024:13:25:27 -0500] "HEAD /BLA/boletinlegal/ HTTP/1.1" 200 -
167.0.131.11 - - [08/Jan/2024:13:27:13 -0500] "GET /BLA/resoluciones/AUTOS%202022/7935.pdf HTTP/1.1" 200 574115
167.0.131.11 - - [08/Jan/2024:13:27:13 -0500] "GET /favicon.ico HTTP/1.1" 200 7782
156.59.198.136 - - [08/Jan/2024:13:27:19 -0500] "GET /BLA/resoluciones/AUTOS%202023/2403.pdf HTTP/1.0" 200 623657
156.59.198.135 - - [08/Jan/2024:13:27:43 -0500] "GET /BLA/resoluciones/AUTOS%202023/3567.pdf HTTP/1.0" 200 410712
172.22.2.4 - - [08/Jan/2024:13:26:18 -0500] "GET /BLA/boletinlegal/ HTTP/1.1" 200 58567
156.59.198.135 - - [08/Jan/2024:13:28:07 -0500] "GET /BLA/resoluciones/AUTOS%202023/0596.pdf HTTP/1.0" 200 2211376
156.59.198.136 - - [08/Jan/2024:13:28:31 -0500] "GET /BLA/resoluciones/AUTOS%202023/05437.pdf HTTP/1.0" 200 421810
156.59.198.135 - - [08/Jan/2024:13:28:57 -0500] "GET /BLA/resoluciones/AUTOS%202023/1029.pdf HTTP/1.0" 200 409150
201.245.192.253 - - [08/Jan/2024:13:29:08 -0500] "POST /kwsrmcab/Wsrmcab  HTTP/1.1" 200 36937
201.245.192.253 - - [08/Jan/2024:13:29:16 -0500] "POST /kwsrmcab/Wsrmcab HTTP/1.1" 200 36569
17.241.75.96 - - [08/Jan/2024:13:29:21 -0500] "GET /bogota-reverdece-219-nuevos-arboles-plantados-en-ciudad-bolivar.html HTTP/1.1" 200 849
156.59.198.135 - - [08/Jan/2024:13:29:21 -0500] "GET /BLA/resoluciones/AUTOS%202023/2284.pdf HTTP/1.0" 200 2148059
66.249.66.20 - - [08/Jan/2024:13:29:42 -0500] "GET /BLA/resoluciones/RESOLUCIONES%202011/3470.pdf HTTP/1.1" 200 540274
156.59.198.135 - - [08/Jan/2024:13:29:46 -0500] "GET /BLA/resoluciones/AUTOS%202023/05566.pdf HTTP/1.0" 200 2658429
201.245.192.253 - - [08/Jan/2024:13:29:56 -0500] "POST /kwsrmcab/Wsrmcab HTTP/1.1" 200 37058
156.59.198.136 - - [08/Jan/2024:13:30:09 -0500] "GET /BLA/resoluciones/AUTOS%202023/0978.pdf HTTP/1.0" 200 1154128
216.245.221.92 - - [08/Jan/2024:13:30:30 -0500] "HEAD / HTTP/1.1" 200 -
156.59.198.135 - - [08/Jan/2024:13:30:35 -0500] "GET /BLA/resoluciones/AUTOS%202023/1172.pdf HTTP/1.0" 200 315346
156.59.198.136 - - [08/Jan/2024:13:30:58 -0500] "GET /BLA/resoluciones/AUTOS%202023/1871.pdf HTTP/1.0" 200 1830412
156.59.198.135 - - [08/Jan/2024:13:31:23 -0500] "GET /BLA/resoluciones/AUTOS%202023/3031.pdf HTTP/1.0" 200 385943
156.59.198.135 - - [08/Jan/2024:13:31:48 -0500] "GET /BLA/resoluciones/AUTOS%202023/0550.pdf HTTP/1.0" 200 438404
186.29.181.135 - - [08/Jan/2024:13:32:10 -0500] "GET /sipse/faces/index.xhtml HTTP/1.1" 200 677
186.29.181.135 - - [08/Jan/2024:13:32:11 -0500] "GET /sipse/faces/javax.faces.resource/theme.css?ln=primefaces-sipse HTTP/1.1" 304 -
186.29.181.135 - - [08/Jan/2024:13:32:12 -0500] "GET /sipse/faces/faces/autenticacion.xhtml HTTP/1.1" 200 12400
186.29.181.135 - - [08/Jan/2024:13:32:12 -0500] "GET /sipse/faces/javax.faces.resource/theme.css?ln=primefaces-sipse HTTP/1.1" 304 -
186.29.181.135 - - [08/Jan/2024:13:32:12 -0500] "GET /sipse/faces/javax.faces.resource/layout/layout.css?ln=primefaces&v=4.0 HTTP/1.1" 304 -
186.29.181.135 - - [08/Jan/2024:13:32:12 -0500] "GET /sipse/faces/javax.faces.resource/primefaces.css?ln=primefaces&v=4.0 HTTP/1.1" 304 -
186.29.181.135 - - [08/Jan/2024:13:32:12 -0500] "GET /sipse/faces/javax.faces.resource/jquery/jquery-plugins.js?ln=primefaces&v=4.0 HTTP/1.1" 304 -
186.29.181.135 - - [08/Jan/2024:13:32:12 -0500] "GET /sipse/faces/javax.faces.resource/jquery/jquery.js?ln=primefaces&v=4.0 HTTP/1.1" 304 -
186.29.181.135 - - [08/Jan/2024:13:32:12 -0500] "GET /sipse/faces/javax.faces.resource/primefaces.js?ln=primefaces&v=4.0 HTTP/1.1" 304 -
186.29.181.135 - - [08/Jan/2024:13:32:12 -0500] "GET /sipse/faces/javax.faces.resource/layout/layout.js?ln=primefaces&v=4.0 HTTP/1.1" 304 -
186.29.181.135 - - [08/Jan/2024:13:32:12 -0500] "GET /sipse/faces/javax.faces.resource/images/ui-icons_898989_256x240.png?ln=primefaces-aristo HTTP/1.1" 304 -
156.59.198.135 - - [08/Jan/2024:13:32:13 -0500] "GET /BLA/resoluciones/AUTOS%202023/1818.pdf HTTP/1.0" 200 392402
186.29.181.135 - - [08/Jan/2024:13:32:24 -0500] "POST /sipse/faces/autenticacion.xhtml HTTP/1.1" 200 2183
186.29.181.135 - - [08/Jan/2024:13:32:24 -0500] "GET /sipse/faces/javax.faces.resource/messages/messages.png?ln=primefaces&v=4.0 HTTP/1.1" 200 27209
186.29.181.135 - - [08/Jan/2024:13:32:32 -0500] "POST /sipse/faces/autenticacion.xhtml HTTP/1.1" 200 16815
186.29.181.135 - - [08/Jan/2024:13:32:32 -0500] "GET /sipse/css/custom_css_sg_prime.css HTTP/1.1" 200 5201
186.29.181.135 - - [08/Jan/2024:13:32:32 -0500] "GET /sipse/faces/javax.faces.resource/theme.css?ln=primefaces-sipse HTTP/1.1" 304 -
186.29.181.135 - - [08/Jan/2024:13:32:32 -0500] "GET /sipse/faces/javax.faces.resource/primefaces.css?ln=primefaces&v=4.0 HTTP/1.1" 304 -
186.29.181.135 - - [08/Jan/2024:13:32:32 -0500] "GET /sipse/faces/javax.faces.resource/layout/layout.css?ln=primefaces&v=4.0 HTTP/1.1" 304 -
186.29.181.135 - - [08/Jan/2024:13:32:32 -0500] "GET /sipse/js/jquery.min.js HTTP/1.1" 200 85582
186.29.181.135 - - [08/Jan/2024:13:32:33 -0500] "GET /sipse/faces/javax.faces.resource/jquery/jquery.js?ln=primefaces&v=4.0 HTTP/1.1" 304 -
186.29.181.135 - - [08/Jan/2024:13:32:33 -0500] "GET /sipse/faces/javax.faces.resource/jquery/jquery-plugins.js?ln=primefaces&v=4.0 HTTP/1.1" 304 -
186.29.181.135 - - [08/Jan/2024:13:32:33 -0500] "GET /sipse/faces/javax.faces.resource/primefaces.js?ln=primefaces&v=4.0 HTTP/1.1" 304 -
186.29.181.135 - - [08/Jan/2024:13:32:33 -0500] "GET /sipse/faces/javax.faces.resource/layout/layout.js?ln=primefaces&v=4.0 HTTP/1.1" 304 -
186.29.181.135 - - [08/Jan/2024:13:32:33 -0500] "GET /sipse/css/v_mergente.css HTTP/1.1" 200 1505
186.29.181.135 - - [08/Jan/2024:13:32:33 -0500] "GET /sipse/css/imagen/contrasena.png HTTP/1.1" 404 383
186.29.181.135 - - [08/Jan/2024:13:32:33 -0500] "GET /sipse/imagenes/logoAplicacion.jpg HTTP/1.1" 200 155084
186.29.181.135 - - [08/Jan/2024:13:32:33 -0500] "GET /sipse/imagenes/cargando.gif HTTP/1.1" 200 36959
186.29.181.135 - - [08/Jan/2024:13:32:35 -0500] "GET /sipse/faces/javax.faces.resource/images/ui-bg_flat_0_2d5972_40x100.png?ln=primefaces-aristo HTTP/1.1" 200 183
186.29.181.135 - - [08/Jan/2024:13:32:35 -0500] "POST /sipse/faces/bienvenido.xhtml HTTP/1.1" 200 2073
156.59.198.135 - - [08/Jan/2024:13:32:37 -0500] "GET /BLA/resoluciones/AUTOS%202023/0612.pdf HTTP/1.0" 200 393374
186.29.181.135 - - [08/Jan/2024:13:32:36 -0500] "POST /sipse/faces/bienvenido.xhtml HTTP/1.1" 200 39001
186.29.181.135 - - [08/Jan/2024:13:32:38 -0500] "GET /sipse/faces/javax.faces.resource/theme.css?ln=primefaces-sipse HTTP/1.1" 304 -
186.29.181.135 - - [08/Jan/2024:13:32:38 -0500] "GET /sipse/faces/javax.faces.resource/layout/layout.css?ln=primefaces&v=4.0 HTTP/1.1" 304 -
186.29.181.135 - - [08/Jan/2024:13:32:38 -0500] "GET /sipse/faces/javax.faces.resource/primefaces.css?ln=primefaces&v=4.0 HTTP/1.1" 304 -
186.29.181.135 - - [08/Jan/2024:13:32:38 -0500] "GET /sipse/faces/javax.faces.resource/jquery/jquery.js?ln=primefaces&v=4.0 HTTP/1.1" 304 -
186.29.181.135 - - [08/Jan/2024:13:32:38 -0500] "GET /sipse/faces/javax.faces.resource/jquery/jquery-plugins.js?ln=primefaces&v=4.0 HTTP/1.1" 304 -
186.29.181.135 - - [08/Jan/2024:13:32:38 -0500] "GET /sipse/faces/javax.faces.resource/primefaces.js?ln=primefaces&v=4.0 HTTP/1.1" 304 -
186.29.181.135 - - [08/Jan/2024:13:32:38 -0500] "GET /sipse/faces/javax.faces.resource/layout/layout.js?ln=primefaces&v=4.0 HTTP/1.1" 304 -
186.29.181.135 - - [08/Jan/2024:13:32:41 -0500] "POST /sipse/faces/presentacion/financiero/solicitudProceso/consultar.xhtml HTTP/1.1" 200 12848
186.29.181.135 - - [08/Jan/2024:13:32:46 -0500] "POST /sipse/faces/presentacion/financiero/solicitudProceso/consultar.xhtml HTTP/1.1" 200 219320
186.29.181.135 - - [08/Jan/2024:13:32:47 -0500] "GET /sipse/faces/javax.faces.resource/theme.css?ln=primefaces-sipse HTTP/1.1" 304 -
186.29.181.135 - - [08/Jan/2024:13:32:47 -0500] "GET /sipse/faces/javax.faces.resource/layout/layout.css?ln=primefaces&v=4.0 HTTP/1.1" 304 -
186.29.181.135 - - [08/Jan/2024:13:32:47 -0500] "GET /sipse/faces/javax.faces.resource/primefaces.css?ln=primefaces&v=4.0 HTTP/1.1" 304 -
186.29.181.135 - - [08/Jan/2024:13:32:47 -0500] "GET /sipse/faces/javax.faces.resource/jquery/jquery.js?ln=primefaces&v=4.0 HTTP/1.1" 304 -
186.29.181.135 - - [08/Jan/2024:13:32:47 -0500] "GET /sipse/faces/javax.faces.resource/jquery/jquery-plugins.js?ln=primefaces&v=4.0 HTTP/1.1" 304 -
186.29.181.135 - - [08/Jan/2024:13:32:47 -0500] "GET /sipse/faces/javax.faces.resource/primefaces.js?ln=primefaces&v=4.0 HTTP/1.1" 304 -
186.29.181.135 - - [08/Jan/2024:13:32:47 -0500] "GET /sipse/faces/javax.faces.resource/layout/layout.js?ln=primefaces&v=4.0 HTTP/1.1" 304 -
186.29.181.135 - - [08/Jan/2024:13:32:53 -0500] "POST /sipse/faces/presentacion/financiero/solicitudProceso/consultarSolicitudProceso.xhtml HTTP/1.1" 200 189088
172.22.2.4 - - [08/Jan/2024:13:31:17 -0500] "HEAD /BLA/boletinlegal/ HTTP/1.1" 200 -
156.59.198.136 - - [08/Jan/2024:13:33:02 -0500] "GET /BLA/resoluciones/AUTOS%202023/2263.pdf HTTP/1.0" 200 695377
66.249.66.20 - - [08/Jan/2024:13:33:11 -0500] "GET /BLA/resoluciones/RESOLUCIONES%202009/2113.pdf HTTP/1.1" 200 307297
66.249.66.21 - - [08/Jan/2024:13:33:13 -0500] "GET /BLA/resoluciones/RESOLUCIONES%202009/3036.pdf HTTP/1.1" 200 423976
156.59.198.136 - - [08/Jan/2024:13:33:26 -0500] "GET /BLA/resoluciones/AUTOS%202023/0581.pdf HTTP/1.0" 200 1498077
172.22.2.4 - - [08/Jan/2024:13:32:08 -0500] "GET /BLA/boletinlegal/ HTTP/1.1" 200 60502
156.59.198.135 - - [08/Jan/2024:13:33:50 -0500] "GET /BLA/resoluciones/AUTOS%202023/1292.pdf HTTP/1.0" 200 394189
2.57.149.178 - - [08/Jan/2024:13:33:56 -0500] "GET /BLA/boletinlegal/admin/index.php HTTP/1.1" 200 2324
2.57.149.178 - - [08/Jan/2024:13:33:56 -0500] "GET /BLA/boletinlegal/admin/index.php HTTP/1.1" 200 2324
201.245.192.253 - - [08/Jan/2024:13:34:06 -0500] "POST /kwsrmcab/Wsrmcab  HTTP/1.1" 200 36937
66.249.66.19 - - [08/Jan/2024:13:34:12 -0500] "GET /BLA/resoluciones/RESOLUCIONES%202009/8485.pdf HTTP/1.1" 200 3387527
156.59.198.136 - - [08/Jan/2024:13:34:13 -0500] "GET /BLA/resoluciones/AUTOS%202023/0747.pdf HTTP/1.0" 200 409218
156.59.198.135 - - [08/Jan/2024:13:34:38 -0500] "GET /BLA/resoluciones/AUTOS%202023/1323.pdf HTTP/1.0" 200 467313
156.59.198.136 - - [08/Jan/2024:13:35:03 -0500] "GET /BLA/resoluciones/AUTOS%202023/0918.pdf HTTP/1.0" 200 407116
201.245.192.253 - - [08/Jan/2024:13:35:03 -0500] "POST /kwsrmcab/Wsrmcab HTTP/1.1" 200 36569
201.245.192.253 - - [08/Jan/2024:13:35:07 -0500] "POST /kwsrmcab/Wsrmcab HTTP/1.1" 200 37058
185.41.186.47 - - [08/Jan/2024:13:35:24 -0500] "GET /wp-admin/html.php HTTP/1.1" 404 1138
156.59.198.136 - - [08/Jan/2024:13:35:27 -0500] "GET /BLA/resoluciones/AUTOS%202023/1026.pdf HTTP/1.0" 200 849903
186.29.181.135 - - [08/Jan/2024:13:35:30 -0500] "POST /sipse/faces/presentacion/financiero/solicitudProceso/consultarSolicitudProceso.xhtml HTTP/1.1" 200 42074
216.245.221.92 - - [08/Jan/2024:13:35:30 -0500] "HEAD / HTTP/1.1" 200 -
186.29.181.135 - - [08/Jan/2024:13:35:31 -0500] "GET /sipse/faces/javax.faces.resource/theme.css?ln=primefaces-sipse HTTP/1.1" 304 -
186.29.181.135 - - [08/Jan/2024:13:35:31 -0500] "GET /sipse/faces/javax.faces.resource/primefaces.css?ln=primefaces&v=4.0 HTTP/1.1" 304 -
186.29.181.135 - - [08/Jan/2024:13:35:31 -0500] "GET /sipse/faces/javax.faces.resource/layout/layout.css?ln=primefaces&v=4.0 HTTP/1.1" 304 -
186.29.181.135 - - [08/Jan/2024:13:35:31 -0500] "GET /sipse/faces/javax.faces.resource/jquery/jquery.js?ln=primefaces&v=4.0 HTTP/1.1" 304 -
186.29.181.135 - - [08/Jan/2024:13:35:31 -0500] "GET /sipse/faces/javax.faces.resource/jquery/jquery-plugins.js?ln=primefaces&v=4.0 HTTP/1.1" 304 -
186.29.181.135 - - [08/Jan/2024:13:35:31 -0500] "GET /sipse/faces/javax.faces.resource/primefaces.js?ln=primefaces&v=4.0 HTTP/1.1" 304 -
186.29.181.135 - - [08/Jan/2024:13:35:31 -0500] "GET /sipse/faces/javax.faces.resource/layout/layout.js?ln=primefaces&v=4.0 HTTP/1.1" 304 -
186.29.181.135 - - [08/Jan/2024:13:35:31 -0500] "POST /sipse/faces/presentacion/financiero/solicitudProceso/consultar.xhtml HTTP/1.1" 200 35452
186.29.181.135 - - [08/Jan/2024:13:35:31 -0500] "POST /sipse/faces/presentacion/financiero/solicitudProceso/consultar.xhtml HTTP/1.1" 200 35452
186.29.181.135 - - [08/Jan/2024:13:35:34 -0500] "POST /sipse/faces/presentacion/financiero/solicitudProceso/consultar.xhtml HTTP/1.1" 200 12787
186.29.181.135 - - [08/Jan/2024:13:35:39 -0500] "POST /sipse/faces/presentacion/financiero/solicitudProceso/consultar.xhtml HTTP/1.1" 200 152574
186.29.181.135 - - [08/Jan/2024:13:35:40 -0500] "GET /sipse/faces/javax.faces.resource/theme.css?ln=primefaces-sipse HTTP/1.1" 304 -
186.29.181.135 - - [08/Jan/2024:13:35:40 -0500] "GET /sipse/faces/javax.faces.resource/primefaces.css?ln=primefaces&v=4.0 HTTP/1.1" 304 -
186.29.181.135 - - [08/Jan/2024:13:35:40 -0500] "GET /sipse/faces/javax.faces.resource/layout/layout.css?ln=primefaces&v=4.0 HTTP/1.1" 304 -
186.29.181.135 - - [08/Jan/2024:13:35:40 -0500] "GET /sipse/faces/javax.faces.resource/jquery/jquery.js?ln=primefaces&v=4.0 HTTP/1.1" 304 -
186.29.181.135 - - [08/Jan/2024:13:35:40 -0500] "GET /sipse/faces/javax.faces.resource/jquery/jquery-plugins.js?ln=primefaces&v=4.0 HTTP/1.1" 304 -
186.29.181.135 - - [08/Jan/2024:13:35:40 -0500] "GET /sipse/faces/javax.faces.resource/primefaces.js?ln=primefaces&v=4.0 HTTP/1.1" 304 -
186.29.181.135 - - [08/Jan/2024:13:35:40 -0500] "GET /sipse/faces/javax.faces.resource/layout/layout.js?ln=primefaces&v=4.0 HTTP/1.1" 304 -
185.41.186.47 - - [08/Jan/2024:13:35:43 -0500] "GET /wp-stad.php HTTP/1.1" 404 1138
186.29.181.135 - - [08/Jan/2024:13:35:50 -0500] "POST /sipse/faces/presentacion/financiero/solicitudProceso/consultarSolicitudProceso.xhtml HTTP/1.1" 200 68926
156.59.198.136 - - [08/Jan/2024:13:35:52 -0500] "GET /BLA/resoluciones/AUTOS%202023/0985.pdf HTTP/1.0" 200 1724023
185.41.186.47 - - [08/Jan/2024:13:36:01 -0500] "GET /lib.php HTTP/1.1" 404 1138
185.41.186.47 - - [08/Jan/2024:13:36:11 -0500] "GET /wp-content/themes/twentystd/index.php HTTP/1.1" 404 1138
156.59.198.135 - - [08/Jan/2024:13:36:16 -0500] "GET /BLA/resoluciones/AUTOS%202023/0905.pdf HTTP/1.0" 200 666545
185.41.186.47 - - [08/Jan/2024:13:36:22 -0500] "GET /wp-stad.php HTTP/1.1" 404 1138
186.29.181.135 - - [08/Jan/2024:13:36:28 -0500] "POST /sipse/faces/presentacion/financiero/solicitudProceso/consultarSolicitudProceso.xhtml HTTP/1.1" 200 42013
185.41.186.47 - - [08/Jan/2024:13:36:29 -0500] "GET /wp-content/themes/wp-classic/inc/index.php HTTP/1.1" 404 1138
186.29.181.135 - - [08/Jan/2024:13:36:29 -0500] "GET /sipse/faces/javax.faces.resource/theme.css?ln=primefaces-sipse HTTP/1.1" 304 -
186.29.181.135 - - [08/Jan/2024:13:36:29 -0500] "GET /sipse/faces/javax.faces.resource/primefaces.css?ln=primefaces&v=4.0 HTTP/1.1" 304 -
186.29.181.135 - - [08/Jan/2024:13:36:29 -0500] "GET /sipse/faces/javax.faces.resource/layout/layout.css?ln=primefaces&v=4.0 HTTP/1.1" 304 -
186.29.181.135 - - [08/Jan/2024:13:36:29 -0500] "GET /sipse/faces/javax.faces.resource/jquery/jquery.js?ln=primefaces&v=4.0 HTTP/1.1" 304 -
186.29.181.135 - - [08/Jan/2024:13:36:29 -0500] "GET /sipse/faces/javax.faces.resource/jquery/jquery-plugins.js?ln=primefaces&v=4.0 HTTP/1.1" 304 -
186.29.181.135 - - [08/Jan/2024:13:36:29 -0500] "GET /sipse/faces/javax.faces.resource/primefaces.js?ln=primefaces&v=4.0 HTTP/1.1" 304 -
186.29.181.135 - - [08/Jan/2024:13:36:29 -0500] "GET /sipse/faces/javax.faces.resource/layout/layout.js?ln=primefaces&v=4.0 HTTP/1.1" 304 -
186.29.181.135 - - [08/Jan/2024:13:36:29 -0500] "POST /sipse/faces/presentacion/financiero/solicitudProceso/consultar.xhtml HTTP/1.1" 200 35391
186.29.181.135 - - [08/Jan/2024:13:36:29 -0500] "POST /sipse/faces/presentacion/financiero/solicitudProceso/consultar.xhtml HTTP/1.1" 200 35391
186.29.181.135 - - [08/Jan/2024:13:36:29 -0500] "POST /sipse/faces/presentacion/financiero/solicitudProceso/consultar.xhtml HTTP/1.1" 200 35391
186.29.181.135 - - [08/Jan/2024:13:36:29 -0500] "POST /sipse/faces/presentacion/financiero/solicitudProceso/consultar.xhtml HTTP/1.1" 200 35391
186.29.181.135 - - [08/Jan/2024:13:36:33 -0500] "POST /sipse/faces/presentacion/financiero/solicitudProceso/consultar.xhtml HTTP/1.1" 200 12741
186.29.181.135 - - [08/Jan/2024:13:36:37 -0500] "POST /sipse/faces/presentacion/financiero/solicitudProceso/consultar.xhtml HTTP/1.1" 200 167711
185.41.186.47 - - [08/Jan/2024:13:36:38 -0500] "GET /wp-content/plugins/wp-task-scheduler/scheduler.php HTTP/1.1" 404 1138
186.29.181.135 - - [08/Jan/2024:13:36:38 -0500] "GET /sipse/faces/javax.faces.resource/primefaces.css?ln=primefaces&v=4.0 HTTP/1.1" 304 -
186.29.181.135 - - [08/Jan/2024:13:36:38 -0500] "GET /sipse/faces/javax.faces.resource/theme.css?ln=primefaces-sipse HTTP/1.1" 304 -
186.29.181.135 - - [08/Jan/2024:13:36:38 -0500] "GET /sipse/faces/javax.faces.resource/layout/layout.css?ln=primefaces&v=4.0 HTTP/1.1" 304 -
186.29.181.135 - - [08/Jan/2024:13:36:38 -0500] "GET /sipse/faces/javax.faces.resource/jquery/jquery.js?ln=primefaces&v=4.0 HTTP/1.1" 304 -
186.29.181.135 - - [08/Jan/2024:13:36:38 -0500] "GET /sipse/faces/javax.faces.resource/jquery/jquery-plugins.js?ln=primefaces&v=4.0 HTTP/1.1" 304 -
66.249.66.19 - - [08/Jan/2024:13:36:38 -0500] "GET /BLA/resoluciones/AUTOS%202015/2016.pdf HTTP/1.1" 200 625763
186.29.181.135 - - [08/Jan/2024:13:36:38 -0500] "GET /sipse/faces/javax.faces.resource/primefaces.js?ln=primefaces&v=4.0 HTTP/1.1" 304 -
186.29.181.135 - - [08/Jan/2024:13:36:38 -0500] "GET /sipse/faces/javax.faces.resource/layout/layout.js?ln=primefaces&v=4.0 HTTP/1.1" 304 -
185.41.186.47 - - [08/Jan/2024:13:36:41 -0500] "GET /wp-content/plugins/task-controller/index.php HTTP/1.1" 404 1138
185.41.186.47 - - [08/Jan/2024:13:36:42 -0500] "GET /wp-content/plugins/core-builder/index.php HTTP/1.1" 404 1138
156.59.198.136 - - [08/Jan/2024:13:36:42 -0500] "GET /BLA/resoluciones/AUTOS%202023/0924.pdf HTTP/1.0" 200 1191759
186.29.181.135 - - [08/Jan/2024:13:36:45 -0500] "POST /sipse/faces/presentacion/financiero/solicitudProceso/consultarSolicitudProceso.xhtml HTTP/1.1" 200 302448
156.59.198.135 - - [08/Jan/2024:13:37:05 -0500] "GET /BLA/resoluciones/AUTOS%202023/1727.pdf HTTP/1.0" 200 422333
186.29.181.135 - - [08/Jan/2024:13:37:16 -0500] "POST /sipse/faces/presentacion/financiero/solicitudProceso/consultarSolicitudProceso.xhtml HTTP/1.1" 200 41967
186.29.181.135 - - [08/Jan/2024:13:37:16 -0500] "GET /sipse/faces/javax.faces.resource/theme.css?ln=primefaces-sipse HTTP/1.1" 304 -
186.29.181.135 - - [08/Jan/2024:13:37:16 -0500] "GET /sipse/faces/javax.faces.resource/primefaces.css?ln=primefaces&v=4.0 HTTP/1.1" 304 -
186.29.181.135 - - [08/Jan/2024:13:37:16 -0500] "GET /sipse/faces/javax.faces.resource/layout/layout.css?ln=primefaces&v=4.0 HTTP/1.1" 304 -
186.29.181.135 - - [08/Jan/2024:13:37:16 -0500] "GET /sipse/faces/javax.faces.resource/jquery/jquery.js?ln=primefaces&v=4.0 HTTP/1.1" 304 -
186.29.181.135 - - [08/Jan/2024:13:37:16 -0500] "GET /sipse/faces/javax.faces.resource/jquery/jquery-plugins.js?ln=primefaces&v=4.0 HTTP/1.1" 304 -
186.29.181.135 - - [08/Jan/2024:13:37:16 -0500] "GET /sipse/faces/javax.faces.resource/primefaces.js?ln=primefaces&v=4.0 HTTP/1.1" 304 -
186.29.181.135 - - [08/Jan/2024:13:37:16 -0500] "GET /sipse/faces/javax.faces.resource/layout/layout.js?ln=primefaces&v=4.0 HTTP/1.1" 304 -
186.29.181.135 - - [08/Jan/2024:13:37:16 -0500] "POST /sipse/faces/presentacion/financiero/solicitudProceso/consultar.xhtml HTTP/1.1" 200 35345
186.29.181.135 - - [08/Jan/2024:13:37:17 -0500] "POST /sipse/faces/presentacion/financiero/solicitudProceso/consultar.xhtml HTTP/1.1" 200 35345
186.29.181.135 - - [08/Jan/2024:13:37:17 -0500] "POST /sipse/faces/presentacion/financiero/solicitudProceso/consultar.xhtml HTTP/1.1" 200 35345
186.29.181.135 - - [08/Jan/2024:13:37:17 -0500] "POST /sipse/faces/presentacion/financiero/solicitudProceso/consultar.xhtml HTTP/1.1" 200 35345
186.29.181.135 - - [08/Jan/2024:13:37:17 -0500] "POST /sipse/faces/presentacion/financiero/solicitudProceso/consultar.xhtml HTTP/1.1" 200 35345
186.29.181.135 - - [08/Jan/2024:13:37:17 -0500] "POST /sipse/faces/presentacion/financiero/solicitudProceso/consultar.xhtml HTTP/1.1" 200 35345
186.29.181.135 - - [08/Jan/2024:13:37:22 -0500] "POST /sipse/faces/presentacion/financiero/solicitudProceso/consultar.xhtml HTTP/1.1" 200 12869
186.29.181.135 - - [08/Jan/2024:13:37:25 -0500] "POST /sipse/faces/presentacion/financiero/solicitudProceso/consultar.xhtml HTTP/1.1" 200 160446
186.29.181.135 - - [08/Jan/2024:13:37:27 -0500] "GET /sipse/faces/javax.faces.resource/theme.css?ln=primefaces-sipse HTTP/1.1" 304 -
186.29.181.135 - - [08/Jan/2024:13:37:27 -0500] "GET /sipse/faces/javax.faces.resource/layout/layout.css?ln=primefaces&v=4.0 HTTP/1.1" 304 -
186.29.181.135 - - [08/Jan/2024:13:37:27 -0500] "GET /sipse/faces/javax.faces.resource/primefaces.css?ln=primefaces&v=4.0 HTTP/1.1" 304 -
186.29.181.135 - - [08/Jan/2024:13:37:27 -0500] "GET /sipse/faces/javax.faces.resource/jquery/jquery.js?ln=primefaces&v=4.0 HTTP/1.1" 304 -
186.29.181.135 - - [08/Jan/2024:13:37:27 -0500] "GET /sipse/faces/javax.faces.resource/jquery/jquery-plugins.js?ln=primefaces&v=4.0 HTTP/1.1" 304 -
186.29.181.135 - - [08/Jan/2024:13:37:27 -0500] "GET /sipse/faces/javax.faces.resource/primefaces.js?ln=primefaces&v=4.0 HTTP/1.1" 304 -
186.29.181.135 - - [08/Jan/2024:13:37:27 -0500] "GET /sipse/faces/javax.faces.resource/layout/layout.js?ln=primefaces&v=4.0 HTTP/1.1" 304 -
156.59.198.135 - - [08/Jan/2024:13:37:30 -0500] "GET /BLA/resoluciones/AUTOS%202023/1311.pdf HTTP/1.0" 200 726818
186.29.181.135 - - [08/Jan/2024:13:37:34 -0500] "POST /sipse/faces/presentacion/financiero/solicitudProceso/consultarSolicitudProceso.xhtml HTTP/1.1" 200 49663
186.84.105.77 - - [08/Jan/2024:13:37:45 -0500] "GET /inicia-el-2024-conociendo-la-biodiversidad-de-bogoti.html?fbclid=IwAR36UrQBbpnd2HBUFYxxSgyfR67SW4EzreNXDGOHn2QHhN2mCa06hxJzZ2A HTTP/1.1" 200 894
156.59.198.136 - - [08/Jan/2024:13:37:55 -0500] "GET /BLA/resoluciones/AUTOS%202023/1589.pdf HTTP/1.0" 200 419959
186.29.181.135 - - [08/Jan/2024:13:38:05 -0500] "POST /sipse/faces/presentacion/financiero/solicitudProceso/consultarSolicitudProceso.xhtml HTTP/1.1" 200 42095
186.29.181.135 - - [08/Jan/2024:13:38:05 -0500] "GET /sipse/faces/javax.faces.resource/theme.css?ln=primefaces-sipse HTTP/1.1" 304 -
186.29.181.135 - - [08/Jan/2024:13:38:05 -0500] "GET /sipse/faces/javax.faces.resource/primefaces.css?ln=primefaces&v=4.0 HTTP/1.1" 304 -
186.29.181.135 - - [08/Jan/2024:13:38:05 -0500] "GET /sipse/faces/javax.faces.resource/layout/layout.css?ln=primefaces&v=4.0 HTTP/1.1" 304 -
186.29.181.135 - - [08/Jan/2024:13:38:05 -0500] "GET /sipse/faces/javax.faces.resource/jquery/jquery.js?ln=primefaces&v=4.0 HTTP/1.1" 304 -
186.29.181.135 - - [08/Jan/2024:13:38:05 -0500] "GET /sipse/faces/javax.faces.resource/jquery/jquery-plugins.js?ln=primefaces&v=4.0 HTTP/1.1" 304 -
186.29.181.135 - - [08/Jan/2024:13:38:05 -0500] "GET /sipse/faces/javax.faces.resource/primefaces.js?ln=primefaces&v=4.0 HTTP/1.1" 304 -
186.29.181.135 - - [08/Jan/2024:13:38:05 -0500] "GET /sipse/faces/javax.faces.resource/layout/layout.js?ln=primefaces&v=4.0 HTTP/1.1" 304 -
186.29.181.135 - - [08/Jan/2024:13:38:05 -0500] "POST /sipse/faces/presentacion/financiero/solicitudProceso/consultar.xhtml HTTP/1.1" 200 35473
186.29.181.135 - - [08/Jan/2024:13:38:06 -0500] "POST /sipse/faces/presentacion/financiero/solicitudProceso/consultar.xhtml HTTP/1.1" 200 35473
186.29.181.135 - - [08/Jan/2024:13:38:06 -0500] "POST /sipse/faces/presentacion/financiero/solicitudProceso/consultar.xhtml HTTP/1.1" 200 35473
186.29.181.135 - - [08/Jan/2024:13:38:06 -0500] "POST /sipse/faces/presentacion/financiero/solicitudProceso/consultar.xhtml HTTP/1.1" 200 35473
186.29.181.135 - - [08/Jan/2024:13:38:06 -0500] "POST /sipse/faces/presentacion/financiero/solicitudProceso/consultar.xhtml HTTP/1.1" 200 35473
186.29.181.135 - - [08/Jan/2024:13:38:06 -0500] "POST /sipse/faces/presentacion/financiero/solicitudProceso/consultar.xhtml HTTP/1.1" 200 35473
186.29.181.135 - - [08/Jan/2024:13:38:06 -0500] "POST /sipse/faces/presentacion/financiero/solicitudProceso/consultar.xhtml HTTP/1.1" 200 35473
186.29.181.135 - - [08/Jan/2024:13:38:07 -0500] "POST /sipse/faces/presentacion/financiero/solicitudProceso/consultar.xhtml HTTP/1.1" 200 35473
186.29.181.135 - - [08/Jan/2024:13:38:10 -0500] "POST /sipse/faces/presentacion/financiero/solicitudProceso/consultar.xhtml HTTP/1.1" 200 12752
186.29.181.135 - - [08/Jan/2024:13:38:14 -0500] "POST /sipse/faces/presentacion/financiero/solicitudProceso/consultar.xhtml HTTP/1.1" 200 153257
186.29.181.135 - - [08/Jan/2024:13:38:15 -0500] "GET /sipse/faces/javax.faces.resource/theme.css?ln=primefaces-sipse HTTP/1.1" 304 -
186.29.181.135 - - [08/Jan/2024:13:38:15 -0500] "GET /sipse/faces/javax.faces.resource/primefaces.css?ln=primefaces&v=4.0 HTTP/1.1" 304 -
186.29.181.135 - - [08/Jan/2024:13:38:15 -0500] "GET /sipse/faces/javax.faces.resource/layout/layout.css?ln=primefaces&v=4.0 HTTP/1.1" 304 -
186.29.181.135 - - [08/Jan/2024:13:38:15 -0500] "GET /sipse/faces/javax.faces.resource/jquery/jquery.js?ln=primefaces&v=4.0 HTTP/1.1" 304 -
186.29.181.135 - - [08/Jan/2024:13:38:15 -0500] "GET /sipse/faces/javax.faces.resource/jquery/jquery-plugins.js?ln=primefaces&v=4.0 HTTP/1.1" 304 -
186.29.181.135 - - [08/Jan/2024:13:38:15 -0500] "GET /sipse/faces/javax.faces.resource/primefaces.js?ln=primefaces&v=4.0 HTTP/1.1" 304 -
186.29.181.135 - - [08/Jan/2024:13:38:15 -0500] "GET /sipse/faces/javax.faces.resource/layout/layout.js?ln=primefaces&v=4.0 HTTP/1.1" 304 -
47.128.34.112 - - [08/Jan/2024:13:38:20 -0500] "GET /robots.txt HTTP/1.1" 404 1018
186.29.181.135 - - [08/Jan/2024:13:38:21 -0500] "POST /sipse/faces/presentacion/financiero/solicitudProceso/consultarSolicitudProceso.xhtml HTTP/1.1" 200 61518
66.249.66.19 - - [08/Jan/2024:13:38:38 -0500] "GET /BLA/resoluciones/AUTOS%202008/0123.pdf HTTP/1.1" 200 92021
156.59.198.136 - - [08/Jan/2024:13:38:43 -0500] "GET /BLA/resoluciones/AUTOS%202023/1077.pdf HTTP/1.0" 200 443398
172.22.2.4 - - [08/Jan/2024:13:37:07 -0500] "HEAD /BLA/boletinlegal/ HTTP/1.1" 200 -
186.29.181.135 - - [08/Jan/2024:13:38:52 -0500] "POST /sipse/faces/presentacion/financiero/solicitudProceso/consultarSolicitudProceso.xhtml HTTP/1.1" 200 41978
186.29.181.135 - - [08/Jan/2024:13:38:52 -0500] "GET /sipse/faces/javax.faces.resource/theme.css?ln=primefaces-sipse HTTP/1.1" 304 -
186.29.181.135 - - [08/Jan/2024:13:38:52 -0500] "GET /sipse/faces/javax.faces.resource/primefaces.css?ln=primefaces&v=4.0 HTTP/1.1" 304 -
186.29.181.135 - - [08/Jan/2024:13:38:52 -0500] "GET /sipse/faces/javax.faces.resource/layout/layout.css?ln=primefaces&v=4.0 HTTP/1.1" 304 -
186.29.181.135 - - [08/Jan/2024:13:38:52 -0500] "GET /sipse/faces/javax.faces.resource/jquery/jquery.js?ln=primefaces&v=4.0 HTTP/1.1" 304 -
186.29.181.135 - - [08/Jan/2024:13:38:52 -0500] "GET /sipse/faces/javax.faces.resource/jquery/jquery-plugins.js?ln=primefaces&v=4.0 HTTP/1.1" 304 -
186.29.181.135 - - [08/Jan/2024:13:38:52 -0500] "GET /sipse/faces/javax.faces.resource/primefaces.js?ln=primefaces&v=4.0 HTTP/1.1" 304 -
186.29.181.135 - - [08/Jan/2024:13:38:52 -0500] "GET /sipse/faces/javax.faces.resource/layout/layout.js?ln=primefaces&v=4.0 HTTP/1.1" 304 -
186.29.181.135 - - [08/Jan/2024:13:38:53 -0500] "POST /sipse/faces/presentacion/financiero/solicitudProceso/consultar.xhtml HTTP/1.1" 200 35356
186.29.181.135 - - [08/Jan/2024:13:38:53 -0500] "POST /sipse/faces/presentacion/financiero/solicitudProceso/consultar.xhtml HTTP/1.1" 200 35356
186.29.181.135 - - [08/Jan/2024:13:38:53 -0500] "POST /sipse/faces/presentacion/financiero/solicitudProceso/consultar.xhtml HTTP/1.1" 200 35356
186.29.181.135 - - [08/Jan/2024:13:38:53 -0500] "POST /sipse/faces/presentacion/financiero/solicitudProceso/consultar.xhtml HTTP/1.1" 200 35356
186.29.181.135 - - [08/Jan/2024:13:38:53 -0500] "POST /sipse/faces/presentacion/financiero/solicitudProceso/consultar.xhtml HTTP/1.1" 200 35356
186.29.181.135 - - [08/Jan/2024:13:38:53 -0500] "POST /sipse/faces/presentacion/financiero/solicitudProceso/consultar.xhtml HTTP/1.1" 200 35356
186.29.181.135 - - [08/Jan/2024:13:38:53 -0500] "POST /sipse/faces/presentacion/financiero/solicitudProceso/consultar.xhtml HTTP/1.1" 200 35356
186.29.181.135 - - [08/Jan/2024:13:38:54 -0500] "POST /sipse/faces/presentacion/financiero/solicitudProceso/consultar.xhtml HTTP/1.1" 200 35356
186.29.181.135 - - [08/Jan/2024:13:38:54 -0500] "POST /sipse/faces/presentacion/financiero/solicitudProceso/consultar.xhtml HTTP/1.1" 200 35356
186.29.181.135 - - [08/Jan/2024:13:38:54 -0500] "POST /sipse/faces/presentacion/financiero/solicitudProceso/consultar.xhtml HTTP/1.1" 200 35356
186.29.181.135 - - [08/Jan/2024:13:38:57 -0500] "POST /sipse/faces/presentacion/financiero/solicitudProceso/consultar.xhtml HTTP/1.1" 200 12769
186.29.181.135 - - [08/Jan/2024:13:39:01 -0500] "POST /sipse/faces/presentacion/financiero/solicitudProceso/consultar.xhtml HTTP/1.1" 200 152784
186.29.181.135 - - [08/Jan/2024:13:39:02 -0500] "GET /sipse/faces/javax.faces.resource/theme.css?ln=primefaces-sipse HTTP/1.1" 304 -
186.29.181.135 - - [08/Jan/2024:13:39:02 -0500] "GET /sipse/faces/javax.faces.resource/primefaces.css?ln=primefaces&v=4.0 HTTP/1.1" 304 -
186.29.181.135 - - [08/Jan/2024:13:39:02 -0500] "GET /sipse/faces/javax.faces.resource/layout/layout.css?ln=primefaces&v=4.0 HTTP/1.1" 304 -
186.29.181.135 - - [08/Jan/2024:13:39:02 -0500] "GET /sipse/faces/javax.faces.resource/jquery/jquery.js?ln=primefaces&v=4.0 HTTP/1.1" 304 -
186.29.181.135 - - [08/Jan/2024:13:39:02 -0500] "GET /sipse/faces/javax.faces.resource/jquery/jquery-plugins.js?ln=primefaces&v=4.0 HTTP/1.1" 304 -
186.29.181.135 - - [08/Jan/2024:13:39:02 -0500] "GET /sipse/faces/javax.faces.resource/primefaces.js?ln=primefaces&v=4.0 HTTP/1.1" 304 -
186.29.181.135 - - [08/Jan/2024:13:39:02 -0500] "GET /sipse/faces/javax.faces.resource/layout/layout.js?ln=primefaces&v=4.0 HTTP/1.1" 304 -
201.245.192.253 - - [08/Jan/2024:13:39:04 -0500] "POST /kwsrmcab/Wsrmcab  HTTP/1.1" 200 36937
156.59.198.135 - - [08/Jan/2024:13:39:08 -0500] "GET /BLA/resoluciones/AUTOS%202023/3657.pdf HTTP/1.0" 200 412186
186.29.181.135 - - [08/Jan/2024:13:39:09 -0500] "POST /sipse/faces/presentacion/financiero/solicitudProceso/consultarSolicitudProceso.xhtml HTTP/1.1" 200 49418
186.29.181.135 - - [08/Jan/2024:13:39:10 -0500] "GET /sipse/faces/javax.faces.resource/theme.css?ln=primefaces-sipse HTTP/1.1" 304 -
186.29.181.135 - - [08/Jan/2024:13:39:10 -0500] "GET /sipse/faces/javax.faces.resource/primefaces.css?ln=primefaces&v=4.0 HTTP/1.1" 304 -
186.29.181.135 - - [08/Jan/2024:13:39:10 -0500] "GET /sipse/faces/javax.faces.resource/layout/layout.css?ln=primefaces&v=4.0 HTTP/1.1" 304 -
186.29.181.135 - - [08/Jan/2024:13:39:10 -0500] "GET /sipse/faces/javax.faces.resource/jquery/jquery.js?ln=primefaces&v=4.0 HTTP/1.1" 304 -
186.29.181.135 - - [08/Jan/2024:13:39:10 -0500] "GET /sipse/faces/javax.faces.resource/jquery/jquery-plugins.js?ln=primefaces&v=4.0 HTTP/1.1" 304 -
186.29.181.135 - - [08/Jan/2024:13:39:10 -0500] "GET /sipse/faces/javax.faces.resource/primefaces.js?ln=primefaces&v=4.0 HTTP/1.1" 304 -
186.29.181.135 - - [08/Jan/2024:13:39:10 -0500] "GET /sipse/faces/javax.faces.resource/layout/layout.js?ln=primefaces&v=4.0 HTTP/1.1" 304 -
186.29.181.135 - - [08/Jan/2024:13:39:18 -0500] "POST /sipse/faces/presentacion/financiero/solicitudProceso/consultarHistorialSolProceso.xhtml HTTP/1.1" 200 198530
201.245.192.253 - - [08/Jan/2024:13:39:17 -0500] "POST /kwsrmcab/Wsrmcab HTTP/1.1" 200 36569
186.29.181.135 - - [08/Jan/2024:13:39:19 -0500] "GET /sipse/faces/javax.faces.resource/theme.css?ln=primefaces-sipse HTTP/1.1" 304 -
186.29.181.135 - - [08/Jan/2024:13:39:20 -0500] "GET /sipse/faces/javax.faces.resource/layout/layout.css?ln=primefaces&v=4.0 HTTP/1.1" 304 -
186.29.181.135 - - [08/Jan/2024:13:39:20 -0500] "GET /sipse/faces/javax.faces.resource/jquery/jquery.js?ln=primefaces&v=4.0 HTTP/1.1" 304 -
186.29.181.135 - - [08/Jan/2024:13:39:20 -0500] "GET /sipse/faces/javax.faces.resource/primefaces.css?ln=primefaces&v=4.0 HTTP/1.1" 304 -
186.29.181.135 - - [08/Jan/2024:13:39:20 -0500] "GET /sipse/faces/javax.faces.resource/primefaces.js?ln=primefaces&v=4.0 HTTP/1.1" 304 -
186.29.181.135 - - [08/Jan/2024:13:39:20 -0500] "GET /sipse/faces/javax.faces.resource/jquery/jquery-plugins.js?ln=primefaces&v=4.0 HTTP/1.1" 304 -
186.29.181.135 - - [08/Jan/2024:13:39:20 -0500] "GET /sipse/faces/javax.faces.resource/layout/layout.js?ln=primefaces&v=4.0 HTTP/1.1" 304 -
156.59.198.135 - - [08/Jan/2024:13:39:33 -0500] "GET /BLA/resoluciones/AUTOS%202023/05425.pdf HTTP/1.0" 200 359819
172.22.2.4 - - [08/Jan/2024:13:37:58 -0500] "GET /BLA/boletinlegal/ HTTP/1.1" 200 54031
156.59.198.136 - - [08/Jan/2024:13:39:56 -0500] "GET /BLA/resoluciones/AUTOS%202023/0675.pdf HTTP/1.0" 200 406250
201.245.192.253 - - [08/Jan/2024:13:39:57 -0500] "POST /kwsrmcab/Wsrmcab HTTP/1.1" 200 37058
66.249.66.21 - - [08/Jan/2024:13:40:12 -0500] "GET /BLA/resoluciones/RESOLUCIONES%202012/1552.pdf HTTP/1.1" 200 450745
156.59.198.136 - - [08/Jan/2024:13:40:22 -0500] "GET /BLA/resoluciones/AUTOS%202023/1582.pdf HTTP/1.0" 200 425816
216.245.221.92 - - [08/Jan/2024:13:40:30 -0500] "HEAD / HTTP/1.1" 200 -
156.59.198.136 - - [08/Jan/2024:13:40:45 -0500] "GET /BLA/resoluciones/AUTOS%202023/1185.pdf HTTP/1.0" 200 2235588
66.249.66.19 - - [08/Jan/2024:13:41:06 -0500] "GET /BLA/resoluciones/RESOLUCIONES%202010/3382.pdf HTTP/1.1" 200 301185
156.59.198.135 - - [08/Jan/2024:13:41:11 -0500] "GET /BLA/resoluciones/AUTOS%202023/1068.pdf HTTP/1.0" 200 443293
156.59.198.135 - - [08/Jan/2024:13:41:35 -0500] "GET /BLA/resoluciones/AUTOS%202023/2933.pdf HTTP/1.0" 200 380801
156.59.198.135 - - [08/Jan/2024:13:41:59 -0500] "GET /BLA/resoluciones/AUTOS%202023/3032.pdf HTTP/1.0" 200 387787
156.59.198.135 - - [08/Jan/2024:13:42:25 -0500] "GET /BLA/resoluciones/AUTOS%202023/0580.pdf HTTP/1.0" 200 407175
156.59.198.135 - - [08/Jan/2024:13:42:49 -0500] "GET /BLA/resoluciones/AUTOS%202023/0579.pdf HTTP/1.0" 200 698734
66.249.66.20 - - [08/Jan/2024:13:42:51 -0500] "GET /BLA/resoluciones/AUTOS%202014/5571.pdf HTTP/1.1" 200 537408
156.59.198.136 - - [08/Jan/2024:13:43:14 -0500] "GET /BLA/resoluciones/AUTOS%202023/1405.pdf HTTP/1.0" 200 2448085
156.59.198.135 - - [08/Jan/2024:13:43:39 -0500] "GET /BLA/resoluciones/AUTOS%202023/0423.pdf HTTP/1.0" 200 421938
201.245.192.253 - - [08/Jan/2024:13:44:02 -0500] "POST /kwsrmcab/Wsrmcab  HTTP/1.1" 200 36937
156.59.198.136 - - [08/Jan/2024:13:44:04 -0500] "GET /BLA/resoluciones/AUTOS%202023/1692.pdf HTTP/1.0" 200 409510
156.59.198.136 - - [08/Jan/2024:13:44:28 -0500] "GET /BLA/resoluciones/AUTOS%202023/0795.pdf HTTP/1.0" 200 883118
191.156.57.153 - - [08/Jan/2024:13:44:31 -0500] "GET /inicia-el-2024-conociendo-la-biodiversidad-de-bogoti.html?fbclid=IwAR2GYB4sMwsxMgQAoGFnJ8EiygRN5nPFXaL11esvisZ_LzQfjQg8oxtu3jA HTTP/1.1" 200 894
172.22.2.4 - - [08/Jan/2024:13:42:57 -0500] "HEAD /BLA/boletinlegal/ HTTP/1.1" 200 -
156.59.198.136 - - [08/Jan/2024:13:44:53 -0500] "GET /BLA/resoluciones/AUTOS%202023/2538.pdf HTTP/1.0" 200 432829
66.249.66.19 - - [08/Jan/2024:13:44:55 -0500] "GET /BLA/resoluciones/AUTOS%202008/1577.pdf HTTP/1.1" 200 132354
156.59.198.135 - - [08/Jan/2024:13:45:17 -0500] "GET /BLA/resoluciones/AUTOS%202023/0689.pdf HTTP/1.0" 200 660439
172.22.2.4 - - [08/Jan/2024:13:43:48 -0500] "GET /BLA/boletinlegal/ HTTP/1.1" 200 60502
216.245.221.92 - - [08/Jan/2024:13:45:30 -0500] "HEAD / HTTP/1.1" 200 -
156.59.198.136 - - [08/Jan/2024:13:45:41 -0500] "GET /BLA/resoluciones/AUTOS%202023/0981.pdf HTTP/1.0" 200 991307
66.249.66.192 - - [08/Jan/2024:13:45:46 -0500] "GET /avances-en-la-gestion-de-sitios-contaminados-en-bogota.html HTTP/1.1" 200 833
156.59.198.136 - - [08/Jan/2024:13:46:05 -0500] "GET /BLA/resoluciones/AUTOS%202023/0103.pdf HTTP/1.0" 200 492391
156.59.198.136 - - [08/Jan/2024:13:46:29 -0500] "GET /BLA/resoluciones/AUTOS%202023/1197.pdf HTTP/1.0" 200 391710
156.59.198.136 - - [08/Jan/2024:13:46:53 -0500] "GET /BLA/resoluciones/AUTOS%202023/3036.pdf HTTP/1.0" 200 354489
156.59.198.136 - - [08/Jan/2024:13:47:18 -0500] "GET /BLA/resoluciones/AUTOS%202023/1660.pdf HTTP/1.0" 200 423340
156.59.198.135 - - [08/Jan/2024:13:47:42 -0500] "GET /BLA/resoluciones/AUTOS%202023/3034.pdf HTTP/1.0" 200 349907
156.59.198.136 - - [08/Jan/2024:13:48:07 -0500] "GET /BLA/resoluciones/AUTOS%202023/2724.pdf HTTP/1.0" 200 433908
156.59.198.135 - - [08/Jan/2024:13:48:31 -0500] "GET /BLA/resoluciones/AUTOS%202023/9178%20.pdf HTTP/1.0" 200 349595
156.59.198.136 - - [08/Jan/2024:13:48:55 -0500] "GET /BLA/resoluciones/AUTOS%202023/1950.pdf HTTP/1.0" 200 594543
201.245.192.253 - - [08/Jan/2024:13:49:01 -0500] "POST /kwsrmcab/Wsrmcab  HTTP/1.1" 200 36937
156.59.198.135 - - [08/Jan/2024:13:49:20 -0500] "GET /BLA/resoluciones/AUTOS%202023/0185.pdf HTTP/1.0" 200 392388
156.59.198.135 - - [08/Jan/2024:13:49:45 -0500] "GET /BLA/resoluciones/AUTOS%202023/1329.pdf HTTP/1.0" 200 669372
156.59.198.135 - - [08/Jan/2024:13:50:10 -0500] "GET /BLA/resoluciones/AUTOS%202023/0414.pdf HTTP/1.0" 200 465373
172.22.2.4 - - [08/Jan/2024:13:48:47 -0500] "HEAD /BLA/boletinlegal/ HTTP/1.1" 200 -
186.84.88.158 - - [08/Jan/2024:13:50:28 -0500] "GET /appsia/controlador HTTP/1.1" 200 4799
186.84.88.158 - - [08/Jan/2024:13:50:28 -0500] "GET /appsia/scripts/validarIngreso.js HTTP/1.1" 200 851
186.84.88.158 - - [08/Jan/2024:13:50:28 -0500] "GET /appsia/css/estilos.css HTTP/1.1" 200 4804
186.84.88.158 - - [08/Jan/2024:13:50:28 -0500] "GET /appsia/images/cabezoteHojaVida.png HTTP/1.1" 200 32493
186.84.88.158 - - [08/Jan/2024:13:50:28 -0500] "GET /appsia/images/logo_bogota_p.png HTTP/1.1" 200 14951
186.84.88.158 - - [08/Jan/2024:13:50:28 -0500] "GET /favicon.ico HTTP/1.1" 200 7782
216.245.221.92 - - [08/Jan/2024:13:50:30 -0500] "HEAD / HTTP/1.1" 200 -
156.59.198.136 - - [08/Jan/2024:13:50:33 -0500] "GET /BLA/resoluciones/AUTOS%202023/0145.pdf HTTP/1.0" 200 799145
120.84.230.80 - - [08/Jan/2024:13:50:42 -0500] "GET /BLA/boletinlegal/Circulares/2010/Circular%2005%20de%208%20de%20septiembre%20de%202010.pdf HTTP/1.1" 200 2146608
156.59.198.135 - - [08/Jan/2024:13:50:58 -0500] "GET /BLA/resoluciones/AUTOS%202023/1401.pdf HTTP/1.0" 200 406088
40.77.167.41 - - [08/Jan/2024:13:51:06 -0500] "GET /BLA/resoluciones/RESOLUCIONES%202023/01578.pdf HTTP/1.1" 200 397313
172.22.2.4 - - [08/Jan/2024:13:49:38 -0500] "GET /BLA/boletinlegal/ HTTP/1.1" 200 60910
156.59.198.135 - - [08/Jan/2024:13:51:22 -0500] "GET /BLA/resoluciones/AUTOS%202023/1747.pdf HTTP/1.0" 200 431020
156.59.198.135 - - [08/Jan/2024:13:51:47 -0500] "GET /BLA/resoluciones/AUTOS%202023/2730.pdf HTTP/1.0" 200 410652
156.59.198.135 - - [08/Jan/2024:13:52:12 -0500] "GET /BLA/resoluciones/AUTOS%202023/2111.pdf HTTP/1.0" 200 409075
156.59.198.136 - - [08/Jan/2024:13:52:37 -0500] "GET /BLA/resoluciones/AUTOS%202023/05434.pdf HTTP/1.0" 200 374868
156.59.198.136 - - [08/Jan/2024:13:53:00 -0500] "GET /BLA/resoluciones/AUTOS%202023/2802.pdf HTTP/1.0" 200 802332
156.59.198.136 - - [08/Jan/2024:13:53:25 -0500] "GET /BLA/resoluciones/AUTOS%202023/3624.pdf HTTP/1.0" 200 327484
156.59.198.136 - - [08/Jan/2024:13:53:50 -0500] "GET /BLA/resoluciones/AUTOS%202023/0253.pdf HTTP/1.0" 200 432646
181.206.152.118 - - [08/Jan/2024:13:53:51 -0500] "GET /sipse/faces/javax.faces.resource/theme.css?ln=primefaces-sipse HTTP/1.1" 304 -
201.245.192.253 - - [08/Jan/2024:13:54:00 -0500] "POST /kwsrmcab/Wsrmcab  HTTP/1.1" 200 36937
156.59.198.135 - - [08/Jan/2024:13:54:13 -0500] "GET /BLA/resoluciones/AUTOS%202023/1154.pdf HTTP/1.0" 200 993784
173.252.127.11 - - [08/Jan/2024:13:54:14 -0500] "GET /guadalupe-aguanoso-un-nuevo-tramo-de-camino-para-disfrutar-en-los-cerros-orientales.html HTTP/1.1" 200 795
156.59.198.136 - - [08/Jan/2024:13:54:37 -0500] "GET /BLA/resoluciones/AUTOS%202023/0951.pdf HTTP/1.0" 200 419749
52.167.144.235 - - [08/Jan/2024:13:54:38 -0500] "GET /images/Cumbre%20P4G.jpg HTTP/1.1" 200 33024
156.59.198.135 - - [08/Jan/2024:13:55:02 -0500] "GET /BLA/resoluciones/AUTOS%202023/1333.pdf HTTP/1.0" 200 410507
186.102.74.146 - - [08/Jan/2024:13:55:06 -0500] "GET /inicia-el-2024-conociendo-la-biodiversidad-de-bogoti.html?fbclid=IwAR0s3Q9bTkFcCixKMsEl4qHAiii0c5JBMzOIKJTw2TqyMKWQcjtRbfMGfzo HTTP/1.1" 200 894
156.59.198.135 - - [08/Jan/2024:13:55:30 -0500] "GET /BLA/resoluciones/AUTOS%202023/0233.pdf HTTP/1.0" 200 1387660
216.245.221.92 - - [08/Jan/2024:13:55:30 -0500] "HEAD / HTTP/1.1" 200 -
156.59.198.136 - - [08/Jan/2024:13:55:53 -0500] "GET /BLA/resoluciones/AUTOS%202023/07289.pdf HTTP/1.0" 200 5900474
156.59.198.135 - - [08/Jan/2024:13:56:16 -0500] "GET /BLA/resoluciones/AUTOS%202023/0529.pdf HTTP/1.0" 200 380810
172.22.2.4 - - [08/Jan/2024:13:54:37 -0500] "HEAD /BLA/boletinlegal/ HTTP/1.1" 200 -
156.59.198.136 - - [08/Jan/2024:13:56:41 -0500] "GET /BLA/resoluciones/AUTOS%202023/2381.pdf HTTP/1.0" 200 617338
156.59.198.135 - - [08/Jan/2024:13:57:07 -0500] "GET /BLA/resoluciones/AUTOS%202023/2376.pdf HTTP/1.0" 200 567383
172.22.2.4 - - [08/Jan/2024:13:55:28 -0500] "GET /BLA/boletinlegal/ HTTP/1.1" 200 60502
156.59.198.135 - - [08/Jan/2024:13:57:31 -0500] "GET /BLA/resoluciones/AUTOS%202023/1415.pdf HTTP/1.0" 200 455679
