201.244.235.172 - - [08/Jan/2024:11:31:20 -0500] "GET /sipse/faces/javax.faces.resource/primefaces.css?ln=primefaces&v=4.0 HTTP/1.1" 304 -
201.244.235.172 - - [08/Jan/2024:11:31:20 -0500] "GET /sipse/faces/javax.faces.resource/theme.css?ln=primefaces-sipse HTTP/1.1" 304 -
201.244.235.172 - - [08/Jan/2024:11:31:20 -0500] "GET /sipse/faces/javax.faces.resource/primefaces.js?ln=primefaces&v=4.0 HTTP/1.1" 304 -
201.244.235.172 - - [08/Jan/2024:11:31:20 -0500] "GET /sipse/faces/javax.faces.resource/layout/layout.css?ln=primefaces&v=4.0 HTTP/1.1" 304 -
201.244.235.172 - - [08/Jan/2024:11:31:20 -0500] "GET /sipse/faces/javax.faces.resource/jquery/jquery.js?ln=primefaces&v=4.0 HTTP/1.1" 304 -
201.244.235.172 - - [08/Jan/2024:11:31:20 -0500] "GET /sipse/faces/javax.faces.resource/jquery/jquery-plugins.js?ln=primefaces&v=4.0 HTTP/1.1" 304 -
201.244.235.172 - - [08/Jan/2024:11:31:20 -0500] "GET /sipse/faces/javax.faces.resource/layout/layout.js?ln=primefaces&v=4.0 HTTP/1.1" 304 -
201.244.235.172 - - [08/Jan/2024:11:31:20 -0500] "GET /sipse/faces/javax.faces.resource/images/ui-icons_898989_256x240.png?ln=primefaces-aristo HTTP/1.1" 304 -
201.244.235.172 - - [08/Jan/2024:11:31:20 -0500] "GET /sipse/css/imagen/contrasena.png HTTP/1.1" 404 383
201.244.235.172 - - [08/Jan/2024:11:31:22 -0500] "GET /sipse/faces/javax.faces.resource/images/ui-bg_flat_0_2d5972_40x100.png?ln=primefaces-aristo HTTP/1.1" 304 -
201.244.235.172 - - [08/Jan/2024:11:31:22 -0500] "POST /sipse/faces/presentacion/financiero/solicitudProceso/consultar.xhtml HTTP/1.1" 200 12769
201.244.235.172 - - [08/Jan/2024:11:31:25 -0500] "POST /sipse/faces/presentacion/financiero/solicitudProceso/consultar.xhtml HTTP/1.1" 200 152199
201.244.235.172 - - [08/Jan/2024:11:31:26 -0500] "GET /sipse/faces/javax.faces.resource/layout/layout.css?ln=primefaces&v=4.0 HTTP/1.1" 304 -
201.244.235.172 - - [08/Jan/2024:11:31:26 -0500] "GET /sipse/faces/javax.faces.resource/theme.css?ln=primefaces-sipse HTTP/1.1" 304 -
201.244.235.172 - - [08/Jan/2024:11:31:26 -0500] "GET /sipse/faces/javax.faces.resource/primefaces.css?ln=primefaces&v=4.0 HTTP/1.1" 304 -
201.244.235.172 - - [08/Jan/2024:11:31:26 -0500] "GET /sipse/faces/javax.faces.resource/jquery/jquery.js?ln=primefaces&v=4.0 HTTP/1.1" 304 -
201.244.235.172 - - [08/Jan/2024:11:31:26 -0500] "GET /sipse/faces/javax.faces.resource/jquery/jquery-plugins.js?ln=primefaces&v=4.0 HTTP/1.1" 304 -
201.244.235.172 - - [08/Jan/2024:11:31:26 -0500] "GET /sipse/faces/javax.faces.resource/primefaces.js?ln=primefaces&v=4.0 HTTP/1.1" 304 -
201.244.235.172 - - [08/Jan/2024:11:31:26 -0500] "GET /sipse/faces/javax.faces.resource/layout/layout.js?ln=primefaces&v=4.0 HTTP/1.1" 304 -
156.59.198.135 - - [08/Jan/2024:11:31:43 -0500] "GET /BLA/resoluciones/AUTOS%202023/3001.pdf HTTP/1.0" 200 363563
66.249.66.192 - - [08/Jan/2024:11:31:45 -0500] "GET /derechos-de-construccion-estrategia-del-distrito-para-adquirir-predios-privados-en-la-van- HTTP/1.1" 404 1034
156.59.198.135 - - [08/Jan/2024:11:32:09 -0500] "GET /BLA/resoluciones/AUTOS%202023/1275.pdf HTTP/1.0" 200 585340
201.244.235.172 - - [08/Jan/2024:11:32:23 -0500] "POST /sipse/faces/presentacion/financiero/solicitudProceso/consultarSolicitudProceso.xhtml HTTP/1.1" 200 44886
201.244.235.172 - - [08/Jan/2024:11:32:23 -0500] "GET /sipse/faces/javax.faces.resource/theme.css?ln=primefaces-sipse HTTP/1.1" 304 -
201.244.235.172 - - [08/Jan/2024:11:32:23 -0500] "GET /sipse/faces/javax.faces.resource/primefaces.css?ln=primefaces&v=4.0 HTTP/1.1" 304 -
201.244.235.172 - - [08/Jan/2024:11:32:23 -0500] "GET /sipse/faces/javax.faces.resource/jquery/jquery.js?ln=primefaces&v=4.0 HTTP/1.1" 304 -
201.244.235.172 - - [08/Jan/2024:11:32:23 -0500] "GET /sipse/faces/javax.faces.resource/layout/layout.css?ln=primefaces&v=4.0 HTTP/1.1" 304 -
201.244.235.172 - - [08/Jan/2024:11:32:23 -0500] "GET /sipse/faces/javax.faces.resource/jquery/jquery-plugins.js?ln=primefaces&v=4.0 HTTP/1.1" 304 -
201.244.235.172 - - [08/Jan/2024:11:32:23 -0500] "GET /sipse/faces/javax.faces.resource/primefaces.js?ln=primefaces&v=4.0 HTTP/1.1" 304 -
201.244.235.172 - - [08/Jan/2024:11:32:23 -0500] "GET /sipse/faces/javax.faces.resource/layout/layout.js?ln=primefaces&v=4.0 HTTP/1.1" 304 -
201.244.235.172 - - [08/Jan/2024:11:32:25 -0500] "POST /sipse/faces/presentacion/financiero/solicitudProceso/consultar.xhtml HTTP/1.1" 200 12767
201.244.235.172 - - [08/Jan/2024:11:32:28 -0500] "POST /sipse/faces/presentacion/financiero/solicitudProceso/consultar.xhtml HTTP/1.1" 200 162159
201.244.235.172 - - [08/Jan/2024:11:32:29 -0500] "GET /sipse/faces/javax.faces.resource/layout/layout.css?ln=primefaces&v=4.0 HTTP/1.1" 304 -
201.244.235.172 - - [08/Jan/2024:11:32:29 -0500] "GET /sipse/faces/javax.faces.resource/theme.css?ln=primefaces-sipse HTTP/1.1" 304 -
201.244.235.172 - - [08/Jan/2024:11:32:29 -0500] "GET /sipse/faces/javax.faces.resource/primefaces.css?ln=primefaces&v=4.0 HTTP/1.1" 304 -
201.244.235.172 - - [08/Jan/2024:11:32:29 -0500] "GET /sipse/faces/javax.faces.resource/jquery/jquery.js?ln=primefaces&v=4.0 HTTP/1.1" 304 -
201.244.235.172 - - [08/Jan/2024:11:32:29 -0500] "GET /sipse/faces/javax.faces.resource/jquery/jquery-plugins.js?ln=primefaces&v=4.0 HTTP/1.1" 304 -
201.244.235.172 - - [08/Jan/2024:11:32:29 -0500] "GET /sipse/faces/javax.faces.resource/primefaces.js?ln=primefaces&v=4.0 HTTP/1.1" 304 -
201.244.235.172 - - [08/Jan/2024:11:32:29 -0500] "GET /sipse/faces/javax.faces.resource/layout/layout.js?ln=primefaces&v=4.0 HTTP/1.1" 304 -
201.244.235.172 - - [08/Jan/2024:11:32:34 -0500] "POST /sipse/faces/presentacion/financiero/solicitudProceso/consultarSolicitudProceso.xhtml HTTP/1.1" 200 80605
156.59.198.136 - - [08/Jan/2024:11:32:35 -0500] "GET /BLA/resoluciones/AUTOS%202023/2379.pdf HTTP/1.0" 200 548978
201.244.235.172 - - [08/Jan/2024:11:32:35 -0500] "POST /sipse/faces/presentacion/financiero/solicitudProceso/consultarSolicitudProceso.xhtml HTTP/1.1" 200 2136390
156.59.198.136 - - [08/Jan/2024:11:32:58 -0500] "GET /BLA/resoluciones/AUTOS%202023/1653.pdf HTTP/1.0" 200 567489
181.78.78.233 - - [08/Jan/2024:11:33:15 -0500] "GET /inicia-el-2024-conociendo-la-biodiversidad-de-bogoti.html?fbclid=IwAR1Rt8iyJdVnLno6asE2Q9UhSi7CzpYv9Cq0VU4aNJFF91SzmGQS6vf3skM HTTP/1.1" 200 894
156.59.198.136 - - [08/Jan/2024:11:33:23 -0500] "GET /BLA/resoluciones/AUTOS%202023/1049.pdf HTTP/1.0" 200 415692
156.59.198.136 - - [08/Jan/2024:11:33:49 -0500] "GET /BLA/resoluciones/AUTOS%202023/05430.pdf HTTP/1.0" 200 396738
156.59.198.136 - - [08/Jan/2024:11:34:14 -0500] "GET /BLA/resoluciones/AUTOS%202023/2004.pdf HTTP/1.0" 200 1263728
66.249.66.19 - - [08/Jan/2024:11:34:30 -0500] "GET /BLA/resoluciones/RESOLUCIONES%202010/6041.pdf HTTP/1.1" 200 44165
201.244.235.172 - - [08/Jan/2024:11:34:38 -0500] "POST /sipse/faces/presentacion/financiero/solicitudProceso/consultarSolicitudProceso.xhtml HTTP/1.1" 200 44884
201.244.235.172 - - [08/Jan/2024:11:34:39 -0500] "GET /sipse/faces/javax.faces.resource/theme.css?ln=primefaces-sipse HTTP/1.1" 304 -
201.244.235.172 - - [08/Jan/2024:11:34:39 -0500] "GET /sipse/faces/javax.faces.resource/primefaces.css?ln=primefaces&v=4.0 HTTP/1.1" 304 -
201.244.235.172 - - [08/Jan/2024:11:34:39 -0500] "GET /sipse/faces/javax.faces.resource/layout/layout.css?ln=primefaces&v=4.0 HTTP/1.1" 304 -
201.244.235.172 - - [08/Jan/2024:11:34:39 -0500] "GET /sipse/faces/javax.faces.resource/jquery/jquery.js?ln=primefaces&v=4.0 HTTP/1.1" 304 -
201.244.235.172 - - [08/Jan/2024:11:34:39 -0500] "GET /sipse/faces/javax.faces.resource/primefaces.js?ln=primefaces&v=4.0 HTTP/1.1" 304 -
201.244.235.172 - - [08/Jan/2024:11:34:39 -0500] "GET /sipse/faces/javax.faces.resource/layout/layout.js?ln=primefaces&v=4.0 HTTP/1.1" 304 -
201.244.235.172 - - [08/Jan/2024:11:34:39 -0500] "GET /sipse/faces/javax.faces.resource/jquery/jquery-plugins.js?ln=primefaces&v=4.0 HTTP/1.1" 304 -
201.244.235.172 - - [08/Jan/2024:11:34:39 -0500] "GET /sipse/css/imagen/contrasena.png HTTP/1.1" 404 383
201.244.235.172 - - [08/Jan/2024:11:34:39 -0500] "GET /sipse/faces/javax.faces.resource/images/ui-icons_898989_256x240.png?ln=primefaces-aristo HTTP/1.1" 304 -
201.245.192.253 - - [08/Jan/2024:11:34:38 -0500] "POST /kwsrmcab/Wsrmcab  HTTP/1.1" 200 36937
201.244.235.172 - - [08/Jan/2024:11:34:41 -0500] "GET /sipse/faces/javax.faces.resource/images/ui-bg_flat_0_2d5972_40x100.png?ln=primefaces-aristo HTTP/1.1" 304 -
201.244.235.172 - - [08/Jan/2024:11:34:41 -0500] "POST /sipse/faces/presentacion/financiero/solicitudProceso/consultar.xhtml HTTP/1.1" 200 12732
156.59.198.136 - - [08/Jan/2024:11:34:41 -0500] "GET /BLA/resoluciones/AUTOS%202023/0732.pdf HTTP/1.0" 200 1395186
201.244.235.172 - - [08/Jan/2024:11:34:45 -0500] "POST /sipse/faces/presentacion/financiero/solicitudProceso/consultar.xhtml HTTP/1.1" 200 158705
201.244.235.172 - - [08/Jan/2024:11:34:46 -0500] "GET /sipse/faces/javax.faces.resource/theme.css?ln=primefaces-sipse HTTP/1.1" 304 -
201.244.235.172 - - [08/Jan/2024:11:34:46 -0500] "GET /sipse/faces/javax.faces.resource/primefaces.css?ln=primefaces&v=4.0 HTTP/1.1" 304 -
201.244.235.172 - - [08/Jan/2024:11:34:46 -0500] "GET /sipse/faces/javax.faces.resource/layout/layout.css?ln=primefaces&v=4.0 HTTP/1.1" 304 -
201.244.235.172 - - [08/Jan/2024:11:34:46 -0500] "GET /sipse/faces/javax.faces.resource/jquery/jquery.js?ln=primefaces&v=4.0 HTTP/1.1" 304 -
201.244.235.172 - - [08/Jan/2024:11:34:46 -0500] "GET /sipse/faces/javax.faces.resource/jquery/jquery-plugins.js?ln=primefaces&v=4.0 HTTP/1.1" 304 -
201.244.235.172 - - [08/Jan/2024:11:34:46 -0500] "GET /sipse/faces/javax.faces.resource/primefaces.js?ln=primefaces&v=4.0 HTTP/1.1" 304 -
201.244.235.172 - - [08/Jan/2024:11:34:46 -0500] "GET /sipse/faces/javax.faces.resource/layout/layout.js?ln=primefaces&v=4.0 HTTP/1.1" 304 -
201.244.235.172 - - [08/Jan/2024:11:34:52 -0500] "POST /sipse/faces/presentacion/financiero/solicitudProceso/consultarSolicitudProceso.xhtml HTTP/1.1" 200 232739
201.244.235.172 - - [08/Jan/2024:11:34:53 -0500] "POST /sipse/faces/presentacion/financiero/solicitudProceso/consultarSolicitudProceso.xhtml HTTP/1.1" 200 2136390
186.102.116.80 - - [08/Jan/2024:11:35:06 -0500] "OPTIONS /kwssiamovil/sm/setfile/f? HTTP/1.1" 200 13
201.245.192.253 - - [08/Jan/2024:11:35:04 -0500] "POST /kwsrmcab/Wsrmcab HTTP/1.1" 200 34812
186.102.116.80 - - [08/Jan/2024:11:35:06 -0500] "POST /kwssiamovil/sm/setfile/f? HTTP/1.1" 200 381
201.245.192.253 - - [08/Jan/2024:11:35:07 -0500] "POST /kwsrmcab/Wsrmcab HTTP/1.1" 200 37061
156.59.198.135 - - [08/Jan/2024:11:35:10 -0500] "GET /BLA/resoluciones/AUTOS%202023/0903.pdf HTTP/1.0" 200 690279
156.59.198.135 - - [08/Jan/2024:11:35:15 -0500] "GET /BLA/resoluciones/AUTOS%202023/2004.pdf HTTP/1.0" 206 1247589
156.59.198.135 - - [08/Jan/2024:11:35:28 -0500] "GET /BLA/resoluciones/AUTOS%202023/1795.pdf HTTP/1.0" 200 398460
216.245.221.92 - - [08/Jan/2024:11:35:31 -0500] "HEAD / HTTP/1.1" 200 -
186.102.116.80 - - [08/Jan/2024:11:35:51 -0500] "GET /kwssiamovil/sm/acme/a?s=U2FsdGVkX1/kNVei5I2y2MlaE/FA8OIAd2mzLEJhV6TSrZUlRSw8pku/GhdrLE6KaasXSUGD4YJcEXiz99m852B5MKsPE9rP08yIe5dqXICxGnh+sTDmEbMDmaArETNVxSCLyRvPtjIZsjaoqHPlvyIOibtHGMGpgl6ItGMO18RelF/x8BWzVk3mzjYBKpMcl3HZkI9c7m4VLY9x6RtBeb1UQUebNtvTV7V9AuTVsaa5fZ9Lfh45sMg3mqOrRLZvMQ1vwMU+sZLcIUa9uQkP4A==&u=U2FsdGVkX1+oURkEH7LCO3iHX+eM5w8oBClWA4McUiUWS0H2WhGsF8jbYK9yuW5n&y=U2FsdGVkX1+guORbz6cHcXLjfNJx4zE6WERB3o+x1aSvW2JMrTV7fJ6/zzLuRAU7 HTTP/1.1" 200 26
186.102.116.80 - - [08/Jan/2024:11:35:52 -0500] "GET /kwssiamovil/sm/acme/a?s=U2FsdGVkX1/lIdZE7FnvkcVeY3nTyKTCBhLN2oa21fB3d2soFhA04tMajqk2VIkBPbIGR94blBXXazs9CU1zo4AcIb5+UC4pEFLr+rjf3sRENuu7zhuHpSetZPFn04nKqFrJXGuSlPPToOJSz8QWfCHX9SK4bD6DH1IV7vVXsqQZ6wZSt+ZlLa/edi5D5E84BuHk5WgRhnwknLJFuTagGPEdxnFA44PrwceBGk0SVOOhdEDrnJ57LaYL0kEKhw+gHvGfkJGtuAgs1JilrdHCYwfJcrzUEVKxSL7KoTz24KJGm5kEixTkAVv12JRJI5ViydPYj6MqTU6XbFPpw2hAcTLZnMtY1+Ik7eHMHR21H9WxZMOHV/G48dHgST/wcJC8xCyoiyfDStG6TLZ/XXZT5eHECY1plD462wGQ2un4LIPxJMGRTMaeL/DCKXtS83uElzf+OzGYz0sfQ5p9SWttbsP5Uesv+kQtgTiDzoumaeQgw0aXPVgpF4nTJrKWz2TtJsKi+6JthuWUgi9hqoS8yk9cXRjdV1DW9fVcayg8djwM8oxPPuwde+bacQeesX8iQohSsdHgvmxRAsbcRrcWPKWAjvcZzkREU4KlaZlbUJFan4yY3unXAdKlYAtHoFX88ysl5khnLa3DZwV0DyWyctGE10f/2M5PJiEeKuH2tnwMGVzKKdLKyjJNxWPPtmJJkSEk8VwG8PlziGLU+hKA6oETYyRzCw2REw+tUU3RYfobcWoqgZS6ObvdehVsyGh5JbzILC85hhTpl6GN07bgPfCzr8QQIhZ7Px9OYraBVvjImZKUtPBxZrE4DJhX/hXwAM0lkkjEbr7r+qK3Wo8wS5+Vzu50qTSUwMsvKvNdMXHV7i2roO9NTvBcT8Dy4IRg/EAqjjbzRnV94RYGNFr1HH7WbWUmEO3YR9XwPDTHXiG22JfbD7fZag3SFQzLmqdS8AcgeWcCKkTBnKA/Z1Sdt79E+OpauLTNSpOYMfUJ+n8YdFumClJK3XOMX84CH4flHxhdhdcRCrj0nblI80a9p7kjsln7TBbqCRiOV8Ath6uZE7yomcdOIp9D71C+9aNI6hkoxDBZ/qEjorNgvKIrXbqSKat7HCCq7C37NOh2dC24d/XrVZy+nwYocunLay5tFsWJRhLWq/KcU6cNvathrNu7OJL+Ipa0albIE1OtZLXcoh/+W+zyUb0+pcO/23aPabOHVb+45TYOQ8YJM2JTTJxWlCQ3f22v8z5w/+7KUuqykcm3q+EbSvJ0WmUXFSm4b3F5FtghEdVClYEDMIrgFCeAsnlUR3M976hxZr+cEoaBbA7p73Fi+sWVkCIvCJl33qIHulTBISRh7hbd6QQvJXOvxfcwt+6oGqutG42ULh4l1XstRDq47eIxu9TVn3PMYheSY0KZWf/YLYC1DWeyArcZBVC3GTUIxSrbrpxzBOcQ0dcrFTzogLAlObJx9U0M5uP93kneAKo4UcZeHe746wNTtEc4nHuh2ky5lPR65zNB3s97qyqN3GiNTc1biglOGUdQByiBAM9xyCqqJ5zSXRwt+d8YFTGA7FAE2UIPbNCOLkZvm0rzba01alHtmtOpPTpOZf9i8lJapkthr+R3SpRbiqT9HOs7O7xom1lSQzMUmrR8Pk7H0U4dFt+IrxW8WfBCOMoPRlamcYMnuiReQMgAcD3fUQkQI+Pf+/Qw2KORa775bd4XZ4EV2kR0lBLx&u=U2FsdGVkX1+oURkEH7LCO3iHX+eM5w8oBClWA4McUiUWS0H2WhGsF8jbYK9yuW5n&y=U2FsdGVkX1+guORbz6cHcXLjfNJx4zE6WERB3o+x1aSvW2JMrTV7fJ6/zzLuRAU7 HTTP/1.1" 200 26
156.59.198.136 - - [08/Jan/2024:11:35:52 -0500] "GET /BLA/resoluciones/AUTOS%202023/1970.pdf HTTP/1.0" 200 406142
186.102.116.80 - - [08/Jan/2024:11:35:52 -0500] "GET /kwssiamovil/sm/acme/a?s=U2FsdGVkX1+1t5MXbXseyF6G+nKb2LPuKBoy1mBU2h+/e2DbIKznGv4EkMqB3IVKSaaEcaik7v7XXaERTzZW7vgOIcpSAGC4w8oLOXjZfV9sa6MB4/KTQ8Rlzl5W1nWue4tTrRLrIS7CoqHqrKkTz8B9kuLaENQwi+7B5njSjGI=&u=U2FsdGVkX1+oURkEH7LCO3iHX+eM5w8oBClWA4McUiUWS0H2WhGsF8jbYK9yuW5n&y=U2FsdGVkX1+guORbz6cHcXLjfNJx4zE6WERB3o+x1aSvW2JMrTV7fJ6/zzLuRAU7 HTTP/1.1" 200 26
186.102.116.80 - - [08/Jan/2024:11:35:52 -0500] "GET /kwssiamovil/sm/acme/a?s=U2FsdGVkX191tTXK6KlzIOAEP5Ba7MmC2cP3xbzMQzgNzSkccLFcM7+5J9lMTX1l7O0RNghvxi29ik7jcRuY5JKvCYqbWoLD02A3VBLejla1cqDze3t/deBT3VxT6NEAjZPVEbqx55+rNWDItrXzhfb1Taord+976S1rLX+YwkI=&u=U2FsdGVkX1+oURkEH7LCO3iHX+eM5w8oBClWA4McUiUWS0H2WhGsF8jbYK9yuW5n&y=U2FsdGVkX1+guORbz6cHcXLjfNJx4zE6WERB3o+x1aSvW2JMrTV7fJ6/zzLuRAU7 HTTP/1.1" 200 26
186.102.116.80 - - [08/Jan/2024:11:35:52 -0500] "GET /kwssiamovil/sm/acme/a?s=U2FsdGVkX1/6VNJKYoTYqITT3TeoZ3mrsMjjXDnvv+uOAT9fOqX+Z6dQbGxBWQP+LEkCpiEz0S9I80bEMi1qrNFuf+WteLvNyhBYgc4ipmyTMQXt/pCVKieU8KpNAyn0Ax/8azRFeImNymTMkUQbR+sL3zNTZJIz6WSJgMHxUyU=&u=U2FsdGVkX1+oURkEH7LCO3iHX+eM5w8oBClWA4McUiUWS0H2WhGsF8jbYK9yuW5n&y=U2FsdGVkX1+guORbz6cHcXLjfNJx4zE6WERB3o+x1aSvW2JMrTV7fJ6/zzLuRAU7 HTTP/1.1" 200 26
186.102.116.80 - - [08/Jan/2024:11:35:53 -0500] "GET /kwssiamovil/sm/acme/a?s=U2FsdGVkX1/XdF2YftAn8JlNajsn2Sj/sfqff8CWfwQ62U9ZQJ3LAr6ks5qMV0xEhWu4DyWxwmHkbppxIfX5qi+RJuIQbnyF9gYvtIv7QcIxkdEIgU51vKGp7w/V3To1zlJU4BzYBNhBn2kkVpCJc1hKkYcZvh+sr+07mlXY6t+iyW5gSLTTttr7JKR/cE1KSN8MaawEqvfmgK0IYLxGAg==&u=U2FsdGVkX1+oURkEH7LCO3iHX+eM5w8oBClWA4McUiUWS0H2WhGsF8jbYK9yuW5n&y=U2FsdGVkX1+guORbz6cHcXLjfNJx4zE6WERB3o+x1aSvW2JMrTV7fJ6/zzLuRAU7 HTTP/1.1" 200 26
186.102.116.80 - - [08/Jan/2024:11:35:53 -0500] "GET /kwssiamovil/sm/acme/a?s=U2FsdGVkX1/d2ZFtlc6f4AlfOqv22RNhrVQSAfRsR3NgxSUqts3rvFAb4+O7CCpq7ycvyijOIjcglizjlMMFxiYRcRvs75abPeiMzMvyfW+Z6dqaKEGu5YUKlNAeiRmOkyhuiZHl1i7lVq+wq7xl9eKYFeNhyPMsaCN4BqvseeBrO6TkyCnwsyQ7BjvIY8zY8DvlCP0TsPp+Lf70pvNBYQcWwv25wYxupghni9T2BVaC7k4001F6EkS6tFEVdg53C72YVXrSEbxLBgiw8dB9bVZy82pKCf1z6frwmZsVL7afA9kK6IBFc5lsCJU59uc7pOS4K5hqeQ0VUFVc9j8gSBrELjBIBahbzW9MgbbUUprPdeLQoCgcpcShyurJerAcHyhZ44qkJu7dOsKCICfu45NO9XLRF68L1PZi3Xu6bLtPqTdD1T1L1iUSzMWr0zL510RZKHbeScyA4HHLbGZ0/A==&u=U2FsdGVkX1+oURkEH7LCO3iHX+eM5w8oBClWA4McUiUWS0H2WhGsF8jbYK9yuW5n&y=U2FsdGVkX1+guORbz6cHcXLjfNJx4zE6WERB3o+x1aSvW2JMrTV7fJ6/zzLuRAU7 HTTP/1.1" 200 25
186.102.116.80 - - [08/Jan/2024:11:35:53 -0500] "GET /kwssiamovil/sm/acme/a?s=U2FsdGVkX1/Sl7Ius2rCyfhSeNANQsFy8mXXRHIo4ZbZoK8su7qBA81b8WGs0A6Kfvw61OtcRV2KdZs6s3tTwJOL/j9t6TL8kj93QTWD4icS1yl9f0IoKVhMcBDhATNzKlDn7NUORYrD2Av6+HTDVZ3A/MTAwL8dZ01Q7ABMtshCsCO8Y+sv4ZzpOLggUylmdtLmmOA7sce/NwwgHuPNeJ7cVVRTqsKzLGrSIZXeWk51H9y829Y1NA+tXheRvrd6pTSM8f0TgTdPBsLWwQDFS8dwIrQ40xp9wyjYGLtaY6ckyn2Z9+HpeOZ6lUMGuBDu54ljJ1pT1LL85Fw/dm6RoG7zZCtq6Am+pxRSRV1T1Ah1iiOq4GYBbVQHHWlwDr+JHmQPMbGWYkvRFEilRTSvU/rRapZfOKmyJNttU9JzhFM=&u=U2FsdGVkX1+oURkEH7LCO3iHX+eM5w8oBClWA4McUiUWS0H2WhGsF8jbYK9yuW5n&y=U2FsdGVkX1+guORbz6cHcXLjfNJx4zE6WERB3o+x1aSvW2JMrTV7fJ6/zzLuRAU7 HTTP/1.1" 200 26
173.252.79.2 - - [08/Jan/2024:11:35:55 -0500] "GET /inicia-el-2024-conociendo-la-biodiversidad-de-bogoti.html HTTP/1.1" 200 894
156.59.198.135 - - [08/Jan/2024:11:36:17 -0500] "GET /BLA/resoluciones/AUTOS%202023/1936.pdf HTTP/1.0" 200 520030
172.22.2.4 - - [08/Jan/2024:11:34:38 -0500] "HEAD /BLA/boletinlegal/ HTTP/1.1" 200 -
192.133.77.14 - - [08/Jan/2024:11:36:40 -0500] "GET /images/Aves%20SDA.jpeg HTTP/1.1" 200 75104
156.59.198.136 - - [08/Jan/2024:11:36:43 -0500] "GET /BLA/resoluciones/AUTOS%202023/2052.pdf HTTP/1.0" 200 579982
201.244.235.172 - - [08/Jan/2024:11:36:52 -0500] "POST /sipse/faces/presentacion/financiero/solicitudProceso/consultarSolicitudProceso.xhtml HTTP/1.1" 200 44849
201.244.235.172 - - [08/Jan/2024:11:36:53 -0500] "GET /sipse/faces/javax.faces.resource/theme.css?ln=primefaces-sipse HTTP/1.1" 304 -
201.244.235.172 - - [08/Jan/2024:11:36:53 -0500] "GET /sipse/faces/javax.faces.resource/primefaces.css?ln=primefaces&v=4.0 HTTP/1.1" 304 -
201.244.235.172 - - [08/Jan/2024:11:36:53 -0500] "GET /sipse/faces/javax.faces.resource/jquery/jquery.js?ln=primefaces&v=4.0 HTTP/1.1" 304 -
201.244.235.172 - - [08/Jan/2024:11:36:53 -0500] "GET /sipse/faces/javax.faces.resource/layout/layout.css?ln=primefaces&v=4.0 HTTP/1.1" 304 -
201.244.235.172 - - [08/Jan/2024:11:36:53 -0500] "GET /sipse/faces/javax.faces.resource/jquery/jquery-plugins.js?ln=primefaces&v=4.0 HTTP/1.1" 304 -
201.244.235.172 - - [08/Jan/2024:11:36:53 -0500] "GET /sipse/faces/javax.faces.resource/primefaces.js?ln=primefaces&v=4.0 HTTP/1.1" 304 -
201.244.235.172 - - [08/Jan/2024:11:36:53 -0500] "GET /sipse/faces/javax.faces.resource/layout/layout.js?ln=primefaces&v=4.0 HTTP/1.1" 304 -
201.244.235.172 - - [08/Jan/2024:11:36:55 -0500] "POST /sipse/faces/presentacion/financiero/solicitudProceso/consultar.xhtml HTTP/1.1" 200 12756
201.244.235.172 - - [08/Jan/2024:11:36:58 -0500] "POST /sipse/faces/presentacion/financiero/solicitudProceso/consultar.xhtml HTTP/1.1" 200 156853
201.244.235.172 - - [08/Jan/2024:11:36:58 -0500] "GET /sipse/faces/javax.faces.resource/theme.css?ln=primefaces-sipse HTTP/1.1" 304 -
201.244.235.172 - - [08/Jan/2024:11:36:58 -0500] "GET /sipse/faces/javax.faces.resource/layout/layout.css?ln=primefaces&v=4.0 HTTP/1.1" 304 -
201.244.235.172 - - [08/Jan/2024:11:36:58 -0500] "GET /sipse/faces/javax.faces.resource/primefaces.css?ln=primefaces&v=4.0 HTTP/1.1" 304 -
201.244.235.172 - - [08/Jan/2024:11:36:58 -0500] "GET /sipse/faces/javax.faces.resource/jquery/jquery.js?ln=primefaces&v=4.0 HTTP/1.1" 304 -
201.244.235.172 - - [08/Jan/2024:11:36:58 -0500] "GET /sipse/faces/javax.faces.resource/jquery/jquery-plugins.js?ln=primefaces&v=4.0 HTTP/1.1" 304 -
201.244.235.172 - - [08/Jan/2024:11:36:58 -0500] "GET /sipse/faces/javax.faces.resource/primefaces.js?ln=primefaces&v=4.0 HTTP/1.1" 304 -
201.244.235.172 - - [08/Jan/2024:11:36:58 -0500] "GET /sipse/faces/javax.faces.resource/layout/layout.js?ln=primefaces&v=4.0 HTTP/1.1" 304 -
201.244.235.172 - - [08/Jan/2024:11:37:04 -0500] "POST /sipse/faces/presentacion/financiero/solicitudProceso/consultarSolicitudProceso.xhtml HTTP/1.1" 200 236735
201.244.235.172 - - [08/Jan/2024:11:37:05 -0500] "POST /sipse/faces/presentacion/financiero/solicitudProceso/consultarSolicitudProceso.xhtml HTTP/1.1" 200 2136390
172.22.2.4 - - [08/Jan/2024:11:35:28 -0500] "GET /BLA/boletinlegal/ HTTP/1.1" 200 58172
156.59.198.136 - - [08/Jan/2024:11:37:09 -0500] "GET /BLA/resoluciones/AUTOS%202023/0171.pdf HTTP/1.0" 200 479717
156.59.198.136 - - [08/Jan/2024:11:37:32 -0500] "GET /BLA/resoluciones/AUTOS%202023/05869.pdf HTTP/1.0" 200 399726
156.59.198.135 - - [08/Jan/2024:11:37:56 -0500] "GET /BLA/resoluciones/AUTOS%202023/1927.pdf HTTP/1.0" 200 579419
156.59.198.136 - - [08/Jan/2024:11:38:20 -0500] "GET /BLA/resoluciones/AUTOS%202023/0275.pdf HTTP/1.0" 200 378654
40.77.167.79 - - [08/Jan/2024:11:38:26 -0500] "GET /images/Cumbre%20P4G.jpg HTTP/1.1" 200 33024
156.59.198.135 - - [08/Jan/2024:11:38:46 -0500] "GET /BLA/resoluciones/AUTOS%202023/0169.pdf HTTP/1.0" 200 2601766
191.156.145.19 - - [08/Jan/2024:11:39:07 -0500] "GET /inicia-el-2024-conociendo-la-biodiversidad-de-bogoti.html?fbclid=IwAR1EDHhvFdoUFEVbqglf9rlowNBy60Pt4ffSKOsc2mwkTGDJKZ4uPWiJm1o HTTP/1.1" 200 894
156.59.198.136 - - [08/Jan/2024:11:39:10 -0500] "GET /BLA/resoluciones/AUTOS%202023/0808.pdf HTTP/1.0" 200 830545
201.244.235.172 - - [08/Jan/2024:11:39:12 -0500] "POST /sipse/faces/presentacion/financiero/solicitudProceso/consultarSolicitudProceso.xhtml HTTP/1.1" 200 44873
201.244.235.172 - - [08/Jan/2024:11:39:13 -0500] "GET /sipse/faces/javax.faces.resource/theme.css?ln=primefaces-sipse HTTP/1.1" 304 -
201.244.235.172 - - [08/Jan/2024:11:39:13 -0500] "GET /sipse/faces/javax.faces.resource/primefaces.css?ln=primefaces&v=4.0 HTTP/1.1" 304 -
201.244.235.172 - - [08/Jan/2024:11:39:13 -0500] "GET /sipse/faces/javax.faces.resource/layout/layout.css?ln=primefaces&v=4.0 HTTP/1.1" 304 -
201.244.235.172 - - [08/Jan/2024:11:39:13 -0500] "GET /sipse/faces/javax.faces.resource/jquery/jquery.js?ln=primefaces&v=4.0 HTTP/1.1" 304 -
201.244.235.172 - - [08/Jan/2024:11:39:13 -0500] "GET /sipse/faces/javax.faces.resource/layout/layout.js?ln=primefaces&v=4.0 HTTP/1.1" 304 -
201.244.235.172 - - [08/Jan/2024:11:39:13 -0500] "GET /sipse/faces/javax.faces.resource/primefaces.js?ln=primefaces&v=4.0 HTTP/1.1" 304 -
201.244.235.172 - - [08/Jan/2024:11:39:13 -0500] "GET /sipse/faces/javax.faces.resource/jquery/jquery-plugins.js?ln=primefaces&v=4.0 HTTP/1.1" 304 -
201.244.235.172 - - [08/Jan/2024:11:39:15 -0500] "POST /sipse/faces/presentacion/financiero/solicitudProceso/consultar.xhtml HTTP/1.1" 200 12724
201.245.192.253 - - [08/Jan/2024:11:39:17 -0500] "POST /kwsrmcab/Wsrmcab HTTP/1.1" 200 34812
201.244.235.172 - - [08/Jan/2024:11:39:19 -0500] "POST /sipse/faces/presentacion/financiero/solicitudProceso/consultar.xhtml HTTP/1.1" 200 150576
201.244.235.172 - - [08/Jan/2024:11:39:20 -0500] "GET /sipse/faces/javax.faces.resource/theme.css?ln=primefaces-sipse HTTP/1.1" 304 -
201.244.235.172 - - [08/Jan/2024:11:39:20 -0500] "GET /sipse/faces/javax.faces.resource/primefaces.css?ln=primefaces&v=4.0 HTTP/1.1" 304 -
201.244.235.172 - - [08/Jan/2024:11:39:20 -0500] "GET /sipse/faces/javax.faces.resource/layout/layout.css?ln=primefaces&v=4.0 HTTP/1.1" 304 -
201.244.235.172 - - [08/Jan/2024:11:39:20 -0500] "GET /sipse/faces/javax.faces.resource/jquery/jquery.js?ln=primefaces&v=4.0 HTTP/1.1" 304 -
201.244.235.172 - - [08/Jan/2024:11:39:20 -0500] "GET /sipse/faces/javax.faces.resource/jquery/jquery-plugins.js?ln=primefaces&v=4.0 HTTP/1.1" 304 -
201.244.235.172 - - [08/Jan/2024:11:39:20 -0500] "GET /sipse/faces/javax.faces.resource/primefaces.js?ln=primefaces&v=4.0 HTTP/1.1" 304 -
201.244.235.172 - - [08/Jan/2024:11:39:20 -0500] "GET /sipse/faces/javax.faces.resource/layout/layout.js?ln=primefaces&v=4.0 HTTP/1.1" 304 -
201.244.235.172 - - [08/Jan/2024:11:39:24 -0500] "POST /sipse/faces/presentacion/financiero/solicitudProceso/consultarSolicitudProceso.xhtml HTTP/1.1" 200 238734
201.244.235.172 - - [08/Jan/2024:11:39:26 -0500] "POST /sipse/faces/presentacion/financiero/solicitudProceso/consultarSolicitudProceso.xhtml HTTP/1.1" 200 2136390
156.59.198.135 - - [08/Jan/2024:11:39:33 -0500] "GET /BLA/resoluciones/AUTOS%202023/1079.pdf HTTP/1.0" 200 415477
201.245.192.253 - - [08/Jan/2024:11:39:37 -0500] "POST /kwsrmcab/Wsrmcab  HTTP/1.1" 200 36937
167.172.251.215 - - [08/Jan/2024:11:39:52 -0500] "\x16\x03\x01" 400 226
167.172.251.215 - - [08/Jan/2024:11:39:52 -0500] "\x16\x03\x01" 400 226
167.172.251.215 - - [08/Jan/2024:11:39:52 -0500] "GET / HTTP/1.1" 200 319
167.172.251.215 - - [08/Jan/2024:11:39:52 -0500] "GET /form.html HTTP/1.1" 404 1018
167.172.251.215 - - [08/Jan/2024:11:39:53 -0500] "GET /upl.php HTTP/1.1" 404 1018
167.172.251.215 - - [08/Jan/2024:11:39:53 -0500] "\x16\x03\x01" 400 226
167.172.251.215 - - [08/Jan/2024:11:39:53 -0500] "GET /geoip/ HTTP/1.1" 404 1018
167.172.251.215 - - [08/Jan/2024:11:39:53 -0500] "GET /favicon.ico HTTP/1.1" 200 7782
167.172.251.215 - - [08/Jan/2024:11:39:53 -0500] "GET /1.php HTTP/1.1" 404 1018
167.172.251.215 - - [08/Jan/2024:11:39:54 -0500] "GET /bundle.js HTTP/1.1" 404 1018
167.172.251.215 - - [08/Jan/2024:11:39:54 -0500] "GET /files/ HTTP/1.1" 404 1018
167.172.251.215 - - [08/Jan/2024:11:39:54 -0500] "GET /systembc/password.php HTTP/1.1" 404 1018
167.172.251.215 - - [08/Jan/2024:11:39:54 -0500] "GET /password.php HTTP/1.1" 404 1018
167.172.251.215 - - [08/Jan/2024:11:39:54 -0500] "GET /info.php HTTP/1.1" 404 1018
201.245.192.253 - - [08/Jan/2024:11:39:52 -0500] "POST /kwsrmcab/Wsrmcab HTTP/1.1" 200 37061
156.59.198.136 - - [08/Jan/2024:11:40:00 -0500] "GET /BLA/resoluciones/AUTOS%202023/1607.pdf HTTP/1.0" 200 459161
156.59.198.136 - - [08/Jan/2024:11:40:23 -0500] "GET /BLA/resoluciones/AUTOS%202023/2325.pdf HTTP/1.0" 200 877064
216.245.221.92 - - [08/Jan/2024:11:40:31 -0500] "HEAD / HTTP/1.1" 200 -
156.59.198.135 - - [08/Jan/2024:11:40:48 -0500] "GET /BLA/resoluciones/AUTOS%202023/0330.pdf HTTP/1.0" 200 378175
66.249.66.21 - - [08/Jan/2024:11:40:59 -0500] "GET /BLA/resoluciones/RESOLUCIONES%202008/1409.pdf HTTP/1.1" 200 202954
156.59.198.135 - - [08/Jan/2024:11:41:13 -0500] "GET /BLA/resoluciones/AUTOS%202023/2705.pdf HTTP/1.0" 200 1062075
156.59.198.136 - - [08/Jan/2024:11:41:36 -0500] "GET /BLA/resoluciones/AUTOS%202023/0884.pdf HTTP/1.0" 200 1124124
201.244.235.172 - - [08/Jan/2024:11:41:36 -0500] "POST /sipse/faces/presentacion/financiero/solicitudProceso/consultarSolicitudProceso.xhtml HTTP/1.1" 200 44841
201.244.235.172 - - [08/Jan/2024:11:41:36 -0500] "GET /sipse/faces/javax.faces.resource/theme.css?ln=primefaces-sipse HTTP/1.1" 304 -
201.244.235.172 - - [08/Jan/2024:11:41:36 -0500] "GET /sipse/faces/javax.faces.resource/primefaces.css?ln=primefaces&v=4.0 HTTP/1.1" 304 -
201.244.235.172 - - [08/Jan/2024:11:41:36 -0500] "GET /sipse/faces/javax.faces.resource/layout/layout.css?ln=primefaces&v=4.0 HTTP/1.1" 304 -
201.244.235.172 - - [08/Jan/2024:11:41:36 -0500] "GET /sipse/faces/javax.faces.resource/jquery/jquery.js?ln=primefaces&v=4.0 HTTP/1.1" 304 -
201.244.235.172 - - [08/Jan/2024:11:41:36 -0500] "GET /sipse/faces/javax.faces.resource/jquery/jquery-plugins.js?ln=primefaces&v=4.0 HTTP/1.1" 304 -
201.244.235.172 - - [08/Jan/2024:11:41:36 -0500] "GET /sipse/faces/javax.faces.resource/primefaces.js?ln=primefaces&v=4.0 HTTP/1.1" 304 -
201.244.235.172 - - [08/Jan/2024:11:41:36 -0500] "GET /sipse/faces/javax.faces.resource/layout/layout.js?ln=primefaces&v=4.0 HTTP/1.1" 304 -
201.244.235.172 - - [08/Jan/2024:11:41:38 -0500] "POST /sipse/faces/presentacion/financiero/solicitudProceso/consultar.xhtml HTTP/1.1" 200 12772
201.244.235.172 - - [08/Jan/2024:11:41:41 -0500] "POST /sipse/faces/presentacion/financiero/solicitudProceso/consultar.xhtml HTTP/1.1" 200 149823
201.244.235.172 - - [08/Jan/2024:11:41:42 -0500] "GET /sipse/faces/javax.faces.resource/layout/layout.css?ln=primefaces&v=4.0 HTTP/1.1" 304 -
201.244.235.172 - - [08/Jan/2024:11:41:42 -0500] "GET /sipse/faces/javax.faces.resource/primefaces.css?ln=primefaces&v=4.0 HTTP/1.1" 304 -
201.244.235.172 - - [08/Jan/2024:11:41:42 -0500] "GET /sipse/faces/javax.faces.resource/theme.css?ln=primefaces-sipse HTTP/1.1" 304 -
201.244.235.172 - - [08/Jan/2024:11:41:42 -0500] "GET /sipse/faces/javax.faces.resource/jquery/jquery.js?ln=primefaces&v=4.0 HTTP/1.1" 304 -
201.244.235.172 - - [08/Jan/2024:11:41:42 -0500] "GET /sipse/faces/javax.faces.resource/jquery/jquery-plugins.js?ln=primefaces&v=4.0 HTTP/1.1" 304 -
201.244.235.172 - - [08/Jan/2024:11:41:42 -0500] "GET /sipse/faces/javax.faces.resource/primefaces.js?ln=primefaces&v=4.0 HTTP/1.1" 304 -
201.244.235.172 - - [08/Jan/2024:11:41:42 -0500] "GET /sipse/faces/javax.faces.resource/layout/layout.js?ln=primefaces&v=4.0 HTTP/1.1" 304 -
201.244.235.172 - - [08/Jan/2024:11:41:46 -0500] "POST /sipse/faces/presentacion/financiero/solicitudProceso/consultarSolicitudProceso.xhtml HTTP/1.1" 200 252541
201.244.235.172 - - [08/Jan/2024:11:41:48 -0500] "POST /sipse/faces/presentacion/financiero/solicitudProceso/consultarSolicitudProceso.xhtml HTTP/1.1" 200 2136390
172.22.2.4 - - [08/Jan/2024:11:41:18 -0500] "GET /BLA/boletinlegal/ HTTP/1.1" 200 20427
156.59.198.135 - - [08/Jan/2024:11:42:01 -0500] "GET /BLA/resoluciones/AUTOS%202023/2712.pdf HTTP/1.0" 200 701393
172.22.2.4 - - [08/Jan/2024:11:40:28 -0500] "HEAD /BLA/boletinlegal/ HTTP/1.1" 200 -
156.59.198.136 - - [08/Jan/2024:11:42:26 -0500] "GET /BLA/resoluciones/AUTOS%202023/2398.pdf HTTP/1.0" 200 842470
156.59.198.135 - - [08/Jan/2024:11:42:50 -0500] "GET /BLA/resoluciones/AUTOS%202023/0643.pdf HTTP/1.0" 200 517508
172.22.2.4 - - [08/Jan/2024:11:41:18 -0500] "GET /BLA/boletinlegal/ HTTP/1.1" 200 54031
156.59.198.135 - - [08/Jan/2024:11:43:15 -0500] "GET /BLA/resoluciones/AUTOS%202023/0700.pdf HTTP/1.0" 200 1990301
156.59.198.135 - - [08/Jan/2024:11:43:39 -0500] "GET /BLA/resoluciones/AUTOS%202023/1400.pdf HTTP/1.0" 200 398837
201.244.235.172 - - [08/Jan/2024:11:43:59 -0500] "POST /sipse/faces/presentacion/financiero/solicitudProceso/consultarSolicitudProceso.xhtml HTTP/1.1" 200 44889
201.244.235.172 - - [08/Jan/2024:11:43:59 -0500] "GET /sipse/faces/javax.faces.resource/theme.css?ln=primefaces-sipse HTTP/1.1" 304 -
201.244.235.172 - - [08/Jan/2024:11:43:59 -0500] "GET /sipse/faces/javax.faces.resource/primefaces.css?ln=primefaces&v=4.0 HTTP/1.1" 304 -
201.244.235.172 - - [08/Jan/2024:11:43:59 -0500] "GET /sipse/faces/javax.faces.resource/layout/layout.css?ln=primefaces&v=4.0 HTTP/1.1" 304 -
201.244.235.172 - - [08/Jan/2024:11:43:59 -0500] "GET /sipse/faces/javax.faces.resource/jquery/jquery-plugins.js?ln=primefaces&v=4.0 HTTP/1.1" 304 -
201.244.235.172 - - [08/Jan/2024:11:43:59 -0500] "GET /sipse/faces/javax.faces.resource/jquery/jquery.js?ln=primefaces&v=4.0 HTTP/1.1" 304 -
201.244.235.172 - - [08/Jan/2024:11:43:59 -0500] "GET /sipse/faces/javax.faces.resource/primefaces.js?ln=primefaces&v=4.0 HTTP/1.1" 304 -
201.244.235.172 - - [08/Jan/2024:11:43:59 -0500] "GET /sipse/faces/javax.faces.resource/layout/layout.js?ln=primefaces&v=4.0 HTTP/1.1" 304 -
201.244.235.172 - - [08/Jan/2024:11:44:00 -0500] "GET /sipse/css/imagen/contrasena.png HTTP/1.1" 404 383
201.244.235.172 - - [08/Jan/2024:11:44:00 -0500] "GET /sipse/faces/javax.faces.resource/images/ui-icons_898989_256x240.png?ln=primefaces-aristo HTTP/1.1" 304 -
201.244.235.172 - - [08/Jan/2024:11:44:02 -0500] "GET /sipse/faces/javax.faces.resource/images/ui-bg_flat_0_2d5972_40x100.png?ln=primefaces-aristo HTTP/1.1" 304 -
201.244.235.172 - - [08/Jan/2024:11:44:02 -0500] "POST /sipse/faces/presentacion/financiero/solicitudProceso/consultar.xhtml HTTP/1.1" 200 12778
156.59.198.135 - - [08/Jan/2024:11:44:03 -0500] "GET /BLA/resoluciones/AUTOS%202023/2836.pdf HTTP/1.0" 200 409069
201.244.235.172 - - [08/Jan/2024:11:44:05 -0500] "POST /sipse/faces/presentacion/financiero/solicitudProceso/consultar.xhtml HTTP/1.1" 200 156949
201.244.235.172 - - [08/Jan/2024:11:44:06 -0500] "GET /sipse/faces/javax.faces.resource/primefaces.css?ln=primefaces&v=4.0 HTTP/1.1" 304 -
201.244.235.172 - - [08/Jan/2024:11:44:06 -0500] "GET /sipse/faces/javax.faces.resource/layout/layout.css?ln=primefaces&v=4.0 HTTP/1.1" 304 -
201.244.235.172 - - [08/Jan/2024:11:44:06 -0500] "GET /sipse/faces/javax.faces.resource/theme.css?ln=primefaces-sipse HTTP/1.1" 304 -
201.244.235.172 - - [08/Jan/2024:11:44:06 -0500] "GET /sipse/faces/javax.faces.resource/jquery/jquery.js?ln=primefaces&v=4.0 HTTP/1.1" 304 -
201.244.235.172 - - [08/Jan/2024:11:44:06 -0500] "GET /sipse/faces/javax.faces.resource/jquery/jquery-plugins.js?ln=primefaces&v=4.0 HTTP/1.1" 304 -
201.244.235.172 - - [08/Jan/2024:11:44:06 -0500] "GET /sipse/faces/javax.faces.resource/primefaces.js?ln=primefaces&v=4.0 HTTP/1.1" 304 -
201.244.235.172 - - [08/Jan/2024:11:44:06 -0500] "GET /sipse/faces/javax.faces.resource/layout/layout.js?ln=primefaces&v=4.0 HTTP/1.1" 304 -
200.118.80.67 - - [08/Jan/2024:11:44:05 -0500] "GET /portaldeninos/parque-mirador-de-los-nevados/ HTTP/1.1" 200 89855
200.118.80.67 - - [08/Jan/2024:11:44:07 -0500] "GET /portaldeninos/wp-includes/js/wp-emoji-release.min.js?ver=4.9.8 HTTP/1.1" 200 12026
200.118.80.67 - - [08/Jan/2024:11:44:07 -0500] "GET /portaldeninos/wp-content/uploads/useanyfont/uaf.css?ver=1589905315 HTTP/1.1" 200 408
200.118.80.67 - - [08/Jan/2024:11:44:07 -0500] "GET /portaldeninos/wp-content/themes/betheme/style.css?ver=20.9.6 HTTP/1.1" 200 287
200.118.80.67 - - [08/Jan/2024:11:44:07 -0500] "GET /portaldeninos/wp-content/plugins/gallery-videos/CSS/Total-Soft-Gallery-Video-Widget.css?ver=4.9.8 HTTP/1.1" 200 51554
200.118.80.67 - - [08/Jan/2024:11:44:07 -0500] "GET /portaldeninos/wp-content/themes/betheme/css/layout.css?ver=20.9.6 HTTP/1.1" 200 116639
200.118.80.67 - - [08/Jan/2024:11:44:07 -0500] "GET /portaldeninos/wp-content/themes/betheme/css/base.css?ver=20.9.6 HTTP/1.1" 200 57283
200.118.80.67 - - [08/Jan/2024:11:44:07 -0500] "GET /portaldeninos/wp-content/themes/betheme/assets/ui/jquery.ui.all.css?ver=20.9.6 HTTP/1.1" 200 18765
200.118.80.67 - - [08/Jan/2024:11:44:07 -0500] "GET /portaldeninos/wp-content/themes/betheme/assets/jplayer/css/jplayer.blue.monday.css?ver=20.9.6 HTTP/1.1" 200 9834
200.118.80.67 - - [08/Jan/2024:11:44:07 -0500] "GET /portaldeninos/wp-content/themes/betheme/assets/animations/animations.min.css?ver=20.9.6 HTTP/1.1" 200 58508
200.118.80.67 - - [08/Jan/2024:11:44:07 -0500] "GET /portaldeninos/wp-content/plugins/gallery-videos/CSS/totalsoft.css?ver=4.9.8 HTTP/1.1" 200 40622
200.118.80.67 - - [08/Jan/2024:11:44:07 -0500] "GET /portaldeninos/wp-content/plugins/google-analytics-for-wordpress/assets/js/frontend-gtag.min.js?ver=8.5.0 HTTP/1.1" 200 11801
200.118.80.67 - - [08/Jan/2024:11:44:07 -0500] "GET /portaldeninos/wp-includes/js/jquery/jquery-migrate.min.js?ver=1.4.1 HTTP/1.1" 200 10056
200.118.80.67 - - [08/Jan/2024:11:44:07 -0500] "GET /portaldeninos/wp-includes/js/jquery/ui/core.min.js?ver=1.11.4 HTTP/1.1" 200 4000
200.118.80.67 - - [08/Jan/2024:11:44:07 -0500] "GET /portaldeninos/wp-content/plugins/gallery-videos/JS/modernizr.custom.js?ver=4.9.8 HTTP/1.1" 200 9019
200.118.80.67 - - [08/Jan/2024:11:44:07 -0500] "GET /portaldeninos/wp-content/themes/betheme/css/shortcodes.css?ver=20.9.6 HTTP/1.1" 200 138889
200.118.80.67 - - [08/Jan/2024:11:44:07 -0500] "GET /portaldeninos/wp-content/themes/betheme/css/responsive.css?ver=20.9.6 HTTP/1.1" 200 55740
200.118.80.67 - - [08/Jan/2024:11:44:07 -0500] "GET /portaldeninos/wp-content/uploads/2019/08/Logo-Ambientic.png HTTP/1.1" 200 22941
200.118.80.67 - - [08/Jan/2024:11:44:07 -0500] "GET /portaldeninos/wp-includes/js/jquery/jquery.js?ver=1.12.4 HTTP/1.1" 200 97184
200.118.80.67 - - [08/Jan/2024:11:44:07 -0500] "GET /portaldeninos/wp-content/uploads/2021/07/Banners-pa%CC%81gina-de-nin%CC%83os5.jpg HTTP/1.1" 200 33413
200.118.80.67 - - [08/Jan/2024:11:44:07 -0500] "GET /portaldeninos/wp-content/plugins/gallery-videos/JS/Total-Soft-Gallery-Video-Widget.js?ver=4.9.8 HTTP/1.1" 200 80264
200.118.80.67 - - [08/Jan/2024:11:44:07 -0500] "GET /portaldeninos/wp-includes/js/jquery/ui/widget.min.js?ver=1.11.4 HTTP/1.1" 200 6908
200.118.80.67 - - [08/Jan/2024:11:44:07 -0500] "GET /portaldeninos/wp-includes/js/jquery/ui/mouse.min.js?ver=1.11.4 HTTP/1.1" 200 3148
200.118.80.67 - - [08/Jan/2024:11:44:07 -0500] "GET /portaldeninos/wp-content/themes/betheme/assets/animations/animations.min.js?ver=20.9.6 HTTP/1.1" 200 1896
200.118.80.67 - - [08/Jan/2024:11:44:07 -0500] "GET /portaldeninos/wp-includes/js/jquery/ui/accordion.min.js?ver=1.11.4 HTTP/1.1" 200 8584
200.118.80.67 - - [08/Jan/2024:11:44:07 -0500] "GET /portaldeninos/wp-includes/js/jquery/ui/tabs.min.js?ver=1.11.4 HTTP/1.1" 200 12110
200.118.80.67 - - [08/Jan/2024:11:44:07 -0500] "GET /portaldeninos/wp-content/themes/betheme/js/menu.js?ver=20.9.6 HTTP/1.1" 200 2449
200.118.80.67 - - [08/Jan/2024:11:44:07 -0500] "GET /portaldeninos/wp-includes/js/jquery/ui/sortable.min.js?ver=1.11.4 HTTP/1.1" 200 24899
200.118.80.67 - - [08/Jan/2024:11:44:07 -0500] "GET /portaldeninos/wp-includes/js/wp-embed.min.js?ver=4.9.8 HTTP/1.1" 200 1398
200.118.80.67 - - [08/Jan/2024:11:44:07 -0500] "GET /portaldeninos/wp-content/themes/betheme/js/plugins.js?ver=20.9.6 HTTP/1.1" 200 197151
200.118.80.67 - - [08/Jan/2024:11:44:07 -0500] "GET /portaldeninos/wp-content/themes/betheme/images/box_shadow.png HTTP/1.1" 200 108
200.118.80.67 - - [08/Jan/2024:11:44:07 -0500] "GET /portaldeninos/wp-content/themes/betheme/assets/jplayer/jplayer.min.js?ver=20.9.6 HTTP/1.1" 200 52702
200.118.80.67 - - [08/Jan/2024:11:44:07 -0500] "GET /portaldeninos/wp-content/themes/betheme/js/scripts.js?ver=20.9.6 HTTP/1.1" 200 77162
200.118.80.67 - - [08/Jan/2024:11:44:07 -0500] "GET /portaldeninos/wp-content/uploads/2021/07/imagenes-con-marcos-pa%CC%81gina-de-nin%CC%83os-parque-los-nevados.jpg HTTP/1.1" 200 48675
200.118.80.67 - - [08/Jan/2024:11:44:07 -0500] "GET /portaldeninos/wp-content/themes/betheme/fonts/mfn-icons.woff?93978679 HTTP/1.1" 200 80932
201.244.235.172 - - [08/Jan/2024:11:44:11 -0500] "POST /sipse/faces/presentacion/financiero/solicitudProceso/consultarSolicitudProceso.xhtml HTTP/1.1" 200 167563
201.244.235.172 - - [08/Jan/2024:11:44:12 -0500] "POST /sipse/faces/presentacion/financiero/solicitudProceso/consultarSolicitudProceso.xhtml HTTP/1.1" 200 2136390
200.118.80.67 - - [08/Jan/2024:11:44:07 -0500] "GET /portaldeninos/wp-content/uploads/2021/07/Recorrido-Aula-Mirador-de-los-Nevados.mp4 HTTP/1.1" 206 10010971
156.59.198.135 - - [08/Jan/2024:11:44:28 -0500] "GET /BLA/resoluciones/AUTOS%202023/2402.pdf HTTP/1.0" 200 1870246
201.245.192.253 - - [08/Jan/2024:11:44:35 -0500] "POST /kwsrmcab/Wsrmcab  HTTP/1.1" 200 36937
213.186.1.154 - - [08/Jan/2024:11:44:45 -0500] "GET /images/Caminatas%20%281%29%20%282%29.jpeg HTTP/1.1" 200 81411
156.59.198.136 - - [08/Jan/2024:11:44:53 -0500] "GET /BLA/resoluciones/AUTOS%202023/1824.pdf HTTP/1.0" 200 444271
156.59.198.135 - - [08/Jan/2024:11:45:18 -0500] "GET /BLA/resoluciones/AUTOS%202023/2698.pdf HTTP/1.0" 200 1192776
66.249.66.19 - - [08/Jan/2024:11:45:25 -0500] "GET /BLA/resoluciones/AUTOS%202012/1512.pdf HTTP/1.1" 200 2107722
216.245.221.92 - - [08/Jan/2024:11:45:31 -0500] "HEAD / HTTP/1.1" 200 -
156.59.198.135 - - [08/Jan/2024:11:45:46 -0500] "GET /BLA/resoluciones/AUTOS%202023/0106.pdf HTTP/1.0" 200 453727
156.59.198.136 - - [08/Jan/2024:11:46:06 -0500] "GET /BLA/resoluciones/AUTOS%202023/0112.pdf HTTP/1.0" 200 374681
156.59.198.135 - - [08/Jan/2024:11:46:31 -0500] "GET /BLA/resoluciones/AUTOS%202023/1331.pdf HTTP/1.0" 200 423808
66.249.66.77 - - [08/Jan/2024:11:46:46 -0500] "GET /favicon.ico HTTP/1.1" 200 7782
66.249.66.19 - - [08/Jan/2024:11:46:54 -0500] "GET /BLA/resoluciones/Autos%202008/1818.pdf HTTP/1.1" 200 144095
156.59.198.135 - - [08/Jan/2024:11:46:55 -0500] "GET /BLA/resoluciones/AUTOS%202023/0326.pdf HTTP/1.0" 200 464530
172.225.238.98 - - [08/Jan/2024:11:47:04 -0500] "GET /inicia-el-2024-conociendo-la-biodiversidad-de-bogoti.html HTTP/1.1" 200 894
156.59.198.136 - - [08/Jan/2024:11:47:20 -0500] "GET /BLA/resoluciones/AUTOS%202023/0802.pdf HTTP/1.0" 200 728512
156.59.198.135 - - [08/Jan/2024:11:47:44 -0500] "GET /BLA/resoluciones/AUTOS%202023/0805.pdf HTTP/1.0" 200 602310
172.22.2.4 - - [08/Jan/2024:11:46:18 -0500] "HEAD /BLA/boletinlegal/ HTTP/1.1" 200 -
156.59.198.135 - - [08/Jan/2024:11:48:08 -0500] "GET /BLA/resoluciones/AUTOS%202023/0899.pdf HTTP/1.0" 200 914262
156.59.198.136 - - [08/Jan/2024:11:48:33 -0500] "GET /BLA/resoluciones/AUTOS%202023/0246.pdf HTTP/1.0" 200 351533
172.22.2.4 - - [08/Jan/2024:11:47:08 -0500] "GET /BLA/boletinlegal/ HTTP/1.1" 200 58567
156.59.198.136 - - [08/Jan/2024:11:48:58 -0500] "GET /BLA/resoluciones/AUTOS%202023/05914.pdf HTTP/1.0" 200 899342
156.59.198.136 - - [08/Jan/2024:11:49:07 -0500] "GET /BLA/resoluciones/AUTOS%202023/0805.pdf HTTP/1.0" 206 586169
156.59.198.136 - - [08/Jan/2024:11:49:23 -0500] "GET /BLA/resoluciones/AUTOS%202023/0780.pdf HTTP/1.0" 200 393645
201.245.192.253 - - [08/Jan/2024:11:49:34 -0500] "POST /kwsrmcab/Wsrmcab  HTTP/1.1" 200 36937
156.59.198.136 - - [08/Jan/2024:11:49:47 -0500] "GET /BLA/resoluciones/AUTOS%202023/0353.pdf HTTP/1.0" 200 300189
156.59.198.135 - - [08/Jan/2024:11:50:10 -0500] "GET /BLA/resoluciones/AUTOS%202023/1253.pdf HTTP/1.0" 200 1171732
216.245.221.92 - - [08/Jan/2024:11:50:30 -0500] "HEAD / HTTP/1.1" 200 -
156.59.198.136 - - [08/Jan/2024:11:50:35 -0500] "GET /BLA/resoluciones/AUTOS%202023/0940.pdf HTTP/1.0" 200 466276
172.22.2.4 - - [08/Jan/2024:11:50:39 -0500] "GET /BLA/boletinlegal/admin/config.php HTTP/1.1" 200 -
156.59.198.136 - - [08/Jan/2024:11:51:00 -0500] "GET /BLA/resoluciones/AUTOS%202023/0370.pdf HTTP/1.0" 200 404225
156.59.198.135 - - [08/Jan/2024:11:51:23 -0500] "GET /BLA/resoluciones/AUTOS%202023/0159.pdf HTTP/1.0" 200 388113
156.59.198.136 - - [08/Jan/2024:11:51:47 -0500] "GET /BLA/resoluciones/AUTOS%202023/3030.pdf HTTP/1.0" 200 386432
179.51.123.195 - - [08/Jan/2024:11:51:48 -0500] "GET /inicia-el-2024-conociendo-la-biodiversidad-de-bogoti.html?fbclid=IwAR3-hbm3swnarBkF2QSN2kV8I1R26orIFL5BPVUVIRVtGUaISS3FSvv6iaY HTTP/1.1" 200 894
156.59.198.136 - - [08/Jan/2024:11:52:11 -0500] "GET /BLA/resoluciones/AUTOS%202023/2024.pdf HTTP/1.0" 200 408629
156.59.198.136 - - [08/Jan/2024:11:52:36 -0500] "GET /BLA/resoluciones/AUTOS%202023/1288.pdf HTTP/1.0" 200 1308027
156.59.198.136 - - [08/Jan/2024:11:53:00 -0500] "GET /BLA/resoluciones/AUTOS%202023/0170.pdf HTTP/1.0" 200 2062281
156.59.198.136 - - [08/Jan/2024:11:53:27 -0500] "GET /BLA/resoluciones/AUTOS%202023/1778.pdf HTTP/1.0" 200 421237
172.22.2.4 - - [08/Jan/2024:11:52:08 -0500] "HEAD /BLA/boletinlegal/ HTTP/1.1" 200 -
156.59.198.136 - - [08/Jan/2024:11:53:51 -0500] "GET /BLA/resoluciones/AUTOS%202023/1175.pdf HTTP/1.0" 200 786595
52.167.144.184 - - [08/Jan/2024:11:54:09 -0500] "GET /BLA/resoluciones/AUTOS%202013/2180.pdf HTTP/1.1" 200 627814
156.59.198.135 - - [08/Jan/2024:11:54:13 -0500] "GET /BLA/resoluciones/AUTOS%202023/2107.pdf HTTP/1.0" 200 410204
182.42.104.32 - - [08/Jan/2024:11:54:13 -0500] "GET / HTTP/1.1" 200 319
201.245.192.253 - - [08/Jan/2024:11:54:33 -0500] "POST /kwsrmcab/Wsrmcab  HTTP/1.1" 200 36937
156.59.198.135 - - [08/Jan/2024:11:54:37 -0500] "GET /BLA/resoluciones/AUTOS%202023/1097.pdf HTTP/1.0" 200 465659
172.22.2.4 - - [08/Jan/2024:11:52:58 -0500] "GET /BLA/boletinlegal/ HTTP/1.1" 200 60910
156.59.198.135 - - [08/Jan/2024:11:55:02 -0500] "GET /BLA/resoluciones/AUTOS%202023/2073.pdf HTTP/1.0" 200 394110
156.59.198.135 - - [08/Jan/2024:11:55:25 -0500] "GET /BLA/resoluciones/AUTOS%202023/1312.pdf HTTP/1.0" 200 412600
216.245.221.92 - - [08/Jan/2024:11:55:30 -0500] "HEAD / HTTP/1.1" 200 -
172.22.2.4 - - [08/Jan/2024:11:55:38 -0500] "GET /BLA/boletinlegal/consulta_actos.php?tipo=resoluciones&no=0536&usuario=&sector=PEV&fecha=2022&resuelve= HTTP/1.1" 200 626
172.22.2.4 - - [08/Jan/2024:11:55:39 -0500] "GET /BLA/boletinlegal/consulta_actos.php?tipo=resoluciones&no=0536&usuario=&sector=PEV&fecha=2022&resuelve= HTTP/1.1" 200 626
172.22.2.4 - - [08/Jan/2024:11:55:40 -0500] "GET /BLA/boletinlegal/consulta_actos.php?tipo=resoluciones&no=0536&usuario=&sector=PEV&fecha=2022&resuelve= HTTP/1.1" 200 626
172.22.2.4 - - [08/Jan/2024:11:55:40 -0500] "GET /BLA/boletinlegal/consulta_actos.php?tipo=resoluciones&no=0536&usuario=&sector=PEV&fecha=2022&resuelve= HTTP/1.1" 200 626
172.22.2.4 - - [08/Jan/2024:11:55:40 -0500] "GET /BLA/boletinlegal/consulta_actos.php?tipo=resoluciones&no=0536&usuario=&sector=PEV&fecha=2022&resuelve= HTTP/1.1" 200 626
172.22.2.4 - - [08/Jan/2024:11:55:41 -0500] "GET /BLA/boletinlegal/consulta_actos.php?tipo=resoluciones&no=0536&usuario=&sector=PEV&fecha=2022&resuelve= HTTP/1.1" 200 626
172.22.2.4 - - [08/Jan/2024:11:55:41 -0500] "GET /BLA/boletinlegal/consulta_actos.php?tipo=resoluciones&no=0536&usuario=&sector=PEV&fecha=2022&resuelve= HTTP/1.1" 200 626
156.59.198.135 - - [08/Jan/2024:11:55:50 -0500] "GET /BLA/resoluciones/AUTOS%202023/2827.pdf HTTP/1.0" 200 410835
156.59.198.136 - - [08/Jan/2024:11:56:15 -0500] "GET /BLA/resoluciones/AUTOS%202023/0162.pdf HTTP/1.0" 200 2487279
156.59.198.136 - - [08/Jan/2024:11:56:40 -0500] "GET /BLA/resoluciones/AUTOS%202023/0797.pdf HTTP/1.0" 200 1164842
186.28.18.51 - - [08/Jan/2024:11:56:54 -0500] "GET /inicia-el-2024-conociendo-la-biodiversidad-de-bogoti.html?fbclid=IwAR3WeK-vH0DTJFsuvOvgHIu491V_3mNS4Dp3c6dn_2hrx1iRbC9WnM0mSyU HTTP/1.1" 200 894
181.61.205.6 - - [08/Jan/2024:11:57:02 -0500] "GET /sipse/faces/presentacion/financiero/solicitudProceso/consultarSolicitudProceso.xhtml HTTP/1.1" 302 -
181.61.205.6 - - [08/Jan/2024:11:57:02 -0500] "GET /sipse/faces/autenticacion.xhtml HTTP/1.1" 200 12400
181.61.205.6 - - [08/Jan/2024:11:57:03 -0500] "GET /sipse/js/disable_browser_buttons.js HTTP/1.1" 200 3230
181.61.205.6 - - [08/Jan/2024:11:57:03 -0500] "GET /sipse/js/funciones.js HTTP/1.1" 200 12592
181.61.205.6 - - [08/Jan/2024:11:57:03 -0500] "GET /sipse/css/custom_css_sg.css HTTP/1.1" 200 9694
181.61.205.6 - - [08/Jan/2024:11:57:03 -0500] "GET /sipse/css/custom_css_sg_prime_login.css HTTP/1.1" 200 443
181.61.205.6 - - [08/Jan/2024:11:57:03 -0500] "GET /sipse/faces/javax.faces.resource/primefaces.css?ln=primefaces&v=4.0 HTTP/1.1" 304 -
181.61.205.6 - - [08/Jan/2024:11:57:03 -0500] "GET /sipse/faces/javax.faces.resource/theme.css?ln=primefaces-sipse HTTP/1.1" 304 -
181.61.205.6 - - [08/Jan/2024:11:57:03 -0500] "GET /sipse/faces/javax.faces.resource/layout/layout.css?ln=primefaces&v=4.0 HTTP/1.1" 304 -
181.61.205.6 - - [08/Jan/2024:11:57:03 -0500] "GET /sipse/faces/javax.faces.resource/jquery/jquery.js?ln=primefaces&v=4.0 HTTP/1.1" 304 -
181.61.205.6 - - [08/Jan/2024:11:57:03 -0500] "GET /sipse/faces/javax.faces.resource/jquery/jquery-plugins.js?ln=primefaces&v=4.0 HTTP/1.1" 304 -
181.61.205.6 - - [08/Jan/2024:11:57:03 -0500] "GET /sipse/faces/javax.faces.resource/primefaces.js?ln=primefaces&v=4.0 HTTP/1.1" 304 -
181.61.205.6 - - [08/Jan/2024:11:57:03 -0500] "GET /sipse/faces/javax.faces.resource/layout/layout.js?ln=primefaces&v=4.0 HTTP/1.1" 304 -
181.61.205.6 - - [08/Jan/2024:11:57:03 -0500] "GET /sipse/faces/javax.faces.resource/images/ui-icons_898989_256x240.png?ln=primefaces-aristo HTTP/1.1" 304 -
181.61.205.6 - - [08/Jan/2024:11:57:03 -0500] "GET /sipse/css/imagen/loginimg.png HTTP/1.1" 200 71635
181.61.205.6 - - [08/Jan/2024:11:57:03 -0500] "GET /sipse/css/imagen/logoSDG.png HTTP/1.1" 200 53064
181.61.205.6 - - [08/Jan/2024:11:57:03 -0500] "GET /sipse/faces/index.xhtml HTTP/1.1" 200 677
181.61.205.6 - - [08/Jan/2024:11:57:03 -0500] "GET /sipse/faces/javax.faces.resource/theme.css?ln=primefaces-sipse HTTP/1.1" 304 -
181.61.205.6 - - [08/Jan/2024:11:57:03 -0500] "GET /favicon.ico HTTP/1.1" 200 7782
181.61.205.6 - - [08/Jan/2024:11:57:03 -0500] "GET /sipse/faces/faces/autenticacion.xhtml HTTP/1.1" 200 12400
181.61.205.6 - - [08/Jan/2024:11:57:03 -0500] "GET /sipse/faces/javax.faces.resource/layout/layout.css?ln=primefaces&v=4.0 HTTP/1.1" 304 -
181.61.205.6 - - [08/Jan/2024:11:57:03 -0500] "GET /sipse/faces/javax.faces.resource/theme.css?ln=primefaces-sipse HTTP/1.1" 304 -
181.61.205.6 - - [08/Jan/2024:11:57:03 -0500] "GET /sipse/faces/javax.faces.resource/primefaces.css?ln=primefaces&v=4.0 HTTP/1.1" 304 -
181.61.205.6 - - [08/Jan/2024:11:57:03 -0500] "GET /sipse/faces/javax.faces.resource/jquery/jquery.js?ln=primefaces&v=4.0 HTTP/1.1" 304 -
181.61.205.6 - - [08/Jan/2024:11:57:03 -0500] "GET /sipse/faces/javax.faces.resource/primefaces.js?ln=primefaces&v=4.0 HTTP/1.1" 304 -
181.61.205.6 - - [08/Jan/2024:11:57:03 -0500] "GET /sipse/faces/javax.faces.resource/jquery/jquery-plugins.js?ln=primefaces&v=4.0 HTTP/1.1" 304 -
181.61.205.6 - - [08/Jan/2024:11:57:03 -0500] "GET /sipse/faces/javax.faces.resource/layout/layout.js?ln=primefaces&v=4.0 HTTP/1.1" 304 -
181.61.205.6 - - [08/Jan/2024:11:57:03 -0500] "GET /sipse/faces/javax.faces.resource/images/ui-icons_898989_256x240.png?ln=primefaces-aristo HTTP/1.1" 304 -
66.249.66.21 - - [08/Jan/2024:11:57:06 -0500] "GET /BLA/resoluciones/RESOLUCIONES%202008/1031.pdf HTTP/1.1" 200 299816
156.59.198.135 - - [08/Jan/2024:11:57:07 -0500] "GET /BLA/resoluciones/AUTOS%202023/0328.pdf HTTP/1.0" 200 405725
181.61.205.6 - - [08/Jan/2024:11:57:18 -0500] "POST /sipse/faces/autenticacion.xhtml HTTP/1.1" 200 2226
181.61.205.6 - - [08/Jan/2024:11:57:18 -0500] "GET /sipse/faces/javax.faces.resource/messages/messages.png?ln=primefaces&v=4.0 HTTP/1.1" 200 27209
181.61.205.6 - - [08/Jan/2024:11:57:22 -0500] "POST /sipse/faces/autenticacion.xhtml HTTP/1.1" 200 16398
181.61.205.6 - - [08/Jan/2024:11:57:22 -0500] "GET /sipse/css/custom_css_sg_prime.css HTTP/1.1" 200 5201
181.61.205.6 - - [08/Jan/2024:11:57:22 -0500] "GET /sipse/faces/javax.faces.resource/theme.css?ln=primefaces-sipse HTTP/1.1" 304 -
181.61.205.6 - - [08/Jan/2024:11:57:22 -0500] "GET /sipse/faces/javax.faces.resource/primefaces.css?ln=primefaces&v=4.0 HTTP/1.1" 304 -
181.61.205.6 - - [08/Jan/2024:11:57:22 -0500] "GET /sipse/faces/javax.faces.resource/layout/layout.css?ln=primefaces&v=4.0 HTTP/1.1" 304 -
181.61.205.6 - - [08/Jan/2024:11:57:22 -0500] "GET /sipse/js/jquery.min.js HTTP/1.1" 200 85582
181.61.205.6 - - [08/Jan/2024:11:57:22 -0500] "GET /sipse/faces/javax.faces.resource/jquery/jquery.js?ln=primefaces&v=4.0 HTTP/1.1" 304 -
181.61.205.6 - - [08/Jan/2024:11:57:22 -0500] "GET /sipse/faces/javax.faces.resource/jquery/jquery-plugins.js?ln=primefaces&v=4.0 HTTP/1.1" 304 -
