156.59.198.135 - - [08/Jan/2024:17:18:59 -0500] "GET /BLA/resoluciones/AUTOS%202023/0931.pdf HTTP/1.0" 200 614461
201.245.192.253 - - [08/Jan/2024:17:19:16 -0500] "POST /kwsrmcab/Wsrmcab HTTP/1.1" 200 37038
156.59.198.135 - - [08/Jan/2024:17:19:25 -0500] "GET /BLA/resoluciones/RESOLUCIONES%202019/0369.pdf HTTP/1.0" 200 4885066
156.59.198.136 - - [08/Jan/2024:17:19:48 -0500] "GET /BLA/resoluciones/AUTOS%202023/5901.pdf HTTP/1.0" 200 910503
172.22.2.4 - - [08/Jan/2024:17:19:57 -0500] "GET /BLA/boletinlegal/Directivas/2011/Directiva%20No.%205%20del%2029%20de%20Agosto%20de%202011.pdf HTTP/1.1" 304 -
201.245.192.253 - - [08/Jan/2024:17:19:58 -0500] "POST /kwsrmcab/Wsrmcab HTTP/1.1" 200 36895
173.252.95.12 - - [08/Jan/2024:17:20:10 -0500] "GET /la-segunda-llantaton-del-ano-sera-en-suba-y-barrios-unidos.html HTTP/1.1" 200 823
156.59.198.135 - - [08/Jan/2024:17:20:15 -0500] "GET /BLA/resoluciones/AUTOS%202023/0475.pdf HTTP/1.0" 200 463469
172.22.2.4 - - [08/Jan/2024:17:18:47 -0500] "HEAD /BLA/boletinlegal/ HTTP/1.1" 200 -
216.245.221.92 - - [08/Jan/2024:17:20:30 -0500] "HEAD / HTTP/1.1" 200 -
156.59.198.136 - - [08/Jan/2024:17:20:38 -0500] "GET /BLA/resoluciones/AUTOS%202023/2411.pdf HTTP/1.0" 200 394322
66.249.66.19 - - [08/Jan/2024:17:20:52 -0500] "GET /portel_dama/libreria/php/2006/ECOSISTEMAS%20FINAL%20web_mz27/x%20restauracion/sitio/55_artic/xtras/13.pdf HTTP/1.1" 404 1018
156.59.198.136 - - [08/Jan/2024:17:21:02 -0500] "GET /BLA/resoluciones/AUTOS%202023/3345.pdf HTTP/1.0" 200 1166572
172.22.2.4 - - [08/Jan/2024:17:19:38 -0500] "GET /BLA/boletinlegal/ HTTP/1.1" 200 60910
156.59.198.136 - - [08/Jan/2024:17:21:26 -0500] "GET /BLA/resoluciones/AUTOS%202023/1180.pdf HTTP/1.0" 200 884463
173.252.127.15 - - [08/Jan/2024:17:21:32 -0500] "GET /secretaria-de-ambiente-presenta-cartilla-con-el-protocolo-para-el-manejo-y-control-de-la-langostilla-de-rio.html HTTP/1.1" 200 857
156.59.198.135 - - [08/Jan/2024:17:21:51 -0500] "GET /BLA/resoluciones/AUTOS%202023/9230.pdf HTTP/1.0" 200 442163
156.59.198.135 - - [08/Jan/2024:17:22:15 -0500] "GET /BLA/resoluciones/AUTOS%202023/5924.pdf HTTP/1.0" 200 978563
156.59.198.136 - - [08/Jan/2024:17:22:41 -0500] "GET /BLA/resoluciones/RESOLUCIONES%202019/1841.pdf HTTP/1.0" 200 462410
156.59.198.136 - - [08/Jan/2024:17:23:04 -0500] "GET /BLA/resoluciones/RESOLUCIONES%202019/2000.pdf HTTP/1.0" 200 357364
201.245.192.253 - - [08/Jan/2024:17:23:03 -0500] "POST /kwsrmcab/Wsrmcab  HTTP/1.1" 200 36937
172.22.2.4 - - [08/Jan/2024:17:23:25 -0500] "GET /BLA/boletinlegal/.well-known/traffic-advice HTTP/1.1" 404 1038
172.22.2.4 - - [08/Jan/2024:17:23:25 -0500] "GET /BLA/boletinlegal/actos.php HTTP/1.1" 200 9648
156.59.198.135 - - [08/Jan/2024:17:23:29 -0500] "GET /BLA/resoluciones/AUTOS%202023/5094.pdf HTTP/1.0" 200 395246
173.252.111.4 - - [08/Jan/2024:17:23:36 -0500] "GET /images/agua%20bogota.jpg HTTP/1.1" 200 74348
173.252.111.117 - - [08/Jan/2024:17:23:36 -0500] "GET /images/reconocimiento%20practicas%20ambientales.jpg HTTP/1.1" 200 63397
173.252.111.117 - - [08/Jan/2024:17:23:36 -0500] "GET /images/Aves%20SDA.jpeg HTTP/1.1" 200 75104
173.252.111.4 - - [08/Jan/2024:17:23:36 -0500] "GET /images/arbol%20centro.jpg HTTP/1.1" 200 69467
173.252.111.9 - - [08/Jan/2024:17:23:37 -0500] "GET /images/participacion%2019-12-23.jpg HTTP/1.1" 200 73861
173.252.111.1 - - [08/Jan/2024:17:23:46 -0500] "GET /images/calidad-aire.jpg HTTP/1.1" 200 42421
156.59.198.135 - - [08/Jan/2024:17:23:54 -0500] "GET /BLA/resoluciones/AUTOS%202023/0710.pdf HTTP/1.0" 200 2758106
156.59.198.135 - - [08/Jan/2024:17:24:18 -0500] "GET /BLA/resoluciones/AUTOS%202023/1682.pdf HTTP/1.0" 200 409863
69.171.249.118 - - [08/Jan/2024:17:24:42 -0500] "GET /inicia-el-2024-conociendo-la-biodiversidad-de-bogoti.html HTTP/1.1" 200 894
156.59.198.136 - - [08/Jan/2024:17:24:43 -0500] "GET /BLA/resoluciones/AUTOS%202023/4079.pdf HTTP/1.0" 200 678004
201.245.192.253 - - [08/Jan/2024:17:25:03 -0500] "POST /kwsrmcab/Wsrmcab HTTP/1.1" 200 37038
156.59.198.136 - - [08/Jan/2024:17:25:06 -0500] "GET /BLA/resoluciones/RESOLUCIONES%202019/2022.pdf HTTP/1.0" 200 316098
201.245.192.253 - - [08/Jan/2024:17:25:06 -0500] "POST /kwsrmcab/Wsrmcab HTTP/1.1" 200 36895
216.245.221.92 - - [08/Jan/2024:17:25:30 -0500] "HEAD / HTTP/1.1" 200 -
156.59.198.136 - - [08/Jan/2024:17:25:30 -0500] "GET /BLA/resoluciones/AUTOS%202023/3667.pdf HTTP/1.0" 200 3229081
156.59.198.136 - - [08/Jan/2024:17:25:56 -0500] "GET /BLA/resoluciones/AUTOS%202023/2240.pdf HTTP/1.0" 200 330307
186.86.32.54 - - [08/Jan/2024:17:26:02 -0500] "GET /inicia-el-2024-conociendo-la-biodiversidad-de-bogoti.html?fbclid=IwAR10rB4FiW3i2WjU18IRBedEIomX5nqD4iss771azfJiyAlg-qjdnf8wCS0 HTTP/1.1" 200 894
172.22.2.4 - - [08/Jan/2024:17:24:37 -0500] "HEAD /BLA/boletinlegal/ HTTP/1.1" 200 -
156.59.198.136 - - [08/Jan/2024:17:26:21 -0500] "GET /BLA/resoluciones/AUTOS%202023/3985.pdf HTTP/1.0" 200 471024
66.249.66.20 - - [08/Jan/2024:17:26:38 -0500] "GET /BLA/resoluciones/RESOLUCIONES%202009/4771.pdf HTTP/1.1" 200 479457
156.59.198.135 - - [08/Jan/2024:17:26:44 -0500] "GET /BLA/resoluciones/AUTOS%202023/2819.pdf HTTP/1.0" 200 421630
172.22.2.4 - - [08/Jan/2024:17:25:28 -0500] "GET /BLA/boletinlegal/ HTTP/1.1" 200 58567
156.59.198.135 - - [08/Jan/2024:17:27:09 -0500] "GET /BLA/resoluciones/AUTOS%202023/1887.pdf HTTP/1.0" 200 526420
156.59.198.136 - - [08/Jan/2024:17:27:33 -0500] "GET /BLA/resoluciones/AUTOS%202023/5939.pdf HTTP/1.0" 200 412032
156.59.198.135 - - [08/Jan/2024:17:27:59 -0500] "GET /BLA/resoluciones/AUTOS%202023/4269.pdf HTTP/1.0" 200 1614225
201.245.192.253 - - [08/Jan/2024:17:28:03 -0500] "POST /kwsrmcab/Wsrmcab  HTTP/1.1" 200 36937
66.249.66.19 - - [08/Jan/2024:17:28:17 -0500] "GET /pdc/actos/1731.pdf HTTP/1.1" 200 724138
66.249.66.19 - - [08/Jan/2024:17:28:23 -0500] "GET /BLA/resoluciones/RESOLUCIONES%202011/0299.pdf HTTP/1.1" 200 80163
47.128.114.247 - - [08/Jan/2024:17:28:24 -0500] "GET /BLA/resoluciones/dlf/pdf.gif HTTP/1.1" 200 272
47.128.114.247 - - [08/Jan/2024:17:28:24 -0500] "GET /BLA/resoluciones/dlf/dirup.png HTTP/1.1" 200 644
47.128.114.247 - - [08/Jan/2024:17:28:23 -0500] "GET /BLA/resoluciones/index.php?dir=RESOLUCIONES%202007%2FRES%202007%20601%20AL%20700%2F&order=desc&sort=name HTTP/1.1" 200 26654
156.59.198.135 - - [08/Jan/2024:17:28:47 -0500] "GET /BLA/resoluciones/AUTOS%202023/4257.pdf HTTP/1.0" 200 789876
156.59.198.135 - - [08/Jan/2024:17:29:11 -0500] "GET /BLA/resoluciones/RESOLUCIONES%202019/2167.pdf HTTP/1.0" 200 320036
201.245.192.253 - - [08/Jan/2024:17:29:17 -0500] "POST /kwsrmcab/Wsrmcab HTTP/1.1" 200 37038
156.59.198.135 - - [08/Jan/2024:17:29:35 -0500] "GET /BLA/resoluciones/AUTOS%202023/3362.pdf HTTP/1.0" 200 2539444
66.249.66.20 - - [08/Jan/2024:17:29:59 -0500] "GET /BLA/resoluciones/RESOLUCIONES%202019/0427.pdf HTTP/1.1" 200 265237
201.245.192.253 - - [08/Jan/2024:17:29:58 -0500] "POST /kwsrmcab/Wsrmcab HTTP/1.1" 200 36895
156.59.198.136 - - [08/Jan/2024:17:30:00 -0500] "GET /BLA/resoluciones/AUTOS%202023/7629.pdf HTTP/1.0" 200 419314
156.59.198.136 - - [08/Jan/2024:17:30:25 -0500] "GET /BLA/resoluciones/AUTOS%202023/0833.pdf HTTP/1.0" 200 1019046
216.245.221.92 - - [08/Jan/2024:17:30:30 -0500] "HEAD / HTTP/1.1" 200 -
66.249.66.19 - - [08/Jan/2024:17:30:46 -0500] "GET /BLA/resoluciones/RESOLUCIONES%202008/0273.pdf HTTP/1.1" 200 297201
156.59.198.136 - - [08/Jan/2024:17:30:50 -0500] "GET /BLA/resoluciones/AUTOS%202023/4653.pdf HTTP/1.0" 200 2673953
190.90.132.140 - - [08/Jan/2024:17:31:08 -0500] "POST /sipse/faces/presentacion/financiero/solicitudProceso/consultarSolicitudProceso.xhtml HTTP/1.1" 200 43799
190.90.132.140 - - [08/Jan/2024:17:31:08 -0500] "GET /sipse/faces/javax.faces.resource/jquery/jquery.js?ln=primefaces&v=4.0 HTTP/1.1" 304 -
190.90.132.140 - - [08/Jan/2024:17:31:08 -0500] "GET /sipse/faces/javax.faces.resource/jquery/jquery-plugins.js?ln=primefaces&v=4.0 HTTP/1.1" 304 -
190.90.132.140 - - [08/Jan/2024:17:31:08 -0500] "GET /sipse/faces/javax.faces.resource/primefaces.js?ln=primefaces&v=4.0 HTTP/1.1" 304 -
190.90.132.140 - - [08/Jan/2024:17:31:08 -0500] "GET /sipse/faces/javax.faces.resource/layout/layout.js?ln=primefaces&v=4.0 HTTP/1.1" 304 -
190.90.132.140 - - [08/Jan/2024:17:31:09 -0500] "POST /sipse/faces/presentacion/financiero/solicitudProceso/consultar.xhtml HTTP/1.1" 200 37168
190.90.132.140 - - [08/Jan/2024:17:31:09 -0500] "POST /sipse/faces/presentacion/financiero/solicitudProceso/consultar.xhtml HTTP/1.1" 200 37168
190.90.132.140 - - [08/Jan/2024:17:31:09 -0500] "POST /sipse/faces/presentacion/financiero/solicitudProceso/consultar.xhtml HTTP/1.1" 200 37168
190.90.132.140 - - [08/Jan/2024:17:31:10 -0500] "POST /sipse/faces/presentacion/financiero/solicitudProceso/consultar.xhtml HTTP/1.1" 200 37168
190.90.132.140 - - [08/Jan/2024:17:31:10 -0500] "POST /sipse/faces/presentacion/financiero/solicitudProceso/consultar.xhtml HTTP/1.1" 200 37168
190.90.132.140 - - [08/Jan/2024:17:31:10 -0500] "POST /sipse/faces/presentacion/financiero/solicitudProceso/consultar.xhtml HTTP/1.1" 200 37168
190.90.132.140 - - [08/Jan/2024:17:31:10 -0500] "POST /sipse/faces/presentacion/financiero/solicitudProceso/consultar.xhtml HTTP/1.1" 200 37168
190.90.132.140 - - [08/Jan/2024:17:31:10 -0500] "POST /sipse/faces/presentacion/financiero/solicitudProceso/consultar.xhtml HTTP/1.1" 200 37168
190.90.132.140 - - [08/Jan/2024:17:31:11 -0500] "POST /sipse/faces/presentacion/financiero/solicitudProceso/consultar.xhtml HTTP/1.1" 200 37168
190.90.132.140 - - [08/Jan/2024:17:31:11 -0500] "POST /sipse/faces/presentacion/financiero/solicitudProceso/consultar.xhtml HTTP/1.1" 200 37168
190.90.132.140 - - [08/Jan/2024:17:31:11 -0500] "POST /sipse/faces/presentacion/financiero/solicitudProceso/consultar.xhtml HTTP/1.1" 200 37168
190.90.132.140 - - [08/Jan/2024:17:31:11 -0500] "POST /sipse/faces/presentacion/financiero/solicitudProceso/consultar.xhtml HTTP/1.1" 200 37168
190.90.132.140 - - [08/Jan/2024:17:31:11 -0500] "POST /sipse/faces/presentacion/financiero/solicitudProceso/consultar.xhtml HTTP/1.1" 200 37168
190.90.132.140 - - [08/Jan/2024:17:31:12 -0500] "POST /sipse/faces/presentacion/financiero/solicitudProceso/consultar.xhtml HTTP/1.1" 200 37168
190.90.132.140 - - [08/Jan/2024:17:31:12 -0500] "POST /sipse/faces/presentacion/financiero/solicitudProceso/consultar.xhtml HTTP/1.1" 200 37168
190.90.132.140 - - [08/Jan/2024:17:31:12 -0500] "POST /sipse/faces/presentacion/financiero/solicitudProceso/consultar.xhtml HTTP/1.1" 200 37168
190.90.132.140 - - [08/Jan/2024:17:31:12 -0500] "POST /sipse/faces/presentacion/financiero/solicitudProceso/consultar.xhtml HTTP/1.1" 200 37168
156.59.198.135 - - [08/Jan/2024:17:31:15 -0500] "GET /BLA/resoluciones/AUTOS%202023/2759.pdf HTTP/1.0" 200 1774376
190.90.132.140 - - [08/Jan/2024:17:31:17 -0500] "POST /sipse/faces/presentacion/financiero/solicitudProceso/consultar.xhtml HTTP/1.1" 200 12767
190.90.132.140 - - [08/Jan/2024:17:31:20 -0500] "POST /sipse/faces/presentacion/financiero/solicitudProceso/consultar.xhtml HTTP/1.1" 200 121804
190.90.132.140 - - [08/Jan/2024:17:31:20 -0500] "GET /sipse/faces/javax.faces.resource/jquery/jquery.js?ln=primefaces&v=4.0 HTTP/1.1" 304 -
190.90.132.140 - - [08/Jan/2024:17:31:20 -0500] "GET /sipse/faces/javax.faces.resource/jquery/jquery-plugins.js?ln=primefaces&v=4.0 HTTP/1.1" 304 -
190.90.132.140 - - [08/Jan/2024:17:31:20 -0500] "GET /sipse/faces/javax.faces.resource/primefaces.js?ln=primefaces&v=4.0 HTTP/1.1" 304 -
190.90.132.140 - - [08/Jan/2024:17:31:20 -0500] "GET /sipse/faces/javax.faces.resource/layout/layout.js?ln=primefaces&v=4.0 HTTP/1.1" 304 -
190.90.132.140 - - [08/Jan/2024:17:31:29 -0500] "POST /sipse/faces/presentacion/financiero/solicitudProceso/consultarSolicitudProceso.xhtml HTTP/1.1" 200 1035360
156.59.198.136 - - [08/Jan/2024:17:31:39 -0500] "GET /BLA/resoluciones/AUTOS%202023/2917.pdf HTTP/1.0" 200 435490
156.59.198.136 - - [08/Jan/2024:17:32:03 -0500] "GET /BLA/resoluciones/AUTOS%202023/5765.pdf HTTP/1.0" 200 2318806
172.22.2.4 - - [08/Jan/2024:17:30:27 -0500] "HEAD /BLA/boletinlegal/ HTTP/1.1" 200 -
156.59.198.136 - - [08/Jan/2024:17:32:28 -0500] "GET /BLA/resoluciones/AUTOS%202023/3174.pdf HTTP/1.0" 200 2881845
172.22.2.4 - - [08/Jan/2024:17:32:40 -0500] "GET /BLA/boletinlegal/conceptos.php HTTP/1.1" 200 7496
156.59.198.136 - - [08/Jan/2024:17:32:51 -0500] "GET /BLA/resoluciones/AUTOS%202023/1812.pdf HTTP/1.0" 200 1047154
172.22.2.4 - - [08/Jan/2024:17:31:18 -0500] "GET /BLA/boletinlegal/ HTTP/1.1" 200 57309
201.245.192.253 - - [08/Jan/2024:17:33:01 -0500] "POST /kwsrmcab/Wsrmcab  HTTP/1.1" 200 36937
156.59.198.136 - - [08/Jan/2024:17:33:17 -0500] "GET /BLA/resoluciones/AUTOS%202023/5081.pdf HTTP/1.0" 200 392565
156.59.198.135 - - [08/Jan/2024:17:33:41 -0500] "GET /BLA/resoluciones/AUTOS%202023/08313.pdf HTTP/1.0" 200 1903803
40.77.167.22 - - [08/Jan/2024:17:33:55 -0500] "GET /bla/resoluciones/notificaciones/AUTOS%202020/04720.pdf HTTP/1.1" 200 360594
172.22.2.4 - - [08/Jan/2024:17:32:25 -0500] "GET /BLA/boletinlegal/ HTTP/1.1" 200 61309
156.59.198.136 - - [08/Jan/2024:17:34:06 -0500] "GET /BLA/resoluciones/AUTOS%202023/0110.pdf HTTP/1.0" 200 936889
172.22.2.4 - - [08/Jan/2024:17:34:23 -0500] "GET /BLA/boletinlegal/jurisprudencia/analisis/AnalisisT-606-15.docx HTTP/1.1" 304 -
156.59.198.135 - - [08/Jan/2024:17:34:30 -0500] "GET /BLA/resoluciones/RESOLUCIONES%202019/2897.pdf HTTP/1.0" 200 884087
156.59.198.135 - - [08/Jan/2024:17:34:54 -0500] "GET /BLA/resoluciones/AUTOS%202023/5817.pdf HTTP/1.0" 200 440954
201.245.192.253 - - [08/Jan/2024:17:35:02 -0500] "POST /kwsrmcab/Wsrmcab HTTP/1.1" 200 37038
201.245.192.253 - - [08/Jan/2024:17:35:05 -0500] "POST /kwsrmcab/Wsrmcab HTTP/1.1" 200 36895
156.59.198.136 - - [08/Jan/2024:17:35:20 -0500] "GET /BLA/resoluciones/AUTOS%202023/1206.pdf HTTP/1.0" 200 419062
191.156.155.129 - - [08/Jan/2024:17:35:25 -0500] "GET /inicia-el-2024-conociendo-la-biodiversidad-de-bogoti.html?fbclid=IwAR2QvjWKVSmZlE5ks74uwAE6C-IO645jqnjhi_s9Hi-35MyLu7laiOIVaZU HTTP/1.1" 200 894
216.245.221.92 - - [08/Jan/2024:17:35:30 -0500] "HEAD / HTTP/1.1" 200 -
156.59.198.135 - - [08/Jan/2024:17:35:44 -0500] "GET /BLA/resoluciones/RESOLUCIONES%202019/0512.pdf HTTP/1.0" 200 253574
156.59.198.136 - - [08/Jan/2024:17:36:08 -0500] "GET /BLA/resoluciones/RESOLUCIONES%202019/1656.pdf HTTP/1.0" 200 889681
172.22.2.4 - - [08/Jan/2024:17:36:23 -0500] "GET /BLA/boletinlegal/Circulares/2019/.pdf HTTP/1.1" 404 1218
156.59.198.135 - - [08/Jan/2024:17:36:33 -0500] "GET /BLA/resoluciones/RESOLUCIONES%202019/1844.pdf HTTP/1.0" 200 422478
156.59.198.135 - - [08/Jan/2024:17:36:57 -0500] "GET /BLA/resoluciones/AUTOS%202023/1760.pdf HTTP/1.0" 200 553335
156.59.198.136 - - [08/Jan/2024:17:37:22 -0500] "GET /BLA/resoluciones/AUTOS%202023/0975.pdf HTTP/1.0" 200 385424
156.59.198.135 - - [08/Jan/2024:17:37:45 -0500] "GET /BLA/resoluciones/AUTOS%202023/5395.pdf HTTP/1.0" 200 316846
172.22.2.4 - - [08/Jan/2024:17:36:17 -0500] "HEAD /BLA/boletinlegal/ HTTP/1.1" 200 -
201.245.192.253 - - [08/Jan/2024:17:38:00 -0500] "POST /kwsrmcab/Wsrmcab  HTTP/1.1" 200 36937
156.59.198.135 - - [08/Jan/2024:17:38:10 -0500] "GET /BLA/resoluciones/AUTOS%202023/4655.pdf HTTP/1.0" 200 2228719
156.59.198.135 - - [08/Jan/2024:17:38:36 -0500] "GET /BLA/resoluciones/AUTOS%202023/4420.pdf HTTP/1.0" 200 396753
172.22.2.4 - - [08/Jan/2024:17:37:08 -0500] "GET /BLA/boletinlegal/ HTTP/1.1" 200 60910
156.59.198.136 - - [08/Jan/2024:17:39:01 -0500] "GET /BLA/resoluciones/AUTOS%202023/05035.pdf HTTP/1.0" 200 473286
66.249.66.20 - - [08/Jan/2024:17:39:09 -0500] "GET /BLA/resoluciones/RESOLUCIONES%202008/5717.pdf HTTP/1.1" 200 250039
201.245.192.253 - - [08/Jan/2024:17:39:16 -0500] "POST /kwsrmcab/Wsrmcab HTTP/1.1" 200 37038
156.59.198.135 - - [08/Jan/2024:17:39:26 -0500] "GET /BLA/resoluciones/AUTOS%202023/3905.pdf HTTP/1.0" 200 608649
156.59.198.136 - - [08/Jan/2024:17:39:51 -0500] "GET /BLA/resoluciones/AUTOS%202023/1305.pdf HTTP/1.0" 200 2603406
201.245.192.253 - - [08/Jan/2024:17:39:57 -0500] "POST /kwsrmcab/Wsrmcab HTTP/1.1" 200 36895
156.59.198.136 - - [08/Jan/2024:17:40:14 -0500] "GET /BLA/resoluciones/AUTOS%202023/2303.pdf HTTP/1.0" 200 946628
216.245.221.92 - - [08/Jan/2024:17:40:30 -0500] "HEAD / HTTP/1.1" 200 -
66.249.66.20 - - [08/Jan/2024:17:40:32 -0500] "GET /BLA/resoluciones/RESOLUCIONES%202007/RES%202007%203501%20AL%203600/RESOLUCION%203526%20DE%202007.pdf HTTP/1.1" 200 208928
156.59.198.135 - - [08/Jan/2024:17:40:39 -0500] "GET /BLA/resoluciones/RESOLUCIONES%202019/1470.pdf HTTP/1.0" 200 351338
173.252.95.11 - - [08/Jan/2024:17:41:01 -0500] "GET /secretaria-de-ambiente-impone-medidas-preventivas-a-un-privado-que-utilizaba-un-area-protegida-para-promocionar-proyectos.html HTTP/1.1" 200 866
156.59.198.136 - - [08/Jan/2024:17:41:03 -0500] "GET /BLA/resoluciones/AUTOS%202023/1444.pdf HTTP/1.0" 200 455136
173.252.127.18 - - [08/Jan/2024:17:41:15 -0500] "GET /agendate-con-la-feria-ambiental-de-servicios-a-la-ciudadania-2023.html HTTP/1.1" 200 743
156.59.198.136 - - [08/Jan/2024:17:41:28 -0500] "GET /BLA/resoluciones/AUTOS%202023/5903.pdf HTTP/1.0" 200 919646
156.59.198.135 - - [08/Jan/2024:17:41:52 -0500] "GET /BLA/resoluciones/AUTOS%202023/1732.pdf HTTP/1.0" 200 408724
66.249.66.20 - - [08/Jan/2024:17:41:58 -0500] "GET /BLA/resoluciones/RESOLUCIONES%202009/4643.pdf HTTP/1.1" 200 548311
156.59.198.136 - - [08/Jan/2024:17:42:16 -0500] "GET /BLA/resoluciones/AUTOS%202023/3187.pdf HTTP/1.0" 200 439555
156.59.198.135 - - [08/Jan/2024:17:42:41 -0500] "GET /BLA/resoluciones/AUTOS%202023/1873.pdf HTTP/1.0" 200 1092075
168.119.251.242 - - [08/Jan/2024:17:42:59 -0500] "GET / HTTP/1.1" 200 319
201.245.192.253 - - [08/Jan/2024:17:42:58 -0500] "POST /kwsrmcab/Wsrmcab  HTTP/1.1" 200 36937
168.119.251.242 - - [08/Jan/2024:17:43:02 -0500] "GET / HTTP/1.1" 200 4720
156.59.198.135 - - [08/Jan/2024:17:43:05 -0500] "GET /BLA/resoluciones/AUTOS%202023/0165.pdf HTTP/1.0" 200 2257251
17.241.75.234 - - [08/Jan/2024:17:43:08 -0500] "GET /participa-en-la-reciclaton-unisalle-solo-queda-un-dia.html HTTP/1.1" 200 763
156.59.198.136 - - [08/Jan/2024:17:43:29 -0500] "GET /BLA/resoluciones/AUTOS%202023/0704.pdf HTTP/1.0" 200 366193
66.249.66.20 - - [08/Jan/2024:17:43:34 -0500] "GET /BLA/resoluciones/RESOLUCIONES%202009/6068.pdf HTTP/1.1" 200 537357
172.22.2.4 - - [08/Jan/2024:17:42:07 -0500] "HEAD /BLA/boletinlegal/ HTTP/1.1" 200 -
172.22.2.4 - - [08/Jan/2024:17:43:49 -0500] "GET /BLA/boletinlegal/actos.php HTTP/1.1" 200 9648
156.59.198.135 - - [08/Jan/2024:17:43:56 -0500] "GET /BLA/resoluciones/RESOLUCIONES%202019/3230.pdf HTTP/1.0" 200 391868
156.59.198.136 - - [08/Jan/2024:17:44:21 -0500] "GET /BLA/resoluciones/RESOLUCIONES%202019/2224.pdf HTTP/1.0" 200 443364
172.22.2.4 - - [08/Jan/2024:17:42:57 -0500] "GET /BLA/boletinlegal/ HTTP/1.1" 200 60502
172.22.2.4 - - [08/Jan/2024:17:44:44 -0500] "GET /BLA/boletinlegal/actos.php HTTP/1.1" 200 9648
156.59.198.135 - - [08/Jan/2024:17:44:45 -0500] "GET /BLA/resoluciones/AUTOS%202023/0790.pdf HTTP/1.0" 200 371007
156.59.198.135 - - [08/Jan/2024:17:45:10 -0500] "GET /BLA/resoluciones/AUTOS%202023/2584.pdf HTTP/1.0" 200 2248498
216.245.221.92 - - [08/Jan/2024:17:45:30 -0500] "HEAD / HTTP/1.1" 200 -
38.62.221.98 - - [08/Jan/2024:17:45:30 -0500] "GET /appsia/controlador HTTP/1.1" 200 4799
156.59.198.136 - - [08/Jan/2024:17:45:35 -0500] "GET /BLA/resoluciones/AUTOS%202023/5635.pdf HTTP/1.0" 200 426102
156.59.198.136 - - [08/Jan/2024:17:45:59 -0500] "GET /BLA/resoluciones/AUTOS%202023/3406.pdf HTTP/1.0" 200 2533309
156.59.198.136 - - [08/Jan/2024:17:46:23 -0500] "GET /BLA/resoluciones/AUTOS%202023/3250.pdf HTTP/1.0" 200 399029
186.155.14.177 - - [08/Jan/2024:17:46:33 -0500] "GET /inicia-el-2024-conociendo-la-biodiversidad-de-bogoti.html?fbclid=IwAR2giWfJ7j0QZ0-4Y4UuMd8XYTaY0Hh_1qe1JqFusqOeAf8rAmD1x4LZWh8_aem_AYElc_m5Hd_kB1grsO9bJcSOhnzrPTazRLtePFunbv_YZQmmhlPCKJcA8haUd20ACqs HTTP/1.1" 200 894
156.59.198.135 - - [08/Jan/2024:17:46:48 -0500] "GET /BLA/resoluciones/AUTOS%202023/3817.pdf HTTP/1.0" 200 412697
156.59.198.136 - - [08/Jan/2024:17:47:12 -0500] "GET /BLA/resoluciones/AUTOS%202023/4207.pdf HTTP/1.0" 200 425149
186.86.32.139 - - [08/Jan/2024:17:47:25 -0500] "GET /inicia-el-2024-conociendo-la-biodiversidad-de-bogoti.html?fbclid=IwAR0qHmCWav73etjPm0jLOfSac0jTlFsmTej20CmnC1zqO8KUgdpRBwH02cQ HTTP/1.1" 200 894
17.241.227.227 - - [08/Jan/2024:17:47:33 -0500] "GET /como-obtener-el-certificado-de-estado-de-conservacion-ambiental-ceca.html HTTP/1.1" 200 873
156.59.198.136 - - [08/Jan/2024:17:47:36 -0500] "GET /BLA/resoluciones/AUTOS%202023/5940.pdf HTTP/1.0" 200 421597
201.245.192.253 - - [08/Jan/2024:17:47:57 -0500] "POST /kwsrmcab/Wsrmcab  HTTP/1.1" 200 36937
156.59.198.135 - - [08/Jan/2024:17:48:00 -0500] "GET /BLA/resoluciones/AUTOS%202023/5492.pdf HTTP/1.0" 200 893094
156.59.198.135 - - [08/Jan/2024:17:48:24 -0500] "GET /BLA/resoluciones/RESOLUCIONES%202019/1629.pdf HTTP/1.0" 200 728317
156.59.198.136 - - [08/Jan/2024:17:48:50 -0500] "GET /BLA/resoluciones/AUTOS%202023/5900.pdf HTTP/1.0" 200 895640
156.59.198.136 - - [08/Jan/2024:17:49:13 -0500] "GET /BLA/resoluciones/AUTOS%202023/2520.pdf HTTP/1.0" 200 2620774
172.22.2.4 - - [08/Jan/2024:17:47:57 -0500] "HEAD /BLA/boletinlegal/ HTTP/1.1" 200 -
156.59.198.135 - - [08/Jan/2024:17:49:39 -0500] "GET /BLA/resoluciones/AUTOS%202023/5785.pdf HTTP/1.0" 200 421389
156.59.198.136 - - [08/Jan/2024:17:50:03 -0500] "GET /BLA/resoluciones/AUTOS%202023/3363.pdf HTTP/1.0" 200 4097905
156.59.198.136 - - [08/Jan/2024:17:50:26 -0500] "GET /BLA/resoluciones/AUTOS%202023/3224.pdf HTTP/1.0" 200 344486
172.22.2.4 - - [08/Jan/2024:17:48:47 -0500] "GET /BLA/boletinlegal/ HTTP/1.1" 200 58567
216.245.221.92 - - [08/Jan/2024:17:50:30 -0500] "HEAD / HTTP/1.1" 200 -
156.59.198.136 - - [08/Jan/2024:17:50:51 -0500] "GET /BLA/resoluciones/AUTOS%202023/1679.pdf HTTP/1.0" 200 417919
156.59.198.135 - - [08/Jan/2024:17:51:15 -0500] "GET /BLA/resoluciones/AUTOS%202023/4192.pdf HTTP/1.0" 200 422340
156.59.198.135 - - [08/Jan/2024:17:51:40 -0500] "GET /BLA/resoluciones/RESOLUCIONES%202019/3460.pdf HTTP/1.0" 200 293788
17.241.219.219 - - [08/Jan/2024:17:52:00 -0500] "GET /retos-de-fin-de-ano-no-extraigas-fauna-silvestre-no-uses-polvora-ni-musgo-bajale-el-volumen-y-dispon-bien-tus-residuos.html HTTP/1.1" 200 820
156.59.198.136 - - [08/Jan/2024:17:52:05 -0500] "GET /BLA/resoluciones/AUTOS%202023/2851.pdf HTTP/1.0" 200 597856
156.59.198.135 - - [08/Jan/2024:17:52:28 -0500] "GET /BLA/resoluciones/Notificaciones/AUTOS%202014/7299.doc HTTP/1.0" 200 183296
66.249.66.19 - - [08/Jan/2024:17:52:48 -0500] "GET /BLA/resoluciones/RESOLUCIONES%202009/8185.pdf HTTP/1.1" 200 501483
156.59.198.135 - - [08/Jan/2024:17:52:53 -0500] "GET /BLA/resoluciones/AUTOS%202023/3182.pdf HTTP/1.0" 200 2270026
201.245.192.253 - - [08/Jan/2024:17:52:56 -0500] "POST /kwsrmcab/Wsrmcab  HTTP/1.1" 200 36937
31.13.103.8 - - [08/Jan/2024:17:53:04 -0500] "GET /inicia-el-2024-conociendo-la-biodiversidad-de-bogoti.html HTTP/1.1" 200 894
156.59.198.136 - - [08/Jan/2024:17:53:17 -0500] "GET /BLA/resoluciones/AUTOS%202023/1310.pdf HTTP/1.0" 200 604579
66.249.66.21 - - [08/Jan/2024:17:53:25 -0500] "GET /portel_dama/libreria/php/2006/restauracion/55_artic/xtras/2.pdf HTTP/1.1" 404 1018
156.59.198.135 - - [08/Jan/2024:17:53:42 -0500] "GET /BLA/resoluciones/AUTOS%202023/2273.pdf HTTP/1.0" 200 555493
156.59.198.136 - - [08/Jan/2024:17:54:07 -0500] "GET /BLA/resoluciones/AUTOS%202023/0848.pdf HTTP/1.0" 200 1541125
66.249.66.21 - - [08/Jan/2024:17:54:21 -0500] "GET /BLA/resoluciones/Autos%202008/2002.pdf HTTP/1.1" 200 180049
156.59.198.135 - - [08/Jan/2024:17:54:32 -0500] "GET /BLA/resoluciones/AUTOS%202023/2874.pdf HTTP/1.0" 200 399877
156.59.198.136 - - [08/Jan/2024:17:54:55 -0500] "GET /BLA/resoluciones/AUTOS%202023/4068.pdf HTTP/1.0" 200 3877672
156.59.198.135 - - [08/Jan/2024:17:55:19 -0500] "GET /BLA/resoluciones/AUTOS%202023/4117.pdf HTTP/1.0" 200 397964
172.22.2.4 - - [08/Jan/2024:17:53:47 -0500] "HEAD /BLA/boletinlegal/ HTTP/1.1" 200 -
186.80.52.38 - - [08/Jan/2024:17:55:27 -0500] "GET /inicia-el-2024-conociendo-la-biodiversidad-de-bogoti.html?fbclid=IwAR3uRwsLXXtDb-kstzHBB4qzDnzuFIdEHthws89eLl48ebkpyFT3zYmbCso HTTP/1.1" 200 894
216.245.221.92 - - [08/Jan/2024:17:55:30 -0500] "HEAD / HTTP/1.1" 200 -
156.59.198.135 - - [08/Jan/2024:17:55:43 -0500] "GET /BLA/resoluciones/AUTOS%202023/0723.pdf HTTP/1.0" 200 1022268
156.59.198.135 - - [08/Jan/2024:17:56:07 -0500] "GET /BLA/resoluciones/AUTOS%202023/4021.pdf HTTP/1.0" 200 440978
172.22.2.4 - - [08/Jan/2024:17:54:38 -0500] "GET /BLA/boletinlegal/ HTTP/1.1" 200 58567
156.59.198.135 - - [08/Jan/2024:17:56:31 -0500] "GET /BLA/resoluciones/AUTOS%202023/2532.pdf HTTP/1.0" 200 1028398
156.59.198.136 - - [08/Jan/2024:17:56:55 -0500] "GET /BLA/resoluciones/AUTOS%202023/0863.pdf HTTP/1.0" 200 726513
156.59.198.135 - - [08/Jan/2024:17:57:19 -0500] "GET /BLA/resoluciones/AUTOS%202023/05922.pdf HTTP/1.0" 200 993343
156.59.198.135 - - [08/Jan/2024:17:57:45 -0500] "GET /BLA/resoluciones/AUTOS%202023/5798.pdf HTTP/1.0" 200 394473
201.245.192.253 - - [08/Jan/2024:17:57:55 -0500] "POST /kwsrmcab/Wsrmcab  HTTP/1.1" 200 36937
156.59.198.135 - - [08/Jan/2024:17:58:08 -0500] "GET /BLA/resoluciones/RESOLUCIONES%202019/2007.pdf HTTP/1.0" 200 277701
156.59.198.136 - - [08/Jan/2024:17:58:33 -0500] "GET /BLA/resoluciones/AUTOS%202023/5207.pdf HTTP/1.0" 200 433321
181.56.104.15 - - [08/Jan/2024:17:58:46 -0500] "GET /inicia-el-2024-conociendo-la-biodiversidad-de-bogoti.html?fbclid=IwAR3F_wIU2DPbrGGtfUGvQlK8u1-VT_mtDZxBmuVZTqeRJuTFacqat1Rcmuw HTTP/1.1" 200 894
156.59.198.135 - - [08/Jan/2024:17:58:57 -0500] "GET /BLA/resoluciones/RESOLUCIONES%202019/0052.pdf HTTP/1.0" 200 384311
156.59.198.135 - - [08/Jan/2024:17:59:22 -0500] "GET /BLA/resoluciones/AUTOS%202023/6473.pdf HTTP/1.0" 200 371186
31.13.127.9 - - [08/Jan/2024:17:59:34 -0500] "GET /inicia-el-2024-conociendo-la-biodiversidad-de-bogoti.html?fbclid=IwAR0S1FMhXEOAXeO1vTl0J-R63iRaI4RhuRyoTVueRjNIdl4MMHEFagkS64k HTTP/1.1" 200 894
156.59.198.136 - - [08/Jan/2024:17:59:47 -0500] "GET /BLA/resoluciones/AUTOS%202023/2085.pdf HTTP/1.0" 200 509844
156.59.198.136 - - [08/Jan/2024:18:00:11 -0500] "GET /BLA/resoluciones/AUTOS%202023/5756.pdf HTTP/1.0" 200 480057
66.249.66.19 - - [08/Jan/2024:18:00:26 -0500] "GET /BLA/resoluciones/RESOLUCIONES%202009/9560.pdf HTTP/1.1" 200 501405
216.245.221.92 - - [08/Jan/2024:18:00:30 -0500] "HEAD / HTTP/1.1" 200 -
156.59.198.135 - - [08/Jan/2024:18:00:35 -0500] "GET /BLA/resoluciones/AUTOS%202023/0574.pdf HTTP/1.0" 200 349045
156.59.198.136 - - [08/Jan/2024:18:00:59 -0500] "GET /BLA/resoluciones/AUTOS%202023/3191.pdf HTTP/1.0" 200 440492
190.67.249.143 - - [08/Jan/2024:18:01:10 -0500] "GET /BLA/resoluciones/index.php?dir= HTTP/1.1" 200 13696
190.67.249.143 - - [08/Jan/2024:18:01:10 -0500] "GET /BLA/resoluciones/dlf/folder.png HTTP/1.1" 200 410
190.67.249.143 - - [08/Jan/2024:18:01:10 -0500] "GET /BLA/resoluciones/dlf/styles.css HTTP/1.1" 200 3049
190.67.249.143 - - [08/Jan/2024:18:01:10 -0500] "GET /BLA/resoluciones/dlf/bg.gif HTTP/1.1" 200 54
190.67.249.143 - - [08/Jan/2024:18:01:10 -0500] "GET /favicon.ico HTTP/1.1" 200 7782
172.22.2.4 - - [08/Jan/2024:17:59:37 -0500] "HEAD /BLA/boletinlegal/ HTTP/1.1" 200 -
190.67.249.143 - - [08/Jan/2024:18:01:20 -0500] "GET /BLA/resoluciones/dlf/dirup.png HTTP/1.1" 200 644
190.67.249.143 - - [08/Jan/2024:18:01:20 -0500] "GET /BLA/resoluciones/dlf/pdf.gif HTTP/1.1" 200 272
190.67.249.143 - - [08/Jan/2024:18:01:20 -0500] "GET /BLA/resoluciones/index.php?dir=RESOLUCIONES+2022%2F HTTP/1.1" 200 325052
190.67.249.143 - - [08/Jan/2024:18:01:21 -0500] "GET /BLA/resoluciones/dlf/archive.png HTTP/1.1" 200 632
156.59.198.135 - - [08/Jan/2024:18:01:23 -0500] "GET /BLA/resoluciones/AUTOS%202023/4081.pdf HTTP/1.0" 200 535230
190.67.249.143 - - [08/Jan/2024:18:01:28 -0500] "GET /BLA/resoluciones/RESOLUCIONES%202022/5252.pdf HTTP/1.1" 200 516317
156.59.198.135 - - [08/Jan/2024:18:01:48 -0500] "GET /BLA/resoluciones/AUTOS%202023/4654.pdf HTTP/1.0" 200 2888133
172.22.2.4 - - [08/Jan/2024:18:00:27 -0500] "GET /BLA/boletinlegal/ HTTP/1.1" 200 55379
156.59.198.136 - - [08/Jan/2024:18:02:12 -0500] "GET /BLA/resoluciones/RESOLUCIONES%202019/3582.pdf HTTP/1.0" 200 602677
156.59.198.135 - - [08/Jan/2024:18:02:36 -0500] "GET /BLA/resoluciones/AUTOS%202023/2842.pdf HTTP/1.0" 200 396946
66.249.66.20 - - [08/Jan/2024:18:02:48 -0500] "GET /BLA/resoluciones/AUTOS%202007/1686.pdf HTTP/1.1" 200 144797
201.245.192.253 - - [08/Jan/2024:18:02:52 -0500] "POST /kwsrmcab/Wsrmcab  HTTP/1.1" 200 36937
156.59.198.136 - - [08/Jan/2024:18:03:01 -0500] "GET /BLA/resoluciones/AUTOS%202023/2152.pdf HTTP/1.0" 200 469005
156.59.198.136 - - [08/Jan/2024:18:03:26 -0500] "GET /BLA/resoluciones/AUTOS%202023/2884.pdf HTTP/1.0" 200 445702
156.59.198.136 - - [08/Jan/2024:18:03:51 -0500] "GET /BLA/resoluciones/AUTOS%202023/5373.pdf HTTP/1.0" 200 404422
156.59.198.135 - - [08/Jan/2024:18:04:15 -0500] "GET /BLA/resoluciones/AUTOS%202023/4003.pdf HTTP/1.0" 200 1020415
156.59.198.135 - - [08/Jan/2024:18:04:39 -0500] "GET /BLA/resoluciones/AUTOS%202023/5305.pdf HTTP/1.0" 200 359261
156.59.198.135 - - [08/Jan/2024:18:05:04 -0500] "GET /BLA/resoluciones/RESOLUCIONES%202019/3447.pdf HTTP/1.0" 200 672448
47.128.120.56 - - [08/Jan/2024:18:05:29 -0500] "GET /BLA/resoluciones/RESOLUCIONES%202006/RES%202006%202451-2500/INDEX.DAT HTTP/1.1" 200 1960
216.245.221.92 - - [08/Jan/2024:18:05:30 -0500] "HEAD / HTTP/1.1" 200 -
156.59.198.136 - - [08/Jan/2024:18:05:54 -0500] "GET /BLA/resoluciones/AUTOS%202023/3453.pdf HTTP/1.0" 200 414625
156.59.198.136 - - [08/Jan/2024:18:06:17 -0500] "GET /BLA/resoluciones/AUTOS%202023/0979.pdf HTTP/1.0" 200 1419993
156.59.198.135 - - [08/Jan/2024:18:06:42 -0500] "GET /BLA/resoluciones/AUTOS%202023/0871.pdf HTTP/1.0" 200 778126
156.59.198.135 - - [08/Jan/2024:18:07:06 -0500] "GET /BLA/resoluciones/RESOLUCIONES%202019/2410.pdf HTTP/1.0" 200 261608
172.22.2.4 - - [08/Jan/2024:18:05:27 -0500] "HEAD /BLA/boletinlegal/ HTTP/1.1" 200 -
156.59.198.135 - - [08/Jan/2024:18:07:31 -0500] "GET /BLA/resoluciones/AUTOS%202023/1579.pdf HTTP/1.0" 200 384507
201.245.192.253 - - [08/Jan/2024:18:07:51 -0500] "POST /kwsrmcab/Wsrmcab  HTTP/1.1" 200 36937
156.59.198.136 - - [08/Jan/2024:18:07:54 -0500] "GET /BLA/resoluciones/AUTOS%202023/4411.pdf HTTP/1.0" 200 465659
172.22.2.4 - - [08/Jan/2024:18:06:17 -0500] "GET /BLA/boletinlegal/ HTTP/1.1" 200 55725
156.59.198.135 - - [08/Jan/2024:18:08:20 -0500] "GET /BLA/resoluciones/AUTOS%202023/05928.pdf HTTP/1.0" 200 979690
47.128.29.150 - - [08/Jan/2024:18:08:44 -0500] "GET /BLA/resoluciones/index.php?dir=RESOLUCIONES%202004%2FRES%202004%20801-850%2F&order=desc&sort=size HTTP/1.1" 200 12047
47.128.29.150 - - [08/Jan/2024:18:08:45 -0500] "GET /BLA/resoluciones/dlf/dirup.png HTTP/1.1" 200 644
47.128.29.150 - - [08/Jan/2024:18:08:45 -0500] "GET /BLA/resoluciones/dlf/unknown.png HTTP/1.1" 200 266
156.59.198.135 - - [08/Jan/2024:18:09:07 -0500] "GET /BLA/resoluciones/AUTOS%202023/5158.pdf HTTP/1.0" 200 1344995
156.59.198.136 - - [08/Jan/2024:18:09:33 -0500] "GET /BLA/resoluciones/AUTOS%202023/0813.pdf HTTP/1.0" 200 398478
172.22.2.4 - - [08/Jan/2024:18:09:58 -0500] "GET /BLA/boletinlegal/robots.txt HTTP/1.1" 404 1038
172.22.2.4 - - [08/Jan/2024:18:10:00 -0500] "GET /BLA/boletinlegal/Directivas/2017/Directiva%20No.%2006%20del%2016%20de%20Agosto%20de%202017.pdf HTTP/1.1" 200 310598
156.59.198.135 - - [08/Jan/2024:18:10:00 -0500] "GET /BLA/resoluciones/AUTOS%202023/4861.pdf HTTP/1.0" 200 504712
156.59.198.136 - - [08/Jan/2024:18:10:21 -0500] "GET /BLA/resoluciones/AUTOS%202023/4261.pdf HTTP/1.0" 200 520693
216.245.221.92 - - [08/Jan/2024:18:10:30 -0500] "HEAD / HTTP/1.1" 200 -
156.59.198.135 - - [08/Jan/2024:18:10:46 -0500] "GET /BLA/resoluciones/AUTOS%202023/3290.pdf HTTP/1.0" 200 699633
156.59.198.135 - - [08/Jan/2024:18:11:10 -0500] "GET /BLA/resoluciones/AUTOS%202023/4252.pdf HTTP/1.0" 200 1090434
156.59.198.136 - - [08/Jan/2024:18:11:35 -0500] "GET /BLA/resoluciones/AUTOS%202023/09134.pdf HTTP/1.0" 200 469356
156.59.198.136 - - [08/Jan/2024:18:11:59 -0500] "GET /BLA/resoluciones/AUTOS%202023/4973.pdf HTTP/1.0" 200 331478
156.59.198.135 - - [08/Jan/2024:18:12:25 -0500] "GET /BLA/resoluciones/RESOLUCIONES%202019/2625.pdf HTTP/1.0" 200 368248
156.59.198.136 - - [08/Jan/2024:18:12:48 -0500] "GET /BLA/resoluciones/AUTOS%202023/5953.pdf HTTP/1.0" 200 396746
201.245.192.253 - - [08/Jan/2024:18:12:50 -0500] "POST /kwsrmcab/Wsrmcab  HTTP/1.1" 200 36937
172.22.2.4 - - [08/Jan/2024:18:11:17 -0500] "HEAD /BLA/boletinlegal/ HTTP/1.1" 200 -
156.59.198.136 - - [08/Jan/2024:18:13:12 -0500] "GET /BLA/resoluciones/AUTOS%202023/5634.pdf HTTP/1.0" 200 481185
52.167.144.235 - - [08/Jan/2024:18:13:31 -0500] "GET /BLA/resoluciones/AUTOS%202017/03322.pdf HTTP/1.1" 200 316537
156.59.198.135 - - [08/Jan/2024:18:13:38 -0500] "GET /BLA/resoluciones/AUTOS%202023/7908.pdf HTTP/1.0" 200 330255
172.22.2.4 - - [08/Jan/2024:18:12:07 -0500] "GET /BLA/boletinlegal/ HTTP/1.1" 200 58567
156.59.198.136 - - [08/Jan/2024:18:14:01 -0500] "GET /BLA/resoluciones/AUTOS%202023/1410.pdf HTTP/1.0" 200 419547
156.59.198.135 - - [08/Jan/2024:18:14:25 -0500] "GET /BLA/resoluciones/AUTOS%202023/2266.pdf HTTP/1.0" 200 585632
156.59.198.136 - - [08/Jan/2024:18:14:52 -0500] "GET /BLA/resoluciones/AUTOS%202023/3275.pdf HTTP/1.0" 200 3396744
201.245.192.253 - - [08/Jan/2024:18:15:02 -0500] "POST /kwsrmcab/Wsrmcab HTTP/1.1" 200 37049
201.245.192.253 - - [08/Jan/2024:18:15:05 -0500] "POST /kwsrmcab/Wsrmcab HTTP/1.1" 200 36889
156.59.198.135 - - [08/Jan/2024:18:15:14 -0500] "GET /BLA/resoluciones/AUTOS%202023/1186.pdf HTTP/1.0" 200 1334663
216.245.221.92 - - [08/Jan/2024:18:15:30 -0500] "HEAD / HTTP/1.1" 200 -
156.59.198.136 - - [08/Jan/2024:18:15:38 -0500] "GET /BLA/resoluciones/AUTOS%202023/5630.pdf HTTP/1.0" 200 436200
156.59.198.136 - - [08/Jan/2024:18:16:02 -0500] "GET /BLA/resoluciones/AUTOS%202023/0828.pdf HTTP/1.0" 200 1309738
156.59.198.135 - - [08/Jan/2024:18:16:28 -0500] "GET /BLA/resoluciones/AUTOS%202023/07940.pdf HTTP/1.0" 200 395914
156.59.198.135 - - [08/Jan/2024:18:16:52 -0500] "GET /BLA/resoluciones/AUTOS%202023/4823.pdf HTTP/1.0" 200 713509
156.59.198.135 - - [08/Jan/2024:18:17:16 -0500] "GET /BLA/resoluciones/AUTOS%202023/5964.pdf HTTP/1.0" 200 431458
156.59.198.135 - - [08/Jan/2024:18:17:42 -0500] "GET /BLA/resoluciones/RESOLUCIONES%202019/2346.pdf HTTP/1.0" 200 256611
201.245.192.253 - - [08/Jan/2024:18:17:49 -0500] "POST /kwsrmcab/Wsrmcab  HTTP/1.1" 200 36937
156.59.198.135 - - [08/Jan/2024:18:18:07 -0500] "GET /BLA/resoluciones/AUTOS%202023/1261.pdf HTTP/1.0" 200 426737
47.128.22.47 - - [08/Jan/2024:18:18:31 -0500] "GET /BLA/resoluciones/index.php?dir=RESOLUCIONES+2004%2FRES+2004+451-500%2F HTTP/1.1" 200 12037
47.128.22.47 - - [08/Jan/2024:18:18:32 -0500] "GET /BLA/resoluciones/dlf/dirup.png HTTP/1.1" 200 644
47.128.22.47 - - [08/Jan/2024:18:18:32 -0500] "GET /BLA/resoluciones/dlf/unknown.png HTTP/1.1" 200 266
172.22.2.4 - - [08/Jan/2024:18:17:07 -0500] "HEAD /BLA/boletinlegal/ HTTP/1.1" 200 -
156.59.198.135 - - [08/Jan/2024:18:18:54 -0500] "GET /BLA/resoluciones/AUTOS%202023/0641.pdf HTTP/1.0" 200 396421
201.245.192.253 - - [08/Jan/2024:18:19:16 -0500] "POST /kwsrmcab/Wsrmcab HTTP/1.1" 200 37049
156.59.198.135 - - [08/Jan/2024:18:19:18 -0500] "GET /BLA/resoluciones/AUTOS%202023/4345.pdf HTTP/1.0" 200 413640
172.22.2.4 - - [08/Jan/2024:18:17:57 -0500] "GET /BLA/boletinlegal/ HTTP/1.1" 200 60910
156.59.198.136 - - [08/Jan/2024:18:19:42 -0500] "GET /BLA/resoluciones/AUTOS%202023/3414.pdf HTTP/1.0" 200 394994
201.245.192.253 - - [08/Jan/2024:18:19:56 -0500] "POST /kwsrmcab/Wsrmcab HTTP/1.1" 200 36889
156.59.198.135 - - [08/Jan/2024:18:20:08 -0500] "GET /BLA/resoluciones/AUTOS%202023/0751.pdf HTTP/1.0" 200 2245645
216.245.221.92 - - [08/Jan/2024:18:20:30 -0500] "HEAD / HTTP/1.1" 200 -
82.166.33.72 - - [08/Jan/2024:18:20:31 -0500] "GET /robots.txt HTTP/1.1" 404 1035
82.166.33.72 - - [08/Jan/2024:18:20:32 -0500] "GET / HTTP/1.1" 200 319
212.29.221.105 - - [08/Jan/2024:18:20:33 -0500] "GET /robots.txt HTTP/1.1" 404 1034
212.29.221.105 - - [08/Jan/2024:18:20:34 -0500] "GET / HTTP/1.1" 200 4720
156.59.198.135 - - [08/Jan/2024:18:20:35 -0500] "GET /BLA/resoluciones/AUTOS%202023/0118.pdf HTTP/1.0" 200 1885114
186.29.55.212 - - [08/Jan/2024:18:20:51 -0500] "GET /BLA/resoluciones/index.php?dir=AUTOS+2015%2F HTTP/1.1" 200 585152
186.29.55.212 - - [08/Jan/2024:18:20:52 -0500] "GET /BLA/resoluciones/dlf/unknown.png HTTP/1.1" 200 266
156.59.198.135 - - [08/Jan/2024:18:20:57 -0500] "GET /BLA/resoluciones/AUTOS%202023/3373.pdf HTTP/1.0" 200 1994480
186.29.55.212 - - [08/Jan/2024:18:21:03 -0500] "GET /BLA/resoluciones/AUTOS%202015/2864.pdf HTTP/1.1" 200 781866
156.59.198.135 - - [08/Jan/2024:18:21:22 -0500] "GET /BLA/resoluciones/AUTOS%202023/05961.pdf HTTP/1.0" 200 446745
156.59.198.135 - - [08/Jan/2024:18:21:46 -0500] "GET /BLA/resoluciones/AUTOS%202023/0867.pdf HTTP/1.0" 200 676128
66.249.66.19 - - [08/Jan/2024:18:22:01 -0500] "GET /BLA/resoluciones/RESOLUCIONES%202011/0258.pdf HTTP/1.1" 200 292609
156.59.198.136 - - [08/Jan/2024:18:22:11 -0500] "GET /BLA/resoluciones/AUTOS%202023/5009.pdf HTTP/1.0" 200 536888
156.59.198.136 - - [08/Jan/2024:18:22:36 -0500] "GET /BLA/resoluciones/AUTOS%202023/2863.pdf HTTP/1.0" 200 1662521
201.245.192.253 - - [08/Jan/2024:18:22:47 -0500] "POST /kwsrmcab/Wsrmcab  HTTP/1.1" 200 36937
156.59.198.136 - - [08/Jan/2024:18:23:00 -0500] "GET /BLA/resoluciones/AUTOS%202023/2956.pdf HTTP/1.0" 200 809639
156.59.198.136 - - [08/Jan/2024:18:23:24 -0500] "GET /BLA/resoluciones/AUTOS%202023/1330.pdf HTTP/1.0" 200 849386
156.59.198.135 - - [08/Jan/2024:18:23:48 -0500] "GET /BLA/resoluciones/AUTOS%202023/0209.pdf HTTP/1.0" 200 382383
156.59.198.135 - - [08/Jan/2024:18:24:13 -0500] "GET /BLA/resoluciones/AUTOS%202023/2515.pdf HTTP/1.0" 200 2319655
172.22.2.4 - - [08/Jan/2024:18:22:57 -0500] "HEAD /BLA/boletinlegal/ HTTP/1.1" 200 -
156.59.198.135 - - [08/Jan/2024:18:24:37 -0500] "GET /BLA/resoluciones/AUTOS%202023/5017.pdf HTTP/1.0" 200 2235859
156.59.198.136 - - [08/Jan/2024:18:25:02 -0500] "GET /BLA/resoluciones/AUTOS%202023/2595.pdf HTTP/1.0" 200 3785218
201.245.192.253 - - [08/Jan/2024:18:25:02 -0500] "POST /kwsrmcab/Wsrmcab HTTP/1.1" 200 37049
173.252.107.3 - - [08/Jan/2024:18:25:04 -0500] "GET /calidad-del-aire-en-bogota-afectada-de-nuevo-por-incendios-forestales-se-decreta-alerta-fase-1.html HTTP/1.1" 200 1057
201.245.192.253 - - [08/Jan/2024:18:25:05 -0500] "POST /kwsrmcab/Wsrmcab HTTP/1.1" 200 36889
156.59.198.135 - - [08/Jan/2024:18:25:26 -0500] "GET /BLA/resoluciones/AUTOS%202023/3392.pdf HTTP/1.0" 200 1216787
172.22.2.4 - - [08/Jan/2024:18:23:47 -0500] "GET /BLA/boletinlegal/ HTTP/1.1" 200 58567
216.245.221.92 - - [08/Jan/2024:18:25:30 -0500] "HEAD / HTTP/1.1" 200 -
156.59.198.136 - - [08/Jan/2024:18:25:50 -0500] "GET /BLA/resoluciones/AUTOS%202023/5702.pdf HTTP/1.0" 200 405852
156.59.198.135 - - [08/Jan/2024:18:26:16 -0500] "GET /BLA/resoluciones/AUTOS%202023/1903.pdf HTTP/1.0" 200 410310
190.90.132.140 - - [08/Jan/2024:18:26:27 -0500] "POST /sipse/faces/presentacion/financiero/solicitudProceso/consultarSolicitudProceso.xhtml HTTP/1.1" 200 43760
190.90.132.140 - - [08/Jan/2024:18:26:28 -0500] "GET /sipse/faces/javax.faces.resource/jquery/jquery.js?ln=primefaces&v=4.0 HTTP/1.1" 304 -
190.90.132.140 - - [08/Jan/2024:18:26:28 -0500] "GET /sipse/faces/javax.faces.resource/jquery/jquery-plugins.js?ln=primefaces&v=4.0 HTTP/1.1" 304 -
190.90.132.140 - - [08/Jan/2024:18:26:28 -0500] "GET /sipse/faces/javax.faces.resource/primefaces.js?ln=primefaces&v=4.0 HTTP/1.1" 304 -
190.90.132.140 - - [08/Jan/2024:18:26:28 -0500] "GET /sipse/faces/javax.faces.resource/layout/layout.js?ln=primefaces&v=4.0 HTTP/1.1" 304 -
190.90.132.140 - - [08/Jan/2024:18:26:28 -0500] "POST /sipse/faces/presentacion/financiero/solicitudProceso/consultar.xhtml HTTP/1.1" 200 37129
190.90.132.140 - - [08/Jan/2024:18:26:29 -0500] "POST /sipse/faces/presentacion/financiero/solicitudProceso/consultar.xhtml HTTP/1.1" 200 37129
190.90.132.140 - - [08/Jan/2024:18:26:30 -0500] "POST /sipse/faces/presentacion/financiero/solicitudProceso/consultar.xhtml HTTP/1.1" 200 37129
190.90.132.140 - - [08/Jan/2024:18:26:30 -0500] "POST /sipse/faces/presentacion/financiero/solicitudProceso/consultar.xhtml HTTP/1.1" 200 37129
190.90.132.140 - - [08/Jan/2024:18:26:31 -0500] "POST /sipse/faces/presentacion/financiero/solicitudProceso/consultar.xhtml HTTP/1.1" 200 37129
190.90.132.140 - - [08/Jan/2024:18:26:31 -0500] "POST /sipse/faces/presentacion/financiero/solicitudProceso/consultar.xhtml HTTP/1.1" 200 37129
190.90.132.140 - - [08/Jan/2024:18:26:31 -0500] "POST /sipse/faces/presentacion/financiero/solicitudProceso/consultar.xhtml HTTP/1.1" 200 37129
190.90.132.140 - - [08/Jan/2024:18:26:32 -0500] "POST /sipse/faces/presentacion/financiero/solicitudProceso/consultar.xhtml HTTP/1.1" 200 37129
190.90.132.140 - - [08/Jan/2024:18:26:32 -0500] "POST /sipse/faces/presentacion/financiero/solicitudProceso/consultar.xhtml HTTP/1.1" 200 37129
190.90.132.140 - - [08/Jan/2024:18:26:32 -0500] "POST /sipse/faces/presentacion/financiero/solicitudProceso/consultar.xhtml HTTP/1.1" 200 37129
190.90.132.140 - - [08/Jan/2024:18:26:32 -0500] "POST /sipse/faces/presentacion/financiero/solicitudProceso/consultar.xhtml HTTP/1.1" 200 37129
190.90.132.140 - - [08/Jan/2024:18:26:33 -0500] "POST /sipse/faces/presentacion/financiero/solicitudProceso/consultar.xhtml HTTP/1.1" 200 37129
190.90.132.140 - - [08/Jan/2024:18:26:33 -0500] "POST /sipse/faces/presentacion/financiero/solicitudProceso/consultar.xhtml HTTP/1.1" 200 37129
190.90.132.140 - - [08/Jan/2024:18:26:33 -0500] "POST /sipse/faces/presentacion/financiero/solicitudProceso/consultar.xhtml HTTP/1.1" 200 37129
190.90.132.140 - - [08/Jan/2024:18:26:33 -0500] "POST /sipse/faces/presentacion/financiero/solicitudProceso/consultar.xhtml HTTP/1.1" 200 37129
190.90.132.140 - - [08/Jan/2024:18:26:34 -0500] "POST /sipse/faces/presentacion/financiero/solicitudProceso/consultar.xhtml HTTP/1.1" 200 37129
190.90.132.140 - - [08/Jan/2024:18:26:34 -0500] "POST /sipse/faces/presentacion/financiero/solicitudProceso/consultar.xhtml HTTP/1.1" 200 37129
190.90.132.140 - - [08/Jan/2024:18:26:34 -0500] "POST /sipse/faces/presentacion/financiero/solicitudProceso/consultar.xhtml HTTP/1.1" 200 37129
190.90.132.140 - - [08/Jan/2024:18:26:34 -0500] "POST /sipse/faces/presentacion/financiero/solicitudProceso/consultar.xhtml HTTP/1.1" 200 37129
190.90.132.140 - - [08/Jan/2024:18:26:40 -0500] "POST /sipse/faces/presentacion/financiero/solicitudProceso/consultar.xhtml HTTP/1.1" 200 12745
156.59.198.136 - - [08/Jan/2024:18:26:41 -0500] "GET /BLA/resoluciones/AUTOS%202023/1157.pdf HTTP/1.0" 200 439267
190.90.132.140 - - [08/Jan/2024:18:26:44 -0500] "POST /sipse/faces/presentacion/financiero/solicitudProceso/consultar.xhtml HTTP/1.1" 200 126384
190.90.132.140 - - [08/Jan/2024:18:26:45 -0500] "GET /sipse/js/disable_browser_buttons.js HTTP/1.1" 200 3230
190.90.132.140 - - [08/Jan/2024:18:26:45 -0500] "GET /sipse/faces/javax.faces.resource/jquery/jquery.js?ln=primefaces&v=4.0 HTTP/1.1" 304 -
190.90.132.140 - - [08/Jan/2024:18:26:45 -0500] "GET /sipse/faces/javax.faces.resource/jquery/jquery-plugins.js?ln=primefaces&v=4.0 HTTP/1.1" 304 -
190.90.132.140 - - [08/Jan/2024:18:26:45 -0500] "GET /sipse/faces/javax.faces.resource/primefaces.js?ln=primefaces&v=4.0 HTTP/1.1" 304 -
190.90.132.140 - - [08/Jan/2024:18:26:45 -0500] "GET /sipse/faces/javax.faces.resource/layout/layout.js?ln=primefaces&v=4.0 HTTP/1.1" 304 -
190.90.132.140 - - [08/Jan/2024:18:26:54 -0500] "POST /sipse/faces/presentacion/financiero/solicitudProceso/consultarSolicitudProceso.xhtml HTTP/1.1" 200 171011
156.59.198.135 - - [08/Jan/2024:18:27:05 -0500] "GET /BLA/resoluciones/AUTOS%202023/4028.pdf HTTP/1.0" 200 2054823
156.59.198.136 - - [08/Jan/2024:18:27:30 -0500] "GET /BLA/resoluciones/AUTOS%202023/5039.pdf HTTP/1.0" 200 667061
201.245.192.253 - - [08/Jan/2024:18:27:46 -0500] "POST /kwsrmcab/Wsrmcab  HTTP/1.1" 200 36937
156.59.198.135 - - [08/Jan/2024:18:27:55 -0500] "GET /BLA/resoluciones/AUTOS%202023/3361.pdf HTTP/1.0" 200 1624713
156.59.198.136 - - [08/Jan/2024:18:28:18 -0500] "GET /BLA/resoluciones/AUTOS%202023/0906.pdf HTTP/1.0" 200 827115
156.59.198.136 - - [08/Jan/2024:18:28:42 -0500] "GET /BLA/resoluciones/RESOLUCIONES%202019/0737.pdf HTTP/1.0" 200 357749
156.59.198.136 - - [08/Jan/2024:18:29:07 -0500] "GET /BLA/resoluciones/AUTOS%202023/3857.pdf HTTP/1.0" 200 431014
201.245.192.253 - - [08/Jan/2024:18:29:16 -0500] "POST /kwsrmcab/Wsrmcab HTTP/1.1" 200 37049
156.59.198.136 - - [08/Jan/2024:18:29:31 -0500] "GET /BLA/resoluciones/RESOLUCIONES%202019/3643.pdf HTTP/1.0" 200 9942149
156.59.198.135 - - [08/Jan/2024:18:29:56 -0500] "GET /BLA/resoluciones/AUTOS%202023/2593.pdf HTTP/1.0" 200 2396056
201.245.192.253 - - [08/Jan/2024:18:29:57 -0500] "POST /kwsrmcab/Wsrmcab HTTP/1.1" 200 36889
156.59.198.136 - - [08/Jan/2024:18:30:20 -0500] "GET /BLA/resoluciones/AUTOS%202023/3334.pdf HTTP/1.0" 200 776008
172.22.2.4 - - [08/Jan/2024:18:28:47 -0500] "HEAD /BLA/boletinlegal/ HTTP/1.1" 200 -
216.245.221.92 - - [08/Jan/2024:18:30:30 -0500] "HEAD / HTTP/1.1" 200 -
156.59.198.135 - - [08/Jan/2024:18:30:46 -0500] "GET /BLA/resoluciones/AUTOS%202023/0796.pdf HTTP/1.0" 200 773639
156.59.198.135 - - [08/Jan/2024:18:31:09 -0500] "GET /BLA/resoluciones/AUTOS%202023/1318.pdf HTTP/1.0" 200 461642
172.22.2.4 - - [08/Jan/2024:18:29:37 -0500] "GET /BLA/boletinlegal/ HTTP/1.1" 200 58567
156.59.198.135 - - [08/Jan/2024:18:31:33 -0500] "GET /BLA/resoluciones/RESOLUCIONES%202019/3105.pdf HTTP/1.0" 200 476461
156.59.198.136 - - [08/Jan/2024:18:31:58 -0500] "GET /BLA/resoluciones/RESOLUCIONES%202019/3527.pdf HTTP/1.0" 200 353840
156.59.198.136 - - [08/Jan/2024:18:32:22 -0500] "GET /BLA/resoluciones/AUTOS%202023/2317.pdf HTTP/1.0" 200 429638
192.141.246.132 - - [08/Jan/2024:18:32:29 -0500] "GET /portaldeninos/wp-content/uploads/2019/08/Incendios-forestales-ajustada.gif HTTP/1.1" 200 764832
201.245.192.253 - - [08/Jan/2024:18:32:45 -0500] "POST /kwsrmcab/Wsrmcab  HTTP/1.1" 200 36937
156.59.198.136 - - [08/Jan/2024:18:32:47 -0500] "GET /BLA/resoluciones/RESOLUCIONES%202019/1387.pdf HTTP/1.0" 200 272530
156.59.198.136 - - [08/Jan/2024:18:33:12 -0500] "GET /BLA/resoluciones/AUTOS%202023/3968.pdf HTTP/1.0" 200 444299
156.59.198.136 - - [08/Jan/2024:18:33:37 -0500] "GET /BLA/resoluciones/AUTOS%202023/1735.pdf HTTP/1.0" 200 615611
172.22.2.4 - - [08/Jan/2024:18:33:50 -0500] "GET /BLA/boletinlegal/robots.txt HTTP/1.1" 404 1038
172.22.2.4 - - [08/Jan/2024:18:33:50 -0500] "GET /BLA/boletinlegal/Directivas/2011/Directiva%20No.%208%20del%2020%20de%20Septiembre%20de%202011.pdf HTTP/1.1" 200 727150
156.59.198.136 - - [08/Jan/2024:18:34:02 -0500] "GET /BLA/resoluciones/AUTOS%202023/0325.pdf HTTP/1.0" 200 456737
172.22.2.4 - - [08/Jan/2024:18:32:25 -0500] "GET /BLA/boletinlegal/ HTTP/1.1" 200 62422
156.59.198.135 - - [08/Jan/2024:18:34:25 -0500] "GET /BLA/resoluciones/AUTOS%202023/2373.pdf HTTP/1.0" 200 603497
186.84.22.238 - - [08/Jan/2024:18:34:35 -0500] "GET /inicia-el-2024-conociendo-la-biodiversidad-de-bogoti.html?fbclid=IwAR3fPYgkZ2lPDhnVyRtFKBiOPkPwjYbgDI28Lz2ArnjBudq-dCw8tnf-KQs_aem_AYFqPEYt177VXTdVqoLEHXjUvJi0O61kC-xhxEE2MlLcYiKs1PN7RUF_d7YXaWPbNoQ HTTP/1.1" 200 894
156.59.198.136 - - [08/Jan/2024:18:34:50 -0500] "GET /BLA/resoluciones/RESOLUCIONES%202019/2052.pdf HTTP/1.0" 200 288292
17.241.219.80 - - [08/Jan/2024:18:34:53 -0500] "GET /balance-ambiental-dia-sin-carro-y-sin-moto-mediodia.html HTTP/1.1" 200 710
52.167.144.226 - - [08/Jan/2024:18:34:54 -0500] "GET /portaldeninos/wp-content/uploads/2021/11/Ficha-comadreja-fauna-27-mayo-300x169.jpg HTTP/1.1" 200 15290
201.245.192.253 - - [08/Jan/2024:18:35:02 -0500] "POST /kwsrmcab/Wsrmcab HTTP/1.1" 200 37049
201.245.192.253 - - [08/Jan/2024:18:35:05 -0500] "POST /kwsrmcab/Wsrmcab HTTP/1.1" 200 36889
156.59.198.136 - - [08/Jan/2024:18:35:15 -0500] "GET /BLA/resoluciones/AUTOS%202023/5636.pdf HTTP/1.0" 200 490364
216.245.221.92 - - [08/Jan/2024:18:35:30 -0500] "HEAD / HTTP/1.1" 200 -
156.59.198.136 - - [08/Jan/2024:18:35:39 -0500] "GET /BLA/resoluciones/AUTOS%202023/2880.pdf HTTP/1.0" 200 966533
156.59.198.135 - - [08/Jan/2024:18:36:03 -0500] "GET /BLA/resoluciones/AUTOS%202023/3727.pdf HTTP/1.0" 200 2369626
40.77.167.136 - - [08/Jan/2024:18:36:06 -0500] "GET /BLA/resoluciones/RESOLUCIONES%202023/2296.pdf HTTP/1.1" 304 -
172.22.2.4 - - [08/Jan/2024:18:34:37 -0500] "HEAD /BLA/boletinlegal/ HTTP/1.1" 200 -
172.22.2.4 - - [08/Jan/2024:18:36:24 -0500] "GET /BLA/boletinlegal/Circulares/2019/.pdf HTTP/1.1" 404 1218
40.77.167.22 - - [08/Jan/2024:18:36:27 -0500] "GET /images/Carolina%20Urrutia%20en%20Cumbre%20P4G.jpg HTTP/1.1" 200 45099
156.59.198.136 - - [08/Jan/2024:18:36:27 -0500] "GET /BLA/resoluciones/AUTOS%202023/5048.pdf HTTP/1.0" 200 2361788
172.22.2.4 - - [08/Jan/2024:18:36:33 -0500] "GET /BLA/boletinlegal/Circulares/2012/Circular%20No.%2010%20del%2026%20de%20Enero%20de%202012.pdf HTTP/1.1" 404 1218
156.59.198.136 - - [08/Jan/2024:18:36:53 -0500] "GET /BLA/resoluciones/AUTOS%202023/2355.pdf HTTP/1.0" 200 446110
172.22.2.4 - - [08/Jan/2024:18:35:27 -0500] "GET /BLA/boletinlegal/ HTTP/1.1" 200 60502
66.249.66.20 - - [08/Jan/2024:18:37:10 -0500] "GET /BLA/resoluciones/RESOLUCIONES%202007/RES%202007%202301%20AL%202400/RESOLUCION%202375%20DE%202007.pdf HTTP/1.1" 200 311791
156.59.198.136 - - [08/Jan/2024:18:37:17 -0500] "GET /BLA/resoluciones/RESOLUCIONES%202019/1930.pdf HTTP/1.0" 200 393986
156.59.198.135 - - [08/Jan/2024:18:37:41 -0500] "GET /BLA/resoluciones/AUTOS%202023/3343.pdf HTTP/1.0" 200 946273
201.245.192.253 - - [08/Jan/2024:18:37:44 -0500] "POST /kwsrmcab/Wsrmcab  HTTP/1.1" 200 36937
156.59.198.136 - - [08/Jan/2024:18:38:06 -0500] "GET /BLA/resoluciones/RESOLUCIONES%202019/2641.pdf HTTP/1.0" 200 286288
47.128.45.158 - - [08/Jan/2024:18:38:30 -0500] "GET /BLA/resoluciones/index.php?dir=AUTOS%202006%2FAUTOS%202006%201201-1300%2F&order=desc&sort=date HTTP/1.1" 200 22012
