156.59.198.136 - - [08/Jan/2024:23:36:03 -0500] "GET /BLA/resoluciones/AUTOS%202023/4265.pdf HTTP/1.0" 200 542373
201.245.192.253 - - [08/Jan/2024:23:36:21 -0500] "POST /kwsrmcab/Wsrmcab  HTTP/1.1" 200 36937
156.59.198.136 - - [08/Jan/2024:23:36:27 -0500] "GET /BLA/resoluciones/AUTOS%202023/5411.pdf HTTP/1.0" 200 354495
156.59.198.135 - - [08/Jan/2024:23:36:51 -0500] "GET /BLA/resoluciones/Notificaciones/AUTOS%202014/6068.doc HTTP/1.0" 200 154624
156.59.198.136 - - [08/Jan/2024:23:37:16 -0500] "GET /BLA/resoluciones/Notificaciones/AUTOS%202014/3913.doc HTTP/1.0" 200 169472
172.22.2.4 - - [08/Jan/2024:23:37:17 -0500] "GET /BLA/boletinlegal/Circulares/2019/.pdf HTTP/1.1" 404 1218
156.59.198.135 - - [08/Jan/2024:23:37:41 -0500] "GET /BLA/resoluciones/AUTOS%202023/4751.pdf HTTP/1.0" 200 407619
156.59.198.136 - - [08/Jan/2024:23:38:05 -0500] "GET /BLA/resoluciones/AUTOS%202023/5812.pdf HTTP/1.0" 200 395987
156.59.198.136 - - [08/Jan/2024:23:38:29 -0500] "GET /BLA/resoluciones/Notificaciones/AUTOS%202014/4812.doc HTTP/1.0" 200 94720
156.59.198.136 - - [08/Jan/2024:23:38:54 -0500] "GET /BLA/resoluciones/Notificaciones/AUTOS%202014/0947.doc HTTP/1.0" 200 228864
201.245.192.253 - - [08/Jan/2024:23:39:15 -0500] "POST /kwsrmcab/Wsrmcab HTTP/1.1" 200 36863
156.59.198.136 - - [08/Jan/2024:23:39:18 -0500] "GET /BLA/resoluciones/AUTOS%202023/3328.pdf HTTP/1.0" 200 991573
172.22.2.4 - - [08/Jan/2024:23:37:58 -0500] "HEAD /BLA/boletinlegal/ HTTP/1.1" 200 -
156.59.198.136 - - [08/Jan/2024:23:39:43 -0500] "GET /BLA/resoluciones/Notificaciones/AUTOS%202014/3008.doc HTTP/1.0" 200 244736
201.245.192.253 - - [08/Jan/2024:23:39:55 -0500] "POST /kwsrmcab/Wsrmcab HTTP/1.1" 200 37028
156.59.198.136 - - [08/Jan/2024:23:40:08 -0500] "GET /BLA/resoluciones/AUTOS%202023/4726.pdf HTTP/1.0" 200 1132644
172.22.2.4 - - [08/Jan/2024:23:38:49 -0500] "GET /BLA/boletinlegal/ HTTP/1.1" 200 58172
216.245.221.92 - - [08/Jan/2024:23:40:29 -0500] "HEAD / HTTP/1.1" 200 -
156.59.198.136 - - [08/Jan/2024:23:40:32 -0500] "GET /BLA/resoluciones/AUTOS%202023/1193.pdf HTTP/1.0" 200 1852514
156.59.198.136 - - [08/Jan/2024:23:40:58 -0500] "GET /BLA/resoluciones/RESOLUCIONES%202019/1403.pdf HTTP/1.0" 200 346940
66.249.66.20 - - [08/Jan/2024:23:41:16 -0500] "GET /BLA/resoluciones/Notificaciones/AUTOS%202023/5867.pdf HTTP/1.1" 200 422066
156.59.198.136 - - [08/Jan/2024:23:41:21 -0500] "GET /BLA/resoluciones/AUTOS%202023/4923.pdf HTTP/1.0" 200 362025
201.245.192.253 - - [08/Jan/2024:23:41:20 -0500] "POST /kwsrmcab/Wsrmcab  HTTP/1.1" 200 36937
156.59.198.135 - - [08/Jan/2024:23:41:45 -0500] "GET /BLA/resoluciones/Notificaciones/AUTOS%202014/2120.doc HTTP/1.0" 200 258560
156.59.198.135 - - [08/Jan/2024:23:42:09 -0500] "GET /BLA/resoluciones/AUTOS%202023/5905.pdf HTTP/1.0" 200 1063154
156.59.198.136 - - [08/Jan/2024:23:42:34 -0500] "GET /BLA/resoluciones/Notificaciones/AUTOS%202014/4653.doc HTTP/1.0" 200 96768
156.59.198.136 - - [08/Jan/2024:23:43:00 -0500] "GET /BLA/resoluciones/Notificaciones/AUTOS%202014/0469.doc HTTP/1.0" 200 257536
156.59.198.136 - - [08/Jan/2024:23:43:24 -0500] "GET /BLA/resoluciones/AUTOS%202023/05876.pdf HTTP/1.0" 200 399835
156.59.198.136 - - [08/Jan/2024:23:43:49 -0500] "GET /BLA/resoluciones/Notificaciones/AUTOS%202014/4645.doc HTTP/1.0" 200 97280
156.59.198.136 - - [08/Jan/2024:23:44:14 -0500] "GET /BLA/resoluciones/Notificaciones/AUTOS%202014/1538.doc HTTP/1.0" 200 230912
156.59.198.135 - - [08/Jan/2024:23:44:39 -0500] "GET /BLA/resoluciones/AUTOS%202023/4863.pdf HTTP/1.0" 200 453024
47.128.16.254 - - [08/Jan/2024:23:45:05 -0500] "GET /BLA/resoluciones/dlf/dirup.png HTTP/1.1" 200 644
47.128.16.254 - - [08/Jan/2024:23:45:05 -0500] "GET /BLA/resoluciones/dlf/pdf.gif HTTP/1.1" 200 272
156.59.198.136 - - [08/Jan/2024:23:45:26 -0500] "GET /BLA/resoluciones/RESOLUCIONES%202019/0401.pdf HTTP/1.0" 200 275743
172.22.2.4 - - [08/Jan/2024:23:43:48 -0500] "HEAD /BLA/boletinlegal/ HTTP/1.1" 200 -
216.245.221.92 - - [08/Jan/2024:23:45:29 -0500] "HEAD / HTTP/1.1" 200 -
47.128.16.254 - - [08/Jan/2024:23:45:04 -0500] "GET /BLA/resoluciones/index.php?dir=AUTOS%202011%2F&order=desc&sort=name HTTP/1.1" 200 602059
156.59.198.135 - - [08/Jan/2024:23:45:50 -0500] "GET /BLA/resoluciones/RESOLUCIONES%202019/2820.pdf HTTP/1.0" 200 404778
186.154.118.120 - - [08/Jan/2024:23:46:00 -0500] "GET /portaldeninos/wp-content/uploads/2019/06/CabezoteAMBIENTIC.mp4 HTTP/1.1" 206 2
186.154.118.120 - - [08/Jan/2024:23:46:00 -0500] "GET /portaldeninos/wp-content/uploads/2023/08/Infografia-Web-Infantil.mp4 HTTP/1.1" 206 2
62.133.46.135 - - [08/Jan/2024:23:46:03 -0500] "GET / HTTP/1.1" 200 319
40.77.167.54 - - [08/Jan/2024:23:46:12 -0500] "GET /BLA/resoluciones/AUTOS%202022/7173.pdf HTTP/1.1" 304 -
156.59.198.136 - - [08/Jan/2024:23:46:16 -0500] "GET /BLA/resoluciones/RESOLUCIONES%202019/2829.pdf HTTP/1.0" 200 527902
172.22.2.4 - - [08/Jan/2024:23:44:39 -0500] "GET /BLA/boletinlegal/ HTTP/1.1" 200 60502
201.245.192.253 - - [08/Jan/2024:23:46:19 -0500] "POST /kwsrmcab/Wsrmcab  HTTP/1.1" 200 36937
156.59.198.135 - - [08/Jan/2024:23:46:40 -0500] "GET /BLA/resoluciones/RESOLUCIONES%202019/1640.pdf HTTP/1.0" 200 290337
156.59.198.135 - - [08/Jan/2024:23:47:04 -0500] "GET /BLA/resoluciones/AUTOS%202023/2524.pdf HTTP/1.0" 200 670064
156.59.198.135 - - [08/Jan/2024:23:47:29 -0500] "GET /BLA/resoluciones/AUTOS%202023/4150.pdf HTTP/1.0" 200 416249
156.59.198.136 - - [08/Jan/2024:23:47:52 -0500] "GET /BLA/resoluciones/Notificaciones/AUTOS%202014/6098.doc HTTP/1.0" 200 154624
156.59.198.135 - - [08/Jan/2024:23:48:17 -0500] "GET /BLA/resoluciones/Notificaciones/AUTOS%202014/06331.doc HTTP/1.0" 200 84091
156.59.198.136 - - [08/Jan/2024:23:48:42 -0500] "GET /BLA/resoluciones/AUTOS%202023/3794.pdf HTTP/1.0" 200 1509076
156.59.198.135 - - [08/Jan/2024:23:49:06 -0500] "GET /BLA/resoluciones/RESOLUCIONES%202019/0121.pdf HTTP/1.0" 200 291109
156.59.198.136 - - [08/Jan/2024:23:49:30 -0500] "GET /BLA/resoluciones/AUTOS%202023/2035.pdf HTTP/1.0" 200 1312111
40.77.167.20 - - [08/Jan/2024:23:49:44 -0500] "GET /BLA/resoluciones/index.php?dir=RESOLUCIONES+2006%2FRES+2006++3001-3054%2F HTTP/1.1" 200 13210
156.59.198.136 - - [08/Jan/2024:23:49:54 -0500] "GET /BLA/resoluciones/RESOLUCIONES%202019/1567.pdf HTTP/1.0" 200 221287
156.59.198.136 - - [08/Jan/2024:23:50:18 -0500] "GET /BLA/resoluciones/RESOLUCIONES%202019/0858.pdf HTTP/1.0" 200 322876
216.245.221.92 - - [08/Jan/2024:23:50:29 -0500] "HEAD / HTTP/1.1" 200 -
156.59.198.136 - - [08/Jan/2024:23:50:42 -0500] "GET /BLA/resoluciones/RESOLUCIONES%202019/2183.pdf HTTP/1.0" 200 496857
156.59.198.135 - - [08/Jan/2024:23:51:08 -0500] "GET /BLA/resoluciones/AUTOS%202023/2714.pdf HTTP/1.0" 200 416339
172.22.2.4 - - [08/Jan/2024:23:49:38 -0500] "HEAD /BLA/boletinlegal/ HTTP/1.1" 200 -
201.245.192.253 - - [08/Jan/2024:23:51:18 -0500] "POST /kwsrmcab/Wsrmcab  HTTP/1.1" 200 36937
156.59.198.136 - - [08/Jan/2024:23:51:32 -0500] "GET /BLA/resoluciones/AUTOS%202023/2433.pdf HTTP/1.0" 200 1311104
156.59.198.135 - - [08/Jan/2024:23:52:00 -0500] "GET /BLA/resoluciones/Notificaciones/AUTOS%202014/3178.doc HTTP/1.0" 200 101376
172.22.2.4 - - [08/Jan/2024:23:50:29 -0500] "GET /BLA/boletinlegal/ HTTP/1.1" 200 58567
156.59.198.136 - - [08/Jan/2024:23:52:23 -0500] "GET /BLA/resoluciones/Notificaciones/AUTOS%202014/1507.doc HTTP/1.0" 200 255488
156.59.198.136 - - [08/Jan/2024:23:52:46 -0500] "GET /BLA/resoluciones/RESOLUCIONES%202019/3698.pdf HTTP/1.0" 200 277854
156.59.198.136 - - [08/Jan/2024:23:53:10 -0500] "GET /BLA/resoluciones/RESOLUCIONES%202019/1762.pdf HTTP/1.0" 200 289942
156.59.198.136 - - [08/Jan/2024:23:53:35 -0500] "GET /BLA/resoluciones/Notificaciones/AUTOS%202014/3734.doc HTTP/1.0" 200 100864
156.59.198.136 - - [08/Jan/2024:23:53:58 -0500] "GET /BLA/resoluciones/AUTOS%202023/0126.pdf HTTP/1.0" 200 2014092
156.59.198.135 - - [08/Jan/2024:23:54:25 -0500] "GET /BLA/resoluciones/AUTOS%202023/3123.pdf HTTP/1.0" 200 1375872
156.59.198.136 - - [08/Jan/2024:23:54:48 -0500] "GET /BLA/resoluciones/RESOLUCIONES%202019/2069.pdf HTTP/1.0" 200 2535303
156.59.198.135 - - [08/Jan/2024:23:55:13 -0500] "GET /BLA/resoluciones/AUTOS%202023/5106.pdf HTTP/1.0" 200 397580
186.155.47.188 - - [08/Jan/2024:23:55:19 -0500] "GET /appsia/controlador HTTP/1.1" 200 4799
186.155.47.188 - - [08/Jan/2024:23:55:20 -0500] "GET /appsia/css/estilos.css HTTP/1.1" 200 4804
186.155.47.188 - - [08/Jan/2024:23:55:20 -0500] "GET /appsia/scripts/validarIngreso.js HTTP/1.1" 200 851
186.155.47.188 - - [08/Jan/2024:23:55:20 -0500] "GET /appsia/images/cabezoteHojaVida.png HTTP/1.1" 200 32493
186.155.47.188 - - [08/Jan/2024:23:55:20 -0500] "GET /appsia/images/logo_bogota_p.png HTTP/1.1" 200 14951
186.155.47.188 - - [08/Jan/2024:23:55:20 -0500] "GET /favicon.ico HTTP/1.1" 200 7782
216.245.221.92 - - [08/Jan/2024:23:55:29 -0500] "HEAD / HTTP/1.1" 200 -
156.59.198.136 - - [08/Jan/2024:23:55:37 -0500] "GET /BLA/resoluciones/Notificaciones/AUTOS%202014/4682.doc HTTP/1.0" 200 97792
186.155.47.188 - - [08/Jan/2024:23:55:37 -0500] "POST /appsia/controlador HTTP/1.1" 200 3601
186.155.47.188 - - [08/Jan/2024:23:55:37 -0500] "GET /appsia/jscripts/validarSolicitud.js HTTP/1.1" 404 68
191.102.224.197 - - [08/Jan/2024:23:55:40 -0500] "GET /appsia/controlador HTTP/1.1" 200 4799
191.102.224.197 - - [08/Jan/2024:23:55:41 -0500] "GET /appsia/css/estilos.css HTTP/1.1" 200 4804
191.102.224.197 - - [08/Jan/2024:23:55:41 -0500] "GET /appsia/scripts/validarIngreso.js HTTP/1.1" 200 851
191.102.224.197 - - [08/Jan/2024:23:55:41 -0500] "GET /appsia/images/logo_bogota_p.png HTTP/1.1" 200 14951
191.102.224.197 - - [08/Jan/2024:23:55:41 -0500] "GET /appsia/images/cabezoteHojaVida.png HTTP/1.1" 200 32493
186.155.47.188 - - [08/Jan/2024:23:55:45 -0500] "POST /appsia/controlador HTTP/1.1" 200 4799
66.249.66.21 - - [08/Jan/2024:23:55:51 -0500] "GET /BLA/resoluciones/Notificaciones/AUTOS%202023/5877.pdf HTTP/1.1" 200 416564
156.59.198.135 - - [08/Jan/2024:23:56:01 -0500] "GET /BLA/resoluciones/RESOLUCIONES%202019/3414.pdf HTTP/1.0" 200 299502
186.155.47.188 - - [08/Jan/2024:23:56:09 -0500] "POST /appsia/controlador HTTP/1.1" 200 5437
186.155.47.188 - - [08/Jan/2024:23:56:12 -0500] "POST /appsia/controlador HTTP/1.1" 200 7728
186.155.47.188 - - [08/Jan/2024:23:56:12 -0500] "GET /appsia/images/logo_escudo.png HTTP/1.1" 200 36965
201.245.192.253 - - [08/Jan/2024:23:56:17 -0500] "POST /kwsrmcab/Wsrmcab  HTTP/1.1" 200 36937
156.59.198.135 - - [08/Jan/2024:23:56:25 -0500] "GET /BLA/resoluciones/RESOLUCIONES%202019/3127.pdf HTTP/1.0" 200 562483
66.249.66.193 - - [08/Jan/2024:23:56:47 -0500] "GET /proyecto-avantia-con-la-union-europea-busca-especialista-en-cambio-climatico.html HTTP/1.1" 304 -
156.59.198.135 - - [08/Jan/2024:23:56:49 -0500] "GET /BLA/resoluciones/Notificaciones/AUTOS%202014/4727.doc HTTP/1.0" 200 96768
172.22.2.4 - - [08/Jan/2024:23:55:28 -0500] "HEAD /BLA/boletinlegal/ HTTP/1.1" 200 -
156.59.198.136 - - [08/Jan/2024:23:57:15 -0500] "GET /BLA/resoluciones/Notificaciones/AUTOS%202014/5122.doc HTTP/1.0" 200 96768
156.59.198.136 - - [08/Jan/2024:23:57:40 -0500] "GET /BLA/resoluciones/RESOLUCIONES%202019/2949.pdf HTTP/1.0" 200 324454
172.22.2.4 - - [08/Jan/2024:23:56:19 -0500] "GET /BLA/boletinlegal/ HTTP/1.1" 200 58567
156.59.198.136 - - [08/Jan/2024:23:58:04 -0500] "GET /BLA/resoluciones/Notificaciones/AUTOS%202014/4665.doc HTTP/1.0" 200 96256
186.115.225.51 - - [08/Jan/2024:23:58:11 -0500] "GET /kwssiamovil/sm/acme/a?s=U2FsdGVkX1/FQ4iFZAjrnoyJ6Ss71gGqB7fOS5T2TbVV3hxzvVGRMUrvVxuDmtRAylhjJDPLpEMEQVx2kgZpBsS3yMoxRLLg45wiAve1Zc3hpSnXKBwtzOHEpIub+mNpJuG7jEcPHg1MqpjyTRdvxYW3cmiDMjtWuaN2ODC27VUbzLF2lnLr1YRh5sUpcVwrfxORxe8KEAYbk8/4+tL0fKkTVtwzV93sgPf2w+i+CDAs9cbXw/zG974kL9z1izJfx5RCht2hEEL9okUzyH0OhA==&u=U2FsdGVkX19l8MkkaBy8SvMgp2sjie+YPCcI0a8VpHyg4W3hl6Hg5n45VLIInmUd&y=U2FsdGVkX1/1FCOSWd7IRU52i4N2Dl9vxxvEPOBiFrspP/VgP89aYkJJxDyDb3dH HTTP/1.1" 200 26
186.115.225.51 - - [08/Jan/2024:23:58:12 -0500] "GET /kwssiamovil/sm/acme/a?s=U2FsdGVkX1+H8iZAEzzCXxCB3ws8EcUunuVNlIm73XPUMyZbrW+1mjZjePgMj7kxWKzi4CCiDGcy3gUOR7ejN9Y7V28CThHkbFD+Rzj3ZaMITpJBEX2RuMJTF8JsbuzjMnQ7b/Rk8hsP2gq0Fro142IVF7dCcQOGL4+N8j0R+CpOZsTikFOLyuBvO6njxccIipxrKbYy448fcKxfkzGbI46Ki/aMyNCUqmvrY8nMKPaF4Z/83VEGRfwqQsc9YH8hgwnAWuDg5SEBPQKYEaaJG2YxgVOxOavhtXXBcvO5GAUMLN/vFD8jiRnTgET0aF6ekwec4HG/KSwiHkoTA9yAhhY5sdDNS9Dz5WtUN3z7LwudKRrEjX2aAibpNSzRz5r0Vz0oTJUOv7XeeCYJhdh2VgxlAyOvNv3/2b0Z1/cNniIieL8d+05Ktg7y8fxGyOtVrDR8xxuhtL3q0sF60wZisRxz2DVUWn87yvRN/aoVHxv+2wFDmxFJrp46F3v5DzJxl0UhIa0EcFYy31ge6A26bG7IV6ygluDAQK6v4NW4Qzs5cOyIAY6ZxJEsyRAMuv+YScl3ZP301UHhKZDbLsW8AkRw7RnsgCzMvNhZ2hmWygC8N+mYcKAY025GFdK/ET559oz/6jHl/Vf06HwASf4M4CtVK6IhtjaIfQX5HJOxDOveoQxve0Zcx+Qb5/zJ/5NS3gPkaMxiQgObcB3wfmED7iO1NCJBkAkoGTH05UDANKhyh/Hb7IFuPQkzqibMb2kJrLaAeO4ycv/BJ10xkExh3Cv4UrcaRWKNFdFiW0ycS6X1nryXNmjhW1Kp5lUcKGPHIMhxrmA3DOF6QPuTJ87v2XYbfZ2B9aoaRK82XoJNO1f5ubmeNQqDIhIfqcWVk6FdrWkU2Wv0kZR69a1sKpj9LZv84TT56I84GGtclRleDSZ/WN+IqwqrZUBcQeBAt3Z4AM6ojybLvvJErcULOu/vbZhh/GjTaXB6vxzSL4+YVLx56cHFhSwxDton8C6rc0ZkSZof7XWA0J8D6qDbYB6GXunxrsBmKzqZ7gISi1pBrqh0NvCcVwRMA0KEkuEVLphC35qqURQnb5TJa49ZZtURv3gavmmuXArD1nFjd5dUwRLuhIPVhjATq8Q8nuaJCfVz3VEj9nhCsSIWX2ncCcYcFpXfx6X5VUjiz6/rGJCT0rAhTpoT2iN+PaMMsYEmfvVF8oHmFh7oAvMGjL8iDTjKtPFT3pdw9OWz5DwbZRnPwyBLvu6kzk5+VpiWMqZb8uYNVSU/6UO6Hk5a/L8PgWKLKPzlUofy0ufrTjNrBoFjAiLHgrij5HDj4v0Dc95oN4Lrkg939RxYSt5ac0KYC0ooljbIfvXeMXj/f6E3akktoh/3GMWVW2mgkNt6SfcJxhS1sSr5qFr6T9duyPeYyQcNvObhN3JqObB5cn3FmJKWSt45RUbclofVZug/Fvcjm5e0jzRuGqP76Q+TmoQG3wggrv6UQGDXEDlWt8v7IG4NckUSsuERnLzJmw35u6W5JJMblJ9j3msMjjdRGDL0qqRBLfenk8Kbp6yiFF8gvfZds31QwNpnAxeije6P+pPJclq/5ib+T0LbUNcZBBjeuqLkuV13DD+HnC5uN2n8feX4vgor8EHNhWujIYnNEoXiBWsB7k8UOI0Gy9oFRnktJ5gGuWxozoBPYry4RINwhKVbYrqbWyFam7gYF8Tu+E+7OJNT&u=U2FsdGVkX19l8MkkaBy8SvMgp2sjie+YPCcI0a8VpHyg4W3hl6Hg5n45VLIInmUd&y=U2FsdGVkX1/1FCOSWd7IRU52i4N2Dl9vxxvEPOBiFrspP/VgP89aYkJJxDyDb3dH HTTP/1.1" 200 26
186.115.225.51 - - [08/Jan/2024:23:58:12 -0500] "GET /kwssiamovil/sm/acme/a?s=U2FsdGVkX1+uLccF9ZH1Y+3x6jAds8zwFB6+5HH7DvBWCZIpi24pL0Nk8OFnvZTy5r2wh08wijxHL7+su6ZQYuynKlf8jb8c4j58oGgNlcDmsjQiUhUBA7JWn62ajkoReKfzxyieyRE+WCcuK1ujN4+urg2qJDsuqxyf5HOupyQ=&u=U2FsdGVkX19l8MkkaBy8SvMgp2sjie+YPCcI0a8VpHyg4W3hl6Hg5n45VLIInmUd&y=U2FsdGVkX1/1FCOSWd7IRU52i4N2Dl9vxxvEPOBiFrspP/VgP89aYkJJxDyDb3dH HTTP/1.1" 200 26
186.115.225.51 - - [08/Jan/2024:23:58:13 -0500] "GET /kwssiamovil/sm/acme/a?s=U2FsdGVkX1+p5W+734kt+aorOZupOW7LyQ0rNKxKKzi/7+BgpQs0b6xqmudSnQGiffqwB+ttuoTIthIKRjJlDy9yzYNciZRlHtA93WpG7w/Lm3PTvreC3326KwmWFKNRUrfCA4m7lAJK/H8qfrHYev3fgKhciMZVkCugfPjge6k=&u=U2FsdGVkX19l8MkkaBy8SvMgp2sjie+YPCcI0a8VpHyg4W3hl6Hg5n45VLIInmUd&y=U2FsdGVkX1/1FCOSWd7IRU52i4N2Dl9vxxvEPOBiFrspP/VgP89aYkJJxDyDb3dH HTTP/1.1" 200 26
186.115.225.51 - - [08/Jan/2024:23:58:13 -0500] "GET /kwssiamovil/sm/acme/a?s=U2FsdGVkX1/qoZ0f+6T/5uCKixMcM162ZihUJBIVT9A+OnsLXqRhd6QpI30/pBU7zbCcpa2Y4gb3PIzYcTILAjzXoTjfw9oCBIOjac0ZuI0KjFj5s1lkcjAq7vIQm9D/dQX55HsYLGRQmMXfKg34EBIccfKaAZafED2EXikuVfk=&u=U2FsdGVkX19l8MkkaBy8SvMgp2sjie+YPCcI0a8VpHyg4W3hl6Hg5n45VLIInmUd&y=U2FsdGVkX1/1FCOSWd7IRU52i4N2Dl9vxxvEPOBiFrspP/VgP89aYkJJxDyDb3dH HTTP/1.1" 200 26
186.115.225.51 - - [08/Jan/2024:23:58:13 -0500] "GET /kwssiamovil/sm/acme/a?s=U2FsdGVkX1+5aGuH5rsIVU81sTWrR6E8m7JIXxB7gEKIM6p0HhUJkVw5DUISG04G/kmVplsGV5n3GXSjfnntJxjlEAZf3GhOilIuby+d+UPerNO7hSi3FLwfV5h9mn9P8HDoqphfU/82Atd5Bm272VK7gJOdsPwPe1U/3y2DLl7Ow2uIud9MhxoTuH/TgFsIomR/WF0Vzw50/gTExcbuQQ==&u=U2FsdGVkX19l8MkkaBy8SvMgp2sjie+YPCcI0a8VpHyg4W3hl6Hg5n45VLIInmUd&y=U2FsdGVkX1/1FCOSWd7IRU52i4N2Dl9vxxvEPOBiFrspP/VgP89aYkJJxDyDb3dH HTTP/1.1" 200 26
156.59.198.135 - - [08/Jan/2024:23:58:28 -0500] "GET /BLA/resoluciones/Notificaciones/AUTOS%202014/5779.doc HTTP/1.0" 200 152576
156.59.198.135 - - [08/Jan/2024:23:58:52 -0500] "GET /BLA/resoluciones/RESOLUCIONES%202019/3135.pdf HTTP/1.0" 200 575919
156.59.198.135 - - [08/Jan/2024:23:59:17 -0500] "GET /BLA/resoluciones/AUTOS%202023/0917.pdf HTTP/1.0" 200 434922
216.244.66.195 - - [08/Jan/2024:23:59:30 -0500] "GET /robots.txt HTTP/1.1" 404 1018
156.59.198.136 - - [08/Jan/2024:23:59:42 -0500] "GET /BLA/resoluciones/RESOLUCIONES%202019/2171.pdf HTTP/1.0" 200 264238

:: Command execute ::

Enter:
 
Select:
 

:: Search ::
regexp 

:: Upload ::
 
[ ok ]

:: Make Dir ::
 
[ ok ]
:: Make File ::
 
[ ok ]

:: Go Dir ::
 
:: Go File ::
 

--[ c99shell v. 1.0 pre-release build #13 powered by Captain Crunch Security Team | http://ccteam.ru | Generation time: 0.1404 ]--