156.59.198.135 - - [08/Jan/2024:13:57:55 -0500] "GET /BLA/resoluciones/AUTOS%202023/1300.pdf HTTP/1.0" 200 727370
172.22.2.4 - - [08/Jan/2024:13:57:35 -0500] "GET /BLA/boletinlegal/ HTTP/1.1" 200 24523
156.59.198.136 - - [08/Jan/2024:13:58:20 -0500] "GET /BLA/resoluciones/AUTOS%202023/0398.pdf HTTP/1.0" 200 445025
156.59.198.135 - - [08/Jan/2024:13:58:43 -0500] "GET /BLA/resoluciones/AUTOS%202023/07658.pdf HTTP/1.0" 200 409022
201.245.192.253 - - [08/Jan/2024:13:58:58 -0500] "POST /kwsrmcab/Wsrmcab  HTTP/1.1" 200 36937
156.59.198.135 - - [08/Jan/2024:13:59:08 -0500] "GET /BLA/resoluciones/AUTOS%202023/05446.pdf HTTP/1.0" 200 420757
66.249.66.20 - - [08/Jan/2024:13:59:31 -0500] "GET /BLA/resoluciones/RESOLUCIONES%202010/7753.pdf HTTP/1.1" 200 543457
156.59.198.135 - - [08/Jan/2024:13:59:33 -0500] "GET /BLA/resoluciones/AUTOS%202023/0142.pdf HTTP/1.0" 200 530174
31.220.88.155 - - [08/Jan/2024:13:59:57 -0500] "\x16\x03\x01\x01\xc0\x01" 400 226
156.59.198.136 - - [08/Jan/2024:13:59:57 -0500] "GET /BLA/resoluciones/AUTOS%202023/0223.pdf HTTP/1.0" 200 462123
156.59.198.136 - - [08/Jan/2024:14:00:21 -0500] "GET /BLA/resoluciones/AUTOS%202023/1025.pdf HTTP/1.0" 200 423824
191.156.233.100 - - [08/Jan/2024:14:00:27 -0500] "GET /inicia-el-2024-conociendo-la-biodiversidad-de-bogoti.html?fbclid=IwAR3nshc_Ibs1a32GSDgBhejW_fB9ACdmbRBB1v3CU4JxD8-2Y2GMOoEXgQQ_aem_AW9l19vTU67rZlqlDz0MCFvdXeQLE5xbYU5ykPAmLbjZubeza4zjw6VdP0ZevaiQfQY HTTP/1.1" 200 894
216.245.221.92 - - [08/Jan/2024:14:00:30 -0500] "HEAD / HTTP/1.1" 200 -
156.59.198.136 - - [08/Jan/2024:14:00:45 -0500] "GET /BLA/resoluciones/AUTOS%202023/08025.pdf HTTP/1.0" 200 403756
156.59.198.136 - - [08/Jan/2024:14:01:11 -0500] "GET /BLA/resoluciones/AUTOS%202023/0546.pdf HTTP/1.0" 200 507046
156.59.198.135 - - [08/Jan/2024:14:01:36 -0500] "GET /BLA/resoluciones/AUTOS%202023/2959.pdf HTTP/1.0" 200 374365
156.59.198.135 - - [08/Jan/2024:14:02:00 -0500] "GET /BLA/resoluciones/AUTOS%202023/3538.pdf HTTP/1.0" 200 412908
172.22.2.4 - - [08/Jan/2024:14:00:27 -0500] "HEAD /BLA/boletinlegal/ HTTP/1.1" 200 -
156.59.198.136 - - [08/Jan/2024:14:02:24 -0500] "GET /BLA/resoluciones/AUTOS%202023/1087.pdf HTTP/1.0" 200 414092
156.59.198.135 - - [08/Jan/2024:14:02:49 -0500] "GET /BLA/resoluciones/AUTOS%202023/3686.pdf HTTP/1.0" 200 458611
172.22.2.4 - - [08/Jan/2024:14:01:18 -0500] "GET /BLA/boletinlegal/ HTTP/1.1" 200 58567
156.59.198.136 - - [08/Jan/2024:14:03:14 -0500] "GET /BLA/resoluciones/AUTOS%202023/1316.pdf HTTP/1.0" 200 424538
156.59.198.135 - - [08/Jan/2024:14:03:38 -0500] "GET /BLA/resoluciones/AUTOS%202023/0111.pdf HTTP/1.0" 200 1021667
201.245.192.253 - - [08/Jan/2024:14:03:56 -0500] "POST /kwsrmcab/Wsrmcab  HTTP/1.1" 200 36937
156.59.198.136 - - [08/Jan/2024:14:04:04 -0500] "GET /BLA/resoluciones/AUTOS%202023/3267.pdf HTTP/1.0" 200 2736962
156.59.198.136 - - [08/Jan/2024:14:04:28 -0500] "GET /BLA/resoluciones/AUTOS%202023/2954.pdf HTTP/1.0" 200 800208
156.59.198.135 - - [08/Jan/2024:14:04:52 -0500] "GET /BLA/resoluciones/AUTOS%202023/2302.pdf HTTP/1.0" 200 654613
156.59.198.135 - - [08/Jan/2024:14:05:16 -0500] "GET /BLA/resoluciones/AUTOS%202023/5793.pdf HTTP/1.0" 200 435117
216.245.221.92 - - [08/Jan/2024:14:05:30 -0500] "HEAD / HTTP/1.1" 200 -
156.59.198.135 - - [08/Jan/2024:14:05:41 -0500] "GET /BLA/resoluciones/AUTOS%202023/1490.pdf HTTP/1.0" 200 515813
201.244.235.172 - - [08/Jan/2024:14:05:47 -0500] "POST /sipse/faces/presentacion/financiero/solicitudProceso/consultarSolicitudProceso.xhtml HTTP/1.1" 200 44895
201.244.235.172 - - [08/Jan/2024:14:05:47 -0500] "GET /sipse/faces/javax.faces.resource/primefaces.css?ln=primefaces&v=4.0 HTTP/1.1" 304 -
201.244.235.172 - - [08/Jan/2024:14:05:47 -0500] "GET /sipse/faces/javax.faces.resource/theme.css?ln=primefaces-sipse HTTP/1.1" 304 -
201.244.235.172 - - [08/Jan/2024:14:05:47 -0500] "GET /sipse/faces/javax.faces.resource/jquery/jquery-plugins.js?ln=primefaces&v=4.0 HTTP/1.1" 304 -
201.244.235.172 - - [08/Jan/2024:14:05:47 -0500] "GET /sipse/faces/javax.faces.resource/jquery/jquery.js?ln=primefaces&v=4.0 HTTP/1.1" 304 -
201.244.235.172 - - [08/Jan/2024:14:05:47 -0500] "GET /sipse/faces/javax.faces.resource/layout/layout.js?ln=primefaces&v=4.0 HTTP/1.1" 304 -
201.244.235.172 - - [08/Jan/2024:14:05:47 -0500] "GET /sipse/faces/javax.faces.resource/layout/layout.css?ln=primefaces&v=4.0 HTTP/1.1" 304 -
201.244.235.172 - - [08/Jan/2024:14:05:47 -0500] "GET /sipse/faces/javax.faces.resource/primefaces.js?ln=primefaces&v=4.0 HTTP/1.1" 304 -
201.244.235.172 - - [08/Jan/2024:14:05:47 -0500] "GET /sipse/css/imagen/contrasena.png HTTP/1.1" 404 383
201.244.235.172 - - [08/Jan/2024:14:05:47 -0500] "GET /sipse/faces/javax.faces.resource/images/ui-icons_898989_256x240.png?ln=primefaces-aristo HTTP/1.1" 304 -
201.244.235.172 - - [08/Jan/2024:14:05:49 -0500] "GET /sipse/faces/javax.faces.resource/images/ui-bg_flat_0_2d5972_40x100.png?ln=primefaces-aristo HTTP/1.1" 304 -
201.244.235.172 - - [08/Jan/2024:14:05:49 -0500] "POST /sipse/faces/presentacion/financiero/solicitudProceso/consultar.xhtml HTTP/1.1" 200 12780
201.244.235.172 - - [08/Jan/2024:14:05:52 -0500] "POST /sipse/faces/presentacion/financiero/solicitudProceso/consultar.xhtml HTTP/1.1" 200 158603
201.244.235.172 - - [08/Jan/2024:14:05:53 -0500] "GET /sipse/faces/javax.faces.resource/primefaces.css?ln=primefaces&v=4.0 HTTP/1.1" 304 -
201.244.235.172 - - [08/Jan/2024:14:05:53 -0500] "GET /sipse/faces/javax.faces.resource/layout/layout.css?ln=primefaces&v=4.0 HTTP/1.1" 304 -
201.244.235.172 - - [08/Jan/2024:14:05:53 -0500] "GET /sipse/faces/javax.faces.resource/theme.css?ln=primefaces-sipse HTTP/1.1" 304 -
201.244.235.172 - - [08/Jan/2024:14:05:53 -0500] "GET /sipse/faces/javax.faces.resource/jquery/jquery.js?ln=primefaces&v=4.0 HTTP/1.1" 304 -
201.244.235.172 - - [08/Jan/2024:14:05:53 -0500] "GET /sipse/faces/javax.faces.resource/jquery/jquery-plugins.js?ln=primefaces&v=4.0 HTTP/1.1" 304 -
201.244.235.172 - - [08/Jan/2024:14:05:53 -0500] "GET /sipse/faces/javax.faces.resource/primefaces.js?ln=primefaces&v=4.0 HTTP/1.1" 304 -
201.244.235.172 - - [08/Jan/2024:14:05:53 -0500] "GET /sipse/faces/javax.faces.resource/layout/layout.js?ln=primefaces&v=4.0 HTTP/1.1" 304 -
201.244.235.172 - - [08/Jan/2024:14:05:58 -0500] "POST /sipse/faces/presentacion/financiero/solicitudProceso/consultarSolicitudProceso.xhtml HTTP/1.1" 200 176873
201.244.235.172 - - [08/Jan/2024:14:05:59 -0500] "POST /sipse/faces/presentacion/financiero/solicitudProceso/consultarSolicitudProceso.xhtml HTTP/1.1" 200 2136390
156.59.198.136 - - [08/Jan/2024:14:06:05 -0500] "GET /BLA/resoluciones/AUTOS%202023/08295.pdf HTTP/1.0" 200 391186
156.59.198.135 - - [08/Jan/2024:14:06:30 -0500] "GET /BLA/resoluciones/AUTOS%202023/0954.pdf HTTP/1.0" 200 1472661
168.119.252.242 - - [08/Jan/2024:14:06:48 -0500] "GET / HTTP/1.1" 200 319
168.119.252.242 - - [08/Jan/2024:14:06:48 -0500] "GET / HTTP/1.1" 200 4720
156.59.198.135 - - [08/Jan/2024:14:06:56 -0500] "GET /BLA/resoluciones/AUTOS%202023/1926.pdf HTTP/1.0" 200 412528
66.249.66.20 - - [08/Jan/2024:14:07:06 -0500] "GET /BLA/resoluciones/Notificaciones/REGISTROS%202016/1267.pdf HTTP/1.1" 200 372414
156.59.198.136 - - [08/Jan/2024:14:07:20 -0500] "GET /BLA/resoluciones/AUTOS%202023/05455.pdf HTTP/1.0" 200 378016
173.252.127.4 - - [08/Jan/2024:14:07:41 -0500] "GET /inicia-el-2024-conociendo-la-biodiversidad-de-bogoti.html?fbclid=IwAR1xvizB_McCX0ABRCL0lo9EHDoBUwcb5C8jydvl8yq2Nyjg3zs2wf2v3IQ HTTP/1.1" 200 894
156.59.198.135 - - [08/Jan/2024:14:07:45 -0500] "GET /BLA/resoluciones/AUTOS%202023/0977.pdf HTTP/1.0" 200 1405266
172.22.2.4 - - [08/Jan/2024:14:06:17 -0500] "HEAD /BLA/boletinlegal/ HTTP/1.1" 200 -
156.59.198.136 - - [08/Jan/2024:14:08:10 -0500] "GET /BLA/resoluciones/AUTOS%202023/3080.pdf HTTP/1.0" 200 2552943
156.59.198.136 - - [08/Jan/2024:14:08:34 -0500] "GET /BLA/resoluciones/AUTOS%202023/3906.pdf HTTP/1.0" 200 416187
172.22.2.4 - - [08/Jan/2024:14:07:08 -0500] "GET /BLA/boletinlegal/ HTTP/1.1" 200 55725
201.245.192.253 - - [08/Jan/2024:14:08:56 -0500] "POST /kwsrmcab/Wsrmcab  HTTP/1.1" 200 36937
156.59.198.135 - - [08/Jan/2024:14:08:58 -0500] "GET /BLA/resoluciones/AUTOS%202023/0467.pdf HTTP/1.0" 200 463220
156.59.198.135 - - [08/Jan/2024:14:09:22 -0500] "GET /BLA/resoluciones/AUTOS%202023/3437.pdf HTTP/1.0" 200 442442
156.59.198.136 - - [08/Jan/2024:14:09:47 -0500] "GET /BLA/resoluciones/AUTOS%202023/3269.pdf HTTP/1.0" 200 1730085
66.249.66.20 - - [08/Jan/2024:14:09:54 -0500] "GET /webfile/normas/ley%20527.pdf HTTP/1.1" 404 1100
156.59.198.135 - - [08/Jan/2024:14:10:11 -0500] "GET /BLA/resoluciones/AUTOS%202023/0077.pdf HTTP/1.0" 200 390626
216.245.221.92 - - [08/Jan/2024:14:10:30 -0500] "HEAD / HTTP/1.1" 200 -
156.59.198.136 - - [08/Jan/2024:14:10:36 -0500] "GET /BLA/resoluciones/AUTOS%202023/1378.pdf HTTP/1.0" 200 458749
31.220.88.155 - - [08/Jan/2024:14:10:49 -0500] "GET /admin/config.php HTTP/1.0" 404 1018
66.249.66.20 - - [08/Jan/2024:14:10:59 -0500] "GET /BLA/resoluciones/RESOLUCIONES%202018/3473.pdf HTTP/1.1" 200 240863
156.59.198.136 - - [08/Jan/2024:14:11:01 -0500] "GET /BLA/resoluciones/AUTOS%202023/0731.pdf HTTP/1.0" 200 1681300
66.249.66.20 - - [08/Jan/2024:14:11:16 -0500] "GET /BLA/resoluciones/RESOLUCIONES%202007/RES%202007%202301%20AL%202400/RESOLUCION%202368%20DE%202007.pdf HTTP/1.1" 200 218910
156.59.198.135 - - [08/Jan/2024:14:11:23 -0500] "GET /BLA/resoluciones/AUTOS%202023/5936.pdf HTTP/1.0" 200 427032
156.59.198.135 - - [08/Jan/2024:14:11:48 -0500] "GET /BLA/resoluciones/AUTOS%202023/0698.pdf HTTP/1.0" 200 375077
211.140.23.130 - - [08/Jan/2024:14:11:52 -0500] "GET /galeria/galeria/fotos/Humedal-techo1P.jpg HTTP/1.1" 200 33428
156.59.198.135 - - [08/Jan/2024:14:12:12 -0500] "GET /BLA/resoluciones/AUTOS%202023/0472.pdf HTTP/1.0" 200 338140
156.59.198.136 - - [08/Jan/2024:14:12:36 -0500] "GET /BLA/resoluciones/AUTOS%202023/4004.pdf HTTP/1.0" 200 433299
156.59.198.136 - - [08/Jan/2024:14:13:01 -0500] "GET /BLA/resoluciones/AUTOS%202023/4151.pdf HTTP/1.0" 200 436099
156.59.198.135 - - [08/Jan/2024:14:13:24 -0500] "GET /BLA/resoluciones/Notificaciones/AUTOS%202014/4601.doc HTTP/1.0" 200 -
190.68.153.221 - - [08/Jan/2024:14:13:36 -0500] "GET /BLA/resoluciones/RESOLUCIONES%202014/3414.pdf HTTP/1.1" 200 652383
190.68.153.221 - - [08/Jan/2024:14:13:37 -0500] "GET /favicon.ico HTTP/1.1" 200 7782
172.22.2.4 - - [08/Jan/2024:14:12:07 -0500] "HEAD /BLA/boletinlegal/ HTTP/1.1" 200 -
156.59.198.135 - - [08/Jan/2024:14:13:49 -0500] "GET /BLA/resoluciones/Notificaciones/AUTOS%202014/4148.doc HTTP/1.0" 200 -
201.245.192.253 - - [08/Jan/2024:14:13:54 -0500] "POST /kwsrmcab/Wsrmcab  HTTP/1.1" 200 36937
156.59.198.136 - - [08/Jan/2024:14:14:13 -0500] "GET /BLA/resoluciones/AUTOS%202023/1314.pdf HTTP/1.0" 200 402403
45.13.119.147 - - [08/Jan/2024:14:14:07 -0500] "POST /boaform/admin/formLogin HTTP/1.1" 404 1186
156.59.198.135 - - [08/Jan/2024:14:14:38 -0500] "GET /BLA/resoluciones/AUTOS%202023/5228.pdf HTTP/1.0" 200 851125
172.22.2.4 - - [08/Jan/2024:14:12:58 -0500] "GET /BLA/boletinlegal/ HTTP/1.1" 200 60046
190.68.153.221 - - [08/Jan/2024:14:14:43 -0500] "GET /BLA/resoluciones/RESOLUCIONES%202014/3414.pdf HTTP/1.1" 200 652383
190.68.153.221 - - [08/Jan/2024:14:14:43 -0500] "GET /favicon.ico HTTP/1.1" 200 7782
156.59.198.135 - - [08/Jan/2024:14:15:02 -0500] "GET /BLA/resoluciones/AUTOS%202023/3181.pdf HTTP/1.0" 200 1396896
201.245.192.253 - - [08/Jan/2024:14:15:03 -0500] "POST /kwsrmcab/Wsrmcab HTTP/1.1" 200 37066
201.245.192.253 - - [08/Jan/2024:14:15:06 -0500] "POST /kwsrmcab/Wsrmcab HTTP/1.1" 200 36887
156.59.198.136 - - [08/Jan/2024:14:15:26 -0500] "GET /BLA/resoluciones/AUTOS%202023/07746.pdf HTTP/1.0" 200 382669
216.245.221.92 - - [08/Jan/2024:14:15:30 -0500] "HEAD / HTTP/1.1" 200 -
156.59.198.135 - - [08/Jan/2024:14:15:51 -0500] "GET /BLA/resoluciones/AUTOS%202023/2249.pdf HTTP/1.0" 200 2301940
201.244.235.172 - - [08/Jan/2024:14:15:52 -0500] "POST /sipse/faces/presentacion/financiero/solicitudProceso/consultarSolicitudProceso.xhtml HTTP/1.1" 200 44897
201.244.235.172 - - [08/Jan/2024:14:15:52 -0500] "GET /sipse/faces/javax.faces.resource/theme.css?ln=primefaces-sipse HTTP/1.1" 304 -
201.244.235.172 - - [08/Jan/2024:14:15:52 -0500] "GET /sipse/faces/javax.faces.resource/primefaces.css?ln=primefaces&v=4.0 HTTP/1.1" 304 -
201.244.235.172 - - [08/Jan/2024:14:15:52 -0500] "GET /sipse/faces/javax.faces.resource/layout/layout.css?ln=primefaces&v=4.0 HTTP/1.1" 304 -
201.244.235.172 - - [08/Jan/2024:14:15:52 -0500] "GET /sipse/faces/javax.faces.resource/primefaces.js?ln=primefaces&v=4.0 HTTP/1.1" 304 -
201.244.235.172 - - [08/Jan/2024:14:15:52 -0500] "GET /sipse/faces/javax.faces.resource/jquery/jquery.js?ln=primefaces&v=4.0 HTTP/1.1" 304 -
201.244.235.172 - - [08/Jan/2024:14:15:52 -0500] "GET /sipse/faces/javax.faces.resource/jquery/jquery-plugins.js?ln=primefaces&v=4.0 HTTP/1.1" 304 -
201.244.235.172 - - [08/Jan/2024:14:15:52 -0500] "GET /sipse/faces/javax.faces.resource/layout/layout.js?ln=primefaces&v=4.0 HTTP/1.1" 304 -
201.244.235.172 - - [08/Jan/2024:14:15:52 -0500] "GET /sipse/css/imagen/contrasena.png HTTP/1.1" 404 383
201.244.235.172 - - [08/Jan/2024:14:15:52 -0500] "GET /sipse/faces/javax.faces.resource/images/ui-icons_898989_256x240.png?ln=primefaces-aristo HTTP/1.1" 304 -
201.244.235.172 - - [08/Jan/2024:14:15:55 -0500] "GET /sipse/faces/javax.faces.resource/images/ui-bg_flat_0_2d5972_40x100.png?ln=primefaces-aristo HTTP/1.1" 304 -
201.244.235.172 - - [08/Jan/2024:14:15:55 -0500] "POST /sipse/faces/presentacion/financiero/solicitudProceso/consultar.xhtml HTTP/1.1" 200 12802
201.244.235.172 - - [08/Jan/2024:14:16:00 -0500] "POST /sipse/faces/presentacion/financiero/solicitudProceso/consultar.xhtml HTTP/1.1" 200 153306
201.244.235.172 - - [08/Jan/2024:14:16:01 -0500] "GET /sipse/faces/javax.faces.resource/layout/layout.css?ln=primefaces&v=4.0 HTTP/1.1" 304 -
201.244.235.172 - - [08/Jan/2024:14:16:01 -0500] "GET /sipse/faces/javax.faces.resource/theme.css?ln=primefaces-sipse HTTP/1.1" 304 -
201.244.235.172 - - [08/Jan/2024:14:16:01 -0500] "GET /sipse/faces/javax.faces.resource/primefaces.css?ln=primefaces&v=4.0 HTTP/1.1" 304 -
201.244.235.172 - - [08/Jan/2024:14:16:01 -0500] "GET /sipse/faces/javax.faces.resource/jquery/jquery.js?ln=primefaces&v=4.0 HTTP/1.1" 304 -
201.244.235.172 - - [08/Jan/2024:14:16:01 -0500] "GET /sipse/faces/javax.faces.resource/jquery/jquery-plugins.js?ln=primefaces&v=4.0 HTTP/1.1" 304 -
201.244.235.172 - - [08/Jan/2024:14:16:01 -0500] "GET /sipse/faces/javax.faces.resource/primefaces.js?ln=primefaces&v=4.0 HTTP/1.1" 304 -
201.244.235.172 - - [08/Jan/2024:14:16:01 -0500] "GET /sipse/faces/javax.faces.resource/layout/layout.js?ln=primefaces&v=4.0 HTTP/1.1" 304 -
156.59.198.135 - - [08/Jan/2024:14:16:17 -0500] "GET /BLA/resoluciones/AUTOS%202023/2590.pdf HTTP/1.0" 200 1475954
156.59.198.135 - - [08/Jan/2024:14:16:40 -0500] "GET /BLA/resoluciones/AUTOS%202023/0970.pdf HTTP/1.0" 200 441685
156.59.198.136 - - [08/Jan/2024:14:17:05 -0500] "GET /BLA/resoluciones/AUTOS%202023/1047.pdf HTTP/1.0" 200 429581
201.244.235.172 - - [08/Jan/2024:14:17:24 -0500] "POST /sipse/faces/presentacion/financiero/solicitudProceso/consultarSolicitudProceso.xhtml HTTP/1.1" 200 299265
201.244.235.172 - - [08/Jan/2024:14:17:25 -0500] "POST /sipse/faces/presentacion/financiero/solicitudProceso/consultarSolicitudProceso.xhtml HTTP/1.1" 200 2136390
156.59.198.135 - - [08/Jan/2024:14:17:29 -0500] "GET /BLA/resoluciones/AUTOS%202023/1603.pdf HTTP/1.0" 200 986297
156.59.198.136 - - [08/Jan/2024:14:17:54 -0500] "GET /BLA/resoluciones/AUTOS%202023/0958.pdf HTTP/1.0" 200 472914
168.119.61.24 - - [08/Jan/2024:14:18:08 -0500] "GET / HTTP/1.1" 200 4720
168.119.61.24 - - [08/Jan/2024:14:18:10 -0500] "GET / HTTP/1.1" 200 319
156.59.198.136 - - [08/Jan/2024:14:18:19 -0500] "GET /BLA/resoluciones/AUTOS%202023/4234.pdf HTTP/1.0" 200 1657839
156.59.198.135 - - [08/Jan/2024:14:18:44 -0500] "GET /BLA/resoluciones/AUTOS%202023/3119.pdf HTTP/1.0" 200 2011823
201.245.192.253 - - [08/Jan/2024:14:18:53 -0500] "POST /kwsrmcab/Wsrmcab  HTTP/1.1" 200 36937
156.59.198.136 - - [08/Jan/2024:14:19:08 -0500] "GET /BLA/resoluciones/AUTOS%202023/1162.pdf HTTP/1.0" 200 1183663
201.245.192.253 - - [08/Jan/2024:14:19:17 -0500] "POST /kwsrmcab/Wsrmcab HTTP/1.1" 200 37066
173.252.79.119 - - [08/Jan/2024:14:19:22 -0500] "GET /images/tigrillo.jpeg HTTP/1.1" 200 64088
156.59.198.136 - - [08/Jan/2024:14:19:33 -0500] "GET /BLA/resoluciones/AUTOS%202023/1880.pdf HTTP/1.0" 200 1242654
172.22.2.4 - - [08/Jan/2024:14:17:57 -0500] "HEAD /BLA/boletinlegal/ HTTP/1.1" 200 -
156.59.198.135 - - [08/Jan/2024:14:19:57 -0500] "GET /BLA/resoluciones/AUTOS%202023/1686.pdf HTTP/1.0" 200 684650
201.245.192.253 - - [08/Jan/2024:14:19:58 -0500] "POST /kwsrmcab/Wsrmcab HTTP/1.1" 200 36887
156.59.198.136 - - [08/Jan/2024:14:20:22 -0500] "GET /BLA/resoluciones/AUTOS%202023/0984.pdf HTTP/1.0" 200 720449
172.22.2.4 - - [08/Jan/2024:14:18:48 -0500] "GET /BLA/boletinlegal/ HTTP/1.1" 200 57683
216.245.221.92 - - [08/Jan/2024:14:20:30 -0500] "HEAD / HTTP/1.1" 200 -
156.59.198.136 - - [08/Jan/2024:14:20:46 -0500] "GET /BLA/resoluciones/AUTOS%202023/09178.pdf HTTP/1.0" 200 349595
167.248.133.38 - - [08/Jan/2024:14:21:07 -0500] "GET / HTTP/1.1" 200 319
167.248.133.38 - - [08/Jan/2024:14:21:08 -0500] "PRI * HTTP/2.0" 400 946
167.248.133.38 - - [08/Jan/2024:14:21:08 -0500] "GET /favicon.ico HTTP/1.1" 200 7782
156.59.198.136 - - [08/Jan/2024:14:21:10 -0500] "GET /BLA/resoluciones/AUTOS%202023/0181.pdf HTTP/1.0" 200 389781
156.59.198.135 - - [08/Jan/2024:14:21:34 -0500] "GET /BLA/resoluciones/AUTOS%202023/1040.pdf HTTP/1.0" 200 924066
156.59.198.136 - - [08/Jan/2024:14:22:00 -0500] "GET /BLA/resoluciones/AUTOS%202023/2369.pdf HTTP/1.0" 200 629245
201.244.235.172 - - [08/Jan/2024:14:22:12 -0500] "POST /sipse/faces/presentacion/financiero/solicitudProceso/consultarSolicitudProceso.xhtml HTTP/1.1" 200 44919
201.244.235.172 - - [08/Jan/2024:14:22:12 -0500] "GET /sipse/faces/javax.faces.resource/primefaces.css?ln=primefaces&v=4.0 HTTP/1.1" 304 -
201.244.235.172 - - [08/Jan/2024:14:22:12 -0500] "GET /sipse/faces/javax.faces.resource/theme.css?ln=primefaces-sipse HTTP/1.1" 304 -
201.244.235.172 - - [08/Jan/2024:14:22:12 -0500] "GET /sipse/faces/javax.faces.resource/jquery/jquery.js?ln=primefaces&v=4.0 HTTP/1.1" 304 -
201.244.235.172 - - [08/Jan/2024:14:22:12 -0500] "GET /sipse/faces/javax.faces.resource/primefaces.js?ln=primefaces&v=4.0 HTTP/1.1" 304 -
201.244.235.172 - - [08/Jan/2024:14:22:12 -0500] "GET /sipse/faces/javax.faces.resource/layout/layout.css?ln=primefaces&v=4.0 HTTP/1.1" 304 -
201.244.235.172 - - [08/Jan/2024:14:22:12 -0500] "GET /sipse/faces/javax.faces.resource/jquery/jquery-plugins.js?ln=primefaces&v=4.0 HTTP/1.1" 304 -
201.244.235.172 - - [08/Jan/2024:14:22:12 -0500] "GET /sipse/faces/javax.faces.resource/layout/layout.js?ln=primefaces&v=4.0 HTTP/1.1" 304 -
201.244.235.172 - - [08/Jan/2024:14:22:12 -0500] "GET /sipse/faces/javax.faces.resource/images/ui-icons_898989_256x240.png?ln=primefaces-aristo HTTP/1.1" 304 -
201.244.235.172 - - [08/Jan/2024:14:22:12 -0500] "GET /sipse/css/imagen/contrasena.png HTTP/1.1" 404 383
201.244.235.172 - - [08/Jan/2024:14:22:14 -0500] "GET /sipse/faces/javax.faces.resource/images/ui-bg_flat_0_2d5972_40x100.png?ln=primefaces-aristo HTTP/1.1" 304 -
201.244.235.172 - - [08/Jan/2024:14:22:14 -0500] "POST /sipse/faces/presentacion/financiero/solicitudProceso/consultar.xhtml HTTP/1.1" 200 12717
201.244.235.172 - - [08/Jan/2024:14:22:17 -0500] "POST /sipse/faces/presentacion/financiero/solicitudProceso/consultar.xhtml HTTP/1.1" 200 148217
201.244.235.172 - - [08/Jan/2024:14:22:18 -0500] "GET /sipse/faces/javax.faces.resource/layout/layout.css?ln=primefaces&v=4.0 HTTP/1.1" 304 -
201.244.235.172 - - [08/Jan/2024:14:22:18 -0500] "GET /sipse/faces/javax.faces.resource/theme.css?ln=primefaces-sipse HTTP/1.1" 304 -
201.244.235.172 - - [08/Jan/2024:14:22:18 -0500] "GET /sipse/faces/javax.faces.resource/primefaces.css?ln=primefaces&v=4.0 HTTP/1.1" 304 -
201.244.235.172 - - [08/Jan/2024:14:22:18 -0500] "GET /sipse/faces/javax.faces.resource/jquery/jquery.js?ln=primefaces&v=4.0 HTTP/1.1" 304 -
201.244.235.172 - - [08/Jan/2024:14:22:18 -0500] "GET /sipse/faces/javax.faces.resource/jquery/jquery-plugins.js?ln=primefaces&v=4.0 HTTP/1.1" 304 -
201.244.235.172 - - [08/Jan/2024:14:22:18 -0500] "GET /sipse/faces/javax.faces.resource/primefaces.js?ln=primefaces&v=4.0 HTTP/1.1" 304 -
201.244.235.172 - - [08/Jan/2024:14:22:18 -0500] "GET /sipse/faces/javax.faces.resource/layout/layout.js?ln=primefaces&v=4.0 HTTP/1.1" 304 -
201.244.235.172 - - [08/Jan/2024:14:22:23 -0500] "POST /sipse/faces/presentacion/financiero/solicitudProceso/consultarSolicitudProceso.xhtml HTTP/1.1" 200 239544
156.59.198.136 - - [08/Jan/2024:14:22:25 -0500] "GET /BLA/resoluciones/AUTOS%202023/2862.pdf HTTP/1.0" 200 1287907
201.244.235.172 - - [08/Jan/2024:14:22:24 -0500] "POST /sipse/faces/presentacion/financiero/solicitudProceso/consultarSolicitudProceso.xhtml HTTP/1.1" 200 2136390
156.59.198.135 - - [08/Jan/2024:14:22:49 -0500] "GET /BLA/resoluciones/AUTOS%202023/0347.pdf HTTP/1.0" 200 738912
156.59.198.135 - - [08/Jan/2024:14:23:13 -0500] "GET /BLA/resoluciones/AUTOS%202023/07681.pdf HTTP/1.0" 200 306934
156.59.198.136 - - [08/Jan/2024:14:23:37 -0500] "GET /BLA/resoluciones/AUTOS%202023/1259.pdf HTTP/1.0" 200 428308
201.245.192.253 - - [08/Jan/2024:14:23:52 -0500] "POST /kwsrmcab/Wsrmcab  HTTP/1.1" 200 36937
156.59.198.136 - - [08/Jan/2024:14:24:02 -0500] "GET /BLA/resoluciones/AUTOS%202023/5754.pdf HTTP/1.0" 200 471889
156.59.198.135 - - [08/Jan/2024:14:24:25 -0500] "GET /BLA/resoluciones/AUTOS%202023/1337.pdf HTTP/1.0" 200 427446
201.244.235.172 - - [08/Jan/2024:14:24:27 -0500] "POST /sipse/faces/presentacion/financiero/solicitudProceso/consultarSolicitudProceso.xhtml HTTP/1.1" 200 44834
201.244.235.172 - - [08/Jan/2024:14:24:27 -0500] "GET /sipse/faces/javax.faces.resource/theme.css?ln=primefaces-sipse HTTP/1.1" 304 -
201.244.235.172 - - [08/Jan/2024:14:24:27 -0500] "GET /sipse/faces/javax.faces.resource/primefaces.css?ln=primefaces&v=4.0 HTTP/1.1" 304 -
201.244.235.172 - - [08/Jan/2024:14:24:27 -0500] "GET /sipse/faces/javax.faces.resource/jquery/jquery.js?ln=primefaces&v=4.0 HTTP/1.1" 304 -
201.244.235.172 - - [08/Jan/2024:14:24:27 -0500] "GET /sipse/faces/javax.faces.resource/layout/layout.css?ln=primefaces&v=4.0 HTTP/1.1" 304 -
201.244.235.172 - - [08/Jan/2024:14:24:27 -0500] "GET /sipse/faces/javax.faces.resource/primefaces.js?ln=primefaces&v=4.0 HTTP/1.1" 304 -
201.244.235.172 - - [08/Jan/2024:14:24:27 -0500] "GET /sipse/faces/javax.faces.resource/jquery/jquery-plugins.js?ln=primefaces&v=4.0 HTTP/1.1" 304 -
201.244.235.172 - - [08/Jan/2024:14:24:27 -0500] "GET /sipse/faces/javax.faces.resource/layout/layout.js?ln=primefaces&v=4.0 HTTP/1.1" 304 -
201.244.235.172 - - [08/Jan/2024:14:24:29 -0500] "POST /sipse/faces/presentacion/financiero/solicitudProceso/consultar.xhtml HTTP/1.1" 200 12710
201.244.235.172 - - [08/Jan/2024:14:24:32 -0500] "POST /sipse/faces/presentacion/financiero/solicitudProceso/consultar.xhtml HTTP/1.1" 200 155148
201.244.235.172 - - [08/Jan/2024:14:24:33 -0500] "GET /sipse/faces/javax.faces.resource/theme.css?ln=primefaces-sipse HTTP/1.1" 304 -
201.244.235.172 - - [08/Jan/2024:14:24:33 -0500] "GET /sipse/faces/javax.faces.resource/layout/layout.css?ln=primefaces&v=4.0 HTTP/1.1" 304 -
201.244.235.172 - - [08/Jan/2024:14:24:33 -0500] "GET /sipse/faces/javax.faces.resource/jquery/jquery.js?ln=primefaces&v=4.0 HTTP/1.1" 304 -
201.244.235.172 - - [08/Jan/2024:14:24:33 -0500] "GET /sipse/faces/javax.faces.resource/primefaces.css?ln=primefaces&v=4.0 HTTP/1.1" 304 -
201.244.235.172 - - [08/Jan/2024:14:24:34 -0500] "GET /sipse/faces/javax.faces.resource/jquery/jquery-plugins.js?ln=primefaces&v=4.0 HTTP/1.1" 304 -
201.244.235.172 - - [08/Jan/2024:14:24:34 -0500] "GET /sipse/faces/javax.faces.resource/primefaces.js?ln=primefaces&v=4.0 HTTP/1.1" 304 -
201.244.235.172 - - [08/Jan/2024:14:24:34 -0500] "GET /sipse/faces/javax.faces.resource/layout/layout.js?ln=primefaces&v=4.0 HTTP/1.1" 304 -
201.244.235.172 - - [08/Jan/2024:14:24:38 -0500] "POST /sipse/faces/presentacion/financiero/solicitudProceso/consultarSolicitudProceso.xhtml HTTP/1.1" 200 232489
201.244.235.172 - - [08/Jan/2024:14:24:39 -0500] "POST /sipse/faces/presentacion/financiero/solicitudProceso/consultarSolicitudProceso.xhtml HTTP/1.1" 200 2148375
156.59.198.135 - - [08/Jan/2024:14:24:50 -0500] "GET /BLA/resoluciones/AUTOS%202023/05426.pdf HTTP/1.0" 200 418692
201.245.192.253 - - [08/Jan/2024:14:25:03 -0500] "POST /kwsrmcab/Wsrmcab HTTP/1.1" 200 37066
201.245.192.253 - - [08/Jan/2024:14:25:06 -0500] "POST /kwsrmcab/Wsrmcab HTTP/1.1" 200 36887
156.59.198.136 - - [08/Jan/2024:14:25:15 -0500] "GET /BLA/resoluciones/AUTOS%202023/4131.pdf HTTP/1.0" 200 521661
172.22.2.4 - - [08/Jan/2024:14:23:47 -0500] "HEAD /BLA/boletinlegal/ HTTP/1.1" 200 -
216.245.221.92 - - [08/Jan/2024:14:25:30 -0500] "HEAD / HTTP/1.1" 200 -
156.59.198.135 - - [08/Jan/2024:14:25:39 -0500] "GET /BLA/resoluciones/AUTOS%202023/1081.pdf HTTP/1.0" 200 3116509
156.59.198.135 - - [08/Jan/2024:14:26:03 -0500] "GET /BLA/resoluciones/AUTOS%202023/5024.pdf HTTP/1.0" 200 705379
66.249.66.19 - - [08/Jan/2024:14:26:12 -0500] "HEAD /Residuos/impresion/files/guia_impresion-lit.pdf HTTP/1.1" 200 -
172.22.2.4 - - [08/Jan/2024:14:24:38 -0500] "GET /BLA/boletinlegal/ HTTP/1.1" 200 60502
201.244.235.172 - - [08/Jan/2024:14:26:24 -0500] "POST /sipse/faces/presentacion/financiero/solicitudProceso/consultarSolicitudProceso.xhtml HTTP/1.1" 200 44827
201.244.235.172 - - [08/Jan/2024:14:26:24 -0500] "GET /sipse/faces/javax.faces.resource/theme.css?ln=primefaces-sipse HTTP/1.1" 304 -
201.244.235.172 - - [08/Jan/2024:14:26:24 -0500] "GET /sipse/faces/javax.faces.resource/primefaces.css?ln=primefaces&v=4.0 HTTP/1.1" 304 -
201.244.235.172 - - [08/Jan/2024:14:26:24 -0500] "GET /sipse/faces/javax.faces.resource/layout/layout.css?ln=primefaces&v=4.0 HTTP/1.1" 304 -
201.244.235.172 - - [08/Jan/2024:14:26:24 -0500] "GET /sipse/faces/javax.faces.resource/primefaces.js?ln=primefaces&v=4.0 HTTP/1.1" 304 -
201.244.235.172 - - [08/Jan/2024:14:26:24 -0500] "GET /sipse/faces/javax.faces.resource/jquery/jquery-plugins.js?ln=primefaces&v=4.0 HTTP/1.1" 304 -
201.244.235.172 - - [08/Jan/2024:14:26:24 -0500] "GET /sipse/faces/javax.faces.resource/jquery/jquery.js?ln=primefaces&v=4.0 HTTP/1.1" 304 -
201.244.235.172 - - [08/Jan/2024:14:26:24 -0500] "GET /sipse/faces/javax.faces.resource/layout/layout.js?ln=primefaces&v=4.0 HTTP/1.1" 304 -
201.244.235.172 - - [08/Jan/2024:14:26:26 -0500] "POST /sipse/faces/presentacion/financiero/solicitudProceso/consultar.xhtml HTTP/1.1" 200 12717
156.59.198.136 - - [08/Jan/2024:14:26:27 -0500] "GET /BLA/resoluciones/AUTOS%202023/5874.pdf HTTP/1.0" 200 423657
201.244.235.172 - - [08/Jan/2024:14:26:29 -0500] "POST /sipse/faces/presentacion/financiero/solicitudProceso/consultar.xhtml HTTP/1.1" 200 153362
201.244.235.172 - - [08/Jan/2024:14:26:29 -0500] "GET /sipse/faces/javax.faces.resource/primefaces.css?ln=primefaces&v=4.0 HTTP/1.1" 304 -
201.244.235.172 - - [08/Jan/2024:14:26:29 -0500] "GET /sipse/faces/javax.faces.resource/theme.css?ln=primefaces-sipse HTTP/1.1" 304 -
201.244.235.172 - - [08/Jan/2024:14:26:29 -0500] "GET /sipse/faces/javax.faces.resource/layout/layout.css?ln=primefaces&v=4.0 HTTP/1.1" 304 -
201.244.235.172 - - [08/Jan/2024:14:26:29 -0500] "GET /sipse/faces/javax.faces.resource/jquery/jquery.js?ln=primefaces&v=4.0 HTTP/1.1" 304 -
201.244.235.172 - - [08/Jan/2024:14:26:29 -0500] "GET /sipse/faces/javax.faces.resource/jquery/jquery-plugins.js?ln=primefaces&v=4.0 HTTP/1.1" 304 -
201.244.235.172 - - [08/Jan/2024:14:26:29 -0500] "GET /sipse/faces/javax.faces.resource/primefaces.js?ln=primefaces&v=4.0 HTTP/1.1" 304 -
201.244.235.172 - - [08/Jan/2024:14:26:29 -0500] "GET /sipse/faces/javax.faces.resource/layout/layout.js?ln=primefaces&v=4.0 HTTP/1.1" 304 -
201.244.235.172 - - [08/Jan/2024:14:26:34 -0500] "POST /sipse/faces/presentacion/financiero/solicitudProceso/consultarSolicitudProceso.xhtml HTTP/1.1" 200 237927
201.244.235.172 - - [08/Jan/2024:14:26:35 -0500] "POST /sipse/faces/presentacion/financiero/solicitudProceso/consultarSolicitudProceso.xhtml HTTP/1.1" 200 2148375
156.59.198.136 - - [08/Jan/2024:14:26:51 -0500] "GET /BLA/resoluciones/AUTOS%202023/3283.pdf HTTP/1.0" 200 374573
156.59.198.135 - - [08/Jan/2024:14:27:16 -0500] "GET /BLA/resoluciones/AUTOS%202023/1897.pdf HTTP/1.0" 200 477273
156.59.198.136 - - [08/Jan/2024:14:27:39 -0500] "GET /BLA/resoluciones/AUTOS%202023/2382.pdf HTTP/1.0" 200 581718
156.59.198.135 - - [08/Jan/2024:14:28:05 -0500] "GET /BLA/resoluciones/AUTOS%202023/3376.pdf HTTP/1.0" 200 3004266
156.59.198.136 - - [08/Jan/2024:14:28:30 -0500] "GET /BLA/resoluciones/AUTOS%202023/0713.pdf HTTP/1.0" 200 1160124
201.244.235.172 - - [08/Jan/2024:14:28:41 -0500] "POST /sipse/faces/presentacion/financiero/solicitudProceso/consultarSolicitudProceso.xhtml HTTP/1.1" 200 44834
201.244.235.172 - - [08/Jan/2024:14:28:41 -0500] "GET /sipse/faces/javax.faces.resource/primefaces.css?ln=primefaces&v=4.0 HTTP/1.1" 304 -
201.244.235.172 - - [08/Jan/2024:14:28:41 -0500] "GET /sipse/faces/javax.faces.resource/theme.css?ln=primefaces-sipse HTTP/1.1" 304 -
201.244.235.172 - - [08/Jan/2024:14:28:41 -0500] "GET /sipse/faces/javax.faces.resource/layout/layout.css?ln=primefaces&v=4.0 HTTP/1.1" 304 -
201.244.235.172 - - [08/Jan/2024:14:28:41 -0500] "GET /sipse/faces/javax.faces.resource/jquery/jquery.js?ln=primefaces&v=4.0 HTTP/1.1" 304 -
201.244.235.172 - - [08/Jan/2024:14:28:41 -0500] "GET /sipse/faces/javax.faces.resource/jquery/jquery-plugins.js?ln=primefaces&v=4.0 HTTP/1.1" 304 -
201.244.235.172 - - [08/Jan/2024:14:28:41 -0500] "GET /sipse/faces/javax.faces.resource/primefaces.js?ln=primefaces&v=4.0 HTTP/1.1" 304 -
201.244.235.172 - - [08/Jan/2024:14:28:41 -0500] "GET /sipse/faces/javax.faces.resource/layout/layout.js?ln=primefaces&v=4.0 HTTP/1.1" 304 -
201.244.235.172 - - [08/Jan/2024:14:28:41 -0500] "GET /sipse/faces/javax.faces.resource/images/ui-icons_898989_256x240.png?ln=primefaces-aristo HTTP/1.1" 304 -
201.244.235.172 - - [08/Jan/2024:14:28:41 -0500] "GET /sipse/css/imagen/contrasena.png HTTP/1.1" 404 383
201.244.235.172 - - [08/Jan/2024:14:28:43 -0500] "GET /sipse/faces/javax.faces.resource/images/ui-bg_flat_0_2d5972_40x100.png?ln=primefaces-aristo HTTP/1.1" 304 -
201.244.235.172 - - [08/Jan/2024:14:28:43 -0500] "POST /sipse/faces/presentacion/financiero/solicitudProceso/consultar.xhtml HTTP/1.1" 200 12718
201.244.235.172 - - [08/Jan/2024:14:28:46 -0500] "POST /sipse/faces/presentacion/financiero/solicitudProceso/consultar.xhtml HTTP/1.1" 200 157748
201.244.235.172 - - [08/Jan/2024:14:28:46 -0500] "GET /sipse/faces/javax.faces.resource/theme.css?ln=primefaces-sipse HTTP/1.1" 304 -
201.244.235.172 - - [08/Jan/2024:14:28:46 -0500] "GET /sipse/faces/javax.faces.resource/layout/layout.css?ln=primefaces&v=4.0 HTTP/1.1" 304 -
201.244.235.172 - - [08/Jan/2024:14:28:46 -0500] "GET /sipse/faces/javax.faces.resource/primefaces.css?ln=primefaces&v=4.0 HTTP/1.1" 304 -
201.244.235.172 - - [08/Jan/2024:14:28:46 -0500] "GET /sipse/faces/javax.faces.resource/jquery/jquery.js?ln=primefaces&v=4.0 HTTP/1.1" 304 -
201.244.235.172 - - [08/Jan/2024:14:28:46 -0500] "GET /sipse/faces/javax.faces.resource/jquery/jquery-plugins.js?ln=primefaces&v=4.0 HTTP/1.1" 304 -
201.244.235.172 - - [08/Jan/2024:14:28:46 -0500] "GET /sipse/faces/javax.faces.resource/primefaces.js?ln=primefaces&v=4.0 HTTP/1.1" 304 -
201.244.235.172 - - [08/Jan/2024:14:28:46 -0500] "GET /sipse/faces/javax.faces.resource/layout/layout.js?ln=primefaces&v=4.0 HTTP/1.1" 304 -
201.244.235.172 - - [08/Jan/2024:14:28:51 -0500] "POST /sipse/faces/presentacion/financiero/solicitudProceso/consultarSolicitudProceso.xhtml HTTP/1.1" 200 227483
201.245.192.253 - - [08/Jan/2024:14:28:51 -0500] "POST /kwsrmcab/Wsrmcab  HTTP/1.1" 200 36937
201.244.235.172 - - [08/Jan/2024:14:28:52 -0500] "POST /sipse/faces/presentacion/financiero/solicitudProceso/consultarSolicitudProceso.xhtml HTTP/1.1" 200 2148375
156.59.198.135 - - [08/Jan/2024:14:28:55 -0500] "GET /BLA/resoluciones/AUTOS%202023/5884.pdf HTTP/1.0" 200 407056
205.210.31.37 - - [08/Jan/2024:14:29:13 -0500] "GET / HTTP/1.0" 200 319
201.245.192.253 - - [08/Jan/2024:14:29:17 -0500] "POST /kwsrmcab/Wsrmcab HTTP/1.1" 200 37066
156.59.198.136 - - [08/Jan/2024:14:29:20 -0500] "GET /BLA/resoluciones/AUTOS%202023/5013.pdf HTTP/1.0" 200 529360
156.59.198.135 - - [08/Jan/2024:14:29:44 -0500] "GET /BLA/resoluciones/AUTOS%202023/5969.pdf HTTP/1.0" 200 427864
201.245.192.253 - - [08/Jan/2024:14:29:59 -0500] "POST /kwsrmcab/Wsrmcab HTTP/1.1" 200 36887
156.59.198.136 - - [08/Jan/2024:14:30:08 -0500] "GET /BLA/resoluciones/AUTOS%202023/2354.pdf HTTP/1.0" 200 482988
216.245.221.92 - - [08/Jan/2024:14:30:30 -0500] "HEAD / HTTP/1.1" 200 -
156.59.198.136 - - [08/Jan/2024:14:30:34 -0500] "GET /BLA/resoluciones/AUTOS%202023/2580.pdf HTTP/1.0" 200 1320105
156.59.198.136 - - [08/Jan/2024:14:30:58 -0500] "GET /BLA/resoluciones/AUTOS%202023/3722.pdf HTTP/1.0" 200 384473
172.22.2.4 - - [08/Jan/2024:14:29:37 -0500] "HEAD /BLA/boletinlegal/ HTTP/1.1" 200 -
156.59.198.135 - - [08/Jan/2024:14:31:22 -0500] "GET /BLA/resoluciones/AUTOS%202023/2346.pdf HTTP/1.0" 200 1086076
179.19.7.72 - - [08/Jan/2024:14:31:45 -0500] "GET /inicia-el-2024-conociendo-la-biodiversidad-de-bogoti.html?fbclid=IwAR3dtDJP5UJ8EhXpk0rj7kLG8mSBQx50TOdBXye2QzPoFggzINPAeKBVAzY HTTP/1.1" 200 894
156.59.198.135 - - [08/Jan/2024:14:31:46 -0500] "GET /BLA/resoluciones/AUTOS%202023/5990.pdf HTTP/1.0" 200 397971
201.244.235.172 - - [08/Jan/2024:14:31:52 -0500] "POST /sipse/faces/presentacion/financiero/solicitudProceso/consultarSolicitudProceso.xhtml HTTP/1.1" 200 44835
201.244.235.172 - - [08/Jan/2024:14:31:52 -0500] "GET /sipse/faces/javax.faces.resource/theme.css?ln=primefaces-sipse HTTP/1.1" 304 -
201.244.235.172 - - [08/Jan/2024:14:31:52 -0500] "GET /sipse/faces/javax.faces.resource/primefaces.css?ln=primefaces&v=4.0 HTTP/1.1" 304 -
201.244.235.172 - - [08/Jan/2024:14:31:52 -0500] "GET /sipse/faces/javax.faces.resource/layout/layout.css?ln=primefaces&v=4.0 HTTP/1.1" 304 -
201.244.235.172 - - [08/Jan/2024:14:31:52 -0500] "GET /sipse/faces/javax.faces.resource/jquery/jquery.js?ln=primefaces&v=4.0 HTTP/1.1" 304 -
201.244.235.172 - - [08/Jan/2024:14:31:52 -0500] "GET /sipse/faces/javax.faces.resource/jquery/jquery-plugins.js?ln=primefaces&v=4.0 HTTP/1.1" 304 -
201.244.235.172 - - [08/Jan/2024:14:31:52 -0500] "GET /sipse/faces/javax.faces.resource/primefaces.js?ln=primefaces&v=4.0 HTTP/1.1" 304 -
201.244.235.172 - - [08/Jan/2024:14:31:52 -0500] "GET /sipse/faces/javax.faces.resource/layout/layout.js?ln=primefaces&v=4.0 HTTP/1.1" 304 -
201.244.235.172 - - [08/Jan/2024:14:31:52 -0500] "GET /sipse/faces/javax.faces.resource/images/ui-icons_898989_256x240.png?ln=primefaces-aristo HTTP/1.1" 304 -
201.244.235.172 - - [08/Jan/2024:14:31:52 -0500] "GET /sipse/css/imagen/contrasena.png HTTP/1.1" 404 383
201.244.235.172 - - [08/Jan/2024:14:31:54 -0500] "GET /sipse/faces/javax.faces.resource/images/ui-bg_flat_0_2d5972_40x100.png?ln=primefaces-aristo HTTP/1.1" 304 -
201.244.235.172 - - [08/Jan/2024:14:31:54 -0500] "POST /sipse/faces/presentacion/financiero/solicitudProceso/consultar.xhtml HTTP/1.1" 200 12912
201.244.235.172 - - [08/Jan/2024:14:31:57 -0500] "POST /sipse/faces/presentacion/financiero/solicitudProceso/consultar.xhtml HTTP/1.1" 200 148997
201.244.235.172 - - [08/Jan/2024:14:31:57 -0500] "GET /sipse/faces/javax.faces.resource/layout/layout.css?ln=primefaces&v=4.0 HTTP/1.1" 304 -
201.244.235.172 - - [08/Jan/2024:14:31:57 -0500] "GET /sipse/faces/javax.faces.resource/primefaces.css?ln=primefaces&v=4.0 HTTP/1.1" 304 -
201.244.235.172 - - [08/Jan/2024:14:31:57 -0500] "GET /sipse/faces/javax.faces.resource/theme.css?ln=primefaces-sipse HTTP/1.1" 304 -
201.244.235.172 - - [08/Jan/2024:14:31:57 -0500] "GET /sipse/faces/javax.faces.resource/jquery/jquery.js?ln=primefaces&v=4.0 HTTP/1.1" 304 -
201.244.235.172 - - [08/Jan/2024:14:31:57 -0500] "GET /sipse/faces/javax.faces.resource/jquery/jquery-plugins.js?ln=primefaces&v=4.0 HTTP/1.1" 304 -
201.244.235.172 - - [08/Jan/2024:14:31:57 -0500] "GET /sipse/faces/javax.faces.resource/primefaces.js?ln=primefaces&v=4.0 HTTP/1.1" 304 -
201.244.235.172 - - [08/Jan/2024:14:31:57 -0500] "GET /sipse/faces/javax.faces.resource/layout/layout.js?ln=primefaces&v=4.0 HTTP/1.1" 304 -
172.22.2.4 - - [08/Jan/2024:14:30:28 -0500] "GET /BLA/boletinlegal/ HTTP/1.1" 200 46616
156.59.198.136 - - [08/Jan/2024:14:32:12 -0500] "GET /BLA/resoluciones/AUTOS%202023/3789.pdf HTTP/1.0" 200 322025
156.59.198.135 - - [08/Jan/2024:14:32:35 -0500] "GET /BLA/resoluciones/AUTOS%202023/1437.pdf HTTP/1.0" 200 1117093
172.22.2.4 - - [08/Jan/2024:14:31:00 -0500] "GET /BLA/boletinlegal/ HTTP/1.1" 200 48394
201.244.235.172 - - [08/Jan/2024:14:32:39 -0500] "POST /sipse/faces/presentacion/financiero/solicitudProceso/consultarSolicitudProceso.xhtml HTTP/1.1" 200 45029
201.244.235.172 - - [08/Jan/2024:14:32:40 -0500] "GET /sipse/faces/javax.faces.resource/theme.css?ln=primefaces-sipse HTTP/1.1" 304 -
201.244.235.172 - - [08/Jan/2024:14:32:40 -0500] "GET /sipse/faces/javax.faces.resource/primefaces.css?ln=primefaces&v=4.0 HTTP/1.1" 304 -
201.244.235.172 - - [08/Jan/2024:14:32:40 -0500] "GET /sipse/faces/javax.faces.resource/jquery/jquery.js?ln=primefaces&v=4.0 HTTP/1.1" 304 -
201.244.235.172 - - [08/Jan/2024:14:32:40 -0500] "GET /sipse/faces/javax.faces.resource/layout/layout.js?ln=primefaces&v=4.0 HTTP/1.1" 304 -
201.244.235.172 - - [08/Jan/2024:14:32:40 -0500] "GET /sipse/faces/javax.faces.resource/jquery/jquery-plugins.js?ln=primefaces&v=4.0 HTTP/1.1" 304 -
201.244.235.172 - - [08/Jan/2024:14:32:40 -0500] "GET /sipse/faces/javax.faces.resource/layout/layout.css?ln=primefaces&v=4.0 HTTP/1.1" 304 -
201.244.235.172 - - [08/Jan/2024:14:32:40 -0500] "GET /sipse/faces/javax.faces.resource/primefaces.js?ln=primefaces&v=4.0 HTTP/1.1" 304 -
201.244.235.172 - - [08/Jan/2024:14:32:42 -0500] "POST /sipse/faces/presentacion/financiero/solicitudProceso/consultar.xhtml HTTP/1.1" 200 12942
201.244.235.172 - - [08/Jan/2024:14:32:45 -0500] "POST /sipse/faces/presentacion/financiero/solicitudProceso/consultar.xhtml HTTP/1.1" 200 146847
201.244.235.172 - - [08/Jan/2024:14:32:46 -0500] "GET /sipse/faces/javax.faces.resource/layout/layout.css?ln=primefaces&v=4.0 HTTP/1.1" 304 -
201.244.235.172 - - [08/Jan/2024:14:32:46 -0500] "GET /sipse/faces/javax.faces.resource/theme.css?ln=primefaces-sipse HTTP/1.1" 304 -
201.244.235.172 - - [08/Jan/2024:14:32:46 -0500] "GET /sipse/faces/javax.faces.resource/primefaces.css?ln=primefaces&v=4.0 HTTP/1.1" 304 -
201.244.235.172 - - [08/Jan/2024:14:32:46 -0500] "GET /sipse/faces/javax.faces.resource/jquery/jquery.js?ln=primefaces&v=4.0 HTTP/1.1" 304 -
201.244.235.172 - - [08/Jan/2024:14:32:46 -0500] "GET /sipse/faces/javax.faces.resource/jquery/jquery-plugins.js?ln=primefaces&v=4.0 HTTP/1.1" 304 -
201.244.235.172 - - [08/Jan/2024:14:32:46 -0500] "GET /sipse/faces/javax.faces.resource/primefaces.js?ln=primefaces&v=4.0 HTTP/1.1" 304 -
201.244.235.172 - - [08/Jan/2024:14:32:46 -0500] "GET /sipse/faces/javax.faces.resource/layout/layout.js?ln=primefaces&v=4.0 HTTP/1.1" 304 -
201.244.235.172 - - [08/Jan/2024:14:32:50 -0500] "POST /sipse/faces/presentacion/financiero/solicitudProceso/consultarSolicitudProceso.xhtml HTTP/1.1" 200 377062
201.244.235.172 - - [08/Jan/2024:14:32:51 -0500] "POST /sipse/faces/presentacion/financiero/solicitudProceso/consultarSolicitudProceso.xhtml HTTP/1.1" 200 2136645
156.59.198.135 - - [08/Jan/2024:14:33:00 -0500] "GET /BLA/resoluciones/AUTOS%202023/2721.pdf HTTP/1.0" 200 397256
156.59.198.136 - - [08/Jan/2024:14:33:24 -0500] "GET /BLA/resoluciones/AUTOS%202023/2624.pdf HTTP/1.0" 200 467022
156.59.198.135 - - [08/Jan/2024:14:33:49 -0500] "GET /BLA/resoluciones/AUTOS%202023/2522.pdf HTTP/1.0" 200 1488588
201.245.192.253 - - [08/Jan/2024:14:33:49 -0500] "POST /kwsrmcab/Wsrmcab  HTTP/1.1" 200 36937
156.59.198.135 - - [08/Jan/2024:14:34:15 -0500] "GET /BLA/resoluciones/AUTOS%202023/1429.pdf HTTP/1.0" 200 480323
156.59.198.135 - - [08/Jan/2024:14:34:38 -0500] "GET /BLA/resoluciones/AUTOS%202023/3168.pdf HTTP/1.0" 200 1688886
201.244.235.172 - - [08/Jan/2024:14:34:51 -0500] "POST /sipse/faces/presentacion/financiero/solicitudProceso/consultarSolicitudProceso.xhtml HTTP/1.1" 200 45059
201.244.235.172 - - [08/Jan/2024:14:34:52 -0500] "GET /sipse/faces/javax.faces.resource/theme.css?ln=primefaces-sipse HTTP/1.1" 304 -
201.244.235.172 - - [08/Jan/2024:14:34:52 -0500] "GET /sipse/faces/javax.faces.resource/primefaces.css?ln=primefaces&v=4.0 HTTP/1.1" 304 -
201.244.235.172 - - [08/Jan/2024:14:34:52 -0500] "GET /sipse/faces/javax.faces.resource/jquery/jquery-plugins.js?ln=primefaces&v=4.0 HTTP/1.1" 304 -
201.244.235.172 - - [08/Jan/2024:14:34:52 -0500] "GET /sipse/faces/javax.faces.resource/layout/layout.css?ln=primefaces&v=4.0 HTTP/1.1" 304 -
201.244.235.172 - - [08/Jan/2024:14:34:52 -0500] "GET /sipse/faces/javax.faces.resource/jquery/jquery.js?ln=primefaces&v=4.0 HTTP/1.1" 304 -
201.244.235.172 - - [08/Jan/2024:14:34:52 -0500] "GET /sipse/faces/javax.faces.resource/layout/layout.js?ln=primefaces&v=4.0 HTTP/1.1" 304 -
201.244.235.172 - - [08/Jan/2024:14:34:52 -0500] "GET /sipse/faces/javax.faces.resource/primefaces.js?ln=primefaces&v=4.0 HTTP/1.1" 304 -
201.244.235.172 - - [08/Jan/2024:14:34:52 -0500] "GET /sipse/faces/javax.faces.resource/images/ui-icons_898989_256x240.png?ln=primefaces-aristo HTTP/1.1" 304 -
201.244.235.172 - - [08/Jan/2024:14:34:52 -0500] "GET /sipse/css/imagen/contrasena.png HTTP/1.1" 404 383
201.244.235.172 - - [08/Jan/2024:14:34:54 -0500] "GET /sipse/faces/javax.faces.resource/images/ui-bg_flat_0_2d5972_40x100.png?ln=primefaces-aristo HTTP/1.1" 304 -
201.244.235.172 - - [08/Jan/2024:14:34:54 -0500] "POST /sipse/faces/presentacion/financiero/solicitudProceso/consultar.xhtml HTTP/1.1" 200 12730
201.244.235.172 - - [08/Jan/2024:14:34:57 -0500] "POST /sipse/faces/presentacion/financiero/solicitudProceso/consultar.xhtml HTTP/1.1" 200 157644
201.244.235.172 - - [08/Jan/2024:14:34:57 -0500] "GET /sipse/faces/javax.faces.resource/layout/layout.css?ln=primefaces&v=4.0 HTTP/1.1" 304 -
201.244.235.172 - - [08/Jan/2024:14:34:57 -0500] "GET /sipse/faces/javax.faces.resource/theme.css?ln=primefaces-sipse HTTP/1.1" 304 -
201.244.235.172 - - [08/Jan/2024:14:34:57 -0500] "GET /sipse/faces/javax.faces.resource/primefaces.css?ln=primefaces&v=4.0 HTTP/1.1" 304 -
201.244.235.172 - - [08/Jan/2024:14:34:57 -0500] "GET /sipse/faces/javax.faces.resource/jquery/jquery.js?ln=primefaces&v=4.0 HTTP/1.1" 304 -
201.244.235.172 - - [08/Jan/2024:14:34:57 -0500] "GET /sipse/faces/javax.faces.resource/jquery/jquery-plugins.js?ln=primefaces&v=4.0 HTTP/1.1" 304 -
201.244.235.172 - - [08/Jan/2024:14:34:57 -0500] "GET /sipse/faces/javax.faces.resource/primefaces.js?ln=primefaces&v=4.0 HTTP/1.1" 304 -
201.244.235.172 - - [08/Jan/2024:14:34:57 -0500] "GET /sipse/faces/javax.faces.resource/layout/layout.js?ln=primefaces&v=4.0 HTTP/1.1" 304 -
156.59.198.136 - - [08/Jan/2024:14:35:01 -0500] "GET /BLA/resoluciones/AUTOS%202023/4104.pdf HTTP/1.0" 200 413411
201.245.192.253 - - [08/Jan/2024:14:35:03 -0500] "POST /kwsrmcab/Wsrmcab HTTP/1.1" 200 37066
201.244.235.172 - - [08/Jan/2024:14:35:05 -0500] "POST /sipse/faces/presentacion/financiero/solicitudProceso/consultarSolicitudProceso.xhtml HTTP/1.1" 200 240577
201.245.192.253 - - [08/Jan/2024:14:35:06 -0500] "POST /kwsrmcab/Wsrmcab HTTP/1.1" 200 36887
201.244.235.172 - - [08/Jan/2024:14:35:06 -0500] "POST /sipse/faces/presentacion/financiero/solicitudProceso/consultarSolicitudProceso.xhtml HTTP/1.1" 200 2136135
156.59.198.136 - - [08/Jan/2024:14:35:26 -0500] "GET /BLA/resoluciones/AUTOS%202023/3472.pdf HTTP/1.0" 200 429930
216.245.221.92 - - [08/Jan/2024:14:35:30 -0500] "HEAD / HTTP/1.1" 200 -
156.59.198.136 - - [08/Jan/2024:14:35:51 -0500] "GET /BLA/resoluciones/AUTOS%202023/2737.pdf HTTP/1.0" 200 410871
156.59.198.135 - - [08/Jan/2024:14:36:15 -0500] "GET /BLA/resoluciones/AUTOS%202023/0699.pdf HTTP/1.0" 200 371962
156.59.198.136 - - [08/Jan/2024:14:36:39 -0500] "GET /BLA/resoluciones/AUTOS%202023/2528.pdf HTTP/1.0" 200 817527
156.59.198.135 - - [08/Jan/2024:14:37:03 -0500] "GET /BLA/resoluciones/AUTOS%202023/2275.pdf HTTP/1.0" 200 682433
201.244.235.172 - - [08/Jan/2024:14:37:04 -0500] "POST /sipse/faces/presentacion/financiero/solicitudProceso/consultarSolicitudProceso.xhtml HTTP/1.1" 200 44847
201.244.235.172 - - [08/Jan/2024:14:37:04 -0500] "GET /sipse/faces/javax.faces.resource/theme.css?ln=primefaces-sipse HTTP/1.1" 304 -
201.244.235.172 - - [08/Jan/2024:14:37:04 -0500] "GET /sipse/faces/javax.faces.resource/primefaces.css?ln=primefaces&v=4.0 HTTP/1.1" 304 -
201.244.235.172 - - [08/Jan/2024:14:37:04 -0500] "GET /sipse/faces/javax.faces.resource/layout/layout.css?ln=primefaces&v=4.0 HTTP/1.1" 304 -
201.244.235.172 - - [08/Jan/2024:14:37:04 -0500] "GET /sipse/faces/javax.faces.resource/jquery/jquery.js?ln=primefaces&v=4.0 HTTP/1.1" 304 -
201.244.235.172 - - [08/Jan/2024:14:37:04 -0500] "GET /sipse/faces/javax.faces.resource/jquery/jquery-plugins.js?ln=primefaces&v=4.0 HTTP/1.1" 304 -
201.244.235.172 - - [08/Jan/2024:14:37:04 -0500] "GET /sipse/faces/javax.faces.resource/primefaces.js?ln=primefaces&v=4.0 HTTP/1.1" 304 -
201.244.235.172 - - [08/Jan/2024:14:37:04 -0500] "GET /sipse/faces/javax.faces.resource/layout/layout.js?ln=primefaces&v=4.0 HTTP/1.1" 304 -
201.244.235.172 - - [08/Jan/2024:14:37:06 -0500] "POST /sipse/faces/presentacion/financiero/solicitudProceso/consultar.xhtml HTTP/1.1" 200 12780
172.22.2.4 - - [08/Jan/2024:14:35:27 -0500] "HEAD /BLA/boletinlegal/ HTTP/1.1" 200 -
201.244.235.172 - - [08/Jan/2024:14:37:10 -0500] "POST /sipse/faces/presentacion/financiero/solicitudProceso/consultar.xhtml HTTP/1.1" 200 155275
201.244.235.172 - - [08/Jan/2024:14:37:10 -0500] "GET /sipse/faces/javax.faces.resource/primefaces.css?ln=primefaces&v=4.0 HTTP/1.1" 304 -
201.244.235.172 - - [08/Jan/2024:14:37:10 -0500] "GET /sipse/faces/javax.faces.resource/layout/layout.css?ln=primefaces&v=4.0 HTTP/1.1" 304 -
201.244.235.172 - - [08/Jan/2024:14:37:10 -0500] "GET /sipse/faces/javax.faces.resource/theme.css?ln=primefaces-sipse HTTP/1.1" 304 -
201.244.235.172 - - [08/Jan/2024:14:37:10 -0500] "GET /sipse/faces/javax.faces.resource/jquery/jquery.js?ln=primefaces&v=4.0 HTTP/1.1" 304 -
201.244.235.172 - - [08/Jan/2024:14:37:10 -0500] "GET /sipse/faces/javax.faces.resource/jquery/jquery-plugins.js?ln=primefaces&v=4.0 HTTP/1.1" 304 -
201.244.235.172 - - [08/Jan/2024:14:37:10 -0500] "GET /sipse/faces/javax.faces.resource/primefaces.js?ln=primefaces&v=4.0 HTTP/1.1" 304 -
201.244.235.172 - - [08/Jan/2024:14:37:10 -0500] "GET /sipse/faces/javax.faces.resource/layout/layout.js?ln=primefaces&v=4.0 HTTP/1.1" 304 -
201.244.235.172 - - [08/Jan/2024:14:37:15 -0500] "POST /sipse/faces/presentacion/financiero/solicitudProceso/consultarSolicitudProceso.xhtml HTTP/1.1" 200 507204
201.244.235.172 - - [08/Jan/2024:14:37:16 -0500] "POST /sipse/faces/presentacion/financiero/solicitudProceso/consultarSolicitudProceso.xhtml HTTP/1.1" 200 2136390
156.59.198.135 - - [08/Jan/2024:14:37:28 -0500] "GET /BLA/resoluciones/AUTOS%202023/4197.pdf HTTP/1.0" 200 435226
156.59.198.136 - - [08/Jan/2024:14:37:53 -0500] "GET /BLA/resoluciones/AUTOS%202023/5499.pdf HTTP/1.0" 200 408249
172.22.2.4 - - [08/Jan/2024:14:36:18 -0500] "GET /BLA/boletinlegal/ HTTP/1.1" 200 58567
156.59.198.136 - - [08/Jan/2024:14:38:17 -0500] "GET /BLA/resoluciones/AUTOS%202023/4190.pdf HTTP/1.0" 200 445863
201.245.192.253 - - [08/Jan/2024:14:38:48 -0500] "POST /kwsrmcab/Wsrmcab  HTTP/1.1" 200 36937
47.128.29.118 - - [08/Jan/2024:14:39:06 -0500] "GET /BLA/resoluciones/index.php?dir=RESOLUCIONES%202003%2FRES%202003%20451-500%2F&order=desc&sort=size HTTP/1.1" 200 11310
47.128.29.118 - - [08/Jan/2024:14:39:07 -0500] "GET /BLA/resoluciones/dlf/dirup.png HTTP/1.1" 200 644
47.128.29.118 - - [08/Jan/2024:14:39:07 -0500] "GET /BLA/resoluciones/dlf/unknown.png HTTP/1.1" 200 266
201.244.235.172 - - [08/Jan/2024:14:39:17 -0500] "POST /sipse/faces/presentacion/financiero/solicitudProceso/consultarSolicitudProceso.xhtml HTTP/1.1" 200 44897
201.244.235.172 - - [08/Jan/2024:14:39:18 -0500] "GET /sipse/faces/javax.faces.resource/primefaces.css?ln=primefaces&v=4.0 HTTP/1.1" 304 -
201.244.235.172 - - [08/Jan/2024:14:39:18 -0500] "GET /sipse/faces/javax.faces.resource/theme.css?ln=primefaces-sipse HTTP/1.1" 304 -
201.244.235.172 - - [08/Jan/2024:14:39:18 -0500] "GET /sipse/faces/javax.faces.resource/jquery/jquery-plugins.js?ln=primefaces&v=4.0 HTTP/1.1" 304 -
201.244.235.172 - - [08/Jan/2024:14:39:18 -0500] "GET /sipse/faces/javax.faces.resource/layout/layout.css?ln=primefaces&v=4.0 HTTP/1.1" 304 -
201.244.235.172 - - [08/Jan/2024:14:39:18 -0500] "GET /sipse/faces/javax.faces.resource/jquery/jquery.js?ln=primefaces&v=4.0 HTTP/1.1" 304 -
201.244.235.172 - - [08/Jan/2024:14:39:18 -0500] "GET /sipse/faces/javax.faces.resource/layout/layout.js?ln=primefaces&v=4.0 HTTP/1.1" 304 -
201.244.235.172 - - [08/Jan/2024:14:39:18 -0500] "GET /sipse/faces/javax.faces.resource/primefaces.js?ln=primefaces&v=4.0 HTTP/1.1" 304 -
201.245.192.253 - - [08/Jan/2024:14:39:17 -0500] "POST /kwsrmcab/Wsrmcab HTTP/1.1" 200 37066
201.244.235.172 - - [08/Jan/2024:14:39:21 -0500] "POST /sipse/faces/presentacion/financiero/solicitudProceso/consultar.xhtml HTTP/1.1" 200 12915
201.244.235.172 - - [08/Jan/2024:14:39:25 -0500] "POST /sipse/faces/presentacion/financiero/solicitudProceso/consultar.xhtml HTTP/1.1" 200 148841
201.244.235.172 - - [08/Jan/2024:14:39:25 -0500] "GET /sipse/faces/javax.faces.resource/primefaces.css?ln=primefaces&v=4.0 HTTP/1.1" 304 -
201.244.235.172 - - [08/Jan/2024:14:39:25 -0500] "GET /sipse/faces/javax.faces.resource/theme.css?ln=primefaces-sipse HTTP/1.1" 304 -
