201.244.235.172 - - [08/Jan/2024:15:22:10 -0500] "GET /sipse/faces/javax.faces.resource/layout/layout.css?ln=primefaces&v=4.0 HTTP/1.1" 304 -
201.244.235.172 - - [08/Jan/2024:15:22:10 -0500] "GET /sipse/faces/javax.faces.resource/jquery/jquery.js?ln=primefaces&v=4.0 HTTP/1.1" 304 -
201.244.235.172 - - [08/Jan/2024:15:22:10 -0500] "GET /sipse/faces/javax.faces.resource/jquery/jquery-plugins.js?ln=primefaces&v=4.0 HTTP/1.1" 304 -
201.244.235.172 - - [08/Jan/2024:15:22:11 -0500] "GET /sipse/faces/javax.faces.resource/primefaces.js?ln=primefaces&v=4.0 HTTP/1.1" 304 -
201.244.235.172 - - [08/Jan/2024:15:22:11 -0500] "GET /sipse/faces/javax.faces.resource/layout/layout.js?ln=primefaces&v=4.0 HTTP/1.1" 304 -
156.59.198.135 - - [08/Jan/2024:15:22:23 -0500] "GET /BLA/resoluciones/AUTOS%202023/0261.pdf HTTP/1.0" 200 462396
201.244.235.172 - - [08/Jan/2024:15:22:34 -0500] "POST /sipse/faces/presentacion/financiero/solicitudProceso/consultarSolicitudProceso.xhtml HTTP/1.1" 200 45493
201.244.235.172 - - [08/Jan/2024:15:22:34 -0500] "GET /sipse/faces/javax.faces.resource/primefaces.css?ln=primefaces&v=4.0 HTTP/1.1" 304 -
201.244.235.172 - - [08/Jan/2024:15:22:34 -0500] "GET /sipse/faces/javax.faces.resource/theme.css?ln=primefaces-sipse HTTP/1.1" 304 -
201.244.235.172 - - [08/Jan/2024:15:22:34 -0500] "GET /sipse/faces/javax.faces.resource/layout/layout.css?ln=primefaces&v=4.0 HTTP/1.1" 304 -
201.244.235.172 - - [08/Jan/2024:15:22:34 -0500] "GET /sipse/faces/javax.faces.resource/jquery/jquery-plugins.js?ln=primefaces&v=4.0 HTTP/1.1" 304 -
201.244.235.172 - - [08/Jan/2024:15:22:34 -0500] "GET /sipse/faces/javax.faces.resource/jquery/jquery.js?ln=primefaces&v=4.0 HTTP/1.1" 304 -
201.244.235.172 - - [08/Jan/2024:15:22:34 -0500] "GET /sipse/faces/javax.faces.resource/primefaces.js?ln=primefaces&v=4.0 HTTP/1.1" 304 -
201.244.235.172 - - [08/Jan/2024:15:22:34 -0500] "GET /sipse/faces/javax.faces.resource/layout/layout.js?ln=primefaces&v=4.0 HTTP/1.1" 304 -
201.244.235.172 - - [08/Jan/2024:15:22:36 -0500] "POST /sipse/faces/presentacion/financiero/solicitudProceso/consultar.xhtml HTTP/1.1" 200 9853
156.59.198.136 - - [08/Jan/2024:15:22:46 -0500] "GET /BLA/resoluciones/AUTOS%202023/5949.pdf HTTP/1.0" 200 440505
201.244.235.172 - - [08/Jan/2024:15:22:50 -0500] "POST /sipse/faces/presentacion/financiero/solicitudProceso/consultar.xhtml HTTP/1.1" 200 12809
201.244.235.172 - - [08/Jan/2024:15:22:53 -0500] "POST /sipse/faces/presentacion/financiero/solicitudProceso/consultar.xhtml HTTP/1.1" 200 155665
201.244.235.172 - - [08/Jan/2024:15:22:53 -0500] "GET /sipse/faces/javax.faces.resource/theme.css?ln=primefaces-sipse HTTP/1.1" 304 -
201.244.235.172 - - [08/Jan/2024:15:22:53 -0500] "GET /sipse/faces/javax.faces.resource/primefaces.css?ln=primefaces&v=4.0 HTTP/1.1" 304 -
201.244.235.172 - - [08/Jan/2024:15:22:53 -0500] "GET /sipse/faces/javax.faces.resource/layout/layout.css?ln=primefaces&v=4.0 HTTP/1.1" 304 -
201.244.235.172 - - [08/Jan/2024:15:22:53 -0500] "GET /sipse/faces/javax.faces.resource/jquery/jquery.js?ln=primefaces&v=4.0 HTTP/1.1" 304 -
201.244.235.172 - - [08/Jan/2024:15:22:53 -0500] "GET /sipse/faces/javax.faces.resource/jquery/jquery-plugins.js?ln=primefaces&v=4.0 HTTP/1.1" 304 -
201.244.235.172 - - [08/Jan/2024:15:22:53 -0500] "GET /sipse/faces/javax.faces.resource/primefaces.js?ln=primefaces&v=4.0 HTTP/1.1" 304 -
201.244.235.172 - - [08/Jan/2024:15:22:53 -0500] "GET /sipse/faces/javax.faces.resource/layout/layout.js?ln=primefaces&v=4.0 HTTP/1.1" 304 -
156.59.198.135 - - [08/Jan/2024:15:23:10 -0500] "GET /BLA/resoluciones/AUTOS%202023/4116.pdf HTTP/1.0" 200 392809
156.59.198.135 - - [08/Jan/2024:15:23:36 -0500] "GET /BLA/resoluciones/AUTOS%202023/0766.pdf HTTP/1.0" 200 520785
201.245.192.253 - - [08/Jan/2024:15:23:36 -0500] "POST /kwsrmcab/Wsrmcab  HTTP/1.1" 200 36937
172.22.2.4 - - [08/Jan/2024:15:22:07 -0500] "HEAD /BLA/boletinlegal/ HTTP/1.1" 200 -
156.59.198.136 - - [08/Jan/2024:15:24:00 -0500] "GET /BLA/resoluciones/AUTOS%202023/4089.pdf HTTP/1.0" 200 3106224
201.244.235.172 - - [08/Jan/2024:15:24:20 -0500] "POST /sipse/faces/presentacion/financiero/solicitudProceso/consultarSolicitudProceso.xhtml HTTP/1.1" 200 45493
201.244.235.172 - - [08/Jan/2024:15:24:20 -0500] "GET /sipse/faces/javax.faces.resource/theme.css?ln=primefaces-sipse HTTP/1.1" 304 -
201.244.235.172 - - [08/Jan/2024:15:24:20 -0500] "GET /sipse/faces/javax.faces.resource/primefaces.css?ln=primefaces&v=4.0 HTTP/1.1" 304 -
201.244.235.172 - - [08/Jan/2024:15:24:20 -0500] "GET /sipse/faces/javax.faces.resource/layout/layout.css?ln=primefaces&v=4.0 HTTP/1.1" 304 -
201.244.235.172 - - [08/Jan/2024:15:24:20 -0500] "GET /sipse/faces/javax.faces.resource/primefaces.js?ln=primefaces&v=4.0 HTTP/1.1" 304 -
201.244.235.172 - - [08/Jan/2024:15:24:20 -0500] "GET /sipse/faces/javax.faces.resource/jquery/jquery.js?ln=primefaces&v=4.0 HTTP/1.1" 304 -
201.244.235.172 - - [08/Jan/2024:15:24:20 -0500] "GET /sipse/faces/javax.faces.resource/jquery/jquery-plugins.js?ln=primefaces&v=4.0 HTTP/1.1" 304 -
201.244.235.172 - - [08/Jan/2024:15:24:20 -0500] "GET /sipse/faces/javax.faces.resource/layout/layout.js?ln=primefaces&v=4.0 HTTP/1.1" 304 -
201.244.235.172 - - [08/Jan/2024:15:24:22 -0500] "POST /sipse/faces/presentacion/financiero/solicitudProceso/consultar.xhtml HTTP/1.1" 200 12753
201.244.235.172 - - [08/Jan/2024:15:24:24 -0500] "POST /sipse/faces/presentacion/financiero/solicitudProceso/consultar.xhtml HTTP/1.1" 200 141024
201.244.235.172 - - [08/Jan/2024:15:24:25 -0500] "GET /sipse/faces/javax.faces.resource/primefaces.css?ln=primefaces&v=4.0 HTTP/1.1" 304 -
201.244.235.172 - - [08/Jan/2024:15:24:25 -0500] "GET /sipse/faces/javax.faces.resource/theme.css?ln=primefaces-sipse HTTP/1.1" 304 -
201.244.235.172 - - [08/Jan/2024:15:24:25 -0500] "GET /sipse/faces/javax.faces.resource/layout/layout.css?ln=primefaces&v=4.0 HTTP/1.1" 304 -
201.244.235.172 - - [08/Jan/2024:15:24:25 -0500] "GET /sipse/faces/javax.faces.resource/jquery/jquery.js?ln=primefaces&v=4.0 HTTP/1.1" 304 -
201.244.235.172 - - [08/Jan/2024:15:24:25 -0500] "GET /sipse/faces/javax.faces.resource/jquery/jquery-plugins.js?ln=primefaces&v=4.0 HTTP/1.1" 304 -
201.244.235.172 - - [08/Jan/2024:15:24:25 -0500] "GET /sipse/faces/javax.faces.resource/primefaces.js?ln=primefaces&v=4.0 HTTP/1.1" 304 -
201.244.235.172 - - [08/Jan/2024:15:24:25 -0500] "GET /sipse/faces/javax.faces.resource/layout/layout.js?ln=primefaces&v=4.0 HTTP/1.1" 304 -
156.59.198.135 - - [08/Jan/2024:15:24:25 -0500] "GET /BLA/resoluciones/AUTOS%202023/2552.pdf HTTP/1.0" 200 846075
172.22.2.4 - - [08/Jan/2024:15:22:58 -0500] "GET /BLA/boletinlegal/ HTTP/1.1" 200 58172
161.10.25.178 - - [08/Jan/2024:15:24:45 -0500] "GET /inicia-el-2024-conociendo-la-biodiversidad-de-bogoti.html?fbclid=IwAR196t2Sj3Cx4jbwNFSussE0DnqM7O5NYP7Z9JE72JDuU5JqpKsaU7hMavI HTTP/1.1" 200 894
156.59.198.135 - - [08/Jan/2024:15:24:48 -0500] "GET /BLA/resoluciones/AUTOS%202023/0109.pdf HTTP/1.0" 200 836424
201.244.235.172 - - [08/Jan/2024:15:25:02 -0500] "POST /sipse/faces/presentacion/financiero/solicitudProceso/consultarSolicitudProceso.xhtml HTTP/1.1" 200 45441
201.244.235.172 - - [08/Jan/2024:15:25:03 -0500] "GET /sipse/faces/javax.faces.resource/primefaces.css?ln=primefaces&v=4.0 HTTP/1.1" 304 -
201.244.235.172 - - [08/Jan/2024:15:25:03 -0500] "GET /sipse/faces/javax.faces.resource/theme.css?ln=primefaces-sipse HTTP/1.1" 304 -
201.244.235.172 - - [08/Jan/2024:15:25:03 -0500] "GET /sipse/faces/javax.faces.resource/jquery/jquery.js?ln=primefaces&v=4.0 HTTP/1.1" 304 -
201.244.235.172 - - [08/Jan/2024:15:25:03 -0500] "GET /sipse/faces/javax.faces.resource/primefaces.js?ln=primefaces&v=4.0 HTTP/1.1" 304 -
201.244.235.172 - - [08/Jan/2024:15:25:03 -0500] "GET /sipse/faces/javax.faces.resource/layout/layout.css?ln=primefaces&v=4.0 HTTP/1.1" 304 -
201.244.235.172 - - [08/Jan/2024:15:25:03 -0500] "GET /sipse/faces/javax.faces.resource/jquery/jquery-plugins.js?ln=primefaces&v=4.0 HTTP/1.1" 304 -
201.244.235.172 - - [08/Jan/2024:15:25:03 -0500] "GET /sipse/faces/javax.faces.resource/layout/layout.js?ln=primefaces&v=4.0 HTTP/1.1" 304 -
201.244.235.172 - - [08/Jan/2024:15:25:05 -0500] "POST /sipse/faces/presentacion/financiero/solicitudProceso/consultar.xhtml HTTP/1.1" 200 12915
201.245.192.253 - - [08/Jan/2024:15:25:02 -0500] "POST /kwsrmcab/Wsrmcab HTTP/1.1" 200 36445
201.245.192.253 - - [08/Jan/2024:15:25:05 -0500] "POST /kwsrmcab/Wsrmcab HTTP/1.1" 200 36901
201.244.235.172 - - [08/Jan/2024:15:25:07 -0500] "POST /sipse/faces/presentacion/financiero/solicitudProceso/consultar.xhtml HTTP/1.1" 200 154802
201.244.235.172 - - [08/Jan/2024:15:25:08 -0500] "GET /sipse/faces/javax.faces.resource/layout/layout.css?ln=primefaces&v=4.0 HTTP/1.1" 304 -
201.244.235.172 - - [08/Jan/2024:15:25:08 -0500] "GET /sipse/faces/javax.faces.resource/theme.css?ln=primefaces-sipse HTTP/1.1" 304 -
201.244.235.172 - - [08/Jan/2024:15:25:08 -0500] "GET /sipse/faces/javax.faces.resource/primefaces.css?ln=primefaces&v=4.0 HTTP/1.1" 304 -
201.244.235.172 - - [08/Jan/2024:15:25:08 -0500] "GET /sipse/faces/javax.faces.resource/jquery/jquery.js?ln=primefaces&v=4.0 HTTP/1.1" 304 -
201.244.235.172 - - [08/Jan/2024:15:25:09 -0500] "GET /sipse/faces/javax.faces.resource/jquery/jquery-plugins.js?ln=primefaces&v=4.0 HTTP/1.1" 304 -
201.244.235.172 - - [08/Jan/2024:15:25:09 -0500] "GET /sipse/faces/javax.faces.resource/primefaces.js?ln=primefaces&v=4.0 HTTP/1.1" 304 -
201.244.235.172 - - [08/Jan/2024:15:25:09 -0500] "GET /sipse/faces/javax.faces.resource/layout/layout.js?ln=primefaces&v=4.0 HTTP/1.1" 304 -
156.59.198.136 - - [08/Jan/2024:15:25:12 -0500] "GET /BLA/resoluciones/AUTOS%202023/4090.pdf HTTP/1.0" 200 2287220
216.245.221.92 - - [08/Jan/2024:15:25:30 -0500] "HEAD / HTTP/1.1" 200 -
156.59.198.136 - - [08/Jan/2024:15:25:37 -0500] "GET /BLA/resoluciones/AUTOS%202023/1480.pdf HTTP/1.0" 200 413449
201.244.235.172 - - [08/Jan/2024:15:25:49 -0500] "POST /sipse/faces/presentacion/financiero/solicitudProceso/consultarSolicitudProceso.xhtml HTTP/1.1" 200 45603
201.244.235.172 - - [08/Jan/2024:15:25:49 -0500] "GET /sipse/faces/javax.faces.resource/primefaces.css?ln=primefaces&v=4.0 HTTP/1.1" 304 -
201.244.235.172 - - [08/Jan/2024:15:25:49 -0500] "GET /sipse/faces/javax.faces.resource/theme.css?ln=primefaces-sipse HTTP/1.1" 304 -
201.244.235.172 - - [08/Jan/2024:15:25:49 -0500] "GET /sipse/faces/javax.faces.resource/layout/layout.css?ln=primefaces&v=4.0 HTTP/1.1" 304 -
201.244.235.172 - - [08/Jan/2024:15:25:49 -0500] "GET /sipse/faces/javax.faces.resource/jquery/jquery-plugins.js?ln=primefaces&v=4.0 HTTP/1.1" 304 -
201.244.235.172 - - [08/Jan/2024:15:25:49 -0500] "GET /sipse/faces/javax.faces.resource/jquery/jquery.js?ln=primefaces&v=4.0 HTTP/1.1" 304 -
201.244.235.172 - - [08/Jan/2024:15:25:49 -0500] "GET /sipse/faces/javax.faces.resource/primefaces.js?ln=primefaces&v=4.0 HTTP/1.1" 304 -
201.244.235.172 - - [08/Jan/2024:15:25:49 -0500] "GET /sipse/faces/javax.faces.resource/layout/layout.js?ln=primefaces&v=4.0 HTTP/1.1" 304 -
201.244.235.172 - - [08/Jan/2024:15:25:51 -0500] "POST /sipse/faces/presentacion/financiero/solicitudProceso/consultar.xhtml HTTP/1.1" 200 12910
201.244.235.172 - - [08/Jan/2024:15:25:54 -0500] "POST /sipse/faces/presentacion/financiero/solicitudProceso/consultar.xhtml HTTP/1.1" 200 151202
201.244.235.172 - - [08/Jan/2024:15:25:54 -0500] "GET /sipse/faces/javax.faces.resource/layout/layout.css?ln=primefaces&v=4.0 HTTP/1.1" 304 -
201.244.235.172 - - [08/Jan/2024:15:25:54 -0500] "GET /sipse/faces/javax.faces.resource/primefaces.css?ln=primefaces&v=4.0 HTTP/1.1" 304 -
201.244.235.172 - - [08/Jan/2024:15:25:54 -0500] "GET /sipse/faces/javax.faces.resource/theme.css?ln=primefaces-sipse HTTP/1.1" 304 -
201.244.235.172 - - [08/Jan/2024:15:25:54 -0500] "GET /sipse/faces/javax.faces.resource/jquery/jquery.js?ln=primefaces&v=4.0 HTTP/1.1" 304 -
201.244.235.172 - - [08/Jan/2024:15:25:54 -0500] "GET /sipse/faces/javax.faces.resource/jquery/jquery-plugins.js?ln=primefaces&v=4.0 HTTP/1.1" 304 -
201.244.235.172 - - [08/Jan/2024:15:25:54 -0500] "GET /sipse/faces/javax.faces.resource/primefaces.js?ln=primefaces&v=4.0 HTTP/1.1" 304 -
201.244.235.172 - - [08/Jan/2024:15:25:54 -0500] "GET /sipse/faces/javax.faces.resource/layout/layout.js?ln=primefaces&v=4.0 HTTP/1.1" 304 -
156.59.198.135 - - [08/Jan/2024:15:26:03 -0500] "GET /BLA/resoluciones/AUTOS%202023/2393.pdf HTTP/1.0" 200 490754
156.59.198.135 - - [08/Jan/2024:15:26:27 -0500] "GET /BLA/resoluciones/AUTOS%202023/0782.pdf HTTP/1.0" 200 414728
156.59.198.136 - - [08/Jan/2024:15:26:51 -0500] "GET /BLA/resoluciones/AUTOS%202023/3176.pdf HTTP/1.0" 200 3167475
190.90.132.140 - - [08/Jan/2024:15:27:07 -0500] "POST /sipse/faces/presentacion/financiero/solicitudProceso/consultarSolicitudProceso.xhtml HTTP/1.1" 200 43802
190.90.132.140 - - [08/Jan/2024:15:27:08 -0500] "GET /sipse/faces/javax.faces.resource/jquery/jquery.js?ln=primefaces&v=4.0 HTTP/1.1" 304 -
190.90.132.140 - - [08/Jan/2024:15:27:08 -0500] "GET /sipse/faces/javax.faces.resource/jquery/jquery-plugins.js?ln=primefaces&v=4.0 HTTP/1.1" 304 -
190.90.132.140 - - [08/Jan/2024:15:27:08 -0500] "GET /sipse/faces/javax.faces.resource/primefaces.js?ln=primefaces&v=4.0 HTTP/1.1" 304 -
190.90.132.140 - - [08/Jan/2024:15:27:08 -0500] "GET /sipse/faces/javax.faces.resource/layout/layout.js?ln=primefaces&v=4.0 HTTP/1.1" 304 -
190.90.132.140 - - [08/Jan/2024:15:27:08 -0500] "POST /sipse/faces/presentacion/financiero/solicitudProceso/consultar.xhtml HTTP/1.1" 200 37171
190.90.132.140 - - [08/Jan/2024:15:27:08 -0500] "POST /sipse/faces/presentacion/financiero/solicitudProceso/consultar.xhtml HTTP/1.1" 200 37171
190.90.132.140 - - [08/Jan/2024:15:27:09 -0500] "POST /sipse/faces/presentacion/financiero/solicitudProceso/consultar.xhtml HTTP/1.1" 200 37171
190.90.132.140 - - [08/Jan/2024:15:27:09 -0500] "POST /sipse/faces/presentacion/financiero/solicitudProceso/consultar.xhtml HTTP/1.1" 200 37171
190.90.132.140 - - [08/Jan/2024:15:27:09 -0500] "POST /sipse/faces/presentacion/financiero/solicitudProceso/consultar.xhtml HTTP/1.1" 200 37171
190.90.132.140 - - [08/Jan/2024:15:27:14 -0500] "POST /sipse/faces/presentacion/financiero/solicitudProceso/consultar.xhtml HTTP/1.1" 200 12809
156.59.198.136 - - [08/Jan/2024:15:27:14 -0500] "GET /BLA/resoluciones/AUTOS%202023/5962.pdf HTTP/1.0" 200 687433
190.90.132.140 - - [08/Jan/2024:15:27:16 -0500] "POST /sipse/faces/presentacion/financiero/solicitudProceso/consultar.xhtml HTTP/1.1" 200 121642
190.90.132.140 - - [08/Jan/2024:15:27:16 -0500] "GET /sipse/js/disable_browser_buttons.js HTTP/1.1" 200 3230
190.90.132.140 - - [08/Jan/2024:15:27:17 -0500] "GET /sipse/faces/javax.faces.resource/jquery/jquery.js?ln=primefaces&v=4.0 HTTP/1.1" 304 -
190.90.132.140 - - [08/Jan/2024:15:27:17 -0500] "GET /sipse/faces/javax.faces.resource/jquery/jquery-plugins.js?ln=primefaces&v=4.0 HTTP/1.1" 304 -
190.90.132.140 - - [08/Jan/2024:15:27:17 -0500] "GET /sipse/faces/javax.faces.resource/primefaces.js?ln=primefaces&v=4.0 HTTP/1.1" 304 -
190.90.132.140 - - [08/Jan/2024:15:27:17 -0500] "GET /sipse/faces/javax.faces.resource/layout/layout.js?ln=primefaces&v=4.0 HTTP/1.1" 304 -
190.90.132.140 - - [08/Jan/2024:15:27:23 -0500] "POST /sipse/faces/presentacion/financiero/solicitudProceso/consultarSolicitudProceso.xhtml HTTP/1.1" 200 134554
156.59.198.136 - - [08/Jan/2024:15:27:39 -0500] "GET /BLA/resoluciones/AUTOS%202023/1406.pdf HTTP/1.0" 200 394693
156.59.198.135 - - [08/Jan/2024:15:28:04 -0500] "GET /BLA/resoluciones/AUTOS%202023/0775.pdf HTTP/1.0" 200 411183
156.59.198.136 - - [08/Jan/2024:15:28:29 -0500] "GET /BLA/resoluciones/AUTOS%202023/4138.pdf HTTP/1.0" 200 418778
201.245.192.253 - - [08/Jan/2024:15:28:34 -0500] "POST /kwsrmcab/Wsrmcab  HTTP/1.1" 200 36937
114.119.138.99 - - [08/Jan/2024:15:28:42 -0500] "GET /BLA/resoluciones/index.php?dir=Notificaciones/RESOLUCIONES%2B2019/&sort=size&order=asc HTTP/1.1" 200 13965
156.59.198.135 - - [08/Jan/2024:15:28:54 -0500] "GET /BLA/resoluciones/AUTOS%202023/5764.pdf HTTP/1.0" 200 1400363
156.59.198.135 - - [08/Jan/2024:15:29:18 -0500] "GET /BLA/resoluciones/AUTOS%202023/1811.pdf HTTP/1.0" 200 442463
201.245.192.253 - - [08/Jan/2024:15:29:16 -0500] "POST /kwsrmcab/Wsrmcab HTTP/1.1" 200 36445
172.22.2.4 - - [08/Jan/2024:15:27:57 -0500] "HEAD /BLA/boletinlegal/ HTTP/1.1" 200 -
156.59.198.136 - - [08/Jan/2024:15:29:43 -0500] "GET /BLA/resoluciones/AUTOS%202023/0319.pdf HTTP/1.0" 200 394252
173.252.95.24 - - [08/Jan/2024:15:29:49 -0500] "GET /derechos-de-construccion-estrategia-del-distrito-para-adquirir-predios-privados-en-la-van-der-hammen-y-los-cerros-orientales.html HTTP/1.1" 200 912
201.245.192.253 - - [08/Jan/2024:15:29:57 -0500] "POST /kwsrmcab/Wsrmcab HTTP/1.1" 200 36901
156.59.198.136 - - [08/Jan/2024:15:30:07 -0500] "GET /BLA/resoluciones/AUTOS%202023/0189.pdf HTTP/1.0" 200 1863694
185.41.186.47 - - [08/Jan/2024:15:30:25 -0500] "GET /wp-admin/html.php HTTP/1.1" 404 1148
172.22.2.4 - - [08/Jan/2024:15:28:48 -0500] "GET /BLA/boletinlegal/ HTTP/1.1" 200 56085
216.245.221.92 - - [08/Jan/2024:15:30:30 -0500] "HEAD / HTTP/1.1" 200 -
156.59.198.136 - - [08/Jan/2024:15:30:32 -0500] "GET /BLA/resoluciones/AUTOS%202023/4010.pdf HTTP/1.0" 200 421067
172.22.2.4 - - [08/Jan/2024:15:30:36 -0500] "GET /BLA/boletinlegal/actos.php HTTP/1.1" 200 9648
172.22.2.4 - - [08/Jan/2024:15:30:36 -0500] "GET /BLA/boletinlegal/styles2.css HTTP/1.1" 200 1838
172.22.2.4 - - [08/Jan/2024:15:30:36 -0500] "GET /BLA/boletinlegal/js/ajax_actos.js HTTP/1.1" 200 1322
172.22.2.4 - - [08/Jan/2024:15:30:36 -0500] "GET /BLA/boletinlegal/niceforms-default.css HTTP/1.1" 200 6694
172.22.2.4 - - [08/Jan/2024:15:30:36 -0500] "GET /BLA/boletinlegal/style.css HTTP/1.1" 200 9406
172.22.2.4 - - [08/Jan/2024:15:30:36 -0500] "GET /BLA/boletinlegal/niceforms.js HTTP/1.1" 200 22876
172.22.2.4 - - [08/Jan/2024:15:30:36 -0500] "GET /BLA/boletinlegal/js/lib.js HTTP/1.1" 200 6474
172.22.2.4 - - [08/Jan/2024:15:30:36 -0500] "GET /BLA/boletinlegal/js/popup.js HTTP/1.1" 200 1270
172.22.2.4 - - [08/Jan/2024:15:30:36 -0500] "GET /BLA/boletinlegal/js/jquery1.js HTTP/1.1" 200 29846
172.22.2.4 - - [08/Jan/2024:15:30:36 -0500] "GET /BLA/boletinlegal/images/cabezote%20BLEGAL.jpg HTTP/1.1" 200 118164
172.22.2.4 - - [08/Jan/2024:15:30:36 -0500] "GET /BLA/boletinlegal/images/subscribe-icon-big.png HTTP/1.1" 200 47702
172.22.2.4 - - [08/Jan/2024:15:30:36 -0500] "GET /BLA/boletinlegal/images/historia.png HTTP/1.1" 200 52775
185.41.186.47 - - [08/Jan/2024:15:30:41 -0500] "GET /wp-stad.php HTTP/1.1" 404 1148
185.41.186.47 - - [08/Jan/2024:15:30:48 -0500] "GET /lib.php HTTP/1.1" 404 1148
185.41.186.47 - - [08/Jan/2024:15:30:54 -0500] "GET /wp-content/themes/twentystd/index.php HTTP/1.1" 404 1148
156.59.198.135 - - [08/Jan/2024:15:30:55 -0500] "GET /BLA/resoluciones/AUTOS%202023/4270.pdf HTTP/1.0" 200 489143
185.41.186.47 - - [08/Jan/2024:15:31:00 -0500] "GET /wp-stad.php HTTP/1.1" 404 1148
185.41.186.47 - - [08/Jan/2024:15:31:07 -0500] "GET /wp-content/themes/wp-classic/inc/index.php HTTP/1.1" 404 1148
185.41.186.47 - - [08/Jan/2024:15:31:13 -0500] "GET /wp-content/plugins/wp-task-scheduler/scheduler.php HTTP/1.1" 404 1148
156.59.198.135 - - [08/Jan/2024:15:31:20 -0500] "GET /BLA/resoluciones/AUTOS%202023/3606.pdf HTTP/1.0" 200 5029468
185.41.186.47 - - [08/Jan/2024:15:31:21 -0500] "GET /wp-content/plugins/task-controller/index.php HTTP/1.1" 404 1148
185.41.186.47 - - [08/Jan/2024:15:31:25 -0500] "GET /wp-content/plugins/core-builder/index.php HTTP/1.1" 404 1148
156.59.198.136 - - [08/Jan/2024:15:31:44 -0500] "GET /BLA/resoluciones/AUTOS%202023/4259.pdf HTTP/1.0" 200 540051
156.59.198.135 - - [08/Jan/2024:15:32:08 -0500] "GET /BLA/resoluciones/AUTOS%202023/5042.pdf HTTP/1.0" 200 3175489
156.59.198.136 - - [08/Jan/2024:15:32:33 -0500] "GET /BLA/resoluciones/AUTOS%202023/2067.pdf HTTP/1.0" 200 477173
156.59.198.136 - - [08/Jan/2024:15:32:57 -0500] "GET /BLA/resoluciones/AUTOS%202023/3500.pdf HTTP/1.0" 200 466872
156.59.198.136 - - [08/Jan/2024:15:33:21 -0500] "GET /BLA/resoluciones/AUTOS%202023/2357.pdf HTTP/1.0" 200 428740
201.245.192.253 - - [08/Jan/2024:15:33:33 -0500] "POST /kwsrmcab/Wsrmcab  HTTP/1.1" 200 36937
156.59.198.136 - - [08/Jan/2024:15:33:47 -0500] "GET /BLA/resoluciones/AUTOS%202023/3242.pdf HTTP/1.0" 200 339811
156.59.198.135 - - [08/Jan/2024:15:34:12 -0500] "GET /BLA/resoluciones/AUTOS%202023/0577.pdf HTTP/1.0" 200 433677
172.22.2.4 - - [08/Jan/2024:15:32:52 -0500] "GET /BLA/boletinlegal/ HTTP/1.1" 200 60910
156.59.198.135 - - [08/Jan/2024:15:34:36 -0500] "GET /BLA/resoluciones/AUTOS%202023/2922.pdf HTTP/1.0" 200 728537
69.63.189.7 - - [08/Jan/2024:15:34:57 -0500] "GET /inicia-el-2024-conociendo-la-biodiversidad-de-bogoti.html HTTP/1.1" 200 894
156.59.198.136 - - [08/Jan/2024:15:35:00 -0500] "GET /BLA/resoluciones/AUTOS%202023/4975.pdf HTTP/1.0" 200 327999
201.245.192.253 - - [08/Jan/2024:15:35:03 -0500] "POST /kwsrmcab/Wsrmcab HTTP/1.1" 200 36445
201.245.192.253 - - [08/Jan/2024:15:35:06 -0500] "POST /kwsrmcab/Wsrmcab HTTP/1.1" 200 36901
156.59.198.136 - - [08/Jan/2024:15:35:26 -0500] "GET /BLA/resoluciones/AUTOS%202023/1152.pdf HTTP/1.0" 200 716270
172.22.2.4 - - [08/Jan/2024:15:33:47 -0500] "HEAD /BLA/boletinlegal/ HTTP/1.1" 200 -
216.245.221.92 - - [08/Jan/2024:15:35:30 -0500] "HEAD / HTTP/1.1" 200 -
201.244.235.172 - - [08/Jan/2024:15:35:36 -0500] "POST /sipse/faces/presentacion/financiero/solicitudProceso/consultarSolicitudProceso.xhtml HTTP/1.1" 200 45598
201.244.235.172 - - [08/Jan/2024:15:35:36 -0500] "GET /sipse/faces/javax.faces.resource/theme.css?ln=primefaces-sipse HTTP/1.1" 304 -
201.244.235.172 - - [08/Jan/2024:15:35:36 -0500] "GET /sipse/faces/javax.faces.resource/primefaces.css?ln=primefaces&v=4.0 HTTP/1.1" 304 -
201.244.235.172 - - [08/Jan/2024:15:35:36 -0500] "GET /sipse/faces/javax.faces.resource/jquery/jquery-plugins.js?ln=primefaces&v=4.0 HTTP/1.1" 304 -
201.244.235.172 - - [08/Jan/2024:15:35:36 -0500] "GET /sipse/faces/javax.faces.resource/jquery/jquery.js?ln=primefaces&v=4.0 HTTP/1.1" 304 -
201.244.235.172 - - [08/Jan/2024:15:35:36 -0500] "GET /sipse/faces/javax.faces.resource/primefaces.js?ln=primefaces&v=4.0 HTTP/1.1" 304 -
201.244.235.172 - - [08/Jan/2024:15:35:36 -0500] "GET /sipse/faces/javax.faces.resource/layout/layout.css?ln=primefaces&v=4.0 HTTP/1.1" 304 -
201.244.235.172 - - [08/Jan/2024:15:35:36 -0500] "GET /sipse/faces/javax.faces.resource/layout/layout.js?ln=primefaces&v=4.0 HTTP/1.1" 304 -
201.244.235.172 - - [08/Jan/2024:15:35:36 -0500] "GET /sipse/faces/javax.faces.resource/images/ui-icons_898989_256x240.png?ln=primefaces-aristo HTTP/1.1" 304 -
201.244.235.172 - - [08/Jan/2024:15:35:36 -0500] "GET /sipse/css/imagen/contrasena.png HTTP/1.1" 404 383
201.244.235.172 - - [08/Jan/2024:15:35:38 -0500] "GET /sipse/faces/javax.faces.resource/images/ui-bg_flat_0_2d5972_40x100.png?ln=primefaces-aristo HTTP/1.1" 304 -
201.244.235.172 - - [08/Jan/2024:15:35:38 -0500] "POST /sipse/faces/presentacion/financiero/solicitudProceso/consultar.xhtml HTTP/1.1" 200 12744
201.244.235.172 - - [08/Jan/2024:15:35:42 -0500] "POST /sipse/faces/presentacion/financiero/solicitudProceso/consultar.xhtml HTTP/1.1" 200 157476
201.244.235.172 - - [08/Jan/2024:15:35:42 -0500] "GET /sipse/faces/javax.faces.resource/layout/layout.css?ln=primefaces&v=4.0 HTTP/1.1" 304 -
201.244.235.172 - - [08/Jan/2024:15:35:42 -0500] "GET /sipse/faces/javax.faces.resource/theme.css?ln=primefaces-sipse HTTP/1.1" 304 -
201.244.235.172 - - [08/Jan/2024:15:35:42 -0500] "GET /sipse/faces/javax.faces.resource/primefaces.css?ln=primefaces&v=4.0 HTTP/1.1" 304 -
201.244.235.172 - - [08/Jan/2024:15:35:42 -0500] "GET /sipse/faces/javax.faces.resource/jquery/jquery.js?ln=primefaces&v=4.0 HTTP/1.1" 304 -
201.244.235.172 - - [08/Jan/2024:15:35:42 -0500] "GET /sipse/faces/javax.faces.resource/jquery/jquery-plugins.js?ln=primefaces&v=4.0 HTTP/1.1" 304 -
201.244.235.172 - - [08/Jan/2024:15:35:42 -0500] "GET /sipse/faces/javax.faces.resource/primefaces.js?ln=primefaces&v=4.0 HTTP/1.1" 304 -
201.244.235.172 - - [08/Jan/2024:15:35:42 -0500] "GET /sipse/faces/javax.faces.resource/layout/layout.js?ln=primefaces&v=4.0 HTTP/1.1" 304 -
201.244.235.172 - - [08/Jan/2024:15:35:48 -0500] "POST /sipse/faces/presentacion/financiero/solicitudProceso/consultarSolicitudProceso.xhtml HTTP/1.1" 200 597263
156.59.198.135 - - [08/Jan/2024:15:35:49 -0500] "GET /BLA/resoluciones/AUTOS%202023/5134.pdf HTTP/1.0" 200 431443
211.140.23.130 - - [08/Jan/2024:15:36:13 -0500] "GET /galeria/galeria/fotos/juan-amarillo2P.jpg HTTP/1.1" 200 32696
156.59.198.135 - - [08/Jan/2024:15:36:14 -0500] "GET /BLA/resoluciones/AUTOS%202023/0591.pdf HTTP/1.0" 200 3257537
172.22.2.4 - - [08/Jan/2024:15:34:38 -0500] "GET /BLA/boletinlegal/ HTTP/1.1" 200 57683
156.59.198.135 - - [08/Jan/2024:15:36:37 -0500] "GET /BLA/resoluciones/Notificaciones/AUTOS%202014/7286.doc HTTP/1.0" 200 155136
172.22.2.4 - - [08/Jan/2024:15:35:57 -0500] "GET /BLA/boletinlegal/?20628182016134805143312Ex HTTP/1.1" 200 32715
172.22.2.4 - - [08/Jan/2024:15:36:49 -0500] "GET /BLA/boletinlegal/Circulares/2019/.pdf HTTP/1.1" 404 1218
156.59.198.135 - - [08/Jan/2024:15:37:02 -0500] "GET /BLA/resoluciones/AUTOS%202023/2776.pdf HTTP/1.0" 200 1172521
191.156.183.140 - - [08/Jan/2024:15:37:05 -0500] "GET /inicia-el-2024-conociendo-la-biodiversidad-de-bogoti.html?fbclid=IwAR1qcVBN37QJO5FTNvqN7bjibFbe4lhq52342OtzTSle2BcrV67dDJIQbik HTTP/1.1" 200 894
156.59.198.136 - - [08/Jan/2024:15:37:26 -0500] "GET /BLA/resoluciones/AUTOS%202023/4297.pdf HTTP/1.0" 200 414190
156.59.198.136 - - [08/Jan/2024:15:37:50 -0500] "GET /BLA/resoluciones/AUTOS%202023/0221.pdf HTTP/1.0" 200 472815
156.59.198.135 - - [08/Jan/2024:15:38:15 -0500] "GET /BLA/resoluciones/AUTOS%202023/0742.pdf HTTP/1.0" 200 372344
201.245.192.253 - - [08/Jan/2024:15:38:32 -0500] "POST /kwsrmcab/Wsrmcab  HTTP/1.1" 200 36937
156.59.198.135 - - [08/Jan/2024:15:38:40 -0500] "GET /BLA/resoluciones/AUTOS%202023/3396.pdf HTTP/1.0" 200 1333057
156.59.198.135 - - [08/Jan/2024:15:39:04 -0500] "GET /BLA/resoluciones/AUTOS%202023/5239.pdf HTTP/1.0" 200 1213470
201.245.192.253 - - [08/Jan/2024:15:39:16 -0500] "POST /kwsrmcab/Wsrmcab HTTP/1.1" 200 36445
156.59.198.135 - - [08/Jan/2024:15:39:28 -0500] "GET /BLA/resoluciones/AUTOS%202023/5010.pdf HTTP/1.0" 200 531787
201.244.235.172 - - [08/Jan/2024:15:39:30 -0500] "POST /sipse/faces/presentacion/financiero/solicitudProceso/consultarSolicitudProceso.xhtml HTTP/1.1" 200 45432
201.244.235.172 - - [08/Jan/2024:15:39:31 -0500] "GET /sipse/faces/javax.faces.resource/theme.css?ln=primefaces-sipse HTTP/1.1" 304 -
201.244.235.172 - - [08/Jan/2024:15:39:31 -0500] "GET /sipse/faces/javax.faces.resource/primefaces.css?ln=primefaces&v=4.0 HTTP/1.1" 304 -
201.244.235.172 - - [08/Jan/2024:15:39:31 -0500] "GET /sipse/faces/javax.faces.resource/layout/layout.css?ln=primefaces&v=4.0 HTTP/1.1" 304 -
201.244.235.172 - - [08/Jan/2024:15:39:31 -0500] "GET /sipse/faces/javax.faces.resource/jquery/jquery.js?ln=primefaces&v=4.0 HTTP/1.1" 304 -
201.244.235.172 - - [08/Jan/2024:15:39:31 -0500] "GET /sipse/faces/javax.faces.resource/primefaces.js?ln=primefaces&v=4.0 HTTP/1.1" 304 -
201.244.235.172 - - [08/Jan/2024:15:39:31 -0500] "GET /sipse/faces/javax.faces.resource/jquery/jquery-plugins.js?ln=primefaces&v=4.0 HTTP/1.1" 304 -
201.244.235.172 - - [08/Jan/2024:15:39:31 -0500] "GET /sipse/faces/javax.faces.resource/layout/layout.js?ln=primefaces&v=4.0 HTTP/1.1" 304 -
201.244.235.172 - - [08/Jan/2024:15:39:31 -0500] "GET /sipse/css/imagen/contrasena.png HTTP/1.1" 404 383
201.244.235.172 - - [08/Jan/2024:15:39:31 -0500] "GET /sipse/faces/javax.faces.resource/images/ui-icons_898989_256x240.png?ln=primefaces-aristo HTTP/1.1" 304 -
201.244.235.172 - - [08/Jan/2024:15:39:33 -0500] "GET /sipse/faces/javax.faces.resource/images/ui-bg_flat_0_2d5972_40x100.png?ln=primefaces-aristo HTTP/1.1" 304 -
201.244.235.172 - - [08/Jan/2024:15:39:33 -0500] "POST /sipse/faces/presentacion/financiero/solicitudProceso/consultar.xhtml HTTP/1.1" 200 12856
201.244.235.172 - - [08/Jan/2024:15:39:35 -0500] "POST /sipse/faces/presentacion/financiero/solicitudProceso/consultar.xhtml HTTP/1.1" 200 161813
201.244.235.172 - - [08/Jan/2024:15:39:36 -0500] "GET /sipse/faces/javax.faces.resource/theme.css?ln=primefaces-sipse HTTP/1.1" 304 -
201.244.235.172 - - [08/Jan/2024:15:39:36 -0500] "GET /sipse/faces/javax.faces.resource/layout/layout.css?ln=primefaces&v=4.0 HTTP/1.1" 304 -
201.244.235.172 - - [08/Jan/2024:15:39:36 -0500] "GET /sipse/faces/javax.faces.resource/primefaces.css?ln=primefaces&v=4.0 HTTP/1.1" 304 -
201.244.235.172 - - [08/Jan/2024:15:39:36 -0500] "GET /sipse/faces/javax.faces.resource/jquery/jquery.js?ln=primefaces&v=4.0 HTTP/1.1" 304 -
201.244.235.172 - - [08/Jan/2024:15:39:36 -0500] "GET /sipse/faces/javax.faces.resource/jquery/jquery-plugins.js?ln=primefaces&v=4.0 HTTP/1.1" 304 -
201.244.235.172 - - [08/Jan/2024:15:39:36 -0500] "GET /sipse/faces/javax.faces.resource/primefaces.js?ln=primefaces&v=4.0 HTTP/1.1" 304 -
201.244.235.172 - - [08/Jan/2024:15:39:36 -0500] "GET /sipse/faces/javax.faces.resource/layout/layout.js?ln=primefaces&v=4.0 HTTP/1.1" 304 -
201.244.235.172 - - [08/Jan/2024:15:39:40 -0500] "POST /sipse/faces/presentacion/financiero/solicitudProceso/consultarSolicitudProceso.xhtml HTTP/1.1" 200 591570
156.59.198.135 - - [08/Jan/2024:15:39:53 -0500] "GET /BLA/resoluciones/AUTOS%202023/5008.pdf HTTP/1.0" 200 547996
201.245.192.253 - - [08/Jan/2024:15:39:58 -0500] "POST /kwsrmcab/Wsrmcab HTTP/1.1" 200 36901
156.59.198.136 - - [08/Jan/2024:15:40:16 -0500] "GET /BLA/resoluciones/AUTOS%202023/1910.pdf HTTP/1.0" 200 407314
216.245.221.92 - - [08/Jan/2024:15:40:30 -0500] "HEAD / HTTP/1.1" 200 -
156.59.198.135 - - [08/Jan/2024:15:40:41 -0500] "GET /BLA/resoluciones/AUTOS%202023/4134.pdf HTTP/1.0" 200 416396
201.244.235.172 - - [08/Jan/2024:15:40:47 -0500] "POST /sipse/faces/presentacion/financiero/solicitudProceso/consultarSolicitudProceso.xhtml HTTP/1.1" 200 45544
201.244.235.172 - - [08/Jan/2024:15:40:47 -0500] "GET /sipse/faces/javax.faces.resource/primefaces.css?ln=primefaces&v=4.0 HTTP/1.1" 304 -
201.244.235.172 - - [08/Jan/2024:15:40:47 -0500] "GET /sipse/faces/javax.faces.resource/theme.css?ln=primefaces-sipse HTTP/1.1" 304 -
201.244.235.172 - - [08/Jan/2024:15:40:47 -0500] "GET /sipse/faces/javax.faces.resource/layout/layout.css?ln=primefaces&v=4.0 HTTP/1.1" 304 -
201.244.235.172 - - [08/Jan/2024:15:40:47 -0500] "GET /sipse/faces/javax.faces.resource/primefaces.js?ln=primefaces&v=4.0 HTTP/1.1" 304 -
201.244.235.172 - - [08/Jan/2024:15:40:47 -0500] "GET /sipse/faces/javax.faces.resource/jquery/jquery.js?ln=primefaces&v=4.0 HTTP/1.1" 304 -
201.244.235.172 - - [08/Jan/2024:15:40:47 -0500] "GET /sipse/faces/javax.faces.resource/layout/layout.js?ln=primefaces&v=4.0 HTTP/1.1" 304 -
201.244.235.172 - - [08/Jan/2024:15:40:47 -0500] "GET /sipse/faces/javax.faces.resource/jquery/jquery-plugins.js?ln=primefaces&v=4.0 HTTP/1.1" 304 -
201.244.235.172 - - [08/Jan/2024:15:40:49 -0500] "POST /sipse/faces/presentacion/financiero/solicitudProceso/consultar.xhtml HTTP/1.1" 200 12856
201.244.235.172 - - [08/Jan/2024:15:40:51 -0500] "POST /sipse/faces/presentacion/financiero/solicitudProceso/consultar.xhtml HTTP/1.1" 200 160174
201.244.235.172 - - [08/Jan/2024:15:40:52 -0500] "GET /sipse/faces/javax.faces.resource/theme.css?ln=primefaces-sipse HTTP/1.1" 304 -
201.244.235.172 - - [08/Jan/2024:15:40:52 -0500] "GET /sipse/faces/javax.faces.resource/layout/layout.css?ln=primefaces&v=4.0 HTTP/1.1" 304 -
201.244.235.172 - - [08/Jan/2024:15:40:52 -0500] "GET /sipse/faces/javax.faces.resource/primefaces.css?ln=primefaces&v=4.0 HTTP/1.1" 304 -
201.244.235.172 - - [08/Jan/2024:15:40:52 -0500] "GET /sipse/faces/javax.faces.resource/jquery/jquery.js?ln=primefaces&v=4.0 HTTP/1.1" 304 -
201.244.235.172 - - [08/Jan/2024:15:40:52 -0500] "GET /sipse/faces/javax.faces.resource/jquery/jquery-plugins.js?ln=primefaces&v=4.0 HTTP/1.1" 304 -
201.244.235.172 - - [08/Jan/2024:15:40:52 -0500] "GET /sipse/faces/javax.faces.resource/primefaces.js?ln=primefaces&v=4.0 HTTP/1.1" 304 -
201.244.235.172 - - [08/Jan/2024:15:40:52 -0500] "GET /sipse/faces/javax.faces.resource/layout/layout.js?ln=primefaces&v=4.0 HTTP/1.1" 304 -
201.244.235.172 - - [08/Jan/2024:15:41:04 -0500] "POST /sipse/faces/presentacion/financiero/solicitudProceso/consultarSolicitudProceso.xhtml HTTP/1.1" 200 497970
156.59.198.136 - - [08/Jan/2024:15:41:05 -0500] "GET /BLA/resoluciones/AUTOS%202023/5844.pdf HTTP/1.0" 200 397889
172.22.2.4 - - [08/Jan/2024:15:39:37 -0500] "HEAD /BLA/boletinlegal/ HTTP/1.1" 200 -
156.59.198.136 - - [08/Jan/2024:15:41:29 -0500] "GET /BLA/resoluciones/AUTOS%202023/0332.pdf HTTP/1.0" 200 395640
156.59.198.136 - - [08/Jan/2024:15:41:54 -0500] "GET /BLA/resoluciones/AUTOS%202023/5238.pdf HTTP/1.0" 200 542639
172.22.2.4 - - [08/Jan/2024:15:40:28 -0500] "GET /BLA/boletinlegal/ HTTP/1.1" 200 60502
156.59.198.136 - - [08/Jan/2024:15:42:18 -0500] "GET /BLA/resoluciones/AUTOS%202023/5873.pdf HTTP/1.0" 200 423036
156.59.198.136 - - [08/Jan/2024:15:42:43 -0500] "GET /BLA/resoluciones/AUTOS%202023/2423.pdf HTTP/1.0" 200 911726
186.84.122.28 - - [08/Jan/2024:15:42:59 -0500] "GET /inicia-el-2024-conociendo-la-biodiversidad-de-bogoti.html?fbclid=IwAR03jjbOrmPuB-mPcVC9_nh1X2SIDU-fAazGosM65ArvTk6x-1vCZFNl-qU HTTP/1.1" 200 894
156.59.198.135 - - [08/Jan/2024:15:43:06 -0500] "GET /BLA/resoluciones/AUTOS%202023/5695.pdf HTTP/1.0" 200 472238
201.245.192.253 - - [08/Jan/2024:15:43:30 -0500] "POST /kwsrmcab/Wsrmcab  HTTP/1.1" 200 36937
156.59.198.136 - - [08/Jan/2024:15:43:33 -0500] "GET /BLA/resoluciones/AUTOS%202023/5485.pdf HTTP/1.0" 200 973536
156.59.198.135 - - [08/Jan/2024:15:43:57 -0500] "GET /BLA/resoluciones/AUTOS%202023/3411.pdf HTTP/1.0" 200 387396
156.59.198.136 - - [08/Jan/2024:15:44:22 -0500] "GET /BLA/resoluciones/AUTOS%202023/0340.pdf HTTP/1.0" 200 425436
156.59.198.136 - - [08/Jan/2024:15:44:46 -0500] "GET /BLA/resoluciones/Notificaciones/AUTOS%202014/7348.doc HTTP/1.0" 200 199168
156.59.198.135 - - [08/Jan/2024:15:45:11 -0500] "GET /BLA/resoluciones/AUTOS%202023/4058.pdf HTTP/1.0" 200 1454061
216.245.221.92 - - [08/Jan/2024:15:45:30 -0500] "HEAD / HTTP/1.1" 200 -
156.59.198.136 - - [08/Jan/2024:15:45:34 -0500] "GET /BLA/resoluciones/AUTOS%202023/5210.pdf HTTP/1.0" 200 819864
66.249.66.76 - - [08/Jan/2024:15:45:45 -0500] "GET /portaldeninos/2018/06/06/hola-mundo-3-2-2/ HTTP/1.1" 200 94319
156.59.198.136 - - [08/Jan/2024:15:45:59 -0500] "GET /BLA/resoluciones/AUTOS%202023/6012.pdf HTTP/1.0" 200 515682
190.90.132.140 - - [08/Jan/2024:15:46:07 -0500] "POST /sipse/faces/presentacion/financiero/solicitudProceso/consultarSolicitudProceso.xhtml HTTP/1.1" 200 43802
190.90.132.140 - - [08/Jan/2024:15:46:08 -0500] "GET /sipse/faces/javax.faces.resource/jquery/jquery.js?ln=primefaces&v=4.0 HTTP/1.1" 304 -
190.90.132.140 - - [08/Jan/2024:15:46:08 -0500] "GET /sipse/faces/javax.faces.resource/jquery/jquery-plugins.js?ln=primefaces&v=4.0 HTTP/1.1" 304 -
190.90.132.140 - - [08/Jan/2024:15:46:08 -0500] "GET /sipse/faces/javax.faces.resource/primefaces.js?ln=primefaces&v=4.0 HTTP/1.1" 304 -
190.90.132.140 - - [08/Jan/2024:15:46:08 -0500] "GET /sipse/faces/javax.faces.resource/layout/layout.js?ln=primefaces&v=4.0 HTTP/1.1" 304 -
190.90.132.140 - - [08/Jan/2024:15:46:08 -0500] "POST /sipse/faces/presentacion/financiero/solicitudProceso/consultar.xhtml HTTP/1.1" 200 37171
190.90.132.140 - - [08/Jan/2024:15:46:08 -0500] "POST /sipse/faces/presentacion/financiero/solicitudProceso/consultar.xhtml HTTP/1.1" 200 37171
190.90.132.140 - - [08/Jan/2024:15:46:09 -0500] "POST /sipse/faces/presentacion/financiero/solicitudProceso/consultar.xhtml HTTP/1.1" 200 37171
190.90.132.140 - - [08/Jan/2024:15:46:09 -0500] "POST /sipse/faces/presentacion/financiero/solicitudProceso/consultar.xhtml HTTP/1.1" 200 37171
190.90.132.140 - - [08/Jan/2024:15:46:09 -0500] "POST /sipse/faces/presentacion/financiero/solicitudProceso/consultar.xhtml HTTP/1.1" 200 37171
66.249.66.76 - - [08/Jan/2024:15:46:09 -0500] "GET /portaldeninos/wp-includes/js/jquery/ui/core.min.js?ver=1.11.4 HTTP/1.1" 200 4000
190.90.132.140 - - [08/Jan/2024:15:46:09 -0500] "POST /sipse/faces/presentacion/financiero/solicitudProceso/consultar.xhtml HTTP/1.1" 200 37171
190.90.132.140 - - [08/Jan/2024:15:46:10 -0500] "POST /sipse/faces/presentacion/financiero/solicitudProceso/consultar.xhtml HTTP/1.1" 200 37171
190.90.132.140 - - [08/Jan/2024:15:46:14 -0500] "POST /sipse/faces/presentacion/financiero/solicitudProceso/consultar.xhtml HTTP/1.1" 200 12743
190.90.132.140 - - [08/Jan/2024:15:46:17 -0500] "POST /sipse/faces/presentacion/financiero/solicitudProceso/consultar.xhtml HTTP/1.1" 200 118686
190.90.132.140 - - [08/Jan/2024:15:46:19 -0500] "GET /sipse/faces/javax.faces.resource/jquery/jquery.js?ln=primefaces&v=4.0 HTTP/1.1" 304 -
190.90.132.140 - - [08/Jan/2024:15:46:19 -0500] "GET /sipse/faces/javax.faces.resource/jquery/jquery-plugins.js?ln=primefaces&v=4.0 HTTP/1.1" 304 -
190.90.132.140 - - [08/Jan/2024:15:46:19 -0500] "GET /sipse/faces/javax.faces.resource/primefaces.js?ln=primefaces&v=4.0 HTTP/1.1" 304 -
190.90.132.140 - - [08/Jan/2024:15:46:19 -0500] "GET /sipse/faces/javax.faces.resource/layout/layout.js?ln=primefaces&v=4.0 HTTP/1.1" 304 -
66.249.66.76 - - [08/Jan/2024:15:46:18 -0500] "GET /portaldeninos/parque-mirador-de-los-nevados/ HTTP/1.1" 200 89855
181.51.34.252 - - [08/Jan/2024:15:46:19 -0500] "GET /BLA/resoluciones/AUTOS%202021/0250.pdf HTTP/1.1" 200 376669
181.51.34.252 - - [08/Jan/2024:15:46:20 -0500] "GET /favicon.ico HTTP/1.1" 200 7782
66.249.66.76 - - [08/Jan/2024:15:46:21 -0500] "GET /portaldeninos/wp-includes/js/jquery/ui/widget.min.js?ver=1.11.4 HTTP/1.1" 200 6908
156.59.198.136 - - [08/Jan/2024:15:46:23 -0500] "GET /BLA/resoluciones/AUTOS%202023/0902.pdf HTTP/1.0" 200 2077200
190.90.132.140 - - [08/Jan/2024:15:46:25 -0500] "POST /sipse/faces/presentacion/financiero/solicitudProceso/consultarSolicitudProceso.xhtml HTTP/1.1" 200 628282
47.128.35.64 - - [08/Jan/2024:15:46:48 -0500] "GET /BLA/resoluciones/index.php?dir=RESOLUCIONES%202006%2FRES%202006%202451-2500%2F&order=asc&sort=date HTTP/1.1" 200 12154
47.128.35.64 - - [08/Jan/2024:15:46:49 -0500] "GET /BLA/resoluciones/dlf/unknown.png HTTP/1.1" 200 266
47.128.35.64 - - [08/Jan/2024:15:46:49 -0500] "GET /BLA/resoluciones/dlf/dirup.png HTTP/1.1" 200 644
172.22.2.4 - - [08/Jan/2024:15:45:27 -0500] "HEAD /BLA/boletinlegal/ HTTP/1.1" 200 -
156.59.198.135 - - [08/Jan/2024:15:47:12 -0500] "GET /BLA/resoluciones/AUTOS%202023/5524.pdf HTTP/1.0" 200 780990
201.244.235.172 - - [08/Jan/2024:15:47:25 -0500] "POST /sipse/faces/presentacion/financiero/solicitudProceso/consultarSolicitudProceso.xhtml HTTP/1.1" 200 45544
201.244.235.172 - - [08/Jan/2024:15:47:25 -0500] "GET /sipse/faces/javax.faces.resource/primefaces.css?ln=primefaces&v=4.0 HTTP/1.1" 304 -
201.244.235.172 - - [08/Jan/2024:15:47:25 -0500] "GET /sipse/faces/javax.faces.resource/theme.css?ln=primefaces-sipse HTTP/1.1" 304 -
201.244.235.172 - - [08/Jan/2024:15:47:25 -0500] "GET /sipse/faces/javax.faces.resource/layout/layout.css?ln=primefaces&v=4.0 HTTP/1.1" 304 -
201.244.235.172 - - [08/Jan/2024:15:47:25 -0500] "GET /sipse/faces/javax.faces.resource/jquery/jquery.js?ln=primefaces&v=4.0 HTTP/1.1" 304 -
201.244.235.172 - - [08/Jan/2024:15:47:25 -0500] "GET /sipse/faces/javax.faces.resource/jquery/jquery-plugins.js?ln=primefaces&v=4.0 HTTP/1.1" 304 -
201.244.235.172 - - [08/Jan/2024:15:47:25 -0500] "GET /sipse/faces/javax.faces.resource/layout/layout.js?ln=primefaces&v=4.0 HTTP/1.1" 304 -
201.244.235.172 - - [08/Jan/2024:15:47:25 -0500] "GET /sipse/faces/javax.faces.resource/primefaces.js?ln=primefaces&v=4.0 HTTP/1.1" 304 -
201.244.235.172 - - [08/Jan/2024:15:47:25 -0500] "GET /sipse/css/imagen/contrasena.png HTTP/1.1" 404 383
201.244.235.172 - - [08/Jan/2024:15:47:25 -0500] "GET /sipse/faces/javax.faces.resource/images/ui-icons_898989_256x240.png?ln=primefaces-aristo HTTP/1.1" 304 -
201.244.235.172 - - [08/Jan/2024:15:47:27 -0500] "GET /sipse/faces/javax.faces.resource/images/ui-bg_flat_0_2d5972_40x100.png?ln=primefaces-aristo HTTP/1.1" 304 -
201.244.235.172 - - [08/Jan/2024:15:47:27 -0500] "POST /sipse/faces/presentacion/financiero/solicitudProceso/consultar.xhtml HTTP/1.1" 200 12856
201.244.235.172 - - [08/Jan/2024:15:47:30 -0500] "POST /sipse/faces/presentacion/financiero/solicitudProceso/consultar.xhtml HTTP/1.1" 200 163610
201.244.235.172 - - [08/Jan/2024:15:47:31 -0500] "GET /sipse/faces/javax.faces.resource/theme.css?ln=primefaces-sipse HTTP/1.1" 304 -
201.244.235.172 - - [08/Jan/2024:15:47:31 -0500] "GET /sipse/faces/javax.faces.resource/layout/layout.css?ln=primefaces&v=4.0 HTTP/1.1" 304 -
201.244.235.172 - - [08/Jan/2024:15:47:31 -0500] "GET /sipse/faces/javax.faces.resource/primefaces.css?ln=primefaces&v=4.0 HTTP/1.1" 304 -
201.244.235.172 - - [08/Jan/2024:15:47:31 -0500] "GET /sipse/faces/javax.faces.resource/jquery/jquery.js?ln=primefaces&v=4.0 HTTP/1.1" 304 -
201.244.235.172 - - [08/Jan/2024:15:47:31 -0500] "GET /sipse/faces/javax.faces.resource/jquery/jquery-plugins.js?ln=primefaces&v=4.0 HTTP/1.1" 304 -
201.244.235.172 - - [08/Jan/2024:15:47:31 -0500] "GET /sipse/faces/javax.faces.resource/primefaces.js?ln=primefaces&v=4.0 HTTP/1.1" 304 -
201.244.235.172 - - [08/Jan/2024:15:47:31 -0500] "GET /sipse/faces/javax.faces.resource/layout/layout.js?ln=primefaces&v=4.0 HTTP/1.1" 304 -
156.59.198.136 - - [08/Jan/2024:15:47:36 -0500] "GET /BLA/resoluciones/AUTOS%202023/0955.pdf HTTP/1.0" 200 1058570
201.244.235.172 - - [08/Jan/2024:15:47:54 -0500] "POST /sipse/faces/presentacion/financiero/solicitudProceso/consultarSolicitudProceso.xhtml HTTP/1.1" 200 466099
172.22.2.4 - - [08/Jan/2024:15:46:18 -0500] "GET /BLA/boletinlegal/ HTTP/1.1" 200 58172
156.59.198.136 - - [08/Jan/2024:15:47:59 -0500] "GET /BLA/resoluciones/AUTOS%202023/3654.pdf HTTP/1.0" 200 3300933
52.167.144.174 - - [08/Jan/2024:15:48:11 -0500] "GET /BLA/resoluciones/Notificaciones/RESOLUCIONES%202023/0274.pdf HTTP/1.1" 200 3678815
156.59.198.136 - - [08/Jan/2024:15:48:24 -0500] "GET /BLA/resoluciones/AUTOS%202023/0753.pdf HTTP/1.0" 200 412902
201.245.192.253 - - [08/Jan/2024:15:48:30 -0500] "POST /kwsrmcab/Wsrmcab  HTTP/1.1" 200 36937
156.59.198.135 - - [08/Jan/2024:15:48:49 -0500] "GET /BLA/resoluciones/AUTOS%202023/0507.pdf HTTP/1.0" 200 390921
156.59.198.135 - - [08/Jan/2024:15:49:15 -0500] "GET /BLA/resoluciones/AUTOS%202023/4474.pdf HTTP/1.0" 200 419379
156.59.198.136 - - [08/Jan/2024:15:49:41 -0500] "GET /BLA/resoluciones/AUTOS%202023/07745.pdf HTTP/1.0" 200 379492
156.59.198.135 - - [08/Jan/2024:15:50:04 -0500] "GET /BLA/resoluciones/AUTOS%202023/5752.pdf HTTP/1.0" 200 480922
216.244.66.246 - - [08/Jan/2024:15:50:09 -0500] "GET /robots.txt HTTP/1.1" 404 1034
156.59.198.135 - - [08/Jan/2024:15:50:29 -0500] "GET /BLA/resoluciones/AUTOS%202023/05420.pdf HTTP/1.0" 200 371978
216.245.221.92 - - [08/Jan/2024:15:50:30 -0500] "HEAD / HTTP/1.1" 200 -
156.59.198.135 - - [08/Jan/2024:15:50:53 -0500] "GET /BLA/resoluciones/AUTOS%202023/2895.pdf HTTP/1.0" 200 1122095
156.59.198.135 - - [08/Jan/2024:15:51:17 -0500] "GET /BLA/resoluciones/AUTOS%202023/5804.pdf HTTP/1.0" 200 395169
156.59.198.136 - - [08/Jan/2024:15:51:42 -0500] "GET /BLA/resoluciones/AUTOS%202023/3389.pdf HTTP/1.0" 200 1284517
216.244.66.246 - - [08/Jan/2024:15:51:42 -0500] "GET /robots.txt HTTP/1.1" 404 1034
156.59.198.135 - - [08/Jan/2024:15:52:07 -0500] "GET /BLA/resoluciones/AUTOS%202023/3383.pdf HTTP/1.0" 200 1566189
156.59.198.135 - - [08/Jan/2024:15:52:30 -0500] "GET /BLA/resoluciones/AUTOS%202023/2541.pdf HTTP/1.0" 200 1778400
156.59.198.136 - - [08/Jan/2024:15:52:55 -0500] "GET /BLA/resoluciones/AUTOS%202023/3022.pdf HTTP/1.0" 200 382704
172.22.2.4 - - [08/Jan/2024:15:51:17 -0500] "HEAD /BLA/boletinlegal/ HTTP/1.1" 200 -
156.59.198.135 - - [08/Jan/2024:15:53:19 -0500] "GET /BLA/resoluciones/AUTOS%202023/4245.pdf HTTP/1.0" 200 877179
201.245.192.253 - - [08/Jan/2024:15:53:29 -0500] "POST /kwsrmcab/Wsrmcab  HTTP/1.1" 200 36937
156.59.198.136 - - [08/Jan/2024:15:53:44 -0500] "GET /BLA/resoluciones/AUTOS%202023/4755.pdf HTTP/1.0" 200 404014
172.22.2.4 - - [08/Jan/2024:15:52:08 -0500] "GET /BLA/boletinlegal/ HTTP/1.1" 200 60502
156.59.198.135 - - [08/Jan/2024:15:54:08 -0500] "GET /BLA/resoluciones/AUTOS%202023/0440.pdf HTTP/1.0" 200 463187
156.59.198.135 - - [08/Jan/2024:15:54:33 -0500] "GET /BLA/resoluciones/AUTOS%202023/1822.pdf HTTP/1.0" 200 394987
156.59.198.135 - - [08/Jan/2024:15:54:57 -0500] "GET /BLA/resoluciones/AUTOS%202023/0857.pdf HTTP/1.0" 200 406514
156.59.198.136 - - [08/Jan/2024:15:55:22 -0500] "GET /BLA/resoluciones/AUTOS%202023/1421.pdf HTTP/1.0" 200 2610994
216.245.221.92 - - [08/Jan/2024:15:55:30 -0500] "HEAD / HTTP/1.1" 200 -
156.59.198.136 - - [08/Jan/2024:15:55:46 -0500] "GET /BLA/resoluciones/AUTOS%202023/3254.pdf HTTP/1.0" 200 471750
201.244.235.172 - - [08/Jan/2024:15:56:04 -0500] "POST /sipse/faces/presentacion/financiero/solicitudProceso/consultarSolicitudProceso.xhtml HTTP/1.1" 200 45544
201.244.235.172 - - [08/Jan/2024:15:56:05 -0500] "GET /sipse/faces/javax.faces.resource/theme.css?ln=primefaces-sipse HTTP/1.1" 304 -
201.244.235.172 - - [08/Jan/2024:15:56:05 -0500] "GET /sipse/faces/javax.faces.resource/primefaces.css?ln=primefaces&v=4.0 HTTP/1.1" 304 -
201.244.235.172 - - [08/Jan/2024:15:56:05 -0500] "GET /sipse/faces/javax.faces.resource/layout/layout.css?ln=primefaces&v=4.0 HTTP/1.1" 304 -
201.244.235.172 - - [08/Jan/2024:15:56:05 -0500] "GET /sipse/faces/javax.faces.resource/jquery/jquery.js?ln=primefaces&v=4.0 HTTP/1.1" 304 -
201.244.235.172 - - [08/Jan/2024:15:56:05 -0500] "GET /sipse/faces/javax.faces.resource/jquery/jquery-plugins.js?ln=primefaces&v=4.0 HTTP/1.1" 304 -
201.244.235.172 - - [08/Jan/2024:15:56:05 -0500] "GET /sipse/faces/javax.faces.resource/primefaces.js?ln=primefaces&v=4.0 HTTP/1.1" 304 -
201.244.235.172 - - [08/Jan/2024:15:56:05 -0500] "GET /sipse/faces/javax.faces.resource/layout/layout.js?ln=primefaces&v=4.0 HTTP/1.1" 304 -
201.244.235.172 - - [08/Jan/2024:15:56:05 -0500] "GET /sipse/css/imagen/contrasena.png HTTP/1.1" 404 383
201.244.235.172 - - [08/Jan/2024:15:56:05 -0500] "GET /sipse/faces/javax.faces.resource/images/ui-icons_898989_256x240.png?ln=primefaces-aristo HTTP/1.1" 304 -
201.244.235.172 - - [08/Jan/2024:15:56:06 -0500] "GET /sipse/faces/javax.faces.resource/images/ui-bg_flat_0_2d5972_40x100.png?ln=primefaces-aristo HTTP/1.1" 304 -
201.244.235.172 - - [08/Jan/2024:15:56:06 -0500] "POST /sipse/faces/presentacion/financiero/solicitudProceso/consultar.xhtml HTTP/1.1" 200 12982
201.244.235.172 - - [08/Jan/2024:15:56:09 -0500] "POST /sipse/faces/presentacion/financiero/solicitudProceso/consultar.xhtml HTTP/1.1" 200 179593
201.244.235.172 - - [08/Jan/2024:15:56:10 -0500] "GET /sipse/faces/javax.faces.resource/layout/layout.css?ln=primefaces&v=4.0 HTTP/1.1" 304 -
201.244.235.172 - - [08/Jan/2024:15:56:10 -0500] "GET /sipse/faces/javax.faces.resource/primefaces.css?ln=primefaces&v=4.0 HTTP/1.1" 304 -
201.244.235.172 - - [08/Jan/2024:15:56:10 -0500] "GET /sipse/faces/javax.faces.resource/theme.css?ln=primefaces-sipse HTTP/1.1" 304 -
201.244.235.172 - - [08/Jan/2024:15:56:10 -0500] "GET /sipse/faces/javax.faces.resource/jquery/jquery.js?ln=primefaces&v=4.0 HTTP/1.1" 304 -
201.244.235.172 - - [08/Jan/2024:15:56:10 -0500] "GET /sipse/faces/javax.faces.resource/jquery/jquery-plugins.js?ln=primefaces&v=4.0 HTTP/1.1" 304 -
201.244.235.172 - - [08/Jan/2024:15:56:10 -0500] "GET /sipse/faces/javax.faces.resource/primefaces.js?ln=primefaces&v=4.0 HTTP/1.1" 304 -
201.244.235.172 - - [08/Jan/2024:15:56:10 -0500] "GET /sipse/faces/javax.faces.resource/layout/layout.js?ln=primefaces&v=4.0 HTTP/1.1" 304 -
156.59.198.136 - - [08/Jan/2024:15:56:10 -0500] "GET /BLA/resoluciones/AUTOS%202023/4866.pdf HTTP/1.0" 200 686894
201.244.235.172 - - [08/Jan/2024:15:56:29 -0500] "POST /sipse/faces/presentacion/financiero/solicitudProceso/consultarSolicitudProceso.xhtml HTTP/1.1" 200 722149
156.59.198.136 - - [08/Jan/2024:15:56:35 -0500] "GET /BLA/resoluciones/AUTOS%202023/1798.pdf HTTP/1.0" 200 422155
156.59.198.135 - - [08/Jan/2024:15:56:58 -0500] "GET /BLA/resoluciones/AUTOS%202023/3094.pdf HTTP/1.0" 200 1007368
156.59.198.135 - - [08/Jan/2024:15:57:23 -0500] "GET /BLA/resoluciones/AUTOS%202023/0910.pdf HTTP/1.0" 200 399762
156.59.198.136 - - [08/Jan/2024:15:57:47 -0500] "GET /BLA/resoluciones/AUTOS%202023/0939.pdf HTTP/1.0" 200 3272131
156.59.198.135 - - [08/Jan/2024:15:58:11 -0500] "GET /BLA/resoluciones/AUTOS%202023/05801.pdf HTTP/1.0" 200 393517
201.245.192.253 - - [08/Jan/2024:15:58:27 -0500] "POST /kwsrmcab/Wsrmcab  HTTP/1.1" 200 36937
156.59.198.136 - - [08/Jan/2024:15:58:35 -0500] "GET /BLA/resoluciones/AUTOS%202023/0121.pdf HTTP/1.0" 200 1777048
172.22.2.4 - - [08/Jan/2024:15:57:07 -0500] "HEAD /BLA/boletinlegal/ HTTP/1.1" 200 -
156.59.198.136 - - [08/Jan/2024:15:59:00 -0500] "GET /BLA/resoluciones/AUTOS%202023/4158.pdf HTTP/1.0" 200 427990
156.59.198.135 - - [08/Jan/2024:15:59:25 -0500] "GET /BLA/resoluciones/AUTOS%202023/3402.pdf HTTP/1.0" 200 1857073
172.22.2.4 - - [08/Jan/2024:15:57:58 -0500] "GET /BLA/boletinlegal/ HTTP/1.1" 200 60910
156.59.198.136 - - [08/Jan/2024:15:59:49 -0500] "GET /BLA/resoluciones/AUTOS%202023/1702.pdf HTTP/1.0" 200 427076
156.59.198.135 - - [08/Jan/2024:16:00:14 -0500] "GET /BLA/resoluciones/AUTOS%202023/4137.pdf HTTP/1.0" 200 414854
199.16.157.182 - - [08/Jan/2024:16:00:20 -0500] "GET /images/pl%C3%A1sticos%20foto%201..jpg HTTP/1.1" 404 1034
216.244.66.246 - - [08/Jan/2024:16:00:29 -0500] "GET /robots.txt HTTP/1.1" 404 1032
216.245.221.92 - - [08/Jan/2024:16:00:30 -0500] "HEAD / HTTP/1.1" 200 -
156.59.198.136 - - [08/Jan/2024:16:00:38 -0500] "GET /BLA/resoluciones/AUTOS%202023/5661.pdf HTTP/1.0" 200 443878
216.244.66.246 - - [08/Jan/2024:16:01:01 -0500] "GET /robots.txt HTTP/1.1" 404 1032
156.59.198.135 - - [08/Jan/2024:16:01:03 -0500] "GET /BLA/resoluciones/AUTOS%202023/2731.pdf HTTP/1.0" 200 407315
