156.59.198.135 - - [09/Jan/2024:06:47:58 -0500] "GET /BLA/resoluciones/RESOLUCIONES%202014/0477.pdf HTTP/1.0" 200 577539
191.95.51.165 - - [09/Jan/2024:06:48:13 -0500] "GET /sipse/faces/index.xhtml HTTP/1.1" 200 677
191.95.51.165 - - [09/Jan/2024:06:48:14 -0500] "GET /sipse/faces/javax.faces.resource/theme.css?ln=primefaces-sipse HTTP/1.1" 304 -
191.95.51.165 - - [09/Jan/2024:06:48:14 -0500] "GET /sipse/faces/faces/autenticacion.xhtml HTTP/1.1" 200 12401
191.95.51.165 - - [09/Jan/2024:06:48:14 -0500] "GET /sipse/faces/javax.faces.resource/theme.css?ln=primefaces-sipse HTTP/1.1" 304 -
191.95.51.165 - - [09/Jan/2024:06:48:14 -0500] "GET /sipse/faces/javax.faces.resource/layout/layout.css?ln=primefaces&v=4.0 HTTP/1.1" 304 -
191.95.51.165 - - [09/Jan/2024:06:48:14 -0500] "GET /sipse/css/custom_css_sg.css HTTP/1.1" 200 9694
191.95.51.165 - - [09/Jan/2024:06:48:14 -0500] "GET /sipse/faces/javax.faces.resource/primefaces.css?ln=primefaces&v=4.0 HTTP/1.1" 304 -
191.95.51.165 - - [09/Jan/2024:06:48:14 -0500] "GET /sipse/faces/javax.faces.resource/jquery/jquery-plugins.js?ln=primefaces&v=4.0 HTTP/1.1" 304 -
191.95.51.165 - - [09/Jan/2024:06:48:14 -0500] "GET /sipse/js/disable_browser_buttons.js HTTP/1.1" 200 3230
191.95.51.165 - - [09/Jan/2024:06:48:14 -0500] "GET /sipse/css/custom_css_sg_prime_login.css HTTP/1.1" 200 443
191.95.51.165 - - [09/Jan/2024:06:48:14 -0500] "GET /sipse/faces/javax.faces.resource/layout/layout.js?ln=primefaces&v=4.0 HTTP/1.1" 304 -
191.95.51.165 - - [09/Jan/2024:06:48:14 -0500] "GET /sipse/faces/javax.faces.resource/jquery/jquery.js?ln=primefaces&v=4.0 HTTP/1.1" 304 -
191.95.51.165 - - [09/Jan/2024:06:48:14 -0500] "GET /sipse/faces/javax.faces.resource/primefaces.js?ln=primefaces&v=4.0 HTTP/1.1" 304 -
191.95.51.165 - - [09/Jan/2024:06:48:14 -0500] "GET /sipse/js/funciones.js HTTP/1.1" 200 12592
191.95.51.165 - - [09/Jan/2024:06:48:15 -0500] "GET /sipse/faces/javax.faces.resource/images/ui-icons_898989_256x240.png?ln=primefaces-aristo HTTP/1.1" 304 -
191.95.51.165 - - [09/Jan/2024:06:48:15 -0500] "GET /sipse/css/imagen/logoSDG.png HTTP/1.1" 200 53064
191.95.51.165 - - [09/Jan/2024:06:48:15 -0500] "GET /sipse/css/imagen/loginimg.png HTTP/1.1" 200 71635
191.95.51.165 - - [09/Jan/2024:06:48:19 -0500] "POST /sipse/faces/autenticacion.xhtml HTTP/1.1" 200 2224
191.95.51.165 - - [09/Jan/2024:06:48:19 -0500] "GET /sipse/faces/javax.faces.resource/messages/messages.png?ln=primefaces&v=4.0 HTTP/1.1" 304 -
191.95.51.165 - - [09/Jan/2024:06:48:20 -0500] "POST /sipse/faces/autenticacion.xhtml HTTP/1.1" 200 16402
191.95.51.165 - - [09/Jan/2024:06:48:20 -0500] "GET /sipse/faces/javax.faces.resource/theme.css?ln=primefaces-sipse HTTP/1.1" 304 -
191.95.51.165 - - [09/Jan/2024:06:48:20 -0500] "GET /sipse/css/custom_css_sg_prime.css HTTP/1.1" 200 5201
191.95.51.165 - - [09/Jan/2024:06:48:21 -0500] "GET /sipse/faces/javax.faces.resource/layout/layout.css?ln=primefaces&v=4.0 HTTP/1.1" 304 -
191.95.51.165 - - [09/Jan/2024:06:48:21 -0500] "GET /sipse/faces/javax.faces.resource/primefaces.css?ln=primefaces&v=4.0 HTTP/1.1" 304 -
191.95.51.165 - - [09/Jan/2024:06:48:21 -0500] "GET /sipse/js/jquery.min.js HTTP/1.1" 200 85582
191.95.51.165 - - [09/Jan/2024:06:48:21 -0500] "GET /sipse/faces/javax.faces.resource/jquery/jquery.js?ln=primefaces&v=4.0 HTTP/1.1" 304 -
156.59.198.135 - - [09/Jan/2024:06:48:22 -0500] "GET /BLA/resoluciones/RESOLUCIONES%202014/3320.pdf HTTP/1.0" 200 582582
191.95.51.165 - - [09/Jan/2024:06:48:22 -0500] "GET /sipse/faces/javax.faces.resource/jquery/jquery-plugins.js?ln=primefaces&v=4.0 HTTP/1.1" 304 -
191.95.51.165 - - [09/Jan/2024:06:48:23 -0500] "GET /sipse/faces/javax.faces.resource/primefaces.js?ln=primefaces&v=4.0 HTTP/1.1" 304 -
191.95.51.165 - - [09/Jan/2024:06:48:23 -0500] "GET /sipse/faces/javax.faces.resource/layout/layout.js?ln=primefaces&v=4.0 HTTP/1.1" 304 -
191.95.51.165 - - [09/Jan/2024:06:48:23 -0500] "GET /sipse/css/v_mergente.css HTTP/1.1" 200 1505
191.95.51.165 - - [09/Jan/2024:06:48:24 -0500] "GET /sipse/css/imagen/contrasena.png HTTP/1.1" 404 383
191.95.51.165 - - [09/Jan/2024:06:48:24 -0500] "GET /sipse/imagenes/logoAplicacion.jpg HTTP/1.1" 200 155084
191.95.51.165 - - [09/Jan/2024:06:48:24 -0500] "GET /sipse/imagenes/cargando.gif HTTP/1.1" 200 36959
191.95.51.165 - - [09/Jan/2024:06:48:26 -0500] "GET /sipse/faces/javax.faces.resource/images/ui-bg_flat_0_2d5972_40x100.png?ln=primefaces-aristo HTTP/1.1" 304 -
191.95.51.165 - - [09/Jan/2024:06:48:26 -0500] "POST /sipse/faces/bienvenido.xhtml HTTP/1.1" 200 2658
191.95.51.165 - - [09/Jan/2024:06:48:27 -0500] "POST /sipse/faces/bienvenido.xhtml HTTP/1.1" 200 65123
191.95.51.165 - - [09/Jan/2024:06:48:28 -0500] "GET /sipse/faces/javax.faces.resource/theme.css?ln=primefaces-sipse HTTP/1.1" 304 -
191.95.51.165 - - [09/Jan/2024:06:48:28 -0500] "GET /sipse/faces/javax.faces.resource/layout/layout.css?ln=primefaces&v=4.0 HTTP/1.1" 304 -
191.95.51.165 - - [09/Jan/2024:06:48:28 -0500] "GET /sipse/faces/javax.faces.resource/primefaces.css?ln=primefaces&v=4.0 HTTP/1.1" 304 -
191.95.51.165 - - [09/Jan/2024:06:48:28 -0500] "GET /sipse/faces/javax.faces.resource/jquery/jquery.js?ln=primefaces&v=4.0 HTTP/1.1" 304 -
191.95.51.165 - - [09/Jan/2024:06:48:28 -0500] "GET /sipse/faces/javax.faces.resource/jquery/jquery-plugins.js?ln=primefaces&v=4.0 HTTP/1.1" 304 -
191.95.51.165 - - [09/Jan/2024:06:48:28 -0500] "GET /sipse/faces/javax.faces.resource/primefaces.js?ln=primefaces&v=4.0 HTTP/1.1" 304 -
191.95.51.165 - - [09/Jan/2024:06:48:28 -0500] "GET /sipse/faces/javax.faces.resource/layout/layout.js?ln=primefaces&v=4.0 HTTP/1.1" 304 -
191.95.51.165 - - [09/Jan/2024:06:48:29 -0500] "POST /sipse/faces/presentacion/financiero/solicitudProceso/listarSolicitudProceso.xhtml HTTP/1.1" 200 1556
156.59.198.135 - - [09/Jan/2024:06:48:46 -0500] "GET /BLA/resoluciones/RESOLUCIONES%202014/2747.pdf HTTP/1.0" 200 728327
156.59.198.136 - - [09/Jan/2024:06:49:10 -0500] "GET /BLA/resoluciones/RESOLUCIONES%202014/0671.pdf HTTP/1.0" 200 661409
156.59.198.135 - - [09/Jan/2024:06:49:34 -0500] "GET /BLA/resoluciones/RESOLUCIONES%202014/3441.pdf HTTP/1.0" 200 733079
156.59.198.136 - - [09/Jan/2024:06:49:59 -0500] "GET /BLA/resoluciones/RESOLUCIONES%202014/1704.pdf HTTP/1.0" 200 877096
156.59.198.135 - - [09/Jan/2024:06:50:23 -0500] "GET /BLA/resoluciones/RESOLUCIONES%202014/2052.pdf HTTP/1.0" 200 941153
66.249.79.225 - - [09/Jan/2024:06:50:25 -0500] "GET /BLA/resoluciones/RESOLUCIONES%202017/1888.pdf HTTP/1.1" 200 764804
216.245.221.92 - - [09/Jan/2024:06:50:28 -0500] "HEAD / HTTP/1.1" 200 -
156.59.198.135 - - [09/Jan/2024:06:50:48 -0500] "GET /BLA/resoluciones/RESOLUCIONES%202014/2221.pdf HTTP/1.0" 200 374142
156.59.198.136 - - [09/Jan/2024:06:51:12 -0500] "GET /BLA/resoluciones/RESOLUCIONES%202014/1432.pdf HTTP/1.0" 200 217783
201.245.192.253 - - [09/Jan/2024:06:51:18 -0500] "POST /kwsrmcab/Wsrmcab  HTTP/1.1" 200 36937
172.22.2.4 - - [09/Jan/2024:06:49:44 -0500] "HEAD /BLA/boletinlegal/ HTTP/1.1" 200 -
156.59.198.135 - - [09/Jan/2024:06:51:36 -0500] "GET /BLA/resoluciones/RESOLUCIONES%202014/0749.pdf HTTP/1.0" 200 526807
191.156.148.1 - - [09/Jan/2024:06:51:41 -0500] "GET /inicia-el-2024-conociendo-la-biodiversidad-de-bogoti.html?fbclid=IwAR1ALkUuh2r00X-qKY43r6ryn_oM1xTOUaCg5rL5TwT6A37mrx_bdPbfiC8 HTTP/1.1" 200 894
156.59.198.136 - - [09/Jan/2024:06:52:00 -0500] "GET /BLA/resoluciones/RESOLUCIONES%202014/2729.pdf HTTP/1.0" 200 725522
162.55.171.94 - - [09/Jan/2024:06:52:14 -0500] "GET / HTTP/1.1" 200 4720
172.22.2.4 - - [09/Jan/2024:06:50:35 -0500] "GET /BLA/boletinlegal/ HTTP/1.1" 200 58172
162.55.171.94 - - [09/Jan/2024:06:52:16 -0500] "GET / HTTP/1.1" 200 319
156.59.198.135 - - [09/Jan/2024:06:52:25 -0500] "GET /BLA/resoluciones/RESOLUCIONES%202014/1627.pdf HTTP/1.0" 200 578386
156.59.198.135 - - [09/Jan/2024:06:52:50 -0500] "GET /BLA/resoluciones/RESOLUCIONES%202019/2138.pdf HTTP/1.0" 200 282690
156.59.198.136 - - [09/Jan/2024:06:53:14 -0500] "GET /BLA/resoluciones/RESOLUCIONES%202019/1151.pdf HTTP/1.0" 200 367333
156.59.198.136 - - [09/Jan/2024:06:53:38 -0500] "GET /BLA/resoluciones/AUTOS%202023/4097.pdf HTTP/1.0" 200 3477987
156.59.198.135 - - [09/Jan/2024:06:54:03 -0500] "GET /BLA/resoluciones/AUTOS%202023/2401.pdf HTTP/1.0" 200 407656
156.59.198.136 - - [09/Jan/2024:06:54:26 -0500] "GET /BLA/resoluciones/Notificaciones/AUTOS%202014/6348.doc HTTP/1.0" 200 153600
52.167.144.166 - - [09/Jan/2024:06:54:28 -0500] "GET /BLA/resoluciones/RESOLUCIONES%202023/01578.pdf HTTP/1.1" 200 397313
156.59.198.136 - - [09/Jan/2024:06:54:51 -0500] "GET /BLA/resoluciones/RESOLUCIONES%202019/2959.pdf HTTP/1.0" 200 335482
156.59.198.136 - - [09/Jan/2024:06:55:15 -0500] "GET /BLA/resoluciones/RESOLUCIONES%202014/1099.pdf HTTP/1.0" 200 640608
216.245.221.92 - - [09/Jan/2024:06:55:28 -0500] "HEAD / HTTP/1.1" 200 -
156.59.198.135 - - [09/Jan/2024:06:55:40 -0500] "GET /BLA/resoluciones/AUTOS%202023/2742.pdf HTTP/1.0" 200 432174
66.249.79.225 - - [09/Jan/2024:06:55:50 -0500] "GET /BLA/resoluciones/RESOLUCIONES%202010/5689.pdf HTTP/1.1" 200 248802
156.59.198.136 - - [09/Jan/2024:06:56:03 -0500] "GET /BLA/resoluciones/AUTOS%202023/2271.pdf HTTP/1.0" 200 642277
201.245.192.253 - - [09/Jan/2024:06:56:17 -0500] "POST /kwsrmcab/Wsrmcab  HTTP/1.1" 200 36937
156.59.198.135 - - [09/Jan/2024:06:56:29 -0500] "GET /BLA/resoluciones/AUTOS%202023/4219.pdf HTTP/1.0" 200 449471
156.59.198.136 - - [09/Jan/2024:06:56:54 -0500] "GET /BLA/resoluciones/AUTOS%202023/3236.pdf HTTP/1.0" 200 342713
172.22.2.4 - - [09/Jan/2024:06:55:34 -0500] "HEAD /BLA/boletinlegal/ HTTP/1.1" 200 -
156.59.198.135 - - [09/Jan/2024:06:57:18 -0500] "GET /BLA/resoluciones/RESOLUCIONES%202019/1313.pdf HTTP/1.0" 200 410563
216.244.66.195 - - [09/Jan/2024:06:57:40 -0500] "GET /BLA/resoluciones/RESOLUCIONES%202019/0509.pdf HTTP/1.1" 200 248987
156.59.198.135 - - [09/Jan/2024:06:57:42 -0500] "GET /BLA/resoluciones/AUTOS%202023/5975.pdf HTTP/1.0" 200 443855
216.244.66.195 - - [09/Jan/2024:06:57:45 -0500] "GET /BLA/resoluciones/RESOLUCIONES%202019/1950.pdf HTTP/1.1" 200 227704
216.244.66.195 - - [09/Jan/2024:06:57:57 -0500] "GET /BLA/resoluciones/RESOLUCIONES%202019/2817.pdf HTTP/1.1" 200 286311
172.22.2.4 - - [09/Jan/2024:06:56:25 -0500] "GET /BLA/boletinlegal/ HTTP/1.1" 200 58172
216.244.66.195 - - [09/Jan/2024:06:58:05 -0500] "GET /BLA/resoluciones/RESOLUCIONES%202019/3514.pdf HTTP/1.1" 200 269237
156.59.198.136 - - [09/Jan/2024:06:58:08 -0500] "GET /BLA/resoluciones/RESOLUCIONES%202014/1759.pdf HTTP/1.0" 200 580628
156.59.198.136 - - [09/Jan/2024:06:58:32 -0500] "GET /BLA/resoluciones/Notificaciones/AUTOS%202014/2131.doc HTTP/1.0" 200 260608
156.59.198.136 - - [09/Jan/2024:06:58:58 -0500] "GET /BLA/resoluciones/AUTOS%202023/4837.pdf HTTP/1.0" 200 782737
156.59.198.135 - - [09/Jan/2024:06:59:23 -0500] "GET /BLA/resoluciones/AUTOS%202023/4574.pdf HTTP/1.0" 200 778612
173.252.107.119 - - [09/Jan/2024:06:59:34 -0500] "GET /distrito-exalto-a-246-empresas-de-bogota-por-su-alto-desempeno-y-responsabilidad-ambiental-durante-2023.html HTTP/1.1" 206 1039
173.252.107.118 - - [09/Jan/2024:06:59:34 -0500] "GET /distrito-exalto-a-246-empresas-de-bogota-por-su-alto-desempeno-y-responsabilidad-ambiental-durante-2023.html HTTP/1.1" 206 1039
173.252.107.2 - - [09/Jan/2024:06:59:34 -0500] "GET /distrito-exalto-a-246-empresas-de-bogota-por-su-alto-desempeno-y-responsabilidad-ambiental-durante-2023.html HTTP/1.1" 200 1039
173.252.107.117 - - [09/Jan/2024:06:59:35 -0500] "GET /distrito-exalto-a-246-empresas-de-bogota-por-su-alto-desempeno-y-responsabilidad-ambiental-durante-2023.html HTTP/1.1" 200 1039
156.59.198.136 - - [09/Jan/2024:06:59:49 -0500] "GET /BLA/resoluciones/RESOLUCIONES%202019/0132.pdf HTTP/1.0" 200 260661
156.59.198.135 - - [09/Jan/2024:07:00:12 -0500] "GET /BLA/resoluciones/RESOLUCIONES%202014/0548.pdf HTTP/1.0" 200 577588
216.245.221.92 - - [09/Jan/2024:07:00:28 -0500] "HEAD / HTTP/1.1" 200 -
191.156.184.139 - - [09/Jan/2024:07:00:28 -0500] "GET /inicia-el-2024-conociendo-la-biodiversidad-de-bogoti.html?fbclid=IwAR3L6exVVV59rwvClEVpP_JpJe2n1VmMkT8XlXghjDJM_ZeOLiJyWqHboYk HTTP/1.1" 200 894
3.252.83.45 - - [09/Jan/2024:07:00:32 -0500] "GET / HTTP/1.1" 200 319
66.249.66.77 - - [09/Jan/2024:07:00:35 -0500] "GET /portaldeninos/wp-content/uploads/2021/07/Banners-pa%CC%81gina-de-nin%CC%83os15.jpg HTTP/1.1" 200 26763
156.59.198.136 - - [09/Jan/2024:07:00:36 -0500] "GET /BLA/resoluciones/Notificaciones/AUTOS%202014/4467.doc HTTP/1.0" 200 96256
156.59.198.135 - - [09/Jan/2024:07:01:03 -0500] "GET /BLA/resoluciones/RESOLUCIONES%202019/2216.pdf HTTP/1.0" 200 466397
201.245.192.253 - - [09/Jan/2024:07:01:15 -0500] "POST /kwsrmcab/Wsrmcab  HTTP/1.1" 200 36937
156.59.198.136 - - [09/Jan/2024:07:01:26 -0500] "GET /BLA/resoluciones/AUTOS%202023/0920.pdf HTTP/1.0" 200 1278119
156.59.198.136 - - [09/Jan/2024:07:01:51 -0500] "GET /BLA/resoluciones/RESOLUCIONES%202019/0170.pdf HTTP/1.0" 200 357269
156.59.198.135 - - [09/Jan/2024:07:02:16 -0500] "GET /BLA/resoluciones/RESOLUCIONES%202019/2419.pdf HTTP/1.0" 200 358426
156.59.198.136 - - [09/Jan/2024:07:02:40 -0500] "GET /BLA/resoluciones/AUTOS%202023/2408.pdf HTTP/1.0" 200 1255044
172.22.2.4 - - [09/Jan/2024:07:01:24 -0500] "HEAD /BLA/boletinlegal/ HTTP/1.1" 200 -
156.59.198.135 - - [09/Jan/2024:07:03:05 -0500] "GET /BLA/resoluciones/RESOLUCIONES%202014/2325.pdf HTTP/1.0" 200 639296
156.59.198.135 - - [09/Jan/2024:07:03:28 -0500] "GET /BLA/resoluciones/AUTOS%202023/1055.pdf HTTP/1.0" 200 426890
156.59.198.136 - - [09/Jan/2024:07:03:53 -0500] "GET /BLA/resoluciones/RESOLUCIONES%202014/1294.pdf HTTP/1.0" 200 3919341
172.22.2.4 - - [09/Jan/2024:07:02:15 -0500] "GET /BLA/boletinlegal/ HTTP/1.1" 200 60910
156.59.198.135 - - [09/Jan/2024:07:04:16 -0500] "GET /BLA/resoluciones/RESOLUCIONES%202021/0243.pdf HTTP/1.0" 200 385602
156.59.198.136 - - [09/Jan/2024:07:04:41 -0500] "GET /BLA/resoluciones/RESOLUCIONES%202019/1625.pdf HTTP/1.0" 200 377053
156.59.198.135 - - [09/Jan/2024:07:05:06 -0500] "GET /BLA/resoluciones/Notificaciones/AUTOS%202014/5706.doc HTTP/1.0" 200 155648
216.245.221.92 - - [09/Jan/2024:07:05:28 -0500] "HEAD / HTTP/1.1" 200 -
156.59.198.135 - - [09/Jan/2024:07:05:29 -0500] "GET /BLA/resoluciones/RESOLUCIONES%202014/0392.pdf HTTP/1.0" 200 618204
156.59.198.136 - - [09/Jan/2024:07:05:54 -0500] "GET /BLA/resoluciones/AUTOS%202023/4418.pdf HTTP/1.0" 200 397091
201.245.192.253 - - [09/Jan/2024:07:06:14 -0500] "POST /kwsrmcab/Wsrmcab  HTTP/1.1" 200 36937
156.59.198.136 - - [09/Jan/2024:07:06:19 -0500] "GET /BLA/resoluciones/Notificaciones/AUTOS%202014/5378.doc HTTP/1.0" 200 119296
104.152.52.93 - - [09/Jan/2024:07:06:31 -0500] "GET / HTTP/1.0" 200 319
66.249.79.238 - - [09/Jan/2024:07:06:33 -0500] "GET /BLA/resoluciones/Autos%202008/1701.pdf HTTP/1.1" 200 98707
156.59.198.135 - - [09/Jan/2024:07:06:42 -0500] "GET /BLA/resoluciones/AUTOS%202023/3208.pdf HTTP/1.0" 200 353988
156.59.198.135 - - [09/Jan/2024:07:07:08 -0500] "GET /BLA/resoluciones/RESOLUCIONES%202014/2622.pdf HTTP/1.0" 200 289969
156.59.198.135 - - [09/Jan/2024:07:07:31 -0500] "GET /BLA/resoluciones/RESOLUCIONES%202014/1973.pdf HTTP/1.0" 200 840332
156.59.198.136 - - [09/Jan/2024:07:07:56 -0500] "GET /BLA/resoluciones/RESOLUCIONES%202014/2995.pdf HTTP/1.0" 200 515959
156.59.198.135 - - [09/Jan/2024:07:08:19 -0500] "GET /BLA/resoluciones/Notificaciones/AUTOS%202014/6092.doc HTTP/1.0" 200 154624
66.249.79.224 - - [09/Jan/2024:07:08:25 -0500] "GET /resoluciones/RESOLUCIONES%202007/RES%202007%203901%20AL%204000/RESOLUCION%203984%20DE%202007.pdf HTTP/1.1" 404 1018
156.59.198.135 - - [09/Jan/2024:07:08:43 -0500] "GET /BLA/resoluciones/AUTOS%202023/1067.pdf HTTP/1.0" 200 551288
172.22.2.4 - - [09/Jan/2024:07:07:14 -0500] "HEAD /BLA/boletinlegal/ HTTP/1.1" 200 -
156.59.198.135 - - [09/Jan/2024:07:09:07 -0500] "GET /BLA/resoluciones/RESOLUCIONES%202019/2055.pdf HTTP/1.0" 200 335842
156.59.198.136 - - [09/Jan/2024:07:09:32 -0500] "GET /BLA/resoluciones/AUTOS%202023/0146.pdf HTTP/1.0" 200 686933
172.22.2.4 - - [09/Jan/2024:07:08:05 -0500] "GET /BLA/boletinlegal/ HTTP/1.1" 200 57309
156.59.198.135 - - [09/Jan/2024:07:09:56 -0500] "GET /BLA/resoluciones/AUTOS%202023/2517.pdf HTTP/1.0" 200 1898942
156.59.198.135 - - [09/Jan/2024:07:10:20 -0500] "GET /BLA/resoluciones/RESOLUCIONES%202014/2699.pdf HTTP/1.0" 200 673580
216.245.221.92 - - [09/Jan/2024:07:10:28 -0500] "HEAD / HTTP/1.1" 200 -
156.59.198.136 - - [09/Jan/2024:07:10:45 -0500] "GET /BLA/resoluciones/RESOLUCIONES%202019/0641.pdf HTTP/1.0" 200 353018
156.59.198.136 - - [09/Jan/2024:07:11:09 -0500] "GET /BLA/resoluciones/Notificaciones/AUTOS%202014/4069.doc HTTP/1.0" 200 93696
201.245.192.253 - - [09/Jan/2024:07:11:12 -0500] "POST /kwsrmcab/Wsrmcab  HTTP/1.1" 200 36937
156.59.198.135 - - [09/Jan/2024:07:11:34 -0500] "GET /BLA/resoluciones/Notificaciones/AUTOS%202014/4020.doc HTTP/1.0" 200 97280
156.59.198.135 - - [09/Jan/2024:07:11:58 -0500] "GET /BLA/resoluciones/RESOLUCIONES%202019/2327.pdf HTTP/1.0" 200 281451
156.59.198.136 - - [09/Jan/2024:07:12:23 -0500] "GET /BLA/resoluciones/RESOLUCIONES%202019/1135.pdf HTTP/1.0" 200 393505
156.59.198.135 - - [09/Jan/2024:07:12:47 -0500] "GET /BLA/resoluciones/AUTOS%202023/5654.pdf HTTP/1.0" 200 422685
156.59.198.135 - - [09/Jan/2024:07:13:11 -0500] "GET /BLA/resoluciones/AUTOS%202023/1628.pdf HTTP/1.0" 200 423738
156.59.198.135 - - [09/Jan/2024:07:13:35 -0500] "GET /BLA/resoluciones/RESOLUCIONES%202014/0016.pdf HTTP/1.0" 200 999778
66.249.79.224 - - [09/Jan/2024:07:13:41 -0500] "GET /resoluciones/RESOLUCIONES%202009/0555.pdf HTTP/1.1" 404 1018
156.59.198.136 - - [09/Jan/2024:07:14:00 -0500] "GET /BLA/resoluciones/AUTOS%202023/2886.pdf HTTP/1.0" 200 655336
66.249.79.238 - - [09/Jan/2024:07:14:15 -0500] "GET /portel_dama/libreria/pdf/polit_humedales.pdf HTTP/1.1" 404 1018
156.59.198.135 - - [09/Jan/2024:07:14:25 -0500] "GET /BLA/resoluciones/RESOLUCIONES%202019/3453.pdf HTTP/1.0" 200 3055228
66.249.79.224 - - [09/Jan/2024:07:14:30 -0500] "GET /BLA/resoluciones/RESOLUCIONES%202009/3479.pdf HTTP/1.1" 200 664395
172.22.2.4 - - [09/Jan/2024:07:13:04 -0500] "HEAD /BLA/boletinlegal/ HTTP/1.1" 200 -
156.59.198.136 - - [09/Jan/2024:07:14:48 -0500] "GET /BLA/resoluciones/Notificaciones/AUTOS%202014/1669.doc HTTP/1.0" 200 228864
201.245.192.253 - - [09/Jan/2024:07:14:59 -0500] "POST /kwsrmcab/Wsrmcab HTTP/1.1" 200 36669
201.245.192.253 - - [09/Jan/2024:07:15:02 -0500] "POST /kwsrmcab/Wsrmcab HTTP/1.1" 200 36661
156.59.198.135 - - [09/Jan/2024:07:15:13 -0500] "GET /BLA/resoluciones/Notificaciones/AUTOS%202014/0166.doc HTTP/1.0" 200 226304
199.16.157.181 - - [09/Jan/2024:07:15:13 -0500] "GET /images/pl%C3%A1sticos%20foto%201..jpg HTTP/1.1" 404 1034
216.245.221.92 - - [09/Jan/2024:07:15:28 -0500] "HEAD / HTTP/1.1" 200 -
172.22.2.4 - - [09/Jan/2024:07:13:55 -0500] "GET /BLA/boletinlegal/ HTTP/1.1" 200 56478
156.59.198.135 - - [09/Jan/2024:07:15:38 -0500] "GET /BLA/resoluciones/RESOLUCIONES%202019/1975.pdf HTTP/1.0" 200 713715
156.59.198.135 - - [09/Jan/2024:07:16:02 -0500] "GET /BLA/resoluciones/AUTOS%202023/5701.pdf HTTP/1.0" 200 451978
201.245.192.253 - - [09/Jan/2024:07:16:10 -0500] "POST /kwsrmcab/Wsrmcab  HTTP/1.1" 200 36937
47.128.23.7 - - [09/Jan/2024:07:16:51 -0500] "GET /BLA/resoluciones/index.php?dir=Notificaciones%2FRESOLUCIONES%202019%2F&order=asc&sort=date HTTP/1.1" 200 40760
47.128.23.7 - - [09/Jan/2024:07:16:52 -0500] "GET /BLA/resoluciones/dlf/pdf.gif HTTP/1.1" 200 272
47.128.23.7 - - [09/Jan/2024:07:16:52 -0500] "GET /BLA/resoluciones/dlf/dirup.png HTTP/1.1" 200 644
47.128.17.175 - - [09/Jan/2024:07:16:52 -0500] "GET /BLA/resoluciones/index.php?dir=RESOLUCIONES%202007%2FRES%202007%20201%20AL%20300%2F&order=asc&sort=size HTTP/1.1" 200 27110
47.128.17.175 - - [09/Jan/2024:07:16:53 -0500] "GET /BLA/resoluciones/dlf/dirup.png HTTP/1.1" 200 644
47.128.17.175 - - [09/Jan/2024:07:16:53 -0500] "GET /BLA/resoluciones/dlf/pdf.gif HTTP/1.1" 200 272
47.128.27.24 - - [09/Jan/2024:07:17:17 -0500] "GET /BLA/resoluciones/dlf/dirup.png HTTP/1.1" 200 644
47.128.27.24 - - [09/Jan/2024:07:17:17 -0500] "GET /BLA/resoluciones/dlf/unknown.png HTTP/1.1" 200 266
47.128.27.24 - - [09/Jan/2024:07:17:16 -0500] "GET /BLA/resoluciones/index.php?dir=RESOLUCIONES+2005%2FRES+2005+1301-1350%2F HTTP/1.1" 200 12344
156.59.198.135 - - [09/Jan/2024:07:17:38 -0500] "GET /BLA/resoluciones/RESOLUCIONES%202014/1396.pdf HTTP/1.0" 200 844135
156.59.198.136 - - [09/Jan/2024:07:18:02 -0500] "GET /BLA/resoluciones/AUTOS%202023/2017.pdf HTTP/1.0" 200 472121
66.249.79.224 - - [09/Jan/2024:07:18:04 -0500] "GET /BLA/resoluciones/RESOLUCIONES%202009/8105.pdf HTTP/1.1" 200 487103
66.249.79.238 - - [09/Jan/2024:07:18:22 -0500] "GET /BLA/resoluciones/AUTOS%202013/1845.pdf HTTP/1.1" 200 1106688
47.128.26.99 - - [09/Jan/2024:07:18:27 -0500] "GET /BLA/resoluciones/index.php?dir=Notificaciones%2FAUTOS%201985%2F&order=asc&sort=size HTTP/1.1" 200 2733
47.128.26.99 - - [09/Jan/2024:07:18:28 -0500] "GET /BLA/resoluciones/dlf/doc.gif HTTP/1.1" 200 1079
47.128.26.99 - - [09/Jan/2024:07:18:28 -0500] "GET /BLA/resoluciones/dlf/dirup.png HTTP/1.1" 200 644
47.128.125.162 - - [09/Jan/2024:07:18:59 -0500] "GET /BLA/resoluciones/dlf/dirup.png HTTP/1.1" 200 644
47.128.125.162 - - [09/Jan/2024:07:18:59 -0500] "GET /BLA/resoluciones/dlf/unknown.png HTTP/1.1" 200 266
47.128.125.162 - - [09/Jan/2024:07:18:58 -0500] "GET /BLA/resoluciones/index.php?dir=RESOLUCIONES%202004%2FRES%202004%201801-1850%2F&order=asc&sort=size HTTP/1.1" 200 12358
47.128.25.35 - - [09/Jan/2024:07:19:15 -0500] "GET /BLA/resoluciones/dlf/unknown.png HTTP/1.1" 200 266
47.128.25.35 - - [09/Jan/2024:07:19:15 -0500] "GET /BLA/resoluciones/dlf/dirup.png HTTP/1.1" 200 644
201.245.192.253 - - [09/Jan/2024:07:19:14 -0500] "POST /kwsrmcab/Wsrmcab HTTP/1.1" 200 36669
47.128.25.35 - - [09/Jan/2024:07:19:14 -0500] "GET /BLA/resoluciones/index.php?dir=RESOLUCIONES%202004%2FRES%202004%202151-2200%2F&order=desc&sort=date HTTP/1.1" 200 12358
84.54.51.37 - - [09/Jan/2024:07:19:35 -0500] "GET / HTTP/1.1" 200 319
47.128.28.114 - - [09/Jan/2024:07:19:40 -0500] "GET /BLA/resoluciones/index.php?dir=RESOLUCIONES%202004%2FRES%202004%202251-2300%2F&order=asc&sort=name HTTP/1.1" 200 12363
47.128.28.114 - - [09/Jan/2024:07:19:41 -0500] "GET /BLA/resoluciones/dlf/dirup.png HTTP/1.1" 200 644
47.128.28.114 - - [09/Jan/2024:07:19:41 -0500] "GET /BLA/resoluciones/dlf/unknown.png HTTP/1.1" 200 266
66.249.79.224 - - [09/Jan/2024:07:19:44 -0500] "GET /BLA/resoluciones/Autos%202008/2021.pdf HTTP/1.1" 200 74692
201.245.192.253 - - [09/Jan/2024:07:19:55 -0500] "POST /kwsrmcab/Wsrmcab HTTP/1.1" 200 36661
47.128.121.186 - - [09/Jan/2024:07:20:04 -0500] "GET /BLA/resoluciones/dlf/dirup.png HTTP/1.1" 200 644
47.128.121.186 - - [09/Jan/2024:07:20:04 -0500] "GET /BLA/resoluciones/dlf/unknown.png HTTP/1.1" 200 266
47.128.121.186 - - [09/Jan/2024:07:20:03 -0500] "GET /BLA/resoluciones/index.php?dir=RESOLUCIONES%202005%2FRES%202005%201001-1050%2F&order=asc&sort=name HTTP/1.1" 200 12364
66.249.79.238 - - [09/Jan/2024:07:20:14 -0500] "GET /BLA/resoluciones/RESOLUCIONES%202011/1371.pdf HTTP/1.1" 200 519061
216.245.221.92 - - [09/Jan/2024:07:20:28 -0500] "HEAD / HTTP/1.1" 200 -
47.128.20.209 - - [09/Jan/2024:07:20:27 -0500] "GET /BLA/resoluciones/index.php?dir=RESOLUCIONES%202004%2FRES%202004%20251-300%2F&order=desc&sort=size HTTP/1.1" 200 12043
47.128.20.209 - - [09/Jan/2024:07:20:28 -0500] "GET /BLA/resoluciones/dlf/unknown.png HTTP/1.1" 200 266
47.128.20.209 - - [09/Jan/2024:07:20:28 -0500] "GET /BLA/resoluciones/dlf/dirup.png HTTP/1.1" 200 644
172.22.2.4 - - [09/Jan/2024:07:18:55 -0500] "HEAD /BLA/boletinlegal/ HTTP/1.1" 200 -
35.240.121.17 - - [09/Jan/2024:07:20:53 -0500] "GET / HTTP/1.1" 200 319
47.128.46.100 - - [09/Jan/2024:07:21:03 -0500] "GET /BLA/resoluciones/dlf/dirup.png HTTP/1.1" 200 644
47.128.46.100 - - [09/Jan/2024:07:21:01 -0500] "GET /BLA/resoluciones/index.php?dir=Notificaciones%2FRESOLUCIONES+2018%2F HTTP/1.1" 200 19727
47.128.46.100 - - [09/Jan/2024:07:21:04 -0500] "GET /BLA/resoluciones/dlf/pdf.gif HTTP/1.1" 200 272
201.245.192.253 - - [09/Jan/2024:07:21:09 -0500] "POST /kwsrmcab/Wsrmcab  HTTP/1.1" 200 36937
47.128.27.243 - - [09/Jan/2024:07:21:15 -0500] "GET /BLA/resoluciones/index.php?dir=RESOLUCIONES%202007%2FRES%202007%204001%20AL%204100%2F&order=desc&sort=date HTTP/1.1" 200 26863
47.128.27.243 - - [09/Jan/2024:07:21:16 -0500] "GET /BLA/resoluciones/dlf/pdf.gif HTTP/1.1" 200 272
47.128.27.243 - - [09/Jan/2024:07:21:16 -0500] "GET /BLA/resoluciones/dlf/dirup.png HTTP/1.1" 200 644
172.22.2.4 - - [09/Jan/2024:07:19:46 -0500] "GET /BLA/boletinlegal/ HTTP/1.1" 200 58969
47.128.46.43 - - [09/Jan/2024:07:21:39 -0500] "GET /BLA/resoluciones/index.php?dir=RESOLUCIONES%202004%2FRES%202004%20701-750%2F&order=desc&sort=date HTTP/1.1" 200 12058
47.128.46.43 - - [09/Jan/2024:07:21:40 -0500] "GET /BLA/resoluciones/dlf/dirup.png HTTP/1.1" 200 644
47.128.46.43 - - [09/Jan/2024:07:21:40 -0500] "GET /BLA/resoluciones/dlf/unknown.png HTTP/1.1" 200 266
66.249.79.238 - - [09/Jan/2024:07:22:09 -0500] "GET /BLA/resoluciones/AUTOS%202013/1759.pdf HTTP/1.1" 200 220928
47.128.50.169 - - [09/Jan/2024:07:22:22 -0500] "GET /BLA/resoluciones/dlf/pdf.gif HTTP/1.1" 200 272
47.128.50.169 - - [09/Jan/2024:07:22:22 -0500] "GET /BLA/resoluciones/dlf/dirup.png HTTP/1.1" 200 644
47.128.50.104 - - [09/Jan/2024:07:22:33 -0500] "GET /BLA/resoluciones/dlf/dirup.png HTTP/1.1" 200 644
47.128.50.104 - - [09/Jan/2024:07:22:33 -0500] "GET /BLA/resoluciones/dlf/unknown.png HTTP/1.1" 200 266
47.128.50.104 - - [09/Jan/2024:07:22:32 -0500] "GET /BLA/resoluciones/index.php?dir=RESOLUCIONES%202004%2FRES%202004%201601-1650%2F&order=desc&sort=size HTTP/1.1" 200 12358
47.128.50.169 - - [09/Jan/2024:07:22:20 -0500] "GET /BLA/resoluciones/index.php?dir=RESOLUCIONES%202017%2F&order=asc&sort=date HTTP/1.1" 200 225227
66.249.79.224 - - [09/Jan/2024:07:24:07 -0500] "GET /sig/CALIDAD/NORMATIVIDAD/NTC-ISO14001%202004.pdf HTTP/1.1" 404 1018
201.245.192.253 - - [09/Jan/2024:07:24:18 -0500] "GET /sipse/faces/index.xhtml HTTP/1.1" 200 677
201.245.192.253 - - [09/Jan/2024:07:24:18 -0500] "GET /sipse/faces/javax.faces.resource/theme.css?ln=primefaces-sipse HTTP/1.1" 304 -
201.245.192.253 - - [09/Jan/2024:07:24:18 -0500] "GET /sipse/faces/faces/autenticacion.xhtml HTTP/1.1" 200 12401
201.245.192.253 - - [09/Jan/2024:07:24:18 -0500] "GET /sipse/js/disable_browser_buttons.js HTTP/1.1" 304 -
201.245.192.253 - - [09/Jan/2024:07:24:18 -0500] "GET /sipse/js/funciones.js HTTP/1.1" 304 -
201.245.192.253 - - [09/Jan/2024:07:24:18 -0500] "GET /sipse/css/custom_css_sg.css HTTP/1.1" 304 -
201.245.192.253 - - [09/Jan/2024:07:24:18 -0500] "GET /sipse/faces/javax.faces.resource/jquery/jquery.js?ln=primefaces&v=4.0 HTTP/1.1" 304 -
201.245.192.253 - - [09/Jan/2024:07:24:18 -0500] "GET /sipse/faces/javax.faces.resource/jquery/jquery-plugins.js?ln=primefaces&v=4.0 HTTP/1.1" 304 -
201.245.192.253 - - [09/Jan/2024:07:24:18 -0500] "GET /sipse/faces/javax.faces.resource/primefaces.js?ln=primefaces&v=4.0 HTTP/1.1" 304 -
201.245.192.253 - - [09/Jan/2024:07:24:18 -0500] "GET /sipse/faces/javax.faces.resource/layout/layout.js?ln=primefaces&v=4.0 HTTP/1.1" 304 -
201.245.192.253 - - [09/Jan/2024:07:24:18 -0500] "GET /sipse/css/custom_css_sg_prime_login.css HTTP/1.1" 304 -
201.245.192.253 - - [09/Jan/2024:07:24:18 -0500] "GET /sipse/faces/javax.faces.resource/theme.css?ln=primefaces-sipse HTTP/1.1" 304 -
201.245.192.253 - - [09/Jan/2024:07:24:18 -0500] "GET /sipse/faces/javax.faces.resource/layout/layout.css?ln=primefaces&v=4.0 HTTP/1.1" 304 -
201.245.192.253 - - [09/Jan/2024:07:24:18 -0500] "GET /sipse/faces/javax.faces.resource/primefaces.css?ln=primefaces&v=4.0 HTTP/1.1" 304 -
201.245.192.253 - - [09/Jan/2024:07:24:18 -0500] "GET /sipse/css/imagen/loginimg.png HTTP/1.1" 304 -
201.245.192.253 - - [09/Jan/2024:07:24:18 -0500] "GET /sipse/css/imagen/logoSDG.png HTTP/1.1" 304 -
201.245.192.253 - - [09/Jan/2024:07:24:18 -0500] "GET /sipse/faces/javax.faces.resource/images/ui-icons_898989_256x240.png?ln=primefaces-aristo HTTP/1.1" 304 -
201.245.192.253 - - [09/Jan/2024:07:24:43 -0500] "POST /sipse/faces/autenticacion.xhtml HTTP/1.1" 200 16830
201.245.192.253 - - [09/Jan/2024:07:24:44 -0500] "GET /sipse/css/custom_css_sg_prime.css HTTP/1.1" 304 -
201.245.192.253 - - [09/Jan/2024:07:24:44 -0500] "GET /sipse/faces/javax.faces.resource/theme.css?ln=primefaces-sipse HTTP/1.1" 304 -
201.245.192.253 - - [09/Jan/2024:07:24:44 -0500] "GET /sipse/faces/javax.faces.resource/primefaces.css?ln=primefaces&v=4.0 HTTP/1.1" 304 -
201.245.192.253 - - [09/Jan/2024:07:24:44 -0500] "GET /sipse/faces/javax.faces.resource/layout/layout.css?ln=primefaces&v=4.0 HTTP/1.1" 304 -
201.245.192.253 - - [09/Jan/2024:07:24:44 -0500] "GET /sipse/js/jquery.min.js HTTP/1.1" 304 -
201.245.192.253 - - [09/Jan/2024:07:24:44 -0500] "GET /sipse/faces/javax.faces.resource/jquery/jquery.js?ln=primefaces&v=4.0 HTTP/1.1" 304 -
201.245.192.253 - - [09/Jan/2024:07:24:44 -0500] "GET /sipse/faces/javax.faces.resource/jquery/jquery-plugins.js?ln=primefaces&v=4.0 HTTP/1.1" 304 -
201.245.192.253 - - [09/Jan/2024:07:24:44 -0500] "GET /sipse/faces/javax.faces.resource/primefaces.js?ln=primefaces&v=4.0 HTTP/1.1" 304 -
201.245.192.253 - - [09/Jan/2024:07:24:44 -0500] "GET /sipse/faces/javax.faces.resource/layout/layout.js?ln=primefaces&v=4.0 HTTP/1.1" 304 -
201.245.192.253 - - [09/Jan/2024:07:24:44 -0500] "GET /sipse/css/v_mergente.css HTTP/1.1" 304 -
201.245.192.253 - - [09/Jan/2024:07:24:44 -0500] "GET /sipse/imagenes/cargando.gif HTTP/1.1" 304 -
201.245.192.253 - - [09/Jan/2024:07:24:44 -0500] "GET /sipse/imagenes/logoAplicacion.jpg HTTP/1.1" 304 -
201.245.192.253 - - [09/Jan/2024:07:24:44 -0500] "GET /sipse/css/imagen/contrasena.png HTTP/1.1" 404 383
201.245.192.253 - - [09/Jan/2024:07:24:44 -0500] "GET /sipse/faces/javax.faces.resource/messages/messages.png?ln=primefaces&v=4.0 HTTP/1.1" 304 -
201.245.192.253 - - [09/Jan/2024:07:24:45 -0500] "GET /sipse/faces/javax.faces.resource/images/ui-bg_flat_0_2d5972_40x100.png?ln=primefaces-aristo HTTP/1.1" 304 -
201.245.192.253 - - [09/Jan/2024:07:24:45 -0500] "POST /sipse/faces/bienvenido.xhtml HTTP/1.1" 200 1471
201.245.192.253 - - [09/Jan/2024:07:24:45 -0500] "POST /sipse/faces/bienvenido.xhtml HTTP/1.1" 200 31897
201.245.192.253 - - [09/Jan/2024:07:24:45 -0500] "GET /sipse/faces/javax.faces.resource/theme.css?ln=primefaces-sipse HTTP/1.1" 304 -
201.245.192.253 - - [09/Jan/2024:07:24:45 -0500] "GET /sipse/faces/javax.faces.resource/primefaces.css?ln=primefaces&v=4.0 HTTP/1.1" 304 -
201.245.192.253 - - [09/Jan/2024:07:24:45 -0500] "GET /sipse/faces/javax.faces.resource/layout/layout.css?ln=primefaces&v=4.0 HTTP/1.1" 304 -
201.245.192.253 - - [09/Jan/2024:07:24:45 -0500] "GET /sipse/faces/javax.faces.resource/jquery/jquery.js?ln=primefaces&v=4.0 HTTP/1.1" 304 -
201.245.192.253 - - [09/Jan/2024:07:24:45 -0500] "GET /sipse/faces/javax.faces.resource/jquery/jquery-plugins.js?ln=primefaces&v=4.0 HTTP/1.1" 304 -
201.245.192.253 - - [09/Jan/2024:07:24:45 -0500] "GET /sipse/faces/javax.faces.resource/primefaces.js?ln=primefaces&v=4.0 HTTP/1.1" 304 -
201.245.192.253 - - [09/Jan/2024:07:24:45 -0500] "GET /sipse/faces/javax.faces.resource/layout/layout.js?ln=primefaces&v=4.0 HTTP/1.1" 304 -
201.245.192.253 - - [09/Jan/2024:07:24:46 -0500] "POST /sipse/faces/presentacion/financiero/solicitudProceso/listarSolicitudProceso.xhtml HTTP/1.1" 200 1376
201.245.192.253 - - [09/Jan/2024:07:24:49 -0500] "POST /sipse/faces/presentacion/financiero/solicitudProceso/listarSolicitudProceso.xhtml HTTP/1.1" 200 2085
201.245.192.253 - - [09/Jan/2024:07:24:50 -0500] "POST /sipse/faces/presentacion/financiero/solicitudProceso/listarSolicitudProceso.xhtml HTTP/1.1" 200 38986
201.245.192.253 - - [09/Jan/2024:07:24:50 -0500] "GET /sipse/faces/javax.faces.resource/theme.css?ln=primefaces-sipse HTTP/1.1" 304 -
201.245.192.253 - - [09/Jan/2024:07:24:50 -0500] "GET /sipse/faces/javax.faces.resource/layout/layout.css?ln=primefaces&v=4.0 HTTP/1.1" 304 -
201.245.192.253 - - [09/Jan/2024:07:24:50 -0500] "GET /sipse/faces/javax.faces.resource/primefaces.css?ln=primefaces&v=4.0 HTTP/1.1" 304 -
201.245.192.253 - - [09/Jan/2024:07:24:50 -0500] "GET /sipse/faces/javax.faces.resource/jquery/jquery.js?ln=primefaces&v=4.0 HTTP/1.1" 304 -
201.245.192.253 - - [09/Jan/2024:07:24:50 -0500] "GET /sipse/faces/javax.faces.resource/jquery/jquery-plugins.js?ln=primefaces&v=4.0 HTTP/1.1" 304 -
201.245.192.253 - - [09/Jan/2024:07:24:50 -0500] "GET /sipse/faces/javax.faces.resource/primefaces.js?ln=primefaces&v=4.0 HTTP/1.1" 304 -
201.245.192.253 - - [09/Jan/2024:07:24:50 -0500] "GET /sipse/faces/javax.faces.resource/layout/layout.js?ln=primefaces&v=4.0 HTTP/1.1" 304 -
201.245.192.253 - - [09/Jan/2024:07:24:50 -0500] "POST /sipse/faces/presentacion/financiero/solicitudProceso/consultar.xhtml HTTP/1.1" 200 32349
201.245.192.253 - - [09/Jan/2024:07:24:59 -0500] "POST /kwsrmcab/Wsrmcab HTTP/1.1" 200 36669
201.245.192.253 - - [09/Jan/2024:07:25:02 -0500] "POST /kwsrmcab/Wsrmcab HTTP/1.1" 200 36661
216.245.221.92 - - [09/Jan/2024:07:25:28 -0500] "HEAD / HTTP/1.1" 200 -
201.245.192.253 - - [09/Jan/2024:07:25:30 -0500] "POST /sipse/faces/presentacion/financiero/solicitudProceso/consultar.xhtml HTTP/1.1" 200 12812
201.245.192.253 - - [09/Jan/2024:07:25:35 -0500] "POST /sipse/faces/presentacion/financiero/solicitudProceso/consultar.xhtml HTTP/1.1" 200 102006
201.245.192.253 - - [09/Jan/2024:07:25:36 -0500] "GET /sipse/faces/javax.faces.resource/theme.css?ln=primefaces-sipse HTTP/1.1" 304 -
201.245.192.253 - - [09/Jan/2024:07:25:36 -0500] "GET /sipse/faces/javax.faces.resource/primefaces.css?ln=primefaces&v=4.0 HTTP/1.1" 304 -
201.245.192.253 - - [09/Jan/2024:07:25:36 -0500] "GET /sipse/faces/javax.faces.resource/layout/layout.css?ln=primefaces&v=4.0 HTTP/1.1" 304 -
201.245.192.253 - - [09/Jan/2024:07:25:36 -0500] "GET /sipse/faces/javax.faces.resource/jquery/jquery.js?ln=primefaces&v=4.0 HTTP/1.1" 304 -
201.245.192.253 - - [09/Jan/2024:07:25:36 -0500] "GET /sipse/faces/javax.faces.resource/jquery/jquery-plugins.js?ln=primefaces&v=4.0 HTTP/1.1" 304 -
201.245.192.253 - - [09/Jan/2024:07:25:36 -0500] "GET /sipse/faces/javax.faces.resource/primefaces.js?ln=primefaces&v=4.0 HTTP/1.1" 304 -
201.245.192.253 - - [09/Jan/2024:07:25:36 -0500] "GET /sipse/faces/javax.faces.resource/layout/layout.js?ln=primefaces&v=4.0 HTTP/1.1" 304 -
201.245.192.253 - - [09/Jan/2024:07:26:07 -0500] "POST /kwsrmcab/Wsrmcab  HTTP/1.1" 200 36937
172.22.2.4 - - [09/Jan/2024:07:24:45 -0500] "HEAD /BLA/boletinlegal/ HTTP/1.1" 200 -
172.22.2.4 - - [09/Jan/2024:07:25:36 -0500] "GET /BLA/boletinlegal/ HTTP/1.1" 200 58567
66.249.79.224 - - [09/Jan/2024:07:28:31 -0500] "GET /BLA/resoluciones/RESOLUCIONES%202010/1951.pdf HTTP/1.1" 200 996932
201.245.192.253 - - [09/Jan/2024:07:29:14 -0500] "POST /kwsrmcab/Wsrmcab HTTP/1.1" 200 36669
66.249.79.224 - - [09/Jan/2024:07:29:34 -0500] "GET /BLA/resoluciones/AUTOS%202014/5792.pdf HTTP/1.1" 304 -
201.245.192.253 - - [09/Jan/2024:07:29:54 -0500] "POST /kwsrmcab/Wsrmcab HTTP/1.1" 200 36661
66.249.79.225 - - [09/Jan/2024:07:30:08 -0500] "GET /BLA/resoluciones/RESOLUCIONES%202008/0794.pdf HTTP/1.1" 200 452114
216.245.221.92 - - [09/Jan/2024:07:30:28 -0500] "HEAD / HTTP/1.1" 200 -
201.245.192.253 - - [09/Jan/2024:07:31:06 -0500] "POST /kwsrmcab/Wsrmcab  HTTP/1.1" 200 36937
173.252.107.117 - - [09/Jan/2024:07:31:14 -0500] "GET /distrito-invita-a-vivir-el-puente-de-reyes-de-manera-consciente-y-responsable-con-los-animales.html HTTP/1.1" 200 1083
173.252.107.2 - - [09/Jan/2024:07:31:14 -0500] "GET /distrito-invita-a-vivir-el-puente-de-reyes-de-manera-consciente-y-responsable-con-los-animales.html HTTP/1.1" 200 1083
69.171.251.4 - - [09/Jan/2024:07:31:14 -0500] "GET /images/jornadaidpyba.jpg HTTP/1.1" 200 37532
173.252.127.12 - - [09/Jan/2024:07:31:54 -0500] "GET /distrito-invita-a-vivir-el-puente-de-reyes-de-manera-consciente-y-responsable-con-los-animales.html HTTP/1.1" 200 1083
66.249.79.224 - - [09/Jan/2024:07:32:11 -0500] "GET /BLA/resoluciones/RESOLUCIONES%202009/0080.pdf HTTP/1.1" 200 163848
172.22.2.4 - - [09/Jan/2024:07:30:35 -0500] "HEAD /BLA/boletinlegal/ HTTP/1.1" 200 -
173.252.87.13 - - [09/Jan/2024:07:32:27 -0500] "GET /distrito-invita-a-vivir-el-puente-de-reyes-de-manera-consciente-y-responsable-con-los-animales.html HTTP/1.1" 200 1083
191.156.152.10 - - [09/Jan/2024:07:33:00 -0500] "GET /inicia-el-2024-conociendo-la-biodiversidad-de-bogoti.html?fbclid=IwAR1-NyKD5YTx1daKKsMiqjFvk1NzEbx1pGCWB-vYvJnvYx87t-xoYj7neEY HTTP/1.1" 200 894
172.22.2.4 - - [09/Jan/2024:07:31:25 -0500] "GET /BLA/boletinlegal/ HTTP/1.1" 200 58172
69.63.184.5 - - [09/Jan/2024:07:33:17 -0500] "GET /distrito-invita-a-vivir-el-puente-de-reyes-de-manera-consciente-y-responsable-con-los-animales.html HTTP/1.1" 200 1083
31.13.127.23 - - [09/Jan/2024:07:33:53 -0500] "GET /distrito-invita-a-vivir-el-puente-de-reyes-de-manera-consciente-y-responsable-con-los-animales.html HTTP/1.1" 200 1083
47.128.114.93 - - [09/Jan/2024:07:34:23 -0500] "GET /BLA/resoluciones/index.php?dir=Notificaciones%2FRESOLUCIONES%202016%2F&order=asc&sort=size HTTP/1.1" 200 18211
47.128.114.93 - - [09/Jan/2024:07:34:25 -0500] "GET /BLA/resoluciones/dlf/doc.gif HTTP/1.1" 200 1079
47.128.114.93 - - [09/Jan/2024:07:34:25 -0500] "GET /BLA/resoluciones/dlf/dirup.png HTTP/1.1" 200 644
47.128.114.93 - - [09/Jan/2024:07:34:26 -0500] "GET /BLA/resoluciones/dlf/pdf.gif HTTP/1.1" 200 272
17.241.75.219 - - [09/Jan/2024:07:34:45 -0500] "GET /camaras-trampa-de-la-secretaria-de-ambiente-registran-fauna-en-cerros-orientales-en-areas-donde-tenemos-acuerdos-de-conservacion.html HTTP/1.1" 200 982
201.245.192.253 - - [09/Jan/2024:07:34:59 -0500] "POST /kwsrmcab/Wsrmcab HTTP/1.1" 200 36669
201.245.192.253 - - [09/Jan/2024:07:35:02 -0500] "POST /kwsrmcab/Wsrmcab HTTP/1.1" 200 36661
190.26.162.122 - - [09/Jan/2024:07:35:24 -0500] "GET /sipse/faces/faces/autenticacion.xhtml HTTP/1.1" 200 12401
190.26.162.122 - - [09/Jan/2024:07:35:24 -0500] "GET /sipse/css/custom_css_sg.css HTTP/1.1" 200 9694
190.26.162.122 - - [09/Jan/2024:07:35:24 -0500] "GET /sipse/css/custom_css_sg_prime_login.css HTTP/1.1" 200 443
190.26.162.122 - - [09/Jan/2024:07:35:24 -0500] "GET /sipse/faces/javax.faces.resource/layout/layout.css?ln=primefaces&v=4.0 HTTP/1.1" 200 542
190.26.162.122 - - [09/Jan/2024:07:35:24 -0500] "GET /sipse/js/disable_browser_buttons.js HTTP/1.1" 304 -
190.26.162.122 - - [09/Jan/2024:07:35:24 -0500] "GET /sipse/faces/javax.faces.resource/jquery/jquery.js?ln=primefaces&v=4.0 HTTP/1.1" 304 -
190.26.162.122 - - [09/Jan/2024:07:35:24 -0500] "GET /sipse/faces/javax.faces.resource/primefaces.js?ln=primefaces&v=4.0 HTTP/1.1" 304 -
190.26.162.122 - - [09/Jan/2024:07:35:24 -0500] "GET /sipse/js/funciones.js HTTP/1.1" 304 -
190.26.162.122 - - [09/Jan/2024:07:35:24 -0500] "GET /sipse/faces/javax.faces.resource/layout/layout.js?ln=primefaces&v=4.0 HTTP/1.1" 304 -
190.26.162.122 - - [09/Jan/2024:07:35:24 -0500] "GET /sipse/faces/javax.faces.resource/jquery/jquery-plugins.js?ln=primefaces&v=4.0 HTTP/1.1" 304 -
190.26.162.122 - - [09/Jan/2024:07:35:24 -0500] "GET /sipse/faces/javax.faces.resource/theme.css?ln=primefaces-sipse HTTP/1.1" 200 50058
190.26.162.122 - - [09/Jan/2024:07:35:24 -0500] "GET /sipse/faces/javax.faces.resource/primefaces.css?ln=primefaces&v=4.0 HTTP/1.1" 200 53295
190.26.162.122 - - [09/Jan/2024:07:35:24 -0500] "GET /sipse/faces/javax.faces.resource/images/ui-icons_898989_256x240.png?ln=primefaces-aristo HTTP/1.1" 200 5355
190.26.162.122 - - [09/Jan/2024:07:35:24 -0500] "GET /sipse/css/imagen/logoSDG.png HTTP/1.1" 200 53064
190.26.162.122 - - [09/Jan/2024:07:35:24 -0500] "GET /sipse/css/imagen/loginimg.png HTTP/1.1" 200 71635
190.26.162.122 - - [09/Jan/2024:07:35:24 -0500] "GET /favicon.ico HTTP/1.1" 200 7782
190.26.162.122 - - [09/Jan/2024:07:35:24 -0500] "GET /sipse/faces/faces/index.xhtml HTTP/1.1" 200 677
190.26.162.122 - - [09/Jan/2024:07:35:24 -0500] "GET /sipse/faces/javax.faces.resource/theme.css?ln=primefaces-sipse HTTP/1.1" 304 -
190.26.162.122 - - [09/Jan/2024:07:35:25 -0500] "GET /sipse/faces/faces/faces/autenticacion.xhtml HTTP/1.1" 200 12401
190.26.162.122 - - [09/Jan/2024:07:35:25 -0500] "GET /sipse/faces/javax.faces.resource/theme.css?ln=primefaces-sipse HTTP/1.1" 304 -
190.26.162.122 - - [09/Jan/2024:07:35:25 -0500] "GET /sipse/faces/javax.faces.resource/primefaces.css?ln=primefaces&v=4.0 HTTP/1.1" 304 -
190.26.162.122 - - [09/Jan/2024:07:35:25 -0500] "GET /sipse/faces/javax.faces.resource/layout/layout.css?ln=primefaces&v=4.0 HTTP/1.1" 304 -
190.26.162.122 - - [09/Jan/2024:07:35:25 -0500] "GET /sipse/faces/javax.faces.resource/jquery/jquery.js?ln=primefaces&v=4.0 HTTP/1.1" 304 -
190.26.162.122 - - [09/Jan/2024:07:35:25 -0500] "GET /sipse/faces/javax.faces.resource/jquery/jquery-plugins.js?ln=primefaces&v=4.0 HTTP/1.1" 304 -
190.26.162.122 - - [09/Jan/2024:07:35:25 -0500] "GET /sipse/faces/javax.faces.resource/primefaces.js?ln=primefaces&v=4.0 HTTP/1.1" 304 -
190.26.162.122 - - [09/Jan/2024:07:35:25 -0500] "GET /sipse/faces/javax.faces.resource/layout/layout.js?ln=primefaces&v=4.0 HTTP/1.1" 304 -
190.26.162.122 - - [09/Jan/2024:07:35:25 -0500] "GET /sipse/faces/javax.faces.resource/images/ui-icons_898989_256x240.png?ln=primefaces-aristo HTTP/1.1" 304 -
216.245.221.92 - - [09/Jan/2024:07:35:28 -0500] "HEAD / HTTP/1.1" 200 -
190.26.162.122 - - [09/Jan/2024:07:35:30 -0500] "POST /sipse/faces/autenticacion.xhtml HTTP/1.1" 200 16218
190.26.162.122 - - [09/Jan/2024:07:35:30 -0500] "GET /sipse/css/custom_css_sg_prime.css HTTP/1.1" 200 5201
190.26.162.122 - - [09/Jan/2024:07:35:30 -0500] "GET /sipse/js/jquery.min.js HTTP/1.1" 304 -
190.26.162.122 - - [09/Jan/2024:07:35:30 -0500] "GET /sipse/faces/javax.faces.resource/jquery/jquery.js?ln=primefaces&v=4.0 HTTP/1.1" 304 -
190.26.162.122 - - [09/Jan/2024:07:35:30 -0500] "GET /sipse/faces/javax.faces.resource/jquery/jquery-plugins.js?ln=primefaces&v=4.0 HTTP/1.1" 304 -
190.26.162.122 - - [09/Jan/2024:07:35:30 -0500] "GET /sipse/faces/javax.faces.resource/primefaces.js?ln=primefaces&v=4.0 HTTP/1.1" 304 -
190.26.162.122 - - [09/Jan/2024:07:35:30 -0500] "GET /sipse/faces/javax.faces.resource/layout/layout.js?ln=primefaces&v=4.0 HTTP/1.1" 304 -
190.26.162.122 - - [09/Jan/2024:07:35:30 -0500] "GET /sipse/imagenes/cargando.gif HTTP/1.1" 200 36959
190.26.162.122 - - [09/Jan/2024:07:35:30 -0500] "GET /sipse/css/v_mergente.css HTTP/1.1" 200 1505
190.26.162.122 - - [09/Jan/2024:07:35:30 -0500] "GET /sipse/imagenes/logoAplicacion.jpg HTTP/1.1" 200 155084
190.26.162.122 - - [09/Jan/2024:07:35:30 -0500] "GET /sipse/css/imagen/contrasena.png HTTP/1.1" 404 383
190.26.162.122 - - [09/Jan/2024:07:35:30 -0500] "GET /sipse/faces/javax.faces.resource/messages/messages.png?ln=primefaces&v=4.0 HTTP/1.1" 200 27209
190.26.162.122 - - [09/Jan/2024:07:35:32 -0500] "GET /sipse/faces/javax.faces.resource/images/ui-bg_flat_0_2d5972_40x100.png?ln=primefaces-aristo HTTP/1.1" 200 183
190.26.162.122 - - [09/Jan/2024:07:35:32 -0500] "POST /sipse/faces/bienvenido.xhtml HTTP/1.1" 200 1471
190.26.162.122 - - [09/Jan/2024:07:35:34 -0500] "POST /sipse/faces/bienvenido.xhtml HTTP/1.1" 200 55272
190.26.162.122 - - [09/Jan/2024:07:35:34 -0500] "GET /sipse/faces/javax.faces.resource/jquery/jquery.js?ln=primefaces&v=4.0 HTTP/1.1" 304 -
190.26.162.122 - - [09/Jan/2024:07:35:34 -0500] "GET /sipse/faces/javax.faces.resource/jquery/jquery-plugins.js?ln=primefaces&v=4.0 HTTP/1.1" 304 -
190.26.162.122 - - [09/Jan/2024:07:35:34 -0500] "GET /sipse/faces/javax.faces.resource/primefaces.js?ln=primefaces&v=4.0 HTTP/1.1" 304 -
190.26.162.122 - - [09/Jan/2024:07:35:34 -0500] "GET /sipse/faces/javax.faces.resource/layout/layout.js?ln=primefaces&v=4.0 HTTP/1.1" 304 -
190.26.162.122 - - [09/Jan/2024:07:35:34 -0500] "POST /sipse/faces/presentacion/financiero/solicitudProceso/listarSolicitudProceso.xhtml HTTP/1.1" 200 1536
190.26.162.122 - - [09/Jan/2024:07:35:51 -0500] "POST /sipse/faces/presentacion/financiero/solicitudProceso/listarSolicitudProceso.xhtml HTTP/1.1" 200 132853
190.26.162.122 - - [09/Jan/2024:07:35:52 -0500] "GET /sipse/faces/javax.faces.resource/jquery/jquery.js?ln=primefaces&v=4.0 HTTP/1.1" 304 -
190.26.162.122 - - [09/Jan/2024:07:35:52 -0500] "GET /sipse/faces/javax.faces.resource/jquery/jquery-plugins.js?ln=primefaces&v=4.0 HTTP/1.1" 304 -
190.26.162.122 - - [09/Jan/2024:07:35:52 -0500] "GET /sipse/faces/javax.faces.resource/primefaces.js?ln=primefaces&v=4.0 HTTP/1.1" 304 -
190.26.162.122 - - [09/Jan/2024:07:35:52 -0500] "GET /sipse/faces/javax.faces.resource/layout/layout.js?ln=primefaces&v=4.0 HTTP/1.1" 304 -
201.245.192.253 - - [09/Jan/2024:07:36:05 -0500] "POST /kwsrmcab/Wsrmcab  HTTP/1.1" 200 36937
190.26.162.122 - - [09/Jan/2024:07:37:47 -0500] "POST /sipse/faces/presentacion/financiero/solicitudProceso/consultarSolicitudProceso.xhtml HTTP/1.1" 200 45988
172.22.2.4 - - [09/Jan/2024:07:36:25 -0500] "HEAD /BLA/boletinlegal/ HTTP/1.1" 200 -
190.242.124.38 - - [09/Jan/2024:07:38:18 -0500] "GET /catalogoisis/ HTTP/1.1" 200 8575
190.242.124.38 - - [09/Jan/2024:07:38:18 -0500] "GET /catalogoisis/Css/Busqueda.css HTTP/1.1" 200 1995
190.242.124.38 - - [09/Jan/2024:07:38:18 -0500] "GET /catalogoisis/Js/AceptarLimpiar.js HTTP/1.1" 200 331
190.242.124.38 - - [09/Jan/2024:07:38:18 -0500] "GET /catalogoisis/Js/CriterioCombinada.js HTTP/1.1" 200 1843
190.242.124.38 - - [09/Jan/2024:07:38:18 -0500] "GET /catalogoisis/Js/LimpiarCombinada.js HTTP/1.1" 200 207
190.242.124.38 - - [09/Jan/2024:07:38:18 -0500] "GET /catalogoisis/Js/Cookies.js HTTP/1.1" 200 1369
190.242.124.38 - - [09/Jan/2024:07:38:18 -0500] "GET /catalogoisis/Js/Remote.js HTTP/1.1" 200 436
190.242.124.38 - - [09/Jan/2024:07:38:18 -0500] "GET /catalogoisis/Js/Go.js HTTP/1.1" 200 364
190.242.124.38 - - [09/Jan/2024:07:38:18 -0500] "GET /catalogoisis/Js/Numero.js HTTP/1.1" 200 398
190.242.124.38 - - [09/Jan/2024:07:38:18 -0500] "GET /catalogoisis/Js/Enter.js HTTP/1.1" 200 1208
190.242.124.38 - - [09/Jan/2024:07:38:18 -0500] "GET /catalogoisis/imagenes/br1c1.gif HTTP/1.1" 200 172
190.242.124.38 - - [09/Jan/2024:07:38:18 -0500] "GET /catalogoisis/imagenes/aceptar1.gif HTTP/1.1" 200 604
190.242.124.38 - - [09/Jan/2024:07:38:18 -0500] "GET /catalogoisis/imagenes/Turnbo1.gif HTTP/1.1" 200 227
190.242.124.38 - - [09/Jan/2024:07:38:18 -0500] "GET /catalogoisis/imagenes/limpiar1.gif HTTP/1.1" 200 606
190.242.124.38 - - [09/Jan/2024:07:38:18 -0500] "GET /catalogoisis/imagenes/br1c3.gif HTTP/1.1" 200 302
190.242.124.38 - - [09/Jan/2024:07:38:18 -0500] "GET /catalogoisis/imagenes/Header.gif HTTP/1.1" 200 27040
190.242.124.38 - - [09/Jan/2024:07:38:18 -0500] "GET /catalogoisis/imagenes/br2c2.gif HTTP/1.1" 200 302
190.242.124.38 - - [09/Jan/2024:07:38:18 -0500] "GET /catalogoisis/imagenes/br1c2.gif HTTP/1.1" 200 297
190.242.124.38 - - [09/Jan/2024:07:38:18 -0500] "GET /catalogoisis/imagenes/br2c3.gif HTTP/1.1" 200 416
190.242.124.38 - - [09/Jan/2024:07:38:18 -0500] "GET /catalogoisis/imagenes/br3c3.gif HTTP/1.1" 200 186
190.242.124.38 - - [09/Jan/2024:07:38:18 -0500] "GET /catalogoisis/imagenes/br2c1.gif HTTP/1.1" 200 297
190.242.124.38 - - [09/Jan/2024:07:38:18 -0500] "GET /catalogoisis/imagenes/br3c2.gif HTTP/1.1" 200 285
190.242.124.38 - - [09/Jan/2024:07:38:18 -0500] "GET /catalogoisis/imagenes/br3c1.gif HTTP/1.1" 200 177
190.242.124.38 - - [09/Jan/2024:07:38:18 -0500] "GET /favicon.ico HTTP/1.1" 200 7782
69.63.184.118 - - [09/Jan/2024:07:38:28 -0500] "GET /distrito-invita-a-vivir-el-puente-de-reyes-de-manera-consciente-y-responsable-con-los-animales.html HTTP/1.1" 200 1083
172.22.2.4 - - [09/Jan/2024:07:37:15 -0500] "GET /BLA/boletinlegal/ HTTP/1.1" 200 60502
201.245.192.253 - - [09/Jan/2024:07:39:14 -0500] "POST /kwsrmcab/Wsrmcab HTTP/1.1" 200 36669
186.154.129.130 - - [09/Jan/2024:07:39:21 -0500] "GET /appsia/controlador HTTP/1.1" 200 4799
186.154.129.130 - - [09/Jan/2024:07:39:22 -0500] "GET /appsia/scripts/validarIngreso.js HTTP/1.1" 200 851
186.154.129.130 - - [09/Jan/2024:07:39:22 -0500] "GET /appsia/images/logo_bogota_p.png HTTP/1.1" 200 14951
186.154.129.130 - - [09/Jan/2024:07:39:22 -0500] "GET /appsia/images/cabezoteHojaVida.png HTTP/1.1" 200 32493
186.154.129.130 - - [09/Jan/2024:07:39:27 -0500] "POST /appsia/controlador HTTP/1.1" 200 4621
181.61.206.31 - - [09/Jan/2024:07:39:33 -0500] "GET /inicia-el-2024-conociendo-la-biodiversidad-de-bogoti.html?fbclid=IwAR0P601dPaRwtnnwLdgee1jS49RzOYy-RJgOxqTboSdnaN2cbcNpZAosYW0 HTTP/1.1" 200 894
186.154.129.130 - - [09/Jan/2024:07:39:35 -0500] "POST /appsia/controlador HTTP/1.1" 200 7723
186.154.129.130 - - [09/Jan/2024:07:39:35 -0500] "GET /appsia/images/logo_escudo.png HTTP/1.1" 200 36965
201.245.192.253 - - [09/Jan/2024:07:39:55 -0500] "POST /kwsrmcab/Wsrmcab HTTP/1.1" 200 36661
66.249.79.225 - - [09/Jan/2024:07:40:14 -0500] "GET /BLA/resoluciones/AUTOS%202007/3659.pdf HTTP/1.1" 200 142523
216.245.221.92 - - [09/Jan/2024:07:40:28 -0500] "HEAD / HTTP/1.1" 200 -
31.13.103.1 - - [09/Jan/2024:07:40:59 -0500] "GET /distrito-invita-a-vivir-el-puente-de-reyes-de-manera-consciente-y-responsable-con-los-animales.html HTTP/1.1" 200 1083
201.245.192.253 - - [09/Jan/2024:07:41:02 -0500] "POST /kwsrmcab/Wsrmcab  HTTP/1.1" 200 36937
172.22.2.4 - - [09/Jan/2024:07:41:26 -0500] "GET /BLA/boletinlegal/actos.php HTTP/1.1" 200 9648
172.22.2.4 - - [09/Jan/2024:07:41:26 -0500] "GET /BLA/boletinlegal/styles2.css HTTP/1.1" 200 1838
172.22.2.4 - - [09/Jan/2024:07:41:26 -0500] "GET /BLA/boletinlegal/niceforms-default.css HTTP/1.1" 200 6694
172.22.2.4 - - [09/Jan/2024:07:41:26 -0500] "GET /BLA/boletinlegal/style.css HTTP/1.1" 200 9406
172.22.2.4 - - [09/Jan/2024:07:41:26 -0500] "GET /BLA/boletinlegal/js/ajax_actos.js HTTP/1.1" 200 1322
172.22.2.4 - - [09/Jan/2024:07:41:26 -0500] "GET /BLA/boletinlegal/niceforms.js HTTP/1.1" 200 22876
172.22.2.4 - - [09/Jan/2024:07:41:26 -0500] "GET /BLA/boletinlegal/js/lib.js HTTP/1.1" 200 6474
172.22.2.4 - - [09/Jan/2024:07:41:26 -0500] "GET /BLA/boletinlegal/js/popup.js HTTP/1.1" 200 1270
