201.245.192.253 - - [09/Jan/2024:16:36:45 -0500] "GET /sipse/faces/javax.faces.resource/layout/layout.css?ln=primefaces&v=4.0 HTTP/1.1" 304 -
201.245.192.253 - - [09/Jan/2024:16:36:45 -0500] "GET /sipse/faces/javax.faces.resource/primefaces.css?ln=primefaces&v=4.0 HTTP/1.1" 304 -
201.245.192.253 - - [09/Jan/2024:16:36:45 -0500] "GET /sipse/faces/javax.faces.resource/jquery/jquery.js?ln=primefaces&v=4.0 HTTP/1.1" 304 -
201.245.192.253 - - [09/Jan/2024:16:36:45 -0500] "GET /sipse/faces/javax.faces.resource/jquery/jquery-plugins.js?ln=primefaces&v=4.0 HTTP/1.1" 304 -
201.245.192.253 - - [09/Jan/2024:16:36:45 -0500] "GET /sipse/faces/javax.faces.resource/primefaces.js?ln=primefaces&v=4.0 HTTP/1.1" 304 -
201.245.192.253 - - [09/Jan/2024:16:36:45 -0500] "GET /sipse/faces/javax.faces.resource/layout/layout.js?ln=primefaces&v=4.0 HTTP/1.1" 304 -
201.245.192.253 - - [09/Jan/2024:16:36:45 -0500] "POST /sipse/faces/presentacion/financiero/solicitudProceso/listarSolicitudProceso.xhtml HTTP/1.1" 200 29651
201.245.192.253 - - [09/Jan/2024:16:36:46 -0500] "POST /sipse/faces/presentacion/financiero/solicitudProceso/listarSolicitudProceso.xhtml HTTP/1.1" 200 29651
201.245.192.253 - - [09/Jan/2024:16:36:46 -0500] "POST /sipse/faces/presentacion/financiero/solicitudProceso/listarSolicitudProceso.xhtml HTTP/1.1" 200 1392
201.245.192.253 - - [09/Jan/2024:16:36:46 -0500] "POST /sipse/faces/presentacion/financiero/solicitudProceso/listarSolicitudProceso.xhtml HTTP/1.1" 200 1392
201.245.192.253 - - [09/Jan/2024:16:36:47 -0500] "POST /sipse/faces/presentacion/financiero/solicitudProceso/listarSolicitudProceso.xhtml HTTP/1.1" 200 1400
201.245.192.253 - - [09/Jan/2024:16:36:56 -0500] "POST /sipse/faces/presentacion/financiero/solicitudProceso/listarSolicitudProceso.xhtml HTTP/1.1" 200 14409
156.59.198.136 - - [09/Jan/2024:16:36:57 -0500] "GET /BLA/resoluciones/AUTOS%202019/3425.pdf HTTP/1.0" 200 1154609
201.245.192.253 - - [09/Jan/2024:16:36:58 -0500] "POST /sipse/faces/presentacion/financiero/solicitudProceso/listarSolicitudProceso.xhtml HTTP/1.1" 200 14393
201.245.192.253 - - [09/Jan/2024:16:36:59 -0500] "POST /sipse/faces/presentacion/financiero/solicitudProceso/listarSolicitudProceso.xhtml HTTP/1.1" 200 14405
201.245.192.253 - - [09/Jan/2024:16:37:00 -0500] "POST /sipse/faces/presentacion/financiero/solicitudProceso/listarSolicitudProceso.xhtml HTTP/1.1" 200 43480
201.245.192.253 - - [09/Jan/2024:16:37:00 -0500] "POST /sipse/faces/presentacion/financiero/solicitudProceso/listarSolicitudProceso.xhtml HTTP/1.1" 200 43488
201.245.192.253 - - [09/Jan/2024:16:37:01 -0500] "POST /sipse/faces/presentacion/financiero/solicitudProceso/listarSolicitudProceso.xhtml HTTP/1.1" 200 14393
201.245.192.253 - - [09/Jan/2024:16:37:02 -0500] "POST /sipse/faces/presentacion/financiero/solicitudProceso/listarSolicitudProceso.xhtml HTTP/1.1" 200 14401
201.245.192.253 - - [09/Jan/2024:16:37:03 -0500] "POST /sipse/faces/presentacion/financiero/solicitudProceso/listarSolicitudProceso.xhtml HTTP/1.1" 200 26157
201.245.192.253 - - [09/Jan/2024:16:37:04 -0500] "POST /sipse/faces/presentacion/financiero/solicitudProceso/listarSolicitudProceso.xhtml HTTP/1.1" 200 26169
156.59.198.136 - - [09/Jan/2024:16:37:20 -0500] "GET /BLA/resoluciones/AUTOS%202019/0556.pdf HTTP/1.0" 200 353749
190.27.163.221 - - [09/Jan/2024:16:37:27 -0500] "POST /appsia/controlador HTTP/1.1" 200 5437
190.27.163.221 - - [09/Jan/2024:16:37:32 -0500] "POST /appsia/controlador HTTP/1.1" 200 7729
190.27.163.221 - - [09/Jan/2024:16:37:32 -0500] "GET /appsia/images/logo_escudo.png HTTP/1.1" 200 36965
156.59.198.136 - - [09/Jan/2024:16:37:44 -0500] "GET /BLA/resoluciones/AUTOS%202019/3212.pdf HTTP/1.0" 200 584454
172.22.2.4 - - [09/Jan/2024:16:38:04 -0500] "GET /BLA/boletinlegal/Circulares/2017/Circular%20No.%2007%20del%2028%20de%20Abril%20de%202017.pdf HTTP/1.1" 304 -
156.59.198.135 - - [09/Jan/2024:16:38:08 -0500] "GET /BLA/resoluciones/AUTOS%202019/4537.pdf HTTP/1.0" 200 402000
201.245.192.253 - - [09/Jan/2024:16:38:30 -0500] "POST /BLA/boletinlegal/admin/actos/ingresar.php HTTP/1.1" 200 2103
201.245.192.253 - - [09/Jan/2024:16:38:32 -0500] "GET /BLA/boletinlegal/admin/actos/ingresar.php HTTP/1.1" 200 7210
156.59.198.136 - - [09/Jan/2024:16:38:33 -0500] "GET /BLA/resoluciones/AUTOS%202019/4749.pdf HTTP/1.0" 200 362014
201.245.192.253 - - [09/Jan/2024:16:38:35 -0500] "POST /forms/lservlet;jsessionid=ac16012b30d6824570109c2143e1a1b38af06f99ab1f.e3iSbxaKaheRe34Rb3eTbx8LaNb0n6jAmljGr5XDqQLvpAe HTTP/1.1" 200 2
172.22.2.4 - - [09/Jan/2024:16:38:39 -0500] "GET /BLA/boletinlegal/consulta_actos.php?tipo=autos&no=9178&usuario=&sector=&fecha=2023&resuelve= HTTP/1.1" 200 626
201.245.192.253 - - [09/Jan/2024:16:38:37 -0500] "POST /kwsrmcab/Wsrmcab  HTTP/1.1" 200 36937
156.59.198.136 - - [09/Jan/2024:16:38:58 -0500] "GET /BLA/resoluciones/AUTOS%202019/3481.pdf HTTP/1.0" 200 419685
190.27.163.221 - - [09/Jan/2024:16:39:06 -0500] "POST /appsia/controlador HTTP/1.1" 200 5437
201.245.192.253 - - [09/Jan/2024:16:39:13 -0500] "POST /kwsrmcab/Wsrmcab HTTP/1.1" 200 37056
156.59.198.136 - - [09/Jan/2024:16:39:21 -0500] "GET /BLA/resoluciones/AUTOS%202019/0310.pdf HTTP/1.0" 200 907267
172.22.2.4 - - [09/Jan/2024:16:39:28 -0500] "GET /BLA/boletinlegal/consulta_actos.php?tipo=autos&no=3034&usuario=&sector=&fecha=2023&resuelve= HTTP/1.1" 200 1057
156.59.198.135 - - [09/Jan/2024:16:39:45 -0500] "GET /BLA/resoluciones/AUTOS%202019/4881.pdf HTTP/1.0" 200 580004
201.245.192.253 - - [09/Jan/2024:16:39:53 -0500] "POST /kwsrmcab/Wsrmcab HTTP/1.1" 200 36603
156.59.198.135 - - [09/Jan/2024:16:40:10 -0500] "GET /BLA/resoluciones/AUTOS%202019/3209.pdf HTTP/1.0" 200 892642
216.245.221.92 - - [09/Jan/2024:16:40:26 -0500] "HEAD / HTTP/1.1" 200 -
156.59.198.135 - - [09/Jan/2024:16:40:34 -0500] "GET /BLA/resoluciones/AUTOS%202019/2610.pdf HTTP/1.0" 200 339743
201.245.192.253 - - [09/Jan/2024:16:40:35 -0500] "POST /forms/lservlet;jsessionid=ac16012b30d6824570109c2143e1a1b38af06f99ab1f.e3iSbxaKaheRe34Rb3eTbx8LaNb0n6jAmljGr5XDqQLvpAe HTTP/1.1" 200 2
172.22.2.4 - - [09/Jan/2024:16:38:58 -0500] "HEAD /BLA/boletinlegal/ HTTP/1.1" 200 -
201.245.192.253 - - [09/Jan/2024:16:40:50 -0500] "GET /sipse/faces/javax.faces.resource/images/ui-bg_flat_0_2d5972_40x100.png?ln=primefaces-aristo HTTP/1.1" 304 -
201.245.192.253 - - [09/Jan/2024:16:40:50 -0500] "POST /sipse/faces/presentacion/financiero/solicitudProceso/consultarSolicitudProceso.xhtml HTTP/1.1" 200 34390
201.245.192.253 - - [09/Jan/2024:16:40:51 -0500] "GET /sipse/faces/javax.faces.resource/theme.css?ln=primefaces-sipse HTTP/1.1" 304 -
201.245.192.253 - - [09/Jan/2024:16:40:51 -0500] "GET /sipse/faces/javax.faces.resource/layout/layout.css?ln=primefaces&v=4.0 HTTP/1.1" 304 -
201.245.192.253 - - [09/Jan/2024:16:40:51 -0500] "GET /sipse/faces/javax.faces.resource/primefaces.css?ln=primefaces&v=4.0 HTTP/1.1" 304 -
201.245.192.253 - - [09/Jan/2024:16:40:51 -0500] "GET /sipse/faces/javax.faces.resource/jquery/jquery.js?ln=primefaces&v=4.0 HTTP/1.1" 304 -
201.245.192.253 - - [09/Jan/2024:16:40:51 -0500] "GET /sipse/faces/javax.faces.resource/jquery/jquery-plugins.js?ln=primefaces&v=4.0 HTTP/1.1" 304 -
201.245.192.253 - - [09/Jan/2024:16:40:51 -0500] "GET /sipse/faces/javax.faces.resource/primefaces.js?ln=primefaces&v=4.0 HTTP/1.1" 304 -
201.245.192.253 - - [09/Jan/2024:16:40:51 -0500] "GET /sipse/faces/javax.faces.resource/layout/layout.js?ln=primefaces&v=4.0 HTTP/1.1" 304 -
201.245.192.253 - - [09/Jan/2024:16:40:51 -0500] "GET /sipse/css/imagen/contrasena.png HTTP/1.1" 404 383
201.245.192.253 - - [09/Jan/2024:16:40:51 -0500] "POST /sipse/faces/presentacion/financiero/solicitudProceso/listarSolicitudProceso.xhtml HTTP/1.1" 200 27736
201.245.192.253 - - [09/Jan/2024:16:40:51 -0500] "POST /sipse/faces/presentacion/financiero/solicitudProceso/listarSolicitudProceso.xhtml HTTP/1.1" 200 27736
201.245.192.253 - - [09/Jan/2024:16:40:51 -0500] "POST /sipse/faces/presentacion/financiero/solicitudProceso/listarSolicitudProceso.xhtml HTTP/1.1" 200 1392
201.245.192.253 - - [09/Jan/2024:16:40:51 -0500] "POST /sipse/faces/presentacion/financiero/solicitudProceso/listarSolicitudProceso.xhtml HTTP/1.1" 200 1392
201.245.192.253 - - [09/Jan/2024:16:40:51 -0500] "POST /sipse/faces/presentacion/financiero/solicitudProceso/listarSolicitudProceso.xhtml HTTP/1.1" 200 1400
201.245.192.253 - - [09/Jan/2024:16:40:52 -0500] "POST /sipse/faces/presentacion/financiero/solicitudProceso/listarSolicitudProceso.xhtml HTTP/1.1" 200 4523
201.245.192.253 - - [09/Jan/2024:16:40:52 -0500] "POST /sipse/faces/presentacion/financiero/solicitudProceso/listarSolicitudProceso.xhtml HTTP/1.1" 200 16193
201.245.192.253 - - [09/Jan/2024:16:40:52 -0500] "POST /sipse/faces/presentacion/financiero/solicitudProceso/listarSolicitudProceso.xhtml HTTP/1.1" 200 4515
201.245.192.253 - - [09/Jan/2024:16:40:52 -0500] "POST /sipse/faces/presentacion/financiero/solicitudProceso/listarSolicitudProceso.xhtml HTTP/1.1" 200 16189
156.59.198.136 - - [09/Jan/2024:16:40:58 -0500] "GET /BLA/resoluciones/AUTOS%202019/4508.pdf HTTP/1.0" 200 807454
159.223.41.199 - - [09/Jan/2024:16:41:00 -0500] "GET /BLA/resoluciones/RESOLUCIONES%202013/1197.pdf HTTP/1.1" 200 1787007
156.59.198.135 - - [09/Jan/2024:16:41:23 -0500] "GET /BLA/resoluciones/AUTOS%202019/3514.pdf HTTP/1.0" 200 615472
172.22.2.4 - - [09/Jan/2024:16:39:49 -0500] "GET /BLA/boletinlegal/ HTTP/1.1" 200 58567
69.171.249.4 - - [09/Jan/2024:16:41:41 -0500] "GET /inicia-el-2024-conociendo-la-biodiversidad-de-bogoti.html HTTP/1.1" 200 894
201.245.192.253 - - [09/Jan/2024:16:41:46 -0500] "GET /sipsepre/faces/faces/autenticacion.xhtml HTTP/1.1" 200 12759
201.245.192.253 - - [09/Jan/2024:16:41:46 -0500] "GET /sipsepre/js/disable_browser_buttons.js HTTP/1.1" 200 3230
201.245.192.253 - - [09/Jan/2024:16:41:46 -0500] "GET /sipsepre/js/funciones.js HTTP/1.1" 200 12592
201.245.192.253 - - [09/Jan/2024:16:41:46 -0500] "GET /sipsepre/css/custom_css_sg.css HTTP/1.1" 200 9692
201.245.192.253 - - [09/Jan/2024:16:41:46 -0500] "GET /sipsepre/css/custom_css_sg_prime_login.css HTTP/1.1" 200 443
201.245.192.253 - - [09/Jan/2024:16:41:46 -0500] "GET /sipsepre/faces/javax.faces.resource/layout/layout.css;jsessionid=x8RfZExDrsDNFr5crdrEhqdn.undefined?ln=primefaces&v=4.0 HTTP/1.1" 200 542
201.245.192.253 - - [09/Jan/2024:16:41:46 -0500] "GET /sipsepre/faces/javax.faces.resource/primefaces.css;jsessionid=x8RfZExDrsDNFr5crdrEhqdn.undefined?ln=primefaces&v=4.0 HTTP/1.1" 200 53325
201.245.192.253 - - [09/Jan/2024:16:41:46 -0500] "GET /sipsepre/faces/javax.faces.resource/jquery/jquery.js;jsessionid=x8RfZExDrsDNFr5crdrEhqdn.undefined?ln=primefaces&v=4.0 HTTP/1.1" 200 105384
201.245.192.253 - - [09/Jan/2024:16:41:46 -0500] "GET /sipsepre/faces/javax.faces.resource/layout/layout.js;jsessionid=x8RfZExDrsDNFr5crdrEhqdn.undefined?ln=primefaces&v=4.0 HTTP/1.1" 200 87560
201.245.192.253 - - [09/Jan/2024:16:41:46 -0500] "GET /sipsepre/faces/javax.faces.resource/jquery/jquery-plugins.js;jsessionid=x8RfZExDrsDNFr5crdrEhqdn.undefined?ln=primefaces&v=4.0 HTTP/1.1" 200 220526
201.245.192.253 - - [09/Jan/2024:16:41:46 -0500] "GET /sipsepre/faces/javax.faces.resource/primefaces.js;jsessionid=x8RfZExDrsDNFr5crdrEhqdn.undefined?ln=primefaces&v=4.0 HTTP/1.1" 200 276924
201.245.192.253 - - [09/Jan/2024:16:41:46 -0500] "GET /sipsepre/faces/javax.faces.resource/theme.css?ln=primefaces-sipse HTTP/1.1" 200 50106
201.245.192.253 - - [09/Jan/2024:16:41:46 -0500] "GET /sipsepre/faces/javax.faces.resource/images/ui-icons_898989_256x240.png?ln=primefaces-aristo HTTP/1.1" 200 5355
201.245.192.253 - - [09/Jan/2024:16:41:46 -0500] "GET /sipsepre/css/imagen/loginimg.png HTTP/1.1" 200 71635
201.245.192.253 - - [09/Jan/2024:16:41:46 -0500] "GET /sipsepre/css/imagen/logoSDG.png HTTP/1.1" 200 53064
201.245.192.253 - - [09/Jan/2024:16:41:46 -0500] "GET /favicon.ico HTTP/1.1" 200 7782
201.245.192.253 - - [09/Jan/2024:16:41:46 -0500] "GET /sipsepre/faces/faces/index.xhtml HTTP/1.1" 200 680
201.245.192.253 - - [09/Jan/2024:16:41:46 -0500] "GET /sipsepre/faces/javax.faces.resource/theme.css?ln=primefaces-sipse HTTP/1.1" 304 -
201.245.192.253 - - [09/Jan/2024:16:41:46 -0500] "GET /sipsepre/faces/faces/faces/autenticacion.xhtml HTTP/1.1" 200 12437
201.245.192.253 - - [09/Jan/2024:16:41:46 -0500] "GET /sipsepre/faces/javax.faces.resource/theme.css?ln=primefaces-sipse HTTP/1.1" 304 -
201.245.192.253 - - [09/Jan/2024:16:41:46 -0500] "GET /sipsepre/faces/javax.faces.resource/layout/layout.css?ln=primefaces&v=4.0 HTTP/1.1" 200 542
201.245.192.253 - - [09/Jan/2024:16:41:46 -0500] "GET /sipsepre/faces/javax.faces.resource/jquery/jquery.js?ln=primefaces&v=4.0 HTTP/1.1" 304 -
201.245.192.253 - - [09/Jan/2024:16:41:46 -0500] "GET /sipsepre/faces/javax.faces.resource/jquery/jquery-plugins.js?ln=primefaces&v=4.0 HTTP/1.1" 304 -
201.245.192.253 - - [09/Jan/2024:16:41:46 -0500] "GET /sipsepre/faces/javax.faces.resource/primefaces.js?ln=primefaces&v=4.0 HTTP/1.1" 304 -
201.245.192.253 - - [09/Jan/2024:16:41:46 -0500] "GET /sipsepre/faces/javax.faces.resource/layout/layout.js?ln=primefaces&v=4.0 HTTP/1.1" 304 -
201.245.192.253 - - [09/Jan/2024:16:41:46 -0500] "GET /sipsepre/faces/javax.faces.resource/primefaces.css?ln=primefaces&v=4.0 HTTP/1.1" 200 53325
201.245.192.253 - - [09/Jan/2024:16:41:46 -0500] "GET /sipsepre/faces/javax.faces.resource/images/ui-icons_898989_256x240.png?ln=primefaces-aristo HTTP/1.1" 304 -
156.59.198.135 - - [09/Jan/2024:16:41:49 -0500] "GET /BLA/resoluciones/AUTOS%202019/4466.pdf HTTP/1.0" 200 644530
156.59.198.135 - - [09/Jan/2024:16:42:11 -0500] "GET /BLA/resoluciones/AUTOS%202019/4588.pdf HTTP/1.0" 200 344780
201.245.192.253 - - [09/Jan/2024:16:42:35 -0500] "POST /forms/lservlet;jsessionid=ac16012b30d6824570109c2143e1a1b38af06f99ab1f.e3iSbxaKaheRe34Rb3eTbx8LaNb0n6jAmljGr5XDqQLvpAe HTTP/1.1" 200 2
156.59.198.135 - - [09/Jan/2024:16:42:36 -0500] "GET /BLA/resoluciones/AUTOS%202019/2017.pdf HTTP/1.0" 200 339556
66.249.68.36 - - [09/Jan/2024:16:42:47 -0500] "GET /PDC/actos/1789.pdf HTTP/1.1" 200 1121404
156.59.198.136 - - [09/Jan/2024:16:43:16 -0500] "GET /BLA/resoluciones/AUTOS%202019/3218.pdf HTTP/1.0" 200 794575
156.59.198.136 - - [09/Jan/2024:16:43:25 -0500] "GET /BLA/resoluciones/AUTOS%202019/1052.pdf HTTP/1.0" 200 559624
201.245.192.253 - - [09/Jan/2024:16:43:35 -0500] "POST /kwsrmcab/Wsrmcab  HTTP/1.1" 200 36937
172.22.2.4 - - [09/Jan/2024:16:43:40 -0500] "GET /BLA/boletinlegal/actos.php HTTP/1.1" 200 9648
172.22.2.4 - - [09/Jan/2024:16:43:40 -0500] "GET /BLA/boletinlegal/styles2.css HTTP/1.1" 200 1838
172.22.2.4 - - [09/Jan/2024:16:43:40 -0500] "GET /BLA/boletinlegal/js/ajax_actos.js HTTP/1.1" 200 1322
172.22.2.4 - - [09/Jan/2024:16:43:40 -0500] "GET /BLA/boletinlegal/style.css HTTP/1.1" 200 9406
172.22.2.4 - - [09/Jan/2024:16:43:40 -0500] "GET /BLA/boletinlegal/niceforms-default.css HTTP/1.1" 200 6694
172.22.2.4 - - [09/Jan/2024:16:43:40 -0500] "GET /BLA/boletinlegal/niceforms.js HTTP/1.1" 200 22876
172.22.2.4 - - [09/Jan/2024:16:43:40 -0500] "GET /BLA/boletinlegal/js/lib.js HTTP/1.1" 200 6474
172.22.2.4 - - [09/Jan/2024:16:43:40 -0500] "GET /BLA/boletinlegal/js/popup.js HTTP/1.1" 200 1270
172.22.2.4 - - [09/Jan/2024:16:43:40 -0500] "GET /BLA/boletinlegal/js/jquery1.js HTTP/1.1" 200 29846
172.22.2.4 - - [09/Jan/2024:16:43:40 -0500] "GET /BLA/boletinlegal/images/cabezote%20BLEGAL.jpg HTTP/1.1" 200 118164
172.22.2.4 - - [09/Jan/2024:16:43:40 -0500] "GET /BLA/boletinlegal/images/subscribe-icon-big.png HTTP/1.1" 200 47702
172.22.2.4 - - [09/Jan/2024:16:43:40 -0500] "GET /BLA/boletinlegal/images/registro-usuarios.png HTTP/1.1" 200 8106
172.22.2.4 - - [09/Jan/2024:16:43:40 -0500] "GET /BLA/boletinlegal/images/historia.png HTTP/1.1" 200 52775
172.22.2.4 - - [09/Jan/2024:16:43:40 -0500] "GET /BLA/boletinlegal/images/green-yellow-blue-pink-th.png HTTP/1.1" 200 7394
172.22.2.4 - - [09/Jan/2024:16:43:40 -0500] "GET /BLA/boletinlegal/images/tel.png HTTP/1.1" 200 14477
172.22.2.4 - - [09/Jan/2024:16:43:40 -0500] "GET /BLA/boletinlegal/images/footer_bg.jpg HTTP/1.1" 200 586
172.22.2.4 - - [09/Jan/2024:16:43:40 -0500] "GET /BLA/boletinlegal/images/body_bg.jpg HTTP/1.1" 200 1601
172.22.2.4 - - [09/Jan/2024:16:43:40 -0500] "GET /BLA/boletinlegal/images/menu_rght.gif HTTP/1.1" 200 1627
172.22.2.4 - - [09/Jan/2024:16:43:40 -0500] "GET /BLA/boletinlegal/images/bg_top.jpg HTTP/1.1" 200 522
172.22.2.4 - - [09/Jan/2024:16:43:40 -0500] "GET /BLA/boletinlegal/images/menu_bg.jpg HTTP/1.1" 200 620
172.22.2.4 - - [09/Jan/2024:16:43:40 -0500] "GET /BLA/boletinlegal/images/hover.jpg HTTP/1.1" 200 640
172.22.2.4 - - [09/Jan/2024:16:43:40 -0500] "GET /BLA/boletinlegal/images/menu_lft.gif HTTP/1.1" 200 1713
172.22.2.4 - - [09/Jan/2024:16:43:40 -0500] "GET /BLA/boletinlegal/images/text.jpg HTTP/1.1" 200 568
172.22.2.4 - - [09/Jan/2024:16:43:40 -0500] "GET /BLA/boletinlegal/images/footer_bg_l.jpg HTTP/1.1" 200 776
172.22.2.4 - - [09/Jan/2024:16:43:40 -0500] "GET /BLA/boletinlegal/images/icono-email.png HTTP/1.1" 200 5544
172.22.2.4 - - [09/Jan/2024:16:43:41 -0500] "GET /BLA/boletinlegal/img/0.png HTTP/1.1" 200 110
172.22.2.4 - - [09/Jan/2024:16:43:41 -0500] "GET /BLA/boletinlegal/img/select-left.png HTTP/1.1" 200 263
172.22.2.4 - - [09/Jan/2024:16:43:41 -0500] "GET /BLA/boletinlegal/img/select-right.png HTTP/1.1" 200 44019
172.22.2.4 - - [09/Jan/2024:16:43:41 -0500] "GET /BLA/boletinlegal/img/button-left.png HTTP/1.1" 200 57071
172.22.2.4 - - [09/Jan/2024:16:43:41 -0500] "GET /BLA/boletinlegal/img/button.png HTTP/1.1" 200 43241
172.22.2.4 - - [09/Jan/2024:16:43:41 -0500] "GET /BLA/boletinlegal/img/button-right.png HTTP/1.1" 200 57878
172.22.2.4 - - [09/Jan/2024:16:43:41 -0500] "GET /BLA/boletinlegal/favicon.ico HTTP/1.1" 404 1326
191.95.50.90 - - [09/Jan/2024:16:43:48 -0500] "GET /BLA/resoluciones/dlf/styles.css HTTP/1.1" 200 3049
191.95.50.90 - - [09/Jan/2024:16:43:48 -0500] "GET /BLA/resoluciones/ HTTP/1.1" 200 13696
191.95.50.90 - - [09/Jan/2024:16:43:48 -0500] "GET /BLA/resoluciones/dlf/folder.png HTTP/1.1" 200 410
191.95.50.90 - - [09/Jan/2024:16:43:48 -0500] "GET /BLA/resoluciones/dlf/bg.gif HTTP/1.1" 200 54
191.95.50.90 - - [09/Jan/2024:16:43:48 -0500] "GET /favicon.ico HTTP/1.1" 200 7782
156.59.198.135 - - [09/Jan/2024:16:43:49 -0500] "GET /BLA/resoluciones/AUTOS%202019/2435.pdf HTTP/1.0" 200 917035
191.95.50.90 - - [09/Jan/2024:16:43:51 -0500] "GET /BLA/resoluciones/dlf/dirup.png HTTP/1.1" 200 644
191.95.50.90 - - [09/Jan/2024:16:43:51 -0500] "GET /BLA/resoluciones/dlf/pdf.gif HTTP/1.1" 200 272
191.95.50.90 - - [09/Jan/2024:16:43:52 -0500] "GET /BLA/resoluciones/dlf/archive.png HTTP/1.1" 200 632
191.95.50.90 - - [09/Jan/2024:16:43:51 -0500] "GET /BLA/resoluciones/index.php?dir=AUTOS+2022%2F HTTP/1.1" 200 509770
201.245.192.253 - - [09/Jan/2024:16:44:10 -0500] "GET /sipse/faces/index.xhtml HTTP/1.1" 200 677
201.245.192.253 - - [09/Jan/2024:16:44:10 -0500] "GET /sipse/faces/javax.faces.resource/theme.css?ln=primefaces-sipse HTTP/1.1" 304 -
201.245.192.253 - - [09/Jan/2024:16:44:10 -0500] "GET /sipse/faces/faces/autenticacion.xhtml HTTP/1.1" 200 12410
201.245.192.253 - - [09/Jan/2024:16:44:10 -0500] "GET /sipse/faces/javax.faces.resource/theme.css?ln=primefaces-sipse HTTP/1.1" 304 -
201.245.192.253 - - [09/Jan/2024:16:44:10 -0500] "GET /sipse/faces/javax.faces.resource/layout/layout.css?ln=primefaces&v=4.0 HTTP/1.1" 304 -
201.245.192.253 - - [09/Jan/2024:16:44:10 -0500] "GET /sipse/faces/javax.faces.resource/primefaces.css?ln=primefaces&v=4.0 HTTP/1.1" 304 -
201.245.192.253 - - [09/Jan/2024:16:44:10 -0500] "GET /sipse/faces/javax.faces.resource/primefaces.js?ln=primefaces&v=4.0 HTTP/1.1" 304 -
201.245.192.253 - - [09/Jan/2024:16:44:10 -0500] "GET /sipse/faces/javax.faces.resource/layout/layout.js?ln=primefaces&v=4.0 HTTP/1.1" 304 -
201.245.192.253 - - [09/Jan/2024:16:44:10 -0500] "GET /sipse/faces/javax.faces.resource/jquery/jquery.js?ln=primefaces&v=4.0 HTTP/1.1" 304 -
201.245.192.253 - - [09/Jan/2024:16:44:10 -0500] "GET /sipse/faces/javax.faces.resource/jquery/jquery-plugins.js?ln=primefaces&v=4.0 HTTP/1.1" 304 -
201.245.192.253 - - [09/Jan/2024:16:44:10 -0500] "GET /sipse/faces/javax.faces.resource/images/ui-icons_898989_256x240.png?ln=primefaces-aristo HTTP/1.1" 304 -
201.245.192.253 - - [09/Jan/2024:16:44:13 -0500] "POST /sipse/faces/autenticacion.xhtml HTTP/1.1" 200 2224
201.245.192.253 - - [09/Jan/2024:16:44:13 -0500] "GET /sipse/faces/javax.faces.resource/messages/messages.png?ln=primefaces&v=4.0 HTTP/1.1" 304 -
201.245.192.253 - - [09/Jan/2024:16:44:13 -0500] "POST /sipse/faces/autenticacion.xhtml HTTP/1.1" 200 16432
201.245.192.253 - - [09/Jan/2024:16:44:13 -0500] "GET /sipse/faces/javax.faces.resource/primefaces.css?ln=primefaces&v=4.0 HTTP/1.1" 304 -
201.245.192.253 - - [09/Jan/2024:16:44:13 -0500] "GET /sipse/faces/javax.faces.resource/layout/layout.css?ln=primefaces&v=4.0 HTTP/1.1" 304 -
201.245.192.253 - - [09/Jan/2024:16:44:13 -0500] "GET /sipse/faces/javax.faces.resource/theme.css?ln=primefaces-sipse HTTP/1.1" 304 -
201.245.192.253 - - [09/Jan/2024:16:44:13 -0500] "GET /sipse/faces/javax.faces.resource/jquery/jquery.js?ln=primefaces&v=4.0 HTTP/1.1" 304 -
201.245.192.253 - - [09/Jan/2024:16:44:13 -0500] "GET /sipse/faces/javax.faces.resource/jquery/jquery-plugins.js?ln=primefaces&v=4.0 HTTP/1.1" 304 -
201.245.192.253 - - [09/Jan/2024:16:44:13 -0500] "GET /sipse/faces/javax.faces.resource/primefaces.js?ln=primefaces&v=4.0 HTTP/1.1" 304 -
201.245.192.253 - - [09/Jan/2024:16:44:13 -0500] "GET /sipse/faces/javax.faces.resource/layout/layout.js?ln=primefaces&v=4.0 HTTP/1.1" 304 -
201.245.192.253 - - [09/Jan/2024:16:44:13 -0500] "GET /sipse/css/imagen/contrasena.png HTTP/1.1" 404 383
156.59.198.135 - - [09/Jan/2024:16:44:14 -0500] "GET /BLA/resoluciones/AUTOS%202019/1729.pdf HTTP/1.0" 200 8317767
201.245.192.253 - - [09/Jan/2024:16:44:15 -0500] "GET /sipse/faces/javax.faces.resource/images/ui-bg_flat_0_2d5972_40x100.png?ln=primefaces-aristo HTTP/1.1" 304 -
201.245.192.253 - - [09/Jan/2024:16:44:15 -0500] "POST /sipse/faces/bienvenido.xhtml HTTP/1.1" 200 2073
201.245.192.253 - - [09/Jan/2024:16:44:15 -0500] "POST /sipse/faces/bienvenido.xhtml HTTP/1.1" 200 39027
201.245.192.253 - - [09/Jan/2024:16:44:16 -0500] "GET /sipse/faces/javax.faces.resource/theme.css?ln=primefaces-sipse HTTP/1.1" 304 -
201.245.192.253 - - [09/Jan/2024:16:44:16 -0500] "GET /sipse/faces/javax.faces.resource/primefaces.css?ln=primefaces&v=4.0 HTTP/1.1" 304 -
201.245.192.253 - - [09/Jan/2024:16:44:16 -0500] "GET /sipse/faces/javax.faces.resource/layout/layout.css?ln=primefaces&v=4.0 HTTP/1.1" 304 -
201.245.192.253 - - [09/Jan/2024:16:44:16 -0500] "GET /sipse/faces/javax.faces.resource/jquery/jquery.js?ln=primefaces&v=4.0 HTTP/1.1" 304 -
201.245.192.253 - - [09/Jan/2024:16:44:16 -0500] "GET /sipse/faces/javax.faces.resource/jquery/jquery-plugins.js?ln=primefaces&v=4.0 HTTP/1.1" 304 -
201.245.192.253 - - [09/Jan/2024:16:44:16 -0500] "GET /sipse/faces/javax.faces.resource/primefaces.js?ln=primefaces&v=4.0 HTTP/1.1" 304 -
201.245.192.253 - - [09/Jan/2024:16:44:16 -0500] "GET /sipse/faces/javax.faces.resource/layout/layout.js?ln=primefaces&v=4.0 HTTP/1.1" 304 -
201.245.192.253 - - [09/Jan/2024:16:44:18 -0500] "POST /sipse/faces/presentacion/financiero/solicitudProceso/consultar.xhtml HTTP/1.1" 200 12784
201.245.192.253 - - [09/Jan/2024:16:44:20 -0500] "POST /sipse/faces/presentacion/financiero/solicitudProceso/consultar.xhtml HTTP/1.1" 200 120625
201.245.192.253 - - [09/Jan/2024:16:44:21 -0500] "GET /sipse/faces/javax.faces.resource/theme.css?ln=primefaces-sipse HTTP/1.1" 304 -
201.245.192.253 - - [09/Jan/2024:16:44:21 -0500] "GET /sipse/faces/javax.faces.resource/layout/layout.css?ln=primefaces&v=4.0 HTTP/1.1" 304 -
201.245.192.253 - - [09/Jan/2024:16:44:21 -0500] "GET /sipse/faces/javax.faces.resource/primefaces.css?ln=primefaces&v=4.0 HTTP/1.1" 304 -
201.245.192.253 - - [09/Jan/2024:16:44:21 -0500] "GET /sipse/faces/javax.faces.resource/jquery/jquery.js?ln=primefaces&v=4.0 HTTP/1.1" 304 -
201.245.192.253 - - [09/Jan/2024:16:44:21 -0500] "GET /sipse/faces/javax.faces.resource/jquery/jquery-plugins.js?ln=primefaces&v=4.0 HTTP/1.1" 304 -
201.245.192.253 - - [09/Jan/2024:16:44:21 -0500] "GET /sipse/faces/javax.faces.resource/primefaces.js?ln=primefaces&v=4.0 HTTP/1.1" 304 -
201.245.192.253 - - [09/Jan/2024:16:44:21 -0500] "GET /sipse/faces/javax.faces.resource/layout/layout.js?ln=primefaces&v=4.0 HTTP/1.1" 304 -
201.245.192.253 - - [09/Jan/2024:16:44:25 -0500] "POST /sipse/faces/presentacion/financiero/solicitudProceso/consultarSolicitudProceso.xhtml HTTP/1.1" 200 165021
201.245.192.253 - - [09/Jan/2024:16:44:35 -0500] "POST /forms/lservlet;jsessionid=ac16012b30d6824570109c2143e1a1b38af06f99ab1f.e3iSbxaKaheRe34Rb3eTbx8LaNb0n6jAmljGr5XDqQLvpAe HTTP/1.1" 200 2
201.245.192.253 - - [09/Jan/2024:16:44:37 -0500] "POST /sipse/faces/presentacion/financiero/solicitudProceso/consultarSolicitudProceso.xhtml HTTP/1.1" 200 23971
201.245.192.253 - - [09/Jan/2024:16:44:37 -0500] "GET /sipse/faces/javax.faces.resource/theme.css?ln=primefaces-sipse HTTP/1.1" 304 -
201.245.192.253 - - [09/Jan/2024:16:44:37 -0500] "GET /sipse/faces/javax.faces.resource/layout/layout.css?ln=primefaces&v=4.0 HTTP/1.1" 304 -
201.245.192.253 - - [09/Jan/2024:16:44:37 -0500] "GET /sipse/faces/javax.faces.resource/primefaces.css?ln=primefaces&v=4.0 HTTP/1.1" 304 -
201.245.192.253 - - [09/Jan/2024:16:44:37 -0500] "GET /sipse/faces/javax.faces.resource/jquery/jquery.js?ln=primefaces&v=4.0 HTTP/1.1" 304 -
201.245.192.253 - - [09/Jan/2024:16:44:37 -0500] "GET /sipse/faces/javax.faces.resource/jquery/jquery-plugins.js?ln=primefaces&v=4.0 HTTP/1.1" 304 -
201.245.192.253 - - [09/Jan/2024:16:44:37 -0500] "GET /sipse/faces/javax.faces.resource/primefaces.js?ln=primefaces&v=4.0 HTTP/1.1" 304 -
201.245.192.253 - - [09/Jan/2024:16:44:37 -0500] "GET /sipse/faces/javax.faces.resource/layout/layout.js?ln=primefaces&v=4.0 HTTP/1.1" 304 -
201.245.192.253 - - [09/Jan/2024:16:44:37 -0500] "GET /sipse/css/imagen/contrasena.png HTTP/1.1" 404 383
201.245.192.253 - - [09/Jan/2024:16:44:37 -0500] "POST /sipse/faces/presentacion/financiero/solicitudProceso/consultarSolicitudProceso.xhtml HTTP/1.1" 200 159077
156.59.198.136 - - [09/Jan/2024:16:44:38 -0500] "GET /BLA/resoluciones/AUTOS%202019/2277.pdf HTTP/1.0" 200 332582
201.245.192.253 - - [09/Jan/2024:16:44:38 -0500] "POST /sipse/faces/presentacion/financiero/solicitudProceso/asignarCargueContrato.xhtml HTTP/1.1" 200 59357
201.245.192.253 - - [09/Jan/2024:16:44:40 -0500] "GET /sipse/faces/javax.faces.resource/theme.css?ln=primefaces-sipse HTTP/1.1" 304 -
201.245.192.253 - - [09/Jan/2024:16:44:40 -0500] "GET /sipse/faces/javax.faces.resource/primefaces.css?ln=primefaces&v=4.0 HTTP/1.1" 304 -
201.245.192.253 - - [09/Jan/2024:16:44:40 -0500] "GET /sipse/faces/javax.faces.resource/layout/layout.css?ln=primefaces&v=4.0 HTTP/1.1" 304 -
201.245.192.253 - - [09/Jan/2024:16:44:40 -0500] "GET /sipse/faces/javax.faces.resource/jquery/jquery.js?ln=primefaces&v=4.0 HTTP/1.1" 304 -
201.245.192.253 - - [09/Jan/2024:16:44:40 -0500] "GET /sipse/faces/javax.faces.resource/jquery/jquery-plugins.js?ln=primefaces&v=4.0 HTTP/1.1" 304 -
201.245.192.253 - - [09/Jan/2024:16:44:40 -0500] "GET /sipse/faces/javax.faces.resource/primefaces.js?ln=primefaces&v=4.0 HTTP/1.1" 304 -
201.245.192.253 - - [09/Jan/2024:16:44:40 -0500] "GET /sipse/faces/javax.faces.resource/layout/layout.js?ln=primefaces&v=4.0 HTTP/1.1" 304 -
201.245.192.253 - - [09/Jan/2024:16:44:40 -0500] "POST /sipse/faces/presentacion/financiero/solicitudProceso/listarSolicitudProceso.xhtml HTTP/1.1" 200 1556
201.245.192.253 - - [09/Jan/2024:16:44:41 -0500] "POST /sipse/faces/presentacion/financiero/solicitudProceso/consultarSolicitudProceso.xhtml HTTP/1.1" 200 159077
201.245.192.253 - - [09/Jan/2024:16:44:49 -0500] "POST /sipse/faces/presentacion/financiero/solicitudProceso/listarSolicitudProceso.xhtml HTTP/1.1" 200 125100
201.245.192.253 - - [09/Jan/2024:16:44:49 -0500] "GET /sipse/faces/javax.faces.resource/primefaces.css?ln=primefaces&v=4.0 HTTP/1.1" 304 -
201.245.192.253 - - [09/Jan/2024:16:44:49 -0500] "GET /sipse/faces/javax.faces.resource/theme.css?ln=primefaces-sipse HTTP/1.1" 304 -
201.245.192.253 - - [09/Jan/2024:16:44:49 -0500] "GET /sipse/faces/javax.faces.resource/layout/layout.css?ln=primefaces&v=4.0 HTTP/1.1" 304 -
201.245.192.253 - - [09/Jan/2024:16:44:49 -0500] "GET /sipse/faces/javax.faces.resource/jquery/jquery.js?ln=primefaces&v=4.0 HTTP/1.1" 304 -
201.245.192.253 - - [09/Jan/2024:16:44:49 -0500] "GET /sipse/faces/javax.faces.resource/jquery/jquery-plugins.js?ln=primefaces&v=4.0 HTTP/1.1" 304 -
201.245.192.253 - - [09/Jan/2024:16:44:49 -0500] "GET /sipse/faces/javax.faces.resource/primefaces.js?ln=primefaces&v=4.0 HTTP/1.1" 304 -
201.245.192.253 - - [09/Jan/2024:16:44:49 -0500] "GET /sipse/faces/javax.faces.resource/layout/layout.js?ln=primefaces&v=4.0 HTTP/1.1" 304 -
201.245.192.253 - - [09/Jan/2024:16:44:52 -0500] "POST /sipse/faces/presentacion/financiero/solicitudProceso/consultarSolicitudProceso.xhtml HTTP/1.1" 200 41641
201.245.192.253 - - [09/Jan/2024:16:44:52 -0500] "GET /sipse/faces/javax.faces.resource/layout/layout.css?ln=primefaces&v=4.0 HTTP/1.1" 304 -
201.245.192.253 - - [09/Jan/2024:16:44:52 -0500] "GET /sipse/faces/javax.faces.resource/theme.css?ln=primefaces-sipse HTTP/1.1" 304 -
201.245.192.253 - - [09/Jan/2024:16:44:52 -0500] "GET /sipse/faces/javax.faces.resource/primefaces.css?ln=primefaces&v=4.0 HTTP/1.1" 304 -
201.245.192.253 - - [09/Jan/2024:16:44:52 -0500] "GET /sipse/faces/javax.faces.resource/jquery/jquery.js?ln=primefaces&v=4.0 HTTP/1.1" 304 -
201.245.192.253 - - [09/Jan/2024:16:44:52 -0500] "GET /sipse/faces/javax.faces.resource/jquery/jquery-plugins.js?ln=primefaces&v=4.0 HTTP/1.1" 304 -
201.245.192.253 - - [09/Jan/2024:16:44:52 -0500] "GET /sipse/faces/javax.faces.resource/primefaces.js?ln=primefaces&v=4.0 HTTP/1.1" 304 -
201.245.192.253 - - [09/Jan/2024:16:44:52 -0500] "GET /sipse/faces/javax.faces.resource/layout/layout.js?ln=primefaces&v=4.0 HTTP/1.1" 304 -
186.84.88.186 - - [09/Jan/2024:16:44:56 -0500] "GET /appsia/controladorvalid HTTP/1.1" 404 68
186.84.88.186 - - [09/Jan/2024:16:44:57 -0500] "GET /favicon.ico HTTP/1.1" 200 7782
156.59.198.135 - - [09/Jan/2024:16:45:01 -0500] "GET /BLA/resoluciones/AUTOS%202019/0329.pdf HTTP/1.0" 200 882224
146.190.107.60 - - [09/Jan/2024:16:45:18 -0500] "GET /BLA/resoluciones/RESOLUCIONES%202013/1197.pdf HTTP/1.1" 200 1787007
156.59.198.135 - - [09/Jan/2024:16:45:26 -0500] "GET /BLA/resoluciones/AUTOS%202019/3424.pdf HTTP/1.0" 200 390218
216.245.221.92 - - [09/Jan/2024:16:45:26 -0500] "HEAD / HTTP/1.1" 200 -
172.22.2.4 - - [09/Jan/2024:16:45:30 -0500] "GET /BLA/boletinlegal/.well-known/traffic-advice HTTP/1.1" 404 1038
172.22.2.4 - - [09/Jan/2024:16:45:30 -0500] "GET /BLA/boletinlegal/actos.php HTTP/1.1" 200 9648
186.84.88.186 - - [09/Jan/2024:16:45:32 -0500] "GET /appsia/controladorvalid HTTP/1.1" 404 68
172.22.2.4 - - [09/Jan/2024:16:45:36 -0500] "GET /BLA/boletinlegal/actos.php HTTP/1.1" 200 9648
172.22.2.4 - - [09/Jan/2024:16:45:36 -0500] "GET /BLA/boletinlegal/styles2.css HTTP/1.1" 200 1838
172.22.2.4 - - [09/Jan/2024:16:45:36 -0500] "GET /BLA/boletinlegal/js/ajax_actos.js HTTP/1.1" 200 1322
172.22.2.4 - - [09/Jan/2024:16:45:36 -0500] "GET /BLA/boletinlegal/niceforms-default.css HTTP/1.1" 200 6694
172.22.2.4 - - [09/Jan/2024:16:45:36 -0500] "GET /BLA/boletinlegal/style.css HTTP/1.1" 200 9406
172.22.2.4 - - [09/Jan/2024:16:45:36 -0500] "GET /BLA/boletinlegal/js/lib.js HTTP/1.1" 200 6474
172.22.2.4 - - [09/Jan/2024:16:45:36 -0500] "GET /BLA/boletinlegal/niceforms.js HTTP/1.1" 200 22876
172.22.2.4 - - [09/Jan/2024:16:45:36 -0500] "GET /BLA/boletinlegal/js/popup.js HTTP/1.1" 200 1270
172.22.2.4 - - [09/Jan/2024:16:45:36 -0500] "GET /BLA/boletinlegal/js/jquery1.js HTTP/1.1" 200 29846
172.22.2.4 - - [09/Jan/2024:16:45:36 -0500] "GET /BLA/boletinlegal/images/cabezote%20BLEGAL.jpg HTTP/1.1" 200 118164
172.22.2.4 - - [09/Jan/2024:16:45:37 -0500] "GET /BLA/boletinlegal/images/subscribe-icon-big.png HTTP/1.1" 200 47702
172.22.2.4 - - [09/Jan/2024:16:45:37 -0500] "GET /BLA/boletinlegal/images/registro-usuarios.png HTTP/1.1" 200 8106
172.22.2.4 - - [09/Jan/2024:16:45:37 -0500] "GET /BLA/boletinlegal/images/historia.png HTTP/1.1" 200 52775
172.22.2.4 - - [09/Jan/2024:16:45:37 -0500] "GET /BLA/boletinlegal/images/tel.png HTTP/1.1" 200 14477
172.22.2.4 - - [09/Jan/2024:16:45:37 -0500] "GET /BLA/boletinlegal/images/green-yellow-blue-pink-th.png HTTP/1.1" 200 7394
172.22.2.4 - - [09/Jan/2024:16:45:37 -0500] "GET /BLA/boletinlegal/images/icono-email.png HTTP/1.1" 200 5544
172.22.2.4 - - [09/Jan/2024:16:45:37 -0500] "GET /BLA/boletinlegal/images/body_bg.jpg HTTP/1.1" 200 1601
172.22.2.4 - - [09/Jan/2024:16:45:39 -0500] "GET /BLA/boletinlegal/images/menu_lft.gif HTTP/1.1" 200 1713
172.22.2.4 - - [09/Jan/2024:16:45:39 -0500] "GET /BLA/boletinlegal/images/menu_bg.jpg HTTP/1.1" 200 620
172.22.2.4 - - [09/Jan/2024:16:45:39 -0500] "GET /BLA/boletinlegal/images/footer_bg.jpg HTTP/1.1" 200 586
172.22.2.4 - - [09/Jan/2024:16:45:39 -0500] "GET /BLA/boletinlegal/images/menu_rght.gif HTTP/1.1" 200 1627
172.22.2.4 - - [09/Jan/2024:16:45:39 -0500] "GET /BLA/boletinlegal/images/text.jpg HTTP/1.1" 200 568
172.22.2.4 - - [09/Jan/2024:16:45:39 -0500] "GET /BLA/boletinlegal/images/bg_top.jpg HTTP/1.1" 200 522
172.22.2.4 - - [09/Jan/2024:16:45:39 -0500] "GET /BLA/boletinlegal/images/hover.jpg HTTP/1.1" 200 640
172.22.2.4 - - [09/Jan/2024:16:45:39 -0500] "GET /BLA/boletinlegal/images/footer_bg_l.jpg HTTP/1.1" 200 776
172.22.2.4 - - [09/Jan/2024:16:45:39 -0500] "GET /BLA/boletinlegal/img/select-left.png HTTP/1.1" 200 263
172.22.2.4 - - [09/Jan/2024:16:45:39 -0500] "GET /BLA/boletinlegal/img/0.png HTTP/1.1" 200 110
172.22.2.4 - - [09/Jan/2024:16:45:39 -0500] "GET /BLA/boletinlegal/img/select-right.png HTTP/1.1" 200 44019
172.22.2.4 - - [09/Jan/2024:16:45:39 -0500] "GET /BLA/boletinlegal/img/button-left.png HTTP/1.1" 200 57071
172.22.2.4 - - [09/Jan/2024:16:45:39 -0500] "GET /BLA/boletinlegal/img/button.png HTTP/1.1" 200 43241
172.22.2.4 - - [09/Jan/2024:16:45:39 -0500] "GET /BLA/boletinlegal/favicon.ico HTTP/1.1" 404 1326
172.22.2.4 - - [09/Jan/2024:16:45:39 -0500] "GET /BLA/boletinlegal/img/button-right.png HTTP/1.1" 200 57878
172.22.2.4 - - [09/Jan/2024:16:45:45 -0500] "GET /BLA/boletinlegal/consulta_actos.php?tipo=autos&no=&usuario=&sector=&fecha=2023&resuelve= HTTP/1.1" 200 1401877
172.22.2.4 - - [09/Jan/2024:16:45:47 -0500] "GET /BLA/boletinlegal/images/pdf.gif HTTP/1.1" 200 567
172.22.2.4 - - [09/Jan/2024:16:45:47 -0500] "GET /BLA/boletinlegal/images/background.gif HTTP/1.1" 200 -
156.59.198.135 - - [09/Jan/2024:16:45:50 -0500] "GET /BLA/resoluciones/AUTOS%202019/4476.pdf HTTP/1.0" 200 335594
172.22.2.4 - - [09/Jan/2024:16:45:31 -0500] "GET /BLA/boletinlegal/ HTTP/1.1" 200 24523
156.59.198.136 - - [09/Jan/2024:16:46:14 -0500] "GET /BLA/resoluciones/AUTOS%202019/4579.pdf HTTP/1.0" 200 411873
172.22.2.4 - - [09/Jan/2024:16:44:48 -0500] "HEAD /BLA/boletinlegal/ HTTP/1.1" 200 -
201.245.192.253 - - [09/Jan/2024:16:46:35 -0500] "POST /forms/lservlet;jsessionid=ac16012b30d6824570109c2143e1a1b38af06f99ab1f.e3iSbxaKaheRe34Rb3eTbx8LaNb0n6jAmljGr5XDqQLvpAe HTTP/1.1" 200 2
156.59.198.136 - - [09/Jan/2024:16:46:39 -0500] "GET /BLA/resoluciones/AUTOS%202019/4908.pdf HTTP/1.0" 200 404828
201.245.192.253 - - [09/Jan/2024:16:46:42 -0500] "POST /sipse/faces/presentacion/financiero/modificacionContrato/cargarModifiacion.xhtml HTTP/1.1" 200 125100
201.245.192.253 - - [09/Jan/2024:16:46:42 -0500] "GET /sipse/faces/javax.faces.resource/theme.css?ln=primefaces-sipse HTTP/1.1" 304 -
201.245.192.253 - - [09/Jan/2024:16:46:42 -0500] "GET /sipse/faces/javax.faces.resource/primefaces.css?ln=primefaces&v=4.0 HTTP/1.1" 304 -
201.245.192.253 - - [09/Jan/2024:16:46:42 -0500] "GET /sipse/faces/javax.faces.resource/layout/layout.css?ln=primefaces&v=4.0 HTTP/1.1" 304 -
201.245.192.253 - - [09/Jan/2024:16:46:42 -0500] "GET /sipse/faces/javax.faces.resource/jquery/jquery.js?ln=primefaces&v=4.0 HTTP/1.1" 304 -
201.245.192.253 - - [09/Jan/2024:16:46:42 -0500] "GET /sipse/faces/javax.faces.resource/jquery/jquery-plugins.js?ln=primefaces&v=4.0 HTTP/1.1" 304 -
201.245.192.253 - - [09/Jan/2024:16:46:42 -0500] "GET /sipse/faces/javax.faces.resource/primefaces.js?ln=primefaces&v=4.0 HTTP/1.1" 304 -
201.245.192.253 - - [09/Jan/2024:16:46:42 -0500] "GET /sipse/faces/javax.faces.resource/layout/layout.js?ln=primefaces&v=4.0 HTTP/1.1" 304 -
201.245.192.253 - - [09/Jan/2024:16:46:49 -0500] "POST /sipse/faces/presentacion/financiero/solicitudProceso/consultarSolicitudProceso.xhtml HTTP/1.1" 200 136616
172.22.2.4 - - [09/Jan/2024:16:46:52 -0500] "GET /BLA/boletinlegal/consulta_actos.php?tipo=resoluciones&no=&usuario=&sector=&fecha=2023&resuelve= HTTP/1.1" 200 422362
186.102.21.74 - - [09/Jan/2024:16:46:54 -0500] "-" 408 -
186.102.21.74 - - [09/Jan/2024:16:46:54 -0500] "-" 408 -
201.245.192.253 - - [09/Jan/2024:16:47:03 -0500] "POST /sipse/faces/presentacion/financiero/solicitudProceso/consultarSolicitudProceso.xhtml HTTP/1.1" 200 41641
201.245.192.253 - - [09/Jan/2024:16:47:03 -0500] "GET /sipse/faces/javax.faces.resource/theme.css?ln=primefaces-sipse HTTP/1.1" 304 -
201.245.192.253 - - [09/Jan/2024:16:47:03 -0500] "GET /sipse/faces/javax.faces.resource/primefaces.css?ln=primefaces&v=4.0 HTTP/1.1" 304 -
201.245.192.253 - - [09/Jan/2024:16:47:03 -0500] "GET /sipse/faces/javax.faces.resource/layout/layout.css?ln=primefaces&v=4.0 HTTP/1.1" 304 -
201.245.192.253 - - [09/Jan/2024:16:47:03 -0500] "GET /sipse/faces/javax.faces.resource/jquery/jquery.js?ln=primefaces&v=4.0 HTTP/1.1" 304 -
201.245.192.253 - - [09/Jan/2024:16:47:03 -0500] "GET /sipse/faces/javax.faces.resource/jquery/jquery-plugins.js?ln=primefaces&v=4.0 HTTP/1.1" 304 -
201.245.192.253 - - [09/Jan/2024:16:47:03 -0500] "GET /sipse/faces/javax.faces.resource/primefaces.js?ln=primefaces&v=4.0 HTTP/1.1" 304 -
201.245.192.253 - - [09/Jan/2024:16:47:03 -0500] "GET /sipse/faces/javax.faces.resource/layout/layout.js?ln=primefaces&v=4.0 HTTP/1.1" 304 -
156.59.198.136 - - [09/Jan/2024:16:47:04 -0500] "GET /BLA/resoluciones/AUTOS%202019/2756.pdf HTTP/1.0" 200 683194
172.22.2.4 - - [09/Jan/2024:16:45:39 -0500] "GET /BLA/boletinlegal/ HTTP/1.1" 200 57683
156.59.198.135 - - [09/Jan/2024:16:47:28 -0500] "GET /BLA/resoluciones/AUTOS%202019/4477.pdf HTTP/1.0" 200 471233
66.249.68.38 - - [09/Jan/2024:16:47:30 -0500] "GET /BLA/resoluciones/RESOLUCIONES%202007/RES%202007%202801%20AL%202900/RESOLUCION%202834%20DE%202007.pdf HTTP/1.1" 200 114978
186.84.88.186 - - [09/Jan/2024:16:47:33 -0500] "GET /appsia/controlador HTTP/1.1" 200 4799
186.84.88.186 - - [09/Jan/2024:16:47:33 -0500] "GET /appsia/css/estilos.css HTTP/1.1" 200 4804
186.84.88.186 - - [09/Jan/2024:16:47:33 -0500] "GET /appsia/scripts/validarIngreso.js HTTP/1.1" 200 851
186.84.88.186 - - [09/Jan/2024:16:47:33 -0500] "GET /appsia/images/logo_bogota_p.png HTTP/1.1" 200 14951
186.84.88.186 - - [09/Jan/2024:16:47:33 -0500] "GET /appsia/images/cabezoteHojaVida.png HTTP/1.1" 200 32493
156.59.198.135 - - [09/Jan/2024:16:47:54 -0500] "GET /BLA/resoluciones/AUTOS%202019/3515.pdf HTTP/1.0" 200 337534
201.245.192.253 - - [09/Jan/2024:16:48:02 -0500] "POST /sipse/faces/presentacion/financiero/modificacionContrato/cargarModifiacion.xhtml HTTP/1.1" 200 128235
201.245.192.253 - - [09/Jan/2024:16:48:02 -0500] "GET /sipse/faces/javax.faces.resource/theme.css?ln=primefaces-sipse HTTP/1.1" 304 -
201.245.192.253 - - [09/Jan/2024:16:48:02 -0500] "GET /sipse/faces/javax.faces.resource/layout/layout.css?ln=primefaces&v=4.0 HTTP/1.1" 304 -
201.245.192.253 - - [09/Jan/2024:16:48:02 -0500] "GET /sipse/faces/javax.faces.resource/primefaces.css?ln=primefaces&v=4.0 HTTP/1.1" 304 -
201.245.192.253 - - [09/Jan/2024:16:48:02 -0500] "GET /sipse/faces/javax.faces.resource/jquery/jquery.js?ln=primefaces&v=4.0 HTTP/1.1" 304 -
201.245.192.253 - - [09/Jan/2024:16:48:02 -0500] "GET /sipse/faces/javax.faces.resource/jquery/jquery-plugins.js?ln=primefaces&v=4.0 HTTP/1.1" 304 -
201.245.192.253 - - [09/Jan/2024:16:48:02 -0500] "GET /sipse/faces/javax.faces.resource/primefaces.js?ln=primefaces&v=4.0 HTTP/1.1" 304 -
201.245.192.253 - - [09/Jan/2024:16:48:02 -0500] "GET /sipse/faces/javax.faces.resource/layout/layout.js?ln=primefaces&v=4.0 HTTP/1.1" 304 -
201.245.192.253 - - [09/Jan/2024:16:48:05 -0500] "POST /sipse/faces/presentacion/financiero/solicitudProceso/consultarSolicitudProceso.xhtml HTTP/1.1" 200 56364
201.245.192.253 - - [09/Jan/2024:16:48:06 -0500] "GET /sipse/faces/javax.faces.resource/theme.css?ln=primefaces-sipse HTTP/1.1" 304 -
201.245.192.253 - - [09/Jan/2024:16:48:06 -0500] "GET /sipse/faces/javax.faces.resource/primefaces.css?ln=primefaces&v=4.0 HTTP/1.1" 304 -
201.245.192.253 - - [09/Jan/2024:16:48:06 -0500] "GET /sipse/faces/javax.faces.resource/layout/layout.css?ln=primefaces&v=4.0 HTTP/1.1" 304 -
201.245.192.253 - - [09/Jan/2024:16:48:06 -0500] "GET /sipse/faces/javax.faces.resource/jquery/jquery.js?ln=primefaces&v=4.0 HTTP/1.1" 304 -
201.245.192.253 - - [09/Jan/2024:16:48:06 -0500] "GET /sipse/faces/javax.faces.resource/jquery/jquery-plugins.js?ln=primefaces&v=4.0 HTTP/1.1" 304 -
201.245.192.253 - - [09/Jan/2024:16:48:07 -0500] "GET /sipse/faces/javax.faces.resource/primefaces.js?ln=primefaces&v=4.0 HTTP/1.1" 304 -
201.245.192.253 - - [09/Jan/2024:16:48:07 -0500] "GET /sipse/faces/javax.faces.resource/layout/layout.js?ln=primefaces&v=4.0 HTTP/1.1" 304 -
201.245.192.253 - - [09/Jan/2024:16:48:07 -0500] "POST /sipse/faces/presentacion/financiero/solicitudProceso/listarSolicitudProceso.xhtml HTTP/1.1" 200 1536
186.84.88.186 - - [09/Jan/2024:16:48:13 -0500] "POST /appsia/controlador HTTP/1.1" 200 5437
186.84.88.186 - - [09/Jan/2024:16:48:18 -0500] "POST /appsia/controlador HTTP/1.1" 200 8669
186.84.88.186 - - [09/Jan/2024:16:48:18 -0500] "GET /appsia/images/logo_escudo.png HTTP/1.1" 200 36965
156.59.198.136 - - [09/Jan/2024:16:48:19 -0500] "GET /BLA/resoluciones/AUTOS%202019/0492.pdf HTTP/1.0" 200 431551
199.16.157.181 - - [09/Jan/2024:16:48:24 -0500] "GET /images/prendas-1_optimized.jpeg HTTP/1.1" 200 65869
201.245.192.253 - - [09/Jan/2024:16:48:35 -0500] "POST /forms/lservlet;jsessionid=ac16012b30d6824570109c2143e1a1b38af06f99ab1f.e3iSbxaKaheRe34Rb3eTbx8LaNb0n6jAmljGr5XDqQLvpAe HTTP/1.1" 200 2
201.245.192.253 - - [09/Jan/2024:16:48:34 -0500] "POST /kwsrmcab/Wsrmcab  HTTP/1.1" 200 36937
186.84.88.186 - - [09/Jan/2024:16:48:41 -0500] "POST /appsia/controlador HTTP/1.1" 200 5437
156.59.198.136 - - [09/Jan/2024:16:48:44 -0500] "GET /BLA/resoluciones/AUTOS%202019/3328.pdf HTTP/1.0" 200 640311
52.167.144.210 - - [09/Jan/2024:16:48:54 -0500] "GET / HTTP/1.1" 200 4720
20.110.58.60 - - [09/Jan/2024:16:48:55 -0500] "GET / HTTP/1.1" 200 4720
52.167.144.224 - - [09/Jan/2024:16:48:55 -0500] "GET /favicon.ico HTTP/1.1" 404 1034
20.110.58.60 - - [09/Jan/2024:16:48:56 -0500] "GET /favicon.ico HTTP/1.1" 404 1034
52.167.144.210 - - [09/Jan/2024:16:48:56 -0500] "GET / HTTP/1.1" 200 4720
20.110.58.60 - - [09/Jan/2024:16:48:57 -0500] "GET / HTTP/1.1" 200 4720
52.167.144.224 - - [09/Jan/2024:16:48:57 -0500] "GET /favicon.ico HTTP/1.1" 404 1034
186.84.88.186 - - [09/Jan/2024:16:48:59 -0500] "POST /appsia/controlador HTTP/1.1" 200 3238
186.84.88.186 - - [09/Jan/2024:16:48:59 -0500] "GET /appsia/jscripts/validarSolicitud.js HTTP/1.1" 404 68
186.84.88.186 - - [09/Jan/2024:16:49:02 -0500] "POST /appsia/controlador HTTP/1.1" 200 5437
186.84.88.186 - - [09/Jan/2024:16:49:04 -0500] "POST /appsia/controlador HTTP/1.1" 200 8669
156.59.198.136 - - [09/Jan/2024:16:49:08 -0500] "GET /BLA/resoluciones/AUTOS%202019/4521.pdf HTTP/1.0" 200 2151978
216.244.66.195 - - [09/Jan/2024:16:49:16 -0500] "GET /BLA/resoluciones/AUTOS%202015/3446.pdf HTTP/1.1" 200 504410
156.59.198.135 - - [09/Jan/2024:16:49:32 -0500] "GET /BLA/resoluciones/AUTOS%202019/1537.pdf HTTP/1.0" 200 8499597
156.59.198.136 - - [09/Jan/2024:16:49:57 -0500] "GET /BLA/resoluciones/AUTOS%202019/2461.pdf HTTP/1.0" 200 552868
199.16.157.180 - - [09/Jan/2024:16:50:07 -0500] "GET /images/presentaci%C3%B3n%20convenci%C3%B3n.jpg HTTP/1.1" 404 1034
66.249.68.36 - - [09/Jan/2024:16:50:17 -0500] "GET /resoluciones/RESOLUCIONES%202007/RES%202007%20101%20AL%20200/RESOLUCION%200110%20%20DE%202007.pdf HTTP/1.1" 404 1018
181.48.254.132 - - [09/Jan/2024:16:50:18 -0500] "-" 408 -
181.48.254.132 - - [09/Jan/2024:16:50:19 -0500] "-" 408 -
156.59.198.136 - - [09/Jan/2024:16:50:25 -0500] "GET /BLA/resoluciones/AUTOS%202019/4601.pdf HTTP/1.0" 200 500625
216.245.221.92 - - [09/Jan/2024:16:50:26 -0500] "HEAD / HTTP/1.1" 200 -
66.249.68.36 - - [09/Jan/2024:16:50:33 -0500] "GET /Publicaciones/2023EE49035.pdf HTTP/1.1" 404 227
201.245.192.253 - - [09/Jan/2024:16:50:35 -0500] "POST /forms/lservlet;jsessionid=ac16012b30d6824570109c2143e1a1b38af06f99ab1f.e3iSbxaKaheRe34Rb3eTbx8LaNb0n6jAmljGr5XDqQLvpAe HTTP/1.1" 200 2
200.119.39.203 - - [09/Jan/2024:16:50:35 -0500] "GET /inicia-el-2024-conociendo-la-biodiversidad-de-bogoti.html?fbclid=IwAR2__8_X_8k0XYAQkqHA14RHbsrcOpFIuHwp84TP1iaZtWCtGWASDkwA7co HTTP/1.1" 200 894
156.59.198.136 - - [09/Jan/2024:16:50:47 -0500] "GET /BLA/resoluciones/AUTOS%202019/3060.pdf HTTP/1.0" 200 375812
172.22.2.4 - - [09/Jan/2024:16:50:52 -0500] "GET /BLA/boletinlegal/actos.php HTTP/1.1" 200 9648
172.22.2.4 - - [09/Jan/2024:16:50:52 -0500] "GET /BLA/boletinlegal/js/lib.js HTTP/1.1" 200 6474
172.22.2.4 - - [09/Jan/2024:16:50:52 -0500] "GET /BLA/boletinlegal/img/select-left.png HTTP/1.1" 200 263
172.22.2.4 - - [09/Jan/2024:16:50:52 -0500] "GET /BLA/boletinlegal/img/button-right.png HTTP/1.1" 200 57878
216.244.66.195 - - [09/Jan/2024:16:50:52 -0500] "GET /BLA/resoluciones/RESOLUCIONES%202017/2701.pdf HTTP/1.1" 200 279095
216.244.66.195 - - [09/Jan/2024:16:51:03 -0500] "GET /BLA/resoluciones/RESOLUCIONES%202019/2030.pdf HTTP/1.1" 200 256334
186.102.21.74 - - [09/Jan/2024:16:51:06 -0500] "-" 408 -
172.22.2.4 - - [09/Jan/2024:16:51:09 -0500] "GET /BLA/boletinlegal/consulta_actos.php?tipo=resoluciones&no=&usuario=&sector=&fecha=2022&resuelve= HTTP/1.1" 200 4994603
156.59.198.135 - - [09/Jan/2024:16:51:11 -0500] "GET /BLA/resoluciones/AUTOS%202019/3429.pdf HTTP/1.0" 200 387630
216.244.66.195 - - [09/Jan/2024:16:51:14 -0500] "GET /BLA/resoluciones/RESOLUCIONES%202019/2349.pdf HTTP/1.1" 200 332418
172.22.2.4 - - [09/Jan/2024:16:50:46 -0500] "GET /BLA/boletinlegal/ HTTP/1.1" 200 24523
216.244.66.195 - - [09/Jan/2024:16:51:32 -0500] "GET /BLA/resoluciones/RESOLUCIONES%202019/2589.pdf HTTP/1.1" 200 250827
156.59.198.136 - - [09/Jan/2024:16:51:35 -0500] "GET /BLA/resoluciones/AUTOS%202019/4491.pdf HTTP/1.0" 200 629597
156.59.198.135 - - [09/Jan/2024:16:52:01 -0500] "GET /BLA/resoluciones/AUTOS%202019/3137.pdf HTTP/1.0" 200 804622
172.22.2.4 - - [09/Jan/2024:16:50:38 -0500] "HEAD /BLA/boletinlegal/ HTTP/1.1" 200 -
156.59.198.136 - - [09/Jan/2024:16:52:25 -0500] "GET /BLA/resoluciones/AUTOS%202019/0312.pdf HTTP/1.0" 200 843291
156.59.198.136 - - [09/Jan/2024:16:52:49 -0500] "GET /BLA/resoluciones/AUTOS%202019/4808.pdf HTTP/1.0" 200 992272
172.22.2.4 - - [09/Jan/2024:16:51:29 -0500] "GET /BLA/boletinlegal/ HTTP/1.1" 200 58969
156.59.198.136 - - [09/Jan/2024:16:53:13 -0500] "GET /BLA/resoluciones/AUTOS%202019/4547.pdf HTTP/1.0" 200 356706
201.245.192.253 - - [09/Jan/2024:16:53:32 -0500] "POST /kwsrmcab/Wsrmcab  HTTP/1.1" 200 36937
156.59.198.135 - - [09/Jan/2024:16:53:37 -0500] "GET /BLA/resoluciones/AUTOS%202019/3518.pdf HTTP/1.0" 200 332833
156.59.198.136 - - [09/Jan/2024:16:54:02 -0500] "GET /BLA/resoluciones/AUTOS%202019/4506.pdf HTTP/1.0" 200 4917913
201.245.192.253 - - [09/Jan/2024:16:54:07 -0500] "POST /sipse/faces/presentacion/financiero/solicitudProceso/consultarSolicitudProceso.xhtml HTTP/1.1" 302 -
201.245.192.253 - - [09/Jan/2024:16:54:07 -0500] "GET /sipse/faces/javax.faces.resource/images/ui-bg_flat_0_2d5972_40x100.png?ln=primefaces-aristo HTTP/1.1" 304 -
201.245.192.253 - - [09/Jan/2024:16:54:07 -0500] "GET /sipse/faces/autenticacion.xhtml HTTP/1.1" 200 1099
201.245.192.253 - - [09/Jan/2024:16:54:07 -0500] "POST /sipse/faces/presentacion/financiero/solicitudProceso/consultarSolicitudProceso.xhtml HTTP/1.1" 302 -
201.245.192.253 - - [09/Jan/2024:16:54:08 -0500] "GET /sipse/faces/autenticacion.xhtml HTTP/1.1" 200 1099
201.245.192.253 - - [09/Jan/2024:16:54:09 -0500] "POST /sipse/faces/presentacion/financiero/solicitudProceso/consultarSolicitudProceso.xhtml HTTP/1.1" 302 -
201.245.192.253 - - [09/Jan/2024:16:54:09 -0500] "GET /sipse/faces/autenticacion.xhtml HTTP/1.1" 200 1099
201.245.192.253 - - [09/Jan/2024:16:54:09 -0500] "POST /sipse/faces/presentacion/financiero/solicitudProceso/consultarSolicitudProceso.xhtml HTTP/1.1" 302 -
201.245.192.253 - - [09/Jan/2024:16:54:09 -0500] "GET /sipse/faces/autenticacion.xhtml HTTP/1.1" 200 1099
201.245.192.253 - - [09/Jan/2024:16:54:11 -0500] "POST /sipse/faces/presentacion/financiero/solicitudProceso/consultarSolicitudProceso.xhtml HTTP/1.1" 302 -
201.245.192.253 - - [09/Jan/2024:16:54:11 -0500] "GET /sipse/faces/autenticacion.xhtml HTTP/1.1" 200 1099
201.245.192.253 - - [09/Jan/2024:16:54:11 -0500] "POST /sipse/faces/presentacion/financiero/solicitudProceso/consultarSolicitudProceso.xhtml HTTP/1.1" 302 -
201.245.192.253 - - [09/Jan/2024:16:54:11 -0500] "GET /sipse/faces/autenticacion.xhtml HTTP/1.1" 200 1099
201.245.192.253 - - [09/Jan/2024:16:54:13 -0500] "POST /sipse/faces/presentacion/financiero/solicitudProceso/consultarSolicitudProceso.xhtml HTTP/1.1" 302 -
201.245.192.253 - - [09/Jan/2024:16:54:13 -0500] "GET /sipse/faces/autenticacion.xhtml HTTP/1.1" 200 1099
201.245.192.253 - - [09/Jan/2024:16:54:13 -0500] "POST /sipse/faces/presentacion/financiero/solicitudProceso/consultarSolicitudProceso.xhtml HTTP/1.1" 302 -
201.245.192.253 - - [09/Jan/2024:16:54:13 -0500] "GET /sipse/faces/autenticacion.xhtml HTTP/1.1" 200 1099
172.22.2.4 - - [09/Jan/2024:16:54:13 -0500] "GET /BLA/boletinlegal/robots.txt HTTP/1.1" 404 1038
