201.245.192.253 - - [09/Jan/2024:01:29:15 -0500] "POST /kwsrmcab/Wsrmcab HTTP/1.1" 200 36639
156.59.198.136 - - [09/Jan/2024:01:29:36 -0500] "GET /BLA/resoluciones/AUTOS%202023/3895.pdf HTTP/1.0" 200 969072
201.245.192.253 - - [09/Jan/2024:01:29:56 -0500] "POST /kwsrmcab/Wsrmcab HTTP/1.1" 200 36793
156.59.198.136 - - [09/Jan/2024:01:30:01 -0500] "GET /BLA/resoluciones/Notificaciones/AUTOS%202014/6281.doc HTTP/1.0" 200 154624
156.59.198.135 - - [09/Jan/2024:01:30:25 -0500] "GET /BLA/resoluciones/AUTOS%202023/1389.pdf HTTP/1.0" 200 415194
172.22.2.4 - - [09/Jan/2024:01:28:48 -0500] "HEAD /BLA/boletinlegal/ HTTP/1.1" 200 -
216.245.221.92 - - [09/Jan/2024:01:30:29 -0500] "HEAD / HTTP/1.1" 200 -
156.59.198.136 - - [09/Jan/2024:01:30:50 -0500] "GET /BLA/resoluciones/AUTOS%202023/2845.pdf HTTP/1.0" 200 601055
201.245.192.253 - - [09/Jan/2024:01:30:51 -0500] "POST /kwsrmcab/Wsrmcab  HTTP/1.1" 200 36937
156.59.198.136 - - [09/Jan/2024:01:31:14 -0500] "GET /BLA/resoluciones/Notificaciones/AUTOS%202014/1694.doc HTTP/1.0" 200 232448
172.22.2.4 - - [09/Jan/2024:01:29:38 -0500] "GET /BLA/boletinlegal/ HTTP/1.1" 200 60502
152.61.128.50 - - [09/Jan/2024:01:31:19 -0500] "GET / HTTP/1.1" 200 319
156.59.198.136 - - [09/Jan/2024:01:31:40 -0500] "GET /BLA/resoluciones/RESOLUCIONES%202019/2115.pdf HTTP/1.0" 200 282572
66.249.66.194 - - [09/Jan/2024:01:31:55 -0500] "GET /mas-de- HTTP/1.1" 404 1034
156.59.198.136 - - [09/Jan/2024:01:32:03 -0500] "GET /BLA/resoluciones/RESOLUCIONES%202019/3769.pdf HTTP/1.0" 200 355849
156.59.198.136 - - [09/Jan/2024:01:32:30 -0500] "GET /BLA/resoluciones/AUTOS%202023/1551.pdf HTTP/1.0" 200 422004
156.59.198.135 - - [09/Jan/2024:01:32:55 -0500] "GET /BLA/resoluciones/AUTOS%202023/3091.pdf HTTP/1.0" 200 1056467
156.59.198.136 - - [09/Jan/2024:01:33:18 -0500] "GET /BLA/resoluciones/Notificaciones/AUTOS%202014/4345.doc HTTP/1.0" 200 96256
156.59.198.135 - - [09/Jan/2024:01:33:42 -0500] "GET /BLA/resoluciones/AUTOS%202023/5814.pdf HTTP/1.0" 200 425393
17.241.75.27 - - [09/Jan/2024:01:34:02 -0500] "GET /robots.txt HTTP/1.1" 404 1034
17.241.75.27 - - [09/Jan/2024:01:34:02 -0500] "GET /cuales-son-las-senales-para-identificar-un-arbol-en-riesgo-de-caida-en-bogota.html HTTP/1.1" 200 863
156.59.198.136 - - [09/Jan/2024:01:34:07 -0500] "GET /BLA/resoluciones/AUTOS%202023/1642.pdf HTTP/1.0" 200 1903631
156.59.198.136 - - [09/Jan/2024:01:34:31 -0500] "GET /BLA/resoluciones/Notificaciones/AUTOS%202014/4724.doc HTTP/1.0" 200 99328
156.59.198.135 - - [09/Jan/2024:01:34:56 -0500] "GET /BLA/resoluciones/AUTOS%202023/5858.pdf HTTP/1.0" 200 426738
201.245.192.253 - - [09/Jan/2024:01:35:01 -0500] "POST /kwsrmcab/Wsrmcab HTTP/1.1" 503 1020
201.245.192.253 - - [09/Jan/2024:01:35:02 -0500] "POST /kwsrmcab/Wsrmcab HTTP/1.1" 503 1020
156.59.198.135 - - [09/Jan/2024:01:35:20 -0500] "GET /BLA/resoluciones/RESOLUCIONES%202019/1661.pdf HTTP/1.0" 200 343840
216.245.221.92 - - [09/Jan/2024:01:35:29 -0500] "HEAD / HTTP/1.1" 200 -
156.59.198.136 - - [09/Jan/2024:01:35:44 -0500] "GET /BLA/resoluciones/AUTOS%202023/3245.pdf HTTP/1.0" 200 807479
201.245.192.253 - - [09/Jan/2024:01:35:50 -0500] "POST /kwsrmcab/Wsrmcab  HTTP/1.1" 503 1020
156.59.198.135 - - [09/Jan/2024:01:36:09 -0500] "GET /BLA/resoluciones/RESOLUCIONES%202019/3416.pdf HTTP/1.0" 200 294654
172.22.2.4 - - [09/Jan/2024:01:34:38 -0500] "HEAD /BLA/boletinlegal/ HTTP/1.1" 200 -
156.59.198.135 - - [09/Jan/2024:01:36:33 -0500] "GET /BLA/resoluciones/RESOLUCIONES%202019/3064.pdf HTTP/1.0" 200 263401
201.245.192.253 - - [09/Jan/2024:01:36:48 -0500] "POST /kwsrmcab/Wsrmcab  HTTP/1.1" 200 36937
156.59.198.135 - - [09/Jan/2024:01:36:57 -0500] "GET /BLA/resoluciones/AUTOS%202023/1904.pdf HTTP/1.0" 200 506438
172.22.2.4 - - [09/Jan/2024:01:35:28 -0500] "GET /BLA/boletinlegal/ HTTP/1.1" 200 60910
156.59.198.135 - - [09/Jan/2024:01:37:22 -0500] "GET /BLA/resoluciones/AUTOS%202023/1268.pdf HTTP/1.0" 200 2648776
156.59.198.136 - - [09/Jan/2024:01:37:46 -0500] "GET /BLA/resoluciones/AUTOS%202023/1724.pdf HTTP/1.0" 200 1239300
201.245.192.253 - - [09/Jan/2024:01:37:49 -0500] "POST /kwsrmcab/Wsrmcab  HTTP/1.1" 200 36937
156.59.198.135 - - [09/Jan/2024:01:38:11 -0500] "GET /BLA/resoluciones/RESOLUCIONES%202019/2373.pdf HTTP/1.0" 200 285065
156.59.198.136 - - [09/Jan/2024:01:38:34 -0500] "GET /BLA/resoluciones/Notificaciones/AUTOS%202014/2429.doc HTTP/1.0" 200 230912
156.59.198.136 - - [09/Jan/2024:01:38:59 -0500] "GET /BLA/resoluciones/AUTOS%202023/2877.pdf HTTP/1.0" 200 1435671
201.245.192.253 - - [09/Jan/2024:01:39:15 -0500] "POST /kwsrmcab/Wsrmcab HTTP/1.1" 200 36639
156.59.198.135 - - [09/Jan/2024:01:39:25 -0500] "GET /BLA/resoluciones/RESOLUCIONES%202019/3729.pdf HTTP/1.0" 200 802225
156.59.198.136 - - [09/Jan/2024:01:39:48 -0500] "GET /BLA/resoluciones/AUTOS%202023/0229.pdf HTTP/1.0" 200 439180
201.245.192.253 - - [09/Jan/2024:01:39:56 -0500] "POST /kwsrmcab/Wsrmcab HTTP/1.1" 200 36793
156.59.198.136 - - [09/Jan/2024:01:40:13 -0500] "GET /BLA/resoluciones/AUTOS%202023/6699.pdf HTTP/1.0" 200 513422
216.245.221.92 - - [09/Jan/2024:01:40:29 -0500] "HEAD / HTTP/1.1" 200 -
156.59.198.136 - - [09/Jan/2024:01:40:37 -0500] "GET /BLA/resoluciones/AUTOS%202023/2065.pdf HTTP/1.0" 200 352235
156.59.198.135 - - [09/Jan/2024:01:41:01 -0500] "GET /BLA/resoluciones/AUTOS%202023/02726.pdf HTTP/1.0" 200 1068374
156.59.198.136 - - [09/Jan/2024:01:41:26 -0500] "GET /BLA/resoluciones/RESOLUCIONES%202019/3217.pdf HTTP/1.0" 200 404712
156.59.198.135 - - [09/Jan/2024:01:41:50 -0500] "GET /BLA/resoluciones/AUTOS%202023/9499.pdf HTTP/1.0" 200 513319
172.22.2.4 - - [09/Jan/2024:01:40:28 -0500] "HEAD /BLA/boletinlegal/ HTTP/1.1" 200 -
156.59.198.135 - - [09/Jan/2024:01:42:16 -0500] "GET /BLA/resoluciones/Notificaciones/AUTOS%202014/3905.doc HTTP/1.0" 200 200704
156.59.198.135 - - [09/Jan/2024:01:42:40 -0500] "GET /BLA/resoluciones/Notificaciones/AUTOS%202014/0916.doc HTTP/1.0" 200 229888
201.245.192.253 - - [09/Jan/2024:01:42:47 -0500] "POST /kwsrmcab/Wsrmcab  HTTP/1.1" 200 36937
172.22.2.4 - - [09/Jan/2024:01:41:18 -0500] "GET /BLA/boletinlegal/ HTTP/1.1" 200 58172
156.59.198.136 - - [09/Jan/2024:01:43:04 -0500] "GET /BLA/resoluciones/AUTOS%202023/4164.pdf HTTP/1.0" 200 434607
156.59.198.135 - - [09/Jan/2024:01:43:30 -0500] "GET /BLA/resoluciones/AUTOS%202023/7356.pdf HTTP/1.0" 200 330595
156.59.198.135 - - [09/Jan/2024:01:43:54 -0500] "GET /BLA/resoluciones/RESOLUCIONES%202019/0347.pdf HTTP/1.0" 200 311293
40.77.167.132 - - [09/Jan/2024:01:43:58 -0500] "GET /BLA/resoluciones/RESOLUCIONES%202021/3917.pdf HTTP/1.1" 200 339415
156.59.198.135 - - [09/Jan/2024:01:44:19 -0500] "GET /BLA/resoluciones/AUTOS%202023/1740.pdf HTTP/1.0" 200 438413
156.59.198.136 - - [09/Jan/2024:01:44:44 -0500] "GET /BLA/resoluciones/AUTOS%202023/4096.pdf HTTP/1.0" 200 3479399
156.59.198.135 - - [09/Jan/2024:01:45:09 -0500] "GET /BLA/resoluciones/AUTOS%202023/2615.pdf HTTP/1.0" 200 1307413
216.245.221.92 - - [09/Jan/2024:01:45:29 -0500] "HEAD / HTTP/1.1" 200 -
156.59.198.135 - - [09/Jan/2024:01:45:33 -0500] "GET /BLA/resoluciones/AUTOS%202023/3231.pdf HTTP/1.0" 200 370763
156.59.198.136 - - [09/Jan/2024:01:45:58 -0500] "GET /BLA/resoluciones/Notificaciones/AUTOS%202014/1026.doc HTTP/1.0" 200 227840
66.249.66.192 - - [09/Jan/2024:01:46:13 -0500] "GET /animales-silvestres-regresaron-a-la-libertad-en-el-norte-de-bogota.html HTTP/1.1" 200 925
40.77.167.52 - - [09/Jan/2024:01:46:15 -0500] "GET /BLA/resoluciones/index.php?dir=RESOLUCIONES+2006%2FRES+2006+2351-2400%2F HTTP/1.1" 200 12357
156.59.198.136 - - [09/Jan/2024:01:46:23 -0500] "GET /BLA/resoluciones/AUTOS%202023/3820.pdf HTTP/1.0" 200 327337
156.59.198.136 - - [09/Jan/2024:01:46:46 -0500] "GET /BLA/resoluciones/AUTOS%202023/5808.pdf HTTP/1.0" 200 388896
156.59.198.136 - - [09/Jan/2024:01:47:12 -0500] "GET /BLA/resoluciones/RESOLUCIONES%202019/1598.pdf HTTP/1.0" 200 293554
156.59.198.135 - - [09/Jan/2024:01:47:36 -0500] "GET /BLA/resoluciones/AUTOS%202023/4011.pdf HTTP/1.0" 200 419945
201.245.192.253 - - [09/Jan/2024:01:47:47 -0500] "POST /kwsrmcab/Wsrmcab  HTTP/1.1" 200 36937
172.22.2.4 - - [09/Jan/2024:01:46:18 -0500] "HEAD /BLA/boletinlegal/ HTTP/1.1" 200 -
156.59.198.135 - - [09/Jan/2024:01:47:59 -0500] "GET /BLA/resoluciones/Notificaciones/AUTOS%202014/1068.doc HTTP/1.0" 200 239616
47.128.18.163 - - [09/Jan/2024:01:48:26 -0500] "GET /robots.txt HTTP/1.1" 404 1018
156.59.198.135 - - [09/Jan/2024:01:48:48 -0500] "GET /BLA/resoluciones/AUTOS%202023/0945.pdf HTTP/1.0" 200 497901
172.22.2.4 - - [09/Jan/2024:01:47:08 -0500] "GET /BLA/boletinlegal/ HTTP/1.1" 200 58567
156.59.198.136 - - [09/Jan/2024:01:49:12 -0500] "GET /BLA/resoluciones/RESOLUCIONES%202019/1919.pdf HTTP/1.0" 200 261831
173.252.107.118 - - [09/Jan/2024:01:49:17 -0500] "GET /images/feria-servicios-5-MAYO.jpg HTTP/1.1" 200 39759
173.252.83.10 - - [09/Jan/2024:01:49:17 -0500] "GET /images/feria-servicios-5-MAYO.jpg HTTP/1.1" 200 39759
173.252.127.8 - - [09/Jan/2024:01:49:22 -0500] "GET /feria-de-servicios-ambientales-llega-este-fin-de-semana-al-barrio-venecia.html HTTP/1.1" 200 856
156.59.198.135 - - [09/Jan/2024:01:49:36 -0500] "GET /BLA/resoluciones/Notificaciones/AUTOS%202014/4633.doc HTTP/1.0" 200 95232
156.59.198.135 - - [09/Jan/2024:01:50:00 -0500] "GET /BLA/resoluciones/AUTOS%202023/2443.pdf HTTP/1.0" 200 332219
156.59.198.136 - - [09/Jan/2024:01:50:25 -0500] "GET /BLA/resoluciones/RESOLUCIONES%202019/3495.pdf HTTP/1.0" 200 274845
216.245.221.92 - - [09/Jan/2024:01:50:29 -0500] "HEAD / HTTP/1.1" 200 -
156.59.198.136 - - [09/Jan/2024:01:50:49 -0500] "GET /BLA/resoluciones/AUTOS%202023/1069.pdf HTTP/1.0" 200 398562
156.59.198.136 - - [09/Jan/2024:01:51:15 -0500] "GET /BLA/resoluciones/AUTOS%202023/2921.pdf HTTP/1.0" 200 460450
172.22.2.4 - - [09/Jan/2024:01:49:35 -0500] "HEAD /BLA/boletinlegal/ HTTP/1.1" 200 -
156.59.198.135 - - [09/Jan/2024:01:51:38 -0500] "GET /BLA/resoluciones/RESOLUCIONES%202019/3060.pdf HTTP/1.0" 200 345259
156.59.198.136 - - [09/Jan/2024:01:52:03 -0500] "GET /BLA/resoluciones/RESOLUCIONES%202019/0962.pdf HTTP/1.0" 200 376933
156.59.198.136 - - [09/Jan/2024:01:52:28 -0500] "GET /BLA/resoluciones/AUTOS%202023/1900.pdf HTTP/1.0" 200 397851
201.245.192.253 - - [09/Jan/2024:01:52:45 -0500] "POST /kwsrmcab/Wsrmcab  HTTP/1.1" 200 36937
156.59.198.136 - - [09/Jan/2024:01:52:52 -0500] "GET /BLA/resoluciones/AUTOS%202023/0250.pdf HTTP/1.0" 200 356880
156.59.198.136 - - [09/Jan/2024:01:53:16 -0500] "GET /BLA/resoluciones/RESOLUCIONES%202019/0556.pdf HTTP/1.0" 200 228440
156.59.198.136 - - [09/Jan/2024:01:53:43 -0500] "GET /BLA/resoluciones/Notificaciones/AUTOS%202014/4049.doc HTTP/1.0" 200 95744
172.22.2.4 - - [09/Jan/2024:01:52:08 -0500] "HEAD /BLA/boletinlegal/ HTTP/1.1" 200 -
156.59.198.136 - - [09/Jan/2024:01:54:09 -0500] "GET /BLA/resoluciones/Notificaciones/AUTOS%202014/0143.doc HTTP/1.0" 200 227328
156.59.198.136 - - [09/Jan/2024:01:54:35 -0500] "GET /BLA/resoluciones/RESOLUCIONES%202019/3901.pdf HTTP/1.0" 200 1494469
172.22.2.4 - - [09/Jan/2024:01:52:58 -0500] "GET /BLA/boletinlegal/ HTTP/1.1" 200 60502
156.59.198.136 - - [09/Jan/2024:01:54:59 -0500] "GET /BLA/resoluciones/AUTOS%202023/1095.pdf HTTP/1.0" 200 393161
156.59.198.136 - - [09/Jan/2024:01:55:23 -0500] "GET /BLA/resoluciones/RESOLUCIONES%202019/1754.pdf HTTP/1.0" 200 330655
216.245.221.92 - - [09/Jan/2024:01:55:29 -0500] "HEAD / HTTP/1.1" 200 -
156.59.198.136 - - [09/Jan/2024:01:55:47 -0500] "GET /BLA/resoluciones/Notificaciones/AUTOS%202014/2126.doc HTTP/1.0" 200 285696
156.59.198.136 - - [09/Jan/2024:01:56:14 -0500] "GET /BLA/resoluciones/AUTOS%202023/2006.pdf HTTP/1.0" 200 680613
172.22.2.4 - - [09/Jan/2024:01:56:27 -0500] "GET /BLA/boletinlegal/robots.txt HTTP/1.1" 404 1038
172.22.2.4 - - [09/Jan/2024:01:56:28 -0500] "GET /BLA/boletinlegal/Directivas/2019/Directiva%20No.%200001%20del%2011%20de%20junio%20de%202019.pdf HTTP/1.1" 200 228190
156.59.198.135 - - [09/Jan/2024:01:56:37 -0500] "GET /BLA/resoluciones/AUTOS%202023/1391.pdf HTTP/1.0" 200 440775
156.59.198.136 - - [09/Jan/2024:01:57:02 -0500] "GET /BLA/resoluciones/Notificaciones/AUTOS%202014/4082.doc HTTP/1.0" 200 97792
156.59.198.135 - - [09/Jan/2024:01:57:26 -0500] "GET /BLA/resoluciones/AUTOS%202023/0222.pdf HTTP/1.0" 200 471426
201.245.192.253 - - [09/Jan/2024:01:57:44 -0500] "POST /kwsrmcab/Wsrmcab  HTTP/1.1" 200 36937
156.59.198.135 - - [09/Jan/2024:01:57:49 -0500] "GET /BLA/resoluciones/RESOLUCIONES%202019/2510.pdf HTTP/1.0" 200 696829
191.95.52.156 - - [09/Jan/2024:01:57:50 -0500] "GET /inicia-el-2024-conociendo-la-biodiversidad-de-bogoti.html?fbclid=IwAR0gssKD8icwFYPLAAr4apdTFO7vH7D39VWmwmPVzfZ_W173AdoTEyV57uQ HTTP/1.1" 200 894
172.22.2.4 - - [09/Jan/2024:01:58:13 -0500] "GET /BLA/boletinlegal/Circulares/2014/Circular%20No.%202%20del%2021%20de%20septiembre%20de%202014.pdf HTTP/1.1" 304 -
156.59.198.135 - - [09/Jan/2024:01:58:13 -0500] "GET /BLA/resoluciones/AUTOS%202023/1376.pdf HTTP/1.0" 200 452589
172.22.2.4 - - [09/Jan/2024:01:58:22 -0500] "HEAD /BLA/boletinlegal/actos.php HTTP/1.1" 200 -
172.22.2.4 - - [09/Jan/2024:01:58:23 -0500] "GET /BLA/boletinlegal/actos.php HTTP/1.1" 200 9648
156.59.198.135 - - [09/Jan/2024:01:58:37 -0500] "GET /BLA/resoluciones/AUTOS%202023/2794.pdf HTTP/1.0" 200 619025
156.59.198.136 - - [09/Jan/2024:01:59:02 -0500] "GET /BLA/resoluciones/Notificaciones/AUTOS%202014/3293.doc HTTP/1.0" 200 97792
172.22.2.4 - - [09/Jan/2024:01:59:10 -0500] "GET /BLA/boletinlegal/Circulares/2017/Circular%20No.%2007%20del%2028%20de%20Abril%20de%202017.pdf HTTP/1.1" 200 309906
156.59.198.135 - - [09/Jan/2024:01:59:26 -0500] "GET /BLA/resoluciones/RESOLUCIONES%202019/2420.pdf HTTP/1.0" 200 273641
172.22.2.4 - - [09/Jan/2024:01:57:58 -0500] "HEAD /BLA/boletinlegal/ HTTP/1.1" 200 -
156.59.198.135 - - [09/Jan/2024:01:59:50 -0500] "GET /BLA/resoluciones/AUTOS%202023/0926.pdf HTTP/1.0" 200 3024358
156.59.198.136 - - [09/Jan/2024:02:00:14 -0500] "GET /BLA/resoluciones/Notificaciones/AUTOS%202014/0904.doc HTTP/1.0" 200 229376
172.22.2.4 - - [09/Jan/2024:01:58:48 -0500] "GET /BLA/boletinlegal/ HTTP/1.1" 200 58172
216.245.221.92 - - [09/Jan/2024:02:00:29 -0500] "HEAD / HTTP/1.1" 200 -
66.249.66.75 - - [09/Jan/2024:02:00:30 -0500] "GET /portaldeninos/2021/05/21/2070/ HTTP/1.1" 200 109949
156.59.198.135 - - [09/Jan/2024:02:00:39 -0500] "GET /BLA/resoluciones/AUTOS%202023/3495.pdf HTTP/1.0" 200 425220
156.59.198.136 - - [09/Jan/2024:02:01:03 -0500] "GET /BLA/resoluciones/RESOLUCIONES%202019/2748.pdf HTTP/1.0" 200 361790
52.167.144.25 - - [09/Jan/2024:02:01:18 -0500] "GET /BLA/resoluciones/index.php?dir=RESOLUCIONES+2005%2FRES+2005+251-300%2F HTTP/1.1" 200 12254
156.59.198.135 - - [09/Jan/2024:02:01:30 -0500] "GET /BLA/resoluciones/AUTOS%202023/3487.pdf HTTP/1.0" 200 470625
156.59.198.136 - - [09/Jan/2024:02:01:55 -0500] "GET /BLA/resoluciones/RESOLUCIONES%202019/0436.pdf HTTP/1.0" 200 283086
156.59.198.136 - - [09/Jan/2024:02:02:18 -0500] "GET /BLA/resoluciones/AUTOS%202023/4951.pdf HTTP/1.0" 200 1343258
156.59.198.136 - - [09/Jan/2024:02:02:43 -0500] "GET /BLA/resoluciones/AUTOS%202023/5097.pdf HTTP/1.0" 200 403605
201.245.192.253 - - [09/Jan/2024:02:02:43 -0500] "POST /kwsrmcab/Wsrmcab  HTTP/1.1" 200 36937
156.59.198.135 - - [09/Jan/2024:02:03:07 -0500] "GET /BLA/resoluciones/RESOLUCIONES%202019/3195.pdf HTTP/1.0" 200 263783
156.59.198.135 - - [09/Jan/2024:02:03:34 -0500] "GET /BLA/resoluciones/AUTOS%202023/4236.pdf HTTP/1.0" 200 932777
156.59.198.135 - - [09/Jan/2024:02:03:58 -0500] "GET /BLA/resoluciones/AUTOS%202023/0322.pdf HTTP/1.0" 200 390675
156.59.198.135 - - [09/Jan/2024:02:04:23 -0500] "GET /BLA/resoluciones/Notificaciones/AUTOS%202014/4350.doc HTTP/1.0" 200 94720
156.59.198.136 - - [09/Jan/2024:02:04:47 -0500] "GET /BLA/resoluciones/AUTOS%202023/1696.pdf HTTP/1.0" 200 393723
156.59.198.135 - - [09/Jan/2024:02:05:11 -0500] "GET /BLA/resoluciones/Notificaciones/AUTOS%202014/6487.doc HTTP/1.0" 200 154624
172.22.2.4 - - [09/Jan/2024:02:03:48 -0500] "HEAD /BLA/boletinlegal/ HTTP/1.1" 200 -
216.245.221.92 - - [09/Jan/2024:02:05:28 -0500] "HEAD / HTTP/1.1" 200 -
156.59.198.135 - - [09/Jan/2024:02:05:36 -0500] "GET /BLA/resoluciones/AUTOS%202023/3171.pdf HTTP/1.0" 200 890698
156.59.198.135 - - [09/Jan/2024:02:06:00 -0500] "GET /BLA/resoluciones/AUTOS%202023/5168.pdf HTTP/1.0" 200 503462
172.22.2.4 - - [09/Jan/2024:02:04:38 -0500] "GET /BLA/boletinlegal/ HTTP/1.1" 200 58172
156.59.198.136 - - [09/Jan/2024:02:06:27 -0500] "GET /BLA/resoluciones/AUTOS%202023/2945.pdf HTTP/1.0" 200 422077
156.59.198.135 - - [09/Jan/2024:02:06:52 -0500] "GET /BLA/resoluciones/RESOLUCIONES%202019/3003.pdf HTTP/1.0" 200 1434074
156.59.198.136 - - [09/Jan/2024:02:07:17 -0500] "GET /BLA/resoluciones/Notificaciones/AUTOS%202014/0301.doc HTTP/1.0" 200 226304
156.59.198.135 - - [09/Jan/2024:02:07:40 -0500] "GET /BLA/resoluciones/Notificaciones/AUTOS%202014/5708.doc HTTP/1.0" 200 154112
201.245.192.253 - - [09/Jan/2024:02:07:41 -0500] "POST /kwsrmcab/Wsrmcab  HTTP/1.1" 200 36937
156.59.198.136 - - [09/Jan/2024:02:08:04 -0500] "GET /BLA/resoluciones/AUTOS%202023/4809.pdf HTTP/1.0" 200 1589154
207.46.13.78 - - [09/Jan/2024:02:08:28 -0500] "GET /BLA/resoluciones/RESOLUCIONES%202023/02645.pdf HTTP/1.1" 200 599030
156.59.198.136 - - [09/Jan/2024:02:08:29 -0500] "GET /BLA/resoluciones/Notificaciones/AUTOS%202014/4040.doc HTTP/1.0" 200 100352
40.77.167.45 - - [09/Jan/2024:02:08:29 -0500] "GET /dos-mamiferos-y-63-aves-volvieron-a-la-libertad-en-el-humedal-la-conejera.html HTTP/1.1" 200 877
156.59.198.135 - - [09/Jan/2024:02:08:53 -0500] "GET /BLA/resoluciones/AUTOS%202023/5068.pdf HTTP/1.0" 200 395179
156.59.198.135 - - [09/Jan/2024:02:09:19 -0500] "GET /BLA/resoluciones/AUTOS%202023/0620.pdf HTTP/1.0" 200 470130
172.22.2.4 - - [09/Jan/2024:02:09:29 -0500] "GET /BLA/boletinlegal/Directivas/2018/Directiva%20No.%2027%20del%2028%20de%20diciembre%20de%202018.pdf HTTP/1.1" 200 2831879
156.59.198.136 - - [09/Jan/2024:02:09:43 -0500] "GET /BLA/resoluciones/AUTOS%202023/5781.pdf HTTP/1.0" 200 435135
156.59.198.136 - - [09/Jan/2024:02:10:08 -0500] "GET /BLA/resoluciones/AUTOS%202023/1924.pdf HTTP/1.0" 200 400080
216.245.221.92 - - [09/Jan/2024:02:10:28 -0500] "HEAD / HTTP/1.1" 200 -
156.59.198.135 - - [09/Jan/2024:02:10:35 -0500] "GET /BLA/resoluciones/AUTOS%202023/0623.pdf HTTP/1.0" 200 457098
156.59.198.135 - - [09/Jan/2024:02:10:56 -0500] "GET /BLA/resoluciones/AUTOS%202023/3304.pdf HTTP/1.0" 200 1059298
172.22.2.4 - - [09/Jan/2024:02:09:38 -0500] "HEAD /BLA/boletinlegal/ HTTP/1.1" 200 -
156.59.198.136 - - [09/Jan/2024:02:11:20 -0500] "GET /BLA/resoluciones/AUTOS%202023/4115.pdf HTTP/1.0" 200 398689
156.59.198.135 - - [09/Jan/2024:02:11:45 -0500] "GET /BLA/resoluciones/RESOLUCIONES%202019/3722.pdf HTTP/1.0" 200 358272
172.22.2.4 - - [09/Jan/2024:02:10:28 -0500] "GET /BLA/boletinlegal/ HTTP/1.1" 200 60910
156.59.198.136 - - [09/Jan/2024:02:12:09 -0500] "GET /BLA/resoluciones/RESOLUCIONES%202019/3585.pdf HTTP/1.0" 200 282223
156.59.198.135 - - [09/Jan/2024:02:12:33 -0500] "GET /BLA/resoluciones/Notificaciones/AUTOS%202014/4694.doc HTTP/1.0" 200 97280
201.245.192.253 - - [09/Jan/2024:02:12:39 -0500] "POST /kwsrmcab/Wsrmcab  HTTP/1.1" 200 36937
156.59.198.136 - - [09/Jan/2024:02:12:57 -0500] "GET /BLA/resoluciones/AUTOS%202023/1674.pdf HTTP/1.0" 200 422254
156.59.198.136 - - [09/Jan/2024:02:13:22 -0500] "GET /BLA/resoluciones/Notificaciones/AUTOS%202014/5831.doc HTTP/1.0" 200 153088
156.59.198.136 - - [09/Jan/2024:02:13:47 -0500] "GET /BLA/resoluciones/RESOLUCIONES%202019/2246.pdf HTTP/1.0" 200 284315
156.59.198.136 - - [09/Jan/2024:02:14:11 -0500] "GET /BLA/resoluciones/AUTOS%202023/2329.pdf HTTP/1.0" 200 403363
156.59.198.135 - - [09/Jan/2024:02:14:36 -0500] "GET /BLA/resoluciones/AUTOS%202023/2665.pdf HTTP/1.0" 200 855449
66.249.66.76 - - [09/Jan/2024:02:14:47 -0500] "GET /portaldeninos/2021/05/21/2070/feed/ HTTP/1.1" 200 904
114.119.136.150 - - [09/Jan/2024:02:14:58 -0500] "GET /BLA/resoluciones/index.php?dir=RESOLUCIONES%2B2004/&sort=size&order=desc HTTP/1.1" 200 13902
156.59.198.136 - - [09/Jan/2024:02:15:00 -0500] "GET /BLA/resoluciones/Notificaciones/AUTOS%202014/3204.doc HTTP/1.0" 200 98816
201.245.192.253 - - [09/Jan/2024:02:15:01 -0500] "POST /kwsrmcab/Wsrmcab HTTP/1.1" 200 36614
201.245.192.253 - - [09/Jan/2024:02:15:04 -0500] "POST /kwsrmcab/Wsrmcab HTTP/1.1" 200 36790
156.59.198.136 - - [09/Jan/2024:02:15:24 -0500] "GET /BLA/resoluciones/AUTOS%202023/0841.pdf HTTP/1.0" 200 396045
216.245.221.92 - - [09/Jan/2024:02:15:28 -0500] "HEAD / HTTP/1.1" 200 -
156.59.198.135 - - [09/Jan/2024:02:15:49 -0500] "GET /BLA/resoluciones/RESOLUCIONES%202019/3909.pdf HTTP/1.0" 200 399292
156.59.198.136 - - [09/Jan/2024:02:16:13 -0500] "GET /BLA/resoluciones/AUTOS%202023/5016.pdf HTTP/1.0" 200 1044735
156.59.198.136 - - [09/Jan/2024:02:16:39 -0500] "GET /BLA/resoluciones/Notificaciones/AUTOS%202014/4945.doc HTTP/1.0" 200 97792
156.59.198.136 - - [09/Jan/2024:02:17:04 -0500] "GET /BLA/resoluciones/AUTOS%202023/2095.pdf HTTP/1.0" 200 1332686
172.22.2.4 - - [09/Jan/2024:02:15:28 -0500] "HEAD /BLA/boletinlegal/ HTTP/1.1" 200 -
199.16.157.180 - - [09/Jan/2024:02:17:24 -0500] "GET /images/cr%C3%B3nica-29-nov-1_optimized.jpeg HTTP/1.1" 404 1034
156.59.198.135 - - [09/Jan/2024:02:17:29 -0500] "GET /BLA/resoluciones/RESOLUCIONES%202019/1815.pdf HTTP/1.0" 200 309195
201.245.192.253 - - [09/Jan/2024:02:17:36 -0500] "POST /kwsrmcab/Wsrmcab  HTTP/1.1" 200 36937
156.59.198.135 - - [09/Jan/2024:02:17:53 -0500] "GET /BLA/resoluciones/RESOLUCIONES%202019/0763.pdf HTTP/1.0" 200 378707
172.22.2.4 - - [09/Jan/2024:02:16:18 -0500] "GET /BLA/boletinlegal/ HTTP/1.1" 200 58567
217.113.194.28 - - [09/Jan/2024:02:18:05 -0500] "GET /robots.txt HTTP/1.1" 404 1034
156.59.198.135 - - [09/Jan/2024:02:18:19 -0500] "GET /BLA/resoluciones/Notificaciones/AUTOS%202014/3893.doc HTTP/1.0" 200 100352
156.59.198.136 - - [09/Jan/2024:02:18:43 -0500] "GET /BLA/resoluciones/AUTOS%202023/3237.pdf HTTP/1.0" 200 329780
152.61.128.50 - - [09/Jan/2024:02:18:59 -0500] "GET /arcgis/services/Calidad_del_Agua_WQI/MapServer/WMSServer?request=GetCapabilities&service=WMS HTTP/1.1" 503 1020
152.61.128.50 - - [09/Jan/2024:02:19:00 -0500] "GET /arcgis/services/Calidad_del_Agua_WQI/MapServer/WMSServer?SERVICE=WMS&REQUEST=GetCapabilities HTTP/1.1" 503 1020
152.61.128.50 - - [09/Jan/2024:02:19:00 -0500] "GET /arcgis/services/Calidad_del_Agua_WQI/MapServer/WMSServer?WMTVER=1.0.0&REQUEST=capabilities HTTP/1.1" 503 1020
156.59.198.136 - - [09/Jan/2024:02:19:08 -0500] "GET /BLA/resoluciones/Notificaciones/AUTOS%202014/5825.doc HTTP/1.0" 200 155136
201.245.192.253 - - [09/Jan/2024:02:19:15 -0500] "POST /kwsrmcab/Wsrmcab HTTP/1.1" 200 36614
156.59.198.135 - - [09/Jan/2024:02:19:32 -0500] "GET /BLA/resoluciones/Notificaciones/AUTOS%202014/1095.doc HTTP/1.0" 200 229888
217.113.194.3 - - [09/Jan/2024:02:19:43 -0500] "GET /semana-bogota-reverdece-politica-publica-de-accion-climatica-es-una-realidad.html HTTP/1.1" 304 -
156.59.198.135 - - [09/Jan/2024:02:19:56 -0500] "GET /BLA/resoluciones/Notificaciones/AUTOS%202014/6095.doc HTTP/1.0" 200 154112
201.245.192.253 - - [09/Jan/2024:02:19:55 -0500] "POST /kwsrmcab/Wsrmcab HTTP/1.1" 200 36790
156.59.198.136 - - [09/Jan/2024:02:20:22 -0500] "GET /BLA/resoluciones/AUTOS%202023/6008.pdf HTTP/1.0" 200 434014
216.245.221.92 - - [09/Jan/2024:02:20:28 -0500] "HEAD / HTTP/1.1" 200 -
156.59.198.136 - - [09/Jan/2024:02:20:46 -0500] "GET /BLA/resoluciones/AUTOS%202023/0874.pdf HTTP/1.0" 200 1525514
156.59.198.135 - - [09/Jan/2024:02:21:11 -0500] "GET /BLA/resoluciones/RESOLUCIONES%202019/0155.pdf HTTP/1.0" 200 320556
156.59.198.136 - - [09/Jan/2024:02:21:37 -0500] "GET /BLA/resoluciones/AUTOS%202023/0896.pdf HTTP/1.0" 200 838683
172.22.2.4 - - [09/Jan/2024:02:22:00 -0500] "GET /BLA/boletinlegal/jurisprudencia/analisis/AnalisisT-606-15.docx HTTP/1.1" 200 26698
172.22.2.4 - - [09/Jan/2024:02:22:00 -0500] "GET /BLA/boletinlegal/apple-touch-icon-120x120-precomposed.png HTTP/1.1" 404 1140
172.22.2.4 - - [09/Jan/2024:02:22:00 -0500] "GET /BLA/boletinlegal/apple-touch-icon-120x120.png HTTP/1.1" 404 1140
172.22.2.4 - - [09/Jan/2024:02:22:00 -0500] "GET /BLA/boletinlegal/apple-touch-icon-precomposed.png HTTP/1.1" 404 1140
172.22.2.4 - - [09/Jan/2024:02:22:00 -0500] "GET /BLA/boletinlegal/apple-touch-icon.png HTTP/1.1" 404 1140
172.22.2.4 - - [09/Jan/2024:02:22:00 -0500] "GET /BLA/boletinlegal/favicon.ico HTTP/1.1" 404 1140
172.22.2.4 - - [09/Jan/2024:02:22:00 -0500] "GET /BLA/boletinlegal/apple-touch-icon-120x120-precomposed.png HTTP/1.1" 404 1140
172.22.2.4 - - [09/Jan/2024:02:22:00 -0500] "GET /BLA/boletinlegal/apple-touch-icon-120x120.png HTTP/1.1" 404 1140
172.22.2.4 - - [09/Jan/2024:02:22:00 -0500] "GET /BLA/boletinlegal/apple-touch-icon-precomposed.png HTTP/1.1" 404 1140
172.22.2.4 - - [09/Jan/2024:02:22:00 -0500] "GET /BLA/boletinlegal/apple-touch-icon.png HTTP/1.1" 404 1140
172.22.2.4 - - [09/Jan/2024:02:22:01 -0500] "GET /BLA/boletinlegal/favicon.ico HTTP/1.1" 404 1140
156.59.198.135 - - [09/Jan/2024:02:22:01 -0500] "GET /BLA/resoluciones/AUTOS%202023/1929.pdf HTTP/1.0" 200 485664
156.59.198.135 - - [09/Jan/2024:02:22:26 -0500] "GET /BLA/resoluciones/RESOLUCIONES%202019/2073.pdf HTTP/1.0" 200 458898
201.245.192.253 - - [09/Jan/2024:02:22:34 -0500] "POST /kwsrmcab/Wsrmcab  HTTP/1.1" 200 36937
156.59.198.136 - - [09/Jan/2024:02:22:49 -0500] "GET /BLA/resoluciones/Notificaciones/AUTOS%202014/6585.doc HTTP/1.0" 200 154624
172.22.2.4 - - [09/Jan/2024:02:21:18 -0500] "HEAD /BLA/boletinlegal/ HTTP/1.1" 200 -
156.59.198.135 - - [09/Jan/2024:02:23:13 -0500] "GET /BLA/resoluciones/Notificaciones/AUTOS%202014/4942.doc HTTP/1.0" 200 97792
156.59.198.136 - - [09/Jan/2024:02:23:37 -0500] "GET /BLA/resoluciones/Notificaciones/AUTOS%202014/4137.doc HTTP/1.0" 200 96768
172.22.2.4 - - [09/Jan/2024:02:22:08 -0500] "GET /BLA/boletinlegal/ HTTP/1.1" 200 60502
156.59.198.136 - - [09/Jan/2024:02:24:03 -0500] "GET /BLA/resoluciones/Notificaciones/AUTOS%202014/5424.doc HTTP/1.0" 200 118272
172.22.2.4 - - [09/Jan/2024:02:24:04 -0500] "GET /BLA/boletinlegal/jurisprudencia/analisis/AnalisisT-606-15.docx HTTP/1.1" 200 26698
172.22.2.4 - - [09/Jan/2024:02:24:04 -0500] "GET /BLA/boletinlegal/apple-touch-icon-120x120-precomposed.png HTTP/1.1" 404 1140
172.22.2.4 - - [09/Jan/2024:02:24:04 -0500] "GET /BLA/boletinlegal/apple-touch-icon-120x120.png HTTP/1.1" 404 1140
172.22.2.4 - - [09/Jan/2024:02:24:04 -0500] "GET /BLA/boletinlegal/apple-touch-icon-precomposed.png HTTP/1.1" 404 1140
172.22.2.4 - - [09/Jan/2024:02:24:04 -0500] "GET /BLA/boletinlegal/apple-touch-icon.png HTTP/1.1" 404 1140
172.22.2.4 - - [09/Jan/2024:02:24:04 -0500] "GET /BLA/boletinlegal/favicon.ico HTTP/1.1" 404 1140
172.22.2.4 - - [09/Jan/2024:02:24:04 -0500] "GET /BLA/boletinlegal/apple-touch-icon-120x120-precomposed.png HTTP/1.1" 404 1140
172.22.2.4 - - [09/Jan/2024:02:24:04 -0500] "GET /BLA/boletinlegal/apple-touch-icon-120x120.png HTTP/1.1" 404 1140
172.22.2.4 - - [09/Jan/2024:02:24:04 -0500] "GET /BLA/boletinlegal/apple-touch-icon-precomposed.png HTTP/1.1" 404 1140
172.22.2.4 - - [09/Jan/2024:02:24:04 -0500] "GET /BLA/boletinlegal/apple-touch-icon.png HTTP/1.1" 404 1140
172.22.2.4 - - [09/Jan/2024:02:24:04 -0500] "GET /BLA/boletinlegal/favicon.ico HTTP/1.1" 404 1140
156.59.198.136 - - [09/Jan/2024:02:24:26 -0500] "GET /BLA/resoluciones/AUTOS%202023/3115.pdf HTTP/1.0" 200 3836180
156.59.198.135 - - [09/Jan/2024:02:24:51 -0500] "GET /BLA/resoluciones/AUTOS%202023/5611.pdf HTTP/1.0" 200 410360
201.245.192.253 - - [09/Jan/2024:02:25:01 -0500] "POST /kwsrmcab/Wsrmcab HTTP/1.1" 200 36614
201.245.192.253 - - [09/Jan/2024:02:25:04 -0500] "POST /kwsrmcab/Wsrmcab HTTP/1.1" 200 36790
156.59.198.135 - - [09/Jan/2024:02:25:15 -0500] "GET /BLA/resoluciones/RESOLUCIONES%202019/3467.pdf HTTP/1.0" 200 524611
216.245.221.92 - - [09/Jan/2024:02:25:28 -0500] "HEAD / HTTP/1.1" 200 -
156.59.198.136 - - [09/Jan/2024:02:25:39 -0500] "GET /BLA/resoluciones/RESOLUCIONES%202019/1888.pdf HTTP/1.0" 200 287651
156.59.198.135 - - [09/Jan/2024:02:26:03 -0500] "GET /BLA/resoluciones/AUTOS%202023/0395.pdf HTTP/1.0" 200 535975
52.167.144.182 - - [09/Jan/2024:02:26:22 -0500] "GET /BLA/resoluciones/RESOLUCIONES%202023/01925.pdf HTTP/1.1" 200 463254
156.59.198.136 - - [09/Jan/2024:02:26:30 -0500] "GET /BLA/resoluciones/AUTOS%202023/5615.pdf HTTP/1.0" 200 389731
52.167.144.191 - - [09/Jan/2024:02:26:35 -0500] "GET /BLA/boletinlegal/Directivas/2017/Directiva%20No.%2003%20del%2024%20de%20Febrero%20de%202017.pdf HTTP/1.1" 304 -
156.59.198.135 - - [09/Jan/2024:02:26:55 -0500] "GET /BLA/resoluciones/AUTOS%202023/2668.pdf HTTP/1.0" 200 1142113
156.59.198.135 - - [09/Jan/2024:02:27:20 -0500] "GET /BLA/resoluciones/AUTOS%202023/4680.pdf HTTP/1.0" 200 2688199
201.245.192.253 - - [09/Jan/2024:02:27:33 -0500] "POST /kwsrmcab/Wsrmcab  HTTP/1.1" 200 36937
156.59.198.136 - - [09/Jan/2024:02:27:44 -0500] "GET /BLA/resoluciones/RESOLUCIONES%202019/0711.pdf HTTP/1.0" 200 431958
156.59.198.136 - - [09/Jan/2024:02:28:08 -0500] "GET /BLA/resoluciones/RESOLUCIONES%202019/1530.pdf HTTP/1.0" 200 425556
156.59.198.135 - - [09/Jan/2024:02:28:32 -0500] "GET /BLA/resoluciones/RESOLUCIONES%202019/1059.pdf HTTP/1.0" 200 714832
167.94.146.53 - - [09/Jan/2024:02:28:37 -0500] "GET / HTTP/1.1" 200 319
167.94.146.53 - - [09/Jan/2024:02:28:41 -0500] "GET / HTTP/1.1" 200 319
167.94.146.53 - - [09/Jan/2024:02:28:41 -0500] "PRI * HTTP/2.0" 400 946
167.94.146.53 - - [09/Jan/2024:02:28:41 -0500] "GET /favicon.ico HTTP/1.1" 200 7782
172.22.2.4 - - [09/Jan/2024:02:27:08 -0500] "HEAD /BLA/boletinlegal/ HTTP/1.1" 200 -
156.59.198.135 - - [09/Jan/2024:02:28:58 -0500] "GET /BLA/resoluciones/AUTOS%202023/1216.pdf HTTP/1.0" 200 394171
201.245.192.253 - - [09/Jan/2024:02:29:15 -0500] "POST /kwsrmcab/Wsrmcab HTTP/1.1" 200 36614
156.59.198.135 - - [09/Jan/2024:02:29:22 -0500] "GET /BLA/resoluciones/AUTOS%202023/0921.pdf HTTP/1.0" 200 1019415
172.22.2.4 - - [09/Jan/2024:02:27:58 -0500] "GET /BLA/boletinlegal/ HTTP/1.1" 200 58172
156.59.198.135 - - [09/Jan/2024:02:29:48 -0500] "GET /BLA/resoluciones/Notificaciones/AUTOS%202014/4704.doc HTTP/1.0" 200 96256
201.245.192.253 - - [09/Jan/2024:02:29:55 -0500] "POST /kwsrmcab/Wsrmcab HTTP/1.1" 200 36790
156.59.198.135 - - [09/Jan/2024:02:30:11 -0500] "GET /BLA/resoluciones/Notificaciones/AUTOS%202014/3875.doc HTTP/1.0" 200 96256
216.245.221.92 - - [09/Jan/2024:02:30:28 -0500] "HEAD / HTTP/1.1" 200 -
156.59.198.135 - - [09/Jan/2024:02:30:35 -0500] "GET /BLA/resoluciones/Notificaciones/AUTOS%202014/3938.doc HTTP/1.0" 200 155152
156.59.198.135 - - [09/Jan/2024:02:31:01 -0500] "GET /BLA/resoluciones/Notificaciones/AUTOS%202014/234.doc HTTP/1.0" 200 225280
156.59.198.136 - - [09/Jan/2024:02:31:25 -0500] "GET /BLA/resoluciones/Notificaciones/AUTOS%202014/3808.doc HTTP/1.0" 200 99328
156.59.198.135 - - [09/Jan/2024:02:31:49 -0500] "GET /BLA/resoluciones/AUTOS%202023/5776.pdf HTTP/1.0" 200 437139
156.59.198.136 - - [09/Jan/2024:02:32:13 -0500] "GET /BLA/resoluciones/AUTOS%202023/3279.pdf HTTP/1.0" 200 1344870
201.245.192.253 - - [09/Jan/2024:02:32:32 -0500] "POST /kwsrmcab/Wsrmcab  HTTP/1.1" 200 36937
156.59.198.135 - - [09/Jan/2024:02:32:39 -0500] "GET /BLA/resoluciones/AUTOS%202023/5289.pdf HTTP/1.0" 200 315887
156.59.198.136 - - [09/Jan/2024:02:33:03 -0500] "GET /BLA/resoluciones/RESOLUCIONES%202019/3605.pdf HTTP/1.0" 200 418251
156.59.198.135 - - [09/Jan/2024:02:33:26 -0500] "GET /BLA/resoluciones/AUTOS%202023/2430.pdf HTTP/1.0" 200 1658455
156.59.198.136 - - [09/Jan/2024:02:33:51 -0500] "GET /BLA/resoluciones/RESOLUCIONES%202019/1388.pdf HTTP/1.0" 200 275584
156.59.198.136 - - [09/Jan/2024:02:34:17 -0500] "GET /BLA/resoluciones/RESOLUCIONES%202019/3179.pdf HTTP/1.0" 200 13383307
172.22.2.4 - - [09/Jan/2024:02:32:58 -0500] "HEAD /BLA/boletinlegal/ HTTP/1.1" 200 -
156.59.198.136 - - [09/Jan/2024:02:34:42 -0500] "GET /BLA/resoluciones/AUTOS%202023/1743.pdf HTTP/1.0" 200 420458
201.245.192.253 - - [09/Jan/2024:02:35:01 -0500] "POST /kwsrmcab/Wsrmcab HTTP/1.1" 200 36614
201.245.192.253 - - [09/Jan/2024:02:35:04 -0500] "POST /kwsrmcab/Wsrmcab HTTP/1.1" 200 36790
156.59.198.136 - - [09/Jan/2024:02:35:06 -0500] "GET /BLA/resoluciones/RESOLUCIONES%202019/3508.pdf HTTP/1.0" 200 296969
172.22.2.4 - - [09/Jan/2024:02:33:48 -0500] "GET /BLA/boletinlegal/ HTTP/1.1" 200 58567
216.245.221.92 - - [09/Jan/2024:02:35:28 -0500] "HEAD / HTTP/1.1" 200 -
156.59.198.135 - - [09/Jan/2024:02:35:31 -0500] "GET /BLA/resoluciones/AUTOS%202023/3475.pdf HTTP/1.0" 200 422825
156.59.198.135 - - [09/Jan/2024:02:35:55 -0500] "GET /BLA/resoluciones/Notificaciones/AUTOS%202014/6280.doc HTTP/1.0" 200 154112
66.249.66.193 - - [09/Jan/2024:02:36:12 -0500] "GET /ciudadanos-pueden-enviar-comentarios-y-propuestas-al-proyecto-de-decreto-para-reducir-la-utilizacion-de-plasticos-de-un-solo-uso-en-las-entidades-del-distrito.html HTTP/1.1" 200 1170
156.59.198.136 - - [09/Jan/2024:02:36:19 -0500] "GET /BLA/resoluciones/AUTOS%202023/0694.pdf HTTP/1.0" 200 459870
157.55.39.14 - - [09/Jan/2024:02:36:29 -0500] "GET /BLA/resoluciones/index.php?dir=Notificaciones%2FRESOLUCIONES+2019%2F HTTP/1.1" 200 40760
152.61.192.232 - - [09/Jan/2024:02:36:36 -0500] "GET /arcgis/services/Calidad_del_Agua_WQI/MapServer/WMSServer?request=GetCapabilities&service=WMS HTTP/1.1" 503 1020
152.61.192.232 - - [09/Jan/2024:02:36:38 -0500] "GET /arcgis/services/Calidad_del_Agua_WQI/MapServer/WMSServer?SERVICE=WMS&REQUEST=GetCapabilities HTTP/1.1" 503 1020
152.61.192.232 - - [09/Jan/2024:02:36:38 -0500] "GET /arcgis/services/Calidad_del_Agua_WQI/MapServer/WMSServer?WMTVER=1.0.0&REQUEST=capabilities HTTP/1.1" 503 1020
172.22.2.4 - - [09/Jan/2024:02:36:42 -0500] "GET /BLA/boletinlegal/jurisprudencia/analisis/AnalisisT-606-15.docx HTTP/1.1" 200 26698
172.22.2.4 - - [09/Jan/2024:02:36:43 -0500] "GET /BLA/boletinlegal/apple-touch-icon-120x120-precomposed.png HTTP/1.1" 404 1140
172.22.2.4 - - [09/Jan/2024:02:36:43 -0500] "GET /BLA/boletinlegal/apple-touch-icon-120x120.png HTTP/1.1" 404 1140
172.22.2.4 - - [09/Jan/2024:02:36:43 -0500] "GET /BLA/boletinlegal/apple-touch-icon-precomposed.png HTTP/1.1" 404 1140
172.22.2.4 - - [09/Jan/2024:02:36:43 -0500] "GET /BLA/boletinlegal/apple-touch-icon.png HTTP/1.1" 404 1140
172.22.2.4 - - [09/Jan/2024:02:36:43 -0500] "GET /BLA/boletinlegal/favicon.ico HTTP/1.1" 404 1140
172.22.2.4 - - [09/Jan/2024:02:36:43 -0500] "GET /BLA/boletinlegal/apple-touch-icon-120x120-precomposed.png HTTP/1.1" 404 1140
172.22.2.4 - - [09/Jan/2024:02:36:43 -0500] "GET /BLA/boletinlegal/apple-touch-icon-120x120.png HTTP/1.1" 404 1140
172.22.2.4 - - [09/Jan/2024:02:36:43 -0500] "GET /BLA/boletinlegal/apple-touch-icon-precomposed.png HTTP/1.1" 404 1140
172.22.2.4 - - [09/Jan/2024:02:36:43 -0500] "GET /BLA/boletinlegal/apple-touch-icon.png HTTP/1.1" 404 1140
172.22.2.4 - - [09/Jan/2024:02:36:43 -0500] "GET /BLA/boletinlegal/favicon.ico HTTP/1.1" 404 1140
156.59.198.135 - - [09/Jan/2024:02:36:43 -0500] "GET /BLA/resoluciones/AUTOS%202023/2869.pdf HTTP/1.0" 200 424399
156.59.198.136 - - [09/Jan/2024:02:37:08 -0500] "GET /BLA/resoluciones/Notificaciones/AUTOS%202014/4588.doc HTTP/1.0" 200 99840
156.59.198.136 - - [09/Jan/2024:02:37:31 -0500] "GET /BLA/resoluciones/AUTOS%202023/4445.pdf HTTP/1.0" 200 441317
201.245.192.253 - - [09/Jan/2024:02:37:31 -0500] "POST /kwsrmcab/Wsrmcab  HTTP/1.1" 200 36937
156.59.198.135 - - [09/Jan/2024:02:37:56 -0500] "GET /BLA/resoluciones/Notificaciones/AUTOS%202014/5727.doc HTTP/1.0" 200 156672
156.59.198.136 - - [09/Jan/2024:02:38:20 -0500] "GET /BLA/resoluciones/AUTOS%202023/1573.pdf HTTP/1.0" 200 468226
156.59.198.135 - - [09/Jan/2024:02:38:46 -0500] "GET /BLA/resoluciones/AUTOS%202023/4822.pdf HTTP/1.0" 200 570004
156.59.198.136 - - [09/Jan/2024:02:39:09 -0500] "GET /BLA/resoluciones/Notificaciones/AUTOS%202014/03105.doc HTTP/1.0" 200 88445
201.245.192.253 - - [09/Jan/2024:02:39:14 -0500] "POST /kwsrmcab/Wsrmcab HTTP/1.1" 200 36614
156.59.198.136 - - [09/Jan/2024:02:39:34 -0500] "GET /BLA/resoluciones/AUTOS%202023/4724.pdf HTTP/1.0" 200 653977
201.245.192.253 - - [09/Jan/2024:02:39:55 -0500] "POST /kwsrmcab/Wsrmcab HTTP/1.1" 200 36790
156.59.198.135 - - [09/Jan/2024:02:39:58 -0500] "GET /BLA/resoluciones/AUTOS%202023/4247.pdf HTTP/1.0" 200 784954
156.59.198.136 - - [09/Jan/2024:02:40:22 -0500] "GET /BLA/resoluciones/AUTOS%202023/2314.pdf HTTP/1.0" 200 437079
172.22.2.4 - - [09/Jan/2024:02:38:47 -0500] "HEAD /BLA/boletinlegal/ HTTP/1.1" 200 -
216.245.221.92 - - [09/Jan/2024:02:40:28 -0500] "HEAD / HTTP/1.1" 200 -
156.59.198.136 - - [09/Jan/2024:02:40:47 -0500] "GET /BLA/resoluciones/Notificaciones/AUTOS%202014/3803.doc HTTP/1.0" 200 143360
156.59.198.136 - - [09/Jan/2024:02:41:11 -0500] "GET /BLA/resoluciones/RESOLUCIONES%202019/0195.pdf HTTP/1.0" 200 1282199
172.22.2.4 - - [09/Jan/2024:02:39:38 -0500] "GET /BLA/boletinlegal/ HTTP/1.1" 200 60502
156.59.198.136 - - [09/Jan/2024:02:41:35 -0500] "GET /BLA/resoluciones/RESOLUCIONES%202019/2118.pdf HTTP/1.0" 200 291871
156.59.198.135 - - [09/Jan/2024:02:42:02 -0500] "GET /BLA/resoluciones/RESOLUCIONES%202019/2682.pdf HTTP/1.0" 200 359415
156.59.198.135 - - [09/Jan/2024:02:42:27 -0500] "GET /BLA/resoluciones/RESOLUCIONES%202019/1737.pdf HTTP/1.0" 200 316893
201.245.192.253 - - [09/Jan/2024:02:42:30 -0500] "POST /kwsrmcab/Wsrmcab  HTTP/1.1" 200 36937
156.59.198.136 - - [09/Jan/2024:02:42:48 -0500] "GET /BLA/resoluciones/Notificaciones/AUTOS%202014/4764.doc HTTP/1.0" 200 97280
156.59.198.135 - - [09/Jan/2024:02:43:13 -0500] "GET /BLA/resoluciones/Notificaciones/AUTOS%202014/4700.doc HTTP/1.0" 200 94720
156.59.198.136 - - [09/Jan/2024:02:43:37 -0500] "GET /BLA/resoluciones/RESOLUCIONES%202019/2730.pdf HTTP/1.0" 200 283497
156.59.198.136 - - [09/Jan/2024:02:44:02 -0500] "GET /BLA/resoluciones/AUTOS%202023/0465.pdf HTTP/1.0" 200 463372
156.59.198.135 - - [09/Jan/2024:02:44:26 -0500] "GET /BLA/resoluciones/AUTOS%202023/2305.pdf HTTP/1.0" 200 428600
156.59.198.136 - - [09/Jan/2024:02:44:51 -0500] "GET /BLA/resoluciones/Notificaciones/AUTOS%202014/1649.doc HTTP/1.0" 200 231936
156.59.198.136 - - [09/Jan/2024:02:45:15 -0500] "GET /BLA/resoluciones/Notificaciones/AUTOS%202014/3483.doc HTTP/1.0" 200 101376
216.245.221.92 - - [09/Jan/2024:02:45:28 -0500] "HEAD / HTTP/1.1" 200 -
156.59.198.135 - - [09/Jan/2024:02:45:38 -0500] "GET /BLA/resoluciones/RESOLUCIONES%202019/3965.pdf HTTP/1.0" 200 259033
156.59.198.136 - - [09/Jan/2024:02:46:04 -0500] "GET /BLA/resoluciones/RESOLUCIONES%202019/1689.pdf HTTP/1.0" 200 283270
172.22.2.4 - - [09/Jan/2024:02:44:37 -0500] "HEAD /BLA/boletinlegal/ HTTP/1.1" 200 -
156.59.198.135 - - [09/Jan/2024:02:46:28 -0500] "GET /BLA/resoluciones/RESOLUCIONES%202019/1719.pdf HTTP/1.0" 200 281973
156.59.198.136 - - [09/Jan/2024:02:46:54 -0500] "GET /BLA/resoluciones/Notificaciones/AUTOS%202014/3450.doc HTTP/1.0" 200 98304
172.22.2.4 - - [09/Jan/2024:02:45:28 -0500] "GET /BLA/boletinlegal/ HTTP/1.1" 200 57683
156.59.198.135 - - [09/Jan/2024:02:47:18 -0500] "GET /BLA/resoluciones/AUTOS%202023/0809.pdf HTTP/1.0" 200 855124
93.117.7.204 - - [09/Jan/2024:02:47:22 -0500] "GET / HTTP/1.1" 200 319
93.117.7.204 - - [09/Jan/2024:02:47:22 -0500] "GET / HTTP/1.1" 200 319
201.245.192.253 - - [09/Jan/2024:02:47:29 -0500] "POST /kwsrmcab/Wsrmcab  HTTP/1.1" 200 36937
172.22.2.4 - - [09/Jan/2024:02:46:32 -0500] "GET /BLA/boletinlegal/ HTTP/1.1" 200 40907
156.59.198.135 - - [09/Jan/2024:02:47:42 -0500] "GET /BLA/resoluciones/AUTOS%202023/1930.pdf HTTP/1.0" 200 539408
156.59.198.136 - - [09/Jan/2024:02:48:08 -0500] "GET /BLA/resoluciones/RESOLUCIONES%202019/2257.pdf HTTP/1.0" 200 326254
156.59.198.135 - - [09/Jan/2024:02:48:32 -0500] "GET /BLA/resoluciones/AUTOS%202023/07028.pdf HTTP/1.0" 200 394477
156.59.198.136 - - [09/Jan/2024:02:48:56 -0500] "GET /BLA/resoluciones/Notificaciones/AUTOS%202014/6336.doc HTTP/1.0" 200 154624
156.59.198.135 - - [09/Jan/2024:02:49:20 -0500] "GET /BLA/resoluciones/AUTOS%202023/0115.pdf HTTP/1.0" 200 435285
156.59.198.136 - - [09/Jan/2024:02:49:44 -0500] "GET /BLA/resoluciones/AUTOS%202023/0193.pdf HTTP/1.0" 200 402201
156.59.198.135 - - [09/Jan/2024:02:50:09 -0500] "GET /BLA/resoluciones/Notificaciones/AUTOS%202014/6972.doc HTTP/1.0" 200 225792
216.245.221.92 - - [09/Jan/2024:02:50:28 -0500] "HEAD / HTTP/1.1" 200 -
156.59.198.136 - - [09/Jan/2024:02:50:35 -0500] "GET /BLA/resoluciones/AUTOS%202023/1629.pdf HTTP/1.0" 200 412595
156.59.198.136 - - [09/Jan/2024:02:50:58 -0500] "GET /BLA/resoluciones/AUTOS%202023/3690.pdf HTTP/1.0" 200 425081
156.59.198.135 - - [09/Jan/2024:02:51:24 -0500] "GET /BLA/resoluciones/AUTOS%202023/1572.pdf HTTP/1.0" 200 392763
156.59.198.136 - - [09/Jan/2024:02:51:47 -0500] "GET /BLA/resoluciones/RESOLUCIONES%202019/1183.pdf HTTP/1.0" 200 239597
172.22.2.4 - - [09/Jan/2024:02:50:27 -0500] "HEAD /BLA/boletinlegal/ HTTP/1.1" 200 -
156.59.198.135 - - [09/Jan/2024:02:52:12 -0500] "GET /BLA/resoluciones/AUTOS%202023/0454.pdf HTTP/1.0" 200 463679
201.245.192.253 - - [09/Jan/2024:02:52:28 -0500] "POST /kwsrmcab/Wsrmcab  HTTP/1.1" 200 36937
156.59.198.136 - - [09/Jan/2024:02:52:37 -0500] "GET /BLA/resoluciones/AUTOS%202023/0654.pdf HTTP/1.0" 200 1634877
208.100.26.248 - - [09/Jan/2024:02:52:38 -0500] "GET / HTTP/1.1" 200 319
172.22.2.4 - - [09/Jan/2024:02:51:18 -0500] "GET /BLA/boletinlegal/ HTTP/1.1" 200 53513
156.59.198.135 - - [09/Jan/2024:02:53:01 -0500] "GET /BLA/resoluciones/Notificaciones/AUTOS%202014/4080.doc HTTP/1.0" 200 97792
156.59.198.136 - - [09/Jan/2024:02:53:25 -0500] "GET /BLA/resoluciones/Notificaciones/AUTOS%202014/1423.doc HTTP/1.0" 200 254464
66.249.66.20 - - [09/Jan/2024:02:53:30 -0500] "GET /BLA/resoluciones/AUTOS%202015/1052.pdf HTTP/1.1" 200 2210866
156.59.198.136 - - [09/Jan/2024:02:53:50 -0500] "GET /BLA/resoluciones/Notificaciones/AUTOS%202014/4464.doc HTTP/1.0" 200 96256
156.59.198.135 - - [09/Jan/2024:02:54:14 -0500] "GET /BLA/resoluciones/Notificaciones/AUTOS%202014/0669.doc HTTP/1.0" 200 246272
156.59.198.135 - - [09/Jan/2024:02:54:39 -0500] "GET /BLA/resoluciones/Notificaciones/AUTOS%202014/1382.doc HTTP/1.0" 200 230912
156.59.198.135 - - [09/Jan/2024:02:55:03 -0500] "GET /BLA/resoluciones/Notificaciones/AUTOS%202014/6106.doc HTTP/1.0" 200 154624
156.59.198.136 - - [09/Jan/2024:02:55:28 -0500] "GET /BLA/resoluciones/RESOLUCIONES%202019/0338.pdf HTTP/1.0" 200 368159
216.245.221.92 - - [09/Jan/2024:02:55:28 -0500] "HEAD / HTTP/1.1" 200 -
156.59.198.135 - - [09/Jan/2024:02:55:51 -0500] "GET /BLA/resoluciones/AUTOS%202023/3339.pdf HTTP/1.0" 200 893883
156.59.198.135 - - [09/Jan/2024:02:56:16 -0500] "GET /BLA/resoluciones/AUTOS%202023/1293.pdf HTTP/1.0" 200 393225
156.59.198.136 - - [09/Jan/2024:02:56:41 -0500] "GET /BLA/resoluciones/Notificaciones/AUTOS%202014/4860.doc HTTP/1.0" 200 184320
156.59.198.136 - - [09/Jan/2024:02:57:06 -0500] "GET /BLA/resoluciones/Notificaciones/AUTOS%202014/5753.doc HTTP/1.0" 200 158208
201.245.192.253 - - [09/Jan/2024:02:57:26 -0500] "POST /kwsrmcab/Wsrmcab  HTTP/1.1" 200 36937
156.59.198.135 - - [09/Jan/2024:02:57:30 -0500] "GET /BLA/resoluciones/Notificaciones/AUTOS%202014/3435.doc HTTP/1.0" 200 98304
156.59.198.135 - - [09/Jan/2024:02:57:54 -0500] "GET /BLA/resoluciones/AUTOS%202023/0794.pdf HTTP/1.0" 200 867023
172.22.2.4 - - [09/Jan/2024:02:56:17 -0500] "HEAD /BLA/boletinlegal/ HTTP/1.1" 200 -
156.59.198.136 - - [09/Jan/2024:02:58:20 -0500] "GET /BLA/resoluciones/AUTOS%202023/3790.pdf HTTP/1.0" 200 327377
156.59.198.136 - - [09/Jan/2024:02:58:44 -0500] "GET /BLA/resoluciones/Notificaciones/AUTOS%202014/4583.doc HTTP/1.0" 200 97280
172.22.2.4 - - [09/Jan/2024:02:57:08 -0500] "GET /BLA/boletinlegal/ HTTP/1.1" 200 58172
156.59.198.136 - - [09/Jan/2024:02:59:09 -0500] "GET /BLA/resoluciones/AUTOS%202023/2831.pdf HTTP/1.0" 200 434586
156.59.198.136 - - [09/Jan/2024:02:59:32 -0500] "GET /BLA/resoluciones/RESOLUCIONES%202019/0139.pdf HTTP/1.0" 200 402894
156.59.198.135 - - [09/Jan/2024:02:59:56 -0500] "GET /BLA/resoluciones/Notificaciones/AUTOS%202014/4849.doc HTTP/1.0" 200 95232
156.59.198.136 - - [09/Jan/2024:03:00:21 -0500] "GET /BLA/resoluciones/Notificaciones/AUTOS%202014/7363.doc HTTP/1.0" 200 180736
216.245.221.92 - - [09/Jan/2024:03:00:28 -0500] "HEAD / HTTP/1.1" 200 -
156.59.198.135 - - [09/Jan/2024:03:00:46 -0500] "GET /BLA/resoluciones/AUTOS%202023/4223.pdf HTTP/1.0" 200 432303
156.59.198.136 - - [09/Jan/2024:03:01:10 -0500] "GET /BLA/resoluciones/Notificaciones/AUTOS%202014/6013.doc HTTP/1.0" 200 153088
156.59.198.136 - - [09/Jan/2024:03:01:34 -0500] "GET /BLA/resoluciones/AUTOS%202023/0887.pdf HTTP/1.0" 200 1587529
156.59.198.135 - - [09/Jan/2024:03:01:57 -0500] "GET /BLA/resoluciones/RESOLUCIONES%202019/3461.pdf HTTP/1.0" 200 294322
156.59.198.136 - - [09/Jan/2024:03:02:23 -0500] "GET /BLA/resoluciones/RESOLUCIONES%202019/3571.pdf HTTP/1.0" 200 322343
201.245.192.253 - - [09/Jan/2024:03:02:24 -0500] "POST /kwsrmcab/Wsrmcab  HTTP/1.1" 200 36937
156.59.198.135 - - [09/Jan/2024:03:02:46 -0500] "GET /BLA/resoluciones/RESOLUCIONES%202019/3237.pdf HTTP/1.0" 200 343831
156.59.198.135 - - [09/Jan/2024:03:03:13 -0500] "GET /BLA/resoluciones/AUTOS%202023/0668.pdf HTTP/1.0" 200 376579
52.167.144.136 - - [09/Jan/2024:03:03:22 -0500] "GET /inicia-el-2024-conociendo-la-biodiversidad-de-bogoti.html HTTP/1.1" 200 894
156.59.198.136 - - [09/Jan/2024:03:03:37 -0500] "GET /BLA/resoluciones/AUTOS%202023/1714.pdf HTTP/1.0" 200 403337
172.22.2.4 - - [09/Jan/2024:03:02:07 -0500] "HEAD /BLA/boletinlegal/ HTTP/1.1" 200 -
156.59.198.135 - - [09/Jan/2024:03:04:01 -0500] "GET /BLA/resoluciones/Notificaciones/AUTOS%202014/3186.doc HTTP/1.0" 200 106496
156.59.198.135 - - [09/Jan/2024:03:04:26 -0500] "GET /BLA/resoluciones/AUTOS%202023/0364.pdf HTTP/1.0" 200 445424
172.22.2.4 - - [09/Jan/2024:03:02:58 -0500] "GET /BLA/boletinlegal/ HTTP/1.1" 200 58567
156.59.198.135 - - [09/Jan/2024:03:04:51 -0500] "GET /BLA/resoluciones/RESOLUCIONES%202021/1645.pdf HTTP/1.0" 200 348055
156.59.198.135 - - [09/Jan/2024:03:05:15 -0500] "GET /BLA/resoluciones/RESOLUCIONES%202019/3213.pdf HTTP/1.0" 200 1629377
216.245.221.92 - - [09/Jan/2024:03:05:28 -0500] "HEAD / HTTP/1.1" 200 -
156.59.198.135 - - [09/Jan/2024:03:05:39 -0500] "GET /BLA/resoluciones/Notificaciones/AUTOS%202014/5108.doc HTTP/1.0" 200 95744
156.59.198.135 - - [09/Jan/2024:03:06:05 -0500] "GET /BLA/resoluciones/AUTOS%202023/4129.pdf HTTP/1.0" 200 392610
156.59.198.135 - - [09/Jan/2024:03:06:29 -0500] "GET /BLA/resoluciones/AUTOS%202023/5045.pdf HTTP/1.0" 200 2507581
156.59.198.136 - - [09/Jan/2024:03:06:54 -0500] "GET /BLA/resoluciones/Notificaciones/AUTOS%202014/3870.doc HTTP/1.0" 200 99328
156.59.198.136 - - [09/Jan/2024:03:07:19 -0500] "GET /BLA/resoluciones/Notificaciones/AUTOS%202014/4237.doc HTTP/1.0" 200 96768
201.245.192.253 - - [09/Jan/2024:03:07:24 -0500] "POST /kwsrmcab/Wsrmcab  HTTP/1.1" 200 36937
156.59.198.136 - - [09/Jan/2024:03:07:43 -0500] "GET /BLA/resoluciones/AUTOS%202023/4396.pdf HTTP/1.0" 200 503995
156.59.198.136 - - [09/Jan/2024:03:08:06 -0500] "GET /BLA/resoluciones/AUTOS%202023/3907.pdf HTTP/1.0" 200 441873
156.59.198.136 - - [09/Jan/2024:03:08:33 -0500] "GET /BLA/resoluciones/AUTOS%202023/3499.pdf HTTP/1.0" 200 757620
156.59.198.136 - - [09/Jan/2024:03:08:55 -0500] "GET /BLA/resoluciones/Notificaciones/AUTOS%202014/146.doc HTTP/1.0" 200 227328
156.59.198.135 - - [09/Jan/2024:03:09:19 -0500] "GET /BLA/resoluciones/RESOLUCIONES%202019/2009.pdf HTTP/1.0" 200 227168
172.22.2.4 - - [09/Jan/2024:03:07:57 -0500] "HEAD /BLA/boletinlegal/ HTTP/1.1" 200 -
156.59.198.135 - - [09/Jan/2024:03:09:43 -0500] "GET /BLA/resoluciones/RESOLUCIONES%202019/2534.pdf HTTP/1.0" 200 469835
156.59.198.136 - - [09/Jan/2024:03:10:08 -0500] "GET /BLA/resoluciones/Notificaciones/AUTOS%202014/4042.doc HTTP/1.0" 200 96768
172.22.2.4 - - [09/Jan/2024:03:08:48 -0500] "GET /BLA/boletinlegal/ HTTP/1.1" 200 60502
216.245.221.92 - - [09/Jan/2024:03:10:28 -0500] "HEAD / HTTP/1.1" 200 -
156.59.198.136 - - [09/Jan/2024:03:10:32 -0500] "GET /BLA/resoluciones/Notificaciones/AUTOS%202014/6061.doc HTTP/1.0" 200 154112
156.59.198.135 - - [09/Jan/2024:03:10:56 -0500] "GET /BLA/resoluciones/Notificaciones/AUTOS%202014/4695.doc HTTP/1.0" 200 97280
156.59.198.136 - - [09/Jan/2024:03:11:21 -0500] "GET /BLA/resoluciones/RESOLUCIONES%202019/3362.pdf HTTP/1.0" 200 297473
156.59.198.136 - - [09/Jan/2024:03:11:45 -0500] "GET /BLA/resoluciones/AUTOS%202023/5023.pdf HTTP/1.0" 200 812558
156.59.198.135 - - [09/Jan/2024:03:12:09 -0500] "GET /BLA/resoluciones/RESOLUCIONES%202019/3004.pdf HTTP/1.0" 200 490203
201.245.192.253 - - [09/Jan/2024:03:12:22 -0500] "POST /kwsrmcab/Wsrmcab  HTTP/1.1" 200 36937
156.59.198.136 - - [09/Jan/2024:03:12:34 -0500] "GET /BLA/resoluciones/RESOLUCIONES%202019/1467.pdf HTTP/1.0" 200 348344
156.59.198.136 - - [09/Jan/2024:03:12:59 -0500] "GET /BLA/resoluciones/AUTOS%202023/4159.pdf HTTP/1.0" 200 441327
156.59.198.135 - - [09/Jan/2024:03:13:22 -0500] "GET /BLA/resoluciones/AUTOS%202023/1059.pdf HTTP/1.0" 200 457692
156.59.198.136 - - [09/Jan/2024:03:13:47 -0500] "GET /BLA/resoluciones/Notificaciones/AUTOS%202014/5127.doc HTTP/1.0" 200 95744
156.59.198.136 - - [09/Jan/2024:03:14:11 -0500] "GET /BLA/resoluciones/RESOLUCIONES%202019/3636.pdf HTTP/1.0" 200 273567
156.59.198.135 - - [09/Jan/2024:03:14:36 -0500] "GET /BLA/resoluciones/Notificaciones/AUTOS%202014/4375.doc HTTP/1.0" 200 96256
156.59.198.135 - - [09/Jan/2024:03:15:01 -0500] "GET /BLA/resoluciones/Notificaciones/AUTOS%202014/556.pdf HTTP/1.0" 200 260096
201.245.192.253 - - [09/Jan/2024:03:15:00 -0500] "POST /kwsrmcab/Wsrmcab HTTP/1.1" 200 36441
201.245.192.253 - - [09/Jan/2024:03:15:03 -0500] "POST /kwsrmcab/Wsrmcab HTTP/1.1" 200 36795
156.59.198.135 - - [09/Jan/2024:03:15:25 -0500] "GET /BLA/resoluciones/AUTOS%202023/2559.pdf HTTP/1.0" 200 2381685
172.22.2.4 - - [09/Jan/2024:03:13:47 -0500] "HEAD /BLA/boletinlegal/ HTTP/1.1" 200 -
216.245.221.92 - - [09/Jan/2024:03:15:28 -0500] "HEAD / HTTP/1.1" 200 -
156.59.198.135 - - [09/Jan/2024:03:15:50 -0500] "GET /BLA/resoluciones/AUTOS%202023/4228.pdf HTTP/1.0" 200 804284
