201.245.192.253 - - [09/Jan/2024:16:54:14 -0500] "POST /sipse/faces/presentacion/financiero/solicitudProceso/consultarSolicitudProceso.xhtml HTTP/1.1" 302 -
201.245.192.253 - - [09/Jan/2024:16:54:14 -0500] "GET /sipse/faces/autenticacion.xhtml HTTP/1.1" 200 1099
201.245.192.253 - - [09/Jan/2024:16:54:14 -0500] "POST /sipse/faces/presentacion/financiero/solicitudProceso/consultarSolicitudProceso.xhtml HTTP/1.1" 302 -
201.245.192.253 - - [09/Jan/2024:16:54:14 -0500] "GET /sipse/faces/autenticacion.xhtml HTTP/1.1" 200 1099
201.245.192.253 - - [09/Jan/2024:16:54:15 -0500] "POST /sipse/faces/presentacion/financiero/solicitudProceso/consultarSolicitudProceso.xhtml HTTP/1.1" 302 -
201.245.192.253 - - [09/Jan/2024:16:54:15 -0500] "GET /sipse/faces/autenticacion.xhtml HTTP/1.1" 200 1099
201.245.192.253 - - [09/Jan/2024:16:54:15 -0500] "POST /sipse/faces/presentacion/financiero/solicitudProceso/consultarSolicitudProceso.xhtml HTTP/1.1" 302 -
201.245.192.253 - - [09/Jan/2024:16:54:15 -0500] "GET /sipse/faces/autenticacion.xhtml HTTP/1.1" 200 1099
201.245.192.253 - - [09/Jan/2024:16:54:15 -0500] "POST /sipse/faces/presentacion/financiero/solicitudProceso/consultarSolicitudProceso.xhtml HTTP/1.1" 302 -
201.245.192.253 - - [09/Jan/2024:16:54:15 -0500] "GET /sipse/faces/autenticacion.xhtml HTTP/1.1" 200 1099
201.245.192.253 - - [09/Jan/2024:16:54:15 -0500] "POST /sipse/faces/presentacion/financiero/solicitudProceso/consultarSolicitudProceso.xhtml HTTP/1.1" 302 -
201.245.192.253 - - [09/Jan/2024:16:54:15 -0500] "GET /sipse/faces/autenticacion.xhtml HTTP/1.1" 200 1099
201.245.192.253 - - [09/Jan/2024:16:54:15 -0500] "POST /sipse/faces/presentacion/financiero/solicitudProceso/consultarSolicitudProceso.xhtml HTTP/1.1" 302 -
201.245.192.253 - - [09/Jan/2024:16:54:15 -0500] "GET /sipse/faces/autenticacion.xhtml HTTP/1.1" 200 1099
201.245.192.253 - - [09/Jan/2024:16:54:15 -0500] "POST /sipse/faces/presentacion/financiero/solicitudProceso/consultarSolicitudProceso.xhtml HTTP/1.1" 302 -
201.245.192.253 - - [09/Jan/2024:16:54:15 -0500] "GET /sipse/faces/autenticacion.xhtml HTTP/1.1" 200 1099
201.245.192.253 - - [09/Jan/2024:16:54:15 -0500] "POST /sipse/faces/presentacion/financiero/solicitudProceso/consultarSolicitudProceso.xhtml HTTP/1.1" 302 -
201.245.192.253 - - [09/Jan/2024:16:54:15 -0500] "GET /sipse/faces/autenticacion.xhtml HTTP/1.1" 200 1099
201.245.192.253 - - [09/Jan/2024:16:54:15 -0500] "POST /sipse/faces/presentacion/financiero/solicitudProceso/consultarSolicitudProceso.xhtml HTTP/1.1" 302 -
201.245.192.253 - - [09/Jan/2024:16:54:15 -0500] "GET /sipse/faces/autenticacion.xhtml HTTP/1.1" 200 1099
201.245.192.253 - - [09/Jan/2024:16:54:15 -0500] "POST /sipse/faces/presentacion/financiero/solicitudProceso/consultarSolicitudProceso.xhtml HTTP/1.1" 302 -
201.245.192.253 - - [09/Jan/2024:16:54:15 -0500] "GET /sipse/faces/autenticacion.xhtml HTTP/1.1" 200 1099
201.245.192.253 - - [09/Jan/2024:16:54:15 -0500] "POST /sipse/faces/presentacion/financiero/solicitudProceso/consultarSolicitudProceso.xhtml HTTP/1.1" 302 -
201.245.192.253 - - [09/Jan/2024:16:54:15 -0500] "GET /sipse/faces/autenticacion.xhtml HTTP/1.1" 200 1099
201.245.192.253 - - [09/Jan/2024:16:54:16 -0500] "POST /sipse/faces/presentacion/financiero/solicitudProceso/consultarSolicitudProceso.xhtml HTTP/1.1" 302 -
201.245.192.253 - - [09/Jan/2024:16:54:16 -0500] "GET /sipse/faces/autenticacion.xhtml HTTP/1.1" 200 1099
201.245.192.253 - - [09/Jan/2024:16:54:16 -0500] "POST /sipse/faces/presentacion/financiero/solicitudProceso/consultarSolicitudProceso.xhtml HTTP/1.1" 302 -
201.245.192.253 - - [09/Jan/2024:16:54:16 -0500] "GET /sipse/faces/autenticacion.xhtml HTTP/1.1" 200 1099
172.22.2.4 - - [09/Jan/2024:16:54:22 -0500] "GET /BLA/boletinlegal/actos.php HTTP/1.1" 200 9648
172.22.2.4 - - [09/Jan/2024:16:54:25 -0500] "GET /BLA/boletinlegal/actos.php HTTP/1.1" 200 9648
156.59.198.136 - - [09/Jan/2024:16:54:28 -0500] "GET /BLA/resoluciones/AUTOS%202019/3710.pdf HTTP/1.0" 200 341415
172.22.2.4 - - [09/Jan/2024:16:54:34 -0500] "GET /BLA/boletinlegal/consulta_actos.php?tipo=autos&no=&usuario=&sector=&fecha=2021&resuelve= HTTP/1.1" 200 1197138
172.22.2.4 - - [09/Jan/2024:16:54:38 -0500] "GET /BLA/boletinlegal/consulta_actos.php?tipo=autos&no=&usuario=&sector=&fecha=2021&resuelve= HTTP/1.1" 200 1197138
172.22.2.4 - - [09/Jan/2024:16:54:19 -0500] "GET /BLA/boletinlegal/ HTTP/1.1" 200 24523
156.59.198.136 - - [09/Jan/2024:16:54:54 -0500] "GET /BLA/resoluciones/AUTOS%202019/2593.pdf HTTP/1.0" 200 333145
156.59.198.136 - - [09/Jan/2024:16:55:16 -0500] "GET /BLA/resoluciones/AUTOS%202019/0846.pdf HTTP/1.0" 200 415549
216.245.221.92 - - [09/Jan/2024:16:55:26 -0500] "HEAD / HTTP/1.1" 200 -
156.59.198.135 - - [09/Jan/2024:16:55:40 -0500] "GET /BLA/resoluciones/AUTOS%202019/4270.pdf HTTP/1.0" 200 352768
149.50.96.45 - - [09/Jan/2024:16:55:54 -0500] "GET / HTTP/1.1" 200 319
191.156.237.59 - - [09/Jan/2024:16:56:01 -0500] "GET /BLA/boletinlegal/actos.php HTTP/1.1" 200 9648
191.156.237.59 - - [09/Jan/2024:16:56:02 -0500] "GET /BLA/boletinlegal/images/green-yellow-blue-pink-th.png HTTP/1.1" 200 7394
191.156.237.59 - - [09/Jan/2024:16:56:02 -0500] "GET /BLA/boletinlegal/images/tel.png HTTP/1.1" 200 14477
191.156.235.75 - - [09/Jan/2024:16:56:02 -0500] "GET /BLA/boletinlegal/images/bg_top.jpg HTTP/1.1" 200 522
191.156.237.59 - - [09/Jan/2024:16:56:02 -0500] "GET /BLA/boletinlegal/img/button-right.png HTTP/1.1" 200 57878
191.156.235.75 - - [09/Jan/2024:16:56:02 -0500] "GET /favicon.ico HTTP/1.1" 200 7782
156.59.198.136 - - [09/Jan/2024:16:56:04 -0500] "GET /BLA/resoluciones/AUTOS%202019/1661.pdf HTTP/1.0" 200 585256
191.156.237.59 - - [09/Jan/2024:16:56:13 -0500] "GET /BLA/boletinlegal/consulta_actos.php?tipo=resoluciones&no=00043&usuario=&sector=&fecha=2022&resuelve= HTTP/1.1" 200 626
66.249.66.193 - - [09/Jan/2024:16:56:23 -0500] "GET /distrito-alcanza-ya-15-acuerdos-de-conservacion-por-174-02-hectareas-para-consolidar-varios-ecosistemas-estrategicos-de-bogota.html HTTP/1.1" 304 -
191.156.237.59 - - [09/Jan/2024:16:56:23 -0500] "GET /BLA/boletinlegal/consulta_actos.php?tipo=resoluciones&no=0043&usuario=&sector=&fecha=2022&resuelve= HTTP/1.1" 200 1500
191.156.237.59 - - [09/Jan/2024:16:56:25 -0500] "GET /BLA/resoluciones/RESOLUCIONES%202022/0043.pdf HTTP/1.1" 200 339479
191.156.237.59 - - [09/Jan/2024:16:56:25 -0500] "GET /BLA/resoluciones/RESOLUCIONES%202022/0043.pdf HTTP/1.1" 206 1025
191.156.237.59 - - [09/Jan/2024:16:56:25 -0500] "GET /BLA/resoluciones/RESOLUCIONES%202022/0043.pdf HTTP/1.1" 200 339479
156.59.198.136 - - [09/Jan/2024:16:56:28 -0500] "GET /BLA/resoluciones/AUTOS%202019/3495.pdf HTTP/1.0" 200 457491
190.70.192.175 - - [09/Jan/2024:16:56:34 -0500] "POST /sipse/faces/presentacion/financiero/solicitudProceso/consultarSolicitudProceso.xhtml HTTP/1.1" 302 -
190.70.192.175 - - [09/Jan/2024:16:56:34 -0500] "GET /sipse/faces/autenticacion.xhtml HTTP/1.1" 200 1099
190.70.192.175 - - [09/Jan/2024:16:56:34 -0500] "POST /sipse/faces/presentacion/financiero/solicitudProceso/consultarSolicitudProceso.xhtml HTTP/1.1" 302 -
190.70.192.175 - - [09/Jan/2024:16:56:34 -0500] "GET /sipse/faces/autenticacion.xhtml HTTP/1.1" 200 1099
190.70.192.175 - - [09/Jan/2024:16:56:34 -0500] "POST /sipse/faces/presentacion/financiero/solicitudProceso/consultarSolicitudProceso.xhtml HTTP/1.1" 302 -
190.70.192.175 - - [09/Jan/2024:16:56:34 -0500] "GET /sipse/faces/autenticacion.xhtml HTTP/1.1" 200 1099
216.244.66.195 - - [09/Jan/2024:16:56:41 -0500] "GET /BLA/resoluciones/AUTOS%202007/0306.pdf HTTP/1.1" 200 114786
190.70.192.175 - - [09/Jan/2024:16:56:49 -0500] "GET /sipse/faces/autenticacion.xhtml HTTP/1.1" 200 12401
190.70.192.175 - - [09/Jan/2024:16:56:50 -0500] "GET /sipse/js/disable_browser_buttons.js HTTP/1.1" 304 -
190.70.192.175 - - [09/Jan/2024:16:56:50 -0500] "GET /sipse/js/funciones.js HTTP/1.1" 304 -
190.70.192.175 - - [09/Jan/2024:16:56:50 -0500] "GET /sipse/css/custom_css_sg.css HTTP/1.1" 304 -
190.70.192.175 - - [09/Jan/2024:16:56:50 -0500] "GET /sipse/faces/javax.faces.resource/jquery/jquery.js?ln=primefaces&v=4.0 HTTP/1.1" 304 -
190.70.192.175 - - [09/Jan/2024:16:56:50 -0500] "GET /sipse/css/custom_css_sg_prime_login.css HTTP/1.1" 304 -
190.70.192.175 - - [09/Jan/2024:16:56:50 -0500] "GET /sipse/faces/javax.faces.resource/primefaces.css?ln=primefaces&v=4.0 HTTP/1.1" 304 -
190.70.192.175 - - [09/Jan/2024:16:56:50 -0500] "GET /sipse/faces/javax.faces.resource/theme.css?ln=primefaces-sipse HTTP/1.1" 304 -
190.70.192.175 - - [09/Jan/2024:16:56:50 -0500] "GET /sipse/faces/javax.faces.resource/layout/layout.css?ln=primefaces&v=4.0 HTTP/1.1" 304 -
190.70.192.175 - - [09/Jan/2024:16:56:50 -0500] "GET /sipse/faces/javax.faces.resource/jquery/jquery-plugins.js?ln=primefaces&v=4.0 HTTP/1.1" 304 -
190.70.192.175 - - [09/Jan/2024:16:56:50 -0500] "GET /sipse/faces/javax.faces.resource/primefaces.js?ln=primefaces&v=4.0 HTTP/1.1" 304 -
190.70.192.175 - - [09/Jan/2024:16:56:50 -0500] "GET /sipse/faces/javax.faces.resource/layout/layout.js?ln=primefaces&v=4.0 HTTP/1.1" 304 -
190.70.192.175 - - [09/Jan/2024:16:56:50 -0500] "GET /sipse/css/imagen/logoSDG.png HTTP/1.1" 304 -
190.70.192.175 - - [09/Jan/2024:16:56:51 -0500] "GET /sipse/css/imagen/loginimg.png HTTP/1.1" 304 -
190.70.192.175 - - [09/Jan/2024:16:56:51 -0500] "GET /sipse/faces/javax.faces.resource/images/ui-icons_898989_256x240.png?ln=primefaces-aristo HTTP/1.1" 304 -
190.70.192.175 - - [09/Jan/2024:16:56:51 -0500] "GET /sipse/faces/index.xhtml HTTP/1.1" 200 677
190.70.192.175 - - [09/Jan/2024:16:56:51 -0500] "GET /sipse/faces/javax.faces.resource/theme.css?ln=primefaces-sipse HTTP/1.1" 304 -
190.70.192.175 - - [09/Jan/2024:16:56:51 -0500] "GET /sipse/faces/faces/autenticacion.xhtml HTTP/1.1" 200 12401
190.70.192.175 - - [09/Jan/2024:16:56:52 -0500] "GET /sipse/faces/javax.faces.resource/theme.css?ln=primefaces-sipse HTTP/1.1" 304 -
190.70.192.175 - - [09/Jan/2024:16:56:52 -0500] "GET /sipse/faces/javax.faces.resource/primefaces.css?ln=primefaces&v=4.0 HTTP/1.1" 304 -
190.70.192.175 - - [09/Jan/2024:16:56:52 -0500] "GET /sipse/faces/javax.faces.resource/layout/layout.css?ln=primefaces&v=4.0 HTTP/1.1" 304 -
190.70.192.175 - - [09/Jan/2024:16:56:52 -0500] "GET /sipse/faces/javax.faces.resource/jquery/jquery.js?ln=primefaces&v=4.0 HTTP/1.1" 304 -
190.70.192.175 - - [09/Jan/2024:16:56:52 -0500] "GET /sipse/faces/javax.faces.resource/primefaces.js?ln=primefaces&v=4.0 HTTP/1.1" 304 -
190.70.192.175 - - [09/Jan/2024:16:56:52 -0500] "GET /sipse/faces/javax.faces.resource/jquery/jquery-plugins.js?ln=primefaces&v=4.0 HTTP/1.1" 304 -
190.70.192.175 - - [09/Jan/2024:16:56:52 -0500] "GET /sipse/faces/javax.faces.resource/layout/layout.js?ln=primefaces&v=4.0 HTTP/1.1" 304 -
216.244.66.195 - - [09/Jan/2024:16:56:53 -0500] "GET /BLA/resoluciones/AUTOS%202007/0317.pdf HTTP/1.1" 200 51234
156.59.198.136 - - [09/Jan/2024:16:56:55 -0500] "GET /BLA/resoluciones/AUTOS%202019/4207.pdf HTTP/1.0" 200 396976
190.70.192.175 - - [09/Jan/2024:16:56:56 -0500] "POST /sipse/faces/autenticacion.xhtml HTTP/1.1" 200 2224
190.70.192.175 - - [09/Jan/2024:16:56:56 -0500] "GET /sipse/faces/javax.faces.resource/messages/messages.png?ln=primefaces&v=4.0 HTTP/1.1" 304 -
190.70.192.175 - - [09/Jan/2024:16:56:57 -0500] "GET /sipse/faces/javax.faces.resource/images/ui-icons_898989_256x240.png?ln=primefaces-aristo HTTP/1.1" 304 -
190.70.192.175 - - [09/Jan/2024:16:56:57 -0500] "POST /sipse/faces/autenticacion.xhtml HTTP/1.1" 200 16402
190.70.192.175 - - [09/Jan/2024:16:56:57 -0500] "GET /sipse/css/custom_css_sg_prime.css HTTP/1.1" 304 -
190.70.192.175 - - [09/Jan/2024:16:56:57 -0500] "GET /sipse/faces/javax.faces.resource/primefaces.css?ln=primefaces&v=4.0 HTTP/1.1" 304 -
190.70.192.175 - - [09/Jan/2024:16:56:57 -0500] "GET /sipse/faces/javax.faces.resource/layout/layout.css?ln=primefaces&v=4.0 HTTP/1.1" 304 -
190.70.192.175 - - [09/Jan/2024:16:56:57 -0500] "GET /sipse/faces/javax.faces.resource/theme.css?ln=primefaces-sipse HTTP/1.1" 304 -
190.70.192.175 - - [09/Jan/2024:16:56:57 -0500] "GET /sipse/js/jquery.min.js HTTP/1.1" 304 -
190.70.192.175 - - [09/Jan/2024:16:56:57 -0500] "GET /sipse/faces/javax.faces.resource/jquery/jquery.js?ln=primefaces&v=4.0 HTTP/1.1" 304 -
190.70.192.175 - - [09/Jan/2024:16:56:57 -0500] "GET /sipse/faces/javax.faces.resource/jquery/jquery-plugins.js?ln=primefaces&v=4.0 HTTP/1.1" 304 -
190.70.192.175 - - [09/Jan/2024:16:56:58 -0500] "GET /sipse/faces/javax.faces.resource/primefaces.js?ln=primefaces&v=4.0 HTTP/1.1" 304 -
190.70.192.175 - - [09/Jan/2024:16:56:58 -0500] "GET /sipse/faces/javax.faces.resource/layout/layout.js?ln=primefaces&v=4.0 HTTP/1.1" 304 -
190.70.192.175 - - [09/Jan/2024:16:56:58 -0500] "GET /sipse/css/v_mergente.css HTTP/1.1" 304 -
190.70.192.175 - - [09/Jan/2024:16:56:58 -0500] "GET /sipse/css/imagen/contrasena.png HTTP/1.1" 404 383
190.70.192.175 - - [09/Jan/2024:16:56:58 -0500] "GET /sipse/imagenes/cargando.gif HTTP/1.1" 304 -
190.70.192.175 - - [09/Jan/2024:16:56:58 -0500] "GET /sipse/imagenes/logoAplicacion.jpg HTTP/1.1" 304 -
190.70.192.175 - - [09/Jan/2024:16:57:00 -0500] "GET /sipse/faces/javax.faces.resource/images/ui-bg_flat_0_2d5972_40x100.png?ln=primefaces-aristo HTTP/1.1" 304 -
190.70.192.175 - - [09/Jan/2024:16:57:00 -0500] "POST /sipse/faces/bienvenido.xhtml HTTP/1.1" 200 2658
190.70.192.175 - - [09/Jan/2024:16:57:01 -0500] "POST /sipse/faces/bienvenido.xhtml HTTP/1.1" 200 65123
190.70.192.175 - - [09/Jan/2024:16:57:02 -0500] "GET /sipse/faces/javax.faces.resource/theme.css?ln=primefaces-sipse HTTP/1.1" 304 -
190.70.192.175 - - [09/Jan/2024:16:57:02 -0500] "GET /sipse/faces/javax.faces.resource/primefaces.css?ln=primefaces&v=4.0 HTTP/1.1" 304 -
190.70.192.175 - - [09/Jan/2024:16:57:02 -0500] "GET /sipse/faces/javax.faces.resource/layout/layout.css?ln=primefaces&v=4.0 HTTP/1.1" 304 -
190.70.192.175 - - [09/Jan/2024:16:57:02 -0500] "GET /sipse/faces/javax.faces.resource/jquery/jquery.js?ln=primefaces&v=4.0 HTTP/1.1" 304 -
190.70.192.175 - - [09/Jan/2024:16:57:02 -0500] "GET /sipse/faces/javax.faces.resource/jquery/jquery-plugins.js?ln=primefaces&v=4.0 HTTP/1.1" 304 -
190.70.192.175 - - [09/Jan/2024:16:57:02 -0500] "GET /sipse/faces/javax.faces.resource/primefaces.js?ln=primefaces&v=4.0 HTTP/1.1" 304 -
190.70.192.175 - - [09/Jan/2024:16:57:02 -0500] "GET /sipse/faces/javax.faces.resource/layout/layout.js?ln=primefaces&v=4.0 HTTP/1.1" 304 -
190.70.192.175 - - [09/Jan/2024:16:57:03 -0500] "POST /sipse/faces/presentacion/financiero/solicitudProceso/listarSolicitudProceso.xhtml HTTP/1.1" 200 1556
216.244.66.195 - - [09/Jan/2024:16:57:04 -0500] "GET /BLA/resoluciones/AUTOS%202007/0573.pdf HTTP/1.1" 200 80450
190.70.192.175 - - [09/Jan/2024:16:57:10 -0500] "POST /sipse/faces/presentacion/financiero/solicitudProceso/listarSolicitudProceso.xhtml HTTP/1.1" 200 44876
190.70.192.175 - - [09/Jan/2024:16:57:12 -0500] "POST /sipse/faces/presentacion/financiero/solicitudProceso/listarSolicitudProceso.xhtml HTTP/1.1" 200 15081
190.70.192.175 - - [09/Jan/2024:16:57:12 -0500] "POST /sipse/faces/presentacion/financiero/solicitudProceso/listarSolicitudProceso.xhtml HTTP/1.1" 200 15089
190.70.192.175 - - [09/Jan/2024:16:57:14 -0500] "POST /sipse/faces/presentacion/financiero/solicitudProceso/listarSolicitudProceso.xhtml HTTP/1.1" 200 15077
216.244.66.195 - - [09/Jan/2024:16:57:14 -0500] "GET /BLA/resoluciones/AUTOS%202007/0608.pdf HTTP/1.1" 200 70582
190.70.192.175 - - [09/Jan/2024:16:57:15 -0500] "POST /sipse/faces/presentacion/financiero/solicitudProceso/listarSolicitudProceso.xhtml HTTP/1.1" 200 15089
190.70.192.175 - - [09/Jan/2024:16:57:16 -0500] "POST /sipse/faces/presentacion/financiero/solicitudProceso/listarSolicitudProceso.xhtml HTTP/1.1" 200 15073
186.29.15.139 - - [09/Jan/2024:16:57:17 -0500] "GET /appsia/controlador HTTP/1.1" 200 4799
190.70.192.175 - - [09/Jan/2024:16:57:17 -0500] "POST /sipse/faces/presentacion/financiero/solicitudProceso/listarSolicitudProceso.xhtml HTTP/1.1" 200 15085
186.29.15.139 - - [09/Jan/2024:16:57:17 -0500] "GET /appsia/css/estilos.css HTTP/1.1" 200 4804
186.29.15.139 - - [09/Jan/2024:16:57:17 -0500] "GET /appsia/scripts/validarIngreso.js HTTP/1.1" 200 851
186.29.15.139 - - [09/Jan/2024:16:57:18 -0500] "GET /appsia/images/cabezoteHojaVida.png HTTP/1.1" 200 32493
186.29.15.139 - - [09/Jan/2024:16:57:18 -0500] "GET /appsia/images/logo_bogota_p.png HTTP/1.1" 200 14951
186.29.15.139 - - [09/Jan/2024:16:57:18 -0500] "GET /favicon.ico HTTP/1.1" 200 7782
156.59.198.135 - - [09/Jan/2024:16:57:18 -0500] "GET /BLA/resoluciones/AUTOS%202019/2256.pdf HTTP/1.0" 200 350434
190.70.192.175 - - [09/Jan/2024:16:57:18 -0500] "POST /sipse/faces/presentacion/financiero/solicitudProceso/listarSolicitudProceso.xhtml HTTP/1.1" 200 15073
190.70.192.175 - - [09/Jan/2024:16:57:20 -0500] "POST /sipse/faces/presentacion/financiero/solicitudProceso/listarSolicitudProceso.xhtml HTTP/1.1" 200 44844
216.244.66.195 - - [09/Jan/2024:16:57:23 -0500] "GET /BLA/resoluciones/AUTOS%202007/0671.pdf HTTP/1.1" 200 64111
216.244.66.195 - - [09/Jan/2024:16:57:31 -0500] "GET /BLA/resoluciones/AUTOS%202007/0717.pdf HTTP/1.1" 200 146564
186.29.15.139 - - [09/Jan/2024:16:57:34 -0500] "POST /appsia/controlador HTTP/1.1" 200 3599
186.29.15.139 - - [09/Jan/2024:16:57:34 -0500] "GET /appsia/jscripts/validarSolicitud.js HTTP/1.1" 404 68
156.59.198.135 - - [09/Jan/2024:16:57:43 -0500] "GET /BLA/resoluciones/AUTOS%202019/3580.pdf HTTP/1.0" 200 2083621
216.244.66.195 - - [09/Jan/2024:16:57:45 -0500] "GET /BLA/resoluciones/AUTOS%202007/0723.pdf HTTP/1.1" 200 637951
216.244.66.195 - - [09/Jan/2024:16:57:55 -0500] "GET /BLA/resoluciones/AUTOS%202007/0823.pdf HTTP/1.1" 200 150954
201.245.192.253 - - [09/Jan/2024:16:57:56 -0500] "GET /sipse/faces/javax.faces.resource/theme.css?ln=primefaces-sipse HTTP/1.1" 304 -
201.245.192.253 - - [09/Jan/2024:16:57:57 -0500] "GET /sipse/faces/faces/autenticacion.xhtml HTTP/1.1" 200 12401
201.245.192.253 - - [09/Jan/2024:16:57:57 -0500] "GET /sipse/faces/javax.faces.resource/theme.css?ln=primefaces-sipse HTTP/1.1" 304 -
201.245.192.253 - - [09/Jan/2024:16:57:57 -0500] "GET /sipse/faces/javax.faces.resource/primefaces.css?ln=primefaces&v=4.0 HTTP/1.1" 304 -
201.245.192.253 - - [09/Jan/2024:16:57:57 -0500] "GET /sipse/faces/javax.faces.resource/layout/layout.css?ln=primefaces&v=4.0 HTTP/1.1" 304 -
201.245.192.253 - - [09/Jan/2024:16:57:57 -0500] "GET /sipse/faces/javax.faces.resource/jquery/jquery.js?ln=primefaces&v=4.0 HTTP/1.1" 304 -
201.245.192.253 - - [09/Jan/2024:16:57:57 -0500] "GET /sipse/faces/javax.faces.resource/jquery/jquery-plugins.js?ln=primefaces&v=4.0 HTTP/1.1" 304 -
201.245.192.253 - - [09/Jan/2024:16:57:57 -0500] "GET /sipse/faces/javax.faces.resource/primefaces.js?ln=primefaces&v=4.0 HTTP/1.1" 304 -
201.245.192.253 - - [09/Jan/2024:16:57:57 -0500] "GET /sipse/faces/javax.faces.resource/layout/layout.js?ln=primefaces&v=4.0 HTTP/1.1" 304 -
201.245.192.253 - - [09/Jan/2024:16:57:57 -0500] "GET /sipse/faces/javax.faces.resource/images/ui-icons_898989_256x240.png?ln=primefaces-aristo HTTP/1.1" 304 -
216.244.66.195 - - [09/Jan/2024:16:58:04 -0500] "GET /BLA/resoluciones/AUTOS%202007/0971.pdf HTTP/1.1" 200 70047
156.59.198.136 - - [09/Jan/2024:16:58:08 -0500] "GET /BLA/resoluciones/AUTOS%202019/3407.pdf HTTP/1.0" 200 1955200
172.22.2.4 - - [09/Jan/2024:16:56:28 -0500] "HEAD /BLA/boletinlegal/ HTTP/1.1" 200 -
216.244.66.195 - - [09/Jan/2024:16:58:11 -0500] "GET /BLA/resoluciones/AUTOS%202007/1031.pdf HTTP/1.1" 200 106332
216.244.66.195 - - [09/Jan/2024:16:58:18 -0500] "GET /BLA/resoluciones/AUTOS%202007/1079.pdf HTTP/1.1" 200 25544
216.244.66.195 - - [09/Jan/2024:16:58:23 -0500] "GET /BLA/resoluciones/AUTOS%202007/1345.pdf HTTP/1.1" 200 34853
190.70.192.175 - - [09/Jan/2024:16:58:26 -0500] "POST /sipse/faces/presentacion/financiero/solicitudProceso/listarSolicitudProceso.xhtml HTTP/1.1" 200 44547
190.70.192.175 - - [09/Jan/2024:16:58:27 -0500] "POST /sipse/faces/presentacion/financiero/solicitudProceso/listarSolicitudProceso.xhtml HTTP/1.1" 200 44559
216.244.66.195 - - [09/Jan/2024:16:58:28 -0500] "GET /BLA/resoluciones/AUTOS%202007/1422.pdf HTTP/1.1" 200 25664
162.55.162.137 - - [09/Jan/2024:16:58:29 -0500] "GET / HTTP/1.1" 200 319
190.70.192.175 - - [09/Jan/2024:16:58:29 -0500] "POST /sipse/faces/presentacion/financiero/solicitudProceso/listarSolicitudProceso.xhtml HTTP/1.1" 200 44832
162.55.162.137 - - [09/Jan/2024:16:58:31 -0500] "GET / HTTP/1.1" 200 4720
190.70.192.175 - - [09/Jan/2024:16:58:32 -0500] "POST /sipse/faces/presentacion/financiero/solicitudProceso/listarSolicitudProceso.xhtml HTTP/1.1" 200 45123
216.244.66.195 - - [09/Jan/2024:16:58:33 -0500] "GET /BLA/resoluciones/AUTOS%202007/1508.pdf HTTP/1.1" 200 201122
201.245.192.253 - - [09/Jan/2024:16:58:31 -0500] "POST /kwsrmcab/Wsrmcab  HTTP/1.1" 200 36937
156.59.198.135 - - [09/Jan/2024:16:58:34 -0500] "GET /BLA/resoluciones/AUTOS%202019/4875.pdf HTTP/1.0" 200 376355
190.70.192.175 - - [09/Jan/2024:16:58:35 -0500] "POST /sipse/faces/presentacion/financiero/solicitudProceso/listarSolicitudProceso.xhtml HTTP/1.1" 200 17821
190.70.192.175 - - [09/Jan/2024:16:58:36 -0500] "POST /sipse/faces/presentacion/financiero/solicitudProceso/listarSolicitudProceso.xhtml HTTP/1.1" 200 17833
216.244.66.195 - - [09/Jan/2024:16:58:38 -0500] "GET /BLA/resoluciones/AUTOS%202007/1862.pdf HTTP/1.1" 200 63989
190.70.192.175 - - [09/Jan/2024:16:58:40 -0500] "POST /sipse/faces/presentacion/financiero/solicitudProceso/listarSolicitudProceso.xhtml HTTP/1.1" 200 161595
190.70.192.175 - - [09/Jan/2024:16:58:41 -0500] "GET /sipse/faces/javax.faces.resource/theme.css?ln=primefaces-sipse HTTP/1.1" 304 -
190.70.192.175 - - [09/Jan/2024:16:58:41 -0500] "GET /sipse/faces/javax.faces.resource/primefaces.css?ln=primefaces&v=4.0 HTTP/1.1" 304 -
190.70.192.175 - - [09/Jan/2024:16:58:41 -0500] "GET /sipse/faces/javax.faces.resource/layout/layout.css?ln=primefaces&v=4.0 HTTP/1.1" 304 -
190.70.192.175 - - [09/Jan/2024:16:58:41 -0500] "GET /sipse/faces/javax.faces.resource/jquery/jquery.js?ln=primefaces&v=4.0 HTTP/1.1" 304 -
190.70.192.175 - - [09/Jan/2024:16:58:41 -0500] "GET /sipse/faces/javax.faces.resource/jquery/jquery-plugins.js?ln=primefaces&v=4.0 HTTP/1.1" 304 -
190.70.192.175 - - [09/Jan/2024:16:58:41 -0500] "GET /sipse/faces/javax.faces.resource/primefaces.js?ln=primefaces&v=4.0 HTTP/1.1" 304 -
190.70.192.175 - - [09/Jan/2024:16:58:41 -0500] "GET /sipse/faces/javax.faces.resource/layout/layout.js?ln=primefaces&v=4.0 HTTP/1.1" 304 -
216.244.66.195 - - [09/Jan/2024:16:58:41 -0500] "GET /BLA/resoluciones/AUTOS%202009/0837.pdf HTTP/1.1" 200 85528
216.244.66.195 - - [09/Jan/2024:16:58:45 -0500] "GET /BLA/resoluciones/AUTOS%202009/0854.pdf HTTP/1.1" 200 67764
216.244.66.195 - - [09/Jan/2024:16:58:47 -0500] "GET /BLA/resoluciones/AUTOS%202009/0887.pdf HTTP/1.1" 200 121374
190.70.192.175 - - [09/Jan/2024:16:58:51 -0500] "POST /sipse/faces/presentacion/financiero/solicitudProceso/consultarSolicitudProceso.xhtml HTTP/1.1" 200 2136390
216.244.66.195 - - [09/Jan/2024:16:58:54 -0500] "GET /BLA/resoluciones/AUTOS%202009/1439.pdf HTTP/1.1" 200 124669
156.59.198.135 - - [09/Jan/2024:16:58:57 -0500] "GET /BLA/resoluciones/AUTOS%202019/1671.pdf HTTP/1.0" 200 649572
216.244.66.195 - - [09/Jan/2024:16:58:58 -0500] "GET /BLA/resoluciones/AUTOS%202009/1498.pdf HTTP/1.1" 200 190525
172.22.2.4 - - [09/Jan/2024:16:57:19 -0500] "GET /BLA/boletinlegal/ HTTP/1.1" 200 58567
216.244.66.195 - - [09/Jan/2024:16:59:04 -0500] "GET /BLA/resoluciones/AUTOS%202009/1734.pdf HTTP/1.1" 200 98153
216.244.66.195 - - [09/Jan/2024:16:59:07 -0500] "GET /BLA/resoluciones/AUTOS%202009/1855.pdf HTTP/1.1" 200 99414
216.244.66.195 - - [09/Jan/2024:16:59:10 -0500] "GET /BLA/resoluciones/AUTOS%202009/2017.pdf HTTP/1.1" 200 101542
216.244.66.195 - - [09/Jan/2024:16:59:13 -0500] "GET /BLA/resoluciones/AUTOS%202009/2150.pdf HTTP/1.1" 200 83430
186.102.43.208 - - [09/Jan/2024:16:59:19 -0500] "GET /appsia/controlador HTTP/1.1" 200 4799
186.102.43.208 - - [09/Jan/2024:16:59:20 -0500] "GET /appsia/css/estilos.css HTTP/1.1" 200 4804
186.102.43.208 - - [09/Jan/2024:16:59:20 -0500] "GET /appsia/scripts/validarIngreso.js HTTP/1.1" 200 851
186.102.43.208 - - [09/Jan/2024:16:59:20 -0500] "GET /appsia/images/logo_bogota_p.png HTTP/1.1" 200 14951
186.102.43.208 - - [09/Jan/2024:16:59:20 -0500] "GET /appsia/images/cabezoteHojaVida.png HTTP/1.1" 200 32493
186.102.43.208 - - [09/Jan/2024:16:59:20 -0500] "GET /favicon.ico HTTP/1.1" 200 7782
216.244.66.195 - - [09/Jan/2024:16:59:21 -0500] "GET /BLA/resoluciones/AUTOS%202009/2162.pdf HTTP/1.1" 200 88261
156.59.198.135 - - [09/Jan/2024:16:59:22 -0500] "GET /BLA/resoluciones/AUTOS%202019/4895.pdf HTTP/1.0" 200 1684829
186.29.228.3 - - [09/Jan/2024:16:59:25 -0500] "GET /kwssiamovil/sm/des/ldap/au?x=U2FsdGVkX1+iU0V+1WJQ+XzbjzbdMTBm9ssVnxyhQf/f5iZ6Mx6eQQTXAV/zIbpu&y=U2FsdGVkX1/Q5iZpXbwCP6jdhhK18OWBOpCwxYAGb4rbpm5WjMnFs8nBSuJGkL7+ HTTP/1.1" 200 31
216.244.66.195 - - [09/Jan/2024:16:59:27 -0500] "GET /BLA/resoluciones/AUTOS%202009/2215.pdf HTTP/1.1" 200 113283
186.29.228.3 - - [09/Jan/2024:16:59:30 -0500] "GET /kwssiamovil/sm/des/ldap/au?x=U2FsdGVkX1+NBGOMCDRu12cbgXC+CVa34BUo0Z4c/edxwapbPW5SysMcnrKrbSyo&y=U2FsdGVkX1+16uZcqMwBGAuPR2KT2SSMc+IeL2cWScwGP3wYCG1J4mFC+jopQa6y HTTP/1.1" 200 30
186.29.228.3 - - [09/Jan/2024:16:59:30 -0500] "GET /kwssiamovil/sm/des/acme/s?s=U2FsdGVkX18902pjwEVzqQLrS/4k6iBXamIYknaNoQxF29x34rEwzJnESnQtGi9AXEraLuC4QKdDYXZsETl4X1s/P7JMZQhX6ohENRpIgk0=&u=U2FsdGVkX18OE2Nf8v10wsGX9olGRFiJTv2b5wA5vCc=&y=U2FsdGVkX1+16uZcqMwBGAuPR2KT2SSMc+IeL2cWScwGP3wYCG1J4mFC+jopQa6y HTTP/1.1" 200 97
186.29.228.3 - - [09/Jan/2024:16:59:32 -0500] "GET /kwssiamovil/sm/des/acme/s?s=U2FsdGVkX1/nnHT1Mi2/n64RzpBLQkv4J5VaQ4rvOEGC9Tm+nHa19+oJcQJgcUmkZpTCSLDOvXMzCzqALbsl1/AIDpAw47RAemeGH74UPQCKFlsCSKvd7djscIBSuLqF8APmshbX0zgze4fCp2d35dmr9ANQj+JdTZK9itrEge1jfaQijBWsuZCFDWMxKUgJ74ZvHpEIShzVpkT0LbmF4t6etZLk+xYojIprd7HdftPmeaAoSZ4hQl4/aGYAEQhzK1399c+xDsy4ItzS+qMm6YBuN+iAKDVZi+hNllkrmRtxTSqOVUeUs9c/AmI05uo4pFtTm37/cM5W8Mbm4yf39Hdj0WpaB34/reKKogxVs18ASApKLNhD/pP2CXf5h2cDfBQW0eLR7ZZ/PMhpOWI2Kwh2o8zPIG1tkFO1GUrc93VhWwvHLJToP3ziu5hN/YNgEEMqwpl6RVC8rghcm5m7ZWy7fW+H3flYqzJLIVNv6Akp1W/uhch8Yw/A4JO19ruV7GSvmV8XouzWU/xCHquvk1dPoOA1odimpk37A9XZJf5EKGuZdqCcZc5JNjz7GLi92Jw2dJZZdhMerM6kITljJVDIFq79kde5O+rhyychBqKSSLwMf5Kbe5azMMF61Fhib4FLzmUyVq/virtqEyiyqtQdF1szhKfwdpoMKvNyDDUOVuwAUSd99qbf9n0Ij7Uw5Hv1uluiD120GJXBh5z9K1md8SKEQWOd3GX01ttCx/hN19mz8fnZCXfqOtHWLZZogoNXlESOYAXDeSIzC0s6eDKfhFZlhDSiu0YN2u+2oQM9MN8/gf9pBJNftaHan6N3EN/Emt3e97efuvJqZsa3TOUS8QmQf1btXMyGxSbx/lWHUZxMb8ta8drtaULS0svUDlhPqPD8yABbec+qOKTonGgtUgqhhiYCSlxiamagXpyogupR1UjCXR8bjqYT4gL/WW/6v5PNZgjcoTSrnq2dSED/PyYDLNZLanjQCIlwKQs5ips6V4OvHKf3FXQMiqHO4AtzxeBFHpYufGxYSmYQHP2y8aIf1X9yO5W8WJDyPYDXC+9OV8YRnEBkm6h/KyjEm7CFDYzG/yNKJHOsb2jc1LCCEb3TXPHs/4LBzgUwRQXKuuEtoz70pt5QjAh7iH0c2OB40U7rSI09alR76vOIgh4bNcro3Ir7oIiOQjqrAu56gWUL9SWvrKcspWMA9cmZjmKc5fai5oxf9yJqoxlRzCyOZikghrDVWN+4x3dlOpq+mk4SdKZ7XkyGTFxtCFoGmXbYkrQzuNC8Fne36eDhkIoR1H4CAjZyLp/Msv9a9JUDlDHrcsHuhbBt0ivOX/0cGmyftCKauf6vhQcLR4d3UIZJnt+W5IY7QCtyVk7bdKzgED4eAYxsCz6YK2UL1OuQSGuXooltOLKHHSBQahhgxukqCgM2nfpQYR/Noa3xNIr1VONuphLl7aC68J5Dvdkd2j4b+mzed8a2qKTVGaSp5sw5IkBOo2h7iWh57hxMp2S7ifBdfbWDssA92FPhUquPwrqrpgZseIL/Dh2Oh4p05Ca0HupNOrbtNJux1xOIThOsIpuT9Bx/hhJsNcqVbK41GA3W7fR2y0EvN+vR1tcVH4AKwgUcsNmBaRgp2HwQ7yizcSuqT5othy5Gx/VGS8hNsnepLgQllQvuz+Z2KeLELHM1C4pId/cyjFrkCA0xwgYM+9uDoLsl7eEnuKvljkp+IJLaQ6wgwgxpgn+dY//VqHVYd/IvclZJG9+llcoh+xE=&u=U2FsdGVkX18OE2Nf8v10wsGX9olGRFiJTv2b5wA5vCc=&y=U2FsdGVkX1+16uZcqMwBGAuPR2KT2SSMc+IeL2cWScwGP3wYCG1J4mFC+jopQa6y HTTP/1.1" 200 539
186.29.228.3 - - [09/Jan/2024:16:59:32 -0500] "GET /kwssiamovil/sm/des/acme/s?s=U2FsdGVkX1/3OGCcs3otwKUHqdXhQE/QEXg5RzmADBnHC0/qqDd+UUVz9tmDEZw72j7iF2VSLr6/LHanukyLoeZ+WlGYlml4bonwE8nI2Ifz5ie8LwKLn84yNIDybHO/31zU2rEY8GyWFzWQyerEgVsez3r04VkjtecVrJNRZnimVyktaNi0SoKtykzvlnMwG2wpw7geVHqVMlcLy7WzrB3hDnV93kEIwvv73WzkeTWRkygpElzzP0pumwp72Tdw6hl9PU8u9tkDYl7GdGgKDBiEtKAhldb17iqNgd8o1Xa7hShckjOxT063QeQcyNfHZZ1QWvkHDZDLM8PxHun6XcMQ5TRekI/MRpNKcdAZmb9rc9Nf1JXVbjccjGqWjSP0A1zV70vQt7GdrDdtKkWqqqPYVM6iTOJ03G2JUBYi1vGrMD/x663IiaZpV/dm7pl3Ta867feuB6fVdFmWtlDbJr5vUxWK5SLZgoGeJWi8g8Vdrpwci90U0zw8Xt8xkETdlL+elF6tWTCcHEEBRcmM1VRWHVtNO/fZR4/CQBWNBe6z+rhHqOBXmSjJ1cOysURvAJv0cdVjW8bVniU1B8UU7CfwT1e1Ie27m0AdITgHbeE1IHUlPWNBZZ7v0v05F5X2peUESX7H9yt4dUV2sMP47ycNHQAbHee9sw7HLk7FzQcxXSENRocDPyQ7FTkf4f74fi/I2IfFLyFiUSnjDvJhsE9BBJPUW77GlBFYb6FSPBsFtnMB6KQXsaboQsKaD2iV&u=U2FsdGVkX18OE2Nf8v10wsGX9olGRFiJTv2b5wA5vCc=&y=U2FsdGVkX1+16uZcqMwBGAuPR2KT2SSMc+IeL2cWScwGP3wYCG1J4mFC+jopQa6y HTTP/1.1" 200 222
216.244.66.195 - - [09/Jan/2024:16:59:34 -0500] "GET /BLA/resoluciones/AUTOS%202009/2235.pdf HTTP/1.1" 200 125301
186.29.228.3 - - [09/Jan/2024:16:59:32 -0500] "GET /kwssiamovil/sm/des/cjson/pre?f=19&x=U2FsdGVkX1+NBGOMCDRu12cbgXC+CVa34BUo0Z4c/edxwapbPW5SysMcnrKrbSyo HTTP/1.1" 200 65817
156.59.198.136 - - [09/Jan/2024:16:59:47 -0500] "GET /BLA/resoluciones/AUTOS%202019/1964.pdf HTTP/1.0" 200 600494
216.244.66.195 - - [09/Jan/2024:16:59:49 -0500] "GET /BLA/resoluciones/AUTOS%202009/2770.pdf HTTP/1.1" 200 98024
216.244.66.195 - - [09/Jan/2024:17:00:00 -0500] "GET /BLA/resoluciones/AUTOS%202009/2874.pdf HTTP/1.1" 200 76684
216.244.66.195 - - [09/Jan/2024:17:00:10 -0500] "GET /BLA/resoluciones/AUTOS%202011/0218.pdf HTTP/1.1" 200 173177
156.59.198.136 - - [09/Jan/2024:17:00:11 -0500] "GET /BLA/resoluciones/AUTOS%202019/2474.pdf HTTP/1.0" 200 994527
216.244.66.195 - - [09/Jan/2024:17:00:19 -0500] "GET /BLA/resoluciones/AUTOS%202011/0222.pdf HTTP/1.1" 200 157077
216.245.221.92 - - [09/Jan/2024:17:00:26 -0500] "HEAD / HTTP/1.1" 200 -
186.29.228.3 - - [09/Jan/2024:17:00:28 -0500] "GET /kwssiamovil/sm/des/ldap/au?x=U2FsdGVkX18NEFk4mUhVcpH4UfKr652NqZ/qAEf2lqYU7qPrOBmYJtzo0O2yKPck&y=U2FsdGVkX1+A44ZvE/i4t8xphTkkemFrV7r4XFzmskg= HTTP/1.1" 200 31
216.244.66.195 - - [09/Jan/2024:17:00:29 -0500] "GET /BLA/resoluciones/AUTOS%202011/0854.pdf HTTP/1.1" 200 162207
190.70.192.175 - - [09/Jan/2024:17:00:32 -0500] "POST /sipse/faces/presentacion/financiero/solicitudProceso/consultarSolicitudProceso.xhtml HTTP/1.1" 200 2136390
156.59.198.136 - - [09/Jan/2024:17:00:34 -0500] "GET /BLA/resoluciones/AUTOS%202019/1846.pdf HTTP/1.0" 200 1210741
186.29.228.3 - - [09/Jan/2024:17:00:35 -0500] "GET /kwssiamovil/sm/des/ldap/au?x=U2FsdGVkX1+nourN3lbqRBE9xC6yB0J73K0s1GnCAThZGdINZrf7nK7J9XXsXvsc&y=U2FsdGVkX18ccNvIBCg/WvxKLPt4HVn6eVqV6r2oPPk= HTTP/1.1" 200 30
216.244.66.195 - - [09/Jan/2024:17:00:38 -0500] "GET /BLA/resoluciones/AUTOS%202011/0888.pdf HTTP/1.1" 200 295139
216.244.66.195 - - [09/Jan/2024:17:00:45 -0500] "GET /BLA/resoluciones/AUTOS%202011/1944.pdf HTTP/1.1" 200 116800
186.29.228.3 - - [09/Jan/2024:17:00:50 -0500] "GET /kwssiamovil/sm/des/ldap/au?x=U2FsdGVkX18M41zTkQSnIaH/O9Y2Es7TbyqikR3MRO3CM12v0fSapJgCpVoWguL5&y=U2FsdGVkX1+7bmi9xb89QNMHY8hyYm69WJXsFsHSeni1SvtvJNneGaUTvEEoBr3f HTTP/1.1" 200 30
186.29.228.3 - - [09/Jan/2024:17:00:50 -0500] "GET /kwssiamovil/sm/des/acme/s?s=U2FsdGVkX1+/EbgP2ApcgTqb4uEDikZbEasP7F4nqfpy2RtvuGJE9jbUL8Vdd4fOexgchv2NI3zQ76gnJSj1xBIj4Rm0ovPgesewRQxHzfo=&u=U2FsdGVkX18PfM7fMXXIKCZp4dYrc+gSwIAXA2GdGr4=&y=U2FsdGVkX1+7bmi9xb89QNMHY8hyYm69WJXsFsHSeni1SvtvJNneGaUTvEEoBr3f HTTP/1.1" 200 97
186.29.228.3 - - [09/Jan/2024:17:00:50 -0500] "GET /kwssiamovil/sm/des/acme/s?s=U2FsdGVkX1864AG0Rnk/Y2s34ts6QnUp2+o3yZCPjuockrN8BUsNMYdQx7ytdhxBRYWwcOiVVKPuW9juYH94I7AkF4HFBaLo/chDksQqtzEBV/EoPsboOU4FYgzkd+b7zyj9Umfx98NtNFasJiIm11QBHYGJNWe5u9Z9ioVP/7lzZUfE+qboJvG97F/Vqk6gGAwyEIsv4VUsjHdGHAbhVGVC/arzd4mE0FtPA9BpV1+lRQ09GWJ585JpJFqWIXdv/FS7g69NDUDLWdeMjgPgDHoi+DZsOSoRjpVTnk5H4qToO/b3VFEy8s08gnEhAEqpyhVU2VK13YBgW0Vc0a9GpaeHcXxYsUVd1J0DKE2vCVApc4qbYdePjiRPazeaqspH7vgZxebl4fyXnSVB+F/D60Jhb2AXPIZdf1x9knwtcEfItxPKvAP1+bCAjcLec/mlcIB4GZPES22k1qLqbZFe6DScRXvazCaiECf0TeM/F3N5gZmoEpAKBBfsrBBEgppBu4zDnoamOq3mOHp8lBIWYpuuS7z29lx2PBcfv86guFQChK2hpDi/zHOUBvbKkgREcIgVPeJXP0QsKYNCN6hK6aCHQ6DxabY/DONDPV4B3mo8NBksi1/J83VCLSgWRpCy/qxiITCBYIRj3knBh+K9vj1oq8WvDtOSQebv0mWqYfHHiLRQqyDy7vkqi/X7GnGYWOlQWbI+HeJeFaSl3F4dl7lEr0lF1Oo2CJ9sG/EK88SFo5qJv1jiva/Wyk2SOesIWnFpbCX1LywvxJhtLNFK4emgheXNVaZ8z4th9jdhAzGaopwCXZVFFgZP2Z0YDr1f6GRfaxIBVl/Ihsoq13rZZL46VGt4wOH1nBVGhVE+xfnWjueb3oTn8DLXkQ8gCkR1K16GHHlErORpBc+QCcHWdWOeJOQRm/xZPcsGpUhvFf3ctd7nh3v+6QADrPxrP3mwI0fn1SWEHZLfLkE3lbAjuGq6+bW75iWbKbr/V2Xj6i0AxE0ssnDHKVmkWwm93L8L0P0w65V4g7xhDw4T/PS50R0RFpfvkUejABbvilaeHPoY/1eljJSqEujl+7IjoGZzaByjDpRKLzHp64+XerQw7YEXICq+2G6NEOKTEna6Nx0QsdkzqgQS+3mo0RmqgoR/e91ZNKkW5XZwrpOLfApuE8Zi4LZOn1wPCXiSc1jHNqL4kfRb7Ey4BRcgJ6GbbVcKjATooBXP9VmuavzQp3Da9eJ/eYHHon+0I5zJ8wjVQbAJ59gu9w8lwykiYQ9QyFOSdOe1O5N3ZMKYEo2o9w7VKPfpYTkUwa6faUvP+5Ks8PxLL3fHYRp3knkqgezrOFRXWmtbUgQhC0tc0FQoM7thuNDhZDtUSi9rDi2b6J3BEk1aGTbKMq6puX6ZMEuTnJ8U1wgBGix3UGKI3Da47Wc+hxZJk9M4Nmh+zVo3CqS06i16gb+WP4POQLWZwVp55vhyg2COgCm444ES3YXW4T7p99wouS8LD4ZQDC3LivyNGh3zNDHwGL4Zfcxmd3iD96LH14fpmIVknmyBbMI08rgnrfMQYfmkSEX/a94WtmdVW4iLdX/XW0hB+6M6muSHQGwzWYcHU3H2pb4jYIm7iFMxZdSSyFmL50jBEFq86m5AyLkd2JWC7ZnP6c09Aef7aYtxyljaTx4FbuJd6phENRz5yz6PpQXVMGY2hNH9yKeKfZkkT0f89YmR99Duw8ooNu3ecXRAyH6tI8beBS02p9ykOjAR5eAO2ZZCmAgdLlbJQM4=&u=U2FsdGVkX18PfM7fMXXIKCZp4dYrc+gSwIAXA2GdGr4=&y=U2FsdGVkX1+7bmi9xb89QNMHY8hyYm69WJXsFsHSeni1SvtvJNneGaUTvEEoBr3f HTTP/1.1" 200 539
186.29.228.3 - - [09/Jan/2024:17:00:50 -0500] "GET /kwssiamovil/sm/des/acme/s?s=U2FsdGVkX1/bWKvyIhTMTRhGpLeGrZWlXpNZdm+IeFBzDH8bWAyJQtnHLJG4Lrf0yVtWdC1+d/bNoS1s0w24b/Mxv0hSY/9RyEu4+YZUPROypULlnrnHvJ/5vW7R7FG5SYeerBciHuzJS2x4dUBDGX/4CQyEFw1Ns3BSF3L3en9TdjYoP7MK71ajNoQcfdyf&u=U2FsdGVkX18PfM7fMXXIKCZp4dYrc+gSwIAXA2GdGr4=&y=U2FsdGVkX1+7bmi9xb89QNMHY8hyYm69WJXsFsHSeni1SvtvJNneGaUTvEEoBr3f HTTP/1.1" 200 43963
186.29.228.3 - - [09/Jan/2024:17:00:51 -0500] "GET /kwssiamovil/sm/des/acme/s?s=U2FsdGVkX1/MDgMcb433s6TTDQi8k8GUkZq58O62Pnu6mFzjDk3kS8m0n6D/iP2IMlyo0ocjvqASXdZ4QmXzGIWCk+T9eZ3pm/uXzXd8ze8grRKjZ+TykiaVliIsoyRh2Sming0HDtp4HQjnK7sgYC9fhx+IaAa1GPu6w0Y4tbmYeR67aovVQLwrHWXzQ3BA1XZ5bOE6ysonfVhoca3BvbyjcdCrxf0R2znFavrd/sdoJU9ibw6dEyEvv0ogmlwfRVIUwEWogkw81dP1ltTffdKdkBfmYfBRSYxBuynPz7pn0nkXVRMjd9emRs52P3anma8Y+8u874KZKrK6TP24W5rjWRFEmPJT0HD5Mw9iYhktFpcB5+IpwifcQg7L6A7v9a/LFqaVLExvNmItDnlW7PbpuDpBrCRyPP3264dF/VX8INPF+Omqyg/nZbr7WFz5K4x79ucEpomYNiMcMY2gzmp/BIIbe67m79Xpfc/JGzxv/fweGWMemKDH+fq5mGfjWSeC+IN12KR5/yV6dEILADOboAaypHbgnqevINRzIMl9I6hmMopnO6vi1lBrlXA+rZNoqLyoLpWypHrO6/R/+D7U1lPGZ41mGQHEbRx4EKo5KKJXmX/RqLZT6LgCNx7+0C1ezYJh4U98voZONsr7f01j2bI8XYSyECApeiQwnqa92rxErvlG5H9R+/tQbiTHMIHDOHFH7IgoY6x7ZZONxqddSiiZbX+PXB5FLBm19Tb6RhMtq/BnrzAiP1FrB5Ah&u=U2FsdGVkX18PfM7fMXXIKCZp4dYrc+gSwIAXA2GdGr4=&y=U2FsdGVkX1+7bmi9xb89QNMHY8hyYm69WJXsFsHSeni1SvtvJNneGaUTvEEoBr3f HTTP/1.1" 200 222
216.244.66.195 - - [09/Jan/2024:17:00:51 -0500] "GET /BLA/resoluciones/AUTOS%202011/2085.pdf HTTP/1.1" 200 141991
186.29.228.3 - - [09/Jan/2024:17:00:51 -0500] "GET /kwssiamovil/sm/des/cjson/pre?f=19&x=U2FsdGVkX18M41zTkQSnIaH/O9Y2Es7TbyqikR3MRO3CM12v0fSapJgCpVoWguL5 HTTP/1.1" 200 65817
216.244.66.195 - - [09/Jan/2024:17:00:56 -0500] "GET /BLA/resoluciones/AUTOS%202011/2088.pdf HTTP/1.1" 200 228035
156.59.198.135 - - [09/Jan/2024:17:00:59 -0500] "GET /BLA/resoluciones/AUTOS%202019/4784.pdf HTTP/1.0" 200 356694
216.244.66.195 - - [09/Jan/2024:17:01:00 -0500] "GET /BLA/resoluciones/AUTOS%202011/2105.pdf HTTP/1.1" 200 254062
216.244.66.195 - - [09/Jan/2024:17:01:04 -0500] "GET /BLA/resoluciones/AUTOS%202011/2504.pdf HTTP/1.1" 200 274312
216.244.66.195 - - [09/Jan/2024:17:01:07 -0500] "GET /BLA/resoluciones/AUTOS%202011/2667.pdf HTTP/1.1" 200 81233
216.244.66.195 - - [09/Jan/2024:17:01:10 -0500] "GET /BLA/resoluciones/AUTOS%202011/2783.pdf HTTP/1.1" 200 157413
216.244.66.195 - - [09/Jan/2024:17:01:13 -0500] "GET /BLA/resoluciones/AUTOS%202011/2937.pdf HTTP/1.1" 200 499619
216.244.66.195 - - [09/Jan/2024:17:01:18 -0500] "GET /BLA/resoluciones/AUTOS%202011/3006.pdf HTTP/1.1" 200 123829
156.59.198.135 - - [09/Jan/2024:17:01:23 -0500] "GET /BLA/resoluciones/AUTOS%202019/2155.pdf HTTP/1.0" 200 605601
216.244.66.195 - - [09/Jan/2024:17:01:25 -0500] "GET /BLA/resoluciones/AUTOS%202011/3374.pdf HTTP/1.1" 200 141391
216.244.66.195 - - [09/Jan/2024:17:01:29 -0500] "GET /BLA/resoluciones/AUTOS%202011/3709.pdf HTTP/1.1" 200 614758
216.244.66.195 - - [09/Jan/2024:17:01:38 -0500] "GET /BLA/resoluciones/AUTOS%202011/3716.pdf HTTP/1.1" 200 204101
216.244.66.195 - - [09/Jan/2024:17:01:45 -0500] "GET /BLA/resoluciones/AUTOS%202012/0040.pdf HTTP/1.1" 200 166777
156.59.198.135 - - [09/Jan/2024:17:01:48 -0500] "GET /BLA/resoluciones/AUTOS%202019/2150.pdf HTTP/1.0" 200 343424
216.244.66.195 - - [09/Jan/2024:17:02:04 -0500] "GET /BLA/resoluciones/AUTOS%202012/0120.pdf HTTP/1.1" 200 708475
156.59.198.136 - - [09/Jan/2024:17:02:13 -0500] "GET /BLA/resoluciones/AUTOS%202019/0128.pdf HTTP/1.0" 200 16766230
216.244.66.195 - - [09/Jan/2024:17:02:20 -0500] "GET /BLA/resoluciones/AUTOS%202012/0139.pdf HTTP/1.1" 200 168710
191.95.50.90 - - [09/Jan/2024:17:02:22 -0500] "GET /BLA/resoluciones/index.php?dir=AUTOS+2017%2F HTTP/1.1" 200 483810
216.244.66.195 - - [09/Jan/2024:17:02:34 -0500] "GET /BLA/resoluciones/AUTOS%202012/0491.pdf HTTP/1.1" 200 319876
156.59.198.135 - - [09/Jan/2024:17:02:38 -0500] "GET /BLA/resoluciones/AUTOS%202019/2471.pdf HTTP/1.0" 200 406136
216.244.66.195 - - [09/Jan/2024:17:02:47 -0500] "GET /BLA/resoluciones/AUTOS%202012/0800.pdf HTTP/1.1" 200 157832
216.244.66.195 - - [09/Jan/2024:17:02:59 -0500] "GET /BLA/resoluciones/AUTOS%202012/0909.pdf HTTP/1.1" 200 229466
156.59.198.136 - - [09/Jan/2024:17:03:01 -0500] "GET /BLA/resoluciones/AUTOS%202019/3036.pdf HTTP/1.0" 200 2730855
173.252.83.1 - - [09/Jan/2024:17:03:06 -0500] "GET /images/mujeres-reverdecen-humedales-2-febrero.jpg HTTP/1.1" 200 47327
216.244.66.195 - - [09/Jan/2024:17:03:12 -0500] "GET /BLA/resoluciones/AUTOS%202012/1646.pdf HTTP/1.1" 200 509972
216.244.66.195 - - [09/Jan/2024:17:03:22 -0500] "GET /BLA/resoluciones/AUTOS%202012/1770.pdf HTTP/1.1" 200 336414
17.241.227.249 - - [09/Jan/2024:17:03:24 -0500] "GET /bogota-reverdece-una-semana-por-la-sostenibilidad-la-resiliencia-climatica-y-la-calidad-del-aire.html HTTP/1.1" 200 973
172.22.2.4 - - [09/Jan/2024:17:03:25 -0500] "GET /BLA/boletinlegal/robots.txt HTTP/1.1" 404 1139
156.59.198.135 - - [09/Jan/2024:17:03:26 -0500] "GET /BLA/resoluciones/AUTOS%202019/4561.pdf HTTP/1.0" 200 649499
216.244.66.195 - - [09/Jan/2024:17:03:31 -0500] "GET /BLA/resoluciones/AUTOS%202012/1998.pdf HTTP/1.1" 200 1796787
201.245.192.253 - - [09/Jan/2024:17:03:29 -0500] "POST /kwsrmcab/Wsrmcab  HTTP/1.1" 200 36937
156.59.198.136 - - [09/Jan/2024:17:03:49 -0500] "GET /BLA/resoluciones/AUTOS%202019/0307.pdf HTTP/1.0" 200 1012023
172.22.2.4 - - [09/Jan/2024:17:02:18 -0500] "HEAD /BLA/boletinlegal/ HTTP/1.1" 200 -
52.167.144.237 - - [09/Jan/2024:17:04:00 -0500] "GET /BLA/resoluciones/AUTOS%202019/4373.pdf HTTP/1.1" 200 295223
216.244.66.195 - - [09/Jan/2024:17:04:08 -0500] "GET /BLA/resoluciones/AUTOS%202012/2624.pdf HTTP/1.1" 200 852855
156.59.198.135 - - [09/Jan/2024:17:04:14 -0500] "GET /BLA/resoluciones/AUTOS%202019/0379.pdf HTTP/1.0" 200 362049
186.29.15.139 - - [09/Jan/2024:17:04:18 -0500] "GET /appsia/controlador HTTP/1.1" 200 4799
31.13.115.5 - - [09/Jan/2024:17:04:21 -0500] "GET /distrito-invita-a-vivir-el-puente-de-reyes-de-manera-consciente-y-responsable-con-los-animales.html HTTP/1.1" 200 1083
186.29.15.139 - - [09/Jan/2024:17:04:31 -0500] "POST /appsia/controlador HTTP/1.1" 200 3599
186.29.15.139 - - [09/Jan/2024:17:04:31 -0500] "GET /appsia/jscripts/validarSolicitud.js HTTP/1.1" 404 68
156.59.198.136 - - [09/Jan/2024:17:04:39 -0500] "GET /BLA/resoluciones/AUTOS%202019/0161.pdf HTTP/1.0" 200 329725
216.244.66.195 - - [09/Jan/2024:17:04:41 -0500] "GET /BLA/resoluciones/AUTOS%202012/2683.pdf HTTP/1.1" 200 384986
172.22.2.4 - - [09/Jan/2024:17:03:10 -0500] "GET /BLA/boletinlegal/ HTTP/1.1" 200 58969
156.59.198.135 - - [09/Jan/2024:17:05:02 -0500] "GET /BLA/resoluciones/AUTOS%202019/2270.pdf HTTP/1.0" 200 339182
216.244.66.195 - - [09/Jan/2024:17:05:16 -0500] "GET /BLA/resoluciones/AUTOS%202013/0377.pdf HTTP/1.1" 200 130968
216.245.221.92 - - [09/Jan/2024:17:05:26 -0500] "HEAD / HTTP/1.1" 200 -
156.59.198.136 - - [09/Jan/2024:17:05:27 -0500] "GET /BLA/resoluciones/AUTOS%202019/2106.pdf HTTP/1.0" 200 802287
216.244.66.195 - - [09/Jan/2024:17:05:44 -0500] "GET /BLA/resoluciones/AUTOS%202013/0439.pdf HTTP/1.1" 200 288598
156.59.198.135 - - [09/Jan/2024:17:05:51 -0500] "GET /BLA/resoluciones/AUTOS%202019/4509.pdf HTTP/1.0" 200 757745
216.244.66.195 - - [09/Jan/2024:17:06:14 -0500] "GET /BLA/resoluciones/AUTOS%202013/0710.pdf HTTP/1.1" 200 355255
156.59.198.135 - - [09/Jan/2024:17:06:15 -0500] "GET /BLA/resoluciones/AUTOS%202019/4910.pdf HTTP/1.0" 200 583412
156.59.198.136 - - [09/Jan/2024:17:06:39 -0500] "GET /BLA/resoluciones/AUTOS%202019/4512.pdf HTTP/1.0" 200 832278
216.244.66.195 - - [09/Jan/2024:17:06:40 -0500] "GET /BLA/resoluciones/AUTOS%202013/0964.pdf HTTP/1.1" 200 1210029
156.59.198.135 - - [09/Jan/2024:17:07:04 -0500] "GET /BLA/resoluciones/AUTOS%202019/3664.pdf HTTP/1.0" 200 350416
201.245.192.253 - - [09/Jan/2024:17:07:03 -0500] "GET /BLA/resoluciones/ HTTP/1.1" 200 13696
201.245.192.253 - - [09/Jan/2024:17:07:04 -0500] "GET /BLA/resoluciones/dlf/folder.png HTTP/1.1" 200 410
201.245.192.253 - - [09/Jan/2024:17:07:04 -0500] "GET /BLA/resoluciones/dlf/styles.css HTTP/1.1" 200 3049
201.245.192.253 - - [09/Jan/2024:17:07:04 -0500] "GET /BLA/resoluciones/dlf/bg.gif HTTP/1.1" 200 54
156.59.198.136 - - [09/Jan/2024:17:07:28 -0500] "GET /BLA/resoluciones/AUTOS%202019/1665.pdf HTTP/1.0" 200 1881769
216.244.66.195 - - [09/Jan/2024:17:07:30 -0500] "GET /BLA/resoluciones/AUTOS%202013/1031.pdf HTTP/1.1" 200 1152372
40.77.167.143 - - [09/Jan/2024:17:07:38 -0500] "GET /Publicaciones/2023EE207824.pdf HTTP/1.1" 404 228
156.59.198.136 - - [09/Jan/2024:17:07:53 -0500] "GET /BLA/resoluciones/AUTOS%202019/1995.pdf HTTP/1.0" 200 347331
216.244.66.195 - - [09/Jan/2024:17:08:01 -0500] "GET /BLA/resoluciones/AUTOS%202013/1984.pdf HTTP/1.1" 200 414695
156.59.198.135 - - [09/Jan/2024:17:08:18 -0500] "GET /BLA/resoluciones/AUTOS%202019/2843.pdf HTTP/1.0" 200 342140
216.244.66.195 - - [09/Jan/2024:17:08:31 -0500] "GET /BLA/resoluciones/AUTOS%202013/3035.pdf HTTP/1.1" 200 337875
201.245.192.253 - - [09/Jan/2024:17:08:28 -0500] "POST /kwsrmcab/Wsrmcab  HTTP/1.1" 200 36937
156.59.198.135 - - [09/Jan/2024:17:08:44 -0500] "GET /BLA/resoluciones/AUTOS%202019/4724.pdf HTTP/1.0" 200 932721
216.244.66.195 - - [09/Jan/2024:17:09:00 -0500] "GET /BLA/resoluciones/AUTOS%202014/0141.pdf HTTP/1.1" 200 497836
156.59.198.135 - - [09/Jan/2024:17:09:07 -0500] "GET /BLA/resoluciones/AUTOS%202019/0027.pdf HTTP/1.0" 200 22724376
66.249.68.37 - - [09/Jan/2024:17:09:27 -0500] "GET /BLA/resoluciones/RESOLUCIONES%202010/6084.pdf HTTP/1.1" 200 367968
216.244.66.195 - - [09/Jan/2024:17:09:32 -0500] "GET /BLA/resoluciones/AUTOS%202014/0865.pdf HTTP/1.1" 200 378768
156.59.198.135 - - [09/Jan/2024:17:09:32 -0500] "GET /BLA/resoluciones/AUTOS%202019/3487.pdf HTTP/1.0" 200 1817439
172.22.2.4 - - [09/Jan/2024:17:08:09 -0500] "HEAD /BLA/boletinlegal/ HTTP/1.1" 200 -
156.59.198.135 - - [09/Jan/2024:17:09:57 -0500] "GET /BLA/resoluciones/AUTOS%202019/3420.pdf HTTP/1.0" 200 455809
216.244.66.195 - - [09/Jan/2024:17:09:58 -0500] "GET /BLA/resoluciones/AUTOS%202014/1381.pdf HTTP/1.1" 200 484610
156.59.198.135 - - [09/Jan/2024:17:10:20 -0500] "GET /BLA/resoluciones/AUTOS%202019/0313.pdf HTTP/1.0" 200 729003
216.245.221.92 - - [09/Jan/2024:17:10:26 -0500] "HEAD / HTTP/1.1" 200 -
216.244.66.195 - - [09/Jan/2024:17:10:29 -0500] "GET /BLA/resoluciones/AUTOS%202014/1688.pdf HTTP/1.1" 200 435066
172.22.2.4 - - [09/Jan/2024:17:09:00 -0500] "GET /BLA/boletinlegal/ HTTP/1.1" 200 58567
156.59.198.135 - - [09/Jan/2024:17:10:45 -0500] "GET /BLA/resoluciones/AUTOS%202019/2462.pdf HTTP/1.0" 200 1593420
216.244.66.195 - - [09/Jan/2024:17:10:57 -0500] "GET /BLA/resoluciones/AUTOS%202014/1696.pdf HTTP/1.1" 200 371010
156.59.198.135 - - [09/Jan/2024:17:11:09 -0500] "GET /BLA/resoluciones/AUTOS%202019/2844.pdf HTTP/1.0" 200 339237
216.244.66.195 - - [09/Jan/2024:17:11:21 -0500] "GET /BLA/resoluciones/AUTOS%202014/2002.pdf HTTP/1.1" 200 194400
181.50.217.45 - - [09/Jan/2024:17:11:28 -0500] "GET /inicia-el-2024-conociendo-la-biodiversidad-de-bogoti.html HTTP/1.1" 200 894
156.59.198.136 - - [09/Jan/2024:17:11:35 -0500] "GET /BLA/resoluciones/AUTOS%202019/3477.pdf HTTP/1.0" 200 890409
216.244.66.195 - - [09/Jan/2024:17:11:43 -0500] "GET /BLA/resoluciones/AUTOS%202014/2791.pdf HTTP/1.1" 200 450553
156.59.198.135 - - [09/Jan/2024:17:11:59 -0500] "GET /BLA/resoluciones/AUTOS%202019/2008.pdf HTTP/1.0" 200 330872
186.29.15.139 - - [09/Jan/2024:17:12:00 -0500] "GET /appsia/controlador HTTP/1.1" 200 4799
216.244.66.195 - - [09/Jan/2024:17:12:08 -0500] "GET /BLA/resoluciones/AUTOS%202015/0691.pdf HTTP/1.1" 200 522334
181.61.205.233 - - [09/Jan/2024:17:12:09 -0500] "GET /appsia/controlador HTTP/1.1" 200 5437
186.29.15.139 - - [09/Jan/2024:17:12:11 -0500] "POST /appsia/controlador HTTP/1.1" 200 5437
181.61.205.233 - - [09/Jan/2024:17:12:12 -0500] "POST /appsia/controlador HTTP/1.1" 200 11899
186.29.15.139 - - [09/Jan/2024:17:12:15 -0500] "POST /appsia/controlador HTTP/1.1" 200 69666
186.29.15.139 - - [09/Jan/2024:17:12:15 -0500] "GET /appsia/images/logo_escudo.png HTTP/1.1" 200 36965
156.59.198.136 - - [09/Jan/2024:17:12:23 -0500] "GET /BLA/resoluciones/AUTOS%202019/2773.pdf HTTP/1.0" 200 345130
216.244.66.195 - - [09/Jan/2024:17:12:29 -0500] "GET /BLA/resoluciones/AUTOS%202019/0098.pdf HTTP/1.1" 200 326270
156.59.198.135 - - [09/Jan/2024:17:12:48 -0500] "GET /BLA/resoluciones/AUTOS%202019/2458.pdf HTTP/1.0" 200 519038
186.29.15.139 - - [09/Jan/2024:17:12:53 -0500] "POST /appsia/controlador HTTP/1.1" 200 5437
216.244.66.195 - - [09/Jan/2024:17:12:59 -0500] "GET /BLA/resoluciones/AUTOS%202019/0495.pdf HTTP/1.1" 200 228527
156.59.198.135 - - [09/Jan/2024:17:13:13 -0500] "GET /BLA/resoluciones/AUTOS%202019/4542.pdf HTTP/1.0" 200 345913
216.244.66.195 - - [09/Jan/2024:17:13:23 -0500] "GET /BLA/resoluciones/AUTOS%202019/1168.pdf HTTP/1.1" 200 265272
201.245.192.253 - - [09/Jan/2024:17:13:26 -0500] "POST /kwsrmcab/Wsrmcab  HTTP/1.1" 200 36937
186.29.15.139 - - [09/Jan/2024:17:13:33 -0500] "POST /appsia/controlador HTTP/1.1" 200 4799
156.59.198.136 - - [09/Jan/2024:17:13:38 -0500] "GET /BLA/resoluciones/AUTOS%202019/4467.pdf HTTP/1.0" 200 746566
216.244.66.195 - - [09/Jan/2024:17:13:46 -0500] "GET /BLA/resoluciones/AUTOS%202022/3115.pdf HTTP/1.1" 200 349917
54.171.239.29 - - [09/Jan/2024:17:13:52 -0500] "GET / HTTP/1.1" 200 4720
156.59.198.135 - - [09/Jan/2024:17:14:02 -0500] "GET /BLA/resoluciones/AUTOS%202019/3468.pdf HTTP/1.0" 200 479143
216.244.66.195 - - [09/Jan/2024:17:14:17 -0500] "GET /BLA/resoluciones/AUTOS%202022/4077.pdf HTTP/1.1" 200 374503
156.59.198.136 - - [09/Jan/2024:17:14:28 -0500] "GET /BLA/resoluciones/AUTOS%202019/5352.pdf HTTP/1.0" 200 334689
54.171.239.29 - - [09/Jan/2024:17:14:40 -0500] "GET /jquery-3.3.1.min.js HTTP/1.1" 404 1034
216.244.66.195 - - [09/Jan/2024:17:14:42 -0500] "GET /BLA/resoluciones/AUTOS%202022/4206.pdf HTTP/1.1" 200 393151
156.59.198.136 - - [09/Jan/2024:17:14:51 -0500] "GET /BLA/resoluciones/AUTOS%202019/4798.pdf HTTP/1.0" 200 481058
201.245.192.253 - - [09/Jan/2024:17:14:57 -0500] "POST /kwsrmcab/Wsrmcab HTTP/1.1" 200 37050
201.245.192.253 - - [09/Jan/2024:17:15:01 -0500] "POST /kwsrmcab/Wsrmcab HTTP/1.1" 200 36442
156.59.198.136 - - [09/Jan/2024:17:15:15 -0500] "GET /BLA/resoluciones/AUTOS%202019/4606.pdf HTTP/1.0" 200 1317152
216.244.66.195 - - [09/Jan/2024:17:15:23 -0500] "GET /BLA/resoluciones/AUTOS%202022/4836.pdf HTTP/1.1" 200 371431
181.140.197.24 - - [09/Jan/2024:17:15:26 -0500] "GET /inicia-el-2024-conociendo-la-biodiversidad-de-bogoti.html?fbclid=IwAR2k374C3kUMfkaznsSOxZEntSpyHD6GREXq2eapMLNlbAbCkiU2BBJmmIk HTTP/1.1" 200 894
216.245.221.92 - - [09/Jan/2024:17:15:26 -0500] "HEAD / HTTP/1.1" 200 -
172.22.2.4 - - [09/Jan/2024:17:13:59 -0500] "HEAD /BLA/boletinlegal/ HTTP/1.1" 200 -
156.59.198.136 - - [09/Jan/2024:17:15:40 -0500] "GET /BLA/resoluciones/AUTOS%202019/3288.pdf HTTP/1.0" 200 348901
40.77.167.10 - - [09/Jan/2024:17:15:51 -0500] "GET /BLA/resoluciones/AUTOS%202019/0694.pdf HTTP/1.1" 304 -
156.59.198.136 - - [09/Jan/2024:17:16:04 -0500] "GET /BLA/resoluciones/AUTOS%202019/2475.pdf HTTP/1.0" 200 1645694
66.249.68.38 - - [09/Jan/2024:17:14:41 -0500] "HEAD /BLA/boletinlegal/index.php HTTP/1.1" 200 -
156.59.198.135 - - [09/Jan/2024:17:16:29 -0500] "GET /BLA/resoluciones/AUTOS%202019/4556.pdf HTTP/1.0" 200 909090
172.22.2.4 - - [09/Jan/2024:17:14:50 -0500] "GET /BLA/boletinlegal/ HTTP/1.1" 200 54031
186.144.240.65 - - [09/Jan/2024:17:16:44 -0500] "GET /inicia-el-2024-conociendo-la-biodiversidad-de-bogoti.html?fbclid=IwAR2L4v0S11x0cGUdefAYXLH86iZayHvFZhyxfwuG_EUSyEl5RBaprzXbvmk HTTP/1.1" 200 894
156.59.198.136 - - [09/Jan/2024:17:16:53 -0500] "GET /BLA/resoluciones/AUTOS%202019/2120.pdf HTTP/1.0" 200 330734
156.59.198.136 - - [09/Jan/2024:17:17:18 -0500] "GET /BLA/resoluciones/AUTOS%202019/3400.pdf HTTP/1.0" 200 582086
156.59.198.136 - - [09/Jan/2024:17:17:43 -0500] "GET /BLA/resoluciones/AUTOS%202019/0395.pdf HTTP/1.0" 200 1326927
156.59.198.136 - - [09/Jan/2024:17:18:07 -0500] "GET /BLA/resoluciones/AUTOS%202019/3467.pdf HTTP/1.0" 200 2443102
201.245.192.253 - - [09/Jan/2024:17:18:26 -0500] "POST /kwsrmcab/Wsrmcab  HTTP/1.1" 200 36937
156.59.198.135 - - [09/Jan/2024:17:18:31 -0500] "GET /BLA/resoluciones/AUTOS%202019/2219.pdf HTTP/1.0" 200 342853
191.156.52.67 - - [09/Jan/2024:17:18:42 -0500] "GET /inicia-el-2024-conociendo-la-biodiversidad-de-bogoti.html?fbclid=IwAR22c5IEDExEww8UyHNlw1BookCB3AbNPHFZ_kwMv-0cKBHuid6DsxCEhgc HTTP/1.1" 200 894
156.59.198.136 - - [09/Jan/2024:17:18:55 -0500] "GET /BLA/resoluciones/AUTOS%202019/2470.pdf HTTP/1.0" 200 774327
201.245.192.253 - - [09/Jan/2024:17:19:12 -0500] "POST /kwsrmcab/Wsrmcab HTTP/1.1" 200 37050
181.189.25.86 - - [09/Jan/2024:17:19:19 -0500] "POST /sipse/faces/presentacion/financiero/solicitudProceso/consultarSolicitudProceso.xhtml HTTP/1.1" 200 43806
