186.115.225.51 - - [09/Jan/2024:18:42:42 -0500] "GET /kwssiamovil/sm/acme/a?s=U2FsdGVkX19BBhOo6U1RlPYMMhZUYOgahMZUOXCMEftGRP7N7pcC4MKQW37whPDNTSyEGIjdaBfpjktLgoqbBExOEZy8s1SCQZEqUSXcfBSCeY9qF8OQjWTU75o0vSJzmddiTRivmih5xn/Qk7t/jespeLVklcyzV5IGVCHAnya8qxtqUbfKqFDxdPjIFQJwU/vVqM7dnEJIyS0PCNuAXeCmqTUEMq4p8X87PZXzYK3SbQMVDwWvJo36nctXKXNzNodzcu1miBb/FaIHAqHZYhaJeAAubi0p/1D28a2qt6uBNw9kJwsBK1PWKWp9A34Er7Acvd25hJUEfann4ZmkOqSwG7rFMW1v8YWJBU0yKNOOcajzaNYjt+wdu2zTMQAuKz42ZPkeNjmcGDi42T4+L0cR4JAYcplLhmiI30Vs/NuFZkRtDl6YYu7VXKZILcHJmrJI3lE4sHL0ItHKjUD+p8PEHV23BJRzcjWkQG4ehSf5Xk0lE96nyWWjUUT2XPjLZFjxeWnUKIJiYNmPCX6ln2DE9WpGyP9A8tNdbt7JOClv6br61ZaA2cYqCLW2D5CpjgQhGHLQinx/gfg+roRj6tdVPERPRd1FiTmXLllEnKVapJ1GoqJmROC5/uQOiL+atAiYM0XhkEqatKruspy0ibHje8cMcEKvr8WxSOOSdOf5YoUMMcjbdGe8smPai4UQyE/x4tIYESMj60M9dRRNdFici6lkETFOfpuRdZ6djYB6WzoitjDoW6nVwOeHeDoA3QoPCNV4eE87jtkw8NUbcC0E/7AOLzBOCFpakWMh5BqLZulILyx1vjHRJ4MFKrhkRCpMsS4nrH1dINgRFVRANfY2DFoMyDD9Ut4DXwRnyrKV7c+eZaLgGQCRwqTpSbECyiZptS4Aenal7JMn7n44iYLvbbLmfhwSFP3/GukAua2ME+D9FRojJ5LJIlfRNseqD0w2U/1fw4ICTCFEElvHiem0jGchtRQzddGyT4JI11GSELEIGqKA23WvvU5QvT9bxOap1tnJU8GmfJGuNrPHWMqDNLYqRIYvaRCFlaH+ROfLBy1SRwFSZljYk7SLrF9QIkC9IcT2QHdr9oAyNsm2KnGnwW6yq0RZHfMZCKavlW0PLV2QKDaWzs7vbuXKIFhN8TDMhr/1XgvRBLFDd5c5b0W3FWNs6Gf38ooBIRr1dZI1arNiFwzb5N7dmvblvw2nyewwKAUrFGM/jrNd4ESDFRr0OJRJGcWeQK6i+YX6MBaBALHiqQwH001qVrblNzkSW/g7ZBr0pXg9MUsIaB3wvidvV9oAzgq5eWQzqrsBwd2l1kjjWeDAK1vgsSHpxI90qrJMZE1SG5Lui7o3iLBISON48ScRX2UQyBQMmbE8yu9A+oifCuOBUxvjn65kHvmng9vqg0g8dFvhdq+q5s7bjYIWNWIqwcOHyIYBtuhE4sLicpG03z8NjCEkNtRs7UNPzDqORetDQq9EvLKFGjjXu5Qmxhm42PscSS3mPllIPBynM60gJKFB2I6OKDbaVr349mRpdHWazRkTl55Wt3Z+LozALUZwWnyIsZk57vcTXN1m7En+MTGDNz2JY3oqs+/n&u=U2FsdGVkX19l8MkkaBy8SvMgp2sjie+YPCcI0a8VpHyg4W3hl6Hg5n45VLIInmUd&y=U2FsdGVkX1/1FCOSWd7IRU52i4N2Dl9vxxvEPOBiFrspP/VgP89aYkJJxDyDb3dH HTTP/1.1" 200 26
186.115.225.51 - - [09/Jan/2024:18:42:43 -0500] "GET /kwssiamovil/sm/acme/a?s=U2FsdGVkX1/vFW6Uzpo3Fg7QPsz6YNEb9LzEK3n1ZfOsU9hNL74JiUJW+syBmEK6tH/YWKXG3yk0+x+ZJ6zSBn3G76+wfbAXfjLMDBV+wXc/fpfSIleIoOyWWRD4zItb1hkDJP8wk/6MoL/VHIu2TmpIDIDybBAyektMOldjaKQ=&u=U2FsdGVkX19l8MkkaBy8SvMgp2sjie+YPCcI0a8VpHyg4W3hl6Hg5n45VLIInmUd&y=U2FsdGVkX1/1FCOSWd7IRU52i4N2Dl9vxxvEPOBiFrspP/VgP89aYkJJxDyDb3dH HTTP/1.1" 200 26
186.115.225.51 - - [09/Jan/2024:18:42:43 -0500] "GET /kwssiamovil/sm/acme/a?s=U2FsdGVkX19opVXO2kFNiSTBOjx33OZq77HpljcS9uclWtoiCh1xZ3Mx1oSb0/ApXpIkdixd+QVhAMOX9FOPUL+nhKvGAEvxIKN20jdaec+tEeT+SYxf89uCVoGtJZZDRXNSSiX1rYKy+VKu+awY4K0GvSlWkpmlellZgKkssRk=&u=U2FsdGVkX19l8MkkaBy8SvMgp2sjie+YPCcI0a8VpHyg4W3hl6Hg5n45VLIInmUd&y=U2FsdGVkX1/1FCOSWd7IRU52i4N2Dl9vxxvEPOBiFrspP/VgP89aYkJJxDyDb3dH HTTP/1.1" 200 26
186.115.225.51 - - [09/Jan/2024:18:42:43 -0500] "GET /kwssiamovil/sm/acme/a?s=U2FsdGVkX1/QRAg2G8WK2rokX4AUMIWu/g5nZhBNLNoxn8kz4ypwdsyDAOB7T+ade1ktKvlPFsUf8lnFtD7POBNYWy5hcEDV3h+7K3KITuXscwBPZqZnp1QwDTJK49WWUUdRcjLoibeDLZBSU0deGsR11rNbwUPlChDiXo1YlnY=&u=U2FsdGVkX19l8MkkaBy8SvMgp2sjie+YPCcI0a8VpHyg4W3hl6Hg5n45VLIInmUd&y=U2FsdGVkX1/1FCOSWd7IRU52i4N2Dl9vxxvEPOBiFrspP/VgP89aYkJJxDyDb3dH HTTP/1.1" 200 26
186.115.225.51 - - [09/Jan/2024:18:42:43 -0500] "GET /kwssiamovil/sm/acme/a?s=U2FsdGVkX1/AiNA3n25wfEBo1dvR9I0KNHRGGcdcTtXMGJQB4xP9tGbsE45sEyxhXTIPJgydLGYNdt9kRPNbTkiZmg8mJeBkZ0zCRu5VikWH4vdlf4IHoeu4hC6z2R3h+OxVpb0AIrUXlb2psbDUdZYLFIvYW44Px8TVDmEuNW+Y9xOGSqzBd8v6feC43MN+SQ3Rd83Hn8n1IOnPZTxZog==&u=U2FsdGVkX19l8MkkaBy8SvMgp2sjie+YPCcI0a8VpHyg4W3hl6Hg5n45VLIInmUd&y=U2FsdGVkX1/1FCOSWd7IRU52i4N2Dl9vxxvEPOBiFrspP/VgP89aYkJJxDyDb3dH HTTP/1.1" 200 26
186.84.90.178 - - [09/Jan/2024:18:42:48 -0500] "GET /BLA/resoluciones/RESOLUCIONES%202022/0046.pdf HTTP/1.1" 200 405139
172.22.2.4 - - [09/Jan/2024:18:43:06 -0500] "GET /BLA/boletinlegal/favicon.ico HTTP/1.1" 404 1018
172.22.2.4 - - [09/Jan/2024:18:43:07 -0500] "GET /BLA/boletinlegal/robots.txt HTTP/1.1" 404 1018
172.22.2.4 - - [09/Jan/2024:18:43:07 -0500] "GET /BLA/boletinlegal/sitemap.xml HTTP/1.1" 404 1018
172.22.2.4 - - [09/Jan/2024:18:43:08 -0500] "GET /BLA/boletinlegal/axis2-admin/ HTTP/1.1" 404 1018
172.22.2.4 - - [09/Jan/2024:18:43:09 -0500] "GET /BLA/boletinlegal/axis2/ HTTP/1.1" 404 1018
172.22.2.4 - - [09/Jan/2024:18:41:29 -0500] "HEAD /BLA/boletinlegal/ HTTP/1.1" 200 -
172.22.2.4 - - [09/Jan/2024:18:43:10 -0500] "GET /BLA/boletinlegal/axis2/axis2-admin/ HTTP/1.1" 404 1018
201.245.192.253 - - [09/Jan/2024:18:43:09 -0500] "POST /kwsrmcab/Wsrmcab  HTTP/1.1" 200 36937
172.22.2.4 - - [09/Jan/2024:18:42:36 -0500] "GET /BLA/boletinlegal/ HTTP/1.1" 200 36811
172.22.2.4 - - [09/Jan/2024:18:42:20 -0500] "GET /BLA/boletinlegal/ HTTP/1.1" 200 54031
216.245.221.92 - - [09/Jan/2024:18:45:26 -0500] "HEAD / HTTP/1.1" 200 -
66.249.68.38 - - [09/Jan/2024:18:46:12 -0500] "GET /BLA/resoluciones/RESOLUCIONES%202011/5118.pdf HTTP/1.1" 200 447963
201.245.192.253 - - [09/Jan/2024:18:48:05 -0500] "POST /kwsrmcab/Wsrmcab  HTTP/1.1" 200 36937
172.22.2.4 - - [09/Jan/2024:18:47:19 -0500] "HEAD /BLA/boletinlegal/ HTTP/1.1" 200 -
191.156.154.179 - - [09/Jan/2024:18:49:44 -0500] "GET /inicia-el-2024-conociendo-la-biodiversidad-de-bogoti.html?fbclid=IwAR0vcg_8fiFXoEFX0v2d0IX8RaVH_ko8uOv7sRo8D-QxqEXRHBimQ-Ixi_0 HTTP/1.1" 200 894
172.22.2.4 - - [09/Jan/2024:18:48:10 -0500] "GET /BLA/boletinlegal/ HTTP/1.1" 200 60910
40.77.167.52 - - [09/Jan/2024:18:49:57 -0500] "GET /portaldeninos/wp-content/uploads/2021/11/arbol-bogota-capacitacion-29-abril-300x167.jpg HTTP/1.1" 200 14526
216.244.66.195 - - [09/Jan/2024:18:50:00 -0500] "GET /BLA/resoluciones/AUTOS%202007/1019.pdf HTTP/1.1" 200 117046
186.29.55.212 - - [09/Jan/2024:18:50:11 -0500] "GET /BLA/resoluciones/index.php?dir=AUTOS+2022%2F HTTP/1.1" 200 253899
216.244.66.195 - - [09/Jan/2024:18:50:13 -0500] "GET /BLA/resoluciones/AUTOS%202007/1195.pdf HTTP/1.1" 200 24750
216.244.66.195 - - [09/Jan/2024:18:50:21 -0500] "GET /BLA/resoluciones/AUTOS%202007/1256.pdf HTTP/1.1" 200 60520
216.245.221.92 - - [09/Jan/2024:18:50:26 -0500] "HEAD / HTTP/1.1" 200 -
216.244.66.195 - - [09/Jan/2024:18:50:29 -0500] "GET /BLA/resoluciones/AUTOS%202007/1272.pdf HTTP/1.1" 200 146706
216.244.66.195 - - [09/Jan/2024:18:50:36 -0500] "GET /BLA/resoluciones/AUTOS%202007/1348.pdf HTTP/1.1" 200 35303
216.244.66.195 - - [09/Jan/2024:18:50:43 -0500] "GET /BLA/resoluciones/AUTOS%202007/1357.pdf HTTP/1.1" 200 55177
190.25.31.205 - - [09/Jan/2024:18:50:43 -0500] "GET /appsia/controlador HTTP/1.1" 200 4799
190.25.31.205 - - [09/Jan/2024:18:50:44 -0500] "GET /appsia/css/estilos.css HTTP/1.1" 200 4804
190.25.31.205 - - [09/Jan/2024:18:50:44 -0500] "GET /appsia/scripts/validarIngreso.js HTTP/1.1" 200 851
190.25.31.205 - - [09/Jan/2024:18:50:44 -0500] "GET /appsia/images/logo_bogota_p.png HTTP/1.1" 200 14951
190.25.31.205 - - [09/Jan/2024:18:50:44 -0500] "GET /appsia/images/cabezoteHojaVida.png HTTP/1.1" 200 32493
190.25.31.205 - - [09/Jan/2024:18:50:44 -0500] "GET /favicon.ico HTTP/1.1" 200 7782
216.244.66.195 - - [09/Jan/2024:18:50:48 -0500] "GET /BLA/resoluciones/AUTOS%202007/1425.pdf HTTP/1.1" 200 32647
216.244.66.195 - - [09/Jan/2024:18:50:54 -0500] "GET /BLA/resoluciones/AUTOS%202007/1534.pdf HTTP/1.1" 200 178129
216.244.66.195 - - [09/Jan/2024:18:50:59 -0500] "GET /BLA/resoluciones/AUTOS%202007/1646.pdf HTTP/1.1" 200 216973
216.244.66.195 - - [09/Jan/2024:18:51:03 -0500] "GET /BLA/resoluciones/AUTOS%202009/0701.pdf HTTP/1.1" 200 110447
216.244.66.195 - - [09/Jan/2024:18:51:07 -0500] "GET /BLA/resoluciones/AUTOS%202009/0719.pdf HTTP/1.1" 200 215113
216.244.66.195 - - [09/Jan/2024:18:51:10 -0500] "GET /BLA/resoluciones/AUTOS%202009/0825.pdf HTTP/1.1" 200 78395
216.244.66.195 - - [09/Jan/2024:18:51:12 -0500] "GET /BLA/resoluciones/AUTOS%202009/1247.pdf HTTP/1.1" 200 426550
216.244.66.195 - - [09/Jan/2024:18:51:15 -0500] "GET /BLA/resoluciones/AUTOS%202009/1351.pdf HTTP/1.1" 200 78093
216.244.66.195 - - [09/Jan/2024:18:51:17 -0500] "GET /BLA/resoluciones/AUTOS%202009/1426.pdf HTTP/1.1" 200 197203
216.244.66.195 - - [09/Jan/2024:18:51:22 -0500] "GET /BLA/resoluciones/AUTOS%202009/1598.pdf HTTP/1.1" 200 126955
216.244.66.195 - - [09/Jan/2024:18:51:26 -0500] "GET /BLA/resoluciones/AUTOS%202009/1636.pdf HTTP/1.1" 200 180367
216.244.66.195 - - [09/Jan/2024:18:51:29 -0500] "GET /BLA/resoluciones/AUTOS%202009/1740.pdf HTTP/1.1" 200 100571
216.244.66.195 - - [09/Jan/2024:18:51:35 -0500] "GET /BLA/resoluciones/AUTOS%202009/1994.pdf HTTP/1.1" 200 108728
216.244.66.195 - - [09/Jan/2024:18:51:44 -0500] "GET /BLA/resoluciones/AUTOS%202009/2028.pdf HTTP/1.1" 200 101102
216.244.66.195 - - [09/Jan/2024:18:51:50 -0500] "GET /BLA/resoluciones/AUTOS%202009/2093.pdf HTTP/1.1" 200 100553
190.25.31.205 - - [09/Jan/2024:18:51:50 -0500] "POST /appsia/controlador HTTP/1.1" 200 3597
190.25.31.205 - - [09/Jan/2024:18:51:50 -0500] "GET /appsia/jscripts/validarSolicitud.js HTTP/1.1" 404 68
216.244.66.195 - - [09/Jan/2024:18:51:55 -0500] "GET /BLA/resoluciones/AUTOS%202009/2184.pdf HTTP/1.1" 200 99977
190.25.31.205 - - [09/Jan/2024:18:51:59 -0500] "POST /appsia/controlador HTTP/1.1" 200 4799
216.244.66.195 - - [09/Jan/2024:18:51:59 -0500] "GET /BLA/resoluciones/AUTOS%202009/2191.pdf HTTP/1.1" 200 113987
216.244.66.195 - - [09/Jan/2024:18:52:03 -0500] "GET /BLA/resoluciones/AUTOS%202009/2224.pdf HTTP/1.1" 200 123408
216.244.66.195 - - [09/Jan/2024:18:52:07 -0500] "GET /BLA/resoluciones/AUTOS%202009/2275.pdf HTTP/1.1" 200 122027
216.244.66.195 - - [09/Jan/2024:18:52:14 -0500] "GET /BLA/resoluciones/AUTOS%202009/2562.pdf HTTP/1.1" 200 100566
190.25.31.205 - - [09/Jan/2024:18:52:25 -0500] "POST /appsia/controlador HTTP/1.1" 200 5437
216.244.66.195 - - [09/Jan/2024:18:52:29 -0500] "GET /BLA/resoluciones/AUTOS%202009/2606.pdf HTTP/1.1" 200 109610
190.25.31.205 - - [09/Jan/2024:18:52:30 -0500] "POST /appsia/controlador HTTP/1.1" 200 7725
190.25.31.205 - - [09/Jan/2024:18:52:30 -0500] "GET /appsia/images/logo_escudo.png HTTP/1.1" 200 36965
216.244.66.195 - - [09/Jan/2024:18:52:43 -0500] "GET /BLA/resoluciones/AUTOS%202009/2633.pdf HTTP/1.1" 200 82114
216.244.66.195 - - [09/Jan/2024:18:52:56 -0500] "GET /BLA/resoluciones/AUTOS%202009/2722.pdf HTTP/1.1" 200 88552
201.245.192.253 - - [09/Jan/2024:18:53:02 -0500] "POST /kwsrmcab/Wsrmcab  HTTP/1.1" 200 36937
216.244.66.195 - - [09/Jan/2024:18:53:07 -0500] "GET /BLA/resoluciones/AUTOS%202009/2744.pdf HTTP/1.1" 200 76423
216.244.66.195 - - [09/Jan/2024:18:53:17 -0500] "GET /BLA/resoluciones/AUTOS%202009/2747.pdf HTTP/1.1" 200 94448
216.244.66.195 - - [09/Jan/2024:18:53:24 -0500] "GET /BLA/resoluciones/AUTOS%202011/0003.pdf HTTP/1.1" 200 375388
216.244.66.195 - - [09/Jan/2024:18:53:32 -0500] "GET /BLA/resoluciones/AUTOS%202011/0792.pdf HTTP/1.1" 200 159363
216.244.66.195 - - [09/Jan/2024:18:53:38 -0500] "GET /BLA/resoluciones/AUTOS%202011/0882.pdf HTTP/1.1" 200 303789
216.244.66.195 - - [09/Jan/2024:18:53:44 -0500] "GET /BLA/resoluciones/AUTOS%202011/1340.pdf HTTP/1.1" 200 134476
66.249.68.37 - - [09/Jan/2024:18:53:48 -0500] "GET /BLA/resoluciones/AUTOS%202014/2771.pdf HTTP/1.1" 200 465836
216.244.66.195 - - [09/Jan/2024:18:53:48 -0500] "GET /BLA/resoluciones/AUTOS%202011/1609.pdf HTTP/1.1" 200 150611
200.118.62.25 - - [09/Jan/2024:18:53:57 -0500] "GET /agendate-para-participar-en-las-caminatas-ecologicas-de-febrero.html HTTP/1.1" 200 830
216.244.66.195 - - [09/Jan/2024:18:54:07 -0500] "GET /BLA/resoluciones/AUTOS%202011/1813.pdf HTTP/1.1" 200 155007
181.189.25.86 - - [09/Jan/2024:18:54:12 -0500] "POST /sipse/faces/presentacion/financiero/solicitudProceso/consultar.xhtml HTTP/1.1" 200 12803
181.189.25.86 - - [09/Jan/2024:18:54:19 -0500] "POST /sipse/faces/presentacion/financiero/solicitudProceso/consultar.xhtml HTTP/1.1" 200 161670
181.189.25.86 - - [09/Jan/2024:18:54:19 -0500] "GET /sipse/faces/javax.faces.resource/theme.css?ln=primefaces-sipse HTTP/1.1" 304 -
181.189.25.86 - - [09/Jan/2024:18:54:19 -0500] "GET /sipse/faces/javax.faces.resource/layout/layout.css?ln=primefaces&v=4.0 HTTP/1.1" 304 -
181.189.25.86 - - [09/Jan/2024:18:54:19 -0500] "GET /sipse/faces/javax.faces.resource/primefaces.css?ln=primefaces&v=4.0 HTTP/1.1" 304 -
181.189.25.86 - - [09/Jan/2024:18:54:19 -0500] "GET /sipse/faces/javax.faces.resource/jquery/jquery.js?ln=primefaces&v=4.0 HTTP/1.1" 304 -
181.189.25.86 - - [09/Jan/2024:18:54:19 -0500] "GET /sipse/faces/javax.faces.resource/jquery/jquery-plugins.js?ln=primefaces&v=4.0 HTTP/1.1" 304 -
181.189.25.86 - - [09/Jan/2024:18:54:19 -0500] "GET /sipse/faces/javax.faces.resource/primefaces.js?ln=primefaces&v=4.0 HTTP/1.1" 304 -
181.189.25.86 - - [09/Jan/2024:18:54:19 -0500] "GET /sipse/faces/javax.faces.resource/layout/layout.js?ln=primefaces&v=4.0 HTTP/1.1" 304 -
181.189.25.86 - - [09/Jan/2024:18:54:20 -0500] "GET /sipse/css/imagen/contrasena.png HTTP/1.1" 404 383
216.244.66.195 - - [09/Jan/2024:18:54:22 -0500] "GET /BLA/resoluciones/AUTOS%202011/1825.pdf HTTP/1.1" 200 202557
181.189.25.86 - - [09/Jan/2024:18:54:34 -0500] "POST /sipse/faces/presentacion/financiero/solicitudProceso/consultarSolicitudProceso.xhtml HTTP/1.1" 200 5510
216.244.66.195 - - [09/Jan/2024:18:54:39 -0500] "GET /BLA/resoluciones/AUTOS%202011/1894.pdf HTTP/1.1" 200 157157
181.189.25.86 - - [09/Jan/2024:18:54:44 -0500] "POST /sipse/faces/presentacion/financiero/solicitudProceso/consultarSolicitudProceso.xhtml HTTP/1.1" 200 65028
181.189.25.86 - - [09/Jan/2024:18:54:45 -0500] "GET /sipse/faces/javax.faces.resource/theme.css?ln=primefaces-sipse HTTP/1.1" 304 -
181.189.25.86 - - [09/Jan/2024:18:54:45 -0500] "GET /sipse/faces/javax.faces.resource/layout/layout.css?ln=primefaces&v=4.0 HTTP/1.1" 304 -
181.189.25.86 - - [09/Jan/2024:18:54:45 -0500] "GET /sipse/faces/javax.faces.resource/primefaces.css?ln=primefaces&v=4.0 HTTP/1.1" 304 -
181.189.25.86 - - [09/Jan/2024:18:54:45 -0500] "GET /sipse/faces/javax.faces.resource/jquery/jquery.js?ln=primefaces&v=4.0 HTTP/1.1" 304 -
181.189.25.86 - - [09/Jan/2024:18:54:45 -0500] "GET /sipse/faces/javax.faces.resource/jquery/jquery-plugins.js?ln=primefaces&v=4.0 HTTP/1.1" 304 -
181.189.25.86 - - [09/Jan/2024:18:54:45 -0500] "GET /sipse/faces/javax.faces.resource/primefaces.js?ln=primefaces&v=4.0 HTTP/1.1" 304 -
181.189.25.86 - - [09/Jan/2024:18:54:45 -0500] "GET /sipse/faces/javax.faces.resource/layout/layout.js?ln=primefaces&v=4.0 HTTP/1.1" 304 -
181.189.25.86 - - [09/Jan/2024:18:54:45 -0500] "POST /sipse/faces/presentacion/financiero/solicitudProceso/listarSolicitudProceso.xhtml HTTP/1.1" 200 58363
181.189.25.86 - - [09/Jan/2024:18:54:45 -0500] "POST /sipse/faces/presentacion/financiero/solicitudProceso/listarSolicitudProceso.xhtml HTTP/1.1" 200 58363
181.189.25.86 - - [09/Jan/2024:18:54:45 -0500] "POST /sipse/faces/presentacion/financiero/solicitudProceso/listarSolicitudProceso.xhtml HTTP/1.1" 200 58363
181.189.25.86 - - [09/Jan/2024:18:54:45 -0500] "POST /sipse/faces/presentacion/financiero/solicitudProceso/listarSolicitudProceso.xhtml HTTP/1.1" 200 58363
181.189.25.86 - - [09/Jan/2024:18:54:46 -0500] "POST /sipse/faces/presentacion/financiero/solicitudProceso/listarSolicitudProceso.xhtml HTTP/1.1" 200 1556
181.189.25.86 - - [09/Jan/2024:18:54:46 -0500] "POST /sipse/faces/presentacion/financiero/solicitudProceso/listarSolicitudProceso.xhtml HTTP/1.1" 200 1552
181.189.25.86 - - [09/Jan/2024:18:54:46 -0500] "POST /sipse/faces/presentacion/financiero/solicitudProceso/listarSolicitudProceso.xhtml HTTP/1.1" 200 1564
181.189.25.86 - - [09/Jan/2024:18:54:46 -0500] "POST /sipse/faces/presentacion/financiero/solicitudProceso/listarSolicitudProceso.xhtml HTTP/1.1" 200 1556
181.189.25.86 - - [09/Jan/2024:18:54:46 -0500] "POST /sipse/faces/presentacion/financiero/solicitudProceso/listarSolicitudProceso.xhtml HTTP/1.1" 200 1564
172.22.2.4 - - [09/Jan/2024:18:53:09 -0500] "HEAD /BLA/boletinlegal/ HTTP/1.1" 200 -
216.244.66.195 - - [09/Jan/2024:18:54:59 -0500] "GET /BLA/resoluciones/AUTOS%202011/1987.pdf HTTP/1.1" 200 11680
216.244.66.195 - - [09/Jan/2024:18:55:16 -0500] "GET /BLA/resoluciones/AUTOS%202011/2611.pdf HTTP/1.1" 200 340822
216.245.221.92 - - [09/Jan/2024:18:55:26 -0500] "HEAD / HTTP/1.1" 200 -
216.244.66.195 - - [09/Jan/2024:18:55:38 -0500] "GET /BLA/resoluciones/AUTOS%202011/2615.pdf HTTP/1.1" 200 159319
172.22.2.4 - - [09/Jan/2024:18:54:00 -0500] "GET /BLA/boletinlegal/ HTTP/1.1" 200 60910
216.244.66.195 - - [09/Jan/2024:18:55:57 -0500] "GET /BLA/resoluciones/AUTOS%202011/2914.pdf HTTP/1.1" 200 466144
173.252.107.120 - - [09/Jan/2024:18:56:14 -0500] "GET /en-esta-navidad-bogota-esta-mejorando-con-mas-espacios-verdes-para-el-disfrute-de-la-ciudadania.html HTTP/1.1" 200 1114
216.244.66.195 - - [09/Jan/2024:18:56:14 -0500] "GET /BLA/resoluciones/AUTOS%202011/2925.pdf HTTP/1.1" 200 509175
216.244.66.195 - - [09/Jan/2024:18:56:29 -0500] "GET /BLA/resoluciones/AUTOS%202011/3005.pdf HTTP/1.1" 200 463849
216.244.66.195 - - [09/Jan/2024:18:56:43 -0500] "GET /BLA/resoluciones/AUTOS%202011/3096.pdf HTTP/1.1" 200 317123
172.22.2.4 - - [09/Jan/2024:18:56:23 -0500] "GET /BLA/boletinlegal/ HTTP/1.1" 200 24523
216.244.66.195 - - [09/Jan/2024:18:56:56 -0500] "GET /BLA/resoluciones/AUTOS%202011/3217.pdf HTTP/1.1" 200 446362
47.128.32.255 - - [09/Jan/2024:18:57:15 -0500] "GET /BLA/resoluciones/dlf/dirup.png HTTP/1.1" 200 644
47.128.32.255 - - [09/Jan/2024:18:57:15 -0500] "GET /BLA/resoluciones/dlf/pdf.gif HTTP/1.1" 200 272
47.128.32.255 - - [09/Jan/2024:18:57:14 -0500] "GET /BLA/resoluciones/index.php?dir=AUTOS%202022%2F&order=desc&sort=name HTTP/1.1" 200 509769
47.128.32.255 - - [09/Jan/2024:18:57:17 -0500] "GET /BLA/resoluciones/dlf/archive.png HTTP/1.1" 200 632
216.244.66.195 - - [09/Jan/2024:18:57:37 -0500] "GET /BLA/resoluciones/AUTOS%202012/0457.pdf HTTP/1.1" 200 161732
186.102.67.109 - - [09/Jan/2024:18:57:44 -0500] "GET /kwssiamovil/sm/acme/a?s=U2FsdGVkX18V5Fb5yWV6fHjHQZWwaNSByh5SrVpockf3ylGxVCUeJF3RANwnUXuMDds+SHnyYG8nsxGFDi71mZou16kf2f1TubGTfH7Km+bcXoc1hxV9iJFefzMcgqH7amVAoT+c1RAUtTeFjsYfnAzMYUN2YLU48+GH6lAoiPZg1opfp1GzoTrPienFLupPsc2DUZJtF7L9fpJSdkTKoiKjCK7fBQBVp23Bt2QXA4TLkwJhgS8y5oU8KhlcgNfvds/TRl3iO1vnc7AMmsDdCQ==&u=U2FsdGVkX1/Fbczv2qJK7gFUazRnpW6umYn21U6BxYw=&y=U2FsdGVkX18sf0b1xIGMP5WaiEiEa0uY9A0cNKUSZwRDrd3uR3wgSpivKcJCF8On HTTP/1.1" 200 26
186.102.67.109 - - [09/Jan/2024:18:57:44 -0500] "GET /kwssiamovil/sm/acme/a?s=U2FsdGVkX1/cfcHlmMQG4rawq9Pg1ZVexcPfalv0XsVc/q4RiZkmF6oJb9dAXlVoC1Nke/iLpasiNc/C1yj3bWQAEiFgM6qX8Kmr+Tj7xP1g/1OepcMVUp/ZyridDPvw2exSuysyiPhaEDW8t8lChEJ4Tzl6eVpVSnlHkmKlkkDA/8oG62x5D8QrGjOOJow5isd61VyxMVigVeoA1fPmdpn6fIoanODeIileIfmuaN7Lh8KHdqTQx4/Cfe79tIU28VZo/dr1LS7PBZKZoxZJeccsnH7Z18TkeivtX6LOUHrzJG4VYIM4WAA0hddn72bBmlcUUcON5faLSy24GmWOwxir4fJo3rEqN5rWH0wdA1dS2h4x5MOVmeob+bhfrkXhJAk7Q1MR0hQoLx9siyb7jwKLlhhTqJtPuGLdAq9vDR4QK3z7nqMG4b8XX/yFoWYRdcK01Sp8MJ4mO6ziVeEs9FXSfzzwwObrciOVL7iKUKbOgky1kMFmm3Q/DU/rrAkEj0CHx4OtxLOUUPRJLPusMNtyxkME2cNxcbqE3gE/reiwnhUgLssZ1Dw31ixj+VHIGk/gIVP3Q8S0o48u0dqKG58TmILJ9pdbO7fNQAo4cfnIrV6TggrHB3sxeDgX3dF9BP93tc5XigWClV5vWsYq8US/ANyLiCkEzXOXPqfOKUhUoVCzvIBeJxLDE7bVlrfMQ9uZiyrWUoTaSt5nHpb6kVzM2vyoxDoCAGR1xz8mEfijtjVGN/CoNpdZ7C1pRcW9D9hOsbuuaJIXWEJ7uv/vwUC+xamO+amQmmoSmUdtCHYYJN1OD7FAvuSYt7wziaOwsSJIub0qErraPrCJvCVIzZ1uiHMPDLQWFOrSok5v+8jw881YfRuDo2XZ8VrVujx2deUEksRKwTR8ek4+NsOvPjHSfzRERoU6YfxDbjJptOSQ5nPLQBlIkfeLd+dSvdguc7whMtgOb/DFuO4niFJuHpsUrA0YxOiLHaw0HZSyXVRqEcODzfF28HjyXOAXkGKyVDa+UCqDtisfL19NLYsHk9+Ka/2/x46NfgxH8ElYUKixQ2z7ToZyqmnpTZj9ZhgjdrdCoojyMoG5YjtB8VqY0MT0YuwY6mwpR2HGADBlA6WeGMkwLstCvSFmbhRsDuKE4MCfbrUmX/awvwTN8m61n1XuaCgoQ+CVosb/5195s8oD1ED8CdTgrUQivplcV7ypfhwOZ0nQeZHxwnMbHdlDzgbBeKTnSeK5nwAlfjLdY/8vSJUEqPmoWt+lmgArfhvKdyqdO2I96W5n3pIPbVjYmERIGaeHx8ENPP5j+ABbMr5kk7NtFyoioMEujswJM9IBicSrGlKsr05tsTSEJPltkG/GH2YeAsF6/5iluiPxCprfe6Bcq742BzmucD5UaUcri+a1BxtvFXAmXSD97xu//Gq5mMfggfNxYZ7cMn4LZ67rWQ70UBKXPiyIo3rnPn+EUPrDsWvWUodPyNPvlZ32ewz5JUjg/WFWRJl/uQlx6CCZdnXR7GJL8QJSyLWonl0ZPrq9WofL/Dt3/zeeOeHI8w9OJFK00PMLFdczACV13WkzZDQDquDsz3LWEwFls96U&u=U2FsdGVkX1/Fbczv2qJK7gFUazRnpW6umYn21U6BxYw=&y=U2FsdGVkX18sf0b1xIGMP5WaiEiEa0uY9A0cNKUSZwRDrd3uR3wgSpivKcJCF8On HTTP/1.1" 200 26
186.102.67.109 - - [09/Jan/2024:18:57:45 -0500] "GET /kwssiamovil/sm/acme/a?s=U2FsdGVkX18P2qZiwOg4v4r73DCuCdI49AZsZJRwLd+SvfZUSsy5RbghEDTu+x56qqyVHMQkXoSUh8CU2rxA8E/BAvSF2xhqG+kgD4tUDOxnGBRrYvzmKaUsM0yG5/8n+4ec8CZwZUgf2Poxtx1wsATcvMEc/Y4LTO97Ozpt3PU=&u=U2FsdGVkX1/Fbczv2qJK7gFUazRnpW6umYn21U6BxYw=&y=U2FsdGVkX18sf0b1xIGMP5WaiEiEa0uY9A0cNKUSZwRDrd3uR3wgSpivKcJCF8On HTTP/1.1" 200 26
186.102.67.109 - - [09/Jan/2024:18:57:45 -0500] "GET /kwssiamovil/sm/acme/a?s=U2FsdGVkX1+ieOmyej+MoTTyhVUTe19z4Tx7XGInLl8VLrqblaAvHk+Mt/MN/gNBfo3hn3IcO6Bu4IZESJ4bOxJCLOdb5OLiQnvUh6Mwvm2LHKIV/HXaP2AyTHroIp5vtDkRC9l5RofjR+HIGbkvFA/8fLyPWZkTq/G+mGLVAe8=&u=U2FsdGVkX1/Fbczv2qJK7gFUazRnpW6umYn21U6BxYw=&y=U2FsdGVkX18sf0b1xIGMP5WaiEiEa0uY9A0cNKUSZwRDrd3uR3wgSpivKcJCF8On HTTP/1.1" 200 26
186.102.67.109 - - [09/Jan/2024:18:57:45 -0500] "GET /kwssiamovil/sm/acme/a?s=U2FsdGVkX18SagVQpQx7P2HmnEV0D4FXZtx3n8id9zofQYepOVmfyTjyVsQFT3e6uwpYK0ujWyWUyiIi5ci9pWGTW5Dh8HdOoWXbyh8loC6qfjqoTTGjQDBnMbgIqUcFldYYMAnPDGP7FDmZaQw6/2Irox/t1INI5TWATwm6LTo=&u=U2FsdGVkX1/Fbczv2qJK7gFUazRnpW6umYn21U6BxYw=&y=U2FsdGVkX18sf0b1xIGMP5WaiEiEa0uY9A0cNKUSZwRDrd3uR3wgSpivKcJCF8On HTTP/1.1" 200 26
186.102.67.109 - - [09/Jan/2024:18:57:45 -0500] "GET /kwssiamovil/sm/acme/a?s=U2FsdGVkX18Eoa/MJJ4bZzoDAOtGqnLO9/7t4RlCXeDGzq5hiOQibB29sBMKmlFEIbOEncx6ULmJZSH1QAxIWK8iEOdsSYFZRs+RyMdnUW1AtR3j7skcsZaMsm1oYvn9b3HafGNA1hdJzswhjPrZj1uay1KQBGycqJahgEQpm7r91roTdRS2VZayJDPcj6oLj5kiwjRj9er93o9hX+Gnfw==&u=U2FsdGVkX1/Fbczv2qJK7gFUazRnpW6umYn21U6BxYw=&y=U2FsdGVkX18sf0b1xIGMP5WaiEiEa0uY9A0cNKUSZwRDrd3uR3wgSpivKcJCF8On HTTP/1.1" 200 26
172.22.2.4 - - [09/Jan/2024:18:58:01 -0500] "GET /BLA/boletinlegal/favicon.ico HTTP/1.1" 404 1018
201.245.192.253 - - [09/Jan/2024:18:58:02 -0500] "POST /kwsrmcab/Wsrmcab  HTTP/1.1" 200 36937
216.244.66.195 - - [09/Jan/2024:18:58:09 -0500] "GET /BLA/resoluciones/AUTOS%202012/0458.pdf HTTP/1.1" 200 171319
172.22.2.4 - - [09/Jan/2024:18:57:31 -0500] "GET /BLA/boletinlegal/ HTTP/1.1" 200 32715
172.22.2.4 - - [09/Jan/2024:18:57:46 -0500] "GET /BLA/boletinlegal/ HTTP/1.1" 200 32715
216.244.66.195 - - [09/Jan/2024:18:58:38 -0500] "GET /BLA/resoluciones/AUTOS%202012/0877.pdf HTTP/1.1" 200 522441
66.249.68.38 - - [09/Jan/2024:18:58:43 -0500] "GET /BLA/resoluciones/RESOLUCIONES%202007/RES%202007%203601%20AL%203700/RESOLUCION%203632%20DE%202007.pdf HTTP/1.1" 200 654997
216.244.66.195 - - [09/Jan/2024:18:59:09 -0500] "GET /BLA/resoluciones/AUTOS%202012/0919.pdf HTTP/1.1" 200 172711
66.249.68.38 - - [09/Jan/2024:18:59:28 -0500] "GET /sig/Manual%20de%20Procesos%20y%20Procedimientos/PM04%20Evaluaci%C3%B3n,%20Control%20y%20Seguimiento/126PM04-PR17%20Atenci%C3%B3n%20solicitud%20Salvoconducto%20Flora.pdf HTTP/1.1" 404 1018
216.244.66.195 - - [09/Jan/2024:18:59:38 -0500] "GET /BLA/resoluciones/AUTOS%202012/1040.pdf HTTP/1.1" 200 176987
216.244.66.195 - - [09/Jan/2024:19:00:05 -0500] "GET /BLA/resoluciones/AUTOS%202012/1287.pdf HTTP/1.1" 200 1956062
201.245.192.253 - - [09/Jan/2024:19:00:18 -0500] "POST /sipse/faces/presentacion/financiero/solicitudProceso/listarSolicitudProceso.xhtml HTTP/1.1" 302 -
201.245.192.253 - - [09/Jan/2024:19:00:18 -0500] "GET /sipse/faces/autenticacion.xhtml HTTP/1.1" 200 1099
201.245.192.253 - - [09/Jan/2024:19:00:18 -0500] "POST /sipse/faces/presentacion/financiero/solicitudProceso/listarSolicitudProceso.xhtml HTTP/1.1" 302 -
201.245.192.253 - - [09/Jan/2024:19:00:18 -0500] "GET /sipse/faces/autenticacion.xhtml HTTP/1.1" 200 1099
201.245.192.253 - - [09/Jan/2024:19:00:18 -0500] "POST /sipse/faces/presentacion/financiero/solicitudProceso/listarSolicitudProceso.xhtml HTTP/1.1" 302 -
201.245.192.253 - - [09/Jan/2024:19:00:18 -0500] "GET /sipse/faces/autenticacion.xhtml HTTP/1.1" 200 1099
201.245.192.253 - - [09/Jan/2024:19:00:18 -0500] "POST /sipse/faces/presentacion/financiero/solicitudProceso/listarSolicitudProceso.xhtml HTTP/1.1" 302 -
201.245.192.253 - - [09/Jan/2024:19:00:18 -0500] "GET /sipse/faces/autenticacion.xhtml HTTP/1.1" 200 1099
201.245.192.253 - - [09/Jan/2024:19:00:25 -0500] "GET /sipse/faces/index.xhtml HTTP/1.1" 200 677
201.245.192.253 - - [09/Jan/2024:19:00:25 -0500] "GET /sipse/faces/javax.faces.resource/theme.css?ln=primefaces-sipse HTTP/1.1" 304 -
201.245.192.253 - - [09/Jan/2024:19:00:25 -0500] "GET /sipse/faces/faces/autenticacion.xhtml HTTP/1.1" 200 12401
201.245.192.253 - - [09/Jan/2024:19:00:25 -0500] "GET /sipse/js/disable_browser_buttons.js HTTP/1.1" 304 -
201.245.192.253 - - [09/Jan/2024:19:00:25 -0500] "GET /sipse/js/funciones.js HTTP/1.1" 304 -
201.245.192.253 - - [09/Jan/2024:19:00:25 -0500] "GET /sipse/css/custom_css_sg.css HTTP/1.1" 304 -
201.245.192.253 - - [09/Jan/2024:19:00:25 -0500] "GET /sipse/faces/javax.faces.resource/theme.css?ln=primefaces-sipse HTTP/1.1" 304 -
201.245.192.253 - - [09/Jan/2024:19:00:25 -0500] "GET /sipse/css/custom_css_sg_prime_login.css HTTP/1.1" 304 -
201.245.192.253 - - [09/Jan/2024:19:00:25 -0500] "GET /sipse/faces/javax.faces.resource/jquery/jquery.js?ln=primefaces&v=4.0 HTTP/1.1" 304 -
201.245.192.253 - - [09/Jan/2024:19:00:25 -0500] "GET /sipse/faces/javax.faces.resource/layout/layout.css?ln=primefaces&v=4.0 HTTP/1.1" 304 -
201.245.192.253 - - [09/Jan/2024:19:00:25 -0500] "GET /sipse/faces/javax.faces.resource/primefaces.css?ln=primefaces&v=4.0 HTTP/1.1" 304 -
201.245.192.253 - - [09/Jan/2024:19:00:25 -0500] "GET /sipse/faces/javax.faces.resource/jquery/jquery-plugins.js?ln=primefaces&v=4.0 HTTP/1.1" 304 -
201.245.192.253 - - [09/Jan/2024:19:00:25 -0500] "GET /sipse/faces/javax.faces.resource/primefaces.js?ln=primefaces&v=4.0 HTTP/1.1" 304 -
201.245.192.253 - - [09/Jan/2024:19:00:25 -0500] "GET /sipse/faces/javax.faces.resource/layout/layout.js?ln=primefaces&v=4.0 HTTP/1.1" 304 -
201.245.192.253 - - [09/Jan/2024:19:00:25 -0500] "GET /sipse/css/imagen/loginimg.png HTTP/1.1" 304 -
201.245.192.253 - - [09/Jan/2024:19:00:25 -0500] "GET /sipse/css/imagen/logoSDG.png HTTP/1.1" 304 -
201.245.192.253 - - [09/Jan/2024:19:00:25 -0500] "GET /sipse/faces/javax.faces.resource/images/ui-icons_898989_256x240.png?ln=primefaces-aristo HTTP/1.1" 304 -
216.245.221.92 - - [09/Jan/2024:19:00:26 -0500] "HEAD / HTTP/1.1" 200 -
201.245.192.253 - - [09/Jan/2024:19:00:33 -0500] "POST /sipse/faces/autenticacion.xhtml HTTP/1.1" 200 11318
201.245.192.253 - - [09/Jan/2024:19:00:33 -0500] "GET /sipse/css/custom_css_sg_prime.css HTTP/1.1" 304 -
201.245.192.253 - - [09/Jan/2024:19:00:33 -0500] "GET /sipse/faces/javax.faces.resource/primefaces.css?ln=primefaces&v=4.0 HTTP/1.1" 304 -
201.245.192.253 - - [09/Jan/2024:19:00:33 -0500] "GET /sipse/faces/javax.faces.resource/layout/layout.css?ln=primefaces&v=4.0 HTTP/1.1" 304 -
201.245.192.253 - - [09/Jan/2024:19:00:33 -0500] "GET /sipse/faces/javax.faces.resource/theme.css?ln=primefaces-sipse HTTP/1.1" 304 -
201.245.192.253 - - [09/Jan/2024:19:00:33 -0500] "GET /sipse/faces/javax.faces.resource/jquery/jquery.js?ln=primefaces&v=4.0 HTTP/1.1" 304 -
201.245.192.253 - - [09/Jan/2024:19:00:33 -0500] "GET /sipse/faces/javax.faces.resource/jquery/jquery-plugins.js?ln=primefaces&v=4.0 HTTP/1.1" 304 -
201.245.192.253 - - [09/Jan/2024:19:00:33 -0500] "GET /sipse/faces/javax.faces.resource/primefaces.js?ln=primefaces&v=4.0 HTTP/1.1" 304 -
201.245.192.253 - - [09/Jan/2024:19:00:33 -0500] "GET /sipse/faces/javax.faces.resource/layout/layout.js?ln=primefaces&v=4.0 HTTP/1.1" 304 -
201.245.192.253 - - [09/Jan/2024:19:00:33 -0500] "GET /sipse/faces/javax.faces.resource/messages/messages.png?ln=primefaces&v=4.0 HTTP/1.1" 304 -
216.244.66.195 - - [09/Jan/2024:19:00:35 -0500] "GET /BLA/resoluciones/AUTOS%202012/1329.pdf HTTP/1.1" 200 159068
201.245.192.253 - - [09/Jan/2024:19:00:38 -0500] "POST /sipse/faces/presentacion/sistema/seguridad/seleccionRol.xhtml HTTP/1.1" 200 5757
201.245.192.253 - - [09/Jan/2024:19:00:39 -0500] "POST /sipse/faces/presentacion/sistema/seguridad/seleccionRol.xhtml HTTP/1.1" 200 16390
201.245.192.253 - - [09/Jan/2024:19:00:39 -0500] "GET /sipse/faces/javax.faces.resource/theme.css?ln=primefaces-sipse HTTP/1.1" 304 -
201.245.192.253 - - [09/Jan/2024:19:00:39 -0500] "GET /sipse/faces/javax.faces.resource/primefaces.css?ln=primefaces&v=4.0 HTTP/1.1" 304 -
201.245.192.253 - - [09/Jan/2024:19:00:39 -0500] "GET /sipse/faces/javax.faces.resource/layout/layout.css?ln=primefaces&v=4.0 HTTP/1.1" 304 -
201.245.192.253 - - [09/Jan/2024:19:00:39 -0500] "GET /sipse/js/jquery.min.js HTTP/1.1" 304 -
201.245.192.253 - - [09/Jan/2024:19:00:39 -0500] "GET /sipse/faces/javax.faces.resource/jquery/jquery.js?ln=primefaces&v=4.0 HTTP/1.1" 304 -
201.245.192.253 - - [09/Jan/2024:19:00:39 -0500] "GET /sipse/faces/javax.faces.resource/jquery/jquery-plugins.js?ln=primefaces&v=4.0 HTTP/1.1" 304 -
201.245.192.253 - - [09/Jan/2024:19:00:39 -0500] "GET /sipse/faces/javax.faces.resource/primefaces.js?ln=primefaces&v=4.0 HTTP/1.1" 304 -
201.245.192.253 - - [09/Jan/2024:19:00:39 -0500] "GET /sipse/faces/javax.faces.resource/layout/layout.js?ln=primefaces&v=4.0 HTTP/1.1" 304 -
201.245.192.253 - - [09/Jan/2024:19:00:39 -0500] "GET /sipse/css/v_mergente.css HTTP/1.1" 304 -
201.245.192.253 - - [09/Jan/2024:19:00:39 -0500] "GET /sipse/imagenes/cargando.gif HTTP/1.1" 304 -
201.245.192.253 - - [09/Jan/2024:19:00:39 -0500] "GET /sipse/imagenes/logoAplicacion.jpg HTTP/1.1" 304 -
201.245.192.253 - - [09/Jan/2024:19:00:39 -0500] "GET /sipse/css/imagen/contrasena.png HTTP/1.1" 404 383
172.22.2.4 - - [09/Jan/2024:18:58:59 -0500] "HEAD /BLA/boletinlegal/ HTTP/1.1" 200 -
201.245.192.253 - - [09/Jan/2024:19:00:41 -0500] "GET /sipse/faces/javax.faces.resource/images/ui-bg_flat_0_2d5972_40x100.png?ln=primefaces-aristo HTTP/1.1" 304 -
201.245.192.253 - - [09/Jan/2024:19:00:41 -0500] "POST /sipse/faces/bienvenido.xhtml HTTP/1.1" 200 9852
201.245.192.253 - - [09/Jan/2024:19:00:43 -0500] "POST /sipse/faces/bienvenido.xhtml HTTP/1.1" 200 2658
201.245.192.253 - - [09/Jan/2024:19:00:56 -0500] "POST /sipse/faces/bienvenido.xhtml HTTP/1.1" 200 33086
201.245.192.253 - - [09/Jan/2024:19:00:56 -0500] "GET /sipse/faces/javax.faces.resource/theme.css?ln=primefaces-sipse HTTP/1.1" 304 -
201.245.192.253 - - [09/Jan/2024:19:00:56 -0500] "GET /sipse/faces/javax.faces.resource/primefaces.css?ln=primefaces&v=4.0 HTTP/1.1" 304 -
201.245.192.253 - - [09/Jan/2024:19:00:56 -0500] "GET /sipse/faces/javax.faces.resource/layout/layout.css?ln=primefaces&v=4.0 HTTP/1.1" 304 -
201.245.192.253 - - [09/Jan/2024:19:00:56 -0500] "GET /sipse/faces/javax.faces.resource/jquery/jquery.js?ln=primefaces&v=4.0 HTTP/1.1" 304 -
201.245.192.253 - - [09/Jan/2024:19:00:56 -0500] "GET /sipse/faces/javax.faces.resource/jquery/jquery-plugins.js?ln=primefaces&v=4.0 HTTP/1.1" 304 -
201.245.192.253 - - [09/Jan/2024:19:00:56 -0500] "GET /sipse/faces/javax.faces.resource/primefaces.js?ln=primefaces&v=4.0 HTTP/1.1" 304 -
201.245.192.253 - - [09/Jan/2024:19:00:56 -0500] "GET /sipse/faces/javax.faces.resource/layout/layout.js?ln=primefaces&v=4.0 HTTP/1.1" 304 -
201.245.192.253 - - [09/Jan/2024:19:00:56 -0500] "POST /sipse/faces/presentacion/financiero/solicitudProceso/listarSolicitudProceso.xhtml HTTP/1.1" 200 1376
201.245.192.253 - - [09/Jan/2024:19:00:57 -0500] "POST /sipse/faces/presentacion/financiero/solicitudProceso/listarSolicitudProceso.xhtml HTTP/1.1" 200 184
201.245.192.253 - - [09/Jan/2024:19:00:57 -0500] "POST /sipse/faces/presentacion/financiero/solicitudProceso/listarSolicitudProceso.xhtml HTTP/1.1" 200 184
201.245.192.253 - - [09/Jan/2024:19:00:57 -0500] "GET /sipse/faces/presentacion/financiero/solicitudAnulacion/solicitudAnulacion.xhtml HTTP/1.1" 200 28997
201.245.192.253 - - [09/Jan/2024:19:00:58 -0500] "GET /sipse/faces/presentacion/financiero/solicitudAnulacion/solicitudAnulacion.xhtml HTTP/1.1" 200 31190
201.245.192.253 - - [09/Jan/2024:19:00:58 -0500] "GET /sipse/faces/javax.faces.resource/theme.css?ln=primefaces-sipse HTTP/1.1" 304 -
201.245.192.253 - - [09/Jan/2024:19:00:58 -0500] "GET /sipse/faces/javax.faces.resource/primefaces.css?ln=primefaces&v=4.0 HTTP/1.1" 304 -
201.245.192.253 - - [09/Jan/2024:19:00:58 -0500] "GET /sipse/faces/javax.faces.resource/layout/layout.css?ln=primefaces&v=4.0 HTTP/1.1" 304 -
201.245.192.253 - - [09/Jan/2024:19:00:58 -0500] "GET /sipse/faces/javax.faces.resource/jquery/jquery.js?ln=primefaces&v=4.0 HTTP/1.1" 304 -
201.245.192.253 - - [09/Jan/2024:19:00:58 -0500] "GET /sipse/faces/javax.faces.resource/jquery/jquery-plugins.js?ln=primefaces&v=4.0 HTTP/1.1" 304 -
201.245.192.253 - - [09/Jan/2024:19:00:58 -0500] "GET /sipse/faces/javax.faces.resource/primefaces.js?ln=primefaces&v=4.0 HTTP/1.1" 304 -
201.245.192.253 - - [09/Jan/2024:19:00:58 -0500] "GET /sipse/faces/javax.faces.resource/layout/layout.js?ln=primefaces&v=4.0 HTTP/1.1" 304 -
201.245.192.253 - - [09/Jan/2024:19:00:58 -0500] "POST /sipse/faces/presentacion/financiero/solicitudAnulacion/solicitudAnulacion.xhtml HTTP/1.1" 200 10464
216.244.66.195 - - [09/Jan/2024:19:00:59 -0500] "GET /BLA/resoluciones/AUTOS%202012/1495.pdf HTTP/1.1" 200 412742
201.245.192.253 - - [09/Jan/2024:19:01:08 -0500] "POST /sipse/faces/presentacion/financiero/solicitudAnulacion/solicitudAnulacion.xhtml HTTP/1.1" 200 33086
201.245.192.253 - - [09/Jan/2024:19:01:09 -0500] "GET /sipse/faces/javax.faces.resource/layout/layout.css?ln=primefaces&v=4.0 HTTP/1.1" 304 -
201.245.192.253 - - [09/Jan/2024:19:01:09 -0500] "GET /sipse/faces/javax.faces.resource/primefaces.css?ln=primefaces&v=4.0 HTTP/1.1" 304 -
201.245.192.253 - - [09/Jan/2024:19:01:09 -0500] "GET /sipse/faces/javax.faces.resource/theme.css?ln=primefaces-sipse HTTP/1.1" 304 -
201.245.192.253 - - [09/Jan/2024:19:01:09 -0500] "GET /sipse/faces/javax.faces.resource/jquery/jquery.js?ln=primefaces&v=4.0 HTTP/1.1" 304 -
201.245.192.253 - - [09/Jan/2024:19:01:09 -0500] "GET /sipse/faces/javax.faces.resource/jquery/jquery-plugins.js?ln=primefaces&v=4.0 HTTP/1.1" 304 -
201.245.192.253 - - [09/Jan/2024:19:01:09 -0500] "GET /sipse/faces/javax.faces.resource/primefaces.js?ln=primefaces&v=4.0 HTTP/1.1" 304 -
201.245.192.253 - - [09/Jan/2024:19:01:09 -0500] "GET /sipse/faces/javax.faces.resource/layout/layout.js?ln=primefaces&v=4.0 HTTP/1.1" 304 -
201.245.192.253 - - [09/Jan/2024:19:01:09 -0500] "POST /sipse/faces/presentacion/financiero/solicitudProceso/listarSolicitudProceso.xhtml HTTP/1.1" 200 1376
201.245.192.253 - - [09/Jan/2024:19:01:10 -0500] "POST /sipse/faces/presentacion/financiero/solicitudProceso/listarSolicitudProceso.xhtml HTTP/1.1" 200 27885
201.245.192.253 - - [09/Jan/2024:19:01:10 -0500] "GET /sipse/faces/javax.faces.resource/theme.css?ln=primefaces-sipse HTTP/1.1" 304 -
201.245.192.253 - - [09/Jan/2024:19:01:10 -0500] "GET /sipse/faces/javax.faces.resource/primefaces.css?ln=primefaces&v=4.0 HTTP/1.1" 304 -
201.245.192.253 - - [09/Jan/2024:19:01:10 -0500] "GET /sipse/faces/javax.faces.resource/layout/layout.css?ln=primefaces&v=4.0 HTTP/1.1" 304 -
201.245.192.253 - - [09/Jan/2024:19:01:10 -0500] "GET /sipse/faces/javax.faces.resource/jquery/jquery.js?ln=primefaces&v=4.0 HTTP/1.1" 304 -
201.245.192.253 - - [09/Jan/2024:19:01:10 -0500] "GET /sipse/faces/javax.faces.resource/jquery/jquery-plugins.js?ln=primefaces&v=4.0 HTTP/1.1" 304 -
201.245.192.253 - - [09/Jan/2024:19:01:11 -0500] "GET /sipse/faces/javax.faces.resource/primefaces.js?ln=primefaces&v=4.0 HTTP/1.1" 304 -
201.245.192.253 - - [09/Jan/2024:19:01:11 -0500] "GET /sipse/faces/javax.faces.resource/layout/layout.js?ln=primefaces&v=4.0 HTTP/1.1" 304 -
201.245.192.253 - - [09/Jan/2024:19:01:11 -0500] "POST /sipse/faces/presentacion/financiero/solicitudProceso/solicitudProcesoOtrosPagos.xhtml HTTP/1.1" 200 21213
216.244.66.195 - - [09/Jan/2024:19:01:26 -0500] "GET /BLA/resoluciones/AUTOS%202012/1643.pdf HTTP/1.1" 200 501521
172.22.2.4 - - [09/Jan/2024:18:59:50 -0500] "GET /BLA/boletinlegal/ HTTP/1.1" 200 60502
216.244.66.195 - - [09/Jan/2024:19:01:48 -0500] "GET /BLA/resoluciones/AUTOS%202012/1739.pdf HTTP/1.1" 200 383322
216.244.66.195 - - [09/Jan/2024:19:02:11 -0500] "GET /BLA/resoluciones/AUTOS%202012/1924.pdf HTTP/1.1" 200 827437
216.244.66.195 - - [09/Jan/2024:19:02:32 -0500] "GET /BLA/resoluciones/AUTOS%202012/1946.pdf HTTP/1.1" 200 489463
201.245.192.253 - - [09/Jan/2024:19:03:00 -0500] "POST /kwsrmcab/Wsrmcab  HTTP/1.1" 200 36937
216.245.221.92 - - [09/Jan/2024:19:05:26 -0500] "HEAD / HTTP/1.1" 200 -
172.22.2.4 - - [09/Jan/2024:19:04:49 -0500] "HEAD /BLA/boletinlegal/ HTTP/1.1" 200 -
200.118.62.158 - - [09/Jan/2024:19:06:39 -0500] "GET /inicia-el-2024-conociendo-la-biodiversidad-de-bogoti.html?fbclid=IwAR1qDDWToqtZTr6AoMB7LCmaDBrRwKlX6fOH4HHXiMKsqJdLSQRyXmh2Sjc HTTP/1.1" 200 894
172.22.2.4 - - [09/Jan/2024:19:05:40 -0500] "GET /BLA/boletinlegal/ HTTP/1.1" 200 58567
201.245.192.253 - - [09/Jan/2024:19:07:58 -0500] "POST /kwsrmcab/Wsrmcab  HTTP/1.1" 200 36937
172.22.2.4 - - [09/Jan/2024:19:08:56 -0500] "GET /BLA/boletinlegal/actos.php HTTP/1.1" 200 9648
161.10.17.7 - - [09/Jan/2024:19:09:05 -0500] "GET /inicia-el-2024-conociendo-la-biodiversidad-de-bogoti.html?fbclid=IwAR3mt56_wLToI5G9JZhsMfdXSSc94t4meZNNsKJX1fJU5pbXhBkjM3TjvPI HTTP/1.1" 200 894
216.245.221.92 - - [09/Jan/2024:19:10:26 -0500] "HEAD / HTTP/1.1" 200 -
66.249.68.37 - - [09/Jan/2024:19:11:56 -0500] "GET /BLA/resoluciones/RESOLUCIONES%202009/5257.pdf HTTP/1.1" 200 327204
172.22.2.4 - - [09/Jan/2024:19:10:39 -0500] "HEAD /BLA/boletinlegal/ HTTP/1.1" 200 -
201.245.192.253 - - [09/Jan/2024:19:12:57 -0500] "POST /kwsrmcab/Wsrmcab  HTTP/1.1" 200 36937
172.22.2.4 - - [09/Jan/2024:19:11:30 -0500] "GET /BLA/boletinlegal/ HTTP/1.1" 200 60502
216.244.66.195 - - [09/Jan/2024:19:14:22 -0500] "GET /robots.txt HTTP/1.1" 404 1018
66.249.68.38 - - [09/Jan/2024:19:15:00 -0500] "GET /Publicaciones/2023EE300490.pdf HTTP/1.1" 404 228
201.245.192.253 - - [09/Jan/2024:19:14:58 -0500] "POST /kwsrmcab/Wsrmcab HTTP/1.1" 200 37032
201.245.192.253 - - [09/Jan/2024:19:15:01 -0500] "POST /kwsrmcab/Wsrmcab HTTP/1.1" 200 36736
111.172.249.49 - - [09/Jan/2024:19:15:06 -0500] "GET / HTTP/1.1" 200 319
191.111.34.119 - - [09/Jan/2024:19:15:19 -0500] "GET /inicia-el-2024-conociendo-la-biodiversidad-de-bogoti.html?fbclid=IwAR0e_MAC2SUdOLL1KIGp-9a2xR_KTMQ7YzVHDAgbGnoRBGtLAy00d1UAP1c HTTP/1.1" 200 894
216.245.221.92 - - [09/Jan/2024:19:15:26 -0500] "HEAD / HTTP/1.1" 200 -
66.249.68.36 - - [09/Jan/2024:19:16:02 -0500] "GET /BLA/resoluciones/RESOLUCIONES%202009/5083.pdf HTTP/1.1" 200 511392
66.249.68.38 - - [09/Jan/2024:19:17:36 -0500] "GET /Publicaciones/2023EE233676.pdf HTTP/1.1" 404 228
201.245.192.253 - - [09/Jan/2024:19:17:55 -0500] "POST /kwsrmcab/Wsrmcab  HTTP/1.1" 200 36937
172.22.2.4 - - [09/Jan/2024:19:16:29 -0500] "HEAD /BLA/boletinlegal/ HTTP/1.1" 200 -
172.22.2.4 - - [09/Jan/2024:19:17:20 -0500] "GET /BLA/boletinlegal/ HTTP/1.1" 200 58567
201.245.192.253 - - [09/Jan/2024:19:19:12 -0500] "POST /kwsrmcab/Wsrmcab HTTP/1.1" 200 37032
191.95.27.155 - - [09/Jan/2024:19:19:46 -0500] "GET /sipse/faces/faces/autenticacion.xhtml HTTP/1.1" 200 12401
191.95.27.155 - - [09/Jan/2024:19:19:46 -0500] "GET /sipse/faces/javax.faces.resource/layout/layout.css?ln=primefaces&v=4.0 HTTP/1.1" 304 -
191.95.27.155 - - [09/Jan/2024:19:19:46 -0500] "GET /sipse/faces/javax.faces.resource/jquery/jquery-plugins.js?ln=primefaces&v=4.0 HTTP/1.1" 304 -
191.95.27.155 - - [09/Jan/2024:19:19:46 -0500] "GET /sipse/faces/javax.faces.resource/jquery/jquery.js?ln=primefaces&v=4.0 HTTP/1.1" 304 -
191.95.27.155 - - [09/Jan/2024:19:19:46 -0500] "GET /sipse/faces/javax.faces.resource/primefaces.js?ln=primefaces&v=4.0 HTTP/1.1" 304 -
191.95.27.155 - - [09/Jan/2024:19:19:46 -0500] "GET /sipse/faces/javax.faces.resource/theme.css?ln=primefaces-sipse HTTP/1.1" 304 -
191.95.27.155 - - [09/Jan/2024:19:19:46 -0500] "GET /sipse/faces/javax.faces.resource/layout/layout.js?ln=primefaces&v=4.0 HTTP/1.1" 304 -
191.95.27.155 - - [09/Jan/2024:19:19:46 -0500] "GET /sipse/faces/javax.faces.resource/primefaces.css?ln=primefaces&v=4.0 HTTP/1.1" 304 -
191.95.27.155 - - [09/Jan/2024:19:19:46 -0500] "GET /sipse/faces/javax.faces.resource/images/ui-icons_898989_256x240.png?ln=primefaces-aristo HTTP/1.1" 304 -
191.95.27.155 - - [09/Jan/2024:19:19:47 -0500] "GET /sipse/faces/faces/index.xhtml HTTP/1.1" 200 677
191.95.27.155 - - [09/Jan/2024:19:19:47 -0500] "GET /sipse/faces/javax.faces.resource/theme.css?ln=primefaces-sipse HTTP/1.1" 304 -
191.95.27.155 - - [09/Jan/2024:19:19:47 -0500] "GET /sipse/faces/faces/faces/autenticacion.xhtml HTTP/1.1" 200 12401
191.95.27.155 - - [09/Jan/2024:19:19:48 -0500] "GET /sipse/faces/javax.faces.resource/layout/layout.css?ln=primefaces&v=4.0 HTTP/1.1" 304 -
191.95.27.155 - - [09/Jan/2024:19:19:48 -0500] "GET /sipse/faces/javax.faces.resource/theme.css?ln=primefaces-sipse HTTP/1.1" 304 -
191.95.27.155 - - [09/Jan/2024:19:19:48 -0500] "GET /sipse/faces/javax.faces.resource/jquery/jquery.js?ln=primefaces&v=4.0 HTTP/1.1" 304 -
191.95.27.155 - - [09/Jan/2024:19:19:48 -0500] "GET /sipse/faces/javax.faces.resource/jquery/jquery-plugins.js?ln=primefaces&v=4.0 HTTP/1.1" 304 -
191.95.27.155 - - [09/Jan/2024:19:19:48 -0500] "GET /sipse/faces/javax.faces.resource/primefaces.js?ln=primefaces&v=4.0 HTTP/1.1" 304 -
191.95.27.155 - - [09/Jan/2024:19:19:48 -0500] "GET /sipse/faces/javax.faces.resource/primefaces.css?ln=primefaces&v=4.0 HTTP/1.1" 304 -
191.95.27.155 - - [09/Jan/2024:19:19:48 -0500] "GET /sipse/faces/javax.faces.resource/layout/layout.js?ln=primefaces&v=4.0 HTTP/1.1" 304 -
191.95.27.155 - - [09/Jan/2024:19:19:48 -0500] "GET /sipse/faces/javax.faces.resource/images/ui-icons_898989_256x240.png?ln=primefaces-aristo HTTP/1.1" 304 -
191.95.27.155 - - [09/Jan/2024:19:19:50 -0500] "POST /sipse/faces/autenticacion.xhtml HTTP/1.1" 200 2225
191.95.27.155 - - [09/Jan/2024:19:19:51 -0500] "GET /sipse/faces/javax.faces.resource/messages/messages.png?ln=primefaces&v=4.0 HTTP/1.1" 200 27209
191.95.27.155 - - [09/Jan/2024:19:19:53 -0500] "POST /sipse/faces/autenticacion.xhtml HTTP/1.1" 200 16392
191.95.27.155 - - [09/Jan/2024:19:19:53 -0500] "GET /sipse/faces/javax.faces.resource/jquery/jquery.js?ln=primefaces&v=4.0 HTTP/1.1" 304 -
191.95.27.155 - - [09/Jan/2024:19:19:54 -0500] "GET /sipse/faces/javax.faces.resource/jquery/jquery-plugins.js?ln=primefaces&v=4.0 HTTP/1.1" 304 -
191.95.27.155 - - [09/Jan/2024:19:19:54 -0500] "GET /sipse/faces/javax.faces.resource/primefaces.js?ln=primefaces&v=4.0 HTTP/1.1" 304 -
191.95.27.155 - - [09/Jan/2024:19:19:54 -0500] "GET /sipse/faces/javax.faces.resource/layout/layout.js?ln=primefaces&v=4.0 HTTP/1.1" 304 -
201.245.192.253 - - [09/Jan/2024:19:19:52 -0500] "POST /kwsrmcab/Wsrmcab HTTP/1.1" 200 36736
191.95.27.155 - - [09/Jan/2024:19:19:56 -0500] "GET /sipse/faces/javax.faces.resource/images/ui-bg_flat_0_2d5972_40x100.png?ln=primefaces-aristo HTTP/1.1" 304 -
191.95.27.155 - - [09/Jan/2024:19:19:56 -0500] "POST /sipse/faces/bienvenido.xhtml HTTP/1.1" 200 2658
186.102.110.42 - - [09/Jan/2024:19:19:57 -0500] "GET /kwssiamovil/sm/acme/a?s=U2FsdGVkX18eXfIvQOESX9TH8BhWl2sFpDvgq/uiNs4A1s5mmXhwsPAyQDsXi20ixuezNe2BTHT36Qm3wka+NlILqRc4rTCqe1QxUyrKPcp3iP9X5+AquKle96K9P2be3wWMd3yskKVHUrw5A7w/5Xrl2uYaZw2O0/SzbvWqbxuEpQGjUr6NWVNylIzG46Tr7EzBNqxT6v/1TXHYcsEhlKm0qbPffvdoVMqRyuucJE+ihH06sniPaLRVAXzbBS7xsvwvyRfED6XnJMyAOlhX6Q==&u=U2FsdGVkX1/ryzFH+bK6E165MG+OTnMG6I0sHI2qMrQ=&y=U2FsdGVkX1/Ic3M91ojo6/kbBK02/2ZXGvX1oV0b/Fw= HTTP/1.1" 200 26
186.102.110.42 - - [09/Jan/2024:19:19:58 -0500] "GET /kwssiamovil/sm/acme/a?s=U2FsdGVkX1/qVrsRVkvew22mTj86YoXzCZRjc2pNcXa2LPjRE4Dt1qnzTp/l9qbcdFLsh/E3ECl49MaePN25iLway5e3+k+tYNc/0J6ftusrS4n+aTVHDPVxpPxdj7K+S49Tg+61aAW6RKDL3YNw3stHQbibY+jp4Dr+Xu71ZQWpISNyrBzEQscyz6BK+JP+mBkDL/IAe9PiM7GJ7qvZ1bVe5FwaQ0uoapGPdNLr3uxheIPnAzUcasKwzn99CnubogZntnFxA3h9r6WztMOu+l82RaNRn+NNVKv05LXpPLpg55n7sH+Iwa7NpWMZCxPftOMSdi+ic0TXU83BruuJM+tCV70gpQKHokVxOHBEPW5c4PNKZW4LzGnLbut5Y6uOgz93YwXO2qcNI8ViX1jhTBw12bk5YInxCwzSaR9sFgGrmBBsugo1jpVACIoCer9TQYFTAVF3vkRJK7zIkKdDq1gf7HsSQQa0WrRiYH7P6Q16wthixdhsJE2nAGLFOnhAjvyKzix9BmX6jN9bdjuwAax9GeoZoG75fowM1JmlmJes856eYZIj9LhZrLBdCF1Pqlv1BZntFURX2GLHtdaBxmCttcaoiS1HCCZ0+ISvOvfxaUMpWR5KkpBzbinGKeztJbAzhun/TfZFykCITkVlQLtoNMp+4KNKpM6p/seMjS2VkcYezzcc+DuKHxlYAL/ZheU/c6kaxciXobcyhaZYs9kiekTCDJoNO9hcMeH8gKluJXqqxRSJCcrqaHtlHNt/3ni70IK8oHf2DaULpnmXvTC/yyYr+WkIMxvSidz+5ntPehcA8DWCC8N1Nl/6wCA3phd3sGLL9J2zf9Z7NPFcMABqaJS1O6FQKZersVMUp1dGj/D2Q8K14c/vIuFFa/y+BjmWT4VL2sKMBB8HftqtCQI5ThXTufPi5yoVKsG1f3U0tpeQiIf7MdG9GeNQavg9UMmGT17bR9PmFiL5HSPW1T+ZRT3vfSKt+GTq86Q2enRfz61jFqVdodY6+2Ip9PEUE9x5OaN6WLtbN43YIdDm5kNo3qn16+1HqRcNivpkU95Rn8lP6j9LxagV9bOAKqapHpzYQ4k1O7K2Qe9ffIogUsIHhKvNWPFC9hKYX9u6Qvorn16+Yl2a55UFaw7mnqfWqotk1DvLm6or0b9Jrk33Ur88PKWMuhczHA0SN5RbolmCyYg2ndqh1MIrBhPw15ZQ9Mw5J1WHrE47U/fl/4ciuEOQCVgtcJTp3ONLJ3NJWhY2gEwbvh3uoNaTuuo7/hFAn75uMOeXawlN8L5p0C51nb8n/4cLy5N7rBWLuxJgIYIwUyRBoM0EAe3F4JTSAG3BjLlrZlgPtRmK3Edq/rbepUircTgSJRlZ/k7rI5CFUtch7iDnwmZZ4lMpUkz7xG7E6IkeHAuMlcq+achMXtBscvKZL3n2cd+7yR0xZRjQQk5IkzaktelYTCG9qKjOD1nWQblByt0ug+hfCvuZD8GTRhP+D+kunuQIqPZ3gSNlJ111d8ml63OfshocLTeGZC26DI1fyE7LTWB02pftfd6sM5RkQa7UlB/ilUyk4PowqvOUK0hjxxQZg8By+nKXmpFK7iiwS0MFWW7M943MC8pOE41PdJQfNptoH/AK8gh/mD3XpRzx4XDfysXl3zOkqm7VymnkMQJ68kkQoD08MGL6Z/BQTOwFF5z1IkcbDMFMijouUpE7rz6fE+q6BDYkEGH+dQWFN1ObeCmkrC454d7yuf7DwCTOxy6y5hpy78ZJaIR651/LPlCOfszObG9GAeY9YdCUoiacGrSd2TT3JkCFwN20TR3oxb4vin0pACVYBvnNgFpxseyBrPmqMWKriNJhXurKOr9FmGTDMM/xo6rpLETGelWkC/+ejNLIA4yFzVFLzFcNOPGMj6mQqcME33HIpO3JPF++58YiIfLq9btNJw==&u=U2FsdGVkX1/ryzFH+bK6E165MG+OTnMG6I0sHI2qMrQ=&y=U2FsdGVkX1/Ic3M91ojo6/kbBK02/2ZXGvX1oV0b/Fw= HTTP/1.1" 200 26
191.95.27.155 - - [09/Jan/2024:19:19:57 -0500] "POST /sipse/faces/bienvenido.xhtml HTTP/1.1" 200 62736
186.102.110.42 - - [09/Jan/2024:19:19:58 -0500] "GET /kwssiamovil/sm/acme/a?s=U2FsdGVkX1+ItMNJ+z4XaMHkYSlV5U0dm8Xr2OjaT8Pl673Is88+JNVHgr0/48O2IM45BcZUNCx2Kv47RhsVtc4DbcFYD9nOi4SpxQYGhVm2zK5yI+qTpMRpnEakeGqpY+X88VSMCAtOoOVGL6Gwt4jAUDm1Sluc1F8kWpEV++o=&u=U2FsdGVkX1/ryzFH+bK6E165MG+OTnMG6I0sHI2qMrQ=&y=U2FsdGVkX1/Ic3M91ojo6/kbBK02/2ZXGvX1oV0b/Fw= HTTP/1.1" 200 26
186.102.110.42 - - [09/Jan/2024:19:19:58 -0500] "GET /kwssiamovil/sm/acme/a?s=U2FsdGVkX1+q2a5ppv2DUGdTeRKH2yJFlHc0nvPz5DJQ0cPzMJ/WqExvQar1+h4QCgwg3hmPLBZVn/28vZnx5EiAt5xJt44WLnwiNmAqw+dibC6154lWN8pRBSe4XB5KiCxodQ/CKbDFrhi+BHNW5hO13VLJN5P1m/rEHobQwtU=&u=U2FsdGVkX1/ryzFH+bK6E165MG+OTnMG6I0sHI2qMrQ=&y=U2FsdGVkX1/Ic3M91ojo6/kbBK02/2ZXGvX1oV0b/Fw= HTTP/1.1" 200 26
191.95.27.155 - - [09/Jan/2024:19:19:58 -0500] "GET /sipse/faces/javax.faces.resource/jquery/jquery.js?ln=primefaces&v=4.0 HTTP/1.1" 304 -
186.102.110.42 - - [09/Jan/2024:19:19:58 -0500] "GET /kwssiamovil/sm/acme/a?s=U2FsdGVkX1/r3XrRYXkr5oIpT+O6EYJOdKOXV6f3fWnG2sxg5n2/MN4J3Mn3tFD+96wdnZT1ohQGKq/WhEfL+Ht3vXJxVXgOBlchX/GKLCvid7Dk+Xd23miRcqe6sJslkVOkzIqMiwNZX2wixnhzpkjOkZseF0AdqudgYcg7jjE=&u=U2FsdGVkX1/ryzFH+bK6E165MG+OTnMG6I0sHI2qMrQ=&y=U2FsdGVkX1/Ic3M91ojo6/kbBK02/2ZXGvX1oV0b/Fw= HTTP/1.1" 200 26
191.95.27.155 - - [09/Jan/2024:19:19:58 -0500] "GET /sipse/faces/javax.faces.resource/jquery/jquery-plugins.js?ln=primefaces&v=4.0 HTTP/1.1" 304 -
191.95.27.155 - - [09/Jan/2024:19:19:58 -0500] "GET /sipse/faces/javax.faces.resource/primefaces.js?ln=primefaces&v=4.0 HTTP/1.1" 304 -
186.102.110.42 - - [09/Jan/2024:19:19:58 -0500] "GET /kwssiamovil/sm/acme/a?s=U2FsdGVkX19NStuVcDBnRWBLs7aQ1csLxvZ3O6fJ7OoRWR8Hj4z2i9iLL/kFC9HFV0jNwlF9qF1Vd3z6xAiszvjo/7XgimZWSYzoNvwqbJZwl2VGm2hFCoYtL9bykSyWLMyi56vHvwGr6OMczCJmuQIpdvwEztXS+txfyYAdLANlhaKf+CidvfLCz0+1kVvM&u=U2FsdGVkX1/ryzFH+bK6E165MG+OTnMG6I0sHI2qMrQ=&y=U2FsdGVkX1/Ic3M91ojo6/kbBK02/2ZXGvX1oV0b/Fw= HTTP/1.1" 200 26
191.95.27.155 - - [09/Jan/2024:19:19:58 -0500] "GET /sipse/faces/javax.faces.resource/layout/layout.js?ln=primefaces&v=4.0 HTTP/1.1" 304 -
191.95.27.155 - - [09/Jan/2024:19:19:59 -0500] "POST /sipse/faces/presentacion/financiero/solicitudProceso/listarSolicitudProceso.xhtml HTTP/1.1" 200 1556
191.95.27.155 - - [09/Jan/2024:19:20:03 -0500] "POST /sipse/faces/presentacion/financiero/solicitudProceso/listarSolicitudProceso.xhtml HTTP/1.1" 200 7641
216.245.221.92 - - [09/Jan/2024:19:20:26 -0500] "HEAD / HTTP/1.1" 200 -
172.22.2.4 - - [09/Jan/2024:19:20:28 -0500] "GET /BLA/boletinlegal/robots.txt HTTP/1.1" 404 1038
172.22.2.4 - - [09/Jan/2024:19:20:29 -0500] "GET /BLA/boletinlegal/ HTTP/1.1" 200 62422
172.22.2.4 - - [09/Jan/2024:19:22:20 -0500] "GET /BLA/boletinlegal/jurisprudencia/analisis/ANALISIST-257-96.docx HTTP/1.1" 304 -
201.245.192.253 - - [09/Jan/2024:19:22:53 -0500] "POST /kwsrmcab/Wsrmcab  HTTP/1.1" 200 36937
47.128.34.186 - - [09/Jan/2024:19:23:36 -0500] "GET /BLA/resoluciones/dlf/pdf.gif HTTP/1.1" 200 272
47.128.34.186 - - [09/Jan/2024:19:23:36 -0500] "GET /BLA/resoluciones/dlf/dirup.png HTTP/1.1" 200 644
47.128.62.45 - - [09/Jan/2024:19:23:57 -0500] "GET /BLA/resoluciones/index.php?dir=RESOLUCIONES%202004%2FRES%202004%201901-1950%2F&order=asc&sort=name HTTP/1.1" 200 12350
47.128.62.45 - - [09/Jan/2024:19:23:58 -0500] "GET /BLA/resoluciones/dlf/unknown.png HTTP/1.1" 200 266
47.128.62.45 - - [09/Jan/2024:19:23:58 -0500] "GET /BLA/resoluciones/dlf/dirup.png HTTP/1.1" 200 644
172.22.2.4 - - [09/Jan/2024:19:22:19 -0500] "HEAD /BLA/boletinlegal/ HTTP/1.1" 200 -
47.128.34.186 - - [09/Jan/2024:19:23:35 -0500] "GET /BLA/resoluciones/index.php?dir=RESOLUCIONES%202021%2F&order=asc&sort=date HTTP/1.1" 200 233419
69.63.184.120 - - [09/Jan/2024:19:24:17 -0500] "GET /indicadores-de-fauna-silvestre-en-el-observatorio-ambiental-de-bogota.html HTTP/1.1" 200 949
47.128.62.218 - - [09/Jan/2024:19:24:28 -0500] "GET /BLA/resoluciones/dlf/dirup.png HTTP/1.1" 200 644
47.128.62.218 - - [09/Jan/2024:19:24:28 -0500] "GET /BLA/resoluciones/dlf/unknown.png HTTP/1.1" 200 266
172.22.2.4 - - [09/Jan/2024:19:24:29 -0500] "GET /BLA/boletinlegal/jurisprudencia.php HTTP/1.1" 200 17583
47.128.62.218 - - [09/Jan/2024:19:24:27 -0500] "GET /BLA/resoluciones/index.php?dir=RESOLUCIONES+2005%2FRES+2005++1601-1650%2F HTTP/1.1" 200 12426
172.22.2.4 - - [09/Jan/2024:19:24:31 -0500] "GET /BLA/boletinlegal/documentos-importantes.php HTTP/1.1" 200 4829
172.22.2.4 - - [09/Jan/2024:19:24:33 -0500] "GET /BLA/boletinlegal/normativa.php HTTP/1.1" 200 8343
172.22.2.4 - - [09/Jan/2024:19:24:35 -0500] "GET /BLA/boletinlegal/doctrina.php HTTP/1.1" 200 5614
172.22.2.4 - - [09/Jan/2024:19:24:37 -0500] "GET /BLA/boletinlegal/conceptos.php HTTP/1.1" 200 7496
