201.245.192.253 - - [09/Jan/2024:12:46:37 -0500] "POST /forms/lservlet;jsessionid=ac16012b30d6824570109c2143e1a1b38af06f99ab1f.e3iSbxaKaheRe34Rb3eTbx8LaNb0n6jAmljGr5XDqQLvpAe HTTP/1.1" 200 2367
201.245.192.253 - - [09/Jan/2024:12:46:40 -0500] "POST /forms/lservlet;jsessionid=ac16012b30d6824570109c2143e1a1b38af06f99ab1f.e3iSbxaKaheRe34Rb3eTbx8LaNb0n6jAmljGr5XDqQLvpAe HTTP/1.1" 200 21
201.245.192.253 - - [09/Jan/2024:12:46:43 -0500] "POST /forms/lservlet;jsessionid=ac16012b30d6824570109c2143e1a1b38af06f99ab1f.e3iSbxaKaheRe34Rb3eTbx8LaNb0n6jAmljGr5XDqQLvpAe HTTP/1.1" 200 117
201.245.192.253 - - [09/Jan/2024:12:46:43 -0500] "POST /forms/lservlet;jsessionid=ac16012b30d6824570109c2143e1a1b38af06f99ab1f.e3iSbxaKaheRe34Rb3eTbx8LaNb0n6jAmljGr5XDqQLvpAe HTTP/1.1" 200 7
201.245.192.253 - - [09/Jan/2024:12:46:44 -0500] "POST /forms/lservlet;jsessionid=ac16012b30d6824570109c2143e1a1b38af06f99ab1f.e3iSbxaKaheRe34Rb3eTbx8LaNb0n6jAmljGr5XDqQLvpAe HTTP/1.1" 200 66
201.245.192.253 - - [09/Jan/2024:12:46:48 -0500] "POST /forms/lservlet;jsessionid=ac16012b30d6824570109c2143e1a1b38af06f99ab1f.e3iSbxaKaheRe34Rb3eTbx8LaNb0n6jAmljGr5XDqQLvpAe HTTP/1.1" 200 144
201.245.192.253 - - [09/Jan/2024:12:47:04 -0500] "POST /forms/lservlet;jsessionid=ac16012b30d6824570109c2143e1a1b38af06f99ab1f.e3iSbxaKaheRe34Rb3eTbx8LaNb0n6jAmljGr5XDqQLvpAe HTTP/1.1" 200 2
201.245.192.253 - - [09/Jan/2024:12:47:04 -0500] "POST /forms/lservlet;jsessionid=ac16012b30d6824570109c2143e1a1b38af06f99ab1f.e3iSbxaKaheRe34Rb3eTbx8LaNb0n6jAmljGr5XDqQLvpAe HTTP/1.1" 200 422
201.245.192.253 - - [09/Jan/2024:12:47:06 -0500] "POST /forms/lservlet;jsessionid=ac16012b30d6824570109c2143e1a1b38af06f99ab1f.e3iSbxaKaheRe34Rb3eTbx8LaNb0n6jAmljGr5XDqQLvpAe HTTP/1.1" 200 2
201.245.192.253 - - [09/Jan/2024:12:47:06 -0500] "POST /forms/lservlet;jsessionid=ac16012b30d6824570109c2143e1a1b38af06f99ab1f.e3iSbxaKaheRe34Rb3eTbx8LaNb0n6jAmljGr5XDqQLvpAe HTTP/1.1" 200 231
201.245.192.253 - - [09/Jan/2024:12:47:06 -0500] "POST /forms/lservlet;jsessionid=ac16012b30d6824570109c2143e1a1b38af06f99ab1f.e3iSbxaKaheRe34Rb3eTbx8LaNb0n6jAmljGr5XDqQLvpAe HTTP/1.1" 200 2
201.245.192.253 - - [09/Jan/2024:12:47:07 -0500] "POST /forms/lservlet;jsessionid=ac16012b30d6824570109c2143e1a1b38af06f99ab1f.e3iSbxaKaheRe34Rb3eTbx8LaNb0n6jAmljGr5XDqQLvpAe HTTP/1.1" 200 208
201.245.192.253 - - [09/Jan/2024:12:47:07 -0500] "POST /forms/lservlet;jsessionid=ac16012b30d6824570109c2143e1a1b38af06f99ab1f.e3iSbxaKaheRe34Rb3eTbx8LaNb0n6jAmljGr5XDqQLvpAe HTTP/1.1" 200 2
201.245.192.253 - - [09/Jan/2024:12:47:08 -0500] "POST /forms/lservlet;jsessionid=ac16012b30d6824570109c2143e1a1b38af06f99ab1f.e3iSbxaKaheRe34Rb3eTbx8LaNb0n6jAmljGr5XDqQLvpAe HTTP/1.1" 200 91
201.245.192.253 - - [09/Jan/2024:12:47:09 -0500] "POST /forms/lservlet;jsessionid=ac16012b30d6824570109c2143e1a1b38af06f99ab1f.e3iSbxaKaheRe34Rb3eTbx8LaNb0n6jAmljGr5XDqQLvpAe HTTP/1.1" 200 155
201.245.192.253 - - [09/Jan/2024:12:47:09 -0500] "POST /forms/lservlet;jsessionid=ac16012b30d6824570109c2143e1a1b38af06f99ab1f.e3iSbxaKaheRe34Rb3eTbx8LaNb0n6jAmljGr5XDqQLvpAe HTTP/1.1" 200 2
201.245.192.253 - - [09/Jan/2024:12:47:09 -0500] "POST /forms/lservlet;jsessionid=ac16012b30d6824570109c2143e1a1b38af06f99ab1f.e3iSbxaKaheRe34Rb3eTbx8LaNb0n6jAmljGr5XDqQLvpAe HTTP/1.1" 200 630
201.245.192.253 - - [09/Jan/2024:12:47:10 -0500] "POST /forms/lservlet;jsessionid=ac16012b30d6824570109c2143e1a1b38af06f99ab1f.e3iSbxaKaheRe34Rb3eTbx8LaNb0n6jAmljGr5XDqQLvpAe HTTP/1.1" 200 2
201.245.192.253 - - [09/Jan/2024:12:47:13 -0500] "POST /forms/lservlet;jsessionid=ac16012b30d6824570109c2143e1a1b38af06f99ab1f.e3iSbxaKaheRe34Rb3eTbx8LaNb0n6jAmljGr5XDqQLvpAe HTTP/1.1" 200 130
201.245.192.253 - - [09/Jan/2024:12:47:13 -0500] "POST /forms/lservlet;jsessionid=ac16012b30d6824570109c2143e1a1b38af06f99ab1f.e3iSbxaKaheRe34Rb3eTbx8LaNb0n6jAmljGr5XDqQLvpAe HTTP/1.1" 200 2
201.245.192.253 - - [09/Jan/2024:12:47:14 -0500] "POST /forms/lservlet;jsessionid=ac16012b30d6824570109c2143e1a1b38af06f99ab1f.e3iSbxaKaheRe34Rb3eTbx8LaNb0n6jAmljGr5XDqQLvpAe HTTP/1.1" 200 32
201.245.192.253 - - [09/Jan/2024:12:47:16 -0500] "POST /forms/lservlet;jsessionid=ac16012b30d6824570109c2143e1a1b38af06f99ab1f.e3iSbxaKaheRe34Rb3eTbx8LaNb0n6jAmljGr5XDqQLvpAe HTTP/1.1" 200 1334
201.245.192.253 - - [09/Jan/2024:12:47:16 -0500] "POST /forms/lservlet;jsessionid=ac16012b30d6824570109c2143e1a1b38af06f99ab1f.e3iSbxaKaheRe34Rb3eTbx8LaNb0n6jAmljGr5XDqQLvpAe HTTP/1.1" 200 10
201.245.192.253 - - [09/Jan/2024:12:47:16 -0500] "POST /forms/lservlet;jsessionid=ac16012b30d6824570109c2143e1a1b38af06f99ab1f.e3iSbxaKaheRe34Rb3eTbx8LaNb0n6jAmljGr5XDqQLvpAe HTTP/1.1" 200 24
201.245.192.253 - - [09/Jan/2024:12:47:17 -0500] "POST /forms/lservlet;jsessionid=ac16012b30d6824570109c2143e1a1b38af06f99ab1f.e3iSbxaKaheRe34Rb3eTbx8LaNb0n6jAmljGr5XDqQLvpAe HTTP/1.1" 200 1977
172.22.2.4 - - [09/Jan/2024:12:45:38 -0500] "HEAD /BLA/boletinlegal/ HTTP/1.1" 200 -
201.245.192.253 - - [09/Jan/2024:12:47:27 -0500] "POST /forms/lservlet;jsessionid=ac16012b30d6824570109c2143e1a1b38af06f99ab1f.e3iSbxaKaheRe34Rb3eTbx8LaNb0n6jAmljGr5XDqQLvpAe HTTP/1.1" 200 2
201.245.192.253 - - [09/Jan/2024:12:47:27 -0500] "POST /forms/lservlet;jsessionid=ac16012b30d6824570109c2143e1a1b38af06f99ab1f.e3iSbxaKaheRe34Rb3eTbx8LaNb0n6jAmljGr5XDqQLvpAe HTTP/1.1" 200 295
201.245.192.253 - - [09/Jan/2024:12:47:27 -0500] "POST /forms/lservlet;jsessionid=ac16012b30d6824570109c2143e1a1b38af06f99ab1f.e3iSbxaKaheRe34Rb3eTbx8LaNb0n6jAmljGr5XDqQLvpAe HTTP/1.1" 200 10
201.245.192.253 - - [09/Jan/2024:12:47:28 -0500] "POST /forms/lservlet;jsessionid=ac16012b30d6824570109c2143e1a1b38af06f99ab1f.e3iSbxaKaheRe34Rb3eTbx8LaNb0n6jAmljGr5XDqQLvpAe HTTP/1.1" 200 2
201.245.192.253 - - [09/Jan/2024:12:47:29 -0500] "POST /forms/lservlet;jsessionid=ac16012b30d6824570109c2143e1a1b38af06f99ab1f.e3iSbxaKaheRe34Rb3eTbx8LaNb0n6jAmljGr5XDqQLvpAe HTTP/1.1" 200 249
201.245.192.253 - - [09/Jan/2024:12:47:29 -0500] "POST /forms/lservlet;jsessionid=ac16012b30d6824570109c2143e1a1b38af06f99ab1f.e3iSbxaKaheRe34Rb3eTbx8LaNb0n6jAmljGr5XDqQLvpAe HTTP/1.1" 200 11
201.245.192.253 - - [09/Jan/2024:12:47:30 -0500] "POST /forms/lservlet;jsessionid=ac16012b30d6824570109c2143e1a1b38af06f99ab1f.e3iSbxaKaheRe34Rb3eTbx8LaNb0n6jAmljGr5XDqQLvpAe HTTP/1.1" 200 2
201.245.192.253 - - [09/Jan/2024:12:47:30 -0500] "POST /forms/lservlet;jsessionid=ac16012b30d6824570109c2143e1a1b38af06f99ab1f.e3iSbxaKaheRe34Rb3eTbx8LaNb0n6jAmljGr5XDqQLvpAe HTTP/1.1" 200 239
201.245.192.253 - - [09/Jan/2024:12:47:31 -0500] "POST /forms/lservlet;jsessionid=ac16012b30d6824570109c2143e1a1b38af06f99ab1f.e3iSbxaKaheRe34Rb3eTbx8LaNb0n6jAmljGr5XDqQLvpAe HTTP/1.1" 200 7
201.245.192.253 - - [09/Jan/2024:12:47:32 -0500] "GET /reports/rwservlet/getjobid=91681?server=repnomi HTTP/1.1" 200 28041
201.245.192.253 - - [09/Jan/2024:12:47:46 -0500] "POST /forms/lservlet;jsessionid=ac16012b30d6824570109c2143e1a1b38af06f99ab1f.e3iSbxaKaheRe34Rb3eTbx8LaNb0n6jAmljGr5XDqQLvpAe HTTP/1.1" 200 63
201.245.192.253 - - [09/Jan/2024:12:47:46 -0500] "POST /forms/lservlet;jsessionid=ac16012b30d6824570109c2143e1a1b38af06f99ab1f.e3iSbxaKaheRe34Rb3eTbx8LaNb0n6jAmljGr5XDqQLvpAe HTTP/1.1" 200 2
201.245.192.253 - - [09/Jan/2024:12:47:46 -0500] "POST /forms/lservlet;jsessionid=ac16012b30d6824570109c2143e1a1b38af06f99ab1f.e3iSbxaKaheRe34Rb3eTbx8LaNb0n6jAmljGr5XDqQLvpAe HTTP/1.1" 200 2
201.245.192.253 - - [09/Jan/2024:12:47:47 -0500] "POST /forms/lservlet;jsessionid=ac16012b30d6824570109c2143e1a1b38af06f99ab1f.e3iSbxaKaheRe34Rb3eTbx8LaNb0n6jAmljGr5XDqQLvpAe HTTP/1.1" 200 2
201.245.192.253 - - [09/Jan/2024:12:47:56 -0500] "POST /forms/lservlet;jsessionid=ac16012b30d6824570109c2143e1a1b38af06f99ab1f.e3iSbxaKaheRe34Rb3eTbx8LaNb0n6jAmljGr5XDqQLvpAe HTTP/1.1" 200 133
201.245.192.253 - - [09/Jan/2024:12:47:56 -0500] "POST /forms/lservlet;jsessionid=ac16012b30d6824570109c2143e1a1b38af06f99ab1f.e3iSbxaKaheRe34Rb3eTbx8LaNb0n6jAmljGr5XDqQLvpAe HTTP/1.1" 200 7
66.249.68.36 - - [09/Jan/2024:12:47:57 -0500] "GET /BLA/resoluciones/RESOLUCIONES%202009/0291.pdf HTTP/1.1" 200 562301
201.245.192.253 - - [09/Jan/2024:12:48:00 -0500] "POST /forms/lservlet;jsessionid=ac16012b30d6824570109c2143e1a1b38af06f99ab1f.e3iSbxaKaheRe34Rb3eTbx8LaNb0n6jAmljGr5XDqQLvpAe HTTP/1.1" 200 19
201.245.192.253 - - [09/Jan/2024:12:48:02 -0500] "POST /forms/lservlet;jsessionid=ac16012b30d6824570109c2143e1a1b38af06f99ab1f.e3iSbxaKaheRe34Rb3eTbx8LaNb0n6jAmljGr5XDqQLvpAe HTTP/1.1" 200 43
201.245.192.253 - - [09/Jan/2024:12:48:03 -0500] "POST /forms/lservlet;jsessionid=ac16012b30d6824570109c2143e1a1b38af06f99ab1f.e3iSbxaKaheRe34Rb3eTbx8LaNb0n6jAmljGr5XDqQLvpAe HTTP/1.1" 200 156
201.245.192.253 - - [09/Jan/2024:12:48:04 -0500] "POST /forms/lservlet;jsessionid=ac16012b30d6824570109c2143e1a1b38af06f99ab1f.e3iSbxaKaheRe34Rb3eTbx8LaNb0n6jAmljGr5XDqQLvpAe HTTP/1.1" 200 2
201.245.192.253 - - [09/Jan/2024:12:48:05 -0500] "POST /forms/lservlet;jsessionid=ac16012b30d6824570109c2143e1a1b38af06f99ab1f.e3iSbxaKaheRe34Rb3eTbx8LaNb0n6jAmljGr5XDqQLvpAe HTTP/1.1" 200 271
201.245.192.253 - - [09/Jan/2024:12:48:06 -0500] "POST /forms/lservlet;jsessionid=ac16012b30d6824570109c2143e1a1b38af06f99ab1f.e3iSbxaKaheRe34Rb3eTbx8LaNb0n6jAmljGr5XDqQLvpAe HTTP/1.1" 200 483
201.245.192.253 - - [09/Jan/2024:12:48:07 -0500] "POST /forms/lservlet;jsessionid=ac16012b30d6824570109c2143e1a1b38af06f99ab1f.e3iSbxaKaheRe34Rb3eTbx8LaNb0n6jAmljGr5XDqQLvpAe HTTP/1.1" 200 2
201.245.192.253 - - [09/Jan/2024:12:48:07 -0500] "POST /forms/lservlet;jsessionid=ac16012b30d6824570109c2143e1a1b38af06f99ab1f.e3iSbxaKaheRe34Rb3eTbx8LaNb0n6jAmljGr5XDqQLvpAe HTTP/1.1" 200 2
172.22.2.4 - - [09/Jan/2024:12:46:29 -0500] "GET /BLA/boletinlegal/ HTTP/1.1" 200 58567
201.245.192.253 - - [09/Jan/2024:12:48:11 -0500] "POST /forms/lservlet;jsessionid=ac16012b30d6824570109c2143e1a1b38af06f99ab1f.e3iSbxaKaheRe34Rb3eTbx8LaNb0n6jAmljGr5XDqQLvpAe HTTP/1.1" 200 161
201.245.192.253 - - [09/Jan/2024:12:48:11 -0500] "POST /forms/lservlet;jsessionid=ac16012b30d6824570109c2143e1a1b38af06f99ab1f.e3iSbxaKaheRe34Rb3eTbx8LaNb0n6jAmljGr5XDqQLvpAe HTTP/1.1" 200 2
201.244.235.172 - - [09/Jan/2024:12:48:32 -0500] "POST /sipse/faces/presentacion/financiero/solicitudProceso/listarSolicitudProceso.xhtml HTTP/1.1" 200 31911
201.245.192.253 - - [09/Jan/2024:12:48:34 -0500] "POST /forms/lservlet;jsessionid=ac16012b30d6824570109c2143e1a1b38af06f99ab1f.e3iSbxaKaheRe34Rb3eTbx8LaNb0n6jAmljGr5XDqQLvpAe HTTP/1.1" 200 2
201.244.235.172 - - [09/Jan/2024:12:48:39 -0500] "POST /sipse/faces/presentacion/financiero/solicitudProceso/listarSolicitudProceso.xhtml HTTP/1.1" 200 4908
201.244.235.172 - - [09/Jan/2024:12:48:41 -0500] "POST /sipse/faces/presentacion/financiero/solicitudProceso/listarSolicitudProceso.xhtml HTTP/1.1" 200 128082
201.244.235.172 - - [09/Jan/2024:12:48:42 -0500] "GET /sipse/faces/javax.faces.resource/theme.css?ln=primefaces-sipse HTTP/1.1" 304 -
201.244.235.172 - - [09/Jan/2024:12:48:42 -0500] "GET /sipse/faces/javax.faces.resource/primefaces.css?ln=primefaces&v=4.0 HTTP/1.1" 304 -
201.244.235.172 - - [09/Jan/2024:12:48:42 -0500] "GET /sipse/faces/javax.faces.resource/layout/layout.css?ln=primefaces&v=4.0 HTTP/1.1" 304 -
201.244.235.172 - - [09/Jan/2024:12:48:42 -0500] "GET /sipse/faces/javax.faces.resource/jquery/jquery.js?ln=primefaces&v=4.0 HTTP/1.1" 304 -
201.244.235.172 - - [09/Jan/2024:12:48:42 -0500] "GET /sipse/css/imagen/contrasena.png HTTP/1.1" 404 383
201.244.235.172 - - [09/Jan/2024:12:48:42 -0500] "GET /sipse/faces/javax.faces.resource/jquery/jquery-plugins.js?ln=primefaces&v=4.0 HTTP/1.1" 304 -
201.244.235.172 - - [09/Jan/2024:12:48:42 -0500] "GET /sipse/faces/javax.faces.resource/primefaces.js?ln=primefaces&v=4.0 HTTP/1.1" 304 -
201.244.235.172 - - [09/Jan/2024:12:48:42 -0500] "GET /sipse/faces/javax.faces.resource/layout/layout.js?ln=primefaces&v=4.0 HTTP/1.1" 304 -
201.244.235.172 - - [09/Jan/2024:12:48:47 -0500] "POST /sipse/faces/presentacion/financiero/solicitudProceso/consultarSolicitudProceso.xhtml HTTP/1.1" 200 430875
201.245.192.253 - - [09/Jan/2024:12:49:05 -0500] "POST /forms/lservlet;jsessionid=ac16012b30d6824570109c2143e1a1b38af06f99ab1f.e3iSbxaKaheRe34Rb3eTbx8LaNb0n6jAmljGr5XDqQLvpAe HTTP/1.1" 200 716
201.245.192.253 - - [09/Jan/2024:12:49:05 -0500] "POST /forms/lservlet;jsessionid=ac16012b30d6824570109c2143e1a1b38af06f99ab1f.e3iSbxaKaheRe34Rb3eTbx8LaNb0n6jAmljGr5XDqQLvpAe HTTP/1.1" 200 133
201.245.192.253 - - [09/Jan/2024:12:49:05 -0500] "POST /forms/lservlet;jsessionid=ac16012b30d6824570109c2143e1a1b38af06f99ab1f.e3iSbxaKaheRe34Rb3eTbx8LaNb0n6jAmljGr5XDqQLvpAe HTTP/1.1" 200 2
201.245.192.253 - - [09/Jan/2024:12:49:11 -0500] "POST /forms/lservlet;jsessionid=ac16012b30d6824570109c2143e1a1b38af06f99ab1f.e3iSbxaKaheRe34Rb3eTbx8LaNb0n6jAmljGr5XDqQLvpAe HTTP/1.1" 200 13485
201.245.192.253 - - [09/Jan/2024:12:49:11 -0500] "POST /forms/lservlet;jsessionid=ac16012b30d6824570109c2143e1a1b38af06f99ab1f.e3iSbxaKaheRe34Rb3eTbx8LaNb0n6jAmljGr5XDqQLvpAe HTTP/1.1" 200 10
201.245.192.253 - - [09/Jan/2024:12:49:12 -0500] "POST /forms/lservlet;jsessionid=ac16012b30d6824570109c2143e1a1b38af06f99ab1f.e3iSbxaKaheRe34Rb3eTbx8LaNb0n6jAmljGr5XDqQLvpAe HTTP/1.1" 200 1539
201.245.192.253 - - [09/Jan/2024:12:49:13 -0500] "POST /forms/lservlet;jsessionid=ac16012b30d6824570109c2143e1a1b38af06f99ab1f.e3iSbxaKaheRe34Rb3eTbx8LaNb0n6jAmljGr5XDqQLvpAe HTTP/1.1" 200 807
201.245.192.253 - - [09/Jan/2024:12:49:14 -0500] "POST /forms/lservlet;jsessionid=ac16012b30d6824570109c2143e1a1b38af06f99ab1f.e3iSbxaKaheRe34Rb3eTbx8LaNb0n6jAmljGr5XDqQLvpAe HTTP/1.1" 200 1152
201.245.192.253 - - [09/Jan/2024:12:49:14 -0500] "POST /forms/lservlet;jsessionid=ac16012b30d6824570109c2143e1a1b38af06f99ab1f.e3iSbxaKaheRe34Rb3eTbx8LaNb0n6jAmljGr5XDqQLvpAe HTTP/1.1" 200 1337
201.245.192.253 - - [09/Jan/2024:12:49:15 -0500] "POST /forms/lservlet;jsessionid=ac16012b30d6824570109c2143e1a1b38af06f99ab1f.e3iSbxaKaheRe34Rb3eTbx8LaNb0n6jAmljGr5XDqQLvpAe HTTP/1.1" 200 571
201.245.192.253 - - [09/Jan/2024:12:49:16 -0500] "POST /forms/lservlet;jsessionid=ac16012b30d6824570109c2143e1a1b38af06f99ab1f.e3iSbxaKaheRe34Rb3eTbx8LaNb0n6jAmljGr5XDqQLvpAe HTTP/1.1" 200 583
201.245.192.253 - - [09/Jan/2024:12:49:16 -0500] "POST /forms/lservlet;jsessionid=ac16012b30d6824570109c2143e1a1b38af06f99ab1f.e3iSbxaKaheRe34Rb3eTbx8LaNb0n6jAmljGr5XDqQLvpAe HTTP/1.1" 200 536
201.245.192.253 - - [09/Jan/2024:12:49:18 -0500] "POST /forms/lservlet;jsessionid=ac16012b30d6824570109c2143e1a1b38af06f99ab1f.e3iSbxaKaheRe34Rb3eTbx8LaNb0n6jAmljGr5XDqQLvpAe HTTP/1.1" 200 536
201.245.192.253 - - [09/Jan/2024:12:49:18 -0500] "POST /forms/lservlet;jsessionid=ac16012b30d6824570109c2143e1a1b38af06f99ab1f.e3iSbxaKaheRe34Rb3eTbx8LaNb0n6jAmljGr5XDqQLvpAe HTTP/1.1" 200 582
201.245.192.253 - - [09/Jan/2024:12:49:20 -0500] "POST /forms/lservlet;jsessionid=ac16012b30d6824570109c2143e1a1b38af06f99ab1f.e3iSbxaKaheRe34Rb3eTbx8LaNb0n6jAmljGr5XDqQLvpAe HTTP/1.1" 200 583
201.245.192.253 - - [09/Jan/2024:12:49:20 -0500] "POST /forms/lservlet;jsessionid=ac16012b30d6824570109c2143e1a1b38af06f99ab1f.e3iSbxaKaheRe34Rb3eTbx8LaNb0n6jAmljGr5XDqQLvpAe HTTP/1.1" 200 536
201.245.192.253 - - [09/Jan/2024:12:49:20 -0500] "POST /forms/lservlet;jsessionid=ac16012b30d6824570109c2143e1a1b38af06f99ab1f.e3iSbxaKaheRe34Rb3eTbx8LaNb0n6jAmljGr5XDqQLvpAe HTTP/1.1" 200 43
201.245.192.253 - - [09/Jan/2024:12:49:21 -0500] "POST /forms/lservlet;jsessionid=ac16012b30d6824570109c2143e1a1b38af06f99ab1f.e3iSbxaKaheRe34Rb3eTbx8LaNb0n6jAmljGr5XDqQLvpAe HTTP/1.1" 200 18
201.245.192.253 - - [09/Jan/2024:12:49:42 -0500] "POST /kwsrmcab/Wsrmcab  HTTP/1.1" 200 36937
201.244.235.172 - - [09/Jan/2024:12:49:55 -0500] "POST /sipse/faces/presentacion/financiero/solicitudProceso/consultarSolicitudProceso.xhtml HTTP/1.1" 200 43162
201.244.235.172 - - [09/Jan/2024:12:49:56 -0500] "GET /sipse/faces/javax.faces.resource/theme.css?ln=primefaces-sipse HTTP/1.1" 304 -
201.244.235.172 - - [09/Jan/2024:12:49:56 -0500] "GET /sipse/faces/javax.faces.resource/primefaces.css?ln=primefaces&v=4.0 HTTP/1.1" 304 -
201.244.235.172 - - [09/Jan/2024:12:49:56 -0500] "GET /sipse/faces/javax.faces.resource/jquery/jquery.js?ln=primefaces&v=4.0 HTTP/1.1" 304 -
201.244.235.172 - - [09/Jan/2024:12:49:56 -0500] "GET /sipse/faces/javax.faces.resource/layout/layout.css?ln=primefaces&v=4.0 HTTP/1.1" 304 -
201.244.235.172 - - [09/Jan/2024:12:49:56 -0500] "GET /sipse/faces/javax.faces.resource/jquery/jquery-plugins.js?ln=primefaces&v=4.0 HTTP/1.1" 304 -
201.244.235.172 - - [09/Jan/2024:12:49:56 -0500] "GET /sipse/faces/javax.faces.resource/primefaces.js?ln=primefaces&v=4.0 HTTP/1.1" 304 -
201.244.235.172 - - [09/Jan/2024:12:49:56 -0500] "GET /sipse/faces/javax.faces.resource/layout/layout.js?ln=primefaces&v=4.0 HTTP/1.1" 304 -
200.118.80.14 - - [09/Jan/2024:12:50:05 -0500] "GET /appsia/controlador HTTP/1.1" 200 4799
200.118.80.14 - - [09/Jan/2024:12:50:05 -0500] "GET /appsia/css/estilos.css HTTP/1.1" 200 4804
200.118.80.14 - - [09/Jan/2024:12:50:05 -0500] "GET /appsia/scripts/validarIngreso.js HTTP/1.1" 200 851
200.118.80.14 - - [09/Jan/2024:12:50:05 -0500] "GET /appsia/images/logo_bogota_p.png HTTP/1.1" 200 14951
200.118.80.14 - - [09/Jan/2024:12:50:05 -0500] "GET /appsia/images/cabezoteHojaVida.png HTTP/1.1" 200 32493
200.118.80.14 - - [09/Jan/2024:12:50:08 -0500] "GET /favicon.ico HTTP/1.1" 200 7782
216.245.221.92 - - [09/Jan/2024:12:50:27 -0500] "HEAD / HTTP/1.1" 200 -
200.118.80.14 - - [09/Jan/2024:12:50:31 -0500] "POST /appsia/controlador HTTP/1.1" 200 5437
201.245.192.253 - - [09/Jan/2024:12:50:34 -0500] "POST /forms/lservlet;jsessionid=ac16012b30d6824570109c2143e1a1b38af06f99ab1f.e3iSbxaKaheRe34Rb3eTbx8LaNb0n6jAmljGr5XDqQLvpAe HTTP/1.1" 200 2
200.118.80.14 - - [09/Jan/2024:12:50:55 -0500] "POST /appsia/controlador HTTP/1.1" 200 7721
200.118.80.14 - - [09/Jan/2024:12:50:55 -0500] "GET /appsia/images/logo_escudo.png HTTP/1.1" 200 36965
181.48.23.246 - - [09/Jan/2024:12:51:13 -0500] "GET /distrito-exalto-a-246-empresas-de-bogota-por-su-alto-desempeno-y-responsabilidad-ambiental-durante-2023.html HTTP/1.1" 200 1039
200.118.80.14 - - [09/Jan/2024:12:51:30 -0500] "POST /appsia/controlador HTTP/1.1" 200 5437
181.53.96.29 - - [09/Jan/2024:12:51:41 -0500] "GET /inicia-el-2024-conociendo-la-biodiversidad-de-bogoti.html?fbclid=IwAR3WjbgfbE7LLFsyLDB8gGVr2sNllwK2F8kqxIYdHkp7oO8SJ-Bbl5h6HbM HTTP/1.1" 200 894
181.57.168.66 - - [09/Jan/2024:12:51:44 -0500] "GET /inicia-el-2024-conociendo-la-biodiversidad-de-bogoti.html HTTP/1.1" 200 894
201.245.192.253 - - [09/Jan/2024:12:52:34 -0500] "POST /forms/lservlet;jsessionid=ac16012b30d6824570109c2143e1a1b38af06f99ab1f.e3iSbxaKaheRe34Rb3eTbx8LaNb0n6jAmljGr5XDqQLvpAe HTTP/1.1" 200 2
172.22.2.4 - - [09/Jan/2024:12:51:28 -0500] "HEAD /BLA/boletinlegal/ HTTP/1.1" 200 -
40.77.188.178 - - [09/Jan/2024:12:53:09 -0500] "GET /portaldeninos/wp-content/themes/betheme/fonts/mfn-icons.woff?93978679 HTTP/1.1" 200 80932
172.22.2.4 - - [09/Jan/2024:12:52:19 -0500] "GET /BLA/boletinlegal/ HTTP/1.1" 200 58567
200.118.80.14 - - [09/Jan/2024:12:54:25 -0500] "POST /appsia/controlador HTTP/1.1" 200 4799
201.245.192.253 - - [09/Jan/2024:12:54:34 -0500] "POST /forms/lservlet;jsessionid=ac16012b30d6824570109c2143e1a1b38af06f99ab1f.e3iSbxaKaheRe34Rb3eTbx8LaNb0n6jAmljGr5XDqQLvpAe HTTP/1.1" 200 2
201.245.192.253 - - [09/Jan/2024:12:54:41 -0500] "POST /kwsrmcab/Wsrmcab  HTTP/1.1" 200 36937
47.128.112.144 - - [09/Jan/2024:12:55:10 -0500] "GET /BLA/resoluciones/index.php?dir=RESOLUCIONES%202004%2FRES%202004%202301-2350%2F&order=desc&sort=size HTTP/1.1" 200 12355
47.128.112.144 - - [09/Jan/2024:12:55:11 -0500] "GET /BLA/resoluciones/dlf/dirup.png HTTP/1.1" 200 644
47.128.112.144 - - [09/Jan/2024:12:55:11 -0500] "GET /BLA/resoluciones/dlf/unknown.png HTTP/1.1" 200 266
216.245.221.92 - - [09/Jan/2024:12:55:27 -0500] "HEAD / HTTP/1.1" 200 -
47.128.22.7 - - [09/Jan/2024:12:55:34 -0500] "GET /BLA/resoluciones/index.php?dir=RESOLUCIONES%202003%2FRES%202003%201401-1450%2F&order=asc&sort=name HTTP/1.1" 200 12156
47.128.22.7 - - [09/Jan/2024:12:55:35 -0500] "GET /BLA/resoluciones/dlf/dirup.png HTTP/1.1" 200 644
47.128.22.7 - - [09/Jan/2024:12:55:35 -0500] "GET /BLA/resoluciones/dlf/unknown.png HTTP/1.1" 200 266
190.69.230.80 - - [09/Jan/2024:12:55:49 -0500] "GET /inicia-el-2024-conociendo-la-biodiversidad-de-bogoti.html?fbclid=IwAR3hCYUaEkKGFp2oAz_KtCBEa3x8bGy1Y0UqSCenTEAe1Otb9XDf20PdyRs HTTP/1.1" 200 894
201.245.192.253 - - [09/Jan/2024:12:56:34 -0500] "POST /forms/lservlet;jsessionid=ac16012b30d6824570109c2143e1a1b38af06f99ab1f.e3iSbxaKaheRe34Rb3eTbx8LaNb0n6jAmljGr5XDqQLvpAe HTTP/1.1" 200 2
173.252.95.6 - - [09/Jan/2024:12:56:48 -0500] "GET /distrito-invita-a-vivir-el-puente-de-reyes-de-manera-consciente-y-responsable-con-los-animales.html HTTP/1.1" 200 1083
173.252.95.2 - - [09/Jan/2024:12:56:48 -0500] "GET /distrito-invita-a-vivir-el-puente-de-reyes-de-manera-consciente-y-responsable-con-los-animales.html HTTP/1.1" 200 1083
181.78.67.53 - - [09/Jan/2024:12:56:57 -0500] "POST /appsia/controlador HTTP/1.1" 200 5437
181.78.67.53 - - [09/Jan/2024:12:56:59 -0500] "POST /appsia/controlador HTTP/1.1" 200 23101
172.22.2.4 - - [09/Jan/2024:12:58:06 -0500] "GET /BLA/boletinlegal/jurisprudencia.php HTTP/1.1" 200 17583
172.22.2.4 - - [09/Jan/2024:12:58:18 -0500] "GET /BLA/boletinlegal/js/lib.js HTTP/1.1" 200 6474
172.22.2.4 - - [09/Jan/2024:12:58:24 -0500] "GET /BLA/boletinlegal/js/jquery1.js HTTP/1.1" 200 29846
172.22.2.4 - - [09/Jan/2024:12:58:24 -0500] "GET /BLA/boletinlegal/js/popup.js HTTP/1.1" 200 1270
201.245.192.253 - - [09/Jan/2024:12:58:34 -0500] "POST /forms/lservlet;jsessionid=ac16012b30d6824570109c2143e1a1b38af06f99ab1f.e3iSbxaKaheRe34Rb3eTbx8LaNb0n6jAmljGr5XDqQLvpAe HTTP/1.1" 200 2
172.22.2.4 - - [09/Jan/2024:12:57:18 -0500] "HEAD /BLA/boletinlegal/ HTTP/1.1" 200 -
87.236.176.12 - - [09/Jan/2024:12:59:03 -0500] "GET / HTTP/1.1" 200 319
201.245.192.253 - - [09/Jan/2024:12:59:40 -0500] "POST /kwsrmcab/Wsrmcab  HTTP/1.1" 200 36937
172.22.2.4 - - [09/Jan/2024:12:58:09 -0500] "GET /BLA/boletinlegal/ HTTP/1.1" 200 58172
216.245.221.92 - - [09/Jan/2024:13:00:27 -0500] "HEAD / HTTP/1.1" 200 -
201.245.192.253 - - [09/Jan/2024:13:00:34 -0500] "POST /forms/lservlet;jsessionid=ac16012b30d6824570109c2143e1a1b38af06f99ab1f.e3iSbxaKaheRe34Rb3eTbx8LaNb0n6jAmljGr5XDqQLvpAe HTTP/1.1" 200 2
31.13.127.2 - - [09/Jan/2024:13:00:36 -0500] "GET /inicia-el-2024-conociendo-la-biodiversidad-de-bogoti.html?fbclid=IwAR1SUHCGMUJNkj1zsKUX4GuSck3z4tPCSo_PQ1_A4sETlyPivHSLgmpt0ok HTTP/1.1" 200 894
201.245.192.253 - - [09/Jan/2024:13:02:34 -0500] "POST /forms/lservlet;jsessionid=ac16012b30d6824570109c2143e1a1b38af06f99ab1f.e3iSbxaKaheRe34Rb3eTbx8LaNb0n6jAmljGr5XDqQLvpAe HTTP/1.1" 200 2
47.128.35.232 - - [09/Jan/2024:13:02:48 -0500] "GET /BLA/resoluciones/dlf/pdf.gif HTTP/1.1" 200 272
47.128.35.232 - - [09/Jan/2024:13:02:48 -0500] "GET /BLA/resoluciones/dlf/dirup.png HTTP/1.1" 200 644
47.128.35.232 - - [09/Jan/2024:13:02:47 -0500] "GET /BLA/resoluciones/index.php?dir=Notificaciones%2FRESOLUCIONES+2022%2F HTTP/1.1" 200 110276
47.128.37.4 - - [09/Jan/2024:13:03:12 -0500] "GET /BLA/resoluciones/dlf/unknown.png HTTP/1.1" 200 266
47.128.37.4 - - [09/Jan/2024:13:03:12 -0500] "GET /BLA/resoluciones/dlf/dirup.png HTTP/1.1" 200 644
47.128.37.4 - - [09/Jan/2024:13:03:11 -0500] "GET /BLA/resoluciones/index.php?dir=AUTOS+2006%2FAUTOS+2006+1101-1200%2F HTTP/1.1" 200 21976
66.249.68.38 - - [09/Jan/2024:13:03:23 -0500] "GET /BLA/resoluciones/RESOLUCIONES%202009/9840.pdf HTTP/1.1" 200 688935
173.252.95.3 - - [09/Jan/2024:13:04:21 -0500] "GET /planes-proyectos-y-estrategias-para-mejorar-la-calidad-del-aire-de-bogota.html HTTP/1.1" 200 757
201.245.192.253 - - [09/Jan/2024:13:04:34 -0500] "POST /forms/lservlet;jsessionid=ac16012b30d6824570109c2143e1a1b38af06f99ab1f.e3iSbxaKaheRe34Rb3eTbx8LaNb0n6jAmljGr5XDqQLvpAe HTTP/1.1" 200 2
201.245.192.253 - - [09/Jan/2024:13:04:39 -0500] "POST /kwsrmcab/Wsrmcab  HTTP/1.1" 200 36937
66.249.68.36 - - [09/Jan/2024:13:04:45 -0500] "GET /BLA/resoluciones/RESOLUCIONES%202008/2712.pdf HTTP/1.1" 200 334664
172.22.2.4 - - [09/Jan/2024:13:03:08 -0500] "HEAD /BLA/boletinlegal/ HTTP/1.1" 200 -
216.245.221.92 - - [09/Jan/2024:13:05:27 -0500] "HEAD / HTTP/1.1" 200 -
172.22.2.4 - - [09/Jan/2024:13:03:59 -0500] "GET /BLA/boletinlegal/ HTTP/1.1" 200 55725
172.22.2.4 - - [09/Jan/2024:13:05:05 -0500] "GET /BLA/boletinlegal/ HTTP/1.1" 200 24523
201.245.192.253 - - [09/Jan/2024:13:06:34 -0500] "POST /forms/lservlet;jsessionid=ac16012b30d6824570109c2143e1a1b38af06f99ab1f.e3iSbxaKaheRe34Rb3eTbx8LaNb0n6jAmljGr5XDqQLvpAe HTTP/1.1" 200 2
69.171.231.118 - - [09/Jan/2024:13:07:04 -0500] "GET /images/Reciclaton-2023.jpg HTTP/1.1" 200 68883
186.145.144.235 - - [09/Jan/2024:13:07:56 -0500] "GET /inicia-el-2024-conociendo-la-biodiversidad-de-bogoti.html?fbclid=IwAR2wbCR5t1v2sA732jy8ozLZOkXsbezoIIwQDIs3OeudL5_0iqHb65gdJRM HTTP/1.1" 200 894
66.249.68.37 - - [09/Jan/2024:13:08:07 -0500] "GET /BLA/resoluciones/RESOLUCIONES%202010/7799.pdf HTTP/1.1" 200 1240879
201.245.192.253 - - [09/Jan/2024:13:08:34 -0500] "POST /forms/lservlet;jsessionid=ac16012b30d6824570109c2143e1a1b38af06f99ab1f.e3iSbxaKaheRe34Rb3eTbx8LaNb0n6jAmljGr5XDqQLvpAe HTTP/1.1" 200 2
66.249.68.36 - - [09/Jan/2024:13:09:31 -0500] "GET /portel_dama/libreria/php/2006/ECOSISTEMAS%20FINAL%20web_mz27/incendios/sitio/xtras/2.pdf HTTP/1.1" 404 1018
201.245.192.253 - - [09/Jan/2024:13:09:38 -0500] "POST /kwsrmcab/Wsrmcab  HTTP/1.1" 200 36937
181.53.96.15 - - [09/Jan/2024:13:10:02 -0500] "GET /inicia-el-2024-conociendo-la-biodiversidad-de-bogoti.html?fbclid=IwAR3ouOYC-EtCakMevOqZZUVN84KYRdkmLs05-_EwFxvG6h6zFhAOVWjDBMk HTTP/1.1" 200 894
52.167.144.16 - - [09/Jan/2024:13:10:02 -0500] "GET /BLA/resoluciones/AUTOS%202013/1313.pdf HTTP/1.1" 200 1183111
66.249.68.36 - - [09/Jan/2024:13:10:13 -0500] "GET /BLA/resoluciones/RESOLUCIONES%202010/6074.pdf HTTP/1.1" 200 314070
172.22.2.4 - - [09/Jan/2024:13:10:13 -0500] "GET /BLA/boletinlegal/robots.txt HTTP/1.1" 404 1038
17.241.227.232 - - [09/Jan/2024:13:10:22 -0500] "GET /semana-bogota-reverdece-135-nuevos-arboles-para-el-humedal-la-conejera.html HTTP/1.1" 200 814
216.245.221.92 - - [09/Jan/2024:13:10:27 -0500] "HEAD / HTTP/1.1" 200 -
201.245.192.253 - - [09/Jan/2024:13:10:34 -0500] "POST /forms/lservlet;jsessionid=ac16012b30d6824570109c2143e1a1b38af06f99ab1f.e3iSbxaKaheRe34Rb3eTbx8LaNb0n6jAmljGr5XDqQLvpAe HTTP/1.1" 200 2
172.22.2.4 - - [09/Jan/2024:13:08:58 -0500] "HEAD /BLA/boletinlegal/ HTTP/1.1" 200 -
172.22.2.4 - - [09/Jan/2024:13:09:49 -0500] "GET /BLA/boletinlegal/ HTTP/1.1" 200 45233
172.22.2.4 - - [09/Jan/2024:13:10:14 -0500] "GET /BLA/boletinlegal/ HTTP/1.1" 200 45856
181.61.106.160 - - [09/Jan/2024:13:12:03 -0500] "GET /inicia-el-2024-conociendo-la-biodiversidad-de-bogoti.html?fbclid=IwAR3IGmTVqnQ2jvZ8jrxNMUze9I9nnPA5K5Vmsx1T2LjrpV6CDphdXB0MTLM HTTP/1.1" 200 894
52.167.144.226 - - [09/Jan/2024:13:12:03 -0500] "GET /BLA/resoluciones/AUTOS%202023/1911.pdf HTTP/1.1" 304 -
201.245.192.253 - - [09/Jan/2024:13:12:34 -0500] "POST /forms/lservlet;jsessionid=ac16012b30d6824570109c2143e1a1b38af06f99ab1f.e3iSbxaKaheRe34Rb3eTbx8LaNb0n6jAmljGr5XDqQLvpAe HTTP/1.1" 200 2
201.245.192.253 - - [09/Jan/2024:13:12:48 -0500] "GET /appsia/controlador HTTP/1.1" 200 4799
201.245.192.253 - - [09/Jan/2024:13:12:48 -0500] "GET /appsia/css/estilos.css HTTP/1.1" 200 4804
201.245.192.253 - - [09/Jan/2024:13:12:48 -0500] "GET /appsia/scripts/validarIngreso.js HTTP/1.1" 200 851
201.245.192.253 - - [09/Jan/2024:13:12:48 -0500] "GET /appsia/images/cabezoteHojaVida.png HTTP/1.1" 200 32493
201.245.192.253 - - [09/Jan/2024:13:12:48 -0500] "GET /appsia/images/logo_bogota_p.png HTTP/1.1" 200 14951
201.245.192.253 - - [09/Jan/2024:13:12:48 -0500] "GET /favicon.ico HTTP/1.1" 200 7782
186.29.34.249 - - [09/Jan/2024:13:12:51 -0500] "GET /inicia-el-2024-conociendo-la-biodiversidad-de-bogoti.html?fbclid=IwAR2xedLhCiWE6Q-WVM_LOA9m9CD8CjXOZjtzje55XyIlRzXOmrUlXUUKIxQ HTTP/1.1" 200 894
167.94.138.51 - - [09/Jan/2024:13:12:56 -0500] "GET / HTTP/1.1" 200 319
167.94.138.51 - - [09/Jan/2024:13:12:59 -0500] "GET / HTTP/1.1" 200 319
167.94.138.51 - - [09/Jan/2024:13:12:59 -0500] "PRI * HTTP/2.0" 400 946
167.94.138.51 - - [09/Jan/2024:13:12:59 -0500] "GET /favicon.ico HTTP/1.1" 200 7782
66.249.68.37 - - [09/Jan/2024:13:13:14 -0500] "GET /BLA/resoluciones/Autos%202008/1072.pdf HTTP/1.1" 200 146900
201.245.192.253 - - [09/Jan/2024:13:13:24 -0500] "POST /appsia/controlador HTTP/1.1" 200 5437
201.245.192.253 - - [09/Jan/2024:13:13:25 -0500] "POST /appsia/controlador HTTP/1.1" 200 7791
201.245.192.253 - - [09/Jan/2024:13:13:26 -0500] "POST /appsia/controlador HTTP/1.1" 200 5250
66.249.68.38 - - [09/Jan/2024:13:14:05 -0500] "GET /BLA/resoluciones/RESOLUCIONES%202014/2709.pdf HTTP/1.1" 200 295200
66.249.68.38 - - [09/Jan/2024:13:14:06 -0500] "GET /BLA/resoluciones/RESOLUCIONES%202008/5531.pdf HTTP/1.1" 200 237080
201.245.192.253 - - [09/Jan/2024:13:14:34 -0500] "POST /forms/lservlet;jsessionid=ac16012b30d6824570109c2143e1a1b38af06f99ab1f.e3iSbxaKaheRe34Rb3eTbx8LaNb0n6jAmljGr5XDqQLvpAe HTTP/1.1" 200 2
201.245.192.253 - - [09/Jan/2024:13:14:37 -0500] "POST /kwsrmcab/Wsrmcab  HTTP/1.1" 200 36937
201.245.192.253 - - [09/Jan/2024:13:14:59 -0500] "POST /kwsrmcab/Wsrmcab HTTP/1.1" 200 36339
201.245.192.253 - - [09/Jan/2024:13:15:02 -0500] "POST /kwsrmcab/Wsrmcab HTTP/1.1" 200 36461
216.245.221.92 - - [09/Jan/2024:13:15:27 -0500] "HEAD / HTTP/1.1" 200 -
66.249.68.37 - - [09/Jan/2024:13:16:21 -0500] "GET /BLA/resoluciones/RESOLUCIONES%202013/2334.pdf HTTP/1.1" 200 374582
172.22.2.4 - - [09/Jan/2024:13:14:48 -0500] "HEAD /BLA/boletinlegal/ HTTP/1.1" 200 -
201.245.192.253 - - [09/Jan/2024:13:16:34 -0500] "POST /forms/lservlet;jsessionid=ac16012b30d6824570109c2143e1a1b38af06f99ab1f.e3iSbxaKaheRe34Rb3eTbx8LaNb0n6jAmljGr5XDqQLvpAe HTTP/1.1" 200 2
66.249.68.36 - - [09/Jan/2024:13:17:17 -0500] "GET /BLA/resoluciones/RESOLUCIONES%202008/3234.pdf HTTP/1.1" 200 305954
172.22.2.4 - - [09/Jan/2024:13:15:39 -0500] "GET /BLA/boletinlegal/ HTTP/1.1" 200 60910
66.249.68.36 - - [09/Jan/2024:13:18:25 -0500] "GET /BLA/resoluciones/Notificaciones/AUTOS%202018/630.pdf HTTP/1.1" 200 265215
66.249.68.37 - - [09/Jan/2024:13:18:26 -0500] "GET /BLA/resoluciones/AUTOS%202007/2930.pdf HTTP/1.1" 200 303059
66.249.68.36 - - [09/Jan/2024:13:18:27 -0500] "GET /BLA/resoluciones/AUTOS%202015/1652.pdf HTTP/1.1" 200 708921
66.249.68.38 - - [09/Jan/2024:13:18:27 -0500] "GET /BLA/resoluciones/RESOLUCIONES%202007/RES%202007%201001%20AL%201100/RESOLUCION%201065%20DE%202007.pdf HTTP/1.1" 200 366674
66.249.68.36 - - [09/Jan/2024:13:18:28 -0500] "GET /BLA/resoluciones/RESOLUCIONES%202008/0277.pdf HTTP/1.1" 200 1116535
201.245.192.253 - - [09/Jan/2024:13:18:34 -0500] "POST /forms/lservlet;jsessionid=ac16012b30d6824570109c2143e1a1b38af06f99ab1f.e3iSbxaKaheRe34Rb3eTbx8LaNb0n6jAmljGr5XDqQLvpAe HTTP/1.1" 200 2
201.184.122.142 - - [09/Jan/2024:13:19:02 -0500] "GET /BLA/resoluciones/Notificaciones/AUTOS%202023/2756.pdf HTTP/1.1" 200 1068374
201.184.122.142 - - [09/Jan/2024:13:19:03 -0500] "GET /favicon.ico HTTP/1.1" 200 7782
201.245.192.253 - - [09/Jan/2024:13:19:13 -0500] "POST /kwsrmcab/Wsrmcab HTTP/1.1" 200 36339
201.245.192.253 - - [09/Jan/2024:13:19:35 -0500] "POST /kwsrmcab/Wsrmcab  HTTP/1.1" 200 36937
201.245.192.253 - - [09/Jan/2024:13:19:49 -0500] "POST /kwsrmcab/Wsrmcab HTTP/1.1" 200 36461
47.128.21.80 - - [09/Jan/2024:13:20:03 -0500] "GET /BLA/resoluciones/dlf/dirup.png HTTP/1.1" 200 644
47.128.21.80 - - [09/Jan/2024:13:20:03 -0500] "GET /BLA/resoluciones/dlf/pdf.gif HTTP/1.1" 200 272
47.128.21.80 - - [09/Jan/2024:13:20:02 -0500] "GET /BLA/resoluciones/index.php?dir=Notificaciones%2FAUTOS%202022%2F&order=desc&sort=name HTTP/1.1" 200 166819
66.249.68.37 - - [09/Jan/2024:13:20:07 -0500] "GET /BLA/resoluciones/RESOLUCIONES%202010/4501.pdf HTTP/1.1" 200 4070663
216.245.221.92 - - [09/Jan/2024:13:20:27 -0500] "HEAD / HTTP/1.1" 200 -
201.245.192.253 - - [09/Jan/2024:13:20:34 -0500] "POST /forms/lservlet;jsessionid=ac16012b30d6824570109c2143e1a1b38af06f99ab1f.e3iSbxaKaheRe34Rb3eTbx8LaNb0n6jAmljGr5XDqQLvpAe HTTP/1.1" 200 2
66.249.68.37 - - [09/Jan/2024:13:21:01 -0500] "GET /BLA/resoluciones/RESOLUCIONES%202010/0621.pdf HTTP/1.1" 200 509558
172.22.2.4 - - [09/Jan/2024:13:20:38 -0500] "HEAD /BLA/boletinlegal/ HTTP/1.1" 200 -
201.245.192.253 - - [09/Jan/2024:13:22:34 -0500] "POST /forms/lservlet;jsessionid=ac16012b30d6824570109c2143e1a1b38af06f99ab1f.e3iSbxaKaheRe34Rb3eTbx8LaNb0n6jAmljGr5XDqQLvpAe HTTP/1.1" 200 2
179.19.56.130 - - [09/Jan/2024:13:22:49 -0500] "GET /inicia-el-2024-conociendo-la-biodiversidad-de-bogoti.html?fbclid=IwAR3RbQoZyTG3lv0ahuWtfs_ytw6cEsLRbViL9g-Cbvg7x849CmZjbpivjSw HTTP/1.1" 200 894
190.70.112.97 - - [09/Jan/2024:13:23:07 -0500] "GET /galeria/galeria/jquery.fancybox.css?v=2.1.5 HTTP/1.1" 200 4895
172.22.2.4 - - [09/Jan/2024:13:21:29 -0500] "GET /BLA/boletinlegal/ HTTP/1.1" 200 58567
66.249.68.37 - - [09/Jan/2024:13:24:32 -0500] "GET /BLA/resoluciones/Autos%202008/1005.pdf HTTP/1.1" 200 77248
201.245.192.253 - - [09/Jan/2024:13:24:34 -0500] "POST /forms/lservlet;jsessionid=ac16012b30d6824570109c2143e1a1b38af06f99ab1f.e3iSbxaKaheRe34Rb3eTbx8LaNb0n6jAmljGr5XDqQLvpAe HTTP/1.1" 200 2
201.245.192.253 - - [09/Jan/2024:13:24:34 -0500] "POST /kwsrmcab/Wsrmcab  HTTP/1.1" 200 36937
173.252.95.11 - - [09/Jan/2024:13:24:58 -0500] "GET /inicia-el-2024-conociendo-la-biodiversidad-de-bogoti.html HTTP/1.1" 200 894
201.245.192.253 - - [09/Jan/2024:13:24:59 -0500] "POST /kwsrmcab/Wsrmcab HTTP/1.1" 200 36339
201.245.192.253 - - [09/Jan/2024:13:25:05 -0500] "POST /kwsrmcab/Wsrmcab HTTP/1.1" 200 36461
216.245.221.92 - - [09/Jan/2024:13:25:27 -0500] "HEAD / HTTP/1.1" 200 -
198.235.24.11 - - [09/Jan/2024:13:26:27 -0500] "GET / HTTP/1.1" 200 319
201.245.192.253 - - [09/Jan/2024:13:26:34 -0500] "POST /forms/lservlet;jsessionid=ac16012b30d6824570109c2143e1a1b38af06f99ab1f.e3iSbxaKaheRe34Rb3eTbx8LaNb0n6jAmljGr5XDqQLvpAe HTTP/1.1" 200 2
172.22.2.4 - - [09/Jan/2024:13:26:28 -0500] "HEAD /BLA/boletinlegal/ HTTP/1.1" 200 -
201.245.192.253 - - [09/Jan/2024:13:28:34 -0500] "POST /forms/lservlet;jsessionid=ac16012b30d6824570109c2143e1a1b38af06f99ab1f.e3iSbxaKaheRe34Rb3eTbx8LaNb0n6jAmljGr5XDqQLvpAe HTTP/1.1" 200 2
172.22.2.4 - - [09/Jan/2024:13:27:19 -0500] "GET /BLA/boletinlegal/ HTTP/1.1" 200 58567
201.245.192.253 - - [09/Jan/2024:13:29:13 -0500] "POST /kwsrmcab/Wsrmcab HTTP/1.1" 200 36339
201.245.192.253 - - [09/Jan/2024:13:29:32 -0500] "POST /kwsrmcab/Wsrmcab  HTTP/1.1" 200 36937
201.245.192.253 - - [09/Jan/2024:13:29:49 -0500] "POST /kwsrmcab/Wsrmcab HTTP/1.1" 200 36461
66.249.68.36 - - [09/Jan/2024:13:29:57 -0500] "GET /BLA/resoluciones/RESOLUCIONES%202013/1626.pdf HTTP/1.1" 200 595328
201.244.235.172 - - [09/Jan/2024:13:30:06 -0500] "GET /sipse/faces/javax.faces.resource/images/ui-bg_flat_0_2d5972_40x100.png?ln=primefaces-aristo HTTP/1.1" 304 -
201.244.235.172 - - [09/Jan/2024:13:30:06 -0500] "POST /sipse/faces/presentacion/financiero/modificacionContrato/cargarModifiacion.xhtml HTTP/1.1" 200 131241
201.244.235.172 - - [09/Jan/2024:13:30:07 -0500] "GET /sipse/faces/javax.faces.resource/theme.css?ln=primefaces-sipse HTTP/1.1" 304 -
201.244.235.172 - - [09/Jan/2024:13:30:07 -0500] "GET /sipse/faces/javax.faces.resource/primefaces.css?ln=primefaces&v=4.0 HTTP/1.1" 304 -
201.244.235.172 - - [09/Jan/2024:13:30:07 -0500] "GET /sipse/faces/javax.faces.resource/layout/layout.css?ln=primefaces&v=4.0 HTTP/1.1" 304 -
201.244.235.172 - - [09/Jan/2024:13:30:07 -0500] "GET /sipse/css/imagen/contrasena.png HTTP/1.1" 404 383
201.244.235.172 - - [09/Jan/2024:13:30:07 -0500] "GET /sipse/faces/javax.faces.resource/jquery/jquery.js?ln=primefaces&v=4.0 HTTP/1.1" 304 -
201.244.235.172 - - [09/Jan/2024:13:30:07 -0500] "GET /sipse/faces/javax.faces.resource/jquery/jquery-plugins.js?ln=primefaces&v=4.0 HTTP/1.1" 304 -
201.244.235.172 - - [09/Jan/2024:13:30:07 -0500] "GET /sipse/faces/javax.faces.resource/primefaces.js?ln=primefaces&v=4.0 HTTP/1.1" 304 -
201.244.235.172 - - [09/Jan/2024:13:30:07 -0500] "GET /sipse/faces/javax.faces.resource/layout/layout.js?ln=primefaces&v=4.0 HTTP/1.1" 304 -
201.244.235.172 - - [09/Jan/2024:13:30:07 -0500] "GET /sipse/faces/javax.faces.resource/messages/messages.png?ln=primefaces&v=4.0 HTTP/1.1" 304 -
201.244.235.172 - - [09/Jan/2024:13:30:10 -0500] "POST /sipse/faces/presentacion/financiero/solicitudProceso/consultarSolicitudProceso.xhtml HTTP/1.1" 200 35547
201.244.235.172 - - [09/Jan/2024:13:30:12 -0500] "GET /sipse/faces/javax.faces.resource/theme.css?ln=primefaces-sipse HTTP/1.1" 304 -
201.244.235.172 - - [09/Jan/2024:13:30:12 -0500] "GET /sipse/faces/javax.faces.resource/primefaces.css?ln=primefaces&v=4.0 HTTP/1.1" 304 -
201.244.235.172 - - [09/Jan/2024:13:30:12 -0500] "GET /sipse/faces/javax.faces.resource/layout/layout.css?ln=primefaces&v=4.0 HTTP/1.1" 304 -
201.244.235.172 - - [09/Jan/2024:13:30:12 -0500] "GET /sipse/faces/javax.faces.resource/jquery/jquery.js?ln=primefaces&v=4.0 HTTP/1.1" 304 -
201.244.235.172 - - [09/Jan/2024:13:30:12 -0500] "GET /sipse/faces/javax.faces.resource/jquery/jquery-plugins.js?ln=primefaces&v=4.0 HTTP/1.1" 304 -
201.244.235.172 - - [09/Jan/2024:13:30:12 -0500] "GET /sipse/faces/javax.faces.resource/primefaces.js?ln=primefaces&v=4.0 HTTP/1.1" 304 -
201.244.235.172 - - [09/Jan/2024:13:30:12 -0500] "GET /sipse/faces/javax.faces.resource/layout/layout.js?ln=primefaces&v=4.0 HTTP/1.1" 304 -
201.244.235.172 - - [09/Jan/2024:13:30:12 -0500] "GET /sipse/css/imagen/contrasena.png HTTP/1.1" 404 383
201.244.235.172 - - [09/Jan/2024:13:30:12 -0500] "POST /sipse/faces/presentacion/financiero/solicitudProceso/listarSolicitudProceso.xhtml HTTP/1.1" 200 1392
216.245.221.92 - - [09/Jan/2024:13:30:27 -0500] "HEAD / HTTP/1.1" 200 -
201.245.192.253 - - [09/Jan/2024:13:30:34 -0500] "POST /forms/lservlet;jsessionid=ac16012b30d6824570109c2143e1a1b38af06f99ab1f.e3iSbxaKaheRe34Rb3eTbx8LaNb0n6jAmljGr5XDqQLvpAe HTTP/1.1" 200 2
201.245.192.253 - - [09/Jan/2024:13:32:34 -0500] "POST /forms/lservlet;jsessionid=ac16012b30d6824570109c2143e1a1b38af06f99ab1f.e3iSbxaKaheRe34Rb3eTbx8LaNb0n6jAmljGr5XDqQLvpAe HTTP/1.1" 200 2
172.22.2.4 - - [09/Jan/2024:13:32:18 -0500] "HEAD /BLA/boletinlegal/ HTTP/1.1" 200 -
47.128.111.40 - - [09/Jan/2024:13:34:00 -0500] "GET /BLA/resoluciones/dlf/dirup.png HTTP/1.1" 200 644
47.128.111.40 - - [09/Jan/2024:13:34:00 -0500] "GET /BLA/resoluciones/dlf/pdf.gif HTTP/1.1" 200 272
47.128.111.40 - - [09/Jan/2024:13:33:59 -0500] "GET /BLA/resoluciones/index.php?dir=Notificaciones%2FAUTOS%202023%2F&order=asc&sort=name HTTP/1.1" 200 150758
47.128.97.128 - - [09/Jan/2024:13:34:24 -0500] "GET /robots.txt HTTP/1.1" 404 1018
201.245.192.253 - - [09/Jan/2024:13:34:30 -0500] "POST /kwsrmcab/Wsrmcab  HTTP/1.1" 200 36937
201.245.192.253 - - [09/Jan/2024:13:34:34 -0500] "POST /forms/lservlet;jsessionid=ac16012b30d6824570109c2143e1a1b38af06f99ab1f.e3iSbxaKaheRe34Rb3eTbx8LaNb0n6jAmljGr5XDqQLvpAe HTTP/1.1" 200 2
172.22.2.4 - - [09/Jan/2024:13:33:09 -0500] "GET /BLA/boletinlegal/ HTTP/1.1" 200 60910
201.245.192.253 - - [09/Jan/2024:13:34:59 -0500] "POST /kwsrmcab/Wsrmcab HTTP/1.1" 200 36339
201.245.192.253 - - [09/Jan/2024:13:35:02 -0500] "POST /kwsrmcab/Wsrmcab HTTP/1.1" 200 36461
69.63.189.8 - - [09/Jan/2024:13:35:23 -0500] "GET /inicia-el-2024-conociendo-la-biodiversidad-de-bogoti.html HTTP/1.1" 200 894
216.245.221.92 - - [09/Jan/2024:13:35:27 -0500] "HEAD / HTTP/1.1" 200 -
201.245.192.253 - - [09/Jan/2024:13:36:34 -0500] "POST /forms/lservlet;jsessionid=ac16012b30d6824570109c2143e1a1b38af06f99ab1f.e3iSbxaKaheRe34Rb3eTbx8LaNb0n6jAmljGr5XDqQLvpAe HTTP/1.1" 200 2
52.167.144.194 - - [09/Jan/2024:13:36:37 -0500] "GET /galeria/galeria/jquery.fancybox.js?v=2.1.5 HTTP/1.1" 200 48706
66.249.68.36 - - [09/Jan/2024:13:37:42 -0500] "GET /BLA/resoluciones/RESOLUCIONES%202009/5117.pdf HTTP/1.1" 200 1180504
201.245.192.253 - - [09/Jan/2024:13:38:34 -0500] "POST /forms/lservlet;jsessionid=ac16012b30d6824570109c2143e1a1b38af06f99ab1f.e3iSbxaKaheRe34Rb3eTbx8LaNb0n6jAmljGr5XDqQLvpAe HTTP/1.1" 200 2
201.245.192.253 - - [09/Jan/2024:13:39:13 -0500] "POST /kwsrmcab/Wsrmcab HTTP/1.1" 200 36339
47.128.17.140 - - [09/Jan/2024:13:39:26 -0500] "GET /BLA/resoluciones/index.php?dir=RESOLUCIONES%202002%2FRES%202002%20301-350%2F&order=asc&sort=size HTTP/1.1" 200 12274
201.244.235.172 - - [09/Jan/2024:13:39:27 -0500] "POST /sipse/faces/presentacion/financiero/solicitudProceso/listarSolicitudProceso.xhtml HTTP/1.1" 200 4962
47.128.17.140 - - [09/Jan/2024:13:39:27 -0500] "GET /BLA/resoluciones/dlf/dirup.png HTTP/1.1" 200 644
47.128.17.140 - - [09/Jan/2024:13:39:27 -0500] "GET /BLA/resoluciones/dlf/unknown.png HTTP/1.1" 200 266
47.128.17.140 - - [09/Jan/2024:13:39:27 -0500] "GET /BLA/resoluciones/dlf/pdf.gif HTTP/1.1" 200 272
201.244.235.172 - - [09/Jan/2024:13:39:30 -0500] "POST /sipse/faces/presentacion/financiero/solicitudProceso/listarSolicitudProceso.xhtml HTTP/1.1" 200 31981
201.244.235.172 - - [09/Jan/2024:13:39:30 -0500] "POST /sipse/faces/presentacion/financiero/solicitudProceso/listarSolicitudProceso.xhtml HTTP/1.1" 200 43749
201.244.235.172 - - [09/Jan/2024:13:39:30 -0500] "POST /sipse/faces/presentacion/financiero/solicitudProceso/listarSolicitudProceso.xhtml HTTP/1.1" 200 31977
201.244.235.172 - - [09/Jan/2024:13:39:34 -0500] "POST /sipse/faces/presentacion/financiero/solicitudProceso/listarSolicitudProceso.xhtml HTTP/1.1" 200 4958
201.245.192.253 - - [09/Jan/2024:13:39:32 -0500] "POST /kwsrmcab/Wsrmcab  HTTP/1.1" 200 36937
201.244.235.172 - - [09/Jan/2024:13:39:36 -0500] "POST /sipse/faces/presentacion/financiero/solicitudProceso/listarSolicitudProceso.xhtml HTTP/1.1" 200 121282
201.244.235.172 - - [09/Jan/2024:13:39:37 -0500] "GET /sipse/faces/javax.faces.resource/theme.css?ln=primefaces-sipse HTTP/1.1" 304 -
201.244.235.172 - - [09/Jan/2024:13:39:37 -0500] "GET /sipse/faces/javax.faces.resource/primefaces.css?ln=primefaces&v=4.0 HTTP/1.1" 304 -
201.244.235.172 - - [09/Jan/2024:13:39:37 -0500] "GET /sipse/faces/javax.faces.resource/layout/layout.css?ln=primefaces&v=4.0 HTTP/1.1" 304 -
201.244.235.172 - - [09/Jan/2024:13:39:37 -0500] "GET /sipse/faces/javax.faces.resource/jquery/jquery.js?ln=primefaces&v=4.0 HTTP/1.1" 304 -
201.244.235.172 - - [09/Jan/2024:13:39:37 -0500] "GET /sipse/faces/javax.faces.resource/jquery/jquery-plugins.js?ln=primefaces&v=4.0 HTTP/1.1" 304 -
201.244.235.172 - - [09/Jan/2024:13:39:37 -0500] "GET /sipse/faces/javax.faces.resource/primefaces.js?ln=primefaces&v=4.0 HTTP/1.1" 304 -
201.244.235.172 - - [09/Jan/2024:13:39:37 -0500] "GET /sipse/faces/javax.faces.resource/layout/layout.js?ln=primefaces&v=4.0 HTTP/1.1" 304 -
201.244.235.172 - - [09/Jan/2024:13:39:37 -0500] "GET /sipse/css/imagen/contrasena.png HTTP/1.1" 404 383
201.244.235.172 - - [09/Jan/2024:13:39:42 -0500] "POST /sipse/faces/presentacion/financiero/solicitudProceso/consultarSolicitudProceso.xhtml HTTP/1.1" 200 480749
172.22.2.4 - - [09/Jan/2024:13:38:09 -0500] "HEAD /BLA/boletinlegal/ HTTP/1.1" 200 -
201.245.192.253 - - [09/Jan/2024:13:39:49 -0500] "POST /kwsrmcab/Wsrmcab HTTP/1.1" 200 36461
172.22.2.4 - - [09/Jan/2024:13:40:06 -0500] "GET /BLA/boletinlegal/actos.php HTTP/1.1" 200 9648
172.22.2.4 - - [09/Jan/2024:13:40:06 -0500] "GET /BLA/boletinlegal/js/ajax_actos.js HTTP/1.1" 200 1322
172.22.2.4 - - [09/Jan/2024:13:40:06 -0500] "GET /BLA/boletinlegal/js/lib.js HTTP/1.1" 200 6474
172.22.2.4 - - [09/Jan/2024:13:40:06 -0500] "GET /BLA/boletinlegal/js/popup.js HTTP/1.1" 200 1270
172.22.2.4 - - [09/Jan/2024:13:40:06 -0500] "GET /BLA/boletinlegal/js/jquery1.js HTTP/1.1" 200 29846
172.22.2.4 - - [09/Jan/2024:13:40:06 -0500] "GET /BLA/boletinlegal/images/green-yellow-blue-pink-th.png HTTP/1.1" 200 7394
172.22.2.4 - - [09/Jan/2024:13:40:06 -0500] "GET /BLA/boletinlegal/favicon.ico HTTP/1.1" 404 1326
172.22.2.4 - - [09/Jan/2024:13:40:13 -0500] "GET /BLA/boletinlegal/consulta_actos.php?tipo=resoluciones&no=&usuario=&sector=&fecha=2023&resuelve= HTTP/1.1" 200 422362
172.22.2.4 - - [09/Jan/2024:13:40:13 -0500] "GET /BLA/boletinlegal/images/pdf.gif HTTP/1.1" 200 567
172.22.2.4 - - [09/Jan/2024:13:40:13 -0500] "GET /BLA/boletinlegal/images/background.gif HTTP/1.1" 200 -
201.245.192.253 - - [09/Jan/2024:13:40:25 -0500] "GET /BLA/resoluciones/RESOLUCIONES%202023/1824.pdf HTTP/1.1" 200 383114
201.245.192.253 - - [09/Jan/2024:13:40:26 -0500] "GET /favicon.ico HTTP/1.1" 200 7782
201.245.192.253 - - [09/Jan/2024:13:40:26 -0500] "GET /BLA/resoluciones/RESOLUCIONES%202023/1824.pdf HTTP/1.1" 200 383114
201.245.192.253 - - [09/Jan/2024:13:40:26 -0500] "GET /BLA/resoluciones/RESOLUCIONES%202023/1824.pdf HTTP/1.1" 206 1025
216.245.221.92 - - [09/Jan/2024:13:40:27 -0500] "HEAD / HTTP/1.1" 200 -
201.245.192.253 - - [09/Jan/2024:13:40:32 -0500] "GET /BLA/resoluciones/RESOLUCIONES%202023/1824.pdf HTTP/1.1" 206 64512
201.245.192.253 - - [09/Jan/2024:13:40:32 -0500] "GET /BLA/resoluciones/RESOLUCIONES%202023/1793.pdf HTTP/1.1" 200 407729
201.245.192.253 - - [09/Jan/2024:13:40:33 -0500] "GET /BLA/resoluciones/RESOLUCIONES%202023/1793.pdf HTTP/1.1" 206 1025
201.245.192.253 - - [09/Jan/2024:13:40:33 -0500] "GET /BLA/resoluciones/RESOLUCIONES%202023/1793.pdf HTTP/1.1" 200 407729
201.245.192.253 - - [09/Jan/2024:13:40:34 -0500] "POST /forms/lservlet;jsessionid=ac16012b30d6824570109c2143e1a1b38af06f99ab1f.e3iSbxaKaheRe34Rb3eTbx8LaNb0n6jAmljGr5XDqQLvpAe HTTP/1.1" 200 2
201.245.192.253 - - [09/Jan/2024:13:40:36 -0500] "GET /BLA/resoluciones/RESOLUCIONES%202023/1793.pdf HTTP/1.1" 206 64512
172.22.2.4 - - [09/Jan/2024:13:39:00 -0500] "GET /BLA/boletinlegal/ HTTP/1.1" 200 60910
201.245.192.253 - - [09/Jan/2024:13:40:42 -0500] "GET /BLA/resoluciones/RESOLUCIONES%202023/0407.pdf HTTP/1.1" 200 396700
201.245.192.253 - - [09/Jan/2024:13:40:43 -0500] "GET /BLA/resoluciones/RESOLUCIONES%202023/0407.pdf HTTP/1.1" 206 1025
201.245.192.253 - - [09/Jan/2024:13:40:44 -0500] "GET /BLA/resoluciones/RESOLUCIONES%202023/0407.pdf HTTP/1.1" 200 396700
201.245.192.253 - - [09/Jan/2024:13:40:46 -0500] "GET /BLA/resoluciones/RESOLUCIONES%202023/0406.pdf HTTP/1.1" 200 380574
201.244.235.172 - - [09/Jan/2024:13:40:48 -0500] "POST /sipse/faces/presentacion/financiero/solicitudProceso/consultarSolicitudProceso.xhtml HTTP/1.1" 200 41556
201.244.235.172 - - [09/Jan/2024:13:40:48 -0500] "GET /sipse/faces/javax.faces.resource/theme.css?ln=primefaces-sipse HTTP/1.1" 304 -
201.244.235.172 - - [09/Jan/2024:13:40:48 -0500] "GET /sipse/faces/javax.faces.resource/layout/layout.css?ln=primefaces&v=4.0 HTTP/1.1" 304 -
201.244.235.172 - - [09/Jan/2024:13:40:48 -0500] "GET /sipse/faces/javax.faces.resource/jquery/jquery.js?ln=primefaces&v=4.0 HTTP/1.1" 304 -
201.244.235.172 - - [09/Jan/2024:13:40:48 -0500] "GET /sipse/faces/javax.faces.resource/primefaces.css?ln=primefaces&v=4.0 HTTP/1.1" 304 -
201.244.235.172 - - [09/Jan/2024:13:40:48 -0500] "GET /sipse/faces/javax.faces.resource/jquery/jquery-plugins.js?ln=primefaces&v=4.0 HTTP/1.1" 304 -
201.244.235.172 - - [09/Jan/2024:13:40:48 -0500] "GET /sipse/faces/javax.faces.resource/primefaces.js?ln=primefaces&v=4.0 HTTP/1.1" 304 -
201.244.235.172 - - [09/Jan/2024:13:40:48 -0500] "GET /sipse/faces/javax.faces.resource/layout/layout.js?ln=primefaces&v=4.0 HTTP/1.1" 304 -
201.244.235.172 - - [09/Jan/2024:13:40:49 -0500] "GET /sipse/css/imagen/contrasena.png HTTP/1.1" 404 383
201.245.192.253 - - [09/Jan/2024:13:40:49 -0500] "GET /BLA/resoluciones/RESOLUCIONES%202023/0406.pdf HTTP/1.1" 206 1025
201.245.192.253 - - [09/Jan/2024:13:40:49 -0500] "GET /BLA/resoluciones/RESOLUCIONES%202023/0406.pdf HTTP/1.1" 200 380574
201.245.192.253 - - [09/Jan/2024:13:40:53 -0500] "GET /BLA/resoluciones/RESOLUCIONES%202023/0310.pdf HTTP/1.1" 200 406774
201.245.192.253 - - [09/Jan/2024:13:40:57 -0500] "GET /BLA/resoluciones/RESOLUCIONES%202023/0310.pdf HTTP/1.1" 200 406774
201.245.192.253 - - [09/Jan/2024:13:40:57 -0500] "GET /BLA/resoluciones/RESOLUCIONES%202023/0310.pdf HTTP/1.1" 206 1025
201.245.192.253 - - [09/Jan/2024:13:40:59 -0500] "GET /BLA/resoluciones/RESOLUCIONES%202023/0061.pdf HTTP/1.1" 200 388082
201.245.192.253 - - [09/Jan/2024:13:40:59 -0500] "GET /BLA/resoluciones/RESOLUCIONES%202023/0061.pdf HTTP/1.1" 200 388082
201.245.192.253 - - [09/Jan/2024:13:40:59 -0500] "GET /BLA/resoluciones/RESOLUCIONES%202023/0061.pdf HTTP/1.1" 206 1025
201.245.192.253 - - [09/Jan/2024:13:41:01 -0500] "GET /BLA/resoluciones/RESOLUCIONES%202023/0061.pdf HTTP/1.1" 206 64512
66.249.68.36 - - [09/Jan/2024:13:41:27 -0500] "GET /BLA/resoluciones/AUTOS%202011/7678.pdf HTTP/1.1" 200 160904
172.22.2.4 - - [09/Jan/2024:13:41:43 -0500] "GET /BLA/boletinlegal/actos.php HTTP/1.1" 200 9648
172.22.2.4 - - [09/Jan/2024:13:41:43 -0500] "GET /BLA/boletinlegal/js/ajax_actos.js HTTP/1.1" 200 1322
172.22.2.4 - - [09/Jan/2024:13:41:43 -0500] "GET /BLA/boletinlegal/niceforms-default.css HTTP/1.1" 200 6694
172.22.2.4 - - [09/Jan/2024:13:41:43 -0500] "GET /BLA/boletinlegal/styles2.css HTTP/1.1" 200 1838
172.22.2.4 - - [09/Jan/2024:13:41:43 -0500] "GET /BLA/boletinlegal/style.css HTTP/1.1" 200 9406
172.22.2.4 - - [09/Jan/2024:13:41:43 -0500] "GET /BLA/boletinlegal/niceforms.js HTTP/1.1" 200 22876
172.22.2.4 - - [09/Jan/2024:13:41:43 -0500] "GET /BLA/boletinlegal/js/lib.js HTTP/1.1" 200 6474
172.22.2.4 - - [09/Jan/2024:13:41:43 -0500] "GET /BLA/boletinlegal/js/popup.js HTTP/1.1" 200 1270
172.22.2.4 - - [09/Jan/2024:13:41:43 -0500] "GET /BLA/boletinlegal/js/jquery1.js HTTP/1.1" 200 29846
172.22.2.4 - - [09/Jan/2024:13:41:43 -0500] "GET /BLA/boletinlegal/images/cabezote%20BLEGAL.jpg HTTP/1.1" 200 118164
172.22.2.4 - - [09/Jan/2024:13:41:43 -0500] "GET /BLA/boletinlegal/images/subscribe-icon-big.png HTTP/1.1" 200 47702
172.22.2.4 - - [09/Jan/2024:13:41:43 -0500] "GET /BLA/boletinlegal/images/historia.png HTTP/1.1" 200 52775
172.22.2.4 - - [09/Jan/2024:13:41:43 -0500] "GET /BLA/boletinlegal/images/registro-usuarios.png HTTP/1.1" 200 8106
172.22.2.4 - - [09/Jan/2024:13:41:43 -0500] "GET /BLA/boletinlegal/images/green-yellow-blue-pink-th.png HTTP/1.1" 200 7394
172.22.2.4 - - [09/Jan/2024:13:41:43 -0500] "GET /BLA/boletinlegal/images/icono-email.png HTTP/1.1" 200 5544
