201.245.192.253 - - [09/Jan/2024:16:18:44 -0500] "POST /kwsrmcab/Wsrmcab  HTTP/1.1" 200 36937
156.59.198.136 - - [09/Jan/2024:16:19:00 -0500] "GET /BLA/resoluciones/AUTOS%202019/2283.pdf HTTP/1.0" 200 461521
216.244.66.195 - - [09/Jan/2024:16:19:01 -0500] "GET /BLA/resoluciones/AUTOS%202011/0084.pdf HTTP/1.1" 200 163059
201.245.192.253 - - [09/Jan/2024:16:19:13 -0500] "POST /kwsrmcab/Wsrmcab HTTP/1.1" 200 37056
156.59.198.136 - - [09/Jan/2024:16:19:25 -0500] "GET /BLA/resoluciones/AUTOS%202019/0939.pdf HTTP/1.0" 200 7713907
216.244.66.195 - - [09/Jan/2024:16:19:27 -0500] "GET /BLA/resoluciones/AUTOS%202011/0321.pdf HTTP/1.1" 200 141738
156.59.198.135 - - [09/Jan/2024:16:19:49 -0500] "GET /BLA/resoluciones/AUTOS%202019/2014.pdf HTTP/1.0" 200 1167889
216.244.66.195 - - [09/Jan/2024:16:19:51 -0500] "GET /BLA/resoluciones/AUTOS%202011/0337.pdf HTTP/1.1" 200 104216
201.245.192.253 - - [09/Jan/2024:16:19:53 -0500] "POST /kwsrmcab/Wsrmcab HTTP/1.1" 200 36603
173.252.127.12 - - [09/Jan/2024:16:20:09 -0500] "GET /distrito-alcanza-meta-de-1000-hectareas-ya-con-pagos-por-servicios-ambientales.html HTTP/1.1" 200 828
156.59.198.136 - - [09/Jan/2024:16:20:14 -0500] "GET /BLA/resoluciones/AUTOS%202019/2447.pdf HTTP/1.0" 200 868092
216.244.66.195 - - [09/Jan/2024:16:20:15 -0500] "GET /BLA/resoluciones/AUTOS%202011/0364.pdf HTTP/1.1" 200 840949
216.245.221.92 - - [09/Jan/2024:16:20:26 -0500] "HEAD / HTTP/1.1" 200 -
201.245.192.253 - - [09/Jan/2024:16:20:35 -0500] "POST /forms/lservlet;jsessionid=ac16012b30d6824570109c2143e1a1b38af06f99ab1f.e3iSbxaKaheRe34Rb3eTbx8LaNb0n6jAmljGr5XDqQLvpAe HTTP/1.1" 200 2
156.59.198.136 - - [09/Jan/2024:16:20:39 -0500] "GET /BLA/resoluciones/AUTOS%202019/0830.pdf HTTP/1.0" 200 330648
201.245.192.253 - - [09/Jan/2024:16:20:41 -0500] "POST /sipse/faces/presentacion/financiero/solicitudProceso/consultar.xhtml HTTP/1.1" 200 12851
201.245.192.253 - - [09/Jan/2024:16:20:42 -0500] "POST /sipse/faces/presentacion/financiero/solicitudProceso/consultar.xhtml HTTP/1.1" 200 179841
201.245.192.253 - - [09/Jan/2024:16:20:43 -0500] "GET /sipse/faces/javax.faces.resource/theme.css?ln=primefaces-sipse HTTP/1.1" 304 -
201.245.192.253 - - [09/Jan/2024:16:20:43 -0500] "GET /sipse/faces/javax.faces.resource/primefaces.css?ln=primefaces&v=4.0 HTTP/1.1" 304 -
201.245.192.253 - - [09/Jan/2024:16:20:43 -0500] "GET /sipse/faces/javax.faces.resource/layout/layout.css?ln=primefaces&v=4.0 HTTP/1.1" 304 -
201.245.192.253 - - [09/Jan/2024:16:20:43 -0500] "GET /sipse/css/imagen/contrasena.png HTTP/1.1" 404 383
201.245.192.253 - - [09/Jan/2024:16:20:43 -0500] "GET /sipse/faces/javax.faces.resource/jquery/jquery.js?ln=primefaces&v=4.0 HTTP/1.1" 304 -
201.245.192.253 - - [09/Jan/2024:16:20:43 -0500] "GET /sipse/faces/javax.faces.resource/jquery/jquery-plugins.js?ln=primefaces&v=4.0 HTTP/1.1" 304 -
201.245.192.253 - - [09/Jan/2024:16:20:43 -0500] "GET /sipse/faces/javax.faces.resource/primefaces.js?ln=primefaces&v=4.0 HTTP/1.1" 304 -
201.245.192.253 - - [09/Jan/2024:16:20:43 -0500] "GET /sipse/faces/javax.faces.resource/layout/layout.js?ln=primefaces&v=4.0 HTTP/1.1" 304 -
201.245.192.253 - - [09/Jan/2024:16:20:50 -0500] "POST /sipse/faces/presentacion/financiero/solicitudProceso/consultarSolicitudProceso.xhtml HTTP/1.1" 200 82674
201.245.192.253 - - [09/Jan/2024:16:20:59 -0500] "POST /forms/lservlet;jsessionid=ac16012b30d6824570109c2143e1a1b38af06f99ab1f.e3iSbxaKaheRe34Rb3eTbx8LaNb0n6jAmljGr5XDqQLvpAe HTTP/1.1" 200 486
201.245.192.253 - - [09/Jan/2024:16:20:59 -0500] "POST /forms/lservlet;jsessionid=ac16012b30d6824570109c2143e1a1b38af06f99ab1f.e3iSbxaKaheRe34Rb3eTbx8LaNb0n6jAmljGr5XDqQLvpAe HTTP/1.1" 200 15
216.244.66.195 - - [09/Jan/2024:16:21:00 -0500] "GET /BLA/resoluciones/AUTOS%202011/0478.pdf HTTP/1.1" 200 152341
201.245.192.253 - - [09/Jan/2024:16:21:00 -0500] "POST /forms/lservlet;jsessionid=ac16012b30d6824570109c2143e1a1b38af06f99ab1f.e3iSbxaKaheRe34Rb3eTbx8LaNb0n6jAmljGr5XDqQLvpAe HTTP/1.1" 200 475
201.245.192.253 - - [09/Jan/2024:16:21:01 -0500] "POST /forms/lservlet;jsessionid=ac16012b30d6824570109c2143e1a1b38af06f99ab1f.e3iSbxaKaheRe34Rb3eTbx8LaNb0n6jAmljGr5XDqQLvpAe HTTP/1.1" 200 2
201.245.192.253 - - [09/Jan/2024:16:21:02 -0500] "POST /forms/lservlet;jsessionid=ac16012b30d6824570109c2143e1a1b38af06f99ab1f.e3iSbxaKaheRe34Rb3eTbx8LaNb0n6jAmljGr5XDqQLvpAe HTTP/1.1" 200 705
201.245.192.253 - - [09/Jan/2024:16:21:02 -0500] "POST /forms/lservlet;jsessionid=ac16012b30d6824570109c2143e1a1b38af06f99ab1f.e3iSbxaKaheRe34Rb3eTbx8LaNb0n6jAmljGr5XDqQLvpAe HTTP/1.1" 200 2
156.59.198.136 - - [09/Jan/2024:16:21:03 -0500] "GET /BLA/resoluciones/AUTOS%202019/3333.pdf HTTP/1.0" 200 334698
201.245.192.253 - - [09/Jan/2024:16:21:04 -0500] "POST /forms/lservlet;jsessionid=ac16012b30d6824570109c2143e1a1b38af06f99ab1f.e3iSbxaKaheRe34Rb3eTbx8LaNb0n6jAmljGr5XDqQLvpAe HTTP/1.1" 200 1361
201.245.192.253 - - [09/Jan/2024:16:21:04 -0500] "POST /forms/lservlet;jsessionid=ac16012b30d6824570109c2143e1a1b38af06f99ab1f.e3iSbxaKaheRe34Rb3eTbx8LaNb0n6jAmljGr5XDqQLvpAe HTTP/1.1" 200 24
201.245.192.253 - - [09/Jan/2024:16:21:07 -0500] "POST /forms/lservlet;jsessionid=ac16012b30d6824570109c2143e1a1b38af06f99ab1f.e3iSbxaKaheRe34Rb3eTbx8LaNb0n6jAmljGr5XDqQLvpAe HTTP/1.1" 200 2931
201.245.192.253 - - [09/Jan/2024:16:21:09 -0500] "POST /forms/lservlet;jsessionid=ac16012b30d6824570109c2143e1a1b38af06f99ab1f.e3iSbxaKaheRe34Rb3eTbx8LaNb0n6jAmljGr5XDqQLvpAe HTTP/1.1" 200 7
156.59.198.136 - - [09/Jan/2024:16:21:27 -0500] "GET /BLA/resoluciones/AUTOS%202019/1844.pdf HTTP/1.0" 200 334065
186.29.228.3 - - [09/Jan/2024:16:21:28 -0500] "GET /kwssiamovil/sm/des/ldap/au?x=U2FsdGVkX18FdB3vdol7H4+nLIwfWDRFG6uS/vgETViTc/2cAoflhB9T9X8QL+Rq&y=U2FsdGVkX194eG6YIlbib8t9Pu7WoNXSOp7C9+RwNkTLT/HzHmrLU1Y7GMSsGCVa HTTP/1.1" 200 31
186.29.228.3 - - [09/Jan/2024:16:21:35 -0500] "GET /kwssiamovil/sm/des/ldap/au?x=U2FsdGVkX19+wXu7LNadbmsUINerr6G2Dn4gaK7kEfTqAw7Dr0n2EqRBsP5D2U2r&y=U2FsdGVkX1+hDucziT5AavU7JZC1iyyPJh1ha8cb1bPd6tkbvIo1Z44lMOMnoXwx HTTP/1.1" 200 30
186.29.228.3 - - [09/Jan/2024:16:21:35 -0500] "GET /kwssiamovil/sm/des/acme/s?s=U2FsdGVkX19tIpCiMw5yAJHNDEvV1/jwlJTKTTnQyVbMIZxKQVQ7UJShbTHuLyw7lr6iaKNDy3HiNPyNs5pnE/kZ2Hd6//Zm4hXIg55RYIg=&u=U2FsdGVkX1+htaFQVagIBNa0m/3f4Romrg3Ss5W5FpE=&y=U2FsdGVkX1+hDucziT5AavU7JZC1iyyPJh1ha8cb1bPd6tkbvIo1Z44lMOMnoXwx HTTP/1.1" 200 97
186.29.228.3 - - [09/Jan/2024:16:21:35 -0500] "GET /kwssiamovil/sm/des/acme/s?s=U2FsdGVkX19oZrDxLk/kwVPmOSzHnH3a6RLBLc2oxhOgE67uEym/rpN2jHEPrbYv5fFaadV79LBiPu73KPxxk/ITUg+n6Nb1DV5j1EyNWZWbFcmfERoqJ5iRg8rSOoPzs46HITKJoSSHRmfX6kHubekMMIMHz37AKD3gre6eNNvPB4XszqoVLcEJumMm/5HseRylgvKfA9ONMDVgIO/01yZ8kuDVtPl76CiwasSHmnpcNfo1/kNwRJ/tr5XGpxvsTpnOJZtSPmoBFzTPIO4BPIu0NCoCaE2sI7fFvX7PiuGPi8K6IISSpWYgNuCVGh5QYVk4cjvTFZGz+SyUdSYaTEvIMpxhrt81FygtdbJYQl/meWdGDx/mfqg017jUtelwrl8Fqjgayn1AYotbTVxJgo7TOijX/5x+vg7e1A7oEoLjKhvguJGghcNGE3gZLJsTIJlmRkiIVLmr6nvio+TfZRqmSN6ndBodBTA0A7vmKUUfFlGfIBVxkHboZRFiznmUS5K+UGevAT6jfmbAS5QM/obkQmfcBmixAUpN660uQxcvUe66CZyT+OHnHJJvesWSLv9/f3wt5Fn9upMhYsouVjZyRrvSSxiysp/1RbkUpFDXxgN2NTQ6QgViAkloDf1fyJijVkAaTgNMxU5KWx3Iz7bWiAaniLL1KytNw4TgwalkgLoOO6t393ciGoKBnbtu3nC6T8NGPLkxIWs66Sl1kcgDoEq6Kam6rIf1kJqJmsc4lcmTrccEvEAm4nZr1xnqahmtx/N+ZFYsTGhZ9fCKcZZSFgzOVEGjHXpNNYADCOA0Pob+ga5gpFS8SRcbvwqxqIamCo/dKJ4zfAeDqgWiEPY8aNbmfsvNkU0/SjKTVnSXeenEbJTurAtBVasnfPiiqAYf7cTHdUNs+bFLDG/IhZvTzOzS6zgTLc/5WEoEnqZIYCFtAbdev8jOwX2PWIgLR28rXIC9IAc0RCXqhYNnahLv1a8asgOKzrY46RYh+okLEg6qs1V4IrSyO81uTbX3LSNr4n7IPnQQzUtgMq/6tcJYl4G7wCCCYkT0zqMo3hC3b33XRMQszKbfkslhl8xaEfEBx0SJgsiaffuVOhZ2MQLSaVydxtJXWjlgjkc5GR/DwWnEoFus7x3WNB8ybalg9yWI9OTNo3tfGBFVZ7Tu4bCLVKQ+j65VuxdBcT6M97CJf2rrjHij/V3rhjzE3MsuLvf/2Hdgjxpht5uyKZlFlZ8ihIgJg4azA2I7PS6SvD2QMPC5Pb4TdopzeptDqtO7m7Gkh3GbmXqGtIQqnQN2c05QQ8imtX9BQBFfq3e/Wmdzh54hZEIt5Pnt3mm5e0GPdKv7TuTlK1OVeiLogYDHgNbi78Cq8gaAAnKOz5yM/X2JSRrLu5fr7CYI+l32TL3Se7/5NPhiAUiF5YyxX4XvrKTfBor56liwX/nI5t7riG7uY90qcKVH+YaemoBk536WwHlmeqd5GcgMVh7Kkyd/jEyzTvmWRjsl875hpDzwzqYdLZXAMjzabQQj9Si9wE0l2/1TqO3A0aUf3OpHusVOnLO1kpPGwkIHBdIT0Fd+FAmk3neJtkz/htljV7k6pw9GI29LcD/NmOaD/hYBAXf+Hp4b09PKQfLk14e8FPxNT/zwWbkYrU6TImR97LB/ABRlHgs41rmKCJNAkhpLV+nKZYRRDsnD4EknUNFvqvgKcsW32MzORKTWzG4T7gnyJ6ht88hKRnN2hOAYd2JQ2ySR40Ec/WFA4tIGKMgh7wRF0U4=&u=U2FsdGVkX1+htaFQVagIBNa0m/3f4Romrg3Ss5W5FpE=&y=U2FsdGVkX1+hDucziT5AavU7JZC1iyyPJh1ha8cb1bPd6tkbvIo1Z44lMOMnoXwx HTTP/1.1" 200 539
186.29.228.3 - - [09/Jan/2024:16:21:35 -0500] "GET /kwssiamovil/sm/des/acme/s?s=U2FsdGVkX19iZOKwQD51vGZFbVYVVcx1NdimeN0tHOCOu1GXFx4/YufhYjT2HbWGKogD0PkgoEdfdmEQ8KKcAy9Q1ZAnJeNtLAqoXNPcPRFjKpXdHQPkhY6R1kSAkmC4gIF/0QoJjrxccUGxSGYZTKrhKSI5AbnQit2VlVfN+hDyW0G11PackGNocoMaOcQUGPsk44bZWYFmczwYgHqOl1pUdrvVff3X3YoEO2bD5b229VjvGXTQ7AJ1zDRBNQjbGdufkpbiqwQ1JjDvtdiqT77oiLAMEoE4jG/dTvpZtlcPfId1q10me0h7bdQ8zFj37fPHif+7K1q62H7TTEyti312zmlDHernuliDghktNclZGV4X/W1lzttorGXQ9tufmry+BgPVdLHJuwvu3Iyc/H1XXFYkM+a424FwX+H39VtN0co3N5udZ/x99M6pF/05Te+l4DeLzgTMc8qQbvnPaDWt3l98txlmvUa00jTbYykroevmwpHzTQpjbGhGV0QEPKDLR6EzWTVtc4i6YgKdgjjesxrxNXEup/TOJDnOAH958iHloeYR33u4gn7JSe+XNoDZzENJ+5L6RjtLb2I1T+MDuNxJydhOvE6yv24Fb058L4nmZhP5AhyYR8+RaFOl8B3Vze08hcCfF9yCRBT5TugPnEvozSm4PaQaEOYkpO/16qvzAGbMqy2xpyWqHx39V2aD2XisoDQCGMXgd9/fwCEFakc5sVhwbmmcPEILN2HyNiRfTtT7lrr5T2u9QURo&u=U2FsdGVkX1+htaFQVagIBNa0m/3f4Romrg3Ss5W5FpE=&y=U2FsdGVkX1+hDucziT5AavU7JZC1iyyPJh1ha8cb1bPd6tkbvIo1Z44lMOMnoXwx HTTP/1.1" 200 222
216.244.66.195 - - [09/Jan/2024:16:21:35 -0500] "GET /BLA/resoluciones/AUTOS%202011/0839.pdf HTTP/1.1" 200 168165
186.29.228.3 - - [09/Jan/2024:16:21:35 -0500] "GET /kwssiamovil/sm/des/cjson/pre?f=19&x=U2FsdGVkX19+wXu7LNadbmsUINerr6G2Dn4gaK7kEfTqAw7Dr0n2EqRBsP5D2U2r HTTP/1.1" 200 65817
156.59.198.136 - - [09/Jan/2024:16:21:51 -0500] "GET /BLA/resoluciones/AUTOS%202019/0838.pdf HTTP/1.0" 200 341505
156.59.198.135 - - [09/Jan/2024:16:22:16 -0500] "GET /BLA/resoluciones/AUTOS%202019/4866.pdf HTTP/1.0" 200 429674
201.245.192.253 - - [09/Jan/2024:16:22:35 -0500] "POST /forms/lservlet;jsessionid=ac16012b30d6824570109c2143e1a1b38af06f99ab1f.e3iSbxaKaheRe34Rb3eTbx8LaNb0n6jAmljGr5XDqQLvpAe HTTP/1.1" 200 2
156.59.198.135 - - [09/Jan/2024:16:22:41 -0500] "GET /BLA/resoluciones/AUTOS%202019/3033.pdf HTTP/1.0" 200 795077
156.59.198.136 - - [09/Jan/2024:16:23:05 -0500] "GET /BLA/resoluciones/AUTOS%202019/1617.pdf HTTP/1.0" 200 365905
172.22.2.4 - - [09/Jan/2024:16:21:28 -0500] "HEAD /BLA/boletinlegal/ HTTP/1.1" 200 -
156.59.198.136 - - [09/Jan/2024:16:23:30 -0500] "GET /BLA/resoluciones/AUTOS%202019/0392.pdf HTTP/1.0" 200 1202742
201.245.192.253 - - [09/Jan/2024:16:23:42 -0500] "POST /kwsrmcab/Wsrmcab  HTTP/1.1" 200 36937
156.59.198.136 - - [09/Jan/2024:16:23:54 -0500] "GET /BLA/resoluciones/AUTOS%202019/3455.pdf HTTP/1.0" 200 364706
172.22.2.4 - - [09/Jan/2024:16:22:19 -0500] "GET /BLA/boletinlegal/ HTTP/1.1" 200 60910
156.59.198.136 - - [09/Jan/2024:16:24:18 -0500] "GET /BLA/resoluciones/AUTOS%202019/4854.pdf HTTP/1.0" 200 371372
201.245.192.253 - - [09/Jan/2024:16:24:35 -0500] "POST /forms/lservlet;jsessionid=ac16012b30d6824570109c2143e1a1b38af06f99ab1f.e3iSbxaKaheRe34Rb3eTbx8LaNb0n6jAmljGr5XDqQLvpAe HTTP/1.1" 200 2
47.128.31.95 - - [09/Jan/2024:16:24:43 -0500] "GET /BLA/resoluciones/index.php?dir=RESOLUCIONES%202007%2FRES%202007%204001%20AL%204100%2F&order=asc&sort=name HTTP/1.1" 200 26864
47.128.31.95 - - [09/Jan/2024:16:24:44 -0500] "GET /BLA/resoluciones/dlf/dirup.png HTTP/1.1" 200 644
47.128.31.95 - - [09/Jan/2024:16:24:44 -0500] "GET /BLA/resoluciones/dlf/pdf.gif HTTP/1.1" 200 272
201.245.192.253 - - [09/Jan/2024:16:24:58 -0500] "POST /kwsrmcab/Wsrmcab HTTP/1.1" 200 37056
201.245.192.253 - - [09/Jan/2024:16:25:01 -0500] "POST /kwsrmcab/Wsrmcab HTTP/1.1" 200 36603
156.59.198.135 - - [09/Jan/2024:16:25:07 -0500] "GET /BLA/resoluciones/AUTOS%202019/3416.pdf HTTP/1.0" 200 1051031
216.245.221.92 - - [09/Jan/2024:16:25:26 -0500] "HEAD / HTTP/1.1" 200 -
186.87.230.248 - - [09/Jan/2024:16:25:29 -0500] "GET /catalogoisis/Css/Busqueda.css HTTP/1.1" 200 1995
186.87.230.248 - - [09/Jan/2024:16:25:29 -0500] "GET /catalogoisis/Js/Remote.js HTTP/1.1" 200 436
186.87.230.248 - - [09/Jan/2024:16:25:29 -0500] "GET /catalogoisis/Js/AceptarLimpiar.js HTTP/1.1" 200 331
186.87.230.248 - - [09/Jan/2024:16:25:29 -0500] "GET /catalogoisis/Js/Cookies.js HTTP/1.1" 200 1369
186.87.230.248 - - [09/Jan/2024:16:25:29 -0500] "GET /catalogoisis/Js/Go.js HTTP/1.1" 200 364
186.87.230.248 - - [09/Jan/2024:16:25:29 -0500] "GET /catalogoisis/Js/CriterioCombinada.js HTTP/1.1" 200 1843
186.87.230.248 - - [09/Jan/2024:16:25:29 -0500] "GET /catalogoisis/Js/LimpiarCombinada.js HTTP/1.1" 200 207
186.87.230.248 - - [09/Jan/2024:16:25:29 -0500] "GET /catalogoisis/ HTTP/1.1" 200 8575
186.87.230.248 - - [09/Jan/2024:16:25:29 -0500] "GET /catalogoisis/Js/Numero.js HTTP/1.1" 200 398
186.87.230.248 - - [09/Jan/2024:16:25:29 -0500] "GET /catalogoisis/Js/Enter.js HTTP/1.1" 200 1208
186.87.230.248 - - [09/Jan/2024:16:25:29 -0500] "GET /catalogoisis/imagenes/br1c1.gif HTTP/1.1" 200 172
186.87.230.248 - - [09/Jan/2024:16:25:29 -0500] "GET /catalogoisis/imagenes/br3c1.gif HTTP/1.1" 200 177
186.87.230.248 - - [09/Jan/2024:16:25:29 -0500] "GET /catalogoisis/imagenes/limpiar1.gif HTTP/1.1" 200 606
186.87.230.248 - - [09/Jan/2024:16:25:29 -0500] "GET /catalogoisis/imagenes/br1c3.gif HTTP/1.1" 200 302
186.87.230.248 - - [09/Jan/2024:16:25:29 -0500] "GET /catalogoisis/imagenes/aceptar1.gif HTTP/1.1" 200 604
186.87.230.248 - - [09/Jan/2024:16:25:29 -0500] "GET /catalogoisis/imagenes/Turnbo1.gif HTTP/1.1" 200 227
186.87.230.248 - - [09/Jan/2024:16:25:29 -0500] "GET /catalogoisis/imagenes/br3c3.gif HTTP/1.1" 200 186
186.87.230.248 - - [09/Jan/2024:16:25:29 -0500] "GET /catalogoisis/imagenes/br3c2.gif HTTP/1.1" 200 285
186.87.230.248 - - [09/Jan/2024:16:25:29 -0500] "GET /catalogoisis/imagenes/br1c2.gif HTTP/1.1" 200 297
186.87.230.248 - - [09/Jan/2024:16:25:29 -0500] "GET /catalogoisis/imagenes/br2c2.gif HTTP/1.1" 200 302
186.87.230.248 - - [09/Jan/2024:16:25:29 -0500] "GET /catalogoisis/imagenes/br2c1.gif HTTP/1.1" 200 297
186.87.230.248 - - [09/Jan/2024:16:25:29 -0500] "GET /catalogoisis/imagenes/br2c3.gif HTTP/1.1" 200 416
186.87.230.248 - - [09/Jan/2024:16:25:29 -0500] "GET /catalogoisis/imagenes/Header.gif HTTP/1.1" 200 27040
186.87.230.248 - - [09/Jan/2024:16:25:29 -0500] "GET /favicon.ico HTTP/1.1" 200 7782
156.59.198.136 - - [09/Jan/2024:16:25:32 -0500] "GET /BLA/resoluciones/AUTOS%202019/4899.pdf HTTP/1.0" 200 336032
156.59.198.136 - - [09/Jan/2024:16:25:56 -0500] "GET /BLA/resoluciones/AUTOS%202019/2293.pdf HTTP/1.0" 200 332830
156.59.198.136 - - [09/Jan/2024:16:26:21 -0500] "GET /BLA/resoluciones/AUTOS%202019/4804.pdf HTTP/1.0" 200 1577959
201.245.192.253 - - [09/Jan/2024:16:26:35 -0500] "POST /forms/lservlet;jsessionid=ac16012b30d6824570109c2143e1a1b38af06f99ab1f.e3iSbxaKaheRe34Rb3eTbx8LaNb0n6jAmljGr5XDqQLvpAe HTTP/1.1" 200 2
156.59.198.136 - - [09/Jan/2024:16:26:46 -0500] "GET /BLA/resoluciones/AUTOS%202019/3434.pdf HTTP/1.0" 200 604256
156.59.198.135 - - [09/Jan/2024:16:27:10 -0500] "GET /BLA/resoluciones/AUTOS%202019/2027.pdf HTTP/1.0" 200 335797
156.59.198.136 - - [09/Jan/2024:16:27:34 -0500] "GET /BLA/resoluciones/AUTOS%202019/4510.pdf HTTP/1.0" 200 339319
156.59.198.135 - - [09/Jan/2024:16:27:58 -0500] "GET /BLA/resoluciones/AUTOS%202019/1544.pdf HTTP/1.0" 200 477156
201.245.192.253 - - [09/Jan/2024:16:28:19 -0500] "POST /sipse/faces/presentacion/financiero/solicitudProceso/listarSolicitudProceso.xhtml HTTP/1.1" 200 112721
201.245.192.253 - - [09/Jan/2024:16:28:19 -0500] "GET /sipse/faces/javax.faces.resource/theme.css?ln=primefaces-sipse HTTP/1.1" 304 -
201.245.192.253 - - [09/Jan/2024:16:28:19 -0500] "GET /sipse/css/imagen/contrasena.png HTTP/1.1" 404 383
201.245.192.253 - - [09/Jan/2024:16:28:19 -0500] "GET /sipse/faces/javax.faces.resource/primefaces.css?ln=primefaces&v=4.0 HTTP/1.1" 304 -
201.245.192.253 - - [09/Jan/2024:16:28:19 -0500] "GET /sipse/faces/javax.faces.resource/layout/layout.css?ln=primefaces&v=4.0 HTTP/1.1" 304 -
201.245.192.253 - - [09/Jan/2024:16:28:19 -0500] "GET /sipse/faces/javax.faces.resource/jquery/jquery.js?ln=primefaces&v=4.0 HTTP/1.1" 304 -
201.245.192.253 - - [09/Jan/2024:16:28:19 -0500] "GET /sipse/faces/javax.faces.resource/jquery/jquery-plugins.js?ln=primefaces&v=4.0 HTTP/1.1" 304 -
201.245.192.253 - - [09/Jan/2024:16:28:19 -0500] "GET /sipse/faces/javax.faces.resource/primefaces.js?ln=primefaces&v=4.0 HTTP/1.1" 304 -
201.245.192.253 - - [09/Jan/2024:16:28:19 -0500] "GET /sipse/faces/javax.faces.resource/layout/layout.js?ln=primefaces&v=4.0 HTTP/1.1" 304 -
156.59.198.136 - - [09/Jan/2024:16:28:23 -0500] "GET /BLA/resoluciones/AUTOS%202019/0832.pdf HTTP/1.0" 200 348811
201.245.192.253 - - [09/Jan/2024:16:28:24 -0500] "POST /sipse/faces/presentacion/financiero/solicitudProceso/consultarSolicitudProceso.xhtml HTTP/1.1" 200 168655
201.245.192.253 - - [09/Jan/2024:16:28:35 -0500] "POST /forms/lservlet;jsessionid=ac16012b30d6824570109c2143e1a1b38af06f99ab1f.e3iSbxaKaheRe34Rb3eTbx8LaNb0n6jAmljGr5XDqQLvpAe HTTP/1.1" 200 2
201.245.192.253 - - [09/Jan/2024:16:28:40 -0500] "POST /kwsrmcab/Wsrmcab  HTTP/1.1" 200 36937
156.59.198.135 - - [09/Jan/2024:16:28:48 -0500] "GET /BLA/resoluciones/AUTOS%202019/4806.pdf HTTP/1.0" 200 1275590
172.22.2.4 - - [09/Jan/2024:16:27:18 -0500] "HEAD /BLA/boletinlegal/ HTTP/1.1" 200 -
156.59.198.136 - - [09/Jan/2024:16:29:12 -0500] "GET /BLA/resoluciones/AUTOS%202019/1900.pdf HTTP/1.0" 200 332523
186.87.230.248 - - [09/Jan/2024:16:29:12 -0500] "GET /catalogoisis/ HTTP/1.1" 200 8575
201.245.192.253 - - [09/Jan/2024:16:29:12 -0500] "POST /kwsrmcab/Wsrmcab HTTP/1.1" 200 37056
186.87.230.248 - - [09/Jan/2024:16:29:22 -0500] "GET /catalogoisis/imagenes/limpiar2.gif HTTP/1.1" 200 589
186.87.230.248 - - [09/Jan/2024:16:29:22 -0500] "GET /catalogoisis/imagenes/aceptar2.gif HTTP/1.1" 200 586
201.245.192.253 - - [09/Jan/2024:16:29:23 -0500] "POST /sipse/faces/presentacion/financiero/solicitudProceso/consultarSolicitudProceso.xhtml HTTP/1.1" 200 23971
201.245.192.253 - - [09/Jan/2024:16:29:23 -0500] "GET /sipse/faces/javax.faces.resource/theme.css?ln=primefaces-sipse HTTP/1.1" 304 -
201.245.192.253 - - [09/Jan/2024:16:29:23 -0500] "GET /sipse/faces/javax.faces.resource/primefaces.css?ln=primefaces&v=4.0 HTTP/1.1" 304 -
201.245.192.253 - - [09/Jan/2024:16:29:23 -0500] "GET /sipse/faces/javax.faces.resource/layout/layout.css?ln=primefaces&v=4.0 HTTP/1.1" 304 -
201.245.192.253 - - [09/Jan/2024:16:29:23 -0500] "GET /sipse/faces/javax.faces.resource/jquery/jquery.js?ln=primefaces&v=4.0 HTTP/1.1" 304 -
201.245.192.253 - - [09/Jan/2024:16:29:23 -0500] "GET /sipse/faces/javax.faces.resource/jquery/jquery-plugins.js?ln=primefaces&v=4.0 HTTP/1.1" 304 -
201.245.192.253 - - [09/Jan/2024:16:29:23 -0500] "GET /sipse/faces/javax.faces.resource/primefaces.js?ln=primefaces&v=4.0 HTTP/1.1" 304 -
201.245.192.253 - - [09/Jan/2024:16:29:23 -0500] "GET /sipse/faces/javax.faces.resource/layout/layout.js?ln=primefaces&v=4.0 HTTP/1.1" 304 -
201.245.192.253 - - [09/Jan/2024:16:29:23 -0500] "GET /sipse/css/imagen/contrasena.png HTTP/1.1" 404 383
186.87.230.248 - - [09/Jan/2024:16:29:24 -0500] "GET /catalogoisis/imagenes/aceptar2.gif HTTP/1.1" 200 586
181.61.205.233 - - [09/Jan/2024:16:29:26 -0500] "GET /appsia/controlador HTTP/1.1" 200 4799
201.245.192.253 - - [09/Jan/2024:16:29:25 -0500] "POST /sipse/faces/presentacion/financiero/solicitudProceso/asignarCargueContrato.xhtml HTTP/1.1" 200 62383
201.245.192.253 - - [09/Jan/2024:16:29:27 -0500] "GET /sipse/faces/javax.faces.resource/layout/layout.css?ln=primefaces&v=4.0 HTTP/1.1" 304 -
201.245.192.253 - - [09/Jan/2024:16:29:27 -0500] "GET /sipse/faces/javax.faces.resource/primefaces.css?ln=primefaces&v=4.0 HTTP/1.1" 304 -
201.245.192.253 - - [09/Jan/2024:16:29:27 -0500] "GET /sipse/faces/javax.faces.resource/theme.css?ln=primefaces-sipse HTTP/1.1" 304 -
201.245.192.253 - - [09/Jan/2024:16:29:27 -0500] "GET /sipse/faces/javax.faces.resource/jquery/jquery.js?ln=primefaces&v=4.0 HTTP/1.1" 304 -
201.245.192.253 - - [09/Jan/2024:16:29:27 -0500] "GET /sipse/faces/javax.faces.resource/jquery/jquery-plugins.js?ln=primefaces&v=4.0 HTTP/1.1" 304 -
201.245.192.253 - - [09/Jan/2024:16:29:27 -0500] "GET /sipse/faces/javax.faces.resource/primefaces.js?ln=primefaces&v=4.0 HTTP/1.1" 304 -
201.245.192.253 - - [09/Jan/2024:16:29:27 -0500] "GET /sipse/faces/javax.faces.resource/layout/layout.js?ln=primefaces&v=4.0 HTTP/1.1" 304 -
201.245.192.253 - - [09/Jan/2024:16:29:27 -0500] "GET /sipse/css/imagen/contrasena.png HTTP/1.1" 404 383
201.245.192.253 - - [09/Jan/2024:16:29:27 -0500] "GET /sipse/faces/javax.faces.resource/messages/messages.png?ln=primefaces&v=4.0 HTTP/1.1" 304 -
201.245.192.253 - - [09/Jan/2024:16:29:27 -0500] "POST /sipse/faces/presentacion/financiero/solicitudProceso/listarSolicitudProceso.xhtml HTTP/1.1" 200 1556
201.245.192.253 - - [09/Jan/2024:16:29:31 -0500] "POST /sipse/faces/presentacion/financiero/solicitudProceso/listarSolicitudProceso.xhtml HTTP/1.1" 200 112603
201.245.192.253 - - [09/Jan/2024:16:29:32 -0500] "GET /sipse/faces/javax.faces.resource/theme.css?ln=primefaces-sipse HTTP/1.1" 304 -
201.245.192.253 - - [09/Jan/2024:16:29:32 -0500] "GET /sipse/faces/javax.faces.resource/layout/layout.css?ln=primefaces&v=4.0 HTTP/1.1" 304 -
201.245.192.253 - - [09/Jan/2024:16:29:32 -0500] "GET /sipse/faces/javax.faces.resource/primefaces.css?ln=primefaces&v=4.0 HTTP/1.1" 304 -
201.245.192.253 - - [09/Jan/2024:16:29:32 -0500] "GET /sipse/faces/javax.faces.resource/jquery/jquery.js?ln=primefaces&v=4.0 HTTP/1.1" 304 -
201.245.192.253 - - [09/Jan/2024:16:29:32 -0500] "GET /sipse/faces/javax.faces.resource/jquery/jquery-plugins.js?ln=primefaces&v=4.0 HTTP/1.1" 304 -
201.245.192.253 - - [09/Jan/2024:16:29:32 -0500] "GET /sipse/faces/javax.faces.resource/primefaces.js?ln=primefaces&v=4.0 HTTP/1.1" 304 -
201.245.192.253 - - [09/Jan/2024:16:29:32 -0500] "GET /sipse/faces/javax.faces.resource/layout/layout.js?ln=primefaces&v=4.0 HTTP/1.1" 304 -
201.245.192.253 - - [09/Jan/2024:16:29:32 -0500] "GET /sipse/css/imagen/contrasena.png HTTP/1.1" 404 383
201.245.192.253 - - [09/Jan/2024:16:29:33 -0500] "POST /forms/lservlet;jsessionid=ac16012b30d6824570109c2143e1a1b38af06f99ab1f.e3iSbxaKaheRe34Rb3eTbx8LaNb0n6jAmljGr5XDqQLvpAe HTTP/1.1" 200 2
201.245.192.253 - - [09/Jan/2024:16:29:33 -0500] "POST /forms/lservlet;jsessionid=ac16012b30d6824570109c2143e1a1b38af06f99ab1f.e3iSbxaKaheRe34Rb3eTbx8LaNb0n6jAmljGr5XDqQLvpAe HTTP/1.1" 200 2
201.245.192.253 - - [09/Jan/2024:16:29:35 -0500] "POST /sipse/faces/presentacion/financiero/solicitudProceso/consultarSolicitudProceso.xhtml HTTP/1.1" 200 40631
201.245.192.253 - - [09/Jan/2024:16:29:35 -0500] "GET /sipse/faces/javax.faces.resource/theme.css?ln=primefaces-sipse HTTP/1.1" 304 -
201.245.192.253 - - [09/Jan/2024:16:29:35 -0500] "GET /sipse/faces/javax.faces.resource/layout/layout.css?ln=primefaces&v=4.0 HTTP/1.1" 304 -
201.245.192.253 - - [09/Jan/2024:16:29:35 -0500] "GET /sipse/faces/javax.faces.resource/primefaces.css?ln=primefaces&v=4.0 HTTP/1.1" 304 -
201.245.192.253 - - [09/Jan/2024:16:29:35 -0500] "GET /sipse/faces/javax.faces.resource/jquery/jquery.js?ln=primefaces&v=4.0 HTTP/1.1" 304 -
201.245.192.253 - - [09/Jan/2024:16:29:35 -0500] "GET /sipse/faces/javax.faces.resource/jquery/jquery-plugins.js?ln=primefaces&v=4.0 HTTP/1.1" 304 -
201.245.192.253 - - [09/Jan/2024:16:29:35 -0500] "GET /sipse/faces/javax.faces.resource/primefaces.js?ln=primefaces&v=4.0 HTTP/1.1" 304 -
201.245.192.253 - - [09/Jan/2024:16:29:35 -0500] "GET /sipse/faces/javax.faces.resource/layout/layout.js?ln=primefaces&v=4.0 HTTP/1.1" 304 -
201.245.192.253 - - [09/Jan/2024:16:29:35 -0500] "GET /sipse/css/imagen/contrasena.png HTTP/1.1" 404 383
156.59.198.136 - - [09/Jan/2024:16:29:37 -0500] "GET /BLA/resoluciones/AUTOS%202019/4613.pdf HTTP/1.0" 200 434069
181.61.205.233 - - [09/Jan/2024:16:29:42 -0500] "POST /appsia/controlador HTTP/1.1" 200 5437
181.61.205.233 - - [09/Jan/2024:16:29:44 -0500] "POST /appsia/controlador HTTP/1.1" 200 17554
172.22.2.4 - - [09/Jan/2024:16:28:09 -0500] "GET /BLA/boletinlegal/ HTTP/1.1" 200 58172
201.245.192.253 - - [09/Jan/2024:16:29:53 -0500] "POST /sipse/faces/presentacion/financiero/modificacionContrato/cargarModifiacion.xhtml HTTP/1.1" 200 115737
201.245.192.253 - - [09/Jan/2024:16:29:53 -0500] "GET /sipse/faces/javax.faces.resource/theme.css?ln=primefaces-sipse HTTP/1.1" 304 -
201.245.192.253 - - [09/Jan/2024:16:29:53 -0500] "GET /sipse/faces/javax.faces.resource/layout/layout.css?ln=primefaces&v=4.0 HTTP/1.1" 304 -
201.245.192.253 - - [09/Jan/2024:16:29:53 -0500] "GET /sipse/faces/javax.faces.resource/primefaces.css?ln=primefaces&v=4.0 HTTP/1.1" 304 -
201.245.192.253 - - [09/Jan/2024:16:29:53 -0500] "GET /sipse/faces/javax.faces.resource/jquery/jquery.js?ln=primefaces&v=4.0 HTTP/1.1" 304 -
201.245.192.253 - - [09/Jan/2024:16:29:53 -0500] "GET /sipse/faces/javax.faces.resource/jquery/jquery-plugins.js?ln=primefaces&v=4.0 HTTP/1.1" 304 -
201.245.192.253 - - [09/Jan/2024:16:29:53 -0500] "GET /sipse/faces/javax.faces.resource/primefaces.js?ln=primefaces&v=4.0 HTTP/1.1" 304 -
201.245.192.253 - - [09/Jan/2024:16:29:53 -0500] "GET /sipse/faces/javax.faces.resource/layout/layout.js?ln=primefaces&v=4.0 HTTP/1.1" 304 -
201.245.192.253 - - [09/Jan/2024:16:29:53 -0500] "GET /sipse/css/imagen/contrasena.png HTTP/1.1" 404 383
201.245.192.253 - - [09/Jan/2024:16:29:52 -0500] "POST /kwsrmcab/Wsrmcab HTTP/1.1" 200 36603
190.102.125.99 - - [09/Jan/2024:16:29:54 -0500] "GET /appsia/controlador HTTP/1.1" 200 4799
190.102.125.99 - - [09/Jan/2024:16:29:55 -0500] "GET /appsia/images/cabezoteHojaVida.png HTTP/1.1" 200 32493
190.102.125.99 - - [09/Jan/2024:16:29:56 -0500] "GET /favicon.ico HTTP/1.1" 200 7782
190.102.125.99 - - [09/Jan/2024:16:29:56 -0500] "GET /cart.json HTTP/1.1" 404 1120
201.245.192.253 - - [09/Jan/2024:16:29:57 -0500] "POST /sipse/faces/presentacion/financiero/solicitudProceso/consultarSolicitudProceso.xhtml HTTP/1.1" 200 59335
201.245.192.253 - - [09/Jan/2024:16:29:59 -0500] "GET /sipse/faces/javax.faces.resource/primefaces.css?ln=primefaces&v=4.0 HTTP/1.1" 304 -
201.245.192.253 - - [09/Jan/2024:16:29:59 -0500] "GET /sipse/faces/javax.faces.resource/layout/layout.css?ln=primefaces&v=4.0 HTTP/1.1" 304 -
201.245.192.253 - - [09/Jan/2024:16:29:59 -0500] "GET /sipse/faces/javax.faces.resource/theme.css?ln=primefaces-sipse HTTP/1.1" 304 -
201.245.192.253 - - [09/Jan/2024:16:29:59 -0500] "GET /sipse/faces/javax.faces.resource/jquery/jquery.js?ln=primefaces&v=4.0 HTTP/1.1" 304 -
201.245.192.253 - - [09/Jan/2024:16:29:59 -0500] "GET /sipse/faces/javax.faces.resource/jquery/jquery-plugins.js?ln=primefaces&v=4.0 HTTP/1.1" 304 -
201.245.192.253 - - [09/Jan/2024:16:29:59 -0500] "GET /sipse/faces/javax.faces.resource/primefaces.js?ln=primefaces&v=4.0 HTTP/1.1" 304 -
201.245.192.253 - - [09/Jan/2024:16:29:59 -0500] "GET /sipse/faces/javax.faces.resource/layout/layout.js?ln=primefaces&v=4.0 HTTP/1.1" 304 -
201.245.192.253 - - [09/Jan/2024:16:29:59 -0500] "GET /sipse/css/imagen/contrasena.png HTTP/1.1" 404 383
201.245.192.253 - - [09/Jan/2024:16:29:59 -0500] "POST /sipse/faces/presentacion/financiero/solicitudProceso/listarSolicitudProceso.xhtml HTTP/1.1" 200 1556
156.59.198.135 - - [09/Jan/2024:16:30:01 -0500] "GET /BLA/resoluciones/AUTOS%202019/4564.pdf HTTP/1.0" 200 893008
216.245.221.92 - - [09/Jan/2024:16:30:26 -0500] "HEAD / HTTP/1.1" 200 -
156.59.198.135 - - [09/Jan/2024:16:30:26 -0500] "GET /BLA/resoluciones/AUTOS%202019/3704.pdf HTTP/1.0" 200 337128
201.245.192.253 - - [09/Jan/2024:16:30:35 -0500] "POST /forms/lservlet;jsessionid=ac16012b30d6824570109c2143e1a1b38af06f99ab1f.e3iSbxaKaheRe34Rb3eTbx8LaNb0n6jAmljGr5XDqQLvpAe HTTP/1.1" 200 2
181.56.244.133 - - [09/Jan/2024:16:30:41 -0500] "GET /BLA/resoluciones/ HTTP/1.1" 200 13696
181.56.244.133 - - [09/Jan/2024:16:30:44 -0500] "GET /BLA/resoluciones/index.php?dir=AUTOS+2017%2F HTTP/1.1" 200 483810
190.102.125.99 - - [09/Jan/2024:16:30:50 -0500] "POST /appsia/controlador HTTP/1.1" 200 5437
190.102.125.99 - - [09/Jan/2024:16:30:50 -0500] "GET /cart.json HTTP/1.1" 404 1120
156.59.198.136 - - [09/Jan/2024:16:30:51 -0500] "GET /BLA/resoluciones/AUTOS%202019/3430.pdf HTTP/1.0" 200 1422767
190.102.125.99 - - [09/Jan/2024:16:30:51 -0500] "POST /appsia/controlador HTTP/1.1" 200 7732
190.102.125.99 - - [09/Jan/2024:16:30:51 -0500] "GET /appsia/images/logo_escudo.png HTTP/1.1" 200 36965
190.102.125.99 - - [09/Jan/2024:16:30:51 -0500] "GET /cart.json HTTP/1.1" 404 1120
156.59.198.135 - - [09/Jan/2024:16:31:16 -0500] "GET /BLA/resoluciones/AUTOS%202019/4217.pdf HTTP/1.0" 200 350080
156.59.198.136 - - [09/Jan/2024:16:31:39 -0500] "GET /BLA/resoluciones/AUTOS%202019/2481.pdf HTTP/1.0" 200 347524
156.59.198.136 - - [09/Jan/2024:16:32:04 -0500] "GET /BLA/resoluciones/AUTOS%202019/2211.pdf HTTP/1.0" 200 1624148
156.59.198.136 - - [09/Jan/2024:16:32:29 -0500] "GET /BLA/resoluciones/AUTOS%202019/0315.pdf HTTP/1.0" 200 1147773
201.245.192.253 - - [09/Jan/2024:16:32:35 -0500] "POST /forms/lservlet;jsessionid=ac16012b30d6824570109c2143e1a1b38af06f99ab1f.e3iSbxaKaheRe34Rb3eTbx8LaNb0n6jAmljGr5XDqQLvpAe HTTP/1.1" 200 2
156.59.198.135 - - [09/Jan/2024:16:32:52 -0500] "GET /BLA/resoluciones/AUTOS%202019/1997.pdf HTTP/1.0" 200 494411
216.244.66.195 - - [09/Jan/2024:16:33:10 -0500] "GET /robots.txt HTTP/1.1" 404 1018
201.245.192.253 - - [09/Jan/2024:16:33:11 -0500] "GET /sipse/faces/faces/autenticacion.xhtml HTTP/1.1" 200 12401
201.245.192.253 - - [09/Jan/2024:16:33:11 -0500] "GET /sipse/faces/javax.faces.resource/jquery/jquery.js?ln=primefaces&v=4.0 HTTP/1.1" 304 -
201.245.192.253 - - [09/Jan/2024:16:33:11 -0500] "GET /sipse/faces/javax.faces.resource/theme.css?ln=primefaces-sipse HTTP/1.1" 304 -
201.245.192.253 - - [09/Jan/2024:16:33:11 -0500] "GET /sipse/faces/javax.faces.resource/layout/layout.js?ln=primefaces&v=4.0 HTTP/1.1" 304 -
201.245.192.253 - - [09/Jan/2024:16:33:11 -0500] "GET /sipse/faces/javax.faces.resource/layout/layout.css?ln=primefaces&v=4.0 HTTP/1.1" 304 -
201.245.192.253 - - [09/Jan/2024:16:33:11 -0500] "GET /sipse/faces/javax.faces.resource/primefaces.js?ln=primefaces&v=4.0 HTTP/1.1" 304 -
201.245.192.253 - - [09/Jan/2024:16:33:11 -0500] "GET /sipse/faces/javax.faces.resource/jquery/jquery-plugins.js?ln=primefaces&v=4.0 HTTP/1.1" 304 -
201.245.192.253 - - [09/Jan/2024:16:33:11 -0500] "GET /sipse/faces/javax.faces.resource/primefaces.css?ln=primefaces&v=4.0 HTTP/1.1" 304 -
201.245.192.253 - - [09/Jan/2024:16:33:11 -0500] "GET /sipse/faces/javax.faces.resource/images/ui-icons_898989_256x240.png?ln=primefaces-aristo HTTP/1.1" 304 -
201.245.192.253 - - [09/Jan/2024:16:33:12 -0500] "GET /sipse/faces/faces/index.xhtml HTTP/1.1" 200 677
201.245.192.253 - - [09/Jan/2024:16:33:12 -0500] "GET /sipse/faces/javax.faces.resource/theme.css?ln=primefaces-sipse HTTP/1.1" 304 -
201.245.192.253 - - [09/Jan/2024:16:33:12 -0500] "GET /sipse/faces/faces/faces/autenticacion.xhtml HTTP/1.1" 200 12401
201.245.192.253 - - [09/Jan/2024:16:33:12 -0500] "GET /sipse/faces/javax.faces.resource/theme.css?ln=primefaces-sipse HTTP/1.1" 304 -
201.245.192.253 - - [09/Jan/2024:16:33:12 -0500] "GET /sipse/faces/javax.faces.resource/primefaces.css?ln=primefaces&v=4.0 HTTP/1.1" 304 -
201.245.192.253 - - [09/Jan/2024:16:33:12 -0500] "GET /sipse/faces/javax.faces.resource/layout/layout.css?ln=primefaces&v=4.0 HTTP/1.1" 304 -
201.245.192.253 - - [09/Jan/2024:16:33:12 -0500] "GET /sipse/faces/javax.faces.resource/jquery/jquery-plugins.js?ln=primefaces&v=4.0 HTTP/1.1" 304 -
201.245.192.253 - - [09/Jan/2024:16:33:12 -0500] "GET /sipse/faces/javax.faces.resource/jquery/jquery.js?ln=primefaces&v=4.0 HTTP/1.1" 304 -
201.245.192.253 - - [09/Jan/2024:16:33:12 -0500] "GET /sipse/faces/javax.faces.resource/primefaces.js?ln=primefaces&v=4.0 HTTP/1.1" 304 -
201.245.192.253 - - [09/Jan/2024:16:33:12 -0500] "GET /sipse/faces/javax.faces.resource/layout/layout.js?ln=primefaces&v=4.0 HTTP/1.1" 304 -
66.249.68.36 - - [09/Jan/2024:16:33:12 -0500] "GET /robots.txt HTTP/1.1" 404 1018
66.249.68.38 - - [09/Jan/2024:16:33:12 -0500] "GET /BLA/resoluciones/RESOLUCIONES%202008/3488.pdf HTTP/1.1" 200 382402
156.59.198.136 - - [09/Jan/2024:16:33:17 -0500] "GET /BLA/resoluciones/AUTOS%202019/3471.pdf HTTP/1.0" 200 481711
201.245.192.253 - - [09/Jan/2024:16:33:27 -0500] "POST /sipse/faces/autenticacion.xhtml HTTP/1.1" 200 2222
201.245.192.253 - - [09/Jan/2024:16:33:27 -0500] "GET /sipse/faces/javax.faces.resource/messages/messages.png?ln=primefaces&v=4.0 HTTP/1.1" 304 -
201.245.192.253 - - [09/Jan/2024:16:33:28 -0500] "GET /sipse/faces/javax.faces.resource/images/ui-icons_898989_256x240.png?ln=primefaces-aristo HTTP/1.1" 304 -
201.245.192.253 - - [09/Jan/2024:16:33:29 -0500] "POST /sipse/faces/autenticacion.xhtml HTTP/1.1" 200 16400
201.245.192.253 - - [09/Jan/2024:16:33:29 -0500] "GET /sipse/faces/javax.faces.resource/theme.css?ln=primefaces-sipse HTTP/1.1" 304 -
201.245.192.253 - - [09/Jan/2024:16:33:29 -0500] "GET /sipse/faces/javax.faces.resource/primefaces.css?ln=primefaces&v=4.0 HTTP/1.1" 304 -
201.245.192.253 - - [09/Jan/2024:16:33:29 -0500] "GET /sipse/faces/javax.faces.resource/layout/layout.css?ln=primefaces&v=4.0 HTTP/1.1" 304 -
201.245.192.253 - - [09/Jan/2024:16:33:29 -0500] "GET /sipse/faces/javax.faces.resource/jquery/jquery.js?ln=primefaces&v=4.0 HTTP/1.1" 304 -
201.245.192.253 - - [09/Jan/2024:16:33:29 -0500] "GET /sipse/faces/javax.faces.resource/jquery/jquery-plugins.js?ln=primefaces&v=4.0 HTTP/1.1" 304 -
201.245.192.253 - - [09/Jan/2024:16:33:29 -0500] "GET /sipse/faces/javax.faces.resource/primefaces.js?ln=primefaces&v=4.0 HTTP/1.1" 304 -
201.245.192.253 - - [09/Jan/2024:16:33:29 -0500] "GET /sipse/faces/javax.faces.resource/layout/layout.js?ln=primefaces&v=4.0 HTTP/1.1" 304 -
201.245.192.253 - - [09/Jan/2024:16:33:29 -0500] "GET /sipse/css/imagen/contrasena.png HTTP/1.1" 404 383
52.149.182.255 - - [09/Jan/2024:16:33:33 -0500] "GET /Publicaciones/SSFFS-00139-2023.zip HTTP/1.1" 404 232
52.149.182.255 - - [09/Jan/2024:16:33:33 -0500] "GET /Publicaciones/SSFFS-00140-2023.zip HTTP/1.1" 404 232
52.149.182.255 - - [09/Jan/2024:16:33:33 -0500] "GET /Publicaciones/SSFFS-00143-2023.zip HTTP/1.1" 404 232
52.149.182.255 - - [09/Jan/2024:16:33:33 -0500] "GET /Publicaciones/SSFFS-00197-2023.zip HTTP/1.1" 404 232
52.149.182.255 - - [09/Jan/2024:16:33:33 -0500] "GET /Publicaciones/SSFFS-08404-2023.zip HTTP/1.1" 404 232
52.149.182.255 - - [09/Jan/2024:16:33:33 -0500] "GET /Publicaciones/SSFFS-00319-2023.zip HTTP/1.1" 404 232
52.149.182.255 - - [09/Jan/2024:16:33:33 -0500] "GET /Publicaciones/SSFFS-15492-2022.zip HTTP/1.1" 404 232
52.149.182.255 - - [09/Jan/2024:16:33:33 -0500] "GET /Publicaciones/SSFFS-05521-2023.zip HTTP/1.1" 404 232
52.149.182.255 - - [09/Jan/2024:16:33:33 -0500] "GET /Publicaciones/SSFFS-11068-2021.zip HTTP/1.1" 404 232
52.149.182.255 - - [09/Jan/2024:16:33:33 -0500] "GET /Publicaciones/SSFFS-10023-2019.zip HTTP/1.1" 404 232
52.149.182.255 - - [09/Jan/2024:16:33:33 -0500] "GET /Publicaciones/SSFFS-12345-2019.zip HTTP/1.1" 404 232
52.149.182.255 - - [09/Jan/2024:16:33:33 -0500] "GET /Publicaciones/SSFFS-10065-2022.zip HTTP/1.1" 404 232
52.149.182.255 - - [09/Jan/2024:16:33:33 -0500] "GET /Publicaciones/SSFFS-00290-2023.zip HTTP/1.1" 404 232
52.149.182.255 - - [09/Jan/2024:16:33:33 -0500] "GET /Publicaciones/SSFFS-15257-2021.zip HTTP/1.1" 404 232
52.149.182.255 - - [09/Jan/2024:16:33:33 -0500] "GET /Publicaciones/SSFFS-00857-2023.zip HTTP/1.1" 404 232
52.149.182.255 - - [09/Jan/2024:16:33:33 -0500] "GET /Publicaciones/SSFFS-00769-2023.zip HTTP/1.1" 404 232
52.149.182.255 - - [09/Jan/2024:16:33:33 -0500] "GET /Publicaciones/SSFFS-00707-2023.zip HTTP/1.1" 404 232
52.149.182.255 - - [09/Jan/2024:16:33:33 -0500] "GET /Publicaciones/SSFFS-00734-2023.zip HTTP/1.1" 404 232
52.149.182.255 - - [09/Jan/2024:16:33:33 -0500] "GET /Publicaciones/SSFFS-00144-2023.zip HTTP/1.1" 404 232
52.149.182.255 - - [09/Jan/2024:16:33:33 -0500] "GET /Publicaciones/SSFFS-00279-2023.zip HTTP/1.1" 404 232
201.245.192.253 - - [09/Jan/2024:16:33:34 -0500] "GET /sipse/faces/javax.faces.resource/images/ui-bg_flat_0_2d5972_40x100.png?ln=primefaces-aristo HTTP/1.1" 304 -
201.245.192.253 - - [09/Jan/2024:16:33:34 -0500] "POST /sipse/faces/bienvenido.xhtml HTTP/1.1" 200 2658
201.245.192.253 - - [09/Jan/2024:16:33:34 -0500] "POST /sipse/faces/bienvenido.xhtml HTTP/1.1" 200 33096
201.245.192.253 - - [09/Jan/2024:16:33:35 -0500] "GET /sipse/faces/javax.faces.resource/theme.css?ln=primefaces-sipse HTTP/1.1" 304 -
201.245.192.253 - - [09/Jan/2024:16:33:35 -0500] "GET /sipse/faces/javax.faces.resource/primefaces.css?ln=primefaces&v=4.0 HTTP/1.1" 304 -
201.245.192.253 - - [09/Jan/2024:16:33:35 -0500] "GET /sipse/faces/javax.faces.resource/layout/layout.css?ln=primefaces&v=4.0 HTTP/1.1" 304 -
201.245.192.253 - - [09/Jan/2024:16:33:35 -0500] "GET /sipse/faces/javax.faces.resource/jquery/jquery.js?ln=primefaces&v=4.0 HTTP/1.1" 304 -
201.245.192.253 - - [09/Jan/2024:16:33:35 -0500] "GET /sipse/faces/javax.faces.resource/jquery/jquery-plugins.js?ln=primefaces&v=4.0 HTTP/1.1" 304 -
201.245.192.253 - - [09/Jan/2024:16:33:35 -0500] "GET /sipse/faces/javax.faces.resource/primefaces.js?ln=primefaces&v=4.0 HTTP/1.1" 304 -
201.245.192.253 - - [09/Jan/2024:16:33:35 -0500] "GET /sipse/faces/javax.faces.resource/layout/layout.js?ln=primefaces&v=4.0 HTTP/1.1" 304 -
201.245.192.253 - - [09/Jan/2024:16:33:35 -0500] "POST /sipse/faces/presentacion/financiero/solicitudProceso/listarSolicitudProceso.xhtml HTTP/1.1" 200 1376
201.245.192.253 - - [09/Jan/2024:16:33:37 -0500] "POST /sipse/faces/presentacion/financiero/solicitudProceso/listarSolicitudProceso.xhtml HTTP/1.1" 200 2685
201.245.192.253 - - [09/Jan/2024:16:33:38 -0500] "POST /sipse/faces/presentacion/financiero/solicitudProceso/listarSolicitudProceso.xhtml HTTP/1.1" 200 40785
201.245.192.253 - - [09/Jan/2024:16:33:38 -0500] "GET /sipse/faces/javax.faces.resource/theme.css?ln=primefaces-sipse HTTP/1.1" 304 -
201.245.192.253 - - [09/Jan/2024:16:33:38 -0500] "GET /sipse/faces/javax.faces.resource/primefaces.css?ln=primefaces&v=4.0 HTTP/1.1" 304 -
201.245.192.253 - - [09/Jan/2024:16:33:38 -0500] "GET /sipse/faces/javax.faces.resource/layout/layout.css?ln=primefaces&v=4.0 HTTP/1.1" 304 -
201.245.192.253 - - [09/Jan/2024:16:33:38 -0500] "GET /sipse/faces/javax.faces.resource/jquery/jquery.js?ln=primefaces&v=4.0 HTTP/1.1" 304 -
201.245.192.253 - - [09/Jan/2024:16:33:38 -0500] "GET /sipse/faces/javax.faces.resource/jquery/jquery-plugins.js?ln=primefaces&v=4.0 HTTP/1.1" 304 -
201.245.192.253 - - [09/Jan/2024:16:33:38 -0500] "GET /sipse/faces/javax.faces.resource/primefaces.js?ln=primefaces&v=4.0 HTTP/1.1" 304 -
201.245.192.253 - - [09/Jan/2024:16:33:38 -0500] "GET /sipse/faces/javax.faces.resource/layout/layout.js?ln=primefaces&v=4.0 HTTP/1.1" 304 -
201.245.192.253 - - [09/Jan/2024:16:33:38 -0500] "POST /sipse/faces/presentacion/financiero/solicitudProceso/consultar.xhtml HTTP/1.1" 200 34137
201.245.192.253 - - [09/Jan/2024:16:33:37 -0500] "POST /kwsrmcab/Wsrmcab  HTTP/1.1" 200 36937
52.149.182.255 - - [09/Jan/2024:16:33:41 -0500] "GET /favicon.ico HTTP/1.1" 200 7782
201.245.192.253 - - [09/Jan/2024:16:33:40 -0500] "POST /sipse/faces/presentacion/financiero/solicitudProceso/consultar.xhtml HTTP/1.1" 200 39400
156.59.198.135 - - [09/Jan/2024:16:33:43 -0500] "GET /BLA/resoluciones/AUTOS%202019/2469.pdf HTTP/1.0" 200 3928809
201.245.192.253 - - [09/Jan/2024:16:33:47 -0500] "POST /sipse/faces/presentacion/financiero/solicitudProceso/consultar.xhtml HTTP/1.1" 200 5956
201.245.192.253 - - [09/Jan/2024:16:33:50 -0500] "POST /sipse/faces/presentacion/financiero/solicitudProceso/consultar.xhtml HTTP/1.1" 200 911
201.245.192.253 - - [09/Jan/2024:16:33:54 -0500] "POST /sipse/faces/presentacion/financiero/solicitudProceso/listarSolicitudProceso.xhtml HTTP/1.1" 200 125218
201.245.192.253 - - [09/Jan/2024:16:33:55 -0500] "GET /sipse/faces/javax.faces.resource/theme.css?ln=primefaces-sipse HTTP/1.1" 304 -
201.245.192.253 - - [09/Jan/2024:16:33:55 -0500] "GET /sipse/faces/javax.faces.resource/layout/layout.css?ln=primefaces&v=4.0 HTTP/1.1" 304 -
201.245.192.253 - - [09/Jan/2024:16:33:55 -0500] "GET /sipse/faces/javax.faces.resource/primefaces.css?ln=primefaces&v=4.0 HTTP/1.1" 304 -
201.245.192.253 - - [09/Jan/2024:16:33:55 -0500] "GET /sipse/faces/javax.faces.resource/jquery/jquery.js?ln=primefaces&v=4.0 HTTP/1.1" 304 -
201.245.192.253 - - [09/Jan/2024:16:33:55 -0500] "GET /sipse/faces/javax.faces.resource/jquery/jquery-plugins.js?ln=primefaces&v=4.0 HTTP/1.1" 304 -
201.245.192.253 - - [09/Jan/2024:16:33:55 -0500] "GET /sipse/faces/javax.faces.resource/primefaces.js?ln=primefaces&v=4.0 HTTP/1.1" 304 -
201.245.192.253 - - [09/Jan/2024:16:33:55 -0500] "GET /sipse/faces/javax.faces.resource/layout/layout.js?ln=primefaces&v=4.0 HTTP/1.1" 304 -
201.245.192.253 - - [09/Jan/2024:16:33:55 -0500] "GET /sipse/css/imagen/contrasena.png HTTP/1.1" 404 383
181.78.67.53 - - [09/Jan/2024:16:33:58 -0500] "GET /appsia/controlador HTTP/1.1" 200 5437
181.78.67.53 - - [09/Jan/2024:16:34:04 -0500] "POST /appsia/controlador HTTP/1.1" 200 7732
156.59.198.136 - - [09/Jan/2024:16:34:05 -0500] "GET /BLA/resoluciones/AUTOS%202019/4885.pdf HTTP/1.0" 200 1017109
201.245.192.253 - - [09/Jan/2024:16:34:08 -0500] "POST /sipse/faces/presentacion/financiero/solicitudProceso/consultarSolicitudProceso.xhtml HTTP/1.1" 200 104151
172.22.2.4 - - [09/Jan/2024:16:32:30 -0500] "GET /BLA/boletinlegal/ HTTP/1.1" 200 50150
201.245.192.253 - - [09/Jan/2024:16:34:11 -0500] "POST /sipse/faces/presentacion/financiero/solicitudProceso/consultarSolicitudProceso.xhtml HTTP/1.1" 200 136616
201.245.192.253 - - [09/Jan/2024:16:34:24 -0500] "POST /sipse/faces/presentacion/financiero/solicitudProceso/consultarSolicitudProceso.xhtml HTTP/1.1" 200 151727
190.102.125.99 - - [09/Jan/2024:16:34:28 -0500] "POST /appsia/controlador HTTP/1.1" 200 5437
190.102.125.99 - - [09/Jan/2024:16:34:28 -0500] "GET /cart.json HTTP/1.1" 404 1120
156.59.198.135 - - [09/Jan/2024:16:34:31 -0500] "GET /BLA/resoluciones/AUTOS%202019/1999.pdf HTTP/1.0" 200 333935
201.245.192.253 - - [09/Jan/2024:16:34:35 -0500] "POST /forms/lservlet;jsessionid=ac16012b30d6824570109c2143e1a1b38af06f99ab1f.e3iSbxaKaheRe34Rb3eTbx8LaNb0n6jAmljGr5XDqQLvpAe HTTP/1.1" 200 2
172.22.2.4 - - [09/Jan/2024:16:33:09 -0500] "HEAD /BLA/boletinlegal/ HTTP/1.1" 200 -
156.59.198.136 - - [09/Jan/2024:16:34:55 -0500] "GET /BLA/resoluciones/AUTOS%202019/0684.pdf HTTP/1.0" 200 344787
201.245.192.253 - - [09/Jan/2024:16:34:58 -0500] "POST /kwsrmcab/Wsrmcab HTTP/1.1" 200 37056
201.245.192.253 - - [09/Jan/2024:16:35:01 -0500] "POST /kwsrmcab/Wsrmcab HTTP/1.1" 200 36603
156.59.198.135 - - [09/Jan/2024:16:35:19 -0500] "GET /BLA/resoluciones/AUTOS%202019/2292.pdf HTTP/1.0" 200 339072
216.245.221.92 - - [09/Jan/2024:16:35:26 -0500] "HEAD / HTTP/1.1" 200 -
172.22.2.4 - - [09/Jan/2024:16:33:59 -0500] "GET /BLA/boletinlegal/ HTTP/1.1" 200 57683
201.245.192.253 - - [09/Jan/2024:16:35:40 -0500] "POST /sipse/faces/presentacion/financiero/solicitudProceso/consultarSolicitudProceso.xhtml HTTP/1.1" 200 2396504
156.59.198.135 - - [09/Jan/2024:16:35:43 -0500] "GET /BLA/resoluciones/AUTOS%202019/3431.pdf HTTP/1.0" 200 2086205
201.245.192.253 - - [09/Jan/2024:16:36:06 -0500] "GET /sipse/faces/index.xhtml HTTP/1.1" 200 677
201.245.192.253 - - [09/Jan/2024:16:36:06 -0500] "GET /sipse/faces/javax.faces.resource/theme.css?ln=primefaces-sipse HTTP/1.1" 304 -
201.245.192.253 - - [09/Jan/2024:16:36:06 -0500] "GET /sipse/faces/faces/autenticacion.xhtml HTTP/1.1" 200 12401
201.245.192.253 - - [09/Jan/2024:16:36:06 -0500] "GET /sipse/faces/javax.faces.resource/theme.css?ln=primefaces-sipse HTTP/1.1" 304 -
201.245.192.253 - - [09/Jan/2024:16:36:06 -0500] "GET /sipse/faces/javax.faces.resource/primefaces.js?ln=primefaces&v=4.0 HTTP/1.1" 304 -
201.245.192.253 - - [09/Jan/2024:16:36:06 -0500] "GET /sipse/faces/javax.faces.resource/primefaces.css?ln=primefaces&v=4.0 HTTP/1.1" 304 -
201.245.192.253 - - [09/Jan/2024:16:36:06 -0500] "GET /sipse/faces/javax.faces.resource/layout/layout.css?ln=primefaces&v=4.0 HTTP/1.1" 304 -
201.245.192.253 - - [09/Jan/2024:16:36:06 -0500] "GET /sipse/faces/javax.faces.resource/jquery/jquery-plugins.js?ln=primefaces&v=4.0 HTTP/1.1" 304 -
201.245.192.253 - - [09/Jan/2024:16:36:06 -0500] "GET /sipse/faces/javax.faces.resource/jquery/jquery.js?ln=primefaces&v=4.0 HTTP/1.1" 304 -
201.245.192.253 - - [09/Jan/2024:16:36:06 -0500] "GET /sipse/faces/javax.faces.resource/layout/layout.js?ln=primefaces&v=4.0 HTTP/1.1" 304 -
201.245.192.253 - - [09/Jan/2024:16:36:06 -0500] "GET /sipse/faces/javax.faces.resource/images/ui-icons_898989_256x240.png?ln=primefaces-aristo HTTP/1.1" 304 -
156.59.198.136 - - [09/Jan/2024:16:36:07 -0500] "GET /BLA/resoluciones/AUTOS%202019/2736.pdf HTTP/1.0" 200 333515
201.245.192.253 - - [09/Jan/2024:16:36:16 -0500] "POST /sipse/faces/autenticacion.xhtml HTTP/1.1" 200 2183
201.245.192.253 - - [09/Jan/2024:16:36:16 -0500] "GET /sipse/faces/javax.faces.resource/messages/messages.png?ln=primefaces&v=4.0 HTTP/1.1" 304 -
201.245.192.253 - - [09/Jan/2024:16:36:25 -0500] "POST /sipse/faces/autenticacion.xhtml HTTP/1.1" 200 2228
172.22.2.4 - - [09/Jan/2024:16:36:25 -0500] "GET /BLA/boletinlegal/Circulares/2019/.pdf HTTP/1.1" 404 1218
201.245.192.253 - - [09/Jan/2024:16:36:26 -0500] "POST /sipse/faces/autenticacion.xhtml HTTP/1.1" 200 16400
201.245.192.253 - - [09/Jan/2024:16:36:26 -0500] "GET /sipse/faces/javax.faces.resource/theme.css?ln=primefaces-sipse HTTP/1.1" 304 -
201.245.192.253 - - [09/Jan/2024:16:36:26 -0500] "GET /sipse/faces/javax.faces.resource/primefaces.css?ln=primefaces&v=4.0 HTTP/1.1" 304 -
201.245.192.253 - - [09/Jan/2024:16:36:26 -0500] "GET /sipse/faces/javax.faces.resource/layout/layout.css?ln=primefaces&v=4.0 HTTP/1.1" 304 -
201.245.192.253 - - [09/Jan/2024:16:36:26 -0500] "GET /sipse/faces/javax.faces.resource/jquery/jquery.js?ln=primefaces&v=4.0 HTTP/1.1" 304 -
201.245.192.253 - - [09/Jan/2024:16:36:26 -0500] "GET /sipse/faces/javax.faces.resource/jquery/jquery-plugins.js?ln=primefaces&v=4.0 HTTP/1.1" 304 -
201.245.192.253 - - [09/Jan/2024:16:36:26 -0500] "GET /sipse/faces/javax.faces.resource/primefaces.js?ln=primefaces&v=4.0 HTTP/1.1" 304 -
201.245.192.253 - - [09/Jan/2024:16:36:26 -0500] "GET /sipse/faces/javax.faces.resource/layout/layout.js?ln=primefaces&v=4.0 HTTP/1.1" 304 -
201.245.192.253 - - [09/Jan/2024:16:36:26 -0500] "GET /sipse/css/imagen/contrasena.png HTTP/1.1" 404 383
201.245.192.253 - - [09/Jan/2024:16:36:29 -0500] "GET /sipse/faces/javax.faces.resource/images/ui-bg_flat_0_2d5972_40x100.png?ln=primefaces-aristo HTTP/1.1" 304 -
201.245.192.253 - - [09/Jan/2024:16:36:29 -0500] "POST /sipse/faces/bienvenido.xhtml HTTP/1.1" 200 2658
201.245.192.253 - - [09/Jan/2024:16:36:30 -0500] "POST /sipse/faces/bienvenido.xhtml HTTP/1.1" 200 64001
201.245.192.253 - - [09/Jan/2024:16:36:32 -0500] "GET /sipse/faces/javax.faces.resource/theme.css?ln=primefaces-sipse HTTP/1.1" 304 -
201.245.192.253 - - [09/Jan/2024:16:36:32 -0500] "GET /sipse/faces/javax.faces.resource/primefaces.css?ln=primefaces&v=4.0 HTTP/1.1" 304 -
201.245.192.253 - - [09/Jan/2024:16:36:32 -0500] "GET /sipse/faces/javax.faces.resource/layout/layout.css?ln=primefaces&v=4.0 HTTP/1.1" 304 -
201.245.192.253 - - [09/Jan/2024:16:36:32 -0500] "GET /sipse/faces/javax.faces.resource/jquery/jquery.js?ln=primefaces&v=4.0 HTTP/1.1" 304 -
201.245.192.253 - - [09/Jan/2024:16:36:32 -0500] "GET /sipse/faces/javax.faces.resource/jquery/jquery-plugins.js?ln=primefaces&v=4.0 HTTP/1.1" 304 -
201.245.192.253 - - [09/Jan/2024:16:36:32 -0500] "GET /sipse/faces/javax.faces.resource/primefaces.js?ln=primefaces&v=4.0 HTTP/1.1" 304 -
201.245.192.253 - - [09/Jan/2024:16:36:32 -0500] "GET /sipse/faces/javax.faces.resource/layout/layout.js?ln=primefaces&v=4.0 HTTP/1.1" 304 -
201.245.192.253 - - [09/Jan/2024:16:36:32 -0500] "POST /sipse/faces/presentacion/financiero/solicitudProceso/listarSolicitudProceso.xhtml HTTP/1.1" 200 1556
201.245.192.253 - - [09/Jan/2024:16:36:35 -0500] "POST /forms/lservlet;jsessionid=ac16012b30d6824570109c2143e1a1b38af06f99ab1f.e3iSbxaKaheRe34Rb3eTbx8LaNb0n6jAmljGr5XDqQLvpAe HTTP/1.1" 200 2
156.59.198.135 - - [09/Jan/2024:16:36:35 -0500] "GET /BLA/resoluciones/AUTOS%202019/3397.pdf HTTP/1.0" 200 435207
201.245.192.253 - - [09/Jan/2024:16:36:35 -0500] "POST /sipse/faces/presentacion/financiero/solicitudProceso/listarSolicitudProceso.xhtml HTTP/1.1" 200 17131
201.245.192.253 - - [09/Jan/2024:16:36:38 -0500] "POST /sipse/faces/presentacion/financiero/solicitudProceso/listarSolicitudProceso.xhtml HTTP/1.1" 200 170770
201.245.192.253 - - [09/Jan/2024:16:36:38 -0500] "GET /sipse/faces/javax.faces.resource/layout/layout.css?ln=primefaces&v=4.0 HTTP/1.1" 304 -
201.245.192.253 - - [09/Jan/2024:16:36:38 -0500] "GET /sipse/faces/javax.faces.resource/primefaces.css?ln=primefaces&v=4.0 HTTP/1.1" 304 -
201.245.192.253 - - [09/Jan/2024:16:36:38 -0500] "GET /sipse/faces/javax.faces.resource/theme.css?ln=primefaces-sipse HTTP/1.1" 304 -
201.245.192.253 - - [09/Jan/2024:16:36:38 -0500] "GET /sipse/faces/javax.faces.resource/jquery/jquery.js?ln=primefaces&v=4.0 HTTP/1.1" 304 -
201.245.192.253 - - [09/Jan/2024:16:36:38 -0500] "GET /sipse/faces/javax.faces.resource/jquery/jquery-plugins.js?ln=primefaces&v=4.0 HTTP/1.1" 304 -
201.245.192.253 - - [09/Jan/2024:16:36:38 -0500] "GET /sipse/faces/javax.faces.resource/primefaces.js?ln=primefaces&v=4.0 HTTP/1.1" 304 -
201.245.192.253 - - [09/Jan/2024:16:36:38 -0500] "GET /sipse/faces/javax.faces.resource/layout/layout.js?ln=primefaces&v=4.0 HTTP/1.1" 304 -
190.27.163.221 - - [09/Jan/2024:16:36:42 -0500] "GET /appsia/controlador HTTP/1.1" 200 4799
201.245.192.253 - - [09/Jan/2024:16:36:44 -0500] "POST /sipse/faces/presentacion/financiero/solicitudProceso/consultarSolicitudProceso.xhtml HTTP/1.1" 200 36325
201.245.192.253 - - [09/Jan/2024:16:36:45 -0500] "GET /sipse/faces/javax.faces.resource/theme.css?ln=primefaces-sipse HTTP/1.1" 304 -
