156.59.198.135 - - [09/Jan/2024:03:16:14 -0500] "GET /BLA/resoluciones/RESOLUCIONES%202021/0262.pdf HTTP/1.0" 200 334948
172.22.2.4 - - [09/Jan/2024:03:14:38 -0500] "GET /BLA/boletinlegal/ HTTP/1.1" 200 60910
156.59.198.136 - - [09/Jan/2024:03:16:38 -0500] "GET /BLA/resoluciones/AUTOS%202023/3465.pdf HTTP/1.0" 200 389867
156.59.198.135 - - [09/Jan/2024:03:17:03 -0500] "GET /BLA/resoluciones/Notificaciones/AUTOS%202014/0799.doc HTTP/1.0" 200 281600
34.34.1.208 - - [09/Jan/2024:03:17:09 -0500] "GET /distrito-exalto-a-246-empresas-de-bogota-por-su-alto-desempeno-y-responsabilidad-ambiental-durante-2023.html HTTP/1.1" 200 1039
201.245.192.253 - - [09/Jan/2024:03:17:21 -0500] "POST /kwsrmcab/Wsrmcab  HTTP/1.1" 200 36937
156.59.198.135 - - [09/Jan/2024:03:17:26 -0500] "GET /BLA/resoluciones/RESOLUCIONES%202019/0494.pdf HTTP/1.0" 200 215850
156.59.198.136 - - [09/Jan/2024:03:17:51 -0500] "GET /BLA/resoluciones/Notificaciones/AUTOS%202014/5134.doc HTTP/1.0" 200 97280
199.16.157.182 - - [09/Jan/2024:03:18:06 -0500] "GET /images/pl%C3%A1sticos%20foto%201..jpg HTTP/1.1" 404 1034
192.133.77.15 - - [09/Jan/2024:03:18:07 -0500] "GET /images/pl%C3%A1sticos%20foto%201..jpg HTTP/1.1" 404 1034
192.133.77.15 - - [09/Jan/2024:03:18:08 -0500] "GET /representantes-de-colombia-y-europa-se-reunieron-para-desarrollar-estrategias-innovadoras-en-la-gestion-del-plastico.html HTTP/1.1" 200 851
156.59.198.136 - - [09/Jan/2024:03:18:15 -0500] "GET /BLA/resoluciones/AUTOS%202023/4199.pdf HTTP/1.0" 200 534958
156.59.198.136 - - [09/Jan/2024:03:18:40 -0500] "GET /BLA/resoluciones/RESOLUCIONES%202021/1569.pdf HTTP/1.0" 200 350340
156.59.198.136 - - [09/Jan/2024:03:19:05 -0500] "GET /BLA/resoluciones/AUTOS%202023/9294.pdf HTTP/1.0" 200 506627
201.245.192.253 - - [09/Jan/2024:03:19:14 -0500] "POST /kwsrmcab/Wsrmcab HTTP/1.1" 200 36441
156.59.198.135 - - [09/Jan/2024:03:19:30 -0500] "GET /BLA/resoluciones/AUTOS%202023/3635.pdf HTTP/1.0" 200 1339887
156.59.198.135 - - [09/Jan/2024:03:19:55 -0500] "GET /BLA/resoluciones/RESOLUCIONES%202019/2893.pdf HTTP/1.0" 200 300149
201.245.192.253 - - [09/Jan/2024:03:19:55 -0500] "POST /kwsrmcab/Wsrmcab HTTP/1.1" 200 36795
156.59.198.135 - - [09/Jan/2024:03:20:19 -0500] "GET /BLA/resoluciones/RESOLUCIONES%202019/2291.pdf HTTP/1.0" 200 234475
216.245.221.92 - - [09/Jan/2024:03:20:28 -0500] "HEAD / HTTP/1.1" 200 -
156.59.198.136 - - [09/Jan/2024:03:20:43 -0500] "GET /BLA/resoluciones/RESOLUCIONES%202014/0429.pdf HTTP/1.0" 200 620977
156.59.198.136 - - [09/Jan/2024:03:21:07 -0500] "GET /BLA/resoluciones/RESOLUCIONES%202019/1706.pdf HTTP/1.0" 200 281257
172.22.2.4 - - [09/Jan/2024:03:19:37 -0500] "HEAD /BLA/boletinlegal/ HTTP/1.1" 200 -
156.59.198.136 - - [09/Jan/2024:03:21:32 -0500] "GET /BLA/resoluciones/Notificaciones/AUTOS%202014/5005.doc HTTP/1.0" 200 172032
156.59.198.135 - - [09/Jan/2024:03:21:56 -0500] "GET /BLA/resoluciones/RESOLUCIONES%202019/1680.pdf HTTP/1.0" 200 283653
172.22.2.4 - - [09/Jan/2024:03:20:28 -0500] "GET /BLA/boletinlegal/ HTTP/1.1" 200 60502
201.245.192.253 - - [09/Jan/2024:03:22:19 -0500] "POST /kwsrmcab/Wsrmcab  HTTP/1.1" 200 36937
47.128.63.63 - - [09/Jan/2024:03:22:24 -0500] "GET /BLA/resoluciones/dlf/pdf.gif HTTP/1.1" 200 272
47.128.63.63 - - [09/Jan/2024:03:22:24 -0500] "GET /BLA/resoluciones/dlf/dirup.png HTTP/1.1" 200 644
47.128.63.63 - - [09/Jan/2024:03:22:22 -0500] "GET /BLA/resoluciones/index.php?dir=AUTOS%202011%2F&order=asc&sort=date HTTP/1.1" 200 637403
156.59.198.136 - - [09/Jan/2024:03:22:45 -0500] "GET /BLA/resoluciones/Notificaciones/AUTOS%202014/7330.doc HTTP/1.0" 200 275968
156.59.198.136 - - [09/Jan/2024:03:23:09 -0500] "GET /BLA/resoluciones/Notificaciones/AUTOS%202014/7076.doc HTTP/1.0" 200 208384
156.59.198.136 - - [09/Jan/2024:03:23:34 -0500] "GET /BLA/resoluciones/AUTOS%202023/3200.pdf HTTP/1.0" 200 742213
156.59.198.135 - - [09/Jan/2024:03:23:59 -0500] "GET /BLA/resoluciones/RESOLUCIONES%202014/1393.pdf HTTP/1.0" 200 961577
156.59.198.136 - - [09/Jan/2024:03:24:22 -0500] "GET /BLA/resoluciones/AUTOS%202023/2362.pdf HTTP/1.0" 200 413016
156.59.198.136 - - [09/Jan/2024:03:24:47 -0500] "GET /BLA/resoluciones/RESOLUCIONES%202019/3786.pdf HTTP/1.0" 200 735549
201.245.192.253 - - [09/Jan/2024:03:25:00 -0500] "POST /kwsrmcab/Wsrmcab HTTP/1.1" 200 36441
201.245.192.253 - - [09/Jan/2024:03:25:03 -0500] "POST /kwsrmcab/Wsrmcab HTTP/1.1" 200 36795
156.59.198.135 - - [09/Jan/2024:03:25:11 -0500] "GET /BLA/resoluciones/RESOLUCIONES%202014/0003.pdf HTTP/1.0" 200 1263781
216.245.221.92 - - [09/Jan/2024:03:25:28 -0500] "HEAD / HTTP/1.1" 200 -
156.59.198.135 - - [09/Jan/2024:03:25:36 -0500] "GET /BLA/resoluciones/RESOLUCIONES%202014/1385.pdf HTTP/1.0" 200 877886
156.59.198.135 - - [09/Jan/2024:03:26:00 -0500] "GET /BLA/resoluciones/RESOLUCIONES%202019/1289.pdf HTTP/1.0" 200 316567
156.59.198.135 - - [09/Jan/2024:03:26:25 -0500] "GET /BLA/resoluciones/RESOLUCIONES%202019/0813.pdf HTTP/1.0" 200 232305
156.59.198.135 - - [09/Jan/2024:03:26:49 -0500] "GET /BLA/resoluciones/AUTOS%202023/4203.pdf HTTP/1.0" 200 427317
172.22.2.4 - - [09/Jan/2024:03:25:27 -0500] "HEAD /BLA/boletinlegal/ HTTP/1.1" 200 -
156.59.198.136 - - [09/Jan/2024:03:27:14 -0500] "GET /BLA/resoluciones/AUTOS%202023/0107.pdf HTTP/1.0" 200 436388
201.245.192.253 - - [09/Jan/2024:03:27:18 -0500] "POST /kwsrmcab/Wsrmcab  HTTP/1.1" 200 36937
52.167.144.12 - - [09/Jan/2024:03:27:25 -0500] "GET /alcaldia-de-bogota-y-fundacion-exito-entregaron-en-ciudad-bolivar-la-primera-terraza-verde-de-la-capital.html HTTP/1.1" 200 852
156.59.198.136 - - [09/Jan/2024:03:27:39 -0500] "GET /BLA/resoluciones/AUTOS%202023/0399.pdf HTTP/1.0" 200 398402
172.22.2.4 - - [09/Jan/2024:03:26:18 -0500] "GET /BLA/boletinlegal/ HTTP/1.1" 200 58172
156.59.198.136 - - [09/Jan/2024:03:28:03 -0500] "GET /BLA/resoluciones/RESOLUCIONES%202021/1183.pdf HTTP/1.0" 200 340817
156.59.198.135 - - [09/Jan/2024:03:28:28 -0500] "GET /BLA/resoluciones/Notificaciones/AUTOS%202014/4366.doc HTTP/1.0" 200 94208
156.59.198.136 - - [09/Jan/2024:03:28:51 -0500] "GET /BLA/resoluciones/RESOLUCIONES%202014/2453.pdf HTTP/1.0" 200 186684
156.59.198.136 - - [09/Jan/2024:03:29:16 -0500] "GET /BLA/resoluciones/RESOLUCIONES%202014/2123.pdf HTTP/1.0" 200 803647
201.245.192.253 - - [09/Jan/2024:03:29:14 -0500] "POST /kwsrmcab/Wsrmcab HTTP/1.1" 200 36441
156.59.198.136 - - [09/Jan/2024:03:29:40 -0500] "GET /BLA/resoluciones/AUTOS%202023/5226.pdf HTTP/1.0" 200 428347
201.245.192.253 - - [09/Jan/2024:03:29:53 -0500] "POST /kwsrmcab/Wsrmcab HTTP/1.1" 200 36795
156.59.198.136 - - [09/Jan/2024:03:30:04 -0500] "GET /BLA/resoluciones/Notificaciones/AUTOS%202014/6981.doc HTTP/1.0" 200 193024
216.245.221.92 - - [09/Jan/2024:03:30:28 -0500] "HEAD / HTTP/1.1" 200 -
156.59.198.135 - - [09/Jan/2024:03:30:29 -0500] "GET /BLA/resoluciones/RESOLUCIONES%202014/0273.pdf HTTP/1.0" 200 3365367
156.59.198.136 - - [09/Jan/2024:03:30:53 -0500] "GET /BLA/resoluciones/RESOLUCIONES%202019/0171.pdf HTTP/1.0" 200 288489
156.59.198.136 - - [09/Jan/2024:03:31:17 -0500] "GET /BLA/resoluciones/AUTOS%202023/3407.pdf HTTP/1.0" 200 3211772
156.59.198.136 - - [09/Jan/2024:03:31:41 -0500] "GET /BLA/resoluciones/RESOLUCIONES%202021/0341.pdf HTTP/1.0" 200 349159
156.59.198.135 - - [09/Jan/2024:03:32:06 -0500] "GET /BLA/resoluciones/AUTOS%202023/3655.pdf HTTP/1.0" 200 6217852
201.245.192.253 - - [09/Jan/2024:03:32:16 -0500] "POST /kwsrmcab/Wsrmcab  HTTP/1.1" 200 36937
156.59.198.135 - - [09/Jan/2024:03:32:31 -0500] "GET /BLA/resoluciones/Notificaciones/AUTOS%202014/6488.doc HTTP/1.0" 200 155648
156.59.198.135 - - [09/Jan/2024:03:32:56 -0500] "GET /BLA/resoluciones/RESOLUCIONES%202019/0120.pdf HTTP/1.0" 200 278097
172.22.2.4 - - [09/Jan/2024:03:31:17 -0500] "HEAD /BLA/boletinlegal/ HTTP/1.1" 200 -
156.59.198.136 - - [09/Jan/2024:03:33:21 -0500] "GET /BLA/resoluciones/AUTOS%202023/1901.pdf HTTP/1.0" 200 402852
156.59.198.136 - - [09/Jan/2024:03:33:45 -0500] "GET /BLA/resoluciones/AUTOS%202023/3601.pdf HTTP/1.0" 200 489694
172.22.2.4 - - [09/Jan/2024:03:32:08 -0500] "GET /BLA/boletinlegal/ HTTP/1.1" 200 58172
40.77.167.52 - - [09/Jan/2024:03:34:08 -0500] "GET /BLA/resoluciones/RESOLUCIONES%202019/0748.pdf HTTP/1.1" 200 403120
156.59.198.136 - - [09/Jan/2024:03:34:10 -0500] "GET /BLA/resoluciones/Notificaciones/AUTOS%202014/5728.doc HTTP/1.0" 200 154112
156.59.198.135 - - [09/Jan/2024:03:34:35 -0500] "GET /BLA/resoluciones/Notificaciones/AUTOS%202014/4141.doc HTTP/1.0" 200 98816
181.53.96.76 - - [09/Jan/2024:03:34:52 -0500] "GET /inicia-el-2024-conociendo-la-biodiversidad-de-bogoti.html?fbclid=IwAR1GCvbPH-UiW3WSeOifjTDgd50BNm0z3XaIzoIczyWwhDK34ZUaIgZ8axs HTTP/1.1" 200 894
156.59.198.136 - - [09/Jan/2024:03:34:59 -0500] "GET /BLA/resoluciones/RESOLUCIONES%202019/3419.pdf HTTP/1.0" 200 296348
201.245.192.253 - - [09/Jan/2024:03:35:00 -0500] "POST /kwsrmcab/Wsrmcab HTTP/1.1" 200 36441
201.245.192.253 - - [09/Jan/2024:03:35:03 -0500] "POST /kwsrmcab/Wsrmcab HTTP/1.1" 200 36795
156.59.198.135 - - [09/Jan/2024:03:35:23 -0500] "GET /BLA/resoluciones/AUTOS%202023/0774.pdf HTTP/1.0" 200 417106
216.245.221.92 - - [09/Jan/2024:03:35:28 -0500] "HEAD / HTTP/1.1" 200 -
156.59.198.135 - - [09/Jan/2024:03:35:50 -0500] "GET /BLA/resoluciones/AUTOS%202023/0919.pdf HTTP/1.0" 200 512725
181.53.96.76 - - [09/Jan/2024:03:35:52 -0500] "GET /inicia-el-2024-conociendo-la-biodiversidad-de-bogoti.html?fbclid=IwAR1ua3F1-87G0DGgYB45dZA3RX97jo5VpJUF9MgjChqIkPO0AqnDg3aqBew HTTP/1.1" 200 894
156.59.198.136 - - [09/Jan/2024:03:36:11 -0500] "GET /BLA/resoluciones/AUTOS%202023/3489.pdf HTTP/1.0" 200 456828
156.59.198.135 - - [09/Jan/2024:03:36:36 -0500] "GET /BLA/resoluciones/RESOLUCIONES%202014/0336.pdf HTTP/1.0" 200 460293
156.59.198.135 - - [09/Jan/2024:03:37:01 -0500] "GET /BLA/resoluciones/Notificaciones/AUTOS%202014/6975.doc HTTP/1.0" 200 192000
114.119.146.40 - - [09/Jan/2024:03:37:13 -0500] "GET /BLA/resoluciones/index.php?dir=Notificaciones/AUTOS%2B0022/&sort=date&order=desc HTTP/1.1" 200 13943
201.245.192.253 - - [09/Jan/2024:03:37:14 -0500] "POST /kwsrmcab/Wsrmcab  HTTP/1.1" 200 36937
156.59.198.136 - - [09/Jan/2024:03:37:25 -0500] "GET /BLA/resoluciones/RESOLUCIONES%202019/2313.pdf HTTP/1.0" 200 276226
156.59.198.135 - - [09/Jan/2024:03:37:50 -0500] "GET /BLA/resoluciones/Notificaciones/AUTOS%202014/2730.doc HTTP/1.0" 200 227840
156.59.198.135 - - [09/Jan/2024:03:38:14 -0500] "GET /BLA/resoluciones/RESOLUCIONES%202019/3707.pdf HTTP/1.0" 200 360673
66.249.66.20 - - [09/Jan/2024:03:38:30 -0500] "GET /Publicaciones/2021EE277750.pdf HTTP/1.1" 404 228
156.59.198.135 - - [09/Jan/2024:03:38:37 -0500] "GET /BLA/resoluciones/AUTOS%202023/3170.pdf HTTP/1.0" 200 891609
172.22.2.4 - - [09/Jan/2024:03:38:46 -0500] "GET /BLA/boletinlegal/images/nuevo.gif HTTP/1.1" 200 26475
172.22.2.4 - - [09/Jan/2024:03:37:07 -0500] "HEAD /BLA/boletinlegal/ HTTP/1.1" 200 -
156.59.198.135 - - [09/Jan/2024:03:39:03 -0500] "GET /BLA/resoluciones/AUTOS%202023/3023.pdf HTTP/1.0" 200 398429
208.100.26.249 - - [09/Jan/2024:03:39:07 -0500] "GET / HTTP/1.1" 200 319
201.245.192.253 - - [09/Jan/2024:03:39:15 -0500] "POST /kwsrmcab/Wsrmcab HTTP/1.1" 200 36441
156.59.198.136 - - [09/Jan/2024:03:39:28 -0500] "GET /BLA/resoluciones/RESOLUCIONES%202014/03925.pdf HTTP/1.0" 200 587315
172.22.2.4 - - [09/Jan/2024:03:37:58 -0500] "GET /BLA/boletinlegal/ HTTP/1.1" 200 57309
156.59.198.135 - - [09/Jan/2024:03:39:51 -0500] "GET /BLA/resoluciones/RESOLUCIONES%202014/3637.pdf HTTP/1.0" 200 374738
158.169.40.24 - - [09/Jan/2024:03:39:55 -0500] "HEAD /BLA/resoluciones/RESOLUCIONES%202011/4862.pdf HTTP/1.1" 200 -
201.245.192.253 - - [09/Jan/2024:03:39:55 -0500] "POST /kwsrmcab/Wsrmcab HTTP/1.1" 200 36795
156.59.198.136 - - [09/Jan/2024:03:40:17 -0500] "GET /BLA/resoluciones/RESOLUCIONES%202014/3815.pdf HTTP/1.0" 200 633822
216.245.221.92 - - [09/Jan/2024:03:40:28 -0500] "HEAD / HTTP/1.1" 200 -
156.59.198.135 - - [09/Jan/2024:03:40:41 -0500] "GET /BLA/resoluciones/RESOLUCIONES%202014/3890.pdf HTTP/1.0" 200 376697
156.59.198.135 - - [09/Jan/2024:03:41:04 -0500] "GET /BLA/resoluciones/RESOLUCIONES%202014/3409.pdf HTTP/1.0" 200 727700
156.59.198.136 - - [09/Jan/2024:03:41:29 -0500] "GET /BLA/resoluciones/RESOLUCIONES%202014/3852.pdf HTTP/1.0" 200 3164080
156.59.198.136 - - [09/Jan/2024:03:41:53 -0500] "GET /BLA/resoluciones/RESOLUCIONES%202014/3808.pdf HTTP/1.0" 200 582725
201.245.192.253 - - [09/Jan/2024:03:42:13 -0500] "POST /kwsrmcab/Wsrmcab  HTTP/1.1" 200 36937
156.59.198.136 - - [09/Jan/2024:03:42:17 -0500] "GET /BLA/resoluciones/RESOLUCIONES%202014/3461.pdf HTTP/1.0" 200 581886
156.59.198.135 - - [09/Jan/2024:03:42:42 -0500] "GET /BLA/resoluciones/RESOLUCIONES%202014/3312.pdf HTTP/1.0" 200 582669
156.59.198.135 - - [09/Jan/2024:03:43:06 -0500] "GET /BLA/resoluciones/RESOLUCIONES%202014/3642.pdf HTTP/1.0" 200 3535406
156.59.198.135 - - [09/Jan/2024:03:43:31 -0500] "GET /BLA/resoluciones/RESOLUCIONES%202014/4035.pdf HTTP/1.0" 200 575901
156.59.198.136 - - [09/Jan/2024:03:43:56 -0500] "GET /BLA/resoluciones/RESOLUCIONES%202014/3747.pdf HTTP/1.0" 200 524154
156.59.198.135 - - [09/Jan/2024:03:44:20 -0500] "GET /BLA/resoluciones/RESOLUCIONES%202014/3460.pdf HTTP/1.0" 200 645960
172.22.2.4 - - [09/Jan/2024:03:42:57 -0500] "HEAD /BLA/boletinlegal/ HTTP/1.1" 200 -
156.59.198.136 - - [09/Jan/2024:03:44:44 -0500] "GET /BLA/resoluciones/RESOLUCIONES%202014/3805.pdf HTTP/1.0" 200 652463
156.59.198.136 - - [09/Jan/2024:03:45:08 -0500] "GET /BLA/resoluciones/RESOLUCIONES%202014/3866.pdf HTTP/1.0" 200 370280
172.22.2.4 - - [09/Jan/2024:03:43:48 -0500] "GET /BLA/boletinlegal/ HTTP/1.1" 200 60502
216.245.221.92 - - [09/Jan/2024:03:45:28 -0500] "HEAD / HTTP/1.1" 200 -
156.59.198.135 - - [09/Jan/2024:03:45:34 -0500] "GET /BLA/resoluciones/RESOLUCIONES%202014/3959.pdf HTTP/1.0" 200 563116
156.59.198.135 - - [09/Jan/2024:03:45:57 -0500] "GET /BLA/resoluciones/RESOLUCIONES%202014/3485.pdf HTTP/1.0" 200 613520
156.59.198.136 - - [09/Jan/2024:03:46:21 -0500] "GET /BLA/resoluciones/RESOLUCIONES%202014/3455.pdf HTTP/1.0" 200 730687
156.59.198.136 - - [09/Jan/2024:03:46:46 -0500] "GET /BLA/resoluciones/RESOLUCIONES%202014/3351.pdf HTTP/1.0" 200 462673
156.59.198.136 - - [09/Jan/2024:03:47:09 -0500] "GET /BLA/resoluciones/RESOLUCIONES%202014/3791.pdf HTTP/1.0" 200 575962
201.245.192.253 - - [09/Jan/2024:03:47:12 -0500] "POST /kwsrmcab/Wsrmcab  HTTP/1.1" 200 36937
156.59.198.135 - - [09/Jan/2024:03:47:34 -0500] "GET /BLA/resoluciones/RESOLUCIONES%202014/3924.pdf HTTP/1.0" 200 599435
156.59.198.135 - - [09/Jan/2024:03:47:57 -0500] "GET /BLA/resoluciones/RESOLUCIONES%202014/3530.pdf HTTP/1.0" 200 386033
156.59.198.136 - - [09/Jan/2024:03:48:22 -0500] "GET /BLA/resoluciones/RESOLUCIONES%202014/3897.pdf HTTP/1.0" 200 600863
156.59.198.135 - - [09/Jan/2024:03:48:47 -0500] "GET /BLA/resoluciones/RESOLUCIONES%202014/3854.pdf HTTP/1.0" 200 327995
66.249.66.19 - - [09/Jan/2024:03:48:58 -0500] "GET /BLA/resoluciones/RESOLUCIONES%202007/RES%202007%20101%20AL%20200/RESOLUCION%200187%20DE%202007.pdf HTTP/1.1" 200 154515
156.59.198.136 - - [09/Jan/2024:03:49:11 -0500] "GET /BLA/resoluciones/RESOLUCIONES%202014/3431.pdf HTTP/1.0" 200 666388
156.59.198.136 - - [09/Jan/2024:03:49:36 -0500] "GET /BLA/resoluciones/RESOLUCIONES%202014/3775.pdf HTTP/1.0" 200 1053499
156.59.198.136 - - [09/Jan/2024:03:50:00 -0500] "GET /BLA/resoluciones/RESOLUCIONES%202014/3807.pdf HTTP/1.0" 200 713118
156.59.198.136 - - [09/Jan/2024:03:50:27 -0500] "GET /BLA/resoluciones/RESOLUCIONES%202014/5535.pdf HTTP/1.0" 200 3486390
172.22.2.4 - - [09/Jan/2024:03:48:47 -0500] "HEAD /BLA/boletinlegal/ HTTP/1.1" 200 -
216.245.221.92 - - [09/Jan/2024:03:50:28 -0500] "HEAD / HTTP/1.1" 200 -
156.59.198.136 - - [09/Jan/2024:03:50:49 -0500] "GET /BLA/resoluciones/RESOLUCIONES%202014/3651.pdf HTTP/1.0" 200 1050656
156.59.198.136 - - [09/Jan/2024:03:51:13 -0500] "GET /BLA/resoluciones/RESOLUCIONES%202014/3736.pdf HTTP/1.0" 200 677659
172.22.2.4 - - [09/Jan/2024:03:49:38 -0500] "GET /BLA/boletinlegal/ HTTP/1.1" 200 60910
40.77.167.247 - - [09/Jan/2024:03:51:37 -0500] "GET /BLA/resoluciones/AUTOS%202023/09134.pdf HTTP/1.1" 200 469356
156.59.198.135 - - [09/Jan/2024:03:51:37 -0500] "GET /BLA/resoluciones/RESOLUCIONES%202014/3379.pdf HTTP/1.0" 200 699350
66.249.66.20 - - [09/Jan/2024:03:51:59 -0500] "GET /BLA/resoluciones/Autos%202008/2153.pdf HTTP/1.1" 200 299198
156.59.198.136 - - [09/Jan/2024:03:52:02 -0500] "GET /BLA/resoluciones/RESOLUCIONES%202014/4733.pdf HTTP/1.0" 200 4478513
201.245.192.253 - - [09/Jan/2024:03:52:11 -0500] "POST /kwsrmcab/Wsrmcab  HTTP/1.1" 200 36937
156.59.198.136 - - [09/Jan/2024:03:52:26 -0500] "GET /BLA/resoluciones/RESOLUCIONES%202014/3844.pdf HTTP/1.0" 200 699658
156.59.198.136 - - [09/Jan/2024:03:52:51 -0500] "GET /BLA/resoluciones/RESOLUCIONES%202014/3426.pdf HTTP/1.0" 200 366808
156.59.198.136 - - [09/Jan/2024:03:53:14 -0500] "GET /BLA/resoluciones/RESOLUCIONES%202014/7255.pdf HTTP/1.0" 200 1758777
156.59.198.135 - - [09/Jan/2024:03:53:39 -0500] "GET /BLA/resoluciones/RESOLUCIONES%202014/4000.pdf HTTP/1.0" 200 477937
156.59.198.135 - - [09/Jan/2024:03:54:03 -0500] "GET /BLA/resoluciones/RESOLUCIONES%202014/3903.pdf HTTP/1.0" 200 238195
156.59.198.135 - - [09/Jan/2024:03:54:27 -0500] "GET /BLA/resoluciones/RESOLUCIONES%202014/3846.pdf HTTP/1.0" 200 617662
156.59.198.136 - - [09/Jan/2024:03:54:51 -0500] "GET /BLA/resoluciones/RESOLUCIONES%202014/3766.pdf HTTP/1.0" 200 538871
190.158.180.87 - - [09/Jan/2024:03:55:11 -0500] "GET /inicia-el-2024-conociendo-la-biodiversidad-de-bogoti.html?fbclid=IwAR378GM_W0ceZGaG1Lh4y0xqGoWoMG5voLIaD6LX1xRFnL77JEaKBvr8SyM_aem_Ac3ALJt4H2C2G90Afy7Kz-j499XGsVdNhJuenJFqb-OWbZYvAqgxMqSgrycnkCysE6c HTTP/1.1" 200 894
156.59.198.135 - - [09/Jan/2024:03:55:16 -0500] "GET /BLA/resoluciones/RESOLUCIONES%202014/3445.pdf HTTP/1.0" 200 695785
216.245.221.92 - - [09/Jan/2024:03:55:28 -0500] "HEAD / HTTP/1.1" 200 -
156.59.198.135 - - [09/Jan/2024:03:55:40 -0500] "GET /BLA/resoluciones/RESOLUCIONES%202014/4039.pdf HTTP/1.0" 200 617077
156.59.198.136 - - [09/Jan/2024:03:56:04 -0500] "GET /BLA/resoluciones/RESOLUCIONES%202014/3478.pdf HTTP/1.0" 200 375609
172.22.2.4 - - [09/Jan/2024:03:54:37 -0500] "HEAD /BLA/boletinlegal/ HTTP/1.1" 200 -
156.59.198.135 - - [09/Jan/2024:03:56:29 -0500] "GET /BLA/resoluciones/RESOLUCIONES%202014/3466.pdf HTTP/1.0" 200 647394
156.59.198.135 - - [09/Jan/2024:03:56:53 -0500] "GET /BLA/resoluciones/RESOLUCIONES%202014/3487.pdf HTTP/1.0" 200 524195
172.22.2.4 - - [09/Jan/2024:03:55:28 -0500] "GET /BLA/boletinlegal/ HTTP/1.1" 200 60502
201.245.192.253 - - [09/Jan/2024:03:57:09 -0500] "POST /kwsrmcab/Wsrmcab  HTTP/1.1" 200 36937
156.59.198.136 - - [09/Jan/2024:03:57:18 -0500] "GET /BLA/resoluciones/RESOLUCIONES%202014/3874.pdf HTTP/1.0" 200 508473
156.59.198.136 - - [09/Jan/2024:03:57:41 -0500] "GET /BLA/resoluciones/RESOLUCIONES%202014/3414.pdf HTTP/1.0" 200 652383
156.59.198.136 - - [09/Jan/2024:03:58:07 -0500] "GET /BLA/resoluciones/RESOLUCIONES%202014/3793.pdf HTTP/1.0" 200 572151
156.59.198.135 - - [09/Jan/2024:03:58:30 -0500] "GET /BLA/resoluciones/RESOLUCIONES%202014/3639.pdf HTTP/1.0" 200 567711
156.59.198.135 - - [09/Jan/2024:03:58:54 -0500] "GET /BLA/resoluciones/RESOLUCIONES%202014/3392.pdf HTTP/1.0" 200 631616
156.59.198.136 - - [09/Jan/2024:03:59:18 -0500] "GET /BLA/resoluciones/RESOLUCIONES%202014/3488.pdf HTTP/1.0" 200 521535
156.59.198.136 - - [09/Jan/2024:03:59:43 -0500] "GET /BLA/resoluciones/RESOLUCIONES%202014/3652.pdf HTTP/1.0" 200 1269860
156.59.198.136 - - [09/Jan/2024:04:00:06 -0500] "GET /BLA/resoluciones/RESOLUCIONES%202014/3473.pdf HTTP/1.0" 200 4891448
216.245.221.92 - - [09/Jan/2024:04:00:28 -0500] "HEAD / HTTP/1.1" 200 -
156.59.198.135 - - [09/Jan/2024:04:00:31 -0500] "GET /BLA/resoluciones/RESOLUCIONES%202014/3500.pdf HTTP/1.0" 200 345333
156.59.198.136 - - [09/Jan/2024:04:00:56 -0500] "GET /BLA/resoluciones/RESOLUCIONES%202014/3731.pdf HTTP/1.0" 200 1196624
66.249.66.20 - - [09/Jan/2024:04:01:00 -0500] "GET /Residuos/farmaceutica/files/guia_farmaceuticas.pdf HTTP/1.1" 304 -
45.13.119.147 - - [09/Jan/2024:04:01:08 -0500] "POST /boaform/admin/formLogin HTTP/1.1" 404 1186
156.59.198.135 - - [09/Jan/2024:04:01:19 -0500] "GET /BLA/resoluciones/RESOLUCIONES%202014/5484.pdf HTTP/1.0" 200 332843
156.59.198.135 - - [09/Jan/2024:04:01:45 -0500] "GET /BLA/resoluciones/RESOLUCIONES%202014/3316.pdf HTTP/1.0" 200 649258
156.59.198.135 - - [09/Jan/2024:04:02:07 -0500] "GET /BLA/resoluciones/RESOLUCIONES%202014/3446.pdf HTTP/1.0" 200 672012
172.22.2.4 - - [09/Jan/2024:04:00:27 -0500] "HEAD /BLA/boletinlegal/ HTTP/1.1" 200 -
201.245.192.253 - - [09/Jan/2024:04:02:09 -0500] "POST /kwsrmcab/Wsrmcab  HTTP/1.1" 200 36937
156.59.198.135 - - [09/Jan/2024:04:02:32 -0500] "GET /BLA/resoluciones/RESOLUCIONES%202014/3819.pdf HTTP/1.0" 200 586500
185.224.128.191 - - [09/Jan/2024:04:02:36 -0500] "GET / HTTP/1.1" 200 319
156.59.198.136 - - [09/Jan/2024:04:02:56 -0500] "GET /BLA/resoluciones/RESOLUCIONES%202014/3317.pdf HTTP/1.0" 200 649021
172.22.2.4 - - [09/Jan/2024:04:01:18 -0500] "GET /BLA/boletinlegal/ HTTP/1.1" 200 59330
27.115.124.70 - - [09/Jan/2024:04:02:59 -0500] "GET / HTTP/1.1" 200 319
156.59.198.135 - - [09/Jan/2024:04:03:19 -0500] "GET /BLA/resoluciones/RESOLUCIONES%202014/3770.pdf HTTP/1.0" 200 516944
156.59.198.136 - - [09/Jan/2024:04:03:44 -0500] "GET /BLA/resoluciones/RESOLUCIONES%202014/3960.pdf HTTP/1.0" 200 689414
156.59.198.135 - - [09/Jan/2024:04:04:08 -0500] "GET /BLA/resoluciones/RESOLUCIONES%202014/3902.pdf HTTP/1.0" 200 486683
156.59.198.135 - - [09/Jan/2024:04:04:33 -0500] "GET /BLA/resoluciones/RESOLUCIONES%202014/3458.pdf HTTP/1.0" 200 205601
156.59.198.136 - - [09/Jan/2024:04:04:57 -0500] "GET /BLA/resoluciones/RESOLUCIONES%202014/3465.pdf HTTP/1.0" 200 632722
156.59.198.136 - - [09/Jan/2024:04:05:22 -0500] "GET /BLA/resoluciones/RESOLUCIONES%202014/3318.pdf HTTP/1.0" 200 647883
216.245.221.92 - - [09/Jan/2024:04:05:28 -0500] "HEAD / HTTP/1.1" 200 -
156.59.198.135 - - [09/Jan/2024:04:05:47 -0500] "GET /BLA/resoluciones/RESOLUCIONES%202014/3911.pdf HTTP/1.0" 200 571412
156.59.198.136 - - [09/Jan/2024:04:06:12 -0500] "GET /BLA/resoluciones/RESOLUCIONES%202014/3891.pdf HTTP/1.0" 200 807450
156.59.198.135 - - [09/Jan/2024:04:06:35 -0500] "GET /BLA/resoluciones/RESOLUCIONES%202014/3420.pdf HTTP/1.0" 200 646552
162.55.37.179 - - [09/Jan/2024:04:06:45 -0500] "GET / HTTP/1.1" 200 319
162.55.37.179 - - [09/Jan/2024:04:06:46 -0500] "GET / HTTP/1.1" 200 4720
156.59.198.136 - - [09/Jan/2024:04:07:00 -0500] "GET /BLA/resoluciones/RESOLUCIONES%202014/3463.pdf HTTP/1.0" 200 712250
201.245.192.253 - - [09/Jan/2024:04:07:07 -0500] "POST /kwsrmcab/Wsrmcab  HTTP/1.1" 200 36937
156.59.198.135 - - [09/Jan/2024:04:07:24 -0500] "GET /BLA/resoluciones/RESOLUCIONES%202014/3531.pdf HTTP/1.0" 200 403423
156.59.198.136 - - [09/Jan/2024:04:07:49 -0500] "GET /BLA/resoluciones/RESOLUCIONES%202014/3848.pdf HTTP/1.0" 200 668038
172.22.2.4 - - [09/Jan/2024:04:06:17 -0500] "HEAD /BLA/boletinlegal/ HTTP/1.1" 200 -
156.59.198.135 - - [09/Jan/2024:04:08:14 -0500] "GET /BLA/resoluciones/RESOLUCIONES%202014/3454.pdf HTTP/1.0" 200 581822
156.59.198.135 - - [09/Jan/2024:04:08:38 -0500] "GET /BLA/resoluciones/RESOLUCIONES%202021/0274.pdf HTTP/1.0" 200 374429
172.22.2.4 - - [09/Jan/2024:04:07:08 -0500] "GET /BLA/boletinlegal/ HTTP/1.1" 200 58172
156.59.198.136 - - [09/Jan/2024:04:09:02 -0500] "GET /BLA/resoluciones/RESOLUCIONES%202021/0004.pdf HTTP/1.0" 200 363666
156.59.198.135 - - [09/Jan/2024:04:09:27 -0500] "GET /BLA/resoluciones/RESOLUCIONES%202021/1161.pdf HTTP/1.0" 200 388944
156.59.198.135 - - [09/Jan/2024:04:09:51 -0500] "GET /BLA/resoluciones/RESOLUCIONES%202014/3467.pdf HTTP/1.0" 200 580362
156.59.198.135 - - [09/Jan/2024:04:10:16 -0500] "GET /BLA/resoluciones/RESOLUCIONES%202014/7252.pdf HTTP/1.0" 200 462007
216.245.221.92 - - [09/Jan/2024:04:10:28 -0500] "HEAD / HTTP/1.1" 200 -
156.59.198.136 - - [09/Jan/2024:04:10:40 -0500] "GET /BLA/resoluciones/RESOLUCIONES%202021/1906.pdf HTTP/1.0" 200 346728
156.59.198.136 - - [09/Jan/2024:04:11:04 -0500] "GET /BLA/resoluciones/RESOLUCIONES%202014/3489.pdf HTTP/1.0" 200 465193
156.59.198.135 - - [09/Jan/2024:04:11:29 -0500] "GET /BLA/resoluciones/RESOLUCIONES%202021/0576.pdf HTTP/1.0" 200 325758
156.59.198.135 - - [09/Jan/2024:04:11:53 -0500] "GET /BLA/resoluciones/RESOLUCIONES%202014/3459.pdf HTTP/1.0" 200 645575
66.249.66.19 - - [09/Jan/2024:04:12:03 -0500] "GET /robots.txt HTTP/1.1" 404 1018
66.249.66.19 - - [09/Jan/2024:04:12:03 -0500] "GET /BLA/resoluciones/RESOLUCIONES%202011/0019.pdf HTTP/1.1" 200 277930
201.245.192.253 - - [09/Jan/2024:04:12:06 -0500] "POST /kwsrmcab/Wsrmcab  HTTP/1.1" 200 36937
156.59.198.135 - - [09/Jan/2024:04:12:18 -0500] "GET /BLA/resoluciones/RESOLUCIONES%202021/1777.pdf HTTP/1.0" 200 331298
156.59.198.136 - - [09/Jan/2024:04:12:43 -0500] "GET /BLA/resoluciones/RESOLUCIONES%202021/1127.pdf HTTP/1.0" 200 341608
156.59.198.136 - - [09/Jan/2024:04:13:06 -0500] "GET /BLA/resoluciones/RESOLUCIONES%202021/0230.pdf HTTP/1.0" 200 334761
156.59.198.135 - - [09/Jan/2024:04:13:30 -0500] "GET /BLA/resoluciones/RESOLUCIONES%202021/0344.pdf HTTP/1.0" 200 321654
172.22.2.4 - - [09/Jan/2024:04:12:07 -0500] "HEAD /BLA/boletinlegal/ HTTP/1.1" 200 -
156.59.198.135 - - [09/Jan/2024:04:13:56 -0500] "GET /BLA/resoluciones/RESOLUCIONES%202021/0577.pdf HTTP/1.0" 200 331780
156.59.198.136 - - [09/Jan/2024:04:14:20 -0500] "GET /BLA/resoluciones/RESOLUCIONES%202021/1981.pdf HTTP/1.0" 200 359616
172.22.2.4 - - [09/Jan/2024:04:12:58 -0500] "GET /BLA/boletinlegal/ HTTP/1.1" 200 58172
66.249.66.76 - - [09/Jan/2024:04:14:39 -0500] "GET /portaldeninos/gestion-del-riesgo-incendios-forestales HTTP/1.1" 301 -
66.249.66.75 - - [09/Jan/2024:04:14:40 -0500] "GET /portaldeninos/gestion-del-riesgo-incendios-forestales/ HTTP/1.1" 200 86825
156.59.198.135 - - [09/Jan/2024:04:14:45 -0500] "GET /BLA/resoluciones/RESOLUCIONES%202021/0040.pdf HTTP/1.0" 200 420823
201.245.192.253 - - [09/Jan/2024:04:15:00 -0500] "POST /kwsrmcab/Wsrmcab HTTP/1.1" 200 36289
201.245.192.253 - - [09/Jan/2024:04:15:03 -0500] "POST /kwsrmcab/Wsrmcab HTTP/1.1" 200 36791
156.59.198.135 - - [09/Jan/2024:04:15:08 -0500] "GET /BLA/resoluciones/RESOLUCIONES%202021/1735.pdf HTTP/1.0" 200 406819
216.245.221.92 - - [09/Jan/2024:04:15:28 -0500] "HEAD / HTTP/1.1" 200 -
156.59.198.136 - - [09/Jan/2024:04:15:34 -0500] "GET /BLA/resoluciones/RESOLUCIONES%202021/1567.pdf HTTP/1.0" 200 349930
66.249.66.19 - - [09/Jan/2024:04:15:55 -0500] "GET /BLA/resoluciones/RESOLUCIONES%202009/3867.pdf HTTP/1.1" 200 1233173
156.59.198.136 - - [09/Jan/2024:04:15:57 -0500] "GET /BLA/resoluciones/RESOLUCIONES%202021/1729.pdf HTTP/1.0" 200 400787
156.59.198.136 - - [09/Jan/2024:04:16:21 -0500] "GET /BLA/resoluciones/RESOLUCIONES%202021/1851.pdf HTTP/1.0" 200 348441
156.59.198.136 - - [09/Jan/2024:04:16:46 -0500] "GET /BLA/resoluciones/RESOLUCIONES%202021/1038.pdf HTTP/1.0" 200 354294
201.245.192.253 - - [09/Jan/2024:04:17:05 -0500] "POST /kwsrmcab/Wsrmcab  HTTP/1.1" 200 36937
156.59.198.135 - - [09/Jan/2024:04:17:11 -0500] "GET /BLA/resoluciones/RESOLUCIONES%202014/3810.pdf HTTP/1.0" 200 716851
156.59.198.136 - - [09/Jan/2024:04:17:36 -0500] "GET /BLA/resoluciones/RESOLUCIONES%202014/3434.pdf HTTP/1.0" 200 674533
156.59.198.135 - - [09/Jan/2024:04:18:01 -0500] "GET /BLA/resoluciones/RESOLUCIONES%202014/3800.pdf HTTP/1.0" 200 1030704
66.249.66.19 - - [09/Jan/2024:04:18:22 -0500] "GET /BLA/resoluciones/AUTOS%202014/6709.pdf HTTP/1.1" 200 575512
66.249.66.20 - - [09/Jan/2024:04:18:23 -0500] "GET /BLA/resoluciones/AUTOS%202014/4565.pdf HTTP/1.1" 200 709779
156.59.198.135 - - [09/Jan/2024:04:18:25 -0500] "GET /BLA/resoluciones/RESOLUCIONES%202014/3464.pdf HTTP/1.0" 200 817105
156.59.198.136 - - [09/Jan/2024:04:18:49 -0500] "GET /BLA/resoluciones/RESOLUCIONES%202021/1136.pdf HTTP/1.0" 200 352122
156.59.198.135 - - [09/Jan/2024:04:19:13 -0500] "GET /BLA/resoluciones/RESOLUCIONES%202014/3374.pdf HTTP/1.0" 200 664685
201.245.192.253 - - [09/Jan/2024:04:19:14 -0500] "POST /kwsrmcab/Wsrmcab HTTP/1.1" 200 36289
172.22.2.4 - - [09/Jan/2024:04:17:57 -0500] "HEAD /BLA/boletinlegal/ HTTP/1.1" 200 -
156.59.198.135 - - [09/Jan/2024:04:19:38 -0500] "GET /BLA/resoluciones/RESOLUCIONES%202014/3433.pdf HTTP/1.0" 200 654741
201.245.192.253 - - [09/Jan/2024:04:19:54 -0500] "POST /kwsrmcab/Wsrmcab HTTP/1.1" 200 36791
156.59.198.136 - - [09/Jan/2024:04:20:02 -0500] "GET /BLA/resoluciones/RESOLUCIONES%202021/1877.pdf HTTP/1.0" 200 342128
156.59.198.135 - - [09/Jan/2024:04:20:27 -0500] "GET /BLA/resoluciones/RESOLUCIONES%202021/1402.pdf HTTP/1.0" 200 363572
172.22.2.4 - - [09/Jan/2024:04:18:48 -0500] "GET /BLA/boletinlegal/ HTTP/1.1" 200 58567
216.245.221.92 - - [09/Jan/2024:04:20:28 -0500] "HEAD / HTTP/1.1" 200 -
156.59.198.135 - - [09/Jan/2024:04:20:52 -0500] "GET /BLA/resoluciones/RESOLUCIONES%202014/3812.pdf HTTP/1.0" 200 714558
156.59.198.136 - - [09/Jan/2024:04:21:15 -0500] "GET /BLA/resoluciones/RESOLUCIONES%202014/3739.pdf HTTP/1.0" 200 797045
156.59.198.135 - - [09/Jan/2024:04:21:39 -0500] "GET /BLA/resoluciones/RESOLUCIONES%202021/1960.pdf HTTP/1.0" 200 374412
156.59.198.136 - - [09/Jan/2024:04:22:03 -0500] "GET /BLA/resoluciones/RESOLUCIONES%202021/0788.pdf HTTP/1.0" 200 341672
201.245.192.253 - - [09/Jan/2024:04:22:03 -0500] "POST /kwsrmcab/Wsrmcab  HTTP/1.1" 200 36937
156.59.198.136 - - [09/Jan/2024:04:22:29 -0500] "GET /BLA/resoluciones/RESOLUCIONES%202014/3875.pdf HTTP/1.0" 200 403167
156.59.198.136 - - [09/Jan/2024:04:22:52 -0500] "GET /BLA/resoluciones/RESOLUCIONES%202014/3656.pdf HTTP/1.0" 200 4575920
156.59.198.136 - - [09/Jan/2024:04:23:16 -0500] "GET /BLA/resoluciones/RESOLUCIONES%202014/3774.pdf HTTP/1.0" 200 591414
156.59.198.136 - - [09/Jan/2024:04:23:40 -0500] "GET /BLA/resoluciones/RESOLUCIONES%202021/1994.pdf HTTP/1.0" 200 404753
156.59.198.136 - - [09/Jan/2024:04:24:04 -0500] "GET /BLA/resoluciones/RESOLUCIONES%202021/1350.pdf HTTP/1.0" 200 419030
156.59.198.135 - - [09/Jan/2024:04:24:29 -0500] "GET /BLA/resoluciones/RESOLUCIONES%202014/3400.pdf HTTP/1.0" 200 682861
156.59.198.136 - - [09/Jan/2024:04:24:52 -0500] "GET /BLA/resoluciones/RESOLUCIONES%202014/3429.pdf HTTP/1.0" 200 632199
201.245.192.253 - - [09/Jan/2024:04:25:00 -0500] "POST /kwsrmcab/Wsrmcab HTTP/1.1" 200 36289
201.245.192.253 - - [09/Jan/2024:04:25:03 -0500] "POST /kwsrmcab/Wsrmcab HTTP/1.1" 200 36791
156.59.198.135 - - [09/Jan/2024:04:25:16 -0500] "GET /BLA/resoluciones/RESOLUCIONES%202014/3778.pdf HTTP/1.0" 200 524327
172.22.2.4 - - [09/Jan/2024:04:23:47 -0500] "HEAD /BLA/boletinlegal/ HTTP/1.1" 200 -
216.245.221.92 - - [09/Jan/2024:04:25:28 -0500] "HEAD / HTTP/1.1" 200 -
156.59.198.136 - - [09/Jan/2024:04:25:41 -0500] "GET /BLA/resoluciones/RESOLUCIONES%202014/3311.pdf HTTP/1.0" 200 625558
156.59.198.136 - - [09/Jan/2024:04:26:06 -0500] "GET /BLA/resoluciones/RESOLUCIONES%202021/1902.pdf HTTP/1.0" 200 338780
172.22.2.4 - - [09/Jan/2024:04:24:38 -0500] "GET /BLA/boletinlegal/ HTTP/1.1" 200 60502
156.59.198.136 - - [09/Jan/2024:04:26:32 -0500] "GET /BLA/resoluciones/RESOLUCIONES%202014/3876.pdf HTTP/1.0" 200 443737
156.59.198.136 - - [09/Jan/2024:04:26:55 -0500] "GET /BLA/resoluciones/RESOLUCIONES%202014/3673.pdf HTTP/1.0" 200 879486
201.245.192.253 - - [09/Jan/2024:04:27:02 -0500] "POST /kwsrmcab/Wsrmcab  HTTP/1.1" 200 36937
156.59.198.135 - - [09/Jan/2024:04:27:20 -0500] "GET /BLA/resoluciones/RESOLUCIONES%202021/0618.pdf HTTP/1.0" 200 355991
66.249.66.19 - - [09/Jan/2024:04:27:39 -0500] "GET /BLA/resoluciones/Autos%202008/1657.pdf HTTP/1.1" 200 320589
156.59.198.135 - - [09/Jan/2024:04:27:45 -0500] "GET /BLA/resoluciones/RESOLUCIONES%202021/1430.pdf HTTP/1.0" 200 380148
156.59.198.135 - - [09/Jan/2024:04:28:10 -0500] "GET /BLA/resoluciones/RESOLUCIONES%202014/3779.pdf HTTP/1.0" 200 882470
156.59.198.135 - - [09/Jan/2024:04:28:34 -0500] "GET /BLA/resoluciones/RESOLUCIONES%202021/1894.pdf HTTP/1.0" 200 351503
156.59.198.135 - - [09/Jan/2024:04:28:59 -0500] "GET /BLA/resoluciones/RESOLUCIONES%202021/1144.pdf HTTP/1.0" 200 323876
201.245.192.253 - - [09/Jan/2024:04:29:15 -0500] "POST /kwsrmcab/Wsrmcab HTTP/1.1" 200 36289
156.59.198.136 - - [09/Jan/2024:04:29:23 -0500] "GET /BLA/resoluciones/RESOLUCIONES%202014/3909.pdf HTTP/1.0" 200 568689
156.59.198.136 - - [09/Jan/2024:04:29:49 -0500] "GET /BLA/resoluciones/RESOLUCIONES%202014/3372.pdf HTTP/1.0" 200 682544
201.245.192.253 - - [09/Jan/2024:04:29:54 -0500] "POST /kwsrmcab/Wsrmcab HTTP/1.1" 200 36791
156.59.198.136 - - [09/Jan/2024:04:30:13 -0500] "GET /BLA/resoluciones/RESOLUCIONES%202021/1912.pdf HTTP/1.0" 200 350980
216.245.221.92 - - [09/Jan/2024:04:30:28 -0500] "HEAD / HTTP/1.1" 200 -
156.59.198.135 - - [09/Jan/2024:04:30:37 -0500] "GET /BLA/resoluciones/RESOLUCIONES%202014/3773.pdf HTTP/1.0" 200 451470
156.59.198.136 - - [09/Jan/2024:04:31:00 -0500] "GET /BLA/resoluciones/RESOLUCIONES%202021/1367.pdf HTTP/1.0" 200 364533
172.22.2.4 - - [09/Jan/2024:04:29:37 -0500] "HEAD /BLA/boletinlegal/ HTTP/1.1" 200 -
156.59.198.135 - - [09/Jan/2024:04:31:25 -0500] "GET /BLA/resoluciones/RESOLUCIONES%202021/1926.pdf HTTP/1.0" 200 317753
66.249.66.20 - - [09/Jan/2024:04:31:40 -0500] "GET /resoluciones/RESOLUCIONES%202007/RES%202007%202801%20AL%202900/RESOLUCION%202836%20DE%202007.pdf HTTP/1.1" 404 1018
156.59.198.136 - - [09/Jan/2024:04:31:50 -0500] "GET /BLA/resoluciones/RESOLUCIONES%202014/3444.pdf HTTP/1.0" 200 845577
201.245.192.253 - - [09/Jan/2024:04:31:59 -0500] "POST /kwsrmcab/Wsrmcab  HTTP/1.1" 200 36937
172.22.2.4 - - [09/Jan/2024:04:30:28 -0500] "GET /BLA/boletinlegal/ HTTP/1.1" 200 60910
156.59.198.136 - - [09/Jan/2024:04:32:15 -0500] "GET /BLA/resoluciones/RESOLUCIONES%202021/1099.pdf HTTP/1.0" 200 347194
66.249.66.21 - - [09/Jan/2024:04:32:18 -0500] "GET /Residuos/quimicos/files/guia_quimicos.pdf HTTP/1.1" 200 15440844
66.249.66.21 - - [09/Jan/2024:04:32:26 -0500] "GET /Publicaciones/2023EE301694.pdf HTTP/1.1" 404 228
156.59.198.135 - - [09/Jan/2024:04:32:40 -0500] "GET /BLA/resoluciones/RESOLUCIONES%202021/1743.pdf HTTP/1.0" 200 352079
156.59.198.135 - - [09/Jan/2024:04:33:04 -0500] "GET /BLA/resoluciones/RESOLUCIONES%202021/0611.pdf HTTP/1.0" 200 396210
156.59.198.135 - - [09/Jan/2024:04:33:29 -0500] "GET /BLA/resoluciones/RESOLUCIONES%202014/3419.pdf HTTP/1.0" 200 580611
156.59.198.135 - - [09/Jan/2024:04:33:52 -0500] "GET /BLA/resoluciones/RESOLUCIONES%202021/1024.pdf HTTP/1.0" 200 407201
156.59.198.136 - - [09/Jan/2024:04:34:17 -0500] "GET /BLA/resoluciones/RESOLUCIONES%202021/0342.pdf HTTP/1.0" 200 363906
156.59.198.135 - - [09/Jan/2024:04:34:41 -0500] "GET /BLA/resoluciones/RESOLUCIONES%202021/0050.pdf HTTP/1.0" 200 413727
201.245.192.253 - - [09/Jan/2024:04:35:00 -0500] "POST /kwsrmcab/Wsrmcab HTTP/1.1" 200 36289
201.245.192.253 - - [09/Jan/2024:04:35:03 -0500] "POST /kwsrmcab/Wsrmcab HTTP/1.1" 200 36791
156.59.198.135 - - [09/Jan/2024:04:35:07 -0500] "GET /BLA/resoluciones/RESOLUCIONES%202014/3961.pdf HTTP/1.0" 200 708932
216.245.221.92 - - [09/Jan/2024:04:35:28 -0500] "HEAD / HTTP/1.1" 200 -
156.59.198.135 - - [09/Jan/2024:04:35:30 -0500] "GET /BLA/resoluciones/RESOLUCIONES%202014/3806.pdf HTTP/1.0" 200 695451
156.59.198.136 - - [09/Jan/2024:04:35:55 -0500] "GET /BLA/resoluciones/RESOLUCIONES%202021/1156.pdf HTTP/1.0" 200 325795
156.59.198.135 - - [09/Jan/2024:04:36:19 -0500] "GET /BLA/resoluciones/RESOLUCIONES%202014/3486.pdf HTTP/1.0" 200 664796
156.59.198.136 - - [09/Jan/2024:04:36:43 -0500] "GET /BLA/resoluciones/RESOLUCIONES%202021/1662-.pdf HTTP/1.0" 200 174795
216.244.66.195 - - [09/Jan/2024:04:36:59 -0500] "GET /robots.txt HTTP/1.1" 404 1018
201.245.192.253 - - [09/Jan/2024:04:36:58 -0500] "POST /kwsrmcab/Wsrmcab  HTTP/1.1" 200 36937
172.22.2.4 - - [09/Jan/2024:04:35:27 -0500] "HEAD /BLA/boletinlegal/ HTTP/1.1" 200 -
156.59.198.135 - - [09/Jan/2024:04:37:08 -0500] "GET /BLA/resoluciones/RESOLUCIONES%202021/0263.pdf HTTP/1.0" 200 372842
17.241.227.62 - - [09/Jan/2024:04:37:31 -0500] "GET /alianza-entre-secretaria-de-ambiente-y-universidad-piloto-para-capacitar-y-fortalecer-a-las-mujeres-que-reverdecen.html HTTP/1.1" 200 950
156.59.198.135 - - [09/Jan/2024:04:37:32 -0500] "GET /BLA/resoluciones/RESOLUCIONES%202021/1966.pdf HTTP/1.0" 200 343061
156.59.198.135 - - [09/Jan/2024:04:37:56 -0500] "GET /BLA/resoluciones/RESOLUCIONES%202021/1976.pdf HTTP/1.0" 200 380877
172.22.2.4 - - [09/Jan/2024:04:36:18 -0500] "GET /BLA/boletinlegal/ HTTP/1.1" 200 60502
156.59.198.136 - - [09/Jan/2024:04:38:19 -0500] "GET /BLA/resoluciones/RESOLUCIONES%202021/0237.pdf HTTP/1.0" 200 328198
156.59.198.135 - - [09/Jan/2024:04:38:43 -0500] "GET /BLA/resoluciones/RESOLUCIONES%202014/3452.pdf HTTP/1.0" 200 711914
156.59.198.136 - - [09/Jan/2024:04:39:08 -0500] "GET /BLA/resoluciones/RESOLUCIONES%202014/3380.pdf HTTP/1.0" 200 662691
201.245.192.253 - - [09/Jan/2024:04:39:14 -0500] "POST /kwsrmcab/Wsrmcab HTTP/1.1" 200 36289
156.59.198.135 - - [09/Jan/2024:04:39:32 -0500] "GET /BLA/resoluciones/RESOLUCIONES%202014/3921.pdf HTTP/1.0" 200 577435
156.59.198.135 - - [09/Jan/2024:04:39:56 -0500] "GET /BLA/resoluciones/RESOLUCIONES%202014/3490.pdf HTTP/1.0" 200 653828
201.245.192.253 - - [09/Jan/2024:04:39:54 -0500] "POST /kwsrmcab/Wsrmcab HTTP/1.1" 200 36791
156.59.198.136 - - [09/Jan/2024:04:40:20 -0500] "GET /BLA/resoluciones/RESOLUCIONES%202014/3376.pdf HTTP/1.0" 200 699800
216.245.221.92 - - [09/Jan/2024:04:40:28 -0500] "HEAD / HTTP/1.1" 200 -
156.59.198.136 - - [09/Jan/2024:04:40:45 -0500] "GET /BLA/resoluciones/RESOLUCIONES%202021/1797.pdf HTTP/1.0" 200 346061
156.59.198.135 - - [09/Jan/2024:04:41:09 -0500] "GET /BLA/resoluciones/RESOLUCIONES%202021/0340.pdf HTTP/1.0" 200 379351
156.59.198.136 - - [09/Jan/2024:04:41:33 -0500] "GET /BLA/resoluciones/RESOLUCIONES%202021/0898.pdf HTTP/1.0" 200 378625
156.59.198.136 - - [09/Jan/2024:04:41:57 -0500] "GET /BLA/resoluciones/RESOLUCIONES%202021/1517.pdf HTTP/1.0" 200 334524
201.245.192.253 - - [09/Jan/2024:04:41:56 -0500] "POST /kwsrmcab/Wsrmcab  HTTP/1.1" 200 36937
156.59.198.136 - - [09/Jan/2024:04:42:22 -0500] "GET /BLA/resoluciones/RESOLUCIONES%202014/3399.pdf HTTP/1.0" 200 491626
156.59.198.136 - - [09/Jan/2024:04:42:46 -0500] "GET /BLA/resoluciones/RESOLUCIONES%202014/3440.pdf HTTP/1.0" 200 582144
172.22.2.4 - - [09/Jan/2024:04:41:17 -0500] "HEAD /BLA/boletinlegal/ HTTP/1.1" 200 -
156.59.198.136 - - [09/Jan/2024:04:43:10 -0500] "GET /BLA/resoluciones/RESOLUCIONES%202021/0303.pdf HTTP/1.0" 200 419050
172.104.11.34 - - [09/Jan/2024:04:43:22 -0500] "\x16\x03\x01" 400 226
156.59.198.135 - - [09/Jan/2024:04:43:34 -0500] "GET /BLA/resoluciones/RESOLUCIONES%202021/1840.pdf HTTP/1.0" 200 363207
172.22.2.4 - - [09/Jan/2024:04:42:08 -0500] "GET /BLA/boletinlegal/ HTTP/1.1" 200 60910
156.59.198.136 - - [09/Jan/2024:04:43:58 -0500] "GET /BLA/resoluciones/RESOLUCIONES%202021/0236.pdf HTTP/1.0" 200 349442
156.59.198.136 - - [09/Jan/2024:04:44:23 -0500] "GET /BLA/resoluciones/RESOLUCIONES%202014/3436.pdf HTTP/1.0" 200 702467
156.59.198.136 - - [09/Jan/2024:04:44:48 -0500] "GET /BLA/resoluciones/RESOLUCIONES%202021/0226.pdf HTTP/1.0" 200 337458
168.119.253.11 - - [09/Jan/2024:04:44:48 -0500] "GET / HTTP/1.1" 200 319
168.119.253.11 - - [09/Jan/2024:04:44:48 -0500] "GET / HTTP/1.1" 200 4720
156.59.198.135 - - [09/Jan/2024:04:45:11 -0500] "GET /BLA/resoluciones/RESOLUCIONES%202014/3785.pdf HTTP/1.0" 200 933355
17.241.227.40 - - [09/Jan/2024:04:45:15 -0500] "GET /secretaria-de-ambiente-instalo-la-primera-etiqueta-vehicular-ambiental-eva-en-un-auto-particular-de-bogota.html HTTP/1.1" 200 945
216.245.221.92 - - [09/Jan/2024:04:45:28 -0500] "HEAD / HTTP/1.1" 200 -
156.59.198.136 - - [09/Jan/2024:04:45:35 -0500] "GET /BLA/resoluciones/RESOLUCIONES%202014/3703.pdf HTTP/1.0" 200 812659
156.59.198.136 - - [09/Jan/2024:04:45:59 -0500] "GET /BLA/resoluciones/RESOLUCIONES%202014/3801.pdf HTTP/1.0" 200 1959629
156.59.198.136 - - [09/Jan/2024:04:46:23 -0500] "GET /BLA/resoluciones/RESOLUCIONES%202021/0572.pdf HTTP/1.0" 200 387235
156.59.198.136 - - [09/Jan/2024:04:46:48 -0500] "GET /BLA/resoluciones/RESOLUCIONES%202014/3378.pdf HTTP/1.0" 200 665349
201.245.192.253 - - [09/Jan/2024:04:46:55 -0500] "POST /kwsrmcab/Wsrmcab  HTTP/1.1" 200 36937
156.59.198.135 - - [09/Jan/2024:04:47:12 -0500] "GET /BLA/resoluciones/RESOLUCIONES%202014/3882.pdf HTTP/1.0" 200 1074867
156.59.198.136 - - [09/Jan/2024:04:47:39 -0500] "GET /BLA/resoluciones/RESOLUCIONES%202021/0646.pdf HTTP/1.0" 200 392699
66.249.66.19 - - [09/Jan/2024:04:47:53 -0500] "GET /BLA/resoluciones/RESOLUCIONES%202010/4778.pdf HTTP/1.1" 200 444951
156.59.198.136 - - [09/Jan/2024:04:48:02 -0500] "GET /BLA/resoluciones/RESOLUCIONES%202021/1044.pdf HTTP/1.0" 200 332979
156.59.198.136 - - [09/Jan/2024:04:48:27 -0500] "GET /BLA/resoluciones/RESOLUCIONES%202014/3666.pdf HTTP/1.0" 200 375913
172.22.2.4 - - [09/Jan/2024:04:47:07 -0500] "HEAD /BLA/boletinlegal/ HTTP/1.1" 200 -
156.59.198.135 - - [09/Jan/2024:04:48:48 -0500] "GET /BLA/resoluciones/RESOLUCIONES%202021/0646.pdf HTTP/1.0" 206 302830
156.59.198.135 - - [09/Jan/2024:04:48:52 -0500] "GET /BLA/resoluciones/RESOLUCIONES%202021/1609.pdf HTTP/1.0" 200 338943
52.167.144.187 - - [09/Jan/2024:04:49:13 -0500] "GET /BLA/resoluciones/AUTOS%202019/4373.pdf HTTP/1.1" 200 295223
156.59.198.135 - - [09/Jan/2024:04:49:16 -0500] "GET /BLA/resoluciones/RESOLUCIONES%202014/3470.pdf HTTP/1.0" 200 2914606
172.22.2.4 - - [09/Jan/2024:04:47:58 -0500] "GET /BLA/boletinlegal/ HTTP/1.1" 200 60910
156.59.198.136 - - [09/Jan/2024:04:49:41 -0500] "GET /BLA/resoluciones/RESOLUCIONES%202021/1070.pdf HTTP/1.0" 200 374447
156.59.198.135 - - [09/Jan/2024:04:50:04 -0500] "GET /BLA/resoluciones/RESOLUCIONES%202021/1808.pdf HTTP/1.0" 200 345965
216.245.221.92 - - [09/Jan/2024:04:50:28 -0500] "HEAD / HTTP/1.1" 200 -
156.59.198.136 - - [09/Jan/2024:04:50:29 -0500] "GET /BLA/resoluciones/RESOLUCIONES%202014/3908.pdf HTTP/1.0" 200 619995
192.133.77.15 - - [09/Jan/2024:04:50:50 -0500] "GET /si-tienes-ropa-y-calzado-que-ya-no-usas-aca-te-presentamos-seis-puntos-a-donde-los-puedes-llevar.html HTTP/1.1" 200 872
192.133.77.16 - - [09/Jan/2024:04:50:53 -0500] "GET /images/prendas-1_optimized.jpeg HTTP/1.1" 200 65869
156.59.198.135 - - [09/Jan/2024:04:50:54 -0500] "GET /BLA/resoluciones/RESOLUCIONES%202021/0486.pdf HTTP/1.0" 200 377435
156.59.198.135 - - [09/Jan/2024:04:51:19 -0500] "GET /BLA/resoluciones/RESOLUCIONES%202007/RES%202007%201601%20AL%201725/RESOLUCION%201601%20DE%202007.pdf HTTP/1.0" 200 711290
66.249.66.20 - - [09/Jan/2024:04:51:38 -0500] "GET /BLA/resoluciones/RESOLUCIONES%202009/1931.pdf HTTP/1.1" 200 590321
156.59.198.135 - - [09/Jan/2024:04:51:43 -0500] "GET /BLA/resoluciones/RESOLUCIONES%202014/3555.pdf HTTP/1.0" 200 819723
201.245.192.253 - - [09/Jan/2024:04:51:54 -0500] "POST /kwsrmcab/Wsrmcab  HTTP/1.1" 200 36937
156.59.198.136 - - [09/Jan/2024:04:52:07 -0500] "GET /BLA/resoluciones/RESOLUCIONES%202021/1045.pdf HTTP/1.0" 200 338954
156.59.198.135 - - [09/Jan/2024:04:52:31 -0500] "GET /BLA/resoluciones/RESOLUCIONES%202021/1534.pdf HTTP/1.0" 200 393856
156.59.198.136 - - [09/Jan/2024:04:52:57 -0500] "GET /BLA/resoluciones/RESOLUCIONES%202021/1022.pdf HTTP/1.0" 200 401857
156.59.198.136 - - [09/Jan/2024:04:53:20 -0500] "GET /BLA/resoluciones/RESOLUCIONES%202014/4004.pdf HTTP/1.0" 200 931254
66.249.66.20 - - [09/Jan/2024:04:53:30 -0500] "GET /BLA/resoluciones/RESOLUCIONES%202010/5185.pdf HTTP/1.1" 200 849599
172.22.2.4 - - [09/Jan/2024:04:51:56 -0500] "POST /BLA/boletinlegal/ HTTP/1.1" 200 57291
66.249.66.19 - - [09/Jan/2024:04:53:36 -0500] "GET /BLA/resoluciones/RESOLUCIONES%202010/7175.pdf HTTP/1.1" 200 50738
156.59.198.136 - - [09/Jan/2024:04:53:46 -0500] "GET /BLA/resoluciones/RESOLUCIONES%202021/0227.pdf HTTP/1.0" 200 339068
156.59.198.135 - - [09/Jan/2024:04:54:09 -0500] "GET /BLA/resoluciones/RESOLUCIONES%202021/1995.pdf HTTP/1.0" 200 414935
156.59.198.135 - - [09/Jan/2024:04:54:34 -0500] "GET /BLA/resoluciones/RESOLUCIONES%202014/3422.pdf HTTP/1.0" 200 631965
172.22.2.4 - - [09/Jan/2024:04:52:57 -0500] "HEAD /BLA/boletinlegal/ HTTP/1.1" 200 -
156.59.198.135 - - [09/Jan/2024:04:54:59 -0500] "GET /BLA/resoluciones/RESOLUCIONES%202014/3469.pdf HTTP/1.0" 200 764916
156.59.198.136 - - [09/Jan/2024:04:55:23 -0500] "GET /BLA/resoluciones/RESOLUCIONES%202021/0036.pdf HTTP/1.0" 200 356755
172.22.2.4 - - [09/Jan/2024:04:53:48 -0500] "GET /BLA/boletinlegal/ HTTP/1.1" 200 45856
216.245.221.92 - - [09/Jan/2024:04:55:28 -0500] "HEAD / HTTP/1.1" 200 -
156.59.198.136 - - [09/Jan/2024:04:55:47 -0500] "GET /BLA/resoluciones/RESOLUCIONES%202021/0624.pdf HTTP/1.0" 200 385946
172.22.2.4 - - [09/Jan/2024:04:54:18 -0500] "GET /BLA/boletinlegal/ HTTP/1.1" 200 48892
156.59.198.136 - - [09/Jan/2024:04:56:11 -0500] "GET /BLA/resoluciones/RESOLUCIONES%202014/3403.pdf HTTP/1.0" 200 662275
66.249.66.21 - - [09/Jan/2024:04:56:36 -0500] "GET /BLA/resoluciones/AUTOS%202009/0021.pdf HTTP/1.1" 200 186346
156.59.198.135 - - [09/Jan/2024:04:56:37 -0500] "GET /BLA/resoluciones/RESOLUCIONES%202021/1604.pdf HTTP/1.0" 200 348142
201.245.192.253 - - [09/Jan/2024:04:56:51 -0500] "POST /kwsrmcab/Wsrmcab  HTTP/1.1" 200 36937
156.59.198.136 - - [09/Jan/2024:04:57:00 -0500] "GET /BLA/resoluciones/RESOLUCIONES%202021/1020.pdf HTTP/1.0" 200 402045
156.59.198.135 - - [09/Jan/2024:04:57:26 -0500] "GET /BLA/resoluciones/RESOLUCIONES%202021/1297.pdf HTTP/1.0" 200 343321
173.252.127.5 - - [09/Jan/2024:04:57:35 -0500] "GET /dia-internacional-de-la-tierra-cambio-de-habitos-para-su-proteccion-y-conservacion.html HTTP/1.1" 200 1014
156.59.198.135 - - [09/Jan/2024:04:57:50 -0500] "GET /BLA/resoluciones/RESOLUCIONES%202014/3758.pdf HTTP/1.0" 200 629825
66.249.66.20 - - [09/Jan/2024:04:58:06 -0500] "GET /BLA/resoluciones/RESOLUCIONES%202010/2300.pdf HTTP/1.1" 200 803943
156.59.198.135 - - [09/Jan/2024:04:58:15 -0500] "GET /BLA/resoluciones/RESOLUCIONES%202014/3910.pdf HTTP/1.0" 200 486012
156.59.198.135 - - [09/Jan/2024:04:58:39 -0500] "GET /BLA/resoluciones/RESOLUCIONES%202014/3536.pdf HTTP/1.0" 200 398306
156.59.198.135 - - [09/Jan/2024:04:59:03 -0500] "GET /BLA/resoluciones/RESOLUCIONES%202014/3907.pdf HTTP/1.0" 200 603396
156.59.198.135 - - [09/Jan/2024:04:59:28 -0500] "GET /BLA/resoluciones/RESOLUCIONES%202021/1872.pdf HTTP/1.0" 200 346058
156.59.198.135 - - [09/Jan/2024:04:59:51 -0500] "GET /BLA/resoluciones/RESOLUCIONES%202021/1989.pdf HTTP/1.0" 200 361502
173.252.127.14 - - [09/Jan/2024:05:00:06 -0500] "GET /inicia-el-2024-conociendo-la-biodiversidad-de-bogoti.html HTTP/1.1" 200 894
156.59.198.135 - - [09/Jan/2024:05:00:16 -0500] "GET /BLA/resoluciones/RESOLUCIONES%202021/1522.pdf HTTP/1.0" 200 320715
172.22.2.4 - - [09/Jan/2024:04:58:47 -0500] "HEAD /BLA/boletinlegal/ HTTP/1.1" 200 -
216.245.221.92 - - [09/Jan/2024:05:00:28 -0500] "HEAD / HTTP/1.1" 200 -
156.59.198.135 - - [09/Jan/2024:05:00:41 -0500] "GET /BLA/resoluciones/RESOLUCIONES%202021/1643.pdf HTTP/1.0" 200 344095
156.59.198.135 - - [09/Jan/2024:05:01:06 -0500] "GET /BLA/resoluciones/RESOLUCIONES%202021/0087.pdf HTTP/1.0" 200 335241
172.22.2.4 - - [09/Jan/2024:04:59:38 -0500] "GET /BLA/boletinlegal/ HTTP/1.1" 200 58567
156.59.198.136 - - [09/Jan/2024:05:01:30 -0500] "GET /BLA/resoluciones/RESOLUCIONES%202014/2684.pdf HTTP/1.0" 200 289319
201.245.192.253 - - [09/Jan/2024:05:01:51 -0500] "POST /kwsrmcab/Wsrmcab  HTTP/1.1" 200 36937
156.59.198.136 - - [09/Jan/2024:05:01:54 -0500] "GET /BLA/resoluciones/RESOLUCIONES%202014/4030.pdf HTTP/1.0" 200 256178
66.249.66.20 - - [09/Jan/2024:05:02:02 -0500] "GET /BLA/resoluciones/RESOLUCIONES%202007/RES%202007%20301%20AL%20400/RESOLUCION%200374%20DE%202007.pdf HTTP/1.1" 200 391014
156.59.198.135 - - [09/Jan/2024:05:02:19 -0500] "GET /BLA/resoluciones/RESOLUCIONES%202014/3438.pdf HTTP/1.0" 200 653332
156.59.198.136 - - [09/Jan/2024:05:02:43 -0500] "GET /BLA/resoluciones/RESOLUCIONES%202014/3941.pdf HTTP/1.0" 200 1107203
156.59.198.135 - - [09/Jan/2024:05:03:07 -0500] "GET /BLA/resoluciones/RESOLUCIONES%202014/3542.pdf HTTP/1.0" 200 963982
66.249.66.19 - - [09/Jan/2024:05:03:24 -0500] "GET /portel_dama/libreria/php/2006/ECOSISTEMAS%20FINAL%20web_mz27/restauracion/sitio/55_artic/xtras/10.pdf HTTP/1.1" 404 1018
156.59.198.136 - - [09/Jan/2024:05:03:32 -0500] "GET /BLA/resoluciones/RESOLUCIONES%202021/0231.pdf HTTP/1.0" 200 412739
156.59.198.135 - - [09/Jan/2024:05:03:56 -0500] "GET /BLA/resoluciones/RESOLUCIONES%202021/0261.pdf HTTP/1.0" 200 337215
34.34.1.208 - - [09/Jan/2024:05:04:10 -0500] "GET /distrito-exalto-a-246-empresas-de-bogota-por-su-alto-desempeno-y-responsabilidad-ambiental-durante-2023.html HTTP/1.1" 200 1039
156.59.198.136 - - [09/Jan/2024:05:04:20 -0500] "GET /BLA/resoluciones/RESOLUCIONES%202021/1963.pdf HTTP/1.0" 200 347883
47.128.38.8 - - [09/Jan/2024:05:05:01 -0500] "GET /AFLUENTESYEFUENTES/ HTTP/1.1" 200 4762
47.128.38.8 - - [09/Jan/2024:05:05:02 -0500] "GET /AFLUENTESYEFUENTES/files/js/swfobject.js HTTP/1.1" 200 10220
47.128.38.8 - - [09/Jan/2024:05:05:02 -0500] "GET /AFLUENTESYEFUENTES/files/js/swfaddress.js HTTP/1.1" 200 15916
156.59.198.135 - - [09/Jan/2024:05:05:07 -0500] "GET /BLA/resoluciones/RESOLUCIONES%202021/1023.pdf HTTP/1.0" 200 385217
216.245.221.92 - - [09/Jan/2024:05:05:28 -0500] "HEAD / HTTP/1.1" 200 -
156.59.198.135 - - [09/Jan/2024:05:05:33 -0500] "GET /BLA/resoluciones/RESOLUCIONES%202021/1899.pdf HTTP/1.0" 200 363906
156.59.198.136 - - [09/Jan/2024:05:05:57 -0500] "GET /BLA/resoluciones/RESOLUCIONES%202014/3640.pdf HTTP/1.0" 200 3791392
172.22.2.4 - - [09/Jan/2024:05:04:37 -0500] "HEAD /BLA/boletinlegal/ HTTP/1.1" 200 -
156.59.198.136 - - [09/Jan/2024:05:06:23 -0500] "GET /BLA/resoluciones/RESOLUCIONES%202014/3315.pdf HTTP/1.0" 200 609149
156.59.198.135 - - [09/Jan/2024:05:06:46 -0500] "GET /BLA/resoluciones/RESOLUCIONES%202021/1363.pdf HTTP/1.0" 200 309116
201.245.192.253 - - [09/Jan/2024:05:06:49 -0500] "POST /kwsrmcab/Wsrmcab  HTTP/1.1" 200 36937
172.22.2.4 - - [09/Jan/2024:05:05:28 -0500] "GET /BLA/boletinlegal/ HTTP/1.1" 200 58567
156.59.198.135 - - [09/Jan/2024:05:07:11 -0500] "GET /BLA/resoluciones/RESOLUCIONES%202014/3437.pdf HTTP/1.0" 200 724494
