156.59.198.135 - - [09/Jan/2024:05:07:34 -0500] "GET /BLA/resoluciones/RESOLUCIONES%202014/3790.pdf HTTP/1.0" 200 513303
156.59.198.136 - - [09/Jan/2024:05:07:59 -0500] "GET /BLA/resoluciones/RESOLUCIONES%202021/1979.pdf HTTP/1.0" 200 365201
156.59.198.135 - - [09/Jan/2024:05:08:23 -0500] "GET /BLA/resoluciones/RESOLUCIONES%202014/3537.pdf HTTP/1.0" 200 265368
17.241.227.148 - - [09/Jan/2024:05:08:28 -0500] "GET /el-agua-recurso-vital-para-la-conservacion-de-los-ecosistemas.html HTTP/1.1" 200 870
156.59.198.136 - - [09/Jan/2024:05:08:48 -0500] "GET /BLA/resoluciones/RESOLUCIONES%202014/3395.pdf HTTP/1.0" 200 583030
156.59.198.136 - - [09/Jan/2024:05:09:11 -0500] "GET /BLA/resoluciones/RESOLUCIONES%202014/3881.pdf HTTP/1.0" 200 205212
156.59.198.136 - - [09/Jan/2024:05:09:36 -0500] "GET /BLA/resoluciones/RESOLUCIONES%202014/3547.pdf HTTP/1.0" 200 1236611
156.59.198.136 - - [09/Jan/2024:05:10:01 -0500] "GET /BLA/resoluciones/RESOLUCIONES%202021/0228.pdf HTTP/1.0" 200 347025
47.128.112.142 - - [09/Jan/2024:05:10:26 -0500] "GET /BLA/resoluciones/index.php?dir=RESOLUCIONES%202007%2FRES%202007%203201%20AL%203300%2F&order=asc&sort=size HTTP/1.1" 200 27414
47.128.112.142 - - [09/Jan/2024:05:10:27 -0500] "GET /BLA/resoluciones/dlf/pdf.gif HTTP/1.1" 200 272
47.128.112.142 - - [09/Jan/2024:05:10:27 -0500] "GET /BLA/resoluciones/dlf/dirup.png HTTP/1.1" 200 644
216.245.221.92 - - [09/Jan/2024:05:10:28 -0500] "HEAD / HTTP/1.1" 200 -
156.59.198.136 - - [09/Jan/2024:05:10:49 -0500] "GET /BLA/resoluciones/RESOLUCIONES%202014/4032.pdf HTTP/1.0" 200 756312
156.59.198.136 - - [09/Jan/2024:05:11:12 -0500] "GET /BLA/resoluciones/RESOLUCIONES%202014/3857.pdf HTTP/1.0" 200 564020
156.59.198.135 - - [09/Jan/2024:05:11:36 -0500] "GET /BLA/resoluciones/RESOLUCIONES%202014/3462.pdf HTTP/1.0" 200 736168
201.245.192.253 - - [09/Jan/2024:05:11:48 -0500] "POST /kwsrmcab/Wsrmcab  HTTP/1.1" 200 36937
156.59.198.136 - - [09/Jan/2024:05:12:01 -0500] "GET /BLA/resoluciones/RESOLUCIONES%202014/3410.pdf HTTP/1.0" 200 1506460
172.22.2.4 - - [09/Jan/2024:05:10:27 -0500] "HEAD /BLA/boletinlegal/ HTTP/1.1" 200 -
156.59.198.135 - - [09/Jan/2024:05:12:25 -0500] "GET /BLA/resoluciones/RESOLUCIONES%202014/3884.pdf HTTP/1.0" 200 217617
156.59.198.136 - - [09/Jan/2024:05:12:50 -0500] "GET /BLA/resoluciones/RESOLUCIONES%202014/4038.pdf HTTP/1.0" 200 607907
172.22.2.4 - - [09/Jan/2024:05:11:18 -0500] "GET /BLA/boletinlegal/ HTTP/1.1" 200 59330
156.59.198.136 - - [09/Jan/2024:05:13:14 -0500] "GET /BLA/resoluciones/RESOLUCIONES%202014/3827.pdf HTTP/1.0" 200 387641
40.77.167.79 - - [09/Jan/2024:05:13:19 -0500] "GET /images/Caminatas%20(1)%20(2).jpeg HTTP/1.1" 200 81411
156.59.198.136 - - [09/Jan/2024:05:13:39 -0500] "GET /BLA/resoluciones/RESOLUCIONES%202014/3394.pdf HTTP/1.0" 200 209246
156.59.198.136 - - [09/Jan/2024:05:14:03 -0500] "GET /BLA/resoluciones/RESOLUCIONES%202007/RES%202007%201601%20AL%201725/RESOLUCION%201604%20DE%202007.pdf HTTP/1.0" 200 212237
156.59.198.136 - - [09/Jan/2024:05:14:29 -0500] "GET /BLA/resoluciones/RESOLUCIONES%202021/0060.pdf HTTP/1.0" 200 328755
156.59.198.136 - - [09/Jan/2024:05:14:54 -0500] "GET /BLA/resoluciones/RESOLUCIONES%202021/0580.pdf HTTP/1.0" 200 393623
201.245.192.253 - - [09/Jan/2024:05:15:00 -0500] "POST /kwsrmcab/Wsrmcab HTTP/1.1" 200 36450
201.245.192.253 - - [09/Jan/2024:05:15:03 -0500] "POST /kwsrmcab/Wsrmcab HTTP/1.1" 200 36807
66.249.66.20 - - [09/Jan/2024:05:15:14 -0500] "GET /resoluciones/RESOLUCIONES%202009/7425.pdf HTTP/1.1" 404 1018
156.59.198.136 - - [09/Jan/2024:05:15:18 -0500] "GET /BLA/resoluciones/RESOLUCIONES%202021/1908.pdf HTTP/1.0" 200 349425
216.245.221.92 - - [09/Jan/2024:05:15:28 -0500] "HEAD / HTTP/1.1" 200 -
156.59.198.135 - - [09/Jan/2024:05:15:42 -0500] "GET /BLA/resoluciones/RESOLUCIONES%202021/0234.pdf HTTP/1.0" 200 347265
156.59.198.135 - - [09/Jan/2024:05:16:06 -0500] "GET /BLA/resoluciones/RESOLUCIONES%202021/0014.pdf HTTP/1.0" 200 320451
156.59.198.135 - - [09/Jan/2024:05:16:31 -0500] "GET /BLA/resoluciones/RESOLUCIONES%202021/0402.pdf HTTP/1.0" 200 389416
17.241.227.58 - - [09/Jan/2024:05:16:34 -0500] "GET /secretaria-de-ambiente-inicia-campana-de-proteccion-y-conservacion-de-musgo-para-epoca-de-navidad.html HTTP/1.1" 200 876
66.249.66.20 - - [09/Jan/2024:05:16:40 -0500] "GET /BLA/resoluciones/RESOLUCIONES%202008/1038.pdf HTTP/1.1" 200 588497
201.245.192.253 - - [09/Jan/2024:05:16:46 -0500] "POST /kwsrmcab/Wsrmcab  HTTP/1.1" 200 36937
52.167.144.136 - - [09/Jan/2024:05:16:53 -0500] "GET /galeria/galeria/jquery.fancybox.css?v=2.1.5 HTTP/1.1" 200 4895
156.59.198.136 - - [09/Jan/2024:05:16:56 -0500] "GET /BLA/resoluciones/RESOLUCIONES%202021/1886.pdf HTTP/1.0" 200 397685
207.46.13.141 - - [09/Jan/2024:05:16:58 -0500] "GET /galeria/galeria/jquery.fancybox.js?v=2.1.5 HTTP/1.1" 200 48706
156.59.198.135 - - [09/Jan/2024:05:17:20 -0500] "GET /BLA/resoluciones/RESOLUCIONES%202014/3533.pdf HTTP/1.0" 200 921245
216.244.66.195 - - [09/Jan/2024:05:17:27 -0500] "GET /BLA/resoluciones/RESOLUCIONES%202017/2292.pdf HTTP/1.1" 200 744819
216.244.66.195 - - [09/Jan/2024:05:17:33 -0500] "GET /BLA/resoluciones/RESOLUCIONES%202017/2316.pdf HTTP/1.1" 200 2004717
66.249.66.20 - - [09/Jan/2024:05:17:44 -0500] "GET /portel_dama/libreria/php/2006/ECOSISTEMAS%20FINAL%20web_mz27/x%20restauracion/sitio/22_proye/xtras_in/cni_3.pdf HTTP/1.1" 404 1018
156.59.198.135 - - [09/Jan/2024:05:17:44 -0500] "GET /BLA/resoluciones/RESOLUCIONES%202014/3319.pdf HTTP/1.0" 200 998071
172.22.2.4 - - [09/Jan/2024:05:16:17 -0500] "HEAD /BLA/boletinlegal/ HTTP/1.1" 200 -
156.59.198.136 - - [09/Jan/2024:05:18:08 -0500] "GET /BLA/resoluciones/RESOLUCIONES%202021/0018.pdf HTTP/1.0" 200 401778
216.244.66.195 - - [09/Jan/2024:05:18:16 -0500] "GET /BLA/resoluciones/RESOLUCIONES%202017/2441.pdf HTTP/1.1" 200 464907
156.59.198.136 - - [09/Jan/2024:05:18:33 -0500] "GET /BLA/resoluciones/RESOLUCIONES%202021/1531.pdf HTTP/1.0" 200 423739
216.244.66.195 - - [09/Jan/2024:05:18:47 -0500] "GET /BLA/resoluciones/RESOLUCIONES%202017/2487.pdf HTTP/1.1" 200 300190
172.22.2.4 - - [09/Jan/2024:05:17:08 -0500] "GET /BLA/boletinlegal/ HTTP/1.1" 200 58172
156.59.198.136 - - [09/Jan/2024:05:18:57 -0500] "GET /BLA/resoluciones/RESOLUCIONES%202021/1899-.pdf HTTP/1.0" 200 242900
201.245.192.253 - - [09/Jan/2024:05:19:14 -0500] "POST /kwsrmcab/Wsrmcab HTTP/1.1" 200 36450
216.244.66.195 - - [09/Jan/2024:05:19:16 -0500] "GET /BLA/resoluciones/RESOLUCIONES%202017/3230.pdf HTTP/1.1" 200 9907202
156.59.198.136 - - [09/Jan/2024:05:19:21 -0500] "GET /BLA/resoluciones/RESOLUCIONES%202021/1652-.pdf HTTP/1.0" 200 335986
156.59.198.136 - - [09/Jan/2024:05:19:46 -0500] "GET /BLA/resoluciones/RESOLUCIONES%202014/3809.pdf HTTP/1.0" 200 647691
66.249.66.76 - - [09/Jan/2024:05:19:46 -0500] "GET /portaldeninos/2020/08/28/agua-2/ HTTP/1.1" 200 102184
66.249.66.75 - - [09/Jan/2024:05:19:49 -0500] "GET /portaldeninos/wp-content/themes/betheme/css/shortcodes.css?ver=20.9.6 HTTP/1.1" 200 138889
66.249.66.76 - - [09/Jan/2024:05:19:50 -0500] "GET /portaldeninos/wp-includes/js/comment-reply.min.js?ver=4.9.8 HTTP/1.1" 200 1078
66.249.66.76 - - [09/Jan/2024:05:19:52 -0500] "GET /portaldeninos/wp-content/plugins/gallery-videos/JS/Total-Soft-Gallery-Video-Widget.js?ver=4.9.8 HTTP/1.1" 200 80264
201.245.192.253 - - [09/Jan/2024:05:19:55 -0500] "POST /kwsrmcab/Wsrmcab HTTP/1.1" 200 36807
156.59.198.136 - - [09/Jan/2024:05:20:10 -0500] "GET /BLA/resoluciones/RESOLUCIONES%202014/3382.pdf HTTP/1.0" 200 662041
216.245.221.92 - - [09/Jan/2024:05:20:28 -0500] "HEAD / HTTP/1.1" 200 -
156.59.198.135 - - [09/Jan/2024:05:20:35 -0500] "GET /BLA/resoluciones/RESOLUCIONES%202014/3411.pdf HTTP/1.0" 200 452726
156.59.198.136 - - [09/Jan/2024:05:20:59 -0500] "GET /BLA/resoluciones/RESOLUCIONES%202021/0645.pdf HTTP/1.0" 200 382297
156.59.198.135 - - [09/Jan/2024:05:21:23 -0500] "GET /BLA/resoluciones/RESOLUCIONES%202007/RES%202007%201601%20AL%201725/RESOLUCION%201621%20A%201725%20DE%202007.pdf HTTP/1.0" 200 16382
201.245.192.253 - - [09/Jan/2024:05:21:44 -0500] "POST /kwsrmcab/Wsrmcab  HTTP/1.1" 200 36937
156.59.198.136 - - [09/Jan/2024:05:21:47 -0500] "GET /BLA/resoluciones/RESOLUCIONES%202014/3794.pdf HTTP/1.0" 200 583416
66.249.66.77 - - [09/Jan/2024:05:21:47 -0500] "GET /portaldeninos/wp-content/uploads/2020/11/Humedal-octubre-6-1024x512.jpg HTTP/1.1" 200 110569
156.59.198.136 - - [09/Jan/2024:05:22:11 -0500] "GET /BLA/resoluciones/RESOLUCIONES%202014/5350.pdf HTTP/1.0" 200 552203
156.59.198.135 - - [09/Jan/2024:05:22:35 -0500] "GET /BLA/resoluciones/RESOLUCIONES%202014/3396.pdf HTTP/1.0" 200 667366
156.59.198.136 - - [09/Jan/2024:05:22:59 -0500] "GET /BLA/resoluciones/RESOLUCIONES%202021/1903.pdf HTTP/1.0" 200 351570
156.59.198.136 - - [09/Jan/2024:05:23:24 -0500] "GET /BLA/resoluciones/RESOLUCIONES%202014/3349.pdf HTTP/1.0" 200 462959
172.22.2.4 - - [09/Jan/2024:05:22:07 -0500] "HEAD /BLA/boletinlegal/ HTTP/1.1" 200 -
156.59.198.135 - - [09/Jan/2024:05:23:48 -0500] "GET /BLA/resoluciones/RESOLUCIONES%202021/1815.pdf HTTP/1.0" 200 306101
156.59.198.135 - - [09/Jan/2024:05:24:12 -0500] "GET /BLA/resoluciones/RESOLUCIONES%202021/1965.pdf HTTP/1.0" 200 341012
156.59.198.136 - - [09/Jan/2024:05:24:36 -0500] "GET /BLA/resoluciones/RESOLUCIONES%202021/0721.pdf HTTP/1.0" 200 80177
172.22.2.4 - - [09/Jan/2024:05:22:58 -0500] "GET /BLA/boletinlegal/ HTTP/1.1" 200 58172
156.59.198.135 - - [09/Jan/2024:05:25:00 -0500] "GET /BLA/resoluciones/RESOLUCIONES%202014/3475.pdf HTTP/1.0" 200 2900360
201.245.192.253 - - [09/Jan/2024:05:25:00 -0500] "POST /kwsrmcab/Wsrmcab HTTP/1.1" 200 36450
201.245.192.253 - - [09/Jan/2024:05:25:03 -0500] "POST /kwsrmcab/Wsrmcab HTTP/1.1" 200 36807
156.59.198.136 - - [09/Jan/2024:05:25:25 -0500] "GET /BLA/resoluciones/RESOLUCIONES%202014/3425.pdf HTTP/1.0" 200 653518
216.245.221.92 - - [09/Jan/2024:05:25:28 -0500] "HEAD / HTTP/1.1" 200 -
156.59.198.135 - - [09/Jan/2024:05:25:50 -0500] "GET /BLA/resoluciones/RESOLUCIONES%202014/3826.pdf HTTP/1.0" 200 332876
156.59.198.135 - - [09/Jan/2024:05:26:15 -0500] "GET /BLA/resoluciones/RESOLUCIONES%202014/3534.pdf HTTP/1.0" 200 3022284
156.59.198.136 - - [09/Jan/2024:05:26:39 -0500] "GET /BLA/resoluciones/RESOLUCIONES%202021/1764.pdf HTTP/1.0" 200 362232
201.245.192.253 - - [09/Jan/2024:05:26:43 -0500] "POST /kwsrmcab/Wsrmcab  HTTP/1.1" 200 36937
156.59.198.135 - - [09/Jan/2024:05:27:04 -0500] "GET /BLA/resoluciones/RESOLUCIONES%202014/3456.pdf HTTP/1.0" 200 644548
156.59.198.135 - - [09/Jan/2024:05:27:28 -0500] "GET /BLA/resoluciones/RESOLUCIONES%202014/3430.pdf HTTP/1.0" 200 693906
156.59.198.135 - - [09/Jan/2024:05:27:53 -0500] "GET /BLA/resoluciones/RESOLUCIONES%202014/3313.pdf HTTP/1.0" 200 581435
156.59.198.135 - - [09/Jan/2024:05:28:17 -0500] "GET /BLA/resoluciones/RESOLUCIONES%202014/3502.pdf HTTP/1.0" 200 1078026
156.59.198.135 - - [09/Jan/2024:05:28:40 -0500] "GET /BLA/resoluciones/RESOLUCIONES%202021/1049.pdf HTTP/1.0" 200 336541
191.95.169.215 - - [09/Jan/2024:05:28:44 -0500] "GET /inicia-el-2024-conociendo-la-biodiversidad-de-bogoti.html?fbclid=IwAR1TPxZTz_fc_aldMCBNE-AErtalqFLHQNHe4v4cXmJ_s8zp4vN26T16oWA HTTP/1.1" 200 894
156.59.198.135 - - [09/Jan/2024:05:29:05 -0500] "GET /BLA/resoluciones/RESOLUCIONES%202014/3428.pdf HTTP/1.0" 200 884574
201.245.192.253 - - [09/Jan/2024:05:29:15 -0500] "POST /kwsrmcab/Wsrmcab HTTP/1.1" 200 36450
156.59.198.135 - - [09/Jan/2024:05:29:29 -0500] "GET /BLA/resoluciones/RESOLUCIONES%202014/3972.docx HTTP/1.0" 200 118300
172.22.2.4 - - [09/Jan/2024:05:27:57 -0500] "HEAD /BLA/boletinlegal/ HTTP/1.1" 200 -
156.59.198.136 - - [09/Jan/2024:05:29:53 -0500] "GET /BLA/resoluciones/RESOLUCIONES%202014/3692.pdf HTTP/1.0" 200 7504720
201.245.192.253 - - [09/Jan/2024:05:29:54 -0500] "POST /kwsrmcab/Wsrmcab HTTP/1.1" 200 36807
156.59.198.135 - - [09/Jan/2024:05:30:17 -0500] "GET /BLA/resoluciones/RESOLUCIONES%202007/RES%202007%201601%20AL%201725/RESOLUCION%201609%20%20DE%202007.pdf HTTP/1.0" 200 500189
216.245.221.92 - - [09/Jan/2024:05:30:28 -0500] "HEAD / HTTP/1.1" 200 -
156.59.198.136 - - [09/Jan/2024:05:30:41 -0500] "GET /BLA/resoluciones/RESOLUCIONES%202014/3408.pdf HTTP/1.0" 200 647847
172.22.2.4 - - [09/Jan/2024:05:29:06 -0500] "GET /BLA/boletinlegal/ HTTP/1.1" 200 61309
156.59.198.136 - - [09/Jan/2024:05:31:05 -0500] "GET /BLA/resoluciones/RESOLUCIONES%202021/1724.pdf HTTP/1.0" 200 393873
156.59.198.136 - - [09/Jan/2024:05:31:31 -0500] "GET /BLA/resoluciones/RESOLUCIONES%202007/RES%202007%201601%20AL%201725/RESOLUCION%201612%20DE%202007.pdf HTTP/1.0" 200 962267
201.245.192.253 - - [09/Jan/2024:05:31:42 -0500] "POST /kwsrmcab/Wsrmcab  HTTP/1.1" 200 36937
156.59.198.135 - - [09/Jan/2024:05:31:54 -0500] "GET /BLA/resoluciones/RESOLUCIONES%202021/0092.pdf HTTP/1.0" 200 381381
156.59.198.136 - - [09/Jan/2024:05:32:19 -0500] "GET /BLA/resoluciones/RESOLUCIONES%202021/1581.pdf HTTP/1.0" 200 353732
216.244.66.195 - - [09/Jan/2024:05:32:41 -0500] "GET /robots.txt HTTP/1.1" 404 1018
156.59.198.135 - - [09/Jan/2024:05:32:43 -0500] "GET /BLA/resoluciones/RESOLUCIONES%202021/1744.pdf HTTP/1.0" 200 307136
156.59.198.135 - - [09/Jan/2024:05:33:07 -0500] "GET /BLA/resoluciones/RESOLUCIONES%202014/3917.pdf HTTP/1.0" 200 827553
156.59.198.136 - - [09/Jan/2024:05:33:31 -0500] "GET /BLA/resoluciones/RESOLUCIONES%202014/3314.pdf HTTP/1.0" 200 625527
156.59.198.135 - - [09/Jan/2024:05:33:55 -0500] "GET /BLA/resoluciones/RESOLUCIONES%202021/1107.pdf HTTP/1.0" 200 374159
156.59.198.135 - - [09/Jan/2024:05:34:20 -0500] "GET /BLA/resoluciones/RESOLUCIONES%202014/3421.pdf HTTP/1.0" 200 207816
156.59.198.135 - - [09/Jan/2024:05:34:44 -0500] "GET /BLA/resoluciones/RESOLUCIONES%202021/1084.pdf HTTP/1.0" 200 402283
201.245.192.253 - - [09/Jan/2024:05:35:00 -0500] "POST /kwsrmcab/Wsrmcab HTTP/1.1" 200 36450
201.245.192.253 - - [09/Jan/2024:05:35:03 -0500] "POST /kwsrmcab/Wsrmcab HTTP/1.1" 200 36807
156.59.198.135 - - [09/Jan/2024:05:35:09 -0500] "GET /BLA/resoluciones/RESOLUCIONES%202021/1082.pdf HTTP/1.0" 200 346772
172.22.2.4 - - [09/Jan/2024:05:33:47 -0500] "HEAD /BLA/boletinlegal/ HTTP/1.1" 200 -
216.245.221.92 - - [09/Jan/2024:05:35:28 -0500] "HEAD / HTTP/1.1" 200 -
156.59.198.135 - - [09/Jan/2024:05:35:32 -0500] "GET /BLA/resoluciones/RESOLUCIONES%202021/0038.pdf HTTP/1.0" 200 397669
156.59.198.136 - - [09/Jan/2024:05:35:56 -0500] "GET /BLA/resoluciones/RESOLUCIONES%202021/1613.pdf HTTP/1.0" 200 348344
172.22.2.4 - - [09/Jan/2024:05:34:38 -0500] "GET /BLA/boletinlegal/ HTTP/1.1" 200 60502
156.59.198.135 - - [09/Jan/2024:05:36:22 -0500] "GET /BLA/resoluciones/RESOLUCIONES%202014/3971.pdf HTTP/1.0" 200 581105
201.245.192.253 - - [09/Jan/2024:05:36:41 -0500] "POST /kwsrmcab/Wsrmcab  HTTP/1.1" 200 36937
156.59.198.136 - - [09/Jan/2024:05:36:47 -0500] "GET /BLA/resoluciones/RESOLUCIONES%202014/3649.pdf HTTP/1.0" 200 5663628
156.59.198.135 - - [09/Jan/2024:05:37:11 -0500] "GET /BLA/resoluciones/RESOLUCIONES%202021/1385.pdf HTTP/1.0" 200 332296
156.59.198.136 - - [09/Jan/2024:05:37:36 -0500] "GET /BLA/resoluciones/RESOLUCIONES%202014/3976.pdf HTTP/1.0" 200 772442
66.249.66.21 - - [09/Jan/2024:05:37:52 -0500] "GET /BLA/resoluciones/RESOLUCIONES%202007/RES%202007%202701%20AL%202800/RESOLUCION%202734%20DE%202007.pdf HTTP/1.1" 200 388615
156.59.198.136 - - [09/Jan/2024:05:38:01 -0500] "GET /BLA/resoluciones/RESOLUCIONES%202021/1975.pdf HTTP/1.0" 200 357950
186.82.237.69 - - [09/Jan/2024:05:38:16 -0500] "GET /inicia-el-2024-conociendo-la-biodiversidad-de-bogoti.html?fbclid=IwAR3aKFMUZEepBm4C7zeCxmJ3MGhaTC5cjweS6AAvNM9gQMM8XbDoFWXPaQ8 HTTP/1.1" 200 894
156.59.198.135 - - [09/Jan/2024:05:38:26 -0500] "GET /BLA/resoluciones/RESOLUCIONES%202021/1821.pdf HTTP/1.0" 200 349355
156.59.198.135 - - [09/Jan/2024:05:38:49 -0500] "GET /BLA/resoluciones/RESOLUCIONES%202014/3803.pdf HTTP/1.0" 200 734171
156.59.198.135 - - [09/Jan/2024:05:39:14 -0500] "GET /BLA/resoluciones/RESOLUCIONES%202014/3687.pdf HTTP/1.0" 200 391978
201.245.192.253 - - [09/Jan/2024:05:39:14 -0500] "POST /kwsrmcab/Wsrmcab HTTP/1.1" 200 36450
156.59.198.136 - - [09/Jan/2024:05:39:37 -0500] "GET /BLA/resoluciones/RESOLUCIONES%202021/3353.pdf HTTP/1.0" 200 359309
201.245.192.253 - - [09/Jan/2024:05:39:53 -0500] "POST /kwsrmcab/Wsrmcab HTTP/1.1" 200 36807
156.59.198.135 - - [09/Jan/2024:05:40:02 -0500] "GET /BLA/resoluciones/RESOLUCIONES%202021/4869.pdf HTTP/1.0" 200 361262
156.59.198.136 - - [09/Jan/2024:05:40:27 -0500] "GET /BLA/resoluciones/RESOLUCIONES%202007/RES%202007%201601%20AL%201725/RESOLUCION%201607%20DE%202007.pdf HTTP/1.0" 200 651780
216.245.221.92 - - [09/Jan/2024:05:40:28 -0500] "HEAD / HTTP/1.1" 200 -
156.59.198.135 - - [09/Jan/2024:05:40:51 -0500] "GET /BLA/resoluciones/RESOLUCIONES%202021/1732.pdf HTTP/1.0" 200 415811
156.59.198.135 - - [09/Jan/2024:05:41:14 -0500] "GET /BLA/resoluciones/RESOLUCIONES%202014/3448.pdf HTTP/1.0" 200 645942
172.22.2.4 - - [09/Jan/2024:05:39:37 -0500] "HEAD /BLA/boletinlegal/ HTTP/1.1" 200 -
156.59.198.135 - - [09/Jan/2024:05:41:40 -0500] "GET /BLA/resoluciones/RESOLUCIONES%202021/1745.pdf HTTP/1.0" 200 347194
201.245.192.253 - - [09/Jan/2024:05:41:40 -0500] "POST /kwsrmcab/Wsrmcab  HTTP/1.1" 200 36937
156.59.198.136 - - [09/Jan/2024:05:42:03 -0500] "GET /BLA/resoluciones/RESOLUCIONES%202021/5445.pdf HTTP/1.0" 200 391832
172.22.2.4 - - [09/Jan/2024:05:40:30 -0500] "GET /BLA/boletinlegal/ HTTP/1.1" 200 60502
156.59.198.135 - - [09/Jan/2024:05:42:27 -0500] "GET /BLA/resoluciones/RESOLUCIONES%202014/3699.pdf HTTP/1.0" 200 502273
156.59.198.136 - - [09/Jan/2024:05:42:51 -0500] "GET /BLA/resoluciones/RESOLUCIONES%202021/2184.pdf HTTP/1.0" 200 381447
156.59.198.136 - - [09/Jan/2024:05:43:15 -0500] "GET /BLA/resoluciones/RESOLUCIONES%202014/3398.pdf HTTP/1.0" 200 652398
156.59.198.135 - - [09/Jan/2024:05:43:41 -0500] "GET /BLA/resoluciones/RESOLUCIONES%202014/3963.pdf HTTP/1.0" 200 565863
156.59.198.135 - - [09/Jan/2024:05:44:04 -0500] "GET /BLA/resoluciones/RESOLUCIONES%202014/5523.pdf HTTP/1.0" 200 321670
156.59.198.135 - - [09/Jan/2024:05:44:28 -0500] "GET /BLA/resoluciones/RESOLUCIONES%202021/1047.pdf HTTP/1.0" 200 344279
156.59.198.135 - - [09/Jan/2024:05:44:53 -0500] "GET /BLA/resoluciones/RESOLUCIONES%202021/0907.pdf HTTP/1.0" 200 385101
156.59.198.136 - - [09/Jan/2024:05:45:16 -0500] "GET /BLA/resoluciones/RESOLUCIONES%202014/3653.pdf HTTP/1.0" 200 1687850
216.245.221.92 - - [09/Jan/2024:05:45:28 -0500] "HEAD / HTTP/1.1" 200 -
156.59.198.135 - - [09/Jan/2024:05:45:40 -0500] "GET /BLA/resoluciones/RESOLUCIONES%202021/0061.pdf HTTP/1.0" 200 312529
78.153.140.222 - - [09/Jan/2024:05:45:50 -0500] "GET / HTTP/1.1" 200 319
78.153.140.222 - - [09/Jan/2024:05:45:50 -0500] "\x16\x03\x01\x01H\x01" 400 226
78.153.140.222 - - [09/Jan/2024:05:45:50 -0500] "\x16\x03\x01\x01H\x01" 400 226
78.153.140.222 - - [09/Jan/2024:05:45:50 -0500] "GET /admin/config.php HTTP/1.1" 404 1018
156.59.198.135 - - [09/Jan/2024:05:46:05 -0500] "GET /BLA/resoluciones/RESOLUCIONES%202014/3802.pdf HTTP/1.0" 200 672144
156.59.198.135 - - [09/Jan/2024:05:46:29 -0500] "GET /BLA/resoluciones/RESOLUCIONES%202021/0047.pdf HTTP/1.0" 200 411358
17.241.75.202 - - [09/Jan/2024:05:46:32 -0500] "GET /distrito-invita-a-la-ciudadania-a-vivir-las-festividades-de-manera-responsable-con-los-animales.html HTTP/1.1" 200 782
201.245.192.253 - - [09/Jan/2024:05:46:39 -0500] "POST /kwsrmcab/Wsrmcab  HTTP/1.1" 200 36937
156.59.198.136 - - [09/Jan/2024:05:46:53 -0500] "GET /BLA/resoluciones/RESOLUCIONES%202014/3750.pdf HTTP/1.0" 200 578155
172.22.2.4 - - [09/Jan/2024:05:45:27 -0500] "HEAD /BLA/boletinlegal/ HTTP/1.1" 200 -
156.59.198.135 - - [09/Jan/2024:05:47:18 -0500] "GET /BLA/resoluciones/RESOLUCIONES%202021/1565.pdf HTTP/1.0" 200 362856
156.59.198.136 - - [09/Jan/2024:05:47:41 -0500] "GET /BLA/resoluciones/RESOLUCIONES%202014/3853.pdf HTTP/1.0" 200 901140
172.22.2.4 - - [09/Jan/2024:05:46:18 -0500] "GET /BLA/boletinlegal/ HTTP/1.1" 200 58172
156.59.198.136 - - [09/Jan/2024:05:48:07 -0500] "GET /BLA/resoluciones/RESOLUCIONES%202021/1864.pdf HTTP/1.0" 200 370247
66.249.66.21 - - [09/Jan/2024:05:48:22 -0500] "GET /BLA/resoluciones/RESOLUCIONES%202010/7508.pdf HTTP/1.1" 200 35733
156.59.198.136 - - [09/Jan/2024:05:48:30 -0500] "GET /BLA/resoluciones/RESOLUCIONES%202014/3749.pdf HTTP/1.0" 200 660944
156.59.198.136 - - [09/Jan/2024:05:48:55 -0500] "GET /BLA/resoluciones/RESOLUCIONES%202014/3386.pdf HTTP/1.0" 200 646666
156.59.198.135 - - [09/Jan/2024:05:49:19 -0500] "GET /BLA/resoluciones/RESOLUCIONES%202021/4973.pdf HTTP/1.0" 200 373217
156.59.198.135 - - [09/Jan/2024:05:49:43 -0500] "GET /BLA/resoluciones/RESOLUCIONES%202021/1964.pdf HTTP/1.0" 200 342121
181.53.96.56 - - [09/Jan/2024:05:49:58 -0500] "GET /inicia-el-2024-conociendo-la-biodiversidad-de-bogoti.html?fbclid=IwAR2J1uuc8mygbBy6nHvVwxGqTRMnv5mKaYaC66abDS0F--hZQ7TbQoZM6Gg HTTP/1.1" 200 894
156.59.198.136 - - [09/Jan/2024:05:50:08 -0500] "GET /BLA/resoluciones/RESOLUCIONES%202014/3799.pdf HTTP/1.0" 200 1143095
172.22.2.4 - - [09/Jan/2024:05:48:32 -0500] "HEAD /BLA/boletinlegal/ HTTP/1.1" 200 -
172.22.2.4 - - [09/Jan/2024:05:48:43 -0500] "HEAD /BLA/boletinlegal/ HTTP/1.1" 200 -
216.245.221.92 - - [09/Jan/2024:05:50:28 -0500] "HEAD / HTTP/1.1" 200 -
156.59.198.135 - - [09/Jan/2024:05:50:33 -0500] "GET /BLA/resoluciones/RESOLUCIONES%202021/0839.pdf HTTP/1.0" 200 337964
156.59.198.136 - - [09/Jan/2024:05:50:59 -0500] "GET /BLA/resoluciones/RESOLUCIONES%202014/3776.pdf HTTP/1.0" 200 293049
156.59.198.135 - - [09/Jan/2024:05:51:21 -0500] "GET /BLA/resoluciones/RESOLUCIONES%202014/3447.pdf HTTP/1.0" 200 712314
201.245.192.253 - - [09/Jan/2024:05:51:37 -0500] "POST /kwsrmcab/Wsrmcab  HTTP/1.1" 200 36937
156.59.198.136 - - [09/Jan/2024:05:51:45 -0500] "GET /BLA/resoluciones/RESOLUCIONES%202014/3851.pdf HTTP/1.0" 200 14506769
156.59.198.135 - - [09/Jan/2024:05:52:09 -0500] "GET /BLA/resoluciones/RESOLUCIONES%202021/0583.pdf HTTP/1.0" 200 376383
156.59.198.135 - - [09/Jan/2024:05:52:33 -0500] "GET /BLA/resoluciones/RESOLUCIONES%202014/3814.pdf HTTP/1.0" 200 907985
172.22.2.4 - - [09/Jan/2024:05:51:17 -0500] "HEAD /BLA/boletinlegal/ HTTP/1.1" 200 -
156.59.198.136 - - [09/Jan/2024:05:52:58 -0500] "GET /BLA/resoluciones/RESOLUCIONES%202021/1083.pdf HTTP/1.0" 200 336721
156.59.198.135 - - [09/Jan/2024:05:53:23 -0500] "GET /BLA/resoluciones/RESOLUCIONES%202021/1088.pdf HTTP/1.0" 200 361647
172.22.2.4 - - [09/Jan/2024:05:52:08 -0500] "GET /BLA/boletinlegal/ HTTP/1.1" 200 58172
156.59.198.136 - - [09/Jan/2024:05:53:48 -0500] "GET /BLA/resoluciones/RESOLUCIONES%202014/3811.pdf HTTP/1.0" 200 672656
156.59.198.135 - - [09/Jan/2024:05:54:13 -0500] "GET /BLA/resoluciones/RESOLUCIONES%202014/3804.pdf HTTP/1.0" 200 691955
156.59.198.135 - - [09/Jan/2024:05:54:38 -0500] "GET /BLA/resoluciones/RESOLUCIONES%202021/0239.pdf HTTP/1.0" 200 378471
66.249.66.77 - - [09/Jan/2024:05:54:43 -0500] "GET /portaldeninos/wp-content/uploads/2018/11/tigrillo.jpg HTTP/1.1" 304 -
156.59.198.136 - - [09/Jan/2024:05:55:02 -0500] "GET /BLA/resoluciones/RESOLUCIONES%202014/3397.pdf HTTP/1.0" 200 673201
156.59.198.136 - - [09/Jan/2024:05:55:27 -0500] "GET /BLA/resoluciones/RESOLUCIONES%202014/3942.pdf HTTP/1.0" 200 647487
216.245.221.92 - - [09/Jan/2024:05:55:28 -0500] "HEAD / HTTP/1.1" 200 -
156.59.198.135 - - [09/Jan/2024:05:55:52 -0500] "GET /BLA/resoluciones/RESOLUCIONES%202021/1298.pdf HTTP/1.0" 200 331303
156.59.198.135 - - [09/Jan/2024:05:56:17 -0500] "GET /BLA/resoluciones/RESOLUCIONES%202021/0617.pdf HTTP/1.0" 200 343220
201.245.192.253 - - [09/Jan/2024:05:56:36 -0500] "POST /kwsrmcab/Wsrmcab  HTTP/1.1" 200 36937
156.59.198.135 - - [09/Jan/2024:05:56:41 -0500] "GET /BLA/resoluciones/RESOLUCIONES%202021/46.pdf HTTP/1.0" 200 408338
156.59.198.135 - - [09/Jan/2024:05:57:07 -0500] "GET /BLA/resoluciones/RESOLUCIONES%202021/1849.pdf HTTP/1.0" 200 367112
156.59.198.135 - - [09/Jan/2024:05:57:31 -0500] "GET /BLA/resoluciones/RESOLUCIONES%202021/1366.pdf HTTP/1.0" 200 362229
156.59.198.136 - - [09/Jan/2024:05:57:54 -0500] "GET /BLA/resoluciones/RESOLUCIONES%202021/1395.pdf HTTP/1.0" 200 347294
156.59.198.136 - - [09/Jan/2024:05:58:19 -0500] "GET /BLA/resoluciones/RESOLUCIONES%202021/0017.pdf HTTP/1.0" 200 352450
156.59.198.136 - - [09/Jan/2024:05:58:43 -0500] "GET /BLA/resoluciones/RESOLUCIONES%202021/1078.pdf HTTP/1.0" 200 365664
172.22.2.4 - - [09/Jan/2024:05:57:07 -0500] "HEAD /BLA/boletinlegal/ HTTP/1.1" 200 -
156.59.198.136 - - [09/Jan/2024:05:59:09 -0500] "GET /BLA/resoluciones/RESOLUCIONES%202021/1036.pdf HTTP/1.0" 200 394487
181.59.3.226 - - [09/Jan/2024:05:59:22 -0500] "GET /inicia-el-2024-conociendo-la-biodiversidad-de-bogoti.html?fbclid=IwAR3MPwKzte4m4iKvTvcXRunu-0Xk40wB8a06XgMeOxIBpF5vy3oyV-zlgDU HTTP/1.1" 200 894
156.59.198.136 - - [09/Jan/2024:05:59:33 -0500] "GET /BLA/resoluciones/RESOLUCIONES%202021/1911.pdf HTTP/1.0" 200 347119
172.22.2.4 - - [09/Jan/2024:05:58:04 -0500] "GET /BLA/boletinlegal/ HTTP/1.1" 200 58567
156.59.198.136 - - [09/Jan/2024:05:59:59 -0500] "GET /BLA/resoluciones/RESOLUCIONES%202021/0365.pdf HTTP/1.0" 200 340936
156.59.198.135 - - [09/Jan/2024:06:00:22 -0500] "GET /BLA/resoluciones/RESOLUCIONES%202021/1914.pdf HTTP/1.0" 200 362781
216.245.221.92 - - [09/Jan/2024:06:00:28 -0500] "HEAD / HTTP/1.1" 200 -
156.59.198.135 - - [09/Jan/2024:06:00:48 -0500] "GET /BLA/resoluciones/RESOLUCIONES%202021/0071.pdf HTTP/1.0" 200 346988
172.22.2.4 - - [09/Jan/2024:06:01:08 -0500] "GET /BLA/boletinlegal/robots.txt HTTP/1.1" 404 1038
172.22.2.4 - - [09/Jan/2024:06:01:09 -0500] "GET /BLA/boletinlegal/jurisprudencia/analisis/Analisis%20jurisprudencial%20Sentencia%20C-366-11.doc HTTP/1.1" 200 59392
156.59.198.135 - - [09/Jan/2024:06:01:12 -0500] "GET /BLA/resoluciones/RESOLUCIONES%202014/3417.pdf HTTP/1.0" 200 649419
69.63.184.120 - - [09/Jan/2024:06:01:17 -0500] "GET /images/Caminatas%20(1)%20(2).jpeg HTTP/1.1" 200 81411
69.63.184.2 - - [09/Jan/2024:06:01:33 -0500] "GET /inicia-el-2024-conociendo-la-biodiversidad-de-bogoti.html HTTP/1.1" 200 894
69.63.184.119 - - [09/Jan/2024:06:01:34 -0500] "GET /inicia-el-2024-conociendo-la-biodiversidad-de-bogoti.html HTTP/1.1" 200 894
156.59.198.136 - - [09/Jan/2024:06:01:36 -0500] "GET /BLA/resoluciones/RESOLUCIONES%202021/1098.pdf HTTP/1.0" 200 384346
201.245.192.253 - - [09/Jan/2024:06:01:34 -0500] "POST /kwsrmcab/Wsrmcab  HTTP/1.1" 200 36937
156.59.198.135 - - [09/Jan/2024:06:02:00 -0500] "GET /BLA/resoluciones/RESOLUCIONES%202007/RES%202007%201601%20AL%201725/RESOLUCION%201613%20DE%202007.pdf HTTP/1.0" 200 764498
172.22.2.4 - - [09/Jan/2024:06:02:19 -0500] "GET /BLA/boletinlegal/Directivas/2017/Directiva%20No.%2003%20del%2024%20de%20Febrero%20de%202017.pdf HTTP/1.1" 200 6911517
156.59.198.136 - - [09/Jan/2024:06:02:25 -0500] "GET /BLA/resoluciones/RESOLUCIONES%202014/3767.pdf HTTP/1.0" 200 1142360
186.29.8.226 - - [09/Jan/2024:06:02:32 -0500] "GET /appsia/controlador HTTP/1.1" 200 4799
186.29.8.226 - - [09/Jan/2024:06:02:33 -0500] "GET /appsia/scripts/validarIngreso.js HTTP/1.1" 200 851
186.29.8.226 - - [09/Jan/2024:06:02:34 -0500] "GET /appsia/images/cabezoteHojaVida.png HTTP/1.1" 200 32493
186.29.8.226 - - [09/Jan/2024:06:02:34 -0500] "GET /appsia/images/logo_bogota_p.png HTTP/1.1" 200 14951
186.29.8.226 - - [09/Jan/2024:06:02:34 -0500] "GET /favicon.ico HTTP/1.1" 200 7782
186.28.0.57 - - [09/Jan/2024:06:02:44 -0500] "GET /inicia-el-2024-conociendo-la-biodiversidad-de-bogoti.html?fbclid=IwAR1QnpZsJhTmEO89IZNDpO4ytosETFl8DEmxuyvkpCkjj_vihupD_msIjt0 HTTP/1.1" 200 894
186.29.8.226 - - [09/Jan/2024:06:02:45 -0500] "POST /appsia/controlador HTTP/1.1" 200 3603
186.29.8.226 - - [09/Jan/2024:06:02:46 -0500] "GET /appsia/jscripts/validarSolicitud.js HTTP/1.1" 404 68
156.59.198.135 - - [09/Jan/2024:06:02:49 -0500] "GET /BLA/resoluciones/RESOLUCIONES%202014/3748.pdf HTTP/1.0" 200 533853
186.29.8.226 - - [09/Jan/2024:06:02:54 -0500] "POST /appsia/controlador HTTP/1.1" 200 4799
186.29.8.226 - - [09/Jan/2024:06:03:10 -0500] "POST /appsia/controlador HTTP/1.1" 200 3603
186.29.8.226 - - [09/Jan/2024:06:03:10 -0500] "GET /appsia/jscripts/validarSolicitud.js HTTP/1.1" 404 68
186.29.8.226 - - [09/Jan/2024:06:03:13 -0500] "POST /appsia/controlador HTTP/1.1" 200 4799
156.59.198.136 - - [09/Jan/2024:06:03:13 -0500] "GET /BLA/resoluciones/RESOLUCIONES%202014/3683.pdf HTTP/1.0" 200 793610
156.59.198.135 - - [09/Jan/2024:06:03:37 -0500] "GET /BLA/resoluciones/RESOLUCIONES%202021/1094.pdf HTTP/1.0" 200 333497
186.29.8.226 - - [09/Jan/2024:06:03:43 -0500] "GET /appsia/controlador HTTP/1.1" 200 4799
186.29.8.226 - - [09/Jan/2024:06:03:58 -0500] "POST /appsia/controlador HTTP/1.1" 200 3603
186.29.8.226 - - [09/Jan/2024:06:03:58 -0500] "GET /appsia/jscripts/validarSolicitud.js HTTP/1.1" 404 68
156.59.198.135 - - [09/Jan/2024:06:04:00 -0500] "GET /BLA/resoluciones/RESOLUCIONES%202014/3765.pdf HTTP/1.0" 200 926198
186.29.8.226 - - [09/Jan/2024:06:04:02 -0500] "GET /appsia/controlador HTTP/1.1" 200 4799
186.29.8.226 - - [09/Jan/2024:06:04:13 -0500] "POST /appsia/controlador HTTP/1.1" 200 3603
186.29.8.226 - - [09/Jan/2024:06:04:13 -0500] "GET /appsia/jscripts/validarSolicitud.js HTTP/1.1" 404 68
156.59.198.135 - - [09/Jan/2024:06:04:26 -0500] "GET /BLA/resoluciones/RESOLUCIONES%202014/3690.pdf HTTP/1.0" 200 8604920
172.22.2.4 - - [09/Jan/2024:06:03:03 -0500] "HEAD /BLA/boletinlegal/ HTTP/1.1" 200 -
156.59.198.136 - - [09/Jan/2024:06:04:51 -0500] "GET /BLA/resoluciones/RESOLUCIONES%202014/0078.pdf HTTP/1.0" 200 525314
40.77.167.3 - - [09/Jan/2024:06:04:51 -0500] "GET /portaldeninos/agua-y-estructura-ecologica-principal/ HTTP/1.1" 200 87488
156.59.198.136 - - [09/Jan/2024:06:05:15 -0500] "GET /BLA/resoluciones/RESOLUCIONES%202014/2595.pdf HTTP/1.0" 200 675380
216.245.221.92 - - [09/Jan/2024:06:05:28 -0500] "HEAD / HTTP/1.1" 200 -
172.22.2.4 - - [09/Jan/2024:06:03:54 -0500] "GET /BLA/boletinlegal/ HTTP/1.1" 200 60502
156.59.198.135 - - [09/Jan/2024:06:05:40 -0500] "GET /BLA/resoluciones/RESOLUCIONES%202014/0547.pdf HTTP/1.0" 200 800725
156.59.198.135 - - [09/Jan/2024:06:06:04 -0500] "GET /BLA/resoluciones/RESOLUCIONES%202014/2758.pdf HTTP/1.0" 200 622091
66.249.66.194 - - [09/Jan/2024:06:06:20 -0500] "GET /participa-en-la-reciclaton-unisalle-solo-queda-un-dia.html HTTP/1.1" 200 763
156.59.198.136 - - [09/Jan/2024:06:06:29 -0500] "GET /BLA/resoluciones/RESOLUCIONES%202014/3019.pdf HTTP/1.0" 200 352592
201.245.192.253 - - [09/Jan/2024:06:06:32 -0500] "POST /kwsrmcab/Wsrmcab  HTTP/1.1" 200 36937
156.59.198.135 - - [09/Jan/2024:06:06:52 -0500] "GET /BLA/resoluciones/RESOLUCIONES%202014/0062.pdf HTTP/1.0" 200 575398
156.59.198.136 - - [09/Jan/2024:06:07:18 -0500] "GET /BLA/resoluciones/RESOLUCIONES%202021/0567.pdf HTTP/1.0" 200 389149
156.59.198.135 - - [09/Jan/2024:06:07:41 -0500] "GET /BLA/resoluciones/RESOLUCIONES%202014/0253.pdf HTTP/1.0" 200 3353113
156.59.198.136 - - [09/Jan/2024:06:08:06 -0500] "GET /BLA/resoluciones/RESOLUCIONES%202014/1655.pdf HTTP/1.0" 200 229833
156.59.198.136 - - [09/Jan/2024:06:08:30 -0500] "GET /BLA/resoluciones/RESOLUCIONES%202021/0010.pdf HTTP/1.0" 200 334861
156.59.198.135 - - [09/Jan/2024:06:08:55 -0500] "GET /BLA/resoluciones/RESOLUCIONES%202014/3291.pdf HTTP/1.0" 200 228186
156.59.198.136 - - [09/Jan/2024:06:09:19 -0500] "GET /BLA/resoluciones/RESOLUCIONES%202021/1631.pdf HTTP/1.0" 200 373392
156.59.198.136 - - [09/Jan/2024:06:09:43 -0500] "GET /BLA/resoluciones/RESOLUCIONES%202014/2196.pdf HTTP/1.0" 200 609288
156.59.198.136 - - [09/Jan/2024:06:10:08 -0500] "GET /BLA/resoluciones/RESOLUCIONES%202014/0528.pdf HTTP/1.0" 200 576861
186.29.8.226 - - [09/Jan/2024:06:10:23 -0500] "GET /appsia/controlador HTTP/1.1" 200 4799
216.245.221.92 - - [09/Jan/2024:06:10:28 -0500] "HEAD / HTTP/1.1" 200 -
156.59.198.135 - - [09/Jan/2024:06:10:32 -0500] "GET /BLA/resoluciones/RESOLUCIONES%202014/2882.pdf HTTP/1.0" 200 597668
172.22.2.4 - - [09/Jan/2024:06:08:53 -0500] "HEAD /BLA/boletinlegal/ HTTP/1.1" 200 -
186.29.8.226 - - [09/Jan/2024:06:10:36 -0500] "POST /appsia/controlador HTTP/1.1" 200 3603
186.29.8.226 - - [09/Jan/2024:06:10:37 -0500] "GET /appsia/jscripts/validarSolicitud.js HTTP/1.1" 404 68
186.29.8.226 - - [09/Jan/2024:06:10:46 -0500] "POST /appsia/controlador HTTP/1.1" 200 4799
156.59.198.136 - - [09/Jan/2024:06:10:58 -0500] "GET /BLA/resoluciones/RESOLUCIONES%202014/0724.pdf HTTP/1.0" 200 564043
156.59.198.135 - - [09/Jan/2024:06:11:22 -0500] "GET /BLA/resoluciones/RESOLUCIONES%202014/1036.pdf HTTP/1.0" 200 837609
172.22.2.4 - - [09/Jan/2024:06:09:44 -0500] "GET /BLA/boletinlegal/ HTTP/1.1" 200 54031
201.245.192.253 - - [09/Jan/2024:06:11:29 -0500] "POST /kwsrmcab/Wsrmcab  HTTP/1.1" 200 36937
156.59.198.136 - - [09/Jan/2024:06:11:47 -0500] "GET /BLA/resoluciones/RESOLUCIONES%202014/1785.pdf HTTP/1.0" 200 3101925
156.59.198.135 - - [09/Jan/2024:06:12:10 -0500] "GET /BLA/resoluciones/RESOLUCIONES%202014/0141.pdf HTTP/1.0" 200 578668
156.59.198.135 - - [09/Jan/2024:06:12:34 -0500] "GET /BLA/resoluciones/RESOLUCIONES%202014/2293.pdf HTTP/1.0" 200 704744
156.59.198.136 - - [09/Jan/2024:06:12:59 -0500] "GET /BLA/resoluciones/RESOLUCIONES%202014/0878.pdf HTTP/1.0" 200 667876
156.59.198.136 - - [09/Jan/2024:06:13:23 -0500] "GET /BLA/resoluciones/RESOLUCIONES%202014/1064.pdf HTTP/1.0" 200 496111
156.59.198.136 - - [09/Jan/2024:06:13:47 -0500] "GET /BLA/resoluciones/RESOLUCIONES%202014/3106.pdf HTTP/1.0" 200 371464
216.244.66.195 - - [09/Jan/2024:06:13:55 -0500] "GET /BLA/resoluciones/RESOLUCIONES%202017/1982.pdf HTTP/1.1" 200 827224
156.59.198.135 - - [09/Jan/2024:06:14:11 -0500] "GET /BLA/resoluciones/RESOLUCIONES%202014/2411.pdf HTTP/1.0" 200 937247
216.244.66.195 - - [09/Jan/2024:06:14:34 -0500] "GET /BLA/resoluciones/RESOLUCIONES%202017/2339.pdf HTTP/1.1" 200 236811
156.59.198.136 - - [09/Jan/2024:06:14:36 -0500] "GET /BLA/resoluciones/RESOLUCIONES%202014/3696.pdf HTTP/1.0" 200 7148762
17.241.219.16 - - [09/Jan/2024:06:14:39 -0500] "GET /vehiculos-de-cero-o-bajas-emisiones-para-enfrentar-el-cambio-climatico.html HTTP/1.1" 200 743
186.29.8.226 - - [09/Jan/2024:06:14:45 -0500] "POST /appsia/controlador HTTP/1.1" 200 3603
186.29.8.226 - - [09/Jan/2024:06:14:46 -0500] "GET /appsia/jscripts/validarSolicitud.js HTTP/1.1" 404 68
156.59.198.136 - - [09/Jan/2024:06:15:00 -0500] "GET /BLA/resoluciones/RESOLUCIONES%202014/1514.pdf HTTP/1.0" 200 610557
201.245.192.253 - - [09/Jan/2024:06:14:59 -0500] "POST /kwsrmcab/Wsrmcab HTTP/1.1" 200 36652
201.245.192.253 - - [09/Jan/2024:06:15:03 -0500] "POST /kwsrmcab/Wsrmcab HTTP/1.1" 200 36646
216.244.66.195 - - [09/Jan/2024:06:15:10 -0500] "GET /BLA/resoluciones/RESOLUCIONES%202017/2610.PDF HTTP/1.1" 200 10509587
156.59.198.136 - - [09/Jan/2024:06:15:25 -0500] "GET /BLA/resoluciones/RESOLUCIONES%202014/0228.pdf HTTP/1.0" 200 452642
216.245.221.92 - - [09/Jan/2024:06:15:28 -0500] "HEAD / HTTP/1.1" 200 -
156.59.198.136 - - [09/Jan/2024:06:15:49 -0500] "GET /BLA/resoluciones/RESOLUCIONES%202014/0948.pdf HTTP/1.0" 200 876980
156.59.198.136 - - [09/Jan/2024:06:16:13 -0500] "GET /BLA/resoluciones/RESOLUCIONES%202014/0279.pdf HTTP/1.0" 200 534998
172.22.2.4 - - [09/Jan/2024:06:14:43 -0500] "HEAD /BLA/boletinlegal/ HTTP/1.1" 200 -
201.245.192.253 - - [09/Jan/2024:06:16:29 -0500] "POST /kwsrmcab/Wsrmcab  HTTP/1.1" 200 36937
156.59.198.135 - - [09/Jan/2024:06:16:37 -0500] "GET /BLA/resoluciones/RESOLUCIONES%202014/0610.pdf HTTP/1.0" 200 561342
156.59.198.136 - - [09/Jan/2024:06:17:02 -0500] "GET /BLA/resoluciones/RESOLUCIONES%202014/0406.pdf HTTP/1.0" 200 507394
66.249.66.20 - - [09/Jan/2024:06:17:11 -0500] "GET /portel_dama/libreria/php/2006/ECOSISTEMAS%20FINAL%20web_mz27/restauracion/sitio/22_proye/xtras_in/cni_3.pdf HTTP/1.1" 404 1018
172.22.2.4 - - [09/Jan/2024:06:15:34 -0500] "GET /BLA/boletinlegal/ HTTP/1.1" 200 59682
66.249.66.193 - - [09/Jan/2024:06:17:23 -0500] "GET /mas-de-100-arboles-fueron-plantados-en-el-humedal-de-techo.html HTTP/1.1" 200 750
156.59.198.136 - - [09/Jan/2024:06:17:26 -0500] "GET /BLA/resoluciones/RESOLUCIONES%202014/1991.pdf HTTP/1.0" 200 644723
89.190.156.61 - - [09/Jan/2024:06:17:33 -0500] "GET / HTTP/1.1" 200 319
156.59.198.136 - - [09/Jan/2024:06:17:51 -0500] "GET /BLA/resoluciones/RESOLUCIONES%202021/0407.pdf HTTP/1.0" 200 422926
156.59.198.135 - - [09/Jan/2024:06:18:15 -0500] "GET /BLA/resoluciones/RESOLUCIONES%202021/0653.pdf HTTP/1.0" 200 334562
66.249.66.20 - - [09/Jan/2024:06:18:26 -0500] "GET /BLA/resoluciones/RESOLUCIONES%202010/6611.pdf HTTP/1.1" 200 316908
156.59.198.135 - - [09/Jan/2024:06:18:39 -0500] "GET /BLA/resoluciones/RESOLUCIONES%202014/1747.pdf HTTP/1.0" 200 513472
156.59.198.135 - - [09/Jan/2024:06:19:03 -0500] "GET /BLA/resoluciones/RESOLUCIONES%202014/0026.pdf HTTP/1.0" 200 488083
201.245.192.253 - - [09/Jan/2024:06:19:14 -0500] "POST /kwsrmcab/Wsrmcab HTTP/1.1" 200 36652
156.59.198.136 - - [09/Jan/2024:06:19:27 -0500] "GET /BLA/resoluciones/RESOLUCIONES%202014/1453.pdf HTTP/1.0" 200 578870
156.59.198.135 - - [09/Jan/2024:06:19:53 -0500] "GET /BLA/resoluciones/RESOLUCIONES%202014/3977.pdf HTTP/1.0" 200 438684
201.245.192.253 - - [09/Jan/2024:06:19:54 -0500] "POST /kwsrmcab/Wsrmcab HTTP/1.1" 200 36646
156.59.198.135 - - [09/Jan/2024:06:20:17 -0500] "GET /BLA/resoluciones/RESOLUCIONES%202014/0664.pdf HTTP/1.0" 200 575361
40.77.167.152 - - [09/Jan/2024:06:20:19 -0500] "GET /portaldeninos/wp-content/uploads/2021/07/inforgrafia-agua-12x50.jpg HTTP/1.1" 200 1142
216.245.221.92 - - [09/Jan/2024:06:20:28 -0500] "HEAD / HTTP/1.1" 200 -
156.59.198.136 - - [09/Jan/2024:06:20:41 -0500] "GET /BLA/resoluciones/RESOLUCIONES%202014/1435.pdf HTTP/1.0" 200 391225
156.59.198.136 - - [09/Jan/2024:06:21:05 -0500] "GET /BLA/resoluciones/RESOLUCIONES%202014/0881.pdf HTTP/1.0" 200 627984
114.119.137.38 - - [09/Jan/2024:06:21:22 -0500] "GET /BLA/resoluciones/index.php?dir=AUTOS%2B2004/&sort=date&order=asc HTTP/1.1" 200 13882
201.245.192.253 - - [09/Jan/2024:06:21:26 -0500] "POST /kwsrmcab/Wsrmcab  HTTP/1.1" 200 36937
156.59.198.135 - - [09/Jan/2024:06:21:29 -0500] "GET /BLA/resoluciones/RESOLUCIONES%202014/2920.pdf HTTP/1.0" 200 382909
186.31.153.113 - - [09/Jan/2024:06:21:53 -0500] "GET /inicia-el-2024-conociendo-la-biodiversidad-de-bogoti.html?fbclid=IwAR04Zy1RmfZi5DntPKNNe3eqtRe_vvY9jkyDgtpCao1z2z5PY5yfv_sbRZI HTTP/1.1" 200 894
156.59.198.135 - - [09/Jan/2024:06:21:54 -0500] "GET /BLA/resoluciones/RESOLUCIONES%202014/2946.pdf HTTP/1.0" 200 172241
172.22.2.4 - - [09/Jan/2024:06:20:33 -0500] "HEAD /BLA/boletinlegal/ HTTP/1.1" 200 -
156.59.198.136 - - [09/Jan/2024:06:22:18 -0500] "GET /BLA/resoluciones/RESOLUCIONES%202014/1439.pdf HTTP/1.0" 200 881851
156.59.198.135 - - [09/Jan/2024:06:22:42 -0500] "GET /BLA/resoluciones/RESOLUCIONES%202014/1278.pdf HTTP/1.0" 200 785125
172.22.2.4 - - [09/Jan/2024:06:21:24 -0500] "GET /BLA/boletinlegal/ HTTP/1.1" 200 58172
156.59.198.136 - - [09/Jan/2024:06:23:08 -0500] "GET /BLA/resoluciones/RESOLUCIONES%202014/1177.pdf HTTP/1.0" 200 515104
156.59.198.135 - - [09/Jan/2024:06:23:32 -0500] "GET /BLA/resoluciones/RESOLUCIONES%202014/2721.pdf HTTP/1.0" 200 199021
156.59.198.136 - - [09/Jan/2024:06:23:57 -0500] "GET /BLA/resoluciones/RESOLUCIONES%202021/1126.pdf HTTP/1.0" 200 346353
156.59.198.136 - - [09/Jan/2024:06:24:21 -0500] "GET /BLA/resoluciones/RESOLUCIONES%202021/1668.pdf HTTP/1.0" 200 387102
66.249.66.21 - - [09/Jan/2024:06:24:40 -0500] "GET /BLA/resoluciones/RESOLUCIONES%202008/1824.pdf HTTP/1.1" 200 207865
156.59.198.135 - - [09/Jan/2024:06:24:46 -0500] "GET /BLA/resoluciones/RESOLUCIONES%202014/3066.pdf HTTP/1.0" 200 417084
201.245.192.253 - - [09/Jan/2024:06:25:00 -0500] "POST /kwsrmcab/Wsrmcab HTTP/1.1" 200 36652
201.245.192.253 - - [09/Jan/2024:06:25:03 -0500] "POST /kwsrmcab/Wsrmcab HTTP/1.1" 200 36646
156.59.198.136 - - [09/Jan/2024:06:25:13 -0500] "GET /BLA/resoluciones/RESOLUCIONES%202014/0452.pdf HTTP/1.0" 200 479321
216.245.221.92 - - [09/Jan/2024:06:25:28 -0500] "HEAD / HTTP/1.1" 200 -
156.59.198.136 - - [09/Jan/2024:06:25:34 -0500] "GET /BLA/resoluciones/RESOLUCIONES%202014/1663.pdf HTTP/1.0" 200 804939
156.59.198.135 - - [09/Jan/2024:06:25:58 -0500] "GET /BLA/resoluciones/RESOLUCIONES%202021/0177.pdf HTTP/1.0" 200 342455
156.59.198.135 - - [09/Jan/2024:06:26:23 -0500] "GET /BLA/resoluciones/RESOLUCIONES%202014/0730.pdf HTTP/1.0" 200 575912
201.245.192.253 - - [09/Jan/2024:06:26:26 -0500] "POST /kwsrmcab/Wsrmcab  HTTP/1.1" 200 36937
156.59.198.135 - - [09/Jan/2024:06:26:47 -0500] "GET /BLA/resoluciones/RESOLUCIONES%202014/0120.pdf HTTP/1.0" 200 875328
216.244.66.195 - - [09/Jan/2024:06:26:55 -0500] "GET /robots.txt HTTP/1.1" 404 1018
156.59.198.136 - - [09/Jan/2024:06:27:12 -0500] "GET /BLA/resoluciones/RESOLUCIONES%202014/1494.pdf HTTP/1.0" 200 438794
156.59.198.135 - - [09/Jan/2024:06:27:36 -0500] "GET /BLA/resoluciones/RESOLUCIONES%202014/1116.pdf HTTP/1.0" 200 458441
66.249.66.76 - - [09/Jan/2024:06:27:45 -0500] "GET /portaldeninos/wp-content/uploads/2021/11/dibujos-concurso-vuelo-pajaro-relatos-27-mayo-1024x576.jpg HTTP/1.1" 200 86120
156.59.198.135 - - [09/Jan/2024:06:28:00 -0500] "GET /BLA/resoluciones/RESOLUCIONES%202014/0596.pdf HTTP/1.0" 200 842346
172.22.2.4 - - [09/Jan/2024:06:26:23 -0500] "HEAD /BLA/boletinlegal/ HTTP/1.1" 200 -
156.59.198.135 - - [09/Jan/2024:06:28:24 -0500] "GET /BLA/resoluciones/RESOLUCIONES%202014/0493.pdf HTTP/1.0" 200 842126
162.55.165.184 - - [09/Jan/2024:06:28:32 -0500] "GET / HTTP/1.1" 200 319
162.55.165.184 - - [09/Jan/2024:06:28:33 -0500] "GET / HTTP/1.1" 200 4720
156.59.198.135 - - [09/Jan/2024:06:28:48 -0500] "GET /BLA/resoluciones/RESOLUCIONES%202021/0318.pdf HTTP/1.0" 200 421781
172.22.2.4 - - [09/Jan/2024:06:27:14 -0500] "GET /BLA/boletinlegal/ HTTP/1.1" 200 60502
156.59.198.135 - - [09/Jan/2024:06:29:13 -0500] "GET /BLA/resoluciones/RESOLUCIONES%202014/3871.pdf HTTP/1.0" 200 676101
201.245.192.253 - - [09/Jan/2024:06:29:14 -0500] "POST /kwsrmcab/Wsrmcab HTTP/1.1" 200 36652
156.59.198.135 - - [09/Jan/2024:06:29:37 -0500] "GET /BLA/resoluciones/RESOLUCIONES%202014/2691.pdf HTTP/1.0" 200 782985
201.245.192.253 - - [09/Jan/2024:06:29:54 -0500] "POST /kwsrmcab/Wsrmcab HTTP/1.1" 200 36646
156.59.198.136 - - [09/Jan/2024:06:30:02 -0500] "GET /BLA/resoluciones/RESOLUCIONES%202021/1644.pdf HTTP/1.0" 200 348773
156.59.198.135 - - [09/Jan/2024:06:30:26 -0500] "GET /BLA/resoluciones/RESOLUCIONES%202014/0193.pdf HTTP/1.0" 200 616333
216.245.221.92 - - [09/Jan/2024:06:30:28 -0500] "HEAD / HTTP/1.1" 200 -
156.59.198.136 - - [09/Jan/2024:06:30:49 -0500] "GET /BLA/resoluciones/RESOLUCIONES%202021/0626.pdf HTTP/1.0" 200 352481
156.59.198.135 - - [09/Jan/2024:06:31:14 -0500] "GET /BLA/resoluciones/RESOLUCIONES%202014/3003.pdf HTTP/1.0" 200 447115
201.245.192.253 - - [09/Jan/2024:06:31:24 -0500] "POST /kwsrmcab/Wsrmcab  HTTP/1.1" 200 36937
156.59.198.135 - - [09/Jan/2024:06:31:38 -0500] "GET /BLA/resoluciones/RESOLUCIONES%202014/3895.pdf HTTP/1.0" 200 432767
156.59.198.135 - - [09/Jan/2024:06:32:03 -0500] "GET /BLA/resoluciones/RESOLUCIONES%202014/0349.pdf HTTP/1.0" 200 575422
66.249.79.224 - - [09/Jan/2024:06:32:19 -0500] "GET /isolucionsda/Arriba.asp?Pagina=/isolucionsda/bancoconocimiento/D/Decreto1140del7deMayode2003/Decreto1140del7deMayode2003.asp&IdArticulo=6280 HTTP/1.1" 200 527
156.59.198.136 - - [09/Jan/2024:06:32:27 -0500] "GET /BLA/resoluciones/RESOLUCIONES%202014/3413.pdf HTTP/1.0" 200 771256
156.59.198.135 - - [09/Jan/2024:06:32:52 -0500] "GET /BLA/resoluciones/RESOLUCIONES%202014/0811.pdf HTTP/1.0" 200 578517
156.59.198.135 - - [09/Jan/2024:06:33:18 -0500] "GET /BLA/resoluciones/RESOLUCIONES%202021/1671-.pdf HTTP/1.0" 200 177319
156.59.198.136 - - [09/Jan/2024:06:33:42 -0500] "GET /BLA/resoluciones/RESOLUCIONES%202014/1452.pdf HTTP/1.0" 200 266010
172.22.2.4 - - [09/Jan/2024:06:32:14 -0500] "HEAD /BLA/boletinlegal/ HTTP/1.1" 200 -
156.59.198.136 - - [09/Jan/2024:06:34:07 -0500] "GET /BLA/resoluciones/RESOLUCIONES%202014/1668.pdf HTTP/1.0" 200 581799
156.59.198.135 - - [09/Jan/2024:06:34:31 -0500] "GET /BLA/resoluciones/RESOLUCIONES%202014/0159.pdf HTTP/1.0" 200 757342
172.22.2.4 - - [09/Jan/2024:06:33:05 -0500] "GET /BLA/boletinlegal/ HTTP/1.1" 200 60502
156.59.198.136 - - [09/Jan/2024:06:34:54 -0500] "GET /BLA/resoluciones/RESOLUCIONES%202014/1665.pdf HTTP/1.0" 200 731862
201.245.192.253 - - [09/Jan/2024:06:35:00 -0500] "POST /kwsrmcab/Wsrmcab HTTP/1.1" 200 36652
201.245.192.253 - - [09/Jan/2024:06:35:03 -0500] "POST /kwsrmcab/Wsrmcab HTTP/1.1" 200 36646
156.59.198.136 - - [09/Jan/2024:06:35:18 -0500] "GET /BLA/resoluciones/RESOLUCIONES%202014/2201.pdf HTTP/1.0" 200 457789
216.245.221.92 - - [09/Jan/2024:06:35:28 -0500] "HEAD / HTTP/1.1" 200 -
156.59.198.136 - - [09/Jan/2024:06:35:42 -0500] "GET /BLA/resoluciones/RESOLUCIONES%202014/2095.pdf HTTP/1.0" 200 648687
156.59.198.136 - - [09/Jan/2024:06:36:10 -0500] "GET /BLA/resoluciones/RESOLUCIONES%202014/2813.pdf HTTP/1.0" 200 462431
201.245.192.253 - - [09/Jan/2024:06:36:23 -0500] "POST /kwsrmcab/Wsrmcab  HTTP/1.1" 200 36937
156.59.198.135 - - [09/Jan/2024:06:36:31 -0500] "GET /BLA/resoluciones/RESOLUCIONES%202014/3697.pdf HTTP/1.0" 200 819176
173.252.87.4 - - [09/Jan/2024:06:36:47 -0500] "GET /images/Red%20de%20Monitoreo%20de%20Calidad%20del%20Aire.jpg HTTP/1.1" 200 51986
156.59.198.136 - - [09/Jan/2024:06:36:56 -0500] "GET /BLA/resoluciones/RESOLUCIONES%202014/3933.pdf HTTP/1.0" 200 2035464
156.59.198.135 - - [09/Jan/2024:06:37:20 -0500] "GET /BLA/resoluciones/RESOLUCIONES%202014/2556.pdf HTTP/1.0" 200 311321
156.59.198.135 - - [09/Jan/2024:06:37:44 -0500] "GET /BLA/resoluciones/RESOLUCIONES%202014/0454.pdf HTTP/1.0" 200 749506
156.59.198.136 - - [09/Jan/2024:06:38:10 -0500] "GET /BLA/resoluciones/RESOLUCIONES%202021/1578.pdf HTTP/1.0" 200 363694
156.59.198.135 - - [09/Jan/2024:06:38:34 -0500] "GET /BLA/resoluciones/RESOLUCIONES%202014/1864.pdf HTTP/1.0" 200 2042915
156.59.198.135 - - [09/Jan/2024:06:38:57 -0500] "GET /BLA/resoluciones/RESOLUCIONES%202014/1783.pdf HTTP/1.0" 200 355828
201.245.192.253 - - [09/Jan/2024:06:39:14 -0500] "POST /kwsrmcab/Wsrmcab HTTP/1.1" 200 36652
156.59.198.135 - - [09/Jan/2024:06:39:23 -0500] "GET /BLA/resoluciones/RESOLUCIONES%202021/1971.pdf HTTP/1.0" 200 357079
172.22.2.4 - - [09/Jan/2024:06:38:04 -0500] "HEAD /BLA/boletinlegal/ HTTP/1.1" 200 -
156.59.198.135 - - [09/Jan/2024:06:39:47 -0500] "GET /BLA/resoluciones/RESOLUCIONES%202014/2415.pdf HTTP/1.0" 200 167176
201.245.192.253 - - [09/Jan/2024:06:39:54 -0500] "POST /kwsrmcab/Wsrmcab HTTP/1.1" 200 36646
156.59.198.135 - - [09/Jan/2024:06:40:11 -0500] "GET /BLA/resoluciones/RESOLUCIONES%202014/0383.pdf HTTP/1.0" 200 523078
216.245.221.92 - - [09/Jan/2024:06:40:28 -0500] "HEAD / HTTP/1.1" 200 -
172.22.2.4 - - [09/Jan/2024:06:38:55 -0500] "GET /BLA/boletinlegal/ HTTP/1.1" 200 58172
156.59.198.136 - - [09/Jan/2024:06:40:38 -0500] "GET /BLA/resoluciones/RESOLUCIONES%202014/1924.pdf HTTP/1.0" 200 550864
66.249.79.224 - - [09/Jan/2024:06:40:39 -0500] "GET /BLA/resoluciones/AUTOS%202014/5792.pdf HTTP/1.1" 200 199883
156.59.198.135 - - [09/Jan/2024:06:41:00 -0500] "GET /BLA/resoluciones/RESOLUCIONES%202014/2211.pdf HTTP/1.0" 200 469314
201.245.192.253 - - [09/Jan/2024:06:41:22 -0500] "POST /kwsrmcab/Wsrmcab  HTTP/1.1" 200 36937
156.59.198.135 - - [09/Jan/2024:06:41:25 -0500] "GET /BLA/resoluciones/RESOLUCIONES%202014/0536.pdf HTTP/1.0" 200 915898
156.59.198.136 - - [09/Jan/2024:06:41:50 -0500] "GET /BLA/resoluciones/RESOLUCIONES%202014/3418.pdf HTTP/1.0" 200 607717
156.59.198.135 - - [09/Jan/2024:06:42:13 -0500] "GET /BLA/resoluciones/RESOLUCIONES%202014/0696.pdf HTTP/1.0" 200 626708
156.59.198.136 - - [09/Jan/2024:06:42:39 -0500] "GET /BLA/resoluciones/RESOLUCIONES%202014/3140.pdf HTTP/1.0" 200 450838
156.59.198.135 - - [09/Jan/2024:06:43:02 -0500] "GET /BLA/resoluciones/RESOLUCIONES%202021/0707.pdf HTTP/1.0" 200 336756
156.59.198.135 - - [09/Jan/2024:06:43:27 -0500] "GET /BLA/resoluciones/RESOLUCIONES%202021/1793.pdf HTTP/1.0" 200 349920
40.77.167.8 - - [09/Jan/2024:06:43:37 -0500] "GET /portaldeninos/wp-content/uploads/2020/11/Torca-Guaymaral-B-133x75.jpg HTTP/1.1" 200 4243
156.59.198.136 - - [09/Jan/2024:06:43:52 -0500] "GET /BLA/resoluciones/RESOLUCIONES%202014/1529.pdf HTTP/1.0" 200 936319
156.59.198.135 - - [09/Jan/2024:06:44:17 -0500] "GET /BLA/resoluciones/RESOLUCIONES%202014/0476.pdf HTTP/1.0" 200 874762
156.59.198.136 - - [09/Jan/2024:06:44:42 -0500] "GET /BLA/resoluciones/RESOLUCIONES%202014/3735.pdf HTTP/1.0" 200 8782119
156.59.198.135 - - [09/Jan/2024:06:45:06 -0500] "GET /BLA/resoluciones/RESOLUCIONES%202014/1090.pdf HTTP/1.0" 200 2743899
216.245.221.92 - - [09/Jan/2024:06:45:28 -0500] "HEAD / HTTP/1.1" 200 -
156.59.198.135 - - [09/Jan/2024:06:45:30 -0500] "GET /BLA/resoluciones/RESOLUCIONES%202014/1029.pdf HTTP/1.0" 200 836050
172.22.2.4 - - [09/Jan/2024:06:43:54 -0500] "HEAD /BLA/boletinlegal/ HTTP/1.1" 200 -
66.249.79.238 - - [09/Jan/2024:06:45:51 -0500] "GET /resoluciones/RESOLUCIONES%202008/2789.pdf HTTP/1.1" 404 1018
156.59.198.135 - - [09/Jan/2024:06:45:54 -0500] "GET /BLA/resoluciones/RESOLUCIONES%202014/0959.pdf HTTP/1.0" 200 627409
177.93.45.50 - - [09/Jan/2024:06:46:15 -0500] "GET /appsia/controlador HTTP/1.1" 200 4799
177.93.45.50 - - [09/Jan/2024:06:46:17 -0500] "POST /appsia/controlador HTTP/1.1" 200 4621
156.59.198.136 - - [09/Jan/2024:06:46:20 -0500] "GET /BLA/resoluciones/RESOLUCIONES%202014/1230.pdf HTTP/1.0" 200 568815
177.93.45.50 - - [09/Jan/2024:06:46:20 -0500] "POST /appsia/controlador HTTP/1.1" 200 23101
201.245.192.253 - - [09/Jan/2024:06:46:21 -0500] "POST /kwsrmcab/Wsrmcab  HTTP/1.1" 200 36937
177.93.45.50 - - [09/Jan/2024:06:46:23 -0500] "POST /appsia/controlador HTTP/1.1" 200 4621
172.22.2.4 - - [09/Jan/2024:06:44:45 -0500] "GET /BLA/boletinlegal/ HTTP/1.1" 200 58567
177.93.45.50 - - [09/Jan/2024:06:46:26 -0500] "POST /appsia/controlador HTTP/1.1" 200 4621
156.59.198.135 - - [09/Jan/2024:06:46:44 -0500] "GET /BLA/resoluciones/RESOLUCIONES%202014/2269.pdf HTTP/1.0" 200 3878777
156.59.198.136 - - [09/Jan/2024:06:47:09 -0500] "GET /BLA/resoluciones/RESOLUCIONES%202014/3768.pdf HTTP/1.0" 200 3791806
156.59.198.136 - - [09/Jan/2024:06:47:33 -0500] "GET /BLA/resoluciones/RESOLUCIONES%202014/1362.pdf HTTP/1.0" 200 800303
