172.22.2.4 - - [09/Jan/2024:22:23:08 -0500] "GET /BLA/boletinlegal/images/footer_bg_l.jpg HTTP/1.1" 200 776
172.22.2.4 - - [09/Jan/2024:22:23:08 -0500] "GET /BLA/boletinlegal/img/0.png HTTP/1.1" 200 110
172.22.2.4 - - [09/Jan/2024:22:23:08 -0500] "GET /BLA/boletinlegal/img/select-left.png HTTP/1.1" 200 263
172.22.2.4 - - [09/Jan/2024:22:23:08 -0500] "GET /BLA/boletinlegal/img/select-right.png HTTP/1.1" 200 44019
172.22.2.4 - - [09/Jan/2024:22:23:08 -0500] "GET /BLA/boletinlegal/img/button-left.png HTTP/1.1" 200 57071
172.22.2.4 - - [09/Jan/2024:22:23:08 -0500] "GET /BLA/boletinlegal/img/button-right.png HTTP/1.1" 200 57878
172.22.2.4 - - [09/Jan/2024:22:23:08 -0500] "GET /BLA/boletinlegal/img/button.png HTTP/1.1" 200 43241
172.22.2.4 - - [09/Jan/2024:22:23:08 -0500] "GET /BLA/boletinlegal/favicon.ico HTTP/1.1" 404 1334
172.22.2.4 - - [09/Jan/2024:22:23:33 -0500] "GET /BLA/boletinlegal/consulta_normativa.php?tipo=Manual&sector=Aire&ano=&resuelve= HTTP/1.1" 200 454
172.22.2.4 - - [09/Jan/2024:22:23:44 -0500] "GET /BLA/boletinlegal/consulta_normativa.php?tipo=Manual&sector=Aire&ano=2021&resuelve= HTTP/1.1" 200 454
216.244.66.195 - - [09/Jan/2024:22:23:46 -0500] "GET /BLA/resoluciones/AUTOS%202011/3164.pdf HTTP/1.1" 200 246637
172.22.2.4 - - [09/Jan/2024:22:23:51 -0500] "GET /BLA/boletinlegal/consulta_normativa.php?tipo=Resolucion&sector=Aire&ano=2021&resuelve= HTTP/1.1" 200 454
172.22.2.4 - - [09/Jan/2024:22:23:51 -0500] "GET /BLA/boletinlegal/consulta_normativa.php?tipo=Resolucion&sector=Aire&ano=2021&resuelve= HTTP/1.1" 200 454
172.22.2.4 - - [09/Jan/2024:22:23:52 -0500] "GET /BLA/boletinlegal/consulta_normativa.php?tipo=Resolucion&sector=Aire&ano=2021&resuelve= HTTP/1.1" 200 454
172.22.2.4 - - [09/Jan/2024:22:24:03 -0500] "GET /BLA/boletinlegal/consulta_normativa.php?tipo=Resolucion&sector=competencia-estructura&ano=2021&resuelve= HTTP/1.1" 200 454
191.156.49.192 - - [09/Jan/2024:22:24:07 -0500] "GET /inicia-el-2024-conociendo-la-biodiversidad-de-bogoti.html?fbclid=IwAR1B1hGkx9ShmgalFfYmJSRDAWHn14sliDzcd-mXYT9cWX068zmzy6IHMBg HTTP/1.1" 200 894
172.22.2.4 - - [09/Jan/2024:22:24:11 -0500] "GET /BLA/boletinlegal/consulta_normativa.php?tipo=Resolucion&sector=mineria&ano=2021&resuelve= HTTP/1.1" 200 454
172.22.2.4 - - [09/Jan/2024:22:24:17 -0500] "GET /BLA/boletinlegal/normativa.php HTTP/1.1" 200 8343
172.22.2.4 - - [09/Jan/2024:22:24:19 -0500] "GET /BLA/boletinlegal/actos.php HTTP/1.1" 200 9648
172.22.2.4 - - [09/Jan/2024:22:24:19 -0500] "GET /BLA/boletinlegal/js/lib.js HTTP/1.1" 200 6474
172.22.2.4 - - [09/Jan/2024:22:24:19 -0500] "GET /BLA/boletinlegal/js/ajax_actos.js HTTP/1.1" 200 1322
172.22.2.4 - - [09/Jan/2024:22:24:19 -0500] "GET /BLA/boletinlegal/js/popup.js HTTP/1.1" 200 1270
172.22.2.4 - - [09/Jan/2024:22:24:19 -0500] "GET /BLA/boletinlegal/js/jquery1.js HTTP/1.1" 200 29846
172.22.2.4 - - [09/Jan/2024:22:24:19 -0500] "GET /BLA/boletinlegal/images/green-yellow-blue-pink-th.png HTTP/1.1" 200 7394
216.244.66.195 - - [09/Jan/2024:22:24:20 -0500] "GET /BLA/resoluciones/AUTOS%202011/3189.pdf HTTP/1.1" 200 249743
216.244.66.195 - - [09/Jan/2024:22:24:49 -0500] "GET /BLA/resoluciones/AUTOS%202011/3207.pdf HTTP/1.1" 200 280263
172.22.2.4 - - [09/Jan/2024:22:23:11 -0500] "HEAD /BLA/boletinlegal/ HTTP/1.1" 200 -
201.245.192.253 - - [09/Jan/2024:22:24:57 -0500] "POST /kwsrmcab/Wsrmcab HTTP/1.1" 200 37028
201.245.192.253 - - [09/Jan/2024:22:25:00 -0500] "POST /kwsrmcab/Wsrmcab HTTP/1.1" 200 36878
156.59.198.136 - - [09/Jan/2024:22:25:11 -0500] "GET /BLA/resoluciones/AUTOS%202007/0997.pdf HTTP/1.0" 200 25863
216.244.66.195 - - [09/Jan/2024:22:25:18 -0500] "GET /BLA/resoluciones/AUTOS%202011/3647.pdf HTTP/1.1" 200 291676
216.245.221.92 - - [09/Jan/2024:22:25:26 -0500] "HEAD / HTTP/1.1" 200 -
156.59.198.135 - - [09/Jan/2024:22:25:34 -0500] "GET /BLA/resoluciones/AUTOS%202007/0577.pdf HTTP/1.0" 200 183128
172.22.2.4 - - [09/Jan/2024:22:24:01 -0500] "GET /BLA/boletinlegal/ HTTP/1.1" 200 58567
216.244.66.195 - - [09/Jan/2024:22:25:46 -0500] "GET /BLA/resoluciones/AUTOS%202011/3782.pdf HTTP/1.1" 200 1742762
156.59.198.136 - - [09/Jan/2024:22:25:59 -0500] "GET /BLA/resoluciones/AUTOS%202007/0898.pdf HTTP/1.0" 200 57138
66.249.79.225 - - [09/Jan/2024:22:26:21 -0500] "GET /BLA/resoluciones/RESOLUCIONES%202013/1188.pdf HTTP/1.1" 200 427655
156.59.198.135 - - [09/Jan/2024:22:26:23 -0500] "GET /BLA/resoluciones/AUTOS%202007/0031.pdf HTTP/1.0" 200 115274
216.244.66.195 - - [09/Jan/2024:22:26:37 -0500] "GET /BLA/resoluciones/AUTOS%202012/0254.pdf HTTP/1.1" 200 325870
156.59.198.136 - - [09/Jan/2024:22:26:47 -0500] "GET /BLA/resoluciones/AUTOS%202007/0683.pdf HTTP/1.0" 200 636494
156.59.198.136 - - [09/Jan/2024:22:27:12 -0500] "GET /BLA/resoluciones/AUTOS%202007/0992.pdf HTTP/1.0" 200 27637
216.244.66.195 - - [09/Jan/2024:22:27:12 -0500] "GET /BLA/resoluciones/AUTOS%202012/0329.pdf HTTP/1.1" 200 304442
201.245.192.253 - - [09/Jan/2024:22:27:15 -0500] "POST /kwsrmcab/Wsrmcab  HTTP/1.1" 200 36937
156.59.198.135 - - [09/Jan/2024:22:27:37 -0500] "GET /BLA/resoluciones/AUTOS%202007/0606.pdf HTTP/1.0" 200 66736
216.244.66.195 - - [09/Jan/2024:22:27:46 -0500] "GET /BLA/resoluciones/AUTOS%202012/0342.pdf HTTP/1.1" 200 326732
66.249.66.75 - - [09/Jan/2024:22:27:58 -0500] "GET /portaldeninos/2021/05/21/2070/ HTTP/1.1" 200 109949
156.59.198.135 - - [09/Jan/2024:22:28:00 -0500] "GET /BLA/resoluciones/AUTOS%202007/0932.pdf HTTP/1.0" 200 24845
66.249.66.75 - - [09/Jan/2024:22:28:01 -0500] "GET /portaldeninos/wp-content/plugins/google-analytics-for-wordpress/assets/js/frontend-gtag.min.js?ver=8.5.0 HTTP/1.1" 200 11801
66.249.66.75 - - [09/Jan/2024:22:28:02 -0500] "GET /portaldeninos/wp-includes/js/jquery/ui/widget.min.js?ver=1.11.4 HTTP/1.1" 200 6908
66.249.66.75 - - [09/Jan/2024:22:28:16 -0500] "GET /portaldeninos/wp-content/uploads/2021/11/Ficha-comadreja-fauna-27-mayo-80x80.jpg HTTP/1.1" 200 2954
216.244.66.195 - - [09/Jan/2024:22:28:16 -0500] "GET /BLA/resoluciones/AUTOS%202012/0344.pdf HTTP/1.1" 200 335885
66.249.66.75 - - [09/Jan/2024:22:28:17 -0500] "GET /portaldeninos/wp-content/uploads/2021/11/pieza-dia-abejas-ambiente-20-mayo-80x80.jpg HTTP/1.1" 200 3098
66.249.66.75 - - [09/Jan/2024:22:28:18 -0500] "GET /portaldeninos/wp-content/uploads/2021/11/pieza-diversidad-bogota-22-mayo-80x80.jpg HTTP/1.1" 200 2911
66.249.66.75 - - [09/Jan/2024:22:28:19 -0500] "GET /portaldeninos/wp-content/uploads/2021/11/pieza-diversidad-bogota-22-mayo.jpg HTTP/1.1" 200 65540
156.59.198.135 - - [09/Jan/2024:22:28:25 -0500] "GET /BLA/resoluciones/AUTOS%202007/1211.pdf HTTP/1.0" 200 41042
66.249.79.224 - - [09/Jan/2024:22:28:30 -0500] "GET /Publicaciones/2023EE204828.pdf HTTP/1.1" 404 228
216.244.66.195 - - [09/Jan/2024:22:28:43 -0500] "GET /BLA/resoluciones/AUTOS%202012/1850.pdf HTTP/1.1" 200 250050
156.59.198.135 - - [09/Jan/2024:22:28:50 -0500] "GET /BLA/resoluciones/AUTOS%202007/1770.pdf HTTP/1.0" 200 35325
190.9.212.53 - - [09/Jan/2024:22:28:52 -0500] "GET /inicia-el-2024-conociendo-la-biodiversidad-de-bogoti.html?fbclid=IwAR1G1Yv-RZSS_2UTxNCfSQmTrjgfun4B2ht0w6z_7TDfnao3P9e1hKJaGHY HTTP/1.1" 200 894
216.244.66.195 - - [09/Jan/2024:22:29:10 -0500] "GET /BLA/resoluciones/AUTOS%202012/1977.pdf HTTP/1.1" 200 970518
156.59.198.136 - - [09/Jan/2024:22:29:12 -0500] "GET /BLA/resoluciones/AUTOS%202007/1784.pdf HTTP/1.0" 200 35284
201.245.192.253 - - [09/Jan/2024:22:29:11 -0500] "POST /kwsrmcab/Wsrmcab HTTP/1.1" 200 37028
181.48.254.132 - - [09/Jan/2024:22:29:18 -0500] "-" 408 -
181.48.254.132 - - [09/Jan/2024:22:29:18 -0500] "-" 408 -
156.59.198.136 - - [09/Jan/2024:22:29:37 -0500] "GET /BLA/resoluciones/AUTOS%202007/0455.pdf HTTP/1.0" 200 35467
216.244.66.195 - - [09/Jan/2024:22:29:38 -0500] "GET /BLA/resoluciones/AUTOS%202012/2562.pdf HTTP/1.1" 200 1422652
201.245.192.253 - - [09/Jan/2024:22:29:50 -0500] "POST /kwsrmcab/Wsrmcab HTTP/1.1" 200 36878
156.59.198.136 - - [09/Jan/2024:22:30:01 -0500] "GET /BLA/resoluciones/AUTOS%202007/1066.pdf HTTP/1.0" 200 401396
173.252.79.1 - - [09/Jan/2024:22:30:02 -0500] "GET /images/reconocimiento%20practicas%20ambientales.jpg HTTP/1.1" 200 63397
216.244.66.195 - - [09/Jan/2024:22:30:18 -0500] "GET /BLA/resoluciones/AUTOS%202012/2618.pdf HTTP/1.1" 200 336333
216.245.221.92 - - [09/Jan/2024:22:30:26 -0500] "HEAD / HTTP/1.1" 200 -
156.59.198.135 - - [09/Jan/2024:22:30:26 -0500] "GET /BLA/resoluciones/AUTOS%202007/1167.pdf HTTP/1.0" 200 29450
66.249.79.225 - - [09/Jan/2024:22:30:37 -0500] "GET /BLA/resoluciones/RESOLUCIONES%202009/8352.pdf HTTP/1.1" 200 481263
172.22.2.4 - - [09/Jan/2024:22:29:01 -0500] "HEAD /BLA/boletinlegal/ HTTP/1.1" 200 -
216.244.66.195 - - [09/Jan/2024:22:30:49 -0500] "GET /BLA/resoluciones/AUTOS%202012/2681.pdf HTTP/1.1" 200 220821
156.59.198.135 - - [09/Jan/2024:22:30:51 -0500] "GET /BLA/resoluciones/AUTOS%202007/0442.pdf HTTP/1.0" 200 18030
156.59.198.135 - - [09/Jan/2024:22:31:15 -0500] "GET /BLA/resoluciones/AUTOS%202007/0722.pdf HTTP/1.0" 200 1784231
216.244.66.195 - - [09/Jan/2024:22:31:18 -0500] "GET /BLA/resoluciones/AUTOS%202012/2745.pdf HTTP/1.1" 200 947719
172.22.2.4 - - [09/Jan/2024:22:29:51 -0500] "GET /BLA/boletinlegal/ HTTP/1.1" 200 60502
156.59.198.135 - - [09/Jan/2024:22:31:40 -0500] "GET /BLA/resoluciones/AUTOS%202007/0895.pdf HTTP/1.0" 200 204275
216.244.66.195 - - [09/Jan/2024:22:31:47 -0500] "GET /BLA/resoluciones/AUTOS%202012/2852.pdf HTTP/1.1" 200 288933
156.59.198.136 - - [09/Jan/2024:22:32:04 -0500] "GET /BLA/resoluciones/AUTOS%202007/0100.pdf HTTP/1.0" 200 47556
216.244.66.195 - - [09/Jan/2024:22:32:16 -0500] "GET /BLA/resoluciones/AUTOS%202012/2880.pdf HTTP/1.1" 200 373005
201.245.192.253 - - [09/Jan/2024:22:32:14 -0500] "POST /kwsrmcab/Wsrmcab  HTTP/1.1" 200 36937
173.252.127.118 - - [09/Jan/2024:22:32:23 -0500] "GET /derechos-de-construccion-estrategia-del-distrito-para-adquirir-predios-privados-en-la-van-der-hammen-y-los-cerros-orientales.html HTTP/1.1" 200 912
156.59.198.136 - - [09/Jan/2024:22:32:28 -0500] "GET /BLA/resoluciones/AUTOS%202007/0145.pdf HTTP/1.0" 200 123574
216.244.66.195 - - [09/Jan/2024:22:32:42 -0500] "GET /BLA/resoluciones/AUTOS%202013/0058.pdf HTTP/1.1" 200 1380540
66.249.79.224 - - [09/Jan/2024:22:32:47 -0500] "GET /BLA/resoluciones/AUTOS%202014/0436.pdf HTTP/1.1" 200 433144
156.59.198.135 - - [09/Jan/2024:22:32:54 -0500] "GET /BLA/resoluciones/AUTOS%202007/0055.pdf HTTP/1.0" 200 47532
66.249.79.238 - - [09/Jan/2024:22:32:57 -0500] "GET /Publicaciones/2023EE278783.pdf HTTP/1.1" 404 228
216.244.66.195 - - [09/Jan/2024:22:33:10 -0500] "GET /BLA/resoluciones/AUTOS%202013/0361.pdf HTTP/1.1" 200 804803
156.59.198.135 - - [09/Jan/2024:22:33:17 -0500] "GET /BLA/resoluciones/AUTOS%202007/0963.pdf HTTP/1.0" 200 62452
216.244.66.195 - - [09/Jan/2024:22:33:36 -0500] "GET /BLA/resoluciones/AUTOS%202013/0863.pdf HTTP/1.1" 200 1568107
156.59.198.135 - - [09/Jan/2024:22:33:41 -0500] "GET /BLA/resoluciones/AUTOS%202007/1187.pdf HTTP/1.0" 200 29180
172.22.2.4 - - [09/Jan/2024:22:32:13 -0500] "GET /BLA/boletinlegal/ HTTP/1.1" 200 63054
216.244.66.195 - - [09/Jan/2024:22:34:01 -0500] "GET /BLA/resoluciones/AUTOS%202013/1139.pdf HTTP/1.1" 200 1156711
156.59.198.136 - - [09/Jan/2024:22:34:05 -0500] "GET /BLA/resoluciones/AUTOS%202007/0973.pdf HTTP/1.0" 200 532572
156.59.198.135 - - [09/Jan/2024:22:34:31 -0500] "GET /BLA/resoluciones/AUTOS%202007/1462.pdf HTTP/1.0" 200 27319
216.244.66.195 - - [09/Jan/2024:22:34:37 -0500] "GET /BLA/resoluciones/AUTOS%202013/1267.pdf HTTP/1.1" 200 1461086
156.59.198.136 - - [09/Jan/2024:22:34:55 -0500] "GET /BLA/resoluciones/AUTOS%202007/1048.pdf HTTP/1.0" 200 32958
66.249.79.238 - - [09/Jan/2024:22:34:58 -0500] "GET /BLA/resoluciones/RESOLUCIONES%202010/5857.pdf HTTP/1.1" 200 166036
201.245.192.253 - - [09/Jan/2024:22:34:57 -0500] "POST /kwsrmcab/Wsrmcab HTTP/1.1" 200 37028
201.245.192.253 - - [09/Jan/2024:22:35:00 -0500] "POST /kwsrmcab/Wsrmcab HTTP/1.1" 200 36878
216.244.66.195 - - [09/Jan/2024:22:35:06 -0500] "GET /BLA/resoluciones/AUTOS%202013/1386.pdf HTTP/1.1" 200 701957
156.59.198.135 - - [09/Jan/2024:22:35:20 -0500] "GET /BLA/resoluciones/AUTOS%202007/0379.pdf HTTP/1.0" 200 466751
52.167.144.226 - - [09/Jan/2024:22:35:20 -0500] "GET /BLA/resoluciones/RESOLUCIONES%202019/3376.pdf HTTP/1.1" 200 308646
216.245.221.92 - - [09/Jan/2024:22:35:26 -0500] "HEAD / HTTP/1.1" 200 -
216.244.66.195 - - [09/Jan/2024:22:35:39 -0500] "GET /BLA/resoluciones/AUTOS%202013/2120.pdf HTTP/1.1" 200 448841
156.59.198.136 - - [09/Jan/2024:22:35:45 -0500] "GET /BLA/resoluciones/AUTOS%202007/1027.pdf HTTP/1.0" 200 121276
156.59.198.136 - - [09/Jan/2024:22:36:09 -0500] "GET /BLA/resoluciones/AUTOS%202007/1583.pdf HTTP/1.0" 200 31113
172.22.2.4 - - [09/Jan/2024:22:36:12 -0500] "GET /BLA/boletinlegal/Circulares/2019/.pdf HTTP/1.1" 404 1218
181.53.13.192 - - [09/Jan/2024:22:36:22 -0500] "GET /inicia-el-2024-conociendo-la-biodiversidad-de-bogoti.html?fbclid=IwAR0bWRIPR6KOLZEJYdM2k_BihBHTHYYdQMYshIG4Lc-IUxjrHWsEPinjOBw HTTP/1.1" 200 894
172.22.2.4 - - [09/Jan/2024:22:36:23 -0500] "GET /BLA/boletinlegal/Circulares/2012/Circular%20No.%2010%20del%2026%20de%20Enero%20de%202012.pdf HTTP/1.1" 404 1218
172.22.2.4 - - [09/Jan/2024:22:34:51 -0500] "HEAD /BLA/boletinlegal/ HTTP/1.1" 200 -
156.59.198.135 - - [09/Jan/2024:22:36:33 -0500] "GET /BLA/resoluciones/AUTOS%202007/1663.pdf HTTP/1.0" 200 214091
156.59.198.135 - - [09/Jan/2024:22:36:57 -0500] "GET /BLA/resoluciones/AUTOS%202007/0378.pdf HTTP/1.0" 200 160006
201.245.192.253 - - [09/Jan/2024:22:37:13 -0500] "POST /kwsrmcab/Wsrmcab  HTTP/1.1" 200 36937
156.59.198.135 - - [09/Jan/2024:22:37:21 -0500] "GET /BLA/resoluciones/AUTOS%202007/0356.pdf HTTP/1.0" 200 194233
172.22.2.4 - - [09/Jan/2024:22:35:41 -0500] "GET /BLA/boletinlegal/ HTTP/1.1" 200 58567
156.59.198.135 - - [09/Jan/2024:22:37:46 -0500] "GET /BLA/resoluciones/AUTOS%202007/0021.pdf HTTP/1.0" 200 45798
172.22.2.4 - - [09/Jan/2024:22:37:42 -0500] "GET /BLA/boletinlegal/ HTTP/1.1" 200 20427
156.59.198.135 - - [09/Jan/2024:22:38:10 -0500] "GET /BLA/resoluciones/AUTOS%202007/1725.pdf HTTP/1.0" 200 33507
156.59.198.135 - - [09/Jan/2024:22:38:35 -0500] "GET /BLA/resoluciones/AUTOS%202007/1091.pdf HTTP/1.0" 200 29920
172.22.2.4 - - [09/Jan/2024:22:38:40 -0500] "GET /BLA/boletinlegal/actos.php HTTP/1.1" 200 9648
172.22.2.4 - - [09/Jan/2024:22:38:40 -0500] "GET /BLA/boletinlegal/styles2.css HTTP/1.1" 200 1838
172.22.2.4 - - [09/Jan/2024:22:38:40 -0500] "GET /BLA/boletinlegal/niceforms-default.css HTTP/1.1" 200 6694
172.22.2.4 - - [09/Jan/2024:22:38:40 -0500] "GET /BLA/boletinlegal/style.css HTTP/1.1" 200 9406
172.22.2.4 - - [09/Jan/2024:22:38:40 -0500] "GET /BLA/boletinlegal/niceforms.js HTTP/1.1" 200 22876
172.22.2.4 - - [09/Jan/2024:22:38:40 -0500] "GET /BLA/boletinlegal/js/ajax_actos.js HTTP/1.1" 200 1322
172.22.2.4 - - [09/Jan/2024:22:38:40 -0500] "GET /BLA/boletinlegal/js/lib.js HTTP/1.1" 200 6474
172.22.2.4 - - [09/Jan/2024:22:38:40 -0500] "GET /BLA/boletinlegal/js/popup.js HTTP/1.1" 200 1270
172.22.2.4 - - [09/Jan/2024:22:38:40 -0500] "GET /BLA/boletinlegal/js/jquery1.js HTTP/1.1" 200 29846
172.22.2.4 - - [09/Jan/2024:22:38:40 -0500] "GET /BLA/boletinlegal/images/subscribe-icon-big.png HTTP/1.1" 200 47702
172.22.2.4 - - [09/Jan/2024:22:38:40 -0500] "GET /BLA/boletinlegal/images/cabezote%20BLEGAL.jpg HTTP/1.1" 200 118164
172.22.2.4 - - [09/Jan/2024:22:38:40 -0500] "GET /BLA/boletinlegal/images/historia.png HTTP/1.1" 200 52775
172.22.2.4 - - [09/Jan/2024:22:38:41 -0500] "GET /BLA/boletinlegal/images/icono-email.png HTTP/1.1" 200 5544
172.22.2.4 - - [09/Jan/2024:22:38:41 -0500] "GET /BLA/boletinlegal/images/registro-usuarios.png HTTP/1.1" 200 8106
172.22.2.4 - - [09/Jan/2024:22:38:41 -0500] "GET /BLA/boletinlegal/images/green-yellow-blue-pink-th.png HTTP/1.1" 200 7394
172.22.2.4 - - [09/Jan/2024:22:38:41 -0500] "GET /BLA/boletinlegal/images/tel.png HTTP/1.1" 200 14477
172.22.2.4 - - [09/Jan/2024:22:38:41 -0500] "GET /BLA/boletinlegal/images/body_bg.jpg HTTP/1.1" 200 1601
172.22.2.4 - - [09/Jan/2024:22:38:41 -0500] "GET /BLA/boletinlegal/images/menu_lft.gif HTTP/1.1" 200 1713
172.22.2.4 - - [09/Jan/2024:22:38:41 -0500] "GET /BLA/boletinlegal/images/menu_rght.gif HTTP/1.1" 200 1627
172.22.2.4 - - [09/Jan/2024:22:38:41 -0500] "GET /BLA/boletinlegal/images/menu_bg.jpg HTTP/1.1" 200 620
172.22.2.4 - - [09/Jan/2024:22:38:41 -0500] "GET /BLA/boletinlegal/images/bg_top.jpg HTTP/1.1" 200 522
172.22.2.4 - - [09/Jan/2024:22:38:41 -0500] "GET /BLA/boletinlegal/images/hover.jpg HTTP/1.1" 200 640
172.22.2.4 - - [09/Jan/2024:22:38:41 -0500] "GET /BLA/boletinlegal/images/text.jpg HTTP/1.1" 200 568
172.22.2.4 - - [09/Jan/2024:22:38:41 -0500] "GET /BLA/boletinlegal/images/footer_bg.jpg HTTP/1.1" 200 586
172.22.2.4 - - [09/Jan/2024:22:38:41 -0500] "GET /BLA/boletinlegal/images/footer_bg_l.jpg HTTP/1.1" 200 776
172.22.2.4 - - [09/Jan/2024:22:38:41 -0500] "GET /BLA/boletinlegal/img/0.png HTTP/1.1" 200 110
172.22.2.4 - - [09/Jan/2024:22:38:41 -0500] "GET /BLA/boletinlegal/img/select-left.png HTTP/1.1" 200 263
172.22.2.4 - - [09/Jan/2024:22:38:41 -0500] "GET /BLA/boletinlegal/img/button-right.png HTTP/1.1" 200 57878
172.22.2.4 - - [09/Jan/2024:22:38:41 -0500] "GET /BLA/boletinlegal/img/select-right.png HTTP/1.1" 200 44019
172.22.2.4 - - [09/Jan/2024:22:38:41 -0500] "GET /BLA/boletinlegal/img/button.png HTTP/1.1" 200 43241
172.22.2.4 - - [09/Jan/2024:22:38:41 -0500] "GET /BLA/boletinlegal/img/button-left.png HTTP/1.1" 200 57071
172.22.2.4 - - [09/Jan/2024:22:38:41 -0500] "GET /BLA/boletinlegal/favicon.ico HTTP/1.1" 404 1326
156.59.198.136 - - [09/Jan/2024:22:39:00 -0500] "GET /BLA/resoluciones/AUTOS%202007/0821.pdf HTTP/1.0" 200 154459
201.245.192.253 - - [09/Jan/2024:22:39:11 -0500] "POST /kwsrmcab/Wsrmcab HTTP/1.1" 200 37028
156.59.198.135 - - [09/Jan/2024:22:39:24 -0500] "GET /BLA/resoluciones/AUTOS%202007/1339.pdf HTTP/1.0" 200 53810
156.59.198.136 - - [09/Jan/2024:22:39:48 -0500] "GET /BLA/resoluciones/AUTOS%202007/0755.pdf HTTP/1.0" 200 29616
201.245.192.253 - - [09/Jan/2024:22:39:51 -0500] "POST /kwsrmcab/Wsrmcab HTTP/1.1" 200 36878
156.59.198.135 - - [09/Jan/2024:22:40:12 -0500] "GET /BLA/resoluciones/AUTOS%202007/1050.pdf HTTP/1.0" 200 46642
216.245.221.92 - - [09/Jan/2024:22:40:25 -0500] "HEAD / HTTP/1.1" 200 -
156.59.198.136 - - [09/Jan/2024:22:40:37 -0500] "GET /BLA/resoluciones/AUTOS%202007/1718.pdf HTTP/1.0" 200 33137
156.59.198.136 - - [09/Jan/2024:22:41:01 -0500] "GET /BLA/resoluciones/AUTOS%202007/0588.pdf HTTP/1.0" 200 125791
66.249.79.224 - - [09/Jan/2024:22:41:16 -0500] "GET /Publicaciones/2023EE301453.pdf HTTP/1.1" 404 228
156.59.198.135 - - [09/Jan/2024:22:41:25 -0500] "GET /BLA/resoluciones/AUTOS%202007/0050.pdf HTTP/1.0" 200 63270
156.59.198.136 - - [09/Jan/2024:22:41:49 -0500] "GET /BLA/resoluciones/AUTOS%202007/0432.pdf HTTP/1.0" 200 67635
201.245.192.253 - - [09/Jan/2024:22:42:11 -0500] "POST /kwsrmcab/Wsrmcab  HTTP/1.1" 200 36937
156.59.198.136 - - [09/Jan/2024:22:42:13 -0500] "GET /BLA/resoluciones/AUTOS%202007/1095.pdf HTTP/1.0" 200 30844
172.22.2.4 - - [09/Jan/2024:22:40:41 -0500] "HEAD /BLA/boletinlegal/ HTTP/1.1" 200 -
156.59.198.136 - - [09/Jan/2024:22:42:37 -0500] "GET /BLA/resoluciones/AUTOS%202007/0012.pdf HTTP/1.0" 200 116340
181.53.96.46 - - [09/Jan/2024:22:42:56 -0500] "GET /inicia-el-2024-conociendo-la-biodiversidad-de-bogoti.html?fbclid=IwAR2sZ1_tnJ9WF434_zv3hg0KPVWoVDRY4gA5e_SRU-LN63aR9KOI0yZ3tfQ HTTP/1.1" 200 894
156.59.198.136 - - [09/Jan/2024:22:43:02 -0500] "GET /BLA/resoluciones/AUTOS%202007/0486.pdf HTTP/1.0" 200 34455
172.22.2.4 - - [09/Jan/2024:22:41:32 -0500] "GET /BLA/boletinlegal/ HTTP/1.1" 200 60502
156.59.198.136 - - [09/Jan/2024:22:43:27 -0500] "GET /BLA/resoluciones/AUTOS%202007/0793.pdf HTTP/1.0" 200 66933
190.67.220.21 - - [09/Jan/2024:22:43:27 -0500] "GET /distrito-exalto-a-246-empresas-de-bogota-por-su-alto-desempeno-y-responsabilidad-ambiental-durante-2023.html HTTP/1.1" 200 1039
156.59.198.136 - - [09/Jan/2024:22:43:52 -0500] "GET /BLA/resoluciones/AUTOS%202007/0134.pdf HTTP/1.0" 200 44787
156.59.198.136 - - [09/Jan/2024:22:44:17 -0500] "GET /BLA/resoluciones/AUTOS%202007/0662.pdf HTTP/1.0" 200 65611
156.59.198.136 - - [09/Jan/2024:22:44:39 -0500] "GET /BLA/resoluciones/AUTOS%202007/1044.pdf HTTP/1.0" 200 29140
156.59.198.135 - - [09/Jan/2024:22:45:04 -0500] "GET /BLA/resoluciones/AUTOS%202007/1021.pdf HTTP/1.0" 200 124966
51.222.253.1 - - [09/Jan/2024:22:45:14 -0500] "GET /robots.txt HTTP/1.1" 404 1018
216.245.221.92 - - [09/Jan/2024:22:45:25 -0500] "HEAD / HTTP/1.1" 200 -
156.59.198.135 - - [09/Jan/2024:22:45:29 -0500] "GET /BLA/resoluciones/AUTOS%202007/0900.pdf HTTP/1.0" 200 82505
156.59.198.135 - - [09/Jan/2024:22:45:54 -0500] "GET /BLA/resoluciones/AUTOS%202007/0911.pdf HTTP/1.0" 200 70079
51.222.253.2 - - [09/Jan/2024:22:45:15 -0500] "GET /BLA/boletinlegal/ HTTP/1.1" 200 32715
66.249.79.225 - - [09/Jan/2024:22:46:00 -0500] "GET /isolucionsda/FrameSetArticulo.asp?Pagina=/isolucionsda/bancoconocimiento/A/Acuerdo27del18deDiciembre2008/Acuerdo27del18deDiciembre2008.asp?IdArticulo=6177 HTTP/1.1" 200 527
66.249.79.238 - - [09/Jan/2024:22:46:11 -0500] "GET /BLA/resoluciones/RESOLUCIONES%202009/1230.pdf HTTP/1.1" 200 395410
156.59.198.135 - - [09/Jan/2024:22:46:18 -0500] "GET /BLA/resoluciones/AUTOS%202007/0124.pdf HTTP/1.0" 200 45494
156.59.198.135 - - [09/Jan/2024:22:46:42 -0500] "GET /BLA/resoluciones/AUTOS%202007/0902.pdf HTTP/1.0" 200 213378
156.59.198.135 - - [09/Jan/2024:22:47:07 -0500] "GET /BLA/resoluciones/AUTOS%202007/1165.pdf HTTP/1.0" 200 26166
201.245.192.253 - - [09/Jan/2024:22:47:10 -0500] "POST /kwsrmcab/Wsrmcab  HTTP/1.1" 200 36937
173.252.79.117 - - [09/Jan/2024:22:47:25 -0500] "GET /images/arbol%20centro.jpg HTTP/1.1" 200 69467
156.59.198.136 - - [09/Jan/2024:22:47:30 -0500] "GET /BLA/resoluciones/AUTOS%202007/0373.pdf HTTP/1.0" 200 107106
156.59.198.136 - - [09/Jan/2024:22:47:55 -0500] "GET /BLA/resoluciones/AUTOS%202007/0608.pdf HTTP/1.0" 200 70582
66.249.79.238 - - [09/Jan/2024:22:47:57 -0500] "GET /Publicaciones/2023EE235633.pdf HTTP/1.1" 404 228
66.249.79.224 - - [09/Jan/2024:22:48:00 -0500] "GET /Publicaciones/2023EE235363.pdf HTTP/1.1" 404 228
172.22.2.4 - - [09/Jan/2024:22:46:32 -0500] "HEAD /BLA/boletinlegal/ HTTP/1.1" 200 -
156.59.198.136 - - [09/Jan/2024:22:48:20 -0500] "GET /BLA/resoluciones/AUTOS%202007/1417.pdf HTTP/1.0" 200 24557
156.59.198.135 - - [09/Jan/2024:22:48:44 -0500] "GET /BLA/resoluciones/AUTOS%202007/0329.pdf HTTP/1.0" 200 121263
216.244.66.195 - - [09/Jan/2024:22:48:54 -0500] "GET /robots.txt HTTP/1.1" 404 1018
172.22.2.4 - - [09/Jan/2024:22:47:22 -0500] "GET /BLA/boletinlegal/ HTTP/1.1" 200 58567
156.59.198.135 - - [09/Jan/2024:22:49:07 -0500] "GET /BLA/resoluciones/AUTOS%202007/0042.pdf HTTP/1.0" 200 284679
156.59.198.135 - - [09/Jan/2024:22:49:31 -0500] "GET /BLA/resoluciones/AUTOS%202007/0959.pdf HTTP/1.0" 200 151538
156.59.198.136 - - [09/Jan/2024:22:49:57 -0500] "GET /BLA/resoluciones/AUTOS%202007/0983.pdf HTTP/1.0" 200 82928
156.59.198.135 - - [09/Jan/2024:22:50:22 -0500] "GET /BLA/resoluciones/AUTOS%202007/0003.pdf HTTP/1.0" 200 232930
216.245.221.92 - - [09/Jan/2024:22:50:25 -0500] "HEAD / HTTP/1.1" 200 -
156.59.198.136 - - [09/Jan/2024:22:50:46 -0500] "GET /BLA/resoluciones/AUTOS%202007/0271.pdf HTTP/1.0" 200 189906
156.59.198.136 - - [09/Jan/2024:22:51:11 -0500] "GET /BLA/resoluciones/AUTOS%202007/0499.pdf HTTP/1.0" 200 17224
156.59.198.136 - - [09/Jan/2024:22:51:36 -0500] "GET /BLA/resoluciones/AUTOS%202007/1775.pdf HTTP/1.0" 200 29496
156.59.198.136 - - [09/Jan/2024:22:52:02 -0500] "GET /BLA/resoluciones/AUTOS%202007/1006.pdf HTTP/1.0" 200 42479
190.27.99.17 - - [09/Jan/2024:22:52:07 -0500] "GET /inicia-el-2024-conociendo-la-biodiversidad-de-bogoti.html HTTP/1.1" 200 894
201.245.192.253 - - [09/Jan/2024:22:52:08 -0500] "POST /kwsrmcab/Wsrmcab  HTTP/1.1" 200 36937
156.59.198.135 - - [09/Jan/2024:22:52:25 -0500] "GET /BLA/resoluciones/AUTOS%202007/0160.pdf HTTP/1.0" 200 48700
172.22.2.4 - - [09/Jan/2024:22:52:43 -0500] "GET /BLA/boletinlegal/robots.txt HTTP/1.1" 404 1018
156.59.198.135 - - [09/Jan/2024:22:52:50 -0500] "GET /BLA/resoluciones/AUTOS%202007/0810.pdf HTTP/1.0" 200 245567
40.77.167.52 - - [09/Jan/2024:22:52:58 -0500] "GET /BLA/resoluciones/index.php?dir=AUTOS+2011%2F HTTP/1.1" 200 637403
156.59.198.135 - - [09/Jan/2024:22:53:14 -0500] "GET /BLA/resoluciones/AUTOS%202007/1104.pdf HTTP/1.0" 200 25659
156.59.198.136 - - [09/Jan/2024:22:53:40 -0500] "GET /BLA/resoluciones/AUTOS%202007/0421.pdf HTTP/1.0" 200 61981
172.22.2.4 - - [09/Jan/2024:22:52:22 -0500] "HEAD /BLA/boletinlegal/ HTTP/1.1" 200 -
156.59.198.135 - - [09/Jan/2024:22:54:05 -0500] "GET /BLA/resoluciones/AUTOS%202007/1146.pdf HTTP/1.0" 200 81497
156.59.198.135 - - [09/Jan/2024:22:54:30 -0500] "GET /BLA/resoluciones/AUTOS%202007/0381.pdf HTTP/1.0" 200 172217
172.22.2.4 - - [09/Jan/2024:22:53:12 -0500] "GET /BLA/boletinlegal/ HTTP/1.1" 200 58567
156.59.198.135 - - [09/Jan/2024:22:54:56 -0500] "GET /BLA/resoluciones/AUTOS%202007/0854.pdf HTTP/1.0" 200 92002
173.252.107.3 - - [09/Jan/2024:22:55:18 -0500] "GET /asi-las-mujeres-que-reverdecen-cuidan-los-arboles-para-la-restauracion-ecologica-de-bogota.html HTTP/1.1" 200 911
156.59.198.135 - - [09/Jan/2024:22:55:20 -0500] "GET /BLA/resoluciones/AUTOS%202007/0541.pdf HTTP/1.0" 200 163551
216.245.221.92 - - [09/Jan/2024:22:55:25 -0500] "HEAD / HTTP/1.1" 200 -
156.59.198.135 - - [09/Jan/2024:22:55:44 -0500] "GET /BLA/resoluciones/AUTOS%202007/0371.pdf HTTP/1.0" 200 109729
156.59.198.135 - - [09/Jan/2024:22:56:08 -0500] "GET /BLA/resoluciones/AUTOS%202007/0686.pdf HTTP/1.0" 200 129144
17.241.227.8 - - [09/Jan/2024:22:56:19 -0500] "GET /como-debe-ser-el-manejo-del-ruido-en-bogota.html HTTP/1.1" 200 765
156.59.198.136 - - [09/Jan/2024:22:56:33 -0500] "GET /BLA/resoluciones/AUTOS%202007/0731.pdf HTTP/1.0" 200 21562
156.59.198.136 - - [09/Jan/2024:22:56:57 -0500] "GET /BLA/resoluciones/AUTOS%202007/0435.pdf HTTP/1.0" 200 77231
201.245.192.253 - - [09/Jan/2024:22:57:07 -0500] "POST /kwsrmcab/Wsrmcab  HTTP/1.1" 200 36937
156.59.198.136 - - [09/Jan/2024:22:57:21 -0500] "GET /BLA/resoluciones/AUTOS%202007/0965.pdf HTTP/1.0" 200 282595
181.53.12.159 - - [09/Jan/2024:22:57:39 -0500] "GET /inicia-el-2024-conociendo-la-biodiversidad-de-bogoti.html?fbclid=IwAR0WF3YNjZw7fYR8tS8FF4Xh32ZIU-HQhYlxdsB0SJz-0oxuV_D5CMPP61w HTTP/1.1" 200 894
156.59.198.135 - - [09/Jan/2024:22:57:46 -0500] "GET /BLA/resoluciones/AUTOS%202007/1682.pdf HTTP/1.0" 200 255496
156.59.198.135 - - [09/Jan/2024:22:58:11 -0500] "GET /BLA/resoluciones/AUTOS%202007/1423.pdf HTTP/1.0" 200 113098
156.59.198.135 - - [09/Jan/2024:22:58:36 -0500] "GET /BLA/resoluciones/AUTOS%202007/1057.pdf HTTP/1.0" 200 61747
156.59.198.136 - - [09/Jan/2024:22:59:00 -0500] "GET /BLA/resoluciones/AUTOS%202007/1359.pdf HTTP/1.0" 200 52992
66.249.79.224 - - [09/Jan/2024:22:59:10 -0500] "GET /BLA/resoluciones/RESOLUCIONES%202008/1740.pdf HTTP/1.1" 200 374771
156.59.198.136 - - [09/Jan/2024:22:59:25 -0500] "GET /BLA/resoluciones/AUTOS%202007/0188.pdf HTTP/1.0" 200 128310
69.171.249.117 - - [09/Jan/2024:22:59:32 -0500] "GET /inicia-el-2024-conociendo-la-biodiversidad-de-bogoti.html HTTP/1.1" 200 894
156.59.198.135 - - [09/Jan/2024:22:59:50 -0500] "GET /BLA/resoluciones/AUTOS%202007/0809.pdf HTTP/1.0" 200 90807
172.22.2.4 - - [09/Jan/2024:22:58:12 -0500] "HEAD /BLA/boletinlegal/ HTTP/1.1" 200 -
156.59.198.135 - - [09/Jan/2024:23:00:13 -0500] "GET /BLA/resoluciones/AUTOS%202007/0178.pdf HTTP/1.0" 200 140337
216.245.221.92 - - [09/Jan/2024:23:00:25 -0500] "HEAD / HTTP/1.1" 200 -
191.156.150.169 - - [09/Jan/2024:23:00:39 -0500] "GET /inicia-el-2024-conociendo-la-biodiversidad-de-bogoti.html?fbclid=IwAR2Hv9g2teDYqLaUK2tag_wVAg92qDHI6st0uCFqud5VDcrPvaypqN1w0g0_aem_AbhKR6mbI7YgChvogkiZu8i4O17YlBadFOG_LFytElISuQVBfgrSBhk1iCoq6KNqgLI HTTP/1.1" 200 894
156.59.198.136 - - [09/Jan/2024:23:00:39 -0500] "GET /BLA/resoluciones/AUTOS%202007/0602.pdf HTTP/1.0" 200 3454818
172.22.2.4 - - [09/Jan/2024:22:59:02 -0500] "GET /BLA/boletinlegal/ HTTP/1.1" 200 58567
156.59.198.136 - - [09/Jan/2024:23:01:02 -0500] "GET /BLA/resoluciones/AUTOS%202007/1301.pdf HTTP/1.0" 200 96599
66.249.79.225 - - [09/Jan/2024:23:01:03 -0500] "GET /BLA/resoluciones/AUTOS%202008/1657.pdf HTTP/1.1" 200 320589
66.249.79.224 - - [09/Jan/2024:23:01:17 -0500] "GET /BLA/resoluciones/Notificaciones/AUTOS%202021/1952.pdf HTTP/1.1" 200 377608
156.59.198.136 - - [09/Jan/2024:23:01:26 -0500] "GET /BLA/resoluciones/AUTOS%202007/0999.pdf HTTP/1.0" 200 102323
156.59.198.135 - - [09/Jan/2024:23:01:50 -0500] "GET /BLA/resoluciones/AUTOS%202007/0802.pdf HTTP/1.0" 200 62316
201.245.192.253 - - [09/Jan/2024:23:02:05 -0500] "POST /kwsrmcab/Wsrmcab  HTTP/1.1" 200 36937
156.59.198.136 - - [09/Jan/2024:23:02:14 -0500] "GET /BLA/resoluciones/AUTOS%202007/0319.pdf HTTP/1.0" 200 58953
156.59.198.135 - - [09/Jan/2024:23:02:39 -0500] "GET /BLA/resoluciones/AUTOS%202007/1715.pdf HTTP/1.0" 200 37507
156.59.198.136 - - [09/Jan/2024:23:03:03 -0500] "GET /BLA/resoluciones/AUTOS%202007/0001.pdf HTTP/1.0" 200 355812
66.249.79.225 - - [09/Jan/2024:23:03:14 -0500] "GET /bla/resoluciones/resoluciones%202007/res%202007%204001%20al%204100/resolucion%204090%20de%202007.pdf HTTP/1.1" 304 -
156.59.198.136 - - [09/Jan/2024:23:03:28 -0500] "GET /BLA/resoluciones/AUTOS%202007/1554.pdf HTTP/1.0" 200 31495
156.59.198.136 - - [09/Jan/2024:23:03:52 -0500] "GET /BLA/resoluciones/AUTOS%202007/1681.pdf HTTP/1.0" 200 224439
156.59.198.136 - - [09/Jan/2024:23:04:16 -0500] "GET /BLA/resoluciones/AUTOS%202007/0141.pdf HTTP/1.0" 200 276956
40.77.167.52 - - [09/Jan/2024:23:04:29 -0500] "GET /BLA/resoluciones/index.php?dir=AUTOS+2021%2F HTTP/1.1" 200 399364
52.167.144.18 - - [09/Jan/2024:23:04:33 -0500] "GET /BLA/resoluciones/index.php?dir=AUTOS+2022%2F HTTP/1.1" 200 509770
156.59.198.136 - - [09/Jan/2024:23:04:40 -0500] "GET /BLA/resoluciones/AUTOS%202007/0928.pdf HTTP/1.0" 200 34839
47.128.126.167 - - [09/Jan/2024:23:05:04 -0500] "GET /BLA/resoluciones/index.php?dir=RESOLUCIONES+2004%2FRES+2004+651-700%2F HTTP/1.1" 200 12049
47.128.126.167 - - [09/Jan/2024:23:05:05 -0500] "GET /BLA/resoluciones/dlf/dirup.png HTTP/1.1" 200 644
47.128.126.167 - - [09/Jan/2024:23:05:05 -0500] "GET /BLA/resoluciones/dlf/unknown.png HTTP/1.1" 200 266
168.119.253.61 - - [09/Jan/2024:23:05:24 -0500] "GET / HTTP/1.1" 200 319
168.119.253.61 - - [09/Jan/2024:23:05:24 -0500] "GET / HTTP/1.1" 200 4720
216.245.221.92 - - [09/Jan/2024:23:05:25 -0500] "HEAD / HTTP/1.1" 200 -
156.59.198.135 - - [09/Jan/2024:23:05:28 -0500] "GET /BLA/resoluciones/AUTOS%202007/0266.pdf HTTP/1.0" 200 504330
172.22.2.4 - - [09/Jan/2024:23:04:01 -0500] "HEAD /BLA/boletinlegal/ HTTP/1.1" 200 -
156.59.198.135 - - [09/Jan/2024:23:05:51 -0500] "GET /BLA/resoluciones/AUTOS%202007/1254.pdf HTTP/1.0" 200 60514
156.59.198.135 - - [09/Jan/2024:23:06:16 -0500] "GET /BLA/resoluciones/AUTOS%202007/0170.pdf HTTP/1.0" 200 114233
172.22.2.4 - - [09/Jan/2024:23:04:52 -0500] "GET /BLA/boletinlegal/ HTTP/1.1" 200 60910
66.249.79.225 - - [09/Jan/2024:23:06:39 -0500] "GET /BLA/resoluciones/Notificaciones/AUTOS%202022/6420.pdf HTTP/1.1" 200 380431
156.59.198.136 - - [09/Jan/2024:23:06:41 -0500] "GET /BLA/resoluciones/AUTOS%202007/0879.pdf HTTP/1.0" 200 81908
156.59.198.136 - - [09/Jan/2024:23:07:06 -0500] "GET /BLA/resoluciones/AUTOS%202007/0990.pdf HTTP/1.0" 200 23909
201.245.192.253 - - [09/Jan/2024:23:07:05 -0500] "POST /kwsrmcab/Wsrmcab  HTTP/1.1" 200 36937
181.237.11.25 - - [09/Jan/2024:23:07:25 -0500] "GET /inicia-el-2024-conociendo-la-biodiversidad-de-bogoti.html?fbclid=IwAR1-3l1kdtHTkGnn1WIRhSXIQF2q9o_z9_in6nAAqAsPT4A2FztGFOTEQkY HTTP/1.1" 200 894
156.59.198.136 - - [09/Jan/2024:23:07:29 -0500] "GET /BLA/resoluciones/AUTOS%202007/1160.pdf HTTP/1.0" 200 27755
52.167.144.234 - - [09/Jan/2024:23:07:41 -0500] "GET /portaldeninos/aula-ambiental-artistica-itinerante-auambari/ HTTP/1.1" 200 89306
66.249.79.238 - - [09/Jan/2024:23:07:48 -0500] "GET /BLA/resoluciones/AUTOS%202007/2748.pdf HTTP/1.1" 200 83094
156.59.198.136 - - [09/Jan/2024:23:07:53 -0500] "GET /BLA/resoluciones/AUTOS%202007/1790.pdf HTTP/1.0" 200 41615
156.59.198.136 - - [09/Jan/2024:23:08:19 -0500] "GET /BLA/resoluciones/AUTOS%202007/0622.pdf HTTP/1.0" 200 68468
156.59.198.136 - - [09/Jan/2024:23:08:44 -0500] "GET /BLA/resoluciones/AUTOS%202007/1367.pdf HTTP/1.0" 200 31146
156.59.198.135 - - [09/Jan/2024:23:09:09 -0500] "GET /BLA/resoluciones/AUTOS%202007/0422.pdf HTTP/1.0" 200 64098
156.59.198.135 - - [09/Jan/2024:23:09:32 -0500] "GET /BLA/resoluciones/AUTOS%202007/1055.pdf HTTP/1.0" 200 67236
156.59.198.136 - - [09/Jan/2024:23:09:57 -0500] "GET /BLA/resoluciones/AUTOS%202007/1250.pdf HTTP/1.0" 200 92726
52.167.144.166 - - [09/Jan/2024:23:09:57 -0500] "GET /BLA/resoluciones/index.php?dir=AUTOS+2013%2F HTTP/1.1" 200 407754
52.167.144.166 - - [09/Jan/2024:23:09:58 -0500] "GET /BLA/resoluciones/index.php?dir=RESOLUCIONES+2019%2F HTTP/1.1" 200 262433
156.59.198.135 - - [09/Jan/2024:23:10:22 -0500] "GET /BLA/resoluciones/AUTOS%202007/0399.pdf HTTP/1.0" 200 63773
216.245.221.92 - - [09/Jan/2024:23:10:25 -0500] "HEAD / HTTP/1.1" 200 -
156.59.198.135 - - [09/Jan/2024:23:10:45 -0500] "GET /BLA/resoluciones/AUTOS%202007/0480.pdf HTTP/1.0" 200 31337
156.59.198.135 - - [09/Jan/2024:23:11:10 -0500] "GET /BLA/resoluciones/AUTOS%202007/0460.pdf HTTP/1.0" 200 17454
172.22.2.4 - - [09/Jan/2024:23:11:31 -0500] "GET /BLA/boletinlegal/normativa.php HTTP/1.1" 200 8343
172.22.2.4 - - [09/Jan/2024:23:09:51 -0500] "HEAD /BLA/boletinlegal/ HTTP/1.1" 200 -
172.22.2.4 - - [09/Jan/2024:23:11:32 -0500] "GET /BLA/boletinlegal/styles2.css HTTP/1.1" 200 1838
172.22.2.4 - - [09/Jan/2024:23:11:32 -0500] "GET /BLA/boletinlegal/js/ajax_normativa.js HTTP/1.1" 200 1154
172.22.2.4 - - [09/Jan/2024:23:11:32 -0500] "GET /BLA/boletinlegal/niceforms-default.css HTTP/1.1" 200 6694
172.22.2.4 - - [09/Jan/2024:23:11:32 -0500] "GET /BLA/boletinlegal/style.css HTTP/1.1" 200 9406
172.22.2.4 - - [09/Jan/2024:23:11:32 -0500] "GET /BLA/boletinlegal/niceforms.js HTTP/1.1" 200 22876
172.22.2.4 - - [09/Jan/2024:23:11:32 -0500] "GET /BLA/boletinlegal/images/cabezote%20BLEGAL.jpg HTTP/1.1" 200 118164
172.22.2.4 - - [09/Jan/2024:23:11:32 -0500] "GET /BLA/boletinlegal/images/icono-email.png HTTP/1.1" 200 5544
172.22.2.4 - - [09/Jan/2024:23:11:32 -0500] "GET /BLA/boletinlegal/images/subscribe-icon-big.png HTTP/1.1" 200 47702
172.22.2.4 - - [09/Jan/2024:23:11:32 -0500] "GET /BLA/boletinlegal/images/registro-usuarios.png HTTP/1.1" 200 8106
172.22.2.4 - - [09/Jan/2024:23:11:32 -0500] "GET /BLA/boletinlegal/images/historia.png HTTP/1.1" 200 52775
172.22.2.4 - - [09/Jan/2024:23:11:32 -0500] "GET /BLA/boletinlegal/images/tel.png HTTP/1.1" 200 14477
172.22.2.4 - - [09/Jan/2024:23:11:32 -0500] "GET /BLA/boletinlegal/images/body_bg.jpg HTTP/1.1" 200 1601
172.22.2.4 - - [09/Jan/2024:23:11:32 -0500] "GET /BLA/boletinlegal/images/menu_lft.gif HTTP/1.1" 200 1713
172.22.2.4 - - [09/Jan/2024:23:11:32 -0500] "GET /BLA/boletinlegal/images/footer_bg.jpg HTTP/1.1" 200 586
172.22.2.4 - - [09/Jan/2024:23:11:32 -0500] "GET /BLA/boletinlegal/images/text.jpg HTTP/1.1" 200 568
172.22.2.4 - - [09/Jan/2024:23:11:32 -0500] "GET /BLA/boletinlegal/images/menu_rght.gif HTTP/1.1" 200 1627
172.22.2.4 - - [09/Jan/2024:23:11:32 -0500] "GET /BLA/boletinlegal/images/bg_top.jpg HTTP/1.1" 200 522
172.22.2.4 - - [09/Jan/2024:23:11:32 -0500] "GET /BLA/boletinlegal/images/menu_bg.jpg HTTP/1.1" 200 620
172.22.2.4 - - [09/Jan/2024:23:11:32 -0500] "GET /BLA/boletinlegal/images/hover.jpg HTTP/1.1" 200 640
172.22.2.4 - - [09/Jan/2024:23:11:32 -0500] "GET /BLA/boletinlegal/images/footer_bg_l.jpg HTTP/1.1" 200 776
172.22.2.4 - - [09/Jan/2024:23:11:33 -0500] "GET /BLA/boletinlegal/img/select-right.png HTTP/1.1" 200 44019
172.22.2.4 - - [09/Jan/2024:23:11:33 -0500] "GET /BLA/boletinlegal/img/select-left.png HTTP/1.1" 200 263
172.22.2.4 - - [09/Jan/2024:23:11:33 -0500] "GET /BLA/boletinlegal/img/0.png HTTP/1.1" 200 110
172.22.2.4 - - [09/Jan/2024:23:11:33 -0500] "GET /BLA/boletinlegal/img/button.png HTTP/1.1" 200 43241
172.22.2.4 - - [09/Jan/2024:23:11:33 -0500] "GET /BLA/boletinlegal/img/button-right.png HTTP/1.1" 200 57878
172.22.2.4 - - [09/Jan/2024:23:11:33 -0500] "GET /BLA/boletinlegal/img/button-left.png HTTP/1.1" 200 57071
172.22.2.4 - - [09/Jan/2024:23:11:33 -0500] "GET /BLA/boletinlegal/favicon.ico HTTP/1.1" 404 1334
156.59.198.135 - - [09/Jan/2024:23:11:35 -0500] "GET /BLA/resoluciones/AUTOS%202007/0636.pdf HTTP/1.0" 200 71021
172.22.2.4 - - [09/Jan/2024:23:11:43 -0500] "GET /BLA/boletinlegal/js/jquery.js HTTP/1.1" 200 57254
172.22.2.4 - - [09/Jan/2024:23:11:43 -0500] "GET /BLA/boletinlegal/js/jquery.scrollTo-min.js HTTP/1.1" 200 1150
172.22.2.4 - - [09/Jan/2024:23:11:43 -0500] "GET /BLA/boletinlegal/images/screen_1.png HTTP/1.1" 200 202547
172.22.2.4 - - [09/Jan/2024:23:11:43 -0500] "GET /BLA/boletinlegal/js/jquery.scrollShow.js HTTP/1.1" 200 4586
172.22.2.4 - - [09/Jan/2024:23:11:43 -0500] "GET /BLA/boletinlegal/images/arr_l.jpg HTTP/1.1" 200 1979
172.22.2.4 - - [09/Jan/2024:23:11:43 -0500] "GET /BLA/boletinlegal/images/launch.jpg HTTP/1.1" 200 14577
172.22.2.4 - - [09/Jan/2024:23:11:52 -0500] "GET /BLA/boletinlegal/images/screen_2.png HTTP/1.1" 200 362502
172.22.2.4 - - [09/Jan/2024:23:11:52 -0500] "GET /BLA/boletinlegal/images/arr_r.jpg HTTP/1.1" 200 1998
172.22.2.4 - - [09/Jan/2024:23:11:52 -0500] "GET /BLA/boletinlegal/images/screen_3.png HTTP/1.1" 200 210620
172.22.2.4 - - [09/Jan/2024:23:11:52 -0500] "GET /BLA/boletinlegal/images/screen_5.png HTTP/1.1" 200 368876
156.59.198.135 - - [09/Jan/2024:23:11:59 -0500] "GET /BLA/resoluciones/AUTOS%202007/0002.pdf HTTP/1.0" 200 164979
172.22.2.4 - - [09/Jan/2024:23:12:02 -0500] "GET /BLA/boletinlegal/images/pdf.gif HTTP/1.1" 200 567
201.245.192.253 - - [09/Jan/2024:23:12:04 -0500] "POST /kwsrmcab/Wsrmcab  HTTP/1.1" 200 36937
172.22.2.4 - - [09/Jan/2024:23:10:42 -0500] "GET /BLA/boletinlegal/ HTTP/1.1" 200 55379
156.59.198.136 - - [09/Jan/2024:23:12:23 -0500] "GET /BLA/resoluciones/AUTOS%202007/0161.pdf HTTP/1.0" 200 47936
156.59.198.136 - - [09/Jan/2024:23:12:47 -0500] "GET /BLA/resoluciones/AUTOS%202007/0632.pdf HTTP/1.0" 200 118886
134.94.0.65 - - [09/Jan/2024:23:12:54 -0500] "GET /galeria/galeria/fotos/Humedal-Tibanica4P.jpg HTTP/1.1" 200 26708
172.22.2.4 - - [09/Jan/2024:23:12:59 -0500] "GET /BLA/boletinlegal/images/background.gif HTTP/1.1" 200 -
156.59.198.135 - - [09/Jan/2024:23:13:11 -0500] "GET /BLA/resoluciones/AUTOS%202007/1009.pdf HTTP/1.0" 200 38972
172.22.2.4 - - [09/Jan/2024:23:11:42 -0500] "GET /BLA/boletinlegal/index.php HTTP/1.1" 200 57683
156.59.198.135 - - [09/Jan/2024:23:13:36 -0500] "GET /BLA/resoluciones/AUTOS%202007/1037.pdf HTTP/1.0" 200 89761
156.59.198.136 - - [09/Jan/2024:23:14:01 -0500] "GET /BLA/resoluciones/AUTOS%202007/1695.pdf HTTP/1.0" 200 32822
40.77.167.132 - - [09/Jan/2024:23:14:01 -0500] "GET /BLA/resoluciones/index.php?dir=AUTOS+2017%2F HTTP/1.1" 200 483810
172.22.2.4 - - [09/Jan/2024:23:14:24 -0500] "GET /BLA/boletinlegal/robots.txt HTTP/1.1" 404 1018
172.22.2.4 - - [09/Jan/2024:23:14:24 -0500] "GET /BLA/boletinlegal/sitemap.xml HTTP/1.1" 404 1018
172.22.2.4 - - [09/Jan/2024:23:14:25 -0500] "GET /BLA/boletinlegal/.well-known/security.txt HTTP/1.1" 404 1018
172.22.2.4 - - [09/Jan/2024:23:14:25 -0500] "GET /BLA/boletinlegal/favicon.ico HTTP/1.1" 404 1018
156.59.198.135 - - [09/Jan/2024:23:14:26 -0500] "GET /BLA/resoluciones/AUTOS%202007/1381.pdf HTTP/1.0" 200 37967
172.22.2.4 - - [09/Jan/2024:23:14:27 -0500] "GET /BLA/boletinlegal/aaa9 HTTP/1.1" 404 1018
172.22.2.4 - - [09/Jan/2024:23:14:28 -0500] "GET /BLA/boletinlegal/aad7 HTTP/1.1" 404 1018
40.77.167.132 - - [09/Jan/2024:23:14:32 -0500] "GET /BLA/resoluciones/index.php?dir=AUTOS+2023%2F HTTP/1.1" 200 481436
172.22.2.4 - - [09/Jan/2024:23:13:07 -0500] "GET /BLA/boletinlegal/index.php HTTP/1.1" 200 45003
172.22.2.4 - - [09/Jan/2024:23:14:49 -0500] "GET /BLA/boletinlegal/actos.php HTTP/1.1" 200 9648
172.22.2.4 - - [09/Jan/2024:23:14:49 -0500] "GET /BLA/boletinlegal/js/ajax_actos.js HTTP/1.1" 200 1322
172.22.2.4 - - [09/Jan/2024:23:14:49 -0500] "GET /BLA/boletinlegal/js/lib.js HTTP/1.1" 200 6474
172.22.2.4 - - [09/Jan/2024:23:14:49 -0500] "GET /BLA/boletinlegal/js/popup.js HTTP/1.1" 200 1270
172.22.2.4 - - [09/Jan/2024:23:14:49 -0500] "GET /BLA/boletinlegal/js/jquery1.js HTTP/1.1" 200 29846
172.22.2.4 - - [09/Jan/2024:23:14:49 -0500] "GET /BLA/boletinlegal/images/green-yellow-blue-pink-th.png HTTP/1.1" 200 7394
172.22.2.4 - - [09/Jan/2024:23:13:40 -0500] "GET /BLA/boletinlegal/ HTTP/1.1" 200 32715
156.59.198.136 - - [09/Jan/2024:23:14:50 -0500] "GET /BLA/resoluciones/AUTOS%202007/0505.pdf HTTP/1.0" 200 18133
201.245.192.253 - - [09/Jan/2024:23:14:57 -0500] "POST /kwsrmcab/Wsrmcab HTTP/1.1" 200 37022
172.22.2.4 - - [09/Jan/2024:23:14:59 -0500] "GET /BLA/boletinlegal/consulta_actos.php?tipo=resoluciones&no=&usuario=&sector=&fecha=2023&resuelve= HTTP/1.1" 200 422362
201.245.192.253 - - [09/Jan/2024:23:15:00 -0500] "POST /kwsrmcab/Wsrmcab HTTP/1.1" 200 36883
191.95.46.72 - - [09/Jan/2024:23:15:11 -0500] "GET /BLA/resoluciones/RESOLUCIONES%201997/0250.pdf HTTP/1.1" 200 149529
191.95.46.72 - - [09/Jan/2024:23:15:12 -0500] "GET /favicon.ico HTTP/1.1" 200 7782
156.59.198.136 - - [09/Jan/2024:23:15:15 -0500] "GET /BLA/resoluciones/AUTOS%202007/0207.pdf HTTP/1.0" 200 18847
191.95.46.72 - - [09/Jan/2024:23:15:21 -0500] "GET /BLA/resoluciones/RESOLUCIONES%202023/3034.pdf HTTP/1.1" 200 3148044
172.22.2.4 - - [09/Jan/2024:23:13:52 -0500] "GET /BLA/boletinlegal/index.php HTTP/1.1" 200 45003
216.245.221.92 - - [09/Jan/2024:23:15:25 -0500] "HEAD / HTTP/1.1" 200 -
156.59.198.135 - - [09/Jan/2024:23:15:39 -0500] "GET /BLA/resoluciones/AUTOS%202007/0317.pdf HTTP/1.0" 200 51234
156.59.198.136 - - [09/Jan/2024:23:16:04 -0500] "GET /BLA/resoluciones/AUTOS%202007/0127.pdf HTTP/1.0" 200 45217
191.95.46.72 - - [09/Jan/2024:23:16:04 -0500] "GET /BLA/resoluciones/RESOLUCIONES%202023/3035.pdf HTTP/1.1" 200 880467
156.59.198.135 - - [09/Jan/2024:23:16:29 -0500] "GET /BLA/resoluciones/AUTOS%202007/1794.pdf HTTP/1.0" 200 75994
156.59.198.135 - - [09/Jan/2024:23:16:52 -0500] "GET /BLA/resoluciones/AUTOS%202007/1278.pdf HTTP/1.0" 200 73464
216.244.66.195 - - [09/Jan/2024:23:17:02 -0500] "GET /galeria/galeria/fotos/Humedal-Tibanica1G.jpg HTTP/1.1" 200 541579
201.245.192.253 - - [09/Jan/2024:23:17:03 -0500] "POST /kwsrmcab/Wsrmcab  HTTP/1.1" 200 36937
156.59.198.136 - - [09/Jan/2024:23:17:16 -0500] "GET /BLA/resoluciones/AUTOS%202007/0067.pdf HTTP/1.0" 200 108402
172.22.2.4 - - [09/Jan/2024:23:15:41 -0500] "HEAD /BLA/boletinlegal/ HTTP/1.1" 200 -
156.59.198.136 - - [09/Jan/2024:23:17:42 -0500] "GET /BLA/resoluciones/AUTOS%202007/0374.pdf HTTP/1.0" 200 173102
156.59.198.136 - - [09/Jan/2024:23:18:06 -0500] "GET /BLA/resoluciones/AUTOS%202007/1779.pdf HTTP/1.0" 200 35563
172.22.2.4 - - [09/Jan/2024:23:16:32 -0500] "GET /BLA/boletinlegal/ HTTP/1.1" 200 58567
172.22.2.4 - - [09/Jan/2024:23:18:21 -0500] "GET /BLA/boletinlegal/normativa.php HTTP/1.1" 200 8343
156.59.198.136 - - [09/Jan/2024:23:18:31 -0500] "GET /BLA/resoluciones/AUTOS%202007/1081.pdf HTTP/1.0" 200 29764
66.249.79.238 - - [09/Jan/2024:23:18:33 -0500] "GET /BLA/resoluciones/AUTOS%202015/3178.pdf HTTP/1.1" 200 865459
66.249.79.238 - - [09/Jan/2024:23:18:34 -0500] "GET /BLA/resoluciones/RESOLUCIONES%202007/RES%202007%201001%20AL%201100/RESOLUCION%201058%20DE%202007.pdf HTTP/1.1" 200 28840
216.244.66.195 - - [09/Jan/2024:23:18:50 -0500] "GET /BLA/resoluciones/RESOLUCIONES%202017/1836.pdf HTTP/1.1" 200 348936
156.59.198.136 - - [09/Jan/2024:23:18:54 -0500] "GET /BLA/resoluciones/AUTOS%202007/1221.pdf HTTP/1.0" 200 71819
201.245.192.253 - - [09/Jan/2024:23:19:12 -0500] "GET /kwsrmcab/Wsrmcab?wsdl HTTP/1.1" 200 6948
201.245.192.253 - - [09/Jan/2024:23:19:12 -0500] "POST /kwsrmcab/Wsrmcab HTTP/1.1" 200 37022
156.59.198.136 - - [09/Jan/2024:23:19:19 -0500] "GET /BLA/resoluciones/AUTOS%202007/0220.pdf HTTP/1.0" 200 17400
40.77.167.7 - - [09/Jan/2024:23:19:26 -0500] "GET /sipse/faces/index.xhtml HTTP/1.1" 200 677
216.244.66.195 - - [09/Jan/2024:23:19:28 -0500] "GET /BLA/resoluciones/RESOLUCIONES%202017/2037.pdf HTTP/1.1" 200 251711
162.55.162.137 - - [09/Jan/2024:23:19:45 -0500] "GET / HTTP/1.1" 200 319
156.59.198.136 - - [09/Jan/2024:23:19:45 -0500] "GET /BLA/resoluciones/AUTOS%202007/1772.pdf HTTP/1.0" 200 34739
172.22.2.4 - - [09/Jan/2024:23:18:08 -0500] "GET /BLA/boletinlegal/ HTTP/1.1" 200 46616
162.55.162.137 - - [09/Jan/2024:23:19:48 -0500] "GET / HTTP/1.1" 200 4720
201.245.192.253 - - [09/Jan/2024:23:19:53 -0500] "POST /kwsrmcab/Wsrmcab HTTP/1.1" 200 36883
216.244.66.195 - - [09/Jan/2024:23:19:58 -0500] "GET /BLA/resoluciones/RESOLUCIONES%202017/2237.pdf HTTP/1.1" 200 629556
172.22.2.4 - - [09/Jan/2024:23:18:25 -0500] "GET /BLA/boletinlegal/index.php HTTP/1.1" 200 47025
156.59.198.136 - - [09/Jan/2024:23:20:10 -0500] "GET /BLA/resoluciones/AUTOS%202007/1690.pdf HTTP/1.0" 200 179101
216.245.221.92 - - [09/Jan/2024:23:20:25 -0500] "HEAD / HTTP/1.1" 200 -
216.244.66.195 - - [09/Jan/2024:23:20:29 -0500] "GET /BLA/resoluciones/RESOLUCIONES%202017/2246.pdf HTTP/1.1" 200 328343
156.59.198.135 - - [09/Jan/2024:23:20:35 -0500] "GET /BLA/resoluciones/AUTOS%202007/0677.pdf HTTP/1.0" 200 99045
156.59.198.135 - - [09/Jan/2024:23:20:57 -0500] "GET /BLA/resoluciones/AUTOS%202007/0744.pdf HTTP/1.0" 200 75079
216.244.66.195 - - [09/Jan/2024:23:20:57 -0500] "GET /BLA/resoluciones/RESOLUCIONES%202017/2548.pdf HTTP/1.1" 200 280704
66.249.79.238 - - [09/Jan/2024:23:21:03 -0500] "GET /BLA/resoluciones/RESOLUCIONES%202009/1201.pdf HTTP/1.1" 200 459366
156.59.198.136 - - [09/Jan/2024:23:21:23 -0500] "GET /BLA/resoluciones/AUTOS%202007/0211.pdf HTTP/1.0" 200 15928
216.244.66.195 - - [09/Jan/2024:23:21:26 -0500] "GET /BLA/resoluciones/RESOLUCIONES%202017/3166.pdf HTTP/1.1" 200 415671
156.59.198.135 - - [09/Jan/2024:23:21:48 -0500] "GET /BLA/resoluciones/AUTOS%202007/0385.pdf HTTP/1.0" 200 1208482
216.244.66.195 - - [09/Jan/2024:23:21:52 -0500] "GET /BLA/resoluciones/RESOLUCIONES%202019/0513.pdf HTTP/1.1" 200 340247
66.249.79.225 - - [09/Jan/2024:23:21:58 -0500] "GET /portel_dama/libreria/php/2006/restauracion/55_artic/xtras/10.pdf HTTP/1.1" 404 1018
201.245.192.253 - - [09/Jan/2024:23:22:01 -0500] "POST /kwsrmcab/Wsrmcab  HTTP/1.1" 200 36937
156.59.198.136 - - [09/Jan/2024:23:22:12 -0500] "GET /BLA/resoluciones/AUTOS%202007/1517.pdf HTTP/1.0" 200 85888
216.244.66.195 - - [09/Jan/2024:23:22:19 -0500] "GET /BLA/resoluciones/RESOLUCIONES%202019/0813.pdf HTTP/1.1" 200 232305
156.59.198.135 - - [09/Jan/2024:23:22:37 -0500] "GET /BLA/resoluciones/AUTOS%202007/0946.pdf HTTP/1.0" 200 48821
216.244.66.195 - - [09/Jan/2024:23:22:44 -0500] "GET /BLA/resoluciones/RESOLUCIONES%202019/1812.pdf HTTP/1.1" 200 505052
156.59.198.135 - - [09/Jan/2024:23:23:01 -0500] "GET /BLA/resoluciones/AUTOS%202007/0749.pdf HTTP/1.0" 200 38654
51.161.84.126 - - [09/Jan/2024:23:23:09 -0500] "GET /auambari-deleito-con-sus-sonidos-ambientales-a-los-asistentes-de-fima-2021.html HTTP/1.1" 200 888
216.244.66.195 - - [09/Jan/2024:23:23:11 -0500] "GET /BLA/resoluciones/RESOLUCIONES%201997/RESOLUCION%20815%20DE%201997.pdf HTTP/1.1" 200 85568
172.22.2.4 - - [09/Jan/2024:23:21:31 -0500] "HEAD /BLA/boletinlegal/ HTTP/1.1" 200 -
156.59.198.136 - - [09/Jan/2024:23:23:25 -0500] "GET /BLA/resoluciones/AUTOS%202007/0888.pdf HTTP/1.0" 200 161785
216.244.66.195 - - [09/Jan/2024:23:23:33 -0500] "GET /BLA/resoluciones/RESOLUCIONES%202001/RESOLUCION%201480%20DE%202001.pdf HTTP/1.1" 200 88801
66.249.79.225 - - [09/Jan/2024:23:23:41 -0500] "GET /Publicaciones/2023EE155256.pdf HTTP/1.1" 404 228
156.59.198.136 - - [09/Jan/2024:23:23:51 -0500] "GET /BLA/resoluciones/AUTOS%202007/0953.pdf HTTP/1.0" 200 22624
216.244.66.195 - - [09/Jan/2024:23:23:57 -0500] "GET /BLA/resoluciones/AUTOS%202007/0103.pdf HTTP/1.1" 200 46790
172.22.2.4 - - [09/Jan/2024:23:22:22 -0500] "GET /BLA/boletinlegal/ HTTP/1.1" 200 60502
156.59.198.136 - - [09/Jan/2024:23:24:15 -0500] "GET /BLA/resoluciones/AUTOS%202007/1479.pdf HTTP/1.0" 200 25244
216.244.66.195 - - [09/Jan/2024:23:24:17 -0500] "GET /BLA/resoluciones/AUTOS%202007/0119.pdf HTTP/1.1" 200 44132
216.244.66.195 - - [09/Jan/2024:23:24:36 -0500] "GET /BLA/resoluciones/AUTOS%202007/0141.pdf HTTP/1.1" 200 276956
156.59.198.136 - - [09/Jan/2024:23:24:39 -0500] "GET /BLA/resoluciones/AUTOS%202007/0397.pdf HTTP/1.0" 200 31616
216.244.66.195 - - [09/Jan/2024:23:24:55 -0500] "GET /BLA/resoluciones/AUTOS%202007/0196.pdf HTTP/1.1" 200 102366
201.245.192.253 - - [09/Jan/2024:23:24:57 -0500] "POST /kwsrmcab/Wsrmcab HTTP/1.1" 200 37022
201.245.192.253 - - [09/Jan/2024:23:25:00 -0500] "POST /kwsrmcab/Wsrmcab HTTP/1.1" 200 36883
156.59.198.135 - - [09/Jan/2024:23:25:04 -0500] "GET /BLA/resoluciones/AUTOS%202007/1099.pdf HTTP/1.0" 200 28542
52.167.144.201 - - [09/Jan/2024:23:25:11 -0500] "GET /sipse/faces/autenticacion.xhtml HTTP/1.1" 200 12723
216.244.66.195 - - [09/Jan/2024:23:25:12 -0500] "GET /BLA/resoluciones/AUTOS%202007/0309.pdf HTTP/1.1" 200 50803
52.167.144.220 - - [09/Jan/2024:23:25:15 -0500] "GET /sipse/faces/presentacion/sistema/anexos/cargarAnexoSolicitudProceso.xhtml HTTP/1.1" 302 -
52.167.144.220 - - [09/Jan/2024:23:25:16 -0500] "GET /sipse/faces/autenticacion.xhtml HTTP/1.1" 200 12401
216.245.221.92 - - [09/Jan/2024:23:25:25 -0500] "HEAD / HTTP/1.1" 200 -
216.244.66.195 - - [09/Jan/2024:23:25:28 -0500] "GET /BLA/resoluciones/AUTOS%202007/0338.pdf HTTP/1.1" 200 49729
156.59.198.136 - - [09/Jan/2024:23:25:30 -0500] "GET /BLA/resoluciones/AUTOS%202007/0693.pdf HTTP/1.0" 200 220502
172.22.2.4 - - [09/Jan/2024:23:25:34 -0500] "GET /BLA/boletinlegal/actos.php HTTP/1.1" 200 9648
172.22.2.4 - - [09/Jan/2024:23:25:35 -0500] "GET /BLA/boletinlegal/favicon.ico HTTP/1.1" 404 1326
216.244.66.195 - - [09/Jan/2024:23:25:43 -0500] "GET /BLA/resoluciones/AUTOS%202007/0422.pdf HTTP/1.1" 200 64098
156.59.198.136 - - [09/Jan/2024:23:25:53 -0500] "GET /BLA/resoluciones/AUTOS%202007/0970.pdf HTTP/1.0" 200 72304
