201.245.192.253 - - [09/Jan/2024:15:12:22 -0500] "GET /sipse/faces/javax.faces.resource/layout/layout.js?ln=primefaces&v=4.0 HTTP/1.1" 304 -
201.245.192.253 - - [09/Jan/2024:15:12:22 -0500] "GET /sipse/faces/javax.faces.resource/images/ui-icons_898989_256x240.png?ln=primefaces-aristo HTTP/1.1" 304 -
201.245.192.253 - - [09/Jan/2024:15:12:23 -0500] "POST /sipse/faces/presentacion/financiero/solicitudProceso/listarSolicitudProceso.xhtml HTTP/1.1" 200 28465
201.245.192.253 - - [09/Jan/2024:15:12:35 -0500] "POST /forms/lservlet;jsessionid=ac16012b30d6824570109c2143e1a1b38af06f99ab1f.e3iSbxaKaheRe34Rb3eTbx8LaNb0n6jAmljGr5XDqQLvpAe HTTP/1.1" 200 2
172.22.2.4 - - [09/Jan/2024:15:12:36 -0500] "GET /BLA/boletinlegal/.well-known/traffic-advice HTTP/1.1" 404 1038
201.245.192.253 - - [09/Jan/2024:15:12:40 -0500] "POST /sipse/faces/presentacion/financiero/solicitudProceso/listarSolicitudProceso.xhtml HTTP/1.1" 200 3093
172.22.2.4 - - [09/Jan/2024:15:12:40 -0500] "GET /BLA/boletinlegal/actos.php HTTP/1.1" 200 9648
172.22.2.4 - - [09/Jan/2024:15:12:40 -0500] "GET /BLA/boletinlegal/js/ajax_actos.js HTTP/1.1" 200 1322
172.22.2.4 - - [09/Jan/2024:15:12:40 -0500] "GET /BLA/boletinlegal/styles2.css HTTP/1.1" 200 1838
172.22.2.4 - - [09/Jan/2024:15:12:40 -0500] "GET /BLA/boletinlegal/niceforms-default.css HTTP/1.1" 200 6694
172.22.2.4 - - [09/Jan/2024:15:12:40 -0500] "GET /BLA/boletinlegal/style.css HTTP/1.1" 200 9406
172.22.2.4 - - [09/Jan/2024:15:12:40 -0500] "GET /BLA/boletinlegal/niceforms.js HTTP/1.1" 200 22876
172.22.2.4 - - [09/Jan/2024:15:12:40 -0500] "GET /BLA/boletinlegal/js/lib.js HTTP/1.1" 200 6474
172.22.2.4 - - [09/Jan/2024:15:12:40 -0500] "GET /BLA/boletinlegal/js/popup.js HTTP/1.1" 200 1270
172.22.2.4 - - [09/Jan/2024:15:12:40 -0500] "GET /BLA/boletinlegal/js/jquery1.js HTTP/1.1" 200 29846
172.22.2.4 - - [09/Jan/2024:15:12:40 -0500] "GET /BLA/boletinlegal/images/cabezote%20BLEGAL.jpg HTTP/1.1" 200 118164
172.22.2.4 - - [09/Jan/2024:15:12:40 -0500] "GET /BLA/boletinlegal/images/subscribe-icon-big.png HTTP/1.1" 200 47702
172.22.2.4 - - [09/Jan/2024:15:12:40 -0500] "GET /BLA/boletinlegal/images/historia.png HTTP/1.1" 200 52775
172.22.2.4 - - [09/Jan/2024:15:12:40 -0500] "GET /BLA/boletinlegal/images/registro-usuarios.png HTTP/1.1" 200 8106
172.22.2.4 - - [09/Jan/2024:15:12:40 -0500] "GET /BLA/boletinlegal/images/green-yellow-blue-pink-th.png HTTP/1.1" 200 7394
172.22.2.4 - - [09/Jan/2024:15:12:40 -0500] "GET /BLA/boletinlegal/images/tel.png HTTP/1.1" 200 14477
172.22.2.4 - - [09/Jan/2024:15:12:40 -0500] "GET /BLA/boletinlegal/images/icono-email.png HTTP/1.1" 200 5544
172.22.2.4 - - [09/Jan/2024:15:12:40 -0500] "GET /BLA/boletinlegal/images/menu_lft.gif HTTP/1.1" 200 1713
172.22.2.4 - - [09/Jan/2024:15:12:40 -0500] "GET /BLA/boletinlegal/images/body_bg.jpg HTTP/1.1" 200 1601
172.22.2.4 - - [09/Jan/2024:15:12:40 -0500] "GET /BLA/boletinlegal/images/menu_rght.gif HTTP/1.1" 200 1627
172.22.2.4 - - [09/Jan/2024:15:12:40 -0500] "GET /BLA/boletinlegal/images/bg_top.jpg HTTP/1.1" 200 522
172.22.2.4 - - [09/Jan/2024:15:12:40 -0500] "GET /BLA/boletinlegal/images/menu_bg.jpg HTTP/1.1" 200 620
172.22.2.4 - - [09/Jan/2024:15:12:40 -0500] "GET /BLA/boletinlegal/images/footer_bg.jpg HTTP/1.1" 200 586
172.22.2.4 - - [09/Jan/2024:15:12:40 -0500] "GET /BLA/boletinlegal/images/text.jpg HTTP/1.1" 200 568
172.22.2.4 - - [09/Jan/2024:15:12:40 -0500] "GET /BLA/boletinlegal/images/hover.jpg HTTP/1.1" 200 640
172.22.2.4 - - [09/Jan/2024:15:12:40 -0500] "GET /BLA/boletinlegal/images/footer_bg_l.jpg HTTP/1.1" 200 776
172.22.2.4 - - [09/Jan/2024:15:12:41 -0500] "GET /BLA/boletinlegal/img/0.png HTTP/1.1" 200 110
172.22.2.4 - - [09/Jan/2024:15:12:41 -0500] "GET /BLA/boletinlegal/img/select-right.png HTTP/1.1" 200 44019
172.22.2.4 - - [09/Jan/2024:15:12:41 -0500] "GET /BLA/boletinlegal/img/button-left.png HTTP/1.1" 200 57071
172.22.2.4 - - [09/Jan/2024:15:12:41 -0500] "GET /BLA/boletinlegal/img/select-left.png HTTP/1.1" 200 263
172.22.2.4 - - [09/Jan/2024:15:12:41 -0500] "GET /BLA/boletinlegal/img/button.png HTTP/1.1" 200 43241
172.22.2.4 - - [09/Jan/2024:15:12:41 -0500] "GET /BLA/boletinlegal/img/button-right.png HTTP/1.1" 200 57878
172.22.2.4 - - [09/Jan/2024:15:12:41 -0500] "GET /BLA/boletinlegal/favicon.ico HTTP/1.1" 404 1326
201.245.192.253 - - [09/Jan/2024:15:12:51 -0500] "GET /sipse/faces/index.xhtml HTTP/1.1" 200 677
201.245.192.253 - - [09/Jan/2024:15:12:51 -0500] "GET /sipse/faces/javax.faces.resource/theme.css?ln=primefaces-sipse HTTP/1.1" 200 50058
201.245.192.253 - - [09/Jan/2024:15:12:51 -0500] "GET /favicon.ico HTTP/1.1" 200 7782
17.241.227.137 - - [09/Jan/2024:15:12:59 -0500] "GET /abierta-convocatoria-para-postular-a-organizaciones-que-desarrollan-actividades-de-voluntariado-ambiental-en-bogota.html HTTP/1.1" 200 880
216.244.66.195 - - [09/Jan/2024:15:13:06 -0500] "GET /BLA/resoluciones/AUTOS%202007/0131.pdf HTTP/1.1" 200 45099
201.245.192.253 - - [09/Jan/2024:15:13:06 -0500] "GET /sipse/faces/index.xhtml HTTP/1.1" 200 677
201.245.192.253 - - [09/Jan/2024:15:13:06 -0500] "GET /sipse/faces/javax.faces.resource/theme.css?ln=primefaces-sipse HTTP/1.1" 304 -
201.245.192.253 - - [09/Jan/2024:15:13:06 -0500] "GET /sipse/faces/faces/autenticacion.xhtml HTTP/1.1" 200 12401
201.245.192.253 - - [09/Jan/2024:15:13:06 -0500] "GET /sipse/js/disable_browser_buttons.js HTTP/1.1" 200 3230
201.245.192.253 - - [09/Jan/2024:15:13:06 -0500] "GET /sipse/js/funciones.js HTTP/1.1" 200 12592
201.245.192.253 - - [09/Jan/2024:15:13:06 -0500] "GET /sipse/css/custom_css_sg_prime_login.css HTTP/1.1" 200 443
201.245.192.253 - - [09/Jan/2024:15:13:06 -0500] "GET /sipse/css/custom_css_sg.css HTTP/1.1" 200 9694
201.245.192.253 - - [09/Jan/2024:15:13:06 -0500] "GET /sipse/faces/javax.faces.resource/layout/layout.css?ln=primefaces&v=4.0 HTTP/1.1" 200 542
201.245.192.253 - - [09/Jan/2024:15:13:06 -0500] "GET /sipse/faces/javax.faces.resource/theme.css?ln=primefaces-sipse HTTP/1.1" 304 -
201.245.192.253 - - [09/Jan/2024:15:13:06 -0500] "GET /sipse/faces/javax.faces.resource/jquery/jquery.js?ln=primefaces&v=4.0 HTTP/1.1" 200 105384
201.245.192.253 - - [09/Jan/2024:15:13:06 -0500] "GET /sipse/faces/javax.faces.resource/primefaces.css?ln=primefaces&v=4.0 HTTP/1.1" 200 53295
201.245.192.253 - - [09/Jan/2024:15:13:06 -0500] "GET /sipse/faces/javax.faces.resource/jquery/jquery-plugins.js?ln=primefaces&v=4.0 HTTP/1.1" 200 220526
201.245.192.253 - - [09/Jan/2024:15:13:06 -0500] "GET /sipse/faces/javax.faces.resource/primefaces.js?ln=primefaces&v=4.0 HTTP/1.1" 200 276924
201.245.192.253 - - [09/Jan/2024:15:13:07 -0500] "GET /sipse/faces/javax.faces.resource/layout/layout.js?ln=primefaces&v=4.0 HTTP/1.1" 200 87560
201.245.192.253 - - [09/Jan/2024:15:13:07 -0500] "GET /sipse/faces/javax.faces.resource/images/ui-icons_898989_256x240.png?ln=primefaces-aristo HTTP/1.1" 200 5355
201.245.192.253 - - [09/Jan/2024:15:13:07 -0500] "GET /sipse/css/imagen/logoSDG.png HTTP/1.1" 200 53064
201.245.192.253 - - [09/Jan/2024:15:13:07 -0500] "GET /sipse/css/imagen/loginimg.png HTTP/1.1" 200 71635
216.244.66.195 - - [09/Jan/2024:15:13:08 -0500] "GET /BLA/resoluciones/AUTOS%202007/0169.pdf HTTP/1.1" 200 48252
172.22.2.4 - - [09/Jan/2024:15:11:29 -0500] "HEAD /BLA/boletinlegal/ HTTP/1.1" 200 -
216.244.66.195 - - [09/Jan/2024:15:13:11 -0500] "GET /BLA/resoluciones/AUTOS%202007/0234.pdf HTTP/1.1" 200 17864
201.245.192.253 - - [09/Jan/2024:15:13:12 -0500] "GET /appsia/controlador HTTP/1.1" 200 4799
201.245.192.253 - - [09/Jan/2024:15:13:12 -0500] "GET /appsia/css/estilos.css HTTP/1.1" 200 4804
201.245.192.253 - - [09/Jan/2024:15:13:12 -0500] "GET /appsia/scripts/validarIngreso.js HTTP/1.1" 200 851
201.245.192.253 - - [09/Jan/2024:15:13:12 -0500] "GET /appsia/images/logo_bogota_p.png HTTP/1.1" 200 14951
201.245.192.253 - - [09/Jan/2024:15:13:12 -0500] "GET /appsia/images/cabezoteHojaVida.png HTTP/1.1" 200 32493
201.245.192.253 - - [09/Jan/2024:15:13:12 -0500] "GET /favicon.ico HTTP/1.1" 200 7782
216.244.66.195 - - [09/Jan/2024:15:13:13 -0500] "GET /BLA/resoluciones/AUTOS%202007/0313.pdf HTTP/1.1" 200 120278
201.245.192.253 - - [09/Jan/2024:15:13:15 -0500] "POST /appsia/controlador HTTP/1.1" 200 3601
201.245.192.253 - - [09/Jan/2024:15:13:15 -0500] "GET /appsia/jscripts/validarSolicitud.js HTTP/1.1" 404 68
216.244.66.195 - - [09/Jan/2024:15:13:15 -0500] "GET /BLA/resoluciones/AUTOS%202007/0438.pdf HTTP/1.1" 200 68374
201.245.192.253 - - [09/Jan/2024:15:13:20 -0500] "POST /appsia/controlador HTTP/1.1" 200 4799
216.244.66.195 - - [09/Jan/2024:15:13:21 -0500] "GET /BLA/resoluciones/AUTOS%202007/0483.pdf HTTP/1.1" 200 68874
201.245.192.253 - - [09/Jan/2024:15:13:22 -0500] "POST /sipse/faces/autenticacion.xhtml HTTP/1.1" 200 2223
201.245.192.253 - - [09/Jan/2024:15:13:22 -0500] "GET /sipse/faces/javax.faces.resource/messages/messages.png?ln=primefaces&v=4.0 HTTP/1.1" 200 27209
201.245.192.253 - - [09/Jan/2024:15:13:23 -0500] "POST /sipse/faces/autenticacion.xhtml HTTP/1.1" 200 16384
201.245.192.253 - - [09/Jan/2024:15:13:23 -0500] "GET /sipse/css/custom_css_sg_prime.css HTTP/1.1" 200 5201
201.245.192.253 - - [09/Jan/2024:15:13:23 -0500] "GET /sipse/faces/javax.faces.resource/theme.css?ln=primefaces-sipse HTTP/1.1" 304 -
201.245.192.253 - - [09/Jan/2024:15:13:23 -0500] "GET /sipse/faces/javax.faces.resource/primefaces.css?ln=primefaces&v=4.0 HTTP/1.1" 304 -
201.245.192.253 - - [09/Jan/2024:15:13:23 -0500] "GET /sipse/faces/javax.faces.resource/layout/layout.css?ln=primefaces&v=4.0 HTTP/1.1" 304 -
201.245.192.253 - - [09/Jan/2024:15:13:23 -0500] "GET /sipse/js/jquery.min.js HTTP/1.1" 200 85582
201.245.192.253 - - [09/Jan/2024:15:13:23 -0500] "GET /sipse/faces/javax.faces.resource/jquery/jquery.js?ln=primefaces&v=4.0 HTTP/1.1" 304 -
201.245.192.253 - - [09/Jan/2024:15:13:23 -0500] "GET /sipse/faces/javax.faces.resource/jquery/jquery-plugins.js?ln=primefaces&v=4.0 HTTP/1.1" 304 -
201.245.192.253 - - [09/Jan/2024:15:13:23 -0500] "GET /sipse/faces/javax.faces.resource/primefaces.js?ln=primefaces&v=4.0 HTTP/1.1" 304 -
201.245.192.253 - - [09/Jan/2024:15:13:23 -0500] "GET /sipse/faces/javax.faces.resource/layout/layout.js?ln=primefaces&v=4.0 HTTP/1.1" 304 -
201.245.192.253 - - [09/Jan/2024:15:13:23 -0500] "GET /sipse/css/v_mergente.css HTTP/1.1" 200 1505
201.245.192.253 - - [09/Jan/2024:15:13:24 -0500] "GET /sipse/css/imagen/contrasena.png HTTP/1.1" 404 383
201.245.192.253 - - [09/Jan/2024:15:13:24 -0500] "GET /sipse/imagenes/cargando.gif HTTP/1.1" 200 36959
201.245.192.253 - - [09/Jan/2024:15:13:24 -0500] "GET /sipse/imagenes/logoAplicacion.jpg HTTP/1.1" 200 155084
201.245.192.253 - - [09/Jan/2024:15:13:24 -0500] "GET /sipse/faces/javax.faces.resource/images/ui-bg_flat_0_2d5972_40x100.png?ln=primefaces-aristo HTTP/1.1" 200 183
201.245.192.253 - - [09/Jan/2024:15:13:24 -0500] "POST /sipse/faces/bienvenido.xhtml HTTP/1.1" 200 2658
172.22.2.4 - - [09/Jan/2024:15:12:37 -0500] "GET /BLA/boletinlegal/ HTTP/1.1" 200 24523
216.244.66.195 - - [09/Jan/2024:15:13:25 -0500] "GET /BLA/resoluciones/AUTOS%202007/0836.pdf HTTP/1.1" 200 99589
201.245.192.253 - - [09/Jan/2024:15:13:25 -0500] "POST /sipse/faces/bienvenido.xhtml HTTP/1.1" 200 2073
201.245.192.253 - - [09/Jan/2024:15:13:26 -0500] "POST /sipse/faces/bienvenido.xhtml HTTP/1.1" 200 40769
201.245.192.253 - - [09/Jan/2024:15:13:26 -0500] "GET /sipse/faces/javax.faces.resource/theme.css?ln=primefaces-sipse HTTP/1.1" 304 -
201.245.192.253 - - [09/Jan/2024:15:13:26 -0500] "GET /sipse/faces/javax.faces.resource/primefaces.css?ln=primefaces&v=4.0 HTTP/1.1" 304 -
201.245.192.253 - - [09/Jan/2024:15:13:26 -0500] "GET /sipse/faces/javax.faces.resource/layout/layout.css?ln=primefaces&v=4.0 HTTP/1.1" 304 -
201.245.192.253 - - [09/Jan/2024:15:13:26 -0500] "GET /sipse/faces/javax.faces.resource/jquery/jquery.js?ln=primefaces&v=4.0 HTTP/1.1" 304 -
201.245.192.253 - - [09/Jan/2024:15:13:26 -0500] "GET /sipse/faces/javax.faces.resource/jquery/jquery-plugins.js?ln=primefaces&v=4.0 HTTP/1.1" 304 -
201.245.192.253 - - [09/Jan/2024:15:13:26 -0500] "GET /sipse/faces/javax.faces.resource/primefaces.js?ln=primefaces&v=4.0 HTTP/1.1" 304 -
201.245.192.253 - - [09/Jan/2024:15:13:26 -0500] "GET /sipse/faces/javax.faces.resource/layout/layout.js?ln=primefaces&v=4.0 HTTP/1.1" 304 -
216.244.66.195 - - [09/Jan/2024:15:13:32 -0500] "GET /BLA/resoluciones/AUTOS%202007/1271.pdf HTTP/1.1" 200 99130
201.245.192.253 - - [09/Jan/2024:15:13:32 -0500] "POST /appsia/controlador HTTP/1.1" 200 3601
201.245.192.253 - - [09/Jan/2024:15:13:32 -0500] "GET /appsia/jscripts/validarSolicitud.js HTTP/1.1" 404 68
172.22.2.4 - - [09/Jan/2024:15:13:33 -0500] "GET /BLA/boletinlegal/style.css HTTP/1.1" 200 9406
172.22.2.4 - - [09/Jan/2024:15:13:33 -0500] "GET /BLA/boletinlegal/js/jquery.js HTTP/1.1" 200 57254
172.22.2.4 - - [09/Jan/2024:15:13:33 -0500] "GET /BLA/boletinlegal/styles2.css HTTP/1.1" 200 1838
172.22.2.4 - - [09/Jan/2024:15:13:33 -0500] "GET /BLA/boletinlegal/js/jquery.scrollTo-min.js HTTP/1.1" 200 1150
172.22.2.4 - - [09/Jan/2024:15:13:33 -0500] "GET /BLA/boletinlegal/js/jquery.scrollShow.js HTTP/1.1" 200 4586
172.22.2.4 - - [09/Jan/2024:15:13:33 -0500] "GET /BLA/boletinlegal/images/subscribe-icon-big.png HTTP/1.1" 200 47702
172.22.2.4 - - [09/Jan/2024:15:13:33 -0500] "GET /BLA/boletinlegal/images/historia.png HTTP/1.1" 200 52775
172.22.2.4 - - [09/Jan/2024:15:13:33 -0500] "GET /BLA/boletinlegal/images/cabezote%20BLEGAL.jpg HTTP/1.1" 200 118164
172.22.2.4 - - [09/Jan/2024:15:13:33 -0500] "GET /BLA/boletinlegal/images/registro-usuarios.png HTTP/1.1" 200 8106
172.22.2.4 - - [09/Jan/2024:15:13:33 -0500] "GET /BLA/boletinlegal/images/arr_l.jpg HTTP/1.1" 200 1979
172.22.2.4 - - [09/Jan/2024:15:13:33 -0500] "GET /BLA/boletinlegal/images/screen_1.png HTTP/1.1" 200 202547
172.22.2.4 - - [09/Jan/2024:15:13:33 -0500] "GET /BLA/boletinlegal/images/launch.jpg HTTP/1.1" 200 14577
172.22.2.4 - - [09/Jan/2024:15:13:34 -0500] "GET /BLA/boletinlegal/images/body_bg.jpg HTTP/1.1" 200 1601
172.22.2.4 - - [09/Jan/2024:15:13:34 -0500] "GET /BLA/boletinlegal/images/menu_lft.gif HTTP/1.1" 200 1713
172.22.2.4 - - [09/Jan/2024:15:13:34 -0500] "GET /BLA/boletinlegal/images/bg_top.jpg HTTP/1.1" 200 522
172.22.2.4 - - [09/Jan/2024:15:13:34 -0500] "GET /BLA/boletinlegal/images/menu_rght.gif HTTP/1.1" 200 1627
172.22.2.4 - - [09/Jan/2024:15:13:34 -0500] "GET /BLA/boletinlegal/images/menu_bg.jpg HTTP/1.1" 200 620
172.22.2.4 - - [09/Jan/2024:15:13:34 -0500] "GET /BLA/boletinlegal/images/text.jpg HTTP/1.1" 200 568
172.22.2.4 - - [09/Jan/2024:15:13:34 -0500] "GET /BLA/boletinlegal/images/hover.jpg HTTP/1.1" 200 640
216.244.66.195 - - [09/Jan/2024:15:13:36 -0500] "GET /BLA/resoluciones/AUTOS%202007/1364.pdf HTTP/1.1" 200 31382
172.22.2.4 - - [09/Jan/2024:15:13:36 -0500] "GET /BLA/boletinlegal/actos.php HTTP/1.1" 200 9648
172.22.2.4 - - [09/Jan/2024:15:13:36 -0500] "GET /BLA/boletinlegal/js/lib.js HTTP/1.1" 200 6474
172.22.2.4 - - [09/Jan/2024:15:13:36 -0500] "GET /BLA/boletinlegal/js/popup.js HTTP/1.1" 200 1270
172.22.2.4 - - [09/Jan/2024:15:13:36 -0500] "GET /BLA/boletinlegal/niceforms.js HTTP/1.1" 200 22876
172.22.2.4 - - [09/Jan/2024:15:13:36 -0500] "GET /BLA/boletinlegal/niceforms-default.css HTTP/1.1" 200 6694
172.22.2.4 - - [09/Jan/2024:15:13:36 -0500] "GET /BLA/boletinlegal/js/jquery1.js HTTP/1.1" 200 29846
172.22.2.4 - - [09/Jan/2024:15:13:36 -0500] "GET /BLA/boletinlegal/images/green-yellow-blue-pink-th.png HTTP/1.1" 200 7394
172.22.2.4 - - [09/Jan/2024:15:13:36 -0500] "GET /BLA/boletinlegal/images/tel.png HTTP/1.1" 200 14477
172.22.2.4 - - [09/Jan/2024:15:13:36 -0500] "GET /BLA/boletinlegal/images/icono-email.png HTTP/1.1" 200 5544
172.22.2.4 - - [09/Jan/2024:15:13:36 -0500] "GET /BLA/boletinlegal/js/ajax_actos.js HTTP/1.1" 200 1322
172.22.2.4 - - [09/Jan/2024:15:13:36 -0500] "GET /BLA/boletinlegal/images/footer_bg.jpg HTTP/1.1" 200 586
172.22.2.4 - - [09/Jan/2024:15:13:36 -0500] "GET /BLA/boletinlegal/images/footer_bg_l.jpg HTTP/1.1" 200 776
172.22.2.4 - - [09/Jan/2024:15:13:36 -0500] "GET /BLA/boletinlegal/img/0.png HTTP/1.1" 200 110
172.22.2.4 - - [09/Jan/2024:15:13:36 -0500] "GET /BLA/boletinlegal/img/select-left.png HTTP/1.1" 200 263
172.22.2.4 - - [09/Jan/2024:15:13:36 -0500] "GET /BLA/boletinlegal/img/button-left.png HTTP/1.1" 200 57071
172.22.2.4 - - [09/Jan/2024:15:13:36 -0500] "GET /BLA/boletinlegal/img/select-right.png HTTP/1.1" 200 44019
172.22.2.4 - - [09/Jan/2024:15:13:36 -0500] "GET /BLA/boletinlegal/img/button.png HTTP/1.1" 200 43241
172.22.2.4 - - [09/Jan/2024:15:13:36 -0500] "GET /BLA/boletinlegal/img/button-right.png HTTP/1.1" 200 57878
172.22.2.4 - - [09/Jan/2024:15:13:36 -0500] "GET /BLA/boletinlegal/favicon.ico HTTP/1.1" 404 1326
201.245.192.253 - - [09/Jan/2024:15:13:40 -0500] "POST /appsia/controlador HTTP/1.1" 200 4799
216.244.66.195 - - [09/Jan/2024:15:13:40 -0500] "GET /BLA/resoluciones/AUTOS%202007/1607.pdf HTTP/1.1" 200 31023
172.22.2.4 - - [09/Jan/2024:15:13:40 -0500] "GET /BLA/boletinlegal/actos.php HTTP/1.1" 200 9648
172.22.2.4 - - [09/Jan/2024:15:13:42 -0500] "GET /BLA/boletinlegal/images/screen_2.png HTTP/1.1" 200 362502
172.22.2.4 - - [09/Jan/2024:15:13:42 -0500] "GET /BLA/boletinlegal/images/screen_3.png HTTP/1.1" 200 210620
172.22.2.4 - - [09/Jan/2024:15:13:42 -0500] "GET /BLA/boletinlegal/images/screen_5.png HTTP/1.1" 200 368876
172.22.2.4 - - [09/Jan/2024:15:13:42 -0500] "GET /BLA/boletinlegal/images/arr_r.jpg HTTP/1.1" 200 1998
216.244.66.195 - - [09/Jan/2024:15:13:43 -0500] "GET /BLA/resoluciones/AUTOS%202007/1633.pdf HTTP/1.1" 200 166705
216.244.66.195 - - [09/Jan/2024:15:13:48 -0500] "GET /BLA/resoluciones/AUTOS%202007/1645.pdf HTTP/1.1" 200 170549
216.244.66.195 - - [09/Jan/2024:15:13:51 -0500] "GET /BLA/resoluciones/AUTOS%202009/0829.pdf HTTP/1.1" 200 80824
172.22.2.4 - - [09/Jan/2024:15:13:52 -0500] "GET /BLA/boletinlegal/images/pdf.gif HTTP/1.1" 200 567
172.22.2.4 - - [09/Jan/2024:15:13:52 -0500] "GET /BLA/boletinlegal/admin HTTP/1.1" 301 273
172.22.2.4 - - [09/Jan/2024:15:13:52 -0500] "GET /BLA/boletinlegal/BLA/boletinlegal/admin/ HTTP/1.1" 404 1140
216.244.66.195 - - [09/Jan/2024:15:13:54 -0500] "GET /BLA/resoluciones/AUTOS%202009/1105.pdf HTTP/1.1" 200 64935
172.22.2.4 - - [09/Jan/2024:15:13:55 -0500] "GET /BLA/boletinlegal/BLA/boletinlegal/admin/ HTTP/1.1" 404 1140
201.245.192.253 - - [09/Jan/2024:15:13:56 -0500] "POST /appsia/controlador HTTP/1.1" 200 5437
172.22.2.4 - - [09/Jan/2024:15:13:56 -0500] "GET /BLA/boletinlegal/consulta_actos.php?tipo=resoluciones&no=1802&usuario=&sector=SILVICULTURA&fecha=2020&resuelve= HTTP/1.1" 200 1100
216.244.66.195 - - [09/Jan/2024:15:13:57 -0500] "GET /BLA/resoluciones/AUTOS%202009/1215.pdf HTTP/1.1" 200 119473
201.245.192.253 - - [09/Jan/2024:15:13:58 -0500] "POST /appsia/controlador HTTP/1.1" 200 5437
172.22.2.4 - - [09/Jan/2024:15:13:58 -0500] "GET /BLA/boletinlegal/BLA/boletinlegal/admin HTTP/1.1" 404 1140
201.245.192.253 - - [09/Jan/2024:15:13:59 -0500] "GET /BLA/resoluciones/RESOLUCIONES%202020/1802.pdf HTTP/1.1" 200 515075
201.245.192.253 - - [09/Jan/2024:15:13:59 -0500] "GET /favicon.ico HTTP/1.1" 200 7782
172.22.2.4 - - [09/Jan/2024:15:12:19 -0500] "GET /BLA/boletinlegal/ HTTP/1.1" 200 51383
172.22.2.4 - - [09/Jan/2024:15:14:00 -0500] "GET /BLA/boletinlegal/consulta_actos.php?tipo=resoluciones&no=02975&usuario=&sector=&fecha=2023&resuelve= HTTP/1.1" 200 626
216.244.66.195 - - [09/Jan/2024:15:14:00 -0500] "GET /BLA/resoluciones/AUTOS%202009/1587.pdf HTTP/1.1" 200 125489
172.22.2.4 - - [09/Jan/2024:15:14:02 -0500] "GET /BLA/boletinlegal/BLA/boletinlegal/admin/ HTTP/1.1" 404 1140
201.245.192.253 - - [09/Jan/2024:15:14:02 -0500] "POST /appsia/controlador HTTP/1.1" 200 7769
216.244.66.195 - - [09/Jan/2024:15:14:02 -0500] "GET /BLA/resoluciones/AUTOS%202009/1700.pdf HTTP/1.1" 200 124928
201.245.192.253 - - [09/Jan/2024:15:14:02 -0500] "GET /sipse/faces/javax.faces.resource/images/ui-bg_flat_0_2d5972_40x100.png?ln=primefaces-aristo HTTP/1.1" 304 -
201.245.192.253 - - [09/Jan/2024:15:14:02 -0500] "POST /sipse/faces/presentacion/financiero/solicitudProceso/consultarHistorialSolProceso.xhtml HTTP/1.1" 200 3300
216.244.66.195 - - [09/Jan/2024:15:14:05 -0500] "GET /BLA/resoluciones/AUTOS%202009/1865.pdf HTTP/1.1" 200 99600
172.22.2.4 - - [09/Jan/2024:15:14:05 -0500] "GET /BLA/boletinlegal/consulta_actos.php?tipo=resoluciones&no=2975&usuario=&sector=&fecha=2023&resuelve= HTTP/1.1" 200 626
201.245.192.253 - - [09/Jan/2024:15:14:03 -0500] "POST /kwsrmcab/Wsrmcab  HTTP/1.1" 200 36937
172.22.2.4 - - [09/Jan/2024:15:14:06 -0500] "GET /BLA/boletinlegal/consulta_actos.php?tipo=resoluciones&no=2975&usuario=&sector=&fecha=2023&resuelve= HTTP/1.1" 200 626
216.244.66.195 - - [09/Jan/2024:15:14:07 -0500] "GET /BLA/resoluciones/AUTOS%202009/1921.pdf HTTP/1.1" 200 106592
216.244.66.195 - - [09/Jan/2024:15:14:09 -0500] "GET /BLA/resoluciones/AUTOS%202009/2250.pdf HTTP/1.1" 200 120784
172.22.2.4 - - [09/Jan/2024:15:14:09 -0500] "GET /BLA/boletinlegal/consulta_actos.php?tipo=resoluciones&no=2975&usuario=&sector=&fecha=2023&resuelve= HTTP/1.1" 200 626
201.245.192.253 - - [09/Jan/2024:15:14:04 -0500] "POST /sipse/faces/presentacion/financiero/solicitudProceso/consultarHistorialSolProceso.xhtml HTTP/1.1" 200 38602
201.245.192.253 - - [09/Jan/2024:15:14:10 -0500] "GET /sipse/faces/javax.faces.resource/jquery/jquery.js?ln=primefaces&v=4.0 HTTP/1.1" 304 -
201.245.192.253 - - [09/Jan/2024:15:14:10 -0500] "GET /sipse/faces/javax.faces.resource/jquery/jquery-plugins.js?ln=primefaces&v=4.0 HTTP/1.1" 304 -
201.245.192.253 - - [09/Jan/2024:15:14:10 -0500] "GET /sipse/faces/javax.faces.resource/primefaces.js?ln=primefaces&v=4.0 HTTP/1.1" 304 -
201.245.192.253 - - [09/Jan/2024:15:14:10 -0500] "GET /sipse/faces/javax.faces.resource/layout/layout.js?ln=primefaces&v=4.0 HTTP/1.1" 304 -
216.244.66.195 - - [09/Jan/2024:15:14:11 -0500] "GET /BLA/resoluciones/AUTOS%202009/2396.pdf HTTP/1.1" 200 101148
216.244.66.195 - - [09/Jan/2024:15:14:13 -0500] "GET /BLA/resoluciones/AUTOS%202009/2436.pdf HTTP/1.1" 200 99815
216.244.66.195 - - [09/Jan/2024:15:14:16 -0500] "GET /BLA/resoluciones/AUTOS%202009/2577.pdf HTTP/1.1" 200 96809
216.244.66.195 - - [09/Jan/2024:15:14:20 -0500] "GET /BLA/resoluciones/AUTOS%202009/2668.pdf HTTP/1.1" 200 96519
201.245.192.253 - - [09/Jan/2024:15:14:22 -0500] "POST /sipse/faces/presentacion/contratacion/contrato/listarContrato.xhtml HTTP/1.1" 200 11354
216.244.66.195 - - [09/Jan/2024:15:14:23 -0500] "GET /BLA/resoluciones/AUTOS%202009/2712.pdf HTTP/1.1" 200 95063
172.22.2.4 - - [09/Jan/2024:15:14:23 -0500] "GET /BLA/boletinlegal/admin/ HTTP/1.1" 200 2324
172.22.2.4 - - [09/Jan/2024:15:14:23 -0500] "GET /BLA/boletinlegal/admin/index_files/style.css HTTP/1.1" 200 6223
172.22.2.4 - - [09/Jan/2024:15:14:23 -0500] "GET /BLA/boletinlegal/admin/images/bg.png HTTP/1.1" 200 332965
216.244.66.195 - - [09/Jan/2024:15:14:25 -0500] "GET /BLA/resoluciones/AUTOS%202011/0166.pdf HTTP/1.1" 200 248019
201.245.192.253 - - [09/Jan/2024:15:14:23 -0500] "POST /sipse/faces/presentacion/contratacion/contrato/listarContrato.xhtml HTTP/1.1" 200 118109
201.245.192.253 - - [09/Jan/2024:15:14:26 -0500] "GET /sipse/faces/javax.faces.resource/jquery/jquery.js?ln=primefaces&v=4.0 HTTP/1.1" 304 -
201.245.192.253 - - [09/Jan/2024:15:14:26 -0500] "GET /sipse/faces/javax.faces.resource/jquery/jquery-plugins.js?ln=primefaces&v=4.0 HTTP/1.1" 304 -
201.245.192.253 - - [09/Jan/2024:15:14:26 -0500] "GET /sipse/faces/javax.faces.resource/primefaces.js?ln=primefaces&v=4.0 HTTP/1.1" 304 -
201.245.192.253 - - [09/Jan/2024:15:14:26 -0500] "GET /sipse/faces/javax.faces.resource/layout/layout.js?ln=primefaces&v=4.0 HTTP/1.1" 304 -
216.244.66.195 - - [09/Jan/2024:15:14:28 -0500] "GET /BLA/resoluciones/AUTOS%202011/0206.pdf HTTP/1.1" 200 384191
216.244.66.195 - - [09/Jan/2024:15:14:31 -0500] "GET /BLA/resoluciones/AUTOS%202011/0667.pdf HTTP/1.1" 200 146513
216.244.66.195 - - [09/Jan/2024:15:14:34 -0500] "GET /BLA/resoluciones/AUTOS%202011/0964.pdf HTTP/1.1" 200 156509
201.245.192.253 - - [09/Jan/2024:15:14:35 -0500] "POST /forms/lservlet;jsessionid=ac16012b30d6824570109c2143e1a1b38af06f99ab1f.e3iSbxaKaheRe34Rb3eTbx8LaNb0n6jAmljGr5XDqQLvpAe HTTP/1.1" 200 2
216.244.66.195 - - [09/Jan/2024:15:14:39 -0500] "GET /BLA/resoluciones/AUTOS%202011/0967.pdf HTTP/1.1" 200 158983
216.244.66.195 - - [09/Jan/2024:15:14:42 -0500] "GET /BLA/resoluciones/AUTOS%202011/1311.pdf HTTP/1.1" 200 127071
216.244.66.195 - - [09/Jan/2024:15:14:45 -0500] "GET /BLA/resoluciones/AUTOS%202011/1660.pdf HTTP/1.1" 200 146000
216.244.66.195 - - [09/Jan/2024:15:14:48 -0500] "GET /BLA/resoluciones/AUTOS%202011/1991.pdf HTTP/1.1" 200 115628
172.22.2.4 - - [09/Jan/2024:15:14:49 -0500] "POST /BLA/boletinlegal/admin/usuarios/process.php HTTP/1.1" 302 -
172.22.2.4 - - [09/Jan/2024:15:14:49 -0500] "GET /BLA/boletinlegal/BLA/boletinlegal/admin/index.php HTTP/1.1" 404 1320
172.22.2.4 - - [09/Jan/2024:15:14:50 -0500] "GET /BLA/boletinlegal/BLA/boletinlegal/admin/index.php HTTP/1.1" 404 1320
216.244.66.195 - - [09/Jan/2024:15:14:50 -0500] "GET /BLA/resoluciones/AUTOS%202011/2314.pdf HTTP/1.1" 200 92205
172.22.2.4 - - [09/Jan/2024:15:14:52 -0500] "GET /BLA/boletinlegal/BLA/boletinlegal/admin/index.php HTTP/1.1" 404 1320
216.244.66.195 - - [09/Jan/2024:15:14:53 -0500] "GET /BLA/resoluciones/AUTOS%202011/2734.pdf HTTP/1.1" 200 245029
216.244.66.195 - - [09/Jan/2024:15:14:55 -0500] "GET /BLA/resoluciones/AUTOS%202011/3028.pdf HTTP/1.1" 200 160600
216.244.66.195 - - [09/Jan/2024:15:14:58 -0500] "GET /BLA/resoluciones/AUTOS%202011/3050.pdf HTTP/1.1" 200 159437
172.22.2.4 - - [09/Jan/2024:15:14:59 -0500] "GET /BLA/boletinlegal/consulta_actos.php?tipo=resoluciones&no=2975&usuario=alejandra.moreno&sector=&fecha=2023&resuelve= HTTP/1.1" 200 626
201.245.192.253 - - [09/Jan/2024:15:14:59 -0500] "POST /sipse/faces/presentacion/financiero/solicitudProceso/consultar.xhtml HTTP/1.1" 200 12658
172.22.2.4 - - [09/Jan/2024:15:14:59 -0500] "GET /BLA/boletinlegal/consulta_actos.php?tipo=resoluciones&no=2975&usuario=alejandra.moreno&sector=&fecha=2023&resuelve= HTTP/1.1" 200 626
216.244.66.195 - - [09/Jan/2024:15:15:00 -0500] "GET /BLA/resoluciones/AUTOS%202011/3105.pdf HTTP/1.1" 200 298592
201.245.192.253 - - [09/Jan/2024:15:14:58 -0500] "POST /kwsrmcab/Wsrmcab HTTP/1.1" 200 36197
216.244.66.195 - - [09/Jan/2024:15:15:03 -0500] "GET /BLA/resoluciones/AUTOS%202011/3212.pdf HTTP/1.1" 200 308045
201.245.192.253 - - [09/Jan/2024:15:15:01 -0500] "POST /kwsrmcab/Wsrmcab HTTP/1.1" 200 36602
186.29.228.3 - - [09/Jan/2024:15:15:06 -0500] "GET /kwssiamovil/sm/des/acme/s?s=U2FsdGVkX1+Yq25Lt+PcDhHfTFFIh3WMoY2foIhP9t15wx3EcCkQ77x6+QVjw/5UJubMcw7DPeYTiHSuMpE8K8BxSaKCQxrBNlbhjt8F4W9rwSNGVHNnmjVIb6/cU8K2Yo41Vk3hvoNgpBP7j6Blr3ff6j02t+MU8ZOaiHVVVrHfnZpQDZr/s5DTl+JxrymgXZtx2hyFywGEltsIk8tsohkz8RoSGqpyCJkKWFCpYzValoPGXSZZcWq5uZwPu+w6pJoqI3TEyPBKiLhVLOFUx3pY5VSJeNGZ/XBtenlpBj+Zgi70czt7BLLrGPwSb9bPry59obcI9mbwaRshXa5EKZCAjB5i+LZC03LLzUgKdKLudAXELpz+/5i39YAfVQsurr5MuFYHyyDfaSdnHi+CLNs4pzReFD3hwS7nZXFbvFt9ZbOZtqJvT5dqjqMjkz0UuGM5JeKAKvyYIWGGCVy+eg==&u=U2FsdGVkX1+AHo8oAMuER92av0Te5R9Z7SEDDko2L5U=&y=U2FsdGVkX18gwG9u9oE5gKISRkKibdj9PgATQ3KfuRqUjxhvXjfybiS4ZZLS71TW HTTP/1.1" 200 89
186.29.228.3 - - [09/Jan/2024:15:15:06 -0500] "GET /kwssiamovil/sm/des/acme/s?s=U2FsdGVkX19Qt0kCLllOs3aT0ZIga0l8ceuwaiCB9t7mQJmKlbky1IMZY/f9Xf0V2iWIZ1l1UEAI3+pi2iEMglQIhOe5l3AIjp/OeWYgVIStR7eR+ZTmFJum+S1PlN2SrdLHy65bZq4pQBglJbhVk3dtMF0+oM1/l0Lh4028ARMs7cYSkyfFqAOWOwZjruUgX7ug8LCV5T1XXo2J3uKio9sd5UJ3IWAXiSTy5gJOm0+a9/GvqDaspnlC93dykOawpEGXWbw4wi1lmDt906pRberhbQwLg0u3yzE6HlMofPQxwQoMb0nMY+kIpfF93vzK84qUNHMasKtyMq5lSFCELANEtYoyfxAZu/XzhqoUckhiAQ2aqU9r8t/NSnkeUztnsQ5pMZsTUoF0BEE/5lRMMg==&u=U2FsdGVkX1+AHo8oAMuER92av0Te5R9Z7SEDDko2L5U=&y=U2FsdGVkX18gwG9u9oE5gKISRkKibdj9PgATQ3KfuRqUjxhvXjfybiS4ZZLS71TW HTTP/1.1" 200 94
186.29.228.3 - - [09/Jan/2024:15:15:06 -0500] "GET /kwssiamovil/sm/des/acme/s?s=U2FsdGVkX1/pq3RJz3sMnbCc77c9qPTM4Xue8F4HcaSDO9RJf8FAc1iGMu6DU51E5PzEamkWaYtBlOsLEkcKJDq/BQdXn4cWwxFBj3C/R/I4ReOPSPOCnlcSgr/oXQiXeOCpLKPR2taYc8SksD7/2ZJmpR9FLDgbZNBP2csVil1SYYQCrOfK3e/kvCoWLU3p5VVAmDhISOLo1Ib9+Q55GmWVY+Iv6UeoQH5H2TmfhnAhEwRrGgA1+ok05VM03pzDlHn516NtQgwuf9ssrtRlDvELZBYfWL1LiLrt1nad4PVOI4OJhb+8mqcAze4LojV4t67rflvI96qZJoPgcUx2El+b+WNtQFAIaPQhFc6EwoU6/w6EfcnJ3sCA/uxojNNPtCF7rIY0xJZV2s2ytCEYa3go0O3QPvGcXcLpjwXMnpmu/adX/XfoIffAf/sfqrbtD5UhuBpiGocXHM39eSzrvg==&u=U2FsdGVkX1+AHo8oAMuER92av0Te5R9Z7SEDDko2L5U=&y=U2FsdGVkX18gwG9u9oE5gKISRkKibdj9PgATQ3KfuRqUjxhvXjfybiS4ZZLS71TW HTTP/1.1" 200 89
216.244.66.195 - - [09/Jan/2024:15:15:06 -0500] "GET /BLA/resoluciones/AUTOS%202011/3648.pdf HTTP/1.1" 200 241519
186.29.228.3 - - [09/Jan/2024:15:15:06 -0500] "GET /kwssiamovil/sm/des/acme/s?s=U2FsdGVkX1/tfI17nfV/GP8Cs/NH2ZfOtmy2pw0a408=&u=U2FsdGVkX1+AHo8oAMuER92av0Te5R9Z7SEDDko2L5U=&y=U2FsdGVkX18gwG9u9oE5gKISRkKibdj9PgATQ3KfuRqUjxhvXjfybiS4ZZLS71TW HTTP/1.1" 200 70
216.244.66.195 - - [09/Jan/2024:15:15:09 -0500] "GET /BLA/resoluciones/AUTOS%202012/0876.pdf HTTP/1.1" 200 242916
172.22.2.4 - - [09/Jan/2024:15:13:33 -0500] "GET /BLA/boletinlegal/ HTTP/1.1" 200 60502
172.22.2.4 - - [09/Jan/2024:15:14:56 -0500] "GET /BLA/boletinlegal/admin/ HTTP/1.1" 200 5745
172.22.2.4 - - [09/Jan/2024:15:15:13 -0500] "GET /BLA/boletinlegal/images/can.png HTTP/1.1" 200 37574
172.22.2.4 - - [09/Jan/2024:15:15:13 -0500] "GET /BLA/boletinlegal/admin/index_files/3_5.gif HTTP/1.1" 200 1633
172.22.2.4 - - [09/Jan/2024:15:15:13 -0500] "GET /BLA/boletinlegal/admin/index_files/7_1.gif HTTP/1.1" 200 1455
172.22.2.4 - - [09/Jan/2024:15:15:13 -0500] "GET /BLA/boletinlegal/admin/index_files/7_5.gif HTTP/1.1" 200 1565
172.22.2.4 - - [09/Jan/2024:15:15:13 -0500] "GET /BLA/boletinlegal/admin/index_files/2_2.gif HTTP/1.1" 200 1728
172.22.2.4 - - [09/Jan/2024:15:15:13 -0500] "GET /BLA/boletinlegal/admin/index_files/2_4.gif HTTP/1.1" 200 1763
172.22.2.4 - - [09/Jan/2024:15:15:13 -0500] "GET /BLA/boletinlegal/admin/index_files/index_files/tback.gif HTTP/1.1" 404 1362
172.22.2.4 - - [09/Jan/2024:15:15:14 -0500] "GET /BLA/boletinlegal/admin/index_files/header.png HTTP/1.1" 200 240212
216.244.66.195 - - [09/Jan/2024:15:15:16 -0500] "GET /BLA/resoluciones/AUTOS%202012/0921.pdf HTTP/1.1" 200 171377
216.244.66.195 - - [09/Jan/2024:15:15:21 -0500] "GET /BLA/resoluciones/AUTOS%202012/0942.pdf HTTP/1.1" 200 172277
216.244.66.195 - - [09/Jan/2024:15:15:26 -0500] "GET /BLA/resoluciones/AUTOS%202012/1110.pdf HTTP/1.1" 200 627415
216.245.221.92 - - [09/Jan/2024:15:15:27 -0500] "HEAD / HTTP/1.1" 200 -
216.244.66.195 - - [09/Jan/2024:15:15:30 -0500] "GET /BLA/resoluciones/AUTOS%202012/1295.pdf HTTP/1.1" 200 195075
216.244.66.195 - - [09/Jan/2024:15:15:34 -0500] "GET /BLA/resoluciones/AUTOS%202012/1611.pdf HTTP/1.1" 200 433033
172.22.2.4 - - [09/Jan/2024:15:15:35 -0500] "GET /BLA/boletinlegal/actos.php HTTP/1.1" 200 9648
172.22.2.4 - - [09/Jan/2024:15:15:35 -0500] "GET /BLA/boletinlegal/favicon.ico HTTP/1.1" 404 1326
186.155.16.35 - - [09/Jan/2024:15:15:35 -0500] "GET /BLA/resoluciones/index.php HTTP/1.1" 200 13696
216.244.66.195 - - [09/Jan/2024:15:15:37 -0500] "GET /BLA/resoluciones/AUTOS%202012/1655.pdf HTTP/1.1" 200 895079
186.155.16.35 - - [09/Jan/2024:15:15:38 -0500] "GET /BLA/resoluciones/index.php?dir=AUTOS+2014%2F HTTP/1.1" 200 891340
216.244.66.195 - - [09/Jan/2024:15:15:42 -0500] "GET /BLA/resoluciones/AUTOS%202012/1766.pdf HTTP/1.1" 200 288605
181.61.204.215 - - [09/Jan/2024:15:15:44 -0500] "GET /BLA/resoluciones/ HTTP/1.1" 200 13696
181.61.204.215 - - [09/Jan/2024:15:15:44 -0500] "GET /favicon.ico HTTP/1.1" 200 7782
181.61.204.215 - - [09/Jan/2024:15:15:45 -0500] "GET /BLA/resoluciones/index.php?dir=AUTOS+2012%2F HTTP/1.1" 200 277133
216.244.66.195 - - [09/Jan/2024:15:15:46 -0500] "GET /BLA/resoluciones/AUTOS%202012/2526.pdf HTTP/1.1" 200 1687703
186.155.16.35 - - [09/Jan/2024:15:15:57 -0500] "GET /BLA/resoluciones/AUTOS%202014/4116.pdf HTTP/1.1" 200 527282
201.245.192.253 - - [09/Jan/2024:15:15:58 -0500] "POST /appsia/controlador HTTP/1.1" 200 6634
216.244.66.195 - - [09/Jan/2024:15:15:59 -0500] "GET /BLA/resoluciones/AUTOS%202012/2598.pdf HTTP/1.1" 200 1224396
201.245.192.253 - - [09/Jan/2024:15:16:00 -0500] "POST /appsia/controlador HTTP/1.1" 200 9094
201.245.192.253 - - [09/Jan/2024:15:16:03 -0500] "POST /appsia/controlador HTTP/1.1" 200 75631
216.244.66.195 - - [09/Jan/2024:15:16:08 -0500] "GET /BLA/resoluciones/AUTOS%202012/2716.pdf HTTP/1.1" 200 446349
172.22.2.4 - - [09/Jan/2024:15:16:21 -0500] "GET /BLA/boletinlegal/admin/actos/ingresar.php HTTP/1.1" 200 7210
172.22.2.4 - - [09/Jan/2024:15:16:21 -0500] "GET /BLA/boletinlegal/admin/js/jquery-1.3.1.min.js HTTP/1.1" 200 55272
172.22.2.4 - - [09/Jan/2024:15:16:21 -0500] "GET /BLA/boletinlegal/admin/js/jquery.functions.js HTTP/1.1" 200 2317
172.22.2.4 - - [09/Jan/2024:15:16:21 -0500] "GET /BLA/boletinlegal/admin/js/nicEdit-latest.js HTTP/1.1" 200 38373
172.22.2.4 - - [09/Jan/2024:15:16:21 -0500] "GET /BLA/boletinlegal/admin/css/default.css HTTP/1.1" 200 4379
172.22.2.4 - - [09/Jan/2024:15:16:21 -0500] "GET /BLA/boletinlegal/admin/img/h1.png HTTP/1.1" 200 3227
172.22.2.4 - - [09/Jan/2024:15:16:21 -0500] "GET /BLA/boletinlegal/admin/img/overlay.png HTTP/1.1" 200 984
172.22.2.4 - - [09/Jan/2024:15:16:21 -0500] "GET /BLA/boletinlegal/images/favicon.ico HTTP/1.1" 404 1356
201.245.192.253 - - [09/Jan/2024:15:16:35 -0500] "POST /forms/lservlet;jsessionid=ac16012b30d6824570109c2143e1a1b38af06f99ab1f.e3iSbxaKaheRe34Rb3eTbx8LaNb0n6jAmljGr5XDqQLvpAe HTTP/1.1" 200 2
216.244.66.195 - - [09/Jan/2024:15:16:44 -0500] "GET /BLA/resoluciones/AUTOS%202012/2817.pdf HTTP/1.1" 200 290235
201.245.192.253 - - [09/Jan/2024:15:16:47 -0500] "POST /appsia/controlador HTTP/1.1" 200 7769
201.245.192.253 - - [09/Jan/2024:15:16:57 -0500] "POST /appsia/controlador HTTP/1.1" 200 6634
172.22.2.4 - - [09/Jan/2024:15:16:57 -0500] "POST /BLA/boletinlegal/admin/actos/ingresar.php HTTP/1.1" 200 7303
201.245.192.253 - - [09/Jan/2024:15:16:58 -0500] "POST /appsia/controlador HTTP/1.1" 200 9840
201.245.192.253 - - [09/Jan/2024:15:17:00 -0500] "POST /appsia/controlador HTTP/1.1" 200 75752
216.244.66.195 - - [09/Jan/2024:15:17:13 -0500] "GET /BLA/resoluciones/AUTOS%202012/2827.pdf HTTP/1.1" 200 418727
172.22.2.4 - - [09/Jan/2024:15:15:33 -0500] "GET /BLA/boletinlegal/ HTTP/1.1" 200 62055
201.245.192.253 - - [09/Jan/2024:15:17:32 -0500] "POST /appsia/controlador HTTP/1.1" 200 75752
201.245.192.253 - - [09/Jan/2024:15:17:35 -0500] "POST /appsia/controlador HTTP/1.1" 200 7769
201.245.192.253 - - [09/Jan/2024:15:17:40 -0500] "POST /appsia/controlador HTTP/1.1" 200 6634
201.245.192.253 - - [09/Jan/2024:15:17:41 -0500] "POST /appsia/controlador HTTP/1.1" 200 10622
201.245.192.253 - - [09/Jan/2024:15:17:43 -0500] "POST /appsia/controlador HTTP/1.1" 200 75831
172.22.2.4 - - [09/Jan/2024:15:17:08 -0500] "GET /BLA/boletinlegal/ HTTP/1.1" 200 24523
216.244.66.195 - - [09/Jan/2024:15:17:46 -0500] "GET /BLA/resoluciones/AUTOS%202012/2873.pdf HTTP/1.1" 200 404298
216.244.66.195 - - [09/Jan/2024:15:18:14 -0500] "GET /BLA/resoluciones/AUTOS%202012/2928.pdf HTTP/1.1" 200 374110
201.245.192.253 - - [09/Jan/2024:15:18:14 -0500] "POST /appsia/controlador HTTP/1.1" 200 7769
201.245.192.253 - - [09/Jan/2024:15:18:21 -0500] "POST /appsia/controlador HTTP/1.1" 200 6634
201.245.192.253 - - [09/Jan/2024:15:18:22 -0500] "POST /appsia/controlador HTTP/1.1" 200 9094
201.245.192.253 - - [09/Jan/2024:15:18:24 -0500] "POST /appsia/controlador HTTP/1.1" 200 75630
201.245.192.253 - - [09/Jan/2024:15:18:35 -0500] "POST /forms/lservlet;jsessionid=ac16012b30d6824570109c2143e1a1b38af06f99ab1f.e3iSbxaKaheRe34Rb3eTbx8LaNb0n6jAmljGr5XDqQLvpAe HTTP/1.1" 200 2
216.244.66.195 - - [09/Jan/2024:15:18:40 -0500] "GET /BLA/resoluciones/AUTOS%202012/3019.pdf HTTP/1.1" 200 442442
201.245.192.253 - - [09/Jan/2024:15:18:47 -0500] "POST /appsia/controlador HTTP/1.1" 200 7769
201.245.192.253 - - [09/Jan/2024:15:18:54 -0500] "POST /appsia/controlador HTTP/1.1" 200 6634
201.245.192.253 - - [09/Jan/2024:15:18:56 -0500] "POST /appsia/controlador HTTP/1.1" 200 9094
201.245.192.253 - - [09/Jan/2024:15:18:58 -0500] "POST /appsia/controlador HTTP/1.1" 200 75630
172.22.2.4 - - [09/Jan/2024:15:17:19 -0500] "HEAD /BLA/boletinlegal/ HTTP/1.1" 200 -
201.245.192.253 - - [09/Jan/2024:15:19:02 -0500] "POST /kwsrmcab/Wsrmcab  HTTP/1.1" 200 36937
216.244.66.195 - - [09/Jan/2024:15:19:07 -0500] "GET /BLA/resoluciones/AUTOS%202012/3065.pdf HTTP/1.1" 200 474947
201.245.192.253 - - [09/Jan/2024:15:19:12 -0500] "POST /kwsrmcab/Wsrmcab HTTP/1.1" 200 36197
201.245.192.253 - - [09/Jan/2024:15:19:19 -0500] "POST /appsia/controlador HTTP/1.1" 200 7769
201.245.192.253 - - [09/Jan/2024:15:19:24 -0500] "POST /appsia/controlador HTTP/1.1" 200 6634
201.245.192.253 - - [09/Jan/2024:15:19:26 -0500] "POST /appsia/controlador HTTP/1.1" 200 9094
201.245.192.253 - - [09/Jan/2024:15:19:28 -0500] "POST /appsia/controlador HTTP/1.1" 200 75630
216.244.66.195 - - [09/Jan/2024:15:19:32 -0500] "GET /BLA/resoluciones/AUTOS%202013/0298.pdf HTTP/1.1" 200 1129873
172.22.2.4 - - [09/Jan/2024:15:19:45 -0500] "GET /BLA/boletinlegal/consulta_actos.php?tipo=resoluciones&no=5589&usuario=alejandra.moreno&sector=&fecha=2022&resuelve= HTTP/1.1" 200 626
172.22.2.4 - - [09/Jan/2024:15:19:46 -0500] "GET /BLA/boletinlegal/consulta_actos.php?tipo=resoluciones&no=5589&usuario=alejandra.moreno&sector=&fecha=2022&resuelve= HTTP/1.1" 200 626
172.22.2.4 - - [09/Jan/2024:15:19:48 -0500] "GET /BLA/boletinlegal/actos.php HTTP/1.1" 200 9648
172.22.2.4 - - [09/Jan/2024:15:18:10 -0500] "GET /BLA/boletinlegal/ HTTP/1.1" 200 52418
201.245.192.253 - - [09/Jan/2024:15:19:50 -0500] "GET /appsia/controlador HTTP/1.1" 200 4799
201.245.192.253 - - [09/Jan/2024:15:19:50 -0500] "GET /appsia/css/estilos.css HTTP/1.1" 200 4804
201.245.192.253 - - [09/Jan/2024:15:19:50 -0500] "GET /appsia/scripts/validarIngreso.js HTTP/1.1" 200 851
201.245.192.253 - - [09/Jan/2024:15:19:50 -0500] "GET /appsia/images/logo_bogota_p.png HTTP/1.1" 200 14951
201.245.192.253 - - [09/Jan/2024:15:19:50 -0500] "GET /appsia/images/cabezoteHojaVida.png HTTP/1.1" 200 32493
201.245.192.253 - - [09/Jan/2024:15:19:50 -0500] "GET /favicon.ico HTTP/1.1" 200 7782
201.245.192.253 - - [09/Jan/2024:15:19:48 -0500] "POST /kwsrmcab/Wsrmcab HTTP/1.1" 200 36602
172.22.2.4 - - [09/Jan/2024:15:19:57 -0500] "GET /BLA/boletinlegal/consulta_actos.php?tipo=resoluciones&no=5589&usuario=&sector=&fecha=2022&resuelve= HTTP/1.1" 200 626
172.22.2.4 - - [09/Jan/2024:15:19:58 -0500] "GET /BLA/boletinlegal/consulta_actos.php?tipo=resoluciones&no=5589&usuario=&sector=&fecha=2022&resuelve= HTTP/1.1" 200 626
172.22.2.4 - - [09/Jan/2024:15:19:58 -0500] "GET /BLA/boletinlegal/consulta_actos.php?tipo=resoluciones&no=5589&usuario=&sector=&fecha=2022&resuelve= HTTP/1.1" 200 626
172.22.2.4 - - [09/Jan/2024:15:19:58 -0500] "GET /BLA/boletinlegal/consulta_actos.php?tipo=resoluciones&no=5589&usuario=&sector=&fecha=2022&resuelve= HTTP/1.1" 200 626
172.22.2.4 - - [09/Jan/2024:15:19:59 -0500] "GET /BLA/boletinlegal/consulta_actos.php?tipo=resoluciones&no=5589&usuario=&sector=&fecha=2022&resuelve= HTTP/1.1" 200 626
201.245.192.253 - - [09/Jan/2024:15:20:00 -0500] "POST /appsia/controlador HTTP/1.1" 200 7769
172.22.2.4 - - [09/Jan/2024:15:20:02 -0500] "GET /BLA/boletinlegal/consulta_actos.php?tipo=resoluciones&no=05589&usuario=&sector=&fecha=2022&resuelve= HTTP/1.1" 200 626
172.22.2.4 - - [09/Jan/2024:15:20:02 -0500] "GET /BLA/boletinlegal/consulta_actos.php?tipo=resoluciones&no=05589&usuario=&sector=&fecha=2022&resuelve= HTTP/1.1" 200 626
172.22.2.4 - - [09/Jan/2024:15:20:03 -0500] "GET /BLA/boletinlegal/consulta_actos.php?tipo=resoluciones&no=05589&usuario=&sector=&fecha=2022&resuelve= HTTP/1.1" 200 626
172.22.2.4 - - [09/Jan/2024:15:20:03 -0500] "GET /BLA/boletinlegal/consulta_actos.php?tipo=resoluciones&no=05589&usuario=&sector=&fecha=2022&resuelve= HTTP/1.1" 200 626
216.244.66.195 - - [09/Jan/2024:15:20:04 -0500] "GET /BLA/resoluciones/AUTOS%202013/0548.pdf HTTP/1.1" 200 1561211
201.245.192.253 - - [09/Jan/2024:15:20:06 -0500] "POST /appsia/controlador HTTP/1.1" 200 6634
201.245.192.253 - - [09/Jan/2024:15:20:07 -0500] "POST /appsia/controlador HTTP/1.1" 200 9094
201.245.192.253 - - [09/Jan/2024:15:20:10 -0500] "POST /appsia/controlador HTTP/1.1" 200 75631
172.22.2.4 - - [09/Jan/2024:15:20:11 -0500] "GET /BLA/boletinlegal/normativa.php HTTP/1.1" 200 8343
172.22.2.4 - - [09/Jan/2024:15:20:11 -0500] "GET /BLA/boletinlegal/js/ajax_normativa.js HTTP/1.1" 200 1154
66.249.68.38 - - [09/Jan/2024:15:20:15 -0500] "GET /galeria/galeria/fotos/Entrenube3G.jpg HTTP/1.1" 304 -
201.245.192.253 - - [09/Jan/2024:15:20:19 -0500] "GET /appsia/controlador HTTP/1.1" 200 4799
172.22.2.4 - - [09/Jan/2024:15:20:21 -0500] "GET /BLA/boletinlegal/actos.php HTTP/1.1" 200 9648
172.22.2.4 - - [09/Jan/2024:15:20:25 -0500] "GET /BLA/boletinlegal/doctrina.php HTTP/1.1" 200 5614
172.22.2.4 - - [09/Jan/2024:15:20:26 -0500] "GET /BLA/boletinlegal/js/ajax_doctrina.js HTTP/1.1" 200 772
172.22.2.4 - - [09/Jan/2024:15:20:26 -0500] "GET /BLA/boletinlegal/images/sub_ul_li.gif HTTP/1.1" 200 343
172.22.2.4 - - [09/Jan/2024:15:20:26 -0500] "GET /BLA/boletinlegal/jurisprudencia.php HTTP/1.1" 200 17583
172.22.2.4 - - [09/Jan/2024:15:20:27 -0500] "GET /BLA/boletinlegal/images/jurisprudencia.png HTTP/1.1" 200 66721
216.245.221.92 - - [09/Jan/2024:15:20:27 -0500] "HEAD / HTTP/1.1" 200 -
172.22.2.4 - - [09/Jan/2024:15:20:32 -0500] "GET /BLA/boletinlegal/images/hover.png HTTP/1.1" 200 59469
172.22.2.4 - - [09/Jan/2024:15:20:34 -0500] "GET /BLA/boletinlegal/conceptos.php HTTP/1.1" 200 7496
172.22.2.4 - - [09/Jan/2024:15:20:34 -0500] "GET /BLA/boletinlegal/js/ajax_conceptos.js HTTP/1.1" 200 1326
201.245.192.253 - - [09/Jan/2024:15:20:35 -0500] "POST /forms/lservlet;jsessionid=ac16012b30d6824570109c2143e1a1b38af06f99ab1f.e3iSbxaKaheRe34Rb3eTbx8LaNb0n6jAmljGr5XDqQLvpAe HTTP/1.1" 200 2
201.245.192.253 - - [09/Jan/2024:15:20:37 -0500] "POST /appsia/controlador HTTP/1.1" 200 7769
201.245.192.253 - - [09/Jan/2024:15:20:43 -0500] "POST /appsia/controlador HTTP/1.1" 200 6634
201.245.192.253 - - [09/Jan/2024:15:20:44 -0500] "POST /appsia/controlador HTTP/1.1" 200 10595
216.244.66.195 - - [09/Jan/2024:15:20:44 -0500] "GET /BLA/resoluciones/AUTOS%202013/0675.pdf HTTP/1.1" 200 1086753
201.245.192.253 - - [09/Jan/2024:15:20:46 -0500] "POST /appsia/controlador HTTP/1.1" 200 75861
216.244.66.195 - - [09/Jan/2024:15:21:19 -0500] "GET /BLA/resoluciones/AUTOS%202013/0762.pdf HTTP/1.1" 200 1599862
181.52.215.102 - - [09/Jan/2024:15:21:46 -0500] "GET /inicia-el-2024-conociendo-la-biodiversidad-de-bogoti.html?fbclid=IwAR0wCmeMxl5AR2gIGD5Xd6tgErgTvhrzTw2RCWMK-XS6G9l4v0CQeMUbFPM HTTP/1.1" 200 894
199.16.157.181 - - [09/Jan/2024:15:21:48 -0500] "GET /images/prendas-1_optimized.jpeg HTTP/1.1" 200 65869
186.29.228.3 - - [09/Jan/2024:15:21:54 -0500] "GET /kwssiamovil/sm/des/ldap/au?x=U2FsdGVkX18mc5xASr6s+oni+bl8ZxtqFc30NptlbS368izbio7zPbrRYfOQAW8k&y=U2FsdGVkX1++HVNuU9H0shpVkKfFVP4wG1GkabyaBRkWj2tWiQvhbUZ53vJwmklX HTTP/1.1" 200 30
47.128.40.4 - - [09/Jan/2024:15:21:55 -0500] "GET /BLA/resoluciones/index.php?dir=RESOLUCIONES+2002%2FRES+2002+1601-1650%2F HTTP/1.1" 200 12158
47.128.40.4 - - [09/Jan/2024:15:21:56 -0500] "GET /BLA/resoluciones/dlf/dirup.png HTTP/1.1" 200 644
47.128.40.4 - - [09/Jan/2024:15:21:56 -0500] "GET /BLA/resoluciones/dlf/unknown.png HTTP/1.1" 200 266
186.29.228.3 - - [09/Jan/2024:15:21:54 -0500] "GET /kwssiamovil/sm/des/acme/s?s=U2FsdGVkX1/Nkhmsy7hin0CeBe/Oyfk9TTFr3IeqQOJFAg6k5xBD12/DvBaEwzmgEjYe08AQXJQNDl6m00/SfNuK79teE9+k4jRmWhWtvXA=&u=U2FsdGVkX1/sEqxchWzyhTg60Mle0+uXNELMenEmqKw=&y=U2FsdGVkX1++HVNuU9H0shpVkKfFVP4wG1GkabyaBRkWj2tWiQvhbUZ53vJwmklX HTTP/1.1" 200 97
186.29.228.3 - - [09/Jan/2024:15:21:56 -0500] "GET /kwssiamovil/sm/des/acme/s?s=U2FsdGVkX180mVZDvvRvoVQ19D4hHZCsBJTHpUNj723zZQ9kfwBIGwf1vZcoGQlUPTT/UAbEcdknbd+0X539STXB8Bybzbgl1uc0S2gIcJJxVQDXEImHfXKheUkBS8/C3QLTsNo2mxBAJ4RINdlzPCVuCfhlWEJACwbjNiQomjm642QGfl6VI6RWKY6k+u51ZZl8VDQ0j2olvVhQaXuAPVw0h/tgJRmVESZafHL/0I/DYeDh00UO35I/tMD81zRiEvXvb6ghh1afel2kRcmnEJj73o+b05Zo8cudzdNSP8Z395A+3H0trs+g/+Xor4KQD1Puz6vQ95D95CSi/TBWGrc1YHxQcm+ud9TtYBtpKIC0SjLggtT+W8hkAZT11Ob7qQ21wR4v3jjgBE3jAvT6+m8inPa5Afh9HcfbLwgj+HBw5tWtnC+XZdcFP/Q+4SHtyDMZxeCuYDAa66wCL2sA+DpyxQoI7nY558oHj7FHDtAftRIoDzWHSGC/imMtS6O+4Ri2j3i5F24cvF056TIcbdOEV53AUXCQwh0GJiOD9W9lVGjBazG2IvSU/IRxeRx9LKiZ5+83jDWg/Vs8B+rh4dux2CZZvENhTvO+sfdakOQmEcf6rQZiDW9uEoTxTcyUoNsRa7BPhjfH77KDgQlFdeqsYe1eEr9QTd7jGk8jYoDd91lo55cbsEENwT6ZXoPmBcS2qm7CLVzLPu9cISMiOLuwayVu5IWPEKpmk4q6dQ6Ro8fUe7QxV1OwrRkBza2aX7wEXAm9yIejCme+R0DQ/RMnsjAPBZ0g28vYAh8u30xEZ2JIbZLMG1TwUh1oAji4CvP+j3DtbfFI4Hm8cTkpNwO5vLZuAq/mCRxZa40mPkzCymqp3MZpOtDpn+1Q0nkD1l8YoFS0ZD51Q9dlTiOMWdMCrA9IppGlYMAaGEkgbRVZ3nxErbzwnsz5apBU9RX8JMklow3jwnIuvDZGnP0UGV3RJLmA5znU36IjCx52A1TiZ/T5wtlO1/zV3t7oaXgvRT/eS2I0aVUuzbjHya2LE2cPJO1Y0fssWRwOYfHSlvYE79DsYM/aam8l4Rch5SME+lDHAOIY8ctJb0oahpwq5a67sJCIG1/IEz1zWHJ4QcBqJF9m95BowiEKMeno3eCHyWC0sau2FpDUL3Tdk27YYt9ufKoSeWq9fMjahI8FyGpB5wzRNZU3iJeVChe00KeQzsFSIHxFkrB+r/ODupT6fA7yaLLxJRUe4GLOSqp0cd+a1VHlVFoizNum/iZ97sTRximkjaW3AFVYexv3hzdyAJwqt5FMNw1SwXMW+qyrdUaugyWzNNEcxSz5kIu6VPY1bo1Wi5M0X0sYSLtmyBOFeWQVJWnjGg8rJXlJusEVQsAm2i+3dZRgq19z28oR9ncW9Y/Qbjdz7D7ZE/ZQLoHz03mwkukn+tg8oV7aBbOSGzCw+OtGPU/Pb59q0FR5tF+eg9osBIhDScsZ4ZC5CR446WJaanaZVsC3jWvMWgwPI8XFMsJJ/E+xP2GguBEjQdW97aJjjC49dfWoyaRhhvrh8AbEf94b1L405GEx+RkxLqy6vVry1gFar3/EDDqEb4CvC7hbE8UAh34T8uFx0Vx25PXKrNtRfarJS9eN8VIRpbELGY/vrFlxOcsgUV/9Z9Lw7lbXDHrHtNYNwuT1/AiRIK1C4eXWMJa9jt4V2deLtslmJar+DD+fezUEqmjN7U9YPQML8XzwZA9/ucf/BvFYAY6lKJbbTsLUraJ+0JQIqRo=&u=U2FsdGVkX1/sEqxchWzyhTg60Mle0+uXNELMenEmqKw=&y=U2FsdGVkX1++HVNuU9H0shpVkKfFVP4wG1GkabyaBRkWj2tWiQvhbUZ53vJwmklX HTTP/1.1" 200 539
186.29.228.3 - - [09/Jan/2024:15:21:56 -0500] "GET /kwssiamovil/sm/des/acme/s?s=U2FsdGVkX19DhMX5QmoYlKmmmPhcmpi5+/QK93TqyNYsXtUWPLPdG80qUG/zqO6RUX9Leojy0IXRIceZaA+9I667fIk2ODVBmtIbt9MOYyJOJLF4b04f5QE6cHF3cC/gH40L16lC2J7roCVY1P/oJdnL4npIoHKZg6aHs1T85MJln7+VIUN/HmgRRL5sp3qCCWPgYLS0ncx5ncaro8rnlLrYL1Ypj04piprGC9EZNwMO8hr5dftXbCFV9ta9kH28QqW5AZg0t3kP+CuFw2a7HyBcVm0liHQKmPghCAHtZMRbeDW+/vtLFiM0k5Bow2NXGFwdXDS7eUkCUXa+XkwVk1mi8Oe0skXhzH7mnFbN1YuLcAsJ3py7sSGUjhwMron8REJbQ41GAH1cD+ugJ/BDWL9DT8rkswSW0FB3QZeWu4TZL0pnaOr7xgPCr1AdI9bcPJy0hDTXbN11InXTTUcEsN4VOBUn0Q3DLpuVNcDK46zi6Lm1LzG7NSByo6Ydmdrde/6NfhdoNy6T8yz64+e5PFS+w0X/pGxT+UwMjugiztGtek8XA1c92NLv3oCE3w6cSTxuj91WIZbTRTrySIVkBJIAVNTWd/E71hjjoPdo4WbLDn8MRpcBKpDHwC2ugvDo3Pvcm5D1IAShl7GR19WbJVAiFOIOqo065eU238bqd9weVAngu3eo9eW7X8/ofqcWgnxWrFKEfFw7eOlvXQmqhXuq6VTZWyFwWIvJlT6QQaSeITtgrqLEMxjckSBRfklh&u=U2FsdGVkX1/sEqxchWzyhTg60Mle0+uXNELMenEmqKw=&y=U2FsdGVkX1++HVNuU9H0shpVkKfFVP4wG1GkabyaBRkWj2tWiQvhbUZ53vJwmklX HTTP/1.1" 200 222
186.29.228.3 - - [09/Jan/2024:15:21:56 -0500] "GET /kwssiamovil/sm/des/cjson/pre?f=19&x=U2FsdGVkX18mc5xASr6s+oni+bl8ZxtqFc30NptlbS368izbio7zPbrRYfOQAW8k HTTP/1.1" 200 65817
216.244.66.195 - - [09/Jan/2024:15:22:10 -0500] "GET /BLA/resoluciones/AUTOS%202013/1011.pdf HTTP/1.1" 200 744393
201.245.192.253 - - [09/Jan/2024:15:22:17 -0500] "GET /appsia/controlador HTTP/1.1" 200 4799
201.245.192.253 - - [09/Jan/2024:15:22:17 -0500] "GET /appsia/css/estilos.css HTTP/1.1" 200 4804
201.245.192.253 - - [09/Jan/2024:15:22:17 -0500] "GET /appsia/scripts/validarIngreso.js HTTP/1.1" 200 851
201.245.192.253 - - [09/Jan/2024:15:22:17 -0500] "GET /appsia/images/cabezoteHojaVida.png HTTP/1.1" 200 32493
201.245.192.253 - - [09/Jan/2024:15:22:17 -0500] "GET /appsia/images/logo_bogota_p.png HTTP/1.1" 200 14951
201.245.192.253 - - [09/Jan/2024:15:22:17 -0500] "GET /favicon.ico HTTP/1.1" 200 7782
47.128.98.198 - - [09/Jan/2024:15:22:19 -0500] "GET /BLA/resoluciones/index.php?dir=RESOLUCIONES+2007%2FRES+2007+2301+AL+2400%2F HTTP/1.1" 200 26611
47.128.98.198 - - [09/Jan/2024:15:22:20 -0500] "GET /BLA/resoluciones/dlf/dirup.png HTTP/1.1" 200 644
47.128.98.198 - - [09/Jan/2024:15:22:20 -0500] "GET /BLA/resoluciones/dlf/pdf.gif HTTP/1.1" 200 272
201.245.192.253 - - [09/Jan/2024:15:22:28 -0500] "POST /appsia/controlador HTTP/1.1" 200 7769
201.245.192.253 - - [09/Jan/2024:15:22:29 -0500] "POST /appsia/controlador HTTP/1.1" 200 5228
201.245.192.253 - - [09/Jan/2024:15:22:35 -0500] "POST /forms/lservlet;jsessionid=ac16012b30d6824570109c2143e1a1b38af06f99ab1f.e3iSbxaKaheRe34Rb3eTbx8LaNb0n6jAmljGr5XDqQLvpAe HTTP/1.1" 200 2
201.245.192.253 - - [09/Jan/2024:15:22:35 -0500] "GET /appsia/controlador?comando=regresar&id=39643548&funcionario=GLADYS+LOPEZ+VELASCO&desde=39643548&hasta=39643548&version=39643548 HTTP/1.1" 200 7769
201.245.192.253 - - [09/Jan/2024:15:22:37 -0500] "POST /appsia/controlador HTTP/1.1" 200 5228
201.245.192.253 - - [09/Jan/2024:15:22:39 -0500] "GET /appsia/controlador?comando=ingresarMenuPrincipal&id=39643548&funcionario=GLADYS+LOPEZ+VELASCO&desde=39643548&hasta=39643548&version=39643548&accion=Regresar HTTP/1.1" 200 5437
47.128.43.199 - - [09/Jan/2024:15:22:43 -0500] "GET /BLA/resoluciones/index.php?dir=RESOLUCIONES+2006%2FRES+2006+1551-1600%2F HTTP/1.1" 200 12369
47.128.43.199 - - [09/Jan/2024:15:22:44 -0500] "GET /BLA/resoluciones/dlf/unknown.png HTTP/1.1" 200 266
47.128.43.199 - - [09/Jan/2024:15:22:44 -0500] "GET /BLA/resoluciones/dlf/dirup.png HTTP/1.1" 200 644
216.244.66.195 - - [09/Jan/2024:15:22:51 -0500] "GET /BLA/resoluciones/AUTOS%202013/1087.pdf HTTP/1.1" 200 255758
201.245.192.253 - - [09/Jan/2024:15:22:52 -0500] "POST /appsia/controlador HTTP/1.1" 200 4799
216.244.66.195 - - [09/Jan/2024:15:23:26 -0500] "GET /BLA/resoluciones/AUTOS%202013/1313.pdf HTTP/1.1" 200 1183111
201.245.192.253 - - [09/Jan/2024:15:23:39 -0500] "POST /appsia/controlador HTTP/1.1" 200 3598
201.245.192.253 - - [09/Jan/2024:15:23:39 -0500] "GET /appsia/jscripts/validarSolicitud.js HTTP/1.1" 404 68
201.245.192.253 - - [09/Jan/2024:15:23:43 -0500] "POST /sipse/faces/presentacion/financiero/solicitudProceso/listarSolicitudProceso.xhtml HTTP/1.1" 200 156297
201.245.192.253 - - [09/Jan/2024:15:23:44 -0500] "GET /sipse/faces/javax.faces.resource/theme.css?ln=primefaces-sipse HTTP/1.1" 304 -
201.245.192.253 - - [09/Jan/2024:15:23:44 -0500] "GET /sipse/faces/javax.faces.resource/primefaces.css?ln=primefaces&v=4.0 HTTP/1.1" 304 -
