47.128.61.201 - - [09/Jan/2024:17:43:26 -0500] "GET /portaldeninos/wp-content/uploads/2020/01/Frailejon-escenario.jpg HTTP/1.1" 200 357472
47.128.61.201 - - [09/Jan/2024:17:43:36 -0500] "GET /portaldeninos/wp-json/pum/v1/analytics/?event=open&pid=1126&_cache=1704840221963 HTTP/1.1" 204 -
47.128.61.201 - - [09/Jan/2024:17:43:26 -0500] "GET /portaldeninos/wp-content/uploads/2018/11/tigrillo.jpg HTTP/1.1" 200 402961
47.128.61.201 - - [09/Jan/2024:17:43:34 -0500] "GET /portaldeninos/wp-content/uploads/2022/08/Infograf%C3%ADa-humedales-actualizada.png HTTP/1.1" 200 588022
156.59.198.136 - - [09/Jan/2024:17:43:50 -0500] "GET /BLA/resoluciones/AUTOS%202019/4447.pdf HTTP/1.0" 200 371742
186.84.90.74 - - [09/Jan/2024:17:43:55 -0500] "GET /kwssiamovil/sm/ldap/au?x=U2FsdGVkX18yR7bVo5dGLgJlm+a/csVZbzebR5x9KtXbK4Em6l4OhSpU1ily8mpu&y=U2FsdGVkX1+yt022qihOD4Ma9f7gmE6Lg1DSzZaLl/T6P/5LXUghW29F1zi8q7Nn HTTP/1.1" 200 30
186.84.90.74 - - [09/Jan/2024:17:43:55 -0500] "GET /kwssiamovil/sm/acme/s?s=U2FsdGVkX1+yI1h97MAF9y/pe+LgR8Vlcuf4V9759MLhlu9hZad/DdrKxl34rqAFg7Yi5qIg5MFTX+UZjjHhYbTC59VQTJ8dfsxENjMGueM=&u=U2FsdGVkX198iUuZ/Iv+rG7M2mk6scsaWSOweviaWEs=&y=U2FsdGVkX1+yt022qihOD4Ma9f7gmE6Lg1DSzZaLl/T6P/5LXUghW29F1zi8q7Nn HTTP/1.1" 200 97
186.84.90.74 - - [09/Jan/2024:17:43:56 -0500] "GET /kwssiamovil/sm/acme/s?s=U2FsdGVkX193RBUUIcpv5OMcl4eXPPd/DCGdlSt/Tq2FMGiUqQGkM2z7g7zbszDtpu+wsMgvgfGF0b8PQ7blYN8aASYQRe7sNHFej2OSc3XsXClnYvzo4+u6p/NV7ZmiH5Yt3ODlzKb2NkdVAc9h1lajxhVPJgSJUaa+J5cvbxXkJFnS7r55rFbBU03CczC/vTUA6cp3Q2UtqmpvRRSN6eYnI9Wt2AQ+ZQSxuQbZkpSj1bKcTqb74XdRcyhOpm0WCmBcDnaceo1qOEdtLehEqf3xS6EG+c3Nl64sSti7pAuF07zm4lkOax2L//a0gq7YhQmKtPDveGA83ywT9264C4NcGhlGXu8uVjWDd8YTNR6BLauZZB3vATGM6QvTXSyEyOVm1GHruGG+7k3tsl5uba+9CoXphSkKEwrdzZGYIQlK2TeQxCOZ5VccWDLWdzfEnZsLOlElT/vK0U0NOiz9z4/BV+el9Db9U1Azze6u2VTbb3wuEG2FbvxIQBduJQ+p5mf2EHtwcjRrJ97eGXsXXnUTfCH3dcVSFq+kPXkLIIZ+/BKF0mcQoFl/bQ2O84dTHrouvx8jNwiVLF2ji35sXySBtJgos7Ju0NvsJpANvwe3X2CQ+HtfyoLjkiPRzhms7u0GVtHFxn5mOfb0V9CjR1t+h140PT2Tu2D9R9cP767AoM3BXGqusUdPm92KbYVlCxNV1OLb0kdjeu55q+E2ReWpj1WtqaB+y+sR9A0BUHzIlVnx2LRYvTSYtJd1Us/9FsoZQ6Syc3a2ARwSQL6oGTL/4b0GU9QNpsw0hYyNl+lwkKN93f5Fwmi4Roky2T/TMUOGDrufCJ0/qaFane6hGMQ5kPiWOspDAgI3LBsFNL1VdIdFMDC9O1tqo8g+vu4CtoJjnebrPFS5/3OP51JP4vv2P6ULNEMiq9ejsEntaC7UsLwmCK/FHmAZ4U+hjxC+7uObubHcp7crncakOeJ0WngtU/g3fUyZP7ibr2B4ZDVEFpeFRVC3rc6IwHcs5y/LjsTTp+KevotjcxLfOMWSKIfZqPWrzK4GbQBaBLYdyGiXZ5Du1SRQ1WYJpIB8dQ436Ln0fdc0kE7n4DphEzbQovVTs0213tcN/4J9yJGOxMim5Z7yKmqO2SlYl36M1GtZ7veFsOHjOzj4Goz3Vo8Z/b1gK2VVp9cWmbHpyA9mLK+K22Esv8YyciKGfwraPeawKB1MR705BelDGpvTlSaxJP+HCBKgxCyrQPmrKHoE3hXtlM0fm+V4uOTjntnxV5LwK5IPwUDTogtLJ3V8F9sHRPzpNoCQoJuYZMotrMXNJC2qhkFt4ZPDKmL3xv921Q3qLLeWnj7C59Uye6oh5yaxjZ3gBIZ0FpvcdPxSU5fsaVq6yKG0xXxfssWhtLekz4E2/8tixARBxI+6UIvVKMK48cKKRd0S4Vres/oJPk5biXU=&u=U2FsdGVkX198iUuZ/Iv+rG7M2mk6scsaWSOweviaWEs=&y=U2FsdGVkX1+yt022qihOD4Ma9f7gmE6Lg1DSzZaLl/T6P/5LXUghW29F1zi8q7Nn HTTP/1.1" 200 299
186.84.90.74 - - [09/Jan/2024:17:43:56 -0500] "GET /kwssiamovil/sm/acme/s?s=U2FsdGVkX19HXDrfqL4odVcTwH80aCdKU3o6LVhWe7xONqv/fWxE0buaBOqnYgKljs5gv80FPQqI6FHLYM6fQhrruLnm+5W3TtgC060GWRAxtkMTX1IkftMNtWlqLwcveO+clK5vZYgNS73aPomK7jeURPtfv20ajnfK0Iyoi/hOrwSxImJflvDP9lEBdPDlfsM5j24QNe44RbFCInhgb/1QFISVvhWPX4OgXCdk1vnJ0gFm6PubFEwYC5F60wB3qcEDH6NAu9iFvO4XOVatc9b3hR40+mbN3JTL1Qmd4RVFDH5nGpVqx8WE+4j2cSta1SGwV1pVFxwLKy18pm9e7Q6eOCbLUXK8eA7LL8lKS94=&u=U2FsdGVkX198iUuZ/Iv+rG7M2mk6scsaWSOweviaWEs=&y=U2FsdGVkX1+yt022qihOD4Ma9f7gmE6Lg1DSzZaLl/T6P/5LXUghW29F1zi8q7Nn HTTP/1.1" 200 196
186.84.90.74 - - [09/Jan/2024:17:43:56 -0500] "GET /kwssiamovil/sm/cjson/pre?f=1&x=U2FsdGVkX18yR7bVo5dGLgJlm+a/csVZbzebR5x9KtXbK4Em6l4OhSpU1ily8mpu HTTP/1.1" 200 31032
172.22.2.4 - - [09/Jan/2024:17:43:58 -0500] "GET /BLA/boletinlegal/style.css HTTP/1.1" 200 9406
172.22.2.4 - - [09/Jan/2024:17:43:58 -0500] "GET /BLA/boletinlegal/styles2.css HTTP/1.1" 200 1838
172.22.2.4 - - [09/Jan/2024:17:43:58 -0500] "GET /BLA/boletinlegal/js/jquery.js HTTP/1.1" 200 57254
172.22.2.4 - - [09/Jan/2024:17:43:59 -0500] "GET /BLA/boletinlegal/js/jquery.scrollTo-min.js HTTP/1.1" 200 1150
172.22.2.4 - - [09/Jan/2024:17:43:59 -0500] "GET /BLA/boletinlegal/js/jquery.scrollShow.js HTTP/1.1" 200 4586
172.22.2.4 - - [09/Jan/2024:17:43:59 -0500] "GET /BLA/boletinlegal/images/cabezote%20BLEGAL.jpg HTTP/1.1" 200 118164
172.22.2.4 - - [09/Jan/2024:17:43:59 -0500] "GET /BLA/boletinlegal/images/historia.png HTTP/1.1" 200 52775
172.22.2.4 - - [09/Jan/2024:17:43:59 -0500] "GET /BLA/boletinlegal/images/registro-usuarios.png HTTP/1.1" 200 8106
172.22.2.4 - - [09/Jan/2024:17:43:59 -0500] "GET /BLA/boletinlegal/images/arr_l.jpg HTTP/1.1" 200 1979
172.22.2.4 - - [09/Jan/2024:17:43:59 -0500] "GET /BLA/boletinlegal/images/subscribe-icon-big.png HTTP/1.1" 200 47702
172.22.2.4 - - [09/Jan/2024:17:43:59 -0500] "GET /BLA/boletinlegal/images/bg_top.jpg HTTP/1.1" 200 522
172.22.2.4 - - [09/Jan/2024:17:43:59 -0500] "GET /BLA/boletinlegal/images/text.jpg HTTP/1.1" 200 568
172.22.2.4 - - [09/Jan/2024:17:43:59 -0500] "GET /BLA/boletinlegal/images/menu_rght.gif HTTP/1.1" 200 1627
172.22.2.4 - - [09/Jan/2024:17:43:59 -0500] "GET /BLA/boletinlegal/images/body_bg.jpg HTTP/1.1" 200 1601
172.22.2.4 - - [09/Jan/2024:17:43:59 -0500] "GET /BLA/boletinlegal/images/menu_lft.gif HTTP/1.1" 200 1713
172.22.2.4 - - [09/Jan/2024:17:44:00 -0500] "GET /BLA/boletinlegal/images/menu_bg.jpg HTTP/1.1" 200 620
172.22.2.4 - - [09/Jan/2024:17:44:00 -0500] "GET /BLA/boletinlegal/images/hover.jpg HTTP/1.1" 200 640
172.22.2.4 - - [09/Jan/2024:17:44:00 -0500] "GET /BLA/boletinlegal/images/launch.jpg HTTP/1.1" 200 14577
172.22.2.4 - - [09/Jan/2024:17:44:00 -0500] "GET /BLA/boletinlegal/images/screen_1.png HTTP/1.1" 200 202547
47.128.61.201 - - [09/Jan/2024:17:43:32 -0500] "GET /portaldeninos/wp-content/uploads/2022/08/HUmedalConejera03-1.jpg HTTP/1.1" 200 661764
47.128.119.255 - - [09/Jan/2024:17:44:11 -0500] "GET /robots.txt HTTP/1.1" 404 1035
156.59.198.135 - - [09/Jan/2024:17:44:15 -0500] "GET /BLA/resoluciones/AUTOS%202019/3427.pdf HTTP/1.0" 200 765704
199.16.157.183 - - [09/Jan/2024:17:44:29 -0500] "GET /robots.txt HTTP/1.1" 404 1034
199.16.157.183 - - [09/Jan/2024:17:44:29 -0500] "GET /images/pl%C3%A1sticos%20foto%201..jpg HTTP/1.1" 404 1034
199.16.157.182 - - [09/Jan/2024:17:44:29 -0500] "GET /images/pl%C3%A1sticos%20foto%201..jpg HTTP/1.1" 404 1034
156.59.198.135 - - [09/Jan/2024:17:44:39 -0500] "GET /BLA/resoluciones/AUTOS%202019/2445.pdf HTTP/1.0" 200 1571807
172.22.2.4 - - [09/Jan/2024:17:43:58 -0500] "GET /BLA/boletinlegal/ HTTP/1.1" 200 24523
172.22.2.4 - - [09/Jan/2024:17:43:09 -0500] "HEAD /BLA/boletinlegal/ HTTP/1.1" 200 -
156.59.198.136 - - [09/Jan/2024:17:45:03 -0500] "GET /BLA/resoluciones/AUTOS%202019/4541.pdf HTTP/1.0" 200 354865
216.245.221.92 - - [09/Jan/2024:17:45:26 -0500] "HEAD / HTTP/1.1" 200 -
156.59.198.135 - - [09/Jan/2024:17:45:27 -0500] "GET /BLA/resoluciones/AUTOS%202019/2466.pdf HTTP/1.0" 200 502369
172.22.2.4 - - [09/Jan/2024:17:44:00 -0500] "GET /BLA/boletinlegal/ HTTP/1.1" 200 54780
156.59.198.135 - - [09/Jan/2024:17:45:54 -0500] "GET /BLA/resoluciones/AUTOS%202019/2464.pdf HTTP/1.0" 200 974545
168.119.253.11 - - [09/Jan/2024:17:45:55 -0500] "GET / HTTP/1.1" 200 319
168.119.253.11 - - [09/Jan/2024:17:45:56 -0500] "GET / HTTP/1.1" 200 4720
172.22.2.4 - - [09/Jan/2024:17:46:11 -0500] "GET /BLA/boletinlegal/favicon.ico HTTP/1.1" 404 1038
156.59.198.135 - - [09/Jan/2024:17:46:18 -0500] "GET /BLA/resoluciones/AUTOS%202019/3338.pdf HTTP/1.0" 200 682130
181.61.206.148 - - [09/Jan/2024:17:46:36 -0500] "GET /distrito-exalto-a-246-empresas-de-bogota-por-su-alto-desempeno-y-responsabilidad-ambiental-durante-2023.html HTTP/1.1" 200 1039
156.59.198.136 - - [09/Jan/2024:17:46:42 -0500] "GET /BLA/resoluciones/AUTOS%202019/4865.pdf HTTP/1.0" 200 347017
52.167.144.184 - - [09/Jan/2024:17:46:48 -0500] "GET /BLA/resoluciones/AUTOS%202022/2799.pdf HTTP/1.1" 304 -
156.59.198.136 - - [09/Jan/2024:17:47:05 -0500] "GET /BLA/resoluciones/AUTOS%202019/4545.pdf HTTP/1.0" 200 1282002
216.244.66.195 - - [09/Jan/2024:17:47:09 -0500] "GET /BLA/resoluciones/RESOLUCIONES%202019/1031.pdf HTTP/1.1" 200 498861
216.244.66.195 - - [09/Jan/2024:17:47:15 -0500] "GET /BLA/resoluciones/RESOLUCIONES%202019/1889.pdf HTTP/1.1" 200 286770
216.244.66.195 - - [09/Jan/2024:17:47:24 -0500] "GET /BLA/resoluciones/RESOLUCIONES%202019/2194.pdf HTTP/1.1" 200 284094
216.244.66.195 - - [09/Jan/2024:17:47:30 -0500] "GET /BLA/resoluciones/RESOLUCIONES%202019/2352.pdf HTTP/1.1" 200 261395
156.59.198.135 - - [09/Jan/2024:17:47:30 -0500] "GET /BLA/resoluciones/AUTOS%202019/4849.pdf HTTP/1.0" 200 505894
173.252.95.19 - - [09/Jan/2024:17:47:36 -0500] "GET /soratama-en-los-cerros-orientales-un-rincon-ideal-para-los-mamiferos.html HTTP/1.1" 200 804
156.59.198.135 - - [09/Jan/2024:17:47:54 -0500] "GET /BLA/resoluciones/AUTOS%202019/4805.pdf HTTP/1.0" 200 1155201
156.59.198.136 - - [09/Jan/2024:17:48:19 -0500] "GET /BLA/resoluciones/AUTOS%202019/3225.pdf HTTP/1.0" 200 341236
201.245.192.253 - - [09/Jan/2024:17:48:20 -0500] "POST /kwsrmcab/Wsrmcab  HTTP/1.1" 200 36937
156.59.198.136 - - [09/Jan/2024:17:48:45 -0500] "GET /BLA/resoluciones/AUTOS%202019/4382.pdf HTTP/1.0" 200 1815557
156.59.198.135 - - [09/Jan/2024:17:49:12 -0500] "GET /BLA/resoluciones/AUTOS%202019/5250.pdf HTTP/1.0" 200 361708
186.84.90.74 - - [09/Jan/2024:17:49:17 -0500] "GET /kwssiamovil/sm/acme/a?s=U2FsdGVkX1+6sZ4gTWhZCBgTKVDAML8dqlfmbvNHi0nYqbc5607fnTMVbMPHixBjWitCBTu88ZvFVlIyQ+Oz1VmNfqwCa2GsC05tUnUY0gdO9DD2r74raMi5n2lU14d1ZYHUpw+EsaTeYs/7EWWTqq4LsYEZKJKl68c9IiTXnSKQkBKwM19OLqYnkjmqbPdHBio9cKgvIdE9CeC3f5fgjflX7MkWNh2zKuEn2t12vC/PYUxjeED1AK2ffOlfBSeKivsWNkCr1y8cuM+kl+Hwuw==&u=U2FsdGVkX198iUuZ/Iv+rG7M2mk6scsaWSOweviaWEs=&y=U2FsdGVkX1+yt022qihOD4Ma9f7gmE6Lg1DSzZaLl/T6P/5LXUghW29F1zi8q7Nn HTTP/1.1" 200 70
156.59.198.135 - - [09/Jan/2024:17:49:34 -0500] "GET /BLA/resoluciones/AUTOS%202019/4796.pdf HTTP/1.0" 200 636757
156.59.198.136 - - [09/Jan/2024:17:49:58 -0500] "GET /BLA/resoluciones/AUTOS%202019/4608.pdf HTTP/1.0" 200 676874
156.59.198.136 - - [09/Jan/2024:17:50:22 -0500] "GET /BLA/resoluciones/AUTOS%202019/4581.pdf HTTP/1.0" 200 449290
216.245.221.92 - - [09/Jan/2024:17:50:26 -0500] "HEAD / HTTP/1.1" 200 -
172.22.2.4 - - [09/Jan/2024:17:48:59 -0500] "HEAD /BLA/boletinlegal/ HTTP/1.1" 200 -
156.59.198.136 - - [09/Jan/2024:17:50:46 -0500] "GET /BLA/resoluciones/AUTOS%202019/4573.pdf HTTP/1.0" 200 446369
186.84.90.74 - - [09/Jan/2024:17:50:48 -0500] "GET /kwssiamovil/sm/acme/a?s=U2FsdGVkX18rGBH66X1YDHyM9VdI3y697H1zbllBJjBsFqgJAnv0vBKcJcKi2STkIXHeU6E40s+qDzjr8B/cbz0tMcmQuHNoYgL52Q5mfPuysyKPCWil5ySasmxWNgoxP2YHgSijbLvYh9q6B4Mk3bLe2QY1HL5LbSllqwWzmNG5sHztOBuwvQZmoCyyKXnIIswSM0RPjglqUj2mxsYQdVMILRQFzHkFaEHBssh2vx+YYPCXW3eyVjKbVuElVikJe/S0mIHTgZQfCVVS+NVXyQ==&u=U2FsdGVkX198iUuZ/Iv+rG7M2mk6scsaWSOweviaWEs=&y=U2FsdGVkX1+yt022qihOD4Ma9f7gmE6Lg1DSzZaLl/T6P/5LXUghW29F1zi8q7Nn HTTP/1.1" 200 26
186.84.90.74 - - [09/Jan/2024:17:50:49 -0500] "GET /kwssiamovil/sm/acme/a?s=U2FsdGVkX1/Flatq9E1rCSSAaZfkwtuaFBJAkAq+0oWB51ERn+sbPBuYb4spJ35EZRR4Jba33unIIJZ2xL0+MnQOo/rjWvbFyRg+CwcCjUTh5WN2NG6NAuYNv5L9FDT9+4MOriGxwV5p+7ps5cpDWRPsbWcq5MaFJbkfdy8eaCH0FdlBsPsCzLBAOOvRyR3hafweuepR9iTDPXNms4wxC+wI++yecavNB1euW0ZPfWg8XoI9Qv8j9WnAAOglTmVPN37RZxseU6mt85zFt627eMHDrHBqcHVFXZb73xamzifAwA+enrY1UWngsPAZ8v9UMP3kOW3A10razLSw8DE4VFK12ZlSHONls8iHgnzmV+oajFkR5xd8YCOsiuPy5LpDqYexerEi9kPMMUGHX6o3EL41ko+jiyV8pp7tesk0+t8ZFDs8OFjOX+9oYOWhXwxpuOdv/rgfQj6h5F5OrDiXswr6EZzJDHW6yS2x8vipGtoed3cg2jJJPj4eXANX4tWD3OaFjNNnaXqtR1kcBBqGOnR2qAniKsJKs5rhOuFkDbncmpfor5rmKq1jJGOmS9M+RjgX3IfgUFRmEeayzs5wbUoq1Tr+dQWQLvou6IHfcK2LGIPccBCZa3dV1xxusbZPvv8PTn0lz34PlK6EG1kMs9tmYoKe9K1mZG1eH+9X1Q3exfkltdM0n2YW0yvotsPevkHUyB3tCGY+LB/1j42Phtq9065aU4I7VAt+fQY+eBYR7fr/3Mas3UoEpcezwnnR06aDgdX05A5rmHyBBOSeKkWZ2sy0KvjDa+UWbZUnpfBs1N0Y35ExMvNfkiGJZnjFLqgaFD1tcoSWa31vhenB1kK6XR1nFQEntpRF5TJDByQF1YehDHaotG3gWz0JVm8kMq2jq12g/eS5OPbBL5aXfcUdzaysmtMf08SfvY/M8KOIYrHskdOsXINbt1j6eGnn7pR/soi9F0uqIlJJRqghf0BPghyqMsyk8L45skRaL5cDubo9mq2qIjdjzHOyhSSNDPGcIFM0xtv1f46xtQ9JzbxJO5RJ9HE6NUZK0mHGVBgzeOwwH0RS9ehLzxEGpo2SLZuZzT5PRkqnirEsYg4WzkGrP36XBOf0BeJuPV9/YsOJTJr3G7ft8KkEuxUaW01q3qz1lpf7kohIeGUxInibmdPMNAwnToBNYoI7Hb2CLSkWoZFFbTisPC5U3kRJDG0T9oUtyIUb7x4hTDhUQWHnqI1j/XET+H7e6Gfo/I+FC8NYZL8A3oTJdARvsjs4X9U2Ln+Fmf/PhxR9YYurktRpJrevWrfEq6EoGIlyVC9rdHhoEe/Qxc7J/evPXRPqm1zmndQiZx0KTBa9ZzSHp21KfBFGzAjKJx68e3hr/ntWQ47JH01Y4WokXe//ebCMmDOIPbVxppTIbJH4/a0cc0/pNK0WfMz6OJPrdtj7dO2RmpGyH5QJx37PlCBEca0SNC9KvaZSdq1+9QS8Whjn88EbSRZmKSR1a2LvaNAp+v4uYG0urdqZJ6njiNC+WBvkC3WRyMDHRv8w1FW/sZBqWzjBXKZjYZbxUlPGzxeocvd717AvCsJUR8zxn/zW6EUXxIzBJUwvfl9YsgLS+vc+UmqaNInRc6LQk6rywFzYJ418HAb6Ne2U00sdxV/Vvhbb+1k8nm5HhhzwnHeOdE8eXWioAmU/mbi1dgW0UiauJu2r+IEwWw/9GJ7Ze06XqNiJx+4rSLU3e+6jjEeeZMRQN+2gqppj0KPVXkCdL9y7qSB5QqaDiZcvo1gsFqPwPd3+ounPErsiZwd0RE1w5wF948gtClBmLea21KOZLmuQ3ktk06DqGKLuTrdMfXOOtbBloMYwebavlKdlGoCY++A/yEvFc+eOPU0PLeBnVPyioLdO3dWxYSOnDX3fMsMkkvjmtFZUe6G63fGTan9ZeCaMWZ6G32J4hhOOEMwnIXVpBzcf+hbhP/9/uSSblQ5Bn72bsvyDMahTOboqPKlKm5WJBE+hlu227kAijWtMwVw5cV4rZiyEJq6xQWRXiQS4ViVYlpMPsAyltzx307wYh1UyQHkaxNYMG9Qedp2FoJNtRfHJ9KbdX3G6QiddDT6Ypa0Pvxx8DpSvpxRz+ytQLxeuaBGbx475e5A0CE0187MUVsMKfuWl18e20Mmz/6zXn8kF3PvIo+rLkzhI/rRyDLj7YsJDBcjgDH87KMZUTAiVmqWIZ/sLYcuj+PtPWcxOGNn4yCx53XaSKHUPDcbIgNIMFpEwvHwCTKEFkksj4/Bzn61Hcjg+s7LOv1byr2m0pk5dkpQ6+OAVLcZ3Ff3L3bv9DtN3qppucf22aIaH0g9tNDAQ9meBGTwMyZFCohDCIQbCvaewkHiHORVtC3zOKEArT12/HjZ2FwXVyQEONUaDZDiZ2Mzvmr68hpe/FoLA+6uup9qhI+IY28aPpv79pI/he3qMIv9dXJE/eSa4XRDTHhhcOcKw1/r43PC+eGtk2VpsA2PxVg2ggonlop90KiO95Z1vTA==&u=U2FsdGVkX198iUuZ/Iv+rG7M2mk6scsaWSOweviaWEs=&y=U2FsdGVkX1+yt022qihOD4Ma9f7gmE6Lg1DSzZaLl/T6P/5LXUghW29F1zi8q7Nn HTTP/1.1" 200 26
186.84.90.74 - - [09/Jan/2024:17:50:50 -0500] "GET /kwssiamovil/sm/acme/a?s=U2FsdGVkX1+eA+ntcWCJddWHIOQjw1kXfKLqzpFIAs9DWQPQQ6umU15fGNtpCW7/6zz/MxlMfPq5Pjbf36xvHATV2fLmY1EEdspbQ3LlV/0OihOkbwxH+Wt682CN8Tc4LsXw6epQIX8yl99ZrfXPmYFhxA9Ih62qmN+MBXQXTg8=&u=U2FsdGVkX198iUuZ/Iv+rG7M2mk6scsaWSOweviaWEs=&y=U2FsdGVkX1+yt022qihOD4Ma9f7gmE6Lg1DSzZaLl/T6P/5LXUghW29F1zi8q7Nn HTTP/1.1" 200 26
186.84.90.74 - - [09/Jan/2024:17:50:50 -0500] "GET /kwssiamovil/sm/acme/a?s=U2FsdGVkX1+pvmgJxUDUOX0GGsuowP489uyd0CoCmmtYTJqXPns7gFcc0tqjpRXikqoRVi4f8V6z8oLK2bwSuH2tghmHrmYDjnFxIdBuUewjpdLBKKcPdo03R6t89LDKZxrTl2R2mLLs+L6+KtUgQBHQpHE5itpZmFd06u9gj+0=&u=U2FsdGVkX198iUuZ/Iv+rG7M2mk6scsaWSOweviaWEs=&y=U2FsdGVkX1+yt022qihOD4Ma9f7gmE6Lg1DSzZaLl/T6P/5LXUghW29F1zi8q7Nn HTTP/1.1" 200 26
186.84.90.74 - - [09/Jan/2024:17:50:50 -0500] "GET /kwssiamovil/sm/acme/a?s=U2FsdGVkX18b2b1HgQEM61CtOPPXaPEl6Danu17kgoLugodzYOUd0wjnLtSqXbcLiypTFqeKey/DTPgzz6EQRMZ9d6VsR3K39nnHDcO0D1h/q93cgyYNduSpwZm+lo690+wfYiK7xU+JbZO1Y4NW3UDBqKyY1aYXI0Vq/yEs+Sg=&u=U2FsdGVkX198iUuZ/Iv+rG7M2mk6scsaWSOweviaWEs=&y=U2FsdGVkX1+yt022qihOD4Ma9f7gmE6Lg1DSzZaLl/T6P/5LXUghW29F1zi8q7Nn HTTP/1.1" 200 26
186.84.90.74 - - [09/Jan/2024:17:50:50 -0500] "GET /kwssiamovil/sm/acme/a?s=U2FsdGVkX18IwOdODkwxBlBjlhXuir2LHkEH3ZCwDTpIfBifyjOoFO2E2ICMsamq3uD2tBptowL4TPhl9b1I/mJYViXYoWTLNbc1mC2OEDT/4t9c/ymEjApvo88PkdBscbe2UCmVepCFpkDjqgzbNvNeFH5BzNAzjp7yEZ+hpqSQNa47Zibe40ZnkG2UeI2Mns8B9jTkvDt93x3enw5ffg==&u=U2FsdGVkX198iUuZ/Iv+rG7M2mk6scsaWSOweviaWEs=&y=U2FsdGVkX1+yt022qihOD4Ma9f7gmE6Lg1DSzZaLl/T6P/5LXUghW29F1zi8q7Nn HTTP/1.1" 200 26
172.22.2.4 - - [09/Jan/2024:17:51:00 -0500] "GET /BLA/boletinlegal/actos.php HTTP/1.1" 200 9648
191.156.14.161 - - [09/Jan/2024:17:50:56 -0500] "GET /mesa/video.mp4 HTTP/1.1" 200 99530968
191.156.14.161 - - [09/Jan/2024:17:51:00 -0500] "GET /mesa/video.mp4 HTTP/1.1" 206 99530968
191.156.14.161 - - [09/Jan/2024:17:51:01 -0500] "GET /mesa/video.mp4 HTTP/1.1" 206 98875608
172.22.2.4 - - [09/Jan/2024:17:51:03 -0500] "GET /BLA/boletinlegal/consulta_actos.php?tipo=resoluciones&no=2840&usuario=&sector=&fecha=2023&resuelve= HTTP/1.1" 200 1215
181.54.236.238 - - [09/Jan/2024:17:51:06 -0500] "GET /BLA/resoluciones/RESOLUCIONES%202023/2840.pdf HTTP/1.1" 200 2575607
156.59.198.136 - - [09/Jan/2024:17:51:11 -0500] "GET /BLA/resoluciones/AUTOS%202019/4525.pdf HTTP/1.0" 200 332472
172.22.2.4 - - [09/Jan/2024:17:49:50 -0500] "GET /BLA/boletinlegal/ HTTP/1.1" 200 57309
172.22.2.4 - - [09/Jan/2024:17:50:59 -0500] "GET /BLA/boletinlegal/ HTTP/1.1" 200 24523
156.59.198.136 - - [09/Jan/2024:17:51:36 -0500] "GET /BLA/resoluciones/AUTOS%202019/4586.pdf HTTP/1.0" 200 354535
156.59.198.136 - - [09/Jan/2024:17:52:00 -0500] "GET /BLA/resoluciones/AUTOS%202019/3891.pdf HTTP/1.0" 200 352552
156.59.198.135 - - [09/Jan/2024:17:52:24 -0500] "GET /BLA/resoluciones/AUTOS%202019/3435.pdf HTTP/1.0" 200 2326404
172.22.2.4 - - [09/Jan/2024:17:52:34 -0500] "GET /BLA/boletinlegal/actos.php HTTP/1.1" 200 9648
172.22.2.4 - - [09/Jan/2024:17:52:34 -0500] "GET /BLA/boletinlegal/favicon.ico HTTP/1.1" 404 1326
172.22.2.4 - - [09/Jan/2024:17:52:38 -0500] "GET /BLA/boletinlegal/consulta_actos.php?tipo=resoluciones&no=&usuario=&sector=&fecha=2023&resuelve= HTTP/1.1" 200 422362
172.22.2.4 - - [09/Jan/2024:17:52:08 -0500] "GET /BLA/boletinlegal/ HTTP/1.1" 200 24523
156.59.198.135 - - [09/Jan/2024:17:52:48 -0500] "GET /BLA/resoluciones/AUTOS%202019/0658.pdf HTTP/1.0" 200 408017
216.244.66.195 - - [09/Jan/2024:17:53:03 -0500] "GET /BLA/resoluciones/AUTOS%202007/1049.pdf HTTP/1.1" 200 35632
216.244.66.195 - - [09/Jan/2024:17:53:07 -0500] "GET /BLA/resoluciones/AUTOS%202007/1096.pdf HTTP/1.1" 200 27452
216.244.66.195 - - [09/Jan/2024:17:53:12 -0500] "GET /BLA/resoluciones/AUTOS%202007/1275.pdf HTTP/1.1" 200 83975
156.59.198.136 - - [09/Jan/2024:17:53:14 -0500] "GET /BLA/resoluciones/AUTOS%202019/5247.pdf HTTP/1.0" 200 458068
216.244.66.195 - - [09/Jan/2024:17:53:15 -0500] "GET /BLA/resoluciones/AUTOS%202007/1361.pdf HTTP/1.1" 200 27589
216.244.66.195 - - [09/Jan/2024:17:53:18 -0500] "GET /BLA/resoluciones/AUTOS%202007/1373.pdf HTTP/1.1" 200 32903
201.245.192.253 - - [09/Jan/2024:17:53:18 -0500] "POST /kwsrmcab/Wsrmcab  HTTP/1.1" 200 36937
216.244.66.195 - - [09/Jan/2024:17:53:21 -0500] "GET /BLA/resoluciones/AUTOS%202007/1572.pdf HTTP/1.1" 200 28946
216.244.66.195 - - [09/Jan/2024:17:53:24 -0500] "GET /BLA/resoluciones/AUTOS%202007/1814.pdf HTTP/1.1" 200 29452
216.244.66.195 - - [09/Jan/2024:17:53:26 -0500] "GET /BLA/resoluciones/AUTOS%202009/0766.pdf HTTP/1.1" 200 175472
216.244.66.195 - - [09/Jan/2024:17:53:28 -0500] "GET /BLA/resoluciones/AUTOS%202009/1360.pdf HTTP/1.1" 200 139506
216.244.66.195 - - [09/Jan/2024:17:53:30 -0500] "GET /BLA/resoluciones/AUTOS%202009/1398.pdf HTTP/1.1" 200 116226
216.244.66.195 - - [09/Jan/2024:17:53:33 -0500] "GET /BLA/resoluciones/AUTOS%202009/1667.pdf HTTP/1.1" 200 163925
216.244.66.195 - - [09/Jan/2024:17:53:39 -0500] "GET /BLA/resoluciones/AUTOS%202009/1779.pdf HTTP/1.1" 200 97386
156.59.198.136 - - [09/Jan/2024:17:53:39 -0500] "GET /BLA/resoluciones/AUTOS%202019/0639.pdf HTTP/1.0" 200 4480369
216.244.66.195 - - [09/Jan/2024:17:53:43 -0500] "GET /BLA/resoluciones/AUTOS%202009/1844.pdf HTTP/1.1" 200 100855
216.244.66.195 - - [09/Jan/2024:17:53:47 -0500] "GET /BLA/resoluciones/AUTOS%202009/1917.pdf HTTP/1.1" 200 352485
156.59.198.135 - - [09/Jan/2024:17:54:03 -0500] "GET /BLA/resoluciones/AUTOS%202019/2279.pdf HTTP/1.0" 200 332708
216.244.66.195 - - [09/Jan/2024:17:54:18 -0500] "GET /BLA/resoluciones/AUTOS%202009/2225.pdf HTTP/1.1" 200 125160
156.59.198.135 - - [09/Jan/2024:17:54:27 -0500] "GET /BLA/resoluciones/AUTOS%202019/4461.pdf HTTP/1.0" 200 1660352
216.244.66.195 - - [09/Jan/2024:17:54:44 -0500] "GET /BLA/resoluciones/AUTOS%202009/2284.pdf HTTP/1.1" 200 104832
156.59.198.135 - - [09/Jan/2024:17:54:53 -0500] "GET /BLA/resoluciones/AUTOS%202019/2449.pdf HTTP/1.0" 200 490851
216.244.66.195 - - [09/Jan/2024:17:55:08 -0500] "GET /BLA/resoluciones/AUTOS%202009/2635.pdf HTTP/1.1" 200 98599
156.59.198.135 - - [09/Jan/2024:17:55:17 -0500] "GET /BLA/resoluciones/AUTOS%202019/3753.pdf HTTP/1.0" 200 342504
216.245.221.92 - - [09/Jan/2024:17:55:26 -0500] "HEAD / HTTP/1.1" 200 -
216.244.66.195 - - [09/Jan/2024:17:55:30 -0500] "GET /BLA/resoluciones/AUTOS%202009/2792.pdf HTTP/1.1" 200 73450
156.59.198.135 - - [09/Jan/2024:17:55:41 -0500] "GET /BLA/resoluciones/AUTOS%202019/3401.pdf HTTP/1.0" 200 1892401
162.55.171.94 - - [09/Jan/2024:17:55:42 -0500] "GET / HTTP/1.1" 200 4720
162.55.171.94 - - [09/Jan/2024:17:55:44 -0500] "GET / HTTP/1.1" 200 319
138.68.64.205 - - [09/Jan/2024:17:55:35 -0500] "POST /boaform/admin/formLogin HTTP/1.1" 404 1186
216.244.66.195 - - [09/Jan/2024:17:55:53 -0500] "GET /BLA/resoluciones/AUTOS%202009/2865.pdf HTTP/1.1" 200 118079
156.59.198.136 - - [09/Jan/2024:17:56:05 -0500] "GET /BLA/resoluciones/AUTOS%202019/0736.pdf HTTP/1.0" 200 379763
172.226.172.1 - - [09/Jan/2024:17:56:07 -0500] "GET /BLA/resoluciones/RESOLUCIONES%202023/2840.pdf HTTP/1.1" 200 2575607
172.226.172.1 - - [09/Jan/2024:17:56:07 -0500] "GET /BLA/resoluciones/RESOLUCIONES%202023/2840.pdf HTTP/1.1" 206 16384
172.226.172.1 - - [09/Jan/2024:17:56:12 -0500] "GET /favicon.ico HTTP/1.1" 200 7782
216.244.66.195 - - [09/Jan/2024:17:56:14 -0500] "GET /BLA/resoluciones/AUTOS%202009/2868.pdf HTTP/1.1" 200 129051
156.59.198.136 - - [09/Jan/2024:17:56:29 -0500] "GET /BLA/resoluciones/AUTOS%202019/4894.pdf HTTP/1.0" 200 590433
172.22.2.4 - - [09/Jan/2024:17:54:49 -0500] "HEAD /BLA/boletinlegal/ HTTP/1.1" 200 -
216.244.66.195 - - [09/Jan/2024:17:56:33 -0500] "GET /BLA/resoluciones/AUTOS%202011/0026.pdf HTTP/1.1" 200 134077
156.59.198.136 - - [09/Jan/2024:17:56:53 -0500] "GET /BLA/resoluciones/AUTOS%202019/4924.pdf HTTP/1.0" 200 406449
216.244.66.195 - - [09/Jan/2024:17:56:53 -0500] "GET /BLA/resoluciones/AUTOS%202011/0105.pdf HTTP/1.1" 200 182021
216.244.66.195 - - [09/Jan/2024:17:57:11 -0500] "GET /BLA/resoluciones/AUTOS%202011/0153.pdf HTTP/1.1" 200 178087
156.59.198.135 - - [09/Jan/2024:17:57:17 -0500] "GET /BLA/resoluciones/AUTOS%202019/0738.pdf HTTP/1.0" 200 2422916
172.22.2.4 - - [09/Jan/2024:17:55:40 -0500] "GET /BLA/boletinlegal/ HTTP/1.1" 200 60910
216.244.66.195 - - [09/Jan/2024:17:57:30 -0500] "GET /BLA/resoluciones/AUTOS%202011/0905.pdf HTTP/1.1" 200 148855
156.59.198.135 - - [09/Jan/2024:17:57:42 -0500] "GET /BLA/resoluciones/AUTOS%202019/4575.pdf HTTP/1.0" 200 596607
216.244.66.195 - - [09/Jan/2024:17:57:45 -0500] "GET /BLA/resoluciones/AUTOS%202011/0952.pdf HTTP/1.1" 200 155387
216.244.66.195 - - [09/Jan/2024:17:58:00 -0500] "GET /BLA/resoluciones/AUTOS%202011/0984.pdf HTTP/1.1" 200 349601
156.59.198.136 - - [09/Jan/2024:17:58:06 -0500] "GET /BLA/resoluciones/AUTOS%202019/2478.pdf HTTP/1.0" 200 450421
216.244.66.195 - - [09/Jan/2024:17:58:20 -0500] "GET /BLA/resoluciones/AUTOS%202011/1523.pdf HTTP/1.1" 200 141620
201.245.192.253 - - [09/Jan/2024:17:58:17 -0500] "POST /kwsrmcab/Wsrmcab  HTTP/1.1" 200 36937
156.59.198.135 - - [09/Jan/2024:17:58:30 -0500] "GET /BLA/resoluciones/AUTOS%202019/0467.pdf HTTP/1.0" 200 346708
216.244.66.195 - - [09/Jan/2024:17:58:36 -0500] "GET /BLA/resoluciones/AUTOS%202011/2670.pdf HTTP/1.1" 200 146703
216.244.66.195 - - [09/Jan/2024:17:58:49 -0500] "GET /BLA/resoluciones/AUTOS%202011/3009.pdf HTTP/1.1" 200 110462
156.59.198.135 - - [09/Jan/2024:17:58:55 -0500] "GET /BLA/resoluciones/AUTOS%202019/3410.pdf HTTP/1.0" 200 945284
216.244.66.195 - - [09/Jan/2024:17:59:02 -0500] "GET /BLA/resoluciones/AUTOS%202011/3072.pdf HTTP/1.1" 200 310355
216.244.66.195 - - [09/Jan/2024:17:59:14 -0500] "GET /BLA/resoluciones/AUTOS%202011/3163.pdf HTTP/1.1" 200 265739
156.59.198.135 - - [09/Jan/2024:17:59:19 -0500] "GET /BLA/resoluciones/AUTOS%202019/1635.pdf HTTP/1.0" 200 515760
216.244.66.195 - - [09/Jan/2024:17:59:26 -0500] "GET /BLA/resoluciones/AUTOS%202011/3275.pdf HTTP/1.1" 200 216155
216.244.66.195 - - [09/Jan/2024:17:59:36 -0500] "GET /BLA/resoluciones/AUTOS%202011/3324.pdf HTTP/1.1" 200 212207
156.59.198.135 - - [09/Jan/2024:17:59:43 -0500] "GET /BLA/resoluciones/AUTOS%202019/0728.pdf HTTP/1.0" 200 3685744
216.244.66.195 - - [09/Jan/2024:17:59:45 -0500] "GET /BLA/resoluciones/AUTOS%202012/0493.pdf HTTP/1.1" 200 347044
216.244.66.195 - - [09/Jan/2024:17:59:53 -0500] "GET /BLA/resoluciones/AUTOS%202012/0556.pdf HTTP/1.1" 200 230764
216.244.66.195 - - [09/Jan/2024:18:00:00 -0500] "GET /BLA/resoluciones/AUTOS%202012/0663.pdf HTTP/1.1" 200 454018
156.59.198.135 - - [09/Jan/2024:18:00:08 -0500] "GET /BLA/resoluciones/AUTOS%202019/1975.pdf HTTP/1.0" 200 339396
216.244.66.195 - - [09/Jan/2024:18:00:17 -0500] "GET /BLA/resoluciones/AUTOS%202012/0825.pdf HTTP/1.1" 200 204079
216.245.221.92 - - [09/Jan/2024:18:00:26 -0500] "HEAD / HTTP/1.1" 200 -
216.244.66.195 - - [09/Jan/2024:18:00:32 -0500] "GET /BLA/resoluciones/AUTOS%202012/0827.pdf HTTP/1.1" 200 666572
156.59.198.135 - - [09/Jan/2024:18:00:33 -0500] "GET /BLA/resoluciones/AUTOS%202019/1414.pdf HTTP/1.0" 200 567265
156.59.198.136 - - [09/Jan/2024:18:00:57 -0500] "GET /BLA/resoluciones/AUTOS%202019/0729.pdf HTTP/1.0" 200 538674
216.244.66.195 - - [09/Jan/2024:18:01:04 -0500] "GET /BLA/resoluciones/AUTOS%202012/1175.pdf HTTP/1.1" 200 152310
156.59.198.136 - - [09/Jan/2024:18:01:24 -0500] "GET /BLA/resoluciones/AUTOS%202019/0764.PDF HTTP/1.0" 200 6073198
216.244.66.195 - - [09/Jan/2024:18:01:29 -0500] "GET /BLA/resoluciones/AUTOS%202012/1307.pdf HTTP/1.1" 200 221267
167.0.133.138 - - [09/Jan/2024:18:01:32 -0500] "GET /sipse/faces/index.xhtml HTTP/1.1" 200 677
167.0.133.138 - - [09/Jan/2024:18:01:33 -0500] "GET /sipse/faces/javax.faces.resource/theme.css?ln=primefaces-sipse HTTP/1.1" 200 50058
167.0.133.138 - - [09/Jan/2024:18:01:33 -0500] "GET /favicon.ico HTTP/1.1" 200 7782
167.0.133.138 - - [09/Jan/2024:18:01:46 -0500] "GET /sipse/faces/index.xhtml HTTP/1.1" 200 677
167.0.133.138 - - [09/Jan/2024:18:01:47 -0500] "GET /sipse/faces/javax.faces.resource/theme.css?ln=primefaces-sipse HTTP/1.1" 304 -
167.0.133.138 - - [09/Jan/2024:18:01:47 -0500] "GET /sipse/faces/faces/autenticacion.xhtml HTTP/1.1" 200 12401
167.0.133.138 - - [09/Jan/2024:18:01:47 -0500] "GET /sipse/js/disable_browser_buttons.js HTTP/1.1" 200 3230
167.0.133.138 - - [09/Jan/2024:18:01:47 -0500] "GET /sipse/js/funciones.js HTTP/1.1" 200 12592
167.0.133.138 - - [09/Jan/2024:18:01:47 -0500] "GET /sipse/css/custom_css_sg.css HTTP/1.1" 200 9694
167.0.133.138 - - [09/Jan/2024:18:01:47 -0500] "GET /sipse/css/custom_css_sg_prime_login.css HTTP/1.1" 200 443
167.0.133.138 - - [09/Jan/2024:18:01:47 -0500] "GET /sipse/faces/javax.faces.resource/theme.css?ln=primefaces-sipse HTTP/1.1" 304 -
167.0.133.138 - - [09/Jan/2024:18:01:47 -0500] "GET /sipse/faces/javax.faces.resource/layout/layout.css?ln=primefaces&v=4.0 HTTP/1.1" 200 542
156.59.198.135 - - [09/Jan/2024:18:01:47 -0500] "GET /BLA/resoluciones/AUTOS%202019/1620.pdf HTTP/1.0" 200 341516
167.0.133.138 - - [09/Jan/2024:18:01:47 -0500] "GET /sipse/faces/javax.faces.resource/jquery/jquery.js?ln=primefaces&v=4.0 HTTP/1.1" 200 105384
167.0.133.138 - - [09/Jan/2024:18:01:47 -0500] "GET /sipse/faces/javax.faces.resource/primefaces.css?ln=primefaces&v=4.0 HTTP/1.1" 200 53295
167.0.133.138 - - [09/Jan/2024:18:01:47 -0500] "GET /sipse/faces/javax.faces.resource/layout/layout.js?ln=primefaces&v=4.0 HTTP/1.1" 200 87560
167.0.133.138 - - [09/Jan/2024:18:01:47 -0500] "GET /sipse/faces/javax.faces.resource/primefaces.js?ln=primefaces&v=4.0 HTTP/1.1" 200 276924
167.0.133.138 - - [09/Jan/2024:18:01:47 -0500] "GET /sipse/faces/javax.faces.resource/jquery/jquery-plugins.js?ln=primefaces&v=4.0 HTTP/1.1" 200 220526
167.0.133.138 - - [09/Jan/2024:18:01:48 -0500] "GET /sipse/faces/javax.faces.resource/images/ui-icons_898989_256x240.png?ln=primefaces-aristo HTTP/1.1" 200 5355
167.0.133.138 - - [09/Jan/2024:18:01:48 -0500] "GET /sipse/css/imagen/logoSDG.png HTTP/1.1" 200 53064
167.0.133.138 - - [09/Jan/2024:18:01:48 -0500] "GET /sipse/css/imagen/loginimg.png HTTP/1.1" 200 71635
216.244.66.195 - - [09/Jan/2024:18:01:53 -0500] "GET /BLA/resoluciones/AUTOS%202012/1411.pdf HTTP/1.1" 200 250233
167.0.133.138 - - [09/Jan/2024:18:02:07 -0500] "GET /appsia/controlador HTTP/1.1" 200 4799
167.0.133.138 - - [09/Jan/2024:18:02:07 -0500] "GET /appsia/css/estilos.css HTTP/1.1" 200 4804
167.0.133.138 - - [09/Jan/2024:18:02:07 -0500] "GET /appsia/scripts/validarIngreso.js HTTP/1.1" 200 851
167.0.133.138 - - [09/Jan/2024:18:02:07 -0500] "GET /appsia/images/logo_bogota_p.png HTTP/1.1" 200 14951
167.0.133.138 - - [09/Jan/2024:18:02:07 -0500] "GET /appsia/images/cabezoteHojaVida.png HTTP/1.1" 200 32493
156.59.198.136 - - [09/Jan/2024:18:02:13 -0500] "GET /BLA/resoluciones/AUTOS%202019/4488.pdf HTTP/1.0" 200 345798
167.0.133.138 - - [09/Jan/2024:18:02:19 -0500] "POST /appsia/controlador HTTP/1.1" 200 5437
172.22.2.4 - - [09/Jan/2024:18:00:39 -0500] "HEAD /BLA/boletinlegal/ HTTP/1.1" 200 -
167.0.133.138 - - [09/Jan/2024:18:02:25 -0500] "POST /appsia/controlador HTTP/1.1" 200 7730
167.0.133.138 - - [09/Jan/2024:18:02:25 -0500] "GET /appsia/images/logo_escudo.png HTTP/1.1" 200 36965
216.244.66.195 - - [09/Jan/2024:18:02:30 -0500] "GET /BLA/resoluciones/AUTOS%202012/1727.pdf HTTP/1.1" 200 1975846
156.59.198.135 - - [09/Jan/2024:18:02:37 -0500] "GET /BLA/resoluciones/AUTOS%202019/2913.pdf HTTP/1.0" 200 342790
156.59.198.135 - - [09/Jan/2024:18:03:01 -0500] "GET /BLA/resoluciones/AUTOS%202019/4224.pdf HTTP/1.0" 200 329965
172.22.2.4 - - [09/Jan/2024:18:01:30 -0500] "GET /BLA/boletinlegal/ HTTP/1.1" 200 60046
201.245.192.253 - - [09/Jan/2024:18:03:16 -0500] "POST /kwsrmcab/Wsrmcab  HTTP/1.1" 200 36937
216.244.66.195 - - [09/Jan/2024:18:03:19 -0500] "GET /BLA/resoluciones/AUTOS%202012/1771.pdf HTTP/1.1" 200 297502
156.59.198.135 - - [09/Jan/2024:18:03:25 -0500] "GET /BLA/resoluciones/AUTOS%202019/1241.pdf HTTP/1.0" 200 1586413
216.244.66.195 - - [09/Jan/2024:18:03:49 -0500] "GET /BLA/resoluciones/AUTOS%202012/1785.pdf HTTP/1.1" 200 274651
156.59.198.136 - - [09/Jan/2024:18:03:51 -0500] "GET /BLA/resoluciones/AUTOS%202019/3452.pdf HTTP/1.0" 200 489139
114.119.150.127 - - [09/Jan/2024:18:03:55 -0500] "GET /BLA/resoluciones/index.php?dir=Notificaciones/REGISTROS%2B2016/&sort=size&order=asc HTTP/1.1" 200 13956
156.59.198.135 - - [09/Jan/2024:18:04:15 -0500] "GET /BLA/resoluciones/AUTOS%202019/2594.pdf HTTP/1.0" 200 346238
216.244.66.195 - - [09/Jan/2024:18:04:19 -0500] "GET /BLA/resoluciones/AUTOS%202012/1829.pdf HTTP/1.1" 200 302384
156.59.198.136 - - [09/Jan/2024:18:04:38 -0500] "GET /BLA/resoluciones/AUTOS%202019/1422.pdf HTTP/1.0" 200 9668798
216.244.66.195 - - [09/Jan/2024:18:04:51 -0500] "GET /BLA/resoluciones/AUTOS%202012/1853.pdf HTTP/1.1" 200 301167
156.59.198.136 - - [09/Jan/2024:18:05:03 -0500] "GET /BLA/resoluciones/AUTOS%202019/3449.pdf HTTP/1.0" 200 344164
167.0.133.138 - - [09/Jan/2024:18:05:16 -0500] "POST /appsia/controlador HTTP/1.1" 200 5437
216.244.66.195 - - [09/Jan/2024:18:05:18 -0500] "GET /BLA/resoluciones/AUTOS%202012/2180.pdf HTTP/1.1" 200 2025682
216.245.221.92 - - [09/Jan/2024:18:05:26 -0500] "HEAD / HTTP/1.1" 200 -
186.30.155.161 - - [09/Jan/2024:18:05:29 -0500] "OPTIONS /kwssiamovil/sm/setfile/f? HTTP/1.1" 200 13
156.59.198.136 - - [09/Jan/2024:18:05:29 -0500] "GET /BLA/resoluciones/AUTOS%202019/4801.pdf HTTP/1.0" 200 648377
198.235.24.43 - - [09/Jan/2024:18:05:31 -0500] "GET / HTTP/1.1" 200 4720
186.30.155.161 - - [09/Jan/2024:18:05:29 -0500] "POST /kwssiamovil/sm/setfile/f? HTTP/1.1" 200 381
186.30.155.161 - - [09/Jan/2024:18:05:34 -0500] "OPTIONS /kwssiamovil/sm/setfile/f? HTTP/1.1" 200 13
186.30.155.161 - - [09/Jan/2024:18:05:34 -0500] "POST /kwssiamovil/sm/setfile/f? HTTP/1.1" 200 381
66.249.68.36 - - [09/Jan/2024:18:05:44 -0500] "GET /BLA/resoluciones/RESOLUCIONES%202007/RES%202007%202301%20AL%202400/RESOLUCION%202370%20DE%202007.pdf HTTP/1.1" 200 171423
186.30.155.161 - - [09/Jan/2024:18:05:46 -0500] "GET /kwssiamovil/sm/acme/a?s=U2FsdGVkX18eeCBQfIUNTFYHgbe9U616Br0vsd51VIgrpDaaWqEaeCHnUnU4EybPsgA+XHl6ht9HKHOCLzCn110f8Vbu+j+SQXYThbmlAwZ+zI+jLBiH1T8b8sfhFU4OMwyO9Yq+q1I6tkEfEJmYXVGr0Xi7oX69BirUSHlRkebm4j1l267gPM0eiGoA6Py7lfKB6qLLV+hPkWeRDZ+MrhJ3bGhH0T4nCCmtAqDH4K9lBecguSXaSDoQ1lwOkQNKqPupgUE4kty1iEaSLWPbig==&u=U2FsdGVkX1/b4thSA10X42Dnyr+o3HD2D+LP1Pr50VE/ANENdmgeBM0m1NJvuG5J&y=U2FsdGVkX1+hYNhJ8sFAqEU7X2mXd+tQyJXTd3Suv/4Hsz3z7HVs6/j3wjvvYJdP HTTP/1.1" 200 26
216.244.66.195 - - [09/Jan/2024:18:05:46 -0500] "GET /BLA/resoluciones/AUTOS%202012/2296.pdf HTTP/1.1" 200 367286
186.30.155.161 - - [09/Jan/2024:18:05:46 -0500] "GET /kwssiamovil/sm/acme/a?s=U2FsdGVkX18VIV9iSoxPfvz4BJjW0LiQj97CCGQqhAH4uomk6BJ+TLAzr6hNnoW5W5LzfUMQA4P+sMifpi5ELShazqAoHMS7XmokZGk8v9h5K9EC2HTULZxcVIW/swbIXSo+XFGeqFaEPJyKqIjlunAh71cDYQhs5t+3Ln8GIZo9d4483l6M4wifmK1GlVNMPj0vkkf8UkMTTE57NV9V8psIRWWPM4QJSNVJKpf2CBhJw1sh8saY6mlHqMxN6UMdQRQQVeh6NY544x1JH/mnmPRZXVEVJExVVH0SxNNhM0GVTnBYmoQGk7lQdIfsC24b0UcDmwVBpxRrC2JmEbejlKWxr/LF2FHuT3clwRFFSOpxP6+yDxcyfiXOHrAe9Ud58VgInJZvCuUX1B5kr402EMD1lM4c1BHcL7wlROmTGets0FjwQ4NeMSTt7DD6DVjfNKFvYyQyBnsH6G54zIzhBw4vHWMAxvwLqFXJe/wsBjwpRX+BQ4IyYXWSAYjIb7ub6NFWcQvibBSHEfrgC1UhT8TBOrE14kbmAKlKqsbpVSltQzW9YF6zOquNWZ/r+Swmtln9F1VFZ6TQJV9DH1HDUGKajiNwn+WYhyJNsKrAho6fMc4yL9Ndz0VVwNR+2ne93pW2AB0k+C3u9FggK0QDRZRoeUvZWURFHCL7EKrjiGewedbY6AdqAKnIF2eVT+klE1SJx7a1W8Ct8jzlD5LoU6KEo6Hatwx2qxWVqySpj8wcM/kI8ACtbHc7dmejH0Lwp21qo6PsUOn/U9GI+8QT35nL1Chakah7zzHzxlTELfsqg2M0TQVwPPk5gz/fCCXdkiNLue8e0RGNl5wS6c6c3E5Xe/d1ErV4+TJAl13FiLw7zlXOXvMJzDlqWQBi4A2/Tn1aeAhhxbr4X1Zk7tq42KLVZH0dtJgNIfXxgUPF3XtnhtYACyS0QllyS+ylqWpRh6HV0JHET1DMNpK6rBXuBmSeuTeSZI9HmiXN2/saI4Yb1FTwihdJoQtRROEqWPA3gpkYFjoCPoMLLQrX6oiT8fBWzB3HeYMByxS8t3eUlZFSNXltiC4NlDQKPyMitmSRxjrCLNSitxpAesYPjx8Q0FGPSMpULg6/Cs5xz9UB21LGqrHSJtbYVBgz5pPXjfu9P4LO3J1do2avSfZwwIBuBOrgZY0kQG458bFwklV9AlVoZeCv9CMz3C+ORkiiOtHqf48jwJVJxD4o4kJg90uoNEwvQbXLuu/jnH8kKIaOxba+xCJMkoVbPdtu/wUvVm+J7vrR7Og0FHzdBjSaVRdC01WxQR5bGAk6b0Lnf+XfT+rUMu31oE7i9bbQ6uaMm7h5vjnLyvO2r1UJ/iBU7s0hwnnvXuZJqQs5IKEuVXQVwYGsGLNsdJqN9MFtSEi6zC96r88TTYwFKXM1gnxdHdeCTDWhIpgMcr1adBpjq+R12G5dlQ3dPkuywghbhDCmfCXH7ZSHROeeQa/eGq/6iHQTi6p0hOzMcfjVBk8xTH/YTfYyT11SKEa6Cqq2KIBH7o1N+e891tyR6z8JxbFnVi0eCn53/6JZpMym9DXT5PYMFMTQiLuAsVEonYyCKQuJBTm67d5urV1n8RGtenBJH1Bgbg2xX3qyB0bbMyflfPIcHiXCkYAzcbfr+c+w9eAHU3vHpN/HCXd7QPd/sobCLxaOx6GGq0lFNfUKbanP33NzPYpd1Ykb5uvxL95Za7Mu4PH0bPcxhiP3Tk3UlnIizMQfWRHRnBGf+8wqrdqFZ23altnowmCFDeopqkQ1aY8v062R6gE6FmavlwKOymHdymolmEFXaY7Zs2VxcCTZCE1Az6UaDDTf50XlMCJU4RV+UFhRKgRAih0EFK3rpk4LvymM/2b8o4aVjxS/4ZmKLXjVuE29HYLbZup80OTCWT5cCcFX7KUeufC6jZUkWX84HqCa+m+Qs1ipySYdOMmZZ0nGfKAknhau4UjabI+MpfjxeCwwAcqfHxdNuKibslEIAvtBNO2ZACmhj8GndXjYeP68bFOVWuEAYhMVQzLv67ENk5NOW+j3R9dAmcyYYPAaNe8zUGb4rR/6kOITB63Xev6FhnUMxGRJNGineYTlkT9vLDSIEXqgrtZhDHZxP1R11jsuKGcDuF2oHJxXHkuw4owl21eyu7LoQzdTzarxr60flBrX5SqZPHfYhbBYJWHJx5meSPCWiLR+1aL6Nigxg+132a1O9xmpEDhSp0pTjvvrdTSlH+cDaFXByYIaz4PCYP9rrb6c427h0hSBsHnFwsiRycGECljuFqKh+/xK6lv3dNASfSdjNn+nw+r4Cb+IVARDmObfwpSWdkv5j3PSceJrIU46Iyx6bxjU0tp/163v130qcVyYWvqLC+75FK+9iVlZZSFaMJ4rhQuuQqCMKBSygc3Uems5idVE8R60yjZ/aW/QBHo7SbRrhDMIaivy8fRrLLGPt3IYyFJPaYL51Y2TYsPbdCY/lPRuY7n5c1LDmiTSWMgtrNJ8CKuSFz6Cuk1C2LX91uDQn2kV00f6tkvvXsHHdM7oRCkxaUJuJq0IZSsHfTxGp/kVssqDQ0b1+Sqma6nKUZc75EpH2iNH243YjwJqzh9HNB/Et8XOPmeKrF4cq5Uz0G1pT5FAg6p0jrR0OrK5TK2KO1DwHOjqy5PfUtBLRrX6VDyPT5kzX5UqZp6zPzVH39SFrDZBPot2I1t2MKgLcOG7M1zw20dfIYlzwFm6GqyQ/D/c5vUibD2rAcTEHo6en2gyFTin/Bx/ZtJTzxadsdd71jlDJqZkLFmLOYzPer8mcfx55pw9mi7Z+ORvPmPoxqzsaZwucgNaGN88Em6fkzgS7sd/OeK5ZwQMgTup2wVqMqHKFDL6RuKyZu8mveMwE1Dr0Bd4HCf29hfWReWU/kw7QvmyWGbgcF459PHnwYrRJj8WeVs2sLAF9xqT7oDnNnV5YmGBXbMdpf5LLHOLXohTQEQWRBuqbm+ny03mnXgnet6GlJZLiuaBTdE3QpG8IfskUCyOOJaETXPNQm104MUZdRu+mWXnbf054Xnn6TmU7kEpDfAu797B8o3vvz93hQSpDrqM25IhviKNnUgSWQnI8cAN9zk7kDKt1eLppawjw8Zp+3kJ/tNyJux7VDGU5ACvDy9gyBQQwYdS5080C1+oR0pNXV2ZpzzT+RFFoN4bWtN2/rF8qKcgxplXORtfeyeT3Yzh26Dtcy7JbdKJAfPK6q3mGL9MzwWnQrV1FJjl/01VInGxUcz7NSng&u=U2FsdGVkX1/b4thSA10X42Dnyr+o3HD2D+LP1Pr50VE/ANENdmgeBM0m1NJvuG5J&y=U2FsdGVkX1+hYNhJ8sFAqEU7X2mXd+tQyJXTd3Suv/4Hsz3z7HVs6/j3wjvvYJdP HTTP/1.1" 200 26
186.30.155.161 - - [09/Jan/2024:18:05:46 -0500] "GET /kwssiamovil/sm/acme/a?s=U2FsdGVkX1/eVlk2V48/IdPL8BxUcDpHh/AreY3USZqdv+7dqkNuwU/6B+RklnqsMP9bIHIiXIEaqtxq70/MW1+dwcniolx7BlC1+YFPmMB/9g2fXFOgoem8JL8LfyshGQpuBUBIo1aDSqghxi7Q4/AaBwcE/BVLFMqHT+yfs9E=&u=U2FsdGVkX1/b4thSA10X42Dnyr+o3HD2D+LP1Pr50VE/ANENdmgeBM0m1NJvuG5J&y=U2FsdGVkX1+hYNhJ8sFAqEU7X2mXd+tQyJXTd3Suv/4Hsz3z7HVs6/j3wjvvYJdP HTTP/1.1" 200 26
186.30.155.161 - - [09/Jan/2024:18:05:47 -0500] "GET /kwssiamovil/sm/acme/a?s=U2FsdGVkX1/S6cWY58qrVoxidBmiUp2MqUjdpDki3sCjIWZCSyUDN7WMWQLFBp5aXhxxyZf2cIlIl0OCZhPHI6+CqnrZWlY7xeHL5hlIw/0ZqnH15d8GnBoH5NX83A5zU4b+LSqihpxvcR94UY/OZ5gch6u+03udHItn7/UskHI=&u=U2FsdGVkX1/b4thSA10X42Dnyr+o3HD2D+LP1Pr50VE/ANENdmgeBM0m1NJvuG5J&y=U2FsdGVkX1+hYNhJ8sFAqEU7X2mXd+tQyJXTd3Suv/4Hsz3z7HVs6/j3wjvvYJdP HTTP/1.1" 200 26
186.30.155.161 - - [09/Jan/2024:18:05:47 -0500] "GET /kwssiamovil/sm/acme/a?s=U2FsdGVkX1/xZHU6nwN7D6XdXjvSl/dQAfEwZU22rJas71JLbjBaz0mp5GZhCM5w7PcRE4O6On6KlOuCIYd4prGBQXsBGP7e+mZ7q2cXmkAzHdyVDF3bc3kSV5Qp3l00gqdf6JQGhBpJMbTv9nv1oTDjOvDcyw+1ZbgWB82sXlQ=&u=U2FsdGVkX1/b4thSA10X42Dnyr+o3HD2D+LP1Pr50VE/ANENdmgeBM0m1NJvuG5J&y=U2FsdGVkX1+hYNhJ8sFAqEU7X2mXd+tQyJXTd3Suv/4Hsz3z7HVs6/j3wjvvYJdP HTTP/1.1" 200 26
186.30.155.161 - - [09/Jan/2024:18:05:47 -0500] "GET /kwssiamovil/sm/acme/a?s=U2FsdGVkX19kx2C5UtO2oGkNP+RzAti5GbAzYYRzYCzwmKw19mbZjuSpJm14Cnwsy6Li6EAR9QQAz9rG7wK+gA/DrOLR+gG9OFO11BnSy6AlCdZSBYBO5Z7Cs7nzUQT+LPh7Bo+ZjMNuf9PIom1ORgBnT9JXDG4pq96M2QxMOPhOtrksT5WK7uKm+PzVxmr/aE0SDjNJVvYqvmR5Tw+I3A==&u=U2FsdGVkX1/b4thSA10X42Dnyr+o3HD2D+LP1Pr50VE/ANENdmgeBM0m1NJvuG5J&y=U2FsdGVkX1+hYNhJ8sFAqEU7X2mXd+tQyJXTd3Suv/4Hsz3z7HVs6/j3wjvvYJdP HTTP/1.1" 200 26
186.30.155.161 - - [09/Jan/2024:18:05:47 -0500] "GET /kwssiamovil/sm/acme/a?s=U2FsdGVkX1/X+B7pn1xkpaW+21JNlawN7NkmWOJqt6vqoFXQ70rCjjI0qfaZwEl686f5GRibVPbPLRT6FA2xbB+tUWeGEsGxnef3oHowmD6gPwxE7bOh5Q7H6Gzlq1E+R3VH6rpLSboF6npfogkMql9x/d+C0t90rW+/tuYem7R+zCe1gPRJWDNI9JEktbKWl4TPJpJ+v+13GfsZol+rRg==&u=U2FsdGVkX1/b4thSA10X42Dnyr+o3HD2D+LP1Pr50VE/ANENdmgeBM0m1NJvuG5J&y=U2FsdGVkX1+hYNhJ8sFAqEU7X2mXd+tQyJXTd3Suv/4Hsz3z7HVs6/j3wjvvYJdP HTTP/1.1" 200 26
186.30.155.161 - - [09/Jan/2024:18:05:48 -0500] "GET /kwssiamovil/sm/acme/a?s=U2FsdGVkX19b+1r7S5oD4PXj4EG0HfAyufly1plUj1xz70yIyHBHiiC/HLAB2pBVRbap/FS7g9mS6/1j9UZE5A4gtblHtn9nlA+Q60MXnP9oPBaKt5+pJ5QX1JlkncLB7b1U3IejSPYd6hoPVxMT/RoAoG88HOtMfyLokQh4ZkGOwU2Dh8FT/Q4KcRtK0+hNUrYRySPILdjvzZAATV0UNtmbpYdiI3+KHtft+bUFSTqP+hOLlOGEolYcnX1BgxjVQrFyfztO4n6FWwwZrOr0boSUlqsb/Ygg9BZijXwjXUQFdjXvO35RqZ+neBP+pOTVlwLumu3ry5zshrs13Kwuz0H0OndSwYw5l01zoCP8mWPKOFINeFRbn+Hx7e7+fCHF/UUlb5xUQ4yBOujwIaGzq+9L0VdxcIJ2pIGORKop9P+LIkx5Bpp0qa6r7KJAc1drbll2zyc9IvNOO2fc5EOfQ5H/+YvPAXinb8TkHz76S0O0YcQcSjJYrr7/HILH7Qqbrvj+FGj7hWpbr1JUupPwCnWJWH8HZKqSL6+JjK6n0d5UMDUeKUUiS+n8ar2HDEXn93s3B6ymjoc1NJjUHZSOXJFvzRQ7A2RW9d2YHLUQukVJOyHSpQAEs+azBO61rJQxzwfdQhpJGCmaTUVXqgc8Ew==&u=U2FsdGVkX1/b4thSA10X42Dnyr+o3HD2D+LP1Pr50VE/ANENdmgeBM0m1NJvuG5J&y=U2FsdGVkX1+hYNhJ8sFAqEU7X2mXd+tQyJXTd3Suv/4Hsz3z7HVs6/j3wjvvYJdP HTTP/1.1" 200 25
186.30.155.161 - - [09/Jan/2024:18:05:48 -0500] "GET /kwssiamovil/sm/acme/a?s=U2FsdGVkX1/yOQourY/TSFTz5QlOSnjTO/HtuRHF6BNCtUjYpn1U9hmw7H9MWN9AsMZaYO8VkSgHlriDAkjQt0dd2buEYpel5I5HUnTFPraXHKIFnbRJE7A3rXpCpLgaINWE1EXANmvCMob/DOXkyoBbaVS/6n4SWVOwRRVxj8DG/U/tcCiJBoCXzrp72Xdm&u=U2FsdGVkX1/b4thSA10X42Dnyr+o3HD2D+LP1Pr50VE/ANENdmgeBM0m1NJvuG5J&y=U2FsdGVkX1+hYNhJ8sFAqEU7X2mXd+tQyJXTd3Suv/4Hsz3z7HVs6/j3wjvvYJdP HTTP/1.1" 200 26
186.30.155.161 - - [09/Jan/2024:18:05:48 -0500] "GET /kwssiamovil/sm/acme/a?s=U2FsdGVkX19Hc/KJ/zep63AcqLEssVkCBdIy2LZS+YYfsh94mk2cBSrT8+dggXYt61HYNXlGnRjxxuUyo5mUcjIxmGO2rsiSy/Gl4ezILhm7qoEd++xClYAM+PzGb7GPAr3dimo1uFVmbYVOGfDaVcQxPh015g3kf+jZVPOG7xLkUgnb3cHg5PDFZ9J8/Z3sb3C8so2hZxLhI6wwNzOjTbcT160yhqtXCyDcijeDx2EfPqjIieMUOw9ef4UA0nBAc3BgLFfsEB2BCxWa0/O+HdLKf9q+jw0zrOKnvHOnGavZ+wVD0f2rbxlvM53j48CW+ukb7a6C6Qb+QFFWHx6k11w9PGDFFd88PEjJ5iFvA55Uaa2Y3uEchhSlu3B3IlQtMEzBree9J9f/nrtg6ZKDSh+0bAXZl9m4ZaJIUQ0tYAHk73pCNDdzEsgTq1whKVSynftMlsPkCY61La8xuuFMqM+1seS1k/HSIKsexTByZmMjsMDXLtmjnE7W2zXPRmZzfZM0vwntn7GsRzmQb0Gmh+S/RKx9GG9VtWGo22gJwNCVoXec6fS/28Td+29qbFRoTV937I3oifDplbWtX7fcrGdfnMEmi3VaqndtMzFjTGw=&u=U2FsdGVkX1/b4thSA10X42Dnyr+o3HD2D+LP1Pr50VE/ANENdmgeBM0m1NJvuG5J&y=U2FsdGVkX1+hYNhJ8sFAqEU7X2mXd+tQyJXTd3Suv/4Hsz3z7HVs6/j3wjvvYJdP HTTP/1.1" 200 26
156.59.198.136 - - [09/Jan/2024:18:05:53 -0500] "GET /BLA/resoluciones/AUTOS%202019/2013.pdf HTTP/1.0" 200 577710
216.244.66.195 - - [09/Jan/2024:18:06:12 -0500] "GET /BLA/resoluciones/AUTOS%202012/6372.pdf HTTP/1.1" 200 811391
156.59.198.136 - - [09/Jan/2024:18:06:18 -0500] "GET /BLA/resoluciones/AUTOS%202019/1536.pdf HTTP/1.0" 200 7985813
66.249.68.37 - - [09/Jan/2024:18:06:27 -0500] "GET /resoluciones/RESOLUCIONES%202008/1916.pdf HTTP/1.1" 404 1018
216.244.66.195 - - [09/Jan/2024:18:06:37 -0500] "GET /BLA/resoluciones/AUTOS%202013/0554.pdf HTTP/1.1" 200 1566745
156.59.198.135 - - [09/Jan/2024:18:06:42 -0500] "GET /BLA/resoluciones/AUTOS%202019/1539.pdf HTTP/1.0" 200 333379
156.59.198.136 - - [09/Jan/2024:18:07:07 -0500] "GET /BLA/resoluciones/AUTOS%202019/1155.pdf HTTP/1.0" 200 1282667
216.244.66.195 - - [09/Jan/2024:18:07:25 -0500] "GET /BLA/resoluciones/AUTOS%202013/0572.pdf HTTP/1.1" 200 130805
156.59.198.136 - - [09/Jan/2024:18:07:31 -0500] "GET /BLA/resoluciones/AUTOS%202019/4931.pdf HTTP/1.0" 200 3588037
216.244.66.195 - - [09/Jan/2024:18:07:55 -0500] "GET /BLA/resoluciones/AUTOS%202013/1177.pdf HTTP/1.1" 200 630736
156.59.198.135 - - [09/Jan/2024:18:07:55 -0500] "GET /BLA/resoluciones/AUTOS%202019/0324.pdf HTTP/1.0" 200 746537
172.22.2.4 - - [09/Jan/2024:18:06:29 -0500] "HEAD /BLA/boletinlegal/ HTTP/1.1" 200 -
201.245.192.253 - - [09/Jan/2024:18:08:15 -0500] "POST /kwsrmcab/Wsrmcab  HTTP/1.1" 200 36937
156.59.198.135 - - [09/Jan/2024:18:08:20 -0500] "GET /BLA/resoluciones/AUTOS%202019/0343.pdf HTTP/1.0" 200 1103923
216.244.66.195 - - [09/Jan/2024:18:08:24 -0500] "GET /BLA/resoluciones/AUTOS%202013/1453.pdf HTTP/1.1" 200 788651
156.59.198.136 - - [09/Jan/2024:18:08:44 -0500] "GET /BLA/resoluciones/AUTOS%202019/2030.pdf HTTP/1.0" 200 331805
172.22.2.4 - - [09/Jan/2024:18:07:20 -0500] "GET /BLA/boletinlegal/ HTTP/1.1" 200 60910
156.59.198.135 - - [09/Jan/2024:18:09:09 -0500] "GET /BLA/resoluciones/AUTOS%202019/3220.pdf HTTP/1.0" 200 812626
156.59.198.136 - - [09/Jan/2024:18:09:33 -0500] "GET /BLA/resoluciones/AUTOS%202019/3066.pdf HTTP/1.0" 200 338780
156.59.198.135 - - [09/Jan/2024:18:09:58 -0500] "GET /BLA/resoluciones/AUTOS%202019/3492.pdf HTTP/1.0" 200 461547
186.30.155.161 - - [09/Jan/2024:18:10:06 -0500] "GET /kwssiamovil/sm/acme/u?s=U2FsdGVkX19NnM/OyCVi4vjXiVTphHi2RKzOd4HGAPi7660SHAtvab0bVSVDEJWlck5aH1vO3bbQDfNTzPkLh+2yGy9nsGw0+t8uBNmcPH97qAnxDH6BZYAymGzUE1Yz7Zd3/WdaGp2yV9+HLFUTlsoDYja4awlASXi3y33TPro=&u=U2FsdGVkX1/b4thSA10X42Dnyr+o3HD2D+LP1Pr50VE/ANENdmgeBM0m1NJvuG5J&y=U2FsdGVkX1+hYNhJ8sFAqEU7X2mXd+tQyJXTd3Suv/4Hsz3z7HVs6/j3wjvvYJdP HTTP/1.1" 200 60
156.59.198.135 - - [09/Jan/2024:18:10:21 -0500] "GET /BLA/resoluciones/AUTOS%202019/4462.pdf HTTP/1.0" 200 844452
201.245.192.253 - - [09/Jan/2024:18:10:26 -0500] "GET /sipse/faces/javax.faces.resource/images/ui-bg_flat_0_2d5972_40x100.png?ln=primefaces-aristo HTTP/1.1" 304 -
216.245.221.92 - - [09/Jan/2024:18:10:26 -0500] "HEAD / HTTP/1.1" 200 -
201.245.192.253 - - [09/Jan/2024:18:10:26 -0500] "POST /sipse/faces/presentacion/financiero/solicitudProceso/consultarHistorialSolProceso.xhtml HTTP/1.1" 200 32470
201.245.192.253 - - [09/Jan/2024:18:10:26 -0500] "GET /sipse/faces/javax.faces.resource/theme.css?ln=primefaces-sipse HTTP/1.1" 304 -
201.245.192.253 - - [09/Jan/2024:18:10:26 -0500] "GET /sipse/faces/javax.faces.resource/primefaces.css?ln=primefaces&v=4.0 HTTP/1.1" 304 -
201.245.192.253 - - [09/Jan/2024:18:10:26 -0500] "GET /sipse/faces/javax.faces.resource/layout/layout.css?ln=primefaces&v=4.0 HTTP/1.1" 304 -
201.245.192.253 - - [09/Jan/2024:18:10:26 -0500] "GET /sipse/faces/javax.faces.resource/jquery/jquery.js?ln=primefaces&v=4.0 HTTP/1.1" 304 -
201.245.192.253 - - [09/Jan/2024:18:10:26 -0500] "GET /sipse/faces/javax.faces.resource/jquery/jquery-plugins.js?ln=primefaces&v=4.0 HTTP/1.1" 304 -
201.245.192.253 - - [09/Jan/2024:18:10:26 -0500] "GET /sipse/css/imagen/contrasena.png HTTP/1.1" 404 383
201.245.192.253 - - [09/Jan/2024:18:10:26 -0500] "GET /sipse/faces/javax.faces.resource/primefaces.js?ln=primefaces&v=4.0 HTTP/1.1" 304 -
201.245.192.253 - - [09/Jan/2024:18:10:26 -0500] "GET /sipse/faces/javax.faces.resource/layout/layout.js?ln=primefaces&v=4.0 HTTP/1.1" 304 -
201.245.192.253 - - [09/Jan/2024:18:10:26 -0500] "GET /sipse/faces/javax.faces.resource/images/ui-icons_898989_256x240.png?ln=primefaces-aristo HTTP/1.1" 304 -
201.245.192.253 - - [09/Jan/2024:18:10:26 -0500] "POST /sipse/faces/presentacion/financiero/solicitudProceso/listarSolicitudProceso.xhtml HTTP/1.1" 200 1376
201.245.192.253 - - [09/Jan/2024:18:10:28 -0500] "POST /sipse/faces/presentacion/financiero/solicitudProceso/listarSolicitudProceso.xhtml HTTP/1.1" 200 25807
201.245.192.253 - - [09/Jan/2024:18:10:28 -0500] "POST /sipse/faces/presentacion/financiero/solicitudProceso/listarSolicitudProceso.xhtml HTTP/1.1" 200 25807
201.245.192.253 - - [09/Jan/2024:18:10:28 -0500] "POST /sipse/faces/presentacion/financiero/solicitudProceso/listarSolicitudProceso.xhtml HTTP/1.1" 200 1376
201.245.192.253 - - [09/Jan/2024:18:10:28 -0500] "POST /sipse/faces/presentacion/financiero/solicitudProceso/listarSolicitudProceso.xhtml HTTP/1.1" 200 1380
156.59.198.136 - - [09/Jan/2024:18:10:47 -0500] "GET /BLA/resoluciones/AUTOS%202019/4571.pdf HTTP/1.0" 200 1259753
156.59.198.135 - - [09/Jan/2024:18:11:10 -0500] "GET /BLA/resoluciones/AUTOS%202019/4249.pdf HTTP/1.0" 200 360258
66.249.68.38 - - [09/Jan/2024:18:11:13 -0500] "GET /Publicaciones/2023EE287931.pdf HTTP/1.1" 404 228
173.252.83.116 - - [09/Jan/2024:18:11:13 -0500] "GET /mujeres-que-reverdecen-bogota-intercambian-saberes-y-semillas.html HTTP/1.1" 200 880
156.59.198.135 - - [09/Jan/2024:18:11:34 -0500] "GET /BLA/resoluciones/AUTOS%202019/2012.pdf HTTP/1.0" 200 330794
156.59.198.135 - - [09/Jan/2024:18:12:00 -0500] "GET /BLA/resoluciones/AUTOS%202019/2276.pdf HTTP/1.0" 200 374819
156.59.198.136 - - [09/Jan/2024:18:12:23 -0500] "GET /BLA/resoluciones/AUTOS%202019/3445.pdf HTTP/1.0" 200 506185
66.249.68.36 - - [09/Jan/2024:18:12:23 -0500] "GET /BLA/resoluciones/RESOLUCIONES%202008/3495.pdf HTTP/1.1" 200 253984
212.29.221.106 - - [09/Jan/2024:18:12:37 -0500] "GET /robots.txt HTTP/1.1" 404 1034
212.29.221.106 - - [09/Jan/2024:18:12:37 -0500] "GET / HTTP/1.1" 200 4720
212.29.221.105 - - [09/Jan/2024:18:12:41 -0500] "GET /robots.txt HTTP/1.1" 404 1035
212.29.221.105 - - [09/Jan/2024:18:12:41 -0500] "GET / HTTP/1.1" 200 319
156.59.198.136 - - [09/Jan/2024:18:12:47 -0500] "GET /BLA/resoluciones/AUTOS%202019/4524.pdf HTTP/1.0" 200 348758
156.59.198.136 - - [09/Jan/2024:18:13:13 -0500] "GET /BLA/resoluciones/AUTOS%202019/4797.pdf HTTP/1.0" 200 1164572
201.245.192.253 - - [09/Jan/2024:18:13:14 -0500] "POST /kwsrmcab/Wsrmcab  HTTP/1.1" 200 36937
156.59.198.135 - - [09/Jan/2024:18:13:37 -0500] "GET /BLA/resoluciones/AUTOS%202019/3494.pdf HTTP/1.0" 200 1371458
172.22.2.4 - - [09/Jan/2024:18:12:19 -0500] "HEAD /BLA/boletinlegal/ HTTP/1.1" 200 -
156.59.198.135 - - [09/Jan/2024:18:14:01 -0500] "GET /BLA/resoluciones/AUTOS%202019/3042.pdf HTTP/1.0" 200 858600
156.59.198.135 - - [09/Jan/2024:18:14:26 -0500] "GET /BLA/resoluciones/AUTOS%202019/2587.pdf HTTP/1.0" 200 1443401
172.22.2.4 - - [09/Jan/2024:18:13:10 -0500] "GET /BLA/boletinlegal/ HTTP/1.1" 200 58567
156.59.198.136 - - [09/Jan/2024:18:14:50 -0500] "GET /BLA/resoluciones/AUTOS%202019/4243.pdf HTTP/1.0" 200 390549
201.245.192.253 - - [09/Jan/2024:18:14:57 -0500] "POST /kwsrmcab/Wsrmcab HTTP/1.1" 200 37047
201.245.192.253 - - [09/Jan/2024:18:15:00 -0500] "POST /kwsrmcab/Wsrmcab HTTP/1.1" 200 36754
156.59.198.136 - - [09/Jan/2024:18:15:15 -0500] "GET /BLA/resoluciones/AUTOS%202019/4912.pdf HTTP/1.0" 200 1189946
216.245.221.92 - - [09/Jan/2024:18:15:26 -0500] "HEAD / HTTP/1.1" 200 -
156.59.198.136 - - [09/Jan/2024:18:15:41 -0500] "GET /BLA/resoluciones/AUTOS%202019/1627.pdf HTTP/1.0" 200 343425
79.154.99.91 - - [09/Jan/2024:18:15:47 -0500] "GET /inicia-el-2024 HTTP/1.1" 404 1136
79.154.99.91 - - [09/Jan/2024:18:15:48 -0500] "GET /favicon.ico HTTP/1.1" 404 1136
186.84.21.136 - - [09/Jan/2024:18:16:04 -0500] "GET /sipse/faces/faces/autenticacion.xhtml HTTP/1.1" 200 12401
156.59.198.136 - - [09/Jan/2024:18:16:05 -0500] "GET /BLA/resoluciones/AUTOS%202019/2443.pdf HTTP/1.0" 200 982692
186.84.21.136 - - [09/Jan/2024:18:16:10 -0500] "GET /sipse/css/custom_css_sg.css HTTP/1.1" 304 -
186.84.21.136 - - [09/Jan/2024:18:16:10 -0500] "GET /sipse/js/disable_browser_buttons.js HTTP/1.1" 304 -
186.84.21.136 - - [09/Jan/2024:18:16:10 -0500] "GET /sipse/js/funciones.js HTTP/1.1" 304 -
186.84.21.136 - - [09/Jan/2024:18:16:11 -0500] "GET /sipse/faces/javax.faces.resource/layout/layout.js?ln=primefaces&v=4.0 HTTP/1.1" 304 -
186.84.21.136 - - [09/Jan/2024:18:16:11 -0500] "GET /sipse/css/custom_css_sg_prime_login.css HTTP/1.1" 304 -
186.84.21.136 - - [09/Jan/2024:18:16:11 -0500] "GET /sipse/faces/javax.faces.resource/layout/layout.css?ln=primefaces&v=4.0 HTTP/1.1" 304 -
186.84.21.136 - - [09/Jan/2024:18:16:11 -0500] "GET /sipse/faces/javax.faces.resource/primefaces.css?ln=primefaces&v=4.0 HTTP/1.1" 304 -
186.84.21.136 - - [09/Jan/2024:18:16:11 -0500] "GET /sipse/faces/javax.faces.resource/theme.css?ln=primefaces-sipse HTTP/1.1" 304 -
186.84.21.136 - - [09/Jan/2024:18:16:11 -0500] "GET /sipse/faces/javax.faces.resource/jquery/jquery-plugins.js?ln=primefaces&v=4.0 HTTP/1.1" 304 -
186.84.21.136 - - [09/Jan/2024:18:16:11 -0500] "GET /sipse/faces/javax.faces.resource/jquery/jquery.js?ln=primefaces&v=4.0 HTTP/1.1" 304 -
186.84.21.136 - - [09/Jan/2024:18:16:11 -0500] "GET /sipse/faces/javax.faces.resource/primefaces.js?ln=primefaces&v=4.0 HTTP/1.1" 304 -
186.84.21.136 - - [09/Jan/2024:18:16:11 -0500] "GET /sipse/css/imagen/logoSDG.png HTTP/1.1" 304 -
186.84.21.136 - - [09/Jan/2024:18:16:11 -0500] "GET /sipse/css/imagen/loginimg.png HTTP/1.1" 304 -
186.84.21.136 - - [09/Jan/2024:18:16:11 -0500] "GET /sipse/faces/javax.faces.resource/images/ui-icons_898989_256x240.png?ln=primefaces-aristo HTTP/1.1" 304 -
186.84.21.136 - - [09/Jan/2024:18:16:11 -0500] "GET /sipse/faces/faces/index.xhtml HTTP/1.1" 200 677
186.84.21.136 - - [09/Jan/2024:18:16:11 -0500] "GET /sipse/faces/javax.faces.resource/theme.css?ln=primefaces-sipse HTTP/1.1" 304 -
