172.22.2.4 - - [09/Jan/2024:19:24:39 -0500] "GET /BLA/boletinlegal/sugerencias.php HTTP/1.1" 200 8615
172.22.2.4 - - [09/Jan/2024:19:24:41 -0500] "GET /BLA/boletinlegal/actos.php HTTP/1.1" 200 9648
47.128.62.40 - - [09/Jan/2024:19:24:48 -0500] "GET /BLA/resoluciones/index.php?dir=RESOLUCIONES%202005%2FRES%202005%201901-1950%2F&order=asc&sort=size HTTP/1.1" 200 12364
47.128.62.40 - - [09/Jan/2024:19:24:49 -0500] "GET /BLA/resoluciones/dlf/dirup.png HTTP/1.1" 200 644
47.128.62.40 - - [09/Jan/2024:19:24:49 -0500] "GET /BLA/resoluciones/dlf/unknown.png HTTP/1.1" 200 266
172.22.2.4 - - [09/Jan/2024:19:23:10 -0500] "GET /BLA/boletinlegal/ HTTP/1.1" 200 60502
201.245.192.253 - - [09/Jan/2024:19:24:57 -0500] "POST /kwsrmcab/Wsrmcab HTTP/1.1" 200 37032
201.245.192.253 - - [09/Jan/2024:19:25:00 -0500] "POST /kwsrmcab/Wsrmcab HTTP/1.1" 200 36736
216.245.221.92 - - [09/Jan/2024:19:25:26 -0500] "HEAD / HTTP/1.1" 200 -
172.22.2.4 - - [09/Jan/2024:19:24:43 -0500] "GET /BLA/boletinlegal/index.php HTTP/1.1" 200 62422
201.245.192.253 - - [09/Jan/2024:19:27:52 -0500] "POST /kwsrmcab/Wsrmcab  HTTP/1.1" 200 36937
201.245.192.253 - - [09/Jan/2024:19:29:12 -0500] "POST /kwsrmcab/Wsrmcab HTTP/1.1" 200 37032
172.22.2.4 - - [09/Jan/2024:19:28:09 -0500] "HEAD /BLA/boletinlegal/ HTTP/1.1" 200 -
201.245.192.253 - - [09/Jan/2024:19:29:52 -0500] "POST /kwsrmcab/Wsrmcab HTTP/1.1" 200 36736
186.113.70.196 - - [09/Jan/2024:19:30:24 -0500] "GET /inicia-el-2024-conociendo-la-biodiversidad-de-bogoti.html?fbclid=IwAR0_0L8pZ8MJJtq6JoEAErN0-vkzQTi0J8evd3YgTJpK4b95CG6stgXcGOc HTTP/1.1" 200 894
216.245.221.92 - - [09/Jan/2024:19:30:26 -0500] "HEAD / HTTP/1.1" 200 -
172.22.2.4 - - [09/Jan/2024:19:29:00 -0500] "GET /BLA/boletinlegal/ HTTP/1.1" 200 58567
216.244.66.195 - - [09/Jan/2024:19:32:35 -0500] "GET /BLA/resoluciones/RESOLUCIONES%202017/1189.pdf HTTP/1.1" 200 463343
201.245.192.253 - - [09/Jan/2024:19:32:52 -0500] "POST /kwsrmcab/Wsrmcab  HTTP/1.1" 200 36937
52.167.144.186 - - [09/Jan/2024:19:33:07 -0500] "GET /Publicaciones/2023EE252641.pdf HTTP/1.1" 404 228
216.244.66.195 - - [09/Jan/2024:19:33:18 -0500] "GET /BLA/resoluciones/RESOLUCIONES%202017/1397.pdf HTTP/1.1" 200 559177
216.244.66.195 - - [09/Jan/2024:19:34:02 -0500] "GET /BLA/resoluciones/RESOLUCIONES%202017/1401.pdf HTTP/1.1" 200 460283
216.244.66.195 - - [09/Jan/2024:19:34:34 -0500] "GET /BLA/resoluciones/RESOLUCIONES%202017/1648.pdf HTTP/1.1" 200 333179
201.245.192.253 - - [09/Jan/2024:19:34:57 -0500] "POST /kwsrmcab/Wsrmcab HTTP/1.1" 200 37032
201.245.192.253 - - [09/Jan/2024:19:35:01 -0500] "POST /kwsrmcab/Wsrmcab HTTP/1.1" 200 36736
216.244.66.195 - - [09/Jan/2024:19:35:18 -0500] "GET /BLA/resoluciones/RESOLUCIONES%202017/1994.pdf HTTP/1.1" 200 305187
216.245.221.92 - - [09/Jan/2024:19:35:26 -0500] "HEAD / HTTP/1.1" 200 -
172.22.2.4 - - [09/Jan/2024:19:33:59 -0500] "HEAD /BLA/boletinlegal/ HTTP/1.1" 200 -
216.244.66.195 - - [09/Jan/2024:19:35:52 -0500] "GET /BLA/resoluciones/RESOLUCIONES%202017/2034.pdf HTTP/1.1" 200 1295310
186.28.210.217 - - [09/Jan/2024:19:36:12 -0500] "GET /sipse/faces/index.xhtml HTTP/1.1" 200 677
216.244.66.195 - - [09/Jan/2024:19:36:25 -0500] "GET /BLA/resoluciones/RESOLUCIONES%202017/2054.pdf HTTP/1.1" 200 304853
172.22.2.4 - - [09/Jan/2024:19:34:50 -0500] "GET /BLA/boletinlegal/ HTTP/1.1" 200 58172
216.244.66.195 - - [09/Jan/2024:19:36:53 -0500] "GET /BLA/resoluciones/RESOLUCIONES%202017/2520.pdf HTTP/1.1" 200 383136
216.244.66.195 - - [09/Jan/2024:19:37:33 -0500] "GET /BLA/resoluciones/RESOLUCIONES%202017/2657.pdf HTTP/1.1" 200 306191
47.128.113.28 - - [09/Jan/2024:19:37:49 -0500] "GET /BLA/resoluciones/dlf/unknown.png HTTP/1.1" 200 266
47.128.113.28 - - [09/Jan/2024:19:37:49 -0500] "GET /BLA/resoluciones/dlf/dirup.png HTTP/1.1" 200 644
47.128.113.28 - - [09/Jan/2024:19:37:48 -0500] "GET /BLA/resoluciones/index.php?dir=RESOLUCIONES+2005%2FRES+2005+1351-1400%2F HTTP/1.1" 200 12356
201.245.192.253 - - [09/Jan/2024:19:37:51 -0500] "POST /kwsrmcab/Wsrmcab  HTTP/1.1" 200 36937
216.244.66.195 - - [09/Jan/2024:19:38:10 -0500] "GET /BLA/resoluciones/RESOLUCIONES%202017/2762.pdf HTTP/1.1" 200 302859
216.244.66.195 - - [09/Jan/2024:19:38:41 -0500] "GET /BLA/resoluciones/RESOLUCIONES%202017/2874.pdf HTTP/1.1" 200 280127
216.244.66.195 - - [09/Jan/2024:19:39:12 -0500] "GET /BLA/resoluciones/RESOLUCIONES%202017/2881.pdf HTTP/1.1" 200 338373
201.245.192.253 - - [09/Jan/2024:19:39:11 -0500] "POST /kwsrmcab/Wsrmcab HTTP/1.1" 200 37032
216.244.66.195 - - [09/Jan/2024:19:39:41 -0500] "GET /BLA/resoluciones/RESOLUCIONES%202017/2991.pdf HTTP/1.1" 200 6995812
66.249.66.194 - - [09/Jan/2024:19:39:44 -0500] "GET /inicia-el-2024-conociendo-la-biodiversidad-de-bogoti.html HTTP/1.1" 200 894
201.245.192.253 - - [09/Jan/2024:19:39:52 -0500] "POST /kwsrmcab/Wsrmcab HTTP/1.1" 200 36736
216.245.221.92 - - [09/Jan/2024:19:40:26 -0500] "HEAD / HTTP/1.1" 200 -
186.29.181.135 - - [09/Jan/2024:19:40:31 -0500] "POST /sipse/faces/presentacion/financiero/solicitudProceso/consultarSolicitudProceso.xhtml HTTP/1.1" 302 -
186.29.181.135 - - [09/Jan/2024:19:40:31 -0500] "GET /sipse/faces/autenticacion.xhtml HTTP/1.1" 200 1099
186.29.181.135 - - [09/Jan/2024:19:40:40 -0500] "GET /sipse/faces/javax.faces.resource/theme.css?ln=primefaces-sipse HTTP/1.1" 304 -
186.29.181.135 - - [09/Jan/2024:19:40:40 -0500] "GET /sipse/faces/faces/autenticacion.xhtml HTTP/1.1" 200 12401
216.244.66.195 - - [09/Jan/2024:19:40:40 -0500] "GET /BLA/resoluciones/RESOLUCIONES%202017/3280.pdf HTTP/1.1" 200 6624670
186.29.181.135 - - [09/Jan/2024:19:40:41 -0500] "GET /sipse/faces/javax.faces.resource/theme.css?ln=primefaces-sipse HTTP/1.1" 304 -
186.29.181.135 - - [09/Jan/2024:19:40:41 -0500] "GET /sipse/faces/javax.faces.resource/layout/layout.css?ln=primefaces&v=4.0 HTTP/1.1" 304 -
186.29.181.135 - - [09/Jan/2024:19:40:41 -0500] "GET /sipse/faces/javax.faces.resource/jquery/jquery-plugins.js?ln=primefaces&v=4.0 HTTP/1.1" 304 -
186.29.181.135 - - [09/Jan/2024:19:40:41 -0500] "GET /sipse/faces/javax.faces.resource/primefaces.css?ln=primefaces&v=4.0 HTTP/1.1" 304 -
186.29.181.135 - - [09/Jan/2024:19:40:41 -0500] "GET /sipse/faces/javax.faces.resource/jquery/jquery.js?ln=primefaces&v=4.0 HTTP/1.1" 304 -
186.29.181.135 - - [09/Jan/2024:19:40:41 -0500] "GET /sipse/faces/javax.faces.resource/primefaces.js?ln=primefaces&v=4.0 HTTP/1.1" 304 -
186.29.181.135 - - [09/Jan/2024:19:40:41 -0500] "GET /sipse/faces/javax.faces.resource/layout/layout.js?ln=primefaces&v=4.0 HTTP/1.1" 304 -
186.29.181.135 - - [09/Jan/2024:19:40:41 -0500] "GET /sipse/faces/javax.faces.resource/images/ui-icons_898989_256x240.png?ln=primefaces-aristo HTTP/1.1" 304 -
186.29.181.135 - - [09/Jan/2024:19:40:51 -0500] "POST /sipse/faces/autenticacion.xhtml HTTP/1.1" 200 16816
186.29.181.135 - - [09/Jan/2024:19:40:52 -0500] "GET /sipse/faces/javax.faces.resource/theme.css?ln=primefaces-sipse HTTP/1.1" 304 -
186.29.181.135 - - [09/Jan/2024:19:40:52 -0500] "GET /sipse/faces/javax.faces.resource/primefaces.css?ln=primefaces&v=4.0 HTTP/1.1" 304 -
186.29.181.135 - - [09/Jan/2024:19:40:52 -0500] "GET /sipse/faces/javax.faces.resource/layout/layout.css?ln=primefaces&v=4.0 HTTP/1.1" 304 -
186.29.181.135 - - [09/Jan/2024:19:40:52 -0500] "GET /sipse/faces/javax.faces.resource/jquery/jquery.js?ln=primefaces&v=4.0 HTTP/1.1" 304 -
186.29.181.135 - - [09/Jan/2024:19:40:52 -0500] "GET /sipse/faces/javax.faces.resource/jquery/jquery-plugins.js?ln=primefaces&v=4.0 HTTP/1.1" 304 -
186.29.181.135 - - [09/Jan/2024:19:40:52 -0500] "GET /sipse/faces/javax.faces.resource/primefaces.js?ln=primefaces&v=4.0 HTTP/1.1" 304 -
186.29.181.135 - - [09/Jan/2024:19:40:52 -0500] "GET /sipse/faces/javax.faces.resource/layout/layout.js?ln=primefaces&v=4.0 HTTP/1.1" 304 -
186.29.181.135 - - [09/Jan/2024:19:40:52 -0500] "GET /sipse/css/imagen/contrasena.png HTTP/1.1" 404 383
186.29.181.135 - - [09/Jan/2024:19:40:52 -0500] "GET /sipse/faces/javax.faces.resource/messages/messages.png?ln=primefaces&v=4.0 HTTP/1.1" 304 -
186.29.181.135 - - [09/Jan/2024:19:40:54 -0500] "GET /sipse/faces/javax.faces.resource/images/ui-bg_flat_0_2d5972_40x100.png?ln=primefaces-aristo HTTP/1.1" 304 -
186.29.181.135 - - [09/Jan/2024:19:40:54 -0500] "POST /sipse/faces/bienvenido.xhtml HTTP/1.1" 200 2658
186.29.181.135 - - [09/Jan/2024:19:40:55 -0500] "POST /sipse/faces/bienvenido.xhtml HTTP/1.1" 200 39086
186.29.181.135 - - [09/Jan/2024:19:40:56 -0500] "GET /sipse/faces/javax.faces.resource/layout/layout.css?ln=primefaces&v=4.0 HTTP/1.1" 304 -
186.29.181.135 - - [09/Jan/2024:19:40:56 -0500] "GET /sipse/faces/javax.faces.resource/theme.css?ln=primefaces-sipse HTTP/1.1" 304 -
186.29.181.135 - - [09/Jan/2024:19:40:56 -0500] "GET /sipse/faces/javax.faces.resource/primefaces.css?ln=primefaces&v=4.0 HTTP/1.1" 304 -
186.29.181.135 - - [09/Jan/2024:19:40:56 -0500] "GET /sipse/faces/javax.faces.resource/jquery/jquery.js?ln=primefaces&v=4.0 HTTP/1.1" 304 -
186.29.181.135 - - [09/Jan/2024:19:40:56 -0500] "GET /sipse/faces/javax.faces.resource/jquery/jquery-plugins.js?ln=primefaces&v=4.0 HTTP/1.1" 304 -
186.29.181.135 - - [09/Jan/2024:19:40:56 -0500] "GET /sipse/faces/javax.faces.resource/primefaces.js?ln=primefaces&v=4.0 HTTP/1.1" 304 -
186.29.181.135 - - [09/Jan/2024:19:40:56 -0500] "GET /sipse/faces/javax.faces.resource/layout/layout.js?ln=primefaces&v=4.0 HTTP/1.1" 304 -
186.29.181.135 - - [09/Jan/2024:19:40:56 -0500] "POST /sipse/faces/presentacion/financiero/solicitudProceso/listarSolicitudProceso.xhtml HTTP/1.1" 200 1420
186.29.181.135 - - [09/Jan/2024:19:40:59 -0500] "POST /sipse/faces/presentacion/financiero/solicitudProceso/listarSolicitudProceso.xhtml HTTP/1.1" 200 2725
186.29.181.135 - - [09/Jan/2024:19:41:00 -0500] "POST /sipse/faces/presentacion/financiero/solicitudProceso/listarSolicitudProceso.xhtml HTTP/1.1" 200 40760
186.29.181.135 - - [09/Jan/2024:19:41:01 -0500] "GET /sipse/faces/javax.faces.resource/theme.css?ln=primefaces-sipse HTTP/1.1" 304 -
186.29.181.135 - - [09/Jan/2024:19:41:01 -0500] "GET /sipse/faces/javax.faces.resource/layout/layout.css?ln=primefaces&v=4.0 HTTP/1.1" 304 -
186.29.181.135 - - [09/Jan/2024:19:41:01 -0500] "GET /sipse/faces/javax.faces.resource/primefaces.css?ln=primefaces&v=4.0 HTTP/1.1" 304 -
186.29.181.135 - - [09/Jan/2024:19:41:01 -0500] "GET /sipse/faces/javax.faces.resource/jquery/jquery.js?ln=primefaces&v=4.0 HTTP/1.1" 304 -
186.29.181.135 - - [09/Jan/2024:19:41:01 -0500] "GET /sipse/faces/javax.faces.resource/jquery/jquery-plugins.js?ln=primefaces&v=4.0 HTTP/1.1" 304 -
186.29.181.135 - - [09/Jan/2024:19:41:01 -0500] "GET /sipse/faces/javax.faces.resource/primefaces.js?ln=primefaces&v=4.0 HTTP/1.1" 304 -
186.29.181.135 - - [09/Jan/2024:19:41:01 -0500] "GET /sipse/faces/javax.faces.resource/layout/layout.js?ln=primefaces&v=4.0 HTTP/1.1" 304 -
186.29.181.135 - - [09/Jan/2024:19:41:01 -0500] "POST /sipse/faces/presentacion/financiero/solicitudProceso/consultar.xhtml HTTP/1.1" 200 34137
186.29.181.135 - - [09/Jan/2024:19:41:05 -0500] "POST /sipse/faces/presentacion/financiero/solicitudProceso/consultar.xhtml HTTP/1.1" 200 12939
186.29.181.135 - - [09/Jan/2024:19:41:11 -0500] "POST /sipse/faces/presentacion/financiero/solicitudProceso/consultar.xhtml HTTP/1.1" 200 154643
186.29.181.135 - - [09/Jan/2024:19:41:12 -0500] "GET /sipse/faces/javax.faces.resource/theme.css?ln=primefaces-sipse HTTP/1.1" 304 -
186.29.181.135 - - [09/Jan/2024:19:41:12 -0500] "GET /sipse/faces/javax.faces.resource/primefaces.css?ln=primefaces&v=4.0 HTTP/1.1" 304 -
186.29.181.135 - - [09/Jan/2024:19:41:12 -0500] "GET /sipse/faces/javax.faces.resource/layout/layout.css?ln=primefaces&v=4.0 HTTP/1.1" 304 -
186.29.181.135 - - [09/Jan/2024:19:41:12 -0500] "GET /sipse/faces/javax.faces.resource/jquery/jquery.js?ln=primefaces&v=4.0 HTTP/1.1" 304 -
186.29.181.135 - - [09/Jan/2024:19:41:12 -0500] "GET /sipse/faces/javax.faces.resource/jquery/jquery-plugins.js?ln=primefaces&v=4.0 HTTP/1.1" 304 -
186.29.181.135 - - [09/Jan/2024:19:41:12 -0500] "GET /sipse/faces/javax.faces.resource/primefaces.js?ln=primefaces&v=4.0 HTTP/1.1" 304 -
186.29.181.135 - - [09/Jan/2024:19:41:12 -0500] "GET /sipse/faces/javax.faces.resource/layout/layout.js?ln=primefaces&v=4.0 HTTP/1.1" 304 -
186.29.181.135 - - [09/Jan/2024:19:41:25 -0500] "POST /sipse/faces/presentacion/financiero/solicitudProceso/consultarSolicitudProceso.xhtml HTTP/1.1" 200 88808
172.22.2.4 - - [09/Jan/2024:19:39:49 -0500] "HEAD /BLA/boletinlegal/ HTTP/1.1" 200 -
216.244.66.195 - - [09/Jan/2024:19:41:31 -0500] "GET /BLA/resoluciones/RESOLUCIONES%202017/3310.pdf HTTP/1.1" 200 341230
216.244.66.195 - - [09/Jan/2024:19:42:10 -0500] "GET /BLA/resoluciones/RESOLUCIONES%202017/3334.pdf HTTP/1.1" 200 1938614
172.22.2.4 - - [09/Jan/2024:19:40:40 -0500] "GET /BLA/boletinlegal/ HTTP/1.1" 200 58567
201.245.192.253 - - [09/Jan/2024:19:42:50 -0500] "POST /kwsrmcab/Wsrmcab  HTTP/1.1" 200 36937
186.31.219.8 - - [09/Jan/2024:19:42:56 -0500] "GET /appsia/controlador HTTP/1.1" 200 4799
186.31.219.8 - - [09/Jan/2024:19:42:57 -0500] "GET /appsia/images/logo_bogota_p.png HTTP/1.1" 200 14951
186.31.219.8 - - [09/Jan/2024:19:42:56 -0500] "GET /appsia/images/cabezoteHojaVida.png HTTP/1.1" 200 32493
216.244.66.195 - - [09/Jan/2024:19:43:00 -0500] "GET /BLA/resoluciones/RESOLUCIONES%202017/3357.pdf HTTP/1.1" 200 4511084
216.244.66.195 - - [09/Jan/2024:19:43:50 -0500] "GET /BLA/resoluciones/RESOLUCIONES%202017/3368.pdf HTTP/1.1" 200 273081
186.31.219.8 - - [09/Jan/2024:19:43:57 -0500] "POST /appsia/controlador HTTP/1.1" 200 5437
186.31.219.8 - - [09/Jan/2024:19:44:05 -0500] "POST /appsia/controlador HTTP/1.1" 200 7727
186.31.219.8 - - [09/Jan/2024:19:44:06 -0500] "GET /appsia/images/logo_escudo.png HTTP/1.1" 200 36965
216.244.66.195 - - [09/Jan/2024:19:44:23 -0500] "GET /BLA/resoluciones/RESOLUCIONES%202019/0293.pdf HTTP/1.1" 200 230119
216.244.66.195 - - [09/Jan/2024:19:44:53 -0500] "GET /BLA/resoluciones/RESOLUCIONES%202019/0399.pdf HTTP/1.1" 200 215423
216.244.66.195 - - [09/Jan/2024:19:45:21 -0500] "GET /BLA/resoluciones/RESOLUCIONES%202019/0530.pdf HTTP/1.1" 200 287922
216.245.221.92 - - [09/Jan/2024:19:45:26 -0500] "HEAD / HTTP/1.1" 200 -
216.244.66.195 - - [09/Jan/2024:19:45:52 -0500] "GET /BLA/resoluciones/RESOLUCIONES%202019/0894.pdf HTTP/1.1" 200 236499
216.244.66.195 - - [09/Jan/2024:19:46:21 -0500] "GET /BLA/resoluciones/RESOLUCIONES%202019/1929.pdf HTTP/1.1" 200 389009
191.95.55.180 - - [09/Jan/2024:19:46:23 -0500] "GET /sipse/faces/index.xhtml HTTP/1.1" 200 677
191.95.55.180 - - [09/Jan/2024:19:46:23 -0500] "GET /sipse/faces/javax.faces.resource/theme.css?ln=primefaces-sipse HTTP/1.1" 200 50058
191.95.55.180 - - [09/Jan/2024:19:46:23 -0500] "GET /sipse/faces/faces/autenticacion.xhtml HTTP/1.1" 200 12401
191.95.55.180 - - [09/Jan/2024:19:46:24 -0500] "GET /sipse/css/custom_css_sg.css HTTP/1.1" 200 9694
191.95.55.180 - - [09/Jan/2024:19:46:24 -0500] "GET /sipse/faces/javax.faces.resource/theme.css?ln=primefaces-sipse HTTP/1.1" 304 -
191.95.55.180 - - [09/Jan/2024:19:46:24 -0500] "GET /sipse/css/custom_css_sg_prime_login.css HTTP/1.1" 200 443
191.95.55.180 - - [09/Jan/2024:19:46:24 -0500] "GET /sipse/js/disable_browser_buttons.js HTTP/1.1" 200 3230
191.95.55.180 - - [09/Jan/2024:19:46:24 -0500] "GET /sipse/js/funciones.js HTTP/1.1" 200 12592
191.95.55.180 - - [09/Jan/2024:19:46:24 -0500] "GET /sipse/faces/javax.faces.resource/layout/layout.css?ln=primefaces&v=4.0 HTTP/1.1" 200 542
191.95.55.180 - - [09/Jan/2024:19:46:24 -0500] "GET /sipse/faces/javax.faces.resource/jquery/jquery-plugins.js?ln=primefaces&v=4.0 HTTP/1.1" 304 -
191.95.55.180 - - [09/Jan/2024:19:46:24 -0500] "GET /sipse/faces/javax.faces.resource/primefaces.css?ln=primefaces&v=4.0 HTTP/1.1" 304 -
191.95.55.180 - - [09/Jan/2024:19:46:24 -0500] "GET /sipse/faces/javax.faces.resource/jquery/jquery.js?ln=primefaces&v=4.0 HTTP/1.1" 304 -
191.95.55.180 - - [09/Jan/2024:19:46:24 -0500] "GET /sipse/faces/javax.faces.resource/primefaces.js?ln=primefaces&v=4.0 HTTP/1.1" 304 -
191.95.55.180 - - [09/Jan/2024:19:46:24 -0500] "GET /sipse/faces/javax.faces.resource/layout/layout.js?ln=primefaces&v=4.0 HTTP/1.1" 200 87560
191.95.55.180 - - [09/Jan/2024:19:46:24 -0500] "GET /sipse/css/imagen/logoSDG.png HTTP/1.1" 200 53064
191.95.55.180 - - [09/Jan/2024:19:46:24 -0500] "GET /sipse/css/imagen/loginimg.png HTTP/1.1" 200 71635
191.95.55.180 - - [09/Jan/2024:19:46:24 -0500] "GET /sipse/faces/javax.faces.resource/images/ui-icons_898989_256x240.png?ln=primefaces-aristo HTTP/1.1" 200 5355
191.95.55.180 - - [09/Jan/2024:19:46:27 -0500] "POST /sipse/faces/autenticacion.xhtml HTTP/1.1" 200 2221
191.95.55.180 - - [09/Jan/2024:19:46:27 -0500] "GET /sipse/faces/javax.faces.resource/messages/messages.png?ln=primefaces&v=4.0 HTTP/1.1" 200 27209
191.95.55.180 - - [09/Jan/2024:19:46:30 -0500] "POST /sipse/faces/autenticacion.xhtml HTTP/1.1" 200 16378
191.95.55.180 - - [09/Jan/2024:19:46:30 -0500] "GET /sipse/css/custom_css_sg_prime.css HTTP/1.1" 200 5201
191.95.55.180 - - [09/Jan/2024:19:46:30 -0500] "GET /sipse/faces/javax.faces.resource/layout/layout.css?ln=primefaces&v=4.0 HTTP/1.1" 304 -
191.95.55.180 - - [09/Jan/2024:19:46:30 -0500] "GET /sipse/faces/javax.faces.resource/primefaces.css?ln=primefaces&v=4.0 HTTP/1.1" 304 -
191.95.55.180 - - [09/Jan/2024:19:46:30 -0500] "GET /sipse/faces/javax.faces.resource/theme.css?ln=primefaces-sipse HTTP/1.1" 304 -
191.95.55.180 - - [09/Jan/2024:19:46:30 -0500] "GET /sipse/js/jquery.min.js HTTP/1.1" 200 85582
191.95.55.180 - - [09/Jan/2024:19:46:31 -0500] "GET /sipse/faces/javax.faces.resource/jquery/jquery.js?ln=primefaces&v=4.0 HTTP/1.1" 304 -
191.95.55.180 - - [09/Jan/2024:19:46:31 -0500] "GET /sipse/faces/javax.faces.resource/jquery/jquery-plugins.js?ln=primefaces&v=4.0 HTTP/1.1" 304 -
191.95.55.180 - - [09/Jan/2024:19:46:31 -0500] "GET /sipse/faces/javax.faces.resource/primefaces.js?ln=primefaces&v=4.0 HTTP/1.1" 304 -
191.95.55.180 - - [09/Jan/2024:19:46:31 -0500] "GET /sipse/faces/javax.faces.resource/layout/layout.js?ln=primefaces&v=4.0 HTTP/1.1" 304 -
191.95.55.180 - - [09/Jan/2024:19:46:31 -0500] "GET /sipse/css/v_mergente.css HTTP/1.1" 200 1505
191.95.55.180 - - [09/Jan/2024:19:46:31 -0500] "GET /sipse/css/imagen/contrasena.png HTTP/1.1" 404 383
191.95.55.180 - - [09/Jan/2024:19:46:31 -0500] "GET /sipse/imagenes/cargando.gif HTTP/1.1" 200 36959
191.95.55.180 - - [09/Jan/2024:19:46:31 -0500] "GET /sipse/imagenes/logoAplicacion.jpg HTTP/1.1" 200 155084
191.95.55.180 - - [09/Jan/2024:19:46:36 -0500] "GET /sipse/faces/javax.faces.resource/images/ui-bg_flat_0_2d5972_40x100.png?ln=primefaces-aristo HTTP/1.1" 304 -
191.95.55.180 - - [09/Jan/2024:19:46:36 -0500] "POST /sipse/faces/bienvenido.xhtml HTTP/1.1" 200 9852
191.95.55.180 - - [09/Jan/2024:19:46:37 -0500] "POST /sipse/faces/bienvenido.xhtml HTTP/1.1" 200 2658
191.95.55.180 - - [09/Jan/2024:19:46:38 -0500] "POST /sipse/faces/bienvenido.xhtml HTTP/1.1" 200 63995
191.95.55.180 - - [09/Jan/2024:19:46:38 -0500] "GET /sipse/faces/javax.faces.resource/layout/layout.css?ln=primefaces&v=4.0 HTTP/1.1" 304 -
191.95.55.180 - - [09/Jan/2024:19:46:38 -0500] "GET /sipse/faces/javax.faces.resource/theme.css?ln=primefaces-sipse HTTP/1.1" 304 -
191.95.55.180 - - [09/Jan/2024:19:46:38 -0500] "GET /sipse/faces/javax.faces.resource/jquery/jquery.js?ln=primefaces&v=4.0 HTTP/1.1" 304 -
191.95.55.180 - - [09/Jan/2024:19:46:38 -0500] "GET /sipse/faces/javax.faces.resource/primefaces.css?ln=primefaces&v=4.0 HTTP/1.1" 304 -
191.95.55.180 - - [09/Jan/2024:19:46:38 -0500] "GET /sipse/faces/javax.faces.resource/jquery/jquery-plugins.js?ln=primefaces&v=4.0 HTTP/1.1" 304 -
191.95.55.180 - - [09/Jan/2024:19:46:38 -0500] "GET /sipse/faces/javax.faces.resource/primefaces.js?ln=primefaces&v=4.0 HTTP/1.1" 304 -
191.95.55.180 - - [09/Jan/2024:19:46:38 -0500] "GET /sipse/faces/javax.faces.resource/layout/layout.js?ln=primefaces&v=4.0 HTTP/1.1" 304 -
191.95.55.180 - - [09/Jan/2024:19:46:39 -0500] "POST /sipse/faces/presentacion/financiero/solicitudProceso/listarSolicitudProceso.xhtml HTTP/1.1" 200 1556
191.95.55.180 - - [09/Jan/2024:19:46:41 -0500] "POST /sipse/faces/presentacion/financiero/solicitudProceso/listarSolicitudProceso.xhtml HTTP/1.1" 200 46349
191.95.55.180 - - [09/Jan/2024:19:46:42 -0500] "POST /sipse/faces/presentacion/financiero/solicitudProceso/listarSolicitudProceso.xhtml HTTP/1.1" 200 1560
191.95.55.180 - - [09/Jan/2024:19:46:44 -0500] "POST /sipse/faces/presentacion/financiero/solicitudProceso/listarSolicitudProceso.xhtml HTTP/1.1" 200 16792
191.95.55.180 - - [09/Jan/2024:19:46:44 -0500] "POST /sipse/faces/presentacion/financiero/solicitudProceso/listarSolicitudProceso.xhtml HTTP/1.1" 200 28717
216.244.66.195 - - [09/Jan/2024:19:46:47 -0500] "GET /BLA/resoluciones/AUTOS%202007/0179.pdf HTTP/1.1" 200 56869
216.244.66.195 - - [09/Jan/2024:19:47:12 -0500] "GET /BLA/resoluciones/AUTOS%202007/0544.pdf HTTP/1.1" 200 231291
172.22.2.4 - - [09/Jan/2024:19:45:39 -0500] "HEAD /BLA/boletinlegal/ HTTP/1.1" 200 -
216.244.66.195 - - [09/Jan/2024:19:47:37 -0500] "GET /BLA/resoluciones/AUTOS%202007/0590.pdf HTTP/1.1" 200 231027
201.245.192.253 - - [09/Jan/2024:19:47:49 -0500] "POST /kwsrmcab/Wsrmcab  HTTP/1.1" 200 36937
216.244.66.195 - - [09/Jan/2024:19:48:01 -0500] "GET /BLA/resoluciones/AUTOS%202007/0613.pdf HTTP/1.1" 200 33668
172.22.2.4 - - [09/Jan/2024:19:46:30 -0500] "GET /BLA/boletinlegal/ HTTP/1.1" 200 60502
216.244.66.195 - - [09/Jan/2024:19:48:23 -0500] "GET /BLA/resoluciones/AUTOS%202007/0643.pdf HTTP/1.1" 200 139275
216.244.66.195 - - [09/Jan/2024:19:48:47 -0500] "GET /BLA/resoluciones/AUTOS%202007/0822.pdf HTTP/1.1" 200 158158
216.244.66.195 - - [09/Jan/2024:19:49:06 -0500] "GET /BLA/resoluciones/AUTOS%202007/0883.pdf HTTP/1.1" 200 83184
216.244.66.195 - - [09/Jan/2024:19:49:26 -0500] "GET /BLA/resoluciones/AUTOS%202007/1003.pdf HTTP/1.1" 200 39173
216.244.66.195 - - [09/Jan/2024:19:49:43 -0500] "GET /BLA/resoluciones/AUTOS%202007/1287.pdf HTTP/1.1" 200 48070
216.244.66.195 - - [09/Jan/2024:19:50:02 -0500] "GET /BLA/resoluciones/AUTOS%202007/1431.pdf HTTP/1.1" 200 42105
216.244.66.195 - - [09/Jan/2024:19:50:18 -0500] "GET /BLA/resoluciones/AUTOS%202009/0821.pdf HTTP/1.1" 200 59737
216.245.221.92 - - [09/Jan/2024:19:50:26 -0500] "HEAD / HTTP/1.1" 200 -
216.244.66.195 - - [09/Jan/2024:19:50:32 -0500] "GET /BLA/resoluciones/AUTOS%202009/0919.pdf HTTP/1.1" 200 121662
216.244.66.195 - - [09/Jan/2024:19:50:49 -0500] "GET /BLA/resoluciones/AUTOS%202009/1043.pdf HTTP/1.1" 200 157364
216.244.66.195 - - [09/Jan/2024:19:51:02 -0500] "GET /BLA/resoluciones/AUTOS%202009/1278.pdf HTTP/1.1" 200 312426
66.249.66.194 - - [09/Jan/2024:19:51:09 -0500] "GET /el-agua-recurso-vital-para-la-conservacion-de-los-ecosistemas.html HTTP/1.1" 304 -
216.244.66.195 - - [09/Jan/2024:19:51:14 -0500] "GET /BLA/resoluciones/AUTOS%202009/1280.pdf HTTP/1.1" 200 203212
216.244.66.195 - - [09/Jan/2024:19:51:24 -0500] "GET /BLA/resoluciones/AUTOS%202009/1485.pdf HTTP/1.1" 200 193023
216.244.66.195 - - [09/Jan/2024:19:51:35 -0500] "GET /BLA/resoluciones/AUTOS%202009/1815.pdf HTTP/1.1" 200 201510
216.244.66.195 - - [09/Jan/2024:19:51:45 -0500] "GET /BLA/resoluciones/AUTOS%202009/1827.pdf HTTP/1.1" 200 128286
216.244.66.195 - - [09/Jan/2024:19:51:54 -0500] "GET /BLA/resoluciones/AUTOS%202009/2063.pdf HTTP/1.1" 200 99395
216.244.66.195 - - [09/Jan/2024:19:52:01 -0500] "GET /BLA/resoluciones/AUTOS%202009/2159.pdf HTTP/1.1" 200 89354
216.244.66.195 - - [09/Jan/2024:19:52:06 -0500] "GET /BLA/resoluciones/AUTOS%202009/2207.pdf HTTP/1.1" 200 113770
216.244.66.195 - - [09/Jan/2024:19:52:11 -0500] "GET /BLA/resoluciones/AUTOS%202009/2311.pdf HTTP/1.1" 200 196361
216.244.66.195 - - [09/Jan/2024:19:52:16 -0500] "GET /BLA/resoluciones/AUTOS%202009/2425.pdf HTTP/1.1" 200 100563
216.244.66.195 - - [09/Jan/2024:19:52:20 -0500] "GET /BLA/resoluciones/AUTOS%202011/0018.pdf HTTP/1.1" 200 183429
216.244.66.195 - - [09/Jan/2024:19:52:23 -0500] "GET /BLA/resoluciones/AUTOS%202011/0123.pdf HTTP/1.1" 200 141739
216.244.66.195 - - [09/Jan/2024:19:52:26 -0500] "GET /BLA/resoluciones/AUTOS%202011/0423.pdf HTTP/1.1" 200 1045703
216.244.66.195 - - [09/Jan/2024:19:52:30 -0500] "GET /BLA/resoluciones/AUTOS%202011/0865.pdf HTTP/1.1" 200 153445
216.244.66.195 - - [09/Jan/2024:19:52:33 -0500] "GET /BLA/resoluciones/AUTOS%202011/0966.pdf HTTP/1.1" 200 187234
216.244.66.195 - - [09/Jan/2024:19:52:35 -0500] "GET /BLA/resoluciones/AUTOS%202011/1244.pdf HTTP/1.1" 200 1344101
216.244.66.195 - - [09/Jan/2024:19:52:42 -0500] "GET /BLA/resoluciones/AUTOS%202011/1895.pdf HTTP/1.1" 200 161661
216.244.66.195 - - [09/Jan/2024:19:52:47 -0500] "GET /BLA/resoluciones/AUTOS%202011/2041.pdf HTTP/1.1" 200 148347
201.245.192.253 - - [09/Jan/2024:19:52:48 -0500] "POST /kwsrmcab/Wsrmcab  HTTP/1.1" 200 36937
216.244.66.195 - - [09/Jan/2024:19:52:51 -0500] "GET /BLA/resoluciones/AUTOS%202011/2092.pdf HTTP/1.1" 200 154411
216.244.66.195 - - [09/Jan/2024:19:52:55 -0500] "GET /BLA/resoluciones/AUTOS%202011/2182.pdf HTTP/1.1" 200 319257
216.244.66.195 - - [09/Jan/2024:19:52:58 -0500] "GET /BLA/resoluciones/AUTOS%202011/2987.pdf HTTP/1.1" 200 536
216.244.66.195 - - [09/Jan/2024:19:53:00 -0500] "GET /BLA/resoluciones/AUTOS%202011/3038.pdf HTTP/1.1" 200 67375
216.244.66.195 - - [09/Jan/2024:19:53:03 -0500] "GET /BLA/resoluciones/AUTOS%202011/3048.pdf HTTP/1.1" 200 161237
216.244.66.195 - - [09/Jan/2024:19:53:05 -0500] "GET /BLA/resoluciones/AUTOS%202011/3729.pdf HTTP/1.1" 200 293315
216.244.66.195 - - [09/Jan/2024:19:53:08 -0500] "GET /BLA/resoluciones/AUTOS%202011/3786.pdf HTTP/1.1" 200 174407
172.22.2.4 - - [09/Jan/2024:19:51:29 -0500] "HEAD /BLA/boletinlegal/ HTTP/1.1" 200 -
216.244.66.195 - - [09/Jan/2024:19:53:12 -0500] "GET /BLA/resoluciones/AUTOS%202012/0129.pdf HTTP/1.1" 200 321291
216.244.66.195 - - [09/Jan/2024:19:53:16 -0500] "GET /BLA/resoluciones/AUTOS%202012/0452.pdf HTTP/1.1" 200 348481
216.244.66.195 - - [09/Jan/2024:19:53:19 -0500] "GET /BLA/resoluciones/AUTOS%202012/0453.pdf HTTP/1.1" 200 222151
216.244.66.195 - - [09/Jan/2024:19:53:22 -0500] "GET /BLA/resoluciones/AUTOS%202012/0731.pdf HTTP/1.1" 200 430802
216.244.66.195 - - [09/Jan/2024:19:53:29 -0500] "GET /BLA/resoluciones/AUTOS%202012/0898.pdf HTTP/1.1" 200 679748
172.22.2.4 - - [09/Jan/2024:19:52:21 -0500] "GET /BLA/boletinlegal/ HTTP/1.1" 200 58567
216.244.66.195 - - [09/Jan/2024:19:54:03 -0500] "GET /BLA/resoluciones/AUTOS%202012/1117.pdf HTTP/1.1" 200 216977
69.63.184.8 - - [09/Jan/2024:19:54:06 -0500] "GET /inicia-el-2024-conociendo-la-biodiversidad-de-bogoti.html HTTP/1.1" 200 894
216.244.66.195 - - [09/Jan/2024:19:54:32 -0500] "GET /BLA/resoluciones/AUTOS%202012/1166.pdf HTTP/1.1" 200 262257
191.102.109.86 - - [09/Jan/2024:19:54:37 -0500] "GET /appsia/controlador HTTP/1.1" 200 4799
191.102.109.86 - - [09/Jan/2024:19:54:39 -0500] "GET /appsia/css/estilos.css HTTP/1.1" 200 4804
191.102.109.86 - - [09/Jan/2024:19:54:39 -0500] "GET /appsia/scripts/validarIngreso.js HTTP/1.1" 200 851
191.102.109.86 - - [09/Jan/2024:19:54:39 -0500] "GET /appsia/images/cabezoteHojaVida.png HTTP/1.1" 200 32493
191.102.109.86 - - [09/Jan/2024:19:54:39 -0500] "GET /appsia/images/logo_bogota_p.png HTTP/1.1" 200 14951
191.102.109.86 - - [09/Jan/2024:19:54:40 -0500] "GET /favicon.ico HTTP/1.1" 200 7782
191.102.109.86 - - [09/Jan/2024:19:54:58 -0500] "POST /appsia/controlador HTTP/1.1" 200 5437
216.244.66.195 - - [09/Jan/2024:19:55:02 -0500] "GET /BLA/resoluciones/AUTOS%202012/1478.pdf HTTP/1.1" 200 351827
191.102.109.86 - - [09/Jan/2024:19:55:10 -0500] "POST /appsia/controlador HTTP/1.1" 200 7728
191.102.109.86 - - [09/Jan/2024:19:55:10 -0500] "GET /appsia/images/logo_escudo.png HTTP/1.1" 200 36965
216.245.221.92 - - [09/Jan/2024:19:55:26 -0500] "HEAD / HTTP/1.1" 200 -
216.244.66.195 - - [09/Jan/2024:19:55:28 -0500] "GET /BLA/resoluciones/AUTOS%202012/1644.pdf HTTP/1.1" 200 367975
201.245.192.253 - - [09/Jan/2024:19:57:48 -0500] "POST /kwsrmcab/Wsrmcab  HTTP/1.1" 200 36937
172.22.2.4 - - [09/Jan/2024:19:57:20 -0500] "HEAD /BLA/boletinlegal/ HTTP/1.1" 200 -
186.114.108.17 - - [09/Jan/2024:19:59:36 -0500] "GET /BLA/resoluciones/index.php HTTP/1.1" 200 13696
186.114.108.17 - - [09/Jan/2024:19:59:38 -0500] "GET /BLA/resoluciones/index.php?dir=AUTOS+2014%2F HTTP/1.1" 200 891340
172.22.2.4 - - [09/Jan/2024:19:58:11 -0500] "GET /BLA/boletinlegal/ HTTP/1.1" 200 54780
216.245.221.92 - - [09/Jan/2024:20:00:26 -0500] "HEAD / HTTP/1.1" 200 -
191.95.58.155 - - [09/Jan/2024:20:02:32 -0500] "GET /sipse/faces/index.xhtml HTTP/1.1" 200 677
191.95.58.155 - - [09/Jan/2024:20:02:33 -0500] "GET /sipse/faces/javax.faces.resource/theme.css?ln=primefaces-sipse HTTP/1.1" 200 50058
191.95.58.155 - - [09/Jan/2024:20:02:33 -0500] "GET /sipse/faces/faces/autenticacion.xhtml HTTP/1.1" 200 12410
191.95.58.155 - - [09/Jan/2024:20:02:33 -0500] "GET /sipse/js/disable_browser_buttons.js HTTP/1.1" 200 3230
191.95.58.155 - - [09/Jan/2024:20:02:33 -0500] "GET /sipse/css/custom_css_sg.css HTTP/1.1" 200 9694
191.95.58.155 - - [09/Jan/2024:20:02:33 -0500] "GET /sipse/css/custom_css_sg_prime_login.css HTTP/1.1" 200 443
191.95.58.155 - - [09/Jan/2024:20:02:33 -0500] "GET /sipse/js/funciones.js HTTP/1.1" 200 12592
191.95.58.155 - - [09/Jan/2024:20:02:33 -0500] "GET /sipse/faces/javax.faces.resource/layout/layout.css?ln=primefaces&v=4.0 HTTP/1.1" 200 542
191.95.58.155 - - [09/Jan/2024:20:02:33 -0500] "GET /favicon.ico HTTP/1.1" 200 7782
191.95.58.155 - - [09/Jan/2024:20:02:33 -0500] "GET /sipse/faces/javax.faces.resource/primefaces.css?ln=primefaces&v=4.0 HTTP/1.1" 200 53295
191.95.58.155 - - [09/Jan/2024:20:02:33 -0500] "GET /sipse/faces/javax.faces.resource/jquery/jquery.js?ln=primefaces&v=4.0 HTTP/1.1" 200 105384
191.95.58.155 - - [09/Jan/2024:20:02:33 -0500] "GET /sipse/faces/javax.faces.resource/layout/layout.js?ln=primefaces&v=4.0 HTTP/1.1" 200 87560
191.95.58.155 - - [09/Jan/2024:20:02:33 -0500] "GET /sipse/faces/javax.faces.resource/jquery/jquery-plugins.js?ln=primefaces&v=4.0 HTTP/1.1" 200 220526
191.95.58.155 - - [09/Jan/2024:20:02:33 -0500] "GET /sipse/faces/javax.faces.resource/primefaces.js?ln=primefaces&v=4.0 HTTP/1.1" 200 276924
191.95.58.155 - - [09/Jan/2024:20:02:34 -0500] "GET /sipse/faces/javax.faces.resource/images/ui-icons_898989_256x240.png?ln=primefaces-aristo HTTP/1.1" 200 5355
191.95.58.155 - - [09/Jan/2024:20:02:34 -0500] "GET /sipse/css/imagen/loginimg.png HTTP/1.1" 200 71635
191.95.58.155 - - [09/Jan/2024:20:02:34 -0500] "GET /sipse/css/imagen/logoSDG.png HTTP/1.1" 200 53064
191.95.58.155 - - [09/Jan/2024:20:02:42 -0500] "POST /sipse/faces/autenticacion.xhtml HTTP/1.1" 200 2224
191.95.58.155 - - [09/Jan/2024:20:02:42 -0500] "GET /sipse/faces/javax.faces.resource/messages/messages.png?ln=primefaces&v=4.0 HTTP/1.1" 200 27209
191.95.58.155 - - [09/Jan/2024:20:02:44 -0500] "POST /sipse/faces/autenticacion.xhtml HTTP/1.1" 200 16422
191.95.58.155 - - [09/Jan/2024:20:02:44 -0500] "GET /sipse/css/custom_css_sg_prime.css HTTP/1.1" 200 5201
191.95.58.155 - - [09/Jan/2024:20:02:44 -0500] "GET /sipse/faces/javax.faces.resource/theme.css?ln=primefaces-sipse HTTP/1.1" 304 -
191.95.58.155 - - [09/Jan/2024:20:02:44 -0500] "GET /sipse/faces/javax.faces.resource/primefaces.css?ln=primefaces&v=4.0 HTTP/1.1" 304 -
191.95.58.155 - - [09/Jan/2024:20:02:44 -0500] "GET /sipse/faces/javax.faces.resource/layout/layout.css?ln=primefaces&v=4.0 HTTP/1.1" 304 -
191.95.58.155 - - [09/Jan/2024:20:02:44 -0500] "GET /sipse/js/jquery.min.js HTTP/1.1" 200 85582
191.95.58.155 - - [09/Jan/2024:20:02:45 -0500] "GET /sipse/faces/javax.faces.resource/jquery/jquery.js?ln=primefaces&v=4.0 HTTP/1.1" 304 -
191.95.58.155 - - [09/Jan/2024:20:02:45 -0500] "GET /sipse/faces/javax.faces.resource/jquery/jquery-plugins.js?ln=primefaces&v=4.0 HTTP/1.1" 304 -
191.95.58.155 - - [09/Jan/2024:20:02:45 -0500] "GET /sipse/faces/javax.faces.resource/primefaces.js?ln=primefaces&v=4.0 HTTP/1.1" 304 -
191.95.58.155 - - [09/Jan/2024:20:02:45 -0500] "GET /sipse/faces/javax.faces.resource/layout/layout.js?ln=primefaces&v=4.0 HTTP/1.1" 304 -
191.95.58.155 - - [09/Jan/2024:20:02:45 -0500] "GET /sipse/css/v_mergente.css HTTP/1.1" 200 1505
191.95.58.155 - - [09/Jan/2024:20:02:45 -0500] "GET /sipse/css/imagen/contrasena.png HTTP/1.1" 404 383
191.95.58.155 - - [09/Jan/2024:20:02:45 -0500] "GET /sipse/imagenes/cargando.gif HTTP/1.1" 200 36959
191.95.58.155 - - [09/Jan/2024:20:02:45 -0500] "GET /sipse/imagenes/logoAplicacion.jpg HTTP/1.1" 200 155084
191.95.58.155 - - [09/Jan/2024:20:02:47 -0500] "GET /sipse/faces/javax.faces.resource/images/ui-bg_flat_0_2d5972_40x100.png?ln=primefaces-aristo HTTP/1.1" 200 183
191.95.58.155 - - [09/Jan/2024:20:02:47 -0500] "POST /sipse/faces/bienvenido.xhtml HTTP/1.1" 200 2658
201.245.192.253 - - [09/Jan/2024:20:02:46 -0500] "POST /kwsrmcab/Wsrmcab  HTTP/1.1" 200 36937
191.95.58.155 - - [09/Jan/2024:20:02:48 -0500] "POST /sipse/faces/bienvenido.xhtml HTTP/1.1" 200 64411
191.95.58.155 - - [09/Jan/2024:20:02:49 -0500] "GET /sipse/faces/javax.faces.resource/theme.css?ln=primefaces-sipse HTTP/1.1" 304 -
191.95.58.155 - - [09/Jan/2024:20:02:49 -0500] "GET /sipse/faces/javax.faces.resource/primefaces.css?ln=primefaces&v=4.0 HTTP/1.1" 304 -
191.95.58.155 - - [09/Jan/2024:20:02:49 -0500] "GET /sipse/faces/javax.faces.resource/jquery/jquery.js?ln=primefaces&v=4.0 HTTP/1.1" 304 -
191.95.58.155 - - [09/Jan/2024:20:02:49 -0500] "GET /sipse/faces/javax.faces.resource/layout/layout.css?ln=primefaces&v=4.0 HTTP/1.1" 304 -
191.95.58.155 - - [09/Jan/2024:20:02:49 -0500] "GET /sipse/faces/javax.faces.resource/jquery/jquery-plugins.js?ln=primefaces&v=4.0 HTTP/1.1" 304 -
191.95.58.155 - - [09/Jan/2024:20:02:49 -0500] "GET /sipse/faces/javax.faces.resource/primefaces.js?ln=primefaces&v=4.0 HTTP/1.1" 304 -
191.95.58.155 - - [09/Jan/2024:20:02:49 -0500] "GET /sipse/faces/javax.faces.resource/layout/layout.js?ln=primefaces&v=4.0 HTTP/1.1" 304 -
191.95.58.155 - - [09/Jan/2024:20:02:49 -0500] "POST /sipse/faces/presentacion/financiero/solicitudProceso/listarSolicitudProceso.xhtml HTTP/1.1" 200 1556
191.95.58.155 - - [09/Jan/2024:20:02:54 -0500] "POST /sipse/faces/presentacion/financiero/solicitudProceso/listarSolicitudProceso.xhtml HTTP/1.1" 200 2845
47.128.99.255 - - [09/Jan/2024:20:02:55 -0500] "GET /BLA/resoluciones/dlf/dirup.png HTTP/1.1" 200 644
47.128.99.255 - - [09/Jan/2024:20:02:55 -0500] "GET /BLA/resoluciones/dlf/unknown.png HTTP/1.1" 200 266
191.95.58.155 - - [09/Jan/2024:20:02:55 -0500] "POST /sipse/faces/presentacion/financiero/solicitudProceso/listarSolicitudProceso.xhtml HTTP/1.1" 200 40773
191.95.58.155 - - [09/Jan/2024:20:02:55 -0500] "GET /sipse/faces/javax.faces.resource/theme.css?ln=primefaces-sipse HTTP/1.1" 304 -
191.95.58.155 - - [09/Jan/2024:20:02:55 -0500] "GET /sipse/faces/javax.faces.resource/primefaces.css?ln=primefaces&v=4.0 HTTP/1.1" 304 -
191.95.58.155 - - [09/Jan/2024:20:02:55 -0500] "GET /sipse/faces/javax.faces.resource/jquery/jquery.js?ln=primefaces&v=4.0 HTTP/1.1" 304 -
191.95.58.155 - - [09/Jan/2024:20:02:55 -0500] "GET /sipse/faces/javax.faces.resource/layout/layout.css?ln=primefaces&v=4.0 HTTP/1.1" 304 -
191.95.58.155 - - [09/Jan/2024:20:02:55 -0500] "GET /sipse/faces/javax.faces.resource/jquery/jquery-plugins.js?ln=primefaces&v=4.0 HTTP/1.1" 304 -
191.95.58.155 - - [09/Jan/2024:20:02:55 -0500] "GET /sipse/faces/javax.faces.resource/primefaces.js?ln=primefaces&v=4.0 HTTP/1.1" 304 -
191.95.58.155 - - [09/Jan/2024:20:02:55 -0500] "GET /sipse/faces/javax.faces.resource/layout/layout.js?ln=primefaces&v=4.0 HTTP/1.1" 304 -
191.95.58.155 - - [09/Jan/2024:20:02:55 -0500] "POST /sipse/faces/presentacion/financiero/solicitudProceso/consultar.xhtml HTTP/1.1" 200 34137
47.128.99.255 - - [09/Jan/2024:20:02:54 -0500] "GET /BLA/resoluciones/index.php?dir=RESOLUCIONES+2005%2FRES+2005+2451-2500%2F HTTP/1.1" 200 12370
191.95.58.155 - - [09/Jan/2024:20:02:58 -0500] "POST /sipse/faces/presentacion/financiero/solicitudProceso/consultar.xhtml HTTP/1.1" 200 12939
191.95.58.155 - - [09/Jan/2024:20:03:03 -0500] "POST /sipse/faces/presentacion/financiero/solicitudProceso/consultar.xhtml HTTP/1.1" 200 154656
191.95.58.155 - - [09/Jan/2024:20:03:03 -0500] "GET /sipse/faces/javax.faces.resource/layout/layout.css?ln=primefaces&v=4.0 HTTP/1.1" 304 -
191.95.58.155 - - [09/Jan/2024:20:03:03 -0500] "GET /sipse/faces/javax.faces.resource/primefaces.css?ln=primefaces&v=4.0 HTTP/1.1" 304 -
191.95.58.155 - - [09/Jan/2024:20:03:03 -0500] "GET /sipse/faces/javax.faces.resource/theme.css?ln=primefaces-sipse HTTP/1.1" 304 -
191.95.58.155 - - [09/Jan/2024:20:03:04 -0500] "GET /sipse/faces/javax.faces.resource/jquery/jquery.js?ln=primefaces&v=4.0 HTTP/1.1" 304 -
191.95.58.155 - - [09/Jan/2024:20:03:04 -0500] "GET /sipse/faces/javax.faces.resource/jquery/jquery-plugins.js?ln=primefaces&v=4.0 HTTP/1.1" 304 -
191.95.58.155 - - [09/Jan/2024:20:03:04 -0500] "GET /sipse/faces/javax.faces.resource/primefaces.js?ln=primefaces&v=4.0 HTTP/1.1" 304 -
191.95.58.155 - - [09/Jan/2024:20:03:04 -0500] "GET /sipse/faces/javax.faces.resource/layout/layout.js?ln=primefaces&v=4.0 HTTP/1.1" 304 -
191.95.58.155 - - [09/Jan/2024:20:03:13 -0500] "POST /sipse/faces/presentacion/financiero/solicitudProceso/consultarSolicitudProceso.xhtml HTTP/1.1" 200 396351
40.77.167.152 - - [09/Jan/2024:20:03:34 -0500] "GET /portaldeninos/wp-content/uploads/2021/11/flores-humedales-bogota-18-mayo-1200x480.jpg HTTP/1.1" 200 57593
47.128.99.41 - - [09/Jan/2024:20:03:34 -0500] "GET /BLA/resoluciones/index.php?dir=RESOLUCIONES%202004%2FRES%202004%20701-750%2F&order=asc&sort=date HTTP/1.1" 200 12059
47.128.99.41 - - [09/Jan/2024:20:03:35 -0500] "GET /BLA/resoluciones/dlf/unknown.png HTTP/1.1" 200 266
47.128.99.41 - - [09/Jan/2024:20:03:35 -0500] "GET /BLA/resoluciones/dlf/dirup.png HTTP/1.1" 200 644
47.128.96.229 - - [09/Jan/2024:20:03:59 -0500] "GET /BLA/resoluciones/index.php?dir=RESOLUCIONES%202002%2FRES%202002%20151-200%2F&order=desc&sort=name HTTP/1.1" 200 12569
47.128.96.229 - - [09/Jan/2024:20:04:00 -0500] "GET /BLA/resoluciones/dlf/dirup.png HTTP/1.1" 200 644
47.128.96.229 - - [09/Jan/2024:20:04:00 -0500] "GET /BLA/resoluciones/dlf/pdf.gif HTTP/1.1" 200 272
47.128.96.229 - - [09/Jan/2024:20:04:00 -0500] "GET /BLA/resoluciones/dlf/unknown.png HTTP/1.1" 200 266
47.128.99.90 - - [09/Jan/2024:20:04:19 -0500] "GET /BLA/resoluciones/dlf/dirup.png HTTP/1.1" 200 644
47.128.99.90 - - [09/Jan/2024:20:04:19 -0500] "GET /BLA/resoluciones/dlf/unknown.png HTTP/1.1" 200 266
47.128.99.90 - - [09/Jan/2024:20:04:18 -0500] "GET /BLA/resoluciones/index.php?dir=RESOLUCIONES+2005%2FRES+2005+2401-2450%2F HTTP/1.1" 200 12361
181.53.14.144 - - [09/Jan/2024:20:04:39 -0500] "GET /favicon.ico HTTP/1.1" 404 1136
47.128.121.110 - - [09/Jan/2024:20:04:39 -0500] "GET /BLA/resoluciones/dlf/pdf.gif HTTP/1.1" 200 272
47.128.121.110 - - [09/Jan/2024:20:04:39 -0500] "GET /BLA/resoluciones/dlf/dirup.png HTTP/1.1" 200 644
47.128.121.110 - - [09/Jan/2024:20:04:38 -0500] "GET /BLA/resoluciones/index.php?dir=Notificaciones%2FREGISTROS%202019%2F&order=desc&sort=size HTTP/1.1" 200 18600
172.22.2.4 - - [09/Jan/2024:20:03:10 -0500] "HEAD /BLA/boletinlegal/ HTTP/1.1" 200 -
47.128.24.22 - - [09/Jan/2024:20:04:54 -0500] "GET /BLA/resoluciones/index.php?dir=RESOLUCIONES+2005%2FRES+2005+701-750%2F HTTP/1.1" 200 12247
47.128.24.22 - - [09/Jan/2024:20:04:54 -0500] "GET /BLA/resoluciones/dlf/dirup.png HTTP/1.1" 200 644
47.128.24.22 - - [09/Jan/2024:20:04:54 -0500] "GET /BLA/resoluciones/dlf/unknown.png HTTP/1.1" 200 266
47.128.121.12 - - [09/Jan/2024:20:05:16 -0500] "GET /BLA/resoluciones/index.php?dir=RESOLUCIONES%202003%2FRES%202003%20851-900%2F&order=asc&sort=date HTTP/1.1" 200 11302
47.128.121.12 - - [09/Jan/2024:20:05:17 -0500] "GET /BLA/resoluciones/dlf/dirup.png HTTP/1.1" 200 644
47.128.121.12 - - [09/Jan/2024:20:05:17 -0500] "GET /BLA/resoluciones/dlf/unknown.png HTTP/1.1" 200 266
216.245.221.92 - - [09/Jan/2024:20:05:26 -0500] "HEAD / HTTP/1.1" 200 -
172.22.2.4 - - [09/Jan/2024:20:04:01 -0500] "GET /BLA/boletinlegal/ HTTP/1.1" 200 58567
47.128.25.52 - - [09/Jan/2024:20:05:40 -0500] "GET /BLA/resoluciones/index.php?dir=RESOLUCIONES%202003%2FRES%202003%201251-1300%2F&order=asc&sort=date HTTP/1.1" 200 12202
47.128.25.52 - - [09/Jan/2024:20:05:41 -0500] "GET /BLA/resoluciones/dlf/dirup.png HTTP/1.1" 200 644
47.128.25.52 - - [09/Jan/2024:20:05:41 -0500] "GET /BLA/resoluciones/dlf/unknown.png HTTP/1.1" 200 266
216.244.66.195 - - [09/Jan/2024:20:06:39 -0500] "GET /robots.txt HTTP/1.1" 404 1018
66.249.79.224 - - [09/Jan/2024:20:06:45 -0500] "GET /Publicaciones/2023EE283619.pdf HTTP/1.1" 404 228
47.128.45.242 - - [09/Jan/2024:20:07:15 -0500] "GET /BLA/resoluciones/index.php?dir=RESOLUCIONES%202005%2FRES%202005%202801-2850%2F&order=asc&sort=size HTTP/1.1" 200 11939
47.128.45.242 - - [09/Jan/2024:20:07:16 -0500] "GET /BLA/resoluciones/dlf/unknown.png HTTP/1.1" 200 266
47.128.45.242 - - [09/Jan/2024:20:07:16 -0500] "GET /BLA/resoluciones/dlf/dirup.png HTTP/1.1" 200 644
201.245.192.253 - - [09/Jan/2024:20:07:44 -0500] "POST /kwsrmcab/Wsrmcab  HTTP/1.1" 200 36937
190.24.26.156 - - [09/Jan/2024:20:08:00 -0500] "GET /inicia-el-2024-conociendo-la-biodiversidad-de-bogoti.html?fbclid=IwAR2wvWwBzj_3f9nwFkQMHorAStQjgQIPzZMqYgPseQ8WjFpppEdj6GIROXk HTTP/1.1" 200 894
66.249.79.238 - - [09/Jan/2024:20:08:31 -0500] "GET /Publicaciones/2023EE263802.pdf HTTP/1.1" 404 228
172.22.2.4 - - [09/Jan/2024:20:08:10 -0500] "GET /BLA/boletinlegal/ HTTP/1.1" 200 32715
66.249.66.194 - - [09/Jan/2024:20:09:39 -0500] "GET /dia-mundial-del-agua-2023-programate-para-participar-en-estas-actividades-de-educacion-ambiental.html HTTP/1.1" 200 903
31.13.127.3 - - [09/Jan/2024:20:10:03 -0500] "GET /images/Musgo%2017%20-%2012%20-%202023.jpeg HTTP/1.1" 200 66238
45.156.129.37 - - [09/Jan/2024:20:10:20 -0500] "GET / HTTP/1.1" 200 319
216.245.221.92 - - [09/Jan/2024:20:10:26 -0500] "HEAD / HTTP/1.1" 200 -
172.22.2.4 - - [09/Jan/2024:20:09:00 -0500] "HEAD /BLA/boletinlegal/ HTTP/1.1" 200 -
172.22.2.4 - - [09/Jan/2024:20:09:53 -0500] "GET /BLA/boletinlegal/ HTTP/1.1" 200 24523
172.22.2.4 - - [09/Jan/2024:20:09:51 -0500] "GET /BLA/boletinlegal/ HTTP/1.1" 200 52418
201.245.192.253 - - [09/Jan/2024:20:12:44 -0500] "POST /kwsrmcab/Wsrmcab  HTTP/1.1" 200 36937
116.202.20.140 - - [09/Jan/2024:20:14:25 -0500] "GET / HTTP/1.1" 200 4720
116.202.20.140 - - [09/Jan/2024:20:14:25 -0500] "GET / HTTP/1.1" 200 319
201.245.192.253 - - [09/Jan/2024:20:14:58 -0500] "POST /kwsrmcab/Wsrmcab HTTP/1.1" 200 37037
201.245.192.253 - - [09/Jan/2024:20:15:01 -0500] "POST /kwsrmcab/Wsrmcab HTTP/1.1" 200 36711
216.245.221.92 - - [09/Jan/2024:20:15:26 -0500] "HEAD / HTTP/1.1" 200 -
192.144.113.99 - - [09/Jan/2024:20:16:05 -0500] "GET /inicia-el-2024-conociendo-la-biodiversidad-de-bogoti.html?fbclid=IwAR3IPjYhaCDhXyH-ycGFqjCuZXMmFMo_o9c5nH4YPJ2zfHC_H-CutGZ30dk HTTP/1.1" 200 894
172.22.2.4 - - [09/Jan/2024:20:14:50 -0500] "HEAD /BLA/boletinlegal/ HTTP/1.1" 200 -
172.22.2.4 - - [09/Jan/2024:20:15:41 -0500] "GET /BLA/boletinlegal/ HTTP/1.1" 200 58567
66.249.79.238 - - [09/Jan/2024:20:17:33 -0500] "GET /BLA/resoluciones/RESOLUCIONES%202017/1659.pdf HTTP/1.1" 304 -
201.245.192.253 - - [09/Jan/2024:20:17:42 -0500] "POST /kwsrmcab/Wsrmcab  HTTP/1.1" 200 36937
201.245.192.253 - - [09/Jan/2024:20:19:12 -0500] "POST /kwsrmcab/Wsrmcab HTTP/1.1" 200 37037
201.245.192.253 - - [09/Jan/2024:20:19:52 -0500] "POST /kwsrmcab/Wsrmcab HTTP/1.1" 200 36711
216.245.221.92 - - [09/Jan/2024:20:20:26 -0500] "HEAD / HTTP/1.1" 200 -
172.22.2.4 - - [09/Jan/2024:20:20:40 -0500] "HEAD /BLA/boletinlegal/ HTTP/1.1" 200 -
201.245.192.253 - - [09/Jan/2024:20:22:41 -0500] "POST /kwsrmcab/Wsrmcab  HTTP/1.1" 200 36937
186.84.21.136 - - [09/Jan/2024:20:23:04 -0500] "POST /sipse/faces/autenticacion.xhtml HTTP/1.1" 200 2225
186.84.21.136 - - [09/Jan/2024:20:23:05 -0500] "POST /sipse/faces/autenticacion.xhtml HTTP/1.1" 200 16389
186.84.21.136 - - [09/Jan/2024:20:23:05 -0500] "GET /sipse/css/custom_css_sg.css HTTP/1.1" 304 -
186.84.21.136 - - [09/Jan/2024:20:23:05 -0500] "GET /sipse/faces/javax.faces.resource/theme.css?ln=primefaces-sipse HTTP/1.1" 304 -
186.84.21.136 - - [09/Jan/2024:20:23:05 -0500] "GET /sipse/faces/javax.faces.resource/primefaces.css?ln=primefaces&v=4.0 HTTP/1.1" 304 -
186.84.21.136 - - [09/Jan/2024:20:23:05 -0500] "GET /sipse/faces/javax.faces.resource/layout/layout.css?ln=primefaces&v=4.0 HTTP/1.1" 304 -
186.84.21.136 - - [09/Jan/2024:20:23:05 -0500] "GET /sipse/faces/javax.faces.resource/jquery/jquery.js?ln=primefaces&v=4.0 HTTP/1.1" 304 -
186.84.21.136 - - [09/Jan/2024:20:23:05 -0500] "GET /sipse/faces/javax.faces.resource/jquery/jquery-plugins.js?ln=primefaces&v=4.0 HTTP/1.1" 304 -
186.84.21.136 - - [09/Jan/2024:20:23:05 -0500] "GET /sipse/faces/javax.faces.resource/primefaces.js?ln=primefaces&v=4.0 HTTP/1.1" 304 -
186.84.21.136 - - [09/Jan/2024:20:23:05 -0500] "GET /sipse/faces/javax.faces.resource/layout/layout.js?ln=primefaces&v=4.0 HTTP/1.1" 304 -
186.84.21.136 - - [09/Jan/2024:20:23:05 -0500] "GET /sipse/css/imagen/contrasena.png HTTP/1.1" 404 383
186.84.21.136 - - [09/Jan/2024:20:23:05 -0500] "GET /sipse/faces/javax.faces.resource/images/ui-icons_898989_256x240.png?ln=primefaces-aristo HTTP/1.1" 304 -
186.84.21.136 - - [09/Jan/2024:20:23:05 -0500] "GET /sipse/css/imagen/logoSDG.png HTTP/1.1" 304 -
186.84.21.136 - - [09/Jan/2024:20:23:06 -0500] "GET /sipse/faces/javax.faces.resource/images/ui-bg_flat_0_2d5972_40x100.png?ln=primefaces-aristo HTTP/1.1" 304 -
186.84.21.136 - - [09/Jan/2024:20:23:06 -0500] "POST /sipse/faces/bienvenido.xhtml HTTP/1.1" 200 2073
186.84.21.136 - - [09/Jan/2024:20:23:07 -0500] "POST /sipse/faces/bienvenido.xhtml HTTP/1.1" 200 39016
186.84.21.136 - - [09/Jan/2024:20:23:07 -0500] "GET /sipse/faces/javax.faces.resource/theme.css?ln=primefaces-sipse HTTP/1.1" 304 -
186.84.21.136 - - [09/Jan/2024:20:23:07 -0500] "GET /sipse/faces/javax.faces.resource/primefaces.css?ln=primefaces&v=4.0 HTTP/1.1" 304 -
186.84.21.136 - - [09/Jan/2024:20:23:07 -0500] "GET /sipse/faces/javax.faces.resource/layout/layout.css?ln=primefaces&v=4.0 HTTP/1.1" 304 -
186.84.21.136 - - [09/Jan/2024:20:23:07 -0500] "GET /sipse/faces/javax.faces.resource/jquery/jquery.js?ln=primefaces&v=4.0 HTTP/1.1" 304 -
186.84.21.136 - - [09/Jan/2024:20:23:07 -0500] "GET /sipse/faces/javax.faces.resource/jquery/jquery-plugins.js?ln=primefaces&v=4.0 HTTP/1.1" 304 -
186.84.21.136 - - [09/Jan/2024:20:23:07 -0500] "GET /sipse/faces/javax.faces.resource/primefaces.js?ln=primefaces&v=4.0 HTTP/1.1" 304 -
186.84.21.136 - - [09/Jan/2024:20:23:07 -0500] "GET /sipse/faces/javax.faces.resource/layout/layout.js?ln=primefaces&v=4.0 HTTP/1.1" 304 -
186.84.21.136 - - [09/Jan/2024:20:23:08 -0500] "POST /sipse/faces/presentacion/financiero/solicitudProceso/consultar.xhtml HTTP/1.1" 200 39400
172.22.2.4 - - [09/Jan/2024:20:21:31 -0500] "GET /BLA/boletinlegal/ HTTP/1.1" 200 58567
52.167.144.140 - - [09/Jan/2024:20:23:19 -0500] "GET /galeria/galeria/jquery.fancybox.js?v=2.1.5 HTTP/1.1" 200 48706
186.84.21.136 - - [09/Jan/2024:20:23:23 -0500] "POST /sipse/faces/presentacion/financiero/solicitudProceso/consultar.xhtml HTTP/1.1" 200 5948
186.84.21.136 - - [09/Jan/2024:20:23:27 -0500] "POST /sipse/faces/presentacion/financiero/solicitudProceso/consultar.xhtml HTTP/1.1" 200 30750
186.84.21.136 - - [09/Jan/2024:20:23:29 -0500] "POST /sipse/faces/presentacion/financiero/solicitudProceso/consultar.xhtml HTTP/1.1" 200 30553
186.84.21.136 - - [09/Jan/2024:20:23:34 -0500] "POST /sipse/faces/presentacion/financiero/solicitudProceso/consultar.xhtml HTTP/1.1" 200 5956
216.244.66.195 - - [09/Jan/2024:20:23:37 -0500] "GET /BLA/resoluciones/RESOLUCIONES%202017/2752.pdf HTTP/1.1" 200 552216
186.84.21.136 - - [09/Jan/2024:20:23:41 -0500] "POST /sipse/faces/presentacion/financiero/solicitudProceso/consultar.xhtml HTTP/1.1" 200 30750
186.84.21.136 - - [09/Jan/2024:20:23:41 -0500] "POST /sipse/faces/presentacion/financiero/solicitudProceso/consultar.xhtml HTTP/1.1" 200 30758
216.244.66.195 - - [09/Jan/2024:20:23:43 -0500] "GET /BLA/resoluciones/RESOLUCIONES%202017/3257.pdf HTTP/1.1" 200 378495
216.244.66.195 - - [09/Jan/2024:20:23:48 -0500] "GET /BLA/resoluciones/RESOLUCIONES%202017/3370.pdf HTTP/1.1" 200 271074
186.84.21.136 - - [09/Jan/2024:20:23:54 -0500] "POST /sipse/faces/presentacion/financiero/solicitudProceso/consultar.xhtml HTTP/1.1" 200 103653
186.84.21.136 - - [09/Jan/2024:20:23:54 -0500] "GET /sipse/faces/javax.faces.resource/theme.css?ln=primefaces-sipse HTTP/1.1" 304 -
186.84.21.136 - - [09/Jan/2024:20:23:54 -0500] "GET /sipse/faces/javax.faces.resource/primefaces.css?ln=primefaces&v=4.0 HTTP/1.1" 304 -
186.84.21.136 - - [09/Jan/2024:20:23:54 -0500] "GET /sipse/faces/javax.faces.resource/layout/layout.css?ln=primefaces&v=4.0 HTTP/1.1" 304 -
186.84.21.136 - - [09/Jan/2024:20:23:54 -0500] "GET /sipse/faces/javax.faces.resource/jquery/jquery.js?ln=primefaces&v=4.0 HTTP/1.1" 304 -
186.84.21.136 - - [09/Jan/2024:20:23:54 -0500] "GET /sipse/faces/javax.faces.resource/jquery/jquery-plugins.js?ln=primefaces&v=4.0 HTTP/1.1" 304 -
186.84.21.136 - - [09/Jan/2024:20:23:54 -0500] "GET /sipse/faces/javax.faces.resource/primefaces.js?ln=primefaces&v=4.0 HTTP/1.1" 304 -
186.84.21.136 - - [09/Jan/2024:20:23:54 -0500] "GET /sipse/faces/javax.faces.resource/layout/layout.js?ln=primefaces&v=4.0 HTTP/1.1" 304 -
216.244.66.195 - - [09/Jan/2024:20:24:22 -0500] "GET /BLA/resoluciones/RESOLUCIONES%202017/3426.pdf HTTP/1.1" 200 611253
186.84.21.136 - - [09/Jan/2024:20:24:37 -0500] "POST /sipse/faces/presentacion/financiero/solicitudProceso/consultarSolicitudProceso.xhtml HTTP/1.1" 200 27071
186.84.21.136 - - [09/Jan/2024:20:24:37 -0500] "GET /sipse/faces/javax.faces.resource/theme.css?ln=primefaces-sipse HTTP/1.1" 304 -
186.84.21.136 - - [09/Jan/2024:20:24:37 -0500] "GET /sipse/faces/javax.faces.resource/primefaces.css?ln=primefaces&v=4.0 HTTP/1.1" 304 -
186.84.21.136 - - [09/Jan/2024:20:24:37 -0500] "GET /sipse/faces/javax.faces.resource/layout/layout.css?ln=primefaces&v=4.0 HTTP/1.1" 304 -
