186.84.21.136 - - [09/Jan/2024:18:16:11 -0500] "GET /sipse/faces/faces/faces/autenticacion.xhtml HTTP/1.1" 200 12401
186.84.21.136 - - [09/Jan/2024:18:16:11 -0500] "GET /sipse/faces/javax.faces.resource/primefaces.css?ln=primefaces&v=4.0 HTTP/1.1" 304 -
186.84.21.136 - - [09/Jan/2024:18:16:11 -0500] "GET /sipse/faces/javax.faces.resource/theme.css?ln=primefaces-sipse HTTP/1.1" 304 -
186.84.21.136 - - [09/Jan/2024:18:16:11 -0500] "GET /sipse/faces/javax.faces.resource/jquery/jquery-plugins.js?ln=primefaces&v=4.0 HTTP/1.1" 304 -
186.84.21.136 - - [09/Jan/2024:18:16:11 -0500] "GET /sipse/faces/javax.faces.resource/jquery/jquery.js?ln=primefaces&v=4.0 HTTP/1.1" 304 -
186.84.21.136 - - [09/Jan/2024:18:16:11 -0500] "GET /sipse/faces/javax.faces.resource/layout/layout.css?ln=primefaces&v=4.0 HTTP/1.1" 304 -
186.84.21.136 - - [09/Jan/2024:18:16:11 -0500] "GET /sipse/faces/javax.faces.resource/primefaces.js?ln=primefaces&v=4.0 HTTP/1.1" 304 -
186.84.21.136 - - [09/Jan/2024:18:16:11 -0500] "GET /sipse/faces/javax.faces.resource/layout/layout.js?ln=primefaces&v=4.0 HTTP/1.1" 304 -
186.84.21.136 - - [09/Jan/2024:18:16:17 -0500] "POST /sipse/faces/autenticacion.xhtml HTTP/1.1" 200 2222
186.84.21.136 - - [09/Jan/2024:18:16:17 -0500] "GET /sipse/faces/javax.faces.resource/messages/messages.png?ln=primefaces&v=4.0 HTTP/1.1" 304 -
186.84.21.136 - - [09/Jan/2024:18:16:17 -0500] "GET /sipse/faces/javax.faces.resource/images/ui-icons_898989_256x240.png?ln=primefaces-aristo HTTP/1.1" 304 -
186.84.21.136 - - [09/Jan/2024:18:16:18 -0500] "POST /sipse/faces/autenticacion.xhtml HTTP/1.1" 200 16400
186.84.21.136 - - [09/Jan/2024:18:16:18 -0500] "GET /sipse/faces/javax.faces.resource/theme.css?ln=primefaces-sipse HTTP/1.1" 304 -
186.84.21.136 - - [09/Jan/2024:18:16:18 -0500] "GET /sipse/faces/javax.faces.resource/primefaces.css?ln=primefaces&v=4.0 HTTP/1.1" 304 -
186.84.21.136 - - [09/Jan/2024:18:16:18 -0500] "GET /sipse/faces/javax.faces.resource/layout/layout.css?ln=primefaces&v=4.0 HTTP/1.1" 304 -
186.84.21.136 - - [09/Jan/2024:18:16:18 -0500] "GET /sipse/js/jquery.min.js HTTP/1.1" 304 -
186.84.21.136 - - [09/Jan/2024:18:16:18 -0500] "GET /sipse/css/custom_css_sg_prime.css HTTP/1.1" 304 -
186.84.21.136 - - [09/Jan/2024:18:16:18 -0500] "GET /sipse/faces/javax.faces.resource/jquery/jquery.js?ln=primefaces&v=4.0 HTTP/1.1" 304 -
186.84.21.136 - - [09/Jan/2024:18:16:18 -0500] "GET /sipse/faces/javax.faces.resource/jquery/jquery-plugins.js?ln=primefaces&v=4.0 HTTP/1.1" 304 -
186.84.21.136 - - [09/Jan/2024:18:16:18 -0500] "GET /sipse/faces/javax.faces.resource/primefaces.js?ln=primefaces&v=4.0 HTTP/1.1" 304 -
186.84.21.136 - - [09/Jan/2024:18:16:18 -0500] "GET /sipse/faces/javax.faces.resource/layout/layout.js?ln=primefaces&v=4.0 HTTP/1.1" 304 -
186.84.21.136 - - [09/Jan/2024:18:16:18 -0500] "GET /sipse/css/imagen/contrasena.png HTTP/1.1" 404 383
186.84.21.136 - - [09/Jan/2024:18:16:18 -0500] "GET /sipse/imagenes/cargando.gif HTTP/1.1" 304 -
186.84.21.136 - - [09/Jan/2024:18:16:18 -0500] "GET /sipse/imagenes/logoAplicacion.jpg HTTP/1.1" 304 -
186.84.21.136 - - [09/Jan/2024:18:16:18 -0500] "GET /sipse/css/v_mergente.css HTTP/1.1" 304 -
186.84.21.136 - - [09/Jan/2024:18:16:19 -0500] "POST /sipse/faces/bienvenido.xhtml HTTP/1.1" 200 2073
186.84.21.136 - - [09/Jan/2024:18:16:19 -0500] "GET /sipse/faces/javax.faces.resource/images/ui-bg_flat_0_2d5972_40x100.png?ln=primefaces-aristo HTTP/1.1" 304 -
186.84.21.136 - - [09/Jan/2024:18:16:20 -0500] "POST /sipse/faces/bienvenido.xhtml HTTP/1.1" 200 39027
186.84.21.136 - - [09/Jan/2024:18:16:20 -0500] "GET /sipse/faces/javax.faces.resource/theme.css?ln=primefaces-sipse HTTP/1.1" 304 -
186.84.21.136 - - [09/Jan/2024:18:16:20 -0500] "GET /sipse/faces/javax.faces.resource/layout/layout.css?ln=primefaces&v=4.0 HTTP/1.1" 304 -
186.84.21.136 - - [09/Jan/2024:18:16:20 -0500] "GET /sipse/faces/javax.faces.resource/primefaces.css?ln=primefaces&v=4.0 HTTP/1.1" 304 -
186.84.21.136 - - [09/Jan/2024:18:16:20 -0500] "GET /sipse/faces/javax.faces.resource/jquery/jquery.js?ln=primefaces&v=4.0 HTTP/1.1" 304 -
186.84.21.136 - - [09/Jan/2024:18:16:20 -0500] "GET /sipse/faces/javax.faces.resource/jquery/jquery-plugins.js?ln=primefaces&v=4.0 HTTP/1.1" 304 -
186.84.21.136 - - [09/Jan/2024:18:16:21 -0500] "GET /sipse/faces/javax.faces.resource/primefaces.js?ln=primefaces&v=4.0 HTTP/1.1" 304 -
186.84.21.136 - - [09/Jan/2024:18:16:21 -0500] "GET /sipse/faces/javax.faces.resource/layout/layout.js?ln=primefaces&v=4.0 HTTP/1.1" 304 -
186.84.21.136 - - [09/Jan/2024:18:16:22 -0500] "POST /sipse/faces/presentacion/financiero/solicitudProceso/consultar.xhtml HTTP/1.1" 200 39400
156.59.198.136 - - [09/Jan/2024:18:16:29 -0500] "GET /BLA/resoluciones/AUTOS%202019/0756.pdf HTTP/1.0" 200 433217
186.84.21.136 - - [09/Jan/2024:18:16:45 -0500] "POST /sipse/faces/presentacion/financiero/solicitudProceso/consultar.xhtml HTTP/1.1" 200 5956
186.84.21.136 - - [09/Jan/2024:18:16:45 -0500] "POST /sipse/faces/presentacion/financiero/solicitudProceso/consultar.xhtml HTTP/1.1" 200 5956
156.59.198.136 - - [09/Jan/2024:18:16:53 -0500] "GET /BLA/resoluciones/AUTOS%202019/0261.pdf HTTP/1.0" 200 8448032
186.84.21.136 - - [09/Jan/2024:18:17:04 -0500] "POST /sipse/faces/presentacion/financiero/solicitudProceso/consultar.xhtml HTTP/1.1" 200 104191
186.84.21.136 - - [09/Jan/2024:18:17:04 -0500] "GET /sipse/faces/javax.faces.resource/theme.css?ln=primefaces-sipse HTTP/1.1" 304 -
186.84.21.136 - - [09/Jan/2024:18:17:04 -0500] "GET /sipse/faces/javax.faces.resource/primefaces.css?ln=primefaces&v=4.0 HTTP/1.1" 304 -
186.84.21.136 - - [09/Jan/2024:18:17:04 -0500] "GET /sipse/faces/javax.faces.resource/layout/layout.css?ln=primefaces&v=4.0 HTTP/1.1" 304 -
186.84.21.136 - - [09/Jan/2024:18:17:04 -0500] "GET /sipse/faces/javax.faces.resource/jquery/jquery.js?ln=primefaces&v=4.0 HTTP/1.1" 304 -
186.84.21.136 - - [09/Jan/2024:18:17:04 -0500] "GET /sipse/faces/javax.faces.resource/jquery/jquery-plugins.js?ln=primefaces&v=4.0 HTTP/1.1" 304 -
186.84.21.136 - - [09/Jan/2024:18:17:04 -0500] "GET /sipse/faces/javax.faces.resource/primefaces.js?ln=primefaces&v=4.0 HTTP/1.1" 304 -
186.84.21.136 - - [09/Jan/2024:18:17:04 -0500] "GET /sipse/faces/javax.faces.resource/layout/layout.js?ln=primefaces&v=4.0 HTTP/1.1" 304 -
156.59.198.136 - - [09/Jan/2024:18:17:18 -0500] "GET /BLA/resoluciones/AUTOS%202019/0316.pdf HTTP/1.0" 200 950764
186.84.21.136 - - [09/Jan/2024:18:17:22 -0500] "POST /sipse/faces/presentacion/financiero/solicitudProceso/consultarSolicitudProceso.xhtml HTTP/1.1" 200 911
172.22.2.4 - - [09/Jan/2024:18:17:40 -0500] "GET /BLA/boletinlegal/actos.php HTTP/1.1" 200 9648
172.22.2.4 - - [09/Jan/2024:18:17:40 -0500] "GET /BLA/boletinlegal/styles2.css HTTP/1.1" 200 1838
172.22.2.4 - - [09/Jan/2024:18:17:40 -0500] "GET /BLA/boletinlegal/js/ajax_actos.js HTTP/1.1" 200 1322
172.22.2.4 - - [09/Jan/2024:18:17:40 -0500] "GET /BLA/boletinlegal/niceforms-default.css HTTP/1.1" 200 6694
172.22.2.4 - - [09/Jan/2024:18:17:40 -0500] "GET /BLA/boletinlegal/style.css HTTP/1.1" 200 9406
172.22.2.4 - - [09/Jan/2024:18:17:40 -0500] "GET /BLA/boletinlegal/niceforms.js HTTP/1.1" 200 22876
172.22.2.4 - - [09/Jan/2024:18:17:40 -0500] "GET /BLA/boletinlegal/js/lib.js HTTP/1.1" 200 6474
172.22.2.4 - - [09/Jan/2024:18:17:40 -0500] "GET /BLA/boletinlegal/images/cabezote%20BLEGAL.jpg HTTP/1.1" 200 118164
172.22.2.4 - - [09/Jan/2024:18:17:40 -0500] "GET /BLA/boletinlegal/js/popup.js HTTP/1.1" 200 1270
172.22.2.4 - - [09/Jan/2024:18:17:40 -0500] "GET /BLA/boletinlegal/js/jquery1.js HTTP/1.1" 200 29846
172.22.2.4 - - [09/Jan/2024:18:17:40 -0500] "GET /BLA/boletinlegal/images/subscribe-icon-big.png HTTP/1.1" 200 47702
172.22.2.4 - - [09/Jan/2024:18:17:40 -0500] "GET /BLA/boletinlegal/images/historia.png HTTP/1.1" 200 52775
172.22.2.4 - - [09/Jan/2024:18:17:40 -0500] "GET /BLA/boletinlegal/images/green-yellow-blue-pink-th.png HTTP/1.1" 200 7394
172.22.2.4 - - [09/Jan/2024:18:17:40 -0500] "GET /BLA/boletinlegal/images/tel.png HTTP/1.1" 200 14477
172.22.2.4 - - [09/Jan/2024:18:17:40 -0500] "GET /BLA/boletinlegal/images/registro-usuarios.png HTTP/1.1" 200 8106
172.22.2.4 - - [09/Jan/2024:18:17:40 -0500] "GET /BLA/boletinlegal/images/icono-email.png HTTP/1.1" 200 5544
172.22.2.4 - - [09/Jan/2024:18:17:40 -0500] "GET /BLA/boletinlegal/images/body_bg.jpg HTTP/1.1" 200 1601
172.22.2.4 - - [09/Jan/2024:18:17:40 -0500] "GET /BLA/boletinlegal/images/menu_lft.gif HTTP/1.1" 200 1713
172.22.2.4 - - [09/Jan/2024:18:17:40 -0500] "GET /BLA/boletinlegal/images/bg_top.jpg HTTP/1.1" 200 522
172.22.2.4 - - [09/Jan/2024:18:17:40 -0500] "GET /BLA/boletinlegal/images/menu_rght.gif HTTP/1.1" 200 1627
172.22.2.4 - - [09/Jan/2024:18:17:40 -0500] "GET /BLA/boletinlegal/images/menu_bg.jpg HTTP/1.1" 200 620
172.22.2.4 - - [09/Jan/2024:18:17:40 -0500] "GET /BLA/boletinlegal/images/text.jpg HTTP/1.1" 200 568
172.22.2.4 - - [09/Jan/2024:18:17:40 -0500] "GET /BLA/boletinlegal/images/hover.jpg HTTP/1.1" 200 640
172.22.2.4 - - [09/Jan/2024:18:17:40 -0500] "GET /BLA/boletinlegal/images/footer_bg.jpg HTTP/1.1" 200 586
172.22.2.4 - - [09/Jan/2024:18:17:40 -0500] "GET /BLA/boletinlegal/images/footer_bg_l.jpg HTTP/1.1" 200 776
172.22.2.4 - - [09/Jan/2024:18:17:41 -0500] "GET /BLA/boletinlegal/img/0.png HTTP/1.1" 200 110
172.22.2.4 - - [09/Jan/2024:18:17:41 -0500] "GET /BLA/boletinlegal/img/select-left.png HTTP/1.1" 200 263
172.22.2.4 - - [09/Jan/2024:18:17:41 -0500] "GET /BLA/boletinlegal/img/select-right.png HTTP/1.1" 200 44019
172.22.2.4 - - [09/Jan/2024:18:17:41 -0500] "GET /BLA/boletinlegal/img/button.png HTTP/1.1" 200 43241
172.22.2.4 - - [09/Jan/2024:18:17:41 -0500] "GET /BLA/boletinlegal/img/button-right.png HTTP/1.1" 200 57878
172.22.2.4 - - [09/Jan/2024:18:17:41 -0500] "GET /BLA/boletinlegal/img/button-left.png HTTP/1.1" 200 57071
172.22.2.4 - - [09/Jan/2024:18:17:41 -0500] "GET /BLA/boletinlegal/favicon.ico HTTP/1.1" 404 1326
156.59.198.135 - - [09/Jan/2024:18:17:43 -0500] "GET /BLA/resoluciones/AUTOS%202019/2726.pdf HTTP/1.0" 200 340567
172.22.2.4 - - [09/Jan/2024:18:17:49 -0500] "GET /BLA/boletinlegal/consulta_actos.php?tipo=resoluciones&no=&usuario=&sector=COMPETENCIA&fecha=2023&resuelve= HTTP/1.1" 200 40177
172.22.2.4 - - [09/Jan/2024:18:17:49 -0500] "GET /BLA/boletinlegal/images/pdf.gif HTTP/1.1" 200 567
172.22.2.4 - - [09/Jan/2024:18:17:49 -0500] "GET /BLA/boletinlegal/images/background.gif HTTP/1.1" 200 -
156.59.198.135 - - [09/Jan/2024:18:18:06 -0500] "GET /BLA/resoluciones/AUTOS%202019/3213.pdf HTTP/1.0" 200 430035
201.245.192.253 - - [09/Jan/2024:18:18:12 -0500] "POST /kwsrmcab/Wsrmcab  HTTP/1.1" 200 36937
156.59.198.136 - - [09/Jan/2024:18:18:31 -0500] "GET /BLA/resoluciones/AUTOS%202019/0837.pdf HTTP/1.0" 200 332765
156.59.198.136 - - [09/Jan/2024:18:18:55 -0500] "GET /BLA/resoluciones/AUTOS%202019/2456.pdf HTTP/1.0" 200 1065777
40.77.167.247 - - [09/Jan/2024:18:19:06 -0500] "GET /inicia-el-2024-conociendo-la-biodiversidad-de-bogoti.html HTTP/1.1" 200 894
201.245.192.253 - - [09/Jan/2024:18:19:12 -0500] "POST /kwsrmcab/Wsrmcab HTTP/1.1" 200 37047
156.59.198.136 - - [09/Jan/2024:18:19:20 -0500] "GET /BLA/resoluciones/AUTOS%202019/1869.pdf HTTP/1.0" 200 682291
172.22.2.4 - - [09/Jan/2024:18:18:43 -0500] "GET /BLA/boletinlegal/ HTTP/1.1" 200 24523
156.59.198.136 - - [09/Jan/2024:18:19:46 -0500] "GET /BLA/resoluciones/AUTOS%202019/2460.pdf HTTP/1.0" 200 726069
172.22.2.4 - - [09/Jan/2024:18:18:09 -0500] "HEAD /BLA/boletinlegal/ HTTP/1.1" 200 -
201.245.192.253 - - [09/Jan/2024:18:19:52 -0500] "POST /kwsrmcab/Wsrmcab HTTP/1.1" 200 36754
156.59.198.135 - - [09/Jan/2024:18:20:10 -0500] "GET /BLA/resoluciones/AUTOS%202019/3483.pdf HTTP/1.0" 200 558333
216.245.221.92 - - [09/Jan/2024:18:20:26 -0500] "HEAD / HTTP/1.1" 200 -
156.59.198.136 - - [09/Jan/2024:18:20:33 -0500] "GET /BLA/resoluciones/AUTOS%202019/2476.pdf HTTP/1.0" 200 679489
172.22.2.4 - - [09/Jan/2024:18:19:00 -0500] "GET /BLA/boletinlegal/ HTTP/1.1" 200 54031
156.59.198.135 - - [09/Jan/2024:18:20:57 -0500] "GET /BLA/resoluciones/AUTOS%202019/4674.pdf HTTP/1.0" 200 360883
216.244.66.195 - - [09/Jan/2024:18:21:04 -0500] "GET /robots.txt HTTP/1.1" 404 1018
156.59.198.136 - - [09/Jan/2024:18:21:21 -0500] "GET /BLA/resoluciones/AUTOS%202019/4516.pdf HTTP/1.0" 200 688553
172.22.2.4 - - [09/Jan/2024:18:21:44 -0500] "GET /BLA/boletinlegal/documentos-importantes.php HTTP/1.1" 200 4829
156.59.198.136 - - [09/Jan/2024:18:21:45 -0500] "GET /BLA/resoluciones/AUTOS%202019/1618.pdf HTTP/1.0" 200 383817
172.22.2.4 - - [09/Jan/2024:18:21:46 -0500] "GET /BLA/boletinlegal/conceptos.php HTTP/1.1" 200 7496
156.59.198.135 - - [09/Jan/2024:18:22:10 -0500] "GET /BLA/resoluciones/AUTOS%202019/4811.pdf HTTP/1.0" 200 884469
156.59.198.135 - - [09/Jan/2024:18:22:34 -0500] "GET /BLA/resoluciones/AUTOS%202019/2485.pdf HTTP/1.0" 200 1170707
156.59.198.135 - - [09/Jan/2024:18:22:59 -0500] "GET /BLA/resoluciones/AUTOS%202019/0836.pdf HTTP/1.0" 200 347474
201.245.192.253 - - [09/Jan/2024:18:23:11 -0500] "POST /kwsrmcab/Wsrmcab  HTTP/1.1" 200 36937
156.59.198.136 - - [09/Jan/2024:18:23:24 -0500] "GET /BLA/resoluciones/AUTOS%202019/1730.pdf HTTP/1.0" 200 8889827
47.128.34.108 - - [09/Jan/2024:18:23:48 -0500] "GET /BLA/resoluciones/index.php?dir=RESOLUCIONES%202002%2FRES%202002%201701-1750%2F&order=asc&sort=size HTTP/1.1" 200 12141
47.128.34.108 - - [09/Jan/2024:18:23:49 -0500] "GET /BLA/resoluciones/dlf/dirup.png HTTP/1.1" 200 644
47.128.34.108 - - [09/Jan/2024:18:23:49 -0500] "GET /BLA/resoluciones/dlf/unknown.png HTTP/1.1" 200 266
198.235.24.72 - - [09/Jan/2024:18:23:57 -0500] "\x16\x03\x01" 400 226
198.235.24.72 - - [09/Jan/2024:18:23:57 -0500] "\x16\x03\x01" 400 226
47.128.33.89 - - [09/Jan/2024:18:24:26 -0500] "GET /BLA/resoluciones/index.php?dir=RESOLUCIONES%202005%2FRES%202005%201-50%2FRES%202005%201-50%2F&order=asc&sort=size HTTP/1.1" 200 2511
47.128.33.89 - - [09/Jan/2024:18:24:26 -0500] "GET /BLA/resoluciones/dlf/dirup.png HTTP/1.1" 200 644
47.128.33.89 - - [09/Jan/2024:18:24:27 -0500] "GET /BLA/resoluciones/dlf/unknown.png HTTP/1.1" 200 266
47.128.34.140 - - [09/Jan/2024:18:24:36 -0500] "GET /BLA/resoluciones/index.php?dir=RESOLUCIONES%202004%2FRES%202004%20251-300%2F&order=asc&sort=size HTTP/1.1" 200 12044
47.128.34.140 - - [09/Jan/2024:18:24:37 -0500] "GET /BLA/resoluciones/dlf/unknown.png HTTP/1.1" 200 266
47.128.34.140 - - [09/Jan/2024:18:24:37 -0500] "GET /BLA/resoluciones/dlf/dirup.png HTTP/1.1" 200 644
201.245.192.253 - - [09/Jan/2024:18:24:58 -0500] "POST /kwsrmcab/Wsrmcab HTTP/1.1" 200 37047
47.128.24.202 - - [09/Jan/2024:18:25:02 -0500] "GET /BLA/resoluciones/index.php?dir=AUTOS%202006%2FAUTOS%202006%201101-1200%2F&order=asc&sort=date HTTP/1.1" 200 21976
47.128.24.202 - - [09/Jan/2024:18:25:02 -0500] "GET /BLA/resoluciones/dlf/unknown.png HTTP/1.1" 200 266
47.128.24.202 - - [09/Jan/2024:18:25:02 -0500] "GET /BLA/resoluciones/dlf/dirup.png HTTP/1.1" 200 644
201.245.192.253 - - [09/Jan/2024:18:25:01 -0500] "POST /kwsrmcab/Wsrmcab HTTP/1.1" 200 36754
172.22.2.4 - - [09/Jan/2024:18:25:18 -0500] "GET /BLA/boletinlegal/actos.php HTTP/1.1" 200 9648
47.128.24.226 - - [09/Jan/2024:18:25:25 -0500] "GET /BLA/resoluciones/index.php?dir=RESOLUCIONES%202002/RES%202002%201351-1400/&sort=size&order=asc HTTP/1.1" 200 12141
216.245.221.92 - - [09/Jan/2024:18:25:26 -0500] "HEAD / HTTP/1.1" 200 -
47.128.24.226 - - [09/Jan/2024:18:25:26 -0500] "GET /BLA/resoluciones/dlf/dirup.png HTTP/1.1" 200 644
47.128.24.226 - - [09/Jan/2024:18:25:26 -0500] "GET /BLA/resoluciones/dlf/unknown.png HTTP/1.1" 200 266
172.22.2.4 - - [09/Jan/2024:18:25:31 -0500] "GET /BLA/boletinlegal/consulta_actos.php?tipo=resoluciones&no=&usuario=&sector=COMPETENCIA&fecha=2023&resuelve= HTTP/1.1" 200 40177
172.22.2.4 - - [09/Jan/2024:18:23:59 -0500] "HEAD /BLA/boletinlegal/ HTTP/1.1" 200 -
47.128.24.215 - - [09/Jan/2024:18:25:48 -0500] "GET /BLA/resoluciones/index.php?dir=AUTOS+2006%2FAUTOS+2006+1001-1100%2F HTTP/1.1" 200 21966
47.128.24.215 - - [09/Jan/2024:18:25:49 -0500] "GET /BLA/resoluciones/dlf/dirup.png HTTP/1.1" 200 644
47.128.24.215 - - [09/Jan/2024:18:25:49 -0500] "GET /BLA/resoluciones/dlf/unknown.png HTTP/1.1" 200 266
186.84.21.136 - - [09/Jan/2024:18:25:52 -0500] "GET /BLA/resoluciones/ HTTP/1.1" 200 13696
186.84.21.136 - - [09/Jan/2024:18:25:52 -0500] "GET /BLA/resoluciones/dlf/styles.css HTTP/1.1" 200 3049
186.84.21.136 - - [09/Jan/2024:18:25:52 -0500] "GET /BLA/resoluciones/dlf/folder.png HTTP/1.1" 200 410
186.84.21.136 - - [09/Jan/2024:18:25:53 -0500] "GET /BLA/resoluciones/dlf/bg.gif HTTP/1.1" 200 54
172.22.2.4 - - [09/Jan/2024:18:25:59 -0500] "GET /BLA/boletinlegal/consulta_actos.php?tipo=resoluciones&no=&usuario=&sector=&fecha=2021&resuelve= HTTP/1.1" 200 2546088
172.22.2.4 - - [09/Jan/2024:18:26:05 -0500] "GET /BLA/boletinlegal/consulta_actos.php?tipo=resoluciones&no=&usuario=&sector=&fecha=2021&resuelve=detergente HTTP/1.1" 200 626
172.226.172.8 - - [09/Jan/2024:18:26:11 -0500] "GET /BLA/resoluciones/ HTTP/1.1" 200 13696
172.226.172.8 - - [09/Jan/2024:18:26:11 -0500] "GET /BLA/resoluciones/dlf/styles.css HTTP/1.1" 200 3049
172.226.172.8 - - [09/Jan/2024:18:26:11 -0500] "GET /BLA/resoluciones/dlf/folder.png HTTP/1.1" 200 410
172.226.172.8 - - [09/Jan/2024:18:26:11 -0500] "GET /BLA/resoluciones/dlf/bg.gif HTTP/1.1" 200 54
47.128.39.152 - - [09/Jan/2024:18:26:15 -0500] "GET /BLA/resoluciones/index.php?dir=RESOLUCIONES+2006%2FRES+2006+551-600%2F HTTP/1.1" 200 12250
186.84.21.136 - - [09/Jan/2024:18:26:15 -0500] "GET /BLA/resoluciones/dlf/dirup.png HTTP/1.1" 200 644
186.84.21.136 - - [09/Jan/2024:18:26:15 -0500] "GET /BLA/resoluciones/dlf/pdf.gif HTTP/1.1" 200 272
186.84.21.136 - - [09/Jan/2024:18:26:15 -0500] "GET /BLA/resoluciones/index.php?dir=RESOLUCIONES+2023%2F HTTP/1.1" 200 131614
186.84.21.136 - - [09/Jan/2024:18:26:15 -0500] "GET /BLA/resoluciones/dlf/archive.png HTTP/1.1" 200 632
47.128.39.152 - - [09/Jan/2024:18:26:16 -0500] "GET /BLA/resoluciones/dlf/unknown.png HTTP/1.1" 200 266
47.128.39.152 - - [09/Jan/2024:18:26:16 -0500] "GET /BLA/resoluciones/dlf/dirup.png HTTP/1.1" 200 644
172.226.172.8 - - [09/Jan/2024:18:26:17 -0500] "GET /BLA/resoluciones/dlf/dirup.png HTTP/1.1" 200 644
172.226.172.8 - - [09/Jan/2024:18:26:17 -0500] "GET /BLA/resoluciones/dlf/pdf.gif HTTP/1.1" 200 272
172.226.172.8 - - [09/Jan/2024:18:26:17 -0500] "GET /BLA/resoluciones/dlf/archive.png HTTP/1.1" 200 632
172.226.172.8 - - [09/Jan/2024:18:26:17 -0500] "GET /BLA/resoluciones/index.php?dir=RESOLUCIONES+2021%2F HTTP/1.1" 200 444412
66.249.66.76 - - [09/Jan/2024:18:26:24 -0500] "GET /robots.txt HTTP/1.1" 404 1035
66.249.66.75 - - [09/Jan/2024:18:26:24 -0500] "GET /portaldeninos/2021/06/20/mas-de-130-arboles-fueron-plantados-en-el-humedal-la-conejera-con-comunidad-educativa/ HTTP/1.1" 200 107808
172.22.2.4 - - [09/Jan/2024:18:24:50 -0500] "GET /BLA/boletinlegal/ HTTP/1.1" 200 60910
47.128.24.195 - - [09/Jan/2024:18:26:37 -0500] "GET /BLA/resoluciones/index.php?dir=RESOLUCIONES%202003%2FRES%202003%202151-2189%2F&order=asc&sort=date HTTP/1.1" 200 9915
47.128.24.195 - - [09/Jan/2024:18:26:38 -0500] "GET /BLA/resoluciones/dlf/unknown.png HTTP/1.1" 200 266
47.128.24.195 - - [09/Jan/2024:18:26:38 -0500] "GET /BLA/resoluciones/dlf/dirup.png HTTP/1.1" 200 644
47.128.42.82 - - [09/Jan/2024:18:27:00 -0500] "GET /BLA/resoluciones/index.php?dir=RESOLUCIONES%202005%2FRES%202005%202851-2900%2F&order=asc&sort=date HTTP/1.1" 200 12156
47.128.42.82 - - [09/Jan/2024:18:27:01 -0500] "GET /BLA/resoluciones/dlf/dirup.png HTTP/1.1" 200 644
47.128.42.82 - - [09/Jan/2024:18:27:01 -0500] "GET /BLA/resoluciones/dlf/unknown.png HTTP/1.1" 200 266
172.22.2.4 - - [09/Jan/2024:18:27:12 -0500] "GET /BLA/boletinlegal/consulta_actos.php?tipo=resoluciones&no=&usuario=detergente&sector=&fecha=2021&resuelve= HTTP/1.1" 200 1569
66.249.68.36 - - [09/Jan/2024:18:27:19 -0500] "GET /BLA/resoluciones/RESOLUCIONES%202008/5483.pdf HTTP/1.1" 200 211977
172.22.2.4 - - [09/Jan/2024:18:27:24 -0500] "GET /BLA/boletinlegal/consulta_actos.php?tipo=resoluciones&no=&usuario=detergentes&sector=&fecha=2021&resuelve= HTTP/1.1" 200 1569
47.128.40.140 - - [09/Jan/2024:18:27:25 -0500] "GET /BLA/resoluciones/index.php?dir=RESOLUCIONES%202004%2FRES%202004%202151-2200%2F&order=asc&sort=size HTTP/1.1" 200 12359
47.128.40.140 - - [09/Jan/2024:18:27:26 -0500] "GET /BLA/resoluciones/dlf/dirup.png HTTP/1.1" 200 644
47.128.40.140 - - [09/Jan/2024:18:27:26 -0500] "GET /BLA/resoluciones/dlf/unknown.png HTTP/1.1" 200 266
186.84.21.136 - - [09/Jan/2024:18:27:43 -0500] "GET /BLA/resoluciones/RESOLUCIONES%202023/09178.zip HTTP/1.1" 200 292028
47.128.40.20 - - [09/Jan/2024:18:27:49 -0500] "GET /BLA/resoluciones/index.php?dir=RESOLUCIONES%202005%2FRES%202005%20151-200%2F&order=asc&sort=date HTTP/1.1" 200 12230
47.128.40.20 - - [09/Jan/2024:18:27:50 -0500] "GET /BLA/resoluciones/dlf/unknown.png HTTP/1.1" 200 266
47.128.40.20 - - [09/Jan/2024:18:27:50 -0500] "GET /BLA/resoluciones/dlf/dirup.png HTTP/1.1" 200 644
172.22.2.4 - - [09/Jan/2024:18:28:01 -0500] "GET /BLA/boletinlegal/consulta_actos.php?tipo=resoluciones&no=&usuario=GRASC&sector=&fecha=2021&resuelve= HTTP/1.1" 200 2027
186.84.21.136 - - [09/Jan/2024:18:28:05 -0500] "GET /BLA/resoluciones/RESOLUCIONES%202023/4767.pdf HTTP/1.1" 200 500322
201.245.192.253 - - [09/Jan/2024:18:28:10 -0500] "POST /kwsrmcab/Wsrmcab  HTTP/1.1" 200 36937
186.84.21.136 - - [09/Jan/2024:18:28:15 -0500] "GET /BLA/resoluciones/ HTTP/1.1" 200 13696
172.22.2.4 - - [09/Jan/2024:18:28:17 -0500] "GET /BLA/boletinlegal/consulta_actos.php?tipo=resoluciones&no=&usuario=GRASCO&sector=&fecha=2022&resuelve= HTTP/1.1" 200 626
186.84.21.136 - - [09/Jan/2024:18:28:22 -0500] "GET /BLA/resoluciones/ HTTP/1.1" 200 13696
186.84.21.136 - - [09/Jan/2024:18:28:26 -0500] "GET /BLA/resoluciones/ HTTP/1.1" 200 13696
172.22.2.4 - - [09/Jan/2024:18:28:29 -0500] "GET /BLA/boletinlegal/consulta_actos.php?tipo=resoluciones&no=&usuario=GRASCO&sector=&fecha=2022&resuelve= HTTP/1.1" 200 626
172.22.2.4 - - [09/Jan/2024:18:28:34 -0500] "GET /BLA/boletinlegal/consulta_actos.php?tipo=resoluciones&no=&usuario=GRASCO&sector=&fecha=2023&resuelve= HTTP/1.1" 200 626
186.84.21.136 - - [09/Jan/2024:18:28:35 -0500] "GET /BLA/resoluciones/index.php?dir=RESOLUCIONES+2023%2F HTTP/1.1" 200 131614
172.22.2.4 - - [09/Jan/2024:18:28:35 -0500] "GET /BLA/boletinlegal/consulta_actos.php?tipo=resoluciones&no=&usuario=GRASCO&sector=&fecha=2023&resuelve= HTTP/1.1" 200 626
47.128.33.95 - - [09/Jan/2024:18:28:37 -0500] "GET /BLA/resoluciones/index.php?dir=RESOLUCIONES%202005%2FRES%202005%202901-2950%2F&order=asc&sort=date HTTP/1.1" 200 12331
47.128.33.95 - - [09/Jan/2024:18:28:38 -0500] "GET /BLA/resoluciones/dlf/dirup.png HTTP/1.1" 200 644
47.128.33.95 - - [09/Jan/2024:18:28:38 -0500] "GET /BLA/resoluciones/dlf/unknown.png HTTP/1.1" 200 266
172.22.2.4 - - [09/Jan/2024:18:28:41 -0500] "GET /BLA/boletinlegal/consulta_actos.php?tipo=resoluciones&no=&usuario=INGEURBE&sector=&fecha=2023&resuelve= HTTP/1.1" 200 626
172.22.2.4 - - [09/Jan/2024:18:28:50 -0500] "GET /BLA/boletinlegal/consulta_actos.php?tipo=resoluciones&no=&usuario=GRASCO&sector=&fecha=2023&resuelve= HTTP/1.1" 200 626
47.128.16.197 - - [09/Jan/2024:18:28:52 -0500] "GET /BLA/resoluciones/index.php?dir=AUTOS+2006%2FAUTOS+2006+1601+-+1700%2F HTTP/1.1" 200 22248
47.128.16.197 - - [09/Jan/2024:18:28:53 -0500] "GET /BLA/resoluciones/dlf/dirup.png HTTP/1.1" 200 644
47.128.16.197 - - [09/Jan/2024:18:28:53 -0500] "GET /BLA/resoluciones/dlf/unknown.png HTTP/1.1" 200 266
47.128.110.31 - - [09/Jan/2024:18:29:00 -0500] "GET /BLA/resoluciones/index.php?dir=RESOLUCIONES%202004%2FRES%202004%20901-950%2F&order=asc&sort=date HTTP/1.1" 200 12049
47.128.110.31 - - [09/Jan/2024:18:29:01 -0500] "GET /BLA/resoluciones/dlf/dirup.png HTTP/1.1" 200 644
47.128.110.31 - - [09/Jan/2024:18:29:01 -0500] "GET /BLA/resoluciones/dlf/unknown.png HTTP/1.1" 200 266
66.249.68.37 - - [09/Jan/2024:18:29:08 -0500] "GET /BLA/resoluciones/RESOLUCIONES%202009/5993.pdf HTTP/1.1" 200 253487
201.245.192.253 - - [09/Jan/2024:18:29:13 -0500] "POST /kwsrmcab/Wsrmcab HTTP/1.1" 200 37047
172.22.2.4 - - [09/Jan/2024:18:29:20 -0500] "GET /BLA/boletinlegal/consulta_actos.php?tipo=resoluciones&no=&usuario=DETERGENTE&sector=COMPETENCIA&fecha=2023&resuelve= HTTP/1.1" 200 626
172.22.2.4 - - [09/Jan/2024:18:29:22 -0500] "GET /BLA/boletinlegal/consulta_actos.php?tipo=resoluciones&no=&usuario=DETERGENTE&sector=COMPETENCIA&fecha=2023&resuelve= HTTP/1.1" 200 626
47.128.25.196 - - [09/Jan/2024:18:29:25 -0500] "GET /BLA/resoluciones/dlf/dirup.png HTTP/1.1" 200 644
47.128.25.196 - - [09/Jan/2024:18:29:25 -0500] "GET /BLA/resoluciones/dlf/pdf.gif HTTP/1.1" 200 272
47.128.25.196 - - [09/Jan/2024:18:29:24 -0500] "GET /BLA/resoluciones/index.php?dir=Notificaciones%2FREGISTROS%202018%2F&order=asc&sort=date HTTP/1.1" 200 21644
172.22.2.4 - - [09/Jan/2024:18:29:46 -0500] "GET /BLA/boletinlegal/consulta_actos.php?tipo=resoluciones&no=&usuario=DETERGENTE&sector=VERTIMIENTOS&fecha=2021&resuelve= HTTP/1.1" 200 1076
47.128.53.152 - - [09/Jan/2024:18:29:49 -0500] "GET /BLA/resoluciones/index.php?dir=RESOLUCIONES%202003%2FRES%202003%201601-1650%2F&order=asc&sort=size HTTP/1.1" 200 12152
47.128.53.152 - - [09/Jan/2024:18:29:50 -0500] "GET /BLA/resoluciones/dlf/dirup.png HTTP/1.1" 200 644
47.128.53.152 - - [09/Jan/2024:18:29:50 -0500] "GET /BLA/resoluciones/dlf/unknown.png HTTP/1.1" 200 266
201.245.192.253 - - [09/Jan/2024:18:29:54 -0500] "POST /kwsrmcab/Wsrmcab HTTP/1.1" 200 36754
172.22.2.4 - - [09/Jan/2024:18:30:04 -0500] "GET /BLA/boletinlegal/consulta_actos.php?tipo=resoluciones&no=&usuario=DETERGENTE&sector=VERTIMIENTOS&fecha=2022&resuelve= HTTP/1.1" 200 626
186.84.21.136 - - [09/Jan/2024:18:30:05 -0500] "GET /BLA/resoluciones/index.php?dir=RESOLUCIONES+2023%2F HTTP/1.1" 200 131614
172.22.2.4 - - [09/Jan/2024:18:30:08 -0500] "GET /BLA/boletinlegal/consulta_actos.php?tipo=resoluciones&no=&usuario=DETERGENTE&sector=VERTIMIENTOS&fecha=2023&resuelve= HTTP/1.1" 200 626
172.22.2.4 - - [09/Jan/2024:18:30:10 -0500] "GET /BLA/boletinlegal/consulta_actos.php?tipo=resoluciones&no=&usuario=DETERGENTE&sector=VERTIMIENTOS&fecha=2023&resuelve= HTTP/1.1" 200 626
172.22.2.4 - - [09/Jan/2024:18:30:21 -0500] "GET /BLA/boletinlegal/consulta_actos.php?tipo=resoluciones&no=&usuario=DETERGENTE&sector=RESIDUOS&fecha=2023&resuelve= HTTP/1.1" 200 626
47.128.110.213 - - [09/Jan/2024:18:30:22 -0500] "GET /BLA/resoluciones/index.php?dir=RESOLUCIONES+2004%2FRES+2004+1701-1750%2F HTTP/1.1" 200 12358
47.128.110.213 - - [09/Jan/2024:18:30:23 -0500] "GET /BLA/resoluciones/dlf/dirup.png HTTP/1.1" 200 644
47.128.110.213 - - [09/Jan/2024:18:30:23 -0500] "GET /BLA/resoluciones/dlf/unknown.png HTTP/1.1" 200 266
172.22.2.4 - - [09/Jan/2024:18:30:26 -0500] "GET /BLA/boletinlegal/consulta_actos.php?tipo=resoluciones&no=&usuario=DETERGENTE&sector=PEV&fecha=2023&resuelve= HTTP/1.1" 200 626
216.245.221.92 - - [09/Jan/2024:18:30:26 -0500] "HEAD / HTTP/1.1" 200 -
172.22.2.4 - - [09/Jan/2024:18:30:29 -0500] "GET /BLA/boletinlegal/consulta_actos.php?tipo=resoluciones&no=&usuario=DETERGENTE&sector=SILVICULTURA&fecha=2023&resuelve= HTTP/1.1" 200 626
47.128.22.133 - - [09/Jan/2024:18:30:36 -0500] "GET /BLA/resoluciones/index.php?dir=RESOLUCIONES%202006%2FRES%202006%202601-2650%2F&order=asc&sort=date HTTP/1.1" 200 11939
47.128.22.133 - - [09/Jan/2024:18:30:37 -0500] "GET /BLA/resoluciones/dlf/dirup.png HTTP/1.1" 200 644
47.128.22.133 - - [09/Jan/2024:18:30:37 -0500] "GET /BLA/resoluciones/dlf/unknown.png HTTP/1.1" 200 266
172.22.2.4 - - [09/Jan/2024:18:30:49 -0500] "GET /BLA/boletinlegal/consulta_actos.php?tipo=resoluciones&no=&usuario=&sector=COMPETENCIA&fecha=2021&resuelve= HTTP/1.1" 200 79994
66.249.68.37 - - [09/Jan/2024:18:29:26 -0500] "HEAD /BLA/boletinlegal/index.php HTTP/1.1" 200 -
47.128.123.130 - - [09/Jan/2024:18:31:08 -0500] "GET /BLA/resoluciones/index.php?dir=RESOLUCIONES%202004%2FRES%202004%201301-1350%2F&order=asc&sort=size HTTP/1.1" 200 12341
47.128.123.130 - - [09/Jan/2024:18:31:09 -0500] "GET /BLA/resoluciones/dlf/dirup.png HTTP/1.1" 200 644
47.128.123.130 - - [09/Jan/2024:18:31:09 -0500] "GET /BLA/resoluciones/dlf/unknown.png HTTP/1.1" 200 266
172.22.2.4 - - [09/Jan/2024:18:31:18 -0500] "GET /BLA/boletinlegal/consulta_actos.php?tipo=resoluciones&no=&usuario=&sector=COMPETENCIA&fecha=2023&resuelve= HTTP/1.1" 200 40177
172.22.2.4 - - [09/Jan/2024:18:29:49 -0500] "HEAD /BLA/boletinlegal/ HTTP/1.1" 200 -
186.84.21.136 - - [09/Jan/2024:18:31:32 -0500] "GET /BLA/resoluciones/ HTTP/1.1" 200 13696
186.84.21.136 - - [09/Jan/2024:18:31:39 -0500] "GET /BLA/resoluciones/index.php?dir=RESOLUCIONES+CONJUNTAS%2F HTTP/1.1" 200 4762
47.128.53.134 - - [09/Jan/2024:18:31:39 -0500] "GET /BLA/resoluciones/index.php?dir=RESOLUCIONES%202003%2FRES%202003%201751-1800%2F&order=desc&sort=date HTTP/1.1" 200 12150
47.128.53.134 - - [09/Jan/2024:18:31:40 -0500] "GET /BLA/resoluciones/dlf/dirup.png HTTP/1.1" 200 644
47.128.53.134 - - [09/Jan/2024:18:31:40 -0500] "GET /BLA/resoluciones/dlf/unknown.png HTTP/1.1" 200 266
186.84.21.136 - - [09/Jan/2024:18:31:49 -0500] "GET /BLA/resoluciones/index.php?dir=RESOLUCIONES+2023%2F HTTP/1.1" 200 131614
47.128.53.196 - - [09/Jan/2024:18:31:48 -0500] "GET /BLA/resoluciones/index.php?dir=AUTOS%202006%2F&order=asc&sort=size HTTP/1.1" 200 9681
47.128.53.196 - - [09/Jan/2024:18:31:49 -0500] "GET /BLA/resoluciones/dlf/dirup.png HTTP/1.1" 200 644
47.128.53.196 - - [09/Jan/2024:18:31:49 -0500] "GET /BLA/resoluciones/dlf/folder.png HTTP/1.1" 200 410
47.128.53.196 - - [09/Jan/2024:18:31:50 -0500] "GET /BLA/resoluciones/dlf/pdf.gif HTTP/1.1" 200 272
66.249.66.76 - - [09/Jan/2024:18:31:53 -0500] "GET /portaldeninos/wp-content/plugins/gallery-videos/CSS/totalsoft.css?ver=4.9.8 HTTP/1.1" 200 40622
66.249.66.77 - - [09/Jan/2024:18:31:54 -0500] "GET /portaldeninos/wp-includes/js/wp-emoji-release.min.js?ver=4.9.8 HTTP/1.1" 200 12026
66.249.66.75 - - [09/Jan/2024:18:31:55 -0500] "GET /portaldeninos/wp-content/plugins/gallery-videos/JS/modernizr.custom.js?ver=4.9.8 HTTP/1.1" 200 9019
172.22.2.4 - - [09/Jan/2024:18:31:55 -0500] "GET /BLA/boletinlegal/actos.php HTTP/1.1" 200 9648
172.22.2.4 - - [09/Jan/2024:18:32:04 -0500] "GET /BLA/boletinlegal/consulta_actos.php?tipo=autos&no=&usuario=DETERGENTE&sector=&fecha=2023&resuelve= HTTP/1.1" 200 1551
172.22.2.4 - - [09/Jan/2024:18:32:06 -0500] "GET /BLA/boletinlegal/consulta_actos.php?tipo=autos&no=&usuario=DETERGENTE&sector=&fecha=2023&resuelve= HTTP/1.1" 200 1551
47.128.20.15 - - [09/Jan/2024:18:32:13 -0500] "GET /BLA/resoluciones/index.php?dir=RESOLUCIONES%202004/RES%202004%20401-450/&sort=date&order=asc HTTP/1.1" 200 12039
47.128.20.15 - - [09/Jan/2024:18:32:14 -0500] "GET /BLA/resoluciones/dlf/dirup.png HTTP/1.1" 200 644
47.128.20.15 - - [09/Jan/2024:18:32:14 -0500] "GET /BLA/resoluciones/dlf/unknown.png HTTP/1.1" 200 266
172.22.2.4 - - [09/Jan/2024:18:30:40 -0500] "GET /BLA/boletinlegal/ HTTP/1.1" 200 54423
47.128.27.97 - - [09/Jan/2024:18:32:37 -0500] "GET /BLA/resoluciones/dlf/doc.gif HTTP/1.1" 200 1079
47.128.27.97 - - [09/Jan/2024:18:32:37 -0500] "GET /BLA/resoluciones/dlf/dirup.png HTTP/1.1" 200 644
47.128.27.97 - - [09/Jan/2024:18:32:36 -0500] "GET /BLA/resoluciones/index.php?dir=Notificaciones%2FREGISTROS%202014%2F&order=asc&sort=size HTTP/1.1" 200 15754
47.128.49.119 - - [09/Jan/2024:18:33:01 -0500] "GET /BLA/resoluciones/index.php?dir=RESOLUCIONES+2005%2FRES+2005+2701+-2750%2F HTTP/1.1" 200 12404
47.128.49.119 - - [09/Jan/2024:18:33:02 -0500] "GET /BLA/resoluciones/dlf/unknown.png HTTP/1.1" 200 266
47.128.49.119 - - [09/Jan/2024:18:33:02 -0500] "GET /BLA/resoluciones/dlf/dirup.png HTTP/1.1" 200 644
201.245.192.253 - - [09/Jan/2024:18:33:08 -0500] "POST /kwsrmcab/Wsrmcab  HTTP/1.1" 200 36937
172.22.2.4 - - [09/Jan/2024:18:33:21 -0500] "GET /BLA/boletinlegal/consulta_actos.php?tipo=resoluciones&no=&usuario=&sector=COMPETENCIA&fecha=2023&resuelve= HTTP/1.1" 200 40177
172.22.2.4 - - [09/Jan/2024:18:33:21 -0500] "GET /BLA/boletinlegal/consulta_actos.php?tipo=resoluciones&no=&usuario=&sector=COMPETENCIA&fecha=2023&resuelve= HTTP/1.1" 200 40177
186.84.21.136 - - [09/Jan/2024:18:33:27 -0500] "GET /BLA/resoluciones/ HTTP/1.1" 200 13696
186.84.21.136 - - [09/Jan/2024:18:33:35 -0500] "GET /BLA/resoluciones/index.php?dir=RESOLUCIONES+2023%2F HTTP/1.1" 200 131614
47.128.116.174 - - [09/Jan/2024:18:34:12 -0500] "GET /BLA/resoluciones/index.php?dir=RESOLUCIONES+2002%2FANEXOS%2F HTTP/1.1" 200 2240
47.128.116.174 - - [09/Jan/2024:18:34:13 -0500] "GET /BLA/resoluciones/dlf/dirup.png HTTP/1.1" 200 644
47.128.116.174 - - [09/Jan/2024:18:34:13 -0500] "GET /BLA/resoluciones/dlf/unknown.png HTTP/1.1" 200 266
47.128.19.179 - - [09/Jan/2024:18:34:34 -0500] "GET /BLA/resoluciones/index.php?dir=AUTOS+2006%2FAUTOS+2006+801-900%2F HTTP/1.1" 200 21775
47.128.19.179 - - [09/Jan/2024:18:34:35 -0500] "GET /BLA/resoluciones/dlf/unknown.png HTTP/1.1" 200 266
47.128.19.179 - - [09/Jan/2024:18:34:35 -0500] "GET /BLA/resoluciones/dlf/dirup.png HTTP/1.1" 200 644
66.249.68.38 - - [09/Jan/2024:18:34:47 -0500] "GET /BLA/resoluciones/RESOLUCIONES%202010/3894.pdf HTTP/1.1" 200 700616
201.245.192.253 - - [09/Jan/2024:18:34:58 -0500] "POST /kwsrmcab/Wsrmcab HTTP/1.1" 200 37047
172.22.2.4 - - [09/Jan/2024:18:33:22 -0500] "GET /BLA/boletinlegal/ HTTP/1.1" 200 63054
201.245.192.253 - - [09/Jan/2024:18:35:01 -0500] "POST /kwsrmcab/Wsrmcab HTTP/1.1" 200 36754
52.167.144.12 - - [09/Jan/2024:18:35:07 -0500] "GET /forest/ HTTP/1.1" 200 12041
181.189.25.86 - - [09/Jan/2024:18:35:15 -0500] "GET /sipse/faces/index.xhtml HTTP/1.1" 200 677
181.189.25.86 - - [09/Jan/2024:18:35:15 -0500] "GET /sipse/faces/javax.faces.resource/theme.css?ln=primefaces-sipse HTTP/1.1" 304 -
181.189.25.86 - - [09/Jan/2024:18:35:15 -0500] "GET /sipse/faces/faces/autenticacion.xhtml HTTP/1.1" 200 12409
181.189.25.86 - - [09/Jan/2024:18:35:15 -0500] "GET /sipse/faces/javax.faces.resource/primefaces.css?ln=primefaces&v=4.0 HTTP/1.1" 304 -
181.189.25.86 - - [09/Jan/2024:18:35:15 -0500] "GET /sipse/faces/javax.faces.resource/theme.css?ln=primefaces-sipse HTTP/1.1" 304 -
181.189.25.86 - - [09/Jan/2024:18:35:15 -0500] "GET /sipse/faces/javax.faces.resource/layout/layout.css?ln=primefaces&v=4.0 HTTP/1.1" 304 -
181.189.25.86 - - [09/Jan/2024:18:35:15 -0500] "GET /sipse/faces/javax.faces.resource/jquery/jquery-plugins.js?ln=primefaces&v=4.0 HTTP/1.1" 304 -
181.189.25.86 - - [09/Jan/2024:18:35:15 -0500] "GET /sipse/faces/javax.faces.resource/primefaces.js?ln=primefaces&v=4.0 HTTP/1.1" 304 -
181.189.25.86 - - [09/Jan/2024:18:35:15 -0500] "GET /sipse/faces/javax.faces.resource/jquery/jquery.js?ln=primefaces&v=4.0 HTTP/1.1" 304 -
181.189.25.86 - - [09/Jan/2024:18:35:15 -0500] "GET /sipse/faces/javax.faces.resource/layout/layout.js?ln=primefaces&v=4.0 HTTP/1.1" 304 -
181.189.25.86 - - [09/Jan/2024:18:35:15 -0500] "GET /sipse/faces/javax.faces.resource/images/ui-icons_898989_256x240.png?ln=primefaces-aristo HTTP/1.1" 304 -
66.249.68.37 - - [09/Jan/2024:18:35:18 -0500] "GET /BLA/resoluciones/RESOLUCIONES%202009/6958.pdf HTTP/1.1" 200 266486
216.245.221.92 - - [09/Jan/2024:18:35:26 -0500] "HEAD / HTTP/1.1" 200 -
181.189.25.86 - - [09/Jan/2024:18:35:30 -0500] "POST /sipse/faces/autenticacion.xhtml HTTP/1.1" 200 2223
181.189.25.86 - - [09/Jan/2024:18:35:30 -0500] "GET /sipse/faces/javax.faces.resource/messages/messages.png?ln=primefaces&v=4.0 HTTP/1.1" 304 -
181.189.25.86 - - [09/Jan/2024:18:35:33 -0500] "POST /sipse/faces/autenticacion.xhtml HTTP/1.1" 200 16425
181.189.25.86 - - [09/Jan/2024:18:35:33 -0500] "GET /sipse/faces/javax.faces.resource/theme.css?ln=primefaces-sipse HTTP/1.1" 304 -
181.189.25.86 - - [09/Jan/2024:18:35:33 -0500] "GET /sipse/faces/javax.faces.resource/layout/layout.css?ln=primefaces&v=4.0 HTTP/1.1" 304 -
181.189.25.86 - - [09/Jan/2024:18:35:33 -0500] "GET /sipse/faces/javax.faces.resource/primefaces.css?ln=primefaces&v=4.0 HTTP/1.1" 304 -
181.189.25.86 - - [09/Jan/2024:18:35:33 -0500] "GET /sipse/faces/javax.faces.resource/jquery/jquery.js?ln=primefaces&v=4.0 HTTP/1.1" 304 -
181.189.25.86 - - [09/Jan/2024:18:35:33 -0500] "GET /sipse/faces/javax.faces.resource/jquery/jquery-plugins.js?ln=primefaces&v=4.0 HTTP/1.1" 304 -
181.189.25.86 - - [09/Jan/2024:18:35:33 -0500] "GET /sipse/faces/javax.faces.resource/primefaces.js?ln=primefaces&v=4.0 HTTP/1.1" 304 -
181.189.25.86 - - [09/Jan/2024:18:35:33 -0500] "GET /sipse/faces/javax.faces.resource/layout/layout.js?ln=primefaces&v=4.0 HTTP/1.1" 304 -
181.189.25.86 - - [09/Jan/2024:18:35:33 -0500] "GET /sipse/css/imagen/contrasena.png HTTP/1.1" 404 383
181.189.25.86 - - [09/Jan/2024:18:35:48 -0500] "GET /sipse/faces/javax.faces.resource/images/ui-bg_flat_0_2d5972_40x100.png?ln=primefaces-aristo HTTP/1.1" 304 -
181.189.25.86 - - [09/Jan/2024:18:35:48 -0500] "POST /sipse/faces/bienvenido.xhtml HTTP/1.1" 200 2658
181.189.25.86 - - [09/Jan/2024:18:36:02 -0500] "POST /sipse/faces/bienvenido.xhtml HTTP/1.1" 200 63855
181.189.25.86 - - [09/Jan/2024:18:36:03 -0500] "GET /sipse/faces/javax.faces.resource/theme.css?ln=primefaces-sipse HTTP/1.1" 304 -
181.189.25.86 - - [09/Jan/2024:18:36:03 -0500] "GET /sipse/faces/javax.faces.resource/primefaces.css?ln=primefaces&v=4.0 HTTP/1.1" 304 -
181.189.25.86 - - [09/Jan/2024:18:36:03 -0500] "GET /sipse/faces/javax.faces.resource/layout/layout.css?ln=primefaces&v=4.0 HTTP/1.1" 304 -
181.189.25.86 - - [09/Jan/2024:18:36:03 -0500] "GET /sipse/faces/javax.faces.resource/jquery/jquery.js?ln=primefaces&v=4.0 HTTP/1.1" 304 -
181.189.25.86 - - [09/Jan/2024:18:36:03 -0500] "GET /sipse/faces/javax.faces.resource/jquery/jquery-plugins.js?ln=primefaces&v=4.0 HTTP/1.1" 304 -
181.189.25.86 - - [09/Jan/2024:18:36:03 -0500] "GET /sipse/faces/javax.faces.resource/primefaces.js?ln=primefaces&v=4.0 HTTP/1.1" 304 -
181.189.25.86 - - [09/Jan/2024:18:36:03 -0500] "GET /sipse/faces/javax.faces.resource/layout/layout.js?ln=primefaces&v=4.0 HTTP/1.1" 304 -
181.189.25.86 - - [09/Jan/2024:18:36:03 -0500] "POST /sipse/faces/presentacion/financiero/solicitudProceso/listarSolicitudProceso.xhtml HTTP/1.1" 200 1556
181.189.25.86 - - [09/Jan/2024:18:36:31 -0500] "POST /sipse/faces/presentacion/financiero/solicitudProceso/listarSolicitudProceso.xhtml HTTP/1.1" 200 163040
181.189.25.86 - - [09/Jan/2024:18:36:32 -0500] "GET /sipse/faces/javax.faces.resource/theme.css?ln=primefaces-sipse HTTP/1.1" 304 -
181.189.25.86 - - [09/Jan/2024:18:36:32 -0500] "GET /sipse/faces/javax.faces.resource/primefaces.css?ln=primefaces&v=4.0 HTTP/1.1" 304 -
181.189.25.86 - - [09/Jan/2024:18:36:32 -0500] "GET /sipse/faces/javax.faces.resource/layout/layout.css?ln=primefaces&v=4.0 HTTP/1.1" 304 -
181.189.25.86 - - [09/Jan/2024:18:36:32 -0500] "GET /sipse/faces/javax.faces.resource/jquery/jquery.js?ln=primefaces&v=4.0 HTTP/1.1" 304 -
181.189.25.86 - - [09/Jan/2024:18:36:32 -0500] "GET /sipse/faces/javax.faces.resource/jquery/jquery-plugins.js?ln=primefaces&v=4.0 HTTP/1.1" 304 -
181.189.25.86 - - [09/Jan/2024:18:36:32 -0500] "GET /sipse/faces/javax.faces.resource/primefaces.js?ln=primefaces&v=4.0 HTTP/1.1" 304 -
181.189.25.86 - - [09/Jan/2024:18:36:32 -0500] "GET /sipse/faces/javax.faces.resource/layout/layout.js?ln=primefaces&v=4.0 HTTP/1.1" 304 -
181.189.25.86 - - [09/Jan/2024:18:37:04 -0500] "POST /sipse/faces/presentacion/financiero/solicitudProceso/consultarSolicitudProceso.xhtml HTTP/1.1" 200 5510
66.249.68.36 - - [09/Jan/2024:18:37:12 -0500] "GET /Publicaciones/2023EE47914.pdf HTTP/1.1" 404 227
172.22.2.4 - - [09/Jan/2024:18:35:39 -0500] "HEAD /BLA/boletinlegal/ HTTP/1.1" 200 -
172.22.2.4 - - [09/Jan/2024:18:37:20 -0500] "GET /BLA/boletinlegal/robots.txt HTTP/1.1" 404 1037
172.22.2.4 - - [09/Jan/2024:18:37:20 -0500] "GET /BLA/boletinlegal/Circulares/2022/CIRCULAR%20No.%2000009%20DEL%2010%20DE%20OCTUBRE%20DEL%202022.pdf HTTP/1.1" 200 292772
66.249.66.193 - - [09/Jan/2024:18:37:34 -0500] "GET /consulta-y-conoce-los-proyectos-de-resolucion-de-para-los-planes-de-manejo-ambiental-de-cinco-humedales-en-bogota.html HTTP/1.1" 304 -
201.245.192.253 - - [09/Jan/2024:18:38:07 -0500] "POST /kwsrmcab/Wsrmcab  HTTP/1.1" 200 36937
172.22.2.4 - - [09/Jan/2024:18:36:30 -0500] "GET /BLA/boletinlegal/ HTTP/1.1" 200 58567
172.22.2.4 - - [09/Jan/2024:18:38:27 -0500] "GET /BLA/boletinlegal/Circulares/2019/.pdf HTTP/1.1" 404 1218
66.249.68.38 - - [09/Jan/2024:18:38:32 -0500] "GET /BLA/boletinlegal/Directivas/2016/Directiva%20No.%2003%20del%2026%20de%20Julio%20de%202016.pdf HTTP/1.1" 304 -
172.22.2.4 - - [09/Jan/2024:18:38:36 -0500] "GET /BLA/boletinlegal/Circulares/2012/Circular%20No.%2010%20del%2026%20de%20Enero%20de%202012.pdf HTTP/1.1" 404 1218
66.249.66.193 - - [09/Jan/2024:18:38:40 -0500] "GET /consulta-y-conoce-los-proyectos-de-resolucion-de-para-los-planes-de-manejo-ambiental-de-cinco-humedales-en-bogota.html HTTP/1.1" 200 971
201.245.192.253 - - [09/Jan/2024:18:39:12 -0500] "POST /kwsrmcab/Wsrmcab HTTP/1.1" 200 37047
186.102.43.208 - - [09/Jan/2024:18:39:20 -0500] "-" 408 -
181.189.25.86 - - [09/Jan/2024:18:39:23 -0500] "POST /sipse/faces/presentacion/financiero/solicitudProceso/consultarSolicitudProceso.xhtml HTTP/1.1" 200 5510
66.249.68.37 - - [09/Jan/2024:18:39:28 -0500] "GET /BLA/resoluciones/AUTOS%202008/1313.pdf HTTP/1.1" 200 315430
181.189.25.86 - - [09/Jan/2024:18:39:39 -0500] "POST /sipse/faces/presentacion/financiero/solicitudProceso/consultarSolicitudProceso.xhtml HTTP/1.1" 200 5429
181.189.25.86 - - [09/Jan/2024:18:39:42 -0500] "POST /sipse/faces/presentacion/financiero/solicitudProceso/consultarSolicitudProceso.xhtml HTTP/1.1" 200 40776
181.189.25.86 - - [09/Jan/2024:18:39:42 -0500] "GET /sipse/faces/javax.faces.resource/theme.css?ln=primefaces-sipse HTTP/1.1" 304 -
181.189.25.86 - - [09/Jan/2024:18:39:42 -0500] "GET /sipse/faces/javax.faces.resource/layout/layout.css?ln=primefaces&v=4.0 HTTP/1.1" 304 -
181.189.25.86 - - [09/Jan/2024:18:39:42 -0500] "GET /sipse/faces/javax.faces.resource/primefaces.css?ln=primefaces&v=4.0 HTTP/1.1" 304 -
181.189.25.86 - - [09/Jan/2024:18:39:42 -0500] "GET /sipse/faces/javax.faces.resource/jquery/jquery.js?ln=primefaces&v=4.0 HTTP/1.1" 304 -
181.189.25.86 - - [09/Jan/2024:18:39:42 -0500] "GET /sipse/faces/javax.faces.resource/jquery/jquery-plugins.js?ln=primefaces&v=4.0 HTTP/1.1" 304 -
181.189.25.86 - - [09/Jan/2024:18:39:42 -0500] "GET /sipse/faces/javax.faces.resource/primefaces.js?ln=primefaces&v=4.0 HTTP/1.1" 304 -
181.189.25.86 - - [09/Jan/2024:18:39:42 -0500] "GET /sipse/faces/javax.faces.resource/layout/layout.js?ln=primefaces&v=4.0 HTTP/1.1" 304 -
181.189.25.86 - - [09/Jan/2024:18:39:42 -0500] "POST /sipse/faces/presentacion/financiero/solicitudProceso/consultar.xhtml HTTP/1.1" 200 34137
181.189.25.86 - - [09/Jan/2024:18:39:42 -0500] "POST /sipse/faces/presentacion/financiero/solicitudProceso/consultar.xhtml HTTP/1.1" 200 34137
201.245.192.253 - - [09/Jan/2024:18:39:53 -0500] "POST /kwsrmcab/Wsrmcab HTTP/1.1" 200 36754
66.249.68.37 - - [09/Jan/2024:18:40:23 -0500] "GET /BLA/resoluciones/AUTOS%202014/0984.pdf HTTP/1.1" 200 286283
216.245.221.92 - - [09/Jan/2024:18:40:26 -0500] "HEAD / HTTP/1.1" 200 -
173.252.107.5 - - [09/Jan/2024:18:40:29 -0500] "GET /images/calidad-aire.jpg HTTP/1.1" 200 42421
173.252.107.119 - - [09/Jan/2024:18:40:34 -0500] "GET /images/Zorro%20cangrejero.jpg HTTP/1.1" 200 40050
173.252.107.8 - - [09/Jan/2024:18:40:42 -0500] "GET /images/cuerpos%20de%20agua%20en%20humedales-19-10.jpg HTTP/1.1" 200 73528
201.245.209.208 - - [09/Jan/2024:18:40:54 -0500] "GET /BLA/resoluciones/ HTTP/1.1" 200 13696
201.245.209.208 - - [09/Jan/2024:18:40:54 -0500] "GET /BLA/resoluciones/dlf/styles.css HTTP/1.1" 200 3049
201.245.209.208 - - [09/Jan/2024:18:40:54 -0500] "GET /BLA/resoluciones/dlf/folder.png HTTP/1.1" 200 410
201.245.209.208 - - [09/Jan/2024:18:40:55 -0500] "GET /BLA/resoluciones/dlf/bg.gif HTTP/1.1" 200 54
201.245.209.208 - - [09/Jan/2024:18:40:55 -0500] "GET /favicon.ico HTTP/1.1" 200 7782
172.22.2.4 - - [09/Jan/2024:18:40:43 -0500] "GET /BLA/boletinlegal/ HTTP/1.1" 200 20427
66.249.68.37 - - [09/Jan/2024:18:41:23 -0500] "GET /BLA/resoluciones/RESOLUCIONES%202010/1690.pdf HTTP/1.1" 200 365308
172.22.2.4 - - [09/Jan/2024:18:41:31 -0500] "GET /BLA/boletinlegal/actos.php HTTP/1.1" 200 9648
172.22.2.4 - - [09/Jan/2024:18:41:31 -0500] "GET /BLA/boletinlegal/styles2.css HTTP/1.1" 200 1838
172.22.2.4 - - [09/Jan/2024:18:41:31 -0500] "GET /BLA/boletinlegal/js/ajax_actos.js HTTP/1.1" 200 1322
172.22.2.4 - - [09/Jan/2024:18:41:31 -0500] "GET /BLA/boletinlegal/niceforms-default.css HTTP/1.1" 200 6694
172.22.2.4 - - [09/Jan/2024:18:41:31 -0500] "GET /BLA/boletinlegal/style.css HTTP/1.1" 200 9406
172.22.2.4 - - [09/Jan/2024:18:41:31 -0500] "GET /BLA/boletinlegal/niceforms.js HTTP/1.1" 200 22876
172.22.2.4 - - [09/Jan/2024:18:41:31 -0500] "GET /BLA/boletinlegal/js/lib.js HTTP/1.1" 200 6474
172.22.2.4 - - [09/Jan/2024:18:41:31 -0500] "GET /BLA/boletinlegal/js/jquery1.js HTTP/1.1" 200 29846
172.22.2.4 - - [09/Jan/2024:18:41:31 -0500] "GET /BLA/boletinlegal/js/popup.js HTTP/1.1" 200 1270
172.22.2.4 - - [09/Jan/2024:18:41:31 -0500] "GET /BLA/boletinlegal/images/cabezote%20BLEGAL.jpg HTTP/1.1" 200 118164
172.22.2.4 - - [09/Jan/2024:18:41:31 -0500] "GET /BLA/boletinlegal/images/subscribe-icon-big.png HTTP/1.1" 200 47702
172.22.2.4 - - [09/Jan/2024:18:41:31 -0500] "GET /BLA/boletinlegal/images/historia.png HTTP/1.1" 200 52775
172.22.2.4 - - [09/Jan/2024:18:41:31 -0500] "GET /BLA/boletinlegal/images/registro-usuarios.png HTTP/1.1" 200 8106
172.22.2.4 - - [09/Jan/2024:18:41:31 -0500] "GET /BLA/boletinlegal/images/tel.png HTTP/1.1" 200 14477
172.22.2.4 - - [09/Jan/2024:18:41:31 -0500] "GET /BLA/boletinlegal/images/green-yellow-blue-pink-th.png HTTP/1.1" 200 7394
172.22.2.4 - - [09/Jan/2024:18:41:31 -0500] "GET /BLA/boletinlegal/images/icono-email.png HTTP/1.1" 200 5544
172.22.2.4 - - [09/Jan/2024:18:41:31 -0500] "GET /BLA/boletinlegal/images/body_bg.jpg HTTP/1.1" 200 1601
172.22.2.4 - - [09/Jan/2024:18:41:31 -0500] "GET /BLA/boletinlegal/images/menu_lft.gif HTTP/1.1" 200 1713
172.22.2.4 - - [09/Jan/2024:18:41:31 -0500] "GET /BLA/boletinlegal/images/bg_top.jpg HTTP/1.1" 200 522
172.22.2.4 - - [09/Jan/2024:18:41:31 -0500] "GET /BLA/boletinlegal/images/hover.jpg HTTP/1.1" 200 640
172.22.2.4 - - [09/Jan/2024:18:41:31 -0500] "GET /BLA/boletinlegal/images/menu_rght.gif HTTP/1.1" 200 1627
172.22.2.4 - - [09/Jan/2024:18:41:31 -0500] "GET /BLA/boletinlegal/images/menu_bg.jpg HTTP/1.1" 200 620
172.22.2.4 - - [09/Jan/2024:18:41:31 -0500] "GET /BLA/boletinlegal/images/footer_bg.jpg HTTP/1.1" 200 586
172.22.2.4 - - [09/Jan/2024:18:41:31 -0500] "GET /BLA/boletinlegal/images/footer_bg_l.jpg HTTP/1.1" 200 776
172.22.2.4 - - [09/Jan/2024:18:41:31 -0500] "GET /BLA/boletinlegal/images/text.jpg HTTP/1.1" 200 568
172.22.2.4 - - [09/Jan/2024:18:41:31 -0500] "GET /BLA/boletinlegal/img/0.png HTTP/1.1" 200 110
172.22.2.4 - - [09/Jan/2024:18:41:31 -0500] "GET /BLA/boletinlegal/img/select-left.png HTTP/1.1" 200 263
172.22.2.4 - - [09/Jan/2024:18:41:31 -0500] "GET /BLA/boletinlegal/img/button-right.png HTTP/1.1" 200 57878
172.22.2.4 - - [09/Jan/2024:18:41:31 -0500] "GET /BLA/boletinlegal/img/select-right.png HTTP/1.1" 200 44019
172.22.2.4 - - [09/Jan/2024:18:41:31 -0500] "GET /BLA/boletinlegal/img/button-left.png HTTP/1.1" 200 57071
172.22.2.4 - - [09/Jan/2024:18:41:31 -0500] "GET /BLA/boletinlegal/img/button.png HTTP/1.1" 200 43241
172.22.2.4 - - [09/Jan/2024:18:41:32 -0500] "GET /BLA/boletinlegal/favicon.ico HTTP/1.1" 404 1326
172.22.2.4 - - [09/Jan/2024:18:41:52 -0500] "GET /BLA/boletinlegal/consulta_actos.php?tipo=resoluciones&no=1865&usuario=&sector=&fecha=2021&resuelve= HTTP/1.1" 200 1279
172.22.2.4 - - [09/Jan/2024:18:41:53 -0500] "GET /BLA/boletinlegal/images/pdf.gif HTTP/1.1" 200 567
186.84.90.178 - - [09/Jan/2024:18:41:56 -0500] "GET /BLA/resoluciones/RESOLUCIONES%202021/1865.pdf HTTP/1.1" 200 466582
186.84.90.178 - - [09/Jan/2024:18:41:56 -0500] "GET /favicon.ico HTTP/1.1" 200 7782
40.77.167.230 - - [09/Jan/2024:18:42:19 -0500] "GET /BLA/resoluciones/AUTOS%202011/4856.pdf HTTP/1.1" 200 269153
172.22.2.4 - - [09/Jan/2024:18:42:39 -0500] "GET /BLA/boletinlegal/consulta_actos.php?tipo=resoluciones&no=046&usuario=&sector=&fecha=2022&resuelve= HTTP/1.1" 200 3858
172.22.2.4 - - [09/Jan/2024:18:42:40 -0500] "GET /BLA/boletinlegal/images/background.gif HTTP/1.1" 200 -
186.115.225.51 - - [09/Jan/2024:18:42:42 -0500] "GET /kwssiamovil/sm/acme/a?s=U2FsdGVkX18vZbURXqaPrQpSAXrxJf8QcHmsHGquHUrMrTO11zKFxkAlX9pY6n6IKrlkAQAf8zY0I5qkNVbEXXAhit5iorsCGI3tKXg75JrcnlXsK2Kp6uMFu14EEd8FBRRQHnsm2wXLnj/+fKhjIesbwvOpmSBRVdUi7vmI+HaJmaHGnjpbDyvTgphsIyRWeh9xRCtFasYopfk2M4hlBqe81XVJttyXm6sYUyfYkwWSwQKFtFbAKcqZE0CI22kIzCH5cT/+fkE275zH5uwahg==&u=U2FsdGVkX19l8MkkaBy8SvMgp2sjie+YPCcI0a8VpHyg4W3hl6Hg5n45VLIInmUd&y=U2FsdGVkX1/1FCOSWd7IRU52i4N2Dl9vxxvEPOBiFrspP/VgP89aYkJJxDyDb3dH HTTP/1.1" 200 26
