216.244.66.195 - - [10/Jan/2024:05:35:34 -0500] "GET /BLA/resoluciones/AUTOS%202010/5713.pdf HTTP/1.1" 200 231067
156.59.198.136 - - [10/Jan/2024:05:35:40 -0500] "GET /BLA/resoluciones/AUTOS%202014/4791.pdf HTTP/1.0" 200 495254
156.59.198.136 - - [10/Jan/2024:05:36:04 -0500] "GET /BLA/resoluciones/AUTOS%202014/0511.pdf HTTP/1.0" 200 617743
216.244.66.195 - - [10/Jan/2024:05:36:06 -0500] "GET /BLA/resoluciones/AUTOS%202010/6580.pdf HTTP/1.1" 200 154355
191.95.0.37 - - [10/Jan/2024:05:36:24 -0500] "GET /inicia-el-2024-conociendo-la-biodiversidad-de-bogoti.html?fbclid=IwAR3DLOVwaZhlWNMkb_mIsdQJQPA6W12W8ypKkzJOp8NoFftCy-QvnN1wLM4 HTTP/1.1" 200 894
156.59.198.136 - - [10/Jan/2024:05:36:29 -0500] "GET /BLA/resoluciones/AUTOS%202014/5957.pdf HTTP/1.0" 200 397163
172.22.2.4 - - [10/Jan/2024:05:34:54 -0500] "HEAD /BLA/boletinlegal/ HTTP/1.1" 200 -
216.244.66.195 - - [10/Jan/2024:05:36:36 -0500] "GET /BLA/resoluciones/AUTOS%202010/6792.pdf HTTP/1.1" 200 204715
156.59.198.135 - - [10/Jan/2024:05:36:54 -0500] "GET /BLA/resoluciones/AUTOS%202014/7032.pdf HTTP/1.0" 200 245949
216.244.66.195 - - [10/Jan/2024:05:37:04 -0500] "GET /BLA/resoluciones/AUTOS%202010/6943.pdf HTTP/1.1" 200 189406
156.59.198.135 - - [10/Jan/2024:05:37:18 -0500] "GET /BLA/resoluciones/AUTOS%202014/3338.pdf HTTP/1.0" 200 437001
172.22.2.4 - - [10/Jan/2024:05:35:44 -0500] "GET /BLA/boletinlegal/ HTTP/1.1" 200 58567
216.244.66.195 - - [10/Jan/2024:05:37:37 -0500] "GET /BLA/resoluciones/AUTOS%202011/1646.pdf HTTP/1.1" 200 224940
156.59.198.136 - - [10/Jan/2024:05:37:41 -0500] "GET /BLA/resoluciones/AUTOS%202014/1708.pdf HTTP/1.0" 200 310531
156.59.198.136 - - [10/Jan/2024:05:38:07 -0500] "GET /BLA/resoluciones/AUTOS%202014/2601.pdf HTTP/1.0" 200 327963
216.244.66.195 - - [10/Jan/2024:05:38:12 -0500] "GET /BLA/resoluciones/AUTOS%202011/3640.pdf HTTP/1.1" 200 224097
156.59.198.135 - - [10/Jan/2024:05:38:30 -0500] "GET /BLA/resoluciones/AUTOS%202014/2183.pdf HTTP/1.0" 200 682655
216.244.66.195 - - [10/Jan/2024:05:38:46 -0500] "GET /BLA/resoluciones/AUTOS%202011/4013.pdf HTTP/1.1" 200 236815
156.59.198.135 - - [10/Jan/2024:05:38:55 -0500] "GET /BLA/resoluciones/AUTOS%202014/2286.pdf HTTP/1.0" 200 251483
201.245.192.253 - - [10/Jan/2024:05:39:10 -0500] "POST /kwsrmcab/Wsrmcab HTTP/1.1" 200 36633
216.244.66.195 - - [10/Jan/2024:05:39:15 -0500] "GET /BLA/resoluciones/RESOLUCIONES%202016/0364.pdf HTTP/1.1" 200 225384
156.59.198.135 - - [10/Jan/2024:05:39:18 -0500] "GET /BLA/resoluciones/AUTOS%202014/0071.pdf HTTP/1.0" 200 658929
108.128.211.115 - - [10/Jan/2024:05:38:48 -0500] "GET /BLA/boletinlegal/ HTTP/1.1" 200 32715
173.252.127.117 - - [10/Jan/2024:05:39:34 -0500] "GET /distrito-entrego-certificado-de-reconocimiento-a-mas-de-600-mujeres-que-reverdecen-tras-seis-meses-de-formacion-teorica-y-practica.html HTTP/1.1" 200 1113
156.59.198.136 - - [10/Jan/2024:05:39:44 -0500] "GET /BLA/resoluciones/AUTOS%202014/4802.pdf HTTP/1.0" 200 552456
216.244.66.195 - - [10/Jan/2024:05:39:44 -0500] "GET /BLA/resoluciones/RESOLUCIONES%202016/0813.pdf HTTP/1.1" 200 404051
108.128.211.115 - - [10/Jan/2024:05:39:52 -0500] "GET /catalogoisis/ HTTP/1.1" 200 8575
201.245.192.253 - - [10/Jan/2024:05:39:51 -0500] "POST /kwsrmcab/Wsrmcab HTTP/1.1" 200 36470
173.252.107.6 - - [10/Jan/2024:05:40:06 -0500] "GET /planes-proyectos-y-estrategias-para-mejorar-la-calidad-del-aire-de-bogota.html HTTP/1.1" 200 757
156.59.198.136 - - [10/Jan/2024:05:40:08 -0500] "GET /BLA/resoluciones/AUTOS%202014/7240.pdf HTTP/1.0" 200 1856887
216.244.66.195 - - [10/Jan/2024:05:40:24 -0500] "GET /BLA/resoluciones/RESOLUCIONES%202016/0909.pdf HTTP/1.1" 200 601724
216.245.221.92 - - [10/Jan/2024:05:40:24 -0500] "HEAD / HTTP/1.1" 200 -
201.245.192.253 - - [10/Jan/2024:05:40:23 -0500] "POST /kwsrmcab/Wsrmcab  HTTP/1.1" 200 36937
156.59.198.136 - - [10/Jan/2024:05:40:33 -0500] "GET /BLA/resoluciones/AUTOS%202014/6762.pdf HTTP/1.0" 200 545905
108.128.211.115 - - [10/Jan/2024:05:39:58 -0500] "GET /BLA/boletinlegal/index.php HTTP/1.1" 200 32715
156.59.198.136 - - [10/Jan/2024:05:40:57 -0500] "GET /BLA/resoluciones/AUTOS%202014/7054.pdf HTTP/1.0" 200 688913
108.128.211.115 - - [10/Jan/2024:05:41:02 -0500] "GET /BLA/boletinlegal/normativa.php HTTP/1.1" 200 8343
216.244.66.195 - - [10/Jan/2024:05:41:02 -0500] "GET /BLA/resoluciones/RESOLUCIONES%202016/1667.pdf HTTP/1.1" 200 471356
108.128.211.115 - - [10/Jan/2024:05:41:07 -0500] "GET /BLA/boletinlegal/actos.php HTTP/1.1" 200 9648
156.59.198.135 - - [10/Jan/2024:05:41:21 -0500] "GET /BLA/resoluciones/AUTOS%202014/1838.pdf HTTP/1.0" 200 493137
216.244.66.195 - - [10/Jan/2024:05:41:33 -0500] "GET /BLA/resoluciones/RESOLUCIONES%202016/2422.pdf HTTP/1.1" 200 498042
156.59.198.135 - - [10/Jan/2024:05:41:46 -0500] "GET /BLA/resoluciones/AUTOS%202014/3043.pdf HTTP/1.0" 200 476619
216.244.66.195 - - [10/Jan/2024:05:42:08 -0500] "GET /BLA/resoluciones/RESOLUCIONES%202017/0276.pdf HTTP/1.1" 200 614032
156.59.198.136 - - [10/Jan/2024:05:42:12 -0500] "GET /BLA/resoluciones/AUTOS%202014/4549.pdf HTTP/1.0" 200 529326
172.22.2.4 - - [10/Jan/2024:05:40:44 -0500] "HEAD /BLA/boletinlegal/ HTTP/1.1" 200 -
156.59.198.136 - - [10/Jan/2024:05:42:36 -0500] "GET /BLA/resoluciones/AUTOS%202014/4270.pdf HTTP/1.0" 200 753094
216.244.66.195 - - [10/Jan/2024:05:42:43 -0500] "GET /BLA/resoluciones/RESOLUCIONES%202017/0428.pdf HTTP/1.1" 200 406541
156.59.198.136 - - [10/Jan/2024:05:43:01 -0500] "GET /BLA/resoluciones/AUTOS%202014/2310.pdf HTTP/1.0" 200 279555
216.244.66.195 - - [10/Jan/2024:05:43:12 -0500] "GET /BLA/resoluciones/RESOLUCIONES%202017/0697.pdf HTTP/1.1" 200 305812
172.22.2.4 - - [10/Jan/2024:05:41:34 -0500] "GET /BLA/boletinlegal/ HTTP/1.1" 200 58969
156.59.198.136 - - [10/Jan/2024:05:43:25 -0500] "GET /BLA/resoluciones/AUTOS%202014/5137.pdf HTTP/1.0" 200 485580
216.244.66.195 - - [10/Jan/2024:05:43:42 -0500] "GET /BLA/resoluciones/RESOLUCIONES%202017/0705.pdf HTTP/1.1" 200 306884
156.59.198.136 - - [10/Jan/2024:05:43:50 -0500] "GET /BLA/resoluciones/AUTOS%202014/0058.pdf HTTP/1.0" 200 326140
66.249.79.238 - - [10/Jan/2024:05:43:51 -0500] "GET /portel_dama/libreria/php/2006/ECOSISTEMAS%20FINAL%20web_mz27/restauracion/sitio/55_artic/xtras/2.pdf HTTP/1.1" 404 1018
216.244.66.195 - - [10/Jan/2024:05:44:11 -0500] "GET /BLA/resoluciones/RESOLUCIONES%202017/1317.pdf HTTP/1.1" 200 3183681
156.59.198.136 - - [10/Jan/2024:05:44:14 -0500] "GET /BLA/resoluciones/AUTOS%202014/3768.pdf HTTP/1.0" 200 235412
156.59.198.136 - - [10/Jan/2024:05:44:39 -0500] "GET /BLA/resoluciones/AUTOS%202014/5989.pdf HTTP/1.0" 200 542356
216.244.66.195 - - [10/Jan/2024:05:44:45 -0500] "GET /BLA/resoluciones/RESOLUCIONES%202017/1502.pdf HTTP/1.1" 200 2705590
197.38.154.99 - - [10/Jan/2024:05:45:03 -0500] "GET / HTTP/1.1" 200 319
156.59.198.135 - - [10/Jan/2024:05:45:03 -0500] "GET /BLA/resoluciones/AUTOS%202014/5304.pdf HTTP/1.0" 200 466113
216.244.66.195 - - [10/Jan/2024:05:45:18 -0500] "GET /BLA/resoluciones/RESOLUCIONES%202017/1556.pdf HTTP/1.1" 200 375181
216.245.221.92 - - [10/Jan/2024:05:45:24 -0500] "HEAD / HTTP/1.1" 200 -
201.245.192.253 - - [10/Jan/2024:05:45:22 -0500] "POST /kwsrmcab/Wsrmcab  HTTP/1.1" 200 36937
156.59.198.135 - - [10/Jan/2024:05:45:27 -0500] "GET /BLA/resoluciones/AUTOS%202014/4057.pdf HTTP/1.0" 200 588357
216.244.66.195 - - [10/Jan/2024:05:45:49 -0500] "GET /BLA/resoluciones/RESOLUCIONES%202017/1702.pdf HTTP/1.1" 200 631480
156.59.198.135 - - [10/Jan/2024:05:45:52 -0500] "GET /BLA/resoluciones/AUTOS%202014/2576.pdf HTTP/1.0" 200 752616
156.59.198.136 - - [10/Jan/2024:05:46:16 -0500] "GET /BLA/resoluciones/AUTOS%202014/5080.pdf HTTP/1.0" 200 837632
216.244.66.195 - - [10/Jan/2024:05:46:18 -0500] "GET /BLA/resoluciones/RESOLUCIONES%202017/2082.pdf HTTP/1.1" 200 321964
156.59.198.135 - - [10/Jan/2024:05:46:42 -0500] "GET /BLA/resoluciones/AUTOS%202014/2055.pdf HTTP/1.0" 200 665089
216.244.66.195 - - [10/Jan/2024:05:46:47 -0500] "GET /BLA/resoluciones/RESOLUCIONES%202017/2580.pdf HTTP/1.1" 200 277558
66.249.79.238 - - [10/Jan/2024:05:47:03 -0500] "GET /BLA/resoluciones/RESOLUCIONES%202009/0192.pdf HTTP/1.1" 200 257319
156.59.198.135 - - [10/Jan/2024:05:47:06 -0500] "GET /BLA/resoluciones/AUTOS%202014/0155.pdf HTTP/1.0" 200 874607
216.244.66.195 - - [10/Jan/2024:05:47:17 -0500] "GET /BLA/resoluciones/RESOLUCIONES%202017/2673.pdf HTTP/1.1" 200 296443
156.59.198.136 - - [10/Jan/2024:05:47:29 -0500] "GET /BLA/resoluciones/AUTOS%202014/1494.pdf HTTP/1.0" 200 947827
216.244.66.195 - - [10/Jan/2024:05:47:43 -0500] "GET /BLA/resoluciones/RESOLUCIONES%202017/3024.pdf HTTP/1.1" 200 1861215
156.59.198.136 - - [10/Jan/2024:05:47:54 -0500] "GET /BLA/resoluciones/AUTOS%202014/7346.pdf HTTP/1.0" 200 498930
172.22.2.4 - - [10/Jan/2024:05:46:34 -0500] "HEAD /BLA/boletinlegal/ HTTP/1.1" 200 -
156.59.198.136 - - [10/Jan/2024:05:48:18 -0500] "GET /BLA/resoluciones/AUTOS%202014/5998.pdf HTTP/1.0" 200 564729
216.244.66.195 - - [10/Jan/2024:05:48:27 -0500] "GET /BLA/resoluciones/RESOLUCIONES%202017/3621.pdf HTTP/1.1" 200 541961
156.59.198.136 - - [10/Jan/2024:05:48:43 -0500] "GET /BLA/resoluciones/AUTOS%202014/0243.pdf HTTP/1.0" 200 482048
216.244.66.195 - - [10/Jan/2024:05:48:57 -0500] "GET /BLA/resoluciones/RESOLUCIONES%202017/3732.pdf HTTP/1.1" 200 285075
172.22.2.4 - - [10/Jan/2024:05:47:24 -0500] "GET /BLA/boletinlegal/ HTTP/1.1" 200 60910
156.59.198.135 - - [10/Jan/2024:05:49:07 -0500] "GET /BLA/resoluciones/AUTOS%202014/3307.pdf HTTP/1.0" 200 486530
216.244.66.195 - - [10/Jan/2024:05:49:26 -0500] "GET /BLA/resoluciones/RESOLUCIONES%202019/0660.pdf HTTP/1.1" 200 1906578
156.59.198.136 - - [10/Jan/2024:05:49:34 -0500] "GET /BLA/resoluciones/AUTOS%202014/0704.pdf HTTP/1.0" 200 662376
216.244.66.195 - - [10/Jan/2024:05:49:56 -0500] "GET /BLA/resoluciones/RESOLUCIONES%202019/1048.pdf HTTP/1.1" 200 9036570
156.59.198.136 - - [10/Jan/2024:05:49:57 -0500] "GET /BLA/resoluciones/AUTOS%202014/1639.pdf HTTP/1.0" 200 522848
156.59.198.136 - - [10/Jan/2024:05:50:22 -0500] "GET /BLA/resoluciones/AUTOS%202014/0395.pdf HTTP/1.0" 200 1043846
201.245.192.253 - - [10/Jan/2024:05:50:20 -0500] "POST /kwsrmcab/Wsrmcab  HTTP/1.1" 200 36937
216.245.221.92 - - [10/Jan/2024:05:50:24 -0500] "HEAD / HTTP/1.1" 200 -
216.244.66.195 - - [10/Jan/2024:05:50:31 -0500] "GET /BLA/resoluciones/RESOLUCIONES%201997/RESOLUCION%20250%20DE%201997.pdf HTTP/1.1" 200 149529
156.59.198.136 - - [10/Jan/2024:05:50:46 -0500] "GET /BLA/resoluciones/AUTOS%202014/3807.pdf HTTP/1.0" 200 233388
216.244.66.195 - - [10/Jan/2024:05:51:02 -0500] "GET /BLA/resoluciones/AUTOS%202007/0385.pdf HTTP/1.1" 200 1208482
156.59.198.136 - - [10/Jan/2024:05:51:10 -0500] "GET /BLA/resoluciones/AUTOS%202014/6634.pdf HTTP/1.0" 200 519041
216.244.66.195 - - [10/Jan/2024:05:51:32 -0500] "GET /BLA/resoluciones/AUTOS%202007/0496.pdf HTTP/1.1" 200 21437
156.59.198.135 - - [10/Jan/2024:05:51:34 -0500] "GET /BLA/resoluciones/AUTOS%202014/6503.pdf HTTP/1.0" 200 451265
156.59.198.135 - - [10/Jan/2024:05:51:58 -0500] "GET /BLA/resoluciones/AUTOS%202014/5207.pdf HTTP/1.0" 200 494976
216.244.66.195 - - [10/Jan/2024:05:51:59 -0500] "GET /BLA/resoluciones/AUTOS%202007/0510.pdf HTTP/1.1" 200 219050
156.59.198.135 - - [10/Jan/2024:05:52:22 -0500] "GET /BLA/resoluciones/AUTOS%202014/1751.pdf HTTP/1.0" 200 333014
216.244.66.195 - - [10/Jan/2024:05:52:27 -0500] "GET /BLA/resoluciones/AUTOS%202007/0516.pdf HTTP/1.1" 200 53886
156.59.198.135 - - [10/Jan/2024:05:52:47 -0500] "GET /BLA/resoluciones/AUTOS%202014/6840.pdf HTTP/1.0" 200 434282
216.244.66.195 - - [10/Jan/2024:05:52:54 -0500] "GET /BLA/resoluciones/AUTOS%202007/0541.pdf HTTP/1.1" 200 163551
156.59.198.135 - - [10/Jan/2024:05:53:13 -0500] "GET /BLA/resoluciones/AUTOS%202014/2942.pdf HTTP/1.0" 200 510568
216.244.66.195 - - [10/Jan/2024:05:53:19 -0500] "GET /BLA/resoluciones/AUTOS%202007/0592.pdf HTTP/1.1" 200 74288
156.59.198.135 - - [10/Jan/2024:05:53:36 -0500] "GET /BLA/resoluciones/AUTOS%202014/0061.pdf HTTP/1.0" 200 615366
45.79.181.179 - - [10/Jan/2024:05:53:38 -0500] "\x16\x03\x01" 400 226
216.244.66.195 - - [10/Jan/2024:05:53:44 -0500] "GET /BLA/resoluciones/AUTOS%202007/0655.pdf HTTP/1.1" 200 69496
156.59.198.136 - - [10/Jan/2024:05:54:02 -0500] "GET /BLA/resoluciones/AUTOS%202014/1475.pdf HTTP/1.0" 200 438806
172.22.2.4 - - [10/Jan/2024:05:52:23 -0500] "HEAD /BLA/boletinlegal/ HTTP/1.1" 200 -
216.244.66.195 - - [10/Jan/2024:05:54:07 -0500] "GET /BLA/resoluciones/AUTOS%202007/0705.pdf HTTP/1.1" 200 332623
186.154.38.199 - - [10/Jan/2024:05:54:14 -0500] "GET /inicia-el-2024-conociendo-la-biodiversidad-de-bogoti.html HTTP/1.1" 200 894
156.59.198.135 - - [10/Jan/2024:05:54:26 -0500] "GET /BLA/resoluciones/AUTOS%202014/5026.pdf HTTP/1.0" 200 461912
156.59.198.136 - - [10/Jan/2024:05:54:51 -0500] "GET /BLA/resoluciones/AUTOS%202014/0026.pdf HTTP/1.0" 200 666077
172.22.2.4 - - [10/Jan/2024:05:53:14 -0500] "GET /BLA/boletinlegal/ HTTP/1.1" 200 58567
156.59.198.136 - - [10/Jan/2024:05:55:15 -0500] "GET /BLA/resoluciones/AUTOS%202014/4979.pdf HTTP/1.0" 200 735650
201.245.192.253 - - [10/Jan/2024:05:55:18 -0500] "POST /kwsrmcab/Wsrmcab  HTTP/1.1" 200 36937
216.245.221.92 - - [10/Jan/2024:05:55:24 -0500] "HEAD / HTTP/1.1" 200 -
156.59.198.136 - - [10/Jan/2024:05:55:39 -0500] "GET /BLA/resoluciones/AUTOS%202014/3938.pdf HTTP/1.0" 200 332695
156.59.198.136 - - [10/Jan/2024:05:56:03 -0500] "GET /BLA/resoluciones/AUTOS%202014/2869.pdf HTTP/1.0" 200 347808
156.59.198.135 - - [10/Jan/2024:05:56:27 -0500] "GET /BLA/resoluciones/AUTOS%202014/4059.pdf HTTP/1.0" 200 305106
156.59.198.136 - - [10/Jan/2024:05:56:52 -0500] "GET /BLA/resoluciones/AUTOS%202014/5159.pdf HTTP/1.0" 200 458267
156.59.198.135 - - [10/Jan/2024:05:57:17 -0500] "GET /BLA/resoluciones/AUTOS%202014/0542.pdf HTTP/1.0" 200 657980
156.59.198.135 - - [10/Jan/2024:05:57:41 -0500] "GET /BLA/resoluciones/AUTOS%202014/7254.pdf HTTP/1.0" 200 567626
156.59.198.136 - - [10/Jan/2024:05:58:05 -0500] "GET /BLA/resoluciones/AUTOS%202014/1233.pdf HTTP/1.0" 200 666113
156.59.198.136 - - [10/Jan/2024:05:58:30 -0500] "GET /BLA/resoluciones/AUTOS%202014/1732.pdf HTTP/1.0" 200 632699
156.59.198.135 - - [10/Jan/2024:05:58:54 -0500] "GET /BLA/resoluciones/AUTOS%202014/0959.pdf HTTP/1.0" 200 577935
40.77.167.54 - - [10/Jan/2024:05:59:08 -0500] "GET /BLA/resoluciones/AUTOS%202020/0518.pdf HTTP/1.1" 200 538285
156.59.198.135 - - [10/Jan/2024:05:59:18 -0500] "GET /BLA/resoluciones/AUTOS%202014/3332.pdf HTTP/1.0" 200 447030
156.59.198.135 - - [10/Jan/2024:05:59:43 -0500] "GET /BLA/resoluciones/AUTOS%202014/1511.pdf HTTP/1.0" 200 701617
172.22.2.4 - - [10/Jan/2024:05:58:13 -0500] "HEAD /BLA/boletinlegal/ HTTP/1.1" 200 -
156.59.198.135 - - [10/Jan/2024:06:00:08 -0500] "GET /BLA/resoluciones/AUTOS%202014/3977.pdf HTTP/1.0" 200 656262
201.245.192.253 - - [10/Jan/2024:06:00:17 -0500] "POST /kwsrmcab/Wsrmcab  HTTP/1.1" 200 36937
216.245.221.92 - - [10/Jan/2024:06:00:24 -0500] "HEAD / HTTP/1.1" 200 -
156.59.198.135 - - [10/Jan/2024:06:00:32 -0500] "GET /BLA/resoluciones/AUTOS%202014/2451.pdf HTTP/1.0" 200 525674
172.22.2.4 - - [10/Jan/2024:05:59:04 -0500] "GET /BLA/boletinlegal/ HTTP/1.1" 200 58567
156.59.198.135 - - [10/Jan/2024:06:00:56 -0500] "GET /BLA/resoluciones/AUTOS%202014/6581.pdf HTTP/1.0" 200 565738
156.59.198.135 - - [10/Jan/2024:06:01:20 -0500] "GET /BLA/resoluciones/AUTOS%202014/1764.pdf HTTP/1.0" 200 413040
172.22.2.4 - - [10/Jan/2024:06:01:07 -0500] "GET /BLA/boletinlegal/ HTTP/1.1" 200 20427
156.59.198.135 - - [10/Jan/2024:06:01:46 -0500] "GET /BLA/resoluciones/AUTOS%202014/2541.pdf HTTP/1.0" 200 718094
191.102.198.12 - - [10/Jan/2024:06:02:06 -0500] "GET /sipse/faces/index.xhtml HTTP/1.1" 200 677
191.102.198.12 - - [10/Jan/2024:06:02:06 -0500] "GET /sipse/faces/javax.faces.resource/theme.css?ln=primefaces-sipse HTTP/1.1" 200 50058
191.102.198.12 - - [10/Jan/2024:06:02:07 -0500] "GET /sipse/faces/faces/autenticacion.xhtml HTTP/1.1" 200 12406
191.102.198.12 - - [10/Jan/2024:06:02:07 -0500] "GET /sipse/js/disable_browser_buttons.js HTTP/1.1" 200 3230
191.102.198.12 - - [10/Jan/2024:06:02:07 -0500] "GET /sipse/css/custom_css_sg.css HTTP/1.1" 200 9694
191.102.198.12 - - [10/Jan/2024:06:02:07 -0500] "GET /sipse/css/custom_css_sg_prime_login.css HTTP/1.1" 200 443
191.102.198.12 - - [10/Jan/2024:06:02:07 -0500] "GET /sipse/faces/javax.faces.resource/layout/layout.css?ln=primefaces&v=4.0 HTTP/1.1" 200 542
191.102.198.12 - - [10/Jan/2024:06:02:07 -0500] "GET /sipse/faces/javax.faces.resource/theme.css?ln=primefaces-sipse HTTP/1.1" 304 -
191.102.198.12 - - [10/Jan/2024:06:02:07 -0500] "GET /sipse/js/funciones.js HTTP/1.1" 200 12592
191.102.198.12 - - [10/Jan/2024:06:02:07 -0500] "GET /sipse/faces/javax.faces.resource/layout/layout.js?ln=primefaces&v=4.0 HTTP/1.1" 200 87560
191.102.198.12 - - [10/Jan/2024:06:02:07 -0500] "GET /sipse/faces/javax.faces.resource/jquery/jquery.js?ln=primefaces&v=4.0 HTTP/1.1" 200 105384
191.102.198.12 - - [10/Jan/2024:06:02:07 -0500] "GET /sipse/faces/javax.faces.resource/primefaces.css?ln=primefaces&v=4.0 HTTP/1.1" 200 53295
191.102.198.12 - - [10/Jan/2024:06:02:07 -0500] "GET /sipse/faces/javax.faces.resource/primefaces.js?ln=primefaces&v=4.0 HTTP/1.1" 200 276924
191.102.198.12 - - [10/Jan/2024:06:02:07 -0500] "GET /sipse/faces/javax.faces.resource/jquery/jquery-plugins.js?ln=primefaces&v=4.0 HTTP/1.1" 200 220526
191.102.198.12 - - [10/Jan/2024:06:02:08 -0500] "GET /sipse/faces/javax.faces.resource/images/ui-icons_898989_256x240.png?ln=primefaces-aristo HTTP/1.1" 200 5355
191.102.198.12 - - [10/Jan/2024:06:02:08 -0500] "GET /sipse/css/imagen/logoSDG.png HTTP/1.1" 200 53064
191.102.198.12 - - [10/Jan/2024:06:02:08 -0500] "GET /sipse/css/imagen/loginimg.png HTTP/1.1" 200 71635
156.59.198.136 - - [10/Jan/2024:06:02:11 -0500] "GET /BLA/resoluciones/AUTOS%202014/5052.pdf HTTP/1.0" 200 396689
191.102.198.12 - - [10/Jan/2024:06:02:25 -0500] "POST /sipse/faces/autenticacion.xhtml HTTP/1.1" 200 2183
191.102.198.12 - - [10/Jan/2024:06:02:26 -0500] "GET /sipse/faces/javax.faces.resource/messages/messages.png?ln=primefaces&v=4.0 HTTP/1.1" 200 27209
200.29.113.38 - - [10/Jan/2024:06:02:34 -0500] "GET /sipse/faces/faces/autenticacion.xhtml HTTP/1.1" 200 12728
200.29.113.38 - - [10/Jan/2024:06:02:34 -0500] "GET /sipse/css/custom_css_sg.css HTTP/1.1" 200 9694
200.29.113.38 - - [10/Jan/2024:06:02:34 -0500] "GET /sipse/js/disable_browser_buttons.js HTTP/1.1" 200 3230
200.29.113.38 - - [10/Jan/2024:06:02:34 -0500] "GET /sipse/css/custom_css_sg_prime_login.css HTTP/1.1" 200 443
200.29.113.38 - - [10/Jan/2024:06:02:34 -0500] "GET /sipse/js/funciones.js HTTP/1.1" 200 12592
200.29.113.38 - - [10/Jan/2024:06:02:34 -0500] "GET /sipse/faces/javax.faces.resource/theme.css?ln=primefaces-sipse HTTP/1.1" 200 50058
200.29.113.38 - - [10/Jan/2024:06:02:34 -0500] "GET /sipse/faces/javax.faces.resource/primefaces.css;jsessionid=5dOqbQ3bfAtrzIYt5JSO4fy9.undefined?ln=primefaces&v=4.0 HTTP/1.1" 200 53295
200.29.113.38 - - [10/Jan/2024:06:02:34 -0500] "GET /sipse/faces/javax.faces.resource/layout/layout.css;jsessionid=5dOqbQ3bfAtrzIYt5JSO4fy9.undefined?ln=primefaces&v=4.0 HTTP/1.1" 200 542
200.29.113.38 - - [10/Jan/2024:06:02:34 -0500] "GET /sipse/faces/javax.faces.resource/jquery/jquery.js;jsessionid=5dOqbQ3bfAtrzIYt5JSO4fy9.undefined?ln=primefaces&v=4.0 HTTP/1.1" 200 105384
200.29.113.38 - - [10/Jan/2024:06:02:34 -0500] "GET /sipse/faces/javax.faces.resource/jquery/jquery-plugins.js;jsessionid=5dOqbQ3bfAtrzIYt5JSO4fy9.undefined?ln=primefaces&v=4.0 HTTP/1.1" 200 220526
200.29.113.38 - - [10/Jan/2024:06:02:34 -0500] "GET /sipse/faces/javax.faces.resource/primefaces.js;jsessionid=5dOqbQ3bfAtrzIYt5JSO4fy9.undefined?ln=primefaces&v=4.0 HTTP/1.1" 200 276924
200.29.113.38 - - [10/Jan/2024:06:02:35 -0500] "GET /sipse/faces/javax.faces.resource/layout/layout.js;jsessionid=5dOqbQ3bfAtrzIYt5JSO4fy9.undefined?ln=primefaces&v=4.0 HTTP/1.1" 200 87560
200.29.113.38 - - [10/Jan/2024:06:02:35 -0500] "GET /sipse/faces/javax.faces.resource/images/ui-icons_898989_256x240.png?ln=primefaces-aristo HTTP/1.1" 200 5355
200.29.113.38 - - [10/Jan/2024:06:02:35 -0500] "GET /sipse/css/imagen/logoSDG.png HTTP/1.1" 200 53064
200.29.113.38 - - [10/Jan/2024:06:02:35 -0500] "GET /sipse/css/imagen/loginimg.png HTTP/1.1" 200 71635
200.29.113.38 - - [10/Jan/2024:06:02:36 -0500] "GET /sipse/faces/faces/index.xhtml HTTP/1.1" 200 677
200.29.113.38 - - [10/Jan/2024:06:02:36 -0500] "GET /sipse/faces/javax.faces.resource/theme.css?ln=primefaces-sipse HTTP/1.1" 304 -
200.29.113.38 - - [10/Jan/2024:06:02:37 -0500] "GET /sipse/faces/faces/faces/autenticacion.xhtml HTTP/1.1" 200 12406
156.59.198.135 - - [10/Jan/2024:06:02:37 -0500] "GET /BLA/resoluciones/AUTOS%202014/2182.pdf HTTP/1.0" 200 660427
200.29.113.38 - - [10/Jan/2024:06:02:37 -0500] "GET /sipse/faces/javax.faces.resource/layout/layout.css?ln=primefaces&v=4.0 HTTP/1.1" 200 542
200.29.113.38 - - [10/Jan/2024:06:02:37 -0500] "GET /sipse/faces/javax.faces.resource/theme.css?ln=primefaces-sipse HTTP/1.1" 304 -
200.29.113.38 - - [10/Jan/2024:06:02:37 -0500] "GET /sipse/faces/javax.faces.resource/primefaces.css?ln=primefaces&v=4.0 HTTP/1.1" 200 53295
200.29.113.38 - - [10/Jan/2024:06:02:37 -0500] "GET /sipse/faces/javax.faces.resource/jquery/jquery.js?ln=primefaces&v=4.0 HTTP/1.1" 200 105384
200.29.113.38 - - [10/Jan/2024:06:02:37 -0500] "GET /sipse/faces/javax.faces.resource/jquery/jquery-plugins.js?ln=primefaces&v=4.0 HTTP/1.1" 200 220526
200.29.113.38 - - [10/Jan/2024:06:02:37 -0500] "GET /sipse/faces/javax.faces.resource/primefaces.js?ln=primefaces&v=4.0 HTTP/1.1" 200 276924
191.102.198.12 - - [10/Jan/2024:06:02:37 -0500] "POST /sipse/faces/autenticacion.xhtml HTTP/1.1" 200 2187
200.29.113.38 - - [10/Jan/2024:06:02:37 -0500] "GET /sipse/faces/javax.faces.resource/layout/layout.js?ln=primefaces&v=4.0 HTTP/1.1" 200 87560
200.29.113.38 - - [10/Jan/2024:06:02:38 -0500] "GET /sipse/faces/faces/faces/index.xhtml HTTP/1.1" 200 677
200.29.113.38 - - [10/Jan/2024:06:02:38 -0500] "GET /sipse/faces/javax.faces.resource/theme.css?ln=primefaces-sipse HTTP/1.1" 304 -
200.29.113.38 - - [10/Jan/2024:06:02:39 -0500] "GET /sipse/faces/faces/faces/faces/autenticacion.xhtml HTTP/1.1" 200 12406
191.102.198.12 - - [10/Jan/2024:06:02:39 -0500] "POST /sipse/faces/autenticacion.xhtml HTTP/1.1" 200 2187
200.29.113.38 - - [10/Jan/2024:06:02:39 -0500] "GET /sipse/faces/javax.faces.resource/jquery/jquery.js?ln=primefaces&v=4.0 HTTP/1.1" 304 -
200.29.113.38 - - [10/Jan/2024:06:02:39 -0500] "GET /sipse/faces/javax.faces.resource/layout/layout.css?ln=primefaces&v=4.0 HTTP/1.1" 304 -
200.29.113.38 - - [10/Jan/2024:06:02:39 -0500] "GET /sipse/faces/javax.faces.resource/jquery/jquery-plugins.js?ln=primefaces&v=4.0 HTTP/1.1" 304 -
200.29.113.38 - - [10/Jan/2024:06:02:39 -0500] "GET /sipse/faces/javax.faces.resource/primefaces.css?ln=primefaces&v=4.0 HTTP/1.1" 304 -
200.29.113.38 - - [10/Jan/2024:06:02:39 -0500] "GET /sipse/faces/javax.faces.resource/primefaces.js?ln=primefaces&v=4.0 HTTP/1.1" 304 -
200.29.113.38 - - [10/Jan/2024:06:02:39 -0500] "GET /sipse/faces/javax.faces.resource/theme.css?ln=primefaces-sipse HTTP/1.1" 304 -
200.29.113.38 - - [10/Jan/2024:06:02:40 -0500] "GET /sipse/faces/javax.faces.resource/layout/layout.js?ln=primefaces&v=4.0 HTTP/1.1" 304 -
191.102.198.12 - - [10/Jan/2024:06:02:40 -0500] "POST /sipse/faces/autenticacion.xhtml HTTP/1.1" 200 2187
200.29.113.38 - - [10/Jan/2024:06:02:40 -0500] "GET /sipse/faces/faces/faces/faces/index.xhtml HTTP/1.1" 200 677
200.29.113.38 - - [10/Jan/2024:06:02:41 -0500] "GET /sipse/faces/javax.faces.resource/theme.css?ln=primefaces-sipse HTTP/1.1" 304 -
200.29.113.38 - - [10/Jan/2024:06:02:41 -0500] "GET /sipse/faces/faces/faces/faces/faces/autenticacion.xhtml HTTP/1.1" 200 12406
200.29.113.38 - - [10/Jan/2024:06:02:41 -0500] "GET /sipse/faces/javax.faces.resource/theme.css?ln=primefaces-sipse HTTP/1.1" 304 -
200.29.113.38 - - [10/Jan/2024:06:02:41 -0500] "GET /sipse/faces/javax.faces.resource/jquery/jquery.js?ln=primefaces&v=4.0 HTTP/1.1" 304 -
200.29.113.38 - - [10/Jan/2024:06:02:41 -0500] "GET /sipse/faces/javax.faces.resource/layout/layout.css?ln=primefaces&v=4.0 HTTP/1.1" 304 -
200.29.113.38 - - [10/Jan/2024:06:02:41 -0500] "GET /sipse/faces/javax.faces.resource/primefaces.css?ln=primefaces&v=4.0 HTTP/1.1" 304 -
200.29.113.38 - - [10/Jan/2024:06:02:41 -0500] "GET /sipse/faces/javax.faces.resource/jquery/jquery-plugins.js?ln=primefaces&v=4.0 HTTP/1.1" 304 -
200.29.113.38 - - [10/Jan/2024:06:02:41 -0500] "GET /sipse/faces/javax.faces.resource/primefaces.js?ln=primefaces&v=4.0 HTTP/1.1" 304 -
200.29.113.38 - - [10/Jan/2024:06:02:42 -0500] "GET /sipse/faces/javax.faces.resource/layout/layout.js?ln=primefaces&v=4.0 HTTP/1.1" 304 -
200.29.113.38 - - [10/Jan/2024:06:02:42 -0500] "GET /sipse/faces/faces/faces/faces/faces/index.xhtml HTTP/1.1" 200 677
200.29.113.38 - - [10/Jan/2024:06:02:43 -0500] "GET /sipse/faces/javax.faces.resource/theme.css?ln=primefaces-sipse HTTP/1.1" 304 -
200.29.113.38 - - [10/Jan/2024:06:02:43 -0500] "GET /sipse/faces/faces/faces/faces/faces/faces/autenticacion.xhtml HTTP/1.1" 200 12406
200.29.113.38 - - [10/Jan/2024:06:02:44 -0500] "GET /sipse/faces/javax.faces.resource/jquery/jquery-plugins.js?ln=primefaces&v=4.0 HTTP/1.1" 304 -
200.29.113.38 - - [10/Jan/2024:06:02:44 -0500] "GET /sipse/faces/javax.faces.resource/theme.css?ln=primefaces-sipse HTTP/1.1" 304 -
200.29.113.38 - - [10/Jan/2024:06:02:44 -0500] "GET /sipse/faces/javax.faces.resource/jquery/jquery.js?ln=primefaces&v=4.0 HTTP/1.1" 304 -
200.29.113.38 - - [10/Jan/2024:06:02:44 -0500] "GET /sipse/faces/javax.faces.resource/primefaces.css?ln=primefaces&v=4.0 HTTP/1.1" 304 -
200.29.113.38 - - [10/Jan/2024:06:02:44 -0500] "GET /sipse/faces/javax.faces.resource/primefaces.js?ln=primefaces&v=4.0 HTTP/1.1" 304 -
200.29.113.38 - - [10/Jan/2024:06:02:44 -0500] "GET /sipse/faces/javax.faces.resource/layout/layout.css?ln=primefaces&v=4.0 HTTP/1.1" 304 -
200.29.113.38 - - [10/Jan/2024:06:02:44 -0500] "GET /sipse/faces/javax.faces.resource/layout/layout.js?ln=primefaces&v=4.0 HTTP/1.1" 304 -
200.29.113.38 - - [10/Jan/2024:06:02:45 -0500] "GET /sipse/faces/faces/faces/faces/faces/faces/index.xhtml HTTP/1.1" 200 677
200.29.113.38 - - [10/Jan/2024:06:02:45 -0500] "GET /sipse/faces/javax.faces.resource/theme.css?ln=primefaces-sipse HTTP/1.1" 304 -
200.29.113.38 - - [10/Jan/2024:06:02:45 -0500] "GET /sipse/faces/faces/faces/faces/faces/faces/faces/autenticacion.xhtml HTTP/1.1" 200 12406
200.29.113.38 - - [10/Jan/2024:06:02:46 -0500] "GET /sipse/faces/javax.faces.resource/jquery/jquery-plugins.js?ln=primefaces&v=4.0 HTTP/1.1" 304 -
200.29.113.38 - - [10/Jan/2024:06:02:46 -0500] "GET /sipse/faces/javax.faces.resource/primefaces.css?ln=primefaces&v=4.0 HTTP/1.1" 304 -
200.29.113.38 - - [10/Jan/2024:06:02:46 -0500] "GET /sipse/faces/javax.faces.resource/layout/layout.css?ln=primefaces&v=4.0 HTTP/1.1" 304 -
200.29.113.38 - - [10/Jan/2024:06:02:46 -0500] "GET /sipse/faces/javax.faces.resource/primefaces.js?ln=primefaces&v=4.0 HTTP/1.1" 304 -
200.29.113.38 - - [10/Jan/2024:06:02:46 -0500] "GET /sipse/faces/javax.faces.resource/theme.css?ln=primefaces-sipse HTTP/1.1" 304 -
200.29.113.38 - - [10/Jan/2024:06:02:46 -0500] "GET /sipse/faces/javax.faces.resource/jquery/jquery.js?ln=primefaces&v=4.0 HTTP/1.1" 304 -
200.29.113.38 - - [10/Jan/2024:06:02:46 -0500] "GET /sipse/faces/javax.faces.resource/layout/layout.js?ln=primefaces&v=4.0 HTTP/1.1" 304 -
200.29.113.38 - - [10/Jan/2024:06:02:47 -0500] "GET /sipse/faces/faces/faces/faces/faces/faces/faces/index.xhtml HTTP/1.1" 200 677
200.29.113.38 - - [10/Jan/2024:06:02:47 -0500] "GET /sipse/faces/javax.faces.resource/theme.css?ln=primefaces-sipse HTTP/1.1" 304 -
200.29.113.38 - - [10/Jan/2024:06:02:48 -0500] "GET /sipse/faces/faces/faces/faces/faces/faces/faces/faces/autenticacion.xhtml HTTP/1.1" 200 12406
200.29.113.38 - - [10/Jan/2024:06:02:48 -0500] "GET /sipse/faces/javax.faces.resource/jquery/jquery.js?ln=primefaces&v=4.0 HTTP/1.1" 304 -
200.29.113.38 - - [10/Jan/2024:06:02:48 -0500] "GET /sipse/faces/javax.faces.resource/primefaces.css?ln=primefaces&v=4.0 HTTP/1.1" 304 -
200.29.113.38 - - [10/Jan/2024:06:02:48 -0500] "GET /sipse/faces/javax.faces.resource/theme.css?ln=primefaces-sipse HTTP/1.1" 304 -
200.29.113.38 - - [10/Jan/2024:06:02:48 -0500] "GET /sipse/faces/javax.faces.resource/jquery/jquery-plugins.js?ln=primefaces&v=4.0 HTTP/1.1" 304 -
200.29.113.38 - - [10/Jan/2024:06:02:48 -0500] "GET /sipse/faces/javax.faces.resource/layout/layout.css?ln=primefaces&v=4.0 HTTP/1.1" 304 -
200.29.113.38 - - [10/Jan/2024:06:02:48 -0500] "GET /sipse/faces/javax.faces.resource/primefaces.js?ln=primefaces&v=4.0 HTTP/1.1" 304 -
200.29.113.38 - - [10/Jan/2024:06:02:48 -0500] "GET /sipse/faces/javax.faces.resource/layout/layout.js?ln=primefaces&v=4.0 HTTP/1.1" 304 -
200.29.113.38 - - [10/Jan/2024:06:02:49 -0500] "GET /sipse/faces/faces/faces/faces/faces/faces/faces/faces/index.xhtml HTTP/1.1" 200 677
191.102.198.12 - - [10/Jan/2024:06:02:49 -0500] "POST /sipse/faces/autenticacion.xhtml HTTP/1.1" 200 2187
200.29.113.38 - - [10/Jan/2024:06:02:49 -0500] "GET /sipse/faces/javax.faces.resource/theme.css?ln=primefaces-sipse HTTP/1.1" 304 -
200.29.113.38 - - [10/Jan/2024:06:02:50 -0500] "GET /sipse/faces/faces/faces/faces/faces/faces/faces/faces/faces/autenticacion.xhtml HTTP/1.1" 200 12406
200.29.113.38 - - [10/Jan/2024:06:02:50 -0500] "GET /sipse/faces/javax.faces.resource/jquery/jquery.js?ln=primefaces&v=4.0 HTTP/1.1" 304 -
200.29.113.38 - - [10/Jan/2024:06:02:50 -0500] "GET /sipse/faces/javax.faces.resource/theme.css?ln=primefaces-sipse HTTP/1.1" 304 -
200.29.113.38 - - [10/Jan/2024:06:02:50 -0500] "GET /sipse/faces/javax.faces.resource/jquery/jquery-plugins.js?ln=primefaces&v=4.0 HTTP/1.1" 304 -
200.29.113.38 - - [10/Jan/2024:06:02:50 -0500] "GET /sipse/faces/javax.faces.resource/primefaces.js?ln=primefaces&v=4.0 HTTP/1.1" 304 -
200.29.113.38 - - [10/Jan/2024:06:02:50 -0500] "GET /sipse/faces/javax.faces.resource/layout/layout.css?ln=primefaces&v=4.0 HTTP/1.1" 304 -
200.29.113.38 - - [10/Jan/2024:06:02:50 -0500] "GET /sipse/faces/javax.faces.resource/primefaces.css?ln=primefaces&v=4.0 HTTP/1.1" 304 -
200.29.113.38 - - [10/Jan/2024:06:02:50 -0500] "GET /sipse/faces/javax.faces.resource/layout/layout.js?ln=primefaces&v=4.0 HTTP/1.1" 304 -
200.29.113.38 - - [10/Jan/2024:06:02:51 -0500] "GET /sipse/faces/faces/faces/faces/faces/faces/faces/faces/faces/index.xhtml HTTP/1.1" 200 677
200.29.113.38 - - [10/Jan/2024:06:02:51 -0500] "GET /sipse/faces/javax.faces.resource/theme.css?ln=primefaces-sipse HTTP/1.1" 304 -
200.29.113.38 - - [10/Jan/2024:06:02:52 -0500] "GET /sipse/faces/faces/faces/faces/faces/faces/faces/faces/faces/faces/autenticacion.xhtml HTTP/1.1" 200 12406
200.29.113.38 - - [10/Jan/2024:06:02:52 -0500] "GET /sipse/faces/javax.faces.resource/primefaces.js?ln=primefaces&v=4.0 HTTP/1.1" 304 -
200.29.113.38 - - [10/Jan/2024:06:02:52 -0500] "GET /sipse/faces/javax.faces.resource/layout/layout.css?ln=primefaces&v=4.0 HTTP/1.1" 304 -
200.29.113.38 - - [10/Jan/2024:06:02:52 -0500] "GET /sipse/faces/javax.faces.resource/primefaces.css?ln=primefaces&v=4.0 HTTP/1.1" 304 -
200.29.113.38 - - [10/Jan/2024:06:02:52 -0500] "GET /sipse/faces/javax.faces.resource/theme.css?ln=primefaces-sipse HTTP/1.1" 304 -
200.29.113.38 - - [10/Jan/2024:06:02:52 -0500] "GET /sipse/faces/javax.faces.resource/jquery/jquery-plugins.js?ln=primefaces&v=4.0 HTTP/1.1" 304 -
200.29.113.38 - - [10/Jan/2024:06:02:52 -0500] "GET /sipse/faces/javax.faces.resource/jquery/jquery.js?ln=primefaces&v=4.0 HTTP/1.1" 304 -
200.29.113.38 - - [10/Jan/2024:06:02:53 -0500] "GET /sipse/faces/javax.faces.resource/layout/layout.js?ln=primefaces&v=4.0 HTTP/1.1" 304 -
200.29.113.38 - - [10/Jan/2024:06:02:53 -0500] "GET /sipse/faces/faces/faces/faces/faces/faces/faces/faces/faces/faces/index.xhtml HTTP/1.1" 200 677
200.29.113.38 - - [10/Jan/2024:06:02:54 -0500] "GET /sipse/faces/javax.faces.resource/theme.css?ln=primefaces-sipse HTTP/1.1" 304 -
200.29.113.38 - - [10/Jan/2024:06:02:54 -0500] "GET /sipse/faces/faces/faces/faces/faces/faces/faces/faces/faces/faces/faces/autenticacion.xhtml HTTP/1.1" 200 12406
200.29.113.38 - - [10/Jan/2024:06:02:54 -0500] "GET /sipse/faces/javax.faces.resource/theme.css?ln=primefaces-sipse HTTP/1.1" 304 -
200.29.113.38 - - [10/Jan/2024:06:02:54 -0500] "GET /sipse/faces/javax.faces.resource/primefaces.js?ln=primefaces&v=4.0 HTTP/1.1" 304 -
200.29.113.38 - - [10/Jan/2024:06:02:54 -0500] "GET /sipse/faces/javax.faces.resource/primefaces.css?ln=primefaces&v=4.0 HTTP/1.1" 304 -
200.29.113.38 - - [10/Jan/2024:06:02:54 -0500] "GET /sipse/faces/javax.faces.resource/jquery/jquery.js?ln=primefaces&v=4.0 HTTP/1.1" 304 -
200.29.113.38 - - [10/Jan/2024:06:02:54 -0500] "GET /sipse/faces/javax.faces.resource/layout/layout.css?ln=primefaces&v=4.0 HTTP/1.1" 304 -
200.29.113.38 - - [10/Jan/2024:06:02:55 -0500] "GET /sipse/faces/javax.faces.resource/jquery/jquery-plugins.js?ln=primefaces&v=4.0 HTTP/1.1" 304 -
191.102.198.12 - - [10/Jan/2024:06:02:55 -0500] "GET /sipse/faces/index.xhtml HTTP/1.1" 200 677
191.102.198.12 - - [10/Jan/2024:06:02:55 -0500] "GET /sipse/faces/javax.faces.resource/theme.css?ln=primefaces-sipse HTTP/1.1" 304 -
200.29.113.38 - - [10/Jan/2024:06:02:55 -0500] "GET /sipse/faces/javax.faces.resource/layout/layout.js?ln=primefaces&v=4.0 HTTP/1.1" 304 -
191.102.198.12 - - [10/Jan/2024:06:02:55 -0500] "GET /sipse/faces/faces/autenticacion.xhtml HTTP/1.1" 200 12418
191.102.198.12 - - [10/Jan/2024:06:02:55 -0500] "GET /sipse/faces/javax.faces.resource/theme.css?ln=primefaces-sipse HTTP/1.1" 304 -
191.102.198.12 - - [10/Jan/2024:06:02:55 -0500] "GET /sipse/faces/javax.faces.resource/primefaces.css?ln=primefaces&v=4.0 HTTP/1.1" 304 -
191.102.198.12 - - [10/Jan/2024:06:02:55 -0500] "GET /sipse/faces/javax.faces.resource/jquery/jquery.js?ln=primefaces&v=4.0 HTTP/1.1" 304 -
191.102.198.12 - - [10/Jan/2024:06:02:55 -0500] "GET /sipse/faces/javax.faces.resource/layout/layout.css?ln=primefaces&v=4.0 HTTP/1.1" 304 -
191.102.198.12 - - [10/Jan/2024:06:02:55 -0500] "GET /sipse/faces/javax.faces.resource/jquery/jquery-plugins.js?ln=primefaces&v=4.0 HTTP/1.1" 304 -
191.102.198.12 - - [10/Jan/2024:06:02:55 -0500] "GET /sipse/faces/javax.faces.resource/primefaces.js?ln=primefaces&v=4.0 HTTP/1.1" 304 -
191.102.198.12 - - [10/Jan/2024:06:02:55 -0500] "GET /sipse/faces/javax.faces.resource/layout/layout.js?ln=primefaces&v=4.0 HTTP/1.1" 304 -
191.102.198.12 - - [10/Jan/2024:06:02:55 -0500] "GET /sipse/faces/javax.faces.resource/images/ui-icons_898989_256x240.png?ln=primefaces-aristo HTTP/1.1" 304 -
200.29.113.38 - - [10/Jan/2024:06:02:55 -0500] "GET /sipse/faces/faces/faces/faces/faces/faces/faces/faces/faces/faces/faces/index.xhtml HTTP/1.1" 200 677
200.29.113.38 - - [10/Jan/2024:06:02:56 -0500] "GET /sipse/faces/javax.faces.resource/theme.css?ln=primefaces-sipse HTTP/1.1" 304 -
200.29.113.38 - - [10/Jan/2024:06:02:56 -0500] "GET /sipse/faces/faces/faces/faces/faces/faces/faces/faces/faces/faces/faces/faces/autenticacion.xhtml HTTP/1.1" 200 12406
200.29.113.38 - - [10/Jan/2024:06:02:57 -0500] "GET /sipse/faces/javax.faces.resource/layout/layout.css?ln=primefaces&v=4.0 HTTP/1.1" 304 -
200.29.113.38 - - [10/Jan/2024:06:02:57 -0500] "GET /sipse/faces/javax.faces.resource/primefaces.css?ln=primefaces&v=4.0 HTTP/1.1" 304 -
200.29.113.38 - - [10/Jan/2024:06:02:57 -0500] "GET /sipse/faces/javax.faces.resource/jquery/jquery.js?ln=primefaces&v=4.0 HTTP/1.1" 304 -
200.29.113.38 - - [10/Jan/2024:06:02:57 -0500] "GET /sipse/faces/javax.faces.resource/theme.css?ln=primefaces-sipse HTTP/1.1" 304 -
200.29.113.38 - - [10/Jan/2024:06:02:57 -0500] "GET /sipse/faces/javax.faces.resource/primefaces.js?ln=primefaces&v=4.0 HTTP/1.1" 304 -
200.29.113.38 - - [10/Jan/2024:06:02:57 -0500] "GET /sipse/faces/javax.faces.resource/jquery/jquery-plugins.js?ln=primefaces&v=4.0 HTTP/1.1" 304 -
200.29.113.38 - - [10/Jan/2024:06:02:57 -0500] "GET /sipse/faces/javax.faces.resource/layout/layout.js?ln=primefaces&v=4.0 HTTP/1.1" 304 -
200.29.113.38 - - [10/Jan/2024:06:02:58 -0500] "GET /sipse/faces/faces/faces/faces/faces/faces/faces/faces/faces/faces/faces/faces/index.xhtml HTTP/1.1" 200 677
200.29.113.38 - - [10/Jan/2024:06:02:58 -0500] "GET /sipse/faces/javax.faces.resource/theme.css?ln=primefaces-sipse HTTP/1.1" 304 -
200.29.113.38 - - [10/Jan/2024:06:02:58 -0500] "GET /sipse/faces/faces/faces/faces/faces/faces/faces/faces/faces/faces/faces/faces/faces/autenticacion.xhtml HTTP/1.1" 200 12406
200.29.113.38 - - [10/Jan/2024:06:02:59 -0500] "GET /sipse/faces/javax.faces.resource/jquery/jquery-plugins.js?ln=primefaces&v=4.0 HTTP/1.1" 304 -
200.29.113.38 - - [10/Jan/2024:06:02:59 -0500] "GET /sipse/faces/javax.faces.resource/primefaces.js?ln=primefaces&v=4.0 HTTP/1.1" 304 -
200.29.113.38 - - [10/Jan/2024:06:02:59 -0500] "GET /sipse/faces/javax.faces.resource/jquery/jquery.js?ln=primefaces&v=4.0 HTTP/1.1" 304 -
200.29.113.38 - - [10/Jan/2024:06:02:59 -0500] "GET /sipse/faces/javax.faces.resource/layout/layout.css?ln=primefaces&v=4.0 HTTP/1.1" 304 -
200.29.113.38 - - [10/Jan/2024:06:02:59 -0500] "GET /sipse/faces/javax.faces.resource/theme.css?ln=primefaces-sipse HTTP/1.1" 304 -
200.29.113.38 - - [10/Jan/2024:06:02:59 -0500] "GET /sipse/faces/javax.faces.resource/primefaces.css?ln=primefaces&v=4.0 HTTP/1.1" 304 -
200.29.113.38 - - [10/Jan/2024:06:02:59 -0500] "GET /sipse/faces/javax.faces.resource/layout/layout.js?ln=primefaces&v=4.0 HTTP/1.1" 304 -
200.29.113.38 - - [10/Jan/2024:06:03:00 -0500] "GET /sipse/faces/faces/faces/faces/faces/faces/faces/faces/faces/faces/faces/faces/faces/index.xhtml HTTP/1.1" 200 677
200.29.113.38 - - [10/Jan/2024:06:03:00 -0500] "GET /sipse/faces/javax.faces.resource/theme.css?ln=primefaces-sipse HTTP/1.1" 304 -
200.29.113.38 - - [10/Jan/2024:06:03:01 -0500] "GET /sipse/faces/faces/faces/faces/faces/faces/faces/faces/faces/faces/faces/faces/faces/faces/autenticacion.xhtml HTTP/1.1" 200 12406
200.29.113.38 - - [10/Jan/2024:06:03:01 -0500] "GET /sipse/faces/javax.faces.resource/theme.css?ln=primefaces-sipse HTTP/1.1" 304 -
200.29.113.38 - - [10/Jan/2024:06:03:01 -0500] "GET /sipse/faces/javax.faces.resource/primefaces.css?ln=primefaces&v=4.0 HTTP/1.1" 304 -
200.29.113.38 - - [10/Jan/2024:06:03:01 -0500] "GET /sipse/faces/javax.faces.resource/primefaces.js?ln=primefaces&v=4.0 HTTP/1.1" 304 -
200.29.113.38 - - [10/Jan/2024:06:03:01 -0500] "GET /sipse/faces/javax.faces.resource/layout/layout.css?ln=primefaces&v=4.0 HTTP/1.1" 304 -
200.29.113.38 - - [10/Jan/2024:06:03:01 -0500] "GET /sipse/faces/javax.faces.resource/jquery/jquery-plugins.js?ln=primefaces&v=4.0 HTTP/1.1" 304 -
200.29.113.38 - - [10/Jan/2024:06:03:01 -0500] "GET /sipse/faces/javax.faces.resource/jquery/jquery.js?ln=primefaces&v=4.0 HTTP/1.1" 304 -
200.29.113.38 - - [10/Jan/2024:06:03:01 -0500] "GET /sipse/faces/javax.faces.resource/layout/layout.js?ln=primefaces&v=4.0 HTTP/1.1" 304 -
156.59.198.135 - - [10/Jan/2024:06:03:02 -0500] "GET /BLA/resoluciones/AUTOS%202014/1862.pdf HTTP/1.0" 200 486229
200.29.113.38 - - [10/Jan/2024:06:03:02 -0500] "GET /sipse/faces/faces/faces/faces/faces/faces/faces/faces/faces/faces/faces/faces/faces/faces/index.xhtml HTTP/1.1" 200 677
200.29.113.38 - - [10/Jan/2024:06:03:02 -0500] "GET /sipse/faces/javax.faces.resource/theme.css?ln=primefaces-sipse HTTP/1.1" 304 -
200.29.113.38 - - [10/Jan/2024:06:03:03 -0500] "GET /sipse/faces/faces/faces/faces/faces/faces/faces/faces/faces/faces/faces/faces/faces/faces/faces/autenticacion.xhtml HTTP/1.1" 200 12406
200.29.113.38 - - [10/Jan/2024:06:03:03 -0500] "GET /sipse/faces/javax.faces.resource/layout/layout.css?ln=primefaces&v=4.0 HTTP/1.1" 304 -
200.29.113.38 - - [10/Jan/2024:06:03:03 -0500] "GET /sipse/faces/javax.faces.resource/jquery/jquery-plugins.js?ln=primefaces&v=4.0 HTTP/1.1" 304 -
200.29.113.38 - - [10/Jan/2024:06:03:03 -0500] "GET /sipse/faces/javax.faces.resource/primefaces.js?ln=primefaces&v=4.0 HTTP/1.1" 304 -
200.29.113.38 - - [10/Jan/2024:06:03:03 -0500] "GET /sipse/faces/javax.faces.resource/primefaces.css?ln=primefaces&v=4.0 HTTP/1.1" 304 -
200.29.113.38 - - [10/Jan/2024:06:03:03 -0500] "GET /sipse/faces/javax.faces.resource/theme.css?ln=primefaces-sipse HTTP/1.1" 304 -
200.29.113.38 - - [10/Jan/2024:06:03:03 -0500] "GET /sipse/faces/javax.faces.resource/jquery/jquery.js?ln=primefaces&v=4.0 HTTP/1.1" 304 -
200.29.113.38 - - [10/Jan/2024:06:03:03 -0500] "GET /sipse/faces/javax.faces.resource/layout/layout.js?ln=primefaces&v=4.0 HTTP/1.1" 304 -
172.22.2.4 - - [10/Jan/2024:06:01:23 -0500] "GET /BLA/boletinlegal/ HTTP/1.1" 200 61309
200.29.113.38 - - [10/Jan/2024:06:03:04 -0500] "GET /sipse/faces/faces/faces/faces/faces/faces/faces/faces/faces/faces/faces/faces/faces/faces/faces/index.xhtml HTTP/1.1" 200 677
200.29.113.38 - - [10/Jan/2024:06:03:04 -0500] "GET /sipse/faces/javax.faces.resource/theme.css?ln=primefaces-sipse HTTP/1.1" 304 -
200.29.113.38 - - [10/Jan/2024:06:03:05 -0500] "GET /sipse/faces/faces/faces/faces/faces/faces/faces/faces/faces/faces/faces/faces/faces/faces/faces/faces/autenticacion.xhtml HTTP/1.1" 200 12406
200.29.113.38 - - [10/Jan/2024:06:03:05 -0500] "GET /sipse/faces/javax.faces.resource/theme.css?ln=primefaces-sipse HTTP/1.1" 304 -
200.29.113.38 - - [10/Jan/2024:06:03:05 -0500] "GET /sipse/faces/javax.faces.resource/jquery/jquery-plugins.js?ln=primefaces&v=4.0 HTTP/1.1" 304 -
200.29.113.38 - - [10/Jan/2024:06:03:05 -0500] "GET /sipse/faces/javax.faces.resource/primefaces.css?ln=primefaces&v=4.0 HTTP/1.1" 304 -
200.29.113.38 - - [10/Jan/2024:06:03:05 -0500] "GET /sipse/faces/javax.faces.resource/layout/layout.css?ln=primefaces&v=4.0 HTTP/1.1" 304 -
200.29.113.38 - - [10/Jan/2024:06:03:05 -0500] "GET /sipse/faces/javax.faces.resource/primefaces.js?ln=primefaces&v=4.0 HTTP/1.1" 304 -
200.29.113.38 - - [10/Jan/2024:06:03:05 -0500] "GET /sipse/faces/javax.faces.resource/jquery/jquery.js?ln=primefaces&v=4.0 HTTP/1.1" 304 -
200.29.113.38 - - [10/Jan/2024:06:03:06 -0500] "GET /sipse/faces/javax.faces.resource/layout/layout.js?ln=primefaces&v=4.0 HTTP/1.1" 304 -
200.29.113.38 - - [10/Jan/2024:06:03:06 -0500] "GET /sipse/faces/faces/faces/faces/faces/faces/faces/faces/faces/faces/faces/faces/faces/faces/faces/faces/index.xhtml HTTP/1.1" 200 677
200.29.113.38 - - [10/Jan/2024:06:03:07 -0500] "GET /sipse/faces/javax.faces.resource/theme.css?ln=primefaces-sipse HTTP/1.1" 304 -
200.29.113.38 - - [10/Jan/2024:06:03:07 -0500] "GET /sipse/faces/faces/faces/faces/faces/faces/faces/faces/faces/faces/faces/faces/faces/faces/faces/faces/faces/autenticacion.xhtml HTTP/1.1" 200 12406
200.29.113.38 - - [10/Jan/2024:06:03:08 -0500] "GET /sipse/faces/javax.faces.resource/primefaces.css?ln=primefaces&v=4.0 HTTP/1.1" 304 -
200.29.113.38 - - [10/Jan/2024:06:03:08 -0500] "GET /sipse/faces/javax.faces.resource/layout/layout.css?ln=primefaces&v=4.0 HTTP/1.1" 304 -
200.29.113.38 - - [10/Jan/2024:06:03:08 -0500] "GET /sipse/faces/javax.faces.resource/jquery/jquery-plugins.js?ln=primefaces&v=4.0 HTTP/1.1" 304 -
200.29.113.38 - - [10/Jan/2024:06:03:08 -0500] "GET /sipse/faces/javax.faces.resource/theme.css?ln=primefaces-sipse HTTP/1.1" 304 -
200.29.113.38 - - [10/Jan/2024:06:03:08 -0500] "GET /sipse/faces/javax.faces.resource/jquery/jquery.js?ln=primefaces&v=4.0 HTTP/1.1" 304 -
200.29.113.38 - - [10/Jan/2024:06:03:08 -0500] "GET /sipse/faces/javax.faces.resource/primefaces.js?ln=primefaces&v=4.0 HTTP/1.1" 304 -
200.29.113.38 - - [10/Jan/2024:06:03:08 -0500] "GET /sipse/faces/javax.faces.resource/layout/layout.js?ln=primefaces&v=4.0 HTTP/1.1" 304 -
200.29.113.38 - - [10/Jan/2024:06:03:09 -0500] "GET /sipse/faces/faces/faces/faces/faces/faces/faces/faces/faces/faces/faces/faces/faces/faces/faces/faces/faces/index.xhtml HTTP/1.1" 200 677
200.29.113.38 - - [10/Jan/2024:06:03:09 -0500] "GET /sipse/faces/javax.faces.resource/theme.css?ln=primefaces-sipse HTTP/1.1" 304 -
200.29.113.38 - - [10/Jan/2024:06:03:09 -0500] "GET /sipse/faces/faces/faces/faces/faces/faces/faces/faces/faces/faces/faces/faces/faces/faces/faces/faces/faces/faces/autenticacion.xhtml HTTP/1.1" 200 12406
200.29.113.38 - - [10/Jan/2024:06:03:10 -0500] "GET /sipse/faces/javax.faces.resource/primefaces.css?ln=primefaces&v=4.0 HTTP/1.1" 304 -
200.29.113.38 - - [10/Jan/2024:06:03:10 -0500] "GET /sipse/faces/javax.faces.resource/primefaces.js?ln=primefaces&v=4.0 HTTP/1.1" 304 -
200.29.113.38 - - [10/Jan/2024:06:03:10 -0500] "GET /sipse/faces/javax.faces.resource/layout/layout.css?ln=primefaces&v=4.0 HTTP/1.1" 304 -
200.29.113.38 - - [10/Jan/2024:06:03:10 -0500] "GET /sipse/faces/javax.faces.resource/theme.css?ln=primefaces-sipse HTTP/1.1" 304 -
200.29.113.38 - - [10/Jan/2024:06:03:10 -0500] "GET /sipse/faces/javax.faces.resource/jquery/jquery-plugins.js?ln=primefaces&v=4.0 HTTP/1.1" 304 -
200.29.113.38 - - [10/Jan/2024:06:03:10 -0500] "GET /sipse/faces/javax.faces.resource/jquery/jquery.js?ln=primefaces&v=4.0 HTTP/1.1" 304 -
200.29.113.38 - - [10/Jan/2024:06:03:10 -0500] "GET /sipse/faces/javax.faces.resource/layout/layout.js?ln=primefaces&v=4.0 HTTP/1.1" 304 -
200.29.113.38 - - [10/Jan/2024:06:03:11 -0500] "GET /sipse/faces/faces/faces/faces/faces/faces/faces/faces/faces/faces/faces/faces/faces/faces/faces/faces/faces/faces/index.xhtml HTTP/1.1" 200 677
200.29.113.38 - - [10/Jan/2024:06:03:11 -0500] "GET /sipse/faces/javax.faces.resource/theme.css?ln=primefaces-sipse HTTP/1.1" 304 -
200.29.113.38 - - [10/Jan/2024:06:03:12 -0500] "GET /sipse/faces/faces/faces/faces/faces/faces/faces/faces/faces/faces/faces/faces/faces/faces/faces/faces/faces/faces/faces/autenticacion.xhtml HTTP/1.1" 200 12406
200.29.113.38 - - [10/Jan/2024:06:03:12 -0500] "GET /sipse/faces/javax.faces.resource/primefaces.css?ln=primefaces&v=4.0 HTTP/1.1" 304 -
200.29.113.38 - - [10/Jan/2024:06:03:12 -0500] "GET /sipse/faces/javax.faces.resource/theme.css?ln=primefaces-sipse HTTP/1.1" 304 -
200.29.113.38 - - [10/Jan/2024:06:03:12 -0500] "GET /sipse/faces/javax.faces.resource/layout/layout.css?ln=primefaces&v=4.0 HTTP/1.1" 304 -
200.29.113.38 - - [10/Jan/2024:06:03:12 -0500] "GET /sipse/faces/javax.faces.resource/jquery/jquery-plugins.js?ln=primefaces&v=4.0 HTTP/1.1" 304 -
200.29.113.38 - - [10/Jan/2024:06:03:12 -0500] "GET /sipse/faces/javax.faces.resource/primefaces.js?ln=primefaces&v=4.0 HTTP/1.1" 304 -
200.29.113.38 - - [10/Jan/2024:06:03:12 -0500] "GET /sipse/faces/javax.faces.resource/jquery/jquery.js?ln=primefaces&v=4.0 HTTP/1.1" 304 -
200.29.113.38 - - [10/Jan/2024:06:03:12 -0500] "GET /sipse/faces/javax.faces.resource/layout/layout.js?ln=primefaces&v=4.0 HTTP/1.1" 304 -
200.29.113.38 - - [10/Jan/2024:06:03:13 -0500] "GET /sipse/faces/faces/faces/faces/faces/faces/faces/faces/faces/faces/faces/faces/faces/faces/faces/faces/faces/faces/faces/index.xhtml HTTP/1.1" 200 677
200.29.113.38 - - [10/Jan/2024:06:03:13 -0500] "GET /sipse/faces/javax.faces.resource/theme.css?ln=primefaces-sipse HTTP/1.1" 304 -
200.29.113.38 - - [10/Jan/2024:06:03:14 -0500] "GET /sipse/faces/faces/faces/faces/faces/faces/faces/faces/faces/faces/faces/faces/faces/faces/faces/faces/faces/faces/faces/faces/autenticacion.xhtml HTTP/1.1" 200 12406
200.29.113.38 - - [10/Jan/2024:06:03:14 -0500] "GET /sipse/faces/javax.faces.resource/primefaces.css?ln=primefaces&v=4.0 HTTP/1.1" 304 -
200.29.113.38 - - [10/Jan/2024:06:03:14 -0500] "GET /sipse/faces/javax.faces.resource/layout/layout.css?ln=primefaces&v=4.0 HTTP/1.1" 304 -
200.29.113.38 - - [10/Jan/2024:06:03:14 -0500] "GET /sipse/faces/javax.faces.resource/jquery/jquery.js?ln=primefaces&v=4.0 HTTP/1.1" 304 -
200.29.113.38 - - [10/Jan/2024:06:03:14 -0500] "GET /sipse/faces/javax.faces.resource/primefaces.js?ln=primefaces&v=4.0 HTTP/1.1" 304 -
200.29.113.38 - - [10/Jan/2024:06:03:14 -0500] "GET /sipse/faces/javax.faces.resource/jquery/jquery-plugins.js?ln=primefaces&v=4.0 HTTP/1.1" 304 -
200.29.113.38 - - [10/Jan/2024:06:03:15 -0500] "GET /sipse/faces/javax.faces.resource/theme.css?ln=primefaces-sipse HTTP/1.1" 304 -
200.29.113.38 - - [10/Jan/2024:06:03:15 -0500] "GET /sipse/faces/javax.faces.resource/layout/layout.js?ln=primefaces&v=4.0 HTTP/1.1" 304 -
200.29.113.38 - - [10/Jan/2024:06:03:15 -0500] "GET /sipse/faces/faces/faces/faces/faces/faces/faces/faces/faces/faces/faces/faces/faces/faces/faces/faces/faces/faces/faces/faces/index.xhtml HTTP/1.1" 200 677
200.29.113.38 - - [10/Jan/2024:06:03:16 -0500] "GET /sipse/faces/javax.faces.resource/theme.css?ln=primefaces-sipse HTTP/1.1" 304 -
200.29.113.38 - - [10/Jan/2024:06:03:16 -0500] "GET /sipse/faces/faces/faces/faces/faces/faces/faces/faces/faces/faces/faces/faces/faces/faces/faces/faces/faces/faces/faces/faces/faces/autenticacion.xhtml HTTP/1.1" 200 12406
200.29.113.38 - - [10/Jan/2024:06:03:17 -0500] "GET /sipse/faces/javax.faces.resource/theme.css?ln=primefaces-sipse HTTP/1.1" 304 -
200.29.113.38 - - [10/Jan/2024:06:03:17 -0500] "GET /sipse/faces/javax.faces.resource/primefaces.css?ln=primefaces&v=4.0 HTTP/1.1" 304 -
156.59.198.135 - - [10/Jan/2024:06:03:26 -0500] "GET /BLA/resoluciones/AUTOS%202014/7342.pdf HTTP/1.0" 200 695985
156.59.198.135 - - [10/Jan/2024:06:03:50 -0500] "GET /BLA/resoluciones/AUTOS%202014/1436.pdf HTTP/1.0" 200 980877
156.59.198.136 - - [10/Jan/2024:06:04:16 -0500] "GET /BLA/resoluciones/AUTOS%202014/4799.pdf HTTP/1.0" 200 240669
66.249.79.225 - - [10/Jan/2024:06:02:53 -0500] "GET /BLA/boletinlegal/index.php? HTTP/1.1" 200 59330
156.59.198.135 - - [10/Jan/2024:06:04:40 -0500] "GET /BLA/resoluciones/AUTOS%202014/1538.pdf HTTP/1.0" 200 343652
156.59.198.136 - - [10/Jan/2024:06:05:05 -0500] "GET /BLA/resoluciones/AUTOS%202014/2529.pdf HTTP/1.0" 200 480580
201.245.192.253 - - [10/Jan/2024:06:05:14 -0500] "POST /kwsrmcab/Wsrmcab  HTTP/1.1" 200 36937
216.244.66.195 - - [10/Jan/2024:06:05:21 -0500] "GET /robots.txt HTTP/1.1" 404 1018
216.245.221.92 - - [10/Jan/2024:06:05:24 -0500] "HEAD / HTTP/1.1" 200 -
156.59.198.136 - - [10/Jan/2024:06:05:30 -0500] "GET /BLA/resoluciones/AUTOS%202014/6267.pdf HTTP/1.0" 200 645669
172.22.2.4 - - [10/Jan/2024:06:04:04 -0500] "HEAD /BLA/boletinlegal/ HTTP/1.1" 200 -
