200.69.84.134 - - [10/Jan/2024:09:09:50 -0500] "GET /sipse/faces/javax.faces.resource/jquery/jquery.js?ln=primefaces&v=4.0 HTTP/1.1" 304 -
200.69.84.134 - - [10/Jan/2024:09:09:50 -0500] "GET /sipse/faces/javax.faces.resource/jquery/jquery-plugins.js?ln=primefaces&v=4.0 HTTP/1.1" 304 -
200.69.84.134 - - [10/Jan/2024:09:09:50 -0500] "GET /sipse/faces/javax.faces.resource/primefaces.js?ln=primefaces&v=4.0 HTTP/1.1" 304 -
200.69.84.134 - - [10/Jan/2024:09:09:50 -0500] "GET /sipse/faces/javax.faces.resource/layout/layout.js?ln=primefaces&v=4.0 HTTP/1.1" 304 -
200.69.84.134 - - [10/Jan/2024:09:09:50 -0500] "GET /sipse/css/imagen/contrasena.png HTTP/1.1" 404 383
200.69.84.134 - - [10/Jan/2024:09:09:53 -0500] "GET /sipse/faces/javax.faces.resource/images/ui-bg_flat_0_2d5972_40x100.png?ln=primefaces-aristo HTTP/1.1" 304 -
200.69.84.134 - - [10/Jan/2024:09:09:53 -0500] "POST /sipse/faces/bienvenido.xhtml HTTP/1.1" 200 5029
156.59.198.135 - - [10/Jan/2024:09:09:54 -0500] "GET /BLA/resoluciones/AUTOS%202007/1826.pdf HTTP/1.0" 200 31295
200.69.84.134 - - [10/Jan/2024:09:09:56 -0500] "POST /sipse/faces/bienvenido.xhtml HTTP/1.1" 200 7386
186.86.210.71 - - [10/Jan/2024:09:09:55 -0500] "POST /sipse/faces/presentacion/financiero/solicitudProceso/consultarSolicitudProceso.xhtml HTTP/1.1" 200 46069
186.86.210.71 - - [10/Jan/2024:09:09:56 -0500] "GET /sipse/faces/javax.faces.resource/jquery/jquery.js?ln=primefaces&v=4.0 HTTP/1.1" 304 -
186.86.210.71 - - [10/Jan/2024:09:09:56 -0500] "GET /sipse/faces/javax.faces.resource/jquery/jquery-plugins.js?ln=primefaces&v=4.0 HTTP/1.1" 304 -
186.86.210.71 - - [10/Jan/2024:09:09:56 -0500] "GET /sipse/faces/javax.faces.resource/primefaces.js?ln=primefaces&v=4.0 HTTP/1.1" 304 -
186.86.210.71 - - [10/Jan/2024:09:09:57 -0500] "GET /sipse/faces/javax.faces.resource/layout/layout.js?ln=primefaces&v=4.0 HTTP/1.1" 304 -
200.69.84.134 - - [10/Jan/2024:09:10:07 -0500] "POST /sipse/faces/bienvenido.xhtml HTTP/1.1" 200 40420
200.69.84.134 - - [10/Jan/2024:09:10:08 -0500] "GET /sipse/faces/javax.faces.resource/theme.css?ln=primefaces-sipse HTTP/1.1" 304 -
200.69.84.134 - - [10/Jan/2024:09:10:08 -0500] "GET /sipse/faces/javax.faces.resource/primefaces.css?ln=primefaces&v=4.0 HTTP/1.1" 304 -
200.69.84.134 - - [10/Jan/2024:09:10:08 -0500] "GET /sipse/faces/javax.faces.resource/layout/layout.css?ln=primefaces&v=4.0 HTTP/1.1" 304 -
200.69.84.134 - - [10/Jan/2024:09:10:08 -0500] "GET /sipse/faces/javax.faces.resource/jquery/jquery.js?ln=primefaces&v=4.0 HTTP/1.1" 304 -
200.69.84.134 - - [10/Jan/2024:09:10:08 -0500] "GET /sipse/faces/javax.faces.resource/jquery/jquery-plugins.js?ln=primefaces&v=4.0 HTTP/1.1" 304 -
200.69.84.134 - - [10/Jan/2024:09:10:08 -0500] "GET /sipse/faces/javax.faces.resource/primefaces.js?ln=primefaces&v=4.0 HTTP/1.1" 304 -
200.69.84.134 - - [10/Jan/2024:09:10:08 -0500] "GET /sipse/faces/javax.faces.resource/layout/layout.js?ln=primefaces&v=4.0 HTTP/1.1" 304 -
156.59.198.136 - - [10/Jan/2024:09:10:18 -0500] "GET /BLA/resoluciones/AUTOS%202014/2594.pdf HTTP/1.0" 200 340785
200.69.84.134 - - [10/Jan/2024:09:10:22 -0500] "POST /sipse/faces/presentacion/sistema/reporte/listarReportes.xhtml HTTP/1.1" 200 28908
200.69.84.134 - - [10/Jan/2024:09:10:22 -0500] "GET /sipse/faces/javax.faces.resource/primefaces.css?ln=primefaces&v=4.0 HTTP/1.1" 304 -
200.69.84.134 - - [10/Jan/2024:09:10:22 -0500] "GET /sipse/faces/javax.faces.resource/theme.css?ln=primefaces-sipse HTTP/1.1" 304 -
200.69.84.134 - - [10/Jan/2024:09:10:22 -0500] "GET /sipse/faces/javax.faces.resource/layout/layout.css?ln=primefaces&v=4.0 HTTP/1.1" 304 -
200.69.84.134 - - [10/Jan/2024:09:10:22 -0500] "GET /sipse/faces/javax.faces.resource/primefaces.js?ln=primefaces&v=4.0 HTTP/1.1" 304 -
200.69.84.134 - - [10/Jan/2024:09:10:22 -0500] "GET /sipse/faces/javax.faces.resource/jquery/jquery.js?ln=primefaces&v=4.0 HTTP/1.1" 304 -
200.69.84.134 - - [10/Jan/2024:09:10:22 -0500] "GET /sipse/faces/javax.faces.resource/layout/layout.js?ln=primefaces&v=4.0 HTTP/1.1" 304 -
200.69.84.134 - - [10/Jan/2024:09:10:22 -0500] "GET /sipse/faces/javax.faces.resource/jquery/jquery-plugins.js?ln=primefaces&v=4.0 HTTP/1.1" 304 -
172.22.2.4 - - [10/Jan/2024:09:10:22 -0500] "GET /BLA/boletinlegal/actos.php HTTP/1.1" 200 9648
172.22.2.4 - - [10/Jan/2024:09:10:23 -0500] "GET /BLA/boletinlegal/favicon.ico HTTP/1.1" 404 1326
216.245.221.92 - - [10/Jan/2024:09:10:24 -0500] "HEAD / HTTP/1.1" 200 -
186.30.83.206 - - [10/Jan/2024:09:10:28 -0500] "POST /sipse/faces/presentacion/financiero/solicitudProceso/crearModificarSolicitudProceso.xhtml HTTP/1.1" 200 9404
201.245.192.253 - - [10/Jan/2024:09:10:28 -0500] "GET /BLA/resoluciones/ HTTP/1.1" 200 13696
201.245.192.253 - - [10/Jan/2024:09:10:35 -0500] "GET /BLA/resoluciones/index.php?dir=AUTOS+2015%2F HTTP/1.1" 200 8139
201.245.192.253 - - [10/Jan/2024:09:10:36 -0500] "GET /BLA/resoluciones/dlf/unknown.png HTTP/1.1" 200 266
201.245.192.253 - - [10/Jan/2024:09:10:35 -0500] "GET /BLA/resoluciones/index.php?dir=AUTOS+2015%2F HTTP/1.1" 200 585152
156.59.198.136 - - [10/Jan/2024:09:10:43 -0500] "GET /BLA/resoluciones/AUTOS%202007/1316.pdf HTTP/1.0" 200 59457
200.69.84.134 - - [10/Jan/2024:09:10:52 -0500] "GET /reportes_sipse/jsp/inicio.jsp HTTP/1.1" 200 2935
200.69.84.134 - - [10/Jan/2024:09:10:56 -0500] "POST /reportes_sipse/sdg/ServletReporte?solicitud_cdp& HTTP/1.1" 200 5354
186.30.83.206 - - [10/Jan/2024:09:10:59 -0500] "POST /sipse/faces/presentacion/financiero/solicitudProceso/crearModificarSolicitudProceso.xhtml HTTP/1.1" 200 24592
186.30.83.206 - - [10/Jan/2024:09:10:59 -0500] "GET /sipse/faces/javax.faces.resource/theme.css?ln=primefaces-sipse HTTP/1.1" 304 -
186.30.83.206 - - [10/Jan/2024:09:10:59 -0500] "GET /sipse/faces/javax.faces.resource/primefaces.css?ln=primefaces&v=4.0 HTTP/1.1" 304 -
186.30.83.206 - - [10/Jan/2024:09:10:59 -0500] "GET /sipse/faces/javax.faces.resource/layout/layout.css?ln=primefaces&v=4.0 HTTP/1.1" 304 -
186.30.83.206 - - [10/Jan/2024:09:10:59 -0500] "GET /sipse/faces/javax.faces.resource/jquery/jquery.js?ln=primefaces&v=4.0 HTTP/1.1" 304 -
186.30.83.206 - - [10/Jan/2024:09:10:59 -0500] "GET /sipse/faces/javax.faces.resource/jquery/jquery-plugins.js?ln=primefaces&v=4.0 HTTP/1.1" 304 -
186.30.83.206 - - [10/Jan/2024:09:10:59 -0500] "GET /sipse/faces/javax.faces.resource/primefaces.js?ln=primefaces&v=4.0 HTTP/1.1" 304 -
186.30.83.206 - - [10/Jan/2024:09:10:59 -0500] "GET /sipse/faces/javax.faces.resource/layout/layout.js?ln=primefaces&v=4.0 HTTP/1.1" 304 -
200.69.84.134 - - [10/Jan/2024:09:11:01 -0500] "POST /reportes_sipse/sdg/ServletControlador HTTP/1.1" 200 98599
186.30.83.206 - - [10/Jan/2024:09:11:04 -0500] "POST /sipse/faces/presentacion/financiero/solicitudProyectoActividad/asociarProyectoSolicitud.xhtml HTTP/1.1" 200 6769
186.30.83.206 - - [10/Jan/2024:09:11:05 -0500] "POST /sipse/faces/presentacion/financiero/solicitudProyectoActividad/asociarProyectoSolicitud.xhtml HTTP/1.1" 200 1696
186.30.83.206 - - [10/Jan/2024:09:11:06 -0500] "POST /sipse/faces/presentacion/financiero/solicitudProyectoActividad/asociarProyectoSolicitud.xhtml HTTP/1.1" 200 77392
186.30.83.206 - - [10/Jan/2024:09:11:07 -0500] "GET /sipse/faces/javax.faces.resource/theme.css?ln=primefaces-sipse HTTP/1.1" 304 -
186.30.83.206 - - [10/Jan/2024:09:11:07 -0500] "GET /sipse/faces/javax.faces.resource/primefaces.css?ln=primefaces&v=4.0 HTTP/1.1" 304 -
186.30.83.206 - - [10/Jan/2024:09:11:07 -0500] "GET /sipse/faces/javax.faces.resource/layout/layout.css?ln=primefaces&v=4.0 HTTP/1.1" 304 -
186.30.83.206 - - [10/Jan/2024:09:11:07 -0500] "GET /sipse/faces/javax.faces.resource/jquery/jquery.js?ln=primefaces&v=4.0 HTTP/1.1" 304 -
156.59.198.136 - - [10/Jan/2024:09:11:07 -0500] "GET /BLA/resoluciones/AUTOS%202014/7350.pdf HTTP/1.0" 200 387605
186.30.83.206 - - [10/Jan/2024:09:11:07 -0500] "GET /sipse/faces/javax.faces.resource/jquery/jquery-plugins.js?ln=primefaces&v=4.0 HTTP/1.1" 304 -
186.30.83.206 - - [10/Jan/2024:09:11:07 -0500] "GET /sipse/faces/javax.faces.resource/primefaces.js?ln=primefaces&v=4.0 HTTP/1.1" 304 -
186.30.83.206 - - [10/Jan/2024:09:11:07 -0500] "GET /sipse/faces/javax.faces.resource/layout/layout.js?ln=primefaces&v=4.0 HTTP/1.1" 304 -
201.245.192.253 - - [10/Jan/2024:09:11:16 -0500] "GET /appsia/controlador HTTP/1.1" 200 4799
201.245.192.253 - - [10/Jan/2024:09:11:16 -0500] "GET /appsia/css/estilos.css HTTP/1.1" 200 4804
201.245.192.253 - - [10/Jan/2024:09:11:16 -0500] "GET /appsia/scripts/validarIngreso.js HTTP/1.1" 200 851
201.245.192.253 - - [10/Jan/2024:09:11:16 -0500] "GET /appsia/images/logo_bogota_p.png HTTP/1.1" 200 14951
201.245.192.253 - - [10/Jan/2024:09:11:16 -0500] "GET /appsia/images/cabezoteHojaVida.png HTTP/1.1" 200 32493
201.245.192.253 - - [10/Jan/2024:09:11:16 -0500] "GET /favicon.ico HTTP/1.1" 200 7782
186.30.83.206 - - [10/Jan/2024:09:11:25 -0500] "POST /sipse/faces/presentacion/financiero/solicitudProyectoActividad/asociarActividadSolicitud.xhtml HTTP/1.1" 200 20100
186.30.83.206 - - [10/Jan/2024:09:11:25 -0500] "GET /sipse/faces/javax.faces.resource/theme.css?ln=primefaces-sipse HTTP/1.1" 304 -
186.30.83.206 - - [10/Jan/2024:09:11:25 -0500] "GET /sipse/faces/javax.faces.resource/primefaces.css?ln=primefaces&v=4.0 HTTP/1.1" 304 -
186.30.83.206 - - [10/Jan/2024:09:11:25 -0500] "GET /sipse/faces/javax.faces.resource/layout/layout.css?ln=primefaces&v=4.0 HTTP/1.1" 304 -
186.30.83.206 - - [10/Jan/2024:09:11:25 -0500] "GET /sipse/faces/javax.faces.resource/jquery/jquery.js?ln=primefaces&v=4.0 HTTP/1.1" 304 -
186.30.83.206 - - [10/Jan/2024:09:11:25 -0500] "GET /sipse/faces/javax.faces.resource/jquery/jquery-plugins.js?ln=primefaces&v=4.0 HTTP/1.1" 304 -
186.30.83.206 - - [10/Jan/2024:09:11:25 -0500] "GET /sipse/faces/javax.faces.resource/primefaces.js?ln=primefaces&v=4.0 HTTP/1.1" 304 -
186.30.83.206 - - [10/Jan/2024:09:11:25 -0500] "GET /sipse/faces/javax.faces.resource/layout/layout.js?ln=primefaces&v=4.0 HTTP/1.1" 304 -
156.59.198.135 - - [10/Jan/2024:09:11:32 -0500] "GET /BLA/resoluciones/AUTOS%202007/0714.pdf HTTP/1.0" 200 79843
201.245.192.253 - - [10/Jan/2024:09:11:40 -0500] "POST /appsia/controlador HTTP/1.1" 200 5437
201.245.192.253 - - [10/Jan/2024:09:11:45 -0500] "POST /appsia/controlador HTTP/1.1" 200 8670
201.245.192.253 - - [10/Jan/2024:09:11:45 -0500] "GET /appsia/images/logo_escudo.png HTTP/1.1" 200 36965
186.30.83.206 - - [10/Jan/2024:09:11:53 -0500] "POST /sipse/faces/presentacion/financiero/solicitudProyectoActividad/asociarFuentesSolicitud.xhtml HTTP/1.1" 200 65485
186.30.83.206 - - [10/Jan/2024:09:11:53 -0500] "GET /sipse/faces/javax.faces.resource/theme.css?ln=primefaces-sipse HTTP/1.1" 304 -
186.30.83.206 - - [10/Jan/2024:09:11:53 -0500] "GET /sipse/faces/javax.faces.resource/primefaces.css?ln=primefaces&v=4.0 HTTP/1.1" 304 -
186.30.83.206 - - [10/Jan/2024:09:11:53 -0500] "GET /sipse/faces/javax.faces.resource/jquery/jquery.js?ln=primefaces&v=4.0 HTTP/1.1" 304 -
186.30.83.206 - - [10/Jan/2024:09:11:53 -0500] "GET /sipse/faces/javax.faces.resource/jquery/jquery-plugins.js?ln=primefaces&v=4.0 HTTP/1.1" 304 -
186.30.83.206 - - [10/Jan/2024:09:11:53 -0500] "GET /sipse/faces/javax.faces.resource/layout/layout.css?ln=primefaces&v=4.0 HTTP/1.1" 304 -
186.30.83.206 - - [10/Jan/2024:09:11:53 -0500] "GET /sipse/faces/javax.faces.resource/primefaces.js?ln=primefaces&v=4.0 HTTP/1.1" 304 -
186.30.83.206 - - [10/Jan/2024:09:11:53 -0500] "GET /sipse/faces/javax.faces.resource/layout/layout.js?ln=primefaces&v=4.0 HTTP/1.1" 304 -
186.86.210.71 - - [10/Jan/2024:09:11:56 -0500] "POST /sipse/faces/presentacion/financiero/estudioPrevio/personalSolicitado/personalSolicitadoSolicitudProceso.xhtml HTTP/1.1" 200 7027
156.59.198.136 - - [10/Jan/2024:09:11:56 -0500] "GET /BLA/resoluciones/AUTOS%202007/1634.pdf HTTP/1.0" 200 65078
186.86.210.71 - - [10/Jan/2024:09:12:03 -0500] "POST /sipse/faces/presentacion/financiero/estudioPrevio/personalSolicitado/personalSolicitadoSolicitudProceso.xhtml HTTP/1.1" 200 36805
186.86.210.71 - - [10/Jan/2024:09:12:04 -0500] "GET /sipse/faces/javax.faces.resource/jquery/jquery.js?ln=primefaces&v=4.0 HTTP/1.1" 304 -
186.86.210.71 - - [10/Jan/2024:09:12:04 -0500] "GET /sipse/faces/javax.faces.resource/jquery/jquery-plugins.js?ln=primefaces&v=4.0 HTTP/1.1" 304 -
186.86.210.71 - - [10/Jan/2024:09:12:04 -0500] "GET /sipse/faces/javax.faces.resource/primefaces.js?ln=primefaces&v=4.0 HTTP/1.1" 304 -
186.86.210.71 - - [10/Jan/2024:09:12:04 -0500] "GET /sipse/faces/javax.faces.resource/layout/layout.js?ln=primefaces&v=4.0 HTTP/1.1" 304 -
186.86.210.71 - - [10/Jan/2024:09:12:11 -0500] "POST /sipse/faces/presentacion/financiero/estudioPrevio/personalSolicitado/asociarProfesionPersonalSolicitado.xhtml HTTP/1.1" 200 11238
186.86.210.71 - - [10/Jan/2024:09:12:12 -0500] "POST /sipse/faces/presentacion/financiero/estudioPrevio/personalSolicitado/asociarProfesionPersonalSolicitado.xhtml HTTP/1.1" 200 11238
186.86.210.71 - - [10/Jan/2024:09:12:14 -0500] "POST /sipse/faces/presentacion/financiero/estudioPrevio/personalSolicitado/asociarProfesionPersonalSolicitado.xhtml HTTP/1.1" 200 50741
186.86.210.71 - - [10/Jan/2024:09:12:14 -0500] "GET /sipse/faces/javax.faces.resource/theme.css?ln=primefaces-sipse HTTP/1.1" 304 -
186.86.210.71 - - [10/Jan/2024:09:12:14 -0500] "GET /sipse/faces/javax.faces.resource/primefaces.css?ln=primefaces&v=4.0 HTTP/1.1" 304 -
186.86.210.71 - - [10/Jan/2024:09:12:14 -0500] "GET /sipse/faces/javax.faces.resource/jquery/jquery.js?ln=primefaces&v=4.0 HTTP/1.1" 304 -
186.86.210.71 - - [10/Jan/2024:09:12:14 -0500] "GET /sipse/faces/javax.faces.resource/jquery/jquery-plugins.js?ln=primefaces&v=4.0 HTTP/1.1" 304 -
186.86.210.71 - - [10/Jan/2024:09:12:14 -0500] "GET /sipse/faces/javax.faces.resource/layout/layout.css?ln=primefaces&v=4.0 HTTP/1.1" 304 -
186.86.210.71 - - [10/Jan/2024:09:12:14 -0500] "GET /sipse/faces/javax.faces.resource/layout/layout.js?ln=primefaces&v=4.0 HTTP/1.1" 304 -
186.86.210.71 - - [10/Jan/2024:09:12:14 -0500] "GET /sipse/faces/javax.faces.resource/primefaces.js?ln=primefaces&v=4.0 HTTP/1.1" 304 -
186.86.210.71 - - [10/Jan/2024:09:12:14 -0500] "GET /sipse/faces/javax.faces.resource/images/ui-icons_898989_256x240.png?ln=primefaces-aristo HTTP/1.1" 304 -
172.22.2.4 - - [10/Jan/2024:09:10:44 -0500] "HEAD /BLA/boletinlegal/ HTTP/1.1" 200 -
186.86.210.71 - - [10/Jan/2024:09:12:32 -0500] "GET /sipse/faces/javax.faces.resource/images/ui-bg_flat_0_2d5972_40x100.png?ln=primefaces-aristo HTTP/1.1" 304 -
186.30.83.206 - - [10/Jan/2024:09:12:31 -0500] "POST /sipse/faces/presentacion/financiero/solicitudProceso/crearModificarSolicitudProceso.xhtml HTTP/1.1" 200 44626
186.30.83.206 - - [10/Jan/2024:09:12:33 -0500] "GET /sipse/faces/javax.faces.resource/primefaces.css?ln=primefaces&v=4.0 HTTP/1.1" 304 -
186.30.83.206 - - [10/Jan/2024:09:12:33 -0500] "GET /sipse/faces/javax.faces.resource/layout/layout.css?ln=primefaces&v=4.0 HTTP/1.1" 304 -
186.30.83.206 - - [10/Jan/2024:09:12:33 -0500] "GET /sipse/faces/javax.faces.resource/theme.css?ln=primefaces-sipse HTTP/1.1" 304 -
186.30.83.206 - - [10/Jan/2024:09:12:33 -0500] "GET /sipse/faces/javax.faces.resource/jquery/jquery.js?ln=primefaces&v=4.0 HTTP/1.1" 304 -
186.30.83.206 - - [10/Jan/2024:09:12:33 -0500] "GET /sipse/faces/javax.faces.resource/primefaces.js?ln=primefaces&v=4.0 HTTP/1.1" 304 -
186.30.83.206 - - [10/Jan/2024:09:12:33 -0500] "GET /sipse/faces/javax.faces.resource/jquery/jquery-plugins.js?ln=primefaces&v=4.0 HTTP/1.1" 304 -
186.30.83.206 - - [10/Jan/2024:09:12:33 -0500] "GET /sipse/faces/javax.faces.resource/layout/layout.js?ln=primefaces&v=4.0 HTTP/1.1" 304 -
186.86.210.71 - - [10/Jan/2024:09:12:32 -0500] "POST /sipse/faces/presentacion/financiero/estudioPrevio/personalSolicitado/personalSolicitadoSolicitudProceso.xhtml HTTP/1.1" 200 33595
186.86.210.71 - - [10/Jan/2024:09:12:37 -0500] "GET /sipse/faces/javax.faces.resource/jquery/jquery.js?ln=primefaces&v=4.0 HTTP/1.1" 304 -
186.86.210.71 - - [10/Jan/2024:09:12:37 -0500] "GET /sipse/faces/javax.faces.resource/jquery/jquery-plugins.js?ln=primefaces&v=4.0 HTTP/1.1" 304 -
186.86.210.71 - - [10/Jan/2024:09:12:38 -0500] "GET /sipse/faces/javax.faces.resource/primefaces.js?ln=primefaces&v=4.0 HTTP/1.1" 304 -
186.86.210.71 - - [10/Jan/2024:09:12:38 -0500] "GET /sipse/faces/javax.faces.resource/layout/layout.js?ln=primefaces&v=4.0 HTTP/1.1" 304 -
186.30.83.206 - - [10/Jan/2024:09:12:38 -0500] "POST /sipse/faces/presentacion/financiero/contrato/consultarContratosSolicitudProceso.xhtml HTTP/1.1" 200 62438
186.86.210.71 - - [10/Jan/2024:09:12:46 -0500] "POST /sipse/faces/presentacion/financiero/estudioPrevio/personalSolicitado/asociarEspecializacionPersonalSolicitado.xhtml HTTP/1.1" 200 18393
201.245.192.253 - - [10/Jan/2024:09:12:47 -0500] "POST /appsia/controlador HTTP/1.1" 200 5437
156.59.198.135 - - [10/Jan/2024:09:12:50 -0500] "GET /BLA/resoluciones/AUTOS%202007/1844.pdf HTTP/1.0" 200 31372
186.30.83.206 - - [10/Jan/2024:09:12:50 -0500] "POST /sipse/faces/presentacion/financiero/contrato/consultarContratosSolicitudProceso.xhtml HTTP/1.1" 200 60959
186.30.83.206 - - [10/Jan/2024:09:12:50 -0500] "GET /sipse/faces/javax.faces.resource/theme.css?ln=primefaces-sipse HTTP/1.1" 304 -
186.30.83.206 - - [10/Jan/2024:09:12:51 -0500] "GET /sipse/faces/javax.faces.resource/layout/layout.css?ln=primefaces&v=4.0 HTTP/1.1" 304 -
186.30.83.206 - - [10/Jan/2024:09:12:51 -0500] "GET /sipse/faces/javax.faces.resource/primefaces.css?ln=primefaces&v=4.0 HTTP/1.1" 304 -
186.30.83.206 - - [10/Jan/2024:09:12:51 -0500] "GET /sipse/faces/javax.faces.resource/jquery/jquery.js?ln=primefaces&v=4.0 HTTP/1.1" 304 -
186.30.83.206 - - [10/Jan/2024:09:12:51 -0500] "GET /sipse/faces/javax.faces.resource/jquery/jquery-plugins.js?ln=primefaces&v=4.0 HTTP/1.1" 304 -
186.30.83.206 - - [10/Jan/2024:09:12:51 -0500] "GET /sipse/faces/javax.faces.resource/primefaces.js?ln=primefaces&v=4.0 HTTP/1.1" 304 -
186.30.83.206 - - [10/Jan/2024:09:12:51 -0500] "GET /sipse/faces/javax.faces.resource/layout/layout.js?ln=primefaces&v=4.0 HTTP/1.1" 304 -
201.245.192.253 - - [10/Jan/2024:09:12:51 -0500] "POST /appsia/controlador HTTP/1.1" 200 4799
156.59.198.136 - - [10/Jan/2024:09:12:57 -0500] "GET /BLA/resoluciones/AUTOS%202007/0168.pdf HTTP/1.0" 200 181540
156.59.198.136 - - [10/Jan/2024:09:12:57 -0500] "GET /BLA/resoluciones/AUTOS%202007/0714.pdf HTTP/1.0" 206 22741
186.86.210.71 - - [10/Jan/2024:09:12:57 -0500] "POST /sipse/faces/presentacion/financiero/estudioPrevio/personalSolicitado/asociarEspecializacionPersonalSolicitado.xhtml HTTP/1.1" 200 18431
186.86.210.71 - - [10/Jan/2024:09:13:00 -0500] "POST /sipse/faces/presentacion/financiero/estudioPrevio/personalSolicitado/asociarEspecializacionPersonalSolicitado.xhtml HTTP/1.1" 200 18393
186.30.83.206 - - [10/Jan/2024:09:13:02 -0500] "POST /sipse/faces/presentacion/financiero/solicitudProceso/crearModificarSolicitudProceso.xhtml HTTP/1.1" 200 64315
186.30.83.206 - - [10/Jan/2024:09:13:05 -0500] "GET /sipse/faces/javax.faces.resource/theme.css?ln=primefaces-sipse HTTP/1.1" 304 -
186.30.83.206 - - [10/Jan/2024:09:13:05 -0500] "GET /sipse/faces/javax.faces.resource/primefaces.css?ln=primefaces&v=4.0 HTTP/1.1" 304 -
186.30.83.206 - - [10/Jan/2024:09:13:05 -0500] "GET /sipse/faces/javax.faces.resource/layout/layout.css?ln=primefaces&v=4.0 HTTP/1.1" 304 -
186.30.83.206 - - [10/Jan/2024:09:13:05 -0500] "GET /sipse/faces/javax.faces.resource/jquery/jquery.js?ln=primefaces&v=4.0 HTTP/1.1" 304 -
186.30.83.206 - - [10/Jan/2024:09:13:05 -0500] "GET /sipse/faces/javax.faces.resource/jquery/jquery-plugins.js?ln=primefaces&v=4.0 HTTP/1.1" 304 -
186.30.83.206 - - [10/Jan/2024:09:13:05 -0500] "GET /sipse/faces/javax.faces.resource/primefaces.js?ln=primefaces&v=4.0 HTTP/1.1" 304 -
186.30.83.206 - - [10/Jan/2024:09:13:05 -0500] "GET /sipse/faces/javax.faces.resource/layout/layout.js?ln=primefaces&v=4.0 HTTP/1.1" 304 -
186.86.210.71 - - [10/Jan/2024:09:13:05 -0500] "POST /sipse/faces/presentacion/financiero/estudioPrevio/personalSolicitado/asociarEspecializacionPersonalSolicitado.xhtml HTTP/1.1" 200 18365
186.30.83.206 - - [10/Jan/2024:09:13:05 -0500] "POST /sipse/faces/presentacion/financiero/solicitudProceso/listarSolicitudProceso.xhtml HTTP/1.1" 200 1556
186.30.83.206 - - [10/Jan/2024:09:13:09 -0500] "POST /sipse/faces/presentacion/financiero/solicitudProceso/listarSolicitudProceso.xhtml HTTP/1.1" 200 31238
156.59.198.136 - - [10/Jan/2024:09:13:12 -0500] "GET /BLA/resoluciones/AUTOS%202007/1436.pdf HTTP/1.0" 200 89557
186.86.210.71 - - [10/Jan/2024:09:13:11 -0500] "POST /sipse/faces/presentacion/financiero/estudioPrevio/personalSolicitado/asociarEspecializacionPersonalSolicitado.xhtml HTTP/1.1" 200 18338
186.30.83.206 - - [10/Jan/2024:09:13:13 -0500] "POST /sipse/faces/presentacion/financiero/solicitudProceso/listarSolicitudProceso.xhtml HTTP/1.1" 200 29066
172.22.2.4 - - [10/Jan/2024:09:11:35 -0500] "GET /BLA/boletinlegal/ HTTP/1.1" 200 58567
186.86.210.71 - - [10/Jan/2024:09:13:21 -0500] "POST /sipse/faces/presentacion/financiero/estudioPrevio/personalSolicitado/asociarEspecializacionPersonalSolicitado.xhtml HTTP/1.1" 200 51966
186.86.210.71 - - [10/Jan/2024:09:13:21 -0500] "GET /sipse/faces/javax.faces.resource/primefaces.css?ln=primefaces&v=4.0 HTTP/1.1" 304 -
186.86.210.71 - - [10/Jan/2024:09:13:21 -0500] "GET /sipse/faces/javax.faces.resource/theme.css?ln=primefaces-sipse HTTP/1.1" 304 -
186.86.210.71 - - [10/Jan/2024:09:13:21 -0500] "GET /sipse/faces/javax.faces.resource/layout/layout.css?ln=primefaces&v=4.0 HTTP/1.1" 304 -
186.86.210.71 - - [10/Jan/2024:09:13:21 -0500] "GET /sipse/faces/javax.faces.resource/jquery/jquery-plugins.js?ln=primefaces&v=4.0 HTTP/1.1" 304 -
186.86.210.71 - - [10/Jan/2024:09:13:21 -0500] "GET /sipse/faces/javax.faces.resource/jquery/jquery.js?ln=primefaces&v=4.0 HTTP/1.1" 304 -
186.86.210.71 - - [10/Jan/2024:09:13:21 -0500] "GET /sipse/faces/javax.faces.resource/primefaces.js?ln=primefaces&v=4.0 HTTP/1.1" 304 -
186.86.210.71 - - [10/Jan/2024:09:13:21 -0500] "GET /sipse/faces/javax.faces.resource/layout/layout.js?ln=primefaces&v=4.0 HTTP/1.1" 304 -
186.86.210.71 - - [10/Jan/2024:09:13:21 -0500] "GET /sipse/faces/javax.faces.resource/images/ui-icons_898989_256x240.png?ln=primefaces-aristo HTTP/1.1" 304 -
201.245.192.253 - - [10/Jan/2024:09:13:22 -0500] "POST /sipse/faces/presentacion/financiero/solicitudProceso/consultar.xhtml HTTP/1.1" 200 161735
201.245.192.253 - - [10/Jan/2024:09:13:23 -0500] "GET /sipse/faces/javax.faces.resource/theme.css?ln=primefaces-sipse HTTP/1.1" 304 -
201.245.192.253 - - [10/Jan/2024:09:13:23 -0500] "GET /sipse/faces/javax.faces.resource/primefaces.css?ln=primefaces&v=4.0 HTTP/1.1" 304 -
201.245.192.253 - - [10/Jan/2024:09:13:23 -0500] "GET /sipse/faces/javax.faces.resource/layout/layout.css?ln=primefaces&v=4.0 HTTP/1.1" 304 -
201.245.192.253 - - [10/Jan/2024:09:13:23 -0500] "GET /sipse/css/imagen/contrasena.png HTTP/1.1" 404 383
201.245.192.253 - - [10/Jan/2024:09:13:23 -0500] "GET /sipse/faces/javax.faces.resource/jquery/jquery.js?ln=primefaces&v=4.0 HTTP/1.1" 304 -
201.245.192.253 - - [10/Jan/2024:09:13:23 -0500] "GET /sipse/faces/javax.faces.resource/jquery/jquery-plugins.js?ln=primefaces&v=4.0 HTTP/1.1" 304 -
201.245.192.253 - - [10/Jan/2024:09:13:23 -0500] "GET /sipse/faces/javax.faces.resource/primefaces.js?ln=primefaces&v=4.0 HTTP/1.1" 304 -
201.245.192.253 - - [10/Jan/2024:09:13:23 -0500] "GET /sipse/faces/javax.faces.resource/layout/layout.js?ln=primefaces&v=4.0 HTTP/1.1" 304 -
186.86.210.71 - - [10/Jan/2024:09:13:24 -0500] "GET /sipse/faces/javax.faces.resource/images/ui-bg_flat_0_2d5972_40x100.png?ln=primefaces-aristo HTTP/1.1" 304 -
186.86.210.71 - - [10/Jan/2024:09:13:24 -0500] "POST /sipse/faces/presentacion/financiero/estudioPrevio/personalSolicitado/personalSolicitadoSolicitudProceso.xhtml HTTP/1.1" 200 33599
186.86.210.71 - - [10/Jan/2024:09:13:25 -0500] "GET /sipse/faces/javax.faces.resource/jquery/jquery.js?ln=primefaces&v=4.0 HTTP/1.1" 304 -
186.86.210.71 - - [10/Jan/2024:09:13:25 -0500] "GET /sipse/faces/javax.faces.resource/jquery/jquery-plugins.js?ln=primefaces&v=4.0 HTTP/1.1" 304 -
186.86.210.71 - - [10/Jan/2024:09:13:25 -0500] "GET /sipse/faces/javax.faces.resource/primefaces.js?ln=primefaces&v=4.0 HTTP/1.1" 304 -
186.86.210.71 - - [10/Jan/2024:09:13:25 -0500] "GET /sipse/faces/javax.faces.resource/layout/layout.js?ln=primefaces&v=4.0 HTTP/1.1" 304 -
186.86.210.71 - - [10/Jan/2024:09:13:33 -0500] "POST /sipse/faces/presentacion/financiero/estudioPrevio/personalSolicitado/asociarEspecializacionPersonalSolicitado.xhtml HTTP/1.1" 200 18439
186.86.210.71 - - [10/Jan/2024:09:13:34 -0500] "POST /sipse/faces/presentacion/financiero/estudioPrevio/personalSolicitado/asociarEspecializacionPersonalSolicitado.xhtml HTTP/1.1" 200 1438
156.59.198.135 - - [10/Jan/2024:09:13:35 -0500] "GET /BLA/resoluciones/AUTOS%202007/1587.pdf HTTP/1.0" 200 29782
201.245.192.253 - - [10/Jan/2024:09:13:35 -0500] "GET /sipse/faces/index.xhtml HTTP/1.1" 200 677
201.245.192.253 - - [10/Jan/2024:09:13:35 -0500] "GET /sipse/faces/javax.faces.resource/theme.css?ln=primefaces-sipse HTTP/1.1" 200 50058
201.245.192.253 - - [10/Jan/2024:09:13:36 -0500] "GET /sipse/faces/faces/autenticacion.xhtml HTTP/1.1" 200 12406
201.245.192.253 - - [10/Jan/2024:09:13:36 -0500] "GET /favicon.ico HTTP/1.1" 200 7782
201.245.192.253 - - [10/Jan/2024:09:13:36 -0500] "GET /sipse/js/disable_browser_buttons.js HTTP/1.1" 200 3230
201.245.192.253 - - [10/Jan/2024:09:13:36 -0500] "GET /sipse/js/funciones.js HTTP/1.1" 200 12592
201.245.192.253 - - [10/Jan/2024:09:13:36 -0500] "GET /sipse/css/custom_css_sg_prime_login.css HTTP/1.1" 200 443
201.245.192.253 - - [10/Jan/2024:09:13:36 -0500] "GET /sipse/css/custom_css_sg.css HTTP/1.1" 200 9694
201.245.192.253 - - [10/Jan/2024:09:13:36 -0500] "GET /sipse/faces/javax.faces.resource/theme.css?ln=primefaces-sipse HTTP/1.1" 304 -
201.245.192.253 - - [10/Jan/2024:09:13:36 -0500] "GET /sipse/faces/javax.faces.resource/layout/layout.css?ln=primefaces&v=4.0 HTTP/1.1" 200 542
201.245.192.253 - - [10/Jan/2024:09:13:36 -0500] "GET /sipse/faces/javax.faces.resource/primefaces.css?ln=primefaces&v=4.0 HTTP/1.1" 200 53295
201.245.192.253 - - [10/Jan/2024:09:13:36 -0500] "GET /sipse/faces/javax.faces.resource/jquery/jquery.js?ln=primefaces&v=4.0 HTTP/1.1" 304 -
201.245.192.253 - - [10/Jan/2024:09:13:36 -0500] "GET /sipse/faces/javax.faces.resource/jquery/jquery-plugins.js?ln=primefaces&v=4.0 HTTP/1.1" 304 -
201.245.192.253 - - [10/Jan/2024:09:13:36 -0500] "GET /sipse/faces/javax.faces.resource/primefaces.js?ln=primefaces&v=4.0 HTTP/1.1" 304 -
201.245.192.253 - - [10/Jan/2024:09:13:36 -0500] "GET /sipse/faces/javax.faces.resource/layout/layout.js?ln=primefaces&v=4.0 HTTP/1.1" 304 -
201.245.192.253 - - [10/Jan/2024:09:13:36 -0500] "GET /sipse/faces/javax.faces.resource/images/ui-icons_898989_256x240.png?ln=primefaces-aristo HTTP/1.1" 200 5355
201.245.192.253 - - [10/Jan/2024:09:13:36 -0500] "GET /sipse/css/imagen/loginimg.png HTTP/1.1" 200 71635
201.245.192.253 - - [10/Jan/2024:09:13:36 -0500] "GET /sipse/css/imagen/logoSDG.png HTTP/1.1" 200 53064
186.86.210.71 - - [10/Jan/2024:09:13:35 -0500] "POST /sipse/faces/presentacion/financiero/estudioPrevio/personalSolicitado/asociarEspecializacionPersonalSolicitado.xhtml HTTP/1.1" 200 18439
186.86.210.71 - - [10/Jan/2024:09:13:37 -0500] "POST /sipse/faces/presentacion/financiero/estudioPrevio/personalSolicitado/asociarEspecializacionPersonalSolicitado.xhtml HTTP/1.1" 200 18439
201.245.192.253 - - [10/Jan/2024:09:13:38 -0500] "POST /sipse/faces/presentacion/financiero/solicitudProceso/consultarSolicitudProceso.xhtml HTTP/1.1" 200 84401
201.245.192.253 - - [10/Jan/2024:09:13:43 -0500] "POST /sipse/faces/autenticacion.xhtml HTTP/1.1" 200 11969
201.245.192.253 - - [10/Jan/2024:09:13:43 -0500] "GET /sipse/css/custom_css_sg_prime.css HTTP/1.1" 200 5201
201.245.192.253 - - [10/Jan/2024:09:13:43 -0500] "GET /sipse/faces/javax.faces.resource/jquery/jquery.js?ln=primefaces&v=4.0 HTTP/1.1" 304 -
201.245.192.253 - - [10/Jan/2024:09:13:43 -0500] "GET /sipse/faces/javax.faces.resource/jquery/jquery-plugins.js?ln=primefaces&v=4.0 HTTP/1.1" 304 -
201.245.192.253 - - [10/Jan/2024:09:13:43 -0500] "GET /sipse/faces/javax.faces.resource/primefaces.js?ln=primefaces&v=4.0 HTTP/1.1" 304 -
201.245.192.253 - - [10/Jan/2024:09:13:43 -0500] "GET /sipse/faces/javax.faces.resource/layout/layout.js?ln=primefaces&v=4.0 HTTP/1.1" 304 -
201.245.192.253 - - [10/Jan/2024:09:13:43 -0500] "GET /sipse/faces/javax.faces.resource/messages/messages.png?ln=primefaces&v=4.0 HTTP/1.1" 200 27209
186.86.210.71 - - [10/Jan/2024:09:13:44 -0500] "POST /sipse/faces/presentacion/financiero/estudioPrevio/personalSolicitado/asociarEspecializacionPersonalSolicitado.xhtml HTTP/1.1" 200 18435
186.86.210.71 - - [10/Jan/2024:09:13:46 -0500] "POST /sipse/faces/presentacion/financiero/estudioPrevio/personalSolicitado/asociarEspecializacionPersonalSolicitado.xhtml HTTP/1.1" 200 18431
201.245.192.253 - - [10/Jan/2024:09:13:46 -0500] "POST /sipse/faces/presentacion/sistema/seguridad/seleccionRol.xhtml HTTP/1.1" 200 6403
186.86.210.71 - - [10/Jan/2024:09:13:48 -0500] "POST /sipse/faces/presentacion/financiero/estudioPrevio/personalSolicitado/asociarEspecializacionPersonalSolicitado.xhtml HTTP/1.1" 200 18464
201.245.192.253 - - [10/Jan/2024:09:13:48 -0500] "POST /sipse/faces/presentacion/sistema/seguridad/seleccionRol.xhtml HTTP/1.1" 200 6403
201.245.192.253 - - [10/Jan/2024:09:13:49 -0500] "POST /sipse/faces/presentacion/sistema/seguridad/seleccionRol.xhtml HTTP/1.1" 200 6403
201.245.192.253 - - [10/Jan/2024:09:13:50 -0500] "POST /sipse/faces/presentacion/sistema/seguridad/seleccionRol.xhtml HTTP/1.1" 200 6399
201.245.192.253 - - [10/Jan/2024:09:13:51 -0500] "POST /sipse/faces/presentacion/sistema/seguridad/seleccionRol.xhtml HTTP/1.1" 200 18833
201.245.192.253 - - [10/Jan/2024:09:13:51 -0500] "GET /sipse/js/jquery.min.js HTTP/1.1" 200 85582
201.245.192.253 - - [10/Jan/2024:09:13:51 -0500] "GET /sipse/faces/javax.faces.resource/jquery/jquery.js?ln=primefaces&v=4.0 HTTP/1.1" 304 -
201.245.192.253 - - [10/Jan/2024:09:13:51 -0500] "GET /sipse/faces/javax.faces.resource/jquery/jquery-plugins.js?ln=primefaces&v=4.0 HTTP/1.1" 304 -
201.245.192.253 - - [10/Jan/2024:09:13:51 -0500] "GET /sipse/faces/javax.faces.resource/primefaces.js?ln=primefaces&v=4.0 HTTP/1.1" 304 -
201.245.192.253 - - [10/Jan/2024:09:13:51 -0500] "GET /sipse/faces/javax.faces.resource/layout/layout.js?ln=primefaces&v=4.0 HTTP/1.1" 304 -
201.245.192.253 - - [10/Jan/2024:09:13:52 -0500] "GET /sipse/css/v_mergente.css HTTP/1.1" 200 1505
201.245.192.253 - - [10/Jan/2024:09:13:52 -0500] "GET /sipse/imagenes/cargando.gif HTTP/1.1" 200 36959
201.245.192.253 - - [10/Jan/2024:09:13:52 -0500] "GET /sipse/css/imagen/contrasena.png HTTP/1.1" 404 383
201.245.192.253 - - [10/Jan/2024:09:13:52 -0500] "GET /sipse/imagenes/logoAplicacion.jpg HTTP/1.1" 200 155084
186.86.210.71 - - [10/Jan/2024:09:13:53 -0500] "POST /sipse/faces/presentacion/financiero/estudioPrevio/personalSolicitado/asociarEspecializacionPersonalSolicitado.xhtml HTTP/1.1" 200 6400
186.86.210.71 - - [10/Jan/2024:09:13:58 -0500] "GET /sipse/faces/javax.faces.resource/layout/layout.css?ln=primefaces&v=4.0 HTTP/1.1" 304 -
186.86.210.71 - - [10/Jan/2024:09:13:58 -0500] "GET /sipse/faces/javax.faces.resource/theme.css?ln=primefaces-sipse HTTP/1.1" 304 -
186.86.210.71 - - [10/Jan/2024:09:13:58 -0500] "GET /sipse/faces/javax.faces.resource/jquery/jquery.js?ln=primefaces&v=4.0 HTTP/1.1" 304 -
186.86.210.71 - - [10/Jan/2024:09:13:58 -0500] "GET /sipse/faces/javax.faces.resource/primefaces.css?ln=primefaces&v=4.0 HTTP/1.1" 304 -
186.86.210.71 - - [10/Jan/2024:09:13:58 -0500] "GET /sipse/faces/javax.faces.resource/jquery/jquery-plugins.js?ln=primefaces&v=4.0 HTTP/1.1" 304 -
186.86.210.71 - - [10/Jan/2024:09:13:58 -0500] "POST /sipse/faces/presentacion/financiero/estudioPrevio/personalSolicitado/asociarEspecializacionPersonalSolicitado.xhtml HTTP/1.1" 200 53151
186.86.210.71 - - [10/Jan/2024:09:13:58 -0500] "GET /sipse/faces/javax.faces.resource/primefaces.js?ln=primefaces&v=4.0 HTTP/1.1" 304 -
186.86.210.71 - - [10/Jan/2024:09:13:58 -0500] "GET /sipse/faces/javax.faces.resource/layout/layout.js?ln=primefaces&v=4.0 HTTP/1.1" 304 -
186.86.210.71 - - [10/Jan/2024:09:13:58 -0500] "GET /sipse/faces/javax.faces.resource/images/ui-icons_898989_256x240.png?ln=primefaces-aristo HTTP/1.1" 304 -
156.59.198.135 - - [10/Jan/2024:09:13:59 -0500] "GET /BLA/resoluciones/AUTOS%202007/0612.pdf HTTP/1.0" 200 34902
186.86.210.71 - - [10/Jan/2024:09:14:08 -0500] "GET /sipse/faces/javax.faces.resource/images/ui-bg_flat_0_2d5972_40x100.png?ln=primefaces-aristo HTTP/1.1" 304 -
186.86.210.71 - - [10/Jan/2024:09:14:09 -0500] "POST /sipse/faces/presentacion/financiero/estudioPrevio/personalSolicitado/personalSolicitadoSolicitudProceso.xhtml HTTP/1.1" 200 33604
186.86.210.71 - - [10/Jan/2024:09:14:10 -0500] "GET /sipse/faces/javax.faces.resource/jquery/jquery.js?ln=primefaces&v=4.0 HTTP/1.1" 304 -
186.86.210.71 - - [10/Jan/2024:09:14:10 -0500] "GET /sipse/faces/javax.faces.resource/jquery/jquery-plugins.js?ln=primefaces&v=4.0 HTTP/1.1" 304 -
186.86.210.71 - - [10/Jan/2024:09:14:10 -0500] "GET /sipse/faces/javax.faces.resource/primefaces.js?ln=primefaces&v=4.0 HTTP/1.1" 304 -
186.86.210.71 - - [10/Jan/2024:09:14:10 -0500] "GET /sipse/faces/javax.faces.resource/layout/layout.js?ln=primefaces&v=4.0 HTTP/1.1" 304 -
186.86.210.71 - - [10/Jan/2024:09:14:15 -0500] "POST /sipse/faces/presentacion/financiero/estudioPrevio/personalSolicitado/asociarEspecializacionPersonalSolicitado.xhtml HTTP/1.1" 200 1442
186.86.210.71 - - [10/Jan/2024:09:14:15 -0500] "POST /sipse/faces/presentacion/financiero/estudioPrevio/personalSolicitado/asociarEspecializacionPersonalSolicitado.xhtml HTTP/1.1" 200 1442
186.86.210.71 - - [10/Jan/2024:09:14:16 -0500] "POST /sipse/faces/presentacion/financiero/estudioPrevio/personalSolicitado/asociarEspecializacionPersonalSolicitado.xhtml HTTP/1.1" 200 11632
186.86.210.71 - - [10/Jan/2024:09:14:18 -0500] "POST /sipse/faces/presentacion/financiero/estudioPrevio/personalSolicitado/asociarEspecializacionPersonalSolicitado.xhtml HTTP/1.1" 200 9921
186.86.210.71 - - [10/Jan/2024:09:14:21 -0500] "GET /sipse/faces/javax.faces.resource/theme.css?ln=primefaces-sipse HTTP/1.1" 304 -
186.86.210.71 - - [10/Jan/2024:09:14:21 -0500] "POST /sipse/faces/presentacion/financiero/estudioPrevio/personalSolicitado/asociarEspecializacionPersonalSolicitado.xhtml HTTP/1.1" 200 54342
186.86.210.71 - - [10/Jan/2024:09:14:21 -0500] "GET /sipse/faces/javax.faces.resource/layout/layout.css?ln=primefaces&v=4.0 HTTP/1.1" 304 -
186.86.210.71 - - [10/Jan/2024:09:14:21 -0500] "GET /sipse/faces/javax.faces.resource/primefaces.css?ln=primefaces&v=4.0 HTTP/1.1" 304 -
186.86.210.71 - - [10/Jan/2024:09:14:21 -0500] "GET /sipse/faces/javax.faces.resource/jquery/jquery-plugins.js?ln=primefaces&v=4.0 HTTP/1.1" 304 -
186.86.210.71 - - [10/Jan/2024:09:14:21 -0500] "GET /sipse/faces/javax.faces.resource/jquery/jquery.js?ln=primefaces&v=4.0 HTTP/1.1" 304 -
186.86.210.71 - - [10/Jan/2024:09:14:21 -0500] "GET /sipse/faces/javax.faces.resource/primefaces.js?ln=primefaces&v=4.0 HTTP/1.1" 304 -
186.86.210.71 - - [10/Jan/2024:09:14:21 -0500] "GET /sipse/faces/javax.faces.resource/layout/layout.js?ln=primefaces&v=4.0 HTTP/1.1" 304 -
186.86.210.71 - - [10/Jan/2024:09:14:22 -0500] "GET /sipse/faces/javax.faces.resource/images/ui-icons_898989_256x240.png?ln=primefaces-aristo HTTP/1.1" 304 -
156.59.198.136 - - [10/Jan/2024:09:14:24 -0500] "GET /BLA/resoluciones/AUTOS%202007/1421.pdf HTTP/1.0" 200 25508
201.245.192.253 - - [10/Jan/2024:09:14:25 -0500] "POST /kwsrmcab/Wsrmcab  HTTP/1.1" 200 36937
186.86.210.71 - - [10/Jan/2024:09:14:29 -0500] "GET /sipse/faces/javax.faces.resource/images/ui-bg_flat_0_2d5972_40x100.png?ln=primefaces-aristo HTTP/1.1" 304 -
186.86.210.71 - - [10/Jan/2024:09:14:29 -0500] "POST /sipse/faces/presentacion/financiero/estudioPrevio/personalSolicitado/personalSolicitadoSolicitudProceso.xhtml HTTP/1.1" 200 33607
186.86.210.71 - - [10/Jan/2024:09:14:30 -0500] "GET /sipse/faces/javax.faces.resource/jquery/jquery.js?ln=primefaces&v=4.0 HTTP/1.1" 304 -
186.86.210.71 - - [10/Jan/2024:09:14:30 -0500] "GET /sipse/faces/javax.faces.resource/jquery/jquery-plugins.js?ln=primefaces&v=4.0 HTTP/1.1" 304 -
186.86.210.71 - - [10/Jan/2024:09:14:30 -0500] "GET /sipse/faces/javax.faces.resource/primefaces.js?ln=primefaces&v=4.0 HTTP/1.1" 304 -
186.86.210.71 - - [10/Jan/2024:09:14:30 -0500] "GET /sipse/faces/javax.faces.resource/layout/layout.js?ln=primefaces&v=4.0 HTTP/1.1" 304 -
186.86.210.71 - - [10/Jan/2024:09:14:38 -0500] "POST /sipse/faces/presentacion/financiero/estudioPrevio/personalSolicitado/asociarEspecializacionPersonalSolicitado.xhtml HTTP/1.1" 200 17883
186.86.210.71 - - [10/Jan/2024:09:14:41 -0500] "POST /sipse/faces/presentacion/financiero/estudioPrevio/personalSolicitado/asociarEspecializacionPersonalSolicitado.xhtml HTTP/1.1" 200 7313
186.86.210.71 - - [10/Jan/2024:09:14:45 -0500] "GET /sipse/faces/javax.faces.resource/theme.css?ln=primefaces-sipse HTTP/1.1" 304 -
186.86.210.71 - - [10/Jan/2024:09:14:44 -0500] "POST /sipse/faces/presentacion/financiero/estudioPrevio/personalSolicitado/asociarEspecializacionPersonalSolicitado.xhtml HTTP/1.1" 200 55527
186.86.210.71 - - [10/Jan/2024:09:14:45 -0500] "GET /sipse/faces/javax.faces.resource/primefaces.css?ln=primefaces&v=4.0 HTTP/1.1" 304 -
186.86.210.71 - - [10/Jan/2024:09:14:45 -0500] "GET /sipse/faces/javax.faces.resource/layout/layout.css?ln=primefaces&v=4.0 HTTP/1.1" 304 -
186.86.210.71 - - [10/Jan/2024:09:14:45 -0500] "GET /sipse/faces/javax.faces.resource/jquery/jquery.js?ln=primefaces&v=4.0 HTTP/1.1" 304 -
186.86.210.71 - - [10/Jan/2024:09:14:45 -0500] "GET /sipse/faces/javax.faces.resource/primefaces.js?ln=primefaces&v=4.0 HTTP/1.1" 304 -
186.86.210.71 - - [10/Jan/2024:09:14:45 -0500] "GET /sipse/faces/javax.faces.resource/jquery/jquery-plugins.js?ln=primefaces&v=4.0 HTTP/1.1" 304 -
186.86.210.71 - - [10/Jan/2024:09:14:45 -0500] "GET /sipse/faces/javax.faces.resource/layout/layout.js?ln=primefaces&v=4.0 HTTP/1.1" 304 -
186.86.210.71 - - [10/Jan/2024:09:14:45 -0500] "GET /sipse/faces/javax.faces.resource/images/ui-icons_898989_256x240.png?ln=primefaces-aristo HTTP/1.1" 304 -
156.59.198.135 - - [10/Jan/2024:09:14:49 -0500] "GET /BLA/resoluciones/AUTOS%202007/0242.pdf HTTP/1.0" 200 16066
201.245.192.253 - - [10/Jan/2024:09:14:51 -0500] "GET /sipse/faces/javax.faces.resource/images/ui-bg_flat_0_2d5972_40x100.png?ln=primefaces-aristo HTTP/1.1" 200 183
201.245.192.253 - - [10/Jan/2024:09:14:51 -0500] "POST /sipse/faces/bienvenido.xhtml HTTP/1.1" 200 2055
186.86.210.71 - - [10/Jan/2024:09:14:53 -0500] "GET /sipse/faces/javax.faces.resource/images/ui-bg_flat_0_2d5972_40x100.png?ln=primefaces-aristo HTTP/1.1" 304 -
186.30.83.206 - - [10/Jan/2024:09:14:53 -0500] "POST /sipse/faces/presentacion/financiero/solicitudProceso/listarSolicitudProceso.xhtml HTTP/1.1" 200 105322
186.30.83.206 - - [10/Jan/2024:09:14:54 -0500] "GET /sipse/faces/javax.faces.resource/theme.css?ln=primefaces-sipse HTTP/1.1" 304 -
186.30.83.206 - - [10/Jan/2024:09:14:54 -0500] "GET /sipse/faces/javax.faces.resource/primefaces.css?ln=primefaces&v=4.0 HTTP/1.1" 304 -
186.30.83.206 - - [10/Jan/2024:09:14:54 -0500] "GET /sipse/faces/javax.faces.resource/layout/layout.css?ln=primefaces&v=4.0 HTTP/1.1" 304 -
186.30.83.206 - - [10/Jan/2024:09:14:54 -0500] "GET /sipse/faces/javax.faces.resource/jquery/jquery.js?ln=primefaces&v=4.0 HTTP/1.1" 304 -
186.30.83.206 - - [10/Jan/2024:09:14:54 -0500] "GET /sipse/faces/javax.faces.resource/jquery/jquery-plugins.js?ln=primefaces&v=4.0 HTTP/1.1" 304 -
186.30.83.206 - - [10/Jan/2024:09:14:54 -0500] "GET /sipse/faces/javax.faces.resource/primefaces.js?ln=primefaces&v=4.0 HTTP/1.1" 304 -
186.30.83.206 - - [10/Jan/2024:09:14:54 -0500] "GET /sipse/faces/javax.faces.resource/layout/layout.js?ln=primefaces&v=4.0 HTTP/1.1" 304 -
186.86.210.71 - - [10/Jan/2024:09:14:53 -0500] "POST /sipse/faces/presentacion/financiero/estudioPrevio/personalSolicitado/personalSolicitadoSolicitudProceso.xhtml HTTP/1.1" 200 33612
186.86.210.71 - - [10/Jan/2024:09:14:55 -0500] "GET /sipse/faces/javax.faces.resource/jquery/jquery.js?ln=primefaces&v=4.0 HTTP/1.1" 304 -
186.86.210.71 - - [10/Jan/2024:09:14:55 -0500] "GET /sipse/faces/javax.faces.resource/jquery/jquery-plugins.js?ln=primefaces&v=4.0 HTTP/1.1" 304 -
186.86.210.71 - - [10/Jan/2024:09:14:55 -0500] "GET /sipse/faces/javax.faces.resource/primefaces.js?ln=primefaces&v=4.0 HTTP/1.1" 304 -
186.86.210.71 - - [10/Jan/2024:09:14:55 -0500] "GET /sipse/faces/javax.faces.resource/layout/layout.js?ln=primefaces&v=4.0 HTTP/1.1" 304 -
201.245.192.253 - - [10/Jan/2024:09:14:55 -0500] "POST /kwsrmcab/Wsrmcab HTTP/1.1" 200 36826
186.86.210.71 - - [10/Jan/2024:09:14:59 -0500] "POST /sipse/faces/presentacion/financiero/estudioPrevio/personalSolicitado/asociarEspecializacionPersonalSolicitado.xhtml HTTP/1.1" 200 18443
201.245.192.253 - - [10/Jan/2024:09:14:58 -0500] "POST /kwsrmcab/Wsrmcab HTTP/1.1" 200 34477
186.86.210.71 - - [10/Jan/2024:09:15:00 -0500] "POST /sipse/faces/presentacion/financiero/estudioPrevio/personalSolicitado/asociarEspecializacionPersonalSolicitado.xhtml HTTP/1.1" 200 18443
186.30.83.206 - - [10/Jan/2024:09:15:02 -0500] "POST /sipse/faces/presentacion/financiero/solicitudProceso/consultarSolicitudProceso.xhtml HTTP/1.1" 200 63860
186.30.83.206 - - [10/Jan/2024:09:15:02 -0500] "GET /sipse/faces/javax.faces.resource/theme.css?ln=primefaces-sipse HTTP/1.1" 304 -
186.30.83.206 - - [10/Jan/2024:09:15:02 -0500] "GET /sipse/faces/javax.faces.resource/layout/layout.css?ln=primefaces&v=4.0 HTTP/1.1" 304 -
186.30.83.206 - - [10/Jan/2024:09:15:02 -0500] "GET /sipse/faces/javax.faces.resource/primefaces.css?ln=primefaces&v=4.0 HTTP/1.1" 304 -
186.30.83.206 - - [10/Jan/2024:09:15:02 -0500] "GET /sipse/faces/javax.faces.resource/jquery/jquery.js?ln=primefaces&v=4.0 HTTP/1.1" 304 -
186.30.83.206 - - [10/Jan/2024:09:15:02 -0500] "GET /sipse/faces/javax.faces.resource/jquery/jquery-plugins.js?ln=primefaces&v=4.0 HTTP/1.1" 304 -
186.30.83.206 - - [10/Jan/2024:09:15:02 -0500] "GET /sipse/faces/javax.faces.resource/primefaces.js?ln=primefaces&v=4.0 HTTP/1.1" 304 -
186.30.83.206 - - [10/Jan/2024:09:15:02 -0500] "GET /sipse/faces/javax.faces.resource/layout/layout.js?ln=primefaces&v=4.0 HTTP/1.1" 304 -
186.30.83.206 - - [10/Jan/2024:09:15:02 -0500] "POST /sipse/faces/presentacion/financiero/solicitudProceso/listarSolicitudProceso.xhtml HTTP/1.1" 200 57190
186.86.210.71 - - [10/Jan/2024:09:15:02 -0500] "POST /sipse/faces/presentacion/financiero/estudioPrevio/personalSolicitado/asociarEspecializacionPersonalSolicitado.xhtml HTTP/1.1" 200 18461
186.30.83.206 - - [10/Jan/2024:09:15:03 -0500] "POST /sipse/faces/presentacion/financiero/solicitudProceso/listarSolicitudProceso.xhtml HTTP/1.1" 200 57190
186.30.83.206 - - [10/Jan/2024:09:15:03 -0500] "POST /sipse/faces/presentacion/financiero/solicitudProceso/listarSolicitudProceso.xhtml HTTP/1.1" 200 57190
186.30.83.206 - - [10/Jan/2024:09:15:03 -0500] "POST /sipse/faces/presentacion/financiero/solicitudProceso/listarSolicitudProceso.xhtml HTTP/1.1" 200 1556
186.30.83.206 - - [10/Jan/2024:09:15:03 -0500] "POST /sipse/faces/presentacion/financiero/solicitudProceso/listarSolicitudProceso.xhtml HTTP/1.1" 200 1552
186.86.210.71 - - [10/Jan/2024:09:15:04 -0500] "POST /sipse/faces/presentacion/financiero/estudioPrevio/personalSolicitado/asociarEspecializacionPersonalSolicitado.xhtml HTTP/1.1" 200 18457
186.30.83.206 - - [10/Jan/2024:09:15:04 -0500] "POST /sipse/faces/presentacion/financiero/solicitudProceso/listarSolicitudProceso.xhtml HTTP/1.1" 200 1564
186.30.83.206 - - [10/Jan/2024:09:15:04 -0500] "POST /sipse/faces/presentacion/financiero/solicitudProceso/listarSolicitudProceso.xhtml HTTP/1.1" 200 1556
186.30.83.206 - - [10/Jan/2024:09:15:05 -0500] "POST /sipse/faces/presentacion/financiero/solicitudProceso/listarSolicitudProceso.xhtml HTTP/1.1" 200 28878
186.86.210.71 - - [10/Jan/2024:09:15:07 -0500] "POST /sipse/faces/presentacion/financiero/estudioPrevio/personalSolicitado/asociarEspecializacionPersonalSolicitado.xhtml HTTP/1.1" 200 9020
186.86.210.71 - - [10/Jan/2024:09:15:10 -0500] "POST /sipse/faces/presentacion/financiero/estudioPrevio/personalSolicitado/asociarEspecializacionPersonalSolicitado.xhtml HTTP/1.1" 200 56719
186.86.210.71 - - [10/Jan/2024:09:15:10 -0500] "GET /sipse/faces/javax.faces.resource/theme.css?ln=primefaces-sipse HTTP/1.1" 304 -
186.86.210.71 - - [10/Jan/2024:09:15:10 -0500] "GET /sipse/faces/javax.faces.resource/primefaces.css?ln=primefaces&v=4.0 HTTP/1.1" 304 -
186.86.210.71 - - [10/Jan/2024:09:15:10 -0500] "GET /sipse/faces/javax.faces.resource/layout/layout.css?ln=primefaces&v=4.0 HTTP/1.1" 304 -
186.86.210.71 - - [10/Jan/2024:09:15:10 -0500] "GET /sipse/faces/javax.faces.resource/jquery/jquery-plugins.js?ln=primefaces&v=4.0 HTTP/1.1" 304 -
186.86.210.71 - - [10/Jan/2024:09:15:10 -0500] "GET /sipse/faces/javax.faces.resource/jquery/jquery.js?ln=primefaces&v=4.0 HTTP/1.1" 304 -
186.86.210.71 - - [10/Jan/2024:09:15:10 -0500] "GET /sipse/faces/javax.faces.resource/layout/layout.js?ln=primefaces&v=4.0 HTTP/1.1" 304 -
186.86.210.71 - - [10/Jan/2024:09:15:10 -0500] "GET /sipse/faces/javax.faces.resource/primefaces.js?ln=primefaces&v=4.0 HTTP/1.1" 304 -
186.86.210.71 - - [10/Jan/2024:09:15:11 -0500] "GET /sipse/faces/javax.faces.resource/images/ui-icons_898989_256x240.png?ln=primefaces-aristo HTTP/1.1" 304 -
156.59.198.136 - - [10/Jan/2024:09:15:14 -0500] "GET /BLA/resoluciones/AUTOS%202014/0904.pdf HTTP/1.0" 200 464852
201.245.192.253 - - [10/Jan/2024:09:14:52 -0500] "POST /sipse/faces/bienvenido.xhtml HTTP/1.1" 200 82857
201.245.192.253 - - [10/Jan/2024:09:15:15 -0500] "GET /sipse/faces/javax.faces.resource/jquery/jquery.js?ln=primefaces&v=4.0 HTTP/1.1" 304 -
201.245.192.253 - - [10/Jan/2024:09:15:15 -0500] "GET /sipse/faces/javax.faces.resource/jquery/jquery-plugins.js?ln=primefaces&v=4.0 HTTP/1.1" 304 -
201.245.192.253 - - [10/Jan/2024:09:15:15 -0500] "GET /sipse/faces/javax.faces.resource/primefaces.js?ln=primefaces&v=4.0 HTTP/1.1" 304 -
201.245.192.253 - - [10/Jan/2024:09:15:15 -0500] "GET /sipse/faces/javax.faces.resource/layout/layout.js?ln=primefaces&v=4.0 HTTP/1.1" 304 -
186.86.210.71 - - [10/Jan/2024:09:15:18 -0500] "GET /sipse/faces/javax.faces.resource/images/ui-bg_flat_0_2d5972_40x100.png?ln=primefaces-aristo HTTP/1.1" 304 -
186.86.210.71 - - [10/Jan/2024:09:15:19 -0500] "POST /sipse/faces/presentacion/financiero/estudioPrevio/personalSolicitado/personalSolicitadoSolicitudProceso.xhtml HTTP/1.1" 200 33617
186.86.210.71 - - [10/Jan/2024:09:15:19 -0500] "GET /sipse/faces/javax.faces.resource/jquery/jquery.js?ln=primefaces&v=4.0 HTTP/1.1" 304 -
186.86.210.71 - - [10/Jan/2024:09:15:19 -0500] "GET /sipse/faces/javax.faces.resource/jquery/jquery-plugins.js?ln=primefaces&v=4.0 HTTP/1.1" 304 -
186.86.210.71 - - [10/Jan/2024:09:15:19 -0500] "GET /sipse/faces/javax.faces.resource/primefaces.js?ln=primefaces&v=4.0 HTTP/1.1" 304 -
186.86.210.71 - - [10/Jan/2024:09:15:19 -0500] "GET /sipse/faces/javax.faces.resource/layout/layout.js?ln=primefaces&v=4.0 HTTP/1.1" 304 -
186.86.210.71 - - [10/Jan/2024:09:15:22 -0500] "POST /sipse/faces/presentacion/financiero/estudioPrevio/personalSolicitado/asociarEspecializacionPersonalSolicitado.xhtml HTTP/1.1" 200 18435
186.86.210.71 - - [10/Jan/2024:09:15:23 -0500] "POST /sipse/faces/presentacion/financiero/estudioPrevio/personalSolicitado/asociarEspecializacionPersonalSolicitado.xhtml HTTP/1.1" 200 18431
216.245.221.92 - - [10/Jan/2024:09:15:24 -0500] "HEAD / HTTP/1.1" 200 -
186.86.210.71 - - [10/Jan/2024:09:15:27 -0500] "POST /sipse/faces/presentacion/financiero/estudioPrevio/personalSolicitado/asociarEspecializacionPersonalSolicitado.xhtml HTTP/1.1" 200 18463
201.245.192.253 - - [10/Jan/2024:09:15:28 -0500] "POST /sipse/faces/presentacion/proyectos/proyecto/listarProyecto.xhtml HTTP/1.1" 200 163
201.245.192.253 - - [10/Jan/2024:09:15:31 -0500] "GET /sipse/faces/javax.faces.resource/jquery/jquery.js?ln=primefaces&v=4.0 HTTP/1.1" 304 -
201.245.192.253 - - [10/Jan/2024:09:15:31 -0500] "GET /sipse/faces/javax.faces.resource/layout/layout.css?ln=primefaces&v=4.0 HTTP/1.1" 200 542
201.245.192.253 - - [10/Jan/2024:09:15:29 -0500] "GET /sipse/faces/presentacion/proyectos/proyecto/proyecto.xhtml HTTP/1.1" 200 88953
201.245.192.253 - - [10/Jan/2024:09:15:31 -0500] "GET /sipse/faces/javax.faces.resource/jquery/jquery-plugins.js?ln=primefaces&v=4.0 HTTP/1.1" 304 -
201.245.192.253 - - [10/Jan/2024:09:15:31 -0500] "GET /sipse/faces/javax.faces.resource/primefaces.js?ln=primefaces&v=4.0 HTTP/1.1" 304 -
201.245.192.253 - - [10/Jan/2024:09:15:31 -0500] "GET /sipse/faces/javax.faces.resource/layout/layout.js?ln=primefaces&v=4.0 HTTP/1.1" 304 -
201.245.192.253 - - [10/Jan/2024:09:15:31 -0500] "GET /sipse/faces/javax.faces.resource/primefaces.css?ln=primefaces&v=4.0 HTTP/1.1" 200 53295
201.245.192.253 - - [10/Jan/2024:09:15:31 -0500] "GET /sipse/faces/javax.faces.resource/theme.css?ln=primefaces-sipse HTTP/1.1" 200 50058
201.245.192.253 - - [10/Jan/2024:09:15:31 -0500] "GET /favicon.ico HTTP/1.1" 200 7782
201.245.192.253 - - [10/Jan/2024:09:15:31 -0500] "GET /sipse/faces/javax.faces.resource/images/ui-icons_898989_256x240.png?ln=primefaces-aristo HTTP/1.1" 200 5355
201.245.192.253 - - [10/Jan/2024:09:15:31 -0500] "GET /sipse/faces/javax.faces.resource/images/ui-bg_flat_0_2d5972_40x100.png?ln=primefaces-aristo HTTP/1.1" 200 183
186.86.210.71 - - [10/Jan/2024:09:15:31 -0500] "POST /sipse/faces/presentacion/financiero/estudioPrevio/personalSolicitado/asociarEspecializacionPersonalSolicitado.xhtml HTTP/1.1" 200 56789
186.86.210.71 - - [10/Jan/2024:09:15:31 -0500] "GET /sipse/faces/javax.faces.resource/theme.css?ln=primefaces-sipse HTTP/1.1" 304 -
