47.128.43.255 - - [10/Jan/2024:07:07:03 -0500] "GET /portaldeninos/wp-content/uploads/2020/01/Frailejon-escenario.jpg HTTP/1.1" 200 346235
47.128.43.255 - - [10/Jan/2024:07:07:29 -0500] "GET /portaldeninos/wp-content/uploads/2022/08/Infograf%C3%ADa-humedales-actualizada.png HTTP/1.1" 200 94023
47.128.43.255 - - [10/Jan/2024:07:07:09 -0500] "GET /portaldeninos/wp-content/uploads/2018/11/caneca.jpg HTTP/1.1" 200 253142
47.128.43.255 - - [10/Jan/2024:07:07:04 -0500] "GET /portaldeninos/wp-content/uploads/2018/11/tigrillo.jpg HTTP/1.1" 200 301319
47.128.43.255 - - [10/Jan/2024:07:07:03 -0500] "GET /portaldeninos/wp-content/uploads/2018/10/oso.jpg HTTP/1.1" 200 305180
47.128.43.255 - - [10/Jan/2024:07:07:17 -0500] "GET /portaldeninos/wp-content/uploads/2022/08/HUmedalConejera03-1.jpg HTTP/1.1" 200 241476
47.128.30.243 - - [10/Jan/2024:07:07:40 -0500] "GET /robots.txt HTTP/1.1" 404 1035
156.59.198.136 - - [10/Jan/2024:07:07:47 -0500] "GET /BLA/resoluciones/AUTOS%202014/0584.pdf HTTP/1.0" 200 479758
156.59.198.136 - - [10/Jan/2024:07:08:11 -0500] "GET /BLA/resoluciones/AUTOS%202014/6454.pdf HTTP/1.0" 200 740002
35.195.93.98 - - [10/Jan/2024:07:08:17 -0500] "GET / HTTP/1.1" 200 319
52.167.144.190 - - [10/Jan/2024:07:08:18 -0500] "GET /Autoliquidacion/ HTTP/1.1" 200 7098
156.59.198.136 - - [10/Jan/2024:07:08:35 -0500] "GET /BLA/resoluciones/AUTOS%202014/5044.pdf HTTP/1.0" 200 653749
66.249.66.20 - - [10/Jan/2024:07:08:54 -0500] "GET /BLA/resoluciones/RESOLUCIONES%202009/7410.pdf HTTP/1.1" 200 847032
156.59.198.135 - - [10/Jan/2024:07:08:59 -0500] "GET /BLA/resoluciones/AUTOS%202014/3054.pdf HTTP/1.0" 200 768563
52.167.144.166 - - [10/Jan/2024:07:09:03 -0500] "GET /Autoliquidacion/dlf/styles.css HTTP/1.1" 200 3045
156.59.198.136 - - [10/Jan/2024:07:09:24 -0500] "GET /BLA/resoluciones/AUTOS%202014/0249.pdf HTTP/1.0" 200 659716
172.22.2.4 - - [10/Jan/2024:07:09:29 -0500] "GET /BLA/boletinlegal/version HTTP/1.1" 404 1018
156.59.198.135 - - [10/Jan/2024:07:09:48 -0500] "GET /BLA/resoluciones/AUTOS%202014/0364.pdf HTTP/1.0" 200 1147278
172.22.2.4 - - [10/Jan/2024:07:08:14 -0500] "HEAD /BLA/boletinlegal/ HTTP/1.1" 200 -
201.245.192.253 - - [10/Jan/2024:07:09:58 -0500] "POST /kwsrmcab/Wsrmcab  HTTP/1.1" 200 36937
156.59.198.136 - - [10/Jan/2024:07:10:12 -0500] "GET /BLA/resoluciones/AUTOS%202014/4485.pdf HTTP/1.0" 200 576461
216.245.221.92 - - [10/Jan/2024:07:10:24 -0500] "HEAD / HTTP/1.1" 200 -
156.59.198.135 - - [10/Jan/2024:07:10:36 -0500] "GET /BLA/resoluciones/AUTOS%202014/5616.pdf HTTP/1.0" 200 525223
168.119.252.242 - - [10/Jan/2024:07:10:45 -0500] "GET / HTTP/1.1" 200 319
168.119.252.242 - - [10/Jan/2024:07:10:45 -0500] "GET / HTTP/1.1" 200 4720
172.22.2.4 - - [10/Jan/2024:07:09:05 -0500] "GET /BLA/boletinlegal/ HTTP/1.1" 200 53513
156.59.198.135 - - [10/Jan/2024:07:11:01 -0500] "GET /BLA/resoluciones/AUTOS%202014/3758.pdf HTTP/1.0" 200 498383
156.59.198.135 - - [10/Jan/2024:07:11:25 -0500] "GET /BLA/resoluciones/AUTOS%202014/7221.pdf HTTP/1.0" 200 765706
156.59.198.135 - - [10/Jan/2024:07:11:49 -0500] "GET /BLA/resoluciones/AUTOS%202014/4754.pdf HTTP/1.0" 200 490747
152.203.142.149 - - [10/Jan/2024:07:12:08 -0500] "GET /inicia-el-2024-conociendo-la-biodiversidad-de-bogoti.html?fbclid=IwAR0fa8ebUKkz1-UR7Q2eWWh6Lcw_WfBmGNzngxllaUppKG8zqxHEY-x2V5g HTTP/1.1" 200 894
156.59.198.135 - - [10/Jan/2024:07:12:14 -0500] "GET /BLA/resoluciones/AUTOS%202014/5296.pdf HTTP/1.0" 200 425777
156.59.198.136 - - [10/Jan/2024:07:12:39 -0500] "GET /BLA/resoluciones/AUTOS%202014/6532.pdf HTTP/1.0" 200 761046
156.59.198.136 - - [10/Jan/2024:07:13:05 -0500] "GET /BLA/resoluciones/AUTOS%202014/5298.pdf HTTP/1.0" 200 162234
191.156.49.45 - - [10/Jan/2024:07:13:05 -0500] "GET /inicia-el-2024-conociendo-la-biodiversidad-de-bogoti.html?fbclid=IwAR3HbJtkePUANuTE-b2YqSVor0Q3XTG1-sVpuLh-a-9o4RsrJHO7oNu80yI HTTP/1.1" 200 894
156.59.198.135 - - [10/Jan/2024:07:13:28 -0500] "GET /BLA/resoluciones/AUTOS%202014/5221.pdf HTTP/1.0" 200 491749
156.59.198.135 - - [10/Jan/2024:07:13:52 -0500] "GET /BLA/resoluciones/AUTOS%202007/0565.pdf HTTP/1.0" 200 132764
216.244.66.195 - - [10/Jan/2024:07:13:58 -0500] "GET /BLA/resoluciones/AUTOS%202010/6497.pdf HTTP/1.1" 200 571792
156.59.198.135 - - [10/Jan/2024:07:14:17 -0500] "GET /BLA/resoluciones/AUTOS%202014/1556.pdf HTTP/1.0" 200 621937
216.244.66.195 - - [10/Jan/2024:07:14:37 -0500] "GET /BLA/resoluciones/AUTOS%202011/3946.pdf HTTP/1.1" 200 284843
156.59.198.135 - - [10/Jan/2024:07:14:42 -0500] "GET /BLA/resoluciones/AUTOS%202007/1255.pdf HTTP/1.0" 200 62087
201.245.192.253 - - [10/Jan/2024:07:14:54 -0500] "POST /kwsrmcab/Wsrmcab HTTP/1.1" 200 36667
201.245.192.253 - - [10/Jan/2024:07:14:57 -0500] "POST /kwsrmcab/Wsrmcab HTTP/1.1" 200 36509
201.245.192.253 - - [10/Jan/2024:07:14:58 -0500] "POST /kwsrmcab/Wsrmcab  HTTP/1.1" 200 36937
156.59.198.136 - - [10/Jan/2024:07:15:06 -0500] "GET /BLA/resoluciones/AUTOS%202014/6061.pdf HTTP/1.0" 200 565717
216.244.66.195 - - [10/Jan/2024:07:15:07 -0500] "GET /BLA/resoluciones/AUTOS%202011/3947.pdf HTTP/1.1" 200 230681
216.245.221.92 - - [10/Jan/2024:07:15:24 -0500] "HEAD / HTTP/1.1" 200 -
156.59.198.136 - - [10/Jan/2024:07:15:30 -0500] "GET /BLA/resoluciones/AUTOS%202007/1768.pdf HTTP/1.0" 200 41040
216.244.66.195 - - [10/Jan/2024:07:15:38 -0500] "GET /BLA/resoluciones/RESOLUCIONES%202016/0151.pdf HTTP/1.1" 200 629381
172.22.2.4 - - [10/Jan/2024:07:14:04 -0500] "HEAD /BLA/boletinlegal/ HTTP/1.1" 200 -
156.59.198.135 - - [10/Jan/2024:07:15:54 -0500] "GET /BLA/resoluciones/AUTOS%202014/3361.pdf HTTP/1.0" 200 494422
216.244.66.195 - - [10/Jan/2024:07:16:09 -0500] "GET /BLA/resoluciones/RESOLUCIONES%202016/0456.pdf HTTP/1.1" 200 1031283
156.59.198.135 - - [10/Jan/2024:07:16:19 -0500] "GET /BLA/resoluciones/AUTOS%202007/0633.pdf HTTP/1.0" 200 67442
201.245.166.34 - - [10/Jan/2024:07:16:24 -0500] "GET /Publicaciones/SSFFS-14551-2023.zip HTTP/1.1" 200 3482096
172.22.2.4 - - [10/Jan/2024:07:14:55 -0500] "GET /BLA/boletinlegal/ HTTP/1.1" 200 44645
156.59.198.135 - - [10/Jan/2024:07:16:43 -0500] "GET /BLA/resoluciones/AUTOS%202007/0325.pdf HTTP/1.0" 200 121899
172.22.2.4 - - [10/Jan/2024:07:15:04 -0500] "GET /BLA/boletinlegal/index.php HTTP/1.1" 200 44645
216.244.66.195 - - [10/Jan/2024:07:16:55 -0500] "GET /BLA/resoluciones/RESOLUCIONES%202016/1011.pdf HTTP/1.1" 200 548385
156.59.198.135 - - [10/Jan/2024:07:17:08 -0500] "GET /BLA/resoluciones/AUTOS%202007/0044.pdf HTTP/1.0" 200 272792
156.59.198.135 - - [10/Jan/2024:07:17:33 -0500] "GET /BLA/resoluciones/AUTOS%202014/0647.pdf HTTP/1.0" 200 714108
216.244.66.195 - - [10/Jan/2024:07:17:36 -0500] "GET /BLA/resoluciones/RESOLUCIONES%202016/1018.pdf HTTP/1.1" 200 514674
156.59.198.135 - - [10/Jan/2024:07:17:58 -0500] "GET /BLA/resoluciones/AUTOS%202014/4243.pdf HTTP/1.0" 200 113367
216.244.66.195 - - [10/Jan/2024:07:18:18 -0500] "GET /BLA/resoluciones/RESOLUCIONES%202016/1436.pdf HTTP/1.1" 200 649804
156.59.198.135 - - [10/Jan/2024:07:18:22 -0500] "GET /BLA/resoluciones/AUTOS%202014/3582.pdf HTTP/1.0" 200 456554
156.59.198.135 - - [10/Jan/2024:07:18:47 -0500] "GET /BLA/resoluciones/AUTOS%202014/3365.pdf HTTP/1.0" 200 496409
216.244.66.195 - - [10/Jan/2024:07:18:57 -0500] "GET /BLA/resoluciones/RESOLUCIONES%202016/1599.pdf HTTP/1.1" 200 6775013
156.59.198.136 - - [10/Jan/2024:07:19:11 -0500] "GET /BLA/resoluciones/AUTOS%202014/3754.pdf HTTP/1.0" 200 457928
201.245.192.253 - - [10/Jan/2024:07:19:10 -0500] "POST /kwsrmcab/Wsrmcab HTTP/1.1" 200 36667
156.59.198.136 - - [10/Jan/2024:07:19:35 -0500] "GET /BLA/resoluciones/AUTOS%202007/1269.pdf HTTP/1.0" 200 130757
216.244.66.195 - - [10/Jan/2024:07:19:47 -0500] "GET /BLA/resoluciones/RESOLUCIONES%202016/1617.pdf HTTP/1.1" 200 2202343
201.245.192.253 - - [10/Jan/2024:07:19:52 -0500] "POST /kwsrmcab/Wsrmcab HTTP/1.1" 200 36509
201.245.192.253 - - [10/Jan/2024:07:19:56 -0500] "POST /kwsrmcab/Wsrmcab  HTTP/1.1" 200 36937
156.59.198.135 - - [10/Jan/2024:07:20:00 -0500] "GET /BLA/resoluciones/AUTOS%202014/0342.pdf HTTP/1.0" 200 757214
172.22.2.4 - - [10/Jan/2024:07:20:13 -0500] "GET /BLA/boletinlegal/Circulares/2019/Circular%20No.%200003%20del%2031%20de%20Enero%20de%202019.pdf HTTP/1.1" 304 -
66.249.66.19 - - [10/Jan/2024:07:20:22 -0500] "GET /BLA/resoluciones/RESOLUCIONES%202010/2426.pdf HTTP/1.1" 200 489392
156.59.198.136 - - [10/Jan/2024:07:20:24 -0500] "GET /BLA/resoluciones/AUTOS%202007/1107.pdf HTTP/1.0" 200 23607
216.245.221.92 - - [10/Jan/2024:07:20:24 -0500] "HEAD / HTTP/1.1" 200 -
216.244.66.195 - - [10/Jan/2024:07:20:43 -0500] "GET /BLA/resoluciones/RESOLUCIONES%202016/1621.pdf HTTP/1.1" 200 1006508
156.59.198.136 - - [10/Jan/2024:07:20:48 -0500] "GET /BLA/resoluciones/AUTOS%202007/1594.pdf HTTP/1.0" 200 29275
156.59.198.135 - - [10/Jan/2024:07:21:13 -0500] "GET /BLA/resoluciones/AUTOS%202014/7057.pdf HTTP/1.0" 200 325409
66.249.66.193 - - [10/Jan/2024:07:21:27 -0500] "GET /participa-en-la-reciclaton-unisalle-solo-queda-un-dia.html HTTP/1.1" 200 763
201.245.166.34 - - [10/Jan/2024:07:21:28 -0500] "GET /Publicaciones/SSFFS-14559-2023.zip HTTP/1.1" 200 1514681
216.244.66.195 - - [10/Jan/2024:07:21:33 -0500] "GET /BLA/resoluciones/RESOLUCIONES%202016/1651.pdf HTTP/1.1" 200 745938
172.22.2.4 - - [10/Jan/2024:07:19:54 -0500] "HEAD /BLA/boletinlegal/ HTTP/1.1" 200 -
156.59.198.135 - - [10/Jan/2024:07:21:37 -0500] "GET /BLA/resoluciones/AUTOS%202007/0359.pdf HTTP/1.0" 200 51568
156.59.198.136 - - [10/Jan/2024:07:22:02 -0500] "GET /BLA/resoluciones/AUTOS%202014/1433.pdf HTTP/1.0" 200 971870
45.227.254.8 - - [10/Jan/2024:07:22:09 -0500] "\x03" 400 226
216.244.66.195 - - [10/Jan/2024:07:22:09 -0500] "GET /BLA/resoluciones/RESOLUCIONES%202016/1800.pdf HTTP/1.1" 200 295396
172.22.2.4 - - [10/Jan/2024:07:20:45 -0500] "GET /BLA/boletinlegal/ HTTP/1.1" 200 60502
156.59.198.135 - - [10/Jan/2024:07:22:26 -0500] "GET /BLA/resoluciones/AUTOS%202014/3013.pdf HTTP/1.0" 200 225232
216.244.66.195 - - [10/Jan/2024:07:22:39 -0500] "GET /BLA/resoluciones/RESOLUCIONES%202016/1897.pdf HTTP/1.1" 200 271312
156.59.198.136 - - [10/Jan/2024:07:22:52 -0500] "GET /BLA/resoluciones/AUTOS%202014/4127.pdf HTTP/1.0" 200 512354
201.245.166.34 - - [10/Jan/2024:07:22:55 -0500] "GET /Publicaciones/SSFFS-14638-2023.zip HTTP/1.1" 200 1336833
216.244.66.195 - - [10/Jan/2024:07:23:09 -0500] "GET /BLA/resoluciones/RESOLUCIONES%202016/2111.pdf HTTP/1.1" 200 646329
156.59.198.136 - - [10/Jan/2024:07:23:16 -0500] "GET /BLA/resoluciones/AUTOS%202007/0479.pdf HTTP/1.0" 200 18636
216.244.66.195 - - [10/Jan/2024:07:23:38 -0500] "GET /BLA/resoluciones/RESOLUCIONES%202016/2255.PDF HTTP/1.1" 200 7845543
156.59.198.136 - - [10/Jan/2024:07:23:41 -0500] "GET /BLA/resoluciones/AUTOS%202007/1848.pdf HTTP/1.0" 200 130977
173.252.79.7 - - [10/Jan/2024:07:23:43 -0500] "GET /inicia-el-2024-conociendo-la-biodiversidad-de-bogoti.html HTTP/1.1" 200 894
156.59.198.135 - - [10/Jan/2024:07:24:04 -0500] "GET /BLA/resoluciones/AUTOS%202014/3808.pdf HTTP/1.0" 200 489870
201.245.166.34 - - [10/Jan/2024:07:24:05 -0500] "GET /Publicaciones/SSFFS-14639-2023.zip HTTP/1.1" 200 2391575
216.244.66.195 - - [10/Jan/2024:07:24:25 -0500] "GET /BLA/resoluciones/RESOLUCIONES%202016/2423.pdf HTTP/1.1" 200 331635
156.59.198.136 - - [10/Jan/2024:07:24:29 -0500] "GET /BLA/resoluciones/AUTOS%202007/1333.pdf HTTP/1.0" 200 36091
66.249.66.20 - - [10/Jan/2024:07:24:41 -0500] "GET /BLA/resoluciones/RESOLUCIONES%202009/6537.pdf HTTP/1.1" 200 436417
156.59.198.136 - - [10/Jan/2024:07:24:54 -0500] "GET /BLA/resoluciones/AUTOS%202014/6887.pdf HTTP/1.0" 200 496355
201.245.192.253 - - [10/Jan/2024:07:24:54 -0500] "POST /kwsrmcab/Wsrmcab  HTTP/1.1" 200 36937
201.245.192.253 - - [10/Jan/2024:07:24:55 -0500] "POST /kwsrmcab/Wsrmcab HTTP/1.1" 200 36667
216.244.66.195 - - [10/Jan/2024:07:24:57 -0500] "GET /BLA/resoluciones/RESOLUCIONES%202017/0465.pdf HTTP/1.1" 200 323065
201.245.192.253 - - [10/Jan/2024:07:24:57 -0500] "POST /kwsrmcab/Wsrmcab HTTP/1.1" 200 36509
156.59.198.135 - - [10/Jan/2024:07:25:19 -0500] "GET /BLA/resoluciones/AUTOS%202007/1623.pdf HTTP/1.0" 200 226201
143.198.12.170 - - [10/Jan/2024:07:25:21 -0500] "GET / HTTP/1.1" 200 319
143.198.12.170 - - [10/Jan/2024:07:25:21 -0500] "GET /favicon.ico HTTP/1.1" 200 7782
216.245.221.92 - - [10/Jan/2024:07:25:24 -0500] "HEAD / HTTP/1.1" 200 -
216.244.66.195 - - [10/Jan/2024:07:25:27 -0500] "GET /BLA/resoluciones/RESOLUCIONES%202017/0819.pdf HTTP/1.1" 200 317450
172.22.2.4 - - [10/Jan/2024:07:25:28 -0500] "GET /BLA/boletinlegal/actos.php HTTP/1.1" 200 9648
172.22.2.4 - - [10/Jan/2024:07:25:29 -0500] "GET /BLA/boletinlegal/js/jquery1.js HTTP/1.1" 200 29846
172.22.2.4 - - [10/Jan/2024:07:25:29 -0500] "GET /BLA/boletinlegal/js/lib.js HTTP/1.1" 200 6474
172.22.2.4 - - [10/Jan/2024:07:25:30 -0500] "GET /BLA/boletinlegal/js/ajax_actos.js HTTP/1.1" 200 1322
172.22.2.4 - - [10/Jan/2024:07:25:30 -0500] "GET /BLA/boletinlegal/js/popup.js HTTP/1.1" 200 1270
201.245.166.34 - - [10/Jan/2024:07:25:38 -0500] "GET /Publicaciones/SSFFS-14640-2023.zip HTTP/1.1" 200 2953174
156.59.198.136 - - [10/Jan/2024:07:25:43 -0500] "GET /BLA/resoluciones/AUTOS%202007/1065.pdf HTTP/1.0" 200 116492
216.244.66.195 - - [10/Jan/2024:07:25:55 -0500] "GET /BLA/resoluciones/RESOLUCIONES%202017/1335.pdf HTTP/1.1" 200 392975
190.26.45.244 - - [10/Jan/2024:07:26:05 -0500] "GET /inicia-el-2024-conociendo-la-biodiversidad-de-bogoti.html?fbclid=IwAR3vEq4niYQegcCR7-EujZxXa8wVHyThatded-f5DsG6u_tggtvz20ts2Tg_aem_AbBWz8BEHn-3LpYEzSto85doWkNq-aM64BTigcznarbzkjj__3LcYAIgcL8UAUS0mdo HTTP/1.1" 200 894
156.59.198.135 - - [10/Jan/2024:07:26:06 -0500] "GET /BLA/resoluciones/AUTOS%202007/1427.pdf HTTP/1.0" 200 92258
201.245.192.253 - - [10/Jan/2024:07:26:10 -0500] "GET /appsia/controlador HTTP/1.1" 200 4799
201.245.192.253 - - [10/Jan/2024:07:26:10 -0500] "GET /appsia/scripts/validarIngreso.js HTTP/1.1" 200 851
201.245.192.253 - - [10/Jan/2024:07:26:10 -0500] "GET /appsia/css/estilos.css HTTP/1.1" 200 4804
201.245.192.253 - - [10/Jan/2024:07:26:10 -0500] "GET /appsia/images/logo_bogota_p.png HTTP/1.1" 200 14951
201.245.192.253 - - [10/Jan/2024:07:26:10 -0500] "GET /appsia/images/cabezoteHojaVida.png HTTP/1.1" 200 32493
201.245.192.253 - - [10/Jan/2024:07:26:10 -0500] "GET /favicon.ico HTTP/1.1" 200 7782
201.245.192.253 - - [10/Jan/2024:07:26:23 -0500] "POST /appsia/controlador HTTP/1.1" 200 5437
216.244.66.195 - - [10/Jan/2024:07:26:24 -0500] "GET /BLA/resoluciones/RESOLUCIONES%202017/1408.pdf HTTP/1.1" 200 376591
201.245.192.253 - - [10/Jan/2024:07:26:26 -0500] "POST /appsia/controlador HTTP/1.1" 200 9565
201.245.192.253 - - [10/Jan/2024:07:26:26 -0500] "GET /appsia/images/logo_escudo.png HTTP/1.1" 200 36965
156.59.198.135 - - [10/Jan/2024:07:26:31 -0500] "GET /BLA/resoluciones/AUTOS%202007/0441.pdf HTTP/1.0" 200 116920
216.244.66.195 - - [10/Jan/2024:07:26:50 -0500] "GET /BLA/resoluciones/RESOLUCIONES%202017/1506.pdf HTTP/1.1" 200 439569
156.59.198.135 - - [10/Jan/2024:07:26:55 -0500] "GET /BLA/resoluciones/AUTOS%202007/1209.pdf HTTP/1.0" 200 42513
216.244.66.195 - - [10/Jan/2024:07:27:17 -0500] "GET /BLA/resoluciones/RESOLUCIONES%202017/2755.pdf HTTP/1.1" 200 337247
156.59.198.135 - - [10/Jan/2024:07:27:19 -0500] "GET /BLA/resoluciones/AUTOS%202007/1567.pdf HTTP/1.0" 200 31852
172.22.2.4 - - [10/Jan/2024:07:25:44 -0500] "HEAD /BLA/boletinlegal/ HTTP/1.1" 200 -
66.249.66.19 - - [10/Jan/2024:07:27:33 -0500] "GET /BLA/resoluciones/RESOLUCIONES%202010/2426.pdf HTTP/1.1" 200 489392
156.59.198.136 - - [10/Jan/2024:07:27:43 -0500] "GET /BLA/resoluciones/AUTOS%202007/1223.pdf HTTP/1.0" 200 71784
216.244.66.195 - - [10/Jan/2024:07:27:45 -0500] "GET /BLA/resoluciones/RESOLUCIONES%202019/1501.pdf HTTP/1.1" 200 255263
201.245.166.34 - - [10/Jan/2024:07:27:54 -0500] "GET /Publicaciones/SSFFS-14642-2023.zip HTTP/1.1" 200 8300257
156.59.198.135 - - [10/Jan/2024:07:28:08 -0500] "GET /BLA/resoluciones/AUTOS%202014/5494.pdf HTTP/1.0" 200 515158
216.244.66.195 - - [10/Jan/2024:07:28:08 -0500] "GET /BLA/resoluciones/RESOLUCIONES%202019/2155.pdf HTTP/1.1" 200 330994
172.22.2.4 - - [10/Jan/2024:07:26:35 -0500] "GET /BLA/boletinlegal/ HTTP/1.1" 200 58567
156.59.198.135 - - [10/Jan/2024:07:28:31 -0500] "GET /BLA/resoluciones/AUTOS%202014/6734.pdf HTTP/1.0" 200 162852
216.244.66.195 - - [10/Jan/2024:07:28:35 -0500] "GET /BLA/resoluciones/RESOLUCIONES%201997/RESOLUCION%201135%20DE%201997.pdf HTTP/1.1" 200 123390
156.59.198.136 - - [10/Jan/2024:07:28:55 -0500] "GET /BLA/resoluciones/AUTOS%202014/7059.pdf HTTP/1.0" 200 775685
216.244.66.195 - - [10/Jan/2024:07:29:00 -0500] "GET /BLA/resoluciones/RESOLUCIONES%201997/RESOLUCION%20753%20DE%201997.pdf HTTP/1.1" 200 107221
201.245.192.253 - - [10/Jan/2024:07:29:10 -0500] "POST /kwsrmcab/Wsrmcab HTTP/1.1" 200 36667
201.245.166.34 - - [10/Jan/2024:07:29:10 -0500] "GET /Publicaciones/SSFFS-14643-2023.zip HTTP/1.1" 200 4631230
156.59.198.135 - - [10/Jan/2024:07:29:19 -0500] "GET /BLA/resoluciones/AUTOS%202014/4055.pdf HTTP/1.0" 200 567832
216.244.66.195 - - [10/Jan/2024:07:29:20 -0500] "GET /BLA/resoluciones/RESOLUCIONES%202001/RESOLUCION%20510%20DE%202001.pdf HTTP/1.1" 200 75656
200.69.84.134 - - [10/Jan/2024:07:29:31 -0500] "GET /sipse/faces/faces/faces/autenticacion.xhtml HTTP/1.1" 200 12728
200.69.84.134 - - [10/Jan/2024:07:29:31 -0500] "GET /sipse/js/disable_browser_buttons.js HTTP/1.1" 200 3230
200.69.84.134 - - [10/Jan/2024:07:29:31 -0500] "GET /sipse/js/funciones.js HTTP/1.1" 200 12592
200.69.84.134 - - [10/Jan/2024:07:29:31 -0500] "GET /sipse/css/custom_css_sg.css HTTP/1.1" 200 9694
200.69.84.134 - - [10/Jan/2024:07:29:31 -0500] "GET /sipse/css/custom_css_sg_prime_login.css HTTP/1.1" 200 443
200.69.84.134 - - [10/Jan/2024:07:29:31 -0500] "GET /sipse/faces/javax.faces.resource/layout/layout.css;jsessionid=DcHA2HwMpT9Xwf-lC3z3okLO.undefined?ln=primefaces&v=4.0 HTTP/1.1" 200 542
200.69.84.134 - - [10/Jan/2024:07:29:31 -0500] "GET /sipse/faces/javax.faces.resource/layout/layout.js;jsessionid=DcHA2HwMpT9Xwf-lC3z3okLO.undefined?ln=primefaces&v=4.0 HTTP/1.1" 200 87560
200.69.84.134 - - [10/Jan/2024:07:29:31 -0500] "GET /sipse/faces/javax.faces.resource/primefaces.css;jsessionid=DcHA2HwMpT9Xwf-lC3z3okLO.undefined?ln=primefaces&v=4.0 HTTP/1.1" 200 53295
200.69.84.134 - - [10/Jan/2024:07:29:31 -0500] "GET /sipse/faces/javax.faces.resource/theme.css?ln=primefaces-sipse HTTP/1.1" 200 50058
200.69.84.134 - - [10/Jan/2024:07:29:31 -0500] "GET /sipse/faces/javax.faces.resource/jquery/jquery.js;jsessionid=DcHA2HwMpT9Xwf-lC3z3okLO.undefined?ln=primefaces&v=4.0 HTTP/1.1" 200 105384
200.69.84.134 - - [10/Jan/2024:07:29:31 -0500] "GET /sipse/faces/javax.faces.resource/primefaces.js;jsessionid=DcHA2HwMpT9Xwf-lC3z3okLO.undefined?ln=primefaces&v=4.0 HTTP/1.1" 200 276924
200.69.84.134 - - [10/Jan/2024:07:29:31 -0500] "GET /sipse/faces/javax.faces.resource/jquery/jquery-plugins.js;jsessionid=DcHA2HwMpT9Xwf-lC3z3okLO.undefined?ln=primefaces&v=4.0 HTTP/1.1" 200 220526
200.69.84.134 - - [10/Jan/2024:07:29:31 -0500] "GET /sipse/css/imagen/logoSDG.png HTTP/1.1" 200 53064
200.69.84.134 - - [10/Jan/2024:07:29:31 -0500] "GET /sipse/css/imagen/loginimg.png HTTP/1.1" 200 71635
200.69.84.134 - - [10/Jan/2024:07:29:31 -0500] "GET /sipse/faces/javax.faces.resource/images/ui-icons_898989_256x240.png?ln=primefaces-aristo HTTP/1.1" 200 5355
200.69.84.134 - - [10/Jan/2024:07:29:32 -0500] "GET /sipse/faces/faces/faces/index.xhtml HTTP/1.1" 200 677
200.69.84.134 - - [10/Jan/2024:07:29:32 -0500] "GET /sipse/faces/javax.faces.resource/theme.css?ln=primefaces-sipse HTTP/1.1" 304 -
200.69.84.134 - - [10/Jan/2024:07:29:32 -0500] "GET /favicon.ico HTTP/1.1" 200 7782
200.69.84.134 - - [10/Jan/2024:07:29:32 -0500] "GET /sipse/faces/faces/faces/faces/autenticacion.xhtml HTTP/1.1" 200 12406
200.69.84.134 - - [10/Jan/2024:07:29:32 -0500] "GET /sipse/faces/javax.faces.resource/layout/layout.css?ln=primefaces&v=4.0 HTTP/1.1" 200 542
200.69.84.134 - - [10/Jan/2024:07:29:32 -0500] "GET /sipse/faces/javax.faces.resource/theme.css?ln=primefaces-sipse HTTP/1.1" 304 -
200.69.84.134 - - [10/Jan/2024:07:29:32 -0500] "GET /sipse/faces/javax.faces.resource/primefaces.css?ln=primefaces&v=4.0 HTTP/1.1" 200 53295
200.69.84.134 - - [10/Jan/2024:07:29:32 -0500] "GET /sipse/faces/javax.faces.resource/jquery/jquery.js?ln=primefaces&v=4.0 HTTP/1.1" 200 105384
200.69.84.134 - - [10/Jan/2024:07:29:32 -0500] "GET /sipse/faces/javax.faces.resource/layout/layout.js?ln=primefaces&v=4.0 HTTP/1.1" 200 87560
200.69.84.134 - - [10/Jan/2024:07:29:32 -0500] "GET /sipse/faces/javax.faces.resource/jquery/jquery-plugins.js?ln=primefaces&v=4.0 HTTP/1.1" 200 220526
200.69.84.134 - - [10/Jan/2024:07:29:32 -0500] "GET /sipse/faces/javax.faces.resource/primefaces.js?ln=primefaces&v=4.0 HTTP/1.1" 200 276924
216.244.66.195 - - [10/Jan/2024:07:29:39 -0500] "GET /BLA/resoluciones/AUTOS%202007/0069.pdf HTTP/1.1" 200 46663
156.59.198.135 - - [10/Jan/2024:07:29:44 -0500] "GET /BLA/resoluciones/AUTOS%202007/0159.pdf HTTP/1.0" 200 121502
200.69.84.134 - - [10/Jan/2024:07:29:48 -0500] "POST /sipse/faces/autenticacion.xhtml HTTP/1.1" 200 12792
200.69.84.134 - - [10/Jan/2024:07:29:48 -0500] "GET /sipse/css/custom_css_sg_prime.css HTTP/1.1" 200 5201
200.69.84.134 - - [10/Jan/2024:07:29:48 -0500] "GET /sipse/faces/javax.faces.resource/theme.css?ln=primefaces-sipse HTTP/1.1" 304 -
200.69.84.134 - - [10/Jan/2024:07:29:48 -0500] "GET /sipse/faces/javax.faces.resource/primefaces.css?ln=primefaces&v=4.0 HTTP/1.1" 304 -
200.69.84.134 - - [10/Jan/2024:07:29:48 -0500] "GET /sipse/faces/javax.faces.resource/jquery/jquery.js?ln=primefaces&v=4.0 HTTP/1.1" 304 -
200.69.84.134 - - [10/Jan/2024:07:29:48 -0500] "GET /sipse/faces/javax.faces.resource/layout/layout.css?ln=primefaces&v=4.0 HTTP/1.1" 304 -
200.69.84.134 - - [10/Jan/2024:07:29:48 -0500] "GET /sipse/faces/javax.faces.resource/jquery/jquery-plugins.js?ln=primefaces&v=4.0 HTTP/1.1" 304 -
200.69.84.134 - - [10/Jan/2024:07:29:49 -0500] "GET /sipse/faces/javax.faces.resource/primefaces.js?ln=primefaces&v=4.0 HTTP/1.1" 304 -
200.69.84.134 - - [10/Jan/2024:07:29:49 -0500] "GET /sipse/faces/javax.faces.resource/layout/layout.js?ln=primefaces&v=4.0 HTTP/1.1" 304 -
200.69.84.134 - - [10/Jan/2024:07:29:49 -0500] "GET /sipse/faces/javax.faces.resource/messages/messages.png?ln=primefaces&v=4.0 HTTP/1.1" 200 27209
201.245.192.253 - - [10/Jan/2024:07:29:48 -0500] "POST /kwsrmcab/Wsrmcab HTTP/1.1" 200 36509
200.69.84.134 - - [10/Jan/2024:07:29:51 -0500] "GET /sipse/faces/javax.faces.resource/images/ui-icons_898989_256x240.png?ln=primefaces-aristo HTTP/1.1" 304 -
200.69.84.134 - - [10/Jan/2024:07:29:54 -0500] "POST /sipse/faces/presentacion/sistema/seguridad/seleccionRol.xhtml HTTP/1.1" 200 7225
200.69.84.134 - - [10/Jan/2024:07:29:55 -0500] "POST /sipse/faces/presentacion/sistema/seguridad/seleccionRol.xhtml HTTP/1.1" 200 17628
200.69.84.134 - - [10/Jan/2024:07:29:55 -0500] "GET /sipse/faces/javax.faces.resource/theme.css?ln=primefaces-sipse HTTP/1.1" 304 -
200.69.84.134 - - [10/Jan/2024:07:29:55 -0500] "GET /sipse/faces/javax.faces.resource/primefaces.css?ln=primefaces&v=4.0 HTTP/1.1" 304 -
200.69.84.134 - - [10/Jan/2024:07:29:55 -0500] "GET /sipse/faces/javax.faces.resource/layout/layout.css?ln=primefaces&v=4.0 HTTP/1.1" 304 -
200.69.84.134 - - [10/Jan/2024:07:29:55 -0500] "GET /sipse/js/jquery.min.js HTTP/1.1" 200 85582
200.69.84.134 - - [10/Jan/2024:07:29:56 -0500] "GET /sipse/faces/javax.faces.resource/jquery/jquery.js?ln=primefaces&v=4.0 HTTP/1.1" 304 -
200.69.84.134 - - [10/Jan/2024:07:29:56 -0500] "GET /sipse/faces/javax.faces.resource/jquery/jquery-plugins.js?ln=primefaces&v=4.0 HTTP/1.1" 304 -
200.69.84.134 - - [10/Jan/2024:07:29:56 -0500] "GET /sipse/faces/javax.faces.resource/primefaces.js?ln=primefaces&v=4.0 HTTP/1.1" 304 -
200.69.84.134 - - [10/Jan/2024:07:29:56 -0500] "GET /sipse/faces/javax.faces.resource/layout/layout.js?ln=primefaces&v=4.0 HTTP/1.1" 304 -
200.69.84.134 - - [10/Jan/2024:07:29:56 -0500] "GET /sipse/css/v_mergente.css HTTP/1.1" 200 1505
200.69.84.134 - - [10/Jan/2024:07:29:56 -0500] "GET /sipse/css/imagen/contrasena.png HTTP/1.1" 404 383
200.69.84.134 - - [10/Jan/2024:07:29:56 -0500] "GET /sipse/imagenes/cargando.gif HTTP/1.1" 200 36959
201.245.192.253 - - [10/Jan/2024:07:29:54 -0500] "POST /kwsrmcab/Wsrmcab  HTTP/1.1" 200 36937
200.69.84.134 - - [10/Jan/2024:07:29:56 -0500] "GET /sipse/imagenes/logoAplicacion.jpg HTTP/1.1" 200 155084
216.244.66.195 - - [10/Jan/2024:07:29:57 -0500] "GET /BLA/resoluciones/AUTOS%202007/0087.pdf HTTP/1.1" 200 112684
200.69.84.134 - - [10/Jan/2024:07:29:58 -0500] "GET /sipse/faces/javax.faces.resource/images/ui-bg_flat_0_2d5972_40x100.png?ln=primefaces-aristo HTTP/1.1" 200 183
200.69.84.134 - - [10/Jan/2024:07:29:58 -0500] "POST /sipse/faces/bienvenido.xhtml HTTP/1.1" 200 5029
200.69.84.134 - - [10/Jan/2024:07:29:59 -0500] "POST /sipse/faces/bienvenido.xhtml HTTP/1.1" 200 43211
200.69.84.134 - - [10/Jan/2024:07:30:00 -0500] "GET /sipse/faces/javax.faces.resource/theme.css?ln=primefaces-sipse HTTP/1.1" 304 -
200.69.84.134 - - [10/Jan/2024:07:30:00 -0500] "GET /sipse/faces/javax.faces.resource/primefaces.css?ln=primefaces&v=4.0 HTTP/1.1" 304 -
200.69.84.134 - - [10/Jan/2024:07:30:00 -0500] "GET /sipse/faces/javax.faces.resource/layout/layout.css?ln=primefaces&v=4.0 HTTP/1.1" 304 -
200.69.84.134 - - [10/Jan/2024:07:30:00 -0500] "GET /sipse/faces/javax.faces.resource/jquery/jquery.js?ln=primefaces&v=4.0 HTTP/1.1" 304 -
200.69.84.134 - - [10/Jan/2024:07:30:00 -0500] "GET /sipse/faces/javax.faces.resource/jquery/jquery-plugins.js?ln=primefaces&v=4.0 HTTP/1.1" 304 -
200.69.84.134 - - [10/Jan/2024:07:30:00 -0500] "GET /sipse/faces/javax.faces.resource/primefaces.js?ln=primefaces&v=4.0 HTTP/1.1" 304 -
200.69.84.134 - - [10/Jan/2024:07:30:00 -0500] "GET /sipse/faces/javax.faces.resource/layout/layout.js?ln=primefaces&v=4.0 HTTP/1.1" 304 -
200.69.84.134 - - [10/Jan/2024:07:30:03 -0500] "POST /sipse/faces/presentacion/financiero/solicitudProceso/consultar.xhtml HTTP/1.1" 200 3175
200.69.84.134 - - [10/Jan/2024:07:30:04 -0500] "POST /sipse/faces/presentacion/financiero/solicitudProceso/consultar.xhtml HTTP/1.1" 200 85781
156.59.198.135 - - [10/Jan/2024:07:30:07 -0500] "GET /BLA/resoluciones/AUTOS%202007/0238.pdf HTTP/1.0" 200 26944
200.69.84.134 - - [10/Jan/2024:07:30:07 -0500] "GET /sipse/faces/javax.faces.resource/primefaces.css?ln=primefaces&v=4.0 HTTP/1.1" 304 -
200.69.84.134 - - [10/Jan/2024:07:30:07 -0500] "GET /sipse/faces/javax.faces.resource/theme.css?ln=primefaces-sipse HTTP/1.1" 304 -
200.69.84.134 - - [10/Jan/2024:07:30:07 -0500] "GET /sipse/faces/javax.faces.resource/layout/layout.css?ln=primefaces&v=4.0 HTTP/1.1" 304 -
200.69.84.134 - - [10/Jan/2024:07:30:08 -0500] "GET /sipse/faces/javax.faces.resource/jquery/jquery.js?ln=primefaces&v=4.0 HTTP/1.1" 304 -
200.69.84.134 - - [10/Jan/2024:07:30:08 -0500] "GET /sipse/faces/javax.faces.resource/jquery/jquery-plugins.js?ln=primefaces&v=4.0 HTTP/1.1" 304 -
200.69.84.134 - - [10/Jan/2024:07:30:08 -0500] "GET /sipse/faces/javax.faces.resource/primefaces.js?ln=primefaces&v=4.0 HTTP/1.1" 304 -
200.69.84.134 - - [10/Jan/2024:07:30:08 -0500] "GET /sipse/faces/javax.faces.resource/layout/layout.js?ln=primefaces&v=4.0 HTTP/1.1" 304 -
200.69.84.134 - - [10/Jan/2024:07:30:08 -0500] "POST /sipse/faces/presentacion/proyectos/proyecto/listarProyecto.xhtml HTTP/1.1" 200 79144
216.244.66.195 - - [10/Jan/2024:07:30:14 -0500] "GET /BLA/resoluciones/AUTOS%202007/0095.pdf HTTP/1.1" 200 116197
200.69.84.134 - - [10/Jan/2024:07:30:14 -0500] "POST /sipse/faces/presentacion/proyectos/proyecto/listarProyecto.xhtml HTTP/1.1" 200 35595
200.69.84.134 - - [10/Jan/2024:07:30:15 -0500] "POST /sipse/faces/presentacion/proyectos/proyecto/listarProyecto.xhtml HTTP/1.1" 200 4906
200.69.84.134 - - [10/Jan/2024:07:30:17 -0500] "POST /sipse/faces/presentacion/proyectos/proyecto/listarProyecto.xhtml HTTP/1.1" 200 163
216.245.221.92 - - [10/Jan/2024:07:30:24 -0500] "HEAD / HTTP/1.1" 200 -
200.69.84.134 - - [10/Jan/2024:07:30:24 -0500] "GET /sipse/faces/presentacion/proyectos/proyecto/proyecto.xhtml HTTP/1.1" 200 91465
200.69.84.134 - - [10/Jan/2024:07:30:26 -0500] "GET /sipse/faces/javax.faces.resource/theme.css?ln=primefaces-sipse HTTP/1.1" 304 -
200.69.84.134 - - [10/Jan/2024:07:30:26 -0500] "GET /sipse/faces/javax.faces.resource/primefaces.css?ln=primefaces&v=4.0 HTTP/1.1" 304 -
200.69.84.134 - - [10/Jan/2024:07:30:26 -0500] "GET /sipse/faces/javax.faces.resource/layout/layout.css?ln=primefaces&v=4.0 HTTP/1.1" 304 -
200.69.84.134 - - [10/Jan/2024:07:30:26 -0500] "GET /sipse/faces/javax.faces.resource/jquery/jquery-plugins.js?ln=primefaces&v=4.0 HTTP/1.1" 304 -
200.69.84.134 - - [10/Jan/2024:07:30:26 -0500] "GET /sipse/faces/javax.faces.resource/jquery/jquery.js?ln=primefaces&v=4.0 HTTP/1.1" 304 -
200.69.84.134 - - [10/Jan/2024:07:30:26 -0500] "GET /sipse/faces/javax.faces.resource/primefaces.js?ln=primefaces&v=4.0 HTTP/1.1" 304 -
200.69.84.134 - - [10/Jan/2024:07:30:26 -0500] "GET /sipse/faces/javax.faces.resource/layout/layout.js?ln=primefaces&v=4.0 HTTP/1.1" 304 -
200.69.84.134 - - [10/Jan/2024:07:30:27 -0500] "POST /sipse/faces/presentacion/proyectos/proyecto/proyecto.xhtml HTTP/1.1" 200 3253
216.244.66.195 - - [10/Jan/2024:07:30:30 -0500] "GET /BLA/resoluciones/AUTOS%202007/0361.pdf HTTP/1.1" 200 195516
156.59.198.136 - - [10/Jan/2024:07:30:32 -0500] "GET /BLA/resoluciones/AUTOS%202014/4239.pdf HTTP/1.0" 200 466809
200.69.84.134 - - [10/Jan/2024:07:30:32 -0500] "POST /sipse/faces/presentacion/proyectos/proyecto/proyecto.xhtml HTTP/1.1" 200 50303
200.69.84.134 - - [10/Jan/2024:07:30:33 -0500] "GET /sipse/faces/javax.faces.resource/theme.css?ln=primefaces-sipse HTTP/1.1" 304 -
200.69.84.134 - - [10/Jan/2024:07:30:33 -0500] "GET /sipse/faces/javax.faces.resource/primefaces.css?ln=primefaces&v=4.0 HTTP/1.1" 304 -
200.69.84.134 - - [10/Jan/2024:07:30:33 -0500] "GET /sipse/faces/javax.faces.resource/layout/layout.css?ln=primefaces&v=4.0 HTTP/1.1" 304 -
200.69.84.134 - - [10/Jan/2024:07:30:33 -0500] "GET /sipse/faces/javax.faces.resource/jquery/jquery.js?ln=primefaces&v=4.0 HTTP/1.1" 304 -
200.69.84.134 - - [10/Jan/2024:07:30:33 -0500] "GET /sipse/faces/javax.faces.resource/jquery/jquery-plugins.js?ln=primefaces&v=4.0 HTTP/1.1" 304 -
200.69.84.134 - - [10/Jan/2024:07:30:33 -0500] "GET /sipse/faces/javax.faces.resource/primefaces.js?ln=primefaces&v=4.0 HTTP/1.1" 304 -
200.69.84.134 - - [10/Jan/2024:07:30:33 -0500] "GET /sipse/faces/javax.faces.resource/layout/layout.js?ln=primefaces&v=4.0 HTTP/1.1" 304 -
200.69.84.134 - - [10/Jan/2024:07:30:37 -0500] "POST /sipse/faces/presentacion/proyectos/proyecto/proyectoAdministrador/crearAdministrador.xhtml HTTP/1.1" 200 1772
200.69.84.134 - - [10/Jan/2024:07:30:41 -0500] "POST /sipse/faces/presentacion/proyectos/proyecto/proyectoAdministrador/crearAdministrador.xhtml HTTP/1.1" 200 2129
216.244.66.195 - - [10/Jan/2024:07:30:45 -0500] "GET /BLA/resoluciones/AUTOS%202007/0543.pdf HTTP/1.1" 200 696609
200.69.84.134 - - [10/Jan/2024:07:30:46 -0500] "POST /sipse/faces/presentacion/proyectos/proyecto/proyectoAdministrador/crearAdministrador.xhtml HTTP/1.1" 200 1608
200.69.84.134 - - [10/Jan/2024:07:30:48 -0500] "POST /sipse/faces/presentacion/proyectos/proyecto/proyectoAdministrador/crearAdministrador.xhtml HTTP/1.1" 200 2273
200.69.84.134 - - [10/Jan/2024:07:30:51 -0500] "POST /sipse/faces/presentacion/proyectos/proyecto/proyectoAdministrador/crearAdministrador.xhtml HTTP/1.1" 200 2302
156.59.198.135 - - [10/Jan/2024:07:30:56 -0500] "GET /BLA/resoluciones/AUTOS%202007/1323.pdf HTTP/1.0" 200 33647
216.244.66.195 - - [10/Jan/2024:07:31:07 -0500] "GET /BLA/resoluciones/AUTOS%202007/0585.pdf HTTP/1.1" 200 101781
156.59.198.136 - - [10/Jan/2024:07:31:21 -0500] "GET /BLA/resoluciones/AUTOS%202007/1180.pdf HTTP/1.0" 200 26421
216.244.66.195 - - [10/Jan/2024:07:31:25 -0500] "GET /BLA/resoluciones/AUTOS%202007/0646.pdf HTTP/1.1" 200 150934
216.244.66.195 - - [10/Jan/2024:07:31:41 -0500] "GET /BLA/resoluciones/AUTOS%202007/0745.pdf HTTP/1.1" 200 43047
47.128.114.213 - - [10/Jan/2024:07:31:49 -0500] "GET /BLA/resoluciones/dlf/dirup.png HTTP/1.1" 200 644
47.128.114.213 - - [10/Jan/2024:07:31:49 -0500] "GET /BLA/resoluciones/dlf/pdf.gif HTTP/1.1" 200 272
216.244.66.195 - - [10/Jan/2024:07:31:55 -0500] "GET /BLA/resoluciones/AUTOS%202007/0764.pdf HTTP/1.1" 200 53506
216.244.66.195 - - [10/Jan/2024:07:32:08 -0500] "GET /BLA/resoluciones/AUTOS%202007/1125.pdf HTTP/1.1" 200 27806
156.59.198.135 - - [10/Jan/2024:07:32:09 -0500] "GET /BLA/resoluciones/AUTOS%202007/1586.pdf HTTP/1.0" 200 29253
200.69.84.134 - - [10/Jan/2024:07:32:09 -0500] "POST /sipse/faces/presentacion/proyectos/proyecto/proyectoAdministrador/crearAdministrador.xhtml HTTP/1.1" 200 84400
200.69.84.134 - - [10/Jan/2024:07:32:11 -0500] "GET /sipse/faces/javax.faces.resource/theme.css?ln=primefaces-sipse HTTP/1.1" 304 -
200.69.84.134 - - [10/Jan/2024:07:32:11 -0500] "GET /sipse/faces/javax.faces.resource/primefaces.css?ln=primefaces&v=4.0 HTTP/1.1" 304 -
200.69.84.134 - - [10/Jan/2024:07:32:11 -0500] "GET /sipse/faces/javax.faces.resource/layout/layout.css?ln=primefaces&v=4.0 HTTP/1.1" 304 -
200.69.84.134 - - [10/Jan/2024:07:32:11 -0500] "GET /sipse/faces/javax.faces.resource/jquery/jquery.js?ln=primefaces&v=4.0 HTTP/1.1" 304 -
200.69.84.134 - - [10/Jan/2024:07:32:11 -0500] "GET /sipse/faces/javax.faces.resource/jquery/jquery-plugins.js?ln=primefaces&v=4.0 HTTP/1.1" 304 -
200.69.84.134 - - [10/Jan/2024:07:32:11 -0500] "GET /sipse/faces/javax.faces.resource/primefaces.js?ln=primefaces&v=4.0 HTTP/1.1" 304 -
200.69.84.134 - - [10/Jan/2024:07:32:11 -0500] "GET /sipse/faces/javax.faces.resource/layout/layout.js?ln=primefaces&v=4.0 HTTP/1.1" 304 -
200.69.84.134 - - [10/Jan/2024:07:32:12 -0500] "POST /sipse/faces/presentacion/proyectos/proyecto/proyecto.xhtml HTTP/1.1" 200 3253
47.128.114.213 - - [10/Jan/2024:07:31:48 -0500] "GET /BLA/resoluciones/index.php?dir=AUTOS+2015%2F HTTP/1.1" 200 225227
216.244.66.195 - - [10/Jan/2024:07:32:20 -0500] "GET /BLA/resoluciones/AUTOS%202007/1273.pdf HTTP/1.1" 200 125342
216.244.66.195 - - [10/Jan/2024:07:32:34 -0500] "GET /BLA/resoluciones/AUTOS%202007/1284.pdf HTTP/1.1" 200 75006
156.59.198.136 - - [10/Jan/2024:07:32:34 -0500] "GET /BLA/resoluciones/AUTOS%202007/1341.pdf HTTP/1.0" 200 31039
216.244.66.195 - - [10/Jan/2024:07:32:44 -0500] "GET /BLA/resoluciones/AUTOS%202007/1418.pdf HTTP/1.1" 200 25718
216.244.66.195 - - [10/Jan/2024:07:32:53 -0500] "GET /BLA/resoluciones/AUTOS%202007/1430.pdf HTTP/1.1" 200 83731
156.59.198.135 - - [10/Jan/2024:07:32:58 -0500] "GET /BLA/resoluciones/AUTOS%202014/0078.pdf HTTP/1.0" 200 939949
216.244.66.195 - - [10/Jan/2024:07:33:01 -0500] "GET /BLA/resoluciones/AUTOS%202007/1539.pdf HTTP/1.1" 200 138995
216.244.66.195 - - [10/Jan/2024:07:33:08 -0500] "GET /BLA/resoluciones/AUTOS%202007/1555.pdf HTTP/1.1" 200 32062
172.22.2.4 - - [10/Jan/2024:07:33:13 -0500] "GET /BLA/boletinlegal/o/oauth2/auth?scope=https://www.googleapis.com/auth/userinfo.email+https://www.googleapis.com/auth/userinfo.profile&state=8FAv7eqvcEo76cCwn5ORigVvIYzSXUBs&redirect_uri=http://visorgeo.ambientebogota.gov.co:443/social/complete/google-oauth2/&response_type=code&client_id=674968888522-c3i5pter4obn187lv0fpd6u3lq1k42m5.apps.googleusercontent.com HTTP/1.1" 404 1023
216.244.66.195 - - [10/Jan/2024:07:33:14 -0500] "GET /BLA/resoluciones/AUTOS%202007/1558.pdf HTTP/1.1" 200 29838
172.22.2.4 - - [10/Jan/2024:07:31:34 -0500] "HEAD /BLA/boletinlegal/ HTTP/1.1" 200 -
216.244.66.195 - - [10/Jan/2024:07:33:20 -0500] "GET /BLA/resoluciones/AUTOS%202007/1774.pdf HTTP/1.1" 200 29524
156.59.198.136 - - [10/Jan/2024:07:33:22 -0500] "GET /BLA/resoluciones/AUTOS%202007/0461.pdf HTTP/1.0" 200 18231
216.244.66.195 - - [10/Jan/2024:07:33:25 -0500] "GET /BLA/resoluciones/AUTOS%202009/0730.pdf HTTP/1.1" 200 164918
216.244.66.195 - - [10/Jan/2024:07:33:29 -0500] "GET /BLA/resoluciones/AUTOS%202009/0982.pdf HTTP/1.1" 200 179660
216.244.66.195 - - [10/Jan/2024:07:33:33 -0500] "GET /BLA/resoluciones/AUTOS%202009/1104.pdf HTTP/1.1" 200 93100
216.244.66.195 - - [10/Jan/2024:07:33:36 -0500] "GET /BLA/resoluciones/AUTOS%202009/1246.pdf HTTP/1.1" 200 117076
216.244.66.195 - - [10/Jan/2024:07:33:39 -0500] "GET /BLA/resoluciones/AUTOS%202009/1289.pdf HTTP/1.1" 200 244661
216.244.66.195 - - [10/Jan/2024:07:33:48 -0500] "GET /BLA/resoluciones/AUTOS%202009/1457.pdf HTTP/1.1" 200 200075
156.59.198.135 - - [10/Jan/2024:07:33:48 -0500] "GET /BLA/resoluciones/AUTOS%202014/6338.pdf HTTP/1.0" 200 564302
172.22.2.4 - - [10/Jan/2024:07:32:25 -0500] "GET /BLA/boletinlegal/ HTTP/1.1" 200 58567
216.244.66.195 - - [10/Jan/2024:07:34:07 -0500] "GET /BLA/resoluciones/AUTOS%202009/1556.pdf HTTP/1.1" 200 125432
216.244.66.195 - - [10/Jan/2024:07:34:21 -0500] "GET /BLA/resoluciones/AUTOS%202009/1650.pdf HTTP/1.1" 200 98519
47.128.59.182 - - [10/Jan/2024:07:34:22 -0500] "GET /BLA/resoluciones/index.php?dir=RESOLUCIONES%202004%2FRES%202004%20501-550%2F&order=asc&sort=date HTTP/1.1" 200 12048
47.128.59.182 - - [10/Jan/2024:07:34:24 -0500] "GET /BLA/resoluciones/dlf/dirup.png HTTP/1.1" 200 644
47.128.59.182 - - [10/Jan/2024:07:34:24 -0500] "GET /BLA/resoluciones/dlf/unknown.png HTTP/1.1" 200 266
216.244.66.195 - - [10/Jan/2024:07:34:35 -0500] "GET /BLA/resoluciones/AUTOS%202009/1693.pdf HTTP/1.1" 200 122182
156.59.198.136 - - [10/Jan/2024:07:34:37 -0500] "GET /BLA/resoluciones/AUTOS%202014/7245.pdf HTTP/1.0" 200 493961
216.244.66.195 - - [10/Jan/2024:07:34:47 -0500] "GET /BLA/resoluciones/AUTOS%202009/1877.pdf HTTP/1.1" 200 128167
201.245.192.253 - - [10/Jan/2024:07:34:52 -0500] "POST /kwsrmcab/Wsrmcab  HTTP/1.1" 200 36937
201.245.192.253 - - [10/Jan/2024:07:34:55 -0500] "POST /kwsrmcab/Wsrmcab HTTP/1.1" 200 36667
216.244.66.195 - - [10/Jan/2024:07:34:59 -0500] "GET /BLA/resoluciones/AUTOS%202009/2068.pdf HTTP/1.1" 200 97860
201.245.192.253 - - [10/Jan/2024:07:34:58 -0500] "POST /kwsrmcab/Wsrmcab HTTP/1.1" 200 36509
156.59.198.136 - - [10/Jan/2024:07:35:01 -0500] "GET /BLA/resoluciones/AUTOS%202014/1219.pdf HTTP/1.0" 200 664072
201.245.192.253 - - [10/Jan/2024:07:35:02 -0500] "POST /forms/lservlet;jsessionid=ac16012b30d6824570109c2143e1a1b38af06f99ab1f.e3iSbxaKaheRe34Rb3eTbx8LaNb0n6jAmljGr5XDqQLvpAe HTTP/1.1" 200 13
201.245.192.253 - - [10/Jan/2024:07:35:03 -0500] "POST /forms/lservlet;jsessionid=ac16012b30d6824570109c2143e1a1b38af06f99ab1f.e3iSbxaKaheRe34Rb3eTbx8LaNb0n6jAmljGr5XDqQLvpAe HTTP/1.1" 200 13
201.245.192.253 - - [10/Jan/2024:07:35:04 -0500] "POST /forms/lservlet;jsessionid=ac16012b30d6824570109c2143e1a1b38af06f99ab1f.e3iSbxaKaheRe34Rb3eTbx8LaNb0n6jAmljGr5XDqQLvpAe HTTP/1.1" 200 13
201.245.192.253 - - [10/Jan/2024:07:35:05 -0500] "POST /forms/lservlet;jsessionid=ac16012b30d6824570109c2143e1a1b38af06f99ab1f.e3iSbxaKaheRe34Rb3eTbx8LaNb0n6jAmljGr5XDqQLvpAe HTTP/1.1" 200 13
201.245.192.253 - - [10/Jan/2024:07:35:06 -0500] "POST /forms/lservlet;jsessionid=ac16012b30d6824570109c2143e1a1b38af06f99ab1f.e3iSbxaKaheRe34Rb3eTbx8LaNb0n6jAmljGr5XDqQLvpAe HTTP/1.1" 200 13
201.245.192.253 - - [10/Jan/2024:07:35:07 -0500] "POST /forms/lservlet;jsessionid=ac16012b30d6824570109c2143e1a1b38af06f99ab1f.e3iSbxaKaheRe34Rb3eTbx8LaNb0n6jAmljGr5XDqQLvpAe HTTP/1.1" 200 13
216.244.66.195 - - [10/Jan/2024:07:35:09 -0500] "GET /BLA/resoluciones/AUTOS%202009/2213.pdf HTTP/1.1" 200 114718
216.244.66.195 - - [10/Jan/2024:07:35:18 -0500] "GET /BLA/resoluciones/AUTOS%202009/2763.pdf HTTP/1.1" 200 80793
216.245.221.92 - - [10/Jan/2024:07:35:24 -0500] "HEAD / HTTP/1.1" 200 -
156.59.198.135 - - [10/Jan/2024:07:35:26 -0500] "GET /BLA/resoluciones/AUTOS%202014/5778.pdf HTTP/1.0" 200 464045
216.244.66.195 - - [10/Jan/2024:07:35:26 -0500] "GET /BLA/resoluciones/AUTOS%202009/2830.pdf HTTP/1.1" 200 91148
186.102.112.113 - - [10/Jan/2024:07:35:26 -0500] "GET /kwssiamovil/sm/ldap/au?x=U2FsdGVkX1/0iL9LdrjefMKuz+NNa4M4Eai4fFMyJjqU5RZTn+OzJ1HzGHNVma5r&y=U2FsdGVkX1+vPAE/BRvF37Q0oWJ5KMg+CY31BOPoCQRGf3Bde0UdPdpjWCM64dUX HTTP/1.1" 200 30
186.102.112.113 - - [10/Jan/2024:07:35:27 -0500] "GET /kwssiamovil/sm/acme/s?s=U2FsdGVkX1+HoFy5ViS+KfcFNnu75AQcYlrPsimNHJz/QXiqoC1Y5cOmat0EOQHj+jqNEqGZ1DbEd/uXjz1HqXTEJvnSiVKOKsmfljYTNYY=&u=U2FsdGVkX19F22EbStFwS/gkNejYqN1Hm7PgVxw7ZaQ=&y=U2FsdGVkX1+vPAE/BRvF37Q0oWJ5KMg+CY31BOPoCQRGf3Bde0UdPdpjWCM64dUX HTTP/1.1" 200 97
186.102.112.113 - - [10/Jan/2024:07:35:27 -0500] "GET /kwssiamovil/sm/acme/s?s=U2FsdGVkX1+0Wtc+360M0WSk7FukADk++kF1TPumpNrjOa2BI4j5Fqh3ACLsfgER9Xm9hpiWJaoKncdwivsEATjY7KLPWMqcF/1T/QTpGBbIzDRmBo6yb6Ud7KKIzh4AOIUJ9ahtd3WdDPUlsVvPfIDkPHqQ5Kf59z2S0nYWfOzVCljHXNxgn/A9RTxDZ9oxGRpxlhAxJKmSCUR+ixkfevAL77EL53rWcMjeou7BYH48kHa/2LAccvWrUBtiS3zbWSM2qtlFwv7aFyu8sq1WXjiR1poTEaYrTZNfNAp2sUMU81ljzPEzqaMGV0wQ2tSdH1NgoE3U+aRuYjMwrPPyWjPpcaytWcRMKFARTPL3CXpbDxzNHFiTO7o9/tdgRBlQx3w9rU/ReknMgJuPOHOaqTGVC4olXSmnkelXEJB8M7TusI3MlmuBFyerHHtn8WqcGvPwd1GNDOQXwu8k2dJSJ7x5pdVVLKh/dY6ADp9WDHtzKMd+dn8xrSiN+HCukrIMKy0QpJvdcJ/cOHI8CQS73QCKMi01JD6mKgju7fDCW4Gp5hKhClPpItLsgZ2OpI/QbNN1e2glolz2D/kFnD7NdQhACN3E3SlRm/h8/JldU6CPc53VmpKMHIgUdf/1YUChw74Wtdri8mjEjzPGfYKuHxvKLyPHOwH3XlJM4IERyQlcC7pBYGfl7RrBRadB/vgSoF/bq3xbvIrQ4WJA6yhrpMfe3K4xop4pLJRPd/oSfHiKSMc76F8GRxicuXGjuk88sFmjxybq4ZdnLEhre8tFfb7x/JjlwvQMbazJupBZ5gA/qQzNkvrHvQSPXERbYbcH/Uln5ZmTSEPpLxBY3xaspEGl/LUnCu9IPgQud5j5l161FnQTTPFN2F7nEJEqdm3GdgpNRMAMZibkPFpvLkMlYn0yqxB22dVUBzRlX4xFF+aO+kc/mkb4NZDlfOZ+nnTOFwjCkQRcFbUYC2T69zXDgGNPooWyhZjeXnnwxsOc2EKWyk9gGb5R2+0vjngS0XptkkpXK5b8M/13tIov7Dm+m3FNwPuxiQcSM6G7BBepITimZCKOKo7HNDgH6PpsoZjszjm1PhT1rtWeridkfh7El/AYS/LTtl7SuKJGP88ndx1taMvE+sBZXSrLZe9ZT5KR0KqZkP1xCR5LYJtPXFq/MXE5dtnUSwfUJAOrzKDMtg0Cvb4HJ7s2v//DM3odUBFVYHBibjxWqVP+vakeKkL4LBXLg2Lhx2008sOAwnej0KA1gaG6Ux3Cw8dzWsKcNCCZYuMHd5W8wZhImfCw+w4os/LsTGhzGap9/91EHFnv6l88DQKi88Sa6KfVIWXjSFfOP3FbsWU1OiWRVjaak4Nfq41zDubkElelQMiLKUkLv/jPW7pJ68SgbY4tiar/CQiReXVsHah/H1V26qM5rRwLkc24JppXWkHhSau7LlXSBnM0BgiIOg8avMUNlFGAQgEcPxyIwcHfUUGiMdwc92K2T6KPWIY2vKSS/FOG/xp8ZJpHgconkHtkk3/cGwGTDDKPE1TeqVRLAwh/k5ng5IHu2F4fZEdIoX2des+DvJxdb4UizTeUvlawF1e7H8d02/qIOG+zYYOw8HjRNteTuIvu11P2MHSxoV2v3tyqxwzjiGevjLE5/7lC418Z1cWLnDyLmkDezBZUVaXq3S2JC5dpaeJGivYecYCkHbWrFLbRaO+Ya/6q5/uCWGW6mjdsMwnljwiAosPjCYstJ0EDPDk3wyY7sT3zXKhlFltJyVxm7QI=&u=U2FsdGVkX19F22EbStFwS/gkNejYqN1Hm7PgVxw7ZaQ=&y=U2FsdGVkX1+vPAE/BRvF37Q0oWJ5KMg+CY31BOPoCQRGf3Bde0UdPdpjWCM64dUX HTTP/1.1" 200 2013
186.102.112.113 - - [10/Jan/2024:07:35:28 -0500] "GET /kwssiamovil/sm/ldap/au?x=U2FsdGVkX1/Q3IAOkaxwXJ9VoCrtwH79NYrLMKAVaZCs6vLQTIchk6ODz+QPJcZ4&y=U2FsdGVkX19MEfUUDzvXCCluxQ+uz7Sa2eEOLVs3D1ctUvhpWwznciH74y1m0MJc HTTP/1.1" 200 30
186.102.112.113 - - [10/Jan/2024:07:35:28 -0500] "GET /kwssiamovil/sm/acme/s?s=U2FsdGVkX18baABvzKIWwejxDBxgAxDIUIU+y247I866FvHTcLcT2QrtlEkfSnmx7QelX5ptm8z8T5caij9aHpOwuXVphxHxvNzWx2Ks+E9A90MZvjY1lRaxWG+JZmleUPvNBKI60OcRrHgmFXAKYpp6FKfMV33YFSZLWjknkeOG5chJ3s0m4/bZLiB3SWDp2hgeCi58NGemo56y1pEOPvMVBYl6KwiqapcbDNL1F1U0ZNozUfy6gb8PQfDSNYOT5dREVxtHOzBDDnJMX0aunCVNB9P/dILMtNr9GrBQoFddSGnxg0dLI/xc/hz+Rwj8jUGyDX0Ll8OG9U7gaIWKhg/O0085G29XSvqOWVcTwF3z02pPwW+v6zTMbJDCc3ipbuRZAeoL1XSRdkPJ8eEtFVGDPLuML8sBKcoM1abq6phN0QrckOWdjoVeFOVovthnXqW1yl23jTV6DDJk4uGDvHAfQkOvEBNzxpO/ENO4bYVppanl+0Up2fpaz3psAH/Vw+J+vOwbEbaM/Gb8SWByFKA5A+hXDNfrnt23rSGwkKiy6y/TvYsHGlHUyHm+ArsvSPuBf4bZN4ASl5s+S+EHlbcPLQZoEiIoHC2rjWUbVnUcDy56vK3xF0RYBkS3NuKSKsSwzBZXPqwTpkvHdzdiicTbl5E06f+mXNNvL+ecWUtQGkmEXDNPfgRYb5BBjR/C128c/Zcx0DnBkMXCFLdtbkTN+dALcLnkUBbG8rbEp4OsmSh8Ocz/LVFh7EkntB6y&u=U2FsdGVkX19F22EbStFwS/gkNejYqN1Hm7PgVxw7ZaQ=&y=U2FsdGVkX1+vPAE/BRvF37Q0oWJ5KMg+CY31BOPoCQRGf3Bde0UdPdpjWCM64dUX HTTP/1.1" 200 208
186.102.112.113 - - [10/Jan/2024:07:35:28 -0500] "GET /kwssiamovil/sm/acme/s?s=U2FsdGVkX1/Z77wJ7ZCcc+K9MYU8QzEpaUw6f5L5mu+qAeUM/N9qhsgxOzi3QRm7nfiLl3PlyoX38N2Y8q54NU64OzUP41Qh/07Cha13mu4=&u=U2FsdGVkX19ShGhrdcCPL97uA3uK2LhyWuQU3fRfrDM=&y=U2FsdGVkX19MEfUUDzvXCCluxQ+uz7Sa2eEOLVs3D1ctUvhpWwznciH74y1m0MJc HTTP/1.1" 200 97
186.102.112.113 - - [10/Jan/2024:07:35:28 -0500] "GET /kwssiamovil/sm/acme/s?s=U2FsdGVkX1+WTF4XVMhD0FT3btQG1V37bwZkgNUnocimcruhdJLEsNobrMcXrZH25SYBFtope+nRmyupCk9NZqfhAHIWRSo44/b9As9TnP6qVIfheNVnFJ2S/H9nyEScerstQmSucSSFO395p3mKpCWIcQ7cX0Tw6bkbBaIojzlbimITq5y/t6boPdY4uVKTUjM/F3fqqXd+eAKFOEUYlyXwX1Wygor0IodV4JApLyPwBdfVN+9IusFICzH3qXvpCo2UdX6QMf4jEr2mrITtBmoEtjOzcwdvo7RGQWhnNtPpEZt6JGShmrV/TrCgid/TETn1lpfg7BmW4Tlx5+aNxh4HmtS2GTb9NXE8+YkYn3n98UxsITO3rxAdK7GzcrKP1GANaJeX1K23uR3i7syV7cw0bWF9tdDx3n5i0Qg5HbYbwTHjA8ppeQzIP3MjUxU/9hKCkAAU/5lehMTeYcb7RiN/bGmgrvyT/HO8+TkRYsJ8yKki50E6IX+H1LYl7f0TsiwupYBNPB+OgpTGA6cA2IJMnEqJRUs+E7G6xLLtcwlG1Wg0XXKhbRfxXLrR6/hKggaSdsXVJ9Fk68BDTj3PnEc2JSrCHY8CQwjo2RKDIdu3thD6gnmU/BHGP6MkdVcpfnzZHAQXvvhWRiHCM6SlYPo6T4Sn+yKe0LOQxQfClQa16JXgdToCqZpwugui4TrIL1Q2VJU/2wjK5KoT5hCQZj2XFlJsvtA9bT8CGObA6O0GzX9MQX7DhsMS2NulsnF4DRj7AOv4gw+6C4ILnePU/bNTaYvqH/RBDV/RqRWWA6qZgUf7qltdlK0sGIDC3ow3XJqL7ypXn6CTM5KX+ma8JgQ91eHrB2qYvhhV2+V33o9sLErYY1Exftu3VMfhw+lTV0XPnpRre95sT5utQ9uRtGUCqLZ4spgKbEoiZscsvk4xewACRUwLOhIRdBgLg7C9e8pcK1KHEZnLrIW5Prxnvf7/9C4257GoFet+FvMhsIbp7seigezsfYh5bIFhmzWs3+IgQXxHf0X/qGgfD+SFXgr0mwJh9hw2osbSh2DPpfKMTFJ1A8Yz1gJQq7C868D6qt19OrgEMOcdlCAmVyUrbS4LL15HQYGw5P3FJSz+8lSKDf+d2iYQIUwr5F4mGZBXEqYYSB7tNb0MZTGsO2SEv7z+N/LIY13U7okR1fVn2ifmTmYttfWfpOXwKKxDu3uJEoeNdVJtyTAvH5TI6x0J8EmtWkaE4IB7kvBSxnIRUxLoSbSc0P9jb6M4ZI9+AFFvHegcFRFUy2yYvJd3/cQd2fPc4XO6NNoODcGaZl3h02z4jxUy6Gjh6gEfrDi0imnyDUJCmBsI5Wiy4r3r7wdmRcGgL84Wdl9MG5Rqm91qQoKY5wCnTD6wxQajIwFFXX437VcRRpNlNW3njqLc2YCmI/iEYO+uMZ9ceWGQkS4E5dOWzBi7/twv7jHn5fkKIX9Pbp5XbmsQSu9OdIQMuacaoCj8LYQeAgZFUrHDQs0ESn7f2yKIWSHA6mvYpDrAsG1u7oqBT3foOIagxMb6gZT5OKQjl5o28dHoYswDOxUlTibMoDLtxzIdWX+ZV3EsAkiKrPFk6dlK/JourvMKsypcUVvuLGTCuHmD6ot7QM0j8BDdya3Omorfpz9FrFywcyWAhgRsXlRIgF3iB8R8LazeBxzlYKoKk9CNzU/KzKlmf7XXAhgtz4GuxEFbAFb7b11pLcTKRdHd5aHnwh28sODCKsei/tzNMX/e9fbwqjLMmIw=&u=U2FsdGVkX19ShGhrdcCPL97uA3uK2LhyWuQU3fRfrDM=&y=U2FsdGVkX19MEfUUDzvXCCluxQ+uz7Sa2eEOLVs3D1ctUvhpWwznciH74y1m0MJc HTTP/1.1" 200 2013
186.102.112.113 - - [10/Jan/2024:07:35:28 -0500] "GET /kwssiamovil/sm/acme/s?s=U2FsdGVkX1/EJNf6Cp/qDQCowEAgiKXLDAHcBPJmZCLPThi5mOjYvsORbBxbrJmv5mjK8PGoFPTDSl2CQK2b4A62fESqt4l0JjIrGcBK5/klPqc+tRQ+fkXdKxKanR/RL6tU9nd8MLxxqfpJ72RGJyS9oL3JM4iOMSwjkDEdPyftgsIsqbve4bxQJbsn3ZHlfnKmRR9vowv6W6cpBdpqOtzNw6cVwvvJhMvUDnBI+j3NamTdjJxcQQ3ptEDoUGCAsMtS/Wiw8jAbWopZIoAn5MRWtjPUK3O91MxuathHC9PcS+8LqwgMRgm8QbmZ1IopKbl6WEbBWb+mq7uqUccwq0XWwAe61K05gTdQ6BtA3Nnl+Ftz2zs42BW1iY+n4m5nLM/N6lEuxWtu4oH+mYtv1NKu9U4Y0Q8Xvgkm7t58agGtS/ExlVi2w9P/qyfIAFoFtEhV2k02ESKBcYudjrrBtlOPqUdn0Ebs+XcDbmrRTmxhqhTHna2AZN3rSYGMTH5VDFKvj+5+tamaWU6YivT0z8BaGFO7VK1Sjj9kjpxMDe0jbLAYJ8RHV3RIrnYQoQorOU+Q9W4D7hEpXS2nUBbEP5MQsRQ17Dvm8PbFUHyYmlAjbvl81AdssR3DgNlkdj95sZqIsAwaXmgB0Hhp+nFNo8vhJhBvu6ca38d6Z4poJQ7eJ3pwLRPR3tnWM2kIjN4Y1ozFvIo38NzzYNmRAe5IXxXyiP5cFBZ1O2o0gunpW7EGYPbmRJj0lXS5pHSO0xab&u=U2FsdGVkX19ShGhrdcCPL97uA3uK2LhyWuQU3fRfrDM=&y=U2FsdGVkX19MEfUUDzvXCCluxQ+uz7Sa2eEOLVs3D1ctUvhpWwznciH74y1m0MJc HTTP/1.1" 200 208
186.102.112.113 - - [10/Jan/2024:07:35:28 -0500] "GET /kwssiamovil/sm/cjson/pre?f=1&x=U2FsdGVkX1/0iL9LdrjefMKuz+NNa4M4Eai4fFMyJjqU5RZTn+OzJ1HzGHNVma5r HTTP/1.1" 200 31032
186.102.112.113 - - [10/Jan/2024:07:35:28 -0500] "GET /kwssiamovil/sm/cjson/pre?f=1&x=U2FsdGVkX1/Q3IAOkaxwXJ9VoCrtwH79NYrLMKAVaZCs6vLQTIchk6ODz+QPJcZ4 HTTP/1.1" 200 31032
216.244.66.195 - - [10/Jan/2024:07:35:33 -0500] "GET /BLA/resoluciones/AUTOS%202011/0162.pdf HTTP/1.1" 200 337306
172.22.2.4 - - [10/Jan/2024:07:35:34 -0500] "GET /BLA/boletinlegal/Circulares/2023/CIRCULAR%20No.%2000001%20DEL%2020%20DE%20FEBRERO%20DEL%202023.pdf HTTP/1.1" 200 317520
172.22.2.4 - - [10/Jan/2024:07:35:34 -0500] "GET /BLA/boletinlegal/favicon.ico HTTP/1.1" 404 1502
216.244.66.195 - - [10/Jan/2024:07:35:39 -0500] "GET /BLA/resoluciones/AUTOS%202011/0796.pdf HTTP/1.1" 200 146604
216.244.66.195 - - [10/Jan/2024:07:35:44 -0500] "GET /BLA/resoluciones/AUTOS%202011/1294.pdf HTTP/1.1" 200 161717
216.244.66.195 - - [10/Jan/2024:07:35:49 -0500] "GET /BLA/resoluciones/AUTOS%202011/1992.pdf HTTP/1.1" 200 111614
156.59.198.136 - - [10/Jan/2024:07:35:50 -0500] "GET /BLA/resoluciones/AUTOS%202007/1497.pdf HTTP/1.0" 200 56212
216.244.66.195 - - [10/Jan/2024:07:35:53 -0500] "GET /BLA/resoluciones/AUTOS%202011/2650.pdf HTTP/1.1" 200 90889
200.69.84.134 - - [10/Jan/2024:07:35:55 -0500] "POST /sipse/faces/presentacion/proyectos/proyecto/proyecto.xhtml HTTP/1.1" 200 85781
200.69.84.134 - - [10/Jan/2024:07:35:55 -0500] "GET /sipse/faces/javax.faces.resource/theme.css?ln=primefaces-sipse HTTP/1.1" 304 -
200.69.84.134 - - [10/Jan/2024:07:35:55 -0500] "GET /sipse/faces/javax.faces.resource/primefaces.css?ln=primefaces&v=4.0 HTTP/1.1" 304 -
200.69.84.134 - - [10/Jan/2024:07:35:55 -0500] "GET /sipse/faces/javax.faces.resource/layout/layout.css?ln=primefaces&v=4.0 HTTP/1.1" 304 -
200.69.84.134 - - [10/Jan/2024:07:35:55 -0500] "GET /sipse/css/imagen/contrasena.png HTTP/1.1" 404 383
200.69.84.134 - - [10/Jan/2024:07:35:55 -0500] "GET /sipse/faces/javax.faces.resource/jquery/jquery.js?ln=primefaces&v=4.0 HTTP/1.1" 304 -
200.69.84.134 - - [10/Jan/2024:07:35:56 -0500] "GET /sipse/faces/javax.faces.resource/jquery/jquery-plugins.js?ln=primefaces&v=4.0 HTTP/1.1" 304 -
200.69.84.134 - - [10/Jan/2024:07:35:56 -0500] "GET /sipse/faces/javax.faces.resource/primefaces.js?ln=primefaces&v=4.0 HTTP/1.1" 304 -
200.69.84.134 - - [10/Jan/2024:07:35:56 -0500] "GET /sipse/faces/javax.faces.resource/layout/layout.js?ln=primefaces&v=4.0 HTTP/1.1" 304 -
200.69.84.134 - - [10/Jan/2024:07:35:56 -0500] "POST /sipse/faces/presentacion/proyectos/proyecto/listarProyecto.xhtml HTTP/1.1" 200 79144
200.69.84.134 - - [10/Jan/2024:07:35:56 -0500] "GET /sipse/faces/javax.faces.resource/images/ui-icons_898989_256x240.png?ln=primefaces-aristo HTTP/1.1" 304 -
216.244.66.195 - - [10/Jan/2024:07:35:56 -0500] "GET /BLA/resoluciones/AUTOS%202011/2781.pdf HTTP/1.1" 200 158417
200.69.84.134 - - [10/Jan/2024:07:35:57 -0500] "GET /sipse/faces/javax.faces.resource/images/ui-bg_flat_0_2d5972_40x100.png?ln=primefaces-aristo HTTP/1.1" 304 -
200.69.84.134 - - [10/Jan/2024:07:35:57 -0500] "POST /sipse/faces/presentacion/proyectos/proyecto/listarProyecto.xhtml HTTP/1.1" 200 79144
216.244.66.195 - - [10/Jan/2024:07:36:00 -0500] "GET /BLA/resoluciones/AUTOS%202011/3013.pdf HTTP/1.1" 200 64249
