200.69.84.134 - - [10/Jan/2024:07:36:00 -0500] "POST /sipse/faces/presentacion/proyectos/proyecto/listarProyecto.xhtml HTTP/1.1" 200 4899
216.244.66.195 - - [10/Jan/2024:07:36:02 -0500] "GET /BLA/resoluciones/AUTOS%202011/3440.pdf HTTP/1.1" 200 213715
200.69.84.134 - - [10/Jan/2024:07:36:03 -0500] "POST /sipse/faces/presentacion/proyectos/proyecto/listarProyecto.xhtml HTTP/1.1" 200 163
200.69.84.134 - - [10/Jan/2024:07:36:03 -0500] "GET /sipse/faces/presentacion/proyectos/proyecto/proyecto.xhtml HTTP/1.1" 200 89842
200.69.84.134 - - [10/Jan/2024:07:36:04 -0500] "GET /sipse/faces/javax.faces.resource/theme.css?ln=primefaces-sipse HTTP/1.1" 304 -
200.69.84.134 - - [10/Jan/2024:07:36:04 -0500] "GET /sipse/faces/javax.faces.resource/layout/layout.css?ln=primefaces&v=4.0 HTTP/1.1" 304 -
200.69.84.134 - - [10/Jan/2024:07:36:04 -0500] "GET /sipse/faces/javax.faces.resource/jquery/jquery.js?ln=primefaces&v=4.0 HTTP/1.1" 304 -
200.69.84.134 - - [10/Jan/2024:07:36:04 -0500] "GET /sipse/faces/javax.faces.resource/primefaces.css?ln=primefaces&v=4.0 HTTP/1.1" 304 -
200.69.84.134 - - [10/Jan/2024:07:36:04 -0500] "GET /sipse/faces/javax.faces.resource/jquery/jquery-plugins.js?ln=primefaces&v=4.0 HTTP/1.1" 304 -
200.69.84.134 - - [10/Jan/2024:07:36:04 -0500] "GET /sipse/faces/javax.faces.resource/primefaces.js?ln=primefaces&v=4.0 HTTP/1.1" 304 -
200.69.84.134 - - [10/Jan/2024:07:36:04 -0500] "GET /sipse/faces/javax.faces.resource/layout/layout.js?ln=primefaces&v=4.0 HTTP/1.1" 304 -
200.69.84.134 - - [10/Jan/2024:07:36:04 -0500] "GET /sipse/css/imagen/contrasena.png HTTP/1.1" 404 383
200.69.84.134 - - [10/Jan/2024:07:36:05 -0500] "POST /sipse/faces/presentacion/proyectos/proyecto/proyecto.xhtml HTTP/1.1" 200 3253
216.244.66.195 - - [10/Jan/2024:07:36:05 -0500] "GET /BLA/resoluciones/AUTOS%202011/3757.pdf HTTP/1.1" 200 212639
216.244.66.195 - - [10/Jan/2024:07:36:07 -0500] "GET /BLA/resoluciones/AUTOS%202012/0322.pdf HTTP/1.1" 200 314090
216.244.66.195 - - [10/Jan/2024:07:36:10 -0500] "GET /BLA/resoluciones/AUTOS%202012/0399.pdf HTTP/1.1" 200 238053
216.244.66.195 - - [10/Jan/2024:07:36:13 -0500] "GET /BLA/resoluciones/AUTOS%202012/0519.pdf HTTP/1.1" 200 256013
200.69.84.134 - - [10/Jan/2024:07:36:14 -0500] "POST /sipse/faces/presentacion/proyectos/proyecto/proyecto.xhtml HTTP/1.1" 200 50304
200.69.84.134 - - [10/Jan/2024:07:36:14 -0500] "GET /sipse/faces/javax.faces.resource/theme.css?ln=primefaces-sipse HTTP/1.1" 304 -
200.69.84.134 - - [10/Jan/2024:07:36:14 -0500] "GET /sipse/faces/javax.faces.resource/primefaces.css?ln=primefaces&v=4.0 HTTP/1.1" 304 -
200.69.84.134 - - [10/Jan/2024:07:36:14 -0500] "GET /sipse/faces/javax.faces.resource/layout/layout.css?ln=primefaces&v=4.0 HTTP/1.1" 304 -
200.69.84.134 - - [10/Jan/2024:07:36:15 -0500] "GET /sipse/faces/javax.faces.resource/jquery/jquery.js?ln=primefaces&v=4.0 HTTP/1.1" 304 -
200.69.84.134 - - [10/Jan/2024:07:36:15 -0500] "GET /sipse/faces/javax.faces.resource/jquery/jquery-plugins.js?ln=primefaces&v=4.0 HTTP/1.1" 304 -
200.69.84.134 - - [10/Jan/2024:07:36:15 -0500] "GET /sipse/faces/javax.faces.resource/primefaces.js?ln=primefaces&v=4.0 HTTP/1.1" 304 -
200.69.84.134 - - [10/Jan/2024:07:36:15 -0500] "GET /sipse/faces/javax.faces.resource/layout/layout.js?ln=primefaces&v=4.0 HTTP/1.1" 304 -
156.59.198.136 - - [10/Jan/2024:07:36:15 -0500] "GET /BLA/resoluciones/AUTOS%202007/1577.pdf HTTP/1.0" 200 28987
216.244.66.195 - - [10/Jan/2024:07:36:15 -0500] "GET /BLA/resoluciones/AUTOS%202012/1173.pdf HTTP/1.1" 200 152600
216.244.66.195 - - [10/Jan/2024:07:36:18 -0500] "GET /BLA/resoluciones/AUTOS%202012/1252.pdf HTTP/1.1" 200 157046
200.69.84.134 - - [10/Jan/2024:07:36:19 -0500] "POST /sipse/faces/presentacion/proyectos/proyecto/proyectoAdministrador/crearAdministrador.xhtml HTTP/1.1" 200 1765
216.244.66.195 - - [10/Jan/2024:07:36:20 -0500] "GET /BLA/resoluciones/AUTOS%202012/1323.pdf HTTP/1.1" 200 159073
216.244.66.195 - - [10/Jan/2024:07:36:22 -0500] "GET /BLA/resoluciones/AUTOS%202012/1350.pdf HTTP/1.1" 200 348516
200.69.84.134 - - [10/Jan/2024:07:36:24 -0500] "POST /sipse/faces/presentacion/proyectos/proyecto/proyectoAdministrador/crearAdministrador.xhtml HTTP/1.1" 200 1769
216.244.66.195 - - [10/Jan/2024:07:36:25 -0500] "GET /BLA/resoluciones/AUTOS%202012/1511.pdf HTTP/1.1" 200 630013
216.244.66.195 - - [10/Jan/2024:07:36:29 -0500] "GET /BLA/resoluciones/AUTOS%202012/1568.pdf HTTP/1.1" 200 318307
200.69.84.134 - - [10/Jan/2024:07:36:30 -0500] "POST /sipse/faces/presentacion/proyectos/proyecto/proyectoAdministrador/crearAdministrador.xhtml HTTP/1.1" 200 1780
200.69.84.134 - - [10/Jan/2024:07:36:34 -0500] "GET /sipse/faces/javax.faces.resource/images/ui-icons_898989_256x240.png?ln=primefaces-aristo HTTP/1.1" 304 -
216.244.66.195 - - [10/Jan/2024:07:36:40 -0500] "GET /BLA/resoluciones/AUTOS%202012/1661.pdf HTTP/1.1" 200 330349
156.59.198.135 - - [10/Jan/2024:07:36:41 -0500] "GET /BLA/resoluciones/AUTOS%202014/1910.pdf HTTP/1.0" 200 304983
216.244.66.195 - - [10/Jan/2024:07:36:48 -0500] "GET /BLA/resoluciones/AUTOS%202012/2314.pdf HTTP/1.1" 200 769501
216.244.66.195 - - [10/Jan/2024:07:36:55 -0500] "GET /BLA/resoluciones/AUTOS%202012/2492.pdf HTTP/1.1" 200 1179114
216.244.66.195 - - [10/Jan/2024:07:37:01 -0500] "GET /BLA/resoluciones/AUTOS%202012/2664.pdf HTTP/1.1" 200 319696
156.59.198.135 - - [10/Jan/2024:07:37:04 -0500] "GET /BLA/resoluciones/AUTOS%202007/1404.pdf HTTP/1.0" 200 42767
216.244.66.195 - - [10/Jan/2024:07:37:06 -0500] "GET /BLA/resoluciones/AUTOS%202012/2665.pdf HTTP/1.1" 200 316993
216.244.66.195 - - [10/Jan/2024:07:37:11 -0500] "GET /BLA/resoluciones/AUTOS%202012/2770.pdf HTTP/1.1" 200 264816
200.69.84.134 - - [10/Jan/2024:07:37:13 -0500] "POST /sipse/faces/presentacion/proyectos/proyecto/proyectoAdministrador/crearAdministrador.xhtml HTTP/1.1" 200 82804
200.69.84.134 - - [10/Jan/2024:07:37:14 -0500] "GET /sipse/faces/javax.faces.resource/theme.css?ln=primefaces-sipse HTTP/1.1" 304 -
200.69.84.134 - - [10/Jan/2024:07:37:14 -0500] "GET /sipse/faces/javax.faces.resource/primefaces.css?ln=primefaces&v=4.0 HTTP/1.1" 304 -
200.69.84.134 - - [10/Jan/2024:07:37:14 -0500] "GET /sipse/faces/javax.faces.resource/layout/layout.css?ln=primefaces&v=4.0 HTTP/1.1" 304 -
200.69.84.134 - - [10/Jan/2024:07:37:14 -0500] "GET /sipse/faces/javax.faces.resource/jquery/jquery.js?ln=primefaces&v=4.0 HTTP/1.1" 304 -
200.69.84.134 - - [10/Jan/2024:07:37:14 -0500] "GET /sipse/faces/javax.faces.resource/jquery/jquery-plugins.js?ln=primefaces&v=4.0 HTTP/1.1" 304 -
200.69.84.134 - - [10/Jan/2024:07:37:14 -0500] "GET /sipse/faces/javax.faces.resource/primefaces.js?ln=primefaces&v=4.0 HTTP/1.1" 304 -
200.69.84.134 - - [10/Jan/2024:07:37:14 -0500] "GET /sipse/faces/javax.faces.resource/layout/layout.js?ln=primefaces&v=4.0 HTTP/1.1" 304 -
200.69.84.134 - - [10/Jan/2024:07:37:14 -0500] "GET /sipse/faces/javax.faces.resource/messages/messages.png?ln=primefaces&v=4.0 HTTP/1.1" 304 -
200.69.84.134 - - [10/Jan/2024:07:37:15 -0500] "POST /sipse/faces/presentacion/proyectos/proyecto/proyecto.xhtml HTTP/1.1" 200 3253
216.244.66.195 - - [10/Jan/2024:07:37:24 -0500] "GET /BLA/resoluciones/AUTOS%202012/2851.pdf HTTP/1.1" 200 374526
156.59.198.135 - - [10/Jan/2024:07:37:28 -0500] "GET /BLA/resoluciones/AUTOS%202014/7039.pdf HTTP/1.0" 200 487965
216.244.66.195 - - [10/Jan/2024:07:37:34 -0500] "GET /BLA/resoluciones/AUTOS%202012/2874.pdf HTTP/1.1" 200 468660
200.69.84.134 - - [10/Jan/2024:07:37:36 -0500] "POST /sipse/faces/presentacion/proyectos/proyecto/proyecto.xhtml HTTP/1.1" 200 85781
200.69.84.134 - - [10/Jan/2024:07:37:37 -0500] "GET /sipse/faces/javax.faces.resource/theme.css?ln=primefaces-sipse HTTP/1.1" 304 -
200.69.84.134 - - [10/Jan/2024:07:37:37 -0500] "GET /sipse/faces/javax.faces.resource/primefaces.css?ln=primefaces&v=4.0 HTTP/1.1" 304 -
200.69.84.134 - - [10/Jan/2024:07:37:37 -0500] "GET /sipse/faces/javax.faces.resource/layout/layout.css?ln=primefaces&v=4.0 HTTP/1.1" 304 -
200.69.84.134 - - [10/Jan/2024:07:37:37 -0500] "GET /sipse/faces/javax.faces.resource/jquery/jquery.js?ln=primefaces&v=4.0 HTTP/1.1" 304 -
200.69.84.134 - - [10/Jan/2024:07:37:37 -0500] "GET /sipse/faces/javax.faces.resource/jquery/jquery-plugins.js?ln=primefaces&v=4.0 HTTP/1.1" 304 -
200.69.84.134 - - [10/Jan/2024:07:37:37 -0500] "GET /sipse/faces/javax.faces.resource/primefaces.js?ln=primefaces&v=4.0 HTTP/1.1" 304 -
200.69.84.134 - - [10/Jan/2024:07:37:37 -0500] "GET /sipse/faces/javax.faces.resource/layout/layout.js?ln=primefaces&v=4.0 HTTP/1.1" 304 -
200.69.84.134 - - [10/Jan/2024:07:37:37 -0500] "POST /sipse/faces/presentacion/proyectos/proyecto/listarProyecto.xhtml HTTP/1.1" 200 79144
200.69.84.134 - - [10/Jan/2024:07:37:38 -0500] "POST /sipse/faces/presentacion/proyectos/proyecto/listarProyecto.xhtml HTTP/1.1" 200 79144
200.69.84.134 - - [10/Jan/2024:07:37:41 -0500] "POST /sipse/faces/presentacion/proyectos/proyecto/listarProyecto.xhtml HTTP/1.1" 200 2221
216.244.66.195 - - [10/Jan/2024:07:37:43 -0500] "GET /BLA/resoluciones/AUTOS%202012/2921.pdf HTTP/1.1" 200 218536
200.69.84.134 - - [10/Jan/2024:07:37:43 -0500] "POST /sipse/faces/presentacion/proyectos/proyecto/listarProyecto.xhtml HTTP/1.1" 200 58400
200.69.84.134 - - [10/Jan/2024:07:37:44 -0500] "POST /sipse/faces/presentacion/proyectos/proyecto/listarProyecto.xhtml HTTP/1.1" 200 4870
216.244.66.195 - - [10/Jan/2024:07:37:50 -0500] "GET /BLA/resoluciones/AUTOS%202012/3002.pdf HTTP/1.1" 200 2442265
156.59.198.136 - - [10/Jan/2024:07:37:53 -0500] "GET /BLA/resoluciones/AUTOS%202014/5431.pdf HTTP/1.0" 200 492269
172.22.2.4 - - [10/Jan/2024:07:38:05 -0500] "GET /BLA/boletinlegal/actos.php HTTP/1.1" 200 9648
172.22.2.4 - - [10/Jan/2024:07:38:06 -0500] "GET /BLA/boletinlegal/styles2.css HTTP/1.1" 200 1838
172.22.2.4 - - [10/Jan/2024:07:38:06 -0500] "GET /BLA/boletinlegal/js/ajax_actos.js HTTP/1.1" 200 1322
172.22.2.4 - - [10/Jan/2024:07:38:06 -0500] "GET /BLA/boletinlegal/niceforms-default.css HTTP/1.1" 200 6694
172.22.2.4 - - [10/Jan/2024:07:38:06 -0500] "GET /BLA/boletinlegal/style.css HTTP/1.1" 200 9406
172.22.2.4 - - [10/Jan/2024:07:38:06 -0500] "GET /BLA/boletinlegal/niceforms.js HTTP/1.1" 200 22876
172.22.2.4 - - [10/Jan/2024:07:38:06 -0500] "GET /BLA/boletinlegal/js/popup.js HTTP/1.1" 200 1270
172.22.2.4 - - [10/Jan/2024:07:38:06 -0500] "GET /BLA/boletinlegal/js/lib.js HTTP/1.1" 200 6474
172.22.2.4 - - [10/Jan/2024:07:38:06 -0500] "GET /BLA/boletinlegal/js/jquery1.js HTTP/1.1" 200 29846
216.244.66.195 - - [10/Jan/2024:07:38:06 -0500] "GET /BLA/resoluciones/AUTOS%202013/0350.pdf HTTP/1.1" 200 1449915
172.22.2.4 - - [10/Jan/2024:07:38:06 -0500] "GET /BLA/boletinlegal/images/cabezote%20BLEGAL.jpg HTTP/1.1" 200 118164
172.22.2.4 - - [10/Jan/2024:07:38:06 -0500] "GET /BLA/boletinlegal/images/subscribe-icon-big.png HTTP/1.1" 200 47702
172.22.2.4 - - [10/Jan/2024:07:38:06 -0500] "GET /BLA/boletinlegal/images/historia.png HTTP/1.1" 200 52775
172.22.2.4 - - [10/Jan/2024:07:38:06 -0500] "GET /BLA/boletinlegal/images/registro-usuarios.png HTTP/1.1" 200 8106
172.22.2.4 - - [10/Jan/2024:07:38:06 -0500] "GET /BLA/boletinlegal/images/green-yellow-blue-pink-th.png HTTP/1.1" 200 7394
172.22.2.4 - - [10/Jan/2024:07:38:06 -0500] "GET /BLA/boletinlegal/images/tel.png HTTP/1.1" 200 14477
172.22.2.4 - - [10/Jan/2024:07:38:06 -0500] "GET /BLA/boletinlegal/images/icono-email.png HTTP/1.1" 200 5544
172.22.2.4 - - [10/Jan/2024:07:38:06 -0500] "GET /BLA/boletinlegal/images/body_bg.jpg HTTP/1.1" 200 1601
172.22.2.4 - - [10/Jan/2024:07:38:06 -0500] "GET /BLA/boletinlegal/images/menu_lft.gif HTTP/1.1" 200 1713
172.22.2.4 - - [10/Jan/2024:07:38:06 -0500] "GET /BLA/boletinlegal/images/menu_rght.gif HTTP/1.1" 200 1627
172.22.2.4 - - [10/Jan/2024:07:38:06 -0500] "GET /BLA/boletinlegal/images/bg_top.jpg HTTP/1.1" 200 522
172.22.2.4 - - [10/Jan/2024:07:38:06 -0500] "GET /BLA/boletinlegal/images/menu_bg.jpg HTTP/1.1" 200 620
172.22.2.4 - - [10/Jan/2024:07:38:06 -0500] "GET /BLA/boletinlegal/images/hover.jpg HTTP/1.1" 200 640
172.22.2.4 - - [10/Jan/2024:07:38:06 -0500] "GET /BLA/boletinlegal/images/text.jpg HTTP/1.1" 200 568
172.22.2.4 - - [10/Jan/2024:07:38:06 -0500] "GET /BLA/boletinlegal/images/footer_bg.jpg HTTP/1.1" 200 586
172.22.2.4 - - [10/Jan/2024:07:38:06 -0500] "GET /BLA/boletinlegal/images/footer_bg_l.jpg HTTP/1.1" 200 776
172.22.2.4 - - [10/Jan/2024:07:38:06 -0500] "GET /BLA/boletinlegal/img/0.png HTTP/1.1" 200 110
172.22.2.4 - - [10/Jan/2024:07:38:06 -0500] "GET /BLA/boletinlegal/img/select-left.png HTTP/1.1" 200 263
172.22.2.4 - - [10/Jan/2024:07:38:06 -0500] "GET /BLA/boletinlegal/img/button.png HTTP/1.1" 200 43241
172.22.2.4 - - [10/Jan/2024:07:38:06 -0500] "GET /BLA/boletinlegal/img/select-right.png HTTP/1.1" 200 44019
172.22.2.4 - - [10/Jan/2024:07:38:06 -0500] "GET /BLA/boletinlegal/img/button-left.png HTTP/1.1" 200 57071
172.22.2.4 - - [10/Jan/2024:07:38:06 -0500] "GET /BLA/boletinlegal/img/button-right.png HTTP/1.1" 200 57878
172.22.2.4 - - [10/Jan/2024:07:38:06 -0500] "GET /BLA/boletinlegal/favicon.ico HTTP/1.1" 404 1326
201.245.192.253 - - [10/Jan/2024:07:38:08 -0500] "GET /BLA/resoluciones/ HTTP/1.1" 200 13696
201.245.192.253 - - [10/Jan/2024:07:38:08 -0500] "GET /BLA/resoluciones/dlf/folder.png HTTP/1.1" 200 410
201.245.192.253 - - [10/Jan/2024:07:38:08 -0500] "GET /BLA/resoluciones/dlf/styles.css HTTP/1.1" 200 3049
201.245.192.253 - - [10/Jan/2024:07:38:08 -0500] "GET /BLA/resoluciones/dlf/bg.gif HTTP/1.1" 200 54
201.245.192.253 - - [10/Jan/2024:07:38:08 -0500] "GET /favicon.ico HTTP/1.1" 200 7782
200.69.84.134 - - [10/Jan/2024:07:38:09 -0500] "POST /sipse/faces/presentacion/proyectos/proyecto/listarProyecto.xhtml HTTP/1.1" 200 163
200.69.84.134 - - [10/Jan/2024:07:38:09 -0500] "GET /sipse/faces/presentacion/proyectos/proyecto/proyecto.xhtml HTTP/1.1" 200 90058
200.69.84.134 - - [10/Jan/2024:07:38:10 -0500] "GET /sipse/faces/javax.faces.resource/theme.css?ln=primefaces-sipse HTTP/1.1" 304 -
200.69.84.134 - - [10/Jan/2024:07:38:10 -0500] "GET /sipse/faces/javax.faces.resource/primefaces.css?ln=primefaces&v=4.0 HTTP/1.1" 304 -
200.69.84.134 - - [10/Jan/2024:07:38:10 -0500] "GET /sipse/faces/javax.faces.resource/layout/layout.css?ln=primefaces&v=4.0 HTTP/1.1" 304 -
200.69.84.134 - - [10/Jan/2024:07:38:10 -0500] "GET /sipse/faces/javax.faces.resource/jquery/jquery.js?ln=primefaces&v=4.0 HTTP/1.1" 304 -
200.69.84.134 - - [10/Jan/2024:07:38:10 -0500] "GET /sipse/faces/javax.faces.resource/jquery/jquery-plugins.js?ln=primefaces&v=4.0 HTTP/1.1" 304 -
200.69.84.134 - - [10/Jan/2024:07:38:10 -0500] "GET /sipse/faces/javax.faces.resource/primefaces.js?ln=primefaces&v=4.0 HTTP/1.1" 304 -
200.69.84.134 - - [10/Jan/2024:07:38:10 -0500] "GET /sipse/faces/javax.faces.resource/layout/layout.js?ln=primefaces&v=4.0 HTTP/1.1" 304 -
200.69.84.134 - - [10/Jan/2024:07:38:11 -0500] "POST /sipse/faces/presentacion/proyectos/proyecto/proyecto.xhtml HTTP/1.1" 200 3253
201.245.192.253 - - [10/Jan/2024:07:38:12 -0500] "GET /BLA/resoluciones/dlf/dirup.png HTTP/1.1" 200 644
201.245.192.253 - - [10/Jan/2024:07:38:12 -0500] "GET /BLA/resoluciones/dlf/pdf.gif HTTP/1.1" 200 272
201.245.192.253 - - [10/Jan/2024:07:38:12 -0500] "GET /BLA/resoluciones/index.php?dir=RESOLUCIONES+2022%2F HTTP/1.1" 200 325052
201.245.192.253 - - [10/Jan/2024:07:38:13 -0500] "GET /BLA/resoluciones/dlf/archive.png HTTP/1.1" 200 632
156.59.198.136 - - [10/Jan/2024:07:38:19 -0500] "GET /BLA/resoluciones/AUTOS%202007/0236.pdf HTTP/1.0" 200 19023
200.69.84.134 - - [10/Jan/2024:07:38:20 -0500] "POST /sipse/faces/presentacion/proyectos/proyecto/proyecto.xhtml HTTP/1.1" 200 50275
200.69.84.134 - - [10/Jan/2024:07:38:20 -0500] "GET /sipse/faces/javax.faces.resource/theme.css?ln=primefaces-sipse HTTP/1.1" 304 -
200.69.84.134 - - [10/Jan/2024:07:38:20 -0500] "GET /sipse/faces/javax.faces.resource/primefaces.css?ln=primefaces&v=4.0 HTTP/1.1" 304 -
200.69.84.134 - - [10/Jan/2024:07:38:20 -0500] "GET /sipse/faces/javax.faces.resource/layout/layout.css?ln=primefaces&v=4.0 HTTP/1.1" 304 -
200.69.84.134 - - [10/Jan/2024:07:38:20 -0500] "GET /sipse/faces/javax.faces.resource/jquery/jquery.js?ln=primefaces&v=4.0 HTTP/1.1" 304 -
200.69.84.134 - - [10/Jan/2024:07:38:20 -0500] "GET /sipse/faces/javax.faces.resource/jquery/jquery-plugins.js?ln=primefaces&v=4.0 HTTP/1.1" 304 -
200.69.84.134 - - [10/Jan/2024:07:38:21 -0500] "GET /sipse/faces/javax.faces.resource/primefaces.js?ln=primefaces&v=4.0 HTTP/1.1" 304 -
200.69.84.134 - - [10/Jan/2024:07:38:21 -0500] "GET /sipse/faces/javax.faces.resource/layout/layout.js?ln=primefaces&v=4.0 HTTP/1.1" 304 -
200.69.84.134 - - [10/Jan/2024:07:38:27 -0500] "POST /sipse/faces/presentacion/proyectos/proyecto/proyectoAdministrador/crearAdministrador.xhtml HTTP/1.1" 200 1772
200.69.84.134 - - [10/Jan/2024:07:38:28 -0500] "POST /sipse/faces/presentacion/proyectos/proyecto/proyectoAdministrador/crearAdministrador.xhtml HTTP/1.1" 200 1776
200.69.84.134 - - [10/Jan/2024:07:38:31 -0500] "POST /sipse/faces/presentacion/proyectos/proyecto/proyectoAdministrador/crearAdministrador.xhtml HTTP/1.1" 200 2628
52.167.144.182 - - [10/Jan/2024:07:38:31 -0500] "GET /BLA/resoluciones/AUTOS%202020/3348.pdf HTTP/1.1" 200 351716
200.69.84.134 - - [10/Jan/2024:07:38:37 -0500] "POST /sipse/faces/presentacion/proyectos/proyecto/proyectoAdministrador/crearAdministrador.xhtml HTTP/1.1" 200 2473
156.59.198.135 - - [10/Jan/2024:07:38:43 -0500] "GET /BLA/resoluciones/AUTOS%202007/1787.pdf HTTP/1.0" 200 45771
216.244.66.195 - - [10/Jan/2024:07:38:44 -0500] "GET /BLA/resoluciones/AUTOS%202013/0586.pdf HTTP/1.1" 200 1572995
66.249.66.20 - - [10/Jan/2024:07:38:47 -0500] "GET /BLA/resoluciones/AUTOS%202008/0388.pdf HTTP/1.1" 200 244947
186.31.48.80 - - [10/Jan/2024:07:38:55 -0500] "GET /inicia-el-2024-conociendo-la-biodiversidad-de-bogoti.html?fbclid=IwAR38mAVjI3I5BUMB02nHlaDRfYp0Gmx-kF9K4gWsxQTZ-dxuT9qkf6tjQsk_aem_ATyPCFqPL8gelDUTGhwjKZX4a6cGovXFrVAWA9TN5rsXaF2EgTAPGc3RGTs_HaC0874 HTTP/1.1" 200 894
172.22.2.4 - - [10/Jan/2024:07:37:24 -0500] "HEAD /BLA/boletinlegal/ HTTP/1.1" 200 -
156.59.198.136 - - [10/Jan/2024:07:39:06 -0500] "GET /BLA/resoluciones/AUTOS%202014/3790.pdf HTTP/1.0" 200 294510
201.245.192.253 - - [10/Jan/2024:07:39:10 -0500] "POST /kwsrmcab/Wsrmcab HTTP/1.1" 200 36667
216.244.66.195 - - [10/Jan/2024:07:39:15 -0500] "GET /BLA/resoluciones/AUTOS%202013/0660.pdf HTTP/1.1" 200 1007243
200.69.84.134 - - [10/Jan/2024:07:39:24 -0500] "POST /sipse/faces/presentacion/proyectos/proyecto/proyectoAdministrador/crearAdministrador.xhtml HTTP/1.1" 200 83123
200.69.84.134 - - [10/Jan/2024:07:39:24 -0500] "GET /sipse/faces/javax.faces.resource/theme.css?ln=primefaces-sipse HTTP/1.1" 304 -
200.69.84.134 - - [10/Jan/2024:07:39:24 -0500] "GET /sipse/faces/javax.faces.resource/primefaces.css?ln=primefaces&v=4.0 HTTP/1.1" 304 -
200.69.84.134 - - [10/Jan/2024:07:39:24 -0500] "GET /sipse/faces/javax.faces.resource/layout/layout.css?ln=primefaces&v=4.0 HTTP/1.1" 304 -
200.69.84.134 - - [10/Jan/2024:07:39:24 -0500] "GET /sipse/faces/javax.faces.resource/jquery/jquery.js?ln=primefaces&v=4.0 HTTP/1.1" 304 -
200.69.84.134 - - [10/Jan/2024:07:39:24 -0500] "GET /sipse/faces/javax.faces.resource/jquery/jquery-plugins.js?ln=primefaces&v=4.0 HTTP/1.1" 304 -
200.69.84.134 - - [10/Jan/2024:07:39:24 -0500] "GET /sipse/faces/javax.faces.resource/primefaces.js?ln=primefaces&v=4.0 HTTP/1.1" 304 -
200.69.84.134 - - [10/Jan/2024:07:39:25 -0500] "GET /sipse/faces/javax.faces.resource/layout/layout.js?ln=primefaces&v=4.0 HTTP/1.1" 304 -
200.69.84.134 - - [10/Jan/2024:07:39:25 -0500] "POST /sipse/faces/presentacion/proyectos/proyecto/proyecto.xhtml HTTP/1.1" 200 3253
200.69.84.134 - - [10/Jan/2024:07:39:29 -0500] "POST /sipse/faces/presentacion/proyectos/proyecto/proyecto.xhtml HTTP/1.1" 200 85781
200.69.84.134 - - [10/Jan/2024:07:39:29 -0500] "GET /sipse/faces/javax.faces.resource/theme.css?ln=primefaces-sipse HTTP/1.1" 304 -
200.69.84.134 - - [10/Jan/2024:07:39:29 -0500] "GET /sipse/faces/javax.faces.resource/layout/layout.css?ln=primefaces&v=4.0 HTTP/1.1" 304 -
200.69.84.134 - - [10/Jan/2024:07:39:29 -0500] "GET /sipse/faces/javax.faces.resource/primefaces.css?ln=primefaces&v=4.0 HTTP/1.1" 304 -
200.69.84.134 - - [10/Jan/2024:07:39:29 -0500] "GET /sipse/faces/javax.faces.resource/jquery/jquery.js?ln=primefaces&v=4.0 HTTP/1.1" 304 -
200.69.84.134 - - [10/Jan/2024:07:39:29 -0500] "GET /sipse/faces/javax.faces.resource/jquery/jquery-plugins.js?ln=primefaces&v=4.0 HTTP/1.1" 304 -
200.69.84.134 - - [10/Jan/2024:07:39:29 -0500] "GET /sipse/faces/javax.faces.resource/primefaces.js?ln=primefaces&v=4.0 HTTP/1.1" 304 -
200.69.84.134 - - [10/Jan/2024:07:39:29 -0500] "GET /sipse/faces/javax.faces.resource/layout/layout.js?ln=primefaces&v=4.0 HTTP/1.1" 304 -
200.69.84.134 - - [10/Jan/2024:07:39:29 -0500] "POST /sipse/faces/presentacion/proyectos/proyecto/listarProyecto.xhtml HTTP/1.1" 200 79144
200.69.84.134 - - [10/Jan/2024:07:39:30 -0500] "POST /sipse/faces/presentacion/proyectos/proyecto/listarProyecto.xhtml HTTP/1.1" 200 79144
156.59.198.135 - - [10/Jan/2024:07:39:30 -0500] "GET /BLA/resoluciones/AUTOS%202007/1591.pdf HTTP/1.0" 200 28964
52.167.144.182 - - [10/Jan/2024:07:39:31 -0500] "GET /BLA/resoluciones/AUTOS%202020/3426.pdf HTTP/1.1" 200 1823492
200.69.84.134 - - [10/Jan/2024:07:39:34 -0500] "POST /sipse/faces/presentacion/proyectos/proyecto/listarProyecto.xhtml HTTP/1.1" 200 30176
200.69.84.134 - - [10/Jan/2024:07:39:34 -0500] "POST /sipse/faces/presentacion/proyectos/proyecto/listarProyecto.xhtml HTTP/1.1" 200 4875
200.69.84.134 - - [10/Jan/2024:07:39:38 -0500] "POST /sipse/faces/presentacion/proyectos/proyecto/listarProyecto.xhtml HTTP/1.1" 200 163
200.69.84.134 - - [10/Jan/2024:07:39:38 -0500] "GET /sipse/faces/presentacion/proyectos/proyecto/proyecto.xhtml HTTP/1.1" 200 90300
200.69.84.134 - - [10/Jan/2024:07:39:39 -0500] "GET /sipse/faces/javax.faces.resource/theme.css?ln=primefaces-sipse HTTP/1.1" 304 -
200.69.84.134 - - [10/Jan/2024:07:39:39 -0500] "GET /sipse/faces/javax.faces.resource/primefaces.css?ln=primefaces&v=4.0 HTTP/1.1" 304 -
200.69.84.134 - - [10/Jan/2024:07:39:39 -0500] "GET /sipse/faces/javax.faces.resource/layout/layout.css?ln=primefaces&v=4.0 HTTP/1.1" 304 -
200.69.84.134 - - [10/Jan/2024:07:39:39 -0500] "GET /sipse/faces/javax.faces.resource/jquery/jquery.js?ln=primefaces&v=4.0 HTTP/1.1" 304 -
200.69.84.134 - - [10/Jan/2024:07:39:39 -0500] "GET /sipse/faces/javax.faces.resource/layout/layout.js?ln=primefaces&v=4.0 HTTP/1.1" 304 -
200.69.84.134 - - [10/Jan/2024:07:39:39 -0500] "GET /sipse/faces/javax.faces.resource/primefaces.js?ln=primefaces&v=4.0 HTTP/1.1" 304 -
200.69.84.134 - - [10/Jan/2024:07:39:39 -0500] "GET /sipse/faces/javax.faces.resource/jquery/jquery-plugins.js?ln=primefaces&v=4.0 HTTP/1.1" 304 -
200.69.84.134 - - [10/Jan/2024:07:39:40 -0500] "POST /sipse/faces/presentacion/proyectos/proyecto/proyecto.xhtml HTTP/1.1" 200 3253
201.245.192.253 - - [10/Jan/2024:07:39:45 -0500] "GET /sipse/faces/autenticacion.xhtml HTTP/1.1" 200 12728
201.245.192.253 - - [10/Jan/2024:07:39:45 -0500] "GET /sipse/js/disable_browser_buttons.js HTTP/1.1" 304 -
201.245.192.253 - - [10/Jan/2024:07:39:45 -0500] "GET /sipse/css/custom_css_sg.css HTTP/1.1" 200 9694
201.245.192.253 - - [10/Jan/2024:07:39:45 -0500] "GET /sipse/css/custom_css_sg_prime_login.css HTTP/1.1" 200 443
201.245.192.253 - - [10/Jan/2024:07:39:45 -0500] "GET /sipse/faces/javax.faces.resource/layout/layout.css;jsessionid=m-jyJvFz6kJPhEbEvkHYse2v.undefined?ln=primefaces&v=4.0 HTTP/1.1" 200 542
201.245.192.253 - - [10/Jan/2024:07:39:45 -0500] "GET /sipse/js/funciones.js HTTP/1.1" 304 -
201.245.192.253 - - [10/Jan/2024:07:39:45 -0500] "GET /sipse/faces/javax.faces.resource/jquery/jquery.js;jsessionid=m-jyJvFz6kJPhEbEvkHYse2v.undefined?ln=primefaces&v=4.0 HTTP/1.1" 200 105384
201.245.192.253 - - [10/Jan/2024:07:39:45 -0500] "GET /sipse/faces/javax.faces.resource/jquery/jquery-plugins.js;jsessionid=m-jyJvFz6kJPhEbEvkHYse2v.undefined?ln=primefaces&v=4.0 HTTP/1.1" 200 220526
201.245.192.253 - - [10/Jan/2024:07:39:45 -0500] "GET /sipse/faces/javax.faces.resource/layout/layout.js;jsessionid=m-jyJvFz6kJPhEbEvkHYse2v.undefined?ln=primefaces&v=4.0 HTTP/1.1" 200 87560
201.245.192.253 - - [10/Jan/2024:07:39:45 -0500] "GET /sipse/faces/javax.faces.resource/theme.css?ln=primefaces-sipse HTTP/1.1" 200 50058
216.244.66.195 - - [10/Jan/2024:07:39:45 -0500] "GET /BLA/resoluciones/AUTOS%202013/2265.pdf HTTP/1.1" 200 466507
201.245.192.253 - - [10/Jan/2024:07:39:45 -0500] "GET /sipse/faces/javax.faces.resource/primefaces.js;jsessionid=m-jyJvFz6kJPhEbEvkHYse2v.undefined?ln=primefaces&v=4.0 HTTP/1.1" 200 276924
201.245.192.253 - - [10/Jan/2024:07:39:45 -0500] "GET /sipse/faces/javax.faces.resource/primefaces.css;jsessionid=m-jyJvFz6kJPhEbEvkHYse2v.undefined?ln=primefaces&v=4.0 HTTP/1.1" 200 53295
201.245.192.253 - - [10/Jan/2024:07:39:45 -0500] "GET /sipse/css/imagen/logoSDG.png HTTP/1.1" 200 53064
201.245.192.253 - - [10/Jan/2024:07:39:45 -0500] "GET /sipse/faces/javax.faces.resource/images/ui-icons_898989_256x240.png?ln=primefaces-aristo HTTP/1.1" 200 5355
201.245.192.253 - - [10/Jan/2024:07:39:45 -0500] "GET /sipse/css/imagen/loginimg.png HTTP/1.1" 200 71635
201.245.192.253 - - [10/Jan/2024:07:39:45 -0500] "GET /favicon.ico HTTP/1.1" 200 7782
201.245.192.253 - - [10/Jan/2024:07:39:45 -0500] "GET /sipse/faces/index.xhtml HTTP/1.1" 200 677
201.245.192.253 - - [10/Jan/2024:07:39:45 -0500] "GET /sipse/faces/javax.faces.resource/theme.css?ln=primefaces-sipse HTTP/1.1" 304 -
201.245.192.253 - - [10/Jan/2024:07:39:45 -0500] "GET /sipse/faces/faces/autenticacion.xhtml HTTP/1.1" 200 12406
201.245.192.253 - - [10/Jan/2024:07:39:45 -0500] "GET /sipse/faces/javax.faces.resource/theme.css?ln=primefaces-sipse HTTP/1.1" 304 -
201.245.192.253 - - [10/Jan/2024:07:39:45 -0500] "GET /sipse/faces/javax.faces.resource/layout/layout.css?ln=primefaces&v=4.0 HTTP/1.1" 200 542
201.245.192.253 - - [10/Jan/2024:07:39:45 -0500] "GET /sipse/faces/javax.faces.resource/primefaces.css?ln=primefaces&v=4.0 HTTP/1.1" 200 53295
201.245.192.253 - - [10/Jan/2024:07:39:45 -0500] "GET /sipse/faces/javax.faces.resource/jquery/jquery.js?ln=primefaces&v=4.0 HTTP/1.1" 304 -
201.245.192.253 - - [10/Jan/2024:07:39:45 -0500] "GET /sipse/faces/javax.faces.resource/jquery/jquery-plugins.js?ln=primefaces&v=4.0 HTTP/1.1" 304 -
201.245.192.253 - - [10/Jan/2024:07:39:45 -0500] "GET /sipse/faces/javax.faces.resource/primefaces.js?ln=primefaces&v=4.0 HTTP/1.1" 304 -
201.245.192.253 - - [10/Jan/2024:07:39:45 -0500] "GET /sipse/faces/javax.faces.resource/layout/layout.js?ln=primefaces&v=4.0 HTTP/1.1" 304 -
201.245.192.253 - - [10/Jan/2024:07:39:45 -0500] "GET /sipse/faces/javax.faces.resource/images/ui-icons_898989_256x240.png?ln=primefaces-aristo HTTP/1.1" 304 -
200.69.84.134 - - [10/Jan/2024:07:39:47 -0500] "POST /sipse/faces/presentacion/proyectos/proyecto/proyecto.xhtml HTTP/1.1" 200 50272
200.69.84.134 - - [10/Jan/2024:07:39:47 -0500] "GET /sipse/faces/javax.faces.resource/theme.css?ln=primefaces-sipse HTTP/1.1" 304 -
200.69.84.134 - - [10/Jan/2024:07:39:47 -0500] "GET /sipse/faces/javax.faces.resource/primefaces.css?ln=primefaces&v=4.0 HTTP/1.1" 304 -
200.69.84.134 - - [10/Jan/2024:07:39:47 -0500] "GET /sipse/faces/javax.faces.resource/layout/layout.css?ln=primefaces&v=4.0 HTTP/1.1" 304 -
200.69.84.134 - - [10/Jan/2024:07:39:47 -0500] "GET /sipse/faces/javax.faces.resource/jquery/jquery.js?ln=primefaces&v=4.0 HTTP/1.1" 304 -
200.69.84.134 - - [10/Jan/2024:07:39:47 -0500] "GET /sipse/faces/javax.faces.resource/jquery/jquery-plugins.js?ln=primefaces&v=4.0 HTTP/1.1" 304 -
200.69.84.134 - - [10/Jan/2024:07:39:48 -0500] "GET /sipse/faces/javax.faces.resource/primefaces.js?ln=primefaces&v=4.0 HTTP/1.1" 304 -
200.69.84.134 - - [10/Jan/2024:07:39:48 -0500] "GET /sipse/faces/javax.faces.resource/layout/layout.js?ln=primefaces&v=4.0 HTTP/1.1" 304 -
201.245.192.253 - - [10/Jan/2024:07:39:50 -0500] "POST /sipse/faces/autenticacion.xhtml HTTP/1.1" 200 11844
201.245.192.253 - - [10/Jan/2024:07:39:50 -0500] "GET /sipse/css/custom_css_sg_prime.css HTTP/1.1" 200 5201
201.245.192.253 - - [10/Jan/2024:07:39:50 -0500] "GET /sipse/faces/javax.faces.resource/jquery/jquery.js?ln=primefaces&v=4.0 HTTP/1.1" 304 -
201.245.192.253 - - [10/Jan/2024:07:39:50 -0500] "GET /sipse/faces/javax.faces.resource/jquery/jquery-plugins.js?ln=primefaces&v=4.0 HTTP/1.1" 304 -
201.245.192.253 - - [10/Jan/2024:07:39:50 -0500] "GET /sipse/faces/javax.faces.resource/primefaces.js?ln=primefaces&v=4.0 HTTP/1.1" 304 -
201.245.192.253 - - [10/Jan/2024:07:39:50 -0500] "GET /sipse/faces/javax.faces.resource/layout/layout.js?ln=primefaces&v=4.0 HTTP/1.1" 304 -
201.245.192.253 - - [10/Jan/2024:07:39:50 -0500] "GET /sipse/faces/javax.faces.resource/messages/messages.png?ln=primefaces&v=4.0 HTTP/1.1" 200 27209
201.245.192.253 - - [10/Jan/2024:07:39:50 -0500] "POST /kwsrmcab/Wsrmcab HTTP/1.1" 200 36509
201.245.192.253 - - [10/Jan/2024:07:39:50 -0500] "POST /kwsrmcab/Wsrmcab  HTTP/1.1" 200 36937
201.245.192.253 - - [10/Jan/2024:07:39:54 -0500] "POST /sipse/faces/presentacion/sistema/seguridad/seleccionRol.xhtml HTTP/1.1" 200 6275
201.245.192.253 - - [10/Jan/2024:07:39:54 -0500] "POST /sipse/faces/presentacion/sistema/seguridad/seleccionRol.xhtml HTTP/1.1" 200 18828
201.245.192.253 - - [10/Jan/2024:07:39:55 -0500] "GET /sipse/js/jquery.min.js HTTP/1.1" 304 -
156.59.198.136 - - [10/Jan/2024:07:39:54 -0500] "GET /BLA/resoluciones/AUTOS%202014/6027.pdf HTTP/1.0" 200 503195
201.245.192.253 - - [10/Jan/2024:07:39:55 -0500] "GET /sipse/faces/javax.faces.resource/jquery/jquery.js?ln=primefaces&v=4.0 HTTP/1.1" 304 -
201.245.192.253 - - [10/Jan/2024:07:39:55 -0500] "GET /sipse/faces/javax.faces.resource/jquery/jquery-plugins.js?ln=primefaces&v=4.0 HTTP/1.1" 304 -
201.245.192.253 - - [10/Jan/2024:07:39:55 -0500] "GET /sipse/faces/javax.faces.resource/primefaces.js?ln=primefaces&v=4.0 HTTP/1.1" 304 -
201.245.192.253 - - [10/Jan/2024:07:39:55 -0500] "GET /sipse/faces/javax.faces.resource/layout/layout.js?ln=primefaces&v=4.0 HTTP/1.1" 304 -
201.245.192.253 - - [10/Jan/2024:07:39:55 -0500] "GET /sipse/css/v_mergente.css HTTP/1.1" 200 1505
201.245.192.253 - - [10/Jan/2024:07:39:55 -0500] "GET /sipse/imagenes/cargando.gif HTTP/1.1" 200 36959
201.245.192.253 - - [10/Jan/2024:07:39:55 -0500] "GET /sipse/css/imagen/contrasena.png HTTP/1.1" 404 383
201.245.192.253 - - [10/Jan/2024:07:39:55 -0500] "GET /sipse/imagenes/logoAplicacion.jpg HTTP/1.1" 200 155084
172.22.2.4 - - [10/Jan/2024:07:38:15 -0500] "GET /BLA/boletinlegal/ HTTP/1.1" 200 58567
200.69.84.134 - - [10/Jan/2024:07:39:56 -0500] "POST /sipse/faces/presentacion/proyectos/proyecto/proyectoAdministrador/crearAdministrador.xhtml HTTP/1.1" 200 1776
201.245.192.253 - - [10/Jan/2024:07:39:57 -0500] "GET /sipse/faces/javax.faces.resource/images/ui-bg_flat_0_2d5972_40x100.png?ln=primefaces-aristo HTTP/1.1" 200 183
201.245.192.253 - - [10/Jan/2024:07:39:57 -0500] "POST /sipse/faces/bienvenido.xhtml HTTP/1.1" 200 2055
200.69.84.134 - - [10/Jan/2024:07:39:59 -0500] "POST /sipse/faces/presentacion/proyectos/proyecto/proyectoAdministrador/crearAdministrador.xhtml HTTP/1.1" 200 2628
200.69.84.134 - - [10/Jan/2024:07:39:59 -0500] "POST /sipse/faces/presentacion/proyectos/proyecto/proyectoAdministrador/crearAdministrador.xhtml HTTP/1.1" 200 2473
201.245.192.253 - - [10/Jan/2024:07:39:58 -0500] "POST /sipse/faces/bienvenido.xhtml HTTP/1.1" 200 82852
201.245.192.253 - - [10/Jan/2024:07:40:01 -0500] "GET /sipse/faces/javax.faces.resource/jquery/jquery.js?ln=primefaces&v=4.0 HTTP/1.1" 304 -
201.245.192.253 - - [10/Jan/2024:07:40:01 -0500] "GET /sipse/faces/javax.faces.resource/jquery/jquery-plugins.js?ln=primefaces&v=4.0 HTTP/1.1" 304 -
201.245.192.253 - - [10/Jan/2024:07:40:01 -0500] "GET /sipse/faces/javax.faces.resource/primefaces.js?ln=primefaces&v=4.0 HTTP/1.1" 304 -
201.245.192.253 - - [10/Jan/2024:07:40:01 -0500] "GET /sipse/faces/javax.faces.resource/layout/layout.js?ln=primefaces&v=4.0 HTTP/1.1" 304 -
200.69.84.134 - - [10/Jan/2024:07:40:03 -0500] "POST /sipse/faces/presentacion/proyectos/proyecto/proyectoAdministrador/crearAdministrador.xhtml HTTP/1.1" 200 2461
216.244.66.195 - - [10/Jan/2024:07:40:13 -0500] "GET /BLA/resoluciones/AUTOS%202013/2308.pdf HTTP/1.1" 200 347802
156.59.198.135 - - [10/Jan/2024:07:40:19 -0500] "GET /BLA/resoluciones/AUTOS%202014/1448.pdf HTTP/1.0" 200 767916
216.245.221.92 - - [10/Jan/2024:07:40:24 -0500] "HEAD / HTTP/1.1" 200 -
201.245.192.253 - - [10/Jan/2024:07:40:30 -0500] "POST /sipse/faces/presentacion/proyectos/proyecto/listarProyecto.xhtml HTTP/1.1" 200 56902
201.245.192.253 - - [10/Jan/2024:07:40:32 -0500] "POST /sipse/faces/presentacion/proyectos/proyecto/listarProyecto.xhtml HTTP/1.1" 200 58194
216.244.66.195 - - [10/Jan/2024:07:40:41 -0500] "GET /BLA/resoluciones/AUTOS%202013/2330.pdf HTTP/1.1" 200 794615
156.59.198.136 - - [10/Jan/2024:07:40:44 -0500] "GET /BLA/resoluciones/AUTOS%202014/5322.pdf HTTP/1.0" 200 171469
200.69.84.134 - - [10/Jan/2024:07:40:51 -0500] "POST /sipse/faces/presentacion/proyectos/proyecto/proyectoAdministrador/crearAdministrador.xhtml HTTP/1.1" 200 83226
200.69.84.134 - - [10/Jan/2024:07:40:52 -0500] "GET /sipse/faces/javax.faces.resource/theme.css?ln=primefaces-sipse HTTP/1.1" 304 -
200.69.84.134 - - [10/Jan/2024:07:40:52 -0500] "GET /sipse/faces/javax.faces.resource/primefaces.css?ln=primefaces&v=4.0 HTTP/1.1" 304 -
200.69.84.134 - - [10/Jan/2024:07:40:52 -0500] "GET /sipse/faces/javax.faces.resource/layout/layout.css?ln=primefaces&v=4.0 HTTP/1.1" 304 -
200.69.84.134 - - [10/Jan/2024:07:40:52 -0500] "GET /sipse/faces/javax.faces.resource/jquery/jquery.js?ln=primefaces&v=4.0 HTTP/1.1" 304 -
200.69.84.134 - - [10/Jan/2024:07:40:52 -0500] "GET /sipse/faces/javax.faces.resource/jquery/jquery-plugins.js?ln=primefaces&v=4.0 HTTP/1.1" 304 -
200.69.84.134 - - [10/Jan/2024:07:40:52 -0500] "GET /sipse/faces/javax.faces.resource/primefaces.js?ln=primefaces&v=4.0 HTTP/1.1" 304 -
200.69.84.134 - - [10/Jan/2024:07:40:52 -0500] "GET /sipse/faces/javax.faces.resource/layout/layout.js?ln=primefaces&v=4.0 HTTP/1.1" 304 -
200.69.84.134 - - [10/Jan/2024:07:40:53 -0500] "POST /sipse/faces/presentacion/proyectos/proyecto/proyecto.xhtml HTTP/1.1" 200 3253
216.244.66.195 - - [10/Jan/2024:07:41:08 -0500] "GET /BLA/resoluciones/AUTOS%202013/2584.pdf HTTP/1.1" 200 1231466
156.59.198.135 - - [10/Jan/2024:07:41:08 -0500] "GET /BLA/resoluciones/AUTOS%202014/2595.pdf HTTP/1.0" 200 359656
156.59.198.135 - - [10/Jan/2024:07:41:33 -0500] "GET /BLA/resoluciones/AUTOS%202007/1673.pdf HTTP/1.0" 200 166605
172.22.2.4 - - [10/Jan/2024:07:41:35 -0500] "HEAD /BLA/boletinlegal/actos.php HTTP/1.1" 200 -
172.22.2.4 - - [10/Jan/2024:07:41:35 -0500] "GET /BLA/boletinlegal/actos.php HTTP/1.1" 200 9648
172.22.2.4 - - [10/Jan/2024:07:41:35 -0500] "GET /BLA/boletinlegal/styles2.css HTTP/1.1" 200 1838
172.22.2.4 - - [10/Jan/2024:07:41:35 -0500] "GET /BLA/boletinlegal/js/popup.js HTTP/1.1" 200 1270
172.22.2.4 - - [10/Jan/2024:07:41:35 -0500] "GET /BLA/boletinlegal/js/jquery1.js HTTP/1.1" 200 29846
172.22.2.4 - - [10/Jan/2024:07:41:35 -0500] "GET /BLA/boletinlegal/style.css HTTP/1.1" 200 9406
172.22.2.4 - - [10/Jan/2024:07:41:35 -0500] "GET /BLA/boletinlegal/js/ajax_actos.js HTTP/1.1" 200 1322
172.22.2.4 - - [10/Jan/2024:07:41:35 -0500] "GET /BLA/boletinlegal/niceforms-default.css HTTP/1.1" 200 6694
172.22.2.4 - - [10/Jan/2024:07:41:35 -0500] "GET /BLA/boletinlegal/js/lib.js HTTP/1.1" 200 6474
172.22.2.4 - - [10/Jan/2024:07:41:35 -0500] "GET /BLA/boletinlegal/images/cabezote%20BLEGAL.jpg HTTP/1.1" 200 118164
172.22.2.4 - - [10/Jan/2024:07:41:35 -0500] "GET /BLA/boletinlegal/images/subscribe-icon-big.png HTTP/1.1" 200 47702
172.22.2.4 - - [10/Jan/2024:07:41:36 -0500] "GET /BLA/boletinlegal/images/historia.png HTTP/1.1" 200 52775
172.22.2.4 - - [10/Jan/2024:07:41:36 -0500] "GET /BLA/boletinlegal/images/registro-usuarios.png HTTP/1.1" 200 8106
172.22.2.4 - - [10/Jan/2024:07:41:36 -0500] "GET /BLA/boletinlegal/images/green-yellow-blue-pink-th.png HTTP/1.1" 200 7394
172.22.2.4 - - [10/Jan/2024:07:41:36 -0500] "GET /BLA/boletinlegal/niceforms.js HTTP/1.1" 200 22876
172.22.2.4 - - [10/Jan/2024:07:41:36 -0500] "GET /BLA/boletinlegal/images/tel.png HTTP/1.1" 200 14477
172.22.2.4 - - [10/Jan/2024:07:41:36 -0500] "GET /BLA/boletinlegal/images/icono-email.png HTTP/1.1" 200 5544
172.22.2.4 - - [10/Jan/2024:07:41:36 -0500] "GET /BLA/boletinlegal/images/body_bg.jpg HTTP/1.1" 200 1601
172.22.2.4 - - [10/Jan/2024:07:41:36 -0500] "GET /BLA/boletinlegal/images/menu_lft.gif HTTP/1.1" 200 1713
172.22.2.4 - - [10/Jan/2024:07:41:36 -0500] "GET /BLA/boletinlegal/images/menu_rght.gif HTTP/1.1" 200 1627
172.22.2.4 - - [10/Jan/2024:07:41:36 -0500] "GET /BLA/boletinlegal/images/bg_top.jpg HTTP/1.1" 200 522
172.22.2.4 - - [10/Jan/2024:07:41:36 -0500] "GET /BLA/boletinlegal/images/menu_bg.jpg HTTP/1.1" 200 620
172.22.2.4 - - [10/Jan/2024:07:41:36 -0500] "GET /BLA/boletinlegal/images/hover.jpg HTTP/1.1" 200 640
172.22.2.4 - - [10/Jan/2024:07:41:36 -0500] "GET /BLA/boletinlegal/images/text.jpg HTTP/1.1" 200 568
172.22.2.4 - - [10/Jan/2024:07:41:36 -0500] "GET /BLA/boletinlegal/images/footer_bg.jpg HTTP/1.1" 200 586
172.22.2.4 - - [10/Jan/2024:07:41:36 -0500] "GET /BLA/boletinlegal/favicon.ico HTTP/1.1" 404 1140
172.22.2.4 - - [10/Jan/2024:07:41:36 -0500] "GET /BLA/boletinlegal/images/footer_bg_l.jpg HTTP/1.1" 200 776
172.22.2.4 - - [10/Jan/2024:07:41:36 -0500] "GET /BLA/boletinlegal/img/0.png HTTP/1.1" 200 110
172.22.2.4 - - [10/Jan/2024:07:41:36 -0500] "GET /BLA/boletinlegal/img/select-left.png HTTP/1.1" 200 263
172.22.2.4 - - [10/Jan/2024:07:41:36 -0500] "GET /BLA/boletinlegal/img/button-left.png HTTP/1.1" 200 57071
172.22.2.4 - - [10/Jan/2024:07:41:36 -0500] "GET /BLA/boletinlegal/img/select-right.png HTTP/1.1" 200 44019
172.22.2.4 - - [10/Jan/2024:07:41:36 -0500] "GET /BLA/boletinlegal/img/button.png HTTP/1.1" 200 43241
172.22.2.4 - - [10/Jan/2024:07:41:36 -0500] "GET /BLA/boletinlegal/img/button-right.png HTTP/1.1" 200 57878
192.44.68.145 - - [10/Jan/2024:07:41:37 -0500] "GET /galeria/galeria/fotos/Humedal-techo1P.jpg HTTP/1.1" 200 33428
156.59.198.136 - - [10/Jan/2024:07:41:57 -0500] "GET /BLA/resoluciones/AUTOS%202007/0423.pdf HTTP/1.0" 200 63043
172.22.2.4 - - [10/Jan/2024:07:42:10 -0500] "GET /BLA/boletinlegal/consulta_actos.php?tipo=resoluciones&no=&usuario=Secretaria%20&sector=&fecha=2023&resuelve= HTTP/1.1" 200 38985
172.22.2.4 - - [10/Jan/2024:07:42:10 -0500] "GET /BLA/boletinlegal/images/pdf.gif HTTP/1.1" 200 567
172.22.2.4 - - [10/Jan/2024:07:42:10 -0500] "GET /BLA/boletinlegal/images/background.gif HTTP/1.1" 200 -
156.59.198.135 - - [10/Jan/2024:07:42:21 -0500] "GET /BLA/resoluciones/AUTOS%202014/2680.pdf HTTP/1.0" 200 703925
156.59.198.136 - - [10/Jan/2024:07:42:46 -0500] "GET /BLA/resoluciones/AUTOS%202014/7116.pdf HTTP/1.0" 200 258589
200.69.84.134 - - [10/Jan/2024:07:43:05 -0500] "POST /sipse/faces/presentacion/proyectos/proyecto/proyecto.xhtml HTTP/1.1" 200 85781
200.69.84.134 - - [10/Jan/2024:07:43:06 -0500] "GET /sipse/faces/javax.faces.resource/theme.css?ln=primefaces-sipse HTTP/1.1" 304 -
200.69.84.134 - - [10/Jan/2024:07:43:06 -0500] "GET /sipse/faces/javax.faces.resource/layout/layout.css?ln=primefaces&v=4.0 HTTP/1.1" 304 -
200.69.84.134 - - [10/Jan/2024:07:43:06 -0500] "GET /sipse/faces/javax.faces.resource/primefaces.css?ln=primefaces&v=4.0 HTTP/1.1" 304 -
200.69.84.134 - - [10/Jan/2024:07:43:06 -0500] "GET /sipse/faces/javax.faces.resource/jquery/jquery.js?ln=primefaces&v=4.0 HTTP/1.1" 304 -
200.69.84.134 - - [10/Jan/2024:07:43:06 -0500] "GET /sipse/faces/javax.faces.resource/jquery/jquery-plugins.js?ln=primefaces&v=4.0 HTTP/1.1" 304 -
200.69.84.134 - - [10/Jan/2024:07:43:06 -0500] "GET /sipse/faces/javax.faces.resource/primefaces.js?ln=primefaces&v=4.0 HTTP/1.1" 304 -
200.69.84.134 - - [10/Jan/2024:07:43:06 -0500] "GET /sipse/faces/javax.faces.resource/layout/layout.js?ln=primefaces&v=4.0 HTTP/1.1" 304 -
200.69.84.134 - - [10/Jan/2024:07:43:06 -0500] "POST /sipse/faces/presentacion/proyectos/proyecto/listarProyecto.xhtml HTTP/1.1" 200 79144
200.69.84.134 - - [10/Jan/2024:07:43:07 -0500] "POST /sipse/faces/presentacion/proyectos/proyecto/listarProyecto.xhtml HTTP/1.1" 200 79144
156.59.198.135 - - [10/Jan/2024:07:43:11 -0500] "GET /BLA/resoluciones/AUTOS%202007/1362.pdf HTTP/1.0" 200 48663
200.69.84.134 - - [10/Jan/2024:07:43:13 -0500] "POST /sipse/faces/presentacion/proyectos/proyecto/listarProyecto.xhtml HTTP/1.1" 200 163
200.69.84.134 - - [10/Jan/2024:07:43:14 -0500] "GET /sipse/faces/presentacion/proyectos/proyecto/proyecto.xhtml HTTP/1.1" 200 86858
200.69.84.134 - - [10/Jan/2024:07:43:15 -0500] "GET /sipse/faces/javax.faces.resource/theme.css?ln=primefaces-sipse HTTP/1.1" 304 -
200.69.84.134 - - [10/Jan/2024:07:43:15 -0500] "GET /sipse/faces/javax.faces.resource/layout/layout.css?ln=primefaces&v=4.0 HTTP/1.1" 304 -
200.69.84.134 - - [10/Jan/2024:07:43:15 -0500] "GET /sipse/faces/javax.faces.resource/primefaces.css?ln=primefaces&v=4.0 HTTP/1.1" 304 -
200.69.84.134 - - [10/Jan/2024:07:43:15 -0500] "GET /sipse/faces/javax.faces.resource/jquery/jquery.js?ln=primefaces&v=4.0 HTTP/1.1" 304 -
200.69.84.134 - - [10/Jan/2024:07:43:15 -0500] "GET /sipse/faces/javax.faces.resource/jquery/jquery-plugins.js?ln=primefaces&v=4.0 HTTP/1.1" 304 -
200.69.84.134 - - [10/Jan/2024:07:43:15 -0500] "GET /sipse/faces/javax.faces.resource/primefaces.js?ln=primefaces&v=4.0 HTTP/1.1" 304 -
200.69.84.134 - - [10/Jan/2024:07:43:15 -0500] "GET /sipse/faces/javax.faces.resource/layout/layout.js?ln=primefaces&v=4.0 HTTP/1.1" 304 -
200.69.84.134 - - [10/Jan/2024:07:43:15 -0500] "POST /sipse/faces/presentacion/proyectos/proyecto/proyecto.xhtml HTTP/1.1" 200 3249
200.69.84.134 - - [10/Jan/2024:07:43:27 -0500] "POST /sipse/faces/presentacion/proyectos/proyecto/proyecto.xhtml HTTP/1.1" 200 28615
200.69.84.134 - - [10/Jan/2024:07:43:27 -0500] "GET /sipse/faces/javax.faces.resource/theme.css?ln=primefaces-sipse HTTP/1.1" 304 -
200.69.84.134 - - [10/Jan/2024:07:43:27 -0500] "GET /sipse/faces/javax.faces.resource/primefaces.css?ln=primefaces&v=4.0 HTTP/1.1" 304 -
200.69.84.134 - - [10/Jan/2024:07:43:27 -0500] "GET /sipse/faces/javax.faces.resource/layout/layout.css?ln=primefaces&v=4.0 HTTP/1.1" 304 -
200.69.84.134 - - [10/Jan/2024:07:43:27 -0500] "GET /sipse/faces/javax.faces.resource/jquery/jquery.js?ln=primefaces&v=4.0 HTTP/1.1" 304 -
200.69.84.134 - - [10/Jan/2024:07:43:28 -0500] "GET /sipse/faces/javax.faces.resource/jquery/jquery-plugins.js?ln=primefaces&v=4.0 HTTP/1.1" 304 -
200.69.84.134 - - [10/Jan/2024:07:43:28 -0500] "GET /sipse/faces/javax.faces.resource/primefaces.js?ln=primefaces&v=4.0 HTTP/1.1" 304 -
200.69.84.134 - - [10/Jan/2024:07:43:28 -0500] "GET /sipse/faces/javax.faces.resource/layout/layout.js?ln=primefaces&v=4.0 HTTP/1.1" 304 -
201.245.192.253 - - [10/Jan/2024:07:43:34 -0500] "POST /sipse/faces/presentacion/proyectos/proyecto/listarProyecto.xhtml HTTP/1.1" 200 4894
156.59.198.135 - - [10/Jan/2024:07:43:35 -0500] "GET /BLA/resoluciones/AUTOS%202014/6981.pdf HTTP/1.0" 200 607045
201.245.192.253 - - [10/Jan/2024:07:43:36 -0500] "POST /sipse/faces/presentacion/proyectos/proyecto/listarProyecto.xhtml HTTP/1.1" 200 163
201.245.192.253 - - [10/Jan/2024:07:43:36 -0500] "GET /sipse/faces/presentacion/proyectos/proyecto/proyecto.xhtml HTTP/1.1" 200 84331
201.245.192.253 - - [10/Jan/2024:07:43:37 -0500] "GET /sipse/faces/javax.faces.resource/theme.css?ln=primefaces-sipse HTTP/1.1" 304 -
201.245.192.253 - - [10/Jan/2024:07:43:37 -0500] "GET /sipse/faces/javax.faces.resource/primefaces.css?ln=primefaces&v=4.0 HTTP/1.1" 304 -
201.245.192.253 - - [10/Jan/2024:07:43:37 -0500] "GET /sipse/faces/javax.faces.resource/jquery/jquery-plugins.js?ln=primefaces&v=4.0 HTTP/1.1" 304 -
201.245.192.253 - - [10/Jan/2024:07:43:37 -0500] "GET /sipse/faces/javax.faces.resource/layout/layout.css?ln=primefaces&v=4.0 HTTP/1.1" 304 -
201.245.192.253 - - [10/Jan/2024:07:43:37 -0500] "GET /sipse/faces/javax.faces.resource/jquery/jquery.js?ln=primefaces&v=4.0 HTTP/1.1" 304 -
201.245.192.253 - - [10/Jan/2024:07:43:37 -0500] "GET /sipse/faces/javax.faces.resource/layout/layout.js?ln=primefaces&v=4.0 HTTP/1.1" 304 -
201.245.192.253 - - [10/Jan/2024:07:43:37 -0500] "GET /sipse/faces/javax.faces.resource/primefaces.js?ln=primefaces&v=4.0 HTTP/1.1" 304 -
201.245.192.253 - - [10/Jan/2024:07:43:37 -0500] "GET /sipse/faces/javax.faces.resource/images/ui-icons_898989_256x240.png?ln=primefaces-aristo HTTP/1.1" 304 -
201.245.192.253 - - [10/Jan/2024:07:43:37 -0500] "GET /sipse/faces/javax.faces.resource/images/ui-bg_flat_0_2d5972_40x100.png?ln=primefaces-aristo HTTP/1.1" 304 -
201.245.192.253 - - [10/Jan/2024:07:43:37 -0500] "POST /sipse/faces/presentacion/proyectos/proyecto/proyecto.xhtml HTTP/1.1" 200 3253
200.69.84.134 - - [10/Jan/2024:07:43:38 -0500] "POST /sipse/faces/presentacion/proyectos/proyecto/proyectoAdministrador/editarAdministrador.xhtml HTTP/1.1" 200 3125
200.69.84.134 - - [10/Jan/2024:07:43:40 -0500] "POST /sipse/faces/presentacion/proyectos/proyecto/proyectoAdministrador/editarAdministrador.xhtml HTTP/1.1" 200 78616
200.69.84.134 - - [10/Jan/2024:07:43:40 -0500] "GET /sipse/faces/javax.faces.resource/theme.css?ln=primefaces-sipse HTTP/1.1" 304 -
200.69.84.134 - - [10/Jan/2024:07:43:40 -0500] "GET /sipse/faces/javax.faces.resource/primefaces.css?ln=primefaces&v=4.0 HTTP/1.1" 304 -
200.69.84.134 - - [10/Jan/2024:07:43:40 -0500] "GET /sipse/faces/javax.faces.resource/layout/layout.css?ln=primefaces&v=4.0 HTTP/1.1" 304 -
200.69.84.134 - - [10/Jan/2024:07:43:40 -0500] "GET /sipse/faces/javax.faces.resource/jquery/jquery.js?ln=primefaces&v=4.0 HTTP/1.1" 304 -
200.69.84.134 - - [10/Jan/2024:07:43:40 -0500] "GET /sipse/faces/javax.faces.resource/jquery/jquery-plugins.js?ln=primefaces&v=4.0 HTTP/1.1" 304 -
200.69.84.134 - - [10/Jan/2024:07:43:40 -0500] "GET /sipse/faces/javax.faces.resource/primefaces.js?ln=primefaces&v=4.0 HTTP/1.1" 304 -
200.69.84.134 - - [10/Jan/2024:07:43:40 -0500] "GET /sipse/faces/javax.faces.resource/layout/layout.js?ln=primefaces&v=4.0 HTTP/1.1" 304 -
200.69.84.134 - - [10/Jan/2024:07:43:41 -0500] "POST /sipse/faces/presentacion/proyectos/proyecto/proyecto.xhtml HTTP/1.1" 200 3249
200.69.84.134 - - [10/Jan/2024:07:43:44 -0500] "POST /sipse/faces/presentacion/proyectos/proyecto/proyecto.xhtml HTTP/1.1" 200 28593
200.69.84.134 - - [10/Jan/2024:07:43:46 -0500] "GET /sipse/faces/javax.faces.resource/theme.css?ln=primefaces-sipse HTTP/1.1" 304 -
200.69.84.134 - - [10/Jan/2024:07:43:46 -0500] "GET /sipse/faces/javax.faces.resource/primefaces.css?ln=primefaces&v=4.0 HTTP/1.1" 304 -
200.69.84.134 - - [10/Jan/2024:07:43:46 -0500] "GET /sipse/faces/javax.faces.resource/layout/layout.css?ln=primefaces&v=4.0 HTTP/1.1" 304 -
200.69.84.134 - - [10/Jan/2024:07:43:46 -0500] "GET /sipse/faces/javax.faces.resource/jquery/jquery.js?ln=primefaces&v=4.0 HTTP/1.1" 304 -
200.69.84.134 - - [10/Jan/2024:07:43:46 -0500] "GET /sipse/faces/javax.faces.resource/jquery/jquery-plugins.js?ln=primefaces&v=4.0 HTTP/1.1" 304 -
200.69.84.134 - - [10/Jan/2024:07:43:46 -0500] "GET /sipse/faces/javax.faces.resource/primefaces.js?ln=primefaces&v=4.0 HTTP/1.1" 304 -
200.69.84.134 - - [10/Jan/2024:07:43:46 -0500] "GET /sipse/faces/javax.faces.resource/layout/layout.js?ln=primefaces&v=4.0 HTTP/1.1" 304 -
200.69.84.134 - - [10/Jan/2024:07:43:54 -0500] "POST /sipse/faces/presentacion/proyectos/proyecto/proyectoAdministrador/editarAdministrador.xhtml HTTP/1.1" 200 3125
200.69.84.134 - - [10/Jan/2024:07:43:55 -0500] "POST /sipse/faces/presentacion/proyectos/proyecto/proyectoAdministrador/editarAdministrador.xhtml HTTP/1.1" 200 78616
200.69.84.134 - - [10/Jan/2024:07:43:56 -0500] "GET /sipse/faces/javax.faces.resource/theme.css?ln=primefaces-sipse HTTP/1.1" 304 -
200.69.84.134 - - [10/Jan/2024:07:43:56 -0500] "GET /sipse/faces/javax.faces.resource/primefaces.css?ln=primefaces&v=4.0 HTTP/1.1" 304 -
200.69.84.134 - - [10/Jan/2024:07:43:56 -0500] "GET /sipse/faces/javax.faces.resource/layout/layout.css?ln=primefaces&v=4.0 HTTP/1.1" 304 -
200.69.84.134 - - [10/Jan/2024:07:43:56 -0500] "GET /sipse/faces/javax.faces.resource/jquery/jquery.js?ln=primefaces&v=4.0 HTTP/1.1" 304 -
200.69.84.134 - - [10/Jan/2024:07:43:56 -0500] "GET /sipse/faces/javax.faces.resource/jquery/jquery-plugins.js?ln=primefaces&v=4.0 HTTP/1.1" 304 -
200.69.84.134 - - [10/Jan/2024:07:43:56 -0500] "GET /sipse/faces/javax.faces.resource/primefaces.js?ln=primefaces&v=4.0 HTTP/1.1" 304 -
200.69.84.134 - - [10/Jan/2024:07:43:56 -0500] "GET /sipse/faces/javax.faces.resource/layout/layout.js?ln=primefaces&v=4.0 HTTP/1.1" 304 -
200.69.84.134 - - [10/Jan/2024:07:43:57 -0500] "POST /sipse/faces/presentacion/proyectos/proyecto/proyecto.xhtml HTTP/1.1" 200 3249
156.59.198.135 - - [10/Jan/2024:07:44:00 -0500] "GET /BLA/resoluciones/AUTOS%202007/0754.pdf HTTP/1.0" 200 99413
200.69.84.134 - - [10/Jan/2024:07:44:00 -0500] "POST /sipse/faces/presentacion/proyectos/proyecto/proyecto.xhtml HTTP/1.1" 200 28596
200.69.84.134 - - [10/Jan/2024:07:44:02 -0500] "GET /sipse/faces/javax.faces.resource/theme.css?ln=primefaces-sipse HTTP/1.1" 304 -
200.69.84.134 - - [10/Jan/2024:07:44:02 -0500] "GET /sipse/faces/javax.faces.resource/primefaces.css?ln=primefaces&v=4.0 HTTP/1.1" 304 -
200.69.84.134 - - [10/Jan/2024:07:44:02 -0500] "GET /sipse/faces/javax.faces.resource/layout/layout.css?ln=primefaces&v=4.0 HTTP/1.1" 304 -
200.69.84.134 - - [10/Jan/2024:07:44:02 -0500] "GET /sipse/faces/javax.faces.resource/jquery/jquery.js?ln=primefaces&v=4.0 HTTP/1.1" 304 -
200.69.84.134 - - [10/Jan/2024:07:44:02 -0500] "GET /sipse/faces/javax.faces.resource/jquery/jquery-plugins.js?ln=primefaces&v=4.0 HTTP/1.1" 304 -
200.69.84.134 - - [10/Jan/2024:07:44:02 -0500] "GET /sipse/faces/javax.faces.resource/primefaces.js?ln=primefaces&v=4.0 HTTP/1.1" 304 -
200.69.84.134 - - [10/Jan/2024:07:44:02 -0500] "GET /sipse/faces/javax.faces.resource/layout/layout.js?ln=primefaces&v=4.0 HTTP/1.1" 304 -
