201.245.192.253 - - [10/Jan/2024:08:11:39 -0500] "GET /sipse/faces/javax.faces.resource/jquery/jquery-plugins.js?ln=primefaces&v=4.0 HTTP/1.1" 304 -
201.245.192.253 - - [10/Jan/2024:08:11:39 -0500] "GET /sipse/faces/javax.faces.resource/primefaces.js?ln=primefaces&v=4.0 HTTP/1.1" 304 -
201.245.192.253 - - [10/Jan/2024:08:11:39 -0500] "GET /sipse/faces/javax.faces.resource/layout/layout.js?ln=primefaces&v=4.0 HTTP/1.1" 304 -
200.69.84.134 - - [10/Jan/2024:08:11:40 -0500] "POST /sipse/faces/presentacion/proyectos/proyecto/proyectoAdministrador/crearAdministrador.xhtml HTTP/1.1" 200 1797
201.245.192.253 - - [10/Jan/2024:08:11:42 -0500] "POST /sipse/faces/presentacion/proyectos/proyecto/proyectoAdministrador/crearAdministrador.xhtml HTTP/1.1" 200 87263
201.245.192.253 - - [10/Jan/2024:08:11:44 -0500] "GET /sipse/faces/javax.faces.resource/theme.css?ln=primefaces-sipse HTTP/1.1" 304 -
201.245.192.253 - - [10/Jan/2024:08:11:44 -0500] "GET /sipse/faces/javax.faces.resource/primefaces.css?ln=primefaces&v=4.0 HTTP/1.1" 304 -
201.245.192.253 - - [10/Jan/2024:08:11:44 -0500] "GET /sipse/faces/javax.faces.resource/layout/layout.css?ln=primefaces&v=4.0 HTTP/1.1" 304 -
201.245.192.253 - - [10/Jan/2024:08:11:44 -0500] "GET /sipse/faces/javax.faces.resource/jquery/jquery.js?ln=primefaces&v=4.0 HTTP/1.1" 304 -
201.245.192.253 - - [10/Jan/2024:08:11:44 -0500] "GET /sipse/faces/javax.faces.resource/jquery/jquery-plugins.js?ln=primefaces&v=4.0 HTTP/1.1" 304 -
201.245.192.253 - - [10/Jan/2024:08:11:44 -0500] "GET /sipse/faces/javax.faces.resource/primefaces.js?ln=primefaces&v=4.0 HTTP/1.1" 304 -
201.245.192.253 - - [10/Jan/2024:08:11:44 -0500] "GET /sipse/faces/javax.faces.resource/layout/layout.js?ln=primefaces&v=4.0 HTTP/1.1" 304 -
201.245.192.253 - - [10/Jan/2024:08:11:44 -0500] "GET /sipse/faces/javax.faces.resource/images/ui-icons_898989_256x240.png?ln=primefaces-aristo HTTP/1.1" 304 -
201.245.192.253 - - [10/Jan/2024:08:11:44 -0500] "GET /sipse/faces/javax.faces.resource/images/ui-bg_flat_0_2d5972_40x100.png?ln=primefaces-aristo HTTP/1.1" 304 -
201.245.192.253 - - [10/Jan/2024:08:11:44 -0500] "POST /sipse/faces/presentacion/proyectos/proyecto/proyecto.xhtml HTTP/1.1" 200 3253
156.59.198.135 - - [10/Jan/2024:08:11:45 -0500] "GET /BLA/resoluciones/AUTOS%202007/0897.pdf HTTP/1.0" 200 275377
181.52.137.141 - - [10/Jan/2024:08:11:50 -0500] "POST /BLA/boletinlegal/admin/usuarios/process.php HTTP/1.1" 302 -
181.52.137.141 - - [10/Jan/2024:08:11:51 -0500] "GET /BLA/boletinlegal/admin/index.php HTTP/1.1" 200 2466
201.245.192.253 - - [10/Jan/2024:08:11:52 -0500] "POST /sipse/faces/presentacion/proyectos/proyecto/listarProyecto.xhtml HTTP/1.1" 200 10514
201.245.192.253 - - [10/Jan/2024:08:11:53 -0500] "POST /sipse/faces/presentacion/proyectos/proyecto/listarProyecto.xhtml HTTP/1.1" 200 4960
201.245.192.253 - - [10/Jan/2024:08:11:55 -0500] "POST /sipse/faces/presentacion/proyectos/proyecto/listarProyecto.xhtml HTTP/1.1" 200 163
201.245.192.253 - - [10/Jan/2024:08:11:55 -0500] "GET /sipse/faces/presentacion/proyectos/proyecto/proyecto.xhtml HTTP/1.1" 200 87073
201.245.192.253 - - [10/Jan/2024:08:11:56 -0500] "GET /sipse/faces/javax.faces.resource/theme.css?ln=primefaces-sipse HTTP/1.1" 304 -
201.245.192.253 - - [10/Jan/2024:08:11:56 -0500] "GET /sipse/faces/javax.faces.resource/jquery/jquery.js?ln=primefaces&v=4.0 HTTP/1.1" 304 -
201.245.192.253 - - [10/Jan/2024:08:11:56 -0500] "GET /sipse/faces/javax.faces.resource/primefaces.css?ln=primefaces&v=4.0 HTTP/1.1" 304 -
201.245.192.253 - - [10/Jan/2024:08:11:56 -0500] "GET /sipse/faces/javax.faces.resource/layout/layout.css?ln=primefaces&v=4.0 HTTP/1.1" 304 -
201.245.192.253 - - [10/Jan/2024:08:11:56 -0500] "GET /sipse/faces/javax.faces.resource/jquery/jquery-plugins.js?ln=primefaces&v=4.0 HTTP/1.1" 304 -
201.245.192.253 - - [10/Jan/2024:08:11:56 -0500] "GET /sipse/faces/javax.faces.resource/primefaces.js?ln=primefaces&v=4.0 HTTP/1.1" 304 -
201.245.192.253 - - [10/Jan/2024:08:11:56 -0500] "GET /sipse/faces/javax.faces.resource/layout/layout.js?ln=primefaces&v=4.0 HTTP/1.1" 304 -
201.245.192.253 - - [10/Jan/2024:08:11:56 -0500] "GET /sipse/faces/javax.faces.resource/images/ui-icons_898989_256x240.png?ln=primefaces-aristo HTTP/1.1" 304 -
201.245.192.253 - - [10/Jan/2024:08:11:57 -0500] "GET /sipse/faces/javax.faces.resource/images/ui-bg_flat_0_2d5972_40x100.png?ln=primefaces-aristo HTTP/1.1" 304 -
201.245.192.253 - - [10/Jan/2024:08:11:57 -0500] "POST /sipse/faces/presentacion/proyectos/proyecto/proyecto.xhtml HTTP/1.1" 200 3225
172.22.2.4 - - [10/Jan/2024:08:11:57 -0500] "GET /BLA/boletinlegal/styles2.css HTTP/1.1" 200 1838
172.22.2.4 - - [10/Jan/2024:08:11:57 -0500] "GET /BLA/boletinlegal/niceforms-default.css HTTP/1.1" 200 6694
172.22.2.4 - - [10/Jan/2024:08:11:57 -0500] "GET /BLA/boletinlegal/style.css HTTP/1.1" 200 9406
172.22.2.4 - - [10/Jan/2024:08:11:57 -0500] "GET /BLA/boletinlegal/normativa.php HTTP/1.1" 200 8343
172.22.2.4 - - [10/Jan/2024:08:11:57 -0500] "GET /BLA/boletinlegal/js/ajax_normativa.js HTTP/1.1" 200 1154
172.22.2.4 - - [10/Jan/2024:08:11:57 -0500] "GET /BLA/boletinlegal/niceforms.js HTTP/1.1" 200 22876
172.22.2.4 - - [10/Jan/2024:08:11:57 -0500] "GET /BLA/boletinlegal/images/cabezote%20BLEGAL.jpg HTTP/1.1" 200 118164
172.22.2.4 - - [10/Jan/2024:08:11:57 -0500] "GET /BLA/boletinlegal/images/subscribe-icon-big.png HTTP/1.1" 200 47702
172.22.2.4 - - [10/Jan/2024:08:11:57 -0500] "GET /BLA/boletinlegal/images/historia.png HTTP/1.1" 200 52775
172.22.2.4 - - [10/Jan/2024:08:11:57 -0500] "GET /BLA/boletinlegal/images/registro-usuarios.png HTTP/1.1" 200 8106
172.22.2.4 - - [10/Jan/2024:08:11:57 -0500] "GET /BLA/boletinlegal/images/tel.png HTTP/1.1" 200 14477
172.22.2.4 - - [10/Jan/2024:08:11:57 -0500] "GET /BLA/boletinlegal/images/text.jpg HTTP/1.1" 200 568
172.22.2.4 - - [10/Jan/2024:08:11:58 -0500] "GET /BLA/boletinlegal/images/footer_bg_l.jpg HTTP/1.1" 200 776
172.22.2.4 - - [10/Jan/2024:08:11:58 -0500] "GET /BLA/boletinlegal/images/body_bg.jpg HTTP/1.1" 200 1601
172.22.2.4 - - [10/Jan/2024:08:11:58 -0500] "GET /BLA/boletinlegal/images/footer_bg.jpg HTTP/1.1" 200 586
172.22.2.4 - - [10/Jan/2024:08:11:58 -0500] "GET /BLA/boletinlegal/images/menu_lft.gif HTTP/1.1" 200 1713
172.22.2.4 - - [10/Jan/2024:08:11:58 -0500] "GET /BLA/boletinlegal/images/menu_rght.gif HTTP/1.1" 200 1627
172.22.2.4 - - [10/Jan/2024:08:11:58 -0500] "GET /BLA/boletinlegal/images/bg_top.jpg HTTP/1.1" 200 522
172.22.2.4 - - [10/Jan/2024:08:11:58 -0500] "GET /BLA/boletinlegal/images/menu_bg.jpg HTTP/1.1" 200 620
172.22.2.4 - - [10/Jan/2024:08:11:58 -0500] "GET /BLA/boletinlegal/images/icono-email.png HTTP/1.1" 200 5544
172.22.2.4 - - [10/Jan/2024:08:11:58 -0500] "GET /BLA/boletinlegal/images/hover.jpg HTTP/1.1" 200 640
172.22.2.4 - - [10/Jan/2024:08:11:58 -0500] "GET /BLA/boletinlegal/img/0.png HTTP/1.1" 200 110
172.22.2.4 - - [10/Jan/2024:08:11:58 -0500] "GET /BLA/boletinlegal/img/select-left.png HTTP/1.1" 200 263
172.22.2.4 - - [10/Jan/2024:08:11:58 -0500] "GET /BLA/boletinlegal/img/button.png HTTP/1.1" 200 43241
172.22.2.4 - - [10/Jan/2024:08:11:58 -0500] "GET /BLA/boletinlegal/img/select-right.png HTTP/1.1" 200 44019
172.22.2.4 - - [10/Jan/2024:08:11:58 -0500] "GET /BLA/boletinlegal/img/button-left.png HTTP/1.1" 200 57071
172.22.2.4 - - [10/Jan/2024:08:11:58 -0500] "GET /BLA/boletinlegal/img/button-right.png HTTP/1.1" 200 57878
172.22.2.4 - - [10/Jan/2024:08:11:58 -0500] "GET /BLA/boletinlegal/favicon.ico HTTP/1.1" 404 1334
156.59.198.135 - - [10/Jan/2024:08:12:08 -0500] "GET /BLA/resoluciones/AUTOS%202014/3444.pdf HTTP/1.0" 200 304510
201.245.192.253 - - [10/Jan/2024:08:12:15 -0500] "POST /sipse/faces/presentacion/proyectos/proyecto/proyecto.xhtml HTTP/1.1" 200 47467
201.245.192.253 - - [10/Jan/2024:08:12:16 -0500] "GET /sipse/faces/javax.faces.resource/jquery/jquery.js?ln=primefaces&v=4.0 HTTP/1.1" 304 -
201.245.192.253 - - [10/Jan/2024:08:12:16 -0500] "GET /sipse/faces/javax.faces.resource/jquery/jquery-plugins.js?ln=primefaces&v=4.0 HTTP/1.1" 304 -
201.245.192.253 - - [10/Jan/2024:08:12:16 -0500] "GET /sipse/faces/javax.faces.resource/primefaces.js?ln=primefaces&v=4.0 HTTP/1.1" 304 -
201.245.192.253 - - [10/Jan/2024:08:12:16 -0500] "GET /sipse/faces/javax.faces.resource/layout/layout.js?ln=primefaces&v=4.0 HTTP/1.1" 304 -
200.69.84.134 - - [10/Jan/2024:08:12:18 -0500] "POST /sipse/faces/presentacion/proyectos/proyecto/proyectoAdministrador/crearAdministrador.xhtml HTTP/1.1" 200 79690
200.69.84.134 - - [10/Jan/2024:08:12:21 -0500] "GET /sipse/faces/javax.faces.resource/theme.css?ln=primefaces-sipse HTTP/1.1" 304 -
200.69.84.134 - - [10/Jan/2024:08:12:21 -0500] "GET /sipse/faces/javax.faces.resource/primefaces.css?ln=primefaces&v=4.0 HTTP/1.1" 304 -
200.69.84.134 - - [10/Jan/2024:08:12:21 -0500] "GET /sipse/faces/javax.faces.resource/layout/layout.css?ln=primefaces&v=4.0 HTTP/1.1" 304 -
200.69.84.134 - - [10/Jan/2024:08:12:21 -0500] "GET /sipse/faces/javax.faces.resource/jquery/jquery.js?ln=primefaces&v=4.0 HTTP/1.1" 304 -
200.69.84.134 - - [10/Jan/2024:08:12:21 -0500] "GET /sipse/faces/javax.faces.resource/jquery/jquery-plugins.js?ln=primefaces&v=4.0 HTTP/1.1" 304 -
200.69.84.134 - - [10/Jan/2024:08:12:21 -0500] "GET /sipse/faces/javax.faces.resource/primefaces.js?ln=primefaces&v=4.0 HTTP/1.1" 304 -
200.69.84.134 - - [10/Jan/2024:08:12:21 -0500] "GET /sipse/faces/javax.faces.resource/layout/layout.js?ln=primefaces&v=4.0 HTTP/1.1" 304 -
200.69.84.134 - - [10/Jan/2024:08:12:22 -0500] "POST /sipse/faces/presentacion/proyectos/proyecto/proyecto.xhtml HTTP/1.1" 200 3253
201.245.192.253 - - [10/Jan/2024:08:12:23 -0500] "POST /sipse/faces/presentacion/proyectos/proyecto/proyectoAdministrador/crearAdministrador.xhtml HTTP/1.1" 200 2135
201.245.192.253 - - [10/Jan/2024:08:12:24 -0500] "POST /sipse/faces/presentacion/proyectos/proyecto/proyectoAdministrador/crearAdministrador.xhtml HTTP/1.1" 200 1604
201.245.192.253 - - [10/Jan/2024:08:12:26 -0500] "POST /sipse/faces/presentacion/proyectos/proyecto/proyectoAdministrador/crearAdministrador.xhtml HTTP/1.1" 200 1600
201.245.192.253 - - [10/Jan/2024:08:12:27 -0500] "POST /sipse/faces/presentacion/proyectos/proyecto/proyectoAdministrador/crearAdministrador.xhtml HTTP/1.1" 200 2139
201.245.192.253 - - [10/Jan/2024:08:12:27 -0500] "POST /sipse/faces/presentacion/proyectos/proyecto/proyectoAdministrador/crearAdministrador.xhtml HTTP/1.1" 200 1952
201.245.192.253 - - [10/Jan/2024:08:12:28 -0500] "POST /sipse/faces/presentacion/proyectos/proyecto/proyectoAdministrador/crearAdministrador.xhtml HTTP/1.1" 200 1604
201.245.192.253 - - [10/Jan/2024:08:12:30 -0500] "POST /sipse/faces/presentacion/proyectos/proyecto/proyectoAdministrador/crearAdministrador.xhtml HTTP/1.1" 200 1600
201.245.192.253 - - [10/Jan/2024:08:12:32 -0500] "POST /sipse/faces/presentacion/proyectos/proyecto/proyectoAdministrador/crearAdministrador.xhtml HTTP/1.1" 200 1604
201.245.192.253 - - [10/Jan/2024:08:12:32 -0500] "POST /sipse/faces/presentacion/proyectos/proyecto/proyectoAdministrador/crearAdministrador.xhtml HTTP/1.1" 200 1956
156.59.198.136 - - [10/Jan/2024:08:12:32 -0500] "GET /BLA/resoluciones/AUTOS%202014/3637.pdf HTTP/1.0" 200 456672
201.245.192.253 - - [10/Jan/2024:08:12:37 -0500] "POST /sipse/faces/presentacion/proyectos/proyecto/proyectoAdministrador/crearAdministrador.xhtml HTTP/1.1" 200 3489
181.52.137.141 - - [10/Jan/2024:08:12:37 -0500] "POST /BLA/boletinlegal/admin/usuarios/process.php HTTP/1.1" 302 -
201.245.192.253 - - [10/Jan/2024:08:12:39 -0500] "POST /sipse/faces/presentacion/proyectos/proyecto/proyectoAdministrador/crearAdministrador.xhtml HTTP/1.1" 200 1596
201.245.192.253 - - [10/Jan/2024:08:12:39 -0500] "POST /sipse/faces/presentacion/proyectos/proyecto/proyectoAdministrador/crearAdministrador.xhtml HTTP/1.1" 200 1600
201.245.192.253 - - [10/Jan/2024:08:12:40 -0500] "POST /sipse/faces/presentacion/proyectos/proyecto/proyectoAdministrador/crearAdministrador.xhtml HTTP/1.1" 200 1596
201.245.192.253 - - [10/Jan/2024:08:12:40 -0500] "POST /sipse/faces/presentacion/proyectos/proyecto/proyectoAdministrador/crearAdministrador.xhtml HTTP/1.1" 200 1600
201.245.192.253 - - [10/Jan/2024:08:12:30 -0500] "POST /sipse/faces/presentacion/proyectos/proyecto/proyecto.xhtml HTTP/1.1" 200 28976
201.245.192.253 - - [10/Jan/2024:08:12:41 -0500] "GET /sipse/faces/javax.faces.resource/jquery/jquery.js?ln=primefaces&v=4.0 HTTP/1.1" 304 -
201.245.192.253 - - [10/Jan/2024:08:12:41 -0500] "GET /sipse/faces/javax.faces.resource/jquery/jquery-plugins.js?ln=primefaces&v=4.0 HTTP/1.1" 304 -
201.245.192.253 - - [10/Jan/2024:08:12:41 -0500] "GET /sipse/faces/javax.faces.resource/primefaces.js?ln=primefaces&v=4.0 HTTP/1.1" 304 -
201.245.192.253 - - [10/Jan/2024:08:12:41 -0500] "GET /sipse/faces/javax.faces.resource/layout/layout.js?ln=primefaces&v=4.0 HTTP/1.1" 304 -
201.245.192.253 - - [10/Jan/2024:08:12:41 -0500] "POST /sipse/faces/presentacion/proyectos/proyecto/proyectoAdministrador/crearAdministrador.xhtml HTTP/1.1" 200 1596
201.245.192.253 - - [10/Jan/2024:08:12:43 -0500] "POST /sipse/faces/presentacion/proyectos/proyecto/proyectoAdministrador/crearAdministrador.xhtml HTTP/1.1" 200 1600
201.245.192.253 - - [10/Jan/2024:08:12:44 -0500] "POST /sipse/faces/presentacion/proyectos/proyecto/proyectoAdministrador/crearAdministrador.xhtml HTTP/1.1" 200 1600
201.245.192.253 - - [10/Jan/2024:08:12:45 -0500] "POST /sipse/faces/presentacion/proyectos/proyecto/proyectoAdministrador/crearAdministrador.xhtml HTTP/1.1" 200 1604
201.245.192.253 - - [10/Jan/2024:08:12:46 -0500] "POST /sipse/faces/presentacion/proyectos/proyecto/proyectoAdministrador/crearAdministrador.xhtml HTTP/1.1" 200 1604
181.52.137.141 - - [10/Jan/2024:08:12:38 -0500] "GET /BLA/boletinlegal/admin/index.php HTTP/1.1" 200 5482
181.52.137.141 - - [10/Jan/2024:08:12:55 -0500] "GET /BLA/boletinlegal/admin/index_files/index_files/tback.gif HTTP/1.1" 404 1334
201.245.192.253 - - [10/Jan/2024:08:12:55 -0500] "GET /appsia/controlador HTTP/1.1" 200 4799
201.245.192.253 - - [10/Jan/2024:08:12:55 -0500] "POST /sipse/faces/presentacion/proyectos/proyecto/proyectoAdministrador/crearAdministrador.xhtml HTTP/1.1" 200 1596
201.245.192.253 - - [10/Jan/2024:08:12:57 -0500] "POST /sipse/faces/presentacion/proyectos/proyecto/proyectoAdministrador/crearAdministrador.xhtml HTTP/1.1" 200 1600
156.59.198.136 - - [10/Jan/2024:08:12:57 -0500] "GET /BLA/resoluciones/AUTOS%202007/1346.pdf HTTP/1.0" 200 36347
181.52.137.141 - - [10/Jan/2024:08:12:58 -0500] "GET /css/global/buttons.css HTTP/1.1" 404 1324
181.52.137.141 - - [10/Jan/2024:08:12:58 -0500] "GET /BLA/boletinlegal/admin/notificaciones/ingresar.php HTTP/1.1" 200 30236
201.245.192.253 - - [10/Jan/2024:08:12:59 -0500] "POST /sipse/faces/presentacion/proyectos/proyecto/proyectoAdministrador/crearAdministrador.xhtml HTTP/1.1" 200 1604
181.52.137.141 - - [10/Jan/2024:08:12:59 -0500] "GET /BLA/boletinlegal/images/favicon.ico HTTP/1.1" 404 1346
201.245.192.253 - - [10/Jan/2024:08:13:03 -0500] "GET /favicon.ico HTTP/1.1" 200 7782
201.245.192.253 - - [10/Jan/2024:08:13:17 -0500] "POST /appsia/controlador HTTP/1.1" 200 5437
201.245.192.253 - - [10/Jan/2024:08:13:19 -0500] "POST /appsia/controlador HTTP/1.1" 200 7789
156.59.198.136 - - [10/Jan/2024:08:13:22 -0500] "GET /BLA/resoluciones/AUTOS%202007/1083.pdf HTTP/1.0" 200 29710
201.245.192.253 - - [10/Jan/2024:08:13:25 -0500] "POST /appsia/controlador HTTP/1.1" 200 5248
201.245.192.253 - - [10/Jan/2024:08:13:30 -0500] "GET /appsia/controlador?comando=ingresarMenuPrincipal&id=79420546&funcionario=JOSE+ALFREDO+RODRIGUEZ+HIGUERA&desde=79420546&hasta=79420546&version=79420546&accion=Regresar HTTP/1.1" 200 5437
201.245.192.253 - - [10/Jan/2024:08:13:32 -0500] "POST /appsia/controlador HTTP/1.1" 200 7789
201.245.192.253 - - [10/Jan/2024:08:13:39 -0500] "POST /appsia/controlador HTTP/1.1" 200 6654
201.245.192.253 - - [10/Jan/2024:08:13:40 -0500] "POST /appsia/controlador HTTP/1.1" 200 11772
156.59.198.135 - - [10/Jan/2024:08:13:46 -0500] "GET /BLA/resoluciones/AUTOS%202014/4119.pdf HTTP/1.0" 200 503595
201.245.192.253 - - [10/Jan/2024:08:13:55 -0500] "POST /sipse/faces/presentacion/proyectos/proyecto/proyectoAdministrador/crearAdministrador.xhtml HTTP/1.1" 200 1611
201.245.192.253 - - [10/Jan/2024:08:13:57 -0500] "POST /sipse/faces/presentacion/proyectos/proyecto/proyectoAdministrador/crearAdministrador.xhtml HTTP/1.1" 200 1615
201.245.192.253 - - [10/Jan/2024:08:13:58 -0500] "POST /sipse/faces/presentacion/proyectos/proyecto/proyectoAdministrador/crearAdministrador.xhtml HTTP/1.1" 200 1615
201.245.192.253 - - [10/Jan/2024:08:14:00 -0500] "POST /sipse/faces/presentacion/proyectos/proyecto/proyectoAdministrador/crearAdministrador.xhtml HTTP/1.1" 200 1611
201.245.192.253 - - [10/Jan/2024:08:14:04 -0500] "POST /appsia/controlador HTTP/1.1" 200 7789
172.22.2.4 - - [10/Jan/2024:08:12:24 -0500] "HEAD /BLA/boletinlegal/ HTTP/1.1" 200 -
201.245.192.253 - - [10/Jan/2024:08:14:07 -0500] "POST /appsia/controlador HTTP/1.1" 200 5248
201.245.192.253 - - [10/Jan/2024:08:14:09 -0500] "GET /appsia/controlador?comando=ingresarMenuPrincipal&id=79420546&funcionario=JOSE+ALFREDO+RODRIGUEZ+HIGUERA&desde=79420546&hasta=79420546&version=79420546&accion=Regresar HTTP/1.1" 200 5437
156.59.198.135 - - [10/Jan/2024:08:14:11 -0500] "GET /BLA/resoluciones/AUTOS%202007/0836.pdf HTTP/1.0" 200 99589
201.245.192.253 - - [10/Jan/2024:08:14:12 -0500] "POST /appsia/controlador HTTP/1.1" 200 7789
66.249.66.21 - - [10/Jan/2024:08:14:13 -0500] "GET /Publicaciones/2023EE173754.pdf HTTP/1.1" 404 228
201.245.192.253 - - [10/Jan/2024:08:14:21 -0500] "POST /appsia/controlador HTTP/1.1" 200 6654
201.245.192.253 - - [10/Jan/2024:08:14:22 -0500] "POST /appsia/controlador HTTP/1.1" 200 11416
156.59.198.136 - - [10/Jan/2024:08:14:34 -0500] "GET /BLA/resoluciones/AUTOS%202014/3024.pdf HTTP/1.0" 200 2075513
201.245.192.253 - - [10/Jan/2024:08:14:38 -0500] "POST /sipse/faces/presentacion/proyectos/proyecto/proyectoAdministrador/crearAdministrador.xhtml HTTP/1.1" 200 87263
201.245.192.253 - - [10/Jan/2024:08:14:40 -0500] "GET /sipse/faces/javax.faces.resource/theme.css?ln=primefaces-sipse HTTP/1.1" 304 -
201.245.192.253 - - [10/Jan/2024:08:14:40 -0500] "GET /sipse/faces/javax.faces.resource/primefaces.css?ln=primefaces&v=4.0 HTTP/1.1" 304 -
201.245.192.253 - - [10/Jan/2024:08:14:40 -0500] "GET /sipse/faces/javax.faces.resource/layout/layout.css?ln=primefaces&v=4.0 HTTP/1.1" 304 -
201.245.192.253 - - [10/Jan/2024:08:14:40 -0500] "GET /sipse/faces/javax.faces.resource/primefaces.js?ln=primefaces&v=4.0 HTTP/1.1" 304 -
201.245.192.253 - - [10/Jan/2024:08:14:40 -0500] "GET /sipse/faces/javax.faces.resource/jquery/jquery.js?ln=primefaces&v=4.0 HTTP/1.1" 304 -
201.245.192.253 - - [10/Jan/2024:08:14:40 -0500] "GET /sipse/faces/javax.faces.resource/jquery/jquery-plugins.js?ln=primefaces&v=4.0 HTTP/1.1" 304 -
201.245.192.253 - - [10/Jan/2024:08:14:40 -0500] "GET /sipse/faces/javax.faces.resource/layout/layout.js?ln=primefaces&v=4.0 HTTP/1.1" 304 -
201.245.192.253 - - [10/Jan/2024:08:14:40 -0500] "GET /sipse/faces/javax.faces.resource/images/ui-icons_898989_256x240.png?ln=primefaces-aristo HTTP/1.1" 304 -
201.245.192.253 - - [10/Jan/2024:08:14:40 -0500] "GET /sipse/faces/javax.faces.resource/images/ui-bg_flat_0_2d5972_40x100.png?ln=primefaces-aristo HTTP/1.1" 304 -
201.245.192.253 - - [10/Jan/2024:08:14:40 -0500] "POST /sipse/faces/presentacion/proyectos/proyecto/proyecto.xhtml HTTP/1.1" 200 3253
201.245.192.253 - - [10/Jan/2024:08:14:42 -0500] "POST /kwsrmcab/Wsrmcab  HTTP/1.1" 200 36937
201.245.192.253 - - [10/Jan/2024:08:14:45 -0500] "POST /appsia/controlador HTTP/1.1" 200 7789
201.245.192.253 - - [10/Jan/2024:08:14:53 -0500] "POST /appsia/controlador HTTP/1.1" 200 6654
201.245.192.253 - - [10/Jan/2024:08:14:54 -0500] "POST /appsia/controlador HTTP/1.1" 200 11772
172.22.2.4 - - [10/Jan/2024:08:13:15 -0500] "GET /BLA/boletinlegal/ HTTP/1.1" 200 59330
201.245.192.253 - - [10/Jan/2024:08:14:55 -0500] "POST /kwsrmcab/Wsrmcab HTTP/1.1" 200 36818
156.59.198.136 - - [10/Jan/2024:08:15:00 -0500] "GET /BLA/resoluciones/AUTOS%202007/1384.pdf HTTP/1.0" 200 76776
201.245.192.253 - - [10/Jan/2024:08:14:58 -0500] "POST /kwsrmcab/Wsrmcab HTTP/1.1" 200 35390
201.245.192.253 - - [10/Jan/2024:08:15:02 -0500] "POST /appsia/controlador HTTP/1.1" 200 7789
201.245.192.253 - - [10/Jan/2024:08:15:08 -0500] "POST /appsia/controlador HTTP/1.1" 200 6654
201.245.192.253 - - [10/Jan/2024:08:15:10 -0500] "POST /appsia/controlador HTTP/1.1" 200 11755
156.59.198.136 - - [10/Jan/2024:08:15:23 -0500] "GET /BLA/resoluciones/AUTOS%202014/6360.pdf HTTP/1.0" 200 546960
216.245.221.92 - - [10/Jan/2024:08:15:24 -0500] "HEAD / HTTP/1.1" 200 -
201.245.192.253 - - [10/Jan/2024:08:15:25 -0500] "POST /appsia/controlador HTTP/1.1" 200 7789
201.245.192.253 - - [10/Jan/2024:08:15:30 -0500] "POST /appsia/controlador HTTP/1.1" 200 5437
201.245.192.253 - - [10/Jan/2024:08:15:36 -0500] "POST /appsia/controlador HTTP/1.1" 200 4799
156.59.198.136 - - [10/Jan/2024:08:15:47 -0500] "GET /BLA/resoluciones/AUTOS%202014/6112.pdf HTTP/1.0" 200 199163
156.59.198.135 - - [10/Jan/2024:08:16:11 -0500] "GET /BLA/resoluciones/AUTOS%202014/5097.pdf HTTP/1.0" 200 636845
156.59.198.136 - - [10/Jan/2024:08:16:37 -0500] "GET /BLA/resoluciones/AUTOS%202007/1422.pdf HTTP/1.0" 200 25664
201.245.192.253 - - [10/Jan/2024:08:16:57 -0500] "POST /sipse/faces/presentacion/proyectos/proyecto/proyecto.xhtml HTTP/1.1" 200 47467
201.245.192.253 - - [10/Jan/2024:08:16:58 -0500] "GET /sipse/faces/javax.faces.resource/jquery/jquery.js?ln=primefaces&v=4.0 HTTP/1.1" 304 -
201.245.192.253 - - [10/Jan/2024:08:16:58 -0500] "GET /sipse/faces/javax.faces.resource/jquery/jquery-plugins.js?ln=primefaces&v=4.0 HTTP/1.1" 304 -
201.245.192.253 - - [10/Jan/2024:08:16:58 -0500] "GET /sipse/faces/javax.faces.resource/primefaces.js?ln=primefaces&v=4.0 HTTP/1.1" 304 -
201.245.192.253 - - [10/Jan/2024:08:16:58 -0500] "GET /sipse/faces/javax.faces.resource/layout/layout.js?ln=primefaces&v=4.0 HTTP/1.1" 304 -
156.59.198.135 - - [10/Jan/2024:08:17:02 -0500] "GET /BLA/resoluciones/AUTOS%202014/5050.pdf HTTP/1.0" 200 641659
201.245.192.253 - - [10/Jan/2024:08:17:04 -0500] "POST /sipse/faces/presentacion/proyectos/proyecto/proyectoAdministrador/crearAdministrador.xhtml HTTP/1.1" 200 1777
201.245.192.253 - - [10/Jan/2024:08:17:05 -0500] "POST /sipse/faces/presentacion/proyectos/proyecto/proyectoAdministrador/crearAdministrador.xhtml HTTP/1.1" 200 1781
201.245.192.253 - - [10/Jan/2024:08:17:11 -0500] "POST /sipse/faces/presentacion/proyectos/proyecto/proyectoAdministrador/crearAdministrador.xhtml HTTP/1.1" 200 1789
181.52.137.141 - - [10/Jan/2024:08:17:16 -0500] "GET /css/global/buttons.css HTTP/1.1" 404 1324
181.52.137.141 - - [10/Jan/2024:08:17:15 -0500] "POST /BLA/boletinlegal/admin/notificaciones/ingresar.php HTTP/1.1" 200 30329
201.245.192.253 - - [10/Jan/2024:08:17:24 -0500] "POST /sipse/faces/presentacion/proyectos/proyecto/proyectoAdministrador/crearAdministrador.xhtml HTTP/1.1" 200 1619
201.245.192.253 - - [10/Jan/2024:08:17:25 -0500] "POST /sipse/faces/presentacion/proyectos/proyecto/proyectoAdministrador/crearAdministrador.xhtml HTTP/1.1" 200 1615
156.59.198.136 - - [10/Jan/2024:08:17:26 -0500] "GET /BLA/resoluciones/AUTOS%202007/1087.pdf HTTP/1.0" 200 35594
201.245.192.253 - - [10/Jan/2024:08:17:26 -0500] "POST /sipse/faces/presentacion/proyectos/proyecto/proyectoAdministrador/crearAdministrador.xhtml HTTP/1.1" 200 1623
52.167.144.214 - - [10/Jan/2024:08:17:27 -0500] "GET /BLA/resoluciones/AUTOS%202020/4222.pdf HTTP/1.1" 200 353420
201.245.192.253 - - [10/Jan/2024:08:17:28 -0500] "POST /sipse/faces/presentacion/proyectos/proyecto/proyectoAdministrador/crearAdministrador.xhtml HTTP/1.1" 200 1788
201.245.192.253 - - [10/Jan/2024:08:17:29 -0500] "POST /sipse/faces/presentacion/proyectos/proyecto/proyectoAdministrador/crearAdministrador.xhtml HTTP/1.1" 200 2116
201.245.192.253 - - [10/Jan/2024:08:17:30 -0500] "POST /sipse/faces/presentacion/proyectos/proyecto/proyectoAdministrador/crearAdministrador.xhtml HTTP/1.1" 200 2116
201.245.192.253 - - [10/Jan/2024:08:17:31 -0500] "POST /sipse/faces/presentacion/proyectos/proyecto/proyectoAdministrador/crearAdministrador.xhtml HTTP/1.1" 200 1784
156.59.198.136 - - [10/Jan/2024:08:17:52 -0500] "GET /BLA/resoluciones/AUTOS%202007/0787.pdf HTTP/1.0" 200 59703
156.59.198.135 - - [10/Jan/2024:08:18:14 -0500] "GET /BLA/resoluciones/AUTOS%202014/7107.pdf HTTP/1.0" 200 1970934
156.59.198.135 - - [10/Jan/2024:08:18:40 -0500] "GET /BLA/resoluciones/AUTOS%202014/5053.pdf HTTP/1.0" 200 387971
66.249.66.21 - - [10/Jan/2024:08:18:53 -0500] "GET /BLA/resoluciones/RESOLUCIONES%202014/3856.pdf HTTP/1.1" 200 6530087
201.245.192.253 - - [10/Jan/2024:08:18:56 -0500] "POST /sipse/faces/presentacion/proyectos/proyecto/proyectoAdministrador/crearAdministrador.xhtml HTTP/1.1" 200 80657
201.245.192.253 - - [10/Jan/2024:08:18:57 -0500] "GET /sipse/faces/javax.faces.resource/jquery/jquery.js?ln=primefaces&v=4.0 HTTP/1.1" 304 -
201.245.192.253 - - [10/Jan/2024:08:18:57 -0500] "GET /sipse/faces/javax.faces.resource/jquery/jquery-plugins.js?ln=primefaces&v=4.0 HTTP/1.1" 304 -
201.245.192.253 - - [10/Jan/2024:08:18:57 -0500] "GET /sipse/faces/javax.faces.resource/primefaces.js?ln=primefaces&v=4.0 HTTP/1.1" 304 -
201.245.192.253 - - [10/Jan/2024:08:18:57 -0500] "GET /sipse/faces/javax.faces.resource/layout/layout.js?ln=primefaces&v=4.0 HTTP/1.1" 304 -
201.245.192.253 - - [10/Jan/2024:08:18:57 -0500] "GET /sipse/faces/javax.faces.resource/messages/messages.png?ln=primefaces&v=4.0 HTTP/1.1" 200 27209
201.245.192.253 - - [10/Jan/2024:08:18:57 -0500] "POST /sipse/faces/presentacion/proyectos/proyecto/proyecto.xhtml HTTP/1.1" 200 3253
156.59.198.136 - - [10/Jan/2024:08:19:04 -0500] "GET /BLA/resoluciones/AUTOS%202007/1327.pdf HTTP/1.0" 200 52429
201.245.192.253 - - [10/Jan/2024:08:19:07 -0500] "POST /sipse/faces/presentacion/proyectos/proyecto/proyecto.xhtml HTTP/1.1" 200 83320
201.245.192.253 - - [10/Jan/2024:08:19:07 -0500] "GET /sipse/faces/javax.faces.resource/jquery/jquery.js?ln=primefaces&v=4.0 HTTP/1.1" 304 -
201.245.192.253 - - [10/Jan/2024:08:19:07 -0500] "GET /sipse/faces/javax.faces.resource/jquery/jquery-plugins.js?ln=primefaces&v=4.0 HTTP/1.1" 304 -
201.245.192.253 - - [10/Jan/2024:08:19:07 -0500] "GET /sipse/faces/javax.faces.resource/primefaces.js?ln=primefaces&v=4.0 HTTP/1.1" 304 -
201.245.192.253 - - [10/Jan/2024:08:19:07 -0500] "GET /sipse/faces/javax.faces.resource/layout/layout.js?ln=primefaces&v=4.0 HTTP/1.1" 304 -
201.245.192.253 - - [10/Jan/2024:08:19:10 -0500] "POST /kwsrmcab/Wsrmcab HTTP/1.1" 200 36818
201.245.192.253 - - [10/Jan/2024:08:19:24 -0500] "POST /sipse/faces/presentacion/proyectos/proyecto/listarProyecto.xhtml HTTP/1.1" 200 163
201.245.192.253 - - [10/Jan/2024:08:19:25 -0500] "GET /sipse/faces/presentacion/proyectos/proyecto/proyecto.xhtml HTTP/1.1" 200 87153
201.245.192.253 - - [10/Jan/2024:08:19:26 -0500] "GET /sipse/faces/javax.faces.resource/theme.css?ln=primefaces-sipse HTTP/1.1" 304 -
201.245.192.253 - - [10/Jan/2024:08:19:26 -0500] "GET /sipse/faces/javax.faces.resource/primefaces.css?ln=primefaces&v=4.0 HTTP/1.1" 304 -
201.245.192.253 - - [10/Jan/2024:08:19:26 -0500] "GET /sipse/faces/javax.faces.resource/layout/layout.css?ln=primefaces&v=4.0 HTTP/1.1" 304 -
201.245.192.253 - - [10/Jan/2024:08:19:26 -0500] "GET /sipse/faces/javax.faces.resource/jquery/jquery.js?ln=primefaces&v=4.0 HTTP/1.1" 304 -
201.245.192.253 - - [10/Jan/2024:08:19:26 -0500] "GET /sipse/faces/javax.faces.resource/primefaces.js?ln=primefaces&v=4.0 HTTP/1.1" 304 -
201.245.192.253 - - [10/Jan/2024:08:19:26 -0500] "GET /sipse/faces/javax.faces.resource/layout/layout.js?ln=primefaces&v=4.0 HTTP/1.1" 304 -
201.245.192.253 - - [10/Jan/2024:08:19:26 -0500] "GET /sipse/faces/javax.faces.resource/jquery/jquery-plugins.js?ln=primefaces&v=4.0 HTTP/1.1" 304 -
201.245.192.253 - - [10/Jan/2024:08:19:26 -0500] "GET /sipse/faces/javax.faces.resource/images/ui-icons_898989_256x240.png?ln=primefaces-aristo HTTP/1.1" 304 -
201.245.192.253 - - [10/Jan/2024:08:19:26 -0500] "GET /sipse/faces/javax.faces.resource/images/ui-bg_flat_0_2d5972_40x100.png?ln=primefaces-aristo HTTP/1.1" 304 -
201.245.192.253 - - [10/Jan/2024:08:19:26 -0500] "POST /sipse/faces/presentacion/proyectos/proyecto/proyecto.xhtml HTTP/1.1" 200 3253
156.59.198.136 - - [10/Jan/2024:08:19:28 -0500] "GET /BLA/resoluciones/AUTOS%202007/1428.pdf HTTP/1.0" 200 88349
201.245.192.253 - - [10/Jan/2024:08:19:40 -0500] "POST /kwsrmcab/Wsrmcab  HTTP/1.1" 200 36937
201.245.192.253 - - [10/Jan/2024:08:19:51 -0500] "POST /sipse/faces/presentacion/proyectos/proyecto/proyecto.xhtml HTTP/1.1" 200 47365
201.245.192.253 - - [10/Jan/2024:08:19:52 -0500] "GET /sipse/faces/javax.faces.resource/jquery/jquery.js?ln=primefaces&v=4.0 HTTP/1.1" 304 -
201.245.192.253 - - [10/Jan/2024:08:19:52 -0500] "GET /sipse/faces/javax.faces.resource/jquery/jquery-plugins.js?ln=primefaces&v=4.0 HTTP/1.1" 304 -
201.245.192.253 - - [10/Jan/2024:08:19:52 -0500] "GET /sipse/faces/javax.faces.resource/primefaces.js?ln=primefaces&v=4.0 HTTP/1.1" 304 -
201.245.192.253 - - [10/Jan/2024:08:19:52 -0500] "GET /sipse/faces/javax.faces.resource/layout/layout.js?ln=primefaces&v=4.0 HTTP/1.1" 304 -
201.245.192.253 - - [10/Jan/2024:08:19:51 -0500] "POST /kwsrmcab/Wsrmcab HTTP/1.1" 200 35390
156.59.198.135 - - [10/Jan/2024:08:19:54 -0500] "GET /BLA/resoluciones/AUTOS%202007/0850.pdf HTTP/1.0" 200 90765
172.22.2.4 - - [10/Jan/2024:08:18:14 -0500] "HEAD /BLA/boletinlegal/ HTTP/1.1" 200 -
201.245.192.253 - - [10/Jan/2024:08:19:55 -0500] "POST /sipse/faces/presentacion/proyectos/proyecto/proyectoAdministrador/crearAdministrador.xhtml HTTP/1.1" 200 1948
201.245.192.253 - - [10/Jan/2024:08:19:56 -0500] "POST /sipse/faces/presentacion/proyectos/proyecto/proyectoAdministrador/crearAdministrador.xhtml HTTP/1.1" 200 2457
201.245.192.253 - - [10/Jan/2024:08:19:57 -0500] "POST /sipse/faces/presentacion/proyectos/proyecto/proyectoAdministrador/crearAdministrador.xhtml HTTP/1.1" 200 2280
186.102.62.221 - - [10/Jan/2024:08:20:00 -0500] "GET /kwssiamovil/sm/ldap/au?x=U2FsdGVkX1/MepXzLSFHfQS8hK1vFl/0FrB8woj6UOLHDBsEt1fhHMxoBoATSO4S&y=U2FsdGVkX18BYbGm5dYzL7rU+6GAK+AuqsLVvYA0o2/O0b/EXNBSBoqDc2xhNfJx HTTP/1.1" 200 30
186.102.62.221 - - [10/Jan/2024:08:20:00 -0500] "GET /kwssiamovil/sm/acme/s?s=U2FsdGVkX19N0Fh2CUtnd87NAuei7ijKPrpvN8pu6RcQfaVMNRnzovUWjzBuDMgawsVdjPCFflsWvS7puPontIBa/5/FHLnjIOiW91A5KqA=&u=U2FsdGVkX1+nYenGITmMxRSVxVAD80/YWER9+CqvaVU=&y=U2FsdGVkX18BYbGm5dYzL7rU+6GAK+AuqsLVvYA0o2/O0b/EXNBSBoqDc2xhNfJx HTTP/1.1" 200 97
186.102.62.221 - - [10/Jan/2024:08:20:00 -0500] "GET /kwssiamovil/sm/acme/s?s=U2FsdGVkX19e5h32jvw7p/lJ6vxa08qmIpTx+AV8JY9eTTMihNc7vMmqR8teqdiMnfN7HJEIb4uspLR1tRVNhsOburnh+0/HBI4kf80MQwclzQxy4wkv0CZE85kQ+Z6ryMIqpzR6ZJkRc8GE4m3y83jlscG67YzOYVhe5YIxh6dLF8zrbXkenMXaWEdIX7GnmQ9wuukbdKqbq1gzMGvSqY6/7R54w181/yLU2myGPGtO+ns1CcH03D37im3tmXwpBbV8ZKMuPjvUdWicvLL4hj0GAhSlHCqNs/NMlqFAIphtz4MiJ0F1vg5ktk389Lz67VMb18Nxjkj9PhdxU52urAukSR2HZw22p391bmPH8QKHOpvLMFsO/478epiYr6utna8MppTQRl3HdPDklJEEomdZnt+9nm27YNlsHybJtqP08eUzEnoZpf+lzQs24CPqqdCQGyJbShdS/Ve+0jSN4DAHRbakUBY1WgOBJ1C0XwdG0Y+Uvy/iujNe7TRNukX0nHyKCN/xmH+ulK6XPfBWfB02Lb7ocITgozzNq092NZYZ/MXcIjvRRBeHljzWwEe4yHDw2LUp/0QcBMbbSBU21TIiFT3AeyIVCA2OtFKWvK1bDqhuz6g9Kd0Pf2TSXBp6yp5+nBulYqFP/cq14Em9CNRKM3P4ccnWcA5A7m2BTD9lpDhLecyis3iB+v7Y/mLw2wpfR18FC2zj1MEMjHTE+JS1hMacuID1TkXZLLxa2VYEp3gHmnBvkMP7BXQ76v/r7RCLnfnRQpp/5xkmvuioXhpd5ByJCk8IXbpqWJVaNmjjUOP9gj4g7tA6O/RLLioQeA4pccE8FBMWx753dlxXmVCVxRKI3f5JOspfOVGft3XeYbozDCYVALjEkGuAb76VuzyXQTd/R01StecxTp/c8xmJWS+CsR1VGdkfAWO4V10sur+6vYtXsf3+3yfXI94yDytdIjjDhNbIZo37bGmJq5/1Tqj5dSls1ePF0hSlB388SyqIkwMjXo13J0TYLYtJ730Xx43pA9YjVRdgit6htQlzN1pcP5AxVOjcLxvXw8c+WM6WmWZCSjeTzD/NCxvi0yZsztFmMLwSvnDO2NI11NPO9dE//xVdYv5yQbEke6Hj234+6ZtuWIgzPeBhSdXM1d5mbenbzklVQOaUGww+8kScH9iD8eh31JSX1sNKVzSDlU88xJqPaM9eoLOq7+cJqX263e+kQq9D7XPsFScJncUXCMnOSdB06LwqgQh11jtTj3ShcSaNh/gLWXL9kbFFoLdgALTXpC4tN22V805rvgb6Gao1G1I7G1KrjaIYGGNwgfDcbAW8S6Y2VHznhxqvGg2JnVCKmSW0Wh11cdeOLwtDBsM/uYytdnkB9YlSdpaBP+HxywIL3lYpjH8hjqFStNifXOIb3F0KnuRzu5TmKrxfE1cLYmrT0pwH3xSlHTwB5hTSeQ5maOGdyobPlEIbTg1dxwDY993zcuOu29m/w5j2D5lbV1nKDCRH2jOUGJCu31UktxqhLZEgFkH9KRGG3B9Z97Ja6fIR6IQSkZeBku/Q8WCFZXION60mUohgG4YbDgShuGG6+jbW7MdzJ9UypAlpuW4GPianvVxX5ThXdb0ae0VfSf4B5I5ubbtVeEMK7DGZEA64uerchajbBfjes9JNTQf7FHNaZ2vEv+EbIpQFLo6gTrnMZlmcA9dhT6tyBbKaELL7mIa4kdyfH8V1zz1WB2e5QdexOp49j/ddrK/EmWfBtL3ZA7CZt6YVZ+8=&u=U2FsdGVkX1+nYenGITmMxRSVxVAD80/YWER9+CqvaVU=&y=U2FsdGVkX18BYbGm5dYzL7rU+6GAK+AuqsLVvYA0o2/O0b/EXNBSBoqDc2xhNfJx HTTP/1.1" 200 3247
186.102.62.221 - - [10/Jan/2024:08:20:00 -0500] "GET /kwssiamovil/sm/acme/s?s=U2FsdGVkX18UmuC9YoUC3EqKX5oH54rscVT8iM0YnkWjpUl/hnPvESMTSOP+WeT8c0sghZV6GguXQSu7RTn3UG+mPKUU5GfIJW9MuYnmtsvr8DAiuCkloSJ3hOq/UFf3/cxJo4trJ9sOrrdHpFXFXr/KUNaNbULAOJeLHPL1BJkkgiBZ1XztU5sfMTVhunTumbygA0lXqpGXXyu1ZS5T4UcUUlW3qQlNJzJiB6eDjiCnzE3JojF/Rn0G/G69MxZf8FOnBy8tYdXoKSz1WZPwhA+k+oGeORRxuz9JUmQfVpL1RtY3gDSS4ygqTFjkFNO1M2wHsHB0S+bUuWDg57icBEoC/jB49/5pspqddKUGlwlr9mk9exP0roQeBQfVs6xoZw5uW8gAdNfxyoPcEaBbArllrAhJ5oHLhd/Ws+WkgaZ3TFY2gA9Dx15gfZTMUis8UOynn6j4Xnp2f8fYlb1qsUUaAtIUy/D4Wjo6HP3WTSlzuNWQfxBQn/+lVuQwe8rO/D6CNcqtf1e7Zb2nWHkAptNRe5X9LqXuq1MuxVwMLHOUKuUZj/YqCgCuegbWlAcVWP1q9mqrllR5YMYtstyvVRiW5DXy3i8TKzSQziyNEXkdUTPu68VPVsF28cclvwIXBCS1dujoXmot9F1E1O1AVJ5TQlQWfbjNMehqXSY3NKhFzFGsZSFC7fafpi9bQ8pGMwyWjc0A3XvFNDUUdOldXQxu2buwUoI6Fr+1UNOLAwWZNYo4Uwi6Uu6PteExfX9x&u=U2FsdGVkX1+nYenGITmMxRSVxVAD80/YWER9+CqvaVU=&y=U2FsdGVkX18BYbGm5dYzL7rU+6GAK+AuqsLVvYA0o2/O0b/EXNBSBoqDc2xhNfJx HTTP/1.1" 200 208
186.102.62.221 - - [10/Jan/2024:08:20:00 -0500] "GET /kwssiamovil/sm/cjson/pre?f=1&x=U2FsdGVkX1/MepXzLSFHfQS8hK1vFl/0FrB8woj6UOLHDBsEt1fhHMxoBoATSO4S HTTP/1.1" 200 31032
201.245.192.253 - - [10/Jan/2024:08:20:09 -0500] "POST /sipse/faces/presentacion/proyectos/proyecto/proyectoAdministrador/crearAdministrador.xhtml HTTP/1.1" 200 2465
156.59.198.135 - - [10/Jan/2024:08:20:18 -0500] "GET /BLA/resoluciones/AUTOS%202007/0901.pdf HTTP/1.0" 200 142591
201.245.192.253 - - [10/Jan/2024:08:20:23 -0500] "POST /sipse/faces/presentacion/proyectos/proyecto/proyectoAdministrador/crearAdministrador.xhtml HTTP/1.1" 200 1784
216.245.221.92 - - [10/Jan/2024:08:20:24 -0500] "HEAD / HTTP/1.1" 200 -
181.53.14.143 - - [10/Jan/2024:08:20:39 -0500] "GET /sipse/faces/index.xhtml HTTP/1.1" 200 677
181.53.14.143 - - [10/Jan/2024:08:20:39 -0500] "GET /sipse/faces/javax.faces.resource/theme.css?ln=primefaces-sipse HTTP/1.1" 200 50058
181.53.14.143 - - [10/Jan/2024:08:20:40 -0500] "GET /favicon.ico HTTP/1.1" 200 7782
181.53.14.143 - - [10/Jan/2024:08:20:40 -0500] "GET /sipse/faces/faces/autenticacion.xhtml HTTP/1.1" 200 12406
181.53.14.143 - - [10/Jan/2024:08:20:40 -0500] "GET /sipse/js/disable_browser_buttons.js HTTP/1.1" 200 3230
181.53.14.143 - - [10/Jan/2024:08:20:40 -0500] "GET /sipse/css/custom_css_sg.css HTTP/1.1" 200 9694
181.53.14.143 - - [10/Jan/2024:08:20:40 -0500] "GET /sipse/css/custom_css_sg_prime_login.css HTTP/1.1" 200 443
181.53.14.143 - - [10/Jan/2024:08:20:40 -0500] "GET /sipse/js/funciones.js HTTP/1.1" 200 12592
181.53.14.143 - - [10/Jan/2024:08:20:40 -0500] "GET /sipse/faces/javax.faces.resource/layout/layout.css?ln=primefaces&v=4.0 HTTP/1.1" 200 542
181.53.14.143 - - [10/Jan/2024:08:20:40 -0500] "GET /sipse/faces/javax.faces.resource/theme.css?ln=primefaces-sipse HTTP/1.1" 304 -
181.53.14.143 - - [10/Jan/2024:08:20:40 -0500] "GET /sipse/faces/javax.faces.resource/jquery/jquery.js?ln=primefaces&v=4.0 HTTP/1.1" 200 105384
181.53.14.143 - - [10/Jan/2024:08:20:40 -0500] "GET /sipse/faces/javax.faces.resource/primefaces.css?ln=primefaces&v=4.0 HTTP/1.1" 200 53295
181.53.14.143 - - [10/Jan/2024:08:20:40 -0500] "GET /sipse/faces/javax.faces.resource/layout/layout.js?ln=primefaces&v=4.0 HTTP/1.1" 200 87560
181.53.14.143 - - [10/Jan/2024:08:20:40 -0500] "GET /sipse/faces/javax.faces.resource/jquery/jquery-plugins.js?ln=primefaces&v=4.0 HTTP/1.1" 200 220526
181.53.14.143 - - [10/Jan/2024:08:20:40 -0500] "GET /sipse/faces/javax.faces.resource/primefaces.js?ln=primefaces&v=4.0 HTTP/1.1" 200 276924
181.53.14.143 - - [10/Jan/2024:08:20:40 -0500] "GET /sipse/faces/javax.faces.resource/images/ui-icons_898989_256x240.png?ln=primefaces-aristo HTTP/1.1" 200 5355
181.53.14.143 - - [10/Jan/2024:08:20:40 -0500] "GET /sipse/css/imagen/loginimg.png HTTP/1.1" 200 71635
181.53.14.143 - - [10/Jan/2024:08:20:40 -0500] "GET /sipse/css/imagen/logoSDG.png HTTP/1.1" 200 53064
201.245.192.253 - - [10/Jan/2024:08:20:40 -0500] "POST /sipse/faces/presentacion/proyectos/proyecto/proyectoAdministrador/crearAdministrador.xhtml HTTP/1.1" 200 80072
201.245.192.253 - - [10/Jan/2024:08:20:41 -0500] "GET /sipse/faces/javax.faces.resource/jquery/jquery.js?ln=primefaces&v=4.0 HTTP/1.1" 304 -
201.245.192.253 - - [10/Jan/2024:08:20:41 -0500] "GET /sipse/faces/javax.faces.resource/jquery/jquery-plugins.js?ln=primefaces&v=4.0 HTTP/1.1" 304 -
201.245.192.253 - - [10/Jan/2024:08:20:41 -0500] "GET /sipse/faces/javax.faces.resource/primefaces.js?ln=primefaces&v=4.0 HTTP/1.1" 304 -
201.245.192.253 - - [10/Jan/2024:08:20:41 -0500] "GET /sipse/faces/javax.faces.resource/layout/layout.js?ln=primefaces&v=4.0 HTTP/1.1" 304 -
201.245.192.253 - - [10/Jan/2024:08:20:41 -0500] "GET /sipse/faces/javax.faces.resource/messages/messages.png?ln=primefaces&v=4.0 HTTP/1.1" 304 -
201.245.192.253 - - [10/Jan/2024:08:20:42 -0500] "POST /sipse/faces/presentacion/proyectos/proyecto/proyecto.xhtml HTTP/1.1" 200 3253
156.59.198.136 - - [10/Jan/2024:08:20:42 -0500] "GET /BLA/resoluciones/AUTOS%202007/1638.pdf HTTP/1.0" 200 395959
181.53.14.143 - - [10/Jan/2024:08:20:43 -0500] "POST /sipse/faces/autenticacion.xhtml HTTP/1.1" 200 2246
181.53.14.143 - - [10/Jan/2024:08:20:43 -0500] "GET /sipse/faces/javax.faces.resource/messages/messages.png?ln=primefaces&v=4.0 HTTP/1.1" 200 27209
172.22.2.4 - - [10/Jan/2024:08:19:05 -0500] "GET /BLA/boletinlegal/ HTTP/1.1" 200 58567
201.245.192.253 - - [10/Jan/2024:08:20:44 -0500] "POST /sipse/faces/presentacion/proyectos/proyecto/proyecto.xhtml HTTP/1.1" 200 83320
201.245.192.253 - - [10/Jan/2024:08:20:45 -0500] "GET /sipse/faces/javax.faces.resource/jquery/jquery.js?ln=primefaces&v=4.0 HTTP/1.1" 304 -
201.245.192.253 - - [10/Jan/2024:08:20:45 -0500] "GET /sipse/faces/javax.faces.resource/jquery/jquery-plugins.js?ln=primefaces&v=4.0 HTTP/1.1" 304 -
201.245.192.253 - - [10/Jan/2024:08:20:45 -0500] "GET /sipse/faces/javax.faces.resource/primefaces.js?ln=primefaces&v=4.0 HTTP/1.1" 304 -
201.245.192.253 - - [10/Jan/2024:08:20:45 -0500] "GET /sipse/faces/javax.faces.resource/layout/layout.js?ln=primefaces&v=4.0 HTTP/1.1" 304 -
181.53.14.143 - - [10/Jan/2024:08:20:53 -0500] "POST /sipse/faces/autenticacion.xhtml HTTP/1.1" 200 2187
181.53.14.143 - - [10/Jan/2024:08:21:00 -0500] "POST /sipse/faces/autenticacion.xhtml HTTP/1.1" 200 2225
181.53.14.143 - - [10/Jan/2024:08:21:01 -0500] "POST /sipse/faces/autenticacion.xhtml HTTP/1.1" 200 16392
181.53.14.143 - - [10/Jan/2024:08:21:01 -0500] "GET /sipse/css/custom_css_sg_prime.css HTTP/1.1" 200 5201
181.53.14.143 - - [10/Jan/2024:08:21:01 -0500] "GET /sipse/faces/javax.faces.resource/theme.css?ln=primefaces-sipse HTTP/1.1" 304 -
181.53.14.143 - - [10/Jan/2024:08:21:01 -0500] "GET /sipse/faces/javax.faces.resource/primefaces.css?ln=primefaces&v=4.0 HTTP/1.1" 304 -
181.53.14.143 - - [10/Jan/2024:08:21:01 -0500] "GET /sipse/faces/javax.faces.resource/layout/layout.css?ln=primefaces&v=4.0 HTTP/1.1" 304 -
181.53.14.143 - - [10/Jan/2024:08:21:01 -0500] "GET /sipse/js/jquery.min.js HTTP/1.1" 200 85582
181.53.14.143 - - [10/Jan/2024:08:21:01 -0500] "GET /sipse/faces/javax.faces.resource/jquery/jquery.js?ln=primefaces&v=4.0 HTTP/1.1" 304 -
181.53.14.143 - - [10/Jan/2024:08:21:01 -0500] "GET /sipse/faces/javax.faces.resource/jquery/jquery-plugins.js?ln=primefaces&v=4.0 HTTP/1.1" 304 -
181.53.14.143 - - [10/Jan/2024:08:21:01 -0500] "GET /sipse/faces/javax.faces.resource/primefaces.js?ln=primefaces&v=4.0 HTTP/1.1" 304 -
181.53.14.143 - - [10/Jan/2024:08:21:02 -0500] "GET /sipse/faces/javax.faces.resource/layout/layout.js?ln=primefaces&v=4.0 HTTP/1.1" 304 -
181.53.14.143 - - [10/Jan/2024:08:21:02 -0500] "GET /sipse/css/v_mergente.css HTTP/1.1" 200 1505
181.53.14.143 - - [10/Jan/2024:08:21:02 -0500] "GET /sipse/css/imagen/contrasena.png HTTP/1.1" 404 383
181.53.14.143 - - [10/Jan/2024:08:21:02 -0500] "GET /sipse/imagenes/cargando.gif HTTP/1.1" 200 36959
181.53.14.143 - - [10/Jan/2024:08:21:02 -0500] "GET /sipse/imagenes/logoAplicacion.jpg HTTP/1.1" 200 155084
201.245.192.253 - - [10/Jan/2024:08:21:01 -0500] "POST /sipse/faces/presentacion/proyectos/proyecto/listarProyecto.xhtml HTTP/1.1" 200 163
201.245.192.253 - - [10/Jan/2024:08:21:03 -0500] "GET /sipse/faces/javax.faces.resource/theme.css?ln=primefaces-sipse HTTP/1.1" 304 -
201.245.192.253 - - [10/Jan/2024:08:21:03 -0500] "GET /sipse/faces/javax.faces.resource/primefaces.css?ln=primefaces&v=4.0 HTTP/1.1" 304 -
201.245.192.253 - - [10/Jan/2024:08:21:03 -0500] "GET /sipse/faces/javax.faces.resource/layout/layout.css?ln=primefaces&v=4.0 HTTP/1.1" 304 -
201.245.192.253 - - [10/Jan/2024:08:21:03 -0500] "GET /sipse/faces/javax.faces.resource/jquery/jquery.js?ln=primefaces&v=4.0 HTTP/1.1" 304 -
201.245.192.253 - - [10/Jan/2024:08:21:03 -0500] "GET /sipse/faces/javax.faces.resource/jquery/jquery-plugins.js?ln=primefaces&v=4.0 HTTP/1.1" 304 -
201.245.192.253 - - [10/Jan/2024:08:21:03 -0500] "GET /sipse/faces/javax.faces.resource/primefaces.js?ln=primefaces&v=4.0 HTTP/1.1" 304 -
201.245.192.253 - - [10/Jan/2024:08:21:03 -0500] "GET /sipse/faces/javax.faces.resource/layout/layout.js?ln=primefaces&v=4.0 HTTP/1.1" 304 -
201.245.192.253 - - [10/Jan/2024:08:21:03 -0500] "GET /sipse/faces/javax.faces.resource/images/ui-icons_898989_256x240.png?ln=primefaces-aristo HTTP/1.1" 304 -
181.53.14.143 - - [10/Jan/2024:08:21:03 -0500] "GET /sipse/faces/javax.faces.resource/images/ui-bg_flat_0_2d5972_40x100.png?ln=primefaces-aristo HTTP/1.1" 200 183
181.53.14.143 - - [10/Jan/2024:08:21:03 -0500] "POST /sipse/faces/bienvenido.xhtml HTTP/1.1" 200 2073
201.245.192.253 - - [10/Jan/2024:08:21:02 -0500] "GET /sipse/faces/presentacion/proyectos/proyecto/proyecto.xhtml HTTP/1.1" 200 89628
201.245.192.253 - - [10/Jan/2024:08:21:03 -0500] "GET /sipse/faces/javax.faces.resource/images/ui-bg_flat_0_2d5972_40x100.png?ln=primefaces-aristo HTTP/1.1" 304 -
201.245.192.253 - - [10/Jan/2024:08:21:03 -0500] "POST /sipse/faces/presentacion/proyectos/proyecto/proyecto.xhtml HTTP/1.1" 200 3253
181.53.14.143 - - [10/Jan/2024:08:21:04 -0500] "POST /sipse/faces/bienvenido.xhtml HTTP/1.1" 200 39019
181.53.14.143 - - [10/Jan/2024:08:21:04 -0500] "GET /sipse/faces/javax.faces.resource/theme.css?ln=primefaces-sipse HTTP/1.1" 304 -
181.53.14.143 - - [10/Jan/2024:08:21:04 -0500] "GET /sipse/faces/javax.faces.resource/primefaces.css?ln=primefaces&v=4.0 HTTP/1.1" 304 -
181.53.14.143 - - [10/Jan/2024:08:21:04 -0500] "GET /sipse/faces/javax.faces.resource/layout/layout.css?ln=primefaces&v=4.0 HTTP/1.1" 304 -
181.53.14.143 - - [10/Jan/2024:08:21:04 -0500] "GET /sipse/faces/javax.faces.resource/jquery/jquery.js?ln=primefaces&v=4.0 HTTP/1.1" 304 -
181.53.14.143 - - [10/Jan/2024:08:21:04 -0500] "GET /sipse/faces/javax.faces.resource/jquery/jquery-plugins.js?ln=primefaces&v=4.0 HTTP/1.1" 304 -
181.53.14.143 - - [10/Jan/2024:08:21:04 -0500] "GET /sipse/faces/javax.faces.resource/primefaces.js?ln=primefaces&v=4.0 HTTP/1.1" 304 -
181.53.14.143 - - [10/Jan/2024:08:21:04 -0500] "GET /sipse/faces/javax.faces.resource/layout/layout.js?ln=primefaces&v=4.0 HTTP/1.1" 304 -
201.245.166.34 - - [10/Jan/2024:08:20:00 -0500] "GET /Publicaciones/SSFFS-14673-2023.zip HTTP/1.1" 200 521274
156.59.198.136 - - [10/Jan/2024:08:21:07 -0500] "GET /BLA/resoluciones/AUTOS%202007/0102.pdf HTTP/1.0" 200 47693
181.53.14.143 - - [10/Jan/2024:08:21:07 -0500] "POST /sipse/faces/presentacion/financiero/solicitudProceso/consultar.xhtml HTTP/1.1" 200 12832
201.245.192.253 - - [10/Jan/2024:08:21:19 -0500] "POST /sipse/faces/presentacion/proyectos/proyecto/proyecto.xhtml HTTP/1.1" 200 82858
201.245.192.253 - - [10/Jan/2024:08:21:30 -0500] "GET /sipse/faces/javax.faces.resource/jquery/jquery.js?ln=primefaces&v=4.0 HTTP/1.1" 304 -
201.245.192.253 - - [10/Jan/2024:08:21:30 -0500] "GET /sipse/faces/javax.faces.resource/jquery/jquery-plugins.js?ln=primefaces&v=4.0 HTTP/1.1" 304 -
201.245.192.253 - - [10/Jan/2024:08:21:30 -0500] "GET /sipse/faces/javax.faces.resource/primefaces.js?ln=primefaces&v=4.0 HTTP/1.1" 304 -
201.245.192.253 - - [10/Jan/2024:08:21:30 -0500] "GET /sipse/faces/javax.faces.resource/layout/layout.js?ln=primefaces&v=4.0 HTTP/1.1" 304 -
156.59.198.136 - - [10/Jan/2024:08:21:31 -0500] "GET /BLA/resoluciones/AUTOS%202007/1411.pdf HTTP/1.0" 200 25123
201.245.192.253 - - [10/Jan/2024:08:21:34 -0500] "POST /sipse/faces/presentacion/proyectos/proyecto/listarProyecto.xhtml HTTP/1.1" 200 163
201.245.192.253 - - [10/Jan/2024:08:21:35 -0500] "GET /sipse/faces/presentacion/proyectos/proyecto/proyecto.xhtml HTTP/1.1" 200 90680
201.245.192.253 - - [10/Jan/2024:08:21:36 -0500] "GET /sipse/faces/javax.faces.resource/theme.css?ln=primefaces-sipse HTTP/1.1" 304 -
201.245.192.253 - - [10/Jan/2024:08:21:36 -0500] "GET /sipse/faces/javax.faces.resource/primefaces.css?ln=primefaces&v=4.0 HTTP/1.1" 304 -
201.245.192.253 - - [10/Jan/2024:08:21:36 -0500] "GET /sipse/faces/javax.faces.resource/jquery/jquery.js?ln=primefaces&v=4.0 HTTP/1.1" 304 -
201.245.192.253 - - [10/Jan/2024:08:21:36 -0500] "GET /sipse/faces/javax.faces.resource/layout/layout.css?ln=primefaces&v=4.0 HTTP/1.1" 304 -
201.245.192.253 - - [10/Jan/2024:08:21:36 -0500] "GET /sipse/faces/javax.faces.resource/primefaces.js?ln=primefaces&v=4.0 HTTP/1.1" 304 -
201.245.192.253 - - [10/Jan/2024:08:21:36 -0500] "GET /sipse/faces/javax.faces.resource/jquery/jquery-plugins.js?ln=primefaces&v=4.0 HTTP/1.1" 304 -
201.245.192.253 - - [10/Jan/2024:08:21:36 -0500] "GET /sipse/faces/javax.faces.resource/layout/layout.js?ln=primefaces&v=4.0 HTTP/1.1" 304 -
201.245.192.253 - - [10/Jan/2024:08:21:36 -0500] "GET /sipse/faces/javax.faces.resource/images/ui-icons_898989_256x240.png?ln=primefaces-aristo HTTP/1.1" 304 -
201.245.192.253 - - [10/Jan/2024:08:21:36 -0500] "GET /sipse/faces/javax.faces.resource/images/ui-bg_flat_0_2d5972_40x100.png?ln=primefaces-aristo HTTP/1.1" 304 -
201.245.192.253 - - [10/Jan/2024:08:21:36 -0500] "POST /sipse/faces/presentacion/proyectos/proyecto/proyecto.xhtml HTTP/1.1" 200 3253
172.22.2.4 - - [10/Jan/2024:08:21:50 -0500] "GET /BLA/boletinlegal/styles2.css HTTP/1.1" 200 1838
172.22.2.4 - - [10/Jan/2024:08:21:50 -0500] "GET /BLA/boletinlegal/style.css HTTP/1.1" 200 9406
172.22.2.4 - - [10/Jan/2024:08:21:50 -0500] "GET /BLA/boletinlegal/js/jquery.js HTTP/1.1" 200 57254
172.22.2.4 - - [10/Jan/2024:08:21:50 -0500] "GET /BLA/boletinlegal/js/jquery.scrollTo-min.js HTTP/1.1" 200 1150
172.22.2.4 - - [10/Jan/2024:08:21:50 -0500] "GET /BLA/boletinlegal/js/jquery.scrollShow.js HTTP/1.1" 200 4586
172.22.2.4 - - [10/Jan/2024:08:21:50 -0500] "GET /BLA/boletinlegal/images/cabezote%20BLEGAL.jpg HTTP/1.1" 200 118164
172.22.2.4 - - [10/Jan/2024:08:21:50 -0500] "GET /BLA/boletinlegal/images/subscribe-icon-big.png HTTP/1.1" 200 47702
172.22.2.4 - - [10/Jan/2024:08:21:50 -0500] "GET /BLA/boletinlegal/images/historia.png HTTP/1.1" 200 52775
172.22.2.4 - - [10/Jan/2024:08:21:50 -0500] "GET /BLA/boletinlegal/images/registro-usuarios.png HTTP/1.1" 200 8106
172.22.2.4 - - [10/Jan/2024:08:21:50 -0500] "GET /BLA/boletinlegal/images/arr_l.jpg HTTP/1.1" 200 1979
172.22.2.4 - - [10/Jan/2024:08:21:50 -0500] "GET /BLA/boletinlegal/images/screen_1.png HTTP/1.1" 200 202547
172.22.2.4 - - [10/Jan/2024:08:21:50 -0500] "GET /BLA/boletinlegal/images/launch.jpg HTTP/1.1" 200 14577
201.245.192.253 - - [10/Jan/2024:08:21:41 -0500] "POST /sipse/faces/presentacion/proyectos/proyecto/proyecto.xhtml HTTP/1.1" 200 82858
201.245.192.253 - - [10/Jan/2024:08:21:51 -0500] "GET /sipse/faces/javax.faces.resource/jquery/jquery.js?ln=primefaces&v=4.0 HTTP/1.1" 304 -
201.245.192.253 - - [10/Jan/2024:08:21:51 -0500] "GET /sipse/faces/javax.faces.resource/jquery/jquery-plugins.js?ln=primefaces&v=4.0 HTTP/1.1" 304 -
201.245.192.253 - - [10/Jan/2024:08:21:51 -0500] "GET /sipse/faces/javax.faces.resource/primefaces.js?ln=primefaces&v=4.0 HTTP/1.1" 304 -
201.245.192.253 - - [10/Jan/2024:08:21:52 -0500] "GET /sipse/faces/javax.faces.resource/layout/layout.js?ln=primefaces&v=4.0 HTTP/1.1" 304 -
172.22.2.4 - - [10/Jan/2024:08:21:53 -0500] "GET /BLA/boletinlegal/images/body_bg.jpg HTTP/1.1" 200 1601
172.22.2.4 - - [10/Jan/2024:08:21:53 -0500] "GET /BLA/boletinlegal/images/menu_rght.gif HTTP/1.1" 200 1627
172.22.2.4 - - [10/Jan/2024:08:21:53 -0500] "GET /BLA/boletinlegal/images/menu_lft.gif HTTP/1.1" 200 1713
172.22.2.4 - - [10/Jan/2024:08:21:53 -0500] "GET /BLA/boletinlegal/images/bg_top.jpg HTTP/1.1" 200 522
172.22.2.4 - - [10/Jan/2024:08:21:53 -0500] "GET /BLA/boletinlegal/images/menu_bg.jpg HTTP/1.1" 200 620
172.22.2.4 - - [10/Jan/2024:08:21:53 -0500] "GET /BLA/boletinlegal/images/text.jpg HTTP/1.1" 200 568
172.22.2.4 - - [10/Jan/2024:08:21:53 -0500] "GET /BLA/boletinlegal/images/hover.jpg HTTP/1.1" 200 640
172.22.2.4 - - [10/Jan/2024:08:21:54 -0500] "GET /BLA/boletinlegal/actos.php HTTP/1.1" 200 9648
172.22.2.4 - - [10/Jan/2024:08:21:54 -0500] "GET /BLA/boletinlegal/js/ajax_actos.js HTTP/1.1" 200 1322
172.22.2.4 - - [10/Jan/2024:08:21:55 -0500] "GET /BLA/boletinlegal/niceforms.js HTTP/1.1" 200 22876
172.22.2.4 - - [10/Jan/2024:08:21:55 -0500] "GET /BLA/boletinlegal/niceforms-default.css HTTP/1.1" 200 6694
172.22.2.4 - - [10/Jan/2024:08:21:55 -0500] "GET /BLA/boletinlegal/js/lib.js HTTP/1.1" 200 6474
172.22.2.4 - - [10/Jan/2024:08:21:55 -0500] "GET /BLA/boletinlegal/js/popup.js HTTP/1.1" 200 1270
172.22.2.4 - - [10/Jan/2024:08:21:55 -0500] "GET /BLA/boletinlegal/js/jquery1.js HTTP/1.1" 200 29846
172.22.2.4 - - [10/Jan/2024:08:21:55 -0500] "GET /BLA/boletinlegal/images/green-yellow-blue-pink-th.png HTTP/1.1" 200 7394
