201.245.192.253 - - [10/Jan/2024:01:16:33 -0500] "POST /kwsrmcab/Wsrmcab  HTTP/1.1" 200 36937
156.59.198.136 - - [10/Jan/2024:01:16:36 -0500] "GET /BLA/resoluciones/AUTOS%202007/1492.pdf HTTP/1.0" 200 44250
66.249.79.238 - - [10/Jan/2024:01:16:40 -0500] "GET /resoluciones/RESOLUCIONES%202008/1691.pdf HTTP/1.1" 404 1018
216.244.66.195 - - [10/Jan/2024:01:16:47 -0500] "GET /BLA/resoluciones/AUTOS%202012/2227.pdf HTTP/1.1" 200 288452
156.59.198.135 - - [10/Jan/2024:01:17:00 -0500] "GET /BLA/resoluciones/AUTOS%202007/0225.pdf HTTP/1.0" 200 17094
152.61.192.232 - - [10/Jan/2024:01:17:04 -0500] "GET / HTTP/1.1" 200 319
216.244.66.195 - - [10/Jan/2024:01:17:19 -0500] "GET /BLA/resoluciones/AUTOS%202012/2412.pdf HTTP/1.1" 200 1857277
156.59.198.136 - - [10/Jan/2024:01:17:24 -0500] "GET /BLA/resoluciones/AUTOS%202007/0840.pdf HTTP/1.0" 200 51468
156.59.198.136 - - [10/Jan/2024:01:17:49 -0500] "GET /BLA/resoluciones/AUTOS%202007/0487.pdf HTTP/1.0" 200 32815
216.244.66.195 - - [10/Jan/2024:01:17:57 -0500] "GET /BLA/resoluciones/AUTOS%202012/2513.pdf HTTP/1.1" 200 645379
156.59.198.135 - - [10/Jan/2024:01:18:12 -0500] "GET /BLA/resoluciones/AUTOS%202007/1348.pdf HTTP/1.0" 200 35303
216.244.66.195 - - [10/Jan/2024:01:18:28 -0500] "GET /BLA/resoluciones/AUTOS%202012/2967.pdf HTTP/1.1" 200 977195
156.59.198.135 - - [10/Jan/2024:01:18:36 -0500] "GET /BLA/resoluciones/AUTOS%202007/1662.pdf HTTP/1.0" 200 110359
156.59.198.136 - - [10/Jan/2024:01:19:00 -0500] "GET /BLA/resoluciones/AUTOS%202007/0813.pdf HTTP/1.0" 200 75993
216.244.66.195 - - [10/Jan/2024:01:19:09 -0500] "GET /BLA/resoluciones/AUTOS%202013/0493.pdf HTTP/1.1" 200 141017
201.245.192.253 - - [10/Jan/2024:01:19:11 -0500] "POST /kwsrmcab/Wsrmcab HTTP/1.1" 200 36629
156.59.198.136 - - [10/Jan/2024:01:19:25 -0500] "GET /BLA/resoluciones/AUTOS%202007/1350.pdf HTTP/1.0" 200 29263
216.244.66.195 - - [10/Jan/2024:01:19:42 -0500] "GET /BLA/resoluciones/AUTOS%202013/0795.pdf HTTP/1.1" 200 430674
156.59.198.135 - - [10/Jan/2024:01:19:50 -0500] "GET /BLA/resoluciones/AUTOS%202007/1268.pdf HTTP/1.0" 200 62603
172.22.2.4 - - [10/Jan/2024:01:18:11 -0500] "HEAD /BLA/boletinlegal/ HTTP/1.1" 200 -
201.245.192.253 - - [10/Jan/2024:01:19:52 -0500] "POST /kwsrmcab/Wsrmcab HTTP/1.1" 200 36644
156.59.198.136 - - [10/Jan/2024:01:20:14 -0500] "GET /BLA/resoluciones/AUTOS%202007/1455.pdf HTTP/1.0" 200 39191
216.244.66.195 - - [10/Jan/2024:01:20:16 -0500] "GET /BLA/resoluciones/AUTOS%202013/0938.pdf HTTP/1.1" 200 236045
216.245.221.92 - - [10/Jan/2024:01:20:25 -0500] "HEAD / HTTP/1.1" 200 -
156.59.198.135 - - [10/Jan/2024:01:20:38 -0500] "GET /BLA/resoluciones/AUTOS%202007/1793.pdf HTTP/1.0" 200 75791
172.22.2.4 - - [10/Jan/2024:01:19:02 -0500] "GET /BLA/boletinlegal/ HTTP/1.1" 200 60910
216.244.66.195 - - [10/Jan/2024:01:20:51 -0500] "GET /BLA/resoluciones/AUTOS%202013/1037.pdf HTTP/1.1" 200 914813
156.59.198.136 - - [10/Jan/2024:01:21:02 -0500] "GET /BLA/resoluciones/AUTOS%202007/0405.pdf HTTP/1.0" 200 69221
156.59.198.135 - - [10/Jan/2024:01:21:28 -0500] "GET /BLA/resoluciones/AUTOS%202007/1486.pdf HTTP/1.0" 200 24293
201.245.192.253 - - [10/Jan/2024:01:21:31 -0500] "POST /kwsrmcab/Wsrmcab  HTTP/1.1" 200 36937
66.249.79.225 - - [10/Jan/2024:01:21:39 -0500] "GET /BLA/resoluciones/AUTOS%202014/0441.pdf HTTP/1.1" 200 357658
216.244.66.195 - - [10/Jan/2024:01:21:41 -0500] "GET /BLA/resoluciones/AUTOS%202013/1470.pdf HTTP/1.1" 200 1067351
156.59.198.135 - - [10/Jan/2024:01:21:52 -0500] "GET /BLA/resoluciones/AUTOS%202007/1136.pdf HTTP/1.0" 200 27980
156.59.198.135 - - [10/Jan/2024:01:22:16 -0500] "GET /BLA/resoluciones/AUTOS%202007/1490.pdf HTTP/1.0" 200 40087
156.59.198.135 - - [10/Jan/2024:01:22:42 -0500] "GET /BLA/resoluciones/AUTOS%202007/1249.pdf HTTP/1.0" 200 145354
156.59.198.136 - - [10/Jan/2024:01:23:04 -0500] "GET /BLA/resoluciones/AUTOS%202007/0264.pdf HTTP/1.0" 200 280020
156.59.198.136 - - [10/Jan/2024:01:23:29 -0500] "GET /BLA/resoluciones/AUTOS%202007/0916.pdf HTTP/1.0" 200 257731
156.59.198.136 - - [10/Jan/2024:01:23:53 -0500] "GET /BLA/resoluciones/AUTOS%202007/0153.pdf HTTP/1.0" 200 408653
156.59.198.136 - - [10/Jan/2024:01:24:21 -0500] "GET /BLA/resoluciones/AUTOS%202007/0447.pdf HTTP/1.0" 200 103629
156.59.198.136 - - [10/Jan/2024:01:24:43 -0500] "GET /BLA/resoluciones/AUTOS%202007/1331.pdf HTTP/1.0" 200 31594
201.245.192.253 - - [10/Jan/2024:01:24:56 -0500] "POST /kwsrmcab/Wsrmcab HTTP/1.1" 200 36629
201.245.192.253 - - [10/Jan/2024:01:24:59 -0500] "POST /kwsrmcab/Wsrmcab HTTP/1.1" 200 36644
156.59.198.136 - - [10/Jan/2024:01:25:07 -0500] "GET /BLA/resoluciones/AUTOS%202007/0400.pdf HTTP/1.0" 200 58708
216.245.221.92 - - [10/Jan/2024:01:25:25 -0500] "HEAD / HTTP/1.1" 200 -
156.59.198.136 - - [10/Jan/2024:01:25:32 -0500] "GET /BLA/resoluciones/AUTOS%202007/1585.pdf HTTP/1.0" 200 29643
172.22.2.4 - - [10/Jan/2024:01:24:01 -0500] "HEAD /BLA/boletinlegal/ HTTP/1.1" 200 -
156.59.198.135 - - [10/Jan/2024:01:25:58 -0500] "GET /BLA/resoluciones/AUTOS%202007/0057.pdf HTTP/1.0" 200 179664
156.59.198.135 - - [10/Jan/2024:01:26:22 -0500] "GET /BLA/resoluciones/AUTOS%202007/0260.pdf HTTP/1.0" 200 239509
172.22.2.4 - - [10/Jan/2024:01:24:52 -0500] "GET /BLA/boletinlegal/ HTTP/1.1" 200 60502
201.245.192.253 - - [10/Jan/2024:01:26:30 -0500] "POST /kwsrmcab/Wsrmcab  HTTP/1.1" 200 36937
156.59.198.136 - - [10/Jan/2024:01:26:48 -0500] "GET /BLA/resoluciones/AUTOS%202007/1723.pdf HTTP/1.0" 200 37942
156.59.198.135 - - [10/Jan/2024:01:27:12 -0500] "GET /BLA/resoluciones/AUTOS%202007/1538.pdf HTTP/1.0" 200 274985
156.59.198.136 - - [10/Jan/2024:01:27:36 -0500] "GET /BLA/resoluciones/AUTOS%202007/0216.pdf HTTP/1.0" 200 36936
66.249.66.192 - - [10/Jan/2024:01:27:57 -0500] "GET /en-este- HTTP/1.1" 404 1034
156.59.198.136 - - [10/Jan/2024:01:28:01 -0500] "GET /BLA/resoluciones/AUTOS%202007/0562.pdf HTTP/1.0" 200 416113
156.59.198.135 - - [10/Jan/2024:01:28:25 -0500] "GET /BLA/resoluciones/AUTOS%202007/1496.pdf HTTP/1.0" 200 24794
66.249.66.193 - - [10/Jan/2024:01:28:41 -0500] "GET /animales-silvestres-regresaron-a-la-libertad-en-el-norte-de-bogota.html HTTP/1.1" 200 925
66.249.66.77 - - [10/Jan/2024:01:28:42 -0500] "GET /portaldeninos/2021/07/01/en-fotos-conoce-algunos-de-los-lugares-mas-biodiversos-de-bogota/ HTTP/1.1" 200 100987
156.59.198.135 - - [10/Jan/2024:01:28:51 -0500] "GET /BLA/resoluciones/AUTOS%202007/0780.pdf HTTP/1.0" 200 106657
201.245.192.253 - - [10/Jan/2024:01:29:11 -0500] "POST /kwsrmcab/Wsrmcab HTTP/1.1" 200 36629
156.59.198.136 - - [10/Jan/2024:01:29:15 -0500] "GET /BLA/resoluciones/AUTOS%202007/0140.pdf HTTP/1.0" 200 454124
66.249.79.238 - - [10/Jan/2024:01:29:22 -0500] "GET /IsolucionSDA/BancoConocimiento/R/RESOLUCION875DEL13DEMARZODE2014/RESOLUCION875DEL13DEMARZODE2014.asp HTTP/1.1" 404 5012
156.59.198.135 - - [10/Jan/2024:01:29:39 -0500] "GET /BLA/resoluciones/AUTOS%202007/0570.pdf HTTP/1.0" 200 224571
201.245.192.253 - - [10/Jan/2024:01:29:50 -0500] "POST /kwsrmcab/Wsrmcab HTTP/1.1" 200 36644
156.59.198.136 - - [10/Jan/2024:01:30:04 -0500] "GET /BLA/resoluciones/AUTOS%202007/0745.pdf HTTP/1.0" 200 43047
216.245.221.92 - - [10/Jan/2024:01:30:25 -0500] "HEAD / HTTP/1.1" 200 -
156.59.198.136 - - [10/Jan/2024:01:30:30 -0500] "GET /BLA/resoluciones/AUTOS%202007/0742.pdf HTTP/1.0" 200 20133
152.61.128.50 - - [10/Jan/2024:01:30:32 -0500] "GET / HTTP/1.1" 200 319
156.59.198.135 - - [10/Jan/2024:01:30:53 -0500] "GET /BLA/resoluciones/AUTOS%202007/0232.pdf HTTP/1.0" 200 18599
156.59.198.135 - - [10/Jan/2024:01:31:17 -0500] "GET /BLA/resoluciones/AUTOS%202007/0825.pdf HTTP/1.0" 200 110598
201.245.192.253 - - [10/Jan/2024:01:31:28 -0500] "POST /kwsrmcab/Wsrmcab  HTTP/1.1" 200 36937
172.22.2.4 - - [10/Jan/2024:01:29:51 -0500] "HEAD /BLA/boletinlegal/ HTTP/1.1" 200 -
156.59.198.136 - - [10/Jan/2024:01:31:42 -0500] "GET /BLA/resoluciones/AUTOS%202007/1459.pdf HTTP/1.0" 200 87688
156.59.198.135 - - [10/Jan/2024:01:32:06 -0500] "GET /BLA/resoluciones/AUTOS%202007/0456.pdf HTTP/1.0" 200 20895
172.22.2.4 - - [10/Jan/2024:01:30:42 -0500] "GET /BLA/boletinlegal/ HTTP/1.1" 200 60502
156.59.198.136 - - [10/Jan/2024:01:32:31 -0500] "GET /BLA/resoluciones/AUTOS%202007/0634.pdf HTTP/1.0" 200 69707
156.59.198.135 - - [10/Jan/2024:01:32:56 -0500] "GET /BLA/resoluciones/AUTOS%202007/1340.pdf HTTP/1.0" 200 35769
216.244.66.195 - - [10/Jan/2024:01:33:15 -0500] "GET /robots.txt HTTP/1.1" 404 1018
156.59.198.136 - - [10/Jan/2024:01:33:19 -0500] "GET /BLA/resoluciones/AUTOS%202007/1294.pdf HTTP/1.0" 200 58108
156.59.198.135 - - [10/Jan/2024:01:33:45 -0500] "GET /BLA/resoluciones/AUTOS%202007/1450.pdf HTTP/1.0" 200 44629
156.59.198.136 - - [10/Jan/2024:01:34:10 -0500] "GET /BLA/resoluciones/AUTOS%202007/1569.pdf HTTP/1.0" 200 31642
156.59.198.136 - - [10/Jan/2024:01:34:35 -0500] "GET /BLA/resoluciones/AUTOS%202007/0403.pdf HTTP/1.0" 200 15944
201.245.192.253 - - [10/Jan/2024:01:34:56 -0500] "POST /kwsrmcab/Wsrmcab HTTP/1.1" 503 1020
201.245.192.253 - - [10/Jan/2024:01:34:57 -0500] "POST /kwsrmcab/Wsrmcab HTTP/1.1" 503 1020
156.59.198.136 - - [10/Jan/2024:01:34:58 -0500] "GET /BLA/resoluciones/AUTOS%202007/1853.pdf HTTP/1.0" 200 88745
156.59.198.135 - - [10/Jan/2024:01:35:22 -0500] "GET /BLA/resoluciones/AUTOS%202007/1241.pdf HTTP/1.0" 200 67518
216.245.221.92 - - [10/Jan/2024:01:35:25 -0500] "HEAD / HTTP/1.1" 200 -
156.59.198.135 - - [10/Jan/2024:01:35:47 -0500] "GET /BLA/resoluciones/AUTOS%202007/0488.pdf HTTP/1.0" 200 21760
3.248.76.21 - - [10/Jan/2024:01:36:12 -0500] "GET /robots.txt HTTP/1.1" 404 1073
156.59.198.136 - - [10/Jan/2024:01:36:12 -0500] "GET /BLA/resoluciones/AUTOS%202007/0719.pdf HTTP/1.0" 200 667047
201.245.192.253 - - [10/Jan/2024:01:36:26 -0500] "POST /kwsrmcab/Wsrmcab  HTTP/1.1" 200 36937
156.59.198.136 - - [10/Jan/2024:01:36:35 -0500] "GET /BLA/resoluciones/AUTOS%202007/0191.pdf HTTP/1.0" 200 337339
52.167.144.161 - - [10/Jan/2024:01:36:53 -0500] "GET /BLA/resoluciones/AUTOS%202021/5610.pdf HTTP/1.1" 304 -
156.59.198.136 - - [10/Jan/2024:01:37:00 -0500] "GET /BLA/resoluciones/AUTOS%202007/1101.pdf HTTP/1.0" 200 26109
172.22.2.4 - - [10/Jan/2024:01:35:41 -0500] "HEAD /BLA/boletinlegal/ HTTP/1.1" 200 -
156.59.198.135 - - [10/Jan/2024:01:37:26 -0500] "GET /BLA/resoluciones/AUTOS%202007/0620.pdf HTTP/1.0" 200 66762
156.59.198.135 - - [10/Jan/2024:01:37:50 -0500] "GET /BLA/resoluciones/AUTOS%202007/1356.pdf HTTP/1.0" 200 36107
172.22.2.4 - - [10/Jan/2024:01:36:32 -0500] "GET /BLA/boletinlegal/ HTTP/1.1" 200 58567
156.59.198.136 - - [10/Jan/2024:01:38:14 -0500] "GET /BLA/resoluciones/AUTOS%202007/0708.pdf HTTP/1.0" 200 31054
156.59.198.136 - - [10/Jan/2024:01:38:39 -0500] "GET /BLA/resoluciones/AUTOS%202007/0097.pdf HTTP/1.0" 200 47313
156.59.198.136 - - [10/Jan/2024:01:39:03 -0500] "GET /BLA/resoluciones/AUTOS%202007/1259.pdf HTTP/1.0" 200 60628
201.245.192.253 - - [10/Jan/2024:01:39:11 -0500] "POST /kwsrmcab/Wsrmcab HTTP/1.1" 200 36629
156.59.198.136 - - [10/Jan/2024:01:39:28 -0500] "GET /BLA/resoluciones/AUTOS%202007/1678.pdf HTTP/1.0" 200 32832
156.59.198.135 - - [10/Jan/2024:01:39:53 -0500] "GET /BLA/resoluciones/AUTOS%202007/1808.pdf HTTP/1.0" 200 29084
201.245.192.253 - - [10/Jan/2024:01:39:51 -0500] "POST /kwsrmcab/Wsrmcab HTTP/1.1" 200 36644
156.59.198.136 - - [10/Jan/2024:01:40:17 -0500] "GET /BLA/resoluciones/AUTOS%202007/1243.pdf HTTP/1.0" 200 74407
216.245.221.92 - - [10/Jan/2024:01:40:25 -0500] "HEAD / HTTP/1.1" 200 -
156.59.198.135 - - [10/Jan/2024:01:40:41 -0500] "GET /BLA/resoluciones/AUTOS%202007/1674.pdf HTTP/1.0" 200 151840
156.59.198.136 - - [10/Jan/2024:01:41:05 -0500] "GET /BLA/resoluciones/AUTOS%202007/1613.pdf HTTP/1.0" 200 31303
201.245.192.253 - - [10/Jan/2024:01:41:25 -0500] "POST /kwsrmcab/Wsrmcab  HTTP/1.1" 200 36937
156.59.198.136 - - [10/Jan/2024:01:41:30 -0500] "GET /BLA/resoluciones/AUTOS%202007/0613.pdf HTTP/1.0" 200 33668
156.59.198.136 - - [10/Jan/2024:01:41:54 -0500] "GET /BLA/resoluciones/AUTOS%202007/0406.pdf HTTP/1.0" 200 17888
156.59.198.135 - - [10/Jan/2024:01:42:19 -0500] "GET /BLA/resoluciones/AUTOS%202007/1542.pdf HTTP/1.0" 200 251851
66.249.79.224 - - [10/Jan/2024:01:42:27 -0500] "GET /BLA/resoluciones/Notificaciones/RESOLUCIONES%202020/1388.pdf HTTP/1.1" 200 346869
156.59.198.136 - - [10/Jan/2024:01:42:44 -0500] "GET /BLA/resoluciones/AUTOS%202007/0863.pdf HTTP/1.0" 200 74722
66.249.66.75 - - [10/Jan/2024:01:42:58 -0500] "GET /portaldeninos/2021/05/30/biodiversidad/feed/ HTTP/1.1" 200 909
156.59.198.135 - - [10/Jan/2024:01:43:09 -0500] "GET /BLA/resoluciones/AUTOS%202007/0316.pdf HTTP/1.0" 200 50312
172.22.2.4 - - [10/Jan/2024:01:41:31 -0500] "HEAD /BLA/boletinlegal/ HTTP/1.1" 200 -
156.59.198.136 - - [10/Jan/2024:01:43:33 -0500] "GET /BLA/resoluciones/AUTOS%202007/0346.pdf HTTP/1.0" 200 120252
66.249.79.225 - - [10/Jan/2024:01:43:40 -0500] "GET /BLA/resoluciones/RESOLUCIONES%202009/7105.pdf HTTP/1.1" 200 130000
156.59.198.136 - - [10/Jan/2024:01:43:58 -0500] "GET /BLA/resoluciones/AUTOS%202007/1198.pdf HTTP/1.0" 200 100529
172.22.2.4 - - [10/Jan/2024:01:42:22 -0500] "GET /BLA/boletinlegal/ HTTP/1.1" 200 58567
124.237.92.106 - - [10/Jan/2024:01:44:18 -0500] "GET /BLA/boletinlegal/Directivas/2015/Directiva%20No.%2001%20del%2014%20de%20Enero%20de%202015.pdf HTTP/1.1" 200 1416322
156.59.198.136 - - [10/Jan/2024:01:44:22 -0500] "GET /BLA/resoluciones/AUTOS%202007/1010.pdf HTTP/1.0" 200 118413
156.59.198.136 - - [10/Jan/2024:01:44:46 -0500] "GET /BLA/resoluciones/AUTOS%202007/1563.pdf HTTP/1.0" 200 28122
66.249.79.225 - - [10/Jan/2024:01:44:48 -0500] "GET /BLA/resoluciones/RESOLUCIONES%202009/4838.pdf HTTP/1.1" 200 593981
156.59.198.135 - - [10/Jan/2024:01:45:11 -0500] "GET /BLA/resoluciones/AUTOS%202007/1351.pdf HTTP/1.0" 200 51207
216.245.221.92 - - [10/Jan/2024:01:45:25 -0500] "HEAD / HTTP/1.1" 200 -
119.48.183.83 - - [10/Jan/2024:01:45:30 -0500] "GET /BLA/boletinlegal/Directivas/2015/Directiva%20No.%2001%20del%2014%20de%20Enero%20de%202015.pdf HTTP/1.1" 200 1416322
156.59.198.135 - - [10/Jan/2024:01:45:36 -0500] "GET /BLA/resoluciones/AUTOS%202007/0092.pdf HTTP/1.0" 200 47469
156.59.198.136 - - [10/Jan/2024:01:46:01 -0500] "GET /BLA/resoluciones/AUTOS%202007/1368.pdf HTTP/1.0" 200 59405
156.59.198.136 - - [10/Jan/2024:01:46:25 -0500] "GET /BLA/resoluciones/AUTOS%202007/0471.pdf HTTP/1.0" 200 79497
201.245.192.253 - - [10/Jan/2024:01:46:25 -0500] "POST /kwsrmcab/Wsrmcab  HTTP/1.1" 200 36937
66.249.79.225 - - [10/Jan/2024:01:46:34 -0500] "GET /resoluciones/RESOLUCIONES%202009/1584.pdf HTTP/1.1" 404 1018
156.59.198.135 - - [10/Jan/2024:01:46:49 -0500] "GET /BLA/resoluciones/AUTOS%202007/1176.pdf HTTP/1.0" 200 29441
156.59.198.136 - - [10/Jan/2024:01:47:14 -0500] "GET /BLA/resoluciones/AUTOS%202007/1038.pdf HTTP/1.0" 200 48291
156.59.198.136 - - [10/Jan/2024:01:47:40 -0500] "GET /BLA/resoluciones/AUTOS%202007/0335.pdf HTTP/1.0" 200 50643
156.59.198.135 - - [10/Jan/2024:01:48:04 -0500] "GET /BLA/resoluciones/AUTOS%202007/0434.pdf HTTP/1.0" 200 80244
156.59.198.135 - - [10/Jan/2024:01:48:29 -0500] "GET /BLA/resoluciones/AUTOS%202007/0206.pdf HTTP/1.0" 200 15635
156.59.198.135 - - [10/Jan/2024:01:48:52 -0500] "GET /BLA/resoluciones/AUTOS%202007/1598.pdf HTTP/1.0" 200 36792
66.249.79.224 - - [10/Jan/2024:01:48:54 -0500] "GET /BLA/resoluciones/RESOLUCIONES%202010/6313.pdf HTTP/1.1" 200 2490023
172.22.2.4 - - [10/Jan/2024:01:47:21 -0500] "HEAD /BLA/boletinlegal/ HTTP/1.1" 200 -
66.249.79.224 - - [10/Jan/2024:01:49:01 -0500] "GET /BLA/resoluciones/RESOLUCIONES%202017/2937.pdf HTTP/1.1" 200 3212581
156.59.198.136 - - [10/Jan/2024:01:49:18 -0500] "GET /BLA/resoluciones/AUTOS%202007/0611.pdf HTTP/1.0" 200 321809
40.77.167.20 - - [10/Jan/2024:01:49:29 -0500] "GET /portaldeninos/?s=2024 HTTP/1.1" 200 85855
17.241.75.31 - - [10/Jan/2024:01:49:34 -0500] "GET /robots.txt HTTP/1.1" 404 1034
17.241.75.31 - - [10/Jan/2024:01:49:34 -0500] "GET /bogota-una-de-la-nueva-clase-de-119-ciudades-mundiales-nombradas-lideres-climaticos-en-la-a-list-de-cdp-del-2023.html HTTP/1.1" 200 843
156.59.198.135 - - [10/Jan/2024:01:49:42 -0500] "GET /BLA/resoluciones/AUTOS%202007/0910.pdf HTTP/1.0" 200 70517
172.22.2.4 - - [10/Jan/2024:01:48:12 -0500] "GET /BLA/boletinlegal/ HTTP/1.1" 200 58567
156.59.198.136 - - [10/Jan/2024:01:50:07 -0500] "GET /BLA/resoluciones/AUTOS%202007/0035.pdf HTTP/1.0" 200 224043
216.245.221.92 - - [10/Jan/2024:01:50:25 -0500] "HEAD / HTTP/1.1" 200 -
156.59.198.136 - - [10/Jan/2024:01:50:31 -0500] "GET /BLA/resoluciones/AUTOS%202007/1645.pdf HTTP/1.0" 200 170549
186.86.33.153 - - [10/Jan/2024:01:50:44 -0500] "GET /inicia-el-2024-conociendo-la-biodiversidad-de-bogoti.html?fbclid=IwAR1LFeSWxEndmnKdo5aHs24isjBzfogG2Ho5Er7azAR7Qlc_VewegxhyzzU HTTP/1.1" 200 894
156.59.198.135 - - [10/Jan/2024:01:50:56 -0500] "GET /BLA/resoluciones/AUTOS%202007/1235.pdf HTTP/1.0" 200 72736
216.244.66.195 - - [10/Jan/2024:01:50:56 -0500] "GET /galeria/galeria/fotos/MeandrodelSay4G.jpg HTTP/1.1" 200 371052
156.59.198.136 - - [10/Jan/2024:01:51:22 -0500] "GET /BLA/resoluciones/AUTOS%202007/0717.pdf HTTP/1.0" 200 146564
201.245.192.253 - - [10/Jan/2024:01:51:22 -0500] "POST /kwsrmcab/Wsrmcab  HTTP/1.1" 200 36937
156.59.198.135 - - [10/Jan/2024:01:51:47 -0500] "GET /BLA/resoluciones/AUTOS%202007/1612.pdf HTTP/1.0" 200 29443
156.59.198.136 - - [10/Jan/2024:01:52:13 -0500] "GET /BLA/resoluciones/AUTOS%202007/0807.pdf HTTP/1.0" 200 76349
156.59.198.136 - - [10/Jan/2024:01:52:36 -0500] "GET /BLA/resoluciones/AUTOS%202007/0533.pdf HTTP/1.0" 200 160589
156.59.198.135 - - [10/Jan/2024:01:53:01 -0500] "GET /BLA/resoluciones/AUTOS%202007/0553.pdf HTTP/1.0" 200 53061
156.59.198.136 - - [10/Jan/2024:01:53:24 -0500] "GET /BLA/resoluciones/AUTOS%202007/0066.pdf HTTP/1.0" 200 46583
156.59.198.135 - - [10/Jan/2024:01:53:48 -0500] "GET /BLA/resoluciones/AUTOS%202007/0205.pdf HTTP/1.0" 200 14725
216.244.66.195 - - [10/Jan/2024:01:53:55 -0500] "GET /BLA/resoluciones/RESOLUCIONES%202017/0827.pdf HTTP/1.1" 200 663579
156.59.198.136 - - [10/Jan/2024:01:54:13 -0500] "GET /BLA/resoluciones/AUTOS%202007/1590.pdf HTTP/1.0" 200 32709
216.244.66.195 - - [10/Jan/2024:01:54:33 -0500] "GET /BLA/resoluciones/RESOLUCIONES%202017/0934.pdf HTTP/1.1" 200 1925758
156.59.198.135 - - [10/Jan/2024:01:54:38 -0500] "GET /BLA/resoluciones/AUTOS%202007/1036.pdf HTTP/1.0" 200 30782
172.22.2.4 - - [10/Jan/2024:01:53:11 -0500] "HEAD /BLA/boletinlegal/ HTTP/1.1" 200 -
156.59.198.136 - - [10/Jan/2024:01:55:02 -0500] "GET /BLA/resoluciones/AUTOS%202007/0615.pdf HTTP/1.0" 200 32919
216.244.66.195 - - [10/Jan/2024:01:55:10 -0500] "GET /BLA/resoluciones/RESOLUCIONES%202017/1246.pdf HTTP/1.1" 200 370005
216.245.221.92 - - [10/Jan/2024:01:55:25 -0500] "HEAD / HTTP/1.1" 200 -
156.59.198.135 - - [10/Jan/2024:01:55:27 -0500] "GET /BLA/resoluciones/AUTOS%202007/1559.pdf HTTP/1.0" 200 28085
172.22.2.4 - - [10/Jan/2024:01:54:02 -0500] "GET /BLA/boletinlegal/ HTTP/1.1" 200 58567
216.244.66.195 - - [10/Jan/2024:01:55:47 -0500] "GET /BLA/resoluciones/RESOLUCIONES%202017/1695.pdf HTTP/1.1" 200 429631
156.59.198.136 - - [10/Jan/2024:01:55:51 -0500] "GET /BLA/resoluciones/AUTOS%202007/1156.pdf HTTP/1.0" 200 42304
156.59.198.136 - - [10/Jan/2024:01:56:16 -0500] "GET /BLA/resoluciones/AUTOS%202007/0229.pdf HTTP/1.0" 200 21216
201.245.192.253 - - [10/Jan/2024:01:56:21 -0500] "POST /kwsrmcab/Wsrmcab  HTTP/1.1" 200 36937
216.244.66.195 - - [10/Jan/2024:01:56:26 -0500] "GET /BLA/resoluciones/RESOLUCIONES%202017/2106.pdf HTTP/1.1" 200 304474
156.59.198.135 - - [10/Jan/2024:01:56:39 -0500] "GET /BLA/resoluciones/AUTOS%202007/1776.pdf HTTP/1.0" 200 29437
216.244.66.195 - - [10/Jan/2024:01:56:56 -0500] "GET /BLA/resoluciones/RESOLUCIONES%202019/0473.pdf HTTP/1.1" 200 296300
156.59.198.136 - - [10/Jan/2024:01:57:05 -0500] "GET /BLA/resoluciones/AUTOS%202007/1861.pdf HTTP/1.0" 200 63890
66.249.66.194 - - [10/Jan/2024:01:57:15 -0500] "GET /lluvias-y-vientos-aumentan-la-probabilidad-de-caida-de-arboles-en-bogota.html HTTP/1.1" 304 -
216.244.66.195 - - [10/Jan/2024:01:57:26 -0500] "GET /BLA/resoluciones/RESOLUCIONES%202019/1814.pdf HTTP/1.1" 200 383989
156.59.198.136 - - [10/Jan/2024:01:57:28 -0500] "GET /BLA/resoluciones/AUTOS%202007/1212.pdf HTTP/1.0" 200 112395
156.59.198.136 - - [10/Jan/2024:01:57:53 -0500] "GET /BLA/resoluciones/AUTOS%202007/0420.pdf HTTP/1.0" 200 78882
216.244.66.195 - - [10/Jan/2024:01:57:54 -0500] "GET /BLA/resoluciones/RESOLUCIONES%201997/RESOLUCION%201014%20DE%201997.pdf HTTP/1.1" 200 124708
156.59.198.135 - - [10/Jan/2024:01:58:17 -0500] "GET /BLA/resoluciones/AUTOS%202007/0087.pdf HTTP/1.0" 200 112684
156.59.198.136 - - [10/Jan/2024:01:58:42 -0500] "GET /BLA/resoluciones/AUTOS%202007/1470.pdf HTTP/1.0" 200 43149
156.59.198.135 - - [10/Jan/2024:01:59:08 -0500] "GET /BLA/resoluciones/AUTOS%202007/1130.pdf HTTP/1.0" 200 25970
156.59.198.136 - - [10/Jan/2024:01:59:31 -0500] "GET /BLA/resoluciones/AUTOS%202007/0287.pdf HTTP/1.0" 200 51597
156.59.198.136 - - [10/Jan/2024:01:59:56 -0500] "GET /BLA/resoluciones/AUTOS%202007/0792.pdf HTTP/1.0" 200 87969
156.59.198.135 - - [10/Jan/2024:02:00:21 -0500] "GET /BLA/resoluciones/AUTOS%202007/0592.pdf HTTP/1.0" 200 74288
216.245.221.92 - - [10/Jan/2024:02:00:25 -0500] "HEAD / HTTP/1.1" 200 -
52.167.144.210 - - [10/Jan/2024:02:00:38 -0500] "GET /BLA/boletinlegal/js/jquery.scrollShow.js HTTP/1.1" 200 4586
172.22.2.4 - - [10/Jan/2024:01:59:01 -0500] "HEAD /BLA/boletinlegal/ HTTP/1.1" 200 -
216.244.66.195 - - [10/Jan/2024:02:00:42 -0500] "GET /BLA/resoluciones/AUTOS%202007/0265.pdf HTTP/1.1" 200 390355
156.59.198.135 - - [10/Jan/2024:02:00:45 -0500] "GET /BLA/resoluciones/AUTOS%202007/1252.pdf HTTP/1.0" 200 60941
216.244.66.195 - - [10/Jan/2024:02:01:08 -0500] "GET /BLA/resoluciones/AUTOS%202007/0290.pdf HTTP/1.1" 200 52093
156.59.198.136 - - [10/Jan/2024:02:01:09 -0500] "GET /BLA/resoluciones/AUTOS%202007/1108.pdf HTTP/1.0" 200 27602
201.245.192.253 - - [10/Jan/2024:02:01:20 -0500] "POST /kwsrmcab/Wsrmcab  HTTP/1.1" 200 36937
172.22.2.4 - - [10/Jan/2024:01:59:52 -0500] "GET /BLA/boletinlegal/ HTTP/1.1" 200 58567
156.59.198.136 - - [10/Jan/2024:02:01:33 -0500] "GET /BLA/resoluciones/AUTOS%202007/1061.pdf HTTP/1.0" 200 88929
216.244.66.195 - - [10/Jan/2024:02:01:33 -0500] "GET /BLA/resoluciones/AUTOS%202007/0378.pdf HTTP/1.1" 200 160006
162.243.4.24 - - [10/Jan/2024:02:01:52 -0500] "GET / HTTP/1.1" 200 319
156.59.198.135 - - [10/Jan/2024:02:01:57 -0500] "GET /BLA/resoluciones/AUTOS%202007/0284.pdf HTTP/1.0" 200 358066
216.244.66.195 - - [10/Jan/2024:02:01:58 -0500] "GET /BLA/resoluciones/AUTOS%202007/0552.pdf HTTP/1.1" 200 132940
216.244.66.195 - - [10/Jan/2024:02:02:21 -0500] "GET /BLA/resoluciones/AUTOS%202007/0572.pdf HTTP/1.1" 200 114148
156.59.198.136 - - [10/Jan/2024:02:02:22 -0500] "GET /BLA/resoluciones/AUTOS%202007/0857.pdf HTTP/1.0" 200 191124
156.59.198.136 - - [10/Jan/2024:02:02:45 -0500] "GET /BLA/resoluciones/AUTOS%202007/1804.pdf HTTP/1.0" 200 29324
216.244.66.195 - - [10/Jan/2024:02:02:46 -0500] "GET /BLA/resoluciones/AUTOS%202007/0701.pdf HTTP/1.1" 200 133082
37.39.133.51 - - [10/Jan/2024:02:01:51 -0500] "GET /portaldeninos/wp-content/uploads/2020/01/Fauna-gif.gif HTTP/1.1" 200 521253
37.39.133.51 - - [10/Jan/2024:02:02:47 -0500] "GET /portaldeninos/wp-content/uploads/2020/01/Fauna-gif.gif HTTP/1.1" 200 388933
156.59.198.135 - - [10/Jan/2024:02:03:10 -0500] "GET /BLA/resoluciones/AUTOS%202007/0261.pdf HTTP/1.0" 200 311218
216.244.66.195 - - [10/Jan/2024:02:03:16 -0500] "GET /BLA/resoluciones/AUTOS%202007/0807.pdf HTTP/1.1" 200 76349
37.39.133.51 - - [10/Jan/2024:02:03:24 -0500] "GET /portaldeninos/wp-content/uploads/2020/01/Fauna-gif.gif HTTP/1.1" 200 28485
156.59.198.135 - - [10/Jan/2024:02:03:36 -0500] "GET /BLA/resoluciones/AUTOS%202007/0514.pdf HTTP/1.0" 200 257769
216.244.66.195 - - [10/Jan/2024:02:03:48 -0500] "GET /BLA/resoluciones/AUTOS%202007/0873.pdf HTTP/1.1" 200 71954
156.59.198.136 - - [10/Jan/2024:02:03:59 -0500] "GET /BLA/resoluciones/AUTOS%202007/1474.pdf HTTP/1.0" 200 44395
216.244.66.195 - - [10/Jan/2024:02:04:21 -0500] "GET /BLA/resoluciones/AUTOS%202007/1260.pdf HTTP/1.1" 200 140321
156.59.198.136 - - [10/Jan/2024:02:04:24 -0500] "GET /BLA/resoluciones/AUTOS%202007/0899.pdf HTTP/1.0" 200 215830
156.59.198.136 - - [10/Jan/2024:02:04:49 -0500] "GET /BLA/resoluciones/AUTOS%202007/0234.pdf HTTP/1.0" 200 17864
216.244.66.195 - - [10/Jan/2024:02:04:52 -0500] "GET /BLA/resoluciones/AUTOS%202007/1353.pdf HTTP/1.1" 200 36112
156.59.198.135 - - [10/Jan/2024:02:05:13 -0500] "GET /BLA/resoluciones/AUTOS%202007/0336.pdf HTTP/1.0" 200 52352
216.244.66.195 - - [10/Jan/2024:02:05:21 -0500] "GET /BLA/resoluciones/AUTOS%202007/1375.pdf HTTP/1.1" 200 38186
104.218.62.251 - - [10/Jan/2024:02:05:24 -0500] "GET /catalogoisis/ HTTP/1.1" 200 8575
216.245.221.92 - - [10/Jan/2024:02:05:25 -0500] "HEAD / HTTP/1.1" 200 -
156.59.198.136 - - [10/Jan/2024:02:05:38 -0500] "GET /BLA/resoluciones/AUTOS%202007/0037.pdf HTTP/1.0" 200 103770
216.244.66.195 - - [10/Jan/2024:02:05:51 -0500] "GET /BLA/resoluciones/AUTOS%202007/1415.pdf HTTP/1.1" 200 30678
156.59.198.135 - - [10/Jan/2024:02:06:03 -0500] "GET /BLA/resoluciones/AUTOS%202007/1468.pdf HTTP/1.0" 200 88617
216.244.66.195 - - [10/Jan/2024:02:06:16 -0500] "GET /BLA/resoluciones/AUTOS%202007/1440.pdf HTTP/1.1" 200 26315
201.245.192.253 - - [10/Jan/2024:02:06:20 -0500] "POST /kwsrmcab/Wsrmcab  HTTP/1.1" 200 36937
168.119.253.6 - - [10/Jan/2024:02:06:27 -0500] "GET / HTTP/1.1" 200 4720
168.119.253.6 - - [10/Jan/2024:02:06:27 -0500] "GET / HTTP/1.1" 200 319
156.59.198.135 - - [10/Jan/2024:02:06:28 -0500] "GET /BLA/resoluciones/AUTOS%202007/1512.pdf HTTP/1.0" 200 266154
172.22.2.4 - - [10/Jan/2024:02:04:51 -0500] "HEAD /BLA/boletinlegal/ HTTP/1.1" 200 -
216.244.66.195 - - [10/Jan/2024:02:06:41 -0500] "GET /BLA/resoluciones/AUTOS%202007/1815.pdf HTTP/1.1" 200 29187
156.59.198.135 - - [10/Jan/2024:02:06:53 -0500] "GET /BLA/resoluciones/AUTOS%202007/0581.pdf HTTP/1.0" 200 234646
216.244.66.195 - - [10/Jan/2024:02:07:05 -0500] "GET /BLA/resoluciones/AUTOS%202009/0724.pdf HTTP/1.1" 200 349658
156.59.198.136 - - [10/Jan/2024:02:07:17 -0500] "GET /BLA/resoluciones/AUTOS%202007/1378.pdf HTTP/1.0" 200 57628
172.22.2.4 - - [10/Jan/2024:02:05:42 -0500] "GET /BLA/boletinlegal/ HTTP/1.1" 200 58172
216.244.66.195 - - [10/Jan/2024:02:07:28 -0500] "GET /BLA/resoluciones/AUTOS%202009/0813.pdf HTTP/1.1" 200 71713
156.59.198.135 - - [10/Jan/2024:02:07:41 -0500] "GET /BLA/resoluciones/AUTOS%202007/1699.pdf HTTP/1.0" 200 171071
216.244.66.195 - - [10/Jan/2024:02:07:50 -0500] "GET /BLA/resoluciones/AUTOS%202009/0908.pdf HTTP/1.1" 200 123460
156.59.198.135 - - [10/Jan/2024:02:08:06 -0500] "GET /BLA/resoluciones/AUTOS%202007/1032.pdf HTTP/1.0" 200 114475
216.244.66.195 - - [10/Jan/2024:02:08:11 -0500] "GET /BLA/resoluciones/AUTOS%202009/1115.pdf HTTP/1.1" 200 115996
156.59.198.136 - - [10/Jan/2024:02:08:31 -0500] "GET /BLA/resoluciones/AUTOS%202007/1272.pdf HTTP/1.0" 200 146706
216.244.66.195 - - [10/Jan/2024:02:08:33 -0500] "GET /BLA/resoluciones/AUTOS%202009/1386.pdf HTTP/1.1" 200 122665
216.244.66.195 - - [10/Jan/2024:02:08:52 -0500] "GET /BLA/resoluciones/AUTOS%202009/1435.pdf HTTP/1.1" 200 191182
156.59.198.135 - - [10/Jan/2024:02:08:55 -0500] "GET /BLA/resoluciones/AUTOS%202007/1312.pdf HTTP/1.0" 200 55714
216.244.66.195 - - [10/Jan/2024:02:09:10 -0500] "GET /BLA/resoluciones/AUTOS%202009/1725.pdf HTTP/1.1" 200 123725
156.59.198.136 - - [10/Jan/2024:02:09:21 -0500] "GET /BLA/resoluciones/AUTOS%202007/1621.pdf HTTP/1.0" 200 98860
216.244.66.195 - - [10/Jan/2024:02:09:27 -0500] "GET /BLA/resoluciones/AUTOS%202009/1777.pdf HTTP/1.1" 200 100672
216.244.66.195 - - [10/Jan/2024:02:09:43 -0500] "GET /BLA/resoluciones/AUTOS%202009/1833.pdf HTTP/1.1" 200 107278
156.59.198.135 - - [10/Jan/2024:02:09:44 -0500] "GET /BLA/resoluciones/AUTOS%202007/1534.pdf HTTP/1.0" 200 178129
216.244.66.195 - - [10/Jan/2024:02:09:58 -0500] "GET /BLA/resoluciones/AUTOS%202009/1849.pdf HTTP/1.1" 200 102282
156.59.198.135 - - [10/Jan/2024:02:10:09 -0500] "GET /BLA/resoluciones/AUTOS%202007/1850.pdf HTTP/1.0" 200 250874
216.244.66.195 - - [10/Jan/2024:02:10:12 -0500] "GET /BLA/resoluciones/AUTOS%202009/1938.pdf HTTP/1.1" 200 259727
216.245.221.92 - - [10/Jan/2024:02:10:25 -0500] "HEAD / HTTP/1.1" 200 -
216.244.66.195 - - [10/Jan/2024:02:10:27 -0500] "GET /BLA/resoluciones/AUTOS%202009/2631.pdf HTTP/1.1" 200 103696
156.59.198.136 - - [10/Jan/2024:02:10:34 -0500] "GET /BLA/resoluciones/AUTOS%202007/0511.pdf HTTP/1.0" 200 116592
216.244.66.195 - - [10/Jan/2024:02:10:39 -0500] "GET /BLA/resoluciones/AUTOS%202009/2673.pdf HTTP/1.1" 200 71136
216.244.66.195 - - [10/Jan/2024:02:10:50 -0500] "GET /BLA/resoluciones/AUTOS%202009/2696.pdf HTTP/1.1" 200 95355
156.59.198.136 - - [10/Jan/2024:02:10:58 -0500] "GET /BLA/resoluciones/AUTOS%202007/0806.pdf HTTP/1.0" 200 105114
216.244.66.195 - - [10/Jan/2024:02:11:01 -0500] "GET /BLA/resoluciones/AUTOS%202009/2858.pdf HTTP/1.1" 200 71772
216.244.66.195 - - [10/Jan/2024:02:11:10 -0500] "GET /BLA/resoluciones/AUTOS%202011/0480.pdf HTTP/1.1" 200 203757
216.244.66.195 - - [10/Jan/2024:02:11:18 -0500] "GET /BLA/resoluciones/AUTOS%202011/0894.pdf HTTP/1.1" 200 103710
201.245.192.253 - - [10/Jan/2024:02:11:17 -0500] "POST /kwsrmcab/Wsrmcab  HTTP/1.1" 200 36937
156.59.198.136 - - [10/Jan/2024:02:11:23 -0500] "GET /BLA/resoluciones/AUTOS%202007/1192.pdf HTTP/1.0" 200 46556
216.244.66.195 - - [10/Jan/2024:02:11:25 -0500] "GET /BLA/resoluciones/AUTOS%202011/1136.pdf HTTP/1.1" 200 285357
216.244.66.195 - - [10/Jan/2024:02:11:31 -0500] "GET /BLA/resoluciones/AUTOS%202011/1396.pdf HTTP/1.1" 200 657628
156.59.198.136 - - [10/Jan/2024:02:11:47 -0500] "GET /BLA/resoluciones/AUTOS%202007/1181.pdf HTTP/1.0" 200 89245
216.244.66.195 - - [10/Jan/2024:02:12:09 -0500] "GET /BLA/resoluciones/AUTOS%202011/1507.pdf HTTP/1.1" 200 170372
156.59.198.136 - - [10/Jan/2024:02:12:12 -0500] "GET /BLA/resoluciones/AUTOS%202007/0136.pdf HTTP/1.0" 200 107529
172.22.2.4 - - [10/Jan/2024:02:10:41 -0500] "HEAD /BLA/boletinlegal/ HTTP/1.1" 200 -
156.59.198.136 - - [10/Jan/2024:02:12:36 -0500] "GET /BLA/resoluciones/AUTOS%202007/0735.pdf HTTP/1.0" 200 23125
216.244.66.195 - - [10/Jan/2024:02:12:40 -0500] "GET /BLA/resoluciones/AUTOS%202011/1513.pdf HTTP/1.1" 200 85853
156.59.198.136 - - [10/Jan/2024:02:13:02 -0500] "GET /BLA/resoluciones/AUTOS%202007/0015.pdf HTTP/1.0" 200 221920
216.244.66.195 - - [10/Jan/2024:02:13:09 -0500] "GET /BLA/resoluciones/AUTOS%202011/2881.pdf HTTP/1.1" 200 159195
172.22.2.4 - - [10/Jan/2024:02:11:32 -0500] "GET /BLA/boletinlegal/ HTTP/1.1" 200 58567
156.59.198.136 - - [10/Jan/2024:02:13:25 -0500] "GET /BLA/resoluciones/AUTOS%202007/0392.pdf HTTP/1.0" 200 68438
216.244.66.195 - - [10/Jan/2024:02:13:42 -0500] "GET /BLA/resoluciones/AUTOS%202011/3016.pdf HTTP/1.1" 200 122147
156.59.198.136 - - [10/Jan/2024:02:13:50 -0500] "GET /BLA/resoluciones/AUTOS%202007/0566.pdf HTTP/1.0" 200 145341
216.244.66.195 - - [10/Jan/2024:02:14:09 -0500] "GET /BLA/resoluciones/AUTOS%202011/3041.pdf HTTP/1.1" 200 191495
156.59.198.135 - - [10/Jan/2024:02:14:15 -0500] "GET /BLA/resoluciones/AUTOS%202007/0801.pdf HTTP/1.0" 200 323401
216.244.66.195 - - [10/Jan/2024:02:14:38 -0500] "GET /BLA/resoluciones/AUTOS%202011/3236.pdf HTTP/1.1" 200 320589
156.59.198.135 - - [10/Jan/2024:02:14:40 -0500] "GET /BLA/resoluciones/AUTOS%202007/0670.pdf HTTP/1.0" 200 152525
201.245.192.253 - - [10/Jan/2024:02:14:56 -0500] "POST /kwsrmcab/Wsrmcab HTTP/1.1" 200 36624
201.245.192.253 - - [10/Jan/2024:02:14:59 -0500] "POST /kwsrmcab/Wsrmcab HTTP/1.1" 200 36643
156.59.198.136 - - [10/Jan/2024:02:15:04 -0500] "GET /BLA/resoluciones/AUTOS%202007/0252.pdf HTTP/1.0" 200 99400
216.244.66.195 - - [10/Jan/2024:02:15:08 -0500] "GET /BLA/resoluciones/AUTOS%202011/3291.pdf HTTP/1.1" 200 216057
216.245.221.92 - - [10/Jan/2024:02:15:25 -0500] "HEAD / HTTP/1.1" 200 -
156.59.198.136 - - [10/Jan/2024:02:15:29 -0500] "GET /BLA/resoluciones/AUTOS%202007/0310.pdf HTTP/1.0" 200 51020
216.244.66.195 - - [10/Jan/2024:02:15:34 -0500] "GET /BLA/resoluciones/AUTOS%202011/3745.pdf HTTP/1.1" 200 241621
156.59.198.135 - - [10/Jan/2024:02:15:52 -0500] "GET /BLA/resoluciones/AUTOS%202007/1314.pdf HTTP/1.0" 200 52681
156.59.198.135 - - [10/Jan/2024:02:16:17 -0500] "GET /BLA/resoluciones/AUTOS%202007/0503.pdf HTTP/1.0" 200 16631
201.245.192.253 - - [10/Jan/2024:02:16:16 -0500] "POST /kwsrmcab/Wsrmcab  HTTP/1.1" 200 36937
156.59.198.136 - - [10/Jan/2024:02:16:42 -0500] "GET /BLA/resoluciones/AUTOS%202007/0518.pdf HTTP/1.0" 200 173791
156.59.198.136 - - [10/Jan/2024:02:17:06 -0500] "GET /BLA/resoluciones/AUTOS%202007/0146.pdf HTTP/1.0" 200 389456
156.59.198.135 - - [10/Jan/2024:02:17:30 -0500] "GET /BLA/resoluciones/AUTOS%202007/1131.pdf HTTP/1.0" 200 48800
156.59.198.136 - - [10/Jan/2024:02:17:55 -0500] "GET /BLA/resoluciones/AUTOS%202007/1352.pdf HTTP/1.0" 200 29577
172.22.2.4 - - [10/Jan/2024:02:16:31 -0500] "HEAD /BLA/boletinlegal/ HTTP/1.1" 200 -
156.59.198.135 - - [10/Jan/2024:02:18:19 -0500] "GET /BLA/resoluciones/AUTOS%202014/1558.pdf HTTP/1.0" 200 327794
156.59.198.136 - - [10/Jan/2024:02:18:44 -0500] "GET /BLA/resoluciones/AUTOS%202007/1442.pdf HTTP/1.0" 200 28902
172.22.2.4 - - [10/Jan/2024:02:17:22 -0500] "GET /BLA/boletinlegal/ HTTP/1.1" 200 60910
156.59.198.136 - - [10/Jan/2024:02:19:07 -0500] "GET /BLA/resoluciones/AUTOS%202007/0343.pdf HTTP/1.0" 200 122549
201.245.192.253 - - [10/Jan/2024:02:19:11 -0500] "POST /kwsrmcab/Wsrmcab HTTP/1.1" 200 36624
156.59.198.136 - - [10/Jan/2024:02:19:31 -0500] "GET /BLA/resoluciones/AUTOS%202007/0609.pdf HTTP/1.0" 200 131296
201.245.192.253 - - [10/Jan/2024:02:19:52 -0500] "POST /kwsrmcab/Wsrmcab HTTP/1.1" 200 36643
156.59.198.135 - - [10/Jan/2024:02:19:55 -0500] "GET /BLA/resoluciones/AUTOS%202007/0056.pdf HTTP/1.0" 200 47530
156.59.198.135 - - [10/Jan/2024:02:20:20 -0500] "GET /BLA/resoluciones/AUTOS%202014/6363.pdf HTTP/1.0" 200 297403
216.245.221.92 - - [10/Jan/2024:02:20:25 -0500] "HEAD / HTTP/1.1" 200 -
156.59.198.135 - - [10/Jan/2024:02:20:45 -0500] "GET /BLA/resoluciones/AUTOS%202007/1466.pdf HTTP/1.0" 200 28158
156.59.198.135 - - [10/Jan/2024:02:21:09 -0500] "GET /BLA/resoluciones/AUTOS%202014/2978.pdf HTTP/1.0" 200 361081
201.245.192.253 - - [10/Jan/2024:02:21:15 -0500] "POST /kwsrmcab/Wsrmcab  HTTP/1.1" 200 36937
156.59.198.136 - - [10/Jan/2024:02:21:36 -0500] "GET /BLA/resoluciones/AUTOS%202014/4880.pdf HTTP/1.0" 200 489168
47.128.28.85 - - [10/Jan/2024:02:22:10 -0500] "GET /robots.txt HTTP/1.1" 404 1018
156.59.198.135 - - [10/Jan/2024:02:22:24 -0500] "GET /BLA/resoluciones/AUTOS%202007/0508.pdf HTTP/1.0" 200 190722
156.59.198.136 - - [10/Jan/2024:02:22:48 -0500] "GET /BLA/resoluciones/AUTOS%202007/1648.pdf HTTP/1.0" 200 1002589
152.61.128.50 - - [10/Jan/2024:02:22:49 -0500] "GET /arcgis/services/Calidad_del_Agua_WQI/MapServer/WMSServer?request=GetCapabilities&service=WMS HTTP/1.1" 503 1020
152.61.128.50 - - [10/Jan/2024:02:22:50 -0500] "GET /arcgis/services/Calidad_del_Agua_WQI/MapServer/WMSServer?SERVICE=WMS&REQUEST=GetCapabilities HTTP/1.1" 503 1020
152.61.128.50 - - [10/Jan/2024:02:22:50 -0500] "GET /arcgis/services/Calidad_del_Agua_WQI/MapServer/WMSServer?WMTVER=1.0.0&REQUEST=capabilities HTTP/1.1" 503 1020
156.59.198.135 - - [10/Jan/2024:02:23:13 -0500] "GET /BLA/resoluciones/AUTOS%202014/3750.pdf HTTP/1.0" 200 488423
156.59.198.135 - - [10/Jan/2024:02:23:37 -0500] "GET /BLA/resoluciones/AUTOS%202007/1409.pdf HTTP/1.0" 200 27200
156.59.198.135 - - [10/Jan/2024:02:24:01 -0500] "GET /BLA/resoluciones/AUTOS%202014/7288.pdf HTTP/1.0" 200 302577
172.22.2.4 - - [10/Jan/2024:02:22:22 -0500] "HEAD /BLA/boletinlegal/ HTTP/1.1" 200 -
156.59.198.136 - - [10/Jan/2024:02:24:25 -0500] "GET /BLA/resoluciones/AUTOS%202014/3488.pdf HTTP/1.0" 200 379524
156.59.198.135 - - [10/Jan/2024:02:24:50 -0500] "GET /BLA/resoluciones/AUTOS%202014/1767.pdf HTTP/1.0" 200 410963
172.22.2.4 - - [10/Jan/2024:02:23:13 -0500] "GET /BLA/boletinlegal/ HTTP/1.1" 200 60502
201.245.192.253 - - [10/Jan/2024:02:24:56 -0500] "POST /kwsrmcab/Wsrmcab HTTP/1.1" 200 36624
201.245.192.253 - - [10/Jan/2024:02:24:59 -0500] "POST /kwsrmcab/Wsrmcab HTTP/1.1" 200 36643
156.59.198.136 - - [10/Jan/2024:02:25:14 -0500] "GET /BLA/resoluciones/AUTOS%202014/0278.pdf HTTP/1.0" 200 620100
216.245.221.92 - - [10/Jan/2024:02:25:25 -0500] "HEAD / HTTP/1.1" 200 -
40.77.167.25 - - [10/Jan/2024:02:25:28 -0500] "GET /portaldeninos/?s=2023 HTTP/1.1" 200 87105
156.59.198.135 - - [10/Jan/2024:02:25:40 -0500] "GET /BLA/resoluciones/AUTOS%202007/1781.pdf HTTP/1.0" 200 34175
156.59.198.135 - - [10/Jan/2024:02:26:05 -0500] "GET /BLA/resoluciones/AUTOS%202014/3417.pdf HTTP/1.0" 200 234713
201.245.192.253 - - [10/Jan/2024:02:26:14 -0500] "POST /kwsrmcab/Wsrmcab  HTTP/1.1" 200 36937
156.59.198.135 - - [10/Jan/2024:02:26:30 -0500] "GET /BLA/resoluciones/AUTOS%202007/0942.pdf HTTP/1.0" 200 31725
156.59.198.135 - - [10/Jan/2024:02:26:53 -0500] "GET /BLA/resoluciones/AUTOS%202014/6556.pdf HTTP/1.0" 200 467291
216.244.66.195 - - [10/Jan/2024:02:27:07 -0500] "GET /robots.txt HTTP/1.1" 404 1018
156.59.198.136 - - [10/Jan/2024:02:27:17 -0500] "GET /BLA/resoluciones/AUTOS%202014/3036.pdf HTTP/1.0" 200 211590
156.59.198.136 - - [10/Jan/2024:02:27:42 -0500] "GET /BLA/resoluciones/AUTOS%202014/1756.pdf HTTP/1.0" 200 327276
156.59.198.136 - - [10/Jan/2024:02:28:05 -0500] "GET /BLA/resoluciones/AUTOS%202007/0091.pdf HTTP/1.0" 200 115208
156.59.198.135 - - [10/Jan/2024:02:28:29 -0500] "GET /BLA/resoluciones/AUTOS%202007/0270.pdf HTTP/1.0" 200 260144
156.59.198.136 - - [10/Jan/2024:02:28:54 -0500] "GET /BLA/resoluciones/AUTOS%202007/0338.pdf HTTP/1.0" 200 49729
201.245.192.253 - - [10/Jan/2024:02:29:10 -0500] "POST /kwsrmcab/Wsrmcab HTTP/1.1" 200 36624
156.59.198.136 - - [10/Jan/2024:02:29:18 -0500] "GET /BLA/resoluciones/AUTOS%202014/6842.pdf HTTP/1.0" 200 414127
91.32.110.242 - - [10/Jan/2024:02:29:31 -0500] "GET / HTTP/1.1" 200 319
156.59.198.136 - - [10/Jan/2024:02:29:43 -0500] "GET /BLA/resoluciones/AUTOS%202007/0436.pdf HTTP/1.0" 200 18952
172.22.2.4 - - [10/Jan/2024:02:28:12 -0500] "HEAD /BLA/boletinlegal/ HTTP/1.1" 200 -
201.245.192.253 - - [10/Jan/2024:02:29:51 -0500] "POST /kwsrmcab/Wsrmcab HTTP/1.1" 200 36643
156.59.198.135 - - [10/Jan/2024:02:30:07 -0500] "GET /BLA/resoluciones/AUTOS%202014/2636.pdf HTTP/1.0" 200 659144
216.245.221.92 - - [10/Jan/2024:02:30:25 -0500] "HEAD / HTTP/1.1" 200 -
156.59.198.136 - - [10/Jan/2024:02:30:31 -0500] "GET /BLA/resoluciones/AUTOS%202007/1644.pdf HTTP/1.0" 200 79423
172.22.2.4 - - [10/Jan/2024:02:29:03 -0500] "GET /BLA/boletinlegal/ HTTP/1.1" 200 58567
156.59.198.136 - - [10/Jan/2024:02:30:55 -0500] "GET /BLA/resoluciones/AUTOS%202007/0519.pdf HTTP/1.0" 200 394490
201.245.192.253 - - [10/Jan/2024:02:31:12 -0500] "POST /kwsrmcab/Wsrmcab  HTTP/1.1" 200 36937
156.59.198.135 - - [10/Jan/2024:02:31:20 -0500] "GET /BLA/resoluciones/AUTOS%202014/4867.pdf HTTP/1.0" 200 566726
156.59.198.135 - - [10/Jan/2024:02:31:44 -0500] "GET /BLA/resoluciones/AUTOS%202007/1783.pdf HTTP/1.0" 200 36462
156.59.198.136 - - [10/Jan/2024:02:32:08 -0500] "GET /BLA/resoluciones/AUTOS%202014/5262.pdf HTTP/1.0" 200 519255
156.59.198.135 - - [10/Jan/2024:02:32:33 -0500] "GET /BLA/resoluciones/AUTOS%202007/0114.pdf HTTP/1.0" 200 225872
156.59.198.135 - - [10/Jan/2024:02:32:58 -0500] "GET /BLA/resoluciones/AUTOS%202007/1580.pdf HTTP/1.0" 200 30847
156.59.198.136 - - [10/Jan/2024:02:33:23 -0500] "GET /BLA/resoluciones/AUTOS%202014/4592.pdf HTTP/1.0" 200 585503
156.59.198.135 - - [10/Jan/2024:02:33:47 -0500] "GET /BLA/resoluciones/AUTOS%202014/2099.pdf HTTP/1.0" 200 923436
156.59.198.136 - - [10/Jan/2024:02:34:12 -0500] "GET /BLA/resoluciones/AUTOS%202014/2968.pdf HTTP/1.0" 200 767021
66.249.66.75 - - [10/Jan/2024:02:34:14 -0500] "GET /portaldeninos/2021/05/18/mas-alla-de-tus-pies-aprende-a-reconocer-algunas-flores-en-humedales-para-que-tambien-las-protejas/feed/ HTTP/1.1" 200 1253
156.59.198.135 - - [10/Jan/2024:02:34:36 -0500] "GET /BLA/resoluciones/AUTOS%202014/5387.pdf HTTP/1.0" 200 591356
201.245.192.253 - - [10/Jan/2024:02:34:56 -0500] "POST /kwsrmcab/Wsrmcab HTTP/1.1" 200 36624
156.59.198.136 - - [10/Jan/2024:02:35:00 -0500] "GET /BLA/resoluciones/AUTOS%202014/4530.pdf HTTP/1.0" 200 529377
201.245.192.253 - - [10/Jan/2024:02:34:59 -0500] "POST /kwsrmcab/Wsrmcab HTTP/1.1" 200 36643
156.59.198.136 - - [10/Jan/2024:02:35:24 -0500] "GET /BLA/resoluciones/AUTOS%202014/5192.pdf HTTP/1.0" 200 560704
216.245.221.92 - - [10/Jan/2024:02:35:25 -0500] "HEAD / HTTP/1.1" 200 -
172.22.2.4 - - [10/Jan/2024:02:34:03 -0500] "HEAD /BLA/boletinlegal/ HTTP/1.1" 200 -
156.59.198.135 - - [10/Jan/2024:02:35:49 -0500] "GET /BLA/resoluciones/AUTOS%202014/4134.pdf HTTP/1.0" 200 554040
156.59.198.136 - - [10/Jan/2024:02:36:12 -0500] "GET /BLA/resoluciones/AUTOS%202014/3375.pdf HTTP/1.0" 200 558096
201.245.192.253 - - [10/Jan/2024:02:36:11 -0500] "POST /kwsrmcab/Wsrmcab  HTTP/1.1" 200 36937
172.22.2.4 - - [10/Jan/2024:02:34:54 -0500] "GET /BLA/boletinlegal/ HTTP/1.1" 200 58567
156.59.198.136 - - [10/Jan/2024:02:36:37 -0500] "GET /BLA/resoluciones/AUTOS%202014/2172.pdf HTTP/1.0" 200 607398
156.59.198.136 - - [10/Jan/2024:02:37:02 -0500] "GET /BLA/resoluciones/AUTOS%202014/5481.pdf HTTP/1.0" 200 555170
156.59.198.135 - - [10/Jan/2024:02:37:26 -0500] "GET /BLA/resoluciones/AUTOS%202014/5098.pdf HTTP/1.0" 200 1215778
40.77.167.78 - - [10/Jan/2024:02:37:29 -0500] "GET /el-plan-de-accion-climatica-de-bogota-inspirador-para-otras-ciudades-del-mundo.html HTTP/1.1" 200 876
156.59.198.136 - - [10/Jan/2024:02:37:50 -0500] "GET /BLA/resoluciones/AUTOS%202014/2527.pdf HTTP/1.0" 200 522304
198.235.24.240 - - [10/Jan/2024:02:38:19 -0500] "GET / HTTP/1.0" 200 319
47.128.61.55 - - [10/Jan/2024:02:38:22 -0500] "GET /BLA/resoluciones/dlf/styles.css HTTP/1.1" 200 3049
47.128.61.55 - - [10/Jan/2024:02:38:23 -0500] "GET /BLA/resoluciones/dlf/dirup.png HTTP/1.1" 200 644
47.128.61.55 - - [10/Jan/2024:02:38:21 -0500] "GET /BLA/resoluciones/index.php?dir=RESOLUCIONES%202007/RES%202007%20101%20AL%20200/&sort=size&order=asc HTTP/1.1" 200 26931
47.128.61.55 - - [10/Jan/2024:02:38:23 -0500] "GET /BLA/resoluciones/dlf/pdf.gif HTTP/1.1" 200 272
156.59.198.136 - - [10/Jan/2024:02:38:39 -0500] "GET /BLA/resoluciones/AUTOS%202014/4347.pdf HTTP/1.0" 200 540461
156.59.198.136 - - [10/Jan/2024:02:39:05 -0500] "GET /BLA/resoluciones/AUTOS%202014/3276.pdf HTTP/1.0" 200 553488
201.245.192.253 - - [10/Jan/2024:02:39:11 -0500] "POST /kwsrmcab/Wsrmcab HTTP/1.1" 200 36624
156.59.198.136 - - [10/Jan/2024:02:39:28 -0500] "GET /BLA/resoluciones/AUTOS%202014/4529.pdf HTTP/1.0" 200 555254
66.249.79.224 - - [10/Jan/2024:02:39:33 -0500] "GET /BLA/resoluciones/RESOLUCIONES%202011/6982.pdf HTTP/1.1" 200 1266045
156.59.198.136 - - [10/Jan/2024:02:39:52 -0500] "GET /BLA/resoluciones/AUTOS%202014/2606.pdf HTTP/1.0" 200 755953
201.245.192.253 - - [10/Jan/2024:02:39:50 -0500] "POST /kwsrmcab/Wsrmcab HTTP/1.1" 200 36643
156.59.198.136 - - [10/Jan/2024:02:40:17 -0500] "GET /BLA/resoluciones/AUTOS%202014/6001.pdf HTTP/1.0" 200 551477
216.245.221.92 - - [10/Jan/2024:02:40:25 -0500] "HEAD / HTTP/1.1" 200 -
17.241.219.116 - - [10/Jan/2024:02:40:35 -0500] "GET /semana-bogota-reverdece-inventario-de-emisiones-de-gases-efecto-invernadero-2022-mostro-una-reduccion-de-19-8.html HTTP/1.1" 200 878
156.59.198.136 - - [10/Jan/2024:02:40:41 -0500] "GET /BLA/resoluciones/AUTOS%202014/6498.pdf HTTP/1.0" 200 546075
156.59.198.135 - - [10/Jan/2024:02:41:05 -0500] "GET /BLA/resoluciones/AUTOS%202014/5154.pdf HTTP/1.0" 200 515648
201.245.192.253 - - [10/Jan/2024:02:41:08 -0500] "POST /kwsrmcab/Wsrmcab  HTTP/1.1" 200 36937
156.59.198.136 - - [10/Jan/2024:02:41:30 -0500] "GET /BLA/resoluciones/AUTOS%202014/1599.pdf HTTP/1.0" 200 513825
172.22.2.4 - - [10/Jan/2024:02:39:53 -0500] "HEAD /BLA/boletinlegal/ HTTP/1.1" 200 -
156.59.198.136 - - [10/Jan/2024:02:41:54 -0500] "GET /BLA/resoluciones/AUTOS%202014/6225.pdf HTTP/1.0" 200 518626
216.244.66.195 - - [10/Jan/2024:02:42:02 -0500] "GET /BLA/resoluciones/RESOLUCIONES%202017/0189.pdf HTTP/1.1" 200 375869
156.59.198.135 - - [10/Jan/2024:02:42:21 -0500] "GET /BLA/resoluciones/AUTOS%202014/6969.pdf HTTP/1.0" 200 755006
172.22.2.4 - - [10/Jan/2024:02:40:44 -0500] "GET /BLA/boletinlegal/ HTTP/1.1" 200 58567
156.59.198.136 - - [10/Jan/2024:02:42:45 -0500] "GET /BLA/resoluciones/AUTOS%202014/3329.pdf HTTP/1.0" 200 553378
216.244.66.195 - - [10/Jan/2024:02:42:52 -0500] "GET /BLA/resoluciones/RESOLUCIONES%202017/0193.pdf HTTP/1.1" 200 341821
156.59.198.135 - - [10/Jan/2024:02:43:09 -0500] "GET /BLA/resoluciones/AUTOS%202014/1589.pdf HTTP/1.0" 200 828207
114.232.140.151 - - [10/Jan/2024:02:43:10 -0500] "GET /BLA/boletinlegal/Circulares/2009/Circular%20Instructiva%20-%20Memorando%202009IE24363.pdf HTTP/1.1" 200 1544636
216.244.66.195 - - [10/Jan/2024:02:43:24 -0500] "GET /BLA/resoluciones/RESOLUCIONES%202017/0309.pdf HTTP/1.1" 200 416652
156.59.198.135 - - [10/Jan/2024:02:43:34 -0500] "GET /BLA/resoluciones/AUTOS%202014/4118.pdf HTTP/1.0" 200 522946
216.244.66.195 - - [10/Jan/2024:02:43:55 -0500] "GET /BLA/resoluciones/RESOLUCIONES%202017/1724.pdf HTTP/1.1" 200 500093
156.59.198.136 - - [10/Jan/2024:02:43:59 -0500] "GET /BLA/resoluciones/AUTOS%202014/6341.pdf HTTP/1.0" 200 520154
156.59.198.135 - - [10/Jan/2024:02:44:24 -0500] "GET /BLA/resoluciones/AUTOS%202014/2535.pdf HTTP/1.0" 200 768143
216.244.66.195 - - [10/Jan/2024:02:44:39 -0500] "GET /BLA/resoluciones/RESOLUCIONES%202017/1927.pdf HTTP/1.1" 200 6635547
199.16.157.181 - - [10/Jan/2024:02:44:39 -0500] "GET /images/pl%C3%A1sticos%20foto%201..jpg HTTP/1.1" 404 1034
156.59.198.135 - - [10/Jan/2024:02:44:48 -0500] "GET /BLA/resoluciones/AUTOS%202014/7273.pdf HTTP/1.0" 200 402744
156.59.198.136 - - [10/Jan/2024:02:45:13 -0500] "GET /BLA/resoluciones/AUTOS%202014/2434.pdf HTTP/1.0" 200 754930
216.245.221.92 - - [10/Jan/2024:02:45:25 -0500] "HEAD / HTTP/1.1" 200 -
216.244.66.195 - - [10/Jan/2024:02:45:29 -0500] "GET /BLA/resoluciones/RESOLUCIONES%202017/3238.pdf HTTP/1.1" 200 1447065
156.59.198.136 - - [10/Jan/2024:02:45:38 -0500] "GET /BLA/resoluciones/AUTOS%202014/6522.pdf HTTP/1.0" 200 566948
167.94.145.57 - - [10/Jan/2024:02:45:45 -0500] "GET / HTTP/1.1" 200 319
167.94.145.57 - - [10/Jan/2024:02:45:49 -0500] "GET / HTTP/1.1" 200 319
167.94.145.57 - - [10/Jan/2024:02:45:49 -0500] "PRI * HTTP/2.0" 400 946
167.94.145.57 - - [10/Jan/2024:02:45:49 -0500] "GET /favicon.ico HTTP/1.1" 200 7782
156.59.198.135 - - [10/Jan/2024:02:46:03 -0500] "GET /BLA/resoluciones/AUTOS%202014/1648.pdf HTTP/1.0" 200 540896
201.245.192.253 - - [10/Jan/2024:02:46:07 -0500] "POST /kwsrmcab/Wsrmcab  HTTP/1.1" 200 36937
216.244.66.195 - - [10/Jan/2024:02:46:19 -0500] "GET /BLA/resoluciones/RESOLUCIONES%202019/0369.pdf HTTP/1.1" 200 4885066
66.249.66.76 - - [10/Jan/2024:02:46:22 -0500] "GET /portaldeninos/2020/08/28/agua-2/ HTTP/1.1" 200 102184
156.59.198.136 - - [10/Jan/2024:02:46:27 -0500] "GET /BLA/resoluciones/AUTOS%202014/2691.pdf HTTP/1.0" 200 756683
66.249.66.76 - - [10/Jan/2024:02:46:35 -0500] "GET /portaldeninos/wp-includes/js/jquery/ui/tabs.min.js?ver=1.11.4 HTTP/1.1" 200 12110
156.59.198.136 - - [10/Jan/2024:02:46:51 -0500] "GET /BLA/resoluciones/AUTOS%202014/4231.pdf HTTP/1.0" 200 123086
216.244.66.195 - - [10/Jan/2024:02:47:15 -0500] "GET /BLA/resoluciones/RESOLUCIONES%202019/0596.pdf HTTP/1.1" 200 308032
156.59.198.135 - - [10/Jan/2024:02:47:16 -0500] "GET /BLA/resoluciones/AUTOS%202014/1441.pdf HTTP/1.0" 200 1230439
172.22.2.4 - - [10/Jan/2024:02:45:43 -0500] "HEAD /BLA/boletinlegal/ HTTP/1.1" 200 -
156.59.198.135 - - [10/Jan/2024:02:47:40 -0500] "GET /BLA/resoluciones/AUTOS%202014/4401.pdf HTTP/1.0" 200 606913
216.244.66.195 - - [10/Jan/2024:02:47:49 -0500] "GET /BLA/resoluciones/RESOLUCIONES%202019/2362.pdf HTTP/1.1" 200 225496
156.59.198.135 - - [10/Jan/2024:02:48:04 -0500] "GET /BLA/resoluciones/AUTOS%202014/3492.pdf HTTP/1.0" 200 295248
172.22.2.4 - - [10/Jan/2024:02:46:34 -0500] "GET /BLA/boletinlegal/ HTTP/1.1" 200 53513
216.244.66.195 - - [10/Jan/2024:02:48:19 -0500] "GET /BLA/resoluciones/RESOLUCIONES%202001/RESOLUCION%201349%20DE%202001.pdf HTTP/1.1" 200 112811
156.59.198.135 - - [10/Jan/2024:02:48:29 -0500] "GET /BLA/resoluciones/AUTOS%202014/1941.pdf HTTP/1.0" 200 798380
216.244.66.195 - - [10/Jan/2024:02:48:47 -0500] "GET /BLA/resoluciones/RESOLUCIONES%202001/RESOLUCION%201501%20DE%202001.pdf HTTP/1.1" 200 48472
156.59.198.136 - - [10/Jan/2024:02:48:52 -0500] "GET /BLA/resoluciones/AUTOS%202014/6349.pdf HTTP/1.0" 200 292558
173.252.95.4 - - [10/Jan/2024:02:49:14 -0500] "GET /images/negocios-verdes-mayo-2022.jpg HTTP/1.1" 200 48000
216.244.66.195 - - [10/Jan/2024:02:49:17 -0500] "GET /BLA/resoluciones/AUTOS%202007/0124.pdf HTTP/1.1" 200 45494
156.59.198.136 - - [10/Jan/2024:02:49:18 -0500] "GET /BLA/resoluciones/AUTOS%202014/3751.pdf HTTP/1.0" 200 460026
156.59.198.135 - - [10/Jan/2024:02:49:41 -0500] "GET /BLA/resoluciones/AUTOS%202014/4316.pdf HTTP/1.0" 200 117310
216.244.66.195 - - [10/Jan/2024:02:49:43 -0500] "GET /BLA/resoluciones/AUTOS%202007/0154.pdf HTTP/1.1" 200 180576
156.59.198.136 - - [10/Jan/2024:02:50:08 -0500] "GET /BLA/resoluciones/AUTOS%202014/3026.pdf HTTP/1.0" 200 349421
216.244.66.195 - - [10/Jan/2024:02:50:15 -0500] "GET /BLA/resoluciones/AUTOS%202007/0201.pdf HTTP/1.1" 200 15765
216.245.221.92 - - [10/Jan/2024:02:50:25 -0500] "HEAD / HTTP/1.1" 200 -
156.59.198.135 - - [10/Jan/2024:02:50:33 -0500] "GET /BLA/resoluciones/AUTOS%202014/5461.pdf HTTP/1.0" 200 498469
216.244.66.195 - - [10/Jan/2024:02:50:40 -0500] "GET /BLA/resoluciones/AUTOS%202007/0241.pdf HTTP/1.1" 200 17715
156.59.198.136 - - [10/Jan/2024:02:50:58 -0500] "GET /BLA/resoluciones/AUTOS%202014/6365.pdf HTTP/1.0" 200 563597
216.244.66.195 - - [10/Jan/2024:02:51:04 -0500] "GET /BLA/resoluciones/AUTOS%202007/0278.pdf HTTP/1.1" 200 353637
201.245.192.253 - - [10/Jan/2024:02:51:06 -0500] "POST /kwsrmcab/Wsrmcab  HTTP/1.1" 200 36937
156.59.198.136 - - [10/Jan/2024:02:51:22 -0500] "GET /BLA/resoluciones/AUTOS%202014/5513.pdf HTTP/1.0" 200 290970
20.240.18.34 - - [10/Jan/2024:02:51:26 -0500] "GET /Publicaciones/2023EE274905.pdf HTTP/1.1" 404 228
