66.249.66.19 - - [10/Jan/2024:07:44:07 -0500] "GET /BLA/jurisprudencia/sentencias/5283531030012000-00005-01%20[16-05-2011][1].pdf HTTP/1.1" 404 1018
200.69.84.134 - - [10/Jan/2024:07:44:08 -0500] "POST /sipse/faces/presentacion/proyectos/proyecto/proyectoAdministrador/editarAdministrador.xhtml HTTP/1.1" 200 3125
200.69.84.134 - - [10/Jan/2024:07:44:09 -0500] "POST /sipse/faces/presentacion/proyectos/proyecto/proyectoAdministrador/editarAdministrador.xhtml HTTP/1.1" 200 78616
200.69.84.134 - - [10/Jan/2024:07:44:11 -0500] "GET /sipse/faces/javax.faces.resource/theme.css?ln=primefaces-sipse HTTP/1.1" 304 -
200.69.84.134 - - [10/Jan/2024:07:44:11 -0500] "GET /sipse/faces/javax.faces.resource/primefaces.css?ln=primefaces&v=4.0 HTTP/1.1" 304 -
200.69.84.134 - - [10/Jan/2024:07:44:11 -0500] "GET /sipse/faces/javax.faces.resource/layout/layout.css?ln=primefaces&v=4.0 HTTP/1.1" 304 -
200.69.84.134 - - [10/Jan/2024:07:44:11 -0500] "GET /sipse/faces/javax.faces.resource/jquery/jquery.js?ln=primefaces&v=4.0 HTTP/1.1" 304 -
200.69.84.134 - - [10/Jan/2024:07:44:11 -0500] "GET /sipse/faces/javax.faces.resource/jquery/jquery-plugins.js?ln=primefaces&v=4.0 HTTP/1.1" 304 -
200.69.84.134 - - [10/Jan/2024:07:44:11 -0500] "GET /sipse/faces/javax.faces.resource/primefaces.js?ln=primefaces&v=4.0 HTTP/1.1" 304 -
200.69.84.134 - - [10/Jan/2024:07:44:11 -0500] "GET /sipse/faces/javax.faces.resource/layout/layout.js?ln=primefaces&v=4.0 HTTP/1.1" 304 -
200.69.84.134 - - [10/Jan/2024:07:44:12 -0500] "POST /sipse/faces/presentacion/proyectos/proyecto/proyecto.xhtml HTTP/1.1" 200 3249
200.69.84.134 - - [10/Jan/2024:07:44:19 -0500] "POST /sipse/faces/presentacion/proyectos/proyecto/proyecto.xhtml HTTP/1.1" 200 86243
200.69.84.134 - - [10/Jan/2024:07:44:22 -0500] "GET /sipse/faces/javax.faces.resource/theme.css?ln=primefaces-sipse HTTP/1.1" 304 -
200.69.84.134 - - [10/Jan/2024:07:44:22 -0500] "GET /sipse/faces/javax.faces.resource/primefaces.css?ln=primefaces&v=4.0 HTTP/1.1" 304 -
200.69.84.134 - - [10/Jan/2024:07:44:22 -0500] "GET /sipse/faces/javax.faces.resource/layout/layout.css?ln=primefaces&v=4.0 HTTP/1.1" 304 -
200.69.84.134 - - [10/Jan/2024:07:44:22 -0500] "GET /sipse/faces/javax.faces.resource/jquery/jquery.js?ln=primefaces&v=4.0 HTTP/1.1" 304 -
200.69.84.134 - - [10/Jan/2024:07:44:22 -0500] "GET /sipse/faces/javax.faces.resource/jquery/jquery-plugins.js?ln=primefaces&v=4.0 HTTP/1.1" 304 -
200.69.84.134 - - [10/Jan/2024:07:44:22 -0500] "GET /sipse/faces/javax.faces.resource/primefaces.js?ln=primefaces&v=4.0 HTTP/1.1" 304 -
200.69.84.134 - - [10/Jan/2024:07:44:22 -0500] "GET /sipse/faces/javax.faces.resource/layout/layout.js?ln=primefaces&v=4.0 HTTP/1.1" 304 -
156.59.198.136 - - [10/Jan/2024:07:44:23 -0500] "GET /BLA/resoluciones/AUTOS%202007/0269.pdf HTTP/1.0" 200 363520
201.245.192.253 - - [10/Jan/2024:07:44:43 -0500] "GET /sipse/faces/autenticacion.xhtml HTTP/1.1" 200 12728
201.245.192.253 - - [10/Jan/2024:07:44:43 -0500] "GET /sipse/js/disable_browser_buttons.js HTTP/1.1" 200 3230
201.245.192.253 - - [10/Jan/2024:07:44:43 -0500] "GET /sipse/css/custom_css_sg_prime_login.css HTTP/1.1" 200 443
201.245.192.253 - - [10/Jan/2024:07:44:43 -0500] "GET /sipse/css/custom_css_sg.css HTTP/1.1" 200 9694
201.245.192.253 - - [10/Jan/2024:07:44:43 -0500] "GET /sipse/js/funciones.js HTTP/1.1" 200 12592
201.245.192.253 - - [10/Jan/2024:07:44:43 -0500] "GET /sipse/faces/javax.faces.resource/layout/layout.css;jsessionid=UKzAzIWx2WxwbFbYS9NwzwLS.undefined?ln=primefaces&v=4.0 HTTP/1.1" 200 542
201.245.192.253 - - [10/Jan/2024:07:44:43 -0500] "GET /sipse/faces/javax.faces.resource/jquery/jquery.js;jsessionid=UKzAzIWx2WxwbFbYS9NwzwLS.undefined?ln=primefaces&v=4.0 HTTP/1.1" 200 105384
201.245.192.253 - - [10/Jan/2024:07:44:43 -0500] "GET /sipse/faces/javax.faces.resource/layout/layout.js;jsessionid=UKzAzIWx2WxwbFbYS9NwzwLS.undefined?ln=primefaces&v=4.0 HTTP/1.1" 200 87560
201.245.192.253 - - [10/Jan/2024:07:44:43 -0500] "GET /sipse/faces/javax.faces.resource/jquery/jquery-plugins.js;jsessionid=UKzAzIWx2WxwbFbYS9NwzwLS.undefined?ln=primefaces&v=4.0 HTTP/1.1" 200 220526
201.245.192.253 - - [10/Jan/2024:07:44:43 -0500] "GET /sipse/faces/javax.faces.resource/theme.css?ln=primefaces-sipse HTTP/1.1" 200 50058
201.245.192.253 - - [10/Jan/2024:07:44:43 -0500] "GET /sipse/faces/javax.faces.resource/primefaces.css;jsessionid=UKzAzIWx2WxwbFbYS9NwzwLS.undefined?ln=primefaces&v=4.0 HTTP/1.1" 200 53295
201.245.192.253 - - [10/Jan/2024:07:44:43 -0500] "GET /sipse/faces/javax.faces.resource/primefaces.js;jsessionid=UKzAzIWx2WxwbFbYS9NwzwLS.undefined?ln=primefaces&v=4.0 HTTP/1.1" 200 276924
201.245.192.253 - - [10/Jan/2024:07:44:43 -0500] "GET /sipse/faces/javax.faces.resource/images/ui-icons_898989_256x240.png?ln=primefaces-aristo HTTP/1.1" 200 5355
201.245.192.253 - - [10/Jan/2024:07:44:43 -0500] "GET /sipse/css/imagen/logoSDG.png HTTP/1.1" 200 53064
201.245.192.253 - - [10/Jan/2024:07:44:43 -0500] "GET /sipse/css/imagen/loginimg.png HTTP/1.1" 200 71635
201.245.192.253 - - [10/Jan/2024:07:44:43 -0500] "GET /sipse/faces/index.xhtml HTTP/1.1" 200 677
201.245.192.253 - - [10/Jan/2024:07:44:43 -0500] "GET /sipse/faces/javax.faces.resource/theme.css?ln=primefaces-sipse HTTP/1.1" 200 50058
156.59.198.136 - - [10/Jan/2024:07:44:47 -0500] "GET /BLA/resoluciones/AUTOS%202014/1430.pdf HTTP/1.0" 200 954877
201.245.192.253 - - [10/Jan/2024:07:44:50 -0500] "POST /kwsrmcab/Wsrmcab  HTTP/1.1" 200 36937
172.22.2.4 - - [10/Jan/2024:07:43:14 -0500] "HEAD /BLA/boletinlegal/ HTTP/1.1" 200 -
156.59.198.135 - - [10/Jan/2024:07:45:12 -0500] "GET /BLA/resoluciones/AUTOS%202014/7271.pdf HTTP/1.0" 200 287324
114.119.136.190 - - [10/Jan/2024:07:45:23 -0500] "GET /BLA/resoluciones/index.php?dir=Notificaciones/REGISTROS%2B2017/&sort=name&order=desc HTTP/1.1" 200 13955
216.245.221.92 - - [10/Jan/2024:07:45:24 -0500] "HEAD / HTTP/1.1" 200 -
156.59.198.136 - - [10/Jan/2024:07:45:36 -0500] "GET /BLA/resoluciones/AUTOS%202007/1840.pdf HTTP/1.0" 200 29520
172.22.2.4 - - [10/Jan/2024:07:44:05 -0500] "GET /BLA/boletinlegal/ HTTP/1.1" 200 52418
156.59.198.136 - - [10/Jan/2024:07:46:00 -0500] "GET /BLA/resoluciones/AUTOS%202007/0162.pdf HTTP/1.0" 200 109075
156.59.198.136 - - [10/Jan/2024:07:46:24 -0500] "GET /BLA/resoluciones/AUTOS%202007/0426.pdf HTTP/1.0" 200 111219
201.245.192.253 - - [10/Jan/2024:07:46:49 -0500] "GET /sipse/faces/presentacion/proyectos/proyecto/proyecto.xhtml HTTP/1.1" 302 -
201.245.192.253 - - [10/Jan/2024:07:46:49 -0500] "GET /sipse/faces/autenticacion.xhtml HTTP/1.1" 200 12406
156.59.198.135 - - [10/Jan/2024:07:46:49 -0500] "GET /BLA/resoluciones/AUTOS%202014/5386.pdf HTTP/1.0" 200 1133422
201.245.192.253 - - [10/Jan/2024:07:46:50 -0500] "POST /sipse/faces/presentacion/proyectos/proyecto/proyecto.xhtml HTTP/1.1" 200 47354
201.245.192.253 - - [10/Jan/2024:07:46:50 -0500] "GET /sipse/faces/javax.faces.resource/jquery/jquery.js?ln=primefaces&v=4.0 HTTP/1.1" 304 -
201.245.192.253 - - [10/Jan/2024:07:46:50 -0500] "GET /sipse/faces/javax.faces.resource/jquery/jquery-plugins.js?ln=primefaces&v=4.0 HTTP/1.1" 304 -
201.245.192.253 - - [10/Jan/2024:07:46:50 -0500] "GET /sipse/faces/javax.faces.resource/primefaces.js?ln=primefaces&v=4.0 HTTP/1.1" 304 -
201.245.192.253 - - [10/Jan/2024:07:46:50 -0500] "GET /sipse/faces/javax.faces.resource/layout/layout.js?ln=primefaces&v=4.0 HTTP/1.1" 304 -
52.167.144.184 - - [10/Jan/2024:07:46:52 -0500] "GET /Publicaciones/2023EE276229.pdf HTTP/1.1" 404 228
201.245.192.253 - - [10/Jan/2024:07:46:53 -0500] "GET /sipse/css/custom_css_sg.css HTTP/1.1" 200 9694
201.245.192.253 - - [10/Jan/2024:07:46:53 -0500] "GET /sipse/css/custom_css_sg_prime_login.css HTTP/1.1" 200 443
201.245.192.253 - - [10/Jan/2024:07:46:53 -0500] "GET /sipse/js/funciones.js HTTP/1.1" 200 12592
201.245.192.253 - - [10/Jan/2024:07:46:53 -0500] "GET /sipse/js/disable_browser_buttons.js HTTP/1.1" 200 3230
201.245.192.253 - - [10/Jan/2024:07:46:53 -0500] "GET /sipse/faces/javax.faces.resource/layout/layout.css?ln=primefaces&v=4.0 HTTP/1.1" 200 542
201.245.192.253 - - [10/Jan/2024:07:46:53 -0500] "GET /sipse/faces/javax.faces.resource/theme.css?ln=primefaces-sipse HTTP/1.1" 200 50058
201.245.192.253 - - [10/Jan/2024:07:46:53 -0500] "GET /sipse/faces/javax.faces.resource/primefaces.css?ln=primefaces&v=4.0 HTTP/1.1" 200 53295
201.245.192.253 - - [10/Jan/2024:07:46:53 -0500] "GET /favicon.ico HTTP/1.1" 200 7782
201.245.192.253 - - [10/Jan/2024:07:46:53 -0500] "GET /sipse/css/imagen/logoSDG.png HTTP/1.1" 200 53064
201.245.192.253 - - [10/Jan/2024:07:46:53 -0500] "GET /sipse/faces/javax.faces.resource/images/ui-icons_898989_256x240.png?ln=primefaces-aristo HTTP/1.1" 200 5355
201.245.192.253 - - [10/Jan/2024:07:46:53 -0500] "GET /sipse/css/imagen/loginimg.png HTTP/1.1" 200 71635
201.245.192.253 - - [10/Jan/2024:07:46:53 -0500] "GET /sipse/faces/index.xhtml HTTP/1.1" 200 677
201.245.192.253 - - [10/Jan/2024:07:46:53 -0500] "GET /sipse/faces/javax.faces.resource/theme.css?ln=primefaces-sipse HTTP/1.1" 304 -
201.245.192.253 - - [10/Jan/2024:07:46:54 -0500] "GET /sipse/faces/faces/autenticacion.xhtml HTTP/1.1" 200 12406
201.245.192.253 - - [10/Jan/2024:07:46:54 -0500] "GET /sipse/faces/javax.faces.resource/theme.css?ln=primefaces-sipse HTTP/1.1" 304 -
201.245.192.253 - - [10/Jan/2024:07:46:54 -0500] "GET /sipse/faces/javax.faces.resource/layout/layout.css?ln=primefaces&v=4.0 HTTP/1.1" 304 -
201.245.192.253 - - [10/Jan/2024:07:46:54 -0500] "GET /sipse/faces/javax.faces.resource/primefaces.css?ln=primefaces&v=4.0 HTTP/1.1" 304 -
201.245.192.253 - - [10/Jan/2024:07:46:54 -0500] "GET /sipse/faces/javax.faces.resource/jquery/jquery.js?ln=primefaces&v=4.0 HTTP/1.1" 304 -
201.245.192.253 - - [10/Jan/2024:07:46:54 -0500] "GET /sipse/faces/javax.faces.resource/jquery/jquery-plugins.js?ln=primefaces&v=4.0 HTTP/1.1" 304 -
201.245.192.253 - - [10/Jan/2024:07:46:54 -0500] "GET /sipse/faces/javax.faces.resource/primefaces.js?ln=primefaces&v=4.0 HTTP/1.1" 304 -
201.245.192.253 - - [10/Jan/2024:07:46:54 -0500] "GET /sipse/faces/javax.faces.resource/layout/layout.js?ln=primefaces&v=4.0 HTTP/1.1" 304 -
201.245.192.253 - - [10/Jan/2024:07:46:55 -0500] "GET /sipse/faces/javax.faces.resource/images/ui-icons_898989_256x240.png?ln=primefaces-aristo HTTP/1.1" 200 5355
156.59.198.135 - - [10/Jan/2024:07:47:14 -0500] "GET /BLA/resoluciones/AUTOS%202007/1680.pdf HTTP/1.0" 200 95551
201.245.192.253 - - [10/Jan/2024:07:47:31 -0500] "POST /sipse/faces/presentacion/proyectos/proyecto/proyectoAdministrador/crearAdministrador.xhtml HTTP/1.1" 200 2815
201.245.192.253 - - [10/Jan/2024:07:47:34 -0500] "POST /sipse/faces/presentacion/proyectos/proyecto/proyectoAdministrador/crearAdministrador.xhtml HTTP/1.1" 200 2125
156.59.198.135 - - [10/Jan/2024:07:47:37 -0500] "GET /BLA/resoluciones/AUTOS%202014/2147.pdf HTTP/1.0" 200 556758
66.249.66.20 - - [10/Jan/2024:07:47:43 -0500] "GET /BLA/resoluciones/RESOLUCIONES%202008/0569.pdf HTTP/1.1" 200 115575
201.245.192.253 - - [10/Jan/2024:07:47:47 -0500] "POST /sipse/faces/presentacion/proyectos/proyecto/proyectoAdministrador/crearAdministrador.xhtml HTTP/1.1" 200 1600
201.245.192.253 - - [10/Jan/2024:07:47:47 -0500] "POST /sipse/faces/presentacion/proyectos/proyecto/proyectoAdministrador/crearAdministrador.xhtml HTTP/1.1" 200 1778
201.245.192.253 - - [10/Jan/2024:07:47:48 -0500] "POST /sipse/faces/presentacion/proyectos/proyecto/proyectoAdministrador/crearAdministrador.xhtml HTTP/1.1" 200 2265
201.245.192.253 - - [10/Jan/2024:07:47:54 -0500] "POST /sipse/faces/presentacion/proyectos/proyecto/proyectoAdministrador/crearAdministrador.xhtml HTTP/1.1" 200 1616
201.245.192.253 - - [10/Jan/2024:07:47:56 -0500] "POST /sipse/faces/presentacion/proyectos/proyecto/proyectoAdministrador/crearAdministrador.xhtml HTTP/1.1" 200 1964
201.245.192.253 - - [10/Jan/2024:07:47:57 -0500] "POST /sipse/faces/presentacion/proyectos/proyecto/proyectoAdministrador/crearAdministrador.xhtml HTTP/1.1" 200 1620
201.245.192.253 - - [10/Jan/2024:07:48:00 -0500] "POST /sipse/faces/presentacion/proyectos/proyecto/proyectoAdministrador/crearAdministrador.xhtml HTTP/1.1" 200 2999
201.245.192.253 - - [10/Jan/2024:07:48:01 -0500] "POST /sipse/faces/presentacion/proyectos/proyecto/proyectoAdministrador/crearAdministrador.xhtml HTTP/1.1" 200 2137
156.59.198.136 - - [10/Jan/2024:07:48:02 -0500] "GET /BLA/resoluciones/AUTOS%202014/3020.pdf HTTP/1.0" 200 216196
156.59.198.135 - - [10/Jan/2024:07:48:28 -0500] "GET /BLA/resoluciones/AUTOS%202007/1014.pdf HTTP/1.0" 200 119674
201.245.192.253 - - [10/Jan/2024:07:48:48 -0500] "POST /sipse/faces/presentacion/proyectos/proyecto/proyectoAdministrador/crearAdministrador.xhtml HTTP/1.1" 200 50031
201.245.192.253 - - [10/Jan/2024:07:48:48 -0500] "GET /sipse/faces/javax.faces.resource/messages/messages.png?ln=primefaces&v=4.0 HTTP/1.1" 304 -
173.252.127.118 - - [10/Jan/2024:07:48:50 -0500] "GET /distrito-adopta-el-plan-de-manejo-ambiental-para-el-parque-distrital-ecologico-de-montana-cerro-de-torca.hymns HTTP/1.1" 404 1034
156.59.198.136 - - [10/Jan/2024:07:48:51 -0500] "GET /BLA/resoluciones/AUTOS%202007/0560.pdf HTTP/1.0" 200 247844
201.245.192.253 - - [10/Jan/2024:07:48:57 -0500] "POST /sipse/faces/presentacion/proyectos/proyecto/proyectoAdministrador/crearAdministrador.xhtml HTTP/1.1" 200 83994
201.245.192.253 - - [10/Jan/2024:07:48:58 -0500] "GET /sipse/faces/javax.faces.resource/theme.css?ln=primefaces-sipse HTTP/1.1" 304 -
201.245.192.253 - - [10/Jan/2024:07:48:58 -0500] "GET /sipse/faces/javax.faces.resource/primefaces.css?ln=primefaces&v=4.0 HTTP/1.1" 304 -
201.245.192.253 - - [10/Jan/2024:07:48:58 -0500] "GET /sipse/faces/javax.faces.resource/jquery/jquery-plugins.js?ln=primefaces&v=4.0 HTTP/1.1" 304 -
201.245.192.253 - - [10/Jan/2024:07:48:58 -0500] "GET /sipse/faces/javax.faces.resource/layout/layout.css?ln=primefaces&v=4.0 HTTP/1.1" 304 -
201.245.192.253 - - [10/Jan/2024:07:48:58 -0500] "GET /sipse/faces/javax.faces.resource/primefaces.js?ln=primefaces&v=4.0 HTTP/1.1" 304 -
201.245.192.253 - - [10/Jan/2024:07:48:58 -0500] "GET /sipse/faces/javax.faces.resource/jquery/jquery.js?ln=primefaces&v=4.0 HTTP/1.1" 304 -
201.245.192.253 - - [10/Jan/2024:07:48:58 -0500] "GET /sipse/faces/javax.faces.resource/layout/layout.js?ln=primefaces&v=4.0 HTTP/1.1" 304 -
201.245.192.253 - - [10/Jan/2024:07:48:58 -0500] "GET /sipse/faces/javax.faces.resource/images/ui-icons_898989_256x240.png?ln=primefaces-aristo HTTP/1.1" 304 -
201.245.192.253 - - [10/Jan/2024:07:48:58 -0500] "GET /sipse/faces/javax.faces.resource/images/ui-bg_flat_0_2d5972_40x100.png?ln=primefaces-aristo HTTP/1.1" 304 -
201.245.192.253 - - [10/Jan/2024:07:48:58 -0500] "POST /sipse/faces/presentacion/proyectos/proyecto/proyecto.xhtml HTTP/1.1" 200 3253
173.252.95.15 - - [10/Jan/2024:07:49:13 -0500] "GET /images/reconocimiento%20practicas%20ambientales.jpg HTTP/1.1" 200 63397
156.59.198.135 - - [10/Jan/2024:07:49:15 -0500] "GET /BLA/resoluciones/AUTOS%202014/2120.pdf HTTP/1.0" 200 762680
201.245.192.253 - - [10/Jan/2024:07:49:19 -0500] "POST /sipse/faces/presentacion/proyectos/proyecto/proyecto.xhtml HTTP/1.1" 200 47354
201.245.192.253 - - [10/Jan/2024:07:49:19 -0500] "GET /sipse/faces/javax.faces.resource/jquery/jquery.js?ln=primefaces&v=4.0 HTTP/1.1" 304 -
201.245.192.253 - - [10/Jan/2024:07:49:19 -0500] "GET /sipse/faces/javax.faces.resource/jquery/jquery-plugins.js?ln=primefaces&v=4.0 HTTP/1.1" 304 -
201.245.192.253 - - [10/Jan/2024:07:49:19 -0500] "GET /sipse/faces/javax.faces.resource/primefaces.js?ln=primefaces&v=4.0 HTTP/1.1" 304 -
201.245.192.253 - - [10/Jan/2024:07:49:19 -0500] "GET /sipse/faces/javax.faces.resource/layout/layout.js?ln=primefaces&v=4.0 HTTP/1.1" 304 -
201.245.192.253 - - [10/Jan/2024:07:49:22 -0500] "POST /sipse/faces/presentacion/proyectos/proyecto/proyectoAdministrador/crearAdministrador.xhtml HTTP/1.1" 200 1776
201.245.192.253 - - [10/Jan/2024:07:49:33 -0500] "POST /sipse/faces/presentacion/proyectos/proyecto/proyectoAdministrador/crearAdministrador.xhtml HTTP/1.1" 200 2294
201.245.192.253 - - [10/Jan/2024:07:49:38 -0500] "POST /sipse/faces/presentacion/proyectos/proyecto/proyectoAdministrador/crearAdministrador.xhtml HTTP/1.1" 200 2133
156.59.198.136 - - [10/Jan/2024:07:49:39 -0500] "GET /BLA/resoluciones/AUTOS%202007/1437.pdf HTTP/1.0" 200 24730
201.245.192.253 - - [10/Jan/2024:07:49:48 -0500] "POST /kwsrmcab/Wsrmcab  HTTP/1.1" 200 36937
201.245.192.253 - - [10/Jan/2024:07:49:55 -0500] "POST /sipse/faces/presentacion/proyectos/proyecto/proyectoAdministrador/crearAdministrador.xhtml HTTP/1.1" 200 77258
201.245.192.253 - - [10/Jan/2024:07:49:57 -0500] "GET /sipse/faces/javax.faces.resource/jquery/jquery.js?ln=primefaces&v=4.0 HTTP/1.1" 304 -
201.245.192.253 - - [10/Jan/2024:07:49:57 -0500] "GET /sipse/faces/javax.faces.resource/jquery/jquery-plugins.js?ln=primefaces&v=4.0 HTTP/1.1" 304 -
201.245.192.253 - - [10/Jan/2024:07:49:57 -0500] "GET /sipse/faces/javax.faces.resource/primefaces.js?ln=primefaces&v=4.0 HTTP/1.1" 304 -
201.245.192.253 - - [10/Jan/2024:07:49:57 -0500] "GET /sipse/faces/javax.faces.resource/layout/layout.js?ln=primefaces&v=4.0 HTTP/1.1" 304 -
201.245.192.253 - - [10/Jan/2024:07:49:57 -0500] "GET /sipse/faces/javax.faces.resource/messages/messages.png?ln=primefaces&v=4.0 HTTP/1.1" 304 -
201.245.192.253 - - [10/Jan/2024:07:49:57 -0500] "POST /sipse/faces/presentacion/proyectos/proyecto/proyecto.xhtml HTTP/1.1" 200 3253
156.59.198.136 - - [10/Jan/2024:07:50:05 -0500] "GET /BLA/resoluciones/AUTOS%202007/1063.pdf HTTP/1.0" 200 305501
216.245.221.92 - - [10/Jan/2024:07:50:24 -0500] "HEAD / HTTP/1.1" 200 -
156.59.198.136 - - [10/Jan/2024:07:50:29 -0500] "GET /BLA/resoluciones/AUTOS%202014/1286.pdf HTTP/1.0" 200 1129205
172.22.2.4 - - [10/Jan/2024:07:49:04 -0500] "HEAD /BLA/boletinlegal/ HTTP/1.1" 200 -
156.59.198.135 - - [10/Jan/2024:07:50:53 -0500] "GET /BLA/resoluciones/AUTOS%202007/1069.pdf HTTP/1.0" 200 29696
201.245.192.253 - - [10/Jan/2024:07:51:06 -0500] "POST /sipse/faces/presentacion/proyectos/proyecto/proyecto.xhtml HTTP/1.1" 200 83314
201.245.192.253 - - [10/Jan/2024:07:51:07 -0500] "GET /sipse/faces/javax.faces.resource/jquery/jquery.js?ln=primefaces&v=4.0 HTTP/1.1" 304 -
201.245.192.253 - - [10/Jan/2024:07:51:07 -0500] "GET /sipse/faces/javax.faces.resource/jquery/jquery-plugins.js?ln=primefaces&v=4.0 HTTP/1.1" 304 -
201.245.192.253 - - [10/Jan/2024:07:51:07 -0500] "GET /sipse/faces/javax.faces.resource/primefaces.js?ln=primefaces&v=4.0 HTTP/1.1" 304 -
201.245.192.253 - - [10/Jan/2024:07:51:07 -0500] "GET /sipse/faces/javax.faces.resource/layout/layout.js?ln=primefaces&v=4.0 HTTP/1.1" 304 -
201.245.192.253 - - [10/Jan/2024:07:51:14 -0500] "POST /sipse/faces/presentacion/proyectos/proyecto/listarProyecto.xhtml HTTP/1.1" 200 163
201.245.192.253 - - [10/Jan/2024:07:51:14 -0500] "GET /sipse/faces/presentacion/proyectos/proyecto/proyecto.xhtml HTTP/1.1" 200 88852
201.245.192.253 - - [10/Jan/2024:07:51:16 -0500] "GET /sipse/faces/javax.faces.resource/theme.css?ln=primefaces-sipse HTTP/1.1" 304 -
201.245.192.253 - - [10/Jan/2024:07:51:16 -0500] "GET /sipse/faces/javax.faces.resource/primefaces.css?ln=primefaces&v=4.0 HTTP/1.1" 304 -
201.245.192.253 - - [10/Jan/2024:07:51:16 -0500] "GET /sipse/faces/javax.faces.resource/primefaces.js?ln=primefaces&v=4.0 HTTP/1.1" 304 -
201.245.192.253 - - [10/Jan/2024:07:51:16 -0500] "GET /sipse/faces/javax.faces.resource/layout/layout.js?ln=primefaces&v=4.0 HTTP/1.1" 304 -
201.245.192.253 - - [10/Jan/2024:07:51:16 -0500] "GET /sipse/faces/javax.faces.resource/layout/layout.css?ln=primefaces&v=4.0 HTTP/1.1" 304 -
201.245.192.253 - - [10/Jan/2024:07:51:16 -0500] "GET /sipse/faces/javax.faces.resource/jquery/jquery-plugins.js?ln=primefaces&v=4.0 HTTP/1.1" 304 -
201.245.192.253 - - [10/Jan/2024:07:51:16 -0500] "GET /sipse/faces/javax.faces.resource/jquery/jquery.js?ln=primefaces&v=4.0 HTTP/1.1" 304 -
201.245.192.253 - - [10/Jan/2024:07:51:16 -0500] "GET /sipse/faces/javax.faces.resource/images/ui-icons_898989_256x240.png?ln=primefaces-aristo HTTP/1.1" 304 -
201.245.192.253 - - [10/Jan/2024:07:51:16 -0500] "GET /sipse/faces/javax.faces.resource/images/ui-bg_flat_0_2d5972_40x100.png?ln=primefaces-aristo HTTP/1.1" 304 -
201.245.192.253 - - [10/Jan/2024:07:51:16 -0500] "POST /sipse/faces/presentacion/proyectos/proyecto/proyecto.xhtml HTTP/1.1" 200 3253
156.59.198.135 - - [10/Jan/2024:07:51:17 -0500] "GET /BLA/resoluciones/AUTOS%202014/6288.pdf HTTP/1.0" 200 523182
201.245.192.253 - - [10/Jan/2024:07:51:26 -0500] "POST /sipse/faces/presentacion/proyectos/proyecto/proyecto.xhtml HTTP/1.1" 200 47423
201.245.192.253 - - [10/Jan/2024:07:51:26 -0500] "GET /sipse/faces/javax.faces.resource/jquery/jquery.js?ln=primefaces&v=4.0 HTTP/1.1" 304 -
201.245.192.253 - - [10/Jan/2024:07:51:26 -0500] "GET /sipse/faces/javax.faces.resource/jquery/jquery-plugins.js?ln=primefaces&v=4.0 HTTP/1.1" 304 -
201.245.192.253 - - [10/Jan/2024:07:51:26 -0500] "GET /sipse/faces/javax.faces.resource/primefaces.js?ln=primefaces&v=4.0 HTTP/1.1" 304 -
201.245.192.253 - - [10/Jan/2024:07:51:26 -0500] "GET /sipse/faces/javax.faces.resource/layout/layout.js?ln=primefaces&v=4.0 HTTP/1.1" 304 -
201.245.192.253 - - [10/Jan/2024:07:51:29 -0500] "POST /sipse/faces/presentacion/proyectos/proyecto/proyectoAdministrador/crearAdministrador.xhtml HTTP/1.1" 200 1778
172.22.2.4 - - [10/Jan/2024:07:49:55 -0500] "GET /BLA/boletinlegal/ HTTP/1.1" 200 58567
179.19.41.14 - - [10/Jan/2024:07:51:37 -0500] "GET /kwssiamovil/sm/ldap/au?x=U2FsdGVkX1/TWY4/kmbo6GykRkiylSPSYeersoiwwJbOoz8KX63nVAX+us8cxnSQ&y=U2FsdGVkX1/jMXyRQGlyifimjzNgiMl7g2FgS/eiFLH4CCHMu2TkpD8vP06YQ5cO HTTP/1.1" 200 30
179.19.41.14 - - [10/Jan/2024:07:51:38 -0500] "GET /kwssiamovil/sm/acme/s?s=U2FsdGVkX1+FrI0HwjspRCUJziQDZRBnSsfF7fLJ7PjWw2sMlzyW33fQmikYoFV3AEqEiw+KTbhcl5vaDh/IEn2oqfFeVds/pwzHPC8GobI=&u=U2FsdGVkX1/EWjV+2W8+k2cGneAjyuM8qZGF/b9SbNs=&y=U2FsdGVkX1/jMXyRQGlyifimjzNgiMl7g2FgS/eiFLH4CCHMu2TkpD8vP06YQ5cO HTTP/1.1" 200 97
179.19.41.14 - - [10/Jan/2024:07:51:38 -0500] "GET /kwssiamovil/sm/acme/s?s=U2FsdGVkX1+7cW1Ew+ecn7mXhbwlDbPMEcjZchYFOFj4oSkdoCKEh22kfqUJHW+E3AAGjZDpImIuDCaM4Z833+/s5Jm2fqTT95bmwTSt3bAIrGBBfMWoJMeGW2svGKYb0lptea1xPftGURsQ2q6Km4xHO3HT37shRz34f5yIad9kG9VeCZXBNfhHw1hQ9KqInCleVZy11MuwDqKaswnJVTav8FPw6rVg5f3Rl4WpFvT4rBMKv4wa546BDyDtXN2/9DjFCbOtRoNh2YPMjsMYYdbAdeXAyacX2C6EjwZ2TgYgB5JQbPFG8irGITD4U7uWFJ0XVQ2Y1qE06oHM00++NUOlYrWlilmqlV330PmTVud3JLHDIDeY2o2IsOSn7/m633ojHSXqhcHiadzpbpe4ycS0Y9X3VrhQYDk5q9v+4a+3SM6k+Pwlmr5k0E0Wq7t4S8VWHiomYEPWvMFD5n3gpVeYhQ3wotxJ2li1E8r9h3aeWwDgm1ZokjydHMU6T6nNogCaHj1ooC6fGilFxnMRjFXyCoY6MM2gEH3jsqKkQjYP+SORFTfzPUAISyY8cBxum4UtyiNW3qBQUNBOmBacdiPSfa3rnFTbQer8fO80iGvu5ZTOfDk3+QLr1/c2nCqjXsJjQN8ye1s5MojnRKPlKDo/Hv4GrqBlROOW6kc6uSIPfbzoe3nkjsvB9NCEUInuF9xgjY798Lku6Mmbha46oibJ0/+ye2/wu58xSFvk4ekTEAmQlc3xuKuJQQP6PYRRBg4dUeHaIXYKibm0PdF7fon6ya3hQNLkWT7iuMpJFMTHkPs4gUqHc+lv2QC8N9uHrzArJMS251hevF/xGnkh0/NZEz8Z8r2S+Bege8hKuIp9bvCcz+bPg8Ac3HgqSs1OVsBeRIlnOU+h34f86O6m7vous8YquQLZx/mIfIZqAKteJpDb3F/8F8DzNQNztTIQwPXFASYKnR5Tr9OWqHrdj+woZJbxlF5lCpu5I0uHj0fs2uUOTuEB/NBr9ZTJO07KLB89hj7JDGXN6jpVS2PePFIoSb6ybKF2+m4RCmbZvXgczAQjxz4Gdqd/aPXGQ5npAuw7EjwCX5AgNiXiCNGic0U1emP2qTirwWS69xBR300Alm4bS6V+fyo/1S+x6w9r64lZgSSHdqN0zaiRyYenzO3CHH7Oh0qUCL5q4/CpERT6EpxZXG6UAh2SdYYufMWtnpMxUyvPum5IwPuu78t2vD9EwTvHrQtiXTaiql3EZgjShNRv5pX8uNdnwQ8DSmuFa6+erEBPsFSJhKH5JAAdlRINABBH7a0z5YQpg+uqQuc/t87tB+pugQC9lJGhovZp70lWCFugSeewmlvtKH8KaCr4CfILZ/WiJFulH+xuyCWmiUcgxQI68BG80cVYL8DQ7irD9AESnHcsCembYOsLHSwjz9oUHMShAForbGD5OT3QX2TpwNUyZhXCEbO7fq2J53JsFmMA4N5uM9JLyirieSph/gVPl4xSY+aAeVJ2xWEAmlrWyBLvdSzdkeYxL78S/WPg6VIUEN9rGNgMjT6TguDPnC8WR4zy5ISXwYDzKYGbkkOPoSu3vGfGH2TLu0UIqBK9YIuGL95iZsg1opwkBIUbdLbbFZwwwHq2CQoAaDjpYwuKZD3/2Z+jL2FbmhqQ6Bu+UXmQmsr09Ja1QdD8ecF0bZ2I2fe4+Mz6b8JFf6Ic6ZZ3usCdKY0v9qJVzRIP6a45oQb/pQWL+MQa89/0TGKXe+mhxBbUxKCm2LkAgdo=&u=U2FsdGVkX1/EWjV+2W8+k2cGneAjyuM8qZGF/b9SbNs=&y=U2FsdGVkX1/jMXyRQGlyifimjzNgiMl7g2FgS/eiFLH4CCHMu2TkpD8vP06YQ5cO HTTP/1.1" 200 3668
179.19.41.14 - - [10/Jan/2024:07:51:38 -0500] "GET /kwssiamovil/sm/acme/s?s=U2FsdGVkX19Upn7SVee2/hfOW521nhU8IjWFfH6L/fPlqo14HfoHPmZAkKRDhRW/jZYQ5f5ufhCI1pJHGvfdpc106fHEs0vJEqlXLF3tZ7dRpYtNtkw/4jVP8ewe0VzNnD8qAzcLidwOCl2dHyYHRN0Q8XSar5vhYL6VrypTWEtUfQn3IUvcVN28H+BfnaTS0unA+oUJ5Nli87pzH5d5Q+YAMnUAryGaKFdR8++6NuIFdGaYqLm9L2oNH8AIOGGBsSq3JNirBok1I9HSGC6UNfaET4CxFlf6wiUmC2iweF6n1PO+qvDwQWj4Mrr17PUlfXD1l1mrfRm4cISMqKyt7K6KiSX66VyXElflaYFo5ckVGxM3YAHsKo2DS/yt5n5YqnsQyTxgdy+0iNW9XEf15TTjJdJXu+a19mYIvyzuSjQkIlbzSJFejHHOII4AIrxY4Ep14D+FS3NzIsE8rMe/6V2yOFfsBBUhghmtZEIMkhGXnjiNK31wMTlWvWOTAFPGs7hWEC4uCJm44KG1mU97pawl9oCH/3bAcuTAb+ETbr3JVNY4bzqgOJEdtultnVbSGrVZyOlZkOlPeKeSixldKvIYv0mM0OWrUV3BCMiI/Bwr5NmSitnLX/t9iHpqnUkxMf59NM1a8/ffqBzTOa5XZAbMOoe1bkoeHjyVbjpppTGIcFXjlH1s9j6Hir6lzSuV7E2hYMfCyeFO1p1gVW0htPFfw9JqOx/o47llJ+qgMsat39EtANsJCYyRUCq+Qaj4&u=U2FsdGVkX1/EWjV+2W8+k2cGneAjyuM8qZGF/b9SbNs=&y=U2FsdGVkX1/jMXyRQGlyifimjzNgiMl7g2FgS/eiFLH4CCHMu2TkpD8vP06YQ5cO HTTP/1.1" 200 208
201.245.192.253 - - [10/Jan/2024:07:51:38 -0500] "POST /sipse/faces/presentacion/proyectos/proyecto/proyectoAdministrador/crearAdministrador.xhtml HTTP/1.1" 200 1781
179.19.41.14 - - [10/Jan/2024:07:51:38 -0500] "GET /kwssiamovil/sm/cjson/pre?f=1&x=U2FsdGVkX1/TWY4/kmbo6GykRkiylSPSYeersoiwwJbOoz8KX63nVAX+us8cxnSQ HTTP/1.1" 200 31032
156.59.198.136 - - [10/Jan/2024:07:51:41 -0500] "GET /BLA/resoluciones/AUTOS%202007/0761.pdf HTTP/1.0" 200 188414
201.245.192.253 - - [10/Jan/2024:07:51:42 -0500] "POST /sipse/faces/presentacion/proyectos/proyecto/proyectoAdministrador/crearAdministrador.xhtml HTTP/1.1" 200 1797
201.245.192.253 - - [10/Jan/2024:07:51:42 -0500] "POST /sipse/faces/presentacion/proyectos/proyecto/proyectoAdministrador/crearAdministrador.xhtml HTTP/1.1" 200 1801
191.156.230.228 - - [10/Jan/2024:07:52:03 -0500] "GET /inicia-el-2024-conociendo-la-biodiversidad-de-bogoti.html?fbclid=IwAR31bY0vbMHyBUUCWU9_k1OXbe01U0kt-cX36nQpdbau-wUvRpQeDHX1-T0 HTTP/1.1" 200 894
156.59.198.135 - - [10/Jan/2024:07:52:06 -0500] "GET /BLA/resoluciones/AUTOS%202007/1857.pdf HTTP/1.0" 200 95059
201.245.192.253 - - [10/Jan/2024:07:52:04 -0500] "POST /sipse/faces/presentacion/proyectos/proyecto/proyectoAdministrador/crearAdministrador.xhtml HTTP/1.1" 200 81941
201.245.192.253 - - [10/Jan/2024:07:52:06 -0500] "GET /sipse/faces/javax.faces.resource/jquery/jquery.js?ln=primefaces&v=4.0 HTTP/1.1" 304 -
201.245.192.253 - - [10/Jan/2024:07:52:06 -0500] "GET /sipse/faces/javax.faces.resource/jquery/jquery-plugins.js?ln=primefaces&v=4.0 HTTP/1.1" 304 -
201.245.192.253 - - [10/Jan/2024:07:52:06 -0500] "GET /sipse/faces/javax.faces.resource/primefaces.js?ln=primefaces&v=4.0 HTTP/1.1" 304 -
201.245.192.253 - - [10/Jan/2024:07:52:06 -0500] "GET /sipse/faces/javax.faces.resource/layout/layout.js?ln=primefaces&v=4.0 HTTP/1.1" 304 -
201.245.192.253 - - [10/Jan/2024:07:52:06 -0500] "GET /sipse/faces/javax.faces.resource/messages/messages.png?ln=primefaces&v=4.0 HTTP/1.1" 304 -
201.245.192.253 - - [10/Jan/2024:07:52:06 -0500] "POST /sipse/faces/presentacion/proyectos/proyecto/proyecto.xhtml HTTP/1.1" 200 3253
156.59.198.135 - - [10/Jan/2024:07:52:30 -0500] "GET /BLA/resoluciones/AUTOS%202014/3828.pdf HTTP/1.0" 200 480949
201.245.192.253 - - [10/Jan/2024:07:52:34 -0500] "POST /sipse/faces/presentacion/proyectos/proyecto/proyecto.xhtml HTTP/1.1" 200 83314
201.245.192.253 - - [10/Jan/2024:07:52:35 -0500] "GET /sipse/faces/javax.faces.resource/jquery/jquery.js?ln=primefaces&v=4.0 HTTP/1.1" 304 -
201.245.192.253 - - [10/Jan/2024:07:52:35 -0500] "GET /sipse/faces/javax.faces.resource/jquery/jquery-plugins.js?ln=primefaces&v=4.0 HTTP/1.1" 304 -
201.245.192.253 - - [10/Jan/2024:07:52:35 -0500] "GET /sipse/faces/javax.faces.resource/primefaces.js?ln=primefaces&v=4.0 HTTP/1.1" 304 -
201.245.192.253 - - [10/Jan/2024:07:52:35 -0500] "GET /sipse/faces/javax.faces.resource/layout/layout.js?ln=primefaces&v=4.0 HTTP/1.1" 304 -
66.249.66.20 - - [10/Jan/2024:07:52:39 -0500] "GET /BLA/resoluciones/RESOLUCIONES%202011/4956.pdf HTTP/1.1" 200 351467
201.245.192.253 - - [10/Jan/2024:07:52:39 -0500] "POST /sipse/faces/presentacion/proyectos/proyecto/listarProyecto.xhtml HTTP/1.1" 200 163
201.245.192.253 - - [10/Jan/2024:07:52:39 -0500] "GET /sipse/faces/presentacion/proyectos/proyecto/proyecto.xhtml HTTP/1.1" 200 90674
201.245.192.253 - - [10/Jan/2024:07:52:41 -0500] "GET /sipse/faces/javax.faces.resource/theme.css?ln=primefaces-sipse HTTP/1.1" 304 -
201.245.192.253 - - [10/Jan/2024:07:52:41 -0500] "GET /sipse/faces/javax.faces.resource/primefaces.css?ln=primefaces&v=4.0 HTTP/1.1" 304 -
201.245.192.253 - - [10/Jan/2024:07:52:41 -0500] "GET /sipse/faces/javax.faces.resource/jquery/jquery.js?ln=primefaces&v=4.0 HTTP/1.1" 304 -
201.245.192.253 - - [10/Jan/2024:07:52:41 -0500] "GET /sipse/faces/javax.faces.resource/layout/layout.css?ln=primefaces&v=4.0 HTTP/1.1" 304 -
201.245.192.253 - - [10/Jan/2024:07:52:41 -0500] "GET /sipse/faces/javax.faces.resource/primefaces.js?ln=primefaces&v=4.0 HTTP/1.1" 304 -
201.245.192.253 - - [10/Jan/2024:07:52:41 -0500] "GET /sipse/faces/javax.faces.resource/jquery/jquery-plugins.js?ln=primefaces&v=4.0 HTTP/1.1" 304 -
201.245.192.253 - - [10/Jan/2024:07:52:41 -0500] "GET /sipse/faces/javax.faces.resource/layout/layout.js?ln=primefaces&v=4.0 HTTP/1.1" 304 -
201.245.192.253 - - [10/Jan/2024:07:52:41 -0500] "GET /sipse/faces/javax.faces.resource/images/ui-icons_898989_256x240.png?ln=primefaces-aristo HTTP/1.1" 304 -
201.245.192.253 - - [10/Jan/2024:07:52:41 -0500] "GET /sipse/faces/javax.faces.resource/images/ui-bg_flat_0_2d5972_40x100.png?ln=primefaces-aristo HTTP/1.1" 304 -
201.245.192.253 - - [10/Jan/2024:07:52:41 -0500] "POST /sipse/faces/presentacion/proyectos/proyecto/proyecto.xhtml HTTP/1.1" 200 3253
156.59.198.135 - - [10/Jan/2024:07:52:56 -0500] "GET /BLA/resoluciones/AUTOS%202014/7274.pdf HTTP/1.0" 200 488099
201.245.192.253 - - [10/Jan/2024:07:52:48 -0500] "POST /sipse/faces/presentacion/proyectos/proyecto/proyecto.xhtml HTTP/1.1" 200 82852
201.245.192.253 - - [10/Jan/2024:07:52:59 -0500] "GET /sipse/faces/javax.faces.resource/jquery/jquery.js?ln=primefaces&v=4.0 HTTP/1.1" 304 -
201.245.192.253 - - [10/Jan/2024:07:53:00 -0500] "GET /sipse/faces/javax.faces.resource/jquery/jquery-plugins.js?ln=primefaces&v=4.0 HTTP/1.1" 304 -
201.245.192.253 - - [10/Jan/2024:07:53:00 -0500] "GET /sipse/faces/javax.faces.resource/primefaces.js?ln=primefaces&v=4.0 HTTP/1.1" 304 -
201.245.192.253 - - [10/Jan/2024:07:53:00 -0500] "GET /sipse/faces/javax.faces.resource/layout/layout.js?ln=primefaces&v=4.0 HTTP/1.1" 304 -
201.245.192.253 - - [10/Jan/2024:07:53:06 -0500] "POST /sipse/faces/presentacion/proyectos/proyecto/listarProyecto.xhtml HTTP/1.1" 200 13311
201.245.192.253 - - [10/Jan/2024:07:53:07 -0500] "POST /sipse/faces/presentacion/proyectos/proyecto/listarProyecto.xhtml HTTP/1.1" 200 5005
201.245.192.253 - - [10/Jan/2024:07:53:08 -0500] "POST /sipse/faces/presentacion/proyectos/proyecto/listarProyecto.xhtml HTTP/1.1" 200 163
201.245.192.253 - - [10/Jan/2024:07:53:09 -0500] "GET /sipse/faces/presentacion/proyectos/proyecto/proyecto.xhtml HTTP/1.1" 200 87096
201.245.192.253 - - [10/Jan/2024:07:53:11 -0500] "GET /sipse/faces/javax.faces.resource/theme.css?ln=primefaces-sipse HTTP/1.1" 304 -
201.245.192.253 - - [10/Jan/2024:07:53:11 -0500] "GET /sipse/faces/javax.faces.resource/jquery/jquery.js?ln=primefaces&v=4.0 HTTP/1.1" 304 -
201.245.192.253 - - [10/Jan/2024:07:53:11 -0500] "GET /sipse/faces/javax.faces.resource/primefaces.css?ln=primefaces&v=4.0 HTTP/1.1" 304 -
201.245.192.253 - - [10/Jan/2024:07:53:11 -0500] "GET /sipse/faces/javax.faces.resource/layout/layout.css?ln=primefaces&v=4.0 HTTP/1.1" 304 -
201.245.192.253 - - [10/Jan/2024:07:53:11 -0500] "GET /sipse/faces/javax.faces.resource/primefaces.js?ln=primefaces&v=4.0 HTTP/1.1" 304 -
201.245.192.253 - - [10/Jan/2024:07:53:11 -0500] "GET /sipse/faces/javax.faces.resource/jquery/jquery-plugins.js?ln=primefaces&v=4.0 HTTP/1.1" 304 -
201.245.192.253 - - [10/Jan/2024:07:53:11 -0500] "GET /sipse/faces/javax.faces.resource/layout/layout.js?ln=primefaces&v=4.0 HTTP/1.1" 304 -
201.245.192.253 - - [10/Jan/2024:07:53:11 -0500] "GET /sipse/faces/javax.faces.resource/images/ui-icons_898989_256x240.png?ln=primefaces-aristo HTTP/1.1" 304 -
201.245.192.253 - - [10/Jan/2024:07:53:11 -0500] "GET /sipse/faces/javax.faces.resource/images/ui-bg_flat_0_2d5972_40x100.png?ln=primefaces-aristo HTTP/1.1" 304 -
201.245.192.253 - - [10/Jan/2024:07:53:11 -0500] "POST /sipse/faces/presentacion/proyectos/proyecto/proyecto.xhtml HTTP/1.1" 200 3253
156.59.198.136 - - [10/Jan/2024:07:53:19 -0500] "GET /BLA/resoluciones/AUTOS%202007/1363.pdf HTTP/1.0" 200 55195
201.245.192.253 - - [10/Jan/2024:07:53:20 -0500] "POST /sipse/faces/presentacion/proyectos/proyecto/proyecto.xhtml HTTP/1.1" 200 47473
201.245.192.253 - - [10/Jan/2024:07:53:20 -0500] "GET /sipse/faces/javax.faces.resource/jquery/jquery.js?ln=primefaces&v=4.0 HTTP/1.1" 304 -
201.245.192.253 - - [10/Jan/2024:07:53:20 -0500] "GET /sipse/faces/javax.faces.resource/jquery/jquery-plugins.js?ln=primefaces&v=4.0 HTTP/1.1" 304 -
201.245.192.253 - - [10/Jan/2024:07:53:20 -0500] "GET /sipse/faces/javax.faces.resource/primefaces.js?ln=primefaces&v=4.0 HTTP/1.1" 304 -
201.245.192.253 - - [10/Jan/2024:07:53:21 -0500] "GET /sipse/faces/javax.faces.resource/layout/layout.js?ln=primefaces&v=4.0 HTTP/1.1" 304 -
201.245.192.253 - - [10/Jan/2024:07:53:23 -0500] "POST /sipse/faces/presentacion/proyectos/proyecto/proyectoAdministrador/crearAdministrador.xhtml HTTP/1.1" 200 3489
201.245.192.253 - - [10/Jan/2024:07:53:23 -0500] "POST /sipse/faces/presentacion/proyectos/proyecto/proyectoAdministrador/crearAdministrador.xhtml HTTP/1.1" 200 1769
201.245.192.253 - - [10/Jan/2024:07:53:23 -0500] "POST /sipse/faces/presentacion/proyectos/proyecto/proyectoAdministrador/crearAdministrador.xhtml HTTP/1.1" 200 1769
201.245.192.253 - - [10/Jan/2024:07:53:26 -0500] "POST /sipse/faces/presentacion/proyectos/proyecto/proyectoAdministrador/crearAdministrador.xhtml HTTP/1.1" 200 3501
201.245.192.253 - - [10/Jan/2024:07:53:26 -0500] "POST /sipse/faces/presentacion/proyectos/proyecto/proyectoAdministrador/crearAdministrador.xhtml HTTP/1.1" 200 1773
201.245.192.253 - - [10/Jan/2024:07:53:29 -0500] "POST /sipse/faces/presentacion/proyectos/proyecto/proyectoAdministrador/crearAdministrador.xhtml HTTP/1.1" 200 1792
216.244.66.195 - - [10/Jan/2024:07:53:33 -0500] "GET /robots.txt HTTP/1.1" 404 1018
200.69.84.134 - - [10/Jan/2024:07:53:37 -0500] "POST /sipse/faces/presentacion/proyectos/proyecto/listarProyecto.xhtml HTTP/1.1" 200 4949
200.69.84.134 - - [10/Jan/2024:07:53:39 -0500] "POST /sipse/faces/presentacion/proyectos/proyecto/listarProyecto.xhtml HTTP/1.1" 200 163
66.249.66.21 - - [10/Jan/2024:07:53:41 -0500] "GET /resoluciones/RESOLUCIONES%202009/2749.pdf HTTP/1.1" 404 1018
200.69.84.134 - - [10/Jan/2024:07:53:40 -0500] "GET /sipse/faces/presentacion/proyectos/proyecto/proyecto.xhtml HTTP/1.1" 200 92537
200.69.84.134 - - [10/Jan/2024:07:53:42 -0500] "GET /sipse/faces/javax.faces.resource/theme.css?ln=primefaces-sipse HTTP/1.1" 304 -
200.69.84.134 - - [10/Jan/2024:07:53:42 -0500] "GET /sipse/faces/javax.faces.resource/primefaces.css?ln=primefaces&v=4.0 HTTP/1.1" 304 -
200.69.84.134 - - [10/Jan/2024:07:53:42 -0500] "GET /sipse/faces/javax.faces.resource/jquery/jquery-plugins.js?ln=primefaces&v=4.0 HTTP/1.1" 304 -
200.69.84.134 - - [10/Jan/2024:07:53:42 -0500] "GET /sipse/faces/javax.faces.resource/layout/layout.css?ln=primefaces&v=4.0 HTTP/1.1" 304 -
200.69.84.134 - - [10/Jan/2024:07:53:42 -0500] "GET /sipse/faces/javax.faces.resource/jquery/jquery.js?ln=primefaces&v=4.0 HTTP/1.1" 304 -
200.69.84.134 - - [10/Jan/2024:07:53:42 -0500] "GET /sipse/faces/javax.faces.resource/primefaces.js?ln=primefaces&v=4.0 HTTP/1.1" 304 -
200.69.84.134 - - [10/Jan/2024:07:53:42 -0500] "GET /sipse/faces/javax.faces.resource/layout/layout.js?ln=primefaces&v=4.0 HTTP/1.1" 304 -
200.69.84.134 - - [10/Jan/2024:07:53:42 -0500] "GET /sipse/css/imagen/contrasena.png HTTP/1.1" 404 383
200.69.84.134 - - [10/Jan/2024:07:53:42 -0500] "GET /sipse/faces/javax.faces.resource/images/ui-icons_898989_256x240.png?ln=primefaces-aristo HTTP/1.1" 304 -
200.69.84.134 - - [10/Jan/2024:07:53:42 -0500] "GET /sipse/faces/javax.faces.resource/images/ui-bg_flat_0_2d5972_40x100.png?ln=primefaces-aristo HTTP/1.1" 304 -
200.69.84.134 - - [10/Jan/2024:07:53:42 -0500] "POST /sipse/faces/presentacion/proyectos/proyecto/proyecto.xhtml HTTP/1.1" 200 3253
156.59.198.136 - - [10/Jan/2024:07:53:45 -0500] "GET /BLA/resoluciones/AUTOS%202014/1525.pdf HTTP/1.0" 200 623500
156.59.198.135 - - [10/Jan/2024:07:54:08 -0500] "GET /BLA/resoluciones/AUTOS%202014/1061.pdf HTTP/1.0" 200 1099599
156.59.198.136 - - [10/Jan/2024:07:54:32 -0500] "GET /BLA/resoluciones/AUTOS%202007/1244.pdf HTTP/1.0" 200 74094
172.22.2.4 - - [10/Jan/2024:07:54:44 -0500] "GET /BLA/boletinlegal/robots.txt HTTP/1.1" 404 1037
172.22.2.4 - - [10/Jan/2024:07:54:44 -0500] "GET /BLA/boletinlegal/jurisprudencia/analisis/ANALISIST-672-14.docx HTTP/1.1" 200 22530
201.245.192.253 - - [10/Jan/2024:07:54:46 -0500] "POST /sipse/faces/presentacion/proyectos/proyecto/proyectoAdministrador/crearAdministrador.xhtml HTTP/1.1" 200 80052
201.245.192.253 - - [10/Jan/2024:07:54:47 -0500] "GET /sipse/faces/javax.faces.resource/jquery/jquery.js?ln=primefaces&v=4.0 HTTP/1.1" 304 -
201.245.192.253 - - [10/Jan/2024:07:54:47 -0500] "GET /sipse/faces/javax.faces.resource/jquery/jquery-plugins.js?ln=primefaces&v=4.0 HTTP/1.1" 304 -
201.245.192.253 - - [10/Jan/2024:07:54:47 -0500] "GET /sipse/faces/javax.faces.resource/primefaces.js?ln=primefaces&v=4.0 HTTP/1.1" 304 -
201.245.192.253 - - [10/Jan/2024:07:54:48 -0500] "GET /sipse/faces/javax.faces.resource/layout/layout.js?ln=primefaces&v=4.0 HTTP/1.1" 304 -
201.245.192.253 - - [10/Jan/2024:07:54:48 -0500] "GET /sipse/faces/javax.faces.resource/messages/messages.png?ln=primefaces&v=4.0 HTTP/1.1" 304 -
201.245.192.253 - - [10/Jan/2024:07:54:48 -0500] "POST /sipse/faces/presentacion/proyectos/proyecto/proyecto.xhtml HTTP/1.1" 200 3253
201.245.192.253 - - [10/Jan/2024:07:54:48 -0500] "POST /kwsrmcab/Wsrmcab  HTTP/1.1" 200 36937
200.69.84.134 - - [10/Jan/2024:07:54:55 -0500] "POST /sipse/faces/presentacion/proyectos/proyecto/proyecto.xhtml HTTP/1.1" 200 50354
200.69.84.134 - - [10/Jan/2024:07:54:56 -0500] "GET /sipse/faces/javax.faces.resource/theme.css?ln=primefaces-sipse HTTP/1.1" 304 -
200.69.84.134 - - [10/Jan/2024:07:54:56 -0500] "GET /sipse/faces/javax.faces.resource/primefaces.css?ln=primefaces&v=4.0 HTTP/1.1" 304 -
200.69.84.134 - - [10/Jan/2024:07:54:56 -0500] "GET /sipse/faces/javax.faces.resource/layout/layout.css?ln=primefaces&v=4.0 HTTP/1.1" 304 -
200.69.84.134 - - [10/Jan/2024:07:54:56 -0500] "GET /sipse/faces/javax.faces.resource/jquery/jquery.js?ln=primefaces&v=4.0 HTTP/1.1" 304 -
200.69.84.134 - - [10/Jan/2024:07:54:56 -0500] "GET /sipse/faces/javax.faces.resource/jquery/jquery-plugins.js?ln=primefaces&v=4.0 HTTP/1.1" 304 -
200.69.84.134 - - [10/Jan/2024:07:54:56 -0500] "GET /sipse/faces/javax.faces.resource/primefaces.js?ln=primefaces&v=4.0 HTTP/1.1" 304 -
200.69.84.134 - - [10/Jan/2024:07:54:56 -0500] "GET /sipse/faces/javax.faces.resource/layout/layout.js?ln=primefaces&v=4.0 HTTP/1.1" 304 -
200.69.84.134 - - [10/Jan/2024:07:54:56 -0500] "GET /sipse/css/imagen/contrasena.png HTTP/1.1" 404 383
156.59.198.135 - - [10/Jan/2024:07:54:57 -0500] "GET /BLA/resoluciones/AUTOS%202007/0590.pdf HTTP/1.0" 200 231027
200.69.84.134 - - [10/Jan/2024:07:55:02 -0500] "POST /sipse/faces/presentacion/proyectos/proyecto/proyectoAdministrador/crearAdministrador.xhtml HTTP/1.1" 200 1765
200.69.84.134 - - [10/Jan/2024:07:55:05 -0500] "POST /sipse/faces/presentacion/proyectos/proyecto/proyectoAdministrador/crearAdministrador.xhtml HTTP/1.1" 200 3003
200.69.84.134 - - [10/Jan/2024:07:55:05 -0500] "POST /sipse/faces/presentacion/proyectos/proyecto/proyectoAdministrador/crearAdministrador.xhtml HTTP/1.1" 200 1769
201.245.192.253 - - [10/Jan/2024:07:55:07 -0500] "POST /sipse/faces/presentacion/proyectos/proyecto/proyecto.xhtml HTTP/1.1" 200 83314
201.245.192.253 - - [10/Jan/2024:07:55:08 -0500] "GET /sipse/faces/javax.faces.resource/jquery/jquery.js?ln=primefaces&v=4.0 HTTP/1.1" 304 -
201.245.192.253 - - [10/Jan/2024:07:55:08 -0500] "GET /sipse/faces/javax.faces.resource/jquery/jquery-plugins.js?ln=primefaces&v=4.0 HTTP/1.1" 304 -
201.245.192.253 - - [10/Jan/2024:07:55:08 -0500] "GET /sipse/faces/javax.faces.resource/primefaces.js?ln=primefaces&v=4.0 HTTP/1.1" 304 -
201.245.192.253 - - [10/Jan/2024:07:55:08 -0500] "GET /sipse/faces/javax.faces.resource/layout/layout.js?ln=primefaces&v=4.0 HTTP/1.1" 304 -
201.245.192.253 - - [10/Jan/2024:07:55:13 -0500] "POST /sipse/faces/presentacion/proyectos/proyecto/listarProyecto.xhtml HTTP/1.1" 200 4866
201.245.192.253 - - [10/Jan/2024:07:55:14 -0500] "POST /sipse/faces/presentacion/proyectos/proyecto/listarProyecto.xhtml HTTP/1.1" 200 163
201.245.192.253 - - [10/Jan/2024:07:55:14 -0500] "GET /sipse/faces/presentacion/proyectos/proyecto/proyecto.xhtml HTTP/1.1" 200 83658
201.245.192.253 - - [10/Jan/2024:07:55:15 -0500] "GET /sipse/faces/javax.faces.resource/theme.css?ln=primefaces-sipse HTTP/1.1" 304 -
201.245.192.253 - - [10/Jan/2024:07:55:15 -0500] "GET /sipse/faces/javax.faces.resource/primefaces.css?ln=primefaces&v=4.0 HTTP/1.1" 304 -
201.245.192.253 - - [10/Jan/2024:07:55:15 -0500] "GET /sipse/faces/javax.faces.resource/jquery/jquery-plugins.js?ln=primefaces&v=4.0 HTTP/1.1" 304 -
201.245.192.253 - - [10/Jan/2024:07:55:15 -0500] "GET /sipse/faces/javax.faces.resource/layout/layout.css?ln=primefaces&v=4.0 HTTP/1.1" 304 -
201.245.192.253 - - [10/Jan/2024:07:55:15 -0500] "GET /sipse/faces/javax.faces.resource/jquery/jquery.js?ln=primefaces&v=4.0 HTTP/1.1" 304 -
201.245.192.253 - - [10/Jan/2024:07:55:15 -0500] "GET /sipse/faces/javax.faces.resource/primefaces.js?ln=primefaces&v=4.0 HTTP/1.1" 304 -
201.245.192.253 - - [10/Jan/2024:07:55:15 -0500] "GET /sipse/faces/javax.faces.resource/layout/layout.js?ln=primefaces&v=4.0 HTTP/1.1" 304 -
201.245.192.253 - - [10/Jan/2024:07:55:15 -0500] "GET /sipse/faces/javax.faces.resource/images/ui-icons_898989_256x240.png?ln=primefaces-aristo HTTP/1.1" 304 -
201.245.192.253 - - [10/Jan/2024:07:55:15 -0500] "GET /sipse/faces/javax.faces.resource/images/ui-bg_flat_0_2d5972_40x100.png?ln=primefaces-aristo HTTP/1.1" 304 -
201.245.192.253 - - [10/Jan/2024:07:55:15 -0500] "POST /sipse/faces/presentacion/proyectos/proyecto/proyecto.xhtml HTTP/1.1" 200 3253
200.69.84.134 - - [10/Jan/2024:07:55:17 -0500] "POST /sipse/faces/presentacion/proyectos/proyecto/proyectoAdministrador/crearAdministrador.xhtml HTTP/1.1" 200 1794
156.59.198.135 - - [10/Jan/2024:07:55:20 -0500] "GET /BLA/resoluciones/AUTOS%202007/1778.pdf HTTP/1.0" 200 30970
216.245.221.92 - - [10/Jan/2024:07:55:24 -0500] "HEAD / HTTP/1.1" 200 -
186.102.85.62 - - [10/Jan/2024:07:55:25 -0500] "GET /kwssiamovil/sm/ldap/au?x=U2FsdGVkX19PKYSls78PBR77OPH2EDLvk3ti9A5BW5pknfMhkmiAEtYjEO/M51rSVw6GGtHwEkokBWVG7xJD5g==&y=U2FsdGVkX18E0HuIn3wXDCLDX9beTiBbwdl3J4TcRawgXhtZwzXxSzH7uXPWWEOA HTTP/1.1" 200 30
186.102.85.62 - - [10/Jan/2024:07:55:26 -0500] "GET /kwssiamovil/sm/acme/s?s=U2FsdGVkX1+peO9C0fu60ANucLRvHTf4O7qvaXCnjQ85vGeuWIR8+35NNjhdn8TNM2bSqbilhPagVvAOML2gjd4NaZXkkJ+QbBGQVr8PuB4=&u=U2FsdGVkX1/NmAi3lhIE1gRy+gza5pNMPG7QyKRj/2pLF1uelMY/jK6R1yfqJyXr&y=U2FsdGVkX18E0HuIn3wXDCLDX9beTiBbwdl3J4TcRawgXhtZwzXxSzH7uXPWWEOA HTTP/1.1" 200 97
186.102.85.62 - - [10/Jan/2024:07:55:26 -0500] "GET /kwssiamovil/sm/acme/s?s=U2FsdGVkX190ieSAEznQVImu0tN/Ml9H3e54GyPHuM0UszTY0VGaXEiCAXfbvbX9FHfXtn4r5OV/rynMz6FCVJN2GLHABRC/iIB9Mm5FUVaNMtgUdxepnt6AQGuJsJsrueGPTeDEvOOipiS2nWEHHjsMDoSS4Mz0QxDXXx3BLoznakDnUDPR65bGC68/mThEyvpma2XB3Y9KLFExfz6G858wvMfLNS8Wmpikgodw0UjJuCbc2VANgO7R1hfpyRvg5+RHYe50j1sUritdra29izBqKHrV3hJMWQPicillhtuvuH9TO/2USkDcwwEMJge+774aXew6yJHargo8hqYoc9yn7JDPr6qGQP8+xZc0UTyCJ3c1/BHxYTFhsbd5a9C1k9zsS+zcdNLxABWI4SMc/FdPyaLnzRCqzRkcmBujBG/PP9lfnBO/wKYgnJwaamAP6H7opHqpCAktXms6TyqHNBOsYaFPeY6TIP8KZrFo/thqr9FV5sO+aPrOohEvOPm+tjAVzUptpMjFAZxl94BIWHKAE8OuC65LSnwqJ5VGGMftboI5KT1f1fnNaRmqXLhvnGciqKKBz7b55seoPo75j1Yek2+2BrN7ebmMv1YTWf5g5zyizQM7rJviyNioXM9IUCVgpB46U8aRO0zZlaJOnO59FKSedxnl8+n9AP8q6cNk7+nz8IuGZSWOcJ3ERODUFrnA8La4cIQC+Ce1HkCgFMsxvi37Wie2WdgiaRwdDTrnTFqy3LE6C6neNKGPKouuO3sLocndL+zGhkmp1ajP5Xp5JoYN9ljNRLXEEbsoCEnZOOyIc0rpIPDq0cOT1GeYEOzx3zkLeEFnkIsa8zyVQ3W2ANUUAx9lr/iLYUi32bzkiV9kffNs2mXWiGXTc8RpkbDkQtUTu+V4V4LyGXchXsqgVmfOd+WdJDCtiNa2TXI6FSHTvcPpWlhZC7QN6XvruCJxA+JUfiWhbVgvK9IWSldFDFtEdx7g54GVNTltI0cdQeK6W2J6Dfy8k5HFaGb00jylT6HVxOhC1FHCV3jWwSPvn+HCMGU6rH68tp3rtk1S/fYNRYOg8vH65v7P66uzYJubvdATBXKVKdSaqN+QbVmjdqY5hWy7jOmuweDEqz+GDUZrYvN4GxZKl4vabrsbGMQQgS0OUL4BEOJHBexHtHM8R253EqZTK/ti4QDRyXH9WbZdFJ5rEuoBb+pAGOQuirHqhRWtL33TA98aS9bIBX+Wli0wFcxL3lqotO9HBYm5smX5Wnlz5oi2bvNz+MyTRuUhNeHqLdus1NcyyRhxWzUtGx3b6pANs6hDdEhsEQcT8BXgLW9WdH8ccIewLfWRjS+avm2ZW1YZLmq8afdJ+pWI4WuKbtnPJNrMUgcMfH5nPwGZ0ms7oR+1uY7KJIKqh+ligr10IlODeyXZ8Gwn3r3dg7PVd30+XhcR5BseXJZf9FE5MHrLYyiJWLz0bMS7c+hMazcVUYX6EAudDF7d8XkWBGsmD5lfhjoz7bc5SSqS9mASDK0fu9rdC+U3HN/jmeujfDjUkn3xDxCkWaPrOl+L1Yi4VMnaQPlXRaDOSbITaME40M1tu5vJSDkvK1+LOfBhLR7w/ZGQQsc2XrmJ9Q/jq8O1wO5diOmcoZGHRAZ1MAWS/lmDO4I32P+lHIHnW4eQJk3zSNQmuc4x7v3kJuPEyFbMGs4C7Vc/VFC7qbItwncAizzQzrfK7M1mWFmG5vpKvfc7EPdho9ZM7wuNqbs13f8w57JHDzciOY+jBPv3UO2BO0dWdNh6uBGHi0Xz&u=U2FsdGVkX1/NmAi3lhIE1gRy+gza5pNMPG7QyKRj/2pLF1uelMY/jK6R1yfqJyXr&y=U2FsdGVkX18E0HuIn3wXDCLDX9beTiBbwdl3J4TcRawgXhtZwzXxSzH7uXPWWEOA HTTP/1.1" 200 538
186.102.85.62 - - [10/Jan/2024:07:55:26 -0500] "GET /kwssiamovil/sm/acme/s?s=U2FsdGVkX1/C4SVaZlQR/A0dV2IVqSlXIfxAOZVKX9j14PyH7UNdyS0+hA8aQoLyQXIa0VpmDST5gfrJWj6aMu8XZSHO4dzvgeO+kdK6sv72hGEnnYc/OGgwFReAim56oTRlEb+l3DXeyI3bsZELkX7VtV80A+LAEvf6bb9b8UW94A7AYea5M6Ogo2LlmCExDYQnebJAOk/7BGxeAuUBcYfjSOaxMNBhjdWdgUHcaFSlVt8txDyLy/RWWf2jmSirRJU4FKWhVBH9X/5UVWt6w2f9/2m/CIZe2HN0oGGwL/l5jw+VA2ZyDwbgdrjjWQ7V54CL+ro2kEn2C0on1WP01UjLavrHJs6BPqk3uPzZzEMeM9OdYNfy18C1Draqq1c7kDR3YKlVKdv59HeaZ8YCOECH/QjRc0WN+tiE012lReUO1Qv9klPQKJgkXAbhNGN3VmDgFp8Lblp9a4bwHJ70wwtafivf5KOEE3M2pqdIfyjJMAgufQeivn/KZdImFUgi3IIL78eMFSP/ykmKq7gww+gSCYInM8UOg80XY6YaiAuZXWEGPqNJNdBTvRCMqMe0M+GndULSk+2IPfGNs+/CGhOgdSO179gscso5EWKUevZa7MiHUdFcm8WaNwzWN/mtdURUJzmpNjMr+lT5zEWXl1pw1aB0N+JN9+u50DGUNVUWfOb4Q3/jzDogEG9JrvJOXZRbVdtbLpGTr3oNN00vJ+4V8hQBjOaOlJzter1vbx6GNtMSkUipdVYoA876fl6qJiN84R3A6zlpnmhMvy0BZQ==&u=U2FsdGVkX1/NmAi3lhIE1gRy+gza5pNMPG7QyKRj/2pLF1uelMY/jK6R1yfqJyXr&y=U2FsdGVkX18E0HuIn3wXDCLDX9beTiBbwdl3J4TcRawgXhtZwzXxSzH7uXPWWEOA HTTP/1.1" 200 352
186.102.85.62 - - [10/Jan/2024:07:55:26 -0500] "GET /kwssiamovil/sm/cjson/pre?f=9&x=U2FsdGVkX19PKYSls78PBR77OPH2EDLvk3ti9A5BW5pknfMhkmiAEtYjEO/M51rSVw6GGtHwEkokBWVG7xJD5g== HTTP/1.1" 200 25142
186.102.85.62 - - [10/Jan/2024:07:55:26 -0500] "GET /kwssiamovil/sm/cjson/pre?f=18&x=U2FsdGVkX19PKYSls78PBR77OPH2EDLvk3ti9A5BW5pknfMhkmiAEtYjEO/M51rSVw6GGtHwEkokBWVG7xJD5g== HTTP/1.1" 200 32849
40.77.167.78 - - [10/Jan/2024:07:55:33 -0500] "GET /BLA/resoluciones/AUTOS%202011/4856.pdf HTTP/1.1" 200 269153
156.59.198.136 - - [10/Jan/2024:07:55:47 -0500] "GET /BLA/resoluciones/AUTOS%202007/0653.pdf HTTP/1.0" 200 72221
191.156.53.89 - - [10/Jan/2024:07:55:48 -0500] "GET /inicia-el-2024-conociendo-la-biodiversidad-de-bogoti.html?fbclid=IwAR2ygitk9aja4S7goIfetGZhFQv_DLnH1cJIhP-DKu0_vxMvgeBqUZhJipw HTTP/1.1" 200 894
200.69.84.134 - - [10/Jan/2024:07:55:57 -0500] "POST /sipse/faces/presentacion/proyectos/proyecto/proyectoAdministrador/crearAdministrador.xhtml HTTP/1.1" 200 85466
200.69.84.134 - - [10/Jan/2024:07:55:58 -0500] "GET /sipse/faces/javax.faces.resource/theme.css?ln=primefaces-sipse HTTP/1.1" 304 -
200.69.84.134 - - [10/Jan/2024:07:55:58 -0500] "GET /sipse/faces/javax.faces.resource/primefaces.css?ln=primefaces&v=4.0 HTTP/1.1" 304 -
200.69.84.134 - - [10/Jan/2024:07:55:58 -0500] "GET /sipse/faces/javax.faces.resource/layout/layout.css?ln=primefaces&v=4.0 HTTP/1.1" 304 -
200.69.84.134 - - [10/Jan/2024:07:55:59 -0500] "GET /sipse/faces/javax.faces.resource/jquery/jquery.js?ln=primefaces&v=4.0 HTTP/1.1" 304 -
200.69.84.134 - - [10/Jan/2024:07:55:59 -0500] "GET /sipse/faces/javax.faces.resource/jquery/jquery-plugins.js?ln=primefaces&v=4.0 HTTP/1.1" 304 -
200.69.84.134 - - [10/Jan/2024:07:55:59 -0500] "GET /sipse/faces/javax.faces.resource/primefaces.js?ln=primefaces&v=4.0 HTTP/1.1" 304 -
200.69.84.134 - - [10/Jan/2024:07:55:59 -0500] "GET /sipse/faces/javax.faces.resource/layout/layout.js?ln=primefaces&v=4.0 HTTP/1.1" 304 -
200.69.84.134 - - [10/Jan/2024:07:55:59 -0500] "GET /sipse/css/imagen/contrasena.png HTTP/1.1" 404 383
200.69.84.134 - - [10/Jan/2024:07:55:59 -0500] "GET /sipse/faces/javax.faces.resource/messages/messages.png?ln=primefaces&v=4.0 HTTP/1.1" 304 -
200.69.84.134 - - [10/Jan/2024:07:55:59 -0500] "POST /sipse/faces/presentacion/proyectos/proyecto/proyecto.xhtml HTTP/1.1" 200 3253
200.69.84.134 - - [10/Jan/2024:07:56:04 -0500] "POST /sipse/faces/presentacion/proyectos/proyecto/proyecto.xhtml HTTP/1.1" 200 85781
200.69.84.134 - - [10/Jan/2024:07:56:04 -0500] "GET /sipse/faces/javax.faces.resource/primefaces.css?ln=primefaces&v=4.0 HTTP/1.1" 304 -
200.69.84.134 - - [10/Jan/2024:07:56:04 -0500] "GET /sipse/faces/javax.faces.resource/theme.css?ln=primefaces-sipse HTTP/1.1" 304 -
200.69.84.134 - - [10/Jan/2024:07:56:04 -0500] "GET /sipse/faces/javax.faces.resource/layout/layout.css?ln=primefaces&v=4.0 HTTP/1.1" 304 -
200.69.84.134 - - [10/Jan/2024:07:56:05 -0500] "GET /sipse/faces/javax.faces.resource/jquery/jquery.js?ln=primefaces&v=4.0 HTTP/1.1" 304 -
200.69.84.134 - - [10/Jan/2024:07:56:05 -0500] "GET /sipse/faces/javax.faces.resource/jquery/jquery-plugins.js?ln=primefaces&v=4.0 HTTP/1.1" 304 -
200.69.84.134 - - [10/Jan/2024:07:56:05 -0500] "GET /sipse/faces/javax.faces.resource/primefaces.js?ln=primefaces&v=4.0 HTTP/1.1" 304 -
200.69.84.134 - - [10/Jan/2024:07:56:05 -0500] "GET /sipse/faces/javax.faces.resource/layout/layout.js?ln=primefaces&v=4.0 HTTP/1.1" 304 -
200.69.84.134 - - [10/Jan/2024:07:56:05 -0500] "POST /sipse/faces/presentacion/proyectos/proyecto/listarProyecto.xhtml HTTP/1.1" 200 79144
