172.22.2.4 - - [10/Jan/2024:08:21:55 -0500] "GET /BLA/boletinlegal/images/tel.png HTTP/1.1" 200 14477
156.59.198.135 - - [10/Jan/2024:08:21:55 -0500] "GET /BLA/resoluciones/AUTOS%202007/1392.pdf HTTP/1.0" 200 90195
172.22.2.4 - - [10/Jan/2024:08:21:55 -0500] "GET /BLA/boletinlegal/images/icono-email.png HTTP/1.1" 200 5544
172.22.2.4 - - [10/Jan/2024:08:21:55 -0500] "GET /BLA/boletinlegal/images/footer_bg.jpg HTTP/1.1" 200 586
172.22.2.4 - - [10/Jan/2024:08:21:55 -0500] "GET /BLA/boletinlegal/images/footer_bg_l.jpg HTTP/1.1" 200 776
172.22.2.4 - - [10/Jan/2024:08:21:55 -0500] "GET /BLA/boletinlegal/img/0.png HTTP/1.1" 200 110
172.22.2.4 - - [10/Jan/2024:08:21:55 -0500] "GET /BLA/boletinlegal/img/select-left.png HTTP/1.1" 200 263
172.22.2.4 - - [10/Jan/2024:08:21:55 -0500] "GET /BLA/boletinlegal/img/button-left.png HTTP/1.1" 200 57071
172.22.2.4 - - [10/Jan/2024:08:21:55 -0500] "GET /BLA/boletinlegal/img/select-right.png HTTP/1.1" 200 44019
172.22.2.4 - - [10/Jan/2024:08:21:55 -0500] "GET /BLA/boletinlegal/img/button.png HTTP/1.1" 200 43241
172.22.2.4 - - [10/Jan/2024:08:21:55 -0500] "GET /BLA/boletinlegal/img/button-right.png HTTP/1.1" 200 57878
172.22.2.4 - - [10/Jan/2024:08:21:55 -0500] "GET /BLA/boletinlegal/favicon.ico HTTP/1.1" 404 1230
112.215.224.8 - - [10/Jan/2024:08:22:01 -0500] "GET / HTTP/1.1" 200 4720
201.245.192.253 - - [10/Jan/2024:08:22:01 -0500] "POST /sipse/faces/presentacion/proyectos/proyecto/listarProyecto.xhtml HTTP/1.1" 200 163
201.245.192.253 - - [10/Jan/2024:08:22:02 -0500] "GET /sipse/faces/presentacion/proyectos/proyecto/proyecto.xhtml HTTP/1.1" 200 83935
201.245.192.253 - - [10/Jan/2024:08:22:03 -0500] "GET /sipse/faces/javax.faces.resource/primefaces.css?ln=primefaces&v=4.0 HTTP/1.1" 304 -
201.245.192.253 - - [10/Jan/2024:08:22:03 -0500] "GET /sipse/faces/javax.faces.resource/theme.css?ln=primefaces-sipse HTTP/1.1" 304 -
201.245.192.253 - - [10/Jan/2024:08:22:03 -0500] "GET /sipse/faces/javax.faces.resource/layout/layout.css?ln=primefaces&v=4.0 HTTP/1.1" 304 -
201.245.192.253 - - [10/Jan/2024:08:22:03 -0500] "GET /sipse/faces/javax.faces.resource/jquery/jquery.js?ln=primefaces&v=4.0 HTTP/1.1" 304 -
201.245.192.253 - - [10/Jan/2024:08:22:03 -0500] "GET /sipse/faces/javax.faces.resource/jquery/jquery-plugins.js?ln=primefaces&v=4.0 HTTP/1.1" 304 -
201.245.192.253 - - [10/Jan/2024:08:22:03 -0500] "GET /sipse/faces/javax.faces.resource/primefaces.js?ln=primefaces&v=4.0 HTTP/1.1" 304 -
201.245.192.253 - - [10/Jan/2024:08:22:03 -0500] "GET /sipse/faces/javax.faces.resource/layout/layout.js?ln=primefaces&v=4.0 HTTP/1.1" 304 -
201.245.192.253 - - [10/Jan/2024:08:22:03 -0500] "GET /sipse/faces/javax.faces.resource/images/ui-icons_898989_256x240.png?ln=primefaces-aristo HTTP/1.1" 304 -
201.245.192.253 - - [10/Jan/2024:08:22:03 -0500] "GET /sipse/faces/javax.faces.resource/images/ui-bg_flat_0_2d5972_40x100.png?ln=primefaces-aristo HTTP/1.1" 304 -
201.245.192.253 - - [10/Jan/2024:08:22:03 -0500] "POST /sipse/faces/presentacion/proyectos/proyecto/proyecto.xhtml HTTP/1.1" 200 3249
186.102.114.90 - - [10/Jan/2024:08:22:05 -0500] "GET /kwssiamovil/sm/ldap/au?x=U2FsdGVkX1/AVJUvpZASms8EcE9oH6ctvPUSc0k/Hcwbodk954dtR4+Sq//CHOGy&y=U2FsdGVkX1/m3EX8fhzqGmmDZTeKUB5qpRl0HhMAF9HHzghM/dHOpL2MfeUKFLq7 HTTP/1.1" 200 30
186.102.114.90 - - [10/Jan/2024:08:22:05 -0500] "GET /kwssiamovil/sm/acme/s?s=U2FsdGVkX19hp/aRU8NnvwghunTT+HpGfaBtex0W7JRX5X1u3A4IxGAHwPWhbyYlYBeT6NbGMdXfNx9DJmxDz/Kv0kW2JnWkXGgtnDCpUzE=&u=U2FsdGVkX1/L7y+A4W9d0Qq9eJIqmJpJFt2dLwdaVHIS928pWd7XJsVaUUreHsyW&y=U2FsdGVkX1/m3EX8fhzqGmmDZTeKUB5qpRl0HhMAF9HHzghM/dHOpL2MfeUKFLq7 HTTP/1.1" 200 97
186.102.114.90 - - [10/Jan/2024:08:22:06 -0500] "GET /kwssiamovil/sm/acme/s?s=U2FsdGVkX19g9pgHsYIOfQsXZ1NdfM1/HGD+3VEfWdRjei2ENRoOpUZHX5JkKof3oPYuhtwZiqdYnm3nJfakH0NdbCb23Ib5wB7WAFZGxDBSUB3ncX3CA5Lr8xkLGQS970/1OHy4zhnSVTGnS7XXHEDKI1nZE1MlzBKX7/MZtyogXoTBOdVVR2mrP2NzYf4kNESlBGngqaZUsAFJc2HS99HdBF8WVsmByMerD8f0pVt9yvq+NbPqsKpxYkjr9y0dq+2xfLahJBuvU3C4sIpHyVmdz/OL1s31eV0Ywhkla1nEzaKW2XG3OBW4ubnbqTafGl/3LRkZvlMC9nvyZoz2/GpHKwmf2FN3eQ0+X2fQMheGEn8ZVIBJ65Zmjs87r25WngTbkunxjtUXnwNyCu/o/dUIOSauoo6iHSPX+AAnThs113aukSGeFDbZkLJSYZDaCHDMA63fgbq8a9rjzPmRRBFdfCtXGAzzMIpdR+Ob3fXEp3QOIdyMkg++IeTaI1rEXn49sg2LCZsQs7FBDUUCGBQC5yaRFM7qYcwlKpU2Yv/R2KvjMMQo7hKIBlnUeVRrPrGmlU7u+VBObDd6tKT4GzNGS1xnJ6KnrLdeB6Jm+hR2ZUW8nbJFS3LLOvYy54jLX09vHIaOkdHDVf3klUwTqPX1Cb8R3LK+tA9q+Rk2BzDdk6HhWWe2a5/QdF9K1npVwvyfwLxBXf2YLERPiW8EK/01ZrOKMSetEZnxSpJzSiCbhAurra9kXw2TsFD+E12CCNsfF63MOuBWUnzW/3v2qWVBLOI8ypC1GQGFKyfjLAOP7m9I96Qs88PO8+WgHl1jutHXNwm81G4tBFr/kNGiPoJt+4WVU0KK3HMikzBmM1U5V239Fguo38GEztEN2aNIPMkvrOiEiirP1cMyjYjj4SMfVsE//9QWIIvvYhuQE809oW+UX6MsG9XJPneb+BkR6bwcdxTV44yEnqDeblT5qa6WHPgiCet1EkVZ0HekyVzq5p9hK1by8XUNRsVU38A77/MMFWiQICnWoJcd8qLiaoIgOuSvAC5rKRzHbmHuSPSQDVu+Vgh2JnzFAFajuhnVay8Lp+Pf8m/c6au7xGUok6uphAFg9sUZU83RKzkbDeiVFb0hbMl4DLdWXoQa7DL4zaX7Fw5wMpnZXPANv16j1J6xtIMRX+pU8aCLLeKNJC/725le94x+IzAzaLCIWQAMiip/z+Z0qCz9M1MhPJo/O1HDSZYTpLHOnrt5CI1dyqtS9mPDS/0YHptFjjGWNI8pxw1HOxLzBTEWuT0Pa1pGLRlqE5ma64z7jfV+E35pZPxhhO9inrTSfilUf+2qotKD0bzyYB2pvGkQtyerxRslWAEnk5w040LwK/LrImDp5rVK05px2D+uHXpfuQjLlG9qvZhORCTFLyOAL1nV2Y/uuWdcRlX3U9zKHCui2TFSfli1JTAWMv31bm5DC1tUmgzwSdkJtw8UHIYnZa1ziPz/GLISW7L4MnfE2ZqQkjeHXIO5ffsaOstwreHwGpFBvBzZpJj0O6s572wh5r1i4BCLMPZSuVIbfqLbjYRs/4CXXnU5ljud08v7b1Inm/rulXKdieg/9zEtq7xF0Xq8UK9iZt4Lgpy3WD/ju19ZeP6i7DEmHmFcXitLvJKGKWFkRoj34Qz7+tiWuS+Z8EbDdC5xB+Dmnql90yKSJCiM3vgaGxlQw3UYbajBUR6/gcyUFjTjpLIcrPaHhoI7sf7UtnGWQJ04p79HJJupdSigAbfGCU8c32DBS3tZMntVrlENMJE2&u=U2FsdGVkX1/L7y+A4W9d0Qq9eJIqmJpJFt2dLwdaVHIS928pWd7XJsVaUUreHsyW&y=U2FsdGVkX1/m3EX8fhzqGmmDZTeKUB5qpRl0HhMAF9HHzghM/dHOpL2MfeUKFLq7 HTTP/1.1" 200 2881
186.102.114.90 - - [10/Jan/2024:08:22:06 -0500] "GET /kwssiamovil/sm/acme/s?s=U2FsdGVkX18+1Kgwcam/rVSNDTJMndVG1cSz/3TixjlN6Sq9Yk9O7gcUH8JM+K+5aWpQsUQNAYSI2MoeOSN0OGEkW+Rm0NfFZ0C7T/LVR95QYU5+Kas2Prm1JVnWJ7ySD7xTAjQ4HxqNvQQ7ECz+lFsZk6eGLPGVheIB+DbYYDrawanK2+DUeRGbopS6BAiwphntpgjMAuc0q7DLPMnGOcNUDsC72VmgGs9cIYMnulIgwlE7Cyw3jHnsowvK8XDa3jK4ae+4u8Uw1ggwwEpWYHcuPFXHMtvCwGj4/YpW+z7ahnIB07mjlcxe6p35MWJnBid/8GwkAdCt4orbhAMMqmwWCrFFF9xeqNMK1lz5+z+bQjkbQuulWSf1cXgJ/Nzy3Ov80rd+qLd7Abu5dJqpQD+dYjgyG6oBUrY9vQbZWl6WH+qo+0orjTF2ekYT3MOrH7A4fFt7D+EnpekmDbHnS8Rcpbk1tQH6U5/vj6vU86MUeW/L4rwH5Y+wP35oIsoOmE7c57EKg4PJG4QNNcE185qsSMiDtd9N1nGeS/IUJsw3IpwDWi1OKmwBm62uZqyQ+auj6fJlwtgXyynxj0v/rfXnFbybVCjoDe/YCa+zt8cskSwxpgHgXm4Agrq+qJOwjqGIy2EOGyTBQDGiMXnK6udUqG0zvqncuMD03z8oX2i7kS9mR4ibu4oGzTNXuFkRiPb4r+JeOsVcl7h1oymgq2zkWiNTpm1xnGh8+LyllsXM7YayEAagholHlZnT4355L661EXv40k7g+j6PKYxLYA==&u=U2FsdGVkX1/L7y+A4W9d0Qq9eJIqmJpJFt2dLwdaVHIS928pWd7XJsVaUUreHsyW&y=U2FsdGVkX1/m3EX8fhzqGmmDZTeKUB5qpRl0HhMAF9HHzghM/dHOpL2MfeUKFLq7 HTTP/1.1" 200 208
186.102.114.90 - - [10/Jan/2024:08:22:06 -0500] "GET /kwssiamovil/sm/cjson/pre?f=1&x=U2FsdGVkX1/AVJUvpZASms8EcE9oH6ctvPUSc0k/Hcwbodk954dtR4+Sq//CHOGy HTTP/1.1" 200 31032
156.59.198.135 - - [10/Jan/2024:08:22:19 -0500] "GET /BLA/resoluciones/AUTOS%202007/1031.pdf HTTP/1.0" 200 106332
172.22.2.4 - - [10/Jan/2024:08:22:20 -0500] "GET /BLA/boletinlegal/consulta_actos.php?tipo=resoluciones&no=3981&usuario=&sector=SILVICULTURA&fecha=2022&resuelve= HTTP/1.1" 200 626
201.245.192.253 - - [10/Jan/2024:08:22:11 -0500] "POST /sipse/faces/presentacion/proyectos/proyecto/proyecto.xhtml HTTP/1.1" 200 82858
201.245.192.253 - - [10/Jan/2024:08:22:22 -0500] "GET /sipse/faces/javax.faces.resource/jquery/jquery.js?ln=primefaces&v=4.0 HTTP/1.1" 304 -
201.245.192.253 - - [10/Jan/2024:08:22:22 -0500] "GET /sipse/faces/javax.faces.resource/jquery/jquery-plugins.js?ln=primefaces&v=4.0 HTTP/1.1" 304 -
201.245.192.253 - - [10/Jan/2024:08:22:22 -0500] "GET /sipse/faces/javax.faces.resource/primefaces.js?ln=primefaces&v=4.0 HTTP/1.1" 304 -
201.245.192.253 - - [10/Jan/2024:08:22:22 -0500] "GET /sipse/faces/javax.faces.resource/layout/layout.js?ln=primefaces&v=4.0 HTTP/1.1" 304 -
172.22.2.4 - - [10/Jan/2024:08:21:50 -0500] "GET /BLA/boletinlegal/ HTTP/1.1" 200 24523
200.75.47.134 - - [10/Jan/2024:08:22:28 -0500] "GET /BLA/resoluciones/dlf/styles.css HTTP/1.1" 200 3049
200.75.47.134 - - [10/Jan/2024:08:22:28 -0500] "GET /BLA/resoluciones/dlf/bg.gif HTTP/1.1" 200 54
200.75.47.134 - - [10/Jan/2024:08:22:25 -0500] "GET /BLA/resoluciones/ HTTP/1.1" 200 13696
200.75.47.134 - - [10/Jan/2024:08:22:28 -0500] "GET /BLA/resoluciones/dlf/folder.png HTTP/1.1" 200 410
200.75.47.134 - - [10/Jan/2024:08:22:29 -0500] "GET /favicon.ico HTTP/1.1" 200 7782
200.75.47.134 - - [10/Jan/2024:08:22:35 -0500] "GET /BLA/resoluciones/dlf/dirup.png HTTP/1.1" 200 644
200.75.47.134 - - [10/Jan/2024:08:22:35 -0500] "GET /BLA/resoluciones/dlf/pdf.gif HTTP/1.1" 200 272
200.75.47.134 - - [10/Jan/2024:08:22:35 -0500] "GET /BLA/resoluciones/index.php?dir=RESOLUCIONES+2022%2F HTTP/1.1" 200 325052
200.75.47.134 - - [10/Jan/2024:08:22:35 -0500] "GET /BLA/resoluciones/dlf/archive.png HTTP/1.1" 200 632
201.245.166.34 - - [10/Jan/2024:08:22:41 -0500] "GET /Publicaciones/SSFFS-14673-2023.zip HTTP/1.1" 206 1
201.245.192.253 - - [10/Jan/2024:08:22:41 -0500] "POST /sipse/faces/presentacion/proyectos/proyecto/listarProyecto.xhtml HTTP/1.1" 200 163
201.245.166.34 - - [10/Jan/2024:08:22:41 -0500] "GET /Publicaciones/SSFFS-14673-2023.zip HTTP/1.1" 206 5298286
201.245.192.253 - - [10/Jan/2024:08:22:41 -0500] "GET /sipse/faces/presentacion/proyectos/proyecto/proyecto.xhtml HTTP/1.1" 200 88954
201.245.192.253 - - [10/Jan/2024:08:22:43 -0500] "GET /sipse/faces/javax.faces.resource/theme.css?ln=primefaces-sipse HTTP/1.1" 304 -
201.245.192.253 - - [10/Jan/2024:08:22:43 -0500] "GET /sipse/faces/javax.faces.resource/primefaces.css?ln=primefaces&v=4.0 HTTP/1.1" 304 -
201.245.192.253 - - [10/Jan/2024:08:22:43 -0500] "GET /sipse/faces/javax.faces.resource/jquery/jquery-plugins.js?ln=primefaces&v=4.0 HTTP/1.1" 304 -
201.245.192.253 - - [10/Jan/2024:08:22:43 -0500] "GET /sipse/faces/javax.faces.resource/layout/layout.css?ln=primefaces&v=4.0 HTTP/1.1" 304 -
201.245.192.253 - - [10/Jan/2024:08:22:43 -0500] "GET /sipse/faces/javax.faces.resource/primefaces.js?ln=primefaces&v=4.0 HTTP/1.1" 304 -
201.245.192.253 - - [10/Jan/2024:08:22:43 -0500] "GET /sipse/faces/javax.faces.resource/jquery/jquery.js?ln=primefaces&v=4.0 HTTP/1.1" 304 -
201.245.192.253 - - [10/Jan/2024:08:22:43 -0500] "GET /sipse/faces/javax.faces.resource/layout/layout.js?ln=primefaces&v=4.0 HTTP/1.1" 304 -
201.245.192.253 - - [10/Jan/2024:08:22:43 -0500] "GET /sipse/faces/javax.faces.resource/images/ui-icons_898989_256x240.png?ln=primefaces-aristo HTTP/1.1" 304 -
201.245.192.253 - - [10/Jan/2024:08:22:43 -0500] "GET /sipse/faces/javax.faces.resource/images/ui-bg_flat_0_2d5972_40x100.png?ln=primefaces-aristo HTTP/1.1" 304 -
201.245.192.253 - - [10/Jan/2024:08:22:43 -0500] "POST /sipse/faces/presentacion/proyectos/proyecto/proyecto.xhtml HTTP/1.1" 200 3253
156.59.198.135 - - [10/Jan/2024:08:22:43 -0500] "GET /BLA/resoluciones/AUTOS%202014/7352.pdf HTTP/1.0" 200 460716
156.59.198.135 - - [10/Jan/2024:08:23:08 -0500] "GET /BLA/resoluciones/AUTOS%202007/0259.pdf HTTP/1.0" 200 257436
156.59.198.136 - - [10/Jan/2024:08:23:32 -0500] "GET /BLA/resoluciones/AUTOS%202007/0654.pdf HTTP/1.0" 200 143795
201.245.192.253 - - [10/Jan/2024:08:23:50 -0500] "GET /sipse/faces/index.xhtml HTTP/1.1" 200 677
201.245.192.253 - - [10/Jan/2024:08:23:50 -0500] "GET /sipse/faces/javax.faces.resource/theme.css?ln=primefaces-sipse HTTP/1.1" 304 -
201.245.192.253 - - [10/Jan/2024:08:23:50 -0500] "GET /sipse/faces/faces/autenticacion.xhtml HTTP/1.1" 200 12406
201.245.192.253 - - [10/Jan/2024:08:23:50 -0500] "GET /sipse/js/disable_browser_buttons.js HTTP/1.1" 304 -
201.245.192.253 - - [10/Jan/2024:08:23:50 -0500] "GET /sipse/js/funciones.js HTTP/1.1" 304 -
201.245.192.253 - - [10/Jan/2024:08:23:50 -0500] "GET /sipse/css/custom_css_sg.css HTTP/1.1" 304 -
201.245.192.253 - - [10/Jan/2024:08:23:50 -0500] "GET /sipse/css/custom_css_sg_prime_login.css HTTP/1.1" 304 -
201.245.192.253 - - [10/Jan/2024:08:23:50 -0500] "GET /sipse/faces/javax.faces.resource/primefaces.css?ln=primefaces&v=4.0 HTTP/1.1" 304 -
201.245.192.253 - - [10/Jan/2024:08:23:50 -0500] "GET /sipse/faces/javax.faces.resource/theme.css?ln=primefaces-sipse HTTP/1.1" 304 -
201.245.192.253 - - [10/Jan/2024:08:23:50 -0500] "GET /sipse/faces/javax.faces.resource/layout/layout.css?ln=primefaces&v=4.0 HTTP/1.1" 304 -
201.245.192.253 - - [10/Jan/2024:08:23:50 -0500] "GET /sipse/faces/javax.faces.resource/jquery/jquery.js?ln=primefaces&v=4.0 HTTP/1.1" 304 -
201.245.192.253 - - [10/Jan/2024:08:23:50 -0500] "GET /sipse/faces/javax.faces.resource/jquery/jquery-plugins.js?ln=primefaces&v=4.0 HTTP/1.1" 304 -
201.245.192.253 - - [10/Jan/2024:08:23:50 -0500] "GET /sipse/faces/javax.faces.resource/primefaces.js?ln=primefaces&v=4.0 HTTP/1.1" 304 -
201.245.192.253 - - [10/Jan/2024:08:23:50 -0500] "GET /sipse/faces/javax.faces.resource/layout/layout.js?ln=primefaces&v=4.0 HTTP/1.1" 304 -
201.245.192.253 - - [10/Jan/2024:08:23:50 -0500] "GET /sipse/css/imagen/loginimg.png HTTP/1.1" 304 -
201.245.192.253 - - [10/Jan/2024:08:23:50 -0500] "GET /sipse/css/imagen/logoSDG.png HTTP/1.1" 304 -
201.245.192.253 - - [10/Jan/2024:08:23:50 -0500] "GET /sipse/faces/javax.faces.resource/images/ui-icons_898989_256x240.png?ln=primefaces-aristo HTTP/1.1" 304 -
201.245.192.253 - - [10/Jan/2024:08:23:53 -0500] "POST /sipse/faces/autenticacion.xhtml HTTP/1.1" 200 2224
201.245.192.253 - - [10/Jan/2024:08:23:53 -0500] "GET /sipse/faces/javax.faces.resource/messages/messages.png?ln=primefaces&v=4.0 HTTP/1.1" 304 -
201.245.192.253 - - [10/Jan/2024:08:23:54 -0500] "POST /sipse/faces/autenticacion.xhtml HTTP/1.1" 200 16407
201.245.192.253 - - [10/Jan/2024:08:23:54 -0500] "GET /sipse/faces/javax.faces.resource/theme.css?ln=primefaces-sipse HTTP/1.1" 304 -
201.245.192.253 - - [10/Jan/2024:08:23:54 -0500] "GET /sipse/css/custom_css_sg_prime.css HTTP/1.1" 304 -
201.245.192.253 - - [10/Jan/2024:08:23:54 -0500] "GET /sipse/faces/javax.faces.resource/primefaces.css?ln=primefaces&v=4.0 HTTP/1.1" 304 -
201.245.192.253 - - [10/Jan/2024:08:23:54 -0500] "GET /sipse/faces/javax.faces.resource/layout/layout.css?ln=primefaces&v=4.0 HTTP/1.1" 304 -
201.245.192.253 - - [10/Jan/2024:08:23:54 -0500] "GET /sipse/js/jquery.min.js HTTP/1.1" 304 -
201.245.192.253 - - [10/Jan/2024:08:23:54 -0500] "GET /sipse/faces/javax.faces.resource/jquery/jquery.js?ln=primefaces&v=4.0 HTTP/1.1" 304 -
201.245.192.253 - - [10/Jan/2024:08:23:54 -0500] "GET /sipse/faces/javax.faces.resource/jquery/jquery-plugins.js?ln=primefaces&v=4.0 HTTP/1.1" 304 -
201.245.192.253 - - [10/Jan/2024:08:23:54 -0500] "GET /sipse/faces/javax.faces.resource/primefaces.js?ln=primefaces&v=4.0 HTTP/1.1" 304 -
201.245.192.253 - - [10/Jan/2024:08:23:54 -0500] "GET /sipse/faces/javax.faces.resource/layout/layout.js?ln=primefaces&v=4.0 HTTP/1.1" 304 -
201.245.192.253 - - [10/Jan/2024:08:23:54 -0500] "GET /sipse/css/v_mergente.css HTTP/1.1" 304 -
201.245.192.253 - - [10/Jan/2024:08:23:54 -0500] "GET /sipse/css/imagen/contrasena.png HTTP/1.1" 404 383
201.245.192.253 - - [10/Jan/2024:08:23:54 -0500] "GET /sipse/imagenes/logoAplicacion.jpg HTTP/1.1" 304 -
201.245.192.253 - - [10/Jan/2024:08:23:54 -0500] "GET /sipse/imagenes/cargando.gif HTTP/1.1" 304 -
201.245.192.253 - - [10/Jan/2024:08:23:56 -0500] "GET /sipse/faces/javax.faces.resource/images/ui-bg_flat_0_2d5972_40x100.png?ln=primefaces-aristo HTTP/1.1" 304 -
201.245.192.253 - - [10/Jan/2024:08:23:56 -0500] "POST /sipse/faces/bienvenido.xhtml HTTP/1.1" 200 2073
156.59.198.135 - - [10/Jan/2024:08:23:58 -0500] "GET /BLA/resoluciones/AUTOS%202007/0855.pdf HTTP/1.0" 200 68781
201.245.192.253 - - [10/Jan/2024:08:23:57 -0500] "POST /sipse/faces/bienvenido.xhtml HTTP/1.1" 200 39034
201.245.192.253 - - [10/Jan/2024:08:23:59 -0500] "GET /sipse/faces/javax.faces.resource/theme.css?ln=primefaces-sipse HTTP/1.1" 304 -
201.245.192.253 - - [10/Jan/2024:08:23:59 -0500] "GET /sipse/faces/javax.faces.resource/primefaces.css?ln=primefaces&v=4.0 HTTP/1.1" 304 -
201.245.192.253 - - [10/Jan/2024:08:23:59 -0500] "GET /sipse/faces/javax.faces.resource/layout/layout.css?ln=primefaces&v=4.0 HTTP/1.1" 304 -
201.245.192.253 - - [10/Jan/2024:08:23:59 -0500] "GET /sipse/faces/javax.faces.resource/jquery/jquery.js?ln=primefaces&v=4.0 HTTP/1.1" 304 -
201.245.192.253 - - [10/Jan/2024:08:23:59 -0500] "GET /sipse/faces/javax.faces.resource/jquery/jquery-plugins.js?ln=primefaces&v=4.0 HTTP/1.1" 304 -
201.245.192.253 - - [10/Jan/2024:08:23:59 -0500] "GET /sipse/faces/javax.faces.resource/primefaces.js?ln=primefaces&v=4.0 HTTP/1.1" 304 -
201.245.192.253 - - [10/Jan/2024:08:23:59 -0500] "GET /sipse/faces/javax.faces.resource/layout/layout.js?ln=primefaces&v=4.0 HTTP/1.1" 304 -
201.245.166.34 - - [10/Jan/2024:08:23:55 -0500] "GET /Publicaciones/SSFFS-14911-2023.zip HTTP/1.1" 200 15764932
156.59.198.135 - - [10/Jan/2024:08:24:21 -0500] "GET /BLA/resoluciones/AUTOS%202007/1651.pdf HTTP/1.0" 200 803789
201.245.192.253 - - [10/Jan/2024:08:24:39 -0500] "POST /kwsrmcab/Wsrmcab  HTTP/1.1" 200 36937
156.59.198.135 - - [10/Jan/2024:08:24:45 -0500] "GET /BLA/resoluciones/AUTOS%202014/4180.pdf HTTP/1.0" 200 224763
201.245.192.253 - - [10/Jan/2024:08:24:48 -0500] "GET /appsia/controlador HTTP/1.1" 200 4799
201.245.192.253 - - [10/Jan/2024:08:24:48 -0500] "GET /appsia/css/estilos.css HTTP/1.1" 200 4804
201.245.192.253 - - [10/Jan/2024:08:24:48 -0500] "GET /appsia/scripts/validarIngreso.js HTTP/1.1" 200 851
201.245.192.253 - - [10/Jan/2024:08:24:48 -0500] "GET /appsia/images/logo_bogota_p.png HTTP/1.1" 200 14951
201.245.192.253 - - [10/Jan/2024:08:24:48 -0500] "GET /appsia/images/cabezoteHojaVida.png HTTP/1.1" 200 32493
201.245.192.253 - - [10/Jan/2024:08:24:48 -0500] "GET /favicon.ico HTTP/1.1" 200 7782
201.245.192.253 - - [10/Jan/2024:08:24:55 -0500] "POST /appsia/controlador HTTP/1.1" 200 5437
201.245.192.253 - - [10/Jan/2024:08:24:55 -0500] "POST /kwsrmcab/Wsrmcab HTTP/1.1" 200 36818
201.245.192.253 - - [10/Jan/2024:08:24:57 -0500] "POST /appsia/controlador HTTP/1.1" 200 7777
201.245.192.253 - - [10/Jan/2024:08:24:58 -0500] "POST /kwsrmcab/Wsrmcab HTTP/1.1" 200 35390
201.245.192.253 - - [10/Jan/2024:08:24:50 -0500] "POST /sipse/faces/presentacion/proyectos/proyecto/proyecto.xhtml HTTP/1.1" 200 82858
201.245.192.253 - - [10/Jan/2024:08:25:01 -0500] "GET /sipse/faces/javax.faces.resource/jquery/jquery.js?ln=primefaces&v=4.0 HTTP/1.1" 304 -
201.245.192.253 - - [10/Jan/2024:08:25:01 -0500] "GET /sipse/faces/javax.faces.resource/jquery/jquery-plugins.js?ln=primefaces&v=4.0 HTTP/1.1" 304 -
201.245.192.253 - - [10/Jan/2024:08:25:01 -0500] "GET /sipse/faces/javax.faces.resource/primefaces.js?ln=primefaces&v=4.0 HTTP/1.1" 304 -
201.245.192.253 - - [10/Jan/2024:08:25:01 -0500] "GET /sipse/faces/javax.faces.resource/layout/layout.js?ln=primefaces&v=4.0 HTTP/1.1" 304 -
201.245.192.253 - - [10/Jan/2024:08:25:06 -0500] "POST /appsia/controlador HTTP/1.1" 200 6642
201.245.192.253 - - [10/Jan/2024:08:25:06 -0500] "POST /sipse/faces/presentacion/proyectos/proyecto/listarProyecto.xhtml HTTP/1.1" 200 163
201.245.192.253 - - [10/Jan/2024:08:25:07 -0500] "GET /sipse/faces/presentacion/proyectos/proyecto/proyecto.xhtml HTTP/1.1" 200 88790
201.245.192.253 - - [10/Jan/2024:08:25:08 -0500] "GET /sipse/faces/javax.faces.resource/theme.css?ln=primefaces-sipse HTTP/1.1" 304 -
201.245.192.253 - - [10/Jan/2024:08:25:08 -0500] "GET /sipse/faces/javax.faces.resource/primefaces.css?ln=primefaces&v=4.0 HTTP/1.1" 304 -
201.245.192.253 - - [10/Jan/2024:08:25:08 -0500] "GET /sipse/faces/javax.faces.resource/layout/layout.js?ln=primefaces&v=4.0 HTTP/1.1" 304 -
201.245.192.253 - - [10/Jan/2024:08:25:08 -0500] "GET /sipse/faces/javax.faces.resource/jquery/jquery-plugins.js?ln=primefaces&v=4.0 HTTP/1.1" 304 -
201.245.192.253 - - [10/Jan/2024:08:25:08 -0500] "GET /sipse/faces/javax.faces.resource/layout/layout.css?ln=primefaces&v=4.0 HTTP/1.1" 304 -
201.245.192.253 - - [10/Jan/2024:08:25:08 -0500] "GET /sipse/faces/javax.faces.resource/jquery/jquery.js?ln=primefaces&v=4.0 HTTP/1.1" 304 -
201.245.192.253 - - [10/Jan/2024:08:25:08 -0500] "GET /sipse/faces/javax.faces.resource/primefaces.js?ln=primefaces&v=4.0 HTTP/1.1" 304 -
201.245.192.253 - - [10/Jan/2024:08:25:08 -0500] "GET /sipse/faces/javax.faces.resource/images/ui-icons_898989_256x240.png?ln=primefaces-aristo HTTP/1.1" 304 -
201.245.192.253 - - [10/Jan/2024:08:25:08 -0500] "GET /sipse/faces/javax.faces.resource/images/ui-bg_flat_0_2d5972_40x100.png?ln=primefaces-aristo HTTP/1.1" 304 -
201.245.192.253 - - [10/Jan/2024:08:25:08 -0500] "POST /sipse/faces/presentacion/proyectos/proyecto/proyecto.xhtml HTTP/1.1" 200 3253
201.245.192.253 - - [10/Jan/2024:08:25:08 -0500] "POST /appsia/controlador HTTP/1.1" 200 10530
156.59.198.136 - - [10/Jan/2024:08:25:10 -0500] "GET /BLA/resoluciones/AUTOS%202007/1263.pdf HTTP/1.0" 200 272189
112.215.224.8 - - [10/Jan/2024:08:25:12 -0500] "GET / HTTP/1.1" 200 4720
112.215.224.8 - - [10/Jan/2024:08:25:12 -0500] "GET /js/url.js HTTP/1.1" 404 1198
201.245.192.253 - - [10/Jan/2024:08:25:13 -0500] "POST /sipse/faces/presentacion/proyectos/proyecto/proyecto.xhtml HTTP/1.1" 200 82858
201.245.192.253 - - [10/Jan/2024:08:25:24 -0500] "GET /sipse/faces/javax.faces.resource/jquery/jquery.js?ln=primefaces&v=4.0 HTTP/1.1" 304 -
201.245.192.253 - - [10/Jan/2024:08:25:24 -0500] "GET /sipse/faces/javax.faces.resource/jquery/jquery-plugins.js?ln=primefaces&v=4.0 HTTP/1.1" 304 -
201.245.192.253 - - [10/Jan/2024:08:25:24 -0500] "GET /sipse/faces/javax.faces.resource/primefaces.js?ln=primefaces&v=4.0 HTTP/1.1" 304 -
201.245.192.253 - - [10/Jan/2024:08:25:24 -0500] "GET /sipse/faces/javax.faces.resource/layout/layout.js?ln=primefaces&v=4.0 HTTP/1.1" 304 -
216.245.221.92 - - [10/Jan/2024:08:25:24 -0500] "HEAD / HTTP/1.1" 200 -
156.59.198.135 - - [10/Jan/2024:08:25:35 -0500] "GET /BLA/resoluciones/AUTOS%202014/5054.pdf HTTP/1.0" 200 445799
172.22.2.4 - - [10/Jan/2024:08:24:04 -0500] "HEAD /BLA/boletinlegal/ HTTP/1.1" 200 -
156.59.198.135 - - [10/Jan/2024:08:25:58 -0500] "GET /BLA/resoluciones/AUTOS%202007/0771.pdf HTTP/1.0" 200 25491
191.95.52.36 - - [10/Jan/2024:08:26:00 -0500] "GET /inicia-el-2024-conociendo-la-biodiversidad-de-bogoti.html?fbclid=IwAR36uks8SC4A-SX3J-V2oxmU0nVOKdMnPYF_bS1xzJl_CnZuuRNz0FGiaDw HTTP/1.1" 200 894
156.59.198.135 - - [10/Jan/2024:08:26:23 -0500] "GET /BLA/resoluciones/AUTOS%202007/1835.pdf HTTP/1.0" 200 29890
172.22.2.4 - - [10/Jan/2024:08:24:55 -0500] "GET /BLA/boletinlegal/ HTTP/1.1" 200 58567
156.59.198.135 - - [10/Jan/2024:08:26:48 -0500] "GET /BLA/resoluciones/AUTOS%202014/6041.pdf HTTP/1.0" 200 518541
156.59.198.136 - - [10/Jan/2024:08:27:12 -0500] "GET /BLA/resoluciones/AUTOS%202007/0166.pdf HTTP/1.0" 200 49105
201.245.166.34 - - [10/Jan/2024:08:27:10 -0500] "GET /Publicaciones/SSFFS-14938-2023.zip HTTP/1.1" 200 24016346
156.59.198.136 - - [10/Jan/2024:08:27:37 -0500] "GET /BLA/resoluciones/AUTOS%202014/3102.pdf HTTP/1.0" 200 552000
156.59.198.135 - - [10/Jan/2024:08:28:02 -0500] "GET /BLA/resoluciones/AUTOS%202014/1474.pdf HTTP/1.0" 200 864769
216.244.66.195 - - [10/Jan/2024:08:28:05 -0500] "GET /BLA/resoluciones/RESOLUCIONES%202017/2936.pdf HTTP/1.1" 200 386553
201.245.192.253 - - [10/Jan/2024:08:28:07 -0500] "POST /sipse/faces/presentacion/proyectos/proyecto/listarProyecto.xhtml HTTP/1.1" 200 76228
201.245.192.253 - - [10/Jan/2024:08:28:07 -0500] "POST /sipse/faces/presentacion/proyectos/proyecto/listarProyecto.xhtml HTTP/1.1" 200 76228
201.245.192.253 - - [10/Jan/2024:08:28:10 -0500] "POST /sipse/faces/presentacion/proyectos/proyecto/listarProyecto.xhtml HTTP/1.1" 200 56902
216.244.66.195 - - [10/Jan/2024:08:28:11 -0500] "GET /BLA/resoluciones/RESOLUCIONES%202017/3407.pdf HTTP/1.1" 200 347989
216.244.66.195 - - [10/Jan/2024:08:28:17 -0500] "GET /BLA/resoluciones/RESOLUCIONES%202017/3513.pdf HTTP/1.1" 200 429829
216.244.66.195 - - [10/Jan/2024:08:28:21 -0500] "GET /BLA/resoluciones/RESOLUCIONES%202017/3734.pdf HTTP/1.1" 200 276487
201.245.192.253 - - [10/Jan/2024:08:28:21 -0500] "POST /sipse/faces/presentacion/proyectos/proyecto/listarProyecto.xhtml HTTP/1.1" 200 163
201.245.192.253 - - [10/Jan/2024:08:28:21 -0500] "GET /sipse/faces/presentacion/proyectos/proyecto/proyecto.xhtml HTTP/1.1" 200 88553
201.245.192.253 - - [10/Jan/2024:08:28:22 -0500] "GET /sipse/faces/javax.faces.resource/theme.css?ln=primefaces-sipse HTTP/1.1" 304 -
201.245.192.253 - - [10/Jan/2024:08:28:22 -0500] "GET /sipse/faces/javax.faces.resource/jquery/jquery.js?ln=primefaces&v=4.0 HTTP/1.1" 304 -
201.245.192.253 - - [10/Jan/2024:08:28:22 -0500] "GET /sipse/faces/javax.faces.resource/primefaces.css?ln=primefaces&v=4.0 HTTP/1.1" 304 -
201.245.192.253 - - [10/Jan/2024:08:28:22 -0500] "GET /sipse/faces/javax.faces.resource/layout/layout.css?ln=primefaces&v=4.0 HTTP/1.1" 304 -
201.245.192.253 - - [10/Jan/2024:08:28:22 -0500] "GET /sipse/faces/javax.faces.resource/jquery/jquery-plugins.js?ln=primefaces&v=4.0 HTTP/1.1" 304 -
201.245.192.253 - - [10/Jan/2024:08:28:22 -0500] "GET /sipse/faces/javax.faces.resource/primefaces.js?ln=primefaces&v=4.0 HTTP/1.1" 304 -
201.245.192.253 - - [10/Jan/2024:08:28:22 -0500] "GET /sipse/faces/javax.faces.resource/layout/layout.js?ln=primefaces&v=4.0 HTTP/1.1" 304 -
201.245.192.253 - - [10/Jan/2024:08:28:22 -0500] "GET /sipse/faces/javax.faces.resource/images/ui-icons_898989_256x240.png?ln=primefaces-aristo HTTP/1.1" 304 -
201.245.192.253 - - [10/Jan/2024:08:28:22 -0500] "GET /sipse/faces/javax.faces.resource/images/ui-bg_flat_0_2d5972_40x100.png?ln=primefaces-aristo HTTP/1.1" 304 -
201.245.192.253 - - [10/Jan/2024:08:28:22 -0500] "POST /sipse/faces/presentacion/proyectos/proyecto/proyecto.xhtml HTTP/1.1" 200 3245
216.244.66.195 - - [10/Jan/2024:08:28:25 -0500] "GET /BLA/resoluciones/RESOLUCIONES%202019/0421.pdf HTTP/1.1" 200 234080
156.59.198.135 - - [10/Jan/2024:08:28:25 -0500] "GET /BLA/resoluciones/AUTOS%202014/2940.pdf HTTP/1.0" 200 1272958
216.244.66.195 - - [10/Jan/2024:08:28:28 -0500] "GET /BLA/resoluciones/RESOLUCIONES%202019/0974.pdf HTTP/1.1" 200 381713
216.244.66.195 - - [10/Jan/2024:08:28:32 -0500] "GET /BLA/resoluciones/RESOLUCIONES%202019/1068.pdf HTTP/1.1" 200 3842701
216.244.66.195 - - [10/Jan/2024:08:28:41 -0500] "GET /BLA/resoluciones/RESOLUCIONES%202019/2019.pdf HTTP/1.1" 200 276698
172.22.2.4 - - [10/Jan/2024:08:28:46 -0500] "GET /BLA/boletinlegal/actos.php HTTP/1.1" 200 9648
216.244.66.195 - - [10/Jan/2024:08:28:46 -0500] "GET /BLA/resoluciones/RESOLUCIONES%202019/2146.pdf HTTP/1.1" 200 312425
201.245.192.253 - - [10/Jan/2024:08:28:39 -0500] "POST /sipse/faces/presentacion/proyectos/proyecto/proyecto.xhtml HTTP/1.1" 200 82852
201.245.192.253 - - [10/Jan/2024:08:28:49 -0500] "GET /sipse/faces/javax.faces.resource/jquery/jquery.js?ln=primefaces&v=4.0 HTTP/1.1" 304 -
201.245.192.253 - - [10/Jan/2024:08:28:50 -0500] "GET /sipse/faces/javax.faces.resource/jquery/jquery-plugins.js?ln=primefaces&v=4.0 HTTP/1.1" 304 -
201.245.192.253 - - [10/Jan/2024:08:28:50 -0500] "GET /sipse/faces/javax.faces.resource/primefaces.js?ln=primefaces&v=4.0 HTTP/1.1" 304 -
201.245.192.253 - - [10/Jan/2024:08:28:50 -0500] "GET /sipse/faces/javax.faces.resource/layout/layout.js?ln=primefaces&v=4.0 HTTP/1.1" 304 -
216.244.66.195 - - [10/Jan/2024:08:28:51 -0500] "GET /BLA/resoluciones/RESOLUCIONES%202019/2409.pdf HTTP/1.1" 200 287119
156.59.198.136 - - [10/Jan/2024:08:28:51 -0500] "GET /BLA/resoluciones/AUTOS%202014/3796.pdf HTTP/1.0" 200 231773
201.245.192.253 - - [10/Jan/2024:08:29:10 -0500] "POST /kwsrmcab/Wsrmcab HTTP/1.1" 200 36818
156.59.198.135 - - [10/Jan/2024:08:29:14 -0500] "GET /BLA/resoluciones/AUTOS%202007/1740.pdf HTTP/1.0" 200 35548
172.22.2.4 - - [10/Jan/2024:08:29:19 -0500] "GET /BLA/boletinlegal/js/ajax_actos.js HTTP/1.1" 200 1322
172.22.2.4 - - [10/Jan/2024:08:29:19 -0500] "GET /BLA/boletinlegal/niceforms.js HTTP/1.1" 200 22876
172.22.2.4 - - [10/Jan/2024:08:29:19 -0500] "GET /BLA/boletinlegal/styles2.css HTTP/1.1" 200 1838
172.22.2.4 - - [10/Jan/2024:08:29:20 -0500] "GET /BLA/boletinlegal/niceforms-default.css HTTP/1.1" 200 6694
172.22.2.4 - - [10/Jan/2024:08:29:20 -0500] "GET /BLA/boletinlegal/js/lib.js HTTP/1.1" 200 6474
172.22.2.4 - - [10/Jan/2024:08:29:21 -0500] "GET /BLA/boletinlegal/style.css HTTP/1.1" 200 9406
172.22.2.4 - - [10/Jan/2024:08:29:21 -0500] "GET /BLA/boletinlegal/js/popup.js HTTP/1.1" 200 1270
172.22.2.4 - - [10/Jan/2024:08:29:21 -0500] "GET /BLA/boletinlegal/js/jquery1.js HTTP/1.1" 200 29846
172.22.2.4 - - [10/Jan/2024:08:29:21 -0500] "GET /BLA/boletinlegal/images/cabezote%20BLEGAL.jpg HTTP/1.1" 200 118164
172.22.2.4 - - [10/Jan/2024:08:29:21 -0500] "GET /BLA/boletinlegal/images/subscribe-icon-big.png HTTP/1.1" 200 47702
172.22.2.4 - - [10/Jan/2024:08:29:21 -0500] "GET /BLA/boletinlegal/images/historia.png HTTP/1.1" 200 52775
201.245.192.253 - - [10/Jan/2024:08:29:21 -0500] "POST /sipse/faces/presentacion/proyectos/proyecto/listarProyecto.xhtml HTTP/1.1" 200 163
201.245.192.253 - - [10/Jan/2024:08:29:22 -0500] "GET /sipse/faces/presentacion/proyectos/proyecto/proyecto.xhtml HTTP/1.1" 200 87147
201.245.192.253 - - [10/Jan/2024:08:29:23 -0500] "GET /sipse/faces/javax.faces.resource/theme.css?ln=primefaces-sipse HTTP/1.1" 304 -
201.245.192.253 - - [10/Jan/2024:08:29:23 -0500] "GET /sipse/faces/javax.faces.resource/primefaces.css?ln=primefaces&v=4.0 HTTP/1.1" 304 -
201.245.192.253 - - [10/Jan/2024:08:29:23 -0500] "GET /sipse/faces/javax.faces.resource/layout/layout.css?ln=primefaces&v=4.0 HTTP/1.1" 304 -
201.245.192.253 - - [10/Jan/2024:08:29:23 -0500] "GET /sipse/faces/javax.faces.resource/jquery/jquery.js?ln=primefaces&v=4.0 HTTP/1.1" 304 -
201.245.192.253 - - [10/Jan/2024:08:29:23 -0500] "GET /sipse/faces/javax.faces.resource/primefaces.js?ln=primefaces&v=4.0 HTTP/1.1" 304 -
201.245.192.253 - - [10/Jan/2024:08:29:23 -0500] "GET /sipse/faces/javax.faces.resource/layout/layout.js?ln=primefaces&v=4.0 HTTP/1.1" 304 -
201.245.192.253 - - [10/Jan/2024:08:29:23 -0500] "GET /sipse/faces/javax.faces.resource/jquery/jquery-plugins.js?ln=primefaces&v=4.0 HTTP/1.1" 304 -
201.245.192.253 - - [10/Jan/2024:08:29:23 -0500] "GET /sipse/faces/javax.faces.resource/images/ui-icons_898989_256x240.png?ln=primefaces-aristo HTTP/1.1" 304 -
201.245.192.253 - - [10/Jan/2024:08:29:23 -0500] "GET /sipse/faces/javax.faces.resource/images/ui-bg_flat_0_2d5972_40x100.png?ln=primefaces-aristo HTTP/1.1" 304 -
201.245.192.253 - - [10/Jan/2024:08:29:23 -0500] "POST /sipse/faces/presentacion/proyectos/proyecto/proyecto.xhtml HTTP/1.1" 200 3225
172.22.2.4 - - [10/Jan/2024:08:29:25 -0500] "GET /BLA/boletinlegal/images/body_bg.jpg HTTP/1.1" 200 1601
172.22.2.4 - - [10/Jan/2024:08:29:25 -0500] "GET /BLA/boletinlegal/images/menu_lft.gif HTTP/1.1" 200 1713
172.22.2.4 - - [10/Jan/2024:08:29:25 -0500] "GET /BLA/boletinlegal/images/menu_rght.gif HTTP/1.1" 200 1627
172.22.2.4 - - [10/Jan/2024:08:29:25 -0500] "GET /BLA/boletinlegal/images/footer_bg.jpg HTTP/1.1" 200 586
172.22.2.4 - - [10/Jan/2024:08:29:26 -0500] "GET /BLA/boletinlegal/images/bg_top.jpg HTTP/1.1" 200 522
172.22.2.4 - - [10/Jan/2024:08:29:26 -0500] "GET /BLA/boletinlegal/images/menu_bg.jpg HTTP/1.1" 200 620
172.22.2.4 - - [10/Jan/2024:08:29:26 -0500] "GET /BLA/boletinlegal/images/text.jpg HTTP/1.1" 200 568
172.22.2.4 - - [10/Jan/2024:08:29:26 -0500] "GET /BLA/boletinlegal/images/hover.jpg HTTP/1.1" 200 640
172.22.2.4 - - [10/Jan/2024:08:29:26 -0500] "GET /BLA/boletinlegal/images/green-yellow-blue-pink-th.png HTTP/1.1" 200 7394
172.22.2.4 - - [10/Jan/2024:08:29:26 -0500] "GET /BLA/boletinlegal/images/tel.png HTTP/1.1" 200 14477
172.22.2.4 - - [10/Jan/2024:08:29:26 -0500] "GET /BLA/boletinlegal/images/registro-usuarios.png HTTP/1.1" 200 8106
172.22.2.4 - - [10/Jan/2024:08:29:26 -0500] "GET /BLA/boletinlegal/images/icono-email.png HTTP/1.1" 200 5544
172.22.2.4 - - [10/Jan/2024:08:29:26 -0500] "GET /BLA/boletinlegal/images/footer_bg_l.jpg HTTP/1.1" 200 776
172.22.2.4 - - [10/Jan/2024:08:29:26 -0500] "GET /BLA/boletinlegal/img/select-left.png HTTP/1.1" 200 263
172.22.2.4 - - [10/Jan/2024:08:29:26 -0500] "GET /BLA/boletinlegal/img/select-right.png HTTP/1.1" 200 44019
172.22.2.4 - - [10/Jan/2024:08:29:26 -0500] "GET /BLA/boletinlegal/img/0.png HTTP/1.1" 200 110
172.22.2.4 - - [10/Jan/2024:08:29:27 -0500] "GET /BLA/boletinlegal/img/button-left.png HTTP/1.1" 200 57071
172.22.2.4 - - [10/Jan/2024:08:29:27 -0500] "GET /BLA/boletinlegal/img/button-right.png HTTP/1.1" 200 57878
172.22.2.4 - - [10/Jan/2024:08:29:27 -0500] "GET /BLA/boletinlegal/img/button.png HTTP/1.1" 200 43241
172.22.2.4 - - [10/Jan/2024:08:29:27 -0500] "GET /BLA/boletinlegal/favicon.ico HTTP/1.1" 404 1326
156.59.198.136 - - [10/Jan/2024:08:29:39 -0500] "GET /BLA/resoluciones/AUTOS%202007/1856.pdf HTTP/1.0" 200 96673
201.245.192.253 - - [10/Jan/2024:08:29:37 -0500] "POST /kwsrmcab/Wsrmcab  HTTP/1.1" 200 36937
201.245.192.253 - - [10/Jan/2024:08:29:32 -0500] "POST /sipse/faces/presentacion/proyectos/proyecto/proyecto.xhtml HTTP/1.1" 200 82852
201.245.192.253 - - [10/Jan/2024:08:29:44 -0500] "GET /sipse/faces/javax.faces.resource/jquery/jquery.js?ln=primefaces&v=4.0 HTTP/1.1" 304 -
201.245.192.253 - - [10/Jan/2024:08:29:44 -0500] "GET /sipse/faces/javax.faces.resource/jquery/jquery-plugins.js?ln=primefaces&v=4.0 HTTP/1.1" 304 -
201.245.192.253 - - [10/Jan/2024:08:29:44 -0500] "GET /sipse/faces/javax.faces.resource/primefaces.js?ln=primefaces&v=4.0 HTTP/1.1" 304 -
201.245.192.253 - - [10/Jan/2024:08:29:44 -0500] "GET /sipse/faces/javax.faces.resource/layout/layout.js?ln=primefaces&v=4.0 HTTP/1.1" 304 -
201.245.192.253 - - [10/Jan/2024:08:29:50 -0500] "POST /kwsrmcab/Wsrmcab HTTP/1.1" 200 35390
156.59.198.135 - - [10/Jan/2024:08:30:03 -0500] "GET /BLA/resoluciones/AUTOS%202007/0010.pdf HTTP/1.0" 200 164457
216.245.221.92 - - [10/Jan/2024:08:30:24 -0500] "HEAD / HTTP/1.1" 200 -
156.59.198.135 - - [10/Jan/2024:08:30:28 -0500] "GET /BLA/resoluciones/AUTOS%202014/2583.pdf HTTP/1.0" 200 757445
216.244.66.195 - - [10/Jan/2024:08:30:33 -0500] "GET /BLA/resoluciones/AUTOS%202007/0443.pdf HTTP/1.1" 200 19013
216.244.66.246 - - [10/Jan/2024:08:30:35 -0500] "GET /robots.txt HTTP/1.1" 404 1034
216.244.66.195 - - [10/Jan/2024:08:30:35 -0500] "GET /BLA/resoluciones/AUTOS%202007/0726.pdf HTTP/1.1" 200 63152
216.244.66.195 - - [10/Jan/2024:08:30:38 -0500] "GET /BLA/resoluciones/AUTOS%202007/0924.pdf HTTP/1.1" 200 163636
216.244.66.195 - - [10/Jan/2024:08:30:41 -0500] "GET /BLA/resoluciones/AUTOS%202007/1016.pdf HTTP/1.1" 200 107139
216.244.66.195 - - [10/Jan/2024:08:30:43 -0500] "GET /BLA/resoluciones/AUTOS%202007/1305.pdf HTTP/1.1" 200 155056
216.244.66.195 - - [10/Jan/2024:08:30:45 -0500] "GET /BLA/resoluciones/AUTOS%202007/1355.pdf HTTP/1.1" 200 55321
216.244.66.195 - - [10/Jan/2024:08:30:47 -0500] "GET /BLA/resoluciones/AUTOS%202007/1732.pdf HTTP/1.1" 200 37100
216.244.66.195 - - [10/Jan/2024:08:30:48 -0500] "GET /BLA/resoluciones/AUTOS%202007/1809.pdf HTTP/1.1" 200 29500
156.59.198.135 - - [10/Jan/2024:08:30:52 -0500] "GET /BLA/resoluciones/AUTOS%202014/5087.pdf HTTP/1.0" 200 386845
216.244.66.195 - - [10/Jan/2024:08:30:54 -0500] "GET /BLA/resoluciones/AUTOS%202009/0781.pdf HTTP/1.1" 200 184450
216.244.66.195 - - [10/Jan/2024:08:30:58 -0500] "GET /BLA/resoluciones/AUTOS%202009/0922.pdf HTTP/1.1" 200 122995
216.244.66.195 - - [10/Jan/2024:08:31:02 -0500] "GET /BLA/resoluciones/AUTOS%202009/1648.pdf HTTP/1.1" 200 97443
216.244.66.195 - - [10/Jan/2024:08:31:05 -0500] "GET /BLA/resoluciones/AUTOS%202009/1756.pdf HTTP/1.1" 200 197653
172.22.2.4 - - [10/Jan/2024:08:31:07 -0500] "GET /BLA/boletinlegal/actos.php HTTP/1.1" 200 9648
172.22.2.4 - - [10/Jan/2024:08:31:08 -0500] "GET /BLA/boletinlegal/styles2.css HTTP/1.1" 200 1838
172.22.2.4 - - [10/Jan/2024:08:31:08 -0500] "GET /BLA/boletinlegal/js/ajax_actos.js HTTP/1.1" 200 1322
172.22.2.4 - - [10/Jan/2024:08:31:08 -0500] "GET /BLA/boletinlegal/niceforms-default.css HTTP/1.1" 200 6694
172.22.2.4 - - [10/Jan/2024:08:31:08 -0500] "GET /BLA/boletinlegal/niceforms.js HTTP/1.1" 200 22876
172.22.2.4 - - [10/Jan/2024:08:31:08 -0500] "GET /BLA/boletinlegal/style.css HTTP/1.1" 200 9406
172.22.2.4 - - [10/Jan/2024:08:31:08 -0500] "GET /BLA/boletinlegal/js/lib.js HTTP/1.1" 200 6474
172.22.2.4 - - [10/Jan/2024:08:31:08 -0500] "GET /BLA/boletinlegal/js/popup.js HTTP/1.1" 200 1270
172.22.2.4 - - [10/Jan/2024:08:31:08 -0500] "GET /BLA/boletinlegal/js/jquery1.js HTTP/1.1" 200 29846
172.22.2.4 - - [10/Jan/2024:08:31:08 -0500] "GET /BLA/boletinlegal/images/cabezote%20BLEGAL.jpg HTTP/1.1" 200 118164
172.22.2.4 - - [10/Jan/2024:08:31:08 -0500] "GET /BLA/boletinlegal/images/subscribe-icon-big.png HTTP/1.1" 200 47702
172.22.2.4 - - [10/Jan/2024:08:31:08 -0500] "GET /BLA/boletinlegal/images/historia.png HTTP/1.1" 200 52775
172.22.2.4 - - [10/Jan/2024:08:31:08 -0500] "GET /BLA/boletinlegal/images/registro-usuarios.png HTTP/1.1" 200 8106
172.22.2.4 - - [10/Jan/2024:08:31:08 -0500] "GET /BLA/boletinlegal/images/green-yellow-blue-pink-th.png HTTP/1.1" 200 7394
172.22.2.4 - - [10/Jan/2024:08:31:08 -0500] "GET /BLA/boletinlegal/images/icono-email.png HTTP/1.1" 200 5544
172.22.2.4 - - [10/Jan/2024:08:31:08 -0500] "GET /BLA/boletinlegal/images/tel.png HTTP/1.1" 200 14477
172.22.2.4 - - [10/Jan/2024:08:31:08 -0500] "GET /BLA/boletinlegal/images/menu_lft.gif HTTP/1.1" 200 1713
172.22.2.4 - - [10/Jan/2024:08:31:08 -0500] "GET /BLA/boletinlegal/images/body_bg.jpg HTTP/1.1" 200 1601
172.22.2.4 - - [10/Jan/2024:08:31:08 -0500] "GET /BLA/boletinlegal/images/bg_top.jpg HTTP/1.1" 200 522
172.22.2.4 - - [10/Jan/2024:08:31:08 -0500] "GET /BLA/boletinlegal/images/menu_rght.gif HTTP/1.1" 200 1627
172.22.2.4 - - [10/Jan/2024:08:31:08 -0500] "GET /BLA/boletinlegal/images/hover.jpg HTTP/1.1" 200 640
172.22.2.4 - - [10/Jan/2024:08:31:08 -0500] "GET /BLA/boletinlegal/images/menu_bg.jpg HTTP/1.1" 200 620
172.22.2.4 - - [10/Jan/2024:08:31:08 -0500] "GET /BLA/boletinlegal/images/footer_bg.jpg HTTP/1.1" 200 586
172.22.2.4 - - [10/Jan/2024:08:31:08 -0500] "GET /BLA/boletinlegal/images/footer_bg_l.jpg HTTP/1.1" 200 776
172.22.2.4 - - [10/Jan/2024:08:31:08 -0500] "GET /BLA/boletinlegal/images/text.jpg HTTP/1.1" 200 568
172.22.2.4 - - [10/Jan/2024:08:31:08 -0500] "GET /BLA/boletinlegal/img/button-left.png HTTP/1.1" 200 57071
172.22.2.4 - - [10/Jan/2024:08:31:08 -0500] "GET /BLA/boletinlegal/img/button.png HTTP/1.1" 200 43241
172.22.2.4 - - [10/Jan/2024:08:31:08 -0500] "GET /BLA/boletinlegal/img/select-left.png HTTP/1.1" 200 263
172.22.2.4 - - [10/Jan/2024:08:31:08 -0500] "GET /BLA/boletinlegal/img/button-right.png HTTP/1.1" 200 57878
172.22.2.4 - - [10/Jan/2024:08:31:08 -0500] "GET /BLA/boletinlegal/img/0.png HTTP/1.1" 200 110
172.22.2.4 - - [10/Jan/2024:08:31:08 -0500] "GET /BLA/boletinlegal/img/select-right.png HTTP/1.1" 200 44019
172.22.2.4 - - [10/Jan/2024:08:31:08 -0500] "GET /BLA/boletinlegal/favicon.ico HTTP/1.1" 404 1326
216.244.66.195 - - [10/Jan/2024:08:31:08 -0500] "GET /BLA/resoluciones/AUTOS%202009/1783.pdf HTTP/1.1" 200 98492
216.244.66.195 - - [10/Jan/2024:08:31:11 -0500] "GET /BLA/resoluciones/AUTOS%202012/2651.pdf HTTP/1.1" 200 229013
172.22.2.4 - - [10/Jan/2024:08:31:13 -0500] "GET /BLA/boletinlegal/consulta_actos.php?tipo=autos&no=8771&usuario=&sector=&fecha=2023&resuelve= HTTP/1.1" 200 626
216.244.66.195 - - [10/Jan/2024:08:31:13 -0500] "GET /BLA/resoluciones/AUTOS%202012/2660.pdf HTTP/1.1" 200 262441
216.244.66.195 - - [10/Jan/2024:08:31:16 -0500] "GET /BLA/resoluciones/AUTOS%202012/2661.pdf HTTP/1.1" 200 323071
201.245.166.34 - - [10/Jan/2024:08:31:14 -0500] "GET /Publicaciones/SSFFS-14945-2023.zip HTTP/1.1" 200 18159699
156.59.198.135 - - [10/Jan/2024:08:31:18 -0500] "GET /BLA/resoluciones/AUTOS%202014/3335.pdf HTTP/1.0" 200 252067
216.244.66.195 - - [10/Jan/2024:08:31:19 -0500] "GET /BLA/resoluciones/AUTOS%202012/2702.pdf HTTP/1.1" 200 378653
216.244.66.195 - - [10/Jan/2024:08:31:22 -0500] "GET /BLA/resoluciones/AUTOS%202012/2930.pdf HTTP/1.1" 200 373240
216.244.66.195 - - [10/Jan/2024:08:31:25 -0500] "GET /BLA/resoluciones/AUTOS%202013/0077.pdf HTTP/1.1" 200 1381057
216.244.66.195 - - [10/Jan/2024:08:31:31 -0500] "GET /BLA/resoluciones/AUTOS%202013/0504.pdf HTTP/1.1" 200 131669
172.22.2.4 - - [10/Jan/2024:08:29:54 -0500] "HEAD /BLA/boletinlegal/ HTTP/1.1" 200 -
216.244.66.195 - - [10/Jan/2024:08:31:35 -0500] "GET /BLA/resoluciones/AUTOS%202013/0588.pdf HTTP/1.1" 200 799493
156.59.198.136 - - [10/Jan/2024:08:31:41 -0500] "GET /BLA/resoluciones/AUTOS%202014/6040.pdf HTTP/1.0" 200 448746
216.244.66.195 - - [10/Jan/2024:08:31:43 -0500] "GET /BLA/resoluciones/AUTOS%202013/1745.pdf HTTP/1.1" 200 884682
216.244.66.195 - - [10/Jan/2024:08:32:02 -0500] "GET /BLA/resoluciones/AUTOS%202013/2008.pdf HTTP/1.1" 200 315535
156.59.198.135 - - [10/Jan/2024:08:32:05 -0500] "GET /BLA/resoluciones/AUTOS%202007/1283.pdf HTTP/1.0" 200 205113
216.244.66.195 - - [10/Jan/2024:08:32:19 -0500] "GET /BLA/resoluciones/AUTOS%202013/2568.pdf HTTP/1.1" 200 621318
172.22.2.4 - - [10/Jan/2024:08:30:45 -0500] "GET /BLA/boletinlegal/ HTTP/1.1" 200 58567
156.59.198.135 - - [10/Jan/2024:08:32:31 -0500] "GET /BLA/resoluciones/AUTOS%202014/0143.pdf HTTP/1.0" 200 661553
216.244.66.195 - - [10/Jan/2024:08:32:36 -0500] "GET /BLA/resoluciones/AUTOS%202014/0053.pdf HTTP/1.1" 200 492057
172.22.2.4 - - [10/Jan/2024:08:32:41 -0500] "GET /BLA/boletinlegal/actuator/health HTTP/1.1" 404 1018
216.244.66.195 - - [10/Jan/2024:08:32:51 -0500] "GET /BLA/resoluciones/AUTOS%202014/0425.pdf HTTP/1.1" 200 468656
156.59.198.136 - - [10/Jan/2024:08:32:56 -0500] "GET /BLA/resoluciones/AUTOS%202014/5506.pdf HTTP/1.0" 200 525311
216.244.66.195 - - [10/Jan/2024:08:33:05 -0500] "GET /BLA/resoluciones/AUTOS%202014/0441.pdf HTTP/1.1" 200 357658
200.69.84.134 - - [10/Jan/2024:08:33:15 -0500] "GET /sipse/faces/index.xhtml HTTP/1.1" 200 677
200.69.84.134 - - [10/Jan/2024:08:33:15 -0500] "GET /sipse/faces/javax.faces.resource/theme.css?ln=primefaces-sipse HTTP/1.1" 304 -
200.69.84.134 - - [10/Jan/2024:08:33:15 -0500] "GET /sipse/faces/faces/autenticacion.xhtml HTTP/1.1" 200 12406
200.69.84.134 - - [10/Jan/2024:08:33:15 -0500] "GET /favicon.ico HTTP/1.1" 200 7782
200.69.84.134 - - [10/Jan/2024:08:33:15 -0500] "GET /sipse/css/custom_css_sg_prime_login.css HTTP/1.1" 200 443
200.69.84.134 - - [10/Jan/2024:08:33:15 -0500] "GET /sipse/css/custom_css_sg.css HTTP/1.1" 200 9694
200.69.84.134 - - [10/Jan/2024:08:33:15 -0500] "GET /sipse/faces/javax.faces.resource/theme.css?ln=primefaces-sipse HTTP/1.1" 304 -
200.69.84.134 - - [10/Jan/2024:08:33:15 -0500] "GET /sipse/faces/javax.faces.resource/primefaces.css?ln=primefaces&v=4.0 HTTP/1.1" 304 -
200.69.84.134 - - [10/Jan/2024:08:33:15 -0500] "GET /sipse/faces/javax.faces.resource/layout/layout.css?ln=primefaces&v=4.0 HTTP/1.1" 304 -
200.69.84.134 - - [10/Jan/2024:08:33:15 -0500] "GET /sipse/js/disable_browser_buttons.js HTTP/1.1" 200 3230
200.69.84.134 - - [10/Jan/2024:08:33:15 -0500] "GET /sipse/faces/javax.faces.resource/jquery/jquery-plugins.js?ln=primefaces&v=4.0 HTTP/1.1" 304 -
200.69.84.134 - - [10/Jan/2024:08:33:15 -0500] "GET /sipse/faces/javax.faces.resource/jquery/jquery.js?ln=primefaces&v=4.0 HTTP/1.1" 304 -
200.69.84.134 - - [10/Jan/2024:08:33:15 -0500] "GET /sipse/js/funciones.js HTTP/1.1" 200 12592
200.69.84.134 - - [10/Jan/2024:08:33:15 -0500] "GET /sipse/faces/javax.faces.resource/primefaces.js?ln=primefaces&v=4.0 HTTP/1.1" 304 -
200.69.84.134 - - [10/Jan/2024:08:33:15 -0500] "GET /sipse/faces/javax.faces.resource/layout/layout.js?ln=primefaces&v=4.0 HTTP/1.1" 304 -
200.69.84.134 - - [10/Jan/2024:08:33:16 -0500] "GET /sipse/css/imagen/logoSDG.png HTTP/1.1" 200 53064
200.69.84.134 - - [10/Jan/2024:08:33:16 -0500] "GET /sipse/faces/javax.faces.resource/images/ui-icons_898989_256x240.png?ln=primefaces-aristo HTTP/1.1" 200 5355
200.69.84.134 - - [10/Jan/2024:08:33:16 -0500] "GET /sipse/css/imagen/loginimg.png HTTP/1.1" 200 71635
216.244.66.195 - - [10/Jan/2024:08:33:18 -0500] "GET /BLA/resoluciones/AUTOS%202014/0516.pdf HTTP/1.1" 200 428000
200.69.84.134 - - [10/Jan/2024:08:33:19 -0500] "POST /sipse/faces/autenticacion.xhtml HTTP/1.1" 200 12792
200.69.84.134 - - [10/Jan/2024:08:33:19 -0500] "GET /sipse/css/custom_css_sg_prime.css HTTP/1.1" 200 5201
200.69.84.134 - - [10/Jan/2024:08:33:19 -0500] "GET /sipse/faces/javax.faces.resource/theme.css?ln=primefaces-sipse HTTP/1.1" 304 -
200.69.84.134 - - [10/Jan/2024:08:33:19 -0500] "GET /sipse/faces/javax.faces.resource/layout/layout.css?ln=primefaces&v=4.0 HTTP/1.1" 304 -
200.69.84.134 - - [10/Jan/2024:08:33:19 -0500] "GET /sipse/faces/javax.faces.resource/primefaces.css?ln=primefaces&v=4.0 HTTP/1.1" 304 -
200.69.84.134 - - [10/Jan/2024:08:33:19 -0500] "GET /sipse/faces/javax.faces.resource/jquery/jquery.js?ln=primefaces&v=4.0 HTTP/1.1" 304 -
200.69.84.134 - - [10/Jan/2024:08:33:19 -0500] "GET /sipse/faces/javax.faces.resource/jquery/jquery-plugins.js?ln=primefaces&v=4.0 HTTP/1.1" 304 -
200.69.84.134 - - [10/Jan/2024:08:33:19 -0500] "GET /sipse/faces/javax.faces.resource/primefaces.js?ln=primefaces&v=4.0 HTTP/1.1" 304 -
156.59.198.136 - - [10/Jan/2024:08:33:19 -0500] "GET /BLA/resoluciones/AUTOS%202007/0077.pdf HTTP/1.0" 200 47848
200.69.84.134 - - [10/Jan/2024:08:33:19 -0500] "GET /sipse/faces/javax.faces.resource/layout/layout.js?ln=primefaces&v=4.0 HTTP/1.1" 304 -
200.69.84.134 - - [10/Jan/2024:08:33:19 -0500] "GET /sipse/faces/javax.faces.resource/messages/messages.png?ln=primefaces&v=4.0 HTTP/1.1" 200 27209
199.16.157.181 - - [10/Jan/2024:08:33:26 -0500] "GET /images/presentaci%C3%B3n%20convenci%C3%B3n.jpg HTTP/1.1" 404 1034
216.244.66.195 - - [10/Jan/2024:08:33:31 -0500] "GET /BLA/resoluciones/AUTOS%202014/1017.pdf HTTP/1.1" 200 452662
200.69.84.134 - - [10/Jan/2024:08:33:34 -0500] "POST /sipse/faces/presentacion/sistema/seguridad/seleccionRol.xhtml HTTP/1.1" 200 7225
200.69.84.134 - - [10/Jan/2024:08:33:35 -0500] "POST /sipse/faces/presentacion/sistema/seguridad/seleccionRol.xhtml HTTP/1.1" 200 17628
200.69.84.134 - - [10/Jan/2024:08:33:35 -0500] "GET /sipse/faces/javax.faces.resource/theme.css?ln=primefaces-sipse HTTP/1.1" 304 -
200.69.84.134 - - [10/Jan/2024:08:33:35 -0500] "GET /sipse/faces/javax.faces.resource/primefaces.css?ln=primefaces&v=4.0 HTTP/1.1" 304 -
200.69.84.134 - - [10/Jan/2024:08:33:35 -0500] "GET /sipse/faces/javax.faces.resource/layout/layout.css?ln=primefaces&v=4.0 HTTP/1.1" 304 -
200.69.84.134 - - [10/Jan/2024:08:33:35 -0500] "GET /sipse/js/jquery.min.js HTTP/1.1" 200 85582
200.69.84.134 - - [10/Jan/2024:08:33:35 -0500] "GET /sipse/faces/javax.faces.resource/jquery/jquery.js?ln=primefaces&v=4.0 HTTP/1.1" 304 -
200.69.84.134 - - [10/Jan/2024:08:33:35 -0500] "GET /sipse/faces/javax.faces.resource/jquery/jquery-plugins.js?ln=primefaces&v=4.0 HTTP/1.1" 304 -
200.69.84.134 - - [10/Jan/2024:08:33:35 -0500] "GET /sipse/faces/javax.faces.resource/primefaces.js?ln=primefaces&v=4.0 HTTP/1.1" 304 -
200.69.84.134 - - [10/Jan/2024:08:33:35 -0500] "GET /sipse/faces/javax.faces.resource/layout/layout.js?ln=primefaces&v=4.0 HTTP/1.1" 304 -
200.69.84.134 - - [10/Jan/2024:08:33:35 -0500] "GET /sipse/css/v_mergente.css HTTP/1.1" 200 1505
200.69.84.134 - - [10/Jan/2024:08:33:35 -0500] "GET /sipse/css/imagen/contrasena.png HTTP/1.1" 404 383
200.69.84.134 - - [10/Jan/2024:08:33:35 -0500] "GET /sipse/imagenes/cargando.gif HTTP/1.1" 200 36959
200.69.84.134 - - [10/Jan/2024:08:33:35 -0500] "GET /sipse/imagenes/logoAplicacion.jpg HTTP/1.1" 200 155084
200.69.84.134 - - [10/Jan/2024:08:33:37 -0500] "GET /sipse/faces/javax.faces.resource/images/ui-bg_flat_0_2d5972_40x100.png?ln=primefaces-aristo HTTP/1.1" 200 183
200.69.84.134 - - [10/Jan/2024:08:33:37 -0500] "POST /sipse/faces/bienvenido.xhtml HTTP/1.1" 200 2055
216.244.66.195 - - [10/Jan/2024:08:33:43 -0500] "GET /BLA/resoluciones/AUTOS%202014/1120.pdf HTTP/1.1" 200 429775
156.59.198.135 - - [10/Jan/2024:08:33:43 -0500] "GET /BLA/resoluciones/AUTOS%202007/1155.pdf HTTP/1.0" 200 26653
216.244.66.195 - - [10/Jan/2024:08:33:54 -0500] "GET /BLA/resoluciones/AUTOS%202014/1154.pdf HTTP/1.1" 200 267813
200.69.84.134 - - [10/Jan/2024:08:33:38 -0500] "POST /sipse/faces/bienvenido.xhtml HTTP/1.1" 200 67692
200.69.84.134 - - [10/Jan/2024:08:34:00 -0500] "GET /sipse/faces/javax.faces.resource/theme.css?ln=primefaces-sipse HTTP/1.1" 304 -
200.69.84.134 - - [10/Jan/2024:08:34:01 -0500] "GET /sipse/faces/javax.faces.resource/primefaces.css?ln=primefaces&v=4.0 HTTP/1.1" 304 -
200.69.84.134 - - [10/Jan/2024:08:34:01 -0500] "GET /sipse/faces/javax.faces.resource/layout/layout.css?ln=primefaces&v=4.0 HTTP/1.1" 304 -
200.69.84.134 - - [10/Jan/2024:08:34:01 -0500] "GET /sipse/faces/javax.faces.resource/jquery/jquery.js?ln=primefaces&v=4.0 HTTP/1.1" 304 -
200.69.84.134 - - [10/Jan/2024:08:34:01 -0500] "GET /sipse/faces/javax.faces.resource/jquery/jquery-plugins.js?ln=primefaces&v=4.0 HTTP/1.1" 304 -
186.29.8.226 - - [10/Jan/2024:08:34:01 -0500] "GET /appsia/controlador HTTP/1.1" 200 4799
200.69.84.134 - - [10/Jan/2024:08:34:01 -0500] "GET /sipse/faces/javax.faces.resource/primefaces.js?ln=primefaces&v=4.0 HTTP/1.1" 304 -
200.69.84.134 - - [10/Jan/2024:08:34:01 -0500] "GET /sipse/faces/javax.faces.resource/layout/layout.js?ln=primefaces&v=4.0 HTTP/1.1" 304 -
216.244.66.195 - - [10/Jan/2024:08:34:03 -0500] "GET /BLA/resoluciones/AUTOS%202022/3218.pdf HTTP/1.1" 200 396303
156.59.198.135 - - [10/Jan/2024:08:34:08 -0500] "GET /BLA/resoluciones/AUTOS%202007/1022.pdf HTTP/1.0" 200 77837
181.52.137.141 - - [10/Jan/2024:08:34:06 -0500] "POST /BLA/boletinlegal/admin/notificaciones/ingresar.php HTTP/1.1" 200 30329
181.52.137.141 - - [10/Jan/2024:08:34:09 -0500] "GET /css/global/buttons.css HTTP/1.1" 404 1324
186.29.8.226 - - [10/Jan/2024:08:34:10 -0500] "POST /appsia/controlador HTTP/1.1" 200 5437
216.244.66.195 - - [10/Jan/2024:08:34:11 -0500] "GET /BLA/resoluciones/AUTOS%202022/4584.pdf HTTP/1.1" 200 361497
186.29.8.226 - - [10/Jan/2024:08:34:14 -0500] "POST /appsia/controlador HTTP/1.1" 200 3238
186.29.8.226 - - [10/Jan/2024:08:34:14 -0500] "GET /appsia/jscripts/validarSolicitud.js HTTP/1.1" 404 68
186.29.8.226 - - [10/Jan/2024:08:34:17 -0500] "POST /appsia/controlador HTTP/1.1" 200 5437
