172.22.2.4 - - [12/Jan/2024:08:18:40 -0500] "GET /BLA/boletinlegal/images/menu_rght.gif HTTP/1.1" 200 1627
172.22.2.4 - - [12/Jan/2024:08:18:40 -0500] "GET /BLA/boletinlegal/images/text.jpg HTTP/1.1" 200 568
172.22.2.4 - - [12/Jan/2024:08:18:40 -0500] "GET /BLA/boletinlegal/images/footer_bg_l.jpg HTTP/1.1" 200 776
172.22.2.4 - - [12/Jan/2024:08:18:40 -0500] "GET /BLA/boletinlegal/images/footer_bg.jpg HTTP/1.1" 200 586
172.22.2.4 - - [12/Jan/2024:08:18:40 -0500] "GET /BLA/boletinlegal/img/0.png HTTP/1.1" 200 110
172.22.2.4 - - [12/Jan/2024:08:18:40 -0500] "GET /BLA/boletinlegal/img/select-right.png HTTP/1.1" 200 44019
172.22.2.4 - - [12/Jan/2024:08:18:40 -0500] "GET /BLA/boletinlegal/img/select-left.png HTTP/1.1" 200 263
172.22.2.4 - - [12/Jan/2024:08:18:40 -0500] "GET /BLA/boletinlegal/img/button-left.png HTTP/1.1" 200 57071
172.22.2.4 - - [12/Jan/2024:08:18:40 -0500] "GET /BLA/boletinlegal/img/button.png HTTP/1.1" 200 43241
172.22.2.4 - - [12/Jan/2024:08:18:40 -0500] "GET /BLA/boletinlegal/img/button-right.png HTTP/1.1" 200 57878
172.22.2.4 - - [12/Jan/2024:08:18:40 -0500] "GET /BLA/boletinlegal/favicon.ico HTTP/1.1" 404 1326
186.154.49.87 - - [12/Jan/2024:08:18:42 -0500] "GET /sipse/faces/javax.faces.resource/primefaces.css?ln=primefaces&v=4.0 HTTP/1.1" 304 -
186.154.49.87 - - [12/Jan/2024:08:18:42 -0500] "GET /sipse/faces/javax.faces.resource/theme.css?ln=primefaces-sipse HTTP/1.1" 304 -
186.154.49.87 - - [12/Jan/2024:08:18:42 -0500] "GET /sipse/faces/javax.faces.resource/layout/layout.css?ln=primefaces&v=4.0 HTTP/1.1" 304 -
186.154.49.87 - - [12/Jan/2024:08:18:42 -0500] "GET /sipse/faces/javax.faces.resource/jquery/jquery.js?ln=primefaces&v=4.0 HTTP/1.1" 304 -
186.154.49.87 - - [12/Jan/2024:08:18:42 -0500] "GET /sipse/faces/javax.faces.resource/jquery/jquery-plugins.js?ln=primefaces&v=4.0 HTTP/1.1" 304 -
186.154.49.87 - - [12/Jan/2024:08:18:42 -0500] "GET /sipse/faces/javax.faces.resource/primefaces.js?ln=primefaces&v=4.0 HTTP/1.1" 304 -
186.154.49.87 - - [12/Jan/2024:08:18:42 -0500] "GET /sipse/faces/javax.faces.resource/layout/layout.js?ln=primefaces&v=4.0 HTTP/1.1" 304 -
186.154.49.87 - - [12/Jan/2024:08:18:41 -0500] "POST /sipse/faces/presentacion/financiero/solicitudProceso/consultarSolicitudProceso.xhtml HTTP/1.1" 200 172797
187.150.68.88 - - [12/Jan/2024:08:18:44 -0500] "POST /sipse/faces/presentacion/financiero/solicitudProceso/consultarSolicitudProceso.xhtml HTTP/1.1" 200 78094
156.59.198.135 - - [12/Jan/2024:08:18:47 -0500] "GET /BLA/resoluciones/RESOLUCIONES%202007/RES%202007%201%20AL%20100/RESOLUCION%200005%20DE%202007.pdf HTTP/1.0" 200 270708
186.154.49.87 - - [12/Jan/2024:08:18:47 -0500] "POST /sipse/faces/presentacion/financiero/solicitudProceso/consultarSolicitudProceso.xhtml HTTP/1.1" 200 61422
186.154.49.87 - - [12/Jan/2024:08:18:49 -0500] "GET /sipse/faces/javax.faces.resource/layout/layout.css?ln=primefaces&v=4.0 HTTP/1.1" 304 -
186.154.49.87 - - [12/Jan/2024:08:18:49 -0500] "GET /sipse/faces/javax.faces.resource/primefaces.css?ln=primefaces&v=4.0 HTTP/1.1" 304 -
186.154.49.87 - - [12/Jan/2024:08:18:49 -0500] "GET /sipse/faces/javax.faces.resource/theme.css?ln=primefaces-sipse HTTP/1.1" 304 -
186.154.49.87 - - [12/Jan/2024:08:18:49 -0500] "GET /sipse/faces/javax.faces.resource/jquery/jquery.js?ln=primefaces&v=4.0 HTTP/1.1" 304 -
186.154.49.87 - - [12/Jan/2024:08:18:49 -0500] "GET /sipse/faces/javax.faces.resource/jquery/jquery-plugins.js?ln=primefaces&v=4.0 HTTP/1.1" 304 -
186.154.49.87 - - [12/Jan/2024:08:18:49 -0500] "GET /sipse/faces/javax.faces.resource/primefaces.js?ln=primefaces&v=4.0 HTTP/1.1" 304 -
186.154.49.87 - - [12/Jan/2024:08:18:49 -0500] "GET /sipse/faces/javax.faces.resource/layout/layout.js?ln=primefaces&v=4.0 HTTP/1.1" 304 -
186.154.49.87 - - [12/Jan/2024:08:18:49 -0500] "POST /sipse/faces/presentacion/financiero/solicitudProceso/listarSolicitudProceso.xhtml HTTP/1.1" 200 1556
172.22.2.4 - - [12/Jan/2024:08:18:49 -0500] "GET /BLA/boletinlegal/consulta_actos.php?tipo=autos&no=&usuario=&sector=&fecha=2023&resuelve= HTTP/1.1" 200 1401877
172.22.2.4 - - [12/Jan/2024:08:18:51 -0500] "GET /BLA/boletinlegal/images/pdf.gif HTTP/1.1" 200 567
172.22.2.4 - - [12/Jan/2024:08:18:51 -0500] "GET /BLA/boletinlegal/images/background.gif HTTP/1.1" 200 -
186.102.15.141 - - [12/Jan/2024:08:18:59 -0500] "GET /kwssiamovil/sm/acme/a?s=U2FsdGVkX18J4BTYmjRdDqOMxqy3KVmAjWJITm8jfDbMu6aGzX9YECgRAOaR8018t4JEOC+xwOuDsonFys6d+PbygVGioOyvP6YfxxGwMIyQ++HhsW5V7+gT40Od3e1EHbTqMwg1kFMOuCASlgNhtiJhBptVxnzT4Zs+n/k6fceUgSJi7hDRacL7boLiv2KooL64/xXgmY0kvIIWTMcEKNDCBPydgJH1HY389QC8ZNDbOm/TVThO4jI/Kfi+lzFslxnHeiERPdbSb4DDv20+Uw==&u=U2FsdGVkX1/QJOwKKhjfmrSwKc3af/LO2QFp1WdX6TU=&y=U2FsdGVkX19eVJC3FIZm8EL4kAmd8z3m0M918sdaVH0= HTTP/1.1" 200 26
186.102.15.141 - - [12/Jan/2024:08:19:00 -0500] "GET /kwssiamovil/sm/acme/a?s=U2FsdGVkX1/csIdg2P5Glw/vJBfHMUKG/9n3y4kutlRM0WAYjyqg69aFvez1I+PPPr2MyAYuZjLGRXDCYHsI1x305+kdqVMAD1nWGzQx0BMjk6inKBExXkNJQQPG95Yumy65+wOgjx8alKsjK5dfmGSekt/QT1JOspoR7Q8deBSL/+ozCwmo26ZmWuLdszXZmkSBvs1jr6tsa5jWrrPxOp/OM66cjKlmPRDUavtaPvJ5rqICi5Rr4WmW+wjTa3Fw/AyaKgIEggnTB3rYJZfIskMorZx4Z+aOwidPDBYe/xLcl/Qc3Gxe7j4APf28c27UFzeK1J6O1q2bntsmQ351zqIYm36iLJcCDq4DFHM3vfP6l84pEaXOQWuIHgXRk/LS8veNagXX+4a/fs8DxOJB2DanzFOauktyF6qmkJylNJt3c2/a+lPvzO+5G5FmtuDwW4JSABsKWNibjjXThXKI5fToNNddsD57moU70v8DCs1NMWRWKgRFg6xdCjU0/z1kw8VgKi/t3oILLhzzeHTDcWIU6ib5+9R2g3qrouJlsWnEopkjrxivcUN1EX0YZW+WJvfm2LpShvwqljZoVi5SlZtk0ZM79LYg5ChA/ZBf8HxG7MAsHNf38C1O/ApfXuWkMqX/kXSRZl6DMG2IA8aVj8eDN19qualfhPZQE6ft9KCS5XJboQxfGC8wZgc+ekIcWkwLcmY/G/duhvOHKG9rBIwUuMlfqZhznakbB0x3yX6aPGI/xFscI7WkWixoPfFQF46jA09a3YcpZ9yxg0ITzfa0IhqEZVeTWlkG/iGyccTCHMsdoTgIXit2MIaHrirWtVYUjm6YnSNiIY1y2Xiieh2mGY0md0ffoJHSI63AZ1BH6dWuccJ4s0wYKT+m/0JtrYJDvzzD8vA+UXEdhjoemubsbwGpN5IfSs5Q+wz61XPr2SihuANnWA812iFF/LqZ/BZY7Rb9NnlxFxRsSv2jgLn6TwiXu5f7QW7DHGYyMKQJmDO/wqxBMP7YcC7D9AiO18tEWGw+4drR19aNA6cW0eA4fRQmNeDL8OUfYpR77s2RcMjyfR2kO2oFyaMNBMak0menWwwHaMcPOkJJsxovsg15WtGMlS5SZtBqRjEj6xlAYyW3E8gGQkWQzpMBqX+XJRPNcMXaBGT09sn+Nk6EeOx67jjLkAaX1+Q/ExT91Z236bUIiNnwlKokXsLDjZQqD8vGneMQmGDJlO5oz5F3V3pQoC0T+5PyKCR7Mwp1v8e8xLOz1wJhxrUURfYJxZWHobrdpdQ/+EPZ8CZZvjBHwpJeUShXdtab+ov7TJ4XC8++ZSb7ZJ6BAOqo0QXtx99Fcbi3rwcx5O+kSSwVSJcqV5kuN5BnDe1HTAQwq+IrAqcdoJPFt+8KSMjnkSBfuLFECKG9iobcQJ5BFWz7fs31HzsL3d+CR7rHWgw6/iBfsph1oPnJ8w7EFa4imV45Qas493CvXyK97GrF20Tl71tyqRloLm8o19IAaPO2+UL/QMPurfd0Tx9Jj7GbQqMafGlDrGwDlKT6eGZ0xR839H2vYIiXb3ybOnIvSXyjY3L6z4+KgOP/c64Q8aqOVa1ebD6BJIV7hPhBkes7GGgXVDzFgl/vpxJSXxRwnA2L80ORfuOsA7NjNk83DqCjFMLIsA3TbW1MaJZycHSbtvu93zYfvkK6T25HNoN5jOiyU4/7IZFZpfDr5NY0XGBHXe4A8dC7AMpP69mrG8XP9Zt/rV0uerDtoR9sGgADqQBuu4hKpsRQdVl4bXpJDWGA5AbjDAK0QNiNRKCun26gNZhNx2l0Ug28qmeDZgqm5rIv23xUTj7/99bhGcqE5LTXYiW6epiIapJC0Yd5NXB5Oo+7O5ZE5bPI8VtrelyyVriqe9XN4Fne0SA8Ke3Bl4qKJcZ9oB8VAC32tshc29uojO2vQ0s1g/6BdVdDkBQKoOp/SJykEy6MVE+L6UGTc6zJRFH9GmYzSsIrRVdu5hAy3TR63cQhbM5qNwAfshpgkWKy3yAp9OgnQo/hLrT2ewBCFaLyM9kvzF1qhETec0EFRpKptVwpg/zfyROiMsTqpUFMMebU/OXLtoRJ+S7E70UvKshN6Q4MqeE8hWvviDPSP2xCAAhi+Zz/JZIB6mjoIFfblFBDwvcykULaLnBuord7xxgPpK3Pi1IlodIgV1u+rXyNxzLsD/045uHJpu5ZVXjrtsnhNieYgkgFWIvz6Q+Ukcn4aAtTaD8O8pmppSBzwqFjbrczYOlxXmRACTH83RU/zr2+Z1s//3PdWN1KPFXXD/3P+vPR9XvxnIZyGokGi5HIn1fv/Su7EAMhaB7HnddVCwv0aHkDAvcAvcwITqROuLHEgKhohTCLaPoUg4Kuq/QCyUAETyZzaV1jyo6v6ZOD+yIqBINJBptzWx9ZwxJ6ZaIwYO3sfYKiMQAa3AXhg8iTDGFqV/OF2pWxAaVli8TgVp/l22oYcP8yv55qDvbGH/+CC7txvFQcdEfbFCHQANAyqnfDjl+iT/XZl9Q/QNLXUQ5wvPOhK1iKH4bPJ1t2r2gT/hJN934cZv39+rSDmGa2iCT44fXRuQ+S9dSVtCgwCBhhqOppohci47hjmNmP/HaOobLf0tJ61yhvei1DSTB3IH3fCFcdT5F9maX08k+F2fsuFDPOTklX1oROiHud80kjSFGbKZ3CkjEPig19DvJ+KlUU02cPWzqoPWL5UgrcD6Vuz5AhPzGCJRUEJoxmuOttzoWJjvcHVTCZv4LIo/ZAqr1hrb6OhPd7DWtbv/quQ/4JMooVNkfw7mKaAT4rru6812lMoypP0MjdsvnMIciz6F5yFL8HfmBbvWLj5d7LdmRLnbPy37915f643fpK2Hub/ChFyLqFddP1xsbUzHWjSWAP2lDPnjeCfaGbXr7yeAT9QtAhGt54XQ/Korf0fd1IORPP9vO8pneOyZt9GpMtuPb8Zg==&u=U2FsdGVkX1/QJOwKKhjfmrSwKc3af/LO2QFp1WdX6TU=&y=U2FsdGVkX19eVJC3FIZm8EL4kAmd8z3m0M918sdaVH0= HTTP/1.1" 200 26
186.102.15.141 - - [12/Jan/2024:08:19:00 -0500] "GET /kwssiamovil/sm/acme/a?s=U2FsdGVkX18j0iTqv04hUC37YCnv6bZ/vwTrJb6Kfg1VvZrre6SRy4vpM2+pWYW+Fgn7ZCRaupzQNIyrOQeE/B1iLSWlmP+Dp8aB1h4ScLE9Gv6lcwHcb/z0FWOaJL/lgUx4H53vVcg14RvwAQxrFsUFuG2Biw2QuN4N9eVLrmc=&u=U2FsdGVkX1/QJOwKKhjfmrSwKc3af/LO2QFp1WdX6TU=&y=U2FsdGVkX19eVJC3FIZm8EL4kAmd8z3m0M918sdaVH0= HTTP/1.1" 200 26
186.102.15.141 - - [12/Jan/2024:08:19:01 -0500] "GET /kwssiamovil/sm/acme/a?s=U2FsdGVkX19qGDWLiqRbd9f64NP/lXVrlDQ0l3OZSoMadKBvg7x1i7XD424eaD5AxRpK0/IVKBHQiOaROb/uv3mFstW+y6oSFEZc/g9KG50YflkTUAW9Exlk8YFajnEhzool6U4RIJkjpEVICctH/Ls68hr3iBH1jXWW5QGy3fE=&u=U2FsdGVkX1/QJOwKKhjfmrSwKc3af/LO2QFp1WdX6TU=&y=U2FsdGVkX19eVJC3FIZm8EL4kAmd8z3m0M918sdaVH0= HTTP/1.1" 200 26
186.102.15.141 - - [12/Jan/2024:08:19:01 -0500] "GET /kwssiamovil/sm/acme/a?s=U2FsdGVkX1+HMla0x5CYnXxuUNJiau/cbrsXPPwE7HT0x5QPHxfpOVgos+XD6BIHuRAxLTGbr4tCEFQgQb/yfNQv3Eg11V6KSlduU9H9pE/mEJ5jYcbd9u7bXxNe5mR8lyA4QKx4afO76WUgPaqtHIKx9PXvILUJUT3qUlcPs3g=&u=U2FsdGVkX1/QJOwKKhjfmrSwKc3af/LO2QFp1WdX6TU=&y=U2FsdGVkX19eVJC3FIZm8EL4kAmd8z3m0M918sdaVH0= HTTP/1.1" 200 26
186.102.15.141 - - [12/Jan/2024:08:19:01 -0500] "GET /kwssiamovil/sm/acme/a?s=U2FsdGVkX1+GLTOIinyzCS1mqNi/w0ZUIKTcYNRUX8rdJMngiJX1+7s4fg2flF8RYZTwsR7zpG27nY9dWsTFmDPLJ3cWfO5KVTjfY9I/0oyA3etkKu0RN0pfqGhNGr5Y+8FOVtQf61kjSJ1lyPXq7Lt6JXNBqQwitrl3lSZTCTOWGvWI2odCy2ClLODyLY8u&u=U2FsdGVkX1/QJOwKKhjfmrSwKc3af/LO2QFp1WdX6TU=&y=U2FsdGVkX19eVJC3FIZm8EL4kAmd8z3m0M918sdaVH0= HTTP/1.1" 200 26
201.245.192.253 - - [12/Jan/2024:08:19:03 -0500] "POST /kwsrmcab/Wsrmcab HTTP/1.1" 200 39299
187.150.68.88 - - [12/Jan/2024:08:18:54 -0500] "POST /sipse/faces/presentacion/financiero/solicitudProceso/consultarSolicitudProceso.xhtml HTTP/1.1" 200 658793
156.59.198.135 - - [12/Jan/2024:08:19:11 -0500] "GET /BLA/resoluciones/RESOLUCIONES%202018/0738.pdf HTTP/1.0" 200 2422916
186.154.49.87 - - [12/Jan/2024:08:19:15 -0500] "POST /sipse/faces/presentacion/financiero/solicitudProceso/listarSolicitudProceso.xhtml HTTP/1.1" 200 124789
186.154.49.87 - - [12/Jan/2024:08:19:16 -0500] "GET /sipse/faces/javax.faces.resource/theme.css?ln=primefaces-sipse HTTP/1.1" 304 -
186.154.49.87 - - [12/Jan/2024:08:19:16 -0500] "GET /sipse/faces/javax.faces.resource/layout/layout.css?ln=primefaces&v=4.0 HTTP/1.1" 304 -
186.154.49.87 - - [12/Jan/2024:08:19:16 -0500] "GET /sipse/faces/javax.faces.resource/primefaces.css?ln=primefaces&v=4.0 HTTP/1.1" 304 -
186.154.49.87 - - [12/Jan/2024:08:19:16 -0500] "GET /sipse/faces/javax.faces.resource/jquery/jquery.js?ln=primefaces&v=4.0 HTTP/1.1" 304 -
186.154.49.87 - - [12/Jan/2024:08:19:16 -0500] "GET /sipse/faces/javax.faces.resource/jquery/jquery-plugins.js?ln=primefaces&v=4.0 HTTP/1.1" 304 -
186.154.49.87 - - [12/Jan/2024:08:19:16 -0500] "GET /sipse/faces/javax.faces.resource/primefaces.js?ln=primefaces&v=4.0 HTTP/1.1" 304 -
186.154.49.87 - - [12/Jan/2024:08:19:16 -0500] "GET /sipse/faces/javax.faces.resource/layout/layout.js?ln=primefaces&v=4.0 HTTP/1.1" 304 -
201.245.192.253 - - [12/Jan/2024:08:19:28 -0500] "POST /forms/lservlet;jsessionid=ac16012b30d6e9245d4a5ae64507bcdc86473ff87750.e3iSbxaKaheRe34Rb3eTbx8LaNb0n6jAmljGr5XDqQLvpAe HTTP/1.1" 200 2
186.84.20.240 - - [12/Jan/2024:08:19:29 -0500] "GET /sipse/faces/index.xhtml HTTP/1.1" 200 677
186.84.20.240 - - [12/Jan/2024:08:19:29 -0500] "GET /sipse/faces/javax.faces.resource/theme.css?ln=primefaces-sipse HTTP/1.1" 304 -
186.84.20.240 - - [12/Jan/2024:08:19:29 -0500] "GET /sipse/faces/faces/autenticacion.xhtml HTTP/1.1" 200 12403
186.84.20.240 - - [12/Jan/2024:08:19:29 -0500] "GET /sipse/faces/javax.faces.resource/theme.css?ln=primefaces-sipse HTTP/1.1" 304 -
186.84.20.240 - - [12/Jan/2024:08:19:29 -0500] "GET /sipse/faces/javax.faces.resource/primefaces.css?ln=primefaces&v=4.0 HTTP/1.1" 304 -
186.84.20.240 - - [12/Jan/2024:08:19:29 -0500] "GET /sipse/faces/javax.faces.resource/layout/layout.css?ln=primefaces&v=4.0 HTTP/1.1" 304 -
186.84.20.240 - - [12/Jan/2024:08:19:29 -0500] "GET /sipse/faces/javax.faces.resource/jquery/jquery-plugins.js?ln=primefaces&v=4.0 HTTP/1.1" 304 -
186.84.20.240 - - [12/Jan/2024:08:19:29 -0500] "GET /sipse/faces/javax.faces.resource/jquery/jquery.js?ln=primefaces&v=4.0 HTTP/1.1" 304 -
186.84.20.240 - - [12/Jan/2024:08:19:29 -0500] "GET /sipse/faces/javax.faces.resource/layout/layout.js?ln=primefaces&v=4.0 HTTP/1.1" 304 -
186.84.20.240 - - [12/Jan/2024:08:19:29 -0500] "GET /sipse/faces/javax.faces.resource/primefaces.js?ln=primefaces&v=4.0 HTTP/1.1" 304 -
186.84.20.240 - - [12/Jan/2024:08:19:29 -0500] "GET /sipse/faces/javax.faces.resource/images/ui-icons_898989_256x240.png?ln=primefaces-aristo HTTP/1.1" 304 -
186.84.20.240 - - [12/Jan/2024:08:19:35 -0500] "POST /sipse/faces/autenticacion.xhtml HTTP/1.1" 200 16832
186.84.20.240 - - [12/Jan/2024:08:19:35 -0500] "GET /sipse/faces/javax.faces.resource/theme.css?ln=primefaces-sipse HTTP/1.1" 304 -
186.84.20.240 - - [12/Jan/2024:08:19:35 -0500] "GET /sipse/faces/javax.faces.resource/primefaces.css?ln=primefaces&v=4.0 HTTP/1.1" 304 -
186.84.20.240 - - [12/Jan/2024:08:19:35 -0500] "GET /sipse/faces/javax.faces.resource/layout/layout.css?ln=primefaces&v=4.0 HTTP/1.1" 304 -
186.84.20.240 - - [12/Jan/2024:08:19:35 -0500] "GET /sipse/faces/javax.faces.resource/jquery/jquery.js?ln=primefaces&v=4.0 HTTP/1.1" 304 -
186.84.20.240 - - [12/Jan/2024:08:19:35 -0500] "GET /sipse/faces/javax.faces.resource/jquery/jquery-plugins.js?ln=primefaces&v=4.0 HTTP/1.1" 304 -
186.84.20.240 - - [12/Jan/2024:08:19:35 -0500] "GET /sipse/faces/javax.faces.resource/primefaces.js?ln=primefaces&v=4.0 HTTP/1.1" 304 -
186.84.20.240 - - [12/Jan/2024:08:19:35 -0500] "GET /sipse/faces/javax.faces.resource/layout/layout.js?ln=primefaces&v=4.0 HTTP/1.1" 304 -
186.84.20.240 - - [12/Jan/2024:08:19:35 -0500] "GET /sipse/css/imagen/contrasena.png HTTP/1.1" 404 383
186.84.20.240 - - [12/Jan/2024:08:19:35 -0500] "GET /sipse/faces/javax.faces.resource/messages/messages.png?ln=primefaces&v=4.0 HTTP/1.1" 304 -
156.59.198.136 - - [12/Jan/2024:08:19:37 -0500] "GET /BLA/resoluciones/RESOLUCIONES%202018/1774.pdf HTTP/1.0" 200 357068
186.84.20.240 - - [12/Jan/2024:08:19:37 -0500] "GET /sipse/faces/javax.faces.resource/images/ui-bg_flat_0_2d5972_40x100.png?ln=primefaces-aristo HTTP/1.1" 304 -
186.84.20.240 - - [12/Jan/2024:08:19:37 -0500] "POST /sipse/faces/bienvenido.xhtml HTTP/1.1" 200 9851
186.84.20.240 - - [12/Jan/2024:08:19:39 -0500] "POST /sipse/faces/bienvenido.xhtml HTTP/1.1" 200 1471
186.84.20.240 - - [12/Jan/2024:08:19:40 -0500] "POST /sipse/faces/bienvenido.xhtml HTTP/1.1" 200 38036
186.84.20.240 - - [12/Jan/2024:08:19:41 -0500] "GET /sipse/faces/javax.faces.resource/theme.css?ln=primefaces-sipse HTTP/1.1" 304 -
186.84.20.240 - - [12/Jan/2024:08:19:41 -0500] "GET /sipse/faces/javax.faces.resource/primefaces.css?ln=primefaces&v=4.0 HTTP/1.1" 304 -
186.84.20.240 - - [12/Jan/2024:08:19:41 -0500] "GET /sipse/faces/javax.faces.resource/layout/layout.css?ln=primefaces&v=4.0 HTTP/1.1" 304 -
186.84.20.240 - - [12/Jan/2024:08:19:41 -0500] "GET /sipse/faces/javax.faces.resource/jquery/jquery.js?ln=primefaces&v=4.0 HTTP/1.1" 304 -
186.84.20.240 - - [12/Jan/2024:08:19:41 -0500] "GET /sipse/faces/javax.faces.resource/jquery/jquery-plugins.js?ln=primefaces&v=4.0 HTTP/1.1" 304 -
186.84.20.240 - - [12/Jan/2024:08:19:41 -0500] "GET /sipse/faces/javax.faces.resource/primefaces.js?ln=primefaces&v=4.0 HTTP/1.1" 304 -
186.84.20.240 - - [12/Jan/2024:08:19:41 -0500] "GET /sipse/faces/javax.faces.resource/layout/layout.js?ln=primefaces&v=4.0 HTTP/1.1" 304 -
186.84.20.240 - - [12/Jan/2024:08:19:41 -0500] "POST /sipse/faces/presentacion/financiero/solicitudProceso/listarSolicitudProceso.xhtml HTTP/1.1" 200 1420
201.245.192.253 - - [12/Jan/2024:08:19:44 -0500] "POST /kwsrmcab/Wsrmcab HTTP/1.1" 200 39148
201.245.192.253 - - [12/Jan/2024:08:19:54 -0500] "POST /forms/lservlet;jsessionid=ac16012b30d6daf3d1e69b9448f9b338854e2531f358.e3iSbxaKaheRe34Rb3eTbx8LaNb0n6jAmljGr5XDqQLvpAe HTTP/1.1" 200 2
186.84.20.240 - - [12/Jan/2024:08:19:55 -0500] "POST /sipse/faces/presentacion/financiero/solicitudProceso/listarSolicitudProceso.xhtml HTTP/1.1" 200 117106
186.84.20.240 - - [12/Jan/2024:08:19:56 -0500] "GET /sipse/faces/javax.faces.resource/theme.css?ln=primefaces-sipse HTTP/1.1" 304 -
186.84.20.240 - - [12/Jan/2024:08:19:56 -0500] "GET /sipse/faces/javax.faces.resource/primefaces.css?ln=primefaces&v=4.0 HTTP/1.1" 304 -
186.84.20.240 - - [12/Jan/2024:08:19:56 -0500] "GET /sipse/faces/javax.faces.resource/layout/layout.css?ln=primefaces&v=4.0 HTTP/1.1" 304 -
186.84.20.240 - - [12/Jan/2024:08:19:56 -0500] "GET /sipse/faces/javax.faces.resource/jquery/jquery.js?ln=primefaces&v=4.0 HTTP/1.1" 304 -
186.84.20.240 - - [12/Jan/2024:08:19:56 -0500] "GET /sipse/faces/javax.faces.resource/jquery/jquery-plugins.js?ln=primefaces&v=4.0 HTTP/1.1" 304 -
186.84.20.240 - - [12/Jan/2024:08:19:56 -0500] "GET /sipse/faces/javax.faces.resource/primefaces.js?ln=primefaces&v=4.0 HTTP/1.1" 304 -
186.84.20.240 - - [12/Jan/2024:08:19:56 -0500] "GET /sipse/faces/javax.faces.resource/layout/layout.js?ln=primefaces&v=4.0 HTTP/1.1" 304 -
187.150.68.88 - - [12/Jan/2024:08:19:52 -0500] "POST /sipse/faces/presentacion/financiero/solicitudProceso/consultarSolicitudProceso.xhtml HTTP/1.1" 200 42098
156.59.198.136 - - [12/Jan/2024:08:20:00 -0500] "GET /BLA/resoluciones/RESOLUCIONES%202018/0270.pdf HTTP/1.0" 200 264250
186.84.20.240 - - [12/Jan/2024:08:20:09 -0500] "POST /sipse/faces/presentacion/financiero/solicitudProceso/consultarSolicitudProceso.xhtml HTTP/1.1" 200 30256
186.84.20.240 - - [12/Jan/2024:08:20:09 -0500] "GET /sipse/faces/javax.faces.resource/primefaces.css?ln=primefaces&v=4.0 HTTP/1.1" 304 -
186.84.20.240 - - [12/Jan/2024:08:20:09 -0500] "GET /sipse/faces/javax.faces.resource/theme.css?ln=primefaces-sipse HTTP/1.1" 304 -
186.84.20.240 - - [12/Jan/2024:08:20:09 -0500] "GET /sipse/faces/javax.faces.resource/layout/layout.css?ln=primefaces&v=4.0 HTTP/1.1" 304 -
186.84.20.240 - - [12/Jan/2024:08:20:09 -0500] "GET /sipse/faces/javax.faces.resource/jquery/jquery.js?ln=primefaces&v=4.0 HTTP/1.1" 304 -
186.84.20.240 - - [12/Jan/2024:08:20:09 -0500] "GET /sipse/faces/javax.faces.resource/jquery/jquery-plugins.js?ln=primefaces&v=4.0 HTTP/1.1" 304 -
186.84.20.240 - - [12/Jan/2024:08:20:09 -0500] "GET /sipse/faces/javax.faces.resource/primefaces.js?ln=primefaces&v=4.0 HTTP/1.1" 304 -
186.84.20.240 - - [12/Jan/2024:08:20:09 -0500] "GET /sipse/faces/javax.faces.resource/layout/layout.js?ln=primefaces&v=4.0 HTTP/1.1" 304 -
187.150.68.88 - - [12/Jan/2024:08:20:11 -0500] "GET /sipse/faces/javax.faces.resource/theme.css?ln=primefaces-sipse HTTP/1.1" 304 -
187.150.68.88 - - [12/Jan/2024:08:20:11 -0500] "GET /sipse/faces/javax.faces.resource/primefaces.css?ln=primefaces&v=4.0 HTTP/1.1" 304 -
187.150.68.88 - - [12/Jan/2024:08:20:11 -0500] "GET /sipse/faces/javax.faces.resource/jquery/jquery.js?ln=primefaces&v=4.0 HTTP/1.1" 304 -
187.150.68.88 - - [12/Jan/2024:08:20:11 -0500] "GET /sipse/faces/javax.faces.resource/layout/layout.css?ln=primefaces&v=4.0 HTTP/1.1" 304 -
187.150.68.88 - - [12/Jan/2024:08:20:11 -0500] "GET /sipse/faces/javax.faces.resource/jquery/jquery-plugins.js?ln=primefaces&v=4.0 HTTP/1.1" 304 -
187.150.68.88 - - [12/Jan/2024:08:20:12 -0500] "GET /sipse/faces/javax.faces.resource/primefaces.js?ln=primefaces&v=4.0 HTTP/1.1" 304 -
187.150.68.88 - - [12/Jan/2024:08:20:13 -0500] "GET /sipse/faces/javax.faces.resource/layout/layout.js?ln=primefaces&v=4.0 HTTP/1.1" 304 -
186.84.20.240 - - [12/Jan/2024:08:20:14 -0500] "POST /sipse/faces/presentacion/financiero/solicitudProceso/asignarContratacion.xhtml HTTP/1.1" 200 35473
186.84.20.240 - - [12/Jan/2024:08:20:16 -0500] "GET /sipse/faces/javax.faces.resource/theme.css?ln=primefaces-sipse HTTP/1.1" 304 -
186.84.20.240 - - [12/Jan/2024:08:20:16 -0500] "GET /sipse/faces/javax.faces.resource/primefaces.css?ln=primefaces&v=4.0 HTTP/1.1" 304 -
186.84.20.240 - - [12/Jan/2024:08:20:16 -0500] "GET /sipse/faces/javax.faces.resource/layout/layout.css?ln=primefaces&v=4.0 HTTP/1.1" 304 -
186.84.20.240 - - [12/Jan/2024:08:20:16 -0500] "GET /sipse/faces/javax.faces.resource/jquery/jquery.js?ln=primefaces&v=4.0 HTTP/1.1" 304 -
186.84.20.240 - - [12/Jan/2024:08:20:16 -0500] "GET /sipse/faces/javax.faces.resource/jquery/jquery-plugins.js?ln=primefaces&v=4.0 HTTP/1.1" 304 -
186.84.20.240 - - [12/Jan/2024:08:20:16 -0500] "GET /sipse/faces/javax.faces.resource/primefaces.js?ln=primefaces&v=4.0 HTTP/1.1" 304 -
186.84.20.240 - - [12/Jan/2024:08:20:16 -0500] "GET /sipse/faces/javax.faces.resource/layout/layout.js?ln=primefaces&v=4.0 HTTP/1.1" 304 -
186.84.20.240 - - [12/Jan/2024:08:20:16 -0500] "POST /sipse/faces/presentacion/financiero/solicitudProceso/listarSolicitudProceso.xhtml HTTP/1.1" 200 1392
216.245.221.92 - - [12/Jan/2024:08:20:17 -0500] "HEAD / HTTP/1.1" 200 -
186.84.20.240 - - [12/Jan/2024:08:20:19 -0500] "POST /sipse/faces/presentacion/financiero/solicitudProceso/listarSolicitudProceso.xhtml HTTP/1.1" 200 137938
186.84.20.240 - - [12/Jan/2024:08:20:20 -0500] "GET /sipse/faces/javax.faces.resource/primefaces.css?ln=primefaces&v=4.0 HTTP/1.1" 304 -
186.84.20.240 - - [12/Jan/2024:08:20:20 -0500] "GET /sipse/faces/javax.faces.resource/theme.css?ln=primefaces-sipse HTTP/1.1" 304 -
186.84.20.240 - - [12/Jan/2024:08:20:20 -0500] "GET /sipse/faces/javax.faces.resource/layout/layout.css?ln=primefaces&v=4.0 HTTP/1.1" 304 -
186.84.20.240 - - [12/Jan/2024:08:20:20 -0500] "GET /sipse/faces/javax.faces.resource/jquery/jquery.js?ln=primefaces&v=4.0 HTTP/1.1" 304 -
186.84.20.240 - - [12/Jan/2024:08:20:20 -0500] "GET /sipse/faces/javax.faces.resource/jquery/jquery-plugins.js?ln=primefaces&v=4.0 HTTP/1.1" 304 -
186.84.20.240 - - [12/Jan/2024:08:20:20 -0500] "GET /sipse/faces/javax.faces.resource/primefaces.js?ln=primefaces&v=4.0 HTTP/1.1" 304 -
186.84.20.240 - - [12/Jan/2024:08:20:20 -0500] "GET /sipse/faces/javax.faces.resource/layout/layout.js?ln=primefaces&v=4.0 HTTP/1.1" 304 -
187.150.68.88 - - [12/Jan/2024:08:20:14 -0500] "POST /sipse/faces/presentacion/financiero/solicitudProceso/consultar.xhtml HTTP/1.1" 200 35457
156.59.198.135 - - [12/Jan/2024:08:20:26 -0500] "GET /BLA/resoluciones/RESOLUCIONES%202018/3792.pdf HTTP/1.0" 200 274212
187.150.68.88 - - [12/Jan/2024:08:20:25 -0500] "POST /sipse/faces/presentacion/financiero/solicitudProceso/consultar.xhtml HTTP/1.1" 200 35457
40.77.167.60 - - [12/Jan/2024:08:20:29 -0500] "GET /BLA/resoluciones/AUTOS%202020/4687.pdf HTTP/1.1" 200 385039
187.150.68.88 - - [12/Jan/2024:08:20:30 -0500] "POST /sipse/faces/presentacion/financiero/solicitudProceso/consultar.xhtml HTTP/1.1" 200 35457
187.150.68.88 - - [12/Jan/2024:08:20:31 -0500] "POST /sipse/faces/presentacion/financiero/solicitudProceso/consultar.xhtml HTTP/1.1" 200 35457
187.150.68.88 - - [12/Jan/2024:08:20:32 -0500] "POST /sipse/faces/presentacion/financiero/solicitudProceso/consultar.xhtml HTTP/1.1" 200 12853
172.22.2.4 - - [12/Jan/2024:08:20:33 -0500] "GET /BLA/boletinlegal/jurisprudencia/analisis/CUADRO%20SENTENCIA%20T-299%20DE%202008.doc HTTP/1.1" 304 -
172.22.2.4 - - [12/Jan/2024:08:20:36 -0500] "GET /BLA/boletinlegal/consulta_actos.php?tipo=resoluciones&no=3861&usuario=&sector=INFRAESTRUCTURA&fecha=2020&resuelve= HTTP/1.1" 200 626
187.150.68.88 - - [12/Jan/2024:08:20:42 -0500] "POST /sipse/faces/presentacion/financiero/solicitudProceso/consultar.xhtml HTTP/1.1" 200 12945
156.59.198.136 - - [12/Jan/2024:08:20:50 -0500] "GET /BLA/resoluciones/RESOLUCIONES%202018/1286.pdf HTTP/1.0" 200 2683234
187.150.68.88 - - [12/Jan/2024:08:20:47 -0500] "POST /sipse/faces/presentacion/financiero/solicitudProceso/consultar.xhtml HTTP/1.1" 200 163775
187.150.68.88 - - [12/Jan/2024:08:20:52 -0500] "GET /sipse/faces/javax.faces.resource/theme.css?ln=primefaces-sipse HTTP/1.1" 304 -
187.150.68.88 - - [12/Jan/2024:08:20:53 -0500] "GET /sipse/faces/javax.faces.resource/jquery/jquery.js?ln=primefaces&v=4.0 HTTP/1.1" 304 -
187.150.68.88 - - [12/Jan/2024:08:20:53 -0500] "GET /sipse/faces/javax.faces.resource/primefaces.css?ln=primefaces&v=4.0 HTTP/1.1" 304 -
187.150.68.88 - - [12/Jan/2024:08:20:53 -0500] "GET /sipse/faces/javax.faces.resource/layout/layout.css?ln=primefaces&v=4.0 HTTP/1.1" 304 -
187.150.68.88 - - [12/Jan/2024:08:20:53 -0500] "GET /sipse/faces/javax.faces.resource/jquery/jquery-plugins.js?ln=primefaces&v=4.0 HTTP/1.1" 304 -
187.150.68.88 - - [12/Jan/2024:08:20:53 -0500] "GET /sipse/faces/javax.faces.resource/primefaces.js?ln=primefaces&v=4.0 HTTP/1.1" 304 -
187.150.68.88 - - [12/Jan/2024:08:20:53 -0500] "GET /sipse/faces/javax.faces.resource/layout/layout.js?ln=primefaces&v=4.0 HTTP/1.1" 304 -
186.102.15.141 - - [12/Jan/2024:08:21:05 -0500] "GET /kwssiamovil/sm/ldap/au?x=U2FsdGVkX1/BOKn+jhBpcRN8r2aW4XTwI93H0CZdLziybEJb1Fy/4pAKl8LHOmi9&y=U2FsdGVkX19qGm5vVwlole1q66JF/ucerKLl7uOw6hQ= HTTP/1.1" 200 30
186.102.15.141 - - [12/Jan/2024:08:21:05 -0500] "GET /kwssiamovil/sm/acme/s?s=U2FsdGVkX19acM0L4LFnQUEFWSdMXv8qr8giY4gTkdm3N/FP+H9SWiNBh9nnDXZcWfSHhXk1xiUOVrZO9NfYSQs4RxOpTYyrYnl5T0Wt2F8=&u=U2FsdGVkX188tK3xcib42bqMGmPZ41iiihZDmg894jI=&y=U2FsdGVkX19qGm5vVwlole1q66JF/ucerKLl7uOw6hQ= HTTP/1.1" 200 97
186.102.15.141 - - [12/Jan/2024:08:21:05 -0500] "GET /kwssiamovil/sm/acme/s?s=U2FsdGVkX1/B9YgPf3A15BjiQvi4hHggWE42YO2FUdV9S2kc2zV+rT5uvj9VuYpPNeUqaUg+/dTI+/4oPrb34ilQeiZSTWbOtarlKOhuPimTxIh0TioxLIvFQ0xj2Usxm3gg/QUV6Objk2ZAfsl/0AnkwpJf4AaGO7OkN3fdRx4q3Gd/NF3kJ+b8yT4b9r8UsN/mr+sVptDaaBSlhjxAEoSOQiAdXgCIwI4vAV9ufuB0yubYJ7dgOTXA5BieGxc8mkn8a17oty1Ybt/lcDBTglsPkF1xvHSlPDFTKHcuQdrAxZIAOxbO8b7hbMrtiLX78gYXHvwumWPVB4zSTfdWCzK4Wc/w+p62kJ3raTLXiiFJSHO/iG0nhFgNvlCeR909eTxvfhy/zzZD//DNMFA00uFJQk0Y2SOR/ouBm6Wg6zykXEKdhxpKMwxEsBcsqGPVUkN1YjmSafIMnx/kSjbioTUQaoURQQS+3KnsYZFcL+zgkhHJFXYRHnjMyv/+Ma8796D48ep8q8SHnn7CtOUp/0d3hGbayBXeG9aC/ev3ViL/sjwpLcaUA2oGambO6MPqWr//erbpX2Px0byuSZAh3usxAXcsV9GuUN3nQZ5AAZePo/dHQHq3XWQyKlJDB6OhqZ6Diw8vI/dQ4Z4zQkDpa4Ukuc35W/LFK9Nom0yF7uEM2MgqC4WuZfPwnoQwtNwwmXZClLEyYIRwG7RPBGtsOv+Lqj6FBjHar/0EekjIr7HW+s2mbn4/PrL7Hm3SJM6uAIMHzPz4EJs1pRQg/Sn6pDKSBXyvfwTpXOLU0AHAwUAHRMv7OaM8n2gcGB0TLngTD0OHApaKZnXZOqwXqB/HCe8lu83Hw3F7Xabw7/oZk3M2EccRdEdbc/yGia78Nqw+ilkfW/qEMVUx7R9d5LT+hQUZjPMvdyVHHOJ6Fb0JffA63yaF9zeSW3IquoKrmX3wwNcMgAuK3FRVYUAHeL/3E1W3uU6+Q1VHwTupFnDFlAzOCc0SRzx1fmy+Rr76O0Lhv1K9hVRVDhdfpOqo8dHKlugQaeY5qXZJUHvIBphPAMhrl6ryhei8DQaG3boUmL9ZE4a/waHS0Y1CgzLUKhmpCp8iEfkqIg6nyDL3CFoRaLOmwFlUY43jPaQ1JxnT28/DAXLiU9D7+ATBJ270Be0zeyXV5ARLfy2erEMP/7acDjQBruYMRTgEhNYAQpSv6MR7nGobg7Px9iXRzkIUEstutBVHXfT7hKMp4E1kU+kLsYj19AVdn2+4bJgk5dOAU613+H8eHRUsPo+Y0tGkKyxmDfabfEvjf1QotWWFIfflOVqst6mhdFmm/LOtcKpd7KKK/GPfEdX7luqOsrwfLHlPPX/ilM4wvCjeijQBBffIf4MCPx78aTUcxJZEL9jgxtnmfCzDqrn7y5JVxpfYp9wH5PYLg7Lj9nujJ/MlriNRWtPaGNjI89c+Vssj4OtPqx8aVHL38J9LzJg3H0IsPiYgHByZtCbfAD6a2vgkx6wjCx9mBUJbFH6X1CDpwBkybIKEtZyzKDvoENWSDE4UzyDEpHI8gLAncNMw7Gli2X440RuNOGVJX+RZH8NJ7W347tfN+eh8q3PhdlA9oRBhsL1KhYjh/WLy9bqvmzPYtka0LjjmjDoudZVetKIxzDZ5aNQvzTeCGbVqISYNX/iRDMalFokLgFtePdPEu2Glzn5PTKB/S+hC0v0+DBJkhIrmf73giaWriiGuciLZJpg0KzJdItYvzjoV2vTjxoKLM4APsRU=&u=U2FsdGVkX188tK3xcib42bqMGmPZ41iiihZDmg894jI=&y=U2FsdGVkX19qGm5vVwlole1q66JF/ucerKLl7uOw6hQ= HTTP/1.1" 200 364
186.102.15.141 - - [12/Jan/2024:08:21:05 -0500] "GET /kwssiamovil/sm/acme/s?s=U2FsdGVkX19fSv8jZafpVWvhMUm85N1f4yu8VsPou1ZctD5mikQk4AF9vvVfaPZC6AMfp32Igr/uZXpLCrj2smfP/zQfePearJgBsp2wkK8FLk/ir6E05opXAmUXl0qnQCTUjDaCCSIqe84GYcDXLEJmZWIz3iQEmaDMHAGB5KCluC8ylD7QUm3YzX/QXF7z2wfsb+7kf9UfXOdrKrEG8tBhUv42/NYzUskeW5DViGdy8PwVsNZr0CUasP6hvEk/lBFJWv80tkmQVa/AVaweaW/PEQIbC0MCKwbYMSpmmigAkivUMmNSeo5Ljl1a1epIl0Ew9ZwoM+z0TjIKrpU2T5/fapFxslzaKmSgVvyXSE19DScbdzLR9zK3/A+ngMtyfk4EsuLcLcjayoBTjx9JtpGDP1ifZUEKDh3iUHkHGWTbYrOGGCwe0SeepRIJTkIGENdf1LYnCOHgkRT28JeHaU9YxvfCwgF84ujnl+7+vSs5fibqtbeMTM/GHqEH95VpLjv84qA//bnz/8PEeOKM2N04y63nA7deC8nLo9qofZKR3yBsC6YhjVtcqUaNAFvqoflolDVdC6Ba0gxfqui1IfbgBT3WC6msOE+QG+vI5NDVGZp3JoyFYMr+tAOHMdca9aMn/mnrja/ifBKaGqlnGAJhFrdam+Pt/N3Cguorppf93D21rC54uLupVi1+GhuNmpb7gKrWBKOLcTj4aGWGaN3tqYcZJ3TTwijh7YEUjv0TwbgBWE7FZMMBKd6SfM6+&u=U2FsdGVkX188tK3xcib42bqMGmPZ41iiihZDmg894jI=&y=U2FsdGVkX19qGm5vVwlole1q66JF/ucerKLl7uOw6hQ= HTTP/1.1" 200 208
186.102.15.141 - - [12/Jan/2024:08:21:05 -0500] "GET /kwssiamovil/sm/cjson/pre?f=1&x=U2FsdGVkX1/BOKn+jhBpcRN8r2aW4XTwI93H0CZdLziybEJb1Fy/4pAKl8LHOmi9 HTTP/1.1" 200 31032
201.245.192.253 - - [12/Jan/2024:08:21:04 -0500] "POST /kwsrmcab/Wsrmcab  HTTP/1.1" 200 39439
172.22.2.4 - - [12/Jan/2024:08:21:08 -0500] "GET /BLA/boletinlegal/consulta_actos.php?tipo=resoluciones&no=3861&usuario=INSTITUTO%20DE%20DESARROLLO%20URBANO&sector=INFRAESTRUCTURA&fecha=2020&resuelve= HTTP/1.1" 200 626
172.22.2.4 - - [12/Jan/2024:08:21:11 -0500] "GET /BLA/boletinlegal/consulta_actos.php?tipo=resoluciones&no=3861&usuario=INSTITUTO%20DE%20DESARROLLO%20URBANO&sector=INFRAESTRUCTURA&fecha=2020&resuelve= HTTP/1.1" 200 626
186.154.49.87 - - [12/Jan/2024:08:21:12 -0500] "POST /sipse/faces/presentacion/financiero/solicitudProceso/consultarSolicitudProceso.xhtml HTTP/1.1" 200 87460
187.150.68.88 - - [12/Jan/2024:08:21:12 -0500] "POST /sipse/faces/presentacion/financiero/solicitudProceso/consultarSolicitudProceso.xhtml HTTP/1.1" 200 77654
156.59.198.136 - - [12/Jan/2024:08:21:13 -0500] "GET /BLA/resoluciones/RESOLUCIONES%202018/3413.pdf HTTP/1.0" 200 417219
40.77.167.254 - - [12/Jan/2024:08:21:21 -0500] "GET /portaldeninos/parque-mirador-de-los-nevados/ HTTP/1.1" 200 89855
201.245.192.253 - - [12/Jan/2024:08:21:28 -0500] "POST /forms/lservlet;jsessionid=ac16012b30d6e9245d4a5ae64507bcdc86473ff87750.e3iSbxaKaheRe34Rb3eTbx8LaNb0n6jAmljGr5XDqQLvpAe HTTP/1.1" 200 2
172.22.2.4 - - [12/Jan/2024:08:19:55 -0500] "HEAD /BLA/boletinlegal/ HTTP/1.1" 200 -
156.59.198.135 - - [12/Jan/2024:08:21:37 -0500] "GET /BLA/resoluciones/RESOLUCIONES%202018/3052.pdf HTTP/1.0" 200 351891
201.245.192.253 - - [12/Jan/2024:08:21:41 -0500] "POST /sipse/faces/presentacion/financiero/solicitudProceso/consultarSolicitudProceso.xhtml HTTP/1.1" 200 5423
201.245.192.253 - - [12/Jan/2024:08:21:54 -0500] "POST /forms/lservlet;jsessionid=ac16012b30d6daf3d1e69b9448f9b338854e2531f358.e3iSbxaKaheRe34Rb3eTbx8LaNb0n6jAmljGr5XDqQLvpAe HTTP/1.1" 200 2
128.14.136.18 - - [12/Jan/2024:08:22:00 -0500] "GET / HTTP/1.1" 200 319
156.59.198.136 - - [12/Jan/2024:08:22:03 -0500] "GET /BLA/resoluciones/RESOLUCIONES%202018/0118.pdf HTTP/1.0" 200 302951
172.22.2.4 - - [12/Jan/2024:08:22:22 -0500] "GET /BLA/boletinlegal/.DS_Store HTTP/1.1" 404 1018
172.22.2.4 - - [12/Jan/2024:08:20:46 -0500] "GET /BLA/boletinlegal/ HTTP/1.1" 200 58666
156.59.198.135 - - [12/Jan/2024:08:22:27 -0500] "GET /BLA/resoluciones/RESOLUCIONES%202018/0274.pdf HTTP/1.0" 200 304090
187.150.68.88 - - [12/Jan/2024:08:22:27 -0500] "POST /sipse/faces/presentacion/financiero/solicitudProceso/consultarSolicitudProceso.xhtml HTTP/1.1" 200 616098
201.245.192.253 - - [12/Jan/2024:08:22:34 -0500] "POST /sipse/faces/presentacion/financiero/solicitudProceso/consultarSolicitudProceso.xhtml HTTP/1.1" 200 5423
156.59.198.135 - - [12/Jan/2024:08:22:50 -0500] "GET /BLA/resoluciones/RESOLUCIONES%202018/2711.pdf HTTP/1.0" 200 262543
186.114.246.123 - - [12/Jan/2024:08:22:51 -0500] "GET /sipse/faces/faces/autenticacion.xhtml HTTP/1.1" 200 12403
186.114.246.123 - - [12/Jan/2024:08:22:52 -0500] "GET /sipse/faces/faces/autenticacion.xhtml HTTP/1.1" 200 12403
186.102.15.141 - - [12/Jan/2024:08:23:02 -0500] "GET /kwssiamovil/sm/acme/a?s=U2FsdGVkX1/wQZlKCuP/gDWEiyqOyJ2ea90Zr4+O+OWvSqroXxdBZskpDb9WLODMpBni6ZCmOv/AWUZIL/XWzl1GYgJABbSD7jehl0wDvY3OMcAUkDMAOIpnVYlZmYkduF14g8YGGnizedyM9yeMF4iv4CGhtcgroa55rMOsR9Pw/AAbkCOQZd5pb4pu/a8CMbtNiZl900s2UHcSlWzov7mDCtCDdCmZN0dMH9yONREqS5DWxhL70UO130K56iOgT93DOnHzt5xfHPk90bNiOg==&u=U2FsdGVkX188tK3xcib42bqMGmPZ41iiihZDmg894jI=&y=U2FsdGVkX19qGm5vVwlole1q66JF/ucerKLl7uOw6hQ= HTTP/1.1" 200 26
186.102.15.141 - - [12/Jan/2024:08:23:02 -0500] "GET /kwssiamovil/sm/acme/a?s=U2FsdGVkX1/nCfrA6nuu8Zzc5RA56sz3feldjWNk8IGWcEfttrALcUIcfVZ1kE7d+mmehlHtzSMgYgBoUz+ZAlhttd/lKrZzZJdrLxAoIuZN6eUq+ZELxUyWUH1n31AhvS6EtC640LZ5oiJOAAXhOwvgdJ8oRtopPO6BpyDWPDR3Z7gwbXIbFPPQHgblYSiBgk7r4U4ElLTc5i4iuqtRYr/Aex/tRG2gBaKXrtP0kBs+qRv3Hhnz4BQaEYqsf774b5hdz+ZVbMK3kycoU6Cq5nEcuFiNLVFRfjGXFmOHSRLP85V70lymHqN0EZrwsMDdv8WOB+g1RnxrqVWWO0irTX/ra5tCnvupvtd/ycoRa61RjLcJPbqFor51zJaQMHvijnbQ3JBNYfhBAQ0oqgWqxxXfOJfbJGY2oQPcf+aOQHKxbUwE6s39vWlIXxeaWqnFWHoQiBUw8ASYTVa2lbv2HjJKMN+xv5lxEs8iE9xA/7+4YxHJuqmZ7uBhd5IOv8CtKdkVrjdSbdztQnqG7V2Io7CPyn9xbNttKx+3iSM8w4fS2OxkzUzMmZWUEY2NmKeJnjokBpNCmDPwXRmV/hAPvi5hjyDhtc9YEoQJ+4TLlnuRFT6mL3YXEmeb7AJK/1ADwRjgi13v3bXHHCf2Glnv//UGNG5CLD2Y0DVtxlyGQmzAka6JssjmSCWp8QTb58qIS7IxrCgQN/PdtXYlws7fc334Bk0JspGwwH3nqt9KrMEOUeLaXxX6XHey/5NuAIS0tzRU1YtwyoUH9Ehon2fxVnRuPyTS8T7Nm4hCG/B2rs849lU2j5Lyxa4VPkysq2D6kSIAEeRFKf4e7nT0NvyzY8yBkakO66KvbCxCRO8WTBlRu2XuW9eO46t4C71zwPrhN058wVtlQFxPGFrheYExqBzxbU8Uf/+1CfSMVjeFGaFrEjRA2O8riafZHLdOmENSlbFP+gwHOwqGmxqsB+5dWA+8kJ/rlGitHc+9AwxvBbuKfpdNyBKZH7T0gBjvNOdiGjOkbg00TRxOlE+HnzEFQxUUXmdGpKKh7FWvytIeHnYvJT9W2/cPExi8VyUfKoJWZnz4pHukOu/r2XbI8rjeYgO4Wa/uzyIPE+n0jJKnuhb1JK/riyrSccVg26OrNdOTiEQP0FDoF+Oi0c7XqfNBJQuwBsRYOoPNwymR0k/Ta3ww2TxOuS/drtlsH0Jb51GQ9/njZbYjYQC2IU03Nb8zf8eRvACqcG2uEZFK1GYNyFRGfwNZxjZ5lCTOYBoQ2nTYUBXbXsO8TB7utlvYpqfdkYjSwyLcn2WptNe6lzz8wA08o/PtGCBpeavjGkXIQMrlkptJh4/POZUdbcFIW017j6vTVvInFfRTqA3sOvkX7HlM9V3f6VlFQkeY/WJAJeW7thu3X2Ie/m2SVxe9UW+iaRnSckaLmFHcZchoLd8tpO66Aqo9cGM4w0MnX3E43wAJAP0sqrHlAoSzoBINRjudMQ11V1p2SdKTso4lbl5P+XgTIFs5hQLtUHMVVnqWIGqC5OpmNCoId8ULJrmkOHXfuBcrwDog8+Svdu91qRCFx5riNZaQ79i6+yknBhAOKtvja5YuVFGT3iTYCwAewBppOhQII1GvdrKYORhoz+S9mVFteJRQ+2mUY3t/MX99QqmOq4laxCcJtcSDWIG6YQZGAbWZZYZi2qaDXTmlnlBy+lnIkZ6cvB8nSxHDjeEs6m3RJh9O4r497qiMI56u/ZqrjALEg4toJ7jQlzNTvakf4z56JDGGJdoB+b+XcKlzOBJ9XulfZF5yi2l9Ej1r67pHw2xXKXyZyYWf2LSyBEIk8wtysvYxupo3f+784O60bjEexvvZhkADm+kY8ZeWvPmrHT9/ug/OI8EToKkfAXBnmLDJ107v/QKNCYu0odBsdwItYGPY/YY433E1Ny3vZp6E/3+VvgK20l5llyrdyBKQcYQ9UXNwlVmUWC8ryLBLLPwETV1oluyP14JrMxuoGW3wDXpeDiLlsxNqB54OqOYfrXHANxKcaz0J5WYKQYj/jm03vHvGUWNqvvZFrpudbTnI2bbnjkTD+E1M4Jaioved3t3ZJ0RxjOAy0EJKk9faoVlmGmvj7QuPELGXqUPJo9jpvQVP6NkJkqEaFeP/KXKe5k7udMAY9A+O31WqGM4IdOL/asYXn/IW/gE51hPnTB6VByOumdBWYbaMGLBcYRNN6LJml6nrgIsySoZpPNrcdzK0e/vUaSme8xM6xG/RmXKIH66ApQ6K9bNOSOVJEWfGlVHoY4HQ8Yp5l9LQykjVQqX/dN4/YewCTn2GrspEJnvh8rdDyyi3+gn4EKMwiSl3Y7leu6hGiFBcmqrTsoN6soJQzH6mYWzncVplEUli75j41jy8UBMxWSfHqYqUtdlwo94m5wkFc9uPkW0GVhfKZ4cMeFR5gdzcCJj+2m92GaCi8dHLYp1b0JdVSzTeznYj/IOSQEke/7lTDSLk/S5QPHH3Cu8b+HLSSOcE518c1QTBTCfRVqwq93e+Y1y911kX9xZeUIs/KxwTQrCGOdPpp3bTrACBFO9Y9sriaWgfNCpXFiHJYn0WhdIQs1jQVFoZJT5AEEiexqSW7gf2s5ChGZUI2kauVcUUH9HggImudZDOKvc3xWgwgqxS+SaOM06S4OPa2VhDmgBgBYMM6ePlDLo256kZSk/WO+H6ObfNqNPRtxmW5Sc+4B5TZmEh0x26FB/DxT2bKfck03reCQ1cfN3uGsRgdDXV+B2ltXbVy1Jbm2HNK+7faQd5ivz31UqaCpyT5s0uqav5thwgPeEFuf2moZDqLXNdihuWGSzbKy6iPsoMyoskLi3T1S3AKdhAxr/M9J4pthFEdy9LBuzIjL/VfQ911udhY5Er6ljjFuk64iRHaHnJIpML8SC9GkvLRxwoO1UGVj5QrlhCO9QzQP+g74iqQ2dbB9M289a3upkNixgj2OuDqm7dxPiAlH1xRXe7PY2KZnIGnD3312f+TsSGfQIU/89HNLuW+6ycgaHkEfoy71lKbMtXa02n8IogRW/ZfW8ACQaRhB46OMVesskcbu4ITO1TCGNSQmh2iLJXohpnHHblbXVuFyWO5dU8BwzB3tRYHm2zM+F2h8YyLAeJAkvu4yV/bfztKX3G/7mjnw==&u=U2FsdGVkX188tK3xcib42bqMGmPZ41iiihZDmg894jI=&y=U2FsdGVkX19qGm5vVwlole1q66JF/ucerKLl7uOw6hQ= HTTP/1.1" 200 26
186.102.15.141 - - [12/Jan/2024:08:23:03 -0500] "GET /kwssiamovil/sm/acme/a?s=U2FsdGVkX1+TLvOH6bCl2VOBnMYKo3OBuvLwXjI3aZe0EaXjFe8we7NjQjxFOOpJSm2WWDMUFwNfhkVH6Y9MZVO4DY/RIA3XrTkoUMTSjrVQgA2/ZN4zGIcqy2CJmZfhsm2SzOJCumiFWLhK4jtHYgTAr/Y4PoSSQYS7ugCmwZs=&u=U2FsdGVkX188tK3xcib42bqMGmPZ41iiihZDmg894jI=&y=U2FsdGVkX19qGm5vVwlole1q66JF/ucerKLl7uOw6hQ= HTTP/1.1" 200 26
186.102.15.141 - - [12/Jan/2024:08:23:03 -0500] "GET /kwssiamovil/sm/acme/a?s=U2FsdGVkX1/Nu/Vto702rlDDXU3JgzJT+yv/x0cMQlS4zcNx8NGv98x7MvKMIi1g55o9Bl+Mq+TS1SVR7G8HrWA/OKAiSySUbVlGE0/gnEfeKIuSo8wrXrwyelu3JzuVWg6jROkI1P0OEz2l8p9+8TnEfBknfBLfTBfJsbVvH0o=&u=U2FsdGVkX188tK3xcib42bqMGmPZ41iiihZDmg894jI=&y=U2FsdGVkX19qGm5vVwlole1q66JF/ucerKLl7uOw6hQ= HTTP/1.1" 200 26
186.102.15.141 - - [12/Jan/2024:08:23:03 -0500] "GET /kwssiamovil/sm/acme/a?s=U2FsdGVkX18OfP4fiBn3sl2jfa/aCBSGi3jNDcAfrQwAc24RPiCs3psjroV79TSRobttTHNw8N4kD+KUIbouQwOFMzR3vGMxPUjB0JA7wUynZCa3AhwGWbw+oGIvACx8o00Q6Drs64givUd0cWsVsxe/owEhZblwNYPTgZfTS6g=&u=U2FsdGVkX188tK3xcib42bqMGmPZ41iiihZDmg894jI=&y=U2FsdGVkX19qGm5vVwlole1q66JF/ucerKLl7uOw6hQ= HTTP/1.1" 200 26
186.102.15.141 - - [12/Jan/2024:08:23:03 -0500] "GET /kwssiamovil/sm/acme/a?s=U2FsdGVkX19DUNJz6fG5v/09TvcqQmnO15GoTDA81u2ik+lHr7dzejJLPfihH+YtU8JScBspIOi4Q21aOB+ODTWXhv9YeN/9r9yPQoDB14fNQSs9w21UeAnHDuUToTuvTilnm6uLS01b5eJ9b/0h5iTSUiGKGAXD8pJrD5MA0/5l2yOX6e2ar2Bf80OZ2Aba&u=U2FsdGVkX188tK3xcib42bqMGmPZ41iiihZDmg894jI=&y=U2FsdGVkX19qGm5vVwlole1q66JF/ucerKLl7uOw6hQ= HTTP/1.1" 200 26
156.59.198.135 - - [12/Jan/2024:08:23:16 -0500] "GET /BLA/resoluciones/RESOLUCIONES%202018/1553.pdf HTTP/1.0" 200 306772
172.22.2.4 - - [12/Jan/2024:08:23:22 -0500] "GET /BLA/boletinlegal/actos.php HTTP/1.1" 200 9648
201.245.192.253 - - [12/Jan/2024:08:23:28 -0500] "POST /forms/lservlet;jsessionid=ac16012b30d6e9245d4a5ae64507bcdc86473ff87750.e3iSbxaKaheRe34Rb3eTbx8LaNb0n6jAmljGr5XDqQLvpAe HTTP/1.1" 200 2
186.114.246.123 - - [12/Jan/2024:08:23:35 -0500] "GET /sipse/faces/javax.faces.resource/theme.css?ln=primefaces-sipse HTTP/1.1" 304 -
156.59.198.136 - - [12/Jan/2024:08:23:39 -0500] "GET /BLA/resoluciones/RESOLUCIONES%202018/2978.pdf HTTP/1.0" 200 3232973
186.114.246.123 - - [12/Jan/2024:08:23:45 -0500] "GET /sipse/faces/javax.faces.resource/theme.css?ln=primefaces-sipse HTTP/1.1" 304 -
186.114.246.123 - - [12/Jan/2024:08:23:51 -0500] "GET /sipse/faces/javax.faces.resource/primefaces.css?ln=primefaces&v=4.0 HTTP/1.1" 304 -
186.154.49.87 - - [12/Jan/2024:08:23:51 -0500] "POST /sipse/faces/presentacion/financiero/solicitudProceso/consultarSolicitudProceso.xhtml HTTP/1.1" 200 5503
186.114.246.123 - - [12/Jan/2024:08:23:52 -0500] "GET /sipse/faces/javax.faces.resource/jquery/jquery.js?ln=primefaces&v=4.0 HTTP/1.1" 304 -
186.114.246.123 - - [12/Jan/2024:08:23:52 -0500] "GET /sipse/faces/javax.faces.resource/primefaces.css?ln=primefaces&v=4.0 HTTP/1.1" 304 -
186.114.246.123 - - [12/Jan/2024:08:23:52 -0500] "GET /sipse/faces/javax.faces.resource/layout/layout.css?ln=primefaces&v=4.0 HTTP/1.1" 304 -
186.114.246.123 - - [12/Jan/2024:08:23:53 -0500] "GET /sipse/faces/javax.faces.resource/layout/layout.css?ln=primefaces&v=4.0 HTTP/1.1" 304 -
186.114.246.123 - - [12/Jan/2024:08:23:53 -0500] "GET /sipse/faces/javax.faces.resource/jquery/jquery.js?ln=primefaces&v=4.0 HTTP/1.1" 304 -
186.114.246.123 - - [12/Jan/2024:08:23:53 -0500] "GET /sipse/faces/javax.faces.resource/layout/layout.js?ln=primefaces&v=4.0 HTTP/1.1" 304 -
186.114.246.123 - - [12/Jan/2024:08:23:53 -0500] "GET /sipse/faces/javax.faces.resource/jquery/jquery-plugins.js?ln=primefaces&v=4.0 HTTP/1.1" 304 -
186.114.246.123 - - [12/Jan/2024:08:23:53 -0500] "GET /sipse/faces/javax.faces.resource/jquery/jquery-plugins.js?ln=primefaces&v=4.0 HTTP/1.1" 304 -
186.114.246.123 - - [12/Jan/2024:08:23:53 -0500] "GET /sipse/faces/javax.faces.resource/primefaces.js?ln=primefaces&v=4.0 HTTP/1.1" 304 -
186.114.246.123 - - [12/Jan/2024:08:23:53 -0500] "GET /sipse/faces/javax.faces.resource/primefaces.js?ln=primefaces&v=4.0 HTTP/1.1" 304 -
201.245.192.253 - - [12/Jan/2024:08:23:54 -0500] "POST /forms/lservlet;jsessionid=ac16012b30d6daf3d1e69b9448f9b338854e2531f358.e3iSbxaKaheRe34Rb3eTbx8LaNb0n6jAmljGr5XDqQLvpAe HTTP/1.1" 200 2
186.114.246.123 - - [12/Jan/2024:08:23:55 -0500] "GET /sipse/faces/javax.faces.resource/layout/layout.js?ln=primefaces&v=4.0 HTTP/1.1" 304 -
186.114.246.123 - - [12/Jan/2024:08:23:55 -0500] "GET /sipse/faces/javax.faces.resource/images/ui-icons_898989_256x240.png?ln=primefaces-aristo HTTP/1.1" 304 -
186.114.246.123 - - [12/Jan/2024:08:23:56 -0500] "GET /sipse/faces/javax.faces.resource/images/ui-icons_898989_256x240.png?ln=primefaces-aristo HTTP/1.1" 304 -
156.59.198.135 - - [12/Jan/2024:08:24:04 -0500] "GET /BLA/resoluciones/RESOLUCIONES%202018/2458.pdf HTTP/1.0" 200 308690
201.245.192.253 - - [12/Jan/2024:08:24:28 -0500] "POST /sipse/faces/presentacion/financiero/solicitudProceso/consultarSolicitudProceso.xhtml HTTP/1.1" 200 5449
201.245.192.253 - - [12/Jan/2024:08:24:28 -0500] "GET /sipse/faces/javax.faces.resource/dynamiccontent.properties?ln=primefaces&pfdrid=XjOR5%2F%2FfPAZAuY9TpWQeCiM0BhlXxYRBGKi%2FQcXXfeA%3D&pfdrid_c=false HTTP/1.1" 200 117636
156.59.198.135 - - [12/Jan/2024:08:24:30 -0500] "GET /BLA/resoluciones/RESOLUCIONES%202018/2779.pdf HTTP/1.0" 200 277404
186.154.49.87 - - [12/Jan/2024:08:24:31 -0500] "POST /sipse/faces/presentacion/financiero/solicitudProceso/consultarSolicitudProceso.xhtml HTTP/1.1" 200 25147
186.154.49.87 - - [12/Jan/2024:08:24:32 -0500] "GET /sipse/faces/javax.faces.resource/theme.css?ln=primefaces-sipse HTTP/1.1" 304 -
186.154.49.87 - - [12/Jan/2024:08:24:32 -0500] "GET /sipse/faces/javax.faces.resource/primefaces.css?ln=primefaces&v=4.0 HTTP/1.1" 304 -
186.154.49.87 - - [12/Jan/2024:08:24:32 -0500] "GET /sipse/faces/javax.faces.resource/layout/layout.css?ln=primefaces&v=4.0 HTTP/1.1" 304 -
186.154.49.87 - - [12/Jan/2024:08:24:32 -0500] "GET /sipse/faces/javax.faces.resource/jquery/jquery.js?ln=primefaces&v=4.0 HTTP/1.1" 304 -
186.154.49.87 - - [12/Jan/2024:08:24:32 -0500] "GET /sipse/faces/javax.faces.resource/jquery/jquery-plugins.js?ln=primefaces&v=4.0 HTTP/1.1" 304 -
186.154.49.87 - - [12/Jan/2024:08:24:32 -0500] "GET /sipse/faces/javax.faces.resource/primefaces.js?ln=primefaces&v=4.0 HTTP/1.1" 304 -
186.154.49.87 - - [12/Jan/2024:08:24:32 -0500] "GET /sipse/faces/javax.faces.resource/layout/layout.js?ln=primefaces&v=4.0 HTTP/1.1" 304 -
186.154.49.87 - - [12/Jan/2024:08:24:38 -0500] "POST /sipse/faces/presentacion/financiero/viabilidad/expedirViabilidad.xhtml HTTP/1.1" 200 126458
186.154.49.87 - - [12/Jan/2024:08:24:38 -0500] "GET /sipse/faces/javax.faces.resource/layout/layout.css?ln=primefaces&v=4.0 HTTP/1.1" 304 -
186.154.49.87 - - [12/Jan/2024:08:24:38 -0500] "GET /sipse/faces/javax.faces.resource/theme.css?ln=primefaces-sipse HTTP/1.1" 304 -
186.154.49.87 - - [12/Jan/2024:08:24:38 -0500] "GET /sipse/faces/javax.faces.resource/primefaces.css?ln=primefaces&v=4.0 HTTP/1.1" 304 -
186.154.49.87 - - [12/Jan/2024:08:24:38 -0500] "GET /sipse/faces/javax.faces.resource/jquery/jquery.js?ln=primefaces&v=4.0 HTTP/1.1" 304 -
186.154.49.87 - - [12/Jan/2024:08:24:38 -0500] "GET /sipse/faces/javax.faces.resource/jquery/jquery-plugins.js?ln=primefaces&v=4.0 HTTP/1.1" 304 -
186.154.49.87 - - [12/Jan/2024:08:24:38 -0500] "GET /sipse/faces/javax.faces.resource/primefaces.js?ln=primefaces&v=4.0 HTTP/1.1" 304 -
186.154.49.87 - - [12/Jan/2024:08:24:38 -0500] "GET /sipse/faces/javax.faces.resource/layout/layout.js?ln=primefaces&v=4.0 HTTP/1.1" 304 -
186.154.49.87 - - [12/Jan/2024:08:24:39 -0500] "GET /sipse/faces/javax.faces.resource/dynamiccontent.properties?ln=primefaces&pfdrid=XjOR5%2F%2FfPAZAuY9TpWQeCiM0BhlXxYRBGKi%2FQcXXfeA%3D&pfdrid_c=false HTTP/1.1" 500 383
201.245.192.253 - - [12/Jan/2024:08:24:43 -0500] "POST /sipse/faces/presentacion/financiero/solicitudProceso/consultarSolicitudProceso.xhtml HTTP/1.1" 200 30279
201.245.192.253 - - [12/Jan/2024:08:24:43 -0500] "GET /sipse/faces/javax.faces.resource/theme.css?ln=primefaces-sipse HTTP/1.1" 304 -
201.245.192.253 - - [12/Jan/2024:08:24:43 -0500] "GET /sipse/faces/javax.faces.resource/primefaces.css?ln=primefaces&v=4.0 HTTP/1.1" 304 -
201.245.192.253 - - [12/Jan/2024:08:24:43 -0500] "GET /sipse/faces/javax.faces.resource/layout/layout.css?ln=primefaces&v=4.0 HTTP/1.1" 304 -
201.245.192.253 - - [12/Jan/2024:08:24:43 -0500] "GET /sipse/faces/javax.faces.resource/layout/layout.js?ln=primefaces&v=4.0 HTTP/1.1" 304 -
201.245.192.253 - - [12/Jan/2024:08:24:43 -0500] "GET /sipse/faces/javax.faces.resource/jquery/jquery.js?ln=primefaces&v=4.0 HTTP/1.1" 304 -
201.245.192.253 - - [12/Jan/2024:08:24:43 -0500] "GET /sipse/faces/javax.faces.resource/jquery/jquery-plugins.js?ln=primefaces&v=4.0 HTTP/1.1" 304 -
201.245.192.253 - - [12/Jan/2024:08:24:43 -0500] "GET /sipse/faces/javax.faces.resource/primefaces.js?ln=primefaces&v=4.0 HTTP/1.1" 304 -
201.245.192.253 - - [12/Jan/2024:08:24:43 -0500] "GET /sipse/faces/javax.faces.resource/images/ui-icons_898989_256x240.png?ln=primefaces-aristo HTTP/1.1" 304 -
186.154.49.87 - - [12/Jan/2024:08:24:44 -0500] "GET /sipse/faces/javax.faces.resource/theme.css?ln=primefaces-sipse HTTP/1.1" 304 -
186.154.49.87 - - [12/Jan/2024:08:24:44 -0500] "GET /sipse/faces/javax.faces.resource/primefaces.css?ln=primefaces&v=4.0 HTTP/1.1" 304 -
186.154.49.87 - - [12/Jan/2024:08:24:44 -0500] "GET /sipse/faces/javax.faces.resource/layout/layout.css?ln=primefaces&v=4.0 HTTP/1.1" 304 -
186.154.49.87 - - [12/Jan/2024:08:24:44 -0500] "GET /sipse/faces/javax.faces.resource/jquery/jquery-plugins.js?ln=primefaces&v=4.0 HTTP/1.1" 304 -
186.154.49.87 - - [12/Jan/2024:08:24:44 -0500] "GET /sipse/faces/javax.faces.resource/jquery/jquery.js?ln=primefaces&v=4.0 HTTP/1.1" 304 -
186.154.49.87 - - [12/Jan/2024:08:24:44 -0500] "GET /sipse/faces/javax.faces.resource/primefaces.js?ln=primefaces&v=4.0 HTTP/1.1" 304 -
186.154.49.87 - - [12/Jan/2024:08:24:44 -0500] "GET /sipse/faces/javax.faces.resource/layout/layout.js?ln=primefaces&v=4.0 HTTP/1.1" 304 -
186.154.49.87 - - [12/Jan/2024:08:24:44 -0500] "POST /sipse/faces/presentacion/financiero/solicitudProceso/consultarSolicitudProceso.xhtml HTTP/1.1" 200 173049
186.154.49.87 - - [12/Jan/2024:08:24:44 -0500] "GET /sipse/faces/javax.faces.resource/dynamiccontent.properties?ln=primefaces&pfdrid=XjOR5%2F%2FfPAZAuY9TpWQeCiM0BhlXxYRBGKi%2FQcXXfeA%3D&pfdrid_c=false HTTP/1.1" 500 383
201.245.192.253 - - [12/Jan/2024:08:24:45 -0500] "GET /sipse/faces/javax.faces.resource/theme.css?ln=primefaces-sipse HTTP/1.1" 304 -
201.245.192.253 - - [12/Jan/2024:08:24:45 -0500] "GET /sipse/faces/javax.faces.resource/primefaces.css?ln=primefaces&v=4.0 HTTP/1.1" 304 -
201.245.192.253 - - [12/Jan/2024:08:24:45 -0500] "GET /sipse/faces/javax.faces.resource/layout/layout.css?ln=primefaces&v=4.0 HTTP/1.1" 304 -
201.245.192.253 - - [12/Jan/2024:08:24:45 -0500] "GET /sipse/faces/javax.faces.resource/jquery/jquery.js?ln=primefaces&v=4.0 HTTP/1.1" 304 -
201.245.192.253 - - [12/Jan/2024:08:24:45 -0500] "GET /sipse/faces/javax.faces.resource/jquery/jquery-plugins.js?ln=primefaces&v=4.0 HTTP/1.1" 304 -
201.245.192.253 - - [12/Jan/2024:08:24:45 -0500] "GET /sipse/faces/javax.faces.resource/primefaces.js?ln=primefaces&v=4.0 HTTP/1.1" 304 -
201.245.192.253 - - [12/Jan/2024:08:24:45 -0500] "GET /sipse/faces/javax.faces.resource/layout/layout.js?ln=primefaces&v=4.0 HTTP/1.1" 304 -
201.245.192.253 - - [12/Jan/2024:08:24:45 -0500] "POST /sipse/faces/presentacion/financiero/solicitudProceso/consultarHistorialSolProceso.xhtml HTTP/1.1" 200 161987
201.245.192.253 - - [12/Jan/2024:08:24:45 -0500] "GET /sipse/faces/javax.faces.resource/images/ui-icons_898989_256x240.png?ln=primefaces-aristo HTTP/1.1" 304 -
201.245.192.253 - - [12/Jan/2024:08:24:45 -0500] "GET /sipse/faces/javax.faces.resource/dynamiccontent.properties?ln=primefaces&pfdrid=XjOR5%2F%2FfPAZAuY9TpWQeCiM0BhlXxYRBGKi%2FQcXXfeA%3D&pfdrid_c=false HTTP/1.1" 500 383
201.245.192.253 - - [12/Jan/2024:08:24:45 -0500] "POST /kwsrmcab/Wsrmcab HTTP/1.1" 200 39299
201.245.192.253 - - [12/Jan/2024:08:24:48 -0500] "POST /sipse/faces/presentacion/financiero/solicitudProceso/consultarSolicitudProceso.xhtml HTTP/1.1" 200 26068
201.245.192.253 - - [12/Jan/2024:08:24:48 -0500] "GET /sipse/faces/javax.faces.resource/theme.css?ln=primefaces-sipse HTTP/1.1" 304 -
201.245.192.253 - - [12/Jan/2024:08:24:48 -0500] "GET /sipse/faces/javax.faces.resource/primefaces.css?ln=primefaces&v=4.0 HTTP/1.1" 304 -
201.245.192.253 - - [12/Jan/2024:08:24:48 -0500] "GET /sipse/faces/javax.faces.resource/layout/layout.css?ln=primefaces&v=4.0 HTTP/1.1" 304 -
201.245.192.253 - - [12/Jan/2024:08:24:48 -0500] "GET /sipse/faces/javax.faces.resource/jquery/jquery.js?ln=primefaces&v=4.0 HTTP/1.1" 304 -
201.245.192.253 - - [12/Jan/2024:08:24:48 -0500] "GET /sipse/faces/javax.faces.resource/jquery/jquery-plugins.js?ln=primefaces&v=4.0 HTTP/1.1" 304 -
201.245.192.253 - - [12/Jan/2024:08:24:48 -0500] "GET /sipse/faces/javax.faces.resource/primefaces.js?ln=primefaces&v=4.0 HTTP/1.1" 304 -
201.245.192.253 - - [12/Jan/2024:08:24:48 -0500] "GET /sipse/faces/javax.faces.resource/layout/layout.js?ln=primefaces&v=4.0 HTTP/1.1" 304 -
201.245.192.253 - - [12/Jan/2024:08:24:48 -0500] "GET /sipse/faces/javax.faces.resource/images/ui-icons_898989_256x240.png?ln=primefaces-aristo HTTP/1.1" 304 -
201.245.192.253 - - [12/Jan/2024:08:24:48 -0500] "POST /kwsrmcab/Wsrmcab HTTP/1.1" 200 39148
186.154.49.87 - - [12/Jan/2024:08:24:50 -0500] "POST /sipse/faces/presentacion/financiero/solicitudProceso/consultarSolicitudProceso.xhtml HTTP/1.1" 200 58436
186.154.49.87 - - [12/Jan/2024:08:24:52 -0500] "GET /sipse/faces/javax.faces.resource/theme.css?ln=primefaces-sipse HTTP/1.1" 304 -
186.154.49.87 - - [12/Jan/2024:08:24:52 -0500] "GET /sipse/faces/javax.faces.resource/primefaces.css?ln=primefaces&v=4.0 HTTP/1.1" 304 -
186.154.49.87 - - [12/Jan/2024:08:24:52 -0500] "GET /sipse/faces/javax.faces.resource/layout/layout.css?ln=primefaces&v=4.0 HTTP/1.1" 304 -
186.154.49.87 - - [12/Jan/2024:08:24:52 -0500] "GET /sipse/faces/javax.faces.resource/jquery/jquery.js?ln=primefaces&v=4.0 HTTP/1.1" 304 -
186.154.49.87 - - [12/Jan/2024:08:24:52 -0500] "GET /sipse/faces/javax.faces.resource/jquery/jquery-plugins.js?ln=primefaces&v=4.0 HTTP/1.1" 304 -
186.154.49.87 - - [12/Jan/2024:08:24:52 -0500] "GET /sipse/faces/javax.faces.resource/primefaces.js?ln=primefaces&v=4.0 HTTP/1.1" 304 -
186.154.49.87 - - [12/Jan/2024:08:24:52 -0500] "GET /sipse/faces/javax.faces.resource/layout/layout.js?ln=primefaces&v=4.0 HTTP/1.1" 304 -
186.154.49.87 - - [12/Jan/2024:08:24:52 -0500] "POST /sipse/faces/presentacion/financiero/solicitudProceso/listarSolicitudProceso.xhtml HTTP/1.1" 200 1536
156.59.198.135 - - [12/Jan/2024:08:24:53 -0500] "GET /BLA/resoluciones/RESOLUCIONES%202018/1425.pdf HTTP/1.0" 200 396557
201.245.192.253 - - [12/Jan/2024:08:24:56 -0500] "GET /sipse/faces/javax.faces.resource/images/ui-bg_flat_0_2d5972_40x100.png?ln=primefaces-aristo HTTP/1.1" 304 -
