190.27.31.8 - - [12/Jan/2024:00:13:53 -0500] "GET /sipse/faces/javax.faces.resource/theme.css?ln=primefaces-sipse HTTP/1.1" 304 -
190.27.31.8 - - [12/Jan/2024:00:13:53 -0500] "GET /sipse/faces/javax.faces.resource/primefaces.css?ln=primefaces&v=4.0 HTTP/1.1" 304 -
190.27.31.8 - - [12/Jan/2024:00:13:53 -0500] "GET /sipse/faces/javax.faces.resource/layout/layout.css?ln=primefaces&v=4.0 HTTP/1.1" 304 -
190.27.31.8 - - [12/Jan/2024:00:13:53 -0500] "GET /sipse/faces/javax.faces.resource/jquery/jquery.js?ln=primefaces&v=4.0 HTTP/1.1" 304 -
190.27.31.8 - - [12/Jan/2024:00:13:53 -0500] "GET /sipse/faces/javax.faces.resource/jquery/jquery-plugins.js?ln=primefaces&v=4.0 HTTP/1.1" 304 -
190.27.31.8 - - [12/Jan/2024:00:13:53 -0500] "GET /sipse/faces/javax.faces.resource/primefaces.js?ln=primefaces&v=4.0 HTTP/1.1" 304 -
190.27.31.8 - - [12/Jan/2024:00:13:53 -0500] "GET /sipse/faces/javax.faces.resource/layout/layout.js?ln=primefaces&v=4.0 HTTP/1.1" 304 -
201.245.192.253 - - [12/Jan/2024:00:13:53 -0500] "POST /forms/lservlet;jsessionid=ac16012b30d6daf3d1e69b9448f9b338854e2531f358.e3iSbxaKaheRe34Rb3eTbx8LaNb0n6jAmljGr5XDqQLvpAe HTTP/1.1" 200 2
190.27.31.8 - - [12/Jan/2024:00:13:53 -0500] "POST /sipse/faces/presentacion/financiero/solicitudProceso/listarSolicitudProceso.xhtml HTTP/1.1" 200 1556
190.27.31.8 - - [12/Jan/2024:00:13:53 -0500] "POST /sipse/faces/presentacion/financiero/solicitudProceso/listarSolicitudProceso.xhtml HTTP/1.1" 200 1552
190.27.31.8 - - [12/Jan/2024:00:14:03 -0500] "POST /sipse/faces/presentacion/financiero/solicitudProceso/listarSolicitudProceso.xhtml HTTP/1.1" 200 113142
190.27.31.8 - - [12/Jan/2024:00:14:04 -0500] "GET /sipse/faces/javax.faces.resource/theme.css?ln=primefaces-sipse HTTP/1.1" 304 -
190.27.31.8 - - [12/Jan/2024:00:14:04 -0500] "GET /sipse/faces/javax.faces.resource/primefaces.css?ln=primefaces&v=4.0 HTTP/1.1" 304 -
190.27.31.8 - - [12/Jan/2024:00:14:04 -0500] "GET /sipse/faces/javax.faces.resource/layout/layout.css?ln=primefaces&v=4.0 HTTP/1.1" 304 -
190.27.31.8 - - [12/Jan/2024:00:14:04 -0500] "GET /sipse/faces/javax.faces.resource/jquery/jquery.js?ln=primefaces&v=4.0 HTTP/1.1" 304 -
190.27.31.8 - - [12/Jan/2024:00:14:04 -0500] "GET /sipse/faces/javax.faces.resource/jquery/jquery-plugins.js?ln=primefaces&v=4.0 HTTP/1.1" 304 -
190.27.31.8 - - [12/Jan/2024:00:14:04 -0500] "GET /sipse/faces/javax.faces.resource/primefaces.js?ln=primefaces&v=4.0 HTTP/1.1" 304 -
190.27.31.8 - - [12/Jan/2024:00:14:04 -0500] "GET /sipse/faces/javax.faces.resource/layout/layout.js?ln=primefaces&v=4.0 HTTP/1.1" 304 -
172.22.2.4 - - [12/Jan/2024:00:14:15 -0500] "GET /BLA/boletinlegal/images/registro-usuarios.png HTTP/1.1" 200 8106
172.22.1.61 - - [12/Jan/2024:00:14:26 -0500] "GET /reportes_sipse/sdg/ServletViabilidad?reporte=memo_viabilidad&solicitud=23678 HTTP/1.1" 200 1538
190.27.31.8 - - [12/Jan/2024:00:14:26 -0500] "POST /sipse/faces/presentacion/financiero/solicitudProceso/consultarSolicitudProceso.xhtml HTTP/1.1" 200 65609
190.27.31.8 - - [12/Jan/2024:00:14:28 -0500] "GET /sipse/faces/javax.faces.resource/theme.css?ln=primefaces-sipse HTTP/1.1" 304 -
190.27.31.8 - - [12/Jan/2024:00:14:28 -0500] "GET /sipse/faces/javax.faces.resource/primefaces.css?ln=primefaces&v=4.0 HTTP/1.1" 304 -
190.27.31.8 - - [12/Jan/2024:00:14:28 -0500] "GET /sipse/faces/javax.faces.resource/layout/layout.css?ln=primefaces&v=4.0 HTTP/1.1" 304 -
190.27.31.8 - - [12/Jan/2024:00:14:28 -0500] "GET /sipse/faces/javax.faces.resource/jquery/jquery.js?ln=primefaces&v=4.0 HTTP/1.1" 304 -
190.27.31.8 - - [12/Jan/2024:00:14:28 -0500] "GET /sipse/faces/javax.faces.resource/layout/layout.js?ln=primefaces&v=4.0 HTTP/1.1" 304 -
190.27.31.8 - - [12/Jan/2024:00:14:28 -0500] "GET /sipse/faces/javax.faces.resource/primefaces.js?ln=primefaces&v=4.0 HTTP/1.1" 304 -
190.27.31.8 - - [12/Jan/2024:00:14:28 -0500] "GET /sipse/faces/javax.faces.resource/jquery/jquery-plugins.js?ln=primefaces&v=4.0 HTTP/1.1" 304 -
190.27.31.8 - - [12/Jan/2024:00:14:29 -0500] "POST /sipse/faces/presentacion/financiero/solicitudProceso/listarSolicitudProceso.xhtml HTTP/1.1" 200 1556
190.27.31.8 - - [12/Jan/2024:00:14:29 -0500] "POST /sipse/faces/presentacion/financiero/solicitudProceso/listarSolicitudProceso.xhtml HTTP/1.1" 200 1552
190.27.31.8 - - [12/Jan/2024:00:14:38 -0500] "POST /sipse/faces/presentacion/financiero/solicitudProceso/listarSolicitudProceso.xhtml HTTP/1.1" 200 110796
190.27.31.8 - - [12/Jan/2024:00:14:39 -0500] "GET /sipse/faces/javax.faces.resource/theme.css?ln=primefaces-sipse HTTP/1.1" 304 -
190.27.31.8 - - [12/Jan/2024:00:14:39 -0500] "GET /sipse/faces/javax.faces.resource/primefaces.css?ln=primefaces&v=4.0 HTTP/1.1" 304 -
190.27.31.8 - - [12/Jan/2024:00:14:39 -0500] "GET /sipse/faces/javax.faces.resource/layout/layout.css?ln=primefaces&v=4.0 HTTP/1.1" 304 -
190.27.31.8 - - [12/Jan/2024:00:14:39 -0500] "GET /sipse/faces/javax.faces.resource/jquery/jquery.js?ln=primefaces&v=4.0 HTTP/1.1" 304 -
190.27.31.8 - - [12/Jan/2024:00:14:39 -0500] "GET /sipse/faces/javax.faces.resource/jquery/jquery-plugins.js?ln=primefaces&v=4.0 HTTP/1.1" 304 -
190.27.31.8 - - [12/Jan/2024:00:14:39 -0500] "GET /sipse/faces/javax.faces.resource/primefaces.js?ln=primefaces&v=4.0 HTTP/1.1" 304 -
190.27.31.8 - - [12/Jan/2024:00:14:39 -0500] "GET /sipse/faces/javax.faces.resource/layout/layout.js?ln=primefaces&v=4.0 HTTP/1.1" 304 -
201.245.192.253 - - [12/Jan/2024:00:14:46 -0500] "POST /kwsrmcab/Wsrmcab HTTP/1.1" 200 39277
201.245.192.253 - - [12/Jan/2024:00:14:49 -0500] "POST /kwsrmcab/Wsrmcab HTTP/1.1" 200 39124
172.22.1.61 - - [12/Jan/2024:00:15:02 -0500] "GET /reportes_sipse/sdg/ServletViabilidad?reporte=memo_viabilidad&solicitud=23667 HTTP/1.1" 200 1538
190.27.31.8 - - [12/Jan/2024:00:15:02 -0500] "POST /sipse/faces/presentacion/financiero/solicitudProceso/consultarSolicitudProceso.xhtml HTTP/1.1" 200 62548
190.27.31.8 - - [12/Jan/2024:00:15:04 -0500] "GET /sipse/faces/javax.faces.resource/theme.css?ln=primefaces-sipse HTTP/1.1" 304 -
190.27.31.8 - - [12/Jan/2024:00:15:04 -0500] "GET /sipse/faces/javax.faces.resource/primefaces.css?ln=primefaces&v=4.0 HTTP/1.1" 304 -
190.27.31.8 - - [12/Jan/2024:00:15:04 -0500] "GET /sipse/faces/javax.faces.resource/primefaces.js?ln=primefaces&v=4.0 HTTP/1.1" 304 -
190.27.31.8 - - [12/Jan/2024:00:15:04 -0500] "GET /sipse/faces/javax.faces.resource/jquery/jquery.js?ln=primefaces&v=4.0 HTTP/1.1" 304 -
190.27.31.8 - - [12/Jan/2024:00:15:04 -0500] "GET /sipse/faces/javax.faces.resource/jquery/jquery-plugins.js?ln=primefaces&v=4.0 HTTP/1.1" 304 -
190.27.31.8 - - [12/Jan/2024:00:15:04 -0500] "GET /sipse/faces/javax.faces.resource/layout/layout.css?ln=primefaces&v=4.0 HTTP/1.1" 304 -
190.27.31.8 - - [12/Jan/2024:00:15:04 -0500] "GET /sipse/faces/javax.faces.resource/layout/layout.js?ln=primefaces&v=4.0 HTTP/1.1" 304 -
190.27.31.8 - - [12/Jan/2024:00:15:04 -0500] "POST /sipse/faces/presentacion/financiero/solicitudProceso/listarSolicitudProceso.xhtml HTTP/1.1" 200 1536
190.27.31.8 - - [12/Jan/2024:00:15:04 -0500] "POST /sipse/faces/presentacion/financiero/solicitudProceso/listarSolicitudProceso.xhtml HTTP/1.1" 200 1544
190.27.31.8 - - [12/Jan/2024:00:15:15 -0500] "POST /sipse/faces/presentacion/financiero/solicitudProceso/listarSolicitudProceso.xhtml HTTP/1.1" 200 109591
190.27.31.8 - - [12/Jan/2024:00:15:16 -0500] "GET /sipse/faces/javax.faces.resource/primefaces.css?ln=primefaces&v=4.0 HTTP/1.1" 304 -
190.27.31.8 - - [12/Jan/2024:00:15:16 -0500] "GET /sipse/faces/javax.faces.resource/theme.css?ln=primefaces-sipse HTTP/1.1" 304 -
190.27.31.8 - - [12/Jan/2024:00:15:16 -0500] "GET /sipse/faces/javax.faces.resource/layout/layout.css?ln=primefaces&v=4.0 HTTP/1.1" 304 -
190.27.31.8 - - [12/Jan/2024:00:15:16 -0500] "GET /sipse/faces/javax.faces.resource/jquery/jquery.js?ln=primefaces&v=4.0 HTTP/1.1" 304 -
190.27.31.8 - - [12/Jan/2024:00:15:16 -0500] "GET /sipse/faces/javax.faces.resource/jquery/jquery-plugins.js?ln=primefaces&v=4.0 HTTP/1.1" 304 -
190.27.31.8 - - [12/Jan/2024:00:15:16 -0500] "GET /sipse/faces/javax.faces.resource/primefaces.js?ln=primefaces&v=4.0 HTTP/1.1" 304 -
190.27.31.8 - - [12/Jan/2024:00:15:16 -0500] "GET /sipse/faces/javax.faces.resource/layout/layout.js?ln=primefaces&v=4.0 HTTP/1.1" 304 -
216.245.221.92 - - [12/Jan/2024:00:15:18 -0500] "HEAD / HTTP/1.1" 200 -
201.245.192.253 - - [12/Jan/2024:00:15:26 -0500] "POST /forms/lservlet;jsessionid=ac16012b30d6e9245d4a5ae64507bcdc86473ff87750.e3iSbxaKaheRe34Rb3eTbx8LaNb0n6jAmljGr5XDqQLvpAe HTTP/1.1" 200 2
172.22.1.61 - - [12/Jan/2024:00:15:39 -0500] "GET /reportes_sipse/sdg/ServletViabilidad?reporte=memo_viabilidad&solicitud=23664 HTTP/1.1" 200 1538
190.27.31.8 - - [12/Jan/2024:00:15:39 -0500] "POST /sipse/faces/presentacion/financiero/solicitudProceso/consultarSolicitudProceso.xhtml HTTP/1.1" 200 59550
190.27.31.8 - - [12/Jan/2024:00:15:42 -0500] "GET /sipse/faces/javax.faces.resource/theme.css?ln=primefaces-sipse HTTP/1.1" 304 -
190.27.31.8 - - [12/Jan/2024:00:15:42 -0500] "GET /sipse/faces/javax.faces.resource/jquery/jquery.js?ln=primefaces&v=4.0 HTTP/1.1" 304 -
190.27.31.8 - - [12/Jan/2024:00:15:42 -0500] "GET /sipse/faces/javax.faces.resource/jquery/jquery-plugins.js?ln=primefaces&v=4.0 HTTP/1.1" 304 -
190.27.31.8 - - [12/Jan/2024:00:15:42 -0500] "GET /sipse/faces/javax.faces.resource/layout/layout.css?ln=primefaces&v=4.0 HTTP/1.1" 304 -
190.27.31.8 - - [12/Jan/2024:00:15:42 -0500] "GET /sipse/faces/javax.faces.resource/primefaces.css?ln=primefaces&v=4.0 HTTP/1.1" 304 -
190.27.31.8 - - [12/Jan/2024:00:15:42 -0500] "GET /sipse/faces/javax.faces.resource/primefaces.js?ln=primefaces&v=4.0 HTTP/1.1" 304 -
190.27.31.8 - - [12/Jan/2024:00:15:42 -0500] "GET /sipse/faces/javax.faces.resource/layout/layout.js?ln=primefaces&v=4.0 HTTP/1.1" 304 -
190.27.31.8 - - [12/Jan/2024:00:15:42 -0500] "POST /sipse/faces/presentacion/financiero/solicitudProceso/listarSolicitudProceso.xhtml HTTP/1.1" 200 1524
190.27.31.8 - - [12/Jan/2024:00:15:42 -0500] "POST /sipse/faces/presentacion/financiero/solicitudProceso/listarSolicitudProceso.xhtml HTTP/1.1" 200 1528
190.27.31.8 - - [12/Jan/2024:00:15:51 -0500] "POST /sipse/faces/presentacion/financiero/solicitudProceso/listarSolicitudProceso.xhtml HTTP/1.1" 200 113134
190.27.31.8 - - [12/Jan/2024:00:15:51 -0500] "GET /sipse/faces/javax.faces.resource/theme.css?ln=primefaces-sipse HTTP/1.1" 304 -
190.27.31.8 - - [12/Jan/2024:00:15:51 -0500] "GET /sipse/faces/javax.faces.resource/primefaces.css?ln=primefaces&v=4.0 HTTP/1.1" 304 -
190.27.31.8 - - [12/Jan/2024:00:15:51 -0500] "GET /sipse/faces/javax.faces.resource/layout/layout.css?ln=primefaces&v=4.0 HTTP/1.1" 304 -
190.27.31.8 - - [12/Jan/2024:00:15:51 -0500] "GET /sipse/faces/javax.faces.resource/jquery/jquery.js?ln=primefaces&v=4.0 HTTP/1.1" 304 -
190.27.31.8 - - [12/Jan/2024:00:15:52 -0500] "GET /sipse/faces/javax.faces.resource/jquery/jquery-plugins.js?ln=primefaces&v=4.0 HTTP/1.1" 304 -
190.27.31.8 - - [12/Jan/2024:00:15:52 -0500] "GET /sipse/faces/javax.faces.resource/primefaces.js?ln=primefaces&v=4.0 HTTP/1.1" 304 -
190.27.31.8 - - [12/Jan/2024:00:15:52 -0500] "GET /sipse/faces/javax.faces.resource/layout/layout.js?ln=primefaces&v=4.0 HTTP/1.1" 304 -
201.245.192.253 - - [12/Jan/2024:00:15:53 -0500] "POST /forms/lservlet;jsessionid=ac16012b30d6daf3d1e69b9448f9b338854e2531f358.e3iSbxaKaheRe34Rb3eTbx8LaNb0n6jAmljGr5XDqQLvpAe HTTP/1.1" 200 2
201.245.192.253 - - [12/Jan/2024:00:16:07 -0500] "POST /kwsrmcab/Wsrmcab  HTTP/1.1" 200 39439
52.167.144.171 - - [12/Jan/2024:00:16:09 -0500] "GET /BLA/resoluciones/index.php?dir=RESOLUCIONES+2016%2F HTTP/1.1" 200 172327
172.22.1.61 - - [12/Jan/2024:00:16:17 -0500] "GET /reportes_sipse/sdg/ServletViabilidad?reporte=memo_viabilidad&solicitud=23681 HTTP/1.1" 200 1538
190.27.31.8 - - [12/Jan/2024:00:16:19 -0500] "GET /sipse/faces/javax.faces.resource/theme.css?ln=primefaces-sipse HTTP/1.1" 304 -
190.27.31.8 - - [12/Jan/2024:00:16:16 -0500] "POST /sipse/faces/presentacion/financiero/solicitudProceso/consultarSolicitudProceso.xhtml HTTP/1.1" 200 56484
190.27.31.8 - - [12/Jan/2024:00:16:19 -0500] "GET /sipse/faces/javax.faces.resource/primefaces.css?ln=primefaces&v=4.0 HTTP/1.1" 304 -
190.27.31.8 - - [12/Jan/2024:00:16:19 -0500] "GET /sipse/faces/javax.faces.resource/layout/layout.css?ln=primefaces&v=4.0 HTTP/1.1" 304 -
190.27.31.8 - - [12/Jan/2024:00:16:19 -0500] "GET /sipse/faces/javax.faces.resource/jquery/jquery-plugins.js?ln=primefaces&v=4.0 HTTP/1.1" 304 -
190.27.31.8 - - [12/Jan/2024:00:16:19 -0500] "GET /sipse/faces/javax.faces.resource/jquery/jquery.js?ln=primefaces&v=4.0 HTTP/1.1" 304 -
190.27.31.8 - - [12/Jan/2024:00:16:19 -0500] "GET /sipse/faces/javax.faces.resource/primefaces.js?ln=primefaces&v=4.0 HTTP/1.1" 304 -
190.27.31.8 - - [12/Jan/2024:00:16:19 -0500] "GET /sipse/faces/javax.faces.resource/layout/layout.js?ln=primefaces&v=4.0 HTTP/1.1" 304 -
190.27.31.8 - - [12/Jan/2024:00:16:19 -0500] "POST /sipse/faces/presentacion/financiero/solicitudProceso/listarSolicitudProceso.xhtml HTTP/1.1" 200 1496
190.27.31.8 - - [12/Jan/2024:00:16:20 -0500] "POST /sipse/faces/presentacion/financiero/solicitudProceso/listarSolicitudProceso.xhtml HTTP/1.1" 200 1500
190.27.31.8 - - [12/Jan/2024:00:16:29 -0500] "POST /sipse/faces/presentacion/financiero/solicitudProceso/listarSolicitudProceso.xhtml HTTP/1.1" 200 108920
190.27.31.8 - - [12/Jan/2024:00:16:29 -0500] "GET /sipse/faces/javax.faces.resource/theme.css?ln=primefaces-sipse HTTP/1.1" 304 -
190.27.31.8 - - [12/Jan/2024:00:16:29 -0500] "GET /sipse/faces/javax.faces.resource/primefaces.css?ln=primefaces&v=4.0 HTTP/1.1" 304 -
190.27.31.8 - - [12/Jan/2024:00:16:29 -0500] "GET /sipse/faces/javax.faces.resource/layout/layout.css?ln=primefaces&v=4.0 HTTP/1.1" 304 -
190.27.31.8 - - [12/Jan/2024:00:16:29 -0500] "GET /sipse/faces/javax.faces.resource/jquery/jquery.js?ln=primefaces&v=4.0 HTTP/1.1" 304 -
190.27.31.8 - - [12/Jan/2024:00:16:29 -0500] "GET /sipse/faces/javax.faces.resource/jquery/jquery-plugins.js?ln=primefaces&v=4.0 HTTP/1.1" 304 -
190.27.31.8 - - [12/Jan/2024:00:16:29 -0500] "GET /sipse/faces/javax.faces.resource/primefaces.js?ln=primefaces&v=4.0 HTTP/1.1" 304 -
190.27.31.8 - - [12/Jan/2024:00:16:29 -0500] "GET /sipse/faces/javax.faces.resource/layout/layout.js?ln=primefaces&v=4.0 HTTP/1.1" 304 -
172.22.1.61 - - [12/Jan/2024:00:16:52 -0500] "GET /reportes_sipse/sdg/ServletViabilidad?reporte=memo_viabilidad&solicitud=23672 HTTP/1.1" 200 1538
190.27.31.8 - - [12/Jan/2024:00:16:54 -0500] "GET /sipse/faces/javax.faces.resource/theme.css?ln=primefaces-sipse HTTP/1.1" 304 -
190.27.31.8 - - [12/Jan/2024:00:16:52 -0500] "POST /sipse/faces/presentacion/financiero/solicitudProceso/consultarSolicitudProceso.xhtml HTTP/1.1" 200 53486
190.27.31.8 - - [12/Jan/2024:00:16:54 -0500] "GET /sipse/faces/javax.faces.resource/jquery/jquery.js?ln=primefaces&v=4.0 HTTP/1.1" 304 -
190.27.31.8 - - [12/Jan/2024:00:16:54 -0500] "GET /sipse/faces/javax.faces.resource/layout/layout.css?ln=primefaces&v=4.0 HTTP/1.1" 304 -
190.27.31.8 - - [12/Jan/2024:00:16:54 -0500] "GET /sipse/faces/javax.faces.resource/primefaces.css?ln=primefaces&v=4.0 HTTP/1.1" 304 -
190.27.31.8 - - [12/Jan/2024:00:16:54 -0500] "GET /sipse/faces/javax.faces.resource/jquery/jquery-plugins.js?ln=primefaces&v=4.0 HTTP/1.1" 304 -
190.27.31.8 - - [12/Jan/2024:00:16:54 -0500] "GET /sipse/faces/javax.faces.resource/primefaces.js?ln=primefaces&v=4.0 HTTP/1.1" 304 -
190.27.31.8 - - [12/Jan/2024:00:16:54 -0500] "GET /sipse/faces/javax.faces.resource/layout/layout.js?ln=primefaces&v=4.0 HTTP/1.1" 304 -
190.27.31.8 - - [12/Jan/2024:00:16:54 -0500] "POST /sipse/faces/presentacion/financiero/solicitudProceso/listarSolicitudProceso.xhtml HTTP/1.1" 200 1480
190.27.31.8 - - [12/Jan/2024:00:16:55 -0500] "POST /sipse/faces/presentacion/financiero/solicitudProceso/listarSolicitudProceso.xhtml HTTP/1.1" 200 1484
190.27.31.8 - - [12/Jan/2024:00:17:04 -0500] "POST /sipse/faces/presentacion/financiero/solicitudProceso/listarSolicitudProceso.xhtml HTTP/1.1" 200 114220
190.27.31.8 - - [12/Jan/2024:00:17:05 -0500] "GET /sipse/faces/javax.faces.resource/theme.css?ln=primefaces-sipse HTTP/1.1" 304 -
190.27.31.8 - - [12/Jan/2024:00:17:05 -0500] "GET /sipse/faces/javax.faces.resource/primefaces.css?ln=primefaces&v=4.0 HTTP/1.1" 304 -
190.27.31.8 - - [12/Jan/2024:00:17:05 -0500] "GET /sipse/faces/javax.faces.resource/layout/layout.css?ln=primefaces&v=4.0 HTTP/1.1" 304 -
190.27.31.8 - - [12/Jan/2024:00:17:05 -0500] "GET /sipse/faces/javax.faces.resource/jquery/jquery.js?ln=primefaces&v=4.0 HTTP/1.1" 304 -
190.27.31.8 - - [12/Jan/2024:00:17:05 -0500] "GET /sipse/faces/javax.faces.resource/jquery/jquery-plugins.js?ln=primefaces&v=4.0 HTTP/1.1" 304 -
190.27.31.8 - - [12/Jan/2024:00:17:05 -0500] "GET /sipse/faces/javax.faces.resource/primefaces.js?ln=primefaces&v=4.0 HTTP/1.1" 304 -
190.27.31.8 - - [12/Jan/2024:00:17:05 -0500] "GET /sipse/faces/javax.faces.resource/layout/layout.js?ln=primefaces&v=4.0 HTTP/1.1" 304 -
201.245.192.253 - - [12/Jan/2024:00:17:26 -0500] "POST /forms/lservlet;jsessionid=ac16012b30d6e9245d4a5ae64507bcdc86473ff87750.e3iSbxaKaheRe34Rb3eTbx8LaNb0n6jAmljGr5XDqQLvpAe HTTP/1.1" 200 2
172.22.2.4 - - [12/Jan/2024:00:15:46 -0500] "HEAD /BLA/boletinlegal/ HTTP/1.1" 200 -
172.22.1.61 - - [12/Jan/2024:00:17:28 -0500] "GET /reportes_sipse/sdg/ServletViabilidad?reporte=memo_viabilidad&solicitud=23572 HTTP/1.1" 200 1538
190.27.31.8 - - [12/Jan/2024:00:17:28 -0500] "POST /sipse/faces/presentacion/financiero/solicitudProceso/consultarSolicitudProceso.xhtml HTTP/1.1" 200 50355
190.27.31.8 - - [12/Jan/2024:00:17:30 -0500] "GET /sipse/faces/javax.faces.resource/primefaces.css?ln=primefaces&v=4.0 HTTP/1.1" 304 -
190.27.31.8 - - [12/Jan/2024:00:17:30 -0500] "GET /sipse/faces/javax.faces.resource/theme.css?ln=primefaces-sipse HTTP/1.1" 304 -
190.27.31.8 - - [12/Jan/2024:00:17:30 -0500] "GET /sipse/faces/javax.faces.resource/layout/layout.css?ln=primefaces&v=4.0 HTTP/1.1" 304 -
190.27.31.8 - - [12/Jan/2024:00:17:30 -0500] "GET /sipse/faces/javax.faces.resource/primefaces.js?ln=primefaces&v=4.0 HTTP/1.1" 304 -
190.27.31.8 - - [12/Jan/2024:00:17:30 -0500] "GET /sipse/faces/javax.faces.resource/jquery/jquery.js?ln=primefaces&v=4.0 HTTP/1.1" 304 -
190.27.31.8 - - [12/Jan/2024:00:17:30 -0500] "GET /sipse/faces/javax.faces.resource/jquery/jquery-plugins.js?ln=primefaces&v=4.0 HTTP/1.1" 304 -
190.27.31.8 - - [12/Jan/2024:00:17:30 -0500] "GET /sipse/faces/javax.faces.resource/layout/layout.js?ln=primefaces&v=4.0 HTTP/1.1" 304 -
190.27.31.8 - - [12/Jan/2024:00:17:31 -0500] "POST /sipse/faces/presentacion/financiero/solicitudProceso/listarSolicitudProceso.xhtml HTTP/1.1" 200 1472
190.27.31.8 - - [12/Jan/2024:00:17:31 -0500] "POST /sipse/faces/presentacion/financiero/solicitudProceso/listarSolicitudProceso.xhtml HTTP/1.1" 200 1452
190.27.31.8 - - [12/Jan/2024:00:17:39 -0500] "POST /sipse/faces/presentacion/financiero/solicitudProceso/listarSolicitudProceso.xhtml HTTP/1.1" 200 114652
190.27.31.8 - - [12/Jan/2024:00:17:40 -0500] "GET /sipse/faces/javax.faces.resource/theme.css?ln=primefaces-sipse HTTP/1.1" 304 -
190.27.31.8 - - [12/Jan/2024:00:17:40 -0500] "GET /sipse/faces/javax.faces.resource/primefaces.css?ln=primefaces&v=4.0 HTTP/1.1" 304 -
190.27.31.8 - - [12/Jan/2024:00:17:40 -0500] "GET /sipse/faces/javax.faces.resource/layout/layout.css?ln=primefaces&v=4.0 HTTP/1.1" 304 -
190.27.31.8 - - [12/Jan/2024:00:17:40 -0500] "GET /sipse/faces/javax.faces.resource/jquery/jquery.js?ln=primefaces&v=4.0 HTTP/1.1" 304 -
190.27.31.8 - - [12/Jan/2024:00:17:40 -0500] "GET /sipse/faces/javax.faces.resource/jquery/jquery-plugins.js?ln=primefaces&v=4.0 HTTP/1.1" 304 -
190.27.31.8 - - [12/Jan/2024:00:17:40 -0500] "GET /sipse/faces/javax.faces.resource/primefaces.js?ln=primefaces&v=4.0 HTTP/1.1" 304 -
190.27.31.8 - - [12/Jan/2024:00:17:40 -0500] "GET /sipse/faces/javax.faces.resource/layout/layout.js?ln=primefaces&v=4.0 HTTP/1.1" 304 -
201.245.192.253 - - [12/Jan/2024:00:17:53 -0500] "POST /forms/lservlet;jsessionid=ac16012b30d6daf3d1e69b9448f9b338854e2531f358.e3iSbxaKaheRe34Rb3eTbx8LaNb0n6jAmljGr5XDqQLvpAe HTTP/1.1" 200 2
172.22.1.61 - - [12/Jan/2024:00:18:12 -0500] "GET /reportes_sipse/sdg/ServletViabilidad?reporte=memo_viabilidad&solicitud=23569 HTTP/1.1" 200 1538
190.27.31.8 - - [12/Jan/2024:00:18:14 -0500] "GET /sipse/faces/javax.faces.resource/theme.css?ln=primefaces-sipse HTTP/1.1" 304 -
190.27.31.8 - - [12/Jan/2024:00:18:14 -0500] "GET /sipse/faces/javax.faces.resource/primefaces.css?ln=primefaces&v=4.0 HTTP/1.1" 304 -
190.27.31.8 - - [12/Jan/2024:00:18:12 -0500] "POST /sipse/faces/presentacion/financiero/solicitudProceso/consultarSolicitudProceso.xhtml HTTP/1.1" 200 47133
190.27.31.8 - - [12/Jan/2024:00:18:14 -0500] "GET /sipse/faces/javax.faces.resource/jquery/jquery.js?ln=primefaces&v=4.0 HTTP/1.1" 304 -
190.27.31.8 - - [12/Jan/2024:00:18:14 -0500] "GET /sipse/faces/javax.faces.resource/layout/layout.css?ln=primefaces&v=4.0 HTTP/1.1" 304 -
190.27.31.8 - - [12/Jan/2024:00:18:14 -0500] "GET /sipse/faces/javax.faces.resource/jquery/jquery-plugins.js?ln=primefaces&v=4.0 HTTP/1.1" 304 -
190.27.31.8 - - [12/Jan/2024:00:18:14 -0500] "GET /sipse/faces/javax.faces.resource/primefaces.js?ln=primefaces&v=4.0 HTTP/1.1" 304 -
190.27.31.8 - - [12/Jan/2024:00:18:14 -0500] "GET /sipse/faces/javax.faces.resource/layout/layout.js?ln=primefaces&v=4.0 HTTP/1.1" 304 -
190.27.31.8 - - [12/Jan/2024:00:18:15 -0500] "POST /sipse/faces/presentacion/financiero/solicitudProceso/listarSolicitudProceso.xhtml HTTP/1.1" 200 1440
190.27.31.8 - - [12/Jan/2024:00:18:15 -0500] "POST /sipse/faces/presentacion/financiero/solicitudProceso/listarSolicitudProceso.xhtml HTTP/1.1" 200 1440
172.22.2.4 - - [12/Jan/2024:00:16:37 -0500] "GET /BLA/boletinlegal/ HTTP/1.1" 200 58666
190.27.31.8 - - [12/Jan/2024:00:18:25 -0500] "POST /sipse/faces/presentacion/financiero/solicitudProceso/listarSolicitudProceso.xhtml HTTP/1.1" 200 116359
190.27.31.8 - - [12/Jan/2024:00:18:26 -0500] "GET /sipse/faces/javax.faces.resource/theme.css?ln=primefaces-sipse HTTP/1.1" 304 -
190.27.31.8 - - [12/Jan/2024:00:18:26 -0500] "GET /sipse/faces/javax.faces.resource/primefaces.css?ln=primefaces&v=4.0 HTTP/1.1" 304 -
190.27.31.8 - - [12/Jan/2024:00:18:26 -0500] "GET /sipse/faces/javax.faces.resource/layout/layout.css?ln=primefaces&v=4.0 HTTP/1.1" 304 -
190.27.31.8 - - [12/Jan/2024:00:18:26 -0500] "GET /sipse/faces/javax.faces.resource/jquery/jquery.js?ln=primefaces&v=4.0 HTTP/1.1" 304 -
190.27.31.8 - - [12/Jan/2024:00:18:26 -0500] "GET /sipse/faces/javax.faces.resource/jquery/jquery-plugins.js?ln=primefaces&v=4.0 HTTP/1.1" 304 -
190.27.31.8 - - [12/Jan/2024:00:18:26 -0500] "GET /sipse/faces/javax.faces.resource/primefaces.js?ln=primefaces&v=4.0 HTTP/1.1" 304 -
190.27.31.8 - - [12/Jan/2024:00:18:26 -0500] "GET /sipse/faces/javax.faces.resource/layout/layout.js?ln=primefaces&v=4.0 HTTP/1.1" 304 -
66.249.66.20 - - [12/Jan/2024:00:18:40 -0500] "GET /Publicaciones/2023EE261478.pdf HTTP/1.1" 404 228
172.22.1.61 - - [12/Jan/2024:00:19:00 -0500] "GET /reportes_sipse/sdg/ServletViabilidad?reporte=memo_viabilidad&solicitud=23568 HTTP/1.1" 200 1538
190.27.31.8 - - [12/Jan/2024:00:19:02 -0500] "GET /sipse/faces/javax.faces.resource/theme.css?ln=primefaces-sipse HTTP/1.1" 304 -
190.27.31.8 - - [12/Jan/2024:00:19:00 -0500] "POST /sipse/faces/presentacion/financiero/solicitudProceso/consultarSolicitudProceso.xhtml HTTP/1.1" 200 43858
190.27.31.8 - - [12/Jan/2024:00:19:02 -0500] "GET /sipse/faces/javax.faces.resource/primefaces.css?ln=primefaces&v=4.0 HTTP/1.1" 304 -
190.27.31.8 - - [12/Jan/2024:00:19:02 -0500] "GET /sipse/faces/javax.faces.resource/primefaces.js?ln=primefaces&v=4.0 HTTP/1.1" 304 -
190.27.31.8 - - [12/Jan/2024:00:19:02 -0500] "GET /sipse/faces/javax.faces.resource/layout/layout.css?ln=primefaces&v=4.0 HTTP/1.1" 304 -
190.27.31.8 - - [12/Jan/2024:00:19:02 -0500] "GET /sipse/faces/javax.faces.resource/layout/layout.js?ln=primefaces&v=4.0 HTTP/1.1" 304 -
190.27.31.8 - - [12/Jan/2024:00:19:02 -0500] "GET /sipse/faces/javax.faces.resource/jquery/jquery.js?ln=primefaces&v=4.0 HTTP/1.1" 304 -
190.27.31.8 - - [12/Jan/2024:00:19:02 -0500] "GET /sipse/faces/javax.faces.resource/jquery/jquery-plugins.js?ln=primefaces&v=4.0 HTTP/1.1" 304 -
190.27.31.8 - - [12/Jan/2024:00:19:03 -0500] "POST /sipse/faces/presentacion/financiero/solicitudProceso/listarSolicitudProceso.xhtml HTTP/1.1" 200 1420
190.27.31.8 - - [12/Jan/2024:00:19:03 -0500] "POST /sipse/faces/presentacion/financiero/solicitudProceso/listarSolicitudProceso.xhtml HTTP/1.1" 200 1420
201.245.192.253 - - [12/Jan/2024:00:19:03 -0500] "POST /kwsrmcab/Wsrmcab HTTP/1.1" 200 39277
190.27.31.8 - - [12/Jan/2024:00:19:12 -0500] "POST /sipse/faces/presentacion/financiero/solicitudProceso/listarSolicitudProceso.xhtml HTTP/1.1" 200 115181
190.27.31.8 - - [12/Jan/2024:00:19:13 -0500] "GET /sipse/faces/javax.faces.resource/layout/layout.css?ln=primefaces&v=4.0 HTTP/1.1" 304 -
190.27.31.8 - - [12/Jan/2024:00:19:13 -0500] "GET /sipse/faces/javax.faces.resource/primefaces.css?ln=primefaces&v=4.0 HTTP/1.1" 304 -
190.27.31.8 - - [12/Jan/2024:00:19:13 -0500] "GET /sipse/faces/javax.faces.resource/theme.css?ln=primefaces-sipse HTTP/1.1" 304 -
190.27.31.8 - - [12/Jan/2024:00:19:13 -0500] "GET /sipse/faces/javax.faces.resource/jquery/jquery.js?ln=primefaces&v=4.0 HTTP/1.1" 304 -
190.27.31.8 - - [12/Jan/2024:00:19:13 -0500] "GET /sipse/faces/javax.faces.resource/jquery/jquery-plugins.js?ln=primefaces&v=4.0 HTTP/1.1" 304 -
190.27.31.8 - - [12/Jan/2024:00:19:13 -0500] "GET /sipse/faces/javax.faces.resource/primefaces.js?ln=primefaces&v=4.0 HTTP/1.1" 304 -
190.27.31.8 - - [12/Jan/2024:00:19:13 -0500] "GET /sipse/faces/javax.faces.resource/layout/layout.js?ln=primefaces&v=4.0 HTTP/1.1" 304 -
201.245.192.253 - - [12/Jan/2024:00:19:26 -0500] "POST /forms/lservlet;jsessionid=ac16012b30d6e9245d4a5ae64507bcdc86473ff87750.e3iSbxaKaheRe34Rb3eTbx8LaNb0n6jAmljGr5XDqQLvpAe HTTP/1.1" 200 2
66.249.66.19 - - [12/Jan/2024:00:19:28 -0500] "GET /portalsiaccapacitaciones/Listas%20de%20Asistencia%202017/Planillas%20Asistencia%20Publicidad%20exterior%20visual%20y%20arbolado%2003%2011%202017.pdf HTTP/1.1" 200 2482788
66.249.66.76 - - [12/Jan/2024:00:19:36 -0500] "GET /robots.txt HTTP/1.1" 404 1035
66.249.66.77 - - [12/Jan/2024:00:19:36 -0500] "GET /portaldeninos/2021/04/29/2027/ HTTP/1.1" 200 104979
172.22.1.61 - - [12/Jan/2024:00:19:39 -0500] "GET /reportes_sipse/sdg/ServletViabilidad?reporte=memo_viabilidad&solicitud=23565 HTTP/1.1" 200 1538
190.27.31.8 - - [12/Jan/2024:00:19:39 -0500] "POST /sipse/faces/presentacion/financiero/solicitudProceso/consultarSolicitudProceso.xhtml HTTP/1.1" 200 40527
190.27.31.8 - - [12/Jan/2024:00:19:41 -0500] "GET /sipse/faces/javax.faces.resource/theme.css?ln=primefaces-sipse HTTP/1.1" 304 -
190.27.31.8 - - [12/Jan/2024:00:19:41 -0500] "GET /sipse/faces/javax.faces.resource/primefaces.css?ln=primefaces&v=4.0 HTTP/1.1" 304 -
190.27.31.8 - - [12/Jan/2024:00:19:41 -0500] "GET /sipse/faces/javax.faces.resource/layout/layout.css?ln=primefaces&v=4.0 HTTP/1.1" 304 -
190.27.31.8 - - [12/Jan/2024:00:19:41 -0500] "GET /sipse/faces/javax.faces.resource/jquery/jquery.js?ln=primefaces&v=4.0 HTTP/1.1" 304 -
190.27.31.8 - - [12/Jan/2024:00:19:41 -0500] "GET /sipse/faces/javax.faces.resource/jquery/jquery-plugins.js?ln=primefaces&v=4.0 HTTP/1.1" 304 -
190.27.31.8 - - [12/Jan/2024:00:19:41 -0500] "GET /sipse/faces/javax.faces.resource/primefaces.js?ln=primefaces&v=4.0 HTTP/1.1" 304 -
190.27.31.8 - - [12/Jan/2024:00:19:41 -0500] "GET /sipse/faces/javax.faces.resource/layout/layout.js?ln=primefaces&v=4.0 HTTP/1.1" 304 -
190.27.31.8 - - [12/Jan/2024:00:19:41 -0500] "POST /sipse/faces/presentacion/financiero/solicitudProceso/listarSolicitudProceso.xhtml HTTP/1.1" 200 1392
190.27.31.8 - - [12/Jan/2024:00:19:41 -0500] "POST /sipse/faces/presentacion/financiero/solicitudProceso/listarSolicitudProceso.xhtml HTTP/1.1" 200 1392
201.245.192.253 - - [12/Jan/2024:00:19:43 -0500] "POST /kwsrmcab/Wsrmcab HTTP/1.1" 200 39124
190.27.31.8 - - [12/Jan/2024:00:19:52 -0500] "POST /sipse/faces/presentacion/financiero/solicitudProceso/listarSolicitudProceso.xhtml HTTP/1.1" 200 114389
190.27.31.8 - - [12/Jan/2024:00:19:53 -0500] "GET /sipse/faces/javax.faces.resource/primefaces.css?ln=primefaces&v=4.0 HTTP/1.1" 304 -
190.27.31.8 - - [12/Jan/2024:00:19:53 -0500] "GET /sipse/faces/javax.faces.resource/layout/layout.css?ln=primefaces&v=4.0 HTTP/1.1" 304 -
190.27.31.8 - - [12/Jan/2024:00:19:53 -0500] "GET /sipse/faces/javax.faces.resource/theme.css?ln=primefaces-sipse HTTP/1.1" 304 -
190.27.31.8 - - [12/Jan/2024:00:19:53 -0500] "GET /sipse/faces/javax.faces.resource/jquery/jquery.js?ln=primefaces&v=4.0 HTTP/1.1" 304 -
190.27.31.8 - - [12/Jan/2024:00:19:53 -0500] "GET /sipse/faces/javax.faces.resource/jquery/jquery-plugins.js?ln=primefaces&v=4.0 HTTP/1.1" 304 -
190.27.31.8 - - [12/Jan/2024:00:19:53 -0500] "GET /sipse/faces/javax.faces.resource/primefaces.js?ln=primefaces&v=4.0 HTTP/1.1" 304 -
190.27.31.8 - - [12/Jan/2024:00:19:53 -0500] "GET /sipse/faces/javax.faces.resource/layout/layout.js?ln=primefaces&v=4.0 HTTP/1.1" 304 -
201.245.192.253 - - [12/Jan/2024:00:19:53 -0500] "POST /forms/lservlet;jsessionid=ac16012b30d6daf3d1e69b9448f9b338854e2531f358.e3iSbxaKaheRe34Rb3eTbx8LaNb0n6jAmljGr5XDqQLvpAe HTTP/1.1" 200 2
172.22.1.61 - - [12/Jan/2024:00:20:18 -0500] "GET /reportes_sipse/sdg/ServletViabilidad?reporte=memo_viabilidad&solicitud=23563 HTTP/1.1" 200 1538
216.245.221.92 - - [12/Jan/2024:00:20:18 -0500] "HEAD / HTTP/1.1" 200 -
190.27.31.8 - - [12/Jan/2024:00:20:17 -0500] "POST /sipse/faces/presentacion/financiero/solicitudProceso/consultarSolicitudProceso.xhtml HTTP/1.1" 200 36946
190.27.31.8 - - [12/Jan/2024:00:20:20 -0500] "GET /sipse/faces/javax.faces.resource/theme.css?ln=primefaces-sipse HTTP/1.1" 304 -
190.27.31.8 - - [12/Jan/2024:00:20:20 -0500] "GET /sipse/faces/javax.faces.resource/primefaces.css?ln=primefaces&v=4.0 HTTP/1.1" 304 -
190.27.31.8 - - [12/Jan/2024:00:20:20 -0500] "GET /sipse/faces/javax.faces.resource/jquery/jquery.js?ln=primefaces&v=4.0 HTTP/1.1" 304 -
190.27.31.8 - - [12/Jan/2024:00:20:20 -0500] "GET /sipse/faces/javax.faces.resource/jquery/jquery-plugins.js?ln=primefaces&v=4.0 HTTP/1.1" 304 -
190.27.31.8 - - [12/Jan/2024:00:20:20 -0500] "GET /sipse/faces/javax.faces.resource/layout/layout.js?ln=primefaces&v=4.0 HTTP/1.1" 304 -
190.27.31.8 - - [12/Jan/2024:00:20:20 -0500] "GET /sipse/faces/javax.faces.resource/layout/layout.css?ln=primefaces&v=4.0 HTTP/1.1" 304 -
190.27.31.8 - - [12/Jan/2024:00:20:20 -0500] "GET /sipse/faces/javax.faces.resource/primefaces.js?ln=primefaces&v=4.0 HTTP/1.1" 304 -
190.27.31.8 - - [12/Jan/2024:00:20:20 -0500] "POST /sipse/faces/presentacion/financiero/solicitudProceso/listarSolicitudProceso.xhtml HTTP/1.1" 200 1376
190.27.31.8 - - [12/Jan/2024:00:20:20 -0500] "POST /sipse/faces/presentacion/financiero/solicitudProceso/listarSolicitudProceso.xhtml HTTP/1.1" 200 1380
165.232.115.91 - - [12/Jan/2024:00:21:08 -0500] "GET /POT-2013/Cartografia/Anexo01_Sistema_Hidrico.pdf HTTP/1.1" 200 5860035
201.245.192.253 - - [12/Jan/2024:00:21:06 -0500] "POST /kwsrmcab/Wsrmcab  HTTP/1.1" 200 39439
201.245.192.253 - - [12/Jan/2024:00:21:26 -0500] "POST /forms/lservlet;jsessionid=ac16012b30d6e9245d4a5ae64507bcdc86473ff87750.e3iSbxaKaheRe34Rb3eTbx8LaNb0n6jAmljGr5XDqQLvpAe HTTP/1.1" 200 2
66.249.66.75 - - [12/Jan/2024:00:21:35 -0500] "GET /portaldeninos/wp-includes/js/wp-emoji-release.min.js?ver=4.9.8 HTTP/1.1" 200 12026
66.249.66.77 - - [12/Jan/2024:00:21:36 -0500] "GET /portaldeninos/wp-content/themes/betheme/style.css?ver=20.9.6 HTTP/1.1" 200 287
201.245.192.253 - - [12/Jan/2024:00:21:53 -0500] "POST /forms/lservlet;jsessionid=ac16012b30d6daf3d1e69b9448f9b338854e2531f358.e3iSbxaKaheRe34Rb3eTbx8LaNb0n6jAmljGr5XDqQLvpAe HTTP/1.1" 200 2
172.22.2.4 - - [12/Jan/2024:00:21:36 -0500] "HEAD /BLA/boletinlegal/ HTTP/1.1" 200 -
201.245.192.253 - - [12/Jan/2024:00:23:26 -0500] "POST /forms/lservlet;jsessionid=ac16012b30d6e9245d4a5ae64507bcdc86473ff87750.e3iSbxaKaheRe34Rb3eTbx8LaNb0n6jAmljGr5XDqQLvpAe HTTP/1.1" 200 2
201.245.192.253 - - [12/Jan/2024:00:23:53 -0500] "POST /forms/lservlet;jsessionid=ac16012b30d6daf3d1e69b9448f9b338854e2531f358.e3iSbxaKaheRe34Rb3eTbx8LaNb0n6jAmljGr5XDqQLvpAe HTTP/1.1" 200 2
172.22.2.4 - - [12/Jan/2024:00:22:27 -0500] "GET /BLA/boletinlegal/ HTTP/1.1" 200 60529
201.245.192.253 - - [12/Jan/2024:00:24:46 -0500] "POST /kwsrmcab/Wsrmcab HTTP/1.1" 200 39277
201.245.192.253 - - [12/Jan/2024:00:24:49 -0500] "POST /kwsrmcab/Wsrmcab HTTP/1.1" 200 39124
52.167.144.238 - - [12/Jan/2024:00:25:16 -0500] "GET /BLA/resoluciones/AUTOS%202020/3064.pdf HTTP/1.1" 200 1675594
216.245.221.92 - - [12/Jan/2024:00:25:18 -0500] "HEAD / HTTP/1.1" 200 -
201.245.192.253 - - [12/Jan/2024:00:25:26 -0500] "POST /forms/lservlet;jsessionid=ac16012b30d6e9245d4a5ae64507bcdc86473ff87750.e3iSbxaKaheRe34Rb3eTbx8LaNb0n6jAmljGr5XDqQLvpAe HTTP/1.1" 200 2
66.249.66.21 - - [12/Jan/2024:00:25:36 -0500] "GET /BLA/resoluciones/RESOLUCIONES%202009/2933.pdf HTTP/1.1" 200 432180
201.245.192.253 - - [12/Jan/2024:00:25:53 -0500] "POST /forms/lservlet;jsessionid=ac16012b30d6daf3d1e69b9448f9b338854e2531f358.e3iSbxaKaheRe34Rb3eTbx8LaNb0n6jAmljGr5XDqQLvpAe HTTP/1.1" 200 2
201.245.192.253 - - [12/Jan/2024:00:26:05 -0500] "POST /kwsrmcab/Wsrmcab  HTTP/1.1" 200 39439
45.79.128.205 - - [12/Jan/2024:00:26:14 -0500] "\x16\x03\x01" 400 226
172.22.2.4 - - [12/Jan/2024:00:24:58 -0500] "GET /BLA/boletinlegal/ HTTP/1.1" 200 62905
172.22.2.4 - - [12/Jan/2024:00:27:13 -0500] "GET /BLA/boletinlegal/images/arr_r.jpg HTTP/1.1" 200 1998
201.245.192.253 - - [12/Jan/2024:00:27:19 -0500] "POST /kwsrmcab/Wsrmcab HTTP/1.1" 200 99146
201.245.192.253 - - [12/Jan/2024:00:27:26 -0500] "POST /forms/lservlet;jsessionid=ac16012b30d6e9245d4a5ae64507bcdc86473ff87750.e3iSbxaKaheRe34Rb3eTbx8LaNb0n6jAmljGr5XDqQLvpAe HTTP/1.1" 200 2
201.245.192.253 - - [12/Jan/2024:00:27:53 -0500] "POST /forms/lservlet;jsessionid=ac16012b30d6daf3d1e69b9448f9b338854e2531f358.e3iSbxaKaheRe34Rb3eTbx8LaNb0n6jAmljGr5XDqQLvpAe HTTP/1.1" 200 2
201.245.192.253 - - [12/Jan/2024:00:29:04 -0500] "POST /kwsrmcab/Wsrmcab HTTP/1.1" 200 39277
172.22.2.4 - - [12/Jan/2024:00:27:26 -0500] "HEAD /BLA/boletinlegal/ HTTP/1.1" 200 -
66.249.66.19 - - [12/Jan/2024:00:29:24 -0500] "GET /Publicaciones/2023EE258957.pdf HTTP/1.1" 404 228
201.245.192.253 - - [12/Jan/2024:00:29:26 -0500] "POST /forms/lservlet;jsessionid=ac16012b30d6e9245d4a5ae64507bcdc86473ff87750.e3iSbxaKaheRe34Rb3eTbx8LaNb0n6jAmljGr5XDqQLvpAe HTTP/1.1" 200 2
66.249.66.75 - - [12/Jan/2024:00:29:39 -0500] "GET /portaldeninos/wp-content/uploads/2021/07/corresponsal-ambiental.jpg HTTP/1.1" 200 76114
201.245.192.253 - - [12/Jan/2024:00:29:45 -0500] "POST /kwsrmcab/Wsrmcab HTTP/1.1" 200 39124
201.245.192.253 - - [12/Jan/2024:00:29:53 -0500] "POST /forms/lservlet;jsessionid=ac16012b30d6daf3d1e69b9448f9b338854e2531f358.e3iSbxaKaheRe34Rb3eTbx8LaNb0n6jAmljGr5XDqQLvpAe HTTP/1.1" 200 2
172.22.2.4 - - [12/Jan/2024:00:28:17 -0500] "GET /BLA/boletinlegal/ HTTP/1.1" 200 59050
216.245.221.92 - - [12/Jan/2024:00:30:18 -0500] "HEAD / HTTP/1.1" 200 -
201.245.192.253 - - [12/Jan/2024:00:31:04 -0500] "POST /kwsrmcab/Wsrmcab  HTTP/1.1" 200 39439
201.245.192.253 - - [12/Jan/2024:00:31:26 -0500] "POST /forms/lservlet;jsessionid=ac16012b30d6e9245d4a5ae64507bcdc86473ff87750.e3iSbxaKaheRe34Rb3eTbx8LaNb0n6jAmljGr5XDqQLvpAe HTTP/1.1" 200 2
201.245.192.253 - - [12/Jan/2024:00:31:53 -0500] "POST /forms/lservlet;jsessionid=ac16012b30d6daf3d1e69b9448f9b338854e2531f358.e3iSbxaKaheRe34Rb3eTbx8LaNb0n6jAmljGr5XDqQLvpAe HTTP/1.1" 200 2
201.245.192.253 - - [12/Jan/2024:00:33:26 -0500] "POST /forms/lservlet;jsessionid=ac16012b30d6e9245d4a5ae64507bcdc86473ff87750.e3iSbxaKaheRe34Rb3eTbx8LaNb0n6jAmljGr5XDqQLvpAe HTTP/1.1" 200 2
201.245.192.253 - - [12/Jan/2024:00:33:53 -0500] "POST /forms/lservlet;jsessionid=ac16012b30d6daf3d1e69b9448f9b338854e2531f358.e3iSbxaKaheRe34Rb3eTbx8LaNb0n6jAmljGr5XDqQLvpAe HTTP/1.1" 200 2
201.245.192.253 - - [12/Jan/2024:00:34:47 -0500] "POST /kwsrmcab/Wsrmcab HTTP/1.1" 200 39277
201.245.192.253 - - [12/Jan/2024:00:34:50 -0500] "POST /kwsrmcab/Wsrmcab HTTP/1.1" 200 39124
172.22.2.4 - - [12/Jan/2024:00:33:16 -0500] "HEAD /BLA/boletinlegal/ HTTP/1.1" 200 -
216.245.221.92 - - [12/Jan/2024:00:35:18 -0500] "HEAD / HTTP/1.1" 200 -
201.245.192.253 - - [12/Jan/2024:00:35:26 -0500] "POST /forms/lservlet;jsessionid=ac16012b30d6e9245d4a5ae64507bcdc86473ff87750.e3iSbxaKaheRe34Rb3eTbx8LaNb0n6jAmljGr5XDqQLvpAe HTTP/1.1" 200 2
172.22.2.4 - - [12/Jan/2024:00:34:07 -0500] "GET /BLA/boletinlegal/ HTTP/1.1" 200 58666
201.245.192.253 - - [12/Jan/2024:00:35:53 -0500] "POST /forms/lservlet;jsessionid=ac16012b30d6daf3d1e69b9448f9b338854e2531f358.e3iSbxaKaheRe34Rb3eTbx8LaNb0n6jAmljGr5XDqQLvpAe HTTP/1.1" 200 2
201.245.192.253 - - [12/Jan/2024:00:36:03 -0500] "POST /kwsrmcab/Wsrmcab  HTTP/1.1" 200 39439
52.167.144.175 - - [12/Jan/2024:00:36:14 -0500] "GET /BLA/resoluciones/AUTOS%202019/0173.pdf HTTP/1.1" 200 256456
17.241.219.166 - - [12/Jan/2024:00:36:39 -0500] "GET /disenos-arquitectonicos-para-proteger-millones-de-aves-en-bogota.html HTTP/1.1" 200 838
201.245.192.253 - - [12/Jan/2024:00:37:26 -0500] "POST /forms/lservlet;jsessionid=ac16012b30d6e9245d4a5ae64507bcdc86473ff87750.e3iSbxaKaheRe34Rb3eTbx8LaNb0n6jAmljGr5XDqQLvpAe HTTP/1.1" 200 2
201.245.192.253 - - [12/Jan/2024:00:37:53 -0500] "POST /forms/lservlet;jsessionid=ac16012b30d6daf3d1e69b9448f9b338854e2531f358.e3iSbxaKaheRe34Rb3eTbx8LaNb0n6jAmljGr5XDqQLvpAe HTTP/1.1" 200 2
66.249.66.21 - - [12/Jan/2024:00:38:25 -0500] "GET /BLA/resoluciones/RESOLUCIONES%202010/7804.pdf HTTP/1.1" 200 864450
201.245.192.253 - - [12/Jan/2024:00:39:03 -0500] "POST /kwsrmcab/Wsrmcab HTTP/1.1" 200 39277
201.245.192.253 - - [12/Jan/2024:00:39:26 -0500] "POST /forms/lservlet;jsessionid=ac16012b30d6e9245d4a5ae64507bcdc86473ff87750.e3iSbxaKaheRe34Rb3eTbx8LaNb0n6jAmljGr5XDqQLvpAe HTTP/1.1" 200 2
201.245.192.253 - - [12/Jan/2024:00:39:46 -0500] "POST /kwsrmcab/Wsrmcab HTTP/1.1" 200 39124
201.245.192.253 - - [12/Jan/2024:00:39:53 -0500] "POST /forms/lservlet;jsessionid=ac16012b30d6daf3d1e69b9448f9b338854e2531f358.e3iSbxaKaheRe34Rb3eTbx8LaNb0n6jAmljGr5XDqQLvpAe HTTP/1.1" 200 2
216.245.221.92 - - [12/Jan/2024:00:40:18 -0500] "HEAD / HTTP/1.1" 200 -
172.22.2.4 - - [12/Jan/2024:00:39:06 -0500] "HEAD /BLA/boletinlegal/ HTTP/1.1" 200 -
201.245.192.253 - - [12/Jan/2024:00:41:03 -0500] "POST /kwsrmcab/Wsrmcab  HTTP/1.1" 200 39439
201.245.192.253 - - [12/Jan/2024:00:41:26 -0500] "POST /forms/lservlet;jsessionid=ac16012b30d6e9245d4a5ae64507bcdc86473ff87750.e3iSbxaKaheRe34Rb3eTbx8LaNb0n6jAmljGr5XDqQLvpAe HTTP/1.1" 200 2
172.22.2.4 - - [12/Jan/2024:00:39:57 -0500] "GET /BLA/boletinlegal/ HTTP/1.1" 200 60996
201.245.192.253 - - [12/Jan/2024:00:41:53 -0500] "POST /forms/lservlet;jsessionid=ac16012b30d6daf3d1e69b9448f9b338854e2531f358.e3iSbxaKaheRe34Rb3eTbx8LaNb0n6jAmljGr5XDqQLvpAe HTTP/1.1" 200 2
201.245.192.253 - - [12/Jan/2024:00:43:26 -0500] "POST /forms/lservlet;jsessionid=ac16012b30d6e9245d4a5ae64507bcdc86473ff87750.e3iSbxaKaheRe34Rb3eTbx8LaNb0n6jAmljGr5XDqQLvpAe HTTP/1.1" 200 2
201.245.192.253 - - [12/Jan/2024:00:43:53 -0500] "POST /forms/lservlet;jsessionid=ac16012b30d6daf3d1e69b9448f9b338854e2531f358.e3iSbxaKaheRe34Rb3eTbx8LaNb0n6jAmljGr5XDqQLvpAe HTTP/1.1" 200 2
66.249.66.20 - - [12/Jan/2024:00:44:15 -0500] "GET /resoluciones/RESOLUCIONES%202008/0133.pdf HTTP/1.1" 404 1018
216.244.66.195 - - [12/Jan/2024:00:45:03 -0500] "GET /robots.txt HTTP/1.1" 404 1018
216.245.221.92 - - [12/Jan/2024:00:45:18 -0500] "HEAD / HTTP/1.1" 200 -
201.245.192.253 - - [12/Jan/2024:00:45:26 -0500] "POST /forms/lservlet;jsessionid=ac16012b30d6e9245d4a5ae64507bcdc86473ff87750.e3iSbxaKaheRe34Rb3eTbx8LaNb0n6jAmljGr5XDqQLvpAe HTTP/1.1" 200 2
201.245.192.253 - - [12/Jan/2024:00:45:53 -0500] "POST /forms/lservlet;jsessionid=ac16012b30d6daf3d1e69b9448f9b338854e2531f358.e3iSbxaKaheRe34Rb3eTbx8LaNb0n6jAmljGr5XDqQLvpAe HTTP/1.1" 200 2
201.245.192.253 - - [12/Jan/2024:00:46:01 -0500] "POST /kwsrmcab/Wsrmcab  HTTP/1.1" 200 39439
172.22.2.4 - - [12/Jan/2024:00:44:56 -0500] "HEAD /BLA/boletinlegal/ HTTP/1.1" 200 -
201.245.192.253 - - [12/Jan/2024:00:47:26 -0500] "POST /forms/lservlet;jsessionid=ac16012b30d6e9245d4a5ae64507bcdc86473ff87750.e3iSbxaKaheRe34Rb3eTbx8LaNb0n6jAmljGr5XDqQLvpAe HTTP/1.1" 200 2
172.22.2.4 - - [12/Jan/2024:00:45:47 -0500] "GET /BLA/boletinlegal/ HTTP/1.1" 200 60996
201.245.192.253 - - [12/Jan/2024:00:47:53 -0500] "POST /forms/lservlet;jsessionid=ac16012b30d6daf3d1e69b9448f9b338854e2531f358.e3iSbxaKaheRe34Rb3eTbx8LaNb0n6jAmljGr5XDqQLvpAe HTTP/1.1" 200 2
66.249.66.19 - - [12/Jan/2024:00:48:03 -0500] "GET /BLA/resoluciones/RESOLUCIONES%202010/2029.pdf HTTP/1.1" 200 347510
172.22.2.4 - - [12/Jan/2024:00:48:13 -0500] "GET /BLA/boletinlegal/images/img_3.jpg HTTP/1.1" 200 1841
201.245.192.253 - - [12/Jan/2024:00:49:26 -0500] "POST /forms/lservlet;jsessionid=ac16012b30d6e9245d4a5ae64507bcdc86473ff87750.e3iSbxaKaheRe34Rb3eTbx8LaNb0n6jAmljGr5XDqQLvpAe HTTP/1.1" 200 2
201.245.192.253 - - [12/Jan/2024:00:49:53 -0500] "POST /forms/lservlet;jsessionid=ac16012b30d6daf3d1e69b9448f9b338854e2531f358.e3iSbxaKaheRe34Rb3eTbx8LaNb0n6jAmljGr5XDqQLvpAe HTTP/1.1" 200 2
216.245.221.92 - - [12/Jan/2024:00:50:18 -0500] "HEAD / HTTP/1.1" 200 -
168.119.252.242 - - [12/Jan/2024:00:50:48 -0500] "GET / HTTP/1.1" 200 319
168.119.252.242 - - [12/Jan/2024:00:50:49 -0500] "GET / HTTP/1.1" 200 4720
201.245.192.253 - - [12/Jan/2024:00:51:00 -0500] "POST /kwsrmcab/Wsrmcab  HTTP/1.1" 200 39439
66.249.66.20 - - [12/Jan/2024:00:51:20 -0500] "GET /BLA/resoluciones/RESOLUCIONES%202007/RES%202007%203201%20AL%203300/RESOLUCION%203277%20DE%202007.pdf HTTP/1.1" 200 251872
201.245.192.253 - - [12/Jan/2024:00:51:26 -0500] "POST /forms/lservlet;jsessionid=ac16012b30d6e9245d4a5ae64507bcdc86473ff87750.e3iSbxaKaheRe34Rb3eTbx8LaNb0n6jAmljGr5XDqQLvpAe HTTP/1.1" 200 2
201.245.192.253 - - [12/Jan/2024:00:51:53 -0500] "POST /forms/lservlet;jsessionid=ac16012b30d6daf3d1e69b9448f9b338854e2531f358.e3iSbxaKaheRe34Rb3eTbx8LaNb0n6jAmljGr5XDqQLvpAe HTTP/1.1" 200 2
172.22.2.4 - - [12/Jan/2024:00:50:46 -0500] "HEAD /BLA/boletinlegal/ HTTP/1.1" 200 -
17.241.219.110 - - [12/Jan/2024:00:53:09 -0500] "GET /secretaria-de-ambiente-inicia-campana-de-proteccion-y-conservacion-de-musgo-para-epoca-de-navidad.html HTTP/1.1" 200 876
172.22.2.4 - - [12/Jan/2024:00:51:37 -0500] "GET /BLA/boletinlegal/ HTTP/1.1" 200 58666
201.245.192.253 - - [12/Jan/2024:00:53:26 -0500] "POST /forms/lservlet;jsessionid=ac16012b30d6e9245d4a5ae64507bcdc86473ff87750.e3iSbxaKaheRe34Rb3eTbx8LaNb0n6jAmljGr5XDqQLvpAe HTTP/1.1" 200 2
201.245.192.253 - - [12/Jan/2024:00:53:53 -0500] "POST /forms/lservlet;jsessionid=ac16012b30d6daf3d1e69b9448f9b338854e2531f358.e3iSbxaKaheRe34Rb3eTbx8LaNb0n6jAmljGr5XDqQLvpAe HTTP/1.1" 200 2
216.245.221.92 - - [12/Jan/2024:00:55:18 -0500] "HEAD / HTTP/1.1" 200 -
172.22.2.4 - - [12/Jan/2024:00:55:25 -0500] "GET /BLA/boletinlegal/images/tel.png HTTP/1.1" 200 14477
201.245.192.253 - - [12/Jan/2024:00:55:26 -0500] "POST /forms/lservlet;jsessionid=ac16012b30d6e9245d4a5ae64507bcdc86473ff87750.e3iSbxaKaheRe34Rb3eTbx8LaNb0n6jAmljGr5XDqQLvpAe HTTP/1.1" 200 2
201.245.192.253 - - [12/Jan/2024:00:55:53 -0500] "POST /forms/lservlet;jsessionid=ac16012b30d6daf3d1e69b9448f9b338854e2531f358.e3iSbxaKaheRe34Rb3eTbx8LaNb0n6jAmljGr5XDqQLvpAe HTTP/1.1" 200 2
201.245.192.253 - - [12/Jan/2024:00:55:58 -0500] "POST /kwsrmcab/Wsrmcab  HTTP/1.1" 200 39439
172.22.2.4 - - [12/Jan/2024:00:56:03 -0500] "GET /BLA/boletinlegal/images/screen_2.png HTTP/1.1" 200 362502
66.249.66.193 - - [12/Jan/2024:00:57:06 -0500] "GET /participa-en-la-cuarta-convocatoria-de-sembradoras-por-la-reactivaccion.html HTTP/1.1" 304 -
66.249.66.193 - - [12/Jan/2024:00:57:06 -0500] "GET /robots.txt HTTP/1.1" 404 1034
201.245.192.253 - - [12/Jan/2024:00:57:26 -0500] "POST /forms/lservlet;jsessionid=ac16012b30d6e9245d4a5ae64507bcdc86473ff87750.e3iSbxaKaheRe34Rb3eTbx8LaNb0n6jAmljGr5XDqQLvpAe HTTP/1.1" 200 2
201.245.192.253 - - [12/Jan/2024:00:57:53 -0500] "POST /forms/lservlet;jsessionid=ac16012b30d6daf3d1e69b9448f9b338854e2531f358.e3iSbxaKaheRe34Rb3eTbx8LaNb0n6jAmljGr5XDqQLvpAe HTTP/1.1" 200 2
172.22.2.4 - - [12/Jan/2024:00:56:36 -0500] "HEAD /BLA/boletinlegal/ HTTP/1.1" 200 -
66.249.66.21 - - [12/Jan/2024:00:58:26 -0500] "GET /BLA/resoluciones/Notificaciones/RESOLUCIONES%202023/00665.pdf HTTP/1.1" 304 -
172.22.2.4 - - [12/Jan/2024:00:57:27 -0500] "GET /BLA/boletinlegal/ HTTP/1.1" 200 60529
201.245.192.253 - - [12/Jan/2024:00:59:26 -0500] "POST /forms/lservlet;jsessionid=ac16012b30d6e9245d4a5ae64507bcdc86473ff87750.e3iSbxaKaheRe34Rb3eTbx8LaNb0n6jAmljGr5XDqQLvpAe HTTP/1.1" 200 2
201.245.192.253 - - [12/Jan/2024:00:59:53 -0500] "POST /forms/lservlet;jsessionid=ac16012b30d6daf3d1e69b9448f9b338854e2531f358.e3iSbxaKaheRe34Rb3eTbx8LaNb0n6jAmljGr5XDqQLvpAe HTTP/1.1" 200 2
216.245.221.92 - - [12/Jan/2024:01:00:18 -0500] "HEAD / HTTP/1.1" 200 -
66.249.66.21 - - [12/Jan/2024:01:00:29 -0500] "GET /bla/resoluciones/resoluciones%202007/res%202007%204001%20al%204100/resolucion%204090%20de%202007.pdf HTTP/1.1" 304 -
201.245.192.253 - - [12/Jan/2024:01:00:57 -0500] "POST /kwsrmcab/Wsrmcab  HTTP/1.1" 200 39439
66.249.66.21 - - [12/Jan/2024:01:00:59 -0500] "GET /BLA/resoluciones/RESOLUCIONES%202009/5540.pdf HTTP/1.1" 200 505319
66.249.66.20 - - [12/Jan/2024:01:01:00 -0500] "GET /BLA/resoluciones/RESOLUCIONES%202010/1989.pdf HTTP/1.1" 200 339200
66.249.66.21 - - [12/Jan/2024:01:01:01 -0500] "GET /BLA/resoluciones/RESOLUCIONES%202009/4239.pdf HTTP/1.1" 200 412022
201.245.192.253 - - [12/Jan/2024:01:01:26 -0500] "POST /forms/lservlet;jsessionid=ac16012b30d6e9245d4a5ae64507bcdc86473ff87750.e3iSbxaKaheRe34Rb3eTbx8LaNb0n6jAmljGr5XDqQLvpAe HTTP/1.1" 200 2
201.245.192.253 - - [12/Jan/2024:01:01:53 -0500] "POST /forms/lservlet;jsessionid=ac16012b30d6daf3d1e69b9448f9b338854e2531f358.e3iSbxaKaheRe34Rb3eTbx8LaNb0n6jAmljGr5XDqQLvpAe HTTP/1.1" 200 2
66.249.66.19 - - [12/Jan/2024:01:02:06 -0500] "GET /php/ProyectosInversion/Ficha%20ebi.pdf HTTP/1.1" 404 1018
172.22.2.4 - - [12/Jan/2024:01:03:00 -0500] "GET /BLA/boletinlegal/images/screen_5.png HTTP/1.1" 200 368876
66.249.66.192 - - [12/Jan/2024:01:03:06 -0500] "GET /secretaria-de-ambiente-intercambia-conocimientos-sobre-arbolado-urbano-con-delegadas-de-la-alcaldia-de-sao-paulo.html HTTP/1.1" 200 944
201.245.192.253 - - [12/Jan/2024:01:03:26 -0500] "POST /forms/lservlet;jsessionid=ac16012b30d6e9245d4a5ae64507bcdc86473ff87750.e3iSbxaKaheRe34Rb3eTbx8LaNb0n6jAmljGr5XDqQLvpAe HTTP/1.1" 200 2
201.245.192.253 - - [12/Jan/2024:01:03:53 -0500] "POST /forms/lservlet;jsessionid=ac16012b30d6daf3d1e69b9448f9b338854e2531f358.e3iSbxaKaheRe34Rb3eTbx8LaNb0n6jAmljGr5XDqQLvpAe HTTP/1.1" 200 2
172.22.2.4 - - [12/Jan/2024:01:02:26 -0500] "HEAD /BLA/boletinlegal/ HTTP/1.1" 200 -
66.249.66.20 - - [12/Jan/2024:01:04:31 -0500] "GET /BLA/resoluciones/RESOLUCIONES%202008/3113.pdf HTTP/1.1" 200 218309
172.22.2.4 - - [12/Jan/2024:01:03:17 -0500] "GET /BLA/boletinlegal/ HTTP/1.1" 200 58666
216.245.221.92 - - [12/Jan/2024:01:05:18 -0500] "HEAD / HTTP/1.1" 200 -
201.245.192.253 - - [12/Jan/2024:01:05:26 -0500] "POST /forms/lservlet;jsessionid=ac16012b30d6e9245d4a5ae64507bcdc86473ff87750.e3iSbxaKaheRe34Rb3eTbx8LaNb0n6jAmljGr5XDqQLvpAe HTTP/1.1" 200 2
201.245.192.253 - - [12/Jan/2024:01:05:53 -0500] "POST /forms/lservlet;jsessionid=ac16012b30d6daf3d1e69b9448f9b338854e2531f358.e3iSbxaKaheRe34Rb3eTbx8LaNb0n6jAmljGr5XDqQLvpAe HTTP/1.1" 200 2
201.245.192.253 - - [12/Jan/2024:01:05:54 -0500] "POST /kwsrmcab/Wsrmcab  HTTP/1.1" 200 39439
201.245.192.253 - - [12/Jan/2024:01:07:26 -0500] "POST /forms/lservlet;jsessionid=ac16012b30d6e9245d4a5ae64507bcdc86473ff87750.e3iSbxaKaheRe34Rb3eTbx8LaNb0n6jAmljGr5XDqQLvpAe HTTP/1.1" 200 2
201.245.192.253 - - [12/Jan/2024:01:07:53 -0500] "POST /forms/lservlet;jsessionid=ac16012b30d6daf3d1e69b9448f9b338854e2531f358.e3iSbxaKaheRe34Rb3eTbx8LaNb0n6jAmljGr5XDqQLvpAe HTTP/1.1" 200 2
201.245.192.253 - - [12/Jan/2024:01:09:26 -0500] "POST /forms/lservlet;jsessionid=ac16012b30d6e9245d4a5ae64507bcdc86473ff87750.e3iSbxaKaheRe34Rb3eTbx8LaNb0n6jAmljGr5XDqQLvpAe HTTP/1.1" 200 2
201.245.192.253 - - [12/Jan/2024:01:09:53 -0500] "POST /forms/lservlet;jsessionid=ac16012b30d6daf3d1e69b9448f9b338854e2531f358.e3iSbxaKaheRe34Rb3eTbx8LaNb0n6jAmljGr5XDqQLvpAe HTTP/1.1" 200 2
172.22.2.4 - - [12/Jan/2024:01:08:16 -0500] "HEAD /BLA/boletinlegal/ HTTP/1.1" 200 -
216.245.221.92 - - [12/Jan/2024:01:10:18 -0500] "HEAD / HTTP/1.1" 200 -
172.22.2.4 - - [12/Jan/2024:01:09:07 -0500] "GET /BLA/boletinlegal/ HTTP/1.1" 200 58666
201.245.192.253 - - [12/Jan/2024:01:10:53 -0500] "POST /kwsrmcab/Wsrmcab  HTTP/1.1" 200 39439
201.245.192.253 - - [12/Jan/2024:01:11:26 -0500] "POST /forms/lservlet;jsessionid=ac16012b30d6e9245d4a5ae64507bcdc86473ff87750.e3iSbxaKaheRe34Rb3eTbx8LaNb0n6jAmljGr5XDqQLvpAe HTTP/1.1" 200 2
201.245.192.253 - - [12/Jan/2024:01:11:53 -0500] "POST /forms/lservlet;jsessionid=ac16012b30d6daf3d1e69b9448f9b338854e2531f358.e3iSbxaKaheRe34Rb3eTbx8LaNb0n6jAmljGr5XDqQLvpAe HTTP/1.1" 200 2
201.245.192.253 - - [12/Jan/2024:01:13:26 -0500] "POST /forms/lservlet;jsessionid=ac16012b30d6e9245d4a5ae64507bcdc86473ff87750.e3iSbxaKaheRe34Rb3eTbx8LaNb0n6jAmljGr5XDqQLvpAe HTTP/1.1" 200 2
201.245.192.253 - - [12/Jan/2024:01:13:53 -0500] "POST /forms/lservlet;jsessionid=ac16012b30d6daf3d1e69b9448f9b338854e2531f358.e3iSbxaKaheRe34Rb3eTbx8LaNb0n6jAmljGr5XDqQLvpAe HTTP/1.1" 200 2
66.249.66.21 - - [12/Jan/2024:01:13:58 -0500] "GET /BLA/resoluciones/RESOLUCIONES%202007/RES%202007%202101%20AL%202200/RESOLUCION%202118%20DE%202007.pdf HTTP/1.1" 200 339756
66.249.66.19 - - [12/Jan/2024:01:14:24 -0500] "GET /BLA/resoluciones/RESOLUCIONES%202011/6982.pdf HTTP/1.1" 200 1266045
201.245.192.253 - - [12/Jan/2024:01:14:46 -0500] "POST /kwsrmcab/Wsrmcab HTTP/1.1" 200 39279
201.245.192.253 - - [12/Jan/2024:01:14:49 -0500] "GET /kwsrmcab/Wsrmcab?wsdl HTTP/1.1" 200 6948
201.245.192.253 - - [12/Jan/2024:01:14:49 -0500] "POST /kwsrmcab/Wsrmcab HTTP/1.1" 200 39134
