201.245.192.253 - - [12/Jan/2024:07:42:58 -0500] "GET /sipse/faces/javax.faces.resource/images/ui-icons_898989_256x240.png?ln=primefaces-aristo HTTP/1.1" 304 -
156.59.198.136 - - [12/Jan/2024:07:42:59 -0500] "GET /BLA/resoluciones/RESOLUCIONES%202018/3537.pdf HTTP/1.0" 200 274010
186.154.49.87 - - [12/Jan/2024:07:43:00 -0500] "POST /sipse/faces/presentacion/financiero/solicitudProceso/consultarSolicitudProceso.xhtml HTTP/1.1" 200 5344
201.245.192.253 - - [12/Jan/2024:07:43:00 -0500] "POST /sipse/faces/autenticacion.xhtml HTTP/1.1" 200 11165
201.245.192.253 - - [12/Jan/2024:07:43:00 -0500] "GET /sipse/css/custom_css_sg_prime.css HTTP/1.1" 200 5201
201.245.192.253 - - [12/Jan/2024:07:43:00 -0500] "GET /sipse/faces/javax.faces.resource/jquery/jquery.js?ln=primefaces&v=4.0 HTTP/1.1" 304 -
201.245.192.253 - - [12/Jan/2024:07:43:00 -0500] "GET /sipse/faces/javax.faces.resource/jquery/jquery-plugins.js?ln=primefaces&v=4.0 HTTP/1.1" 304 -
201.245.192.253 - - [12/Jan/2024:07:43:00 -0500] "GET /sipse/faces/javax.faces.resource/primefaces.js?ln=primefaces&v=4.0 HTTP/1.1" 304 -
201.245.192.253 - - [12/Jan/2024:07:43:00 -0500] "GET /sipse/faces/javax.faces.resource/layout/layout.js?ln=primefaces&v=4.0 HTTP/1.1" 304 -
201.245.192.253 - - [12/Jan/2024:07:43:00 -0500] "GET /sipse/faces/javax.faces.resource/messages/messages.png?ln=primefaces&v=4.0 HTTP/1.1" 200 27209
186.154.49.87 - - [12/Jan/2024:07:43:01 -0500] "POST /sipse/faces/presentacion/financiero/solicitudProceso/consultarSolicitudProceso.xhtml HTTP/1.1" 200 64050
186.154.49.87 - - [12/Jan/2024:07:43:01 -0500] "GET /sipse/faces/javax.faces.resource/theme.css?ln=primefaces-sipse HTTP/1.1" 304 -
186.154.49.87 - - [12/Jan/2024:07:43:01 -0500] "GET /sipse/faces/javax.faces.resource/primefaces.css?ln=primefaces&v=4.0 HTTP/1.1" 304 -
186.154.49.87 - - [12/Jan/2024:07:43:01 -0500] "GET /sipse/faces/javax.faces.resource/layout/layout.css?ln=primefaces&v=4.0 HTTP/1.1" 304 -
186.154.49.87 - - [12/Jan/2024:07:43:01 -0500] "GET /sipse/faces/javax.faces.resource/jquery/jquery.js?ln=primefaces&v=4.0 HTTP/1.1" 304 -
186.154.49.87 - - [12/Jan/2024:07:43:01 -0500] "GET /sipse/faces/javax.faces.resource/jquery/jquery-plugins.js?ln=primefaces&v=4.0 HTTP/1.1" 304 -
186.154.49.87 - - [12/Jan/2024:07:43:01 -0500] "GET /sipse/faces/javax.faces.resource/primefaces.js?ln=primefaces&v=4.0 HTTP/1.1" 304 -
186.154.49.87 - - [12/Jan/2024:07:43:02 -0500] "GET /sipse/faces/javax.faces.resource/layout/layout.js?ln=primefaces&v=4.0 HTTP/1.1" 304 -
186.154.49.87 - - [12/Jan/2024:07:43:02 -0500] "POST /sipse/faces/presentacion/financiero/solicitudProceso/listarSolicitudProceso.xhtml HTTP/1.1" 200 57375
186.154.49.87 - - [12/Jan/2024:07:43:02 -0500] "POST /sipse/faces/presentacion/financiero/solicitudProceso/listarSolicitudProceso.xhtml HTTP/1.1" 200 57375
186.154.49.87 - - [12/Jan/2024:07:43:02 -0500] "POST /sipse/faces/presentacion/financiero/solicitudProceso/listarSolicitudProceso.xhtml HTTP/1.1" 200 57375
186.154.49.87 - - [12/Jan/2024:07:43:02 -0500] "POST /sipse/faces/presentacion/financiero/solicitudProceso/listarSolicitudProceso.xhtml HTTP/1.1" 200 1556
186.154.49.87 - - [12/Jan/2024:07:43:03 -0500] "POST /sipse/faces/presentacion/financiero/solicitudProceso/listarSolicitudProceso.xhtml HTTP/1.1" 200 1552
186.154.49.87 - - [12/Jan/2024:07:43:03 -0500] "POST /sipse/faces/presentacion/financiero/solicitudProceso/listarSolicitudProceso.xhtml HTTP/1.1" 200 1564
186.154.49.87 - - [12/Jan/2024:07:43:03 -0500] "POST /sipse/faces/presentacion/financiero/solicitudProceso/listarSolicitudProceso.xhtml HTTP/1.1" 200 1556
201.245.192.253 - - [12/Jan/2024:07:43:03 -0500] "POST /sipse/faces/presentacion/sistema/seguridad/seleccionRol.xhtml HTTP/1.1" 200 5600
201.245.192.253 - - [12/Jan/2024:07:43:04 -0500] "POST /sipse/faces/presentacion/sistema/seguridad/seleccionRol.xhtml HTTP/1.1" 200 17608
201.245.192.253 - - [12/Jan/2024:07:43:05 -0500] "GET /sipse/js/jquery.min.js HTTP/1.1" 304 -
201.245.192.253 - - [12/Jan/2024:07:43:05 -0500] "GET /sipse/faces/javax.faces.resource/jquery/jquery.js?ln=primefaces&v=4.0 HTTP/1.1" 304 -
201.245.192.253 - - [12/Jan/2024:07:43:05 -0500] "GET /sipse/faces/javax.faces.resource/jquery/jquery-plugins.js?ln=primefaces&v=4.0 HTTP/1.1" 304 -
201.245.192.253 - - [12/Jan/2024:07:43:05 -0500] "GET /sipse/faces/javax.faces.resource/primefaces.js?ln=primefaces&v=4.0 HTTP/1.1" 304 -
201.245.192.253 - - [12/Jan/2024:07:43:05 -0500] "GET /sipse/faces/javax.faces.resource/layout/layout.js?ln=primefaces&v=4.0 HTTP/1.1" 304 -
201.245.192.253 - - [12/Jan/2024:07:43:05 -0500] "GET /sipse/imagenes/cargando.gif HTTP/1.1" 200 36959
201.245.192.253 - - [12/Jan/2024:07:43:05 -0500] "GET /sipse/imagenes/logoAplicacion.jpg HTTP/1.1" 200 81920
201.245.192.253 - - [12/Jan/2024:07:43:05 -0500] "GET /sipse/css/v_mergente.css HTTP/1.1" 200 1505
201.245.192.253 - - [12/Jan/2024:07:43:05 -0500] "GET /sipse/css/imagen/contrasena.png HTTP/1.1" 404 383
201.245.192.253 - - [12/Jan/2024:07:43:07 -0500] "GET /sipse/faces/javax.faces.resource/images/ui-bg_flat_0_2d5972_40x100.png?ln=primefaces-aristo HTTP/1.1" 200 183
201.245.192.253 - - [12/Jan/2024:07:43:07 -0500] "POST /sipse/faces/bienvenido.xhtml HTTP/1.1" 200 3246
201.245.192.253 - - [12/Jan/2024:07:43:09 -0500] "POST /sipse/faces/bienvenido.xhtml HTTP/1.1" 200 66597
201.245.192.253 - - [12/Jan/2024:07:43:10 -0500] "GET /sipse/faces/javax.faces.resource/jquery/jquery.js?ln=primefaces&v=4.0 HTTP/1.1" 304 -
201.245.192.253 - - [12/Jan/2024:07:43:10 -0500] "GET /sipse/faces/javax.faces.resource/jquery/jquery-plugins.js?ln=primefaces&v=4.0 HTTP/1.1" 304 -
201.245.192.253 - - [12/Jan/2024:07:43:10 -0500] "GET /sipse/faces/javax.faces.resource/primefaces.js?ln=primefaces&v=4.0 HTTP/1.1" 304 -
201.245.192.253 - - [12/Jan/2024:07:43:10 -0500] "GET /sipse/faces/javax.faces.resource/layout/layout.js?ln=primefaces&v=4.0 HTTP/1.1" 304 -
201.245.192.253 - - [12/Jan/2024:07:43:10 -0500] "POST /sipse/faces/presentacion/financiero/solicitudProceso/listarSolicitudProceso.xhtml HTTP/1.1" 200 1556
186.114.246.123 - - [12/Jan/2024:07:43:14 -0500] "GET /sipse/js/disable_browser_buttons.js HTTP/1.1" 304 -
186.114.246.123 - - [12/Jan/2024:07:43:14 -0500] "GET /sipse/css/custom_css_sg.css HTTP/1.1" 304 -
186.114.246.123 - - [12/Jan/2024:07:43:14 -0500] "GET /sipse/js/funciones.js HTTP/1.1" 304 -
172.22.2.4 - - [12/Jan/2024:07:43:21 -0500] "GET /BLA/boletinlegal/jurisprudencia/analisis/AnalisisT-095-16.docx HTTP/1.1" 200 20284
186.114.246.123 - - [12/Jan/2024:07:43:21 -0500] "GET /sipse/css/custom_css_sg_prime_login.css HTTP/1.1" 304 -
186.114.246.123 - - [12/Jan/2024:07:43:21 -0500] "GET /sipse/faces/javax.faces.resource/primefaces.css?ln=primefaces&v=4.0 HTTP/1.1" 304 -
186.114.246.123 - - [12/Jan/2024:07:43:22 -0500] "GET /sipse/faces/javax.faces.resource/theme.css?ln=primefaces-sipse HTTP/1.1" 304 -
186.114.246.123 - - [12/Jan/2024:07:43:23 -0500] "GET /sipse/faces/javax.faces.resource/jquery/jquery.js?ln=primefaces&v=4.0 HTTP/1.1" 304 -
186.114.246.123 - - [12/Jan/2024:07:43:23 -0500] "GET /sipse/faces/javax.faces.resource/theme.css?ln=primefaces-sipse HTTP/1.1" 304 -
186.114.246.123 - - [12/Jan/2024:07:43:23 -0500] "GET /sipse/faces/javax.faces.resource/layout/layout.css?ln=primefaces&v=4.0 HTTP/1.1" 304 -
186.114.246.123 - - [12/Jan/2024:07:43:23 -0500] "GET /sipse/faces/javax.faces.resource/primefaces.css?ln=primefaces&v=4.0 HTTP/1.1" 304 -
186.114.246.123 - - [12/Jan/2024:07:43:23 -0500] "GET /sipse/faces/javax.faces.resource/jquery/jquery-plugins.js?ln=primefaces&v=4.0 HTTP/1.1" 304 -
186.114.246.123 - - [12/Jan/2024:07:43:23 -0500] "GET /sipse/faces/javax.faces.resource/layout/layout.css?ln=primefaces&v=4.0 HTTP/1.1" 304 -
186.114.246.123 - - [12/Jan/2024:07:43:23 -0500] "GET /sipse/faces/javax.faces.resource/primefaces.js?ln=primefaces&v=4.0 HTTP/1.1" 304 -
186.114.246.123 - - [12/Jan/2024:07:43:23 -0500] "GET /sipse/faces/javax.faces.resource/layout/layout.js?ln=primefaces&v=4.0 HTTP/1.1" 304 -
156.59.198.135 - - [12/Jan/2024:07:43:23 -0500] "GET /BLA/resoluciones/RESOLUCIONES%202018/2181.pdf HTTP/1.0" 200 362712
186.114.246.123 - - [12/Jan/2024:07:43:27 -0500] "GET /sipse/faces/javax.faces.resource/jquery/jquery.js?ln=primefaces&v=4.0 HTTP/1.1" 304 -
186.114.246.123 - - [12/Jan/2024:07:43:27 -0500] "GET /sipse/faces/javax.faces.resource/jquery/jquery-plugins.js?ln=primefaces&v=4.0 HTTP/1.1" 304 -
186.114.246.123 - - [12/Jan/2024:07:43:27 -0500] "GET /sipse/faces/javax.faces.resource/primefaces.js?ln=primefaces&v=4.0 HTTP/1.1" 304 -
186.114.246.123 - - [12/Jan/2024:07:43:27 -0500] "GET /sipse/css/imagen/logoSDG.png HTTP/1.1" 304 -
186.114.246.123 - - [12/Jan/2024:07:43:27 -0500] "GET /sipse/css/imagen/loginimg.png HTTP/1.1" 304 -
186.114.246.123 - - [12/Jan/2024:07:43:27 -0500] "GET /sipse/faces/javax.faces.resource/images/ui-icons_898989_256x240.png?ln=primefaces-aristo HTTP/1.1" 304 -
186.114.246.123 - - [12/Jan/2024:07:43:28 -0500] "GET /sipse/faces/javax.faces.resource/layout/layout.js?ln=primefaces&v=4.0 HTTP/1.1" 304 -
201.245.192.253 - - [12/Jan/2024:07:43:28 -0500] "POST /forms/lservlet;jsessionid=ac16012b30d6e9245d4a5ae64507bcdc86473ff87750.e3iSbxaKaheRe34Rb3eTbx8LaNb0n6jAmljGr5XDqQLvpAe HTTP/1.1" 200 2
106.7.93.183 - - [12/Jan/2024:07:43:28 -0500] "GET /BLA/boletinlegal/Directivas/2012/Directiva%20No.%201%20del%2030%20de%20octubre%20de%202012.pdf HTTP/1.1" 200 1522771
186.114.246.123 - - [12/Jan/2024:07:43:28 -0500] "GET /sipse/faces/javax.faces.resource/images/ui-icons_898989_256x240.png?ln=primefaces-aristo HTTP/1.1" 304 -
186.154.49.87 - - [12/Jan/2024:07:43:30 -0500] "POST /sipse/faces/presentacion/financiero/solicitudProceso/listarSolicitudProceso.xhtml HTTP/1.1" 200 110237
186.154.49.87 - - [12/Jan/2024:07:43:31 -0500] "GET /sipse/faces/javax.faces.resource/theme.css?ln=primefaces-sipse HTTP/1.1" 304 -
186.154.49.87 - - [12/Jan/2024:07:43:31 -0500] "GET /sipse/faces/javax.faces.resource/layout/layout.css?ln=primefaces&v=4.0 HTTP/1.1" 304 -
186.154.49.87 - - [12/Jan/2024:07:43:31 -0500] "GET /sipse/faces/javax.faces.resource/primefaces.css?ln=primefaces&v=4.0 HTTP/1.1" 304 -
186.154.49.87 - - [12/Jan/2024:07:43:31 -0500] "GET /sipse/faces/javax.faces.resource/jquery/jquery.js?ln=primefaces&v=4.0 HTTP/1.1" 304 -
186.154.49.87 - - [12/Jan/2024:07:43:31 -0500] "GET /sipse/faces/javax.faces.resource/jquery/jquery-plugins.js?ln=primefaces&v=4.0 HTTP/1.1" 304 -
186.154.49.87 - - [12/Jan/2024:07:43:31 -0500] "GET /sipse/faces/javax.faces.resource/primefaces.js?ln=primefaces&v=4.0 HTTP/1.1" 304 -
186.154.49.87 - - [12/Jan/2024:07:43:31 -0500] "GET /sipse/faces/javax.faces.resource/layout/layout.js?ln=primefaces&v=4.0 HTTP/1.1" 304 -
186.154.49.87 - - [12/Jan/2024:07:43:31 -0500] "GET /sipse/faces/javax.faces.resource/dynamiccontent.properties?ln=primefaces&pfdrid=XjOR5%2F%2FfPAZAuY9TpWQeCiM0BhlXxYRBGKi%2FQcXXfeA%3D&pfdrid_c=false HTTP/1.1" 500 383
156.59.198.135 - - [12/Jan/2024:07:43:50 -0500] "GET /BLA/resoluciones/RESOLUCIONES%202007/RES%202007%201%20AL%20100/RESOLUCION%200059%20DE%202007.pdf HTTP/1.0" 200 228127
201.245.192.253 - - [12/Jan/2024:07:43:54 -0500] "POST /forms/lservlet;jsessionid=ac16012b30d6daf3d1e69b9448f9b338854e2531f358.e3iSbxaKaheRe34Rb3eTbx8LaNb0n6jAmljGr5XDqQLvpAe HTTP/1.1" 200 2
156.59.198.135 - - [12/Jan/2024:07:44:13 -0500] "GET /BLA/resoluciones/RESOLUCIONES%202007/RES%202007%201%20AL%20100/RESOLUCION%200025%20DE%202007.pdf HTTP/1.0" 200 51005
186.154.49.87 - - [12/Jan/2024:07:44:22 -0500] "POST /sipse/faces/presentacion/financiero/solicitudProceso/consultarSolicitudProceso.xhtml HTTP/1.1" 200 252299
156.59.198.136 - - [12/Jan/2024:07:44:37 -0500] "GET /BLA/resoluciones/RESOLUCIONES%202007/RES%202007%201%20AL%20100/RESOLUCION%200063%20DE%202007.pdf HTTP/1.0" 200 114373
201.245.192.253 - - [12/Jan/2024:07:44:42 -0500] "POST /sipse/faces/presentacion/financiero/solicitudProceso/listarSolicitudProceso.xhtml HTTP/1.1" 200 116374
201.245.192.253 - - [12/Jan/2024:07:44:43 -0500] "GET /sipse/faces/javax.faces.resource/jquery/jquery.js?ln=primefaces&v=4.0 HTTP/1.1" 304 -
201.245.192.253 - - [12/Jan/2024:07:44:43 -0500] "GET /sipse/faces/javax.faces.resource/jquery/jquery-plugins.js?ln=primefaces&v=4.0 HTTP/1.1" 304 -
201.245.192.253 - - [12/Jan/2024:07:44:43 -0500] "GET /sipse/faces/javax.faces.resource/primefaces.js?ln=primefaces&v=4.0 HTTP/1.1" 304 -
201.245.192.253 - - [12/Jan/2024:07:44:43 -0500] "GET /sipse/faces/javax.faces.resource/layout/layout.js?ln=primefaces&v=4.0 HTTP/1.1" 304 -
201.245.192.253 - - [12/Jan/2024:07:44:44 -0500] "GET /sipse/faces/javax.faces.resource/dynamiccontent.properties?ln=primefaces&pfdrid=XjOR5%2F%2FfPAZAuY9TpWQeCiM0BhlXxYRBGKi%2FQcXXfeA%3D&pfdrid_c=false HTTP/1.1" 500 383
156.59.198.135 - - [12/Jan/2024:07:45:02 -0500] "GET /BLA/resoluciones/RESOLUCIONES%202018/3460.pdf HTTP/1.0" 200 234027
201.245.192.253 - - [12/Jan/2024:07:45:06 -0500] "POST /sipse/faces/presentacion/financiero/solicitudProceso/consultarSolicitudProceso.xhtml HTTP/1.1" 200 199759
201.245.192.253 - - [12/Jan/2024:07:45:11 -0500] "POST /sipse/faces/presentacion/financiero/solicitudProceso/consultarSolicitudProceso.xhtml HTTP/1.1" 200 27689
186.154.49.87 - - [12/Jan/2024:07:45:15 -0500] "POST /sipse/faces/presentacion/financiero/solicitudProceso/consultarSolicitudProceso.xhtml HTTP/1.1" 200 5423
201.245.192.253 - - [12/Jan/2024:07:45:17 -0500] "POST /sipse/faces/presentacion/financiero/solicitudProceso/consultarSolicitudProceso.xhtml HTTP/1.1" 200 199759
216.245.221.92 - - [12/Jan/2024:07:45:17 -0500] "HEAD / HTTP/1.1" 200 -
156.59.198.136 - - [12/Jan/2024:07:45:25 -0500] "GET /BLA/resoluciones/RESOLUCIONES%202018/3083.pdf HTTP/1.0" 200 295153
201.245.192.253 - - [12/Jan/2024:07:45:28 -0500] "POST /forms/lservlet;jsessionid=ac16012b30d6e9245d4a5ae64507bcdc86473ff87750.e3iSbxaKaheRe34Rb3eTbx8LaNb0n6jAmljGr5XDqQLvpAe HTTP/1.1" 200 2
172.22.2.4 - - [12/Jan/2024:07:44:36 -0500] "GET /BLA/boletinlegal/ HTTP/1.1" 200 36811
186.154.49.87 - - [12/Jan/2024:07:45:36 -0500] "POST /sipse/faces/presentacion/financiero/solicitudProceso/consultarSolicitudProceso.xhtml HTTP/1.1" 200 157606
186.154.49.87 - - [12/Jan/2024:07:45:36 -0500] "GET /sipse/faces/javax.faces.resource/theme.css?ln=primefaces-sipse HTTP/1.1" 304 -
186.154.49.87 - - [12/Jan/2024:07:45:36 -0500] "GET /sipse/faces/javax.faces.resource/jquery/jquery.js?ln=primefaces&v=4.0 HTTP/1.1" 304 -
186.154.49.87 - - [12/Jan/2024:07:45:36 -0500] "GET /sipse/faces/javax.faces.resource/jquery/jquery-plugins.js?ln=primefaces&v=4.0 HTTP/1.1" 304 -
186.154.49.87 - - [12/Jan/2024:07:45:36 -0500] "GET /sipse/faces/javax.faces.resource/layout/layout.css?ln=primefaces&v=4.0 HTTP/1.1" 304 -
186.154.49.87 - - [12/Jan/2024:07:45:36 -0500] "GET /sipse/faces/javax.faces.resource/primefaces.css?ln=primefaces&v=4.0 HTTP/1.1" 304 -
186.154.49.87 - - [12/Jan/2024:07:45:36 -0500] "GET /sipse/faces/javax.faces.resource/primefaces.js?ln=primefaces&v=4.0 HTTP/1.1" 304 -
186.154.49.87 - - [12/Jan/2024:07:45:36 -0500] "GET /sipse/faces/javax.faces.resource/layout/layout.js?ln=primefaces&v=4.0 HTTP/1.1" 304 -
186.154.49.87 - - [12/Jan/2024:07:45:41 -0500] "POST /sipse/faces/presentacion/financiero/solicitudProceso/consultarSolicitudProceso.xhtml HTTP/1.1" 200 25147
186.154.49.87 - - [12/Jan/2024:07:45:42 -0500] "GET /sipse/faces/javax.faces.resource/primefaces.css?ln=primefaces&v=4.0 HTTP/1.1" 304 -
186.154.49.87 - - [12/Jan/2024:07:45:42 -0500] "GET /sipse/faces/javax.faces.resource/theme.css?ln=primefaces-sipse HTTP/1.1" 304 -
186.154.49.87 - - [12/Jan/2024:07:45:42 -0500] "GET /sipse/faces/javax.faces.resource/layout/layout.css?ln=primefaces&v=4.0 HTTP/1.1" 304 -
186.154.49.87 - - [12/Jan/2024:07:45:42 -0500] "GET /sipse/faces/javax.faces.resource/jquery/jquery.js?ln=primefaces&v=4.0 HTTP/1.1" 304 -
186.154.49.87 - - [12/Jan/2024:07:45:42 -0500] "GET /sipse/faces/javax.faces.resource/jquery/jquery-plugins.js?ln=primefaces&v=4.0 HTTP/1.1" 304 -
186.154.49.87 - - [12/Jan/2024:07:45:42 -0500] "GET /sipse/faces/javax.faces.resource/primefaces.js?ln=primefaces&v=4.0 HTTP/1.1" 304 -
186.154.49.87 - - [12/Jan/2024:07:45:42 -0500] "GET /sipse/faces/javax.faces.resource/layout/layout.js?ln=primefaces&v=4.0 HTTP/1.1" 304 -
156.59.198.136 - - [12/Jan/2024:07:45:51 -0500] "GET /BLA/resoluciones/RESOLUCIONES%202018/0828.pdf HTTP/1.0" 200 241674
186.154.49.87 - - [12/Jan/2024:07:45:51 -0500] "POST /sipse/faces/presentacion/financiero/viabilidad/expedirViabilidad.xhtml HTTP/1.1" 200 2314
201.245.192.253 - - [12/Jan/2024:07:45:54 -0500] "POST /forms/lservlet;jsessionid=ac16012b30d6daf3d1e69b9448f9b338854e2531f358.e3iSbxaKaheRe34Rb3eTbx8LaNb0n6jAmljGr5XDqQLvpAe HTTP/1.1" 200 2
186.154.49.87 - - [12/Jan/2024:07:46:03 -0500] "GET /sipse/faces/javax.faces.resource/theme.css?ln=primefaces-sipse HTTP/1.1" 304 -
186.154.49.87 - - [12/Jan/2024:07:46:03 -0500] "POST /sipse/faces/presentacion/financiero/viabilidad/expedirViabilidad.xhtml HTTP/1.1" 200 155110
186.154.49.87 - - [12/Jan/2024:07:46:03 -0500] "GET /sipse/faces/javax.faces.resource/primefaces.css?ln=primefaces&v=4.0 HTTP/1.1" 304 -
186.154.49.87 - - [12/Jan/2024:07:46:03 -0500] "GET /sipse/faces/javax.faces.resource/jquery/jquery.js?ln=primefaces&v=4.0 HTTP/1.1" 304 -
186.154.49.87 - - [12/Jan/2024:07:46:03 -0500] "GET /sipse/faces/javax.faces.resource/jquery/jquery-plugins.js?ln=primefaces&v=4.0 HTTP/1.1" 304 -
186.154.49.87 - - [12/Jan/2024:07:46:03 -0500] "GET /sipse/faces/javax.faces.resource/layout/layout.css?ln=primefaces&v=4.0 HTTP/1.1" 304 -
186.154.49.87 - - [12/Jan/2024:07:46:03 -0500] "GET /sipse/faces/javax.faces.resource/primefaces.js?ln=primefaces&v=4.0 HTTP/1.1" 304 -
186.154.49.87 - - [12/Jan/2024:07:46:03 -0500] "GET /sipse/faces/javax.faces.resource/layout/layout.js?ln=primefaces&v=4.0 HTTP/1.1" 304 -
186.154.49.87 - - [12/Jan/2024:07:46:09 -0500] "POST /sipse/faces/presentacion/financiero/solicitudProceso/consultarSolicitudProceso.xhtml HTTP/1.1" 200 25147
186.154.49.87 - - [12/Jan/2024:07:46:09 -0500] "GET /sipse/faces/javax.faces.resource/theme.css?ln=primefaces-sipse HTTP/1.1" 304 -
186.154.49.87 - - [12/Jan/2024:07:46:09 -0500] "GET /sipse/faces/javax.faces.resource/primefaces.css?ln=primefaces&v=4.0 HTTP/1.1" 304 -
186.154.49.87 - - [12/Jan/2024:07:46:09 -0500] "GET /sipse/faces/javax.faces.resource/layout/layout.css?ln=primefaces&v=4.0 HTTP/1.1" 304 -
186.154.49.87 - - [12/Jan/2024:07:46:09 -0500] "GET /sipse/faces/javax.faces.resource/jquery/jquery.js?ln=primefaces&v=4.0 HTTP/1.1" 304 -
186.154.49.87 - - [12/Jan/2024:07:46:09 -0500] "GET /sipse/faces/javax.faces.resource/jquery/jquery-plugins.js?ln=primefaces&v=4.0 HTTP/1.1" 304 -
186.154.49.87 - - [12/Jan/2024:07:46:09 -0500] "GET /sipse/faces/javax.faces.resource/primefaces.js?ln=primefaces&v=4.0 HTTP/1.1" 304 -
186.154.49.87 - - [12/Jan/2024:07:46:09 -0500] "GET /sipse/faces/javax.faces.resource/layout/layout.js?ln=primefaces&v=4.0 HTTP/1.1" 304 -
156.59.198.135 - - [12/Jan/2024:07:46:14 -0500] "GET /BLA/resoluciones/RESOLUCIONES%202018/0257.pdf HTTP/1.0" 200 344013
201.245.192.253 - - [12/Jan/2024:07:46:13 -0500] "POST /kwsrmcab/Wsrmcab  HTTP/1.1" 200 39439
186.154.49.87 - - [12/Jan/2024:07:46:17 -0500] "POST /sipse/faces/presentacion/financiero/viabilidad/expedirViabilidad.xhtml HTTP/1.1" 200 111875
186.154.49.87 - - [12/Jan/2024:07:46:17 -0500] "GET /sipse/faces/javax.faces.resource/theme.css?ln=primefaces-sipse HTTP/1.1" 304 -
186.154.49.87 - - [12/Jan/2024:07:46:17 -0500] "GET /sipse/faces/javax.faces.resource/primefaces.css?ln=primefaces&v=4.0 HTTP/1.1" 304 -
186.154.49.87 - - [12/Jan/2024:07:46:17 -0500] "GET /sipse/faces/javax.faces.resource/layout/layout.css?ln=primefaces&v=4.0 HTTP/1.1" 304 -
186.154.49.87 - - [12/Jan/2024:07:46:17 -0500] "GET /sipse/faces/javax.faces.resource/jquery/jquery.js?ln=primefaces&v=4.0 HTTP/1.1" 304 -
186.154.49.87 - - [12/Jan/2024:07:46:17 -0500] "GET /sipse/faces/javax.faces.resource/jquery/jquery-plugins.js?ln=primefaces&v=4.0 HTTP/1.1" 304 -
186.154.49.87 - - [12/Jan/2024:07:46:17 -0500] "GET /sipse/faces/javax.faces.resource/primefaces.js?ln=primefaces&v=4.0 HTTP/1.1" 304 -
186.154.49.87 - - [12/Jan/2024:07:46:17 -0500] "GET /sipse/faces/javax.faces.resource/layout/layout.js?ln=primefaces&v=4.0 HTTP/1.1" 304 -
186.154.49.87 - - [12/Jan/2024:07:46:24 -0500] "POST /sipse/faces/presentacion/financiero/solicitudProceso/consultarSolicitudProceso.xhtml HTTP/1.1" 200 64410
186.154.49.87 - - [12/Jan/2024:07:46:26 -0500] "GET /sipse/faces/javax.faces.resource/primefaces.css?ln=primefaces&v=4.0 HTTP/1.1" 304 -
186.154.49.87 - - [12/Jan/2024:07:46:26 -0500] "GET /sipse/faces/javax.faces.resource/theme.css?ln=primefaces-sipse HTTP/1.1" 304 -
186.154.49.87 - - [12/Jan/2024:07:46:26 -0500] "GET /sipse/faces/javax.faces.resource/layout/layout.css?ln=primefaces&v=4.0 HTTP/1.1" 304 -
186.154.49.87 - - [12/Jan/2024:07:46:26 -0500] "GET /sipse/faces/javax.faces.resource/jquery/jquery.js?ln=primefaces&v=4.0 HTTP/1.1" 304 -
186.154.49.87 - - [12/Jan/2024:07:46:26 -0500] "GET /sipse/faces/javax.faces.resource/jquery/jquery-plugins.js?ln=primefaces&v=4.0 HTTP/1.1" 304 -
186.154.49.87 - - [12/Jan/2024:07:46:26 -0500] "GET /sipse/faces/javax.faces.resource/primefaces.js?ln=primefaces&v=4.0 HTTP/1.1" 304 -
186.154.49.87 - - [12/Jan/2024:07:46:26 -0500] "GET /sipse/faces/javax.faces.resource/layout/layout.js?ln=primefaces&v=4.0 HTTP/1.1" 304 -
186.154.49.87 - - [12/Jan/2024:07:46:26 -0500] "POST /sipse/faces/presentacion/financiero/solicitudProceso/listarSolicitudProceso.xhtml HTTP/1.1" 200 1556
172.22.2.4 - - [12/Jan/2024:07:44:55 -0500] "HEAD /BLA/boletinlegal/ HTTP/1.1" 200 -
186.154.49.87 - - [12/Jan/2024:07:46:39 -0500] "POST /sipse/faces/presentacion/financiero/solicitudProceso/listarSolicitudProceso.xhtml HTTP/1.1" 200 43762
156.59.198.135 - - [12/Jan/2024:07:46:39 -0500] "GET /BLA/resoluciones/RESOLUCIONES%202018/2039.pdf HTTP/1.0" 200 331364
17.241.227.193 - - [12/Jan/2024:07:47:01 -0500] "GET /cuales-son-las-senales-para-identificar-un-arbol-en-riesgo-de-caida-en-bogota.html HTTP/1.1" 200 863
156.59.198.136 - - [12/Jan/2024:07:47:03 -0500] "GET /BLA/resoluciones/RESOLUCIONES%202018/0929.pdf HTTP/1.0" 200 366291
186.154.49.87 - - [12/Jan/2024:07:47:03 -0500] "POST /sipse/faces/presentacion/financiero/solicitudProceso/listarSolicitudProceso.xhtml HTTP/1.1" 200 107827
186.154.49.87 - - [12/Jan/2024:07:47:04 -0500] "GET /sipse/faces/javax.faces.resource/theme.css?ln=primefaces-sipse HTTP/1.1" 304 -
186.154.49.87 - - [12/Jan/2024:07:47:04 -0500] "GET /sipse/faces/javax.faces.resource/layout/layout.css?ln=primefaces&v=4.0 HTTP/1.1" 304 -
186.154.49.87 - - [12/Jan/2024:07:47:04 -0500] "GET /sipse/faces/javax.faces.resource/primefaces.css?ln=primefaces&v=4.0 HTTP/1.1" 304 -
186.154.49.87 - - [12/Jan/2024:07:47:04 -0500] "GET /sipse/faces/javax.faces.resource/jquery/jquery.js?ln=primefaces&v=4.0 HTTP/1.1" 304 -
186.154.49.87 - - [12/Jan/2024:07:47:04 -0500] "GET /sipse/faces/javax.faces.resource/jquery/jquery-plugins.js?ln=primefaces&v=4.0 HTTP/1.1" 304 -
186.154.49.87 - - [12/Jan/2024:07:47:04 -0500] "GET /sipse/faces/javax.faces.resource/primefaces.js?ln=primefaces&v=4.0 HTTP/1.1" 304 -
186.154.49.87 - - [12/Jan/2024:07:47:04 -0500] "GET /sipse/faces/javax.faces.resource/layout/layout.js?ln=primefaces&v=4.0 HTTP/1.1" 304 -
172.22.2.4 - - [12/Jan/2024:07:45:46 -0500] "GET /BLA/boletinlegal/ HTTP/1.1" 200 50644
156.59.198.136 - - [12/Jan/2024:07:47:27 -0500] "GET /BLA/resoluciones/RESOLUCIONES%202018/0388.pdf HTTP/1.0" 200 231982
201.245.192.253 - - [12/Jan/2024:07:47:28 -0500] "POST /forms/lservlet;jsessionid=ac16012b30d6e9245d4a5ae64507bcdc86473ff87750.e3iSbxaKaheRe34Rb3eTbx8LaNb0n6jAmljGr5XDqQLvpAe HTTP/1.1" 200 2
156.59.198.136 - - [12/Jan/2024:07:47:53 -0500] "GET /BLA/resoluciones/RESOLUCIONES%202018/1065.pdf HTTP/1.0" 200 413942
201.245.192.253 - - [12/Jan/2024:07:47:54 -0500] "POST /forms/lservlet;jsessionid=ac16012b30d6daf3d1e69b9448f9b338854e2531f358.e3iSbxaKaheRe34Rb3eTbx8LaNb0n6jAmljGr5XDqQLvpAe HTTP/1.1" 200 2
186.154.49.87 - - [12/Jan/2024:07:47:56 -0500] "POST /sipse/faces/presentacion/financiero/solicitudProceso/consultarSolicitudProceso.xhtml HTTP/1.1" 200 251497
156.59.198.136 - - [12/Jan/2024:07:48:18 -0500] "GET /BLA/resoluciones/RESOLUCIONES%202018/1825.pdf HTTP/1.0" 200 286268
186.154.49.87 - - [12/Jan/2024:07:48:33 -0500] "POST /sipse/faces/presentacion/financiero/solicitudProceso/consultarSolicitudProceso.xhtml HTTP/1.1" 200 5423
66.249.66.193 - - [12/Jan/2024:07:48:34 -0500] "GET /ciudadanos-pueden-enviar-comentarios-y-propuestas-al-proyecto-de-decreto-para-reducir-la-utilizacion-de-plasticos-de-un-solo-uso-en-las-entidades-del-distrito.html HTTP/1.1" 200 1170
156.59.198.135 - - [12/Jan/2024:07:48:41 -0500] "GET /BLA/resoluciones/RESOLUCIONES%202018/0180.pdf HTTP/1.0" 200 301173
156.59.198.136 - - [12/Jan/2024:07:49:05 -0500] "GET /BLA/resoluciones/RESOLUCIONES%202018/3371.pdf HTTP/1.0" 200 302021
201.245.192.253 - - [12/Jan/2024:07:49:28 -0500] "POST /forms/lservlet;jsessionid=ac16012b30d6e9245d4a5ae64507bcdc86473ff87750.e3iSbxaKaheRe34Rb3eTbx8LaNb0n6jAmljGr5XDqQLvpAe HTTP/1.1" 200 2
186.154.49.87 - - [12/Jan/2024:07:49:30 -0500] "GET /sipse/faces/javax.faces.resource/theme.css?ln=primefaces-sipse HTTP/1.1" 304 -
186.154.49.87 - - [12/Jan/2024:07:49:30 -0500] "GET /sipse/faces/javax.faces.resource/primefaces.css?ln=primefaces&v=4.0 HTTP/1.1" 304 -
186.154.49.87 - - [12/Jan/2024:07:49:30 -0500] "GET /sipse/faces/javax.faces.resource/jquery/jquery-plugins.js?ln=primefaces&v=4.0 HTTP/1.1" 304 -
186.154.49.87 - - [12/Jan/2024:07:49:30 -0500] "GET /sipse/faces/javax.faces.resource/jquery/jquery.js?ln=primefaces&v=4.0 HTTP/1.1" 304 -
186.154.49.87 - - [12/Jan/2024:07:49:30 -0500] "GET /sipse/faces/javax.faces.resource/primefaces.js?ln=primefaces&v=4.0 HTTP/1.1" 304 -
186.154.49.87 - - [12/Jan/2024:07:49:30 -0500] "GET /sipse/faces/javax.faces.resource/layout/layout.css?ln=primefaces&v=4.0 HTTP/1.1" 304 -
156.59.198.135 - - [12/Jan/2024:07:49:30 -0500] "GET /BLA/resoluciones/RESOLUCIONES%202018/0885.pdf HTTP/1.0" 200 1288522
186.154.49.87 - - [12/Jan/2024:07:49:30 -0500] "GET /sipse/faces/javax.faces.resource/layout/layout.js?ln=primefaces&v=4.0 HTTP/1.1" 304 -
186.154.49.87 - - [12/Jan/2024:07:49:29 -0500] "POST /sipse/faces/presentacion/financiero/solicitudProceso/consultarSolicitudProceso.xhtml HTTP/1.1" 200 155218
201.245.192.253 - - [12/Jan/2024:07:49:35 -0500] "POST /sipse/faces/presentacion/financiero/solicitudProceso/consultarSolicitudProceso.xhtml HTTP/1.1" 200 5423
186.154.49.87 - - [12/Jan/2024:07:49:36 -0500] "POST /sipse/faces/presentacion/financiero/solicitudProceso/consultarSolicitudProceso.xhtml HTTP/1.1" 200 25147
186.154.49.87 - - [12/Jan/2024:07:49:36 -0500] "GET /sipse/faces/javax.faces.resource/theme.css?ln=primefaces-sipse HTTP/1.1" 304 -
186.154.49.87 - - [12/Jan/2024:07:49:36 -0500] "GET /sipse/faces/javax.faces.resource/primefaces.css?ln=primefaces&v=4.0 HTTP/1.1" 304 -
186.154.49.87 - - [12/Jan/2024:07:49:36 -0500] "GET /sipse/faces/javax.faces.resource/layout/layout.css?ln=primefaces&v=4.0 HTTP/1.1" 304 -
186.154.49.87 - - [12/Jan/2024:07:49:36 -0500] "GET /sipse/faces/javax.faces.resource/jquery/jquery.js?ln=primefaces&v=4.0 HTTP/1.1" 304 -
186.154.49.87 - - [12/Jan/2024:07:49:36 -0500] "GET /sipse/faces/javax.faces.resource/jquery/jquery-plugins.js?ln=primefaces&v=4.0 HTTP/1.1" 304 -
186.154.49.87 - - [12/Jan/2024:07:49:36 -0500] "GET /sipse/faces/javax.faces.resource/primefaces.js?ln=primefaces&v=4.0 HTTP/1.1" 304 -
186.154.49.87 - - [12/Jan/2024:07:49:36 -0500] "GET /sipse/faces/javax.faces.resource/layout/layout.js?ln=primefaces&v=4.0 HTTP/1.1" 304 -
186.102.37.49 - - [12/Jan/2024:07:49:50 -0500] "GET /kwssiamovil/sm/ldap/au?x=U2FsdGVkX19+ZGa6QDyz4BE5M70qArtAf4TyqQ2oljcepwhKWlkBsW8R7bS41Zfe&y=U2FsdGVkX1/Xfq6+754u2+0SV2/Ysk9TCrxT54IVO8ulUvh9CYFd/jarywKc/XG7 HTTP/1.1" 200 30
186.102.37.49 - - [12/Jan/2024:07:49:50 -0500] "GET /kwssiamovil/sm/acme/s?s=U2FsdGVkX19u2Yg71wwwLgXTH8L0fI4n/Lkt4CThe8tE/7kXHEVgeRFnY2DQ4nutH7YTKEUHHk4UQ2zihGmtb9NBOcs+V22LrtW4MPd9Bf4=&u=U2FsdGVkX1/qcxvv6Zsehw/UUHaePqct299xRShNEG+lnwUZjzNee1gLuD/vhQ/T&y=U2FsdGVkX1/Xfq6+754u2+0SV2/Ysk9TCrxT54IVO8ulUvh9CYFd/jarywKc/XG7 HTTP/1.1" 200 97
186.154.49.87 - - [12/Jan/2024:07:49:48 -0500] "POST /sipse/faces/presentacion/financiero/viabilidad/expedirViabilidad.xhtml HTTP/1.1" 200 109487
186.102.37.49 - - [12/Jan/2024:07:49:50 -0500] "GET /kwssiamovil/sm/acme/s?s=U2FsdGVkX1/PXGL4WYilP8d128ru9ZR9EMElWNOgBeojVQ1thuApA/QuuCmBsItbDN3y5nJwrAIxf/H9pG2wMmjDZdJA7fTCT4vzWses8N6hgPNT8vAkOi4TwBSUthhGERMkq7M9yM2FpAprGWreCIFCVkPP07oLRv1BEcXxEA4gwqmAhvTHJ1Pldi2AlskbvEX4cG3GW62uiXE1zilLEgiCpi/y2Tts8uOgKnT6KEhu5aH9oz2tnaZ1ho+SMNQTUHNGK5t+JVJgLc4+rX7KFS84sOL8daOZrEaySYq336JAd+mkZjKfwLNmrWnuf++AoeGjfi0FI33fijYLEsQZ/Oe4Kj2nRsG9bhq8/3AwCm0Xf80U2K+7A72BwnMUh0AJ4yA9vpA7xUY9AYkrfV+h90mcqNB+z0Sdm17On/Ij146mP7Ua+++yn+ZuXfD69dI+PHgMIHoBt8h8Zq2/p+o5YziooAjT9a13IgMsmkmQMTT1QWLae7db4wdtuqJOUvi5hky+NOPJ663OHslyQqkdyRMjiQ4l3rI19z506+aqaOEptCUD4uq+5wp/A9XER9ZwU/vri98osGooigtG8wNJEI4z7ViL1eHQW4nuwbi0coi+P7gP3xk1z9cCetfTBNkCEvtZAHJoeGOZfZLWKLRAMzs69KJxmwK4oPWqpKAmpAs24uR6gMcTaHJs09eHzFAorS6A+0RCe+WK2QHlkeb1+K0ty4EjfXy3IjfWvosXTaHiwTM72YvhO4jhU9n0WqYFi0JsfqnhgomU4f7p9peUs1ckK3uxdIoWi7m8sV3YikzF/TfYsl5GtMd5tIhzT694NZP5nUGDN8e7J4L5bxrABgyou4mgI5gNms4lK3YHRTYpMy/dfTZmeEqWUXeeE1U6SXL3dQ4RMfiQaqHFGgETpmGqPnqkw5CCaeDdzhPsgVHVPeDq/eKe54dwe8QFd+HuOm7L/E/r9jGx8iktEJQjC2vuye/Y/OLlWBzvSMLRAMAMdANVlwi3ma62+J/9A1Edmz48/i/CgzLu8288RfZDQ0rMvwVLK4PLpv7NHBffO+Qcvmx78ypsrDYKbuQslr1VBJiBsv/RUQZhFqbPARApHoxaHUhVOpdYDCg1TPtk5KZ590g8z+tofw1hO6WNnfkkiOz2n76bqPuqF5MLtgfnZYug7CiGscSUgqTvFpvPJVDEh8Iz37M+6g7u0eZHRzYPwbpfemIgq5ijvB3jUUTSm4OQ9xW87ysIq5KhAQI+dDGJE1IysaFWlSrmyPyYje8JfbRef9+KykbZHNbl5/O0BEy7JcTqntpwvM0VjIj3WVXTuJpBmWOJXvJb2hTvQh18okKUg2nKFQ1goIAWIm4coorEW8B0x1RxuJXhL+spQ8Sd9VYCW/LyyiZPOqiKhwqec7A9mNFzyP96ZhKtdsaK0TVNH9EIOLtCebUezAnlzKEkzDh0dnRa/f0BOklM6r1h6OospKkquhVDXZHo1pSJy1Zm3XTnb5MP16xDZcpxx5tU2CK82JpjB1UOGarbsORz88l/Dq5KtryzUKCRB9mpXAmLmIEGZx6CSO6W5NibzgbtlGX7nJJiWTurtA7fSUGLrBfiIc7dkFZXRcG5qrzK9ugerTSNfV6Op7bKUYbGZhNiszguNKly+OdWb4lnA1Nlg0rZ16UDLm0yt8siDrObv7hZzS6PGH4V2eD34crp8RQSeZqHRszOta05O7Dvx2TRcjGwOrnigqOD/jRlG7QXRBV1dhMIYNZroV6tfS/fUUdWPBq8EaQlhUaAcA+LQDBK&u=U2FsdGVkX1/qcxvv6Zsehw/UUHaePqct299xRShNEG+lnwUZjzNee1gLuD/vhQ/T&y=U2FsdGVkX1/Xfq6+754u2+0SV2/Ysk9TCrxT54IVO8ulUvh9CYFd/jarywKc/XG7 HTTP/1.1" 200 2839
186.154.49.87 - - [12/Jan/2024:07:49:50 -0500] "GET /sipse/faces/javax.faces.resource/theme.css?ln=primefaces-sipse HTTP/1.1" 304 -
186.154.49.87 - - [12/Jan/2024:07:49:50 -0500] "GET /sipse/faces/javax.faces.resource/primefaces.css?ln=primefaces&v=4.0 HTTP/1.1" 304 -
186.154.49.87 - - [12/Jan/2024:07:49:50 -0500] "GET /sipse/faces/javax.faces.resource/layout/layout.css?ln=primefaces&v=4.0 HTTP/1.1" 304 -
186.154.49.87 - - [12/Jan/2024:07:49:50 -0500] "GET /sipse/faces/javax.faces.resource/jquery/jquery.js?ln=primefaces&v=4.0 HTTP/1.1" 304 -
186.102.37.49 - - [12/Jan/2024:07:49:51 -0500] "GET /kwssiamovil/sm/acme/s?s=U2FsdGVkX1+ibudNa24dUXwKkzYc5agRqfh0MGyt1Srn+ycovG5u+Nf3bSBM/Sf9jiM743nWvnd9bUTja+PW4PVKv7TFuhyT+P3kU2Vz571jvoBeDbwpY/3SF8Mg6p+jVAw6XlVN11/Jz3CVrwJxBEh8O2anO8lTxZIF1nXIuMRR90xqN6EK1sDPGOKhbiyO1N1J0XRwZVBFvMjb17qrUxaohx9nT2ZqkFTK+f++PG3UiFtgiJ7uTfqLp6cqr0efOZa4T/L8SyBgP7eKAnghuRjp+XzW7N2iB9NUuDaLUatbpHVLmVZ8DPSDKGuiVIuvK5xXYR8l1Kh1/G7ifCAxTuYzflQ+K5epUgLJv+5k3W+hsunU74ulycb5hXx8L4si4T2YslJu9Iz615X5ackBRdsG8gWtZR9+zkIlHGjomJliQfchczIj2fvqAGzrSEByA7wzMJpnygKyvTHfOSbahyFsllmKbZSg6Ur3OYd+zYf9vY9B8+CZqlalzQAx7a4QtcSKkNLaEnc4cyZfGGmBjpld17Bqg8F94L+nqONwttN1/5wDeLDeM1ouTpNq+AwqybKvMrJFREyJBn+v73vj0RSDghAWvCEVlyCbyOqEQ+RWeaITSM6/aGyM/kuD6CPPB4Hjy/e7pZdeOy4pOdwyoor5fRoZw8T2jqR7k+BjRiyX6Hcvjbb/THRwtIdy9ypfRmK67aGex9pXi9pdwbXR2uirNlRzqPgA4Rq/wu+WmGpAtkTwnfnBxXgZcbodt4SlqY7iV3SG0E/92THPFp4vyg==&u=U2FsdGVkX1/qcxvv6Zsehw/UUHaePqct299xRShNEG+lnwUZjzNee1gLuD/vhQ/T&y=U2FsdGVkX1/Xfq6+754u2+0SV2/Ysk9TCrxT54IVO8ulUvh9CYFd/jarywKc/XG7 HTTP/1.1" 200 354
186.154.49.87 - - [12/Jan/2024:07:49:51 -0500] "GET /sipse/faces/javax.faces.resource/jquery/jquery-plugins.js?ln=primefaces&v=4.0 HTTP/1.1" 304 -
186.102.37.49 - - [12/Jan/2024:07:49:51 -0500] "GET /kwssiamovil/sm/cjson/pre?f=1&x=U2FsdGVkX19+ZGa6QDyz4BE5M70qArtAf4TyqQ2oljcepwhKWlkBsW8R7bS41Zfe HTTP/1.1" 200 31032
186.154.49.87 - - [12/Jan/2024:07:49:52 -0500] "GET /sipse/faces/javax.faces.resource/primefaces.js?ln=primefaces&v=4.0 HTTP/1.1" 304 -
186.154.49.87 - - [12/Jan/2024:07:49:52 -0500] "GET /sipse/faces/javax.faces.resource/layout/layout.js?ln=primefaces&v=4.0 HTTP/1.1" 304 -
186.102.37.49 - - [12/Jan/2024:07:49:51 -0500] "GET /kwssiamovil/sm/cjson/pre?f=18&x=U2FsdGVkX19+ZGa6QDyz4BE5M70qArtAf4TyqQ2oljcepwhKWlkBsW8R7bS41Zfe HTTP/1.1" 200 32849
201.245.192.253 - - [12/Jan/2024:07:49:54 -0500] "POST /forms/lservlet;jsessionid=ac16012b30d6daf3d1e69b9448f9b338854e2531f358.e3iSbxaKaheRe34Rb3eTbx8LaNb0n6jAmljGr5XDqQLvpAe HTTP/1.1" 200 2
156.59.198.135 - - [12/Jan/2024:07:49:55 -0500] "GET /BLA/resoluciones/RESOLUCIONES%202018/0468.pdf HTTP/1.0" 200 616676
186.154.49.87 - - [12/Jan/2024:07:49:58 -0500] "POST /sipse/faces/presentacion/financiero/solicitudProceso/consultarSolicitudProceso.xhtml HTTP/1.1" 200 64315
186.154.49.87 - - [12/Jan/2024:07:50:01 -0500] "GET /sipse/faces/javax.faces.resource/primefaces.css?ln=primefaces&v=4.0 HTTP/1.1" 304 -
186.154.49.87 - - [12/Jan/2024:07:50:01 -0500] "GET /sipse/faces/javax.faces.resource/theme.css?ln=primefaces-sipse HTTP/1.1" 304 -
186.154.49.87 - - [12/Jan/2024:07:50:01 -0500] "GET /sipse/faces/javax.faces.resource/jquery/jquery.js?ln=primefaces&v=4.0 HTTP/1.1" 304 -
186.154.49.87 - - [12/Jan/2024:07:50:02 -0500] "GET /sipse/faces/javax.faces.resource/jquery/jquery-plugins.js?ln=primefaces&v=4.0 HTTP/1.1" 304 -
186.154.49.87 - - [12/Jan/2024:07:50:02 -0500] "GET /sipse/faces/javax.faces.resource/primefaces.js?ln=primefaces&v=4.0 HTTP/1.1" 304 -
186.154.49.87 - - [12/Jan/2024:07:50:03 -0500] "GET /sipse/faces/javax.faces.resource/layout/layout.js?ln=primefaces&v=4.0 HTTP/1.1" 304 -
186.154.49.87 - - [12/Jan/2024:07:50:03 -0500] "GET /sipse/faces/javax.faces.resource/layout/layout.css?ln=primefaces&v=4.0 HTTP/1.1" 304 -
186.154.49.87 - - [12/Jan/2024:07:50:03 -0500] "POST /sipse/faces/presentacion/financiero/solicitudProceso/listarSolicitudProceso.xhtml HTTP/1.1" 200 1556
216.245.221.92 - - [12/Jan/2024:07:50:17 -0500] "HEAD / HTTP/1.1" 200 -
156.59.198.135 - - [12/Jan/2024:07:50:19 -0500] "GET /BLA/resoluciones/RESOLUCIONES%202018/3421.pdf HTTP/1.0" 200 368867
186.154.49.87 - - [12/Jan/2024:07:50:21 -0500] "POST /sipse/faces/presentacion/financiero/solicitudProceso/listarSolicitudProceso.xhtml HTTP/1.1" 200 107505
186.154.49.87 - - [12/Jan/2024:07:50:22 -0500] "GET /sipse/faces/javax.faces.resource/theme.css?ln=primefaces-sipse HTTP/1.1" 304 -
186.154.49.87 - - [12/Jan/2024:07:50:22 -0500] "GET /sipse/faces/javax.faces.resource/primefaces.css?ln=primefaces&v=4.0 HTTP/1.1" 304 -
186.154.49.87 - - [12/Jan/2024:07:50:22 -0500] "GET /sipse/faces/javax.faces.resource/layout/layout.css?ln=primefaces&v=4.0 HTTP/1.1" 304 -
186.154.49.87 - - [12/Jan/2024:07:50:22 -0500] "GET /sipse/faces/javax.faces.resource/jquery/jquery.js?ln=primefaces&v=4.0 HTTP/1.1" 304 -
186.154.49.87 - - [12/Jan/2024:07:50:22 -0500] "GET /sipse/faces/javax.faces.resource/jquery/jquery-plugins.js?ln=primefaces&v=4.0 HTTP/1.1" 304 -
186.154.49.87 - - [12/Jan/2024:07:50:22 -0500] "GET /sipse/faces/javax.faces.resource/primefaces.js?ln=primefaces&v=4.0 HTTP/1.1" 304 -
186.154.49.87 - - [12/Jan/2024:07:50:22 -0500] "GET /sipse/faces/javax.faces.resource/layout/layout.js?ln=primefaces&v=4.0 HTTP/1.1" 304 -
156.59.198.136 - - [12/Jan/2024:07:50:42 -0500] "GET /BLA/resoluciones/RESOLUCIONES%202018/1641.pdf HTTP/1.0" 200 287434
156.59.198.136 - - [12/Jan/2024:07:51:06 -0500] "GET /BLA/resoluciones/RESOLUCIONES%202018/1951.pdf HTTP/1.0" 200 413523
181.78.209.202 - - [12/Jan/2024:07:51:11 -0500] "GET /sipse/faces/index.xhtml HTTP/1.1" 200 677
181.78.209.202 - - [12/Jan/2024:07:51:11 -0500] "GET /sipse/faces/javax.faces.resource/theme.css?ln=primefaces-sipse HTTP/1.1" 304 -
181.78.209.202 - - [12/Jan/2024:07:51:12 -0500] "GET /sipse/faces/faces/autenticacion.xhtml HTTP/1.1" 200 12403
181.78.209.202 - - [12/Jan/2024:07:51:12 -0500] "GET /sipse/js/disable_browser_buttons.js HTTP/1.1" 304 -
181.78.209.202 - - [12/Jan/2024:07:51:12 -0500] "GET /sipse/css/custom_css_sg.css HTTP/1.1" 304 -
181.78.209.202 - - [12/Jan/2024:07:51:12 -0500] "GET /sipse/css/custom_css_sg_prime_login.css HTTP/1.1" 304 -
181.78.209.202 - - [12/Jan/2024:07:51:12 -0500] "GET /sipse/faces/javax.faces.resource/theme.css?ln=primefaces-sipse HTTP/1.1" 304 -
181.78.209.202 - - [12/Jan/2024:07:51:12 -0500] "GET /sipse/js/funciones.js HTTP/1.1" 304 -
181.78.209.202 - - [12/Jan/2024:07:51:12 -0500] "GET /sipse/faces/javax.faces.resource/jquery/jquery.js?ln=primefaces&v=4.0 HTTP/1.1" 304 -
181.78.209.202 - - [12/Jan/2024:07:51:12 -0500] "GET /sipse/faces/javax.faces.resource/layout/layout.css?ln=primefaces&v=4.0 HTTP/1.1" 304 -
181.78.209.202 - - [12/Jan/2024:07:51:12 -0500] "GET /sipse/faces/javax.faces.resource/primefaces.css?ln=primefaces&v=4.0 HTTP/1.1" 304 -
181.78.209.202 - - [12/Jan/2024:07:51:12 -0500] "GET /sipse/faces/javax.faces.resource/jquery/jquery-plugins.js?ln=primefaces&v=4.0 HTTP/1.1" 304 -
181.78.209.202 - - [12/Jan/2024:07:51:12 -0500] "GET /sipse/faces/javax.faces.resource/layout/layout.js?ln=primefaces&v=4.0 HTTP/1.1" 304 -
181.78.209.202 - - [12/Jan/2024:07:51:12 -0500] "GET /sipse/faces/javax.faces.resource/primefaces.js?ln=primefaces&v=4.0 HTTP/1.1" 304 -
181.78.209.202 - - [12/Jan/2024:07:51:12 -0500] "GET /sipse/css/imagen/logoSDG.png HTTP/1.1" 304 -
181.78.209.202 - - [12/Jan/2024:07:51:12 -0500] "GET /sipse/css/imagen/loginimg.png HTTP/1.1" 304 -
181.78.209.202 - - [12/Jan/2024:07:51:12 -0500] "GET /sipse/faces/javax.faces.resource/images/ui-icons_898989_256x240.png?ln=primefaces-aristo HTTP/1.1" 304 -
201.245.192.253 - - [12/Jan/2024:07:51:12 -0500] "POST /kwsrmcab/Wsrmcab  HTTP/1.1" 200 39439
181.78.209.202 - - [12/Jan/2024:07:51:23 -0500] "POST /sipse/faces/autenticacion.xhtml HTTP/1.1" 200 2183
181.78.209.202 - - [12/Jan/2024:07:51:23 -0500] "GET /sipse/faces/javax.faces.resource/messages/messages.png?ln=primefaces&v=4.0 HTTP/1.1" 304 -
181.78.209.202 - - [12/Jan/2024:07:51:27 -0500] "POST /sipse/faces/autenticacion.xhtml HTTP/1.1" 200 2187
201.245.192.253 - - [12/Jan/2024:07:51:28 -0500] "POST /forms/lservlet;jsessionid=ac16012b30d6e9245d4a5ae64507bcdc86473ff87750.e3iSbxaKaheRe34Rb3eTbx8LaNb0n6jAmljGr5XDqQLvpAe HTTP/1.1" 200 2
156.59.198.136 - - [12/Jan/2024:07:51:31 -0500] "GET /BLA/resoluciones/RESOLUCIONES%202018/1094.pdf HTTP/1.0" 200 372899
181.78.209.202 - - [12/Jan/2024:07:51:33 -0500] "POST /sipse/faces/autenticacion.xhtml HTTP/1.1" 200 2228
181.78.209.202 - - [12/Jan/2024:07:51:35 -0500] "POST /sipse/faces/autenticacion.xhtml HTTP/1.1" 200 16380
181.78.209.202 - - [12/Jan/2024:07:51:35 -0500] "GET /sipse/css/custom_css_sg_prime.css HTTP/1.1" 304 -
181.78.209.202 - - [12/Jan/2024:07:51:35 -0500] "GET /sipse/faces/javax.faces.resource/theme.css?ln=primefaces-sipse HTTP/1.1" 304 -
181.78.209.202 - - [12/Jan/2024:07:51:35 -0500] "GET /sipse/faces/javax.faces.resource/primefaces.css?ln=primefaces&v=4.0 HTTP/1.1" 304 -
181.78.209.202 - - [12/Jan/2024:07:51:35 -0500] "GET /sipse/faces/javax.faces.resource/layout/layout.css?ln=primefaces&v=4.0 HTTP/1.1" 304 -
181.78.209.202 - - [12/Jan/2024:07:51:36 -0500] "GET /sipse/js/jquery.min.js HTTP/1.1" 304 -
181.78.209.202 - - [12/Jan/2024:07:51:36 -0500] "GET /sipse/faces/javax.faces.resource/jquery/jquery.js?ln=primefaces&v=4.0 HTTP/1.1" 304 -
181.78.209.202 - - [12/Jan/2024:07:51:36 -0500] "GET /sipse/faces/javax.faces.resource/jquery/jquery-plugins.js?ln=primefaces&v=4.0 HTTP/1.1" 304 -
181.78.209.202 - - [12/Jan/2024:07:51:36 -0500] "GET /sipse/faces/javax.faces.resource/primefaces.js?ln=primefaces&v=4.0 HTTP/1.1" 304 -
181.78.209.202 - - [12/Jan/2024:07:51:36 -0500] "GET /sipse/faces/javax.faces.resource/layout/layout.js?ln=primefaces&v=4.0 HTTP/1.1" 304 -
181.78.209.202 - - [12/Jan/2024:07:51:36 -0500] "GET /sipse/css/v_mergente.css HTTP/1.1" 304 -
181.78.209.202 - - [12/Jan/2024:07:51:36 -0500] "GET /sipse/imagenes/cargando.gif HTTP/1.1" 304 -
181.78.209.202 - - [12/Jan/2024:07:51:36 -0500] "GET /sipse/imagenes/logoAplicacion.jpg HTTP/1.1" 304 -
181.78.209.202 - - [12/Jan/2024:07:51:36 -0500] "GET /sipse/css/imagen/contrasena.png HTTP/1.1" 404 383
181.78.209.202 - - [12/Jan/2024:07:51:41 -0500] "GET /sipse/faces/javax.faces.resource/images/ui-bg_flat_0_2d5972_40x100.png?ln=primefaces-aristo HTTP/1.1" 304 -
181.78.209.202 - - [12/Jan/2024:07:51:41 -0500] "POST /sipse/faces/bienvenido.xhtml HTTP/1.1" 200 2658
181.78.209.202 - - [12/Jan/2024:07:51:43 -0500] "POST /sipse/faces/bienvenido.xhtml HTTP/1.1" 200 64395
181.78.209.202 - - [12/Jan/2024:07:51:44 -0500] "GET /sipse/faces/javax.faces.resource/theme.css?ln=primefaces-sipse HTTP/1.1" 304 -
181.78.209.202 - - [12/Jan/2024:07:51:44 -0500] "GET /sipse/faces/javax.faces.resource/primefaces.css?ln=primefaces&v=4.0 HTTP/1.1" 304 -
181.78.209.202 - - [12/Jan/2024:07:51:44 -0500] "GET /sipse/faces/javax.faces.resource/layout/layout.css?ln=primefaces&v=4.0 HTTP/1.1" 304 -
181.78.209.202 - - [12/Jan/2024:07:51:44 -0500] "GET /sipse/faces/javax.faces.resource/jquery/jquery.js?ln=primefaces&v=4.0 HTTP/1.1" 304 -
181.78.209.202 - - [12/Jan/2024:07:51:44 -0500] "GET /sipse/faces/javax.faces.resource/jquery/jquery-plugins.js?ln=primefaces&v=4.0 HTTP/1.1" 304 -
181.78.209.202 - - [12/Jan/2024:07:51:44 -0500] "GET /sipse/faces/javax.faces.resource/primefaces.js?ln=primefaces&v=4.0 HTTP/1.1" 304 -
181.78.209.202 - - [12/Jan/2024:07:51:44 -0500] "GET /sipse/faces/javax.faces.resource/layout/layout.js?ln=primefaces&v=4.0 HTTP/1.1" 304 -
181.78.209.202 - - [12/Jan/2024:07:51:45 -0500] "POST /sipse/faces/presentacion/financiero/solicitudProceso/listarSolicitudProceso.xhtml HTTP/1.1" 200 1556
66.249.66.19 - - [12/Jan/2024:07:51:47 -0500] "GET /BLA/resoluciones/AUTOS%202008/2153.pdf HTTP/1.1" 200 299198
181.78.209.202 - - [12/Jan/2024:07:51:49 -0500] "POST /sipse/faces/presentacion/financiero/solicitudProceso/listarSolicitudProceso.xhtml HTTP/1.1" 200 19992
201.245.192.253 - - [12/Jan/2024:07:51:54 -0500] "POST /forms/lservlet;jsessionid=ac16012b30d6daf3d1e69b9448f9b338854e2531f358.e3iSbxaKaheRe34Rb3eTbx8LaNb0n6jAmljGr5XDqQLvpAe HTTP/1.1" 200 2
156.59.198.136 - - [12/Jan/2024:07:51:55 -0500] "GET /BLA/resoluciones/RESOLUCIONES%202007/RES%202007%203201%20AL%203300/RESOLUCION%203246%20DE%202007.pdf HTTP/1.0" 200 690500
156.59.198.136 - - [12/Jan/2024:07:52:19 -0500] "GET /BLA/resoluciones/RESOLUCIONES%202018/3804.pdf HTTP/1.0" 200 273154
201.245.192.253 - - [12/Jan/2024:07:52:22 -0500] "POST /sipse/faces/presentacion/financiero/solicitudProceso/consultarSolicitudProceso.xhtml HTTP/1.1" 200 5449
201.245.192.253 - - [12/Jan/2024:07:52:22 -0500] "GET /sipse/faces/javax.faces.resource/dynamiccontent.properties?ln=primefaces&pfdrid=XjOR5%2F%2FfPAZAuY9TpWQeCiM0BhlXxYRBGKi%2FQcXXfeA%3D&pfdrid_c=false HTTP/1.1" 200 117423
186.154.49.87 - - [12/Jan/2024:07:52:24 -0500] "POST /sipse/faces/presentacion/financiero/solicitudProceso/consultarSolicitudProceso.xhtml HTTP/1.1" 200 226914
172.22.2.4 - - [12/Jan/2024:07:50:45 -0500] "HEAD /BLA/boletinlegal/ HTTP/1.1" 200 -
156.59.198.135 - - [12/Jan/2024:07:52:44 -0500] "GET /BLA/resoluciones/RESOLUCIONES%202018/1776.pdf HTTP/1.0" 200 381001
201.245.192.253 - - [12/Jan/2024:07:52:45 -0500] "POST /sipse/faces/presentacion/financiero/solicitudProceso/consultarSolicitudProceso.xhtml HTTP/1.1" 200 32284
201.245.192.253 - - [12/Jan/2024:07:52:45 -0500] "GET /sipse/faces/javax.faces.resource/theme.css?ln=primefaces-sipse HTTP/1.1" 304 -
201.245.192.253 - - [12/Jan/2024:07:52:45 -0500] "GET /sipse/faces/javax.faces.resource/primefaces.css?ln=primefaces&v=4.0 HTTP/1.1" 304 -
201.245.192.253 - - [12/Jan/2024:07:52:45 -0500] "GET /sipse/faces/javax.faces.resource/jquery/jquery.js?ln=primefaces&v=4.0 HTTP/1.1" 304 -
201.245.192.253 - - [12/Jan/2024:07:52:45 -0500] "GET /sipse/faces/javax.faces.resource/layout/layout.css?ln=primefaces&v=4.0 HTTP/1.1" 304 -
201.245.192.253 - - [12/Jan/2024:07:52:45 -0500] "GET /sipse/faces/javax.faces.resource/jquery/jquery-plugins.js?ln=primefaces&v=4.0 HTTP/1.1" 304 -
201.245.192.253 - - [12/Jan/2024:07:52:45 -0500] "GET /sipse/faces/javax.faces.resource/layout/layout.js?ln=primefaces&v=4.0 HTTP/1.1" 304 -
201.245.192.253 - - [12/Jan/2024:07:52:45 -0500] "GET /sipse/faces/javax.faces.resource/primefaces.js?ln=primefaces&v=4.0 HTTP/1.1" 304 -
201.245.192.253 - - [12/Jan/2024:07:52:45 -0500] "GET /sipse/faces/javax.faces.resource/images/ui-icons_898989_256x240.png?ln=primefaces-aristo HTTP/1.1" 304 -
181.78.209.202 - - [12/Jan/2024:07:52:57 -0500] "POST /sipse/faces/presentacion/financiero/solicitudProceso/listarSolicitudProceso.xhtml HTTP/1.1" 200 114191
181.78.209.202 - - [12/Jan/2024:07:52:59 -0500] "GET /sipse/faces/javax.faces.resource/theme.css?ln=primefaces-sipse HTTP/1.1" 304 -
181.78.209.202 - - [12/Jan/2024:07:52:59 -0500] "GET /sipse/faces/javax.faces.resource/primefaces.css?ln=primefaces&v=4.0 HTTP/1.1" 304 -
181.78.209.202 - - [12/Jan/2024:07:52:59 -0500] "GET /sipse/faces/javax.faces.resource/layout/layout.css?ln=primefaces&v=4.0 HTTP/1.1" 304 -
181.78.209.202 - - [12/Jan/2024:07:52:59 -0500] "GET /sipse/faces/javax.faces.resource/jquery/jquery.js?ln=primefaces&v=4.0 HTTP/1.1" 304 -
181.78.209.202 - - [12/Jan/2024:07:52:59 -0500] "GET /sipse/faces/javax.faces.resource/jquery/jquery-plugins.js?ln=primefaces&v=4.0 HTTP/1.1" 304 -
181.78.209.202 - - [12/Jan/2024:07:52:59 -0500] "GET /sipse/faces/javax.faces.resource/primefaces.js?ln=primefaces&v=4.0 HTTP/1.1" 304 -
181.78.209.202 - - [12/Jan/2024:07:52:59 -0500] "GET /sipse/faces/javax.faces.resource/layout/layout.js?ln=primefaces&v=4.0 HTTP/1.1" 304 -
181.78.209.202 - - [12/Jan/2024:07:53:00 -0500] "GET /sipse/faces/javax.faces.resource/dynamiccontent.properties?ln=primefaces&pfdrid=XjOR5%2F%2FfPAZAuY9TpWQeCiM0BhlXxYRBGKi%2FQcXXfeA%3D&pfdrid_c=false HTTP/1.1" 500 383
181.78.209.202 - - [12/Jan/2024:07:53:09 -0500] "POST /sipse/faces/presentacion/financiero/solicitudProceso/consultarSolicitudProceso.xhtml HTTP/1.1" 200 5285
156.59.198.135 - - [12/Jan/2024:07:53:11 -0500] "GET /BLA/resoluciones/RESOLUCIONES%202018/2804.pdf HTTP/1.0" 200 242625
181.78.209.202 - - [12/Jan/2024:07:53:12 -0500] "POST /sipse/faces/presentacion/financiero/solicitudProceso/consultarSolicitudProceso.xhtml HTTP/1.1" 200 40765
181.78.209.202 - - [12/Jan/2024:07:53:12 -0500] "GET /sipse/faces/javax.faces.resource/theme.css?ln=primefaces-sipse HTTP/1.1" 304 -
181.78.209.202 - - [12/Jan/2024:07:53:12 -0500] "GET /sipse/faces/javax.faces.resource/primefaces.css?ln=primefaces&v=4.0 HTTP/1.1" 304 -
181.78.209.202 - - [12/Jan/2024:07:53:12 -0500] "GET /sipse/faces/javax.faces.resource/layout/layout.css?ln=primefaces&v=4.0 HTTP/1.1" 304 -
181.78.209.202 - - [12/Jan/2024:07:53:12 -0500] "GET /sipse/faces/javax.faces.resource/jquery/jquery.js?ln=primefaces&v=4.0 HTTP/1.1" 304 -
181.78.209.202 - - [12/Jan/2024:07:53:12 -0500] "GET /sipse/faces/javax.faces.resource/jquery/jquery-plugins.js?ln=primefaces&v=4.0 HTTP/1.1" 304 -
181.78.209.202 - - [12/Jan/2024:07:53:12 -0500] "GET /sipse/faces/javax.faces.resource/primefaces.js?ln=primefaces&v=4.0 HTTP/1.1" 304 -
181.78.209.202 - - [12/Jan/2024:07:53:12 -0500] "GET /sipse/faces/javax.faces.resource/layout/layout.js?ln=primefaces&v=4.0 HTTP/1.1" 304 -
181.78.209.202 - - [12/Jan/2024:07:53:12 -0500] "POST /sipse/faces/presentacion/financiero/solicitudProceso/consultar.xhtml HTTP/1.1" 200 34137
181.78.209.202 - - [12/Jan/2024:07:53:13 -0500] "POST /sipse/faces/presentacion/financiero/solicitudProceso/consultar.xhtml HTTP/1.1" 200 34137
201.245.192.253 - - [12/Jan/2024:07:53:15 -0500] "GET /sipse/faces/index.xhtml HTTP/1.1" 200 677
201.245.192.253 - - [12/Jan/2024:07:53:16 -0500] "GET /sipse/faces/javax.faces.resource/theme.css?ln=primefaces-sipse HTTP/1.1" 200 50058
201.245.192.253 - - [12/Jan/2024:07:53:16 -0500] "GET /favicon.ico HTTP/1.1" 200 7782
201.245.192.253 - - [12/Jan/2024:07:53:16 -0500] "GET /sipse/faces/faces/autenticacion.xhtml HTTP/1.1" 200 12403
172.22.2.4 - - [12/Jan/2024:07:51:36 -0500] "GET /BLA/boletinlegal/ HTTP/1.1" 200 54906
201.245.192.253 - - [12/Jan/2024:07:53:16 -0500] "GET /sipse/js/disable_browser_buttons.js HTTP/1.1" 200 3230
201.245.192.253 - - [12/Jan/2024:07:53:16 -0500] "GET /sipse/js/funciones.js HTTP/1.1" 200 12592
201.245.192.253 - - [12/Jan/2024:07:53:16 -0500] "GET /sipse/css/custom_css_sg.css HTTP/1.1" 200 9694
201.245.192.253 - - [12/Jan/2024:07:53:16 -0500] "GET /sipse/css/custom_css_sg_prime_login.css HTTP/1.1" 200 443
201.245.192.253 - - [12/Jan/2024:07:53:16 -0500] "GET /sipse/faces/javax.faces.resource/theme.css?ln=primefaces-sipse HTTP/1.1" 304 -
201.245.192.253 - - [12/Jan/2024:07:53:16 -0500] "GET /sipse/faces/javax.faces.resource/layout/layout.css?ln=primefaces&v=4.0 HTTP/1.1" 200 542
201.245.192.253 - - [12/Jan/2024:07:53:16 -0500] "GET /sipse/faces/javax.faces.resource/jquery/jquery.js?ln=primefaces&v=4.0 HTTP/1.1" 200 105384
201.245.192.253 - - [12/Jan/2024:07:53:16 -0500] "GET /sipse/faces/javax.faces.resource/primefaces.css?ln=primefaces&v=4.0 HTTP/1.1" 200 53295
201.245.192.253 - - [12/Jan/2024:07:53:16 -0500] "GET /sipse/faces/javax.faces.resource/layout/layout.js?ln=primefaces&v=4.0 HTTP/1.1" 200 87560
201.245.192.253 - - [12/Jan/2024:07:53:16 -0500] "GET /sipse/faces/javax.faces.resource/primefaces.js?ln=primefaces&v=4.0 HTTP/1.1" 200 276924
201.245.192.253 - - [12/Jan/2024:07:53:16 -0500] "GET /sipse/faces/javax.faces.resource/jquery/jquery-plugins.js?ln=primefaces&v=4.0 HTTP/1.1" 200 220526
