186.154.49.87 - - [12/Jan/2024:07:13:49 -0500] "POST /sipse/faces/presentacion/financiero/solicitudProceso/consultarSolicitudProceso.xhtml HTTP/1.1" 200 23974
186.154.49.87 - - [12/Jan/2024:07:13:49 -0500] "GET /sipse/faces/javax.faces.resource/theme.css?ln=primefaces-sipse HTTP/1.1" 304 -
186.154.49.87 - - [12/Jan/2024:07:13:49 -0500] "GET /sipse/faces/javax.faces.resource/primefaces.css?ln=primefaces&v=4.0 HTTP/1.1" 304 -
186.154.49.87 - - [12/Jan/2024:07:13:49 -0500] "GET /sipse/faces/javax.faces.resource/layout/layout.css?ln=primefaces&v=4.0 HTTP/1.1" 304 -
186.154.49.87 - - [12/Jan/2024:07:13:49 -0500] "GET /sipse/faces/javax.faces.resource/jquery/jquery.js?ln=primefaces&v=4.0 HTTP/1.1" 304 -
186.154.49.87 - - [12/Jan/2024:07:13:49 -0500] "GET /sipse/faces/javax.faces.resource/jquery/jquery-plugins.js?ln=primefaces&v=4.0 HTTP/1.1" 304 -
186.154.49.87 - - [12/Jan/2024:07:13:50 -0500] "GET /sipse/faces/javax.faces.resource/primefaces.js?ln=primefaces&v=4.0 HTTP/1.1" 304 -
186.154.49.87 - - [12/Jan/2024:07:13:50 -0500] "GET /sipse/faces/javax.faces.resource/layout/layout.js?ln=primefaces&v=4.0 HTTP/1.1" 304 -
201.245.192.253 - - [12/Jan/2024:07:13:54 -0500] "POST /forms/lservlet;jsessionid=ac16012b30d6daf3d1e69b9448f9b338854e2531f358.e3iSbxaKaheRe34Rb3eTbx8LaNb0n6jAmljGr5XDqQLvpAe HTTP/1.1" 200 2
179.33.116.32 - - [12/Jan/2024:07:13:57 -0500] "POST /sipse/faces/presentacion/financiero/solicitudProceso/consultarSolicitudProceso.xhtml HTTP/1.1" 200 5431
156.59.198.136 - - [12/Jan/2024:07:14:07 -0500] "GET /BLA/resoluciones/RESOLUCIONES%202018/2193.pdf HTTP/1.0" 200 264936
186.154.49.87 - - [12/Jan/2024:07:14:13 -0500] "POST /sipse/faces/presentacion/financiero/viabilidad/expedirViabilidad.xhtml HTTP/1.1" 200 108023
186.154.49.87 - - [12/Jan/2024:07:14:13 -0500] "GET /sipse/faces/javax.faces.resource/theme.css?ln=primefaces-sipse HTTP/1.1" 304 -
186.154.49.87 - - [12/Jan/2024:07:14:13 -0500] "GET /sipse/faces/javax.faces.resource/primefaces.css?ln=primefaces&v=4.0 HTTP/1.1" 304 -
186.154.49.87 - - [12/Jan/2024:07:14:13 -0500] "GET /sipse/faces/javax.faces.resource/layout/layout.css?ln=primefaces&v=4.0 HTTP/1.1" 304 -
186.154.49.87 - - [12/Jan/2024:07:14:13 -0500] "GET /sipse/faces/javax.faces.resource/jquery/jquery.js?ln=primefaces&v=4.0 HTTP/1.1" 304 -
186.154.49.87 - - [12/Jan/2024:07:14:13 -0500] "GET /sipse/faces/javax.faces.resource/jquery/jquery-plugins.js?ln=primefaces&v=4.0 HTTP/1.1" 304 -
186.154.49.87 - - [12/Jan/2024:07:14:13 -0500] "GET /sipse/faces/javax.faces.resource/primefaces.js?ln=primefaces&v=4.0 HTTP/1.1" 304 -
186.154.49.87 - - [12/Jan/2024:07:14:13 -0500] "GET /sipse/faces/javax.faces.resource/layout/layout.js?ln=primefaces&v=4.0 HTTP/1.1" 304 -
179.33.116.32 - - [12/Jan/2024:07:14:28 -0500] "POST /sipse/faces/presentacion/financiero/solicitudProceso/consultarSolicitudProceso.xhtml HTTP/1.1" 200 158489
186.154.49.87 - - [12/Jan/2024:07:14:29 -0500] "POST /sipse/faces/presentacion/financiero/solicitudProceso/consultarSolicitudProceso.xhtml HTTP/1.1" 200 63562
186.154.49.87 - - [12/Jan/2024:07:14:31 -0500] "GET /sipse/faces/javax.faces.resource/theme.css?ln=primefaces-sipse HTTP/1.1" 304 -
186.154.49.87 - - [12/Jan/2024:07:14:31 -0500] "GET /sipse/faces/javax.faces.resource/layout/layout.css?ln=primefaces&v=4.0 HTTP/1.1" 304 -
186.154.49.87 - - [12/Jan/2024:07:14:31 -0500] "GET /sipse/faces/javax.faces.resource/primefaces.css?ln=primefaces&v=4.0 HTTP/1.1" 304 -
186.154.49.87 - - [12/Jan/2024:07:14:31 -0500] "GET /sipse/faces/javax.faces.resource/jquery/jquery.js?ln=primefaces&v=4.0 HTTP/1.1" 304 -
186.154.49.87 - - [12/Jan/2024:07:14:31 -0500] "GET /sipse/faces/javax.faces.resource/jquery/jquery-plugins.js?ln=primefaces&v=4.0 HTTP/1.1" 304 -
186.154.49.87 - - [12/Jan/2024:07:14:31 -0500] "GET /sipse/faces/javax.faces.resource/primefaces.js?ln=primefaces&v=4.0 HTTP/1.1" 304 -
186.154.49.87 - - [12/Jan/2024:07:14:31 -0500] "GET /sipse/faces/javax.faces.resource/layout/layout.js?ln=primefaces&v=4.0 HTTP/1.1" 304 -
186.154.49.87 - - [12/Jan/2024:07:14:31 -0500] "POST /sipse/faces/presentacion/financiero/solicitudProceso/listarSolicitudProceso.xhtml HTTP/1.1" 200 1556
156.59.198.135 - - [12/Jan/2024:07:14:32 -0500] "GET /BLA/resoluciones/RESOLUCIONES%202018/0069.pdf HTTP/1.0" 200 342522
186.154.49.87 - - [12/Jan/2024:07:14:37 -0500] "POST /sipse/faces/presentacion/financiero/solicitudProceso/listarSolicitudProceso.xhtml HTTP/1.1" 200 25985
186.154.49.87 - - [12/Jan/2024:07:14:41 -0500] "POST /sipse/faces/presentacion/financiero/solicitudProceso/listarSolicitudProceso.xhtml HTTP/1.1" 200 32025
201.245.192.253 - - [12/Jan/2024:07:14:46 -0500] "POST /kwsrmcab/Wsrmcab HTTP/1.1" 200 39307
201.245.192.253 - - [12/Jan/2024:07:14:50 -0500] "POST /forms/lservlet;jsessionid=ac16012b30d6e9245d4a5ae64507bcdc86473ff87750.e3iSbxaKaheRe34Rb3eTbx8LaNb0n6jAmljGr5XDqQLvpAe HTTP/1.1" 200 1844
201.245.192.253 - - [12/Jan/2024:07:14:50 -0500] "POST /forms/lservlet;jsessionid=ac16012b30d6e9245d4a5ae64507bcdc86473ff87750.e3iSbxaKaheRe34Rb3eTbx8LaNb0n6jAmljGr5XDqQLvpAe HTTP/1.1" 200 10
201.245.192.253 - - [12/Jan/2024:07:14:50 -0500] "POST /forms/lservlet;jsessionid=ac16012b30d6e9245d4a5ae64507bcdc86473ff87750.e3iSbxaKaheRe34Rb3eTbx8LaNb0n6jAmljGr5XDqQLvpAe HTTP/1.1" 200 24
201.245.192.253 - - [12/Jan/2024:07:14:49 -0500] "POST /kwsrmcab/Wsrmcab HTTP/1.1" 200 39138
201.245.192.253 - - [12/Jan/2024:07:14:53 -0500] "POST /forms/lservlet;jsessionid=ac16012b30d6e9245d4a5ae64507bcdc86473ff87750.e3iSbxaKaheRe34Rb3eTbx8LaNb0n6jAmljGr5XDqQLvpAe HTTP/1.1" 200 2785
156.59.198.136 - - [12/Jan/2024:07:14:56 -0500] "GET /BLA/resoluciones/RESOLUCIONES%202018/2709.pdf HTTP/1.0" 200 307088
66.249.66.192 - - [12/Jan/2024:07:14:59 -0500] "GET /participa-en-la-reciclaton-unisalle-solo-queda-un-dia.html HTTP/1.1" 200 763
186.154.49.87 - - [12/Jan/2024:07:15:04 -0500] "POST /sipse/faces/presentacion/financiero/solicitudProceso/listarSolicitudProceso.xhtml HTTP/1.1" 200 106283
186.154.49.87 - - [12/Jan/2024:07:15:04 -0500] "GET /sipse/faces/javax.faces.resource/theme.css?ln=primefaces-sipse HTTP/1.1" 304 -
186.154.49.87 - - [12/Jan/2024:07:15:04 -0500] "GET /sipse/faces/javax.faces.resource/layout/layout.css?ln=primefaces&v=4.0 HTTP/1.1" 304 -
186.154.49.87 - - [12/Jan/2024:07:15:04 -0500] "GET /sipse/faces/javax.faces.resource/primefaces.css?ln=primefaces&v=4.0 HTTP/1.1" 304 -
186.154.49.87 - - [12/Jan/2024:07:15:05 -0500] "GET /sipse/faces/javax.faces.resource/jquery/jquery.js?ln=primefaces&v=4.0 HTTP/1.1" 304 -
186.154.49.87 - - [12/Jan/2024:07:15:05 -0500] "GET /sipse/faces/javax.faces.resource/jquery/jquery-plugins.js?ln=primefaces&v=4.0 HTTP/1.1" 304 -
186.154.49.87 - - [12/Jan/2024:07:15:05 -0500] "GET /sipse/faces/javax.faces.resource/primefaces.js?ln=primefaces&v=4.0 HTTP/1.1" 304 -
186.154.49.87 - - [12/Jan/2024:07:15:05 -0500] "GET /sipse/faces/javax.faces.resource/layout/layout.js?ln=primefaces&v=4.0 HTTP/1.1" 304 -
216.245.221.92 - - [12/Jan/2024:07:15:17 -0500] "HEAD / HTTP/1.1" 200 -
156.59.198.135 - - [12/Jan/2024:07:15:20 -0500] "GET /BLA/resoluciones/RESOLUCIONES%202018/3433.pdf HTTP/1.0" 200 266507
201.245.192.253 - - [12/Jan/2024:07:15:24 -0500] "GET /sipse/faces/index.xhtml HTTP/1.1" 200 677
201.245.192.253 - - [12/Jan/2024:07:15:24 -0500] "GET /sipse/faces/javax.faces.resource/theme.css?ln=primefaces-sipse HTTP/1.1" 304 -
201.245.192.253 - - [12/Jan/2024:07:15:24 -0500] "GET /sipse/faces/faces/autenticacion.xhtml HTTP/1.1" 200 12403
201.245.192.253 - - [12/Jan/2024:07:15:27 -0500] "GET /sipse/faces/javax.faces.resource/theme.css?ln=primefaces-sipse HTTP/1.1" 304 -
201.245.192.253 - - [12/Jan/2024:07:15:27 -0500] "GET /sipse/faces/javax.faces.resource/primefaces.css?ln=primefaces&v=4.0 HTTP/1.1" 304 -
201.245.192.253 - - [12/Jan/2024:07:15:27 -0500] "GET /sipse/faces/javax.faces.resource/layout/layout.css?ln=primefaces&v=4.0 HTTP/1.1" 304 -
201.245.192.253 - - [12/Jan/2024:07:15:27 -0500] "GET /sipse/faces/javax.faces.resource/jquery/jquery.js?ln=primefaces&v=4.0 HTTP/1.1" 304 -
201.245.192.253 - - [12/Jan/2024:07:15:27 -0500] "GET /sipse/faces/javax.faces.resource/jquery/jquery-plugins.js?ln=primefaces&v=4.0 HTTP/1.1" 304 -
201.245.192.253 - - [12/Jan/2024:07:15:27 -0500] "GET /sipse/faces/javax.faces.resource/primefaces.js?ln=primefaces&v=4.0 HTTP/1.1" 304 -
201.245.192.253 - - [12/Jan/2024:07:15:27 -0500] "GET /sipse/faces/javax.faces.resource/layout/layout.js?ln=primefaces&v=4.0 HTTP/1.1" 304 -
201.245.192.253 - - [12/Jan/2024:07:15:27 -0500] "GET /sipse/faces/javax.faces.resource/images/ui-icons_898989_256x240.png?ln=primefaces-aristo HTTP/1.1" 304 -
201.245.192.253 - - [12/Jan/2024:07:15:28 -0500] "POST /forms/lservlet;jsessionid=ac16012b30d6e9245d4a5ae64507bcdc86473ff87750.e3iSbxaKaheRe34Rb3eTbx8LaNb0n6jAmljGr5XDqQLvpAe HTTP/1.1" 200 2
156.59.198.135 - - [12/Jan/2024:07:15:45 -0500] "GET /BLA/resoluciones/RESOLUCIONES%202007/RES%202007%201%20AL%20100/RESOLUCION%200032%20DE%202007.pdf HTTP/1.0" 200 24827
179.33.116.32 - - [12/Jan/2024:07:15:47 -0500] "POST /sipse/faces/presentacion/financiero/solicitudProceso/consultarSolicitudProceso.xhtml HTTP/1.1" 200 5431
179.33.116.32 - - [12/Jan/2024:07:15:53 -0500] "POST /sipse/faces/presentacion/financiero/solicitudProceso/consultarSolicitudProceso.xhtml HTTP/1.1" 200 23968
179.33.116.32 - - [12/Jan/2024:07:15:53 -0500] "GET /sipse/faces/javax.faces.resource/jquery/jquery.js?ln=primefaces&v=4.0 HTTP/1.1" 304 -
179.33.116.32 - - [12/Jan/2024:07:15:53 -0500] "GET /sipse/faces/javax.faces.resource/jquery/jquery-plugins.js?ln=primefaces&v=4.0 HTTP/1.1" 304 -
179.33.116.32 - - [12/Jan/2024:07:15:53 -0500] "GET /sipse/faces/javax.faces.resource/primefaces.js?ln=primefaces&v=4.0 HTTP/1.1" 304 -
179.33.116.32 - - [12/Jan/2024:07:15:53 -0500] "GET /sipse/faces/javax.faces.resource/layout/layout.js?ln=primefaces&v=4.0 HTTP/1.1" 304 -
201.245.192.253 - - [12/Jan/2024:07:15:54 -0500] "POST /forms/lservlet;jsessionid=ac16012b30d6daf3d1e69b9448f9b338854e2531f358.e3iSbxaKaheRe34Rb3eTbx8LaNb0n6jAmljGr5XDqQLvpAe HTTP/1.1" 200 2
179.33.116.32 - - [12/Jan/2024:07:16:01 -0500] "POST /sipse/faces/presentacion/financiero/viabilidad/expedirViabilidad.xhtml HTTP/1.1" 200 108895
179.33.116.32 - - [12/Jan/2024:07:16:02 -0500] "GET /sipse/faces/javax.faces.resource/jquery/jquery.js?ln=primefaces&v=4.0 HTTP/1.1" 304 -
179.33.116.32 - - [12/Jan/2024:07:16:02 -0500] "GET /sipse/faces/javax.faces.resource/jquery/jquery-plugins.js?ln=primefaces&v=4.0 HTTP/1.1" 304 -
179.33.116.32 - - [12/Jan/2024:07:16:02 -0500] "GET /sipse/faces/javax.faces.resource/primefaces.js?ln=primefaces&v=4.0 HTTP/1.1" 304 -
179.33.116.32 - - [12/Jan/2024:07:16:02 -0500] "GET /sipse/faces/javax.faces.resource/layout/layout.js?ln=primefaces&v=4.0 HTTP/1.1" 304 -
186.154.49.87 - - [12/Jan/2024:07:16:09 -0500] "POST /sipse/faces/presentacion/financiero/solicitudProceso/consultarSolicitudProceso.xhtml HTTP/1.1" 200 252607
156.59.198.135 - - [12/Jan/2024:07:16:10 -0500] "GET /BLA/resoluciones/RESOLUCIONES%202018/2328.PDF HTTP/1.0" 200 33592376
201.245.192.253 - - [12/Jan/2024:07:16:21 -0500] "POST /kwsrmcab/Wsrmcab  HTTP/1.1" 200 39439
179.33.116.32 - - [12/Jan/2024:07:16:24 -0500] "POST /sipse/faces/presentacion/financiero/solicitudProceso/consultarSolicitudProceso.xhtml HTTP/1.1" 200 154670
179.33.116.32 - - [12/Jan/2024:07:16:25 -0500] "GET /sipse/faces/javax.faces.resource/theme.css?ln=primefaces-sipse HTTP/1.1" 304 -
179.33.116.32 - - [12/Jan/2024:07:16:25 -0500] "GET /sipse/faces/javax.faces.resource/primefaces.css?ln=primefaces&v=4.0 HTTP/1.1" 304 -
179.33.116.32 - - [12/Jan/2024:07:16:25 -0500] "GET /sipse/faces/javax.faces.resource/layout/layout.js?ln=primefaces&v=4.0 HTTP/1.1" 304 -
179.33.116.32 - - [12/Jan/2024:07:16:25 -0500] "GET /sipse/faces/javax.faces.resource/layout/layout.css?ln=primefaces&v=4.0 HTTP/1.1" 304 -
179.33.116.32 - - [12/Jan/2024:07:16:25 -0500] "GET /sipse/faces/javax.faces.resource/jquery/jquery.js?ln=primefaces&v=4.0 HTTP/1.1" 304 -
179.33.116.32 - - [12/Jan/2024:07:16:25 -0500] "GET /sipse/faces/javax.faces.resource/jquery/jquery-plugins.js?ln=primefaces&v=4.0 HTTP/1.1" 304 -
179.33.116.32 - - [12/Jan/2024:07:16:25 -0500] "GET /sipse/faces/javax.faces.resource/primefaces.js?ln=primefaces&v=4.0 HTTP/1.1" 304 -
179.33.116.32 - - [12/Jan/2024:07:16:25 -0500] "GET /sipse/faces/javax.faces.resource/images/ui-icons_898989_256x240.png?ln=primefaces-aristo HTTP/1.1" 304 -
179.33.116.32 - - [12/Jan/2024:07:16:31 -0500] "GET /sipse/faces/javax.faces.resource/images/ui-bg_flat_0_2d5972_40x100.png?ln=primefaces-aristo HTTP/1.1" 304 -
179.33.116.32 - - [12/Jan/2024:07:16:31 -0500] "POST /sipse/faces/presentacion/financiero/solicitudProceso/consultarSolicitudProceso.xhtml HTTP/1.1" 200 42213
179.33.116.32 - - [12/Jan/2024:07:16:33 -0500] "GET /sipse/faces/javax.faces.resource/jquery/jquery.js?ln=primefaces&v=4.0 HTTP/1.1" 304 -
179.33.116.32 - - [12/Jan/2024:07:16:33 -0500] "GET /sipse/faces/javax.faces.resource/jquery/jquery-plugins.js?ln=primefaces&v=4.0 HTTP/1.1" 304 -
179.33.116.32 - - [12/Jan/2024:07:16:33 -0500] "GET /sipse/faces/javax.faces.resource/primefaces.js?ln=primefaces&v=4.0 HTTP/1.1" 304 -
179.33.116.32 - - [12/Jan/2024:07:16:33 -0500] "GET /sipse/faces/javax.faces.resource/layout/layout.js?ln=primefaces&v=4.0 HTTP/1.1" 304 -
179.33.116.32 - - [12/Jan/2024:07:16:33 -0500] "GET /sipse/faces/javax.faces.resource/messages/messages.png?ln=primefaces&v=4.0 HTTP/1.1" 304 -
179.33.116.32 - - [12/Jan/2024:07:16:33 -0500] "POST /sipse/faces/presentacion/financiero/solicitudProceso/listarSolicitudProceso.xhtml HTTP/1.1" 200 1440
179.33.116.32 - - [12/Jan/2024:07:16:33 -0500] "POST /sipse/faces/presentacion/financiero/solicitudProceso/listarSolicitudProceso.xhtml HTTP/1.1" 200 1440
156.59.198.136 - - [12/Jan/2024:07:16:34 -0500] "GET /BLA/resoluciones/RESOLUCIONES%202007/RES%202007%201%20AL%20100/RESOLUCION%200097%20DE%202007.pdf HTTP/1.0" 200 129686
179.33.116.32 - - [12/Jan/2024:07:16:40 -0500] "POST /sipse/faces/presentacion/financiero/solicitudProceso/listarSolicitudProceso.xhtml HTTP/1.1" 200 106890
179.33.116.32 - - [12/Jan/2024:07:16:41 -0500] "GET /sipse/faces/javax.faces.resource/jquery/jquery.js?ln=primefaces&v=4.0 HTTP/1.1" 304 -
179.33.116.32 - - [12/Jan/2024:07:16:41 -0500] "GET /sipse/faces/javax.faces.resource/jquery/jquery-plugins.js?ln=primefaces&v=4.0 HTTP/1.1" 304 -
179.33.116.32 - - [12/Jan/2024:07:16:41 -0500] "GET /sipse/faces/javax.faces.resource/primefaces.js?ln=primefaces&v=4.0 HTTP/1.1" 304 -
179.33.116.32 - - [12/Jan/2024:07:16:41 -0500] "GET /sipse/faces/javax.faces.resource/layout/layout.js?ln=primefaces&v=4.0 HTTP/1.1" 304 -
201.245.192.253 - - [12/Jan/2024:07:16:58 -0500] "POST /forms/lservlet;jsessionid=ac16012b30d6e9245d4a5ae64507bcdc86473ff87750.e3iSbxaKaheRe34Rb3eTbx8LaNb0n6jAmljGr5XDqQLvpAe HTTP/1.1" 200 13
156.59.198.135 - - [12/Jan/2024:07:16:59 -0500] "GET /BLA/resoluciones/RESOLUCIONES%202007/RES%202007%201%20AL%20100/RESOLUCION%200044%20DE%202007.pdf HTTP/1.0" 200 320340
201.245.192.253 - - [12/Jan/2024:07:17:04 -0500] "POST /forms/lservlet;jsessionid=ac16012b30d6e9245d4a5ae64507bcdc86473ff87750.e3iSbxaKaheRe34Rb3eTbx8LaNb0n6jAmljGr5XDqQLvpAe HTTP/1.1" 200 12
201.245.192.253 - - [12/Jan/2024:07:17:20 -0500] "POST /sipse/faces/autenticacion.xhtml HTTP/1.1" 200 2224
201.245.192.253 - - [12/Jan/2024:07:17:20 -0500] "GET /sipse/faces/javax.faces.resource/messages/messages.png?ln=primefaces&v=4.0 HTTP/1.1" 304 -
201.245.192.253 - - [12/Jan/2024:07:17:21 -0500] "POST /sipse/faces/autenticacion.xhtml HTTP/1.1" 200 16390
201.245.192.253 - - [12/Jan/2024:07:17:21 -0500] "GET /sipse/faces/javax.faces.resource/theme.css?ln=primefaces-sipse HTTP/1.1" 304 -
201.245.192.253 - - [12/Jan/2024:07:17:21 -0500] "GET /sipse/faces/javax.faces.resource/primefaces.css?ln=primefaces&v=4.0 HTTP/1.1" 304 -
201.245.192.253 - - [12/Jan/2024:07:17:21 -0500] "GET /sipse/faces/javax.faces.resource/layout/layout.css?ln=primefaces&v=4.0 HTTP/1.1" 304 -
201.245.192.253 - - [12/Jan/2024:07:17:22 -0500] "GET /sipse/faces/javax.faces.resource/jquery/jquery.js?ln=primefaces&v=4.0 HTTP/1.1" 304 -
201.245.192.253 - - [12/Jan/2024:07:17:22 -0500] "GET /sipse/faces/javax.faces.resource/jquery/jquery-plugins.js?ln=primefaces&v=4.0 HTTP/1.1" 304 -
201.245.192.253 - - [12/Jan/2024:07:17:22 -0500] "GET /sipse/faces/javax.faces.resource/primefaces.js?ln=primefaces&v=4.0 HTTP/1.1" 304 -
201.245.192.253 - - [12/Jan/2024:07:17:22 -0500] "GET /sipse/faces/javax.faces.resource/layout/layout.js?ln=primefaces&v=4.0 HTTP/1.1" 304 -
201.245.192.253 - - [12/Jan/2024:07:17:22 -0500] "GET /sipse/css/imagen/contrasena.png HTTP/1.1" 404 383
156.59.198.136 - - [12/Jan/2024:07:17:22 -0500] "GET /BLA/resoluciones/RESOLUCIONES%202018/2224.pdf HTTP/1.0" 200 326697
201.245.192.253 - - [12/Jan/2024:07:17:24 -0500] "GET /sipse/faces/javax.faces.resource/images/ui-bg_flat_0_2d5972_40x100.png?ln=primefaces-aristo HTTP/1.1" 304 -
201.245.192.253 - - [12/Jan/2024:07:17:24 -0500] "POST /sipse/faces/bienvenido.xhtml HTTP/1.1" 200 2073
201.245.192.253 - - [12/Jan/2024:07:17:25 -0500] "POST /sipse/faces/bienvenido.xhtml HTTP/1.1" 200 2658
172.22.2.4 - - [12/Jan/2024:07:15:45 -0500] "HEAD /BLA/boletinlegal/ HTTP/1.1" 200 -
201.245.192.253 - - [12/Jan/2024:07:17:26 -0500] "POST /sipse/faces/bienvenido.xhtml HTTP/1.1" 200 65771
201.245.192.253 - - [12/Jan/2024:07:17:27 -0500] "GET /sipse/faces/javax.faces.resource/theme.css?ln=primefaces-sipse HTTP/1.1" 304 -
201.245.192.253 - - [12/Jan/2024:07:17:27 -0500] "GET /sipse/faces/javax.faces.resource/layout/layout.css?ln=primefaces&v=4.0 HTTP/1.1" 304 -
201.245.192.253 - - [12/Jan/2024:07:17:27 -0500] "GET /sipse/faces/javax.faces.resource/primefaces.css?ln=primefaces&v=4.0 HTTP/1.1" 304 -
201.245.192.253 - - [12/Jan/2024:07:17:27 -0500] "GET /sipse/faces/javax.faces.resource/jquery/jquery.js?ln=primefaces&v=4.0 HTTP/1.1" 304 -
201.245.192.253 - - [12/Jan/2024:07:17:27 -0500] "GET /sipse/faces/javax.faces.resource/jquery/jquery-plugins.js?ln=primefaces&v=4.0 HTTP/1.1" 304 -
201.245.192.253 - - [12/Jan/2024:07:17:27 -0500] "GET /sipse/faces/javax.faces.resource/primefaces.js?ln=primefaces&v=4.0 HTTP/1.1" 304 -
201.245.192.253 - - [12/Jan/2024:07:17:27 -0500] "GET /sipse/faces/javax.faces.resource/layout/layout.js?ln=primefaces&v=4.0 HTTP/1.1" 304 -
201.245.192.253 - - [12/Jan/2024:07:17:27 -0500] "POST /sipse/faces/presentacion/financiero/solicitudProceso/listarSolicitudProceso.xhtml HTTP/1.1" 200 1556
201.245.192.253 - - [12/Jan/2024:07:17:28 -0500] "POST /forms/lservlet;jsessionid=ac16012b30d6e9245d4a5ae64507bcdc86473ff87750.e3iSbxaKaheRe34Rb3eTbx8LaNb0n6jAmljGr5XDqQLvpAe HTTP/1.1" 200 2
201.245.192.253 - - [12/Jan/2024:07:17:31 -0500] "POST /sipse/faces/presentacion/financiero/solicitudProceso/listarSolicitudProceso.xhtml HTTP/1.1" 200 40775
201.245.192.253 - - [12/Jan/2024:07:17:31 -0500] "GET /sipse/faces/javax.faces.resource/primefaces.css?ln=primefaces&v=4.0 HTTP/1.1" 304 -
201.245.192.253 - - [12/Jan/2024:07:17:31 -0500] "GET /sipse/faces/javax.faces.resource/layout/layout.css?ln=primefaces&v=4.0 HTTP/1.1" 304 -
201.245.192.253 - - [12/Jan/2024:07:17:31 -0500] "GET /sipse/faces/javax.faces.resource/theme.css?ln=primefaces-sipse HTTP/1.1" 304 -
201.245.192.253 - - [12/Jan/2024:07:17:31 -0500] "GET /sipse/faces/javax.faces.resource/jquery/jquery.js?ln=primefaces&v=4.0 HTTP/1.1" 304 -
201.245.192.253 - - [12/Jan/2024:07:17:31 -0500] "GET /sipse/faces/javax.faces.resource/jquery/jquery-plugins.js?ln=primefaces&v=4.0 HTTP/1.1" 304 -
201.245.192.253 - - [12/Jan/2024:07:17:31 -0500] "GET /sipse/faces/javax.faces.resource/primefaces.js?ln=primefaces&v=4.0 HTTP/1.1" 304 -
201.245.192.253 - - [12/Jan/2024:07:17:31 -0500] "GET /sipse/faces/javax.faces.resource/layout/layout.js?ln=primefaces&v=4.0 HTTP/1.1" 304 -
201.245.192.253 - - [12/Jan/2024:07:17:31 -0500] "POST /sipse/faces/presentacion/financiero/solicitudProceso/consultar.xhtml HTTP/1.1" 200 34137
201.245.192.253 - - [12/Jan/2024:07:17:34 -0500] "POST /sipse/faces/presentacion/financiero/solicitudProceso/consultar.xhtml HTTP/1.1" 200 12864
201.245.192.253 - - [12/Jan/2024:07:17:36 -0500] "POST /sipse/faces/presentacion/financiero/solicitudProceso/consultar.xhtml HTTP/1.1" 200 156234
201.245.192.253 - - [12/Jan/2024:07:17:37 -0500] "GET /sipse/faces/javax.faces.resource/theme.css?ln=primefaces-sipse HTTP/1.1" 304 -
201.245.192.253 - - [12/Jan/2024:07:17:37 -0500] "GET /sipse/faces/javax.faces.resource/primefaces.css?ln=primefaces&v=4.0 HTTP/1.1" 304 -
201.245.192.253 - - [12/Jan/2024:07:17:37 -0500] "GET /sipse/faces/javax.faces.resource/layout/layout.css?ln=primefaces&v=4.0 HTTP/1.1" 304 -
201.245.192.253 - - [12/Jan/2024:07:17:38 -0500] "GET /sipse/faces/javax.faces.resource/jquery/jquery.js?ln=primefaces&v=4.0 HTTP/1.1" 304 -
201.245.192.253 - - [12/Jan/2024:07:17:38 -0500] "GET /sipse/faces/javax.faces.resource/jquery/jquery-plugins.js?ln=primefaces&v=4.0 HTTP/1.1" 304 -
201.245.192.253 - - [12/Jan/2024:07:17:38 -0500] "GET /sipse/faces/javax.faces.resource/primefaces.js?ln=primefaces&v=4.0 HTTP/1.1" 304 -
201.245.192.253 - - [12/Jan/2024:07:17:38 -0500] "GET /sipse/faces/javax.faces.resource/layout/layout.js?ln=primefaces&v=4.0 HTTP/1.1" 304 -
156.59.198.136 - - [12/Jan/2024:07:17:47 -0500] "GET /BLA/resoluciones/Notificaciones/AUTOS%202013/3543.pdf HTTP/1.0" 200 227840
201.245.192.253 - - [12/Jan/2024:07:17:54 -0500] "POST /forms/lservlet;jsessionid=ac16012b30d6daf3d1e69b9448f9b338854e2531f358.e3iSbxaKaheRe34Rb3eTbx8LaNb0n6jAmljGr5XDqQLvpAe HTTP/1.1" 200 2
162.55.37.148 - - [12/Jan/2024:07:17:58 -0500] "GET / HTTP/1.1" 200 4720
162.55.37.148 - - [12/Jan/2024:07:18:00 -0500] "GET / HTTP/1.1" 200 319
201.245.192.253 - - [12/Jan/2024:07:18:02 -0500] "POST /sipse/faces/presentacion/financiero/solicitudProceso/consultarSolicitudProceso.xhtml HTTP/1.1" 200 114780
156.59.198.135 - - [12/Jan/2024:07:18:10 -0500] "GET /BLA/resoluciones/RESOLUCIONES%202007/RES%202007%201%20AL%20100/RESOLUCION%200048%20DE%202007.pdf HTTP/1.0" 200 230845
201.245.192.253 - - [12/Jan/2024:07:18:14 -0500] "POST /sipse/faces/presentacion/financiero/solicitudProceso/consultarSolicitudProceso.xhtml HTTP/1.1" 200 292387
186.154.49.87 - - [12/Jan/2024:07:18:15 -0500] "POST /sipse/faces/presentacion/financiero/solicitudProceso/consultarSolicitudProceso.xhtml HTTP/1.1" 200 5431
172.22.2.4 - - [12/Jan/2024:07:16:36 -0500] "GET /BLA/boletinlegal/ HTTP/1.1" 200 58666
54.36.149.8 - - [12/Jan/2024:07:18:30 -0500] "GET /robots.txt HTTP/1.1" 404 1034
51.222.253.6 - - [12/Jan/2024:07:18:32 -0500] "GET /te-contamos-como-instalar-un-contenedor-para-baterias-de-litio-en-tu-establecimiento.html HTTP/1.1" 200 892
156.59.198.136 - - [12/Jan/2024:07:18:36 -0500] "GET /BLA/resoluciones/RESOLUCIONES%202018/0533.pdf HTTP/1.0" 200 270007
52.167.144.228 - - [12/Jan/2024:07:18:43 -0500] "GET /BLA/resoluciones/RESOLUCIONES%202023/0894.pdf HTTP/1.1" 200 416347
156.59.198.136 - - [12/Jan/2024:07:18:59 -0500] "GET /BLA/resoluciones/RESOLUCIONES%202018/1921.pdf HTTP/1.0" 200 266820
201.245.192.253 - - [12/Jan/2024:07:19:02 -0500] "POST /kwsrmcab/Wsrmcab HTTP/1.1" 200 39307
156.59.198.136 - - [12/Jan/2024:07:19:24 -0500] "GET /BLA/resoluciones/RESOLUCIONES%202018/3536.pdf HTTP/1.0" 200 275224
201.245.192.253 - - [12/Jan/2024:07:19:28 -0500] "POST /forms/lservlet;jsessionid=ac16012b30d6e9245d4a5ae64507bcdc86473ff87750.e3iSbxaKaheRe34Rb3eTbx8LaNb0n6jAmljGr5XDqQLvpAe HTTP/1.1" 200 2
66.249.66.20 - - [12/Jan/2024:07:19:34 -0500] "GET /Publicaciones/2023EE98328.pdf HTTP/1.1" 404 227
156.59.198.135 - - [12/Jan/2024:07:19:48 -0500] "GET /BLA/resoluciones/RESOLUCIONES%202007/RES%202007%201%20AL%20100/RESOLUCION%200100%20DE%202007.pdf HTTP/1.0" 200 299754
201.245.192.253 - - [12/Jan/2024:07:19:50 -0500] "POST /kwsrmcab/Wsrmcab HTTP/1.1" 200 39138
201.245.192.253 - - [12/Jan/2024:07:19:54 -0500] "POST /forms/lservlet;jsessionid=ac16012b30d6daf3d1e69b9448f9b338854e2531f358.e3iSbxaKaheRe34Rb3eTbx8LaNb0n6jAmljGr5XDqQLvpAe HTTP/1.1" 200 2
156.59.198.136 - - [12/Jan/2024:07:20:13 -0500] "GET /BLA/resoluciones/RESOLUCIONES%202018/2002.pdf HTTP/1.0" 200 259114
216.245.221.92 - - [12/Jan/2024:07:20:17 -0500] "HEAD / HTTP/1.1" 200 -
156.59.198.136 - - [12/Jan/2024:07:20:37 -0500] "GET /BLA/resoluciones/RESOLUCIONES%202007/RES%202007%201%20AL%20100/RESOLUCION%200086%20DE%202007.pdf HTTP/1.0" 200 243601
199.16.157.183 - - [12/Jan/2024:07:20:54 -0500] "GET /images/presentaci%C3%B3n%20convenci%C3%B3n.jpg HTTP/1.1" 404 1034
66.249.66.21 - - [12/Jan/2024:07:20:56 -0500] "GET /BLA/resoluciones/RESOLUCIONES%202009/1734.pdf HTTP/1.1" 200 238398
156.59.198.136 - - [12/Jan/2024:07:21:02 -0500] "GET /BLA/resoluciones/RESOLUCIONES%202018/3663.pdf HTTP/1.0" 200 290005
201.245.192.253 - - [12/Jan/2024:07:21:19 -0500] "POST /kwsrmcab/Wsrmcab  HTTP/1.1" 200 39439
156.59.198.136 - - [12/Jan/2024:07:21:26 -0500] "GET /BLA/resoluciones/RESOLUCIONES%202018/2519.pdf HTTP/1.0" 200 356933
201.245.192.253 - - [12/Jan/2024:07:21:28 -0500] "POST /forms/lservlet;jsessionid=ac16012b30d6e9245d4a5ae64507bcdc86473ff87750.e3iSbxaKaheRe34Rb3eTbx8LaNb0n6jAmljGr5XDqQLvpAe HTTP/1.1" 200 2
179.33.116.32 - - [12/Jan/2024:07:21:40 -0500] "POST /sipse/faces/presentacion/financiero/solicitudProceso/consultarSolicitudProceso.xhtml HTTP/1.1" 200 5431
156.59.198.135 - - [12/Jan/2024:07:21:51 -0500] "GET /BLA/resoluciones/AUTOS%202019/3910.pdf HTTP/1.0" 200 -
201.245.192.253 - - [12/Jan/2024:07:21:54 -0500] "POST /forms/lservlet;jsessionid=ac16012b30d6daf3d1e69b9448f9b338854e2531f358.e3iSbxaKaheRe34Rb3eTbx8LaNb0n6jAmljGr5XDqQLvpAe HTTP/1.1" 200 2
172.22.2.4 - - [12/Jan/2024:07:22:11 -0500] "GET /BLA/boletinlegal/actos.php HTTP/1.1" 200 9648
116.202.33.36 - - [12/Jan/2024:07:22:13 -0500] "GET /portaldeninos/ HTTP/1.1" 200 110175
156.59.198.135 - - [12/Jan/2024:07:22:15 -0500] "GET /BLA/resoluciones/RESOLUCIONES%202018/3563.pdf HTTP/1.0" 200 315066
40.88.21.235 - - [12/Jan/2024:07:22:21 -0500] "GET / HTTP/1.1" 200 319
40.88.21.235 - - [12/Jan/2024:07:22:22 -0500] "GET /favicon.ico HTTP/1.1" 200 7782
186.154.49.87 - - [12/Jan/2024:07:22:22 -0500] "POST /sipse/faces/presentacion/financiero/solicitudProceso/consultarSolicitudProceso.xhtml HTTP/1.1" 200 5431
116.202.33.36 - - [12/Jan/2024:07:22:23 -0500] "GET /distrito-exalto-a-246-empresas-de-bogota-por-su-alto-desempeno-y-responsabilidad-ambiental-durante-2023.html HTTP/1.1" 200 1039
179.33.116.32 - - [12/Jan/2024:07:22:26 -0500] "POST /sipse/faces/presentacion/financiero/solicitudProceso/consultarSolicitudProceso.xhtml HTTP/1.1" 200 162035
156.59.198.136 - - [12/Jan/2024:07:22:39 -0500] "GET /BLA/resoluciones/RESOLUCIONES%202018/3466.pdf HTTP/1.0" 200 339791
156.59.198.136 - - [12/Jan/2024:07:23:03 -0500] "GET /BLA/resoluciones/RESOLUCIONES%202007/RES%202007%201%20AL%20100/RESOLUCION%200094%20DE%202007.pdf HTTP/1.0" 200 479993
172.22.2.4 - - [12/Jan/2024:07:21:35 -0500] "HEAD /BLA/boletinlegal/ HTTP/1.1" 200 -
186.154.49.87 - - [12/Jan/2024:07:23:21 -0500] "POST /sipse/faces/presentacion/financiero/solicitudProceso/consultarSolicitudProceso.xhtml HTTP/1.1" 200 153722
186.154.49.87 - - [12/Jan/2024:07:23:22 -0500] "GET /sipse/faces/javax.faces.resource/theme.css?ln=primefaces-sipse HTTP/1.1" 304 -
186.154.49.87 - - [12/Jan/2024:07:23:22 -0500] "GET /sipse/faces/javax.faces.resource/primefaces.css?ln=primefaces&v=4.0 HTTP/1.1" 304 -
186.154.49.87 - - [12/Jan/2024:07:23:22 -0500] "GET /sipse/faces/javax.faces.resource/jquery/jquery.js?ln=primefaces&v=4.0 HTTP/1.1" 304 -
186.154.49.87 - - [12/Jan/2024:07:23:22 -0500] "GET /sipse/faces/javax.faces.resource/primefaces.js?ln=primefaces&v=4.0 HTTP/1.1" 304 -
186.154.49.87 - - [12/Jan/2024:07:23:22 -0500] "GET /sipse/faces/javax.faces.resource/layout/layout.css?ln=primefaces&v=4.0 HTTP/1.1" 304 -
186.154.49.87 - - [12/Jan/2024:07:23:22 -0500] "GET /sipse/faces/javax.faces.resource/jquery/jquery-plugins.js?ln=primefaces&v=4.0 HTTP/1.1" 304 -
186.154.49.87 - - [12/Jan/2024:07:23:22 -0500] "GET /sipse/faces/javax.faces.resource/layout/layout.js?ln=primefaces&v=4.0 HTTP/1.1" 304 -
156.59.198.135 - - [12/Jan/2024:07:23:27 -0500] "GET /BLA/resoluciones/RESOLUCIONES%202007/RES%202007%201%20AL%20100/RESOLUCION%200061%20DE%202007.pdf HTTP/1.0" 200 234356
201.245.192.253 - - [12/Jan/2024:07:23:28 -0500] "POST /forms/lservlet;jsessionid=ac16012b30d6e9245d4a5ae64507bcdc86473ff87750.e3iSbxaKaheRe34Rb3eTbx8LaNb0n6jAmljGr5XDqQLvpAe HTTP/1.1" 200 2
186.154.49.87 - - [12/Jan/2024:07:23:30 -0500] "POST /sipse/faces/presentacion/financiero/solicitudProceso/consultarSolicitudProceso.xhtml HTTP/1.1" 200 23974
186.154.49.87 - - [12/Jan/2024:07:23:31 -0500] "GET /sipse/faces/javax.faces.resource/theme.css?ln=primefaces-sipse HTTP/1.1" 304 -
186.154.49.87 - - [12/Jan/2024:07:23:31 -0500] "GET /sipse/faces/javax.faces.resource/layout/layout.css?ln=primefaces&v=4.0 HTTP/1.1" 304 -
186.154.49.87 - - [12/Jan/2024:07:23:31 -0500] "GET /sipse/faces/javax.faces.resource/primefaces.css?ln=primefaces&v=4.0 HTTP/1.1" 304 -
186.154.49.87 - - [12/Jan/2024:07:23:31 -0500] "GET /sipse/faces/javax.faces.resource/jquery/jquery.js?ln=primefaces&v=4.0 HTTP/1.1" 304 -
186.154.49.87 - - [12/Jan/2024:07:23:31 -0500] "GET /sipse/faces/javax.faces.resource/jquery/jquery-plugins.js?ln=primefaces&v=4.0 HTTP/1.1" 304 -
186.154.49.87 - - [12/Jan/2024:07:23:31 -0500] "GET /sipse/faces/javax.faces.resource/primefaces.js?ln=primefaces&v=4.0 HTTP/1.1" 304 -
186.154.49.87 - - [12/Jan/2024:07:23:31 -0500] "GET /sipse/faces/javax.faces.resource/layout/layout.js?ln=primefaces&v=4.0 HTTP/1.1" 304 -
186.154.49.87 - - [12/Jan/2024:07:23:36 -0500] "POST /sipse/faces/presentacion/financiero/viabilidad/expedirViabilidad.xhtml HTTP/1.1" 200 107943
186.154.49.87 - - [12/Jan/2024:07:23:37 -0500] "GET /sipse/faces/javax.faces.resource/theme.css?ln=primefaces-sipse HTTP/1.1" 304 -
186.154.49.87 - - [12/Jan/2024:07:23:37 -0500] "GET /sipse/faces/javax.faces.resource/primefaces.css?ln=primefaces&v=4.0 HTTP/1.1" 304 -
186.154.49.87 - - [12/Jan/2024:07:23:37 -0500] "GET /sipse/faces/javax.faces.resource/layout/layout.css?ln=primefaces&v=4.0 HTTP/1.1" 304 -
186.154.49.87 - - [12/Jan/2024:07:23:37 -0500] "GET /sipse/faces/javax.faces.resource/jquery/jquery.js?ln=primefaces&v=4.0 HTTP/1.1" 304 -
186.154.49.87 - - [12/Jan/2024:07:23:37 -0500] "GET /sipse/faces/javax.faces.resource/jquery/jquery-plugins.js?ln=primefaces&v=4.0 HTTP/1.1" 304 -
186.154.49.87 - - [12/Jan/2024:07:23:37 -0500] "GET /sipse/faces/javax.faces.resource/primefaces.js?ln=primefaces&v=4.0 HTTP/1.1" 304 -
186.154.49.87 - - [12/Jan/2024:07:23:37 -0500] "GET /sipse/faces/javax.faces.resource/layout/layout.js?ln=primefaces&v=4.0 HTTP/1.1" 304 -
186.154.49.87 - - [12/Jan/2024:07:23:45 -0500] "POST /sipse/faces/presentacion/financiero/solicitudProceso/consultarSolicitudProceso.xhtml HTTP/1.1" 200 63554
186.154.49.87 - - [12/Jan/2024:07:23:47 -0500] "GET /sipse/faces/javax.faces.resource/primefaces.css?ln=primefaces&v=4.0 HTTP/1.1" 304 -
186.154.49.87 - - [12/Jan/2024:07:23:47 -0500] "GET /sipse/faces/javax.faces.resource/theme.css?ln=primefaces-sipse HTTP/1.1" 304 -
186.154.49.87 - - [12/Jan/2024:07:23:47 -0500] "GET /sipse/faces/javax.faces.resource/layout/layout.css?ln=primefaces&v=4.0 HTTP/1.1" 304 -
186.154.49.87 - - [12/Jan/2024:07:23:47 -0500] "GET /sipse/faces/javax.faces.resource/jquery/jquery.js?ln=primefaces&v=4.0 HTTP/1.1" 304 -
186.154.49.87 - - [12/Jan/2024:07:23:47 -0500] "GET /sipse/faces/javax.faces.resource/jquery/jquery-plugins.js?ln=primefaces&v=4.0 HTTP/1.1" 304 -
186.154.49.87 - - [12/Jan/2024:07:23:47 -0500] "GET /sipse/faces/javax.faces.resource/primefaces.js?ln=primefaces&v=4.0 HTTP/1.1" 304 -
186.154.49.87 - - [12/Jan/2024:07:23:47 -0500] "GET /sipse/faces/javax.faces.resource/layout/layout.js?ln=primefaces&v=4.0 HTTP/1.1" 304 -
186.154.49.87 - - [12/Jan/2024:07:23:47 -0500] "POST /sipse/faces/presentacion/financiero/solicitudProceso/listarSolicitudProceso.xhtml HTTP/1.1" 200 1556
156.59.198.136 - - [12/Jan/2024:07:23:52 -0500] "GET /BLA/resoluciones/RESOLUCIONES%202018/3750.PDF HTTP/1.0" 200 28858906
201.245.192.253 - - [12/Jan/2024:07:23:54 -0500] "POST /forms/lservlet;jsessionid=ac16012b30d6daf3d1e69b9448f9b338854e2531f358.e3iSbxaKaheRe34Rb3eTbx8LaNb0n6jAmljGr5XDqQLvpAe HTTP/1.1" 200 2
186.154.49.87 - - [12/Jan/2024:07:24:04 -0500] "POST /sipse/faces/presentacion/financiero/solicitudProceso/listarSolicitudProceso.xhtml HTTP/1.1" 200 109041
186.154.49.87 - - [12/Jan/2024:07:24:05 -0500] "GET /sipse/faces/javax.faces.resource/theme.css?ln=primefaces-sipse HTTP/1.1" 304 -
186.154.49.87 - - [12/Jan/2024:07:24:05 -0500] "GET /sipse/faces/javax.faces.resource/primefaces.css?ln=primefaces&v=4.0 HTTP/1.1" 304 -
186.154.49.87 - - [12/Jan/2024:07:24:05 -0500] "GET /sipse/faces/javax.faces.resource/layout/layout.css?ln=primefaces&v=4.0 HTTP/1.1" 304 -
186.154.49.87 - - [12/Jan/2024:07:24:05 -0500] "GET /sipse/faces/javax.faces.resource/jquery/jquery.js?ln=primefaces&v=4.0 HTTP/1.1" 304 -
186.154.49.87 - - [12/Jan/2024:07:24:05 -0500] "GET /sipse/faces/javax.faces.resource/jquery/jquery-plugins.js?ln=primefaces&v=4.0 HTTP/1.1" 304 -
186.154.49.87 - - [12/Jan/2024:07:24:05 -0500] "GET /sipse/faces/javax.faces.resource/primefaces.js?ln=primefaces&v=4.0 HTTP/1.1" 304 -
186.154.49.87 - - [12/Jan/2024:07:24:05 -0500] "GET /sipse/faces/javax.faces.resource/layout/layout.js?ln=primefaces&v=4.0 HTTP/1.1" 304 -
172.22.2.4 - - [12/Jan/2024:07:22:26 -0500] "GET /BLA/boletinlegal/ HTTP/1.1" 200 58666
156.59.198.136 - - [12/Jan/2024:07:24:17 -0500] "GET /BLA/resoluciones/RESOLUCIONES%202007/RES%202007%201%20AL%20100/RESOLUCION%200057%20DE%202007.pdf HTTP/1.0" 200 236152
156.59.198.136 - - [12/Jan/2024:07:24:43 -0500] "GET /BLA/resoluciones/RESOLUCIONES%202018/3388.pdf HTTP/1.0" 200 309565
201.245.192.253 - - [12/Jan/2024:07:24:46 -0500] "POST /kwsrmcab/Wsrmcab HTTP/1.1" 200 39307
201.245.192.253 - - [12/Jan/2024:07:24:49 -0500] "POST /kwsrmcab/Wsrmcab HTTP/1.1" 200 39138
179.33.116.32 - - [12/Jan/2024:07:24:52 -0500] "POST /sipse/faces/presentacion/financiero/solicitudProceso/consultarSolicitudProceso.xhtml HTTP/1.1" 200 23968
179.33.116.32 - - [12/Jan/2024:07:24:52 -0500] "GET /sipse/js/disable_browser_buttons.js HTTP/1.1" 304 -
179.33.116.32 - - [12/Jan/2024:07:24:52 -0500] "GET /sipse/js/jquery.min.js HTTP/1.1" 304 -
179.33.116.32 - - [12/Jan/2024:07:24:52 -0500] "GET /sipse/js/funciones.js HTTP/1.1" 304 -
179.33.116.32 - - [12/Jan/2024:07:24:52 -0500] "GET /sipse/faces/javax.faces.resource/jquery/jquery.js?ln=primefaces&v=4.0 HTTP/1.1" 304 -
179.33.116.32 - - [12/Jan/2024:07:24:52 -0500] "GET /sipse/faces/javax.faces.resource/jquery/jquery-plugins.js?ln=primefaces&v=4.0 HTTP/1.1" 304 -
179.33.116.32 - - [12/Jan/2024:07:24:52 -0500] "GET /sipse/faces/javax.faces.resource/primefaces.js?ln=primefaces&v=4.0 HTTP/1.1" 304 -
179.33.116.32 - - [12/Jan/2024:07:24:52 -0500] "GET /sipse/faces/javax.faces.resource/layout/layout.js?ln=primefaces&v=4.0 HTTP/1.1" 304 -
179.33.116.32 - - [12/Jan/2024:07:25:00 -0500] "POST /sipse/faces/presentacion/financiero/viabilidad/expedirViabilidad.xhtml HTTP/1.1" 200 108537
179.33.116.32 - - [12/Jan/2024:07:25:00 -0500] "GET /sipse/faces/javax.faces.resource/jquery/jquery.js?ln=primefaces&v=4.0 HTTP/1.1" 304 -
179.33.116.32 - - [12/Jan/2024:07:25:00 -0500] "GET /sipse/faces/javax.faces.resource/jquery/jquery-plugins.js?ln=primefaces&v=4.0 HTTP/1.1" 304 -
179.33.116.32 - - [12/Jan/2024:07:25:00 -0500] "GET /sipse/faces/javax.faces.resource/primefaces.js?ln=primefaces&v=4.0 HTTP/1.1" 304 -
179.33.116.32 - - [12/Jan/2024:07:25:00 -0500] "GET /sipse/faces/javax.faces.resource/layout/layout.js?ln=primefaces&v=4.0 HTTP/1.1" 304 -
179.33.116.32 - - [12/Jan/2024:07:25:03 -0500] "POST /sipse/faces/presentacion/financiero/solicitudProceso/consultarSolicitudProceso.xhtml HTTP/1.1" 200 154312
179.33.116.32 - - [12/Jan/2024:07:25:04 -0500] "GET /sipse/css/custom_css_sg.css HTTP/1.1" 304 -
179.33.116.32 - - [12/Jan/2024:07:25:04 -0500] "GET /sipse/faces/javax.faces.resource/layout/layout.css?ln=primefaces&v=4.0 HTTP/1.1" 304 -
179.33.116.32 - - [12/Jan/2024:07:25:04 -0500] "GET /sipse/faces/javax.faces.resource/jquery/jquery-plugins.js?ln=primefaces&v=4.0 HTTP/1.1" 304 -
179.33.116.32 - - [12/Jan/2024:07:25:04 -0500] "GET /sipse/faces/javax.faces.resource/theme.css?ln=primefaces-sipse HTTP/1.1" 304 -
179.33.116.32 - - [12/Jan/2024:07:25:04 -0500] "GET /sipse/faces/javax.faces.resource/jquery/jquery.js?ln=primefaces&v=4.0 HTTP/1.1" 304 -
179.33.116.32 - - [12/Jan/2024:07:25:04 -0500] "GET /sipse/faces/javax.faces.resource/primefaces.css?ln=primefaces&v=4.0 HTTP/1.1" 304 -
179.33.116.32 - - [12/Jan/2024:07:25:04 -0500] "GET /sipse/faces/javax.faces.resource/primefaces.js?ln=primefaces&v=4.0 HTTP/1.1" 304 -
179.33.116.32 - - [12/Jan/2024:07:25:04 -0500] "GET /sipse/faces/javax.faces.resource/layout/layout.js?ln=primefaces&v=4.0 HTTP/1.1" 304 -
179.33.116.32 - - [12/Jan/2024:07:25:04 -0500] "GET /sipse/css/imagen/logoSDG.png HTTP/1.1" 304 -
179.33.116.32 - - [12/Jan/2024:07:25:04 -0500] "GET /sipse/css/imagen/contrasena.png HTTP/1.1" 404 383
179.33.116.32 - - [12/Jan/2024:07:25:04 -0500] "GET /sipse/faces/javax.faces.resource/images/ui-icons_898989_256x240.png?ln=primefaces-aristo HTTP/1.1" 304 -
156.59.198.136 - - [12/Jan/2024:07:25:07 -0500] "GET /BLA/resoluciones/RESOLUCIONES%202018/3431.pdf HTTP/1.0" 200 242017
216.245.221.92 - - [12/Jan/2024:07:25:17 -0500] "HEAD / HTTP/1.1" 200 -
40.77.167.3 - - [12/Jan/2024:07:25:24 -0500] "GET /portaldeninos/humedal-el-tunjo/ HTTP/1.1" 200 87661
201.245.192.253 - - [12/Jan/2024:07:25:28 -0500] "POST /forms/lservlet;jsessionid=ac16012b30d6e9245d4a5ae64507bcdc86473ff87750.e3iSbxaKaheRe34Rb3eTbx8LaNb0n6jAmljGr5XDqQLvpAe HTTP/1.1" 200 2
179.33.116.32 - - [12/Jan/2024:07:25:30 -0500] "GET /sipse/faces/javax.faces.resource/images/ui-bg_flat_0_2d5972_40x100.png?ln=primefaces-aristo HTTP/1.1" 304 -
156.59.198.136 - - [12/Jan/2024:07:25:31 -0500] "GET /BLA/resoluciones/RESOLUCIONES%202018/2729.pdf HTTP/1.0" 200 357923
179.33.116.32 - - [12/Jan/2024:07:25:30 -0500] "POST /sipse/faces/presentacion/financiero/solicitudProceso/consultarSolicitudProceso.xhtml HTTP/1.1" 200 39220
179.33.116.32 - - [12/Jan/2024:07:25:32 -0500] "GET /sipse/faces/javax.faces.resource/jquery/jquery.js?ln=primefaces&v=4.0 HTTP/1.1" 304 -
179.33.116.32 - - [12/Jan/2024:07:25:32 -0500] "GET /sipse/faces/javax.faces.resource/jquery/jquery-plugins.js?ln=primefaces&v=4.0 HTTP/1.1" 304 -
179.33.116.32 - - [12/Jan/2024:07:25:32 -0500] "GET /sipse/faces/javax.faces.resource/primefaces.js?ln=primefaces&v=4.0 HTTP/1.1" 304 -
179.33.116.32 - - [12/Jan/2024:07:25:32 -0500] "GET /sipse/faces/javax.faces.resource/layout/layout.js?ln=primefaces&v=4.0 HTTP/1.1" 304 -
179.33.116.32 - - [12/Jan/2024:07:25:32 -0500] "GET /sipse/faces/javax.faces.resource/messages/messages.png?ln=primefaces&v=4.0 HTTP/1.1" 304 -
179.33.116.32 - - [12/Jan/2024:07:25:32 -0500] "POST /sipse/faces/presentacion/financiero/solicitudProceso/listarSolicitudProceso.xhtml HTTP/1.1" 200 1420
179.33.116.32 - - [12/Jan/2024:07:25:47 -0500] "POST /sipse/faces/presentacion/financiero/solicitudProceso/listarSolicitudProceso.xhtml HTTP/1.1" 200 107257
179.33.116.32 - - [12/Jan/2024:07:25:47 -0500] "GET /sipse/faces/javax.faces.resource/jquery/jquery.js?ln=primefaces&v=4.0 HTTP/1.1" 304 -
179.33.116.32 - - [12/Jan/2024:07:25:47 -0500] "GET /sipse/faces/javax.faces.resource/jquery/jquery-plugins.js?ln=primefaces&v=4.0 HTTP/1.1" 304 -
179.33.116.32 - - [12/Jan/2024:07:25:47 -0500] "GET /sipse/faces/javax.faces.resource/primefaces.js?ln=primefaces&v=4.0 HTTP/1.1" 304 -
179.33.116.32 - - [12/Jan/2024:07:25:47 -0500] "GET /sipse/faces/javax.faces.resource/layout/layout.js?ln=primefaces&v=4.0 HTTP/1.1" 304 -
201.245.192.253 - - [12/Jan/2024:07:25:54 -0500] "POST /forms/lservlet;jsessionid=ac16012b30d6daf3d1e69b9448f9b338854e2531f358.e3iSbxaKaheRe34Rb3eTbx8LaNb0n6jAmljGr5XDqQLvpAe HTTP/1.1" 200 2
156.59.198.136 - - [12/Jan/2024:07:25:55 -0500] "GET /BLA/resoluciones/RESOLUCIONES%202007/RES%202007%201%20AL%20100/RESOLUCION%200020%20DE%202007.pdf HTTP/1.0" 200 42281
201.245.192.253 - - [12/Jan/2024:07:26:18 -0500] "POST /kwsrmcab/Wsrmcab  HTTP/1.1" 200 39439
156.59.198.136 - - [12/Jan/2024:07:26:20 -0500] "GET /BLA/resoluciones/RESOLUCIONES%202018/3212.pdf HTTP/1.0" 200 274121
186.154.49.87 - - [12/Jan/2024:07:26:26 -0500] "POST /sipse/faces/presentacion/financiero/solicitudProceso/consultarSolicitudProceso.xhtml HTTP/1.1" 200 253022
156.59.198.135 - - [12/Jan/2024:07:26:45 -0500] "GET /BLA/resoluciones/RESOLUCIONES%202018/3681.pdf HTTP/1.0" 200 238921
186.80.54.56 - - [12/Jan/2024:07:26:53 -0500] "GET /appsia/controlador HTTP/1.1" 200 4799
186.80.54.56 - - [12/Jan/2024:07:26:53 -0500] "GET /appsia/css/estilos.css HTTP/1.1" 200 4804
186.80.54.56 - - [12/Jan/2024:07:26:53 -0500] "GET /appsia/scripts/validarIngreso.js HTTP/1.1" 200 851
186.80.54.56 - - [12/Jan/2024:07:26:53 -0500] "GET /appsia/images/cabezoteHojaVida.png HTTP/1.1" 200 32493
186.80.54.56 - - [12/Jan/2024:07:26:53 -0500] "GET /appsia/images/logo_bogota_p.png HTTP/1.1" 200 14951
186.80.54.56 - - [12/Jan/2024:07:26:53 -0500] "GET /favicon.ico HTTP/1.1" 200 7782
156.59.198.135 - - [12/Jan/2024:07:27:10 -0500] "GET /BLA/resoluciones/RESOLUCIONES%202018/0792.pdf HTTP/1.0" 200 1177177
186.84.90.74 - - [12/Jan/2024:07:27:11 -0500] "GET /kwssiamovil/sm/ldap/au?x=U2FsdGVkX18ofMjA96G5Sn3vMGU7BVDzNVbQBpcJHRzYit14Q3O1nTjjczHYGWxM&y=U2FsdGVkX18KfoMXF5zsNEoji+2C0jsbYoaXwo3YUI6LkguOfCIBJhIgJoIlFfY+ HTTP/1.1" 200 30
186.84.90.74 - - [12/Jan/2024:07:27:12 -0500] "GET /kwssiamovil/sm/acme/s?s=U2FsdGVkX18tje0RZz8y9wZPbbdIJa608CSePfGSefFYA5Y0ceiTMTdBTgdkiyqgkDWsuSZQZVvXiikWgbmtq3VSyt0qpiFEFX1+CCh0ThU=&u=U2FsdGVkX18PVC7R0VaW3vuQQiGpCutDQtB0hRKV9DQ=&y=U2FsdGVkX18KfoMXF5zsNEoji+2C0jsbYoaXwo3YUI6LkguOfCIBJhIgJoIlFfY+ HTTP/1.1" 200 97
186.84.90.74 - - [12/Jan/2024:07:27:12 -0500] "GET /kwssiamovil/sm/acme/s?s=U2FsdGVkX19URrHvH8QdaAsSVKkZP+4JUzJWDsdZaSXeWvZxPp0Edccc5n+SpsktnL1K98TFSAk+rJekWmfXgC1eTxCnMYD/SDJ3UUH+gqxU0iK5aIqKMWBCgh4VmWBVRzXxUB4iMCkcLHyPkgtC/tVlTzg2f3rbSeGS32DQzABLC7tEX/toDb3653IoP3G6CgW0cQfJIUdJpWwN2i38iY5xIxkJ2IrIW/d/+nHe2adyTjwQqj74Npisjpsf+vCo7p5cHn56VdbadqOegkz8Xdj/sbMiMCE5G0SIUo+hW+aGLgpoGZgqISojdC2aqt70elUR/deJxXJ1nHYpXlrTWkR/txOLDuP/Hq3MHPdrg3K8M9W2iHrw+qIh2JJTHvwKWI0BgjYnqSAjP8+QAMleMxYbWLClx7cobxodIyujmqa+myf5epwegjOjc2/bpJ6y7sGh6B6CmnPTGLvWnxUKzRC/wJpxC4T22mKnLeYLqt/XsciREM36UJWMs+/drY2GzRZDFOs2WvBfJgW7izdur5HFbwMG0hxdA6b50wtGDB1idZrY/8KR8mCFdmSpt/g42Qo703SDzGLh1vbMKg3YOjuFS/CAiqysHZA2m8cTJr/FGUi3YkoB0g7c+2iIsUTMXNjDLKcx6H2eyCw4R4Hz6NtSQ9pIRdrnjdgs9ES+3vmzciU07IE8Ol1HVWd5H2HIQbAIV5swZ9oC4eiX5QWz91NoeOIK5jdPpGuOOmWEmd1OPV6f/Abt2DOSJ5TE19PBLVqPmF8ZJoqpmJQnVUj1yeXxmfdzASK4d3eicmeYdLkFHc/ux2JdIgADnKPQvDGvqN7enmzPnt7XVLXa3yqQvrKLvfL4pQrB/ILcee5CkvSprOZJAkft0FqasnZgA6zJPs7izTRZSGk6wqhTM3Uz7iIvLL2MO+jCzsd0h34ANpFEE04e8qB+sJFw1rjNqo8ZitxzeFir/g1557o0PhgBY+s8a/hSB6x7DF3i4N2IU6kj5XrwSBbrdpUbyMBd1IJbQBCPMmiV6ksty0ZiAQ6c4ENU6IUVHWT4SixLFLZAlDlwz2h6RFO+hfNXibRZjoAD6NoQDH/haeLCJzv8gl29qu3nNiguzWMCQBVu6U+NmlrRg5/M5s+YZC1cHi/zRWg+qGfdUXE2FDzlQI9LJ5Kfdb29PCzUVHQzLD+jRN5hq3HBLPMp2a/6ZpbD0+mCYL1nnKBcxMw9evQ0tou3Y4aJeppGVtwLCB2KwajX8+3xRjp0GG96Od24rURWVHPjkkkvzYnuluBpfmiGXXDyJ7MXjPQeuSLgGGiAtBv9z3lgJVmmuU8h5WKAJGjbMAhpTzuB4XAJzkMNUvPxbjQxn6dSXUBQI+iePmsy8sRs4K/lamMOjn7dLoDcPdG4KEW9eoC9NIAXEYKUVDjCBO6d3It2M+LLfvwqf1dqd49fiRhMvJQ=&u=U2FsdGVkX18PVC7R0VaW3vuQQiGpCutDQtB0hRKV9DQ=&y=U2FsdGVkX18KfoMXF5zsNEoji+2C0jsbYoaXwo3YUI6LkguOfCIBJhIgJoIlFfY+ HTTP/1.1" 200 299
186.84.90.74 - - [12/Jan/2024:07:27:12 -0500] "GET /kwssiamovil/sm/acme/s?s=U2FsdGVkX1+JRvZwQzkdXPnG9wx8mavYB/lLAnK6xN0j3Q5IG8KcSR7/iJ8N7wYDJQVy7U7cfWM2SV6V/OIncVQJLHGdRRV4vKO0BuU7P6JaRaa3ewBBBUz0A23X8FLQps7F1zWlgB2iE+OWiv6MhyKv3jxkjCuSA4swgG5195YLVA58xTAovnkpYF8p2vFXfDsmd8MbwgsQK9LisCd8Ph/dzB/ZE10k32RhX9HlSqlcvm75esfmj/8ORTsrqlcOf7bkMDE1K+IK6y7PZ2Y/7u86fJOK5C5/+l18zGxDLVehMT82mRgtx24SOyrYeFW+wVCM6NmmF2QmoJCf6f3vD/8yZPEPO9bijxpJpg6YdEk=&u=U2FsdGVkX18PVC7R0VaW3vuQQiGpCutDQtB0hRKV9DQ=&y=U2FsdGVkX18KfoMXF5zsNEoji+2C0jsbYoaXwo3YUI6LkguOfCIBJhIgJoIlFfY+ HTTP/1.1" 200 196
186.154.49.87 - - [12/Jan/2024:07:27:12 -0500] "POST /sipse/faces/presentacion/financiero/solicitudProceso/consultarSolicitudProceso.xhtml HTTP/1.1" 200 5423
186.84.90.74 - - [12/Jan/2024:07:27:12 -0500] "GET /kwssiamovil/sm/cjson/pre?f=1&x=U2FsdGVkX18ofMjA96G5Sn3vMGU7BVDzNVbQBpcJHRzYit14Q3O1nTjjczHYGWxM HTTP/1.1" 200 31032
186.80.54.56 - - [12/Jan/2024:07:27:18 -0500] "POST /appsia/controlador HTTP/1.1" 200 4621
191.102.224.201 - - [12/Jan/2024:07:27:21 -0500] "GET /appsia/controlador HTTP/1.1" 200 4799
186.80.54.56 - - [12/Jan/2024:07:27:22 -0500] "POST /appsia/controlador HTTP/1.1" 200 7728
191.102.224.201 - - [12/Jan/2024:07:27:22 -0500] "GET /appsia/scripts/validarIngreso.js HTTP/1.1" 200 851
191.102.224.201 - - [12/Jan/2024:07:27:22 -0500] "GET /appsia/css/estilos.css HTTP/1.1" 200 4804
186.80.54.56 - - [12/Jan/2024:07:27:22 -0500] "GET /appsia/images/logo_escudo.png HTTP/1.1" 200 36965
191.102.224.201 - - [12/Jan/2024:07:27:22 -0500] "GET /appsia/images/cabezoteHojaVida.png HTTP/1.1" 200 32493
191.102.224.201 - - [12/Jan/2024:07:27:22 -0500] "GET /appsia/images/logo_bogota_p.png HTTP/1.1" 200 14951
201.245.192.253 - - [12/Jan/2024:07:27:28 -0500] "POST /forms/lservlet;jsessionid=ac16012b30d6e9245d4a5ae64507bcdc86473ff87750.e3iSbxaKaheRe34Rb3eTbx8LaNb0n6jAmljGr5XDqQLvpAe HTTP/1.1" 200 2
156.59.198.136 - - [12/Jan/2024:07:27:34 -0500] "GET /BLA/resoluciones/RESOLUCIONES%202018/0725.pdf HTTP/1.0" 200 253123
179.33.116.32 - - [12/Jan/2024:07:27:36 -0500] "POST /sipse/faces/presentacion/financiero/solicitudProceso/consultarSolicitudProceso.xhtml HTTP/1.1" 200 5431
191.156.148.51 - - [12/Jan/2024:07:27:36 -0500] "GET /sipse/faces/faces/ HTTP/1.1" 302 -
191.156.148.51 - - [12/Jan/2024:07:27:36 -0500] "GET /sipse/faces/autenticacion.xhtml HTTP/1.1" 200 12403
191.156.148.51 - - [12/Jan/2024:07:27:36 -0500] "GET /sipse/css/custom_css_sg.css HTTP/1.1" 304 -
191.156.148.179 - - [12/Jan/2024:07:27:36 -0500] "GET /sipse/css/custom_css_sg_prime_login.css HTTP/1.1" 304 -
191.156.144.14 - - [12/Jan/2024:07:27:36 -0500] "GET /sipse/faces/javax.faces.resource/theme.css?ln=primefaces-sipse HTTP/1.1" 304 -
191.156.144.14 - - [12/Jan/2024:07:27:36 -0500] "GET /sipse/faces/javax.faces.resource/primefaces.css?ln=primefaces&v=4.0 HTTP/1.1" 304 -
191.156.145.22 - - [12/Jan/2024:07:27:36 -0500] "GET /sipse/js/disable_browser_buttons.js HTTP/1.1" 304 -
191.156.148.51 - - [12/Jan/2024:07:27:36 -0500] "GET /sipse/js/funciones.js HTTP/1.1" 304 -
191.156.158.207 - - [12/Jan/2024:07:27:36 -0500] "GET /sipse/faces/javax.faces.resource/layout/layout.css?ln=primefaces&v=4.0 HTTP/1.1" 304 -
191.156.148.179 - - [12/Jan/2024:07:27:36 -0500] "GET /sipse/faces/javax.faces.resource/jquery/jquery.js?ln=primefaces&v=4.0 HTTP/1.1" 304 -
191.156.144.14 - - [12/Jan/2024:07:27:36 -0500] "GET /sipse/faces/javax.faces.resource/jquery/jquery-plugins.js?ln=primefaces&v=4.0 HTTP/1.1" 304 -
191.156.144.14 - - [12/Jan/2024:07:27:36 -0500] "GET /sipse/faces/javax.faces.resource/layout/layout.js?ln=primefaces&v=4.0 HTTP/1.1" 304 -
191.156.145.22 - - [12/Jan/2024:07:27:36 -0500] "GET /sipse/faces/javax.faces.resource/primefaces.js?ln=primefaces&v=4.0 HTTP/1.1" 304 -
191.156.145.22 - - [12/Jan/2024:07:27:37 -0500] "GET /sipse/css/imagen/loginimg.png HTTP/1.1" 304 -
191.156.144.14 - - [12/Jan/2024:07:27:37 -0500] "GET /sipse/css/imagen/logoSDG.png HTTP/1.1" 304 -
191.156.144.14 - - [12/Jan/2024:07:27:37 -0500] "GET /sipse/faces/javax.faces.resource/images/ui-icons_898989_256x240.png?ln=primefaces-aristo HTTP/1.1" 304 -
191.156.144.14 - - [12/Jan/2024:07:27:37 -0500] "GET /sipse/faces/index.xhtml HTTP/1.1" 200 677
191.156.144.14 - - [12/Jan/2024:07:27:37 -0500] "GET /sipse/faces/javax.faces.resource/theme.css?ln=primefaces-sipse HTTP/1.1" 304 -
191.156.144.14 - - [12/Jan/2024:07:27:37 -0500] "GET /sipse/faces/faces/autenticacion.xhtml HTTP/1.1" 200 12403
191.156.144.14 - - [12/Jan/2024:07:27:37 -0500] "GET /sipse/faces/javax.faces.resource/theme.css?ln=primefaces-sipse HTTP/1.1" 304 -
191.156.145.22 - - [12/Jan/2024:07:27:37 -0500] "GET /sipse/faces/javax.faces.resource/layout/layout.css?ln=primefaces&v=4.0 HTTP/1.1" 304 -
191.156.144.14 - - [12/Jan/2024:07:27:37 -0500] "GET /sipse/faces/javax.faces.resource/primefaces.css?ln=primefaces&v=4.0 HTTP/1.1" 304 -
191.156.148.179 - - [12/Jan/2024:07:27:37 -0500] "GET /sipse/faces/javax.faces.resource/jquery/jquery.js?ln=primefaces&v=4.0 HTTP/1.1" 304 -
191.156.158.207 - - [12/Jan/2024:07:27:37 -0500] "GET /sipse/faces/javax.faces.resource/jquery/jquery-plugins.js?ln=primefaces&v=4.0 HTTP/1.1" 304 -
191.156.148.51 - - [12/Jan/2024:07:27:37 -0500] "GET /sipse/faces/javax.faces.resource/primefaces.js?ln=primefaces&v=4.0 HTTP/1.1" 304 -
191.156.144.14 - - [12/Jan/2024:07:27:37 -0500] "GET /sipse/faces/javax.faces.resource/layout/layout.js?ln=primefaces&v=4.0 HTTP/1.1" 304 -
191.156.144.14 - - [12/Jan/2024:07:27:40 -0500] "POST /sipse/faces/autenticacion.xhtml HTTP/1.1" 200 2225
191.156.144.14 - - [12/Jan/2024:07:27:40 -0500] "GET /sipse/faces/javax.faces.resource/messages/messages.png?ln=primefaces&v=4.0 HTTP/1.1" 304 -
191.156.144.14 - - [12/Jan/2024:07:27:50 -0500] "GET /sipse/faces/javax.faces.resource/images/ui-icons_898989_256x240.png?ln=primefaces-aristo HTTP/1.1" 304 -
191.156.148.51 - - [12/Jan/2024:07:27:50 -0500] "POST /sipse/faces/autenticacion.xhtml HTTP/1.1" 200 16391
191.156.144.14 - - [12/Jan/2024:07:27:51 -0500] "GET /sipse/css/custom_css_sg_prime.css HTTP/1.1" 304 -
191.156.144.14 - - [12/Jan/2024:07:27:51 -0500] "GET /sipse/js/jquery.min.js HTTP/1.1" 304 -
191.156.148.179 - - [12/Jan/2024:07:27:51 -0500] "GET /sipse/faces/javax.faces.resource/layout/layout.css?ln=primefaces&v=4.0 HTTP/1.1" 304 -
191.156.148.51 - - [12/Jan/2024:07:27:51 -0500] "GET /sipse/faces/javax.faces.resource/theme.css?ln=primefaces-sipse HTTP/1.1" 304 -
