93.51.210.146 - - [12/Jan/2024:05:28:41 -0500] "HEAD /robots.txt HTTP/1.0" 404 -
201.245.192.253 - - [12/Jan/2024:05:29:02 -0500] "POST /kwsrmcab/Wsrmcab HTTP/1.1" 200 39268
201.245.192.253 - - [12/Jan/2024:05:29:27 -0500] "POST /forms/lservlet;jsessionid=ac16012b30d6e9245d4a5ae64507bcdc86473ff87750.e3iSbxaKaheRe34Rb3eTbx8LaNb0n6jAmljGr5XDqQLvpAe HTTP/1.1" 200 2
201.245.192.253 - - [12/Jan/2024:05:29:44 -0500] "POST /kwsrmcab/Wsrmcab HTTP/1.1" 200 39135
201.245.192.253 - - [12/Jan/2024:05:29:54 -0500] "POST /forms/lservlet;jsessionid=ac16012b30d6daf3d1e69b9448f9b338854e2531f358.e3iSbxaKaheRe34Rb3eTbx8LaNb0n6jAmljGr5XDqQLvpAe HTTP/1.1" 200 2
216.245.221.92 - - [12/Jan/2024:05:30:17 -0500] "HEAD / HTTP/1.1" 200 -
201.245.192.253 - - [12/Jan/2024:05:31:27 -0500] "POST /forms/lservlet;jsessionid=ac16012b30d6e9245d4a5ae64507bcdc86473ff87750.e3iSbxaKaheRe34Rb3eTbx8LaNb0n6jAmljGr5XDqQLvpAe HTTP/1.1" 200 2
201.245.192.253 - - [12/Jan/2024:05:31:50 -0500] "POST /kwsrmcab/Wsrmcab  HTTP/1.1" 200 39439
201.245.192.253 - - [12/Jan/2024:05:31:54 -0500] "POST /forms/lservlet;jsessionid=ac16012b30d6daf3d1e69b9448f9b338854e2531f358.e3iSbxaKaheRe34Rb3eTbx8LaNb0n6jAmljGr5XDqQLvpAe HTTP/1.1" 200 2
172.22.2.4 - - [12/Jan/2024:05:30:45 -0500] "HEAD /BLA/boletinlegal/ HTTP/1.1" 200 -
52.167.144.235 - - [12/Jan/2024:05:32:32 -0500] "GET /BLA/resoluciones/RESOLUCIONES%202023/02528.pdf HTTP/1.1" 200 483540
172.22.2.4 - - [12/Jan/2024:05:31:36 -0500] "GET /BLA/boletinlegal/ HTTP/1.1" 200 60996
201.245.192.253 - - [12/Jan/2024:05:33:27 -0500] "POST /forms/lservlet;jsessionid=ac16012b30d6e9245d4a5ae64507bcdc86473ff87750.e3iSbxaKaheRe34Rb3eTbx8LaNb0n6jAmljGr5XDqQLvpAe HTTP/1.1" 200 2
201.245.192.253 - - [12/Jan/2024:05:33:54 -0500] "POST /forms/lservlet;jsessionid=ac16012b30d6daf3d1e69b9448f9b338854e2531f358.e3iSbxaKaheRe34Rb3eTbx8LaNb0n6jAmljGr5XDqQLvpAe HTTP/1.1" 200 2
201.245.192.253 - - [12/Jan/2024:05:34:46 -0500] "POST /kwsrmcab/Wsrmcab HTTP/1.1" 200 39268
201.245.192.253 - - [12/Jan/2024:05:34:49 -0500] "POST /kwsrmcab/Wsrmcab HTTP/1.1" 200 39135
216.245.221.92 - - [12/Jan/2024:05:35:17 -0500] "HEAD / HTTP/1.1" 200 -
201.245.192.253 - - [12/Jan/2024:05:35:27 -0500] "POST /forms/lservlet;jsessionid=ac16012b30d6e9245d4a5ae64507bcdc86473ff87750.e3iSbxaKaheRe34Rb3eTbx8LaNb0n6jAmljGr5XDqQLvpAe HTTP/1.1" 200 2
201.245.192.253 - - [12/Jan/2024:05:35:54 -0500] "POST /forms/lservlet;jsessionid=ac16012b30d6daf3d1e69b9448f9b338854e2531f358.e3iSbxaKaheRe34Rb3eTbx8LaNb0n6jAmljGr5XDqQLvpAe HTTP/1.1" 200 2
201.245.192.253 - - [12/Jan/2024:05:36:48 -0500] "POST /kwsrmcab/Wsrmcab  HTTP/1.1" 200 39439
201.245.192.253 - - [12/Jan/2024:05:37:27 -0500] "POST /forms/lservlet;jsessionid=ac16012b30d6e9245d4a5ae64507bcdc86473ff87750.e3iSbxaKaheRe34Rb3eTbx8LaNb0n6jAmljGr5XDqQLvpAe HTTP/1.1" 200 2
201.245.192.253 - - [12/Jan/2024:05:37:54 -0500] "POST /forms/lservlet;jsessionid=ac16012b30d6daf3d1e69b9448f9b338854e2531f358.e3iSbxaKaheRe34Rb3eTbx8LaNb0n6jAmljGr5XDqQLvpAe HTTP/1.1" 200 2
172.22.2.4 - - [12/Jan/2024:05:36:36 -0500] "HEAD /BLA/boletinlegal/ HTTP/1.1" 200 -
201.245.192.253 - - [12/Jan/2024:05:39:02 -0500] "POST /kwsrmcab/Wsrmcab HTTP/1.1" 200 39268
172.22.2.4 - - [12/Jan/2024:05:37:26 -0500] "GET /BLA/boletinlegal/ HTTP/1.1" 200 59050
52.167.144.226 - - [12/Jan/2024:05:39:19 -0500] "GET /Publicaciones/2023EE224011.pdf HTTP/1.1" 404 228
201.245.192.253 - - [12/Jan/2024:05:39:27 -0500] "POST /forms/lservlet;jsessionid=ac16012b30d6e9245d4a5ae64507bcdc86473ff87750.e3iSbxaKaheRe34Rb3eTbx8LaNb0n6jAmljGr5XDqQLvpAe HTTP/1.1" 200 2
201.245.192.253 - - [12/Jan/2024:05:39:42 -0500] "POST /kwsrmcab/Wsrmcab HTTP/1.1" 200 39135
201.245.192.253 - - [12/Jan/2024:05:39:54 -0500] "POST /forms/lservlet;jsessionid=ac16012b30d6daf3d1e69b9448f9b338854e2531f358.e3iSbxaKaheRe34Rb3eTbx8LaNb0n6jAmljGr5XDqQLvpAe HTTP/1.1" 200 2
216.245.221.92 - - [12/Jan/2024:05:40:17 -0500] "HEAD / HTTP/1.1" 200 -
201.245.192.253 - - [12/Jan/2024:05:41:27 -0500] "POST /forms/lservlet;jsessionid=ac16012b30d6e9245d4a5ae64507bcdc86473ff87750.e3iSbxaKaheRe34Rb3eTbx8LaNb0n6jAmljGr5XDqQLvpAe HTTP/1.1" 200 2
201.245.192.253 - - [12/Jan/2024:05:41:46 -0500] "POST /kwsrmcab/Wsrmcab  HTTP/1.1" 200 39439
201.245.192.253 - - [12/Jan/2024:05:41:54 -0500] "POST /forms/lservlet;jsessionid=ac16012b30d6daf3d1e69b9448f9b338854e2531f358.e3iSbxaKaheRe34Rb3eTbx8LaNb0n6jAmljGr5XDqQLvpAe HTTP/1.1" 200 2
201.245.192.253 - - [12/Jan/2024:05:43:27 -0500] "POST /forms/lservlet;jsessionid=ac16012b30d6e9245d4a5ae64507bcdc86473ff87750.e3iSbxaKaheRe34Rb3eTbx8LaNb0n6jAmljGr5XDqQLvpAe HTTP/1.1" 200 2
201.245.192.253 - - [12/Jan/2024:05:43:54 -0500] "POST /forms/lservlet;jsessionid=ac16012b30d6daf3d1e69b9448f9b338854e2531f358.e3iSbxaKaheRe34Rb3eTbx8LaNb0n6jAmljGr5XDqQLvpAe HTTP/1.1" 200 2
172.22.2.4 - - [12/Jan/2024:05:42:25 -0500] "HEAD /BLA/boletinlegal/ HTTP/1.1" 200 -
172.22.2.4 - - [12/Jan/2024:05:43:16 -0500] "GET /BLA/boletinlegal/ HTTP/1.1" 200 58666
216.245.221.92 - - [12/Jan/2024:05:45:17 -0500] "HEAD / HTTP/1.1" 200 -
201.245.192.253 - - [12/Jan/2024:05:45:27 -0500] "POST /forms/lservlet;jsessionid=ac16012b30d6e9245d4a5ae64507bcdc86473ff87750.e3iSbxaKaheRe34Rb3eTbx8LaNb0n6jAmljGr5XDqQLvpAe HTTP/1.1" 200 2
201.245.192.253 - - [12/Jan/2024:05:45:54 -0500] "POST /forms/lservlet;jsessionid=ac16012b30d6daf3d1e69b9448f9b338854e2531f358.e3iSbxaKaheRe34Rb3eTbx8LaNb0n6jAmljGr5XDqQLvpAe HTTP/1.1" 200 2
201.245.192.253 - - [12/Jan/2024:05:46:45 -0500] "POST /kwsrmcab/Wsrmcab  HTTP/1.1" 200 39439
201.245.192.253 - - [12/Jan/2024:05:47:27 -0500] "POST /forms/lservlet;jsessionid=ac16012b30d6e9245d4a5ae64507bcdc86473ff87750.e3iSbxaKaheRe34Rb3eTbx8LaNb0n6jAmljGr5XDqQLvpAe HTTP/1.1" 200 2
66.249.66.75 - - [12/Jan/2024:05:47:34 -0500] "GET /portaldeninos/2021/04/16/secretaria-de-ambiente-apoya-el-reto-planeta-2021-e-invita-a-instituciones-educativas-a-unirse/ HTTP/1.1" 200 104577
201.245.192.253 - - [12/Jan/2024:05:47:54 -0500] "POST /forms/lservlet;jsessionid=ac16012b30d6daf3d1e69b9448f9b338854e2531f358.e3iSbxaKaheRe34Rb3eTbx8LaNb0n6jAmljGr5XDqQLvpAe HTTP/1.1" 200 2
201.245.192.253 - - [12/Jan/2024:05:49:27 -0500] "POST /forms/lservlet;jsessionid=ac16012b30d6e9245d4a5ae64507bcdc86473ff87750.e3iSbxaKaheRe34Rb3eTbx8LaNb0n6jAmljGr5XDqQLvpAe HTTP/1.1" 200 2
201.245.192.253 - - [12/Jan/2024:05:49:54 -0500] "POST /forms/lservlet;jsessionid=ac16012b30d6daf3d1e69b9448f9b338854e2531f358.e3iSbxaKaheRe34Rb3eTbx8LaNb0n6jAmljGr5XDqQLvpAe HTTP/1.1" 200 2
172.22.2.4 - - [12/Jan/2024:05:48:16 -0500] "HEAD /BLA/boletinlegal/ HTTP/1.1" 200 -
216.245.221.92 - - [12/Jan/2024:05:50:17 -0500] "HEAD / HTTP/1.1" 200 -
172.22.2.4 - - [12/Jan/2024:05:49:06 -0500] "GET /BLA/boletinlegal/ HTTP/1.1" 200 57803
201.245.192.253 - - [12/Jan/2024:05:51:27 -0500] "POST /forms/lservlet;jsessionid=ac16012b30d6e9245d4a5ae64507bcdc86473ff87750.e3iSbxaKaheRe34Rb3eTbx8LaNb0n6jAmljGr5XDqQLvpAe HTTP/1.1" 200 2
201.245.192.253 - - [12/Jan/2024:05:51:43 -0500] "POST /kwsrmcab/Wsrmcab  HTTP/1.1" 200 39439
201.245.192.253 - - [12/Jan/2024:05:51:54 -0500] "POST /forms/lservlet;jsessionid=ac16012b30d6daf3d1e69b9448f9b338854e2531f358.e3iSbxaKaheRe34Rb3eTbx8LaNb0n6jAmljGr5XDqQLvpAe HTTP/1.1" 200 2
201.245.192.253 - - [12/Jan/2024:05:53:27 -0500] "POST /forms/lservlet;jsessionid=ac16012b30d6e9245d4a5ae64507bcdc86473ff87750.e3iSbxaKaheRe34Rb3eTbx8LaNb0n6jAmljGr5XDqQLvpAe HTTP/1.1" 200 2
201.245.192.253 - - [12/Jan/2024:05:53:54 -0500] "POST /forms/lservlet;jsessionid=ac16012b30d6daf3d1e69b9448f9b338854e2531f358.e3iSbxaKaheRe34Rb3eTbx8LaNb0n6jAmljGr5XDqQLvpAe HTTP/1.1" 200 2
216.245.221.92 - - [12/Jan/2024:05:55:17 -0500] "HEAD / HTTP/1.1" 200 -
201.245.192.253 - - [12/Jan/2024:05:55:27 -0500] "POST /forms/lservlet;jsessionid=ac16012b30d6e9245d4a5ae64507bcdc86473ff87750.e3iSbxaKaheRe34Rb3eTbx8LaNb0n6jAmljGr5XDqQLvpAe HTTP/1.1" 200 2
172.22.2.4 - - [12/Jan/2024:05:54:05 -0500] "HEAD /BLA/boletinlegal/ HTTP/1.1" 200 -
201.245.192.253 - - [12/Jan/2024:05:55:54 -0500] "POST /forms/lservlet;jsessionid=ac16012b30d6daf3d1e69b9448f9b338854e2531f358.e3iSbxaKaheRe34Rb3eTbx8LaNb0n6jAmljGr5XDqQLvpAe HTTP/1.1" 200 2
172.22.2.4 - - [12/Jan/2024:05:54:56 -0500] "GET /BLA/boletinlegal/ HTTP/1.1" 200 58666
40.77.167.18 - - [12/Jan/2024:05:56:37 -0500] "GET /BLA/resoluciones/Notificaciones/REGISTROS%202021/0872.pdf HTTP/1.1" 200 374316
40.77.167.18 - - [12/Jan/2024:05:56:38 -0500] "GET /BLA/resoluciones/AUTOS%202020/4536.pdf HTTP/1.1" 200 367867
201.245.192.253 - - [12/Jan/2024:05:56:43 -0500] "POST /kwsrmcab/Wsrmcab  HTTP/1.1" 200 39439
201.245.192.253 - - [12/Jan/2024:05:57:27 -0500] "POST /forms/lservlet;jsessionid=ac16012b30d6e9245d4a5ae64507bcdc86473ff87750.e3iSbxaKaheRe34Rb3eTbx8LaNb0n6jAmljGr5XDqQLvpAe HTTP/1.1" 200 2
201.245.192.253 - - [12/Jan/2024:05:57:54 -0500] "POST /forms/lservlet;jsessionid=ac16012b30d6daf3d1e69b9448f9b338854e2531f358.e3iSbxaKaheRe34Rb3eTbx8LaNb0n6jAmljGr5XDqQLvpAe HTTP/1.1" 200 2
66.249.66.20 - - [12/Jan/2024:05:58:56 -0500] "GET /BLA/resoluciones/RESOLUCIONES%202009/5805.pdf HTTP/1.1" 200 171107
201.245.192.253 - - [12/Jan/2024:05:59:27 -0500] "POST /forms/lservlet;jsessionid=ac16012b30d6e9245d4a5ae64507bcdc86473ff87750.e3iSbxaKaheRe34Rb3eTbx8LaNb0n6jAmljGr5XDqQLvpAe HTTP/1.1" 200 2
201.245.192.253 - - [12/Jan/2024:05:59:54 -0500] "POST /forms/lservlet;jsessionid=ac16012b30d6daf3d1e69b9448f9b338854e2531f358.e3iSbxaKaheRe34Rb3eTbx8LaNb0n6jAmljGr5XDqQLvpAe HTTP/1.1" 200 2
216.245.221.92 - - [12/Jan/2024:06:00:17 -0500] "HEAD / HTTP/1.1" 200 -
201.245.192.253 - - [12/Jan/2024:06:01:28 -0500] "POST /forms/lservlet;jsessionid=ac16012b30d6e9245d4a5ae64507bcdc86473ff87750.e3iSbxaKaheRe34Rb3eTbx8LaNb0n6jAmljGr5XDqQLvpAe HTTP/1.1" 200 2
172.22.2.4 - - [12/Jan/2024:05:59:55 -0500] "HEAD /BLA/boletinlegal/ HTTP/1.1" 200 -
201.245.192.253 - - [12/Jan/2024:06:01:43 -0500] "POST /kwsrmcab/Wsrmcab  HTTP/1.1" 200 39439
201.245.192.253 - - [12/Jan/2024:06:01:54 -0500] "POST /forms/lservlet;jsessionid=ac16012b30d6daf3d1e69b9448f9b338854e2531f358.e3iSbxaKaheRe34Rb3eTbx8LaNb0n6jAmljGr5XDqQLvpAe HTTP/1.1" 200 2
172.22.2.4 - - [12/Jan/2024:06:00:46 -0500] "GET /BLA/boletinlegal/ HTTP/1.1" 200 60996
201.245.192.253 - - [12/Jan/2024:06:03:28 -0500] "POST /forms/lservlet;jsessionid=ac16012b30d6e9245d4a5ae64507bcdc86473ff87750.e3iSbxaKaheRe34Rb3eTbx8LaNb0n6jAmljGr5XDqQLvpAe HTTP/1.1" 200 2
201.245.192.253 - - [12/Jan/2024:06:03:54 -0500] "POST /forms/lservlet;jsessionid=ac16012b30d6daf3d1e69b9448f9b338854e2531f358.e3iSbxaKaheRe34Rb3eTbx8LaNb0n6jAmljGr5XDqQLvpAe HTTP/1.1" 200 2
216.245.221.92 - - [12/Jan/2024:06:05:17 -0500] "HEAD / HTTP/1.1" 200 -
201.245.192.253 - - [12/Jan/2024:06:05:28 -0500] "POST /forms/lservlet;jsessionid=ac16012b30d6e9245d4a5ae64507bcdc86473ff87750.e3iSbxaKaheRe34Rb3eTbx8LaNb0n6jAmljGr5XDqQLvpAe HTTP/1.1" 200 2
201.245.192.253 - - [12/Jan/2024:06:05:54 -0500] "POST /forms/lservlet;jsessionid=ac16012b30d6daf3d1e69b9448f9b338854e2531f358.e3iSbxaKaheRe34Rb3eTbx8LaNb0n6jAmljGr5XDqQLvpAe HTTP/1.1" 200 2
201.245.192.253 - - [12/Jan/2024:06:06:41 -0500] "POST /kwsrmcab/Wsrmcab  HTTP/1.1" 200 39439
172.22.2.4 - - [12/Jan/2024:06:05:45 -0500] "HEAD /BLA/boletinlegal/ HTTP/1.1" 200 -
201.245.192.253 - - [12/Jan/2024:06:07:28 -0500] "POST /forms/lservlet;jsessionid=ac16012b30d6e9245d4a5ae64507bcdc86473ff87750.e3iSbxaKaheRe34Rb3eTbx8LaNb0n6jAmljGr5XDqQLvpAe HTTP/1.1" 200 2
201.245.192.253 - - [12/Jan/2024:06:07:54 -0500] "POST /forms/lservlet;jsessionid=ac16012b30d6daf3d1e69b9448f9b338854e2531f358.e3iSbxaKaheRe34Rb3eTbx8LaNb0n6jAmljGr5XDqQLvpAe HTTP/1.1" 200 2
172.22.2.4 - - [12/Jan/2024:06:06:36 -0500] "GET /BLA/boletinlegal/ HTTP/1.1" 200 60529
201.245.192.253 - - [12/Jan/2024:06:09:28 -0500] "POST /forms/lservlet;jsessionid=ac16012b30d6e9245d4a5ae64507bcdc86473ff87750.e3iSbxaKaheRe34Rb3eTbx8LaNb0n6jAmljGr5XDqQLvpAe HTTP/1.1" 200 2
201.245.192.253 - - [12/Jan/2024:06:09:54 -0500] "POST /forms/lservlet;jsessionid=ac16012b30d6daf3d1e69b9448f9b338854e2531f358.e3iSbxaKaheRe34Rb3eTbx8LaNb0n6jAmljGr5XDqQLvpAe HTTP/1.1" 200 2
216.245.221.92 - - [12/Jan/2024:06:10:17 -0500] "HEAD / HTTP/1.1" 200 -
201.245.192.253 - - [12/Jan/2024:06:11:28 -0500] "POST /forms/lservlet;jsessionid=ac16012b30d6e9245d4a5ae64507bcdc86473ff87750.e3iSbxaKaheRe34Rb3eTbx8LaNb0n6jAmljGr5XDqQLvpAe HTTP/1.1" 200 2
168.119.253.6 - - [12/Jan/2024:06:11:30 -0500] "GET / HTTP/1.1" 200 4720
168.119.253.6 - - [12/Jan/2024:06:11:30 -0500] "GET / HTTP/1.1" 200 319
201.245.192.253 - - [12/Jan/2024:06:11:39 -0500] "POST /kwsrmcab/Wsrmcab  HTTP/1.1" 200 39439
201.245.192.253 - - [12/Jan/2024:06:11:54 -0500] "POST /forms/lservlet;jsessionid=ac16012b30d6daf3d1e69b9448f9b338854e2531f358.e3iSbxaKaheRe34Rb3eTbx8LaNb0n6jAmljGr5XDqQLvpAe HTTP/1.1" 200 2
172.22.2.4 - - [12/Jan/2024:06:12:15 -0500] "GET /BLA/boletinlegal/robots.txt HTTP/1.1" 404 1038
172.22.2.4 - - [12/Jan/2024:06:12:15 -0500] "GET /BLA/boletinlegal/Directivas/2022/DIRECTIVA%20No.%2000002%20DEL%2022%20DE%20JUNIO%20DEL%202022.pdf HTTP/1.1" 304 -
172.22.2.4 - - [12/Jan/2024:06:11:35 -0500] "HEAD /BLA/boletinlegal/ HTTP/1.1" 200 -
201.245.192.253 - - [12/Jan/2024:06:13:28 -0500] "POST /forms/lservlet;jsessionid=ac16012b30d6e9245d4a5ae64507bcdc86473ff87750.e3iSbxaKaheRe34Rb3eTbx8LaNb0n6jAmljGr5XDqQLvpAe HTTP/1.1" 200 2
201.245.192.253 - - [12/Jan/2024:06:13:54 -0500] "POST /forms/lservlet;jsessionid=ac16012b30d6daf3d1e69b9448f9b338854e2531f358.e3iSbxaKaheRe34Rb3eTbx8LaNb0n6jAmljGr5XDqQLvpAe HTTP/1.1" 200 2
172.22.2.4 - - [12/Jan/2024:06:12:26 -0500] "GET /BLA/boletinlegal/ HTTP/1.1" 200 58666
201.245.192.253 - - [12/Jan/2024:06:14:45 -0500] "POST /kwsrmcab/Wsrmcab HTTP/1.1" 200 39126
201.245.192.253 - - [12/Jan/2024:06:14:49 -0500] "POST /kwsrmcab/Wsrmcab HTTP/1.1" 200 39134
216.245.221.92 - - [12/Jan/2024:06:15:17 -0500] "HEAD / HTTP/1.1" 200 -
201.245.192.253 - - [12/Jan/2024:06:15:28 -0500] "POST /forms/lservlet;jsessionid=ac16012b30d6e9245d4a5ae64507bcdc86473ff87750.e3iSbxaKaheRe34Rb3eTbx8LaNb0n6jAmljGr5XDqQLvpAe HTTP/1.1" 200 2
201.245.192.253 - - [12/Jan/2024:06:15:54 -0500] "POST /forms/lservlet;jsessionid=ac16012b30d6daf3d1e69b9448f9b338854e2531f358.e3iSbxaKaheRe34Rb3eTbx8LaNb0n6jAmljGr5XDqQLvpAe HTTP/1.1" 200 2
201.245.192.253 - - [12/Jan/2024:06:16:39 -0500] "POST /kwsrmcab/Wsrmcab  HTTP/1.1" 200 39439
91.92.250.119 - - [12/Jan/2024:06:17:06 -0500] "POST /login HTTP/1.1" 404 1018
201.245.192.253 - - [12/Jan/2024:06:17:28 -0500] "POST /forms/lservlet;jsessionid=ac16012b30d6e9245d4a5ae64507bcdc86473ff87750.e3iSbxaKaheRe34Rb3eTbx8LaNb0n6jAmljGr5XDqQLvpAe HTTP/1.1" 200 2
201.245.192.253 - - [12/Jan/2024:06:17:54 -0500] "POST /forms/lservlet;jsessionid=ac16012b30d6daf3d1e69b9448f9b338854e2531f358.e3iSbxaKaheRe34Rb3eTbx8LaNb0n6jAmljGr5XDqQLvpAe HTTP/1.1" 200 2
201.245.192.253 - - [12/Jan/2024:06:19:03 -0500] "POST /kwsrmcab/Wsrmcab HTTP/1.1" 200 39126
172.22.2.4 - - [12/Jan/2024:06:17:25 -0500] "HEAD /BLA/boletinlegal/ HTTP/1.1" 200 -
201.245.192.253 - - [12/Jan/2024:06:19:28 -0500] "POST /forms/lservlet;jsessionid=ac16012b30d6e9245d4a5ae64507bcdc86473ff87750.e3iSbxaKaheRe34Rb3eTbx8LaNb0n6jAmljGr5XDqQLvpAe HTTP/1.1" 200 2
201.245.192.253 - - [12/Jan/2024:06:19:45 -0500] "POST /kwsrmcab/Wsrmcab HTTP/1.1" 200 39134
201.245.192.253 - - [12/Jan/2024:06:19:54 -0500] "POST /forms/lservlet;jsessionid=ac16012b30d6daf3d1e69b9448f9b338854e2531f358.e3iSbxaKaheRe34Rb3eTbx8LaNb0n6jAmljGr5XDqQLvpAe HTTP/1.1" 200 2
172.22.2.4 - - [12/Jan/2024:06:18:16 -0500] "GET /BLA/boletinlegal/ HTTP/1.1" 200 58666
216.245.221.92 - - [12/Jan/2024:06:20:17 -0500] "HEAD / HTTP/1.1" 200 -
66.249.66.76 - - [12/Jan/2024:06:20:48 -0500] "GET /portaldeninos/2021/04/24/identifica-la-ubicacion-de-las-aulas-ambientales-en-el-visor-geografico-de-la-secretaria-de-ambiente/feed/ HTTP/1.1" 200 1260
201.245.192.253 - - [12/Jan/2024:06:21:28 -0500] "POST /forms/lservlet;jsessionid=ac16012b30d6e9245d4a5ae64507bcdc86473ff87750.e3iSbxaKaheRe34Rb3eTbx8LaNb0n6jAmljGr5XDqQLvpAe HTTP/1.1" 200 2
201.245.192.253 - - [12/Jan/2024:06:21:37 -0500] "POST /kwsrmcab/Wsrmcab  HTTP/1.1" 200 39439
201.245.192.253 - - [12/Jan/2024:06:21:54 -0500] "POST /forms/lservlet;jsessionid=ac16012b30d6daf3d1e69b9448f9b338854e2531f358.e3iSbxaKaheRe34Rb3eTbx8LaNb0n6jAmljGr5XDqQLvpAe HTTP/1.1" 200 2
173.252.127.9 - - [12/Jan/2024:06:22:06 -0500] "GET /distrito-declara-alerta-preventiva-en-el-suroccidente-de-la-ciudad-por-mala-calidad-del-aire.html HTTP/1.1" 200 1065
201.245.192.253 - - [12/Jan/2024:06:23:28 -0500] "POST /forms/lservlet;jsessionid=ac16012b30d6e9245d4a5ae64507bcdc86473ff87750.e3iSbxaKaheRe34Rb3eTbx8LaNb0n6jAmljGr5XDqQLvpAe HTTP/1.1" 200 2
201.245.192.253 - - [12/Jan/2024:06:23:54 -0500] "POST /forms/lservlet;jsessionid=ac16012b30d6daf3d1e69b9448f9b338854e2531f358.e3iSbxaKaheRe34Rb3eTbx8LaNb0n6jAmljGr5XDqQLvpAe HTTP/1.1" 200 2
201.245.192.253 - - [12/Jan/2024:06:24:45 -0500] "POST /kwsrmcab/Wsrmcab HTTP/1.1" 200 39126
201.245.192.253 - - [12/Jan/2024:06:24:48 -0500] "POST /kwsrmcab/Wsrmcab HTTP/1.1" 200 39134
172.22.2.4 - - [12/Jan/2024:06:24:51 -0500] "POST /BLA/boletinlegal/vpnsvc/connect.cgi HTTP/1.1" 404 1018
172.22.2.4 - - [12/Jan/2024:06:23:15 -0500] "HEAD /BLA/boletinlegal/ HTTP/1.1" 200 -
216.245.221.92 - - [12/Jan/2024:06:25:17 -0500] "HEAD / HTTP/1.1" 200 -
201.245.192.253 - - [12/Jan/2024:06:25:28 -0500] "POST /forms/lservlet;jsessionid=ac16012b30d6e9245d4a5ae64507bcdc86473ff87750.e3iSbxaKaheRe34Rb3eTbx8LaNb0n6jAmljGr5XDqQLvpAe HTTP/1.1" 200 2
172.22.2.4 - - [12/Jan/2024:06:24:06 -0500] "GET /BLA/boletinlegal/ HTTP/1.1" 200 58666
201.245.192.253 - - [12/Jan/2024:06:25:54 -0500] "POST /forms/lservlet;jsessionid=ac16012b30d6daf3d1e69b9448f9b338854e2531f358.e3iSbxaKaheRe34Rb3eTbx8LaNb0n6jAmljGr5XDqQLvpAe HTTP/1.1" 200 2
201.245.192.253 - - [12/Jan/2024:06:26:36 -0500] "POST /kwsrmcab/Wsrmcab  HTTP/1.1" 200 39439
201.245.192.253 - - [12/Jan/2024:06:27:28 -0500] "POST /forms/lservlet;jsessionid=ac16012b30d6e9245d4a5ae64507bcdc86473ff87750.e3iSbxaKaheRe34Rb3eTbx8LaNb0n6jAmljGr5XDqQLvpAe HTTP/1.1" 200 2
52.167.144.184 - - [12/Jan/2024:06:27:37 -0500] "GET /appsia/controlador HTTP/1.1" 200 4799
201.245.192.253 - - [12/Jan/2024:06:27:54 -0500] "POST /forms/lservlet;jsessionid=ac16012b30d6daf3d1e69b9448f9b338854e2531f358.e3iSbxaKaheRe34Rb3eTbx8LaNb0n6jAmljGr5XDqQLvpAe HTTP/1.1" 200 2
179.33.116.32 - - [12/Jan/2024:06:29:04 -0500] "GET /sipse/faces/faces/autenticacion.xhtml HTTP/1.1" 200 12725
201.245.192.253 - - [12/Jan/2024:06:29:02 -0500] "POST /kwsrmcab/Wsrmcab HTTP/1.1" 200 39126
179.33.116.32 - - [12/Jan/2024:06:29:04 -0500] "GET /sipse/faces/javax.faces.resource/layout/layout.css;jsessionid=bwkVezXaBhfkP1SSFdnd5B8G.undefined?ln=primefaces&v=4.0 HTTP/1.1" 200 542
179.33.116.32 - - [12/Jan/2024:06:29:04 -0500] "GET /sipse/faces/javax.faces.resource/primefaces.css;jsessionid=bwkVezXaBhfkP1SSFdnd5B8G.undefined?ln=primefaces&v=4.0 HTTP/1.1" 200 53295
179.33.116.32 - - [12/Jan/2024:06:29:04 -0500] "GET /sipse/faces/javax.faces.resource/layout/layout.js;jsessionid=bwkVezXaBhfkP1SSFdnd5B8G.undefined?ln=primefaces&v=4.0 HTTP/1.1" 200 87560
179.33.116.32 - - [12/Jan/2024:06:29:04 -0500] "GET /sipse/faces/javax.faces.resource/theme.css?ln=primefaces-sipse HTTP/1.1" 200 50058
179.33.116.32 - - [12/Jan/2024:06:29:04 -0500] "GET /sipse/faces/javax.faces.resource/jquery/jquery.js;jsessionid=bwkVezXaBhfkP1SSFdnd5B8G.undefined?ln=primefaces&v=4.0 HTTP/1.1" 200 105384
179.33.116.32 - - [12/Jan/2024:06:29:04 -0500] "GET /sipse/faces/javax.faces.resource/jquery/jquery-plugins.js;jsessionid=bwkVezXaBhfkP1SSFdnd5B8G.undefined?ln=primefaces&v=4.0 HTTP/1.1" 200 220526
179.33.116.32 - - [12/Jan/2024:06:29:04 -0500] "GET /sipse/faces/javax.faces.resource/primefaces.js;jsessionid=bwkVezXaBhfkP1SSFdnd5B8G.undefined?ln=primefaces&v=4.0 HTTP/1.1" 200 276924
179.33.116.32 - - [12/Jan/2024:06:29:05 -0500] "GET /sipse/faces/javax.faces.resource/images/ui-icons_898989_256x240.png?ln=primefaces-aristo HTTP/1.1" 200 5355
179.33.116.32 - - [12/Jan/2024:06:29:05 -0500] "GET /sipse/css/imagen/logoSDG.png HTTP/1.1" 200 53064
179.33.116.32 - - [12/Jan/2024:06:29:05 -0500] "GET /sipse/css/imagen/loginimg.png HTTP/1.1" 200 71635
179.33.116.32 - - [12/Jan/2024:06:29:05 -0500] "GET /favicon.ico HTTP/1.1" 200 7782
179.33.116.32 - - [12/Jan/2024:06:29:05 -0500] "GET /sipse/faces/faces/index.xhtml HTTP/1.1" 200 677
179.33.116.32 - - [12/Jan/2024:06:29:05 -0500] "GET /sipse/faces/javax.faces.resource/theme.css?ln=primefaces-sipse HTTP/1.1" 304 -
179.33.116.32 - - [12/Jan/2024:06:29:05 -0500] "GET /sipse/faces/faces/faces/autenticacion.xhtml HTTP/1.1" 200 12403
179.33.116.32 - - [12/Jan/2024:06:29:05 -0500] "GET /sipse/faces/javax.faces.resource/theme.css?ln=primefaces-sipse HTTP/1.1" 304 -
179.33.116.32 - - [12/Jan/2024:06:29:05 -0500] "GET /sipse/faces/javax.faces.resource/layout/layout.css?ln=primefaces&v=4.0 HTTP/1.1" 200 542
179.33.116.32 - - [12/Jan/2024:06:29:05 -0500] "GET /sipse/faces/javax.faces.resource/jquery/jquery-plugins.js?ln=primefaces&v=4.0 HTTP/1.1" 304 -
179.33.116.32 - - [12/Jan/2024:06:29:05 -0500] "GET /sipse/faces/javax.faces.resource/primefaces.js?ln=primefaces&v=4.0 HTTP/1.1" 304 -
179.33.116.32 - - [12/Jan/2024:06:29:05 -0500] "GET /sipse/faces/javax.faces.resource/jquery/jquery.js?ln=primefaces&v=4.0 HTTP/1.1" 304 -
179.33.116.32 - - [12/Jan/2024:06:29:05 -0500] "GET /sipse/faces/javax.faces.resource/layout/layout.js?ln=primefaces&v=4.0 HTTP/1.1" 304 -
179.33.116.32 - - [12/Jan/2024:06:29:05 -0500] "GET /sipse/faces/javax.faces.resource/primefaces.css?ln=primefaces&v=4.0 HTTP/1.1" 200 53295
179.33.116.32 - - [12/Jan/2024:06:29:06 -0500] "GET /sipse/faces/javax.faces.resource/images/ui-icons_898989_256x240.png?ln=primefaces-aristo HTTP/1.1" 304 -
179.33.116.32 - - [12/Jan/2024:06:29:09 -0500] "POST /sipse/faces/autenticacion.xhtml HTTP/1.1" 200 2223
179.33.116.32 - - [12/Jan/2024:06:29:09 -0500] "GET /sipse/faces/javax.faces.resource/messages/messages.png?ln=primefaces&v=4.0 HTTP/1.1" 200 27209
179.33.116.32 - - [12/Jan/2024:06:29:14 -0500] "POST /sipse/faces/autenticacion.xhtml HTTP/1.1" 200 16398
179.33.116.32 - - [12/Jan/2024:06:29:14 -0500] "GET /sipse/faces/javax.faces.resource/jquery/jquery.js?ln=primefaces&v=4.0 HTTP/1.1" 304 -
179.33.116.32 - - [12/Jan/2024:06:29:14 -0500] "GET /sipse/faces/javax.faces.resource/jquery/jquery-plugins.js?ln=primefaces&v=4.0 HTTP/1.1" 304 -
179.33.116.32 - - [12/Jan/2024:06:29:14 -0500] "GET /sipse/faces/javax.faces.resource/primefaces.js?ln=primefaces&v=4.0 HTTP/1.1" 304 -
179.33.116.32 - - [12/Jan/2024:06:29:14 -0500] "GET /sipse/faces/javax.faces.resource/layout/layout.js?ln=primefaces&v=4.0 HTTP/1.1" 304 -
179.33.116.32 - - [12/Jan/2024:06:29:15 -0500] "GET /sipse/css/imagen/contrasena.png HTTP/1.1" 404 383
179.33.116.32 - - [12/Jan/2024:06:29:17 -0500] "GET /sipse/faces/javax.faces.resource/images/ui-bg_flat_0_2d5972_40x100.png?ln=primefaces-aristo HTTP/1.1" 200 183
179.33.116.32 - - [12/Jan/2024:06:29:17 -0500] "POST /sipse/faces/bienvenido.xhtml HTTP/1.1" 200 2060
179.33.116.32 - - [12/Jan/2024:06:29:18 -0500] "POST /sipse/faces/bienvenido.xhtml HTTP/1.1" 200 56883
179.33.116.32 - - [12/Jan/2024:06:29:19 -0500] "GET /sipse/faces/javax.faces.resource/jquery/jquery.js?ln=primefaces&v=4.0 HTTP/1.1" 304 -
179.33.116.32 - - [12/Jan/2024:06:29:19 -0500] "GET /sipse/faces/javax.faces.resource/jquery/jquery-plugins.js?ln=primefaces&v=4.0 HTTP/1.1" 304 -
179.33.116.32 - - [12/Jan/2024:06:29:19 -0500] "GET /sipse/faces/javax.faces.resource/primefaces.js?ln=primefaces&v=4.0 HTTP/1.1" 304 -
179.33.116.32 - - [12/Jan/2024:06:29:19 -0500] "GET /sipse/faces/javax.faces.resource/layout/layout.js?ln=primefaces&v=4.0 HTTP/1.1" 304 -
179.33.116.32 - - [12/Jan/2024:06:29:19 -0500] "POST /sipse/faces/presentacion/financiero/solicitudProceso/listarSolicitudProceso.xhtml HTTP/1.1" 200 1536
179.33.116.32 - - [12/Jan/2024:06:29:26 -0500] "POST /sipse/faces/presentacion/financiero/solicitudProceso/listarSolicitudProceso.xhtml HTTP/1.1" 200 106897
179.33.116.32 - - [12/Jan/2024:06:29:26 -0500] "GET /sipse/faces/javax.faces.resource/jquery/jquery.js?ln=primefaces&v=4.0 HTTP/1.1" 304 -
179.33.116.32 - - [12/Jan/2024:06:29:27 -0500] "GET /sipse/faces/javax.faces.resource/jquery/jquery-plugins.js?ln=primefaces&v=4.0 HTTP/1.1" 304 -
179.33.116.32 - - [12/Jan/2024:06:29:27 -0500] "GET /sipse/faces/javax.faces.resource/primefaces.js?ln=primefaces&v=4.0 HTTP/1.1" 304 -
179.33.116.32 - - [12/Jan/2024:06:29:27 -0500] "GET /sipse/faces/javax.faces.resource/layout/layout.js?ln=primefaces&v=4.0 HTTP/1.1" 304 -
201.245.192.253 - - [12/Jan/2024:06:29:28 -0500] "POST /forms/lservlet;jsessionid=ac16012b30d6e9245d4a5ae64507bcdc86473ff87750.e3iSbxaKaheRe34Rb3eTbx8LaNb0n6jAmljGr5XDqQLvpAe HTTP/1.1" 200 2
201.245.192.253 - - [12/Jan/2024:06:29:34 -0500] "GET /sipse/faces/index.xhtml HTTP/1.1" 200 677
201.245.192.253 - - [12/Jan/2024:06:29:34 -0500] "GET /sipse/faces/javax.faces.resource/theme.css?ln=primefaces-sipse HTTP/1.1" 304 -
201.245.192.253 - - [12/Jan/2024:06:29:34 -0500] "GET /sipse/faces/faces/autenticacion.xhtml HTTP/1.1" 200 12403
201.245.192.253 - - [12/Jan/2024:06:29:34 -0500] "GET /sipse/faces/javax.faces.resource/theme.css?ln=primefaces-sipse HTTP/1.1" 304 -
201.245.192.253 - - [12/Jan/2024:06:29:34 -0500] "GET /sipse/faces/javax.faces.resource/layout/layout.css?ln=primefaces&v=4.0 HTTP/1.1" 304 -
201.245.192.253 - - [12/Jan/2024:06:29:34 -0500] "GET /sipse/faces/javax.faces.resource/jquery/jquery.js?ln=primefaces&v=4.0 HTTP/1.1" 304 -
201.245.192.253 - - [12/Jan/2024:06:29:34 -0500] "GET /sipse/faces/javax.faces.resource/primefaces.css?ln=primefaces&v=4.0 HTTP/1.1" 304 -
201.245.192.253 - - [12/Jan/2024:06:29:34 -0500] "GET /sipse/faces/javax.faces.resource/jquery/jquery-plugins.js?ln=primefaces&v=4.0 HTTP/1.1" 304 -
201.245.192.253 - - [12/Jan/2024:06:29:34 -0500] "GET /sipse/faces/javax.faces.resource/layout/layout.js?ln=primefaces&v=4.0 HTTP/1.1" 304 -
201.245.192.253 - - [12/Jan/2024:06:29:34 -0500] "GET /sipse/faces/javax.faces.resource/primefaces.js?ln=primefaces&v=4.0 HTTP/1.1" 304 -
201.245.192.253 - - [12/Jan/2024:06:29:34 -0500] "GET /sipse/faces/javax.faces.resource/images/ui-icons_898989_256x240.png?ln=primefaces-aristo HTTP/1.1" 304 -
201.245.192.253 - - [12/Jan/2024:06:29:39 -0500] "POST /sipse/faces/autenticacion.xhtml HTTP/1.1" 200 11134
201.245.192.253 - - [12/Jan/2024:06:29:39 -0500] "GET /sipse/faces/javax.faces.resource/primefaces.css?ln=primefaces&v=4.0 HTTP/1.1" 304 -
201.245.192.253 - - [12/Jan/2024:06:29:39 -0500] "GET /sipse/faces/javax.faces.resource/theme.css?ln=primefaces-sipse HTTP/1.1" 304 -
201.245.192.253 - - [12/Jan/2024:06:29:39 -0500] "GET /sipse/faces/javax.faces.resource/layout/layout.css?ln=primefaces&v=4.0 HTTP/1.1" 304 -
201.245.192.253 - - [12/Jan/2024:06:29:39 -0500] "GET /sipse/faces/javax.faces.resource/jquery/jquery.js?ln=primefaces&v=4.0 HTTP/1.1" 304 -
201.245.192.253 - - [12/Jan/2024:06:29:40 -0500] "GET /sipse/faces/javax.faces.resource/jquery/jquery-plugins.js?ln=primefaces&v=4.0 HTTP/1.1" 304 -
201.245.192.253 - - [12/Jan/2024:06:29:40 -0500] "GET /sipse/faces/javax.faces.resource/primefaces.js?ln=primefaces&v=4.0 HTTP/1.1" 304 -
201.245.192.253 - - [12/Jan/2024:06:29:40 -0500] "GET /sipse/faces/javax.faces.resource/layout/layout.js?ln=primefaces&v=4.0 HTTP/1.1" 304 -
201.245.192.253 - - [12/Jan/2024:06:29:40 -0500] "GET /sipse/faces/javax.faces.resource/messages/messages.png?ln=primefaces&v=4.0 HTTP/1.1" 304 -
201.245.192.253 - - [12/Jan/2024:06:29:42 -0500] "POST /sipse/faces/presentacion/sistema/seguridad/seleccionRol.xhtml HTTP/1.1" 200 5566
201.245.192.253 - - [12/Jan/2024:06:29:43 -0500] "POST /sipse/faces/presentacion/sistema/seguridad/seleccionRol.xhtml HTTP/1.1" 200 16396
201.245.192.253 - - [12/Jan/2024:06:29:43 -0500] "GET /sipse/faces/javax.faces.resource/theme.css?ln=primefaces-sipse HTTP/1.1" 304 -
201.245.192.253 - - [12/Jan/2024:06:29:43 -0500] "GET /sipse/faces/javax.faces.resource/layout/layout.css?ln=primefaces&v=4.0 HTTP/1.1" 304 -
201.245.192.253 - - [12/Jan/2024:06:29:43 -0500] "GET /sipse/faces/javax.faces.resource/primefaces.css?ln=primefaces&v=4.0 HTTP/1.1" 304 -
201.245.192.253 - - [12/Jan/2024:06:29:43 -0500] "GET /sipse/faces/javax.faces.resource/jquery/jquery.js?ln=primefaces&v=4.0 HTTP/1.1" 304 -
201.245.192.253 - - [12/Jan/2024:06:29:43 -0500] "GET /sipse/faces/javax.faces.resource/jquery/jquery-plugins.js?ln=primefaces&v=4.0 HTTP/1.1" 304 -
201.245.192.253 - - [12/Jan/2024:06:29:43 -0500] "GET /sipse/faces/javax.faces.resource/primefaces.js?ln=primefaces&v=4.0 HTTP/1.1" 304 -
201.245.192.253 - - [12/Jan/2024:06:29:43 -0500] "GET /sipse/faces/javax.faces.resource/layout/layout.js?ln=primefaces&v=4.0 HTTP/1.1" 304 -
201.245.192.253 - - [12/Jan/2024:06:29:43 -0500] "GET /sipse/css/imagen/contrasena.png HTTP/1.1" 404 383
201.245.192.253 - - [12/Jan/2024:06:29:44 -0500] "GET /sipse/faces/javax.faces.resource/images/ui-bg_flat_0_2d5972_40x100.png?ln=primefaces-aristo HTTP/1.1" 304 -
201.245.192.253 - - [12/Jan/2024:06:29:44 -0500] "POST /sipse/faces/bienvenido.xhtml HTTP/1.1" 200 2658
201.245.192.253 - - [12/Jan/2024:06:29:42 -0500] "POST /kwsrmcab/Wsrmcab HTTP/1.1" 200 39134
201.245.192.253 - - [12/Jan/2024:06:29:45 -0500] "POST /sipse/faces/bienvenido.xhtml HTTP/1.1" 200 33092
201.245.192.253 - - [12/Jan/2024:06:29:45 -0500] "GET /sipse/faces/javax.faces.resource/primefaces.css?ln=primefaces&v=4.0 HTTP/1.1" 304 -
201.245.192.253 - - [12/Jan/2024:06:29:45 -0500] "GET /sipse/faces/javax.faces.resource/theme.css?ln=primefaces-sipse HTTP/1.1" 304 -
201.245.192.253 - - [12/Jan/2024:06:29:45 -0500] "GET /sipse/faces/javax.faces.resource/layout/layout.css?ln=primefaces&v=4.0 HTTP/1.1" 304 -
201.245.192.253 - - [12/Jan/2024:06:29:45 -0500] "GET /sipse/faces/javax.faces.resource/jquery/jquery.js?ln=primefaces&v=4.0 HTTP/1.1" 304 -
201.245.192.253 - - [12/Jan/2024:06:29:45 -0500] "GET /sipse/faces/javax.faces.resource/jquery/jquery-plugins.js?ln=primefaces&v=4.0 HTTP/1.1" 304 -
201.245.192.253 - - [12/Jan/2024:06:29:45 -0500] "GET /sipse/faces/javax.faces.resource/primefaces.js?ln=primefaces&v=4.0 HTTP/1.1" 304 -
201.245.192.253 - - [12/Jan/2024:06:29:45 -0500] "GET /sipse/faces/javax.faces.resource/layout/layout.js?ln=primefaces&v=4.0 HTTP/1.1" 304 -
201.245.192.253 - - [12/Jan/2024:06:29:45 -0500] "POST /sipse/faces/presentacion/financiero/solicitudProceso/listarSolicitudProceso.xhtml HTTP/1.1" 200 1376
201.245.192.253 - - [12/Jan/2024:06:29:54 -0500] "POST /forms/lservlet;jsessionid=ac16012b30d6daf3d1e69b9448f9b338854e2531f358.e3iSbxaKaheRe34Rb3eTbx8LaNb0n6jAmljGr5XDqQLvpAe HTTP/1.1" 200 2
216.245.221.92 - - [12/Jan/2024:06:30:17 -0500] "HEAD / HTTP/1.1" 200 -
172.22.2.4 - - [12/Jan/2024:06:29:05 -0500] "HEAD /BLA/boletinlegal/ HTTP/1.1" 200 -
201.245.192.253 - - [12/Jan/2024:06:31:28 -0500] "POST /forms/lservlet;jsessionid=ac16012b30d6e9245d4a5ae64507bcdc86473ff87750.e3iSbxaKaheRe34Rb3eTbx8LaNb0n6jAmljGr5XDqQLvpAe HTTP/1.1" 200 2
172.22.2.4 - - [12/Jan/2024:06:29:56 -0500] "GET /BLA/boletinlegal/ HTTP/1.1" 200 60529
201.245.192.253 - - [12/Jan/2024:06:31:36 -0500] "POST /kwsrmcab/Wsrmcab  HTTP/1.1" 200 39439
201.245.192.253 - - [12/Jan/2024:06:31:54 -0500] "POST /forms/lservlet;jsessionid=ac16012b30d6daf3d1e69b9448f9b338854e2531f358.e3iSbxaKaheRe34Rb3eTbx8LaNb0n6jAmljGr5XDqQLvpAe HTTP/1.1" 200 2
201.245.192.253 - - [12/Jan/2024:06:33:28 -0500] "POST /forms/lservlet;jsessionid=ac16012b30d6e9245d4a5ae64507bcdc86473ff87750.e3iSbxaKaheRe34Rb3eTbx8LaNb0n6jAmljGr5XDqQLvpAe HTTP/1.1" 200 2
66.249.66.20 - - [12/Jan/2024:06:33:28 -0500] "GET /galeria/nivo-slider/demo/images/Rendicion.png HTTP/1.1" 304 -
201.245.192.253 - - [12/Jan/2024:06:33:54 -0500] "POST /forms/lservlet;jsessionid=ac16012b30d6daf3d1e69b9448f9b338854e2531f358.e3iSbxaKaheRe34Rb3eTbx8LaNb0n6jAmljGr5XDqQLvpAe HTTP/1.1" 200 2
179.33.116.32 - - [12/Jan/2024:06:33:58 -0500] "POST /sipse/faces/presentacion/financiero/solicitudProceso/consultarSolicitudProceso.xhtml HTTP/1.1" 200 5431
201.245.192.253 - - [12/Jan/2024:06:34:45 -0500] "POST /kwsrmcab/Wsrmcab HTTP/1.1" 200 39126
201.245.192.253 - - [12/Jan/2024:06:34:48 -0500] "POST /kwsrmcab/Wsrmcab HTTP/1.1" 200 39134
216.245.221.92 - - [12/Jan/2024:06:35:17 -0500] "HEAD / HTTP/1.1" 200 -
201.245.192.253 - - [12/Jan/2024:06:35:28 -0500] "POST /forms/lservlet;jsessionid=ac16012b30d6e9245d4a5ae64507bcdc86473ff87750.e3iSbxaKaheRe34Rb3eTbx8LaNb0n6jAmljGr5XDqQLvpAe HTTP/1.1" 200 2
34.140.130.61 - - [12/Jan/2024:06:35:52 -0500] "GET / HTTP/1.1" 200 319
201.245.192.253 - - [12/Jan/2024:06:35:54 -0500] "POST /forms/lservlet;jsessionid=ac16012b30d6daf3d1e69b9448f9b338854e2531f358.e3iSbxaKaheRe34Rb3eTbx8LaNb0n6jAmljGr5XDqQLvpAe HTTP/1.1" 200 2
179.33.116.32 - - [12/Jan/2024:06:36:29 -0500] "POST /sipse/faces/presentacion/financiero/solicitudProceso/consultarSolicitudProceso.xhtml HTTP/1.1" 200 160868
66.249.66.20 - - [12/Jan/2024:06:36:34 -0500] "GET /portel_dama/libreria/php/2006/ECOSISTEMAS%20FINAL%20web_mz27/x%20restauracion/sitio/22_proye/xtras_in/4.pdf HTTP/1.1" 404 1018
172.22.2.4 - - [12/Jan/2024:06:34:55 -0500] "HEAD /BLA/boletinlegal/ HTTP/1.1" 200 -
201.245.192.253 - - [12/Jan/2024:06:36:34 -0500] "POST /kwsrmcab/Wsrmcab  HTTP/1.1" 200 39439
172.22.2.4 - - [12/Jan/2024:06:35:46 -0500] "GET /BLA/boletinlegal/ HTTP/1.1" 200 58666
201.245.192.253 - - [12/Jan/2024:06:37:28 -0500] "POST /forms/lservlet;jsessionid=ac16012b30d6e9245d4a5ae64507bcdc86473ff87750.e3iSbxaKaheRe34Rb3eTbx8LaNb0n6jAmljGr5XDqQLvpAe HTTP/1.1" 200 2
179.33.116.32 - - [12/Jan/2024:06:37:47 -0500] "POST /sipse/faces/presentacion/financiero/solicitudProceso/consultarSolicitudProceso.xhtml HTTP/1.1" 200 154284
179.33.116.32 - - [12/Jan/2024:06:37:48 -0500] "GET /sipse/faces/javax.faces.resource/theme.css?ln=primefaces-sipse HTTP/1.1" 304 -
179.33.116.32 - - [12/Jan/2024:06:37:48 -0500] "GET /sipse/faces/javax.faces.resource/layout/layout.css?ln=primefaces&v=4.0 HTTP/1.1" 304 -
179.33.116.32 - - [12/Jan/2024:06:37:48 -0500] "GET /sipse/faces/javax.faces.resource/primefaces.css?ln=primefaces&v=4.0 HTTP/1.1" 304 -
179.33.116.32 - - [12/Jan/2024:06:37:48 -0500] "GET /sipse/faces/javax.faces.resource/jquery/jquery-plugins.js?ln=primefaces&v=4.0 HTTP/1.1" 304 -
179.33.116.32 - - [12/Jan/2024:06:37:48 -0500] "GET /sipse/faces/javax.faces.resource/primefaces.js?ln=primefaces&v=4.0 HTTP/1.1" 304 -
179.33.116.32 - - [12/Jan/2024:06:37:48 -0500] "GET /sipse/faces/javax.faces.resource/jquery/jquery.js?ln=primefaces&v=4.0 HTTP/1.1" 304 -
179.33.116.32 - - [12/Jan/2024:06:37:48 -0500] "GET /sipse/faces/javax.faces.resource/layout/layout.js?ln=primefaces&v=4.0 HTTP/1.1" 304 -
179.33.116.32 - - [12/Jan/2024:06:37:48 -0500] "GET /sipse/faces/javax.faces.resource/images/ui-icons_898989_256x240.png?ln=primefaces-aristo HTTP/1.1" 304 -
201.245.192.253 - - [12/Jan/2024:06:37:54 -0500] "POST /forms/lservlet;jsessionid=ac16012b30d6daf3d1e69b9448f9b338854e2531f358.e3iSbxaKaheRe34Rb3eTbx8LaNb0n6jAmljGr5XDqQLvpAe HTTP/1.1" 200 2
179.33.116.32 - - [12/Jan/2024:06:38:06 -0500] "GET /sipse/faces/javax.faces.resource/images/ui-bg_flat_0_2d5972_40x100.png?ln=primefaces-aristo HTTP/1.1" 304 -
179.33.116.32 - - [12/Jan/2024:06:38:06 -0500] "POST /sipse/faces/presentacion/financiero/solicitudProceso/consultarSolicitudProceso.xhtml HTTP/1.1" 200 23968
179.33.116.32 - - [12/Jan/2024:06:38:06 -0500] "GET /sipse/faces/javax.faces.resource/jquery/jquery.js?ln=primefaces&v=4.0 HTTP/1.1" 304 -
179.33.116.32 - - [12/Jan/2024:06:38:07 -0500] "GET /sipse/faces/javax.faces.resource/jquery/jquery-plugins.js?ln=primefaces&v=4.0 HTTP/1.1" 304 -
179.33.116.32 - - [12/Jan/2024:06:38:07 -0500] "GET /sipse/faces/javax.faces.resource/primefaces.js?ln=primefaces&v=4.0 HTTP/1.1" 304 -
179.33.116.32 - - [12/Jan/2024:06:38:07 -0500] "GET /sipse/faces/javax.faces.resource/layout/layout.js?ln=primefaces&v=4.0 HTTP/1.1" 304 -
179.33.116.32 - - [12/Jan/2024:06:38:17 -0500] "POST /sipse/faces/presentacion/financiero/viabilidad/expedirViabilidad.xhtml HTTP/1.1" 200 108557
179.33.116.32 - - [12/Jan/2024:06:38:17 -0500] "GET /sipse/faces/javax.faces.resource/jquery/jquery.js?ln=primefaces&v=4.0 HTTP/1.1" 304 -
179.33.116.32 - - [12/Jan/2024:06:38:17 -0500] "GET /sipse/faces/javax.faces.resource/jquery/jquery-plugins.js?ln=primefaces&v=4.0 HTTP/1.1" 304 -
179.33.116.32 - - [12/Jan/2024:06:38:17 -0500] "GET /sipse/faces/javax.faces.resource/primefaces.js?ln=primefaces&v=4.0 HTTP/1.1" 304 -
179.33.116.32 - - [12/Jan/2024:06:38:17 -0500] "GET /sipse/faces/javax.faces.resource/layout/layout.js?ln=primefaces&v=4.0 HTTP/1.1" 304 -
179.33.116.32 - - [12/Jan/2024:06:38:46 -0500] "POST /sipse/faces/presentacion/financiero/solicitudProceso/consultarSolicitudProceso.xhtml HTTP/1.1" 200 54372
179.33.116.32 - - [12/Jan/2024:06:38:48 -0500] "GET /sipse/faces/javax.faces.resource/jquery/jquery.js?ln=primefaces&v=4.0 HTTP/1.1" 304 -
179.33.116.32 - - [12/Jan/2024:06:38:48 -0500] "GET /sipse/faces/javax.faces.resource/jquery/jquery-plugins.js?ln=primefaces&v=4.0 HTTP/1.1" 304 -
179.33.116.32 - - [12/Jan/2024:06:38:48 -0500] "GET /sipse/faces/javax.faces.resource/primefaces.js?ln=primefaces&v=4.0 HTTP/1.1" 304 -
179.33.116.32 - - [12/Jan/2024:06:38:48 -0500] "GET /sipse/faces/javax.faces.resource/layout/layout.js?ln=primefaces&v=4.0 HTTP/1.1" 304 -
179.33.116.32 - - [12/Jan/2024:06:38:48 -0500] "GET /sipse/faces/javax.faces.resource/messages/messages.png?ln=primefaces&v=4.0 HTTP/1.1" 304 -
179.33.116.32 - - [12/Jan/2024:06:38:48 -0500] "POST /sipse/faces/presentacion/financiero/solicitudProceso/listarSolicitudProceso.xhtml HTTP/1.1" 200 1524
179.33.116.32 - - [12/Jan/2024:06:38:55 -0500] "POST /sipse/faces/presentacion/financiero/solicitudProceso/listarSolicitudProceso.xhtml HTTP/1.1" 200 106888
179.33.116.32 - - [12/Jan/2024:06:38:56 -0500] "GET /sipse/faces/javax.faces.resource/jquery/jquery.js?ln=primefaces&v=4.0 HTTP/1.1" 304 -
179.33.116.32 - - [12/Jan/2024:06:38:56 -0500] "GET /sipse/faces/javax.faces.resource/jquery/jquery-plugins.js?ln=primefaces&v=4.0 HTTP/1.1" 304 -
179.33.116.32 - - [12/Jan/2024:06:38:56 -0500] "GET /sipse/faces/javax.faces.resource/primefaces.js?ln=primefaces&v=4.0 HTTP/1.1" 304 -
179.33.116.32 - - [12/Jan/2024:06:38:56 -0500] "GET /sipse/faces/javax.faces.resource/layout/layout.js?ln=primefaces&v=4.0 HTTP/1.1" 304 -
201.245.192.253 - - [12/Jan/2024:06:39:02 -0500] "POST /kwsrmcab/Wsrmcab HTTP/1.1" 200 39126
201.245.192.253 - - [12/Jan/2024:06:39:28 -0500] "POST /forms/lservlet;jsessionid=ac16012b30d6e9245d4a5ae64507bcdc86473ff87750.e3iSbxaKaheRe34Rb3eTbx8LaNb0n6jAmljGr5XDqQLvpAe HTTP/1.1" 200 2
156.59.198.136 - - [12/Jan/2024:06:39:34 -0500] "GET /BLA/resoluciones/RESOLUCIONES%202018/3028.PDF HTTP/1.0" 200 4692390
201.245.192.253 - - [12/Jan/2024:06:39:43 -0500] "POST /kwsrmcab/Wsrmcab HTTP/1.1" 200 39134
201.245.192.253 - - [12/Jan/2024:06:39:54 -0500] "POST /forms/lservlet;jsessionid=ac16012b30d6daf3d1e69b9448f9b338854e2531f358.e3iSbxaKaheRe34Rb3eTbx8LaNb0n6jAmljGr5XDqQLvpAe HTTP/1.1" 200 2
156.59.198.135 - - [12/Jan/2024:06:39:58 -0500] "GET /BLA/resoluciones/RESOLUCIONES%202018/1613.PDF HTTP/1.0" 200 8849781
216.245.221.92 - - [12/Jan/2024:06:40:17 -0500] "HEAD / HTTP/1.1" 200 -
156.59.198.135 - - [12/Jan/2024:06:40:22 -0500] "GET /BLA/resoluciones/RESOLUCIONES%202018/2322.PDF HTTP/1.0" 200 9831033
156.59.198.135 - - [12/Jan/2024:06:40:47 -0500] "GET /BLA/resoluciones/RESOLUCIONES%202018/3749.PDF HTTP/1.0" 200 17145708
156.59.198.136 - - [12/Jan/2024:06:41:11 -0500] "GET /BLA/resoluciones/RESOLUCIONES%202018/3539.pdf HTTP/1.0" 200 275075
201.245.192.253 - - [12/Jan/2024:06:41:28 -0500] "POST /forms/lservlet;jsessionid=ac16012b30d6e9245d4a5ae64507bcdc86473ff87750.e3iSbxaKaheRe34Rb3eTbx8LaNb0n6jAmljGr5XDqQLvpAe HTTP/1.1" 200 2
179.33.116.32 - - [12/Jan/2024:06:41:33 -0500] "POST /sipse/faces/presentacion/financiero/solicitudProceso/consultarSolicitudProceso.xhtml HTTP/1.1" 200 5431
201.245.192.253 - - [12/Jan/2024:06:41:32 -0500] "POST /kwsrmcab/Wsrmcab  HTTP/1.1" 200 39439
156.59.198.136 - - [12/Jan/2024:06:41:36 -0500] "GET /BLA/resoluciones/RESOLUCIONES%202018/0209.pdf HTTP/1.0" 200 720944
201.245.192.253 - - [12/Jan/2024:06:41:54 -0500] "POST /forms/lservlet;jsessionid=ac16012b30d6daf3d1e69b9448f9b338854e2531f358.e3iSbxaKaheRe34Rb3eTbx8LaNb0n6jAmljGr5XDqQLvpAe HTTP/1.1" 200 2
156.59.198.136 - - [12/Jan/2024:06:42:00 -0500] "GET /BLA/resoluciones/RESOLUCIONES%202018/3086.pdf HTTP/1.0" 200 231949
179.33.116.32 - - [12/Jan/2024:06:42:18 -0500] "POST /sipse/faces/presentacion/financiero/solicitudProceso/consultarSolicitudProceso.xhtml HTTP/1.1" 200 161081
156.59.198.135 - - [12/Jan/2024:06:42:25 -0500] "GET /BLA/resoluciones/RESOLUCIONES%202018/0178.pdf HTTP/1.0" 200 338976
172.22.2.4 - - [12/Jan/2024:06:40:45 -0500] "HEAD /BLA/boletinlegal/ HTTP/1.1" 200 -
66.249.66.19 - - [12/Jan/2024:06:42:35 -0500] "GET /BLA/resoluciones/RESOLUCIONES%202009/4311.pdf HTTP/1.1" 200 518741
156.59.198.135 - - [12/Jan/2024:06:42:50 -0500] "GET /BLA/resoluciones/RESOLUCIONES%202018/2959.pdf HTTP/1.0" 200 290066
156.59.198.135 - - [12/Jan/2024:06:43:13 -0500] "GET /BLA/resoluciones/RESOLUCIONES%202018/1682.pdf HTTP/1.0" 200 374840
172.22.2.4 - - [12/Jan/2024:06:41:36 -0500] "GET /BLA/boletinlegal/ HTTP/1.1" 200 60996
201.245.192.253 - - [12/Jan/2024:06:43:28 -0500] "POST /forms/lservlet;jsessionid=ac16012b30d6e9245d4a5ae64507bcdc86473ff87750.e3iSbxaKaheRe34Rb3eTbx8LaNb0n6jAmljGr5XDqQLvpAe HTTP/1.1" 200 2
156.59.198.135 - - [12/Jan/2024:06:43:37 -0500] "GET /BLA/resoluciones/RESOLUCIONES%202018/3067.pdf HTTP/1.0" 200 893976
201.245.192.253 - - [12/Jan/2024:06:43:54 -0500] "POST /forms/lservlet;jsessionid=ac16012b30d6daf3d1e69b9448f9b338854e2531f358.e3iSbxaKaheRe34Rb3eTbx8LaNb0n6jAmljGr5XDqQLvpAe HTTP/1.1" 200 2
162.55.37.179 - - [12/Jan/2024:06:43:58 -0500] "GET / HTTP/1.1" 200 319
162.55.37.179 - - [12/Jan/2024:06:43:58 -0500] "GET / HTTP/1.1" 200 4720
156.59.198.135 - - [12/Jan/2024:06:44:02 -0500] "GET /BLA/resoluciones/RESOLUCIONES%202018/2402.pdf HTTP/1.0" 200 1525587
179.33.116.32 - - [12/Jan/2024:06:44:06 -0500] "POST /sipse/faces/presentacion/financiero/solicitudProceso/consultarSolicitudProceso.xhtml HTTP/1.1" 200 154275
179.33.116.32 - - [12/Jan/2024:06:44:07 -0500] "GET /sipse/faces/javax.faces.resource/theme.css?ln=primefaces-sipse HTTP/1.1" 304 -
179.33.116.32 - - [12/Jan/2024:06:44:07 -0500] "GET /sipse/faces/javax.faces.resource/layout/layout.css?ln=primefaces&v=4.0 HTTP/1.1" 304 -
179.33.116.32 - - [12/Jan/2024:06:44:07 -0500] "GET /sipse/faces/javax.faces.resource/primefaces.css?ln=primefaces&v=4.0 HTTP/1.1" 304 -
179.33.116.32 - - [12/Jan/2024:06:44:07 -0500] "GET /sipse/faces/javax.faces.resource/jquery/jquery.js?ln=primefaces&v=4.0 HTTP/1.1" 304 -
179.33.116.32 - - [12/Jan/2024:06:44:07 -0500] "GET /sipse/faces/javax.faces.resource/jquery/jquery-plugins.js?ln=primefaces&v=4.0 HTTP/1.1" 304 -
179.33.116.32 - - [12/Jan/2024:06:44:07 -0500] "GET /sipse/faces/javax.faces.resource/primefaces.js?ln=primefaces&v=4.0 HTTP/1.1" 304 -
179.33.116.32 - - [12/Jan/2024:06:44:07 -0500] "GET /sipse/faces/javax.faces.resource/layout/layout.js?ln=primefaces&v=4.0 HTTP/1.1" 304 -
179.33.116.32 - - [12/Jan/2024:06:44:07 -0500] "GET /sipse/faces/javax.faces.resource/images/ui-icons_898989_256x240.png?ln=primefaces-aristo HTTP/1.1" 304 -
179.33.116.32 - - [12/Jan/2024:06:44:16 -0500] "GET /sipse/faces/javax.faces.resource/images/ui-bg_flat_0_2d5972_40x100.png?ln=primefaces-aristo HTTP/1.1" 304 -
179.33.116.32 - - [12/Jan/2024:06:44:16 -0500] "POST /sipse/faces/presentacion/financiero/solicitudProceso/consultarSolicitudProceso.xhtml HTTP/1.1" 200 23968
179.33.116.32 - - [12/Jan/2024:06:44:17 -0500] "GET /sipse/faces/javax.faces.resource/jquery/jquery.js?ln=primefaces&v=4.0 HTTP/1.1" 304 -
179.33.116.32 - - [12/Jan/2024:06:44:17 -0500] "GET /sipse/faces/javax.faces.resource/jquery/jquery-plugins.js?ln=primefaces&v=4.0 HTTP/1.1" 304 -
179.33.116.32 - - [12/Jan/2024:06:44:17 -0500] "GET /sipse/faces/javax.faces.resource/primefaces.js?ln=primefaces&v=4.0 HTTP/1.1" 304 -
179.33.116.32 - - [12/Jan/2024:06:44:17 -0500] "GET /sipse/faces/javax.faces.resource/layout/layout.js?ln=primefaces&v=4.0 HTTP/1.1" 304 -
179.33.116.32 - - [12/Jan/2024:06:44:27 -0500] "POST /sipse/faces/presentacion/financiero/viabilidad/expedirViabilidad.xhtml HTTP/1.1" 200 108548
179.33.116.32 - - [12/Jan/2024:06:44:27 -0500] "GET /sipse/faces/javax.faces.resource/jquery/jquery.js?ln=primefaces&v=4.0 HTTP/1.1" 304 -
179.33.116.32 - - [12/Jan/2024:06:44:27 -0500] "GET /sipse/faces/javax.faces.resource/jquery/jquery-plugins.js?ln=primefaces&v=4.0 HTTP/1.1" 304 -
179.33.116.32 - - [12/Jan/2024:06:44:27 -0500] "GET /sipse/faces/javax.faces.resource/primefaces.js?ln=primefaces&v=4.0 HTTP/1.1" 304 -
179.33.116.32 - - [12/Jan/2024:06:44:27 -0500] "GET /sipse/faces/javax.faces.resource/layout/layout.js?ln=primefaces&v=4.0 HTTP/1.1" 304 -
156.59.198.136 - - [12/Jan/2024:06:44:29 -0500] "GET /BLA/resoluciones/RESOLUCIONES%202018/0709.pdf HTTP/1.0" 200 376882
156.59.198.136 - - [12/Jan/2024:06:44:51 -0500] "GET /BLA/resoluciones/RESOLUCIONES%202018/3078.pdf HTTP/1.0" 200 512565
179.33.116.32 - - [12/Jan/2024:06:45:11 -0500] "POST /sipse/faces/presentacion/financiero/solicitudProceso/consultarSolicitudProceso.xhtml HTTP/1.1" 200 51328
179.33.116.32 - - [12/Jan/2024:06:45:13 -0500] "GET /sipse/faces/javax.faces.resource/jquery/jquery.js?ln=primefaces&v=4.0 HTTP/1.1" 304 -
179.33.116.32 - - [12/Jan/2024:06:45:13 -0500] "GET /sipse/faces/javax.faces.resource/jquery/jquery-plugins.js?ln=primefaces&v=4.0 HTTP/1.1" 304 -
179.33.116.32 - - [12/Jan/2024:06:45:13 -0500] "GET /sipse/faces/javax.faces.resource/primefaces.js?ln=primefaces&v=4.0 HTTP/1.1" 304 -
179.33.116.32 - - [12/Jan/2024:06:45:13 -0500] "GET /sipse/faces/javax.faces.resource/layout/layout.js?ln=primefaces&v=4.0 HTTP/1.1" 304 -
179.33.116.32 - - [12/Jan/2024:06:45:13 -0500] "GET /sipse/faces/javax.faces.resource/messages/messages.png?ln=primefaces&v=4.0 HTTP/1.1" 304 -
179.33.116.32 - - [12/Jan/2024:06:45:13 -0500] "POST /sipse/faces/presentacion/financiero/solicitudProceso/listarSolicitudProceso.xhtml HTTP/1.1" 200 1496
156.59.198.135 - - [12/Jan/2024:06:45:16 -0500] "GET /BLA/resoluciones/RESOLUCIONES%202018/2172.pdf HTTP/1.0" 200 353107
216.245.221.92 - - [12/Jan/2024:06:45:17 -0500] "HEAD / HTTP/1.1" 200 -
179.33.116.32 - - [12/Jan/2024:06:45:19 -0500] "POST /sipse/faces/presentacion/financiero/solicitudProceso/listarSolicitudProceso.xhtml HTTP/1.1" 200 106886
179.33.116.32 - - [12/Jan/2024:06:45:20 -0500] "GET /sipse/faces/javax.faces.resource/jquery/jquery.js?ln=primefaces&v=4.0 HTTP/1.1" 304 -
179.33.116.32 - - [12/Jan/2024:06:45:20 -0500] "GET /sipse/faces/javax.faces.resource/jquery/jquery-plugins.js?ln=primefaces&v=4.0 HTTP/1.1" 304 -
179.33.116.32 - - [12/Jan/2024:06:45:20 -0500] "GET /sipse/faces/javax.faces.resource/primefaces.js?ln=primefaces&v=4.0 HTTP/1.1" 304 -
179.33.116.32 - - [12/Jan/2024:06:45:20 -0500] "GET /sipse/faces/javax.faces.resource/layout/layout.js?ln=primefaces&v=4.0 HTTP/1.1" 304 -
172.22.2.4 - - [12/Jan/2024:06:44:10 -0500] "GET /BLA/boletinlegal/ HTTP/1.1" 200 36811
201.245.192.253 - - [12/Jan/2024:06:45:28 -0500] "POST /forms/lservlet;jsessionid=ac16012b30d6e9245d4a5ae64507bcdc86473ff87750.e3iSbxaKaheRe34Rb3eTbx8LaNb0n6jAmljGr5XDqQLvpAe HTTP/1.1" 200 2
156.59.198.135 - - [12/Jan/2024:06:45:40 -0500] "GET /BLA/resoluciones/RESOLUCIONES%202018/3771.pdf HTTP/1.0" 200 568940
172.22.2.4 - - [12/Jan/2024:06:44:30 -0500] "GET /BLA/boletinlegal/ HTTP/1.1" 200 32715
201.245.192.253 - - [12/Jan/2024:06:45:54 -0500] "POST /forms/lservlet;jsessionid=ac16012b30d6daf3d1e69b9448f9b338854e2531f358.e3iSbxaKaheRe34Rb3eTbx8LaNb0n6jAmljGr5XDqQLvpAe HTTP/1.1" 200 2
156.59.198.136 - - [12/Jan/2024:06:46:04 -0500] "GET /BLA/resoluciones/RESOLUCIONES%202018/3389.pdf HTTP/1.0" 200 312250
40.77.167.44 - - [12/Jan/2024:06:46:09 -0500] "GET /Publicaciones/2023EE190575.pdf HTTP/1.1" 404 228
172.22.2.4 - - [12/Jan/2024:06:44:29 -0500] "GET /BLA/boletinlegal/ HTTP/1.1" 200 41051
172.22.2.4 - - [12/Jan/2024:06:44:45 -0500] "GET /BLA/boletinlegal/ HTTP/1.1" 200 44187
156.59.198.135 - - [12/Jan/2024:06:46:30 -0500] "GET /BLA/resoluciones/RESOLUCIONES%202018/3843.pdf HTTP/1.0" 200 273327
201.245.192.253 - - [12/Jan/2024:06:46:31 -0500] "POST /kwsrmcab/Wsrmcab  HTTP/1.1" 200 39439
156.59.198.135 - - [12/Jan/2024:06:46:55 -0500] "GET /BLA/resoluciones/RESOLUCIONES%202018/0785.pdf HTTP/1.0" 200 276284
156.59.198.135 - - [12/Jan/2024:06:47:18 -0500] "GET /BLA/resoluciones/RESOLUCIONES%202018/3593.pdf HTTP/1.0" 200 278169
179.33.116.32 - - [12/Jan/2024:06:47:22 -0500] "POST /sipse/faces/presentacion/financiero/solicitudProceso/consultarSolicitudProceso.xhtml HTTP/1.1" 200 5431
201.245.192.253 - - [12/Jan/2024:06:47:28 -0500] "POST /forms/lservlet;jsessionid=ac16012b30d6e9245d4a5ae64507bcdc86473ff87750.e3iSbxaKaheRe34Rb3eTbx8LaNb0n6jAmljGr5XDqQLvpAe HTTP/1.1" 200 2
156.59.198.136 - - [12/Jan/2024:06:47:44 -0500] "GET /BLA/resoluciones/RESOLUCIONES%202018/3584.pdf HTTP/1.0" 200 369834
201.245.192.253 - - [12/Jan/2024:06:47:54 -0500] "POST /forms/lservlet;jsessionid=ac16012b30d6daf3d1e69b9448f9b338854e2531f358.e3iSbxaKaheRe34Rb3eTbx8LaNb0n6jAmljGr5XDqQLvpAe HTTP/1.1" 200 2
156.59.198.135 - - [12/Jan/2024:06:48:07 -0500] "GET /BLA/resoluciones/RESOLUCIONES%202018/2547.pdf HTTP/1.0" 200 325674
66.249.66.21 - - [12/Jan/2024:06:48:07 -0500] "GET /BLA/resoluciones/RESOLUCIONES%202011/3477.pdf HTTP/1.1" 200 534308
172.22.2.4 - - [12/Jan/2024:06:46:35 -0500] "HEAD /BLA/boletinlegal/ HTTP/1.1" 200 -
66.249.66.20 - - [12/Jan/2024:06:48:19 -0500] "GET /BLA/resoluciones/RESOLUCIONES%202009/4082.pdf HTTP/1.1" 200 521211
156.59.198.136 - - [12/Jan/2024:06:48:32 -0500] "GET /BLA/resoluciones/RESOLUCIONES%202018/1356.pdf HTTP/1.0" 200 373563
172.22.2.4 - - [12/Jan/2024:06:48:48 -0500] "GET /BLA/boletinlegal/robots.txt HTTP/1.1" 404 1037
172.22.2.4 - - [12/Jan/2024:06:48:48 -0500] "GET /BLA/boletinlegal/Directivas/2014/Directiva%20No.%205%20del%2026%20de%20Diciembre%20de%202014.pdf HTTP/1.1" 304 -
