186.80.52.0 - - [14/Jan/2024:00:18:21 -0500] "GET /sipse/faces/javax.faces.resource/primefaces.css?ln=primefaces&v=4.0 HTTP/1.1" 304 -
186.80.52.0 - - [14/Jan/2024:00:18:21 -0500] "GET /sipse/faces/javax.faces.resource/layout/layout.css?ln=primefaces&v=4.0 HTTP/1.1" 304 -
186.80.52.0 - - [14/Jan/2024:00:18:21 -0500] "GET /sipse/faces/javax.faces.resource/theme.css?ln=primefaces-sipse HTTP/1.1" 304 -
186.80.52.0 - - [14/Jan/2024:00:18:22 -0500] "GET /sipse/faces/javax.faces.resource/jquery/jquery.js?ln=primefaces&v=4.0 HTTP/1.1" 304 -
186.80.52.0 - - [14/Jan/2024:00:18:22 -0500] "GET /sipse/faces/javax.faces.resource/jquery/jquery-plugins.js?ln=primefaces&v=4.0 HTTP/1.1" 304 -
186.80.52.0 - - [14/Jan/2024:00:18:22 -0500] "GET /sipse/faces/javax.faces.resource/primefaces.js?ln=primefaces&v=4.0 HTTP/1.1" 304 -
186.80.52.0 - - [14/Jan/2024:00:18:22 -0500] "GET /sipse/faces/javax.faces.resource/layout/layout.js?ln=primefaces&v=4.0 HTTP/1.1" 304 -
201.245.192.253 - - [14/Jan/2024:00:18:22 -0500] "POST /forms/lservlet;jsessionid=ac16012b30d6daf3d1e69b9448f9b338854e2531f358.e3iSbxaKaheRe34Rb3eTbx8LaNb0n6jAmljGr5XDqQLvpAe HTTP/1.1" 200 2
216.244.66.195 - - [14/Jan/2024:00:18:23 -0500] "GET /BLA/resoluciones/AUTOS%202018/2567.pdf HTTP/1.1" 200 431039
186.80.52.0 - - [14/Jan/2024:00:18:33 -0500] "POST /sipse/faces/presentacion/financiero/solicitudProyectoActividad/asociarFuentesSolicitud.xhtml HTTP/1.1" 200 83661
186.80.52.0 - - [14/Jan/2024:00:18:34 -0500] "GET /sipse/faces/javax.faces.resource/theme.css?ln=primefaces-sipse HTTP/1.1" 304 -
186.80.52.0 - - [14/Jan/2024:00:18:34 -0500] "GET /sipse/faces/javax.faces.resource/jquery/jquery.js?ln=primefaces&v=4.0 HTTP/1.1" 304 -
186.80.52.0 - - [14/Jan/2024:00:18:34 -0500] "GET /sipse/faces/javax.faces.resource/layout/layout.css?ln=primefaces&v=4.0 HTTP/1.1" 304 -
186.80.52.0 - - [14/Jan/2024:00:18:34 -0500] "GET /sipse/faces/javax.faces.resource/primefaces.css?ln=primefaces&v=4.0 HTTP/1.1" 304 -
186.80.52.0 - - [14/Jan/2024:00:18:34 -0500] "GET /sipse/faces/javax.faces.resource/jquery/jquery-plugins.js?ln=primefaces&v=4.0 HTTP/1.1" 304 -
186.80.52.0 - - [14/Jan/2024:00:18:34 -0500] "GET /sipse/faces/javax.faces.resource/primefaces.js?ln=primefaces&v=4.0 HTTP/1.1" 304 -
186.80.52.0 - - [14/Jan/2024:00:18:34 -0500] "GET /sipse/faces/javax.faces.resource/layout/layout.js?ln=primefaces&v=4.0 HTTP/1.1" 304 -
52.167.144.191 - - [14/Jan/2024:00:18:34 -0500] "GET /BLA/resoluciones/AUTOS%202014/4043.pdf HTTP/1.1" 200 522058
216.244.66.195 - - [14/Jan/2024:00:18:43 -0500] "GET /BLA/resoluciones/AUTOS%202018/2654.pdf HTTP/1.1" 200 300843
186.80.52.0 - - [14/Jan/2024:00:18:38 -0500] "POST /sipse/faces/presentacion/financiero/solicitudProceso/crearModificarSolicitudProceso.xhtml HTTP/1.1" 200 45529
186.80.52.0 - - [14/Jan/2024:00:18:50 -0500] "GET /sipse/faces/javax.faces.resource/theme.css?ln=primefaces-sipse HTTP/1.1" 304 -
186.80.52.0 - - [14/Jan/2024:00:18:50 -0500] "GET /sipse/faces/javax.faces.resource/primefaces.css?ln=primefaces&v=4.0 HTTP/1.1" 304 -
186.80.52.0 - - [14/Jan/2024:00:18:50 -0500] "GET /sipse/faces/javax.faces.resource/layout/layout.css?ln=primefaces&v=4.0 HTTP/1.1" 304 -
186.80.52.0 - - [14/Jan/2024:00:18:50 -0500] "GET /sipse/faces/javax.faces.resource/primefaces.js?ln=primefaces&v=4.0 HTTP/1.1" 304 -
186.80.52.0 - - [14/Jan/2024:00:18:50 -0500] "GET /sipse/faces/javax.faces.resource/layout/layout.js?ln=primefaces&v=4.0 HTTP/1.1" 304 -
186.80.52.0 - - [14/Jan/2024:00:18:50 -0500] "GET /sipse/faces/javax.faces.resource/jquery/jquery-plugins.js?ln=primefaces&v=4.0 HTTP/1.1" 304 -
186.80.52.0 - - [14/Jan/2024:00:18:50 -0500] "GET /sipse/faces/javax.faces.resource/jquery/jquery.js?ln=primefaces&v=4.0 HTTP/1.1" 304 -
201.245.192.253 - - [14/Jan/2024:00:18:55 -0500] "POST /kwsrmcab/Wsrmcab HTTP/1.1" 200 38672
186.80.52.0 - - [14/Jan/2024:00:18:53 -0500] "POST /sipse/faces/presentacion/financiero/solicitudBienServicio/asociarBienServicioSolicitud.xhtml HTTP/1.1" 200 2724
216.244.66.195 - - [14/Jan/2024:00:19:02 -0500] "GET /BLA/resoluciones/AUTOS%202018/2723.pdf HTTP/1.1" 200 349331
186.80.52.0 - - [14/Jan/2024:00:19:00 -0500] "POST /sipse/faces/presentacion/financiero/solicitudBienServicio/asociarBienServicioSolicitud.xhtml HTTP/1.1" 200 2720
186.80.52.0 - - [14/Jan/2024:00:19:08 -0500] "POST /sipse/faces/presentacion/financiero/solicitudBienServicio/asociarBienServicioSolicitud.xhtml HTTP/1.1" 200 2724
216.244.66.195 - - [14/Jan/2024:00:19:20 -0500] "GET /BLA/resoluciones/AUTOS%202018/2745.pdf HTTP/1.1" 200 288110
186.80.52.0 - - [14/Jan/2024:00:19:15 -0500] "POST /sipse/faces/presentacion/financiero/solicitudBienServicio/asociarBienServicioSolicitud.xhtml HTTP/1.1" 200 2720
186.80.52.0 - - [14/Jan/2024:00:19:23 -0500] "POST /sipse/faces/presentacion/financiero/solicitudBienServicio/asociarBienServicioSolicitud.xhtml HTTP/1.1" 200 2724
216.244.66.195 - - [14/Jan/2024:00:19:37 -0500] "GET /BLA/resoluciones/AUTOS%202018/2921.pdf HTTP/1.1" 200 289206
201.245.192.253 - - [14/Jan/2024:00:19:35 -0500] "POST /kwsrmcab/Wsrmcab HTTP/1.1" 200 39291
186.80.52.0 - - [14/Jan/2024:00:19:30 -0500] "POST /sipse/faces/presentacion/financiero/solicitudBienServicio/asociarBienServicioSolicitud.xhtml HTTP/1.1" 200 2720
201.245.192.253 - - [14/Jan/2024:00:19:42 -0500] "POST /forms/lservlet;jsessionid=ac16012b30d6e9245d4a5ae64507bcdc86473ff87750.e3iSbxaKaheRe34Rb3eTbx8LaNb0n6jAmljGr5XDqQLvpAe HTTP/1.1" 200 2
186.80.52.0 - - [14/Jan/2024:00:19:38 -0500] "POST /sipse/faces/presentacion/financiero/solicitudBienServicio/asociarBienServicioSolicitud.xhtml HTTP/1.1" 200 2724
186.80.52.0 - - [14/Jan/2024:00:19:48 -0500] "POST /sipse/faces/presentacion/financiero/solicitudBienServicio/asociarBienServicioSolicitud.xhtml HTTP/1.1" 200 79425
186.80.52.0 - - [14/Jan/2024:00:19:49 -0500] "GET /sipse/faces/javax.faces.resource/theme.css?ln=primefaces-sipse HTTP/1.1" 304 -
186.80.52.0 - - [14/Jan/2024:00:19:49 -0500] "GET /sipse/faces/javax.faces.resource/primefaces.css?ln=primefaces&v=4.0 HTTP/1.1" 304 -
186.80.52.0 - - [14/Jan/2024:00:19:49 -0500] "GET /sipse/faces/javax.faces.resource/layout/layout.css?ln=primefaces&v=4.0 HTTP/1.1" 304 -
186.80.52.0 - - [14/Jan/2024:00:19:49 -0500] "GET /sipse/faces/javax.faces.resource/jquery/jquery.js?ln=primefaces&v=4.0 HTTP/1.1" 304 -
186.80.52.0 - - [14/Jan/2024:00:19:49 -0500] "GET /sipse/faces/javax.faces.resource/jquery/jquery-plugins.js?ln=primefaces&v=4.0 HTTP/1.1" 304 -
186.80.52.0 - - [14/Jan/2024:00:19:49 -0500] "GET /sipse/faces/javax.faces.resource/primefaces.js?ln=primefaces&v=4.0 HTTP/1.1" 304 -
186.80.52.0 - - [14/Jan/2024:00:19:49 -0500] "GET /sipse/faces/javax.faces.resource/layout/layout.js?ln=primefaces&v=4.0 HTTP/1.1" 304 -
186.80.52.0 - - [14/Jan/2024:00:19:51 -0500] "POST /sipse/faces/presentacion/financiero/solicitudProceso/crearModificarSolicitudProceso.xhtml HTTP/1.1" 200 22319
186.80.52.0 - - [14/Jan/2024:00:19:51 -0500] "GET /sipse/faces/javax.faces.resource/layout/layout.css?ln=primefaces&v=4.0 HTTP/1.1" 304 -
186.80.52.0 - - [14/Jan/2024:00:19:51 -0500] "GET /sipse/faces/javax.faces.resource/theme.css?ln=primefaces-sipse HTTP/1.1" 304 -
186.80.52.0 - - [14/Jan/2024:00:19:51 -0500] "GET /sipse/faces/javax.faces.resource/primefaces.css?ln=primefaces&v=4.0 HTTP/1.1" 304 -
186.80.52.0 - - [14/Jan/2024:00:19:51 -0500] "GET /sipse/faces/javax.faces.resource/fileupload/fileupload.css?ln=primefaces&v=4.0 HTTP/1.1" 304 -
186.80.52.0 - - [14/Jan/2024:00:19:51 -0500] "GET /sipse/faces/javax.faces.resource/jquery/jquery.js?ln=primefaces&v=4.0 HTTP/1.1" 304 -
186.80.52.0 - - [14/Jan/2024:00:19:51 -0500] "GET /sipse/faces/javax.faces.resource/jquery/jquery-plugins.js?ln=primefaces&v=4.0 HTTP/1.1" 304 -
186.80.52.0 - - [14/Jan/2024:00:19:51 -0500] "GET /sipse/faces/javax.faces.resource/primefaces.js?ln=primefaces&v=4.0 HTTP/1.1" 304 -
186.80.52.0 - - [14/Jan/2024:00:19:51 -0500] "GET /sipse/faces/javax.faces.resource/layout/layout.js?ln=primefaces&v=4.0 HTTP/1.1" 304 -
186.80.52.0 - - [14/Jan/2024:00:19:51 -0500] "GET /sipse/faces/javax.faces.resource/fileupload/fileupload.js?ln=primefaces&v=4.0 HTTP/1.1" 304 -
216.244.66.195 - - [14/Jan/2024:00:19:53 -0500] "GET /BLA/resoluciones/AUTOS%202018/3312.pdf HTTP/1.1" 200 358777
186.80.52.0 - - [14/Jan/2024:00:20:00 -0500] "GET /sipse/faces/javax.faces.resource/theme.css?ln=primefaces-sipse HTTP/1.1" 304 -
186.80.52.0 - - [14/Jan/2024:00:20:00 -0500] "GET /sipse/faces/javax.faces.resource/layout/layout.css?ln=primefaces&v=4.0 HTTP/1.1" 304 -
186.80.52.0 - - [14/Jan/2024:00:20:00 -0500] "GET /sipse/faces/javax.faces.resource/primefaces.css?ln=primefaces&v=4.0 HTTP/1.1" 304 -
186.80.52.0 - - [14/Jan/2024:00:20:00 -0500] "GET /sipse/faces/javax.faces.resource/jquery/jquery.js?ln=primefaces&v=4.0 HTTP/1.1" 304 -
186.80.52.0 - - [14/Jan/2024:00:20:00 -0500] "GET /sipse/faces/javax.faces.resource/jquery/jquery-plugins.js?ln=primefaces&v=4.0 HTTP/1.1" 304 -
186.80.52.0 - - [14/Jan/2024:00:19:59 -0500] "POST /sipse/faces/presentacion/sistema/anexos/cargarAnexoSolicitudProceso.xhtml HTTP/1.1" 200 85430
186.80.52.0 - - [14/Jan/2024:00:20:00 -0500] "GET /sipse/faces/javax.faces.resource/primefaces.js?ln=primefaces&v=4.0 HTTP/1.1" 304 -
186.80.52.0 - - [14/Jan/2024:00:20:00 -0500] "GET /sipse/faces/javax.faces.resource/layout/layout.js?ln=primefaces&v=4.0 HTTP/1.1" 304 -
186.80.52.0 - - [14/Jan/2024:00:20:01 -0500] "POST /sipse/faces/presentacion/financiero/solicitudProceso/crearModificarSolicitudProceso.xhtml HTTP/1.1" 200 22319
186.80.52.0 - - [14/Jan/2024:00:20:01 -0500] "GET /sipse/faces/javax.faces.resource/theme.css?ln=primefaces-sipse HTTP/1.1" 304 -
186.80.52.0 - - [14/Jan/2024:00:20:01 -0500] "GET /sipse/faces/javax.faces.resource/primefaces.css?ln=primefaces&v=4.0 HTTP/1.1" 304 -
186.80.52.0 - - [14/Jan/2024:00:20:01 -0500] "GET /sipse/faces/javax.faces.resource/layout/layout.css?ln=primefaces&v=4.0 HTTP/1.1" 304 -
186.80.52.0 - - [14/Jan/2024:00:20:01 -0500] "GET /sipse/faces/javax.faces.resource/jquery/jquery.js?ln=primefaces&v=4.0 HTTP/1.1" 304 -
186.80.52.0 - - [14/Jan/2024:00:20:01 -0500] "GET /sipse/faces/javax.faces.resource/jquery/jquery-plugins.js?ln=primefaces&v=4.0 HTTP/1.1" 304 -
186.80.52.0 - - [14/Jan/2024:00:20:02 -0500] "GET /sipse/faces/javax.faces.resource/primefaces.js?ln=primefaces&v=4.0 HTTP/1.1" 304 -
186.80.52.0 - - [14/Jan/2024:00:20:02 -0500] "GET /sipse/faces/javax.faces.resource/fileupload/fileupload.css?ln=primefaces&v=4.0 HTTP/1.1" 304 -
186.80.52.0 - - [14/Jan/2024:00:20:02 -0500] "GET /sipse/faces/javax.faces.resource/layout/layout.js?ln=primefaces&v=4.0 HTTP/1.1" 304 -
186.80.52.0 - - [14/Jan/2024:00:20:02 -0500] "GET /sipse/faces/javax.faces.resource/fileupload/fileupload.js?ln=primefaces&v=4.0 HTTP/1.1" 304 -
216.244.66.195 - - [14/Jan/2024:00:20:08 -0500] "GET /BLA/resoluciones/AUTOS%202018/3889.pdf HTTP/1.1" 200 311594
186.80.52.0 - - [14/Jan/2024:00:20:15 -0500] "POST /sipse/faces/presentacion/sistema/anexos/cargarAnexoSolicitudProceso.xhtml HTTP/1.1" 200 86072
186.80.52.0 - - [14/Jan/2024:00:20:15 -0500] "GET /sipse/faces/javax.faces.resource/primefaces.css?ln=primefaces&v=4.0 HTTP/1.1" 304 -
186.80.52.0 - - [14/Jan/2024:00:20:15 -0500] "GET /sipse/faces/javax.faces.resource/theme.css?ln=primefaces-sipse HTTP/1.1" 304 -
186.80.52.0 - - [14/Jan/2024:00:20:15 -0500] "GET /sipse/faces/javax.faces.resource/layout/layout.css?ln=primefaces&v=4.0 HTTP/1.1" 304 -
186.80.52.0 - - [14/Jan/2024:00:20:15 -0500] "GET /sipse/faces/javax.faces.resource/jquery/jquery.js?ln=primefaces&v=4.0 HTTP/1.1" 304 -
186.80.52.0 - - [14/Jan/2024:00:20:15 -0500] "GET /sipse/faces/javax.faces.resource/primefaces.js?ln=primefaces&v=4.0 HTTP/1.1" 304 -
186.80.52.0 - - [14/Jan/2024:00:20:15 -0500] "GET /sipse/faces/javax.faces.resource/jquery/jquery-plugins.js?ln=primefaces&v=4.0 HTTP/1.1" 304 -
186.80.52.0 - - [14/Jan/2024:00:20:16 -0500] "GET /sipse/faces/javax.faces.resource/layout/layout.js?ln=primefaces&v=4.0 HTTP/1.1" 304 -
186.80.52.0 - - [14/Jan/2024:00:20:17 -0500] "POST /sipse/faces/presentacion/financiero/solicitudProceso/crearModificarSolicitudProceso.xhtml HTTP/1.1" 200 66151
186.80.52.0 - - [14/Jan/2024:00:20:20 -0500] "GET /sipse/faces/javax.faces.resource/theme.css?ln=primefaces-sipse HTTP/1.1" 304 -
186.80.52.0 - - [14/Jan/2024:00:20:20 -0500] "GET /sipse/faces/javax.faces.resource/layout/layout.css?ln=primefaces&v=4.0 HTTP/1.1" 304 -
186.80.52.0 - - [14/Jan/2024:00:20:20 -0500] "GET /sipse/faces/javax.faces.resource/primefaces.css?ln=primefaces&v=4.0 HTTP/1.1" 304 -
186.80.52.0 - - [14/Jan/2024:00:20:20 -0500] "GET /sipse/faces/javax.faces.resource/jquery/jquery.js?ln=primefaces&v=4.0 HTTP/1.1" 304 -
186.80.52.0 - - [14/Jan/2024:00:20:20 -0500] "GET /sipse/faces/javax.faces.resource/jquery/jquery-plugins.js?ln=primefaces&v=4.0 HTTP/1.1" 304 -
186.80.52.0 - - [14/Jan/2024:00:20:20 -0500] "GET /sipse/faces/javax.faces.resource/primefaces.js?ln=primefaces&v=4.0 HTTP/1.1" 304 -
186.80.52.0 - - [14/Jan/2024:00:20:20 -0500] "GET /sipse/faces/javax.faces.resource/layout/layout.js?ln=primefaces&v=4.0 HTTP/1.1" 304 -
186.80.52.0 - - [14/Jan/2024:00:20:20 -0500] "GET /sipse/faces/javax.faces.resource/messages/messages.png?ln=primefaces&v=4.0 HTTP/1.1" 304 -
186.80.52.0 - - [14/Jan/2024:00:20:21 -0500] "POST /sipse/faces/presentacion/financiero/solicitudProceso/listarSolicitudProceso.xhtml HTTP/1.1" 200 1556
216.244.66.195 - - [14/Jan/2024:00:20:22 -0500] "GET /BLA/resoluciones/AUTOS%202018/4060.pdf HTTP/1.1" 200 273599
201.245.192.253 - - [14/Jan/2024:00:20:22 -0500] "POST /forms/lservlet;jsessionid=ac16012b30d6daf3d1e69b9448f9b338854e2531f358.e3iSbxaKaheRe34Rb3eTbx8LaNb0n6jAmljGr5XDqQLvpAe HTTP/1.1" 200 2
186.80.52.0 - - [14/Jan/2024:00:20:26 -0500] "POST /sipse/faces/presentacion/financiero/solicitudProceso/listarSolicitudProceso.xhtml HTTP/1.1" 200 32413
186.80.52.0 - - [14/Jan/2024:00:20:28 -0500] "POST /sipse/faces/presentacion/financiero/solicitudProceso/listarSolicitudProceso.xhtml HTTP/1.1" 200 26649
201.245.192.253 - - [14/Jan/2024:00:20:31 -0500] "POST /kwsrmcab/Wsrmcab  HTTP/1.1" 200 39439
216.244.66.195 - - [14/Jan/2024:00:20:34 -0500] "GET /BLA/resoluciones/AUTOS%202020/0745.pdf HTTP/1.1" 200 351569
186.80.52.0 - - [14/Jan/2024:00:20:34 -0500] "POST /sipse/faces/presentacion/financiero/solicitudProceso/listarSolicitudProceso.xhtml HTTP/1.1" 200 124542
186.80.52.0 - - [14/Jan/2024:00:20:36 -0500] "GET /sipse/faces/javax.faces.resource/theme.css?ln=primefaces-sipse HTTP/1.1" 304 -
186.80.52.0 - - [14/Jan/2024:00:20:36 -0500] "GET /sipse/faces/javax.faces.resource/primefaces.css?ln=primefaces&v=4.0 HTTP/1.1" 304 -
186.80.52.0 - - [14/Jan/2024:00:20:36 -0500] "GET /sipse/faces/javax.faces.resource/layout/layout.css?ln=primefaces&v=4.0 HTTP/1.1" 304 -
186.80.52.0 - - [14/Jan/2024:00:20:36 -0500] "GET /sipse/faces/javax.faces.resource/jquery/jquery.js?ln=primefaces&v=4.0 HTTP/1.1" 304 -
186.80.52.0 - - [14/Jan/2024:00:20:36 -0500] "GET /sipse/faces/javax.faces.resource/jquery/jquery-plugins.js?ln=primefaces&v=4.0 HTTP/1.1" 304 -
186.80.52.0 - - [14/Jan/2024:00:20:36 -0500] "GET /sipse/faces/javax.faces.resource/primefaces.js?ln=primefaces&v=4.0 HTTP/1.1" 304 -
186.80.52.0 - - [14/Jan/2024:00:20:36 -0500] "GET /sipse/faces/javax.faces.resource/layout/layout.js?ln=primefaces&v=4.0 HTTP/1.1" 304 -
216.244.66.195 - - [14/Jan/2024:00:20:46 -0500] "GET /BLA/resoluciones/AUTOS%202020/0903.pdf HTTP/1.1" 200 389905
216.245.221.92 - - [14/Jan/2024:00:20:50 -0500] "HEAD / HTTP/1.1" 200 -
186.80.52.0 - - [14/Jan/2024:00:20:56 -0500] "POST /sipse/faces/presentacion/financiero/solicitudProceso/consultarSolicitudProceso.xhtml HTTP/1.1" 200 47226
186.80.52.0 - - [14/Jan/2024:00:20:57 -0500] "GET /sipse/faces/javax.faces.resource/theme.css?ln=primefaces-sipse HTTP/1.1" 304 -
186.80.52.0 - - [14/Jan/2024:00:20:57 -0500] "GET /sipse/faces/javax.faces.resource/layout/layout.css?ln=primefaces&v=4.0 HTTP/1.1" 304 -
186.80.52.0 - - [14/Jan/2024:00:20:57 -0500] "GET /sipse/faces/javax.faces.resource/jquery/jquery.js?ln=primefaces&v=4.0 HTTP/1.1" 304 -
186.80.52.0 - - [14/Jan/2024:00:20:57 -0500] "GET /sipse/faces/javax.faces.resource/primefaces.css?ln=primefaces&v=4.0 HTTP/1.1" 304 -
186.80.52.0 - - [14/Jan/2024:00:20:57 -0500] "GET /sipse/faces/javax.faces.resource/jquery/jquery-plugins.js?ln=primefaces&v=4.0 HTTP/1.1" 304 -
186.80.52.0 - - [14/Jan/2024:00:20:57 -0500] "GET /sipse/faces/javax.faces.resource/primefaces.js?ln=primefaces&v=4.0 HTTP/1.1" 304 -
186.80.52.0 - - [14/Jan/2024:00:20:57 -0500] "GET /sipse/faces/javax.faces.resource/layout/layout.js?ln=primefaces&v=4.0 HTTP/1.1" 304 -
216.244.66.195 - - [14/Jan/2024:00:20:57 -0500] "GET /BLA/resoluciones/AUTOS%202020/0927.pdf HTTP/1.1" 200 948408
172.22.2.4 - - [14/Jan/2024:00:19:19 -0500] "HEAD /BLA/boletinlegal/ HTTP/1.1" 200 -
186.80.52.0 - - [14/Jan/2024:00:21:07 -0500] "POST /sipse/faces/presentacion/financiero/estudioPrevio/personalSolicitado/personalSolicitadoSolicitudProceso.xhtml HTTP/1.1" 200 7027
216.244.66.195 - - [14/Jan/2024:00:21:09 -0500] "GET /BLA/resoluciones/AUTOS%202020/1194.pdf HTTP/1.1" 200 610385
216.244.66.195 - - [14/Jan/2024:00:21:18 -0500] "GET /BLA/resoluciones/AUTOS%202020/1558.pdf HTTP/1.1" 200 1661642
186.80.52.0 - - [14/Jan/2024:00:21:26 -0500] "POST /sipse/faces/presentacion/financiero/estudioPrevio/personalSolicitado/personalSolicitadoSolicitudProceso.xhtml HTTP/1.1" 200 36789
186.80.52.0 - - [14/Jan/2024:00:21:27 -0500] "GET /sipse/faces/javax.faces.resource/theme.css?ln=primefaces-sipse HTTP/1.1" 304 -
186.80.52.0 - - [14/Jan/2024:00:21:27 -0500] "GET /sipse/faces/javax.faces.resource/primefaces.css?ln=primefaces&v=4.0 HTTP/1.1" 304 -
186.80.52.0 - - [14/Jan/2024:00:21:27 -0500] "GET /sipse/faces/javax.faces.resource/layout/layout.css?ln=primefaces&v=4.0 HTTP/1.1" 304 -
186.80.52.0 - - [14/Jan/2024:00:21:27 -0500] "GET /sipse/faces/javax.faces.resource/jquery/jquery.js?ln=primefaces&v=4.0 HTTP/1.1" 304 -
186.80.52.0 - - [14/Jan/2024:00:21:27 -0500] "GET /sipse/faces/javax.faces.resource/jquery/jquery-plugins.js?ln=primefaces&v=4.0 HTTP/1.1" 304 -
186.80.52.0 - - [14/Jan/2024:00:21:27 -0500] "GET /sipse/faces/javax.faces.resource/primefaces.js?ln=primefaces&v=4.0 HTTP/1.1" 304 -
186.80.52.0 - - [14/Jan/2024:00:21:27 -0500] "GET /sipse/faces/javax.faces.resource/layout/layout.js?ln=primefaces&v=4.0 HTTP/1.1" 304 -
201.245.192.253 - - [14/Jan/2024:00:21:42 -0500] "POST /forms/lservlet;jsessionid=ac16012b30d6e9245d4a5ae64507bcdc86473ff87750.e3iSbxaKaheRe34Rb3eTbx8LaNb0n6jAmljGr5XDqQLvpAe HTTP/1.1" 200 2
186.80.52.0 - - [14/Jan/2024:00:21:45 -0500] "POST /sipse/faces/presentacion/financiero/estudioPrevio/personalSolicitado/asociarProfesionPersonalSolicitado.xhtml HTTP/1.1" 200 21490
172.22.2.4 - - [14/Jan/2024:00:20:10 -0500] "GET /BLA/boletinlegal/ HTTP/1.1" 200 58666
186.80.52.0 - - [14/Jan/2024:00:21:51 -0500] "POST /sipse/faces/presentacion/financiero/estudioPrevio/personalSolicitado/asociarProfesionPersonalSolicitado.xhtml HTTP/1.1" 200 51986
186.80.52.0 - - [14/Jan/2024:00:21:52 -0500] "GET /sipse/faces/javax.faces.resource/theme.css?ln=primefaces-sipse HTTP/1.1" 304 -
186.80.52.0 - - [14/Jan/2024:00:21:52 -0500] "GET /sipse/faces/javax.faces.resource/primefaces.css?ln=primefaces&v=4.0 HTTP/1.1" 304 -
186.80.52.0 - - [14/Jan/2024:00:21:52 -0500] "GET /sipse/faces/javax.faces.resource/layout/layout.css?ln=primefaces&v=4.0 HTTP/1.1" 304 -
186.80.52.0 - - [14/Jan/2024:00:21:52 -0500] "GET /sipse/faces/javax.faces.resource/jquery/jquery.js?ln=primefaces&v=4.0 HTTP/1.1" 304 -
186.80.52.0 - - [14/Jan/2024:00:21:52 -0500] "GET /sipse/faces/javax.faces.resource/jquery/jquery-plugins.js?ln=primefaces&v=4.0 HTTP/1.1" 304 -
186.80.52.0 - - [14/Jan/2024:00:21:52 -0500] "GET /sipse/faces/javax.faces.resource/primefaces.js?ln=primefaces&v=4.0 HTTP/1.1" 304 -
186.80.52.0 - - [14/Jan/2024:00:21:52 -0500] "GET /sipse/faces/javax.faces.resource/layout/layout.js?ln=primefaces&v=4.0 HTTP/1.1" 304 -
186.80.52.0 - - [14/Jan/2024:00:21:55 -0500] "POST /sipse/faces/presentacion/financiero/estudioPrevio/personalSolicitado/personalSolicitadoSolicitudProceso.xhtml HTTP/1.1" 200 36793
186.80.52.0 - - [14/Jan/2024:00:21:55 -0500] "GET /sipse/faces/javax.faces.resource/theme.css?ln=primefaces-sipse HTTP/1.1" 304 -
186.80.52.0 - - [14/Jan/2024:00:21:55 -0500] "GET /sipse/faces/javax.faces.resource/layout/layout.css?ln=primefaces&v=4.0 HTTP/1.1" 304 -
186.80.52.0 - - [14/Jan/2024:00:21:55 -0500] "GET /sipse/faces/javax.faces.resource/primefaces.css?ln=primefaces&v=4.0 HTTP/1.1" 304 -
186.80.52.0 - - [14/Jan/2024:00:21:55 -0500] "GET /sipse/faces/javax.faces.resource/jquery/jquery.js?ln=primefaces&v=4.0 HTTP/1.1" 304 -
186.80.52.0 - - [14/Jan/2024:00:21:55 -0500] "GET /sipse/faces/javax.faces.resource/jquery/jquery-plugins.js?ln=primefaces&v=4.0 HTTP/1.1" 304 -
186.80.52.0 - - [14/Jan/2024:00:21:55 -0500] "GET /sipse/faces/javax.faces.resource/primefaces.js?ln=primefaces&v=4.0 HTTP/1.1" 304 -
186.80.52.0 - - [14/Jan/2024:00:21:55 -0500] "GET /sipse/faces/javax.faces.resource/layout/layout.js?ln=primefaces&v=4.0 HTTP/1.1" 304 -
216.244.66.195 - - [14/Jan/2024:00:21:56 -0500] "GET /BLA/resoluciones/AUTOS%202020/1921.pdf HTTP/1.1" 200 327147
186.80.52.0 - - [14/Jan/2024:00:21:58 -0500] "POST /sipse/faces/presentacion/financiero/estudioPrevio/personalSolicitado/asociarProfesionPersonalSolicitado.xhtml HTTP/1.1" 200 1423
186.80.52.0 - - [14/Jan/2024:00:21:59 -0500] "POST /sipse/faces/presentacion/financiero/estudioPrevio/personalSolicitado/asociarProfesionPersonalSolicitado.xhtml HTTP/1.1" 200 1423
186.80.52.0 - - [14/Jan/2024:00:22:01 -0500] "POST /sipse/faces/presentacion/financiero/estudioPrevio/personalSolicitado/asociarProfesionPersonalSolicitado.xhtml HTTP/1.1" 200 21636
186.80.52.0 - - [14/Jan/2024:00:22:02 -0500] "POST /sipse/faces/presentacion/financiero/estudioPrevio/personalSolicitado/asociarProfesionPersonalSolicitado.xhtml HTTP/1.1" 200 21636
186.102.22.149 - - [14/Jan/2024:00:22:03 -0500] "GET /kwssiamovil/sm/acme/a?s=U2FsdGVkX19n/K/j9YJqCgSw02qLrdx7i/lzYS5qtjhPisOAwY+TPRtAwFpf2yaT8xS+jVryVJxG0OfGMsoyOSD+PsauFw7rwQbLRJZah9s7P38vD2Dxm8m0GRa/C7ooUS87o+vuRm4HKaYUQ+f1WNFxIkO1FDC9bHpwHxoseZQkaz/PEMrKPKAeeWs8cu5EHLz8fN0FDjuofCljnzMu1irjpfXECGQtKM/hj2v+h+ye9r5zHz/Yoymi6I4/d5l5gE1yszPmZeVELvIZwAQsUA==&u=U2FsdGVkX19Ss1VQcQaaXFxLSHIYnlCxyGD70toy8fM=&y=U2FsdGVkX183nGgyssQxAmjUYGZM/SpkHpQoYnvtguk= HTTP/1.1" 200 26
186.102.22.149 - - [14/Jan/2024:00:22:03 -0500] "GET /kwssiamovil/sm/acme/a?s=U2FsdGVkX18U2RGmwD9BjYwFpKdBPgt0PiSWwxe/mX7Bx1LLEBvapi1rBJnPxDTZHGchdutYANXDdd5AiG1x0BJqI8oz6gZW5CsRbJTEV7k4RRLU/la/ww5o3ZlBCU+59Gig7iYhcMIG3GhAY6SeDKrP/H/dz1d2iJbGotd0Uen1b1HytUqgC8CBXrj/f3h1qsC2r1rxcvUBEA3Eci/KhxdoD1W+/y+DVvK/zDhWdK5HsW5ENGkjz5XRpKWPYrQ5bB3I/HGPmFORTpf3Vyy2i5uiFcqMoS8Vk+YybAuy3i1JuVA6G16ezlvaI5bUEk5Va/5+buQ+IDA5/ixtsWUBCDjRNGNfhTuB4uiD7OVf0cUuhcvIQU5LtGkm1XiArYXJWzqQ6jc01N1sQC2bGohz5Z6AdwNHIB+wl4yT0hgae4dKPFRAjfr3ZkJCif4xaXv7rZSD5lrZ/LBE9Z3yok0sSRzvFT/4D4c0GMAQvz7o1TTgEcGlPRQ+SZeMCPLoSbboppf5vbobftM62kGcwZ2zASZPP/vvMgGHuTlqZyqwGdKgvz+h+yrKM40Vsdxw7YJcwqUijnQlXbaGzex9lNlkLk8++LapPRAAFDKtbKqyNaEo/tMNROOGPUrz76SViNCRacLm1L4OfkbsZT4zlGxlgqp8PMCiFxd0obTdY36RT4LFVX2DG09w+cKQVukFEUTOV+TRYSk6vtQCaobJHE4JK3GH4m43dOM9JKjXi4L0gsrf15HdfDOfeDtPaV+c4J8po3v7ZTzeVDAGH3QdVTHe59A32I11SxO+4onIEhm33NIa7LVFq0HYxOALNPXrgikSJA+pVZV37bbva7oiepPc+/P+P6J1G86QjW+Dm8ghw3Dt1QQvR59UfxWajHDqBT2kXP5qIiMqoFjvAIkCPUsSEtkHc0tMa8Y8fTE1O83q+LMf8k7WeqTQVfGpLvVJgAybkknbsJ1mXeove38Iw3kVFVtBaE7sXYlL3TAcPnXwx5Hw2ykEivzmlRWPw92rZ/Rkl+WYTBpv/xyM91AXIK2DZzygIjkse0bQ7wL/oy94EtZW8GqjfhRljXZXmPWsJol/l/pXm5GBPiX+mjxfU3585hOzAfJqzLtSw34EB2n3mXoMGtt0cgySuYfVLSzaNUdWhmJCmvxjs2tTSnWHwF2FKWcLrD61PDJOvb4JRi7UNRVpbBTczC6V+jz2bxOmYuzZOr/nidOUER7HSafPNISqJTyLQns3e0kKm8F4WrifybdOyxxl4oEAXgqAPPGNhb+ND+lMhQgoE13L1kIjoMtP53LE2u2G/RjSCQB6EiV+lYLjEjnnc1p211BInLf5UZEh&u=U2FsdGVkX19Ss1VQcQaaXFxLSHIYnlCxyGD70toy8fM=&y=U2FsdGVkX183nGgyssQxAmjUYGZM/SpkHpQoYnvtguk= HTTP/1.1" 200 26
186.102.22.149 - - [14/Jan/2024:00:22:03 -0500] "GET /kwssiamovil/sm/acme/a?s=U2FsdGVkX1/vWTBNGaQhSbhB2JUnED1XW/hk/hOqaEPtjR7tapRCTNBvoNtiESq0YyeMgZkbpX6eI7cbZSA9AH33D9QYW1v5Pg5dtwazaHxFbltYuTepJVDAMjlNwpbHTZJFIAsqGl89VYOkz/zhfVDxCLLyzug38O+cyEK+s3w=&u=U2FsdGVkX19Ss1VQcQaaXFxLSHIYnlCxyGD70toy8fM=&y=U2FsdGVkX183nGgyssQxAmjUYGZM/SpkHpQoYnvtguk= HTTP/1.1" 200 26
186.80.52.0 - - [14/Jan/2024:00:22:03 -0500] "POST /sipse/faces/presentacion/financiero/estudioPrevio/personalSolicitado/asociarProfesionPersonalSolicitado.xhtml HTTP/1.1" 200 21644
186.102.22.149 - - [14/Jan/2024:00:22:04 -0500] "GET /kwssiamovil/sm/acme/a?s=U2FsdGVkX18I3lzQWv4uVxGuYvyeHYO0NbH/4muaT2RpRoURHRqRMe0Suwq1LKMpr+JvX36eJskOcN4+W08uFNifmySpEEiw8sQSzktphGBIJH8aPE7TQkb9O618m3Bwvc6UvR4agFHEBYRNfBcvJvp7rlfGaJeAWlIHgBfsw+k=&u=U2FsdGVkX19Ss1VQcQaaXFxLSHIYnlCxyGD70toy8fM=&y=U2FsdGVkX183nGgyssQxAmjUYGZM/SpkHpQoYnvtguk= HTTP/1.1" 200 26
186.102.22.149 - - [14/Jan/2024:00:22:04 -0500] "GET /kwssiamovil/sm/acme/a?s=U2FsdGVkX18wAe9OisFQdzUSA5+hZ3EyGIX+APrQ2bcySFTGJOovY17Rpb0LfVp2k4ITbPJRGPYU2orjZ/Y0iQf+lakzyzzNgj863Z8ApwWp9E+sr+v3lcnI1kKK4je+nz3vgtgqjhCq/SFmDvXop1NjK51jLP3jWqV5pbijN78=&u=U2FsdGVkX19Ss1VQcQaaXFxLSHIYnlCxyGD70toy8fM=&y=U2FsdGVkX183nGgyssQxAmjUYGZM/SpkHpQoYnvtguk= HTTP/1.1" 200 26
186.102.22.149 - - [14/Jan/2024:00:22:04 -0500] "GET /kwssiamovil/sm/acme/a?s=U2FsdGVkX1/J2UkeL5jcy+RwkzUhbCiseRDpjtv4+hXrlksbNrH+yPPtCghoCIK8xi5w18tQ/rcfSZdnwQ0NeYZqnwkuePFJY0zlCcO+SfJuQhk586EjD4nFbhi+01OaDV89QtRLk3uvIiuKaQ1pv0dY3Ra4wQjDb5CQ0Nh7OG9pVBUJl7S03mTZQrbpLevg&u=U2FsdGVkX19Ss1VQcQaaXFxLSHIYnlCxyGD70toy8fM=&y=U2FsdGVkX183nGgyssQxAmjUYGZM/SpkHpQoYnvtguk= HTTP/1.1" 200 26
186.80.52.0 - - [14/Jan/2024:00:22:08 -0500] "POST /sipse/faces/presentacion/financiero/estudioPrevio/personalSolicitado/asociarProfesionPersonalSolicitado.xhtml HTTP/1.1" 200 21565
186.80.52.0 - - [14/Jan/2024:00:22:11 -0500] "POST /sipse/faces/presentacion/financiero/estudioPrevio/personalSolicitado/asociarProfesionPersonalSolicitado.xhtml HTTP/1.1" 200 21596
186.80.52.0 - - [14/Jan/2024:00:22:14 -0500] "POST /sipse/faces/presentacion/financiero/estudioPrevio/personalSolicitado/asociarProfesionPersonalSolicitado.xhtml HTTP/1.1" 200 21628
186.80.52.0 - - [14/Jan/2024:00:22:16 -0500] "POST /sipse/faces/presentacion/financiero/estudioPrevio/personalSolicitado/asociarProfesionPersonalSolicitado.xhtml HTTP/1.1" 200 21846
186.80.52.0 - - [14/Jan/2024:00:22:19 -0500] "POST /sipse/faces/presentacion/financiero/estudioPrevio/personalSolicitado/asociarProfesionPersonalSolicitado.xhtml HTTP/1.1" 200 21585
201.245.192.253 - - [14/Jan/2024:00:22:22 -0500] "POST /forms/lservlet;jsessionid=ac16012b30d6daf3d1e69b9448f9b338854e2531f358.e3iSbxaKaheRe34Rb3eTbx8LaNb0n6jAmljGr5XDqQLvpAe HTTP/1.1" 200 2
186.80.52.0 - - [14/Jan/2024:00:22:24 -0500] "POST /sipse/faces/presentacion/financiero/estudioPrevio/personalSolicitado/asociarProfesionPersonalSolicitado.xhtml HTTP/1.1" 200 21565
216.244.66.195 - - [14/Jan/2024:00:22:26 -0500] "GET /BLA/resoluciones/AUTOS%202020/2180.pdf HTTP/1.1" 200 354154
186.80.52.0 - - [14/Jan/2024:00:22:27 -0500] "POST /sipse/faces/presentacion/financiero/estudioPrevio/personalSolicitado/asociarProfesionPersonalSolicitado.xhtml HTTP/1.1" 200 53267
186.80.52.0 - - [14/Jan/2024:00:22:27 -0500] "GET /sipse/faces/javax.faces.resource/theme.css?ln=primefaces-sipse HTTP/1.1" 304 -
186.80.52.0 - - [14/Jan/2024:00:22:27 -0500] "GET /sipse/faces/javax.faces.resource/primefaces.css?ln=primefaces&v=4.0 HTTP/1.1" 304 -
186.80.52.0 - - [14/Jan/2024:00:22:27 -0500] "GET /sipse/faces/javax.faces.resource/jquery/jquery.js?ln=primefaces&v=4.0 HTTP/1.1" 304 -
186.80.52.0 - - [14/Jan/2024:00:22:27 -0500] "GET /sipse/faces/javax.faces.resource/layout/layout.css?ln=primefaces&v=4.0 HTTP/1.1" 304 -
186.80.52.0 - - [14/Jan/2024:00:22:27 -0500] "GET /sipse/faces/javax.faces.resource/jquery/jquery-plugins.js?ln=primefaces&v=4.0 HTTP/1.1" 304 -
186.80.52.0 - - [14/Jan/2024:00:22:27 -0500] "GET /sipse/faces/javax.faces.resource/primefaces.js?ln=primefaces&v=4.0 HTTP/1.1" 304 -
186.80.52.0 - - [14/Jan/2024:00:22:27 -0500] "GET /sipse/faces/javax.faces.resource/layout/layout.js?ln=primefaces&v=4.0 HTTP/1.1" 304 -
186.80.52.0 - - [14/Jan/2024:00:22:29 -0500] "POST /sipse/faces/presentacion/financiero/estudioPrevio/personalSolicitado/personalSolicitadoSolicitudProceso.xhtml HTTP/1.1" 200 36798
186.80.52.0 - - [14/Jan/2024:00:22:29 -0500] "GET /sipse/faces/javax.faces.resource/theme.css?ln=primefaces-sipse HTTP/1.1" 304 -
186.80.52.0 - - [14/Jan/2024:00:22:29 -0500] "GET /sipse/faces/javax.faces.resource/primefaces.css?ln=primefaces&v=4.0 HTTP/1.1" 304 -
186.80.52.0 - - [14/Jan/2024:00:22:29 -0500] "GET /sipse/faces/javax.faces.resource/jquery/jquery.js?ln=primefaces&v=4.0 HTTP/1.1" 304 -
186.80.52.0 - - [14/Jan/2024:00:22:30 -0500] "GET /sipse/faces/javax.faces.resource/jquery/jquery-plugins.js?ln=primefaces&v=4.0 HTTP/1.1" 304 -
186.80.52.0 - - [14/Jan/2024:00:22:30 -0500] "GET /sipse/faces/javax.faces.resource/primefaces.js?ln=primefaces&v=4.0 HTTP/1.1" 304 -
186.80.52.0 - - [14/Jan/2024:00:22:30 -0500] "GET /sipse/faces/javax.faces.resource/layout/layout.js?ln=primefaces&v=4.0 HTTP/1.1" 304 -
186.80.52.0 - - [14/Jan/2024:00:22:30 -0500] "GET /sipse/faces/javax.faces.resource/layout/layout.css?ln=primefaces&v=4.0 HTTP/1.1" 304 -
186.80.52.0 - - [14/Jan/2024:00:22:36 -0500] "POST /sipse/faces/presentacion/financiero/estudioPrevio/personalSolicitado/asociarProfesionPersonalSolicitado.xhtml HTTP/1.1" 200 2286
186.80.52.0 - - [14/Jan/2024:00:22:39 -0500] "GET /sipse/faces/javax.faces.resource/theme.css?ln=primefaces-sipse HTTP/1.1" 304 -
186.80.52.0 - - [14/Jan/2024:00:22:39 -0500] "GET /sipse/faces/javax.faces.resource/layout/layout.css?ln=primefaces&v=4.0 HTTP/1.1" 304 -
186.80.52.0 - - [14/Jan/2024:00:22:39 -0500] "GET /sipse/faces/javax.faces.resource/primefaces.css?ln=primefaces&v=4.0 HTTP/1.1" 304 -
186.80.52.0 - - [14/Jan/2024:00:22:39 -0500] "GET /sipse/faces/javax.faces.resource/jquery/jquery.js?ln=primefaces&v=4.0 HTTP/1.1" 304 -
186.80.52.0 - - [14/Jan/2024:00:22:39 -0500] "GET /sipse/faces/javax.faces.resource/jquery/jquery-plugins.js?ln=primefaces&v=4.0 HTTP/1.1" 304 -
186.80.52.0 - - [14/Jan/2024:00:22:38 -0500] "POST /sipse/faces/presentacion/financiero/estudioPrevio/personalSolicitado/asociarProfesionPersonalSolicitado.xhtml HTTP/1.1" 200 54547
186.80.52.0 - - [14/Jan/2024:00:22:39 -0500] "GET /sipse/faces/javax.faces.resource/primefaces.js?ln=primefaces&v=4.0 HTTP/1.1" 304 -
186.80.52.0 - - [14/Jan/2024:00:22:39 -0500] "GET /sipse/faces/javax.faces.resource/layout/layout.js?ln=primefaces&v=4.0 HTTP/1.1" 304 -
186.80.52.0 - - [14/Jan/2024:00:22:44 -0500] "POST /sipse/faces/presentacion/financiero/estudioPrevio/personalSolicitado/personalSolicitadoSolicitudProceso.xhtml HTTP/1.1" 200 36802
186.80.52.0 - - [14/Jan/2024:00:22:44 -0500] "GET /sipse/faces/javax.faces.resource/primefaces.css?ln=primefaces&v=4.0 HTTP/1.1" 304 -
186.80.52.0 - - [14/Jan/2024:00:22:44 -0500] "GET /sipse/faces/javax.faces.resource/theme.css?ln=primefaces-sipse HTTP/1.1" 304 -
186.80.52.0 - - [14/Jan/2024:00:22:44 -0500] "GET /sipse/faces/javax.faces.resource/layout/layout.css?ln=primefaces&v=4.0 HTTP/1.1" 304 -
186.80.52.0 - - [14/Jan/2024:00:22:44 -0500] "GET /sipse/faces/javax.faces.resource/jquery/jquery.js?ln=primefaces&v=4.0 HTTP/1.1" 304 -
186.80.52.0 - - [14/Jan/2024:00:22:44 -0500] "GET /sipse/faces/javax.faces.resource/jquery/jquery-plugins.js?ln=primefaces&v=4.0 HTTP/1.1" 304 -
186.80.52.0 - - [14/Jan/2024:00:22:45 -0500] "GET /sipse/faces/javax.faces.resource/primefaces.js?ln=primefaces&v=4.0 HTTP/1.1" 304 -
186.80.52.0 - - [14/Jan/2024:00:22:45 -0500] "GET /sipse/faces/javax.faces.resource/layout/layout.js?ln=primefaces&v=4.0 HTTP/1.1" 304 -
186.80.52.0 - - [14/Jan/2024:00:22:47 -0500] "POST /sipse/faces/presentacion/financiero/estudioPrevio/personalSolicitado/asociarProfesionPersonalSolicitado.xhtml HTTP/1.1" 200 13297
186.80.52.0 - - [14/Jan/2024:00:22:49 -0500] "POST /sipse/faces/presentacion/financiero/estudioPrevio/personalSolicitado/asociarProfesionPersonalSolicitado.xhtml HTTP/1.1" 200 55807
186.80.52.0 - - [14/Jan/2024:00:22:49 -0500] "GET /sipse/faces/javax.faces.resource/theme.css?ln=primefaces-sipse HTTP/1.1" 304 -
186.80.52.0 - - [14/Jan/2024:00:22:49 -0500] "GET /sipse/faces/javax.faces.resource/jquery/jquery.js?ln=primefaces&v=4.0 HTTP/1.1" 304 -
186.80.52.0 - - [14/Jan/2024:00:22:49 -0500] "GET /sipse/faces/javax.faces.resource/primefaces.css?ln=primefaces&v=4.0 HTTP/1.1" 304 -
186.80.52.0 - - [14/Jan/2024:00:22:49 -0500] "GET /sipse/faces/javax.faces.resource/jquery/jquery-plugins.js?ln=primefaces&v=4.0 HTTP/1.1" 304 -
186.80.52.0 - - [14/Jan/2024:00:22:49 -0500] "GET /sipse/faces/javax.faces.resource/layout/layout.css?ln=primefaces&v=4.0 HTTP/1.1" 304 -
186.80.52.0 - - [14/Jan/2024:00:22:49 -0500] "GET /sipse/faces/javax.faces.resource/primefaces.js?ln=primefaces&v=4.0 HTTP/1.1" 304 -
186.80.52.0 - - [14/Jan/2024:00:22:49 -0500] "GET /sipse/faces/javax.faces.resource/layout/layout.js?ln=primefaces&v=4.0 HTTP/1.1" 304 -
186.80.52.0 - - [14/Jan/2024:00:22:53 -0500] "POST /sipse/faces/presentacion/financiero/estudioPrevio/personalSolicitado/personalSolicitadoSolicitudProceso.xhtml HTTP/1.1" 200 36805
186.80.52.0 - - [14/Jan/2024:00:22:54 -0500] "GET /sipse/faces/javax.faces.resource/primefaces.css?ln=primefaces&v=4.0 HTTP/1.1" 304 -
186.80.52.0 - - [14/Jan/2024:00:22:54 -0500] "GET /sipse/faces/javax.faces.resource/jquery/jquery.js?ln=primefaces&v=4.0 HTTP/1.1" 304 -
186.80.52.0 - - [14/Jan/2024:00:22:54 -0500] "GET /sipse/faces/javax.faces.resource/layout/layout.css?ln=primefaces&v=4.0 HTTP/1.1" 304 -
186.80.52.0 - - [14/Jan/2024:00:22:54 -0500] "GET /sipse/faces/javax.faces.resource/theme.css?ln=primefaces-sipse HTTP/1.1" 304 -
186.80.52.0 - - [14/Jan/2024:00:22:54 -0500] "GET /sipse/faces/javax.faces.resource/jquery/jquery-plugins.js?ln=primefaces&v=4.0 HTTP/1.1" 304 -
186.80.52.0 - - [14/Jan/2024:00:22:54 -0500] "GET /sipse/faces/javax.faces.resource/primefaces.js?ln=primefaces&v=4.0 HTTP/1.1" 304 -
186.80.52.0 - - [14/Jan/2024:00:22:54 -0500] "GET /sipse/faces/javax.faces.resource/layout/layout.js?ln=primefaces&v=4.0 HTTP/1.1" 304 -
216.244.66.195 - - [14/Jan/2024:00:22:56 -0500] "GET /BLA/resoluciones/AUTOS%202020/2232.pdf HTTP/1.1" 200 366003
186.80.52.0 - - [14/Jan/2024:00:22:58 -0500] "POST /sipse/faces/presentacion/financiero/estudioPrevio/personalSolicitado/asociarProfesionPersonalSolicitado.xhtml HTTP/1.1" 200 21315
186.80.52.0 - - [14/Jan/2024:00:23:03 -0500] "POST /sipse/faces/presentacion/financiero/estudioPrevio/personalSolicitado/asociarProfesionPersonalSolicitado.xhtml HTTP/1.1" 200 57081
186.80.52.0 - - [14/Jan/2024:00:23:04 -0500] "GET /sipse/faces/javax.faces.resource/layout/layout.css?ln=primefaces&v=4.0 HTTP/1.1" 304 -
186.80.52.0 - - [14/Jan/2024:00:23:04 -0500] "GET /sipse/faces/javax.faces.resource/jquery/jquery.js?ln=primefaces&v=4.0 HTTP/1.1" 304 -
186.80.52.0 - - [14/Jan/2024:00:23:04 -0500] "GET /sipse/faces/javax.faces.resource/theme.css?ln=primefaces-sipse HTTP/1.1" 304 -
186.80.52.0 - - [14/Jan/2024:00:23:04 -0500] "GET /sipse/faces/javax.faces.resource/primefaces.css?ln=primefaces&v=4.0 HTTP/1.1" 304 -
186.80.52.0 - - [14/Jan/2024:00:23:04 -0500] "GET /sipse/faces/javax.faces.resource/primefaces.js?ln=primefaces&v=4.0 HTTP/1.1" 304 -
186.80.52.0 - - [14/Jan/2024:00:23:04 -0500] "GET /sipse/faces/javax.faces.resource/jquery/jquery-plugins.js?ln=primefaces&v=4.0 HTTP/1.1" 304 -
186.80.52.0 - - [14/Jan/2024:00:23:04 -0500] "GET /sipse/faces/javax.faces.resource/layout/layout.js?ln=primefaces&v=4.0 HTTP/1.1" 304 -
186.80.52.0 - - [14/Jan/2024:00:23:08 -0500] "POST /sipse/faces/presentacion/financiero/estudioPrevio/personalSolicitado/personalSolicitadoSolicitudProceso.xhtml HTTP/1.1" 200 36808
186.80.52.0 - - [14/Jan/2024:00:23:08 -0500] "GET /sipse/faces/javax.faces.resource/theme.css?ln=primefaces-sipse HTTP/1.1" 304 -
186.80.52.0 - - [14/Jan/2024:00:23:08 -0500] "GET /sipse/faces/javax.faces.resource/primefaces.css?ln=primefaces&v=4.0 HTTP/1.1" 304 -
186.80.52.0 - - [14/Jan/2024:00:23:08 -0500] "GET /sipse/faces/javax.faces.resource/layout/layout.css?ln=primefaces&v=4.0 HTTP/1.1" 304 -
186.80.52.0 - - [14/Jan/2024:00:23:08 -0500] "GET /sipse/faces/javax.faces.resource/jquery/jquery.js?ln=primefaces&v=4.0 HTTP/1.1" 304 -
186.80.52.0 - - [14/Jan/2024:00:23:08 -0500] "GET /sipse/faces/javax.faces.resource/jquery/jquery-plugins.js?ln=primefaces&v=4.0 HTTP/1.1" 304 -
186.80.52.0 - - [14/Jan/2024:00:23:08 -0500] "GET /sipse/faces/javax.faces.resource/primefaces.js?ln=primefaces&v=4.0 HTTP/1.1" 304 -
186.80.52.0 - - [14/Jan/2024:00:23:08 -0500] "GET /sipse/faces/javax.faces.resource/layout/layout.js?ln=primefaces&v=4.0 HTTP/1.1" 304 -
186.80.52.0 - - [14/Jan/2024:00:23:11 -0500] "POST /sipse/faces/presentacion/financiero/estudioPrevio/personalSolicitado/asociarProfesionPersonalSolicitado.xhtml HTTP/1.1" 200 17158
186.80.52.0 - - [14/Jan/2024:00:23:15 -0500] "GET /sipse/faces/javax.faces.resource/primefaces.css?ln=primefaces&v=4.0 HTTP/1.1" 304 -
186.80.52.0 - - [14/Jan/2024:00:23:15 -0500] "GET /sipse/faces/javax.faces.resource/theme.css?ln=primefaces-sipse HTTP/1.1" 304 -
186.80.52.0 - - [14/Jan/2024:00:23:15 -0500] "GET /sipse/faces/javax.faces.resource/layout/layout.css?ln=primefaces&v=4.0 HTTP/1.1" 304 -
186.80.52.0 - - [14/Jan/2024:00:23:15 -0500] "GET /sipse/faces/javax.faces.resource/jquery/jquery-plugins.js?ln=primefaces&v=4.0 HTTP/1.1" 304 -
186.80.52.0 - - [14/Jan/2024:00:23:15 -0500] "POST /sipse/faces/presentacion/financiero/estudioPrevio/personalSolicitado/asociarProfesionPersonalSolicitado.xhtml HTTP/1.1" 200 57151
186.80.52.0 - - [14/Jan/2024:00:23:15 -0500] "GET /sipse/faces/javax.faces.resource/primefaces.js?ln=primefaces&v=4.0 HTTP/1.1" 304 -
186.80.52.0 - - [14/Jan/2024:00:23:15 -0500] "GET /sipse/faces/javax.faces.resource/jquery/jquery.js?ln=primefaces&v=4.0 HTTP/1.1" 304 -
186.80.52.0 - - [14/Jan/2024:00:23:15 -0500] "GET /sipse/faces/javax.faces.resource/layout/layout.js?ln=primefaces&v=4.0 HTTP/1.1" 304 -
186.80.52.0 - - [14/Jan/2024:00:23:20 -0500] "POST /sipse/faces/presentacion/financiero/estudioPrevio/personalSolicitado/personalSolicitadoSolicitudProceso.xhtml HTTP/1.1" 200 36813
186.80.52.0 - - [14/Jan/2024:00:23:20 -0500] "GET /sipse/faces/javax.faces.resource/theme.css?ln=primefaces-sipse HTTP/1.1" 304 -
186.80.52.0 - - [14/Jan/2024:00:23:20 -0500] "GET /sipse/faces/javax.faces.resource/primefaces.css?ln=primefaces&v=4.0 HTTP/1.1" 304 -
186.80.52.0 - - [14/Jan/2024:00:23:20 -0500] "GET /sipse/faces/javax.faces.resource/layout/layout.css?ln=primefaces&v=4.0 HTTP/1.1" 304 -
186.80.52.0 - - [14/Jan/2024:00:23:20 -0500] "GET /sipse/faces/javax.faces.resource/jquery/jquery.js?ln=primefaces&v=4.0 HTTP/1.1" 304 -
186.80.52.0 - - [14/Jan/2024:00:23:20 -0500] "GET /sipse/faces/javax.faces.resource/jquery/jquery-plugins.js?ln=primefaces&v=4.0 HTTP/1.1" 304 -
186.80.52.0 - - [14/Jan/2024:00:23:20 -0500] "GET /sipse/faces/javax.faces.resource/primefaces.js?ln=primefaces&v=4.0 HTTP/1.1" 304 -
186.80.52.0 - - [14/Jan/2024:00:23:21 -0500] "GET /sipse/faces/javax.faces.resource/layout/layout.js?ln=primefaces&v=4.0 HTTP/1.1" 304 -
186.80.52.0 - - [14/Jan/2024:00:23:24 -0500] "POST /sipse/faces/presentacion/financiero/estudioPrevio/personalSolicitado/asociarProfesionPersonalSolicitado.xhtml HTTP/1.1" 200 21161
186.80.52.0 - - [14/Jan/2024:00:23:27 -0500] "POST /sipse/faces/presentacion/financiero/estudioPrevio/personalSolicitado/asociarProfesionPersonalSolicitado.xhtml HTTP/1.1" 200 57151
186.80.52.0 - - [14/Jan/2024:00:23:27 -0500] "GET /sipse/faces/javax.faces.resource/theme.css?ln=primefaces-sipse HTTP/1.1" 304 -
186.80.52.0 - - [14/Jan/2024:00:23:27 -0500] "GET /sipse/faces/javax.faces.resource/primefaces.css?ln=primefaces&v=4.0 HTTP/1.1" 304 -
186.80.52.0 - - [14/Jan/2024:00:23:27 -0500] "GET /sipse/faces/javax.faces.resource/jquery/jquery.js?ln=primefaces&v=4.0 HTTP/1.1" 304 -
186.80.52.0 - - [14/Jan/2024:00:23:27 -0500] "GET /sipse/faces/javax.faces.resource/jquery/jquery-plugins.js?ln=primefaces&v=4.0 HTTP/1.1" 304 -
186.80.52.0 - - [14/Jan/2024:00:23:27 -0500] "GET /sipse/faces/javax.faces.resource/primefaces.js?ln=primefaces&v=4.0 HTTP/1.1" 304 -
186.80.52.0 - - [14/Jan/2024:00:23:27 -0500] "GET /sipse/faces/javax.faces.resource/layout/layout.css?ln=primefaces&v=4.0 HTTP/1.1" 304 -
186.80.52.0 - - [14/Jan/2024:00:23:27 -0500] "GET /sipse/faces/javax.faces.resource/layout/layout.js?ln=primefaces&v=4.0 HTTP/1.1" 304 -
216.244.66.195 - - [14/Jan/2024:00:23:31 -0500] "GET /BLA/resoluciones/AUTOS%202020/2293.pdf HTTP/1.1" 200 350831
186.80.52.0 - - [14/Jan/2024:00:23:33 -0500] "GET /sipse/faces/javax.faces.resource/theme.css?ln=primefaces-sipse HTTP/1.1" 304 -
186.80.52.0 - - [14/Jan/2024:00:23:33 -0500] "GET /sipse/faces/javax.faces.resource/primefaces.css?ln=primefaces&v=4.0 HTTP/1.1" 304 -
186.80.52.0 - - [14/Jan/2024:00:23:33 -0500] "GET /sipse/faces/javax.faces.resource/layout/layout.css?ln=primefaces&v=4.0 HTTP/1.1" 304 -
186.80.52.0 - - [14/Jan/2024:00:23:33 -0500] "GET /sipse/faces/javax.faces.resource/jquery/jquery.js?ln=primefaces&v=4.0 HTTP/1.1" 304 -
186.80.52.0 - - [14/Jan/2024:00:23:33 -0500] "GET /sipse/faces/javax.faces.resource/jquery/jquery-plugins.js?ln=primefaces&v=4.0 HTTP/1.1" 304 -
186.80.52.0 - - [14/Jan/2024:00:23:33 -0500] "GET /sipse/faces/javax.faces.resource/primefaces.js?ln=primefaces&v=4.0 HTTP/1.1" 304 -
186.80.52.0 - - [14/Jan/2024:00:23:32 -0500] "POST /sipse/faces/presentacion/financiero/estudioPrevio/personalSolicitado/personalSolicitadoSolicitudProceso.xhtml HTTP/1.1" 200 180288
186.80.52.0 - - [14/Jan/2024:00:23:33 -0500] "GET /sipse/faces/javax.faces.resource/layout/layout.js?ln=primefaces&v=4.0 HTTP/1.1" 304 -
201.245.192.253 - - [14/Jan/2024:00:23:42 -0500] "POST /forms/lservlet;jsessionid=ac16012b30d6e9245d4a5ae64507bcdc86473ff87750.e3iSbxaKaheRe34Rb3eTbx8LaNb0n6jAmljGr5XDqQLvpAe HTTP/1.1" 200 2
186.80.52.0 - - [14/Jan/2024:00:23:55 -0500] "POST /sipse/faces/presentacion/financiero/solicitudProceso/consultarSolicitudProceso.xhtml HTTP/1.1" 200 53785
186.80.52.0 - - [14/Jan/2024:00:23:55 -0500] "GET /sipse/faces/javax.faces.resource/theme.css?ln=primefaces-sipse HTTP/1.1" 304 -
186.80.52.0 - - [14/Jan/2024:00:23:55 -0500] "GET /sipse/faces/javax.faces.resource/primefaces.css?ln=primefaces&v=4.0 HTTP/1.1" 304 -
186.80.52.0 - - [14/Jan/2024:00:23:55 -0500] "GET /sipse/faces/javax.faces.resource/layout/layout.css?ln=primefaces&v=4.0 HTTP/1.1" 304 -
186.80.52.0 - - [14/Jan/2024:00:23:55 -0500] "GET /sipse/faces/javax.faces.resource/jquery/jquery.js?ln=primefaces&v=4.0 HTTP/1.1" 304 -
186.80.52.0 - - [14/Jan/2024:00:23:55 -0500] "GET /sipse/faces/javax.faces.resource/jquery/jquery-plugins.js?ln=primefaces&v=4.0 HTTP/1.1" 304 -
186.80.52.0 - - [14/Jan/2024:00:23:55 -0500] "GET /sipse/faces/javax.faces.resource/primefaces.js?ln=primefaces&v=4.0 HTTP/1.1" 304 -
186.80.52.0 - - [14/Jan/2024:00:23:55 -0500] "GET /sipse/faces/javax.faces.resource/layout/layout.js?ln=primefaces&v=4.0 HTTP/1.1" 304 -
186.80.52.0 - - [14/Jan/2024:00:23:57 -0500] "POST /sipse/faces/presentacion/financiero/estudioPrevio/personalSolicitado/personalSolicitadoSolicitudProceso.xhtml HTTP/1.1" 200 4679
186.80.52.0 - - [14/Jan/2024:00:23:59 -0500] "GET /sipse/faces/javax.faces.resource/theme.css?ln=primefaces-sipse HTTP/1.1" 304 -
186.80.52.0 - - [14/Jan/2024:00:23:59 -0500] "GET /sipse/faces/javax.faces.resource/primefaces.css?ln=primefaces&v=4.0 HTTP/1.1" 304 -
186.80.52.0 - - [14/Jan/2024:00:23:59 -0500] "GET /sipse/faces/javax.faces.resource/layout/layout.css?ln=primefaces&v=4.0 HTTP/1.1" 304 -
186.80.52.0 - - [14/Jan/2024:00:23:59 -0500] "GET /sipse/faces/javax.faces.resource/jquery/jquery-plugins.js?ln=primefaces&v=4.0 HTTP/1.1" 304 -
186.80.52.0 - - [14/Jan/2024:00:23:59 -0500] "GET /sipse/faces/javax.faces.resource/layout/layout.js?ln=primefaces&v=4.0 HTTP/1.1" 304 -
186.80.52.0 - - [14/Jan/2024:00:23:59 -0500] "GET /sipse/faces/javax.faces.resource/jquery/jquery.js?ln=primefaces&v=4.0 HTTP/1.1" 304 -
186.80.52.0 - - [14/Jan/2024:00:23:59 -0500] "GET /sipse/faces/javax.faces.resource/primefaces.js?ln=primefaces&v=4.0 HTTP/1.1" 304 -
186.80.52.0 - - [14/Jan/2024:00:23:58 -0500] "POST /sipse/faces/presentacion/financiero/estudioPrevio/personalSolicitado/personalSolicitadoSolicitudProceso.xhtml HTTP/1.1" 200 180288
216.244.66.195 - - [14/Jan/2024:00:24:02 -0500] "GET /BLA/resoluciones/AUTOS%202020/2721.pdf HTTP/1.1" 200 321113
186.80.52.0 - - [14/Jan/2024:00:24:01 -0500] "POST /sipse/faces/presentacion/financiero/solicitudProceso/consultarSolicitudProceso.xhtml HTTP/1.1" 200 66130
186.80.52.0 - - [14/Jan/2024:00:24:03 -0500] "GET /sipse/faces/javax.faces.resource/theme.css?ln=primefaces-sipse HTTP/1.1" 304 -
186.80.52.0 - - [14/Jan/2024:00:24:03 -0500] "GET /sipse/faces/javax.faces.resource/primefaces.css?ln=primefaces&v=4.0 HTTP/1.1" 304 -
186.80.52.0 - - [14/Jan/2024:00:24:03 -0500] "GET /sipse/faces/javax.faces.resource/layout/layout.css?ln=primefaces&v=4.0 HTTP/1.1" 304 -
186.80.52.0 - - [14/Jan/2024:00:24:03 -0500] "GET /sipse/faces/javax.faces.resource/jquery/jquery.js?ln=primefaces&v=4.0 HTTP/1.1" 304 -
186.80.52.0 - - [14/Jan/2024:00:24:03 -0500] "GET /sipse/faces/javax.faces.resource/jquery/jquery-plugins.js?ln=primefaces&v=4.0 HTTP/1.1" 304 -
186.80.52.0 - - [14/Jan/2024:00:24:03 -0500] "GET /sipse/faces/javax.faces.resource/primefaces.js?ln=primefaces&v=4.0 HTTP/1.1" 304 -
186.80.52.0 - - [14/Jan/2024:00:24:03 -0500] "GET /sipse/faces/javax.faces.resource/layout/layout.js?ln=primefaces&v=4.0 HTTP/1.1" 304 -
186.80.52.0 - - [14/Jan/2024:00:24:04 -0500] "POST /sipse/faces/presentacion/financiero/solicitudProceso/listarSolicitudProceso.xhtml HTTP/1.1" 200 1556
186.80.52.0 - - [14/Jan/2024:00:24:06 -0500] "POST /sipse/faces/presentacion/financiero/solicitudProceso/listarSolicitudProceso.xhtml HTTP/1.1" 200 32413
186.80.52.0 - - [14/Jan/2024:00:24:09 -0500] "POST /sipse/faces/presentacion/financiero/solicitudProceso/listarSolicitudProceso.xhtml HTTP/1.1" 200 26646
201.245.192.253 - - [14/Jan/2024:00:24:22 -0500] "POST /forms/lservlet;jsessionid=ac16012b30d6daf3d1e69b9448f9b338854e2531f358.e3iSbxaKaheRe34Rb3eTbx8LaNb0n6jAmljGr5XDqQLvpAe HTTP/1.1" 200 2
216.244.66.195 - - [14/Jan/2024:00:24:29 -0500] "GET /BLA/resoluciones/AUTOS%202020/2735.pdf HTTP/1.1" 200 372653
201.245.192.253 - - [14/Jan/2024:00:24:37 -0500] "POST /kwsrmcab/Wsrmcab HTTP/1.1" 200 38672
201.245.192.253 - - [14/Jan/2024:00:24:40 -0500] "POST /kwsrmcab/Wsrmcab HTTP/1.1" 200 39291
216.244.66.195 - - [14/Jan/2024:00:24:56 -0500] "GET /BLA/resoluciones/AUTOS%202020/3131.pdf HTTP/1.1" 200 356714
216.244.66.195 - - [14/Jan/2024:00:25:22 -0500] "GET /BLA/resoluciones/AUTOS%202020/3598.pdf HTTP/1.1" 200 355198
201.245.192.253 - - [14/Jan/2024:00:25:29 -0500] "POST /kwsrmcab/Wsrmcab  HTTP/1.1" 200 39439
201.245.192.253 - - [14/Jan/2024:00:25:42 -0500] "POST /forms/lservlet;jsessionid=ac16012b30d6e9245d4a5ae64507bcdc86473ff87750.e3iSbxaKaheRe34Rb3eTbx8LaNb0n6jAmljGr5XDqQLvpAe HTTP/1.1" 200 2
216.244.66.195 - - [14/Jan/2024:00:25:48 -0500] "GET /BLA/resoluciones/AUTOS%202020/3646.pdf HTTP/1.1" 200 384395
216.245.221.92 - - [14/Jan/2024:00:25:50 -0500] "HEAD / HTTP/1.1" 200 -
216.244.66.195 - - [14/Jan/2024:00:26:12 -0500] "GET /BLA/resoluciones/AUTOS%202020/3677.pdf HTTP/1.1" 200 341292
201.245.192.253 - - [14/Jan/2024:00:26:22 -0500] "POST /forms/lservlet;jsessionid=ac16012b30d6daf3d1e69b9448f9b338854e2531f358.e3iSbxaKaheRe34Rb3eTbx8LaNb0n6jAmljGr5XDqQLvpAe HTTP/1.1" 200 2
216.244.66.195 - - [14/Jan/2024:00:26:37 -0500] "GET /BLA/resoluciones/AUTOS%202020/3750.pdf HTTP/1.1" 200 360348
172.22.2.4 - - [14/Jan/2024:00:25:09 -0500] "HEAD /BLA/boletinlegal/ HTTP/1.1" 200 -
216.244.66.195 - - [14/Jan/2024:00:27:00 -0500] "GET /BLA/resoluciones/AUTOS%202020/3760.pdf HTTP/1.1" 200 1237866
216.244.66.195 - - [14/Jan/2024:00:27:21 -0500] "GET /BLA/resoluciones/AUTOS%202020/3835.pdf HTTP/1.1" 200 357567
172.22.2.4 - - [14/Jan/2024:00:26:00 -0500] "GET /BLA/boletinlegal/ HTTP/1.1" 200 58666
216.244.66.195 - - [14/Jan/2024:00:27:41 -0500] "GET /BLA/resoluciones/AUTOS%202020/3969.pdf HTTP/1.1" 200 455272
201.245.192.253 - - [14/Jan/2024:00:27:42 -0500] "POST /forms/lservlet;jsessionid=ac16012b30d6e9245d4a5ae64507bcdc86473ff87750.e3iSbxaKaheRe34Rb3eTbx8LaNb0n6jAmljGr5XDqQLvpAe HTTP/1.1" 200 2
216.244.66.195 - - [14/Jan/2024:00:28:00 -0500] "GET /BLA/resoluciones/AUTOS%202020/4379.pdf HTTP/1.1" 200 418131
69.63.189.9 - - [14/Jan/2024:00:28:10 -0500] "GET /images/arbol%20centro.jpg HTTP/1.1" 200 69467
216.244.66.195 - - [14/Jan/2024:00:28:18 -0500] "GET /BLA/resoluciones/AUTOS%202020/4388.pdf HTTP/1.1" 200 406994
201.245.192.253 - - [14/Jan/2024:00:28:22 -0500] "POST /forms/lservlet;jsessionid=ac16012b30d6daf3d1e69b9448f9b338854e2531f358.e3iSbxaKaheRe34Rb3eTbx8LaNb0n6jAmljGr5XDqQLvpAe HTTP/1.1" 200 2
216.244.66.195 - - [14/Jan/2024:00:28:34 -0500] "GET /BLA/resoluciones/AUTOS%202020/4709.pdf HTTP/1.1" 200 461117
216.244.66.195 - - [14/Jan/2024:00:28:50 -0500] "GET /BLA/resoluciones/AUTOS%202020/4763.pdf HTTP/1.1" 200 1030661
201.245.192.253 - - [14/Jan/2024:00:28:55 -0500] "POST /kwsrmcab/Wsrmcab HTTP/1.1" 200 38672
216.244.66.195 - - [14/Jan/2024:00:29:05 -0500] "GET /BLA/resoluciones/AUTOS%202020/4784.pdf HTTP/1.1" 200 406693
186.80.52.0 - - [14/Jan/2024:00:29:13 -0500] "POST /sipse/faces/presentacion/financiero/solicitudProceso/listarSolicitudProceso.xhtml HTTP/1.1" 200 32445
186.80.52.0 - - [14/Jan/2024:00:29:15 -0500] "POST /sipse/faces/presentacion/financiero/solicitudProceso/listarSolicitudProceso.xhtml HTTP/1.1" 200 26646
216.244.66.195 - - [14/Jan/2024:00:29:19 -0500] "GET /BLA/resoluciones/AUTOS%202022/0175.pdf HTTP/1.1" 200 368725
186.80.52.0 - - [14/Jan/2024:00:29:20 -0500] "POST /sipse/faces/presentacion/financiero/solicitudProceso/listarSolicitudProceso.xhtml HTTP/1.1" 200 2445
