201.245.192.253 - - [14/Jan/2024:02:38:55 -0500] "POST /kwsrmcab/Wsrmcab HTTP/1.1" 200 38685
201.245.192.253 - - [14/Jan/2024:02:39:34 -0500] "POST /kwsrmcab/Wsrmcab HTTP/1.1" 200 39289
201.245.192.253 - - [14/Jan/2024:02:39:42 -0500] "POST /forms/lservlet;jsessionid=ac16012b30d6e9245d4a5ae64507bcdc86473ff87750.e3iSbxaKaheRe34Rb3eTbx8LaNb0n6jAmljGr5XDqQLvpAe HTTP/1.1" 200 2
183.199.124.81 - - [14/Jan/2024:02:39:59 -0500] "GET /BLA/boletinlegal/Directivas/2016/Directiva%20No.%2002%20del%2019%20de%20Abril%20de%202016.pdf HTTP/1.1" 200 11898321
173.252.107.8 - - [14/Jan/2024:02:40:10 -0500] "GET /secretaria-de-ambiente-abre-las-votaciones-para-definir-las-mejores-practicas-ambientales-en-las-entidades-publicas.html HTTP/1.1" 200 996
173.252.83.3 - - [14/Jan/2024:02:40:11 -0500] "GET /images/buenas-practicas-ambientales21-octubre.jpg HTTP/1.1" 200 77514
201.245.192.253 - - [14/Jan/2024:02:40:23 -0500] "POST /forms/lservlet;jsessionid=ac16012b30d6daf3d1e69b9448f9b338854e2531f358.e3iSbxaKaheRe34Rb3eTbx8LaNb0n6jAmljGr5XDqQLvpAe HTTP/1.1" 200 2
173.252.127.20 - - [14/Jan/2024:02:40:26 -0500] "GET /secretaria-de-ambiente-abre-las-votaciones-para-definir-las-mejores-practicas-ambientales-en-las-entidades-publicas.html HTTP/1.1" 200 996
173.252.127.17 - - [14/Jan/2024:02:40:26 -0500] "GET /tres-entidades-distritales-ganadoras-del-concurso-al-trabajo-en-bici.html HTTP/1.1" 200 945
216.245.221.92 - - [14/Jan/2024:02:40:50 -0500] "HEAD / HTTP/1.1" 200 -
172.22.2.4 - - [14/Jan/2024:02:39:19 -0500] "HEAD /BLA/boletinlegal/ HTTP/1.1" 200 -
201.245.192.253 - - [14/Jan/2024:02:41:42 -0500] "POST /forms/lservlet;jsessionid=ac16012b30d6e9245d4a5ae64507bcdc86473ff87750.e3iSbxaKaheRe34Rb3eTbx8LaNb0n6jAmljGr5XDqQLvpAe HTTP/1.1" 200 2
172.22.2.4 - - [14/Jan/2024:02:40:10 -0500] "GET /BLA/boletinlegal/ HTTP/1.1" 200 58666
201.245.192.253 - - [14/Jan/2024:02:41:54 -0500] "POST /kwsrmcab/Wsrmcab  HTTP/1.1" 200 39439
201.245.192.253 - - [14/Jan/2024:02:42:23 -0500] "POST /forms/lservlet;jsessionid=ac16012b30d6daf3d1e69b9448f9b338854e2531f358.e3iSbxaKaheRe34Rb3eTbx8LaNb0n6jAmljGr5XDqQLvpAe HTTP/1.1" 200 2
117.95.223.221 - - [14/Jan/2024:02:42:24 -0500] "GET /BLA/boletinlegal/Directivas/2016/Directiva%20No.%2002%20del%2019%20de%20Abril%20de%202016.pdf HTTP/1.1" 200 11898321
201.245.192.253 - - [14/Jan/2024:02:43:42 -0500] "POST /forms/lservlet;jsessionid=ac16012b30d6e9245d4a5ae64507bcdc86473ff87750.e3iSbxaKaheRe34Rb3eTbx8LaNb0n6jAmljGr5XDqQLvpAe HTTP/1.1" 200 2
116.26.24.38 - - [14/Jan/2024:02:44:19 -0500] "GET /BLA/boletinlegal/Directivas/2016/Directiva%20No.%2002%20del%2019%20de%20Abril%20de%202016.pdf HTTP/1.1" 200 11898321
201.245.192.253 - - [14/Jan/2024:02:44:23 -0500] "POST /forms/lservlet;jsessionid=ac16012b30d6daf3d1e69b9448f9b338854e2531f358.e3iSbxaKaheRe34Rb3eTbx8LaNb0n6jAmljGr5XDqQLvpAe HTTP/1.1" 200 2
162.55.162.137 - - [14/Jan/2024:02:44:35 -0500] "GET / HTTP/1.1" 200 319
162.55.162.137 - - [14/Jan/2024:02:44:38 -0500] "GET / HTTP/1.1" 200 4720
172.22.2.4 - - [14/Jan/2024:02:44:45 -0500] "GET /BLA/boletinlegal/Directivas/2019/Directiva%20No.%200001%20del%2011%20de%20junio%20de%202019.pdf HTTP/1.1" 304 -
173.252.87.5 - - [14/Jan/2024:02:45:05 -0500] "GET /images/PREAD%20SDA%201.jpeg HTTP/1.1" 200 65620
173.252.79.7 - - [14/Jan/2024:02:45:05 -0500] "GET /images/Aves%20SDA.jpeg HTTP/1.1" 200 75104
173.252.87.4 - - [14/Jan/2024:02:45:05 -0500] "GET /images/terrazas%20verdes.jpg HTTP/1.1" 200 63951
173.252.87.118 - - [14/Jan/2024:02:45:05 -0500] "GET /images/arbol%20centro.jpg HTTP/1.1" 200 69467
173.252.95.6 - - [14/Jan/2024:02:45:05 -0500] "GET /images/agua%20bogota.jpg HTTP/1.1" 200 74348
172.22.2.4 - - [14/Jan/2024:02:45:22 -0500] "GET /BLA/boletinlegal/favicon.ico HTTP/1.1" 404 1018
173.252.95.4 - - [14/Jan/2024:02:45:30 -0500] "GET /images/reconocimiento%20practicas%20ambientales.jpg HTTP/1.1" 200 63397
66.220.149.15 - - [14/Jan/2024:02:45:30 -0500] "GET /images/participacion%2019-12-23.jpg HTTP/1.1" 200 73861
172.22.2.4 - - [14/Jan/2024:02:45:02 -0500] "GET /BLA/boletinlegal/ HTTP/1.1" 200 20427
201.245.192.253 - - [14/Jan/2024:02:45:42 -0500] "POST /forms/lservlet;jsessionid=ac16012b30d6e9245d4a5ae64507bcdc86473ff87750.e3iSbxaKaheRe34Rb3eTbx8LaNb0n6jAmljGr5XDqQLvpAe HTTP/1.1" 200 2
216.245.221.92 - - [14/Jan/2024:02:45:50 -0500] "HEAD / HTTP/1.1" 200 -
27.19.111.142 - - [14/Jan/2024:02:45:55 -0500] "GET /BLA/boletinlegal/Directivas/2016/Directiva%20No.%2002%20del%2019%20de%20Abril%20de%202016.pdf HTTP/1.1" 200 11898321
47.128.38.17 - - [14/Jan/2024:02:45:59 -0500] "GET /BLA/resoluciones/dlf/dirup.png HTTP/1.1" 200 644
47.128.38.17 - - [14/Jan/2024:02:45:59 -0500] "GET /BLA/resoluciones/dlf/pdf.gif HTTP/1.1" 200 272
172.22.2.4 - - [14/Jan/2024:02:45:06 -0500] "GET /BLA/boletinlegal/ HTTP/1.1" 200 32715
152.61.192.232 - - [14/Jan/2024:02:46:19 -0500] "GET /arcgis/services/Calidad_del_Agua_WQI/MapServer/WMSServer?request=GetCapabilities&service=WMS HTTP/1.1" 503 1020
152.61.192.232 - - [14/Jan/2024:02:46:21 -0500] "GET /arcgis/services/Calidad_del_Agua_WQI/MapServer/WMSServer?SERVICE=WMS&REQUEST=GetCapabilities HTTP/1.1" 503 1020
152.61.192.232 - - [14/Jan/2024:02:46:21 -0500] "GET /arcgis/services/Calidad_del_Agua_WQI/MapServer/WMSServer?WMTVER=1.0.0&REQUEST=capabilities HTTP/1.1" 503 1020
201.245.192.253 - - [14/Jan/2024:02:46:23 -0500] "POST /forms/lservlet;jsessionid=ac16012b30d6daf3d1e69b9448f9b338854e2531f358.e3iSbxaKaheRe34Rb3eTbx8LaNb0n6jAmljGr5XDqQLvpAe HTTP/1.1" 200 2
47.128.38.17 - - [14/Jan/2024:02:45:58 -0500] "GET /BLA/resoluciones/index.php?dir=AUTOS%202014%2F&order=asc&sort=name HTTP/1.1" 200 891340
47.128.38.17 - - [14/Jan/2024:02:46:31 -0500] "GET /BLA/resoluciones/dlf/unknown.png HTTP/1.1" 200 266
173.252.79.120 - - [14/Jan/2024:02:46:35 -0500] "GET /images/Musgo%2017%20-%2012%20-%202023.jpeg HTTP/1.1" 200 66238
172.22.2.4 - - [14/Jan/2024:02:45:09 -0500] "HEAD /BLA/boletinlegal/ HTTP/1.1" 200 -
201.245.192.253 - - [14/Jan/2024:02:46:52 -0500] "POST /kwsrmcab/Wsrmcab  HTTP/1.1" 200 39439
172.22.2.4 - - [14/Jan/2024:02:46:00 -0500] "GET /BLA/boletinlegal/ HTTP/1.1" 200 58166
201.245.192.253 - - [14/Jan/2024:02:47:42 -0500] "POST /forms/lservlet;jsessionid=ac16012b30d6e9245d4a5ae64507bcdc86473ff87750.e3iSbxaKaheRe34Rb3eTbx8LaNb0n6jAmljGr5XDqQLvpAe HTTP/1.1" 200 2
157.55.39.52 - - [14/Jan/2024:02:47:47 -0500] "GET /BLA/resoluciones/AUTOS%202020/2777.pdf HTTP/1.1" 200 365415
122.234.177.86 - - [14/Jan/2024:02:48:03 -0500] "GET /BLA/boletinlegal/Directivas/2016/Directiva%20No.%2002%20del%2019%20de%20Abril%20de%202016.pdf HTTP/1.1" 200 11898321
201.245.192.253 - - [14/Jan/2024:02:48:23 -0500] "POST /forms/lservlet;jsessionid=ac16012b30d6daf3d1e69b9448f9b338854e2531f358.e3iSbxaKaheRe34Rb3eTbx8LaNb0n6jAmljGr5XDqQLvpAe HTTP/1.1" 200 2
216.244.66.195 - - [14/Jan/2024:02:49:24 -0500] "GET /BLA/resoluciones/index.php?dir=RESOLUCIONES%202001/&sort=date&order=asc HTTP/1.1" 200 25492
201.245.192.253 - - [14/Jan/2024:02:49:42 -0500] "POST /forms/lservlet;jsessionid=ac16012b30d6e9245d4a5ae64507bcdc86473ff87750.e3iSbxaKaheRe34Rb3eTbx8LaNb0n6jAmljGr5XDqQLvpAe HTTP/1.1" 200 2
201.245.192.253 - - [14/Jan/2024:02:50:23 -0500] "POST /forms/lservlet;jsessionid=ac16012b30d6daf3d1e69b9448f9b338854e2531f358.e3iSbxaKaheRe34Rb3eTbx8LaNb0n6jAmljGr5XDqQLvpAe HTTP/1.1" 200 2
157.55.39.11 - - [14/Jan/2024:02:50:27 -0500] "GET /BLA/resoluciones/AUTOS%202023/5750.pdf HTTP/1.1" 200 502438
216.245.221.92 - - [14/Jan/2024:02:50:50 -0500] "HEAD / HTTP/1.1" 200 -
201.245.192.253 - - [14/Jan/2024:02:51:42 -0500] "POST /forms/lservlet;jsessionid=ac16012b30d6e9245d4a5ae64507bcdc86473ff87750.e3iSbxaKaheRe34Rb3eTbx8LaNb0n6jAmljGr5XDqQLvpAe HTTP/1.1" 200 2
207.46.13.7 - - [14/Jan/2024:02:51:49 -0500] "GET /gran-mercado-campesino-en-bogota.html HTTP/1.1" 200 759
201.245.192.253 - - [14/Jan/2024:02:51:51 -0500] "POST /kwsrmcab/Wsrmcab  HTTP/1.1" 200 39439
201.245.192.253 - - [14/Jan/2024:02:52:23 -0500] "POST /forms/lservlet;jsessionid=ac16012b30d6daf3d1e69b9448f9b338854e2531f358.e3iSbxaKaheRe34Rb3eTbx8LaNb0n6jAmljGr5XDqQLvpAe HTTP/1.1" 200 2
172.22.2.4 - - [14/Jan/2024:02:50:59 -0500] "HEAD /BLA/boletinlegal/ HTTP/1.1" 200 -
61.147.15.67 - - [14/Jan/2024:02:52:43 -0500] "GET /favicon.ico HTTP/1.1" 200 7782
172.22.2.4 - - [14/Jan/2024:02:51:50 -0500] "GET /BLA/boletinlegal/ HTTP/1.1" 200 58166
201.245.192.253 - - [14/Jan/2024:02:53:42 -0500] "POST /forms/lservlet;jsessionid=ac16012b30d6e9245d4a5ae64507bcdc86473ff87750.e3iSbxaKaheRe34Rb3eTbx8LaNb0n6jAmljGr5XDqQLvpAe HTTP/1.1" 200 2
201.245.192.253 - - [14/Jan/2024:02:54:23 -0500] "POST /forms/lservlet;jsessionid=ac16012b30d6daf3d1e69b9448f9b338854e2531f358.e3iSbxaKaheRe34Rb3eTbx8LaNb0n6jAmljGr5XDqQLvpAe HTTP/1.1" 200 2
216.244.66.195 - - [14/Jan/2024:02:54:47 -0500] "GET /BLA/resoluciones/AUTOS%202015/3418.pdf HTTP/1.1" 200 508092
216.244.66.195 - - [14/Jan/2024:02:54:52 -0500] "GET /BLA/resoluciones/AUTOS%202018/0239.pdf HTTP/1.1" 200 427614
216.244.66.195 - - [14/Jan/2024:02:54:57 -0500] "GET /BLA/resoluciones/AUTOS%202018/0506.pdf HTTP/1.1" 200 300244
216.244.66.195 - - [14/Jan/2024:02:55:01 -0500] "GET /BLA/resoluciones/AUTOS%202018/0652.pdf HTTP/1.1" 200 340004
216.244.66.195 - - [14/Jan/2024:02:55:05 -0500] "GET /BLA/resoluciones/AUTOS%202018/0726.pdf HTTP/1.1" 200 275523
216.244.66.195 - - [14/Jan/2024:02:55:25 -0500] "GET /BLA/resoluciones/AUTOS%202018/1053.pdf HTTP/1.1" 200 1097929
216.244.66.195 - - [14/Jan/2024:02:55:42 -0500] "GET /BLA/resoluciones/AUTOS%202018/1373.pdf HTTP/1.1" 200 1451818
201.245.192.253 - - [14/Jan/2024:02:55:42 -0500] "POST /forms/lservlet;jsessionid=ac16012b30d6e9245d4a5ae64507bcdc86473ff87750.e3iSbxaKaheRe34Rb3eTbx8LaNb0n6jAmljGr5XDqQLvpAe HTTP/1.1" 200 2
61.147.15.67 - - [14/Jan/2024:02:55:46 -0500] "GET / HTTP/1.1" 200 319
216.245.221.92 - - [14/Jan/2024:02:55:50 -0500] "HEAD / HTTP/1.1" 200 -
61.147.15.65 - - [14/Jan/2024:02:55:52 -0500] "GET / HTTP/1.1" 200 319
201.245.192.253 - - [14/Jan/2024:02:56:23 -0500] "POST /forms/lservlet;jsessionid=ac16012b30d6daf3d1e69b9448f9b338854e2531f358.e3iSbxaKaheRe34Rb3eTbx8LaNb0n6jAmljGr5XDqQLvpAe HTTP/1.1" 200 2
216.244.66.195 - - [14/Jan/2024:02:56:25 -0500] "GET /BLA/resoluciones/AUTOS%202018/1458.pdf HTTP/1.1" 200 842012
201.245.192.253 - - [14/Jan/2024:02:56:49 -0500] "POST /kwsrmcab/Wsrmcab  HTTP/1.1" 200 39439
216.244.66.195 - - [14/Jan/2024:02:56:56 -0500] "GET /BLA/resoluciones/AUTOS%202018/1487.pdf HTTP/1.1" 200 282726
216.244.66.195 - - [14/Jan/2024:02:57:25 -0500] "GET /BLA/resoluciones/AUTOS%202018/1738.pdf HTTP/1.1" 200 338227
201.245.192.253 - - [14/Jan/2024:02:57:42 -0500] "POST /forms/lservlet;jsessionid=ac16012b30d6e9245d4a5ae64507bcdc86473ff87750.e3iSbxaKaheRe34Rb3eTbx8LaNb0n6jAmljGr5XDqQLvpAe HTTP/1.1" 200 2
40.77.167.255 - - [14/Jan/2024:02:57:45 -0500] "GET /BLA/resoluciones/RESOLUCIONES%202009/3608.pdf HTTP/1.1" 200 103666
216.244.66.195 - - [14/Jan/2024:02:57:54 -0500] "GET /BLA/resoluciones/AUTOS%202018/1789.pdf HTTP/1.1" 200 3471992
201.245.192.253 - - [14/Jan/2024:02:58:23 -0500] "POST /forms/lservlet;jsessionid=ac16012b30d6daf3d1e69b9448f9b338854e2531f358.e3iSbxaKaheRe34Rb3eTbx8LaNb0n6jAmljGr5XDqQLvpAe HTTP/1.1" 200 2
172.22.2.4 - - [14/Jan/2024:02:56:49 -0500] "HEAD /BLA/boletinlegal/ HTTP/1.1" 200 -
216.244.66.195 - - [14/Jan/2024:02:58:47 -0500] "GET /BLA/resoluciones/AUTOS%202018/2225.pdf HTTP/1.1" 200 338034
216.244.66.195 - - [14/Jan/2024:02:59:20 -0500] "GET /BLA/resoluciones/AUTOS%202018/2256.pdf HTTP/1.1" 200 239974
172.22.2.4 - - [14/Jan/2024:02:57:40 -0500] "GET /BLA/boletinlegal/ HTTP/1.1" 200 59463
201.245.192.253 - - [14/Jan/2024:02:59:42 -0500] "POST /forms/lservlet;jsessionid=ac16012b30d6e9245d4a5ae64507bcdc86473ff87750.e3iSbxaKaheRe34Rb3eTbx8LaNb0n6jAmljGr5XDqQLvpAe HTTP/1.1" 200 2
216.244.66.195 - - [14/Jan/2024:02:59:51 -0500] "GET /BLA/resoluciones/AUTOS%202018/2513.pdf HTTP/1.1" 200 272615
216.244.66.195 - - [14/Jan/2024:03:00:19 -0500] "GET /BLA/resoluciones/AUTOS%202018/2767.pdf HTTP/1.1" 200 338460
201.245.192.253 - - [14/Jan/2024:03:00:23 -0500] "POST /forms/lservlet;jsessionid=ac16012b30d6daf3d1e69b9448f9b338854e2531f358.e3iSbxaKaheRe34Rb3eTbx8LaNb0n6jAmljGr5XDqQLvpAe HTTP/1.1" 200 2
216.244.66.195 - - [14/Jan/2024:03:00:47 -0500] "GET /BLA/resoluciones/AUTOS%202018/2836.pdf HTTP/1.1" 200 2602768
216.245.221.92 - - [14/Jan/2024:03:00:50 -0500] "HEAD / HTTP/1.1" 200 -
216.244.66.195 - - [14/Jan/2024:03:01:32 -0500] "GET /BLA/resoluciones/AUTOS%202018/2863.pdf HTTP/1.1" 200 2331481
201.245.192.253 - - [14/Jan/2024:03:01:42 -0500] "POST /forms/lservlet;jsessionid=ac16012b30d6e9245d4a5ae64507bcdc86473ff87750.e3iSbxaKaheRe34Rb3eTbx8LaNb0n6jAmljGr5XDqQLvpAe HTTP/1.1" 200 2
201.245.192.253 - - [14/Jan/2024:03:01:48 -0500] "POST /kwsrmcab/Wsrmcab  HTTP/1.1" 200 39439
216.244.66.195 - - [14/Jan/2024:03:02:04 -0500] "GET /BLA/resoluciones/AUTOS%202018/2942.pdf HTTP/1.1" 200 255801
201.245.192.253 - - [14/Jan/2024:03:02:23 -0500] "POST /forms/lservlet;jsessionid=ac16012b30d6daf3d1e69b9448f9b338854e2531f358.e3iSbxaKaheRe34Rb3eTbx8LaNb0n6jAmljGr5XDqQLvpAe HTTP/1.1" 200 2
216.244.66.195 - - [14/Jan/2024:03:02:35 -0500] "GET /BLA/resoluciones/AUTOS%202018/3266.pdf HTTP/1.1" 200 2423993
199.16.157.182 - - [14/Jan/2024:03:03:19 -0500] "GET /robots.txt HTTP/1.1" 404 1034
216.244.66.195 - - [14/Jan/2024:03:03:20 -0500] "GET /BLA/resoluciones/AUTOS%202018/3383.pdf HTTP/1.1" 200 485371
199.16.157.182 - - [14/Jan/2024:03:03:20 -0500] "GET /images/pl%C3%A1sticos%20foto%201..jpg HTTP/1.1" 404 1034
201.245.192.253 - - [14/Jan/2024:03:03:42 -0500] "POST /forms/lservlet;jsessionid=ac16012b30d6e9245d4a5ae64507bcdc86473ff87750.e3iSbxaKaheRe34Rb3eTbx8LaNb0n6jAmljGr5XDqQLvpAe HTTP/1.1" 200 2
216.244.66.195 - - [14/Jan/2024:03:03:50 -0500] "GET /BLA/resoluciones/AUTOS%202019/1954.pdf HTTP/1.1" 200 331570
172.22.2.4 - - [14/Jan/2024:03:02:39 -0500] "HEAD /BLA/boletinlegal/ HTTP/1.1" 200 -
216.244.66.195 - - [14/Jan/2024:03:04:21 -0500] "GET /BLA/resoluciones/AUTOS%202019/2085.pdf HTTP/1.1" 200 981005
201.245.192.253 - - [14/Jan/2024:03:04:23 -0500] "POST /forms/lservlet;jsessionid=ac16012b30d6daf3d1e69b9448f9b338854e2531f358.e3iSbxaKaheRe34Rb3eTbx8LaNb0n6jAmljGr5XDqQLvpAe HTTP/1.1" 200 2
216.244.66.195 - - [14/Jan/2024:03:04:51 -0500] "GET /BLA/resoluciones/AUTOS%202019/3211.pdf HTTP/1.1" 200 379882
172.22.2.4 - - [14/Jan/2024:03:03:30 -0500] "GET /BLA/boletinlegal/ HTTP/1.1" 200 58166
216.244.66.195 - - [14/Jan/2024:03:05:30 -0500] "GET /BLA/resoluciones/AUTOS%202019/4264.pdf HTTP/1.1" 200 268958
201.245.192.253 - - [14/Jan/2024:03:05:42 -0500] "POST /forms/lservlet;jsessionid=ac16012b30d6e9245d4a5ae64507bcdc86473ff87750.e3iSbxaKaheRe34Rb3eTbx8LaNb0n6jAmljGr5XDqQLvpAe HTTP/1.1" 200 2
216.245.221.92 - - [14/Jan/2024:03:05:50 -0500] "HEAD / HTTP/1.1" 200 -
216.244.66.195 - - [14/Jan/2024:03:06:00 -0500] "GET /BLA/resoluciones/AUTOS%202020/0022.pdf HTTP/1.1" 200 723415
201.245.192.253 - - [14/Jan/2024:03:06:23 -0500] "POST /forms/lservlet;jsessionid=ac16012b30d6daf3d1e69b9448f9b338854e2531f358.e3iSbxaKaheRe34Rb3eTbx8LaNb0n6jAmljGr5XDqQLvpAe HTTP/1.1" 200 2
216.244.66.195 - - [14/Jan/2024:03:06:31 -0500] "GET /BLA/resoluciones/AUTOS%202020/0554.pdf HTTP/1.1" 200 713458
201.245.192.253 - - [14/Jan/2024:03:06:47 -0500] "POST /kwsrmcab/Wsrmcab  HTTP/1.1" 200 39439
216.244.66.195 - - [14/Jan/2024:03:07:00 -0500] "GET /BLA/resoluciones/AUTOS%202020/0742.pdf HTTP/1.1" 200 345603
40.77.167.28 - - [14/Jan/2024:03:07:27 -0500] "GET /BLA/resoluciones/AUTOS%202020/3704.pdf HTTP/1.1" 200 425781
216.244.66.195 - - [14/Jan/2024:03:07:27 -0500] "GET /BLA/resoluciones/AUTOS%202020/0841.pdf HTTP/1.1" 200 362101
201.245.192.253 - - [14/Jan/2024:03:07:42 -0500] "POST /forms/lservlet;jsessionid=ac16012b30d6e9245d4a5ae64507bcdc86473ff87750.e3iSbxaKaheRe34Rb3eTbx8LaNb0n6jAmljGr5XDqQLvpAe HTTP/1.1" 200 2
216.244.66.195 - - [14/Jan/2024:03:07:53 -0500] "GET /BLA/resoluciones/AUTOS%202020/1120.pdf HTTP/1.1" 200 328506
216.244.66.195 - - [14/Jan/2024:03:08:19 -0500] "GET /BLA/resoluciones/AUTOS%202020/1459.pdf HTTP/1.1" 200 2008260
201.245.192.253 - - [14/Jan/2024:03:08:23 -0500] "POST /forms/lservlet;jsessionid=ac16012b30d6daf3d1e69b9448f9b338854e2531f358.e3iSbxaKaheRe34Rb3eTbx8LaNb0n6jAmljGr5XDqQLvpAe HTTP/1.1" 200 2
216.244.66.195 - - [14/Jan/2024:03:08:45 -0500] "GET /BLA/resoluciones/AUTOS%202020/2202.pdf HTTP/1.1" 200 303853
52.167.144.212 - - [14/Jan/2024:03:08:46 -0500] "GET /portaldeninos/?s=2024 HTTP/1.1" 200 85855
216.244.66.195 - - [14/Jan/2024:03:09:08 -0500] "GET /BLA/resoluciones/AUTOS%202020/2545.pdf HTTP/1.1" 200 295478
216.244.66.195 - - [14/Jan/2024:03:09:31 -0500] "GET /BLA/resoluciones/AUTOS%202020/2580.pdf HTTP/1.1" 200 380775
201.245.192.253 - - [14/Jan/2024:03:09:42 -0500] "POST /forms/lservlet;jsessionid=ac16012b30d6e9245d4a5ae64507bcdc86473ff87750.e3iSbxaKaheRe34Rb3eTbx8LaNb0n6jAmljGr5XDqQLvpAe HTTP/1.1" 200 2
216.244.66.195 - - [14/Jan/2024:03:09:52 -0500] "GET /BLA/resoluciones/AUTOS%202020/2589.pdf HTTP/1.1" 200 366985
172.22.2.4 - - [14/Jan/2024:03:08:29 -0500] "HEAD /BLA/boletinlegal/ HTTP/1.1" 200 -
216.244.66.195 - - [14/Jan/2024:03:10:13 -0500] "GET /BLA/resoluciones/AUTOS%202020/2607.pdf HTTP/1.1" 200 355406
201.245.192.253 - - [14/Jan/2024:03:10:23 -0500] "POST /forms/lservlet;jsessionid=ac16012b30d6daf3d1e69b9448f9b338854e2531f358.e3iSbxaKaheRe34Rb3eTbx8LaNb0n6jAmljGr5XDqQLvpAe HTTP/1.1" 200 2
216.244.66.195 - - [14/Jan/2024:03:10:33 -0500] "GET /BLA/resoluciones/AUTOS%202020/3204.pdf HTTP/1.1" 200 377362
216.245.221.92 - - [14/Jan/2024:03:10:50 -0500] "HEAD / HTTP/1.1" 200 -
216.244.66.195 - - [14/Jan/2024:03:10:51 -0500] "GET /BLA/resoluciones/AUTOS%202020/3622.pdf HTTP/1.1" 200 353502
172.22.2.4 - - [14/Jan/2024:03:09:20 -0500] "GET /BLA/boletinlegal/ HTTP/1.1" 200 51441
216.244.66.195 - - [14/Jan/2024:03:11:09 -0500] "GET /BLA/resoluciones/AUTOS%202020/4375.pdf HTTP/1.1" 200 386965
216.244.66.195 - - [14/Jan/2024:03:11:25 -0500] "GET /BLA/resoluciones/AUTOS%202020/4556.pdf HTTP/1.1" 200 417977
216.244.66.195 - - [14/Jan/2024:03:11:41 -0500] "GET /BLA/resoluciones/AUTOS%202020/4681.pdf HTTP/1.1" 200 388806
201.245.192.253 - - [14/Jan/2024:03:11:42 -0500] "POST /forms/lservlet;jsessionid=ac16012b30d6e9245d4a5ae64507bcdc86473ff87750.e3iSbxaKaheRe34Rb3eTbx8LaNb0n6jAmljGr5XDqQLvpAe HTTP/1.1" 200 2
201.245.192.253 - - [14/Jan/2024:03:11:46 -0500] "POST /kwsrmcab/Wsrmcab  HTTP/1.1" 200 39439
216.244.66.195 - - [14/Jan/2024:03:11:55 -0500] "GET /BLA/resoluciones/AUTOS%202022/1304.pdf HTTP/1.1" 200 360671
216.244.66.195 - - [14/Jan/2024:03:12:09 -0500] "GET /BLA/resoluciones/AUTOS%202022/1315.pdf HTTP/1.1" 200 395739
201.245.192.253 - - [14/Jan/2024:03:12:23 -0500] "POST /forms/lservlet;jsessionid=ac16012b30d6daf3d1e69b9448f9b338854e2531f358.e3iSbxaKaheRe34Rb3eTbx8LaNb0n6jAmljGr5XDqQLvpAe HTTP/1.1" 200 2
216.244.66.195 - - [14/Jan/2024:03:12:25 -0500] "GET /BLA/resoluciones/AUTOS%202022/4582.pdf HTTP/1.1" 200 933768
216.244.66.195 - - [14/Jan/2024:03:12:38 -0500] "GET /BLA/resoluciones/AUTOS%202022/4694.pdf HTTP/1.1" 200 493520
216.244.66.195 - - [14/Jan/2024:03:12:48 -0500] "GET /BLA/resoluciones/AUTOS%202022/4995.pdf HTTP/1.1" 200 497917
216.244.66.195 - - [14/Jan/2024:03:12:59 -0500] "GET /BLA/resoluciones/AUTOS%202022/5027.pdf HTTP/1.1" 200 556439
216.244.66.195 - - [14/Jan/2024:03:13:08 -0500] "GET /BLA/resoluciones/RESOLUCIONES%202018/0178.pdf HTTP/1.1" 200 338976
216.244.66.195 - - [14/Jan/2024:03:13:15 -0500] "GET /BLA/resoluciones/RESOLUCIONES%202018/2911.pdf HTTP/1.1" 200 266153
216.244.66.195 - - [14/Jan/2024:03:13:22 -0500] "GET /BLA/resoluciones/RESOLUCIONES%202018/3397.pdf HTTP/1.1" 200 290103
216.244.66.195 - - [14/Jan/2024:03:13:27 -0500] "GET /BLA/resoluciones/RESOLUCIONES%202018/4106.pdf HTTP/1.1" 200 589678
201.245.192.253 - - [14/Jan/2024:03:13:42 -0500] "POST /forms/lservlet;jsessionid=ac16012b30d6e9245d4a5ae64507bcdc86473ff87750.e3iSbxaKaheRe34Rb3eTbx8LaNb0n6jAmljGr5XDqQLvpAe HTTP/1.1" 200 2
216.244.66.195 - - [14/Jan/2024:03:13:55 -0500] "GET /BLA/resoluciones/RESOLUCIONES%202018/4222.pdf HTTP/1.1" 200 277075
66.249.66.12 - - [14/Jan/2024:03:14:19 -0500] "GET /Publicaciones/2024EE06858.pdf HTTP/1.1" 200 387978
201.245.192.253 - - [14/Jan/2024:03:14:23 -0500] "POST /forms/lservlet;jsessionid=ac16012b30d6daf3d1e69b9448f9b338854e2531f358.e3iSbxaKaheRe34Rb3eTbx8LaNb0n6jAmljGr5XDqQLvpAe HTTP/1.1" 200 2
201.245.192.253 - - [14/Jan/2024:03:14:37 -0500] "POST /kwsrmcab/Wsrmcab HTTP/1.1" 200 38671
201.245.192.253 - - [14/Jan/2024:03:14:40 -0500] "POST /kwsrmcab/Wsrmcab HTTP/1.1" 200 39282
201.245.192.253 - - [14/Jan/2024:03:15:42 -0500] "POST /forms/lservlet;jsessionid=ac16012b30d6e9245d4a5ae64507bcdc86473ff87750.e3iSbxaKaheRe34Rb3eTbx8LaNb0n6jAmljGr5XDqQLvpAe HTTP/1.1" 200 2
199.16.157.182 - - [14/Jan/2024:03:15:43 -0500] "GET /images/cr%C3%B3nica-29-nov-1_optimized.jpeg HTTP/1.1" 404 1034
216.245.221.92 - - [14/Jan/2024:03:15:50 -0500] "HEAD / HTTP/1.1" 200 -
172.22.2.4 - - [14/Jan/2024:03:14:19 -0500] "HEAD /BLA/boletinlegal/ HTTP/1.1" 200 -
201.245.192.253 - - [14/Jan/2024:03:16:23 -0500] "POST /forms/lservlet;jsessionid=ac16012b30d6daf3d1e69b9448f9b338854e2531f358.e3iSbxaKaheRe34Rb3eTbx8LaNb0n6jAmljGr5XDqQLvpAe HTTP/1.1" 200 2
201.245.192.253 - - [14/Jan/2024:03:16:44 -0500] "POST /kwsrmcab/Wsrmcab  HTTP/1.1" 200 39439
172.22.2.4 - - [14/Jan/2024:03:15:10 -0500] "GET /BLA/boletinlegal/ HTTP/1.1" 200 58666
201.245.192.253 - - [14/Jan/2024:03:17:42 -0500] "POST /forms/lservlet;jsessionid=ac16012b30d6e9245d4a5ae64507bcdc86473ff87750.e3iSbxaKaheRe34Rb3eTbx8LaNb0n6jAmljGr5XDqQLvpAe HTTP/1.1" 200 2
52.167.144.214 - - [14/Jan/2024:03:18:03 -0500] "GET /BLA/resoluciones/AUTOS%202022/0547.pdf HTTP/1.1" 200 356316
172.22.2.4 - - [14/Jan/2024:03:17:26 -0500] "GET /BLA/boletinlegal/ HTTP/1.1" 200 32715
201.245.192.253 - - [14/Jan/2024:03:18:23 -0500] "POST /forms/lservlet;jsessionid=ac16012b30d6daf3d1e69b9448f9b338854e2531f358.e3iSbxaKaheRe34Rb3eTbx8LaNb0n6jAmljGr5XDqQLvpAe HTTP/1.1" 200 2
201.245.192.253 - - [14/Jan/2024:03:18:55 -0500] "POST /kwsrmcab/Wsrmcab HTTP/1.1" 200 38671
201.245.192.253 - - [14/Jan/2024:03:19:42 -0500] "POST /forms/lservlet;jsessionid=ac16012b30d6e9245d4a5ae64507bcdc86473ff87750.e3iSbxaKaheRe34Rb3eTbx8LaNb0n6jAmljGr5XDqQLvpAe HTTP/1.1" 200 2
201.245.192.253 - - [14/Jan/2024:03:19:56 -0500] "POST /kwsrmcab/Wsrmcab HTTP/1.1" 200 39282
201.245.192.253 - - [14/Jan/2024:03:20:23 -0500] "POST /forms/lservlet;jsessionid=ac16012b30d6daf3d1e69b9448f9b338854e2531f358.e3iSbxaKaheRe34Rb3eTbx8LaNb0n6jAmljGr5XDqQLvpAe HTTP/1.1" 200 2
216.245.221.92 - - [14/Jan/2024:03:20:50 -0500] "HEAD / HTTP/1.1" 200 -
201.245.192.253 - - [14/Jan/2024:03:21:42 -0500] "POST /forms/lservlet;jsessionid=ac16012b30d6e9245d4a5ae64507bcdc86473ff87750.e3iSbxaKaheRe34Rb3eTbx8LaNb0n6jAmljGr5XDqQLvpAe HTTP/1.1" 200 2
201.245.192.253 - - [14/Jan/2024:03:21:43 -0500] "POST /kwsrmcab/Wsrmcab  HTTP/1.1" 200 39439
172.22.2.4 - - [14/Jan/2024:03:20:09 -0500] "HEAD /BLA/boletinlegal/ HTTP/1.1" 200 -
201.245.192.253 - - [14/Jan/2024:03:22:23 -0500] "POST /forms/lservlet;jsessionid=ac16012b30d6daf3d1e69b9448f9b338854e2531f358.e3iSbxaKaheRe34Rb3eTbx8LaNb0n6jAmljGr5XDqQLvpAe HTTP/1.1" 200 2
172.22.2.4 - - [14/Jan/2024:03:21:00 -0500] "GET /BLA/boletinlegal/ HTTP/1.1" 200 60529
201.245.192.253 - - [14/Jan/2024:03:23:42 -0500] "POST /forms/lservlet;jsessionid=ac16012b30d6e9245d4a5ae64507bcdc86473ff87750.e3iSbxaKaheRe34Rb3eTbx8LaNb0n6jAmljGr5XDqQLvpAe HTTP/1.1" 200 2
201.245.192.253 - - [14/Jan/2024:03:24:23 -0500] "POST /forms/lservlet;jsessionid=ac16012b30d6daf3d1e69b9448f9b338854e2531f358.e3iSbxaKaheRe34Rb3eTbx8LaNb0n6jAmljGr5XDqQLvpAe HTTP/1.1" 200 2
201.245.192.253 - - [14/Jan/2024:03:24:36 -0500] "POST /kwsrmcab/Wsrmcab HTTP/1.1" 200 38671
201.245.192.253 - - [14/Jan/2024:03:24:40 -0500] "POST /kwsrmcab/Wsrmcab HTTP/1.1" 200 39282
201.245.192.253 - - [14/Jan/2024:03:25:42 -0500] "POST /forms/lservlet;jsessionid=ac16012b30d6e9245d4a5ae64507bcdc86473ff87750.e3iSbxaKaheRe34Rb3eTbx8LaNb0n6jAmljGr5XDqQLvpAe HTTP/1.1" 200 2
216.245.221.92 - - [14/Jan/2024:03:25:50 -0500] "HEAD / HTTP/1.1" 200 -
201.245.192.253 - - [14/Jan/2024:03:26:23 -0500] "POST /forms/lservlet;jsessionid=ac16012b30d6daf3d1e69b9448f9b338854e2531f358.e3iSbxaKaheRe34Rb3eTbx8LaNb0n6jAmljGr5XDqQLvpAe HTTP/1.1" 200 2
201.245.192.253 - - [14/Jan/2024:03:26:42 -0500] "POST /kwsrmcab/Wsrmcab  HTTP/1.1" 200 39439
172.22.2.4 - - [14/Jan/2024:03:25:59 -0500] "HEAD /BLA/boletinlegal/ HTTP/1.1" 200 -
201.245.192.253 - - [14/Jan/2024:03:27:42 -0500] "POST /forms/lservlet;jsessionid=ac16012b30d6e9245d4a5ae64507bcdc86473ff87750.e3iSbxaKaheRe34Rb3eTbx8LaNb0n6jAmljGr5XDqQLvpAe HTTP/1.1" 200 2
201.245.192.253 - - [14/Jan/2024:03:28:23 -0500] "POST /forms/lservlet;jsessionid=ac16012b30d6daf3d1e69b9448f9b338854e2531f358.e3iSbxaKaheRe34Rb3eTbx8LaNb0n6jAmljGr5XDqQLvpAe HTTP/1.1" 200 2
172.22.2.4 - - [14/Jan/2024:03:26:50 -0500] "GET /BLA/boletinlegal/ HTTP/1.1" 200 60996
201.245.192.253 - - [14/Jan/2024:03:28:55 -0500] "POST /kwsrmcab/Wsrmcab HTTP/1.1" 200 38671
216.244.66.195 - - [14/Jan/2024:03:29:04 -0500] "GET /robots.txt HTTP/1.1" 404 1018
201.245.192.253 - - [14/Jan/2024:03:29:34 -0500] "POST /kwsrmcab/Wsrmcab HTTP/1.1" 200 39282
201.245.192.253 - - [14/Jan/2024:03:29:42 -0500] "POST /forms/lservlet;jsessionid=ac16012b30d6e9245d4a5ae64507bcdc86473ff87750.e3iSbxaKaheRe34Rb3eTbx8LaNb0n6jAmljGr5XDqQLvpAe HTTP/1.1" 200 2
201.245.192.253 - - [14/Jan/2024:03:30:23 -0500] "POST /forms/lservlet;jsessionid=ac16012b30d6daf3d1e69b9448f9b338854e2531f358.e3iSbxaKaheRe34Rb3eTbx8LaNb0n6jAmljGr5XDqQLvpAe HTTP/1.1" 200 2
216.245.221.92 - - [14/Jan/2024:03:30:50 -0500] "HEAD / HTTP/1.1" 200 -
201.245.192.253 - - [14/Jan/2024:03:31:43 -0500] "POST /forms/lservlet;jsessionid=ac16012b30d6e9245d4a5ae64507bcdc86473ff87750.e3iSbxaKaheRe34Rb3eTbx8LaNb0n6jAmljGr5XDqQLvpAe HTTP/1.1" 200 2
201.245.192.253 - - [14/Jan/2024:03:31:41 -0500] "POST /kwsrmcab/Wsrmcab  HTTP/1.1" 200 39439
201.245.192.253 - - [14/Jan/2024:03:32:23 -0500] "POST /forms/lservlet;jsessionid=ac16012b30d6daf3d1e69b9448f9b338854e2531f358.e3iSbxaKaheRe34Rb3eTbx8LaNb0n6jAmljGr5XDqQLvpAe HTTP/1.1" 200 2
172.22.2.4 - - [14/Jan/2024:03:31:49 -0500] "HEAD /BLA/boletinlegal/ HTTP/1.1" 200 -
201.245.192.253 - - [14/Jan/2024:03:33:43 -0500] "POST /forms/lservlet;jsessionid=ac16012b30d6e9245d4a5ae64507bcdc86473ff87750.e3iSbxaKaheRe34Rb3eTbx8LaNb0n6jAmljGr5XDqQLvpAe HTTP/1.1" 200 2
172.22.2.4 - - [14/Jan/2024:03:32:40 -0500] "GET /BLA/boletinlegal/ HTTP/1.1" 200 60529
201.245.192.253 - - [14/Jan/2024:03:34:23 -0500] "POST /forms/lservlet;jsessionid=ac16012b30d6daf3d1e69b9448f9b338854e2531f358.e3iSbxaKaheRe34Rb3eTbx8LaNb0n6jAmljGr5XDqQLvpAe HTTP/1.1" 200 2
201.245.192.253 - - [14/Jan/2024:03:34:37 -0500] "POST /kwsrmcab/Wsrmcab HTTP/1.1" 200 38671
201.245.192.253 - - [14/Jan/2024:03:34:40 -0500] "POST /kwsrmcab/Wsrmcab HTTP/1.1" 200 39282
201.245.192.253 - - [14/Jan/2024:03:35:43 -0500] "POST /forms/lservlet;jsessionid=ac16012b30d6e9245d4a5ae64507bcdc86473ff87750.e3iSbxaKaheRe34Rb3eTbx8LaNb0n6jAmljGr5XDqQLvpAe HTTP/1.1" 200 2
216.245.221.92 - - [14/Jan/2024:03:35:50 -0500] "HEAD / HTTP/1.1" 200 -
201.245.192.253 - - [14/Jan/2024:03:36:23 -0500] "POST /forms/lservlet;jsessionid=ac16012b30d6daf3d1e69b9448f9b338854e2531f358.e3iSbxaKaheRe34Rb3eTbx8LaNb0n6jAmljGr5XDqQLvpAe HTTP/1.1" 200 2
201.245.192.253 - - [14/Jan/2024:03:36:40 -0500] "POST /kwsrmcab/Wsrmcab  HTTP/1.1" 200 39439
201.245.192.253 - - [14/Jan/2024:03:37:43 -0500] "POST /forms/lservlet;jsessionid=ac16012b30d6e9245d4a5ae64507bcdc86473ff87750.e3iSbxaKaheRe34Rb3eTbx8LaNb0n6jAmljGr5XDqQLvpAe HTTP/1.1" 200 2
201.245.192.253 - - [14/Jan/2024:03:38:23 -0500] "POST /forms/lservlet;jsessionid=ac16012b30d6daf3d1e69b9448f9b338854e2531f358.e3iSbxaKaheRe34Rb3eTbx8LaNb0n6jAmljGr5XDqQLvpAe HTTP/1.1" 200 2
201.245.192.253 - - [14/Jan/2024:03:38:55 -0500] "POST /kwsrmcab/Wsrmcab HTTP/1.1" 200 38671
172.22.2.4 - - [14/Jan/2024:03:37:39 -0500] "HEAD /BLA/boletinlegal/ HTTP/1.1" 200 -
201.245.192.253 - - [14/Jan/2024:03:39:33 -0500] "POST /kwsrmcab/Wsrmcab HTTP/1.1" 200 39282
201.245.192.253 - - [14/Jan/2024:03:39:43 -0500] "POST /forms/lservlet;jsessionid=ac16012b30d6e9245d4a5ae64507bcdc86473ff87750.e3iSbxaKaheRe34Rb3eTbx8LaNb0n6jAmljGr5XDqQLvpAe HTTP/1.1" 200 2
172.22.2.4 - - [14/Jan/2024:03:38:30 -0500] "GET /BLA/boletinlegal/ HTTP/1.1" 200 60996
201.245.192.253 - - [14/Jan/2024:03:40:23 -0500] "POST /forms/lservlet;jsessionid=ac16012b30d6daf3d1e69b9448f9b338854e2531f358.e3iSbxaKaheRe34Rb3eTbx8LaNb0n6jAmljGr5XDqQLvpAe HTTP/1.1" 200 2
216.245.221.92 - - [14/Jan/2024:03:40:50 -0500] "HEAD / HTTP/1.1" 200 -
173.252.107.3 - - [14/Jan/2024:03:41:27 -0500] "GET /investigadores-del-jardin-botanico-de-bogota-descubren-primera-especie-de-cedro-endemica-de-colombia.html HTTP/1.1" 200 1003
201.245.192.253 - - [14/Jan/2024:03:41:39 -0500] "POST /kwsrmcab/Wsrmcab  HTTP/1.1" 200 39439
201.245.192.253 - - [14/Jan/2024:03:41:43 -0500] "POST /forms/lservlet;jsessionid=ac16012b30d6e9245d4a5ae64507bcdc86473ff87750.e3iSbxaKaheRe34Rb3eTbx8LaNb0n6jAmljGr5XDqQLvpAe HTTP/1.1" 200 2
216.244.66.195 - - [14/Jan/2024:03:41:56 -0500] "GET /BLA/resoluciones/AUTOS%202022/3077.zip HTTP/1.1" 200 441649
216.244.66.195 - - [14/Jan/2024:03:42:02 -0500] "GET /BLA/resoluciones/AUTOS%202022/3422.pdf HTTP/1.1" 200 411877
201.245.192.253 - - [14/Jan/2024:03:42:23 -0500] "POST /forms/lservlet;jsessionid=ac16012b30d6daf3d1e69b9448f9b338854e2531f358.e3iSbxaKaheRe34Rb3eTbx8LaNb0n6jAmljGr5XDqQLvpAe HTTP/1.1" 200 2
51.159.164.227 - - [14/Jan/2024:03:42:28 -0500] "HEAD / HTTP/1.1" 200 -
51.159.164.227 - - [14/Jan/2024:03:42:29 -0500] "GET / HTTP/1.1" 200 319
51.159.164.227 - - [14/Jan/2024:03:42:29 -0500] "GET /favicon.ico HTTP/1.1" 200 7782
216.244.66.195 - - [14/Jan/2024:03:42:40 -0500] "GET /BLA/resoluciones/AUTOS%202022/3445.pdf HTTP/1.1" 200 395028
216.244.66.195 - - [14/Jan/2024:03:43:12 -0500] "GET /BLA/resoluciones/AUTOS%202022/4213.pdf HTTP/1.1" 200 374624
201.245.192.253 - - [14/Jan/2024:03:43:43 -0500] "POST /forms/lservlet;jsessionid=ac16012b30d6e9245d4a5ae64507bcdc86473ff87750.e3iSbxaKaheRe34Rb3eTbx8LaNb0n6jAmljGr5XDqQLvpAe HTTP/1.1" 200 2
216.244.66.195 - - [14/Jan/2024:03:43:55 -0500] "GET /BLA/resoluciones/AUTOS%202022/4762.pdf HTTP/1.1" 200 376433
201.245.192.253 - - [14/Jan/2024:03:44:23 -0500] "POST /forms/lservlet;jsessionid=ac16012b30d6daf3d1e69b9448f9b338854e2531f358.e3iSbxaKaheRe34Rb3eTbx8LaNb0n6jAmljGr5XDqQLvpAe HTTP/1.1" 200 2
216.244.66.195 - - [14/Jan/2024:03:44:27 -0500] "GET /BLA/resoluciones/AUTOS%202022/5100.pdf HTTP/1.1" 200 416193
216.244.66.195 - - [14/Jan/2024:03:45:07 -0500] "GET /BLA/resoluciones/AUTOS%202022/5417.pdf HTTP/1.1" 200 375771
172.22.2.4 - - [14/Jan/2024:03:43:29 -0500] "HEAD /BLA/boletinlegal/ HTTP/1.1" 200 -
168.119.253.48 - - [14/Jan/2024:03:45:19 -0500] "GET / HTTP/1.1" 200 4720
168.119.253.48 - - [14/Jan/2024:03:45:20 -0500] "GET / HTTP/1.1" 200 319
216.244.66.195 - - [14/Jan/2024:03:45:37 -0500] "GET /BLA/resoluciones/AUTOS%202022/5520.pdf HTTP/1.1" 200 426213
201.245.192.253 - - [14/Jan/2024:03:45:43 -0500] "POST /forms/lservlet;jsessionid=ac16012b30d6e9245d4a5ae64507bcdc86473ff87750.e3iSbxaKaheRe34Rb3eTbx8LaNb0n6jAmljGr5XDqQLvpAe HTTP/1.1" 200 2
216.245.221.92 - - [14/Jan/2024:03:45:50 -0500] "HEAD / HTTP/1.1" 200 -
172.22.2.4 - - [14/Jan/2024:03:44:20 -0500] "GET /BLA/boletinlegal/ HTTP/1.1" 200 60996
216.244.66.195 - - [14/Jan/2024:03:46:11 -0500] "GET /BLA/resoluciones/RESOLUCIONES%202011/0056.pdf HTTP/1.1" 200 363108
201.245.192.253 - - [14/Jan/2024:03:46:23 -0500] "POST /forms/lservlet;jsessionid=ac16012b30d6daf3d1e69b9448f9b338854e2531f358.e3iSbxaKaheRe34Rb3eTbx8LaNb0n6jAmljGr5XDqQLvpAe HTTP/1.1" 200 2
201.245.192.253 - - [14/Jan/2024:03:46:38 -0500] "POST /kwsrmcab/Wsrmcab  HTTP/1.1" 200 39439
216.244.66.195 - - [14/Jan/2024:03:46:43 -0500] "GET /BLA/resoluciones/RESOLUCIONES%202011/0371.pdf HTTP/1.1" 200 66487
216.244.66.195 - - [14/Jan/2024:03:47:12 -0500] "GET /BLA/resoluciones/RESOLUCIONES%202011/0573.pdf HTTP/1.1" 200 67393
216.244.66.195 - - [14/Jan/2024:03:47:38 -0500] "GET /BLA/resoluciones/RESOLUCIONES%202011/0629.pdf HTTP/1.1" 200 339734
201.245.192.253 - - [14/Jan/2024:03:47:43 -0500] "POST /forms/lservlet;jsessionid=ac16012b30d6e9245d4a5ae64507bcdc86473ff87750.e3iSbxaKaheRe34Rb3eTbx8LaNb0n6jAmljGr5XDqQLvpAe HTTP/1.1" 200 2
216.244.66.195 - - [14/Jan/2024:03:48:07 -0500] "GET /BLA/resoluciones/RESOLUCIONES%202011/0638.pdf HTTP/1.1" 200 307269
201.245.192.253 - - [14/Jan/2024:03:48:23 -0500] "POST /forms/lservlet;jsessionid=ac16012b30d6daf3d1e69b9448f9b338854e2531f358.e3iSbxaKaheRe34Rb3eTbx8LaNb0n6jAmljGr5XDqQLvpAe HTTP/1.1" 200 2
216.244.66.195 - - [14/Jan/2024:03:48:34 -0500] "GET /BLA/resoluciones/RESOLUCIONES%202011/0715.pdf HTTP/1.1" 200 248657
216.244.66.195 - - [14/Jan/2024:03:48:59 -0500] "GET /BLA/resoluciones/RESOLUCIONES%202011/0992.pdf HTTP/1.1" 200 70369
216.244.66.195 - - [14/Jan/2024:03:49:21 -0500] "GET /BLA/resoluciones/RESOLUCIONES%202011/1073.pdf HTTP/1.1" 200 72547
216.244.66.195 - - [14/Jan/2024:03:49:42 -0500] "GET /BLA/resoluciones/RESOLUCIONES%202011/1109.pdf HTTP/1.1" 200 262443
201.245.192.253 - - [14/Jan/2024:03:49:43 -0500] "POST /forms/lservlet;jsessionid=ac16012b30d6e9245d4a5ae64507bcdc86473ff87750.e3iSbxaKaheRe34Rb3eTbx8LaNb0n6jAmljGr5XDqQLvpAe HTTP/1.1" 200 2
216.244.66.195 - - [14/Jan/2024:03:50:06 -0500] "GET /BLA/resoluciones/RESOLUCIONES%202011/1185.pdf HTTP/1.1" 200 282978
201.245.192.253 - - [14/Jan/2024:03:50:23 -0500] "POST /forms/lservlet;jsessionid=ac16012b30d6daf3d1e69b9448f9b338854e2531f358.e3iSbxaKaheRe34Rb3eTbx8LaNb0n6jAmljGr5XDqQLvpAe HTTP/1.1" 200 2
216.244.66.195 - - [14/Jan/2024:03:50:26 -0500] "GET /BLA/resoluciones/RESOLUCIONES%202011/1242.pdf HTTP/1.1" 200 175705
216.244.66.195 - - [14/Jan/2024:03:50:44 -0500] "GET /BLA/resoluciones/RESOLUCIONES%202011/1261.pdf HTTP/1.1" 200 368236
216.245.221.92 - - [14/Jan/2024:03:50:50 -0500] "HEAD / HTTP/1.1" 200 -
172.22.2.4 - - [14/Jan/2024:03:49:19 -0500] "HEAD /BLA/boletinlegal/ HTTP/1.1" 200 -
216.244.66.195 - - [14/Jan/2024:03:51:01 -0500] "GET /BLA/resoluciones/RESOLUCIONES%202011/1264.pdf HTTP/1.1" 200 366198
216.244.66.195 - - [14/Jan/2024:03:51:18 -0500] "GET /BLA/resoluciones/RESOLUCIONES%202011/1665.pdf HTTP/1.1" 200 68085
216.244.66.195 - - [14/Jan/2024:03:51:33 -0500] "GET /BLA/resoluciones/AUTOS%202017/4257.pdf HTTP/1.1" 200 840442
201.245.192.253 - - [14/Jan/2024:03:51:36 -0500] "POST /kwsrmcab/Wsrmcab  HTTP/1.1" 200 39439
201.245.192.253 - - [14/Jan/2024:03:51:43 -0500] "POST /forms/lservlet;jsessionid=ac16012b30d6e9245d4a5ae64507bcdc86473ff87750.e3iSbxaKaheRe34Rb3eTbx8LaNb0n6jAmljGr5XDqQLvpAe HTTP/1.1" 200 2
172.22.2.4 - - [14/Jan/2024:03:50:10 -0500] "GET /BLA/boletinlegal/ HTTP/1.1" 200 60529
216.244.66.195 - - [14/Jan/2024:03:52:12 -0500] "GET /BLA/resoluciones/AUTOS%202017/5262.pdf HTTP/1.1" 200 1156841
201.245.192.253 - - [14/Jan/2024:03:52:23 -0500] "POST /forms/lservlet;jsessionid=ac16012b30d6daf3d1e69b9448f9b338854e2531f358.e3iSbxaKaheRe34Rb3eTbx8LaNb0n6jAmljGr5XDqQLvpAe HTTP/1.1" 200 2
216.244.66.195 - - [14/Jan/2024:03:52:43 -0500] "GET /BLA/resoluciones/AUTOS%202018/0070.pdf HTTP/1.1" 200 299710
216.244.66.195 - - [14/Jan/2024:03:53:15 -0500] "GET /BLA/resoluciones/AUTOS%202018/0074.pdf HTTP/1.1" 200 300334
201.245.192.253 - - [14/Jan/2024:03:53:43 -0500] "POST /forms/lservlet;jsessionid=ac16012b30d6e9245d4a5ae64507bcdc86473ff87750.e3iSbxaKaheRe34Rb3eTbx8LaNb0n6jAmljGr5XDqQLvpAe HTTP/1.1" 200 2
216.244.66.195 - - [14/Jan/2024:03:53:44 -0500] "GET /BLA/resoluciones/AUTOS%202018/0384.pdf HTTP/1.1" 200 338098
216.244.66.195 - - [14/Jan/2024:03:54:11 -0500] "GET /BLA/resoluciones/AUTOS%202018/0439.pdf HTTP/1.1" 200 289509
201.245.192.253 - - [14/Jan/2024:03:54:23 -0500] "POST /forms/lservlet;jsessionid=ac16012b30d6daf3d1e69b9448f9b338854e2531f358.e3iSbxaKaheRe34Rb3eTbx8LaNb0n6jAmljGr5XDqQLvpAe HTTP/1.1" 200 2
216.244.66.195 - - [14/Jan/2024:03:54:38 -0500] "GET /BLA/resoluciones/AUTOS%202018/0705.pdf HTTP/1.1" 200 286567
216.244.66.195 - - [14/Jan/2024:03:55:03 -0500] "GET /BLA/resoluciones/AUTOS%202018/0706.PDF HTTP/1.1" 200 11131956
216.244.66.195 - - [14/Jan/2024:03:55:43 -0500] "GET /BLA/resoluciones/AUTOS%202018/1509.pdf HTTP/1.1" 200 466178
201.245.192.253 - - [14/Jan/2024:03:55:43 -0500] "POST /forms/lservlet;jsessionid=ac16012b30d6e9245d4a5ae64507bcdc86473ff87750.e3iSbxaKaheRe34Rb3eTbx8LaNb0n6jAmljGr5XDqQLvpAe HTTP/1.1" 200 2
216.245.221.92 - - [14/Jan/2024:03:55:50 -0500] "HEAD / HTTP/1.1" 200 -
216.244.66.195 - - [14/Jan/2024:03:56:15 -0500] "GET /BLA/resoluciones/AUTOS%202018/1524.pdf HTTP/1.1" 200 318131
201.245.192.253 - - [14/Jan/2024:03:56:23 -0500] "POST /forms/lservlet;jsessionid=ac16012b30d6daf3d1e69b9448f9b338854e2531f358.e3iSbxaKaheRe34Rb3eTbx8LaNb0n6jAmljGr5XDqQLvpAe HTTP/1.1" 200 2
201.245.192.253 - - [14/Jan/2024:03:56:35 -0500] "POST /kwsrmcab/Wsrmcab  HTTP/1.1" 200 39439
216.244.66.195 - - [14/Jan/2024:03:56:45 -0500] "GET /BLA/resoluciones/AUTOS%202018/2698.pdf HTTP/1.1" 200 275958
172.22.2.4 - - [14/Jan/2024:03:55:09 -0500] "HEAD /BLA/boletinlegal/ HTTP/1.1" 200 -
216.244.66.195 - - [14/Jan/2024:03:57:14 -0500] "GET /BLA/resoluciones/AUTOS%202018/2907.pdf HTTP/1.1" 200 365923
172.22.2.4 - - [14/Jan/2024:03:56:00 -0500] "GET /BLA/boletinlegal/ HTTP/1.1" 200 60529
216.244.66.195 - - [14/Jan/2024:03:57:41 -0500] "GET /BLA/resoluciones/AUTOS%202018/3007.pdf HTTP/1.1" 200 274400
201.245.192.253 - - [14/Jan/2024:03:57:43 -0500] "POST /forms/lservlet;jsessionid=ac16012b30d6e9245d4a5ae64507bcdc86473ff87750.e3iSbxaKaheRe34Rb3eTbx8LaNb0n6jAmljGr5XDqQLvpAe HTTP/1.1" 200 2
216.244.66.195 - - [14/Jan/2024:03:58:08 -0500] "GET /BLA/resoluciones/AUTOS%202018/3025.pdf HTTP/1.1" 200 1937517
201.245.192.253 - - [14/Jan/2024:03:58:23 -0500] "POST /forms/lservlet;jsessionid=ac16012b30d6daf3d1e69b9448f9b338854e2531f358.e3iSbxaKaheRe34Rb3eTbx8LaNb0n6jAmljGr5XDqQLvpAe HTTP/1.1" 200 2
216.244.66.195 - - [14/Jan/2024:03:58:47 -0500] "GET /BLA/resoluciones/AUTOS%202018/3151.pdf HTTP/1.1" 200 1085045
216.244.66.195 - - [14/Jan/2024:03:59:27 -0500] "GET /BLA/resoluciones/AUTOS%202018/3480.pdf HTTP/1.1" 200 221644
201.245.192.253 - - [14/Jan/2024:03:59:43 -0500] "POST /forms/lservlet;jsessionid=ac16012b30d6e9245d4a5ae64507bcdc86473ff87750.e3iSbxaKaheRe34Rb3eTbx8LaNb0n6jAmljGr5XDqQLvpAe HTTP/1.1" 200 2
216.244.66.195 - - [14/Jan/2024:03:59:57 -0500] "GET /BLA/resoluciones/AUTOS%202018/3606.pdf HTTP/1.1" 200 322671
201.245.192.253 - - [14/Jan/2024:04:00:23 -0500] "POST /forms/lservlet;jsessionid=ac16012b30d6daf3d1e69b9448f9b338854e2531f358.e3iSbxaKaheRe34Rb3eTbx8LaNb0n6jAmljGr5XDqQLvpAe HTTP/1.1" 200 2
216.244.66.195 - - [14/Jan/2024:04:00:27 -0500] "GET /BLA/resoluciones/AUTOS%202018/3646.pdf HTTP/1.1" 200 314722
216.245.221.92 - - [14/Jan/2024:04:00:50 -0500] "HEAD / HTTP/1.1" 200 -
216.244.66.195 - - [14/Jan/2024:04:00:57 -0500] "GET /BLA/resoluciones/AUTOS%202019/2547.pdf HTTP/1.1" 200 257944
172.22.2.4 - - [14/Jan/2024:04:01:12 -0500] "GET /BLA/boletinlegal/ReportServer HTTP/1.1" 404 1018
216.244.66.195 - - [14/Jan/2024:04:01:24 -0500] "GET /BLA/resoluciones/AUTOS%202020/0007.pdf HTTP/1.1" 200 1989230
201.245.192.253 - - [14/Jan/2024:04:01:33 -0500] "POST /kwsrmcab/Wsrmcab  HTTP/1.1" 200 39439
201.245.192.253 - - [14/Jan/2024:04:01:43 -0500] "POST /forms/lservlet;jsessionid=ac16012b30d6e9245d4a5ae64507bcdc86473ff87750.e3iSbxaKaheRe34Rb3eTbx8LaNb0n6jAmljGr5XDqQLvpAe HTTP/1.1" 200 2
216.244.66.195 - - [14/Jan/2024:04:01:51 -0500] "GET /BLA/resoluciones/AUTOS%202020/0025.pdf HTTP/1.1" 200 413804
216.244.66.195 - - [14/Jan/2024:04:02:17 -0500] "GET /BLA/resoluciones/AUTOS%202020/0029.pdf HTTP/1.1" 200 432174
201.245.192.253 - - [14/Jan/2024:04:02:23 -0500] "POST /forms/lservlet;jsessionid=ac16012b30d6daf3d1e69b9448f9b338854e2531f358.e3iSbxaKaheRe34Rb3eTbx8LaNb0n6jAmljGr5XDqQLvpAe HTTP/1.1" 200 2
172.22.2.4 - - [14/Jan/2024:04:00:59 -0500] "HEAD /BLA/boletinlegal/ HTTP/1.1" 200 -
216.244.66.195 - - [14/Jan/2024:04:02:41 -0500] "GET /BLA/resoluciones/AUTOS%202020/0551.pdf HTTP/1.1" 200 573100
216.244.66.195 - - [14/Jan/2024:04:03:05 -0500] "GET /BLA/resoluciones/AUTOS%202020/1416.pdf HTTP/1.1" 200 486885
216.244.66.195 - - [14/Jan/2024:04:03:27 -0500] "GET /BLA/resoluciones/AUTOS%202020/1918.pdf HTTP/1.1" 200 311842
172.22.2.4 - - [14/Jan/2024:04:01:50 -0500] "GET /BLA/boletinlegal/ HTTP/1.1" 200 60996
201.245.192.253 - - [14/Jan/2024:04:03:43 -0500] "POST /forms/lservlet;jsessionid=ac16012b30d6e9245d4a5ae64507bcdc86473ff87750.e3iSbxaKaheRe34Rb3eTbx8LaNb0n6jAmljGr5XDqQLvpAe HTTP/1.1" 200 2
216.244.66.195 - - [14/Jan/2024:04:03:49 -0500] "GET /BLA/resoluciones/AUTOS%202020/1976.pdf HTTP/1.1" 200 616168
216.244.66.195 - - [14/Jan/2024:04:04:15 -0500] "GET /BLA/resoluciones/AUTOS%202020/2178.pdf HTTP/1.1" 200 355475
201.245.192.253 - - [14/Jan/2024:04:04:23 -0500] "POST /forms/lservlet;jsessionid=ac16012b30d6daf3d1e69b9448f9b338854e2531f358.e3iSbxaKaheRe34Rb3eTbx8LaNb0n6jAmljGr5XDqQLvpAe HTTP/1.1" 200 2
216.244.66.195 - - [14/Jan/2024:04:04:36 -0500] "GET /BLA/resoluciones/AUTOS%202020/2608.pdf HTTP/1.1" 200 379220
216.244.66.195 - - [14/Jan/2024:04:04:56 -0500] "GET /BLA/resoluciones/AUTOS%202020/3455.pdf HTTP/1.1" 200 385706
185.224.128.191 - - [14/Jan/2024:04:05:02 -0500] "GET / HTTP/1.1" 200 319
216.244.66.195 - - [14/Jan/2024:04:05:15 -0500] "GET /BLA/resoluciones/AUTOS%202020/3621.pdf HTTP/1.1" 200 341730
216.244.66.195 - - [14/Jan/2024:04:05:33 -0500] "GET /BLA/resoluciones/AUTOS%202020/4616.pdf HTTP/1.1" 200 400498
201.245.192.253 - - [14/Jan/2024:04:05:43 -0500] "POST /forms/lservlet;jsessionid=ac16012b30d6e9245d4a5ae64507bcdc86473ff87750.e3iSbxaKaheRe34Rb3eTbx8LaNb0n6jAmljGr5XDqQLvpAe HTTP/1.1" 200 2
216.245.221.92 - - [14/Jan/2024:04:05:50 -0500] "HEAD / HTTP/1.1" 200 -
216.244.66.195 - - [14/Jan/2024:04:05:51 -0500] "GET /BLA/resoluciones/AUTOS%202020/4621.pdf HTTP/1.1" 200 404310
216.244.66.195 - - [14/Jan/2024:04:06:07 -0500] "GET /BLA/resoluciones/AUTOS%202022/0033.pdf HTTP/1.1" 200 342461
216.244.66.195 - - [14/Jan/2024:04:06:22 -0500] "GET /BLA/resoluciones/AUTOS%202022/0909.pdf HTTP/1.1" 200 420974
201.245.192.253 - - [14/Jan/2024:04:06:23 -0500] "POST /forms/lservlet;jsessionid=ac16012b30d6daf3d1e69b9448f9b338854e2531f358.e3iSbxaKaheRe34Rb3eTbx8LaNb0n6jAmljGr5XDqQLvpAe HTTP/1.1" 200 2
201.245.192.253 - - [14/Jan/2024:04:06:32 -0500] "POST /kwsrmcab/Wsrmcab  HTTP/1.1" 200 39439
216.244.66.195 - - [14/Jan/2024:04:06:37 -0500] "GET /BLA/resoluciones/AUTOS%202022/1031.pdf HTTP/1.1" 200 426231
216.244.66.195 - - [14/Jan/2024:04:06:50 -0500] "GET /BLA/resoluciones/AUTOS%202022/1195.pdf HTTP/1.1" 200 431102
216.244.66.195 - - [14/Jan/2024:04:07:04 -0500] "GET /BLA/resoluciones/AUTOS%202022/1892.pdf HTTP/1.1" 200 388475
172.22.2.4 - - [14/Jan/2024:04:07:11 -0500] "GET /BLA/boletinlegal/robots.txt HTTP/1.1" 404 1038
172.22.2.4 - - [14/Jan/2024:04:07:12 -0500] "GET /BLA/boletinlegal/jurisprudencia.php HTTP/1.1" 200 17583
216.244.66.195 - - [14/Jan/2024:04:07:15 -0500] "GET /BLA/resoluciones/AUTOS%202022/2008.pdf HTTP/1.1" 200 379830
216.244.66.195 - - [14/Jan/2024:04:07:25 -0500] "GET /BLA/resoluciones/AUTOS%202022/2070.pdf HTTP/1.1" 200 426735
216.244.66.195 - - [14/Jan/2024:04:07:43 -0500] "GET /BLA/resoluciones/AUTOS%202022/2166.pdf HTTP/1.1" 200 415536
201.245.192.253 - - [14/Jan/2024:04:07:43 -0500] "POST /forms/lservlet;jsessionid=ac16012b30d6e9245d4a5ae64507bcdc86473ff87750.e3iSbxaKaheRe34Rb3eTbx8LaNb0n6jAmljGr5XDqQLvpAe HTTP/1.1" 200 2
216.244.66.195 - - [14/Jan/2024:04:07:57 -0500] "GET /BLA/resoluciones/AUTOS%202022/2577.pdf HTTP/1.1" 200 361626
216.244.66.195 - - [14/Jan/2024:04:08:09 -0500] "GET /BLA/resoluciones/AUTOS%202022/2796.pdf HTTP/1.1" 200 447736
216.244.66.195 - - [14/Jan/2024:04:08:21 -0500] "GET /BLA/resoluciones/AUTOS%202022/2933.pdf HTTP/1.1" 200 412036
201.245.192.253 - - [14/Jan/2024:04:08:23 -0500] "POST /forms/lservlet;jsessionid=ac16012b30d6daf3d1e69b9448f9b338854e2531f358.e3iSbxaKaheRe34Rb3eTbx8LaNb0n6jAmljGr5XDqQLvpAe HTTP/1.1" 200 2
172.22.2.4 - - [14/Jan/2024:04:06:49 -0500] "HEAD /BLA/boletinlegal/ HTTP/1.1" 200 -
216.244.66.195 - - [14/Jan/2024:04:08:31 -0500] "GET /BLA/resoluciones/AUTOS%202022/3012.pdf HTTP/1.1" 200 415535
216.244.66.195 - - [14/Jan/2024:04:08:41 -0500] "GET /BLA/resoluciones/AUTOS%202022/3266.pdf HTTP/1.1" 200 486924
216.244.66.195 - - [14/Jan/2024:04:08:50 -0500] "GET /BLA/resoluciones/AUTOS%202022/3501.pdf HTTP/1.1" 200 661348
216.244.66.195 - - [14/Jan/2024:04:09:05 -0500] "GET /BLA/resoluciones/AUTOS%202022/4074.pdf HTTP/1.1" 200 1539364
216.244.66.195 - - [14/Jan/2024:04:09:17 -0500] "GET /BLA/resoluciones/AUTOS%202022/5036.pdf HTTP/1.1" 200 2644200
172.22.2.4 - - [14/Jan/2024:04:07:40 -0500] "GET /BLA/boletinlegal/ HTTP/1.1" 200 58666
201.245.192.253 - - [14/Jan/2024:04:09:43 -0500] "POST /forms/lservlet;jsessionid=ac16012b30d6e9245d4a5ae64507bcdc86473ff87750.e3iSbxaKaheRe34Rb3eTbx8LaNb0n6jAmljGr5XDqQLvpAe HTTP/1.1" 200 2
216.244.66.195 - - [14/Jan/2024:04:09:56 -0500] "GET /BLA/resoluciones/RESOLUCIONES%202010/6900.pdf HTTP/1.1" 200 111561
216.244.66.195 - - [14/Jan/2024:04:10:15 -0500] "GET /BLA/resoluciones/RESOLUCIONES%202018/2706.pdf HTTP/1.1" 200 779842
201.245.192.253 - - [14/Jan/2024:04:10:23 -0500] "POST /forms/lservlet;jsessionid=ac16012b30d6daf3d1e69b9448f9b338854e2531f358.e3iSbxaKaheRe34Rb3eTbx8LaNb0n6jAmljGr5XDqQLvpAe HTTP/1.1" 200 2
216.244.66.195 - - [14/Jan/2024:04:10:34 -0500] "GET /BLA/resoluciones/RESOLUCIONES%202018/2931.pdf HTTP/1.1" 200 273839
216.245.221.92 - - [14/Jan/2024:04:10:50 -0500] "HEAD / HTTP/1.1" 200 -
201.245.192.253 - - [14/Jan/2024:04:11:30 -0500] "POST /kwsrmcab/Wsrmcab  HTTP/1.1" 200 39439
201.245.192.253 - - [14/Jan/2024:04:11:43 -0500] "POST /forms/lservlet;jsessionid=ac16012b30d6e9245d4a5ae64507bcdc86473ff87750.e3iSbxaKaheRe34Rb3eTbx8LaNb0n6jAmljGr5XDqQLvpAe HTTP/1.1" 200 2
201.245.192.253 - - [14/Jan/2024:04:12:23 -0500] "POST /forms/lservlet;jsessionid=ac16012b30d6daf3d1e69b9448f9b338854e2531f358.e3iSbxaKaheRe34Rb3eTbx8LaNb0n6jAmljGr5XDqQLvpAe HTTP/1.1" 200 2
201.245.192.253 - - [14/Jan/2024:04:13:43 -0500] "POST /forms/lservlet;jsessionid=ac16012b30d6e9245d4a5ae64507bcdc86473ff87750.e3iSbxaKaheRe34Rb3eTbx8LaNb0n6jAmljGr5XDqQLvpAe HTTP/1.1" 200 2
172.22.2.4 - - [14/Jan/2024:04:12:39 -0500] "HEAD /BLA/boletinlegal/ HTTP/1.1" 200 -
201.245.192.253 - - [14/Jan/2024:04:14:23 -0500] "POST /forms/lservlet;jsessionid=ac16012b30d6daf3d1e69b9448f9b338854e2531f358.e3iSbxaKaheRe34Rb3eTbx8LaNb0n6jAmljGr5XDqQLvpAe HTTP/1.1" 200 2
201.245.192.253 - - [14/Jan/2024:04:14:36 -0500] "POST /kwsrmcab/Wsrmcab HTTP/1.1" 200 38677
201.245.192.253 - - [14/Jan/2024:04:14:39 -0500] "POST /kwsrmcab/Wsrmcab HTTP/1.1" 200 39283
179.43.178.234 - - [14/Jan/2024:04:15:00 -0500] "GET / HTTP/1.1" 200 319
172.22.2.4 - - [14/Jan/2024:04:13:30 -0500] "GET /BLA/boletinlegal/ HTTP/1.1" 200 60529
201.245.192.253 - - [14/Jan/2024:04:15:43 -0500] "POST /forms/lservlet;jsessionid=ac16012b30d6e9245d4a5ae64507bcdc86473ff87750.e3iSbxaKaheRe34Rb3eTbx8LaNb0n6jAmljGr5XDqQLvpAe HTTP/1.1" 200 2
216.245.221.92 - - [14/Jan/2024:04:15:50 -0500] "HEAD / HTTP/1.1" 200 -
201.245.192.253 - - [14/Jan/2024:04:16:23 -0500] "POST /forms/lservlet;jsessionid=ac16012b30d6daf3d1e69b9448f9b338854e2531f358.e3iSbxaKaheRe34Rb3eTbx8LaNb0n6jAmljGr5XDqQLvpAe HTTP/1.1" 200 2
201.245.192.253 - - [14/Jan/2024:04:16:29 -0500] "POST /kwsrmcab/Wsrmcab  HTTP/1.1" 200 39439
201.245.192.253 - - [14/Jan/2024:04:17:43 -0500] "POST /forms/lservlet;jsessionid=ac16012b30d6e9245d4a5ae64507bcdc86473ff87750.e3iSbxaKaheRe34Rb3eTbx8LaNb0n6jAmljGr5XDqQLvpAe HTTP/1.1" 200 2
201.245.192.253 - - [14/Jan/2024:04:18:23 -0500] "POST /forms/lservlet;jsessionid=ac16012b30d6daf3d1e69b9448f9b338854e2531f358.e3iSbxaKaheRe34Rb3eTbx8LaNb0n6jAmljGr5XDqQLvpAe HTTP/1.1" 200 2
201.245.192.253 - - [14/Jan/2024:04:18:55 -0500] "POST /kwsrmcab/Wsrmcab HTTP/1.1" 200 38677
201.245.192.253 - - [14/Jan/2024:04:19:35 -0500] "POST /kwsrmcab/Wsrmcab HTTP/1.1" 200 39283
201.245.192.253 - - [14/Jan/2024:04:19:43 -0500] "POST /forms/lservlet;jsessionid=ac16012b30d6e9245d4a5ae64507bcdc86473ff87750.e3iSbxaKaheRe34Rb3eTbx8LaNb0n6jAmljGr5XDqQLvpAe HTTP/1.1" 200 2
172.22.2.4 - - [14/Jan/2024:04:18:29 -0500] "HEAD /BLA/boletinlegal/ HTTP/1.1" 200 -
201.245.192.253 - - [14/Jan/2024:04:20:23 -0500] "POST /forms/lservlet;jsessionid=ac16012b30d6daf3d1e69b9448f9b338854e2531f358.e3iSbxaKaheRe34Rb3eTbx8LaNb0n6jAmljGr5XDqQLvpAe HTTP/1.1" 200 2
216.245.221.92 - - [14/Jan/2024:04:20:50 -0500] "HEAD / HTTP/1.1" 200 -
172.22.2.4 - - [14/Jan/2024:04:19:20 -0500] "GET /BLA/boletinlegal/ HTTP/1.1" 200 58666
201.245.192.253 - - [14/Jan/2024:04:21:27 -0500] "POST /kwsrmcab/Wsrmcab  HTTP/1.1" 200 39439
201.245.192.253 - - [14/Jan/2024:04:21:43 -0500] "POST /forms/lservlet;jsessionid=ac16012b30d6e9245d4a5ae64507bcdc86473ff87750.e3iSbxaKaheRe34Rb3eTbx8LaNb0n6jAmljGr5XDqQLvpAe HTTP/1.1" 200 2
216.244.66.195 - - [14/Jan/2024:04:22:21 -0500] "GET /robots.txt HTTP/1.1" 404 1018
201.245.192.253 - - [14/Jan/2024:04:22:23 -0500] "POST /forms/lservlet;jsessionid=ac16012b30d6daf3d1e69b9448f9b338854e2531f358.e3iSbxaKaheRe34Rb3eTbx8LaNb0n6jAmljGr5XDqQLvpAe HTTP/1.1" 200 2
201.245.192.253 - - [14/Jan/2024:04:23:43 -0500] "POST /forms/lservlet;jsessionid=ac16012b30d6e9245d4a5ae64507bcdc86473ff87750.e3iSbxaKaheRe34Rb3eTbx8LaNb0n6jAmljGr5XDqQLvpAe HTTP/1.1" 200 2
201.245.192.253 - - [14/Jan/2024:04:24:23 -0500] "POST /forms/lservlet;jsessionid=ac16012b30d6daf3d1e69b9448f9b338854e2531f358.e3iSbxaKaheRe34Rb3eTbx8LaNb0n6jAmljGr5XDqQLvpAe HTTP/1.1" 200 2
201.245.192.253 - - [14/Jan/2024:04:24:36 -0500] "POST /kwsrmcab/Wsrmcab HTTP/1.1" 200 38677
201.245.192.253 - - [14/Jan/2024:04:24:39 -0500] "POST /kwsrmcab/Wsrmcab HTTP/1.1" 200 39283
14.55.47.55 - - [14/Jan/2024:04:24:52 -0500] "GET http://190.27.245.106:80/phpMyAdmin-2.11.7/scripts/setup.php HTTP/1.0" 403 1165
14.55.47.55 - - [14/Jan/2024:04:24:53 -0500] "GET http://190.27.245.106:80/pma/scripts/setup.php HTTP/1.0" 404 1018
