181.78.209.196 - - [14/Jan/2024:17:24:56 -0500] "GET /sipse/faces/javax.faces.resource/theme.css?ln=primefaces-sipse HTTP/1.1" 304 -
181.78.209.196 - - [14/Jan/2024:17:24:56 -0500] "GET /sipse/faces/javax.faces.resource/jquery/jquery.js?ln=primefaces&v=4.0 HTTP/1.1" 304 -
181.78.209.196 - - [14/Jan/2024:17:24:56 -0500] "GET /sipse/faces/javax.faces.resource/primefaces.css?ln=primefaces&v=4.0 HTTP/1.1" 304 -
181.78.209.196 - - [14/Jan/2024:17:24:56 -0500] "GET /sipse/faces/javax.faces.resource/layout/layout.css?ln=primefaces&v=4.0 HTTP/1.1" 304 -
181.78.209.196 - - [14/Jan/2024:17:24:56 -0500] "GET /sipse/faces/javax.faces.resource/jquery/jquery-plugins.js?ln=primefaces&v=4.0 HTTP/1.1" 304 -
181.78.209.196 - - [14/Jan/2024:17:24:57 -0500] "GET /sipse/faces/javax.faces.resource/primefaces.js?ln=primefaces&v=4.0 HTTP/1.1" 304 -
181.78.209.196 - - [14/Jan/2024:17:24:57 -0500] "GET /sipse/faces/javax.faces.resource/layout/layout.js?ln=primefaces&v=4.0 HTTP/1.1" 304 -
181.78.209.196 - - [14/Jan/2024:17:24:57 -0500] "POST /sipse/faces/presentacion/financiero/solicitudProceso/listarSolicitudProceso.xhtml HTTP/1.1" 200 57823
181.78.209.196 - - [14/Jan/2024:17:24:58 -0500] "POST /sipse/faces/presentacion/financiero/solicitudProceso/listarSolicitudProceso.xhtml HTTP/1.1" 200 57823
181.78.209.196 - - [14/Jan/2024:17:24:58 -0500] "POST /sipse/faces/presentacion/financiero/solicitudProceso/listarSolicitudProceso.xhtml HTTP/1.1" 200 1556
181.78.209.196 - - [14/Jan/2024:17:24:59 -0500] "POST /sipse/faces/presentacion/financiero/solicitudProceso/listarSolicitudProceso.xhtml HTTP/1.1" 200 1552
181.78.209.196 - - [14/Jan/2024:17:24:59 -0500] "POST /sipse/faces/presentacion/financiero/solicitudProceso/listarSolicitudProceso.xhtml HTTP/1.1" 200 1564
181.78.209.196 - - [14/Jan/2024:17:25:03 -0500] "POST /sipse/faces/presentacion/financiero/solicitudProceso/listarSolicitudProceso.xhtml HTTP/1.1" 200 4955
181.78.209.196 - - [14/Jan/2024:17:25:07 -0500] "POST /sipse/faces/presentacion/financiero/solicitudProceso/listarSolicitudProceso.xhtml HTTP/1.1" 200 33220
40.77.167.18 - - [14/Jan/2024:17:25:31 -0500] "GET /BLA/resoluciones/RESOLUCIONES%202013/1112.pdf HTTP/1.1" 200 1413984
201.245.192.253 - - [14/Jan/2024:17:25:46 -0500] "POST /forms/lservlet;jsessionid=ac16012b30d6e9245d4a5ae64507bcdc86473ff87750.e3iSbxaKaheRe34Rb3eTbx8LaNb0n6jAmljGr5XDqQLvpAe HTTP/1.1" 200 2
216.245.221.92 - - [14/Jan/2024:17:25:48 -0500] "HEAD / HTTP/1.1" 200 -
47.128.27.20 - - [14/Jan/2024:17:25:58 -0500] "GET /BLA/resoluciones/dlf/pdf.gif HTTP/1.1" 200 272
47.128.27.20 - - [14/Jan/2024:17:25:58 -0500] "GET /BLA/resoluciones/dlf/dirup.png HTTP/1.1" 200 644
47.128.27.20 - - [14/Jan/2024:17:25:57 -0500] "GET /BLA/resoluciones/index.php?dir=Notificaciones%2FRESOLUCIONES+2018%2F HTTP/1.1" 200 19727
181.78.209.196 - - [14/Jan/2024:17:26:14 -0500] "POST /sipse/faces/presentacion/financiero/solicitudProceso/listarSolicitudProceso.xhtml HTTP/1.1" 200 32660
201.245.192.253 - - [14/Jan/2024:17:26:26 -0500] "POST /forms/lservlet;jsessionid=ac16012b30d6daf3d1e69b9448f9b338854e2531f358.e3iSbxaKaheRe34Rb3eTbx8LaNb0n6jAmljGr5XDqQLvpAe HTTP/1.1" 200 2
172.22.2.4 - - [14/Jan/2024:17:26:01 -0500] "HEAD /BLA/boletinlegal/ HTTP/1.1" 200 -
201.245.192.253 - - [14/Jan/2024:17:27:46 -0500] "POST /forms/lservlet;jsessionid=ac16012b30d6e9245d4a5ae64507bcdc86473ff87750.e3iSbxaKaheRe34Rb3eTbx8LaNb0n6jAmljGr5XDqQLvpAe HTTP/1.1" 200 2
201.245.192.253 - - [14/Jan/2024:17:28:01 -0500] "POST /kwsrmcab/Wsrmcab  HTTP/1.1" 200 39439
201.245.192.253 - - [14/Jan/2024:17:28:26 -0500] "POST /forms/lservlet;jsessionid=ac16012b30d6daf3d1e69b9448f9b338854e2531f358.e3iSbxaKaheRe34Rb3eTbx8LaNb0n6jAmljGr5XDqQLvpAe HTTP/1.1" 200 2
172.22.2.4 - - [14/Jan/2024:17:26:52 -0500] "GET /BLA/boletinlegal/ HTTP/1.1" 200 60996
201.245.192.253 - - [14/Jan/2024:17:28:53 -0500] "POST /kwsrmcab/Wsrmcab HTTP/1.1" 200 38308
47.128.32.253 - - [14/Jan/2024:17:29:16 -0500] "GET /BLA/resoluciones/index.php?dir=RESOLUCIONES%202006%2FRES%202006%20801-850%2F&order=asc&sort=date HTTP/1.1" 200 12230
47.128.32.253 - - [14/Jan/2024:17:29:17 -0500] "GET /BLA/resoluciones/dlf/dirup.png HTTP/1.1" 200 644
47.128.32.253 - - [14/Jan/2024:17:29:17 -0500] "GET /BLA/resoluciones/dlf/unknown.png HTTP/1.1" 200 266
201.245.192.253 - - [14/Jan/2024:17:29:30 -0500] "POST /kwsrmcab/Wsrmcab HTTP/1.1" 200 39404
201.245.192.253 - - [14/Jan/2024:17:29:46 -0500] "POST /forms/lservlet;jsessionid=ac16012b30d6e9245d4a5ae64507bcdc86473ff87750.e3iSbxaKaheRe34Rb3eTbx8LaNb0n6jAmljGr5XDqQLvpAe HTTP/1.1" 200 2
201.245.192.253 - - [14/Jan/2024:17:30:26 -0500] "POST /forms/lservlet;jsessionid=ac16012b30d6daf3d1e69b9448f9b338854e2531f358.e3iSbxaKaheRe34Rb3eTbx8LaNb0n6jAmljGr5XDqQLvpAe HTTP/1.1" 200 2
216.245.221.92 - - [14/Jan/2024:17:30:48 -0500] "HEAD / HTTP/1.1" 200 -
186.98.70.194 - - [14/Jan/2024:17:31:35 -0500] "GET /BLA/boletinlegal/admin/index.php HTTP/1.1" 200 2324
186.98.70.194 - - [14/Jan/2024:17:31:35 -0500] "GET /BLA/boletinlegal/admin/index_files/style.css HTTP/1.1" 200 6223
186.98.70.194 - - [14/Jan/2024:17:31:35 -0500] "GET /BLA/boletinlegal/admin/images/bg.png HTTP/1.1" 200 332965
186.98.70.194 - - [14/Jan/2024:17:31:36 -0500] "GET /favicon.ico HTTP/1.1" 200 7782
186.98.70.194 - - [14/Jan/2024:17:31:41 -0500] "POST /BLA/boletinlegal/admin/usuarios/process.php HTTP/1.1" 302 -
201.245.192.253 - - [14/Jan/2024:17:31:46 -0500] "POST /forms/lservlet;jsessionid=ac16012b30d6e9245d4a5ae64507bcdc86473ff87750.e3iSbxaKaheRe34Rb3eTbx8LaNb0n6jAmljGr5XDqQLvpAe HTTP/1.1" 200 2
172.22.2.4 - - [14/Jan/2024:17:31:55 -0500] "GET /BLA/boletinlegal/actos.php HTTP/1.1" 200 9648
172.22.2.4 - - [14/Jan/2024:17:31:55 -0500] "GET /BLA/boletinlegal/styles2.css HTTP/1.1" 200 1838
172.22.2.4 - - [14/Jan/2024:17:31:55 -0500] "GET /BLA/boletinlegal/js/ajax_actos.js HTTP/1.1" 200 1322
172.22.2.4 - - [14/Jan/2024:17:31:55 -0500] "GET /BLA/boletinlegal/niceforms-default.css HTTP/1.1" 200 6694
172.22.2.4 - - [14/Jan/2024:17:31:55 -0500] "GET /BLA/boletinlegal/style.css HTTP/1.1" 200 9406
172.22.2.4 - - [14/Jan/2024:17:31:55 -0500] "GET /BLA/boletinlegal/niceforms.js HTTP/1.1" 200 22876
172.22.2.4 - - [14/Jan/2024:17:31:55 -0500] "GET /BLA/boletinlegal/js/lib.js HTTP/1.1" 200 6474
172.22.2.4 - - [14/Jan/2024:17:31:55 -0500] "GET /BLA/boletinlegal/js/popup.js HTTP/1.1" 200 1270
172.22.2.4 - - [14/Jan/2024:17:31:55 -0500] "GET /BLA/boletinlegal/js/jquery1.js HTTP/1.1" 200 29846
172.22.2.4 - - [14/Jan/2024:17:31:55 -0500] "GET /BLA/boletinlegal/images/cabezote%20BLEGAL.jpg HTTP/1.1" 200 118164
172.22.2.4 - - [14/Jan/2024:17:31:55 -0500] "GET /BLA/boletinlegal/images/subscribe-icon-big.png HTTP/1.1" 200 47702
172.22.2.4 - - [14/Jan/2024:17:31:55 -0500] "GET /BLA/boletinlegal/images/historia.png HTTP/1.1" 200 52775
172.22.2.4 - - [14/Jan/2024:17:31:55 -0500] "GET /BLA/boletinlegal/images/registro-usuarios.png HTTP/1.1" 200 8106
172.22.2.4 - - [14/Jan/2024:17:31:55 -0500] "GET /BLA/boletinlegal/images/green-yellow-blue-pink-th.png HTTP/1.1" 200 7394
172.22.2.4 - - [14/Jan/2024:17:31:55 -0500] "GET /BLA/boletinlegal/images/tel.png HTTP/1.1" 200 14477
172.22.2.4 - - [14/Jan/2024:17:31:55 -0500] "GET /BLA/boletinlegal/images/icono-email.png HTTP/1.1" 200 5544
172.22.2.4 - - [14/Jan/2024:17:31:55 -0500] "GET /BLA/boletinlegal/images/body_bg.jpg HTTP/1.1" 200 1601
172.22.2.4 - - [14/Jan/2024:17:31:55 -0500] "GET /BLA/boletinlegal/images/menu_rght.gif HTTP/1.1" 200 1627
172.22.2.4 - - [14/Jan/2024:17:31:55 -0500] "GET /BLA/boletinlegal/images/menu_lft.gif HTTP/1.1" 200 1713
172.22.2.4 - - [14/Jan/2024:17:31:55 -0500] "GET /BLA/boletinlegal/images/bg_top.jpg HTTP/1.1" 200 522
172.22.2.4 - - [14/Jan/2024:17:31:55 -0500] "GET /BLA/boletinlegal/images/menu_bg.jpg HTTP/1.1" 200 620
172.22.2.4 - - [14/Jan/2024:17:31:55 -0500] "GET /BLA/boletinlegal/images/hover.jpg HTTP/1.1" 200 640
172.22.2.4 - - [14/Jan/2024:17:31:55 -0500] "GET /BLA/boletinlegal/images/text.jpg HTTP/1.1" 200 568
172.22.2.4 - - [14/Jan/2024:17:31:55 -0500] "GET /BLA/boletinlegal/images/footer_bg.jpg HTTP/1.1" 200 586
172.22.2.4 - - [14/Jan/2024:17:31:55 -0500] "GET /BLA/boletinlegal/images/footer_bg_l.jpg HTTP/1.1" 200 776
172.22.2.4 - - [14/Jan/2024:17:31:55 -0500] "GET /BLA/boletinlegal/img/0.png HTTP/1.1" 200 110
172.22.2.4 - - [14/Jan/2024:17:31:55 -0500] "GET /BLA/boletinlegal/img/select-right.png HTTP/1.1" 200 44019
172.22.2.4 - - [14/Jan/2024:17:31:55 -0500] "GET /BLA/boletinlegal/img/button-right.png HTTP/1.1" 200 57878
172.22.2.4 - - [14/Jan/2024:17:31:55 -0500] "GET /BLA/boletinlegal/img/button.png HTTP/1.1" 200 43241
172.22.2.4 - - [14/Jan/2024:17:31:55 -0500] "GET /BLA/boletinlegal/img/select-left.png HTTP/1.1" 200 263
172.22.2.4 - - [14/Jan/2024:17:31:55 -0500] "GET /BLA/boletinlegal/img/button-left.png HTTP/1.1" 200 57071
172.22.2.4 - - [14/Jan/2024:17:31:55 -0500] "GET /BLA/boletinlegal/favicon.ico HTTP/1.1" 404 1326
186.98.70.194 - - [14/Jan/2024:17:31:41 -0500] "GET /BLA/boletinlegal/admin/index.php HTTP/1.1" 200 7107
186.98.70.194 - - [14/Jan/2024:17:31:42 -0500] "POST /BLA/boletinlegal/admin/usuarios/process.php HTTP/1.1" 302 -
186.98.70.194 - - [14/Jan/2024:17:31:58 -0500] "GET /BLA/boletinlegal/admin/index.php HTTP/1.1" 200 7107
186.98.70.194 - - [14/Jan/2024:17:32:15 -0500] "GET /BLA/boletinlegal/admin/index_files/header.png HTTP/1.1" 200 240212
186.98.70.194 - - [14/Jan/2024:17:32:15 -0500] "GET /BLA/boletinlegal/images/can.png HTTP/1.1" 200 37574
186.98.70.194 - - [14/Jan/2024:17:32:15 -0500] "GET /BLA/boletinlegal/admin/index_files/3_5.gif HTTP/1.1" 200 1633
186.98.70.194 - - [14/Jan/2024:17:32:15 -0500] "GET /BLA/boletinlegal/admin/index_files/7_1.gif HTTP/1.1" 200 1455
186.98.70.194 - - [14/Jan/2024:17:32:15 -0500] "GET /BLA/boletinlegal/admin/index_files/7_5.gif HTTP/1.1" 200 1565
186.98.70.194 - - [14/Jan/2024:17:32:15 -0500] "GET /BLA/boletinlegal/admin/index_files/2_2.gif HTTP/1.1" 200 1728
186.98.70.194 - - [14/Jan/2024:17:32:15 -0500] "GET /BLA/boletinlegal/admin/index_files/2_4.gif HTTP/1.1" 200 1763
186.98.70.194 - - [14/Jan/2024:17:32:15 -0500] "GET /BLA/boletinlegal/admin/index_files/index_files/tback.gif HTTP/1.1" 404 1334
201.245.192.253 - - [14/Jan/2024:17:32:26 -0500] "POST /forms/lservlet;jsessionid=ac16012b30d6daf3d1e69b9448f9b338854e2531f358.e3iSbxaKaheRe34Rb3eTbx8LaNb0n6jAmljGr5XDqQLvpAe HTTP/1.1" 200 2
186.98.70.194 - - [14/Jan/2024:17:32:33 -0500] "GET /BLA/resoluciones/ HTTP/1.1" 200 14105
186.98.70.194 - - [14/Jan/2024:17:32:46 -0500] "GET /BLA/resoluciones/index.php?dir=AUTOS+2023%2F HTTP/1.1" 200 481768
201.245.192.253 - - [14/Jan/2024:17:33:00 -0500] "POST /kwsrmcab/Wsrmcab  HTTP/1.1" 200 39439
172.22.2.4 - - [14/Jan/2024:17:31:51 -0500] "HEAD /BLA/boletinlegal/ HTTP/1.1" 200 -
201.245.192.253 - - [14/Jan/2024:17:33:46 -0500] "POST /forms/lservlet;jsessionid=ac16012b30d6e9245d4a5ae64507bcdc86473ff87750.e3iSbxaKaheRe34Rb3eTbx8LaNb0n6jAmljGr5XDqQLvpAe HTTP/1.1" 200 2
181.56.171.197 - - [14/Jan/2024:17:33:47 -0500] "POST /sipse/faces/presentacion/financiero/solicitudProceso/consultarSolicitudProceso.xhtml HTTP/1.1" 200 65831
181.56.171.197 - - [14/Jan/2024:17:33:48 -0500] "GET /sipse/faces/javax.faces.resource/theme.css?ln=primefaces-sipse HTTP/1.1" 304 -
181.56.171.197 - - [14/Jan/2024:17:33:48 -0500] "GET /sipse/css/imagen/contrasena.png HTTP/1.1" 404 383
181.56.171.197 - - [14/Jan/2024:17:33:48 -0500] "GET /sipse/faces/javax.faces.resource/primefaces.css?ln=primefaces&v=4.0 HTTP/1.1" 304 -
181.56.171.197 - - [14/Jan/2024:17:33:48 -0500] "GET /sipse/faces/javax.faces.resource/layout/layout.css?ln=primefaces&v=4.0 HTTP/1.1" 304 -
181.56.171.197 - - [14/Jan/2024:17:33:48 -0500] "GET /sipse/faces/javax.faces.resource/jquery/jquery.js?ln=primefaces&v=4.0 HTTP/1.1" 304 -
181.56.171.197 - - [14/Jan/2024:17:33:48 -0500] "GET /sipse/faces/javax.faces.resource/jquery/jquery-plugins.js?ln=primefaces&v=4.0 HTTP/1.1" 304 -
181.56.171.197 - - [14/Jan/2024:17:33:48 -0500] "GET /sipse/faces/javax.faces.resource/primefaces.js?ln=primefaces&v=4.0 HTTP/1.1" 304 -
181.56.171.197 - - [14/Jan/2024:17:33:48 -0500] "GET /sipse/faces/javax.faces.resource/layout/layout.js?ln=primefaces&v=4.0 HTTP/1.1" 304 -
181.56.171.197 - - [14/Jan/2024:17:33:48 -0500] "POST /sipse/faces/presentacion/financiero/solicitudProceso/listarSolicitudProceso.xhtml HTTP/1.1" 200 59167
181.56.171.197 - - [14/Jan/2024:17:33:48 -0500] "POST /sipse/faces/presentacion/financiero/solicitudProceso/listarSolicitudProceso.xhtml HTTP/1.1" 200 59167
181.56.171.197 - - [14/Jan/2024:17:33:49 -0500] "POST /sipse/faces/presentacion/financiero/solicitudProceso/listarSolicitudProceso.xhtml HTTP/1.1" 200 59167
181.56.171.197 - - [14/Jan/2024:17:33:49 -0500] "POST /sipse/faces/presentacion/financiero/solicitudProceso/listarSolicitudProceso.xhtml HTTP/1.1" 200 1556
181.56.171.197 - - [14/Jan/2024:17:33:49 -0500] "POST /sipse/faces/presentacion/financiero/solicitudProceso/listarSolicitudProceso.xhtml HTTP/1.1" 200 1552
181.56.171.197 - - [14/Jan/2024:17:33:50 -0500] "POST /sipse/faces/presentacion/financiero/solicitudProceso/listarSolicitudProceso.xhtml HTTP/1.1" 200 1564
181.56.171.197 - - [14/Jan/2024:17:33:50 -0500] "POST /sipse/faces/presentacion/financiero/solicitudProceso/listarSolicitudProceso.xhtml HTTP/1.1" 200 1556
172.22.2.4 - - [14/Jan/2024:17:32:42 -0500] "GET /BLA/boletinlegal/ HTTP/1.1" 200 44618
201.245.192.253 - - [14/Jan/2024:17:34:26 -0500] "POST /forms/lservlet;jsessionid=ac16012b30d6daf3d1e69b9448f9b338854e2531f358.e3iSbxaKaheRe34Rb3eTbx8LaNb0n6jAmljGr5XDqQLvpAe HTTP/1.1" 200 2
201.245.192.253 - - [14/Jan/2024:17:34:33 -0500] "POST /kwsrmcab/Wsrmcab HTTP/1.1" 200 38308
201.245.192.253 - - [14/Jan/2024:17:34:36 -0500] "POST /kwsrmcab/Wsrmcab HTTP/1.1" 200 39404
40.77.167.126 - - [14/Jan/2024:17:34:43 -0500] "GET /BLA/resoluciones/AUTOS%202020/1235.pdf HTTP/1.1" 200 938346
172.22.2.4 - - [14/Jan/2024:17:33:03 -0500] "GET /BLA/boletinlegal/ HTTP/1.1" 200 46339
186.98.70.194 - - [14/Jan/2024:17:34:50 -0500] "GET /BLA/boletinlegal/admin/actos/ingresar.php HTTP/1.1" 200 7210
186.98.70.194 - - [14/Jan/2024:17:34:50 -0500] "GET /BLA/boletinlegal/admin/js/jquery-1.3.1.min.js HTTP/1.1" 200 55272
186.98.70.194 - - [14/Jan/2024:17:34:50 -0500] "GET /BLA/boletinlegal/admin/js/jquery.functions.js HTTP/1.1" 200 2317
186.98.70.194 - - [14/Jan/2024:17:34:50 -0500] "GET /BLA/boletinlegal/admin/js/nicEdit-latest.js HTTP/1.1" 200 38373
186.98.70.194 - - [14/Jan/2024:17:34:51 -0500] "GET /BLA/boletinlegal/admin/img/h1.png HTTP/1.1" 200 3227
186.98.70.194 - - [14/Jan/2024:17:34:51 -0500] "GET /BLA/boletinlegal/admin/img/overlay.png HTTP/1.1" 200 984
186.98.70.194 - - [14/Jan/2024:17:34:51 -0500] "GET /BLA/boletinlegal/images/favicon.ico HTTP/1.1" 404 1328
201.245.192.253 - - [14/Jan/2024:17:35:46 -0500] "POST /forms/lservlet;jsessionid=ac16012b30d6e9245d4a5ae64507bcdc86473ff87750.e3iSbxaKaheRe34Rb3eTbx8LaNb0n6jAmljGr5XDqQLvpAe HTTP/1.1" 200 2
216.245.221.92 - - [14/Jan/2024:17:35:48 -0500] "HEAD / HTTP/1.1" 200 -
186.98.70.194 - - [14/Jan/2024:17:35:53 -0500] "POST /BLA/boletinlegal/admin/actos/ingresar.php HTTP/1.1" 200 7303
186.98.70.194 - - [14/Jan/2024:17:36:02 -0500] "GET /BLA/resoluciones/index.php?dir=AUTOS+2023%2F HTTP/1.1" 200 481935
186.102.24.241 - - [14/Jan/2024:17:36:20 -0500] "GET /kwssiamovil/sm/acme/a?s=U2FsdGVkX1/1LOuGjCGem04NYjyKPPYWIBaEhLR/0scqgD4j3+SWTf2mNkk7Y1YCk2OfXWAwLj/tO66XotqlMo4Rx1/7PljFe0s1r6PgKeHc0T1L76AUUP+OBwysTfiVUTAOP6U1kIIEiA8cnLEGMAOp72VMaBa1sbUZkwp/fS3n94qqyJMke40QAI2iyv4fzrLUcQiTDvkpkwlYpy1uS2xLWugGnKrjNfu4vIGcTomMrjsW0+IAbttB/C2FK4yVqkvg0g2S7FZe0KcdCC+pjQ==&u=U2FsdGVkX18DwFHCQFjP3g3TtLN6Lng5/Aw49eYbR/E=&y=U2FsdGVkX1//Q7g6iFoXlgUuOfHR6QEfC+frG4p8jOqXyu6Vi2ve8B8ckNK5zklW HTTP/1.1" 200 26
186.102.24.241 - - [14/Jan/2024:17:36:21 -0500] "GET /kwssiamovil/sm/acme/a?s=U2FsdGVkX19M+WkCsIeHA/P5gN3fVBCbHITn2NGHSG+JLeCVnXQAiTpIZN/dLzgX9+mdm6vXik+VFexDDrgSgVfbooiB17cpiWr26036ryJCQntHYMgW7ZBk/BuEvs/tjd6QYhQYH2Mxj3ii/okcufHWdGkz/yyN+HdP+yf0bejGjZGXPqEAFVd66OJZ65In6JzVgAb5NjMndRrBHfQykYVeq3KwZVmH8L2IXyK8eC/6C6vKcUjJqiLVKCcTB1FSblRbrWzsUag7Az+ekjhDc/ZAyUES8NiK7kmPzJfI0W+bNCu5n6hSPv88h2sy1P1EoZy5Jsgp4uXr/1nwA1Cu8ujQ8yCG4DcFl+STrM2Wmu1uossZF2Wjt4Jsp4JTT35na3BF6CmkHa+FMqXkWWVtTTyGytNdGjui+f28hcHacoSmQ7CSO5SvEdr+NOWAVVrTTeAZJUtjeYpyeyXi4VsJtILTbrQw0cU7LIypg8oXeTnXMnluIvw19s2wHPC19JvlK3apBXgiV+HxU31LRCz/3mmEly1GcU/hANLzoSMcRJLr4/0o86M2eYxunWuJBL1gi/GNpZrrKVoq0s1S+1E7xVcXGMKJGkanfb9DMSrs4XZucXS1MVDRCu3hlWdCjMt4CkDasLtp0AsauGxmPn2EedDMStBmg/iCqb1G5I+fRMcZWOU5NxNJ30OeblisO6qFo0yYwjBrzej/XJawsIN79imRshjDduvVF3gIIS9/nU4Z9TbUcPv65Ao+CsHrBPSJEI3WEQU5zkokf11iqfIoxPjmJYYzdRRelzdSbMS0vBHskGoVsUiNyf5XDM9zZ4aaY+63Lg7aQgcMthH8nl+HuMbf78SDjN9F6lBzRROrQ4hrmeCWMaU7OxAKLmUfqU+wMKV91KOhvSGGz2pjLH29KEvxst3AI7X4gRSi3O9Vd61mUrQfW4FlITiXYtAC56MwPpfv8+hdwqoIxThXBGPsttzE8Rod4uB2TDcetvN2vlvCM8QE14QoTNlbUySYk4JGMmzSunbAJkElmWCqX6ULd84oFR9v6OSDkv+AdEbXBuUwu90RNmHSTZCD27B53ezYtveYG+bJQE0qyN+CiZ3iLsZHAtvEufBOoqW4NjL4rx29ajy9aJXj7CR3ZVlcZxD5hfxXGHgXcWB70AWM44NcQKtBO0esWRmQjVqlEb2zbIzbZ7lTdMpo132e0hVVHXATMK34QqnAYaRRXiJryLfw7wAyxX7JPukF9axOr//VjHTrPxJfQYTMVFb5heihAezgnhiUBvuDoi9E6MuM/AfHhla3fX7Z7+pnAv6HA6nu/v3jU9YwOIU33jOJ/ShmiGBJtnGSAaPbZsnMv4YpIysO3bI7PirTpSymWZ1bVOiHPdlRAXiYUY1dH8Cm6fZAmdWhzaHB2iLwhYAINQAOgDh/9D12iJCP1hRm2BmUUE5JB1hHS7gC9d+GU/CoiPf7Z0gAEZ/agonJdVrF2x1COVapiVpivzmZ4RJJ484oD70J3oHyazNSAR7PlcFQh9L/w2ycZzDfb9WPP16UUoBfpw8qR/0vZGmORdtTb7am4gWagpX6nHv2tKnHBlF3/6KRF7UBmt8VIzdBVqCGti3NUQQc6PwU5wtn7jKtcLvybxUxmL47uf1F5xSWEZtZHZUor0JomTusDSpskhuyUlf2k8r35OnhaoYYPYaCzBCmWgTPXL2yOrZdmQtSpjtJJNf+Eksx0mKzgRW17e9/s5Lm/J1absO29pxrZxQdXXaQ8UDFwBRL5cifcTFQ5sL/T7OJnl25qCc5GgC6b31A59arVbU1ehCMDfklHIq4jnzs4cY38ciP2XK5T3aydUTnA4xQoKt9f7cEZ1QDOak7xHICgSR2UMwxyaPGc4JM4qBlLYXeH1f9cysp2IORW84ZOUlKC5VavDN4MPbUrCZSCDWxXlvCDyiG8dsbSvn13B9DlgM9suDSHPBZ0vnDbsSv6VzWoaZSGLPEpGsQWOD2eFyD0TMpYv9vdQpqOHna+BvAxI9hFgnT6YkhAjXOXdK9CgOUZt6NQUXbSrFIGIPvDzp5Bn5Qnchah553ntRL34LIUwvrvGc=&u=U2FsdGVkX18DwFHCQFjP3g3TtLN6Lng5/Aw49eYbR/E=&y=U2FsdGVkX1//Q7g6iFoXlgUuOfHR6QEfC+frG4p8jOqXyu6Vi2ve8B8ckNK5zklW HTTP/1.1" 200 26
186.102.24.241 - - [14/Jan/2024:17:36:21 -0500] "GET /kwssiamovil/sm/acme/a?s=U2FsdGVkX19g0RuM6Z2K8IFfuqkGb99vxnbmM7r/gkdRtlsq2btrma5IZWMUVkfrBWeyr5j0C5c4KOnkMMIdBCSdWYc+aAiAQUYZ31lWXhcBRUxe1pbuA04dRMcbQ7mOfPuGP75tnOe3TLfrkeFVZJJsgN1A9XUG3Vl8A2pG+v0=&u=U2FsdGVkX18DwFHCQFjP3g3TtLN6Lng5/Aw49eYbR/E=&y=U2FsdGVkX1//Q7g6iFoXlgUuOfHR6QEfC+frG4p8jOqXyu6Vi2ve8B8ckNK5zklW HTTP/1.1" 200 26
186.102.24.241 - - [14/Jan/2024:17:36:21 -0500] "GET /kwssiamovil/sm/acme/a?s=U2FsdGVkX18AXC64avFtQz254/nUz0UAIQXQsM2xjR1QKFVxrs/71LRF4RM8WHvnXWhAv4U2BubRjwiEdPyfdMrtlycggzhdrJV1NMomOp0OquiPr7zsFA/hIZ0hjKYszZQhLDgnaSC1TliX0qJ/Fbc2rmz4NIoXxxpu5qDA89g=&u=U2FsdGVkX18DwFHCQFjP3g3TtLN6Lng5/Aw49eYbR/E=&y=U2FsdGVkX1//Q7g6iFoXlgUuOfHR6QEfC+frG4p8jOqXyu6Vi2ve8B8ckNK5zklW HTTP/1.1" 200 26
186.102.24.241 - - [14/Jan/2024:17:36:21 -0500] "GET /kwssiamovil/sm/acme/a?s=U2FsdGVkX19dTn4cPTBxq1Z6XN2FRkeeuKktZ18Xt9qHdxWqMKTQYo44gZqkcDQSqLPx2QB0tLlKS0ZXILNz6SiPZAEW8q80kl0ypvLvdqwYEAlWzexMcJQkAUgkS8SCLX3N9Ga/Oxlb/2E8b9d6xwJP359SavF8fryhmnqp8CE=&u=U2FsdGVkX18DwFHCQFjP3g3TtLN6Lng5/Aw49eYbR/E=&y=U2FsdGVkX1//Q7g6iFoXlgUuOfHR6QEfC+frG4p8jOqXyu6Vi2ve8B8ckNK5zklW HTTP/1.1" 200 26
186.102.24.241 - - [14/Jan/2024:17:36:22 -0500] "GET /kwssiamovil/sm/acme/a?s=U2FsdGVkX1/Sx+Ow0Kyp8IW1hl2qhT9Nlj2HF/sProZAl8PAFrrX8kG5+b88JwCz5IE0wRhPT+KqDsCte1JxY7CCljy+18wsy8msgro5xL1WsWykSpEebnpMhh1jZYdbPcs/0HPCRPDgQRo9v+wM+C58vtOWwgoEAgCHk1l2J3LM4UZekuTV29Gohv5w3jDhXBaVYVfeCk9LEK8ylViiaA==&u=U2FsdGVkX18DwFHCQFjP3g3TtLN6Lng5/Aw49eYbR/E=&y=U2FsdGVkX1//Q7g6iFoXlgUuOfHR6QEfC+frG4p8jOqXyu6Vi2ve8B8ckNK5zklW HTTP/1.1" 200 26
201.245.192.253 - - [14/Jan/2024:17:36:26 -0500] "POST /forms/lservlet;jsessionid=ac16012b30d6daf3d1e69b9448f9b338854e2531f358.e3iSbxaKaheRe34Rb3eTbx8LaNb0n6jAmljGr5XDqQLvpAe HTTP/1.1" 200 2
172.22.2.4 - - [14/Jan/2024:17:37:04 -0500] "GET /BLA/boletinlegal/Circulares/2019/.pdf HTTP/1.1" 404 1218
201.245.192.253 - - [14/Jan/2024:17:37:46 -0500] "POST /forms/lservlet;jsessionid=ac16012b30d6e9245d4a5ae64507bcdc86473ff87750.e3iSbxaKaheRe34Rb3eTbx8LaNb0n6jAmljGr5XDqQLvpAe HTTP/1.1" 200 2
201.245.192.253 - - [14/Jan/2024:17:37:59 -0500] "POST /kwsrmcab/Wsrmcab  HTTP/1.1" 200 39439
201.245.192.253 - - [14/Jan/2024:17:38:26 -0500] "POST /forms/lservlet;jsessionid=ac16012b30d6daf3d1e69b9448f9b338854e2531f358.e3iSbxaKaheRe34Rb3eTbx8LaNb0n6jAmljGr5XDqQLvpAe HTTP/1.1" 200 2
47.128.58.69 - - [14/Jan/2024:17:38:41 -0500] "GET /BLA/resoluciones/index.php?dir=RESOLUCIONES%202004%2FRES%202004%20301-350%2F&order=asc&sort=size HTTP/1.1" 200 12062
47.128.58.69 - - [14/Jan/2024:17:38:42 -0500] "GET /BLA/resoluciones/dlf/unknown.png HTTP/1.1" 200 266
47.128.58.69 - - [14/Jan/2024:17:38:42 -0500] "GET /BLA/resoluciones/dlf/dirup.png HTTP/1.1" 200 644
201.245.192.253 - - [14/Jan/2024:17:38:53 -0500] "POST /kwsrmcab/Wsrmcab HTTP/1.1" 200 38308
172.22.2.4 - - [14/Jan/2024:17:37:41 -0500] "HEAD /BLA/boletinlegal/ HTTP/1.1" 200 -
201.245.192.253 - - [14/Jan/2024:17:39:31 -0500] "POST /kwsrmcab/Wsrmcab HTTP/1.1" 200 39404
201.245.192.253 - - [14/Jan/2024:17:39:46 -0500] "POST /forms/lservlet;jsessionid=ac16012b30d6e9245d4a5ae64507bcdc86473ff87750.e3iSbxaKaheRe34Rb3eTbx8LaNb0n6jAmljGr5XDqQLvpAe HTTP/1.1" 200 2
47.128.120.235 - - [14/Jan/2024:17:40:11 -0500] "GET /BLA/resoluciones/index.php?dir=RESOLUCIONES%202002%2FRES%202002%20751-800%2F&order=asc&sort=name HTTP/1.1" 200 12567
172.22.2.4 - - [14/Jan/2024:17:38:32 -0500] "GET /BLA/boletinlegal/ HTTP/1.1" 200 60529
47.128.120.235 - - [14/Jan/2024:17:40:12 -0500] "GET /BLA/resoluciones/dlf/dirup.png HTTP/1.1" 200 644
47.128.120.235 - - [14/Jan/2024:17:40:12 -0500] "GET /BLA/resoluciones/dlf/unknown.png HTTP/1.1" 200 266
47.128.120.235 - - [14/Jan/2024:17:40:13 -0500] "GET /BLA/resoluciones/dlf/pdf.gif HTTP/1.1" 200 272
201.245.192.253 - - [14/Jan/2024:17:40:26 -0500] "POST /forms/lservlet;jsessionid=ac16012b30d6daf3d1e69b9448f9b338854e2531f358.e3iSbxaKaheRe34Rb3eTbx8LaNb0n6jAmljGr5XDqQLvpAe HTTP/1.1" 200 2
216.245.221.92 - - [14/Jan/2024:17:40:48 -0500] "HEAD / HTTP/1.1" 200 -
212.235.15.144 - - [14/Jan/2024:17:41:44 -0500] "GET /robots.txt HTTP/1.1" 404 1034
212.235.15.144 - - [14/Jan/2024:17:41:44 -0500] "GET /distrito-exalto-a-246-empresas-de-bogota-por-su-alto-desempeno-y-responsabilidad-ambiental-durante-2023.html HTTP/1.1" 200 1039
201.245.192.253 - - [14/Jan/2024:17:41:46 -0500] "POST /forms/lservlet;jsessionid=ac16012b30d6e9245d4a5ae64507bcdc86473ff87750.e3iSbxaKaheRe34Rb3eTbx8LaNb0n6jAmljGr5XDqQLvpAe HTTP/1.1" 200 2
201.245.192.253 - - [14/Jan/2024:17:42:26 -0500] "POST /forms/lservlet;jsessionid=ac16012b30d6daf3d1e69b9448f9b338854e2531f358.e3iSbxaKaheRe34Rb3eTbx8LaNb0n6jAmljGr5XDqQLvpAe HTTP/1.1" 200 2
201.245.192.253 - - [14/Jan/2024:17:42:58 -0500] "POST /kwsrmcab/Wsrmcab  HTTP/1.1" 200 39439
201.245.192.253 - - [14/Jan/2024:17:43:46 -0500] "POST /forms/lservlet;jsessionid=ac16012b30d6e9245d4a5ae64507bcdc86473ff87750.e3iSbxaKaheRe34Rb3eTbx8LaNb0n6jAmljGr5XDqQLvpAe HTTP/1.1" 200 2
66.249.66.20 - - [14/Jan/2024:17:44:17 -0500] "GET /autoliquidacion2020/index.php?dir=Cobro%20Clasificacion%20Uso%20De%20Vivenda%20En%20Suelo%20Restringido/COMPATIBILIDAD%20USO%20DE%20VIVIENDA/&sort=date&order=asc HTTP/1.1" 200 2741
201.245.192.253 - - [14/Jan/2024:17:44:26 -0500] "POST /forms/lservlet;jsessionid=ac16012b30d6daf3d1e69b9448f9b338854e2531f358.e3iSbxaKaheRe34Rb3eTbx8LaNb0n6jAmljGr5XDqQLvpAe HTTP/1.1" 200 2
172.22.2.4 - - [14/Jan/2024:17:43:31 -0500] "HEAD /BLA/boletinlegal/ HTTP/1.1" 200 -
66.249.66.21 - - [14/Jan/2024:17:45:14 -0500] "GET /Publicaciones/2022EE142266.pdf HTTP/1.1" 404 228
201.245.192.253 - - [14/Jan/2024:17:45:46 -0500] "POST /forms/lservlet;jsessionid=ac16012b30d6e9245d4a5ae64507bcdc86473ff87750.e3iSbxaKaheRe34Rb3eTbx8LaNb0n6jAmljGr5XDqQLvpAe HTTP/1.1" 200 2
216.245.221.92 - - [14/Jan/2024:17:45:48 -0500] "HEAD / HTTP/1.1" 200 -
172.22.2.4 - - [14/Jan/2024:17:44:22 -0500] "GET /BLA/boletinlegal/ HTTP/1.1" 200 58666
191.107.20.196 - - [14/Jan/2024:17:46:07 -0500] "GET /appsia/controlador HTTP/1.1" 200 4799
191.107.20.196 - - [14/Jan/2024:17:46:07 -0500] "GET /appsia/css/estilos.css HTTP/1.1" 200 4804
191.107.20.196 - - [14/Jan/2024:17:46:07 -0500] "GET /appsia/scripts/validarIngreso.js HTTP/1.1" 200 851
191.107.20.196 - - [14/Jan/2024:17:46:07 -0500] "GET /appsia/images/cabezoteHojaVida.png HTTP/1.1" 200 32493
191.107.20.196 - - [14/Jan/2024:17:46:07 -0500] "GET /appsia/images/logo_bogota_p.png HTTP/1.1" 200 14951
191.107.20.196 - - [14/Jan/2024:17:46:08 -0500] "GET /favicon.ico HTTP/1.1" 200 7782
191.107.20.196 - - [14/Jan/2024:17:46:12 -0500] "POST /appsia/controlador HTTP/1.1" 200 3599
191.107.20.196 - - [14/Jan/2024:17:46:12 -0500] "GET /appsia/jscripts/validarSolicitud.js HTTP/1.1" 404 68
191.107.20.196 - - [14/Jan/2024:17:46:20 -0500] "POST /appsia/controlador HTTP/1.1" 200 4799
191.107.20.196 - - [14/Jan/2024:17:46:26 -0500] "POST /appsia/controlador HTTP/1.1" 200 4621
201.245.192.253 - - [14/Jan/2024:17:46:26 -0500] "POST /forms/lservlet;jsessionid=ac16012b30d6daf3d1e69b9448f9b338854e2531f358.e3iSbxaKaheRe34Rb3eTbx8LaNb0n6jAmljGr5XDqQLvpAe HTTP/1.1" 200 2
191.107.20.196 - - [14/Jan/2024:17:46:40 -0500] "POST /appsia/controlador HTTP/1.1" 200 7733
191.107.20.196 - - [14/Jan/2024:17:46:40 -0500] "GET /appsia/images/logo_escudo.png HTTP/1.1" 200 36965
201.245.192.253 - - [14/Jan/2024:17:47:46 -0500] "POST /forms/lservlet;jsessionid=ac16012b30d6e9245d4a5ae64507bcdc86473ff87750.e3iSbxaKaheRe34Rb3eTbx8LaNb0n6jAmljGr5XDqQLvpAe HTTP/1.1" 200 2
201.245.192.253 - - [14/Jan/2024:17:47:56 -0500] "POST /kwsrmcab/Wsrmcab  HTTP/1.1" 200 39439
201.245.192.253 - - [14/Jan/2024:17:48:26 -0500] "POST /forms/lservlet;jsessionid=ac16012b30d6daf3d1e69b9448f9b338854e2531f358.e3iSbxaKaheRe34Rb3eTbx8LaNb0n6jAmljGr5XDqQLvpAe HTTP/1.1" 200 2
66.249.79.76 - - [14/Jan/2024:17:48:37 -0500] "GET /portaldeninos/wp-content/uploads/2021/11/arbol-bogota-capacitacion-29-abril.jpg HTTP/1.1" 200 52932
181.56.171.197 - - [14/Jan/2024:17:48:50 -0500] "GET /sipse/faces/index.xhtml HTTP/1.1" 200 677
181.56.171.197 - - [14/Jan/2024:17:48:50 -0500] "GET /sipse/faces/javax.faces.resource/theme.css?ln=primefaces-sipse HTTP/1.1" 304 -
181.56.171.197 - - [14/Jan/2024:17:48:50 -0500] "GET /sipse/faces/faces/autenticacion.xhtml HTTP/1.1" 200 12412
181.56.171.197 - - [14/Jan/2024:17:48:50 -0500] "GET /sipse/faces/javax.faces.resource/layout/layout.css?ln=primefaces&v=4.0 HTTP/1.1" 304 -
181.56.171.197 - - [14/Jan/2024:17:48:50 -0500] "GET /sipse/faces/javax.faces.resource/jquery/jquery.js?ln=primefaces&v=4.0 HTTP/1.1" 304 -
181.56.171.197 - - [14/Jan/2024:17:48:50 -0500] "GET /sipse/faces/javax.faces.resource/jquery/jquery-plugins.js?ln=primefaces&v=4.0 HTTP/1.1" 304 -
181.56.171.197 - - [14/Jan/2024:17:48:50 -0500] "GET /sipse/faces/javax.faces.resource/layout/layout.js?ln=primefaces&v=4.0 HTTP/1.1" 304 -
181.56.171.197 - - [14/Jan/2024:17:48:50 -0500] "GET /sipse/faces/javax.faces.resource/primefaces.js?ln=primefaces&v=4.0 HTTP/1.1" 304 -
181.56.171.197 - - [14/Jan/2024:17:48:50 -0500] "GET /sipse/faces/javax.faces.resource/theme.css?ln=primefaces-sipse HTTP/1.1" 304 -
181.56.171.197 - - [14/Jan/2024:17:48:50 -0500] "GET /sipse/faces/javax.faces.resource/primefaces.css?ln=primefaces&v=4.0 HTTP/1.1" 304 -
181.56.171.197 - - [14/Jan/2024:17:48:50 -0500] "GET /sipse/faces/javax.faces.resource/images/ui-icons_898989_256x240.png?ln=primefaces-aristo HTTP/1.1" 304 -
181.78.209.196 - - [14/Jan/2024:17:49:06 -0500] "POST /sipse/faces/presentacion/financiero/solicitudProceso/listarSolicitudProceso.xhtml HTTP/1.1" 200 107902
181.78.209.196 - - [14/Jan/2024:17:49:08 -0500] "GET /sipse/faces/javax.faces.resource/theme.css?ln=primefaces-sipse HTTP/1.1" 304 -
181.78.209.196 - - [14/Jan/2024:17:49:08 -0500] "GET /sipse/faces/javax.faces.resource/primefaces.css?ln=primefaces&v=4.0 HTTP/1.1" 304 -
181.78.209.196 - - [14/Jan/2024:17:49:08 -0500] "GET /sipse/faces/javax.faces.resource/layout/layout.css?ln=primefaces&v=4.0 HTTP/1.1" 304 -
181.78.209.196 - - [14/Jan/2024:17:49:08 -0500] "GET /sipse/css/imagen/contrasena.png HTTP/1.1" 404 383
181.78.209.196 - - [14/Jan/2024:17:49:08 -0500] "GET /sipse/faces/javax.faces.resource/jquery/jquery.js?ln=primefaces&v=4.0 HTTP/1.1" 304 -
181.78.209.196 - - [14/Jan/2024:17:49:08 -0500] "GET /sipse/faces/javax.faces.resource/jquery/jquery-plugins.js?ln=primefaces&v=4.0 HTTP/1.1" 304 -
181.78.209.196 - - [14/Jan/2024:17:49:08 -0500] "GET /sipse/faces/javax.faces.resource/primefaces.js?ln=primefaces&v=4.0 HTTP/1.1" 304 -
181.78.209.196 - - [14/Jan/2024:17:49:08 -0500] "GET /sipse/faces/javax.faces.resource/layout/layout.js?ln=primefaces&v=4.0 HTTP/1.1" 304 -
181.78.209.196 - - [14/Jan/2024:17:49:08 -0500] "GET /sipse/faces/javax.faces.resource/images/ui-icons_898989_256x240.png?ln=primefaces-aristo HTTP/1.1" 304 -
181.78.209.196 - - [14/Jan/2024:17:49:09 -0500] "GET /sipse/faces/javax.faces.resource/dynamiccontent.properties?ln=primefaces&pfdrid=XjOR5%2F%2FfPAZAuY9TpWQeCiM0BhlXxYRBGKi%2FQcXXfeA%3D&pfdrid_c=false HTTP/1.1" 500 383
181.78.209.196 - - [14/Jan/2024:17:49:26 -0500] "GET /sipse/faces/javax.faces.resource/images/ui-bg_flat_0_2d5972_40x100.png?ln=primefaces-aristo HTTP/1.1" 304 -
181.78.209.196 - - [14/Jan/2024:17:49:26 -0500] "POST /sipse/faces/presentacion/financiero/solicitudProceso/consultarSolicitudProceso.xhtml HTTP/1.1" 200 65036
181.78.209.196 - - [14/Jan/2024:17:49:29 -0500] "GET /sipse/faces/javax.faces.resource/theme.css?ln=primefaces-sipse HTTP/1.1" 304 -
181.78.209.196 - - [14/Jan/2024:17:49:29 -0500] "GET /sipse/faces/javax.faces.resource/primefaces.css?ln=primefaces&v=4.0 HTTP/1.1" 304 -
181.78.209.196 - - [14/Jan/2024:17:49:29 -0500] "GET /sipse/faces/javax.faces.resource/layout/layout.css?ln=primefaces&v=4.0 HTTP/1.1" 304 -
181.78.209.196 - - [14/Jan/2024:17:49:29 -0500] "GET /sipse/faces/javax.faces.resource/jquery/jquery.js?ln=primefaces&v=4.0 HTTP/1.1" 304 -
181.78.209.196 - - [14/Jan/2024:17:49:29 -0500] "GET /sipse/faces/javax.faces.resource/jquery/jquery-plugins.js?ln=primefaces&v=4.0 HTTP/1.1" 304 -
181.78.209.196 - - [14/Jan/2024:17:49:29 -0500] "GET /sipse/faces/javax.faces.resource/primefaces.js?ln=primefaces&v=4.0 HTTP/1.1" 304 -
181.78.209.196 - - [14/Jan/2024:17:49:29 -0500] "GET /sipse/faces/javax.faces.resource/layout/layout.js?ln=primefaces&v=4.0 HTTP/1.1" 304 -
181.78.209.196 - - [14/Jan/2024:17:49:29 -0500] "GET /sipse/faces/javax.faces.resource/messages/messages.png?ln=primefaces&v=4.0 HTTP/1.1" 304 -
181.78.209.196 - - [14/Jan/2024:17:49:30 -0500] "POST /sipse/faces/presentacion/financiero/solicitudProceso/listarSolicitudProceso.xhtml HTTP/1.1" 200 1556
181.78.209.196 - - [14/Jan/2024:17:49:33 -0500] "POST /sipse/faces/presentacion/financiero/solicitudProceso/listarSolicitudProceso.xhtml HTTP/1.1" 200 4744
152.203.179.83 - - [14/Jan/2024:17:49:38 -0500] "GET /BLA/resoluciones/RESOLUCIONES%202017/2767.pdf HTTP/1.1" 200 2357434
152.203.179.83 - - [14/Jan/2024:17:49:38 -0500] "GET /favicon.ico HTTP/1.1" 200 7782
181.78.209.196 - - [14/Jan/2024:17:49:42 -0500] "POST /sipse/faces/presentacion/financiero/solicitudProceso/listarSolicitudProceso.xhtml HTTP/1.1" 200 33257
201.245.192.253 - - [14/Jan/2024:17:49:46 -0500] "POST /forms/lservlet;jsessionid=ac16012b30d6e9245d4a5ae64507bcdc86473ff87750.e3iSbxaKaheRe34Rb3eTbx8LaNb0n6jAmljGr5XDqQLvpAe HTTP/1.1" 200 2
181.78.209.196 - - [14/Jan/2024:17:49:46 -0500] "POST /sipse/faces/presentacion/financiero/solicitudProceso/listarSolicitudProceso.xhtml HTTP/1.1" 200 32836
181.78.209.196 - - [14/Jan/2024:17:49:58 -0500] "POST /sipse/faces/presentacion/financiero/solicitudProceso/listarSolicitudProceso.xhtml HTTP/1.1" 200 107891
181.78.209.196 - - [14/Jan/2024:17:49:59 -0500] "GET /sipse/faces/javax.faces.resource/theme.css?ln=primefaces-sipse HTTP/1.1" 304 -
181.78.209.196 - - [14/Jan/2024:17:49:59 -0500] "GET /sipse/faces/javax.faces.resource/primefaces.css?ln=primefaces&v=4.0 HTTP/1.1" 304 -
181.78.209.196 - - [14/Jan/2024:17:49:59 -0500] "GET /sipse/faces/javax.faces.resource/layout/layout.css?ln=primefaces&v=4.0 HTTP/1.1" 304 -
181.78.209.196 - - [14/Jan/2024:17:49:59 -0500] "GET /sipse/faces/javax.faces.resource/jquery/jquery.js?ln=primefaces&v=4.0 HTTP/1.1" 304 -
181.78.209.196 - - [14/Jan/2024:17:49:59 -0500] "GET /sipse/faces/javax.faces.resource/jquery/jquery-plugins.js?ln=primefaces&v=4.0 HTTP/1.1" 304 -
181.78.209.196 - - [14/Jan/2024:17:49:59 -0500] "GET /sipse/faces/javax.faces.resource/primefaces.js?ln=primefaces&v=4.0 HTTP/1.1" 304 -
181.78.209.196 - - [14/Jan/2024:17:49:59 -0500] "GET /sipse/faces/javax.faces.resource/layout/layout.js?ln=primefaces&v=4.0 HTTP/1.1" 304 -
181.78.209.196 - - [14/Jan/2024:17:50:00 -0500] "GET /sipse/faces/javax.faces.resource/dynamiccontent.properties?ln=primefaces&pfdrid=XjOR5%2F%2FfPAZAuY9TpWQeCiM0BhlXxYRBGKi%2FQcXXfeA%3D&pfdrid_c=false HTTP/1.1" 500 383
173.252.107.119 - - [14/Jan/2024:17:50:14 -0500] "GET /distrito-celebro-el-cumpleanos-del-parque-ecologico-distrital-de-montana-entrenubes.html HTTP/1.1" 200 829
181.78.209.196 - - [14/Jan/2024:17:50:12 -0500] "POST /sipse/faces/presentacion/financiero/solicitudProceso/consultarSolicitudProceso.xhtml HTTP/1.1" 200 65036
181.78.209.196 - - [14/Jan/2024:17:50:15 -0500] "GET /sipse/faces/javax.faces.resource/theme.css?ln=primefaces-sipse HTTP/1.1" 304 -
181.78.209.196 - - [14/Jan/2024:17:50:15 -0500] "GET /sipse/faces/javax.faces.resource/primefaces.css?ln=primefaces&v=4.0 HTTP/1.1" 304 -
181.78.209.196 - - [14/Jan/2024:17:50:15 -0500] "GET /sipse/faces/javax.faces.resource/layout/layout.css?ln=primefaces&v=4.0 HTTP/1.1" 304 -
181.78.209.196 - - [14/Jan/2024:17:50:15 -0500] "GET /sipse/faces/javax.faces.resource/jquery/jquery.js?ln=primefaces&v=4.0 HTTP/1.1" 304 -
181.78.209.196 - - [14/Jan/2024:17:50:15 -0500] "GET /sipse/faces/javax.faces.resource/jquery/jquery-plugins.js?ln=primefaces&v=4.0 HTTP/1.1" 304 -
181.78.209.196 - - [14/Jan/2024:17:50:15 -0500] "GET /sipse/faces/javax.faces.resource/primefaces.js?ln=primefaces&v=4.0 HTTP/1.1" 304 -
181.78.209.196 - - [14/Jan/2024:17:50:15 -0500] "GET /sipse/faces/javax.faces.resource/layout/layout.js?ln=primefaces&v=4.0 HTTP/1.1" 304 -
181.78.209.196 - - [14/Jan/2024:17:50:16 -0500] "POST /sipse/faces/presentacion/financiero/solicitudProceso/listarSolicitudProceso.xhtml HTTP/1.1" 200 1556
181.78.209.196 - - [14/Jan/2024:17:50:19 -0500] "POST /sipse/faces/presentacion/financiero/solicitudProceso/listarSolicitudProceso.xhtml HTTP/1.1" 200 4813
201.245.192.253 - - [14/Jan/2024:17:50:26 -0500] "POST /forms/lservlet;jsessionid=ac16012b30d6daf3d1e69b9448f9b338854e2531f358.e3iSbxaKaheRe34Rb3eTbx8LaNb0n6jAmljGr5XDqQLvpAe HTTP/1.1" 200 2
181.78.209.196 - - [14/Jan/2024:17:50:26 -0500] "POST /sipse/faces/presentacion/financiero/solicitudProceso/listarSolicitudProceso.xhtml HTTP/1.1" 200 33244
181.78.209.196 - - [14/Jan/2024:17:50:31 -0500] "POST /sipse/faces/presentacion/financiero/solicitudProceso/listarSolicitudProceso.xhtml HTTP/1.1" 200 32782
181.78.209.196 - - [14/Jan/2024:17:50:44 -0500] "POST /sipse/faces/presentacion/financiero/solicitudProceso/listarSolicitudProceso.xhtml HTTP/1.1" 200 108070
181.78.209.196 - - [14/Jan/2024:17:50:45 -0500] "GET /sipse/faces/javax.faces.resource/theme.css?ln=primefaces-sipse HTTP/1.1" 304 -
181.78.209.196 - - [14/Jan/2024:17:50:45 -0500] "GET /sipse/faces/javax.faces.resource/primefaces.css?ln=primefaces&v=4.0 HTTP/1.1" 304 -
181.78.209.196 - - [14/Jan/2024:17:50:45 -0500] "GET /sipse/faces/javax.faces.resource/layout/layout.css?ln=primefaces&v=4.0 HTTP/1.1" 304 -
181.78.209.196 - - [14/Jan/2024:17:50:45 -0500] "GET /sipse/faces/javax.faces.resource/jquery/jquery.js?ln=primefaces&v=4.0 HTTP/1.1" 304 -
181.78.209.196 - - [14/Jan/2024:17:50:45 -0500] "GET /sipse/faces/javax.faces.resource/jquery/jquery-plugins.js?ln=primefaces&v=4.0 HTTP/1.1" 304 -
181.78.209.196 - - [14/Jan/2024:17:50:45 -0500] "GET /sipse/faces/javax.faces.resource/primefaces.js?ln=primefaces&v=4.0 HTTP/1.1" 304 -
181.78.209.196 - - [14/Jan/2024:17:50:45 -0500] "GET /sipse/faces/javax.faces.resource/layout/layout.js?ln=primefaces&v=4.0 HTTP/1.1" 304 -
181.78.209.196 - - [14/Jan/2024:17:50:46 -0500] "GET /sipse/faces/javax.faces.resource/dynamiccontent.properties?ln=primefaces&pfdrid=XjOR5%2F%2FfPAZAuY9TpWQeCiM0BhlXxYRBGKi%2FQcXXfeA%3D&pfdrid_c=false HTTP/1.1" 500 383
216.245.221.92 - - [14/Jan/2024:17:50:48 -0500] "HEAD / HTTP/1.1" 200 -
181.78.209.196 - - [14/Jan/2024:17:50:53 -0500] "POST /sipse/faces/presentacion/financiero/solicitudProceso/consultarSolicitudProceso.xhtml HTTP/1.1" 200 65036
181.78.209.196 - - [14/Jan/2024:17:50:56 -0500] "GET /sipse/faces/javax.faces.resource/theme.css?ln=primefaces-sipse HTTP/1.1" 304 -
181.78.209.196 - - [14/Jan/2024:17:50:56 -0500] "GET /sipse/faces/javax.faces.resource/primefaces.css?ln=primefaces&v=4.0 HTTP/1.1" 304 -
181.78.209.196 - - [14/Jan/2024:17:50:56 -0500] "GET /sipse/faces/javax.faces.resource/layout/layout.css?ln=primefaces&v=4.0 HTTP/1.1" 304 -
181.78.209.196 - - [14/Jan/2024:17:50:56 -0500] "GET /sipse/faces/javax.faces.resource/jquery/jquery.js?ln=primefaces&v=4.0 HTTP/1.1" 304 -
181.78.209.196 - - [14/Jan/2024:17:50:56 -0500] "GET /sipse/faces/javax.faces.resource/jquery/jquery-plugins.js?ln=primefaces&v=4.0 HTTP/1.1" 304 -
181.78.209.196 - - [14/Jan/2024:17:50:56 -0500] "GET /sipse/faces/javax.faces.resource/primefaces.js?ln=primefaces&v=4.0 HTTP/1.1" 304 -
181.78.209.196 - - [14/Jan/2024:17:50:56 -0500] "GET /sipse/faces/javax.faces.resource/layout/layout.js?ln=primefaces&v=4.0 HTTP/1.1" 304 -
181.78.209.196 - - [14/Jan/2024:17:50:56 -0500] "POST /sipse/faces/presentacion/financiero/solicitudProceso/listarSolicitudProceso.xhtml HTTP/1.1" 200 1556
182.138.158.48 - - [14/Jan/2024:17:51:00 -0500] "GET / HTTP/1.0" 200 319
172.22.2.4 - - [14/Jan/2024:17:49:21 -0500] "HEAD /BLA/boletinlegal/ HTTP/1.1" 200 -
181.78.209.196 - - [14/Jan/2024:17:51:05 -0500] "POST /sipse/faces/presentacion/financiero/solicitudProceso/listarSolicitudProceso.xhtml HTTP/1.1" 200 4829
101.68.50.178 - - [14/Jan/2024:17:51:08 -0500] "GET / HTTP/1.1" 200 319
181.78.209.196 - - [14/Jan/2024:17:51:08 -0500] "POST /sipse/faces/presentacion/financiero/solicitudProceso/listarSolicitudProceso.xhtml HTTP/1.1" 200 33256
181.78.209.196 - - [14/Jan/2024:17:51:13 -0500] "POST /sipse/faces/presentacion/financiero/solicitudProceso/listarSolicitudProceso.xhtml HTTP/1.1" 200 32756
181.78.209.196 - - [14/Jan/2024:17:51:17 -0500] "POST /sipse/faces/presentacion/financiero/solicitudProceso/listarSolicitudProceso.xhtml HTTP/1.1" 200 33424
123.138.77.54 - - [14/Jan/2024:17:51:24 -0500] "GET /favicon.ico HTTP/1.1" 200 7782
181.78.209.196 - - [14/Jan/2024:17:51:35 -0500] "POST /sipse/faces/presentacion/financiero/solicitudProceso/listarSolicitudProceso.xhtml HTTP/1.1" 200 32756
181.78.209.196 - - [14/Jan/2024:17:51:42 -0500] "POST /sipse/faces/presentacion/financiero/solicitudProceso/listarSolicitudProceso.xhtml HTTP/1.1" 200 108138
181.78.209.196 - - [14/Jan/2024:17:51:43 -0500] "GET /sipse/faces/javax.faces.resource/theme.css?ln=primefaces-sipse HTTP/1.1" 304 -
181.78.209.196 - - [14/Jan/2024:17:51:43 -0500] "GET /sipse/faces/javax.faces.resource/primefaces.css?ln=primefaces&v=4.0 HTTP/1.1" 304 -
181.78.209.196 - - [14/Jan/2024:17:51:43 -0500] "GET /sipse/faces/javax.faces.resource/layout/layout.css?ln=primefaces&v=4.0 HTTP/1.1" 304 -
181.78.209.196 - - [14/Jan/2024:17:51:43 -0500] "GET /sipse/faces/javax.faces.resource/jquery/jquery.js?ln=primefaces&v=4.0 HTTP/1.1" 304 -
181.78.209.196 - - [14/Jan/2024:17:51:43 -0500] "GET /sipse/faces/javax.faces.resource/jquery/jquery-plugins.js?ln=primefaces&v=4.0 HTTP/1.1" 304 -
181.78.209.196 - - [14/Jan/2024:17:51:44 -0500] "GET /sipse/faces/javax.faces.resource/primefaces.js?ln=primefaces&v=4.0 HTTP/1.1" 304 -
181.78.209.196 - - [14/Jan/2024:17:51:44 -0500] "GET /sipse/faces/javax.faces.resource/layout/layout.js?ln=primefaces&v=4.0 HTTP/1.1" 304 -
181.78.209.196 - - [14/Jan/2024:17:51:44 -0500] "GET /sipse/faces/javax.faces.resource/dynamiccontent.properties?ln=primefaces&pfdrid=XjOR5%2F%2FfPAZAuY9TpWQeCiM0BhlXxYRBGKi%2FQcXXfeA%3D&pfdrid_c=false HTTP/1.1" 500 383
201.245.192.253 - - [14/Jan/2024:17:51:46 -0500] "POST /forms/lservlet;jsessionid=ac16012b30d6e9245d4a5ae64507bcdc86473ff87750.e3iSbxaKaheRe34Rb3eTbx8LaNb0n6jAmljGr5XDqQLvpAe HTTP/1.1" 200 2
173.252.107.2 - - [14/Jan/2024:17:51:48 -0500] "GET /images/Musgo%2017%20-%2012%20-%202023.jpeg HTTP/1.1" 200 66238
172.22.2.4 - - [14/Jan/2024:17:50:12 -0500] "GET /BLA/boletinlegal/ HTTP/1.1" 200 58166
181.78.209.196 - - [14/Jan/2024:17:52:06 -0500] "POST /sipse/faces/presentacion/financiero/solicitudProceso/consultarSolicitudProceso.xhtml HTTP/1.1" 200 65036
181.78.209.196 - - [14/Jan/2024:17:52:09 -0500] "GET /sipse/faces/javax.faces.resource/theme.css?ln=primefaces-sipse HTTP/1.1" 304 -
181.78.209.196 - - [14/Jan/2024:17:52:09 -0500] "GET /sipse/faces/javax.faces.resource/primefaces.css?ln=primefaces&v=4.0 HTTP/1.1" 304 -
181.78.209.196 - - [14/Jan/2024:17:52:09 -0500] "GET /sipse/faces/javax.faces.resource/layout/layout.css?ln=primefaces&v=4.0 HTTP/1.1" 304 -
181.78.209.196 - - [14/Jan/2024:17:52:09 -0500] "GET /sipse/faces/javax.faces.resource/jquery/jquery.js?ln=primefaces&v=4.0 HTTP/1.1" 304 -
181.78.209.196 - - [14/Jan/2024:17:52:09 -0500] "GET /sipse/faces/javax.faces.resource/jquery/jquery-plugins.js?ln=primefaces&v=4.0 HTTP/1.1" 304 -
181.78.209.196 - - [14/Jan/2024:17:52:09 -0500] "GET /sipse/faces/javax.faces.resource/primefaces.js?ln=primefaces&v=4.0 HTTP/1.1" 304 -
181.78.209.196 - - [14/Jan/2024:17:52:09 -0500] "GET /sipse/faces/javax.faces.resource/layout/layout.js?ln=primefaces&v=4.0 HTTP/1.1" 304 -
181.78.209.196 - - [14/Jan/2024:17:52:10 -0500] "POST /sipse/faces/presentacion/financiero/solicitudProceso/listarSolicitudProceso.xhtml HTTP/1.1" 200 1556
181.78.209.196 - - [14/Jan/2024:17:52:15 -0500] "POST /sipse/faces/presentacion/financiero/solicitudProceso/listarSolicitudProceso.xhtml HTTP/1.1" 200 4920
181.78.209.196 - - [14/Jan/2024:17:52:16 -0500] "POST /sipse/faces/presentacion/financiero/solicitudProceso/listarSolicitudProceso.xhtml HTTP/1.1" 200 32622
181.78.209.196 - - [14/Jan/2024:17:52:24 -0500] "POST /sipse/faces/presentacion/financiero/solicitudProceso/listarSolicitudProceso.xhtml HTTP/1.1" 200 108231
181.78.209.196 - - [14/Jan/2024:17:52:25 -0500] "GET /sipse/faces/javax.faces.resource/theme.css?ln=primefaces-sipse HTTP/1.1" 304 -
181.78.209.196 - - [14/Jan/2024:17:52:25 -0500] "GET /sipse/faces/javax.faces.resource/primefaces.css?ln=primefaces&v=4.0 HTTP/1.1" 304 -
181.78.209.196 - - [14/Jan/2024:17:52:25 -0500] "GET /sipse/faces/javax.faces.resource/layout/layout.css?ln=primefaces&v=4.0 HTTP/1.1" 304 -
181.78.209.196 - - [14/Jan/2024:17:52:25 -0500] "GET /sipse/faces/javax.faces.resource/jquery/jquery.js?ln=primefaces&v=4.0 HTTP/1.1" 304 -
181.78.209.196 - - [14/Jan/2024:17:52:25 -0500] "GET /sipse/faces/javax.faces.resource/jquery/jquery-plugins.js?ln=primefaces&v=4.0 HTTP/1.1" 304 -
181.78.209.196 - - [14/Jan/2024:17:52:25 -0500] "GET /sipse/faces/javax.faces.resource/primefaces.js?ln=primefaces&v=4.0 HTTP/1.1" 304 -
181.78.209.196 - - [14/Jan/2024:17:52:26 -0500] "GET /sipse/faces/javax.faces.resource/layout/layout.js?ln=primefaces&v=4.0 HTTP/1.1" 304 -
181.78.209.196 - - [14/Jan/2024:17:52:26 -0500] "GET /sipse/faces/javax.faces.resource/dynamiccontent.properties?ln=primefaces&pfdrid=XjOR5%2F%2FfPAZAuY9TpWQeCiM0BhlXxYRBGKi%2FQcXXfeA%3D&pfdrid_c=false HTTP/1.1" 500 383
201.245.192.253 - - [14/Jan/2024:17:52:26 -0500] "POST /forms/lservlet;jsessionid=ac16012b30d6daf3d1e69b9448f9b338854e2531f358.e3iSbxaKaheRe34Rb3eTbx8LaNb0n6jAmljGr5XDqQLvpAe HTTP/1.1" 200 2
181.78.209.196 - - [14/Jan/2024:17:52:35 -0500] "POST /sipse/faces/presentacion/financiero/solicitudProceso/consultarSolicitudProceso.xhtml HTTP/1.1" 200 65036
181.78.209.196 - - [14/Jan/2024:17:52:37 -0500] "GET /sipse/faces/javax.faces.resource/theme.css?ln=primefaces-sipse HTTP/1.1" 304 -
181.78.209.196 - - [14/Jan/2024:17:52:37 -0500] "GET /sipse/faces/javax.faces.resource/primefaces.css?ln=primefaces&v=4.0 HTTP/1.1" 304 -
181.78.209.196 - - [14/Jan/2024:17:52:37 -0500] "GET /sipse/faces/javax.faces.resource/layout/layout.css?ln=primefaces&v=4.0 HTTP/1.1" 304 -
181.78.209.196 - - [14/Jan/2024:17:52:37 -0500] "GET /sipse/faces/javax.faces.resource/jquery/jquery.js?ln=primefaces&v=4.0 HTTP/1.1" 304 -
181.78.209.196 - - [14/Jan/2024:17:52:37 -0500] "GET /sipse/faces/javax.faces.resource/jquery/jquery-plugins.js?ln=primefaces&v=4.0 HTTP/1.1" 304 -
181.78.209.196 - - [14/Jan/2024:17:52:37 -0500] "GET /sipse/faces/javax.faces.resource/primefaces.js?ln=primefaces&v=4.0 HTTP/1.1" 304 -
181.78.209.196 - - [14/Jan/2024:17:52:37 -0500] "GET /sipse/faces/javax.faces.resource/layout/layout.js?ln=primefaces&v=4.0 HTTP/1.1" 304 -
181.78.209.196 - - [14/Jan/2024:17:52:38 -0500] "POST /sipse/faces/presentacion/financiero/solicitudProceso/listarSolicitudProceso.xhtml HTTP/1.1" 200 1556
181.78.209.196 - - [14/Jan/2024:17:52:43 -0500] "POST /sipse/faces/presentacion/financiero/solicitudProceso/listarSolicitudProceso.xhtml HTTP/1.1" 200 4759
181.78.209.196 - - [14/Jan/2024:17:52:45 -0500] "POST /sipse/faces/presentacion/financiero/solicitudProceso/listarSolicitudProceso.xhtml HTTP/1.1" 200 32619
181.78.209.196 - - [14/Jan/2024:17:52:53 -0500] "POST /sipse/faces/presentacion/financiero/solicitudProceso/listarSolicitudProceso.xhtml HTTP/1.1" 200 108131
181.78.209.196 - - [14/Jan/2024:17:52:55 -0500] "GET /sipse/faces/javax.faces.resource/theme.css?ln=primefaces-sipse HTTP/1.1" 304 -
181.78.209.196 - - [14/Jan/2024:17:52:55 -0500] "GET /sipse/faces/javax.faces.resource/layout/layout.css?ln=primefaces&v=4.0 HTTP/1.1" 304 -
181.78.209.196 - - [14/Jan/2024:17:52:55 -0500] "GET /sipse/faces/javax.faces.resource/primefaces.css?ln=primefaces&v=4.0 HTTP/1.1" 304 -
181.78.209.196 - - [14/Jan/2024:17:52:55 -0500] "GET /sipse/faces/javax.faces.resource/jquery/jquery.js?ln=primefaces&v=4.0 HTTP/1.1" 304 -
181.78.209.196 - - [14/Jan/2024:17:52:55 -0500] "GET /sipse/faces/javax.faces.resource/jquery/jquery-plugins.js?ln=primefaces&v=4.0 HTTP/1.1" 304 -
181.78.209.196 - - [14/Jan/2024:17:52:55 -0500] "GET /sipse/faces/javax.faces.resource/primefaces.js?ln=primefaces&v=4.0 HTTP/1.1" 304 -
181.78.209.196 - - [14/Jan/2024:17:52:55 -0500] "GET /sipse/faces/javax.faces.resource/layout/layout.js?ln=primefaces&v=4.0 HTTP/1.1" 304 -
181.78.209.196 - - [14/Jan/2024:17:52:56 -0500] "GET /sipse/faces/javax.faces.resource/dynamiccontent.properties?ln=primefaces&pfdrid=XjOR5%2F%2FfPAZAuY9TpWQeCiM0BhlXxYRBGKi%2FQcXXfeA%3D&pfdrid_c=false HTTP/1.1" 500 383
201.245.192.253 - - [14/Jan/2024:17:52:54 -0500] "POST /kwsrmcab/Wsrmcab  HTTP/1.1" 200 39439
181.78.209.196 - - [14/Jan/2024:17:53:01 -0500] "POST /sipse/faces/presentacion/financiero/solicitudProceso/consultarSolicitudProceso.xhtml HTTP/1.1" 200 65036
181.78.209.196 - - [14/Jan/2024:17:53:04 -0500] "GET /sipse/faces/javax.faces.resource/jquery/jquery.js?ln=primefaces&v=4.0 HTTP/1.1" 304 -
181.78.209.196 - - [14/Jan/2024:17:53:04 -0500] "GET /sipse/faces/javax.faces.resource/primefaces.css?ln=primefaces&v=4.0 HTTP/1.1" 304 -
181.78.209.196 - - [14/Jan/2024:17:53:04 -0500] "GET /sipse/faces/javax.faces.resource/jquery/jquery-plugins.js?ln=primefaces&v=4.0 HTTP/1.1" 304 -
181.78.209.196 - - [14/Jan/2024:17:53:04 -0500] "GET /sipse/faces/javax.faces.resource/theme.css?ln=primefaces-sipse HTTP/1.1" 304 -
181.78.209.196 - - [14/Jan/2024:17:53:04 -0500] "GET /sipse/faces/javax.faces.resource/layout/layout.css?ln=primefaces&v=4.0 HTTP/1.1" 304 -
181.78.209.196 - - [14/Jan/2024:17:53:04 -0500] "GET /sipse/faces/javax.faces.resource/primefaces.js?ln=primefaces&v=4.0 HTTP/1.1" 304 -
181.78.209.196 - - [14/Jan/2024:17:53:04 -0500] "GET /sipse/faces/javax.faces.resource/layout/layout.js?ln=primefaces&v=4.0 HTTP/1.1" 304 -
181.78.209.196 - - [14/Jan/2024:17:53:04 -0500] "POST /sipse/faces/presentacion/financiero/solicitudProceso/listarSolicitudProceso.xhtml HTTP/1.1" 200 1556
181.78.209.196 - - [14/Jan/2024:17:53:10 -0500] "POST /sipse/faces/presentacion/financiero/solicitudProceso/listarSolicitudProceso.xhtml HTTP/1.1" 200 4803
181.78.209.196 - - [14/Jan/2024:17:53:14 -0500] "POST /sipse/faces/presentacion/financiero/solicitudProceso/listarSolicitudProceso.xhtml HTTP/1.1" 200 32696
157.55.39.49 - - [14/Jan/2024:17:53:15 -0500] "GET /portaldeninos/wp-content/uploads/2020/11/Tibanica-B-768x432.jpg HTTP/1.1" 200 87512
200.118.80.110 - - [14/Jan/2024:17:53:31 -0500] "GET /sipse/faces/index.xhtml HTTP/1.1" 200 677
200.118.80.110 - - [14/Jan/2024:17:53:31 -0500] "GET /sipse/faces/javax.faces.resource/theme.css?ln=primefaces-sipse HTTP/1.1" 304 -
200.118.80.110 - - [14/Jan/2024:17:53:31 -0500] "GET /sipse/faces/faces/autenticacion.xhtml HTTP/1.1" 200 12403
200.118.80.110 - - [14/Jan/2024:17:53:31 -0500] "GET /sipse/css/custom_css_sg_prime_login.css HTTP/1.1" 304 -
200.118.80.110 - - [14/Jan/2024:17:53:31 -0500] "GET /sipse/faces/javax.faces.resource/layout/layout.css?ln=primefaces&v=4.0 HTTP/1.1" 304 -
200.118.80.110 - - [14/Jan/2024:17:53:31 -0500] "GET /sipse/faces/javax.faces.resource/theme.css?ln=primefaces-sipse HTTP/1.1" 304 -
200.118.80.110 - - [14/Jan/2024:17:53:31 -0500] "GET /sipse/faces/javax.faces.resource/primefaces.css?ln=primefaces&v=4.0 HTTP/1.1" 304 -
200.118.80.110 - - [14/Jan/2024:17:53:31 -0500] "GET /sipse/css/custom_css_sg.css HTTP/1.1" 304 -
200.118.80.110 - - [14/Jan/2024:17:53:31 -0500] "GET /sipse/js/disable_browser_buttons.js HTTP/1.1" 304 -
200.118.80.110 - - [14/Jan/2024:17:53:31 -0500] "GET /sipse/js/funciones.js HTTP/1.1" 304 -
200.118.80.110 - - [14/Jan/2024:17:53:31 -0500] "GET /sipse/faces/javax.faces.resource/jquery/jquery.js?ln=primefaces&v=4.0 HTTP/1.1" 304 -
200.118.80.110 - - [14/Jan/2024:17:53:31 -0500] "GET /sipse/faces/javax.faces.resource/jquery/jquery-plugins.js?ln=primefaces&v=4.0 HTTP/1.1" 304 -
