186.102.97.182 - - [14/Jan/2024:11:31:08 -0500] "GET /kwssiamovil/sm/acme/s?s=U2FsdGVkX1/gqNtzAbErzV1YxKyKwW/vixINhw8AhHV4RkXOXIGUUWIZTxrad5jMRdBj5pz1Fx3luFuLhyRbrV7PiyPh+sQ5b0w8GOciodCCiStEwcEU8zH5E1LjyjNb5LBqJWtIpNRItXHwOVDPgl3+Y73a+cusWE8ytUw7WfTgqHqGBdI2mc6pvlUZXOLn9URRD21jcrBIK+wlqeVSmwvMIt6A2bhBhCbo4qkm+wb8f78tyIYQynQ7NsG0L8DZLHKdWnVYFYSY1IoGHM23UDOj8pSzfB6ZpvoScaPa5c3CRlCAJFI87MknFycUd7VM2mkJ70yz26HvPT+vfKQfIIq0hmefv+YkC89BKVlXzRrO6GwkeIpSiAIuIxlyRLTWseZsXs2A9YYtOeIqKEESisPQ7zCQeRrGucDBwS4z+4Eiov9DxnvuR170gPxaAu7XeHFjw3rYtm1vKRaBmgJPFFpcUeXosn8ZqhQblyvD+UvxQzkDPUmugOC2yT2yRV3XQ0fM4XrZv1sJjgr/PQkMKQ6VA3PvUf+sB20X8gqZa8L+2aVRnOK5otzJ4T0jhvBwBLEKW6r8hFqPFrGdD2RmnHfEiCXLOvVIj6xjrDfGaFFfG8xxd19hv0EkMMBg442FI0sENQzBY6S6F+ZvHpcfVsuIpGzxdxLdnFUih838T9DGxrkTmtQJA73SpfF8W3ws3WHKHoRqZ75v2lvkgrAhPOGUefSUoiKEIWT9req8KZmabq/ut5FRwXSIPKOPJu4O&u=U2FsdGVkX1/Ek0BNA3A+BSifFpWAcXJlwPcxU1osogs=&y=U2FsdGVkX19VZoJbbyFUrB2s0QQ1MRdNm80H9SSpp78/PXrO0JCbSnYWozyUwWvP HTTP/1.1" 200 208
186.102.97.182 - - [14/Jan/2024:11:31:08 -0500] "GET /kwssiamovil/sm/cjson/pre?f=1&x=U2FsdGVkX1+b5wp9RmtYOqCkmtyEqcO/YKJCNg3ZckDw/9a/xk6MAHPJhsn6fa3P HTTP/1.1" 200 31032
186.102.22.149 - - [14/Jan/2024:11:31:31 -0500] "GET /kwssiamovil/sm/acme/a?s=U2FsdGVkX1/b5brznJyhU4Gu09OgUyAD4sv+kTblo8lj+o6y3AvrwdsrEMm2WDEY/G+Nm7LKVs15SBPXUiECcfGucQr+WWNI8dHmQUnhcXtqnZTaJ0YE8/C5ey0NUnSdhhpXbw7bbw65AEPTwUDPEOLFkWLmfU2njrEcx/BZTo2UcflkOML8e7ojmQH2XrJftrdDvOWyjMD88+ZdtGf57859jWUJjNXoS6kb1/j8fW7LpeBLOwqogVJ7uHZvLHme97HET0WgfuhWH2kRA/ZuLg==&u=U2FsdGVkX18nBFSVIOBnLuJVotRQKNV0OJxuoYQOAGg=&y=U2FsdGVkX19yLAyd4Bkg4x5D8EvzlSVu4zekt0lw8CQ= HTTP/1.1" 200 26
186.102.22.149 - - [14/Jan/2024:11:31:31 -0500] "GET /kwssiamovil/sm/acme/a?s=U2FsdGVkX1/qYMgXXSem03PZor6d6L9Y3Mr7xuHaMUNGMiEg3uj70xSeB4NPdFl+6QUPmmBJuFHDLahxQRzMVH/ObraTYqvX3ydpZGNOmGA3tajSQ2AYUJtKPKOCHPFkIaGclTtL+w1/l1KJiL87Ga0RW2nGjPwynN9+PSXg9C1A9c2zU12Bhq58lWmOBXwue6ezKZtS05ifg2EmBZHkSuItxxHFnQbPssMsh1NJE8XtUm9BmKEOxDAiJbw+VEFVkv0LgdCUrNVV7aKIIPOQJNUg0lEtjpu8mVy3kRn6m9PCOh2QQw514T39MSquxsOZdpU/GV1MNVSgo5cutdWHQqwquPfKVoLsZAdrcyd84Xxdm25hJyV3WO71TtZvvEYsob5zillmHO//c09YQTrKpcMnxuAvGUQOm+JES01l0+R5m2eH6+8RlxN2oodgPVhjFmEzTe2UucSB0PssnV0C7bPCS0d3C65GiRdlUlRbCwpcAx8TTO1cgNfcfRCqpkZwR0Hi1y1IQ+LUiFHYFLU8AA3v04shJAa4yHyM2tRQ98mIw1XCVKNU0sPjMTMwySwddms2BUxLXT8Y27hS7cupcOIUACym4YY8n7sXaSx+PEbP8Fy0U7BuN1JPOzFIDDvAFpToXVlE1G83APGRGVG/BHX+PKLU9kkq4N5cgOt+SxaPHMJ8zGP8rQB5AysegTAHzNxyjD1phbGq6KRBVTMBTpJpfRPdJfT1gQ7gNWhmEQcUf831u3T3g03ohZfpkxX/wlpfEYmmIFsS1/gp03iVsGAU8cVI9biF0NTGnfpnD5UUN3vWQy9GPhRwD5td9BM7Mqit6ZzW9O3iOl6+zoNA93eCn8ESfIB0ddAlX4xycAvt4g5FQFu7ABRd1W9Mn/mWbIB9D7Pzan+l96GmqfUCVyhyXgwW6Bpo5dnF38M5iMW7g5ZYJ388ajE7+w/XsTbmsgjretSsho9PaSV6KSbO9yV/VdGvucSty2JgFXUuLsS51a8fZGOLthbhntRy3u39HGqkYVjdoRNlI6cn3h4kxDYsTjT/K2l+DyRsiRpdqoewN+XTPqZ7CSpvWW478Jo8yI4MOlNme1gn7pYWKFllv8MvPcNskOO+3Kwc4rvrhujbKGmjE/Wpaowt4M+wpDck3KrvWtKBh5SC7q4m1fpTkFJt4T5OAcs4Rj/PhWJ3Uwtk4hwLUzDBlC4D3RPpwwoYx+SwC7BpmgnG9uQABwbDryC79JIY26DQdox/Gxea49Hkt6oCzl94i1m3aAixRtHam+XVrfGO9yOSOQ1ynMjoweLcQ70+VlZjrck7j2lr5bQ7AA0oTQs7M9btJxT1+0UI&u=U2FsdGVkX18nBFSVIOBnLuJVotRQKNV0OJxuoYQOAGg=&y=U2FsdGVkX19yLAyd4Bkg4x5D8EvzlSVu4zekt0lw8CQ= HTTP/1.1" 200 26
186.102.22.149 - - [14/Jan/2024:11:31:32 -0500] "GET /kwssiamovil/sm/acme/a?s=U2FsdGVkX1/dIoE5AxlSIeZ8rU0anNUhc/0ImGvJyrrPht+TFL60JaaZgBKBiYRtkaHTYVfEZT5mPfc+6adP8LJcBRZFhFfLMw4iW18Wxwan8nE9Q4wI9YRPjJXsm7CRG6fM/tntz9Hup4eMlmVNJYXxAenXdQxciPbJNMJahik=&u=U2FsdGVkX18nBFSVIOBnLuJVotRQKNV0OJxuoYQOAGg=&y=U2FsdGVkX19yLAyd4Bkg4x5D8EvzlSVu4zekt0lw8CQ= HTTP/1.1" 200 26
186.102.22.149 - - [14/Jan/2024:11:31:32 -0500] "GET /kwssiamovil/sm/acme/a?s=U2FsdGVkX1+IjawI/vs5/1k3k+XCakXegDwKs1wD7O3KMEhYzGGje0QNUFV/dceioGcOJGARpBNSwEFM/vhsfifL2FWxHVsvAxz7JEjO5y2oJSYe7rDkSD8LV8B+Y3mdX57xCvH/yfIiMPxNfhY1Eyeray/chvYS/XlZk76npE4=&u=U2FsdGVkX18nBFSVIOBnLuJVotRQKNV0OJxuoYQOAGg=&y=U2FsdGVkX19yLAyd4Bkg4x5D8EvzlSVu4zekt0lw8CQ= HTTP/1.1" 200 26
186.102.22.149 - - [14/Jan/2024:11:31:32 -0500] "GET /kwssiamovil/sm/acme/a?s=U2FsdGVkX181vOjwt1cbrPXaxaOxFO7wRS88nw4N3JDC4VVDD9+cANApJRx4cpiUCVC6zWSZugw70nLNdGElV3g8c9F1C4gd1bN3Mos4ZxJK/z2DSBBq/uQH3JV1RLKnTHW/Dn6wa5ciJR325qunpUTP4fc1VX3mInKb8LWPBz8=&u=U2FsdGVkX18nBFSVIOBnLuJVotRQKNV0OJxuoYQOAGg=&y=U2FsdGVkX19yLAyd4Bkg4x5D8EvzlSVu4zekt0lw8CQ= HTTP/1.1" 200 26
186.102.22.149 - - [14/Jan/2024:11:31:32 -0500] "GET /kwssiamovil/sm/acme/a?s=U2FsdGVkX19vb/Besw0Yi1i9xhlrWZoCPAuA7WlOCIh3St7JROFeKTifKTvDcCEh4keHC/II7Lg0z9ojSMePEfQPIC5F6x0LlD2/qSSZxNzsJmTlX/TP35TauwwnYEB/qDT6dcF/IoS+DukKqrdIiipWZxkJfVKiM5LEoI0BU3w4ux7Lenayl0Nzj13dm3b2&u=U2FsdGVkX18nBFSVIOBnLuJVotRQKNV0OJxuoYQOAGg=&y=U2FsdGVkX19yLAyd4Bkg4x5D8EvzlSVu4zekt0lw8CQ= HTTP/1.1" 200 26
201.245.192.253 - - [14/Jan/2024:11:31:44 -0500] "POST /forms/lservlet;jsessionid=ac16012b30d6e9245d4a5ae64507bcdc86473ff87750.e3iSbxaKaheRe34Rb3eTbx8LaNb0n6jAmljGr5XDqQLvpAe HTTP/1.1" 200 2
172.22.2.4 - - [14/Jan/2024:11:30:08 -0500] "HEAD /BLA/boletinlegal/ HTTP/1.1" 200 -
201.245.192.253 - - [14/Jan/2024:11:32:25 -0500] "POST /forms/lservlet;jsessionid=ac16012b30d6daf3d1e69b9448f9b338854e2531f358.e3iSbxaKaheRe34Rb3eTbx8LaNb0n6jAmljGr5XDqQLvpAe HTTP/1.1" 200 2
185.224.128.191 - - [14/Jan/2024:11:32:35 -0500] "GET /config/getuser?index=0 HTTP/1.1" 404 1018
172.22.2.4 - - [14/Jan/2024:11:30:59 -0500] "GET /BLA/boletinlegal/ HTTP/1.1" 200 58666
181.136.144.113 - - [14/Jan/2024:11:33:14 -0500] "GET /portaldeninos/parque-mirador-de-los-nevados/ HTTP/1.1" 200 89855
181.136.144.113 - - [14/Jan/2024:11:33:14 -0500] "GET /portaldeninos/wp-includes/js/wp-emoji-release.min.js?ver=4.9.8 HTTP/1.1" 200 12026
181.136.144.113 - - [14/Jan/2024:11:33:14 -0500] "GET /portaldeninos/wp-content/plugins/gallery-videos/CSS/Total-Soft-Gallery-Video-Widget.css?ver=4.9.8 HTTP/1.1" 200 51554
181.136.144.113 - - [14/Jan/2024:11:33:14 -0500] "GET /portaldeninos/wp-content/plugins/gallery-videos/CSS/totalsoft.css?ver=4.9.8 HTTP/1.1" 200 40622
181.136.144.113 - - [14/Jan/2024:11:33:15 -0500] "GET /portaldeninos/wp-content/uploads/useanyfont/uaf.css?ver=1589905315 HTTP/1.1" 200 408
181.136.144.113 - - [14/Jan/2024:11:33:15 -0500] "GET /portaldeninos/wp-content/themes/betheme/style.css?ver=20.9.6 HTTP/1.1" 200 287
181.136.144.113 - - [14/Jan/2024:11:33:15 -0500] "GET /portaldeninos/wp-content/themes/betheme/css/base.css?ver=20.9.6 HTTP/1.1" 200 57283
181.136.144.113 - - [14/Jan/2024:11:33:15 -0500] "GET /portaldeninos/wp-content/themes/betheme/css/layout.css?ver=20.9.6 HTTP/1.1" 200 116639
181.136.144.113 - - [14/Jan/2024:11:33:15 -0500] "GET /portaldeninos/wp-content/themes/betheme/css/shortcodes.css?ver=20.9.6 HTTP/1.1" 200 138889
181.136.144.113 - - [14/Jan/2024:11:33:15 -0500] "GET /portaldeninos/wp-content/themes/betheme/assets/animations/animations.min.css?ver=20.9.6 HTTP/1.1" 200 58508
181.136.144.113 - - [14/Jan/2024:11:33:15 -0500] "GET /portaldeninos/wp-content/themes/betheme/assets/ui/jquery.ui.all.css?ver=20.9.6 HTTP/1.1" 200 18765
181.136.144.113 - - [14/Jan/2024:11:33:15 -0500] "GET /portaldeninos/wp-content/themes/betheme/assets/jplayer/css/jplayer.blue.monday.css?ver=20.9.6 HTTP/1.1" 200 9834
181.136.144.113 - - [14/Jan/2024:11:33:15 -0500] "GET /portaldeninos/wp-content/themes/betheme/css/responsive.css?ver=20.9.6 HTTP/1.1" 200 55740
181.136.144.113 - - [14/Jan/2024:11:33:15 -0500] "GET /portaldeninos/wp-content/plugins/google-analytics-for-wordpress/assets/js/frontend-gtag.min.js?ver=8.5.0 HTTP/1.1" 200 11801
181.136.144.113 - - [14/Jan/2024:11:33:15 -0500] "GET /portaldeninos/wp-includes/js/jquery/jquery-migrate.min.js?ver=1.4.1 HTTP/1.1" 200 10056
181.136.144.113 - - [14/Jan/2024:11:33:15 -0500] "GET /portaldeninos/wp-includes/js/jquery/jquery.js?ver=1.12.4 HTTP/1.1" 200 97184
181.136.144.113 - - [14/Jan/2024:11:33:15 -0500] "GET /portaldeninos/wp-includes/js/jquery/ui/core.min.js?ver=1.11.4 HTTP/1.1" 200 4000
181.136.144.113 - - [14/Jan/2024:11:33:15 -0500] "GET /portaldeninos/wp-content/plugins/gallery-videos/JS/modernizr.custom.js?ver=4.9.8 HTTP/1.1" 200 9019
181.136.144.113 - - [14/Jan/2024:11:33:15 -0500] "GET /portaldeninos/wp-content/uploads/2021/07/Banners-pa%CC%81gina-de-nin%CC%83os5.jpg HTTP/1.1" 200 33413
181.136.144.113 - - [14/Jan/2024:11:33:15 -0500] "GET /portaldeninos/wp-content/plugins/gallery-videos/JS/Total-Soft-Gallery-Video-Widget.js?ver=4.9.8 HTTP/1.1" 200 80264
181.136.144.113 - - [14/Jan/2024:11:33:15 -0500] "GET /portaldeninos/wp-includes/js/jquery/ui/widget.min.js?ver=1.11.4 HTTP/1.1" 200 6908
181.136.144.113 - - [14/Jan/2024:11:33:15 -0500] "GET /portaldeninos/wp-includes/js/jquery/ui/mouse.min.js?ver=1.11.4 HTTP/1.1" 200 3148
181.136.144.113 - - [14/Jan/2024:11:33:15 -0500] "GET /portaldeninos/wp-includes/js/jquery/ui/tabs.min.js?ver=1.11.4 HTTP/1.1" 200 12110
181.136.144.113 - - [14/Jan/2024:11:33:15 -0500] "GET /portaldeninos/wp-content/uploads/2019/08/Logo-Ambientic.png HTTP/1.1" 200 22941
181.136.144.113 - - [14/Jan/2024:11:33:15 -0500] "GET /portaldeninos/wp-includes/js/jquery/ui/sortable.min.js?ver=1.11.4 HTTP/1.1" 200 24899
181.136.144.113 - - [14/Jan/2024:11:33:15 -0500] "GET /portaldeninos/wp-includes/js/jquery/ui/accordion.min.js?ver=1.11.4 HTTP/1.1" 200 8584
181.136.144.113 - - [14/Jan/2024:11:33:15 -0500] "GET /portaldeninos/wp-content/themes/betheme/assets/animations/animations.min.js?ver=20.9.6 HTTP/1.1" 200 1896
181.136.144.113 - - [14/Jan/2024:11:33:15 -0500] "GET /portaldeninos/wp-content/themes/betheme/js/menu.js?ver=20.9.6 HTTP/1.1" 200 2449
181.136.144.113 - - [14/Jan/2024:11:33:15 -0500] "GET /portaldeninos/wp-content/themes/betheme/js/scripts.js?ver=20.9.6 HTTP/1.1" 200 77162
181.136.144.113 - - [14/Jan/2024:11:33:15 -0500] "GET /portaldeninos/wp-content/themes/betheme/assets/jplayer/jplayer.min.js?ver=20.9.6 HTTP/1.1" 200 52702
181.136.144.113 - - [14/Jan/2024:11:33:15 -0500] "GET /portaldeninos/wp-includes/js/wp-embed.min.js?ver=4.9.8 HTTP/1.1" 200 1398
181.136.144.113 - - [14/Jan/2024:11:33:15 -0500] "GET /portaldeninos/wp-content/themes/betheme/images/box_shadow.png HTTP/1.1" 200 108
181.136.144.113 - - [14/Jan/2024:11:33:15 -0500] "GET /portaldeninos/wp-content/uploads/2021/07/imagenes-con-marcos-pa%CC%81gina-de-nin%CC%83os-parque-los-nevados.jpg HTTP/1.1" 200 48675
181.136.144.113 - - [14/Jan/2024:11:33:15 -0500] "GET /portaldeninos/wp-content/themes/betheme/js/plugins.js?ver=20.9.6 HTTP/1.1" 200 197151
181.136.144.113 - - [14/Jan/2024:11:33:15 -0500] "GET /portaldeninos/wp-content/themes/betheme/fonts/mfn-icons.woff?93978679 HTTP/1.1" 200 80932
190.90.132.140 - - [14/Jan/2024:11:33:23 -0500] "GET /sipse/faces/faces/autenticacion.xhtml HTTP/1.1" 200 12725
190.90.132.140 - - [14/Jan/2024:11:33:24 -0500] "GET /sipse/css/custom_css_sg.css HTTP/1.1" 200 9694
190.90.132.140 - - [14/Jan/2024:11:33:24 -0500] "GET /sipse/faces/javax.faces.resource/theme.css?ln=primefaces-sipse HTTP/1.1" 304 -
190.90.132.140 - - [14/Jan/2024:11:33:24 -0500] "GET /sipse/faces/javax.faces.resource/layout/layout.css;jsessionid=zz+TSLr5FXrifJEvTP0ibEQ4.undefined?ln=primefaces&v=4.0 HTTP/1.1" 200 542
190.90.132.140 - - [14/Jan/2024:11:33:24 -0500] "GET /sipse/faces/javax.faces.resource/primefaces.css;jsessionid=zz+TSLr5FXrifJEvTP0ibEQ4.undefined?ln=primefaces&v=4.0 HTTP/1.1" 200 53295
190.90.132.140 - - [14/Jan/2024:11:33:24 -0500] "GET /sipse/faces/javax.faces.resource/layout/layout.js;jsessionid=zz+TSLr5FXrifJEvTP0ibEQ4.undefined?ln=primefaces&v=4.0 HTTP/1.1" 200 87560
190.90.132.140 - - [14/Jan/2024:11:33:24 -0500] "GET /sipse/faces/javax.faces.resource/jquery/jquery.js;jsessionid=zz+TSLr5FXrifJEvTP0ibEQ4.undefined?ln=primefaces&v=4.0 HTTP/1.1" 200 105384
190.90.132.140 - - [14/Jan/2024:11:33:24 -0500] "GET /sipse/faces/javax.faces.resource/primefaces.js;jsessionid=zz+TSLr5FXrifJEvTP0ibEQ4.undefined?ln=primefaces&v=4.0 HTTP/1.1" 200 276924
190.90.132.140 - - [14/Jan/2024:11:33:24 -0500] "GET /sipse/faces/javax.faces.resource/jquery/jquery-plugins.js;jsessionid=zz+TSLr5FXrifJEvTP0ibEQ4.undefined?ln=primefaces&v=4.0 HTTP/1.1" 200 220526
190.90.132.140 - - [14/Jan/2024:11:33:25 -0500] "GET /sipse/faces/javax.faces.resource/images/ui-icons_898989_256x240.png?ln=primefaces-aristo HTTP/1.1" 304 -
190.90.132.140 - - [14/Jan/2024:11:33:26 -0500] "GET /sipse/faces/faces/index.xhtml HTTP/1.1" 200 677
190.90.132.140 - - [14/Jan/2024:11:33:26 -0500] "GET /sipse/faces/javax.faces.resource/theme.css?ln=primefaces-sipse HTTP/1.1" 304 -
190.90.132.140 - - [14/Jan/2024:11:33:27 -0500] "GET /sipse/faces/faces/faces/autenticacion.xhtml HTTP/1.1" 200 12403
190.90.132.140 - - [14/Jan/2024:11:33:27 -0500] "GET /sipse/faces/javax.faces.resource/theme.css?ln=primefaces-sipse HTTP/1.1" 304 -
190.90.132.140 - - [14/Jan/2024:11:33:27 -0500] "GET /sipse/faces/javax.faces.resource/primefaces.css?ln=primefaces&v=4.0 HTTP/1.1" 304 -
190.90.132.140 - - [14/Jan/2024:11:33:27 -0500] "GET /sipse/faces/javax.faces.resource/layout/layout.css?ln=primefaces&v=4.0 HTTP/1.1" 304 -
190.90.132.140 - - [14/Jan/2024:11:33:27 -0500] "GET /sipse/faces/javax.faces.resource/jquery/jquery.js?ln=primefaces&v=4.0 HTTP/1.1" 304 -
190.90.132.140 - - [14/Jan/2024:11:33:27 -0500] "GET /sipse/faces/javax.faces.resource/jquery/jquery-plugins.js?ln=primefaces&v=4.0 HTTP/1.1" 304 -
190.90.132.140 - - [14/Jan/2024:11:33:27 -0500] "GET /sipse/faces/javax.faces.resource/primefaces.js?ln=primefaces&v=4.0 HTTP/1.1" 304 -
190.90.132.140 - - [14/Jan/2024:11:33:27 -0500] "GET /sipse/faces/javax.faces.resource/layout/layout.js?ln=primefaces&v=4.0 HTTP/1.1" 304 -
190.90.132.140 - - [14/Jan/2024:11:33:27 -0500] "GET /sipse/faces/javax.faces.resource/images/ui-icons_898989_256x240.png?ln=primefaces-aristo HTTP/1.1" 304 -
172.22.2.4 - - [14/Jan/2024:11:32:49 -0500] "GET /BLA/boletinlegal/ HTTP/1.1" 200 32715
181.136.144.113 - - [14/Jan/2024:11:33:36 -0500] "GET /portaldeninos/wp-content/uploads/2021/07/Recorrido-Aula-Mirador-de-los-Nevados.mp4 HTTP/1.1" 206 3487974
201.245.192.253 - - [14/Jan/2024:11:33:44 -0500] "POST /forms/lservlet;jsessionid=ac16012b30d6e9245d4a5ae64507bcdc86473ff87750.e3iSbxaKaheRe34Rb3eTbx8LaNb0n6jAmljGr5XDqQLvpAe HTTP/1.1" 200 2
190.90.132.140 - - [14/Jan/2024:11:33:45 -0500] "POST /sipse/faces/autenticacion.xhtml HTTP/1.1" 200 2223
190.90.132.140 - - [14/Jan/2024:11:33:45 -0500] "GET /sipse/faces/javax.faces.resource/messages/messages.png?ln=primefaces&v=4.0 HTTP/1.1" 304 -
190.90.132.140 - - [14/Jan/2024:11:33:46 -0500] "POST /sipse/faces/autenticacion.xhtml HTTP/1.1" 200 16386
190.90.132.140 - - [14/Jan/2024:11:33:46 -0500] "GET /sipse/faces/javax.faces.resource/jquery/jquery.js?ln=primefaces&v=4.0 HTTP/1.1" 304 -
190.90.132.140 - - [14/Jan/2024:11:33:46 -0500] "GET /sipse/faces/javax.faces.resource/jquery/jquery-plugins.js?ln=primefaces&v=4.0 HTTP/1.1" 304 -
190.90.132.140 - - [14/Jan/2024:11:33:47 -0500] "GET /sipse/faces/javax.faces.resource/primefaces.js?ln=primefaces&v=4.0 HTTP/1.1" 304 -
190.90.132.140 - - [14/Jan/2024:11:33:47 -0500] "GET /sipse/faces/javax.faces.resource/layout/layout.js?ln=primefaces&v=4.0 HTTP/1.1" 304 -
190.90.132.140 - - [14/Jan/2024:11:33:47 -0500] "GET /sipse/css/imagen/contrasena.png HTTP/1.1" 404 383
190.90.132.140 - - [14/Jan/2024:11:33:55 -0500] "GET /sipse/faces/javax.faces.resource/images/ui-bg_flat_0_2d5972_40x100.png?ln=primefaces-aristo HTTP/1.1" 304 -
190.90.132.140 - - [14/Jan/2024:11:33:55 -0500] "POST /sipse/faces/bienvenido.xhtml HTTP/1.1" 200 2658
190.90.132.140 - - [14/Jan/2024:11:33:58 -0500] "POST /sipse/faces/bienvenido.xhtml HTTP/1.1" 200 64973
190.90.132.140 - - [14/Jan/2024:11:33:58 -0500] "GET /sipse/faces/javax.faces.resource/jquery/jquery.js?ln=primefaces&v=4.0 HTTP/1.1" 304 -
190.90.132.140 - - [14/Jan/2024:11:33:58 -0500] "GET /sipse/faces/javax.faces.resource/jquery/jquery-plugins.js?ln=primefaces&v=4.0 HTTP/1.1" 304 -
190.90.132.140 - - [14/Jan/2024:11:33:58 -0500] "GET /sipse/faces/javax.faces.resource/primefaces.js?ln=primefaces&v=4.0 HTTP/1.1" 304 -
190.90.132.140 - - [14/Jan/2024:11:33:58 -0500] "GET /sipse/faces/javax.faces.resource/layout/layout.js?ln=primefaces&v=4.0 HTTP/1.1" 304 -
190.90.132.140 - - [14/Jan/2024:11:33:59 -0500] "POST /sipse/faces/presentacion/financiero/solicitudProceso/listarSolicitudProceso.xhtml HTTP/1.1" 200 1556
181.136.144.113 - - [14/Jan/2024:11:33:47 -0500] "GET /portaldeninos/wp-content/uploads/2021/07/Recorrido-Aula-Mirador-de-los-Nevados.mp4 HTTP/1.1" 206 6598589
201.245.192.253 - - [14/Jan/2024:11:34:25 -0500] "POST /forms/lservlet;jsessionid=ac16012b30d6daf3d1e69b9448f9b338854e2531f358.e3iSbxaKaheRe34Rb3eTbx8LaNb0n6jAmljGr5XDqQLvpAe HTTP/1.1" 200 2
201.245.192.253 - - [14/Jan/2024:11:34:33 -0500] "POST /kwsrmcab/Wsrmcab  HTTP/1.1" 200 39439
201.245.192.253 - - [14/Jan/2024:11:34:34 -0500] "POST /kwsrmcab/Wsrmcab HTTP/1.1" 200 36505
201.245.192.253 - - [14/Jan/2024:11:34:38 -0500] "POST /kwsrmcab/Wsrmcab HTTP/1.1" 200 39395
190.90.132.140 - - [14/Jan/2024:11:35:06 -0500] "POST /sipse/faces/presentacion/financiero/solicitudProceso/listarSolicitudProceso.xhtml HTTP/1.1" 200 58313
190.90.132.140 - - [14/Jan/2024:11:35:06 -0500] "POST /sipse/faces/presentacion/financiero/solicitudProceso/listarSolicitudProceso.xhtml HTTP/1.1" 200 58313
190.90.132.140 - - [14/Jan/2024:11:35:07 -0500] "POST /sipse/faces/presentacion/financiero/solicitudProceso/listarSolicitudProceso.xhtml HTTP/1.1" 200 1556
190.90.132.140 - - [14/Jan/2024:11:35:07 -0500] "POST /sipse/faces/presentacion/financiero/solicitudProceso/listarSolicitudProceso.xhtml HTTP/1.1" 200 1552
201.245.192.253 - - [14/Jan/2024:11:35:44 -0500] "POST /forms/lservlet;jsessionid=ac16012b30d6e9245d4a5ae64507bcdc86473ff87750.e3iSbxaKaheRe34Rb3eTbx8LaNb0n6jAmljGr5XDqQLvpAe HTTP/1.1" 200 2
216.245.221.92 - - [14/Jan/2024:11:35:49 -0500] "HEAD / HTTP/1.1" 200 -
201.245.192.253 - - [14/Jan/2024:11:36:25 -0500] "POST /forms/lservlet;jsessionid=ac16012b30d6daf3d1e69b9448f9b338854e2531f358.e3iSbxaKaheRe34Rb3eTbx8LaNb0n6jAmljGr5XDqQLvpAe HTTP/1.1" 200 2
172.22.2.4 - - [14/Jan/2024:11:35:58 -0500] "HEAD /BLA/boletinlegal/ HTTP/1.1" 200 -
190.24.180.125 - - [14/Jan/2024:11:37:42 -0500] "GET /inicia-el-2024-conociendo-la-biodiversidad-de-bogoti.html?fbclid=IwAR3c98jGEGslanoUdUb8f6RrAiSmXry8wfY7BpMmhjeEl3Sfe26LkDtv0qI HTTP/1.1" 200 894
201.245.192.253 - - [14/Jan/2024:11:37:44 -0500] "POST /forms/lservlet;jsessionid=ac16012b30d6e9245d4a5ae64507bcdc86473ff87750.e3iSbxaKaheRe34Rb3eTbx8LaNb0n6jAmljGr5XDqQLvpAe HTTP/1.1" 200 2
201.245.192.253 - - [14/Jan/2024:11:38:25 -0500] "POST /forms/lservlet;jsessionid=ac16012b30d6daf3d1e69b9448f9b338854e2531f358.e3iSbxaKaheRe34Rb3eTbx8LaNb0n6jAmljGr5XDqQLvpAe HTTP/1.1" 200 2
172.22.2.4 - - [14/Jan/2024:11:36:49 -0500] "GET /BLA/boletinlegal/ HTTP/1.1" 200 60529
180.124.78.111 - - [14/Jan/2024:11:38:39 -0500] "GET /BLA/boletinlegal/Circulares/2012/Circular%20No.%209%20del%2021%20de%20Agosto%20de%202012.pdf HTTP/1.1" 200 1402289
201.245.192.253 - - [14/Jan/2024:11:38:53 -0500] "POST /kwsrmcab/Wsrmcab HTTP/1.1" 200 36505
47.128.19.82 - - [14/Jan/2024:11:39:25 -0500] "GET /BLA/resoluciones/index.php?dir=AUTOS%202006%2FAUTOS%202006%202901%20-%203000%2F&order=desc&sort=date HTTP/1.1" 200 22190
47.128.19.82 - - [14/Jan/2024:11:39:26 -0500] "GET /BLA/resoluciones/dlf/dirup.png HTTP/1.1" 200 644
47.128.19.82 - - [14/Jan/2024:11:39:26 -0500] "GET /BLA/resoluciones/dlf/unknown.png HTTP/1.1" 200 266
201.245.192.253 - - [14/Jan/2024:11:39:29 -0500] "POST /kwsrmcab/Wsrmcab HTTP/1.1" 200 39395
201.245.192.253 - - [14/Jan/2024:11:39:32 -0500] "POST /kwsrmcab/Wsrmcab  HTTP/1.1" 200 39439
201.245.192.253 - - [14/Jan/2024:11:39:44 -0500] "POST /forms/lservlet;jsessionid=ac16012b30d6e9245d4a5ae64507bcdc86473ff87750.e3iSbxaKaheRe34Rb3eTbx8LaNb0n6jAmljGr5XDqQLvpAe HTTP/1.1" 200 2
201.245.192.253 - - [14/Jan/2024:11:40:25 -0500] "POST /forms/lservlet;jsessionid=ac16012b30d6daf3d1e69b9448f9b338854e2531f358.e3iSbxaKaheRe34Rb3eTbx8LaNb0n6jAmljGr5XDqQLvpAe HTTP/1.1" 200 2
216.245.221.92 - - [14/Jan/2024:11:40:49 -0500] "HEAD / HTTP/1.1" 200 -
190.70.192.175 - - [14/Jan/2024:11:41:03 -0500] "POST /sipse/faces/presentacion/financiero/solicitudProceso/consultarSolicitudProceso.xhtml HTTP/1.1" 200 36926
190.70.192.175 - - [14/Jan/2024:11:41:04 -0500] "GET /sipse/faces/javax.faces.resource/theme.css?ln=primefaces-sipse HTTP/1.1" 304 -
190.70.192.175 - - [14/Jan/2024:11:41:04 -0500] "GET /sipse/css/imagen/contrasena.png HTTP/1.1" 404 383
190.70.192.175 - - [14/Jan/2024:11:41:04 -0500] "GET /sipse/faces/javax.faces.resource/primefaces.css?ln=primefaces&v=4.0 HTTP/1.1" 304 -
190.70.192.175 - - [14/Jan/2024:11:41:04 -0500] "GET /sipse/faces/javax.faces.resource/layout/layout.css?ln=primefaces&v=4.0 HTTP/1.1" 304 -
190.70.192.175 - - [14/Jan/2024:11:41:04 -0500] "GET /sipse/faces/javax.faces.resource/jquery/jquery.js?ln=primefaces&v=4.0 HTTP/1.1" 304 -
190.70.192.175 - - [14/Jan/2024:11:41:04 -0500] "GET /sipse/faces/javax.faces.resource/jquery/jquery-plugins.js?ln=primefaces&v=4.0 HTTP/1.1" 304 -
190.70.192.175 - - [14/Jan/2024:11:41:04 -0500] "GET /sipse/faces/javax.faces.resource/primefaces.js?ln=primefaces&v=4.0 HTTP/1.1" 304 -
190.70.192.175 - - [14/Jan/2024:11:41:04 -0500] "GET /sipse/faces/javax.faces.resource/layout/layout.js?ln=primefaces&v=4.0 HTTP/1.1" 304 -
190.70.192.175 - - [14/Jan/2024:11:41:04 -0500] "GET /sipse/faces/javax.faces.resource/images/ui-icons_898989_256x240.png?ln=primefaces-aristo HTTP/1.1" 304 -
47.128.120.146 - - [14/Jan/2024:11:41:03 -0500] "GET /portaldeninos/wp-content/plugins/gallery-videos/CSS/Total-Soft-Gallery-Video-Widget.css?ver=4.9.8 HTTP/1.1" 200 51554
190.70.192.175 - - [14/Jan/2024:11:41:04 -0500] "POST /sipse/faces/presentacion/financiero/solicitudProceso/listarSolicitudProceso.xhtml HTTP/1.1" 200 30248
190.70.192.175 - - [14/Jan/2024:11:41:05 -0500] "GET /sipse/faces/javax.faces.resource/images/ui-bg_flat_0_2d5972_40x100.png?ln=primefaces-aristo HTTP/1.1" 304 -
190.70.192.175 - - [14/Jan/2024:11:41:05 -0500] "POST /sipse/faces/presentacion/financiero/solicitudProceso/listarSolicitudProceso.xhtml HTTP/1.1" 200 30248
47.128.120.146 - - [14/Jan/2024:11:41:05 -0500] "GET /portaldeninos/wp-content/themes/betheme/css/base.css?ver=20.9.6 HTTP/1.1" 200 57283
47.128.120.146 - - [14/Jan/2024:11:40:58 -0500] "GET /portaldeninos/ HTTP/1.1" 200 110175
47.128.120.146 - - [14/Jan/2024:11:41:03 -0500] "GET /portaldeninos/wp-content/themes/betheme/css/layout.css?ver=20.9.6 HTTP/1.1" 200 116639
47.128.120.146 - - [14/Jan/2024:11:41:03 -0500] "GET /portaldeninos/wp-content/plugins/gallery-videos/CSS/totalsoft.css?ver=4.9.8 HTTP/1.1" 200 40622
190.70.192.175 - - [14/Jan/2024:11:41:05 -0500] "POST /sipse/faces/presentacion/financiero/solicitudProceso/listarSolicitudProceso.xhtml HTTP/1.1" 200 1392
47.128.120.146 - - [14/Jan/2024:11:41:03 -0500] "GET /portaldeninos/wp-content/themes/betheme/css/responsive.css?ver=20.9.6 HTTP/1.1" 200 55740
47.128.120.146 - - [14/Jan/2024:11:41:09 -0500] "GET /portaldeninos/wp-content/themes/betheme/assets/ui/jquery.ui.all.css?ver=20.9.6 HTTP/1.1" 200 18765
190.70.192.175 - - [14/Jan/2024:11:41:08 -0500] "POST /sipse/faces/presentacion/financiero/solicitudProceso/listarSolicitudProceso.xhtml HTTP/1.1" 200 1392
39.149.60.66 - - [14/Jan/2024:11:41:10 -0500] "GET /BLA/boletinlegal/Circulares/2012/Circular%20No.%209%20del%2021%20de%20Agosto%20de%202012.pdf HTTP/1.1" 200 1402289
47.128.120.146 - - [14/Jan/2024:11:41:11 -0500] "GET /portaldeninos/wp-content/themes/betheme/assets/jplayer/css/jplayer.blue.monday.css?ver=20.9.6 HTTP/1.1" 200 9834
47.128.120.146 - - [14/Jan/2024:11:41:11 -0500] "GET /portaldeninos/wp-content/themes/betheme/style.css?ver=20.9.6 HTTP/1.1" 200 287
47.128.120.146 - - [14/Jan/2024:11:41:12 -0500] "GET /portaldeninos/wp-content/plugins/popup-maker/assets/css/site.min.css?ver=1.8.14 HTTP/1.1" 200 8260
47.128.120.146 - - [14/Jan/2024:11:41:12 -0500] "GET /portaldeninos/wp-content/uploads/useanyfont/uaf.css?ver=1589905315 HTTP/1.1" 200 408
190.70.192.175 - - [14/Jan/2024:11:41:10 -0500] "POST /sipse/faces/presentacion/financiero/solicitudProceso/listarSolicitudProceso.xhtml HTTP/1.1" 200 1400
47.128.120.146 - - [14/Jan/2024:11:41:12 -0500] "GET /portaldeninos/wp-includes/js/jquery/ui/core.min.js?ver=1.11.4 HTTP/1.1" 200 4000
47.128.120.146 - - [14/Jan/2024:11:41:13 -0500] "GET /portaldeninos/wp-content/plugins/gallery-videos/JS/modernizr.custom.js?ver=4.9.8 HTTP/1.1" 200 9019
47.128.120.146 - - [14/Jan/2024:11:41:14 -0500] "GET /portaldeninos/wp-includes/js/jquery/jquery-migrate.min.js?ver=1.4.1 HTTP/1.1" 200 10056
47.128.120.146 - - [14/Jan/2024:11:41:03 -0500] "GET /portaldeninos/wp-content/themes/betheme/css/shortcodes.css?ver=20.9.6 HTTP/1.1" 200 138889
47.128.120.146 - - [14/Jan/2024:11:41:13 -0500] "GET /portaldeninos/wp-content/plugins/gallery-videos/JS/Total-Soft-Gallery-Video-Widget.js?ver=4.9.8 HTTP/1.1" 200 80264
47.128.120.146 - - [14/Jan/2024:11:41:12 -0500] "GET /portaldeninos/wp-content/themes/betheme/assets/animations/animations.min.css?ver=20.9.6 HTTP/1.1" 200 58508
47.128.120.146 - - [14/Jan/2024:11:41:19 -0500] "GET /portaldeninos/wp-content/plugins/google-analytics-for-wordpress/assets/js/frontend-gtag.min.js?ver=8.5.0 HTTP/1.1" 200 11801
47.128.120.146 - - [14/Jan/2024:11:41:19 -0500] "GET /portaldeninos/wp-content/themes/betheme/js/menu.js?ver=20.9.6 HTTP/1.1" 200 2449
47.128.120.146 - - [14/Jan/2024:11:41:21 -0500] "GET /portaldeninos/wp-content/themes/betheme/assets/animations/animations.min.js?ver=20.9.6 HTTP/1.1" 200 1896
190.70.192.175 - - [14/Jan/2024:11:41:20 -0500] "POST /sipse/faces/presentacion/financiero/solicitudProceso/listarSolicitudProceso.xhtml HTTP/1.1" 200 18644
47.128.120.146 - - [14/Jan/2024:11:41:21 -0500] "GET /portaldeninos/wp-includes/js/jquery/ui/tabs.min.js?ver=1.11.4 HTTP/1.1" 200 12110
47.128.120.146 - - [14/Jan/2024:11:41:21 -0500] "GET /portaldeninos/wp-includes/js/jquery/ui/widget.min.js?ver=1.11.4 HTTP/1.1" 200 6908
47.128.120.146 - - [14/Jan/2024:11:41:19 -0500] "GET /portaldeninos/wp-includes/js/jquery/ui/sortable.min.js?ver=1.11.4 HTTP/1.1" 200 24899
47.128.120.146 - - [14/Jan/2024:11:41:22 -0500] "GET /portaldeninos/wp-includes/js/jquery/ui/position.min.js?ver=1.11.4 HTTP/1.1" 200 6527
47.128.120.146 - - [14/Jan/2024:11:41:23 -0500] "GET /portaldeninos/wp-includes/js/jquery/ui/accordion.min.js?ver=1.11.4 HTTP/1.1" 200 8584
47.128.120.146 - - [14/Jan/2024:11:41:24 -0500] "GET /portaldeninos/wp-includes/js/jquery/ui/mouse.min.js?ver=1.11.4 HTTP/1.1" 200 3148
190.70.192.175 - - [14/Jan/2024:11:41:23 -0500] "POST /sipse/faces/presentacion/financiero/solicitudProceso/listarSolicitudProceso.xhtml HTTP/1.1" 200 120030
190.70.192.175 - - [14/Jan/2024:11:41:24 -0500] "GET /sipse/faces/javax.faces.resource/theme.css?ln=primefaces-sipse HTTP/1.1" 304 -
190.70.192.175 - - [14/Jan/2024:11:41:24 -0500] "GET /sipse/faces/javax.faces.resource/jquery/jquery.js?ln=primefaces&v=4.0 HTTP/1.1" 304 -
190.70.192.175 - - [14/Jan/2024:11:41:24 -0500] "GET /sipse/faces/javax.faces.resource/primefaces.css?ln=primefaces&v=4.0 HTTP/1.1" 304 -
190.70.192.175 - - [14/Jan/2024:11:41:24 -0500] "GET /sipse/faces/javax.faces.resource/layout/layout.css?ln=primefaces&v=4.0 HTTP/1.1" 304 -
190.70.192.175 - - [14/Jan/2024:11:41:24 -0500] "GET /sipse/faces/javax.faces.resource/jquery/jquery-plugins.js?ln=primefaces&v=4.0 HTTP/1.1" 304 -
190.70.192.175 - - [14/Jan/2024:11:41:24 -0500] "GET /sipse/faces/javax.faces.resource/primefaces.js?ln=primefaces&v=4.0 HTTP/1.1" 304 -
190.70.192.175 - - [14/Jan/2024:11:41:24 -0500] "GET /sipse/faces/javax.faces.resource/layout/layout.js?ln=primefaces&v=4.0 HTTP/1.1" 304 -
47.128.120.146 - - [14/Jan/2024:11:41:24 -0500] "GET /portaldeninos/wp-includes/js/wp-embed.min.js?ver=4.9.8 HTTP/1.1" 200 1398
47.128.120.146 - - [14/Jan/2024:11:41:23 -0500] "GET /portaldeninos/wp-content/themes/betheme/assets/jplayer/jplayer.min.js?ver=20.9.6 HTTP/1.1" 200 52702
47.128.120.146 - - [14/Jan/2024:11:41:23 -0500] "GET /portaldeninos/wp-content/themes/betheme/js/scripts.js?ver=20.9.6 HTTP/1.1" 200 77162
47.128.120.146 - - [14/Jan/2024:11:41:24 -0500] "GET /portaldeninos/wp-content/plugins/popup-maker/assets/js/site.min.js?defer&ver=1.8.14 HTTP/1.1" 200 48457
47.128.120.146 - - [14/Jan/2024:11:41:33 -0500] "GET /portaldeninos/wp-includes/js/wp-emoji-release.min.js?ver=4.9.8 HTTP/1.1" 200 12026
47.128.120.146 - - [14/Jan/2024:11:41:34 -0500] "GET /portaldeninos/wp-content/uploads/2021/06/titulo-miambiente-ni%C3%B1os.png HTTP/1.1" 200 11944
47.128.120.146 - - [14/Jan/2024:11:41:14 -0500] "GET /portaldeninos/wp-includes/js/jquery/jquery.js?ver=1.12.4 HTTP/1.1" 200 97184
190.70.192.175 - - [14/Jan/2024:11:41:38 -0500] "POST /sipse/faces/presentacion/financiero/solicitudProceso/consultarSolicitudProceso.xhtml HTTP/1.1" 200 46077
190.70.192.175 - - [14/Jan/2024:11:41:38 -0500] "GET /sipse/faces/javax.faces.resource/theme.css?ln=primefaces-sipse HTTP/1.1" 304 -
190.70.192.175 - - [14/Jan/2024:11:41:38 -0500] "GET /sipse/faces/javax.faces.resource/layout/layout.css?ln=primefaces&v=4.0 HTTP/1.1" 304 -
190.70.192.175 - - [14/Jan/2024:11:41:38 -0500] "GET /sipse/faces/javax.faces.resource/primefaces.css?ln=primefaces&v=4.0 HTTP/1.1" 304 -
190.70.192.175 - - [14/Jan/2024:11:41:38 -0500] "GET /sipse/faces/javax.faces.resource/jquery/jquery.js?ln=primefaces&v=4.0 HTTP/1.1" 304 -
190.70.192.175 - - [14/Jan/2024:11:41:38 -0500] "GET /sipse/faces/javax.faces.resource/jquery/jquery-plugins.js?ln=primefaces&v=4.0 HTTP/1.1" 304 -
190.70.192.175 - - [14/Jan/2024:11:41:38 -0500] "GET /sipse/faces/javax.faces.resource/primefaces.js?ln=primefaces&v=4.0 HTTP/1.1" 304 -
190.70.192.175 - - [14/Jan/2024:11:41:38 -0500] "GET /sipse/faces/javax.faces.resource/layout/layout.js?ln=primefaces&v=4.0 HTTP/1.1" 304 -
47.128.120.146 - - [14/Jan/2024:11:41:34 -0500] "GET /portaldeninos/wp-content/uploads/2019/08/Logo-Ambientic.png HTTP/1.1" 200 22941
47.128.120.146 - - [14/Jan/2024:11:41:34 -0500] "GET /portaldeninos/wp-content/uploads/2021/06/titulo-cabezote-ni%C3%B1os.png HTTP/1.1" 200 64425
201.245.192.253 - - [14/Jan/2024:11:41:44 -0500] "POST /forms/lservlet;jsessionid=ac16012b30d6e9245d4a5ae64507bcdc86473ff87750.e3iSbxaKaheRe34Rb3eTbx8LaNb0n6jAmljGr5XDqQLvpAe HTTP/1.1" 200 2
190.90.132.140 - - [14/Jan/2024:11:41:45 -0500] "POST /sipse/faces/presentacion/financiero/solicitudProceso/listarSolicitudProceso.xhtml HTTP/1.1" 200 59071
190.90.132.140 - - [14/Jan/2024:11:41:46 -0500] "GET /sipse/faces/javax.faces.resource/jquery/jquery.js?ln=primefaces&v=4.0 HTTP/1.1" 304 -
190.90.132.140 - - [14/Jan/2024:11:41:46 -0500] "GET /sipse/faces/javax.faces.resource/jquery/jquery-plugins.js?ln=primefaces&v=4.0 HTTP/1.1" 304 -
190.90.132.140 - - [14/Jan/2024:11:41:46 -0500] "GET /sipse/faces/javax.faces.resource/primefaces.js?ln=primefaces&v=4.0 HTTP/1.1" 304 -
190.90.132.140 - - [14/Jan/2024:11:41:46 -0500] "GET /sipse/faces/javax.faces.resource/layout/layout.js?ln=primefaces&v=4.0 HTTP/1.1" 304 -
47.128.120.146 - - [14/Jan/2024:11:41:46 -0500] "GET /portaldeninos/wp-content/uploads/2021/06/titulo-videos-ni%C3%B1os.png HTTP/1.1" 200 10502
66.220.149.13 - - [14/Jan/2024:11:41:49 -0500] "GET /images/Red%20de%20Monitoreo%20de%20Calidad%20del%20Aire.jpg HTTP/1.1" 200 51986
47.128.120.146 - - [14/Jan/2024:11:41:49 -0500] "GET /portaldeninos/wp-content/uploads/2021/06/titulo-humedales-ni%C3%B1os.png HTTP/1.1" 200 13361
47.128.120.146 - - [14/Jan/2024:11:41:35 -0500] "GET /portaldeninos/wp-content/uploads/2020/01/Frailejon-escenario.jpg HTTP/1.1" 200 246199
47.128.120.146 - - [14/Jan/2024:11:41:52 -0500] "GET /portaldeninos/wp-content/uploads/2022/08/HUmedalConejera03-1.jpg HTTP/1.1" 200 162052
47.128.120.146 - - [14/Jan/2024:11:41:43 -0500] "GET /portaldeninos/wp-content/uploads/2018/11/caneca.jpg HTTP/1.1" 200 238006
47.128.120.146 - - [14/Jan/2024:11:41:36 -0500] "GET /portaldeninos/wp-content/uploads/2020/01/Tierra-escenario.jpg HTTP/1.1" 200 181491
47.128.120.146 - - [14/Jan/2024:11:41:34 -0500] "GET /portaldeninos/wp-content/uploads/2018/10/oso.jpg HTTP/1.1" 200 241479
47.128.120.146 - - [14/Jan/2024:11:41:36 -0500] "GET /portaldeninos/wp-content/uploads/2018/11/tigrillo.jpg HTTP/1.1" 200 238006
201.245.192.253 - - [14/Jan/2024:11:42:25 -0500] "POST /forms/lservlet;jsessionid=ac16012b30d6daf3d1e69b9448f9b338854e2531f358.e3iSbxaKaheRe34Rb3eTbx8LaNb0n6jAmljGr5XDqQLvpAe HTTP/1.1" 200 2
173.252.127.24 - - [14/Jan/2024:11:42:31 -0500] "GET /participa-en-la-convocatoria-para-el-aseguramiento-metrologico-de-la-red-de-monitoreo-de-calidad-del-aire-de-bogota.html HTTP/1.1" 200 848
47.128.110.117 - - [14/Jan/2024:11:42:38 -0500] "GET /BLA/resoluciones/AUTOS%202006/AUTOS%202006%201401%20-%201500/INDEX.DAT HTTP/1.1" 200 4000
47.128.96.54 - - [14/Jan/2024:11:42:51 -0500] "GET /robots.txt HTTP/1.1" 404 1035
172.22.2.4 - - [14/Jan/2024:11:41:48 -0500] "HEAD /BLA/boletinlegal/ HTTP/1.1" 200 -
120.230.62.65 - - [14/Jan/2024:11:43:28 -0500] "GET /BLA/boletinlegal/Circulares/2012/Circular%20No.%209%20del%2021%20de%20Agosto%20de%202012.pdf HTTP/1.1" 200 1402289
201.245.192.253 - - [14/Jan/2024:11:43:44 -0500] "POST /forms/lservlet;jsessionid=ac16012b30d6e9245d4a5ae64507bcdc86473ff87750.e3iSbxaKaheRe34Rb3eTbx8LaNb0n6jAmljGr5XDqQLvpAe HTTP/1.1" 200 2
172.22.2.4 - - [14/Jan/2024:11:42:39 -0500] "GET /BLA/boletinlegal/ HTTP/1.1" 200 58666
201.245.192.253 - - [14/Jan/2024:11:44:25 -0500] "POST /forms/lservlet;jsessionid=ac16012b30d6daf3d1e69b9448f9b338854e2531f358.e3iSbxaKaheRe34Rb3eTbx8LaNb0n6jAmljGr5XDqQLvpAe HTTP/1.1" 200 2
201.245.192.253 - - [14/Jan/2024:11:44:31 -0500] "POST /kwsrmcab/Wsrmcab  HTTP/1.1" 200 39439
201.245.192.253 - - [14/Jan/2024:11:45:44 -0500] "POST /forms/lservlet;jsessionid=ac16012b30d6e9245d4a5ae64507bcdc86473ff87750.e3iSbxaKaheRe34Rb3eTbx8LaNb0n6jAmljGr5XDqQLvpAe HTTP/1.1" 200 2
216.245.221.92 - - [14/Jan/2024:11:45:49 -0500] "HEAD / HTTP/1.1" 200 -
190.70.192.175 - - [14/Jan/2024:11:46:07 -0500] "POST /sipse/faces/presentacion/financiero/estudioPrevio/personalSolicitado/personalSolicitadoSolicitudProceso.xhtml HTTP/1.1" 200 7027
201.245.192.253 - - [14/Jan/2024:11:46:25 -0500] "POST /forms/lservlet;jsessionid=ac16012b30d6daf3d1e69b9448f9b338854e2531f358.e3iSbxaKaheRe34Rb3eTbx8LaNb0n6jAmljGr5XDqQLvpAe HTTP/1.1" 200 2
190.70.192.175 - - [14/Jan/2024:11:46:39 -0500] "POST /sipse/faces/presentacion/financiero/estudioPrevio/personalSolicitado/personalSolicitadoSolicitudProceso.xhtml HTTP/1.1" 200 36813
190.70.192.175 - - [14/Jan/2024:11:46:40 -0500] "GET /sipse/faces/javax.faces.resource/theme.css?ln=primefaces-sipse HTTP/1.1" 304 -
190.70.192.175 - - [14/Jan/2024:11:46:40 -0500] "GET /sipse/faces/javax.faces.resource/primefaces.css?ln=primefaces&v=4.0 HTTP/1.1" 304 -
190.70.192.175 - - [14/Jan/2024:11:46:40 -0500] "GET /sipse/faces/javax.faces.resource/layout/layout.css?ln=primefaces&v=4.0 HTTP/1.1" 304 -
190.70.192.175 - - [14/Jan/2024:11:46:40 -0500] "GET /sipse/faces/javax.faces.resource/jquery/jquery.js?ln=primefaces&v=4.0 HTTP/1.1" 304 -
190.70.192.175 - - [14/Jan/2024:11:46:40 -0500] "GET /sipse/faces/javax.faces.resource/jquery/jquery-plugins.js?ln=primefaces&v=4.0 HTTP/1.1" 304 -
190.70.192.175 - - [14/Jan/2024:11:46:40 -0500] "GET /sipse/faces/javax.faces.resource/primefaces.js?ln=primefaces&v=4.0 HTTP/1.1" 304 -
190.70.192.175 - - [14/Jan/2024:11:46:40 -0500] "GET /sipse/faces/javax.faces.resource/layout/layout.js?ln=primefaces&v=4.0 HTTP/1.1" 304 -
190.70.192.175 - - [14/Jan/2024:11:46:42 -0500] "POST /sipse/faces/presentacion/financiero/estudioPrevio/personalSolicitado/asociarProfesionPersonalSolicitado.xhtml HTTP/1.1" 200 2356
190.70.192.175 - - [14/Jan/2024:11:46:47 -0500] "POST /sipse/faces/presentacion/financiero/estudioPrevio/personalSolicitado/asociarProfesionPersonalSolicitado.xhtml HTTP/1.1" 200 50794
190.70.192.175 - - [14/Jan/2024:11:46:47 -0500] "GET /sipse/faces/javax.faces.resource/theme.css?ln=primefaces-sipse HTTP/1.1" 304 -
190.70.192.175 - - [14/Jan/2024:11:46:47 -0500] "GET /sipse/faces/javax.faces.resource/layout/layout.css?ln=primefaces&v=4.0 HTTP/1.1" 304 -
190.70.192.175 - - [14/Jan/2024:11:46:47 -0500] "GET /sipse/faces/javax.faces.resource/primefaces.css?ln=primefaces&v=4.0 HTTP/1.1" 304 -
190.70.192.175 - - [14/Jan/2024:11:46:47 -0500] "GET /sipse/faces/javax.faces.resource/jquery/jquery-plugins.js?ln=primefaces&v=4.0 HTTP/1.1" 304 -
190.70.192.175 - - [14/Jan/2024:11:46:47 -0500] "GET /sipse/faces/javax.faces.resource/jquery/jquery.js?ln=primefaces&v=4.0 HTTP/1.1" 304 -
190.70.192.175 - - [14/Jan/2024:11:46:47 -0500] "GET /sipse/faces/javax.faces.resource/primefaces.js?ln=primefaces&v=4.0 HTTP/1.1" 304 -
190.70.192.175 - - [14/Jan/2024:11:46:47 -0500] "GET /sipse/faces/javax.faces.resource/layout/layout.js?ln=primefaces&v=4.0 HTTP/1.1" 304 -
190.70.192.175 - - [14/Jan/2024:11:46:58 -0500] "POST /sipse/faces/presentacion/financiero/estudioPrevio/personalSolicitado/personalSolicitadoSolicitudProceso.xhtml HTTP/1.1" 200 36816
190.70.192.175 - - [14/Jan/2024:11:46:58 -0500] "GET /sipse/faces/javax.faces.resource/theme.css?ln=primefaces-sipse HTTP/1.1" 304 -
190.70.192.175 - - [14/Jan/2024:11:46:58 -0500] "GET /sipse/faces/javax.faces.resource/primefaces.css?ln=primefaces&v=4.0 HTTP/1.1" 304 -
190.70.192.175 - - [14/Jan/2024:11:46:58 -0500] "GET /sipse/faces/javax.faces.resource/layout/layout.css?ln=primefaces&v=4.0 HTTP/1.1" 304 -
190.70.192.175 - - [14/Jan/2024:11:46:58 -0500] "GET /sipse/faces/javax.faces.resource/jquery/jquery.js?ln=primefaces&v=4.0 HTTP/1.1" 304 -
190.70.192.175 - - [14/Jan/2024:11:46:58 -0500] "GET /sipse/faces/javax.faces.resource/jquery/jquery-plugins.js?ln=primefaces&v=4.0 HTTP/1.1" 304 -
190.70.192.175 - - [14/Jan/2024:11:46:58 -0500] "GET /sipse/faces/javax.faces.resource/primefaces.js?ln=primefaces&v=4.0 HTTP/1.1" 304 -
190.70.192.175 - - [14/Jan/2024:11:46:58 -0500] "GET /sipse/faces/javax.faces.resource/layout/layout.js?ln=primefaces&v=4.0 HTTP/1.1" 304 -
190.70.192.175 - - [14/Jan/2024:11:47:01 -0500] "POST /sipse/faces/presentacion/financiero/estudioPrevio/personalSolicitado/asociarProfesionPersonalSolicitado.xhtml HTTP/1.1" 200 1451
190.70.192.175 - - [14/Jan/2024:11:47:06 -0500] "POST /sipse/faces/presentacion/financiero/estudioPrevio/personalSolicitado/asociarProfesionPersonalSolicitado.xhtml HTTP/1.1" 200 50794
190.70.192.175 - - [14/Jan/2024:11:47:06 -0500] "GET /sipse/faces/javax.faces.resource/theme.css?ln=primefaces-sipse HTTP/1.1" 304 -
190.70.192.175 - - [14/Jan/2024:11:47:06 -0500] "GET /sipse/faces/javax.faces.resource/primefaces.css?ln=primefaces&v=4.0 HTTP/1.1" 304 -
190.70.192.175 - - [14/Jan/2024:11:47:06 -0500] "GET /sipse/faces/javax.faces.resource/layout/layout.css?ln=primefaces&v=4.0 HTTP/1.1" 304 -
190.70.192.175 - - [14/Jan/2024:11:47:06 -0500] "GET /sipse/faces/javax.faces.resource/jquery/jquery.js?ln=primefaces&v=4.0 HTTP/1.1" 304 -
190.70.192.175 - - [14/Jan/2024:11:47:06 -0500] "GET /sipse/faces/javax.faces.resource/jquery/jquery-plugins.js?ln=primefaces&v=4.0 HTTP/1.1" 304 -
190.70.192.175 - - [14/Jan/2024:11:47:06 -0500] "GET /sipse/faces/javax.faces.resource/primefaces.js?ln=primefaces&v=4.0 HTTP/1.1" 304 -
190.70.192.175 - - [14/Jan/2024:11:47:06 -0500] "GET /sipse/faces/javax.faces.resource/layout/layout.js?ln=primefaces&v=4.0 HTTP/1.1" 304 -
190.70.192.175 - - [14/Jan/2024:11:47:08 -0500] "POST /sipse/faces/presentacion/financiero/estudioPrevio/personalSolicitado/personalSolicitadoSolicitudProceso.xhtml HTTP/1.1" 200 36816
190.70.192.175 - - [14/Jan/2024:11:47:08 -0500] "GET /sipse/faces/javax.faces.resource/theme.css?ln=primefaces-sipse HTTP/1.1" 304 -
190.70.192.175 - - [14/Jan/2024:11:47:08 -0500] "GET /sipse/faces/javax.faces.resource/layout/layout.css?ln=primefaces&v=4.0 HTTP/1.1" 304 -
190.70.192.175 - - [14/Jan/2024:11:47:08 -0500] "GET /sipse/faces/javax.faces.resource/primefaces.css?ln=primefaces&v=4.0 HTTP/1.1" 304 -
190.70.192.175 - - [14/Jan/2024:11:47:08 -0500] "GET /sipse/faces/javax.faces.resource/jquery/jquery.js?ln=primefaces&v=4.0 HTTP/1.1" 304 -
190.70.192.175 - - [14/Jan/2024:11:47:08 -0500] "GET /sipse/faces/javax.faces.resource/jquery/jquery-plugins.js?ln=primefaces&v=4.0 HTTP/1.1" 304 -
190.70.192.175 - - [14/Jan/2024:11:47:09 -0500] "GET /sipse/faces/javax.faces.resource/primefaces.js?ln=primefaces&v=4.0 HTTP/1.1" 304 -
190.70.192.175 - - [14/Jan/2024:11:47:09 -0500] "GET /sipse/faces/javax.faces.resource/layout/layout.js?ln=primefaces&v=4.0 HTTP/1.1" 304 -
190.70.192.175 - - [14/Jan/2024:11:47:11 -0500] "POST /sipse/faces/presentacion/financiero/estudioPrevio/personalSolicitado/asociarProfesionPersonalSolicitado.xhtml HTTP/1.1" 200 1451
47.128.112.92 - - [14/Jan/2024:11:47:15 -0500] "GET /BLA/resoluciones/index.php?dir=RESOLUCIONES%202002%2FRES%202002%201401-1450%2F&order=asc&sort=name HTTP/1.1" 200 12162
47.128.112.92 - - [14/Jan/2024:11:47:16 -0500] "GET /BLA/resoluciones/dlf/dirup.png HTTP/1.1" 200 644
47.128.112.92 - - [14/Jan/2024:11:47:16 -0500] "GET /BLA/resoluciones/dlf/unknown.png HTTP/1.1" 200 266
201.245.192.253 - - [14/Jan/2024:11:47:44 -0500] "POST /forms/lservlet;jsessionid=ac16012b30d6e9245d4a5ae64507bcdc86473ff87750.e3iSbxaKaheRe34Rb3eTbx8LaNb0n6jAmljGr5XDqQLvpAe HTTP/1.1" 200 2
47.128.97.66 - - [14/Jan/2024:11:47:55 -0500] "GET /BLA/resoluciones/dlf/pdf.gif HTTP/1.1" 200 272
47.128.97.66 - - [14/Jan/2024:11:47:55 -0500] "GET /BLA/resoluciones/dlf/dirup.png HTTP/1.1" 200 644
47.128.97.66 - - [14/Jan/2024:11:47:54 -0500] "GET /BLA/resoluciones/index.php?dir=Notificaciones%2FAUTOS%202023%2F&order=desc&sort=date HTTP/1.1" 200 151114
190.90.132.140 - - [14/Jan/2024:11:48:17 -0500] "POST /sipse/faces/presentacion/financiero/solicitudProceso/crearModificarSolicitudProceso.xhtml HTTP/1.1" 200 27318
201.245.192.253 - - [14/Jan/2024:11:48:25 -0500] "POST /forms/lservlet;jsessionid=ac16012b30d6daf3d1e69b9448f9b338854e2531f358.e3iSbxaKaheRe34Rb3eTbx8LaNb0n6jAmljGr5XDqQLvpAe HTTP/1.1" 200 2
66.249.79.165 - - [14/Jan/2024:11:48:30 -0500] "GET /semana-bogota-reverdece-se-plantaron-200-nuevos-arboles-en-el-humedal-tingua-azul-bosa.html HTTP/1.1" 304 -
172.22.2.4 - - [14/Jan/2024:11:47:38 -0500] "HEAD /BLA/boletinlegal/ HTTP/1.1" 200 -
207.46.13.126 - - [14/Jan/2024:11:49:30 -0500] "GET /BLA/resoluciones/RESOLUCIONES%202023/3034.pdf HTTP/1.1" 200 3148044
201.245.192.253 - - [14/Jan/2024:11:49:29 -0500] "POST /kwsrmcab/Wsrmcab  HTTP/1.1" 200 39439
201.245.192.253 - - [14/Jan/2024:11:49:44 -0500] "POST /forms/lservlet;jsessionid=ac16012b30d6e9245d4a5ae64507bcdc86473ff87750.e3iSbxaKaheRe34Rb3eTbx8LaNb0n6jAmljGr5XDqQLvpAe HTTP/1.1" 200 2
173.252.79.6 - - [14/Jan/2024:11:49:59 -0500] "GET /images/Caminatas%20(1)%20(2).jpeg HTTP/1.1" 200 81411
173.252.79.111 - - [14/Jan/2024:11:49:59 -0500] "GET /images/Caminatas%20(1)%20(2).jpeg HTTP/1.1" 200 81411
172.22.2.4 - - [14/Jan/2024:11:48:29 -0500] "GET /BLA/boletinlegal/ HTTP/1.1" 200 58666
54.36.148.153 - - [14/Jan/2024:11:50:15 -0500] "GET /robots.txt HTTP/1.1" 404 1034
201.245.192.253 - - [14/Jan/2024:11:50:25 -0500] "POST /forms/lservlet;jsessionid=ac16012b30d6daf3d1e69b9448f9b338854e2531f358.e3iSbxaKaheRe34Rb3eTbx8LaNb0n6jAmljGr5XDqQLvpAe HTTP/1.1" 200 2
172.22.2.4 - - [14/Jan/2024:11:50:33 -0500] "GET /BLA/boletinlegal/Circulares/2024/CIRCULAR%20No.%2000001%20DEL%2011%20DE%20ENERO%20DEL%202024.pdf HTTP/1.1" 200 298890
216.245.221.92 - - [14/Jan/2024:11:50:49 -0500] "HEAD / HTTP/1.1" 200 -
201.245.192.253 - - [14/Jan/2024:11:51:45 -0500] "POST /forms/lservlet;jsessionid=ac16012b30d6e9245d4a5ae64507bcdc86473ff87750.e3iSbxaKaheRe34Rb3eTbx8LaNb0n6jAmljGr5XDqQLvpAe HTTP/1.1" 200 2
190.70.192.175 - - [14/Jan/2024:11:51:51 -0500] "POST /sipse/faces/presentacion/financiero/estudioPrevio/personalSolicitado/asociarProfesionPersonalSolicitado.xhtml HTTP/1.1" 200 5325
172.22.2.4 - - [14/Jan/2024:11:51:53 -0500] "GET /BLA/boletinlegal/style.css HTTP/1.1" 200 9406
172.22.2.4 - - [14/Jan/2024:11:51:53 -0500] "GET /BLA/boletinlegal/styles2.css HTTP/1.1" 200 1838
172.22.2.4 - - [14/Jan/2024:11:51:54 -0500] "GET /BLA/boletinlegal/js/jquery.js HTTP/1.1" 200 57254
172.22.2.4 - - [14/Jan/2024:11:51:54 -0500] "GET /BLA/boletinlegal/js/jquery.scrollTo-min.js HTTP/1.1" 200 1150
172.22.2.4 - - [14/Jan/2024:11:51:54 -0500] "GET /BLA/boletinlegal/js/jquery.scrollShow.js HTTP/1.1" 200 4586
172.22.2.4 - - [14/Jan/2024:11:51:54 -0500] "GET /BLA/boletinlegal/images/cabezote%20BLEGAL.jpg HTTP/1.1" 200 118164
172.22.2.4 - - [14/Jan/2024:11:51:54 -0500] "GET /BLA/boletinlegal/images/subscribe-icon-big.png HTTP/1.1" 200 47702
172.22.2.4 - - [14/Jan/2024:11:51:54 -0500] "GET /BLA/boletinlegal/images/registro-usuarios.png HTTP/1.1" 200 8106
172.22.2.4 - - [14/Jan/2024:11:51:54 -0500] "GET /BLA/boletinlegal/images/historia.png HTTP/1.1" 200 52775
172.22.2.4 - - [14/Jan/2024:11:51:54 -0500] "GET /BLA/boletinlegal/images/launch.jpg HTTP/1.1" 200 14577
172.22.2.4 - - [14/Jan/2024:11:51:55 -0500] "GET /BLA/boletinlegal/images/body_bg.jpg HTTP/1.1" 200 1601
172.22.2.4 - - [14/Jan/2024:11:51:55 -0500] "GET /BLA/boletinlegal/images/menu_lft.gif HTTP/1.1" 200 1713
172.22.2.4 - - [14/Jan/2024:11:51:55 -0500] "GET /BLA/boletinlegal/images/menu_rght.gif HTTP/1.1" 200 1627
172.22.2.4 - - [14/Jan/2024:11:51:55 -0500] "GET /BLA/boletinlegal/images/bg_top.jpg HTTP/1.1" 200 522
172.22.2.4 - - [14/Jan/2024:11:51:55 -0500] "GET /BLA/boletinlegal/images/menu_bg.jpg HTTP/1.1" 200 620
172.22.2.4 - - [14/Jan/2024:11:51:55 -0500] "GET /BLA/boletinlegal/images/text.jpg HTTP/1.1" 200 568
172.22.2.4 - - [14/Jan/2024:11:51:55 -0500] "GET /BLA/boletinlegal/images/hover.jpg HTTP/1.1" 200 640
172.22.2.4 - - [14/Jan/2024:11:51:55 -0500] "GET /BLA/boletinlegal/images/arr_l.jpg HTTP/1.1" 200 1979
172.22.2.4 - - [14/Jan/2024:11:51:55 -0500] "GET /BLA/boletinlegal/images/screen_1.png HTTP/1.1" 200 202547
190.70.192.175 - - [14/Jan/2024:11:51:57 -0500] "POST /sipse/faces/presentacion/financiero/estudioPrevio/personalSolicitado/asociarProfesionPersonalSolicitado.xhtml HTTP/1.1" 200 50794
190.70.192.175 - - [14/Jan/2024:11:51:57 -0500] "GET /sipse/faces/javax.faces.resource/theme.css?ln=primefaces-sipse HTTP/1.1" 304 -
190.70.192.175 - - [14/Jan/2024:11:51:57 -0500] "GET /sipse/faces/javax.faces.resource/primefaces.css?ln=primefaces&v=4.0 HTTP/1.1" 304 -
190.70.192.175 - - [14/Jan/2024:11:51:57 -0500] "GET /sipse/faces/javax.faces.resource/jquery/jquery-plugins.js?ln=primefaces&v=4.0 HTTP/1.1" 304 -
190.70.192.175 - - [14/Jan/2024:11:51:57 -0500] "GET /sipse/faces/javax.faces.resource/layout/layout.css?ln=primefaces&v=4.0 HTTP/1.1" 304 -
190.70.192.175 - - [14/Jan/2024:11:51:57 -0500] "GET /sipse/faces/javax.faces.resource/jquery/jquery.js?ln=primefaces&v=4.0 HTTP/1.1" 304 -
190.70.192.175 - - [14/Jan/2024:11:51:57 -0500] "GET /sipse/faces/javax.faces.resource/primefaces.js?ln=primefaces&v=4.0 HTTP/1.1" 304 -
190.70.192.175 - - [14/Jan/2024:11:51:57 -0500] "GET /sipse/faces/javax.faces.resource/layout/layout.js?ln=primefaces&v=4.0 HTTP/1.1" 304 -
190.70.192.175 - - [14/Jan/2024:11:52:17 -0500] "POST /sipse/faces/presentacion/financiero/estudioPrevio/personalSolicitado/personalSolicitadoSolicitudProceso.xhtml HTTP/1.1" 200 36816
190.70.192.175 - - [14/Jan/2024:11:52:18 -0500] "GET /sipse/faces/javax.faces.resource/theme.css?ln=primefaces-sipse HTTP/1.1" 304 -
190.70.192.175 - - [14/Jan/2024:11:52:18 -0500] "GET /sipse/faces/javax.faces.resource/primefaces.css?ln=primefaces&v=4.0 HTTP/1.1" 304 -
190.70.192.175 - - [14/Jan/2024:11:52:18 -0500] "GET /sipse/faces/javax.faces.resource/layout/layout.css?ln=primefaces&v=4.0 HTTP/1.1" 304 -
190.70.192.175 - - [14/Jan/2024:11:52:18 -0500] "GET /sipse/faces/javax.faces.resource/jquery/jquery.js?ln=primefaces&v=4.0 HTTP/1.1" 304 -
190.70.192.175 - - [14/Jan/2024:11:52:18 -0500] "GET /sipse/faces/javax.faces.resource/jquery/jquery-plugins.js?ln=primefaces&v=4.0 HTTP/1.1" 304 -
190.70.192.175 - - [14/Jan/2024:11:52:18 -0500] "GET /sipse/faces/javax.faces.resource/primefaces.js?ln=primefaces&v=4.0 HTTP/1.1" 304 -
190.70.192.175 - - [14/Jan/2024:11:52:18 -0500] "GET /sipse/faces/javax.faces.resource/layout/layout.js?ln=primefaces&v=4.0 HTTP/1.1" 304 -
190.70.192.175 - - [14/Jan/2024:11:52:20 -0500] "POST /sipse/faces/presentacion/financiero/estudioPrevio/personalSolicitado/asociarProfesionPersonalSolicitado.xhtml HTTP/1.1" 200 1471
201.245.192.253 - - [14/Jan/2024:11:52:25 -0500] "POST /forms/lservlet;jsessionid=ac16012b30d6daf3d1e69b9448f9b338854e2531f358.e3iSbxaKaheRe34Rb3eTbx8LaNb0n6jAmljGr5XDqQLvpAe HTTP/1.1" 200 2
172.22.2.4 - - [14/Jan/2024:11:51:53 -0500] "GET /BLA/boletinlegal/ HTTP/1.1" 200 24523
190.70.192.175 - - [14/Jan/2024:11:52:27 -0500] "POST /sipse/faces/presentacion/financiero/estudioPrevio/personalSolicitado/asociarProfesionPersonalSolicitado.xhtml HTTP/1.1" 200 1463
190.70.192.175 - - [14/Jan/2024:11:52:29 -0500] "POST /sipse/faces/presentacion/financiero/estudioPrevio/personalSolicitado/asociarProfesionPersonalSolicitado.xhtml HTTP/1.1" 200 1463
190.70.192.175 - - [14/Jan/2024:11:52:31 -0500] "POST /sipse/faces/presentacion/financiero/estudioPrevio/personalSolicitado/asociarProfesionPersonalSolicitado.xhtml HTTP/1.1" 200 14398
190.70.192.175 - - [14/Jan/2024:11:52:37 -0500] "POST /sipse/faces/presentacion/financiero/estudioPrevio/personalSolicitado/asociarProfesionPersonalSolicitado.xhtml HTTP/1.1" 200 52099
190.70.192.175 - - [14/Jan/2024:11:52:37 -0500] "GET /sipse/faces/javax.faces.resource/theme.css?ln=primefaces-sipse HTTP/1.1" 304 -
190.70.192.175 - - [14/Jan/2024:11:52:37 -0500] "GET /sipse/faces/javax.faces.resource/jquery/jquery.js?ln=primefaces&v=4.0 HTTP/1.1" 304 -
190.70.192.175 - - [14/Jan/2024:11:52:37 -0500] "GET /sipse/faces/javax.faces.resource/jquery/jquery-plugins.js?ln=primefaces&v=4.0 HTTP/1.1" 304 -
190.70.192.175 - - [14/Jan/2024:11:52:37 -0500] "GET /sipse/faces/javax.faces.resource/primefaces.css?ln=primefaces&v=4.0 HTTP/1.1" 304 -
190.70.192.175 - - [14/Jan/2024:11:52:37 -0500] "GET /sipse/faces/javax.faces.resource/layout/layout.js?ln=primefaces&v=4.0 HTTP/1.1" 304 -
190.70.192.175 - - [14/Jan/2024:11:52:37 -0500] "GET /sipse/faces/javax.faces.resource/layout/layout.css?ln=primefaces&v=4.0 HTTP/1.1" 304 -
