181.61.205.6 - - [14/Jan/2024:10:19:03 -0500] "GET /sipse/imagenes/logoAplicacion.jpg HTTP/1.1" 304 -
190.70.192.175 - - [14/Jan/2024:10:19:15 -0500] "POST /sipse/faces/presentacion/financiero/estudioPrevio/personalSolicitado/asociarEspecializacionPersonalSolicitado.xhtml HTTP/1.1" 200 3899
190.70.192.175 - - [14/Jan/2024:10:19:20 -0500] "GET /sipse/faces/javax.faces.resource/theme.css?ln=primefaces-sipse HTTP/1.1" 304 -
190.70.192.175 - - [14/Jan/2024:10:19:20 -0500] "POST /sipse/faces/presentacion/financiero/estudioPrevio/personalSolicitado/asociarEspecializacionPersonalSolicitado.xhtml HTTP/1.1" 200 57069
190.70.192.175 - - [14/Jan/2024:10:19:20 -0500] "GET /sipse/faces/javax.faces.resource/primefaces.js?ln=primefaces&v=4.0 HTTP/1.1" 304 -
190.70.192.175 - - [14/Jan/2024:10:19:20 -0500] "GET /sipse/faces/javax.faces.resource/layout/layout.css?ln=primefaces&v=4.0 HTTP/1.1" 304 -
190.70.192.175 - - [14/Jan/2024:10:19:20 -0500] "GET /sipse/faces/javax.faces.resource/jquery/jquery-plugins.js?ln=primefaces&v=4.0 HTTP/1.1" 304 -
190.70.192.175 - - [14/Jan/2024:10:19:20 -0500] "GET /sipse/faces/javax.faces.resource/primefaces.css?ln=primefaces&v=4.0 HTTP/1.1" 304 -
190.70.192.175 - - [14/Jan/2024:10:19:20 -0500] "GET /sipse/faces/javax.faces.resource/jquery/jquery.js?ln=primefaces&v=4.0 HTTP/1.1" 304 -
190.70.192.175 - - [14/Jan/2024:10:19:20 -0500] "GET /sipse/faces/javax.faces.resource/layout/layout.js?ln=primefaces&v=4.0 HTTP/1.1" 304 -
181.61.205.6 - - [14/Jan/2024:10:19:21 -0500] "GET /sipse/faces/faces/faces/autenticacion.xhtml HTTP/1.1" 200 12414
181.61.205.6 - - [14/Jan/2024:10:19:21 -0500] "GET /sipse/faces/javax.faces.resource/theme.css?ln=primefaces-sipse HTTP/1.1" 304 -
181.61.205.6 - - [14/Jan/2024:10:19:21 -0500] "GET /sipse/faces/javax.faces.resource/primefaces.css?ln=primefaces&v=4.0 HTTP/1.1" 304 -
181.61.205.6 - - [14/Jan/2024:10:19:21 -0500] "GET /sipse/faces/javax.faces.resource/jquery/jquery.js?ln=primefaces&v=4.0 HTTP/1.1" 304 -
181.61.205.6 - - [14/Jan/2024:10:19:21 -0500] "GET /sipse/faces/javax.faces.resource/layout/layout.css?ln=primefaces&v=4.0 HTTP/1.1" 304 -
181.61.205.6 - - [14/Jan/2024:10:19:21 -0500] "GET /sipse/faces/javax.faces.resource/jquery/jquery-plugins.js?ln=primefaces&v=4.0 HTTP/1.1" 304 -
181.61.205.6 - - [14/Jan/2024:10:19:21 -0500] "GET /sipse/faces/javax.faces.resource/layout/layout.js?ln=primefaces&v=4.0 HTTP/1.1" 304 -
181.61.205.6 - - [14/Jan/2024:10:19:21 -0500] "GET /sipse/faces/javax.faces.resource/primefaces.js?ln=primefaces&v=4.0 HTTP/1.1" 304 -
181.61.205.6 - - [14/Jan/2024:10:19:27 -0500] "POST /sipse/faces/autenticacion.xhtml HTTP/1.1" 200 2226
181.61.205.6 - - [14/Jan/2024:10:19:29 -0500] "POST /sipse/faces/autenticacion.xhtml HTTP/1.1" 200 16401
181.61.205.6 - - [14/Jan/2024:10:19:29 -0500] "GET /sipse/faces/javax.faces.resource/theme.css?ln=primefaces-sipse HTTP/1.1" 304 -
181.61.205.6 - - [14/Jan/2024:10:19:29 -0500] "GET /sipse/faces/javax.faces.resource/jquery/jquery.js?ln=primefaces&v=4.0 HTTP/1.1" 304 -
181.61.205.6 - - [14/Jan/2024:10:19:29 -0500] "GET /sipse/faces/javax.faces.resource/layout/layout.css?ln=primefaces&v=4.0 HTTP/1.1" 304 -
181.61.205.6 - - [14/Jan/2024:10:19:29 -0500] "GET /sipse/faces/javax.faces.resource/primefaces.css?ln=primefaces&v=4.0 HTTP/1.1" 304 -
181.61.205.6 - - [14/Jan/2024:10:19:29 -0500] "GET /sipse/faces/javax.faces.resource/jquery/jquery-plugins.js?ln=primefaces&v=4.0 HTTP/1.1" 304 -
181.61.205.6 - - [14/Jan/2024:10:19:29 -0500] "GET /sipse/faces/javax.faces.resource/layout/layout.js?ln=primefaces&v=4.0 HTTP/1.1" 304 -
181.61.205.6 - - [14/Jan/2024:10:19:29 -0500] "GET /sipse/faces/javax.faces.resource/primefaces.js?ln=primefaces&v=4.0 HTTP/1.1" 304 -
190.70.192.175 - - [14/Jan/2024:10:19:28 -0500] "POST /sipse/faces/presentacion/financiero/estudioPrevio/personalSolicitado/personalSolicitadoSolicitudProceso.xhtml HTTP/1.1" 200 33606
190.70.192.175 - - [14/Jan/2024:10:19:29 -0500] "GET /sipse/faces/javax.faces.resource/theme.css?ln=primefaces-sipse HTTP/1.1" 304 -
190.70.192.175 - - [14/Jan/2024:10:19:29 -0500] "GET /sipse/faces/javax.faces.resource/primefaces.css?ln=primefaces&v=4.0 HTTP/1.1" 304 -
190.70.192.175 - - [14/Jan/2024:10:19:29 -0500] "GET /sipse/faces/javax.faces.resource/layout/layout.css?ln=primefaces&v=4.0 HTTP/1.1" 304 -
190.70.192.175 - - [14/Jan/2024:10:19:29 -0500] "GET /sipse/faces/javax.faces.resource/jquery/jquery.js?ln=primefaces&v=4.0 HTTP/1.1" 304 -
190.70.192.175 - - [14/Jan/2024:10:19:30 -0500] "GET /sipse/faces/javax.faces.resource/jquery/jquery-plugins.js?ln=primefaces&v=4.0 HTTP/1.1" 304 -
190.70.192.175 - - [14/Jan/2024:10:19:30 -0500] "GET /sipse/faces/javax.faces.resource/primefaces.js?ln=primefaces&v=4.0 HTTP/1.1" 304 -
190.70.192.175 - - [14/Jan/2024:10:19:30 -0500] "GET /sipse/faces/javax.faces.resource/layout/layout.js?ln=primefaces&v=4.0 HTTP/1.1" 304 -
201.245.192.253 - - [14/Jan/2024:10:19:29 -0500] "POST /kwsrmcab/Wsrmcab HTTP/1.1" 200 39561
190.70.192.175 - - [14/Jan/2024:10:19:33 -0500] "POST /sipse/faces/presentacion/financiero/estudioPrevio/personalSolicitado/asociarEspecializacionPersonalSolicitado.xhtml HTTP/1.1" 200 18023
190.70.192.175 - - [14/Jan/2024:10:19:34 -0500] "POST /sipse/faces/presentacion/financiero/estudioPrevio/personalSolicitado/asociarEspecializacionPersonalSolicitado.xhtml HTTP/1.1" 200 18019
190.70.192.175 - - [14/Jan/2024:10:19:35 -0500] "POST /sipse/faces/presentacion/financiero/estudioPrevio/personalSolicitado/asociarEspecializacionPersonalSolicitado.xhtml HTTP/1.1" 200 18243
190.70.192.175 - - [14/Jan/2024:10:19:37 -0500] "POST /sipse/faces/presentacion/financiero/estudioPrevio/personalSolicitado/asociarEspecializacionPersonalSolicitado.xhtml HTTP/1.1" 200 18275
190.70.192.175 - - [14/Jan/2024:10:19:38 -0500] "POST /sipse/faces/presentacion/financiero/estudioPrevio/personalSolicitado/asociarEspecializacionPersonalSolicitado.xhtml HTTP/1.1" 200 18137
190.70.192.175 - - [14/Jan/2024:10:19:39 -0500] "POST /sipse/faces/presentacion/financiero/estudioPrevio/personalSolicitado/asociarEspecializacionPersonalSolicitado.xhtml HTTP/1.1" 200 18137
190.70.192.175 - - [14/Jan/2024:10:19:40 -0500] "POST /sipse/faces/presentacion/financiero/estudioPrevio/personalSolicitado/asociarEspecializacionPersonalSolicitado.xhtml HTTP/1.1" 200 18141
190.70.192.175 - - [14/Jan/2024:10:19:41 -0500] "POST /sipse/faces/presentacion/financiero/estudioPrevio/personalSolicitado/asociarEspecializacionPersonalSolicitado.xhtml HTTP/1.1" 200 18145
190.70.192.175 - - [14/Jan/2024:10:19:41 -0500] "POST /sipse/faces/presentacion/financiero/estudioPrevio/personalSolicitado/asociarEspecializacionPersonalSolicitado.xhtml HTTP/1.1" 200 1426
190.70.192.175 - - [14/Jan/2024:10:19:42 -0500] "POST /sipse/faces/presentacion/financiero/estudioPrevio/personalSolicitado/asociarEspecializacionPersonalSolicitado.xhtml HTTP/1.1" 200 1430
190.70.192.175 - - [14/Jan/2024:10:19:43 -0500] "POST /sipse/faces/presentacion/financiero/estudioPrevio/personalSolicitado/asociarEspecializacionPersonalSolicitado.xhtml HTTP/1.1" 200 1426
190.70.192.175 - - [14/Jan/2024:10:19:44 -0500] "POST /sipse/faces/presentacion/financiero/estudioPrevio/personalSolicitado/asociarEspecializacionPersonalSolicitado.xhtml HTTP/1.1" 200 18444
201.245.192.253 - - [14/Jan/2024:10:19:44 -0500] "POST /forms/lservlet;jsessionid=ac16012b30d6e9245d4a5ae64507bcdc86473ff87750.e3iSbxaKaheRe34Rb3eTbx8LaNb0n6jAmljGr5XDqQLvpAe HTTP/1.1" 200 2
190.70.192.175 - - [14/Jan/2024:10:19:44 -0500] "POST /sipse/faces/presentacion/financiero/estudioPrevio/personalSolicitado/asociarEspecializacionPersonalSolicitado.xhtml HTTP/1.1" 200 18440
190.70.192.175 - - [14/Jan/2024:10:19:46 -0500] "POST /sipse/faces/presentacion/financiero/estudioPrevio/personalSolicitado/asociarEspecializacionPersonalSolicitado.xhtml HTTP/1.1" 200 18440
190.70.192.175 - - [14/Jan/2024:10:19:47 -0500] "POST /sipse/faces/presentacion/financiero/estudioPrevio/personalSolicitado/asociarEspecializacionPersonalSolicitado.xhtml HTTP/1.1" 200 18440
190.70.192.175 - - [14/Jan/2024:10:19:48 -0500] "POST /sipse/faces/presentacion/financiero/estudioPrevio/personalSolicitado/asociarEspecializacionPersonalSolicitado.xhtml HTTP/1.1" 200 1430
190.70.192.175 - - [14/Jan/2024:10:19:48 -0500] "POST /sipse/faces/presentacion/financiero/estudioPrevio/personalSolicitado/asociarEspecializacionPersonalSolicitado.xhtml HTTP/1.1" 200 1430
190.70.192.175 - - [14/Jan/2024:10:19:48 -0500] "POST /sipse/faces/presentacion/financiero/estudioPrevio/personalSolicitado/asociarEspecializacionPersonalSolicitado.xhtml HTTP/1.1" 200 1430
190.70.192.175 - - [14/Jan/2024:10:19:49 -0500] "POST /sipse/faces/presentacion/financiero/estudioPrevio/personalSolicitado/asociarEspecializacionPersonalSolicitado.xhtml HTTP/1.1" 200 18444
190.70.192.175 - - [14/Jan/2024:10:19:52 -0500] "POST /sipse/faces/presentacion/financiero/estudioPrevio/personalSolicitado/asociarEspecializacionPersonalSolicitado.xhtml HTTP/1.1" 200 18524
190.70.192.175 - - [14/Jan/2024:10:19:54 -0500] "POST /sipse/faces/presentacion/financiero/estudioPrevio/personalSolicitado/asociarEspecializacionPersonalSolicitado.xhtml HTTP/1.1" 200 18524
201.245.192.253 - - [14/Jan/2024:10:19:52 -0500] "POST /kwsrmcab/Wsrmcab  HTTP/1.1" 200 39439
190.70.192.175 - - [14/Jan/2024:10:19:59 -0500] "POST /sipse/faces/presentacion/financiero/estudioPrevio/personalSolicitado/asociarEspecializacionPersonalSolicitado.xhtml HTTP/1.1" 200 3915
190.70.192.175 - - [14/Jan/2024:10:20:00 -0500] "POST /sipse/faces/presentacion/financiero/estudioPrevio/personalSolicitado/asociarEspecializacionPersonalSolicitado.xhtml HTTP/1.1" 200 3911
190.70.192.175 - - [14/Jan/2024:10:20:02 -0500] "POST /sipse/faces/presentacion/financiero/estudioPrevio/personalSolicitado/asociarEspecializacionPersonalSolicitado.xhtml HTTP/1.1" 200 18524
190.70.192.175 - - [14/Jan/2024:10:20:04 -0500] "POST /sipse/faces/presentacion/financiero/estudioPrevio/personalSolicitado/asociarEspecializacionPersonalSolicitado.xhtml HTTP/1.1" 200 1434
190.70.192.175 - - [14/Jan/2024:10:20:04 -0500] "POST /sipse/faces/presentacion/financiero/estudioPrevio/personalSolicitado/asociarEspecializacionPersonalSolicitado.xhtml HTTP/1.1" 200 1434
190.70.192.175 - - [14/Jan/2024:10:20:06 -0500] "POST /sipse/faces/presentacion/financiero/estudioPrevio/personalSolicitado/asociarEspecializacionPersonalSolicitado.xhtml HTTP/1.1" 200 18524
190.70.192.175 - - [14/Jan/2024:10:20:08 -0500] "POST /sipse/faces/presentacion/financiero/estudioPrevio/personalSolicitado/asociarEspecializacionPersonalSolicitado.xhtml HTTP/1.1" 200 17883
190.70.192.175 - - [14/Jan/2024:10:20:09 -0500] "POST /sipse/faces/presentacion/financiero/estudioPrevio/personalSolicitado/asociarEspecializacionPersonalSolicitado.xhtml HTTP/1.1" 200 18100
190.70.192.175 - - [14/Jan/2024:10:20:11 -0500] "POST /sipse/faces/presentacion/financiero/estudioPrevio/personalSolicitado/asociarEspecializacionPersonalSolicitado.xhtml HTTP/1.1" 200 18485
201.245.192.253 - - [14/Jan/2024:10:20:25 -0500] "POST /forms/lservlet;jsessionid=ac16012b30d6daf3d1e69b9448f9b338854e2531f358.e3iSbxaKaheRe34Rb3eTbx8LaNb0n6jAmljGr5XDqQLvpAe HTTP/1.1" 200 2
190.70.192.175 - - [14/Jan/2024:10:20:30 -0500] "POST /sipse/faces/presentacion/financiero/estudioPrevio/personalSolicitado/asociarEspecializacionPersonalSolicitado.xhtml HTTP/1.1" 200 9075
190.70.192.175 - - [14/Jan/2024:10:20:45 -0500] "POST /sipse/faces/presentacion/financiero/estudioPrevio/personalSolicitado/asociarEspecializacionPersonalSolicitado.xhtml HTTP/1.1" 200 57069
190.70.192.175 - - [14/Jan/2024:10:20:45 -0500] "GET /sipse/faces/javax.faces.resource/theme.css?ln=primefaces-sipse HTTP/1.1" 304 -
190.70.192.175 - - [14/Jan/2024:10:20:45 -0500] "GET /sipse/faces/javax.faces.resource/primefaces.css?ln=primefaces&v=4.0 HTTP/1.1" 304 -
190.70.192.175 - - [14/Jan/2024:10:20:45 -0500] "GET /sipse/faces/javax.faces.resource/layout/layout.css?ln=primefaces&v=4.0 HTTP/1.1" 304 -
190.70.192.175 - - [14/Jan/2024:10:20:45 -0500] "GET /sipse/faces/javax.faces.resource/jquery/jquery.js?ln=primefaces&v=4.0 HTTP/1.1" 304 -
190.70.192.175 - - [14/Jan/2024:10:20:45 -0500] "GET /sipse/faces/javax.faces.resource/jquery/jquery-plugins.js?ln=primefaces&v=4.0 HTTP/1.1" 304 -
190.70.192.175 - - [14/Jan/2024:10:20:45 -0500] "GET /sipse/faces/javax.faces.resource/layout/layout.js?ln=primefaces&v=4.0 HTTP/1.1" 304 -
190.70.192.175 - - [14/Jan/2024:10:20:45 -0500] "GET /sipse/faces/javax.faces.resource/primefaces.js?ln=primefaces&v=4.0 HTTP/1.1" 304 -
216.245.221.92 - - [14/Jan/2024:10:20:49 -0500] "HEAD / HTTP/1.1" 200 -
190.70.192.175 - - [14/Jan/2024:10:20:51 -0500] "GET /sipse/faces/javax.faces.resource/theme.css?ln=primefaces-sipse HTTP/1.1" 304 -
190.70.192.175 - - [14/Jan/2024:10:20:51 -0500] "GET /sipse/faces/javax.faces.resource/jquery/jquery.js?ln=primefaces&v=4.0 HTTP/1.1" 304 -
190.70.192.175 - - [14/Jan/2024:10:20:51 -0500] "GET /sipse/faces/javax.faces.resource/primefaces.css?ln=primefaces&v=4.0 HTTP/1.1" 304 -
190.70.192.175 - - [14/Jan/2024:10:20:51 -0500] "GET /sipse/faces/javax.faces.resource/layout/layout.css?ln=primefaces&v=4.0 HTTP/1.1" 304 -
190.70.192.175 - - [14/Jan/2024:10:20:51 -0500] "GET /sipse/faces/javax.faces.resource/jquery/jquery-plugins.js?ln=primefaces&v=4.0 HTTP/1.1" 304 -
190.70.192.175 - - [14/Jan/2024:10:20:51 -0500] "GET /sipse/faces/javax.faces.resource/primefaces.js?ln=primefaces&v=4.0 HTTP/1.1" 304 -
190.70.192.175 - - [14/Jan/2024:10:20:51 -0500] "GET /sipse/faces/javax.faces.resource/layout/layout.js?ln=primefaces&v=4.0 HTTP/1.1" 304 -
190.70.192.175 - - [14/Jan/2024:10:20:50 -0500] "POST /sipse/faces/presentacion/financiero/estudioPrevio/personalSolicitado/personalSolicitadoSolicitudProceso.xhtml HTTP/1.1" 200 175571
190.70.192.175 - - [14/Jan/2024:10:21:03 -0500] "POST /sipse/faces/presentacion/financiero/solicitudProceso/consultarSolicitudProceso.xhtml HTTP/1.1" 200 36869
190.70.192.175 - - [14/Jan/2024:10:21:04 -0500] "GET /sipse/faces/javax.faces.resource/theme.css?ln=primefaces-sipse HTTP/1.1" 304 -
190.70.192.175 - - [14/Jan/2024:10:21:04 -0500] "GET /sipse/faces/javax.faces.resource/layout/layout.css?ln=primefaces&v=4.0 HTTP/1.1" 304 -
190.70.192.175 - - [14/Jan/2024:10:21:04 -0500] "GET /sipse/faces/javax.faces.resource/primefaces.css?ln=primefaces&v=4.0 HTTP/1.1" 304 -
190.70.192.175 - - [14/Jan/2024:10:21:04 -0500] "GET /sipse/faces/javax.faces.resource/jquery/jquery.js?ln=primefaces&v=4.0 HTTP/1.1" 304 -
190.70.192.175 - - [14/Jan/2024:10:21:04 -0500] "GET /sipse/faces/javax.faces.resource/jquery/jquery-plugins.js?ln=primefaces&v=4.0 HTTP/1.1" 304 -
190.70.192.175 - - [14/Jan/2024:10:21:04 -0500] "GET /sipse/faces/javax.faces.resource/primefaces.js?ln=primefaces&v=4.0 HTTP/1.1" 304 -
190.70.192.175 - - [14/Jan/2024:10:21:04 -0500] "GET /sipse/faces/javax.faces.resource/layout/layout.js?ln=primefaces&v=4.0 HTTP/1.1" 304 -
190.70.192.175 - - [14/Jan/2024:10:21:04 -0500] "POST /sipse/faces/presentacion/financiero/solicitudProceso/listarSolicitudProceso.xhtml HTTP/1.1" 200 1392
190.70.192.175 - - [14/Jan/2024:10:21:08 -0500] "POST /sipse/faces/presentacion/financiero/solicitudProceso/listarSolicitudProceso.xhtml HTTP/1.1" 200 18535
190.70.192.175 - - [14/Jan/2024:10:21:11 -0500] "POST /sipse/faces/presentacion/financiero/solicitudProceso/listarSolicitudProceso.xhtml HTTP/1.1" 200 120667
190.70.192.175 - - [14/Jan/2024:10:21:11 -0500] "GET /sipse/faces/javax.faces.resource/theme.css?ln=primefaces-sipse HTTP/1.1" 304 -
190.70.192.175 - - [14/Jan/2024:10:21:11 -0500] "GET /sipse/faces/javax.faces.resource/primefaces.css?ln=primefaces&v=4.0 HTTP/1.1" 304 -
190.70.192.175 - - [14/Jan/2024:10:21:11 -0500] "GET /sipse/faces/javax.faces.resource/layout/layout.css?ln=primefaces&v=4.0 HTTP/1.1" 304 -
190.70.192.175 - - [14/Jan/2024:10:21:12 -0500] "GET /sipse/faces/javax.faces.resource/jquery/jquery.js?ln=primefaces&v=4.0 HTTP/1.1" 304 -
190.70.192.175 - - [14/Jan/2024:10:21:12 -0500] "GET /sipse/faces/javax.faces.resource/jquery/jquery-plugins.js?ln=primefaces&v=4.0 HTTP/1.1" 304 -
190.70.192.175 - - [14/Jan/2024:10:21:12 -0500] "GET /sipse/faces/javax.faces.resource/primefaces.js?ln=primefaces&v=4.0 HTTP/1.1" 304 -
190.70.192.175 - - [14/Jan/2024:10:21:12 -0500] "GET /sipse/faces/javax.faces.resource/layout/layout.js?ln=primefaces&v=4.0 HTTP/1.1" 304 -
216.244.66.195 - - [14/Jan/2024:10:21:29 -0500] "GET /BLA/resoluciones/AUTOS%202022/5246.pdf HTTP/1.1" 200 401875
216.244.66.195 - - [14/Jan/2024:10:21:34 -0500] "GET /BLA/resoluciones/RESOLUCIONES%202011/0140.pdf HTTP/1.1" 200 363766
201.245.192.253 - - [14/Jan/2024:10:21:44 -0500] "POST /forms/lservlet;jsessionid=ac16012b30d6e9245d4a5ae64507bcdc86473ff87750.e3iSbxaKaheRe34Rb3eTbx8LaNb0n6jAmljGr5XDqQLvpAe HTTP/1.1" 200 2
172.22.2.4 - - [14/Jan/2024:10:20:08 -0500] "HEAD /BLA/boletinlegal/ HTTP/1.1" 200 -
216.244.66.195 - - [14/Jan/2024:10:21:59 -0500] "GET /BLA/resoluciones/RESOLUCIONES%202011/0192.pdf HTTP/1.1" 200 71311
216.244.66.195 - - [14/Jan/2024:10:22:21 -0500] "GET /BLA/resoluciones/RESOLUCIONES%202011/0425.pdf HTTP/1.1" 200 282697
201.245.192.253 - - [14/Jan/2024:10:22:25 -0500] "POST /forms/lservlet;jsessionid=ac16012b30d6daf3d1e69b9448f9b338854e2531f358.e3iSbxaKaheRe34Rb3eTbx8LaNb0n6jAmljGr5XDqQLvpAe HTTP/1.1" 200 2
172.22.2.4 - - [14/Jan/2024:10:20:59 -0500] "GET /BLA/boletinlegal/ HTTP/1.1" 200 58666
216.244.66.195 - - [14/Jan/2024:10:22:39 -0500] "GET /BLA/resoluciones/RESOLUCIONES%202011/0658.pdf HTTP/1.1" 200 401976
216.244.66.195 - - [14/Jan/2024:10:23:02 -0500] "GET /BLA/resoluciones/RESOLUCIONES%202011/0676.pdf HTTP/1.1" 200 150486
69.171.251.117 - - [14/Jan/2024:10:23:16 -0500] "GET /images/Acuerdos%2001%20(1)%20(1).jpeg HTTP/1.1" 200 32884
216.244.66.195 - - [14/Jan/2024:10:23:19 -0500] "GET /BLA/resoluciones/RESOLUCIONES%202011/0991.pdf HTTP/1.1" 200 87483
216.244.66.195 - - [14/Jan/2024:10:23:36 -0500] "GET /BLA/resoluciones/RESOLUCIONES%202011/1000.pdf HTTP/1.1" 200 69459
201.245.192.253 - - [14/Jan/2024:10:23:44 -0500] "POST /forms/lservlet;jsessionid=ac16012b30d6e9245d4a5ae64507bcdc86473ff87750.e3iSbxaKaheRe34Rb3eTbx8LaNb0n6jAmljGr5XDqQLvpAe HTTP/1.1" 200 2
216.244.66.195 - - [14/Jan/2024:10:23:52 -0500] "GET /BLA/resoluciones/RESOLUCIONES%202011/1004.pdf HTTP/1.1" 200 65541
216.244.66.195 - - [14/Jan/2024:10:24:06 -0500] "GET /BLA/resoluciones/RESOLUCIONES%202011/1262.pdf HTTP/1.1" 200 364026
216.244.66.195 - - [14/Jan/2024:10:24:19 -0500] "GET /BLA/resoluciones/RESOLUCIONES%202011/1406.pdf HTTP/1.1" 200 100291
201.245.192.253 - - [14/Jan/2024:10:24:25 -0500] "POST /forms/lservlet;jsessionid=ac16012b30d6daf3d1e69b9448f9b338854e2531f358.e3iSbxaKaheRe34Rb3eTbx8LaNb0n6jAmljGr5XDqQLvpAe HTTP/1.1" 200 2
216.244.66.195 - - [14/Jan/2024:10:24:31 -0500] "GET /BLA/resoluciones/RESOLUCIONES%202011/1484.pdf HTTP/1.1" 200 69801
201.245.192.253 - - [14/Jan/2024:10:24:35 -0500] "POST /kwsrmcab/Wsrmcab HTTP/1.1" 200 35589
201.245.192.253 - - [14/Jan/2024:10:24:38 -0500] "POST /kwsrmcab/Wsrmcab HTTP/1.1" 200 39561
216.244.66.195 - - [14/Jan/2024:10:24:42 -0500] "GET /BLA/resoluciones/RESOLUCIONES%202011/1493.pdf HTTP/1.1" 200 72259
216.244.66.195 - - [14/Jan/2024:10:24:54 -0500] "GET /BLA/resoluciones/RESOLUCIONES%202011/1607.pdf HTTP/1.1" 200 83273
201.245.192.253 - - [14/Jan/2024:10:24:52 -0500] "POST /kwsrmcab/Wsrmcab  HTTP/1.1" 200 39439
216.244.66.195 - - [14/Jan/2024:10:25:03 -0500] "GET /BLA/resoluciones/AUTOS%202009/0185.pdf HTTP/1.1" 200 68022
216.244.66.195 - - [14/Jan/2024:10:25:11 -0500] "GET /BLA/resoluciones/AUTOS%202014/0882.pdf HTTP/1.1" 200 572876
216.244.66.195 - - [14/Jan/2024:10:25:21 -0500] "GET /BLA/resoluciones/RESOLUCIONES%202015/2926.pdf HTTP/1.1" 200 876801
201.245.192.253 - - [14/Jan/2024:10:25:44 -0500] "POST /forms/lservlet;jsessionid=ac16012b30d6e9245d4a5ae64507bcdc86473ff87750.e3iSbxaKaheRe34Rb3eTbx8LaNb0n6jAmljGr5XDqQLvpAe HTTP/1.1" 200 2
216.245.221.92 - - [14/Jan/2024:10:25:49 -0500] "HEAD / HTTP/1.1" 200 -
201.245.192.253 - - [14/Jan/2024:10:26:25 -0500] "POST /forms/lservlet;jsessionid=ac16012b30d6daf3d1e69b9448f9b338854e2531f358.e3iSbxaKaheRe34Rb3eTbx8LaNb0n6jAmljGr5XDqQLvpAe HTTP/1.1" 200 2
172.22.2.4 - - [14/Jan/2024:10:25:58 -0500] "HEAD /BLA/boletinlegal/ HTTP/1.1" 200 -
201.245.192.253 - - [14/Jan/2024:10:27:44 -0500] "POST /forms/lservlet;jsessionid=ac16012b30d6e9245d4a5ae64507bcdc86473ff87750.e3iSbxaKaheRe34Rb3eTbx8LaNb0n6jAmljGr5XDqQLvpAe HTTP/1.1" 200 2
52.167.144.216 - - [14/Jan/2024:10:28:01 -0500] "GET /sipse/faces/index.xhtml HTTP/1.1" 200 677
201.245.192.253 - - [14/Jan/2024:10:28:25 -0500] "POST /forms/lservlet;jsessionid=ac16012b30d6daf3d1e69b9448f9b338854e2531f358.e3iSbxaKaheRe34Rb3eTbx8LaNb0n6jAmljGr5XDqQLvpAe HTTP/1.1" 200 2
172.22.2.4 - - [14/Jan/2024:10:26:49 -0500] "GET /BLA/boletinlegal/ HTTP/1.1" 200 58666
201.245.192.253 - - [14/Jan/2024:10:28:54 -0500] "POST /kwsrmcab/Wsrmcab HTTP/1.1" 200 35589
201.245.192.253 - - [14/Jan/2024:10:29:29 -0500] "POST /kwsrmcab/Wsrmcab HTTP/1.1" 200 39561
201.245.192.253 - - [14/Jan/2024:10:29:44 -0500] "POST /forms/lservlet;jsessionid=ac16012b30d6e9245d4a5ae64507bcdc86473ff87750.e3iSbxaKaheRe34Rb3eTbx8LaNb0n6jAmljGr5XDqQLvpAe HTTP/1.1" 200 2
201.245.192.253 - - [14/Jan/2024:10:29:50 -0500] "POST /kwsrmcab/Wsrmcab  HTTP/1.1" 200 39439
201.245.192.253 - - [14/Jan/2024:10:30:25 -0500] "POST /forms/lservlet;jsessionid=ac16012b30d6daf3d1e69b9448f9b338854e2531f358.e3iSbxaKaheRe34Rb3eTbx8LaNb0n6jAmljGr5XDqQLvpAe HTTP/1.1" 200 2
216.245.221.92 - - [14/Jan/2024:10:30:49 -0500] "HEAD / HTTP/1.1" 200 -
185.150.26.205 - - [14/Jan/2024:10:31:04 -0500] "GET / HTTP/1.1" 200 319
52.167.144.232 - - [14/Jan/2024:10:31:18 -0500] "GET /BLA/resoluciones/index.php?dir=RESOLUCIONES+2016%2F HTTP/1.1" 200 172327
201.245.192.253 - - [14/Jan/2024:10:31:44 -0500] "POST /forms/lservlet;jsessionid=ac16012b30d6e9245d4a5ae64507bcdc86473ff87750.e3iSbxaKaheRe34Rb3eTbx8LaNb0n6jAmljGr5XDqQLvpAe HTTP/1.1" 200 2
201.245.192.253 - - [14/Jan/2024:10:32:25 -0500] "POST /forms/lservlet;jsessionid=ac16012b30d6daf3d1e69b9448f9b338854e2531f358.e3iSbxaKaheRe34Rb3eTbx8LaNb0n6jAmljGr5XDqQLvpAe HTTP/1.1" 200 2
190.70.192.175 - - [14/Jan/2024:10:33:05 -0500] "POST /sipse/faces/presentacion/financiero/solicitudProceso/consultarSolicitudProceso.xhtml HTTP/1.1" 200 36869
190.70.192.175 - - [14/Jan/2024:10:33:05 -0500] "GET /sipse/faces/javax.faces.resource/theme.css?ln=primefaces-sipse HTTP/1.1" 304 -
190.70.192.175 - - [14/Jan/2024:10:33:05 -0500] "GET /sipse/faces/javax.faces.resource/primefaces.css?ln=primefaces&v=4.0 HTTP/1.1" 304 -
190.70.192.175 - - [14/Jan/2024:10:33:05 -0500] "GET /sipse/faces/javax.faces.resource/layout/layout.css?ln=primefaces&v=4.0 HTTP/1.1" 304 -
190.70.192.175 - - [14/Jan/2024:10:33:05 -0500] "GET /sipse/css/imagen/contrasena.png HTTP/1.1" 404 383
190.70.192.175 - - [14/Jan/2024:10:33:05 -0500] "GET /sipse/faces/javax.faces.resource/jquery/jquery.js?ln=primefaces&v=4.0 HTTP/1.1" 304 -
190.70.192.175 - - [14/Jan/2024:10:33:05 -0500] "GET /sipse/faces/javax.faces.resource/jquery/jquery-plugins.js?ln=primefaces&v=4.0 HTTP/1.1" 304 -
190.70.192.175 - - [14/Jan/2024:10:33:05 -0500] "GET /sipse/faces/javax.faces.resource/primefaces.js?ln=primefaces&v=4.0 HTTP/1.1" 304 -
190.70.192.175 - - [14/Jan/2024:10:33:06 -0500] "GET /sipse/faces/javax.faces.resource/layout/layout.js?ln=primefaces&v=4.0 HTTP/1.1" 304 -
190.70.192.175 - - [14/Jan/2024:10:33:06 -0500] "GET /sipse/faces/javax.faces.resource/images/ui-icons_898989_256x240.png?ln=primefaces-aristo HTTP/1.1" 304 -
190.70.192.175 - - [14/Jan/2024:10:33:06 -0500] "POST /sipse/faces/presentacion/financiero/solicitudProceso/listarSolicitudProceso.xhtml HTTP/1.1" 200 30191
190.70.192.175 - - [14/Jan/2024:10:33:06 -0500] "GET /sipse/faces/javax.faces.resource/images/ui-bg_flat_0_2d5972_40x100.png?ln=primefaces-aristo HTTP/1.1" 304 -
190.70.192.175 - - [14/Jan/2024:10:33:06 -0500] "POST /sipse/faces/presentacion/financiero/solicitudProceso/listarSolicitudProceso.xhtml HTTP/1.1" 200 30191
190.70.192.175 - - [14/Jan/2024:10:33:07 -0500] "POST /sipse/faces/presentacion/financiero/solicitudProceso/listarSolicitudProceso.xhtml HTTP/1.1" 200 1392
190.70.192.175 - - [14/Jan/2024:10:33:09 -0500] "POST /sipse/faces/presentacion/financiero/solicitudProceso/listarSolicitudProceso.xhtml HTTP/1.1" 200 1392
190.70.192.175 - - [14/Jan/2024:10:33:11 -0500] "POST /sipse/faces/presentacion/financiero/solicitudProceso/listarSolicitudProceso.xhtml HTTP/1.1" 200 1400
190.70.192.175 - - [14/Jan/2024:10:33:25 -0500] "POST /sipse/faces/presentacion/financiero/solicitudProceso/listarSolicitudProceso.xhtml HTTP/1.1" 200 59092
190.70.192.175 - - [14/Jan/2024:10:33:26 -0500] "GET /sipse/faces/javax.faces.resource/theme.css?ln=primefaces-sipse HTTP/1.1" 304 -
190.70.192.175 - - [14/Jan/2024:10:33:26 -0500] "GET /sipse/faces/javax.faces.resource/primefaces.css?ln=primefaces&v=4.0 HTTP/1.1" 304 -
190.70.192.175 - - [14/Jan/2024:10:33:26 -0500] "GET /sipse/faces/javax.faces.resource/layout/layout.css?ln=primefaces&v=4.0 HTTP/1.1" 304 -
190.70.192.175 - - [14/Jan/2024:10:33:26 -0500] "GET /sipse/faces/javax.faces.resource/jquery/jquery.js?ln=primefaces&v=4.0 HTTP/1.1" 304 -
190.70.192.175 - - [14/Jan/2024:10:33:26 -0500] "GET /sipse/faces/javax.faces.resource/jquery/jquery-plugins.js?ln=primefaces&v=4.0 HTTP/1.1" 304 -
190.70.192.175 - - [14/Jan/2024:10:33:26 -0500] "GET /sipse/faces/javax.faces.resource/primefaces.js?ln=primefaces&v=4.0 HTTP/1.1" 304 -
190.70.192.175 - - [14/Jan/2024:10:33:26 -0500] "GET /sipse/faces/javax.faces.resource/layout/layout.js?ln=primefaces&v=4.0 HTTP/1.1" 304 -
66.249.79.75 - - [14/Jan/2024:10:33:26 -0500] "GET /portaldeninos/wp-content/uploads/2021/11/dibujos-concurso-vuelo-pajaro-relatos-27-mayo-1024x576.jpg HTTP/1.1" 200 86120
172.22.2.4 - - [14/Jan/2024:10:31:48 -0500] "HEAD /BLA/boletinlegal/ HTTP/1.1" 200 -
190.70.192.175 - - [14/Jan/2024:10:33:39 -0500] "POST /sipse/faces/presentacion/financiero/solicitudProceso/crearModificarSolicitudProceso.xhtml HTTP/1.1" 200 51773
201.245.192.253 - - [14/Jan/2024:10:33:44 -0500] "POST /forms/lservlet;jsessionid=ac16012b30d6e9245d4a5ae64507bcdc86473ff87750.e3iSbxaKaheRe34Rb3eTbx8LaNb0n6jAmljGr5XDqQLvpAe HTTP/1.1" 200 2
172.22.2.4 - - [14/Jan/2024:10:32:39 -0500] "GET /BLA/boletinlegal/ HTTP/1.1" 200 60529
201.245.192.253 - - [14/Jan/2024:10:34:25 -0500] "POST /forms/lservlet;jsessionid=ac16012b30d6daf3d1e69b9448f9b338854e2531f358.e3iSbxaKaheRe34Rb3eTbx8LaNb0n6jAmljGr5XDqQLvpAe HTTP/1.1" 200 2
190.70.192.175 - - [14/Jan/2024:10:34:28 -0500] "POST /sipse/faces/presentacion/financiero/solicitudProceso/crearModificarSolicitudProceso.xhtml HTTP/1.1" 200 25134
201.245.192.253 - - [14/Jan/2024:10:34:34 -0500] "POST /kwsrmcab/Wsrmcab HTTP/1.1" 200 35589
201.245.192.253 - - [14/Jan/2024:10:34:38 -0500] "POST /kwsrmcab/Wsrmcab HTTP/1.1" 200 39561
201.245.192.253 - - [14/Jan/2024:10:34:49 -0500] "POST /kwsrmcab/Wsrmcab  HTTP/1.1" 200 39439
190.70.192.175 - - [14/Jan/2024:10:34:58 -0500] "POST /sipse/faces/presentacion/financiero/solicitudProceso/crearModificarSolicitudProceso.xhtml HTTP/1.1" 200 6295
190.70.192.175 - - [14/Jan/2024:10:35:07 -0500] "POST /sipse/faces/presentacion/financiero/solicitudProceso/crearModificarSolicitudProceso.xhtml HTTP/1.1" 200 9540
190.70.192.175 - - [14/Jan/2024:10:35:20 -0500] "POST /sipse/faces/presentacion/financiero/solicitudProceso/crearModificarSolicitudProceso.xhtml HTTP/1.1" 200 7338
52.167.144.167 - - [14/Jan/2024:10:35:33 -0500] "GET /BLA/resoluciones/index.php?dir=RESOLUCIONES+2008%2F HTTP/1.1" 200 976272
201.245.192.253 - - [14/Jan/2024:10:35:44 -0500] "POST /forms/lservlet;jsessionid=ac16012b30d6e9245d4a5ae64507bcdc86473ff87750.e3iSbxaKaheRe34Rb3eTbx8LaNb0n6jAmljGr5XDqQLvpAe HTTP/1.1" 200 2
216.245.221.92 - - [14/Jan/2024:10:35:49 -0500] "HEAD / HTTP/1.1" 200 -
201.245.192.253 - - [14/Jan/2024:10:36:25 -0500] "POST /forms/lservlet;jsessionid=ac16012b30d6daf3d1e69b9448f9b338854e2531f358.e3iSbxaKaheRe34Rb3eTbx8LaNb0n6jAmljGr5XDqQLvpAe HTTP/1.1" 200 2
201.245.192.253 - - [14/Jan/2024:10:37:44 -0500] "POST /forms/lservlet;jsessionid=ac16012b30d6e9245d4a5ae64507bcdc86473ff87750.e3iSbxaKaheRe34Rb3eTbx8LaNb0n6jAmljGr5XDqQLvpAe HTTP/1.1" 200 2
190.70.192.175 - - [14/Jan/2024:10:38:17 -0500] "POST /sipse/faces/presentacion/financiero/solicitudProceso/crearModificarSolicitudProceso.xhtml HTTP/1.1" 200 24600
190.70.192.175 - - [14/Jan/2024:10:38:17 -0500] "GET /sipse/faces/javax.faces.resource/theme.css?ln=primefaces-sipse HTTP/1.1" 304 -
190.70.192.175 - - [14/Jan/2024:10:38:17 -0500] "GET /sipse/faces/javax.faces.resource/primefaces.css?ln=primefaces&v=4.0 HTTP/1.1" 304 -
190.70.192.175 - - [14/Jan/2024:10:38:17 -0500] "GET /sipse/faces/javax.faces.resource/layout/layout.css?ln=primefaces&v=4.0 HTTP/1.1" 304 -
190.70.192.175 - - [14/Jan/2024:10:38:17 -0500] "GET /sipse/faces/javax.faces.resource/layout/layout.js?ln=primefaces&v=4.0 HTTP/1.1" 304 -
190.70.192.175 - - [14/Jan/2024:10:38:17 -0500] "GET /sipse/faces/javax.faces.resource/jquery/jquery-plugins.js?ln=primefaces&v=4.0 HTTP/1.1" 304 -
190.70.192.175 - - [14/Jan/2024:10:38:17 -0500] "GET /sipse/faces/javax.faces.resource/primefaces.js?ln=primefaces&v=4.0 HTTP/1.1" 304 -
190.70.192.175 - - [14/Jan/2024:10:38:17 -0500] "GET /sipse/faces/javax.faces.resource/jquery/jquery.js?ln=primefaces&v=4.0 HTTP/1.1" 304 -
201.245.192.253 - - [14/Jan/2024:10:38:25 -0500] "POST /forms/lservlet;jsessionid=ac16012b30d6daf3d1e69b9448f9b338854e2531f358.e3iSbxaKaheRe34Rb3eTbx8LaNb0n6jAmljGr5XDqQLvpAe HTTP/1.1" 200 2
190.70.192.175 - - [14/Jan/2024:10:38:28 -0500] "POST /sipse/faces/presentacion/financiero/solicitudProyectoActividad/asociarProyectoSolicitud.xhtml HTTP/1.1" 200 6605
190.70.192.175 - - [14/Jan/2024:10:38:30 -0500] "POST /sipse/faces/presentacion/financiero/solicitudProyectoActividad/asociarProyectoSolicitud.xhtml HTTP/1.1" 200 1696
190.70.192.175 - - [14/Jan/2024:10:38:31 -0500] "POST /sipse/faces/presentacion/financiero/solicitudProyectoActividad/asociarProyectoSolicitud.xhtml HTTP/1.1" 200 76294
190.70.192.175 - - [14/Jan/2024:10:38:32 -0500] "GET /sipse/faces/javax.faces.resource/primefaces.css?ln=primefaces&v=4.0 HTTP/1.1" 304 -
190.70.192.175 - - [14/Jan/2024:10:38:32 -0500] "GET /sipse/faces/javax.faces.resource/theme.css?ln=primefaces-sipse HTTP/1.1" 304 -
190.70.192.175 - - [14/Jan/2024:10:38:32 -0500] "GET /sipse/faces/javax.faces.resource/layout/layout.css?ln=primefaces&v=4.0 HTTP/1.1" 304 -
190.70.192.175 - - [14/Jan/2024:10:38:32 -0500] "GET /sipse/faces/javax.faces.resource/jquery/jquery.js?ln=primefaces&v=4.0 HTTP/1.1" 304 -
190.70.192.175 - - [14/Jan/2024:10:38:32 -0500] "GET /sipse/faces/javax.faces.resource/jquery/jquery-plugins.js?ln=primefaces&v=4.0 HTTP/1.1" 304 -
190.70.192.175 - - [14/Jan/2024:10:38:32 -0500] "GET /sipse/faces/javax.faces.resource/primefaces.js?ln=primefaces&v=4.0 HTTP/1.1" 304 -
190.70.192.175 - - [14/Jan/2024:10:38:32 -0500] "GET /sipse/faces/javax.faces.resource/layout/layout.js?ln=primefaces&v=4.0 HTTP/1.1" 304 -
190.70.192.175 - - [14/Jan/2024:10:38:55 -0500] "POST /sipse/faces/presentacion/financiero/solicitudProyectoActividad/asociarActividadSolicitud.xhtml HTTP/1.1" 200 60017
201.245.192.253 - - [14/Jan/2024:10:38:53 -0500] "POST /kwsrmcab/Wsrmcab HTTP/1.1" 200 35589
190.70.192.175 - - [14/Jan/2024:10:38:58 -0500] "POST /sipse/faces/presentacion/financiero/solicitudProyectoActividad/asociarActividadSolicitud.xhtml HTTP/1.1" 200 61087
157.55.39.49 - - [14/Jan/2024:10:39:00 -0500] "GET /BLA/resoluciones/AUTOS%202020/3064.pdf HTTP/1.1" 200 1675594
14.103.40.89 - - [14/Jan/2024:10:39:02 -0500] "GET http://190.27.245.106:80/phpMyAdmin/scripts/setup.php HTTP/1.0" 403 1165
190.70.192.175 - - [14/Jan/2024:10:39:09 -0500] "GET /sipse/faces/javax.faces.resource/images/ui-icons_898989_256x240.png?ln=primefaces-aristo HTTP/1.1" 304 -
172.22.2.4 - - [14/Jan/2024:10:37:38 -0500] "HEAD /BLA/boletinlegal/ HTTP/1.1" 200 -
14.103.40.89 - - [14/Jan/2024:10:39:21 -0500] "GET http://190.27.245.106:80/phpMyAdmin-2.11.4/scripts/setup.php HTTP/1.0" 403 1165
190.70.192.175 - - [14/Jan/2024:10:39:22 -0500] "POST /sipse/faces/presentacion/financiero/solicitudProyectoActividad/asociarActividadSolicitud.xhtml HTTP/1.1" 200 20056
190.70.192.175 - - [14/Jan/2024:10:39:22 -0500] "GET /sipse/faces/javax.faces.resource/theme.css?ln=primefaces-sipse HTTP/1.1" 304 -
190.70.192.175 - - [14/Jan/2024:10:39:22 -0500] "GET /sipse/faces/javax.faces.resource/primefaces.css?ln=primefaces&v=4.0 HTTP/1.1" 304 -
190.70.192.175 - - [14/Jan/2024:10:39:22 -0500] "GET /sipse/faces/javax.faces.resource/layout/layout.css?ln=primefaces&v=4.0 HTTP/1.1" 304 -
190.70.192.175 - - [14/Jan/2024:10:39:22 -0500] "GET /sipse/faces/javax.faces.resource/jquery/jquery.js?ln=primefaces&v=4.0 HTTP/1.1" 304 -
190.70.192.175 - - [14/Jan/2024:10:39:22 -0500] "GET /sipse/faces/javax.faces.resource/jquery/jquery-plugins.js?ln=primefaces&v=4.0 HTTP/1.1" 304 -
190.70.192.175 - - [14/Jan/2024:10:39:22 -0500] "GET /sipse/faces/javax.faces.resource/primefaces.js?ln=primefaces&v=4.0 HTTP/1.1" 304 -
190.70.192.175 - - [14/Jan/2024:10:39:22 -0500] "GET /sipse/faces/javax.faces.resource/layout/layout.js?ln=primefaces&v=4.0 HTTP/1.1" 304 -
14.103.40.89 - - [14/Jan/2024:10:39:28 -0500] "GET http://190.27.245.106:80/phpMyAdmin-2.11.3/scripts/setup.php HTTP/1.0" 403 1165
201.245.192.253 - - [14/Jan/2024:10:39:29 -0500] "POST /kwsrmcab/Wsrmcab HTTP/1.1" 200 39561
14.103.40.89 - - [14/Jan/2024:10:39:31 -0500] "GET http://190.27.245.106:80/phpMyAdmin-2.10.0.2/scripts/setup.php HTTP/1.0" 403 1165
14.103.40.89 - - [14/Jan/2024:10:39:32 -0500] "GET http://190.27.245.106:80/phpMyAdmin-2.10.3/scripts/setup.php HTTP/1.0" 403 1165
14.103.40.89 - - [14/Jan/2024:10:39:32 -0500] "GET http://190.27.245.106:80/phpMyAdmin-2.8.0.2/scripts/setup.php HTTP/1.0" 403 1165
201.245.192.253 - - [14/Jan/2024:10:39:44 -0500] "POST /forms/lservlet;jsessionid=ac16012b30d6e9245d4a5ae64507bcdc86473ff87750.e3iSbxaKaheRe34Rb3eTbx8LaNb0n6jAmljGr5XDqQLvpAe HTTP/1.1" 200 2
201.245.192.253 - - [14/Jan/2024:10:39:48 -0500] "POST /kwsrmcab/Wsrmcab  HTTP/1.1" 200 39439
190.70.192.175 - - [14/Jan/2024:10:40:01 -0500] "POST /sipse/faces/presentacion/financiero/solicitudProyectoActividad/asociarFuentesSolicitud.xhtml HTTP/1.1" 200 82465
190.70.192.175 - - [14/Jan/2024:10:40:01 -0500] "GET /sipse/faces/javax.faces.resource/theme.css?ln=primefaces-sipse HTTP/1.1" 304 -
190.70.192.175 - - [14/Jan/2024:10:40:01 -0500] "GET /sipse/faces/javax.faces.resource/primefaces.css?ln=primefaces&v=4.0 HTTP/1.1" 304 -
190.70.192.175 - - [14/Jan/2024:10:40:01 -0500] "GET /sipse/faces/javax.faces.resource/layout/layout.css?ln=primefaces&v=4.0 HTTP/1.1" 304 -
190.70.192.175 - - [14/Jan/2024:10:40:01 -0500] "GET /sipse/faces/javax.faces.resource/layout/layout.js?ln=primefaces&v=4.0 HTTP/1.1" 304 -
190.70.192.175 - - [14/Jan/2024:10:40:01 -0500] "GET /sipse/faces/javax.faces.resource/jquery/jquery.js?ln=primefaces&v=4.0 HTTP/1.1" 304 -
190.70.192.175 - - [14/Jan/2024:10:40:01 -0500] "GET /sipse/faces/javax.faces.resource/primefaces.js?ln=primefaces&v=4.0 HTTP/1.1" 304 -
190.70.192.175 - - [14/Jan/2024:10:40:01 -0500] "GET /sipse/faces/javax.faces.resource/jquery/jquery-plugins.js?ln=primefaces&v=4.0 HTTP/1.1" 304 -
172.22.2.4 - - [14/Jan/2024:10:38:29 -0500] "GET /BLA/boletinlegal/ HTTP/1.1" 200 58666
201.245.192.253 - - [14/Jan/2024:10:40:25 -0500] "POST /forms/lservlet;jsessionid=ac16012b30d6daf3d1e69b9448f9b338854e2531f358.e3iSbxaKaheRe34Rb3eTbx8LaNb0n6jAmljGr5XDqQLvpAe HTTP/1.1" 200 2
190.70.192.175 - - [14/Jan/2024:10:40:11 -0500] "POST /sipse/faces/presentacion/financiero/solicitudProceso/crearModificarSolicitudProceso.xhtml HTTP/1.1" 200 24776
190.70.192.175 - - [14/Jan/2024:10:40:17 -0500] "POST /sipse/faces/presentacion/financiero/solicitudProceso/crearModificarSolicitudProceso.xhtml HTTP/1.1" 200 24776
190.70.192.175 - - [14/Jan/2024:10:40:41 -0500] "GET /sipse/faces/javax.faces.resource/theme.css?ln=primefaces-sipse HTTP/1.1" 304 -
190.70.192.175 - - [14/Jan/2024:10:40:26 -0500] "POST /sipse/faces/presentacion/financiero/solicitudProceso/crearModificarSolicitudProceso.xhtml HTTP/1.1" 200 45553
190.70.192.175 - - [14/Jan/2024:10:40:41 -0500] "GET /sipse/faces/javax.faces.resource/primefaces.css?ln=primefaces&v=4.0 HTTP/1.1" 304 -
190.70.192.175 - - [14/Jan/2024:10:40:41 -0500] "GET /sipse/faces/javax.faces.resource/layout/layout.js?ln=primefaces&v=4.0 HTTP/1.1" 304 -
190.70.192.175 - - [14/Jan/2024:10:40:41 -0500] "GET /sipse/faces/javax.faces.resource/primefaces.js?ln=primefaces&v=4.0 HTTP/1.1" 304 -
190.70.192.175 - - [14/Jan/2024:10:40:41 -0500] "GET /sipse/faces/javax.faces.resource/layout/layout.css?ln=primefaces&v=4.0 HTTP/1.1" 304 -
190.70.192.175 - - [14/Jan/2024:10:40:41 -0500] "GET /sipse/faces/javax.faces.resource/jquery/jquery-plugins.js?ln=primefaces&v=4.0 HTTP/1.1" 304 -
190.70.192.175 - - [14/Jan/2024:10:40:41 -0500] "GET /sipse/faces/javax.faces.resource/jquery/jquery.js?ln=primefaces&v=4.0 HTTP/1.1" 304 -
216.245.221.92 - - [14/Jan/2024:10:40:49 -0500] "HEAD / HTTP/1.1" 200 -
190.70.192.175 - - [14/Jan/2024:10:40:45 -0500] "POST /sipse/faces/presentacion/financiero/solicitudBienServicio/asociarBienServicioSolicitud.xhtml HTTP/1.1" 200 2724
190.70.192.175 - - [14/Jan/2024:10:41:08 -0500] "POST /sipse/faces/presentacion/financiero/solicitudBienServicio/asociarBienServicioSolicitud.xhtml HTTP/1.1" 200 78229
190.70.192.175 - - [14/Jan/2024:10:41:08 -0500] "GET /sipse/faces/javax.faces.resource/theme.css?ln=primefaces-sipse HTTP/1.1" 304 -
190.70.192.175 - - [14/Jan/2024:10:41:08 -0500] "GET /sipse/faces/javax.faces.resource/layout/layout.css?ln=primefaces&v=4.0 HTTP/1.1" 304 -
190.70.192.175 - - [14/Jan/2024:10:41:08 -0500] "GET /sipse/faces/javax.faces.resource/primefaces.css?ln=primefaces&v=4.0 HTTP/1.1" 304 -
190.70.192.175 - - [14/Jan/2024:10:41:08 -0500] "GET /sipse/faces/javax.faces.resource/jquery/jquery.js?ln=primefaces&v=4.0 HTTP/1.1" 304 -
190.70.192.175 - - [14/Jan/2024:10:41:08 -0500] "GET /sipse/faces/javax.faces.resource/jquery/jquery-plugins.js?ln=primefaces&v=4.0 HTTP/1.1" 304 -
190.70.192.175 - - [14/Jan/2024:10:41:08 -0500] "GET /sipse/faces/javax.faces.resource/primefaces.js?ln=primefaces&v=4.0 HTTP/1.1" 304 -
190.70.192.175 - - [14/Jan/2024:10:41:08 -0500] "GET /sipse/faces/javax.faces.resource/layout/layout.js?ln=primefaces&v=4.0 HTTP/1.1" 304 -
190.70.192.175 - - [14/Jan/2024:10:41:15 -0500] "POST /sipse/faces/presentacion/financiero/solicitudProceso/crearModificarSolicitudProceso.xhtml HTTP/1.1" 200 37324
190.70.192.175 - - [14/Jan/2024:10:41:20 -0500] "GET /sipse/faces/javax.faces.resource/theme.css?ln=primefaces-sipse HTTP/1.1" 304 -
190.70.192.175 - - [14/Jan/2024:10:41:20 -0500] "GET /sipse/faces/javax.faces.resource/layout/layout.css?ln=primefaces&v=4.0 HTTP/1.1" 304 -
190.70.192.175 - - [14/Jan/2024:10:41:20 -0500] "GET /sipse/faces/javax.faces.resource/primefaces.css?ln=primefaces&v=4.0 HTTP/1.1" 304 -
190.70.192.175 - - [14/Jan/2024:10:41:20 -0500] "GET /sipse/faces/javax.faces.resource/jquery/jquery.js?ln=primefaces&v=4.0 HTTP/1.1" 304 -
190.70.192.175 - - [14/Jan/2024:10:41:20 -0500] "GET /sipse/faces/javax.faces.resource/jquery/jquery-plugins.js?ln=primefaces&v=4.0 HTTP/1.1" 304 -
190.70.192.175 - - [14/Jan/2024:10:41:20 -0500] "GET /sipse/faces/javax.faces.resource/primefaces.js?ln=primefaces&v=4.0 HTTP/1.1" 304 -
190.70.192.175 - - [14/Jan/2024:10:41:20 -0500] "GET /sipse/faces/javax.faces.resource/layout/layout.js?ln=primefaces&v=4.0 HTTP/1.1" 304 -
190.70.192.175 - - [14/Jan/2024:10:41:20 -0500] "GET /sipse/faces/javax.faces.resource/messages/messages.png?ln=primefaces&v=4.0 HTTP/1.1" 304 -
190.70.192.175 - - [14/Jan/2024:10:41:20 -0500] "POST /sipse/faces/presentacion/financiero/solicitudProceso/listarSolicitudProceso.xhtml HTTP/1.1" 200 1392
190.70.192.175 - - [14/Jan/2024:10:41:30 -0500] "GET /sipse/faces/javax.faces.resource/primefaces.css?ln=primefaces&v=4.0 HTTP/1.1" 304 -
190.70.192.175 - - [14/Jan/2024:10:41:30 -0500] "GET /sipse/faces/javax.faces.resource/theme.css?ln=primefaces-sipse HTTP/1.1" 304 -
190.70.192.175 - - [14/Jan/2024:10:41:30 -0500] "GET /sipse/faces/javax.faces.resource/layout/layout.css?ln=primefaces&v=4.0 HTTP/1.1" 304 -
190.70.192.175 - - [14/Jan/2024:10:41:31 -0500] "GET /sipse/faces/javax.faces.resource/primefaces.js?ln=primefaces&v=4.0 HTTP/1.1" 304 -
190.70.192.175 - - [14/Jan/2024:10:41:31 -0500] "GET /sipse/faces/javax.faces.resource/layout/layout.js?ln=primefaces&v=4.0 HTTP/1.1" 304 -
190.70.192.175 - - [14/Jan/2024:10:41:31 -0500] "GET /sipse/faces/javax.faces.resource/jquery/jquery-plugins.js?ln=primefaces&v=4.0 HTTP/1.1" 304 -
190.70.192.175 - - [14/Jan/2024:10:41:31 -0500] "GET /sipse/faces/javax.faces.resource/jquery/jquery.js?ln=primefaces&v=4.0 HTTP/1.1" 304 -
190.70.192.175 - - [14/Jan/2024:10:41:30 -0500] "GET /sipse/faces/presentacion/financiero/solicitudProceso/crearModificarSolicitudProceso.xhtml HTTP/1.1" 200 83743
190.70.192.175 - - [14/Jan/2024:10:41:35 -0500] "POST /sipse/faces/presentacion/financiero/solicitudProceso/crearModificarSolicitudProceso.xhtml HTTP/1.1" 200 36869
190.70.192.175 - - [14/Jan/2024:10:41:36 -0500] "GET /sipse/faces/javax.faces.resource/theme.css?ln=primefaces-sipse HTTP/1.1" 304 -
190.70.192.175 - - [14/Jan/2024:10:41:36 -0500] "GET /sipse/faces/javax.faces.resource/primefaces.css?ln=primefaces&v=4.0 HTTP/1.1" 304 -
190.70.192.175 - - [14/Jan/2024:10:41:36 -0500] "GET /sipse/faces/javax.faces.resource/layout/layout.css?ln=primefaces&v=4.0 HTTP/1.1" 304 -
190.70.192.175 - - [14/Jan/2024:10:41:36 -0500] "GET /sipse/faces/javax.faces.resource/jquery/jquery.js?ln=primefaces&v=4.0 HTTP/1.1" 304 -
190.70.192.175 - - [14/Jan/2024:10:41:36 -0500] "GET /sipse/faces/javax.faces.resource/jquery/jquery-plugins.js?ln=primefaces&v=4.0 HTTP/1.1" 304 -
190.70.192.175 - - [14/Jan/2024:10:41:36 -0500] "GET /sipse/faces/javax.faces.resource/primefaces.js?ln=primefaces&v=4.0 HTTP/1.1" 304 -
190.70.192.175 - - [14/Jan/2024:10:41:36 -0500] "GET /sipse/faces/javax.faces.resource/layout/layout.js?ln=primefaces&v=4.0 HTTP/1.1" 304 -
190.70.192.175 - - [14/Jan/2024:10:41:36 -0500] "POST /sipse/faces/presentacion/financiero/solicitudProceso/listarSolicitudProceso.xhtml HTTP/1.1" 200 1392
190.70.192.175 - - [14/Jan/2024:10:41:41 -0500] "POST /sipse/faces/presentacion/financiero/solicitudProceso/listarSolicitudProceso.xhtml HTTP/1.1" 200 18633
201.245.192.253 - - [14/Jan/2024:10:41:44 -0500] "POST /forms/lservlet;jsessionid=ac16012b30d6e9245d4a5ae64507bcdc86473ff87750.e3iSbxaKaheRe34Rb3eTbx8LaNb0n6jAmljGr5XDqQLvpAe HTTP/1.1" 200 2
190.70.192.175 - - [14/Jan/2024:10:41:43 -0500] "POST /sipse/faces/presentacion/financiero/solicitudProceso/listarSolicitudProceso.xhtml HTTP/1.1" 200 120002
190.70.192.175 - - [14/Jan/2024:10:41:44 -0500] "GET /sipse/faces/javax.faces.resource/theme.css?ln=primefaces-sipse HTTP/1.1" 304 -
190.70.192.175 - - [14/Jan/2024:10:41:44 -0500] "GET /sipse/faces/javax.faces.resource/primefaces.css?ln=primefaces&v=4.0 HTTP/1.1" 304 -
190.70.192.175 - - [14/Jan/2024:10:41:44 -0500] "GET /sipse/faces/javax.faces.resource/layout/layout.css?ln=primefaces&v=4.0 HTTP/1.1" 304 -
190.70.192.175 - - [14/Jan/2024:10:41:44 -0500] "GET /sipse/faces/javax.faces.resource/jquery/jquery.js?ln=primefaces&v=4.0 HTTP/1.1" 304 -
190.70.192.175 - - [14/Jan/2024:10:41:44 -0500] "GET /sipse/faces/javax.faces.resource/jquery/jquery-plugins.js?ln=primefaces&v=4.0 HTTP/1.1" 304 -
190.70.192.175 - - [14/Jan/2024:10:41:44 -0500] "GET /sipse/faces/javax.faces.resource/primefaces.js?ln=primefaces&v=4.0 HTTP/1.1" 304 -
190.70.192.175 - - [14/Jan/2024:10:41:44 -0500] "GET /sipse/faces/javax.faces.resource/layout/layout.js?ln=primefaces&v=4.0 HTTP/1.1" 304 -
190.70.192.175 - - [14/Jan/2024:10:41:51 -0500] "POST /sipse/faces/presentacion/financiero/solicitudProceso/consultarSolicitudProceso.xhtml HTTP/1.1" 200 46077
190.70.192.175 - - [14/Jan/2024:10:41:52 -0500] "GET /sipse/faces/javax.faces.resource/theme.css?ln=primefaces-sipse HTTP/1.1" 304 -
190.70.192.175 - - [14/Jan/2024:10:41:52 -0500] "GET /sipse/faces/javax.faces.resource/primefaces.css?ln=primefaces&v=4.0 HTTP/1.1" 304 -
190.70.192.175 - - [14/Jan/2024:10:41:52 -0500] "GET /sipse/faces/javax.faces.resource/layout/layout.css?ln=primefaces&v=4.0 HTTP/1.1" 304 -
190.70.192.175 - - [14/Jan/2024:10:41:52 -0500] "GET /sipse/faces/javax.faces.resource/jquery/jquery.js?ln=primefaces&v=4.0 HTTP/1.1" 304 -
190.70.192.175 - - [14/Jan/2024:10:41:52 -0500] "GET /sipse/faces/javax.faces.resource/jquery/jquery-plugins.js?ln=primefaces&v=4.0 HTTP/1.1" 304 -
190.70.192.175 - - [14/Jan/2024:10:41:52 -0500] "GET /sipse/faces/javax.faces.resource/primefaces.js?ln=primefaces&v=4.0 HTTP/1.1" 304 -
190.70.192.175 - - [14/Jan/2024:10:41:52 -0500] "GET /sipse/faces/javax.faces.resource/layout/layout.js?ln=primefaces&v=4.0 HTTP/1.1" 304 -
201.245.192.253 - - [14/Jan/2024:10:42:25 -0500] "POST /forms/lservlet;jsessionid=ac16012b30d6daf3d1e69b9448f9b338854e2531f358.e3iSbxaKaheRe34Rb3eTbx8LaNb0n6jAmljGr5XDqQLvpAe HTTP/1.1" 200 2
190.70.192.175 - - [14/Jan/2024:10:43:02 -0500] "POST /sipse/faces/presentacion/financiero/estudioPrevio/personalSolicitado/personalSolicitadoSolicitudProceso.xhtml HTTP/1.1" 200 7023
190.70.192.175 - - [14/Jan/2024:10:43:23 -0500] "POST /sipse/faces/presentacion/financiero/estudioPrevio/personalSolicitado/personalSolicitadoSolicitudProceso.xhtml HTTP/1.1" 200 36813
190.70.192.175 - - [14/Jan/2024:10:43:24 -0500] "GET /sipse/faces/javax.faces.resource/theme.css?ln=primefaces-sipse HTTP/1.1" 304 -
190.70.192.175 - - [14/Jan/2024:10:43:24 -0500] "GET /sipse/faces/javax.faces.resource/layout/layout.css?ln=primefaces&v=4.0 HTTP/1.1" 304 -
190.70.192.175 - - [14/Jan/2024:10:43:24 -0500] "GET /sipse/faces/javax.faces.resource/jquery/jquery.js?ln=primefaces&v=4.0 HTTP/1.1" 304 -
190.70.192.175 - - [14/Jan/2024:10:43:24 -0500] "GET /sipse/faces/javax.faces.resource/primefaces.css?ln=primefaces&v=4.0 HTTP/1.1" 304 -
190.70.192.175 - - [14/Jan/2024:10:43:24 -0500] "GET /sipse/faces/javax.faces.resource/jquery/jquery-plugins.js?ln=primefaces&v=4.0 HTTP/1.1" 304 -
190.70.192.175 - - [14/Jan/2024:10:43:24 -0500] "GET /sipse/faces/javax.faces.resource/primefaces.js?ln=primefaces&v=4.0 HTTP/1.1" 304 -
190.70.192.175 - - [14/Jan/2024:10:43:24 -0500] "GET /sipse/faces/javax.faces.resource/layout/layout.js?ln=primefaces&v=4.0 HTTP/1.1" 304 -
14.103.40.89 - - [14/Jan/2024:10:43:30 -0500] "GET http://190.27.245.106:80/phpMyAdmin-2.5.4/scripts/setup.php HTTP/1.0" 403 1165
190.70.192.175 - - [14/Jan/2024:10:43:42 -0500] "POST /sipse/faces/presentacion/financiero/estudioPrevio/personalSolicitado/asociarProfesionPersonalSolicitado.xhtml HTTP/1.1" 200 21333
190.70.192.175 - - [14/Jan/2024:10:43:42 -0500] "POST /sipse/faces/presentacion/financiero/estudioPrevio/personalSolicitado/asociarProfesionPersonalSolicitado.xhtml HTTP/1.1" 200 21329
190.70.192.175 - - [14/Jan/2024:10:43:44 -0500] "POST /sipse/faces/presentacion/financiero/estudioPrevio/personalSolicitado/asociarProfesionPersonalSolicitado.xhtml HTTP/1.1" 200 20965
201.245.192.253 - - [14/Jan/2024:10:43:44 -0500] "POST /forms/lservlet;jsessionid=ac16012b30d6e9245d4a5ae64507bcdc86473ff87750.e3iSbxaKaheRe34Rb3eTbx8LaNb0n6jAmljGr5XDqQLvpAe HTTP/1.1" 200 2
190.70.192.175 - - [14/Jan/2024:10:43:45 -0500] "POST /sipse/faces/presentacion/financiero/estudioPrevio/personalSolicitado/asociarProfesionPersonalSolicitado.xhtml HTTP/1.1" 200 21000
190.70.192.175 - - [14/Jan/2024:10:43:47 -0500] "POST /sipse/faces/presentacion/financiero/estudioPrevio/personalSolicitado/asociarProfesionPersonalSolicitado.xhtml HTTP/1.1" 200 20876
190.70.192.175 - - [14/Jan/2024:10:43:48 -0500] "POST /sipse/faces/presentacion/financiero/estudioPrevio/personalSolicitado/asociarProfesionPersonalSolicitado.xhtml HTTP/1.1" 200 20794
190.70.192.175 - - [14/Jan/2024:10:43:49 -0500] "POST /sipse/faces/presentacion/financiero/estudioPrevio/personalSolicitado/asociarProfesionPersonalSolicitado.xhtml HTTP/1.1" 200 20798
190.70.192.175 - - [14/Jan/2024:10:43:50 -0500] "POST /sipse/faces/presentacion/financiero/estudioPrevio/personalSolicitado/asociarProfesionPersonalSolicitado.xhtml HTTP/1.1" 200 20794
201.245.192.253 - - [14/Jan/2024:10:44:25 -0500] "POST /forms/lservlet;jsessionid=ac16012b30d6daf3d1e69b9448f9b338854e2531f358.e3iSbxaKaheRe34Rb3eTbx8LaNb0n6jAmljGr5XDqQLvpAe HTTP/1.1" 200 2
190.70.192.175 - - [14/Jan/2024:10:44:42 -0500] "POST /sipse/faces/presentacion/financiero/estudioPrevio/personalSolicitado/asociarProfesionPersonalSolicitado.xhtml HTTP/1.1" 200 52004
190.70.192.175 - - [14/Jan/2024:10:44:43 -0500] "GET /sipse/faces/javax.faces.resource/primefaces.css?ln=primefaces&v=4.0 HTTP/1.1" 304 -
190.70.192.175 - - [14/Jan/2024:10:44:43 -0500] "GET /sipse/faces/javax.faces.resource/theme.css?ln=primefaces-sipse HTTP/1.1" 304 -
190.70.192.175 - - [14/Jan/2024:10:44:43 -0500] "GET /sipse/faces/javax.faces.resource/layout/layout.js?ln=primefaces&v=4.0 HTTP/1.1" 304 -
190.70.192.175 - - [14/Jan/2024:10:44:43 -0500] "GET /sipse/faces/javax.faces.resource/layout/layout.css?ln=primefaces&v=4.0 HTTP/1.1" 304 -
190.70.192.175 - - [14/Jan/2024:10:44:43 -0500] "GET /sipse/faces/javax.faces.resource/jquery/jquery.js?ln=primefaces&v=4.0 HTTP/1.1" 304 -
190.70.192.175 - - [14/Jan/2024:10:44:43 -0500] "GET /sipse/faces/javax.faces.resource/jquery/jquery-plugins.js?ln=primefaces&v=4.0 HTTP/1.1" 304 -
190.70.192.175 - - [14/Jan/2024:10:44:43 -0500] "GET /sipse/faces/javax.faces.resource/primefaces.js?ln=primefaces&v=4.0 HTTP/1.1" 304 -
201.245.192.253 - - [14/Jan/2024:10:44:46 -0500] "POST /kwsrmcab/Wsrmcab  HTTP/1.1" 200 39439
190.70.192.175 - - [14/Jan/2024:10:44:53 -0500] "POST /sipse/faces/presentacion/financiero/estudioPrevio/personalSolicitado/personalSolicitadoSolicitudProceso.xhtml HTTP/1.1" 200 36818
190.70.192.175 - - [14/Jan/2024:10:44:53 -0500] "GET /sipse/faces/javax.faces.resource/primefaces.css?ln=primefaces&v=4.0 HTTP/1.1" 304 -
