186.155.16.190 - - [15/Jan/2024:05:59:59 -0500] "GET /sipse/faces/javax.faces.resource/images/ui-icons_898989_256x240.png?ln=primefaces-aristo HTTP/1.1" 200 5355
186.155.16.190 - - [15/Jan/2024:05:59:59 -0500] "GET /favicon.ico HTTP/1.1" 200 7782
186.155.16.190 - - [15/Jan/2024:06:00:07 -0500] "GET /sipse/faces/javax.faces.resource/images/ui-bg_flat_0_2d5972_40x100.png?ln=primefaces-aristo HTTP/1.1" 304 -
186.155.16.190 - - [15/Jan/2024:06:00:07 -0500] "POST /sipse/faces/presentacion/financiero/solicitudProyectoActividad/asociarProyectoSolicitud.xhtml HTTP/1.1" 200 6563
186.155.16.190 - - [15/Jan/2024:06:00:09 -0500] "POST /sipse/faces/presentacion/financiero/solicitudProyectoActividad/asociarProyectoSolicitud.xhtml HTTP/1.1" 200 1696
172.22.2.4 - - [15/Jan/2024:05:58:30 -0500] "HEAD /BLA/boletinlegal/ HTTP/1.1" 200 -
186.155.16.190 - - [15/Jan/2024:06:00:10 -0500] "POST /sipse/faces/presentacion/financiero/solicitudProyectoActividad/asociarProyectoSolicitud.xhtml HTTP/1.1" 200 53795
186.155.16.190 - - [15/Jan/2024:06:00:11 -0500] "GET /sipse/faces/javax.faces.resource/jquery/jquery.js?ln=primefaces&v=4.0 HTTP/1.1" 304 -
186.155.16.190 - - [15/Jan/2024:06:00:11 -0500] "GET /sipse/faces/javax.faces.resource/jquery/jquery-plugins.js?ln=primefaces&v=4.0 HTTP/1.1" 304 -
186.155.16.190 - - [15/Jan/2024:06:00:11 -0500] "GET /sipse/faces/javax.faces.resource/primefaces.js?ln=primefaces&v=4.0 HTTP/1.1" 304 -
186.155.16.190 - - [15/Jan/2024:06:00:11 -0500] "GET /sipse/faces/javax.faces.resource/layout/layout.js?ln=primefaces&v=4.0 HTTP/1.1" 304 -
186.155.16.190 - - [15/Jan/2024:06:00:25 -0500] "POST /sipse/faces/presentacion/financiero/solicitudProyectoActividad/asociarActividadSolicitud.xhtml HTTP/1.1" 200 19979
186.155.16.190 - - [15/Jan/2024:06:00:25 -0500] "GET /sipse/faces/javax.faces.resource/jquery/jquery.js?ln=primefaces&v=4.0 HTTP/1.1" 304 -
186.155.16.190 - - [15/Jan/2024:06:00:25 -0500] "GET /sipse/faces/javax.faces.resource/jquery/jquery-plugins.js?ln=primefaces&v=4.0 HTTP/1.1" 304 -
186.155.16.190 - - [15/Jan/2024:06:00:25 -0500] "GET /sipse/faces/javax.faces.resource/primefaces.js?ln=primefaces&v=4.0 HTTP/1.1" 304 -
186.155.16.190 - - [15/Jan/2024:06:00:25 -0500] "GET /sipse/faces/javax.faces.resource/layout/layout.js?ln=primefaces&v=4.0 HTTP/1.1" 304 -
201.245.192.253 - - [15/Jan/2024:06:00:29 -0500] "POST /forms/lservlet;jsessionid=ac16012b30d6daf3d1e69b9448f9b338854e2531f358.e3iSbxaKaheRe34Rb3eTbx8LaNb0n6jAmljGr5XDqQLvpAe HTTP/1.1" 200 2
216.245.221.92 - - [15/Jan/2024:06:00:46 -0500] "HEAD / HTTP/1.1" 200 -
186.155.16.190 - - [15/Jan/2024:06:01:00 -0500] "POST /sipse/faces/presentacion/financiero/solicitudProyectoActividad/asociarFuentesSolicitud.xhtml HTTP/1.1" 200 67203
186.155.16.190 - - [15/Jan/2024:06:01:00 -0500] "GET /sipse/faces/javax.faces.resource/primefaces.css?ln=primefaces&v=4.0 HTTP/1.1" 304 -
186.155.16.190 - - [15/Jan/2024:06:01:00 -0500] "GET /sipse/faces/javax.faces.resource/layout/layout.css?ln=primefaces&v=4.0 HTTP/1.1" 304 -
186.155.16.190 - - [15/Jan/2024:06:01:00 -0500] "GET /sipse/faces/javax.faces.resource/theme.css?ln=primefaces-sipse HTTP/1.1" 304 -
186.155.16.190 - - [15/Jan/2024:06:01:00 -0500] "GET /sipse/faces/javax.faces.resource/jquery/jquery.js?ln=primefaces&v=4.0 HTTP/1.1" 304 -
186.155.16.190 - - [15/Jan/2024:06:01:00 -0500] "GET /sipse/faces/javax.faces.resource/jquery/jquery-plugins.js?ln=primefaces&v=4.0 HTTP/1.1" 304 -
186.155.16.190 - - [15/Jan/2024:06:01:00 -0500] "GET /sipse/faces/javax.faces.resource/primefaces.js?ln=primefaces&v=4.0 HTTP/1.1" 304 -
186.155.16.190 - - [15/Jan/2024:06:01:00 -0500] "GET /sipse/faces/javax.faces.resource/layout/layout.js?ln=primefaces&v=4.0 HTTP/1.1" 304 -
186.155.16.190 - - [15/Jan/2024:06:01:00 -0500] "GET /sipse/faces/javax.faces.resource/images/ui-icons_898989_256x240.png?ln=primefaces-aristo HTTP/1.1" 200 5355
172.22.2.4 - - [15/Jan/2024:05:59:21 -0500] "GET /BLA/boletinlegal/ HTTP/1.1" 200 58666
186.155.16.190 - - [15/Jan/2024:06:01:05 -0500] "POST /sipse/faces/presentacion/financiero/solicitudProceso/crearModificarSolicitudProceso.xhtml HTTP/1.1" 200 44610
186.155.16.190 - - [15/Jan/2024:06:01:16 -0500] "GET /sipse/faces/javax.faces.resource/theme.css?ln=primefaces-sipse HTTP/1.1" 304 -
186.155.16.190 - - [15/Jan/2024:06:01:16 -0500] "GET /sipse/faces/javax.faces.resource/primefaces.css?ln=primefaces&v=4.0 HTTP/1.1" 304 -
186.155.16.190 - - [15/Jan/2024:06:01:16 -0500] "GET /sipse/faces/javax.faces.resource/layout/layout.css?ln=primefaces&v=4.0 HTTP/1.1" 304 -
186.155.16.190 - - [15/Jan/2024:06:01:16 -0500] "GET /sipse/faces/javax.faces.resource/jquery/jquery.js?ln=primefaces&v=4.0 HTTP/1.1" 304 -
186.155.16.190 - - [15/Jan/2024:06:01:16 -0500] "GET /sipse/faces/javax.faces.resource/jquery/jquery-plugins.js?ln=primefaces&v=4.0 HTTP/1.1" 304 -
186.155.16.190 - - [15/Jan/2024:06:01:16 -0500] "GET /sipse/faces/javax.faces.resource/primefaces.js?ln=primefaces&v=4.0 HTTP/1.1" 304 -
186.155.16.190 - - [15/Jan/2024:06:01:16 -0500] "GET /sipse/faces/javax.faces.resource/layout/layout.js?ln=primefaces&v=4.0 HTTP/1.1" 304 -
186.155.16.190 - - [15/Jan/2024:06:01:16 -0500] "GET /sipse/faces/javax.faces.resource/images/ui-icons_898989_256x240.png?ln=primefaces-aristo HTTP/1.1" 304 -
186.155.16.190 - - [15/Jan/2024:06:01:19 -0500] "GET /sipse/faces/javax.faces.resource/images/ui-bg_flat_0_2d5972_40x100.png?ln=primefaces-aristo HTTP/1.1" 304 -
186.155.16.190 - - [15/Jan/2024:06:01:19 -0500] "POST /sipse/faces/presentacion/financiero/contrato/consultarContratosSolicitudProceso.xhtml HTTP/1.1" 200 62456
186.155.16.190 - - [15/Jan/2024:06:01:24 -0500] "POST /sipse/faces/presentacion/financiero/contrato/consultarContratosSolicitudProceso.xhtml HTTP/1.1" 200 62683
186.155.16.190 - - [15/Jan/2024:06:01:25 -0500] "GET /sipse/faces/javax.faces.resource/jquery/jquery.js?ln=primefaces&v=4.0 HTTP/1.1" 304 -
186.155.16.190 - - [15/Jan/2024:06:01:25 -0500] "GET /sipse/faces/javax.faces.resource/jquery/jquery-plugins.js?ln=primefaces&v=4.0 HTTP/1.1" 304 -
186.155.16.190 - - [15/Jan/2024:06:01:25 -0500] "GET /sipse/faces/javax.faces.resource/primefaces.js?ln=primefaces&v=4.0 HTTP/1.1" 304 -
186.155.16.190 - - [15/Jan/2024:06:01:26 -0500] "GET /sipse/faces/javax.faces.resource/layout/layout.js?ln=primefaces&v=4.0 HTTP/1.1" 304 -
186.29.181.135 - - [15/Jan/2024:06:01:27 -0500] "GET /sipse/faces/javax.faces.resource/theme.css?ln=primefaces-sipse HTTP/1.1" 304 -
186.29.181.135 - - [15/Jan/2024:06:01:28 -0500] "GET /sipse/faces/faces/autenticacion.xhtml HTTP/1.1" 200 12408
186.155.16.190 - - [15/Jan/2024:06:01:28 -0500] "POST /sipse/faces/presentacion/financiero/solicitudProceso/crearModificarSolicitudProceso.xhtml HTTP/1.1" 200 21158
186.155.16.190 - - [15/Jan/2024:06:01:28 -0500] "GET /sipse/faces/javax.faces.resource/theme.css?ln=primefaces-sipse HTTP/1.1" 304 -
186.155.16.190 - - [15/Jan/2024:06:01:28 -0500] "GET /sipse/faces/javax.faces.resource/primefaces.css?ln=primefaces&v=4.0 HTTP/1.1" 304 -
186.155.16.190 - - [15/Jan/2024:06:01:28 -0500] "GET /sipse/faces/javax.faces.resource/layout/layout.css?ln=primefaces&v=4.0 HTTP/1.1" 304 -
186.155.16.190 - - [15/Jan/2024:06:01:28 -0500] "GET /sipse/faces/javax.faces.resource/jquery/jquery.js?ln=primefaces&v=4.0 HTTP/1.1" 304 -
186.155.16.190 - - [15/Jan/2024:06:01:28 -0500] "GET /sipse/faces/javax.faces.resource/jquery/jquery-plugins.js?ln=primefaces&v=4.0 HTTP/1.1" 304 -
186.155.16.190 - - [15/Jan/2024:06:01:28 -0500] "GET /sipse/faces/javax.faces.resource/primefaces.js?ln=primefaces&v=4.0 HTTP/1.1" 304 -
186.155.16.190 - - [15/Jan/2024:06:01:28 -0500] "GET /sipse/faces/javax.faces.resource/layout/layout.js?ln=primefaces&v=4.0 HTTP/1.1" 304 -
186.155.16.190 - - [15/Jan/2024:06:01:28 -0500] "GET /sipse/faces/javax.faces.resource/fileupload/fileupload.css?ln=primefaces&v=4.0 HTTP/1.1" 304 -
186.155.16.190 - - [15/Jan/2024:06:01:28 -0500] "GET /sipse/faces/javax.faces.resource/fileupload/fileupload.js?ln=primefaces&v=4.0 HTTP/1.1" 304 -
186.155.16.190 - - [15/Jan/2024:06:01:28 -0500] "GET /sipse/faces/javax.faces.resource/images/ui-icons_898989_256x240.png?ln=primefaces-aristo HTTP/1.1" 304 -
186.29.181.135 - - [15/Jan/2024:06:01:29 -0500] "GET /sipse/faces/javax.faces.resource/theme.css?ln=primefaces-sipse HTTP/1.1" 304 -
186.29.181.135 - - [15/Jan/2024:06:01:29 -0500] "GET /sipse/faces/javax.faces.resource/layout/layout.css?ln=primefaces&v=4.0 HTTP/1.1" 304 -
186.29.181.135 - - [15/Jan/2024:06:01:29 -0500] "GET /sipse/faces/javax.faces.resource/jquery/jquery.js?ln=primefaces&v=4.0 HTTP/1.1" 304 -
186.29.181.135 - - [15/Jan/2024:06:01:29 -0500] "GET /sipse/faces/javax.faces.resource/primefaces.css?ln=primefaces&v=4.0 HTTP/1.1" 304 -
186.29.181.135 - - [15/Jan/2024:06:01:29 -0500] "GET /sipse/faces/javax.faces.resource/jquery/jquery-plugins.js?ln=primefaces&v=4.0 HTTP/1.1" 304 -
186.29.181.135 - - [15/Jan/2024:06:01:29 -0500] "GET /sipse/faces/javax.faces.resource/layout/layout.js?ln=primefaces&v=4.0 HTTP/1.1" 304 -
186.29.181.135 - - [15/Jan/2024:06:01:29 -0500] "GET /sipse/faces/javax.faces.resource/primefaces.js?ln=primefaces&v=4.0 HTTP/1.1" 304 -
186.29.181.135 - - [15/Jan/2024:06:01:29 -0500] "GET /sipse/faces/javax.faces.resource/images/ui-icons_898989_256x240.png?ln=primefaces-aristo HTTP/1.1" 304 -
186.155.16.190 - - [15/Jan/2024:06:01:37 -0500] "GET /sipse/faces/javax.faces.resource/images/ui-bg_flat_0_2d5972_40x100.png?ln=primefaces-aristo HTTP/1.1" 304 -
186.155.16.190 - - [15/Jan/2024:06:01:37 -0500] "POST /sipse/faces/presentacion/sistema/anexos/cargarAnexoSolicitudProceso.xhtml HTTP/1.1" 200 62683
186.155.16.190 - - [15/Jan/2024:06:01:38 -0500] "GET /sipse/faces/javax.faces.resource/jquery/jquery.js?ln=primefaces&v=4.0 HTTP/1.1" 304 -
186.155.16.190 - - [15/Jan/2024:06:01:38 -0500] "GET /sipse/faces/javax.faces.resource/jquery/jquery-plugins.js?ln=primefaces&v=4.0 HTTP/1.1" 304 -
186.155.16.190 - - [15/Jan/2024:06:01:38 -0500] "GET /sipse/faces/javax.faces.resource/primefaces.js?ln=primefaces&v=4.0 HTTP/1.1" 304 -
186.155.16.190 - - [15/Jan/2024:06:01:38 -0500] "GET /sipse/faces/javax.faces.resource/layout/layout.js?ln=primefaces&v=4.0 HTTP/1.1" 304 -
186.155.16.190 - - [15/Jan/2024:06:01:40 -0500] "POST /sipse/faces/presentacion/financiero/solicitudProceso/crearModificarSolicitudProceso.xhtml HTTP/1.1" 200 63360
186.155.16.190 - - [15/Jan/2024:06:01:42 -0500] "GET /sipse/faces/javax.faces.resource/jquery/jquery.js?ln=primefaces&v=4.0 HTTP/1.1" 304 -
186.155.16.190 - - [15/Jan/2024:06:01:42 -0500] "GET /sipse/faces/javax.faces.resource/jquery/jquery-plugins.js?ln=primefaces&v=4.0 HTTP/1.1" 304 -
186.155.16.190 - - [15/Jan/2024:06:01:42 -0500] "GET /sipse/faces/javax.faces.resource/primefaces.js?ln=primefaces&v=4.0 HTTP/1.1" 304 -
186.155.16.190 - - [15/Jan/2024:06:01:42 -0500] "GET /sipse/faces/javax.faces.resource/layout/layout.js?ln=primefaces&v=4.0 HTTP/1.1" 304 -
186.155.16.190 - - [15/Jan/2024:06:01:42 -0500] "GET /sipse/faces/javax.faces.resource/messages/messages.png?ln=primefaces&v=4.0 HTTP/1.1" 304 -
186.155.16.190 - - [15/Jan/2024:06:01:42 -0500] "POST /sipse/faces/presentacion/financiero/solicitudProceso/listarSolicitudProceso.xhtml HTTP/1.1" 200 1556
186.29.181.135 - - [15/Jan/2024:06:01:45 -0500] "POST /sipse/faces/autenticacion.xhtml HTTP/1.1" 200 2183
186.155.16.190 - - [15/Jan/2024:06:01:46 -0500] "POST /sipse/faces/presentacion/financiero/solicitudProceso/listarSolicitudProceso.xhtml HTTP/1.1" 200 31882
186.155.16.190 - - [15/Jan/2024:06:01:47 -0500] "POST /sipse/faces/presentacion/financiero/solicitudProceso/listarSolicitudProceso.xhtml HTTP/1.1" 200 32578
186.29.181.135 - - [15/Jan/2024:06:01:48 -0500] "GET /sipse/faces/javax.faces.resource/messages/messages.png?ln=primefaces&v=4.0 HTTP/1.1" 304 -
201.245.192.253 - - [15/Jan/2024:06:01:49 -0500] "POST /forms/lservlet;jsessionid=ac16012b30d6e9245d4a5ae64507bcdc86473ff87750.e3iSbxaKaheRe34Rb3eTbx8LaNb0n6jAmljGr5XDqQLvpAe HTTP/1.1" 200 2
186.29.181.135 - - [15/Jan/2024:06:01:56 -0500] "POST /sipse/faces/autenticacion.xhtml HTTP/1.1" 200 16850
186.29.181.135 - - [15/Jan/2024:06:01:59 -0500] "GET /sipse/faces/javax.faces.resource/theme.css?ln=primefaces-sipse HTTP/1.1" 304 -
186.29.181.135 - - [15/Jan/2024:06:01:59 -0500] "GET /sipse/faces/javax.faces.resource/jquery/jquery.js?ln=primefaces&v=4.0 HTTP/1.1" 304 -
186.29.181.135 - - [15/Jan/2024:06:01:59 -0500] "GET /sipse/faces/javax.faces.resource/primefaces.css?ln=primefaces&v=4.0 HTTP/1.1" 304 -
186.29.181.135 - - [15/Jan/2024:06:01:59 -0500] "GET /sipse/faces/javax.faces.resource/layout/layout.css?ln=primefaces&v=4.0 HTTP/1.1" 304 -
186.29.181.135 - - [15/Jan/2024:06:01:59 -0500] "GET /sipse/faces/javax.faces.resource/jquery/jquery-plugins.js?ln=primefaces&v=4.0 HTTP/1.1" 304 -
186.29.181.135 - - [15/Jan/2024:06:01:59 -0500] "GET /sipse/faces/javax.faces.resource/primefaces.js?ln=primefaces&v=4.0 HTTP/1.1" 304 -
186.29.181.135 - - [15/Jan/2024:06:01:59 -0500] "GET /sipse/faces/javax.faces.resource/layout/layout.js?ln=primefaces&v=4.0 HTTP/1.1" 304 -
186.29.181.135 - - [15/Jan/2024:06:01:59 -0500] "GET /sipse/css/imagen/contrasena.png HTTP/1.1" 404 383
186.29.181.135 - - [15/Jan/2024:06:02:02 -0500] "GET /sipse/faces/javax.faces.resource/images/ui-bg_flat_0_2d5972_40x100.png?ln=primefaces-aristo HTTP/1.1" 304 -
186.29.181.135 - - [15/Jan/2024:06:02:02 -0500] "POST /sipse/faces/bienvenido.xhtml HTTP/1.1" 200 2073
186.29.181.135 - - [15/Jan/2024:06:02:03 -0500] "POST /sipse/faces/bienvenido.xhtml HTTP/1.1" 200 39002
186.29.181.135 - - [15/Jan/2024:06:02:04 -0500] "GET /sipse/faces/javax.faces.resource/theme.css?ln=primefaces-sipse HTTP/1.1" 304 -
186.29.181.135 - - [15/Jan/2024:06:02:04 -0500] "GET /sipse/faces/javax.faces.resource/primefaces.css?ln=primefaces&v=4.0 HTTP/1.1" 304 -
186.29.181.135 - - [15/Jan/2024:06:02:04 -0500] "GET /sipse/faces/javax.faces.resource/layout/layout.css?ln=primefaces&v=4.0 HTTP/1.1" 304 -
186.29.181.135 - - [15/Jan/2024:06:02:04 -0500] "GET /sipse/faces/javax.faces.resource/jquery/jquery.js?ln=primefaces&v=4.0 HTTP/1.1" 304 -
186.29.181.135 - - [15/Jan/2024:06:02:04 -0500] "GET /sipse/faces/javax.faces.resource/jquery/jquery-plugins.js?ln=primefaces&v=4.0 HTTP/1.1" 304 -
186.29.181.135 - - [15/Jan/2024:06:02:04 -0500] "GET /sipse/faces/javax.faces.resource/primefaces.js?ln=primefaces&v=4.0 HTTP/1.1" 304 -
186.29.181.135 - - [15/Jan/2024:06:02:04 -0500] "GET /sipse/faces/javax.faces.resource/layout/layout.js?ln=primefaces&v=4.0 HTTP/1.1" 304 -
186.29.181.135 - - [15/Jan/2024:06:02:08 -0500] "POST /sipse/faces/presentacion/financiero/solicitudProceso/consultar.xhtml HTTP/1.1" 200 12743
186.29.181.135 - - [15/Jan/2024:06:02:13 -0500] "POST /sipse/faces/presentacion/financiero/solicitudProceso/consultar.xhtml HTTP/1.1" 200 119344
186.29.181.135 - - [15/Jan/2024:06:02:15 -0500] "GET /sipse/faces/javax.faces.resource/theme.css?ln=primefaces-sipse HTTP/1.1" 304 -
186.29.181.135 - - [15/Jan/2024:06:02:15 -0500] "GET /sipse/faces/javax.faces.resource/primefaces.css?ln=primefaces&v=4.0 HTTP/1.1" 304 -
186.29.181.135 - - [15/Jan/2024:06:02:15 -0500] "GET /sipse/faces/javax.faces.resource/layout/layout.css?ln=primefaces&v=4.0 HTTP/1.1" 304 -
186.29.181.135 - - [15/Jan/2024:06:02:15 -0500] "GET /sipse/faces/javax.faces.resource/jquery/jquery.js?ln=primefaces&v=4.0 HTTP/1.1" 304 -
186.29.181.135 - - [15/Jan/2024:06:02:15 -0500] "GET /sipse/faces/javax.faces.resource/jquery/jquery-plugins.js?ln=primefaces&v=4.0 HTTP/1.1" 304 -
186.29.181.135 - - [15/Jan/2024:06:02:15 -0500] "GET /sipse/faces/javax.faces.resource/primefaces.js?ln=primefaces&v=4.0 HTTP/1.1" 304 -
186.29.181.135 - - [15/Jan/2024:06:02:15 -0500] "GET /sipse/faces/javax.faces.resource/layout/layout.js?ln=primefaces&v=4.0 HTTP/1.1" 304 -
186.29.181.135 - - [15/Jan/2024:06:02:25 -0500] "POST /sipse/faces/presentacion/financiero/solicitudProceso/consultarSolicitudProceso.xhtml HTTP/1.1" 200 170030
201.245.192.253 - - [15/Jan/2024:06:02:29 -0500] "POST /forms/lservlet;jsessionid=ac16012b30d6daf3d1e69b9448f9b338854e2531f358.e3iSbxaKaheRe34Rb3eTbx8LaNb0n6jAmljGr5XDqQLvpAe HTTP/1.1" 200 2
201.245.192.253 - - [15/Jan/2024:06:03:49 -0500] "POST /forms/lservlet;jsessionid=ac16012b30d6e9245d4a5ae64507bcdc86473ff87750.e3iSbxaKaheRe34Rb3eTbx8LaNb0n6jAmljGr5XDqQLvpAe HTTP/1.1" 200 2
201.245.192.253 - - [15/Jan/2024:06:04:29 -0500] "POST /forms/lservlet;jsessionid=ac16012b30d6daf3d1e69b9448f9b338854e2531f358.e3iSbxaKaheRe34Rb3eTbx8LaNb0n6jAmljGr5XDqQLvpAe HTTP/1.1" 200 2
186.155.16.190 - - [15/Jan/2024:06:04:32 -0500] "GET /2EF8E3DF-30F3-4066-90C5-69DE2633DD99Nk3LYACVjt3qAB9LDVzhKlsqFcW0XazONQC0WOl2GTAWN9JTD1fiYLvJG0IPQUFFWZxVMfOLsUKbs5TgWreabQ/init?data=eyJ1cmwiOiJodHRwOi8vMTkwLjI3LjI0NS4xMDYvc2lwc2UvZmFjZXMvaW5kZXgueGh0bWwiLCJwbHVnaW5zIjoid3NtJndudCZjYSZwYyZ1YSZ3c2MmY2ImeGhyX2NvbnRlbnQiLCJkYXRhIjp7ImRhdGEiOlt7InBsdWdpbiI6IndzbSIsInBhcmFtZXRlcnMiOiJ7XCJyZWZlcnJlclwiOlwiaHR0cDovLzE5MC4yNy4yNDUuMTA2L3NpcHNlL2ZhY2VzL2F1dGVudGljYWNpb24ueGh0bWxcIixcInN0dWJJZFwiOlwiXCJ9In0seyJwbHVnaW4iOiJ3bnQiLCJwYXJhbWV0ZXJzIjoie1wicmVmZXJyZXJcIjpcImh0dHA6Ly8xOTAuMjcuMjQ1LjEwNi9zaXBzZS9mYWNlcy9hdXRlbnRpY2FjaW9uLnhodG1sXCJ9In0seyJwbHVnaW4iOiJ4aHJfY29udGVudCIsInBhcmFtZXRlcnMiOiJ7XCJyZWZlcnJlclwiOlwiaHR0cDovLzE5MC4yNy4yNDUuMTA2L3NpcHNlL2ZhY2VzL2F1dGVudGljYWNpb24ueGh0bWxcIn0ifV19LCJpc1RvcExldmVsIjp0cnVlLCJwYWdlU3RhcnRUaW1lIjoxNzA1MzAzMjczNTIzfQ%3D%3D&nocache=168ed HTTP/1.1" 404 1292
186.155.16.190 - - [15/Jan/2024:06:04:32 -0500] "GET /2EF8E3DF-30F3-4066-90C5-69DE2633DD99jZdFCnhSaTxnjdmvO2fqKVEuMSGg5Dg7I9uPkpcqUwgt-nInQbSz3CN97dRfO2EZCXcsgF286l_sNN9RU5W4MQ/init?data=eyJ1cmwiOiJodHRwOi8vMTkwLjI3LjI0NS4xMDYvc2lwc2UvZmFjZXMvcHJlc2VudGFjaW9uL2ZpbmFuY2llcm8vc29saWNpdHVkUHJvY2Vzby9jcmVhck1vZGlmaWNhclNvbGljaXR1ZFByb2Nlc28ueGh0bWwiLCJwbHVnaW5zIjoid3NtJndudCZjYSZwYyZ1YSZ3c2MmY2ImeGhyX2NvbnRlbnQiLCJkYXRhIjp7ImRhdGEiOlt7InBsdWdpbiI6IndzbSIsInBhcmFtZXRlcnMiOiJ7XCJyZWZlcnJlclwiOlwiaHR0cDovLzE5MC4yNy4yNDUuMTA2L3NpcHNlL2ZhY2VzL3ByZXNlbnRhY2lvbi9maW5hbmNpZXJvL3NvbGljaXR1ZFByb2Nlc28vY3JlYXJNb2RpZmljYXJTb2xpY2l0dWRQcm9jZXNvLnhodG1sXCIsXCJzdHViSWRcIjpcIlwifSJ9LHsicGx1Z2luIjoid250IiwicGFyYW1ldGVycyI6IntcInJlZmVycmVyXCI6XCJodHRwOi8vMTkwLjI3LjI0NS4xMDYvc2lwc2UvZmFjZXMvcHJlc2VudGFjaW9uL2ZpbmFuY2llcm8vc29saWNpdHVkUHJvY2Vzby9jcmVhck1vZGlmaWNhclNvbGljaXR1ZFByb2Nlc28ueGh0bWxcIn0ifSx7InBsdWdpbiI6Inhocl9jb250ZW50IiwicGFyYW1ldGVycyI6IntcInJlZmVycmVyXCI6XCJodHRwOi8vMTkwLjI3LjI0NS4xMDYvc2lwc2UvZmFjZXMvcHJlc2VudGFjaW9uL2ZpbmFuY2llcm8vc29saWNpdHVkUHJvY2Vzby9jcmVhck1vZGlmaWNhclNvbGljaXR1ZFByb2Nlc28ueGh0bWxcIn0ifV19LCJpc1RvcExldmVsIjp0cnVlLCJwYWdlU3RhcnRUaW1lIjoxNzA1MzE2NTIyNDA0fQ%3D%3D&nocache=11ca8 HTTP/1.1" 404 1424
186.155.16.190 - - [15/Jan/2024:06:04:33 -0500] "GET /2EF8E3DF-30F3-4066-90C5-69DE2633DD99Nk3LYACVjt3qAB9LDVzhKlsqFcW0XazONQC0WOl2GTAWN9JTD1fiYLvJG0IPQUFFWZxVMfOLsUKbs5TgWreabQ/websocket?url=aHR0cDovLzE5MC4yNy4yNDUuMTA2L3NpcHNlL2ZhY2VzL2luZGV4LnhodG1s&nocache=1705316707001 HTTP/1.1" 404 1120
186.155.16.190 - - [15/Jan/2024:06:04:33 -0500] "GET /2EF8E3DF-30F3-4066-90C5-69DE2633DD99Nk3LYACVjt3qAB9LDVzhKlsqFcW0XazONQC0WOl2GTAWN9JTD1fiYLvJG0IPQUFFWZxVMfOLsUKbs5TgWreabQ/init?data=eyJ1cmwiOiJodHRwOi8vMTkwLjI3LjI0NS4xMDYvc2lwc2UvZmFjZXMvaW5kZXgueGh0bWwiLCJwbHVnaW5zIjoid3NtJndudCZjYSZwYyZ1YSZ3c2MmY2ImeGhyX2NvbnRlbnQiLCJkYXRhIjp7ImRhdGEiOlt7InBsdWdpbiI6IndzbSIsInBhcmFtZXRlcnMiOiJ7XCJyZWZlcnJlclwiOlwiaHR0cDovLzE5MC4yNy4yNDUuMTA2L3NpcHNlL2ZhY2VzL2F1dGVudGljYWNpb24ueGh0bWxcIixcInN0dWJJZFwiOlwiXCJ9In0seyJwbHVnaW4iOiJ3bnQiLCJwYXJhbWV0ZXJzIjoie1wicmVmZXJyZXJcIjpcImh0dHA6Ly8xOTAuMjcuMjQ1LjEwNi9zaXBzZS9mYWNlcy9hdXRlbnRpY2FjaW9uLnhodG1sXCJ9In0seyJwbHVnaW4iOiJ4aHJfY29udGVudCIsInBhcmFtZXRlcnMiOiJ7XCJyZWZlcnJlclwiOlwiaHR0cDovLzE5MC4yNy4yNDUuMTA2L3NpcHNlL2ZhY2VzL2F1dGVudGljYWNpb24ueGh0bWxcIn0ifV19LCJpc1RvcExldmVsIjp0cnVlLCJwYWdlU3RhcnRUaW1lIjoxNzA1MzAzMjczNTIzfQ%3D%3D&nocache=1fb61 HTTP/1.1" 404 1292
186.155.16.190 - - [15/Jan/2024:06:04:34 -0500] "GET /2EF8E3DF-30F3-4066-90C5-69DE2633DD99jZdFCnhSaTxnjdmvO2fqKVEuMSGg5Dg7I9uPkpcqUwgt-nInQbSz3CN97dRfO2EZCXcsgF286l_sNN9RU5W4MQ/websocket?url=aHR0cDovLzE5MC4yNy4yNDUuMTA2L3NpcHNlL2ZhY2VzL3ByZXNlbnRhY2lvbi9maW5hbmNpZXJvL3NvbGljaXR1ZFByb2Nlc28vY3JlYXJNb2RpZmljYXJTb2xpY2l0dWRQcm9jZXNvLnhodG1s&nocache=1705316708042 HTTP/1.1" 404 1120
186.155.16.190 - - [15/Jan/2024:06:04:34 -0500] "GET /2EF8E3DF-30F3-4066-90C5-69DE2633DD99jZdFCnhSaTxnjdmvO2fqKVEuMSGg5Dg7I9uPkpcqUwgt-nInQbSz3CN97dRfO2EZCXcsgF286l_sNN9RU5W4MQ/init?data=eyJ1cmwiOiJodHRwOi8vMTkwLjI3LjI0NS4xMDYvc2lwc2UvZmFjZXMvcHJlc2VudGFjaW9uL2ZpbmFuY2llcm8vc29saWNpdHVkUHJvY2Vzby9jcmVhck1vZGlmaWNhclNvbGljaXR1ZFByb2Nlc28ueGh0bWwiLCJwbHVnaW5zIjoid3NtJndudCZjYSZwYyZ1YSZ3c2MmY2ImeGhyX2NvbnRlbnQiLCJkYXRhIjp7ImRhdGEiOlt7InBsdWdpbiI6IndzbSIsInBhcmFtZXRlcnMiOiJ7XCJyZWZlcnJlclwiOlwiaHR0cDovLzE5MC4yNy4yNDUuMTA2L3NpcHNlL2ZhY2VzL3ByZXNlbnRhY2lvbi9maW5hbmNpZXJvL3NvbGljaXR1ZFByb2Nlc28vY3JlYXJNb2RpZmljYXJTb2xpY2l0dWRQcm9jZXNvLnhodG1sXCIsXCJzdHViSWRcIjpcIlwifSJ9LHsicGx1Z2luIjoid250IiwicGFyYW1ldGVycyI6IntcInJlZmVycmVyXCI6XCJodHRwOi8vMTkwLjI3LjI0NS4xMDYvc2lwc2UvZmFjZXMvcHJlc2VudGFjaW9uL2ZpbmFuY2llcm8vc29saWNpdHVkUHJvY2Vzby9jcmVhck1vZGlmaWNhclNvbGljaXR1ZFByb2Nlc28ueGh0bWxcIn0ifSx7InBsdWdpbiI6Inhocl9jb250ZW50IiwicGFyYW1ldGVycyI6IntcInJlZmVycmVyXCI6XCJodHRwOi8vMTkwLjI3LjI0NS4xMDYvc2lwc2UvZmFjZXMvcHJlc2VudGFjaW9uL2ZpbmFuY2llcm8vc29saWNpdHVkUHJvY2Vzby9jcmVhck1vZGlmaWNhclNvbGljaXR1ZFByb2Nlc28ueGh0bWxcIn0ifV19LCJpc1RvcExldmVsIjp0cnVlLCJwYWdlU3RhcnRUaW1lIjoxNzA1MzE2NTIyNDA0fQ%3D%3D&nocache=14d55 HTTP/1.1" 404 1424
201.245.192.253 - - [15/Jan/2024:06:04:48 -0500] "POST /kwsrmcab/Wsrmcab  HTTP/1.1" 200 39439
216.245.221.92 - - [15/Jan/2024:06:05:46 -0500] "HEAD / HTTP/1.1" 200 -
201.245.192.253 - - [15/Jan/2024:06:05:49 -0500] "POST /forms/lservlet;jsessionid=ac16012b30d6e9245d4a5ae64507bcdc86473ff87750.e3iSbxaKaheRe34Rb3eTbx8LaNb0n6jAmljGr5XDqQLvpAe HTTP/1.1" 200 2
172.22.2.4 - - [15/Jan/2024:06:04:20 -0500] "HEAD /BLA/boletinlegal/ HTTP/1.1" 200 -
201.245.192.253 - - [15/Jan/2024:06:06:29 -0500] "POST /forms/lservlet;jsessionid=ac16012b30d6daf3d1e69b9448f9b338854e2531f358.e3iSbxaKaheRe34Rb3eTbx8LaNb0n6jAmljGr5XDqQLvpAe HTTP/1.1" 200 2
172.22.2.4 - - [15/Jan/2024:06:05:11 -0500] "GET /BLA/boletinlegal/ HTTP/1.1" 200 60529
201.245.192.253 - - [15/Jan/2024:06:07:49 -0500] "POST /forms/lservlet;jsessionid=ac16012b30d6e9245d4a5ae64507bcdc86473ff87750.e3iSbxaKaheRe34Rb3eTbx8LaNb0n6jAmljGr5XDqQLvpAe HTTP/1.1" 200 2
201.245.192.253 - - [15/Jan/2024:06:08:29 -0500] "POST /forms/lservlet;jsessionid=ac16012b30d6daf3d1e69b9448f9b338854e2531f358.e3iSbxaKaheRe34Rb3eTbx8LaNb0n6jAmljGr5XDqQLvpAe HTTP/1.1" 200 2
201.245.192.253 - - [15/Jan/2024:06:09:46 -0500] "POST /kwsrmcab/Wsrmcab  HTTP/1.1" 200 39439
201.245.192.253 - - [15/Jan/2024:06:09:49 -0500] "POST /forms/lservlet;jsessionid=ac16012b30d6e9245d4a5ae64507bcdc86473ff87750.e3iSbxaKaheRe34Rb3eTbx8LaNb0n6jAmljGr5XDqQLvpAe HTTP/1.1" 200 2
201.245.192.253 - - [15/Jan/2024:06:10:29 -0500] "POST /forms/lservlet;jsessionid=ac16012b30d6daf3d1e69b9448f9b338854e2531f358.e3iSbxaKaheRe34Rb3eTbx8LaNb0n6jAmljGr5XDqQLvpAe HTTP/1.1" 200 2
216.245.221.92 - - [15/Jan/2024:06:10:46 -0500] "HEAD / HTTP/1.1" 200 -
201.245.192.253 - - [15/Jan/2024:06:11:49 -0500] "POST /forms/lservlet;jsessionid=ac16012b30d6e9245d4a5ae64507bcdc86473ff87750.e3iSbxaKaheRe34Rb3eTbx8LaNb0n6jAmljGr5XDqQLvpAe HTTP/1.1" 200 2
172.22.2.4 - - [15/Jan/2024:06:10:10 -0500] "HEAD /BLA/boletinlegal/ HTTP/1.1" 200 -
194.104.11.130 - - [15/Jan/2024:06:12:16 -0500] "GET /BLA/boletinlegal/admin/index.php HTTP/1.1" 200 2324
201.245.192.253 - - [15/Jan/2024:06:12:29 -0500] "POST /forms/lservlet;jsessionid=ac16012b30d6daf3d1e69b9448f9b338854e2531f358.e3iSbxaKaheRe34Rb3eTbx8LaNb0n6jAmljGr5XDqQLvpAe HTTP/1.1" 200 2
69.171.251.5 - - [15/Jan/2024:06:12:38 -0500] "GET /inicia-el-2024-conociendo-la-biodiversidad-de-bogoti.html HTTP/1.1" 200 894
172.22.2.4 - - [15/Jan/2024:06:11:01 -0500] "GET /BLA/boletinlegal/ HTTP/1.1" 200 60996
114.119.144.41 - - [15/Jan/2024:06:13:00 -0500] "GET /BLA/resoluciones/index.php?dir=AUTOS%2B2014/&sort=size&order=desc HTTP/1.1" 200 14290
201.245.192.253 - - [15/Jan/2024:06:13:49 -0500] "POST /forms/lservlet;jsessionid=ac16012b30d6e9245d4a5ae64507bcdc86473ff87750.e3iSbxaKaheRe34Rb3eTbx8LaNb0n6jAmljGr5XDqQLvpAe HTTP/1.1" 200 2
87.250.224.230 - - [15/Jan/2024:06:14:07 -0500] "GET /robots.txt HTTP/1.1" 404 1034
213.180.203.222 - - [15/Jan/2024:06:14:08 -0500] "GET /cooperacion-internacional-postulate-para-la-coordinacion-ambiental-de-proyecto-con-la-union-europea-avantia.html HTTP/1.1" 200 1020
201.245.192.253 - - [15/Jan/2024:06:14:29 -0500] "POST /forms/lservlet;jsessionid=ac16012b30d6daf3d1e69b9448f9b338854e2531f358.e3iSbxaKaheRe34Rb3eTbx8LaNb0n6jAmljGr5XDqQLvpAe HTTP/1.1" 200 2
201.245.192.253 - - [15/Jan/2024:06:14:31 -0500] "POST /kwsrmcab/Wsrmcab HTTP/1.1" 200 38381
201.245.192.253 - - [15/Jan/2024:06:14:34 -0500] "POST /kwsrmcab/Wsrmcab HTTP/1.1" 200 39285
201.245.192.253 - - [15/Jan/2024:06:14:45 -0500] "POST /kwsrmcab/Wsrmcab  HTTP/1.1" 200 39439
216.245.221.92 - - [15/Jan/2024:06:15:46 -0500] "HEAD / HTTP/1.1" 200 -
201.245.192.253 - - [15/Jan/2024:06:15:49 -0500] "POST /forms/lservlet;jsessionid=ac16012b30d6e9245d4a5ae64507bcdc86473ff87750.e3iSbxaKaheRe34Rb3eTbx8LaNb0n6jAmljGr5XDqQLvpAe HTTP/1.1" 200 2
201.245.192.253 - - [15/Jan/2024:06:16:29 -0500] "POST /forms/lservlet;jsessionid=ac16012b30d6daf3d1e69b9448f9b338854e2531f358.e3iSbxaKaheRe34Rb3eTbx8LaNb0n6jAmljGr5XDqQLvpAe HTTP/1.1" 200 2
186.155.16.190 - - [15/Jan/2024:06:16:53 -0500] "POST /sipse/faces/presentacion/financiero/solicitudProceso/listarSolicitudProceso.xhtml HTTP/1.1" 200 59084
186.155.16.190 - - [15/Jan/2024:06:16:53 -0500] "GET /sipse/faces/javax.faces.resource/jquery/jquery.js?ln=primefaces&v=4.0 HTTP/1.1" 304 -
186.155.16.190 - - [15/Jan/2024:06:16:53 -0500] "GET /sipse/faces/javax.faces.resource/jquery/jquery-plugins.js?ln=primefaces&v=4.0 HTTP/1.1" 304 -
186.155.16.190 - - [15/Jan/2024:06:16:53 -0500] "GET /sipse/faces/javax.faces.resource/primefaces.js?ln=primefaces&v=4.0 HTTP/1.1" 304 -
186.155.16.190 - - [15/Jan/2024:06:16:53 -0500] "GET /sipse/faces/javax.faces.resource/layout/layout.js?ln=primefaces&v=4.0 HTTP/1.1" 304 -
186.155.16.190 - - [15/Jan/2024:06:16:57 -0500] "POST /sipse/faces/presentacion/financiero/solicitudProceso/crearModificarSolicitudProceso.xhtml HTTP/1.1" 200 27318
172.22.2.4 - - [15/Jan/2024:06:16:00 -0500] "HEAD /BLA/boletinlegal/ HTTP/1.1" 200 -
201.245.192.253 - - [15/Jan/2024:06:17:49 -0500] "POST /forms/lservlet;jsessionid=ac16012b30d6e9245d4a5ae64507bcdc86473ff87750.e3iSbxaKaheRe34Rb3eTbx8LaNb0n6jAmljGr5XDqQLvpAe HTTP/1.1" 200 2
186.155.16.190 - - [15/Jan/2024:06:17:51 -0500] "POST /sipse/faces/presentacion/financiero/solicitudProceso/crearModificarSolicitudProceso.xhtml HTTP/1.1" 200 9404
186.155.16.190 - - [15/Jan/2024:06:18:29 -0500] "POST /sipse/faces/presentacion/financiero/solicitudProceso/crearModificarSolicitudProceso.xhtml HTTP/1.1" 200 24588
186.155.16.190 - - [15/Jan/2024:06:18:29 -0500] "GET /sipse/faces/javax.faces.resource/theme.css?ln=primefaces-sipse HTTP/1.1" 304 -
186.155.16.190 - - [15/Jan/2024:06:18:29 -0500] "GET /sipse/faces/javax.faces.resource/primefaces.css?ln=primefaces&v=4.0 HTTP/1.1" 304 -
186.155.16.190 - - [15/Jan/2024:06:18:29 -0500] "GET /sipse/faces/javax.faces.resource/jquery/jquery.js?ln=primefaces&v=4.0 HTTP/1.1" 304 -
186.155.16.190 - - [15/Jan/2024:06:18:29 -0500] "GET /sipse/faces/javax.faces.resource/layout/layout.css?ln=primefaces&v=4.0 HTTP/1.1" 304 -
186.155.16.190 - - [15/Jan/2024:06:18:29 -0500] "GET /sipse/faces/javax.faces.resource/primefaces.js?ln=primefaces&v=4.0 HTTP/1.1" 304 -
186.155.16.190 - - [15/Jan/2024:06:18:29 -0500] "GET /sipse/faces/javax.faces.resource/layout/layout.js?ln=primefaces&v=4.0 HTTP/1.1" 304 -
186.155.16.190 - - [15/Jan/2024:06:18:29 -0500] "GET /sipse/faces/javax.faces.resource/jquery/jquery-plugins.js?ln=primefaces&v=4.0 HTTP/1.1" 304 -
186.155.16.190 - - [15/Jan/2024:06:18:29 -0500] "GET /sipse/faces/javax.faces.resource/images/ui-icons_898989_256x240.png?ln=primefaces-aristo HTTP/1.1" 200 5355
201.245.192.253 - - [15/Jan/2024:06:18:29 -0500] "POST /forms/lservlet;jsessionid=ac16012b30d6daf3d1e69b9448f9b338854e2531f358.e3iSbxaKaheRe34Rb3eTbx8LaNb0n6jAmljGr5XDqQLvpAe HTTP/1.1" 200 2
172.22.2.4 - - [15/Jan/2024:06:16:51 -0500] "GET /BLA/boletinlegal/ HTTP/1.1" 200 60529
186.155.16.190 - - [15/Jan/2024:06:18:35 -0500] "GET /sipse/faces/javax.faces.resource/images/ui-bg_flat_0_2d5972_40x100.png?ln=primefaces-aristo HTTP/1.1" 304 -
186.155.16.190 - - [15/Jan/2024:06:18:35 -0500] "POST /sipse/faces/presentacion/financiero/solicitudProyectoActividad/asociarProyectoSolicitud.xhtml HTTP/1.1" 200 6563
186.155.16.190 - - [15/Jan/2024:06:18:42 -0500] "POST /sipse/faces/presentacion/financiero/solicitudProyectoActividad/asociarProyectoSolicitud.xhtml HTTP/1.1" 200 1696
186.155.16.190 - - [15/Jan/2024:06:18:43 -0500] "POST /sipse/faces/presentacion/financiero/solicitudProyectoActividad/asociarProyectoSolicitud.xhtml HTTP/1.1" 200 6926
186.155.16.190 - - [15/Jan/2024:06:18:43 -0500] "GET /sipse/faces/javax.faces.resource/messages/messages.png?ln=primefaces&v=4.0 HTTP/1.1" 304 -
186.155.16.190 - - [15/Jan/2024:06:18:47 -0500] "POST /sipse/faces/presentacion/financiero/solicitudProyectoActividad/asociarProyectoSolicitud.xhtml HTTP/1.1" 200 53795
186.155.16.190 - - [15/Jan/2024:06:18:48 -0500] "GET /sipse/faces/javax.faces.resource/jquery/jquery.js?ln=primefaces&v=4.0 HTTP/1.1" 304 -
186.155.16.190 - - [15/Jan/2024:06:18:48 -0500] "GET /sipse/faces/javax.faces.resource/jquery/jquery-plugins.js?ln=primefaces&v=4.0 HTTP/1.1" 304 -
186.155.16.190 - - [15/Jan/2024:06:18:48 -0500] "GET /sipse/faces/javax.faces.resource/primefaces.js?ln=primefaces&v=4.0 HTTP/1.1" 304 -
186.155.16.190 - - [15/Jan/2024:06:18:48 -0500] "GET /sipse/faces/javax.faces.resource/layout/layout.js?ln=primefaces&v=4.0 HTTP/1.1" 304 -
201.245.192.253 - - [15/Jan/2024:06:18:51 -0500] "POST /kwsrmcab/Wsrmcab HTTP/1.1" 200 38381
186.155.16.190 - - [15/Jan/2024:06:19:05 -0500] "POST /sipse/faces/presentacion/financiero/solicitudProyectoActividad/asociarActividadSolicitud.xhtml HTTP/1.1" 200 19986
186.155.16.190 - - [15/Jan/2024:06:19:05 -0500] "GET /sipse/faces/javax.faces.resource/jquery/jquery.js?ln=primefaces&v=4.0 HTTP/1.1" 304 -
186.155.16.190 - - [15/Jan/2024:06:19:05 -0500] "GET /sipse/faces/javax.faces.resource/jquery/jquery-plugins.js?ln=primefaces&v=4.0 HTTP/1.1" 304 -
186.155.16.190 - - [15/Jan/2024:06:19:05 -0500] "GET /sipse/faces/javax.faces.resource/primefaces.js?ln=primefaces&v=4.0 HTTP/1.1" 304 -
186.155.16.190 - - [15/Jan/2024:06:19:05 -0500] "GET /sipse/faces/javax.faces.resource/layout/layout.js?ln=primefaces&v=4.0 HTTP/1.1" 304 -
186.155.16.190 - - [15/Jan/2024:06:19:25 -0500] "POST /sipse/faces/presentacion/financiero/solicitudProyectoActividad/asociarFuentesSolicitud.xhtml HTTP/1.1" 200 66852
186.155.16.190 - - [15/Jan/2024:06:19:25 -0500] "GET /sipse/faces/javax.faces.resource/jquery/jquery-plugins.js?ln=primefaces&v=4.0 HTTP/1.1" 304 -
186.155.16.190 - - [15/Jan/2024:06:19:25 -0500] "GET /sipse/faces/javax.faces.resource/jquery/jquery.js?ln=primefaces&v=4.0 HTTP/1.1" 304 -
186.155.16.190 - - [15/Jan/2024:06:19:25 -0500] "GET /sipse/faces/javax.faces.resource/primefaces.js?ln=primefaces&v=4.0 HTTP/1.1" 304 -
186.155.16.190 - - [15/Jan/2024:06:19:25 -0500] "GET /sipse/faces/javax.faces.resource/layout/layout.js?ln=primefaces&v=4.0 HTTP/1.1" 304 -
186.155.16.190 - - [15/Jan/2024:06:19:25 -0500] "GET /sipse/faces/javax.faces.resource/theme.css?ln=primefaces-sipse HTTP/1.1" 304 -
186.155.16.190 - - [15/Jan/2024:06:19:25 -0500] "GET /sipse/faces/javax.faces.resource/primefaces.css?ln=primefaces&v=4.0 HTTP/1.1" 304 -
186.155.16.190 - - [15/Jan/2024:06:19:25 -0500] "GET /sipse/faces/javax.faces.resource/layout/layout.css?ln=primefaces&v=4.0 HTTP/1.1" 304 -
186.155.16.190 - - [15/Jan/2024:06:19:25 -0500] "GET /sipse/faces/javax.faces.resource/images/ui-icons_898989_256x240.png?ln=primefaces-aristo HTTP/1.1" 200 5355
186.155.16.190 - - [15/Jan/2024:06:19:25 -0500] "GET /favicon.ico HTTP/1.1" 200 7782
201.245.192.253 - - [15/Jan/2024:06:19:32 -0500] "POST /kwsrmcab/Wsrmcab HTTP/1.1" 200 39285
186.155.16.190 - - [15/Jan/2024:06:19:29 -0500] "POST /sipse/faces/presentacion/financiero/solicitudProceso/crearModificarSolicitudProceso.xhtml HTTP/1.1" 200 44610
186.155.16.190 - - [15/Jan/2024:06:19:39 -0500] "GET /sipse/faces/javax.faces.resource/primefaces.js?ln=primefaces&v=4.0 HTTP/1.1" 304 -
186.155.16.190 - - [15/Jan/2024:06:19:39 -0500] "GET /sipse/faces/javax.faces.resource/layout/layout.js?ln=primefaces&v=4.0 HTTP/1.1" 304 -
186.155.16.190 - - [15/Jan/2024:06:19:39 -0500] "GET /sipse/faces/javax.faces.resource/jquery/jquery-plugins.js?ln=primefaces&v=4.0 HTTP/1.1" 304 -
186.155.16.190 - - [15/Jan/2024:06:19:39 -0500] "GET /sipse/faces/javax.faces.resource/jquery/jquery.js?ln=primefaces&v=4.0 HTTP/1.1" 304 -
186.155.16.190 - - [15/Jan/2024:06:19:39 -0500] "GET /sipse/faces/javax.faces.resource/theme.css?ln=primefaces-sipse HTTP/1.1" 304 -
186.155.16.190 - - [15/Jan/2024:06:19:39 -0500] "GET /sipse/faces/javax.faces.resource/primefaces.css?ln=primefaces&v=4.0 HTTP/1.1" 304 -
186.155.16.190 - - [15/Jan/2024:06:19:39 -0500] "GET /sipse/faces/javax.faces.resource/layout/layout.css?ln=primefaces&v=4.0 HTTP/1.1" 304 -
186.155.16.190 - - [15/Jan/2024:06:19:39 -0500] "GET /favicon.ico HTTP/1.1" 200 7782
186.155.16.190 - - [15/Jan/2024:06:19:39 -0500] "GET /sipse/faces/javax.faces.resource/images/ui-icons_898989_256x240.png?ln=primefaces-aristo HTTP/1.1" 200 5355
186.155.16.190 - - [15/Jan/2024:06:19:42 -0500] "GET /sipse/faces/javax.faces.resource/images/ui-bg_flat_0_2d5972_40x100.png?ln=primefaces-aristo HTTP/1.1" 304 -
186.155.16.190 - - [15/Jan/2024:06:19:42 -0500] "POST /sipse/faces/presentacion/financiero/contrato/consultarContratosSolicitudProceso.xhtml HTTP/1.1" 200 61218
201.245.192.253 - - [15/Jan/2024:06:19:44 -0500] "POST /kwsrmcab/Wsrmcab  HTTP/1.1" 200 39439
201.245.192.253 - - [15/Jan/2024:06:19:49 -0500] "POST /forms/lservlet;jsessionid=ac16012b30d6e9245d4a5ae64507bcdc86473ff87750.e3iSbxaKaheRe34Rb3eTbx8LaNb0n6jAmljGr5XDqQLvpAe HTTP/1.1" 200 2
186.155.16.190 - - [15/Jan/2024:06:19:47 -0500] "POST /sipse/faces/presentacion/financiero/contrato/consultarContratosSolicitudProceso.xhtml HTTP/1.1" 200 62458
186.155.16.190 - - [15/Jan/2024:06:19:52 -0500] "POST /sipse/faces/presentacion/financiero/contrato/consultarContratosSolicitudProceso.xhtml HTTP/1.1" 200 62326
186.155.16.190 - - [15/Jan/2024:06:19:53 -0500] "GET /sipse/faces/javax.faces.resource/jquery/jquery.js?ln=primefaces&v=4.0 HTTP/1.1" 304 -
186.155.16.190 - - [15/Jan/2024:06:19:53 -0500] "GET /sipse/faces/javax.faces.resource/jquery/jquery-plugins.js?ln=primefaces&v=4.0 HTTP/1.1" 304 -
186.155.16.190 - - [15/Jan/2024:06:19:53 -0500] "GET /sipse/faces/javax.faces.resource/primefaces.js?ln=primefaces&v=4.0 HTTP/1.1" 304 -
186.155.16.190 - - [15/Jan/2024:06:19:53 -0500] "GET /sipse/faces/javax.faces.resource/layout/layout.js?ln=primefaces&v=4.0 HTTP/1.1" 304 -
186.155.16.190 - - [15/Jan/2024:06:19:56 -0500] "POST /sipse/faces/presentacion/financiero/solicitudProceso/crearModificarSolicitudProceso.xhtml HTTP/1.1" 200 21158
186.155.16.190 - - [15/Jan/2024:06:19:57 -0500] "GET /sipse/faces/javax.faces.resource/jquery/jquery-plugins.js?ln=primefaces&v=4.0 HTTP/1.1" 304 -
186.155.16.190 - - [15/Jan/2024:06:19:57 -0500] "GET /sipse/faces/javax.faces.resource/primefaces.js?ln=primefaces&v=4.0 HTTP/1.1" 304 -
186.155.16.190 - - [15/Jan/2024:06:19:57 -0500] "GET /sipse/faces/javax.faces.resource/jquery/jquery.js?ln=primefaces&v=4.0 HTTP/1.1" 304 -
186.155.16.190 - - [15/Jan/2024:06:19:57 -0500] "GET /sipse/faces/javax.faces.resource/layout/layout.js?ln=primefaces&v=4.0 HTTP/1.1" 304 -
186.155.16.190 - - [15/Jan/2024:06:19:57 -0500] "GET /sipse/faces/javax.faces.resource/theme.css?ln=primefaces-sipse HTTP/1.1" 304 -
186.155.16.190 - - [15/Jan/2024:06:19:57 -0500] "GET /sipse/faces/javax.faces.resource/layout/layout.css?ln=primefaces&v=4.0 HTTP/1.1" 304 -
186.155.16.190 - - [15/Jan/2024:06:19:57 -0500] "GET /sipse/faces/javax.faces.resource/fileupload/fileupload.css?ln=primefaces&v=4.0 HTTP/1.1" 304 -
186.155.16.190 - - [15/Jan/2024:06:19:57 -0500] "GET /sipse/faces/javax.faces.resource/fileupload/fileupload.js?ln=primefaces&v=4.0 HTTP/1.1" 304 -
186.155.16.190 - - [15/Jan/2024:06:19:57 -0500] "GET /sipse/faces/javax.faces.resource/primefaces.css?ln=primefaces&v=4.0 HTTP/1.1" 304 -
186.155.16.190 - - [15/Jan/2024:06:19:57 -0500] "GET /favicon.ico HTTP/1.1" 200 7782
186.155.16.190 - - [15/Jan/2024:06:19:57 -0500] "GET /sipse/faces/javax.faces.resource/images/ui-icons_898989_256x240.png?ln=primefaces-aristo HTTP/1.1" 304 -
186.155.16.190 - - [15/Jan/2024:06:20:07 -0500] "POST /sipse/faces/presentacion/sistema/anexos/cargarAnexoSolicitudProceso.xhtml HTTP/1.1" 200 68186
186.155.16.190 - - [15/Jan/2024:06:20:09 -0500] "GET /sipse/faces/javax.faces.resource/jquery/jquery.js?ln=primefaces&v=4.0 HTTP/1.1" 304 -
186.155.16.190 - - [15/Jan/2024:06:20:09 -0500] "GET /sipse/faces/javax.faces.resource/primefaces.js?ln=primefaces&v=4.0 HTTP/1.1" 304 -
186.155.16.190 - - [15/Jan/2024:06:20:09 -0500] "GET /sipse/faces/javax.faces.resource/layout/layout.js?ln=primefaces&v=4.0 HTTP/1.1" 304 -
186.155.16.190 - - [15/Jan/2024:06:20:09 -0500] "GET /sipse/faces/javax.faces.resource/jquery/jquery-plugins.js?ln=primefaces&v=4.0 HTTP/1.1" 304 -
186.155.16.190 - - [15/Jan/2024:06:20:09 -0500] "GET /sipse/faces/javax.faces.resource/theme.css?ln=primefaces-sipse HTTP/1.1" 304 -
186.155.16.190 - - [15/Jan/2024:06:20:09 -0500] "GET /sipse/faces/javax.faces.resource/primefaces.css?ln=primefaces&v=4.0 HTTP/1.1" 304 -
186.155.16.190 - - [15/Jan/2024:06:20:09 -0500] "GET /sipse/faces/javax.faces.resource/layout/layout.css?ln=primefaces&v=4.0 HTTP/1.1" 304 -
186.155.16.190 - - [15/Jan/2024:06:20:09 -0500] "GET /sipse/faces/javax.faces.resource/images/ui-icons_898989_256x240.png?ln=primefaces-aristo HTTP/1.1" 200 5355
186.155.16.190 - - [15/Jan/2024:06:20:09 -0500] "GET /favicon.ico HTTP/1.1" 200 7782
186.155.16.190 - - [15/Jan/2024:06:20:12 -0500] "GET /sipse/faces/javax.faces.resource/images/ui-bg_flat_0_2d5972_40x100.png?ln=primefaces-aristo HTTP/1.1" 304 -
186.155.16.190 - - [15/Jan/2024:06:20:12 -0500] "POST /sipse/faces/presentacion/financiero/solicitudProceso/crearModificarSolicitudProceso.xhtml HTTP/1.1" 200 63502
186.155.16.190 - - [15/Jan/2024:06:20:15 -0500] "GET /sipse/faces/javax.faces.resource/jquery/jquery.js?ln=primefaces&v=4.0 HTTP/1.1" 304 -
186.155.16.190 - - [15/Jan/2024:06:20:15 -0500] "GET /sipse/faces/javax.faces.resource/jquery/jquery-plugins.js?ln=primefaces&v=4.0 HTTP/1.1" 304 -
186.155.16.190 - - [15/Jan/2024:06:20:15 -0500] "GET /sipse/faces/javax.faces.resource/primefaces.js?ln=primefaces&v=4.0 HTTP/1.1" 304 -
186.155.16.190 - - [15/Jan/2024:06:20:15 -0500] "GET /sipse/faces/javax.faces.resource/layout/layout.js?ln=primefaces&v=4.0 HTTP/1.1" 304 -
186.155.16.190 - - [15/Jan/2024:06:20:15 -0500] "GET /sipse/faces/javax.faces.resource/messages/messages.png?ln=primefaces&v=4.0 HTTP/1.1" 304 -
186.155.16.190 - - [15/Jan/2024:06:20:15 -0500] "POST /sipse/faces/presentacion/financiero/solicitudProceso/listarSolicitudProceso.xhtml HTTP/1.1" 200 1556
186.155.16.190 - - [15/Jan/2024:06:20:18 -0500] "POST /sipse/faces/presentacion/financiero/solicitudProceso/listarSolicitudProceso.xhtml HTTP/1.1" 200 4747
201.245.192.253 - - [15/Jan/2024:06:20:29 -0500] "POST /forms/lservlet;jsessionid=ac16012b30d6daf3d1e69b9448f9b338854e2531f358.e3iSbxaKaheRe34Rb3eTbx8LaNb0n6jAmljGr5XDqQLvpAe HTTP/1.1" 200 2
216.245.221.92 - - [15/Jan/2024:06:20:46 -0500] "HEAD / HTTP/1.1" 200 -
201.245.192.253 - - [15/Jan/2024:06:21:49 -0500] "POST /forms/lservlet;jsessionid=ac16012b30d6e9245d4a5ae64507bcdc86473ff87750.e3iSbxaKaheRe34Rb3eTbx8LaNb0n6jAmljGr5XDqQLvpAe HTTP/1.1" 200 2
201.245.192.253 - - [15/Jan/2024:06:22:29 -0500] "POST /forms/lservlet;jsessionid=ac16012b30d6daf3d1e69b9448f9b338854e2531f358.e3iSbxaKaheRe34Rb3eTbx8LaNb0n6jAmljGr5XDqQLvpAe HTTP/1.1" 200 2
172.22.2.4 - - [15/Jan/2024:06:21:50 -0500] "HEAD /BLA/boletinlegal/ HTTP/1.1" 200 -
186.155.16.190 - - [15/Jan/2024:06:23:33 -0500] "POST /sipse/faces/presentacion/financiero/solicitudProceso/listarSolicitudProceso.xhtml HTTP/1.1" 200 32442
186.155.16.190 - - [15/Jan/2024:06:23:40 -0500] "POST /sipse/faces/presentacion/financiero/solicitudProceso/listarSolicitudProceso.xhtml HTTP/1.1" 200 106978
186.155.16.190 - - [15/Jan/2024:06:23:41 -0500] "GET /sipse/faces/javax.faces.resource/jquery/jquery.js?ln=primefaces&v=4.0 HTTP/1.1" 304 -
186.155.16.190 - - [15/Jan/2024:06:23:41 -0500] "GET /sipse/faces/javax.faces.resource/jquery/jquery-plugins.js?ln=primefaces&v=4.0 HTTP/1.1" 304 -
186.155.16.190 - - [15/Jan/2024:06:23:41 -0500] "GET /sipse/faces/javax.faces.resource/primefaces.js?ln=primefaces&v=4.0 HTTP/1.1" 304 -
186.155.16.190 - - [15/Jan/2024:06:23:41 -0500] "GET /sipse/faces/javax.faces.resource/layout/layout.js?ln=primefaces&v=4.0 HTTP/1.1" 304 -
66.249.66.19 - - [15/Jan/2024:06:23:46 -0500] "GET /BLA/resoluciones/RESOLUCIONES%202011/6971.pdf HTTP/1.1" 304 -
201.245.192.253 - - [15/Jan/2024:06:23:49 -0500] "POST /forms/lservlet;jsessionid=ac16012b30d6e9245d4a5ae64507bcdc86473ff87750.e3iSbxaKaheRe34Rb3eTbx8LaNb0n6jAmljGr5XDqQLvpAe HTTP/1.1" 200 2
172.22.2.4 - - [15/Jan/2024:06:22:41 -0500] "GET /BLA/boletinlegal/ HTTP/1.1" 200 60996
201.245.192.253 - - [15/Jan/2024:06:24:29 -0500] "POST /forms/lservlet;jsessionid=ac16012b30d6daf3d1e69b9448f9b338854e2531f358.e3iSbxaKaheRe34Rb3eTbx8LaNb0n6jAmljGr5XDqQLvpAe HTTP/1.1" 200 2
201.245.192.253 - - [15/Jan/2024:06:24:30 -0500] "POST /kwsrmcab/Wsrmcab HTTP/1.1" 200 38381
201.245.192.253 - - [15/Jan/2024:06:24:34 -0500] "POST /kwsrmcab/Wsrmcab HTTP/1.1" 200 39285
52.167.144.186 - - [15/Jan/2024:06:24:44 -0500] "GET /distrito-recupera-mas-de-20-kilogramos-de-musgo-y-dos-aves-silvestres.html HTTP/1.1" 200 857
201.245.192.253 - - [15/Jan/2024:06:24:43 -0500] "POST /kwsrmcab/Wsrmcab  HTTP/1.1" 200 39439
216.245.221.92 - - [15/Jan/2024:06:25:46 -0500] "HEAD / HTTP/1.1" 200 -
201.245.192.253 - - [15/Jan/2024:06:25:49 -0500] "POST /forms/lservlet;jsessionid=ac16012b30d6e9245d4a5ae64507bcdc86473ff87750.e3iSbxaKaheRe34Rb3eTbx8LaNb0n6jAmljGr5XDqQLvpAe HTTP/1.1" 200 2
52.167.144.170 - - [15/Jan/2024:06:25:54 -0500] "GET /portaldeninos/wp-content/uploads/2021/11/pieza-dia-medioambiente-bogota-5-junio-1024x576.jpg HTTP/1.1" 200 129401
186.29.181.135 - - [15/Jan/2024:06:26:09 -0500] "POST /sipse/faces/presentacion/financiero/solicitudProceso/consultarSolicitudProceso.xhtml HTTP/1.1" 200 41970
186.29.181.135 - - [15/Jan/2024:06:26:12 -0500] "GET /sipse/faces/javax.faces.resource/theme.css?ln=primefaces-sipse HTTP/1.1" 304 -
186.29.181.135 - - [15/Jan/2024:06:26:12 -0500] "GET /sipse/faces/javax.faces.resource/primefaces.css?ln=primefaces&v=4.0 HTTP/1.1" 304 -
186.29.181.135 - - [15/Jan/2024:06:26:12 -0500] "GET /sipse/faces/javax.faces.resource/jquery/jquery.js?ln=primefaces&v=4.0 HTTP/1.1" 304 -
186.29.181.135 - - [15/Jan/2024:06:26:12 -0500] "GET /sipse/faces/javax.faces.resource/layout/layout.css?ln=primefaces&v=4.0 HTTP/1.1" 304 -
186.29.181.135 - - [15/Jan/2024:06:26:12 -0500] "GET /sipse/faces/javax.faces.resource/jquery/jquery-plugins.js?ln=primefaces&v=4.0 HTTP/1.1" 304 -
186.29.181.135 - - [15/Jan/2024:06:26:12 -0500] "GET /sipse/css/imagen/contrasena.png HTTP/1.1" 404 383
186.29.181.135 - - [15/Jan/2024:06:26:13 -0500] "GET /sipse/faces/javax.faces.resource/primefaces.js?ln=primefaces&v=4.0 HTTP/1.1" 304 -
186.29.181.135 - - [15/Jan/2024:06:26:13 -0500] "GET /sipse/faces/javax.faces.resource/layout/layout.js?ln=primefaces&v=4.0 HTTP/1.1" 304 -
186.29.181.135 - - [15/Jan/2024:06:26:13 -0500] "POST /sipse/faces/presentacion/financiero/solicitudProceso/consultar.xhtml HTTP/1.1" 200 35347
186.29.181.135 - - [15/Jan/2024:06:26:14 -0500] "POST /sipse/faces/presentacion/financiero/solicitudProceso/consultar.xhtml HTTP/1.1" 200 35347
186.29.181.135 - - [15/Jan/2024:06:26:18 -0500] "POST /sipse/faces/presentacion/financiero/solicitudProceso/consultar.xhtml HTTP/1.1" 200 12787
186.29.181.135 - - [15/Jan/2024:06:26:22 -0500] "POST /sipse/faces/presentacion/financiero/solicitudProceso/consultar.xhtml HTTP/1.1" 200 119020
186.29.181.135 - - [15/Jan/2024:06:26:24 -0500] "GET /sipse/faces/javax.faces.resource/theme.css?ln=primefaces-sipse HTTP/1.1" 304 -
186.29.181.135 - - [15/Jan/2024:06:26:24 -0500] "GET /sipse/faces/javax.faces.resource/primefaces.css?ln=primefaces&v=4.0 HTTP/1.1" 304 -
186.29.181.135 - - [15/Jan/2024:06:26:24 -0500] "GET /sipse/faces/javax.faces.resource/layout/layout.css?ln=primefaces&v=4.0 HTTP/1.1" 304 -
186.29.181.135 - - [15/Jan/2024:06:26:24 -0500] "GET /sipse/faces/javax.faces.resource/jquery/jquery.js?ln=primefaces&v=4.0 HTTP/1.1" 304 -
186.29.181.135 - - [15/Jan/2024:06:26:24 -0500] "GET /sipse/faces/javax.faces.resource/jquery/jquery-plugins.js?ln=primefaces&v=4.0 HTTP/1.1" 304 -
186.29.181.135 - - [15/Jan/2024:06:26:24 -0500] "GET /sipse/faces/javax.faces.resource/primefaces.js?ln=primefaces&v=4.0 HTTP/1.1" 304 -
186.29.181.135 - - [15/Jan/2024:06:26:24 -0500] "GET /sipse/faces/javax.faces.resource/layout/layout.js?ln=primefaces&v=4.0 HTTP/1.1" 304 -
186.29.181.135 - - [15/Jan/2024:06:26:24 -0500] "GET /sipse/css/imagen/contrasena.png HTTP/1.1" 404 383
201.245.192.253 - - [15/Jan/2024:06:26:29 -0500] "POST /forms/lservlet;jsessionid=ac16012b30d6daf3d1e69b9448f9b338854e2531f358.e3iSbxaKaheRe34Rb3eTbx8LaNb0n6jAmljGr5XDqQLvpAe HTTP/1.1" 200 2
201.245.192.253 - - [15/Jan/2024:06:27:49 -0500] "POST /forms/lservlet;jsessionid=ac16012b30d6e9245d4a5ae64507bcdc86473ff87750.e3iSbxaKaheRe34Rb3eTbx8LaNb0n6jAmljGr5XDqQLvpAe HTTP/1.1" 200 2
173.252.107.6 - - [15/Jan/2024:06:28:17 -0500] "GET /bogota-otorgara-beneficio-ambiental-para-transportadores-de-carga-liviana-a-gas.html HTTP/1.1" 200 896
173.252.127.4 - - [15/Jan/2024:06:28:19 -0500] "GET /images/carro-carga-movilidad-4-febrero.jpg HTTP/1.1" 200 46258
173.252.127.19 - - [15/Jan/2024:06:28:27 -0500] "GET /bogota-otorgara-beneficio-ambiental-para-transportadores-de-carga-liviana-a-gas.html HTTP/1.1" 200 896
201.245.192.253 - - [15/Jan/2024:06:28:29 -0500] "POST /forms/lservlet;jsessionid=ac16012b30d6daf3d1e69b9448f9b338854e2531f358.e3iSbxaKaheRe34Rb3eTbx8LaNb0n6jAmljGr5XDqQLvpAe HTTP/1.1" 200 2
186.29.181.135 - - [15/Jan/2024:06:28:40 -0500] "POST /sipse/faces/presentacion/financiero/solicitudProceso/consultarSolicitudProceso.xhtml HTTP/1.1" 200 999637
201.245.192.253 - - [15/Jan/2024:06:28:50 -0500] "POST /kwsrmcab/Wsrmcab HTTP/1.1" 200 38381
172.22.2.4 - - [15/Jan/2024:06:27:40 -0500] "HEAD /BLA/boletinlegal/ HTTP/1.1" 200 -
201.245.192.253 - - [15/Jan/2024:06:29:32 -0500] "POST /kwsrmcab/Wsrmcab HTTP/1.1" 200 39285
201.245.192.253 - - [15/Jan/2024:06:29:40 -0500] "POST /kwsrmcab/Wsrmcab  HTTP/1.1" 200 39439
201.245.192.253 - - [15/Jan/2024:06:29:49 -0500] "POST /forms/lservlet;jsessionid=ac16012b30d6e9245d4a5ae64507bcdc86473ff87750.e3iSbxaKaheRe34Rb3eTbx8LaNb0n6jAmljGr5XDqQLvpAe HTTP/1.1" 200 2
172.22.2.4 - - [15/Jan/2024:06:28:31 -0500] "GET /BLA/boletinlegal/ HTTP/1.1" 200 58666
201.245.192.253 - - [15/Jan/2024:06:30:29 -0500] "POST /forms/lservlet;jsessionid=ac16012b30d6daf3d1e69b9448f9b338854e2531f358.e3iSbxaKaheRe34Rb3eTbx8LaNb0n6jAmljGr5XDqQLvpAe HTTP/1.1" 200 2
216.245.221.92 - - [15/Jan/2024:06:30:46 -0500] "HEAD / HTTP/1.1" 200 -
201.245.192.253 - - [15/Jan/2024:06:31:49 -0500] "POST /forms/lservlet;jsessionid=ac16012b30d6e9245d4a5ae64507bcdc86473ff87750.e3iSbxaKaheRe34Rb3eTbx8LaNb0n6jAmljGr5XDqQLvpAe HTTP/1.1" 200 2
201.245.192.253 - - [15/Jan/2024:06:32:29 -0500] "POST /forms/lservlet;jsessionid=ac16012b30d6daf3d1e69b9448f9b338854e2531f358.e3iSbxaKaheRe34Rb3eTbx8LaNb0n6jAmljGr5XDqQLvpAe HTTP/1.1" 200 2
186.155.16.190 - - [15/Jan/2024:06:32:44 -0500] "POST /sipse/faces/presentacion/financiero/solicitudProceso/consultarSolicitudProceso.xhtml HTTP/1.1" 200 63047
186.155.16.190 - - [15/Jan/2024:06:32:45 -0500] "GET /sipse/faces/javax.faces.resource/jquery/jquery.js?ln=primefaces&v=4.0 HTTP/1.1" 304 -
186.155.16.190 - - [15/Jan/2024:06:32:45 -0500] "GET /sipse/faces/javax.faces.resource/jquery/jquery-plugins.js?ln=primefaces&v=4.0 HTTP/1.1" 304 -
186.155.16.190 - - [15/Jan/2024:06:32:45 -0500] "GET /sipse/faces/javax.faces.resource/primefaces.js?ln=primefaces&v=4.0 HTTP/1.1" 304 -
186.155.16.190 - - [15/Jan/2024:06:32:45 -0500] "GET /sipse/faces/javax.faces.resource/layout/layout.js?ln=primefaces&v=4.0 HTTP/1.1" 304 -
186.155.16.190 - - [15/Jan/2024:06:32:45 -0500] "POST /sipse/faces/presentacion/financiero/solicitudProceso/listarSolicitudProceso.xhtml HTTP/1.1" 200 56381
186.155.16.190 - - [15/Jan/2024:06:32:45 -0500] "POST /sipse/faces/presentacion/financiero/solicitudProceso/listarSolicitudProceso.xhtml HTTP/1.1" 200 56381
186.155.16.190 - - [15/Jan/2024:06:32:46 -0500] "POST /sipse/faces/presentacion/financiero/solicitudProceso/listarSolicitudProceso.xhtml HTTP/1.1" 200 1556
186.155.16.190 - - [15/Jan/2024:06:32:46 -0500] "POST /sipse/faces/presentacion/financiero/solicitudProceso/listarSolicitudProceso.xhtml HTTP/1.1" 200 1552
186.155.16.190 - - [15/Jan/2024:06:32:46 -0500] "POST /sipse/faces/presentacion/financiero/solicitudProceso/listarSolicitudProceso.xhtml HTTP/1.1" 200 1564
186.155.16.190 - - [15/Jan/2024:06:32:48 -0500] "POST /sipse/faces/presentacion/financiero/solicitudProceso/listarSolicitudProceso.xhtml HTTP/1.1" 200 59084
186.155.16.190 - - [15/Jan/2024:06:32:48 -0500] "GET /sipse/faces/javax.faces.resource/jquery/jquery.js?ln=primefaces&v=4.0 HTTP/1.1" 304 -
186.155.16.190 - - [15/Jan/2024:06:32:48 -0500] "GET /sipse/faces/javax.faces.resource/jquery/jquery-plugins.js?ln=primefaces&v=4.0 HTTP/1.1" 304 -
186.155.16.190 - - [15/Jan/2024:06:32:48 -0500] "GET /sipse/faces/javax.faces.resource/primefaces.js?ln=primefaces&v=4.0 HTTP/1.1" 304 -
