!C99Shell v. 1.0 pre-release build #13!

Software: Apache. PHP/5.5.15 

uname -a: Windows NT SVR-DMZ 6.1 build 7600 (Windows Server 2008 R2 Enterprise Edition) i586 

SYSTEM 

Safe-mode: OFF (not secure)

E:\nuevo\apache\logs\   drwxrwxrwx
Free 8.02 GB of 239.26 GB (3.35%)
Detected drives: [ a ] [ c ] [ d ] [ e ] [ f ]
Home    Back    Forward    UPDIR    Refresh    Search    Buffer    Encoder    Tools    Proc.    FTP brute    Sec.    SQL    PHP-code    Update    Feedback    Self remove    Logout    


Viewing file:     access.2024.01.15.log (13.25 MB)      -rw-rw-rw-
Select action/file-type:
(+) | (+) | (+) | Code (+) | Session (+) | (+) | SDB (+) | (+) | (+) | (+) | (+) | (+) |
201.245.192.253 - - [15/Jan/2024:00:00:28 -0500] "POST /forms/lservlet;jsessionid=ac16012b30d6daf3d1e69b9448f9b338854e2531f358.e3iSbxaKaheRe34Rb3eTbx8LaNb0n6jAmljGr5XDqQLvpAe HTTP/1.1" 200 2
216.245.221.92 - - [15/Jan/2024:00:00:47 -0500] "HEAD / HTTP/1.1" 200 -
201.245.192.253 - - [15/Jan/2024:00:01:20 -0500] "POST /kwsrmcab/Wsrmcab  HTTP/1.1" 200 39439
186.155.16.190 - - [15/Jan/2024:00:01:45 -0500] "-" 408 -
201.245.192.253 - - [15/Jan/2024:00:01:48 -0500] "POST /forms/lservlet;jsessionid=ac16012b30d6e9245d4a5ae64507bcdc86473ff87750.e3iSbxaKaheRe34Rb3eTbx8LaNb0n6jAmljGr5XDqQLvpAe HTTP/1.1" 200 2
201.245.192.253 - - [15/Jan/2024:00:02:28 -0500] "POST /forms/lservlet;jsessionid=ac16012b30d6daf3d1e69b9448f9b338854e2531f358.e3iSbxaKaheRe34Rb3eTbx8LaNb0n6jAmljGr5XDqQLvpAe HTTP/1.1" 200 2
201.245.192.253 - - [15/Jan/2024:00:03:48 -0500] "POST /forms/lservlet;jsessionid=ac16012b30d6e9245d4a5ae64507bcdc86473ff87750.e3iSbxaKaheRe34Rb3eTbx8LaNb0n6jAmljGr5XDqQLvpAe HTTP/1.1" 200 2
172.22.2.4 - - [15/Jan/2024:00:02:41 -0500] "HEAD /BLA/boletinlegal/ HTTP/1.1" 200 -
201.245.192.253 - - [15/Jan/2024:00:04:28 -0500] "POST /forms/lservlet;jsessionid=ac16012b30d6daf3d1e69b9448f9b338854e2531f358.e3iSbxaKaheRe34Rb3eTbx8LaNb0n6jAmljGr5XDqQLvpAe HTTP/1.1" 200 2
146.19.24.23 - - [15/Jan/2024:00:04:56 -0500] "GET / HTTP/1.1" 200 319
172.22.2.4 - - [15/Jan/2024:00:03:32 -0500] "GET /BLA/boletinlegal/ HTTP/1.1" 200 60996
216.245.221.92 - - [15/Jan/2024:00:05:47 -0500] "HEAD / HTTP/1.1" 200 -
201.245.192.253 - - [15/Jan/2024:00:05:48 -0500] "POST /forms/lservlet;jsessionid=ac16012b30d6e9245d4a5ae64507bcdc86473ff87750.e3iSbxaKaheRe34Rb3eTbx8LaNb0n6jAmljGr5XDqQLvpAe HTTP/1.1" 200 2
201.245.192.253 - - [15/Jan/2024:00:06:19 -0500] "POST /kwsrmcab/Wsrmcab  HTTP/1.1" 200 39439
201.245.192.253 - - [15/Jan/2024:00:06:28 -0500] "POST /forms/lservlet;jsessionid=ac16012b30d6daf3d1e69b9448f9b338854e2531f358.e3iSbxaKaheRe34Rb3eTbx8LaNb0n6jAmljGr5XDqQLvpAe HTTP/1.1" 200 2
186.155.16.190 - - [15/Jan/2024:00:06:44 -0500] "-" 408 -
201.245.192.253 - - [15/Jan/2024:00:07:48 -0500] "POST /forms/lservlet;jsessionid=ac16012b30d6e9245d4a5ae64507bcdc86473ff87750.e3iSbxaKaheRe34Rb3eTbx8LaNb0n6jAmljGr5XDqQLvpAe HTTP/1.1" 200 2
172.22.2.4 - - [15/Jan/2024:00:07:29 -0500] "GET /BLA/boletinlegal/ HTTP/1.1" 200 32715
201.245.192.253 - - [15/Jan/2024:00:08:28 -0500] "POST /forms/lservlet;jsessionid=ac16012b30d6daf3d1e69b9448f9b338854e2531f358.e3iSbxaKaheRe34Rb3eTbx8LaNb0n6jAmljGr5XDqQLvpAe HTTP/1.1" 200 2
201.245.192.253 - - [15/Jan/2024:00:09:48 -0500] "POST /forms/lservlet;jsessionid=ac16012b30d6e9245d4a5ae64507bcdc86473ff87750.e3iSbxaKaheRe34Rb3eTbx8LaNb0n6jAmljGr5XDqQLvpAe HTTP/1.1" 200 2
172.22.2.4 - - [15/Jan/2024:00:08:31 -0500] "HEAD /BLA/boletinlegal/ HTTP/1.1" 200 -
201.245.192.253 - - [15/Jan/2024:00:10:28 -0500] "POST /forms/lservlet;jsessionid=ac16012b30d6daf3d1e69b9448f9b338854e2531f358.e3iSbxaKaheRe34Rb3eTbx8LaNb0n6jAmljGr5XDqQLvpAe HTTP/1.1" 200 2
216.245.221.92 - - [15/Jan/2024:00:10:47 -0500] "HEAD / HTTP/1.1" 200 -
172.22.2.4 - - [15/Jan/2024:00:09:22 -0500] "GET /BLA/boletinlegal/ HTTP/1.1" 200 60996
201.245.192.253 - - [15/Jan/2024:00:11:17 -0500] "POST /kwsrmcab/Wsrmcab  HTTP/1.1" 200 39439
201.245.192.253 - - [15/Jan/2024:00:11:48 -0500] "POST /forms/lservlet;jsessionid=ac16012b30d6e9245d4a5ae64507bcdc86473ff87750.e3iSbxaKaheRe34Rb3eTbx8LaNb0n6jAmljGr5XDqQLvpAe HTTP/1.1" 200 2
201.245.192.253 - - [15/Jan/2024:00:12:28 -0500] "POST /forms/lservlet;jsessionid=ac16012b30d6daf3d1e69b9448f9b338854e2531f358.e3iSbxaKaheRe34Rb3eTbx8LaNb0n6jAmljGr5XDqQLvpAe HTTP/1.1" 200 2
201.245.192.253 - - [15/Jan/2024:00:13:48 -0500] "POST /forms/lservlet;jsessionid=ac16012b30d6e9245d4a5ae64507bcdc86473ff87750.e3iSbxaKaheRe34Rb3eTbx8LaNb0n6jAmljGr5XDqQLvpAe HTTP/1.1" 200 2
172.22.2.4 - - [15/Jan/2024:00:12:32 -0500] "GET /BLA/boletinlegal/ HTTP/1.1" 200 62549
201.245.192.253 - - [15/Jan/2024:00:14:28 -0500] "POST /forms/lservlet;jsessionid=ac16012b30d6daf3d1e69b9448f9b338854e2531f358.e3iSbxaKaheRe34Rb3eTbx8LaNb0n6jAmljGr5XDqQLvpAe HTTP/1.1" 200 2
201.245.192.253 - - [15/Jan/2024:00:14:33 -0500] "POST /kwsrmcab/Wsrmcab HTTP/1.1" 200 38168
201.245.192.253 - - [15/Jan/2024:00:14:35 -0500] "POST /kwsrmcab/Wsrmcab HTTP/1.1" 200 39285
216.245.221.92 - - [15/Jan/2024:00:15:47 -0500] "HEAD / HTTP/1.1" 200 -
201.245.192.253 - - [15/Jan/2024:00:15:48 -0500] "POST /forms/lservlet;jsessionid=ac16012b30d6e9245d4a5ae64507bcdc86473ff87750.e3iSbxaKaheRe34Rb3eTbx8LaNb0n6jAmljGr5XDqQLvpAe HTTP/1.1" 200 2
172.22.2.4 - - [15/Jan/2024:00:14:21 -0500] "HEAD /BLA/boletinlegal/ HTTP/1.1" 200 -
201.245.192.253 - - [15/Jan/2024:00:16:16 -0500] "POST /kwsrmcab/Wsrmcab  HTTP/1.1" 200 39439
201.245.192.253 - - [15/Jan/2024:00:16:28 -0500] "POST /forms/lservlet;jsessionid=ac16012b30d6daf3d1e69b9448f9b338854e2531f358.e3iSbxaKaheRe34Rb3eTbx8LaNb0n6jAmljGr5XDqQLvpAe HTTP/1.1" 200 2
172.22.2.4 - - [15/Jan/2024:00:15:12 -0500] "GET /BLA/boletinlegal/ HTTP/1.1" 200 58666
201.245.192.253 - - [15/Jan/2024:00:17:48 -0500] "POST /forms/lservlet;jsessionid=ac16012b30d6e9245d4a5ae64507bcdc86473ff87750.e3iSbxaKaheRe34Rb3eTbx8LaNb0n6jAmljGr5XDqQLvpAe HTTP/1.1" 200 2
201.245.192.253 - - [15/Jan/2024:00:18:28 -0500] "POST /forms/lservlet;jsessionid=ac16012b30d6daf3d1e69b9448f9b338854e2531f358.e3iSbxaKaheRe34Rb3eTbx8LaNb0n6jAmljGr5XDqQLvpAe HTTP/1.1" 200 2
201.245.192.253 - - [15/Jan/2024:00:18:52 -0500] "POST /kwsrmcab/Wsrmcab HTTP/1.1" 200 38168
96.78.175.38 - - [15/Jan/2024:00:19:18 -0500] "GET http://190.27.245.106:80/phpMyAdmin/scripts/setup.php HTTP/1.0" 403 1165
96.78.175.38 - - [15/Jan/2024:00:19:18 -0500] "GET http://190.27.245.106:80/phpmyadmin/scripts/setup.php HTTP/1.0" 403 1165
96.78.175.38 - - [15/Jan/2024:00:19:19 -0500] "GET http://190.27.245.106:80/phpMyAdmin-2.11.4/scripts/setup.php HTTP/1.0" 403 1165
96.78.175.38 - - [15/Jan/2024:00:19:19 -0500] "GET http://190.27.245.106:80/phpMyAdmin-2.11.3/scripts/setup.php HTTP/1.0" 403 1165
96.78.175.38 - - [15/Jan/2024:00:19:19 -0500] "GET http://190.27.245.106:80/phpMyAdmin-2.10.0.2/scripts/setup.php HTTP/1.0" 403 1165
96.78.175.38 - - [15/Jan/2024:00:19:20 -0500] "GET http://190.27.245.106:80/phpMyAdmin-2.10.3/scripts/setup.php HTTP/1.0" 403 1165
96.78.175.38 - - [15/Jan/2024:00:19:20 -0500] "GET http://190.27.245.106:80/phpMyAdmin-2.8.0.2/scripts/setup.php HTTP/1.0" 403 1165
96.78.175.38 - - [15/Jan/2024:00:19:21 -0500] "GET http://190.27.245.106:80/phpMyAdmin-2.10.2/scripts/setup.php HTTP/1.0" 403 1165
96.78.175.38 - - [15/Jan/2024:00:19:21 -0500] "GET http://190.27.245.106:80/phpMyAdmin-2.11.9.2/scripts/setup.php HTTP/1.0" 403 1165
96.78.175.38 - - [15/Jan/2024:00:19:21 -0500] "GET http://190.27.245.106:80/phpMyAdmin-2.11.0/scripts/setup.php HTTP/1.0" 403 1165
96.78.175.38 - - [15/Jan/2024:00:19:22 -0500] "GET http://190.27.245.106:80/phpMyAdmin-2.11.7/scripts/setup.php HTTP/1.0" 403 1165
96.78.175.38 - - [15/Jan/2024:00:19:22 -0500] "GET http://190.27.245.106:80/phpMyAdmin-2.11.1.2/scripts/setup.php HTTP/1.0" 403 1165
96.78.175.38 - - [15/Jan/2024:00:19:23 -0500] "GET http://190.27.245.106:80/pma/scripts/setup.php HTTP/1.0" 404 1018
96.78.175.38 - - [15/Jan/2024:00:19:23 -0500] "GET http://190.27.245.106:80/phpMyAdmin3/scripts/setup.php HTTP/1.0" 403 1165
96.78.175.38 - - [15/Jan/2024:00:19:23 -0500] "GET http://190.27.245.106:80/myadmin/scripts/setup.php HTTP/1.0" 404 1018
96.78.175.38 - - [15/Jan/2024:00:19:24 -0500] "GET http://190.27.245.106:80/MyAdmin/scripts/setup.php HTTP/1.0" 404 1018
96.78.175.38 - - [15/Jan/2024:00:19:24 -0500] "GET http://190.27.245.106:80/PHPMYADMIN/scripts/setup.php HTTP/1.0" 403 1165
96.78.175.38 - - [15/Jan/2024:00:19:24 -0500] "GET http://190.27.245.106:80/mysqladmin/scripts/setup.php HTTP/1.0" 404 1018
96.78.175.38 - - [15/Jan/2024:00:19:25 -0500] "GET http://190.27.245.106:80/SQL/scripts/setup.php HTTP/1.0" 404 1018
96.78.175.38 - - [15/Jan/2024:00:19:25 -0500] "GET http://190.27.245.106:80/phpMyAdmin-2.5.5-pl1/scripts/setup.php HTTP/1.0" 403 1165
96.78.175.38 - - [15/Jan/2024:00:19:25 -0500] "GET http://190.27.245.106:80/phpMyAdmin-2.5.5/scripts/setup.php HTTP/1.0" 403 1165
96.78.175.38 - - [15/Jan/2024:00:19:26 -0500] "GET http://190.27.245.106:80/phpMyAdmin-2.5.4/scripts/setup.php HTTP/1.0" 403 1165
96.78.175.38 - - [15/Jan/2024:00:19:26 -0500] "GET http://190.27.245.106:80/phpMyAdmin-2.5.7-pl1/scripts/setup.php HTTP/1.0" 403 1165
96.78.175.38 - - [15/Jan/2024:00:19:26 -0500] "GET http://190.27.245.106:80/admin/pma/scripts/setup.php HTTP/1.0" 404 1018
96.78.175.38 - - [15/Jan/2024:00:19:27 -0500] "GET http://190.27.245.106:80/phpMyAdmin-2/scripts/setup.php HTTP/1.0" 403 1165
96.78.175.38 - - [15/Jan/2024:00:19:27 -0500] "GET http://190.27.245.106:80/web/phpMyAdmin/scripts/setup.php HTTP/1.0" 404 1018
96.78.175.38 - - [15/Jan/2024:00:19:28 -0500] "GET http://190.27.245.106:80/webadmin/scripts/setup.php HTTP/1.0" 404 1018
96.78.175.38 - - [15/Jan/2024:00:19:28 -0500] "GET http://190.27.245.106:80/admin/scripts/setup.php HTTP/1.0" 404 1018
96.78.175.38 - - [15/Jan/2024:00:19:28 -0500] "GET http://190.27.245.106:80/dbadmin/scripts/setup.php HTTP/1.0" 404 1018
96.78.175.38 - - [15/Jan/2024:00:19:29 -0500] "GET http://190.27.245.106:80/mysql/scripts/setup.php HTTP/1.0" 404 1018
96.78.175.38 - - [15/Jan/2024:00:19:29 -0500] "GET http://190.27.245.106:80/phpMyAdmin2/scripts/setup.php HTTP/1.0" 403 1165
96.78.175.38 - - [15/Jan/2024:00:19:29 -0500] "GET http://190.27.245.106:80/phpma/scripts/setup.php HTTP/1.0" 404 1018
96.78.175.38 - - [15/Jan/2024:00:19:30 -0500] "GET http://190.27.245.106:80/sqlweb/scripts/setup.php HTTP/1.0" 404 1018
96.78.175.38 - - [15/Jan/2024:00:19:30 -0500] "GET http://190.27.245.106:80/webdb/scripts/setup.php HTTP/1.0" 404 1018
96.78.175.38 - - [15/Jan/2024:00:19:31 -0500] "GET http://190.27.245.106:80/websql/scripts/setup.php HTTP/1.0" 404 1018
96.78.175.38 - - [15/Jan/2024:00:19:31 -0500] "GET http://190.27.245.106:80/_phpMyAdmin/scripts/setup.php HTTP/1.0" 404 1018
96.78.175.38 - - [15/Jan/2024:00:19:32 -0500] "GET http://190.27.245.106:80/php/scripts/setup.php HTTP/1.0" 404 1018
96.78.175.38 - - [15/Jan/2024:00:19:32 -0500] "GET http://190.27.245.106:80/admin/phpmyadmin/scripts/setup.txt HTTP/1.0" 404 1018
201.245.192.253 - - [15/Jan/2024:00:19:30 -0500] "POST /kwsrmcab/Wsrmcab HTTP/1.1" 200 39285
96.78.175.38 - - [15/Jan/2024:00:19:32 -0500] "GET http://190.27.245.106:80/db/scripts/setup.php HTTP/1.0" 404 1018
96.78.175.38 - - [15/Jan/2024:00:19:33 -0500] "GET http://190.27.245.106:80/sqlmanager/scripts/setup.php HTTP/1.0" 404 1018
96.78.175.38 - - [15/Jan/2024:00:19:33 -0500] "GET http://190.27.245.106:80/mysqlmanager/scripts/setup.php HTTP/1.0" 404 1018
96.78.175.38 - - [15/Jan/2024:00:19:33 -0500] "GET http://190.27.245.106:80/phpmanager/scripts/setup.php HTTP/1.0" 404 1018
96.78.175.38 - - [15/Jan/2024:00:19:34 -0500] "GET http://190.27.245.106:80/php-myadmin/scripts/setup.php HTTP/1.0" 404 1018
96.78.175.38 - - [15/Jan/2024:00:19:34 -0500] "GET http://190.27.245.106:80/phpmy-admin/scripts/setup.php HTTP/1.0" 404 1018
96.78.175.38 - - [15/Jan/2024:00:19:34 -0500] "GET http://190.27.245.106:80/mysql-admin/scripts/setup.php HTTP/1.0" 404 1018
201.245.192.253 - - [15/Jan/2024:00:19:48 -0500] "POST /forms/lservlet;jsessionid=ac16012b30d6e9245d4a5ae64507bcdc86473ff87750.e3iSbxaKaheRe34Rb3eTbx8LaNb0n6jAmljGr5XDqQLvpAe HTTP/1.1" 200 2
201.245.192.253 - - [15/Jan/2024:00:20:28 -0500] "POST /forms/lservlet;jsessionid=ac16012b30d6daf3d1e69b9448f9b338854e2531f358.e3iSbxaKaheRe34Rb3eTbx8LaNb0n6jAmljGr5XDqQLvpAe HTTP/1.1" 200 2
95.108.213.151 - - [15/Jan/2024:00:20:37 -0500] "GET /robots.txt HTTP/1.1" 404 1034
87.250.224.76 - - [15/Jan/2024:00:20:38 -0500] "GET /como-obtener-el-certificado-de-estado-de-conservacion-ambiental-ceca.html HTTP/1.1" 200 873
216.245.221.92 - - [15/Jan/2024:00:20:47 -0500] "HEAD / HTTP/1.1" 200 -
201.245.192.253 - - [15/Jan/2024:00:21:15 -0500] "POST /kwsrmcab/Wsrmcab  HTTP/1.1" 200 39439
201.245.192.253 - - [15/Jan/2024:00:21:48 -0500] "POST /forms/lservlet;jsessionid=ac16012b30d6e9245d4a5ae64507bcdc86473ff87750.e3iSbxaKaheRe34Rb3eTbx8LaNb0n6jAmljGr5XDqQLvpAe HTTP/1.1" 200 2
172.22.2.4 - - [15/Jan/2024:00:20:11 -0500] "HEAD /BLA/boletinlegal/ HTTP/1.1" 200 -
201.245.192.253 - - [15/Jan/2024:00:22:28 -0500] "POST /forms/lservlet;jsessionid=ac16012b30d6daf3d1e69b9448f9b338854e2531f358.e3iSbxaKaheRe34Rb3eTbx8LaNb0n6jAmljGr5XDqQLvpAe HTTP/1.1" 200 2
172.22.2.4 - - [15/Jan/2024:00:21:02 -0500] "GET /BLA/boletinlegal/ HTTP/1.1" 200 58166
201.245.192.253 - - [15/Jan/2024:00:23:48 -0500] "POST /forms/lservlet;jsessionid=ac16012b30d6e9245d4a5ae64507bcdc86473ff87750.e3iSbxaKaheRe34Rb3eTbx8LaNb0n6jAmljGr5XDqQLvpAe HTTP/1.1" 200 2
201.245.192.253 - - [15/Jan/2024:00:24:28 -0500] "POST /forms/lservlet;jsessionid=ac16012b30d6daf3d1e69b9448f9b338854e2531f358.e3iSbxaKaheRe34Rb3eTbx8LaNb0n6jAmljGr5XDqQLvpAe HTTP/1.1" 200 2
201.245.192.253 - - [15/Jan/2024:00:24:32 -0500] "POST /kwsrmcab/Wsrmcab HTTP/1.1" 200 38168
201.245.192.253 - - [15/Jan/2024:00:24:35 -0500] "POST /kwsrmcab/Wsrmcab HTTP/1.1" 200 39285
216.245.221.92 - - [15/Jan/2024:00:25:47 -0500] "HEAD / HTTP/1.1" 200 -
201.245.192.253 - - [15/Jan/2024:00:25:48 -0500] "POST /forms/lservlet;jsessionid=ac16012b30d6e9245d4a5ae64507bcdc86473ff87750.e3iSbxaKaheRe34Rb3eTbx8LaNb0n6jAmljGr5XDqQLvpAe HTTP/1.1" 200 2
201.245.192.253 - - [15/Jan/2024:00:26:15 -0500] "POST /kwsrmcab/Wsrmcab  HTTP/1.1" 200 39439
201.245.192.253 - - [15/Jan/2024:00:26:28 -0500] "POST /forms/lservlet;jsessionid=ac16012b30d6daf3d1e69b9448f9b338854e2531f358.e3iSbxaKaheRe34Rb3eTbx8LaNb0n6jAmljGr5XDqQLvpAe HTTP/1.1" 200 2
172.22.2.4 - - [15/Jan/2024:00:26:01 -0500] "HEAD /BLA/boletinlegal/ HTTP/1.1" 200 -
201.245.192.253 - - [15/Jan/2024:00:27:48 -0500] "POST /forms/lservlet;jsessionid=ac16012b30d6e9245d4a5ae64507bcdc86473ff87750.e3iSbxaKaheRe34Rb3eTbx8LaNb0n6jAmljGr5XDqQLvpAe HTTP/1.1" 200 2
201.245.192.253 - - [15/Jan/2024:00:28:28 -0500] "POST /forms/lservlet;jsessionid=ac16012b30d6daf3d1e69b9448f9b338854e2531f358.e3iSbxaKaheRe34Rb3eTbx8LaNb0n6jAmljGr5XDqQLvpAe HTTP/1.1" 200 2
172.22.2.4 - - [15/Jan/2024:00:26:52 -0500] "GET /BLA/boletinlegal/ HTTP/1.1" 200 60996
201.245.192.253 - - [15/Jan/2024:00:28:52 -0500] "POST /kwsrmcab/Wsrmcab HTTP/1.1" 200 38168
104.28.245.173 - - [15/Jan/2024:00:29:06 -0500] "GET /wp-content/plugins/woocommerce-payments/readme.txt HTTP/1.1" 404 1018
52.167.144.212 - - [15/Jan/2024:00:29:29 -0500] "GET /BLA/resoluciones/AUTOS%202020/1004.pdf HTTP/1.1" 200 863405
201.245.192.253 - - [15/Jan/2024:00:29:32 -0500] "POST /kwsrmcab/Wsrmcab HTTP/1.1" 200 39285
201.245.192.253 - - [15/Jan/2024:00:29:48 -0500] "POST /forms/lservlet;jsessionid=ac16012b30d6e9245d4a5ae64507bcdc86473ff87750.e3iSbxaKaheRe34Rb3eTbx8LaNb0n6jAmljGr5XDqQLvpAe HTTP/1.1" 200 2
207.46.13.78 - - [15/Jan/2024:00:30:05 -0500] "GET /portaldeninos/wp-content/uploads/2021/07/inforgrafia-agua-768x3236.jpg HTTP/1.1" 200 408651
201.245.192.253 - - [15/Jan/2024:00:30:28 -0500] "POST /forms/lservlet;jsessionid=ac16012b30d6daf3d1e69b9448f9b338854e2531f358.e3iSbxaKaheRe34Rb3eTbx8LaNb0n6jAmljGr5XDqQLvpAe HTTP/1.1" 200 2
216.245.221.92 - - [15/Jan/2024:00:30:47 -0500] "HEAD / HTTP/1.1" 200 -
201.245.192.253 - - [15/Jan/2024:00:31:13 -0500] "POST /kwsrmcab/Wsrmcab  HTTP/1.1" 200 39439
201.245.192.253 - - [15/Jan/2024:00:31:48 -0500] "POST /forms/lservlet;jsessionid=ac16012b30d6e9245d4a5ae64507bcdc86473ff87750.e3iSbxaKaheRe34Rb3eTbx8LaNb0n6jAmljGr5XDqQLvpAe HTTP/1.1" 200 2
173.252.127.17 - - [15/Jan/2024:00:32:10 -0500] "GET /images/Acuerdos%2001%20(1)%20(1).jpeg HTTP/1.1" 200 32884
201.245.192.253 - - [15/Jan/2024:00:32:28 -0500] "POST /forms/lservlet;jsessionid=ac16012b30d6daf3d1e69b9448f9b338854e2531f358.e3iSbxaKaheRe34Rb3eTbx8LaNb0n6jAmljGr5XDqQLvpAe HTTP/1.1" 200 2
172.22.2.4 - - [15/Jan/2024:00:32:18 -0500] "GET /BLA/boletinlegal/ HTTP/1.1" 200 36811
172.22.2.4 - - [15/Jan/2024:00:31:51 -0500] "HEAD /BLA/boletinlegal/ HTTP/1.1" 200 -
201.245.192.253 - - [15/Jan/2024:00:33:48 -0500] "POST /forms/lservlet;jsessionid=ac16012b30d6e9245d4a5ae64507bcdc86473ff87750.e3iSbxaKaheRe34Rb3eTbx8LaNb0n6jAmljGr5XDqQLvpAe HTTP/1.1" 200 2
172.22.2.4 - - [15/Jan/2024:00:32:42 -0500] "GET /BLA/boletinlegal/ HTTP/1.1" 200 53996
201.245.192.253 - - [15/Jan/2024:00:34:28 -0500] "POST /forms/lservlet;jsessionid=ac16012b30d6daf3d1e69b9448f9b338854e2531f358.e3iSbxaKaheRe34Rb3eTbx8LaNb0n6jAmljGr5XDqQLvpAe HTTP/1.1" 200 2
201.245.192.253 - - [15/Jan/2024:00:34:32 -0500] "POST /kwsrmcab/Wsrmcab HTTP/1.1" 200 38168
201.245.192.253 - - [15/Jan/2024:00:34:36 -0500] "POST /kwsrmcab/Wsrmcab HTTP/1.1" 200 39285
172.22.2.4 - - [15/Jan/2024:00:35:12 -0500] "GET /BLA/boletinlegal/actos.php HTTP/1.1" 200 9648
172.22.2.4 - - [15/Jan/2024:00:35:12 -0500] "GET /BLA/boletinlegal/styles2.css HTTP/1.1" 200 1838
172.22.2.4 - - [15/Jan/2024:00:35:12 -0500] "GET /BLA/boletinlegal/js/ajax_actos.js HTTP/1.1" 200 1322
172.22.2.4 - - [15/Jan/2024:00:35:12 -0500] "GET /BLA/boletinlegal/niceforms-default.css HTTP/1.1" 200 6694
172.22.2.4 - - [15/Jan/2024:00:35:12 -0500] "GET /BLA/boletinlegal/style.css HTTP/1.1" 200 9406
172.22.2.4 - - [15/Jan/2024:00:35:12 -0500] "GET /BLA/boletinlegal/js/lib.js HTTP/1.1" 200 6474
172.22.2.4 - - [15/Jan/2024:00:35:12 -0500] "GET /BLA/boletinlegal/js/popup.js HTTP/1.1" 200 1270
172.22.2.4 - - [15/Jan/2024:00:35:12 -0500] "GET /BLA/boletinlegal/niceforms.js HTTP/1.1" 200 22876
172.22.2.4 - - [15/Jan/2024:00:35:12 -0500] "GET /BLA/boletinlegal/js/jquery1.js HTTP/1.1" 200 29846
172.22.2.4 - - [15/Jan/2024:00:35:12 -0500] "GET /BLA/boletinlegal/images/cabezote%20BLEGAL.jpg HTTP/1.1" 200 118164
172.22.2.4 - - [15/Jan/2024:00:35:13 -0500] "GET /BLA/boletinlegal/images/subscribe-icon-big.png HTTP/1.1" 200 47702
172.22.2.4 - - [15/Jan/2024:00:35:13 -0500] "GET /BLA/boletinlegal/images/registro-usuarios.png HTTP/1.1" 200 8106
172.22.2.4 - - [15/Jan/2024:00:35:13 -0500] "GET /BLA/boletinlegal/images/green-yellow-blue-pink-th.png HTTP/1.1" 200 7394
172.22.2.4 - - [15/Jan/2024:00:35:13 -0500] "GET /BLA/boletinlegal/images/tel.png HTTP/1.1" 200 14477
172.22.2.4 - - [15/Jan/2024:00:35:13 -0500] "GET /BLA/boletinlegal/images/historia.png HTTP/1.1" 200 52775
172.22.2.4 - - [15/Jan/2024:00:35:13 -0500] "GET /BLA/boletinlegal/images/body_bg.jpg HTTP/1.1" 200 1601
172.22.2.4 - - [15/Jan/2024:00:35:13 -0500] "GET /BLA/boletinlegal/images/icono-email.png HTTP/1.1" 200 5544
172.22.2.4 - - [15/Jan/2024:00:35:13 -0500] "GET /BLA/boletinlegal/images/menu_lft.gif HTTP/1.1" 200 1713
172.22.2.4 - - [15/Jan/2024:00:35:13 -0500] "GET /BLA/boletinlegal/images/menu_rght.gif HTTP/1.1" 200 1627
172.22.2.4 - - [15/Jan/2024:00:35:13 -0500] "GET /BLA/boletinlegal/images/bg_top.jpg HTTP/1.1" 200 522
172.22.2.4 - - [15/Jan/2024:00:35:13 -0500] "GET /BLA/boletinlegal/images/menu_bg.jpg HTTP/1.1" 200 620
172.22.2.4 - - [15/Jan/2024:00:35:13 -0500] "GET /BLA/boletinlegal/images/hover.jpg HTTP/1.1" 200 640
172.22.2.4 - - [15/Jan/2024:00:35:13 -0500] "GET /BLA/boletinlegal/images/text.jpg HTTP/1.1" 200 568
172.22.2.4 - - [15/Jan/2024:00:35:13 -0500] "GET /BLA/boletinlegal/images/footer_bg_l.jpg HTTP/1.1" 200 776
172.22.2.4 - - [15/Jan/2024:00:35:13 -0500] "GET /BLA/boletinlegal/images/footer_bg.jpg HTTP/1.1" 200 586
172.22.2.4 - - [15/Jan/2024:00:35:13 -0500] "GET /BLA/boletinlegal/img/0.png HTTP/1.1" 200 110
172.22.2.4 - - [15/Jan/2024:00:35:13 -0500] "GET /BLA/boletinlegal/img/button-left.png HTTP/1.1" 200 57071
172.22.2.4 - - [15/Jan/2024:00:35:13 -0500] "GET /BLA/boletinlegal/img/select-right.png HTTP/1.1" 200 44019
172.22.2.4 - - [15/Jan/2024:00:35:13 -0500] "GET /BLA/boletinlegal/img/button.png HTTP/1.1" 200 43241
172.22.2.4 - - [15/Jan/2024:00:35:13 -0500] "GET /BLA/boletinlegal/img/select-left.png HTTP/1.1" 200 263
172.22.2.4 - - [15/Jan/2024:00:35:13 -0500] "GET /BLA/boletinlegal/img/button-right.png HTTP/1.1" 200 57878
172.22.2.4 - - [15/Jan/2024:00:35:13 -0500] "GET /BLA/boletinlegal/favicon.ico HTTP/1.1" 404 1326
216.245.221.92 - - [15/Jan/2024:00:35:47 -0500] "HEAD / HTTP/1.1" 200 -
201.245.192.253 - - [15/Jan/2024:00:35:48 -0500] "POST /forms/lservlet;jsessionid=ac16012b30d6e9245d4a5ae64507bcdc86473ff87750.e3iSbxaKaheRe34Rb3eTbx8LaNb0n6jAmljGr5XDqQLvpAe HTTP/1.1" 200 2
172.22.2.4 - - [15/Jan/2024:00:36:14 -0500] "GET /BLA/boletinlegal/.well-known/traffic-advice HTTP/1.1" 404 1038
201.245.192.253 - - [15/Jan/2024:00:36:12 -0500] "POST /kwsrmcab/Wsrmcab  HTTP/1.1" 200 39439
172.22.2.4 - - [15/Jan/2024:00:36:17 -0500] "GET /BLA/boletinlegal/actos.php HTTP/1.1" 200 9648
172.22.2.4 - - [15/Jan/2024:00:36:22 -0500] "GET /BLA/boletinlegal/images/screen_2.png HTTP/1.1" 200 362502
172.22.2.4 - - [15/Jan/2024:00:36:22 -0500] "GET /BLA/boletinlegal/images/screen_5.png HTTP/1.1" 200 368876
172.22.2.4 - - [15/Jan/2024:00:36:22 -0500] "GET /BLA/boletinlegal/images/arr_r.jpg HTTP/1.1" 200 1998
172.22.2.4 - - [15/Jan/2024:00:36:22 -0500] "GET /BLA/boletinlegal/images/screen_3.png HTTP/1.1" 200 210620
201.245.192.253 - - [15/Jan/2024:00:36:28 -0500] "POST /forms/lservlet;jsessionid=ac16012b30d6daf3d1e69b9448f9b338854e2531f358.e3iSbxaKaheRe34Rb3eTbx8LaNb0n6jAmljGr5XDqQLvpAe HTTP/1.1" 200 2
172.22.2.4 - - [15/Jan/2024:00:36:31 -0500] "GET /BLA/boletinlegal/consulta_actos.php?tipo=resoluciones&no=812&usuario=&sector=&fecha=2021&resuelve= HTTP/1.1" 200 2028
172.22.2.4 - - [15/Jan/2024:00:36:31 -0500] "GET /BLA/boletinlegal/images/background.gif HTTP/1.1" 200 -
181.237.243.230 - - [15/Jan/2024:00:36:35 -0500] "GET /BLA/resoluciones/RESOLUCIONES%202021/0812.pdf HTTP/1.1" 200 524141
172.22.2.4 - - [15/Jan/2024:00:36:14 -0500] "GET /BLA/boletinlegal/ HTTP/1.1" 200 24523
172.22.2.4 - - [15/Jan/2024:00:37:13 -0500] "GET /BLA/boletinlegal/consulta_actos.php?tipo=resoluciones&no=1169&usuario=&sector=&fecha=2021&resuelve= HTTP/1.1" 200 1102
181.237.243.230 - - [15/Jan/2024:00:37:14 -0500] "GET /BLA/resoluciones/RESOLUCIONES%202021/1169.pdf HTTP/1.1" 200 551038
201.245.192.253 - - [15/Jan/2024:00:37:48 -0500] "POST /forms/lservlet;jsessionid=ac16012b30d6e9245d4a5ae64507bcdc86473ff87750.e3iSbxaKaheRe34Rb3eTbx8LaNb0n6jAmljGr5XDqQLvpAe HTTP/1.1" 200 2
172.22.2.4 - - [15/Jan/2024:00:36:14 -0500] "GET /BLA/boletinlegal/ HTTP/1.1" 200 60529
172.22.2.4 - - [15/Jan/2024:00:38:12 -0500] "GET /BLA/boletinlegal/consulta_actos.php?tipo=resoluciones&no=2078&usuario=&sector=&fecha=2021&resuelve= HTTP/1.1" 200 1136
181.237.243.230 - - [15/Jan/2024:00:38:13 -0500] "GET /BLA/resoluciones/RESOLUCIONES%202021/2078.pdf HTTP/1.1" 200 507594
201.245.192.253 - - [15/Jan/2024:00:38:28 -0500] "POST /forms/lservlet;jsessionid=ac16012b30d6daf3d1e69b9448f9b338854e2531f358.e3iSbxaKaheRe34Rb3eTbx8LaNb0n6jAmljGr5XDqQLvpAe HTTP/1.1" 200 2
52.167.144.182 - - [15/Jan/2024:00:38:29 -0500] "GET /secretaria-de-ambiente-reconocio-entidades-por-sus-buenas-practicas-ambientales.html HTTP/1.1" 200 892
172.22.2.4 - - [15/Jan/2024:00:38:32 -0500] "GET /BLA/boletinlegal/consulta_actos.php?tipo=resoluciones&no=1097&usuario=&sector=&fecha=2021&resuelve= HTTP/1.1" 200 626
172.22.2.4 - - [15/Jan/2024:00:38:34 -0500] "GET /BLA/boletinlegal/consulta_actos.php?tipo=resoluciones&no=1097&usuario=&sector=&fecha=2021&resuelve= HTTP/1.1" 200 626
172.22.2.4 - - [15/Jan/2024:00:38:46 -0500] "GET /BLA/boletinlegal/consulta_actos.php?tipo=resoluciones&no=2078&usuario=&sector=&fecha=2021&resuelve= HTTP/1.1" 200 1136
201.245.192.253 - - [15/Jan/2024:00:38:52 -0500] "POST /kwsrmcab/Wsrmcab HTTP/1.1" 200 38168
172.22.2.4 - - [15/Jan/2024:00:39:18 -0500] "GET /BLA/boletinlegal/consulta_actos.php?tipo=resoluciones&no=809&usuario=&sector=&fecha=2021&resuelve= HTTP/1.1" 200 2052
172.22.2.4 - - [15/Jan/2024:00:37:41 -0500] "HEAD /BLA/boletinlegal/ HTTP/1.1" 200 -
181.237.243.230 - - [15/Jan/2024:00:39:22 -0500] "GET /BLA/resoluciones/RESOLUCIONES%202021/0809.pdf HTTP/1.1" 200 597205
201.245.192.253 - - [15/Jan/2024:00:39:30 -0500] "POST /kwsrmcab/Wsrmcab HTTP/1.1" 200 39285
201.245.192.253 - - [15/Jan/2024:00:39:48 -0500] "POST /forms/lservlet;jsessionid=ac16012b30d6e9245d4a5ae64507bcdc86473ff87750.e3iSbxaKaheRe34Rb3eTbx8LaNb0n6jAmljGr5XDqQLvpAe HTTP/1.1" 200 2
172.22.2.4 - - [15/Jan/2024:00:38:32 -0500] "GET /BLA/boletinlegal/ HTTP/1.1" 200 53383
201.245.192.253 - - [15/Jan/2024:00:40:28 -0500] "POST /forms/lservlet;jsessionid=ac16012b30d6daf3d1e69b9448f9b338854e2531f358.e3iSbxaKaheRe34Rb3eTbx8LaNb0n6jAmljGr5XDqQLvpAe HTTP/1.1" 200 2
216.245.221.92 - - [15/Jan/2024:00:40:47 -0500] "HEAD / HTTP/1.1" 200 -
201.245.192.253 - - [15/Jan/2024:00:41:11 -0500] "POST /kwsrmcab/Wsrmcab  HTTP/1.1" 200 39439
201.245.192.253 - - [15/Jan/2024:00:41:48 -0500] "POST /forms/lservlet;jsessionid=ac16012b30d6e9245d4a5ae64507bcdc86473ff87750.e3iSbxaKaheRe34Rb3eTbx8LaNb0n6jAmljGr5XDqQLvpAe HTTP/1.1" 200 2
201.245.192.253 - - [15/Jan/2024:00:42:28 -0500] "POST /forms/lservlet;jsessionid=ac16012b30d6daf3d1e69b9448f9b338854e2531f358.e3iSbxaKaheRe34Rb3eTbx8LaNb0n6jAmljGr5XDqQLvpAe HTTP/1.1" 200 2
146.19.24.23 - - [15/Jan/2024:00:42:48 -0500] "GET / HTTP/1.1" 200 319
172.22.2.4 - - [15/Jan/2024:00:43:46 -0500] "GET /BLA/boletinlegal/robots.txt HTTP/1.1" 404 1018
201.245.192.253 - - [15/Jan/2024:00:43:48 -0500] "POST /forms/lservlet;jsessionid=ac16012b30d6e9245d4a5ae64507bcdc86473ff87750.e3iSbxaKaheRe34Rb3eTbx8LaNb0n6jAmljGr5XDqQLvpAe HTTP/1.1" 200 2
45.33.80.243 - - [15/Jan/2024:00:44:08 -0500] "\x16\x03\x01" 400 226
201.245.192.253 - - [15/Jan/2024:00:44:28 -0500] "POST /forms/lservlet;jsessionid=ac16012b30d6daf3d1e69b9448f9b338854e2531f358.e3iSbxaKaheRe34Rb3eTbx8LaNb0n6jAmljGr5XDqQLvpAe HTTP/1.1" 200 2
172.22.2.4 - - [15/Jan/2024:00:43:31 -0500] "HEAD /BLA/boletinlegal/ HTTP/1.1" 200 -
167.94.146.51 - - [15/Jan/2024:00:45:22 -0500] "GET / HTTP/1.1" 200 319
167.94.146.51 - - [15/Jan/2024:00:45:26 -0500] "GET / HTTP/1.1" 200 319
167.94.146.51 - - [15/Jan/2024:00:45:26 -0500] "PRI * HTTP/2.0" 400 946
167.94.146.51 - - [15/Jan/2024:00:45:26 -0500] "GET /favicon.ico HTTP/1.1" 200 7782
216.245.221.92 - - [15/Jan/2024:00:45:47 -0500] "HEAD / HTTP/1.1" 200 -
201.245.192.253 - - [15/Jan/2024:00:45:48 -0500] "POST /forms/lservlet;jsessionid=ac16012b30d6e9245d4a5ae64507bcdc86473ff87750.e3iSbxaKaheRe34Rb3eTbx8LaNb0n6jAmljGr5XDqQLvpAe HTTP/1.1" 200 2
172.22.2.4 - - [15/Jan/2024:00:44:22 -0500] "GET /BLA/boletinlegal/ HTTP/1.1" 200 58666
201.245.192.253 - - [15/Jan/2024:00:46:08 -0500] "POST /kwsrmcab/Wsrmcab  HTTP/1.1" 200 39439
201.245.192.253 - - [15/Jan/2024:00:46:28 -0500] "POST /forms/lservlet;jsessionid=ac16012b30d6daf3d1e69b9448f9b338854e2531f358.e3iSbxaKaheRe34Rb3eTbx8LaNb0n6jAmljGr5XDqQLvpAe HTTP/1.1" 200 2
66.249.66.20 - - [15/Jan/2024:00:46:29 -0500] "GET /Publicaciones/2023EE263802.pdf HTTP/1.1" 404 228
201.245.192.253 - - [15/Jan/2024:00:47:48 -0500] "POST /forms/lservlet;jsessionid=ac16012b30d6e9245d4a5ae64507bcdc86473ff87750.e3iSbxaKaheRe34Rb3eTbx8LaNb0n6jAmljGr5XDqQLvpAe HTTP/1.1" 200 2
201.245.192.253 - - [15/Jan/2024:00:48:28 -0500] "POST /forms/lservlet;jsessionid=ac16012b30d6daf3d1e69b9448f9b338854e2531f358.e3iSbxaKaheRe34Rb3eTbx8LaNb0n6jAmljGr5XDqQLvpAe HTTP/1.1" 200 2
154.12.229.233 - - [15/Jan/2024:00:49:05 -0500] "GET /.env HTTP/1.1" 404 1018
154.12.229.233 - - [15/Jan/2024:00:49:05 -0500] "POST / HTTP/1.1" 200 319
201.245.192.253 - - [15/Jan/2024:00:49:48 -0500] "POST /forms/lservlet;jsessionid=ac16012b30d6e9245d4a5ae64507bcdc86473ff87750.e3iSbxaKaheRe34Rb3eTbx8LaNb0n6jAmljGr5XDqQLvpAe HTTP/1.1" 200 2
198.235.24.35 - - [15/Jan/2024:00:49:56 -0500] "GET / HTTP/1.1" 200 319
201.245.192.253 - - [15/Jan/2024:00:50:28 -0500] "POST /forms/lservlet;jsessionid=ac16012b30d6daf3d1e69b9448f9b338854e2531f358.e3iSbxaKaheRe34Rb3eTbx8LaNb0n6jAmljGr5XDqQLvpAe HTTP/1.1" 200 2
216.245.221.92 - - [15/Jan/2024:00:50:47 -0500] "HEAD / HTTP/1.1" 200 -
172.22.2.4 - - [15/Jan/2024:00:49:21 -0500] "HEAD /BLA/boletinlegal/ HTTP/1.1" 200 -
201.245.192.253 - - [15/Jan/2024:00:51:07 -0500] "POST /kwsrmcab/Wsrmcab  HTTP/1.1" 200 39439
201.245.192.253 - - [15/Jan/2024:00:51:48 -0500] "POST /forms/lservlet;jsessionid=ac16012b30d6e9245d4a5ae64507bcdc86473ff87750.e3iSbxaKaheRe34Rb3eTbx8LaNb0n6jAmljGr5XDqQLvpAe HTTP/1.1" 200 2
172.22.2.4 - - [15/Jan/2024:00:50:12 -0500] "GET /BLA/boletinlegal/ HTTP/1.1" 200 59050
207.46.13.155 - - [15/Jan/2024:00:52:14 -0500] "GET /BLA/resoluciones/AUTOS%202022/0446.pdf HTTP/1.1" 304 -
201.245.192.253 - - [15/Jan/2024:00:52:28 -0500] "POST /forms/lservlet;jsessionid=ac16012b30d6daf3d1e69b9448f9b338854e2531f358.e3iSbxaKaheRe34Rb3eTbx8LaNb0n6jAmljGr5XDqQLvpAe HTTP/1.1" 200 2
201.245.192.253 - - [15/Jan/2024:00:53:48 -0500] "POST /forms/lservlet;jsessionid=ac16012b30d6e9245d4a5ae64507bcdc86473ff87750.e3iSbxaKaheRe34Rb3eTbx8LaNb0n6jAmljGr5XDqQLvpAe HTTP/1.1" 200 2
201.245.192.253 - - [15/Jan/2024:00:54:28 -0500] "POST /forms/lservlet;jsessionid=ac16012b30d6daf3d1e69b9448f9b338854e2531f358.e3iSbxaKaheRe34Rb3eTbx8LaNb0n6jAmljGr5XDqQLvpAe HTTP/1.1" 200 2
66.249.79.166 - - [15/Jan/2024:00:55:39 -0500] "GET /inscribete-al-monitoreo-nocturno-en-celebracion-de-la-semana-de-las-polillas.html HTTP/1.1" 200 756
216.245.221.92 - - [15/Jan/2024:00:55:47 -0500] "HEAD / HTTP/1.1" 200 -
201.245.192.253 - - [15/Jan/2024:00:55:48 -0500] "POST /forms/lservlet;jsessionid=ac16012b30d6e9245d4a5ae64507bcdc86473ff87750.e3iSbxaKaheRe34Rb3eTbx8LaNb0n6jAmljGr5XDqQLvpAe HTTP/1.1" 200 2
201.245.192.253 - - [15/Jan/2024:00:56:06 -0500] "POST /kwsrmcab/Wsrmcab  HTTP/1.1" 200 39439
201.245.192.253 - - [15/Jan/2024:00:56:28 -0500] "POST /forms/lservlet;jsessionid=ac16012b30d6daf3d1e69b9448f9b338854e2531f358.e3iSbxaKaheRe34Rb3eTbx8LaNb0n6jAmljGr5XDqQLvpAe HTTP/1.1" 200 2
172.22.2.4 - - [15/Jan/2024:00:55:11 -0500] "HEAD /BLA/boletinlegal/ HTTP/1.1" 200 -
172.22.2.4 - - [15/Jan/2024:00:56:02 -0500] "GET /BLA/boletinlegal/ HTTP/1.1" 200 58666
201.245.192.253 - - [15/Jan/2024:00:57:48 -0500] "POST /forms/lservlet;jsessionid=ac16012b30d6e9245d4a5ae64507bcdc86473ff87750.e3iSbxaKaheRe34Rb3eTbx8LaNb0n6jAmljGr5XDqQLvpAe HTTP/1.1" 200 2
201.245.192.253 - - [15/Jan/2024:00:58:28 -0500] "POST /forms/lservlet;jsessionid=ac16012b30d6daf3d1e69b9448f9b338854e2531f358.e3iSbxaKaheRe34Rb3eTbx8LaNb0n6jAmljGr5XDqQLvpAe HTTP/1.1" 200 2
201.245.192.253 - - [15/Jan/2024:00:59:48 -0500] "POST /forms/lservlet;jsessionid=ac16012b30d6e9245d4a5ae64507bcdc86473ff87750.e3iSbxaKaheRe34Rb3eTbx8LaNb0n6jAmljGr5XDqQLvpAe HTTP/1.1" 200 2
201.245.192.253 - - [15/Jan/2024:01:00:28 -0500] "POST /forms/lservlet;jsessionid=ac16012b30d6daf3d1e69b9448f9b338854e2531f358.e3iSbxaKaheRe34Rb3eTbx8LaNb0n6jAmljGr5XDqQLvpAe HTTP/1.1" 200 2
216.245.221.92 - - [15/Jan/2024:01:00:47 -0500] "HEAD / HTTP/1.1" 200 -
201.245.192.253 - - [15/Jan/2024:01:01:05 -0500] "POST /kwsrmcab/Wsrmcab  HTTP/1.1" 200 39439
201.245.192.253 - - [15/Jan/2024:01:01:48 -0500] "POST /forms/lservlet;jsessionid=ac16012b30d6e9245d4a5ae64507bcdc86473ff87750.e3iSbxaKaheRe34Rb3eTbx8LaNb0n6jAmljGr5XDqQLvpAe HTTP/1.1" 200 2
201.245.192.253 - - [15/Jan/2024:01:02:28 -0500] "POST /forms/lservlet;jsessionid=ac16012b30d6daf3d1e69b9448f9b338854e2531f358.e3iSbxaKaheRe34Rb3eTbx8LaNb0n6jAmljGr5XDqQLvpAe HTTP/1.1" 200 2
172.22.2.4 - - [15/Jan/2024:01:01:01 -0500] "HEAD /BLA/boletinlegal/ HTTP/1.1" 200 -
31.13.127.11 - - [15/Jan/2024:01:03:30 -0500] "GET /images/Caminatas%20(1)%20(2).jpeg HTTP/1.1" 200 81411
172.22.2.4 - - [15/Jan/2024:01:01:52 -0500] "GET /BLA/boletinlegal/ HTTP/1.1" 200 58666
201.245.192.253 - - [15/Jan/2024:01:03:48 -0500] "POST /forms/lservlet;jsessionid=ac16012b30d6e9245d4a5ae64507bcdc86473ff87750.e3iSbxaKaheRe34Rb3eTbx8LaNb0n6jAmljGr5XDqQLvpAe HTTP/1.1" 200 2
201.245.192.253 - - [15/Jan/2024:01:04:28 -0500] "POST /forms/lservlet;jsessionid=ac16012b30d6daf3d1e69b9448f9b338854e2531f358.e3iSbxaKaheRe34Rb3eTbx8LaNb0n6jAmljGr5XDqQLvpAe HTTP/1.1" 200 2
216.245.221.92 - - [15/Jan/2024:01:05:47 -0500] "HEAD / HTTP/1.1" 200 -
201.245.192.253 - - [15/Jan/2024:01:05:48 -0500] "POST /forms/lservlet;jsessionid=ac16012b30d6e9245d4a5ae64507bcdc86473ff87750.e3iSbxaKaheRe34Rb3eTbx8LaNb0n6jAmljGr5XDqQLvpAe HTTP/1.1" 200 2
201.245.192.253 - - [15/Jan/2024:01:06:03 -0500] "POST /kwsrmcab/Wsrmcab  HTTP/1.1" 200 39439
201.245.192.253 - - [15/Jan/2024:01:06:28 -0500] "POST /forms/lservlet;jsessionid=ac16012b30d6daf3d1e69b9448f9b338854e2531f358.e3iSbxaKaheRe34Rb3eTbx8LaNb0n6jAmljGr5XDqQLvpAe HTTP/1.1" 200 2
201.245.192.253 - - [15/Jan/2024:01:07:48 -0500] "POST /forms/lservlet;jsessionid=ac16012b30d6e9245d4a5ae64507bcdc86473ff87750.e3iSbxaKaheRe34Rb3eTbx8LaNb0n6jAmljGr5XDqQLvpAe HTTP/1.1" 200 2
201.245.192.253 - - [15/Jan/2024:01:08:28 -0500] "POST /forms/lservlet;jsessionid=ac16012b30d6daf3d1e69b9448f9b338854e2531f358.e3iSbxaKaheRe34Rb3eTbx8LaNb0n6jAmljGr5XDqQLvpAe HTTP/1.1" 200 2
172.22.2.4 - - [15/Jan/2024:01:06:51 -0500] "HEAD /BLA/boletinlegal/ HTTP/1.1" 200 -
71.6.232.26 - - [15/Jan/2024:01:08:57 -0500] "GET / HTTP/1.1" 200 319
172.22.2.4 - - [15/Jan/2024:01:07:42 -0500] "GET /BLA/boletinlegal/ HTTP/1.1" 200 60529
201.245.192.253 - - [15/Jan/2024:01:09:48 -0500] "POST /forms/lservlet;jsessionid=ac16012b30d6e9245d4a5ae64507bcdc86473ff87750.e3iSbxaKaheRe34Rb3eTbx8LaNb0n6jAmljGr5XDqQLvpAe HTTP/1.1" 200 2
201.245.192.253 - - [15/Jan/2024:01:10:28 -0500] "POST /forms/lservlet;jsessionid=ac16012b30d6daf3d1e69b9448f9b338854e2531f358.e3iSbxaKaheRe34Rb3eTbx8LaNb0n6jAmljGr5XDqQLvpAe HTTP/1.1" 200 2
216.245.221.92 - - [15/Jan/2024:01:10:47 -0500] "HEAD / HTTP/1.1" 200 -
201.245.192.253 - - [15/Jan/2024:01:11:02 -0500] "POST /kwsrmcab/Wsrmcab  HTTP/1.1" 200 39439
201.245.192.253 - - [15/Jan/2024:01:11:48 -0500] "POST /forms/lservlet;jsessionid=ac16012b30d6e9245d4a5ae64507bcdc86473ff87750.e3iSbxaKaheRe34Rb3eTbx8LaNb0n6jAmljGr5XDqQLvpAe HTTP/1.1" 200 2
95.108.213.253 - - [15/Jan/2024:01:11:59 -0500] "GET /robots.txt HTTP/1.1" 404 1034
213.180.203.122 - - [15/Jan/2024:01:12:00 -0500] "GET /este-jueves-muevete-sostenible-y-dale-un-respiro-a-la-ciudad-en-el-dia-sin-carro-y-sin-moto.html HTTP/1.1" 200 913
201.245.192.253 - - [15/Jan/2024:01:12:28 -0500] "POST /forms/lservlet;jsessionid=ac16012b30d6daf3d1e69b9448f9b338854e2531f358.e3iSbxaKaheRe34Rb3eTbx8LaNb0n6jAmljGr5XDqQLvpAe HTTP/1.1" 200 2
201.245.192.253 - - [15/Jan/2024:01:13:48 -0500] "POST /forms/lservlet;jsessionid=ac16012b30d6e9245d4a5ae64507bcdc86473ff87750.e3iSbxaKaheRe34Rb3eTbx8LaNb0n6jAmljGr5XDqQLvpAe HTTP/1.1" 200 2
172.22.2.4 - - [15/Jan/2024:01:14:19 -0500] "GET /BLA/boletinlegal/normativa.php HTTP/1.1" 200 8343
172.22.2.4 - - [15/Jan/2024:01:12:41 -0500] "HEAD /BLA/boletinlegal/ HTTP/1.1" 200 -
201.245.192.253 - - [15/Jan/2024:01:14:28 -0500] "POST /forms/lservlet;jsessionid=ac16012b30d6daf3d1e69b9448f9b338854e2531f358.e3iSbxaKaheRe34Rb3eTbx8LaNb0n6jAmljGr5XDqQLvpAe HTTP/1.1" 200 2
201.245.192.253 - - [15/Jan/2024:01:14:32 -0500] "POST /kwsrmcab/Wsrmcab HTTP/1.1" 200 38173
201.245.192.253 - - [15/Jan/2024:01:14:36 -0500] "POST /kwsrmcab/Wsrmcab HTTP/1.1" 200 39273
172.22.2.4 - - [15/Jan/2024:01:13:32 -0500] "GET /BLA/boletinlegal/ HTTP/1.1" 200 58166
216.245.221.92 - - [15/Jan/2024:01:15:47 -0500] "HEAD / HTTP/1.1" 200 -
201.245.192.253 - - [15/Jan/2024:01:15:48 -0500] "POST /forms/lservlet;jsessionid=ac16012b30d6e9245d4a5ae64507bcdc86473ff87750.e3iSbxaKaheRe34Rb3eTbx8LaNb0n6jAmljGr5XDqQLvpAe HTTP/1.1" 200 2
172.22.2.4 - - [15/Jan/2024:01:15:51 -0500] "GET /BLA/boletinlegal/consulta_actos.php?tipo=resoluciones&no=1802&usuario=&sector=&fecha=2020&resuelve= HTTP/1.1" 200 1100
181.237.243.230 - - [15/Jan/2024:01:15:53 -0500] "GET /BLA/resoluciones/RESOLUCIONES%202020/1802.pdf HTTP/1.1" 200 515075
201.245.192.253 - - [15/Jan/2024:01:16:01 -0500] "POST /kwsrmcab/Wsrmcab  HTTP/1.1" 200 39439
201.245.192.253 - - [15/Jan/2024:01:16:28 -0500] "POST /forms/lservlet;jsessionid=ac16012b30d6daf3d1e69b9448f9b338854e2531f358.e3iSbxaKaheRe34Rb3eTbx8LaNb0n6jAmljGr5XDqQLvpAe HTTP/1.1" 200 2
172.22.2.4 - - [15/Jan/2024:01:16:29 -0500] "GET /BLA/boletinlegal/consulta_actos.php?tipo=resoluciones&no=1108&usuario=&sector=&fecha=2021&resuelve= HTTP/1.1" 200 1101
181.237.243.230 - - [15/Jan/2024:01:16:30 -0500] "GET /BLA/resoluciones/RESOLUCIONES%202021/1108.pdf HTTP/1.1" 200 451285
152.61.192.232 - - [15/Jan/2024:01:16:56 -0500] "GET / HTTP/1.1" 200 319
172.22.2.4 - - [15/Jan/2024:01:17:05 -0500] "GET /BLA/boletinlegal/consulta_actos.php?tipo=resoluciones&no=186&usuario=&sector=&fecha=2023&resuelve= HTTP/1.1" 200 1295
181.237.243.230 - - [15/Jan/2024:01:17:07 -0500] "GET /BLA/resoluciones/RESOLUCIONES%202023/0186.pdf HTTP/1.1" 200 393420
201.245.192.253 - - [15/Jan/2024:01:17:48 -0500] "POST /forms/lservlet;jsessionid=ac16012b30d6e9245d4a5ae64507bcdc86473ff87750.e3iSbxaKaheRe34Rb3eTbx8LaNb0n6jAmljGr5XDqQLvpAe HTTP/1.1" 200 2
172.22.2.4 - - [15/Jan/2024:01:17:54 -0500] "GET /BLA/boletinlegal/consulta_actos.php?tipo=resoluciones&no=3111&usuario=&sector=&fecha=2019&resuelve= HTTP/1.1" 200 1155
181.237.243.230 - - [15/Jan/2024:01:17:56 -0500] "GET /BLA/resoluciones/RESOLUCIONES%202019/3111.pdf HTTP/1.1" 200 583489
172.22.2.4 - - [15/Jan/2024:01:18:27 -0500] "GET /BLA/boletinlegal/consulta_actos.php?tipo=resoluciones&no=2230&usuario=&sector=&fecha=2021&resuelve= HTTP/1.1" 200 1268
201.245.192.253 - - [15/Jan/2024:01:18:28 -0500] "POST /forms/lservlet;jsessionid=ac16012b30d6daf3d1e69b9448f9b338854e2531f358.e3iSbxaKaheRe34Rb3eTbx8LaNb0n6jAmljGr5XDqQLvpAe HTTP/1.1" 200 2
181.237.243.230 - - [15/Jan/2024:01:18:28 -0500] "GET /BLA/resoluciones/RESOLUCIONES%202021/2230.pdf HTTP/1.1" 200 975712
201.245.192.253 - - [15/Jan/2024:01:18:52 -0500] "POST /kwsrmcab/Wsrmcab HTTP/1.1" 200 38173
172.22.2.4 - - [15/Jan/2024:01:18:57 -0500] "GET /BLA/boletinlegal/consulta_actos.php?tipo=resoluciones&no=2608&usuario=&sector=&fecha=2021&resuelve= HTTP/1.1" 200 1101
181.237.243.230 - - [15/Jan/2024:01:18:58 -0500] "GET /BLA/resoluciones/RESOLUCIONES%202021/2608.pdf HTTP/1.1" 200 531052
52.167.144.228 - - [15/Jan/2024:01:19:14 -0500] "GET /derechos-de-construccion-estrategia-del-distrito-para-adquirir-predios-privados-en-la-van-der-hammen-y-los-cerros-orientales.html HTTP/1.1" 200 912
172.22.2.4 - - [15/Jan/2024:01:19:23 -0500] "GET /BLA/boletinlegal/consulta_actos.php?tipo=resoluciones&no=3103&usuario=&sector=&fecha=2019&resuelve= HTTP/1.1" 200 1101
181.237.243.230 - - [15/Jan/2024:01:19:25 -0500] "GET /BLA/resoluciones/RESOLUCIONES%202019/3103.pdf HTTP/1.1" 200 804543
201.245.192.253 - - [15/Jan/2024:01:19:31 -0500] "POST /kwsrmcab/Wsrmcab HTTP/1.1" 200 39273
201.245.192.253 - - [15/Jan/2024:01:19:48 -0500] "POST /forms/lservlet;jsessionid=ac16012b30d6e9245d4a5ae64507bcdc86473ff87750.e3iSbxaKaheRe34Rb3eTbx8LaNb0n6jAmljGr5XDqQLvpAe HTTP/1.1" 200 2
172.22.2.4 - - [15/Jan/2024:01:19:56 -0500] "GET /BLA/boletinlegal/consulta_actos.php?tipo=resoluciones&no=2440&usuario=&sector=&fecha=2021&resuelve= HTTP/1.1" 200 1244
181.237.243.230 - - [15/Jan/2024:01:19:58 -0500] "GET /BLA/resoluciones/RESOLUCIONES%202021/2440.pdf HTTP/1.1" 200 1094227
172.22.2.4 - - [15/Jan/2024:01:18:31 -0500] "HEAD /BLA/boletinlegal/ HTTP/1.1" 200 -
201.245.192.253 - - [15/Jan/2024:01:20:28 -0500] "POST /forms/lservlet;jsessionid=ac16012b30d6daf3d1e69b9448f9b338854e2531f358.e3iSbxaKaheRe34Rb3eTbx8LaNb0n6jAmljGr5XDqQLvpAe HTTP/1.1" 200 2
172.22.2.4 - - [15/Jan/2024:01:20:28 -0500] "GET /BLA/boletinlegal/consulta_actos.php?tipo=resoluciones&no=0965&usuario=&sector=&fecha=2022&resuelve= HTTP/1.1" 200 1103
181.237.243.230 - - [15/Jan/2024:01:20:30 -0500] "GET /BLA/resoluciones/RESOLUCIONES%202022/0965.pdf HTTP/1.1" 200 562171
216.245.221.92 - - [15/Jan/2024:01:20:47 -0500] "HEAD / HTTP/1.1" 200 -
172.22.2.4 - - [15/Jan/2024:01:20:57 -0500] "GET /BLA/boletinlegal/consulta_actos.php?tipo=resoluciones&no=5016&usuario=&sector=&fecha=2022&resuelve= HTTP/1.1" 200 1104
181.237.243.230 - - [15/Jan/2024:01:20:58 -0500] "GET /BLA/resoluciones/RESOLUCIONES%202022/5016.pdf HTTP/1.1" 200 510557
172.22.2.4 - - [15/Jan/2024:01:19:22 -0500] "GET /BLA/boletinlegal/ HTTP/1.1" 200 58666
201.245.192.253 - - [15/Jan/2024:01:21:00 -0500] "POST /kwsrmcab/Wsrmcab  HTTP/1.1" 200 39439
172.22.2.4 - - [15/Jan/2024:01:21:26 -0500] "GET /BLA/boletinlegal/consulta_actos.php?tipo=resoluciones&no=1817&usuario=&sector=&fecha=2023&resuelve= HTTP/1.1" 200 1103
181.237.243.230 - - [15/Jan/2024:01:21:28 -0500] "GET /BLA/resoluciones/RESOLUCIONES%202023/1817.pdf HTTP/1.1" 200 486419
201.245.192.253 - - [15/Jan/2024:01:21:48 -0500] "POST /forms/lservlet;jsessionid=ac16012b30d6e9245d4a5ae64507bcdc86473ff87750.e3iSbxaKaheRe34Rb3eTbx8LaNb0n6jAmljGr5XDqQLvpAe HTTP/1.1" 200 2
172.22.2.4 - - [15/Jan/2024:01:21:55 -0500] "GET /BLA/boletinlegal/consulta_actos.php?tipo=resoluciones&no=3110&usuario=&sector=&fecha=2019&resuelve= HTTP/1.1" 200 1155
181.237.243.230 - - [15/Jan/2024:01:21:57 -0500] "GET /BLA/resoluciones/RESOLUCIONES%202019/3110.pdf HTTP/1.1" 200 514354
172.22.2.4 - - [15/Jan/2024:01:22:22 -0500] "GET /BLA/boletinlegal/consulta_actos.php?tipo=resoluciones&no=2357&usuario=&sector=&fecha=2021&resuelve= HTTP/1.1" 200 1255
181.237.243.230 - - [15/Jan/2024:01:22:23 -0500] "GET /BLA/resoluciones/RESOLUCIONES%202021/2357.pdf HTTP/1.1" 200 782218
162.55.37.179 - - [15/Jan/2024:01:22:24 -0500] "GET / HTTP/1.1" 200 319
162.55.37.179 - - [15/Jan/2024:01:22:24 -0500] "GET / HTTP/1.1" 200 4720
201.245.192.253 - - [15/Jan/2024:01:22:28 -0500] "POST /forms/lservlet;jsessionid=ac16012b30d6daf3d1e69b9448f9b338854e2531f358.e3iSbxaKaheRe34Rb3eTbx8LaNb0n6jAmljGr5XDqQLvpAe HTTP/1.1" 200 2
172.22.2.4 - - [15/Jan/2024:01:22:53 -0500] "GET /BLA/boletinlegal/consulta_actos.php?tipo=resoluciones&no=2199&usuario=&sector=&fecha=2021&resuelve= HTTP/1.1" 200 1101
181.237.243.230 - - [15/Jan/2024:01:22:54 -0500] "GET /BLA/resoluciones/RESOLUCIONES%202021/2199.pdf HTTP/1.1" 200 539367
173.252.107.2 - - [15/Jan/2024:01:23:08 -0500] "GET /BLA/resoluciones/RESOLUCIONES%202023/2700.pdf HTTP/1.1" 200 13546798
172.22.2.4 - - [15/Jan/2024:01:23:19 -0500] "GET /BLA/boletinlegal/consulta_actos.php?tipo=resoluciones&no=4415&usuario=&sector=&fecha=2022&resuelve= HTTP/1.1" 200 1104
181.237.243.230 - - [15/Jan/2024:01:23:20 -0500] "GET /BLA/resoluciones/RESOLUCIONES%202022/4415.pdf HTTP/1.1" 200 603077
172.22.2.4 - - [15/Jan/2024:01:23:48 -0500] "GET /BLA/boletinlegal/consulta_actos.php?tipo=resoluciones&no=3112&usuario=&sector=&fecha=2019&resuelve= HTTP/1.1" 200 1161
201.245.192.253 - - [15/Jan/2024:01:23:48 -0500] "POST /forms/lservlet;jsessionid=ac16012b30d6e9245d4a5ae64507bcdc86473ff87750.e3iSbxaKaheRe34Rb3eTbx8LaNb0n6jAmljGr5XDqQLvpAe HTTP/1.1" 200 2
181.237.243.230 - - [15/Jan/2024:01:23:49 -0500] "GET /BLA/resoluciones/RESOLUCIONES%202019/3112.pdf HTTP/1.1" 200 676599
172.22.2.4 - - [15/Jan/2024:01:24:19 -0500] "GET /BLA/boletinlegal/consulta_actos.php?tipo=resoluciones&no=1917&usuario=&sector=&fecha=2021&resuelve= HTTP/1.1" 200 1272
181.237.243.230 - - [15/Jan/2024:01:24:20 -0500] "GET /BLA/resoluciones/RESOLUCIONES%202021/1917.pdf HTTP/1.1" 200 928590
201.245.192.253 - - [15/Jan/2024:01:24:28 -0500] "POST /forms/lservlet;jsessionid=ac16012b30d6daf3d1e69b9448f9b338854e2531f358.e3iSbxaKaheRe34Rb3eTbx8LaNb0n6jAmljGr5XDqQLvpAe HTTP/1.1" 200 2
201.245.192.253 - - [15/Jan/2024:01:24:32 -0500] "POST /kwsrmcab/Wsrmcab HTTP/1.1" 200 38173
201.245.192.253 - - [15/Jan/2024:01:24:36 -0500] "GET /kwsrmcab/Wsrmcab?wsdl HTTP/1.1" 200 6948
201.245.192.253 - - [15/Jan/2024:01:24:37 -0500] "POST /kwsrmcab/Wsrmcab HTTP/1.1" 200 39273
172.22.2.4 - - [15/Jan/2024:01:24:45 -0500] "GET /BLA/boletinlegal/consulta_actos.php?tipo=resoluciones&no=3722&usuario=&sector=&fecha=2021&resuelve= HTTP/1.1" 200 1101
181.237.243.230 - - [15/Jan/2024:01:24:47 -0500] "GET /BLA/resoluciones/RESOLUCIONES%202021/3722.pdf HTTP/1.1" 200 551760
172.22.2.4 - - [15/Jan/2024:01:25:10 -0500] "GET /BLA/boletinlegal/consulta_actos.php?tipo=resoluciones&no=3723&usuario=&sector=&fecha=2021&resuelve= HTTP/1.1" 200 1103
181.237.243.230 - - [15/Jan/2024:01:25:11 -0500] "GET /BLA/resoluciones/RESOLUCIONES%202021/3723.pdf HTTP/1.1" 200 570353
172.22.2.4 - - [15/Jan/2024:01:25:35 -0500] "GET /BLA/boletinlegal/consulta_actos.php?tipo=resoluciones&no=3834&usuario=&sector=&fecha=2021&resuelve= HTTP/1.1" 200 1100
181.237.243.230 - - [15/Jan/2024:01:25:36 -0500] "GET /BLA/resoluciones/RESOLUCIONES%202021/3834.pdf HTTP/1.1" 200 488746
216.245.221.92 - - [15/Jan/2024:01:25:47 -0500] "HEAD / HTTP/1.1" 200 -
201.245.192.253 - - [15/Jan/2024:01:25:48 -0500] "POST /forms/lservlet;jsessionid=ac16012b30d6e9245d4a5ae64507bcdc86473ff87750.e3iSbxaKaheRe34Rb3eTbx8LaNb0n6jAmljGr5XDqQLvpAe HTTP/1.1" 200 2
152.61.128.50 - - [15/Jan/2024:01:25:49 -0500] "GET / HTTP/1.1" 200 319
201.245.192.253 - - [15/Jan/2024:01:25:58 -0500] "POST /kwsrmcab/Wsrmcab  HTTP/1.1" 200 39439
172.22.2.4 - - [15/Jan/2024:01:24:21 -0500] "HEAD /BLA/boletinlegal/ HTTP/1.1" 200 -
172.22.2.4 - - [15/Jan/2024:01:26:01 -0500] "GET /BLA/boletinlegal/consulta_actos.php?tipo=resoluciones&no=4562&usuario=&sector=&fecha=2022&resuelve= HTTP/1.1" 200 1100
181.237.243.230 - - [15/Jan/2024:01:26:02 -0500] "GET /BLA/resoluciones/RESOLUCIONES%202022/4562.pdf HTTP/1.1" 200 503956
201.245.192.253 - - [15/Jan/2024:01:26:28 -0500] "POST /forms/lservlet;jsessionid=ac16012b30d6daf3d1e69b9448f9b338854e2531f358.e3iSbxaKaheRe34Rb3eTbx8LaNb0n6jAmljGr5XDqQLvpAe HTTP/1.1" 200 2
172.22.2.4 - - [15/Jan/2024:01:26:29 -0500] "GET /BLA/boletinlegal/consulta_actos.php?tipo=resoluciones&no=3104&usuario=&sector=&fecha=2019&resuelve= HTTP/1.1" 200 1161
181.237.243.230 - - [15/Jan/2024:01:26:30 -0500] "GET /BLA/resoluciones/RESOLUCIONES%202019/3104.pdf HTTP/1.1" 200 650800
172.22.2.4 - - [15/Jan/2024:01:25:11 -0500] "GET /BLA/boletinlegal/ HTTP/1.1" 200 58166
172.22.2.4 - - [15/Jan/2024:01:26:55 -0500] "GET /BLA/boletinlegal/consulta_actos.php?tipo=resoluciones&no=2203&usuario=&sector=&fecha=2021&resuelve= HTTP/1.1" 200 1270
181.237.243.230 - - [15/Jan/2024:01:26:56 -0500] "GET /BLA/resoluciones/RESOLUCIONES%202021/2203.pdf HTTP/1.1" 200 763232
172.22.2.4 - - [15/Jan/2024:01:27:31 -0500] "GET /BLA/boletinlegal/consulta_actos.php?tipo=resoluciones&no=1987&usuario=&sector=&fecha=2022&resuelve= HTTP/1.1" 200 1104
181.237.243.230 - - [15/Jan/2024:01:27:32 -0500] "GET /BLA/resoluciones/RESOLUCIONES%202022/1987.pdf HTTP/1.1" 200 572014
201.245.192.253 - - [15/Jan/2024:01:27:48 -0500] "POST /forms/lservlet;jsessionid=ac16012b30d6e9245d4a5ae64507bcdc86473ff87750.e3iSbxaKaheRe34Rb3eTbx8LaNb0n6jAmljGr5XDqQLvpAe HTTP/1.1" 200 2
172.22.2.4 - - [15/Jan/2024:01:27:58 -0500] "GET /BLA/boletinlegal/consulta_actos.php?tipo=resoluciones&no=3106&usuario=&sector=&fecha=2019&resuelve= HTTP/1.1" 200 1161
181.237.243.230 - - [15/Jan/2024:01:27:59 -0500] "GET /BLA/resoluciones/RESOLUCIONES%202019/3106.pdf HTTP/1.1" 200 668799
172.22.2.4 - - [15/Jan/2024:01:28:24 -0500] "GET /BLA/boletinlegal/consulta_actos.php?tipo=resoluciones&no=2354&usuario=&sector=&fecha=2021&resuelve= HTTP/1.1" 200 1255
181.237.243.230 - - [15/Jan/2024:01:28:25 -0500] "GET /BLA/resoluciones/RESOLUCIONES%202021/2354.pdf HTTP/1.1" 200 1048615
201.245.192.253 - - [15/Jan/2024:01:28:28 -0500] "POST /forms/lservlet;jsessionid=ac16012b30d6daf3d1e69b9448f9b338854e2531f358.e3iSbxaKaheRe34Rb3eTbx8LaNb0n6jAmljGr5XDqQLvpAe HTTP/1.1" 200 2
172.22.2.4 - - [15/Jan/2024:01:28:48 -0500] "GET /BLA/boletinlegal/consulta_actos.php?tipo=resoluciones&no=4967&usuario=&sector=&fecha=2021&resuelve= HTTP/1.1" 200 1100
181.237.243.230 - - [15/Jan/2024:01:28:50 -0500] "GET /BLA/resoluciones/RESOLUCIONES%202021/4967.pdf HTTP/1.1" 200 603543
201.245.192.253 - - [15/Jan/2024:01:28:52 -0500] "POST /kwsrmcab/Wsrmcab HTTP/1.1" 200 38173
52.167.144.189 - - [15/Jan/2024:01:29:04 -0500] "GET /portaldeninos/wp-content/uploads/2021/10/infografia-fauna-ni%C3%B1os-ambientic.jpg HTTP/1.1" 200 295755
172.22.2.4 - - [15/Jan/2024:01:29:11 -0500] "GET /BLA/boletinlegal/consulta_actos.php?tipo=resoluciones&no=5211&usuario=&sector=&fecha=2021&resuelve= HTTP/1.1" 200 1101
181.237.243.230 - - [15/Jan/2024:01:29:13 -0500] "GET /BLA/resoluciones/RESOLUCIONES%202021/5211.pdf HTTP/1.1" 200 538978
201.245.192.253 - - [15/Jan/2024:01:29:33 -0500] "POST /kwsrmcab/Wsrmcab HTTP/1.1" 200 39273
172.22.2.4 - - [15/Jan/2024:01:29:36 -0500] "GET /BLA/boletinlegal/consulta_actos.php?tipo=resoluciones&no=5309&usuario=&sector=&fecha=2021&resuelve= HTTP/1.1" 200 1100
181.237.243.230 - - [15/Jan/2024:01:29:38 -0500] "GET /BLA/resoluciones/RESOLUCIONES%202021/5309.pdf HTTP/1.1" 200 487488
201.245.192.253 - - [15/Jan/2024:01:29:48 -0500] "POST /forms/lservlet;jsessionid=ac16012b30d6e9245d4a5ae64507bcdc86473ff87750.e3iSbxaKaheRe34Rb3eTbx8LaNb0n6jAmljGr5XDqQLvpAe HTTP/1.1" 200 2
172.22.2.4 - - [15/Jan/2024:01:30:10 -0500] "GET /BLA/boletinlegal/consulta_actos.php?tipo=resoluciones&no=3113&usuario=&sector=&fecha=2019&resuelve= HTTP/1.1" 200 1155
47.128.19.116 - - [15/Jan/2024:01:30:11 -0500] "GET /BLA/resoluciones/dlf/pdf.gif HTTP/1.1" 200 272
47.128.19.116 - - [15/Jan/2024:01:30:11 -0500] "GET /BLA/resoluciones/dlf/dirup.png HTTP/1.1" 200 644
181.237.243.230 - - [15/Jan/2024:01:30:12 -0500] "GET /BLA/resoluciones/RESOLUCIONES%202019/3113.pdf HTTP/1.1" 200 959332
201.245.192.253 - - [15/Jan/2024:01:30:28 -0500] "POST /forms/lservlet;jsessionid=ac16012b30d6daf3d1e69b9448f9b338854e2531f358.e3iSbxaKaheRe34Rb3eTbx8LaNb0n6jAmljGr5XDqQLvpAe HTTP/1.1" 200 2
