181.53.13.235 - - [17/Jan/2024:07:25:02 -0500] "GET /sipse/faces/javax.faces.resource/images/ui-bg_flat_0_2d5972_40x100.png?ln=primefaces-aristo HTTP/1.1" 200 183
181.53.13.235 - - [17/Jan/2024:07:25:02 -0500] "POST /sipse/faces/bienvenido.xhtml HTTP/1.1" 200 2073
181.53.13.235 - - [17/Jan/2024:07:25:04 -0500] "POST /sipse/faces/bienvenido.xhtml HTTP/1.1" 200 39034
181.53.13.235 - - [17/Jan/2024:07:25:06 -0500] "GET /sipse/faces/javax.faces.resource/theme.css?ln=primefaces-sipse HTTP/1.1" 304 -
181.53.13.235 - - [17/Jan/2024:07:25:06 -0500] "GET /sipse/faces/javax.faces.resource/primefaces.css?ln=primefaces&v=4.0 HTTP/1.1" 304 -
181.53.13.235 - - [17/Jan/2024:07:25:06 -0500] "GET /sipse/faces/javax.faces.resource/layout/layout.css?ln=primefaces&v=4.0 HTTP/1.1" 304 -
181.53.13.235 - - [17/Jan/2024:07:25:06 -0500] "GET /sipse/faces/javax.faces.resource/jquery/jquery.js?ln=primefaces&v=4.0 HTTP/1.1" 304 -
181.53.13.235 - - [17/Jan/2024:07:25:06 -0500] "GET /sipse/faces/javax.faces.resource/jquery/jquery-plugins.js?ln=primefaces&v=4.0 HTTP/1.1" 304 -
181.53.13.235 - - [17/Jan/2024:07:25:06 -0500] "GET /sipse/faces/javax.faces.resource/primefaces.js?ln=primefaces&v=4.0 HTTP/1.1" 304 -
181.53.13.235 - - [17/Jan/2024:07:25:06 -0500] "GET /sipse/faces/javax.faces.resource/layout/layout.js?ln=primefaces&v=4.0 HTTP/1.1" 304 -
216.244.66.195 - - [17/Jan/2024:07:25:13 -0500] "GET /BLA/resoluciones/AUTOS%202014/2203.pdf HTTP/1.1" 200 493354
181.53.13.235 - - [17/Jan/2024:07:25:16 -0500] "POST /sipse/faces/presentacion/financiero/solicitudProceso/consultar.xhtml HTTP/1.1" 200 12846
181.61.157.160 - - [17/Jan/2024:07:25:33 -0500] "POST /sipse/faces/presentacion/financiero/solicitudProceso/listarSolicitudProceso.xhtml HTTP/1.1" 200 33083
181.61.157.160 - - [17/Jan/2024:07:25:35 -0500] "POST /sipse/faces/presentacion/financiero/solicitudProceso/listarSolicitudProceso.xhtml HTTP/1.1" 200 5009
181.61.157.160 - - [17/Jan/2024:07:25:38 -0500] "POST /sipse/faces/presentacion/financiero/solicitudProceso/listarSolicitudProceso.xhtml HTTP/1.1" 200 112815
181.61.157.160 - - [17/Jan/2024:07:25:39 -0500] "GET /sipse/faces/javax.faces.resource/theme.css?ln=primefaces-sipse HTTP/1.1" 304 -
181.61.157.160 - - [17/Jan/2024:07:25:39 -0500] "GET /sipse/css/imagen/contrasena.png HTTP/1.1" 404 383
181.61.157.160 - - [17/Jan/2024:07:25:39 -0500] "GET /sipse/faces/javax.faces.resource/layout/layout.css?ln=primefaces&v=4.0 HTTP/1.1" 304 -
181.61.157.160 - - [17/Jan/2024:07:25:39 -0500] "GET /sipse/faces/javax.faces.resource/primefaces.css?ln=primefaces&v=4.0 HTTP/1.1" 304 -
181.61.157.160 - - [17/Jan/2024:07:25:39 -0500] "GET /sipse/faces/javax.faces.resource/jquery/jquery.js?ln=primefaces&v=4.0 HTTP/1.1" 304 -
181.61.157.160 - - [17/Jan/2024:07:25:39 -0500] "GET /sipse/faces/javax.faces.resource/jquery/jquery-plugins.js?ln=primefaces&v=4.0 HTTP/1.1" 304 -
181.61.157.160 - - [17/Jan/2024:07:25:39 -0500] "GET /sipse/faces/javax.faces.resource/primefaces.js?ln=primefaces&v=4.0 HTTP/1.1" 304 -
181.61.157.160 - - [17/Jan/2024:07:25:39 -0500] "GET /sipse/faces/javax.faces.resource/layout/layout.js?ln=primefaces&v=4.0 HTTP/1.1" 304 -
181.61.157.160 - - [17/Jan/2024:07:25:39 -0500] "GET /sipse/faces/javax.faces.resource/images/ui-icons_898989_256x240.png?ln=primefaces-aristo HTTP/1.1" 304 -
181.61.157.160 - - [17/Jan/2024:07:25:44 -0500] "POST /sipse/faces/presentacion/financiero/solicitudProceso/consultarSolicitudProceso.xhtml HTTP/1.1" 200 19357
181.61.157.160 - - [17/Jan/2024:07:25:44 -0500] "GET /sipse/faces/javax.faces.resource/theme.css?ln=primefaces-sipse HTTP/1.1" 304 -
181.61.157.160 - - [17/Jan/2024:07:25:44 -0500] "GET /sipse/faces/javax.faces.resource/jquery/jquery-plugins.js?ln=primefaces&v=4.0 HTTP/1.1" 304 -
181.61.157.160 - - [17/Jan/2024:07:25:44 -0500] "GET /sipse/faces/javax.faces.resource/jquery/jquery.js?ln=primefaces&v=4.0 HTTP/1.1" 304 -
181.61.157.160 - - [17/Jan/2024:07:25:44 -0500] "GET /sipse/faces/javax.faces.resource/layout/layout.css?ln=primefaces&v=4.0 HTTP/1.1" 304 -
181.61.157.160 - - [17/Jan/2024:07:25:44 -0500] "GET /sipse/faces/javax.faces.resource/primefaces.css?ln=primefaces&v=4.0 HTTP/1.1" 304 -
181.61.157.160 - - [17/Jan/2024:07:25:44 -0500] "GET /sipse/faces/javax.faces.resource/layout/layout.js?ln=primefaces&v=4.0 HTTP/1.1" 304 -
181.61.157.160 - - [17/Jan/2024:07:25:44 -0500] "GET /sipse/faces/javax.faces.resource/fileupload/fileupload.css?ln=primefaces&v=4.0 HTTP/1.1" 304 -
181.61.157.160 - - [17/Jan/2024:07:25:44 -0500] "GET /sipse/faces/javax.faces.resource/primefaces.js?ln=primefaces&v=4.0 HTTP/1.1" 304 -
181.61.157.160 - - [17/Jan/2024:07:25:44 -0500] "GET /sipse/faces/javax.faces.resource/fileupload/fileupload.js?ln=primefaces&v=4.0 HTTP/1.1" 304 -
181.61.157.160 - - [17/Jan/2024:07:25:44 -0500] "GET /sipse/css/imagen/contrasena.png HTTP/1.1" 404 383
181.61.157.160 - - [17/Jan/2024:07:25:44 -0500] "GET /sipse/faces/javax.faces.resource/images/ui-icons_898989_256x240.png?ln=primefaces-aristo HTTP/1.1" 304 -
216.244.66.195 - - [17/Jan/2024:07:25:45 -0500] "GET /BLA/resoluciones/AUTOS%202014/2317.pdf HTTP/1.1" 200 273429
201.245.192.253 - - [17/Jan/2024:07:25:54 -0500] "POST /forms/lservlet;jsessionid=ac16012b30d6bd6ae21f678742bfae36a90452e8c389.e3iSbxaKaheRe3qKcheMbNuKc41ynknvrkLOlQzNp65In0 HTTP/1.1" 200 2
181.61.157.160 - - [17/Jan/2024:07:26:00 -0500] "GET /sipse/faces/javax.faces.resource/theme.css?ln=primefaces-sipse HTTP/1.1" 304 -
181.61.157.160 - - [17/Jan/2024:07:26:00 -0500] "GET /sipse/faces/javax.faces.resource/primefaces.css?ln=primefaces&v=4.0 HTTP/1.1" 304 -
181.61.157.160 - - [17/Jan/2024:07:26:00 -0500] "GET /sipse/faces/javax.faces.resource/layout/layout.css?ln=primefaces&v=4.0 HTTP/1.1" 304 -
181.61.157.160 - - [17/Jan/2024:07:26:00 -0500] "GET /sipse/faces/javax.faces.resource/jquery/jquery.js?ln=primefaces&v=4.0 HTTP/1.1" 304 -
181.61.157.160 - - [17/Jan/2024:07:26:00 -0500] "GET /sipse/faces/javax.faces.resource/jquery/jquery-plugins.js?ln=primefaces&v=4.0 HTTP/1.1" 304 -
181.61.157.160 - - [17/Jan/2024:07:26:00 -0500] "GET /sipse/faces/javax.faces.resource/primefaces.js?ln=primefaces&v=4.0 HTTP/1.1" 304 -
181.61.157.160 - - [17/Jan/2024:07:26:00 -0500] "GET /sipse/faces/javax.faces.resource/layout/layout.js?ln=primefaces&v=4.0 HTTP/1.1" 304 -
181.61.157.160 - - [17/Jan/2024:07:26:00 -0500] "POST /sipse/faces/presentacion/sistema/anexos/cargarAnexoSolicitudProceso.xhtml HTTP/1.1" 200 160159
181.61.157.160 - - [17/Jan/2024:07:26:00 -0500] "GET /sipse/faces/javax.faces.resource/images/ui-icons_898989_256x240.png?ln=primefaces-aristo HTTP/1.1" 304 -
181.61.157.160 - - [17/Jan/2024:07:26:09 -0500] "GET /sipse/faces/javax.faces.resource/theme.css?ln=primefaces-sipse HTTP/1.1" 304 -
181.61.157.160 - - [17/Jan/2024:07:26:09 -0500] "GET /sipse/faces/javax.faces.resource/primefaces.css?ln=primefaces&v=4.0 HTTP/1.1" 304 -
181.61.157.160 - - [17/Jan/2024:07:26:09 -0500] "GET /sipse/faces/javax.faces.resource/layout/layout.css?ln=primefaces&v=4.0 HTTP/1.1" 304 -
181.61.157.160 - - [17/Jan/2024:07:26:09 -0500] "GET /sipse/faces/javax.faces.resource/jquery/jquery.js?ln=primefaces&v=4.0 HTTP/1.1" 304 -
181.61.157.160 - - [17/Jan/2024:07:26:09 -0500] "GET /sipse/faces/javax.faces.resource/jquery/jquery-plugins.js?ln=primefaces&v=4.0 HTTP/1.1" 304 -
181.61.157.160 - - [17/Jan/2024:07:26:09 -0500] "GET /sipse/faces/javax.faces.resource/primefaces.js?ln=primefaces&v=4.0 HTTP/1.1" 304 -
181.61.157.160 - - [17/Jan/2024:07:26:09 -0500] "GET /sipse/faces/javax.faces.resource/layout/layout.js?ln=primefaces&v=4.0 HTTP/1.1" 304 -
181.61.157.160 - - [17/Jan/2024:07:26:09 -0500] "POST /sipse/faces/presentacion/financiero/solicitudProceso/consultarSolicitudProceso.xhtml HTTP/1.1" 200 160973
181.61.157.160 - - [17/Jan/2024:07:26:13 -0500] "GET /sipse/faces/javax.faces.resource/images/ui-bg_flat_0_2d5972_40x100.png?ln=primefaces-aristo HTTP/1.1" 304 -
216.244.66.195 - - [17/Jan/2024:07:26:14 -0500] "GET /BLA/resoluciones/AUTOS%202014/2498.pdf HTTP/1.1" 200 178506
181.61.157.160 - - [17/Jan/2024:07:26:13 -0500] "POST /sipse/faces/presentacion/financiero/solicitudProceso/consultarSolicitudProceso.xhtml HTTP/1.1" 200 35019
181.61.157.160 - - [17/Jan/2024:07:26:15 -0500] "GET /sipse/faces/javax.faces.resource/theme.css?ln=primefaces-sipse HTTP/1.1" 304 -
181.61.157.160 - - [17/Jan/2024:07:26:15 -0500] "GET /sipse/faces/javax.faces.resource/layout/layout.css?ln=primefaces&v=4.0 HTTP/1.1" 304 -
181.61.157.160 - - [17/Jan/2024:07:26:15 -0500] "GET /sipse/faces/javax.faces.resource/primefaces.css?ln=primefaces&v=4.0 HTTP/1.1" 304 -
181.61.157.160 - - [17/Jan/2024:07:26:15 -0500] "GET /sipse/faces/javax.faces.resource/jquery/jquery.js?ln=primefaces&v=4.0 HTTP/1.1" 304 -
181.61.157.160 - - [17/Jan/2024:07:26:15 -0500] "GET /sipse/faces/javax.faces.resource/jquery/jquery-plugins.js?ln=primefaces&v=4.0 HTTP/1.1" 304 -
181.61.157.160 - - [17/Jan/2024:07:26:15 -0500] "GET /sipse/faces/javax.faces.resource/primefaces.js?ln=primefaces&v=4.0 HTTP/1.1" 304 -
181.61.157.160 - - [17/Jan/2024:07:26:15 -0500] "GET /sipse/faces/javax.faces.resource/layout/layout.js?ln=primefaces&v=4.0 HTTP/1.1" 304 -
181.61.157.160 - - [17/Jan/2024:07:26:15 -0500] "GET /sipse/faces/javax.faces.resource/messages/messages.png?ln=primefaces&v=4.0 HTTP/1.1" 304 -
181.61.157.160 - - [17/Jan/2024:07:26:15 -0500] "POST /sipse/faces/presentacion/financiero/solicitudProceso/listarSolicitudProceso.xhtml HTTP/1.1" 200 1392
181.61.157.160 - - [17/Jan/2024:07:26:18 -0500] "POST /sipse/faces/presentacion/financiero/solicitudProceso/listarSolicitudProceso.xhtml HTTP/1.1" 200 109935
181.61.157.160 - - [17/Jan/2024:07:26:19 -0500] "GET /sipse/faces/javax.faces.resource/theme.css?ln=primefaces-sipse HTTP/1.1" 304 -
181.61.157.160 - - [17/Jan/2024:07:26:19 -0500] "GET /sipse/faces/javax.faces.resource/primefaces.css?ln=primefaces&v=4.0 HTTP/1.1" 304 -
181.61.157.160 - - [17/Jan/2024:07:26:19 -0500] "GET /sipse/faces/javax.faces.resource/layout/layout.css?ln=primefaces&v=4.0 HTTP/1.1" 304 -
181.61.157.160 - - [17/Jan/2024:07:26:19 -0500] "GET /sipse/faces/javax.faces.resource/jquery/jquery.js?ln=primefaces&v=4.0 HTTP/1.1" 304 -
172.22.2.4 - - [17/Jan/2024:07:24:39 -0500] "HEAD /BLA/boletinlegal/ HTTP/1.1" 200 -
181.61.157.160 - - [17/Jan/2024:07:26:19 -0500] "GET /sipse/faces/javax.faces.resource/jquery/jquery-plugins.js?ln=primefaces&v=4.0 HTTP/1.1" 304 -
181.61.157.160 - - [17/Jan/2024:07:26:19 -0500] "GET /sipse/faces/javax.faces.resource/primefaces.js?ln=primefaces&v=4.0 HTTP/1.1" 304 -
181.61.157.160 - - [17/Jan/2024:07:26:19 -0500] "GET /sipse/faces/javax.faces.resource/layout/layout.js?ln=primefaces&v=4.0 HTTP/1.1" 304 -
181.61.157.160 - - [17/Jan/2024:07:26:21 -0500] "POST /sipse/faces/presentacion/financiero/solicitudProceso/consultarSolicitudProceso.xhtml HTTP/1.1" 200 34523
181.61.157.160 - - [17/Jan/2024:07:26:22 -0500] "GET /sipse/faces/javax.faces.resource/theme.css?ln=primefaces-sipse HTTP/1.1" 304 -
181.61.157.160 - - [17/Jan/2024:07:26:22 -0500] "GET /sipse/faces/javax.faces.resource/primefaces.css?ln=primefaces&v=4.0 HTTP/1.1" 304 -
181.61.157.160 - - [17/Jan/2024:07:26:22 -0500] "GET /sipse/faces/javax.faces.resource/layout/layout.css?ln=primefaces&v=4.0 HTTP/1.1" 304 -
181.61.157.160 - - [17/Jan/2024:07:26:22 -0500] "GET /sipse/faces/javax.faces.resource/jquery/jquery.js?ln=primefaces&v=4.0 HTTP/1.1" 304 -
181.61.157.160 - - [17/Jan/2024:07:26:22 -0500] "GET /sipse/faces/javax.faces.resource/jquery/jquery-plugins.js?ln=primefaces&v=4.0 HTTP/1.1" 304 -
181.61.157.160 - - [17/Jan/2024:07:26:22 -0500] "GET /sipse/faces/javax.faces.resource/primefaces.js?ln=primefaces&v=4.0 HTTP/1.1" 304 -
181.61.157.160 - - [17/Jan/2024:07:26:22 -0500] "GET /sipse/faces/javax.faces.resource/layout/layout.js?ln=primefaces&v=4.0 HTTP/1.1" 304 -
181.61.157.160 - - [17/Jan/2024:07:26:22 -0500] "POST /sipse/faces/presentacion/financiero/solicitudProceso/listarSolicitudProceso.xhtml HTTP/1.1" 200 27862
181.61.157.160 - - [17/Jan/2024:07:26:22 -0500] "POST /sipse/faces/presentacion/financiero/solicitudProceso/listarSolicitudProceso.xhtml HTTP/1.1" 200 27862
181.61.157.160 - - [17/Jan/2024:07:26:22 -0500] "POST /sipse/faces/presentacion/financiero/solicitudProceso/listarSolicitudProceso.xhtml HTTP/1.1" 200 1392
181.61.157.160 - - [17/Jan/2024:07:26:22 -0500] "POST /sipse/faces/presentacion/financiero/solicitudProceso/listarSolicitudProceso.xhtml HTTP/1.1" 200 1392
181.61.157.160 - - [17/Jan/2024:07:26:23 -0500] "POST /sipse/faces/presentacion/financiero/solicitudProceso/listarSolicitudProceso.xhtml HTTP/1.1" 200 1400
201.245.192.253 - - [17/Jan/2024:07:26:36 -0500] "POST /forms/lservlet;jsessionid=ac16012b30d6947c1f7f67e648598dd0e716ce7e24d2.e3iSbxaKaheRe3qKcheMbNuKc41ynknvrkLOlQzNp65In0 HTTP/1.1" 200 2
216.244.66.195 - - [17/Jan/2024:07:26:41 -0500] "GET /BLA/resoluciones/AUTOS%202015/0151.pdf HTTP/1.1" 200 495857
216.244.66.195 - - [17/Jan/2024:07:27:08 -0500] "GET /BLA/resoluciones/AUTOS%202015/0542.pdf HTTP/1.1" 200 550993
172.22.2.4 - - [17/Jan/2024:07:25:30 -0500] "GET /BLA/boletinlegal/ HTTP/1.1" 200 59050
40.77.167.1 - - [17/Jan/2024:07:27:13 -0500] "GET /sipse/faces/faces/autenticacion.xhtml HTTP/1.1" 200 12728
66.249.66.39 - - [17/Jan/2024:07:27:22 -0500] "GET /participa-en-las-actividades-del-dia-mundial-de-humedales.html HTTP/1.1" 304 -
216.244.66.195 - - [17/Jan/2024:07:27:34 -0500] "GET /BLA/resoluciones/AUTOS%202015/1266.pdf HTTP/1.1" 200 325833
181.61.157.160 - - [17/Jan/2024:07:27:47 -0500] "POST /sipse/faces/presentacion/financiero/solicitudProceso/listarSolicitudProceso.xhtml HTTP/1.1" 200 33071
181.61.157.160 - - [17/Jan/2024:07:27:47 -0500] "POST /sipse/faces/presentacion/financiero/solicitudProceso/listarSolicitudProceso.xhtml HTTP/1.1" 200 33071
66.249.66.21 - - [17/Jan/2024:07:27:49 -0500] "GET /BLA/resoluciones/RESOLUCIONES%202009/7465.pdf HTTP/1.1" 200 712194
181.61.157.160 - - [17/Jan/2024:07:27:50 -0500] "POST /sipse/faces/presentacion/financiero/solicitudProceso/listarSolicitudProceso.xhtml HTTP/1.1" 200 5007
181.61.157.160 - - [17/Jan/2024:07:27:52 -0500] "POST /sipse/faces/presentacion/financiero/solicitudProceso/listarSolicitudProceso.xhtml HTTP/1.1" 200 112453
181.61.157.160 - - [17/Jan/2024:07:27:53 -0500] "GET /sipse/faces/javax.faces.resource/layout/layout.css?ln=primefaces&v=4.0 HTTP/1.1" 304 -
181.61.157.160 - - [17/Jan/2024:07:27:53 -0500] "GET /sipse/faces/javax.faces.resource/theme.css?ln=primefaces-sipse HTTP/1.1" 304 -
181.61.157.160 - - [17/Jan/2024:07:27:53 -0500] "GET /sipse/faces/javax.faces.resource/primefaces.css?ln=primefaces&v=4.0 HTTP/1.1" 304 -
181.61.157.160 - - [17/Jan/2024:07:27:53 -0500] "GET /sipse/faces/javax.faces.resource/jquery/jquery.js?ln=primefaces&v=4.0 HTTP/1.1" 304 -
181.61.157.160 - - [17/Jan/2024:07:27:53 -0500] "GET /sipse/faces/javax.faces.resource/jquery/jquery-plugins.js?ln=primefaces&v=4.0 HTTP/1.1" 304 -
181.61.157.160 - - [17/Jan/2024:07:27:53 -0500] "GET /sipse/faces/javax.faces.resource/primefaces.js?ln=primefaces&v=4.0 HTTP/1.1" 304 -
181.61.157.160 - - [17/Jan/2024:07:27:53 -0500] "GET /sipse/faces/javax.faces.resource/layout/layout.js?ln=primefaces&v=4.0 HTTP/1.1" 304 -
201.245.192.253 - - [17/Jan/2024:07:27:54 -0500] "POST /forms/lservlet;jsessionid=ac16012b30d6bd6ae21f678742bfae36a90452e8c389.e3iSbxaKaheRe3qKcheMbNuKc41ynknvrkLOlQzNp65In0 HTTP/1.1" 200 2
181.61.157.160 - - [17/Jan/2024:07:27:56 -0500] "POST /sipse/faces/presentacion/financiero/solicitudProceso/consultarSolicitudProceso.xhtml HTTP/1.1" 200 19357
181.61.157.160 - - [17/Jan/2024:07:27:57 -0500] "GET /sipse/faces/javax.faces.resource/theme.css?ln=primefaces-sipse HTTP/1.1" 304 -
181.61.157.160 - - [17/Jan/2024:07:27:57 -0500] "GET /sipse/faces/javax.faces.resource/primefaces.css?ln=primefaces&v=4.0 HTTP/1.1" 304 -
181.61.157.160 - - [17/Jan/2024:07:27:57 -0500] "GET /sipse/faces/javax.faces.resource/layout/layout.css?ln=primefaces&v=4.0 HTTP/1.1" 304 -
181.61.157.160 - - [17/Jan/2024:07:27:57 -0500] "GET /sipse/faces/javax.faces.resource/fileupload/fileupload.css?ln=primefaces&v=4.0 HTTP/1.1" 304 -
181.61.157.160 - - [17/Jan/2024:07:27:57 -0500] "GET /sipse/faces/javax.faces.resource/jquery/jquery.js?ln=primefaces&v=4.0 HTTP/1.1" 304 -
181.61.157.160 - - [17/Jan/2024:07:27:57 -0500] "GET /sipse/faces/javax.faces.resource/jquery/jquery-plugins.js?ln=primefaces&v=4.0 HTTP/1.1" 304 -
181.61.157.160 - - [17/Jan/2024:07:27:57 -0500] "GET /sipse/faces/javax.faces.resource/primefaces.js?ln=primefaces&v=4.0 HTTP/1.1" 304 -
181.61.157.160 - - [17/Jan/2024:07:27:57 -0500] "GET /sipse/faces/javax.faces.resource/layout/layout.js?ln=primefaces&v=4.0 HTTP/1.1" 304 -
181.61.157.160 - - [17/Jan/2024:07:27:57 -0500] "GET /sipse/faces/javax.faces.resource/fileupload/fileupload.js?ln=primefaces&v=4.0 HTTP/1.1" 304 -
216.244.66.195 - - [17/Jan/2024:07:28:00 -0500] "GET /BLA/resoluciones/AUTOS%202015/1480.pdf HTTP/1.1" 200 515415
181.61.157.160 - - [17/Jan/2024:07:28:06 -0500] "GET /sipse/faces/javax.faces.resource/theme.css?ln=primefaces-sipse HTTP/1.1" 304 -
181.61.157.160 - - [17/Jan/2024:07:28:06 -0500] "GET /sipse/faces/javax.faces.resource/primefaces.css?ln=primefaces&v=4.0 HTTP/1.1" 304 -
181.61.157.160 - - [17/Jan/2024:07:28:06 -0500] "GET /sipse/faces/javax.faces.resource/layout/layout.css?ln=primefaces&v=4.0 HTTP/1.1" 304 -
181.61.157.160 - - [17/Jan/2024:07:28:06 -0500] "GET /sipse/faces/javax.faces.resource/primefaces.js?ln=primefaces&v=4.0 HTTP/1.1" 304 -
181.61.157.160 - - [17/Jan/2024:07:28:06 -0500] "GET /sipse/faces/javax.faces.resource/jquery/jquery.js?ln=primefaces&v=4.0 HTTP/1.1" 304 -
181.61.157.160 - - [17/Jan/2024:07:28:06 -0500] "GET /sipse/faces/javax.faces.resource/jquery/jquery-plugins.js?ln=primefaces&v=4.0 HTTP/1.1" 304 -
181.61.157.160 - - [17/Jan/2024:07:28:06 -0500] "GET /sipse/faces/javax.faces.resource/layout/layout.js?ln=primefaces&v=4.0 HTTP/1.1" 304 -
181.61.157.160 - - [17/Jan/2024:07:28:06 -0500] "POST /sipse/faces/presentacion/sistema/anexos/cargarAnexoSolicitudProceso.xhtml HTTP/1.1" 200 159797
181.61.157.160 - - [17/Jan/2024:07:28:11 -0500] "POST /sipse/faces/presentacion/financiero/solicitudProceso/consultarSolicitudProceso.xhtml HTTP/1.1" 200 160611
181.61.157.160 - - [17/Jan/2024:07:28:11 -0500] "GET /sipse/faces/javax.faces.resource/theme.css?ln=primefaces-sipse HTTP/1.1" 304 -
181.61.157.160 - - [17/Jan/2024:07:28:11 -0500] "GET /sipse/faces/javax.faces.resource/primefaces.css?ln=primefaces&v=4.0 HTTP/1.1" 304 -
181.61.157.160 - - [17/Jan/2024:07:28:11 -0500] "GET /sipse/faces/javax.faces.resource/jquery/jquery-plugins.js?ln=primefaces&v=4.0 HTTP/1.1" 304 -
181.61.157.160 - - [17/Jan/2024:07:28:11 -0500] "GET /sipse/faces/javax.faces.resource/layout/layout.css?ln=primefaces&v=4.0 HTTP/1.1" 304 -
181.61.157.160 - - [17/Jan/2024:07:28:11 -0500] "GET /sipse/faces/javax.faces.resource/jquery/jquery.js?ln=primefaces&v=4.0 HTTP/1.1" 304 -
181.61.157.160 - - [17/Jan/2024:07:28:11 -0500] "GET /sipse/faces/javax.faces.resource/primefaces.js?ln=primefaces&v=4.0 HTTP/1.1" 304 -
181.61.157.160 - - [17/Jan/2024:07:28:11 -0500] "GET /sipse/faces/javax.faces.resource/layout/layout.js?ln=primefaces&v=4.0 HTTP/1.1" 304 -
216.245.221.92 - - [17/Jan/2024:07:28:15 -0500] "HEAD / HTTP/1.1" 200 -
181.61.157.160 - - [17/Jan/2024:07:28:14 -0500] "POST /sipse/faces/presentacion/financiero/solicitudProceso/consultarSolicitudProceso.xhtml HTTP/1.1" 200 35029
181.61.157.160 - - [17/Jan/2024:07:28:17 -0500] "GET /sipse/faces/javax.faces.resource/theme.css?ln=primefaces-sipse HTTP/1.1" 304 -
181.61.157.160 - - [17/Jan/2024:07:28:17 -0500] "GET /sipse/faces/javax.faces.resource/layout/layout.css?ln=primefaces&v=4.0 HTTP/1.1" 304 -
181.61.157.160 - - [17/Jan/2024:07:28:17 -0500] "GET /sipse/faces/javax.faces.resource/primefaces.css?ln=primefaces&v=4.0 HTTP/1.1" 304 -
181.61.157.160 - - [17/Jan/2024:07:28:17 -0500] "GET /sipse/faces/javax.faces.resource/jquery/jquery.js?ln=primefaces&v=4.0 HTTP/1.1" 304 -
181.61.157.160 - - [17/Jan/2024:07:28:17 -0500] "GET /sipse/faces/javax.faces.resource/jquery/jquery-plugins.js?ln=primefaces&v=4.0 HTTP/1.1" 304 -
181.61.157.160 - - [17/Jan/2024:07:28:17 -0500] "GET /sipse/faces/javax.faces.resource/primefaces.js?ln=primefaces&v=4.0 HTTP/1.1" 304 -
181.61.157.160 - - [17/Jan/2024:07:28:17 -0500] "GET /sipse/faces/javax.faces.resource/layout/layout.js?ln=primefaces&v=4.0 HTTP/1.1" 304 -
181.61.157.160 - - [17/Jan/2024:07:28:17 -0500] "POST /sipse/faces/presentacion/financiero/solicitudProceso/listarSolicitudProceso.xhtml HTTP/1.1" 200 1392
216.244.66.195 - - [17/Jan/2024:07:28:27 -0500] "GET /BLA/resoluciones/AUTOS%202015/1997.pdf HTTP/1.1" 200 540096
201.245.192.253 - - [17/Jan/2024:07:28:36 -0500] "POST /forms/lservlet;jsessionid=ac16012b30d6947c1f7f67e648598dd0e716ce7e24d2.e3iSbxaKaheRe3qKcheMbNuKc41ynknvrkLOlQzNp65In0 HTTP/1.1" 200 2
201.245.192.253 - - [17/Jan/2024:07:28:43 -0500] "POST /kwsrmcab/Wsrmcab HTTP/1.1" 200 38700
216.244.66.195 - - [17/Jan/2024:07:28:50 -0500] "GET /BLA/resoluciones/AUTOS%202015/2587.pdf HTTP/1.1" 200 570478
201.245.192.253 - - [17/Jan/2024:07:29:06 -0500] "POST /kwsrmcab/Wsrmcab  HTTP/1.1" 200 39113
216.244.66.195 - - [17/Jan/2024:07:29:11 -0500] "GET /BLA/resoluciones/AUTOS%202015/2595.pdf HTTP/1.1" 200 472527
66.249.66.19 - - [17/Jan/2024:07:29:14 -0500] "GET /BLA/resoluciones/RESOLUCIONES%202013/1626.pdf HTTP/1.1" 200 595328
201.245.192.253 - - [17/Jan/2024:07:29:25 -0500] "POST /kwsrmcab/Wsrmcab HTTP/1.1" 200 39000
216.244.66.195 - - [17/Jan/2024:07:29:39 -0500] "GET /BLA/resoluciones/AUTOS%202015/2746.pdf HTTP/1.1" 200 547497
201.245.192.253 - - [17/Jan/2024:07:29:54 -0500] "POST /forms/lservlet;jsessionid=ac16012b30d6bd6ae21f678742bfae36a90452e8c389.e3iSbxaKaheRe3qKcheMbNuKc41ynknvrkLOlQzNp65In0 HTTP/1.1" 200 2
216.244.66.195 - - [17/Jan/2024:07:30:04 -0500] "GET /BLA/resoluciones/AUTOS%202015/3138.pdf HTTP/1.1" 200 559425
216.244.66.195 - - [17/Jan/2024:07:30:27 -0500] "GET /BLA/resoluciones/AUTOS%202015/3569.pdf HTTP/1.1" 200 391241
201.245.192.253 - - [17/Jan/2024:07:30:36 -0500] "POST /forms/lservlet;jsessionid=ac16012b30d6947c1f7f67e648598dd0e716ce7e24d2.e3iSbxaKaheRe3qKcheMbNuKc41ynknvrkLOlQzNp65In0 HTTP/1.1" 200 2
216.244.66.195 - - [17/Jan/2024:07:30:47 -0500] "GET /BLA/resoluciones/AUTOS%202018/0273.pdf HTTP/1.1" 200 296353
216.244.66.195 - - [17/Jan/2024:07:31:06 -0500] "GET /BLA/resoluciones/AUTOS%202018/1006.pdf HTTP/1.1" 200 230757
216.244.66.195 - - [17/Jan/2024:07:31:24 -0500] "GET /BLA/resoluciones/AUTOS%202018/1027.pdf HTTP/1.1" 200 296708
186.102.97.181 - - [17/Jan/2024:07:31:37 -0500] "GET /kwssiamovil/sm/ldap/au?x=U2FsdGVkX18lGXWbENMkMnSnXXX4rws02lPVTPIt5qBDi6qaKkplUstJI/r3WXWX&y=U2FsdGVkX18/CkJe03DZGYSYGQiUYzwyxVgnMHd21mwMqeNHJUhUPLRHazYkQ0Ip HTTP/1.1" 200 30
186.102.97.181 - - [17/Jan/2024:07:31:37 -0500] "GET /kwssiamovil/sm/acme/s?s=U2FsdGVkX19SMk5WUWxPf9YQugVQ4PG/U5oejqgUnrowfJsQGTR9DG6lesXibZz793SRDKxyAmvM9eKX6kMQcF1o1q3d9gjMwBODQier4Uc=&u=U2FsdGVkX1+bpUXF12tJE/+D9Yv5sX7y/1y987p9yYM=&y=U2FsdGVkX18/CkJe03DZGYSYGQiUYzwyxVgnMHd21mwMqeNHJUhUPLRHazYkQ0Ip HTTP/1.1" 200 97
186.102.97.181 - - [17/Jan/2024:07:31:37 -0500] "GET /kwssiamovil/sm/acme/s?s=U2FsdGVkX18l03YMsmaq9a2Xby6VICMfeL8oZ8V5oRuH8RkTTPbNYJ7fFOi3CziYKEHUpF4wDiI+Zq1Bb9wEAr6moYdboZNbxsvVl3Mx98zpLMVht72+NdQ+tFNfliSO4A91tZTvRBv3TKp/wiIBcuLxYjWZGmg2DGDC0lYMt99wl3m41R7eBGi2z2YbsBo9xTCcCf+HPHQ7Wyt0EXHLNcf7gJrRRhOtnm/S0xZe2WTx3S64/eSTjDm3+n2vOSSCjcpGuuDQR4IAVPErYGBTCs074DLgrvqMesnL0sw8Qg3J+P717EEhdsk3LZ2v33e0T60nYrK30sH+S3IlgmPwuuRWGJ0KJ11EsX0nAS0ggNFdTEHADca4yc2kER0aSZdtGWEq+IASxX2v9qOzI902yIA/3tgfq/HUz5tD2irrFtdUWxs9tSId/6nMnag+1O18v2WeLZey5RoWmgFF4vCkH7EWR1QF1H6wsFYYuNrU7yGBvIiBaetsN+qcqXnURMHkjEH0zyucsyBvzXJ0QKDl72N/wFM5VflhjiJFa3HOy3tY/T+qaudGnA0kfeEsoWmr4RJguB1JU1meeRbWWP9Q3ARiTiYQiMIIIGdZAoPd9IZ9iucdHCAgpXxRcBXdIyUBMXcloYbMkLeFNuWsEf11xvyzh5nbkGOHicLDWFG97x46siD/oHq0gCNimWoKPUS6L13shUx+R+OpuIgx0fqOJn+G7ApeT13paTcCPHO4hg+u/HidiC+2z0TgySyErixPauQklIYkPD2jDxjUYOZdslCK18hV0nx/Wu6FQynaxZa872P5Al3brSZdYDEco9IolqqQ3S15W6zJtGVksyN+rRqCrpkhoo0SpHXIYjDjPC/zYfTsyYKTQzUso/NOqmr4iiCgW5ff3T+5EJLjfxpE7ccig9N+nTNv8uNSE+MkQ36PQbN0doVmNfBf5uWZFd9CGfKftqkbolnCuSonknqcBNjHp8r528s1SEFp+h+e+yIxl9SuwtxO5g009yzhD7mRUesduiYlYHSQttgVRs9oRAGs7C93/NTOeWGZAEkcw4G2+HFVzTpCXAsZD5ohwxyhNEKcqy/igK25/JmO/t/UMTSYRhUdAVuGgBfwtFDwrAsSJN93aoWnh1WXCxw70d8ITrUXbPzhVTuAi9gGFeTt6yOa6I++jNTw9rW5X8qdonaJNSSP0HrD6SrTF0WtIic1mv00tHB3Y6N3bmKI49i3nHBua4iGetS+pwKYHp0SnHpxwR+Zs7rgvx3Jb0m1DP+meXnqZsO/jt9pS3VZHLKTE+kzerVB9U7kM+d0Uuuxp/0GXka7oRcdBslhya9UEVVFQwBF3JvFEkj6v2d5OA3iEfOBECpVzzKctCG+OysFH5zuZUlh0q/Zff+8ls/e3fw8MeT0vL0xF9Po7STAGFYUd76jCkgYIOkhD3YiA5E+w47GUB9X8c1AfMua95N4uG3F7ZJAxo0iD6rSvz9cVn26FmyMYS5vzJ2eKEFAhAImB6Ku8YB8Cgy6WejbXfKchfVwhSOPMZnicW98PVJlBguI8SzaPYiEJFkvBWygMnHq6ZdLfj363Ng73eorIhMp/zc77VlIlYJZmLJtA5uO6p4/ubk6FNPk1f/0bSDNRBdUk8W4EOJgE++emUtEHNn9aAKhfGpmUnHZ7ZixIq66Rwp+s9WAcr6stjP/bJQ7oscoVl78oqlHIZUKXxYO7gxuzUjpTCg+8zmC9G3gp82VBPtnsq4KH1oWUITQ3WI6m1MwTC4=&u=U2FsdGVkX1+bpUXF12tJE/+D9Yv5sX7y/1y987p9yYM=&y=U2FsdGVkX18/CkJe03DZGYSYGQiUYzwyxVgnMHd21mwMqeNHJUhUPLRHazYkQ0Ip HTTP/1.1" 200 700
186.102.97.181 - - [17/Jan/2024:07:31:37 -0500] "GET /kwssiamovil/sm/acme/s?s=U2FsdGVkX1+NL9SGj8KxalyrgfGL7PPmjlIIO/cY8y8x7zhm9fvBmAxT/qTyNZMtyaFwh775s+8t1c2t1NiETh5ScN1v1aCzxITV9edjX7rwa+YXYcOU7tbu+SH/xviTglY/Fhwh4ZssjW5w5kDBQuU1Qy58v9PD0q/xrRHIIeK9BBLlbLW2go+7hMwsK6DVpdngfufJrUdFdDBr9zbH3tDGIgzeKHaMcusKtc590RfKL07q9Nqay78/HGJRbVa+e6sqvrGmR3ukAMbk6XVT5EsAUo6UMEwFS3Ke3FsbDRJfWKZiE3NJsvLqqZSjitdolPrxZdH6u8vREG5Zfgs//RxMbV2QM6xd9Y6J6uYAg46MFyhlVnSsjnUhGk1kmnogYGaAxNtR9uEeKI1ErlXcNq1nK5ZdkDIoaqhfaCtGfsyZkYuCeTlhScmmK+64hOsSxqfvdQfM/mD1bqXBy1OcqgFA3f0I/zhI8gcqpQf4wV8iJZy2/t1vmoqbCJKKuLpii+f3QnyLgx389mq/u8bflyS6NlIPaie6Qyl2NXie0qE9s/TdHgxLcL+1LG3bO4WhQvhPPycxwa6siTsqQHrznDU25L4TWppeRQvC0nvk6gLWylfMB49NiJrUfDJ5IvaviokgXUI95hez0NgktXd974ObN1B67+QEHRxHXo/DKwPQYKupOJh7sCFqUOu2yTDz5xWLC/FW1mBqdjqdQHg56UQaAN00hs55ITNgWhOxJXs+R5fsQggbEJCjvfjzhfpt&u=U2FsdGVkX1+bpUXF12tJE/+D9Yv5sX7y/1y987p9yYM=&y=U2FsdGVkX18/CkJe03DZGYSYGQiUYzwyxVgnMHd21mwMqeNHJUhUPLRHazYkQ0Ip HTTP/1.1" 200 208
186.102.97.181 - - [17/Jan/2024:07:31:38 -0500] "GET /kwssiamovil/sm/cjson/pre?f=1&x=U2FsdGVkX18lGXWbENMkMnSnXXX4rws02lPVTPIt5qBDi6qaKkplUstJI/r3WXWX HTTP/1.1" 200 31032
45.131.66.4 - - [17/Jan/2024:07:31:42 -0500] "GET / HTTP/1.1" 200 319
216.244.66.195 - - [17/Jan/2024:07:31:42 -0500] "GET /BLA/resoluciones/AUTOS%202018/1273.pdf HTTP/1.1" 200 297533
201.245.192.253 - - [17/Jan/2024:07:31:54 -0500] "POST /forms/lservlet;jsessionid=ac16012b30d6bd6ae21f678742bfae36a90452e8c389.e3iSbxaKaheRe3qKcheMbNuKc41ynknvrkLOlQzNp65In0 HTTP/1.1" 200 2
216.244.66.195 - - [17/Jan/2024:07:31:58 -0500] "GET /BLA/resoluciones/AUTOS%202018/1435.pdf HTTP/1.1" 200 267333
52.167.144.235 - - [17/Jan/2024:07:32:01 -0500] "GET /Publicaciones/2024EE07821.pdf HTTP/1.1" 200 3328231
172.22.2.4 - - [17/Jan/2024:07:30:29 -0500] "HEAD /BLA/boletinlegal/ HTTP/1.1" 200 -
216.244.66.195 - - [17/Jan/2024:07:32:13 -0500] "GET /BLA/resoluciones/AUTOS%202018/1934.pdf HTTP/1.1" 200 303278
66.249.66.21 - - [17/Jan/2024:07:32:25 -0500] "GET /BLA/resoluciones/Autos%202008/1005.pdf HTTP/1.1" 200 77248
216.244.66.195 - - [17/Jan/2024:07:32:26 -0500] "GET /BLA/resoluciones/AUTOS%202018/2064.pdf HTTP/1.1" 200 289612
201.245.192.253 - - [17/Jan/2024:07:32:35 -0500] "GET /sipse/faces/faces/faces/autenticacion.xhtml HTTP/1.1" 200 12728
201.245.192.253 - - [17/Jan/2024:07:32:35 -0500] "GET /sipse/js/disable_browser_buttons.js HTTP/1.1" 304 -
201.245.192.253 - - [17/Jan/2024:07:32:35 -0500] "GET /sipse/js/funciones.js HTTP/1.1" 304 -
201.245.192.253 - - [17/Jan/2024:07:32:35 -0500] "GET /sipse/faces/javax.faces.resource/theme.css?ln=primefaces-sipse HTTP/1.1" 304 -
201.245.192.253 - - [17/Jan/2024:07:32:35 -0500] "GET /sipse/faces/javax.faces.resource/layout/layout.css;jsessionid=8MWB3WWEs1pI0Qci4pn0kpUZ.undefined?ln=primefaces&v=4.0 HTTP/1.1" 200 542
201.245.192.253 - - [17/Jan/2024:07:32:35 -0500] "GET /sipse/faces/javax.faces.resource/jquery/jquery.js;jsessionid=8MWB3WWEs1pI0Qci4pn0kpUZ.undefined?ln=primefaces&v=4.0 HTTP/1.1" 200 105384
201.245.192.253 - - [17/Jan/2024:07:32:35 -0500] "GET /sipse/faces/javax.faces.resource/layout/layout.js;jsessionid=8MWB3WWEs1pI0Qci4pn0kpUZ.undefined?ln=primefaces&v=4.0 HTTP/1.1" 200 87560
201.245.192.253 - - [17/Jan/2024:07:32:35 -0500] "GET /sipse/faces/javax.faces.resource/primefaces.js;jsessionid=8MWB3WWEs1pI0Qci4pn0kpUZ.undefined?ln=primefaces&v=4.0 HTTP/1.1" 200 276924
201.245.192.253 - - [17/Jan/2024:07:32:35 -0500] "GET /sipse/faces/javax.faces.resource/jquery/jquery-plugins.js;jsessionid=8MWB3WWEs1pI0Qci4pn0kpUZ.undefined?ln=primefaces&v=4.0 HTTP/1.1" 200 220526
201.245.192.253 - - [17/Jan/2024:07:32:35 -0500] "GET /sipse/faces/javax.faces.resource/primefaces.css;jsessionid=8MWB3WWEs1pI0Qci4pn0kpUZ.undefined?ln=primefaces&v=4.0 HTTP/1.1" 200 53295
201.245.192.253 - - [17/Jan/2024:07:32:35 -0500] "GET /sipse/faces/javax.faces.resource/images/ui-icons_898989_256x240.png?ln=primefaces-aristo HTTP/1.1" 304 -
201.245.192.253 - - [17/Jan/2024:07:32:35 -0500] "GET /sipse/faces/faces/faces/index.xhtml HTTP/1.1" 200 677
201.245.192.253 - - [17/Jan/2024:07:32:35 -0500] "GET /sipse/faces/javax.faces.resource/theme.css?ln=primefaces-sipse HTTP/1.1" 304 -
201.245.192.253 - - [17/Jan/2024:07:32:35 -0500] "GET /sipse/faces/faces/faces/faces/autenticacion.xhtml HTTP/1.1" 200 12406
201.245.192.253 - - [17/Jan/2024:07:32:35 -0500] "GET /sipse/faces/javax.faces.resource/theme.css?ln=primefaces-sipse HTTP/1.1" 304 -
201.245.192.253 - - [17/Jan/2024:07:32:36 -0500] "GET /sipse/faces/javax.faces.resource/layout/layout.css?ln=primefaces&v=4.0 HTTP/1.1" 304 -
201.245.192.253 - - [17/Jan/2024:07:32:36 -0500] "GET /sipse/faces/javax.faces.resource/jquery/jquery.js?ln=primefaces&v=4.0 HTTP/1.1" 304 -
201.245.192.253 - - [17/Jan/2024:07:32:36 -0500] "GET /sipse/faces/javax.faces.resource/jquery/jquery-plugins.js?ln=primefaces&v=4.0 HTTP/1.1" 304 -
201.245.192.253 - - [17/Jan/2024:07:32:36 -0500] "GET /sipse/faces/javax.faces.resource/primefaces.js?ln=primefaces&v=4.0 HTTP/1.1" 304 -
201.245.192.253 - - [17/Jan/2024:07:32:36 -0500] "GET /sipse/faces/javax.faces.resource/layout/layout.js?ln=primefaces&v=4.0 HTTP/1.1" 304 -
201.245.192.253 - - [17/Jan/2024:07:32:36 -0500] "GET /sipse/faces/javax.faces.resource/primefaces.css?ln=primefaces&v=4.0 HTTP/1.1" 200 53295
201.245.192.253 - - [17/Jan/2024:07:32:36 -0500] "POST /forms/lservlet;jsessionid=ac16012b30d6947c1f7f67e648598dd0e716ce7e24d2.e3iSbxaKaheRe3qKcheMbNuKc41ynknvrkLOlQzNp65In0 HTTP/1.1" 200 2
201.245.192.253 - - [17/Jan/2024:07:32:36 -0500] "GET /sipse/faces/javax.faces.resource/images/ui-icons_898989_256x240.png?ln=primefaces-aristo HTTP/1.1" 304 -
201.245.192.253 - - [17/Jan/2024:07:32:38 -0500] "POST /sipse/faces/autenticacion.xhtml HTTP/1.1" 200 11168
201.245.192.253 - - [17/Jan/2024:07:32:38 -0500] "GET /sipse/css/custom_css_sg_prime.css HTTP/1.1" 200 5201
201.245.192.253 - - [17/Jan/2024:07:32:38 -0500] "GET /sipse/faces/javax.faces.resource/jquery/jquery.js?ln=primefaces&v=4.0 HTTP/1.1" 304 -
201.245.192.253 - - [17/Jan/2024:07:32:38 -0500] "GET /sipse/faces/javax.faces.resource/jquery/jquery-plugins.js?ln=primefaces&v=4.0 HTTP/1.1" 304 -
201.245.192.253 - - [17/Jan/2024:07:32:38 -0500] "GET /sipse/faces/javax.faces.resource/primefaces.js?ln=primefaces&v=4.0 HTTP/1.1" 304 -
201.245.192.253 - - [17/Jan/2024:07:32:38 -0500] "GET /sipse/faces/javax.faces.resource/layout/layout.js?ln=primefaces&v=4.0 HTTP/1.1" 304 -
201.245.192.253 - - [17/Jan/2024:07:32:38 -0500] "GET /sipse/faces/javax.faces.resource/messages/messages.png?ln=primefaces&v=4.0 HTTP/1.1" 200 27209
216.244.66.195 - - [17/Jan/2024:07:32:39 -0500] "GET /BLA/resoluciones/AUTOS%202018/2659.pdf HTTP/1.1" 200 301736
201.245.192.253 - - [17/Jan/2024:07:32:41 -0500] "POST /sipse/faces/presentacion/sistema/seguridad/seleccionRol.xhtml HTTP/1.1" 200 5600
201.245.192.253 - - [17/Jan/2024:07:32:42 -0500] "POST /sipse/faces/presentacion/sistema/seguridad/seleccionRol.xhtml HTTP/1.1" 200 17611
201.245.192.253 - - [17/Jan/2024:07:32:42 -0500] "GET /sipse/js/jquery.min.js HTTP/1.1" 304 -
201.245.192.253 - - [17/Jan/2024:07:32:42 -0500] "GET /sipse/faces/javax.faces.resource/jquery/jquery.js?ln=primefaces&v=4.0 HTTP/1.1" 304 -
201.245.192.253 - - [17/Jan/2024:07:32:42 -0500] "GET /sipse/faces/javax.faces.resource/jquery/jquery-plugins.js?ln=primefaces&v=4.0 HTTP/1.1" 304 -
201.245.192.253 - - [17/Jan/2024:07:32:43 -0500] "GET /sipse/faces/javax.faces.resource/primefaces.js?ln=primefaces&v=4.0 HTTP/1.1" 304 -
201.245.192.253 - - [17/Jan/2024:07:32:43 -0500] "GET /sipse/faces/javax.faces.resource/layout/layout.js?ln=primefaces&v=4.0 HTTP/1.1" 304 -
201.245.192.253 - - [17/Jan/2024:07:32:43 -0500] "GET /sipse/imagenes/cargando.gif HTTP/1.1" 200 22658
201.245.192.253 - - [17/Jan/2024:07:32:43 -0500] "GET /sipse/css/v_mergente.css HTTP/1.1" 200 1505
201.245.192.253 - - [17/Jan/2024:07:32:43 -0500] "GET /sipse/imagenes/logoAplicacion.jpg HTTP/1.1" 200 26127
201.245.192.253 - - [17/Jan/2024:07:32:43 -0500] "GET /sipse/css/imagen/contrasena.png HTTP/1.1" 404 383
201.245.192.253 - - [17/Jan/2024:07:32:44 -0500] "GET /sipse/faces/javax.faces.resource/images/ui-bg_flat_0_2d5972_40x100.png?ln=primefaces-aristo HTTP/1.1" 200 183
201.245.192.253 - - [17/Jan/2024:07:32:44 -0500] "POST /sipse/faces/bienvenido.xhtml HTTP/1.1" 200 3246
201.245.192.253 - - [17/Jan/2024:07:32:46 -0500] "POST /sipse/faces/bienvenido.xhtml HTTP/1.1" 200 66283
201.245.192.253 - - [17/Jan/2024:07:32:47 -0500] "GET /sipse/faces/javax.faces.resource/jquery/jquery.js?ln=primefaces&v=4.0 HTTP/1.1" 304 -
201.245.192.253 - - [17/Jan/2024:07:32:47 -0500] "GET /sipse/faces/javax.faces.resource/jquery/jquery-plugins.js?ln=primefaces&v=4.0 HTTP/1.1" 304 -
201.245.192.253 - - [17/Jan/2024:07:32:47 -0500] "GET /sipse/faces/javax.faces.resource/primefaces.js?ln=primefaces&v=4.0 HTTP/1.1" 304 -
201.245.192.253 - - [17/Jan/2024:07:32:47 -0500] "GET /sipse/faces/javax.faces.resource/layout/layout.js?ln=primefaces&v=4.0 HTTP/1.1" 304 -
201.245.192.253 - - [17/Jan/2024:07:32:47 -0500] "POST /sipse/faces/presentacion/financiero/solicitudProceso/listarSolicitudProceso.xhtml HTTP/1.1" 200 1556
216.244.66.195 - - [17/Jan/2024:07:32:51 -0500] "GET /BLA/resoluciones/AUTOS%202018/3310.pdf HTTP/1.1" 200 270269
172.22.2.4 - - [17/Jan/2024:07:31:20 -0500] "GET /BLA/boletinlegal/ HTTP/1.1" 200 60996
216.244.66.195 - - [17/Jan/2024:07:33:06 -0500] "GET /BLA/resoluciones/AUTOS%202018/3518.pdf HTTP/1.1" 200 237194
201.245.192.253 - - [17/Jan/2024:07:33:14 -0500] "POST /sipse/faces/presentacion/financiero/solicitudProceso/listarSolicitudProceso.xhtml HTTP/1.1" 200 112476
201.245.192.253 - - [17/Jan/2024:07:33:15 -0500] "GET /sipse/faces/javax.faces.resource/jquery/jquery.js?ln=primefaces&v=4.0 HTTP/1.1" 304 -
216.245.221.92 - - [17/Jan/2024:07:33:15 -0500] "HEAD / HTTP/1.1" 200 -
201.245.192.253 - - [17/Jan/2024:07:33:15 -0500] "GET /sipse/faces/javax.faces.resource/jquery/jquery-plugins.js?ln=primefaces&v=4.0 HTTP/1.1" 304 -
201.245.192.253 - - [17/Jan/2024:07:33:15 -0500] "GET /sipse/faces/javax.faces.resource/primefaces.js?ln=primefaces&v=4.0 HTTP/1.1" 304 -
201.245.192.253 - - [17/Jan/2024:07:33:15 -0500] "GET /sipse/faces/javax.faces.resource/layout/layout.js?ln=primefaces&v=4.0 HTTP/1.1" 304 -
216.244.66.195 - - [17/Jan/2024:07:33:18 -0500] "GET /BLA/resoluciones/AUTOS%202018/3919.pdf HTTP/1.1" 200 277249
216.244.66.195 - - [17/Jan/2024:07:33:28 -0500] "GET /BLA/resoluciones/AUTOS%202019/0432.pdf HTTP/1.1" 200 288754
216.244.66.195 - - [17/Jan/2024:07:33:37 -0500] "GET /BLA/resoluciones/AUTOS%202019/0944.pdf HTTP/1.1" 200 283748
66.249.66.19 - - [17/Jan/2024:07:33:38 -0500] "GET /portel_dama/libreria/php/2006/ECOSISTEMAS%20FINAL%20web_mz27/restauracion/sitio/22_proye/xtras_in/cni_3.pdf HTTP/1.1" 404 1018
216.244.66.195 - - [17/Jan/2024:07:33:45 -0500] "GET /BLA/resoluciones/AUTOS%202019/2017.pdf HTTP/1.1" 200 339556
216.244.66.195 - - [17/Jan/2024:07:33:52 -0500] "GET /BLA/resoluciones/AUTOS%202019/2734.pdf HTTP/1.1" 200 286146
201.245.192.253 - - [17/Jan/2024:07:33:54 -0500] "POST /forms/lservlet;jsessionid=ac16012b30d6bd6ae21f678742bfae36a90452e8c389.e3iSbxaKaheRe3qKcheMbNuKc41ynknvrkLOlQzNp65In0 HTTP/1.1" 200 2
216.244.66.195 - - [17/Jan/2024:07:33:58 -0500] "GET /BLA/resoluciones/AUTOS%202022/0119.pdf HTTP/1.1" 200 386350
216.244.66.195 - - [17/Jan/2024:07:34:06 -0500] "GET /BLA/resoluciones/AUTOS%202022/0478.pdf HTTP/1.1" 200 435321
201.245.192.253 - - [17/Jan/2024:07:34:04 -0500] "POST /kwsrmcab/Wsrmcab  HTTP/1.1" 200 39113
216.244.66.195 - - [17/Jan/2024:07:34:19 -0500] "GET /BLA/resoluciones/AUTOS%202022/1126.pdf HTTP/1.1" 200 373228
201.245.192.253 - - [17/Jan/2024:07:34:21 -0500] "POST /kwsrmcab/Wsrmcab HTTP/1.1" 200 38700
201.245.192.253 - - [17/Jan/2024:07:34:24 -0500] "POST /kwsrmcab/Wsrmcab HTTP/1.1" 200 39000
216.244.66.195 - - [17/Jan/2024:07:34:29 -0500] "GET /BLA/resoluciones/AUTOS%202022/1300.pdf HTTP/1.1" 200 364845
201.245.192.253 - - [17/Jan/2024:07:34:36 -0500] "POST /forms/lservlet;jsessionid=ac16012b30d6947c1f7f67e648598dd0e716ce7e24d2.e3iSbxaKaheRe3qKcheMbNuKc41ynknvrkLOlQzNp65In0 HTTP/1.1" 200 2
216.244.66.195 - - [17/Jan/2024:07:34:38 -0500] "GET /BLA/resoluciones/AUTOS%202022/1418.pdf HTTP/1.1" 200 336132
216.244.66.195 - - [17/Jan/2024:07:34:47 -0500] "GET /BLA/resoluciones/AUTOS%202022/2186.pdf HTTP/1.1" 200 367463
216.244.66.195 - - [17/Jan/2024:07:34:54 -0500] "GET /BLA/resoluciones/AUTOS%202022/2191.pdf HTTP/1.1" 200 369991
216.244.66.195 - - [17/Jan/2024:07:35:00 -0500] "GET /BLA/resoluciones/AUTOS%202022/2977.pdf HTTP/1.1" 200 403695
216.244.66.195 - - [17/Jan/2024:07:35:05 -0500] "GET /BLA/resoluciones/AUTOS%202022/3660.pdf HTTP/1.1" 200 571272
201.245.192.253 - - [17/Jan/2024:07:35:22 -0500] "POST /sipse/faces/presentacion/financiero/solicitudProceso/consultarSolicitudProceso.xhtml HTTP/1.1" 200 290853
216.244.66.195 - - [17/Jan/2024:07:35:30 -0500] "GET /BLA/resoluciones/AUTOS%202022/3678.pdf HTTP/1.1" 200 860216
191.95.62.134 - - [17/Jan/2024:07:35:33 -0500] "GET /alcalde-carlos-fernando-galan-posesiono-a-adriana-soto-como-nueva-secretaria-de-ambiente.html HTTP/1.1" 200 888
216.244.66.195 - - [17/Jan/2024:07:35:53 -0500] "GET /BLA/resoluciones/AUTOS%202022/4432.pdf HTTP/1.1" 200 2721762
201.245.192.253 - - [17/Jan/2024:07:35:54 -0500] "POST /forms/lservlet;jsessionid=ac16012b30d6bd6ae21f678742bfae36a90452e8c389.e3iSbxaKaheRe3qKcheMbNuKc41ynknvrkLOlQzNp65In0 HTTP/1.1" 200 2
216.244.66.195 - - [17/Jan/2024:07:36:27 -0500] "GET /BLA/resoluciones/RESOLUCIONES%202009/1372.pdf HTTP/1.1" 200 1126606
201.245.192.253 - - [17/Jan/2024:07:36:31 -0500] "GET /sipse/faces/index.xhtml HTTP/1.1" 200 677
201.245.192.253 - - [17/Jan/2024:07:36:31 -0500] "GET /sipse/faces/javax.faces.resource/theme.css?ln=primefaces-sipse HTTP/1.1" 200 50058
201.245.192.253 - - [17/Jan/2024:07:36:31 -0500] "GET /favicon.ico HTTP/1.1" 200 7782
40.77.167.93 - - [17/Jan/2024:07:36:35 -0500] "GET /robots.txt HTTP/1.1" 404 1018
201.245.192.253 - - [17/Jan/2024:07:36:36 -0500] "POST /forms/lservlet;jsessionid=ac16012b30d6947c1f7f67e648598dd0e716ce7e24d2.e3iSbxaKaheRe3qKcheMbNuKc41ynknvrkLOlQzNp65In0 HTTP/1.1" 200 2
201.245.192.253 - - [17/Jan/2024:07:36:36 -0500] "GET /sipse/faces/faces/autenticacion.xhtml HTTP/1.1" 200 12406
201.245.192.253 - - [17/Jan/2024:07:36:36 -0500] "GET /sipse/js/disable_browser_buttons.js HTTP/1.1" 200 3230
201.245.192.253 - - [17/Jan/2024:07:36:36 -0500] "GET /sipse/js/funciones.js HTTP/1.1" 200 12592
201.245.192.253 - - [17/Jan/2024:07:36:36 -0500] "GET /sipse/css/custom_css_sg.css HTTP/1.1" 200 9694
201.245.192.253 - - [17/Jan/2024:07:36:36 -0500] "GET /sipse/css/custom_css_sg_prime_login.css HTTP/1.1" 200 443
201.245.192.253 - - [17/Jan/2024:07:36:36 -0500] "GET /sipse/faces/javax.faces.resource/theme.css?ln=primefaces-sipse HTTP/1.1" 304 -
201.245.192.253 - - [17/Jan/2024:07:36:36 -0500] "GET /sipse/faces/javax.faces.resource/layout/layout.css?ln=primefaces&v=4.0 HTTP/1.1" 200 542
201.245.192.253 - - [17/Jan/2024:07:36:36 -0500] "GET /sipse/faces/javax.faces.resource/layout/layout.js?ln=primefaces&v=4.0 HTTP/1.1" 200 87560
201.245.192.253 - - [17/Jan/2024:07:36:36 -0500] "GET /sipse/faces/javax.faces.resource/primefaces.css?ln=primefaces&v=4.0 HTTP/1.1" 200 53295
201.245.192.253 - - [17/Jan/2024:07:36:36 -0500] "GET /sipse/faces/javax.faces.resource/jquery/jquery.js?ln=primefaces&v=4.0 HTTP/1.1" 200 105384
201.245.192.253 - - [17/Jan/2024:07:36:36 -0500] "GET /sipse/faces/javax.faces.resource/jquery/jquery-plugins.js?ln=primefaces&v=4.0 HTTP/1.1" 200 220526
201.245.192.253 - - [17/Jan/2024:07:36:36 -0500] "GET /sipse/faces/javax.faces.resource/primefaces.js?ln=primefaces&v=4.0 HTTP/1.1" 200 276924
201.245.192.253 - - [17/Jan/2024:07:36:36 -0500] "GET /sipse/faces/javax.faces.resource/images/ui-icons_898989_256x240.png?ln=primefaces-aristo HTTP/1.1" 200 5355
201.245.192.253 - - [17/Jan/2024:07:36:36 -0500] "GET /sipse/css/imagen/logoSDG.png HTTP/1.1" 200 53064
201.245.192.253 - - [17/Jan/2024:07:36:36 -0500] "GET /sipse/css/imagen/loginimg.png HTTP/1.1" 200 71635
201.245.192.253 - - [17/Jan/2024:07:36:42 -0500] "POST /sipse/faces/presentacion/financiero/solicitudProceso/consultarSolicitudProceso.xhtml HTTP/1.1" 200 5431
216.244.66.195 - - [17/Jan/2024:07:36:59 -0500] "GET /BLA/resoluciones/RESOLUCIONES%202011/0119.pdf HTTP/1.1" 200 309936
216.244.66.195 - - [17/Jan/2024:07:37:28 -0500] "GET /BLA/resoluciones/RESOLUCIONES%202011/0297.pdf HTTP/1.1" 200 268591
201.245.192.253 - - [17/Jan/2024:07:37:42 -0500] "POST /sipse/faces/presentacion/financiero/solicitudProceso/consultarSolicitudProceso.xhtml HTTP/1.1" 200 5453
201.245.192.253 - - [17/Jan/2024:07:37:42 -0500] "GET /sipse/faces/javax.faces.resource/dynamiccontent.properties?ln=primefaces&pfdrid=XjOR5%2F%2FfPAZAuY9TpWQeCiM0BhlXxYRBGKi%2FQcXXfeA%3D&pfdrid_c=false HTTP/1.1" 200 120516
201.245.192.253 - - [17/Jan/2024:07:37:54 -0500] "POST /forms/lservlet;jsessionid=ac16012b30d6bd6ae21f678742bfae36a90452e8c389.e3iSbxaKaheRe3qKcheMbNuKc41ynknvrkLOlQzNp65In0 HTTP/1.1" 200 2
216.244.66.195 - - [17/Jan/2024:07:37:59 -0500] "GET /BLA/resoluciones/RESOLUCIONES%202011/0417.pdf HTTP/1.1" 200 66691
172.22.2.4 - - [17/Jan/2024:07:36:19 -0500] "HEAD /BLA/boletinlegal/ HTTP/1.1" 200 -
201.245.192.253 - - [17/Jan/2024:07:38:07 -0500] "GET /sipse/faces/index.xhtml HTTP/1.1" 200 677
201.245.192.253 - - [17/Jan/2024:07:38:07 -0500] "GET /sipse/faces/javax.faces.resource/theme.css?ln=primefaces-sipse HTTP/1.1" 304 -
201.245.192.253 - - [17/Jan/2024:07:38:07 -0500] "GET /sipse/faces/faces/autenticacion.xhtml HTTP/1.1" 200 12406
201.245.192.253 - - [17/Jan/2024:07:38:07 -0500] "GET /sipse/faces/javax.faces.resource/theme.css?ln=primefaces-sipse HTTP/1.1" 304 -
201.245.192.253 - - [17/Jan/2024:07:38:07 -0500] "GET /sipse/js/disable_browser_buttons.js HTTP/1.1" 304 -
201.245.192.253 - - [17/Jan/2024:07:38:07 -0500] "GET /sipse/js/funciones.js HTTP/1.1" 304 -
201.245.192.253 - - [17/Jan/2024:07:38:07 -0500] "GET /sipse/css/custom_css_sg.css HTTP/1.1" 304 -
201.245.192.253 - - [17/Jan/2024:07:38:07 -0500] "GET /sipse/css/custom_css_sg_prime_login.css HTTP/1.1" 304 -
201.245.192.253 - - [17/Jan/2024:07:38:07 -0500] "GET /sipse/faces/javax.faces.resource/jquery/jquery-plugins.js?ln=primefaces&v=4.0 HTTP/1.1" 304 -
201.245.192.253 - - [17/Jan/2024:07:38:07 -0500] "GET /sipse/faces/javax.faces.resource/layout/layout.css?ln=primefaces&v=4.0 HTTP/1.1" 304 -
201.245.192.253 - - [17/Jan/2024:07:38:07 -0500] "GET /sipse/faces/javax.faces.resource/primefaces.css?ln=primefaces&v=4.0 HTTP/1.1" 304 -
201.245.192.253 - - [17/Jan/2024:07:38:07 -0500] "GET /sipse/faces/javax.faces.resource/layout/layout.js?ln=primefaces&v=4.0 HTTP/1.1" 304 -
201.245.192.253 - - [17/Jan/2024:07:38:07 -0500] "GET /sipse/faces/javax.faces.resource/jquery/jquery.js?ln=primefaces&v=4.0 HTTP/1.1" 304 -
201.245.192.253 - - [17/Jan/2024:07:38:07 -0500] "GET /sipse/faces/javax.faces.resource/primefaces.js?ln=primefaces&v=4.0 HTTP/1.1" 304 -
201.245.192.253 - - [17/Jan/2024:07:38:07 -0500] "GET /sipse/css/imagen/loginimg.png HTTP/1.1" 304 -
201.245.192.253 - - [17/Jan/2024:07:38:07 -0500] "GET /sipse/css/imagen/logoSDG.png HTTP/1.1" 304 -
201.245.192.253 - - [17/Jan/2024:07:38:07 -0500] "GET /sipse/faces/javax.faces.resource/images/ui-icons_898989_256x240.png?ln=primefaces-aristo HTTP/1.1" 304 -
201.245.192.253 - - [17/Jan/2024:07:38:08 -0500] "POST /sipse/faces/presentacion/financiero/solicitudProceso/consultarSolicitudProceso.xhtml HTTP/1.1" 200 32387
201.245.192.253 - - [17/Jan/2024:07:38:09 -0500] "GET /sipse/faces/javax.faces.resource/theme.css?ln=primefaces-sipse HTTP/1.1" 304 -
201.245.192.253 - - [17/Jan/2024:07:38:09 -0500] "GET /sipse/faces/javax.faces.resource/jquery/jquery.js?ln=primefaces&v=4.0 HTTP/1.1" 304 -
201.245.192.253 - - [17/Jan/2024:07:38:09 -0500] "GET /sipse/faces/javax.faces.resource/primefaces.css?ln=primefaces&v=4.0 HTTP/1.1" 304 -
201.245.192.253 - - [17/Jan/2024:07:38:09 -0500] "GET /sipse/faces/javax.faces.resource/jquery/jquery-plugins.js?ln=primefaces&v=4.0 HTTP/1.1" 304 -
201.245.192.253 - - [17/Jan/2024:07:38:09 -0500] "GET /sipse/faces/javax.faces.resource/layout/layout.css?ln=primefaces&v=4.0 HTTP/1.1" 304 -
201.245.192.253 - - [17/Jan/2024:07:38:09 -0500] "GET /sipse/faces/javax.faces.resource/primefaces.js?ln=primefaces&v=4.0 HTTP/1.1" 304 -
201.245.192.253 - - [17/Jan/2024:07:38:09 -0500] "GET /sipse/faces/javax.faces.resource/layout/layout.js?ln=primefaces&v=4.0 HTTP/1.1" 304 -
201.245.192.253 - - [17/Jan/2024:07:38:09 -0500] "GET /sipse/faces/javax.faces.resource/images/ui-icons_898989_256x240.png?ln=primefaces-aristo HTTP/1.1" 304 -
40.77.167.126 - - [17/Jan/2024:07:38:13 -0500] "GET /BLA/resoluciones/RESOLUCIONES%202023/1236.pdf HTTP/1.1" 200 374134
216.245.221.92 - - [17/Jan/2024:07:38:15 -0500] "HEAD / HTTP/1.1" 200 -
216.244.66.195 - - [17/Jan/2024:07:38:26 -0500] "GET /BLA/resoluciones/RESOLUCIONES%202011/0506.pdf HTTP/1.1" 200 68437
201.245.192.253 - - [17/Jan/2024:07:38:30 -0500] "GET /sipse/faces/index.xhtml HTTP/1.1" 200 677
201.245.192.253 - - [17/Jan/2024:07:38:30 -0500] "GET /sipse/faces/javax.faces.resource/theme.css?ln=primefaces-sipse HTTP/1.1" 304 -
201.245.192.253 - - [17/Jan/2024:07:38:30 -0500] "GET /sipse/faces/faces/autenticacion.xhtml HTTP/1.1" 200 12406
201.245.192.253 - - [17/Jan/2024:07:38:30 -0500] "GET /sipse/faces/javax.faces.resource/theme.css?ln=primefaces-sipse HTTP/1.1" 304 -
201.245.192.253 - - [17/Jan/2024:07:38:30 -0500] "GET /sipse/faces/javax.faces.resource/primefaces.css?ln=primefaces&v=4.0 HTTP/1.1" 304 -
201.245.192.253 - - [17/Jan/2024:07:38:30 -0500] "GET /sipse/faces/javax.faces.resource/jquery/jquery.js?ln=primefaces&v=4.0 HTTP/1.1" 304 -
201.245.192.253 - - [17/Jan/2024:07:38:30 -0500] "GET /sipse/faces/javax.faces.resource/jquery/jquery-plugins.js?ln=primefaces&v=4.0 HTTP/1.1" 304 -
201.245.192.253 - - [17/Jan/2024:07:38:30 -0500] "GET /sipse/faces/javax.faces.resource/primefaces.js?ln=primefaces&v=4.0 HTTP/1.1" 304 -
201.245.192.253 - - [17/Jan/2024:07:38:30 -0500] "GET /sipse/faces/javax.faces.resource/layout/layout.js?ln=primefaces&v=4.0 HTTP/1.1" 304 -
201.245.192.253 - - [17/Jan/2024:07:38:30 -0500] "GET /sipse/faces/javax.faces.resource/layout/layout.css?ln=primefaces&v=4.0 HTTP/1.1" 304 -
201.245.192.253 - - [17/Jan/2024:07:38:30 -0500] "GET /sipse/faces/javax.faces.resource/images/ui-icons_898989_256x240.png?ln=primefaces-aristo HTTP/1.1" 304 -
201.245.192.253 - - [17/Jan/2024:07:38:36 -0500] "POST /forms/lservlet;jsessionid=ac16012b30d6947c1f7f67e648598dd0e716ce7e24d2.e3iSbxaKaheRe3qKcheMbNuKc41ynknvrkLOlQzNp65In0 HTTP/1.1" 200 2
201.245.192.253 - - [17/Jan/2024:07:38:37 -0500] "POST /sipse/faces/autenticacion.xhtml HTTP/1.1" 200 11371
201.245.192.253 - - [17/Jan/2024:07:38:37 -0500] "GET /sipse/faces/javax.faces.resource/theme.css?ln=primefaces-sipse HTTP/1.1" 304 -
201.245.192.253 - - [17/Jan/2024:07:38:37 -0500] "GET /sipse/faces/javax.faces.resource/primefaces.css?ln=primefaces&v=4.0 HTTP/1.1" 304 -
201.245.192.253 - - [17/Jan/2024:07:38:37 -0500] "GET /sipse/faces/javax.faces.resource/jquery/jquery.js?ln=primefaces&v=4.0 HTTP/1.1" 304 -
201.245.192.253 - - [17/Jan/2024:07:38:37 -0500] "GET /sipse/faces/javax.faces.resource/layout/layout.css?ln=primefaces&v=4.0 HTTP/1.1" 304 -
201.245.192.253 - - [17/Jan/2024:07:38:37 -0500] "GET /sipse/faces/javax.faces.resource/jquery/jquery-plugins.js?ln=primefaces&v=4.0 HTTP/1.1" 304 -
201.245.192.253 - - [17/Jan/2024:07:38:37 -0500] "GET /sipse/faces/javax.faces.resource/primefaces.js?ln=primefaces&v=4.0 HTTP/1.1" 304 -
201.245.192.253 - - [17/Jan/2024:07:38:37 -0500] "GET /sipse/faces/javax.faces.resource/layout/layout.js?ln=primefaces&v=4.0 HTTP/1.1" 304 -
201.245.192.253 - - [17/Jan/2024:07:38:37 -0500] "GET /sipse/faces/javax.faces.resource/messages/messages.png?ln=primefaces&v=4.0 HTTP/1.1" 304 -
201.245.192.253 - - [17/Jan/2024:07:38:40 -0500] "POST /sipse/faces/presentacion/sistema/seguridad/seleccionRol.xhtml HTTP/1.1" 200 5802
201.245.192.253 - - [17/Jan/2024:07:38:40 -0500] "POST /sipse/faces/presentacion/financiero/solicitudProceso/consultarHistorialSolProceso.xhtml HTTP/1.1" 200 157421
201.245.192.253 - - [17/Jan/2024:07:38:40 -0500] "GET /sipse/faces/javax.faces.resource/primefaces.css?ln=primefaces&v=4.0 HTTP/1.1" 304 -
201.245.192.253 - - [17/Jan/2024:07:38:40 -0500] "GET /sipse/faces/javax.faces.resource/theme.css?ln=primefaces-sipse HTTP/1.1" 304 -
201.245.192.253 - - [17/Jan/2024:07:38:40 -0500] "GET /sipse/faces/javax.faces.resource/jquery/jquery.js?ln=primefaces&v=4.0 HTTP/1.1" 304 -
201.245.192.253 - - [17/Jan/2024:07:38:40 -0500] "GET /sipse/faces/javax.faces.resource/jquery/jquery-plugins.js?ln=primefaces&v=4.0 HTTP/1.1" 304 -
201.245.192.253 - - [17/Jan/2024:07:38:40 -0500] "GET /sipse/faces/javax.faces.resource/layout/layout.css?ln=primefaces&v=4.0 HTTP/1.1" 304 -
