216.244.66.195 - - [17/Jan/2024:06:26:24 -0500] "GET /BLA/resoluciones/AUTOS%202018/0782.pdf HTTP/1.1" 200 295422
216.244.66.195 - - [17/Jan/2024:06:26:34 -0500] "GET /BLA/resoluciones/AUTOS%202018/0929.pdf HTTP/1.1" 200 314735
201.245.192.253 - - [17/Jan/2024:06:26:35 -0500] "POST /forms/lservlet;jsessionid=ac16012b30d6947c1f7f67e648598dd0e716ce7e24d2.e3iSbxaKaheRe3qKcheMbNuKc41ynknvrkLOlQzNp65In0 HTTP/1.1" 200 2
179.51.114.3 - - [17/Jan/2024:06:26:43 -0500] "GET /sipse/faces/index.xhtml HTTP/1.1" 200 677
179.51.114.3 - - [17/Jan/2024:06:26:43 -0500] "GET /sipse/faces/javax.faces.resource/theme.css?ln=primefaces-sipse HTTP/1.1" 304 -
179.51.114.3 - - [17/Jan/2024:06:26:43 -0500] "GET /sipse/faces/faces/autenticacion.xhtml HTTP/1.1" 200 12406
179.51.114.3 - - [17/Jan/2024:06:26:43 -0500] "GET /sipse/faces/javax.faces.resource/theme.css?ln=primefaces-sipse HTTP/1.1" 304 -
179.51.114.3 - - [17/Jan/2024:06:26:43 -0500] "GET /sipse/faces/javax.faces.resource/primefaces.css?ln=primefaces&v=4.0 HTTP/1.1" 304 -
179.51.114.3 - - [17/Jan/2024:06:26:43 -0500] "GET /sipse/faces/javax.faces.resource/layout/layout.css?ln=primefaces&v=4.0 HTTP/1.1" 304 -
179.51.114.3 - - [17/Jan/2024:06:26:43 -0500] "GET /sipse/faces/javax.faces.resource/jquery/jquery.js?ln=primefaces&v=4.0 HTTP/1.1" 304 -
179.51.114.3 - - [17/Jan/2024:06:26:43 -0500] "GET /sipse/faces/javax.faces.resource/primefaces.js?ln=primefaces&v=4.0 HTTP/1.1" 304 -
179.51.114.3 - - [17/Jan/2024:06:26:43 -0500] "GET /sipse/faces/javax.faces.resource/layout/layout.js?ln=primefaces&v=4.0 HTTP/1.1" 304 -
179.51.114.3 - - [17/Jan/2024:06:26:43 -0500] "GET /sipse/faces/javax.faces.resource/jquery/jquery-plugins.js?ln=primefaces&v=4.0 HTTP/1.1" 304 -
179.51.114.3 - - [17/Jan/2024:06:26:43 -0500] "GET /sipse/faces/javax.faces.resource/images/ui-icons_898989_256x240.png?ln=primefaces-aristo HTTP/1.1" 304 -
179.51.114.3 - - [17/Jan/2024:06:26:52 -0500] "POST /sipse/faces/autenticacion.xhtml HTTP/1.1" 200 2224
179.51.114.3 - - [17/Jan/2024:06:26:52 -0500] "GET /sipse/faces/javax.faces.resource/messages/messages.png?ln=primefaces&v=4.0 HTTP/1.1" 304 -
179.51.114.3 - - [17/Jan/2024:06:26:53 -0500] "POST /sipse/faces/autenticacion.xhtml HTTP/1.1" 200 16407
179.51.114.3 - - [17/Jan/2024:06:26:54 -0500] "GET /sipse/faces/javax.faces.resource/theme.css?ln=primefaces-sipse HTTP/1.1" 304 -
179.51.114.3 - - [17/Jan/2024:06:26:54 -0500] "GET /sipse/faces/javax.faces.resource/primefaces.css?ln=primefaces&v=4.0 HTTP/1.1" 304 -
179.51.114.3 - - [17/Jan/2024:06:26:54 -0500] "GET /sipse/faces/javax.faces.resource/layout/layout.css?ln=primefaces&v=4.0 HTTP/1.1" 304 -
179.51.114.3 - - [17/Jan/2024:06:26:54 -0500] "GET /sipse/faces/javax.faces.resource/layout/layout.js?ln=primefaces&v=4.0 HTTP/1.1" 304 -
179.51.114.3 - - [17/Jan/2024:06:26:54 -0500] "GET /sipse/faces/javax.faces.resource/primefaces.js?ln=primefaces&v=4.0 HTTP/1.1" 304 -
179.51.114.3 - - [17/Jan/2024:06:26:54 -0500] "GET /sipse/faces/javax.faces.resource/jquery/jquery.js?ln=primefaces&v=4.0 HTTP/1.1" 304 -
179.51.114.3 - - [17/Jan/2024:06:26:54 -0500] "GET /sipse/faces/javax.faces.resource/jquery/jquery-plugins.js?ln=primefaces&v=4.0 HTTP/1.1" 304 -
179.51.114.3 - - [17/Jan/2024:06:26:54 -0500] "GET /sipse/css/imagen/contrasena.png HTTP/1.1" 404 383
216.244.66.195 - - [17/Jan/2024:06:26:59 -0500] "GET /BLA/resoluciones/AUTOS%202018/0964.pdf HTTP/1.1" 200 273853
52.167.144.191 - - [17/Jan/2024:06:27:04 -0500] "GET /Publicaciones/2024EE05893.pdf HTTP/1.1" 200 399933
216.244.66.195 - - [17/Jan/2024:06:27:18 -0500] "GET /BLA/resoluciones/AUTOS%202018/1396.pdf HTTP/1.1" 200 287622
216.244.66.195 - - [17/Jan/2024:06:27:36 -0500] "GET /BLA/resoluciones/AUTOS%202018/1673.pdf HTTP/1.1" 200 288907
201.245.192.253 - - [17/Jan/2024:06:27:54 -0500] "POST /forms/lservlet;jsessionid=ac16012b30d6bd6ae21f678742bfae36a90452e8c389.e3iSbxaKaheRe3qKcheMbNuKc41ynknvrkLOlQzNp65In0 HTTP/1.1" 200 2
172.22.2.4 - - [17/Jan/2024:06:26:19 -0500] "HEAD /BLA/boletinlegal/ HTTP/1.1" 200 -
216.244.66.195 - - [17/Jan/2024:06:28:00 -0500] "GET /BLA/resoluciones/AUTOS%202018/1839.pdf HTTP/1.1" 200 256782
216.245.221.92 - - [17/Jan/2024:06:28:15 -0500] "HEAD / HTTP/1.1" 200 -
216.244.66.195 - - [17/Jan/2024:06:28:19 -0500] "GET /BLA/resoluciones/AUTOS%202018/2005.pdf HTTP/1.1" 200 253450
201.245.192.253 - - [17/Jan/2024:06:28:35 -0500] "POST /forms/lservlet;jsessionid=ac16012b30d6947c1f7f67e648598dd0e716ce7e24d2.e3iSbxaKaheRe3qKcheMbNuKc41ynknvrkLOlQzNp65In0 HTTP/1.1" 200 2
201.245.192.253 - - [17/Jan/2024:06:28:43 -0500] "POST /kwsrmcab/Wsrmcab HTTP/1.1" 200 38690
172.22.2.4 - - [17/Jan/2024:06:27:10 -0500] "GET /BLA/boletinlegal/ HTTP/1.1" 200 60996
216.244.66.195 - - [17/Jan/2024:06:28:55 -0500] "GET /BLA/resoluciones/AUTOS%202018/2062.pdf HTTP/1.1" 200 289152
201.245.192.253 - - [17/Jan/2024:06:29:23 -0500] "POST /kwsrmcab/Wsrmcab  HTTP/1.1" 200 39113
201.245.192.253 - - [17/Jan/2024:06:29:26 -0500] "POST /kwsrmcab/Wsrmcab HTTP/1.1" 200 38972
216.244.66.195 - - [17/Jan/2024:06:29:29 -0500] "GET /BLA/resoluciones/AUTOS%202018/3072.pdf HTTP/1.1" 200 287028
201.245.192.253 - - [17/Jan/2024:06:29:54 -0500] "POST /forms/lservlet;jsessionid=ac16012b30d6bd6ae21f678742bfae36a90452e8c389.e3iSbxaKaheRe3qKcheMbNuKc41ynknvrkLOlQzNp65In0 HTTP/1.1" 200 2
216.244.66.195 - - [17/Jan/2024:06:30:07 -0500] "GET /BLA/resoluciones/AUTOS%202018/3567.pdf HTTP/1.1" 200 288524
201.245.192.253 - - [17/Jan/2024:06:30:35 -0500] "POST /forms/lservlet;jsessionid=ac16012b30d6947c1f7f67e648598dd0e716ce7e24d2.e3iSbxaKaheRe3qKcheMbNuKc41ynknvrkLOlQzNp65In0 HTTP/1.1" 200 2
216.244.66.195 - - [17/Jan/2024:06:30:37 -0500] "GET /BLA/resoluciones/AUTOS%202018/4096.pdf HTTP/1.1" 200 257870
173.252.79.5 - - [17/Jan/2024:06:30:51 -0500] "GET /images/foto%202.jpg HTTP/1.1" 200 63300
69.63.184.117 - - [17/Jan/2024:06:30:58 -0500] "GET /temporada-de-tinguas-y-mas-aves-migratorias-como-y-donde-reportarlas-si-las-ves-heridas-o-desorientadas.html HTTP/1.1" 200 784
216.244.66.195 - - [17/Jan/2024:06:31:09 -0500] "GET /BLA/resoluciones/AUTOS%202018/4191.pdf HTTP/1.1" 200 287812
216.244.66.195 - - [17/Jan/2024:06:31:42 -0500] "GET /BLA/resoluciones/AUTOS%202022/0126.pdf HTTP/1.1" 200 387325
201.245.192.253 - - [17/Jan/2024:06:31:54 -0500] "POST /forms/lservlet;jsessionid=ac16012b30d6bd6ae21f678742bfae36a90452e8c389.e3iSbxaKaheRe3qKcheMbNuKc41ynknvrkLOlQzNp65In0 HTTP/1.1" 200 2
216.244.66.195 - - [17/Jan/2024:06:32:10 -0500] "GET /BLA/resoluciones/AUTOS%202022/2185.pdf HTTP/1.1" 200 351964
201.245.192.253 - - [17/Jan/2024:06:32:35 -0500] "POST /forms/lservlet;jsessionid=ac16012b30d6947c1f7f67e648598dd0e716ce7e24d2.e3iSbxaKaheRe3qKcheMbNuKc41ynknvrkLOlQzNp65In0 HTTP/1.1" 200 2
216.244.66.195 - - [17/Jan/2024:06:32:37 -0500] "GET /BLA/resoluciones/AUTOS%202022/3508.pdf HTTP/1.1" 200 1117641
216.244.66.195 - - [17/Jan/2024:06:33:04 -0500] "GET /BLA/resoluciones/AUTOS%202022/3526.pdf HTTP/1.1" 200 975963
66.249.66.19 - - [17/Jan/2024:06:33:04 -0500] "GET /Publicaciones/2023EE283595.pdf HTTP/1.1" 404 228
216.245.221.92 - - [17/Jan/2024:06:33:15 -0500] "HEAD / HTTP/1.1" 200 -
216.244.66.195 - - [17/Jan/2024:06:33:44 -0500] "GET /BLA/resoluciones/RESOLUCIONES%202011/0684.pdf HTTP/1.1" 200 72427
172.22.2.4 - - [17/Jan/2024:06:32:09 -0500] "HEAD /BLA/boletinlegal/ HTTP/1.1" 200 -
201.245.192.253 - - [17/Jan/2024:06:33:54 -0500] "POST /forms/lservlet;jsessionid=ac16012b30d6bd6ae21f678742bfae36a90452e8c389.e3iSbxaKaheRe3qKcheMbNuKc41ynknvrkLOlQzNp65In0 HTTP/1.1" 200 2
216.244.66.195 - - [17/Jan/2024:06:34:13 -0500] "GET /BLA/resoluciones/RESOLUCIONES%202011/0700.pdf HTTP/1.1" 200 76001
201.245.192.253 - - [17/Jan/2024:06:34:21 -0500] "POST /kwsrmcab/Wsrmcab HTTP/1.1" 200 38690
201.245.192.253 - - [17/Jan/2024:06:34:21 -0500] "POST /kwsrmcab/Wsrmcab  HTTP/1.1" 200 39113
201.245.192.253 - - [17/Jan/2024:06:34:24 -0500] "POST /kwsrmcab/Wsrmcab HTTP/1.1" 200 38972
201.245.192.253 - - [17/Jan/2024:06:34:35 -0500] "POST /forms/lservlet;jsessionid=ac16012b30d6947c1f7f67e648598dd0e716ce7e24d2.e3iSbxaKaheRe3qKcheMbNuKc41ynknvrkLOlQzNp65In0 HTTP/1.1" 200 2
69.63.189.7 - - [17/Jan/2024:06:34:38 -0500] "GET /temporada-de-tinguas-y-mas-aves-migratorias-como-y-donde-reportarlas-si-las-ves-heridas-o-desorientadas.html HTTP/1.1" 200 784
172.22.2.4 - - [17/Jan/2024:06:33:00 -0500] "GET /BLA/boletinlegal/ HTTP/1.1" 200 58666
216.244.66.195 - - [17/Jan/2024:06:34:42 -0500] "GET /BLA/resoluciones/RESOLUCIONES%202011/0745.pdf HTTP/1.1" 200 417002
216.244.66.195 - - [17/Jan/2024:06:35:11 -0500] "GET /BLA/resoluciones/RESOLUCIONES%202011/0982.pdf HTTP/1.1" 200 82289
216.244.66.195 - - [17/Jan/2024:06:35:38 -0500] "GET /BLA/resoluciones/RESOLUCIONES%202011/1137.pdf HTTP/1.1" 200 360015
201.245.192.253 - - [17/Jan/2024:06:35:54 -0500] "POST /forms/lservlet;jsessionid=ac16012b30d6bd6ae21f678742bfae36a90452e8c389.e3iSbxaKaheRe3qKcheMbNuKc41ynknvrkLOlQzNp65In0 HTTP/1.1" 200 2
216.244.66.195 - - [17/Jan/2024:06:36:09 -0500] "GET /BLA/resoluciones/RESOLUCIONES%202011/1146.pdf HTTP/1.1" 200 269064
201.245.192.253 - - [17/Jan/2024:06:36:35 -0500] "POST /forms/lservlet;jsessionid=ac16012b30d6947c1f7f67e648598dd0e716ce7e24d2.e3iSbxaKaheRe3qKcheMbNuKc41ynknvrkLOlQzNp65In0 HTTP/1.1" 200 2
216.244.66.195 - - [17/Jan/2024:06:36:37 -0500] "GET /BLA/resoluciones/RESOLUCIONES%202011/1391.pdf HTTP/1.1" 200 69981
216.244.66.195 - - [17/Jan/2024:06:37:01 -0500] "GET /BLA/resoluciones/RESOLUCIONES%202011/1557.pdf HTTP/1.1" 200 190645
216.244.66.195 - - [17/Jan/2024:06:37:26 -0500] "GET /BLA/resoluciones/RESOLUCIONES%202011/2162.pdf HTTP/1.1" 200 105120
216.244.66.195 - - [17/Jan/2024:06:37:48 -0500] "GET /BLA/resoluciones/AUTOS%202008/0027.pdf HTTP/1.1" 200 89197
201.245.192.253 - - [17/Jan/2024:06:37:54 -0500] "POST /forms/lservlet;jsessionid=ac16012b30d6bd6ae21f678742bfae36a90452e8c389.e3iSbxaKaheRe3qKcheMbNuKc41ynknvrkLOlQzNp65In0 HTTP/1.1" 200 2
216.244.66.195 - - [17/Jan/2024:06:38:09 -0500] "GET /BLA/resoluciones/AUTOS%202008/0301.pdf HTTP/1.1" 200 95913
216.245.221.92 - - [17/Jan/2024:06:38:15 -0500] "HEAD / HTTP/1.1" 200 -
216.244.66.195 - - [17/Jan/2024:06:38:30 -0500] "GET /BLA/resoluciones/AUTOS%202008/0501.pdf HTTP/1.1" 200 70912
201.245.192.253 - - [17/Jan/2024:06:38:35 -0500] "POST /forms/lservlet;jsessionid=ac16012b30d6947c1f7f67e648598dd0e716ce7e24d2.e3iSbxaKaheRe3qKcheMbNuKc41ynknvrkLOlQzNp65In0 HTTP/1.1" 200 2
201.245.192.253 - - [17/Jan/2024:06:38:43 -0500] "POST /kwsrmcab/Wsrmcab HTTP/1.1" 200 38690
216.244.66.195 - - [17/Jan/2024:06:38:49 -0500] "GET /BLA/resoluciones/AUTOS%202008/0963.pdf HTTP/1.1" 200 98735
216.244.66.195 - - [17/Jan/2024:06:39:07 -0500] "GET /BLA/resoluciones/AUTOS%202008/1005.pdf HTTP/1.1" 200 77248
201.245.192.253 - - [17/Jan/2024:06:39:21 -0500] "POST /kwsrmcab/Wsrmcab  HTTP/1.1" 200 39113
216.244.66.195 - - [17/Jan/2024:06:39:24 -0500] "GET /BLA/resoluciones/AUTOS%202008/1242.pdf HTTP/1.1" 200 68754
201.245.192.253 - - [17/Jan/2024:06:39:25 -0500] "POST /kwsrmcab/Wsrmcab HTTP/1.1" 200 38972
172.22.2.4 - - [17/Jan/2024:06:37:59 -0500] "HEAD /BLA/boletinlegal/ HTTP/1.1" 200 -
216.244.66.195 - - [17/Jan/2024:06:39:40 -0500] "GET /BLA/resoluciones/AUTOS%202008/1879.pdf HTTP/1.1" 200 109670
201.245.192.253 - - [17/Jan/2024:06:39:54 -0500] "POST /forms/lservlet;jsessionid=ac16012b30d6bd6ae21f678742bfae36a90452e8c389.e3iSbxaKaheRe3qKcheMbNuKc41ynknvrkLOlQzNp65In0 HTTP/1.1" 200 2
216.244.66.195 - - [17/Jan/2024:06:39:55 -0500] "GET /BLA/resoluciones/AUTOS%202009/0671.pdf HTTP/1.1" 200 69609
216.244.66.195 - - [17/Jan/2024:06:40:09 -0500] "GET /BLA/resoluciones/AUTOS%202013/0068.pdf HTTP/1.1" 200 1143918
216.244.66.195 - - [17/Jan/2024:06:40:23 -0500] "GET /BLA/resoluciones/AUTOS%202013/0217.pdf HTTP/1.1" 200 2684667
172.22.2.4 - - [17/Jan/2024:06:38:50 -0500] "GET /BLA/boletinlegal/ HTTP/1.1" 200 60529
201.245.192.253 - - [17/Jan/2024:06:40:35 -0500] "POST /forms/lservlet;jsessionid=ac16012b30d6947c1f7f67e648598dd0e716ce7e24d2.e3iSbxaKaheRe3qKcheMbNuKc41ynknvrkLOlQzNp65In0 HTTP/1.1" 200 2
216.244.66.195 - - [17/Jan/2024:06:40:49 -0500] "GET /BLA/resoluciones/AUTOS%202013/0474.pdf HTTP/1.1" 200 1756128
216.244.66.195 - - [17/Jan/2024:06:41:17 -0500] "GET /BLA/resoluciones/AUTOS%202013/0650.pdf HTTP/1.1" 200 2334998
216.244.66.195 - - [17/Jan/2024:06:41:50 -0500] "GET /BLA/resoluciones/AUTOS%202013/1321.pdf HTTP/1.1" 200 1876487
192.44.68.175 - - [17/Jan/2024:06:41:51 -0500] "GET /galeria/galeria/fotos/2CaminataP6.jpg HTTP/1.1" 200 27065
201.245.192.253 - - [17/Jan/2024:06:41:54 -0500] "POST /forms/lservlet;jsessionid=ac16012b30d6bd6ae21f678742bfae36a90452e8c389.e3iSbxaKaheRe3qKcheMbNuKc41ynknvrkLOlQzNp65In0 HTTP/1.1" 200 2
216.244.66.195 - - [17/Jan/2024:06:42:23 -0500] "GET /BLA/resoluciones/AUTOS%202013/2707.pdf HTTP/1.1" 200 875248
201.245.192.253 - - [17/Jan/2024:06:42:35 -0500] "POST /forms/lservlet;jsessionid=ac16012b30d6947c1f7f67e648598dd0e716ce7e24d2.e3iSbxaKaheRe3qKcheMbNuKc41ynknvrkLOlQzNp65In0 HTTP/1.1" 200 2
216.244.66.195 - - [17/Jan/2024:06:42:53 -0500] "GET /BLA/resoluciones/AUTOS%202014/0688.pdf HTTP/1.1" 200 239613
216.245.221.92 - - [17/Jan/2024:06:43:15 -0500] "HEAD / HTTP/1.1" 200 -
216.244.66.195 - - [17/Jan/2024:06:43:24 -0500] "GET /BLA/resoluciones/AUTOS%202014/1690.pdf HTTP/1.1" 200 536662
216.244.66.195 - - [17/Jan/2024:06:43:51 -0500] "GET /BLA/resoluciones/AUTOS%202014/1769.pdf HTTP/1.1" 200 483449
201.245.192.253 - - [17/Jan/2024:06:43:54 -0500] "POST /forms/lservlet;jsessionid=ac16012b30d6bd6ae21f678742bfae36a90452e8c389.e3iSbxaKaheRe3qKcheMbNuKc41ynknvrkLOlQzNp65In0 HTTP/1.1" 200 2
216.244.66.195 - - [17/Jan/2024:06:44:18 -0500] "GET /BLA/resoluciones/AUTOS%202014/2244.pdf HTTP/1.1" 200 863616
201.245.192.253 - - [17/Jan/2024:06:44:18 -0500] "POST /kwsrmcab/Wsrmcab  HTTP/1.1" 200 39113
201.245.192.253 - - [17/Jan/2024:06:44:35 -0500] "POST /forms/lservlet;jsessionid=ac16012b30d6947c1f7f67e648598dd0e716ce7e24d2.e3iSbxaKaheRe3qKcheMbNuKc41ynknvrkLOlQzNp65In0 HTTP/1.1" 200 2
216.244.66.195 - - [17/Jan/2024:06:44:45 -0500] "GET /BLA/resoluciones/AUTOS%202015/0171.pdf HTTP/1.1" 200 647169
216.244.66.195 - - [17/Jan/2024:06:45:10 -0500] "GET /BLA/resoluciones/AUTOS%202015/0606.pdf HTTP/1.1" 200 840093
172.22.2.4 - - [17/Jan/2024:06:43:49 -0500] "HEAD /BLA/boletinlegal/ HTTP/1.1" 200 -
216.244.66.195 - - [17/Jan/2024:06:45:34 -0500] "GET /BLA/resoluciones/AUTOS%202015/0736.pdf HTTP/1.1" 200 692413
201.245.192.253 - - [17/Jan/2024:06:45:54 -0500] "POST /forms/lservlet;jsessionid=ac16012b30d6bd6ae21f678742bfae36a90452e8c389.e3iSbxaKaheRe3qKcheMbNuKc41ynknvrkLOlQzNp65In0 HTTP/1.1" 200 2
216.244.66.195 - - [17/Jan/2024:06:45:57 -0500] "GET /BLA/resoluciones/AUTOS%202015/0761.pdf HTTP/1.1" 200 501697
216.244.66.195 - - [17/Jan/2024:06:46:19 -0500] "GET /BLA/resoluciones/AUTOS%202015/0938.pdf HTTP/1.1" 200 614103
40.77.167.235 - - [17/Jan/2024:06:46:18 -0500] "GET /portaldeninos/humedal-el-tunjo/ HTTP/1.1" 200 87661
172.22.2.4 - - [17/Jan/2024:06:44:40 -0500] "GET /BLA/boletinlegal/ HTTP/1.1" 200 58666
201.245.192.253 - - [17/Jan/2024:06:46:35 -0500] "POST /forms/lservlet;jsessionid=ac16012b30d6947c1f7f67e648598dd0e716ce7e24d2.e3iSbxaKaheRe3qKcheMbNuKc41ynknvrkLOlQzNp65In0 HTTP/1.1" 200 2
216.244.66.195 - - [17/Jan/2024:06:46:39 -0500] "GET /BLA/resoluciones/AUTOS%202015/2125.pdf HTTP/1.1" 200 632790
216.244.66.195 - - [17/Jan/2024:06:47:00 -0500] "GET /BLA/resoluciones/AUTOS%202015/3094.pdf HTTP/1.1" 200 587505
216.244.66.195 - - [17/Jan/2024:06:47:18 -0500] "GET /BLA/resoluciones/AUTOS%202015/3454.pdf HTTP/1.1" 200 628821
216.244.66.195 - - [17/Jan/2024:06:47:36 -0500] "GET /BLA/resoluciones/AUTOS%202017/3901.pdf HTTP/1.1" 200 332760
216.244.66.195 - - [17/Jan/2024:06:47:52 -0500] "GET /BLA/resoluciones/AUTOS%202017/4903.pdf HTTP/1.1" 200 878776
201.245.192.253 - - [17/Jan/2024:06:47:54 -0500] "POST /forms/lservlet;jsessionid=ac16012b30d6bd6ae21f678742bfae36a90452e8c389.e3iSbxaKaheRe3qKcheMbNuKc41ynknvrkLOlQzNp65In0 HTTP/1.1" 200 2
216.244.66.195 - - [17/Jan/2024:06:48:08 -0500] "GET /BLA/resoluciones/AUTOS%202018/1032.pdf HTTP/1.1" 200 282501
216.245.221.92 - - [17/Jan/2024:06:48:15 -0500] "HEAD / HTTP/1.1" 200 -
216.244.66.195 - - [17/Jan/2024:06:48:22 -0500] "GET /BLA/resoluciones/AUTOS%202018/1859.pdf HTTP/1.1" 200 279261
201.245.192.253 - - [17/Jan/2024:06:48:35 -0500] "POST /forms/lservlet;jsessionid=ac16012b30d6947c1f7f67e648598dd0e716ce7e24d2.e3iSbxaKaheRe3qKcheMbNuKc41ynknvrkLOlQzNp65In0 HTTP/1.1" 200 2
216.244.66.195 - - [17/Jan/2024:06:48:35 -0500] "GET /BLA/resoluciones/AUTOS%202018/2313.pdf HTTP/1.1" 200 277287
216.244.66.195 - - [17/Jan/2024:06:48:48 -0500] "GET /BLA/resoluciones/AUTOS%202018/3024.pdf HTTP/1.1" 200 333102
216.244.66.195 - - [17/Jan/2024:06:49:01 -0500] "GET /BLA/resoluciones/AUTOS%202018/3041.pdf HTTP/1.1" 200 2002393
20.15.133.185 - - [17/Jan/2024:06:49:02 -0500] "GET /BLA/resoluciones/AUTOS%202021/4538.pdf HTTP/1.1" 200 339334
216.244.66.195 - - [17/Jan/2024:06:49:13 -0500] "GET /BLA/resoluciones/AUTOS%202018/3482.pdf HTTP/1.1" 200 224456
201.245.192.253 - - [17/Jan/2024:06:49:17 -0500] "POST /kwsrmcab/Wsrmcab  HTTP/1.1" 200 39113
216.244.66.195 - - [17/Jan/2024:06:49:22 -0500] "GET /BLA/resoluciones/AUTOS%202018/3883.pdf HTTP/1.1" 200 264155
173.252.95.18 - - [17/Jan/2024:06:49:25 -0500] "GET /temporada-de-tinguas-y-mas-aves-migratorias-como-y-donde-reportarlas-si-las-ves-heridas-o-desorientadas.html HTTP/1.1" 200 784
216.244.66.195 - - [17/Jan/2024:06:49:30 -0500] "GET /BLA/resoluciones/AUTOS%202018/4033.pdf HTTP/1.1" 200 310772
216.244.66.195 - - [17/Jan/2024:06:49:38 -0500] "GET /BLA/resoluciones/AUTOS%202018/518.pdf HTTP/1.1" 200 1225351
216.244.66.195 - - [17/Jan/2024:06:49:45 -0500] "GET /BLA/resoluciones/AUTOS%202018/5839.pdf HTTP/1.1" 200 278276
216.244.66.195 - - [17/Jan/2024:06:49:51 -0500] "GET /BLA/resoluciones/AUTOS%202019/0053.pdf HTTP/1.1" 200 292457
201.245.192.253 - - [17/Jan/2024:06:49:54 -0500] "POST /forms/lservlet;jsessionid=ac16012b30d6bd6ae21f678742bfae36a90452e8c389.e3iSbxaKaheRe3qKcheMbNuKc41ynknvrkLOlQzNp65In0 HTTP/1.1" 200 2
216.244.66.195 - - [17/Jan/2024:06:49:55 -0500] "GET /BLA/resoluciones/AUTOS%202019/4410.pdf HTTP/1.1" 200 274486
216.244.66.195 - - [17/Jan/2024:06:50:00 -0500] "GET /BLA/resoluciones/AUTOS%202019/4541.pdf HTTP/1.1" 200 354865
216.244.66.195 - - [17/Jan/2024:06:50:24 -0500] "GET /BLA/resoluciones/AUTOS%202019/4557.pdf HTTP/1.1" 200 517127
201.245.192.253 - - [17/Jan/2024:06:50:35 -0500] "POST /forms/lservlet;jsessionid=ac16012b30d6947c1f7f67e648598dd0e716ce7e24d2.e3iSbxaKaheRe3qKcheMbNuKc41ynknvrkLOlQzNp65In0 HTTP/1.1" 200 2
216.244.66.195 - - [17/Jan/2024:06:50:43 -0500] "GET /BLA/resoluciones/AUTOS%202020/0809.pdf HTTP/1.1" 200 289755
172.225.238.105 - - [17/Jan/2024:06:50:59 -0500] "POST /sipse/faces/presentacion/financiero/solicitudProceso/consultarSolicitudProceso.xhtml HTTP/1.1" 302 -
172.225.238.105 - - [17/Jan/2024:06:50:59 -0500] "GET /sipse/faces/javax.faces.resource/images/ui-bg_flat_0_2d5972_40x100.png?ln=primefaces-aristo HTTP/1.1" 304 -
172.225.238.105 - - [17/Jan/2024:06:50:59 -0500] "GET /sipse/faces/autenticacion.xhtml HTTP/1.1" 200 1099
172.225.238.105 - - [17/Jan/2024:06:50:59 -0500] "POST /sipse/faces/presentacion/financiero/solicitudProceso/consultarSolicitudProceso.xhtml HTTP/1.1" 302 -
172.225.238.105 - - [17/Jan/2024:06:50:59 -0500] "GET /sipse/faces/autenticacion.xhtml HTTP/1.1" 200 1099
172.225.238.105 - - [17/Jan/2024:06:50:59 -0500] "POST /sipse/faces/presentacion/financiero/solicitudProceso/consultarSolicitudProceso.xhtml HTTP/1.1" 302 -
172.225.238.105 - - [17/Jan/2024:06:51:00 -0500] "GET /sipse/faces/autenticacion.xhtml HTTP/1.1" 200 1099
172.225.238.105 - - [17/Jan/2024:06:51:00 -0500] "POST /sipse/faces/presentacion/financiero/solicitudProceso/consultarSolicitudProceso.xhtml HTTP/1.1" 302 -
172.225.238.105 - - [17/Jan/2024:06:51:00 -0500] "GET /sipse/faces/autenticacion.xhtml HTTP/1.1" 200 1099
172.225.238.105 - - [17/Jan/2024:06:51:00 -0500] "POST /sipse/faces/presentacion/financiero/solicitudProceso/consultarSolicitudProceso.xhtml HTTP/1.1" 302 -
172.225.238.105 - - [17/Jan/2024:06:51:00 -0500] "GET /sipse/faces/autenticacion.xhtml HTTP/1.1" 200 1099
216.244.66.195 - - [17/Jan/2024:06:51:01 -0500] "GET /BLA/resoluciones/AUTOS%202020/0951.pdf HTTP/1.1" 200 313148
172.225.238.105 - - [17/Jan/2024:06:51:08 -0500] "POST /sipse/faces/presentacion/financiero/solicitudProceso/consultarSolicitudProceso.xhtml HTTP/1.1" 302 -
172.225.238.105 - - [17/Jan/2024:06:51:09 -0500] "GET /sipse/faces/autenticacion.xhtml HTTP/1.1" 200 1099
172.225.238.105 - - [17/Jan/2024:06:51:09 -0500] "POST /sipse/faces/presentacion/financiero/solicitudProceso/consultarSolicitudProceso.xhtml HTTP/1.1" 302 -
172.225.238.105 - - [17/Jan/2024:06:51:09 -0500] "GET /sipse/faces/autenticacion.xhtml HTTP/1.1" 200 1099
172.225.238.105 - - [17/Jan/2024:06:51:09 -0500] "POST /sipse/faces/presentacion/financiero/solicitudProceso/consultarSolicitudProceso.xhtml HTTP/1.1" 302 -
172.225.238.105 - - [17/Jan/2024:06:51:09 -0500] "GET /sipse/faces/autenticacion.xhtml HTTP/1.1" 200 1099
172.225.238.105 - - [17/Jan/2024:06:51:09 -0500] "POST /sipse/faces/presentacion/financiero/solicitudProceso/consultarSolicitudProceso.xhtml HTTP/1.1" 302 -
172.225.238.105 - - [17/Jan/2024:06:51:09 -0500] "GET /sipse/faces/autenticacion.xhtml HTTP/1.1" 200 1099
172.225.238.105 - - [17/Jan/2024:06:51:09 -0500] "POST /sipse/faces/presentacion/financiero/solicitudProceso/consultarSolicitudProceso.xhtml HTTP/1.1" 302 -
172.225.238.105 - - [17/Jan/2024:06:51:09 -0500] "GET /sipse/faces/autenticacion.xhtml HTTP/1.1" 200 1099
172.225.238.105 - - [17/Jan/2024:06:51:12 -0500] "POST /sipse/faces/presentacion/financiero/solicitudProceso/consultarSolicitudProceso.xhtml HTTP/1.1" 302 -
172.225.238.105 - - [17/Jan/2024:06:51:12 -0500] "GET /sipse/faces/autenticacion.xhtml HTTP/1.1" 200 1099
172.225.238.105 - - [17/Jan/2024:06:51:12 -0500] "POST /sipse/faces/presentacion/financiero/solicitudProceso/consultarSolicitudProceso.xhtml HTTP/1.1" 302 -
172.225.238.105 - - [17/Jan/2024:06:51:12 -0500] "GET /sipse/faces/autenticacion.xhtml HTTP/1.1" 200 1099
172.225.238.105 - - [17/Jan/2024:06:51:12 -0500] "POST /sipse/faces/presentacion/financiero/solicitudProceso/consultarSolicitudProceso.xhtml HTTP/1.1" 302 -
172.225.238.105 - - [17/Jan/2024:06:51:12 -0500] "GET /sipse/faces/autenticacion.xhtml HTTP/1.1" 200 1099
172.225.238.105 - - [17/Jan/2024:06:51:12 -0500] "POST /sipse/faces/presentacion/financiero/solicitudProceso/consultarSolicitudProceso.xhtml HTTP/1.1" 302 -
172.225.238.105 - - [17/Jan/2024:06:51:13 -0500] "GET /sipse/faces/autenticacion.xhtml HTTP/1.1" 200 1099
172.225.238.105 - - [17/Jan/2024:06:51:13 -0500] "POST /sipse/faces/presentacion/financiero/solicitudProceso/consultarSolicitudProceso.xhtml HTTP/1.1" 302 -
172.225.238.105 - - [17/Jan/2024:06:51:13 -0500] "GET /sipse/faces/autenticacion.xhtml HTTP/1.1" 200 1099
172.22.2.4 - - [17/Jan/2024:06:49:39 -0500] "HEAD /BLA/boletinlegal/ HTTP/1.1" 200 -
216.244.66.195 - - [17/Jan/2024:06:51:20 -0500] "GET /BLA/resoluciones/AUTOS%202020/1177.pdf HTTP/1.1" 200 350169
172.225.238.105 - - [17/Jan/2024:06:51:21 -0500] "POST /sipse/faces/presentacion/financiero/solicitudProceso/consultarSolicitudProceso.xhtml HTTP/1.1" 302 -
172.225.238.105 - - [17/Jan/2024:06:51:22 -0500] "GET /sipse/faces/autenticacion.xhtml HTTP/1.1" 200 1099
172.225.238.105 - - [17/Jan/2024:06:51:22 -0500] "POST /sipse/faces/presentacion/financiero/solicitudProceso/consultarSolicitudProceso.xhtml HTTP/1.1" 302 -
172.225.238.105 - - [17/Jan/2024:06:51:22 -0500] "GET /sipse/faces/autenticacion.xhtml HTTP/1.1" 200 1099
172.225.238.105 - - [17/Jan/2024:06:51:22 -0500] "POST /sipse/faces/presentacion/financiero/solicitudProceso/consultarSolicitudProceso.xhtml HTTP/1.1" 302 -
172.225.238.105 - - [17/Jan/2024:06:51:22 -0500] "GET /sipse/faces/autenticacion.xhtml HTTP/1.1" 200 1099
172.225.238.105 - - [17/Jan/2024:06:51:23 -0500] "POST /sipse/faces/presentacion/financiero/solicitudProceso/consultarSolicitudProceso.xhtml HTTP/1.1" 302 -
172.225.238.105 - - [17/Jan/2024:06:51:23 -0500] "GET /sipse/faces/autenticacion.xhtml HTTP/1.1" 200 1099
172.225.238.105 - - [17/Jan/2024:06:51:23 -0500] "POST /sipse/faces/presentacion/financiero/solicitudProceso/consultarSolicitudProceso.xhtml HTTP/1.1" 302 -
172.225.238.105 - - [17/Jan/2024:06:51:23 -0500] "GET /sipse/faces/autenticacion.xhtml HTTP/1.1" 200 1099
172.225.238.105 - - [17/Jan/2024:06:51:33 -0500] "POST /sipse/faces/presentacion/financiero/solicitudProceso/consultarSolicitudProceso.xhtml HTTP/1.1" 302 -
172.225.238.105 - - [17/Jan/2024:06:51:33 -0500] "GET /sipse/faces/autenticacion.xhtml HTTP/1.1" 200 1099
172.225.238.105 - - [17/Jan/2024:06:51:33 -0500] "POST /sipse/faces/presentacion/financiero/solicitudProceso/consultarSolicitudProceso.xhtml HTTP/1.1" 302 -
172.225.238.105 - - [17/Jan/2024:06:51:33 -0500] "GET /sipse/faces/autenticacion.xhtml HTTP/1.1" 200 1099
172.225.238.105 - - [17/Jan/2024:06:51:33 -0500] "POST /sipse/faces/presentacion/financiero/solicitudProceso/consultarSolicitudProceso.xhtml HTTP/1.1" 302 -
172.225.238.105 - - [17/Jan/2024:06:51:33 -0500] "GET /sipse/faces/autenticacion.xhtml HTTP/1.1" 200 1099
172.225.238.105 - - [17/Jan/2024:06:51:33 -0500] "POST /sipse/faces/presentacion/financiero/solicitudProceso/consultarSolicitudProceso.xhtml HTTP/1.1" 302 -
172.225.238.105 - - [17/Jan/2024:06:51:34 -0500] "GET /sipse/faces/autenticacion.xhtml HTTP/1.1" 200 1099
172.225.238.105 - - [17/Jan/2024:06:51:34 -0500] "POST /sipse/faces/presentacion/financiero/solicitudProceso/consultarSolicitudProceso.xhtml HTTP/1.1" 302 -
172.225.238.105 - - [17/Jan/2024:06:51:34 -0500] "GET /sipse/faces/autenticacion.xhtml HTTP/1.1" 200 1099
172.225.238.105 - - [17/Jan/2024:06:51:35 -0500] "POST /sipse/faces/presentacion/financiero/solicitudProceso/consultarSolicitudProceso.xhtml HTTP/1.1" 302 -
172.225.238.105 - - [17/Jan/2024:06:51:35 -0500] "GET /sipse/faces/autenticacion.xhtml HTTP/1.1" 200 1099
172.225.238.105 - - [17/Jan/2024:06:51:35 -0500] "POST /sipse/faces/presentacion/financiero/solicitudProceso/consultarSolicitudProceso.xhtml HTTP/1.1" 302 -
172.225.238.105 - - [17/Jan/2024:06:51:35 -0500] "GET /sipse/faces/autenticacion.xhtml HTTP/1.1" 200 1099
172.225.238.105 - - [17/Jan/2024:06:51:35 -0500] "POST /sipse/faces/presentacion/financiero/solicitudProceso/consultarSolicitudProceso.xhtml HTTP/1.1" 302 -
172.225.238.105 - - [17/Jan/2024:06:51:35 -0500] "GET /sipse/faces/autenticacion.xhtml HTTP/1.1" 200 1099
172.225.238.105 - - [17/Jan/2024:06:51:35 -0500] "POST /sipse/faces/presentacion/financiero/solicitudProceso/consultarSolicitudProceso.xhtml HTTP/1.1" 302 -
172.225.238.105 - - [17/Jan/2024:06:51:36 -0500] "GET /sipse/faces/autenticacion.xhtml HTTP/1.1" 200 1099
172.225.238.105 - - [17/Jan/2024:06:51:36 -0500] "POST /sipse/faces/presentacion/financiero/solicitudProceso/consultarSolicitudProceso.xhtml HTTP/1.1" 302 -
172.225.238.105 - - [17/Jan/2024:06:51:36 -0500] "GET /sipse/faces/autenticacion.xhtml HTTP/1.1" 200 1099
216.244.66.195 - - [17/Jan/2024:06:51:38 -0500] "GET /BLA/resoluciones/AUTOS%202020/1224.pdf HTTP/1.1" 200 794200
172.225.238.105 - - [17/Jan/2024:06:51:38 -0500] "POST /sipse/faces/presentacion/financiero/solicitudProceso/consultarSolicitudProceso.xhtml HTTP/1.1" 302 -
172.225.238.105 - - [17/Jan/2024:06:51:38 -0500] "GET /sipse/faces/autenticacion.xhtml HTTP/1.1" 200 1099
172.225.238.105 - - [17/Jan/2024:06:51:38 -0500] "POST /sipse/faces/presentacion/financiero/solicitudProceso/consultarSolicitudProceso.xhtml HTTP/1.1" 302 -
172.225.238.105 - - [17/Jan/2024:06:51:39 -0500] "GET /sipse/faces/autenticacion.xhtml HTTP/1.1" 200 1099
172.225.238.105 - - [17/Jan/2024:06:51:39 -0500] "POST /sipse/faces/presentacion/financiero/solicitudProceso/consultarSolicitudProceso.xhtml HTTP/1.1" 302 -
172.225.238.105 - - [17/Jan/2024:06:51:39 -0500] "GET /sipse/faces/autenticacion.xhtml HTTP/1.1" 200 1099
172.225.238.105 - - [17/Jan/2024:06:51:39 -0500] "POST /sipse/faces/presentacion/financiero/solicitudProceso/consultarSolicitudProceso.xhtml HTTP/1.1" 302 -
172.225.238.105 - - [17/Jan/2024:06:51:39 -0500] "GET /sipse/faces/autenticacion.xhtml HTTP/1.1" 200 1099
172.225.238.105 - - [17/Jan/2024:06:51:39 -0500] "POST /sipse/faces/presentacion/financiero/solicitudProceso/consultarSolicitudProceso.xhtml HTTP/1.1" 302 -
172.225.238.105 - - [17/Jan/2024:06:51:40 -0500] "GET /sipse/faces/autenticacion.xhtml HTTP/1.1" 200 1099
201.245.192.253 - - [17/Jan/2024:06:51:54 -0500] "POST /forms/lservlet;jsessionid=ac16012b30d6bd6ae21f678742bfae36a90452e8c389.e3iSbxaKaheRe3qKcheMbNuKc41ynknvrkLOlQzNp65In0 HTTP/1.1" 200 2
216.244.66.195 - - [17/Jan/2024:06:51:54 -0500] "GET /BLA/resoluciones/AUTOS%202020/1375.pdf HTTP/1.1" 200 359587
172.225.238.105 - - [17/Jan/2024:06:52:04 -0500] "POST /sipse/faces/presentacion/financiero/solicitudProceso/consultarSolicitudProceso.xhtml HTTP/1.1" 302 -
172.225.238.105 - - [17/Jan/2024:06:52:04 -0500] "GET /sipse/faces/autenticacion.xhtml HTTP/1.1" 200 1099
172.225.238.105 - - [17/Jan/2024:06:52:04 -0500] "POST /sipse/faces/presentacion/financiero/solicitudProceso/consultarSolicitudProceso.xhtml HTTP/1.1" 302 -
172.225.238.105 - - [17/Jan/2024:06:52:04 -0500] "GET /sipse/faces/autenticacion.xhtml HTTP/1.1" 200 1099
172.225.238.105 - - [17/Jan/2024:06:52:04 -0500] "POST /sipse/faces/presentacion/financiero/solicitudProceso/consultarSolicitudProceso.xhtml HTTP/1.1" 302 -
172.225.238.105 - - [17/Jan/2024:06:52:05 -0500] "GET /sipse/faces/autenticacion.xhtml HTTP/1.1" 200 1099
172.225.238.105 - - [17/Jan/2024:06:52:05 -0500] "POST /sipse/faces/presentacion/financiero/solicitudProceso/consultarSolicitudProceso.xhtml HTTP/1.1" 302 -
172.225.238.105 - - [17/Jan/2024:06:52:05 -0500] "GET /sipse/faces/autenticacion.xhtml HTTP/1.1" 200 1099
172.225.238.105 - - [17/Jan/2024:06:52:05 -0500] "POST /sipse/faces/presentacion/financiero/solicitudProceso/consultarSolicitudProceso.xhtml HTTP/1.1" 302 -
172.225.238.105 - - [17/Jan/2024:06:52:05 -0500] "GET /sipse/faces/autenticacion.xhtml HTTP/1.1" 200 1099
172.225.238.105 - - [17/Jan/2024:06:52:06 -0500] "GET /sipse/faces/faces/faces/faces/faces/autenticacion.xhtml HTTP/1.1" 200 12406
172.225.238.105 - - [17/Jan/2024:06:52:06 -0500] "GET /sipse/js/disable_browser_buttons.js HTTP/1.1" 304 -
172.225.238.105 - - [17/Jan/2024:06:52:06 -0500] "GET /sipse/css/custom_css_sg_prime_login.css HTTP/1.1" 304 -
172.225.238.105 - - [17/Jan/2024:06:52:06 -0500] "GET /sipse/css/custom_css_sg.css HTTP/1.1" 304 -
172.225.238.105 - - [17/Jan/2024:06:52:06 -0500] "GET /sipse/js/funciones.js HTTP/1.1" 304 -
172.225.238.105 - - [17/Jan/2024:06:52:06 -0500] "GET /sipse/faces/javax.faces.resource/primefaces.css?ln=primefaces&v=4.0 HTTP/1.1" 304 -
172.225.238.105 - - [17/Jan/2024:06:52:06 -0500] "GET /sipse/faces/javax.faces.resource/theme.css?ln=primefaces-sipse HTTP/1.1" 304 -
172.225.238.105 - - [17/Jan/2024:06:52:06 -0500] "GET /sipse/faces/javax.faces.resource/jquery/jquery.js?ln=primefaces&v=4.0 HTTP/1.1" 304 -
172.225.238.105 - - [17/Jan/2024:06:52:06 -0500] "GET /sipse/faces/javax.faces.resource/layout/layout.css?ln=primefaces&v=4.0 HTTP/1.1" 304 -
172.225.238.105 - - [17/Jan/2024:06:52:06 -0500] "GET /sipse/faces/javax.faces.resource/layout/layout.js?ln=primefaces&v=4.0 HTTP/1.1" 304 -
172.225.238.105 - - [17/Jan/2024:06:52:06 -0500] "GET /sipse/faces/javax.faces.resource/jquery/jquery-plugins.js?ln=primefaces&v=4.0 HTTP/1.1" 304 -
172.225.238.105 - - [17/Jan/2024:06:52:06 -0500] "GET /sipse/faces/javax.faces.resource/primefaces.js?ln=primefaces&v=4.0 HTTP/1.1" 304 -
172.225.238.105 - - [17/Jan/2024:06:52:06 -0500] "GET /sipse/css/imagen/logoSDG.png HTTP/1.1" 304 -
172.225.238.105 - - [17/Jan/2024:06:52:06 -0500] "GET /sipse/faces/javax.faces.resource/images/ui-icons_898989_256x240.png?ln=primefaces-aristo HTTP/1.1" 304 -
172.225.238.105 - - [17/Jan/2024:06:52:06 -0500] "GET /sipse/css/imagen/loginimg.png HTTP/1.1" 304 -
172.22.2.4 - - [17/Jan/2024:06:50:30 -0500] "GET /BLA/boletinlegal/ HTTP/1.1" 200 60996
172.225.238.105 - - [17/Jan/2024:06:52:27 -0500] "POST /sipse/faces/autenticacion.xhtml HTTP/1.1" 200 16229
172.225.238.105 - - [17/Jan/2024:06:52:27 -0500] "GET /sipse/faces/javax.faces.resource/layout/layout.css?ln=primefaces&v=4.0 HTTP/1.1" 304 -
172.225.238.105 - - [17/Jan/2024:06:52:27 -0500] "GET /sipse/faces/javax.faces.resource/theme.css?ln=primefaces-sipse HTTP/1.1" 304 -
172.225.238.105 - - [17/Jan/2024:06:52:27 -0500] "GET /sipse/faces/javax.faces.resource/primefaces.css?ln=primefaces&v=4.0 HTTP/1.1" 304 -
172.225.238.105 - - [17/Jan/2024:06:52:27 -0500] "GET /sipse/faces/javax.faces.resource/jquery/jquery.js?ln=primefaces&v=4.0 HTTP/1.1" 304 -
172.225.238.105 - - [17/Jan/2024:06:52:27 -0500] "GET /sipse/faces/javax.faces.resource/jquery/jquery-plugins.js?ln=primefaces&v=4.0 HTTP/1.1" 304 -
172.225.238.105 - - [17/Jan/2024:06:52:27 -0500] "GET /sipse/faces/javax.faces.resource/primefaces.js?ln=primefaces&v=4.0 HTTP/1.1" 304 -
172.225.238.105 - - [17/Jan/2024:06:52:27 -0500] "GET /sipse/faces/javax.faces.resource/layout/layout.js?ln=primefaces&v=4.0 HTTP/1.1" 304 -
172.225.238.105 - - [17/Jan/2024:06:52:27 -0500] "GET /sipse/faces/javax.faces.resource/messages/messages.png?ln=primefaces&v=4.0 HTTP/1.1" 304 -
172.225.238.105 - - [17/Jan/2024:06:52:27 -0500] "GET /sipse/faces/javax.faces.resource/images/ui-icons_898989_256x240.png?ln=primefaces-aristo HTTP/1.1" 304 -
216.244.66.195 - - [17/Jan/2024:06:52:30 -0500] "GET /BLA/resoluciones/AUTOS%202020/1454.pdf HTTP/1.1" 200 1476227
172.225.238.105 - - [17/Jan/2024:06:52:32 -0500] "GET /sipse/faces/javax.faces.resource/images/ui-bg_flat_0_2d5972_40x100.png?ln=primefaces-aristo HTTP/1.1" 304 -
172.225.238.105 - - [17/Jan/2024:06:52:32 -0500] "POST /sipse/faces/bienvenido.xhtml HTTP/1.1" 200 1473
172.225.238.105 - - [17/Jan/2024:06:52:34 -0500] "POST /sipse/faces/bienvenido.xhtml HTTP/1.1" 200 37815
172.225.238.105 - - [17/Jan/2024:06:52:35 -0500] "GET /sipse/faces/javax.faces.resource/theme.css?ln=primefaces-sipse HTTP/1.1" 304 -
172.225.238.105 - - [17/Jan/2024:06:52:35 -0500] "GET /sipse/faces/javax.faces.resource/primefaces.css?ln=primefaces&v=4.0 HTTP/1.1" 304 -
172.225.238.105 - - [17/Jan/2024:06:52:35 -0500] "GET /sipse/faces/javax.faces.resource/layout/layout.css?ln=primefaces&v=4.0 HTTP/1.1" 304 -
172.225.238.105 - - [17/Jan/2024:06:52:35 -0500] "GET /sipse/faces/javax.faces.resource/jquery/jquery.js?ln=primefaces&v=4.0 HTTP/1.1" 304 -
172.225.238.105 - - [17/Jan/2024:06:52:35 -0500] "GET /sipse/faces/javax.faces.resource/jquery/jquery-plugins.js?ln=primefaces&v=4.0 HTTP/1.1" 304 -
172.225.238.105 - - [17/Jan/2024:06:52:35 -0500] "GET /sipse/faces/javax.faces.resource/primefaces.js?ln=primefaces&v=4.0 HTTP/1.1" 304 -
172.225.238.105 - - [17/Jan/2024:06:52:35 -0500] "GET /sipse/faces/javax.faces.resource/layout/layout.js?ln=primefaces&v=4.0 HTTP/1.1" 304 -
172.225.238.105 - - [17/Jan/2024:06:52:35 -0500] "GET /sipse/faces/javax.faces.resource/images/ui-icons_898989_256x240.png?ln=primefaces-aristo HTTP/1.1" 304 -
201.245.192.253 - - [17/Jan/2024:06:52:35 -0500] "POST /forms/lservlet;jsessionid=ac16012b30d6947c1f7f67e648598dd0e716ce7e24d2.e3iSbxaKaheRe3qKcheMbNuKc41ynknvrkLOlQzNp65In0 HTTP/1.1" 200 2
172.225.238.105 - - [17/Jan/2024:06:52:49 -0500] "GET /sipse/faces/javax.faces.resource/images/ui-bg_flat_0_2d5972_40x100.png?ln=primefaces-aristo HTTP/1.1" 304 -
172.225.238.105 - - [17/Jan/2024:06:52:49 -0500] "POST /sipse/faces/presentacion/financiero/solicitudProceso/consultar.xhtml HTTP/1.1" 200 12767
216.245.221.92 - - [17/Jan/2024:06:53:15 -0500] "HEAD / HTTP/1.1" 200 -
216.244.66.195 - - [17/Jan/2024:06:53:20 -0500] "GET /BLA/resoluciones/AUTOS%202020/1831.pdf HTTP/1.1" 200 372635
172.225.238.105 - - [17/Jan/2024:06:53:36 -0500] "GET /sipse/faces/javax.faces.resource/images/ui-icons_898989_256x240.png?ln=primefaces-aristo HTTP/1.1" 304 -
172.225.238.105 - - [17/Jan/2024:06:53:36 -0500] "POST /sipse/faces/presentacion/financiero/solicitudProceso/consultar.xhtml HTTP/1.1" 200 110462
172.225.238.105 - - [17/Jan/2024:06:53:37 -0500] "GET /sipse/faces/javax.faces.resource/primefaces.css?ln=primefaces&v=4.0 HTTP/1.1" 304 -
172.225.238.105 - - [17/Jan/2024:06:53:37 -0500] "GET /sipse/faces/javax.faces.resource/theme.css?ln=primefaces-sipse HTTP/1.1" 304 -
172.225.238.105 - - [17/Jan/2024:06:53:37 -0500] "GET /sipse/faces/javax.faces.resource/layout/layout.css?ln=primefaces&v=4.0 HTTP/1.1" 304 -
172.225.238.105 - - [17/Jan/2024:06:53:37 -0500] "GET /sipse/faces/javax.faces.resource/jquery/jquery.js?ln=primefaces&v=4.0 HTTP/1.1" 304 -
172.225.238.105 - - [17/Jan/2024:06:53:37 -0500] "GET /sipse/faces/javax.faces.resource/jquery/jquery-plugins.js?ln=primefaces&v=4.0 HTTP/1.1" 304 -
172.225.238.105 - - [17/Jan/2024:06:53:37 -0500] "GET /sipse/faces/javax.faces.resource/primefaces.js?ln=primefaces&v=4.0 HTTP/1.1" 304 -
172.225.238.105 - - [17/Jan/2024:06:53:37 -0500] "GET /sipse/faces/javax.faces.resource/layout/layout.js?ln=primefaces&v=4.0 HTTP/1.1" 304 -
172.225.238.105 - - [17/Jan/2024:06:53:37 -0500] "GET /sipse/faces/javax.faces.resource/images/ui-icons_898989_256x240.png?ln=primefaces-aristo HTTP/1.1" 304 -
201.245.192.253 - - [17/Jan/2024:06:53:54 -0500] "POST /forms/lservlet;jsessionid=ac16012b30d6bd6ae21f678742bfae36a90452e8c389.e3iSbxaKaheRe3qKcheMbNuKc41ynknvrkLOlQzNp65In0 HTTP/1.1" 200 2
172.225.238.105 - - [17/Jan/2024:06:53:55 -0500] "POST /sipse/faces/presentacion/financiero/solicitudProceso/consultarSolicitudProceso.xhtml HTTP/1.1" 200 29392
172.225.238.105 - - [17/Jan/2024:06:53:55 -0500] "GET /sipse/faces/javax.faces.resource/theme.css?ln=primefaces-sipse HTTP/1.1" 304 -
172.225.238.105 - - [17/Jan/2024:06:53:55 -0500] "GET /sipse/faces/javax.faces.resource/layout/layout.js?ln=primefaces&v=4.0 HTTP/1.1" 304 -
172.225.238.105 - - [17/Jan/2024:06:53:55 -0500] "GET /sipse/faces/javax.faces.resource/primefaces.css?ln=primefaces&v=4.0 HTTP/1.1" 304 -
172.225.238.105 - - [17/Jan/2024:06:53:55 -0500] "GET /sipse/faces/javax.faces.resource/layout/layout.css?ln=primefaces&v=4.0 HTTP/1.1" 304 -
172.225.238.105 - - [17/Jan/2024:06:53:55 -0500] "GET /sipse/faces/javax.faces.resource/jquery/jquery.js?ln=primefaces&v=4.0 HTTP/1.1" 304 -
172.225.238.105 - - [17/Jan/2024:06:53:55 -0500] "GET /sipse/faces/javax.faces.resource/primefaces.js?ln=primefaces&v=4.0 HTTP/1.1" 304 -
216.244.66.195 - - [17/Jan/2024:06:53:55 -0500] "GET /BLA/resoluciones/AUTOS%202020/2384.pdf HTTP/1.1" 200 417653
172.225.238.105 - - [17/Jan/2024:06:53:55 -0500] "GET /sipse/faces/javax.faces.resource/jquery/jquery-plugins.js?ln=primefaces&v=4.0 HTTP/1.1" 304 -
172.225.238.105 - - [17/Jan/2024:06:53:56 -0500] "GET /sipse/faces/javax.faces.resource/images/ui-icons_898989_256x240.png?ln=primefaces-aristo HTTP/1.1" 304 -
172.225.238.105 - - [17/Jan/2024:06:54:10 -0500] "GET /sipse/faces/javax.faces.resource/images/ui-icons_898989_256x240.png?ln=primefaces-aristo HTTP/1.1" 304 -
172.225.238.105 - - [17/Jan/2024:06:54:10 -0500] "POST /sipse/faces/presentacion/financiero/solicitudProceso/consultarHistorialSolProceso.xhtml HTTP/1.1" 200 155392
172.225.238.105 - - [17/Jan/2024:06:54:11 -0500] "GET /sipse/faces/javax.faces.resource/theme.css?ln=primefaces-sipse HTTP/1.1" 304 -
172.225.238.105 - - [17/Jan/2024:06:54:11 -0500] "GET /sipse/faces/javax.faces.resource/primefaces.css?ln=primefaces&v=4.0 HTTP/1.1" 304 -
172.225.238.105 - - [17/Jan/2024:06:54:11 -0500] "GET /sipse/faces/javax.faces.resource/layout/layout.css?ln=primefaces&v=4.0 HTTP/1.1" 304 -
172.225.238.105 - - [17/Jan/2024:06:54:11 -0500] "GET /sipse/faces/javax.faces.resource/jquery/jquery.js?ln=primefaces&v=4.0 HTTP/1.1" 304 -
172.225.238.105 - - [17/Jan/2024:06:54:11 -0500] "GET /sipse/faces/javax.faces.resource/jquery/jquery-plugins.js?ln=primefaces&v=4.0 HTTP/1.1" 304 -
172.225.238.105 - - [17/Jan/2024:06:54:11 -0500] "GET /sipse/faces/javax.faces.resource/primefaces.js?ln=primefaces&v=4.0 HTTP/1.1" 304 -
172.225.238.105 - - [17/Jan/2024:06:54:11 -0500] "GET /sipse/faces/javax.faces.resource/layout/layout.js?ln=primefaces&v=4.0 HTTP/1.1" 304 -
172.225.238.105 - - [17/Jan/2024:06:54:11 -0500] "GET /sipse/faces/javax.faces.resource/images/ui-icons_898989_256x240.png?ln=primefaces-aristo HTTP/1.1" 304 -
201.245.192.253 - - [17/Jan/2024:06:54:17 -0500] "POST /kwsrmcab/Wsrmcab  HTTP/1.1" 200 39113
216.244.66.195 - - [17/Jan/2024:06:54:33 -0500] "GET /BLA/resoluciones/AUTOS%202020/2960.pdf HTTP/1.1" 200 394587
201.245.192.253 - - [17/Jan/2024:06:54:35 -0500] "POST /forms/lservlet;jsessionid=ac16012b30d6947c1f7f67e648598dd0e716ce7e24d2.e3iSbxaKaheRe3qKcheMbNuKc41ynknvrkLOlQzNp65In0 HTTP/1.1" 200 2
52.167.144.234 - - [17/Jan/2024:06:54:42 -0500] "GET /portaldeninos/?s= HTTP/1.1" 200 85920
216.244.66.195 - - [17/Jan/2024:06:55:12 -0500] "GET /BLA/resoluciones/AUTOS%202020/2987.pdf HTTP/1.1" 200 388086
172.225.238.105 - - [17/Jan/2024:06:55:51 -0500] "GET /sipse/faces/javax.faces.resource/images/ui-bg_flat_0_2d5972_40x100.png?ln=primefaces-aristo HTTP/1.1" 304 -
172.225.238.105 - - [17/Jan/2024:06:55:51 -0500] "POST /sipse/faces/presentacion/financiero/solicitudProceso/consultarSolicitudProceso.xhtml HTTP/1.1" 200 40807
172.225.238.105 - - [17/Jan/2024:06:55:52 -0500] "GET /sipse/faces/javax.faces.resource/primefaces.css?ln=primefaces&v=4.0 HTTP/1.1" 304 -
172.225.238.105 - - [17/Jan/2024:06:55:52 -0500] "GET /sipse/faces/javax.faces.resource/theme.css?ln=primefaces-sipse HTTP/1.1" 304 -
172.225.238.105 - - [17/Jan/2024:06:55:52 -0500] "GET /sipse/faces/javax.faces.resource/layout/layout.css?ln=primefaces&v=4.0 HTTP/1.1" 304 -
172.225.238.105 - - [17/Jan/2024:06:55:52 -0500] "GET /sipse/faces/javax.faces.resource/jquery/jquery.js?ln=primefaces&v=4.0 HTTP/1.1" 304 -
172.225.238.105 - - [17/Jan/2024:06:55:52 -0500] "GET /sipse/faces/javax.faces.resource/jquery/jquery-plugins.js?ln=primefaces&v=4.0 HTTP/1.1" 304 -
172.225.238.105 - - [17/Jan/2024:06:55:52 -0500] "GET /sipse/faces/javax.faces.resource/primefaces.js?ln=primefaces&v=4.0 HTTP/1.1" 304 -
172.225.238.105 - - [17/Jan/2024:06:55:52 -0500] "GET /sipse/faces/javax.faces.resource/layout/layout.js?ln=primefaces&v=4.0 HTTP/1.1" 304 -
172.225.238.105 - - [17/Jan/2024:06:55:52 -0500] "GET /sipse/faces/javax.faces.resource/images/ui-icons_898989_256x240.png?ln=primefaces-aristo HTTP/1.1" 304 -
201.245.192.253 - - [17/Jan/2024:06:55:54 -0500] "POST /forms/lservlet;jsessionid=ac16012b30d6bd6ae21f678742bfae36a90452e8c389.e3iSbxaKaheRe3qKcheMbNuKc41ynknvrkLOlQzNp65In0 HTTP/1.1" 200 2
172.225.238.105 - - [17/Jan/2024:06:56:01 -0500] "POST /sipse/faces/presentacion/financiero/solicitudProceso/consultar.xhtml HTTP/1.1" 200 12831
201.245.192.253 - - [17/Jan/2024:06:56:35 -0500] "POST /forms/lservlet;jsessionid=ac16012b30d6947c1f7f67e648598dd0e716ce7e24d2.e3iSbxaKaheRe3qKcheMbNuKc41ynknvrkLOlQzNp65In0 HTTP/1.1" 200 2
172.22.2.4 - - [17/Jan/2024:06:55:29 -0500] "HEAD /BLA/boletinlegal/ HTTP/1.1" 200 -
66.249.66.20 - - [17/Jan/2024:06:57:16 -0500] "GET /BLA/resoluciones/RESOLUCIONES%202008/0133.pdf HTTP/1.1" 200 254715
66.249.66.19 - - [17/Jan/2024:06:57:37 -0500] "GET /Publicaciones/2023EE261478.pdf HTTP/1.1" 404 228
201.245.192.253 - - [17/Jan/2024:06:57:54 -0500] "POST /forms/lservlet;jsessionid=ac16012b30d6bd6ae21f678742bfae36a90452e8c389.e3iSbxaKaheRe3qKcheMbNuKc41ynknvrkLOlQzNp65In0 HTTP/1.1" 200 2
172.22.2.4 - - [17/Jan/2024:06:56:20 -0500] "GET /BLA/boletinlegal/ HTTP/1.1" 200 60529
201.245.192.253 - - [17/Jan/2024:06:58:08 -0500] "GET /reportes_sipse/jsp/inicio.jsp HTTP/1.1" 200 2935
201.245.192.253 - - [17/Jan/2024:06:58:08 -0500] "GET /reportes_sipse/css/estilos.css HTTP/1.1" 304 -
201.245.192.253 - - [17/Jan/2024:06:58:08 -0500] "GET /reportes_sipse/imagenes/logoAplicacion.jpg HTTP/1.1" 304 -
201.245.192.253 - - [17/Jan/2024:06:58:08 -0500] "GET /reportes_sipse/imagenes/fondo.jpg HTTP/1.1" 304 -
216.245.221.92 - - [17/Jan/2024:06:58:15 -0500] "HEAD / HTTP/1.1" 200 -
66.249.66.20 - - [17/Jan/2024:06:58:15 -0500] "GET /BLA/resoluciones/AUTOS%202022/3507.pdf HTTP/1.1" 304 -
167.248.133.33 - - [17/Jan/2024:06:58:21 -0500] "GET / HTTP/1.1" 200 319
167.248.133.33 - - [17/Jan/2024:06:58:25 -0500] "GET / HTTP/1.1" 200 319
167.248.133.33 - - [17/Jan/2024:06:58:26 -0500] "PRI * HTTP/2.0" 400 946
167.248.133.33 - - [17/Jan/2024:06:58:27 -0500] "GET /favicon.ico HTTP/1.1" 200 7782
201.245.192.253 - - [17/Jan/2024:06:58:35 -0500] "POST /forms/lservlet;jsessionid=ac16012b30d6947c1f7f67e648598dd0e716ce7e24d2.e3iSbxaKaheRe3qKcheMbNuKc41ynknvrkLOlQzNp65In0 HTTP/1.1" 200 2
186.102.68.94 - - [17/Jan/2024:06:59:16 -0500] "GET /alcalde-carlos-fernando-galan-posesiono-a-adriana-soto-como-nueva-secretaria-de-ambiente.html HTTP/1.1" 200 888
201.245.192.253 - - [17/Jan/2024:06:59:15 -0500] "POST /kwsrmcab/Wsrmcab  HTTP/1.1" 200 39113
191.156.224.238 - - [17/Jan/2024:06:59:42 -0500] "GET /alcalde-carlos-fernando-galan-posesiono-a-adriana-soto-como-nueva-secretaria-de-ambiente.html HTTP/1.1" 200 888
181.53.13.235 - - [17/Jan/2024:06:59:42 -0500] "GET /sipse/faces/index.xhtml HTTP/1.1" 200 677
181.53.13.235 - - [17/Jan/2024:06:59:42 -0500] "GET /sipse/faces/javax.faces.resource/theme.css?ln=primefaces-sipse HTTP/1.1" 304 -
181.53.13.235 - - [17/Jan/2024:06:59:42 -0500] "GET /sipse/faces/faces/autenticacion.xhtml HTTP/1.1" 200 12406
181.53.13.235 - - [17/Jan/2024:06:59:42 -0500] "GET /sipse/faces/javax.faces.resource/theme.css?ln=primefaces-sipse HTTP/1.1" 304 -
181.53.13.235 - - [17/Jan/2024:06:59:42 -0500] "GET /sipse/faces/javax.faces.resource/primefaces.css?ln=primefaces&v=4.0 HTTP/1.1" 304 -
181.53.13.235 - - [17/Jan/2024:06:59:42 -0500] "GET /sipse/faces/javax.faces.resource/primefaces.js?ln=primefaces&v=4.0 HTTP/1.1" 304 -
181.53.13.235 - - [17/Jan/2024:06:59:42 -0500] "GET /sipse/faces/javax.faces.resource/jquery/jquery.js?ln=primefaces&v=4.0 HTTP/1.1" 304 -
181.53.13.235 - - [17/Jan/2024:06:59:42 -0500] "GET /sipse/faces/javax.faces.resource/layout/layout.css?ln=primefaces&v=4.0 HTTP/1.1" 304 -
181.53.13.235 - - [17/Jan/2024:06:59:42 -0500] "GET /sipse/faces/javax.faces.resource/jquery/jquery-plugins.js?ln=primefaces&v=4.0 HTTP/1.1" 304 -
181.53.13.235 - - [17/Jan/2024:06:59:42 -0500] "GET /sipse/faces/javax.faces.resource/layout/layout.js?ln=primefaces&v=4.0 HTTP/1.1" 304 -
181.53.13.235 - - [17/Jan/2024:06:59:42 -0500] "GET /sipse/faces/javax.faces.resource/images/ui-icons_898989_256x240.png?ln=primefaces-aristo HTTP/1.1" 304 -
181.53.13.235 - - [17/Jan/2024:06:59:46 -0500] "POST /sipse/faces/autenticacion.xhtml HTTP/1.1" 200 2224
181.53.13.235 - - [17/Jan/2024:06:59:46 -0500] "GET /sipse/faces/javax.faces.resource/messages/messages.png?ln=primefaces&v=4.0 HTTP/1.1" 304 -
181.237.16.17 - - [17/Jan/2024:06:59:47 -0500] "GET /sipse/js/disable_browser_buttons.js HTTP/1.1" 304 -
181.237.16.17 - - [17/Jan/2024:06:59:47 -0500] "GET /sipse/css/custom_css_sg.css HTTP/1.1" 304 -
181.237.16.17 - - [17/Jan/2024:06:59:47 -0500] "GET /sipse/css/custom_css_sg_prime_login.css HTTP/1.1" 304 -
181.237.16.17 - - [17/Jan/2024:06:59:47 -0500] "GET /sipse/js/funciones.js HTTP/1.1" 304 -
181.237.16.17 - - [17/Jan/2024:06:59:47 -0500] "GET /sipse/faces/javax.faces.resource/theme.css?ln=primefaces-sipse HTTP/1.1" 304 -
181.237.16.17 - - [17/Jan/2024:06:59:47 -0500] "GET /sipse/faces/javax.faces.resource/primefaces.css?ln=primefaces&v=4.0 HTTP/1.1" 304 -
181.237.16.17 - - [17/Jan/2024:06:59:47 -0500] "GET /sipse/faces/javax.faces.resource/layout/layout.css?ln=primefaces&v=4.0 HTTP/1.1" 304 -
181.237.16.17 - - [17/Jan/2024:06:59:47 -0500] "GET /sipse/faces/javax.faces.resource/jquery/jquery.js?ln=primefaces&v=4.0 HTTP/1.1" 304 -
181.237.16.17 - - [17/Jan/2024:06:59:47 -0500] "GET /sipse/faces/javax.faces.resource/jquery/jquery-plugins.js?ln=primefaces&v=4.0 HTTP/1.1" 304 -
181.237.16.17 - - [17/Jan/2024:06:59:48 -0500] "GET /sipse/faces/javax.faces.resource/primefaces.js?ln=primefaces&v=4.0 HTTP/1.1" 304 -
181.237.16.17 - - [17/Jan/2024:06:59:48 -0500] "GET /sipse/faces/javax.faces.resource/layout/layout.js?ln=primefaces&v=4.0 HTTP/1.1" 304 -
181.237.16.17 - - [17/Jan/2024:06:59:49 -0500] "GET /sipse/css/imagen/loginimg.png HTTP/1.1" 304 -
181.237.16.17 - - [17/Jan/2024:06:59:49 -0500] "GET /sipse/css/imagen/logoSDG.png HTTP/1.1" 304 -
181.237.16.17 - - [17/Jan/2024:06:59:49 -0500] "GET /sipse/faces/javax.faces.resource/images/ui-icons_898989_256x240.png?ln=primefaces-aristo HTTP/1.1" 304 -
181.237.16.17 - - [17/Jan/2024:06:59:49 -0500] "GET /sipse/faces/faces/faces/faces/faces/index.xhtml HTTP/1.1" 200 677
181.53.13.235 - - [17/Jan/2024:06:59:49 -0500] "POST /sipse/faces/autenticacion.xhtml HTTP/1.1" 200 16407
181.53.13.235 - - [17/Jan/2024:06:59:50 -0500] "GET /sipse/faces/javax.faces.resource/theme.css?ln=primefaces-sipse HTTP/1.1" 304 -
181.53.13.235 - - [17/Jan/2024:06:59:50 -0500] "GET /sipse/faces/javax.faces.resource/primefaces.css?ln=primefaces&v=4.0 HTTP/1.1" 304 -
181.53.13.235 - - [17/Jan/2024:06:59:50 -0500] "GET /sipse/faces/javax.faces.resource/layout/layout.css?ln=primefaces&v=4.0 HTTP/1.1" 304 -
181.53.13.235 - - [17/Jan/2024:06:59:50 -0500] "GET /sipse/faces/javax.faces.resource/jquery/jquery.js?ln=primefaces&v=4.0 HTTP/1.1" 304 -
181.53.13.235 - - [17/Jan/2024:06:59:50 -0500] "GET /sipse/faces/javax.faces.resource/jquery/jquery-plugins.js?ln=primefaces&v=4.0 HTTP/1.1" 304 -
181.53.13.235 - - [17/Jan/2024:06:59:50 -0500] "GET /sipse/faces/javax.faces.resource/primefaces.js?ln=primefaces&v=4.0 HTTP/1.1" 304 -
181.53.13.235 - - [17/Jan/2024:06:59:50 -0500] "GET /sipse/faces/javax.faces.resource/layout/layout.js?ln=primefaces&v=4.0 HTTP/1.1" 304 -
181.53.13.235 - - [17/Jan/2024:06:59:50 -0500] "GET /sipse/css/imagen/contrasena.png HTTP/1.1" 404 383
181.237.16.17 - - [17/Jan/2024:06:59:52 -0500] "GET /sipse/faces/javax.faces.resource/theme.css?ln=primefaces-sipse HTTP/1.1" 304 -
