186.102.96.241 - - [20/Jan/2024:06:23:45 -0500] "GET /kwssiamovil/sm/acme/s?s=U2FsdGVkX1+WJGd2y+P+TH0WLR8htLnBwZgTVMNTSHNH/QeIfuxyxfUwPVkPZX42fp8lhNN85XJ/ecybWSbGYKAig5hQW2PU0C/uiMDuF8alZizgGPzM5PGyVpSXVz6Xt5+SZ2LTnNbcPGTaJcg1OJVGKOLg1ZaCb0rcJ9XvzKZb7Qa1fgHdqkAT64om0s6zHIYSxrNLqfk91bcPzJeo/IV2Vr5HZCo314pU1kSJt1ZEGaiH5iO17K8xyswlpM2ToVnArBWwx9l1mjwWqYbjfk2MpoMy41iJpoCQX9lStVOKMidXUtgAfIgsfa4uQ4bZzYaQil9MEdmJFdhdvQYCO30LfUprzgYLHtc0C6ACfV3kbnBKF/agA0zoqe3UIBjqpbh7OqD+5NKMtem1taYwfxZQpSGIpGBfhlAHk/W5Rm5x6MJSN0TQbYNZO5ZH2tridS6H58PvYBjgwoorrC8ziqN/uLM6cBKwA+3trDBF1O97dSrUmkeRhtm4uUUvmxBLgqJM/fYJ5C4JQsCQlJCfoQxyL4rElxit/XKHrza2DZ/nGvhceNu6tFLPy6BcZMt2wRrkaIK2XUduNID66tiUPk2Wf39GndsDlzivUw5gZ/GLIU6P8VmADO7rcZRXvq+Qf9oGFz2gLCU4GQRgCfZH4qQaY92ygudPzaHQohsF1nIXoKXE2eImUFxQJwtZYbg2GD1YwqFU9I4qXAhUNGjMmDLyBv9dTh8+B/B0Um9w57+xGOzzNRNOBwi1+8Czbx/lYKQfQ0IjWPEnbW316tEZY4jPsOc1yq09sUKUm1N+zQr0jFsswy/bjk0FrV6eXEA6E+mS+PekwAu7NXDmnmUEMt9DGSKKkRbCzheaJwSsEWxl8996KH4kM4jKb6z/t/vzxedxIV/jDaNzV6K0PSZMmo1/p2IlNjnpiCnFkHPe23NQNqFbacDRFj/VN5hFqqK5eHV+iNa0DczjGUrM0IpqIxqCxMnHPdZuaasyat4XLPHlRDWksEawx59fahKteNwYOB7vzHJ7SMI+5hQsIOb2h/y3yhsP+sEaJ+VDV5tXXLLfM5SOthVrV1CpbUv0XCd5268v19f1qtq+FRpfddvs9iTcwwWr49fJDbDqQzg0bC/xK4bV9Y98+9XI6WuFs0sWsqBhswtvuSaj8lNP71/ZBr6dNFg8o8rKGkVTkHqeM8NeUVrLpR1iuQla1XZvZ0DycTR4xXYtUsdRoMe+ws/8FphKXMtSw75SiPddbZaoem9aqiRdxsJCbb1Pd7AsazjD5axbmRt/RmClUwsXCEPgRDAmre42rd/pgeutVLrU+WyQ2C1m4cRJ/puUjpMQPQDFEjFj6tBBpBVeHDHXQG73kl8XVMbCgkdB83wE9TunuihSPMOsf4eaQvXv9xycDq/mVWSdMJ8mmuXJAlOQzYxQIIT7gebHEPT9nHr10MaAnJwmFKVBoFeq/xVME3S/70/6nQIjHlm3zej46Tm9BK9tuIj3akcgUY8MjS7BssCZ+z0AjyLkcR6GK1lX9HJVulow7qSQzTCuMtVl6qMw3xNiJZOZe/e4s04MjsCezOqwDtFabla/JQ3+Fe77d24UXNbO1r+i3JuTIPvoLn8OCafkb9hr7FsYcbfvWe8/duDVk4NwcXI96GnMgpd+PahN/XOfQkBz/U5EjaIiEBINiBwQx0tYV0Nj6GIoF+2WsA2c9DV0Ga2EMaXeYPvzYpy+gaABTeumjw8hpdMCeA/l6+/cbMTs0vMpXFN4KaiYAWYIQc8=&u=U2FsdGVkX1+6LBZ5FZ4f22XVcJZtoT1mqV3qC8myQPw=&y=U2FsdGVkX18y5KrHSe2RaScYuefoOgcZoMRB9fD7McdYLG6rlq4i5ehIdZL22sfA HTTP/1.1" 200 2571
186.102.96.241 - - [20/Jan/2024:06:23:45 -0500] "GET /kwssiamovil/sm/acme/s?s=U2FsdGVkX19KnECIA8REznoGdOQWisHqSLkjTCFTWj87T+KjN1GAUFuJmzf1wQ8zSWSmq/f7jQVAASgaVC38fw1qTwaAzDCQeApBJD5PPfuWAMuNCdCtOq3MJUplyJ7y+i2ZxXi8t4U9DNgNubQSw/uRKkkqkO0m/BgGTHZ0aysRff25ejHo3/xgffmhHxrsblIUFDzZwo6kFS6Hgehgt6jw9hbQb9tv+AC6ooMgtPptnt8hTd1NFsbTzTzB0yfUx7RjP0/To9O0CRWYilsgqnRk2PNr4Zy/saGXiuAkJNqnTUlGJCdxynTFlNBNS8L2xgGryGm1lHOmawjKokPAFhZXo7IrVHEsSyG9b2vULfLk9ZaS3a9lRmtCw5OkOJlnxH/KIKIz1sX7Ehecnc63tXyR8msLzj9r06h0pnehpcYcf7AdCzkjcubYekoFwonkrNGdAIqU/2ugYhQQiw7pYwdmX5jrO+KLbxIV4x/CiSfasUpd4W8+r90FNZaiXk4af7O5eoDO4VyHBei0cMS7irrSPkdNGmI0cAAMKhwdjkgCPePQZBDcRCE7GpYc0xcSLUwME4tZbPWdzpkKbPKzSA/enGIunVrgtB/SKGvXyI58F0tz2UpJuJalKs69UwK6obQi1fveOr1s26i/CAAPx0n/CdHV38Wx/EtbcX+FIp0qEFsOqyupLLgAoqAgKbgmC03LtEqi1RLgi6zV9h65/ib/HTOEJz75mNzBi5c0JhBInwvILojAHDwnjbWdpsWl&u=U2FsdGVkX1+6LBZ5FZ4f22XVcJZtoT1mqV3qC8myQPw=&y=U2FsdGVkX18y5KrHSe2RaScYuefoOgcZoMRB9fD7McdYLG6rlq4i5ehIdZL22sfA HTTP/1.1" 200 208
186.102.96.241 - - [20/Jan/2024:06:23:45 -0500] "GET /kwssiamovil/sm/cjson/pre?f=1&x=U2FsdGVkX19ppengioQbwdxJOC02RbPMr/B5I+chRtNDNr8h7tg96XUuOUKdt1YX HTTP/1.1" 200 31032
216.245.221.92 - - [20/Jan/2024:06:23:53 -0500] "HEAD / HTTP/1.1" 200 -
216.244.66.195 - - [20/Jan/2024:06:23:56 -0500] "GET /BLA/resoluciones/AUTOS%202013/2277.pdf HTTP/1.1" 200 642148
201.245.192.253 - - [20/Jan/2024:06:24:14 -0500] "POST /kwsrmcab/Wsrmcab  HTTP/1.1" 200 213
216.244.66.195 - - [20/Jan/2024:06:24:19 -0500] "GET /BLA/resoluciones/AUTOS%202014/0553.pdf HTTP/1.1" 200 374733
216.244.66.195 - - [20/Jan/2024:06:24:42 -0500] "GET /BLA/resoluciones/AUTOS%202014/1966.pdf HTTP/1.1" 200 223170
216.244.66.195 - - [20/Jan/2024:06:25:02 -0500] "GET /BLA/resoluciones/AUTOS%202014/2133.pdf HTTP/1.1" 200 375489
201.245.192.253 - - [20/Jan/2024:06:25:07 -0500] "POST /kwsrmcab/Wsrmcab HTTP/1.1" 200 38667
201.245.192.253 - - [20/Jan/2024:06:25:10 -0500] "POST /kwsrmcab/Wsrmcab HTTP/1.1" 200 35992
216.244.66.195 - - [20/Jan/2024:06:25:24 -0500] "GET /BLA/resoluciones/AUTOS%202014/2390.pdf HTTP/1.1" 200 474500
216.244.66.195 - - [20/Jan/2024:06:25:43 -0500] "GET /BLA/resoluciones/AUTOS%202014/2773.pdf HTTP/1.1" 200 428646
216.244.66.195 - - [20/Jan/2024:06:26:00 -0500] "GET /BLA/resoluciones/AUTOS%202018/0252.pdf HTTP/1.1" 200 272020
216.244.66.195 - - [20/Jan/2024:06:26:17 -0500] "GET /BLA/resoluciones/AUTOS%202018/0585.pdf HTTP/1.1" 200 267121
52.167.144.210 - - [20/Jan/2024:06:26:29 -0500] "GET /mas-de-30-tinguas-fueron-liberadas-en-la-semana-de-los-humedales.html HTTP/1.1" 200 950
216.244.66.195 - - [20/Jan/2024:06:26:32 -0500] "GET /BLA/resoluciones/AUTOS%202018/0791.pdf HTTP/1.1" 200 294769
216.244.66.195 - - [20/Jan/2024:06:26:47 -0500] "GET /BLA/resoluciones/AUTOS%202018/0906.pdf HTTP/1.1" 200 302793
216.244.66.195 - - [20/Jan/2024:06:27:02 -0500] "GET /BLA/resoluciones/AUTOS%202018/1072.pdf HTTP/1.1" 200 265768
216.244.66.195 - - [20/Jan/2024:06:27:16 -0500] "GET /BLA/resoluciones/AUTOS%202018/1252.pdf HTTP/1.1" 200 251055
199.16.157.180 - - [20/Jan/2024:06:27:47 -0500] "GET /images/presentaci%C3%B3n%20convenci%C3%B3n.jpg HTTP/1.1" 404 1034
207.46.13.154 - - [20/Jan/2024:06:27:50 -0500] "GET /sipse/faces/autenticacion.xhtml HTTP/1.1" 200 12725
216.244.66.195 - - [20/Jan/2024:06:27:54 -0500] "GET /BLA/resoluciones/AUTOS%202018/1925.pdf HTTP/1.1" 200 281830
216.244.66.195 - - [20/Jan/2024:06:28:24 -0500] "GET /BLA/resoluciones/AUTOS%202018/2686.pdf HTTP/1.1" 200 311077
172.22.2.4 - - [20/Jan/2024:06:26:47 -0500] "HEAD /BLA/boletinlegal/ HTTP/1.1" 200 -
40.77.167.41 - - [20/Jan/2024:06:28:32 -0500] "GET /sipse/faces/javax.faces.resource/jquery/jquery.js;jsessionid=5N1hFMa7Qibfodclw9wHRobX.undefined?ln=primefaces&v=4.0 HTTP/1.1" 200 105384
40.77.167.41 - - [20/Jan/2024:06:28:32 -0500] "GET /sipse/css/custom_css_sg_prime_login.css HTTP/1.1" 200 443
207.46.13.17 - - [20/Jan/2024:06:28:39 -0500] "GET /sipse/faces/javax.faces.resource/jquery/jquery-plugins.js;jsessionid=5N1hFMa7Qibfodclw9wHRobX.undefined?ln=primefaces&v=4.0 HTTP/1.1" 200 220526
207.46.13.17 - - [20/Jan/2024:06:28:41 -0500] "GET /sipse/js/funciones.js HTTP/1.1" 200 12592
207.46.13.154 - - [20/Jan/2024:06:28:44 -0500] "GET /sipse/css/custom_css_sg.css HTTP/1.1" 200 9694
207.46.13.154 - - [20/Jan/2024:06:28:45 -0500] "GET /sipse/js/disable_browser_buttons.js HTTP/1.1" 200 3230
207.46.13.154 - - [20/Jan/2024:06:28:45 -0500] "GET /sipse/faces/javax.faces.resource/theme.css?ln=primefaces-sipse HTTP/1.1" 200 50058
216.245.221.92 - - [20/Jan/2024:06:28:53 -0500] "HEAD / HTTP/1.1" 200 -
216.244.66.195 - - [20/Jan/2024:06:28:53 -0500] "GET /BLA/resoluciones/AUTOS%202018/3378.pdf HTTP/1.1" 200 217182
172.22.2.4 - - [20/Jan/2024:06:28:58 -0500] "GET /BLA/boletinlegal/jurisprudencia.php HTTP/1.1" 200 17583
201.245.192.253 - - [20/Jan/2024:06:29:13 -0500] "POST /kwsrmcab/Wsrmcab  HTTP/1.1" 200 213
172.22.2.4 - - [20/Jan/2024:06:27:38 -0500] "GET /BLA/boletinlegal/ HTTP/1.1" 200 60529
216.244.66.195 - - [20/Jan/2024:06:29:22 -0500] "GET /BLA/resoluciones/AUTOS%202018/3564.pdf HTTP/1.1" 200 276730
201.245.192.253 - - [20/Jan/2024:06:29:31 -0500] "POST /kwsrmcab/Wsrmcab HTTP/1.1" 200 39156
216.244.66.195 - - [20/Jan/2024:06:29:49 -0500] "GET /BLA/resoluciones/AUTOS%202018/3648.pdf HTTP/1.1" 200 311481
172.22.2.4 - - [20/Jan/2024:06:30:08 -0500] "GET /BLA/boletinlegal/js/lib.js HTTP/1.1" 200 6474
172.22.2.4 - - [20/Jan/2024:06:30:13 -0500] "GET /BLA/boletinlegal/js/jquery1.js HTTP/1.1" 200 29846
172.22.2.4 - - [20/Jan/2024:06:30:13 -0500] "GET /BLA/boletinlegal/js/popup.js HTTP/1.1" 200 1270
201.245.192.253 - - [20/Jan/2024:06:30:13 -0500] "POST /kwsrmcab/Wsrmcab HTTP/1.1" 200 35992
216.244.66.195 - - [20/Jan/2024:06:30:16 -0500] "GET /BLA/resoluciones/AUTOS%202022/0184.pdf HTTP/1.1" 200 391821
216.244.66.195 - - [20/Jan/2024:06:30:42 -0500] "GET /BLA/resoluciones/AUTOS%202022/0434.pdf HTTP/1.1" 200 391843
216.244.66.195 - - [20/Jan/2024:06:31:06 -0500] "GET /BLA/resoluciones/AUTOS%202022/1005.pdf HTTP/1.1" 200 425140
216.244.66.195 - - [20/Jan/2024:06:31:30 -0500] "GET /BLA/resoluciones/AUTOS%202022/1816.pdf HTTP/1.1" 200 402310
52.167.144.238 - - [20/Jan/2024:06:31:35 -0500] "GET /Publicaciones/2023EE192904.pdf HTTP/1.1" 404 228
45.156.129.37 - - [20/Jan/2024:06:31:49 -0500] "GET / HTTP/1.1" 200 319
216.244.66.195 - - [20/Jan/2024:06:32:07 -0500] "GET /BLA/resoluciones/AUTOS%202022/2004.pdf HTTP/1.1" 200 367878
216.244.66.195 - - [20/Jan/2024:06:32:39 -0500] "GET /BLA/resoluciones/AUTOS%202022/2906.pdf HTTP/1.1" 200 435921
216.244.66.195 - - [20/Jan/2024:06:33:08 -0500] "GET /BLA/resoluciones/AUTOS%202022/3907.pdf HTTP/1.1" 200 497685
40.77.167.3 - - [20/Jan/2024:06:33:18 -0500] "GET /portaldeninos/parque-mirador-de-los-nevados/ HTTP/1.1" 503 1037
216.244.66.195 - - [20/Jan/2024:06:33:37 -0500] "GET /BLA/resoluciones/AUTOS%202022/5402.pdf HTTP/1.1" 200 402635
216.245.221.92 - - [20/Jan/2024:06:33:53 -0500] "HEAD / HTTP/1.1" 200 -
216.244.66.195 - - [20/Jan/2024:06:34:05 -0500] "GET /BLA/resoluciones/RESOLUCIONES%202011/0183.pdf HTTP/1.1" 200 244979
201.245.192.253 - - [20/Jan/2024:06:34:12 -0500] "POST /kwsrmcab/Wsrmcab  HTTP/1.1" 200 213
172.22.2.4 - - [20/Jan/2024:06:32:37 -0500] "HEAD /BLA/boletinlegal/ HTTP/1.1" 200 -
216.244.66.195 - - [20/Jan/2024:06:34:32 -0500] "GET /BLA/resoluciones/RESOLUCIONES%202011/0311.pdf HTTP/1.1" 200 69989
216.244.66.195 - - [20/Jan/2024:06:34:58 -0500] "GET /BLA/resoluciones/RESOLUCIONES%202011/0519.pdf HTTP/1.1" 200 338822
172.22.2.4 - - [20/Jan/2024:06:33:27 -0500] "GET /BLA/boletinlegal/ HTTP/1.1" 200 60529
201.245.192.253 - - [20/Jan/2024:06:35:07 -0500] "POST /kwsrmcab/Wsrmcab HTTP/1.1" 200 38667
201.245.192.253 - - [20/Jan/2024:06:35:10 -0500] "POST /kwsrmcab/Wsrmcab HTTP/1.1" 200 35992
216.244.66.195 - - [20/Jan/2024:06:35:22 -0500] "GET /BLA/resoluciones/RESOLUCIONES%202011/0613.pdf HTTP/1.1" 200 74165
216.244.66.195 - - [20/Jan/2024:06:35:45 -0500] "GET /BLA/resoluciones/RESOLUCIONES%202011/0737.pdf HTTP/1.1" 200 70721
216.244.66.195 - - [20/Jan/2024:06:36:07 -0500] "GET /BLA/resoluciones/RESOLUCIONES%202011/1127.pdf HTTP/1.1" 200 299473
216.244.66.195 - - [20/Jan/2024:06:36:31 -0500] "GET /BLA/resoluciones/RESOLUCIONES%202011/1246.pdf HTTP/1.1" 200 277777
186.84.21.136 - - [20/Jan/2024:06:37:05 -0500] "POST /sipse/faces/autenticacion.xhtml HTTP/1.1" 200 2183
186.84.21.136 - - [20/Jan/2024:06:37:05 -0500] "GET /sipse/faces/javax.faces.resource/messages/messages.png?ln=primefaces&v=4.0 HTTP/1.1" 304 -
186.84.21.136 - - [20/Jan/2024:06:37:05 -0500] "POST /sipse/faces/autenticacion.xhtml HTTP/1.1" 200 2183
186.84.21.136 - - [20/Jan/2024:06:37:05 -0500] "POST /sipse/faces/autenticacion.xhtml HTTP/1.1" 200 2183
186.84.21.136 - - [20/Jan/2024:06:37:05 -0500] "POST /sipse/faces/autenticacion.xhtml HTTP/1.1" 200 2183
186.84.21.136 - - [20/Jan/2024:06:37:05 -0500] "POST /sipse/faces/autenticacion.xhtml HTTP/1.1" 200 2183
216.244.66.195 - - [20/Jan/2024:06:37:07 -0500] "GET /BLA/resoluciones/AUTOS%202018/1754.pdf HTTP/1.1" 200 323040
66.249.66.19 - - [20/Jan/2024:06:37:28 -0500] "GET /BLA/resoluciones/AUTOS%202007/1919.pdf HTTP/1.1" 200 90400
216.244.66.195 - - [20/Jan/2024:06:37:41 -0500] "GET /BLA/resoluciones/AUTOS%202018/1992.pdf HTTP/1.1" 200 281479
216.244.66.195 - - [20/Jan/2024:06:38:12 -0500] "GET /BLA/resoluciones/AUTOS%202018/2296.pdf HTTP/1.1" 200 277037
216.244.66.195 - - [20/Jan/2024:06:38:40 -0500] "GET /BLA/resoluciones/AUTOS%202018/2441.pdf HTTP/1.1" 200 341449
216.245.221.92 - - [20/Jan/2024:06:38:53 -0500] "HEAD / HTTP/1.1" 200 -
216.244.66.195 - - [20/Jan/2024:06:39:09 -0500] "GET /BLA/resoluciones/AUTOS%202018/2829.pdf HTTP/1.1" 200 284387
201.245.192.253 - - [20/Jan/2024:06:39:10 -0500] "POST /kwsrmcab/Wsrmcab  HTTP/1.1" 200 213
201.245.192.253 - - [20/Jan/2024:06:39:31 -0500] "POST /kwsrmcab/Wsrmcab HTTP/1.1" 200 39156
216.244.66.195 - - [20/Jan/2024:06:39:35 -0500] "GET /BLA/resoluciones/AUTOS%202018/4559.pdf HTTP/1.1" 200 220696
216.244.66.195 - - [20/Jan/2024:06:40:01 -0500] "GET /BLA/resoluciones/AUTOS%202018/5073.pdf HTTP/1.1" 200 231960
172.22.2.4 - - [20/Jan/2024:06:38:27 -0500] "HEAD /BLA/boletinlegal/ HTTP/1.1" 200 -
201.245.192.253 - - [20/Jan/2024:06:40:13 -0500] "POST /kwsrmcab/Wsrmcab HTTP/1.1" 200 35992
216.244.66.195 - - [20/Jan/2024:06:40:40 -0500] "GET /BLA/resoluciones/AUTOS%202020/0814.pdf HTTP/1.1" 200 349779
172.22.2.4 - - [20/Jan/2024:06:39:17 -0500] "GET /BLA/boletinlegal/ HTTP/1.1" 200 60996
216.244.66.195 - - [20/Jan/2024:06:41:13 -0500] "GET /BLA/resoluciones/AUTOS%202020/0837.pdf HTTP/1.1" 200 406649
216.244.66.195 - - [20/Jan/2024:06:41:51 -0500] "GET /BLA/resoluciones/AUTOS%202020/0843.pdf HTTP/1.1" 200 353727
167.248.133.126 - - [20/Jan/2024:06:42:17 -0500] "GET / HTTP/1.1" 200 319
69.63.184.116 - - [20/Jan/2024:06:42:20 -0500] "GET /temporada-de-tinguas-y-mas-aves-migratorias-como-y-donde-reportarlas-si-las-ves-heridas-o-desorientadas.html HTTP/1.1" 200 784
167.248.133.126 - - [20/Jan/2024:06:42:20 -0500] "GET / HTTP/1.1" 200 319
167.248.133.126 - - [20/Jan/2024:06:42:21 -0500] "PRI * HTTP/2.0" 400 946
167.248.133.126 - - [20/Jan/2024:06:42:21 -0500] "GET /favicon.ico HTTP/1.1" 200 7782
216.244.66.195 - - [20/Jan/2024:06:42:26 -0500] "GET /BLA/resoluciones/AUTOS%202020/1832.pdf HTTP/1.1" 200 753241
216.244.66.195 - - [20/Jan/2024:06:42:59 -0500] "GET /BLA/resoluciones/AUTOS%202020/2328.pdf HTTP/1.1" 200 348875
216.244.66.195 - - [20/Jan/2024:06:43:27 -0500] "GET /BLA/resoluciones/AUTOS%202020/2599.pdf HTTP/1.1" 200 413083
146.19.24.23 - - [20/Jan/2024:06:43:30 -0500] "GET / HTTP/1.1" 200 319
216.245.221.92 - - [20/Jan/2024:06:43:53 -0500] "HEAD / HTTP/1.1" 200 -
216.244.66.195 - - [20/Jan/2024:06:43:55 -0500] "GET /BLA/resoluciones/AUTOS%202020/2863.pdf HTTP/1.1" 200 338840
201.245.192.253 - - [20/Jan/2024:06:44:09 -0500] "POST /kwsrmcab/Wsrmcab  HTTP/1.1" 200 213
216.244.66.195 - - [20/Jan/2024:06:44:25 -0500] "GET /BLA/resoluciones/AUTOS%202020/2954.pdf HTTP/1.1" 200 397771
172.22.2.4 - - [20/Jan/2024:06:44:17 -0500] "HEAD /BLA/boletinlegal/ HTTP/1.1" 200 -
172.22.2.4 - - [20/Jan/2024:06:45:07 -0500] "GET /BLA/boletinlegal/ HTTP/1.1" 200 58666
66.249.66.19 - - [20/Jan/2024:06:47:11 -0500] "GET /BLA/resoluciones/Autos%202008/1412.pdf HTTP/1.1" 200 340105
66.249.66.20 - - [20/Jan/2024:06:48:22 -0500] "GET /BLA/resoluciones/RESOLUCIONES%202009/4718.pdf HTTP/1.1" 200 359298
216.245.221.92 - - [20/Jan/2024:06:48:53 -0500] "HEAD / HTTP/1.1" 200 -
201.245.192.253 - - [20/Jan/2024:06:49:08 -0500] "POST /kwsrmcab/Wsrmcab  HTTP/1.1" 200 213
66.249.66.19 - - [20/Jan/2024:06:49:18 -0500] "GET /BLA/boletinlegal/Directivas/2009/Directiva%20No.%20del%2023%20de%20Diciembre%20de%202009.pdf HTTP/1.1" 304 -
66.249.66.21 - - [20/Jan/2024:06:50:59 -0500] "GET /BLA/resoluciones/RESOLUCIONES%202010/6869.pdf HTTP/1.1" 200 188608
172.22.2.4 - - [20/Jan/2024:06:50:07 -0500] "HEAD /BLA/boletinlegal/ HTTP/1.1" 200 -
186.84.21.136 - - [20/Jan/2024:06:52:17 -0500] "POST /sipse/faces/autenticacion.xhtml HTTP/1.1" 200 2183
66.249.66.20 - - [20/Jan/2024:06:52:34 -0500] "GET /BLA/resoluciones/RESOLUCIONES%202011/3285.pdf HTTP/1.1" 200 283898
172.22.2.4 - - [20/Jan/2024:06:50:57 -0500] "GET /BLA/boletinlegal/ HTTP/1.1" 200 51866
216.245.221.92 - - [20/Jan/2024:06:53:53 -0500] "HEAD / HTTP/1.1" 200 -
172.22.2.4 - - [20/Jan/2024:06:53:56 -0500] "GET /BLA/boletinlegal/jurisprudencia/analisis/SENTENCIA%20C-703%20DE%202010.xls HTTP/1.1" 304 -
201.245.192.253 - - [20/Jan/2024:06:54:06 -0500] "POST /kwsrmcab/Wsrmcab  HTTP/1.1" 200 213
157.55.39.8 - - [20/Jan/2024:06:55:14 -0500] "GET /BLA/resoluciones/AUTOS%202023/5239.pdf HTTP/1.1" 200 1213470
216.244.66.195 - - [20/Jan/2024:06:55:27 -0500] "GET /robots.txt HTTP/1.1" 404 1018
186.155.16.190 - - [20/Jan/2024:06:56:15 -0500] "POST /sipse/faces/presentacion/financiero/solicitudProceso/listarSolicitudProceso.xhtml HTTP/1.1" 302 -
186.155.16.190 - - [20/Jan/2024:06:56:15 -0500] "GET /sipse/faces/autenticacion.xhtml HTTP/1.1" 200 1099
186.155.16.190 - - [20/Jan/2024:06:56:21 -0500] "POST /sipse/faces/presentacion/financiero/solicitudProceso/listarSolicitudProceso.xhtml HTTP/1.1" 302 -
186.155.16.190 - - [20/Jan/2024:06:56:21 -0500] "GET /sipse/faces/autenticacion.xhtml HTTP/1.1" 200 1099
186.155.16.190 - - [20/Jan/2024:06:56:33 -0500] "GET /sipse/faces/faces/autenticacion.xhtml HTTP/1.1" 200 12403
186.155.16.190 - - [20/Jan/2024:06:56:33 -0500] "GET /sipse/faces/javax.faces.resource/primefaces.css?ln=primefaces&v=4.0 HTTP/1.1" 304 -
186.155.16.190 - - [20/Jan/2024:06:56:33 -0500] "GET /sipse/js/disable_browser_buttons.js HTTP/1.1" 304 -
186.155.16.190 - - [20/Jan/2024:06:56:33 -0500] "GET /sipse/js/funciones.js HTTP/1.1" 304 -
186.155.16.190 - - [20/Jan/2024:06:56:33 -0500] "GET /sipse/css/custom_css_sg.css HTTP/1.1" 304 -
186.155.16.190 - - [20/Jan/2024:06:56:33 -0500] "GET /sipse/css/custom_css_sg_prime_login.css HTTP/1.1" 304 -
186.155.16.190 - - [20/Jan/2024:06:56:33 -0500] "GET /sipse/faces/javax.faces.resource/theme.css?ln=primefaces-sipse HTTP/1.1" 304 -
186.155.16.190 - - [20/Jan/2024:06:56:33 -0500] "GET /sipse/faces/javax.faces.resource/layout/layout.css?ln=primefaces&v=4.0 HTTP/1.1" 304 -
186.155.16.190 - - [20/Jan/2024:06:56:33 -0500] "GET /sipse/faces/javax.faces.resource/jquery/jquery.js?ln=primefaces&v=4.0 HTTP/1.1" 304 -
186.155.16.190 - - [20/Jan/2024:06:56:33 -0500] "GET /sipse/faces/javax.faces.resource/jquery/jquery-plugins.js?ln=primefaces&v=4.0 HTTP/1.1" 304 -
186.155.16.190 - - [20/Jan/2024:06:56:33 -0500] "GET /sipse/faces/javax.faces.resource/primefaces.js?ln=primefaces&v=4.0 HTTP/1.1" 304 -
186.155.16.190 - - [20/Jan/2024:06:56:33 -0500] "GET /sipse/faces/javax.faces.resource/layout/layout.js?ln=primefaces&v=4.0 HTTP/1.1" 304 -
186.155.16.190 - - [20/Jan/2024:06:56:33 -0500] "GET /sipse/faces/javax.faces.resource/images/ui-icons_898989_256x240.png?ln=primefaces-aristo HTTP/1.1" 200 5355
186.155.16.190 - - [20/Jan/2024:06:56:33 -0500] "GET /sipse/css/imagen/loginimg.png HTTP/1.1" 200 71635
186.155.16.190 - - [20/Jan/2024:06:56:33 -0500] "GET /sipse/css/imagen/logoSDG.png HTTP/1.1" 200 53064
186.155.16.190 - - [20/Jan/2024:06:56:33 -0500] "GET /sipse/faces/faces/index.xhtml HTTP/1.1" 200 677
186.155.16.190 - - [20/Jan/2024:06:56:33 -0500] "GET /sipse/faces/javax.faces.resource/theme.css?ln=primefaces-sipse HTTP/1.1" 304 -
186.155.16.190 - - [20/Jan/2024:06:56:34 -0500] "GET /sipse/faces/faces/faces/autenticacion.xhtml HTTP/1.1" 200 12403
186.155.16.190 - - [20/Jan/2024:06:56:34 -0500] "GET /sipse/faces/javax.faces.resource/primefaces.css?ln=primefaces&v=4.0 HTTP/1.1" 304 -
186.155.16.190 - - [20/Jan/2024:06:56:34 -0500] "GET /sipse/faces/javax.faces.resource/theme.css?ln=primefaces-sipse HTTP/1.1" 304 -
186.155.16.190 - - [20/Jan/2024:06:56:34 -0500] "GET /sipse/faces/javax.faces.resource/layout/layout.css?ln=primefaces&v=4.0 HTTP/1.1" 304 -
186.155.16.190 - - [20/Jan/2024:06:56:34 -0500] "GET /sipse/faces/javax.faces.resource/jquery/jquery.js?ln=primefaces&v=4.0 HTTP/1.1" 304 -
186.155.16.190 - - [20/Jan/2024:06:56:34 -0500] "GET /sipse/faces/javax.faces.resource/jquery/jquery-plugins.js?ln=primefaces&v=4.0 HTTP/1.1" 304 -
186.155.16.190 - - [20/Jan/2024:06:56:34 -0500] "GET /sipse/faces/javax.faces.resource/primefaces.js?ln=primefaces&v=4.0 HTTP/1.1" 304 -
186.155.16.190 - - [20/Jan/2024:06:56:34 -0500] "GET /sipse/faces/javax.faces.resource/layout/layout.js?ln=primefaces&v=4.0 HTTP/1.1" 304 -
186.155.16.190 - - [20/Jan/2024:06:56:34 -0500] "GET /sipse/faces/javax.faces.resource/images/ui-icons_898989_256x240.png?ln=primefaces-aristo HTTP/1.1" 304 -
186.155.16.190 - - [20/Jan/2024:06:56:36 -0500] "POST /sipse/faces/autenticacion.xhtml HTTP/1.1" 200 2225
186.155.16.190 - - [20/Jan/2024:06:56:36 -0500] "GET /sipse/faces/javax.faces.resource/messages/messages.png?ln=primefaces&v=4.0 HTTP/1.1" 304 -
186.155.16.190 - - [20/Jan/2024:06:56:37 -0500] "POST /sipse/faces/autenticacion.xhtml HTTP/1.1" 200 16461
186.155.16.190 - - [20/Jan/2024:06:56:37 -0500] "GET /sipse/css/custom_css_sg_prime.css HTTP/1.1" 304 -
186.155.16.190 - - [20/Jan/2024:06:56:37 -0500] "GET /sipse/js/jquery.min.js HTTP/1.1" 304 -
186.155.16.190 - - [20/Jan/2024:06:56:38 -0500] "GET /sipse/faces/javax.faces.resource/jquery/jquery.js?ln=primefaces&v=4.0 HTTP/1.1" 304 -
186.155.16.190 - - [20/Jan/2024:06:56:38 -0500] "GET /sipse/faces/javax.faces.resource/jquery/jquery-plugins.js?ln=primefaces&v=4.0 HTTP/1.1" 304 -
186.155.16.190 - - [20/Jan/2024:06:56:38 -0500] "GET /sipse/faces/javax.faces.resource/primefaces.js?ln=primefaces&v=4.0 HTTP/1.1" 304 -
186.155.16.190 - - [20/Jan/2024:06:56:38 -0500] "GET /sipse/faces/javax.faces.resource/layout/layout.js?ln=primefaces&v=4.0 HTTP/1.1" 304 -
186.155.16.190 - - [20/Jan/2024:06:56:38 -0500] "GET /sipse/css/v_mergente.css HTTP/1.1" 304 -
186.155.16.190 - - [20/Jan/2024:06:56:38 -0500] "GET /sipse/imagenes/logoAplicacion.jpg HTTP/1.1" 304 -
186.155.16.190 - - [20/Jan/2024:06:56:38 -0500] "GET /sipse/imagenes/cargando.gif HTTP/1.1" 304 -
186.155.16.190 - - [20/Jan/2024:06:56:38 -0500] "GET /sipse/css/imagen/contrasena.png HTTP/1.1" 404 383
186.155.16.190 - - [20/Jan/2024:06:56:39 -0500] "GET /sipse/faces/javax.faces.resource/images/ui-bg_flat_0_2d5972_40x100.png?ln=primefaces-aristo HTTP/1.1" 304 -
186.155.16.190 - - [20/Jan/2024:06:56:39 -0500] "POST /sipse/faces/bienvenido.xhtml HTTP/1.1" 200 2658
186.155.16.190 - - [20/Jan/2024:06:56:41 -0500] "POST /sipse/faces/bienvenido.xhtml HTTP/1.1" 200 63288
186.155.16.190 - - [20/Jan/2024:06:56:41 -0500] "GET /sipse/faces/javax.faces.resource/jquery/jquery.js?ln=primefaces&v=4.0 HTTP/1.1" 304 -
186.155.16.190 - - [20/Jan/2024:06:56:41 -0500] "GET /sipse/faces/javax.faces.resource/jquery/jquery-plugins.js?ln=primefaces&v=4.0 HTTP/1.1" 304 -
186.155.16.190 - - [20/Jan/2024:06:56:42 -0500] "GET /sipse/faces/javax.faces.resource/primefaces.js?ln=primefaces&v=4.0 HTTP/1.1" 304 -
186.155.16.190 - - [20/Jan/2024:06:56:42 -0500] "GET /sipse/faces/javax.faces.resource/layout/layout.js?ln=primefaces&v=4.0 HTTP/1.1" 304 -
186.155.16.190 - - [20/Jan/2024:06:56:42 -0500] "POST /sipse/faces/presentacion/financiero/solicitudProceso/listarSolicitudProceso.xhtml HTTP/1.1" 200 1560
186.155.16.190 - - [20/Jan/2024:06:56:48 -0500] "POST /sipse/faces/presentacion/financiero/solicitudProceso/listarSolicitudProceso.xhtml HTTP/1.1" 200 4655
186.155.16.190 - - [20/Jan/2024:06:56:50 -0500] "POST /sipse/faces/presentacion/financiero/solicitudProceso/listarSolicitudProceso.xhtml HTTP/1.1" 200 32038
186.155.16.190 - - [20/Jan/2024:06:56:54 -0500] "POST /sipse/faces/presentacion/financiero/solicitudProceso/listarSolicitudProceso.xhtml HTTP/1.1" 200 32449
172.22.2.4 - - [20/Jan/2024:06:55:57 -0500] "HEAD /BLA/boletinlegal/ HTTP/1.1" 200 -
172.22.2.4 - - [20/Jan/2024:06:56:47 -0500] "GET /BLA/boletinlegal/ HTTP/1.1" 200 60996
216.245.221.92 - - [20/Jan/2024:06:58:53 -0500] "HEAD / HTTP/1.1" 200 -
201.245.192.253 - - [20/Jan/2024:06:59:06 -0500] "POST /kwsrmcab/Wsrmcab  HTTP/1.1" 200 213
66.249.73.37 - - [20/Jan/2024:06:59:44 -0500] "GET /BLA/resoluciones/RESOLUCIONES%202008/2939.pdf HTTP/1.1" 200 228608
201.245.192.253 - - [20/Jan/2024:07:02:01 -0500] "GET /sipse/faces/index.xhtml HTTP/1.1" 200 677
201.245.192.253 - - [20/Jan/2024:07:02:01 -0500] "GET /sipse/faces/javax.faces.resource/theme.css?ln=primefaces-sipse HTTP/1.1" 200 50058
201.245.192.253 - - [20/Jan/2024:07:02:01 -0500] "GET /sipse/faces/faces/autenticacion.xhtml HTTP/1.1" 200 12403
201.245.192.253 - - [20/Jan/2024:07:02:01 -0500] "GET /sipse/js/disable_browser_buttons.js HTTP/1.1" 200 3230
201.245.192.253 - - [20/Jan/2024:07:02:01 -0500] "GET /sipse/js/funciones.js HTTP/1.1" 200 12592
201.245.192.253 - - [20/Jan/2024:07:02:01 -0500] "GET /sipse/css/custom_css_sg.css HTTP/1.1" 200 9694
201.245.192.253 - - [20/Jan/2024:07:02:01 -0500] "GET /sipse/css/custom_css_sg_prime_login.css HTTP/1.1" 200 443
201.245.192.253 - - [20/Jan/2024:07:02:01 -0500] "GET /sipse/faces/javax.faces.resource/theme.css?ln=primefaces-sipse HTTP/1.1" 304 -
201.245.192.253 - - [20/Jan/2024:07:02:01 -0500] "GET /sipse/faces/javax.faces.resource/layout/layout.css?ln=primefaces&v=4.0 HTTP/1.1" 200 542
201.245.192.253 - - [20/Jan/2024:07:02:01 -0500] "GET /sipse/faces/javax.faces.resource/jquery/jquery.js?ln=primefaces&v=4.0 HTTP/1.1" 200 105384
201.245.192.253 - - [20/Jan/2024:07:02:01 -0500] "GET /sipse/faces/javax.faces.resource/layout/layout.js?ln=primefaces&v=4.0 HTTP/1.1" 200 87560
201.245.192.253 - - [20/Jan/2024:07:02:01 -0500] "GET /sipse/faces/javax.faces.resource/jquery/jquery-plugins.js?ln=primefaces&v=4.0 HTTP/1.1" 200 220526
201.245.192.253 - - [20/Jan/2024:07:02:01 -0500] "GET /sipse/faces/javax.faces.resource/primefaces.css?ln=primefaces&v=4.0 HTTP/1.1" 200 53295
201.245.192.253 - - [20/Jan/2024:07:02:01 -0500] "GET /sipse/faces/javax.faces.resource/primefaces.js?ln=primefaces&v=4.0 HTTP/1.1" 200 276924
201.245.192.253 - - [20/Jan/2024:07:02:01 -0500] "GET /sipse/css/imagen/loginimg.png HTTP/1.1" 200 71635
201.245.192.253 - - [20/Jan/2024:07:02:01 -0500] "GET /sipse/css/imagen/logoSDG.png HTTP/1.1" 200 53064
201.245.192.253 - - [20/Jan/2024:07:02:01 -0500] "GET /sipse/faces/javax.faces.resource/images/ui-icons_898989_256x240.png?ln=primefaces-aristo HTTP/1.1" 200 5355
201.245.192.253 - - [20/Jan/2024:07:02:07 -0500] "POST /sipse/faces/autenticacion.xhtml HTTP/1.1" 200 15686
201.245.192.253 - - [20/Jan/2024:07:02:07 -0500] "GET /sipse/css/custom_css_sg_prime.css HTTP/1.1" 200 5201
201.245.192.253 - - [20/Jan/2024:07:02:07 -0500] "GET /sipse/faces/javax.faces.resource/theme.css?ln=primefaces-sipse HTTP/1.1" 304 -
201.245.192.253 - - [20/Jan/2024:07:02:07 -0500] "GET /sipse/faces/javax.faces.resource/primefaces.css?ln=primefaces&v=4.0 HTTP/1.1" 304 -
201.245.192.253 - - [20/Jan/2024:07:02:07 -0500] "GET /sipse/faces/javax.faces.resource/layout/layout.css?ln=primefaces&v=4.0 HTTP/1.1" 304 -
201.245.192.253 - - [20/Jan/2024:07:02:07 -0500] "GET /sipse/js/jquery.min.js HTTP/1.1" 200 85582
201.245.192.253 - - [20/Jan/2024:07:02:07 -0500] "GET /sipse/faces/javax.faces.resource/jquery/jquery.js?ln=primefaces&v=4.0 HTTP/1.1" 304 -
201.245.192.253 - - [20/Jan/2024:07:02:07 -0500] "GET /sipse/faces/javax.faces.resource/jquery/jquery-plugins.js?ln=primefaces&v=4.0 HTTP/1.1" 304 -
201.245.192.253 - - [20/Jan/2024:07:02:07 -0500] "GET /sipse/faces/javax.faces.resource/primefaces.js?ln=primefaces&v=4.0 HTTP/1.1" 304 -
201.245.192.253 - - [20/Jan/2024:07:02:07 -0500] "GET /sipse/faces/javax.faces.resource/layout/layout.js?ln=primefaces&v=4.0 HTTP/1.1" 304 -
201.245.192.253 - - [20/Jan/2024:07:02:07 -0500] "GET /sipse/css/v_mergente.css HTTP/1.1" 200 1505
201.245.192.253 - - [20/Jan/2024:07:02:07 -0500] "GET /sipse/css/imagen/contrasena.png HTTP/1.1" 404 383
201.245.192.253 - - [20/Jan/2024:07:02:07 -0500] "GET /sipse/imagenes/cargando.gif HTTP/1.1" 200 36959
201.245.192.253 - - [20/Jan/2024:07:02:07 -0500] "GET /sipse/imagenes/logoAplicacion.jpg HTTP/1.1" 200 155084
201.245.192.253 - - [20/Jan/2024:07:02:07 -0500] "GET /sipse/faces/javax.faces.resource/messages/messages.png?ln=primefaces&v=4.0 HTTP/1.1" 200 27209
201.245.192.253 - - [20/Jan/2024:07:02:09 -0500] "GET /sipse/faces/javax.faces.resource/images/ui-bg_flat_0_2d5972_40x100.png?ln=primefaces-aristo HTTP/1.1" 200 183
201.245.192.253 - - [20/Jan/2024:07:02:09 -0500] "POST /sipse/faces/bienvenido.xhtml HTTP/1.1" 200 2073
201.245.192.253 - - [20/Jan/2024:07:02:11 -0500] "POST /sipse/faces/bienvenido.xhtml HTTP/1.1" 200 37866
201.245.192.253 - - [20/Jan/2024:07:02:11 -0500] "GET /sipse/faces/javax.faces.resource/theme.css?ln=primefaces-sipse HTTP/1.1" 304 -
201.245.192.253 - - [20/Jan/2024:07:02:11 -0500] "GET /sipse/faces/javax.faces.resource/primefaces.css?ln=primefaces&v=4.0 HTTP/1.1" 304 -
201.245.192.253 - - [20/Jan/2024:07:02:11 -0500] "GET /sipse/faces/javax.faces.resource/layout/layout.css?ln=primefaces&v=4.0 HTTP/1.1" 304 -
201.245.192.253 - - [20/Jan/2024:07:02:11 -0500] "GET /sipse/faces/javax.faces.resource/jquery/jquery.js?ln=primefaces&v=4.0 HTTP/1.1" 304 -
201.245.192.253 - - [20/Jan/2024:07:02:11 -0500] "GET /sipse/faces/javax.faces.resource/jquery/jquery-plugins.js?ln=primefaces&v=4.0 HTTP/1.1" 304 -
201.245.192.253 - - [20/Jan/2024:07:02:11 -0500] "GET /sipse/faces/javax.faces.resource/primefaces.js?ln=primefaces&v=4.0 HTTP/1.1" 304 -
201.245.192.253 - - [20/Jan/2024:07:02:11 -0500] "GET /sipse/faces/javax.faces.resource/layout/layout.js?ln=primefaces&v=4.0 HTTP/1.1" 304 -
201.245.192.253 - - [20/Jan/2024:07:02:30 -0500] "POST /sipse/faces/presentacion/financiero/solicitudProceso/consultar.xhtml HTTP/1.1" 200 12907
201.245.192.253 - - [20/Jan/2024:07:02:33 -0500] "POST /sipse/faces/presentacion/financiero/solicitudProceso/consultar.xhtml HTTP/1.1" 200 137877
201.245.192.253 - - [20/Jan/2024:07:02:34 -0500] "GET /sipse/faces/javax.faces.resource/theme.css?ln=primefaces-sipse HTTP/1.1" 304 -
201.245.192.253 - - [20/Jan/2024:07:02:34 -0500] "GET /sipse/faces/javax.faces.resource/layout/layout.css?ln=primefaces&v=4.0 HTTP/1.1" 304 -
201.245.192.253 - - [20/Jan/2024:07:02:34 -0500] "GET /sipse/faces/javax.faces.resource/primefaces.css?ln=primefaces&v=4.0 HTTP/1.1" 304 -
201.245.192.253 - - [20/Jan/2024:07:02:34 -0500] "GET /sipse/faces/javax.faces.resource/jquery/jquery.js?ln=primefaces&v=4.0 HTTP/1.1" 304 -
201.245.192.253 - - [20/Jan/2024:07:02:34 -0500] "GET /sipse/faces/javax.faces.resource/jquery/jquery-plugins.js?ln=primefaces&v=4.0 HTTP/1.1" 304 -
201.245.192.253 - - [20/Jan/2024:07:02:34 -0500] "GET /sipse/faces/javax.faces.resource/primefaces.js?ln=primefaces&v=4.0 HTTP/1.1" 304 -
201.245.192.253 - - [20/Jan/2024:07:02:34 -0500] "GET /sipse/faces/javax.faces.resource/layout/layout.js?ln=primefaces&v=4.0 HTTP/1.1" 304 -
201.245.192.253 - - [20/Jan/2024:07:02:34 -0500] "GET /sipse/faces/javax.faces.resource/dynamiccontent.properties?ln=primefaces&pfdrid=XjOR5%2F%2FfPAZAuY9TpWQeCiM0BhlXxYRBGKi%2FQcXXfeA%3D&pfdrid_c=false HTTP/1.1" 500 383
201.245.192.253 - - [20/Jan/2024:07:02:41 -0500] "POST /sipse/faces/presentacion/financiero/solicitudProceso/consultarSolicitudProceso.xhtml HTTP/1.1" 200 262870
66.249.66.21 - - [20/Jan/2024:07:02:46 -0500] "GET /BLA/resoluciones/AUTOS%202008/1748.pdf HTTP/1.1" 200 186219
172.22.2.4 - - [20/Jan/2024:07:01:47 -0500] "HEAD /BLA/boletinlegal/ HTTP/1.1" 200 -
201.245.192.253 - - [20/Jan/2024:07:03:51 -0500] "POST /sipse/faces/presentacion/financiero/solicitudProceso/consultarSolicitudProceso.xhtml HTTP/1.1" 200 193
201.245.192.253 - - [20/Jan/2024:07:03:51 -0500] "POST /sipse/faces/presentacion/financiero/solicitudProceso/consultarSolicitudProceso.xhtml HTTP/1.1" 200 193
201.245.192.253 - - [20/Jan/2024:07:03:51 -0500] "GET /sipse/faces/presentacion/financiero/solicitudAnulacion/consultarSolicitudAnulacion.xhtml HTTP/1.1" 200 17805
201.245.192.253 - - [20/Jan/2024:07:03:51 -0500] "GET /sipse/faces/presentacion/financiero/solicitudAnulacion/consultarSolicitudAnulacion.xhtml HTTP/1.1" 200 34133
201.245.192.253 - - [20/Jan/2024:07:03:52 -0500] "GET /sipse/faces/javax.faces.resource/theme.css?ln=primefaces-sipse HTTP/1.1" 304 -
201.245.192.253 - - [20/Jan/2024:07:03:52 -0500] "GET /sipse/faces/javax.faces.resource/jquery/jquery.js?ln=primefaces&v=4.0 HTTP/1.1" 304 -
201.245.192.253 - - [20/Jan/2024:07:03:52 -0500] "GET /sipse/faces/javax.faces.resource/primefaces.css?ln=primefaces&v=4.0 HTTP/1.1" 304 -
201.245.192.253 - - [20/Jan/2024:07:03:52 -0500] "GET /sipse/faces/javax.faces.resource/layout/layout.css?ln=primefaces&v=4.0 HTTP/1.1" 304 -
201.245.192.253 - - [20/Jan/2024:07:03:52 -0500] "GET /sipse/faces/javax.faces.resource/jquery/jquery-plugins.js?ln=primefaces&v=4.0 HTTP/1.1" 304 -
201.245.192.253 - - [20/Jan/2024:07:03:52 -0500] "GET /sipse/faces/javax.faces.resource/primefaces.js?ln=primefaces&v=4.0 HTTP/1.1" 304 -
201.245.192.253 - - [20/Jan/2024:07:03:52 -0500] "GET /sipse/faces/javax.faces.resource/layout/layout.js?ln=primefaces&v=4.0 HTTP/1.1" 304 -
201.245.192.253 - - [20/Jan/2024:07:03:51 -0500] "POST /sipse/faces/presentacion/financiero/solicitudProceso/consultarSolicitudProceso.xhtml HTTP/1.1" 200 193
201.245.192.253 - - [20/Jan/2024:07:03:52 -0500] "POST /sipse/faces/presentacion/financiero/solicitudAnulacion/consultarSolicitudAnulacion.xhtml HTTP/1.1" 200 10616
201.245.192.253 - - [20/Jan/2024:07:03:52 -0500] "POST /sipse/faces/presentacion/financiero/solicitudAnulacion/consultarSolicitudAnulacion.xhtml HTTP/1.1" 200 41002
201.245.192.253 - - [20/Jan/2024:07:03:52 -0500] "GET /sipse/faces/javax.faces.resource/layout/layout.css?ln=primefaces&v=4.0 HTTP/1.1" 304 -
201.245.192.253 - - [20/Jan/2024:07:03:52 -0500] "GET /sipse/faces/javax.faces.resource/theme.css?ln=primefaces-sipse HTTP/1.1" 304 -
201.245.192.253 - - [20/Jan/2024:07:03:52 -0500] "GET /sipse/faces/javax.faces.resource/primefaces.css?ln=primefaces&v=4.0 HTTP/1.1" 304 -
201.245.192.253 - - [20/Jan/2024:07:03:52 -0500] "GET /sipse/faces/javax.faces.resource/jquery/jquery.js?ln=primefaces&v=4.0 HTTP/1.1" 304 -
201.245.192.253 - - [20/Jan/2024:07:03:52 -0500] "GET /sipse/faces/javax.faces.resource/jquery/jquery-plugins.js?ln=primefaces&v=4.0 HTTP/1.1" 304 -
201.245.192.253 - - [20/Jan/2024:07:03:52 -0500] "GET /sipse/faces/javax.faces.resource/primefaces.js?ln=primefaces&v=4.0 HTTP/1.1" 304 -
201.245.192.253 - - [20/Jan/2024:07:03:52 -0500] "GET /sipse/faces/javax.faces.resource/layout/layout.js?ln=primefaces&v=4.0 HTTP/1.1" 304 -
216.245.221.92 - - [20/Jan/2024:07:03:53 -0500] "HEAD / HTTP/1.1" 200 -
201.245.192.253 - - [20/Jan/2024:07:04:04 -0500] "POST /kwsrmcab/Wsrmcab  HTTP/1.1" 200 213
172.22.2.4 - - [20/Jan/2024:07:02:37 -0500] "GET /BLA/boletinlegal/ HTTP/1.1" 200 60176
172.22.2.4 - - [20/Jan/2024:07:06:16 -0500] "GET /BLA/boletinlegal/ HTTP/1.1" 200 24523
199.16.157.181 - - [20/Jan/2024:07:06:57 -0500] "GET /robots.txt HTTP/1.1" 404 1034
199.16.157.181 - - [20/Jan/2024:07:06:57 -0500] "GET /images/cr%C3%B3nica-29-nov-1_optimized.jpeg HTTP/1.1" 404 1034
66.249.66.21 - - [20/Jan/2024:07:08:17 -0500] "GET /resoluciones/RESOLUCIONES%202008/1187.pdf HTTP/1.1" 404 1018
66.249.66.19 - - [20/Jan/2024:07:08:39 -0500] "GET /BLA/resoluciones/Autos%202008/1972.pdf HTTP/1.1" 200 90468
216.245.221.92 - - [20/Jan/2024:07:08:53 -0500] "HEAD / HTTP/1.1" 200 -
201.245.192.253 - - [20/Jan/2024:07:09:03 -0500] "POST /kwsrmcab/Wsrmcab  HTTP/1.1" 200 213
172.22.2.4 - - [20/Jan/2024:07:07:37 -0500] "HEAD /BLA/boletinlegal/ HTTP/1.1" 200 -
66.249.66.21 - - [20/Jan/2024:07:09:43 -0500] "GET /BLA/resoluciones/AUTOS%202012/2566.pdf HTTP/1.1" 200 505067
172.22.2.4 - - [20/Jan/2024:07:08:27 -0500] "GET /BLA/boletinlegal/ HTTP/1.1" 200 60529
66.249.66.21 - - [20/Jan/2024:07:11:03 -0500] "GET /resoluciones/RESOLUCIONES%202008/3167.pdf HTTP/1.1" 404 1018
216.244.66.195 - - [20/Jan/2024:07:11:21 -0500] "GET /BLA/resoluciones/AUTOS%202011/3417.pdf HTTP/1.1" 200 211045
216.244.66.195 - - [20/Jan/2024:07:11:32 -0500] "GET /BLA/resoluciones/AUTOS%202011/3817.pdf HTTP/1.1" 200 326899
216.244.66.195 - - [20/Jan/2024:07:11:41 -0500] "GET /BLA/resoluciones/AUTOS%202012/0542.pdf HTTP/1.1" 200 257038
216.244.66.195 - - [20/Jan/2024:07:11:47 -0500] "GET /BLA/resoluciones/AUTOS%202012/0946.pdf HTTP/1.1" 200 170639
216.244.66.195 - - [20/Jan/2024:07:11:53 -0500] "GET /BLA/resoluciones/AUTOS%202012/1095.pdf HTTP/1.1" 200 415493
216.244.66.195 - - [20/Jan/2024:07:11:59 -0500] "GET /BLA/resoluciones/AUTOS%202012/1115.pdf HTTP/1.1" 200 154018
66.249.66.19 - - [20/Jan/2024:07:12:03 -0500] "GET /BLA/resoluciones/Notificaciones/REGISTROS%202017/158.pdf HTTP/1.1" 200 311000
216.244.66.195 - - [20/Jan/2024:07:12:04 -0500] "GET /BLA/resoluciones/AUTOS%202012/1388.pdf HTTP/1.1" 200 351544
216.244.66.195 - - [20/Jan/2024:07:12:09 -0500] "GET /BLA/resoluciones/AUTOS%202012/1659.pdf HTTP/1.1" 200 400490
216.244.66.195 - - [20/Jan/2024:07:12:12 -0500] "GET /BLA/resoluciones/AUTOS%202012/1732.pdf HTTP/1.1" 200 260030
216.244.66.195 - - [20/Jan/2024:07:12:18 -0500] "GET /BLA/resoluciones/AUTOS%202012/1806.pdf HTTP/1.1" 200 273852
40.77.167.78 - - [20/Jan/2024:07:12:19 -0500] "GET /BLA/resoluciones/AUTOS%202023/02985.pdf HTTP/1.1" 200 524054
172.22.2.4 - - [20/Jan/2024:07:12:21 -0500] "GET /BLA/boletinlegal/robots.txt HTTP/1.1" 404 1038
172.22.2.4 - - [20/Jan/2024:07:12:21 -0500] "GET /BLA/boletinlegal/jurisprudencia/analisis/AnalisisT-693-12.docx HTTP/1.1" 304 -
216.244.66.195 - - [20/Jan/2024:07:12:25 -0500] "GET /BLA/resoluciones/AUTOS%202012/2613.pdf HTTP/1.1" 200 223164
216.244.66.195 - - [20/Jan/2024:07:12:31 -0500] "GET /BLA/resoluciones/AUTOS%202012/2764.pdf HTTP/1.1" 200 220058
216.244.66.195 - - [20/Jan/2024:07:12:36 -0500] "GET /BLA/resoluciones/AUTOS%202012/3073.pdf HTTP/1.1" 200 1957209
216.244.66.195 - - [20/Jan/2024:07:13:17 -0500] "GET /BLA/resoluciones/AUTOS%202012/3079.pdf HTTP/1.1" 200 569105
216.244.66.195 - - [20/Jan/2024:07:13:50 -0500] "GET /BLA/resoluciones/AUTOS%202013/0285.pdf HTTP/1.1" 200 1102670
216.245.221.92 - - [20/Jan/2024:07:13:53 -0500] "HEAD / HTTP/1.1" 200 -
201.245.192.253 - - [20/Jan/2024:07:14:02 -0500] "POST /kwsrmcab/Wsrmcab  HTTP/1.1" 200 213
40.77.167.46 - - [20/Jan/2024:07:14:12 -0500] "GET /BLA/boletinlegal/Directivas/2011/Directiva%20No.%203%20del%2027%20de%20Mayo%20de%202011.pdf HTTP/1.1" 304 -
216.244.66.195 - - [20/Jan/2024:07:14:29 -0500] "GET /BLA/resoluciones/AUTOS%202013/0690.pdf HTTP/1.1" 200 1049777
216.244.66.195 - - [20/Jan/2024:07:15:00 -0500] "GET /BLA/resoluciones/AUTOS%202013/0724.pdf HTTP/1.1" 200 1141450
172.22.2.4 - - [20/Jan/2024:07:13:27 -0500] "HEAD /BLA/boletinlegal/ HTTP/1.1" 200 -
201.245.192.253 - - [20/Jan/2024:07:15:06 -0500] "POST /kwsrmcab/Wsrmcab HTTP/1.1" 200 38843
201.245.192.253 - - [20/Jan/2024:07:15:09 -0500] "POST /kwsrmcab/Wsrmcab HTTP/1.1" 200 36013
216.244.66.195 - - [20/Jan/2024:07:15:43 -0500] "GET /BLA/resoluciones/AUTOS%202013/1073.pdf HTTP/1.1" 200 1626427
66.249.66.21 - - [20/Jan/2024:07:15:56 -0500] "GET /BLA/resoluciones/RESOLUCIONES%202008/3498.pdf HTTP/1.1" 200 388734
172.22.2.4 - - [20/Jan/2024:07:14:17 -0500] "GET /BLA/boletinlegal/ HTTP/1.1" 200 60996
66.249.66.21 - - [20/Jan/2024:07:16:24 -0500] "GET /BLA/resoluciones/RESOLUCIONES%202009/4519.pdf HTTP/1.1" 200 372338
216.244.66.195 - - [20/Jan/2024:07:16:24 -0500] "GET /BLA/resoluciones/AUTOS%202013/1596.pdf HTTP/1.1" 200 139654
52.167.144.211 - - [20/Jan/2024:07:16:37 -0500] "GET /sipse/faces/faces/autenticacion.xhtml HTTP/1.1" 200 12725
216.244.66.195 - - [20/Jan/2024:07:16:54 -0500] "GET /BLA/resoluciones/AUTOS%202013/2180.pdf HTTP/1.1" 200 627814
216.244.66.195 - - [20/Jan/2024:07:17:24 -0500] "GET /BLA/resoluciones/AUTOS%202013/2275.pdf HTTP/1.1" 200 611710
216.244.66.195 - - [20/Jan/2024:07:17:54 -0500] "GET /BLA/resoluciones/AUTOS%202013/2472.pdf HTTP/1.1" 200 1609063
66.249.66.20 - - [20/Jan/2024:07:18:02 -0500] "GET /BLA/resoluciones/RESOLUCIONES%202010/2017.pdf HTTP/1.1" 200 339030
66.249.66.19 - - [20/Jan/2024:07:18:23 -0500] "GET /resoluciones/RESOLUCIONES%202009/0466.pdf HTTP/1.1" 404 1018
216.244.66.195 - - [20/Jan/2024:07:18:34 -0500] "GET /BLA/resoluciones/AUTOS%202013/2504.pdf HTTP/1.1" 200 894042
216.245.221.92 - - [20/Jan/2024:07:18:53 -0500] "HEAD / HTTP/1.1" 200 -
201.245.192.253 - - [20/Jan/2024:07:19:01 -0500] "POST /kwsrmcab/Wsrmcab  HTTP/1.1" 200 213
216.244.66.195 - - [20/Jan/2024:07:19:06 -0500] "GET /BLA/resoluciones/AUTOS%202014/0747.pdf HTTP/1.1" 200 472978
186.84.21.136 - - [20/Jan/2024:07:19:22 -0500] "GET /sipse/faces/presentacion/financiero/solicitudProceso/consultarSolicitudProceso.xhtml HTTP/1.1" 302 -
186.84.21.136 - - [20/Jan/2024:07:19:23 -0500] "GET /sipse/faces/autenticacion.xhtml HTTP/1.1" 200 12411
186.84.21.136 - - [20/Jan/2024:07:19:23 -0500] "GET /sipse/faces/javax.faces.resource/theme.css?ln=primefaces-sipse HTTP/1.1" 304 -
186.84.21.136 - - [20/Jan/2024:07:19:23 -0500] "GET /sipse/faces/javax.faces.resource/primefaces.css?ln=primefaces&v=4.0 HTTP/1.1" 304 -
186.84.21.136 - - [20/Jan/2024:07:19:23 -0500] "GET /sipse/faces/javax.faces.resource/jquery/jquery.js?ln=primefaces&v=4.0 HTTP/1.1" 304 -
186.84.21.136 - - [20/Jan/2024:07:19:23 -0500] "GET /sipse/faces/javax.faces.resource/layout/layout.css?ln=primefaces&v=4.0 HTTP/1.1" 304 -
186.84.21.136 - - [20/Jan/2024:07:19:23 -0500] "GET /sipse/faces/javax.faces.resource/jquery/jquery-plugins.js?ln=primefaces&v=4.0 HTTP/1.1" 304 -
186.84.21.136 - - [20/Jan/2024:07:19:23 -0500] "GET /sipse/faces/javax.faces.resource/primefaces.js?ln=primefaces&v=4.0 HTTP/1.1" 304 -
186.84.21.136 - - [20/Jan/2024:07:19:23 -0500] "GET /sipse/faces/javax.faces.resource/layout/layout.js?ln=primefaces&v=4.0 HTTP/1.1" 304 -
186.84.21.136 - - [20/Jan/2024:07:19:23 -0500] "GET /sipse/faces/javax.faces.resource/images/ui-icons_898989_256x240.png?ln=primefaces-aristo HTTP/1.1" 304 -
186.84.21.136 - - [20/Jan/2024:07:19:23 -0500] "GET /sipse/faces/index.xhtml HTTP/1.1" 200 677
186.84.21.136 - - [20/Jan/2024:07:19:23 -0500] "GET /sipse/faces/javax.faces.resource/theme.css?ln=primefaces-sipse HTTP/1.1" 304 -
186.84.21.136 - - [20/Jan/2024:07:19:24 -0500] "GET /sipse/faces/faces/autenticacion.xhtml HTTP/1.1" 200 12411
186.84.21.136 - - [20/Jan/2024:07:19:24 -0500] "GET /sipse/faces/javax.faces.resource/primefaces.css?ln=primefaces&v=4.0 HTTP/1.1" 304 -
186.84.21.136 - - [20/Jan/2024:07:19:24 -0500] "GET /sipse/faces/javax.faces.resource/jquery/jquery.js?ln=primefaces&v=4.0 HTTP/1.1" 304 -
186.84.21.136 - - [20/Jan/2024:07:19:24 -0500] "GET /sipse/faces/javax.faces.resource/layout/layout.css?ln=primefaces&v=4.0 HTTP/1.1" 304 -
186.84.21.136 - - [20/Jan/2024:07:19:24 -0500] "GET /sipse/faces/javax.faces.resource/theme.css?ln=primefaces-sipse HTTP/1.1" 304 -
186.84.21.136 - - [20/Jan/2024:07:19:24 -0500] "GET /sipse/faces/javax.faces.resource/jquery/jquery-plugins.js?ln=primefaces&v=4.0 HTTP/1.1" 304 -
186.84.21.136 - - [20/Jan/2024:07:19:24 -0500] "GET /sipse/faces/javax.faces.resource/primefaces.js?ln=primefaces&v=4.0 HTTP/1.1" 304 -
186.84.21.136 - - [20/Jan/2024:07:19:24 -0500] "GET /sipse/faces/javax.faces.resource/layout/layout.js?ln=primefaces&v=4.0 HTTP/1.1" 304 -
201.245.192.253 - - [20/Jan/2024:07:19:31 -0500] "POST /kwsrmcab/Wsrmcab HTTP/1.1" 200 39194
216.244.66.195 - - [20/Jan/2024:07:19:36 -0500] "GET /BLA/resoluciones/AUTOS%202014/1019.pdf HTTP/1.1" 200 474485
66.249.66.39 - - [20/Jan/2024:07:19:52 -0500] "GET /avances-en-la-gestion-de-sitios-contaminados-en-bogota.html HTTP/1.1" 200 833
216.244.66.195 - - [20/Jan/2024:07:20:04 -0500] "GET /BLA/resoluciones/AUTOS%202014/1921.pdf HTTP/1.1" 200 232786
201.245.192.253 - - [20/Jan/2024:07:20:13 -0500] "POST /kwsrmcab/Wsrmcab HTTP/1.1" 200 36013
216.244.66.195 - - [20/Jan/2024:07:20:32 -0500] "GET /BLA/resoluciones/AUTOS%202015/2886.pdf HTTP/1.1" 200 550090
186.84.21.136 - - [20/Jan/2024:07:20:53 -0500] "POST /sipse/faces/autenticacion.xhtml HTTP/1.1" 200 2222
186.84.21.136 - - [20/Jan/2024:07:20:53 -0500] "GET /sipse/faces/javax.faces.resource/messages/messages.png?ln=primefaces&v=4.0 HTTP/1.1" 304 -
186.84.21.136 - - [20/Jan/2024:07:20:55 -0500] "GET /sipse/faces/javax.faces.resource/images/ui-icons_898989_256x240.png?ln=primefaces-aristo HTTP/1.1" 304 -
186.84.21.136 - - [20/Jan/2024:07:20:55 -0500] "POST /sipse/faces/autenticacion.xhtml HTTP/1.1" 200 16469
186.84.21.136 - - [20/Jan/2024:07:20:56 -0500] "GET /sipse/faces/javax.faces.resource/theme.css?ln=primefaces-sipse HTTP/1.1" 304 -
186.84.21.136 - - [20/Jan/2024:07:20:56 -0500] "GET /sipse/css/custom_css_sg_prime.css HTTP/1.1" 304 -
186.84.21.136 - - [20/Jan/2024:07:20:56 -0500] "GET /sipse/faces/javax.faces.resource/primefaces.css?ln=primefaces&v=4.0 HTTP/1.1" 304 -
186.84.21.136 - - [20/Jan/2024:07:20:56 -0500] "GET /sipse/faces/javax.faces.resource/layout/layout.css?ln=primefaces&v=4.0 HTTP/1.1" 304 -
186.84.21.136 - - [20/Jan/2024:07:20:56 -0500] "GET /sipse/js/jquery.min.js HTTP/1.1" 304 -
186.84.21.136 - - [20/Jan/2024:07:20:56 -0500] "GET /sipse/faces/javax.faces.resource/jquery/jquery.js?ln=primefaces&v=4.0 HTTP/1.1" 304 -
186.84.21.136 - - [20/Jan/2024:07:20:56 -0500] "GET /sipse/faces/javax.faces.resource/jquery/jquery-plugins.js?ln=primefaces&v=4.0 HTTP/1.1" 304 -
186.84.21.136 - - [20/Jan/2024:07:20:56 -0500] "GET /sipse/faces/javax.faces.resource/primefaces.js?ln=primefaces&v=4.0 HTTP/1.1" 304 -
186.84.21.136 - - [20/Jan/2024:07:20:56 -0500] "GET /sipse/faces/javax.faces.resource/layout/layout.js?ln=primefaces&v=4.0 HTTP/1.1" 304 -
186.84.21.136 - - [20/Jan/2024:07:20:56 -0500] "GET /sipse/css/v_mergente.css HTTP/1.1" 304 -
186.84.21.136 - - [20/Jan/2024:07:20:56 -0500] "GET /sipse/imagenes/cargando.gif HTTP/1.1" 304 -
186.84.21.136 - - [20/Jan/2024:07:20:56 -0500] "GET /sipse/imagenes/logoAplicacion.jpg HTTP/1.1" 304 -
186.84.21.136 - - [20/Jan/2024:07:20:56 -0500] "GET /sipse/css/imagen/contrasena.png HTTP/1.1" 404 383
172.22.2.4 - - [20/Jan/2024:07:19:17 -0500] "HEAD /BLA/boletinlegal/ HTTP/1.1" 200 -
186.84.21.136 - - [20/Jan/2024:07:21:00 -0500] "GET /sipse/faces/javax.faces.resource/images/ui-bg_flat_0_2d5972_40x100.png?ln=primefaces-aristo HTTP/1.1" 304 -
186.84.21.136 - - [20/Jan/2024:07:21:00 -0500] "POST /sipse/faces/bienvenido.xhtml HTTP/1.1" 200 2073
216.244.66.195 - - [20/Jan/2024:07:21:00 -0500] "GET /BLA/resoluciones/AUTOS%202018/0040.pdf HTTP/1.1" 200 310837
186.84.21.136 - - [20/Jan/2024:07:21:01 -0500] "POST /sipse/faces/bienvenido.xhtml HTTP/1.1" 200 39092
186.84.21.136 - - [20/Jan/2024:07:21:01 -0500] "GET /sipse/faces/javax.faces.resource/theme.css?ln=primefaces-sipse HTTP/1.1" 304 -
186.84.21.136 - - [20/Jan/2024:07:21:01 -0500] "GET /sipse/faces/javax.faces.resource/primefaces.css?ln=primefaces&v=4.0 HTTP/1.1" 304 -
186.84.21.136 - - [20/Jan/2024:07:21:01 -0500] "GET /sipse/faces/javax.faces.resource/layout/layout.css?ln=primefaces&v=4.0 HTTP/1.1" 304 -
186.84.21.136 - - [20/Jan/2024:07:21:01 -0500] "GET /sipse/faces/javax.faces.resource/jquery/jquery.js?ln=primefaces&v=4.0 HTTP/1.1" 304 -
186.84.21.136 - - [20/Jan/2024:07:21:01 -0500] "GET /sipse/faces/javax.faces.resource/jquery/jquery-plugins.js?ln=primefaces&v=4.0 HTTP/1.1" 304 -
186.84.21.136 - - [20/Jan/2024:07:21:02 -0500] "GET /sipse/faces/javax.faces.resource/primefaces.js?ln=primefaces&v=4.0 HTTP/1.1" 304 -
186.84.21.136 - - [20/Jan/2024:07:21:02 -0500] "GET /sipse/faces/javax.faces.resource/layout/layout.js?ln=primefaces&v=4.0 HTTP/1.1" 304 -
186.84.21.136 - - [20/Jan/2024:07:21:09 -0500] "POST /sipse/faces/presentacion/financiero/solicitudProceso/consultar.xhtml HTTP/1.1" 200 12982
186.84.21.136 - - [20/Jan/2024:07:21:26 -0500] "POST /sipse/faces/presentacion/financiero/solicitudProceso/consultar.xhtml HTTP/1.1" 200 12866
216.244.66.195 - - [20/Jan/2024:07:21:27 -0500] "GET /BLA/resoluciones/AUTOS%202018/0145.pdf HTTP/1.1" 200 289356
186.84.21.136 - - [20/Jan/2024:07:21:42 -0500] "POST /sipse/faces/presentacion/financiero/solicitudProceso/consultar.xhtml HTTP/1.1" 200 12912
172.22.2.4 - - [20/Jan/2024:07:20:07 -0500] "GET /BLA/boletinlegal/ HTTP/1.1" 200 60996
186.84.21.136 - - [20/Jan/2024:07:21:51 -0500] "POST /sipse/faces/presentacion/financiero/solicitudProceso/consultar.xhtml HTTP/1.1" 200 23085
216.244.66.195 - - [20/Jan/2024:07:21:53 -0500] "GET /BLA/resoluciones/AUTOS%202018/0517.pdf HTTP/1.1" 200 305533
186.84.21.136 - - [20/Jan/2024:07:21:54 -0500] "POST /sipse/faces/presentacion/financiero/solicitudProceso/consultar.xhtml HTTP/1.1" 200 45910
186.84.21.136 - - [20/Jan/2024:07:22:17 -0500] "POST /sipse/faces/presentacion/financiero/solicitudProceso/consultar.xhtml HTTP/1.1" 200 14350
216.244.66.195 - - [20/Jan/2024:07:22:17 -0500] "GET /BLA/resoluciones/AUTOS%202018/0575.pdf HTTP/1.1" 200 305411
186.84.21.136 - - [20/Jan/2024:07:22:34 -0500] "POST /sipse/faces/presentacion/financiero/solicitudProceso/consultar.xhtml HTTP/1.1" 200 109490
186.84.21.136 - - [20/Jan/2024:07:22:35 -0500] "GET /sipse/faces/javax.faces.resource/theme.css?ln=primefaces-sipse HTTP/1.1" 304 -
186.84.21.136 - - [20/Jan/2024:07:22:35 -0500] "GET /sipse/faces/javax.faces.resource/layout/layout.css?ln=primefaces&v=4.0 HTTP/1.1" 304 -
186.84.21.136 - - [20/Jan/2024:07:22:35 -0500] "GET /sipse/faces/javax.faces.resource/primefaces.css?ln=primefaces&v=4.0 HTTP/1.1" 304 -
186.84.21.136 - - [20/Jan/2024:07:22:36 -0500] "GET /sipse/faces/javax.faces.resource/jquery/jquery.js?ln=primefaces&v=4.0 HTTP/1.1" 304 -
186.84.21.136 - - [20/Jan/2024:07:22:36 -0500] "GET /sipse/faces/javax.faces.resource/jquery/jquery-plugins.js?ln=primefaces&v=4.0 HTTP/1.1" 304 -
186.84.21.136 - - [20/Jan/2024:07:22:36 -0500] "GET /sipse/faces/javax.faces.resource/primefaces.js?ln=primefaces&v=4.0 HTTP/1.1" 304 -
186.84.21.136 - - [20/Jan/2024:07:22:36 -0500] "GET /sipse/faces/javax.faces.resource/layout/layout.js?ln=primefaces&v=4.0 HTTP/1.1" 304 -
216.244.66.195 - - [20/Jan/2024:07:22:40 -0500] "GET /BLA/resoluciones/AUTOS%202018/0911.pdf HTTP/1.1" 200 317191
186.84.21.136 - - [20/Jan/2024:07:22:58 -0500] "GET /sipse/faces/javax.faces.resource/theme.css?ln=primefaces-sipse HTTP/1.1" 304 -
186.84.21.136 - - [20/Jan/2024:07:22:57 -0500] "POST /sipse/faces/presentacion/financiero/solicitudProceso/consultarSolicitudProceso.xhtml HTTP/1.1" 200 78871
186.84.21.136 - - [20/Jan/2024:07:22:58 -0500] "GET /sipse/faces/javax.faces.resource/primefaces.css?ln=primefaces&v=4.0 HTTP/1.1" 304 -
186.84.21.136 - - [20/Jan/2024:07:22:58 -0500] "GET /sipse/faces/javax.faces.resource/layout/layout.css?ln=primefaces&v=4.0 HTTP/1.1" 304 -
186.84.21.136 - - [20/Jan/2024:07:22:58 -0500] "GET /sipse/faces/javax.faces.resource/jquery/jquery-plugins.js?ln=primefaces&v=4.0 HTTP/1.1" 304 -
186.84.21.136 - - [20/Jan/2024:07:22:58 -0500] "GET /sipse/faces/javax.faces.resource/jquery/jquery.js?ln=primefaces&v=4.0 HTTP/1.1" 304 -
186.84.21.136 - - [20/Jan/2024:07:22:58 -0500] "GET /sipse/faces/javax.faces.resource/layout/layout.js?ln=primefaces&v=4.0 HTTP/1.1" 304 -
