186.155.67.105 - - [20/Jan/2024:15:51:21 -0500] "GET /sipse/faces/javax.faces.resource/jquery/jquery-plugins.js?ln=primefaces&v=4.0 HTTP/1.1" 304 -
186.155.67.105 - - [20/Jan/2024:15:51:21 -0500] "GET /sipse/faces/javax.faces.resource/primefaces.js?ln=primefaces&v=4.0 HTTP/1.1" 304 -
186.155.67.105 - - [20/Jan/2024:15:51:21 -0500] "GET /sipse/faces/javax.faces.resource/layout/layout.js?ln=primefaces&v=4.0 HTTP/1.1" 304 -
186.155.67.105 - - [20/Jan/2024:15:51:23 -0500] "POST /sipse/faces/bienvenido.xhtml HTTP/1.1" 200 2658
186.155.67.105 - - [20/Jan/2024:15:51:24 -0500] "POST /sipse/faces/bienvenido.xhtml HTTP/1.1" 200 39181
186.155.67.105 - - [20/Jan/2024:15:51:25 -0500] "GET /sipse/faces/javax.faces.resource/layout/layout.css?ln=primefaces&v=4.0 HTTP/1.1" 304 -
186.155.67.105 - - [20/Jan/2024:15:51:25 -0500] "GET /sipse/faces/javax.faces.resource/primefaces.css?ln=primefaces&v=4.0 HTTP/1.1" 304 -
186.155.67.105 - - [20/Jan/2024:15:51:25 -0500] "GET /sipse/faces/javax.faces.resource/theme.css?ln=primefaces-sipse HTTP/1.1" 304 -
186.155.67.105 - - [20/Jan/2024:15:51:25 -0500] "GET /sipse/faces/javax.faces.resource/jquery/jquery.js?ln=primefaces&v=4.0 HTTP/1.1" 304 -
186.155.67.105 - - [20/Jan/2024:15:51:25 -0500] "GET /sipse/faces/javax.faces.resource/jquery/jquery-plugins.js?ln=primefaces&v=4.0 HTTP/1.1" 304 -
186.155.67.105 - - [20/Jan/2024:15:51:25 -0500] "GET /sipse/faces/javax.faces.resource/primefaces.js?ln=primefaces&v=4.0 HTTP/1.1" 304 -
186.155.67.105 - - [20/Jan/2024:15:51:25 -0500] "GET /sipse/faces/javax.faces.resource/layout/layout.js?ln=primefaces&v=4.0 HTTP/1.1" 304 -
186.155.67.105 - - [20/Jan/2024:15:51:26 -0500] "POST /sipse/faces/presentacion/financiero/solicitudProceso/listarSolicitudProceso.xhtml HTTP/1.1" 200 1420
186.155.67.105 - - [20/Jan/2024:15:51:27 -0500] "POST /sipse/faces/presentacion/financiero/solicitudProceso/listarSolicitudProceso.xhtml HTTP/1.1" 200 122018
186.155.67.105 - - [20/Jan/2024:15:51:31 -0500] "GET /sipse/faces/javax.faces.resource/theme.css?ln=primefaces-sipse HTTP/1.1" 304 -
186.155.67.105 - - [20/Jan/2024:15:51:31 -0500] "GET /sipse/faces/javax.faces.resource/layout/layout.css?ln=primefaces&v=4.0 HTTP/1.1" 304 -
186.155.67.105 - - [20/Jan/2024:15:51:31 -0500] "GET /sipse/faces/javax.faces.resource/primefaces.css?ln=primefaces&v=4.0 HTTP/1.1" 304 -
186.155.67.105 - - [20/Jan/2024:15:51:31 -0500] "GET /sipse/faces/javax.faces.resource/jquery/jquery.js?ln=primefaces&v=4.0 HTTP/1.1" 304 -
186.155.67.105 - - [20/Jan/2024:15:51:31 -0500] "GET /sipse/faces/javax.faces.resource/jquery/jquery-plugins.js?ln=primefaces&v=4.0 HTTP/1.1" 304 -
186.155.67.105 - - [20/Jan/2024:15:51:31 -0500] "GET /sipse/faces/javax.faces.resource/primefaces.js?ln=primefaces&v=4.0 HTTP/1.1" 304 -
186.155.67.105 - - [20/Jan/2024:15:51:31 -0500] "GET /sipse/faces/javax.faces.resource/layout/layout.js?ln=primefaces&v=4.0 HTTP/1.1" 304 -
186.155.67.105 - - [20/Jan/2024:15:51:33 -0500] "POST /sipse/faces/presentacion/financiero/solicitudProceso/consultarSolicitudProceso.xhtml HTTP/1.1" 200 36706
186.155.67.105 - - [20/Jan/2024:15:51:35 -0500] "GET /sipse/faces/javax.faces.resource/theme.css?ln=primefaces-sipse HTTP/1.1" 304 -
186.155.67.105 - - [20/Jan/2024:15:51:35 -0500] "GET /sipse/faces/javax.faces.resource/layout/layout.css?ln=primefaces&v=4.0 HTTP/1.1" 304 -
186.155.67.105 - - [20/Jan/2024:15:51:35 -0500] "GET /sipse/faces/javax.faces.resource/primefaces.css?ln=primefaces&v=4.0 HTTP/1.1" 304 -
186.155.67.105 - - [20/Jan/2024:15:51:35 -0500] "GET /sipse/faces/javax.faces.resource/jquery/jquery.js?ln=primefaces&v=4.0 HTTP/1.1" 304 -
186.155.67.105 - - [20/Jan/2024:15:51:35 -0500] "GET /sipse/faces/javax.faces.resource/jquery/jquery-plugins.js?ln=primefaces&v=4.0 HTTP/1.1" 304 -
186.155.67.105 - - [20/Jan/2024:15:51:35 -0500] "GET /sipse/faces/javax.faces.resource/primefaces.js?ln=primefaces&v=4.0 HTTP/1.1" 304 -
186.155.67.105 - - [20/Jan/2024:15:51:35 -0500] "GET /sipse/faces/javax.faces.resource/layout/layout.js?ln=primefaces&v=4.0 HTTP/1.1" 304 -
186.155.67.105 - - [20/Jan/2024:15:51:36 -0500] "POST /sipse/faces/presentacion/financiero/solicitudProceso/listarSolicitudProceso.xhtml HTTP/1.1" 200 1396
201.245.192.253 - - [20/Jan/2024:15:51:45 -0500] "POST /kwsrmcab/Wsrmcab  HTTP/1.1" 200 213
172.22.2.4 - - [20/Jan/2024:15:52:13 -0500] "GET /BLA/boletinlegal/jurisprudencia/analisis/analisis%20C-595-2010.doc HTTP/1.1" 304 -
216.245.221.92 - - [20/Jan/2024:15:53:51 -0500] "HEAD / HTTP/1.1" 200 -
186.29.181.135 - - [20/Jan/2024:15:53:51 -0500] "POST /sipse/faces/presentacion/financiero/solicitudProceso/consultar.xhtml HTTP/1.1" 302 -
186.29.181.135 - - [20/Jan/2024:15:53:51 -0500] "GET /sipse/faces/autenticacion.xhtml HTTP/1.1" 200 1099
186.29.181.135 - - [20/Jan/2024:15:53:53 -0500] "POST /sipse/faces/presentacion/financiero/solicitudProceso/consultar.xhtml HTTP/1.1" 302 -
186.29.181.135 - - [20/Jan/2024:15:53:53 -0500] "GET /sipse/faces/autenticacion.xhtml HTTP/1.1" 200 1099
186.29.181.135 - - [20/Jan/2024:15:54:03 -0500] "POST /sipse/faces/presentacion/financiero/solicitudProceso/consultar.xhtml HTTP/1.1" 302 -
186.29.181.135 - - [20/Jan/2024:15:54:03 -0500] "GET /sipse/faces/autenticacion.xhtml HTTP/1.1" 200 1099
186.29.181.135 - - [20/Jan/2024:15:54:13 -0500] "POST /sipse/faces/presentacion/financiero/solicitudProceso/consultar.xhtml HTTP/1.1" 302 -
186.29.181.135 - - [20/Jan/2024:15:54:13 -0500] "GET /sipse/faces/autenticacion.xhtml HTTP/1.1" 200 1099
172.22.2.4 - - [20/Jan/2024:15:52:35 -0500] "HEAD /BLA/boletinlegal/ HTTP/1.1" 200 -
186.29.181.135 - - [20/Jan/2024:15:54:20 -0500] "GET /sipse/faces/index.xhtml HTTP/1.1" 200 677
186.29.181.135 - - [20/Jan/2024:15:54:21 -0500] "GET /sipse/faces/javax.faces.resource/theme.css?ln=primefaces-sipse HTTP/1.1" 304 -
186.29.181.135 - - [20/Jan/2024:15:54:21 -0500] "GET /favicon.ico HTTP/1.1" 200 7782
186.29.181.135 - - [20/Jan/2024:15:54:21 -0500] "GET /sipse/faces/faces/autenticacion.xhtml HTTP/1.1" 200 12403
186.29.181.135 - - [20/Jan/2024:15:54:22 -0500] "GET /sipse/faces/javax.faces.resource/theme.css?ln=primefaces-sipse HTTP/1.1" 304 -
186.29.181.135 - - [20/Jan/2024:15:54:22 -0500] "GET /sipse/faces/javax.faces.resource/jquery/jquery.js?ln=primefaces&v=4.0 HTTP/1.1" 304 -
186.29.181.135 - - [20/Jan/2024:15:54:22 -0500] "GET /sipse/faces/javax.faces.resource/primefaces.css?ln=primefaces&v=4.0 HTTP/1.1" 304 -
186.29.181.135 - - [20/Jan/2024:15:54:22 -0500] "GET /sipse/faces/javax.faces.resource/primefaces.js?ln=primefaces&v=4.0 HTTP/1.1" 304 -
186.29.181.135 - - [20/Jan/2024:15:54:22 -0500] "GET /sipse/faces/javax.faces.resource/jquery/jquery-plugins.js?ln=primefaces&v=4.0 HTTP/1.1" 304 -
186.29.181.135 - - [20/Jan/2024:15:54:22 -0500] "GET /sipse/faces/javax.faces.resource/layout/layout.css?ln=primefaces&v=4.0 HTTP/1.1" 304 -
186.29.181.135 - - [20/Jan/2024:15:54:22 -0500] "GET /sipse/faces/javax.faces.resource/layout/layout.js?ln=primefaces&v=4.0 HTTP/1.1" 304 -
186.29.181.135 - - [20/Jan/2024:15:54:22 -0500] "GET /sipse/faces/javax.faces.resource/images/ui-icons_898989_256x240.png?ln=primefaces-aristo HTTP/1.1" 304 -
186.29.181.135 - - [20/Jan/2024:15:54:35 -0500] "POST /sipse/faces/autenticacion.xhtml HTTP/1.1" 200 2224
186.29.181.135 - - [20/Jan/2024:15:54:35 -0500] "GET /sipse/faces/javax.faces.resource/messages/messages.png?ln=primefaces&v=4.0 HTTP/1.1" 304 -
186.29.181.135 - - [20/Jan/2024:15:54:36 -0500] "POST /sipse/faces/autenticacion.xhtml HTTP/1.1" 200 16457
186.29.181.135 - - [20/Jan/2024:15:54:37 -0500] "GET /sipse/faces/javax.faces.resource/theme.css?ln=primefaces-sipse HTTP/1.1" 304 -
186.29.181.135 - - [20/Jan/2024:15:54:37 -0500] "GET /sipse/faces/javax.faces.resource/layout/layout.css?ln=primefaces&v=4.0 HTTP/1.1" 304 -
186.29.181.135 - - [20/Jan/2024:15:54:37 -0500] "GET /sipse/faces/javax.faces.resource/primefaces.css?ln=primefaces&v=4.0 HTTP/1.1" 304 -
186.29.181.135 - - [20/Jan/2024:15:54:37 -0500] "GET /sipse/faces/javax.faces.resource/jquery/jquery.js?ln=primefaces&v=4.0 HTTP/1.1" 304 -
186.29.181.135 - - [20/Jan/2024:15:54:37 -0500] "GET /sipse/faces/javax.faces.resource/jquery/jquery-plugins.js?ln=primefaces&v=4.0 HTTP/1.1" 304 -
186.29.181.135 - - [20/Jan/2024:15:54:37 -0500] "GET /sipse/faces/javax.faces.resource/primefaces.js?ln=primefaces&v=4.0 HTTP/1.1" 304 -
186.29.181.135 - - [20/Jan/2024:15:54:37 -0500] "GET /sipse/faces/javax.faces.resource/layout/layout.js?ln=primefaces&v=4.0 HTTP/1.1" 304 -
186.29.181.135 - - [20/Jan/2024:15:54:37 -0500] "GET /sipse/css/imagen/contrasena.png HTTP/1.1" 404 383
186.29.181.135 - - [20/Jan/2024:15:54:39 -0500] "GET /sipse/faces/javax.faces.resource/images/ui-bg_flat_0_2d5972_40x100.png?ln=primefaces-aristo HTTP/1.1" 304 -
186.29.181.135 - - [20/Jan/2024:15:54:39 -0500] "POST /sipse/faces/bienvenido.xhtml HTTP/1.1" 200 2658
186.29.181.135 - - [20/Jan/2024:15:54:40 -0500] "POST /sipse/faces/bienvenido.xhtml HTTP/1.1" 200 64185
186.29.181.135 - - [20/Jan/2024:15:54:42 -0500] "GET /sipse/faces/javax.faces.resource/theme.css?ln=primefaces-sipse HTTP/1.1" 304 -
186.29.181.135 - - [20/Jan/2024:15:54:42 -0500] "GET /sipse/faces/javax.faces.resource/primefaces.css?ln=primefaces&v=4.0 HTTP/1.1" 304 -
186.29.181.135 - - [20/Jan/2024:15:54:42 -0500] "GET /sipse/faces/javax.faces.resource/layout/layout.css?ln=primefaces&v=4.0 HTTP/1.1" 304 -
186.29.181.135 - - [20/Jan/2024:15:54:42 -0500] "GET /sipse/faces/javax.faces.resource/jquery/jquery.js?ln=primefaces&v=4.0 HTTP/1.1" 304 -
186.29.181.135 - - [20/Jan/2024:15:54:42 -0500] "GET /sipse/faces/javax.faces.resource/jquery/jquery-plugins.js?ln=primefaces&v=4.0 HTTP/1.1" 304 -
186.29.181.135 - - [20/Jan/2024:15:54:42 -0500] "GET /sipse/faces/javax.faces.resource/primefaces.js?ln=primefaces&v=4.0 HTTP/1.1" 304 -
186.29.181.135 - - [20/Jan/2024:15:54:42 -0500] "GET /sipse/faces/javax.faces.resource/layout/layout.js?ln=primefaces&v=4.0 HTTP/1.1" 304 -
186.29.181.135 - - [20/Jan/2024:15:54:42 -0500] "POST /sipse/faces/presentacion/financiero/solicitudProceso/listarSolicitudProceso.xhtml HTTP/1.1" 200 1560
186.29.181.135 - - [20/Jan/2024:15:54:44 -0500] "POST /sipse/faces/presentacion/financiero/solicitudProceso/listarSolicitudProceso.xhtml HTTP/1.1" 200 2849
186.29.181.135 - - [20/Jan/2024:15:54:46 -0500] "POST /sipse/faces/presentacion/financiero/solicitudProceso/listarSolicitudProceso.xhtml HTTP/1.1" 200 40838
186.29.181.135 - - [20/Jan/2024:15:54:46 -0500] "GET /sipse/faces/javax.faces.resource/theme.css?ln=primefaces-sipse HTTP/1.1" 304 -
186.29.181.135 - - [20/Jan/2024:15:54:46 -0500] "GET /sipse/faces/javax.faces.resource/layout/layout.css?ln=primefaces&v=4.0 HTTP/1.1" 304 -
186.29.181.135 - - [20/Jan/2024:15:54:46 -0500] "GET /sipse/faces/javax.faces.resource/primefaces.css?ln=primefaces&v=4.0 HTTP/1.1" 304 -
186.29.181.135 - - [20/Jan/2024:15:54:46 -0500] "GET /sipse/faces/javax.faces.resource/jquery/jquery.js?ln=primefaces&v=4.0 HTTP/1.1" 304 -
186.29.181.135 - - [20/Jan/2024:15:54:46 -0500] "GET /sipse/faces/javax.faces.resource/jquery/jquery-plugins.js?ln=primefaces&v=4.0 HTTP/1.1" 304 -
186.29.181.135 - - [20/Jan/2024:15:54:46 -0500] "GET /sipse/faces/javax.faces.resource/primefaces.js?ln=primefaces&v=4.0 HTTP/1.1" 304 -
186.29.181.135 - - [20/Jan/2024:15:54:46 -0500] "GET /sipse/faces/javax.faces.resource/layout/layout.js?ln=primefaces&v=4.0 HTTP/1.1" 304 -
186.29.181.135 - - [20/Jan/2024:15:54:46 -0500] "POST /sipse/faces/presentacion/financiero/solicitudProceso/consultar.xhtml HTTP/1.1" 200 34133
186.29.181.135 - - [20/Jan/2024:15:54:58 -0500] "POST /sipse/faces/presentacion/financiero/solicitudProceso/consultar.xhtml HTTP/1.1" 200 12835
172.22.2.4 - - [20/Jan/2024:15:53:26 -0500] "GET /BLA/boletinlegal/ HTTP/1.1" 200 58666
186.29.181.135 - - [20/Jan/2024:15:55:33 -0500] "POST /sipse/faces/presentacion/financiero/solicitudProceso/consultar.xhtml HTTP/1.1" 200 12864
186.29.181.135 - - [20/Jan/2024:15:56:07 -0500] "POST /sipse/faces/presentacion/financiero/solicitudProceso/consultar.xhtml HTTP/1.1" 200 12859
186.29.181.135 - - [20/Jan/2024:15:56:23 -0500] "POST /sipse/faces/presentacion/financiero/solicitudProceso/consultar.xhtml HTTP/1.1" 200 12859
186.29.181.135 - - [20/Jan/2024:15:56:38 -0500] "POST /sipse/faces/presentacion/financiero/solicitudProceso/consultar.xhtml HTTP/1.1" 200 12800
201.245.192.253 - - [20/Jan/2024:15:56:45 -0500] "POST /kwsrmcab/Wsrmcab  HTTP/1.1" 200 213
186.29.181.135 - - [20/Jan/2024:15:56:53 -0500] "POST /sipse/faces/presentacion/financiero/solicitudProceso/consultar.xhtml HTTP/1.1" 200 12910
186.29.181.135 - - [20/Jan/2024:15:57:13 -0500] "POST /sipse/faces/presentacion/financiero/solicitudProceso/consultar.xhtml HTTP/1.1" 200 12789
186.29.181.135 - - [20/Jan/2024:15:57:29 -0500] "POST /sipse/faces/presentacion/financiero/solicitudProceso/consultar.xhtml HTTP/1.1" 200 12908
172.22.2.4 - - [20/Jan/2024:15:57:48 -0500] "GET /BLA/boletinlegal/.well-known/traffic-advice HTTP/1.1" 404 1038
172.22.2.4 - - [20/Jan/2024:15:57:51 -0500] "GET /BLA/boletinlegal/actos.php HTTP/1.1" 200 9684
186.84.91.78 - - [20/Jan/2024:15:57:53 -0500] "GET /BLA/resoluciones/ HTTP/1.1" 200 14105
186.29.181.135 - - [20/Jan/2024:15:58:01 -0500] "POST /sipse/faces/presentacion/financiero/solicitudProceso/consultar.xhtml HTTP/1.1" 200 12809
186.84.91.78 - - [20/Jan/2024:15:58:04 -0500] "GET /BLA/resoluciones/index.php?dir=RESOLUCIONES+2022%2F HTTP/1.1" 200 325052
172.22.2.4 - - [20/Jan/2024:15:58:09 -0500] "GET /BLA/boletinlegal/login.jsp HTTP/1.1" 404 1018
186.84.91.78 - - [20/Jan/2024:15:58:13 -0500] "GET /BLA/resoluciones/RESOLUCIONES%202022/1307.pdf HTTP/1.1" 200 2092578
186.29.181.135 - - [20/Jan/2024:15:58:21 -0500] "POST /sipse/faces/presentacion/financiero/solicitudProceso/consultar.xhtml HTTP/1.1" 200 12774
172.22.2.4 - - [20/Jan/2024:15:57:49 -0500] "GET /BLA/boletinlegal/ HTTP/1.1" 200 24523
172.22.2.4 - - [20/Jan/2024:15:57:50 -0500] "GET /BLA/boletinlegal/ HTTP/1.1" 200 24523
186.29.181.135 - - [20/Jan/2024:15:58:37 -0500] "POST /sipse/faces/presentacion/financiero/solicitudProceso/consultar.xhtml HTTP/1.1" 200 12803
186.155.67.105 - - [20/Jan/2024:14:18:38 -0500] "POST /sipse/faces/presentacion/financiero/solicitudProceso/listarSolicitudProceso.xhtml HTTP/1.1" 400 1022
216.245.221.92 - - [20/Jan/2024:15:58:51 -0500] "HEAD / HTTP/1.1" 200 -
186.29.181.135 - - [20/Jan/2024:15:58:56 -0500] "POST /sipse/faces/presentacion/financiero/solicitudProceso/consultar.xhtml HTTP/1.1" 200 12778
157.55.39.14 - - [20/Jan/2024:15:59:15 -0500] "GET /BLA/resoluciones/AUTOS%202020/2629.pdf HTTP/1.1" 200 333901
172.22.2.4 - - [20/Jan/2024:15:58:25 -0500] "HEAD /BLA/boletinlegal/ HTTP/1.1" 200 -
186.29.181.135 - - [20/Jan/2024:16:00:11 -0500] "POST /sipse/faces/presentacion/financiero/solicitudProceso/consultar.xhtml HTTP/1.1" 200 12756
172.22.2.4 - - [20/Jan/2024:15:59:16 -0500] "GET /BLA/boletinlegal/ HTTP/1.1" 200 60529
66.249.66.165 - - [20/Jan/2024:16:01:06 -0500] "GET /portaldeninos/2021/04/28/dia-internacional-de-concienciacion-sobre-el-ruido-por-una-ciudad-mas-tranquila-y-sostenible/ HTTP/1.1" 503 1037
201.245.192.253 - - [20/Jan/2024:16:01:44 -0500] "POST /kwsrmcab/Wsrmcab  HTTP/1.1" 200 213
173.252.111.3 - - [20/Jan/2024:16:01:50 -0500] "GET /temporada-de-tinguas-y-mas-aves-migratorias-como-y-donde-reportarlas-si-las-ves-heridas-o-desorientadas.html HTTP/1.1" 200 784
157.55.39.51 - - [20/Jan/2024:16:02:36 -0500] "GET /BLA/resoluciones/RESOLUCIONES%202014/1998.pdf HTTP/1.1" 200 461088
179.19.110.174 - - [20/Jan/2024:16:03:17 -0500] "GET /distrito-exalto-a-246-empresas-de-bogota-por-su-alto-desempeno-y-responsabilidad-ambiental-durante-2023.html HTTP/1.1" 200 1039
216.245.221.92 - - [20/Jan/2024:16:03:51 -0500] "HEAD / HTTP/1.1" 200 -
172.22.2.4 - - [20/Jan/2024:16:04:27 -0500] "GET /BLA/boletinlegal/login.jsp HTTP/1.1" 404 1018
173.252.111.13 - - [20/Jan/2024:16:04:29 -0500] "GET /images/Caminatas%20(1)%20(2).jpeg HTTP/1.1" 200 81411
173.252.111.6 - - [20/Jan/2024:16:04:40 -0500] "GET /images/PREAD%20SDA%201.jpeg HTTP/1.1" 200 65620
173.252.111.4 - - [20/Jan/2024:16:04:40 -0500] "GET /images/terrazas%20verdes.jpg HTTP/1.1" 200 63951
173.252.111.10 - - [20/Jan/2024:16:04:40 -0500] "GET /images/arbol%20centro.jpg HTTP/1.1" 200 69467
173.252.111.7 - - [20/Jan/2024:16:04:40 -0500] "GET /images/Aves%20SDA.jpeg HTTP/1.1" 200 75104
173.252.111.4 - - [20/Jan/2024:16:04:46 -0500] "GET /images/reconocimiento%20practicas%20ambientales.jpg HTTP/1.1" 200 63397
173.252.111.7 - - [20/Jan/2024:16:04:46 -0500] "GET /images/participacion%2019-12-23.jpg HTTP/1.1" 200 73861
173.252.111.116 - - [20/Jan/2024:16:04:46 -0500] "GET /images/Musgo%2017%20-%2012%20-%202023.jpeg HTTP/1.1" 200 66238
173.252.111.1 - - [20/Jan/2024:16:04:46 -0500] "GET /images/agua%20bogota.jpg HTTP/1.1" 200 74348
172.22.2.4 - - [20/Jan/2024:16:04:15 -0500] "HEAD /BLA/boletinlegal/ HTTP/1.1" 200 -
201.245.192.253 - - [20/Jan/2024:16:06:43 -0500] "POST /kwsrmcab/Wsrmcab  HTTP/1.1" 200 213
172.22.2.4 - - [20/Jan/2024:16:05:06 -0500] "GET /BLA/boletinlegal/ HTTP/1.1" 200 58666
216.245.221.92 - - [20/Jan/2024:16:08:51 -0500] "HEAD / HTTP/1.1" 200 -
172.22.2.4 - - [20/Jan/2024:16:10:24 -0500] "GET /BLA/boletinlegal/Directivas/2018/Directiva%20No.%2027%20del%2028%20de%20diciembre%20de%202018.pdf HTTP/1.1" 304 -
152.203.148.231 - - [20/Jan/2024:16:11:01 -0500] "GET /sipse/faces/faces/faces/faces/faces/faces/index.xhtml HTTP/1.1" 200 677
152.203.148.231 - - [20/Jan/2024:16:11:01 -0500] "GET /sipse/faces/javax.faces.resource/theme.css?ln=primefaces-sipse HTTP/1.1" 304 -
152.203.148.231 - - [20/Jan/2024:16:11:01 -0500] "GET /sipse/faces/faces/faces/faces/faces/faces/faces/autenticacion.xhtml HTTP/1.1" 200 12403
152.203.148.231 - - [20/Jan/2024:16:11:01 -0500] "GET /sipse/css/custom_css_sg.css HTTP/1.1" 304 -
152.203.148.231 - - [20/Jan/2024:16:11:01 -0500] "GET /sipse/faces/javax.faces.resource/theme.css?ln=primefaces-sipse HTTP/1.1" 304 -
152.203.148.231 - - [20/Jan/2024:16:11:01 -0500] "GET /sipse/js/funciones.js HTTP/1.1" 304 -
152.203.148.231 - - [20/Jan/2024:16:11:01 -0500] "GET /sipse/css/custom_css_sg_prime_login.css HTTP/1.1" 304 -
152.203.148.231 - - [20/Jan/2024:16:11:01 -0500] "GET /sipse/js/disable_browser_buttons.js HTTP/1.1" 304 -
152.203.148.231 - - [20/Jan/2024:16:11:01 -0500] "GET /sipse/faces/javax.faces.resource/primefaces.css?ln=primefaces&v=4.0 HTTP/1.1" 304 -
152.203.148.231 - - [20/Jan/2024:16:11:01 -0500] "GET /sipse/faces/javax.faces.resource/layout/layout.css?ln=primefaces&v=4.0 HTTP/1.1" 304 -
152.203.148.231 - - [20/Jan/2024:16:11:01 -0500] "GET /sipse/faces/javax.faces.resource/jquery/jquery.js?ln=primefaces&v=4.0 HTTP/1.1" 304 -
152.203.148.231 - - [20/Jan/2024:16:11:01 -0500] "GET /sipse/faces/javax.faces.resource/primefaces.js?ln=primefaces&v=4.0 HTTP/1.1" 304 -
152.203.148.231 - - [20/Jan/2024:16:11:01 -0500] "GET /sipse/faces/javax.faces.resource/jquery/jquery-plugins.js?ln=primefaces&v=4.0 HTTP/1.1" 304 -
152.203.148.231 - - [20/Jan/2024:16:11:01 -0500] "GET /sipse/faces/javax.faces.resource/layout/layout.js?ln=primefaces&v=4.0 HTTP/1.1" 304 -
152.203.148.231 - - [20/Jan/2024:16:11:01 -0500] "GET /sipse/css/imagen/logoSDG.png HTTP/1.1" 304 -
152.203.148.231 - - [20/Jan/2024:16:11:01 -0500] "GET /sipse/css/imagen/loginimg.png HTTP/1.1" 304 -
152.203.148.231 - - [20/Jan/2024:16:11:01 -0500] "GET /sipse/faces/javax.faces.resource/images/ui-icons_898989_256x240.png?ln=primefaces-aristo HTTP/1.1" 304 -
152.203.148.231 - - [20/Jan/2024:16:11:09 -0500] "POST /sipse/faces/autenticacion.xhtml HTTP/1.1" 200 2224
152.203.148.231 - - [20/Jan/2024:16:11:09 -0500] "GET /sipse/faces/javax.faces.resource/messages/messages.png?ln=primefaces&v=4.0 HTTP/1.1" 304 -
152.203.148.231 - - [20/Jan/2024:16:11:10 -0500] "POST /sipse/faces/autenticacion.xhtml HTTP/1.1" 200 2224
152.203.148.231 - - [20/Jan/2024:16:11:12 -0500] "GET /sipse/faces/javax.faces.resource/images/ui-icons_898989_256x240.png?ln=primefaces-aristo HTTP/1.1" 304 -
152.203.148.231 - - [20/Jan/2024:16:11:12 -0500] "POST /sipse/faces/autenticacion.xhtml HTTP/1.1" 200 16471
152.203.148.231 - - [20/Jan/2024:16:11:12 -0500] "GET /sipse/faces/javax.faces.resource/layout/layout.css?ln=primefaces&v=4.0 HTTP/1.1" 304 -
152.203.148.231 - - [20/Jan/2024:16:11:12 -0500] "GET /sipse/faces/javax.faces.resource/theme.css?ln=primefaces-sipse HTTP/1.1" 304 -
152.203.148.231 - - [20/Jan/2024:16:11:12 -0500] "GET /sipse/faces/javax.faces.resource/primefaces.css?ln=primefaces&v=4.0 HTTP/1.1" 304 -
152.203.148.231 - - [20/Jan/2024:16:11:12 -0500] "GET /sipse/js/jquery.min.js HTTP/1.1" 304 -
152.203.148.231 - - [20/Jan/2024:16:11:12 -0500] "GET /sipse/css/custom_css_sg_prime.css HTTP/1.1" 304 -
152.203.148.231 - - [20/Jan/2024:16:11:12 -0500] "GET /sipse/faces/javax.faces.resource/jquery/jquery.js?ln=primefaces&v=4.0 HTTP/1.1" 304 -
152.203.148.231 - - [20/Jan/2024:16:11:12 -0500] "GET /sipse/faces/javax.faces.resource/jquery/jquery-plugins.js?ln=primefaces&v=4.0 HTTP/1.1" 304 -
152.203.148.231 - - [20/Jan/2024:16:11:12 -0500] "GET /sipse/faces/javax.faces.resource/primefaces.js?ln=primefaces&v=4.0 HTTP/1.1" 304 -
152.203.148.231 - - [20/Jan/2024:16:11:12 -0500] "GET /sipse/faces/javax.faces.resource/layout/layout.js?ln=primefaces&v=4.0 HTTP/1.1" 304 -
152.203.148.231 - - [20/Jan/2024:16:11:12 -0500] "GET /sipse/imagenes/cargando.gif HTTP/1.1" 304 -
152.203.148.231 - - [20/Jan/2024:16:11:12 -0500] "GET /sipse/imagenes/logoAplicacion.jpg HTTP/1.1" 304 -
152.203.148.231 - - [20/Jan/2024:16:11:12 -0500] "GET /sipse/css/v_mergente.css HTTP/1.1" 304 -
152.203.148.231 - - [20/Jan/2024:16:11:12 -0500] "GET /sipse/css/imagen/contrasena.png HTTP/1.1" 304 -
152.203.148.231 - - [20/Jan/2024:16:11:12 -0500] "GET /sipse/faces/javax.faces.resource/images/ui-icons_898989_256x240.png?ln=primefaces-aristo HTTP/1.1" 304 -
152.203.148.231 - - [20/Jan/2024:16:11:16 -0500] "GET /sipse/faces/javax.faces.resource/images/ui-bg_flat_0_2d5972_40x100.png?ln=primefaces-aristo HTTP/1.1" 304 -
152.203.148.231 - - [20/Jan/2024:16:11:16 -0500] "POST /sipse/faces/bienvenido.xhtml HTTP/1.1" 200 2658
152.203.148.231 - - [20/Jan/2024:16:11:17 -0500] "POST /sipse/faces/bienvenido.xhtml HTTP/1.1" 200 65551
152.203.148.231 - - [20/Jan/2024:16:11:20 -0500] "GET /sipse/faces/javax.faces.resource/primefaces.css?ln=primefaces&v=4.0 HTTP/1.1" 304 -
152.203.148.231 - - [20/Jan/2024:16:11:20 -0500] "GET /sipse/faces/javax.faces.resource/theme.css?ln=primefaces-sipse HTTP/1.1" 304 -
152.203.148.231 - - [20/Jan/2024:16:11:20 -0500] "GET /sipse/faces/javax.faces.resource/layout/layout.css?ln=primefaces&v=4.0 HTTP/1.1" 304 -
152.203.148.231 - - [20/Jan/2024:16:11:20 -0500] "GET /sipse/faces/javax.faces.resource/jquery/jquery.js?ln=primefaces&v=4.0 HTTP/1.1" 304 -
152.203.148.231 - - [20/Jan/2024:16:11:20 -0500] "GET /sipse/faces/javax.faces.resource/jquery/jquery-plugins.js?ln=primefaces&v=4.0 HTTP/1.1" 304 -
152.203.148.231 - - [20/Jan/2024:16:11:20 -0500] "GET /sipse/faces/javax.faces.resource/primefaces.js?ln=primefaces&v=4.0 HTTP/1.1" 304 -
152.203.148.231 - - [20/Jan/2024:16:11:20 -0500] "GET /sipse/faces/javax.faces.resource/layout/layout.js?ln=primefaces&v=4.0 HTTP/1.1" 304 -
152.203.148.231 - - [20/Jan/2024:16:11:20 -0500] "GET /sipse/faces/javax.faces.resource/images/ui-icons_898989_256x240.png?ln=primefaces-aristo HTTP/1.1" 304 -
152.203.148.231 - - [20/Jan/2024:16:11:20 -0500] "POST /sipse/faces/presentacion/financiero/solicitudProceso/listarSolicitudProceso.xhtml HTTP/1.1" 200 1560
152.203.148.231 - - [20/Jan/2024:16:11:25 -0500] "POST /sipse/faces/presentacion/financiero/solicitudProceso/listarSolicitudProceso.xhtml HTTP/1.1" 200 46879
152.203.148.231 - - [20/Jan/2024:16:11:26 -0500] "POST /sipse/faces/presentacion/financiero/solicitudProceso/listarSolicitudProceso.xhtml HTTP/1.1" 200 46871
152.203.148.231 - - [20/Jan/2024:16:11:28 -0500] "POST /sipse/faces/presentacion/financiero/solicitudProceso/listarSolicitudProceso.xhtml HTTP/1.1" 200 46562
152.203.148.231 - - [20/Jan/2024:16:11:28 -0500] "POST /sipse/faces/presentacion/financiero/solicitudProceso/listarSolicitudProceso.xhtml HTTP/1.1" 200 46550
152.203.148.231 - - [20/Jan/2024:16:11:29 -0500] "POST /sipse/faces/presentacion/financiero/solicitudProceso/listarSolicitudProceso.xhtml HTTP/1.1" 200 46562
152.203.148.231 - - [20/Jan/2024:16:11:30 -0500] "POST /sipse/faces/presentacion/financiero/solicitudProceso/listarSolicitudProceso.xhtml HTTP/1.1" 200 37952
152.203.148.231 - - [20/Jan/2024:16:11:33 -0500] "POST /sipse/faces/presentacion/financiero/solicitudProceso/listarSolicitudProceso.xhtml HTTP/1.1" 200 19679
152.203.148.231 - - [20/Jan/2024:16:11:38 -0500] "GET /sipse/faces/javax.faces.resource/images/ui-icons_898989_256x240.png?ln=primefaces-aristo HTTP/1.1" 304 -
152.203.148.231 - - [20/Jan/2024:16:11:38 -0500] "POST /sipse/faces/presentacion/financiero/solicitudProceso/listarSolicitudProceso.xhtml HTTP/1.1" 200 138219
152.203.148.231 - - [20/Jan/2024:16:11:39 -0500] "GET /sipse/faces/javax.faces.resource/layout/layout.css?ln=primefaces&v=4.0 HTTP/1.1" 304 -
152.203.148.231 - - [20/Jan/2024:16:11:39 -0500] "GET /sipse/faces/javax.faces.resource/theme.css?ln=primefaces-sipse HTTP/1.1" 304 -
152.203.148.231 - - [20/Jan/2024:16:11:39 -0500] "GET /sipse/faces/javax.faces.resource/primefaces.css?ln=primefaces&v=4.0 HTTP/1.1" 304 -
152.203.148.231 - - [20/Jan/2024:16:11:39 -0500] "GET /sipse/faces/javax.faces.resource/jquery/jquery.js?ln=primefaces&v=4.0 HTTP/1.1" 304 -
152.203.148.231 - - [20/Jan/2024:16:11:39 -0500] "GET /sipse/faces/javax.faces.resource/jquery/jquery-plugins.js?ln=primefaces&v=4.0 HTTP/1.1" 304 -
152.203.148.231 - - [20/Jan/2024:16:11:39 -0500] "GET /sipse/faces/javax.faces.resource/primefaces.js?ln=primefaces&v=4.0 HTTP/1.1" 304 -
152.203.148.231 - - [20/Jan/2024:16:11:39 -0500] "GET /sipse/faces/javax.faces.resource/layout/layout.js?ln=primefaces&v=4.0 HTTP/1.1" 304 -
152.203.148.231 - - [20/Jan/2024:16:11:39 -0500] "GET /sipse/faces/javax.faces.resource/images/ui-icons_898989_256x240.png?ln=primefaces-aristo HTTP/1.1" 304 -
201.245.192.253 - - [20/Jan/2024:16:11:41 -0500] "POST /kwsrmcab/Wsrmcab  HTTP/1.1" 200 213
172.22.2.4 - - [20/Jan/2024:16:10:05 -0500] "HEAD /BLA/boletinlegal/ HTTP/1.1" 200 -
152.203.148.231 - - [20/Jan/2024:16:11:59 -0500] "GET /sipse/faces/javax.faces.resource/images/ui-icons_898989_256x240.png?ln=primefaces-aristo HTTP/1.1" 304 -
152.203.148.231 - - [20/Jan/2024:16:12:18 -0500] "POST /sipse/faces/presentacion/financiero/solicitudProceso/consultarSolicitudProceso.xhtml HTTP/1.1" 200 37244
152.203.148.231 - - [20/Jan/2024:16:12:19 -0500] "GET /sipse/faces/javax.faces.resource/theme.css?ln=primefaces-sipse HTTP/1.1" 304 -
152.203.148.231 - - [20/Jan/2024:16:12:19 -0500] "GET /sipse/faces/javax.faces.resource/layout/layout.css?ln=primefaces&v=4.0 HTTP/1.1" 304 -
152.203.148.231 - - [20/Jan/2024:16:12:19 -0500] "GET /sipse/faces/javax.faces.resource/primefaces.css?ln=primefaces&v=4.0 HTTP/1.1" 304 -
152.203.148.231 - - [20/Jan/2024:16:12:19 -0500] "GET /sipse/faces/javax.faces.resource/jquery/jquery.js?ln=primefaces&v=4.0 HTTP/1.1" 304 -
152.203.148.231 - - [20/Jan/2024:16:12:19 -0500] "GET /sipse/faces/javax.faces.resource/jquery/jquery-plugins.js?ln=primefaces&v=4.0 HTTP/1.1" 304 -
152.203.148.231 - - [20/Jan/2024:16:12:19 -0500] "GET /sipse/faces/javax.faces.resource/primefaces.js?ln=primefaces&v=4.0 HTTP/1.1" 304 -
152.203.148.231 - - [20/Jan/2024:16:12:19 -0500] "GET /sipse/faces/javax.faces.resource/layout/layout.js?ln=primefaces&v=4.0 HTTP/1.1" 304 -
152.203.148.231 - - [20/Jan/2024:16:12:19 -0500] "GET /sipse/faces/javax.faces.resource/images/ui-icons_898989_256x240.png?ln=primefaces-aristo HTTP/1.1" 304 -
152.203.148.231 - - [20/Jan/2024:16:12:19 -0500] "POST /sipse/faces/presentacion/financiero/solicitudProceso/listarSolicitudProceso.xhtml HTTP/1.1" 200 30499
152.203.148.231 - - [20/Jan/2024:16:12:20 -0500] "POST /sipse/faces/presentacion/financiero/solicitudProceso/listarSolicitudProceso.xhtml HTTP/1.1" 200 30499
152.203.148.231 - - [20/Jan/2024:16:12:21 -0500] "POST /sipse/faces/presentacion/financiero/solicitudProceso/listarSolicitudProceso.xhtml HTTP/1.1" 200 1396
152.203.148.231 - - [20/Jan/2024:16:12:21 -0500] "POST /sipse/faces/presentacion/financiero/solicitudProceso/listarSolicitudProceso.xhtml HTTP/1.1" 200 1392
152.203.148.231 - - [20/Jan/2024:16:12:22 -0500] "POST /sipse/faces/presentacion/financiero/solicitudProceso/listarSolicitudProceso.xhtml HTTP/1.1" 200 1400
152.203.148.231 - - [20/Jan/2024:16:12:26 -0500] "POST /sipse/faces/presentacion/financiero/solicitudProceso/listarSolicitudProceso.xhtml HTTP/1.1" 200 46753
152.203.148.231 - - [20/Jan/2024:16:12:27 -0500] "POST /sipse/faces/presentacion/financiero/solicitudProceso/listarSolicitudProceso.xhtml HTTP/1.1" 200 46741
152.203.148.231 - - [20/Jan/2024:16:12:28 -0500] "POST /sipse/faces/presentacion/financiero/solicitudProceso/listarSolicitudProceso.xhtml HTTP/1.1" 200 46753
152.203.148.231 - - [20/Jan/2024:16:12:29 -0500] "POST /sipse/faces/presentacion/financiero/solicitudProceso/listarSolicitudProceso.xhtml HTTP/1.1" 200 46741
152.203.148.231 - - [20/Jan/2024:16:12:31 -0500] "POST /sipse/faces/presentacion/financiero/solicitudProceso/listarSolicitudProceso.xhtml HTTP/1.1" 200 46879
152.203.148.231 - - [20/Jan/2024:16:12:33 -0500] "POST /sipse/faces/presentacion/financiero/solicitudProceso/listarSolicitudProceso.xhtml HTTP/1.1" 200 28848
172.22.2.4 - - [20/Jan/2024:16:10:56 -0500] "GET /BLA/boletinlegal/ HTTP/1.1" 200 42115
172.22.2.4 - - [20/Jan/2024:16:10:56 -0500] "GET /BLA/boletinlegal/ HTTP/1.1" 200 41561
152.203.148.231 - - [20/Jan/2024:16:12:44 -0500] "POST /sipse/faces/presentacion/financiero/solicitudProceso/listarSolicitudProceso.xhtml HTTP/1.1" 200 46600
216.245.221.92 - - [20/Jan/2024:16:13:51 -0500] "HEAD / HTTP/1.1" 200 -
201.245.192.253 - - [20/Jan/2024:16:15:05 -0500] "POST /kwsrmcab/Wsrmcab HTTP/1.1" 200 39106
201.245.192.253 - - [20/Jan/2024:16:15:08 -0500] "POST /kwsrmcab/Wsrmcab HTTP/1.1" 200 36073
40.77.167.235 - - [20/Jan/2024:16:15:33 -0500] "GET /portaldeninos/aula-ambiental-artistica-itinerante-auambari/ HTTP/1.1" 503 1037
47.128.36.130 - - [20/Jan/2024:16:16:38 -0500] "GET /BLA/resoluciones/index.php?dir=RESOLUCIONES%202004%2FRES%202004%20251-300%2F&order=asc&sort=date HTTP/1.1" 200 12044
47.128.36.130 - - [20/Jan/2024:16:16:39 -0500] "GET /BLA/resoluciones/dlf/dirup.png HTTP/1.1" 200 644
47.128.36.130 - - [20/Jan/2024:16:16:39 -0500] "GET /BLA/resoluciones/dlf/unknown.png HTTP/1.1" 200 266
201.245.192.253 - - [20/Jan/2024:16:16:40 -0500] "POST /kwsrmcab/Wsrmcab  HTTP/1.1" 200 213
190.27.185.243 - - [20/Jan/2024:16:16:47 -0500] "GET /inicia-el-2024-conociendo-la-biodiversidad-de-bogoti.html?fbclid=IwAR0Kxn_cjcENgIMOUKAxTVHL_MMWCq8ZhzPmp7fBr0dIoMqQBia2DsfV7Pg_aem_AWyBpVdywZGInkeJavZkLpYvie75uoNJWFICFS8JhGCS5vdb5kIUwDnzegn31TibZYI HTTP/1.1" 200 894
172.22.2.4 - - [20/Jan/2024:16:15:55 -0500] "HEAD /BLA/boletinlegal/ HTTP/1.1" 200 -
213.180.203.51 - - [20/Jan/2024:16:17:49 -0500] "GET /robots.txt HTTP/1.1" 404 1034
87.250.224.72 - - [20/Jan/2024:16:17:49 -0500] "GET /ciudadanos-pueden-enviar-comentarios-y-propuestas-al-proyecto-de-decreto-para-reducir-la-utilizacion-de-plasticos-de-un-solo-uso-en-las-entidades-del-distrito.html HTTP/1.1" 200 1170
152.203.196.141 - - [20/Jan/2024:16:18:17 -0500] "GET /sipse/faces/index.xhtml HTTP/1.1" 200 677
152.203.196.141 - - [20/Jan/2024:16:18:17 -0500] "GET /sipse/faces/javax.faces.resource/theme.css?ln=primefaces-sipse HTTP/1.1" 304 -
152.203.196.141 - - [20/Jan/2024:16:18:17 -0500] "GET /sipse/faces/faces/autenticacion.xhtml HTTP/1.1" 200 12403
152.203.196.141 - - [20/Jan/2024:16:18:17 -0500] "GET /sipse/js/disable_browser_buttons.js HTTP/1.1" 304 -
152.203.196.141 - - [20/Jan/2024:16:18:17 -0500] "GET /sipse/js/funciones.js HTTP/1.1" 304 -
152.203.196.141 - - [20/Jan/2024:16:18:17 -0500] "GET /sipse/css/custom_css_sg_prime_login.css HTTP/1.1" 304 -
152.203.196.141 - - [20/Jan/2024:16:18:17 -0500] "GET /sipse/css/custom_css_sg.css HTTP/1.1" 304 -
152.203.196.141 - - [20/Jan/2024:16:18:17 -0500] "GET /sipse/faces/javax.faces.resource/theme.css?ln=primefaces-sipse HTTP/1.1" 304 -
152.203.196.141 - - [20/Jan/2024:16:18:17 -0500] "GET /sipse/faces/javax.faces.resource/primefaces.css?ln=primefaces&v=4.0 HTTP/1.1" 304 -
152.203.196.141 - - [20/Jan/2024:16:18:17 -0500] "GET /sipse/faces/javax.faces.resource/layout/layout.css?ln=primefaces&v=4.0 HTTP/1.1" 304 -
152.203.196.141 - - [20/Jan/2024:16:18:17 -0500] "GET /sipse/faces/javax.faces.resource/jquery/jquery.js?ln=primefaces&v=4.0 HTTP/1.1" 304 -
152.203.196.141 - - [20/Jan/2024:16:18:17 -0500] "GET /sipse/faces/javax.faces.resource/jquery/jquery-plugins.js?ln=primefaces&v=4.0 HTTP/1.1" 304 -
152.203.196.141 - - [20/Jan/2024:16:18:17 -0500] "GET /sipse/faces/javax.faces.resource/primefaces.js?ln=primefaces&v=4.0 HTTP/1.1" 304 -
152.203.196.141 - - [20/Jan/2024:16:18:17 -0500] "GET /sipse/faces/javax.faces.resource/layout/layout.js?ln=primefaces&v=4.0 HTTP/1.1" 304 -
152.203.196.141 - - [20/Jan/2024:16:18:17 -0500] "GET /sipse/css/imagen/logoSDG.png HTTP/1.1" 304 -
152.203.196.141 - - [20/Jan/2024:16:18:17 -0500] "GET /sipse/css/imagen/loginimg.png HTTP/1.1" 304 -
152.203.196.141 - - [20/Jan/2024:16:18:17 -0500] "GET /sipse/faces/javax.faces.resource/images/ui-icons_898989_256x240.png?ln=primefaces-aristo HTTP/1.1" 304 -
172.22.2.4 - - [20/Jan/2024:16:16:46 -0500] "GET /BLA/boletinlegal/ HTTP/1.1" 200 58666
216.245.221.92 - - [20/Jan/2024:16:18:51 -0500] "HEAD / HTTP/1.1" 200 -
201.245.192.253 - - [20/Jan/2024:16:19:29 -0500] "POST /kwsrmcab/Wsrmcab HTTP/1.1" 200 39436
201.245.192.253 - - [20/Jan/2024:16:20:11 -0500] "POST /kwsrmcab/Wsrmcab HTTP/1.1" 200 36073
47.128.120.73 - - [20/Jan/2024:16:20:32 -0500] "GET /BLA/resoluciones/dlf/unknown.png HTTP/1.1" 200 266
47.128.120.73 - - [20/Jan/2024:16:20:32 -0500] "GET /BLA/resoluciones/dlf/dirup.png HTTP/1.1" 200 644
47.128.120.73 - - [20/Jan/2024:16:20:33 -0500] "GET /BLA/resoluciones/dlf/pdf.gif HTTP/1.1" 200 272
47.128.120.73 - - [20/Jan/2024:16:20:31 -0500] "GET /BLA/resoluciones/index.php?dir=RESOLUCIONES%202002%2FRES%202002%20851-900%2F&order=asc&sort=size HTTP/1.1" 200 12703
152.203.196.141 - - [20/Jan/2024:16:20:35 -0500] "POST /sipse/faces/autenticacion.xhtml HTTP/1.1" 200 2223
152.203.196.141 - - [20/Jan/2024:16:20:35 -0500] "GET /sipse/faces/javax.faces.resource/messages/messages.png?ln=primefaces&v=4.0 HTTP/1.1" 304 -
152.203.196.141 - - [20/Jan/2024:16:20:38 -0500] "POST /sipse/faces/autenticacion.xhtml HTTP/1.1" 200 16460
152.203.196.141 - - [20/Jan/2024:16:20:38 -0500] "GET /sipse/css/custom_css_sg_prime.css HTTP/1.1" 304 -
152.203.196.141 - - [20/Jan/2024:16:20:38 -0500] "GET /sipse/faces/javax.faces.resource/theme.css?ln=primefaces-sipse HTTP/1.1" 304 -
152.203.196.141 - - [20/Jan/2024:16:20:38 -0500] "GET /sipse/faces/javax.faces.resource/layout/layout.css?ln=primefaces&v=4.0 HTTP/1.1" 304 -
152.203.196.141 - - [20/Jan/2024:16:20:38 -0500] "GET /sipse/faces/javax.faces.resource/primefaces.css?ln=primefaces&v=4.0 HTTP/1.1" 304 -
152.203.196.141 - - [20/Jan/2024:16:20:38 -0500] "GET /sipse/js/jquery.min.js HTTP/1.1" 304 -
152.203.196.141 - - [20/Jan/2024:16:20:38 -0500] "GET /sipse/faces/javax.faces.resource/jquery/jquery.js?ln=primefaces&v=4.0 HTTP/1.1" 304 -
152.203.196.141 - - [20/Jan/2024:16:20:38 -0500] "GET /sipse/faces/javax.faces.resource/jquery/jquery-plugins.js?ln=primefaces&v=4.0 HTTP/1.1" 304 -
152.203.196.141 - - [20/Jan/2024:16:20:38 -0500] "GET /sipse/faces/javax.faces.resource/primefaces.js?ln=primefaces&v=4.0 HTTP/1.1" 304 -
152.203.196.141 - - [20/Jan/2024:16:20:38 -0500] "GET /sipse/faces/javax.faces.resource/layout/layout.js?ln=primefaces&v=4.0 HTTP/1.1" 304 -
152.203.196.141 - - [20/Jan/2024:16:20:38 -0500] "GET /sipse/css/v_mergente.css HTTP/1.1" 304 -
152.203.196.141 - - [20/Jan/2024:16:20:38 -0500] "GET /sipse/imagenes/cargando.gif HTTP/1.1" 304 -
152.203.196.141 - - [20/Jan/2024:16:20:38 -0500] "GET /sipse/imagenes/logoAplicacion.jpg HTTP/1.1" 304 -
152.203.196.141 - - [20/Jan/2024:16:20:38 -0500] "GET /sipse/css/imagen/contrasena.png HTTP/1.1" 404 383
190.158.100.67 - - [20/Jan/2024:16:20:55 -0500] "POST /sipse/faces/presentacion/financiero/solicitudProceso/consultarSolicitudProceso.xhtml HTTP/1.1" 200 42280
190.158.100.67 - - [20/Jan/2024:16:20:55 -0500] "GET /sipse/faces/javax.faces.resource/primefaces.css?ln=primefaces&v=4.0 HTTP/1.1" 304 -
190.158.100.67 - - [20/Jan/2024:16:20:55 -0500] "GET /sipse/faces/javax.faces.resource/theme.css?ln=primefaces-sipse HTTP/1.1" 304 -
190.158.100.67 - - [20/Jan/2024:16:20:55 -0500] "GET /sipse/faces/javax.faces.resource/layout/layout.css?ln=primefaces&v=4.0 HTTP/1.1" 304 -
190.158.100.67 - - [20/Jan/2024:16:20:55 -0500] "GET /sipse/faces/javax.faces.resource/jquery/jquery.js?ln=primefaces&v=4.0 HTTP/1.1" 304 -
190.158.100.67 - - [20/Jan/2024:16:20:55 -0500] "GET /sipse/faces/javax.faces.resource/jquery/jquery-plugins.js?ln=primefaces&v=4.0 HTTP/1.1" 304 -
190.158.100.67 - - [20/Jan/2024:16:20:55 -0500] "GET /sipse/css/imagen/contrasena.png HTTP/1.1" 404 383
190.158.100.67 - - [20/Jan/2024:16:20:55 -0500] "GET /sipse/faces/javax.faces.resource/primefaces.js?ln=primefaces&v=4.0 HTTP/1.1" 304 -
190.158.100.67 - - [20/Jan/2024:16:20:55 -0500] "GET /sipse/faces/javax.faces.resource/layout/layout.js?ln=primefaces&v=4.0 HTTP/1.1" 304 -
190.158.100.67 - - [20/Jan/2024:16:20:55 -0500] "POST /sipse/faces/presentacion/financiero/solicitudProceso/consultar.xhtml HTTP/1.1" 200 35569
190.158.100.67 - - [20/Jan/2024:16:20:55 -0500] "POST /sipse/faces/presentacion/financiero/solicitudProceso/consultar.xhtml HTTP/1.1" 200 35569
47.128.17.56 - - [20/Jan/2024:16:20:57 -0500] "GET /BLA/resoluciones/dlf/dirup.png HTTP/1.1" 200 644
47.128.17.56 - - [20/Jan/2024:16:20:57 -0500] "GET /BLA/resoluciones/dlf/pdf.gif HTTP/1.1" 200 272
47.128.17.56 - - [20/Jan/2024:16:20:56 -0500] "GET /BLA/resoluciones/index.php?dir=Notificaciones%2FRESOLUCIONES%202022%2F&order=asc&sort=date HTTP/1.1" 200 110276
152.203.196.141 - - [20/Jan/2024:16:21:08 -0500] "GET /sipse/faces/javax.faces.resource/images/ui-bg_flat_0_2d5972_40x100.png?ln=primefaces-aristo HTTP/1.1" 304 -
152.203.196.141 - - [20/Jan/2024:16:21:08 -0500] "POST /sipse/faces/bienvenido.xhtml HTTP/1.1" 200 2073
152.203.196.141 - - [20/Jan/2024:16:21:09 -0500] "POST /sipse/faces/bienvenido.xhtml HTTP/1.1" 200 39083
152.203.196.141 - - [20/Jan/2024:16:21:10 -0500] "GET /sipse/faces/javax.faces.resource/theme.css?ln=primefaces-sipse HTTP/1.1" 304 -
152.203.196.141 - - [20/Jan/2024:16:21:10 -0500] "GET /sipse/faces/javax.faces.resource/primefaces.css?ln=primefaces&v=4.0 HTTP/1.1" 304 -
152.203.196.141 - - [20/Jan/2024:16:21:10 -0500] "GET /sipse/faces/javax.faces.resource/layout/layout.css?ln=primefaces&v=4.0 HTTP/1.1" 304 -
152.203.196.141 - - [20/Jan/2024:16:21:10 -0500] "GET /sipse/faces/javax.faces.resource/jquery/jquery.js?ln=primefaces&v=4.0 HTTP/1.1" 304 -
152.203.196.141 - - [20/Jan/2024:16:21:10 -0500] "GET /sipse/faces/javax.faces.resource/jquery/jquery-plugins.js?ln=primefaces&v=4.0 HTTP/1.1" 304 -
152.203.196.141 - - [20/Jan/2024:16:21:10 -0500] "GET /sipse/faces/javax.faces.resource/primefaces.js?ln=primefaces&v=4.0 HTTP/1.1" 304 -
152.203.196.141 - - [20/Jan/2024:16:21:10 -0500] "GET /sipse/faces/javax.faces.resource/layout/layout.js?ln=primefaces&v=4.0 HTTP/1.1" 304 -
152.203.196.141 - - [20/Jan/2024:16:21:15 -0500] "POST /sipse/faces/presentacion/financiero/solicitudProceso/consultar.xhtml HTTP/1.1" 200 3774
152.203.196.141 - - [20/Jan/2024:16:21:17 -0500] "POST /sipse/faces/presentacion/financiero/solicitudProceso/consultar.xhtml HTTP/1.1" 200 65285
152.203.196.141 - - [20/Jan/2024:16:21:17 -0500] "GET /sipse/faces/javax.faces.resource/theme.css?ln=primefaces-sipse HTTP/1.1" 304 -
152.203.196.141 - - [20/Jan/2024:16:21:17 -0500] "GET /sipse/faces/javax.faces.resource/primefaces.css?ln=primefaces&v=4.0 HTTP/1.1" 304 -
152.203.196.141 - - [20/Jan/2024:16:21:17 -0500] "GET /sipse/faces/javax.faces.resource/layout/layout.css?ln=primefaces&v=4.0 HTTP/1.1" 304 -
152.203.196.141 - - [20/Jan/2024:16:21:17 -0500] "GET /sipse/faces/javax.faces.resource/jquery/jquery.js?ln=primefaces&v=4.0 HTTP/1.1" 304 -
152.203.196.141 - - [20/Jan/2024:16:21:17 -0500] "GET /sipse/faces/javax.faces.resource/jquery/jquery-plugins.js?ln=primefaces&v=4.0 HTTP/1.1" 304 -
152.203.196.141 - - [20/Jan/2024:16:21:17 -0500] "GET /sipse/faces/javax.faces.resource/primefaces.js?ln=primefaces&v=4.0 HTTP/1.1" 304 -
152.203.196.141 - - [20/Jan/2024:16:21:17 -0500] "GET /sipse/faces/javax.faces.resource/layout/layout.js?ln=primefaces&v=4.0 HTTP/1.1" 304 -
152.203.196.141 - - [20/Jan/2024:16:21:17 -0500] "POST /sipse/faces/presentacion/financiero/solicitudProceso/listarSolicitudProceso.xhtml HTTP/1.1" 200 58551
152.203.196.141 - - [20/Jan/2024:16:21:18 -0500] "POST /sipse/faces/presentacion/financiero/solicitudProceso/listarSolicitudProceso.xhtml HTTP/1.1" 200 1560
152.203.196.141 - - [20/Jan/2024:16:21:18 -0500] "POST /sipse/faces/presentacion/financiero/solicitudProceso/listarSolicitudProceso.xhtml HTTP/1.1" 200 1552
47.128.120.58 - - [20/Jan/2024:16:21:20 -0500] "GET /BLA/resoluciones/index.php?dir=RESOLUCIONES%202003%2FRES%202003%20351-400%2F&order=asc&sort=size HTTP/1.1" 200 11305
47.128.120.58 - - [20/Jan/2024:16:21:20 -0500] "GET /BLA/resoluciones/dlf/dirup.png HTTP/1.1" 200 644
47.128.120.58 - - [20/Jan/2024:16:21:20 -0500] "GET /BLA/resoluciones/dlf/unknown.png HTTP/1.1" 200 266
190.158.100.67 - - [20/Jan/2024:16:21:34 -0500] "POST /sipse/faces/presentacion/financiero/solicitudProceso/consultar.xhtml HTTP/1.1" 200 13000
172.22.2.4 - - [20/Jan/2024:16:19:55 -0500] "GET /BLA/boletinlegal/ HTTP/1.1" 200 62905
201.245.192.253 - - [20/Jan/2024:16:21:40 -0500] "POST /kwsrmcab/Wsrmcab  HTTP/1.1" 200 213
47.128.39.153 - - [20/Jan/2024:16:21:43 -0500] "GET /BLA/resoluciones/index.php?dir=RESOLUCIONES%202007%2FRES%202007%203101%20AL%203200%2F&order=asc&sort=size HTTP/1.1" 200 26880
47.128.39.153 - - [20/Jan/2024:16:21:43 -0500] "GET /BLA/resoluciones/dlf/dirup.png HTTP/1.1" 200 644
47.128.39.153 - - [20/Jan/2024:16:21:43 -0500] "GET /BLA/resoluciones/dlf/pdf.gif HTTP/1.1" 200 272
190.158.100.67 - - [20/Jan/2024:16:21:50 -0500] "POST /sipse/faces/presentacion/financiero/solicitudProceso/consultar.xhtml HTTP/1.1" 200 149428
190.158.100.67 - - [20/Jan/2024:16:21:52 -0500] "GET /sipse/faces/javax.faces.resource/theme.css?ln=primefaces-sipse HTTP/1.1" 304 -
190.158.100.67 - - [20/Jan/2024:16:21:52 -0500] "GET /sipse/faces/javax.faces.resource/primefaces.css?ln=primefaces&v=4.0 HTTP/1.1" 304 -
190.158.100.67 - - [20/Jan/2024:16:21:52 -0500] "GET /sipse/faces/javax.faces.resource/layout/layout.css?ln=primefaces&v=4.0 HTTP/1.1" 304 -
190.158.100.67 - - [20/Jan/2024:16:21:52 -0500] "GET /sipse/faces/javax.faces.resource/jquery/jquery.js?ln=primefaces&v=4.0 HTTP/1.1" 304 -
190.158.100.67 - - [20/Jan/2024:16:21:52 -0500] "GET /sipse/faces/javax.faces.resource/jquery/jquery-plugins.js?ln=primefaces&v=4.0 HTTP/1.1" 304 -
190.158.100.67 - - [20/Jan/2024:16:21:52 -0500] "GET /sipse/faces/javax.faces.resource/primefaces.js?ln=primefaces&v=4.0 HTTP/1.1" 304 -
190.158.100.67 - - [20/Jan/2024:16:21:52 -0500] "GET /sipse/faces/javax.faces.resource/layout/layout.js?ln=primefaces&v=4.0 HTTP/1.1" 304 -
190.158.100.67 - - [20/Jan/2024:16:21:52 -0500] "GET /sipse/css/imagen/contrasena.png HTTP/1.1" 404 383
190.158.100.67 - - [20/Jan/2024:16:22:00 -0500] "GET /sipse/faces/javax.faces.resource/images/ui-bg_flat_0_2d5972_40x100.png?ln=primefaces-aristo HTTP/1.1" 304 -
190.158.100.67 - - [20/Jan/2024:16:22:00 -0500] "POST /sipse/faces/presentacion/financiero/solicitudProceso/consultarSolicitudProceso.xhtml HTTP/1.1" 200 5510
47.128.39.136 - - [20/Jan/2024:16:22:07 -0500] "GET /BLA/resoluciones/index.php?dir=RESOLUCIONES%202006%2FRES%202006%202601-2650%2F&order=desc&sort=name HTTP/1.1" 200 11938
47.128.39.136 - - [20/Jan/2024:16:22:07 -0500] "GET /BLA/resoluciones/dlf/unknown.png HTTP/1.1" 200 266
47.128.39.136 - - [20/Jan/2024:16:22:07 -0500] "GET /BLA/resoluciones/dlf/dirup.png HTTP/1.1" 200 644
47.128.58.140 - - [20/Jan/2024:16:22:31 -0500] "GET /BLA/resoluciones/index.php?dir=RESOLUCIONES%202007%2FRES%202007%20601%20AL%20700%2F&order=asc&sort=date HTTP/1.1" 200 26655
47.128.58.140 - - [20/Jan/2024:16:22:32 -0500] "GET /BLA/resoluciones/dlf/dirup.png HTTP/1.1" 200 644
47.128.58.140 - - [20/Jan/2024:16:22:32 -0500] "GET /BLA/resoluciones/dlf/pdf.gif HTTP/1.1" 200 272
172.22.2.4 - - [20/Jan/2024:16:21:45 -0500] "HEAD /BLA/boletinlegal/ HTTP/1.1" 200 -
216.245.221.92 - - [20/Jan/2024:16:23:51 -0500] "HEAD / HTTP/1.1" 200 -
172.22.2.4 - - [20/Jan/2024:16:22:36 -0500] "GET /BLA/boletinlegal/ HTTP/1.1" 200 58666
152.203.196.141 - - [20/Jan/2024:16:24:33 -0500] "POST /sipse/faces/presentacion/financiero/solicitudProceso/listarSolicitudProceso.xhtml HTTP/1.1" 200 34643
152.203.196.141 - - [20/Jan/2024:16:24:34 -0500] "POST /sipse/faces/presentacion/financiero/solicitudProceso/listarSolicitudProceso.xhtml HTTP/1.1" 200 35000
152.203.196.141 - - [20/Jan/2024:16:24:35 -0500] "POST /sipse/faces/presentacion/financiero/solicitudProceso/listarSolicitudProceso.xhtml HTTP/1.1" 200 31836
201.245.192.253 - - [20/Jan/2024:16:25:05 -0500] "POST /kwsrmcab/Wsrmcab HTTP/1.1" 200 39106
152.203.196.141 - - [20/Jan/2024:16:25:09 -0500] "POST /sipse/faces/presentacion/financiero/solicitudProceso/listarSolicitudProceso.xhtml HTTP/1.1" 200 13845
152.203.196.141 - - [20/Jan/2024:16:25:10 -0500] "POST /sipse/faces/presentacion/financiero/solicitudProceso/listarSolicitudProceso.xhtml HTTP/1.1" 200 7847
201.245.192.253 - - [20/Jan/2024:16:25:08 -0500] "POST /kwsrmcab/Wsrmcab HTTP/1.1" 200 36073
152.203.196.141 - - [20/Jan/2024:16:25:23 -0500] "POST /sipse/faces/presentacion/financiero/solicitudProceso/listarSolicitudProceso.xhtml HTTP/1.1" 200 121370
152.203.196.141 - - [20/Jan/2024:16:25:24 -0500] "GET /sipse/faces/javax.faces.resource/theme.css?ln=primefaces-sipse HTTP/1.1" 304 -
152.203.196.141 - - [20/Jan/2024:16:25:24 -0500] "GET /sipse/faces/javax.faces.resource/primefaces.css?ln=primefaces&v=4.0 HTTP/1.1" 304 -
152.203.196.141 - - [20/Jan/2024:16:25:24 -0500] "GET /sipse/faces/javax.faces.resource/layout/layout.css?ln=primefaces&v=4.0 HTTP/1.1" 304 -
152.203.196.141 - - [20/Jan/2024:16:25:24 -0500] "GET /sipse/css/imagen/contrasena.png HTTP/1.1" 404 383
152.203.196.141 - - [20/Jan/2024:16:25:24 -0500] "GET /sipse/faces/javax.faces.resource/jquery/jquery.js?ln=primefaces&v=4.0 HTTP/1.1" 304 -
152.203.196.141 - - [20/Jan/2024:16:25:24 -0500] "GET /sipse/faces/javax.faces.resource/jquery/jquery-plugins.js?ln=primefaces&v=4.0 HTTP/1.1" 304 -
152.203.196.141 - - [20/Jan/2024:16:25:24 -0500] "GET /sipse/faces/javax.faces.resource/primefaces.js?ln=primefaces&v=4.0 HTTP/1.1" 304 -
152.203.196.141 - - [20/Jan/2024:16:25:24 -0500] "GET /sipse/faces/javax.faces.resource/layout/layout.js?ln=primefaces&v=4.0 HTTP/1.1" 304 -
152.203.196.141 - - [20/Jan/2024:16:25:46 -0500] "POST /sipse/faces/presentacion/financiero/solicitudProceso/consultarSolicitudProceso.xhtml HTTP/1.1" 200 47306
152.203.196.141 - - [20/Jan/2024:16:25:46 -0500] "GET /sipse/faces/javax.faces.resource/theme.css?ln=primefaces-sipse HTTP/1.1" 304 -
152.203.196.141 - - [20/Jan/2024:16:25:46 -0500] "GET /sipse/faces/javax.faces.resource/primefaces.css?ln=primefaces&v=4.0 HTTP/1.1" 304 -
152.203.196.141 - - [20/Jan/2024:16:25:46 -0500] "GET /sipse/faces/javax.faces.resource/layout/layout.css?ln=primefaces&v=4.0 HTTP/1.1" 304 -
152.203.196.141 - - [20/Jan/2024:16:25:46 -0500] "GET /sipse/faces/javax.faces.resource/jquery/jquery.js?ln=primefaces&v=4.0 HTTP/1.1" 304 -
152.203.196.141 - - [20/Jan/2024:16:25:46 -0500] "GET /sipse/faces/javax.faces.resource/jquery/jquery-plugins.js?ln=primefaces&v=4.0 HTTP/1.1" 304 -
152.203.196.141 - - [20/Jan/2024:16:25:46 -0500] "GET /sipse/faces/javax.faces.resource/primefaces.js?ln=primefaces&v=4.0 HTTP/1.1" 304 -
152.203.196.141 - - [20/Jan/2024:16:25:46 -0500] "GET /sipse/faces/javax.faces.resource/layout/layout.js?ln=primefaces&v=4.0 HTTP/1.1" 304 -
152.203.196.141 - - [20/Jan/2024:16:25:47 -0500] "GET /sipse/css/imagen/contrasena.png HTTP/1.1" 404 383
87.250.224.29 - - [20/Jan/2024:16:25:50 -0500] "GET /semana-ambiental-2022-del-31-de-mayo-al-5-de-junio-se-celebrara-en-bogota.html HTTP/1.1" 200 799
201.245.192.253 - - [20/Jan/2024:16:26:39 -0500] "POST /kwsrmcab/Wsrmcab  HTTP/1.1" 200 213
173.252.95.116 - - [20/Jan/2024:16:27:09 -0500] "GET /images/Musgo%2017%20-%2012%20-%202023.jpeg HTTP/1.1" 200 66238
172.22.2.4 - - [20/Jan/2024:16:28:36 -0500] "GET /BLA/boletinlegal/Circulares/2017/Circular%20No.%202%20del%201%20de%20Septiembre%20de%202017.pdf HTTP/1.1" 200 152575
216.245.221.92 - - [20/Jan/2024:16:28:51 -0500] "HEAD / HTTP/1.1" 200 -
172.22.2.4 - - [20/Jan/2024:16:27:35 -0500] "HEAD /BLA/boletinlegal/ HTTP/1.1" 200 -
201.245.192.253 - - [20/Jan/2024:16:29:30 -0500] "POST /kwsrmcab/Wsrmcab HTTP/1.1" 200 39436
152.203.196.141 - - [20/Jan/2024:16:29:40 -0500] "POST /sipse/faces/presentacion/financiero/estudioPrevio/personalSolicitado/personalSolicitadoSolicitudProceso.xhtml HTTP/1.1" 200 7031
172.22.2.4 - - [20/Jan/2024:16:28:26 -0500] "GET /BLA/boletinlegal/ HTTP/1.1" 200 57803
201.245.192.253 - - [20/Jan/2024:16:30:12 -0500] "POST /kwsrmcab/Wsrmcab HTTP/1.1" 200 36073
152.203.196.141 - - [20/Jan/2024:16:30:16 -0500] "POST /sipse/faces/presentacion/financiero/estudioPrevio/personalSolicitado/personalSolicitadoSolicitudProceso.xhtml HTTP/1.1" 200 36865
152.203.196.141 - - [20/Jan/2024:16:30:17 -0500] "GET /sipse/faces/javax.faces.resource/theme.css?ln=primefaces-sipse HTTP/1.1" 304 -
152.203.196.141 - - [20/Jan/2024:16:30:17 -0500] "GET /sipse/faces/javax.faces.resource/primefaces.css?ln=primefaces&v=4.0 HTTP/1.1" 304 -
152.203.196.141 - - [20/Jan/2024:16:30:17 -0500] "GET /sipse/faces/javax.faces.resource/layout/layout.css?ln=primefaces&v=4.0 HTTP/1.1" 304 -
