186.84.21.136 - - [20/Jan/2024:08:19:52 -0500] "GET /sipse/js/jquery.min.js HTTP/1.1" 304 -
186.84.21.136 - - [20/Jan/2024:08:19:52 -0500] "GET /sipse/faces/javax.faces.resource/jquery/jquery.js?ln=primefaces&v=4.0 HTTP/1.1" 304 -
186.84.21.136 - - [20/Jan/2024:08:19:52 -0500] "GET /sipse/faces/javax.faces.resource/jquery/jquery-plugins.js?ln=primefaces&v=4.0 HTTP/1.1" 304 -
186.84.21.136 - - [20/Jan/2024:08:19:52 -0500] "GET /sipse/faces/javax.faces.resource/primefaces.js?ln=primefaces&v=4.0 HTTP/1.1" 304 -
186.84.21.136 - - [20/Jan/2024:08:19:52 -0500] "GET /sipse/faces/javax.faces.resource/layout/layout.js?ln=primefaces&v=4.0 HTTP/1.1" 304 -
186.84.21.136 - - [20/Jan/2024:08:19:52 -0500] "GET /sipse/css/v_mergente.css HTTP/1.1" 304 -
186.84.21.136 - - [20/Jan/2024:08:19:52 -0500] "GET /sipse/imagenes/cargando.gif HTTP/1.1" 304 -
186.84.21.136 - - [20/Jan/2024:08:19:52 -0500] "GET /sipse/css/imagen/contrasena.png HTTP/1.1" 404 383
186.84.21.136 - - [20/Jan/2024:08:19:52 -0500] "GET /sipse/imagenes/logoAplicacion.jpg HTTP/1.1" 304 -
186.84.21.136 - - [20/Jan/2024:08:19:55 -0500] "POST /sipse/faces/bienvenido.xhtml HTTP/1.1" 200 2658
186.84.21.136 - - [20/Jan/2024:08:19:57 -0500] "POST /sipse/faces/bienvenido.xhtml HTTP/1.1" 200 63817
186.84.21.136 - - [20/Jan/2024:08:19:57 -0500] "GET /sipse/faces/javax.faces.resource/primefaces.css?ln=primefaces&v=4.0 HTTP/1.1" 304 -
186.84.21.136 - - [20/Jan/2024:08:19:57 -0500] "GET /sipse/faces/javax.faces.resource/theme.css?ln=primefaces-sipse HTTP/1.1" 304 -
186.84.21.136 - - [20/Jan/2024:08:19:57 -0500] "GET /sipse/faces/javax.faces.resource/layout/layout.css?ln=primefaces&v=4.0 HTTP/1.1" 304 -
186.84.21.136 - - [20/Jan/2024:08:19:57 -0500] "GET /sipse/faces/javax.faces.resource/jquery/jquery.js?ln=primefaces&v=4.0 HTTP/1.1" 304 -
186.84.21.136 - - [20/Jan/2024:08:19:57 -0500] "GET /sipse/faces/javax.faces.resource/jquery/jquery-plugins.js?ln=primefaces&v=4.0 HTTP/1.1" 304 -
186.84.21.136 - - [20/Jan/2024:08:19:57 -0500] "GET /sipse/faces/javax.faces.resource/primefaces.js?ln=primefaces&v=4.0 HTTP/1.1" 304 -
186.84.21.136 - - [20/Jan/2024:08:19:57 -0500] "GET /sipse/faces/javax.faces.resource/layout/layout.js?ln=primefaces&v=4.0 HTTP/1.1" 304 -
186.84.21.136 - - [20/Jan/2024:08:19:57 -0500] "POST /sipse/faces/presentacion/financiero/solicitudProceso/listarSolicitudProceso.xhtml HTTP/1.1" 200 1560
27.115.124.109 - - [20/Jan/2024:08:19:59 -0500] "GET /sipse/faces/index.xhtml HTTP/1.1" 200 677
27.115.124.109 - - [20/Jan/2024:08:20:00 -0500] "GET /sipse/faces/javax.faces.resource/theme.css?ln=primefaces-sipse HTTP/1.1" 200 50058
186.84.21.136 - - [20/Jan/2024:08:20:01 -0500] "POST /sipse/faces/presentacion/financiero/solicitudProceso/listarSolicitudProceso.xhtml HTTP/1.1" 200 23507
186.84.21.136 - - [20/Jan/2024:08:20:03 -0500] "POST /sipse/faces/presentacion/financiero/solicitudProceso/listarSolicitudProceso.xhtml HTTP/1.1" 200 32826
186.84.21.136 - - [20/Jan/2024:08:20:04 -0500] "POST /sipse/faces/presentacion/financiero/solicitudProceso/listarSolicitudProceso.xhtml HTTP/1.1" 200 33362
186.84.21.136 - - [20/Jan/2024:08:20:05 -0500] "POST /sipse/faces/presentacion/financiero/solicitudProceso/listarSolicitudProceso.xhtml HTTP/1.1" 200 32018
27.115.124.109 - - [20/Jan/2024:08:20:05 -0500] "GET /sipse/faces/faces/autenticacion.xhtml HTTP/1.1" 200 12403
172.22.2.4 - - [20/Jan/2024:08:18:27 -0500] "GET /BLA/boletinlegal/ HTTP/1.1" 200 58666
190.27.20.78 - - [20/Jan/2024:08:20:06 -0500] "POST /sipse/faces/presentacion/financiero/solicitudProceso/consultarSolicitudProceso.xhtml HTTP/1.1" 200 2666756
190.27.20.78 - - [20/Jan/2024:08:20:12 -0500] "POST /sipse/faces/presentacion/financiero/solicitudProceso/consultarSolicitudProceso.xhtml HTTP/1.1" 200 38491
186.84.21.136 - - [20/Jan/2024:08:20:14 -0500] "POST /sipse/faces/presentacion/financiero/solicitudProceso/listarSolicitudProceso.xhtml HTTP/1.1" 200 3417
186.84.21.136 - - [20/Jan/2024:08:20:15 -0500] "POST /sipse/faces/presentacion/financiero/solicitudProceso/listarSolicitudProceso.xhtml HTTP/1.1" 200 40844
186.84.21.136 - - [20/Jan/2024:08:20:15 -0500] "GET /sipse/faces/javax.faces.resource/theme.css?ln=primefaces-sipse HTTP/1.1" 304 -
186.84.21.136 - - [20/Jan/2024:08:20:15 -0500] "GET /sipse/faces/javax.faces.resource/primefaces.css?ln=primefaces&v=4.0 HTTP/1.1" 304 -
186.84.21.136 - - [20/Jan/2024:08:20:15 -0500] "GET /sipse/faces/javax.faces.resource/layout/layout.css?ln=primefaces&v=4.0 HTTP/1.1" 304 -
186.84.21.136 - - [20/Jan/2024:08:20:15 -0500] "GET /sipse/faces/javax.faces.resource/jquery/jquery.js?ln=primefaces&v=4.0 HTTP/1.1" 304 -
186.84.21.136 - - [20/Jan/2024:08:20:15 -0500] "GET /sipse/faces/javax.faces.resource/jquery/jquery-plugins.js?ln=primefaces&v=4.0 HTTP/1.1" 304 -
186.84.21.136 - - [20/Jan/2024:08:20:15 -0500] "GET /sipse/faces/javax.faces.resource/primefaces.js?ln=primefaces&v=4.0 HTTP/1.1" 304 -
186.84.21.136 - - [20/Jan/2024:08:20:15 -0500] "GET /sipse/faces/javax.faces.resource/layout/layout.js?ln=primefaces&v=4.0 HTTP/1.1" 304 -
186.84.21.136 - - [20/Jan/2024:08:20:15 -0500] "POST /sipse/faces/presentacion/financiero/solicitudProceso/consultar.xhtml HTTP/1.1" 200 34133
201.245.192.253 - - [20/Jan/2024:08:20:13 -0500] "POST /kwsrmcab/Wsrmcab HTTP/1.1" 200 36006
190.27.20.78 - - [20/Jan/2024:08:20:17 -0500] "POST /sipse/faces/presentacion/financiero/solicitudProceso/consultarSolicitudProceso.xhtml HTTP/1.1" 200 2204524
186.84.21.136 - - [20/Jan/2024:08:20:19 -0500] "POST /sipse/faces/presentacion/financiero/solicitudProceso/consultar.xhtml HTTP/1.1" 200 12858
190.27.20.78 - - [20/Jan/2024:08:20:22 -0500] "POST /sipse/faces/presentacion/financiero/solicitudProceso/consultarSolicitudProceso.xhtml HTTP/1.1" 200 276618
186.84.21.136 - - [20/Jan/2024:08:20:26 -0500] "POST /sipse/faces/presentacion/financiero/solicitudProceso/consultar.xhtml HTTP/1.1" 200 12912
190.27.20.78 - - [20/Jan/2024:08:20:27 -0500] "POST /sipse/faces/presentacion/financiero/solicitudProceso/consultarSolicitudProceso.xhtml HTTP/1.1" 200 200436
186.84.21.136 - - [20/Jan/2024:08:20:31 -0500] "POST /sipse/faces/presentacion/financiero/solicitudProceso/consultar.xhtml HTTP/1.1" 200 12990
186.84.21.136 - - [20/Jan/2024:08:20:39 -0500] "POST /sipse/faces/presentacion/financiero/solicitudProceso/consultar.xhtml HTTP/1.1" 200 12848
27.115.124.38 - - [20/Jan/2024:08:20:40 -0500] "GET /sipse/js/disable_browser_buttons.js HTTP/1.1" 200 3230
27.115.124.70 - - [20/Jan/2024:08:20:40 -0500] "GET /sipse/faces/faces/autenticacion.xhtml HTTP/1.1" 200 12725
27.115.124.38 - - [20/Jan/2024:08:20:41 -0500] "GET /sipse/css/custom_css_sg_prime_login.css HTTP/1.1" 200 443
27.115.124.70 - - [20/Jan/2024:08:20:41 -0500] "GET /sipse/faces/javax.faces.resource/layout/layout.css;jsessionid=JKIpTLlYFarRqBu8h8h3b5ym.undefined?ln=primefaces&v=4.0 HTTP/1.1" 200 542
27.115.124.38 - - [20/Jan/2024:08:20:41 -0500] "GET /sipse/js/funciones.js HTTP/1.1" 200 12592
27.115.124.70 - - [20/Jan/2024:08:20:41 -0500] "GET /sipse/css/custom_css_sg.css HTTP/1.1" 200 9694
27.115.124.109 - - [20/Jan/2024:08:20:41 -0500] "GET /sipse/faces/javax.faces.resource/theme.css?ln=primefaces-sipse HTTP/1.1" 200 50058
27.115.124.101 - - [20/Jan/2024:08:20:41 -0500] "GET /sipse/faces/javax.faces.resource/primefaces.css;jsessionid=JKIpTLlYFarRqBu8h8h3b5ym.undefined?ln=primefaces&v=4.0 HTTP/1.1" 200 53295
27.115.124.38 - - [20/Jan/2024:08:20:42 -0500] "GET /sipse/faces/javax.faces.resource/layout/layout.js;jsessionid=JKIpTLlYFarRqBu8h8h3b5ym.undefined?ln=primefaces&v=4.0 HTTP/1.1" 200 87560
27.115.124.70 - - [20/Jan/2024:08:20:41 -0500] "GET /sipse/faces/javax.faces.resource/jquery/jquery-plugins.js;jsessionid=JKIpTLlYFarRqBu8h8h3b5ym.undefined?ln=primefaces&v=4.0 HTTP/1.1" 200 220526
27.115.124.38 - - [20/Jan/2024:08:20:41 -0500] "GET /sipse/faces/javax.faces.resource/jquery/jquery.js;jsessionid=JKIpTLlYFarRqBu8h8h3b5ym.undefined?ln=primefaces&v=4.0 HTTP/1.1" 200 105384
186.84.21.136 - - [20/Jan/2024:08:20:43 -0500] "POST /sipse/faces/presentacion/financiero/solicitudProceso/consultar.xhtml HTTP/1.1" 200 12978
27.115.124.70 - - [20/Jan/2024:08:20:42 -0500] "GET /sipse/faces/javax.faces.resource/primefaces.js;jsessionid=JKIpTLlYFarRqBu8h8h3b5ym.undefined?ln=primefaces&v=4.0 HTTP/1.1" 200 276924
27.115.124.70 - - [20/Jan/2024:08:20:44 -0500] "GET /sipse/faces/javax.faces.resource/images/ui-icons_898989_256x240.png?ln=primefaces-aristo HTTP/1.1" 200 5355
27.115.124.70 - - [20/Jan/2024:08:20:44 -0500] "GET /sipse/css/imagen/logoSDG.png HTTP/1.1" 200 53064
27.115.124.38 - - [20/Jan/2024:08:20:44 -0500] "GET /sipse/css/imagen/loginimg.png HTTP/1.1" 200 71635
27.115.124.38 - - [20/Jan/2024:08:20:45 -0500] "GET /sipse/faces/faces/index.xhtml HTTP/1.1" 200 677
27.115.124.38 - - [20/Jan/2024:08:20:45 -0500] "GET /sipse/faces/javax.faces.resource/theme.css?ln=primefaces-sipse HTTP/1.1" 200 50058
27.115.124.38 - - [20/Jan/2024:08:20:46 -0500] "GET /sipse/faces/faces/faces/autenticacion.xhtml HTTP/1.1" 200 12403
27.115.124.70 - - [20/Jan/2024:08:20:47 -0500] "GET /sipse/js/disable_browser_buttons.js HTTP/1.1" 200 3230
27.115.124.70 - - [20/Jan/2024:08:20:47 -0500] "GET /sipse/js/funciones.js HTTP/1.1" 200 12592
27.115.124.101 - - [20/Jan/2024:08:20:47 -0500] "GET /sipse/css/custom_css_sg_prime_login.css HTTP/1.1" 200 443
27.115.124.109 - - [20/Jan/2024:08:20:47 -0500] "GET /sipse/faces/javax.faces.resource/theme.css?ln=primefaces-sipse HTTP/1.1" 200 26090
27.115.124.38 - - [20/Jan/2024:08:20:47 -0500] "GET /sipse/css/custom_css_sg.css HTTP/1.1" 200 9694
186.84.21.136 - - [20/Jan/2024:08:20:48 -0500] "POST /sipse/faces/presentacion/financiero/solicitudProceso/consultar.xhtml HTTP/1.1" 200 12907
186.84.21.136 - - [20/Jan/2024:08:20:58 -0500] "POST /sipse/faces/presentacion/financiero/solicitudProceso/consultar.xhtml HTTP/1.1" 200 12786
186.84.21.136 - - [20/Jan/2024:08:21:04 -0500] "POST /sipse/faces/presentacion/financiero/solicitudProceso/consultar.xhtml HTTP/1.1" 200 12797
190.27.20.78 - - [20/Jan/2024:08:21:06 -0500] "POST /sipse/faces/presentacion/financiero/solicitudProceso/consultarSolicitudProceso.xhtml HTTP/1.1" 200 5457
190.27.20.78 - - [20/Jan/2024:08:21:06 -0500] "GET /sipse/faces/javax.faces.resource/dynamiccontent.properties?ln=primefaces&pfdrid=XjOR5%2F%2FfPAZAuY9TpWQeCiM0BhlXxYRBGKi%2FQcXXfeA%3D&pfdrid_c=false HTTP/1.1" 200 120542
186.84.21.136 - - [20/Jan/2024:08:21:08 -0500] "POST /sipse/faces/presentacion/financiero/solicitudProceso/consultar.xhtml HTTP/1.1" 200 12792
186.84.21.136 - - [20/Jan/2024:08:21:12 -0500] "POST /sipse/faces/presentacion/financiero/solicitudProceso/consultar.xhtml HTTP/1.1" 200 12850
186.84.21.136 - - [20/Jan/2024:08:21:15 -0500] "POST /sipse/faces/presentacion/financiero/solicitudProceso/consultar.xhtml HTTP/1.1" 200 12915
186.84.21.136 - - [20/Jan/2024:08:21:21 -0500] "POST /sipse/faces/presentacion/financiero/solicitudProceso/consultar.xhtml HTTP/1.1" 200 12829
186.84.21.136 - - [20/Jan/2024:08:21:27 -0500] "POST /sipse/faces/presentacion/financiero/solicitudProceso/consultar.xhtml HTTP/1.1" 200 13495
186.84.21.136 - - [20/Jan/2024:08:21:31 -0500] "POST /sipse/faces/presentacion/financiero/solicitudProceso/consultar.xhtml HTTP/1.1" 200 12966
123.6.49.9 - - [20/Jan/2024:08:21:34 -0500] "GET / HTTP/1.1" 200 319
186.84.21.136 - - [20/Jan/2024:08:21:37 -0500] "POST /sipse/faces/presentacion/financiero/solicitudProceso/consultar.xhtml HTTP/1.1" 200 13106
186.84.21.136 - - [20/Jan/2024:08:21:41 -0500] "POST /sipse/faces/presentacion/financiero/solicitudProceso/consultar.xhtml HTTP/1.1" 200 13168
186.84.21.136 - - [20/Jan/2024:08:21:45 -0500] "POST /sipse/faces/presentacion/financiero/solicitudProceso/consultar.xhtml HTTP/1.1" 200 12961
186.84.21.136 - - [20/Jan/2024:08:21:50 -0500] "POST /sipse/faces/presentacion/financiero/solicitudProceso/consultar.xhtml HTTP/1.1" 200 12948
186.84.21.136 - - [20/Jan/2024:08:21:55 -0500] "POST /sipse/faces/presentacion/financiero/solicitudProceso/consultar.xhtml HTTP/1.1" 200 13135
27.115.124.118 - - [20/Jan/2024:08:22:00 -0500] "GET /sipse/js/disable_browser_buttons.js HTTP/1.1" 200 3230
27.115.124.70 - - [20/Jan/2024:08:22:00 -0500] "GET /sipse/faces/autenticacion.xhtml HTTP/1.1" 200 12725
27.115.124.101 - - [20/Jan/2024:08:22:01 -0500] "GET /sipse/css/custom_css_sg.css HTTP/1.1" 200 9694
27.115.124.6 - - [20/Jan/2024:08:22:01 -0500] "GET /sipse/css/custom_css_sg_prime_login.css HTTP/1.1" 200 443
27.115.124.70 - - [20/Jan/2024:08:22:01 -0500] "GET /sipse/faces/javax.faces.resource/layout/layout.css;jsessionid=JzJ9reC3EwGNcwFsCZzOI07x.undefined?ln=primefaces&v=4.0 HTTP/1.1" 200 542
27.115.124.118 - - [20/Jan/2024:08:22:01 -0500] "GET /sipse/js/funciones.js HTTP/1.1" 200 12592
27.115.124.38 - - [20/Jan/2024:08:22:01 -0500] "GET /sipse/faces/javax.faces.resource/theme.css?ln=primefaces-sipse HTTP/1.1" 200 50058
27.115.124.53 - - [20/Jan/2024:08:22:01 -0500] "GET /sipse/faces/javax.faces.resource/primefaces.css;jsessionid=JzJ9reC3EwGNcwFsCZzOI07x.undefined?ln=primefaces&v=4.0 HTTP/1.1" 200 53295
27.115.124.101 - - [20/Jan/2024:08:22:02 -0500] "GET /sipse/faces/javax.faces.resource/layout/layout.js;jsessionid=JzJ9reC3EwGNcwFsCZzOI07x.undefined?ln=primefaces&v=4.0 HTTP/1.1" 200 87560
27.115.124.6 - - [20/Jan/2024:08:22:01 -0500] "GET /sipse/faces/javax.faces.resource/jquery/jquery.js;jsessionid=JzJ9reC3EwGNcwFsCZzOI07x.undefined?ln=primefaces&v=4.0 HTTP/1.1" 200 105384
27.115.124.70 - - [20/Jan/2024:08:22:01 -0500] "GET /sipse/faces/javax.faces.resource/jquery/jquery-plugins.js;jsessionid=JzJ9reC3EwGNcwFsCZzOI07x.undefined?ln=primefaces&v=4.0 HTTP/1.1" 200 220526
186.84.21.136 - - [20/Jan/2024:08:22:05 -0500] "POST /sipse/faces/presentacion/financiero/solicitudProceso/consultar.xhtml HTTP/1.1" 200 12823
27.115.124.118 - - [20/Jan/2024:08:22:02 -0500] "GET /sipse/faces/javax.faces.resource/primefaces.js;jsessionid=JzJ9reC3EwGNcwFsCZzOI07x.undefined?ln=primefaces&v=4.0 HTTP/1.1" 200 172032
186.84.21.136 - - [20/Jan/2024:08:22:09 -0500] "POST /sipse/faces/presentacion/financiero/solicitudProceso/consultar.xhtml HTTP/1.1" 200 12955
186.155.16.190 - - [20/Jan/2024:08:22:21 -0500] "POST /sipse/faces/presentacion/financiero/solicitudProceso/consultarSolicitudProceso.xhtml HTTP/1.1" 200 911
186.155.16.190 - - [20/Jan/2024:08:22:23 -0500] "GET /sipse/faces/faces/faces/faces/autenticacion HTTP/1.1" 302 -
186.155.16.190 - - [20/Jan/2024:08:22:23 -0500] "GET /sipse/faces/autenticacion.xhtml HTTP/1.1" 200 12403
186.155.16.190 - - [20/Jan/2024:08:22:23 -0500] "GET /sipse/faces/javax.faces.resource/primefaces.js?ln=primefaces&v=4.0 HTTP/1.1" 304 -
186.155.16.190 - - [20/Jan/2024:08:22:23 -0500] "GET /sipse/faces/javax.faces.resource/layout/layout.css?ln=primefaces&v=4.0 HTTP/1.1" 200 542
186.155.16.190 - - [20/Jan/2024:08:22:23 -0500] "GET /sipse/faces/javax.faces.resource/jquery/jquery.js?ln=primefaces&v=4.0 HTTP/1.1" 304 -
186.155.16.190 - - [20/Jan/2024:08:22:23 -0500] "GET /sipse/faces/javax.faces.resource/jquery/jquery-plugins.js?ln=primefaces&v=4.0 HTTP/1.1" 304 -
186.155.16.190 - - [20/Jan/2024:08:22:23 -0500] "GET /sipse/faces/javax.faces.resource/layout/layout.js?ln=primefaces&v=4.0 HTTP/1.1" 304 -
186.155.16.190 - - [20/Jan/2024:08:22:23 -0500] "GET /sipse/faces/javax.faces.resource/primefaces.css?ln=primefaces&v=4.0 HTTP/1.1" 200 53295
186.155.16.190 - - [20/Jan/2024:08:22:23 -0500] "GET /sipse/faces/javax.faces.resource/theme.css?ln=primefaces-sipse HTTP/1.1" 200 50058
186.155.16.190 - - [20/Jan/2024:08:22:23 -0500] "GET /sipse/faces/javax.faces.resource/images/ui-icons_898989_256x240.png?ln=primefaces-aristo HTTP/1.1" 200 5355
186.155.16.190 - - [20/Jan/2024:08:22:24 -0500] "GET /favicon.ico HTTP/1.1" 200 7782
186.84.21.136 - - [20/Jan/2024:08:22:23 -0500] "POST /sipse/faces/presentacion/financiero/solicitudProceso/consultar.xhtml HTTP/1.1" 200 13056
186.155.16.190 - - [20/Jan/2024:08:22:25 -0500] "POST /sipse/faces/autenticacion.xhtml HTTP/1.1" 200 2225
186.155.16.190 - - [20/Jan/2024:08:22:25 -0500] "GET /sipse/faces/javax.faces.resource/messages/messages.png?ln=primefaces&v=4.0 HTTP/1.1" 304 -
186.155.16.190 - - [20/Jan/2024:08:22:26 -0500] "POST /sipse/faces/autenticacion.xhtml HTTP/1.1" 200 16461
186.155.16.190 - - [20/Jan/2024:08:22:26 -0500] "GET /sipse/faces/javax.faces.resource/jquery/jquery.js?ln=primefaces&v=4.0 HTTP/1.1" 304 -
186.155.16.190 - - [20/Jan/2024:08:22:26 -0500] "GET /sipse/faces/javax.faces.resource/jquery/jquery-plugins.js?ln=primefaces&v=4.0 HTTP/1.1" 304 -
186.155.16.190 - - [20/Jan/2024:08:22:27 -0500] "GET /sipse/faces/javax.faces.resource/primefaces.js?ln=primefaces&v=4.0 HTTP/1.1" 304 -
186.155.16.190 - - [20/Jan/2024:08:22:27 -0500] "GET /sipse/faces/javax.faces.resource/layout/layout.js?ln=primefaces&v=4.0 HTTP/1.1" 304 -
186.155.16.190 - - [20/Jan/2024:08:22:28 -0500] "GET /sipse/faces/javax.faces.resource/images/ui-bg_flat_0_2d5972_40x100.png?ln=primefaces-aristo HTTP/1.1" 304 -
186.155.16.190 - - [20/Jan/2024:08:22:28 -0500] "POST /sipse/faces/bienvenido.xhtml HTTP/1.1" 200 2658
186.155.16.190 - - [20/Jan/2024:08:22:29 -0500] "POST /sipse/faces/bienvenido.xhtml HTTP/1.1" 200 63288
186.155.16.190 - - [20/Jan/2024:08:22:29 -0500] "GET /sipse/faces/javax.faces.resource/jquery/jquery.js?ln=primefaces&v=4.0 HTTP/1.1" 304 -
186.155.16.190 - - [20/Jan/2024:08:22:29 -0500] "GET /sipse/faces/javax.faces.resource/jquery/jquery-plugins.js?ln=primefaces&v=4.0 HTTP/1.1" 304 -
186.155.16.190 - - [20/Jan/2024:08:22:29 -0500] "GET /sipse/faces/javax.faces.resource/primefaces.js?ln=primefaces&v=4.0 HTTP/1.1" 304 -
186.155.16.190 - - [20/Jan/2024:08:22:29 -0500] "GET /sipse/faces/javax.faces.resource/layout/layout.js?ln=primefaces&v=4.0 HTTP/1.1" 304 -
186.155.16.190 - - [20/Jan/2024:08:22:29 -0500] "POST /sipse/faces/presentacion/financiero/solicitudProceso/listarSolicitudProceso.xhtml HTTP/1.1" 200 1560
186.84.21.136 - - [20/Jan/2024:08:22:29 -0500] "POST /sipse/faces/presentacion/financiero/solicitudProceso/consultar.xhtml HTTP/1.1" 200 13196
186.155.16.190 - - [20/Jan/2024:08:22:32 -0500] "POST /sipse/faces/presentacion/financiero/solicitudProceso/listarSolicitudProceso.xhtml HTTP/1.1" 200 4655
186.84.21.136 - - [20/Jan/2024:08:22:34 -0500] "POST /sipse/faces/presentacion/financiero/solicitudProceso/consultar.xhtml HTTP/1.1" 200 12916
186.155.16.190 - - [20/Jan/2024:08:22:35 -0500] "POST /sipse/faces/presentacion/financiero/solicitudProceso/listarSolicitudProceso.xhtml HTTP/1.1" 200 32257
186.84.21.136 - - [20/Jan/2024:08:22:40 -0500] "POST /sipse/faces/presentacion/financiero/solicitudProceso/consultar.xhtml HTTP/1.1" 200 12992
186.84.21.136 - - [20/Jan/2024:08:22:46 -0500] "POST /sipse/faces/presentacion/financiero/solicitudProceso/consultar.xhtml HTTP/1.1" 200 12789
186.84.21.136 - - [20/Jan/2024:08:22:49 -0500] "POST /sipse/faces/presentacion/financiero/solicitudProceso/consultar.xhtml HTTP/1.1" 200 12856
186.84.21.136 - - [20/Jan/2024:08:23:07 -0500] "POST /sipse/faces/presentacion/financiero/solicitudProceso/consultar.xhtml HTTP/1.1" 200 133926
186.84.21.136 - - [20/Jan/2024:08:23:08 -0500] "GET /sipse/faces/javax.faces.resource/theme.css?ln=primefaces-sipse HTTP/1.1" 304 -
186.84.21.136 - - [20/Jan/2024:08:23:08 -0500] "GET /sipse/faces/javax.faces.resource/primefaces.css?ln=primefaces&v=4.0 HTTP/1.1" 304 -
186.84.21.136 - - [20/Jan/2024:08:23:08 -0500] "GET /sipse/faces/javax.faces.resource/layout/layout.css?ln=primefaces&v=4.0 HTTP/1.1" 304 -
186.84.21.136 - - [20/Jan/2024:08:23:08 -0500] "GET /sipse/faces/javax.faces.resource/jquery/jquery.js?ln=primefaces&v=4.0 HTTP/1.1" 304 -
186.84.21.136 - - [20/Jan/2024:08:23:08 -0500] "GET /sipse/faces/javax.faces.resource/jquery/jquery-plugins.js?ln=primefaces&v=4.0 HTTP/1.1" 304 -
186.84.21.136 - - [20/Jan/2024:08:23:08 -0500] "GET /sipse/faces/javax.faces.resource/primefaces.js?ln=primefaces&v=4.0 HTTP/1.1" 304 -
186.84.21.136 - - [20/Jan/2024:08:23:08 -0500] "GET /sipse/faces/javax.faces.resource/layout/layout.js?ln=primefaces&v=4.0 HTTP/1.1" 304 -
186.84.21.136 - - [20/Jan/2024:08:23:09 -0500] "GET /sipse/faces/javax.faces.resource/dynamiccontent.properties?ln=primefaces&pfdrid=XjOR5%2F%2FfPAZAuY9TpWQeCiM0BhlXxYRBGKi%2FQcXXfeA%3D&pfdrid_c=false HTTP/1.1" 500 383
186.84.21.136 - - [20/Jan/2024:08:23:14 -0500] "POST /sipse/faces/presentacion/financiero/solicitudProceso/consultarSolicitudProceso.xhtml HTTP/1.1" 200 38204
186.84.21.136 - - [20/Jan/2024:08:23:15 -0500] "GET /sipse/faces/javax.faces.resource/theme.css?ln=primefaces-sipse HTTP/1.1" 304 -
186.84.21.136 - - [20/Jan/2024:08:23:15 -0500] "GET /sipse/faces/javax.faces.resource/primefaces.css?ln=primefaces&v=4.0 HTTP/1.1" 304 -
186.84.21.136 - - [20/Jan/2024:08:23:15 -0500] "GET /sipse/faces/javax.faces.resource/layout/layout.css?ln=primefaces&v=4.0 HTTP/1.1" 304 -
186.84.21.136 - - [20/Jan/2024:08:23:15 -0500] "GET /sipse/faces/javax.faces.resource/jquery/jquery.js?ln=primefaces&v=4.0 HTTP/1.1" 304 -
186.84.21.136 - - [20/Jan/2024:08:23:15 -0500] "GET /sipse/faces/javax.faces.resource/primefaces.js?ln=primefaces&v=4.0 HTTP/1.1" 304 -
186.84.21.136 - - [20/Jan/2024:08:23:15 -0500] "GET /sipse/faces/javax.faces.resource/jquery/jquery-plugins.js?ln=primefaces&v=4.0 HTTP/1.1" 304 -
186.84.21.136 - - [20/Jan/2024:08:23:15 -0500] "GET /sipse/faces/javax.faces.resource/layout/layout.js?ln=primefaces&v=4.0 HTTP/1.1" 304 -
201.245.192.253 - - [20/Jan/2024:08:23:43 -0500] "POST /kwsrmcab/Wsrmcab  HTTP/1.1" 200 213
216.245.221.92 - - [20/Jan/2024:08:23:52 -0500] "HEAD / HTTP/1.1" 200 -
186.84.21.136 - - [20/Jan/2024:08:24:23 -0500] "GET /sipse/faces/javax.faces.resource/theme.css?ln=primefaces-sipse HTTP/1.1" 304 -
186.84.21.136 - - [20/Jan/2024:08:24:23 -0500] "GET /sipse/faces/javax.faces.resource/layout/layout.css?ln=primefaces&v=4.0 HTTP/1.1" 304 -
186.84.21.136 - - [20/Jan/2024:08:24:23 -0500] "GET /sipse/faces/javax.faces.resource/jquery/jquery.js?ln=primefaces&v=4.0 HTTP/1.1" 304 -
186.84.21.136 - - [20/Jan/2024:08:24:23 -0500] "GET /sipse/faces/javax.faces.resource/primefaces.css?ln=primefaces&v=4.0 HTTP/1.1" 304 -
186.84.21.136 - - [20/Jan/2024:08:24:23 -0500] "GET /sipse/faces/javax.faces.resource/primefaces.js?ln=primefaces&v=4.0 HTTP/1.1" 304 -
186.84.21.136 - - [20/Jan/2024:08:24:23 -0500] "GET /sipse/faces/javax.faces.resource/jquery/jquery-plugins.js?ln=primefaces&v=4.0 HTTP/1.1" 304 -
186.84.21.136 - - [20/Jan/2024:08:24:23 -0500] "GET /sipse/faces/javax.faces.resource/layout/layout.js?ln=primefaces&v=4.0 HTTP/1.1" 304 -
186.84.21.136 - - [20/Jan/2024:08:24:23 -0500] "POST /sipse/faces/presentacion/financiero/solicitudProceso/consultarHistorialSolProceso.xhtml HTTP/1.1" 200 179672
186.84.21.136 - - [20/Jan/2024:08:24:24 -0500] "GET /sipse/faces/javax.faces.resource/dynamiccontent.properties?ln=primefaces&pfdrid=XjOR5%2F%2FfPAZAuY9TpWQeCiM0BhlXxYRBGKi%2FQcXXfeA%3D&pfdrid_c=false HTTP/1.1" 500 383
186.84.21.136 - - [20/Jan/2024:08:24:45 -0500] "POST /sipse/faces/presentacion/financiero/solicitudProceso/consultarSolicitudProceso.xhtml HTTP/1.1" 200 43921
186.84.21.136 - - [20/Jan/2024:08:24:46 -0500] "GET /sipse/faces/javax.faces.resource/theme.css?ln=primefaces-sipse HTTP/1.1" 304 -
186.84.21.136 - - [20/Jan/2024:08:24:46 -0500] "GET /sipse/faces/javax.faces.resource/primefaces.css?ln=primefaces&v=4.0 HTTP/1.1" 304 -
186.84.21.136 - - [20/Jan/2024:08:24:46 -0500] "GET /sipse/faces/javax.faces.resource/layout/layout.css?ln=primefaces&v=4.0 HTTP/1.1" 304 -
186.84.21.136 - - [20/Jan/2024:08:24:46 -0500] "GET /sipse/faces/javax.faces.resource/jquery/jquery.js?ln=primefaces&v=4.0 HTTP/1.1" 304 -
186.84.21.136 - - [20/Jan/2024:08:24:46 -0500] "GET /sipse/faces/javax.faces.resource/jquery/jquery-plugins.js?ln=primefaces&v=4.0 HTTP/1.1" 304 -
186.84.21.136 - - [20/Jan/2024:08:24:46 -0500] "GET /sipse/faces/javax.faces.resource/primefaces.js?ln=primefaces&v=4.0 HTTP/1.1" 304 -
186.84.21.136 - - [20/Jan/2024:08:24:46 -0500] "GET /sipse/faces/javax.faces.resource/layout/layout.js?ln=primefaces&v=4.0 HTTP/1.1" 304 -
186.84.21.136 - - [20/Jan/2024:08:24:50 -0500] "POST /sipse/faces/presentacion/financiero/solicitudProceso/consultar.xhtml HTTP/1.1" 200 12814
186.84.21.136 - - [20/Jan/2024:08:24:55 -0500] "POST /sipse/faces/presentacion/financiero/solicitudProceso/consultar.xhtml HTTP/1.1" 200 12883
186.84.21.136 - - [20/Jan/2024:08:24:59 -0500] "POST /sipse/faces/presentacion/financiero/solicitudProceso/consultar.xhtml HTTP/1.1" 200 12850
186.84.21.136 - - [20/Jan/2024:08:25:03 -0500] "POST /sipse/faces/presentacion/financiero/solicitudProceso/consultar.xhtml HTTP/1.1" 200 12932
172.22.2.4 - - [20/Jan/2024:08:23:27 -0500] "HEAD /BLA/boletinlegal/ HTTP/1.1" 200 -
186.84.21.136 - - [20/Jan/2024:08:25:07 -0500] "POST /sipse/faces/presentacion/financiero/solicitudProceso/consultar.xhtml HTTP/1.1" 200 12809
201.245.192.253 - - [20/Jan/2024:08:25:06 -0500] "POST /kwsrmcab/Wsrmcab HTTP/1.1" 200 38835
201.245.192.253 - - [20/Jan/2024:08:25:09 -0500] "POST /kwsrmcab/Wsrmcab HTTP/1.1" 200 36006
186.84.21.136 - - [20/Jan/2024:08:25:12 -0500] "POST /sipse/faces/presentacion/financiero/solicitudProceso/consultar.xhtml HTTP/1.1" 200 13128
186.84.21.136 - - [20/Jan/2024:08:25:15 -0500] "POST /sipse/faces/presentacion/financiero/solicitudProceso/consultar.xhtml HTTP/1.1" 200 13079
186.84.21.136 - - [20/Jan/2024:08:25:19 -0500] "POST /sipse/faces/presentacion/financiero/solicitudProceso/consultar.xhtml HTTP/1.1" 200 12822
186.84.21.136 - - [20/Jan/2024:08:25:24 -0500] "POST /sipse/faces/presentacion/financiero/solicitudProceso/consultar.xhtml HTTP/1.1" 200 13038
186.84.21.136 - - [20/Jan/2024:08:25:29 -0500] "POST /sipse/faces/presentacion/financiero/solicitudProceso/consultar.xhtml HTTP/1.1" 200 12874
186.84.21.136 - - [20/Jan/2024:08:25:36 -0500] "POST /sipse/faces/presentacion/financiero/solicitudProceso/consultar.xhtml HTTP/1.1" 200 12885
186.84.21.136 - - [20/Jan/2024:08:25:44 -0500] "POST /sipse/faces/presentacion/financiero/solicitudProceso/consultar.xhtml HTTP/1.1" 200 12918
186.84.21.136 - - [20/Jan/2024:08:25:50 -0500] "POST /sipse/faces/presentacion/financiero/solicitudProceso/consultar.xhtml HTTP/1.1" 200 12805
172.22.2.4 - - [20/Jan/2024:08:24:17 -0500] "GET /BLA/boletinlegal/ HTTP/1.1" 200 60529
186.84.21.136 - - [20/Jan/2024:08:26:03 -0500] "POST /sipse/faces/presentacion/financiero/solicitudProceso/consultar.xhtml HTTP/1.1" 200 9857
186.84.21.136 - - [20/Jan/2024:08:26:12 -0500] "POST /sipse/faces/presentacion/financiero/solicitudProceso/consultar.xhtml HTTP/1.1" 200 9857
186.84.21.136 - - [20/Jan/2024:08:26:20 -0500] "POST /sipse/faces/presentacion/financiero/solicitudProceso/consultar.xhtml HTTP/1.1" 200 12740
186.84.21.136 - - [20/Jan/2024:08:26:25 -0500] "POST /sipse/faces/presentacion/financiero/solicitudProceso/consultar.xhtml HTTP/1.1" 200 12975
186.84.21.136 - - [20/Jan/2024:08:26:40 -0500] "POST /sipse/faces/presentacion/financiero/solicitudProceso/consultar.xhtml HTTP/1.1" 200 13029
186.84.21.136 - - [20/Jan/2024:08:26:48 -0500] "POST /sipse/faces/presentacion/financiero/solicitudProceso/consultar.xhtml HTTP/1.1" 200 23085
186.84.21.136 - - [20/Jan/2024:08:27:01 -0500] "POST /sipse/faces/presentacion/financiero/solicitudProceso/consultar.xhtml HTTP/1.1" 200 64990
186.84.21.136 - - [20/Jan/2024:08:27:02 -0500] "GET /sipse/faces/javax.faces.resource/theme.css?ln=primefaces-sipse HTTP/1.1" 304 -
186.84.21.136 - - [20/Jan/2024:08:27:02 -0500] "GET /sipse/faces/javax.faces.resource/primefaces.css?ln=primefaces&v=4.0 HTTP/1.1" 304 -
186.84.21.136 - - [20/Jan/2024:08:27:02 -0500] "GET /sipse/faces/javax.faces.resource/layout/layout.css?ln=primefaces&v=4.0 HTTP/1.1" 304 -
186.84.21.136 - - [20/Jan/2024:08:27:02 -0500] "GET /sipse/faces/javax.faces.resource/jquery/jquery.js?ln=primefaces&v=4.0 HTTP/1.1" 304 -
186.84.21.136 - - [20/Jan/2024:08:27:02 -0500] "GET /sipse/faces/javax.faces.resource/jquery/jquery-plugins.js?ln=primefaces&v=4.0 HTTP/1.1" 304 -
186.84.21.136 - - [20/Jan/2024:08:27:02 -0500] "GET /sipse/faces/javax.faces.resource/primefaces.js?ln=primefaces&v=4.0 HTTP/1.1" 304 -
186.84.21.136 - - [20/Jan/2024:08:27:02 -0500] "GET /sipse/faces/javax.faces.resource/layout/layout.js?ln=primefaces&v=4.0 HTTP/1.1" 304 -
186.84.21.136 - - [20/Jan/2024:08:27:02 -0500] "POST /sipse/faces/presentacion/financiero/solicitudProceso/listarSolicitudProceso.xhtml HTTP/1.1" 200 58253
186.84.21.136 - - [20/Jan/2024:08:27:03 -0500] "POST /sipse/faces/presentacion/financiero/solicitudProceso/listarSolicitudProceso.xhtml HTTP/1.1" 200 1560
186.84.21.136 - - [20/Jan/2024:08:27:03 -0500] "POST /sipse/faces/presentacion/financiero/solicitudProceso/listarSolicitudProceso.xhtml HTTP/1.1" 200 1552
186.84.21.136 - - [20/Jan/2024:08:27:05 -0500] "POST /sipse/faces/presentacion/financiero/solicitudProceso/listarSolicitudProceso.xhtml HTTP/1.1" 200 40844
186.84.21.136 - - [20/Jan/2024:08:27:05 -0500] "GET /sipse/faces/javax.faces.resource/theme.css?ln=primefaces-sipse HTTP/1.1" 304 -
186.84.21.136 - - [20/Jan/2024:08:27:05 -0500] "GET /sipse/faces/javax.faces.resource/layout/layout.css?ln=primefaces&v=4.0 HTTP/1.1" 304 -
186.84.21.136 - - [20/Jan/2024:08:27:05 -0500] "GET /sipse/faces/javax.faces.resource/primefaces.css?ln=primefaces&v=4.0 HTTP/1.1" 304 -
186.84.21.136 - - [20/Jan/2024:08:27:05 -0500] "GET /sipse/faces/javax.faces.resource/jquery/jquery.js?ln=primefaces&v=4.0 HTTP/1.1" 304 -
186.84.21.136 - - [20/Jan/2024:08:27:05 -0500] "GET /sipse/faces/javax.faces.resource/jquery/jquery-plugins.js?ln=primefaces&v=4.0 HTTP/1.1" 304 -
186.84.21.136 - - [20/Jan/2024:08:27:06 -0500] "GET /sipse/faces/javax.faces.resource/primefaces.js?ln=primefaces&v=4.0 HTTP/1.1" 304 -
186.84.21.136 - - [20/Jan/2024:08:27:06 -0500] "GET /sipse/faces/javax.faces.resource/layout/layout.js?ln=primefaces&v=4.0 HTTP/1.1" 304 -
186.84.21.136 - - [20/Jan/2024:08:27:06 -0500] "POST /sipse/faces/presentacion/financiero/solicitudProceso/consultar.xhtml HTTP/1.1" 200 34133
186.84.21.136 - - [20/Jan/2024:08:27:06 -0500] "POST /sipse/faces/presentacion/financiero/solicitudProceso/consultar.xhtml HTTP/1.1" 200 34133
186.84.21.136 - - [20/Jan/2024:08:27:45 -0500] "POST /sipse/faces/presentacion/financiero/solicitudProceso/consultar.xhtml HTTP/1.1" 200 12965
186.84.21.136 - - [20/Jan/2024:08:27:57 -0500] "POST /sipse/faces/presentacion/financiero/solicitudProceso/consultar.xhtml HTTP/1.1" 200 12829
186.84.21.136 - - [20/Jan/2024:08:28:03 -0500] "POST /sipse/faces/presentacion/financiero/solicitudProceso/consultar.xhtml HTTP/1.1" 200 12927
186.84.21.136 - - [20/Jan/2024:08:28:15 -0500] "POST /sipse/faces/presentacion/financiero/solicitudProceso/consultar.xhtml HTTP/1.1" 200 12933
186.84.21.136 - - [20/Jan/2024:08:28:24 -0500] "POST /sipse/faces/presentacion/financiero/solicitudProceso/consultar.xhtml HTTP/1.1" 200 12866
186.84.21.136 - - [20/Jan/2024:08:28:30 -0500] "POST /sipse/faces/presentacion/financiero/solicitudProceso/consultar.xhtml HTTP/1.1" 200 12990
186.84.21.136 - - [20/Jan/2024:08:28:34 -0500] "POST /sipse/faces/presentacion/financiero/solicitudProceso/consultar.xhtml HTTP/1.1" 200 145272
186.84.21.136 - - [20/Jan/2024:08:28:36 -0500] "GET /sipse/faces/javax.faces.resource/theme.css?ln=primefaces-sipse HTTP/1.1" 304 -
186.84.21.136 - - [20/Jan/2024:08:28:36 -0500] "GET /sipse/faces/javax.faces.resource/primefaces.css?ln=primefaces&v=4.0 HTTP/1.1" 304 -
186.84.21.136 - - [20/Jan/2024:08:28:36 -0500] "GET /sipse/faces/javax.faces.resource/layout/layout.css?ln=primefaces&v=4.0 HTTP/1.1" 304 -
186.84.21.136 - - [20/Jan/2024:08:28:36 -0500] "GET /sipse/faces/javax.faces.resource/jquery/jquery.js?ln=primefaces&v=4.0 HTTP/1.1" 304 -
186.84.21.136 - - [20/Jan/2024:08:28:36 -0500] "GET /sipse/faces/javax.faces.resource/jquery/jquery-plugins.js?ln=primefaces&v=4.0 HTTP/1.1" 304 -
186.84.21.136 - - [20/Jan/2024:08:28:36 -0500] "GET /sipse/faces/javax.faces.resource/primefaces.js?ln=primefaces&v=4.0 HTTP/1.1" 304 -
186.84.21.136 - - [20/Jan/2024:08:28:36 -0500] "GET /sipse/faces/javax.faces.resource/layout/layout.js?ln=primefaces&v=4.0 HTTP/1.1" 304 -
186.84.21.136 - - [20/Jan/2024:08:28:37 -0500] "GET /sipse/faces/javax.faces.resource/dynamiccontent.properties?ln=primefaces&pfdrid=XjOR5%2F%2FfPAZAuY9TpWQeCiM0BhlXxYRBGKi%2FQcXXfeA%3D&pfdrid_c=false HTTP/1.1" 500 383
201.245.192.253 - - [20/Jan/2024:08:28:41 -0500] "POST /kwsrmcab/Wsrmcab  HTTP/1.1" 200 213
186.84.21.136 - - [20/Jan/2024:08:28:48 -0500] "POST /sipse/faces/presentacion/financiero/solicitudProceso/consultarSolicitudProceso.xhtml HTTP/1.1" 200 44055
186.84.21.136 - - [20/Jan/2024:08:28:48 -0500] "GET /sipse/faces/javax.faces.resource/theme.css?ln=primefaces-sipse HTTP/1.1" 304 -
186.84.21.136 - - [20/Jan/2024:08:28:48 -0500] "GET /sipse/faces/javax.faces.resource/primefaces.css?ln=primefaces&v=4.0 HTTP/1.1" 304 -
186.84.21.136 - - [20/Jan/2024:08:28:48 -0500] "GET /sipse/faces/javax.faces.resource/layout/layout.css?ln=primefaces&v=4.0 HTTP/1.1" 304 -
186.84.21.136 - - [20/Jan/2024:08:28:48 -0500] "GET /sipse/faces/javax.faces.resource/jquery/jquery.js?ln=primefaces&v=4.0 HTTP/1.1" 304 -
186.84.21.136 - - [20/Jan/2024:08:28:48 -0500] "GET /sipse/faces/javax.faces.resource/jquery/jquery-plugins.js?ln=primefaces&v=4.0 HTTP/1.1" 304 -
186.84.21.136 - - [20/Jan/2024:08:28:49 -0500] "GET /sipse/faces/javax.faces.resource/primefaces.js?ln=primefaces&v=4.0 HTTP/1.1" 304 -
186.84.21.136 - - [20/Jan/2024:08:28:49 -0500] "GET /sipse/faces/javax.faces.resource/layout/layout.js?ln=primefaces&v=4.0 HTTP/1.1" 304 -
186.84.21.136 - - [20/Jan/2024:08:28:49 -0500] "POST /sipse/faces/presentacion/financiero/solicitudProceso/consultar.xhtml HTTP/1.1" 200 37344
186.84.21.136 - - [20/Jan/2024:08:28:49 -0500] "POST /sipse/faces/presentacion/financiero/solicitudProceso/consultar.xhtml HTTP/1.1" 200 37344
186.84.21.136 - - [20/Jan/2024:08:28:49 -0500] "POST /sipse/faces/presentacion/financiero/solicitudProceso/consultar.xhtml HTTP/1.1" 200 37344
186.84.21.136 - - [20/Jan/2024:08:28:49 -0500] "POST /sipse/faces/presentacion/financiero/solicitudProceso/consultar.xhtml HTTP/1.1" 200 37344
216.245.221.92 - - [20/Jan/2024:08:28:52 -0500] "HEAD / HTTP/1.1" 200 -
186.84.21.136 - - [20/Jan/2024:08:28:57 -0500] "POST /sipse/faces/presentacion/financiero/solicitudProceso/consultar.xhtml HTTP/1.1" 200 37344
186.84.21.136 - - [20/Jan/2024:08:28:57 -0500] "POST /sipse/faces/presentacion/financiero/solicitudProceso/consultar.xhtml HTTP/1.1" 200 37344
186.84.21.136 - - [20/Jan/2024:08:28:58 -0500] "POST /sipse/faces/presentacion/financiero/solicitudProceso/consultar.xhtml HTTP/1.1" 200 37344
186.84.21.136 - - [20/Jan/2024:08:28:58 -0500] "POST /sipse/faces/presentacion/financiero/solicitudProceso/consultar.xhtml HTTP/1.1" 200 37344
186.84.21.136 - - [20/Jan/2024:08:28:58 -0500] "POST /sipse/faces/presentacion/financiero/solicitudProceso/consultar.xhtml HTTP/1.1" 200 37344
186.84.21.136 - - [20/Jan/2024:08:28:58 -0500] "POST /sipse/faces/presentacion/financiero/solicitudProceso/consultar.xhtml HTTP/1.1" 200 37344
186.84.21.136 - - [20/Jan/2024:08:29:00 -0500] "POST /sipse/faces/presentacion/financiero/solicitudProceso/consultar.xhtml HTTP/1.1" 200 64990
186.84.21.136 - - [20/Jan/2024:08:29:01 -0500] "GET /sipse/faces/javax.faces.resource/theme.css?ln=primefaces-sipse HTTP/1.1" 304 -
186.84.21.136 - - [20/Jan/2024:08:29:01 -0500] "GET /sipse/faces/javax.faces.resource/primefaces.css?ln=primefaces&v=4.0 HTTP/1.1" 304 -
186.84.21.136 - - [20/Jan/2024:08:29:01 -0500] "GET /sipse/faces/javax.faces.resource/layout/layout.css?ln=primefaces&v=4.0 HTTP/1.1" 304 -
186.84.21.136 - - [20/Jan/2024:08:29:01 -0500] "GET /sipse/faces/javax.faces.resource/jquery/jquery.js?ln=primefaces&v=4.0 HTTP/1.1" 304 -
186.84.21.136 - - [20/Jan/2024:08:29:01 -0500] "GET /sipse/faces/javax.faces.resource/jquery/jquery-plugins.js?ln=primefaces&v=4.0 HTTP/1.1" 304 -
186.84.21.136 - - [20/Jan/2024:08:29:01 -0500] "GET /sipse/faces/javax.faces.resource/primefaces.js?ln=primefaces&v=4.0 HTTP/1.1" 304 -
186.84.21.136 - - [20/Jan/2024:08:29:01 -0500] "GET /sipse/faces/javax.faces.resource/layout/layout.js?ln=primefaces&v=4.0 HTTP/1.1" 304 -
186.84.21.136 - - [20/Jan/2024:08:29:01 -0500] "POST /sipse/faces/presentacion/financiero/solicitudProceso/listarSolicitudProceso.xhtml HTTP/1.1" 200 58253
186.84.21.136 - - [20/Jan/2024:08:29:02 -0500] "POST /sipse/faces/presentacion/financiero/solicitudProceso/listarSolicitudProceso.xhtml HTTP/1.1" 200 58253
186.84.21.136 - - [20/Jan/2024:08:29:02 -0500] "POST /sipse/faces/presentacion/financiero/solicitudProceso/listarSolicitudProceso.xhtml HTTP/1.1" 200 58253
186.84.21.136 - - [20/Jan/2024:08:29:03 -0500] "POST /sipse/faces/presentacion/financiero/solicitudProceso/listarSolicitudProceso.xhtml HTTP/1.1" 200 58253
186.84.21.136 - - [20/Jan/2024:08:29:03 -0500] "POST /sipse/faces/presentacion/financiero/solicitudProceso/listarSolicitudProceso.xhtml HTTP/1.1" 200 58253
186.84.21.136 - - [20/Jan/2024:08:29:04 -0500] "POST /sipse/faces/presentacion/financiero/solicitudProceso/listarSolicitudProceso.xhtml HTTP/1.1" 200 1560
186.84.21.136 - - [20/Jan/2024:08:29:04 -0500] "POST /sipse/faces/presentacion/financiero/solicitudProceso/listarSolicitudProceso.xhtml HTTP/1.1" 200 1552
186.84.21.136 - - [20/Jan/2024:08:29:04 -0500] "POST /sipse/faces/presentacion/financiero/solicitudProceso/listarSolicitudProceso.xhtml HTTP/1.1" 200 1564
186.84.21.136 - - [20/Jan/2024:08:29:04 -0500] "POST /sipse/faces/presentacion/financiero/solicitudProceso/listarSolicitudProceso.xhtml HTTP/1.1" 200 1552
186.84.21.136 - - [20/Jan/2024:08:29:05 -0500] "POST /sipse/faces/presentacion/financiero/solicitudProceso/listarSolicitudProceso.xhtml HTTP/1.1" 200 1560
186.84.21.136 - - [20/Jan/2024:08:29:05 -0500] "POST /sipse/faces/presentacion/financiero/solicitudProceso/listarSolicitudProceso.xhtml HTTP/1.1" 200 1552
186.84.21.136 - - [20/Jan/2024:08:29:06 -0500] "POST /sipse/faces/presentacion/financiero/solicitudProceso/listarSolicitudProceso.xhtml HTTP/1.1" 200 23503
186.84.21.136 - - [20/Jan/2024:08:29:08 -0500] "POST /sipse/faces/presentacion/financiero/solicitudProceso/listarSolicitudProceso.xhtml HTTP/1.1" 200 32818
186.102.32.185 - - [20/Jan/2024:08:29:13 -0500] "GET /kwssiamovil/sm/ldap/au?x=U2FsdGVkX189IlSdFQ/SDVSC+brJVICZeikW9cc4GLeE+yR+qmt6ex5cj+2auka6&y=U2FsdGVkX19QEFRBKU42sX+c8XBXmUoLWfKsO5PGDBt75VCFm0ucSQ2SjCghkzE4 HTTP/1.1" 200 30
186.102.32.185 - - [20/Jan/2024:08:29:13 -0500] "GET /kwssiamovil/sm/acme/s?s=U2FsdGVkX18L0VY3GOZ2ya6niYGjmClsGwUNeH2FOJX5m4Fk1a2mAXHE4eRJiEFUAItBQZyHPSkyvQi6w6cCepWp4uVEcOv0po+XJmB8adE=&u=U2FsdGVkX18z3pQHlxl54u4EHlDL/VxtfFw8vkNAr1U=&y=U2FsdGVkX19QEFRBKU42sX+c8XBXmUoLWfKsO5PGDBt75VCFm0ucSQ2SjCghkzE4 HTTP/1.1" 200 97
186.102.32.185 - - [20/Jan/2024:08:29:13 -0500] "GET /kwssiamovil/sm/acme/s?s=U2FsdGVkX1+R+0v6JSyF9piJYfxd2uNmHpibh5LbfU/VOZuwJN15yKZEhH5vgdEr9om7l7oG8F0EjCm3H5mbF9Oo+syMNyShj5T0ypn1wtLGpB+hk2ObaNnw4FQ+e/3tHCNp523Fq1W7YxVSJQnzkH0NdTbP2kCdtvDfZxqvD/8TwadPmREfJ215ZPSghcCA96NFLRwXY3pSz4rtZXa05uAupE3o3otOBQjCRtgxPsS4ozep6uzeV5pquUsfEhLwdeuIcHvalcmjwSCkjMzFjyx5xvH4qsNZTJ7Kw9/Z2Q+5mtFlIDefXVoXU3E169K1D34jQ186U9ueWZILSq0yhiyZi5MIoVe/mq4H35QhkW3u49eamzo8qg7ly5GgDqu9tWEmxtCh2OHNEBIHMMflVe76fTNaO7oJ1G2PNOXuWT6FPQ2AxQwxg98eGk2uThPJ601PNNWLHMDgfE3shjphdWnggA1xlCDvCPlNZvHaFiHfPAR2NDsZl+/V1jxN5vkB04JZ/0FNGv/iolW6Mx53BJzYranbatTATraRshegdyE31GnITkqHBxLRB4yYVdkDiTN3ydCbAxBT+c3nyC/e6sPo1l0usVtyE8l6iU6+jUyYXpt7Dd42hFKpnOwbj4EsRetnbWdPX8chWeORgfbxMb5KnBda4A8xkMx0l1DF/FAJqoVo1qLe096L/ySomDXxwhfLQLuuRjYeoqPY/aXLkAf61Drh1sTcvA47GKedEhS8jaGTooK0wb6/e+ePAzdydALNIDQZWRxjiT1uqdkXiMlmYLZHiJiL1nb/5sqDYRLMmQsG2GkiPxJqEB+kYZckAObwBwGqv1mz6u89I9JZXWF0ML+DnxLpUZFrrOEewI61aQ7vvCymErOjRzfQNdTJiRpD93v9xTIFpwMAM7Y3nsn1r0usUiL9l4s+gML2pE53v+rQVXIcgOi9HBj8clLNl3KBzPBoqrveYYRrrCiPZa6MGSqAXZCIYLj/otLo6WanDt2RRsPQa2cxL63Rd6wzKN8eQjBK5Bmx3vyM7K7AMHCCEpUV8KfqSLKP9eCkJfh63ObowHOapykes15NxfI1QtulNm3i3T/TPYRVdm7SIrlF763WQcZW2pOejoJv7pvkjlXU86FJys8pVJwP5U0m8fEa77w5mYa7N6buCUpdrYzhm6ud2Th++cd5WU/zTwD2S1MnukX1Z48AkNUejGC6a1qRPB/jLf6PFp86/n3uOtK8b7GOGA81XPqEPGfay1XMNqT3Qz3CQlMlUzE/4hyV7I/yGWnKF2F9LiRqJcvRIovYGvlVCUP9lC+QIANWtc3YGwwnU5WINt96XegfnlzIulVbXk3lnhaUD2y1pe1WoyaoEt5StjxQerZfaJgxn8RtnVWrjqQpR/uYl9kNJUEfObLtsY25KNPzSZXvAFBFOW7y+g0tGRytZ8kqD2WK1p3bRWXYyopXS7xbMAqz12FvYRWHsXW2gjc8NULNzE75rhjxsb/AOFew17ejgwDs1AM0g+DU/gr+2ICx0UrwmOJ4KE2Plwcm4T4F0p50V258QNg/0jMUhP9lRZDcMPW+VPXHD3ImNHtfYy0DPcNfAOJIxhoXdIJpGf1WkWdla3yLCR9tprjuNZI6oByhXJPxtNcSQa/h2qoCmwasFKRWDW8QOzX1keB5outxbPYGA8cM1eBqQXsV2gPeT/bwEaSaaccLG6lm2CWJOuHXrI6kcUXWUQqW9rFuPlrBio3UgUQdwQw0y+S6bJkmfuB1x13hL7U=&u=U2FsdGVkX18z3pQHlxl54u4EHlDL/VxtfFw8vkNAr1U=&y=U2FsdGVkX19QEFRBKU42sX+c8XBXmUoLWfKsO5PGDBt75VCFm0ucSQ2SjCghkzE4 HTTP/1.1" 200 2353
186.84.21.136 - - [20/Jan/2024:08:29:13 -0500] "POST /sipse/faces/presentacion/financiero/solicitudProceso/listarSolicitudProceso.xhtml HTTP/1.1" 200 911
186.102.32.185 - - [20/Jan/2024:08:29:13 -0500] "GET /kwssiamovil/sm/acme/s?s=U2FsdGVkX19FKHxGz7icVYVdi2tERdfgwJFTB+gpzNcbclEXAq1pZhjPzcZmn1MzbygTRzBtBtKdLHjkX0M8rw7m05K05J1Khn3+wkw9cOrBrGZbRt879/JZm+n92llj91PZUrfA2MxqG3aTCnalu0aBzk8IdPOdL4pvSZYbqnDml2X+PN52tZ73RevzuqA5NhvRAKDNJKyd+U2Y2qV/OzQybYxAq5hKK6RPEvmeq2dfZW6bc4axizHFghtJaeVl5VEYee7CeyXZ6QI1TZ+yMuiuVHugHymKAQp+FCSri3UHmAJ7tttuDjrz1A2XUz3MVXU2jnMaTQAVK+QNfr04X808P1Y7c8V3grtQ4+je/SxHrCgZ3NShhjNJxmMyrMdrLcz2FlUrtKzohK87gN8bvnzYY2zp0D+wJuAut5ms5/7c6WbFzJYs8/056csc9eQrYi6foepJDDQpz2gwKSFC0fIas/4Hcpe/oZ/LU6m/Gy1j8j26EQ1MW9ZYFGPzkOUhtnBREUBCGzkhTiLA1zXghWYpClfiW30tcsmFsoypFb4EO+ahmTNlCqRLrK7c0bDJ1GjfmDkPIrbDv2AB4hEe3ZBVmtMibsrzqGA730QXBBW0UBn7EJ2RBD84PqPtZSRJpHw1tPDIrVDdl9ZYfG49v5TWwTYmtPPEHZaueD/Y4q1eJdPEtfXVxD/EgRT+NObwluiqX5sZ4J8y/0dQx1OS01ppXA0/WS9jrnziqsaqVuz0b982mVqGb4nuPg/U4jzs&u=U2FsdGVkX18z3pQHlxl54u4EHlDL/VxtfFw8vkNAr1U=&y=U2FsdGVkX19QEFRBKU42sX+c8XBXmUoLWfKsO5PGDBt75VCFm0ucSQ2SjCghkzE4 HTTP/1.1" 200 208
186.102.32.185 - - [20/Jan/2024:08:29:14 -0500] "GET /kwssiamovil/sm/cjson/pre?f=1&x=U2FsdGVkX189IlSdFQ/SDVSC+brJVICZeikW9cc4GLeE+yR+qmt6ex5cj+2auka6 HTTP/1.1" 200 31032
201.245.192.253 - - [20/Jan/2024:08:29:31 -0500] "POST /kwsrmcab/Wsrmcab HTTP/1.1" 200 39039
201.245.192.253 - - [20/Jan/2024:08:30:12 -0500] "POST /kwsrmcab/Wsrmcab HTTP/1.1" 200 36006
173.252.107.4 - - [20/Jan/2024:08:30:18 -0500] "GET /bogota-cuenta-con-nuevo-modelo-de-residuos-de-construccion-y-demolicion.html HTTP/1.1" 200 783
172.22.2.4 - - [20/Jan/2024:08:29:16 -0500] "HEAD /BLA/boletinlegal/ HTTP/1.1" 200 -
173.252.83.119 - - [20/Jan/2024:08:30:57 -0500] "GET /images/Caminatas%20(1)%20(2).jpeg HTTP/1.1" 200 81411
186.84.21.136 - - [20/Jan/2024:08:31:44 -0500] "-" 408 -
172.22.2.4 - - [20/Jan/2024:08:30:07 -0500] "GET /BLA/boletinlegal/ HTTP/1.1" 200 58666
201.245.192.253 - - [20/Jan/2024:08:33:39 -0500] "POST /kwsrmcab/Wsrmcab  HTTP/1.1" 200 213
216.245.221.92 - - [20/Jan/2024:08:33:52 -0500] "HEAD / HTTP/1.1" 200 -
201.245.192.253 - - [20/Jan/2024:08:35:06 -0500] "POST /kwsrmcab/Wsrmcab HTTP/1.1" 200 38835
201.245.192.253 - - [20/Jan/2024:08:35:09 -0500] "POST /kwsrmcab/Wsrmcab HTTP/1.1" 200 36006
186.155.16.190 - - [20/Jan/2024:08:36:34 -0500] "-" 408 -
172.22.2.4 - - [20/Jan/2024:08:35:06 -0500] "HEAD /BLA/boletinlegal/ HTTP/1.1" 200 -
186.102.32.185 - - [20/Jan/2024:08:37:25 -0500] "GET /kwssiamovil/sm/ldap/au?x=U2FsdGVkX18neHyo1Y2a1EgyJQwBZR+UV92A5hM7e5in0ZqzVtBZwmkcZwOiNyl6&y=U2FsdGVkX192EwBPjIOzUepeLj25BW4E6jA/IQbQSS2XvmAqxvn0xFWnOU161VVj HTTP/1.1" 200 30
186.102.32.185 - - [20/Jan/2024:08:37:25 -0500] "GET /kwssiamovil/sm/acme/s?s=U2FsdGVkX1/qdcaqtd5o06TwCyb/H6h7yRJooJkxy3xLb7/CqUiCR+Y7Pg8IxUsub9cKBL3DDKzG/yf0pmUro36GhJPpFFFoalbwV16KAP0=&u=U2FsdGVkX1+ZQM0+ZXq9YZev/pStwhhV2NktBkGA+Dc=&y=U2FsdGVkX192EwBPjIOzUepeLj25BW4E6jA/IQbQSS2XvmAqxvn0xFWnOU161VVj HTTP/1.1" 200 97
186.102.32.185 - - [20/Jan/2024:08:37:25 -0500] "GET /kwssiamovil/sm/acme/s?s=U2FsdGVkX19a7IYELxpg/kwjQgHCMkxfw9i2v5N4cZ3IuMG1gPWeZywXNj2vQAWejpCt0PIBtWd037dC8jZ1DQXrPibWFkpKJDWGPJW1OeNZk7pe71wiOfwCOky+0ywW5lf/rwZKrgIRBnHq0wItIpCxg1PUqcp12MW4easqmt3oEzKgTbMNNx9SIUcBbtwy+z4gk5Loxry3a2GsjbkUNI0YBS3hRY/vcgcbFAuL3yO5EaZZK97OItfOhmYZqVGX8+4F8QMB2KJq0XkuIpWSdKmIypfKXn5eMCtW6mW2UUGK1F52mNl/mPPm6vJQO+1Lo+BSPsjwUQcE02nCnH2iUgfuLeRiTehGzPtX/tY4HcQ8Gt+k2nxrXCvUBhn9ElLoE3R0zFNuzWHCv1ucdJvaK0TJOi/nXgHKA+/jhtM8/ZajMi1zWffvDcpMotYB3VQSH+V2kBMva3p/y9ZPpKBC2hl4/yzs1/zkf0NOqhtnyJ3YIabw+Aj3Pjr76OoQ6RkhRO0MuoAOWWUBg1P2GYFniZcCsFZAYMnP+KMexQiIVe3iMYPLmA0r3YRJpyWm7q1fH0cUZR7I0/FIWUN62eiCJ8bCB0x7F/M5BaFtleQqSb/2Hy8AYbN1i9HhnkJU30ZqAvMBiCuIuPeTVdZQ7YMlXsdcUGqA7n742+A/SWs0EklGRdOnNzbW3pRR0coOfgKGaiJTCDrN/X02DoRMyRbMmXExrBguszo1TZ6W64ieYormbIrukc0QV6x2+BsN4XKT128QkWHC77b/ocCnuzEi39z28eicL7xOL1zcP1igEiMd45M7xZnVkE5bit1ZICZE+R9Qda1zFKUtAKwZvwP6Zffp1cBI+S/psFCVqsXlh4L4zAykB6BNw49bCv/qcY2zP1RbJnPW2W+ywHpq1V673b1X6Njdt6C6fLVwbw77HLr3OXA2if7eUf66AEQQ8t56mnRdOl2+0Hq7AxbliOvI/5y7WMgnlDVwwaMd9U16X6xT5KzlRDcQUkEpg2keAmZyhH9nmHxJ6VOvVJfo+d9owMOk0RGEIVLMlZ1cWAPPx3Y3649hYkD7yy5C8e6uhqoy/2XVVVfn32xexkxlMnNBIkgbEFLiF0LZmoZ2Gu7YSiqlot+ecyRTmOiObO2vRXQvssH+QGmz7ySJhE0wKBDgXq0S/R3zvx7yGTvSIrPCIdoTO+Cl3J/4ci4AkWz7b2OSfQXp8V8YXraJ+tMPseHMosLS6rDlhlUihGkRIEtcdkgeoguN7cJ+f85QP3/qZXJAulFphkdq0EkxQMIpVFyDZuglk/CV5tPW22fI4sn6TwIJo4I1EDLziqnjvfZwK9Rkmm68oyO7UY0fUhG7ZGqPqTRrbpWvyrR41ZWXPg7ZuOX4A9Q9961rMvHthlKId7Kc2YYzDtjqfXObuSy2T2rTcZvSWC34be4laabaH0fvagiFOJsyfITsG4T+ftOsHcVLbVu2rYumWJYRMcBeNINTNnW5Ae7CkSMyHeAZRM3NNucGtMjqY6kQbD3rUiUJMtrvUvmUhqtNnvF/i22dE7FVCelH46+mcgHhj5glFrIGP6lUnitTHjqTCTJPLnuWCyMlNAwvXWV6djIWKIyJwbtLdwBsH9MCaOOfR2XRV4v8tmT6QeZ3O98QFxvpgH03yHkQYt0XH+AELCo9MSGAhduQyLm7oPkSrkGB58JnzkQ2IG+HGOuiBK9w/9/T4F9v47frm2hHXFXL5ne73SQ6XqaYfEILHic9XS/tFldITmRY7Hw=&u=U2FsdGVkX1+ZQM0+ZXq9YZev/pStwhhV2NktBkGA+Dc=&y=U2FsdGVkX192EwBPjIOzUepeLj25BW4E6jA/IQbQSS2XvmAqxvn0xFWnOU161VVj HTTP/1.1" 200 2353
186.102.32.185 - - [20/Jan/2024:08:37:25 -0500] "GET /kwssiamovil/sm/acme/s?s=U2FsdGVkX1831gfEE6Hj6+d/SPfApP6ncAgcgsC4NTzPHG7jfRUuX4v88rM+o7ppiCoJadvPUgRknnmONbqXwg+qsP4IIvlw2jvFvU546o4PmOUJYm5z4tZ9BoCq6aKLWNJOv55CD8HU5eHq9ZAGWhdFlldNIvvcf7ls68WzyBBJvQejkfPiEsTNXVVq6UuKBaXKqyB5yyJ2e27IENSZFTXQTwOuvBl0CRy0tntuV2H35I/yjW7WA1qY+bXmGaWZt4z1auiKdixMol+IiUTJ2SO6CdMmkBsW6lZG0kO2Oxg8P6TvK4r3y8RRckyr0x1PYTHc0eIJAOekPWpApgO2imSB3dc97rL16sDET0kWHrS4FfZsgEIYCqKmQCqIaxlDi736cR9/36bascOL8JpazfSo2nfmus4SJJkNuRqagKjBh4yBVuRPG4aTal8Y/a9eHUYnOXRR62cTr/MxrytzZ8df6fPFfE7JuKXeZpeM19RrHiSRv6P3IiEVF01ysKsOkY2LBnNJb6gc8+JhFBpc0mhpCwpvAdBFuV6mQeilaB5CDiE3O5LSpP0Crp88HVeHRMA0uPCutcG4Vm+9ZRvcqwUdXJfI+UdKr9rsz7LqVMrlwUi1fUc5uEQ86LgQKscUfe8hmxpzznvKUgsEE5Fq2kY+qyGSnJC2A5yuDogPusw4r/Y+O4Yy/QcNxoc/IHUUaqBLK/CPgzumbcToYsz+8XTdsKIV8tn34nkzXPH8ERKe7DNOpd+eCYSEoev1DIYT&u=U2FsdGVkX1+ZQM0+ZXq9YZev/pStwhhV2NktBkGA+Dc=&y=U2FsdGVkX192EwBPjIOzUepeLj25BW4E6jA/IQbQSS2XvmAqxvn0xFWnOU161VVj HTTP/1.1" 200 208
186.102.32.185 - - [20/Jan/2024:08:37:26 -0500] "GET /kwssiamovil/sm/cjson/pre?f=1&x=U2FsdGVkX18neHyo1Y2a1EgyJQwBZR+UV92A5hM7e5in0ZqzVtBZwmkcZwOiNyl6 HTTP/1.1" 200 31032
172.22.2.4 - - [20/Jan/2024:08:35:57 -0500] "GET /BLA/boletinlegal/ HTTP/1.1" 200 58666
201.245.192.253 - - [20/Jan/2024:08:38:38 -0500] "POST /kwsrmcab/Wsrmcab  HTTP/1.1" 200 213
216.245.221.92 - - [20/Jan/2024:08:38:52 -0500] "HEAD / HTTP/1.1" 200 -
201.245.192.253 - - [20/Jan/2024:08:39:31 -0500] "POST /kwsrmcab/Wsrmcab HTTP/1.1" 200 39039
17.241.75.96 - - [20/Jan/2024:08:40:01 -0500] "GET /robots.txt HTTP/1.1" 404 1034
17.241.75.96 - - [20/Jan/2024:08:40:02 -0500] "GET /dia-del-voluntariado-ambiental-secretaria-de-ambiente-reconoce-las-iniciativas-que-trabajan-por-el-cuidado-de-la-biodiversidad-en-bogota.html HTTP/1.1" 200 1026
201.245.192.253 - - [20/Jan/2024:08:40:12 -0500] "POST /kwsrmcab/Wsrmcab HTTP/1.1" 200 36006
190.27.20.78 - - [20/Jan/2024:08:40:26 -0500] "POST /sipse/faces/presentacion/financiero/solicitudProceso/consultarSolicitudProceso.xhtml HTTP/1.1" 200 34586
190.27.20.78 - - [20/Jan/2024:08:40:26 -0500] "GET /sipse/faces/javax.faces.resource/theme.css?ln=primefaces-sipse HTTP/1.1" 304 -
190.27.20.78 - - [20/Jan/2024:08:40:27 -0500] "GET /sipse/faces/javax.faces.resource/layout/layout.css?ln=primefaces&v=4.0 HTTP/1.1" 304 -
190.27.20.78 - - [20/Jan/2024:08:40:27 -0500] "GET /sipse/faces/javax.faces.resource/primefaces.css?ln=primefaces&v=4.0 HTTP/1.1" 304 -
190.27.20.78 - - [20/Jan/2024:08:40:27 -0500] "GET /sipse/css/imagen/contrasena.png HTTP/1.1" 404 383
190.27.20.78 - - [20/Jan/2024:08:40:27 -0500] "GET /sipse/faces/javax.faces.resource/jquery/jquery.js?ln=primefaces&v=4.0 HTTP/1.1" 304 -
190.27.20.78 - - [20/Jan/2024:08:40:27 -0500] "GET /sipse/faces/javax.faces.resource/jquery/jquery-plugins.js?ln=primefaces&v=4.0 HTTP/1.1" 304 -
190.27.20.78 - - [20/Jan/2024:08:40:27 -0500] "GET /sipse/faces/javax.faces.resource/primefaces.js?ln=primefaces&v=4.0 HTTP/1.1" 304 -
190.27.20.78 - - [20/Jan/2024:08:40:27 -0500] "GET /sipse/faces/javax.faces.resource/layout/layout.js?ln=primefaces&v=4.0 HTTP/1.1" 304 -
190.27.20.78 - - [20/Jan/2024:08:40:27 -0500] "POST /sipse/faces/presentacion/financiero/solicitudProceso/listarSolicitudProceso.xhtml HTTP/1.1" 200 27860
190.27.20.78 - - [20/Jan/2024:08:40:28 -0500] "POST /sipse/faces/presentacion/financiero/solicitudProceso/listarSolicitudProceso.xhtml HTTP/1.1" 200 27860
190.27.20.78 - - [20/Jan/2024:08:40:28 -0500] "POST /sipse/faces/presentacion/financiero/solicitudProceso/listarSolicitudProceso.xhtml HTTP/1.1" 200 1396
190.27.20.78 - - [20/Jan/2024:08:40:28 -0500] "POST /sipse/faces/presentacion/financiero/solicitudProceso/listarSolicitudProceso.xhtml HTTP/1.1" 200 1392
190.27.20.78 - - [20/Jan/2024:08:40:29 -0500] "POST /sipse/faces/presentacion/financiero/solicitudProceso/listarSolicitudProceso.xhtml HTTP/1.1" 200 1400
190.27.20.78 - - [20/Jan/2024:08:40:31 -0500] "POST /sipse/faces/presentacion/financiero/solicitudProceso/listarSolicitudProceso.xhtml HTTP/1.1" 200 4985
190.27.20.78 - - [20/Jan/2024:08:40:34 -0500] "POST /sipse/faces/presentacion/financiero/solicitudProceso/listarSolicitudProceso.xhtml HTTP/1.1" 200 112722
190.27.20.78 - - [20/Jan/2024:08:40:35 -0500] "GET /sipse/faces/javax.faces.resource/theme.css?ln=primefaces-sipse HTTP/1.1" 304 -
