172.22.2.4 - - [20/Jan/2024:02:57:38 -0500] "GET /BLA/boletinlegal/ HTTP/1.1" 200 58666
216.244.66.195 - - [20/Jan/2024:02:59:44 -0500] "GET /BLA/resoluciones/RESOLUCIONES%202011/0148.pdf HTTP/1.1" 200 356009
201.245.192.253 - - [20/Jan/2024:03:00:05 -0500] "POST /kwsrmcab/Wsrmcab  HTTP/1.1" 200 213
216.244.66.195 - - [20/Jan/2024:03:00:18 -0500] "GET /BLA/resoluciones/RESOLUCIONES%202011/0156.pdf HTTP/1.1" 200 233747
216.244.66.195 - - [20/Jan/2024:03:00:47 -0500] "GET /BLA/resoluciones/RESOLUCIONES%202011/0187.pdf HTTP/1.1" 200 71453
216.244.66.195 - - [20/Jan/2024:03:01:14 -0500] "GET /BLA/resoluciones/RESOLUCIONES%202011/0260.pdf HTTP/1.1" 200 64703
216.244.66.195 - - [20/Jan/2024:03:01:41 -0500] "GET /BLA/resoluciones/RESOLUCIONES%202011/0389.pdf HTTP/1.1" 200 86129
216.244.66.195 - - [20/Jan/2024:03:02:09 -0500] "GET /BLA/resoluciones/RESOLUCIONES%202011/0421.pdf HTTP/1.1" 200 71783
216.244.66.195 - - [20/Jan/2024:03:02:35 -0500] "GET /BLA/resoluciones/RESOLUCIONES%202011/0479.pdf HTTP/1.1" 200 370985
216.244.66.195 - - [20/Jan/2024:03:03:01 -0500] "GET /BLA/resoluciones/RESOLUCIONES%202011/0501.pdf HTTP/1.1" 200 414332
216.244.66.195 - - [20/Jan/2024:03:03:42 -0500] "GET /BLA/resoluciones/RESOLUCIONES%202011/0525.pdf HTTP/1.1" 200 363775
216.245.221.92 - - [20/Jan/2024:03:03:53 -0500] "HEAD / HTTP/1.1" 200 -
66.249.66.19 - - [20/Jan/2024:03:03:56 -0500] "GET /Publicaciones/2023EE300344.pdf HTTP/1.1" 404 228
216.244.66.195 - - [20/Jan/2024:03:04:12 -0500] "GET /BLA/resoluciones/RESOLUCIONES%202011/0567.pdf HTTP/1.1" 200 73043
172.22.2.4 - - [20/Jan/2024:03:02:37 -0500] "HEAD /BLA/boletinlegal/ HTTP/1.1" 200 -
216.244.66.195 - - [20/Jan/2024:03:04:42 -0500] "GET /BLA/resoluciones/RESOLUCIONES%202011/0633.pdf HTTP/1.1" 200 290286
172.22.2.4 - - [20/Jan/2024:03:04:53 -0500] "GET /BLA/boletinlegal/normativa.php HTTP/1.1" 200 8343
201.245.192.253 - - [20/Jan/2024:03:05:04 -0500] "POST /kwsrmcab/Wsrmcab  HTTP/1.1" 200 213
172.22.2.4 - - [20/Jan/2024:03:03:28 -0500] "GET /BLA/boletinlegal/ HTTP/1.1" 200 55862
216.244.66.195 - - [20/Jan/2024:03:05:20 -0500] "GET /BLA/resoluciones/RESOLUCIONES%202011/1136.pdf HTTP/1.1" 200 297034
216.244.66.195 - - [20/Jan/2024:03:05:56 -0500] "GET /BLA/resoluciones/RESOLUCIONES%202011/1327.pdf HTTP/1.1" 200 69187
172.22.2.4 - - [20/Jan/2024:03:04:22 -0500] "GET /BLA/boletinlegal/ HTTP/1.1" 200 47508
66.249.66.38 - - [20/Jan/2024:03:06:41 -0500] "GET /si-tienes-ropa-y-calzado-que-ya-no-usas-aca-te-presentamos-seis-puntos-a-donde-los-puedes-llevar.html HTTP/1.1" 200 872
216.245.221.92 - - [20/Jan/2024:03:08:53 -0500] "HEAD / HTTP/1.1" 200 -
201.245.192.253 - - [20/Jan/2024:03:10:03 -0500] "POST /kwsrmcab/Wsrmcab  HTTP/1.1" 200 213
172.22.2.4 - - [20/Jan/2024:03:08:27 -0500] "HEAD /BLA/boletinlegal/ HTTP/1.1" 200 -
172.22.2.4 - - [20/Jan/2024:03:09:18 -0500] "GET /BLA/boletinlegal/ HTTP/1.1" 200 58666
216.245.221.92 - - [20/Jan/2024:03:13:53 -0500] "HEAD / HTTP/1.1" 200 -
201.245.192.253 - - [20/Jan/2024:03:15:02 -0500] "POST /kwsrmcab/Wsrmcab  HTTP/1.1" 200 213
52.167.144.180 - - [20/Jan/2024:03:15:07 -0500] "GET /BLA/resoluciones/AUTOS%202023/5335.pdf HTTP/1.1" 200 413333
201.245.192.253 - - [20/Jan/2024:03:15:08 -0500] "POST /kwsrmcab/Wsrmcab HTTP/1.1" 200 38792
201.245.192.253 - - [20/Jan/2024:03:15:11 -0500] "POST /kwsrmcab/Wsrmcab HTTP/1.1" 200 36139
172.22.2.4 - - [20/Jan/2024:03:14:17 -0500] "HEAD /BLA/boletinlegal/ HTTP/1.1" 200 -
172.22.2.4 - - [20/Jan/2024:03:15:08 -0500] "GET /BLA/boletinlegal/ HTTP/1.1" 200 60529
216.244.66.195 - - [20/Jan/2024:03:17:29 -0500] "GET /robots.txt HTTP/1.1" 404 1018
216.245.221.92 - - [20/Jan/2024:03:18:53 -0500] "HEAD / HTTP/1.1" 200 -
201.245.192.253 - - [20/Jan/2024:03:19:32 -0500] "POST /kwsrmcab/Wsrmcab HTTP/1.1" 200 39137
201.245.192.253 - - [20/Jan/2024:03:20:01 -0500] "POST /kwsrmcab/Wsrmcab  HTTP/1.1" 200 213
201.245.192.253 - - [20/Jan/2024:03:20:51 -0500] "POST /kwsrmcab/Wsrmcab HTTP/1.1" 200 36139
172.22.2.4 - - [20/Jan/2024:03:20:07 -0500] "HEAD /BLA/boletinlegal/ HTTP/1.1" 200 -
172.22.2.4 - - [20/Jan/2024:03:20:58 -0500] "GET /BLA/boletinlegal/ HTTP/1.1" 200 60996
13.89.72.31 - - [20/Jan/2024:03:22:52 -0500] "GET /robots.txt HTTP/1.1" 404 1035
157.55.39.56 - - [20/Jan/2024:03:23:01 -0500] "GET /BLA/resoluciones/index.php?dir=AUTOS+2011%2F HTTP/1.1" 200 637570
216.245.221.92 - - [20/Jan/2024:03:23:53 -0500] "HEAD / HTTP/1.1" 200 -
201.245.192.253 - - [20/Jan/2024:03:24:59 -0500] "POST /kwsrmcab/Wsrmcab  HTTP/1.1" 200 213
201.245.192.253 - - [20/Jan/2024:03:25:08 -0500] "POST /kwsrmcab/Wsrmcab HTTP/1.1" 200 38792
201.245.192.253 - - [20/Jan/2024:03:25:11 -0500] "POST /kwsrmcab/Wsrmcab HTTP/1.1" 200 36139
52.167.144.238 - - [20/Jan/2024:03:26:07 -0500] "GET /BLA/resoluciones/RESOLUCIONES%202020/1394.pdf HTTP/1.1" 200 389671
172.22.2.4 - - [20/Jan/2024:03:25:57 -0500] "HEAD /BLA/boletinlegal/ HTTP/1.1" 200 -
52.167.144.238 - - [20/Jan/2024:03:27:58 -0500] "GET /BLA/resoluciones/AUTOS%202014/6793.pdf HTTP/1.1" 304 -
172.22.2.4 - - [20/Jan/2024:03:26:48 -0500] "GET /BLA/boletinlegal/ HTTP/1.1" 200 58666
216.245.221.92 - - [20/Jan/2024:03:28:53 -0500] "HEAD / HTTP/1.1" 200 -
201.245.192.253 - - [20/Jan/2024:03:29:32 -0500] "POST /kwsrmcab/Wsrmcab HTTP/1.1" 200 39137
201.245.192.253 - - [20/Jan/2024:03:29:58 -0500] "POST /kwsrmcab/Wsrmcab  HTTP/1.1" 200 213
201.245.192.253 - - [20/Jan/2024:03:30:14 -0500] "POST /kwsrmcab/Wsrmcab HTTP/1.1" 200 36139
168.119.252.243 - - [20/Jan/2024:03:32:03 -0500] "GET / HTTP/1.1" 200 4720
207.46.13.154 - - [20/Jan/2024:03:32:03 -0500] "GET /Publicaciones/2024EE08047.pdf HTTP/1.1" 200 369316
172.22.2.4 - - [20/Jan/2024:03:31:47 -0500] "HEAD /BLA/boletinlegal/ HTTP/1.1" 200 -
216.245.221.92 - - [20/Jan/2024:03:33:53 -0500] "HEAD / HTTP/1.1" 200 -
172.22.2.4 - - [20/Jan/2024:03:32:38 -0500] "GET /BLA/boletinlegal/ HTTP/1.1" 200 58666
201.245.192.253 - - [20/Jan/2024:03:34:57 -0500] "POST /kwsrmcab/Wsrmcab  HTTP/1.1" 200 213
201.245.192.253 - - [20/Jan/2024:03:35:08 -0500] "POST /kwsrmcab/Wsrmcab HTTP/1.1" 200 38792
201.245.192.253 - - [20/Jan/2024:03:35:11 -0500] "POST /kwsrmcab/Wsrmcab HTTP/1.1" 200 36139
172.22.2.4 - - [20/Jan/2024:03:37:08 -0500] "GET /BLA/boletinlegal/images/screen_1.png HTTP/1.1" 304 -
216.245.221.92 - - [20/Jan/2024:03:38:53 -0500] "HEAD / HTTP/1.1" 200 -
172.22.2.4 - - [20/Jan/2024:03:37:37 -0500] "HEAD /BLA/boletinlegal/ HTTP/1.1" 200 -
201.245.192.253 - - [20/Jan/2024:03:39:32 -0500] "POST /kwsrmcab/Wsrmcab HTTP/1.1" 200 39137
201.245.192.253 - - [20/Jan/2024:03:39:56 -0500] "POST /kwsrmcab/Wsrmcab  HTTP/1.1" 200 213
172.22.2.4 - - [20/Jan/2024:03:38:28 -0500] "GET /BLA/boletinlegal/ HTTP/1.1" 200 58666
201.245.192.253 - - [20/Jan/2024:03:40:19 -0500] "POST /kwsrmcab/Wsrmcab HTTP/1.1" 200 36139
172.22.2.4 - - [20/Jan/2024:03:41:35 -0500] "GET /BLA/boletinlegal/robots.txt HTTP/1.1" 404 1038
40.77.167.50 - - [20/Jan/2024:03:41:40 -0500] "GET /sipse/faces/faces/autenticacion.xhtml HTTP/1.1" 200 12725
172.22.2.4 - - [20/Jan/2024:03:41:37 -0500] "GET /BLA/boletinlegal/index.php HTTP/1.1" 200 62549
216.245.221.92 - - [20/Jan/2024:03:43:53 -0500] "HEAD / HTTP/1.1" 200 -
201.245.192.253 - - [20/Jan/2024:03:44:54 -0500] "POST /kwsrmcab/Wsrmcab  HTTP/1.1" 200 213
172.22.2.4 - - [20/Jan/2024:03:43:27 -0500] "HEAD /BLA/boletinlegal/ HTTP/1.1" 200 -
216.244.66.195 - - [20/Jan/2024:03:45:51 -0500] "GET /BLA/resoluciones/AUTOS%202017/5000.pdf HTTP/1.1" 200 307179
172.22.2.4 - - [20/Jan/2024:03:44:18 -0500] "GET /BLA/boletinlegal/ HTTP/1.1" 200 60529
216.244.66.195 - - [20/Jan/2024:03:45:58 -0500] "GET /BLA/resoluciones/AUTOS%202018/2138.PDF HTTP/1.1" 200 4976313
216.244.66.195 - - [20/Jan/2024:03:46:24 -0500] "GET /BLA/resoluciones/AUTOS%202018/2781.pdf HTTP/1.1" 200 595655
216.244.66.195 - - [20/Jan/2024:03:46:35 -0500] "GET /BLA/resoluciones/AUTOS%202019/2780.pdf HTTP/1.1" 200 700531
216.244.66.195 - - [20/Jan/2024:03:46:45 -0500] "GET /BLA/resoluciones/AUTOS%202019/3490.pdf HTTP/1.1" 200 710559
54.39.177.173 - - [20/Jan/2024:03:46:46 -0500] "GET /robots.txt HTTP/1.1" 404 1034
54.39.177.173 - - [20/Jan/2024:03:46:47 -0500] "GET /temporada-de-menos-lluvias-con-incidencia-de-el-nino-secretaria-de-ambiente-realiza-seguimiento-a-ecosistemas-y-especies-invasoras.html HTTP/1.1" 200 808
216.244.66.195 - - [20/Jan/2024:03:46:53 -0500] "GET /BLA/resoluciones/AUTOS%202019/4554.pdf HTTP/1.1" 200 340407
216.244.66.195 - - [20/Jan/2024:03:46:59 -0500] "GET /BLA/resoluciones/AUTOS%202020/0043.pdf HTTP/1.1" 200 480943
168.119.48.175 - - [20/Jan/2024:03:47:04 -0500] "GET / HTTP/1.1" 200 4720
216.244.66.195 - - [20/Jan/2024:03:47:08 -0500] "GET /BLA/resoluciones/AUTOS%202020/0365.pdf HTTP/1.1" 200 486215
216.244.66.195 - - [20/Jan/2024:03:47:15 -0500] "GET /BLA/resoluciones/AUTOS%202020/2481.pdf HTTP/1.1" 200 380357
216.244.66.195 - - [20/Jan/2024:03:47:20 -0500] "GET /BLA/resoluciones/AUTOS%202020/2551.pdf HTTP/1.1" 200 377503
216.244.66.195 - - [20/Jan/2024:03:47:25 -0500] "GET /BLA/resoluciones/AUTOS%202020/2693.pdf HTTP/1.1" 200 386530
216.244.66.195 - - [20/Jan/2024:03:47:34 -0500] "GET /BLA/resoluciones/AUTOS%202020/3176.pdf HTTP/1.1" 200 321242
216.244.66.195 - - [20/Jan/2024:03:47:40 -0500] "GET /BLA/resoluciones/AUTOS%202020/3995.pdf HTTP/1.1" 200 363284
216.244.66.195 - - [20/Jan/2024:03:47:45 -0500] "GET /BLA/resoluciones/AUTOS%202022/0788.pdf HTTP/1.1" 200 1955637
216.244.66.195 - - [20/Jan/2024:03:47:59 -0500] "GET /BLA/resoluciones/AUTOS%202022/1614.pdf HTTP/1.1" 200 493578
216.244.66.195 - - [20/Jan/2024:03:48:10 -0500] "GET /BLA/resoluciones/AUTOS%202022/2192.pdf HTTP/1.1" 200 505372
216.244.66.195 - - [20/Jan/2024:03:48:26 -0500] "GET /BLA/resoluciones/AUTOS%202022/2316.pdf HTTP/1.1" 200 843631
216.244.66.195 - - [20/Jan/2024:03:48:39 -0500] "GET /BLA/resoluciones/AUTOS%202022/5030.pdf HTTP/1.1" 200 487966
216.244.66.195 - - [20/Jan/2024:03:48:51 -0500] "GET /BLA/resoluciones/RESOLUCIONES%202018/0552.pdf HTTP/1.1" 200 1548138
216.245.221.92 - - [20/Jan/2024:03:48:53 -0500] "HEAD / HTTP/1.1" 200 -
216.244.66.195 - - [20/Jan/2024:03:49:04 -0500] "GET /BLA/resoluciones/RESOLUCIONES%202018/1441.pdf HTTP/1.1" 200 249157
216.244.66.195 - - [20/Jan/2024:03:49:13 -0500] "GET /BLA/resoluciones/RESOLUCIONES%202018/1664.pdf HTTP/1.1" 200 369180
216.244.66.195 - - [20/Jan/2024:03:49:24 -0500] "GET /BLA/resoluciones/RESOLUCIONES%202018/1911.pdf HTTP/1.1" 200 3563432
216.244.66.195 - - [20/Jan/2024:03:49:41 -0500] "GET /BLA/resoluciones/RESOLUCIONES%202018/2022.pdf HTTP/1.1" 200 273256
216.244.66.195 - - [20/Jan/2024:03:49:55 -0500] "GET /BLA/resoluciones/RESOLUCIONES%202018/2029.pdf HTTP/1.1" 200 235534
201.245.192.253 - - [20/Jan/2024:03:49:54 -0500] "POST /kwsrmcab/Wsrmcab  HTTP/1.1" 200 213
216.244.66.195 - - [20/Jan/2024:03:50:08 -0500] "GET /BLA/resoluciones/RESOLUCIONES%202018/2036.pdf HTTP/1.1" 200 242863
216.244.66.195 - - [20/Jan/2024:03:50:20 -0500] "GET /BLA/resoluciones/RESOLUCIONES%202018/2948.pdf HTTP/1.1" 200 228996
216.244.66.195 - - [20/Jan/2024:03:50:34 -0500] "GET /BLA/resoluciones/RESOLUCIONES%202018/3638.pdf HTTP/1.1" 200 264364
216.244.66.195 - - [20/Jan/2024:03:50:44 -0500] "GET /BLA/resoluciones/RESOLUCIONES%202018/3778.pdf HTTP/1.1" 200 363858
172.22.2.4 - - [20/Jan/2024:03:49:17 -0500] "HEAD /BLA/boletinlegal/ HTTP/1.1" 200 -
172.22.2.4 - - [20/Jan/2024:03:50:08 -0500] "GET /BLA/boletinlegal/ HTTP/1.1" 200 60529
173.252.127.119 - - [20/Jan/2024:03:53:08 -0500] "GET /images/Red%20de%20Monitoreo%20de%20Calidad%20del%20Aire.jpg HTTP/1.1" 200 51986
216.245.221.92 - - [20/Jan/2024:03:53:53 -0500] "HEAD / HTTP/1.1" 200 -
201.245.192.253 - - [20/Jan/2024:03:54:52 -0500] "POST /kwsrmcab/Wsrmcab  HTTP/1.1" 200 213
172.22.2.4 - - [20/Jan/2024:03:55:07 -0500] "HEAD /BLA/boletinlegal/ HTTP/1.1" 200 -
69.63.184.8 - - [20/Jan/2024:03:57:00 -0500] "GET /temporada-de-menos-lluvias-con-incidencia-de-el-nino-secretaria-de-ambiente-realiza-seguimiento-a-ecosistemas-y-especies-invasoras.html HTTP/1.1" 200 808
172.235.29.35 - - [20/Jan/2024:03:57:10 -0500] "\x16\x03\x01" 400 226
172.235.29.35 - - [20/Jan/2024:03:57:14 -0500] "GET / HTTP/1.1" 200 319
172.22.2.4 - - [20/Jan/2024:03:55:58 -0500] "GET /BLA/boletinlegal/ HTTP/1.1" 200 57803
216.245.221.92 - - [20/Jan/2024:03:58:53 -0500] "HEAD / HTTP/1.1" 200 -
172.22.2.4 - - [20/Jan/2024:03:59:41 -0500] "GET /BLA/boletinlegal/images/pdf.gif HTTP/1.1" 304 -
201.245.192.253 - - [20/Jan/2024:03:59:50 -0500] "POST /kwsrmcab/Wsrmcab  HTTP/1.1" 200 213
182.44.8.254 - - [20/Jan/2024:04:00:12 -0500] "GET / HTTP/1.1" 200 319
172.22.2.4 - - [20/Jan/2024:04:00:33 -0500] "GET /BLA/boletinlegal/ HTTP/1.1" 200 24523
172.22.2.4 - - [20/Jan/2024:04:01:41 -0500] "GET /BLA/boletinlegal/jurisprudencia/analisis/AnalisisT-606-15.docx HTTP/1.1" 200 26698
172.22.2.4 - - [20/Jan/2024:04:01:42 -0500] "GET /BLA/boletinlegal/apple-touch-icon-120x120-precomposed.png HTTP/1.1" 404 1140
172.22.2.4 - - [20/Jan/2024:04:01:42 -0500] "GET /BLA/boletinlegal/apple-touch-icon-120x120.png HTTP/1.1" 404 1140
172.22.2.4 - - [20/Jan/2024:04:01:42 -0500] "GET /BLA/boletinlegal/apple-touch-icon-precomposed.png HTTP/1.1" 404 1140
172.22.2.4 - - [20/Jan/2024:04:01:42 -0500] "GET /BLA/boletinlegal/apple-touch-icon.png HTTP/1.1" 404 1140
172.22.2.4 - - [20/Jan/2024:04:01:42 -0500] "GET /BLA/boletinlegal/favicon.ico HTTP/1.1" 404 1140
172.22.2.4 - - [20/Jan/2024:04:01:42 -0500] "GET /BLA/boletinlegal/apple-touch-icon-120x120-precomposed.png HTTP/1.1" 404 1140
172.22.2.4 - - [20/Jan/2024:04:01:42 -0500] "GET /BLA/boletinlegal/apple-touch-icon-120x120.png HTTP/1.1" 404 1140
172.22.2.4 - - [20/Jan/2024:04:01:42 -0500] "GET /BLA/boletinlegal/apple-touch-icon-precomposed.png HTTP/1.1" 404 1140
172.22.2.4 - - [20/Jan/2024:04:01:42 -0500] "GET /BLA/boletinlegal/apple-touch-icon.png HTTP/1.1" 404 1140
172.22.2.4 - - [20/Jan/2024:04:01:42 -0500] "GET /BLA/boletinlegal/favicon.ico HTTP/1.1" 404 1140
172.22.2.4 - - [20/Jan/2024:04:00:57 -0500] "HEAD /BLA/boletinlegal/ HTTP/1.1" 200 -
168.119.61.24 - - [20/Jan/2024:04:02:57 -0500] "GET / HTTP/1.1" 200 4720
172.22.2.4 - - [20/Jan/2024:04:01:48 -0500] "GET /BLA/boletinlegal/ HTTP/1.1" 200 58666
216.245.221.92 - - [20/Jan/2024:04:03:53 -0500] "HEAD / HTTP/1.1" 200 -
201.245.192.253 - - [20/Jan/2024:04:04:48 -0500] "POST /kwsrmcab/Wsrmcab  HTTP/1.1" 200 213
172.22.2.4 - - [20/Jan/2024:04:06:47 -0500] "HEAD /BLA/boletinlegal/ HTTP/1.1" 200 -
216.245.221.92 - - [20/Jan/2024:04:08:53 -0500] "HEAD / HTTP/1.1" 200 -
172.22.2.4 - - [20/Jan/2024:04:07:38 -0500] "GET /BLA/boletinlegal/ HTTP/1.1" 200 58666
201.245.192.253 - - [20/Jan/2024:04:09:48 -0500] "POST /kwsrmcab/Wsrmcab  HTTP/1.1" 200 213
216.244.66.195 - - [20/Jan/2024:04:12:53 -0500] "GET /robots.txt HTTP/1.1" 404 1018
216.245.221.92 - - [20/Jan/2024:04:13:53 -0500] "HEAD / HTTP/1.1" 200 -
172.22.2.4 - - [20/Jan/2024:04:12:37 -0500] "HEAD /BLA/boletinlegal/ HTTP/1.1" 200 -
201.245.192.253 - - [20/Jan/2024:04:14:47 -0500] "POST /kwsrmcab/Wsrmcab  HTTP/1.1" 200 213
172.22.2.4 - - [20/Jan/2024:04:13:28 -0500] "GET /BLA/boletinlegal/ HTTP/1.1" 200 60996
201.245.192.253 - - [20/Jan/2024:04:15:07 -0500] "POST /kwsrmcab/Wsrmcab HTTP/1.1" 200 38787
201.245.192.253 - - [20/Jan/2024:04:15:10 -0500] "POST /kwsrmcab/Wsrmcab HTTP/1.1" 200 36136
216.245.221.92 - - [20/Jan/2024:04:18:53 -0500] "HEAD / HTTP/1.1" 200 -
201.245.192.253 - - [20/Jan/2024:04:19:32 -0500] "POST /kwsrmcab/Wsrmcab HTTP/1.1" 200 39129
201.245.192.253 - - [20/Jan/2024:04:19:45 -0500] "POST /kwsrmcab/Wsrmcab  HTTP/1.1" 200 213
172.22.2.4 - - [20/Jan/2024:04:18:27 -0500] "HEAD /BLA/boletinlegal/ HTTP/1.1" 200 -
201.245.192.253 - - [20/Jan/2024:04:20:14 -0500] "POST /kwsrmcab/Wsrmcab HTTP/1.1" 200 36136
172.22.2.4 - - [20/Jan/2024:04:19:18 -0500] "GET /BLA/boletinlegal/ HTTP/1.1" 200 60996
66.249.66.20 - - [20/Jan/2024:04:21:32 -0500] "GET /BLA/resoluciones/AUTOS%202009/3399.pdf HTTP/1.1" 200 98068
66.249.66.19 - - [20/Jan/2024:04:22:19 -0500] "GET /Publicaciones/2023EE287931.pdf HTTP/1.1" 404 228
66.249.66.20 - - [20/Jan/2024:04:22:19 -0500] "GET /Publicaciones/2023EE263802.pdf HTTP/1.1" 404 228
40.77.54.58 - - [20/Jan/2024:04:22:56 -0500] "GET /robots.txt HTTP/1.1" 404 1018
173.252.87.117 - - [20/Jan/2024:04:23:48 -0500] "GET /images/cuerpos%20de%20agua%20en%20humedales-19-10.jpg HTTP/1.1" 200 73528
216.245.221.92 - - [20/Jan/2024:04:23:53 -0500] "HEAD / HTTP/1.1" 200 -
66.249.66.21 - - [20/Jan/2024:04:24:45 -0500] "GET /BLA/resoluciones/AUTOS%202014/0447.pdf HTTP/1.1" 200 452564
201.245.192.253 - - [20/Jan/2024:04:24:45 -0500] "POST /kwsrmcab/Wsrmcab  HTTP/1.1" 200 213
201.245.192.253 - - [20/Jan/2024:04:25:07 -0500] "POST /kwsrmcab/Wsrmcab HTTP/1.1" 200 38787
201.245.192.253 - - [20/Jan/2024:04:25:10 -0500] "POST /kwsrmcab/Wsrmcab HTTP/1.1" 200 36136
207.46.13.6 - - [20/Jan/2024:04:25:19 -0500] "GET /sipse/faces/presentacion/sistema/anexos/cargarAnexoSolicitudProceso.xhtml HTTP/1.1" 302 -
207.46.13.6 - - [20/Jan/2024:04:25:20 -0500] "GET /sipse/faces/autenticacion.xhtml HTTP/1.1" 200 12403
172.22.2.4 - - [20/Jan/2024:04:24:17 -0500] "HEAD /BLA/boletinlegal/ HTTP/1.1" 200 -
172.22.2.4 - - [20/Jan/2024:04:25:08 -0500] "GET /BLA/boletinlegal/ HTTP/1.1" 200 60996
168.119.100.88 - - [20/Jan/2024:04:26:49 -0500] "GET / HTTP/1.1" 200 4720
216.244.66.195 - - [20/Jan/2024:04:26:52 -0500] "GET /BLA/resoluciones/AUTOS%202011/2346.pdf HTTP/1.1" 200 104402
216.244.66.195 - - [20/Jan/2024:04:26:57 -0500] "GET /BLA/resoluciones/AUTOS%202011/2413.pdf HTTP/1.1" 200 74460
216.244.66.195 - - [20/Jan/2024:04:27:02 -0500] "GET /BLA/resoluciones/AUTOS%202011/2909.pdf HTTP/1.1" 200 423079
216.244.66.195 - - [20/Jan/2024:04:27:27 -0500] "GET /BLA/resoluciones/AUTOS%202011/2924.pdf HTTP/1.1" 200 406985
216.244.66.195 - - [20/Jan/2024:04:28:07 -0500] "GET /BLA/resoluciones/AUTOS%202011/3233.pdf HTTP/1.1" 200 270041
216.244.66.195 - - [20/Jan/2024:04:28:40 -0500] "GET /BLA/resoluciones/AUTOS%202011/3416.pdf HTTP/1.1" 200 212179
216.245.221.92 - - [20/Jan/2024:04:28:53 -0500] "HEAD / HTTP/1.1" 200 -
216.244.66.195 - - [20/Jan/2024:04:29:09 -0500] "GET /BLA/resoluciones/AUTOS%202011/3748.pdf HTTP/1.1" 200 236183
201.245.192.253 - - [20/Jan/2024:04:29:32 -0500] "POST /kwsrmcab/Wsrmcab HTTP/1.1" 200 39129
216.244.66.195 - - [20/Jan/2024:04:29:37 -0500] "GET /BLA/resoluciones/AUTOS%202012/0522.pdf HTTP/1.1" 200 215104
201.245.192.253 - - [20/Jan/2024:04:29:44 -0500] "POST /kwsrmcab/Wsrmcab  HTTP/1.1" 200 213
216.244.66.195 - - [20/Jan/2024:04:30:05 -0500] "GET /BLA/resoluciones/AUTOS%202012/0829.pdf HTTP/1.1" 200 242664
201.245.192.253 - - [20/Jan/2024:04:30:13 -0500] "POST /kwsrmcab/Wsrmcab HTTP/1.1" 200 36136
216.244.66.195 - - [20/Jan/2024:04:30:31 -0500] "GET /BLA/resoluciones/AUTOS%202012/1394.pdf HTTP/1.1" 200 280561
66.249.66.20 - - [20/Jan/2024:04:30:31 -0500] "GET /BLA/resoluciones/RESOLUCIONES%202011/4462.pdf HTTP/1.1" 200 554832
216.244.66.195 - - [20/Jan/2024:04:30:59 -0500] "GET /BLA/resoluciones/AUTOS%202012/1762.pdf HTTP/1.1" 200 403834
66.249.66.19 - - [20/Jan/2024:04:31:03 -0500] "GET /BLA/resoluciones/RESOLUCIONES%202009/4627.pdf HTTP/1.1" 200 644165
216.244.66.195 - - [20/Jan/2024:04:31:24 -0500] "GET /BLA/resoluciones/AUTOS%202012/2261.pdf HTTP/1.1" 200 399931
172.22.2.4 - - [20/Jan/2024:04:30:07 -0500] "HEAD /BLA/boletinlegal/ HTTP/1.1" 200 -
216.244.66.195 - - [20/Jan/2024:04:31:47 -0500] "GET /BLA/resoluciones/AUTOS%202013/0223.pdf HTTP/1.1" 200 1524770
216.244.66.195 - - [20/Jan/2024:04:32:33 -0500] "GET /BLA/resoluciones/AUTOS%202013/0491.pdf HTTP/1.1" 200 1648410
172.22.2.4 - - [20/Jan/2024:04:30:58 -0500] "GET /BLA/boletinlegal/ HTTP/1.1" 200 58666
40.77.167.60 - - [20/Jan/2024:04:33:05 -0500] "GET /Publicaciones/2023EE303518.pdf HTTP/1.1" 404 228
66.249.66.20 - - [20/Jan/2024:04:33:05 -0500] "GET /BLA/resoluciones/RESOLUCIONES%202008/5121.pdf HTTP/1.1" 200 613496
216.244.66.195 - - [20/Jan/2024:04:33:07 -0500] "GET /BLA/resoluciones/AUTOS%202013/1012.pdf HTTP/1.1" 200 848076
66.249.66.19 - - [20/Jan/2024:04:33:40 -0500] "GET /resoluciones/RESOLUCIONES%202009/4846.pdf HTTP/1.1" 404 1018
216.244.66.195 - - [20/Jan/2024:04:33:46 -0500] "GET /BLA/resoluciones/AUTOS%202013/2274.pdf HTTP/1.1" 200 626778
216.245.221.92 - - [20/Jan/2024:04:33:53 -0500] "HEAD / HTTP/1.1" 200 -
66.249.66.20 - - [20/Jan/2024:04:33:56 -0500] "GET /silvicultura/6.pdf HTTP/1.1" 200 215404
216.244.66.195 - - [20/Jan/2024:04:34:17 -0500] "GET /BLA/resoluciones/AUTOS%202013/2537.pdf HTTP/1.1" 200 696531
201.245.192.253 - - [20/Jan/2024:04:34:42 -0500] "POST /kwsrmcab/Wsrmcab  HTTP/1.1" 200 213
66.249.66.20 - - [20/Jan/2024:04:34:46 -0500] "GET /BLA/resoluciones/RESOLUCIONES%202012/1914.pdf HTTP/1.1" 200 319834
216.244.66.195 - - [20/Jan/2024:04:34:47 -0500] "GET /BLA/resoluciones/AUTOS%202014/0991.pdf HTTP/1.1" 200 382510
201.245.192.253 - - [20/Jan/2024:04:35:07 -0500] "POST /kwsrmcab/Wsrmcab HTTP/1.1" 200 38787
201.245.192.253 - - [20/Jan/2024:04:35:10 -0500] "POST /kwsrmcab/Wsrmcab HTTP/1.1" 200 36136
216.244.66.195 - - [20/Jan/2024:04:35:17 -0500] "GET /BLA/resoluciones/AUTOS%202018/0286.pdf HTTP/1.1" 200 225844
216.244.66.195 - - [20/Jan/2024:04:35:45 -0500] "GET /BLA/resoluciones/AUTOS%202018/0856.pdf HTTP/1.1" 200 317724
216.244.66.195 - - [20/Jan/2024:04:36:11 -0500] "GET /BLA/resoluciones/AUTOS%202018/1309.pdf HTTP/1.1" 200 275289
34.79.162.186 - - [20/Jan/2024:04:36:32 -0500] "GET / HTTP/1.1" 200 319
216.244.66.195 - - [20/Jan/2024:04:36:39 -0500] "GET /BLA/resoluciones/AUTOS%202018/2409.pdf HTTP/1.1" 200 270686
216.244.66.195 - - [20/Jan/2024:04:37:04 -0500] "GET /BLA/resoluciones/AUTOS%202018/2663.pdf HTTP/1.1" 200 298124
216.244.66.195 - - [20/Jan/2024:04:37:28 -0500] "GET /BLA/resoluciones/AUTOS%202018/3350.pdf HTTP/1.1" 200 267480
172.22.2.4 - - [20/Jan/2024:04:35:57 -0500] "HEAD /BLA/boletinlegal/ HTTP/1.1" 200 -
216.244.66.195 - - [20/Jan/2024:04:37:50 -0500] "GET /BLA/resoluciones/AUTOS%202018/3487.pdf HTTP/1.1" 200 237627
216.244.66.195 - - [20/Jan/2024:04:38:14 -0500] "GET /BLA/resoluciones/AUTOS%202018/3538.pdf HTTP/1.1" 200 287560
172.22.2.4 - - [20/Jan/2024:04:36:48 -0500] "GET /BLA/boletinlegal/ HTTP/1.1" 200 58666
216.244.66.195 - - [20/Jan/2024:04:38:34 -0500] "GET /BLA/resoluciones/AUTOS%202018/3891.pdf HTTP/1.1" 200 274407
216.245.221.92 - - [20/Jan/2024:04:38:53 -0500] "HEAD / HTTP/1.1" 200 -
216.244.66.195 - - [20/Jan/2024:04:38:53 -0500] "GET /BLA/resoluciones/AUTOS%202022/0156.pdf HTTP/1.1" 200 399032
216.244.66.195 - - [20/Jan/2024:04:39:12 -0500] "GET /BLA/resoluciones/AUTOS%202022/0240.pdf HTTP/1.1" 200 424208
207.46.13.17 - - [20/Jan/2024:04:39:19 -0500] "GET /BLA/resoluciones/AUTOS%202023/5705.pdf HTTP/1.1" 200 494591
216.244.66.195 - - [20/Jan/2024:04:39:31 -0500] "GET /BLA/resoluciones/AUTOS%202022/0427.pdf HTTP/1.1" 200 404693
201.245.192.253 - - [20/Jan/2024:04:39:32 -0500] "POST /kwsrmcab/Wsrmcab HTTP/1.1" 200 39129
201.245.192.253 - - [20/Jan/2024:04:39:40 -0500] "POST /kwsrmcab/Wsrmcab  HTTP/1.1" 200 213
216.244.66.195 - - [20/Jan/2024:04:40:10 -0500] "GET /BLA/resoluciones/AUTOS%202022/0809.pdf HTTP/1.1" 200 397687
201.245.192.253 - - [20/Jan/2024:04:40:13 -0500] "POST /kwsrmcab/Wsrmcab HTTP/1.1" 200 36136
216.244.66.195 - - [20/Jan/2024:04:40:40 -0500] "GET /BLA/resoluciones/AUTOS%202022/1201.pdf HTTP/1.1" 200 360585
216.244.66.195 - - [20/Jan/2024:04:41:11 -0500] "GET /BLA/resoluciones/AUTOS%202022/1273.pdf HTTP/1.1" 200 388700
66.249.66.20 - - [20/Jan/2024:04:41:16 -0500] "GET /portel_dama/libreria/php/2006/ECOSISTEMAS%20FINAL%20web_mz27/xxxxx%20incendios/sitio/xtras/2.pdf HTTP/1.1" 404 1018
66.249.66.20 - - [20/Jan/2024:04:41:26 -0500] "GET /BLA/resoluciones/AUTOS%202008/2573.pdf HTTP/1.1" 200 99682
216.244.66.195 - - [20/Jan/2024:04:41:43 -0500] "GET /BLA/resoluciones/AUTOS%202022/1867.pdf HTTP/1.1" 200 381757
216.244.66.195 - - [20/Jan/2024:04:42:10 -0500] "GET /BLA/resoluciones/AUTOS%202022/1870.pdf HTTP/1.1" 200 379709
216.244.66.195 - - [20/Jan/2024:04:42:38 -0500] "GET /BLA/resoluciones/AUTOS%202022/2025.pdf HTTP/1.1" 200 394737
216.244.66.195 - - [20/Jan/2024:04:43:05 -0500] "GET /BLA/resoluciones/AUTOS%202022/2032.pdf HTTP/1.1" 200 393851
172.22.2.4 - - [20/Jan/2024:04:41:47 -0500] "HEAD /BLA/boletinlegal/ HTTP/1.1" 200 -
216.244.66.195 - - [20/Jan/2024:04:43:29 -0500] "GET /BLA/resoluciones/AUTOS%202022/2051.pdf HTTP/1.1" 200 354043
216.245.221.92 - - [20/Jan/2024:04:43:53 -0500] "HEAD / HTTP/1.1" 200 -
216.244.66.195 - - [20/Jan/2024:04:43:54 -0500] "GET /BLA/resoluciones/AUTOS%202022/2078.pdf HTTP/1.1" 200 429648
216.244.66.195 - - [20/Jan/2024:04:44:18 -0500] "GET /BLA/resoluciones/AUTOS%202022/2106.pdf HTTP/1.1" 200 436195
172.22.2.4 - - [20/Jan/2024:04:42:38 -0500] "GET /BLA/boletinlegal/ HTTP/1.1" 200 58666
65.154.226.168 - - [20/Jan/2024:04:44:34 -0500] "GET / HTTP/1.1" 200 319
216.244.66.195 - - [20/Jan/2024:04:44:39 -0500] "GET /BLA/resoluciones/AUTOS%202022/2173.pdf HTTP/1.1" 200 395096
201.245.192.253 - - [20/Jan/2024:04:44:38 -0500] "POST /kwsrmcab/Wsrmcab  HTTP/1.1" 200 213
172.22.2.4 - - [20/Jan/2024:04:44:44 -0500] "GET /BLA/boletinlegal/images/screen_3.png HTTP/1.1" 304 -
216.244.66.195 - - [20/Jan/2024:04:45:01 -0500] "GET /BLA/resoluciones/AUTOS%202022/2961.pdf HTTP/1.1" 200 382981
216.244.66.195 - - [20/Jan/2024:04:45:23 -0500] "GET /BLA/resoluciones/AUTOS%202022/3003.pdf HTTP/1.1" 200 408477
216.244.66.195 - - [20/Jan/2024:04:45:41 -0500] "GET /BLA/resoluciones/AUTOS%202022/3062.pdf HTTP/1.1" 200 357557
216.244.66.195 - - [20/Jan/2024:04:45:59 -0500] "GET /BLA/resoluciones/AUTOS%202022/3093.pdf HTTP/1.1" 200 535171
216.244.66.195 - - [20/Jan/2024:04:46:15 -0500] "GET /BLA/resoluciones/AUTOS%202022/3331.pdf HTTP/1.1" 200 516375
216.244.66.195 - - [20/Jan/2024:04:46:32 -0500] "GET /BLA/resoluciones/AUTOS%202022/3596.pdf HTTP/1.1" 200 1629141
40.77.167.26 - - [20/Jan/2024:04:46:36 -0500] "GET /BLA/resoluciones/AUTOS%202020/1004.pdf HTTP/1.1" 200 863405
216.244.66.195 - - [20/Jan/2024:04:46:51 -0500] "GET /BLA/resoluciones/AUTOS%202022/4078.pdf HTTP/1.1" 200 1193268
216.244.66.195 - - [20/Jan/2024:04:47:08 -0500] "GET /BLA/resoluciones/AUTOS%202022/4325.pdf HTTP/1.1" 200 1180037
216.244.66.195 - - [20/Jan/2024:04:47:24 -0500] "GET /BLA/resoluciones/RESOLUCIONES%202011/0196.pdf HTTP/1.1" 200 70799
216.244.66.195 - - [20/Jan/2024:04:47:37 -0500] "GET /BLA/resoluciones/RESOLUCIONES%202011/0324.pdf HTTP/1.1" 200 299003
216.244.66.195 - - [20/Jan/2024:04:47:49 -0500] "GET /BLA/resoluciones/RESOLUCIONES%202011/0488.pdf HTTP/1.1" 200 84502
216.244.66.195 - - [20/Jan/2024:04:48:01 -0500] "GET /BLA/resoluciones/RESOLUCIONES%202011/0543.pdf HTTP/1.1" 200 71405
216.244.66.195 - - [20/Jan/2024:04:48:12 -0500] "GET /BLA/resoluciones/RESOLUCIONES%202011/0618.pdf HTTP/1.1" 200 68853
216.244.66.195 - - [20/Jan/2024:04:48:21 -0500] "GET /BLA/resoluciones/RESOLUCIONES%202011/0626.pdf HTTP/1.1" 200 72821
216.244.66.195 - - [20/Jan/2024:04:48:33 -0500] "GET /BLA/resoluciones/RESOLUCIONES%202011/1027.pdf HTTP/1.1" 200 78349
216.244.66.195 - - [20/Jan/2024:04:48:52 -0500] "GET /BLA/resoluciones/RESOLUCIONES%202011/1159.pdf HTTP/1.1" 200 246119
216.245.221.92 - - [20/Jan/2024:04:48:53 -0500] "HEAD / HTTP/1.1" 200 -
216.244.66.195 - - [20/Jan/2024:04:49:13 -0500] "GET /BLA/resoluciones/RESOLUCIONES%202011/1689.pdf HTTP/1.1" 200 254556
172.22.2.4 - - [20/Jan/2024:04:47:37 -0500] "HEAD /BLA/boletinlegal/ HTTP/1.1" 200 -
216.244.66.195 - - [20/Jan/2024:04:49:29 -0500] "GET /BLA/resoluciones/RESOLUCIONES%202011/1733.pdf HTTP/1.1" 200 345940
201.245.192.253 - - [20/Jan/2024:04:49:37 -0500] "POST /kwsrmcab/Wsrmcab  HTTP/1.1" 200 213
172.22.2.4 - - [20/Jan/2024:04:48:28 -0500] "GET /BLA/boletinlegal/ HTTP/1.1" 200 58666
216.244.66.195 - - [20/Jan/2024:04:50:08 -0500] "GET /BLA/resoluciones/RESOLUCIONES%202011/1778.pdf HTTP/1.1" 200 436337
40.77.16.161 - - [20/Jan/2024:04:50:42 -0500] "GET /robots.txt HTTP/1.1" 404 1032
216.244.66.195 - - [20/Jan/2024:04:50:54 -0500] "GET /BLA/resoluciones/RESOLUCIONES%20CONJUNTAS/Resolucion%20conjuta%20001%20del%2023%20de%20abril%20de%202019.pdf HTTP/1.1" 200 2859987
157.55.39.53 - - [20/Jan/2024:04:51:11 -0500] "GET /Publicaciones/2023EE309220.pdf HTTP/1.1" 404 228
66.249.66.19 - - [20/Jan/2024:04:52:52 -0500] "GET /resoluciones/RESOLUCIONES%202008/1859.pdf HTTP/1.1" 404 1018
216.245.221.92 - - [20/Jan/2024:04:53:53 -0500] "HEAD / HTTP/1.1" 200 -
201.245.192.253 - - [20/Jan/2024:04:54:37 -0500] "POST /kwsrmcab/Wsrmcab  HTTP/1.1" 200 213
172.22.2.4 - - [20/Jan/2024:04:53:27 -0500] "HEAD /BLA/boletinlegal/ HTTP/1.1" 200 -
172.22.2.4 - - [20/Jan/2024:04:54:18 -0500] "GET /BLA/boletinlegal/ HTTP/1.1" 200 60529
66.249.66.21 - - [20/Jan/2024:04:57:11 -0500] "GET /BLA/resoluciones/RESOLUCIONES%202009/5643.pdf HTTP/1.1" 200 675432
66.249.66.21 - - [20/Jan/2024:04:57:15 -0500] "GET /BLA/resoluciones/RESOLUCIONES%202010/6026.pdf HTTP/1.1" 200 736523
216.245.221.92 - - [20/Jan/2024:04:58:53 -0500] "HEAD / HTTP/1.1" 200 -
201.245.192.253 - - [20/Jan/2024:04:59:35 -0500] "POST /kwsrmcab/Wsrmcab  HTTP/1.1" 200 213
172.22.2.4 - - [20/Jan/2024:04:59:17 -0500] "HEAD /BLA/boletinlegal/ HTTP/1.1" 200 -
66.249.66.21 - - [20/Jan/2024:05:01:30 -0500] "GET /BLA/resoluciones/RESOLUCIONES%202009/8152.pdf HTTP/1.1" 200 497543
172.22.2.4 - - [20/Jan/2024:05:00:08 -0500] "GET /BLA/boletinlegal/ HTTP/1.1" 200 58666
172.22.2.4 - - [20/Jan/2024:05:02:20 -0500] "GET /BLA/boletinlegal/ HTTP/1.1" 200 20427
216.245.221.92 - - [20/Jan/2024:05:03:53 -0500] "HEAD / HTTP/1.1" 200 -
201.245.192.253 - - [20/Jan/2024:05:04:34 -0500] "POST /kwsrmcab/Wsrmcab  HTTP/1.1" 200 213
172.22.2.4 - - [20/Jan/2024:05:05:07 -0500] "HEAD /BLA/boletinlegal/ HTTP/1.1" 200 -
216.244.66.195 - - [20/Jan/2024:05:07:18 -0500] "GET /robots.txt HTTP/1.1" 404 1018
172.22.2.4 - - [20/Jan/2024:05:05:58 -0500] "GET /BLA/boletinlegal/ HTTP/1.1" 200 58666
216.245.221.92 - - [20/Jan/2024:05:08:53 -0500] "HEAD / HTTP/1.1" 200 -
201.245.192.253 - - [20/Jan/2024:05:09:33 -0500] "POST /kwsrmcab/Wsrmcab  HTTP/1.1" 200 213
157.55.39.9 - - [20/Jan/2024:05:10:22 -0500] "GET /Publicaciones/2023EE230992.pdf HTTP/1.1" 404 228
172.22.2.4 - - [20/Jan/2024:05:10:57 -0500] "HEAD /BLA/boletinlegal/ HTTP/1.1" 200 -
172.22.2.4 - - [20/Jan/2024:05:11:48 -0500] "GET /BLA/boletinlegal/ HTTP/1.1" 200 59463
216.245.221.92 - - [20/Jan/2024:05:13:53 -0500] "HEAD / HTTP/1.1" 200 -
201.245.192.253 - - [20/Jan/2024:05:14:32 -0500] "POST /kwsrmcab/Wsrmcab  HTTP/1.1" 200 213
201.245.192.253 - - [20/Jan/2024:05:15:07 -0500] "POST /kwsrmcab/Wsrmcab HTTP/1.1" 200 38636
201.245.192.253 - - [20/Jan/2024:05:15:10 -0500] "POST /kwsrmcab/Wsrmcab HTTP/1.1" 200 35989
207.46.13.130 - - [20/Jan/2024:05:15:24 -0500] "GET /BLA/resoluciones/index.php?dir=RESOLUCIONES+2023%2F HTTP/1.1" 200 134733
207.46.13.125 - - [20/Jan/2024:05:16:13 -0500] "GET /BLA/resoluciones/dlf/styles.css HTTP/1.1" 200 3049
66.249.66.20 - - [20/Jan/2024:05:17:25 -0500] "GET /resoluciones/AUTOS%202007/4002.pdf HTTP/1.1" 404 1018
172.22.2.4 - - [20/Jan/2024:05:16:47 -0500] "HEAD /BLA/boletinlegal/ HTTP/1.1" 200 -
216.245.221.92 - - [20/Jan/2024:05:18:53 -0500] "HEAD / HTTP/1.1" 200 -
172.22.2.4 - - [20/Jan/2024:05:17:38 -0500] "GET /BLA/boletinlegal/ HTTP/1.1" 200 60529
188.165.212.137 - - [20/Jan/2024:05:19:30 -0500] "GET /robots.txt HTTP/1.1" 404 1034
201.245.192.253 - - [20/Jan/2024:05:19:31 -0500] "POST /kwsrmcab/Wsrmcab  HTTP/1.1" 200 213
188.165.212.137 - - [20/Jan/2024:05:19:34 -0500] "GET /mejora-tu-bienestar-con-las-caminatas-ecologicas-%C3%82%C2%A1conoce-la-programacion-de-agosto.html HTTP/1.1" 200 873
201.245.192.253 - - [20/Jan/2024:05:19:32 -0500] "POST /kwsrmcab/Wsrmcab HTTP/1.1" 200 39143
201.245.192.253 - - [20/Jan/2024:05:20:15 -0500] "POST /kwsrmcab/Wsrmcab HTTP/1.1" 200 35989
216.244.66.195 - - [20/Jan/2024:05:22:29 -0500] "GET /BLA/resoluciones/AUTOS%202018/0036.pdf HTTP/1.1" 200 269582
216.244.66.195 - - [20/Jan/2024:05:22:36 -0500] "GET /BLA/resoluciones/AUTOS%202018/0824.pdf HTTP/1.1" 200 281312
216.244.66.195 - - [20/Jan/2024:05:22:42 -0500] "GET /BLA/resoluciones/AUTOS%202018/0896.pdf HTTP/1.1" 200 313560
216.244.66.195 - - [20/Jan/2024:05:22:46 -0500] "GET /BLA/resoluciones/AUTOS%202018/2718.pdf HTTP/1.1" 200 310446
216.244.66.195 - - [20/Jan/2024:05:22:53 -0500] "GET /BLA/resoluciones/AUTOS%202018/3081.pdf HTTP/1.1" 200 286086
216.244.66.195 - - [20/Jan/2024:05:23:01 -0500] "GET /BLA/resoluciones/AUTOS%202018/3479.pdf HTTP/1.1" 200 217871
216.244.66.195 - - [20/Jan/2024:05:23:06 -0500] "GET /BLA/resoluciones/AUTOS%202018/3896.pdf HTTP/1.1" 200 282612
216.244.66.195 - - [20/Jan/2024:05:23:13 -0500] "GET /BLA/resoluciones/AUTOS%202018/4058.pdf HTTP/1.1" 200 248816
157.55.39.205 - - [20/Jan/2024:05:23:17 -0500] "GET /BLA/resoluciones/AUTOS%202023/05961.pdf HTTP/1.1" 200 446745
216.244.66.195 - - [20/Jan/2024:05:23:19 -0500] "GET /BLA/resoluciones/AUTOS%202022/0265.pdf HTTP/1.1" 200 372190
216.244.66.195 - - [20/Jan/2024:05:23:23 -0500] "GET /BLA/resoluciones/AUTOS%202022/0269.pdf HTTP/1.1" 200 375190
216.244.66.195 - - [20/Jan/2024:05:23:28 -0500] "GET /BLA/resoluciones/AUTOS%202022/1081.pdf HTTP/1.1" 200 374731
216.244.66.195 - - [20/Jan/2024:05:23:42 -0500] "GET /BLA/resoluciones/AUTOS%202022/1312.pdf HTTP/1.1" 200 421700
216.245.221.92 - - [20/Jan/2024:05:23:53 -0500] "HEAD / HTTP/1.1" 200 -
216.244.66.195 - - [20/Jan/2024:05:24:16 -0500] "GET /BLA/resoluciones/AUTOS%202022/1648.pdf HTTP/1.1" 200 339067
172.22.2.4 - - [20/Jan/2024:05:22:37 -0500] "HEAD /BLA/boletinlegal/ HTTP/1.1" 200 -
201.245.192.253 - - [20/Jan/2024:05:24:28 -0500] "POST /kwsrmcab/Wsrmcab  HTTP/1.1" 200 213
216.244.66.195 - - [20/Jan/2024:05:24:43 -0500] "GET /BLA/resoluciones/AUTOS%202022/2632.pdf HTTP/1.1" 200 352586
172.22.2.4 - - [20/Jan/2024:05:23:28 -0500] "GET /BLA/boletinlegal/ HTTP/1.1" 200 60529
201.245.192.253 - - [20/Jan/2024:05:25:07 -0500] "POST /kwsrmcab/Wsrmcab HTTP/1.1" 200 38636
216.244.66.195 - - [20/Jan/2024:05:25:10 -0500] "GET /BLA/resoluciones/AUTOS%202022/3028.pdf HTTP/1.1" 200 451017
201.245.192.253 - - [20/Jan/2024:05:25:10 -0500] "POST /kwsrmcab/Wsrmcab HTTP/1.1" 200 35989
216.244.66.195 - - [20/Jan/2024:05:25:36 -0500] "GET /BLA/resoluciones/AUTOS%202022/3441.pdf HTTP/1.1" 200 502651
216.245.221.92 - - [20/Jan/2024:05:28:53 -0500] "HEAD / HTTP/1.1" 200 -
201.245.192.253 - - [20/Jan/2024:05:29:27 -0500] "POST /kwsrmcab/Wsrmcab  HTTP/1.1" 200 213
201.245.192.253 - - [20/Jan/2024:05:29:32 -0500] "POST /kwsrmcab/Wsrmcab HTTP/1.1" 200 39143
172.22.2.4 - - [20/Jan/2024:05:28:27 -0500] "HEAD /BLA/boletinlegal/ HTTP/1.1" 200 -
201.245.192.253 - - [20/Jan/2024:05:30:14 -0500] "POST /kwsrmcab/Wsrmcab HTTP/1.1" 200 35989
172.22.2.4 - - [20/Jan/2024:05:29:18 -0500] "GET /BLA/boletinlegal/ HTTP/1.1" 200 60996
216.245.221.92 - - [20/Jan/2024:05:33:53 -0500] "HEAD / HTTP/1.1" 200 -
201.245.192.253 - - [20/Jan/2024:05:34:25 -0500] "POST /kwsrmcab/Wsrmcab  HTTP/1.1" 200 213
201.245.192.253 - - [20/Jan/2024:05:35:07 -0500] "POST /kwsrmcab/Wsrmcab HTTP/1.1" 200 38636
201.245.192.253 - - [20/Jan/2024:05:35:10 -0500] "POST /kwsrmcab/Wsrmcab HTTP/1.1" 200 35989
172.22.2.4 - - [20/Jan/2024:05:34:17 -0500] "HEAD /BLA/boletinlegal/ HTTP/1.1" 200 -
173.252.107.118 - - [20/Jan/2024:05:36:29 -0500] "GET /images/PREAD%20SDA%201.jpeg HTTP/1.1" 200 65620
173.252.107.119 - - [20/Jan/2024:05:36:29 -0500] "GET /images/arbol%20centro.jpg HTTP/1.1" 200 69467
173.252.107.117 - - [20/Jan/2024:05:36:29 -0500] "GET /images/terrazas%20verdes.jpg HTTP/1.1" 200 63951
173.252.107.118 - - [20/Jan/2024:05:36:29 -0500] "GET /images/Aves%20SDA.jpeg HTTP/1.1" 200 75104
173.252.107.5 - - [20/Jan/2024:05:36:33 -0500] "GET /images/agua%20bogota.jpg HTTP/1.1" 200 74348
173.252.107.2 - - [20/Jan/2024:05:36:33 -0500] "GET /images/Musgo%2017%20-%2012%20-%202023.jpeg HTTP/1.1" 200 66238
173.252.107.3 - - [20/Jan/2024:05:36:33 -0500] "GET /images/participacion%2019-12-23.jpg HTTP/1.1" 200 73861
173.252.107.1 - - [20/Jan/2024:05:36:33 -0500] "GET /images/reconocimiento%20practicas%20ambientales.jpg HTTP/1.1" 200 63397
172.22.2.4 - - [20/Jan/2024:05:35:08 -0500] "GET /BLA/boletinlegal/ HTTP/1.1" 200 60529
199.16.157.183 - - [20/Jan/2024:05:37:45 -0500] "GET /images/cr%C3%B3nica-29-nov-1_optimized.jpeg HTTP/1.1" 404 1034
157.55.39.49 - - [20/Jan/2024:05:37:54 -0500] "GET /BLA/resoluciones/RESOLUCIONES%202023/03176.pdf HTTP/1.1" 304 -
216.245.221.92 - - [20/Jan/2024:05:38:53 -0500] "HEAD / HTTP/1.1" 200 -
216.244.66.195 - - [20/Jan/2024:05:39:02 -0500] "GET /BLA/resoluciones/AUTOS%202020/1018.pdf HTTP/1.1" 200 346161
216.244.66.195 - - [20/Jan/2024:05:39:26 -0500] "GET /BLA/resoluciones/AUTOS%202020/2345.pdf HTTP/1.1" 200 340205
201.245.192.253 - - [20/Jan/2024:05:39:25 -0500] "POST /kwsrmcab/Wsrmcab  HTTP/1.1" 200 213
201.245.192.253 - - [20/Jan/2024:05:39:32 -0500] "POST /kwsrmcab/Wsrmcab HTTP/1.1" 200 39143
216.244.66.195 - - [20/Jan/2024:05:39:49 -0500] "GET /BLA/resoluciones/AUTOS%202020/2592.pdf HTTP/1.1" 200 359646
201.245.192.253 - - [20/Jan/2024:05:40:13 -0500] "POST /kwsrmcab/Wsrmcab HTTP/1.1" 200 35989
172.22.2.4 - - [20/Jan/2024:05:40:07 -0500] "HEAD /BLA/boletinlegal/ HTTP/1.1" 200 -
172.22.2.4 - - [20/Jan/2024:05:40:58 -0500] "GET /BLA/boletinlegal/ HTTP/1.1" 200 60996
216.245.221.92 - - [20/Jan/2024:05:43:53 -0500] "HEAD / HTTP/1.1" 200 -
201.245.192.253 - - [20/Jan/2024:05:44:24 -0500] "POST /kwsrmcab/Wsrmcab  HTTP/1.1" 200 213
43.153.15.128 - - [20/Jan/2024:05:46:14 -0500] "GET / HTTP/1.1" 200 319
36.99.136.129 - - [20/Jan/2024:05:46:25 -0500] "GET / HTTP/1.1" 200 319
36.99.136.129 - - [20/Jan/2024:05:46:25 -0500] "GET /favicon.ico HTTP/1.1" 200 7782
146.70.178.94 - - [20/Jan/2024:05:46:30 -0500] "GET / HTTP/1.1" 200 319
146.70.178.94 - - [20/Jan/2024:05:46:31 -0500] "GET /favicon.ico HTTP/1.1" 200 7782
36.99.136.136 - - [20/Jan/2024:05:46:38 -0500] "GET /favicon.ico HTTP/1.1" 200 7782
185.166.84.146 - - [20/Jan/2024:05:46:40 -0500] "GET / HTTP/1.1" 200 4720
185.166.84.146 - - [20/Jan/2024:05:46:42 -0500] "GET / HTTP/1.1" 200 4720
185.166.84.146 - - [20/Jan/2024:05:46:44 -0500] "GET /js/url.js HTTP/1.1" 404 1198
185.166.84.146 - - [20/Jan/2024:05:46:47 -0500] "GET /favicon.ico HTTP/1.1" 404 1034
36.99.136.128 - - [20/Jan/2024:05:46:48 -0500] "GET /favicon.ico HTTP/1.1" 200 7782
36.99.136.129 - - [20/Jan/2024:05:46:55 -0500] "GET / HTTP/1.1" 200 319
36.99.136.129 - - [20/Jan/2024:05:46:56 -0500] "GET /favicon.ico HTTP/1.1" 200 7782
111.7.96.181 - - [20/Jan/2024:05:47:01 -0500] "GET / HTTP/1.1" 200 319
111.7.96.181 - - [20/Jan/2024:05:47:01 -0500] "GET /favicon.ico HTTP/1.1" 200 7782
111.7.96.167 - - [20/Jan/2024:05:47:09 -0500] "GET / HTTP/1.1" 200 319
111.7.96.167 - - [20/Jan/2024:05:47:10 -0500] "GET /favicon.ico HTTP/1.1" 200 7782
146.70.178.94 - - [20/Jan/2024:05:47:22 -0500] "GET / HTTP/1.1" 200 319
146.70.178.94 - - [20/Jan/2024:05:47:23 -0500] "GET /favicon.ico HTTP/1.1" 200 7782
172.22.2.4 - - [20/Jan/2024:05:45:57 -0500] "HEAD /BLA/boletinlegal/ HTTP/1.1" 200 -
172.22.2.4 - - [20/Jan/2024:05:46:48 -0500] "GET /BLA/boletinlegal/ HTTP/1.1" 200 60529
216.245.221.92 - - [20/Jan/2024:05:48:53 -0500] "HEAD / HTTP/1.1" 200 -
201.245.192.253 - - [20/Jan/2024:05:49:23 -0500] "POST /kwsrmcab/Wsrmcab  HTTP/1.1" 200 213
172.22.2.4 - - [20/Jan/2024:05:51:47 -0500] "HEAD /BLA/boletinlegal/ HTTP/1.1" 200 -
216.245.221.92 - - [20/Jan/2024:05:53:53 -0500] "HEAD / HTTP/1.1" 200 -
66.249.66.20 - - [20/Jan/2024:05:54:01 -0500] "GET /BLA/resoluciones/RESOLUCIONES%202008/0935.pdf HTTP/1.1" 200 70010
172.22.2.4 - - [20/Jan/2024:05:52:38 -0500] "GET /BLA/boletinlegal/ HTTP/1.1" 200 58666
201.245.192.253 - - [20/Jan/2024:05:54:21 -0500] "POST /kwsrmcab/Wsrmcab  HTTP/1.1" 200 213
216.245.221.92 - - [20/Jan/2024:05:58:53 -0500] "HEAD / HTTP/1.1" 200 -
172.22.2.4 - - [20/Jan/2024:05:57:37 -0500] "HEAD /BLA/boletinlegal/ HTTP/1.1" 200 -
201.245.192.253 - - [20/Jan/2024:05:59:20 -0500] "POST /kwsrmcab/Wsrmcab  HTTP/1.1" 200 213
172.22.2.4 - - [20/Jan/2024:05:58:28 -0500] "GET /BLA/boletinlegal/ HTTP/1.1" 200 60529
199.16.157.182 - - [20/Jan/2024:06:01:21 -0500] "GET /images/pl%C3%A1sticos%20foto%201..jpg HTTP/1.1" 404 1034
216.244.66.195 - - [20/Jan/2024:06:01:30 -0500] "GET /robots.txt HTTP/1.1" 404 1018
216.245.221.92 - - [20/Jan/2024:06:03:53 -0500] "HEAD / HTTP/1.1" 200 -
69.63.189.118 - - [20/Jan/2024:06:03:55 -0500] "GET /portaldeninos/wp-content/uploads/2020/06/mapa-humedales-de-bogot\xc3\xa1-1.jpg HTTP/1.1" 503 1037
201.245.192.253 - - [20/Jan/2024:06:04:19 -0500] "POST /kwsrmcab/Wsrmcab  HTTP/1.1" 200 213
172.22.2.4 - - [20/Jan/2024:06:03:27 -0500] "HEAD /BLA/boletinlegal/ HTTP/1.1" 200 -
172.22.2.4 - - [20/Jan/2024:06:04:18 -0500] "GET /BLA/boletinlegal/ HTTP/1.1" 200 58666
52.167.144.25 - - [20/Jan/2024:06:08:07 -0500] "GET /portaldeninos/wp-content/uploads/2021/11/pieza-dia-ruido-ambiental-28-abril-1200x480.jpg HTTP/1.1" 503 1037
216.245.221.92 - - [20/Jan/2024:06:08:53 -0500] "HEAD / HTTP/1.1" 200 -
201.245.192.253 - - [20/Jan/2024:06:09:17 -0500] "POST /kwsrmcab/Wsrmcab  HTTP/1.1" 200 213
172.22.2.4 - - [20/Jan/2024:06:08:51 -0500] "GET /BLA/boletinlegal/ HTTP/1.1" 200 24523
157.55.39.56 - - [20/Jan/2024:06:10:17 -0500] "GET /galeria/galeria/jquery.fancybox.js?v=2.1.5 HTTP/1.1" 200 48706
66.249.66.37 - - [20/Jan/2024:06:10:18 -0500] "GET /robots.txt HTTP/1.1" 404 1034
66.249.66.38 - - [20/Jan/2024:06:10:18 -0500] "GET /secretaria-de-ambiente-destaca-aportes-de-empresas-y-ciudadanos-que-ayudaron-a-mitigar-efectos-de-la-alerta-fase-i.html HTTP/1.1" 304 -
52.167.144.140 - - [20/Jan/2024:06:10:22 -0500] "GET /galeria/galeria/jquery.fancybox.css?v=2.1.5 HTTP/1.1" 200 4895
172.22.2.4 - - [20/Jan/2024:06:09:54 -0500] "GET /BLA/boletinlegal/ HTTP/1.1" 200 32715
172.22.2.4 - - [20/Jan/2024:06:09:17 -0500] "HEAD /BLA/boletinlegal/ HTTP/1.1" 200 -
173.252.111.7 - - [20/Jan/2024:06:11:37 -0500] "GET /temporada-de-tinguas-y-mas-aves-migratorias-como-y-donde-reportarlas-si-las-ves-heridas-o-desorientadas.html HTTP/1.1" 200 784
172.22.2.4 - - [20/Jan/2024:06:10:08 -0500] "GET /BLA/boletinlegal/ HTTP/1.1" 200 53996
52.167.144.231 - - [20/Jan/2024:06:13:31 -0500] "GET /temporada-de-tinguas-y-mas-aves-migratorias-como-y-donde-reportarlas-si-las-ves-heridas-o-desorientadas.html HTTP/1.1" 200 784
216.245.221.92 - - [20/Jan/2024:06:13:53 -0500] "HEAD / HTTP/1.1" 200 -
201.245.192.253 - - [20/Jan/2024:06:14:16 -0500] "POST /kwsrmcab/Wsrmcab  HTTP/1.1" 200 213
201.245.192.253 - - [20/Jan/2024:06:15:07 -0500] "POST /kwsrmcab/Wsrmcab HTTP/1.1" 200 38667
201.245.192.253 - - [20/Jan/2024:06:15:10 -0500] "POST /kwsrmcab/Wsrmcab HTTP/1.1" 200 35992
186.30.176.168 - - [20/Jan/2024:06:15:16 -0500] "GET / HTTP/1.1" 200 4720
186.30.176.168 - - [20/Jan/2024:06:15:16 -0500] "GET /js/url.js HTTP/1.1" 404 1294
186.30.176.168 - - [20/Jan/2024:06:15:16 -0500] "GET /css/bootstrap.min.css HTTP/1.1" 200 178212
186.30.176.168 - - [20/Jan/2024:06:15:16 -0500] "GET /fonts/icomoon/style.css HTTP/1.1" 200 79820
186.30.176.168 - - [20/Jan/2024:06:15:16 -0500] "GET /css/style.css HTTP/1.1" 200 3473
186.30.176.168 - - [20/Jan/2024:06:16:13 -0500] "GET / HTTP/1.1" 200 4720
186.30.176.168 - - [20/Jan/2024:06:16:13 -0500] "GET /css/bootstrap.min.css HTTP/1.1" 200 178212
186.30.176.168 - - [20/Jan/2024:06:16:14 -0500] "GET /js/url.js HTTP/1.1" 404 1294
172.22.2.4 - - [20/Jan/2024:06:15:07 -0500] "HEAD /BLA/boletinlegal/ HTTP/1.1" 200 -
216.244.66.195 - - [20/Jan/2024:06:17:05 -0500] "GET /BLA/resoluciones/AUTOS%202012/2626.pdf HTTP/1.1" 200 252391
216.244.66.195 - - [20/Jan/2024:06:17:18 -0500] "GET /BLA/resoluciones/AUTOS%202012/2632.pdf HTTP/1.1" 200 500006
216.244.66.195 - - [20/Jan/2024:06:17:29 -0500] "GET /BLA/resoluciones/AUTOS%202012/2695.pdf HTTP/1.1" 200 2139050
172.22.2.4 - - [20/Jan/2024:06:15:58 -0500] "GET /BLA/boletinlegal/ HTTP/1.1" 200 58666
216.244.66.195 - - [20/Jan/2024:06:18:01 -0500] "GET /BLA/resoluciones/AUTOS%202013/0078.pdf HTTP/1.1" 200 580467
66.249.66.21 - - [20/Jan/2024:06:18:08 -0500] "GET /BLA/resoluciones/AUTOS%202017/4179.pdf HTTP/1.1" 200 3154196
216.244.66.195 - - [20/Jan/2024:06:18:20 -0500] "GET /BLA/resoluciones/AUTOS%202013/0477.pdf HTTP/1.1" 200 774205
172.22.2.4 - - [20/Jan/2024:06:17:53 -0500] "GET /BLA/boletinlegal/ HTTP/1.1" 200 24523
216.245.221.92 - - [20/Jan/2024:06:18:53 -0500] "HEAD / HTTP/1.1" 200 -
216.244.66.195 - - [20/Jan/2024:06:19:01 -0500] "GET /BLA/resoluciones/AUTOS%202013/1101.pdf HTTP/1.1" 200 1603463
201.245.192.253 - - [20/Jan/2024:06:19:15 -0500] "POST /kwsrmcab/Wsrmcab  HTTP/1.1" 200 213
201.245.192.253 - - [20/Jan/2024:06:19:31 -0500] "POST /kwsrmcab/Wsrmcab HTTP/1.1" 200 39156
216.244.66.195 - - [20/Jan/2024:06:19:36 -0500] "GET /BLA/resoluciones/AUTOS%202013/1135.pdf HTTP/1.1" 200 1126728
172.22.2.4 - - [20/Jan/2024:06:19:06 -0500] "GET /BLA/boletinlegal/ HTTP/1.1" 200 40907
201.245.192.253 - - [20/Jan/2024:06:20:12 -0500] "POST /kwsrmcab/Wsrmcab HTTP/1.1" 200 35992
216.244.66.195 - - [20/Jan/2024:06:20:16 -0500] "GET /BLA/resoluciones/AUTOS%202013/1167.pdf HTTP/1.1" 200 583509
186.84.21.136 - - [20/Jan/2024:06:20:29 -0500] "GET /sipse/faces/presentacion/financiero/solicitudProceso/consultarHistorialSolProceso.xhtml HTTP/1.1" 302 -
186.84.21.136 - - [20/Jan/2024:06:20:29 -0500] "GET /sipse/faces/autenticacion.xhtml HTTP/1.1" 200 12403
186.84.21.136 - - [20/Jan/2024:06:20:29 -0500] "GET /sipse/js/disable_browser_buttons.js HTTP/1.1" 304 -
186.84.21.136 - - [20/Jan/2024:06:20:29 -0500] "GET /sipse/js/funciones.js HTTP/1.1" 304 -
186.84.21.136 - - [20/Jan/2024:06:20:29 -0500] "GET /sipse/css/custom_css_sg.css HTTP/1.1" 304 -
186.84.21.136 - - [20/Jan/2024:06:20:29 -0500] "GET /sipse/css/custom_css_sg_prime_login.css HTTP/1.1" 304 -
186.84.21.136 - - [20/Jan/2024:06:20:29 -0500] "GET /sipse/faces/javax.faces.resource/theme.css?ln=primefaces-sipse HTTP/1.1" 304 -
186.84.21.136 - - [20/Jan/2024:06:20:29 -0500] "GET /sipse/faces/javax.faces.resource/jquery/jquery.js?ln=primefaces&v=4.0 HTTP/1.1" 304 -
186.84.21.136 - - [20/Jan/2024:06:20:29 -0500] "GET /sipse/faces/javax.faces.resource/primefaces.css?ln=primefaces&v=4.0 HTTP/1.1" 304 -
186.84.21.136 - - [20/Jan/2024:06:20:29 -0500] "GET /sipse/faces/javax.faces.resource/layout/layout.css?ln=primefaces&v=4.0 HTTP/1.1" 304 -
186.84.21.136 - - [20/Jan/2024:06:20:29 -0500] "GET /sipse/faces/javax.faces.resource/jquery/jquery-plugins.js?ln=primefaces&v=4.0 HTTP/1.1" 304 -
186.84.21.136 - - [20/Jan/2024:06:20:29 -0500] "GET /sipse/faces/javax.faces.resource/primefaces.js?ln=primefaces&v=4.0 HTTP/1.1" 304 -
186.84.21.136 - - [20/Jan/2024:06:20:29 -0500] "GET /sipse/faces/javax.faces.resource/layout/layout.js?ln=primefaces&v=4.0 HTTP/1.1" 304 -
186.84.21.136 - - [20/Jan/2024:06:20:30 -0500] "GET /sipse/css/imagen/logoSDG.png HTTP/1.1" 304 -
186.84.21.136 - - [20/Jan/2024:06:20:30 -0500] "GET /sipse/css/imagen/loginimg.png HTTP/1.1" 304 -
186.84.21.136 - - [20/Jan/2024:06:20:30 -0500] "GET /sipse/faces/javax.faces.resource/images/ui-icons_898989_256x240.png?ln=primefaces-aristo HTTP/1.1" 304 -
186.84.21.136 - - [20/Jan/2024:06:20:30 -0500] "GET /sipse/faces/index.xhtml HTTP/1.1" 200 677
186.84.21.136 - - [20/Jan/2024:06:20:30 -0500] "GET /sipse/faces/javax.faces.resource/theme.css?ln=primefaces-sipse HTTP/1.1" 304 -
186.84.21.136 - - [20/Jan/2024:06:20:30 -0500] "GET /sipse/faces/faces/autenticacion.xhtml HTTP/1.1" 200 12403
186.84.21.136 - - [20/Jan/2024:06:20:30 -0500] "GET /sipse/faces/javax.faces.resource/theme.css?ln=primefaces-sipse HTTP/1.1" 304 -
186.84.21.136 - - [20/Jan/2024:06:20:30 -0500] "GET /sipse/faces/javax.faces.resource/layout/layout.css?ln=primefaces&v=4.0 HTTP/1.1" 304 -
186.84.21.136 - - [20/Jan/2024:06:20:30 -0500] "GET /sipse/faces/javax.faces.resource/primefaces.css?ln=primefaces&v=4.0 HTTP/1.1" 304 -
186.84.21.136 - - [20/Jan/2024:06:20:30 -0500] "GET /sipse/faces/javax.faces.resource/jquery/jquery.js?ln=primefaces&v=4.0 HTTP/1.1" 304 -
186.84.21.136 - - [20/Jan/2024:06:20:30 -0500] "GET /sipse/faces/javax.faces.resource/jquery/jquery-plugins.js?ln=primefaces&v=4.0 HTTP/1.1" 304 -
186.84.21.136 - - [20/Jan/2024:06:20:30 -0500] "GET /sipse/faces/javax.faces.resource/primefaces.js?ln=primefaces&v=4.0 HTTP/1.1" 304 -
186.84.21.136 - - [20/Jan/2024:06:20:30 -0500] "GET /sipse/faces/javax.faces.resource/layout/layout.js?ln=primefaces&v=4.0 HTTP/1.1" 304 -
216.244.66.195 - - [20/Jan/2024:06:20:47 -0500] "GET /BLA/resoluciones/AUTOS%202013/1257.pdf HTTP/1.1" 200 238622
216.244.66.195 - - [20/Jan/2024:06:21:17 -0500] "GET /BLA/resoluciones/AUTOS%202013/1455.pdf HTTP/1.1" 200 832474
216.244.66.195 - - [20/Jan/2024:06:21:47 -0500] "GET /BLA/resoluciones/AUTOS%202013/1669.pdf HTTP/1.1" 200 215716
216.244.66.195 - - [20/Jan/2024:06:22:15 -0500] "GET /BLA/resoluciones/AUTOS%202013/1787.pdf HTTP/1.1" 200 468001
172.22.2.4 - - [20/Jan/2024:06:20:57 -0500] "HEAD /BLA/boletinlegal/ HTTP/1.1" 200 -
216.244.66.195 - - [20/Jan/2024:06:22:41 -0500] "GET /BLA/resoluciones/AUTOS%202013/2125.pdf HTTP/1.1" 200 548881
216.244.66.195 - - [20/Jan/2024:06:23:07 -0500] "GET /BLA/resoluciones/AUTOS%202013/2164.pdf HTTP/1.1" 200 630383
172.22.2.4 - - [20/Jan/2024:06:21:47 -0500] "GET /BLA/boletinlegal/ HTTP/1.1" 200 58666
216.244.66.195 - - [20/Jan/2024:06:23:33 -0500] "GET /BLA/resoluciones/AUTOS%202013/2238.pdf HTTP/1.1" 200 641166
186.102.96.241 - - [20/Jan/2024:06:23:44 -0500] "GET /kwssiamovil/sm/ldap/au?x=U2FsdGVkX19ppengioQbwdxJOC02RbPMr/B5I+chRtNDNr8h7tg96XUuOUKdt1YX&y=U2FsdGVkX18y5KrHSe2RaScYuefoOgcZoMRB9fD7McdYLG6rlq4i5ehIdZL22sfA HTTP/1.1" 200 30
186.102.96.241 - - [20/Jan/2024:06:23:45 -0500] "GET /kwssiamovil/sm/acme/s?s=U2FsdGVkX1+5iTnRnqPGezG6Spvr1Cd55M7kwkVI2+hQdkBBVLPNSDlZTF55p3PDFXB/6Yi5hlpRDAoR9IA6tmWsTCUc0LcI+QdACYdA2IM=&u=U2FsdGVkX1+6LBZ5FZ4f22XVcJZtoT1mqV3qC8myQPw=&y=U2FsdGVkX18y5KrHSe2RaScYuefoOgcZoMRB9fD7McdYLG6rlq4i5ehIdZL22sfA HTTP/1.1" 200 97
