186.155.149.236 - - [21/Jan/2024:16:22:58 -0500] "POST /sipse/faces/presentacion/financiero/solicitudProceso/listarSolicitudProceso.xhtml HTTP/1.1" 200 154803
186.155.149.236 - - [21/Jan/2024:16:22:59 -0500] "GET /sipse/faces/javax.faces.resource/theme.css?ln=primefaces-sipse HTTP/1.1" 304 -
186.155.149.236 - - [21/Jan/2024:16:22:59 -0500] "GET /sipse/faces/javax.faces.resource/primefaces.css?ln=primefaces&v=4.0 HTTP/1.1" 304 -
186.155.149.236 - - [21/Jan/2024:16:22:59 -0500] "GET /sipse/faces/javax.faces.resource/layout/layout.css?ln=primefaces&v=4.0 HTTP/1.1" 304 -
186.155.149.236 - - [21/Jan/2024:16:22:59 -0500] "GET /sipse/faces/javax.faces.resource/jquery/jquery.js?ln=primefaces&v=4.0 HTTP/1.1" 304 -
186.155.149.236 - - [21/Jan/2024:16:22:59 -0500] "GET /sipse/faces/javax.faces.resource/jquery/jquery-plugins.js?ln=primefaces&v=4.0 HTTP/1.1" 304 -
186.155.149.236 - - [21/Jan/2024:16:22:59 -0500] "GET /sipse/faces/javax.faces.resource/primefaces.js?ln=primefaces&v=4.0 HTTP/1.1" 304 -
186.155.149.236 - - [21/Jan/2024:16:22:59 -0500] "GET /sipse/faces/javax.faces.resource/layout/layout.js?ln=primefaces&v=4.0 HTTP/1.1" 304 -
186.155.149.236 - - [21/Jan/2024:16:23:01 -0500] "GET /sipse/css/imagen/contrasena.png HTTP/1.1" 404 383
186.155.149.236 - - [21/Jan/2024:16:23:01 -0500] "GET /sipse/faces/javax.faces.resource/dynamiccontent.properties?ln=primefaces&pfdrid=XjOR5%2F%2FfPAZAuY9TpWQeCiM0BhlXxYRBGKi%2FQcXXfeA%3D&pfdrid_c=false HTTP/1.1" 500 383
172.22.2.4 - - [21/Jan/2024:16:22:33 -0500] "GET /BLA/boletinlegal/ HTTP/1.1" 200 32715
146.19.24.23 - - [21/Jan/2024:16:23:39 -0500] "GET / HTTP/1.1" 200 319
216.245.221.92 - - [21/Jan/2024:16:23:48 -0500] "HEAD / HTTP/1.1" 200 -
172.22.2.4 - - [21/Jan/2024:16:22:37 -0500] "HEAD /BLA/boletinlegal/ HTTP/1.1" 200 -
186.155.149.236 - - [21/Jan/2024:16:24:39 -0500] "POST /sipse/faces/presentacion/financiero/solicitudProceso/consultarSolicitudProceso.xhtml HTTP/1.1" 200 188571
201.245.192.253 - - [21/Jan/2024:16:25:00 -0500] "POST /kwsrmcab/Wsrmcab HTTP/1.1" 200 38771
201.245.192.253 - - [21/Jan/2024:16:25:03 -0500] "POST /kwsrmcab/Wsrmcab HTTP/1.1" 200 36235
172.22.2.4 - - [21/Jan/2024:16:23:28 -0500] "GET /BLA/boletinlegal/ HTTP/1.1" 200 58666
186.155.149.236 - - [21/Jan/2024:16:25:40 -0500] "POST /sipse/faces/presentacion/financiero/solicitudProceso/consultarSolicitudProceso.xhtml HTTP/1.1" 200 188571
201.245.192.253 - - [21/Jan/2024:16:25:45 -0500] "POST /kwsrmcab/Wsrmcab  HTTP/1.1" 200 213
186.155.149.236 - - [21/Jan/2024:16:25:53 -0500] "POST /sipse/faces/presentacion/financiero/solicitudProceso/consultarSolicitudProceso.xhtml HTTP/1.1" 200 128080
186.155.149.236 - - [21/Jan/2024:16:26:00 -0500] "POST /sipse/faces/presentacion/financiero/solicitudProceso/consultarSolicitudProceso.xhtml HTTP/1.1" 200 145069
186.155.149.236 - - [21/Jan/2024:16:26:04 -0500] "POST /sipse/faces/presentacion/financiero/solicitudProceso/consultarSolicitudProceso.xhtml HTTP/1.1" 200 145069
186.155.149.236 - - [21/Jan/2024:16:26:20 -0500] "POST /sipse/faces/presentacion/financiero/solicitudProceso/consultarSolicitudProceso.xhtml HTTP/1.1" 200 1407003
186.155.149.236 - - [21/Jan/2024:16:26:26 -0500] "POST /sipse/faces/presentacion/financiero/solicitudProceso/consultarSolicitudProceso.xhtml HTTP/1.1" 200 5953401
186.155.149.236 - - [21/Jan/2024:16:26:33 -0500] "POST /sipse/faces/presentacion/financiero/solicitudProceso/consultarSolicitudProceso.xhtml HTTP/1.1" 200 2019140
186.155.149.236 - - [21/Jan/2024:16:26:39 -0500] "POST /sipse/faces/presentacion/financiero/solicitudProceso/consultarSolicitudProceso.xhtml HTTP/1.1" 200 877355
186.155.149.236 - - [21/Jan/2024:16:26:44 -0500] "POST /sipse/faces/presentacion/financiero/solicitudProceso/consultarSolicitudProceso.xhtml HTTP/1.1" 200 2148333
186.155.149.236 - - [21/Jan/2024:16:26:50 -0500] "POST /sipse/faces/presentacion/financiero/solicitudProceso/consultarSolicitudProceso.xhtml HTTP/1.1" 200 57379
216.244.66.195 - - [21/Jan/2024:16:27:06 -0500] "GET /BLA/resoluciones/AUTOS%202012/1689.pdf HTTP/1.1" 200 531829
186.155.149.236 - - [21/Jan/2024:16:27:28 -0500] "GET /sipse/faces/javax.faces.resource/images/ui-bg_flat_0_2d5972_40x100.png?ln=primefaces-aristo HTTP/1.1" 304 -
186.155.149.236 - - [21/Jan/2024:16:27:28 -0500] "POST /sipse/faces/presentacion/financiero/solicitudProceso/consultarSolicitudProceso.xhtml HTTP/1.1" 200 5510
216.244.66.195 - - [21/Jan/2024:16:27:39 -0500] "GET /BLA/resoluciones/AUTOS%202012/1758.pdf HTTP/1.1" 200 410630
186.168.243.182 - - [21/Jan/2024:16:27:48 -0500] "POST /sipse/faces/presentacion/financiero/solicitudProceso/consultarSolicitudProceso.xhtml HTTP/1.1" 200 43947
186.168.243.182 - - [21/Jan/2024:16:27:50 -0500] "GET /sipse/faces/javax.faces.resource/jquery/jquery.js?ln=primefaces&v=4.0 HTTP/1.1" 304 -
186.168.243.182 - - [21/Jan/2024:16:27:51 -0500] "GET /sipse/faces/javax.faces.resource/jquery/jquery-plugins.js?ln=primefaces&v=4.0 HTTP/1.1" 304 -
186.168.243.182 - - [21/Jan/2024:16:27:51 -0500] "GET /sipse/faces/javax.faces.resource/primefaces.js?ln=primefaces&v=4.0 HTTP/1.1" 304 -
186.168.243.182 - - [21/Jan/2024:16:27:51 -0500] "GET /sipse/faces/javax.faces.resource/layout/layout.js?ln=primefaces&v=4.0 HTTP/1.1" 304 -
186.168.243.182 - - [21/Jan/2024:16:27:51 -0500] "GET /sipse/faces/javax.faces.resource/messages/messages.png?ln=primefaces&v=4.0 HTTP/1.1" 304 -
186.168.243.182 - - [21/Jan/2024:16:27:51 -0500] "POST /sipse/faces/presentacion/financiero/solicitudProceso/listarSolicitudProceso.xhtml HTTP/1.1" 200 1420
186.168.243.182 - - [21/Jan/2024:16:27:53 -0500] "POST /sipse/faces/presentacion/financiero/solicitudProceso/listarSolicitudProceso.xhtml HTTP/1.1" 200 31438
186.155.149.236 - - [21/Jan/2024:16:27:54 -0500] "POST /sipse/faces/presentacion/financiero/solicitudProceso/consultarSolicitudProceso.xhtml HTTP/1.1" 200 5525
186.155.149.236 - - [21/Jan/2024:16:27:54 -0500] "GET /sipse/faces/javax.faces.resource/dynamiccontent.properties?ln=primefaces&pfdrid=XjOR5%2F%2FfPAZAuY9TpWQeCiM0BhlXxYRBGKi%2FQcXXfeA%3D&pfdrid_c=false HTTP/1.1" 200 120538
186.168.243.182 - - [21/Jan/2024:16:27:58 -0500] "POST /sipse/faces/presentacion/financiero/solicitudProceso/listarSolicitudProceso.xhtml HTTP/1.1" 200 28441
186.168.243.182 - - [21/Jan/2024:16:28:04 -0500] "POST /sipse/faces/presentacion/financiero/solicitudProceso/listarSolicitudProceso.xhtml HTTP/1.1" 200 4833
216.244.66.195 - - [21/Jan/2024:16:28:10 -0500] "GET /BLA/resoluciones/AUTOS%202012/1832.pdf HTTP/1.1" 200 308912
186.155.149.236 - - [21/Jan/2024:16:28:25 -0500] "GET /sipse/faces/javax.faces.resource/images/ui-bg_flat_0_2d5972_40x100.png?ln=primefaces-aristo HTTP/1.1" 304 -
186.155.149.236 - - [21/Jan/2024:16:28:25 -0500] "POST /sipse/faces/presentacion/sistema/reporte/ventanaVerReporteParametros.xhtml HTTP/1.1" 200 33161
186.155.149.236 - - [21/Jan/2024:16:28:25 -0500] "GET /sipse/faces/javax.faces.resource/jquery/jquery.js?ln=primefaces&v=4.0 HTTP/1.1" 304 -
186.155.149.236 - - [21/Jan/2024:16:28:25 -0500] "GET /sipse/faces/javax.faces.resource/jquery/jquery-plugins.js?ln=primefaces&v=4.0 HTTP/1.1" 304 -
186.155.149.236 - - [21/Jan/2024:16:28:25 -0500] "GET /sipse/faces/javax.faces.resource/primefaces.js?ln=primefaces&v=4.0 HTTP/1.1" 304 -
186.155.149.236 - - [21/Jan/2024:16:28:26 -0500] "GET /sipse/faces/javax.faces.resource/layout/layout.js?ln=primefaces&v=4.0 HTTP/1.1" 304 -
186.155.149.236 - - [21/Jan/2024:16:28:28 -0500] "POST /sipse/faces/presentacion/sistema/reporte/listarReportes.xhtml HTTP/1.1" 200 21789
186.155.149.236 - - [21/Jan/2024:16:28:28 -0500] "GET /sipse/faces/javax.faces.resource/theme.css?ln=primefaces-sipse HTTP/1.1" 304 -
186.155.149.236 - - [21/Jan/2024:16:28:28 -0500] "GET /sipse/faces/javax.faces.resource/primefaces.css?ln=primefaces&v=4.0 HTTP/1.1" 304 -
186.155.149.236 - - [21/Jan/2024:16:28:28 -0500] "GET /sipse/faces/javax.faces.resource/layout/layout.css?ln=primefaces&v=4.0 HTTP/1.1" 304 -
186.155.149.236 - - [21/Jan/2024:16:28:28 -0500] "GET /sipse/faces/javax.faces.resource/jquery/jquery.js?ln=primefaces&v=4.0 HTTP/1.1" 304 -
186.155.149.236 - - [21/Jan/2024:16:28:28 -0500] "GET /sipse/faces/javax.faces.resource/jquery/jquery-plugins.js?ln=primefaces&v=4.0 HTTP/1.1" 304 -
186.155.149.236 - - [21/Jan/2024:16:28:28 -0500] "GET /sipse/faces/javax.faces.resource/primefaces.js?ln=primefaces&v=4.0 HTTP/1.1" 304 -
186.155.149.236 - - [21/Jan/2024:16:28:28 -0500] "GET /sipse/faces/javax.faces.resource/layout/layout.js?ln=primefaces&v=4.0 HTTP/1.1" 304 -
186.155.149.236 - - [21/Jan/2024:16:28:28 -0500] "GET /sipse/faces/javax.faces.resource/images/ui-icons_898989_256x240.png?ln=primefaces-aristo HTTP/1.1" 304 -
216.244.66.195 - - [21/Jan/2024:16:28:40 -0500] "GET /BLA/resoluciones/AUTOS%202012/1841.pdf HTTP/1.1" 200 645216
216.245.221.92 - - [21/Jan/2024:16:28:48 -0500] "HEAD / HTTP/1.1" 200 -
66.249.66.19 - - [21/Jan/2024:16:28:53 -0500] "GET /BLA/boletinlegal/js/jquery.js HTTP/1.1" 200 57254
66.249.66.21 - - [21/Jan/2024:16:28:54 -0500] "GET /BLA/boletinlegal/js/jquery.scrollShow.js HTTP/1.1" 200 4586
66.249.66.19 - - [21/Jan/2024:16:28:55 -0500] "GET /BLA/boletinlegal/styles2.css HTTP/1.1" 200 1838
66.249.66.21 - - [21/Jan/2024:16:28:55 -0500] "GET /BLA/boletinlegal/js/jquery.scrollTo-min.js HTTP/1.1" 200 1150
186.155.149.236 - - [21/Jan/2024:16:28:55 -0500] "GET /sipse/faces/index.xhtml HTTP/1.1" 200 677
186.155.149.236 - - [21/Jan/2024:16:28:56 -0500] "GET /sipse/faces/javax.faces.resource/theme.css?ln=primefaces-sipse HTTP/1.1" 304 -
186.155.149.236 - - [21/Jan/2024:16:28:56 -0500] "GET /sipse/faces/faces/autenticacion.xhtml HTTP/1.1" 200 12412
186.155.149.236 - - [21/Jan/2024:16:28:56 -0500] "GET /sipse/faces/javax.faces.resource/primefaces.css?ln=primefaces&v=4.0 HTTP/1.1" 304 -
186.155.149.236 - - [21/Jan/2024:16:28:56 -0500] "GET /sipse/faces/javax.faces.resource/layout/layout.css?ln=primefaces&v=4.0 HTTP/1.1" 304 -
186.155.149.236 - - [21/Jan/2024:16:28:56 -0500] "GET /sipse/faces/javax.faces.resource/theme.css?ln=primefaces-sipse HTTP/1.1" 304 -
186.155.149.236 - - [21/Jan/2024:16:28:56 -0500] "GET /sipse/faces/javax.faces.resource/jquery/jquery.js?ln=primefaces&v=4.0 HTTP/1.1" 304 -
186.155.149.236 - - [21/Jan/2024:16:28:56 -0500] "GET /sipse/faces/javax.faces.resource/jquery/jquery-plugins.js?ln=primefaces&v=4.0 HTTP/1.1" 304 -
186.155.149.236 - - [21/Jan/2024:16:28:56 -0500] "GET /sipse/faces/javax.faces.resource/primefaces.js?ln=primefaces&v=4.0 HTTP/1.1" 304 -
186.155.149.236 - - [21/Jan/2024:16:28:56 -0500] "GET /sipse/faces/javax.faces.resource/layout/layout.js?ln=primefaces&v=4.0 HTTP/1.1" 304 -
186.155.149.236 - - [21/Jan/2024:16:28:57 -0500] "GET /sipse/faces/javax.faces.resource/images/ui-icons_898989_256x240.png?ln=primefaces-aristo HTTP/1.1" 304 -
186.155.149.236 - - [21/Jan/2024:16:29:00 -0500] "POST /sipse/faces/autenticacion.xhtml HTTP/1.1" 200 16311
186.155.149.236 - - [21/Jan/2024:16:29:00 -0500] "GET /sipse/faces/javax.faces.resource/jquery/jquery.js?ln=primefaces&v=4.0 HTTP/1.1" 304 -
186.155.149.236 - - [21/Jan/2024:16:29:00 -0500] "GET /sipse/faces/javax.faces.resource/jquery/jquery-plugins.js?ln=primefaces&v=4.0 HTTP/1.1" 304 -
186.155.149.236 - - [21/Jan/2024:16:29:00 -0500] "GET /sipse/faces/javax.faces.resource/primefaces.js?ln=primefaces&v=4.0 HTTP/1.1" 304 -
186.155.149.236 - - [21/Jan/2024:16:29:00 -0500] "GET /sipse/faces/javax.faces.resource/layout/layout.js?ln=primefaces&v=4.0 HTTP/1.1" 304 -
186.155.149.236 - - [21/Jan/2024:16:29:01 -0500] "GET /sipse/faces/javax.faces.resource/messages/messages.png?ln=primefaces&v=4.0 HTTP/1.1" 304 -
216.244.66.195 - - [21/Jan/2024:16:29:06 -0500] "GET /BLA/resoluciones/AUTOS%202012/1923.pdf HTTP/1.1" 200 709970
186.155.149.236 - - [21/Jan/2024:16:29:07 -0500] "GET /sipse/faces/javax.faces.resource/images/ui-bg_flat_0_2d5972_40x100.png?ln=primefaces-aristo HTTP/1.1" 304 -
186.155.149.236 - - [21/Jan/2024:16:29:07 -0500] "POST /sipse/faces/bienvenido.xhtml HTTP/1.1" 200 1471
186.155.149.236 - - [21/Jan/2024:16:29:10 -0500] "POST /sipse/faces/bienvenido.xhtml HTTP/1.1" 200 61361
186.155.149.236 - - [21/Jan/2024:16:29:10 -0500] "GET /sipse/faces/javax.faces.resource/jquery/jquery.js?ln=primefaces&v=4.0 HTTP/1.1" 304 -
186.155.149.236 - - [21/Jan/2024:16:29:10 -0500] "GET /sipse/faces/javax.faces.resource/jquery/jquery-plugins.js?ln=primefaces&v=4.0 HTTP/1.1" 304 -
186.155.149.236 - - [21/Jan/2024:16:29:10 -0500] "GET /sipse/faces/javax.faces.resource/primefaces.js?ln=primefaces&v=4.0 HTTP/1.1" 304 -
186.155.149.236 - - [21/Jan/2024:16:29:10 -0500] "GET /sipse/faces/javax.faces.resource/layout/layout.js?ln=primefaces&v=4.0 HTTP/1.1" 304 -
186.155.149.236 - - [21/Jan/2024:16:29:11 -0500] "POST /sipse/faces/presentacion/financiero/solicitudProceso/listarSolicitudProceso.xhtml HTTP/1.1" 200 1560
186.155.149.236 - - [21/Jan/2024:16:29:16 -0500] "POST /sipse/faces/presentacion/financiero/solicitudProceso/listarSolicitudProceso.xhtml HTTP/1.1" 200 6961
186.155.149.236 - - [21/Jan/2024:16:29:19 -0500] "POST /sipse/faces/presentacion/financiero/solicitudProceso/listarSolicitudProceso.xhtml HTTP/1.1" 200 33732
186.155.149.236 - - [21/Jan/2024:16:29:20 -0500] "GET /sipse/faces/javax.faces.resource/jquery/jquery.js?ln=primefaces&v=4.0 HTTP/1.1" 304 -
186.155.149.236 - - [21/Jan/2024:16:29:20 -0500] "GET /sipse/faces/javax.faces.resource/jquery/jquery-plugins.js?ln=primefaces&v=4.0 HTTP/1.1" 304 -
186.155.149.236 - - [21/Jan/2024:16:29:20 -0500] "GET /sipse/faces/javax.faces.resource/primefaces.js?ln=primefaces&v=4.0 HTTP/1.1" 304 -
186.155.149.236 - - [21/Jan/2024:16:29:20 -0500] "GET /sipse/faces/javax.faces.resource/layout/layout.js?ln=primefaces&v=4.0 HTTP/1.1" 304 -
186.155.149.236 - - [21/Jan/2024:16:29:20 -0500] "POST /sipse/faces/presentacion/sistema/reporte/listarReportes.xhtml HTTP/1.1" 200 27046
186.155.149.236 - - [21/Jan/2024:16:29:22 -0500] "POST /sipse/faces/presentacion/sistema/reporte/listarReportes.xhtml HTTP/1.1" 200 22360
186.155.149.236 - - [21/Jan/2024:16:29:22 -0500] "GET /sipse/faces/javax.faces.resource/theme.css?ln=primefaces-sipse HTTP/1.1" 304 -
186.155.149.236 - - [21/Jan/2024:16:29:22 -0500] "GET /sipse/faces/javax.faces.resource/primefaces.css?ln=primefaces&v=4.0 HTTP/1.1" 304 -
186.155.149.236 - - [21/Jan/2024:16:29:22 -0500] "GET /sipse/faces/javax.faces.resource/layout/layout.css?ln=primefaces&v=4.0 HTTP/1.1" 304 -
186.155.149.236 - - [21/Jan/2024:16:29:22 -0500] "GET /sipse/faces/javax.faces.resource/jquery/jquery.js?ln=primefaces&v=4.0 HTTP/1.1" 304 -
186.155.149.236 - - [21/Jan/2024:16:29:22 -0500] "GET /sipse/faces/javax.faces.resource/jquery/jquery-plugins.js?ln=primefaces&v=4.0 HTTP/1.1" 304 -
186.155.149.236 - - [21/Jan/2024:16:29:22 -0500] "GET /sipse/faces/javax.faces.resource/primefaces.js?ln=primefaces&v=4.0 HTTP/1.1" 304 -
186.155.149.236 - - [21/Jan/2024:16:29:22 -0500] "GET /sipse/faces/javax.faces.resource/layout/layout.js?ln=primefaces&v=4.0 HTTP/1.1" 304 -
186.155.149.236 - - [21/Jan/2024:16:29:22 -0500] "GET /sipse/faces/javax.faces.resource/images/ui-icons_898989_256x240.png?ln=primefaces-aristo HTTP/1.1" 304 -
201.245.192.253 - - [21/Jan/2024:16:29:26 -0500] "POST /kwsrmcab/Wsrmcab HTTP/1.1" 200 36241
216.244.66.195 - - [21/Jan/2024:16:29:32 -0500] "GET /BLA/resoluciones/AUTOS%202012/2157.pdf HTTP/1.1" 200 1745478
186.155.149.236 - - [21/Jan/2024:16:29:51 -0500] "GET /sipse/faces/javax.faces.resource/images/ui-bg_flat_0_2d5972_40x100.png?ln=primefaces-aristo HTTP/1.1" 304 -
186.155.149.236 - - [21/Jan/2024:16:29:51 -0500] "POST /sipse/faces/presentacion/sistema/reporte/ventanaVerReporteParametros.xhtml HTTP/1.1" 200 33732
186.155.149.236 - - [21/Jan/2024:16:29:52 -0500] "GET /sipse/faces/javax.faces.resource/jquery/jquery.js?ln=primefaces&v=4.0 HTTP/1.1" 304 -
186.155.149.236 - - [21/Jan/2024:16:29:52 -0500] "GET /sipse/faces/javax.faces.resource/jquery/jquery-plugins.js?ln=primefaces&v=4.0 HTTP/1.1" 304 -
186.155.149.236 - - [21/Jan/2024:16:29:52 -0500] "GET /sipse/faces/javax.faces.resource/primefaces.js?ln=primefaces&v=4.0 HTTP/1.1" 304 -
186.155.149.236 - - [21/Jan/2024:16:29:52 -0500] "GET /sipse/faces/javax.faces.resource/layout/layout.js?ln=primefaces&v=4.0 HTTP/1.1" 304 -
186.155.149.236 - - [21/Jan/2024:16:29:55 -0500] "POST /sipse/faces/presentacion/sistema/reporte/listarReportes.xhtml HTTP/1.1" 200 22360
186.155.149.236 - - [21/Jan/2024:16:29:55 -0500] "GET /sipse/faces/javax.faces.resource/theme.css?ln=primefaces-sipse HTTP/1.1" 304 -
186.155.149.236 - - [21/Jan/2024:16:29:55 -0500] "GET /sipse/faces/javax.faces.resource/primefaces.css?ln=primefaces&v=4.0 HTTP/1.1" 304 -
186.155.149.236 - - [21/Jan/2024:16:29:55 -0500] "GET /sipse/faces/javax.faces.resource/layout/layout.css?ln=primefaces&v=4.0 HTTP/1.1" 304 -
186.155.149.236 - - [21/Jan/2024:16:29:55 -0500] "GET /sipse/faces/javax.faces.resource/primefaces.js?ln=primefaces&v=4.0 HTTP/1.1" 304 -
186.155.149.236 - - [21/Jan/2024:16:29:55 -0500] "GET /sipse/faces/javax.faces.resource/jquery/jquery.js?ln=primefaces&v=4.0 HTTP/1.1" 304 -
186.155.149.236 - - [21/Jan/2024:16:29:55 -0500] "GET /sipse/faces/javax.faces.resource/jquery/jquery-plugins.js?ln=primefaces&v=4.0 HTTP/1.1" 304 -
186.155.149.236 - - [21/Jan/2024:16:29:55 -0500] "GET /sipse/faces/javax.faces.resource/layout/layout.js?ln=primefaces&v=4.0 HTTP/1.1" 304 -
186.155.149.236 - - [21/Jan/2024:16:29:55 -0500] "GET /sipse/faces/javax.faces.resource/images/ui-icons_898989_256x240.png?ln=primefaces-aristo HTTP/1.1" 304 -
172.22.2.4 - - [21/Jan/2024:16:28:27 -0500] "HEAD /BLA/boletinlegal/ HTTP/1.1" 200 -
201.245.192.253 - - [21/Jan/2024:16:30:09 -0500] "POST /kwsrmcab/Wsrmcab HTTP/1.1" 200 36235
216.244.66.195 - - [21/Jan/2024:16:30:16 -0500] "GET /BLA/resoluciones/AUTOS%202012/2228.pdf HTTP/1.1" 200 243518
216.244.66.195 - - [21/Jan/2024:16:30:46 -0500] "GET /BLA/resoluciones/AUTOS%202012/2366.pdf HTTP/1.1" 200 969749
201.245.192.253 - - [21/Jan/2024:16:30:45 -0500] "POST /kwsrmcab/Wsrmcab  HTTP/1.1" 200 213
172.22.2.4 - - [21/Jan/2024:16:29:18 -0500] "GET /BLA/boletinlegal/ HTTP/1.1" 200 60996
66.249.66.20 - - [21/Jan/2024:16:31:01 -0500] "GET /BLA/resoluciones/RESOLUCIONES%202011/6982.pdf HTTP/1.1" 200 1266045
216.244.66.195 - - [21/Jan/2024:16:31:18 -0500] "GET /BLA/resoluciones/AUTOS%202012/2433.pdf HTTP/1.1" 200 712848
66.249.66.165 - - [21/Jan/2024:16:31:22 -0500] "GET /documents/10184/1894576/pieza-dia-abejas-20-infografia-20-mayo.jpg/bc45f1db-95e7-45fb-ba4a-1c8251c0eeeb?t=1622085274381 HTTP/1.1" 404 1035
216.244.66.195 - - [21/Jan/2024:16:31:47 -0500] "GET /BLA/resoluciones/AUTOS%202012/2639.pdf HTTP/1.1" 200 1037464
47.128.40.246 - - [21/Jan/2024:16:32:03 -0500] "GET /BLA/resoluciones/RESOLUCIONES%202005/RES%202005%20651-700/INDEX.DAT HTTP/1.1" 200 2000
216.244.66.195 - - [21/Jan/2024:16:32:15 -0500] "GET /BLA/resoluciones/AUTOS%202012/2840.pdf HTTP/1.1" 200 222286
216.244.66.195 - - [21/Jan/2024:16:32:41 -0500] "GET /BLA/resoluciones/AUTOS%202012/2869.pdf HTTP/1.1" 200 446894
216.244.66.195 - - [21/Jan/2024:16:33:07 -0500] "GET /BLA/resoluciones/AUTOS%202013/0099.pdf HTTP/1.1" 200 1312510
159.69.179.16 - - [21/Jan/2024:16:33:23 -0500] "GET / HTTP/1.1" 200 4720
216.244.66.195 - - [21/Jan/2024:16:33:33 -0500] "GET /BLA/resoluciones/AUTOS%202013/0293.pdf HTTP/1.1" 200 891023
216.245.221.92 - - [21/Jan/2024:16:33:48 -0500] "HEAD / HTTP/1.1" 200 -
216.244.66.195 - - [21/Jan/2024:16:33:57 -0500] "GET /BLA/resoluciones/AUTOS%202013/0826.pdf HTTP/1.1" 200 265515
216.244.66.195 - - [21/Jan/2024:16:34:20 -0500] "GET /BLA/resoluciones/AUTOS%202013/0878.pdf HTTP/1.1" 200 401883
172.22.2.4 - - [21/Jan/2024:16:32:42 -0500] "GET /BLA/boletinlegal/ HTTP/1.1" 200 62549
216.244.66.195 - - [21/Jan/2024:16:34:42 -0500] "GET /BLA/resoluciones/AUTOS%202013/1196.pdf HTTP/1.1" 200 422449
201.245.192.253 - - [21/Jan/2024:16:35:00 -0500] "POST /kwsrmcab/Wsrmcab HTTP/1.1" 200 38771
216.244.66.195 - - [21/Jan/2024:16:35:02 -0500] "GET /BLA/resoluciones/AUTOS%202013/1262.pdf HTTP/1.1" 200 912240
201.245.192.253 - - [21/Jan/2024:16:35:03 -0500] "POST /kwsrmcab/Wsrmcab HTTP/1.1" 200 36235
216.244.66.195 - - [21/Jan/2024:16:35:22 -0500] "GET /BLA/resoluciones/AUTOS%202013/1322.pdf HTTP/1.1" 200 1595794
216.244.66.195 - - [21/Jan/2024:16:35:43 -0500] "GET /BLA/resoluciones/AUTOS%202013/1471.pdf HTTP/1.1" 200 444430
201.245.192.253 - - [21/Jan/2024:16:35:42 -0500] "POST /kwsrmcab/Wsrmcab  HTTP/1.1" 200 213
172.22.2.4 - - [21/Jan/2024:16:34:17 -0500] "HEAD /BLA/boletinlegal/ HTTP/1.1" 200 -
216.244.66.195 - - [21/Jan/2024:16:36:00 -0500] "GET /BLA/resoluciones/AUTOS%202013/1744.pdf HTTP/1.1" 200 1144567
216.244.66.195 - - [21/Jan/2024:16:36:18 -0500] "GET /BLA/resoluciones/AUTOS%202013/1763.pdf HTTP/1.1" 200 203814
216.244.66.195 - - [21/Jan/2024:16:36:34 -0500] "GET /BLA/resoluciones/AUTOS%202013/1841.pdf HTTP/1.1" 200 408430
172.22.2.4 - - [21/Jan/2024:16:36:41 -0500] "GET /BLA/boletinlegal/Circulares/2019/.pdf HTTP/1.1" 404 1218
172.22.2.4 - - [21/Jan/2024:16:36:47 -0500] "GET /BLA/boletinlegal/Circulares/2017/Circular%20No.%20011%20del%2005%20de%20julio%20de%202017.pdf HTTP/1.1" 304 -
172.22.2.4 - - [21/Jan/2024:16:35:07 -0500] "GET /BLA/boletinlegal/ HTTP/1.1" 200 58166
216.244.66.195 - - [21/Jan/2024:16:36:49 -0500] "GET /BLA/resoluciones/AUTOS%202013/1975.pdf HTTP/1.1" 200 1029423
216.244.66.195 - - [21/Jan/2024:16:37:28 -0500] "GET /BLA/resoluciones/AUTOS%202013/2264.pdf HTTP/1.1" 200 468700
216.244.66.195 - - [21/Jan/2024:16:37:59 -0500] "GET /BLA/resoluciones/AUTOS%202013/2284.pdf HTTP/1.1" 200 954857
181.56.171.197 - - [21/Jan/2024:16:38:19 -0500] "POST /sipse/faces/presentacion/financiero/solicitudProceso/consultarSolicitudProceso.xhtml HTTP/1.1" 200 36819
181.56.171.197 - - [21/Jan/2024:16:38:19 -0500] "GET /sipse/faces/javax.faces.resource/theme.css?ln=primefaces-sipse HTTP/1.1" 304 -
181.56.171.197 - - [21/Jan/2024:16:38:19 -0500] "GET /sipse/faces/javax.faces.resource/primefaces.css?ln=primefaces&v=4.0 HTTP/1.1" 304 -
181.56.171.197 - - [21/Jan/2024:16:38:19 -0500] "GET /sipse/faces/javax.faces.resource/layout/layout.css?ln=primefaces&v=4.0 HTTP/1.1" 304 -
181.56.171.197 - - [21/Jan/2024:16:38:19 -0500] "GET /sipse/faces/javax.faces.resource/jquery/jquery.js?ln=primefaces&v=4.0 HTTP/1.1" 304 -
181.56.171.197 - - [21/Jan/2024:16:38:19 -0500] "GET /sipse/faces/javax.faces.resource/jquery/jquery-plugins.js?ln=primefaces&v=4.0 HTTP/1.1" 304 -
181.56.171.197 - - [21/Jan/2024:16:38:20 -0500] "GET /sipse/faces/javax.faces.resource/primefaces.js?ln=primefaces&v=4.0 HTTP/1.1" 304 -
181.56.171.197 - - [21/Jan/2024:16:38:20 -0500] "GET /sipse/faces/javax.faces.resource/layout/layout.js?ln=primefaces&v=4.0 HTTP/1.1" 304 -
181.56.171.197 - - [21/Jan/2024:16:38:20 -0500] "GET /sipse/css/imagen/contrasena.png HTTP/1.1" 404 383
181.56.171.197 - - [21/Jan/2024:16:38:20 -0500] "POST /sipse/faces/presentacion/financiero/solicitudProceso/listarSolicitudProceso.xhtml HTTP/1.1" 200 30088
181.56.171.197 - - [21/Jan/2024:16:38:20 -0500] "POST /sipse/faces/presentacion/financiero/solicitudProceso/listarSolicitudProceso.xhtml HTTP/1.1" 200 30088
181.56.171.197 - - [21/Jan/2024:16:38:20 -0500] "POST /sipse/faces/presentacion/financiero/solicitudProceso/listarSolicitudProceso.xhtml HTTP/1.1" 200 30088
181.56.171.197 - - [21/Jan/2024:16:38:20 -0500] "POST /sipse/faces/presentacion/financiero/solicitudProceso/listarSolicitudProceso.xhtml HTTP/1.1" 200 30088
181.56.171.197 - - [21/Jan/2024:16:38:20 -0500] "POST /sipse/faces/presentacion/financiero/solicitudProceso/listarSolicitudProceso.xhtml HTTP/1.1" 200 30088
181.56.171.197 - - [21/Jan/2024:16:38:21 -0500] "POST /sipse/faces/presentacion/financiero/solicitudProceso/listarSolicitudProceso.xhtml HTTP/1.1" 200 30088
181.56.171.197 - - [21/Jan/2024:16:38:21 -0500] "POST /sipse/faces/presentacion/financiero/solicitudProceso/listarSolicitudProceso.xhtml HTTP/1.1" 200 1396
181.56.171.197 - - [21/Jan/2024:16:38:21 -0500] "POST /sipse/faces/presentacion/financiero/solicitudProceso/listarSolicitudProceso.xhtml HTTP/1.1" 200 1392
181.56.171.197 - - [21/Jan/2024:16:38:22 -0500] "POST /sipse/faces/presentacion/financiero/solicitudProceso/listarSolicitudProceso.xhtml HTTP/1.1" 200 1400
181.56.171.197 - - [21/Jan/2024:16:38:22 -0500] "POST /sipse/faces/presentacion/financiero/solicitudProceso/listarSolicitudProceso.xhtml HTTP/1.1" 200 1392
181.56.171.197 - - [21/Jan/2024:16:38:23 -0500] "POST /sipse/faces/presentacion/financiero/solicitudProceso/listarSolicitudProceso.xhtml HTTP/1.1" 200 1396
181.56.171.197 - - [21/Jan/2024:16:38:23 -0500] "POST /sipse/faces/presentacion/financiero/solicitudProceso/listarSolicitudProceso.xhtml HTTP/1.1" 200 1392
181.56.171.197 - - [21/Jan/2024:16:38:23 -0500] "POST /sipse/faces/presentacion/financiero/solicitudProceso/listarSolicitudProceso.xhtml HTTP/1.1" 200 1396
181.56.171.197 - - [21/Jan/2024:16:38:26 -0500] "POST /sipse/faces/presentacion/financiero/solicitudProceso/listarSolicitudProceso.xhtml HTTP/1.1" 200 136468
181.56.171.197 - - [21/Jan/2024:16:38:29 -0500] "GET /sipse/faces/javax.faces.resource/theme.css?ln=primefaces-sipse HTTP/1.1" 304 -
181.56.171.197 - - [21/Jan/2024:16:38:29 -0500] "GET /sipse/faces/javax.faces.resource/primefaces.css?ln=primefaces&v=4.0 HTTP/1.1" 304 -
181.56.171.197 - - [21/Jan/2024:16:38:29 -0500] "GET /sipse/faces/javax.faces.resource/layout/layout.css?ln=primefaces&v=4.0 HTTP/1.1" 304 -
181.56.171.197 - - [21/Jan/2024:16:38:29 -0500] "GET /sipse/faces/javax.faces.resource/jquery/jquery.js?ln=primefaces&v=4.0 HTTP/1.1" 304 -
181.56.171.197 - - [21/Jan/2024:16:38:29 -0500] "GET /sipse/faces/javax.faces.resource/jquery/jquery-plugins.js?ln=primefaces&v=4.0 HTTP/1.1" 304 -
181.56.171.197 - - [21/Jan/2024:16:38:29 -0500] "GET /sipse/faces/javax.faces.resource/primefaces.js?ln=primefaces&v=4.0 HTTP/1.1" 304 -
181.56.171.197 - - [21/Jan/2024:16:38:29 -0500] "GET /sipse/faces/javax.faces.resource/layout/layout.js?ln=primefaces&v=4.0 HTTP/1.1" 304 -
181.56.171.197 - - [21/Jan/2024:16:38:29 -0500] "GET /sipse/css/imagen/contrasena.png HTTP/1.1" 404 383
181.56.171.197 - - [21/Jan/2024:16:38:29 -0500] "GET /sipse/faces/javax.faces.resource/dynamiccontent.properties?ln=primefaces&pfdrid=XjOR5%2F%2FfPAZAuY9TpWQeCiM0BhlXxYRBGKi%2FQcXXfeA%3D&pfdrid_c=false HTTP/1.1" 500 383
216.244.66.195 - - [21/Jan/2024:16:38:33 -0500] "GET /BLA/resoluciones/AUTOS%202013/2357.pdf HTTP/1.1" 200 303783
181.56.171.197 - - [21/Jan/2024:16:38:39 -0500] "POST /sipse/faces/presentacion/financiero/solicitudProceso/consultarSolicitudProceso.xhtml HTTP/1.1" 200 86803
216.245.221.92 - - [21/Jan/2024:16:38:48 -0500] "HEAD / HTTP/1.1" 200 -
216.244.66.195 - - [21/Jan/2024:16:39:01 -0500] "GET /BLA/resoluciones/AUTOS%202013/2983.pdf HTTP/1.1" 200 326706
201.245.192.253 - - [21/Jan/2024:16:39:26 -0500] "POST /kwsrmcab/Wsrmcab HTTP/1.1" 200 36241
216.244.66.195 - - [21/Jan/2024:16:39:28 -0500] "GET /BLA/resoluciones/AUTOS%202014/0726.pdf HTTP/1.1" 200 469758
216.244.66.195 - - [21/Jan/2024:16:39:55 -0500] "GET /BLA/resoluciones/AUTOS%202014/0801.pdf HTTP/1.1" 200 365113
201.245.192.253 - - [21/Jan/2024:16:40:08 -0500] "POST /kwsrmcab/Wsrmcab HTTP/1.1" 200 36235
172.22.2.4 - - [21/Jan/2024:16:40:11 -0500] "GET /BLA/boletinlegal/actas/374122.pdf HTTP/1.1" 200 181942
216.244.66.195 - - [21/Jan/2024:16:40:20 -0500] "GET /BLA/resoluciones/AUTOS%202014/2294.pdf HTTP/1.1" 200 489546
186.102.62.77 - - [21/Jan/2024:16:40:39 -0500] "GET /kwssiamovil/sm/acme/a?s=U2FsdGVkX19424ew1fOnQFTLAVARB+dzpzfWpL0GOyyNXzg8QesofIB87QBAg1wYv/TUBVBQiO/R9KB4/ztvL+v+Qj3B709b0MIeT5N5RjUDxzQRpK34PSS20zGNqwjONZEjMj5e0tY6qqAKhtxp8GuIE5NKnZb6V2lXjvTBTU5pTB0t7begQt6eYV9mbJrrqqNbX7mZphIyIzCorLzR6gJGPOrXEKMHWV3PgYZHA4hdm7+TcbMrr+LTHVABltyiSyA0nsSOdOhsEyBRgC+swA==&u=U2FsdGVkX1+nKm35Krr1MY2j5LiDchKiQVoZSeiSvjM=&y=U2FsdGVkX1+FMLlIYeUkrfyUCRCclO8sLFF7yNuS6la5ko5iAOWbH/pfAMmnFLVY HTTP/1.1" 200 26
186.102.62.77 - - [21/Jan/2024:16:40:40 -0500] "GET /kwssiamovil/sm/acme/a?s=U2FsdGVkX1/TrWGjK2UKh5XOOXq7AnHYX8CpBw9efCeCNd7YyymSLFKSlSHd3JlheCtucYgVQP98ealyco1TIo+25D3mpAu80As7zPYNhp60gBod/umwBweLIgKBMbHCwb191vUqoiUp5RMHozAXsZKWhAe1Lr32IYvgmJBSxRHMV4SGl/tLKDhTwVi8ZlH1Sz+s1TmuRBCAZZZ1tPw9uwac3W5EAlCNWnELFw15/44Lz6o0yD0ip26Gvg/iVGT4IW37v8h/pmQMee430WyCBmYHO1/F/WbPKs8k+UAhqmxLn3r5m6PaSQbb+Qd07gGa3SkRzVwFYBPM5oRb4RuzmabVqsvyOmijGtgV8yDcqv4BnhnjMZk8EhYDpoDY+7X2q7lAjRva18hK52zhkPLNdOvObftKm6537TQefCH4iZsZK9V5BHh5dXXuA7kCYTsRBdpd3gLaa5hIJtl6msxsWjBFKo7fS5vA4w8Px00y36wtOi3YNALcOsP46vgCiWy5tcVPgRpjiXd0ajwQazqfGXV+XJayp8QdeFuYrLlTgKHYxO8v+HgV/2//q+htCAnLj05C67+9tTcytiLi+em3CMiiSteKPAgGSQQwVWXKc8uHdcBZAclZa3DaBWWkC/uWTXN/DFhpzoknJhOAeVkLRKF3/glsGs76BVt8WkxEn9+tRCINUdsb42ClyKUnIzr21dZYi39l+nac3hO9+ZryoJ3VCBV3zS8IzMTwnu1vZ0OQY17UWHmJBjGdcH9jliSfdcAiJzbl8upNrzByFDvdP1SWRm+ej7y3J9wE80qso47Zfoyf4Eaq+UX1ihnQXkJdg0TNRgWqzA/mhe2r//vdufVE9TVnXlhM9seeEG1J7nomw3Iz9I/rdMMDIocZz85wgX9wBuNemz8joyaDoonAY2PnjG96G51GYgjkL7zEwzLsG0yiFfH4d7XUEix8rasriGr7uTfcBYhEFYz+ZPIb+6Yv4FfIBCCI8lV4KRvYBaLFdNpqiVbcg+r4BqNcCAjpU0QM/AdyO0/3un0kUx2s0ChmrVgeF8FDB2yJ6Yx6Q1jOhIG/3g8rWyAp4LlPKhwfoGuFSwC4benJGkYz6c417Cb49qJNyYjM/JissD6vFGnRxLDise66YN5Ij5+ZEM9UTmwfKu9puBMgdZi0HKcGHML2ZVobJU80iUSYGX1zLPYmwvebYvYSaE98n/NqPwnMZ1iNtgPDXP0dXK+YzKt0k2A7ZaHTMBT7XW4fERsEfcC8sjpY8zlvRbvTVjyA0lKhtOhtBiusD90NtsniIGM6+xvu0XWRGdYqo7ghrgbzJd19vRY9q78OKnfscrUvjtNG0+MwY5OKnhQb6Y/8bElROE77y7gYXte9p2Qi0CXOpi+PVeE40qDgpmc1UKMAEgdAiP1ABohj0uRtZYzTQySS1xucw6UfydPnDhpsaoaTTbbCgzvtmrjGMGSyhSOXFYZGsmERGfmGzkWeh8M3gq2q9ZBJkbywKPZ16+gXNr9lVSzfR2GLMYjJQIECcwK4mB46DgAn4Z1uQXD56cNFa8Q6DuXiSswy1AICD42dXxe218AKLoMIOQLKy9gizynlKnwUTpwzt6FIapxVSMDuHqwBZxghZ3gf+IXCxu9vLe9imHBXZhzlnm0c8ev7et49RMbJwBdUZJLZoWaVD/43qD8NfNo0r5Gx+nnpE6usyEE3IjXCwJE9f3smjBs/ujqJ/KHuzMRxXHrYOTVJ0IfK61tzwnQgoVwz7hRbk+c7Mzbwio9HmC3ssrqqIe918UpgTZbt/wtxNxyRAkSJ40ow9B5P0pNAPb0/B6dlcUKjqCsRe2OJv9/z/Wxac2GOZ+Ef5wW5Sl2gwwwT7hlV6c0TjjavoBU1FHrYmOMEWrHjP+YZXKfHncV/0UgKPPJUDpe93MbVNqhdz8QBnzGg6UFxmC1hf8I/+X1TXn5iEKlKZtD2c44fzn8xirbbi9bh/CgRi1I7W6ihWUSAklYa/uF+ujsVg/nqpzQVzuOp6GZe33Xo3zebdFXGuANNgQMzt9pGYEyOIdwf8TAhPZxoPiEItVYPDN4nnyxM5sMDFSenviKb+j3Blht8iyc8uGvuMn2INUC0S0tN8ZPeVQDTpFyaP9THIKEHc0Ka2WcgHX8Yb56AXxri1DAAQbYrB94JHUE1dA1FRXnuROuRMcPXW/lF+ukKqHHWABDM0zzLzMmgYgZM4mffgMtGInhtmC2elfljJ3s7APNyqCeQ7X42YB5xTerIbIOxuVBbjei64WYW2hJTc8OAly7G6BIo586tDvpizwnQqHZ6J4UMC2vGGAXebN1w9u0f/Ghg4vP6EUlhuxo3M8KpOB1IEsk43VKlL9QTuF1M9L1kWBbqIe6tgqe3lEYqN/ytwhfUPVztlpvEnOQ/M4N2sDf3/SPq+bwHwAFFbHfHeBPKRMwNYJzISvtgvbzo205Uy2FyB9n6dA1dswyVHvcZ0sqy7Md9k/2BNYeyVs4iIu+ZlvZyxlktg4BPL3Kf6lAWPmboeyZfvdP0gOYGtHF7oc54P/TggFSstIrDugkYPvBockGLTUXn4oPtGX/7MjUlW9B7HpzVvWhd1nqpkJSr9UEds+SE/dWvbLaR+i25Oz1AGTjin7GkkGvoagdiSl1W65wH91gdMKJ4qNSA52JvpEyT69iwy6dvrZdwm2Nx0VH9XXM1uVCxUUrPXCCUhQF3mM1R9BKngYG9oftYolYdizETft1DNgYnkas/+xPswqhkeHba47FUXxFEZgZSOCSVHOGHS8MRM/L4Lf0M+teaOSYVtXZeQDyuSO8Ctqkik9EvQgxd6oEkRqaKsKsLXoukZEux5rKU2S61PiER3KhIWKfz3XV/fYaGpAdyTUkGh67iAtt8dXAQfEw/5jKxaCNAReAA4T4Goi6Mx05GHe3Ev/eOq9tjbb+D1Gnc9mtOk3UCpwdobwaUnRDJk7m70/dWC+sWcE0WHxWa82k/X8JsbRnlUA5KIiBQoSwVnsegDzlKr7UIc9mIYrX9SG9cbwRPHQjP0NV1wMRY/jb/SY2b7kHpKCQLhg3OlJ/3xiZbvgg4eAxRUwPsbRqKLyC0+pv57O4laXHAPCYO/S78NC2cFumLbrRXGFOvqPeL9c91uk370/XL4SgboHl/Y2dzQ+jTo4pAgkJ7q+Z+WLo96hDSGy38GX2UdGRXcPEUae8e5ghVl7PIfSXqKwbt5aZpA1pCv8wmZ98qmlHz3phJYsbVdb+EQCnjDUlv7SHqz3hN&u=U2FsdGVkX1+nKm35Krr1MY2j5LiDchKiQVoZSeiSvjM=&y=U2FsdGVkX1+FMLlIYeUkrfyUCRCclO8sLFF7yNuS6la5ko5iAOWbH/pfAMmnFLVY HTTP/1.1" 200 26
186.102.62.77 - - [21/Jan/2024:16:40:40 -0500] "GET /kwssiamovil/sm/acme/a?s=U2FsdGVkX196+nvv1aS6MwNL2Kr6pOjuauJzlfRCveWqGaCAEuDA383Uk/uu9psBUyGk4pdjxuudkTiYmY4QwKVWcPNp3eEWy5cwbV5F1Wpu8OXdKm1EcAJwp97wGq38QuFC4DqZUGY/r99uaROnfzo9Vj+wmYirKopUe4dMm/I=&u=U2FsdGVkX1+nKm35Krr1MY2j5LiDchKiQVoZSeiSvjM=&y=U2FsdGVkX1+FMLlIYeUkrfyUCRCclO8sLFF7yNuS6la5ko5iAOWbH/pfAMmnFLVY HTTP/1.1" 200 26
186.102.62.77 - - [21/Jan/2024:16:40:40 -0500] "GET /kwssiamovil/sm/acme/a?s=U2FsdGVkX189P1QkW5nHbNmDPY+jGssMPiaOxXYQTMF0IPTByMEn/dF1T7UqPItDG1nHFTGLKL64VeVUp+0Zj0hpNyhIciqEOAIjtiVG+CNu4f7IgoOm5dc9DeWa6G4RAhW1MnH8LhHbD9wQ27jYk0X/DNqPJTE5z6qVuJhtT2g=&u=U2FsdGVkX1+nKm35Krr1MY2j5LiDchKiQVoZSeiSvjM=&y=U2FsdGVkX1+FMLlIYeUkrfyUCRCclO8sLFF7yNuS6la5ko5iAOWbH/pfAMmnFLVY HTTP/1.1" 200 26
186.102.62.77 - - [21/Jan/2024:16:40:40 -0500] "GET /kwssiamovil/sm/acme/a?s=U2FsdGVkX19fSYpVxsyEqjgdKRMclbdT92H0HC53Jy4jEl517VYowDuyDxGR5yys5LS/l4qzrS8xrzpD121ZEjk2kWF9nopyTBJv9FwoAib6dNI+azWNDeeDtYnhmSOtwgyA1nlB+HCImH2kYumdOvrCSXlnC3qOnXygQrUS1CM=&u=U2FsdGVkX1+nKm35Krr1MY2j5LiDchKiQVoZSeiSvjM=&y=U2FsdGVkX1+FMLlIYeUkrfyUCRCclO8sLFF7yNuS6la5ko5iAOWbH/pfAMmnFLVY HTTP/1.1" 200 26
186.102.62.77 - - [21/Jan/2024:16:40:41 -0500] "GET /kwssiamovil/sm/acme/a?s=U2FsdGVkX19nU/wG6q4w15tQl5sxU/SX0yeHAClyiI0aAXsYTRwsvXjWlByHd6ZoepuQRqRV6WwFe4CHDdpbbauua3peckS7YcXDSE821+Y1Xggqa+K7ba/OCACsQvHHyIqjZf/JY9U4Aq8I4FQkHpWQVHBO5TdkftyqVEmUuUw3996xCjHFusrUcPo6i7Mat9RA4A38OcR1ZukSPQh8oA==&u=U2FsdGVkX1+nKm35Krr1MY2j5LiDchKiQVoZSeiSvjM=&y=U2FsdGVkX1+FMLlIYeUkrfyUCRCclO8sLFF7yNuS6la5ko5iAOWbH/pfAMmnFLVY HTTP/1.1" 200 26
201.245.192.253 - - [21/Jan/2024:16:40:42 -0500] "POST /kwsrmcab/Wsrmcab  HTTP/1.1" 200 213
216.244.66.195 - - [21/Jan/2024:16:40:45 -0500] "GET /BLA/resoluciones/AUTOS%202014/2377.pdf HTTP/1.1" 200 393248
216.244.66.195 - - [21/Jan/2024:16:41:08 -0500] "GET /BLA/resoluciones/AUTOS%202014/2729.pdf HTTP/1.1" 200 470735
206.189.155.60 - - [21/Jan/2024:16:41:15 -0500] "GET /BLA/boletinlegal/Circulares/2011/Circular%20No.%203%20del%2023%20de%20Junio%20de%202011.pdf HTTP/1.1" 200 1452758
216.244.66.195 - - [21/Jan/2024:16:41:32 -0500] "GET /BLA/resoluciones/AUTOS%202015/0148.pdf HTTP/1.1" 200 512338
172.22.2.4 - - [21/Jan/2024:16:40:07 -0500] "HEAD /BLA/boletinlegal/ HTTP/1.1" 200 -
165.232.175.85 - - [21/Jan/2024:16:41:50 -0500] "GET /BLA/boletinlegal/Circulares/2011/Circular%20No.%203%20del%2023%20de%20Junio%20de%202011.pdf HTTP/1.1" 200 1452758
216.244.66.195 - - [21/Jan/2024:16:41:53 -0500] "GET /BLA/resoluciones/AUTOS%202015/1054.pdf HTTP/1.1" 200 513563
40.77.167.7 - - [21/Jan/2024:16:42:02 -0500] "GET /sipse/faces/faces/autenticacion.xhtml HTTP/1.1" 200 12725
216.244.66.195 - - [21/Jan/2024:16:42:14 -0500] "GET /BLA/resoluciones/AUTOS%202015/1413.pdf HTTP/1.1" 200 467658
216.244.66.195 - - [21/Jan/2024:16:42:34 -0500] "GET /BLA/resoluciones/AUTOS%202015/1533.pdf HTTP/1.1" 200 515513
172.22.2.4 - - [21/Jan/2024:16:40:58 -0500] "GET /BLA/boletinlegal/ HTTP/1.1" 200 58666
216.244.66.195 - - [21/Jan/2024:16:42:54 -0500] "GET /BLA/resoluciones/AUTOS%202015/2115.pdf HTTP/1.1" 200 515154
216.244.66.195 - - [21/Jan/2024:16:43:13 -0500] "GET /BLA/resoluciones/AUTOS%202015/2458.pdf HTTP/1.1" 200 532606
216.244.66.195 - - [21/Jan/2024:16:43:30 -0500] "GET /BLA/resoluciones/AUTOS%202015/2755.pdf HTTP/1.1" 200 517846
52.167.144.228 - - [21/Jan/2024:16:43:29 -0500] "GET /portaldeninos/ HTTP/1.1" 503 1037
216.245.221.92 - - [21/Jan/2024:16:43:48 -0500] "HEAD / HTTP/1.1" 200 -
216.244.66.195 - - [21/Jan/2024:16:44:03 -0500] "GET /BLA/resoluciones/AUTOS%202019/0275.pdf HTTP/1.1" 200 254759
216.244.66.195 - - [21/Jan/2024:16:44:30 -0500] "GET /BLA/resoluciones/RESOLUCIONES%202011/0135.pdf HTTP/1.1" 200 361350
20.210.58.96 - - [21/Jan/2024:16:44:32 -0500] "GET /portaldeninos/humedal-jaboque-2/ HTTP/1.1" 503 1037
201.245.192.253 - - [21/Jan/2024:16:45:41 -0500] "POST /kwsrmcab/Wsrmcab  HTTP/1.1" 200 213
172.22.2.4 - - [21/Jan/2024:16:45:57 -0500] "HEAD /BLA/boletinlegal/ HTTP/1.1" 200 -
172.22.2.4 - - [21/Jan/2024:16:47:22 -0500] "GET /BLA/boletinlegal/ HTTP/1.1" 200 32715
172.22.2.4 - - [21/Jan/2024:16:46:48 -0500] "GET /BLA/boletinlegal/ HTTP/1.1" 200 55274
216.245.221.92 - - [21/Jan/2024:16:48:48 -0500] "HEAD / HTTP/1.1" 200 -
186.80.52.0 - - [21/Jan/2024:16:48:52 -0500] "POST /sipse/faces/presentacion/financiero/solicitudProceso/consultarSolicitudProceso.xhtml HTTP/1.1" 200 36946
186.80.52.0 - - [21/Jan/2024:16:48:52 -0500] "GET /sipse/faces/javax.faces.resource/theme.css?ln=primefaces-sipse HTTP/1.1" 304 -
186.80.52.0 - - [21/Jan/2024:16:48:53 -0500] "GET /sipse/faces/javax.faces.resource/primefaces.css?ln=primefaces&v=4.0 HTTP/1.1" 304 -
186.80.52.0 - - [21/Jan/2024:16:48:53 -0500] "GET /sipse/faces/javax.faces.resource/layout/layout.css?ln=primefaces&v=4.0 HTTP/1.1" 304 -
186.80.52.0 - - [21/Jan/2024:16:48:53 -0500] "GET /sipse/css/imagen/contrasena.png HTTP/1.1" 404 383
186.80.52.0 - - [21/Jan/2024:16:48:53 -0500] "GET /sipse/faces/javax.faces.resource/jquery/jquery.js?ln=primefaces&v=4.0 HTTP/1.1" 304 -
186.80.52.0 - - [21/Jan/2024:16:48:53 -0500] "GET /sipse/faces/javax.faces.resource/jquery/jquery-plugins.js?ln=primefaces&v=4.0 HTTP/1.1" 304 -
186.80.52.0 - - [21/Jan/2024:16:48:53 -0500] "GET /sipse/faces/javax.faces.resource/primefaces.js?ln=primefaces&v=4.0 HTTP/1.1" 304 -
186.80.52.0 - - [21/Jan/2024:16:48:53 -0500] "GET /sipse/faces/javax.faces.resource/layout/layout.js?ln=primefaces&v=4.0 HTTP/1.1" 304 -
186.80.52.0 - - [21/Jan/2024:16:48:53 -0500] "POST /sipse/faces/presentacion/financiero/solicitudProceso/listarSolicitudProceso.xhtml HTTP/1.1" 200 30225
186.80.52.0 - - [21/Jan/2024:16:48:53 -0500] "POST /sipse/faces/presentacion/financiero/solicitudProceso/listarSolicitudProceso.xhtml HTTP/1.1" 200 30225
186.80.52.0 - - [21/Jan/2024:16:48:54 -0500] "POST /sipse/faces/presentacion/financiero/solicitudProceso/listarSolicitudProceso.xhtml HTTP/1.1" 200 1396
186.80.52.0 - - [21/Jan/2024:16:48:54 -0500] "POST /sipse/faces/presentacion/financiero/solicitudProceso/listarSolicitudProceso.xhtml HTTP/1.1" 200 1392
186.80.52.0 - - [21/Jan/2024:16:48:54 -0500] "POST /sipse/faces/presentacion/financiero/solicitudProceso/listarSolicitudProceso.xhtml HTTP/1.1" 200 1400
186.80.52.0 - - [21/Jan/2024:16:48:56 -0500] "POST /sipse/faces/presentacion/financiero/solicitudProceso/listarSolicitudProceso.xhtml HTTP/1.1" 200 2713
186.80.52.0 - - [21/Jan/2024:16:48:58 -0500] "POST /sipse/faces/presentacion/financiero/solicitudProceso/listarSolicitudProceso.xhtml HTTP/1.1" 200 3757
186.80.52.0 - - [21/Jan/2024:16:48:59 -0500] "POST /sipse/faces/presentacion/financiero/solicitudProceso/listarSolicitudProceso.xhtml HTTP/1.1" 200 40828
186.80.52.0 - - [21/Jan/2024:16:48:59 -0500] "GET /sipse/faces/javax.faces.resource/theme.css?ln=primefaces-sipse HTTP/1.1" 304 -
186.80.52.0 - - [21/Jan/2024:16:48:59 -0500] "GET /sipse/faces/javax.faces.resource/primefaces.css?ln=primefaces&v=4.0 HTTP/1.1" 304 -
186.80.52.0 - - [21/Jan/2024:16:48:59 -0500] "GET /sipse/faces/javax.faces.resource/layout/layout.css?ln=primefaces&v=4.0 HTTP/1.1" 304 -
186.80.52.0 - - [21/Jan/2024:16:48:59 -0500] "GET /sipse/faces/javax.faces.resource/jquery/jquery.js?ln=primefaces&v=4.0 HTTP/1.1" 304 -
186.80.52.0 - - [21/Jan/2024:16:48:59 -0500] "GET /sipse/faces/javax.faces.resource/jquery/jquery-plugins.js?ln=primefaces&v=4.0 HTTP/1.1" 304 -
186.80.52.0 - - [21/Jan/2024:16:48:59 -0500] "GET /sipse/faces/javax.faces.resource/primefaces.js?ln=primefaces&v=4.0 HTTP/1.1" 304 -
186.80.52.0 - - [21/Jan/2024:16:48:59 -0500] "GET /sipse/faces/javax.faces.resource/layout/layout.js?ln=primefaces&v=4.0 HTTP/1.1" 304 -
186.80.52.0 - - [21/Jan/2024:16:49:00 -0500] "GET /sipse/css/imagen/contrasena.png HTTP/1.1" 404 383
186.80.52.0 - - [21/Jan/2024:16:48:59 -0500] "POST /sipse/faces/presentacion/financiero/solicitudProceso/consultar.xhtml HTTP/1.1" 200 34133
186.80.52.0 - - [21/Jan/2024:16:49:00 -0500] "POST /sipse/faces/presentacion/financiero/solicitudProceso/consultar.xhtml HTTP/1.1" 200 34133
186.80.52.0 - - [21/Jan/2024:16:49:00 -0500] "POST /sipse/faces/presentacion/financiero/solicitudProceso/consultar.xhtml HTTP/1.1" 200 34133
186.80.52.0 - - [21/Jan/2024:16:49:01 -0500] "POST /sipse/faces/presentacion/financiero/solicitudProceso/consultar.xhtml HTTP/1.1" 200 12901
186.80.52.0 - - [21/Jan/2024:16:49:03 -0500] "POST /sipse/faces/presentacion/financiero/solicitudProceso/consultar.xhtml HTTP/1.1" 200 155168
186.80.52.0 - - [21/Jan/2024:16:49:04 -0500] "GET /sipse/faces/javax.faces.resource/primefaces.css?ln=primefaces&v=4.0 HTTP/1.1" 304 -
186.80.52.0 - - [21/Jan/2024:16:49:04 -0500] "GET /sipse/faces/javax.faces.resource/theme.css?ln=primefaces-sipse HTTP/1.1" 304 -
186.80.52.0 - - [21/Jan/2024:16:49:04 -0500] "GET /sipse/faces/javax.faces.resource/layout/layout.css?ln=primefaces&v=4.0 HTTP/1.1" 304 -
186.80.52.0 - - [21/Jan/2024:16:49:04 -0500] "GET /sipse/faces/javax.faces.resource/jquery/jquery.js?ln=primefaces&v=4.0 HTTP/1.1" 304 -
186.80.52.0 - - [21/Jan/2024:16:49:04 -0500] "GET /sipse/faces/javax.faces.resource/jquery/jquery-plugins.js?ln=primefaces&v=4.0 HTTP/1.1" 304 -
186.80.52.0 - - [21/Jan/2024:16:49:04 -0500] "GET /sipse/faces/javax.faces.resource/primefaces.js?ln=primefaces&v=4.0 HTTP/1.1" 304 -
186.80.52.0 - - [21/Jan/2024:16:49:04 -0500] "GET /sipse/faces/javax.faces.resource/layout/layout.js?ln=primefaces&v=4.0 HTTP/1.1" 304 -
186.80.52.0 - - [21/Jan/2024:16:49:04 -0500] "GET /sipse/css/imagen/contrasena.png HTTP/1.1" 404 383
186.80.52.0 - - [21/Jan/2024:16:49:04 -0500] "GET /sipse/faces/javax.faces.resource/dynamiccontent.properties?ln=primefaces&pfdrid=XjOR5%2F%2FfPAZAuY9TpWQeCiM0BhlXxYRBGKi%2FQcXXfeA%3D&pfdrid_c=false HTTP/1.1" 500 383
186.80.52.0 - - [21/Jan/2024:16:49:12 -0500] "POST /sipse/faces/presentacion/financiero/solicitudProceso/consultarSolicitudProceso.xhtml HTTP/1.1" 200 53795
199.16.157.181 - - [21/Jan/2024:16:49:17 -0500] "GET /este-fin-de-semana-vuelven-los-senderos-en-los-cerros-orientales-%C3%82 HTTP/1.1" 404 1034
186.80.52.0 - - [21/Jan/2024:16:49:29 -0500] "GET /sipse/faces/javax.faces.resource/images/ui-bg_flat_0_2d5972_40x100.png?ln=primefaces-aristo HTTP/1.1" 304 -
186.80.52.0 - - [21/Jan/2024:16:49:29 -0500] "POST /sipse/faces/presentacion/financiero/solicitudProceso/consultarSolicitudProceso.xhtml HTTP/1.1" 200 5510
201.245.192.253 - - [21/Jan/2024:16:50:40 -0500] "POST /kwsrmcab/Wsrmcab  HTTP/1.1" 200 213
199.16.157.180 - - [21/Jan/2024:16:50:42 -0500] "GET /images/Caminatas%20(1)%20(2).jpeg HTTP/1.1" 200 81411
199.16.157.181 - - [21/Jan/2024:16:50:42 -0500] "GET /inicia-el-2024-conociendo-la-biodiversidad-de-bogoti.html HTTP/1.1" 200 894
186.102.62.77 - - [21/Jan/2024:16:50:58 -0500] "GET /kwssiamovil/sm/acme/a?s=U2FsdGVkX18haUzHczUdZNvFmBXi4GBQZhPbwCrru96fKzDlUqjlyiI6tgzWidzlro3EmTcOOO6W1cRYUjDAc93f7iD+2OV4qls7qAKO9T638QaNd+mCmywqvxprWuoxu0rp7tmJDZ4D5/PdUYZXw8B56RXquKlVe10AYiBYZStWceTiEjTwQdDVC5Y2iyJ6CQq1BLZFX9ZcO11eHb8GpEZ+7GLvdPRyvBcMiBgauojpeXC8gSG3LwB9xIfLM72YpMv6LZvHmaK44NDu/QA9lA==&u=U2FsdGVkX1+nKm35Krr1MY2j5LiDchKiQVoZSeiSvjM=&y=U2FsdGVkX1+FMLlIYeUkrfyUCRCclO8sLFF7yNuS6la5ko5iAOWbH/pfAMmnFLVY HTTP/1.1" 200 26
186.102.62.77 - - [21/Jan/2024:16:50:58 -0500] "GET /kwssiamovil/sm/acme/a?s=U2FsdGVkX18XvmF5+gtaIMy334DnOlmiLRbT6CDjchvKP4L41+w+kB/zGFt2fTyM09YsGvluNltJ339YO8MHnf1ysXyUjFvb80cdc24enCOcXyEDVGyylk8czEKv/GtyUEYqs2lPjWhaHJBR0XnmW/FAoQq0sm5gNHr22MPfJhnckyvgL7UEiVbNKrOurbeVc0A0jXaL1r5ZVwTiBmUhUGvBZxVemQmSuusbZBqY0+O/eRNpAlHRYrI0wCuLAjHsJsCurn6f9rioCAV9RU53O/BsmF+QWCPQJ32IKAOoxGldIT4QxBCz1JGK8WZlhJyTO7ukXQ3XX4CUyBWAG04sfdakC617CxKSADkwKZK69sGa7o1pF904mMCA1O9dBPYij9Sod1c2GFnvUWZfbYohOY73c3mCrtSGZDF5/+BVLke3LqC/j5n9MlINrsoAdFPfVS7QQ6X20xjbC/3/1e34YmZ2SpVbcaoibOE1BjhZQlNFFx9ppx4XSN/C6IcIfKuzWB3IM+IyttCFphUHvxBCuKl8SLolI3Cj3pMrFY/7FwPYYEUTh9E1fKcU6gUYv9N2MU6nswbb4wC9vNHVZu0/KWR83bZtDoou3kcglBp/KABJyN8UNVDtS8ICEvweDx6JtkAgcelXoSeuqDzWyVXlFNbYSvkRuuvwvS29eanF+6QvBl9gOFlHSE0t3SE/KrwNlsN3fpt+NaJKt5USo6bRYS4F0+9jXoM3lCvqyI+SfEFfrogv3W0cmkJhNGwsV2h95cx8biaeZ4XqYCJjtNfmk6CH2tonV/Km59aiOveUgYlwBoOichLd2X0GpExiYXXT0Qlo49l0TZEE1oAzO64twyDTRMzHU83fZegX0vY1nl/IqtU13uAyMJTl93sP8XPS8a82T4wieLgNdeba6tHqOFutahfnrcu77fsXZA8G/K+MxvjbIysmRbdpVVBczoXb+boRLLHA0tu8oOjyqkl7sC1qG6VPGyW1vmZ8GzggEkYeuqAJfPcnvhZGIYZ8Qcr0xuhN+TwmghITZbPtvaCpvAVTQbWNv9Mci9fAHckjTPJWMgwLlSQB1jRQDHtDdY56eB2UUOLH1ORGQVXXPayrzC/6yD8UYgu5DCXd+kOS/qMX41n5qYTF7YB06F0OW5m+EZouZ3jaknkUHGWhF2MRBVzUeNKQ3HCnBez3qQHYAwRVGEg6mkH761FlyWvloVCXaulOsvKeozcY4yobLvM+w2KNFIMM/CqtADKbjYV4TU3v+YBdamgS5vy/7STuRi2eDg/4RpPKunw0VVTJ63Yv/LLW+DzuKBlWUN/T3hmCrjhmf/zXOtyZek2PzFxgWw16NIugK0eCOxhmZn8W1uzxOhlA+VGSBQOufFP0HRoAIJm/IGLkMcuBDzJm+JIhN2eKD4qeXYUDFXvBRSlb2WAPHI3bWGOO9XJB/uNN2qfrd5cMBdz43uL9ROdQj1pL4CFsKlm84mQEpz2SxWmkuRDsfGLSdtXpWY9WxTgOffjup+QdzhmEsfwTPCyCtqQigtZUleJSTvvACZY8fQXk0SDLsIhM0tG//JIzy5NcXLganYKDhIYY6DE2JoiX3wFxID+ZW0IOy6ASD7IiEEhTocXi2fyW42F12fc4nQKiu7iVVoJwMx9UkMUS8oInYQpswoDjA1Ft3DAPEdQcj5wXncMo3RPceBTw+nm//BQvh+m8/7/qqkjHvR8lkyBDhjsqLZ3eJe+1PKIyGoOxv5Q+b8BmfXrWn0nPNxl5gHNH99Bnuj4A3D2tlGLk5KKeSYduL1KSF9MSeojrdMqrj4HOtIwXJgUCfwdkh/SidIdBl3EIXq4UapLUFD9RJkwp0eugUSzMtDr9QADC7m6QeAOzlGAppSDoNVlJfU0Pdw08krVbh5jrt173rHF6kAIl75xD3oukKI6vaB6kL1RMCBw3v9OxXpTbjHBTlnkCFYLPDAXSnMi5GC+1SIuv99FGLhc+vIvFYOf8Y22RBLRxR/NvSY8esWbHXSV3ZVwwVfcaGGcXsg9Tn83ROvYbVwopZ/CVCcEjOjERYvbon+WngAKdy/cCgMzqkd5o3E8ODgzJnd/NJJeVH4YNfkqlwIB0pHQQGA3noTc6PpugTVN0jsUqxix6wg==&u=U2FsdGVkX1+nKm35Krr1MY2j5LiDchKiQVoZSeiSvjM=&y=U2FsdGVkX1+FMLlIYeUkrfyUCRCclO8sLFF7yNuS6la5ko5iAOWbH/pfAMmnFLVY HTTP/1.1" 200 26
186.102.62.77 - - [21/Jan/2024:16:50:58 -0500] "GET /kwssiamovil/sm/acme/a?s=U2FsdGVkX1/y+MwbKMrLdd66uh18kk9XsQfBHAQjgVi6Y6itWvDc1aEM3KjNDQDBZ/zou7gfuB51HF58kbtlFYPp0S64Y3CYrli9k0XDAh/Z6Q2GvWxZktdNzIVOa/OnGDqjgZOAb7/5MwGYxF8bFKZ7GP6WM3eEq6EsuDekZEI=&u=U2FsdGVkX1+nKm35Krr1MY2j5LiDchKiQVoZSeiSvjM=&y=U2FsdGVkX1+FMLlIYeUkrfyUCRCclO8sLFF7yNuS6la5ko5iAOWbH/pfAMmnFLVY HTTP/1.1" 200 26
47.128.62.173 - - [21/Jan/2024:16:50:58 -0500] "GET /BLA/resoluciones/index.php?dir=RESOLUCIONES%202006%2FRES%202006%202501-2550%2F&order=desc&sort=size HTTP/1.1" 200 12357
186.102.62.77 - - [21/Jan/2024:16:50:59 -0500] "GET /kwssiamovil/sm/acme/a?s=U2FsdGVkX18ThwaqL4RR9A1LQkrVXjpdlxgJ+u0BKM84CTDn9tl2R0+7m12GucbE6EOXB02wsfyOoJ2v0XhhQZIIBcb8uXnrSrr7hMqILbCYlKX7SX535c1b1j1nhsfugFuBhfjj8tMNdfjiCS5j4N+/F6VQVvIdaqshs/W8fRM=&u=U2FsdGVkX1+nKm35Krr1MY2j5LiDchKiQVoZSeiSvjM=&y=U2FsdGVkX1+FMLlIYeUkrfyUCRCclO8sLFF7yNuS6la5ko5iAOWbH/pfAMmnFLVY HTTP/1.1" 200 26
186.102.62.77 - - [21/Jan/2024:16:50:59 -0500] "GET /kwssiamovil/sm/acme/a?s=U2FsdGVkX1/oLPxbVFUNDhSSnFL0oCGVeDeC2eehmKjTH9LgsJx4xXakRK7P4xwdOvUtIZU1xHzxmW7YRnxuXClkiRJ9n4k/u7fprg7/mpT8T058yuSf063S/wCIjR3PfiVHj6B4qr8tSpEOfHV2YeyTbxjFT4kOzWoCImMymNc=&u=U2FsdGVkX1+nKm35Krr1MY2j5LiDchKiQVoZSeiSvjM=&y=U2FsdGVkX1+FMLlIYeUkrfyUCRCclO8sLFF7yNuS6la5ko5iAOWbH/pfAMmnFLVY HTTP/1.1" 200 26
47.128.62.173 - - [21/Jan/2024:16:50:59 -0500] "GET /BLA/resoluciones/dlf/styles.css HTTP/1.1" 200 3049
186.102.62.77 - - [21/Jan/2024:16:50:59 -0500] "GET /kwssiamovil/sm/acme/a?s=U2FsdGVkX19SkE+Beka+b74MB9p2VCjU1T3HqjcTNPclTmxR6cvq0BnmgNbWHXauzzCE+VS86j7Y5i6JmcK23JRmpY2wDdxXeWNok0GZgRssUpWIUCARwXUqygpWnFQG5rl6DjpqGMlRO9WRF6+YIpCRgNtkkxT+DgAhhKn0g4spL0Fs6sn+04nQs7avWWQrOoBn7crqpzlxIzEoH5qJVQ==&u=U2FsdGVkX1+nKm35Krr1MY2j5LiDchKiQVoZSeiSvjM=&y=U2FsdGVkX1+FMLlIYeUkrfyUCRCclO8sLFF7yNuS6la5ko5iAOWbH/pfAMmnFLVY HTTP/1.1" 200 26
47.128.62.173 - - [21/Jan/2024:16:51:00 -0500] "GET /BLA/resoluciones/dlf/unknown.png HTTP/1.1" 200 266
47.128.62.173 - - [21/Jan/2024:16:51:00 -0500] "GET /BLA/resoluciones/dlf/dirup.png HTTP/1.1" 200 644
199.16.157.180 - - [21/Jan/2024:16:51:11 -0500] "GET /distrito-invita-a-vivir-el-puente-de-reyes-de-manera-consciente-y-responsable-con-los-animales.html HTTP/1.1" 200 1083
199.16.157.180 - - [21/Jan/2024:16:51:12 -0500] "GET /images/jornadaidpyba.jpg HTTP/1.1" 200 37532
199.16.157.180 - - [21/Jan/2024:16:51:33 -0500] "GET /adriana-soto-carreno-secretaria-distrital-de-ambiente.html HTTP/1.1" 200 879
199.16.157.181 - - [21/Jan/2024:16:51:33 -0500] "GET /images/secretaria%20sda.jpg HTTP/1.1" 200 47168
186.80.52.0 - - [21/Jan/2024:16:51:33 -0500] "POST /sipse/faces/presentacion/financiero/solicitudProceso/consultarSolicitudProceso.xhtml HTTP/1.1" 200 35012
186.80.52.0 - - [21/Jan/2024:16:51:34 -0500] "GET /sipse/faces/javax.faces.resource/theme.css?ln=primefaces-sipse HTTP/1.1" 304 -
186.80.52.0 - - [21/Jan/2024:16:51:34 -0500] "GET /sipse/faces/javax.faces.resource/primefaces.css?ln=primefaces&v=4.0 HTTP/1.1" 304 -
186.80.52.0 - - [21/Jan/2024:16:51:34 -0500] "GET /sipse/faces/javax.faces.resource/layout/layout.css?ln=primefaces&v=4.0 HTTP/1.1" 304 -
186.80.52.0 - - [21/Jan/2024:16:51:34 -0500] "GET /sipse/faces/javax.faces.resource/jquery/jquery.js?ln=primefaces&v=4.0 HTTP/1.1" 304 -
186.80.52.0 - - [21/Jan/2024:16:51:34 -0500] "GET /sipse/faces/javax.faces.resource/jquery/jquery-plugins.js?ln=primefaces&v=4.0 HTTP/1.1" 304 -
186.80.52.0 - - [21/Jan/2024:16:51:34 -0500] "GET /sipse/faces/javax.faces.resource/primefaces.js?ln=primefaces&v=4.0 HTTP/1.1" 304 -
186.80.52.0 - - [21/Jan/2024:16:51:34 -0500] "GET /sipse/faces/javax.faces.resource/layout/layout.js?ln=primefaces&v=4.0 HTTP/1.1" 304 -
186.80.52.0 - - [21/Jan/2024:16:51:34 -0500] "GET /sipse/css/imagen/contrasena.png HTTP/1.1" 404 383
186.80.52.0 - - [21/Jan/2024:16:51:34 -0500] "POST /sipse/faces/presentacion/financiero/solicitudProceso/listarSolicitudProceso.xhtml HTTP/1.1" 200 28291
186.80.52.0 - - [21/Jan/2024:16:51:35 -0500] "POST /sipse/faces/presentacion/financiero/solicitudProceso/listarSolicitudProceso.xhtml HTTP/1.1" 200 28291
186.80.52.0 - - [21/Jan/2024:16:51:36 -0500] "POST /sipse/faces/presentacion/financiero/solicitudProceso/listarSolicitudProceso.xhtml HTTP/1.1" 200 28291
186.80.52.0 - - [21/Jan/2024:16:51:36 -0500] "POST /sipse/faces/presentacion/financiero/solicitudProceso/listarSolicitudProceso.xhtml HTTP/1.1" 200 28291
186.80.52.0 - - [21/Jan/2024:16:51:37 -0500] "POST /sipse/faces/presentacion/financiero/solicitudProceso/listarSolicitudProceso.xhtml HTTP/1.1" 200 28291
186.80.52.0 - - [21/Jan/2024:16:51:37 -0500] "POST /sipse/faces/presentacion/financiero/solicitudProceso/listarSolicitudProceso.xhtml HTTP/1.1" 200 1376
186.80.52.0 - - [21/Jan/2024:16:51:38 -0500] "POST /sipse/faces/presentacion/financiero/solicitudProceso/listarSolicitudProceso.xhtml HTTP/1.1" 200 1380
186.80.52.0 - - [21/Jan/2024:16:51:38 -0500] "POST /sipse/faces/presentacion/financiero/solicitudProceso/listarSolicitudProceso.xhtml HTTP/1.1" 200 1380
186.80.52.0 - - [21/Jan/2024:16:51:38 -0500] "POST /sipse/faces/presentacion/financiero/solicitudProceso/listarSolicitudProceso.xhtml HTTP/1.1" 200 1380
