190.158.100.67 - - [21/Jan/2024:15:39:39 -0500] "GET /sipse/faces/javax.faces.resource/layout/layout.js?ln=primefaces&v=4.0 HTTP/1.1" 304 -
190.158.100.67 - - [21/Jan/2024:15:39:39 -0500] "GET /sipse/faces/javax.faces.resource/dynamiccontent.properties?ln=primefaces&pfdrid=XjOR5%2F%2FfPAZAuY9TpWQeCiM0BhlXxYRBGKi%2FQcXXfeA%3D&pfdrid_c=false HTTP/1.1" 500 383
216.244.66.195 - - [21/Jan/2024:15:39:41 -0500] "GET /BLA/resoluciones/AUTOS%202007/1484.pdf HTTP/1.1" 200 55948
216.244.66.195 - - [21/Jan/2024:15:39:45 -0500] "GET /BLA/resoluciones/AUTOS%202007/1499.pdf HTTP/1.1" 200 262604
216.244.66.195 - - [21/Jan/2024:15:39:49 -0500] "GET /BLA/resoluciones/AUTOS%202007/1524.pdf HTTP/1.1" 200 84647
216.244.66.195 - - [21/Jan/2024:15:39:52 -0500] "GET /BLA/resoluciones/AUTOS%202007/1533.pdf HTTP/1.1" 200 101586
190.158.100.67 - - [21/Jan/2024:15:39:52 -0500] "POST /sipse/faces/presentacion/financiero/solicitudProceso/consultarSolicitudProceso.xhtml HTTP/1.1" 200 86200
216.244.66.195 - - [21/Jan/2024:15:39:55 -0500] "GET /BLA/resoluciones/AUTOS%202007/1575.pdf HTTP/1.1" 200 29412
216.244.66.195 - - [21/Jan/2024:15:39:57 -0500] "GET /BLA/resoluciones/AUTOS%202007/1603.pdf HTTP/1.1" 200 53114
216.244.66.195 - - [21/Jan/2024:15:39:59 -0500] "GET /BLA/resoluciones/AUTOS%202007/1759.pdf HTTP/1.1" 200 40039
216.244.66.195 - - [21/Jan/2024:15:40:01 -0500] "GET /BLA/resoluciones/AUTOS%202007/1797.pdf HTTP/1.1" 200 31072
216.244.66.195 - - [21/Jan/2024:15:40:03 -0500] "GET /BLA/resoluciones/AUTOS%202007/1823.pdf HTTP/1.1" 200 28936
216.244.66.195 - - [21/Jan/2024:15:40:04 -0500] "GET /BLA/resoluciones/AUTOS%202009/0717.pdf HTTP/1.1" 200 153753
216.244.66.195 - - [21/Jan/2024:15:40:06 -0500] "GET /BLA/resoluciones/AUTOS%202009/0755.pdf HTTP/1.1" 200 250510
216.244.66.195 - - [21/Jan/2024:15:40:09 -0500] "GET /BLA/resoluciones/AUTOS%202009/0807.pdf HTTP/1.1" 200 64219
201.245.192.253 - - [21/Jan/2024:15:40:08 -0500] "POST /kwsrmcab/Wsrmcab HTTP/1.1" 200 36229
216.244.66.195 - - [21/Jan/2024:15:40:12 -0500] "GET /BLA/resoluciones/AUTOS%202009/0923.pdf HTTP/1.1" 200 121428
216.244.66.195 - - [21/Jan/2024:15:40:14 -0500] "GET /BLA/resoluciones/AUTOS%202009/0998.pdf HTTP/1.1" 200 161352
216.244.66.195 - - [21/Jan/2024:15:40:16 -0500] "GET /BLA/resoluciones/AUTOS%202009/1007.pdf HTTP/1.1" 200 291938
216.244.66.195 - - [21/Jan/2024:15:40:19 -0500] "GET /BLA/resoluciones/AUTOS%202009/1189.pdf HTTP/1.1" 200 124225
216.244.66.195 - - [21/Jan/2024:15:40:23 -0500] "GET /BLA/resoluciones/AUTOS%202009/1274.pdf HTTP/1.1" 200 149246
216.244.66.195 - - [21/Jan/2024:15:40:29 -0500] "GET /BLA/resoluciones/AUTOS%202009/1285.pdf HTTP/1.1" 200 164692
216.244.66.195 - - [21/Jan/2024:15:40:33 -0500] "GET /BLA/resoluciones/AUTOS%202009/1411.pdf HTTP/1.1" 200 191590
216.244.66.195 - - [21/Jan/2024:15:40:49 -0500] "GET /BLA/resoluciones/AUTOS%202009/1593.pdf HTTP/1.1" 200 125078
186.155.149.236 - - [21/Jan/2024:15:40:49 -0500] "GET /sipse/faces/index.xhtml HTTP/1.1" 200 677
186.155.149.236 - - [21/Jan/2024:15:40:49 -0500] "GET /sipse/faces/javax.faces.resource/theme.css?ln=primefaces-sipse HTTP/1.1" 200 50058
186.155.149.236 - - [21/Jan/2024:15:40:50 -0500] "GET /favicon.ico HTTP/1.1" 200 7782
190.158.100.67 - - [21/Jan/2024:15:40:52 -0500] "POST /sipse/faces/presentacion/financiero/solicitudProceso/consultarSolicitudProceso.xhtml HTTP/1.1" 200 40807
190.158.100.67 - - [21/Jan/2024:15:40:52 -0500] "GET /sipse/faces/javax.faces.resource/theme.css?ln=primefaces-sipse HTTP/1.1" 304 -
190.158.100.67 - - [21/Jan/2024:15:40:52 -0500] "GET /sipse/faces/javax.faces.resource/primefaces.css?ln=primefaces&v=4.0 HTTP/1.1" 304 -
190.158.100.67 - - [21/Jan/2024:15:40:52 -0500] "GET /sipse/faces/javax.faces.resource/layout/layout.css?ln=primefaces&v=4.0 HTTP/1.1" 304 -
190.158.100.67 - - [21/Jan/2024:15:40:52 -0500] "GET /sipse/faces/javax.faces.resource/jquery/jquery.js?ln=primefaces&v=4.0 HTTP/1.1" 304 -
190.158.100.67 - - [21/Jan/2024:15:40:53 -0500] "GET /sipse/faces/javax.faces.resource/jquery/jquery-plugins.js?ln=primefaces&v=4.0 HTTP/1.1" 304 -
190.158.100.67 - - [21/Jan/2024:15:40:53 -0500] "GET /sipse/faces/javax.faces.resource/primefaces.js?ln=primefaces&v=4.0 HTTP/1.1" 304 -
190.158.100.67 - - [21/Jan/2024:15:40:53 -0500] "GET /sipse/faces/javax.faces.resource/layout/layout.js?ln=primefaces&v=4.0 HTTP/1.1" 304 -
201.245.192.253 - - [21/Jan/2024:15:40:57 -0500] "POST /kwsrmcab/Wsrmcab  HTTP/1.1" 200 213
216.244.66.195 - - [21/Jan/2024:15:41:00 -0500] "GET /BLA/resoluciones/AUTOS%202009/1786.pdf HTTP/1.1" 200 97526
186.155.149.236 - - [21/Jan/2024:15:41:06 -0500] "GET /sipse/faces/index.xhtml HTTP/1.1" 200 677
186.155.149.236 - - [21/Jan/2024:15:41:06 -0500] "GET /sipse/faces/javax.faces.resource/theme.css?ln=primefaces-sipse HTTP/1.1" 304 -
186.155.149.236 - - [21/Jan/2024:15:41:07 -0500] "GET /sipse/faces/faces/autenticacion.xhtml HTTP/1.1" 200 12403
186.155.149.236 - - [21/Jan/2024:15:41:08 -0500] "GET /sipse/js/disable_browser_buttons.js HTTP/1.1" 200 3230
186.155.149.236 - - [21/Jan/2024:15:41:08 -0500] "GET /sipse/css/custom_css_sg.css HTTP/1.1" 200 9694
186.155.149.236 - - [21/Jan/2024:15:41:08 -0500] "GET /sipse/js/funciones.js HTTP/1.1" 200 12592
186.155.149.236 - - [21/Jan/2024:15:41:08 -0500] "GET /sipse/css/custom_css_sg_prime_login.css HTTP/1.1" 200 443
186.155.149.236 - - [21/Jan/2024:15:41:09 -0500] "GET /sipse/faces/javax.faces.resource/theme.css?ln=primefaces-sipse HTTP/1.1" 304 -
186.155.149.236 - - [21/Jan/2024:15:41:09 -0500] "GET /sipse/faces/javax.faces.resource/layout/layout.css?ln=primefaces&v=4.0 HTTP/1.1" 200 542
186.155.149.236 - - [21/Jan/2024:15:41:09 -0500] "GET /sipse/faces/javax.faces.resource/jquery/jquery.js?ln=primefaces&v=4.0 HTTP/1.1" 200 105384
186.155.149.236 - - [21/Jan/2024:15:41:09 -0500] "GET /sipse/faces/javax.faces.resource/primefaces.css?ln=primefaces&v=4.0 HTTP/1.1" 200 53295
216.244.66.195 - - [21/Jan/2024:15:41:10 -0500] "GET /BLA/resoluciones/AUTOS%202009/1854.pdf HTTP/1.1" 200 100605
186.155.149.236 - - [21/Jan/2024:15:41:12 -0500] "GET /sipse/faces/javax.faces.resource/jquery/jquery-plugins.js?ln=primefaces&v=4.0 HTTP/1.1" 200 220526
186.155.149.236 - - [21/Jan/2024:15:41:12 -0500] "GET /sipse/faces/javax.faces.resource/layout/layout.js?ln=primefaces&v=4.0 HTTP/1.1" 200 87560
186.155.149.236 - - [21/Jan/2024:15:41:12 -0500] "GET /sipse/faces/javax.faces.resource/primefaces.js?ln=primefaces&v=4.0 HTTP/1.1" 200 276924
186.155.149.236 - - [21/Jan/2024:15:41:13 -0500] "GET /sipse/css/imagen/logoSDG.png HTTP/1.1" 200 53064
186.155.149.236 - - [21/Jan/2024:15:41:13 -0500] "GET /sipse/faces/javax.faces.resource/images/ui-icons_898989_256x240.png?ln=primefaces-aristo HTTP/1.1" 200 5355
186.155.149.236 - - [21/Jan/2024:15:41:13 -0500] "GET /sipse/css/imagen/loginimg.png HTTP/1.1" 200 71635
18.170.63.100 - - [21/Jan/2024:15:41:14 -0500] "\x16\x03\x01" 400 226
216.244.66.195 - - [21/Jan/2024:15:41:20 -0500] "GET /BLA/resoluciones/AUTOS%202009/2007.pdf HTTP/1.1" 200 100229
216.244.66.195 - - [21/Jan/2024:15:41:28 -0500] "GET /BLA/resoluciones/AUTOS%202009/2014.pdf HTTP/1.1" 200 100937
186.155.149.236 - - [21/Jan/2024:15:41:28 -0500] "POST /sipse/faces/autenticacion.xhtml HTTP/1.1" 200 2183
186.155.149.236 - - [21/Jan/2024:15:41:28 -0500] "GET /sipse/faces/javax.faces.resource/messages/messages.png?ln=primefaces&v=4.0 HTTP/1.1" 200 27209
216.244.66.195 - - [21/Jan/2024:15:41:35 -0500] "GET /BLA/resoluciones/AUTOS%202009/2153.pdf HTTP/1.1" 200 96621
216.244.66.195 - - [21/Jan/2024:15:41:42 -0500] "GET /BLA/resoluciones/AUTOS%202009/2220.pdf HTTP/1.1" 200 124378
216.244.66.195 - - [21/Jan/2024:15:41:47 -0500] "GET /BLA/resoluciones/AUTOS%202009/2256.pdf HTTP/1.1" 200 121391
216.244.66.195 - - [21/Jan/2024:15:41:52 -0500] "GET /BLA/resoluciones/AUTOS%202009/2815.pdf HTTP/1.1" 200 82819
114.119.146.158 - - [21/Jan/2024:15:41:55 -0500] "GET /BLA/resoluciones/index.php?dir=Notificaciones/RESOLUCIONES%2B2022/&sort=size&order=asc HTTP/1.1" 200 14374
186.155.149.236 - - [21/Jan/2024:15:41:56 -0500] "POST /sipse/faces/autenticacion.xhtml HTTP/1.1" 200 16286
216.244.66.195 - - [21/Jan/2024:15:41:56 -0500] "GET /BLA/resoluciones/AUTOS%202009/2901.pdf HTTP/1.1" 200 87344
186.155.149.236 - - [21/Jan/2024:15:41:56 -0500] "GET /sipse/css/custom_css_sg_prime.css HTTP/1.1" 200 5201
186.155.149.236 - - [21/Jan/2024:15:41:56 -0500] "GET /sipse/faces/javax.faces.resource/theme.css?ln=primefaces-sipse HTTP/1.1" 304 -
186.155.149.236 - - [21/Jan/2024:15:41:56 -0500] "GET /sipse/faces/javax.faces.resource/primefaces.css?ln=primefaces&v=4.0 HTTP/1.1" 304 -
186.155.149.236 - - [21/Jan/2024:15:41:56 -0500] "GET /sipse/faces/javax.faces.resource/layout/layout.css?ln=primefaces&v=4.0 HTTP/1.1" 304 -
186.155.149.236 - - [21/Jan/2024:15:41:57 -0500] "GET /sipse/js/jquery.min.js HTTP/1.1" 200 85582
186.155.149.236 - - [21/Jan/2024:15:41:57 -0500] "GET /sipse/faces/javax.faces.resource/jquery/jquery.js?ln=primefaces&v=4.0 HTTP/1.1" 304 -
186.155.149.236 - - [21/Jan/2024:15:41:57 -0500] "GET /sipse/faces/javax.faces.resource/jquery/jquery-plugins.js?ln=primefaces&v=4.0 HTTP/1.1" 304 -
186.155.149.236 - - [21/Jan/2024:15:41:57 -0500] "GET /sipse/faces/javax.faces.resource/primefaces.js?ln=primefaces&v=4.0 HTTP/1.1" 304 -
186.155.149.236 - - [21/Jan/2024:15:41:57 -0500] "GET /sipse/faces/javax.faces.resource/layout/layout.js?ln=primefaces&v=4.0 HTTP/1.1" 304 -
186.155.149.236 - - [21/Jan/2024:15:41:57 -0500] "GET /sipse/css/v_mergente.css HTTP/1.1" 200 1505
186.155.149.236 - - [21/Jan/2024:15:41:58 -0500] "GET /sipse/imagenes/cargando.gif HTTP/1.1" 200 36959
186.155.149.236 - - [21/Jan/2024:15:41:58 -0500] "GET /sipse/imagenes/logoAplicacion.jpg HTTP/1.1" 200 155084
186.155.149.236 - - [21/Jan/2024:15:41:59 -0500] "GET /sipse/css/imagen/contrasena.png HTTP/1.1" 404 383
216.244.66.195 - - [21/Jan/2024:15:42:00 -0500] "GET /BLA/resoluciones/AUTOS%202011/0485.pdf HTTP/1.1" 200 94879
186.155.149.236 - - [21/Jan/2024:15:42:03 -0500] "GET /sipse/faces/javax.faces.resource/images/ui-bg_flat_0_2d5972_40x100.png?ln=primefaces-aristo HTTP/1.1" 200 183
186.155.149.236 - - [21/Jan/2024:15:42:03 -0500] "POST /sipse/faces/bienvenido.xhtml HTTP/1.1" 200 6185
216.244.66.195 - - [21/Jan/2024:15:42:03 -0500] "GET /BLA/resoluciones/AUTOS%202011/0881.pdf HTTP/1.1" 200 150889
216.244.66.195 - - [21/Jan/2024:15:42:06 -0500] "GET /BLA/resoluciones/AUTOS%202011/1610.pdf HTTP/1.1" 200 246125
216.244.66.195 - - [21/Jan/2024:15:42:09 -0500] "GET /BLA/resoluciones/AUTOS%202011/1892.pdf HTTP/1.1" 200 160213
216.244.66.195 - - [21/Jan/2024:15:42:12 -0500] "GET /BLA/resoluciones/AUTOS%202011/1904.pdf HTTP/1.1" 200 208358
216.244.66.195 - - [21/Jan/2024:15:42:14 -0500] "GET /BLA/resoluciones/AUTOS%202011/2050.pdf HTTP/1.1" 200 170017
216.244.66.195 - - [21/Jan/2024:15:42:17 -0500] "GET /BLA/resoluciones/AUTOS%202011/2059.pdf HTTP/1.1" 200 159783
186.155.149.236 - - [21/Jan/2024:15:42:18 -0500] "POST /sipse/faces/bienvenido.xhtml HTTP/1.1" 200 33161
186.155.149.236 - - [21/Jan/2024:15:42:19 -0500] "GET /sipse/faces/javax.faces.resource/theme.css?ln=primefaces-sipse HTTP/1.1" 304 -
186.155.149.236 - - [21/Jan/2024:15:42:19 -0500] "GET /sipse/faces/javax.faces.resource/primefaces.css?ln=primefaces&v=4.0 HTTP/1.1" 304 -
186.155.149.236 - - [21/Jan/2024:15:42:19 -0500] "GET /sipse/faces/javax.faces.resource/layout/layout.css?ln=primefaces&v=4.0 HTTP/1.1" 304 -
186.155.149.236 - - [21/Jan/2024:15:42:19 -0500] "GET /sipse/faces/javax.faces.resource/jquery/jquery.js?ln=primefaces&v=4.0 HTTP/1.1" 304 -
186.155.149.236 - - [21/Jan/2024:15:42:19 -0500] "GET /sipse/faces/javax.faces.resource/jquery/jquery-plugins.js?ln=primefaces&v=4.0 HTTP/1.1" 304 -
186.155.149.236 - - [21/Jan/2024:15:42:19 -0500] "GET /sipse/faces/javax.faces.resource/primefaces.js?ln=primefaces&v=4.0 HTTP/1.1" 304 -
186.155.149.236 - - [21/Jan/2024:15:42:19 -0500] "GET /sipse/faces/javax.faces.resource/layout/layout.js?ln=primefaces&v=4.0 HTTP/1.1" 304 -
216.244.66.195 - - [21/Jan/2024:15:42:20 -0500] "GET /BLA/resoluciones/AUTOS%202011/2082.pdf HTTP/1.1" 200 242865
186.155.149.236 - - [21/Jan/2024:15:42:22 -0500] "POST /sipse/faces/presentacion/sistema/reporte/listarReportes.xhtml HTTP/1.1" 200 21789
186.155.149.236 - - [21/Jan/2024:15:42:22 -0500] "GET /sipse/faces/javax.faces.resource/theme.css?ln=primefaces-sipse HTTP/1.1" 304 -
186.155.149.236 - - [21/Jan/2024:15:42:22 -0500] "GET /sipse/faces/javax.faces.resource/primefaces.css?ln=primefaces&v=4.0 HTTP/1.1" 304 -
186.155.149.236 - - [21/Jan/2024:15:42:22 -0500] "GET /sipse/faces/javax.faces.resource/layout/layout.css?ln=primefaces&v=4.0 HTTP/1.1" 304 -
186.155.149.236 - - [21/Jan/2024:15:42:22 -0500] "GET /sipse/faces/javax.faces.resource/jquery/jquery.js?ln=primefaces&v=4.0 HTTP/1.1" 304 -
186.155.149.236 - - [21/Jan/2024:15:42:22 -0500] "GET /sipse/faces/javax.faces.resource/jquery/jquery-plugins.js?ln=primefaces&v=4.0 HTTP/1.1" 304 -
186.155.149.236 - - [21/Jan/2024:15:42:22 -0500] "GET /sipse/faces/javax.faces.resource/primefaces.js?ln=primefaces&v=4.0 HTTP/1.1" 304 -
186.155.149.236 - - [21/Jan/2024:15:42:22 -0500] "GET /sipse/faces/javax.faces.resource/layout/layout.js?ln=primefaces&v=4.0 HTTP/1.1" 304 -
216.244.66.195 - - [21/Jan/2024:15:42:23 -0500] "GET /BLA/resoluciones/AUTOS%202011/2086.pdf HTTP/1.1" 200 138199
18.170.63.100 - - [21/Jan/2024:15:42:25 -0500] "GET /admin/index.html HTTP/1.1" 404 1018
216.244.66.195 - - [21/Jan/2024:15:42:25 -0500] "GET /BLA/resoluciones/AUTOS%202011/2207.pdf HTTP/1.1" 200 118037
216.244.66.195 - - [21/Jan/2024:15:42:28 -0500] "GET /BLA/resoluciones/AUTOS%202011/2393.pdf HTTP/1.1" 200 137823
216.244.66.195 - - [21/Jan/2024:15:42:30 -0500] "GET /BLA/resoluciones/AUTOS%202011/2452.pdf HTTP/1.1" 200 175315
216.244.66.195 - - [21/Jan/2024:15:42:32 -0500] "GET /BLA/resoluciones/AUTOS%202011/2723.pdf HTTP/1.1" 200 205029
216.244.66.195 - - [21/Jan/2024:15:42:35 -0500] "GET /BLA/resoluciones/AUTOS%202011/2931.pdf HTTP/1.1" 200 458982
216.244.66.195 - - [21/Jan/2024:15:42:40 -0500] "GET /BLA/resoluciones/AUTOS%202011/3453.pdf HTTP/1.1" 200 321431
216.244.66.195 - - [21/Jan/2024:15:42:44 -0500] "GET /BLA/resoluciones/AUTOS%202011/3543.pdf HTTP/1.1" 200 236587
216.244.66.195 - - [21/Jan/2024:15:42:49 -0500] "GET /BLA/resoluciones/AUTOS%202012/0018.pdf HTTP/1.1" 200 369443
216.244.66.195 - - [21/Jan/2024:15:43:03 -0500] "GET /BLA/resoluciones/AUTOS%202012/0115.pdf HTTP/1.1" 200 353093
186.155.149.236 - - [21/Jan/2024:15:43:07 -0500] "POST /sipse/faces/presentacion/financiero/solicitudProceso/consultarSolicitudProceso.xhtml HTTP/1.1" 200 9541
186.168.243.182 - - [21/Jan/2024:15:43:06 -0500] "POST /sipse/faces/presentacion/financiero/solicitudProceso/consultarSolicitudProceso.xhtml HTTP/1.1" 200 40777
186.168.243.182 - - [21/Jan/2024:15:43:09 -0500] "GET /sipse/faces/javax.faces.resource/jquery/jquery.js?ln=primefaces&v=4.0 HTTP/1.1" 304 -
186.168.243.182 - - [21/Jan/2024:15:43:09 -0500] "GET /sipse/faces/javax.faces.resource/jquery/jquery-plugins.js?ln=primefaces&v=4.0 HTTP/1.1" 304 -
186.168.243.182 - - [21/Jan/2024:15:43:09 -0500] "GET /sipse/faces/javax.faces.resource/primefaces.js?ln=primefaces&v=4.0 HTTP/1.1" 304 -
186.168.243.182 - - [21/Jan/2024:15:43:09 -0500] "GET /sipse/faces/javax.faces.resource/layout/layout.js?ln=primefaces&v=4.0 HTTP/1.1" 304 -
186.168.243.182 - - [21/Jan/2024:15:43:10 -0500] "GET /sipse/faces/javax.faces.resource/messages/messages.png?ln=primefaces&v=4.0 HTTP/1.1" 304 -
186.155.149.236 - - [21/Jan/2024:15:43:10 -0500] "POST /sipse/faces/presentacion/financiero/solicitudProceso/consultarSolicitudProceso.xhtml HTTP/1.1" 200 34303
186.155.149.236 - - [21/Jan/2024:15:43:10 -0500] "GET /sipse/faces/javax.faces.resource/theme.css?ln=primefaces-sipse HTTP/1.1" 304 -
186.155.149.236 - - [21/Jan/2024:15:43:10 -0500] "GET /sipse/faces/javax.faces.resource/primefaces.css?ln=primefaces&v=4.0 HTTP/1.1" 304 -
186.155.149.236 - - [21/Jan/2024:15:43:10 -0500] "GET /sipse/faces/javax.faces.resource/layout/layout.css?ln=primefaces&v=4.0 HTTP/1.1" 304 -
186.155.149.236 - - [21/Jan/2024:15:43:10 -0500] "GET /sipse/faces/javax.faces.resource/jquery/jquery.js?ln=primefaces&v=4.0 HTTP/1.1" 304 -
186.155.149.236 - - [21/Jan/2024:15:43:10 -0500] "GET /sipse/faces/javax.faces.resource/jquery/jquery-plugins.js?ln=primefaces&v=4.0 HTTP/1.1" 304 -
186.155.149.236 - - [21/Jan/2024:15:43:10 -0500] "GET /sipse/faces/javax.faces.resource/primefaces.js?ln=primefaces&v=4.0 HTTP/1.1" 304 -
186.155.149.236 - - [21/Jan/2024:15:43:10 -0500] "GET /sipse/faces/javax.faces.resource/layout/layout.js?ln=primefaces&v=4.0 HTTP/1.1" 304 -
186.168.243.182 - - [21/Jan/2024:15:43:10 -0500] "POST /sipse/faces/presentacion/financiero/solicitudProceso/listarSolicitudProceso.xhtml HTTP/1.1" 200 1396
186.155.149.236 - - [21/Jan/2024:15:43:10 -0500] "GET /sipse/css/imagen/contrasena.png HTTP/1.1" 404 383
186.155.149.236 - - [21/Jan/2024:15:43:10 -0500] "POST /sipse/faces/presentacion/sistema/reporte/listarReportes.xhtml HTTP/1.1" 200 27619
186.155.149.236 - - [21/Jan/2024:15:43:11 -0500] "POST /sipse/faces/presentacion/sistema/reporte/listarReportes.xhtml HTTP/1.1" 200 27619
216.244.66.195 - - [21/Jan/2024:15:43:13 -0500] "GET /BLA/resoluciones/AUTOS%202012/0116.pdf HTTP/1.1" 200 391688
186.155.149.236 - - [21/Jan/2024:15:43:12 -0500] "POST /sipse/faces/presentacion/sistema/reporte/listarReportes.xhtml HTTP/1.1" 200 27619
186.155.149.236 - - [21/Jan/2024:15:43:13 -0500] "POST /sipse/faces/presentacion/sistema/reporte/listarReportes.xhtml HTTP/1.1" 200 27619
186.155.149.236 - - [21/Jan/2024:15:43:13 -0500] "POST /sipse/faces/presentacion/sistema/reporte/listarReportes.xhtml HTTP/1.1" 200 27619
186.155.149.236 - - [21/Jan/2024:15:43:14 -0500] "POST /sipse/faces/presentacion/sistema/reporte/listarReportes.xhtml HTTP/1.1" 200 27619
186.155.149.236 - - [21/Jan/2024:15:43:14 -0500] "POST /sipse/faces/presentacion/sistema/reporte/listarReportes.xhtml HTTP/1.1" 200 27619
186.155.149.236 - - [21/Jan/2024:15:43:17 -0500] "POST /sipse/faces/presentacion/sistema/reporte/listarReportes.xhtml HTTP/1.1" 200 22931
186.155.149.236 - - [21/Jan/2024:15:43:17 -0500] "GET /sipse/faces/javax.faces.resource/theme.css?ln=primefaces-sipse HTTP/1.1" 304 -
186.155.149.236 - - [21/Jan/2024:15:43:17 -0500] "GET /sipse/faces/javax.faces.resource/primefaces.css?ln=primefaces&v=4.0 HTTP/1.1" 304 -
186.155.149.236 - - [21/Jan/2024:15:43:17 -0500] "GET /sipse/faces/javax.faces.resource/layout/layout.css?ln=primefaces&v=4.0 HTTP/1.1" 304 -
186.155.149.236 - - [21/Jan/2024:15:43:17 -0500] "GET /sipse/faces/javax.faces.resource/jquery/jquery.js?ln=primefaces&v=4.0 HTTP/1.1" 304 -
186.155.149.236 - - [21/Jan/2024:15:43:17 -0500] "GET /sipse/faces/javax.faces.resource/primefaces.js?ln=primefaces&v=4.0 HTTP/1.1" 304 -
186.155.149.236 - - [21/Jan/2024:15:43:17 -0500] "GET /sipse/faces/javax.faces.resource/jquery/jquery-plugins.js?ln=primefaces&v=4.0 HTTP/1.1" 304 -
186.155.149.236 - - [21/Jan/2024:15:43:17 -0500] "GET /sipse/faces/javax.faces.resource/layout/layout.js?ln=primefaces&v=4.0 HTTP/1.1" 304 -
186.155.149.236 - - [21/Jan/2024:15:43:17 -0500] "GET /sipse/css/imagen/contrasena.png HTTP/1.1" 404 383
186.155.149.236 - - [21/Jan/2024:15:43:17 -0500] "GET /sipse/faces/javax.faces.resource/images/ui-icons_898989_256x240.png?ln=primefaces-aristo HTTP/1.1" 304 -
216.244.66.195 - - [21/Jan/2024:15:43:22 -0500] "GET /BLA/resoluciones/AUTOS%202012/0197.pdf HTTP/1.1" 200 772501
172.22.2.4 - - [21/Jan/2024:15:41:47 -0500] "HEAD /BLA/boletinlegal/ HTTP/1.1" 200 -
216.244.66.195 - - [21/Jan/2024:15:43:32 -0500] "GET /BLA/resoluciones/AUTOS%202012/0252.pdf HTTP/1.1" 200 586361
186.155.149.236 - - [21/Jan/2024:15:43:38 -0500] "GET /sipse/faces/javax.faces.resource/images/ui-bg_flat_0_2d5972_40x100.png?ln=primefaces-aristo HTTP/1.1" 304 -
186.155.149.236 - - [21/Jan/2024:15:43:38 -0500] "POST /sipse/faces/presentacion/sistema/reporte/ventanaVerReporteParametros.xhtml HTTP/1.1" 200 33161
186.155.149.236 - - [21/Jan/2024:15:43:38 -0500] "GET /sipse/faces/javax.faces.resource/jquery/jquery.js?ln=primefaces&v=4.0 HTTP/1.1" 304 -
186.155.149.236 - - [21/Jan/2024:15:43:38 -0500] "GET /sipse/faces/javax.faces.resource/jquery/jquery-plugins.js?ln=primefaces&v=4.0 HTTP/1.1" 304 -
186.155.149.236 - - [21/Jan/2024:15:43:38 -0500] "GET /sipse/faces/javax.faces.resource/primefaces.js?ln=primefaces&v=4.0 HTTP/1.1" 304 -
186.155.149.236 - - [21/Jan/2024:15:43:38 -0500] "GET /sipse/faces/javax.faces.resource/layout/layout.js?ln=primefaces&v=4.0 HTTP/1.1" 304 -
186.155.149.236 - - [21/Jan/2024:15:43:41 -0500] "POST /sipse/faces/presentacion/sistema/reporte/listarReportes.xhtml HTTP/1.1" 200 21789
186.155.149.236 - - [21/Jan/2024:15:43:42 -0500] "GET /sipse/faces/javax.faces.resource/theme.css?ln=primefaces-sipse HTTP/1.1" 304 -
186.155.149.236 - - [21/Jan/2024:15:43:42 -0500] "GET /sipse/faces/javax.faces.resource/primefaces.css?ln=primefaces&v=4.0 HTTP/1.1" 304 -
186.155.149.236 - - [21/Jan/2024:15:43:42 -0500] "GET /sipse/faces/javax.faces.resource/layout/layout.css?ln=primefaces&v=4.0 HTTP/1.1" 304 -
186.155.149.236 - - [21/Jan/2024:15:43:42 -0500] "GET /sipse/faces/javax.faces.resource/jquery/jquery.js?ln=primefaces&v=4.0 HTTP/1.1" 304 -
186.155.149.236 - - [21/Jan/2024:15:43:42 -0500] "GET /sipse/faces/javax.faces.resource/jquery/jquery-plugins.js?ln=primefaces&v=4.0 HTTP/1.1" 304 -
186.155.149.236 - - [21/Jan/2024:15:43:42 -0500] "GET /sipse/faces/javax.faces.resource/primefaces.js?ln=primefaces&v=4.0 HTTP/1.1" 304 -
186.155.149.236 - - [21/Jan/2024:15:43:42 -0500] "GET /sipse/faces/javax.faces.resource/layout/layout.js?ln=primefaces&v=4.0 HTTP/1.1" 304 -
186.155.149.236 - - [21/Jan/2024:15:43:42 -0500] "GET /sipse/faces/javax.faces.resource/images/ui-icons_898989_256x240.png?ln=primefaces-aristo HTTP/1.1" 304 -
216.244.66.195 - - [21/Jan/2024:15:43:43 -0500] "GET /BLA/resoluciones/AUTOS%202012/0675.pdf HTTP/1.1" 200 326499
216.245.221.92 - - [21/Jan/2024:15:43:48 -0500] "HEAD / HTTP/1.1" 200 -
186.168.243.182 - - [21/Jan/2024:15:43:47 -0500] "POST /sipse/faces/presentacion/financiero/solicitudProceso/listarSolicitudProceso.xhtml HTTP/1.1" 200 136535
186.168.243.182 - - [21/Jan/2024:15:43:49 -0500] "GET /sipse/faces/javax.faces.resource/jquery/jquery.js?ln=primefaces&v=4.0 HTTP/1.1" 304 -
186.168.243.182 - - [21/Jan/2024:15:43:49 -0500] "GET /sipse/faces/javax.faces.resource/jquery/jquery-plugins.js?ln=primefaces&v=4.0 HTTP/1.1" 304 -
186.168.243.182 - - [21/Jan/2024:15:43:49 -0500] "GET /sipse/faces/javax.faces.resource/primefaces.js?ln=primefaces&v=4.0 HTTP/1.1" 304 -
186.168.243.182 - - [21/Jan/2024:15:43:49 -0500] "GET /sipse/faces/javax.faces.resource/layout/layout.js?ln=primefaces&v=4.0 HTTP/1.1" 304 -
186.168.243.182 - - [21/Jan/2024:15:43:49 -0500] "GET /sipse/faces/javax.faces.resource/dynamiccontent.properties?ln=primefaces&pfdrid=XjOR5%2F%2FfPAZAuY9TpWQeCiM0BhlXxYRBGKi%2FQcXXfeA%3D&pfdrid_c=false HTTP/1.1" 500 383
216.244.66.195 - - [21/Jan/2024:15:43:51 -0500] "GET /BLA/resoluciones/AUTOS%202012/0834.pdf HTTP/1.1" 200 289957
186.168.243.182 - - [21/Jan/2024:15:43:55 -0500] "GET /sipse/faces/javax.faces.resource/theme.css?ln=primefaces-sipse HTTP/1.1" 304 -
186.168.243.182 - - [21/Jan/2024:15:43:55 -0500] "GET /sipse/faces/javax.faces.resource/primefaces.css?ln=primefaces&v=4.0 HTTP/1.1" 304 -
186.168.243.182 - - [21/Jan/2024:15:43:55 -0500] "GET /sipse/faces/javax.faces.resource/jquery/jquery.js?ln=primefaces&v=4.0 HTTP/1.1" 304 -
186.168.243.182 - - [21/Jan/2024:15:43:55 -0500] "GET /sipse/faces/javax.faces.resource/layout/layout.css?ln=primefaces&v=4.0 HTTP/1.1" 304 -
186.168.243.182 - - [21/Jan/2024:15:43:55 -0500] "GET /sipse/faces/javax.faces.resource/jquery/jquery-plugins.js?ln=primefaces&v=4.0 HTTP/1.1" 304 -
186.168.243.182 - - [21/Jan/2024:15:43:55 -0500] "GET /sipse/faces/javax.faces.resource/primefaces.js?ln=primefaces&v=4.0 HTTP/1.1" 304 -
186.168.243.182 - - [21/Jan/2024:15:43:55 -0500] "POST /sipse/faces/presentacion/financiero/solicitudProceso/consultarSolicitudProceso.xhtml HTTP/1.1" 200 43850
186.168.243.182 - - [21/Jan/2024:15:43:55 -0500] "GET /sipse/faces/javax.faces.resource/layout/layout.js?ln=primefaces&v=4.0 HTTP/1.1" 304 -
186.168.243.182 - - [21/Jan/2024:15:43:55 -0500] "GET /sipse/faces/javax.faces.resource/images/ui-icons_898989_256x240.png?ln=primefaces-aristo HTTP/1.1" 304 -
186.168.243.182 - - [21/Jan/2024:15:43:55 -0500] "GET /sipse/faces/javax.faces.resource/images/ui-bg_flat_0_2d5972_40x100.png?ln=primefaces-aristo HTTP/1.1" 304 -
186.168.243.182 - - [21/Jan/2024:15:43:55 -0500] "POST /sipse/faces/presentacion/financiero/solicitudProceso/listarSolicitudProceso.xhtml HTTP/1.1" 200 1396
186.168.243.182 - - [21/Jan/2024:15:43:56 -0500] "POST /sipse/faces/presentacion/financiero/solicitudProceso/listarSolicitudProceso.xhtml HTTP/1.1" 200 1392
186.168.243.182 - - [21/Jan/2024:15:43:57 -0500] "POST /sipse/faces/presentacion/financiero/solicitudProceso/listarSolicitudProceso.xhtml HTTP/1.1" 200 31462
216.244.66.195 - - [21/Jan/2024:15:43:59 -0500] "GET /BLA/resoluciones/AUTOS%202012/0910.pdf HTTP/1.1" 200 294437
186.168.243.182 - - [21/Jan/2024:15:44:02 -0500] "POST /sipse/faces/presentacion/financiero/solicitudProceso/listarSolicitudProceso.xhtml HTTP/1.1" 200 4857
216.244.66.195 - - [21/Jan/2024:15:44:05 -0500] "GET /BLA/resoluciones/AUTOS%202012/1199.pdf HTTP/1.1" 200 177664
186.168.243.182 - - [21/Jan/2024:15:44:07 -0500] "POST /sipse/faces/presentacion/financiero/solicitudProceso/listarSolicitudProceso.xhtml HTTP/1.1" 200 31487
216.244.66.195 - - [21/Jan/2024:15:44:11 -0500] "GET /BLA/resoluciones/AUTOS%202012/1299.pdf HTTP/1.1" 200 193796
186.168.243.182 - - [21/Jan/2024:15:44:14 -0500] "POST /sipse/faces/presentacion/financiero/solicitudProceso/listarSolicitudProceso.xhtml HTTP/1.1" 200 7844
216.244.66.195 - - [21/Jan/2024:15:44:15 -0500] "GET /BLA/resoluciones/AUTOS%202012/1361.pdf HTTP/1.1" 200 154538
18.170.63.100 - - [21/Jan/2024:15:44:15 -0500] "\x16\x03\x01" 400 226
172.22.2.4 - - [21/Jan/2024:15:42:38 -0500] "GET /BLA/boletinlegal/ HTTP/1.1" 200 58666
186.168.243.182 - - [21/Jan/2024:15:44:19 -0500] "POST /sipse/faces/presentacion/financiero/solicitudProceso/listarSolicitudProceso.xhtml HTTP/1.1" 200 1937
186.168.243.182 - - [21/Jan/2024:15:44:21 -0500] "POST /sipse/faces/presentacion/financiero/solicitudProceso/listarSolicitudProceso.xhtml HTTP/1.1" 200 1941
216.244.66.195 - - [21/Jan/2024:15:44:22 -0500] "GET /BLA/resoluciones/AUTOS%202012/1489.pdf HTTP/1.1" 200 468345
186.168.243.182 - - [21/Jan/2024:15:44:23 -0500] "POST /sipse/faces/presentacion/financiero/solicitudProceso/listarSolicitudProceso.xhtml HTTP/1.1" 200 7840
186.168.243.182 - - [21/Jan/2024:15:44:26 -0500] "POST /sipse/faces/presentacion/financiero/solicitudProceso/listarSolicitudProceso.xhtml HTTP/1.1" 200 1941
190.158.100.67 - - [21/Jan/2024:15:44:29 -0500] "POST /sipse/faces/presentacion/financiero/estudioPrevio/personalSolicitado/expedirExperienciaIdoneidad.xhtml HTTP/1.1" 200 5677
190.158.100.67 - - [21/Jan/2024:15:44:29 -0500] "POST /sipse/faces/presentacion/financiero/estudioPrevio/personalSolicitado/expedirExperienciaIdoneidad.xhtml HTTP/1.1" 200 33420
190.158.100.67 - - [21/Jan/2024:15:44:30 -0500] "GET /sipse/faces/javax.faces.resource/theme.css?ln=primefaces-sipse HTTP/1.1" 304 -
190.158.100.67 - - [21/Jan/2024:15:44:30 -0500] "GET /sipse/faces/javax.faces.resource/primefaces.css?ln=primefaces&v=4.0 HTTP/1.1" 304 -
190.158.100.67 - - [21/Jan/2024:15:44:30 -0500] "GET /sipse/faces/javax.faces.resource/layout/layout.css?ln=primefaces&v=4.0 HTTP/1.1" 304 -
190.158.100.67 - - [21/Jan/2024:15:44:30 -0500] "GET /sipse/faces/javax.faces.resource/primefaces.js?ln=primefaces&v=4.0 HTTP/1.1" 304 -
190.158.100.67 - - [21/Jan/2024:15:44:30 -0500] "GET /sipse/faces/javax.faces.resource/jquery/jquery.js?ln=primefaces&v=4.0 HTTP/1.1" 304 -
190.158.100.67 - - [21/Jan/2024:15:44:30 -0500] "GET /sipse/faces/javax.faces.resource/jquery/jquery-plugins.js?ln=primefaces&v=4.0 HTTP/1.1" 304 -
190.158.100.67 - - [21/Jan/2024:15:44:30 -0500] "GET /sipse/faces/javax.faces.resource/layout/layout.js?ln=primefaces&v=4.0 HTTP/1.1" 304 -
216.244.66.195 - - [21/Jan/2024:15:44:38 -0500] "GET /BLA/resoluciones/AUTOS%202012/2065.pdf HTTP/1.1" 200 373992
186.168.243.182 - - [21/Jan/2024:15:44:41 -0500] "POST /sipse/faces/presentacion/financiero/solicitudProceso/listarSolicitudProceso.xhtml HTTP/1.1" 200 7840
190.158.100.67 - - [21/Jan/2024:15:44:46 -0500] "POST /sipse/faces/presentacion/contratacion/procesoContractual/registrarInvitacionContratista.xhtml HTTP/1.1" 200 9693
190.158.100.67 - - [21/Jan/2024:15:44:50 -0500] "POST /sipse/faces/presentacion/contratacion/procesoContractual/registrarInvitacionContratista.xhtml HTTP/1.1" 200 9254
190.158.100.67 - - [21/Jan/2024:15:44:52 -0500] "GET /sipse/faces/javax.faces.resource/images/ui-icons_898989_256x240.png?ln=primefaces-aristo HTTP/1.1" 304 -
216.244.66.195 - - [21/Jan/2024:15:44:53 -0500] "GET /BLA/resoluciones/AUTOS%202012/2329.pdf HTTP/1.1" 200 1037609
190.158.100.67 - - [21/Jan/2024:15:44:59 -0500] "POST /sipse/faces/presentacion/contratacion/procesoContractual/registrarInvitacionContratista.xhtml HTTP/1.1" 200 41896
190.158.100.67 - - [21/Jan/2024:15:44:59 -0500] "GET /sipse/faces/javax.faces.resource/theme.css?ln=primefaces-sipse HTTP/1.1" 304 -
190.158.100.67 - - [21/Jan/2024:15:44:59 -0500] "GET /sipse/faces/javax.faces.resource/layout/layout.css?ln=primefaces&v=4.0 HTTP/1.1" 304 -
190.158.100.67 - - [21/Jan/2024:15:44:59 -0500] "GET /sipse/faces/javax.faces.resource/primefaces.css?ln=primefaces&v=4.0 HTTP/1.1" 304 -
190.158.100.67 - - [21/Jan/2024:15:44:59 -0500] "GET /sipse/faces/javax.faces.resource/jquery/jquery.js?ln=primefaces&v=4.0 HTTP/1.1" 304 -
190.158.100.67 - - [21/Jan/2024:15:44:59 -0500] "GET /sipse/faces/javax.faces.resource/jquery/jquery-plugins.js?ln=primefaces&v=4.0 HTTP/1.1" 304 -
190.158.100.67 - - [21/Jan/2024:15:45:00 -0500] "GET /sipse/faces/javax.faces.resource/primefaces.js?ln=primefaces&v=4.0 HTTP/1.1" 304 -
190.158.100.67 - - [21/Jan/2024:15:45:00 -0500] "GET /sipse/faces/javax.faces.resource/layout/layout.js?ln=primefaces&v=4.0 HTTP/1.1" 304 -
216.244.66.195 - - [21/Jan/2024:15:45:07 -0500] "GET /BLA/resoluciones/AUTOS%202012/2522.pdf HTTP/1.1" 200 1691972
190.158.100.67 - - [21/Jan/2024:15:45:12 -0500] "POST /sipse/faces/presentacion/financiero/estudioPrevio/personalSolicitado/expedirExperienciaIdoneidad.xhtml HTTP/1.1" 200 43670
190.158.100.67 - - [21/Jan/2024:15:45:12 -0500] "GET /sipse/faces/javax.faces.resource/theme.css?ln=primefaces-sipse HTTP/1.1" 304 -
190.158.100.67 - - [21/Jan/2024:15:45:12 -0500] "GET /sipse/faces/javax.faces.resource/primefaces.css?ln=primefaces&v=4.0 HTTP/1.1" 304 -
190.158.100.67 - - [21/Jan/2024:15:45:12 -0500] "GET /sipse/faces/javax.faces.resource/layout/layout.css?ln=primefaces&v=4.0 HTTP/1.1" 304 -
190.158.100.67 - - [21/Jan/2024:15:45:12 -0500] "GET /sipse/faces/javax.faces.resource/jquery/jquery.js?ln=primefaces&v=4.0 HTTP/1.1" 304 -
190.158.100.67 - - [21/Jan/2024:15:45:12 -0500] "GET /sipse/faces/javax.faces.resource/jquery/jquery-plugins.js?ln=primefaces&v=4.0 HTTP/1.1" 304 -
190.158.100.67 - - [21/Jan/2024:15:45:12 -0500] "GET /sipse/faces/javax.faces.resource/layout/layout.js?ln=primefaces&v=4.0 HTTP/1.1" 304 -
190.158.100.67 - - [21/Jan/2024:15:45:12 -0500] "GET /sipse/faces/javax.faces.resource/primefaces.js?ln=primefaces&v=4.0 HTTP/1.1" 304 -
186.168.243.182 - - [21/Jan/2024:15:45:18 -0500] "POST /sipse/faces/presentacion/financiero/solicitudProceso/listarSolicitudProceso.xhtml HTTP/1.1" 200 122582
186.168.243.182 - - [21/Jan/2024:15:45:19 -0500] "GET /sipse/faces/javax.faces.resource/jquery/jquery.js?ln=primefaces&v=4.0 HTTP/1.1" 304 -
186.168.243.182 - - [21/Jan/2024:15:45:19 -0500] "GET /sipse/faces/javax.faces.resource/jquery/jquery-plugins.js?ln=primefaces&v=4.0 HTTP/1.1" 304 -
186.168.243.182 - - [21/Jan/2024:15:45:19 -0500] "GET /sipse/faces/javax.faces.resource/primefaces.js?ln=primefaces&v=4.0 HTTP/1.1" 304 -
186.168.243.182 - - [21/Jan/2024:15:45:19 -0500] "GET /sipse/faces/javax.faces.resource/layout/layout.js?ln=primefaces&v=4.0 HTTP/1.1" 304 -
186.168.243.182 - - [21/Jan/2024:15:45:19 -0500] "GET /sipse/faces/javax.faces.resource/dynamiccontent.properties?ln=primefaces&pfdrid=XjOR5%2F%2FfPAZAuY9TpWQeCiM0BhlXxYRBGKi%2FQcXXfeA%3D&pfdrid_c=false HTTP/1.1" 500 383
190.158.100.67 - - [21/Jan/2024:15:45:20 -0500] "POST /sipse/faces/presentacion/contratacion/contrato/adicionarSupervisor.xhtml HTTP/1.1" 200 17597
190.158.100.67 - - [21/Jan/2024:15:45:24 -0500] "POST /sipse/faces/presentacion/contratacion/contrato/adicionarSupervisor.xhtml HTTP/1.1" 200 45998
190.158.100.67 - - [21/Jan/2024:15:45:24 -0500] "GET /sipse/faces/javax.faces.resource/theme.css?ln=primefaces-sipse HTTP/1.1" 304 -
190.158.100.67 - - [21/Jan/2024:15:45:24 -0500] "GET /sipse/faces/javax.faces.resource/primefaces.css?ln=primefaces&v=4.0 HTTP/1.1" 304 -
190.158.100.67 - - [21/Jan/2024:15:45:24 -0500] "GET /sipse/faces/javax.faces.resource/jquery/jquery-plugins.js?ln=primefaces&v=4.0 HTTP/1.1" 304 -
190.158.100.67 - - [21/Jan/2024:15:45:24 -0500] "GET /sipse/faces/javax.faces.resource/primefaces.js?ln=primefaces&v=4.0 HTTP/1.1" 304 -
190.158.100.67 - - [21/Jan/2024:15:45:24 -0500] "GET /sipse/faces/javax.faces.resource/layout/layout.css?ln=primefaces&v=4.0 HTTP/1.1" 304 -
190.158.100.67 - - [21/Jan/2024:15:45:24 -0500] "GET /sipse/faces/javax.faces.resource/jquery/jquery.js?ln=primefaces&v=4.0 HTTP/1.1" 304 -
190.158.100.67 - - [21/Jan/2024:15:45:24 -0500] "GET /sipse/faces/javax.faces.resource/layout/layout.js?ln=primefaces&v=4.0 HTTP/1.1" 304 -
186.168.243.182 - - [21/Jan/2024:15:45:25 -0500] "POST /sipse/faces/presentacion/financiero/solicitudProceso/consultarSolicitudProceso.xhtml HTTP/1.1" 200 188725
18.170.63.100 - - [21/Jan/2024:15:45:26 -0500] "GET /index.html HTTP/1.1" 200 319
190.158.100.67 - - [21/Jan/2024:15:45:26 -0500] "POST /sipse/faces/presentacion/financiero/estudioPrevio/personalSolicitado/expedirExperienciaIdoneidad.xhtml HTTP/1.1" 200 138260
190.158.100.67 - - [21/Jan/2024:15:45:27 -0500] "GET /sipse/faces/javax.faces.resource/theme.css?ln=primefaces-sipse HTTP/1.1" 304 -
190.158.100.67 - - [21/Jan/2024:15:45:27 -0500] "GET /sipse/faces/javax.faces.resource/layout/layout.css?ln=primefaces&v=4.0 HTTP/1.1" 304 -
190.158.100.67 - - [21/Jan/2024:15:45:27 -0500] "GET /sipse/faces/javax.faces.resource/primefaces.css?ln=primefaces&v=4.0 HTTP/1.1" 304 -
190.158.100.67 - - [21/Jan/2024:15:45:27 -0500] "GET /sipse/faces/javax.faces.resource/jquery/jquery.js?ln=primefaces&v=4.0 HTTP/1.1" 304 -
190.158.100.67 - - [21/Jan/2024:15:45:27 -0500] "GET /sipse/faces/javax.faces.resource/jquery/jquery-plugins.js?ln=primefaces&v=4.0 HTTP/1.1" 304 -
190.158.100.67 - - [21/Jan/2024:15:45:27 -0500] "GET /sipse/faces/javax.faces.resource/primefaces.js?ln=primefaces&v=4.0 HTTP/1.1" 304 -
190.158.100.67 - - [21/Jan/2024:15:45:27 -0500] "GET /sipse/faces/javax.faces.resource/layout/layout.js?ln=primefaces&v=4.0 HTTP/1.1" 304 -
190.158.100.67 - - [21/Jan/2024:15:45:27 -0500] "GET /sipse/faces/javax.faces.resource/dynamiccontent.properties?ln=primefaces&pfdrid=XjOR5%2F%2FfPAZAuY9TpWQeCiM0BhlXxYRBGKi%2FQcXXfeA%3D&pfdrid_c=false HTTP/1.1" 500 383
186.168.243.182 - - [21/Jan/2024:15:45:31 -0500] "POST /sipse/faces/presentacion/financiero/solicitudProceso/consultarSolicitudProceso.xhtml HTTP/1.1" 200 2204524
190.158.100.67 - - [21/Jan/2024:15:45:38 -0500] "POST /sipse/faces/presentacion/financiero/solicitudProceso/consultarSolicitudProceso.xhtml HTTP/1.1" 200 43012
190.158.100.67 - - [21/Jan/2024:15:45:38 -0500] "GET /sipse/faces/javax.faces.resource/theme.css?ln=primefaces-sipse HTTP/1.1" 304 -
190.158.100.67 - - [21/Jan/2024:15:45:38 -0500] "GET /sipse/faces/javax.faces.resource/primefaces.css?ln=primefaces&v=4.0 HTTP/1.1" 304 -
190.158.100.67 - - [21/Jan/2024:15:45:38 -0500] "GET /sipse/faces/javax.faces.resource/layout/layout.css?ln=primefaces&v=4.0 HTTP/1.1" 304 -
190.158.100.67 - - [21/Jan/2024:15:45:38 -0500] "GET /sipse/faces/javax.faces.resource/jquery/jquery.js?ln=primefaces&v=4.0 HTTP/1.1" 304 -
190.158.100.67 - - [21/Jan/2024:15:45:38 -0500] "GET /sipse/faces/javax.faces.resource/jquery/jquery-plugins.js?ln=primefaces&v=4.0 HTTP/1.1" 304 -
190.158.100.67 - - [21/Jan/2024:15:45:38 -0500] "GET /sipse/faces/javax.faces.resource/primefaces.js?ln=primefaces&v=4.0 HTTP/1.1" 304 -
190.158.100.67 - - [21/Jan/2024:15:45:38 -0500] "GET /sipse/faces/javax.faces.resource/layout/layout.js?ln=primefaces&v=4.0 HTTP/1.1" 304 -
216.244.66.195 - - [21/Jan/2024:15:45:39 -0500] "GET /BLA/resoluciones/AUTOS%202012/2542.pdf HTTP/1.1" 200 513633
190.158.100.67 - - [21/Jan/2024:15:45:41 -0500] "POST /sipse/faces/presentacion/financiero/estudioPrevio/personalSolicitado/expedirExperienciaIdoneidad.xhtml HTTP/1.1" 200 23991
190.158.100.67 - - [21/Jan/2024:15:45:41 -0500] "GET /sipse/faces/javax.faces.resource/theme.css?ln=primefaces-sipse HTTP/1.1" 304 -
190.158.100.67 - - [21/Jan/2024:15:45:41 -0500] "GET /sipse/faces/javax.faces.resource/primefaces.css?ln=primefaces&v=4.0 HTTP/1.1" 304 -
190.158.100.67 - - [21/Jan/2024:15:45:41 -0500] "GET /sipse/faces/javax.faces.resource/layout/layout.css?ln=primefaces&v=4.0 HTTP/1.1" 304 -
190.158.100.67 - - [21/Jan/2024:15:45:41 -0500] "GET /sipse/faces/javax.faces.resource/jquery/jquery.js?ln=primefaces&v=4.0 HTTP/1.1" 304 -
190.158.100.67 - - [21/Jan/2024:15:45:41 -0500] "GET /sipse/faces/javax.faces.resource/jquery/jquery-plugins.js?ln=primefaces&v=4.0 HTTP/1.1" 304 -
190.158.100.67 - - [21/Jan/2024:15:45:41 -0500] "GET /sipse/faces/javax.faces.resource/primefaces.js?ln=primefaces&v=4.0 HTTP/1.1" 304 -
190.158.100.67 - - [21/Jan/2024:15:45:41 -0500] "GET /sipse/faces/javax.faces.resource/layout/layout.js?ln=primefaces&v=4.0 HTTP/1.1" 304 -
186.168.243.182 - - [21/Jan/2024:15:45:41 -0500] "POST /sipse/faces/presentacion/financiero/solicitudProceso/consultarSolicitudProceso.xhtml HTTP/1.1" 200 38514
186.168.243.182 - - [21/Jan/2024:15:45:48 -0500] "POST /sipse/faces/presentacion/financiero/solicitudProceso/consultarSolicitudProceso.xhtml HTTP/1.1" 200 864489
201.245.192.253 - - [21/Jan/2024:15:45:56 -0500] "POST /kwsrmcab/Wsrmcab  HTTP/1.1" 200 213
216.244.66.195 - - [21/Jan/2024:15:46:04 -0500] "GET /BLA/resoluciones/AUTOS%202012/2901.pdf HTTP/1.1" 200 230073
216.244.66.195 - - [21/Jan/2024:15:46:28 -0500] "GET /BLA/resoluciones/AUTOS%202012/2950.pdf HTTP/1.1" 200 331874
216.244.66.195 - - [21/Jan/2024:15:46:51 -0500] "GET /BLA/resoluciones/AUTOS%202012/3096.pdf HTTP/1.1" 200 262739
216.244.66.195 - - [21/Jan/2024:15:47:22 -0500] "GET /BLA/resoluciones/AUTOS%202013/0220.pdf HTTP/1.1" 200 1480508
18.170.63.100 - - [21/Jan/2024:15:47:28 -0500] "\x16\x03\x01" 400 226
190.158.100.67 - - [21/Jan/2024:15:47:30 -0500] "GET /sipse/faces/javax.faces.resource/theme.css?ln=primefaces-sipse HTTP/1.1" 304 -
190.158.100.67 - - [21/Jan/2024:15:47:30 -0500] "GET /sipse/faces/javax.faces.resource/primefaces.css?ln=primefaces&v=4.0 HTTP/1.1" 304 -
190.158.100.67 - - [21/Jan/2024:15:47:30 -0500] "GET /sipse/faces/javax.faces.resource/layout/layout.css?ln=primefaces&v=4.0 HTTP/1.1" 304 -
190.158.100.67 - - [21/Jan/2024:15:47:30 -0500] "GET /sipse/faces/javax.faces.resource/jquery/jquery.js?ln=primefaces&v=4.0 HTTP/1.1" 304 -
190.158.100.67 - - [21/Jan/2024:15:47:30 -0500] "GET /sipse/faces/javax.faces.resource/primefaces.js?ln=primefaces&v=4.0 HTTP/1.1" 304 -
190.158.100.67 - - [21/Jan/2024:15:47:30 -0500] "GET /sipse/faces/javax.faces.resource/jquery/jquery-plugins.js?ln=primefaces&v=4.0 HTTP/1.1" 304 -
190.158.100.67 - - [21/Jan/2024:15:47:30 -0500] "GET /sipse/faces/javax.faces.resource/layout/layout.js?ln=primefaces&v=4.0 HTTP/1.1" 304 -
190.158.100.67 - - [21/Jan/2024:15:47:29 -0500] "POST /sipse/faces/presentacion/financiero/estudioPrevio/personalSolicitado/asociarExperienciaContratista.xhtml HTTP/1.1" 200 48348
190.158.100.67 - - [21/Jan/2024:15:47:44 -0500] "POST /sipse/faces/presentacion/financiero/estudioPrevio/personalSolicitado/expedirExperienciaIdoneidad.xhtml HTTP/1.1" 200 23991
190.158.100.67 - - [21/Jan/2024:15:47:44 -0500] "GET /sipse/faces/javax.faces.resource/theme.css?ln=primefaces-sipse HTTP/1.1" 304 -
190.158.100.67 - - [21/Jan/2024:15:47:44 -0500] "GET /sipse/faces/javax.faces.resource/primefaces.css?ln=primefaces&v=4.0 HTTP/1.1" 304 -
190.158.100.67 - - [21/Jan/2024:15:47:44 -0500] "GET /sipse/faces/javax.faces.resource/layout/layout.css?ln=primefaces&v=4.0 HTTP/1.1" 304 -
190.158.100.67 - - [21/Jan/2024:15:47:44 -0500] "GET /sipse/faces/javax.faces.resource/jquery/jquery.js?ln=primefaces&v=4.0 HTTP/1.1" 304 -
190.158.100.67 - - [21/Jan/2024:15:47:45 -0500] "GET /sipse/faces/javax.faces.resource/jquery/jquery-plugins.js?ln=primefaces&v=4.0 HTTP/1.1" 304 -
190.158.100.67 - - [21/Jan/2024:15:47:45 -0500] "GET /sipse/faces/javax.faces.resource/primefaces.js?ln=primefaces&v=4.0 HTTP/1.1" 304 -
190.158.100.67 - - [21/Jan/2024:15:47:45 -0500] "GET /sipse/faces/javax.faces.resource/layout/layout.js?ln=primefaces&v=4.0 HTTP/1.1" 304 -
216.244.66.195 - - [21/Jan/2024:15:47:50 -0500] "GET /BLA/resoluciones/AUTOS%202013/0536.pdf HTTP/1.1" 200 1305861
172.22.2.4 - - [21/Jan/2024:15:48:16 -0500] "GET /BLA/boletinlegal/jurisprudencia/analisis/AnalisisT-095-16.docx HTTP/1.1" 200 20284
216.244.66.195 - - [21/Jan/2024:15:48:17 -0500] "GET /BLA/resoluciones/AUTOS%202013/0539.pdf HTTP/1.1" 200 1634721
18.170.63.100 - - [21/Jan/2024:15:48:40 -0500] "GET /+CSCOE+/logon.html HTTP/1.1" 404 1018
216.244.66.195 - - [21/Jan/2024:15:48:44 -0500] "GET /BLA/resoluciones/AUTOS%202013/0929.pdf HTTP/1.1" 200 195306
216.245.221.92 - - [21/Jan/2024:15:48:48 -0500] "HEAD / HTTP/1.1" 200 -
216.244.66.195 - - [21/Jan/2024:15:49:06 -0500] "GET /BLA/resoluciones/AUTOS%202013/1042.pdf HTTP/1.1" 200 993582
172.22.2.4 - - [21/Jan/2024:15:47:37 -0500] "HEAD /BLA/boletinlegal/ HTTP/1.1" 200 -
216.244.66.195 - - [21/Jan/2024:15:49:47 -0500] "GET /BLA/resoluciones/AUTOS%202013/1133.pdf HTTP/1.1" 200 978907
172.22.2.4 - - [21/Jan/2024:15:48:28 -0500] "GET /BLA/boletinlegal/ HTTP/1.1" 200 60996
18.170.63.100 - - [21/Jan/2024:15:50:26 -0500] "\x16\x03\x01" 400 226
216.244.66.195 - - [21/Jan/2024:15:50:27 -0500] "GET /BLA/resoluciones/AUTOS%202013/1815.pdf HTTP/1.1" 200 608204
190.158.100.67 - - [21/Jan/2024:15:50:27 -0500] "POST /sipse/faces/presentacion/financiero/estudioPrevio/personalSolicitado/asociarExperienciaContratista.xhtml HTTP/1.1" 200 50826
190.158.100.67 - - [21/Jan/2024:15:50:28 -0500] "GET /sipse/faces/javax.faces.resource/theme.css?ln=primefaces-sipse HTTP/1.1" 304 -
190.158.100.67 - - [21/Jan/2024:15:50:28 -0500] "GET /sipse/faces/javax.faces.resource/primefaces.css?ln=primefaces&v=4.0 HTTP/1.1" 304 -
190.158.100.67 - - [21/Jan/2024:15:50:28 -0500] "GET /sipse/faces/javax.faces.resource/layout/layout.css?ln=primefaces&v=4.0 HTTP/1.1" 304 -
190.158.100.67 - - [21/Jan/2024:15:50:28 -0500] "GET /sipse/faces/javax.faces.resource/jquery/jquery-plugins.js?ln=primefaces&v=4.0 HTTP/1.1" 304 -
190.158.100.67 - - [21/Jan/2024:15:50:28 -0500] "GET /sipse/faces/javax.faces.resource/jquery/jquery.js?ln=primefaces&v=4.0 HTTP/1.1" 304 -
190.158.100.67 - - [21/Jan/2024:15:50:28 -0500] "GET /sipse/faces/javax.faces.resource/layout/layout.js?ln=primefaces&v=4.0 HTTP/1.1" 304 -
190.158.100.67 - - [21/Jan/2024:15:50:28 -0500] "GET /sipse/faces/javax.faces.resource/primefaces.js?ln=primefaces&v=4.0 HTTP/1.1" 304 -
186.80.52.0 - - [21/Jan/2024:15:50:38 -0500] "GET /sipse/faces/index.xhtml HTTP/1.1" 200 677
186.80.52.0 - - [21/Jan/2024:15:50:38 -0500] "GET /sipse/faces/javax.faces.resource/theme.css?ln=primefaces-sipse HTTP/1.1" 304 -
186.80.52.0 - - [21/Jan/2024:15:50:38 -0500] "GET /sipse/faces/faces/autenticacion.xhtml HTTP/1.1" 200 12403
186.80.52.0 - - [21/Jan/2024:15:50:38 -0500] "GET /sipse/faces/javax.faces.resource/theme.css?ln=primefaces-sipse HTTP/1.1" 304 -
186.80.52.0 - - [21/Jan/2024:15:50:38 -0500] "GET /sipse/faces/javax.faces.resource/primefaces.css?ln=primefaces&v=4.0 HTTP/1.1" 304 -
186.80.52.0 - - [21/Jan/2024:15:50:38 -0500] "GET /sipse/faces/javax.faces.resource/layout/layout.css?ln=primefaces&v=4.0 HTTP/1.1" 304 -
186.80.52.0 - - [21/Jan/2024:15:50:38 -0500] "GET /sipse/faces/javax.faces.resource/jquery/jquery.js?ln=primefaces&v=4.0 HTTP/1.1" 304 -
186.80.52.0 - - [21/Jan/2024:15:50:38 -0500] "GET /sipse/faces/javax.faces.resource/jquery/jquery-plugins.js?ln=primefaces&v=4.0 HTTP/1.1" 304 -
186.80.52.0 - - [21/Jan/2024:15:50:38 -0500] "GET /sipse/faces/javax.faces.resource/primefaces.js?ln=primefaces&v=4.0 HTTP/1.1" 304 -
186.80.52.0 - - [21/Jan/2024:15:50:38 -0500] "GET /sipse/faces/javax.faces.resource/layout/layout.js?ln=primefaces&v=4.0 HTTP/1.1" 304 -
186.80.52.0 - - [21/Jan/2024:15:50:38 -0500] "GET /sipse/faces/javax.faces.resource/images/ui-icons_898989_256x240.png?ln=primefaces-aristo HTTP/1.1" 304 -
190.158.100.67 - - [21/Jan/2024:15:50:37 -0500] "POST /sipse/faces/presentacion/financiero/estudioPrevio/personalSolicitado/expedirExperienciaIdoneidad.xhtml HTTP/1.1" 200 138260
190.158.100.67 - - [21/Jan/2024:15:50:38 -0500] "GET /sipse/faces/javax.faces.resource/theme.css?ln=primefaces-sipse HTTP/1.1" 304 -
190.158.100.67 - - [21/Jan/2024:15:50:38 -0500] "GET /sipse/faces/javax.faces.resource/layout/layout.css?ln=primefaces&v=4.0 HTTP/1.1" 304 -
190.158.100.67 - - [21/Jan/2024:15:50:38 -0500] "GET /sipse/faces/javax.faces.resource/primefaces.css?ln=primefaces&v=4.0 HTTP/1.1" 304 -
190.158.100.67 - - [21/Jan/2024:15:50:38 -0500] "GET /sipse/faces/javax.faces.resource/jquery/jquery.js?ln=primefaces&v=4.0 HTTP/1.1" 304 -
190.158.100.67 - - [21/Jan/2024:15:50:38 -0500] "GET /sipse/faces/javax.faces.resource/jquery/jquery-plugins.js?ln=primefaces&v=4.0 HTTP/1.1" 304 -
190.158.100.67 - - [21/Jan/2024:15:50:38 -0500] "GET /sipse/faces/javax.faces.resource/primefaces.js?ln=primefaces&v=4.0 HTTP/1.1" 304 -
190.158.100.67 - - [21/Jan/2024:15:50:38 -0500] "GET /sipse/faces/javax.faces.resource/layout/layout.js?ln=primefaces&v=4.0 HTTP/1.1" 304 -
190.158.100.67 - - [21/Jan/2024:15:50:38 -0500] "GET /sipse/faces/javax.faces.resource/dynamiccontent.properties?ln=primefaces&pfdrid=XjOR5%2F%2FfPAZAuY9TpWQeCiM0BhlXxYRBGKi%2FQcXXfeA%3D&pfdrid_c=false HTTP/1.1" 500 383
186.80.52.0 - - [21/Jan/2024:15:50:40 -0500] "POST /sipse/faces/autenticacion.xhtml HTTP/1.1" 200 2221
186.80.52.0 - - [21/Jan/2024:15:50:40 -0500] "GET /sipse/faces/javax.faces.resource/messages/messages.png?ln=primefaces&v=4.0 HTTP/1.1" 304 -
186.80.52.0 - - [21/Jan/2024:15:50:41 -0500] "POST /sipse/faces/autenticacion.xhtml HTTP/1.1" 200 16447
186.80.52.0 - - [21/Jan/2024:15:50:41 -0500] "GET /sipse/faces/javax.faces.resource/layout/layout.css?ln=primefaces&v=4.0 HTTP/1.1" 304 -
186.80.52.0 - - [21/Jan/2024:15:50:41 -0500] "GET /sipse/faces/javax.faces.resource/primefaces.css?ln=primefaces&v=4.0 HTTP/1.1" 304 -
186.80.52.0 - - [21/Jan/2024:15:50:41 -0500] "GET /sipse/faces/javax.faces.resource/theme.css?ln=primefaces-sipse HTTP/1.1" 304 -
186.80.52.0 - - [21/Jan/2024:15:50:41 -0500] "GET /sipse/faces/javax.faces.resource/jquery/jquery.js?ln=primefaces&v=4.0 HTTP/1.1" 304 -
186.80.52.0 - - [21/Jan/2024:15:50:41 -0500] "GET /sipse/faces/javax.faces.resource/jquery/jquery-plugins.js?ln=primefaces&v=4.0 HTTP/1.1" 304 -
186.80.52.0 - - [21/Jan/2024:15:50:42 -0500] "GET /sipse/faces/javax.faces.resource/primefaces.js?ln=primefaces&v=4.0 HTTP/1.1" 304 -
186.80.52.0 - - [21/Jan/2024:15:50:42 -0500] "GET /sipse/faces/javax.faces.resource/layout/layout.js?ln=primefaces&v=4.0 HTTP/1.1" 304 -
186.80.52.0 - - [21/Jan/2024:15:50:42 -0500] "GET /sipse/css/imagen/contrasena.png HTTP/1.1" 404 383
186.80.52.0 - - [21/Jan/2024:15:50:43 -0500] "GET /sipse/faces/javax.faces.resource/images/ui-bg_flat_0_2d5972_40x100.png?ln=primefaces-aristo HTTP/1.1" 304 -
186.80.52.0 - - [21/Jan/2024:15:50:43 -0500] "POST /sipse/faces/bienvenido.xhtml HTTP/1.1" 200 2658
190.158.100.67 - - [21/Jan/2024:15:50:44 -0500] "POST /sipse/faces/presentacion/financiero/solicitudProceso/consultarSolicitudProceso.xhtml HTTP/1.1" 200 5594
186.80.52.0 - - [21/Jan/2024:15:50:44 -0500] "POST /sipse/faces/bienvenido.xhtml HTTP/1.1" 200 64443
186.80.52.0 - - [21/Jan/2024:15:50:45 -0500] "GET /sipse/faces/javax.faces.resource/theme.css?ln=primefaces-sipse HTTP/1.1" 304 -
186.80.52.0 - - [21/Jan/2024:15:50:45 -0500] "GET /sipse/faces/javax.faces.resource/layout/layout.css?ln=primefaces&v=4.0 HTTP/1.1" 304 -
186.80.52.0 - - [21/Jan/2024:15:50:45 -0500] "GET /sipse/faces/javax.faces.resource/primefaces.css?ln=primefaces&v=4.0 HTTP/1.1" 304 -
186.80.52.0 - - [21/Jan/2024:15:50:45 -0500] "GET /sipse/faces/javax.faces.resource/jquery/jquery.js?ln=primefaces&v=4.0 HTTP/1.1" 304 -
186.80.52.0 - - [21/Jan/2024:15:50:45 -0500] "GET /sipse/faces/javax.faces.resource/jquery/jquery-plugins.js?ln=primefaces&v=4.0 HTTP/1.1" 304 -
186.80.52.0 - - [21/Jan/2024:15:50:45 -0500] "GET /sipse/faces/javax.faces.resource/primefaces.js?ln=primefaces&v=4.0 HTTP/1.1" 304 -
186.80.52.0 - - [21/Jan/2024:15:50:45 -0500] "GET /sipse/faces/javax.faces.resource/layout/layout.js?ln=primefaces&v=4.0 HTTP/1.1" 304 -
186.80.52.0 - - [21/Jan/2024:15:50:45 -0500] "POST /sipse/faces/presentacion/financiero/solicitudProceso/listarSolicitudProceso.xhtml HTTP/1.1" 200 1560
186.80.52.0 - - [21/Jan/2024:15:50:47 -0500] "POST /sipse/faces/presentacion/financiero/solicitudProceso/listarSolicitudProceso.xhtml HTTP/1.1" 200 46720
186.80.52.0 - - [21/Jan/2024:15:50:47 -0500] "POST /sipse/faces/presentacion/financiero/solicitudProceso/listarSolicitudProceso.xhtml HTTP/1.1" 200 1560
186.80.52.0 - - [21/Jan/2024:15:50:48 -0500] "POST /sipse/faces/presentacion/financiero/solicitudProceso/listarSolicitudProceso.xhtml HTTP/1.1" 200 32700
186.80.52.0 - - [21/Jan/2024:15:50:48 -0500] "POST /sipse/faces/presentacion/financiero/solicitudProceso/listarSolicitudProceso.xhtml HTTP/1.1" 200 45626
