201.245.192.253 - - [23/Jan/2024:05:11:43 -0500] "POST /forms/lservlet;jsessionid=ac16012b30d697d92ed5975547868a58de8c0e1951cb.e3iSbxaKaheRe3qKcheMbNuKc41ynknvrkLOlQzNp65In0 HTTP/1.1" 200 2
156.59.198.135 - - [23/Jan/2024:05:11:48 -0500] "GET /BLA/resoluciones/AUTOS%202011/1908.pdf HTTP/1.0" 200 142778
156.59.198.135 - - [23/Jan/2024:05:12:15 -0500] "GET /BLA/resoluciones/AUTOS%202011/2468.pdf HTTP/1.0" 200 207857
156.59.198.136 - - [23/Jan/2024:05:12:40 -0500] "GET /BLA/resoluciones/AUTOS%202014/1700.pdf HTTP/1.0" 200 319178
66.249.66.19 - - [23/Jan/2024:05:12:45 -0500] "GET /BLA/resoluciones/AUTOS%202013/3571.pdf HTTP/1.1" 200 395773
156.59.198.136 - - [23/Jan/2024:05:13:04 -0500] "GET /BLA/resoluciones/AUTOS%202011/1196.pdf HTTP/1.0" 200 138939
156.59.198.136 - - [23/Jan/2024:05:13:30 -0500] "GET /BLA/resoluciones/AUTOS%202011/3024.pdf HTTP/1.0" 200 162505
201.245.192.253 - - [23/Jan/2024:05:13:35 -0500] "POST /forms/lservlet;jsessionid=ac16012b30d688c112503e764ab094a2fa9a0f9aabf9.e3iSbxaKaheRe3qKcheMbNuKc41ynknvrkLOlQzNp65In0 HTTP/1.1" 200 2
201.245.192.253 - - [23/Jan/2024:05:13:43 -0500] "POST /forms/lservlet;jsessionid=ac16012b30d697d92ed5975547868a58de8c0e1951cb.e3iSbxaKaheRe3qKcheMbNuKc41ynknvrkLOlQzNp65In0 HTTP/1.1" 200 2
156.59.198.135 - - [23/Jan/2024:05:13:54 -0500] "GET /BLA/resoluciones/AUTOS%202014/0067.pdf HTTP/1.0" 200 659761
216.244.66.195 - - [23/Jan/2024:05:14:13 -0500] "GET /robots.txt HTTP/1.1" 404 1018
156.59.198.135 - - [23/Jan/2024:05:14:19 -0500] "GET /BLA/resoluciones/AUTOS%202011/0284.pdf HTTP/1.0" 200 120579
156.59.198.136 - - [23/Jan/2024:05:14:42 -0500] "GET /BLA/resoluciones/AUTOS%202014/0101.pdf HTTP/1.0" 200 1058615
201.245.192.253 - - [23/Jan/2024:05:14:52 -0500] "POST /kwsrmcab/Wsrmcab HTTP/1.1" 200 38977
201.245.192.253 - - [23/Jan/2024:05:14:55 -0500] "POST /kwsrmcab/Wsrmcab HTTP/1.1" 200 37045
156.59.198.135 - - [23/Jan/2024:05:15:09 -0500] "GET /BLA/resoluciones/AUTOS%202011/7737.pdf HTTP/1.0" 200 263450
156.59.198.136 - - [23/Jan/2024:05:15:32 -0500] "GET /BLA/resoluciones/AUTOS%202014/0372.pdf HTTP/1.0" 200 716584
201.245.192.253 - - [23/Jan/2024:05:15:35 -0500] "POST /forms/lservlet;jsessionid=ac16012b30d688c112503e764ab094a2fa9a0f9aabf9.e3iSbxaKaheRe3qKcheMbNuKc41ynknvrkLOlQzNp65In0 HTTP/1.1" 200 2
201.245.192.253 - - [23/Jan/2024:05:15:43 -0500] "POST /forms/lservlet;jsessionid=ac16012b30d697d92ed5975547868a58de8c0e1951cb.e3iSbxaKaheRe3qKcheMbNuKc41ynknvrkLOlQzNp65In0 HTTP/1.1" 200 2
172.22.2.4 - - [23/Jan/2024:05:14:04 -0500] "HEAD /BLA/boletinlegal/ HTTP/1.1" 200 -
156.59.198.136 - - [23/Jan/2024:05:15:57 -0500] "GET /BLA/resoluciones/AUTOS%202011/2893.pdf HTTP/1.0" 200 190333
52.167.144.19 - - [23/Jan/2024:05:16:02 -0500] "GET /portaldeninos/aulas-ambientales/aula-ambiental-sorotama/ HTTP/1.1" 200 89596
201.245.192.253 - - [23/Jan/2024:05:16:08 -0500] "POST /kwsrmcab/Wsrmcab  HTTP/1.1" 200 35641
216.245.221.92 - - [23/Jan/2024:05:16:20 -0500] "HEAD / HTTP/1.1" 200 -
156.59.198.135 - - [23/Jan/2024:05:16:21 -0500] "GET /BLA/resoluciones/AUTOS%202011/6206.pdf HTTP/1.0" 200 425149
172.22.2.4 - - [23/Jan/2024:05:14:54 -0500] "GET /BLA/boletinlegal/ HTTP/1.1" 200 58666
156.59.198.135 - - [23/Jan/2024:05:16:47 -0500] "GET /BLA/resoluciones/AUTOS%202011/5797.pdf HTTP/1.0" 200 989387
40.77.167.184 - - [23/Jan/2024:05:16:59 -0500] "GET /robots.txt HTTP/1.1" 404 1035
156.59.198.135 - - [23/Jan/2024:05:17:10 -0500] "GET /BLA/resoluciones/AUTOS%202011/6367.pdf HTTP/1.0" 200 242449
201.245.192.253 - - [23/Jan/2024:05:17:35 -0500] "POST /forms/lservlet;jsessionid=ac16012b30d688c112503e764ab094a2fa9a0f9aabf9.e3iSbxaKaheRe3qKcheMbNuKc41ynknvrkLOlQzNp65In0 HTTP/1.1" 200 2
156.59.198.136 - - [23/Jan/2024:05:17:36 -0500] "GET /BLA/resoluciones/AUTOS%202011/1297.pdf HTTP/1.0" 200 77380
201.245.192.253 - - [23/Jan/2024:05:17:43 -0500] "POST /forms/lservlet;jsessionid=ac16012b30d697d92ed5975547868a58de8c0e1951cb.e3iSbxaKaheRe3qKcheMbNuKc41ynknvrkLOlQzNp65In0 HTTP/1.1" 200 2
156.59.198.135 - - [23/Jan/2024:05:17:59 -0500] "GET /BLA/resoluciones/AUTOS%202011/7600.pdf HTTP/1.0" 200 152718
156.59.198.136 - - [23/Jan/2024:05:18:26 -0500] "GET /BLA/resoluciones/AUTOS%202014/0110.pdf HTTP/1.0" 200 798060
156.59.198.136 - - [23/Jan/2024:05:18:49 -0500] "GET /BLA/resoluciones/AUTOS%202011/4117.pdf HTTP/1.0" 200 348839
173.252.107.10 - - [23/Jan/2024:05:18:51 -0500] "GET /bogota-lista-para-ser-la-sede-de-la-ii-convencion-internacional-de-emergencia-climatica.html HTTP/1.1" 200 934
173.252.95.116 - - [23/Jan/2024:05:18:51 -0500] "GET /images/presentaci\xc3\xb3n%20convenci\xc3\xb3n.jpg HTTP/1.1" 404 1034
156.59.198.136 - - [23/Jan/2024:05:19:13 -0500] "GET /BLA/resoluciones/AUTOS%202011/1430.pdf HTTP/1.0" 200 150871
201.245.192.253 - - [23/Jan/2024:05:19:20 -0500] "POST /kwsrmcab/Wsrmcab HTTP/1.1" 200 35529
201.245.192.253 - - [23/Jan/2024:05:19:35 -0500] "POST /forms/lservlet;jsessionid=ac16012b30d688c112503e764ab094a2fa9a0f9aabf9.e3iSbxaKaheRe3qKcheMbNuKc41ynknvrkLOlQzNp65In0 HTTP/1.1" 200 2
156.59.198.135 - - [23/Jan/2024:05:19:39 -0500] "GET /BLA/resoluciones/AUTOS%202011/1314.pdf HTTP/1.0" 200 57941
201.245.192.253 - - [23/Jan/2024:05:19:43 -0500] "POST /forms/lservlet;jsessionid=ac16012b30d697d92ed5975547868a58de8c0e1951cb.e3iSbxaKaheRe3qKcheMbNuKc41ynknvrkLOlQzNp65In0 HTTP/1.1" 200 2
156.59.198.136 - - [23/Jan/2024:05:20:04 -0500] "GET /BLA/resoluciones/AUTOS%202011/0880.pdf HTTP/1.0" 200 153717
201.245.192.253 - - [23/Jan/2024:05:20:23 -0500] "POST /kwsrmcab/Wsrmcab HTTP/1.1" 200 37045
156.59.198.135 - - [23/Jan/2024:05:20:29 -0500] "GET /BLA/resoluciones/AUTOS%202011/2874.pdf HTTP/1.0" 200 172189
156.59.198.136 - - [23/Jan/2024:05:20:52 -0500] "GET /BLA/resoluciones/AUTOS%202014/0585.pdf HTTP/1.0" 200 656252
201.245.192.253 - - [23/Jan/2024:05:21:07 -0500] "POST /kwsrmcab/Wsrmcab  HTTP/1.1" 200 35641
156.59.198.136 - - [23/Jan/2024:05:21:18 -0500] "GET /BLA/resoluciones/AUTOS%202011/5812.pdf HTTP/1.0" 200 148661
216.245.221.92 - - [23/Jan/2024:05:21:20 -0500] "HEAD / HTTP/1.1" 200 -
40.77.167.32 - - [23/Jan/2024:05:21:28 -0500] "GET /portaldeninos/humedal-jaboque-2/ HTTP/1.1" 200 87846
172.22.2.4 - - [23/Jan/2024:05:19:54 -0500] "HEAD /BLA/boletinlegal/ HTTP/1.1" 200 -
201.245.192.253 - - [23/Jan/2024:05:21:35 -0500] "POST /forms/lservlet;jsessionid=ac16012b30d688c112503e764ab094a2fa9a0f9aabf9.e3iSbxaKaheRe3qKcheMbNuKc41ynknvrkLOlQzNp65In0 HTTP/1.1" 200 2
156.59.198.136 - - [23/Jan/2024:05:21:42 -0500] "GET /BLA/resoluciones/AUTOS%202011/6120.pdf HTTP/1.0" 200 275051
201.245.192.253 - - [23/Jan/2024:05:21:43 -0500] "POST /forms/lservlet;jsessionid=ac16012b30d697d92ed5975547868a58de8c0e1951cb.e3iSbxaKaheRe3qKcheMbNuKc41ynknvrkLOlQzNp65In0 HTTP/1.1" 200 2
17.241.75.206 - - [23/Jan/2024:05:21:44 -0500] "GET /secretaria-de-ambiente-presenta-cartilla-con-el-protocolo-para-el-manejo-y-control-de-la-langostilla-de-rio.html HTTP/1.1" 200 857
40.77.190.65 - - [23/Jan/2024:05:21:54 -0500] "GET /portaldeninos/wp-content/themes/betheme/css/base.css?ver=20.9.6 HTTP/1.1" 200 57283
156.59.198.135 - - [23/Jan/2024:05:22:07 -0500] "GET /BLA/resoluciones/AUTOS%202011/3895.pdf HTTP/1.0" 200 144616
40.77.167.32 - - [23/Jan/2024:05:22:18 -0500] "GET /portaldeninos/wp-content/themes/betheme/assets/jplayer/jplayer.min.js?ver=20.9.6 HTTP/1.1" 200 52702
172.22.2.4 - - [23/Jan/2024:05:20:45 -0500] "GET /BLA/boletinlegal/ HTTP/1.1" 200 60996
172.22.2.4 - - [23/Jan/2024:05:22:30 -0500] "GET /BLA/boletinlegal/Directivas/2011/Directiva%20No.%206%20del%208%20de%20Septiembre%20de%202011.pdf HTTP/1.1" 304 -
156.59.198.136 - - [23/Jan/2024:05:22:33 -0500] "GET /BLA/resoluciones/AUTOS%202011/3795.pdf HTTP/1.0" 200 254031
156.59.198.136 - - [23/Jan/2024:05:22:56 -0500] "GET /BLA/resoluciones/AUTOS%202014/0424.pdf HTTP/1.0" 200 237391
156.59.198.135 - - [23/Jan/2024:05:23:22 -0500] "GET /BLA/resoluciones/AUTOS%202011/1340.pdf HTTP/1.0" 200 134476
201.245.192.253 - - [23/Jan/2024:05:23:35 -0500] "POST /forms/lservlet;jsessionid=ac16012b30d688c112503e764ab094a2fa9a0f9aabf9.e3iSbxaKaheRe3qKcheMbNuKc41ynknvrkLOlQzNp65In0 HTTP/1.1" 200 2
186.116.215.128 - - [23/Jan/2024:05:23:39 -0500] "GET /gobierno-de-bogota-hace-recomendaciones-a-la-ciudadania-para-que-tome-acciones-ante-la-mala-calidad-del-aire.html HTTP/1.1" 304 -
201.245.192.253 - - [23/Jan/2024:05:23:43 -0500] "POST /forms/lservlet;jsessionid=ac16012b30d697d92ed5975547868a58de8c0e1951cb.e3iSbxaKaheRe3qKcheMbNuKc41ynknvrkLOlQzNp65In0 HTTP/1.1" 200 2
156.59.198.135 - - [23/Jan/2024:05:23:45 -0500] "GET /BLA/resoluciones/AUTOS%202011/6156.pdf HTTP/1.0" 200 211313
156.59.198.136 - - [23/Jan/2024:05:24:11 -0500] "GET /BLA/resoluciones/AUTOS%202011/1417.pdf HTTP/1.0" 200 96195
156.59.198.136 - - [23/Jan/2024:05:24:36 -0500] "GET /BLA/resoluciones/AUTOS%202011/4826.pdf HTTP/1.0" 200 223239
201.245.192.253 - - [23/Jan/2024:05:24:52 -0500] "POST /kwsrmcab/Wsrmcab HTTP/1.1" 200 38977
201.245.192.253 - - [23/Jan/2024:05:24:55 -0500] "POST /kwsrmcab/Wsrmcab HTTP/1.1" 200 37045
156.59.198.136 - - [23/Jan/2024:05:25:01 -0500] "GET /BLA/resoluciones/AUTOS%202011/5878.pdf HTTP/1.0" 200 504251
156.59.198.135 - - [23/Jan/2024:05:25:26 -0500] "GET /BLA/resoluciones/AUTOS%202011/2448.pdf HTTP/1.0" 200 160769
201.245.192.253 - - [23/Jan/2024:05:25:35 -0500] "POST /forms/lservlet;jsessionid=ac16012b30d688c112503e764ab094a2fa9a0f9aabf9.e3iSbxaKaheRe3qKcheMbNuKc41ynknvrkLOlQzNp65In0 HTTP/1.1" 200 2
201.245.192.253 - - [23/Jan/2024:05:25:43 -0500] "POST /forms/lservlet;jsessionid=ac16012b30d697d92ed5975547868a58de8c0e1951cb.e3iSbxaKaheRe3qKcheMbNuKc41ynknvrkLOlQzNp65In0 HTTP/1.1" 200 2
156.59.198.135 - - [23/Jan/2024:05:25:51 -0500] "GET /BLA/resoluciones/AUTOS%202011/2312.pdf HTTP/1.0" 200 101922
201.245.192.253 - - [23/Jan/2024:05:26:05 -0500] "POST /kwsrmcab/Wsrmcab  HTTP/1.1" 200 35641
156.59.198.136 - - [23/Jan/2024:05:26:15 -0500] "GET /BLA/resoluciones/AUTOS%202011/6403.pdf HTTP/1.0" 200 125579
216.245.221.92 - - [23/Jan/2024:05:26:20 -0500] "HEAD / HTTP/1.1" 200 -
156.59.198.135 - - [23/Jan/2024:05:26:40 -0500] "GET /BLA/resoluciones/AUTOS%202011/3995.pdf HTTP/1.0" 200 317265
156.59.198.136 - - [23/Jan/2024:05:27:05 -0500] "GET /BLA/resoluciones/AUTOS%202011/5818.pdf HTTP/1.0" 200 546819
172.22.2.4 - - [23/Jan/2024:05:25:45 -0500] "HEAD /BLA/boletinlegal/ HTTP/1.1" 200 -
156.59.198.136 - - [23/Jan/2024:05:27:28 -0500] "GET /BLA/resoluciones/AUTOS%202014/0545.pdf HTTP/1.0" 200 763261
201.245.192.253 - - [23/Jan/2024:05:27:35 -0500] "POST /forms/lservlet;jsessionid=ac16012b30d688c112503e764ab094a2fa9a0f9aabf9.e3iSbxaKaheRe3qKcheMbNuKc41ynknvrkLOlQzNp65In0 HTTP/1.1" 200 2
201.245.192.253 - - [23/Jan/2024:05:27:43 -0500] "POST /forms/lservlet;jsessionid=ac16012b30d697d92ed5975547868a58de8c0e1951cb.e3iSbxaKaheRe3qKcheMbNuKc41ynknvrkLOlQzNp65In0 HTTP/1.1" 200 2
156.59.198.136 - - [23/Jan/2024:05:27:53 -0500] "GET /BLA/resoluciones/AUTOS%202011/5177.pdf HTTP/1.0" 200 280683
172.22.2.4 - - [23/Jan/2024:05:26:35 -0500] "GET /BLA/boletinlegal/ HTTP/1.1" 200 58666
156.59.198.135 - - [23/Jan/2024:05:28:18 -0500] "GET /BLA/resoluciones/AUTOS%202011/1877.pdf HTTP/1.0" 200 153667
156.59.198.135 - - [23/Jan/2024:05:28:43 -0500] "GET /BLA/resoluciones/AUTOS%202014/0752.pdf HTTP/1.0" 200 152524
156.59.198.136 - - [23/Jan/2024:05:29:07 -0500] "GET /BLA/resoluciones/AUTOS%202014/0744.pdf HTTP/1.0" 200 425564
201.245.192.253 - - [23/Jan/2024:05:29:20 -0500] "POST /kwsrmcab/Wsrmcab HTTP/1.1" 200 35529
152.204.140.104 - - [23/Jan/2024:05:29:27 -0500] "GET /sipse/faces/javax.faces.resource/theme.css?ln=primefaces-sipse HTTP/1.1" 304 -
152.204.140.104 - - [23/Jan/2024:05:29:27 -0500] "GET /sipse/faces/faces/faces/faces/autenticacion.xhtml HTTP/1.1" 200 12402
152.204.140.104 - - [23/Jan/2024:05:29:27 -0500] "GET /sipse/css/custom_css_sg.css HTTP/1.1" 304 -
152.204.140.104 - - [23/Jan/2024:05:29:27 -0500] "GET /sipse/css/custom_css_sg_prime_login.css HTTP/1.1" 304 -
152.204.140.104 - - [23/Jan/2024:05:29:27 -0500] "GET /sipse/faces/javax.faces.resource/theme.css?ln=primefaces-sipse HTTP/1.1" 304 -
152.204.140.104 - - [23/Jan/2024:05:29:27 -0500] "GET /sipse/faces/javax.faces.resource/primefaces.css?ln=primefaces&v=4.0 HTTP/1.1" 304 -
152.204.140.104 - - [23/Jan/2024:05:29:27 -0500] "GET /sipse/faces/javax.faces.resource/layout/layout.css?ln=primefaces&v=4.0 HTTP/1.1" 304 -
152.204.140.104 - - [23/Jan/2024:05:29:27 -0500] "GET /sipse/js/disable_browser_buttons.js HTTP/1.1" 304 -
152.204.140.104 - - [23/Jan/2024:05:29:27 -0500] "GET /sipse/js/funciones.js HTTP/1.1" 304 -
152.204.140.104 - - [23/Jan/2024:05:29:27 -0500] "GET /sipse/faces/javax.faces.resource/jquery/jquery.js?ln=primefaces&v=4.0 HTTP/1.1" 304 -
152.204.140.104 - - [23/Jan/2024:05:29:27 -0500] "GET /sipse/faces/javax.faces.resource/jquery/jquery-plugins.js?ln=primefaces&v=4.0 HTTP/1.1" 304 -
152.204.140.104 - - [23/Jan/2024:05:29:27 -0500] "GET /sipse/faces/javax.faces.resource/primefaces.js?ln=primefaces&v=4.0 HTTP/1.1" 304 -
152.204.140.104 - - [23/Jan/2024:05:29:27 -0500] "GET /sipse/faces/javax.faces.resource/layout/layout.js?ln=primefaces&v=4.0 HTTP/1.1" 304 -
152.204.140.104 - - [23/Jan/2024:05:29:27 -0500] "GET /sipse/css/imagen/logoSDG.png HTTP/1.1" 304 -
152.204.140.104 - - [23/Jan/2024:05:29:27 -0500] "GET /sipse/faces/javax.faces.resource/images/ui-icons_898989_256x240.png?ln=primefaces-aristo HTTP/1.1" 304 -
152.204.140.104 - - [23/Jan/2024:05:29:27 -0500] "GET /sipse/css/imagen/loginimg.png HTTP/1.1" 304 -
156.59.198.135 - - [23/Jan/2024:05:29:32 -0500] "GET /BLA/resoluciones/AUTOS%202011/1576.pdf HTTP/1.0" 200 100935
201.245.192.253 - - [23/Jan/2024:05:29:35 -0500] "POST /forms/lservlet;jsessionid=ac16012b30d688c112503e764ab094a2fa9a0f9aabf9.e3iSbxaKaheRe3qKcheMbNuKc41ynknvrkLOlQzNp65In0 HTTP/1.1" 200 2
201.245.192.253 - - [23/Jan/2024:05:29:43 -0500] "POST /forms/lservlet;jsessionid=ac16012b30d697d92ed5975547868a58de8c0e1951cb.e3iSbxaKaheRe3qKcheMbNuKc41ynknvrkLOlQzNp65In0 HTTP/1.1" 200 2
152.204.140.104 - - [23/Jan/2024:05:29:44 -0500] "POST /sipse/faces/autenticacion.xhtml HTTP/1.1" 200 2220
152.204.140.104 - - [23/Jan/2024:05:29:44 -0500] "GET /sipse/faces/javax.faces.resource/messages/messages.png?ln=primefaces&v=4.0 HTTP/1.1" 304 -
152.204.140.104 - - [23/Jan/2024:05:29:54 -0500] "POST /sipse/faces/autenticacion.xhtml HTTP/1.1" 200 16350
152.204.140.104 - - [23/Jan/2024:05:29:54 -0500] "GET /sipse/faces/javax.faces.resource/theme.css?ln=primefaces-sipse HTTP/1.1" 304 -
152.204.140.104 - - [23/Jan/2024:05:29:54 -0500] "GET /sipse/css/custom_css_sg_prime.css HTTP/1.1" 304 -
152.204.140.104 - - [23/Jan/2024:05:29:54 -0500] "GET /sipse/faces/javax.faces.resource/primefaces.css?ln=primefaces&v=4.0 HTTP/1.1" 304 -
152.204.140.104 - - [23/Jan/2024:05:29:54 -0500] "GET /sipse/faces/javax.faces.resource/layout/layout.css?ln=primefaces&v=4.0 HTTP/1.1" 304 -
152.204.140.104 - - [23/Jan/2024:05:29:54 -0500] "GET /sipse/js/jquery.min.js HTTP/1.1" 304 -
152.204.140.104 - - [23/Jan/2024:05:29:54 -0500] "GET /sipse/faces/javax.faces.resource/jquery/jquery.js?ln=primefaces&v=4.0 HTTP/1.1" 304 -
152.204.140.104 - - [23/Jan/2024:05:29:54 -0500] "GET /sipse/faces/javax.faces.resource/jquery/jquery-plugins.js?ln=primefaces&v=4.0 HTTP/1.1" 304 -
152.204.140.104 - - [23/Jan/2024:05:29:54 -0500] "GET /sipse/faces/javax.faces.resource/primefaces.js?ln=primefaces&v=4.0 HTTP/1.1" 304 -
152.204.140.104 - - [23/Jan/2024:05:29:54 -0500] "GET /sipse/faces/javax.faces.resource/layout/layout.js?ln=primefaces&v=4.0 HTTP/1.1" 304 -
152.204.140.104 - - [23/Jan/2024:05:29:54 -0500] "GET /sipse/css/v_mergente.css HTTP/1.1" 304 -
152.204.140.104 - - [23/Jan/2024:05:29:54 -0500] "GET /sipse/css/imagen/contrasena.png HTTP/1.1" 404 383
152.204.140.104 - - [23/Jan/2024:05:29:54 -0500] "GET /sipse/imagenes/logoAplicacion.jpg HTTP/1.1" 304 -
152.204.140.104 - - [23/Jan/2024:05:29:54 -0500] "GET /sipse/imagenes/cargando.gif HTTP/1.1" 304 -
156.59.198.136 - - [23/Jan/2024:05:29:57 -0500] "GET /BLA/resoluciones/AUTOS%202011/1330.pdf HTTP/1.0" 200 124100
152.204.140.104 - - [23/Jan/2024:05:29:58 -0500] "GET /sipse/faces/javax.faces.resource/images/ui-bg_flat_0_2d5972_40x100.png?ln=primefaces-aristo HTTP/1.1" 304 -
152.204.140.104 - - [23/Jan/2024:05:29:58 -0500] "POST /sipse/faces/bienvenido.xhtml HTTP/1.1" 200 9852
152.204.140.104 - - [23/Jan/2024:05:30:01 -0500] "POST /sipse/faces/bienvenido.xhtml HTTP/1.1" 200 9852
152.204.140.104 - - [23/Jan/2024:05:30:06 -0500] "POST /sipse/faces/bienvenido.xhtml HTTP/1.1" 200 9852
152.204.140.104 - - [23/Jan/2024:05:30:09 -0500] "POST /sipse/faces/bienvenido.xhtml HTTP/1.1" 200 2658
152.204.140.104 - - [23/Jan/2024:05:30:11 -0500] "POST /sipse/faces/bienvenido.xhtml HTTP/1.1" 200 64303
152.204.140.104 - - [23/Jan/2024:05:30:14 -0500] "GET /sipse/faces/javax.faces.resource/primefaces.css?ln=primefaces&v=4.0 HTTP/1.1" 304 -
152.204.140.104 - - [23/Jan/2024:05:30:14 -0500] "GET /sipse/faces/javax.faces.resource/layout/layout.css?ln=primefaces&v=4.0 HTTP/1.1" 304 -
152.204.140.104 - - [23/Jan/2024:05:30:14 -0500] "GET /sipse/faces/javax.faces.resource/theme.css?ln=primefaces-sipse HTTP/1.1" 304 -
152.204.140.104 - - [23/Jan/2024:05:30:15 -0500] "GET /sipse/faces/javax.faces.resource/jquery/jquery.js?ln=primefaces&v=4.0 HTTP/1.1" 304 -
152.204.140.104 - - [23/Jan/2024:05:30:15 -0500] "GET /sipse/faces/javax.faces.resource/jquery/jquery-plugins.js?ln=primefaces&v=4.0 HTTP/1.1" 304 -
152.204.140.104 - - [23/Jan/2024:05:30:15 -0500] "GET /sipse/faces/javax.faces.resource/primefaces.js?ln=primefaces&v=4.0 HTTP/1.1" 304 -
152.204.140.104 - - [23/Jan/2024:05:30:15 -0500] "GET /sipse/faces/javax.faces.resource/layout/layout.js?ln=primefaces&v=4.0 HTTP/1.1" 304 -
152.204.140.104 - - [23/Jan/2024:05:30:15 -0500] "POST /sipse/faces/presentacion/financiero/solicitudProceso/listarSolicitudProceso.xhtml HTTP/1.1" 200 1556
156.59.198.135 - - [23/Jan/2024:05:30:21 -0500] "GET /BLA/resoluciones/AUTOS%202014/1444.pdf HTTP/1.0" 200 810343
152.204.140.104 - - [23/Jan/2024:05:30:23 -0500] "POST /sipse/faces/presentacion/financiero/solicitudProceso/listarSolicitudProceso.xhtml HTTP/1.1" 200 44112
152.204.140.104 - - [23/Jan/2024:05:30:24 -0500] "POST /sipse/faces/presentacion/financiero/solicitudProceso/listarSolicitudProceso.xhtml HTTP/1.1" 200 44150
201.245.192.253 - - [23/Jan/2024:05:30:22 -0500] "POST /kwsrmcab/Wsrmcab HTTP/1.1" 200 37045
152.204.140.104 - - [23/Jan/2024:05:30:24 -0500] "POST /sipse/faces/presentacion/financiero/solicitudProceso/listarSolicitudProceso.xhtml HTTP/1.1" 200 44288
152.204.140.104 - - [23/Jan/2024:05:30:25 -0500] "POST /sipse/faces/presentacion/financiero/solicitudProceso/listarSolicitudProceso.xhtml HTTP/1.1" 200 20827
152.204.140.104 - - [23/Jan/2024:05:30:26 -0500] "POST /sipse/faces/presentacion/financiero/solicitudProceso/listarSolicitudProceso.xhtml HTTP/1.1" 200 17901
152.204.140.104 - - [23/Jan/2024:05:30:31 -0500] "POST /sipse/faces/presentacion/financiero/solicitudProceso/listarSolicitudProceso.xhtml HTTP/1.1" 200 137641
152.204.140.104 - - [23/Jan/2024:05:30:32 -0500] "GET /sipse/faces/javax.faces.resource/theme.css?ln=primefaces-sipse HTTP/1.1" 304 -
152.204.140.104 - - [23/Jan/2024:05:30:32 -0500] "GET /sipse/faces/javax.faces.resource/primefaces.css?ln=primefaces&v=4.0 HTTP/1.1" 304 -
152.204.140.104 - - [23/Jan/2024:05:30:32 -0500] "GET /sipse/faces/javax.faces.resource/layout/layout.css?ln=primefaces&v=4.0 HTTP/1.1" 304 -
152.204.140.104 - - [23/Jan/2024:05:30:32 -0500] "GET /sipse/faces/javax.faces.resource/jquery/jquery.js?ln=primefaces&v=4.0 HTTP/1.1" 304 -
152.204.140.104 - - [23/Jan/2024:05:30:32 -0500] "GET /sipse/faces/javax.faces.resource/jquery/jquery-plugins.js?ln=primefaces&v=4.0 HTTP/1.1" 304 -
152.204.140.104 - - [23/Jan/2024:05:30:32 -0500] "GET /sipse/faces/javax.faces.resource/primefaces.js?ln=primefaces&v=4.0 HTTP/1.1" 304 -
152.204.140.104 - - [23/Jan/2024:05:30:32 -0500] "GET /sipse/faces/javax.faces.resource/layout/layout.js?ln=primefaces&v=4.0 HTTP/1.1" 304 -
156.59.198.136 - - [23/Jan/2024:05:30:46 -0500] "GET /BLA/resoluciones/AUTOS%202011/4172.pdf HTTP/1.0" 200 165073
152.204.140.104 - - [23/Jan/2024:05:31:01 -0500] "POST /sipse/faces/presentacion/financiero/solicitudProceso/consultarSolicitudProceso.xhtml HTTP/1.1" 200 5522
201.245.192.253 - - [23/Jan/2024:05:31:04 -0500] "POST /kwsrmcab/Wsrmcab  HTTP/1.1" 200 35641
156.59.198.136 - - [23/Jan/2024:05:31:11 -0500] "GET /BLA/resoluciones/AUTOS%202011/1537.pdf HTTP/1.0" 200 142629
216.245.221.92 - - [23/Jan/2024:05:31:20 -0500] "HEAD / HTTP/1.1" 200 -
156.59.198.135 - - [23/Jan/2024:05:31:34 -0500] "GET /BLA/resoluciones/AUTOS%202011/4733.pdf HTTP/1.0" 200 242560
201.245.192.253 - - [23/Jan/2024:05:31:35 -0500] "POST /forms/lservlet;jsessionid=ac16012b30d688c112503e764ab094a2fa9a0f9aabf9.e3iSbxaKaheRe3qKcheMbNuKc41ynknvrkLOlQzNp65In0 HTTP/1.1" 200 2
201.245.192.253 - - [23/Jan/2024:05:31:43 -0500] "POST /forms/lservlet;jsessionid=ac16012b30d697d92ed5975547868a58de8c0e1951cb.e3iSbxaKaheRe3qKcheMbNuKc41ynknvrkLOlQzNp65In0 HTTP/1.1" 200 2
156.59.198.136 - - [23/Jan/2024:05:31:59 -0500] "GET /BLA/resoluciones/AUTOS%202011/6954.pdf HTTP/1.0" 200 189423
156.59.198.135 - - [23/Jan/2024:05:32:24 -0500] "GET /BLA/resoluciones/AUTOS%202014/1334.pdf HTTP/1.0" 200 516109
156.59.198.136 - - [23/Jan/2024:05:32:47 -0500] "GET /BLA/resoluciones/Notificaciones/AUTOS%202013/3543.pdf HTTP/1.0" 200 227840
173.252.83.10 - - [23/Jan/2024:05:33:02 -0500] "GET /gobierno-de-bogota-hace-recomendaciones-a-la-ciudadania-para-que-tome-acciones-ante-la-mala-calidad-del-aire.html HTTP/1.1" 200 864
69.171.251.14 - - [23/Jan/2024:05:33:04 -0500] "GET /gobierno-de-bogota-hace-recomendaciones-a-la-ciudadania-para-que-tome-acciones-ante-la-mala-calidad-del-aire.html HTTP/1.1" 200 864
69.171.251.1 - - [23/Jan/2024:05:33:04 -0500] "GET /gobierno-de-bogota-hace-recomendaciones-a-la-ciudadania-para-que-tome-acciones-ante-la-mala-calidad-del-aire.html HTTP/1.1" 200 864
156.59.198.136 - - [23/Jan/2024:05:33:12 -0500] "GET /BLA/resoluciones/AUTOS%202011/3607.pdf HTTP/1.0" 200 548415
172.22.2.4 - - [23/Jan/2024:05:31:35 -0500] "HEAD /BLA/boletinlegal/ HTTP/1.1" 200 -
201.245.192.253 - - [23/Jan/2024:05:33:35 -0500] "POST /forms/lservlet;jsessionid=ac16012b30d688c112503e764ab094a2fa9a0f9aabf9.e3iSbxaKaheRe3qKcheMbNuKc41ynknvrkLOlQzNp65In0 HTTP/1.1" 200 2
156.59.198.135 - - [23/Jan/2024:05:33:36 -0500] "GET /BLA/resoluciones/AUTOS%202011/2736.pdf HTTP/1.0" 200 228601
201.245.192.253 - - [23/Jan/2024:05:33:43 -0500] "POST /forms/lservlet;jsessionid=ac16012b30d697d92ed5975547868a58de8c0e1951cb.e3iSbxaKaheRe3qKcheMbNuKc41ynknvrkLOlQzNp65In0 HTTP/1.1" 200 2
156.59.198.136 - - [23/Jan/2024:05:34:01 -0500] "GET /BLA/resoluciones/AUTOS%202011/4887.pdf HTTP/1.0" 200 635909
172.22.2.4 - - [23/Jan/2024:05:32:25 -0500] "GET /BLA/boletinlegal/ HTTP/1.1" 200 60529
156.59.198.135 - - [23/Jan/2024:05:34:27 -0500] "GET /BLA/resoluciones/AUTOS%202011/0103.pdf HTTP/1.0" 200 171281
156.59.198.135 - - [23/Jan/2024:05:34:51 -0500] "GET /BLA/resoluciones/AUTOS%202014/0730.pdf HTTP/1.0" 200 469044
66.249.66.21 - - [23/Jan/2024:05:34:51 -0500] "GET /BLA/resoluciones/RESOLUCIONES%202008/0701.pdf HTTP/1.1" 200 65589
201.245.192.253 - - [23/Jan/2024:05:34:53 -0500] "POST /kwsrmcab/Wsrmcab HTTP/1.1" 200 38977
201.245.192.253 - - [23/Jan/2024:05:34:56 -0500] "POST /kwsrmcab/Wsrmcab HTTP/1.1" 200 37045
172.22.2.4 - - [23/Jan/2024:05:35:02 -0500] "GET /BLA/boletinlegal/jurisprudencia/analisis/ANALISIST-257-96.docx HTTP/1.1" 304 -
156.59.198.136 - - [23/Jan/2024:05:35:15 -0500] "GET /BLA/resoluciones/AUTOS%202014/1653.pdf HTTP/1.0" 200 670986
201.245.192.253 - - [23/Jan/2024:05:35:35 -0500] "POST /forms/lservlet;jsessionid=ac16012b30d688c112503e764ab094a2fa9a0f9aabf9.e3iSbxaKaheRe3qKcheMbNuKc41ynknvrkLOlQzNp65In0 HTTP/1.1" 200 2
156.59.198.135 - - [23/Jan/2024:05:35:39 -0500] "GET /BLA/resoluciones/AUTOS%202011/3000.pdf HTTP/1.0" 200 186965
201.245.192.253 - - [23/Jan/2024:05:35:43 -0500] "POST /forms/lservlet;jsessionid=ac16012b30d697d92ed5975547868a58de8c0e1951cb.e3iSbxaKaheRe3qKcheMbNuKc41ynknvrkLOlQzNp65In0 HTTP/1.1" 200 2
156.59.198.135 - - [23/Jan/2024:05:36:04 -0500] "GET /BLA/resoluciones/AUTOS%202011/5565.pdf HTTP/1.0" 200 396800
201.245.192.253 - - [23/Jan/2024:05:36:02 -0500] "POST /kwsrmcab/Wsrmcab  HTTP/1.1" 200 35641
216.245.221.92 - - [23/Jan/2024:05:36:20 -0500] "HEAD / HTTP/1.1" 200 -
156.59.198.136 - - [23/Jan/2024:05:36:27 -0500] "GET /BLA/resoluciones/AUTOS%202011/6787.pdf HTTP/1.0" 200 127698
40.77.167.53 - - [23/Jan/2024:05:36:45 -0500] "GET /caminos-de-los-cerros-habilitados-en-esta-semana-santa-2022.html HTTP/1.1" 200 832
156.59.198.135 - - [23/Jan/2024:05:36:52 -0500] "GET /BLA/resoluciones/AUTOS%202011/6378.pdf HTTP/1.0" 200 253526
216.244.66.195 - - [23/Jan/2024:05:36:53 -0500] "GET /BLA/resoluciones/RESOLUCIONES%202008/0147.pdf HTTP/1.1" 200 400658
216.244.66.195 - - [23/Jan/2024:05:36:58 -0500] "GET /BLA/resoluciones/RESOLUCIONES%202015/2294.pdf HTTP/1.1" 200 864504
173.252.79.5 - - [23/Jan/2024:05:37:15 -0500] "GET /images/Comprimida%20incendios.jpg HTTP/1.1" 200 23316
156.59.198.135 - - [23/Jan/2024:05:37:18 -0500] "GET /BLA/resoluciones/AUTOS%202014/0226.pdf HTTP/1.0" 200 670744
216.244.66.195 - - [23/Jan/2024:05:37:27 -0500] "GET /BLA/resoluciones/RESOLUCIONES%202015/2927.pdf HTTP/1.1" 200 706461
40.77.167.25 - - [23/Jan/2024:05:37:35 -0500] "GET /BLA/resoluciones/AUTOS%202020/2593.pdf HTTP/1.1" 200 335346
201.245.192.253 - - [23/Jan/2024:05:37:35 -0500] "POST /forms/lservlet;jsessionid=ac16012b30d688c112503e764ab094a2fa9a0f9aabf9.e3iSbxaKaheRe3qKcheMbNuKc41ynknvrkLOlQzNp65In0 HTTP/1.1" 200 2
156.59.198.135 - - [23/Jan/2024:05:37:42 -0500] "GET /BLA/resoluciones/AUTOS%202011/7270.pdf HTTP/1.0" 200 127031
201.245.192.253 - - [23/Jan/2024:05:37:43 -0500] "POST /forms/lservlet;jsessionid=ac16012b30d697d92ed5975547868a58de8c0e1951cb.e3iSbxaKaheRe3qKcheMbNuKc41ynknvrkLOlQzNp65In0 HTTP/1.1" 200 2
156.59.198.136 - - [23/Jan/2024:05:38:07 -0500] "GET /BLA/resoluciones/AUTOS%202011/2731.pdf HTTP/1.0" 200 260525
156.59.198.135 - - [23/Jan/2024:05:38:32 -0500] "GET /BLA/resoluciones/AUTOS%202011/7319.pdf HTTP/1.0" 200 272968
156.59.198.135 - - [23/Jan/2024:05:38:56 -0500] "GET /BLA/resoluciones/AUTOS%202011/4251.pdf HTTP/1.0" 200 303537
172.22.2.4 - - [23/Jan/2024:05:37:25 -0500] "HEAD /BLA/boletinlegal/ HTTP/1.1" 200 -
156.59.198.135 - - [23/Jan/2024:05:39:21 -0500] "GET /BLA/resoluciones/AUTOS%202011/3366.pdf HTTP/1.0" 200 159412
201.245.192.253 - - [23/Jan/2024:05:39:20 -0500] "POST /kwsrmcab/Wsrmcab HTTP/1.1" 200 35529
201.245.192.253 - - [23/Jan/2024:05:39:35 -0500] "POST /forms/lservlet;jsessionid=ac16012b30d688c112503e764ab094a2fa9a0f9aabf9.e3iSbxaKaheRe3qKcheMbNuKc41ynknvrkLOlQzNp65In0 HTTP/1.1" 200 2
66.249.66.19 - - [23/Jan/2024:05:39:37 -0500] "GET /BLA/resoluciones/Autos%202008/2873.pdf HTTP/1.1" 200 228656
201.245.192.253 - - [23/Jan/2024:05:39:43 -0500] "POST /forms/lservlet;jsessionid=ac16012b30d697d92ed5975547868a58de8c0e1951cb.e3iSbxaKaheRe3qKcheMbNuKc41ynknvrkLOlQzNp65In0 HTTP/1.1" 200 2
156.59.198.135 - - [23/Jan/2024:05:39:47 -0500] "GET /BLA/resoluciones/AUTOS%202014/0047.pdf HTTP/1.0" 200 441462
172.22.2.4 - - [23/Jan/2024:05:38:15 -0500] "GET /BLA/boletinlegal/ HTTP/1.1" 200 58166
156.59.198.135 - - [23/Jan/2024:05:40:11 -0500] "GET /BLA/resoluciones/AUTOS%202011/3982.pdf HTTP/1.0" 200 2754420
201.245.192.253 - - [23/Jan/2024:05:40:20 -0500] "POST /kwsrmcab/Wsrmcab HTTP/1.1" 200 37045
156.59.198.135 - - [23/Jan/2024:05:40:35 -0500] "GET /BLA/resoluciones/AUTOS%202011/4329.pdf HTTP/1.0" 200 239523
156.59.198.135 - - [23/Jan/2024:05:40:53 -0500] "GET /BLA/resoluciones/AUTOS%202014/0047.pdf HTTP/1.0" 206 277865
156.59.198.135 - - [23/Jan/2024:05:41:01 -0500] "GET /BLA/resoluciones/AUTOS%202011/7158.pdf HTTP/1.0" 200 534268
201.245.192.253 - - [23/Jan/2024:05:41:00 -0500] "POST /kwsrmcab/Wsrmcab  HTTP/1.1" 200 35641
216.245.221.92 - - [23/Jan/2024:05:41:20 -0500] "HEAD / HTTP/1.1" 200 -
156.59.198.135 - - [23/Jan/2024:05:41:26 -0500] "GET /BLA/resoluciones/AUTOS%202011/3042.pdf HTTP/1.0" 200 160627
201.245.192.253 - - [23/Jan/2024:05:41:35 -0500] "POST /forms/lservlet;jsessionid=ac16012b30d688c112503e764ab094a2fa9a0f9aabf9.e3iSbxaKaheRe3qKcheMbNuKc41ynknvrkLOlQzNp65In0 HTTP/1.1" 200 2
173.252.107.6 - - [23/Jan/2024:05:41:41 -0500] "GET /images/Caminatas%20(1)%20(2).jpeg HTTP/1.1" 200 81411
201.245.192.253 - - [23/Jan/2024:05:41:43 -0500] "POST /forms/lservlet;jsessionid=ac16012b30d697d92ed5975547868a58de8c0e1951cb.e3iSbxaKaheRe3qKcheMbNuKc41ynknvrkLOlQzNp65In0 HTTP/1.1" 200 2
173.252.107.6 - - [23/Jan/2024:05:41:47 -0500] "GET /images/reconocimiento%20practicas%20ambientales.jpg HTTP/1.1" 200 63397
173.252.107.118 - - [23/Jan/2024:05:41:47 -0500] "GET /images/participacion%2019-12-23.jpg HTTP/1.1" 200 73861
173.252.107.8 - - [23/Jan/2024:05:41:47 -0500] "GET /images/arbol%20centro.jpg HTTP/1.1" 200 69467
173.252.107.120 - - [23/Jan/2024:05:41:47 -0500] "GET /images/terrazas%20verdes.jpg HTTP/1.1" 200 63951
173.252.107.120 - - [23/Jan/2024:05:41:47 -0500] "GET /images/Musgo%2017%20-%2012%20-%202023.jpeg HTTP/1.1" 200 66238
173.252.107.6 - - [23/Jan/2024:05:41:47 -0500] "GET /images/Aves%20SDA.jpeg HTTP/1.1" 200 75104
173.252.107.10 - - [23/Jan/2024:05:41:47 -0500] "GET /images/agua%20bogota.jpg HTTP/1.1" 200 74348
173.252.107.6 - - [23/Jan/2024:05:41:47 -0500] "GET /images/PREAD%20SDA%201.jpeg HTTP/1.1" 200 65620
156.59.198.135 - - [23/Jan/2024:05:41:51 -0500] "GET /BLA/resoluciones/AUTOS%202011/4367.pdf HTTP/1.0" 200 298271
156.59.198.135 - - [23/Jan/2024:05:42:14 -0500] "GET /BLA/resoluciones/AUTOS%202011/2942.pdf HTTP/1.0" 200 488661
156.59.198.135 - - [23/Jan/2024:05:42:40 -0500] "GET /BLA/resoluciones/RESOLUCIONES%202007/RES%202007%202301%20AL%202400/RESOLUCION%202326%20DE%202007.pdf HTTP/1.0" 200 807605
156.59.198.135 - - [23/Jan/2024:05:43:03 -0500] "GET /BLA/resoluciones/AUTOS%202011/4243.pdf HTTP/1.0" 200 197265
156.59.198.135 - - [23/Jan/2024:05:43:27 -0500] "GET /BLA/resoluciones/AUTOS%202011/2394.pdf HTTP/1.0" 200 123535
173.252.107.9 - - [23/Jan/2024:05:43:28 -0500] "GET /images/Comprimida%20incendios.jpg HTTP/1.1" 200 23316
201.245.192.253 - - [23/Jan/2024:05:43:35 -0500] "POST /forms/lservlet;jsessionid=ac16012b30d688c112503e764ab094a2fa9a0f9aabf9.e3iSbxaKaheRe3qKcheMbNuKc41ynknvrkLOlQzNp65In0 HTTP/1.1" 200 2
201.245.192.253 - - [23/Jan/2024:05:43:43 -0500] "POST /forms/lservlet;jsessionid=ac16012b30d697d92ed5975547868a58de8c0e1951cb.e3iSbxaKaheRe3qKcheMbNuKc41ynknvrkLOlQzNp65In0 HTTP/1.1" 200 2
156.59.198.135 - - [23/Jan/2024:05:43:53 -0500] "GET /BLA/resoluciones/AUTOS%202011/4523.pdf HTTP/1.0" 200 256527
156.59.198.136 - - [23/Jan/2024:05:44:18 -0500] "GET /BLA/resoluciones/AUTOS%202011/7419.pdf HTTP/1.0" 200 180892
156.59.198.136 - - [23/Jan/2024:05:44:42 -0500] "GET /BLA/resoluciones/AUTOS%202011/6863.pdf HTTP/1.0" 200 2136037
172.22.2.4 - - [23/Jan/2024:05:44:43 -0500] "GET /BLA/boletinlegal/robots.txt HTTP/1.1" 404 1038
172.22.2.4 - - [23/Jan/2024:05:43:14 -0500] "HEAD /BLA/boletinlegal/ HTTP/1.1" 200 -
156.59.198.136 - - [23/Jan/2024:05:45:06 -0500] "GET /BLA/resoluciones/AUTOS%202014/1227.pdf HTTP/1.0" 200 782496
146.19.24.23 - - [23/Jan/2024:05:45:21 -0500] "GET / HTTP/1.1" 200 319
156.59.198.136 - - [23/Jan/2024:05:45:31 -0500] "GET /BLA/resoluciones/AUTOS%202011/3740.pdf HTTP/1.0" 200 267147
201.245.192.253 - - [23/Jan/2024:05:45:35 -0500] "POST /forms/lservlet;jsessionid=ac16012b30d688c112503e764ab094a2fa9a0f9aabf9.e3iSbxaKaheRe3qKcheMbNuKc41ynknvrkLOlQzNp65In0 HTTP/1.1" 200 2
201.245.192.253 - - [23/Jan/2024:05:45:43 -0500] "POST /forms/lservlet;jsessionid=ac16012b30d697d92ed5975547868a58de8c0e1951cb.e3iSbxaKaheRe3qKcheMbNuKc41ynknvrkLOlQzNp65In0 HTTP/1.1" 200 2
172.22.2.4 - - [23/Jan/2024:05:44:05 -0500] "GET /BLA/boletinlegal/ HTTP/1.1" 200 45503
156.59.198.135 - - [23/Jan/2024:05:45:55 -0500] "GET /BLA/resoluciones/AUTOS%202011/5868.pdf HTTP/1.0" 200 396717
201.245.192.253 - - [23/Jan/2024:05:45:58 -0500] "POST /kwsrmcab/Wsrmcab  HTTP/1.1" 200 35641
173.252.107.120 - - [23/Jan/2024:05:46:01 -0500] "GET /gobierno-de-bogota-hace-recomendaciones-a-la-ciudadania-para-que-tome-acciones-ante-la-mala-calidad-del-aire.html HTTP/1.1" 200 864
173.252.107.2 - - [23/Jan/2024:05:46:01 -0500] "GET /gobierno-de-bogota-hace-recomendaciones-a-la-ciudadania-para-que-tome-acciones-ante-la-mala-calidad-del-aire.html HTTP/1.1" 200 864
156.59.198.136 - - [23/Jan/2024:05:46:19 -0500] "GET /BLA/resoluciones/AUTOS%202011/1311.pdf HTTP/1.0" 200 127071
216.245.221.92 - - [23/Jan/2024:05:46:20 -0500] "HEAD / HTTP/1.1" 200 -
172.22.2.4 - - [23/Jan/2024:05:44:45 -0500] "GET /BLA/boletinlegal/index.php HTTP/1.1" 200 50216
156.59.198.136 - - [23/Jan/2024:05:46:44 -0500] "GET /BLA/resoluciones/AUTOS%202014/0916.pdf HTTP/1.0" 200 703157
156.59.198.135 - - [23/Jan/2024:05:47:09 -0500] "GET /BLA/resoluciones/AUTOS%202011/3248.pdf HTTP/1.0" 200 476043
216.244.66.195 - - [23/Jan/2024:05:47:23 -0500] "GET /BLA/resoluciones/AUTOS%202008/1453.pdf HTTP/1.1" 200 68455
156.59.198.136 - - [23/Jan/2024:05:47:33 -0500] "GET /BLA/resoluciones/AUTOS%202011/5634.pdf HTTP/1.0" 200 298596
201.245.192.253 - - [23/Jan/2024:05:47:35 -0500] "POST /forms/lservlet;jsessionid=ac16012b30d688c112503e764ab094a2fa9a0f9aabf9.e3iSbxaKaheRe3qKcheMbNuKc41ynknvrkLOlQzNp65In0 HTTP/1.1" 200 2
201.245.192.253 - - [23/Jan/2024:05:47:43 -0500] "POST /forms/lservlet;jsessionid=ac16012b30d697d92ed5975547868a58de8c0e1951cb.e3iSbxaKaheRe3qKcheMbNuKc41ynknvrkLOlQzNp65In0 HTTP/1.1" 200 2
216.244.66.195 - - [23/Jan/2024:05:47:44 -0500] "GET /BLA/resoluciones/AUTOS%202008/1955.pdf HTTP/1.1" 200 94747
94.102.61.10 - - [23/Jan/2024:05:47:46 -0500] "GET / HTTP/1.1" 200 319
23.22.35.162 - - [23/Jan/2024:05:47:47 -0500] "GET /POT-2013/Cartografia/Anexo01_Sistema_Hidrico.pdf HTTP/1.1" 200 5860035
156.59.198.136 - - [23/Jan/2024:05:47:58 -0500] "GET /BLA/resoluciones/AUTOS%202014/0121.pdf HTTP/1.0" 200 387049
216.244.66.195 - - [23/Jan/2024:05:48:05 -0500] "GET /BLA/resoluciones/AUTOS%202013/0252.pdf HTTP/1.1" 200 473755
156.59.198.136 - - [23/Jan/2024:05:48:23 -0500] "GET /BLA/resoluciones/AUTOS%202011/5596.pdf HTTP/1.0" 200 415345
216.244.66.195 - - [23/Jan/2024:05:48:25 -0500] "GET /BLA/resoluciones/AUTOS%202013/2873.pdf HTTP/1.1" 200 774627
216.244.66.195 - - [23/Jan/2024:05:48:45 -0500] "GET /BLA/resoluciones/AUTOS%202014/0862.pdf HTTP/1.1" 200 637793
156.59.198.136 - - [23/Jan/2024:05:48:48 -0500] "GET /BLA/resoluciones/AUTOS%202011/3417.pdf HTTP/1.0" 200 211045
216.244.66.195 - - [23/Jan/2024:05:49:03 -0500] "GET /BLA/resoluciones/AUTOS%202014/1022.pdf HTTP/1.1" 200 553910
156.59.198.136 - - [23/Jan/2024:05:49:14 -0500] "GET /BLA/resoluciones/AUTOS%202014/0322.pdf HTTP/1.0" 200 695525
216.244.66.195 - - [23/Jan/2024:05:49:21 -0500] "GET /BLA/resoluciones/AUTOS%202015/0038.pdf HTTP/1.1" 200 622336
201.245.192.253 - - [23/Jan/2024:05:49:35 -0500] "POST /forms/lservlet;jsessionid=ac16012b30d688c112503e764ab094a2fa9a0f9aabf9.e3iSbxaKaheRe3qKcheMbNuKc41ynknvrkLOlQzNp65In0 HTTP/1.1" 200 2
216.244.66.195 - - [23/Jan/2024:05:49:38 -0500] "GET /BLA/resoluciones/AUTOS%202015/1393.pdf HTTP/1.1" 200 620731
156.59.198.136 - - [23/Jan/2024:05:49:40 -0500] "GET /BLA/resoluciones/AUTOS%202011/5117.pdf HTTP/1.0" 200 255917
201.245.192.253 - - [23/Jan/2024:05:49:43 -0500] "POST /forms/lservlet;jsessionid=ac16012b30d697d92ed5975547868a58de8c0e1951cb.e3iSbxaKaheRe3qKcheMbNuKc41ynknvrkLOlQzNp65In0 HTTP/1.1" 200 2
216.244.66.195 - - [23/Jan/2024:05:49:53 -0500] "GET /BLA/resoluciones/AUTOS%202015/1929.pdf HTTP/1.1" 200 621185
66.249.66.20 - - [23/Jan/2024:05:49:56 -0500] "GET /portel_dama/libreria/php/2006/ECOSISTEMAS%20FINAL%20web_mz27/restauracion/sitio/22_proye/xtras_in/2a.pdf HTTP/1.1" 404 1018
156.59.198.135 - - [23/Jan/2024:05:50:02 -0500] "GET /BLA/resoluciones/AUTOS%202011/7333.pdf HTTP/1.0" 200 199042
216.244.66.195 - - [23/Jan/2024:05:50:07 -0500] "GET /BLA/resoluciones/AUTOS%202015/3276.pdf HTTP/1.1" 200 638727
216.244.66.195 - - [23/Jan/2024:05:50:21 -0500] "GET /BLA/resoluciones/AUTOS%202018/0119.pdf HTTP/1.1" 200 321456
156.59.198.136 - - [23/Jan/2024:05:50:26 -0500] "GET /BLA/resoluciones/AUTOS%202014/0614.pdf HTTP/1.0" 200 1096560
216.244.66.195 - - [23/Jan/2024:05:50:35 -0500] "GET /BLA/resoluciones/AUTOS%202018/1407.pdf HTTP/1.1" 200 253648
172.22.2.4 - - [23/Jan/2024:05:49:04 -0500] "HEAD /BLA/boletinlegal/ HTTP/1.1" 200 -
216.244.66.195 - - [23/Jan/2024:05:50:46 -0500] "GET /BLA/resoluciones/AUTOS%202018/1606.pdf HTTP/1.1" 200 424109
156.59.198.136 - - [23/Jan/2024:05:50:51 -0500] "GET /BLA/resoluciones/AUTOS%202011/3296.pdf HTTP/1.0" 200 211585
216.244.66.195 - - [23/Jan/2024:05:50:56 -0500] "GET /BLA/resoluciones/AUTOS%202018/2092.pdf HTTP/1.1" 200 255956
201.245.192.253 - - [23/Jan/2024:05:50:57 -0500] "POST /kwsrmcab/Wsrmcab  HTTP/1.1" 200 35641
216.244.66.195 - - [23/Jan/2024:05:51:05 -0500] "GET /BLA/resoluciones/AUTOS%202018/3323.pdf HTTP/1.1" 200 290496
216.244.66.195 - - [23/Jan/2024:05:51:13 -0500] "GET /BLA/resoluciones/AUTOS%202018/3343.pdf HTTP/1.1" 200 271315
156.59.198.136 - - [23/Jan/2024:05:51:16 -0500] "GET /BLA/resoluciones/AUTOS%202011/6760.pdf HTTP/1.0" 200 203712
216.244.66.195 - - [23/Jan/2024:05:51:20 -0500] "GET /BLA/resoluciones/AUTOS%202018/3449.pdf HTTP/1.1" 200 1282700
216.245.221.92 - - [23/Jan/2024:05:51:20 -0500] "HEAD / HTTP/1.1" 200 -
172.22.2.4 - - [23/Jan/2024:05:49:55 -0500] "GET /BLA/boletinlegal/ HTTP/1.1" 200 58666
201.245.192.253 - - [23/Jan/2024:05:51:35 -0500] "POST /forms/lservlet;jsessionid=ac16012b30d688c112503e764ab094a2fa9a0f9aabf9.e3iSbxaKaheRe3qKcheMbNuKc41ynknvrkLOlQzNp65In0 HTTP/1.1" 200 2
156.59.198.135 - - [23/Jan/2024:05:51:41 -0500] "GET /BLA/resoluciones/AUTOS%202011/4143.pdf HTTP/1.0" 200 722335
201.245.192.253 - - [23/Jan/2024:05:51:43 -0500] "POST /forms/lservlet;jsessionid=ac16012b30d697d92ed5975547868a58de8c0e1951cb.e3iSbxaKaheRe3qKcheMbNuKc41ynknvrkLOlQzNp65In0 HTTP/1.1" 200 2
216.244.66.195 - - [23/Jan/2024:05:52:00 -0500] "GET /BLA/resoluciones/AUTOS%202018/4500.pdf HTTP/1.1" 200 277666
156.59.198.136 - - [23/Jan/2024:05:52:06 -0500] "GET /BLA/resoluciones/AUTOS%202014/0699.pdf HTTP/1.0" 200 210298
216.244.66.195 - - [23/Jan/2024:05:52:31 -0500] "GET /BLA/resoluciones/AUTOS%202018/4942.pdf HTTP/1.1" 200 229464
156.59.198.135 - - [23/Jan/2024:05:52:31 -0500] "GET /BLA/resoluciones/AUTOS%202011/6785.pdf HTTP/1.0" 200 125840
66.249.66.19 - - [23/Jan/2024:05:52:42 -0500] "GET /PDC/actos/1469.pdf HTTP/1.1" 200 1053029
156.59.198.135 - - [23/Jan/2024:05:52:55 -0500] "GET /BLA/resoluciones/AUTOS%202014/1024.pdf HTTP/1.0" 200 701179
216.244.66.195 - - [23/Jan/2024:05:53:02 -0500] "GET /BLA/resoluciones/AUTOS%202018/4971.pdf HTTP/1.1" 200 290791
156.59.198.136 - - [23/Jan/2024:05:53:18 -0500] "GET /BLA/resoluciones/AUTOS%202011/3477.pdf HTTP/1.0" 200 217347
216.244.66.195 - - [23/Jan/2024:05:53:30 -0500] "GET /BLA/resoluciones/AUTOS%202020/0033.pdf HTTP/1.1" 200 300788
201.245.192.253 - - [23/Jan/2024:05:53:35 -0500] "POST /forms/lservlet;jsessionid=ac16012b30d688c112503e764ab094a2fa9a0f9aabf9.e3iSbxaKaheRe3qKcheMbNuKc41ynknvrkLOlQzNp65In0 HTTP/1.1" 200 2
156.59.198.135 - - [23/Jan/2024:05:53:43 -0500] "GET /BLA/resoluciones/AUTOS%202011/3727.pdf HTTP/1.0" 200 221703
201.245.192.253 - - [23/Jan/2024:05:53:43 -0500] "POST /forms/lservlet;jsessionid=ac16012b30d697d92ed5975547868a58de8c0e1951cb.e3iSbxaKaheRe3qKcheMbNuKc41ynknvrkLOlQzNp65In0 HTTP/1.1" 200 2
216.244.66.195 - - [23/Jan/2024:05:53:58 -0500] "GET /BLA/resoluciones/AUTOS%202020/0048.pdf HTTP/1.1" 200 286093
156.59.198.136 - - [23/Jan/2024:05:54:08 -0500] "GET /BLA/resoluciones/AUTOS%202014/1341.pdf HTTP/1.0" 200 562845
216.244.66.195 - - [23/Jan/2024:05:54:24 -0500] "GET /BLA/resoluciones/AUTOS%202020/0057.pdf HTTP/1.1" 200 937174
156.59.198.135 - - [23/Jan/2024:05:54:32 -0500] "GET /BLA/resoluciones/AUTOS%202011/5163.pdf HTTP/1.0" 200 439773
173.252.83.9 - - [23/Jan/2024:05:54:39 -0500] "GET /images/Caminatas%20(1)%20(2).jpeg HTTP/1.1" 200 81411
216.244.66.195 - - [23/Jan/2024:05:54:50 -0500] "GET /BLA/resoluciones/AUTOS%202020/0324.pdf HTTP/1.1" 200 401712
156.59.198.135 - - [23/Jan/2024:05:54:57 -0500] "GET /BLA/resoluciones/AUTOS%202011/5730.pdf HTTP/1.0" 200 221937
216.244.66.195 - - [23/Jan/2024:05:55:15 -0500] "GET /BLA/resoluciones/AUTOS%202020/0402.pdf HTTP/1.1" 200 373082
156.59.198.136 - - [23/Jan/2024:05:55:21 -0500] "GET /BLA/resoluciones/AUTOS%202014/0590.pdf HTTP/1.0" 200 835264
201.245.192.253 - - [23/Jan/2024:05:55:35 -0500] "POST /forms/lservlet;jsessionid=ac16012b30d688c112503e764ab094a2fa9a0f9aabf9.e3iSbxaKaheRe3qKcheMbNuKc41ynknvrkLOlQzNp65In0 HTTP/1.1" 200 2
216.244.66.195 - - [23/Jan/2024:05:55:38 -0500] "GET /BLA/resoluciones/AUTOS%202020/0488.pdf HTTP/1.1" 200 1838742
201.245.192.253 - - [23/Jan/2024:05:55:43 -0500] "POST /forms/lservlet;jsessionid=ac16012b30d697d92ed5975547868a58de8c0e1951cb.e3iSbxaKaheRe3qKcheMbNuKc41ynknvrkLOlQzNp65In0 HTTP/1.1" 200 2
156.59.198.136 - - [23/Jan/2024:05:55:44 -0500] "GET /BLA/resoluciones/AUTOS%202011/4920.pdf HTTP/1.0" 200 128128
201.245.192.253 - - [23/Jan/2024:05:55:55 -0500] "POST /kwsrmcab/Wsrmcab  HTTP/1.1" 200 35641
156.59.198.136 - - [23/Jan/2024:05:56:10 -0500] "GET /BLA/resoluciones/AUTOS%202011/5386.pdf HTTP/1.0" 200 886585
216.245.221.92 - - [23/Jan/2024:05:56:20 -0500] "HEAD / HTTP/1.1" 200 -
216.244.66.195 - - [23/Jan/2024:05:56:28 -0500] "GET /BLA/resoluciones/AUTOS%202020/0770.pdf HTTP/1.1" 200 355997
156.59.198.136 - - [23/Jan/2024:05:56:34 -0500] "GET /BLA/resoluciones/AUTOS%202011/0669.pdf HTTP/1.0" 200 102176
172.22.2.4 - - [23/Jan/2024:05:54:55 -0500] "HEAD /BLA/boletinlegal/ HTTP/1.1" 200 -
156.59.198.135 - - [23/Jan/2024:05:57:00 -0500] "GET /BLA/resoluciones/AUTOS%202011/7321.pdf HTTP/1.0" 200 234237
216.244.66.195 - - [23/Jan/2024:05:57:01 -0500] "GET /BLA/resoluciones/AUTOS%202020/0876.pdf HTTP/1.1" 200 345536
156.59.198.136 - - [23/Jan/2024:05:57:24 -0500] "GET /BLA/resoluciones/AUTOS%202011/1799.pdf HTTP/1.0" 200 272531
172.22.2.4 - - [23/Jan/2024:05:55:45 -0500] "GET /BLA/boletinlegal/ HTTP/1.1" 200 60529
216.244.66.195 - - [23/Jan/2024:05:57:30 -0500] "GET /BLA/resoluciones/AUTOS%202020/1073.pdf HTTP/1.1" 200 383157
201.245.192.253 - - [23/Jan/2024:05:57:35 -0500] "POST /forms/lservlet;jsessionid=ac16012b30d688c112503e764ab094a2fa9a0f9aabf9.e3iSbxaKaheRe3qKcheMbNuKc41ynknvrkLOlQzNp65In0 HTTP/1.1" 200 2
3.224.220.101 - - [23/Jan/2024:05:57:38 -0500] "GET /BLA/resoluciones/RESOLUCIONES%202007/RES%202007%201501%20AL%201600/RESOLUCION%201585%20DE%202007.pdf HTTP/1.1" 200 540153
173.252.107.120 - - [23/Jan/2024:05:57:40 -0500] "GET /secretaria-de-ambiente-reconocio-entidades-por-sus-buenas-practicas-ambientales.html HTTP/1.1" 200 892
173.252.111.12 - - [23/Jan/2024:05:57:41 -0500] "GET /images/reconocimiento%20practicas%20ambientales.jpg HTTP/1.1" 200 63397
201.245.192.253 - - [23/Jan/2024:05:57:43 -0500] "POST /forms/lservlet;jsessionid=ac16012b30d697d92ed5975547868a58de8c0e1951cb.e3iSbxaKaheRe3qKcheMbNuKc41ynknvrkLOlQzNp65In0 HTTP/1.1" 200 2
156.59.198.136 - - [23/Jan/2024:05:57:49 -0500] "GET /BLA/resoluciones/AUTOS%202011/2883.pdf HTTP/1.0" 200 80300
190.158.100.67 - - [23/Jan/2024:05:57:51 -0500] "POST /sipse/faces/presentacion/financiero/solicitudProceso/consultarSolicitudProceso.xhtml HTTP/1.1" 302 -
190.158.100.67 - - [23/Jan/2024:05:57:52 -0500] "GET /sipse/faces/autenticacion.xhtml HTTP/1.1" 200 1099
190.158.100.67 - - [23/Jan/2024:05:57:52 -0500] "POST /sipse/faces/presentacion/financiero/solicitudProceso/consultarSolicitudProceso.xhtml HTTP/1.1" 302 -
190.158.100.67 - - [23/Jan/2024:05:57:52 -0500] "GET /sipse/faces/autenticacion.xhtml HTTP/1.1" 200 1099
190.158.100.67 - - [23/Jan/2024:05:57:52 -0500] "POST /sipse/faces/presentacion/financiero/solicitudProceso/consultarSolicitudProceso.xhtml HTTP/1.1" 302 -
190.158.100.67 - - [23/Jan/2024:05:57:52 -0500] "GET /sipse/faces/autenticacion.xhtml HTTP/1.1" 200 1099
190.158.100.67 - - [23/Jan/2024:05:57:52 -0500] "POST /sipse/faces/presentacion/financiero/solicitudProceso/consultarSolicitudProceso.xhtml HTTP/1.1" 302 -
190.158.100.67 - - [23/Jan/2024:05:57:52 -0500] "GET /sipse/faces/autenticacion.xhtml HTTP/1.1" 200 1099
190.158.100.67 - - [23/Jan/2024:05:57:52 -0500] "POST /sipse/faces/presentacion/financiero/solicitudProceso/consultarSolicitudProceso.xhtml HTTP/1.1" 302 -
190.158.100.67 - - [23/Jan/2024:05:57:52 -0500] "GET /sipse/faces/autenticacion.xhtml HTTP/1.1" 200 1099
190.158.100.67 - - [23/Jan/2024:05:57:52 -0500] "POST /sipse/faces/presentacion/financiero/solicitudProceso/consultarSolicitudProceso.xhtml HTTP/1.1" 302 -
190.158.100.67 - - [23/Jan/2024:05:57:52 -0500] "GET /sipse/faces/autenticacion.xhtml HTTP/1.1" 200 1099
190.158.100.67 - - [23/Jan/2024:05:57:52 -0500] "POST /sipse/faces/presentacion/financiero/solicitudProceso/consultarSolicitudProceso.xhtml HTTP/1.1" 302 -
190.158.100.67 - - [23/Jan/2024:05:57:52 -0500] "GET /sipse/faces/autenticacion.xhtml HTTP/1.1" 200 1099
190.158.100.67 - - [23/Jan/2024:05:57:52 -0500] "POST /sipse/faces/presentacion/financiero/solicitudProceso/consultarSolicitudProceso.xhtml HTTP/1.1" 302 -
190.158.100.67 - - [23/Jan/2024:05:57:52 -0500] "GET /sipse/faces/autenticacion.xhtml HTTP/1.1" 200 1099
190.158.100.67 - - [23/Jan/2024:05:57:52 -0500] "POST /sipse/faces/presentacion/financiero/solicitudProceso/consultarSolicitudProceso.xhtml HTTP/1.1" 302 -
190.158.100.67 - - [23/Jan/2024:05:57:52 -0500] "GET /sipse/faces/autenticacion.xhtml HTTP/1.1" 200 1099
190.158.100.67 - - [23/Jan/2024:05:57:56 -0500] "POST /sipse/faces/presentacion/financiero/solicitudProceso/consultarSolicitudProceso.xhtml HTTP/1.1" 302 -
190.158.100.67 - - [23/Jan/2024:05:57:56 -0500] "GET /sipse/faces/autenticacion.xhtml HTTP/1.1" 200 1099
190.158.100.67 - - [23/Jan/2024:05:57:56 -0500] "POST /sipse/faces/presentacion/financiero/solicitudProceso/consultarSolicitudProceso.xhtml HTTP/1.1" 302 -
190.158.100.67 - - [23/Jan/2024:05:57:56 -0500] "GET /sipse/faces/autenticacion.xhtml HTTP/1.1" 200 1099
190.158.100.67 - - [23/Jan/2024:05:57:56 -0500] "POST /sipse/faces/presentacion/financiero/solicitudProceso/consultarSolicitudProceso.xhtml HTTP/1.1" 302 -
190.158.100.67 - - [23/Jan/2024:05:57:56 -0500] "GET /sipse/faces/autenticacion.xhtml HTTP/1.1" 200 1099
190.158.100.67 - - [23/Jan/2024:05:57:56 -0500] "POST /sipse/faces/presentacion/financiero/solicitudProceso/consultarSolicitudProceso.xhtml HTTP/1.1" 302 -
190.158.100.67 - - [23/Jan/2024:05:57:56 -0500] "GET /sipse/faces/autenticacion.xhtml HTTP/1.1" 200 1099
190.158.100.67 - - [23/Jan/2024:05:57:56 -0500] "POST /sipse/faces/presentacion/financiero/solicitudProceso/consultarSolicitudProceso.xhtml HTTP/1.1" 302 -
190.158.100.67 - - [23/Jan/2024:05:57:56 -0500] "GET /sipse/faces/autenticacion.xhtml HTTP/1.1" 200 1099
190.158.100.67 - - [23/Jan/2024:05:57:56 -0500] "POST /sipse/faces/presentacion/financiero/solicitudProceso/consultarSolicitudProceso.xhtml HTTP/1.1" 302 -
190.158.100.67 - - [23/Jan/2024:05:57:56 -0500] "GET /sipse/faces/autenticacion.xhtml HTTP/1.1" 200 1099
190.158.100.67 - - [23/Jan/2024:05:57:56 -0500] "POST /sipse/faces/presentacion/financiero/solicitudProceso/consultarSolicitudProceso.xhtml HTTP/1.1" 302 -
190.158.100.67 - - [23/Jan/2024:05:57:56 -0500] "GET /sipse/faces/autenticacion.xhtml HTTP/1.1" 200 1099
190.158.100.67 - - [23/Jan/2024:05:57:56 -0500] "POST /sipse/faces/presentacion/financiero/solicitudProceso/consultarSolicitudProceso.xhtml HTTP/1.1" 302 -
190.158.100.67 - - [23/Jan/2024:05:57:56 -0500] "GET /sipse/faces/autenticacion.xhtml HTTP/1.1" 200 1099
190.158.100.67 - - [23/Jan/2024:05:57:56 -0500] "POST /sipse/faces/presentacion/financiero/solicitudProceso/consultarSolicitudProceso.xhtml HTTP/1.1" 302 -
190.158.100.67 - - [23/Jan/2024:05:57:56 -0500] "GET /sipse/faces/autenticacion.xhtml HTTP/1.1" 200 1099
190.158.100.67 - - [23/Jan/2024:05:57:56 -0500] "POST /sipse/faces/presentacion/financiero/solicitudProceso/consultarSolicitudProceso.xhtml HTTP/1.1" 302 -
190.158.100.67 - - [23/Jan/2024:05:57:56 -0500] "GET /sipse/faces/autenticacion.xhtml HTTP/1.1" 200 1099
190.158.100.67 - - [23/Jan/2024:05:57:56 -0500] "POST /sipse/faces/presentacion/financiero/solicitudProceso/consultarSolicitudProceso.xhtml HTTP/1.1" 302 -
190.158.100.67 - - [23/Jan/2024:05:57:56 -0500] "GET /sipse/faces/autenticacion.xhtml HTTP/1.1" 200 1099
190.158.100.67 - - [23/Jan/2024:05:57:56 -0500] "POST /sipse/faces/presentacion/financiero/solicitudProceso/consultarSolicitudProceso.xhtml HTTP/1.1" 302 -
190.158.100.67 - - [23/Jan/2024:05:57:56 -0500] "GET /sipse/faces/autenticacion.xhtml HTTP/1.1" 200 1099
190.158.100.67 - - [23/Jan/2024:05:57:56 -0500] "POST /sipse/faces/presentacion/financiero/solicitudProceso/consultarSolicitudProceso.xhtml HTTP/1.1" 302 -
190.158.100.67 - - [23/Jan/2024:05:57:56 -0500] "GET /sipse/faces/autenticacion.xhtml HTTP/1.1" 200 1099
190.158.100.67 - - [23/Jan/2024:05:57:56 -0500] "POST /sipse/faces/presentacion/financiero/solicitudProceso/consultarSolicitudProceso.xhtml HTTP/1.1" 302 -
190.158.100.67 - - [23/Jan/2024:05:57:57 -0500] "GET /sipse/faces/autenticacion.xhtml HTTP/1.1" 200 1099
190.158.100.67 - - [23/Jan/2024:05:57:57 -0500] "POST /sipse/faces/presentacion/financiero/solicitudProceso/consultarSolicitudProceso.xhtml HTTP/1.1" 302 -
190.158.100.67 - - [23/Jan/2024:05:57:57 -0500] "GET /sipse/faces/autenticacion.xhtml HTTP/1.1" 200 1099
190.158.100.67 - - [23/Jan/2024:05:57:57 -0500] "POST /sipse/faces/presentacion/financiero/solicitudProceso/consultarSolicitudProceso.xhtml HTTP/1.1" 302 -
190.158.100.67 - - [23/Jan/2024:05:57:57 -0500] "GET /sipse/faces/autenticacion.xhtml HTTP/1.1" 200 1099
190.158.100.67 - - [23/Jan/2024:05:57:57 -0500] "POST /sipse/faces/presentacion/financiero/solicitudProceso/consultarSolicitudProceso.xhtml HTTP/1.1" 302 -
190.158.100.67 - - [23/Jan/2024:05:57:57 -0500] "GET /sipse/faces/autenticacion.xhtml HTTP/1.1" 200 1099
