66.220.149.20 - - [23/Jan/2024:01:34:00 -0500] "GET /gobierno-de-bogota-hace-recomendaciones-a-la-ciudadania-para-que-tome-acciones-ante-la-mala-calidad-del-aire.html HTTP/1.1" 200 864
66.220.149.17 - - [23/Jan/2024:01:34:00 -0500] "GET /gobierno-de-bogota-hace-recomendaciones-a-la-ciudadania-para-que-tome-acciones-ante-la-mala-calidad-del-aire.html HTTP/1.1" 206 864
172.22.2.4 - - [23/Jan/2024:01:32:24 -0500] "HEAD /BLA/boletinlegal/ HTTP/1.1" 200 -
66.220.149.118 - - [23/Jan/2024:01:34:05 -0500] "GET /gobierno-de-bogota-hace-recomendaciones-a-la-ciudadania-para-que-tome-acciones-ante-la-mala-calidad-del-aire.html HTTP/1.1" 200 864
181.32.197.0 - - [23/Jan/2024:01:34:07 -0500] "GET /kwssiamovil/sm/ldap/au?x=U2FsdGVkX1/UJn6Aj90p/teM9Rp3EZ9uoINQANN4UPXBnvgt2YjxjxOcFbTuffug&y=U2FsdGVkX1+v4LibYxKbkFtKw3YwyL8SEgT44unK+2P31YkzsYDbhMEvKUDRw2TN HTTP/1.1" 200 30
181.32.197.0 - - [23/Jan/2024:01:34:07 -0500] "GET /kwssiamovil/sm/acme/s?s=U2FsdGVkX1+LzHdSDVNfDSYE99tZRcH2oC/4+qoH1oaMBnzW/sSaJ2eyVVB8/6wa1GWHEQB7VldhQk3Xjjg4QIaGj2qBVeliB6YydvqaLxg=&u=U2FsdGVkX19MMRt11a+X2nn1p+c3HA3tDMt5sTnxBNo=&y=U2FsdGVkX1+v4LibYxKbkFtKw3YwyL8SEgT44unK+2P31YkzsYDbhMEvKUDRw2TN HTTP/1.1" 200 97
181.32.197.0 - - [23/Jan/2024:01:34:07 -0500] "GET /kwssiamovil/sm/acme/s?s=U2FsdGVkX1+HgTe/8vSQ43jZAkEBkz5OBRULoPe/UTVyXtxFEmYhgG4+szFM7vljl3n89hNeW5YHPBAFi+/k8eUUBwbkA8Ky/D3y2KVMnz8MIsUCDXPNTYts6MvKfx649mWgvSueg+nj3jNHa2agTjsSjcNIj8GBKV/1C6hnoeCq6gNE3glb00b75H7S6xDBwGVvNVSaVyTjbpund0Q8b/krKZlbC7T2XlUEXpa2La0BLWiVW/yqLPVz3a2IPo7OOneye2Kkd48zKQBFd4+MB9jLGDHGHV8Z5Jy8NaW8GtxDwJYNJtXsa9BHkysxN27SxypNmCe8Zr/hoRpXgfV1P6DgJMuAtMKAc0M8XqitUwDbi73VVLMZ07c7U2mFXPrrj1pyv9pehTIsubV7darjX3diIWoyLhECESl7eYDnexJkrAvcAX/LofdU2avRyc6nuoo+4SaKKgTwR0ll/YBQRvh+2s2c1/o2+jzzldqHV4zKya5pWwJq6ZKu1Mup0nJjy8tSXT9Gvi35Cyu+ArKZ3kkN0tXfdFdiZfv1gTLpVclHUPZOqsvnjs+Qrv3yTlDRVS6eiyT14U2Ywu5h2tfBzUZgnWl3iOxME4nqa/hFPr0SNwZIzq9EB8jLk65n3kxqg5kXGJrxYyhcBVcp+xV65f9a7QhJFP4KkT9mojnIq9UD6RS82CeG6tRYXmxobw9RQ5q9M4TEluMRp65CLodwfKSURvg8tVJFSH/O5dFV45gJooe+cP29iEJb27hKrSnBgim7Q53g6S2okvHjFCwitccyBxf4uAgL20vdH6rS/yYX/Fc44RovWMcJsF3+76C/SSxSEt20H/eFP7L6RAcnq2/FOWmlJDfu7BCHUU5qeaRS52oFpJ1+t6KA/bD6y/D/ZJY6v3qel/RYhx2bUEse4hc7765LvG2Zi5Ou3Q+ZltfwhXB1I7bv/Qgu/Ogqf1WCcbAhEVImITDGaBIb4G/WA7iHBs/mviRMB+zX94EcFER4BVy407+wGzLOePf6zsz3ERUXMaa7PvZQUu1pPMREeAvSQSGylvF0Qm6T9DhBiubqLX/Z8DYYvoq3cyrSnzLbFe+0GjwYYaDZp6UWgZuLwfAKGzpriUVT6pRZUrBRrJCvnRE7eLLK6SFEJ1nA1SgdjNEy+MXXvtXtDNpR3HTMelgibJy/mleN0SiZOvJTpgDb1Kh0qoPlmiD+5LCER+2GyY+lqGuXU9y7qgX9w0HyPkJMnNVqoHm7tg8lu1zMzSo6lUZNrD/QBCA5FW3MQx6opU5HFEbGUf58Wr5T5w3LVcJI0TgyKVLATtxm1ZSBUwP11q+tDtvm7UghqPMUGejaYAdHTzG3IFCaZfSwrSR9///LFCa9KZmebLnE6t/Fx+CDpJAU4Za6uK5pD8Hw2GSBGInD8xBWvNhDSz+wzFr5f70TF3BTGNO9Rx81dfotm55GU0V0xGCctHZussHckOSS1m/BLRSlntsSbYqqxrOKHr6hA7K1GdZ07FEX4qMTY5uCQIOxjXaonCZ52NyNG1UceMdBvJo+TvK8UB3cgTFVb2GfUP/J1DYSyFtQ3DJ2EJrXi+a2B+k+qGO8cDvXMiiuTtKqpvQpaWkeioa272Zj1SPbT5YgAY2Yr3fHmhyE8vwvbZ6KDnuvRq79Oe6uY6KAk0HgSR/gy5EMxXIJTmeLHOscOU7iU5RHewuj/QaEK3QJZx8+FmBPLu9E7I0chi7qpFARyFPw8xho7C2uN6TUPFaps/UI3P7GqFI3DcjmW7A=&u=U2FsdGVkX19MMRt11a+X2nn1p+c3HA3tDMt5sTnxBNo=&y=U2FsdGVkX1+v4LibYxKbkFtKw3YwyL8SEgT44unK+2P31YkzsYDbhMEvKUDRw2TN HTTP/1.1" 200 1693
181.32.197.0 - - [23/Jan/2024:01:34:07 -0500] "GET /kwssiamovil/sm/acme/s?s=U2FsdGVkX1/Cvw2nD2w66syQ7l+G47E3aL85N8yl8OhwwpLOV0tb14JfRt2BkYJDeIRBS9SAPfGUWeAfYEi21m9rlgXIBDrA+foMIFRxYXtb7IN72sxL/G6RwMQnJ8tJSmtB2clFtK5MtRANUtKiwhy/l33oE1GNG32t614K9feqNJLyQX1JNsqKeCjpuY+OmOs67vAlXOj4uX9HElnf7QHtXQGCJsfmxZMzd7ZrQYXDVS9CE3weuR8Oio1FFulPQKrwXC54Pg8YIvhdsonURCcU1r5WAtnETQWGJGD7mBAEsmQpoHnfwM59Vry8MaKEpB/v4NDMy6Q+v9I4bLRXeQXmGzofIER+H31x0eQr6o/6yt2nYwQY5dMzWErCg11Jp3ArlHhejnpBHky/KctqMzdPjRhL8STTrKSi9aD04dkm9erCUwM8kTO2x7zRYOnT/9OlAWcU49Cjaqo32rK7noDFQ64zkYvQAhAL2r9QWrYAfhdlp6LZs7E58pKNW50f6qhZ/2BsyPmbDh4Q/0TDp+ieRHmuOdH0MNDhmtRXCMAW3Kczf/cSZ1h6xKQjPwrTcDAlfRAiC4P2LeCxxHj/qjz77w2qkrqKO47CNAlUsdchtOVKmNjAhUGF/eI8izazrMqq6xyl8aTOlWp9ymrb1KeTYiq0f47ql+mQiuP8J5A63PZobVdohrW+eq80do5yhh0Uuv+sc2W3OU5hcxOBbVwjBVK9hjXZ6WA8SfmAqoMRDg2RnTG62K7iA4GOlGxS&u=U2FsdGVkX19MMRt11a+X2nn1p+c3HA3tDMt5sTnxBNo=&y=U2FsdGVkX1+v4LibYxKbkFtKw3YwyL8SEgT44unK+2P31YkzsYDbhMEvKUDRw2TN HTTP/1.1" 200 208
181.32.197.0 - - [23/Jan/2024:01:34:07 -0500] "GET /kwssiamovil/sm/cjson/pre?f=1&x=U2FsdGVkX1/UJn6Aj90p/teM9Rp3EZ9uoINQANN4UPXBnvgt2YjxjxOcFbTuffug HTTP/1.1" 200 31032
156.59.198.136 - - [23/Jan/2024:01:34:09 -0500] "GET /BLA/resoluciones/AUTOS%202011/6178.pdf HTTP/1.0" 200 1002588
156.59.198.135 - - [23/Jan/2024:01:34:34 -0500] "GET /BLA/resoluciones/AUTOS%202014/0477.pdf HTTP/1.0" 200 512166
172.22.2.4 - - [23/Jan/2024:01:33:15 -0500] "GET /BLA/boletinlegal/ HTTP/1.1" 200 60996
201.245.192.253 - - [23/Jan/2024:01:34:53 -0500] "POST /kwsrmcab/Wsrmcab HTTP/1.1" 200 39143
201.245.192.253 - - [23/Jan/2024:01:34:57 -0500] "POST /kwsrmcab/Wsrmcab HTTP/1.1" 200 37030
156.59.198.136 - - [23/Jan/2024:01:35:00 -0500] "GET /BLA/resoluciones/AUTOS%202014/1400.pdf HTTP/1.0" 200 653418
181.32.197.0 - - [23/Jan/2024:01:35:13 -0500] "GET /kwssiamovil/sm/ldap/au?x=U2FsdGVkX1/5E2QMlnOGApAq4xbR4VJ1empussI13TCHtCJnpEMuuKy/d7w0QuXA&y=U2FsdGVkX1/y5NRxhf5gzhBTUhxsrcLEJ/xfyZzpX6YKxctG0kA3fKSPtb6PM8W1 HTTP/1.1" 503 1124
181.32.197.0 - - [23/Jan/2024:01:35:17 -0500] "GET /kwssiamovil/sm/ldap/au?x=U2FsdGVkX185iVXVShx71u4hwNvG1RXXLWgaQdsJU88JsyN5zk3TTWc6ZogyAwa/&y=U2FsdGVkX188LgwtGyo0YmcKG+q3U93gO6ggbX0pcDU2cVe1e3C21CJ3W+PQFB7K HTTP/1.1" 503 1124
181.32.197.0 - - [23/Jan/2024:01:35:20 -0500] "GET /kwssiamovil/sm/ldap/au?x=U2FsdGVkX1/qgg8OUtvT52J5cpT1gzL25Kn+0n0Tt9+D8WZac4g3YzMc2+sVdw4+&y=U2FsdGVkX1/QJpZ0OytGC7UnTd5MQP9n/Rf/6JerhtIWoG0g6bVHeZNp+PTwASUZ HTTP/1.1" 503 1124
181.32.197.0 - - [23/Jan/2024:01:35:22 -0500] "GET /kwssiamovil/sm/ldap/au?x=U2FsdGVkX1+5cSZsJ9DIjcQHmIHBT1BObl56ho1onFIeUrccnIYrtbKJJSFv54A8&y=U2FsdGVkX18ypJ2MaNDtGllErzvMMRQnrWlg3dKLDat335QAKkZEWDQqF1q9mj0I HTTP/1.1" 503 1124
47.128.45.253 - - [23/Jan/2024:01:35:26 -0500] "GET /BLA/resoluciones/index.php?dir=AUTOS%202006%2FAUTOS%202006%201401%20-%201500%2F&order=asc&sort=name HTTP/1.1" 200 13545
47.128.45.253 - - [23/Jan/2024:01:35:27 -0500] "GET /BLA/resoluciones/dlf/unknown.png HTTP/1.1" 200 266
47.128.45.253 - - [23/Jan/2024:01:35:27 -0500] "GET /BLA/resoluciones/dlf/dirup.png HTTP/1.1" 200 644
201.245.192.253 - - [23/Jan/2024:01:35:35 -0500] "POST /forms/lservlet;jsessionid=ac16012b30d688c112503e764ab094a2fa9a0f9aabf9.e3iSbxaKaheRe3qKcheMbNuKc41ynknvrkLOlQzNp65In0 HTTP/1.1" 200 2
201.245.192.253 - - [23/Jan/2024:01:35:43 -0500] "POST /forms/lservlet;jsessionid=ac16012b30d697d92ed5975547868a58de8c0e1951cb.e3iSbxaKaheRe3qKcheMbNuKc41ynknvrkLOlQzNp65In0 HTTP/1.1" 200 2
156.59.198.136 - - [23/Jan/2024:01:35:50 -0500] "GET /BLA/resoluciones/AUTOS%202011/5883.pdf HTTP/1.0" 200 778479
181.63.106.209 - - [23/Jan/2024:01:36:06 -0500] "GET /gobierno-de-bogota-hace-recomendaciones-a-la-ciudadania-para-que-tome-acciones-ante-la-mala-calidad-del-aire.html HTTP/1.1" 200 864
156.59.198.136 - - [23/Jan/2024:01:36:13 -0500] "GET /BLA/resoluciones/AUTOS%202014/0859.pdf HTTP/1.0" 200 679947
216.245.221.92 - - [23/Jan/2024:01:36:21 -0500] "HEAD / HTTP/1.1" 200 -
156.59.198.136 - - [23/Jan/2024:01:36:37 -0500] "GET /BLA/resoluciones/AUTOS%202011/4164.pdf HTTP/1.0" 200 214183
156.59.198.135 - - [23/Jan/2024:01:37:02 -0500] "GET /BLA/resoluciones/AUTOS%202011/5166.pdf HTTP/1.0" 200 578861
201.245.192.253 - - [23/Jan/2024:01:37:08 -0500] "POST /kwsrmcab/Wsrmcab  HTTP/1.1" 200 35641
156.59.198.135 - - [23/Jan/2024:01:37:25 -0500] "GET /BLA/resoluciones/AUTOS%202011/6454.pdf HTTP/1.0" 200 3679957
201.245.192.253 - - [23/Jan/2024:01:37:35 -0500] "POST /forms/lservlet;jsessionid=ac16012b30d688c112503e764ab094a2fa9a0f9aabf9.e3iSbxaKaheRe3qKcheMbNuKc41ynknvrkLOlQzNp65In0 HTTP/1.1" 200 2
201.245.192.253 - - [23/Jan/2024:01:37:43 -0500] "POST /forms/lservlet;jsessionid=ac16012b30d697d92ed5975547868a58de8c0e1951cb.e3iSbxaKaheRe3qKcheMbNuKc41ynknvrkLOlQzNp65In0 HTTP/1.1" 200 2
156.59.198.136 - - [23/Jan/2024:01:37:51 -0500] "GET /BLA/resoluciones/AUTOS%202011/0198.pdf HTTP/1.0" 200 228004
156.59.198.135 - - [23/Jan/2024:01:38:15 -0500] "GET /BLA/resoluciones/AUTOS%202014/0501.pdf HTTP/1.0" 200 588991
156.59.198.136 - - [23/Jan/2024:01:38:43 -0500] "GET /BLA/resoluciones/AUTOS%202011/3794.pdf HTTP/1.0" 200 300161
156.59.198.136 - - [23/Jan/2024:01:39:06 -0500] "GET /BLA/resoluciones/AUTOS%202014/0987.pdf HTTP/1.0" 200 880195
201.245.192.253 - - [23/Jan/2024:01:39:20 -0500] "POST /kwsrmcab/Wsrmcab HTTP/1.1" 200 35684
156.59.198.135 - - [23/Jan/2024:01:39:30 -0500] "GET /BLA/resoluciones/AUTOS%202011/4238.pdf HTTP/1.0" 200 285535
201.245.192.253 - - [23/Jan/2024:01:39:35 -0500] "POST /forms/lservlet;jsessionid=ac16012b30d688c112503e764ab094a2fa9a0f9aabf9.e3iSbxaKaheRe3qKcheMbNuKc41ynknvrkLOlQzNp65In0 HTTP/1.1" 200 2
190.24.96.140 - - [23/Jan/2024:01:39:36 -0500] "GET /kwssiamovil/sm/ldap/au?x=U2FsdGVkX1/aE0k4TFHzWI/Ba5YNvVSHOxIraHkXIsOVVgKR8oFw2iarqUP9m4YO&y=U2FsdGVkX1/Z3gEn93J8V9PDVsLlUH5LesgQDKN0zXiy4L2LuXLfJKMbMPwX7BSw HTTP/1.1" 200 31
201.245.192.253 - - [23/Jan/2024:01:39:43 -0500] "POST /forms/lservlet;jsessionid=ac16012b30d697d92ed5975547868a58de8c0e1951cb.e3iSbxaKaheRe3qKcheMbNuKc41ynknvrkLOlQzNp65In0 HTTP/1.1" 200 2
172.22.2.4 - - [23/Jan/2024:01:38:14 -0500] "HEAD /BLA/boletinlegal/ HTTP/1.1" 200 -
156.59.198.136 - - [23/Jan/2024:01:39:55 -0500] "GET /BLA/resoluciones/AUTOS%202011/6360.pdf HTTP/1.0" 200 3914669
190.24.96.140 - - [23/Jan/2024:01:40:19 -0500] "GET /kwssiamovil/sm/ldap/au?x=U2FsdGVkX1+T3+j6yLnxwwt7prcwlmiil29ZF4SlF55ETUCbMR1zv2XZzM1wwOog&y=U2FsdGVkX19z+6i4LaDtXz0bLpWWelzDn0nChIXV9q0gVnBXBjozx4Wg+tlurD6E HTTP/1.1" 200 30
190.24.96.140 - - [23/Jan/2024:01:40:19 -0500] "GET /kwssiamovil/sm/acme/s?s=U2FsdGVkX1+t1p26U2DytbCpkqfhFWkel6YoADvgvJNG+WFYoUWIViVksI/GyYgNhFH/O9Ad1Qb2Kdvlql3WEPf+JuxlQ8v/G+IBzzCAiD8=&u=U2FsdGVkX1/+H6ZmOy4byD5oAMZVvEO0wNfUyVDBy30PF1wqHROAm4aFj3SlJGWn&y=U2FsdGVkX19z+6i4LaDtXz0bLpWWelzDn0nChIXV9q0gVnBXBjozx4Wg+tlurD6E HTTP/1.1" 200 97
190.24.96.140 - - [23/Jan/2024:01:40:20 -0500] "GET /kwssiamovil/sm/acme/s?s=U2FsdGVkX1+1cs0S2LvEEAJRrLFCjV9+tA+4pM54oJmPZ8WacqSCtKwpdZS3mcpJBwHXF/rYmFs/h7kKuoWea1rLCWbW1fvtAV5V44nmBa5caoE/bfd/0fYr/KVTKoACtSBN8cEXb2RALq7ikRw6zLAbAl+w3RKPWhnx4p3CjVKAzpdoREaxECvcJWvpemZ5AIh8FDj4Dqce1TOLFwGb5rSfhLKK2G+31E6+n326aumFE/4WIBcttOhYyNn4HE6hLHQ0vvnl6jjQ7Tz6VmLGkILad8AEI+k5MW7NyNR2Do697KDDhYEO9DnIHk1oxI+cjQVVdEzOGAPC9woPajsNvdCoilmRJPZYKv2N74BWNgl+kF6jKMYab6zHuBuikqWI0irNcvJ8PLqHjULkxLelO4p7w1OC6wagybZerf7NzQ79XTA5imdOt0LjE+dPJyq8McPn+DyndQyCfW2CiuCfTgwF5f8SWRnJrr88JVIgOdEtf/wx8o0O4qk6i9gEw3g6PYo/Qw/+yhht/WpFG1rn3CiTbesMsUMLjPxumA0XkMRXEUTxVLFwrNQPD8lokL7zEZ04F1ym81c2/k2kKsvePOLW5pMjKpjwwpgMiNkLOxZiwGnFUx3YAXsWerXOnJSkIXDEK3Vam9WEsBTLd0/rt79kb1OVLt0xheCnUXk8itLnbC5cMJy9ZPrV/1zXP1knubdmHB2054aUmTQH8sJo8Br/HJcnYZCfMLewwajQeXJvXHCu08lQfJyEh7fZXb9ZoG4VB5zRIF0vc7H3yQ1Uq2HaSw/HqEEs/I7gcHMypvZoZ6z0/JaK9kEr2QvPqaUQmTAxvgGMBHZfZT0xza5kr8hk+LuTlZmotaA+lh1RGCayw77vbFauf69PPuk+k0tWst+LaRYt7Au2lqg4IPUsCSX1Puq0msiwY20nEPQd9yK0dQrc0XGxKSRW3NWed/K+xKd0uGdUCOrRnnbMly8mLN03InhTZHH7hkpza3y8PVg+ZuTZkO4O1dZrlWifKe9qrqOancASAVCUC7jxst2zbtZqg/XptWJZL6Yh6Jy1tYgHgBN2l+vfmCsSwZbeQuCEogVIrepY9mLmg+lamObgPupeQYVkAIcNKe36QbgIm1g7ngHdTmSJRBH/5//NUkPLhQXi5axvwGUfhB87YZT7ROTIriPYYzyCR4VA3PRAMNkUfvW3xG/otdvgyJr4qUb8flhkioCgNMiFBE9q/K423M5Admua+OJZqUVnEeeI39W9bE3wvuqSfnSE9h6hIfiUVrD1e9Bkb0uhQrb+UtLV+J1UEsWjP5eH6KluvIyQrHMufjW9yciFFdsA3N8V7BEAhjRS5mmxrG1YzUDr5aRIQedGy58N1hdN6oBM/c+Z1FlWhQqpz6EApGBeM9jaohSZ6AY3sQOkLXPTqRLI76oRjlfBGLP1W5RU5183chSTJiY=&u=U2FsdGVkX1/+H6ZmOy4byD5oAMZVvEO0wNfUyVDBy30PF1wqHROAm4aFj3SlJGWn&y=U2FsdGVkX19z+6i4LaDtXz0bLpWWelzDn0nChIXV9q0gVnBXBjozx4Wg+tlurD6E HTTP/1.1" 200 2453
190.24.96.140 - - [23/Jan/2024:01:40:20 -0500] "GET /kwssiamovil/sm/acme/s?s=U2FsdGVkX18oCaudYmhySEj3aWF+E7Zh2jEKpzSACZbsnC5AhXNRY2JLH/ZNgXiYzyHS50/u0XYLpAs0xGIb8uCC2USmrBunUZXUc5YFNGebPOr0eshv5HScAQkN1BFve0LMnVjqJrMv+Hk4ajWbVDH9DEqk9wviDkqoiRkp/f4NcOhvDjy0OfGPl9SksMpdBejmzT3PFQgBPpEB4H3kSky3U2gqCudwIcjrUn1GzOL5OC/TqelBOZ0j1k2Ygr/6jqv5TxtN3vJzfMbCaePE+cHhmQzxQD6eBMTTOWq8V/WgQ3zn1hmJFxtr0c7BXegnnCF5LB+JDu2HqeQr80RU4lo1hKQ/D/zL+xy37ySiaeE=&u=U2FsdGVkX1/+H6ZmOy4byD5oAMZVvEO0wNfUyVDBy30PF1wqHROAm4aFj3SlJGWn&y=U2FsdGVkX19z+6i4LaDtXz0bLpWWelzDn0nChIXV9q0gVnBXBjozx4Wg+tlurD6E HTTP/1.1" 200 196
156.59.198.136 - - [23/Jan/2024:01:40:20 -0500] "GET /BLA/resoluciones/AUTOS%202014/0327.pdf HTTP/1.0" 200 970404
190.24.96.140 - - [23/Jan/2024:01:40:20 -0500] "GET /kwssiamovil/sm/cjson/pre?f=1&x=U2FsdGVkX1+T3+j6yLnxwwt7prcwlmiil29ZF4SlF55ETUCbMR1zv2XZzM1wwOog HTTP/1.1" 200 31032
201.245.192.253 - - [23/Jan/2024:01:40:22 -0500] "POST /kwsrmcab/Wsrmcab HTTP/1.1" 200 37030
172.22.2.4 - - [23/Jan/2024:01:39:05 -0500] "GET /BLA/boletinlegal/ HTTP/1.1" 200 58666
156.59.198.135 - - [23/Jan/2024:01:40:45 -0500] "GET /BLA/resoluciones/AUTOS%202011/5450.pdf HTTP/1.0" 200 205056
156.59.198.136 - - [23/Jan/2024:01:41:10 -0500] "GET /BLA/resoluciones/AUTOS%202011/6499.pdf HTTP/1.0" 200 231515
216.245.221.92 - - [23/Jan/2024:01:41:21 -0500] "HEAD / HTTP/1.1" 200 -
156.59.198.135 - - [23/Jan/2024:01:41:34 -0500] "GET /BLA/resoluciones/AUTOS%202014/1139.pdf HTTP/1.0" 200 424587
201.245.192.253 - - [23/Jan/2024:01:41:35 -0500] "POST /forms/lservlet;jsessionid=ac16012b30d688c112503e764ab094a2fa9a0f9aabf9.e3iSbxaKaheRe3qKcheMbNuKc41ynknvrkLOlQzNp65In0 HTTP/1.1" 200 2
201.245.192.253 - - [23/Jan/2024:01:41:43 -0500] "POST /forms/lservlet;jsessionid=ac16012b30d697d92ed5975547868a58de8c0e1951cb.e3iSbxaKaheRe3qKcheMbNuKc41ynknvrkLOlQzNp65In0 HTTP/1.1" 200 2
156.59.198.136 - - [23/Jan/2024:01:42:00 -0500] "GET /BLA/resoluciones/AUTOS%202011/5977.pdf HTTP/1.0" 200 501037
201.245.192.253 - - [23/Jan/2024:01:42:07 -0500] "POST /kwsrmcab/Wsrmcab  HTTP/1.1" 200 35641
156.59.198.135 - - [23/Jan/2024:01:42:24 -0500] "GET /BLA/resoluciones/AUTOS%202011/5343.pdf HTTP/1.0" 200 491207
156.59.198.135 - - [23/Jan/2024:01:42:48 -0500] "GET /BLA/resoluciones/AUTOS%202011/7394.pdf HTTP/1.0" 200 183256
156.59.198.136 - - [23/Jan/2024:01:43:13 -0500] "GET /BLA/resoluciones/AUTOS%202011/7639.pdf HTTP/1.0" 200 210329
201.245.192.253 - - [23/Jan/2024:01:43:35 -0500] "POST /forms/lservlet;jsessionid=ac16012b30d688c112503e764ab094a2fa9a0f9aabf9.e3iSbxaKaheRe3qKcheMbNuKc41ynknvrkLOlQzNp65In0 HTTP/1.1" 200 2
156.59.198.135 - - [23/Jan/2024:01:43:39 -0500] "GET /BLA/resoluciones/AUTOS%202011/4857.pdf HTTP/1.0" 200 189196
201.245.192.253 - - [23/Jan/2024:01:43:43 -0500] "POST /forms/lservlet;jsessionid=ac16012b30d697d92ed5975547868a58de8c0e1951cb.e3iSbxaKaheRe3qKcheMbNuKc41ynknvrkLOlQzNp65In0 HTTP/1.1" 200 2
156.59.198.135 - - [23/Jan/2024:01:44:02 -0500] "GET /BLA/resoluciones/AUTOS%202011/6840.pdf HTTP/1.0" 200 166527
156.59.198.135 - - [23/Jan/2024:01:44:28 -0500] "GET /BLA/resoluciones/AUTOS%202011/3742.pdf HTTP/1.0" 200 265391
156.59.198.136 - - [23/Jan/2024:01:44:52 -0500] "GET /BLA/resoluciones/AUTOS%202011/4361.pdf HTTP/1.0" 200 363505
172.22.2.4 - - [23/Jan/2024:01:45:07 -0500] "GET /BLA/boletinlegal/cgi-bin/jarrewrite.sh HTTP/1.1" 404 1018
156.59.198.135 - - [23/Jan/2024:01:45:17 -0500] "GET /BLA/resoluciones/AUTOS%202011/4415.pdf HTTP/1.0" 200 165314
201.245.192.253 - - [23/Jan/2024:01:45:35 -0500] "POST /forms/lservlet;jsessionid=ac16012b30d688c112503e764ab094a2fa9a0f9aabf9.e3iSbxaKaheRe3qKcheMbNuKc41ynknvrkLOlQzNp65In0 HTTP/1.1" 200 2
156.59.198.136 - - [23/Jan/2024:01:45:40 -0500] "GET /BLA/resoluciones/AUTOS%202011/3922.pdf HTTP/1.0" 200 236409
201.245.192.253 - - [23/Jan/2024:01:45:43 -0500] "POST /forms/lservlet;jsessionid=ac16012b30d697d92ed5975547868a58de8c0e1951cb.e3iSbxaKaheRe3qKcheMbNuKc41ynknvrkLOlQzNp65In0 HTTP/1.1" 200 2
172.22.2.4 - - [23/Jan/2024:01:44:04 -0500] "HEAD /BLA/boletinlegal/ HTTP/1.1" 200 -
40.77.167.32 - - [23/Jan/2024:01:46:03 -0500] "GET /Publicaciones/2023EE312826.pdf HTTP/1.1" 404 228
156.59.198.135 - - [23/Jan/2024:01:46:05 -0500] "GET /BLA/resoluciones/AUTOS%202011/5939.pdf HTTP/1.0" 200 203905
216.244.66.195 - - [23/Jan/2024:01:46:12 -0500] "GET /BLA/resoluciones/AUTOS%202018/1187.pdf HTTP/1.1" 200 237632
216.244.66.195 - - [23/Jan/2024:01:46:18 -0500] "GET /BLA/resoluciones/AUTOS%202022/1839.pdf HTTP/1.1" 200 318497
216.245.221.92 - - [23/Jan/2024:01:46:21 -0500] "HEAD / HTTP/1.1" 200 -
156.59.198.135 - - [23/Jan/2024:01:46:30 -0500] "GET /BLA/resoluciones/AUTOS%202011/3888.pdf HTTP/1.0" 200 219773
172.22.2.4 - - [23/Jan/2024:01:44:55 -0500] "GET /BLA/boletinlegal/ HTTP/1.1" 200 58666
190.24.96.140 - - [23/Jan/2024:01:46:46 -0500] "GET /kwssiamovil/sm/acme/a?s=U2FsdGVkX1+HOCi4pdbCR6hO2Pmapbnu0HsIFbeQrRi6MqRJbQEdT3dK4NuRZeovzwty2jCC1jF7l0DvS7Q4wxErI97rJtSAvSbJ3Vu9ZajlW0I+YFJ4s6fCLa+NQksskS02cjJ32SCNubSHO/l0MgZ/hR3nlu4ag8/TOEL3AIWmyl4MLengTqMfhFBOdlzSYAidJzwNEBr5eOGjR4yxemikFuS3K52CAX4HClwx7YvrxH3c2C4PX2qnwGFOHYmW5dBNxvzNKikp9Prz24OHWA==&u=U2FsdGVkX1/+H6ZmOy4byD5oAMZVvEO0wNfUyVDBy30PF1wqHROAm4aFj3SlJGWn&y=U2FsdGVkX19z+6i4LaDtXz0bLpWWelzDn0nChIXV9q0gVnBXBjozx4Wg+tlurD6E HTTP/1.1" 200 26
190.24.96.140 - - [23/Jan/2024:01:46:46 -0500] "GET /kwssiamovil/sm/acme/a?s=U2FsdGVkX1/kGqhyGsoRJbta8Ux759YGVVCpB/PJ9V13cwh9H3RSkIyG2shkJ3N+3uIvqumFfk5A4uc0maCjysnFPcf2n/VYOSQBGVW57brhSW1tvmzmISlBLOtyrl7PpNuZY6lsFYvOcuq92G3sJkUjI5Bm7dAzoRlfdPWOXyc1iAOaOPrDRdo6EYyVWRIJyaZ6RTRDbInH6WEuFoQdZucM6NfUSHvy1/hZF+wryeeG3rYPHZy7BHUkKAQCSFmR09mRq+rJkv1Ji9XyVkGUFJIjU+n1OKcJ/jbRGKj3OZIgA8UX7JpQsB+yzY/G/jhci5pZqgZhty20ZvTwgvn8TWXFU9b9urFRrb8flptgpWfPn9JGf9MyWWTaKCwEaB2uBJpQ2NlTUzeP4qIfpz3nDenrHza3kpkL5t0femGMzmgVqw1UxRzC8bmJTa/XDSL92kS2ybYF3yGEx4mhPB0DIur+IybIP1zxnUaGHcfJDRIS7pQVFO+5ezc7RHDW/4CN4semWjyEAGtPMDzH2i89ETxdJTPk8h699gmDZ3jdnkSU9jZF7aMK4CMtFXGWLPuS6BstiKpLvqfcUpoVAy4XYvhkFDE4yYue7bIH3QApsbjhKBX+NPpCsaTNu83HioIwLslbr036Vmen78THCY6NICZaWU+VbP3arCar7MFYJVKPJI+W4hScLjx4OQeTiOIRiwBPPWfALlWiShKPoJc4tfXfay8wkd6k0uB19l0p93tKGoxdAsWjadnmjR16vB4oSXkEm9H377S9qxLtZzPyGDGMmqcGv52/HROdUbmNxvX1ySRpj79H02oJBNU8IJEuW4XF/LoE64wU+ZbussHL8Le6N6GXnnyg+z9qzm0vtItoYjMzUi5veYo7PCtZrC5oxfLL8VNlqTwJwfk7PoO2cKHrZJoIVpjMTkFuqWKBnubQa9Fq7OwuTVhAgnkYnq9WfAPwRE44WHOiRyumTCKeUX2LMHlaJAVGP/Au14JNffjelMoL6Zxe5Ic4p+vM0MFFi/uXKeybt21LORqqImQmq9aXje4Fp0yRG0O0C6Wou5NRMMCuYnkhq3oRqyyu2uChOtmGb6Lyo+mj+hkcAmQepKCQBG+NrJLTI4MFAfplmcoQ5xhQtbKa5bXewtRKIvpYEvoSxAzWBBcCu1mcOle0y/wSHtDXrHKoBswyqW3Ieax5n1J1eP8bdAYetgtJ5QExNt+ulrrDgrI5ENrAEcUkP1A3jZcrTGBHFDgKAL33C3pxRpkXVoTacU+u4s0DFhvEqOoEixmbDhk8QBgpZHWLgiGsSVZ2osNNF+6oWdaY/NQ+kvAIrzUIwvmxekfNzoKelf4ryKgf03v7DzG/58fBqJh+VPbNzBcfBN4Ovfnwyqw09DBQE1cd1SGGrzDtmkT3A2PE6aquterUfy1O5ZoNG40PBolv8YNF0TMWmFLifYblojoYvUmprvI8F16z69ARbWVhx1CZh3m/XB4bYnOK4BsjMSKLJJWL5gApqo9TcEP9iqopAO7nBr9TPwu9mHGIcJALvx5aInAdAFjDYhigQ1Z7OCx5kaLo/muQjc9cRvKh1vce0zbrL6zbqTaHvTS4YTIboKcIAIBbmeD3asQRKUmIkolCZYZQr+3LKmhVQ/Shb61eJLkzxNaGUcVi+6aFW4ZTfU+z4GqOFaQ63CoA1YHdy7VHRANx8q3dC22LzrdhxNw5+CaXzDiL0f5JIsKhIrGRmLFbC3xkYnUhmYpNAHXZtjrctQXLT2Xh5AJWYrZ3XU2CjxVutB0XbFNSxQWKzO99i0RKnM33KQuZwEX7mtb2Xe5uc3A3MIxNer7MLK+r4443pN61In3dCJmfcv47v0V0GJYDr01Innv9W/O0KfqxHEB1gGxY9F0In/NvSHYq8GTDX0+CXgiqHsrTuqN8BOfu2YjEDZhU0DKbbiZjQ4q5r4gZ44t24KDpCWRV0PfeSt/YSgARSzvW5igFBJY/JksDL6sUPZsx8/unSVCHn8wN7209opCMrOdg70cTxClhvLh4Kx0j7fqzXSNYcf5gajspWyx7S7xHOI5wD3Ts7YFnGnBFRUJGvifVnBQLsALQkxgnaIJ8Ffh891fA2Sye6X5uRSq/KUWoslsXCeUd3GOkwopu+T4wMirS74tEnWlc5dPeOp0n20QLNjc7oAC3nV5Efl+QK8Nj7BxqtjNjSqJnOlTYLe7oomd9JT3YHDIEHDV2LpCwQG7Ky1Um2aokBtVBTY3oltvZEDoFX81/YRkNt7wOgNkUy+cELHCdDuB8Se9li2sY290DwSz8s1Glyqi1QOtIuH6xex+iXGKeET0F8+7419+VcwdT5O1mRlktlpcXKsfmj3YiKz33KtLjTHqXRXyeKMKznn1YEPnAbIqZpipGTMbjkUMtU+oTlAc1h3Gi+Mh8v6nvfu0Mthz8b9zJNe+dstHCw+umH6JfQWBFrPE0TO47LXH8uYJCuzTtRsuu6/DiaFEgIlENtEfbj7sVM/ILeXV4F+7/tk+pvLdehCpmWjerKbvI9wnfYsUXEIqa80/dZjjQE85u92b9X4mDqb7TVy+pg9lFvjem51tSxRhbxKrwWYkXOiR/Mfrh5I3/whyijtt1RULvnrJkd++jN9uXCGmA5j3kapy5kZ+LQFMBq8EKB0BX1hMZ8vPM28YzgSd/6FI4341O88RksnLvyTf0Kd02UwNxkP9oDq+TiGkDUo0pMSI1LSy+DEF9QbgcCDNjQeBYWE7k5Z5LUlTrEf7d49WTGUp4uFVHCbsMJtFBbGVvMZQBVpg15KenIbwYu+evWRU0HEJVpoj9ZGJcQokXyv+yEEJ6UXnWoA4Eht1m81L8Uli0aqq1TD9QhrgHe6d4NBfDdy7MNrRBFi49tcVYbYwnl5m6yy95OQ+TuQpVZgrhP1qONfGn0zWz6Lkittr8An51iy/UbKpz&u=U2FsdGVkX1/+H6ZmOy4byD5oAMZVvEO0wNfUyVDBy30PF1wqHROAm4aFj3SlJGWn&y=U2FsdGVkX19z+6i4LaDtXz0bLpWWelzDn0nChIXV9q0gVnBXBjozx4Wg+tlurD6E HTTP/1.1" 200 26
190.24.96.140 - - [23/Jan/2024:01:46:46 -0500] "GET /kwssiamovil/sm/acme/a?s=U2FsdGVkX1+/Ss2wA7yMla7P2qq3SxMLC+bKrhOG17mGAVvlR5iRUvf6N4M8wQ4oe0C9dYnuC0UBsB0/maGcuD0f8dLT6/iStSUP8isaj/uxME1hFW1Ic63klA4VOB6U7DdhbcLWz+b3UCNtpI+qc0gPVjMT9KMbTMWfXyl5dXw=&u=U2FsdGVkX1/+H6ZmOy4byD5oAMZVvEO0wNfUyVDBy30PF1wqHROAm4aFj3SlJGWn&y=U2FsdGVkX19z+6i4LaDtXz0bLpWWelzDn0nChIXV9q0gVnBXBjozx4Wg+tlurD6E HTTP/1.1" 200 26
190.24.96.140 - - [23/Jan/2024:01:46:47 -0500] "GET /kwssiamovil/sm/acme/a?s=U2FsdGVkX1+WvUpDyJ8p1wbKtj5uQJ67U+I1efdgYDH1WwqE/bHjeTUTWu5LpAuO19jjG0HBl5iFj5Jg1M7BT2Ei87/21FXv20PIwn/CfGDY8WSgq09UG3/M3RVW6A3O380AZf6VnRQ+WxQ9nY0KT96uJDeGlhT0T3l0HbJ1uY8=&u=U2FsdGVkX1/+H6ZmOy4byD5oAMZVvEO0wNfUyVDBy30PF1wqHROAm4aFj3SlJGWn&y=U2FsdGVkX19z+6i4LaDtXz0bLpWWelzDn0nChIXV9q0gVnBXBjozx4Wg+tlurD6E HTTP/1.1" 200 26
190.24.96.140 - - [23/Jan/2024:01:46:47 -0500] "GET /kwssiamovil/sm/acme/a?s=U2FsdGVkX1+QzBxrd6lpiNUkXbG2+VXSwlZrigXUIhcTijVdbd0jwLpn6/rl8DOuzBsbxCFD8NHSOQAvs6lQdDxmayngcmm8ezKVjEcvIXYz/LzqFEuQM+nXf0rAvNBxiTMMTinSgy1WqlCpSSFdf7f26WxAco5bhwHI3XirFc0=&u=U2FsdGVkX1/+H6ZmOy4byD5oAMZVvEO0wNfUyVDBy30PF1wqHROAm4aFj3SlJGWn&y=U2FsdGVkX19z+6i4LaDtXz0bLpWWelzDn0nChIXV9q0gVnBXBjozx4Wg+tlurD6E HTTP/1.1" 200 26
190.24.96.140 - - [23/Jan/2024:01:46:47 -0500] "GET /kwssiamovil/sm/acme/a?s=U2FsdGVkX198p58Qs2F1Fb0INi7hRTItoe5VK4nvTpjHnMmrRQ9iG0q+Z1yCAyTWVvFZ08N38XFWnz2XndC8B5oUjUnWXCjLKMD1oeSBniECTyYpsld7uL/Av+fTSnUuDqI7RSyQsOvqqH8hHl+A43dMkNzcqS8Af4Q+kc+kJ877lzCN1NvrggOHASRJMkgKTwgcmZnrXBFWUl7q9q0ECg==&u=U2FsdGVkX1/+H6ZmOy4byD5oAMZVvEO0wNfUyVDBy30PF1wqHROAm4aFj3SlJGWn&y=U2FsdGVkX19z+6i4LaDtXz0bLpWWelzDn0nChIXV9q0gVnBXBjozx4Wg+tlurD6E HTTP/1.1" 200 26
156.59.198.136 - - [23/Jan/2024:01:46:53 -0500] "GET /BLA/resoluciones/AUTOS%202011/6310.pdf HTTP/1.0" 200 400289
216.244.66.195 - - [23/Jan/2024:01:46:57 -0500] "GET /BLA/resoluciones/AUTOS%202022/4898.pdf HTTP/1.1" 200 394129
201.245.192.253 - - [23/Jan/2024:01:47:05 -0500] "POST /kwsrmcab/Wsrmcab  HTTP/1.1" 200 35641
156.59.198.136 - - [23/Jan/2024:01:47:17 -0500] "GET /BLA/resoluciones/AUTOS%202014/1032.pdf HTTP/1.0" 200 392231
216.244.66.195 - - [23/Jan/2024:01:47:33 -0500] "GET /BLA/resoluciones/RESOLUCIONES%202011/1064.pdf HTTP/1.1" 200 381529
201.245.192.253 - - [23/Jan/2024:01:47:35 -0500] "POST /forms/lservlet;jsessionid=ac16012b30d688c112503e764ab094a2fa9a0f9aabf9.e3iSbxaKaheRe3qKcheMbNuKc41ynknvrkLOlQzNp65In0 HTTP/1.1" 200 2
156.59.198.135 - - [23/Jan/2024:01:47:42 -0500] "GET /BLA/resoluciones/AUTOS%202014/1347.pdf HTTP/1.0" 200 559652
201.245.192.253 - - [23/Jan/2024:01:47:43 -0500] "POST /forms/lservlet;jsessionid=ac16012b30d697d92ed5975547868a58de8c0e1951cb.e3iSbxaKaheRe3qKcheMbNuKc41ynknvrkLOlQzNp65In0 HTTP/1.1" 200 2
216.244.66.195 - - [23/Jan/2024:01:48:02 -0500] "GET /BLA/resoluciones/RESOLUCIONES%202011/1408.pdf HTTP/1.1" 200 71873
156.59.198.135 - - [23/Jan/2024:01:48:09 -0500] "GET /BLA/resoluciones/AUTOS%202014/0488.pdf HTTP/1.0" 200 413747
172.22.2.4 - - [23/Jan/2024:01:48:12 -0500] "GET /BLA/boletinlegal/normativa.php HTTP/1.1" 200 8343
172.22.2.4 - - [23/Jan/2024:01:48:12 -0500] "GET /BLA/boletinlegal/js/ajax_normativa.js HTTP/1.1" 200 1154
156.59.198.135 - - [23/Jan/2024:01:48:34 -0500] "GET /BLA/resoluciones/AUTOS%202011/6551.pdf HTTP/1.0" 200 174434
52.167.144.185 - - [23/Jan/2024:01:48:45 -0500] "GET /transparencia/General%20Asignado/? HTTP/1.1" 200 43229
156.59.198.136 - - [23/Jan/2024:01:48:58 -0500] "GET /BLA/resoluciones/AUTOS%202011/4017.pdf HTTP/1.0" 200 330794
146.19.24.23 - - [23/Jan/2024:01:48:59 -0500] "GET / HTTP/1.1" 200 319
156.59.198.136 - - [23/Jan/2024:01:49:23 -0500] "GET /BLA/resoluciones/AUTOS%202011/3926.pdf HTTP/1.0" 200 245685
201.245.192.253 - - [23/Jan/2024:01:49:35 -0500] "POST /forms/lservlet;jsessionid=ac16012b30d688c112503e764ab094a2fa9a0f9aabf9.e3iSbxaKaheRe3qKcheMbNuKc41ynknvrkLOlQzNp65In0 HTTP/1.1" 200 2
201.245.192.253 - - [23/Jan/2024:01:49:43 -0500] "POST /forms/lservlet;jsessionid=ac16012b30d697d92ed5975547868a58de8c0e1951cb.e3iSbxaKaheRe3qKcheMbNuKc41ynknvrkLOlQzNp65In0 HTTP/1.1" 200 2
156.59.198.135 - - [23/Jan/2024:01:49:48 -0500] "GET /BLA/resoluciones/AUTOS%202011/5954.pdf HTTP/1.0" 200 196536
162.55.171.138 - - [23/Jan/2024:01:50:03 -0500] "GET / HTTP/1.1" 200 4720
156.59.198.135 - - [23/Jan/2024:01:50:12 -0500] "GET /BLA/resoluciones/AUTOS%202014/0863.pdf HTTP/1.0" 200 812820
156.59.198.136 - - [23/Jan/2024:01:50:38 -0500] "GET /BLA/resoluciones/AUTOS%202014/0461.pdf HTTP/1.0" 200 758933
156.59.198.135 - - [23/Jan/2024:01:51:03 -0500] "GET /BLA/resoluciones/AUTOS%202011/7068.pdf HTTP/1.0" 200 180324
40.77.167.26 - - [23/Jan/2024:01:51:20 -0500] "GET /BLA/resoluciones/AUTOS%202023/07027.pdf HTTP/1.1" 200 390275
216.245.221.92 - - [23/Jan/2024:01:51:21 -0500] "HEAD / HTTP/1.1" 200 -
156.59.198.135 - - [23/Jan/2024:01:51:25 -0500] "GET /BLA/resoluciones/AUTOS%202011/5246.pdf HTTP/1.0" 200 373253
172.22.2.4 - - [23/Jan/2024:01:49:54 -0500] "HEAD /BLA/boletinlegal/ HTTP/1.1" 200 -
172.22.2.4 - - [23/Jan/2024:01:51:34 -0500] "GET /BLA/boletinlegal/robots.txt HTTP/1.1" 404 1038
201.245.192.253 - - [23/Jan/2024:01:51:35 -0500] "POST /forms/lservlet;jsessionid=ac16012b30d688c112503e764ab094a2fa9a0f9aabf9.e3iSbxaKaheRe3qKcheMbNuKc41ynknvrkLOlQzNp65In0 HTTP/1.1" 200 2
201.245.192.253 - - [23/Jan/2024:01:51:43 -0500] "POST /forms/lservlet;jsessionid=ac16012b30d697d92ed5975547868a58de8c0e1951cb.e3iSbxaKaheRe3qKcheMbNuKc41ynknvrkLOlQzNp65In0 HTTP/1.1" 200 2
156.59.198.136 - - [23/Jan/2024:01:51:51 -0500] "GET /BLA/resoluciones/AUTOS%202011/7415.pdf HTTP/1.0" 200 202590
201.245.192.253 - - [23/Jan/2024:01:52:03 -0500] "POST /kwsrmcab/Wsrmcab  HTTP/1.1" 200 35641
156.59.198.136 - - [23/Jan/2024:01:52:15 -0500] "GET /BLA/resoluciones/AUTOS%202011/5175.pdf HTTP/1.0" 200 277390
172.22.2.4 - - [23/Jan/2024:01:50:45 -0500] "GET /BLA/boletinlegal/ HTTP/1.1" 200 58666
156.59.198.135 - - [23/Jan/2024:01:52:41 -0500] "GET /BLA/resoluciones/AUTOS%202011/5761.pdf HTTP/1.0" 200 263651
156.59.198.135 - - [23/Jan/2024:01:53:05 -0500] "GET /BLA/resoluciones/AUTOS%202014/0788.pdf HTTP/1.0" 200 514268
156.59.198.135 - - [23/Jan/2024:01:53:29 -0500] "GET /BLA/resoluciones/AUTOS%202011/5001.pdf HTTP/1.0" 200 568786
201.245.192.253 - - [23/Jan/2024:01:53:35 -0500] "POST /forms/lservlet;jsessionid=ac16012b30d688c112503e764ab094a2fa9a0f9aabf9.e3iSbxaKaheRe3qKcheMbNuKc41ynknvrkLOlQzNp65In0 HTTP/1.1" 200 2
201.245.192.253 - - [23/Jan/2024:01:53:43 -0500] "POST /forms/lservlet;jsessionid=ac16012b30d697d92ed5975547868a58de8c0e1951cb.e3iSbxaKaheRe3qKcheMbNuKc41ynknvrkLOlQzNp65In0 HTTP/1.1" 200 2
156.59.198.136 - - [23/Jan/2024:01:53:54 -0500] "GET /BLA/resoluciones/AUTOS%202011/2908.pdf HTTP/1.0" 200 2517701
156.59.198.136 - - [23/Jan/2024:01:54:17 -0500] "GET /BLA/resoluciones/AUTOS%202014/1349.pdf HTTP/1.0" 200 559964
156.59.198.136 - - [23/Jan/2024:01:54:42 -0500] "GET /BLA/resoluciones/AUTOS%202011/7206.pdf HTTP/1.0" 200 155305
156.59.198.136 - - [23/Jan/2024:01:55:07 -0500] "GET /BLA/resoluciones/AUTOS%202011/4831.pdf HTTP/1.0" 200 251893
156.59.198.136 - - [23/Jan/2024:01:55:31 -0500] "GET /BLA/resoluciones/AUTOS%202011/4662.pdf HTTP/1.0" 200 223045
201.245.192.253 - - [23/Jan/2024:01:55:35 -0500] "POST /forms/lservlet;jsessionid=ac16012b30d688c112503e764ab094a2fa9a0f9aabf9.e3iSbxaKaheRe3qKcheMbNuKc41ynknvrkLOlQzNp65In0 HTTP/1.1" 200 2
201.245.192.253 - - [23/Jan/2024:01:55:43 -0500] "POST /forms/lservlet;jsessionid=ac16012b30d697d92ed5975547868a58de8c0e1951cb.e3iSbxaKaheRe3qKcheMbNuKc41ynknvrkLOlQzNp65In0 HTTP/1.1" 200 2
156.59.198.135 - - [23/Jan/2024:01:55:55 -0500] "GET /BLA/resoluciones/AUTOS%202014/1489.pdf HTTP/1.0" 200 575921
156.59.198.136 - - [23/Jan/2024:01:56:20 -0500] "GET /BLA/resoluciones/AUTOS%202011/5909.pdf HTTP/1.0" 200 198526
216.245.221.92 - - [23/Jan/2024:01:56:21 -0500] "HEAD / HTTP/1.1" 200 -
156.59.198.136 - - [23/Jan/2024:01:56:44 -0500] "GET /BLA/resoluciones/AUTOS%202011/4104.pdf HTTP/1.0" 200 264301
201.245.192.253 - - [23/Jan/2024:01:57:02 -0500] "POST /kwsrmcab/Wsrmcab  HTTP/1.1" 200 35641
156.59.198.135 - - [23/Jan/2024:01:57:08 -0500] "GET /BLA/resoluciones/AUTOS%202011/7580.pdf HTTP/1.0" 200 532184
172.22.2.4 - - [23/Jan/2024:01:55:44 -0500] "HEAD /BLA/boletinlegal/ HTTP/1.1" 200 -
156.59.198.136 - - [23/Jan/2024:01:57:33 -0500] "GET /BLA/resoluciones/AUTOS%202011/6427.pdf HTTP/1.0" 200 195863
201.245.192.253 - - [23/Jan/2024:01:57:35 -0500] "POST /forms/lservlet;jsessionid=ac16012b30d688c112503e764ab094a2fa9a0f9aabf9.e3iSbxaKaheRe3qKcheMbNuKc41ynknvrkLOlQzNp65In0 HTTP/1.1" 200 2
201.245.192.253 - - [23/Jan/2024:01:57:43 -0500] "POST /forms/lservlet;jsessionid=ac16012b30d697d92ed5975547868a58de8c0e1951cb.e3iSbxaKaheRe3qKcheMbNuKc41ynknvrkLOlQzNp65In0 HTTP/1.1" 200 2
156.59.198.135 - - [23/Jan/2024:01:57:58 -0500] "GET /BLA/resoluciones/AUTOS%202011/3707.pdf HTTP/1.0" 200 859302
172.22.2.4 - - [23/Jan/2024:01:56:35 -0500] "GET /BLA/boletinlegal/ HTTP/1.1" 200 60529
156.59.198.135 - - [23/Jan/2024:01:58:23 -0500] "GET /BLA/resoluciones/AUTOS%202011/7563.pdf HTTP/1.0" 200 145486
156.59.198.135 - - [23/Jan/2024:01:58:46 -0500] "GET /BLA/resoluciones/AUTOS%202014/1010.pdf HTTP/1.0" 200 433498
47.128.119.190 - - [23/Jan/2024:01:59:12 -0500] "GET /BLA/resoluciones/index.php?dir=RESOLUCIONES%202005%2FRES%202005%202551-2600%2F&order=desc&sort=name HTTP/1.1" 200 12366
47.128.119.190 - - [23/Jan/2024:01:59:13 -0500] "GET /BLA/resoluciones/dlf/dirup.png HTTP/1.1" 200 644
47.128.119.190 - - [23/Jan/2024:01:59:13 -0500] "GET /BLA/resoluciones/dlf/unknown.png HTTP/1.1" 200 266
201.245.192.253 - - [23/Jan/2024:01:59:35 -0500] "POST /forms/lservlet;jsessionid=ac16012b30d688c112503e764ab094a2fa9a0f9aabf9.e3iSbxaKaheRe3qKcheMbNuKc41ynknvrkLOlQzNp65In0 HTTP/1.1" 200 2
47.128.28.249 - - [23/Jan/2024:01:59:36 -0500] "GET /BLA/resoluciones/index.php?dir=RESOLUCIONES%202003%2FRES%202003%20651-700%2F&order=desc&sort=size HTTP/1.1" 200 11299
47.128.28.249 - - [23/Jan/2024:01:59:37 -0500] "GET /BLA/resoluciones/dlf/dirup.png HTTP/1.1" 200 644
47.128.28.249 - - [23/Jan/2024:01:59:37 -0500] "GET /BLA/resoluciones/dlf/unknown.png HTTP/1.1" 200 266
201.245.192.253 - - [23/Jan/2024:01:59:43 -0500] "POST /forms/lservlet;jsessionid=ac16012b30d697d92ed5975547868a58de8c0e1951cb.e3iSbxaKaheRe3qKcheMbNuKc41ynknvrkLOlQzNp65In0 HTTP/1.1" 200 2
172.22.2.4 - - [23/Jan/2024:01:59:47 -0500] "GET /BLA/boletinlegal/Directivas/2011/Directiva%20No.%203%20del%2027%20de%20Mayo%20de%202011.pdf HTTP/1.1" 304 -
156.59.198.135 - - [23/Jan/2024:02:00:00 -0500] "GET /BLA/resoluciones/AUTOS%202011/4100.pdf HTTP/1.0" 200 307079
156.59.198.136 - - [23/Jan/2024:02:00:23 -0500] "GET /BLA/resoluciones/AUTOS%202011/4015.pdf HTTP/1.0" 200 153737
156.59.198.135 - - [23/Jan/2024:02:00:48 -0500] "GET /BLA/resoluciones/AUTOS%202011/7414.pdf HTTP/1.0" 200 166923
156.59.198.135 - - [23/Jan/2024:02:01:12 -0500] "GET /BLA/resoluciones/AUTOS%202011/4216.pdf HTTP/1.0" 200 238581
216.245.221.92 - - [23/Jan/2024:02:01:21 -0500] "HEAD / HTTP/1.1" 200 -
190.24.96.140 - - [23/Jan/2024:02:01:33 -0500] "GET /kwssiamovil/sm/acme/a?s=U2FsdGVkX18narVkPikKCHHnZjwbGCdKZ5PTpqAaclrEkhu9SEKiYb9d7v1bhpjYdYy0wBaDH5j0PdiPWrIUjnZSLZwPh5TgJXUcRxJkb4n/rR3wZ9I/AJth+BbEjbWt4V0wrUn88vwqS8nywkp+xD4Wk1D6AW9tdg7mlLZoSJKjPeNkgIsR8SPsrWkyP+Dar2Wmb2jO3/1WbPycYAtwIs5cxDzD9TklEfs9bGaJCIz4VxIdK+qkwN04iFeHsnJMT3h44dnNdXIe59glmm6fNw==&u=U2FsdGVkX1/+H6ZmOy4byD5oAMZVvEO0wNfUyVDBy30PF1wqHROAm4aFj3SlJGWn&y=U2FsdGVkX19z+6i4LaDtXz0bLpWWelzDn0nChIXV9q0gVnBXBjozx4Wg+tlurD6E HTTP/1.1" 200 26
190.24.96.140 - - [23/Jan/2024:02:01:33 -0500] "GET /kwssiamovil/sm/acme/a?s=U2FsdGVkX1/bXh+PkK8C6Ou99jEXKbdLM6qlQ3EN/8QfbWHaniPzLG2deZEoJirZMlCIKqwAG6isa+HIQ7+tjWLzJUBmPrqDnH2J38nttKY6m6nC9NctLIcoV2Z7MujR6TDuDMORfdvwebA/LE6Q2OSQ9RCeCvNYKQjdac83O9ATpLJxhGZ0w5WQILrnMPP0DN/CK3B09bFOcRQw1gjMqGEQayxePGT2rbpfQGN7fRcBkkNVPAuOTw3D/Kn5iAZLkbUjcZnNZxpBLgzjYvG+djBUxvgTYVW0+7w62Kx0Q88J90Zt8V2LIMzojtkIGIeI0nS2PHLgvzE9Wo4fpBz4C+5OzXnvOjTh5S0FWwj6vNQzh3FLgGK7q4qZ67aIDOYv5TL+kPd07hWdALZrKZWce/ojHTpimBB6CXXQ5fCBcWFoFD1P4RGopg5L823SS+B8qwjEEsz25UBtfG5EdOD451INDrySclx8sW2OlA+ii4k+U+nVPSYUOLWskQHFggzK7O042VKJgYJ6t7qLQqizrgk1A0LMr1aaNZz6m3DmwmS3Mmgh8KoAFFLjIpXMix2hASFizaq+Or2460R+2nIroYsoRa9Zc2fRdMA22I9c/nZrv0M1CrZujJW94gSc58Eo5hHLg16aZc+w4oDRCDdcfhfynWQliJSCusO6UsSiJD70A52i7CA7Jf/gNUmlrw6Ju0W4YCBN2X6IJqzyscFx/VBKqpElgswwydNlAk0RLsayi2gY3zEqIadptjSyYrCUS+rpgHTH8B9U1CVXQswg24tPvh/yfSZvNbg7Ya5rVAEuzU/5Bv0wuoZ8CLC1i7e4Sy6WFsLpewE6RsgaZm2wXRaRu7ct/x10UTFVwHJkTzQEdhgapJPkgCEjcggTGUvneHfYvAZnPT/u1p7XE2LhwMR5LI/mUbqKjHzARvwzU/VUbTzFh85Plp09kBkWzXjiCN0G9m0b1ullSwbi/Cje+SZduME6kRwXYHTOBdKwa2AOD7qgPt0BokCPB8aaxI7BZ5AUTJ6mPZO4vhJS8uJz13jjBsiq8EUT9XbIDS8d2pQ1qq59UYLWDqtcHJ7RfoLVzE/I7D8fJoZGvoNpL1robNRGzoNpuKh58FTvUXI7tL89npZtxI0/ftuc210DVuFW4b7r28FGGhyTm91iviSEVFmahxengUWTWjo2xf+BsCaInA5hfgjjg4b3Fzlheh01LmGfNJj8OBS52HXF3ObDoNms8cPS6ZdSAc9uWBQf1G072e1FJP0gr7n/Ddo0efvxGdrLf0cfUhbrK2gvqeGo5GDaAcH70hej1n+lt2xqM0LzP/0cPIpAcVdDGnqEq1AfRPl67vU7BqQZt6hxZPTIkkrnoohVXco/2wG1pdjGdIDpZn4+ZcHuu+vxVgeDTQ4nprXaQmFVw0f4NyiCsUl2GMqwD+ws5rSJ00YsHwQJIg2Y6o+nXokufzfSf55IvPd4Vem2eAhvWvirbOVhu2j8Cx5o3IMNhEpqF8pGFAFvjmqqZc1XvHs4PBa2f2enK+E/AFBIVfz6lGOs22OZIycNqul0OBODWsvmYnVQn8Qw9rjcsfzYbHam86jV+nOYMjL0jtVJrUCBvIBZ6lp3VgU0PCNwbOT48bO1+17/+YOi+/hKKRTkwmYGRL1CfbwoBIfrI/J20oT29X2ZNYhK7JgTPjmYrX6q964Lel6NGVPVNiPy2MUg8BZ4gey6T2nGu8WlupZjeJBNhfVfdWot3k6xTayZSD3j5Us8trb5/GwbhAIxSaa1Jm806/WaecTPkozsvZvpwmFMZqVeb/de9HX7vulYufhS9Fo5QU4LoYxN3Yf2i0S0t+XiXJ3pHt7ls6qU6ULj2NwZpDprYdFDKe6yMrdcoyoTMzP8OciHmwREhUEEy27oXq+2JtsjOLTzFkuAB7h0TTFvYHADrdim5ocACe0HpCxBLAT9nLQPzMHSLYs=&u=U2FsdGVkX1/+H6ZmOy4byD5oAMZVvEO0wNfUyVDBy30PF1wqHROAm4aFj3SlJGWn&y=U2FsdGVkX19z+6i4LaDtXz0bLpWWelzDn0nChIXV9q0gVnBXBjozx4Wg+tlurD6E HTTP/1.1" 200 26
190.24.96.140 - - [23/Jan/2024:02:01:33 -0500] "GET /kwssiamovil/sm/acme/a?s=U2FsdGVkX18iPAD3BkAXGivIY5QTHiwUXlzkQC0PZDdzLjzM/s0IrTW4tmQpx8lWgUMYkeaHgTfFpiDNeBhylP3jRymlKeIdkrXR+pwUDhRQlkBQJWa41a+uRnsQud73iVmkP8xqO94wdBPHIJbNc+Y0FJ9vFAYcGFVKCjMM578=&u=U2FsdGVkX1/+H6ZmOy4byD5oAMZVvEO0wNfUyVDBy30PF1wqHROAm4aFj3SlJGWn&y=U2FsdGVkX19z+6i4LaDtXz0bLpWWelzDn0nChIXV9q0gVnBXBjozx4Wg+tlurD6E HTTP/1.1" 200 26
190.24.96.140 - - [23/Jan/2024:02:01:33 -0500] "GET /kwssiamovil/sm/acme/a?s=U2FsdGVkX1/nWFA9QvG7bXhRa4/ZnB6KSWMSQkL3bY7Oj/dSm0WVWW+jtidK8OpbMIWNxoz+qgmuewWFnDs//KHPmld3zTWN7BshJ/pbY1wAe7vjQS/+Y9YGgOhnHGGsdZ6Ma5h/RrWskGNFMKFK1ZO6iJgd91FL5FAr177YoQw=&u=U2FsdGVkX1/+H6ZmOy4byD5oAMZVvEO0wNfUyVDBy30PF1wqHROAm4aFj3SlJGWn&y=U2FsdGVkX19z+6i4LaDtXz0bLpWWelzDn0nChIXV9q0gVnBXBjozx4Wg+tlurD6E HTTP/1.1" 200 26
190.24.96.140 - - [23/Jan/2024:02:01:34 -0500] "GET /kwssiamovil/sm/acme/a?s=U2FsdGVkX1/M9LQLQpjND5+kdA41rFiQ/zhhRoMvWEdQBUV7llURDtzHuzvOxUQ6t4IzpnFmHKakIiwsqkdMp8PCHjJU1bR7RpjWIHXKx41M+9BCVXGpS1ics3uJsRvA9m2mCVUaghgqVtWHrEDGP1cV4/ez/zBZNtMEcJqySgk=&u=U2FsdGVkX1/+H6ZmOy4byD5oAMZVvEO0wNfUyVDBy30PF1wqHROAm4aFj3SlJGWn&y=U2FsdGVkX19z+6i4LaDtXz0bLpWWelzDn0nChIXV9q0gVnBXBjozx4Wg+tlurD6E HTTP/1.1" 200 26
190.24.96.140 - - [23/Jan/2024:02:01:34 -0500] "GET /kwssiamovil/sm/acme/a?s=U2FsdGVkX18qBN9aks+uRL5SwnssVjwxuctTquAw5WY8vawGgCyOJEFo5USthEoK6fIO46/beNYZBGOcP+yAx4yUE3NxGOBES/clMkA9APjbAKRWJltk5a2ye0xqBzNTI0hcxFcqH6PK1SFX9OalrgYm0Tt/rEpQ501aD3MN0aL9ZDYMNS3ufpJwbzU61xoWyHjwnHJB2qM+DpRdrYIOzg==&u=U2FsdGVkX1/+H6ZmOy4byD5oAMZVvEO0wNfUyVDBy30PF1wqHROAm4aFj3SlJGWn&y=U2FsdGVkX19z+6i4LaDtXz0bLpWWelzDn0nChIXV9q0gVnBXBjozx4Wg+tlurD6E HTTP/1.1" 200 26
201.245.192.253 - - [23/Jan/2024:02:01:35 -0500] "POST /forms/lservlet;jsessionid=ac16012b30d688c112503e764ab094a2fa9a0f9aabf9.e3iSbxaKaheRe3qKcheMbNuKc41ynknvrkLOlQzNp65In0 HTTP/1.1" 200 2
156.59.198.136 - - [23/Jan/2024:02:01:37 -0500] "GET /BLA/resoluciones/AUTOS%202011/3968.pdf HTTP/1.0" 200 455047
201.245.192.253 - - [23/Jan/2024:02:01:43 -0500] "POST /forms/lservlet;jsessionid=ac16012b30d697d92ed5975547868a58de8c0e1951cb.e3iSbxaKaheRe3qKcheMbNuKc41ynknvrkLOlQzNp65In0 HTTP/1.1" 200 2
156.59.198.136 - - [23/Jan/2024:02:02:01 -0500] "GET /BLA/resoluciones/AUTOS%202011/4380.pdf HTTP/1.0" 200 192942
201.245.192.253 - - [23/Jan/2024:02:02:02 -0500] "POST /kwsrmcab/Wsrmcab  HTTP/1.1" 200 35641
40.77.167.44 - - [23/Jan/2024:02:02:07 -0500] "GET /documents/10184/4278102/1+de+febrer+Operativo+hornos.jpg/4c1ea852-3f65-40a8-b497-e09a76cfce1f?t=1675288561210 HTTP/1.1" 404 1034
156.59.198.136 - - [23/Jan/2024:02:02:24 -0500] "GET /BLA/resoluciones/AUTOS%202014/1089.pdf HTTP/1.0" 200 521393
156.59.198.136 - - [23/Jan/2024:02:02:51 -0500] "GET /BLA/resoluciones/AUTOS%202011/4456.pdf HTTP/1.0" 200 203416
172.22.2.4 - - [23/Jan/2024:02:01:34 -0500] "HEAD /BLA/boletinlegal/ HTTP/1.1" 200 -
156.59.198.136 - - [23/Jan/2024:02:03:15 -0500] "GET /BLA/resoluciones/AUTOS%202011/5052.pdf HTTP/1.0" 200 2415696
172.22.2.4 - - [23/Jan/2024:02:03:23 -0500] "GET /BLA/boletinlegal/actos.php HTTP/1.1" 200 9684
172.22.2.4 - - [23/Jan/2024:02:03:24 -0500] "GET /BLA/boletinlegal/js/ajax_actos.js HTTP/1.1" 200 1322
172.22.2.4 - - [23/Jan/2024:02:03:24 -0500] "GET /BLA/boletinlegal/js/jquery1.js HTTP/1.1" 200 29846
172.22.2.4 - - [23/Jan/2024:02:03:25 -0500] "GET /BLA/boletinlegal/js/lib.js HTTP/1.1" 200 6474
172.22.2.4 - - [23/Jan/2024:02:03:25 -0500] "GET /BLA/boletinlegal/js/popup.js HTTP/1.1" 200 1270
201.245.192.253 - - [23/Jan/2024:02:03:35 -0500] "POST /forms/lservlet;jsessionid=ac16012b30d688c112503e764ab094a2fa9a0f9aabf9.e3iSbxaKaheRe3qKcheMbNuKc41ynknvrkLOlQzNp65In0 HTTP/1.1" 200 2
156.59.198.135 - - [23/Jan/2024:02:03:39 -0500] "GET /BLA/resoluciones/AUTOS%202011/5849.pdf HTTP/1.0" 200 152274
201.245.192.253 - - [23/Jan/2024:02:03:43 -0500] "POST /forms/lservlet;jsessionid=ac16012b30d697d92ed5975547868a58de8c0e1951cb.e3iSbxaKaheRe3qKcheMbNuKc41ynknvrkLOlQzNp65In0 HTTP/1.1" 200 2
172.22.2.4 - - [23/Jan/2024:02:02:25 -0500] "GET /BLA/boletinlegal/ HTTP/1.1" 200 58166
156.59.198.136 - - [23/Jan/2024:02:04:05 -0500] "GET /BLA/resoluciones/AUTOS%202011/4165.pdf HTTP/1.0" 200 210164
156.59.198.136 - - [23/Jan/2024:02:04:30 -0500] "GET /BLA/resoluciones/AUTOS%202014/1176.pdf HTTP/1.0" 200 386091
156.59.198.136 - - [23/Jan/2024:02:04:54 -0500] "GET /BLA/resoluciones/AUTOS%202011/3782.pdf HTTP/1.0" 200 1742762
156.59.198.136 - - [23/Jan/2024:02:05:17 -0500] "GET /BLA/resoluciones/AUTOS%202014/1782.pdf HTTP/1.0" 200 467120
201.245.192.253 - - [23/Jan/2024:02:05:35 -0500] "POST /forms/lservlet;jsessionid=ac16012b30d688c112503e764ab094a2fa9a0f9aabf9.e3iSbxaKaheRe3qKcheMbNuKc41ynknvrkLOlQzNp65In0 HTTP/1.1" 200 2
201.245.192.253 - - [23/Jan/2024:02:05:43 -0500] "POST /forms/lservlet;jsessionid=ac16012b30d697d92ed5975547868a58de8c0e1951cb.e3iSbxaKaheRe3qKcheMbNuKc41ynknvrkLOlQzNp65In0 HTTP/1.1" 200 2
156.59.198.136 - - [23/Jan/2024:02:05:43 -0500] "GET /BLA/resoluciones/AUTOS%202011/7642.pdf HTTP/1.0" 200 402580
156.59.198.135 - - [23/Jan/2024:02:06:09 -0500] "GET /BLA/resoluciones/AUTOS%202011/5947.pdf HTTP/1.0" 200 562741
216.245.221.92 - - [23/Jan/2024:02:06:21 -0500] "HEAD / HTTP/1.1" 200 -
156.59.198.136 - - [23/Jan/2024:02:06:33 -0500] "GET /BLA/resoluciones/AUTOS%202014/0208.pdf HTTP/1.0" 200 720672
177.252.207.36 - - [23/Jan/2024:02:06:50 -0500] "GET /gobierno-de-bogota-hace-recomendaciones-a-la-ciudadania-para-que-tome-acciones-ante-la-mala-calidad-del-aire.html HTTP/1.1" 200 864
156.59.198.135 - - [23/Jan/2024:02:06:57 -0500] "GET /BLA/resoluciones/AUTOS%202014/1638.pdf HTTP/1.0" 200 657115
201.245.192.253 - - [23/Jan/2024:02:07:00 -0500] "POST /kwsrmcab/Wsrmcab  HTTP/1.1" 200 35641
13.40.178.181 - - [23/Jan/2024:02:07:07 -0500] "\x16\x03\x01" 400 226
156.59.198.136 - - [23/Jan/2024:02:07:21 -0500] "GET /BLA/resoluciones/AUTOS%202011/6618.pdf HTTP/1.0" 200 229576
201.245.192.253 - - [23/Jan/2024:02:07:35 -0500] "POST /forms/lservlet;jsessionid=ac16012b30d688c112503e764ab094a2fa9a0f9aabf9.e3iSbxaKaheRe3qKcheMbNuKc41ynknvrkLOlQzNp65In0 HTTP/1.1" 200 2
201.245.192.253 - - [23/Jan/2024:02:07:43 -0500] "POST /forms/lservlet;jsessionid=ac16012b30d697d92ed5975547868a58de8c0e1951cb.e3iSbxaKaheRe3qKcheMbNuKc41ynknvrkLOlQzNp65In0 HTTP/1.1" 200 2
156.59.198.136 - - [23/Jan/2024:02:07:47 -0500] "GET /BLA/resoluciones/AUTOS%202011/6408.pdf HTTP/1.0" 200 202607
156.59.198.135 - - [23/Jan/2024:02:08:11 -0500] "GET /BLA/resoluciones/AUTOS%202014/1239.pdf HTTP/1.0" 200 657771
156.59.198.135 - - [23/Jan/2024:02:08:35 -0500] "GET /BLA/resoluciones/AUTOS%202011/7367.pdf HTTP/1.0" 200 168104
13.40.178.181 - - [23/Jan/2024:02:08:54 -0500] "\x16\x03\x01" 400 226
156.59.198.135 - - [23/Jan/2024:02:08:59 -0500] "GET /BLA/resoluciones/AUTOS%202011/4010.pdf HTTP/1.0" 200 343891
172.22.2.4 - - [23/Jan/2024:02:07:24 -0500] "HEAD /BLA/boletinlegal/ HTTP/1.1" 200 -
156.59.198.135 - - [23/Jan/2024:02:09:24 -0500] "GET /BLA/resoluciones/AUTOS%202011/6612.pdf HTTP/1.0" 200 200473
201.245.192.253 - - [23/Jan/2024:02:09:35 -0500] "POST /forms/lservlet;jsessionid=ac16012b30d688c112503e764ab094a2fa9a0f9aabf9.e3iSbxaKaheRe3qKcheMbNuKc41ynknvrkLOlQzNp65In0 HTTP/1.1" 200 2
201.245.192.253 - - [23/Jan/2024:02:09:43 -0500] "POST /forms/lservlet;jsessionid=ac16012b30d697d92ed5975547868a58de8c0e1951cb.e3iSbxaKaheRe3qKcheMbNuKc41ynknvrkLOlQzNp65In0 HTTP/1.1" 200 2
156.59.198.136 - - [23/Jan/2024:02:09:49 -0500] "GET /BLA/resoluciones/AUTOS%202011/4255.pdf HTTP/1.0" 200 198251
172.22.2.4 - - [23/Jan/2024:02:08:15 -0500] "GET /BLA/boletinlegal/ HTTP/1.1" 200 58666
13.40.178.181 - - [23/Jan/2024:02:10:06 -0500] "GET /favicon.ico HTTP/1.1" 200 7782
156.59.198.136 - - [23/Jan/2024:02:10:14 -0500] "GET /BLA/resoluciones/AUTOS%202011/3768.pdf HTTP/1.0" 200 164134
156.59.198.135 - - [23/Jan/2024:02:10:39 -0500] "GET /BLA/resoluciones/AUTOS%202011/4496.pdf HTTP/1.0" 200 453239
156.59.198.136 - - [23/Jan/2024:02:11:03 -0500] "GET /BLA/resoluciones/AUTOS%202011/3830.pdf HTTP/1.0" 200 184979
216.245.221.92 - - [23/Jan/2024:02:11:21 -0500] "HEAD / HTTP/1.1" 200 -
66.42.49.108 - - [23/Jan/2024:02:11:27 -0500] "GET /BLA/boletinlegal/Directivas/2015/Directiva%20No.%2001%20del%2014%20de%20Enero%20de%202015.pdf HTTP/1.1" 200 1416322
156.59.198.135 - - [23/Jan/2024:02:11:28 -0500] "GET /BLA/resoluciones/AUTOS%202014/1544.pdf HTTP/1.0" 200 481084
157.245.149.246 - - [23/Jan/2024:02:11:34 -0500] "GET /BLA/boletinlegal/Directivas/2015/Directiva%20No.%2001%20del%2014%20de%20Enero%20de%202015.pdf HTTP/1.1" 200 1416322
201.245.192.253 - - [23/Jan/2024:02:11:35 -0500] "POST /forms/lservlet;jsessionid=ac16012b30d688c112503e764ab094a2fa9a0f9aabf9.e3iSbxaKaheRe3qKcheMbNuKc41ynknvrkLOlQzNp65In0 HTTP/1.1" 200 2
201.245.192.253 - - [23/Jan/2024:02:11:43 -0500] "POST /forms/lservlet;jsessionid=ac16012b30d697d92ed5975547868a58de8c0e1951cb.e3iSbxaKaheRe3qKcheMbNuKc41ynknvrkLOlQzNp65In0 HTTP/1.1" 200 2
13.40.178.181 - - [23/Jan/2024:02:11:50 -0500] "\x16\x03\x01" 400 226
156.59.198.135 - - [23/Jan/2024:02:11:51 -0500] "GET /BLA/resoluciones/AUTOS%202011/7727.pdf HTTP/1.0" 200 163361
201.245.192.253 - - [23/Jan/2024:02:11:59 -0500] "POST /kwsrmcab/Wsrmcab  HTTP/1.1" 200 35641
156.59.198.136 - - [23/Jan/2024:02:12:16 -0500] "GET /BLA/resoluciones/AUTOS%202011/3823.pdf HTTP/1.0" 200 333346
40.77.167.50 - - [23/Jan/2024:02:12:36 -0500] "GET /Publicaciones/2024EE08047.pdf HTTP/1.1" 304 -
156.59.198.136 - - [23/Jan/2024:02:12:39 -0500] "GET /BLA/resoluciones/AUTOS%202014/0153.pdf HTTP/1.0" 200 831608
13.40.178.181 - - [23/Jan/2024:02:13:01 -0500] "GET /manage/account/login HTTP/1.1" 404 1018
156.59.198.135 - - [23/Jan/2024:02:13:04 -0500] "GET /BLA/resoluciones/AUTOS%202011/7450.pdf HTTP/1.0" 200 165495
156.59.198.136 - - [23/Jan/2024:02:13:28 -0500] "GET /BLA/resoluciones/AUTOS%202011/3075.pdf HTTP/1.0" 200 368566
201.245.192.253 - - [23/Jan/2024:02:13:35 -0500] "POST /forms/lservlet;jsessionid=ac16012b30d688c112503e764ab094a2fa9a0f9aabf9.e3iSbxaKaheRe3qKcheMbNuKc41ynknvrkLOlQzNp65In0 HTTP/1.1" 200 2
201.245.192.253 - - [23/Jan/2024:02:13:43 -0500] "POST /forms/lservlet;jsessionid=ac16012b30d697d92ed5975547868a58de8c0e1951cb.e3iSbxaKaheRe3qKcheMbNuKc41ynknvrkLOlQzNp65In0 HTTP/1.1" 200 2
156.59.198.135 - - [23/Jan/2024:02:13:53 -0500] "GET /BLA/resoluciones/AUTOS%202014/0931.pdf HTTP/1.0" 200 660744
156.59.198.136 - - [23/Jan/2024:02:14:17 -0500] "GET /BLA/resoluciones/AUTOS%202014/1107.pdf HTTP/1.0" 200 360767
156.59.198.136 - - [23/Jan/2024:02:14:42 -0500] "GET /BLA/resoluciones/AUTOS%202014/0887.pdf HTTP/1.0" 200 524105
172.22.2.4 - - [23/Jan/2024:02:13:14 -0500] "HEAD /BLA/boletinlegal/ HTTP/1.1" 200 -
201.245.192.253 - - [23/Jan/2024:02:14:54 -0500] "POST /kwsrmcab/Wsrmcab HTTP/1.1" 200 38978
201.245.192.253 - - [23/Jan/2024:02:14:57 -0500] "POST /kwsrmcab/Wsrmcab HTTP/1.1" 200 37036
156.59.198.135 - - [23/Jan/2024:02:15:07 -0500] "GET /BLA/resoluciones/AUTOS%202011/3974.pdf HTTP/1.0" 200 1065087
156.59.198.135 - - [23/Jan/2024:02:15:32 -0500] "GET /BLA/resoluciones/AUTOS%202014/0923.pdf HTTP/1.0" 200 614703
201.245.192.253 - - [23/Jan/2024:02:15:35 -0500] "POST /forms/lservlet;jsessionid=ac16012b30d688c112503e764ab094a2fa9a0f9aabf9.e3iSbxaKaheRe3qKcheMbNuKc41ynknvrkLOlQzNp65In0 HTTP/1.1" 200 2
201.245.192.253 - - [23/Jan/2024:02:15:43 -0500] "POST /forms/lservlet;jsessionid=ac16012b30d697d92ed5975547868a58de8c0e1951cb.e3iSbxaKaheRe3qKcheMbNuKc41ynknvrkLOlQzNp65In0 HTTP/1.1" 200 2
172.22.2.4 - - [23/Jan/2024:02:14:05 -0500] "GET /BLA/boletinlegal/ HTTP/1.1" 200 58166
156.59.198.136 - - [23/Jan/2024:02:15:57 -0500] "GET /BLA/resoluciones/AUTOS%202011/7798.pdf HTTP/1.0" 200 2506848
13.40.178.181 - - [23/Jan/2024:02:16:10 -0500] "\x16\x03\x01" 400 226
156.59.198.135 - - [23/Jan/2024:02:16:21 -0500] "GET /BLA/resoluciones/AUTOS%202011/6476.pdf HTTP/1.0" 200 158037
216.245.221.92 - - [23/Jan/2024:02:16:21 -0500] "HEAD / HTTP/1.1" 200 -
156.59.198.135 - - [23/Jan/2024:02:16:45 -0500] "GET /BLA/resoluciones/AUTOS%202011/4978.pdf HTTP/1.0" 200 361205
201.245.192.253 - - [23/Jan/2024:02:16:58 -0500] "POST /kwsrmcab/Wsrmcab  HTTP/1.1" 200 35641
156.59.198.135 - - [23/Jan/2024:02:17:10 -0500] "GET /BLA/resoluciones/AUTOS%202014/0809.pdf HTTP/1.0" 200 503612
13.40.178.181 - - [23/Jan/2024:02:17:21 -0500] "GET /admin/index.html HTTP/1.1" 404 1018
156.59.198.135 - - [23/Jan/2024:02:17:34 -0500] "GET /BLA/resoluciones/AUTOS%202014/1313.pdf HTTP/1.0" 200 612295
201.245.192.253 - - [23/Jan/2024:02:17:35 -0500] "POST /forms/lservlet;jsessionid=ac16012b30d688c112503e764ab094a2fa9a0f9aabf9.e3iSbxaKaheRe3qKcheMbNuKc41ynknvrkLOlQzNp65In0 HTTP/1.1" 200 2
201.245.192.253 - - [23/Jan/2024:02:17:43 -0500] "POST /forms/lservlet;jsessionid=ac16012b30d697d92ed5975547868a58de8c0e1951cb.e3iSbxaKaheRe3qKcheMbNuKc41ynknvrkLOlQzNp65In0 HTTP/1.1" 200 2
156.59.198.135 - - [23/Jan/2024:02:17:58 -0500] "GET /BLA/resoluciones/AUTOS%202014/1123.pdf HTTP/1.0" 200 283835
156.59.198.136 - - [23/Jan/2024:02:18:23 -0500] "GET /BLA/resoluciones/AUTOS%202011/5513.pdf HTTP/1.0" 200 216514
156.59.198.136 - - [23/Jan/2024:02:18:46 -0500] "GET /BLA/resoluciones/AUTOS%202011/4239.pdf HTTP/1.0" 200 209925
156.59.198.135 - - [23/Jan/2024:02:19:12 -0500] "GET /BLA/resoluciones/AUTOS%202014/0920.pdf HTTP/1.0" 200 661801
201.245.192.253 - - [23/Jan/2024:02:19:21 -0500] "POST /kwsrmcab/Wsrmcab HTTP/1.1" 200 35676
201.245.192.253 - - [23/Jan/2024:02:19:35 -0500] "POST /forms/lservlet;jsessionid=ac16012b30d688c112503e764ab094a2fa9a0f9aabf9.e3iSbxaKaheRe3qKcheMbNuKc41ynknvrkLOlQzNp65In0 HTTP/1.1" 200 2
156.59.198.136 - - [23/Jan/2024:02:19:35 -0500] "GET /BLA/resoluciones/AUTOS%202011/4188.pdf HTTP/1.0" 200 190168
201.245.192.253 - - [23/Jan/2024:02:19:43 -0500] "POST /forms/lservlet;jsessionid=ac16012b30d697d92ed5975547868a58de8c0e1951cb.e3iSbxaKaheRe3qKcheMbNuKc41ynknvrkLOlQzNp65In0 HTTP/1.1" 200 2
152.61.128.50 - - [23/Jan/2024:02:19:50 -0500] "GET /arcgis/services/Calidad_del_Agua_WQI/MapServer/WMSServer?request=GetCapabilities&service=WMS HTTP/1.1" 503 1020
152.61.128.50 - - [23/Jan/2024:02:19:51 -0500] "GET /arcgis/services/Calidad_del_Agua_WQI/MapServer/WMSServer?SERVICE=WMS&REQUEST=GetCapabilities HTTP/1.1" 503 1020
152.61.128.50 - - [23/Jan/2024:02:19:51 -0500] "GET /arcgis/services/Calidad_del_Agua_WQI/MapServer/WMSServer?WMTVER=1.0.0&REQUEST=capabilities HTTP/1.1" 503 1020
156.59.198.136 - - [23/Jan/2024:02:20:00 -0500] "GET /BLA/resoluciones/AUTOS%202011/4557.pdf HTTP/1.0" 200 153266
156.59.198.135 - - [23/Jan/2024:02:20:24 -0500] "GET /BLA/resoluciones/AUTOS%202011/4085.pdf HTTP/1.0" 200 234685
13.40.178.181 - - [23/Jan/2024:02:20:29 -0500] "\x16\x03\x01" 400 226
201.245.192.253 - - [23/Jan/2024:02:20:28 -0500] "POST /kwsrmcab/Wsrmcab HTTP/1.1" 200 37036
66.249.66.166 - - [23/Jan/2024:02:20:42 -0500] "GET /portaldeninos/parque-mirador-de-los-nevados/ HTTP/1.1" 200 89855
172.22.2.4 - - [23/Jan/2024:02:19:04 -0500] "HEAD /BLA/boletinlegal/ HTTP/1.1" 200 -
156.59.198.136 - - [23/Jan/2024:02:20:49 -0500] "GET /BLA/resoluciones/AUTOS%202011/4668.pdf HTTP/1.0" 200 258183
156.59.198.135 - - [23/Jan/2024:02:21:15 -0500] "GET /BLA/resoluciones/AUTOS%202011/4320.pdf HTTP/1.0" 200 253463
216.245.221.92 - - [23/Jan/2024:02:21:21 -0500] "HEAD / HTTP/1.1" 200 -
172.22.2.4 - - [23/Jan/2024:02:19:55 -0500] "GET /BLA/boletinlegal/ HTTP/1.1" 200 60996
201.245.192.253 - - [23/Jan/2024:02:21:35 -0500] "POST /forms/lservlet;jsessionid=ac16012b30d688c112503e764ab094a2fa9a0f9aabf9.e3iSbxaKaheRe3qKcheMbNuKc41ynknvrkLOlQzNp65In0 HTTP/1.1" 200 2
156.59.198.135 - - [23/Jan/2024:02:21:41 -0500] "GET /BLA/resoluciones/AUTOS%202011/4192.pdf HTTP/1.0" 200 236221
13.40.178.181 - - [23/Jan/2024:02:21:43 -0500] "GET /index.html HTTP/1.1" 200 319
201.245.192.253 - - [23/Jan/2024:02:21:43 -0500] "POST /forms/lservlet;jsessionid=ac16012b30d697d92ed5975547868a58de8c0e1951cb.e3iSbxaKaheRe3qKcheMbNuKc41ynknvrkLOlQzNp65In0 HTTP/1.1" 200 2
201.245.192.253 - - [23/Jan/2024:02:21:57 -0500] "POST /kwsrmcab/Wsrmcab  HTTP/1.1" 200 35641
156.59.198.136 - - [23/Jan/2024:02:22:05 -0500] "GET /BLA/resoluciones/AUTOS%202011/4126.pdf HTTP/1.0" 200 232049
156.59.198.136 - - [23/Jan/2024:02:22:29 -0500] "GET /BLA/resoluciones/AUTOS%202011/4259.pdf HTTP/1.0" 200 184489
