156.59.198.135 - - [23/Jan/2024:03:34:31 -0500] "GET /BLA/resoluciones/AUTOS%202014/0631.pdf HTTP/1.0" 200 801182
156.59.198.136 - - [23/Jan/2024:03:34:55 -0500] "GET /BLA/resoluciones/AUTOS%202014/0654.pdf HTTP/1.0" 200 609276
201.245.192.253 - - [23/Jan/2024:03:34:53 -0500] "POST /kwsrmcab/Wsrmcab HTTP/1.1" 200 39137
201.245.192.253 - - [23/Jan/2024:03:34:56 -0500] "POST /kwsrmcab/Wsrmcab HTTP/1.1" 200 37038
156.59.198.135 - - [23/Jan/2024:03:35:22 -0500] "GET /BLA/resoluciones/AUTOS%202014/1211.pdf HTTP/1.0" 200 186497
201.245.192.253 - - [23/Jan/2024:03:35:35 -0500] "POST /forms/lservlet;jsessionid=ac16012b30d688c112503e764ab094a2fa9a0f9aabf9.e3iSbxaKaheRe3qKcheMbNuKc41ynknvrkLOlQzNp65In0 HTTP/1.1" 200 2
201.245.192.253 - - [23/Jan/2024:03:35:43 -0500] "POST /forms/lservlet;jsessionid=ac16012b30d697d92ed5975547868a58de8c0e1951cb.e3iSbxaKaheRe3qKcheMbNuKc41ynknvrkLOlQzNp65In0 HTTP/1.1" 200 2
156.59.198.136 - - [23/Jan/2024:03:35:47 -0500] "GET /BLA/resoluciones/AUTOS%202014/1522.pdf HTTP/1.0" 200 548806
156.59.198.135 - - [23/Jan/2024:03:36:12 -0500] "GET /BLA/resoluciones/AUTOS%202014/0645.pdf HTTP/1.0" 200 453506
216.245.221.92 - - [23/Jan/2024:03:36:21 -0500] "HEAD / HTTP/1.1" 200 -
172.22.2.4 - - [23/Jan/2024:03:34:54 -0500] "HEAD /BLA/boletinlegal/ HTTP/1.1" 200 -
201.245.192.253 - - [23/Jan/2024:03:36:35 -0500] "POST /kwsrmcab/Wsrmcab  HTTP/1.1" 200 35641
156.59.198.136 - - [23/Jan/2024:03:36:38 -0500] "GET /BLA/resoluciones/AUTOS%202014/1584.pdf HTTP/1.0" 200 880160
156.59.198.135 - - [23/Jan/2024:03:37:01 -0500] "GET /BLA/resoluciones/AUTOS%202014/1491.pdf HTTP/1.0" 200 429801
172.22.2.4 - - [23/Jan/2024:03:35:44 -0500] "GET /BLA/boletinlegal/ HTTP/1.1" 200 58166
156.59.198.135 - - [23/Jan/2024:03:37:25 -0500] "GET /BLA/resoluciones/AUTOS%202014/1005.pdf HTTP/1.0" 200 410746
201.245.192.253 - - [23/Jan/2024:03:37:35 -0500] "POST /forms/lservlet;jsessionid=ac16012b30d688c112503e764ab094a2fa9a0f9aabf9.e3iSbxaKaheRe3qKcheMbNuKc41ynknvrkLOlQzNp65In0 HTTP/1.1" 200 2
201.245.192.253 - - [23/Jan/2024:03:37:43 -0500] "POST /forms/lservlet;jsessionid=ac16012b30d697d92ed5975547868a58de8c0e1951cb.e3iSbxaKaheRe3qKcheMbNuKc41ynknvrkLOlQzNp65In0 HTTP/1.1" 200 2
156.59.198.136 - - [23/Jan/2024:03:37:50 -0500] "GET /BLA/resoluciones/AUTOS%202014/1404.pdf HTTP/1.0" 200 654526
156.59.198.136 - - [23/Jan/2024:03:38:13 -0500] "GET /BLA/resoluciones/AUTOS%202014/1199.pdf HTTP/1.0" 200 353244
156.59.198.136 - - [23/Jan/2024:03:38:38 -0500] "GET /BLA/resoluciones/AUTOS%202014/1228.pdf HTTP/1.0" 200 886274
156.59.198.135 - - [23/Jan/2024:03:39:03 -0500] "GET /BLA/resoluciones/AUTOS%202014/0779.pdf HTTP/1.0" 200 517387
201.245.192.253 - - [23/Jan/2024:03:39:21 -0500] "POST /kwsrmcab/Wsrmcab HTTP/1.1" 200 35662
156.59.198.135 - - [23/Jan/2024:03:39:27 -0500] "GET /BLA/resoluciones/AUTOS%202014/0810.pdf HTTP/1.0" 200 556267
201.245.192.253 - - [23/Jan/2024:03:39:35 -0500] "POST /forms/lservlet;jsessionid=ac16012b30d688c112503e764ab094a2fa9a0f9aabf9.e3iSbxaKaheRe3qKcheMbNuKc41ynknvrkLOlQzNp65In0 HTTP/1.1" 200 2
201.245.192.253 - - [23/Jan/2024:03:39:43 -0500] "POST /forms/lservlet;jsessionid=ac16012b30d697d92ed5975547868a58de8c0e1951cb.e3iSbxaKaheRe3qKcheMbNuKc41ynknvrkLOlQzNp65In0 HTTP/1.1" 200 2
156.59.198.136 - - [23/Jan/2024:03:39:53 -0500] "GET /BLA/resoluciones/AUTOS%202014/1345.pdf HTTP/1.0" 200 521307
156.59.198.136 - - [23/Jan/2024:03:40:17 -0500] "GET /BLA/resoluciones/AUTOS%202014/0042.pdf HTTP/1.0" 200 826826
201.245.192.253 - - [23/Jan/2024:03:40:23 -0500] "POST /kwsrmcab/Wsrmcab HTTP/1.1" 200 37038
156.59.198.135 - - [23/Jan/2024:03:40:43 -0500] "GET /BLA/resoluciones/AUTOS%202014/1333.pdf HTTP/1.0" 200 113877
156.59.198.136 - - [23/Jan/2024:03:41:07 -0500] "GET /BLA/resoluciones/AUTOS%202014/0053.pdf HTTP/1.0" 200 492057
216.245.221.92 - - [23/Jan/2024:03:41:21 -0500] "HEAD / HTTP/1.1" 200 -
156.59.198.136 - - [23/Jan/2024:03:41:33 -0500] "GET /BLA/resoluciones/AUTOS%202014/0552.pdf HTTP/1.0" 200 905757
201.245.192.253 - - [23/Jan/2024:03:41:35 -0500] "POST /forms/lservlet;jsessionid=ac16012b30d688c112503e764ab094a2fa9a0f9aabf9.e3iSbxaKaheRe3qKcheMbNuKc41ynknvrkLOlQzNp65In0 HTTP/1.1" 200 2
201.245.192.253 - - [23/Jan/2024:03:41:34 -0500] "POST /kwsrmcab/Wsrmcab  HTTP/1.1" 200 35641
201.245.192.253 - - [23/Jan/2024:03:41:43 -0500] "POST /forms/lservlet;jsessionid=ac16012b30d697d92ed5975547868a58de8c0e1951cb.e3iSbxaKaheRe3qKcheMbNuKc41ynknvrkLOlQzNp65In0 HTTP/1.1" 200 2
156.59.198.135 - - [23/Jan/2024:03:41:57 -0500] "GET /BLA/resoluciones/AUTOS%202014/0198.pdf HTTP/1.0" 200 616749
156.59.198.136 - - [23/Jan/2024:03:42:20 -0500] "GET /BLA/resoluciones/AUTOS%202014/1213.pdf HTTP/1.0" 200 193631
172.22.2.4 - - [23/Jan/2024:03:40:44 -0500] "HEAD /BLA/boletinlegal/ HTTP/1.1" 200 -
156.59.198.136 - - [23/Jan/2024:03:42:47 -0500] "GET /BLA/resoluciones/AUTOS%202014/1294.pdf HTTP/1.0" 200 1348100
156.59.198.135 - - [23/Jan/2024:03:43:13 -0500] "GET /BLA/resoluciones/AUTOS%202014/0181.pdf HTTP/1.0" 200 617912
172.22.2.4 - - [23/Jan/2024:03:41:34 -0500] "GET /BLA/boletinlegal/ HTTP/1.1" 200 58166
201.245.192.253 - - [23/Jan/2024:03:43:35 -0500] "POST /forms/lservlet;jsessionid=ac16012b30d688c112503e764ab094a2fa9a0f9aabf9.e3iSbxaKaheRe3qKcheMbNuKc41ynknvrkLOlQzNp65In0 HTTP/1.1" 200 2
156.59.198.135 - - [23/Jan/2024:03:43:38 -0500] "GET /BLA/resoluciones/AUTOS%202014/1129.pdf HTTP/1.0" 200 373342
201.245.192.253 - - [23/Jan/2024:03:43:43 -0500] "POST /forms/lservlet;jsessionid=ac16012b30d697d92ed5975547868a58de8c0e1951cb.e3iSbxaKaheRe3qKcheMbNuKc41ynknvrkLOlQzNp65In0 HTTP/1.1" 200 2
156.59.198.136 - - [23/Jan/2024:03:44:00 -0500] "GET /BLA/resoluciones/AUTOS%202014/1138.pdf HTTP/1.0" 200 436226
156.59.198.135 - - [23/Jan/2024:03:44:25 -0500] "GET /BLA/resoluciones/AUTOS%202014/0116.pdf HTTP/1.0" 200 566298
157.245.11.30 - - [23/Jan/2024:03:44:31 -0500] "\x16\x03\x01" 400 226
157.245.11.30 - - [23/Jan/2024:03:44:32 -0500] "GET /phpmyadmin/index.php HTTP/1.1" 403 1165
156.59.198.135 - - [23/Jan/2024:03:44:50 -0500] "GET /BLA/resoluciones/AUTOS%202014/1018.pdf HTTP/1.0" 200 527895
172.22.2.4 - - [23/Jan/2024:03:44:28 -0500] "GET /BLA/boletinlegal/ HTTP/1.1" 200 24523
66.249.66.165 - - [23/Jan/2024:03:45:06 -0500] "GET /portaldeninos/wp-content/plugins/gallery-videos/CSS/Total-Soft-Gallery-Video-Widget.css?ver=4.9.8 HTTP/1.1" 200 51554
66.249.66.165 - - [23/Jan/2024:03:45:07 -0500] "GET /portaldeninos/wp-content/themes/betheme/assets/animations/animations.min.css?ver=20.9.6 HTTP/1.1" 200 58508
66.249.66.165 - - [23/Jan/2024:03:45:07 -0500] "GET /portaldeninos/wp-content/themes/betheme/assets/ui/jquery.ui.all.css?ver=20.9.6 HTTP/1.1" 200 18765
66.249.66.166 - - [23/Jan/2024:03:45:08 -0500] "GET /portaldeninos/wp-content/themes/betheme/css/base.css?ver=20.9.6 HTTP/1.1" 200 57283
66.249.66.167 - - [23/Jan/2024:03:45:09 -0500] "GET /portaldeninos/wp-includes/js/jquery/ui/sortable.min.js?ver=1.11.4 HTTP/1.1" 200 24899
156.59.198.136 - - [23/Jan/2024:03:45:14 -0500] "GET /BLA/resoluciones/AUTOS%202014/0378.pdf HTTP/1.0" 200 803521
201.245.192.253 - - [23/Jan/2024:03:45:35 -0500] "POST /forms/lservlet;jsessionid=ac16012b30d688c112503e764ab094a2fa9a0f9aabf9.e3iSbxaKaheRe3qKcheMbNuKc41ynknvrkLOlQzNp65In0 HTTP/1.1" 200 2
156.59.198.136 - - [23/Jan/2024:03:45:38 -0500] "GET /BLA/resoluciones/AUTOS%202014/0830.pdf HTTP/1.0" 200 588048
201.245.192.253 - - [23/Jan/2024:03:45:43 -0500] "POST /forms/lservlet;jsessionid=ac16012b30d697d92ed5975547868a58de8c0e1951cb.e3iSbxaKaheRe3qKcheMbNuKc41ynknvrkLOlQzNp65In0 HTTP/1.1" 200 2
156.59.198.136 - - [23/Jan/2024:03:46:02 -0500] "GET /BLA/resoluciones/AUTOS%202014/0824.pdf HTTP/1.0" 200 519272
216.245.221.92 - - [23/Jan/2024:03:46:21 -0500] "HEAD / HTTP/1.1" 200 -
156.59.198.135 - - [23/Jan/2024:03:46:28 -0500] "GET /BLA/resoluciones/AUTOS%202014/0445.pdf HTTP/1.0" 200 291829
201.245.192.253 - - [23/Jan/2024:03:46:33 -0500] "POST /kwsrmcab/Wsrmcab  HTTP/1.1" 200 35641
156.59.198.136 - - [23/Jan/2024:03:46:53 -0500] "GET /BLA/resoluciones/AUTOS%202014/0595.pdf HTTP/1.0" 200 3509389
156.59.198.135 - - [23/Jan/2024:03:47:18 -0500] "GET /BLA/resoluciones/AUTOS%202014/1284.pdf HTTP/1.0" 200 441798
162.216.150.140 - - [23/Jan/2024:03:47:32 -0500] "GET / HTTP/1.1" 200 319
201.245.192.253 - - [23/Jan/2024:03:47:35 -0500] "POST /forms/lservlet;jsessionid=ac16012b30d688c112503e764ab094a2fa9a0f9aabf9.e3iSbxaKaheRe3qKcheMbNuKc41ynknvrkLOlQzNp65In0 HTTP/1.1" 200 2
156.59.198.136 - - [23/Jan/2024:03:47:42 -0500] "GET /BLA/resoluciones/AUTOS%202014/1775.pdf HTTP/1.0" 200 759872
201.245.192.253 - - [23/Jan/2024:03:47:43 -0500] "POST /forms/lservlet;jsessionid=ac16012b30d697d92ed5975547868a58de8c0e1951cb.e3iSbxaKaheRe3qKcheMbNuKc41ynknvrkLOlQzNp65In0 HTTP/1.1" 200 2
156.59.198.136 - - [23/Jan/2024:03:48:06 -0500] "GET /BLA/resoluciones/AUTOS%202014/1683.pdf HTTP/1.0" 200 631182
172.22.2.4 - - [23/Jan/2024:03:46:34 -0500] "HEAD /BLA/boletinlegal/ HTTP/1.1" 200 -
198.235.24.179 - - [23/Jan/2024:03:48:28 -0500] "GET / HTTP/1.1" 200 319
156.59.198.136 - - [23/Jan/2024:03:48:29 -0500] "GET /BLA/resoluciones/AUTOS%202014/0435.pdf HTTP/1.0" 200 381909
52.167.144.175 - - [23/Jan/2024:03:48:39 -0500] "GET /portaldeninos/?s=2023 HTTP/1.1" 200 87105
216.244.66.195 - - [23/Jan/2024:03:48:46 -0500] "GET /BLA/resoluciones/AUTOS%202008/0050.pdf HTTP/1.1" 200 92088
216.244.66.195 - - [23/Jan/2024:03:48:51 -0500] "GET /BLA/resoluciones/AUTOS%202008/0058.pdf HTTP/1.1" 200 65090
156.59.198.136 - - [23/Jan/2024:03:48:54 -0500] "GET /BLA/resoluciones/RESOLUCIONES%202007/RES%202007%202301%20AL%202400/RESOLUCION%202322%20DE%202007.pdf HTTP/1.0" 200 635595
216.244.66.195 - - [23/Jan/2024:03:48:56 -0500] "GET /BLA/resoluciones/AUTOS%202008/0392.pdf HTTP/1.1" 200 96553
216.244.66.195 - - [23/Jan/2024:03:49:01 -0500] "GET /BLA/resoluciones/AUTOS%202008/0537.pdf HTTP/1.1" 200 92906
172.22.2.4 - - [23/Jan/2024:03:47:25 -0500] "GET /BLA/boletinlegal/ HTTP/1.1" 200 60529
216.244.66.195 - - [23/Jan/2024:03:49:09 -0500] "GET /BLA/resoluciones/AUTOS%202008/0585.pdf HTTP/1.1" 200 86612
216.244.66.195 - - [23/Jan/2024:03:49:16 -0500] "GET /BLA/resoluciones/AUTOS%202013/0394.pdf HTTP/1.1" 200 2140692
156.59.198.135 - - [23/Jan/2024:03:49:18 -0500] "GET /BLA/resoluciones/RESOLUCIONES%202007/RES%202007%202301%20AL%202400/RESOLUCION%202337%20DE%202007.pdf HTTP/1.0" 200 272182
216.244.66.195 - - [23/Jan/2024:03:49:27 -0500] "GET /BLA/resoluciones/AUTOS%202013/1005.pdf HTTP/1.1" 200 525864
201.245.192.253 - - [23/Jan/2024:03:49:35 -0500] "POST /forms/lservlet;jsessionid=ac16012b30d688c112503e764ab094a2fa9a0f9aabf9.e3iSbxaKaheRe3qKcheMbNuKc41ynknvrkLOlQzNp65In0 HTTP/1.1" 200 2
216.244.66.195 - - [23/Jan/2024:03:49:38 -0500] "GET /BLA/resoluciones/AUTOS%202013/2445.pdf HTTP/1.1" 200 1138894
201.245.192.253 - - [23/Jan/2024:03:49:43 -0500] "POST /forms/lservlet;jsessionid=ac16012b30d697d92ed5975547868a58de8c0e1951cb.e3iSbxaKaheRe3qKcheMbNuKc41ynknvrkLOlQzNp65In0 HTTP/1.1" 200 2
156.59.198.136 - - [23/Jan/2024:03:49:43 -0500] "GET /BLA/resoluciones/RESOLUCIONES%202007/RES%202007%202301%20AL%202400/RESOLUCION%202376%20DE%202007.pdf HTTP/1.0" 200 565576
216.244.66.195 - - [23/Jan/2024:03:49:48 -0500] "GET /BLA/resoluciones/AUTOS%202014/0397.pdf HTTP/1.1" 200 502162
216.244.66.195 - - [23/Jan/2024:03:49:58 -0500] "GET /BLA/resoluciones/AUTOS%202014/1735.pdf HTTP/1.1" 200 3158794
156.59.198.136 - - [23/Jan/2024:03:50:08 -0500] "GET /BLA/resoluciones/AUTOS%202011/6115.pdf HTTP/1.0" 200 172264
216.244.66.195 - - [23/Jan/2024:03:50:15 -0500] "GET /BLA/resoluciones/AUTOS%202014/2399.pdf HTTP/1.1" 200 194593
216.244.66.195 - - [23/Jan/2024:03:50:29 -0500] "GET /BLA/resoluciones/AUTOS%202014/2799.pdf HTTP/1.1" 200 438210
156.59.198.135 - - [23/Jan/2024:03:50:33 -0500] "GET /BLA/resoluciones/AUTOS%202011/6469.pdf HTTP/1.0" 200 158537
216.244.66.195 - - [23/Jan/2024:03:50:45 -0500] "GET /BLA/resoluciones/AUTOS%202015/0135.pdf HTTP/1.1" 200 632754
130.211.54.158 - - [23/Jan/2024:03:50:51 -0500] "GET / HTTP/1.1" 200 319
156.59.198.135 - - [23/Jan/2024:03:50:58 -0500] "GET /BLA/resoluciones/AUTOS%202014/0333.pdf HTTP/1.0" 200 666736
216.244.66.195 - - [23/Jan/2024:03:50:58 -0500] "GET /BLA/resoluciones/AUTOS%202015/0340.pdf HTTP/1.1" 200 328700
216.244.66.195 - - [23/Jan/2024:03:51:10 -0500] "GET /BLA/resoluciones/AUTOS%202015/1662.pdf HTTP/1.1" 200 754548
216.245.221.92 - - [23/Jan/2024:03:51:21 -0500] "HEAD / HTTP/1.1" 200 -
156.59.198.136 - - [23/Jan/2024:03:51:21 -0500] "GET /BLA/resoluciones/AUTOS%202014/0663.pdf HTTP/1.0" 200 779642
216.244.66.195 - - [23/Jan/2024:03:51:22 -0500] "GET /BLA/resoluciones/AUTOS%202018/0277.pdf HTTP/1.1" 200 368963
216.244.66.195 - - [23/Jan/2024:03:51:31 -0500] "GET /BLA/resoluciones/AUTOS%202018/2049.pdf HTTP/1.1" 200 339735
201.245.192.253 - - [23/Jan/2024:03:51:31 -0500] "POST /kwsrmcab/Wsrmcab  HTTP/1.1" 200 35641
201.245.192.253 - - [23/Jan/2024:03:51:35 -0500] "POST /forms/lservlet;jsessionid=ac16012b30d688c112503e764ab094a2fa9a0f9aabf9.e3iSbxaKaheRe3qKcheMbNuKc41ynknvrkLOlQzNp65In0 HTTP/1.1" 200 2
216.244.66.195 - - [23/Jan/2024:03:51:40 -0500] "GET /BLA/resoluciones/AUTOS%202018/2051.pdf HTTP/1.1" 200 320725
201.245.192.253 - - [23/Jan/2024:03:51:43 -0500] "POST /forms/lservlet;jsessionid=ac16012b30d697d92ed5975547868a58de8c0e1951cb.e3iSbxaKaheRe3qKcheMbNuKc41ynknvrkLOlQzNp65In0 HTTP/1.1" 200 2
156.59.198.136 - - [23/Jan/2024:03:51:47 -0500] "GET /BLA/resoluciones/AUTOS%202011/6552.pdf HTTP/1.0" 200 193018
216.244.66.195 - - [23/Jan/2024:03:51:47 -0500] "GET /BLA/resoluciones/AUTOS%202018/2643.pdf HTTP/1.1" 200 256116
216.244.66.195 - - [23/Jan/2024:03:51:54 -0500] "GET /BLA/resoluciones/AUTOS%202018/2722.pdf HTTP/1.1" 200 270544
216.244.66.195 - - [23/Jan/2024:03:52:00 -0500] "GET /BLA/resoluciones/AUTOS%202018/3258.pdf HTTP/1.1" 200 516195
216.244.66.195 - - [23/Jan/2024:03:52:05 -0500] "GET /BLA/resoluciones/AUTOS%202018/4396.pdf HTTP/1.1" 200 279975
156.59.198.136 - - [23/Jan/2024:03:52:11 -0500] "GET /BLA/resoluciones/AUTOS%202011/4198.pdf HTTP/1.0" 200 232609
61.135.159.210 - - [23/Jan/2024:03:52:11 -0500] "GET / HTTP/1.1" 200 319
216.244.66.195 - - [23/Jan/2024:03:52:14 -0500] "GET /BLA/resoluciones/AUTOS%202018/5367.pdf HTTP/1.1" 200 305305
216.244.66.195 - - [23/Jan/2024:03:52:21 -0500] "GET /BLA/resoluciones/AUTOS%202019/1959.pdf HTTP/1.1" 200 326751
216.244.66.195 - - [23/Jan/2024:03:52:27 -0500] "GET /BLA/resoluciones/AUTOS%202019/4550.pdf HTTP/1.1" 200 392779
216.244.66.195 - - [23/Jan/2024:03:52:32 -0500] "GET /BLA/resoluciones/AUTOS%202020/0040.pdf HTTP/1.1" 200 467331
156.59.198.135 - - [23/Jan/2024:03:52:37 -0500] "GET /BLA/resoluciones/AUTOS%202011/4572.pdf HTTP/1.0" 200 257861
216.244.66.195 - - [23/Jan/2024:03:52:40 -0500] "GET /BLA/resoluciones/AUTOS%202020/1327.pdf HTTP/1.1" 200 349477
66.249.66.20 - - [23/Jan/2024:03:52:48 -0500] "GET /BLA/resoluciones/RESOLUCIONES%202008/0570.pdf HTTP/1.1" 200 116940
66.249.66.20 - - [23/Jan/2024:03:52:52 -0500] "GET /BLA/resoluciones/RESOLUCIONES%202008/3227.pdf HTTP/1.1" 200 83849
216.244.66.195 - - [23/Jan/2024:03:52:53 -0500] "GET /BLA/resoluciones/AUTOS%202020/1504.pdf HTTP/1.1" 200 1015699
156.59.198.135 - - [23/Jan/2024:03:53:00 -0500] "GET /BLA/resoluciones/AUTOS%202011/5215.pdf HTTP/1.0" 200 212036
216.244.66.195 - - [23/Jan/2024:03:53:06 -0500] "GET /BLA/resoluciones/AUTOS%202020/1517.pdf HTTP/1.1" 200 366092
216.244.66.195 - - [23/Jan/2024:03:53:17 -0500] "GET /BLA/resoluciones/AUTOS%202020/2185.pdf HTTP/1.1" 200 358744
156.59.198.135 - - [23/Jan/2024:03:53:24 -0500] "GET /BLA/resoluciones/AUTOS%202014/0695.pdf HTTP/1.0" 200 611164
216.244.66.195 - - [23/Jan/2024:03:53:27 -0500] "GET /BLA/resoluciones/AUTOS%202020/2228.pdf HTTP/1.1" 200 591653
201.245.192.253 - - [23/Jan/2024:03:53:35 -0500] "POST /forms/lservlet;jsessionid=ac16012b30d688c112503e764ab094a2fa9a0f9aabf9.e3iSbxaKaheRe3qKcheMbNuKc41ynknvrkLOlQzNp65In0 HTTP/1.1" 200 2
216.244.66.195 - - [23/Jan/2024:03:53:36 -0500] "GET /BLA/resoluciones/AUTOS%202020/2264.pdf HTTP/1.1" 200 348810
201.245.192.253 - - [23/Jan/2024:03:53:43 -0500] "POST /forms/lservlet;jsessionid=ac16012b30d697d92ed5975547868a58de8c0e1951cb.e3iSbxaKaheRe3qKcheMbNuKc41ynknvrkLOlQzNp65In0 HTTP/1.1" 200 2
216.244.66.195 - - [23/Jan/2024:03:53:44 -0500] "GET /BLA/resoluciones/AUTOS%202020/2329.pdf HTTP/1.1" 200 342545
156.59.198.136 - - [23/Jan/2024:03:53:49 -0500] "GET /BLA/resoluciones/AUTOS%202014/1155.pdf HTTP/1.0" 200 516051
216.244.66.195 - - [23/Jan/2024:03:53:51 -0500] "GET /BLA/resoluciones/AUTOS%202020/2567.pdf HTTP/1.1" 200 362670
216.244.66.195 - - [23/Jan/2024:03:53:57 -0500] "GET /BLA/resoluciones/AUTOS%202020/2718.pdf HTTP/1.1" 200 327384
216.244.66.195 - - [23/Jan/2024:03:54:02 -0500] "GET /BLA/resoluciones/AUTOS%202020/2994.pdf HTTP/1.1" 200 391093
137.184.146.132 - - [23/Jan/2024:03:54:03 -0500] "GET / HTTP/1.1" 200 4720
172.22.2.4 - - [23/Jan/2024:03:52:24 -0500] "HEAD /BLA/boletinlegal/ HTTP/1.1" 200 -
216.244.66.195 - - [23/Jan/2024:03:54:07 -0500] "GET /BLA/resoluciones/AUTOS%202020/3207.pdf HTTP/1.1" 200 353967
216.244.66.195 - - [23/Jan/2024:03:54:11 -0500] "GET /BLA/resoluciones/AUTOS%202020/3462.pdf HTTP/1.1" 200 922221
156.59.198.136 - - [23/Jan/2024:03:54:14 -0500] "GET /BLA/resoluciones/AUTOS%202014/1051.pdf HTTP/1.0" 200 424547
216.244.66.195 - - [23/Jan/2024:03:54:15 -0500] "GET /BLA/resoluciones/AUTOS%202020/3472.pdf HTTP/1.1" 200 399380
216.244.66.195 - - [23/Jan/2024:03:54:33 -0500] "GET /BLA/resoluciones/AUTOS%202020/3827.pdf HTTP/1.1" 200 344606
156.59.198.136 - - [23/Jan/2024:03:54:38 -0500] "GET /BLA/resoluciones/AUTOS%202014/0646.pdf HTTP/1.0" 200 274529
66.249.66.39 - - [23/Jan/2024:03:54:41 -0500] "GET /robots.txt HTTP/1.1" 404 1034
66.249.66.39 - - [23/Jan/2024:03:54:41 -0500] "GET /con-plantacion-de-arboles-sigue-la-consolidacion-de-los-conectores-ecosistemicos-en-bogota.html HTTP/1.1" 200 896
216.244.66.195 - - [23/Jan/2024:03:54:47 -0500] "GET /BLA/resoluciones/AUTOS%202020/4057.pdf HTTP/1.1" 200 395716
172.22.2.4 - - [23/Jan/2024:03:53:14 -0500] "GET /BLA/boletinlegal/ HTTP/1.1" 200 56972
216.244.66.195 - - [23/Jan/2024:03:55:00 -0500] "GET /BLA/resoluciones/AUTOS%202020/4085.pdf HTTP/1.1" 200 420222
156.59.198.136 - - [23/Jan/2024:03:55:02 -0500] "GET /BLA/resoluciones/AUTOS%202011/4880.pdf HTTP/1.0" 200 633643
216.244.66.195 - - [23/Jan/2024:03:55:12 -0500] "GET /BLA/resoluciones/AUTOS%202020/4237.pdf HTTP/1.1" 200 336804
216.244.66.195 - - [23/Jan/2024:03:55:22 -0500] "GET /BLA/resoluciones/AUTOS%202020/4397.pdf HTTP/1.1" 200 404593
156.59.198.136 - - [23/Jan/2024:03:55:28 -0500] "GET /BLA/resoluciones/AUTOS%202011/4509.pdf HTTP/1.0" 200 222379
216.244.66.195 - - [23/Jan/2024:03:55:32 -0500] "GET /BLA/resoluciones/AUTOS%202020/4457.pdf HTTP/1.1" 200 419260
201.245.192.253 - - [23/Jan/2024:03:55:35 -0500] "POST /forms/lservlet;jsessionid=ac16012b30d688c112503e764ab094a2fa9a0f9aabf9.e3iSbxaKaheRe3qKcheMbNuKc41ynknvrkLOlQzNp65In0 HTTP/1.1" 200 2
216.244.66.195 - - [23/Jan/2024:03:55:41 -0500] "GET /BLA/resoluciones/AUTOS%202022/1575.pdf HTTP/1.1" 200 507976
201.245.192.253 - - [23/Jan/2024:03:55:43 -0500] "POST /forms/lservlet;jsessionid=ac16012b30d697d92ed5975547868a58de8c0e1951cb.e3iSbxaKaheRe3qKcheMbNuKc41ynknvrkLOlQzNp65In0 HTTP/1.1" 200 2
216.244.66.195 - - [23/Jan/2024:03:55:49 -0500] "GET /BLA/resoluciones/AUTOS%202022/1624.pdf HTTP/1.1" 200 577529
156.59.198.136 - - [23/Jan/2024:03:55:52 -0500] "GET /BLA/resoluciones/AUTOS%202011/7784.pdf HTTP/1.0" 200 138755
216.244.66.195 - - [23/Jan/2024:03:55:56 -0500] "GET /BLA/resoluciones/AUTOS%202022/1848.pdf HTTP/1.1" 200 488006
216.244.66.195 - - [23/Jan/2024:03:56:02 -0500] "GET /BLA/resoluciones/AUTOS%202022/2129.pdf HTTP/1.1" 200 1915138
216.244.66.195 - - [23/Jan/2024:03:56:11 -0500] "GET /BLA/resoluciones/AUTOS%202022/2458.pdf HTTP/1.1" 200 785958
156.59.198.136 - - [23/Jan/2024:03:56:16 -0500] "GET /BLA/resoluciones/AUTOS%202011/5022.pdf HTTP/1.0" 200 633913
216.245.221.92 - - [23/Jan/2024:03:56:21 -0500] "HEAD / HTTP/1.1" 200 -
201.245.192.253 - - [23/Jan/2024:03:56:30 -0500] "POST /kwsrmcab/Wsrmcab  HTTP/1.1" 200 35641
156.59.198.136 - - [23/Jan/2024:03:56:41 -0500] "GET /BLA/resoluciones/AUTOS%202011/7755.pdf HTTP/1.0" 200 245931
216.244.66.195 - - [23/Jan/2024:03:56:50 -0500] "GET /BLA/resoluciones/AUTOS%202022/2558.pdf HTTP/1.1" 200 746850
156.59.198.135 - - [23/Jan/2024:03:57:05 -0500] "GET /BLA/resoluciones/AUTOS%202011/4311.pdf HTTP/1.0" 200 220157
216.244.66.195 - - [23/Jan/2024:03:57:20 -0500] "GET /BLA/resoluciones/RESOLUCIONES%202011/0124.pdf HTTP/1.1" 200 515931
156.59.198.136 - - [23/Jan/2024:03:57:29 -0500] "GET /BLA/resoluciones/AUTOS%202011/7327.pdf HTTP/1.0" 200 403050
201.245.192.253 - - [23/Jan/2024:03:57:35 -0500] "POST /forms/lservlet;jsessionid=ac16012b30d688c112503e764ab094a2fa9a0f9aabf9.e3iSbxaKaheRe3qKcheMbNuKc41ynknvrkLOlQzNp65In0 HTTP/1.1" 200 2
201.245.192.253 - - [23/Jan/2024:03:57:43 -0500] "POST /forms/lservlet;jsessionid=ac16012b30d697d92ed5975547868a58de8c0e1951cb.e3iSbxaKaheRe3qKcheMbNuKc41ynknvrkLOlQzNp65In0 HTTP/1.1" 200 2
216.244.66.195 - - [23/Jan/2024:03:57:50 -0500] "GET /BLA/resoluciones/RESOLUCIONES%202011/1152.pdf HTTP/1.1" 200 489027
156.59.198.136 - - [23/Jan/2024:03:57:55 -0500] "GET /BLA/resoluciones/AUTOS%202011/4097.pdf HTTP/1.0" 200 256041
216.244.66.195 - - [23/Jan/2024:03:58:19 -0500] "GET /BLA/resoluciones/RESOLUCIONES%202011/1771.pdf HTTP/1.1" 200 512589
156.59.198.136 - - [23/Jan/2024:03:58:19 -0500] "GET /BLA/resoluciones/AUTOS%202011/4788.pdf HTTP/1.0" 200 284567
156.59.198.136 - - [23/Jan/2024:03:58:44 -0500] "GET /BLA/resoluciones/AUTOS%202014/0640.pdf HTTP/1.0" 200 432986
216.244.66.195 - - [23/Jan/2024:03:58:47 -0500] "GET /BLA/resoluciones/RESOLUCIONES%202011/2003.pdf HTTP/1.1" 200 442985
156.59.198.135 - - [23/Jan/2024:03:59:10 -0500] "GET /BLA/resoluciones/AUTOS%202014/1285.pdf HTTP/1.0" 200 516162
216.244.66.195 - - [23/Jan/2024:03:59:13 -0500] "GET /BLA/resoluciones/RESOLUCIONES%202011/733%20.pdf HTTP/1.1" 200 528686
156.59.198.135 - - [23/Jan/2024:03:59:34 -0500] "GET /BLA/resoluciones/AUTOS%202011/5870.pdf HTTP/1.0" 200 506930
201.245.192.253 - - [23/Jan/2024:03:59:35 -0500] "POST /forms/lservlet;jsessionid=ac16012b30d688c112503e764ab094a2fa9a0f9aabf9.e3iSbxaKaheRe3qKcheMbNuKc41ynknvrkLOlQzNp65In0 HTTP/1.1" 200 2
216.244.66.195 - - [23/Jan/2024:03:59:39 -0500] "GET /BLA/resoluciones/RESOLUCIONES%202018/0392.pdf HTTP/1.1" 200 270494
201.245.192.253 - - [23/Jan/2024:03:59:43 -0500] "POST /forms/lservlet;jsessionid=ac16012b30d697d92ed5975547868a58de8c0e1951cb.e3iSbxaKaheRe3qKcheMbNuKc41ynknvrkLOlQzNp65In0 HTTP/1.1" 200 2
172.22.2.4 - - [23/Jan/2024:03:58:14 -0500] "HEAD /BLA/boletinlegal/ HTTP/1.1" 200 -
156.59.198.135 - - [23/Jan/2024:04:00:00 -0500] "GET /BLA/resoluciones/AUTOS%202011/5059.pdf HTTP/1.0" 200 170774
216.244.66.195 - - [23/Jan/2024:04:00:03 -0500] "GET /BLA/resoluciones/RESOLUCIONES%202018/0461.pdf HTTP/1.1" 200 236977
156.59.198.136 - - [23/Jan/2024:04:00:23 -0500] "GET /BLA/resoluciones/AUTOS%202011/4602.pdf HTTP/1.0" 200 128539
216.244.66.195 - - [23/Jan/2024:04:00:26 -0500] "GET /BLA/resoluciones/RESOLUCIONES%202018/0571.pdf HTTP/1.1" 200 264329
172.22.2.4 - - [23/Jan/2024:03:59:05 -0500] "GET /BLA/boletinlegal/ HTTP/1.1" 200 60996
216.244.66.195 - - [23/Jan/2024:04:00:48 -0500] "GET /BLA/resoluciones/RESOLUCIONES%202018/2080.pdf HTTP/1.1" 200 2965858
156.59.198.136 - - [23/Jan/2024:04:00:50 -0500] "GET /BLA/resoluciones/AUTOS%202011/6283.pdf HTTP/1.0" 200 231234
156.59.198.135 - - [23/Jan/2024:04:01:15 -0500] "GET /BLA/resoluciones/AUTOS%202014/0608.pdf HTTP/1.0" 200 563452
216.245.221.92 - - [23/Jan/2024:04:01:21 -0500] "HEAD / HTTP/1.1" 200 -
216.244.66.195 - - [23/Jan/2024:04:01:21 -0500] "GET /BLA/resoluciones/RESOLUCIONES%202018/397.pdf HTTP/1.1" 200 259036
201.245.192.253 - - [23/Jan/2024:04:01:28 -0500] "POST /kwsrmcab/Wsrmcab  HTTP/1.1" 200 35641
201.245.192.253 - - [23/Jan/2024:04:01:35 -0500] "POST /forms/lservlet;jsessionid=ac16012b30d688c112503e764ab094a2fa9a0f9aabf9.e3iSbxaKaheRe3qKcheMbNuKc41ynknvrkLOlQzNp65In0 HTTP/1.1" 200 2
156.59.198.136 - - [23/Jan/2024:04:01:39 -0500] "GET /BLA/resoluciones/AUTOS%202011/6093.pdf HTTP/1.0" 200 146806
201.245.192.253 - - [23/Jan/2024:04:01:43 -0500] "POST /forms/lservlet;jsessionid=ac16012b30d697d92ed5975547868a58de8c0e1951cb.e3iSbxaKaheRe3qKcheMbNuKc41ynknvrkLOlQzNp65In0 HTTP/1.1" 200 2
216.244.66.195 - - [23/Jan/2024:04:01:51 -0500] "GET /BLA/resoluciones/RESOLUCIONES%202018/4261.pdf HTTP/1.1" 200 293097
156.59.198.136 - - [23/Jan/2024:04:02:03 -0500] "GET /BLA/resoluciones/AUTOS%202011/6086.pdf HTTP/1.0" 200 257632
216.244.66.195 - - [23/Jan/2024:04:02:20 -0500] "GET /BLA/resoluciones/RESOLUCIONES%202018/4298.pdf HTTP/1.1" 200 265049
156.59.198.135 - - [23/Jan/2024:04:02:29 -0500] "GET /BLA/resoluciones/AUTOS%202011/5839.pdf HTTP/1.0" 200 181026
156.59.198.136 - - [23/Jan/2024:04:02:53 -0500] "GET /BLA/resoluciones/AUTOS%202011/4096.pdf HTTP/1.0" 200 242219
156.59.198.136 - - [23/Jan/2024:04:03:19 -0500] "GET /BLA/resoluciones/AUTOS%202011/6216.pdf HTTP/1.0" 200 152091
201.245.192.253 - - [23/Jan/2024:04:03:35 -0500] "POST /forms/lservlet;jsessionid=ac16012b30d688c112503e764ab094a2fa9a0f9aabf9.e3iSbxaKaheRe3qKcheMbNuKc41ynknvrkLOlQzNp65In0 HTTP/1.1" 200 2
156.59.198.136 - - [23/Jan/2024:04:03:42 -0500] "GET /BLA/resoluciones/AUTOS%202011/4127.pdf HTTP/1.0" 200 234529
201.245.192.253 - - [23/Jan/2024:04:03:43 -0500] "POST /forms/lservlet;jsessionid=ac16012b30d697d92ed5975547868a58de8c0e1951cb.e3iSbxaKaheRe3qKcheMbNuKc41ynknvrkLOlQzNp65In0 HTTP/1.1" 200 2
52.167.144.204 - - [23/Jan/2024:04:03:47 -0500] "GET /BLA/resoluciones/AUTOS%202023/05434.pdf HTTP/1.1" 200 374868
40.77.167.62 - - [23/Jan/2024:04:04:04 -0500] "GET /portaldeninos/2021/06/20/mas-de-130-arboles-fueron-plantados-en-el-humedal-la-conejera-con-comunidad-educativa/ HTTP/1.1" 200 107808
40.77.167.62 - - [23/Jan/2024:04:04:05 -0500] "GET /portaldeninos/tag/humedales-de-bogota/ HTTP/1.1" 200 93936
156.59.198.135 - - [23/Jan/2024:04:04:08 -0500] "GET /BLA/resoluciones/AUTOS%202014/0352.pdf HTTP/1.0" 200 811078
40.77.167.62 - - [23/Jan/2024:04:04:24 -0500] "GET /portaldeninos/ HTTP/1.1" 200 110175
40.77.167.62 - - [23/Jan/2024:04:04:25 -0500] "GET /portaldeninos/wp-content/themes/betheme/assets/animations/animations.min.js?ver=20.9.6 HTTP/1.1" 200 1896
40.77.167.62 - - [23/Jan/2024:04:04:26 -0500] "GET /portaldeninos/wp-content/themes/betheme/assets/jplayer/jplayer.min.js?ver=20.9.6 HTTP/1.1" 200 52702
40.77.167.62 - - [23/Jan/2024:04:04:26 -0500] "GET /portaldeninos/wp-content/themes/betheme/css/shortcodes.css?ver=20.9.6 HTTP/1.1" 200 138889
40.77.167.62 - - [23/Jan/2024:04:04:27 -0500] "GET /portaldeninos/wp-content/themes/betheme/js/plugins.js?ver=20.9.6 HTTP/1.1" 200 197151
40.77.167.62 - - [23/Jan/2024:04:04:27 -0500] "GET /portaldeninos/wp-content/themes/betheme/style.css?ver=20.9.6 HTTP/1.1" 200 287
40.77.167.62 - - [23/Jan/2024:04:04:27 -0500] "GET /portaldeninos/wp-includes/js/jquery/ui/core.min.js?ver=1.11.4 HTTP/1.1" 200 4000
40.77.167.62 - - [23/Jan/2024:04:04:28 -0500] "GET /portaldeninos/wp-includes/js/jquery/ui/sortable.min.js?ver=1.11.4 HTTP/1.1" 200 24899
40.77.167.62 - - [23/Jan/2024:04:04:28 -0500] "GET /portaldeninos/wp-includes/js/wp-emoji-release.min.js?ver=4.9.8 HTTP/1.1" 200 12026
40.77.167.62 - - [23/Jan/2024:04:04:28 -0500] "GET /portaldeninos/wp-content/themes/betheme/fonts/mfn-icons.ttf?93978679 HTTP/1.1" 200 124684
40.77.167.62 - - [23/Jan/2024:04:04:29 -0500] "GET /portaldeninos/wp-content/themes/betheme/assets/jplayer/jplayer.min.js?ver=20.9.6 HTTP/1.1" 200 52702
156.59.198.136 - - [23/Jan/2024:04:04:34 -0500] "GET /BLA/resoluciones/AUTOS%202011/3911.pdf HTTP/1.0" 200 186697
157.55.39.205 - - [23/Jan/2024:04:04:44 -0500] "GET /portaldeninos/wp-content/plugins/gallery-videos/CSS/Total-Soft-Gallery-Video-Widget.css?ver=4.9.8 HTTP/1.1" 200 51554
157.55.39.205 - - [23/Jan/2024:04:04:45 -0500] "GET /portaldeninos/wp-content/plugins/gallery-videos/CSS/totalsoft.css?ver=4.9.8 HTTP/1.1" 200 40622
157.55.39.205 - - [23/Jan/2024:04:04:46 -0500] "GET /portaldeninos/wp-content/plugins/gallery-videos/JS/modernizr.custom.js?ver=4.9.8 HTTP/1.1" 200 9019
157.55.39.205 - - [23/Jan/2024:04:04:47 -0500] "GET /portaldeninos/wp-content/themes/betheme/assets/jplayer/css/jplayer.blue.monday.css?ver=20.9.6 HTTP/1.1" 200 9834
157.55.39.205 - - [23/Jan/2024:04:04:48 -0500] "GET /portaldeninos/wp-content/themes/betheme/assets/ui/jquery.ui.all.css?ver=20.9.6 HTTP/1.1" 200 18765
52.167.144.8 - - [23/Jan/2024:04:04:48 -0500] "GET /portaldeninos/wp-content/themes/betheme/css/base.css?ver=20.9.6 HTTP/1.1" 200 57283
157.55.39.205 - - [23/Jan/2024:04:04:48 -0500] "GET /portaldeninos/wp-content/themes/betheme/css/layout.css?ver=20.9.6 HTTP/1.1" 200 116639
157.55.39.205 - - [23/Jan/2024:04:04:49 -0500] "GET /portaldeninos/wp-content/themes/betheme/css/responsive.css?ver=20.9.6 HTTP/1.1" 200 55740
157.55.39.205 - - [23/Jan/2024:04:04:51 -0500] "GET /portaldeninos/wp-content/themes/betheme/js/scripts.js?ver=20.9.6 HTTP/1.1" 200 77162
157.55.39.205 - - [23/Jan/2024:04:04:51 -0500] "GET /portaldeninos/wp-content/uploads/useanyfont/uaf.css?ver=1589905315 HTTP/1.1" 200 408
157.55.39.205 - - [23/Jan/2024:04:04:51 -0500] "GET /portaldeninos/wp-includes/js/jquery/jquery-migrate.min.js?ver=1.4.1 HTTP/1.1" 200 10056
157.55.39.205 - - [23/Jan/2024:04:04:52 -0500] "GET /portaldeninos/wp-includes/js/jquery/jquery.js?ver=1.12.4 HTTP/1.1" 200 97184
157.55.39.205 - - [23/Jan/2024:04:04:52 -0500] "GET /portaldeninos/wp-includes/js/comment-reply.min.js?ver=4.9.8 HTTP/1.1" 200 1078
52.167.144.161 - - [23/Jan/2024:04:04:55 -0500] "GET /portaldeninos/wp-content/plugins/gallery-videos/JS/Total-Soft-Gallery-Video-Widget.js?ver=4.9.8 HTTP/1.1" 200 80264
52.167.144.161 - - [23/Jan/2024:04:04:56 -0500] "GET /portaldeninos/wp-content/themes/betheme/assets/animations/animations.min.css?ver=20.9.6 HTTP/1.1" 200 58508
52.167.144.161 - - [23/Jan/2024:04:04:56 -0500] "GET /portaldeninos/wp-content/themes/betheme/js/menu.js?ver=20.9.6 HTTP/1.1" 200 2449
52.167.144.161 - - [23/Jan/2024:04:04:56 -0500] "GET /portaldeninos/wp-includes/js/jquery/ui/accordion.min.js?ver=1.11.4 HTTP/1.1" 200 8584
52.167.144.161 - - [23/Jan/2024:04:04:56 -0500] "GET /portaldeninos/wp-includes/js/jquery/ui/mouse.min.js?ver=1.11.4 HTTP/1.1" 200 3148
52.167.144.161 - - [23/Jan/2024:04:04:57 -0500] "GET /portaldeninos/wp-includes/js/jquery/ui/tabs.min.js?ver=1.11.4 HTTP/1.1" 200 12110
52.167.144.161 - - [23/Jan/2024:04:04:57 -0500] "GET /portaldeninos/wp-includes/js/jquery/ui/widget.min.js?ver=1.11.4 HTTP/1.1" 200 6908
52.167.144.161 - - [23/Jan/2024:04:04:57 -0500] "GET /portaldeninos/wp-includes/js/wp-embed.min.js?ver=4.9.8 HTTP/1.1" 200 1398
47.128.98.32 - - [23/Jan/2024:04:05:01 -0500] "GET /BLA/resoluciones/dlf/dirup.png HTTP/1.1" 200 644
47.128.98.32 - - [23/Jan/2024:04:05:01 -0500] "GET /BLA/resoluciones/dlf/pdf.gif HTTP/1.1" 200 272
157.55.39.205 - - [23/Jan/2024:04:05:04 -0500] "GET /portaldeninos/wp-content/plugins/popup-maker/assets/css/site.min.css?ver=1.8.14 HTTP/1.1" 200 8260
157.55.39.205 - - [23/Jan/2024:04:05:05 -0500] "GET /portaldeninos/wp-includes/js/jquery/ui/position.min.js?ver=1.11.4 HTTP/1.1" 200 6527
40.77.167.62 - - [23/Jan/2024:04:05:05 -0500] "GET /portaldeninos/wp-content/themes/betheme/assets/jplayer/jplayer.min.js?ver=20.9.6 HTTP/1.1" 200 52702
47.128.98.32 - - [23/Jan/2024:04:04:59 -0500] "GET /BLA/resoluciones/index.php?dir=RESOLUCIONES%202010%2F&order=desc&sort=size HTTP/1.1" 200 1307966
52.167.144.161 - - [23/Jan/2024:04:05:09 -0500] "GET /portaldeninos/wp-content/plugins/popup-maker/assets/js/site.min.js?defer&ver=1.8.14 HTTP/1.1" 200 48457
156.59.198.135 - - [23/Jan/2024:04:05:21 -0500] "GET /BLA/resoluciones/AUTOS%202011/4654.pdf HTTP/1.0" 200 200291
201.245.192.253 - - [23/Jan/2024:04:05:35 -0500] "POST /forms/lservlet;jsessionid=ac16012b30d688c112503e764ab094a2fa9a0f9aabf9.e3iSbxaKaheRe3qKcheMbNuKc41ynknvrkLOlQzNp65In0 HTTP/1.1" 200 2
40.77.167.62 - - [23/Jan/2024:04:05:15 -0500] "GET /portaldeninos/wp-content/uploads/2019/06/CabezoteAMBIENTIC.mp4 HTTP/1.1" 200 21677757
52.167.144.161 - - [23/Jan/2024:04:05:35 -0500] "GET /portaldeninos/2021/05/16/ninos-ninas-y-jovenes-podran-participar-con-dibujos-y-pinturas-en-el-concurso-a-vuelo-de-pajaro/ HTTP/1.1" 200 104372
201.245.192.253 - - [23/Jan/2024:04:05:43 -0500] "POST /forms/lservlet;jsessionid=ac16012b30d697d92ed5975547868a58de8c0e1951cb.e3iSbxaKaheRe3qKcheMbNuKc41ynknvrkLOlQzNp65In0 HTTP/1.1" 200 2
172.22.2.4 - - [23/Jan/2024:04:04:04 -0500] "HEAD /BLA/boletinlegal/ HTTP/1.1" 200 -
156.59.198.136 - - [23/Jan/2024:04:05:48 -0500] "GET /BLA/resoluciones/AUTOS%202014/0491.pdf HTTP/1.0" 200 452667
40.77.167.62 - - [23/Jan/2024:04:05:45 -0500] "GET /portaldeninos/wp-content/uploads/2023/08/Infografia-Web-Infantil.mp4 HTTP/1.1" 200 24138647
156.59.198.136 - - [23/Jan/2024:04:06:16 -0500] "GET /BLA/resoluciones/AUTOS%202014/0668.pdf HTTP/1.0" 200 983699
216.245.221.92 - - [23/Jan/2024:04:06:21 -0500] "HEAD / HTTP/1.1" 200 -
201.245.192.253 - - [23/Jan/2024:04:06:26 -0500] "POST /kwsrmcab/Wsrmcab  HTTP/1.1" 200 35641
172.22.2.4 - - [23/Jan/2024:04:04:54 -0500] "GET /BLA/boletinlegal/ HTTP/1.1" 200 55862
156.59.198.136 - - [23/Jan/2024:04:06:43 -0500] "GET /BLA/resoluciones/AUTOS%202011/5407.pdf HTTP/1.0" 200 154577
207.46.13.141 - - [23/Jan/2024:04:06:45 -0500] "GET /portaldeninos/humedal-tibanica-2/ HTTP/1.1" 200 87771
156.59.198.136 - - [23/Jan/2024:04:07:06 -0500] "GET /BLA/resoluciones/AUTOS%202011/4529.pdf HTTP/1.0" 200 190734
52.167.144.233 - - [23/Jan/2024:04:07:15 -0500] "GET /portaldeninos/wp-content/themes/betheme/assets/jplayer/jplayer.min.js?ver=20.9.6 HTTP/1.1" 200 52702
172.22.2.4 - - [23/Jan/2024:04:05:41 -0500] "GET /BLA/boletinlegal/ HTTP/1.1" 200 58166
156.59.198.136 - - [23/Jan/2024:04:07:32 -0500] "GET /BLA/resoluciones/AUTOS%202014/0242.pdf HTTP/1.0" 200 743484
201.245.192.253 - - [23/Jan/2024:04:07:35 -0500] "POST /forms/lservlet;jsessionid=ac16012b30d688c112503e764ab094a2fa9a0f9aabf9.e3iSbxaKaheRe3qKcheMbNuKc41ynknvrkLOlQzNp65In0 HTTP/1.1" 200 2
201.245.192.253 - - [23/Jan/2024:04:07:43 -0500] "POST /forms/lservlet;jsessionid=ac16012b30d697d92ed5975547868a58de8c0e1951cb.e3iSbxaKaheRe3qKcheMbNuKc41ynknvrkLOlQzNp65In0 HTTP/1.1" 200 2
156.59.198.135 - - [23/Jan/2024:04:07:55 -0500] "GET /BLA/resoluciones/AUTOS%202011/5729.pdf HTTP/1.0" 200 1392420
17.241.219.36 - - [23/Jan/2024:04:08:02 -0500] "GET /bogota-actualiza-su-plan-de-gestion-ambiental-para-un-conseguir-un-futuro-mas-sostenible.html HTTP/1.1" 200 796
156.59.198.136 - - [23/Jan/2024:04:08:19 -0500] "GET /BLA/resoluciones/AUTOS%202011/7724.pdf HTTP/1.0" 200 192056
156.59.198.135 - - [23/Jan/2024:04:08:44 -0500] "GET /BLA/resoluciones/AUTOS%202014/1460.pdf HTTP/1.0" 200 657050
156.59.198.135 - - [23/Jan/2024:04:09:08 -0500] "GET /BLA/resoluciones/AUTOS%202011/6275.pdf HTTP/1.0" 200 1534490
156.59.198.135 - - [23/Jan/2024:04:09:33 -0500] "GET /BLA/resoluciones/AUTOS%202011/7742.pdf HTTP/1.0" 200 3558113
201.245.192.253 - - [23/Jan/2024:04:09:35 -0500] "POST /forms/lservlet;jsessionid=ac16012b30d688c112503e764ab094a2fa9a0f9aabf9.e3iSbxaKaheRe3qKcheMbNuKc41ynknvrkLOlQzNp65In0 HTTP/1.1" 200 2
201.245.192.253 - - [23/Jan/2024:04:09:43 -0500] "POST /forms/lservlet;jsessionid=ac16012b30d697d92ed5975547868a58de8c0e1951cb.e3iSbxaKaheRe3qKcheMbNuKc41ynknvrkLOlQzNp65In0 HTTP/1.1" 200 2
156.59.198.135 - - [23/Jan/2024:04:09:58 -0500] "GET /BLA/resoluciones/AUTOS%202014/1480.pdf HTTP/1.0" 200 832970
156.59.198.135 - - [23/Jan/2024:04:10:22 -0500] "GET /BLA/resoluciones/AUTOS%202011/4608.pdf HTTP/1.0" 200 390574
156.59.198.135 - - [23/Jan/2024:04:10:47 -0500] "GET /BLA/resoluciones/AUTOS%202011/5037.pdf HTTP/1.0" 200 500612
156.59.198.135 - - [23/Jan/2024:04:11:11 -0500] "GET /BLA/resoluciones/AUTOS%202011/4175.pdf HTTP/1.0" 200 4239573
216.245.221.92 - - [23/Jan/2024:04:11:21 -0500] "HEAD / HTTP/1.1" 200 -
201.245.192.253 - - [23/Jan/2024:04:11:25 -0500] "POST /kwsrmcab/Wsrmcab  HTTP/1.1" 200 35641
172.22.2.4 - - [23/Jan/2024:04:09:54 -0500] "HEAD /BLA/boletinlegal/ HTTP/1.1" 200 -
201.245.192.253 - - [23/Jan/2024:04:11:35 -0500] "POST /forms/lservlet;jsessionid=ac16012b30d688c112503e764ab094a2fa9a0f9aabf9.e3iSbxaKaheRe3qKcheMbNuKc41ynknvrkLOlQzNp65In0 HTTP/1.1" 200 2
156.59.198.135 - - [23/Jan/2024:04:11:37 -0500] "GET /BLA/resoluciones/AUTOS%202011/5274.pdf HTTP/1.0" 200 1149632
201.245.192.253 - - [23/Jan/2024:04:11:43 -0500] "POST /forms/lservlet;jsessionid=ac16012b30d697d92ed5975547868a58de8c0e1951cb.e3iSbxaKaheRe3qKcheMbNuKc41ynknvrkLOlQzNp65In0 HTTP/1.1" 200 2
156.59.198.136 - - [23/Jan/2024:04:12:01 -0500] "GET /BLA/resoluciones/AUTOS%202011/7791.pdf HTTP/1.0" 200 141189
172.22.2.4 - - [23/Jan/2024:04:10:44 -0500] "GET /BLA/boletinlegal/ HTTP/1.1" 200 60176
156.59.198.135 - - [23/Jan/2024:04:12:27 -0500] "GET /BLA/resoluciones/AUTOS%202011/3792.pdf HTTP/1.0" 200 286921
156.59.198.136 - - [23/Jan/2024:04:12:51 -0500] "GET /BLA/resoluciones/RESOLUCIONES%202007/RES%202007%202301%20AL%202400/RESOLUCION%202356%20DE%202007.pdf HTTP/1.0" 200 221509
156.59.198.136 - - [23/Jan/2024:04:13:15 -0500] "GET /BLA/resoluciones/AUTOS%202014/1004.pdf HTTP/1.0" 200 559132
173.252.79.2 - - [23/Jan/2024:04:13:17 -0500] "GET /images/Comprimida%20incendios.jpg HTTP/1.1" 200 23316
201.245.192.253 - - [23/Jan/2024:04:13:35 -0500] "POST /forms/lservlet;jsessionid=ac16012b30d688c112503e764ab094a2fa9a0f9aabf9.e3iSbxaKaheRe3qKcheMbNuKc41ynknvrkLOlQzNp65In0 HTTP/1.1" 200 2
156.59.198.136 - - [23/Jan/2024:04:13:39 -0500] "GET /BLA/resoluciones/AUTOS%202014/0351.pdf HTTP/1.0" 200 530452
201.245.192.253 - - [23/Jan/2024:04:13:43 -0500] "POST /forms/lservlet;jsessionid=ac16012b30d697d92ed5975547868a58de8c0e1951cb.e3iSbxaKaheRe3qKcheMbNuKc41ynknvrkLOlQzNp65In0 HTTP/1.1" 200 2
156.59.198.135 - - [23/Jan/2024:04:14:05 -0500] "GET /BLA/resoluciones/AUTOS%202011/3778.pdf HTTP/1.0" 200 182630
156.59.198.135 - - [23/Jan/2024:04:14:29 -0500] "GET /BLA/resoluciones/AUTOS%202011/4853.pdf HTTP/1.0" 200 254720
156.59.198.135 - - [23/Jan/2024:04:14:53 -0500] "GET /BLA/resoluciones/AUTOS%202011/7782.pdf HTTP/1.0" 200 722833
201.245.192.253 - - [23/Jan/2024:04:14:52 -0500] "POST /kwsrmcab/Wsrmcab HTTP/1.1" 200 39128
201.245.192.253 - - [23/Jan/2024:04:14:56 -0500] "POST /kwsrmcab/Wsrmcab HTTP/1.1" 200 37048
156.59.198.135 - - [23/Jan/2024:04:15:18 -0500] "GET /BLA/resoluciones/AUTOS%202011/7501.pdf HTTP/1.0" 200 175015
201.245.192.253 - - [23/Jan/2024:04:15:35 -0500] "POST /forms/lservlet;jsessionid=ac16012b30d688c112503e764ab094a2fa9a0f9aabf9.e3iSbxaKaheRe3qKcheMbNuKc41ynknvrkLOlQzNp65In0 HTTP/1.1" 200 2
156.59.198.135 - - [23/Jan/2024:04:15:43 -0500] "GET /BLA/resoluciones/AUTOS%202011/5591.pdf HTTP/1.0" 200 473617
201.245.192.253 - - [23/Jan/2024:04:15:43 -0500] "POST /forms/lservlet;jsessionid=ac16012b30d697d92ed5975547868a58de8c0e1951cb.e3iSbxaKaheRe3qKcheMbNuKc41ynknvrkLOlQzNp65In0 HTTP/1.1" 200 2
156.59.198.136 - - [23/Jan/2024:04:16:07 -0500] "GET /BLA/resoluciones/AUTOS%202011/7203.pdf HTTP/1.0" 200 155536
216.245.221.92 - - [23/Jan/2024:04:16:21 -0500] "HEAD / HTTP/1.1" 200 -
201.245.192.253 - - [23/Jan/2024:04:16:24 -0500] "POST /kwsrmcab/Wsrmcab  HTTP/1.1" 200 35641
156.59.198.135 - - [23/Jan/2024:04:16:31 -0500] "GET /BLA/resoluciones/AUTOS%202011/6108.pdf HTTP/1.0" 200 182264
168.119.253.85 - - [23/Jan/2024:04:16:45 -0500] "GET / HTTP/1.1" 200 4720
156.59.198.135 - - [23/Jan/2024:04:16:57 -0500] "GET /BLA/resoluciones/AUTOS%202011/7663.pdf HTTP/1.0" 200 321810
216.244.66.195 - - [23/Jan/2024:04:17:05 -0500] "GET /robots.txt HTTP/1.1" 404 1018
199.16.157.181 - - [23/Jan/2024:04:17:09 -0500] "GET /images/pl%C3%A1sticos%20foto%201..jpg HTTP/1.1" 404 1034
156.59.198.136 - - [23/Jan/2024:04:17:22 -0500] "GET /BLA/resoluciones/AUTOS%202011/4245.pdf HTTP/1.0" 200 280443
172.22.2.4 - - [23/Jan/2024:04:15:44 -0500] "HEAD /BLA/boletinlegal/ HTTP/1.1" 200 -
201.245.192.253 - - [23/Jan/2024:04:17:35 -0500] "POST /forms/lservlet;jsessionid=ac16012b30d688c112503e764ab094a2fa9a0f9aabf9.e3iSbxaKaheRe3qKcheMbNuKc41ynknvrkLOlQzNp65In0 HTTP/1.1" 200 2
201.245.192.253 - - [23/Jan/2024:04:17:43 -0500] "POST /forms/lservlet;jsessionid=ac16012b30d697d92ed5975547868a58de8c0e1951cb.e3iSbxaKaheRe3qKcheMbNuKc41ynknvrkLOlQzNp65In0 HTTP/1.1" 200 2
156.59.198.135 - - [23/Jan/2024:04:17:46 -0500] "GET /BLA/resoluciones/AUTOS%202014/1057.pdf HTTP/1.0" 200 1298087
69.171.251.120 - - [23/Jan/2024:04:17:51 -0500] "GET /images/Comprimida%20incendios.jpg HTTP/1.1" 200 23316
156.59.198.136 - - [23/Jan/2024:04:18:11 -0500] "GET /BLA/resoluciones/AUTOS%202011/5994.pdf HTTP/1.0" 200 160868
172.22.2.4 - - [23/Jan/2024:04:16:34 -0500] "GET /BLA/boletinlegal/ HTTP/1.1" 200 60529
156.59.198.136 - - [23/Jan/2024:04:18:36 -0500] "GET /BLA/resoluciones/AUTOS%202011/5090.pdf HTTP/1.0" 200 328209
156.59.198.135 - - [23/Jan/2024:04:18:59 -0500] "GET /BLA/resoluciones/AUTOS%202011/4033.pdf HTTP/1.0" 200 856968
201.245.192.253 - - [23/Jan/2024:04:19:21 -0500] "POST /kwsrmcab/Wsrmcab HTTP/1.1" 200 35534
156.59.198.135 - - [23/Jan/2024:04:19:25 -0500] "GET /BLA/resoluciones/AUTOS%202011/4099.pdf HTTP/1.0" 200 250953
201.245.192.253 - - [23/Jan/2024:04:19:35 -0500] "POST /forms/lservlet;jsessionid=ac16012b30d688c112503e764ab094a2fa9a0f9aabf9.e3iSbxaKaheRe3qKcheMbNuKc41ynknvrkLOlQzNp65In0 HTTP/1.1" 200 2
201.245.192.253 - - [23/Jan/2024:04:19:43 -0500] "POST /forms/lservlet;jsessionid=ac16012b30d697d92ed5975547868a58de8c0e1951cb.e3iSbxaKaheRe3qKcheMbNuKc41ynknvrkLOlQzNp65In0 HTTP/1.1" 200 2
156.59.198.135 - - [23/Jan/2024:04:19:49 -0500] "GET /BLA/resoluciones/AUTOS%202011/5547.pdf HTTP/1.0" 200 636191
156.59.198.136 - - [23/Jan/2024:04:20:15 -0500] "GET /BLA/resoluciones/AUTOS%202014/0844.pdf HTTP/1.0" 200 373117
40.77.202.98 - - [23/Jan/2024:04:20:22 -0500] "GET /portaldeninos/wp-content/themes/betheme/fonts/mfn-icons.woff?93978679 HTTP/1.1" 200 80932
201.245.192.253 - - [23/Jan/2024:04:20:21 -0500] "POST /kwsrmcab/Wsrmcab HTTP/1.1" 200 37048
156.59.198.136 - - [23/Jan/2024:04:20:41 -0500] "GET /BLA/resoluciones/AUTOS%202011/3817.pdf HTTP/1.0" 200 326899
156.59.198.135 - - [23/Jan/2024:04:21:04 -0500] "GET /BLA/resoluciones/AUTOS%202011/5082.pdf HTTP/1.0" 200 172656
40.77.190.142 - - [23/Jan/2024:04:21:09 -0500] "GET /portaldeninos/wp-json/pum/v1/analytics/?event=open&pid=1126&_cache=1706001669632 HTTP/1.1" 204 -
216.245.221.92 - - [23/Jan/2024:04:21:21 -0500] "HEAD / HTTP/1.1" 200 -
201.245.192.253 - - [23/Jan/2024:04:21:23 -0500] "POST /kwsrmcab/Wsrmcab  HTTP/1.1" 200 35641
156.59.198.136 - - [23/Jan/2024:04:21:28 -0500] "GET /BLA/resoluciones/AUTOS%202014/0347.pdf HTTP/1.0" 200 612090
201.245.192.253 - - [23/Jan/2024:04:21:35 -0500] "POST /forms/lservlet;jsessionid=ac16012b30d688c112503e764ab094a2fa9a0f9aabf9.e3iSbxaKaheRe3qKcheMbNuKc41ynknvrkLOlQzNp65In0 HTTP/1.1" 200 2
201.245.192.253 - - [23/Jan/2024:04:21:43 -0500] "POST /forms/lservlet;jsessionid=ac16012b30d697d92ed5975547868a58de8c0e1951cb.e3iSbxaKaheRe3qKcheMbNuKc41ynknvrkLOlQzNp65In0 HTTP/1.1" 200 2
156.59.198.135 - - [23/Jan/2024:04:21:54 -0500] "GET /BLA/resoluciones/AUTOS%202014/0854.pdf HTTP/1.0" 200 598474
156.59.198.136 - - [23/Jan/2024:04:22:19 -0500] "GET /BLA/resoluciones/AUTOS%202011/6879.pdf HTTP/1.0" 200 2190671
156.59.198.135 - - [23/Jan/2024:04:22:44 -0500] "GET /BLA/resoluciones/AUTOS%202011/4268.pdf HTTP/1.0" 200 269943
156.59.198.136 - - [23/Jan/2024:04:23:08 -0500] "GET /BLA/resoluciones/AUTOS%202011/5572.pdf HTTP/1.0" 200 194190
172.22.2.4 - - [23/Jan/2024:04:21:34 -0500] "HEAD /BLA/boletinlegal/ HTTP/1.1" 200 -
156.59.198.135 - - [23/Jan/2024:04:23:32 -0500] "GET /BLA/resoluciones/AUTOS%202014/0136.pdf HTTP/1.0" 200 742774
17.241.219.253 - - [23/Jan/2024:04:23:33 -0500] "GET /gobierno-de-bogota-hace-recomendaciones-a-la-ciudadania-para-que-tome-acciones-ante-la-mala-calidad-del-aire.html HTTP/1.1" 200 864
201.245.192.253 - - [23/Jan/2024:04:23:35 -0500] "POST /forms/lservlet;jsessionid=ac16012b30d688c112503e764ab094a2fa9a0f9aabf9.e3iSbxaKaheRe3qKcheMbNuKc41ynknvrkLOlQzNp65In0 HTTP/1.1" 200 2
201.245.192.253 - - [23/Jan/2024:04:23:43 -0500] "POST /forms/lservlet;jsessionid=ac16012b30d697d92ed5975547868a58de8c0e1951cb.e3iSbxaKaheRe3qKcheMbNuKc41ynknvrkLOlQzNp65In0 HTTP/1.1" 200 2
156.59.198.135 - - [23/Jan/2024:04:23:56 -0500] "GET /BLA/resoluciones/AUTOS%202011/4453.pdf HTTP/1.0" 200 240257
167.114.101.27 - - [23/Jan/2024:04:24:00 -0500] "GET /gobierno-de-bogota-hace-recomendaciones-a-la-ciudadania-para-que-tome-acciones-ante-la-mala-calidad-del-aire.html HTTP/1.1" 200 864
172.22.2.4 - - [23/Jan/2024:04:22:24 -0500] "GET /BLA/boletinlegal/ HTTP/1.1" 200 55862
168.119.76.168 - - [23/Jan/2024:04:24:17 -0500] "GET /robots.txt HTTP/1.1" 404 1034
168.119.76.168 - - [23/Jan/2024:04:24:17 -0500] "GET /gobierno-de-bogota-hace-recomendaciones-a-la-ciudadania-para-que-tome-acciones-ante-la-mala-calidad-del-aire.html HTTP/1.1" 200 864
156.59.198.136 - - [23/Jan/2024:04:24:22 -0500] "GET /BLA/resoluciones/AUTOS%202014/0853.pdf HTTP/1.0" 200 468000
156.59.198.135 - - [23/Jan/2024:04:24:46 -0500] "GET /BLA/resoluciones/AUTOS%202014/1343.pdf HTTP/1.0" 200 613916
201.245.192.253 - - [23/Jan/2024:04:24:53 -0500] "POST /kwsrmcab/Wsrmcab HTTP/1.1" 200 39128
201.245.192.253 - - [23/Jan/2024:04:24:56 -0500] "POST /kwsrmcab/Wsrmcab HTTP/1.1" 200 37048
156.59.198.135 - - [23/Jan/2024:04:25:10 -0500] "GET /BLA/resoluciones/AUTOS%202011/7648.pdf HTTP/1.0" 200 2783804
156.59.198.135 - - [23/Jan/2024:04:25:35 -0500] "GET /BLA/resoluciones/AUTOS%202014/0888.pdf HTTP/1.0" 200 312214
201.245.192.253 - - [23/Jan/2024:04:25:35 -0500] "POST /forms/lservlet;jsessionid=ac16012b30d688c112503e764ab094a2fa9a0f9aabf9.e3iSbxaKaheRe3qKcheMbNuKc41ynknvrkLOlQzNp65In0 HTTP/1.1" 200 2
201.245.192.253 - - [23/Jan/2024:04:25:43 -0500] "POST /forms/lservlet;jsessionid=ac16012b30d697d92ed5975547868a58de8c0e1951cb.e3iSbxaKaheRe3qKcheMbNuKc41ynknvrkLOlQzNp65In0 HTTP/1.1" 200 2
156.59.198.135 - - [23/Jan/2024:04:26:00 -0500] "GET /BLA/resoluciones/AUTOS%202011/6532.pdf HTTP/1.0" 200 167448
216.245.221.92 - - [23/Jan/2024:04:26:21 -0500] "HEAD / HTTP/1.1" 200 -
201.245.192.253 - - [23/Jan/2024:04:26:22 -0500] "POST /kwsrmcab/Wsrmcab  HTTP/1.1" 200 35641
156.59.198.135 - - [23/Jan/2024:04:26:25 -0500] "GET /BLA/resoluciones/AUTOS%202011/1713.pdf HTTP/1.0" 200 166965
156.59.198.136 - - [23/Jan/2024:04:26:47 -0500] "GET /BLA/resoluciones/AUTOS%202011/6250.pdf HTTP/1.0" 200 200555
156.59.198.135 - - [23/Jan/2024:04:27:12 -0500] "GET /BLA/resoluciones/AUTOS%202014/0605.pdf HTTP/1.0" 200 914650
201.245.192.253 - - [23/Jan/2024:04:27:35 -0500] "POST /forms/lservlet;jsessionid=ac16012b30d688c112503e764ab094a2fa9a0f9aabf9.e3iSbxaKaheRe3qKcheMbNuKc41ynknvrkLOlQzNp65In0 HTTP/1.1" 200 2
156.59.198.135 - - [23/Jan/2024:04:27:36 -0500] "GET /BLA/resoluciones/AUTOS%202011/4540.pdf HTTP/1.0" 200 3708578
201.245.192.253 - - [23/Jan/2024:04:27:43 -0500] "POST /forms/lservlet;jsessionid=ac16012b30d697d92ed5975547868a58de8c0e1951cb.e3iSbxaKaheRe3qKcheMbNuKc41ynknvrkLOlQzNp65In0 HTTP/1.1" 200 2
52.167.144.224 - - [23/Jan/2024:04:27:55 -0500] "GET /BLA/resoluciones/AUTOS%202023/08025.pdf HTTP/1.1" 200 403756
156.59.198.135 - - [23/Jan/2024:04:28:00 -0500] "GET /BLA/resoluciones/AUTOS%202011/3051.pdf HTTP/1.0" 200 84516
156.59.198.135 - - [23/Jan/2024:04:28:24 -0500] "GET /BLA/resoluciones/AUTOS%202011/2790.pdf HTTP/1.0" 200 176193
156.59.198.135 - - [23/Jan/2024:04:28:51 -0500] "GET /BLA/resoluciones/AUTOS%202011/2936.pdf HTTP/1.0" 200 526218
172.22.2.4 - - [23/Jan/2024:04:27:24 -0500] "HEAD /BLA/boletinlegal/ HTTP/1.1" 200 -
156.59.198.136 - - [23/Jan/2024:04:29:14 -0500] "GET /BLA/resoluciones/AUTOS%202014/0771.pdf HTTP/1.0" 200 466084
201.245.192.253 - - [23/Jan/2024:04:29:21 -0500] "POST /kwsrmcab/Wsrmcab HTTP/1.1" 200 35534
201.245.192.253 - - [23/Jan/2024:04:29:35 -0500] "POST /forms/lservlet;jsessionid=ac16012b30d688c112503e764ab094a2fa9a0f9aabf9.e3iSbxaKaheRe3qKcheMbNuKc41ynknvrkLOlQzNp65In0 HTTP/1.1" 200 2
156.59.198.136 - - [23/Jan/2024:04:29:39 -0500] "GET /BLA/resoluciones/AUTOS%202011/4431.pdf HTTP/1.0" 200 511306
201.245.192.253 - - [23/Jan/2024:04:29:43 -0500] "POST /forms/lservlet;jsessionid=ac16012b30d697d92ed5975547868a58de8c0e1951cb.e3iSbxaKaheRe3qKcheMbNuKc41ynknvrkLOlQzNp65In0 HTTP/1.1" 200 2
172.22.2.4 - - [23/Jan/2024:04:28:14 -0500] "GET /BLA/boletinlegal/ HTTP/1.1" 200 52502
156.59.198.135 - - [23/Jan/2024:04:30:03 -0500] "GET /BLA/resoluciones/AUTOS%202014/0606.pdf HTTP/1.0" 200 245053
201.245.192.253 - - [23/Jan/2024:04:30:19 -0500] "POST /kwsrmcab/Wsrmcab HTTP/1.1" 200 37048
156.59.198.136 - - [23/Jan/2024:04:30:28 -0500] "GET /BLA/resoluciones/AUTOS%202014/0438.pdf HTTP/1.0" 200 376616
66.249.66.19 - - [23/Jan/2024:04:30:42 -0500] "GET /BLA/resoluciones/RESOLUCIONES%202011/3374.pdf HTTP/1.1" 200 621456
156.59.198.136 - - [23/Jan/2024:04:30:52 -0500] "GET /BLA/resoluciones/AUTOS%202011/5211.pdf HTTP/1.0" 200 219111
156.59.198.136 - - [23/Jan/2024:04:31:17 -0500] "GET /BLA/resoluciones/AUTOS%202011/7579.pdf HTTP/1.0" 200 1998219
216.245.221.92 - - [23/Jan/2024:04:31:21 -0500] "HEAD / HTTP/1.1" 200 -
201.245.192.253 - - [23/Jan/2024:04:31:20 -0500] "POST /kwsrmcab/Wsrmcab  HTTP/1.1" 200 35641
201.245.192.253 - - [23/Jan/2024:04:31:35 -0500] "POST /forms/lservlet;jsessionid=ac16012b30d688c112503e764ab094a2fa9a0f9aabf9.e3iSbxaKaheRe3qKcheMbNuKc41ynknvrkLOlQzNp65In0 HTTP/1.1" 200 2
156.59.198.136 - - [23/Jan/2024:04:31:41 -0500] "GET /BLA/resoluciones/AUTOS%202011/2929.pdf HTTP/1.0" 200 496523
201.245.192.253 - - [23/Jan/2024:04:31:43 -0500] "POST /forms/lservlet;jsessionid=ac16012b30d697d92ed5975547868a58de8c0e1951cb.e3iSbxaKaheRe3qKcheMbNuKc41ynknvrkLOlQzNp65In0 HTTP/1.1" 200 2
156.59.198.135 - - [23/Jan/2024:04:32:06 -0500] "GET /BLA/resoluciones/AUTOS%202011/3969.pdf HTTP/1.0" 200 253447
156.59.198.135 - - [23/Jan/2024:04:32:34 -0500] "GET /BLA/resoluciones/AUTOS%202011/5854.pdf HTTP/1.0" 200 219202
