156.59.198.136 - - [23/Jan/2024:06:19:27 -0500] "GET /BLA/resoluciones/AUTOS%202014/1329.pdf HTTP/1.0" 200 627196
201.245.192.253 - - [23/Jan/2024:06:19:35 -0500] "POST /forms/lservlet;jsessionid=ac16012b30d688c112503e764ab094a2fa9a0f9aabf9.e3iSbxaKaheRe3qKcheMbNuKc41ynknvrkLOlQzNp65In0 HTTP/1.1" 200 2
201.245.192.253 - - [23/Jan/2024:06:19:43 -0500] "POST /forms/lservlet;jsessionid=ac16012b30d697d92ed5975547868a58de8c0e1951cb.e3iSbxaKaheRe3qKcheMbNuKc41ynknvrkLOlQzNp65In0 HTTP/1.1" 200 2
156.59.198.136 - - [23/Jan/2024:06:19:50 -0500] "GET /BLA/resoluciones/AUTOS%202011/6913.pdf HTTP/1.0" 200 171472
172.22.2.4 - - [23/Jan/2024:06:18:14 -0500] "HEAD /BLA/boletinlegal/ HTTP/1.1" 200 -
172.22.2.4 - - [23/Jan/2024:06:18:31 -0500] "GET /BLA/boletinlegal/ HTTP/1.1" 200 48877
191.156.56.14 - - [23/Jan/2024:06:20:13 -0500] "GET /gobierno-de-bogota-hace-recomendaciones-a-la-ciudadania-para-que-tome-acciones-ante-la-mala-calidad-del-aire.html?fbclid=IwAR1Pjvl08HNw6cD2dcj4mq4AIXi88qx7uXXSkMO4CDQSRrlez7Jvb7NgnHg HTTP/1.1" 200 864
156.59.198.136 - - [23/Jan/2024:06:20:14 -0500] "GET /BLA/resoluciones/AUTOS%202011/4095.pdf HTTP/1.0" 200 228053
156.59.198.136 - - [23/Jan/2024:06:20:39 -0500] "GET /BLA/resoluciones/AUTOS%202014/0560.pdf HTTP/1.0" 200 206568
172.22.2.4 - - [23/Jan/2024:06:19:05 -0500] "GET /BLA/boletinlegal/ HTTP/1.1" 200 52901
201.245.192.253 - - [23/Jan/2024:06:20:46 -0500] "POST /kwsrmcab/Wsrmcab HTTP/1.1" 200 34411
201.245.192.253 - - [23/Jan/2024:06:20:48 -0500] "POST /kwsrmcab/Wsrmcab  HTTP/1.1" 200 35641
156.59.198.136 - - [23/Jan/2024:06:21:03 -0500] "GET /BLA/resoluciones/RESOLUCIONES%202007/RES%202007%202301%20AL%202400/RESOLUCION%202317%20DE%202007.pdf HTTP/1.0" 200 503906
216.245.221.92 - - [23/Jan/2024:06:21:20 -0500] "HEAD / HTTP/1.1" 200 -
156.59.198.136 - - [23/Jan/2024:06:21:27 -0500] "GET /BLA/resoluciones/AUTOS%202011/3813.pdf HTTP/1.0" 200 357837
201.245.192.253 - - [23/Jan/2024:06:21:35 -0500] "POST /forms/lservlet;jsessionid=ac16012b30d688c112503e764ab094a2fa9a0f9aabf9.e3iSbxaKaheRe3qKcheMbNuKc41ynknvrkLOlQzNp65In0 HTTP/1.1" 200 2
201.245.192.253 - - [23/Jan/2024:06:21:43 -0500] "POST /forms/lservlet;jsessionid=ac16012b30d697d92ed5975547868a58de8c0e1951cb.e3iSbxaKaheRe3qKcheMbNuKc41ynknvrkLOlQzNp65In0 HTTP/1.1" 200 2
156.59.198.135 - - [23/Jan/2024:06:21:51 -0500] "GET /BLA/resoluciones/AUTOS%202011/4785.pdf HTTP/1.0" 200 198259
156.59.198.135 - - [23/Jan/2024:06:22:15 -0500] "GET /BLA/resoluciones/AUTOS%202011/5762.pdf HTTP/1.0" 200 910489
156.59.198.136 - - [23/Jan/2024:06:22:39 -0500] "GET /BLA/resoluciones/AUTOS%202011/1753.pdf HTTP/1.0" 200 160209
156.59.198.136 - - [23/Jan/2024:06:23:04 -0500] "GET /BLA/resoluciones/AUTOS%202011/3811.pdf HTTP/1.0" 200 309901
156.59.198.136 - - [23/Jan/2024:06:23:28 -0500] "GET /BLA/resoluciones/AUTOS%202011/5307.pdf HTTP/1.0" 200 228651
201.245.192.253 - - [23/Jan/2024:06:23:35 -0500] "POST /forms/lservlet;jsessionid=ac16012b30d688c112503e764ab094a2fa9a0f9aabf9.e3iSbxaKaheRe3qKcheMbNuKc41ynknvrkLOlQzNp65In0 HTTP/1.1" 200 2
201.245.192.253 - - [23/Jan/2024:06:23:43 -0500] "POST /forms/lservlet;jsessionid=ac16012b30d697d92ed5975547868a58de8c0e1951cb.e3iSbxaKaheRe3qKcheMbNuKc41ynknvrkLOlQzNp65In0 HTTP/1.1" 200 2
156.59.198.135 - - [23/Jan/2024:06:23:53 -0500] "GET /BLA/resoluciones/AUTOS%202011/4542.pdf HTTP/1.0" 200 550550
156.59.198.136 - - [23/Jan/2024:06:24:19 -0500] "GET /BLA/resoluciones/AUTOS%202011/1591.pdf HTTP/1.0" 200 150273
156.59.198.135 - - [23/Jan/2024:06:24:43 -0500] "GET /BLA/resoluciones/AUTOS%202011/1523.pdf HTTP/1.0" 200 141620
23.22.35.162 - - [23/Jan/2024:06:24:54 -0500] "GET /distrito-firmo-resolucion-de-etiquetado-vehicular-ambiental-herramienta-para-clasificar-vehiculos-segun-sus-niveles-de-emisiones.html HTTP/1.1" 200 841
201.245.192.253 - - [23/Jan/2024:06:24:53 -0500] "POST /kwsrmcab/Wsrmcab HTTP/1.1" 200 39001
40.77.167.32 - - [23/Jan/2024:06:24:56 -0500] "GET /BLA/resoluciones/AUTOS%202023/5701.pdf HTTP/1.1" 200 451978
201.245.192.253 - - [23/Jan/2024:06:24:56 -0500] "POST /kwsrmcab/Wsrmcab HTTP/1.1" 200 34411
156.59.198.135 - - [23/Jan/2024:06:25:09 -0500] "GET /BLA/resoluciones/AUTOS%202011/3900.pdf HTTP/1.0" 200 189879
66.249.66.21 - - [23/Jan/2024:06:25:25 -0500] "GET /BLA/resoluciones/RESOLUCIONES%202008/4024.pdf HTTP/1.1" 200 297537
156.59.198.135 - - [23/Jan/2024:06:25:32 -0500] "GET /BLA/resoluciones/AUTOS%202014/1050.pdf HTTP/1.0" 200 601537
201.245.192.253 - - [23/Jan/2024:06:25:35 -0500] "POST /forms/lservlet;jsessionid=ac16012b30d688c112503e764ab094a2fa9a0f9aabf9.e3iSbxaKaheRe3qKcheMbNuKc41ynknvrkLOlQzNp65In0 HTTP/1.1" 200 2
201.245.192.253 - - [23/Jan/2024:06:25:43 -0500] "POST /forms/lservlet;jsessionid=ac16012b30d697d92ed5975547868a58de8c0e1951cb.e3iSbxaKaheRe3qKcheMbNuKc41ynknvrkLOlQzNp65In0 HTTP/1.1" 200 2
172.22.2.4 - - [23/Jan/2024:06:24:04 -0500] "HEAD /BLA/boletinlegal/ HTTP/1.1" 200 -
201.245.192.253 - - [23/Jan/2024:06:25:45 -0500] "POST /kwsrmcab/Wsrmcab  HTTP/1.1" 200 35641
156.59.198.136 - - [23/Jan/2024:06:25:57 -0500] "GET /BLA/resoluciones/AUTOS%202011/5050.pdf HTTP/1.0" 200 540423
173.252.79.10 - - [23/Jan/2024:06:26:12 -0500] "GET /images/Comprimida%20incendios.jpg HTTP/1.1" 200 23316
216.245.221.92 - - [23/Jan/2024:06:26:20 -0500] "HEAD / HTTP/1.1" 200 -
156.59.198.136 - - [23/Jan/2024:06:26:23 -0500] "GET /BLA/resoluciones/AUTOS%202011/4437.pdf HTTP/1.0" 200 244285
172.22.2.4 - - [23/Jan/2024:06:24:55 -0500] "GET /BLA/boletinlegal/ HTTP/1.1" 200 52502
156.59.198.135 - - [23/Jan/2024:06:26:48 -0500] "GET /BLA/resoluciones/AUTOS%202011/4517.pdf HTTP/1.0" 200 165588
156.59.198.135 - - [23/Jan/2024:06:27:11 -0500] "GET /BLA/resoluciones/AUTOS%202014/1454.pdf HTTP/1.0" 200 574457
201.245.192.253 - - [23/Jan/2024:06:27:35 -0500] "POST /forms/lservlet;jsessionid=ac16012b30d688c112503e764ab094a2fa9a0f9aabf9.e3iSbxaKaheRe3qKcheMbNuKc41ynknvrkLOlQzNp65In0 HTTP/1.1" 200 2
156.59.198.135 - - [23/Jan/2024:06:27:37 -0500] "GET /BLA/resoluciones/AUTOS%202014/0568.pdf HTTP/1.0" 200 559115
201.245.192.253 - - [23/Jan/2024:06:27:43 -0500] "POST /forms/lservlet;jsessionid=ac16012b30d697d92ed5975547868a58de8c0e1951cb.e3iSbxaKaheRe3qKcheMbNuKc41ynknvrkLOlQzNp65In0 HTTP/1.1" 200 2
156.59.198.136 - - [23/Jan/2024:06:28:00 -0500] "GET /BLA/resoluciones/AUTOS%202011/4864.pdf HTTP/1.0" 200 1226765
156.59.198.135 - - [23/Jan/2024:06:28:25 -0500] "GET /BLA/resoluciones/AUTOS%202011/1569.pdf HTTP/1.0" 200 97440
156.59.198.135 - - [23/Jan/2024:06:28:50 -0500] "GET /BLA/resoluciones/AUTOS%202011/6477.pdf HTTP/1.0" 200 805490
156.59.198.135 - - [23/Jan/2024:06:29:14 -0500] "GET /BLA/resoluciones/AUTOS%202011/6490.pdf HTTP/1.0" 200 486865
201.245.192.253 - - [23/Jan/2024:06:29:20 -0500] "POST /kwsrmcab/Wsrmcab HTTP/1.1" 200 35527
201.245.192.253 - - [23/Jan/2024:06:29:35 -0500] "POST /forms/lservlet;jsessionid=ac16012b30d688c112503e764ab094a2fa9a0f9aabf9.e3iSbxaKaheRe3qKcheMbNuKc41ynknvrkLOlQzNp65In0 HTTP/1.1" 200 2
156.59.198.136 - - [23/Jan/2024:06:29:39 -0500] "GET /BLA/resoluciones/AUTOS%202011/0276.pdf HTTP/1.0" 200 142895
216.244.66.195 - - [23/Jan/2024:06:29:40 -0500] "GET /BLA/resoluciones/AUTOS%202018/1321.pdf HTTP/1.1" 200 281227
201.245.192.253 - - [23/Jan/2024:06:29:43 -0500] "POST /forms/lservlet;jsessionid=ac16012b30d697d92ed5975547868a58de8c0e1951cb.e3iSbxaKaheRe3qKcheMbNuKc41ynknvrkLOlQzNp65In0 HTTP/1.1" 200 2
216.244.66.195 - - [23/Jan/2024:06:29:53 -0500] "GET /BLA/resoluciones/AUTOS%202018/2122.pdf HTTP/1.1" 200 285333
156.59.198.135 - - [23/Jan/2024:06:30:03 -0500] "GET /BLA/resoluciones/AUTOS%202011/0259.pdf HTTP/1.0" 200 250774
216.244.66.195 - - [23/Jan/2024:06:30:06 -0500] "GET /BLA/resoluciones/AUTOS%202018/2487.pdf HTTP/1.1" 200 246222
201.245.192.253 - - [23/Jan/2024:06:30:21 -0500] "POST /kwsrmcab/Wsrmcab HTTP/1.1" 200 34411
156.59.198.136 - - [23/Jan/2024:06:30:28 -0500] "GET /BLA/resoluciones/AUTOS%202014/0010.pdf HTTP/1.0" 200 421877
201.245.192.253 - - [23/Jan/2024:06:30:44 -0500] "POST /kwsrmcab/Wsrmcab  HTTP/1.1" 200 35641
156.59.198.136 - - [23/Jan/2024:06:30:52 -0500] "GET /BLA/resoluciones/AUTOS%202011/2037.pdf HTTP/1.0" 200 71283
156.59.198.136 - - [23/Jan/2024:06:31:16 -0500] "GET /BLA/resoluciones/RESOLUCIONES%202007/RES%202007%202301%20AL%202400/RESOLUCION%202366%20%20DE%202007.pdf HTTP/1.0" 200 229203
216.245.221.92 - - [23/Jan/2024:06:31:20 -0500] "HEAD / HTTP/1.1" 200 -
172.22.2.4 - - [23/Jan/2024:06:29:54 -0500] "HEAD /BLA/boletinlegal/ HTTP/1.1" 200 -
201.245.192.253 - - [23/Jan/2024:06:31:35 -0500] "POST /forms/lservlet;jsessionid=ac16012b30d688c112503e764ab094a2fa9a0f9aabf9.e3iSbxaKaheRe3qKcheMbNuKc41ynknvrkLOlQzNp65In0 HTTP/1.1" 200 2
156.59.198.136 - - [23/Jan/2024:06:31:41 -0500] "GET /BLA/resoluciones/RESOLUCIONES%202007/RES%202007%202301%20AL%202400/RESOLUCION%202397%20DE%202007.pdf HTTP/1.0" 200 44354
201.245.192.253 - - [23/Jan/2024:06:31:43 -0500] "POST /forms/lservlet;jsessionid=ac16012b30d697d92ed5975547868a58de8c0e1951cb.e3iSbxaKaheRe3qKcheMbNuKc41ynknvrkLOlQzNp65In0 HTTP/1.1" 200 2
186.30.65.26 - - [23/Jan/2024:06:32:03 -0500] "GET /gobierno-de-bogota-hace-recomendaciones-a-la-ciudadania-para-que-tome-acciones-ante-la-mala-calidad-del-aire.html HTTP/1.1" 200 864
156.59.198.136 - - [23/Jan/2024:06:32:05 -0500] "GET /BLA/resoluciones/AUTOS%202011/1043.pdf HTTP/1.0" 200 354642
172.22.2.4 - - [23/Jan/2024:06:30:45 -0500] "GET /BLA/boletinlegal/ HTTP/1.1" 200 60529
156.59.198.135 - - [23/Jan/2024:06:32:30 -0500] "GET /BLA/resoluciones/AUTOS%202014/0850.pdf HTTP/1.0" 200 1382763
156.59.198.136 - - [23/Jan/2024:06:32:55 -0500] "GET /BLA/resoluciones/AUTOS%202014/1651.pdf HTTP/1.0" 200 438014
156.59.198.136 - - [23/Jan/2024:06:33:20 -0500] "GET /BLA/resoluciones/AUTOS%202011/1106.pdf HTTP/1.0" 200 963584
201.245.192.253 - - [23/Jan/2024:06:33:35 -0500] "POST /forms/lservlet;jsessionid=ac16012b30d688c112503e764ab094a2fa9a0f9aabf9.e3iSbxaKaheRe3qKcheMbNuKc41ynknvrkLOlQzNp65In0 HTTP/1.1" 200 2
201.245.192.253 - - [23/Jan/2024:06:33:43 -0500] "POST /forms/lservlet;jsessionid=ac16012b30d697d92ed5975547868a58de8c0e1951cb.e3iSbxaKaheRe3qKcheMbNuKc41ynknvrkLOlQzNp65In0 HTTP/1.1" 200 2
156.59.198.136 - - [23/Jan/2024:06:33:44 -0500] "GET /BLA/resoluciones/AUTOS%202011/7365.pdf HTTP/1.0" 200 203660
156.59.198.136 - - [23/Jan/2024:06:34:10 -0500] "GET /BLA/resoluciones/AUTOS%202011/4229.pdf HTTP/1.0" 200 255161
156.59.198.136 - - [23/Jan/2024:06:34:34 -0500] "GET /BLA/resoluciones/AUTOS%202014/0009.pdf HTTP/1.0" 200 609728
201.245.192.253 - - [23/Jan/2024:06:34:53 -0500] "POST /kwsrmcab/Wsrmcab HTTP/1.1" 200 39001
156.59.198.136 - - [23/Jan/2024:06:34:57 -0500] "GET /BLA/resoluciones/AUTOS%202011/1733.pdf HTTP/1.0" 200 182188
201.245.192.253 - - [23/Jan/2024:06:34:56 -0500] "POST /kwsrmcab/Wsrmcab HTTP/1.1" 200 34411
156.59.198.135 - - [23/Jan/2024:06:35:22 -0500] "GET /BLA/resoluciones/AUTOS%202011/3392.pdf HTTP/1.0" 200 166708
201.245.192.253 - - [23/Jan/2024:06:35:35 -0500] "POST /forms/lservlet;jsessionid=ac16012b30d688c112503e764ab094a2fa9a0f9aabf9.e3iSbxaKaheRe3qKcheMbNuKc41ynknvrkLOlQzNp65In0 HTTP/1.1" 200 2
201.245.192.253 - - [23/Jan/2024:06:35:43 -0500] "POST /forms/lservlet;jsessionid=ac16012b30d697d92ed5975547868a58de8c0e1951cb.e3iSbxaKaheRe3qKcheMbNuKc41ynknvrkLOlQzNp65In0 HTTP/1.1" 200 2
201.245.192.253 - - [23/Jan/2024:06:35:44 -0500] "POST /kwsrmcab/Wsrmcab  HTTP/1.1" 200 35641
156.59.198.136 - - [23/Jan/2024:06:35:46 -0500] "GET /BLA/resoluciones/AUTOS%202011/6384.pdf HTTP/1.0" 200 219880
156.59.198.135 - - [23/Jan/2024:06:36:11 -0500] "GET /BLA/resoluciones/AUTOS%202011/4156.pdf HTTP/1.0" 200 188392
216.245.221.92 - - [23/Jan/2024:06:36:20 -0500] "HEAD / HTTP/1.1" 200 -
156.59.198.135 - - [23/Jan/2024:06:36:37 -0500] "GET /BLA/resoluciones/AUTOS%202011/1303.pdf HTTP/1.0" 200 245511
156.59.198.136 - - [23/Jan/2024:06:37:01 -0500] "GET /BLA/resoluciones/AUTOS%202014/0914.pdf HTTP/1.0" 200 571022
172.22.2.4 - - [23/Jan/2024:06:35:44 -0500] "HEAD /BLA/boletinlegal/ HTTP/1.1" 200 -
156.59.198.135 - - [23/Jan/2024:06:37:27 -0500] "GET /BLA/resoluciones/AUTOS%202011/1830.pdf HTTP/1.0" 200 186483
201.245.192.253 - - [23/Jan/2024:06:37:35 -0500] "POST /forms/lservlet;jsessionid=ac16012b30d688c112503e764ab094a2fa9a0f9aabf9.e3iSbxaKaheRe3qKcheMbNuKc41ynknvrkLOlQzNp65In0 HTTP/1.1" 200 2
201.245.192.253 - - [23/Jan/2024:06:37:43 -0500] "POST /forms/lservlet;jsessionid=ac16012b30d697d92ed5975547868a58de8c0e1951cb.e3iSbxaKaheRe3qKcheMbNuKc41ynknvrkLOlQzNp65In0 HTTP/1.1" 200 2
3.224.220.101 - - [23/Jan/2024:06:37:49 -0500] "GET /en-navidad-protege-la-fauna-bajale-el-volumen-al-ruido-no-uses-musgo-reduce-la-generacion-de-residuos-y-disponlos-bien.html HTTP/1.1" 200 980
156.59.198.136 - - [23/Jan/2024:06:37:51 -0500] "GET /BLA/resoluciones/AUTOS%202011/2094.pdf HTTP/1.0" 200 144291
172.22.2.4 - - [23/Jan/2024:06:36:35 -0500] "GET /BLA/boletinlegal/ HTTP/1.1" 200 55274
66.249.66.20 - - [23/Jan/2024:06:38:16 -0500] "GET /resoluciones/RESOLUCIONES%202009/1330.pdf HTTP/1.1" 404 1018
156.59.198.135 - - [23/Jan/2024:06:38:17 -0500] "GET /BLA/resoluciones/AUTOS%202011/6051.pdf HTTP/1.0" 200 268320
156.59.198.136 - - [23/Jan/2024:06:38:43 -0500] "GET /BLA/resoluciones/AUTOS%202011/4580.pdf HTTP/1.0" 200 501459
156.59.198.135 - - [23/Jan/2024:06:39:09 -0500] "GET /BLA/resoluciones/AUTOS%202011/7311.pdf HTTP/1.0" 200 465082
201.245.192.253 - - [23/Jan/2024:06:39:20 -0500] "POST /kwsrmcab/Wsrmcab HTTP/1.1" 200 35527
156.59.198.135 - - [23/Jan/2024:06:39:33 -0500] "GET /BLA/resoluciones/AUTOS%202011/5366.pdf HTTP/1.0" 200 150964
201.245.192.253 - - [23/Jan/2024:06:39:35 -0500] "POST /forms/lservlet;jsessionid=ac16012b30d688c112503e764ab094a2fa9a0f9aabf9.e3iSbxaKaheRe3qKcheMbNuKc41ynknvrkLOlQzNp65In0 HTTP/1.1" 200 2
201.245.192.253 - - [23/Jan/2024:06:39:43 -0500] "POST /forms/lservlet;jsessionid=ac16012b30d697d92ed5975547868a58de8c0e1951cb.e3iSbxaKaheRe3qKcheMbNuKc41ynknvrkLOlQzNp65In0 HTTP/1.1" 200 2
156.59.198.135 - - [23/Jan/2024:06:39:58 -0500] "GET /BLA/resoluciones/AUTOS%202011/0101.pdf HTTP/1.0" 200 138635
156.59.198.136 - - [23/Jan/2024:06:40:23 -0500] "GET /BLA/resoluciones/AUTOS%202014/0429.pdf HTTP/1.0" 200 345484
201.245.192.253 - - [23/Jan/2024:06:40:22 -0500] "POST /kwsrmcab/Wsrmcab HTTP/1.1" 200 34411
201.245.192.253 - - [23/Jan/2024:06:40:42 -0500] "POST /kwsrmcab/Wsrmcab  HTTP/1.1" 200 35641
156.59.198.135 - - [23/Jan/2024:06:40:47 -0500] "GET /BLA/resoluciones/AUTOS%202011/6543.pdf HTTP/1.0" 200 146987
69.171.249.2 - - [23/Jan/2024:06:40:53 -0500] "GET /images/Comprimida%20incendios.jpg HTTP/1.1" 200 23316
156.59.198.135 - - [23/Jan/2024:06:41:11 -0500] "GET /BLA/resoluciones/AUTOS%202011/1726.pdf HTTP/1.0" 200 158957
216.245.221.92 - - [23/Jan/2024:06:41:20 -0500] "HEAD / HTTP/1.1" 200 -
156.59.198.135 - - [23/Jan/2024:06:41:35 -0500] "GET /BLA/resoluciones/AUTOS%202011/6336.pdf HTTP/1.0" 200 430045
201.245.192.253 - - [23/Jan/2024:06:41:35 -0500] "POST /forms/lservlet;jsessionid=ac16012b30d688c112503e764ab094a2fa9a0f9aabf9.e3iSbxaKaheRe3qKcheMbNuKc41ynknvrkLOlQzNp65In0 HTTP/1.1" 200 2
52.167.144.218 - - [23/Jan/2024:06:41:37 -0500] "GET /BLA/resoluciones/AUTOS%202013/0608.pdf HTTP/1.1" 200 333390
201.245.192.253 - - [23/Jan/2024:06:41:43 -0500] "POST /forms/lservlet;jsessionid=ac16012b30d697d92ed5975547868a58de8c0e1951cb.e3iSbxaKaheRe3qKcheMbNuKc41ynknvrkLOlQzNp65In0 HTTP/1.1" 200 2
201.245.192.253 - - [23/Jan/2024:06:41:44 -0500] "GET /sipse/faces/faces/ HTTP/1.1" 302 -
201.245.192.253 - - [23/Jan/2024:06:41:44 -0500] "GET /sipse/faces/autenticacion.xhtml HTTP/1.1" 200 12402
201.245.192.253 - - [23/Jan/2024:06:41:45 -0500] "GET /sipse/js/disable_browser_buttons.js HTTP/1.1" 200 3230
201.245.192.253 - - [23/Jan/2024:06:41:45 -0500] "GET /sipse/css/custom_css_sg.css HTTP/1.1" 200 9694
201.245.192.253 - - [23/Jan/2024:06:41:45 -0500] "GET /sipse/js/funciones.js HTTP/1.1" 200 12592
201.245.192.253 - - [23/Jan/2024:06:41:45 -0500] "GET /sipse/css/custom_css_sg_prime_login.css HTTP/1.1" 200 443
201.245.192.253 - - [23/Jan/2024:06:41:45 -0500] "GET /sipse/faces/javax.faces.resource/theme.css?ln=primefaces-sipse HTTP/1.1" 304 -
201.245.192.253 - - [23/Jan/2024:06:41:45 -0500] "GET /sipse/faces/javax.faces.resource/layout/layout.css?ln=primefaces&v=4.0 HTTP/1.1" 304 -
201.245.192.253 - - [23/Jan/2024:06:41:45 -0500] "GET /sipse/faces/javax.faces.resource/primefaces.css?ln=primefaces&v=4.0 HTTP/1.1" 304 -
201.245.192.253 - - [23/Jan/2024:06:41:45 -0500] "GET /sipse/faces/javax.faces.resource/jquery/jquery.js?ln=primefaces&v=4.0 HTTP/1.1" 304 -
201.245.192.253 - - [23/Jan/2024:06:41:45 -0500] "GET /sipse/faces/javax.faces.resource/jquery/jquery-plugins.js?ln=primefaces&v=4.0 HTTP/1.1" 304 -
201.245.192.253 - - [23/Jan/2024:06:41:45 -0500] "GET /sipse/faces/javax.faces.resource/primefaces.js?ln=primefaces&v=4.0 HTTP/1.1" 304 -
201.245.192.253 - - [23/Jan/2024:06:41:45 -0500] "GET /sipse/faces/javax.faces.resource/layout/layout.js?ln=primefaces&v=4.0 HTTP/1.1" 304 -
201.245.192.253 - - [23/Jan/2024:06:41:45 -0500] "GET /sipse/faces/javax.faces.resource/images/ui-icons_898989_256x240.png?ln=primefaces-aristo HTTP/1.1" 304 -
201.245.192.253 - - [23/Jan/2024:06:41:45 -0500] "GET /sipse/css/imagen/logoSDG.png HTTP/1.1" 200 53064
201.245.192.253 - - [23/Jan/2024:06:41:45 -0500] "GET /sipse/css/imagen/loginimg.png HTTP/1.1" 200 71635
201.245.192.253 - - [23/Jan/2024:06:41:45 -0500] "GET /sipse/faces/index.xhtml HTTP/1.1" 200 677
201.245.192.253 - - [23/Jan/2024:06:41:45 -0500] "GET /sipse/faces/javax.faces.resource/theme.css?ln=primefaces-sipse HTTP/1.1" 304 -
201.245.192.253 - - [23/Jan/2024:06:41:45 -0500] "GET /favicon.ico HTTP/1.1" 200 7782
201.245.192.253 - - [23/Jan/2024:06:41:45 -0500] "GET /sipse/faces/faces/autenticacion.xhtml HTTP/1.1" 200 12402
201.245.192.253 - - [23/Jan/2024:06:41:45 -0500] "GET /sipse/faces/javax.faces.resource/theme.css?ln=primefaces-sipse HTTP/1.1" 304 -
201.245.192.253 - - [23/Jan/2024:06:41:45 -0500] "GET /sipse/faces/javax.faces.resource/primefaces.css?ln=primefaces&v=4.0 HTTP/1.1" 304 -
201.245.192.253 - - [23/Jan/2024:06:41:45 -0500] "GET /sipse/faces/javax.faces.resource/jquery/jquery.js?ln=primefaces&v=4.0 HTTP/1.1" 304 -
201.245.192.253 - - [23/Jan/2024:06:41:45 -0500] "GET /sipse/faces/javax.faces.resource/layout/layout.css?ln=primefaces&v=4.0 HTTP/1.1" 304 -
201.245.192.253 - - [23/Jan/2024:06:41:45 -0500] "GET /sipse/faces/javax.faces.resource/jquery/jquery-plugins.js?ln=primefaces&v=4.0 HTTP/1.1" 304 -
201.245.192.253 - - [23/Jan/2024:06:41:45 -0500] "GET /sipse/faces/javax.faces.resource/primefaces.js?ln=primefaces&v=4.0 HTTP/1.1" 304 -
201.245.192.253 - - [23/Jan/2024:06:41:45 -0500] "GET /sipse/faces/javax.faces.resource/layout/layout.js?ln=primefaces&v=4.0 HTTP/1.1" 304 -
201.245.192.253 - - [23/Jan/2024:06:41:55 -0500] "POST /sipse/faces/autenticacion.xhtml HTTP/1.1" 200 2220
201.245.192.253 - - [23/Jan/2024:06:41:55 -0500] "GET /sipse/faces/javax.faces.resource/messages/messages.png?ln=primefaces&v=4.0 HTTP/1.1" 304 -
201.245.192.253 - - [23/Jan/2024:06:41:56 -0500] "GET /sipse/faces/javax.faces.resource/images/ui-icons_898989_256x240.png?ln=primefaces-aristo HTTP/1.1" 304 -
201.245.192.253 - - [23/Jan/2024:06:41:56 -0500] "POST /sipse/faces/autenticacion.xhtml HTTP/1.1" 200 16323
201.245.192.253 - - [23/Jan/2024:06:41:57 -0500] "GET /sipse/css/custom_css_sg_prime.css HTTP/1.1" 200 5201
201.245.192.253 - - [23/Jan/2024:06:41:57 -0500] "GET /sipse/faces/javax.faces.resource/layout/layout.css?ln=primefaces&v=4.0 HTTP/1.1" 304 -
201.245.192.253 - - [23/Jan/2024:06:41:57 -0500] "GET /sipse/faces/javax.faces.resource/theme.css?ln=primefaces-sipse HTTP/1.1" 304 -
201.245.192.253 - - [23/Jan/2024:06:41:57 -0500] "GET /sipse/faces/javax.faces.resource/primefaces.css?ln=primefaces&v=4.0 HTTP/1.1" 304 -
201.245.192.253 - - [23/Jan/2024:06:41:57 -0500] "GET /sipse/js/jquery.min.js HTTP/1.1" 200 85582
201.245.192.253 - - [23/Jan/2024:06:41:57 -0500] "GET /sipse/faces/javax.faces.resource/jquery/jquery.js?ln=primefaces&v=4.0 HTTP/1.1" 304 -
201.245.192.253 - - [23/Jan/2024:06:41:57 -0500] "GET /sipse/faces/javax.faces.resource/jquery/jquery-plugins.js?ln=primefaces&v=4.0 HTTP/1.1" 304 -
201.245.192.253 - - [23/Jan/2024:06:41:57 -0500] "GET /sipse/faces/javax.faces.resource/primefaces.js?ln=primefaces&v=4.0 HTTP/1.1" 304 -
201.245.192.253 - - [23/Jan/2024:06:41:57 -0500] "GET /sipse/faces/javax.faces.resource/layout/layout.js?ln=primefaces&v=4.0 HTTP/1.1" 304 -
201.245.192.253 - - [23/Jan/2024:06:41:57 -0500] "GET /sipse/css/v_mergente.css HTTP/1.1" 200 1505
201.245.192.253 - - [23/Jan/2024:06:41:57 -0500] "GET /sipse/css/imagen/contrasena.png HTTP/1.1" 404 383
201.245.192.253 - - [23/Jan/2024:06:41:57 -0500] "GET /sipse/imagenes/cargando.gif HTTP/1.1" 200 36959
201.245.192.253 - - [23/Jan/2024:06:41:57 -0500] "GET /sipse/imagenes/logoAplicacion.jpg HTTP/1.1" 200 155084
156.59.198.136 - - [23/Jan/2024:06:42:00 -0500] "GET /BLA/resoluciones/AUTOS%202011/3185.pdf HTTP/1.0" 200 524366
69.63.184.112 - - [23/Jan/2024:06:42:01 -0500] "GET /plan-de-accion-climatica-pac-de-bogota-aporta-en-cerca-del-90-al-cumplimiento-de-las-acciones-del-acuerdo-de-emergencia-climatica.html HTTP/1.1" 200 1069
201.245.192.253 - - [23/Jan/2024:06:42:02 -0500] "GET /sipse/faces/javax.faces.resource/images/ui-bg_flat_0_2d5972_40x100.png?ln=primefaces-aristo HTTP/1.1" 304 -
201.245.192.253 - - [23/Jan/2024:06:42:02 -0500] "POST /sipse/faces/bienvenido.xhtml HTTP/1.1" 200 2060
190.84.43.161 - - [23/Jan/2024:06:42:04 -0500] "GET /sipse/faces/index.xhtml HTTP/1.1" 200 677
201.245.192.253 - - [23/Jan/2024:06:42:03 -0500] "POST /sipse/faces/bienvenido.xhtml HTTP/1.1" 200 61624
201.245.192.253 - - [23/Jan/2024:06:42:04 -0500] "GET /sipse/faces/javax.faces.resource/primefaces.css?ln=primefaces&v=4.0 HTTP/1.1" 304 -
201.245.192.253 - - [23/Jan/2024:06:42:04 -0500] "GET /sipse/faces/javax.faces.resource/layout/layout.css?ln=primefaces&v=4.0 HTTP/1.1" 304 -
201.245.192.253 - - [23/Jan/2024:06:42:04 -0500] "GET /sipse/faces/javax.faces.resource/theme.css?ln=primefaces-sipse HTTP/1.1" 304 -
190.84.43.161 - - [23/Jan/2024:06:42:04 -0500] "GET /sipse/faces/javax.faces.resource/theme.css?ln=primefaces-sipse HTTP/1.1" 304 -
201.245.192.253 - - [23/Jan/2024:06:42:04 -0500] "GET /sipse/faces/javax.faces.resource/jquery/jquery.js?ln=primefaces&v=4.0 HTTP/1.1" 304 -
201.245.192.253 - - [23/Jan/2024:06:42:04 -0500] "GET /sipse/faces/javax.faces.resource/jquery/jquery-plugins.js?ln=primefaces&v=4.0 HTTP/1.1" 304 -
201.245.192.253 - - [23/Jan/2024:06:42:04 -0500] "GET /sipse/faces/javax.faces.resource/primefaces.js?ln=primefaces&v=4.0 HTTP/1.1" 304 -
201.245.192.253 - - [23/Jan/2024:06:42:04 -0500] "GET /sipse/faces/javax.faces.resource/layout/layout.js?ln=primefaces&v=4.0 HTTP/1.1" 304 -
190.84.43.161 - - [23/Jan/2024:06:42:04 -0500] "GET /sipse/faces/faces/autenticacion.xhtml HTTP/1.1" 200 12402
190.84.43.161 - - [23/Jan/2024:06:42:04 -0500] "GET /sipse/js/funciones.js HTTP/1.1" 304 -
190.84.43.161 - - [23/Jan/2024:06:42:04 -0500] "GET /sipse/js/disable_browser_buttons.js HTTP/1.1" 304 -
190.84.43.161 - - [23/Jan/2024:06:42:04 -0500] "GET /sipse/css/custom_css_sg.css HTTP/1.1" 304 -
190.84.43.161 - - [23/Jan/2024:06:42:04 -0500] "GET /sipse/css/custom_css_sg_prime_login.css HTTP/1.1" 304 -
190.84.43.161 - - [23/Jan/2024:06:42:04 -0500] "GET /sipse/faces/javax.faces.resource/primefaces.css?ln=primefaces&v=4.0 HTTP/1.1" 304 -
190.84.43.161 - - [23/Jan/2024:06:42:04 -0500] "GET /sipse/faces/javax.faces.resource/theme.css?ln=primefaces-sipse HTTP/1.1" 304 -
190.84.43.161 - - [23/Jan/2024:06:42:04 -0500] "GET /sipse/faces/javax.faces.resource/layout/layout.css?ln=primefaces&v=4.0 HTTP/1.1" 304 -
190.84.43.161 - - [23/Jan/2024:06:42:04 -0500] "GET /sipse/faces/javax.faces.resource/jquery/jquery.js?ln=primefaces&v=4.0 HTTP/1.1" 304 -
190.84.43.161 - - [23/Jan/2024:06:42:04 -0500] "GET /sipse/faces/javax.faces.resource/primefaces.js?ln=primefaces&v=4.0 HTTP/1.1" 304 -
190.84.43.161 - - [23/Jan/2024:06:42:04 -0500] "GET /sipse/faces/javax.faces.resource/jquery/jquery-plugins.js?ln=primefaces&v=4.0 HTTP/1.1" 304 -
190.84.43.161 - - [23/Jan/2024:06:42:04 -0500] "GET /sipse/faces/javax.faces.resource/layout/layout.js?ln=primefaces&v=4.0 HTTP/1.1" 304 -
201.245.192.253 - - [23/Jan/2024:06:42:04 -0500] "POST /sipse/faces/presentacion/financiero/solicitudProceso/listarSolicitudProceso.xhtml HTTP/1.1" 200 1556
190.84.43.161 - - [23/Jan/2024:06:42:05 -0500] "GET /sipse/css/imagen/logoSDG.png HTTP/1.1" 304 -
190.84.43.161 - - [23/Jan/2024:06:42:05 -0500] "GET /sipse/css/imagen/loginimg.png HTTP/1.1" 304 -
190.84.43.161 - - [23/Jan/2024:06:42:05 -0500] "GET /sipse/faces/javax.faces.resource/images/ui-icons_898989_256x240.png?ln=primefaces-aristo HTTP/1.1" 304 -
190.84.43.161 - - [23/Jan/2024:06:42:19 -0500] "POST /sipse/faces/autenticacion.xhtml HTTP/1.1" 200 2219
190.84.43.161 - - [23/Jan/2024:06:42:19 -0500] "GET /sipse/faces/javax.faces.resource/messages/messages.png?ln=primefaces&v=4.0 HTTP/1.1" 304 -
66.249.66.19 - - [23/Jan/2024:06:42:21 -0500] "GET /BLA/resoluciones/AUTOS%202008/0851.pdf HTTP/1.1" 200 76780
190.84.43.161 - - [23/Jan/2024:06:42:22 -0500] "POST /sipse/faces/autenticacion.xhtml HTTP/1.1" 200 16341
190.84.43.161 - - [23/Jan/2024:06:42:23 -0500] "GET /sipse/css/custom_css_sg_prime.css HTTP/1.1" 304 -
190.84.43.161 - - [23/Jan/2024:06:42:23 -0500] "GET /sipse/faces/javax.faces.resource/primefaces.css?ln=primefaces&v=4.0 HTTP/1.1" 304 -
190.84.43.161 - - [23/Jan/2024:06:42:23 -0500] "GET /sipse/faces/javax.faces.resource/theme.css?ln=primefaces-sipse HTTP/1.1" 304 -
190.84.43.161 - - [23/Jan/2024:06:42:23 -0500] "GET /sipse/faces/javax.faces.resource/layout/layout.css?ln=primefaces&v=4.0 HTTP/1.1" 304 -
190.84.43.161 - - [23/Jan/2024:06:42:23 -0500] "GET /sipse/js/jquery.min.js HTTP/1.1" 304 -
190.84.43.161 - - [23/Jan/2024:06:42:23 -0500] "GET /sipse/faces/javax.faces.resource/jquery/jquery.js?ln=primefaces&v=4.0 HTTP/1.1" 304 -
190.84.43.161 - - [23/Jan/2024:06:42:23 -0500] "GET /sipse/faces/javax.faces.resource/jquery/jquery-plugins.js?ln=primefaces&v=4.0 HTTP/1.1" 304 -
190.84.43.161 - - [23/Jan/2024:06:42:23 -0500] "GET /sipse/faces/javax.faces.resource/primefaces.js?ln=primefaces&v=4.0 HTTP/1.1" 304 -
190.84.43.161 - - [23/Jan/2024:06:42:23 -0500] "GET /sipse/faces/javax.faces.resource/layout/layout.js?ln=primefaces&v=4.0 HTTP/1.1" 304 -
190.84.43.161 - - [23/Jan/2024:06:42:23 -0500] "GET /sipse/css/v_mergente.css HTTP/1.1" 304 -
190.84.43.161 - - [23/Jan/2024:06:42:23 -0500] "GET /sipse/css/imagen/contrasena.png HTTP/1.1" 404 383
190.84.43.161 - - [23/Jan/2024:06:42:23 -0500] "GET /sipse/imagenes/logoAplicacion.jpg HTTP/1.1" 304 -
190.84.43.161 - - [23/Jan/2024:06:42:23 -0500] "GET /sipse/imagenes/cargando.gif HTTP/1.1" 304 -
190.84.43.161 - - [23/Jan/2024:06:42:25 -0500] "GET /sipse/faces/javax.faces.resource/images/ui-bg_flat_0_2d5972_40x100.png?ln=primefaces-aristo HTTP/1.1" 304 -
190.84.43.161 - - [23/Jan/2024:06:42:25 -0500] "POST /sipse/faces/bienvenido.xhtml HTTP/1.1" 200 2658
156.59.198.135 - - [23/Jan/2024:06:42:25 -0500] "GET /BLA/resoluciones/AUTOS%202011/4288.pdf HTTP/1.0" 200 235349
190.84.43.161 - - [23/Jan/2024:06:42:26 -0500] "POST /sipse/faces/bienvenido.xhtml HTTP/1.1" 200 64253
190.84.43.161 - - [23/Jan/2024:06:42:26 -0500] "GET /sipse/faces/javax.faces.resource/primefaces.css?ln=primefaces&v=4.0 HTTP/1.1" 304 -
190.84.43.161 - - [23/Jan/2024:06:42:26 -0500] "GET /sipse/faces/javax.faces.resource/theme.css?ln=primefaces-sipse HTTP/1.1" 304 -
190.84.43.161 - - [23/Jan/2024:06:42:26 -0500] "GET /sipse/faces/javax.faces.resource/layout/layout.css?ln=primefaces&v=4.0 HTTP/1.1" 304 -
190.84.43.161 - - [23/Jan/2024:06:42:26 -0500] "GET /sipse/faces/javax.faces.resource/jquery/jquery.js?ln=primefaces&v=4.0 HTTP/1.1" 304 -
190.84.43.161 - - [23/Jan/2024:06:42:27 -0500] "GET /sipse/faces/javax.faces.resource/jquery/jquery-plugins.js?ln=primefaces&v=4.0 HTTP/1.1" 304 -
190.84.43.161 - - [23/Jan/2024:06:42:27 -0500] "GET /sipse/faces/javax.faces.resource/primefaces.js?ln=primefaces&v=4.0 HTTP/1.1" 304 -
190.84.43.161 - - [23/Jan/2024:06:42:27 -0500] "GET /sipse/faces/javax.faces.resource/layout/layout.js?ln=primefaces&v=4.0 HTTP/1.1" 304 -
201.245.192.253 - - [23/Jan/2024:06:42:27 -0500] "POST /sipse/faces/presentacion/financiero/solicitudProceso/listarSolicitudProceso.xhtml HTTP/1.1" 200 30750
190.84.43.161 - - [23/Jan/2024:06:42:27 -0500] "POST /sipse/faces/presentacion/financiero/solicitudProceso/listarSolicitudProceso.xhtml HTTP/1.1" 200 1556
201.245.192.253 - - [23/Jan/2024:06:42:28 -0500] "POST /sipse/faces/presentacion/financiero/solicitudProceso/listarSolicitudProceso.xhtml HTTP/1.1" 200 30762
201.245.192.253 - - [23/Jan/2024:06:42:29 -0500] "POST /sipse/faces/presentacion/financiero/solicitudProceso/listarSolicitudProceso.xhtml HTTP/1.1" 200 4933
201.245.192.253 - - [23/Jan/2024:06:42:29 -0500] "POST /sipse/faces/presentacion/financiero/solicitudProceso/listarSolicitudProceso.xhtml HTTP/1.1" 200 4945
201.245.192.253 - - [23/Jan/2024:06:42:30 -0500] "POST /sipse/faces/presentacion/financiero/solicitudProceso/listarSolicitudProceso.xhtml HTTP/1.1" 200 2193
201.245.192.253 - - [23/Jan/2024:06:42:33 -0500] "POST /sipse/faces/presentacion/financiero/solicitudProceso/listarSolicitudProceso.xhtml HTTP/1.1" 200 4945
201.245.192.253 - - [23/Jan/2024:06:42:35 -0500] "POST /sipse/faces/presentacion/financiero/solicitudProceso/listarSolicitudProceso.xhtml HTTP/1.1" 200 147041
201.245.192.253 - - [23/Jan/2024:06:42:36 -0500] "GET /sipse/faces/javax.faces.resource/theme.css?ln=primefaces-sipse HTTP/1.1" 304 -
201.245.192.253 - - [23/Jan/2024:06:42:36 -0500] "GET /sipse/faces/javax.faces.resource/primefaces.css?ln=primefaces&v=4.0 HTTP/1.1" 304 -
201.245.192.253 - - [23/Jan/2024:06:42:36 -0500] "GET /sipse/faces/javax.faces.resource/layout/layout.css?ln=primefaces&v=4.0 HTTP/1.1" 304 -
201.245.192.253 - - [23/Jan/2024:06:42:36 -0500] "GET /sipse/faces/javax.faces.resource/jquery/jquery.js?ln=primefaces&v=4.0 HTTP/1.1" 304 -
201.245.192.253 - - [23/Jan/2024:06:42:36 -0500] "GET /sipse/faces/javax.faces.resource/jquery/jquery-plugins.js?ln=primefaces&v=4.0 HTTP/1.1" 304 -
201.245.192.253 - - [23/Jan/2024:06:42:36 -0500] "GET /sipse/faces/javax.faces.resource/primefaces.js?ln=primefaces&v=4.0 HTTP/1.1" 304 -
201.245.192.253 - - [23/Jan/2024:06:42:36 -0500] "GET /sipse/faces/javax.faces.resource/layout/layout.js?ln=primefaces&v=4.0 HTTP/1.1" 304 -
201.245.192.253 - - [23/Jan/2024:06:42:45 -0500] "POST /sipse/faces/presentacion/financiero/solicitudProceso/consultarSolicitudProceso.xhtml HTTP/1.1" 200 35935
201.245.192.253 - - [23/Jan/2024:06:42:47 -0500] "GET /sipse/faces/javax.faces.resource/theme.css?ln=primefaces-sipse HTTP/1.1" 304 -
201.245.192.253 - - [23/Jan/2024:06:42:47 -0500] "GET /sipse/faces/javax.faces.resource/layout/layout.css?ln=primefaces&v=4.0 HTTP/1.1" 304 -
201.245.192.253 - - [23/Jan/2024:06:42:47 -0500] "GET /sipse/faces/javax.faces.resource/primefaces.css?ln=primefaces&v=4.0 HTTP/1.1" 304 -
201.245.192.253 - - [23/Jan/2024:06:42:47 -0500] "GET /sipse/faces/javax.faces.resource/jquery/jquery.js?ln=primefaces&v=4.0 HTTP/1.1" 304 -
201.245.192.253 - - [23/Jan/2024:06:42:47 -0500] "GET /sipse/faces/javax.faces.resource/jquery/jquery-plugins.js?ln=primefaces&v=4.0 HTTP/1.1" 304 -
201.245.192.253 - - [23/Jan/2024:06:42:47 -0500] "GET /sipse/faces/javax.faces.resource/primefaces.js?ln=primefaces&v=4.0 HTTP/1.1" 304 -
201.245.192.253 - - [23/Jan/2024:06:42:47 -0500] "GET /sipse/faces/javax.faces.resource/layout/layout.js?ln=primefaces&v=4.0 HTTP/1.1" 304 -
201.245.192.253 - - [23/Jan/2024:06:42:47 -0500] "POST /sipse/faces/presentacion/financiero/solicitudProceso/listarSolicitudProceso.xhtml HTTP/1.1" 200 1396
156.59.198.135 - - [23/Jan/2024:06:42:49 -0500] "GET /BLA/resoluciones/AUTOS%202019/3910.pdf HTTP/1.0" 200 -
201.245.192.253 - - [23/Jan/2024:06:42:52 -0500] "POST /sipse/faces/presentacion/financiero/solicitudProceso/listarSolicitudProceso.xhtml HTTP/1.1" 200 27280
201.245.192.253 - - [23/Jan/2024:06:42:53 -0500] "GET /sipse/faces/javax.faces.resource/theme.css?ln=primefaces-sipse HTTP/1.1" 304 -
201.245.192.253 - - [23/Jan/2024:06:42:53 -0500] "GET /sipse/faces/javax.faces.resource/layout/layout.css?ln=primefaces&v=4.0 HTTP/1.1" 304 -
201.245.192.253 - - [23/Jan/2024:06:42:53 -0500] "GET /sipse/faces/javax.faces.resource/primefaces.css?ln=primefaces&v=4.0 HTTP/1.1" 304 -
201.245.192.253 - - [23/Jan/2024:06:42:53 -0500] "GET /sipse/faces/javax.faces.resource/jquery/jquery.js?ln=primefaces&v=4.0 HTTP/1.1" 304 -
201.245.192.253 - - [23/Jan/2024:06:42:53 -0500] "GET /sipse/faces/javax.faces.resource/jquery/jquery-plugins.js?ln=primefaces&v=4.0 HTTP/1.1" 304 -
201.245.192.253 - - [23/Jan/2024:06:42:53 -0500] "GET /sipse/faces/javax.faces.resource/primefaces.js?ln=primefaces&v=4.0 HTTP/1.1" 304 -
201.245.192.253 - - [23/Jan/2024:06:42:53 -0500] "GET /sipse/faces/javax.faces.resource/layout/layout.js?ln=primefaces&v=4.0 HTTP/1.1" 304 -
201.245.192.253 - - [23/Jan/2024:06:42:53 -0500] "POST /sipse/faces/presentacion/financiero/solicitudProceso/solicitudProcesoOtrosPagos.xhtml HTTP/1.1" 200 20675
201.245.192.253 - - [23/Jan/2024:06:42:53 -0500] "POST /sipse/faces/presentacion/financiero/solicitudProceso/solicitudProcesoOtrosPagos.xhtml HTTP/1.1" 200 20675
201.245.192.253 - - [23/Jan/2024:06:42:53 -0500] "POST /sipse/faces/presentacion/financiero/solicitudProceso/solicitudProcesoOtrosPagos.xhtml HTTP/1.1" 200 20675
201.245.192.253 - - [23/Jan/2024:06:42:56 -0500] "POST /sipse/faces/presentacion/financiero/solicitudProceso/solicitudProcesoOtrosPagos.xhtml HTTP/1.1" 200 35443
201.245.192.253 - - [23/Jan/2024:06:42:57 -0500] "GET /sipse/faces/javax.faces.resource/theme.css?ln=primefaces-sipse HTTP/1.1" 304 -
201.245.192.253 - - [23/Jan/2024:06:42:57 -0500] "GET /sipse/faces/javax.faces.resource/layout/layout.css?ln=primefaces&v=4.0 HTTP/1.1" 304 -
201.245.192.253 - - [23/Jan/2024:06:42:57 -0500] "GET /sipse/faces/javax.faces.resource/primefaces.css?ln=primefaces&v=4.0 HTTP/1.1" 304 -
201.245.192.253 - - [23/Jan/2024:06:42:57 -0500] "GET /sipse/faces/javax.faces.resource/jquery/jquery.js?ln=primefaces&v=4.0 HTTP/1.1" 304 -
201.245.192.253 - - [23/Jan/2024:06:42:57 -0500] "GET /sipse/faces/javax.faces.resource/jquery/jquery-plugins.js?ln=primefaces&v=4.0 HTTP/1.1" 304 -
201.245.192.253 - - [23/Jan/2024:06:42:57 -0500] "GET /sipse/faces/javax.faces.resource/primefaces.js?ln=primefaces&v=4.0 HTTP/1.1" 304 -
201.245.192.253 - - [23/Jan/2024:06:42:57 -0500] "GET /sipse/faces/javax.faces.resource/layout/layout.js?ln=primefaces&v=4.0 HTTP/1.1" 304 -
201.245.192.253 - - [23/Jan/2024:06:42:57 -0500] "POST /sipse/faces/presentacion/financiero/solicitudProceso/listarSolicitudProceso.xhtml HTTP/1.1" 200 28846
201.245.192.253 - - [23/Jan/2024:06:42:57 -0500] "POST /sipse/faces/presentacion/financiero/solicitudProceso/listarSolicitudProceso.xhtml HTTP/1.1" 200 28846
201.245.192.253 - - [23/Jan/2024:06:42:57 -0500] "POST /sipse/faces/presentacion/financiero/solicitudProceso/listarSolicitudProceso.xhtml HTTP/1.1" 200 28846
201.245.192.253 - - [23/Jan/2024:06:42:58 -0500] "POST /sipse/faces/presentacion/financiero/solicitudProceso/listarSolicitudProceso.xhtml HTTP/1.1" 200 28846
201.245.192.253 - - [23/Jan/2024:06:42:58 -0500] "POST /sipse/faces/presentacion/financiero/solicitudProceso/listarSolicitudProceso.xhtml HTTP/1.1" 200 1396
201.245.192.253 - - [23/Jan/2024:06:42:58 -0500] "POST /sipse/faces/presentacion/financiero/solicitudProceso/listarSolicitudProceso.xhtml HTTP/1.1" 200 1396
201.245.192.253 - - [23/Jan/2024:06:42:58 -0500] "POST /sipse/faces/presentacion/financiero/solicitudProceso/listarSolicitudProceso.xhtml HTTP/1.1" 200 1404
201.245.192.253 - - [23/Jan/2024:06:42:59 -0500] "POST /sipse/faces/presentacion/financiero/solicitudProceso/listarSolicitudProceso.xhtml HTTP/1.1" 200 1404
201.245.192.253 - - [23/Jan/2024:06:42:59 -0500] "POST /sipse/faces/presentacion/financiero/solicitudProceso/listarSolicitudProceso.xhtml HTTP/1.1" 200 1404
190.84.43.161 - - [23/Jan/2024:06:43:06 -0500] "POST /sipse/faces/presentacion/financiero/solicitudProceso/listarSolicitudProceso.xhtml HTTP/1.1" 200 7721
190.84.43.161 - - [23/Jan/2024:06:43:13 -0500] "POST /sipse/faces/presentacion/financiero/solicitudProceso/listarSolicitudProceso.xhtml HTTP/1.1" 200 143428
156.59.198.136 - - [23/Jan/2024:06:43:14 -0500] "GET /BLA/resoluciones/AUTOS%202014/0628.pdf HTTP/1.0" 200 667096
190.84.43.161 - - [23/Jan/2024:06:43:14 -0500] "GET /sipse/faces/javax.faces.resource/theme.css?ln=primefaces-sipse HTTP/1.1" 304 -
190.84.43.161 - - [23/Jan/2024:06:43:14 -0500] "GET /sipse/faces/javax.faces.resource/primefaces.css?ln=primefaces&v=4.0 HTTP/1.1" 304 -
190.84.43.161 - - [23/Jan/2024:06:43:14 -0500] "GET /sipse/faces/javax.faces.resource/layout/layout.css?ln=primefaces&v=4.0 HTTP/1.1" 304 -
190.84.43.161 - - [23/Jan/2024:06:43:14 -0500] "GET /sipse/faces/javax.faces.resource/jquery/jquery.js?ln=primefaces&v=4.0 HTTP/1.1" 304 -
190.84.43.161 - - [23/Jan/2024:06:43:14 -0500] "GET /sipse/faces/javax.faces.resource/jquery/jquery-plugins.js?ln=primefaces&v=4.0 HTTP/1.1" 304 -
190.84.43.161 - - [23/Jan/2024:06:43:14 -0500] "GET /sipse/faces/javax.faces.resource/primefaces.js?ln=primefaces&v=4.0 HTTP/1.1" 304 -
190.84.43.161 - - [23/Jan/2024:06:43:14 -0500] "GET /sipse/faces/javax.faces.resource/layout/layout.js?ln=primefaces&v=4.0 HTTP/1.1" 304 -
201.245.192.253 - - [23/Jan/2024:06:43:14 -0500] "POST /sipse/faces/presentacion/financiero/solicitudProceso/listarSolicitudProceso.xhtml HTTP/1.1" 200 30722
172.22.2.4 - - [23/Jan/2024:06:41:34 -0500] "HEAD /BLA/boletinlegal/ HTTP/1.1" 200 -
201.245.192.253 - - [23/Jan/2024:06:43:16 -0500] "POST /sipse/faces/presentacion/financiero/solicitudProceso/listarSolicitudProceso.xhtml HTTP/1.1" 200 30746
201.245.192.253 - - [23/Jan/2024:06:43:18 -0500] "POST /sipse/faces/presentacion/financiero/solicitudProceso/listarSolicitudProceso.xhtml HTTP/1.1" 200 30738
201.245.192.253 - - [23/Jan/2024:06:43:19 -0500] "POST /sipse/faces/presentacion/financiero/solicitudProceso/listarSolicitudProceso.xhtml HTTP/1.1" 200 2189
201.245.192.253 - - [23/Jan/2024:06:43:20 -0500] "POST /sipse/faces/presentacion/financiero/solicitudProceso/listarSolicitudProceso.xhtml HTTP/1.1" 200 2181
201.245.192.253 - - [23/Jan/2024:06:43:35 -0500] "POST /forms/lservlet;jsessionid=ac16012b30d688c112503e764ab094a2fa9a0f9aabf9.e3iSbxaKaheRe3qKcheMbNuKc41ynknvrkLOlQzNp65In0 HTTP/1.1" 200 2
156.59.198.135 - - [23/Jan/2024:06:43:39 -0500] "GET /BLA/resoluciones/AUTOS%202011/3628.pdf HTTP/1.0" 200 241906
201.245.192.253 - - [23/Jan/2024:06:43:43 -0500] "POST /forms/lservlet;jsessionid=ac16012b30d697d92ed5975547868a58de8c0e1951cb.e3iSbxaKaheRe3qKcheMbNuKc41ynknvrkLOlQzNp65In0 HTTP/1.1" 200 2
156.59.198.136 - - [23/Jan/2024:06:44:03 -0500] "GET /BLA/resoluciones/AUTOS%202011/2957.pdf HTTP/1.0" 200 508353
172.22.2.4 - - [23/Jan/2024:06:42:25 -0500] "GET /BLA/boletinlegal/ HTTP/1.1" 200 58666
52.70.240.171 - - [23/Jan/2024:06:44:07 -0500] "GET /cuales-son-los-tramites-ambientales-mas-solicitados-de-bogota.html HTTP/1.1" 200 840
172.22.2.4 - - [23/Jan/2024:06:44:13 -0500] "GET /BLA/boletinlegal/Circulares/2022/CIRCULAR%20No.%2000005%20DEL%2030%20DE%20JUNIO%20DEL%202022.pdf HTTP/1.1" 304 -
52.167.144.212 - - [23/Jan/2024:06:44:26 -0500] "GET /BLA/resoluciones/index.php?dir=AUTOS+2017%2F HTTP/1.1" 200 483810
156.59.198.136 - - [23/Jan/2024:06:44:27 -0500] "GET /BLA/resoluciones/AUTOS%202011/3182.pdf HTTP/1.0" 200 247421
156.59.198.135 - - [23/Jan/2024:06:44:51 -0500] "GET /BLA/resoluciones/AUTOS%202014/1752.pdf HTTP/1.0" 200 992978
156.59.198.136 - - [23/Jan/2024:06:45:16 -0500] "GET /BLA/resoluciones/AUTOS%202011/4044.pdf HTTP/1.0" 200 270583
172.22.2.4 - - [23/Jan/2024:06:45:32 -0500] "GET /BLA/boletinlegal/actos.php HTTP/1.1" 200 9684
172.22.2.4 - - [23/Jan/2024:06:45:34 -0500] "GET /BLA/boletinlegal/js/jquery.scrollTo-min.js HTTP/1.1" 200 1150
172.22.2.4 - - [23/Jan/2024:06:45:34 -0500] "GET /BLA/boletinlegal/js/jquery.scrollShow.js HTTP/1.1" 200 4586
172.22.2.4 - - [23/Jan/2024:06:45:34 -0500] "GET /BLA/boletinlegal/js/jquery.js HTTP/1.1" 200 57254
201.245.192.253 - - [23/Jan/2024:06:45:35 -0500] "POST /forms/lservlet;jsessionid=ac16012b30d688c112503e764ab094a2fa9a0f9aabf9.e3iSbxaKaheRe3qKcheMbNuKc41ynknvrkLOlQzNp65In0 HTTP/1.1" 200 2
156.59.198.135 - - [23/Jan/2024:06:45:39 -0500] "GET /BLA/resoluciones/AUTOS%202011/5155.pdf HTTP/1.0" 200 616711
201.245.192.253 - - [23/Jan/2024:06:45:40 -0500] "POST /kwsrmcab/Wsrmcab  HTTP/1.1" 200 35641
3.93.47.114 - - [23/Jan/2024:06:45:43 -0500] "GET /distrito-exalto-a-246-empresas-de-bogota-por-su-alto-desempeno-y-responsabilidad-ambiental-durante-2023.html HTTP/1.1" 200 1039
201.245.192.253 - - [23/Jan/2024:06:45:43 -0500] "POST /forms/lservlet;jsessionid=ac16012b30d697d92ed5975547868a58de8c0e1951cb.e3iSbxaKaheRe3qKcheMbNuKc41ynknvrkLOlQzNp65In0 HTTP/1.1" 200 2
156.59.198.135 - - [23/Jan/2024:06:46:04 -0500] "GET /BLA/resoluciones/AUTOS%202011/4875.pdf HTTP/1.0" 200 681583
172.22.2.4 - - [23/Jan/2024:06:46:16 -0500] "GET /BLA/boletinlegal/robots.txt HTTP/1.1" 404 1043
216.245.221.92 - - [23/Jan/2024:06:46:20 -0500] "HEAD / HTTP/1.1" 200 -
172.22.2.4 - - [23/Jan/2024:06:46:21 -0500] "GET /BLA/boletinlegal/style.css HTTP/1.1" 200 9406
172.22.2.4 - - [23/Jan/2024:06:46:21 -0500] "GET /BLA/boletinlegal/styles2.css HTTP/1.1" 200 1838
172.22.2.4 - - [23/Jan/2024:06:46:21 -0500] "GET /BLA/boletinlegal/js/jquery.scrollTo-min.js HTTP/1.1" 200 1150
172.22.2.4 - - [23/Jan/2024:06:46:21 -0500] "GET /BLA/boletinlegal/js/jquery.js HTTP/1.1" 200 57254
172.22.2.4 - - [23/Jan/2024:06:46:21 -0500] "GET /BLA/boletinlegal/js/jquery.scrollShow.js HTTP/1.1" 200 4586
172.22.2.4 - - [23/Jan/2024:06:46:21 -0500] "GET /BLA/boletinlegal/images/cabezote%20BLEGAL.jpg HTTP/1.1" 200 118164
172.22.2.4 - - [23/Jan/2024:06:46:21 -0500] "GET /BLA/boletinlegal/images/subscribe-icon-big.png HTTP/1.1" 200 47702
172.22.2.4 - - [23/Jan/2024:06:46:21 -0500] "GET /BLA/boletinlegal/images/historia.png HTTP/1.1" 200 52775
172.22.2.4 - - [23/Jan/2024:06:46:21 -0500] "GET /BLA/boletinlegal/images/arr_l.jpg HTTP/1.1" 200 1979
172.22.2.4 - - [23/Jan/2024:06:46:21 -0500] "GET /BLA/boletinlegal/images/registro-usuarios.png HTTP/1.1" 200 8106
172.22.2.4 - - [23/Jan/2024:06:46:23 -0500] "GET /BLA/boletinlegal/images/screen_1.png HTTP/1.1" 200 202547
172.22.2.4 - - [23/Jan/2024:06:46:23 -0500] "GET /BLA/boletinlegal/images/body_bg.jpg HTTP/1.1" 200 1601
172.22.2.4 - - [23/Jan/2024:06:46:23 -0500] "GET /BLA/boletinlegal/images/bg_top.jpg HTTP/1.1" 200 522
172.22.2.4 - - [23/Jan/2024:06:46:23 -0500] "GET /BLA/boletinlegal/images/menu_rght.gif HTTP/1.1" 200 1627
172.22.2.4 - - [23/Jan/2024:06:46:23 -0500] "GET /BLA/boletinlegal/images/menu_lft.gif HTTP/1.1" 200 1713
172.22.2.4 - - [23/Jan/2024:06:46:24 -0500] "GET /BLA/boletinlegal/images/menu_bg.jpg HTTP/1.1" 200 620
172.22.2.4 - - [23/Jan/2024:06:46:24 -0500] "GET /BLA/boletinlegal/images/text.jpg HTTP/1.1" 200 568
172.22.2.4 - - [23/Jan/2024:06:46:24 -0500] "GET /BLA/boletinlegal/images/hover.jpg HTTP/1.1" 200 640
172.22.2.4 - - [23/Jan/2024:06:46:24 -0500] "GET /BLA/boletinlegal/images/launch.jpg HTTP/1.1" 200 14577
66.220.149.22 - - [23/Jan/2024:06:46:24 -0500] "GET /images/Acuerdos%2001%20(1)%20(1).jpeg HTTP/1.1" 200 32884
156.59.198.136 - - [23/Jan/2024:06:46:28 -0500] "GET /BLA/resoluciones/AUTOS%202011/1506.pdf HTTP/1.0" 200 279005
172.22.2.4 - - [23/Jan/2024:06:46:29 -0500] "GET /BLA/boletinlegal/images/footer_bg.jpg HTTP/1.1" 200 586
172.22.2.4 - - [23/Jan/2024:06:46:29 -0500] "GET /BLA/boletinlegal/images/screen_5.png HTTP/1.1" 200 368876
172.22.2.4 - - [23/Jan/2024:06:46:29 -0500] "GET /BLA/boletinlegal/images/screen_3.png HTTP/1.1" 200 210620
172.22.2.4 - - [23/Jan/2024:06:46:29 -0500] "GET /BLA/boletinlegal/images/screen_2.png HTTP/1.1" 200 362502
172.22.2.4 - - [23/Jan/2024:06:46:29 -0500] "GET /BLA/boletinlegal/images/arr_r.jpg HTTP/1.1" 200 1998
172.22.2.4 - - [23/Jan/2024:06:45:32 -0500] "GET /BLA/boletinlegal/ HTTP/1.1" 200 40907
172.22.2.4 - - [23/Jan/2024:06:46:38 -0500] "GET /BLA/boletinlegal/images/pdf.gif HTTP/1.1" 200 567
156.59.198.136 - - [23/Jan/2024:06:46:53 -0500] "GET /BLA/resoluciones/AUTOS%202011/4830.pdf HTTP/1.0" 200 605367
52.70.240.171 - - [23/Jan/2024:06:47:05 -0500] "GET /inscribete-y-participa-en-la-convencion-internacional-de-emergencia-climatica-bogota-2023.html HTTP/1.1" 200 895
66.249.66.21 - - [23/Jan/2024:06:47:14 -0500] "GET /resoluciones/RESOLUCIONES%202008/1042.pdf HTTP/1.1" 404 1018
156.59.198.136 - - [23/Jan/2024:06:47:16 -0500] "GET /BLA/resoluciones/AUTOS%202014/0911.pdf HTTP/1.0" 200 661852
172.22.2.4 - - [23/Jan/2024:06:46:20 -0500] "GET /BLA/boletinlegal/ HTTP/1.1" 200 40907
23.22.35.162 - - [23/Jan/2024:06:47:20 -0500] "GET /bogota-lanza-la-red-colaborativa-de-microsensores-para-medir-la-calidad-del-aire-en-microambientes.html HTTP/1.1" 200 1008
52.70.240.171 - - [23/Jan/2024:06:47:21 -0500] "GET /distrito-lanza-la-patrulla-cazachimeneas-un-vehiculo-que-hara-seguimiento-a-fuentes-moviles-contaminantes.html HTTP/1.1" 200 1010
173.252.79.116 - - [23/Jan/2024:06:47:27 -0500] "GET /images/Comprimida%20incendios.jpg HTTP/1.1" 200 23316
201.245.192.253 - - [23/Jan/2024:06:47:35 -0500] "POST /forms/lservlet;jsessionid=ac16012b30d688c112503e764ab094a2fa9a0f9aabf9.e3iSbxaKaheRe3qKcheMbNuKc41ynknvrkLOlQzNp65In0 HTTP/1.1" 200 2
156.59.198.135 - - [23/Jan/2024:06:47:40 -0500] "GET /BLA/resoluciones/AUTOS%202014/0748.pdf HTTP/1.0" 200 476442
201.245.192.253 - - [23/Jan/2024:06:47:43 -0500] "POST /forms/lservlet;jsessionid=ac16012b30d697d92ed5975547868a58de8c0e1951cb.e3iSbxaKaheRe3qKcheMbNuKc41ynknvrkLOlQzNp65In0 HTTP/1.1" 200 2
156.59.198.135 - - [23/Jan/2024:06:48:06 -0500] "GET /BLA/resoluciones/AUTOS%202011/3102.pdf HTTP/1.0" 200 285138
156.59.198.135 - - [23/Jan/2024:06:48:30 -0500] "GET /BLA/resoluciones/AUTOS%202011/1715.pdf HTTP/1.0" 200 150385
156.59.198.136 - - [23/Jan/2024:06:48:54 -0500] "GET /BLA/resoluciones/AUTOS%202011/4671.pdf HTTP/1.0" 200 268585
172.22.2.4 - - [23/Jan/2024:06:47:24 -0500] "HEAD /BLA/boletinlegal/ HTTP/1.1" 200 -
156.59.198.136 - - [23/Jan/2024:06:49:19 -0500] "GET /BLA/resoluciones/AUTOS%202014/0776.pdf HTTP/1.0" 200 558432
216.244.66.195 - - [23/Jan/2024:06:49:34 -0500] "GET /BLA/resoluciones/AUTOS%202007/0977.pdf HTTP/1.1" 200 176215
201.245.192.253 - - [23/Jan/2024:06:49:35 -0500] "POST /forms/lservlet;jsessionid=ac16012b30d688c112503e764ab094a2fa9a0f9aabf9.e3iSbxaKaheRe3qKcheMbNuKc41ynknvrkLOlQzNp65In0 HTTP/1.1" 200 2
201.245.192.253 - - [23/Jan/2024:06:49:43 -0500] "POST /forms/lservlet;jsessionid=ac16012b30d697d92ed5975547868a58de8c0e1951cb.e3iSbxaKaheRe3qKcheMbNuKc41ynknvrkLOlQzNp65In0 HTTP/1.1" 200 2
156.59.198.135 - - [23/Jan/2024:06:49:44 -0500] "GET /BLA/resoluciones/AUTOS%202011/0943.pdf HTTP/1.0" 200 154881
216.244.66.195 - - [23/Jan/2024:06:49:44 -0500] "GET /BLA/resoluciones/AUTOS%202008/0083.pdf HTTP/1.1" 200 84732
216.244.66.195 - - [23/Jan/2024:06:49:53 -0500] "GET /BLA/resoluciones/AUTOS%202013/0021.pdf HTTP/1.1" 200 2316032
172.22.2.4 - - [23/Jan/2024:06:48:15 -0500] "GET /BLA/boletinlegal/ HTTP/1.1" 200 58166
156.59.198.136 - - [23/Jan/2024:06:50:07 -0500] "GET /BLA/resoluciones/AUTOS%202014/1610.pdf HTTP/1.0" 200 1539101
216.244.66.195 - - [23/Jan/2024:06:50:13 -0500] "GET /BLA/resoluciones/AUTOS%202013/0029.pdf HTTP/1.1" 200 2249653
162.55.162.137 - - [23/Jan/2024:06:50:18 -0500] "GET / HTTP/1.1" 200 4720
156.59.198.136 - - [23/Jan/2024:06:50:32 -0500] "GET /BLA/resoluciones/AUTOS%202011/3420.pdf HTTP/1.0" 200 242783
201.245.192.253 - - [23/Jan/2024:06:50:39 -0500] "POST /kwsrmcab/Wsrmcab  HTTP/1.1" 200 35641
216.244.66.195 - - [23/Jan/2024:06:50:56 -0500] "GET /BLA/resoluciones/AUTOS%202013/0513.pdf HTTP/1.1" 200 1658754
156.59.198.135 - - [23/Jan/2024:06:50:56 -0500] "GET /BLA/resoluciones/AUTOS%202014/0664.pdf HTTP/1.0" 200 491502
216.245.221.92 - - [23/Jan/2024:06:51:20 -0500] "HEAD / HTTP/1.1" 200 -
156.59.198.136 - - [23/Jan/2024:06:51:21 -0500] "GET /BLA/resoluciones/AUTOS%202011/5536.pdf HTTP/1.0" 200 219131
172.22.2.4 - - [23/Jan/2024:06:50:16 -0500] "GET /BLA/boletinlegal/ HTTP/1.1" 200 45003
201.245.192.253 - - [23/Jan/2024:06:51:35 -0500] "POST /forms/lservlet;jsessionid=ac16012b30d688c112503e764ab094a2fa9a0f9aabf9.e3iSbxaKaheRe3qKcheMbNuKc41ynknvrkLOlQzNp65In0 HTTP/1.1" 200 2
216.244.66.195 - - [23/Jan/2024:06:51:39 -0500] "GET /BLA/resoluciones/AUTOS%202013/2689.pdf HTTP/1.1" 200 3765604
201.245.192.253 - - [23/Jan/2024:06:51:43 -0500] "POST /forms/lservlet;jsessionid=ac16012b30d697d92ed5975547868a58de8c0e1951cb.e3iSbxaKaheRe3qKcheMbNuKc41ynknvrkLOlQzNp65In0 HTTP/1.1" 200 2
156.59.198.135 - - [23/Jan/2024:06:51:46 -0500] "GET /BLA/resoluciones/AUTOS%202011/2140.pdf HTTP/1.0" 200 255335
172.22.2.4 - - [23/Jan/2024:06:50:08 -0500] "GET /BLA/boletinlegal/ HTTP/1.1" 200 59463
156.59.198.135 - - [23/Jan/2024:06:52:10 -0500] "GET /BLA/resoluciones/AUTOS%202014/0554.pdf HTTP/1.0" 200 799536
216.244.66.195 - - [23/Jan/2024:06:52:12 -0500] "GET /BLA/resoluciones/AUTOS%202013/2716.pdf HTTP/1.1" 200 917004
157.55.39.54 - - [23/Jan/2024:06:52:13 -0500] "GET /documents/10184/5853519/pago+por+servicios.jpg/9c747374-0b5b-478b-91c6-7aff93c37aee?t=1703801937063 HTTP/1.1" 404 1034
156.59.198.135 - - [23/Jan/2024:06:52:35 -0500] "GET /BLA/resoluciones/AUTOS%202014/1623.pdf HTTP/1.0" 200 333533
172.22.2.4 - - [23/Jan/2024:06:52:48 -0500] "GET /BLA/boletinlegal/style.css HTTP/1.1" 200 9406
172.22.2.4 - - [23/Jan/2024:06:52:48 -0500] "GET /BLA/boletinlegal/styles2.css HTTP/1.1" 200 1838
172.22.2.4 - - [23/Jan/2024:06:52:48 -0500] "GET /BLA/boletinlegal/js/jquery.js HTTP/1.1" 200 57254
172.22.2.4 - - [23/Jan/2024:06:52:48 -0500] "GET /BLA/boletinlegal/js/jquery.scrollTo-min.js HTTP/1.1" 200 1150
172.22.2.4 - - [23/Jan/2024:06:52:48 -0500] "GET /BLA/boletinlegal/js/jquery.scrollShow.js HTTP/1.1" 200 4586
