!C99Shell v. 1.0 pre-release build #13!

Software: Apache. PHP/5.5.15 

uname -a: Windows NT SVR-DMZ 6.1 build 7600 (Windows Server 2008 R2 Enterprise Edition) i586 

SYSTEM 

Safe-mode: OFF (not secure)

E:\nuevo\apache\logs\   drwxrwxrwx
Free 8.02 GB of 239.26 GB (3.35%)
Detected drives: [ a ] [ c ] [ d ] [ e ] [ f ]
Home    Back    Forward    UPDIR    Refresh    Search    Buffer    Encoder    Tools    Proc.    FTP brute    Sec.    SQL    PHP-code    Update    Feedback    Self remove    Logout    


Viewing file:     access.2024.01.23.log (11.53 MB)      -rw-rw-rw-
Select action/file-type:
(+) | (+) | (+) | Code (+) | Session (+) | (+) | SDB (+) | (+) | (+) | (+) | (+) | (+) |
156.59.198.136 - - [23/Jan/2024:00:00:06 -0500] "GET /BLA/resoluciones/AUTOS%202011/3835.pdf HTTP/1.0" 200 334894
156.59.198.135 - - [23/Jan/2024:00:00:31 -0500] "GET /BLA/resoluciones/AUTOS%202011/5312.pdf HTTP/1.0" 200 284365
172.22.2.4 - - [22/Jan/2024:23:59:04 -0500] "HEAD /BLA/boletinlegal/ HTTP/1.1" 200 -
66.249.66.166 - - [23/Jan/2024:00:00:52 -0500] "GET /portaldeninos/2021/06/06/ciudadanos-disfrutaron-del-tunel-ambiental-en-el-parque-de-los-novios/ HTTP/1.1" 200 105118
66.249.66.167 - - [23/Jan/2024:00:00:55 -0500] "GET /portaldeninos/wp-includes/js/jquery/ui/widget.min.js?ver=1.11.4 HTTP/1.1" 200 6908
156.59.198.135 - - [23/Jan/2024:00:00:55 -0500] "GET /BLA/resoluciones/AUTOS%202011/7309.pdf HTTP/1.0" 200 207751
216.244.66.195 - - [23/Jan/2024:00:01:15 -0500] "GET /BLA/resoluciones/AUTOS%202008/0007.pdf HTTP/1.1" 200 84145
156.59.198.136 - - [23/Jan/2024:00:01:18 -0500] "GET /BLA/resoluciones/AUTOS%202011/4291.pdf HTTP/1.0" 200 260813
216.244.66.195 - - [23/Jan/2024:00:01:20 -0500] "GET /BLA/resoluciones/AUTOS%202008/0189.pdf HTTP/1.1" 200 99103
216.245.221.92 - - [23/Jan/2024:00:01:21 -0500] "HEAD / HTTP/1.1" 200 -
216.244.66.195 - - [23/Jan/2024:00:01:25 -0500] "GET /BLA/resoluciones/AUTOS%202008/0408.pdf HTTP/1.1" 200 80893
216.244.66.195 - - [23/Jan/2024:00:01:29 -0500] "GET /BLA/resoluciones/AUTOS%202008/0891.pdf HTTP/1.1" 200 75301
216.244.66.195 - - [23/Jan/2024:00:01:34 -0500] "GET /BLA/resoluciones/AUTOS%202008/0965.pdf HTTP/1.1" 200 93917
201.245.192.253 - - [23/Jan/2024:00:01:35 -0500] "POST /forms/lservlet;jsessionid=ac16012b30d688c112503e764ab094a2fa9a0f9aabf9.e3iSbxaKaheRe3qKcheMbNuKc41ynknvrkLOlQzNp65In0 HTTP/1.1" 200 2
172.22.2.4 - - [22/Jan/2024:23:59:55 -0500] "GET /BLA/boletinlegal/ HTTP/1.1" 200 58666
216.244.66.195 - - [23/Jan/2024:00:01:37 -0500] "GET /BLA/resoluciones/AUTOS%202008/1035.pdf HTTP/1.1" 200 80980
216.244.66.195 - - [23/Jan/2024:00:01:41 -0500] "GET /BLA/resoluciones/AUTOS%202009/0617.pdf HTTP/1.1" 200 121663
201.245.192.253 - - [23/Jan/2024:00:01:43 -0500] "POST /forms/lservlet;jsessionid=ac16012b30d697d92ed5975547868a58de8c0e1951cb.e3iSbxaKaheRe3qKcheMbNuKc41ynknvrkLOlQzNp65In0 HTTP/1.1" 200 2
156.59.198.135 - - [23/Jan/2024:00:01:44 -0500] "GET /BLA/resoluciones/AUTOS%202011/5236.pdf HTTP/1.0" 200 207650
216.244.66.195 - - [23/Jan/2024:00:01:55 -0500] "GET /BLA/resoluciones/AUTOS%202013/0175.pdf HTTP/1.1" 200 3501987
156.59.198.135 - - [23/Jan/2024:00:02:12 -0500] "GET /BLA/resoluciones/AUTOS%202011/7659.pdf HTTP/1.0" 200 407255
216.244.66.195 - - [23/Jan/2024:00:02:20 -0500] "GET /BLA/resoluciones/AUTOS%202013/0383.pdf HTTP/1.1" 200 2471229
156.59.198.136 - - [23/Jan/2024:00:02:34 -0500] "GET /BLA/resoluciones/AUTOS%202011/3964.pdf HTTP/1.0" 200 947692
201.245.192.253 - - [23/Jan/2024:00:02:35 -0500] "POST /kwsrmcab/Wsrmcab  HTTP/1.1" 200 35641
156.59.198.136 - - [23/Jan/2024:00:03:00 -0500] "GET /BLA/resoluciones/AUTOS%202011/6496.pdf HTTP/1.0" 200 354938
216.244.66.195 - - [23/Jan/2024:00:03:07 -0500] "GET /BLA/resoluciones/AUTOS%202013/2082.pdf HTTP/1.1" 200 1873868
156.59.198.136 - - [23/Jan/2024:00:03:24 -0500] "GET /BLA/resoluciones/AUTOS%202011/3840.pdf HTTP/1.0" 200 332486
201.245.192.253 - - [23/Jan/2024:00:03:35 -0500] "POST /forms/lservlet;jsessionid=ac16012b30d688c112503e764ab094a2fa9a0f9aabf9.e3iSbxaKaheRe3qKcheMbNuKc41ynknvrkLOlQzNp65In0 HTTP/1.1" 200 2
216.244.66.195 - - [23/Jan/2024:00:03:40 -0500] "GET /BLA/resoluciones/AUTOS%202013/2388.pdf HTTP/1.1" 200 1894414
201.245.192.253 - - [23/Jan/2024:00:03:43 -0500] "POST /forms/lservlet;jsessionid=ac16012b30d697d92ed5975547868a58de8c0e1951cb.e3iSbxaKaheRe3qKcheMbNuKc41ynknvrkLOlQzNp65In0 HTTP/1.1" 200 2
156.59.198.135 - - [23/Jan/2024:00:03:48 -0500] "GET /BLA/resoluciones/AUTOS%202011/4109.pdf HTTP/1.0" 200 142664
156.59.198.136 - - [23/Jan/2024:00:04:13 -0500] "GET /BLA/resoluciones/AUTOS%202011/3837.pdf HTTP/1.0" 200 274913
216.244.66.195 - - [23/Jan/2024:00:04:13 -0500] "GET /BLA/resoluciones/AUTOS%202013/2962.pdf HTTP/1.1" 200 714985
156.59.198.135 - - [23/Jan/2024:00:04:36 -0500] "GET /BLA/resoluciones/AUTOS%202011/7055.pdf HTTP/1.0" 200 1472353
216.244.66.195 - - [23/Jan/2024:00:04:42 -0500] "GET /BLA/resoluciones/AUTOS%202014/0049.pdf HTTP/1.1" 200 520677
156.59.198.135 - - [23/Jan/2024:00:05:01 -0500] "GET /BLA/resoluciones/AUTOS%202011/5077.pdf HTTP/1.0" 200 688618
216.244.66.195 - - [23/Jan/2024:00:05:09 -0500] "GET /BLA/resoluciones/AUTOS%202014/1319.pdf HTTP/1.1" 200 586880
186.155.149.236 - - [23/Jan/2024:00:05:20 -0500] "POST /sipse/faces/presentacion/financiero/solicitudProceso/consultarSolicitudProceso.xhtml HTTP/1.1" 200 195366
186.155.149.236 - - [23/Jan/2024:00:05:20 -0500] "GET /sipse/faces/javax.faces.resource/theme.css?ln=primefaces-sipse HTTP/1.1" 304 -
186.155.149.236 - - [23/Jan/2024:00:05:20 -0500] "GET /sipse/faces/javax.faces.resource/layout/layout.css?ln=primefaces&v=4.0 HTTP/1.1" 304 -
186.155.149.236 - - [23/Jan/2024:00:05:20 -0500] "GET /sipse/faces/javax.faces.resource/primefaces.css?ln=primefaces&v=4.0 HTTP/1.1" 304 -
186.155.149.236 - - [23/Jan/2024:00:05:20 -0500] "GET /sipse/faces/javax.faces.resource/jquery/jquery.js?ln=primefaces&v=4.0 HTTP/1.1" 304 -
186.155.149.236 - - [23/Jan/2024:00:05:20 -0500] "GET /sipse/faces/javax.faces.resource/jquery/jquery-plugins.js?ln=primefaces&v=4.0 HTTP/1.1" 304 -
186.155.149.236 - - [23/Jan/2024:00:05:20 -0500] "GET /sipse/faces/javax.faces.resource/layout/layout.js?ln=primefaces&v=4.0 HTTP/1.1" 304 -
186.155.149.236 - - [23/Jan/2024:00:05:20 -0500] "GET /sipse/faces/javax.faces.resource/primefaces.js?ln=primefaces&v=4.0 HTTP/1.1" 304 -
186.155.149.236 - - [23/Jan/2024:00:05:21 -0500] "GET /sipse/css/imagen/contrasena.png HTTP/1.1" 404 383
186.155.149.236 - - [23/Jan/2024:00:05:21 -0500] "GET /sipse/faces/javax.faces.resource/images/ui-icons_898989_256x240.png?ln=primefaces-aristo HTTP/1.1" 304 -
186.155.149.236 - - [23/Jan/2024:00:05:23 -0500] "GET /sipse/faces/javax.faces.resource/dynamiccontent.properties?ln=primefaces&pfdrid=XjOR5%2F%2FfPAZAuY9TpWQeCiM0BhlXxYRBGKi%2FQcXXfeA%3D&pfdrid_c=false HTTP/1.1" 500 383
156.59.198.136 - - [23/Jan/2024:00:05:27 -0500] "GET /BLA/resoluciones/AUTOS%202011/6190.pdf HTTP/1.0" 200 896549
186.155.149.236 - - [23/Jan/2024:00:05:28 -0500] "GET /sipse/faces/javax.faces.resource/images/ui-bg_flat_0_2d5972_40x100.png?ln=primefaces-aristo HTTP/1.1" 304 -
186.155.149.236 - - [23/Jan/2024:00:05:28 -0500] "POST /sipse/faces/presentacion/financiero/solicitudProceso/consultarSolicitudProceso.xhtml HTTP/1.1" 200 53490
186.155.149.236 - - [23/Jan/2024:00:05:30 -0500] "GET /sipse/faces/javax.faces.resource/theme.css?ln=primefaces-sipse HTTP/1.1" 304 -
186.155.149.236 - - [23/Jan/2024:00:05:30 -0500] "GET /sipse/faces/javax.faces.resource/primefaces.css?ln=primefaces&v=4.0 HTTP/1.1" 304 -
186.155.149.236 - - [23/Jan/2024:00:05:30 -0500] "GET /sipse/faces/javax.faces.resource/layout/layout.css?ln=primefaces&v=4.0 HTTP/1.1" 304 -
186.155.149.236 - - [23/Jan/2024:00:05:30 -0500] "GET /sipse/faces/javax.faces.resource/jquery/jquery.js?ln=primefaces&v=4.0 HTTP/1.1" 304 -
186.155.149.236 - - [23/Jan/2024:00:05:30 -0500] "GET /sipse/faces/javax.faces.resource/jquery/jquery-plugins.js?ln=primefaces&v=4.0 HTTP/1.1" 304 -
186.155.149.236 - - [23/Jan/2024:00:05:30 -0500] "GET /sipse/faces/javax.faces.resource/primefaces.js?ln=primefaces&v=4.0 HTTP/1.1" 304 -
186.155.149.236 - - [23/Jan/2024:00:05:30 -0500] "GET /sipse/faces/javax.faces.resource/layout/layout.js?ln=primefaces&v=4.0 HTTP/1.1" 304 -
186.155.149.236 - - [23/Jan/2024:00:05:30 -0500] "GET /sipse/css/imagen/contrasena.png HTTP/1.1" 404 383
186.155.149.236 - - [23/Jan/2024:00:05:30 -0500] "GET /sipse/faces/javax.faces.resource/messages/messages.png?ln=primefaces&v=4.0 HTTP/1.1" 304 -
186.155.149.236 - - [23/Jan/2024:00:05:30 -0500] "POST /sipse/faces/presentacion/financiero/solicitudProceso/listarSolicitudProceso.xhtml HTTP/1.1" 200 1524
186.155.149.236 - - [23/Jan/2024:00:05:32 -0500] "POST /sipse/faces/presentacion/financiero/solicitudProceso/listarSolicitudProceso.xhtml HTTP/1.1" 200 32013
186.155.149.236 - - [23/Jan/2024:00:05:32 -0500] "POST /sipse/faces/presentacion/financiero/solicitudProceso/listarSolicitudProceso.xhtml HTTP/1.1" 200 43812
201.245.192.253 - - [23/Jan/2024:00:05:35 -0500] "POST /forms/lservlet;jsessionid=ac16012b30d688c112503e764ab094a2fa9a0f9aabf9.e3iSbxaKaheRe3qKcheMbNuKc41ynknvrkLOlQzNp65In0 HTTP/1.1" 200 2
186.155.149.236 - - [23/Jan/2024:00:05:36 -0500] "POST /sipse/faces/presentacion/financiero/solicitudProceso/listarSolicitudProceso.xhtml HTTP/1.1" 200 19664
216.244.66.195 - - [23/Jan/2024:00:05:37 -0500] "GET /BLA/resoluciones/AUTOS%202014/1464.pdf HTTP/1.1" 200 507294
201.245.192.253 - - [23/Jan/2024:00:05:43 -0500] "POST /forms/lservlet;jsessionid=ac16012b30d697d92ed5975547868a58de8c0e1951cb.e3iSbxaKaheRe3qKcheMbNuKc41ynknvrkLOlQzNp65In0 HTTP/1.1" 200 2
156.59.198.136 - - [23/Jan/2024:00:05:50 -0500] "GET /BLA/resoluciones/AUTOS%202011/4147.pdf HTTP/1.0" 200 230507
186.155.149.236 - - [23/Jan/2024:00:05:52 -0500] "POST /sipse/faces/presentacion/financiero/solicitudProceso/listarSolicitudProceso.xhtml HTTP/1.1" 200 144689
186.155.149.236 - - [23/Jan/2024:00:05:53 -0500] "GET /sipse/faces/javax.faces.resource/theme.css?ln=primefaces-sipse HTTP/1.1" 304 -
186.155.149.236 - - [23/Jan/2024:00:05:53 -0500] "GET /sipse/faces/javax.faces.resource/primefaces.css?ln=primefaces&v=4.0 HTTP/1.1" 304 -
186.155.149.236 - - [23/Jan/2024:00:05:53 -0500] "GET /sipse/faces/javax.faces.resource/layout/layout.css?ln=primefaces&v=4.0 HTTP/1.1" 304 -
186.155.149.236 - - [23/Jan/2024:00:05:53 -0500] "GET /sipse/faces/javax.faces.resource/jquery/jquery.js?ln=primefaces&v=4.0 HTTP/1.1" 304 -
186.155.149.236 - - [23/Jan/2024:00:05:53 -0500] "GET /sipse/faces/javax.faces.resource/jquery/jquery-plugins.js?ln=primefaces&v=4.0 HTTP/1.1" 304 -
186.155.149.236 - - [23/Jan/2024:00:05:53 -0500] "GET /sipse/faces/javax.faces.resource/primefaces.js?ln=primefaces&v=4.0 HTTP/1.1" 304 -
186.155.149.236 - - [23/Jan/2024:00:05:53 -0500] "GET /sipse/faces/javax.faces.resource/layout/layout.js?ln=primefaces&v=4.0 HTTP/1.1" 304 -
186.155.149.236 - - [23/Jan/2024:00:05:54 -0500] "GET /sipse/css/imagen/contrasena.png HTTP/1.1" 404 383
186.155.149.236 - - [23/Jan/2024:00:05:55 -0500] "GET /sipse/faces/javax.faces.resource/dynamiccontent.properties?ln=primefaces&pfdrid=XjOR5%2F%2FfPAZAuY9TpWQeCiM0BhlXxYRBGKi%2FQcXXfeA%3D&pfdrid_c=false HTTP/1.1" 500 383
216.244.66.195 - - [23/Jan/2024:00:06:02 -0500] "GET /BLA/resoluciones/AUTOS%202014/2475.pdf HTTP/1.1" 200 531883
156.59.198.135 - - [23/Jan/2024:00:06:14 -0500] "GET /BLA/resoluciones/AUTOS%202011/4212.pdf HTTP/1.0" 200 194253
216.245.221.92 - - [23/Jan/2024:00:06:21 -0500] "HEAD / HTTP/1.1" 200 -
216.244.66.195 - - [23/Jan/2024:00:06:27 -0500] "GET /BLA/resoluciones/AUTOS%202015/0059.pdf HTTP/1.1" 200 7052391
172.22.2.4 - - [23/Jan/2024:00:04:54 -0500] "HEAD /BLA/boletinlegal/ HTTP/1.1" 200 -
156.59.198.136 - - [23/Jan/2024:00:06:40 -0500] "GET /BLA/resoluciones/AUTOS%202011/3800.pdf HTTP/1.0" 200 229239
156.59.198.135 - - [23/Jan/2024:00:07:03 -0500] "GET /BLA/resoluciones/AUTOS%202011/5176.pdf HTTP/1.0" 200 283711
216.244.66.195 - - [23/Jan/2024:00:07:05 -0500] "GET /BLA/resoluciones/AUTOS%202015/0883.pdf HTTP/1.1" 200 594453
172.22.2.4 - - [23/Jan/2024:00:05:45 -0500] "GET /BLA/boletinlegal/ HTTP/1.1" 200 58166
156.59.198.135 - - [23/Jan/2024:00:07:29 -0500] "GET /BLA/resoluciones/AUTOS%202011/3987.pdf HTTP/1.0" 200 134538
181.51.35.1 - - [23/Jan/2024:00:07:30 -0500] "GET /BLA/resoluciones/RESOLUCIONES%202019/3332.pdf HTTP/1.1" 200 426680
181.51.35.1 - - [23/Jan/2024:00:07:30 -0500] "GET /favicon.ico HTTP/1.1" 200 7782
201.245.192.253 - - [23/Jan/2024:00:07:35 -0500] "POST /forms/lservlet;jsessionid=ac16012b30d688c112503e764ab094a2fa9a0f9aabf9.e3iSbxaKaheRe3qKcheMbNuKc41ynknvrkLOlQzNp65In0 HTTP/1.1" 200 2
216.244.66.195 - - [23/Jan/2024:00:07:36 -0500] "GET /BLA/resoluciones/AUTOS%202015/1390.pdf HTTP/1.1" 200 597533
201.245.192.253 - - [23/Jan/2024:00:07:34 -0500] "POST /kwsrmcab/Wsrmcab  HTTP/1.1" 200 35641
201.245.192.253 - - [23/Jan/2024:00:07:43 -0500] "POST /forms/lservlet;jsessionid=ac16012b30d697d92ed5975547868a58de8c0e1951cb.e3iSbxaKaheRe3qKcheMbNuKc41ynknvrkLOlQzNp65In0 HTTP/1.1" 200 2
156.59.198.135 - - [23/Jan/2024:00:07:54 -0500] "GET /BLA/resoluciones/AUTOS%202011/4002.pdf HTTP/1.0" 200 263049
181.60.233.223 - - [23/Jan/2024:00:07:54 -0500] "GET /gobierno-de-bogota-hace-recomendaciones-a-la-ciudadania-para-que-tome-acciones-ante-la-mala-calidad-del-aire.html HTTP/1.1" 200 864
216.244.66.195 - - [23/Jan/2024:00:08:06 -0500] "GET /BLA/resoluciones/AUTOS%202015/1574.pdf HTTP/1.1" 200 646297
156.59.198.136 - - [23/Jan/2024:00:08:17 -0500] "GET /BLA/resoluciones/AUTOS%202011/5512.pdf HTTP/1.0" 200 378510
216.244.66.195 - - [23/Jan/2024:00:08:35 -0500] "GET /BLA/resoluciones/AUTOS%202015/1689.pdf HTTP/1.1" 200 602859
156.59.198.136 - - [23/Jan/2024:00:08:41 -0500] "GET /BLA/resoluciones/AUTOS%202011/4309.pdf HTTP/1.0" 200 250315
216.244.66.195 - - [23/Jan/2024:00:09:04 -0500] "GET /BLA/resoluciones/AUTOS%202015/1854.pdf HTTP/1.1" 200 647828
156.59.198.135 - - [23/Jan/2024:00:09:08 -0500] "GET /BLA/resoluciones/AUTOS%202011/4247.pdf HTTP/1.0" 200 197129
156.59.198.136 - - [23/Jan/2024:00:09:32 -0500] "GET /BLA/resoluciones/AUTOS%202011/4241.pdf HTTP/1.0" 200 2437203
201.245.192.253 - - [23/Jan/2024:00:09:35 -0500] "POST /forms/lservlet;jsessionid=ac16012b30d688c112503e764ab094a2fa9a0f9aabf9.e3iSbxaKaheRe3qKcheMbNuKc41ynknvrkLOlQzNp65In0 HTTP/1.1" 200 2
216.244.66.195 - - [23/Jan/2024:00:09:38 -0500] "GET /BLA/resoluciones/AUTOS%202015/1960.pdf HTTP/1.1" 200 637975
201.245.192.253 - - [23/Jan/2024:00:09:43 -0500] "POST /forms/lservlet;jsessionid=ac16012b30d697d92ed5975547868a58de8c0e1951cb.e3iSbxaKaheRe3qKcheMbNuKc41ynknvrkLOlQzNp65In0 HTTP/1.1" 200 2
156.59.198.135 - - [23/Jan/2024:00:09:57 -0500] "GET /BLA/resoluciones/AUTOS%202011/7811.pdf HTTP/1.0" 200 143297
186.155.149.236 - - [23/Jan/2024:00:10:05 -0500] "POST /sipse/faces/presentacion/financiero/solicitudProceso/consultarSolicitudProceso.xhtml HTTP/1.1" 200 100504
216.244.66.195 - - [23/Jan/2024:00:10:06 -0500] "GET /BLA/resoluciones/AUTOS%202015/2821.pdf HTTP/1.1" 200 632133
156.59.198.135 - - [23/Jan/2024:00:10:21 -0500] "GET /BLA/resoluciones/AUTOS%202011/4563.pdf HTTP/1.0" 200 236293
186.155.149.236 - - [23/Jan/2024:00:10:22 -0500] "POST /sipse/faces/presentacion/financiero/solicitudProceso/consultarSolicitudProceso.xhtml HTTP/1.1" 200 88131
186.155.149.236 - - [23/Jan/2024:00:10:27 -0500] "POST /sipse/faces/presentacion/financiero/solicitudProceso/consultarSolicitudProceso.xhtml HTTP/1.1" 200 2323937
216.244.66.195 - - [23/Jan/2024:00:10:35 -0500] "GET /BLA/resoluciones/AUTOS%202015/2941.pdf HTTP/1.1" 200 599180
186.155.149.236 - - [23/Jan/2024:00:10:32 -0500] "POST /sipse/faces/presentacion/financiero/solicitudProceso/consultarSolicitudProceso.xhtml HTTP/1.1" 200 7345132
186.155.149.236 - - [23/Jan/2024:00:10:44 -0500] "POST /sipse/faces/presentacion/financiero/solicitudProceso/consultarSolicitudProceso.xhtml HTTP/1.1" 200 1160129
186.155.149.236 - - [23/Jan/2024:00:10:40 -0500] "POST /sipse/faces/presentacion/financiero/solicitudProceso/consultarSolicitudProceso.xhtml HTTP/1.1" 200 6972212
156.59.198.135 - - [23/Jan/2024:00:10:46 -0500] "GET /BLA/resoluciones/AUTOS%202011/7674.pdf HTTP/1.0" 200 1781107
186.155.149.236 - - [23/Jan/2024:00:10:50 -0500] "POST /sipse/faces/presentacion/financiero/solicitudProceso/consultarSolicitudProceso.xhtml HTTP/1.1" 200 2148580
186.155.149.236 - - [23/Jan/2024:00:10:58 -0500] "POST /sipse/faces/presentacion/financiero/solicitudProceso/consultarSolicitudProceso.xhtml HTTP/1.1" 200 54570
216.244.66.195 - - [23/Jan/2024:00:11:01 -0500] "GET /BLA/resoluciones/AUTOS%202015/2999.pdf HTTP/1.1" 200 732602
54.39.177.173 - - [23/Jan/2024:00:11:10 -0500] "GET /gobierno-de-bogota-hace-recomendaciones-a-la-ciudadania-para-que-tome-acciones-ante-la-mala-calidad-del-aire.html HTTP/1.1" 200 864
156.59.198.135 - - [23/Jan/2024:00:11:10 -0500] "GET /BLA/resoluciones/AUTOS%202011/7098.pdf HTTP/1.0" 200 317040
216.245.221.92 - - [23/Jan/2024:00:11:21 -0500] "HEAD / HTTP/1.1" 200 -
186.155.149.236 - - [23/Jan/2024:00:11:22 -0500] "GET /sipse/faces/javax.faces.resource/images/ui-bg_flat_0_2d5972_40x100.png?ln=primefaces-aristo HTTP/1.1" 304 -
186.155.149.236 - - [23/Jan/2024:00:11:22 -0500] "POST /sipse/faces/presentacion/financiero/solicitudProceso/consultarSolicitudProceso.xhtml HTTP/1.1" 200 5522
216.244.66.195 - - [23/Jan/2024:00:11:27 -0500] "GET /BLA/resoluciones/AUTOS%202018/0211.pdf HTTP/1.1" 200 324875
156.59.198.135 - - [23/Jan/2024:00:11:34 -0500] "GET /BLA/resoluciones/AUTOS%202011/6183.pdf HTTP/1.0" 200 1115097
201.245.192.253 - - [23/Jan/2024:00:11:35 -0500] "POST /forms/lservlet;jsessionid=ac16012b30d688c112503e764ab094a2fa9a0f9aabf9.e3iSbxaKaheRe3qKcheMbNuKc41ynknvrkLOlQzNp65In0 HTTP/1.1" 200 2
201.245.192.253 - - [23/Jan/2024:00:11:43 -0500] "POST /forms/lservlet;jsessionid=ac16012b30d697d92ed5975547868a58de8c0e1951cb.e3iSbxaKaheRe3qKcheMbNuKc41ynknvrkLOlQzNp65In0 HTTP/1.1" 200 2
186.155.149.236 - - [23/Jan/2024:00:11:46 -0500] "POST /sipse/faces/presentacion/financiero/solicitudProceso/consultarSolicitudProceso.xhtml HTTP/1.1" 200 5529
186.155.149.236 - - [23/Jan/2024:00:11:46 -0500] "GET /sipse/faces/javax.faces.resource/dynamiccontent.properties?ln=primefaces&pfdrid=XjOR5%2F%2FfPAZAuY9TpWQeCiM0BhlXxYRBGKi%2FQcXXfeA%3D&pfdrid_c=false HTTP/1.1" 200 120599
216.244.66.195 - - [23/Jan/2024:00:11:50 -0500] "GET /BLA/resoluciones/AUTOS%202018/0344.pdf HTTP/1.1" 200 573524
156.59.198.135 - - [23/Jan/2024:00:11:58 -0500] "GET /BLA/resoluciones/AUTOS%202011/6526.pdf HTTP/1.0" 200 229795
186.155.149.236 - - [23/Jan/2024:00:12:11 -0500] "GET /sipse/faces/javax.faces.resource/images/ui-bg_flat_0_2d5972_40x100.png?ln=primefaces-aristo HTTP/1.1" 200 183
186.155.149.236 - - [23/Jan/2024:00:12:11 -0500] "POST /sipse/faces/presentacion/sistema/reporte/ventanaVerReporteParametros.xhtml HTTP/1.1" 200 33613
186.155.149.236 - - [23/Jan/2024:00:12:12 -0500] "GET /sipse/faces/javax.faces.resource/jquery/jquery.js?ln=primefaces&v=4.0 HTTP/1.1" 304 -
186.155.149.236 - - [23/Jan/2024:00:12:12 -0500] "GET /sipse/faces/javax.faces.resource/jquery/jquery-plugins.js?ln=primefaces&v=4.0 HTTP/1.1" 304 -
186.155.149.236 - - [23/Jan/2024:00:12:12 -0500] "GET /sipse/faces/javax.faces.resource/primefaces.js?ln=primefaces&v=4.0 HTTP/1.1" 304 -
186.155.149.236 - - [23/Jan/2024:00:12:12 -0500] "GET /sipse/faces/javax.faces.resource/layout/layout.js?ln=primefaces&v=4.0 HTTP/1.1" 304 -
216.244.66.195 - - [23/Jan/2024:00:12:13 -0500] "GET /BLA/resoluciones/AUTOS%202018/0739.pdf HTTP/1.1" 200 214657
186.155.149.236 - - [23/Jan/2024:00:12:16 -0500] "POST /sipse/faces/presentacion/sistema/reporte/listarReportes.xhtml HTTP/1.1" 200 22241
186.155.149.236 - - [23/Jan/2024:00:12:17 -0500] "GET /sipse/faces/javax.faces.resource/theme.css?ln=primefaces-sipse HTTP/1.1" 304 -
186.155.149.236 - - [23/Jan/2024:00:12:17 -0500] "GET /sipse/faces/javax.faces.resource/primefaces.css?ln=primefaces&v=4.0 HTTP/1.1" 304 -
186.155.149.236 - - [23/Jan/2024:00:12:17 -0500] "GET /sipse/faces/javax.faces.resource/layout/layout.css?ln=primefaces&v=4.0 HTTP/1.1" 304 -
186.155.149.236 - - [23/Jan/2024:00:12:17 -0500] "GET /sipse/faces/javax.faces.resource/jquery/jquery.js?ln=primefaces&v=4.0 HTTP/1.1" 304 -
186.155.149.236 - - [23/Jan/2024:00:12:17 -0500] "GET /sipse/faces/javax.faces.resource/jquery/jquery-plugins.js?ln=primefaces&v=4.0 HTTP/1.1" 304 -
186.155.149.236 - - [23/Jan/2024:00:12:17 -0500] "GET /sipse/faces/javax.faces.resource/primefaces.js?ln=primefaces&v=4.0 HTTP/1.1" 304 -
186.155.149.236 - - [23/Jan/2024:00:12:17 -0500] "GET /sipse/faces/javax.faces.resource/layout/layout.js?ln=primefaces&v=4.0 HTTP/1.1" 304 -
186.155.149.236 - - [23/Jan/2024:00:12:17 -0500] "GET /sipse/faces/javax.faces.resource/images/ui-icons_898989_256x240.png?ln=primefaces-aristo HTTP/1.1" 304 -
156.59.198.136 - - [23/Jan/2024:00:12:22 -0500] "GET /BLA/resoluciones/AUTOS%202011/5045.pdf HTTP/1.0" 200 648251
172.22.2.4 - - [23/Jan/2024:00:10:44 -0500] "HEAD /BLA/boletinlegal/ HTTP/1.1" 200 -
201.245.192.253 - - [23/Jan/2024:00:12:32 -0500] "POST /kwsrmcab/Wsrmcab  HTTP/1.1" 200 35641
216.244.66.195 - - [23/Jan/2024:00:12:35 -0500] "GET /BLA/resoluciones/AUTOS%202018/0895.pdf HTTP/1.1" 200 324583
156.59.198.136 - - [23/Jan/2024:00:12:48 -0500] "GET /BLA/resoluciones/AUTOS%202011/6089.pdf HTTP/1.0" 200 302359
216.244.66.195 - - [23/Jan/2024:00:12:56 -0500] "GET /BLA/resoluciones/AUTOS%202018/1115.pdf HTTP/1.1" 200 336200
156.59.198.136 - - [23/Jan/2024:00:13:11 -0500] "GET /BLA/resoluciones/AUTOS%202011/5202.pdf HTTP/1.0" 200 515693
172.22.2.4 - - [23/Jan/2024:00:11:35 -0500] "GET /BLA/boletinlegal/ HTTP/1.1" 200 60996
216.244.66.195 - - [23/Jan/2024:00:13:15 -0500] "GET /BLA/resoluciones/AUTOS%202018/1176.pdf HTTP/1.1" 200 234775
216.244.66.195 - - [23/Jan/2024:00:13:34 -0500] "GET /BLA/resoluciones/AUTOS%202018/1660.pdf HTTP/1.1" 200 339318
156.59.198.136 - - [23/Jan/2024:00:13:34 -0500] "GET /BLA/resoluciones/AUTOS%202011/5944.pdf HTTP/1.0" 200 194223
201.245.192.253 - - [23/Jan/2024:00:13:35 -0500] "POST /forms/lservlet;jsessionid=ac16012b30d688c112503e764ab094a2fa9a0f9aabf9.e3iSbxaKaheRe3qKcheMbNuKc41ynknvrkLOlQzNp65In0 HTTP/1.1" 200 2
201.245.192.253 - - [23/Jan/2024:00:13:43 -0500] "POST /forms/lservlet;jsessionid=ac16012b30d697d92ed5975547868a58de8c0e1951cb.e3iSbxaKaheRe3qKcheMbNuKc41ynknvrkLOlQzNp65In0 HTTP/1.1" 200 2
216.244.66.195 - - [23/Jan/2024:00:13:52 -0500] "GET /BLA/resoluciones/AUTOS%202018/1750.pdf HTTP/1.1" 200 815541
156.59.198.135 - - [23/Jan/2024:00:13:58 -0500] "GET /BLA/resoluciones/AUTOS%202011/5150.pdf HTTP/1.0" 200 620807
216.244.66.195 - - [23/Jan/2024:00:14:09 -0500] "GET /BLA/resoluciones/AUTOS%202018/2288.pdf HTTP/1.1" 200 275552
156.59.198.136 - - [23/Jan/2024:00:14:23 -0500] "GET /BLA/resoluciones/AUTOS%202011/4131.pdf HTTP/1.0" 200 247539
216.244.66.195 - - [23/Jan/2024:00:14:25 -0500] "GET /BLA/resoluciones/AUTOS%202018/2614.pdf HTTP/1.1" 200 2562598
156.59.198.135 - - [23/Jan/2024:00:14:47 -0500] "GET /BLA/resoluciones/AUTOS%202011/4763.pdf HTTP/1.0" 200 240103
201.245.192.253 - - [23/Jan/2024:00:14:54 -0500] "POST /kwsrmcab/Wsrmcab HTTP/1.1" 200 39140
201.245.192.253 - - [23/Jan/2024:00:14:58 -0500] "POST /kwsrmcab/Wsrmcab HTTP/1.1" 200 37037
216.244.66.195 - - [23/Jan/2024:00:15:02 -0500] "GET /BLA/resoluciones/AUTOS%202018/3093.pdf HTTP/1.1" 200 359680
156.59.198.135 - - [23/Jan/2024:00:15:12 -0500] "GET /BLA/resoluciones/AUTOS%202011/4451.pdf HTTP/1.0" 200 236127
216.244.66.195 - - [23/Jan/2024:00:15:31 -0500] "GET /BLA/resoluciones/AUTOS%202018/3667.pdf HTTP/1.1" 200 367423
201.245.192.253 - - [23/Jan/2024:00:15:35 -0500] "POST /forms/lservlet;jsessionid=ac16012b30d688c112503e764ab094a2fa9a0f9aabf9.e3iSbxaKaheRe3qKcheMbNuKc41ynknvrkLOlQzNp65In0 HTTP/1.1" 200 2
156.59.198.136 - - [23/Jan/2024:00:15:39 -0500] "GET /BLA/resoluciones/AUTOS%202011/6302.pdf HTTP/1.0" 200 1363132
201.245.192.253 - - [23/Jan/2024:00:15:43 -0500] "POST /forms/lservlet;jsessionid=ac16012b30d697d92ed5975547868a58de8c0e1951cb.e3iSbxaKaheRe3qKcheMbNuKc41ynknvrkLOlQzNp65In0 HTTP/1.1" 200 2
216.244.66.195 - - [23/Jan/2024:00:15:59 -0500] "GET /BLA/resoluciones/AUTOS%202018/4087.pdf HTTP/1.1" 200 250548
156.59.198.136 - - [23/Jan/2024:00:16:03 -0500] "GET /BLA/resoluciones/AUTOS%202011/5651.pdf HTTP/1.0" 200 242471
216.245.221.92 - - [23/Jan/2024:00:16:21 -0500] "HEAD / HTTP/1.1" 200 -
216.244.66.195 - - [23/Jan/2024:00:16:26 -0500] "GET /BLA/resoluciones/AUTOS%202018/4499.pdf HTTP/1.1" 200 281952
156.59.198.136 - - [23/Jan/2024:00:16:27 -0500] "GET /BLA/resoluciones/AUTOS%202011/4962.pdf HTTP/1.0" 200 1429096
156.59.198.136 - - [23/Jan/2024:00:16:51 -0500] "GET /BLA/resoluciones/AUTOS%202011/5846.pdf HTTP/1.0" 200 157826
216.244.66.195 - - [23/Jan/2024:00:16:52 -0500] "GET /BLA/resoluciones/AUTOS%202019/1535.pdf HTTP/1.1" 200 7965931
66.249.66.39 - - [23/Jan/2024:00:17:00 -0500] "GET /cinco-entidades-distritales-fueron-exaltadas-por-sus-buenas-practicas-ambientales.html HTTP/1.1" 200 985
66.249.66.19 - - [23/Jan/2024:00:17:06 -0500] "GET /BLA/resoluciones/AUTOS%202008/0491.pdf HTTP/1.1" 200 117941
156.59.198.135 - - [23/Jan/2024:00:17:17 -0500] "GET /BLA/resoluciones/AUTOS%202011/4179.pdf HTTP/1.0" 200 4871170
216.244.66.195 - - [23/Jan/2024:00:17:32 -0500] "GET /BLA/resoluciones/AUTOS%202020/0437.pdf HTTP/1.1" 200 331346
201.245.192.253 - - [23/Jan/2024:00:17:30 -0500] "POST /kwsrmcab/Wsrmcab  HTTP/1.1" 200 35641
201.245.192.253 - - [23/Jan/2024:00:17:35 -0500] "POST /forms/lservlet;jsessionid=ac16012b30d688c112503e764ab094a2fa9a0f9aabf9.e3iSbxaKaheRe3qKcheMbNuKc41ynknvrkLOlQzNp65In0 HTTP/1.1" 200 2
156.59.198.136 - - [23/Jan/2024:00:17:39 -0500] "GET /BLA/resoluciones/AUTOS%202011/6909.pdf HTTP/1.0" 200 238527
201.245.192.253 - - [23/Jan/2024:00:17:43 -0500] "POST /forms/lservlet;jsessionid=ac16012b30d697d92ed5975547868a58de8c0e1951cb.e3iSbxaKaheRe3qKcheMbNuKc41ynknvrkLOlQzNp65In0 HTTP/1.1" 200 2
190.24.109.22 - - [23/Jan/2024:00:17:57 -0500] "GET /gobierno-de-bogota-hace-recomendaciones-a-la-ciudadania-para-que-tome-acciones-ante-la-mala-calidad-del-aire.html HTTP/1.1" 200 864
216.244.66.195 - - [23/Jan/2024:00:18:02 -0500] "GET /BLA/resoluciones/AUTOS%202020/0727.pdf HTTP/1.1" 200 416046
156.59.198.135 - - [23/Jan/2024:00:18:04 -0500] "GET /BLA/resoluciones/AUTOS%202011/4253.pdf HTTP/1.0" 200 244953
172.22.2.4 - - [23/Jan/2024:00:16:34 -0500] "HEAD /BLA/boletinlegal/ HTTP/1.1" 200 -
156.59.198.136 - - [23/Jan/2024:00:18:28 -0500] "GET /BLA/resoluciones/AUTOS%202011/5740.pdf HTTP/1.0" 200 117015
216.244.66.195 - - [23/Jan/2024:00:18:32 -0500] "GET /BLA/resoluciones/AUTOS%202020/0865.pdf HTTP/1.1" 200 355723
156.59.198.135 - - [23/Jan/2024:00:18:52 -0500] "GET /BLA/resoluciones/AUTOS%202011/6502.pdf HTTP/1.0" 200 225246
216.244.66.195 - - [23/Jan/2024:00:19:00 -0500] "GET /BLA/resoluciones/AUTOS%202020/1460.pdf HTTP/1.1" 200 438494
172.22.2.4 - - [23/Jan/2024:00:17:25 -0500] "GET /BLA/boletinlegal/ HTTP/1.1" 200 60529
156.59.198.135 - - [23/Jan/2024:00:19:17 -0500] "GET /BLA/resoluciones/AUTOS%202011/6826.pdf HTTP/1.0" 200 171517
201.245.192.253 - - [23/Jan/2024:00:19:21 -0500] "POST /kwsrmcab/Wsrmcab HTTP/1.1" 200 35692
216.244.66.195 - - [23/Jan/2024:00:19:28 -0500] "GET /BLA/resoluciones/AUTOS%202020/1919.pdf HTTP/1.1" 200 359692
201.245.192.253 - - [23/Jan/2024:00:19:35 -0500] "POST /forms/lservlet;jsessionid=ac16012b30d688c112503e764ab094a2fa9a0f9aabf9.e3iSbxaKaheRe3qKcheMbNuKc41ynknvrkLOlQzNp65In0 HTTP/1.1" 200 2
156.59.198.136 - - [23/Jan/2024:00:19:42 -0500] "GET /BLA/resoluciones/AUTOS%202011/5702.pdf HTTP/1.0" 200 408103
201.245.192.253 - - [23/Jan/2024:00:19:43 -0500] "POST /forms/lservlet;jsessionid=ac16012b30d697d92ed5975547868a58de8c0e1951cb.e3iSbxaKaheRe3qKcheMbNuKc41ynknvrkLOlQzNp65In0 HTTP/1.1" 200 2
216.244.66.195 - - [23/Jan/2024:00:19:54 -0500] "GET /BLA/resoluciones/AUTOS%202020/2142.pdf HTTP/1.1" 200 331009
156.59.198.136 - - [23/Jan/2024:00:20:06 -0500] "GET /BLA/resoluciones/AUTOS%202011/4107.pdf HTTP/1.0" 200 251429
216.244.66.195 - - [23/Jan/2024:00:20:23 -0500] "GET /BLA/resoluciones/AUTOS%202020/2919.pdf HTTP/1.1" 200 721293
201.245.192.253 - - [23/Jan/2024:00:20:24 -0500] "GET /kwsrmcab/Wsrmcab?wsdl HTTP/1.1" 200 6948
201.245.192.253 - - [23/Jan/2024:00:20:24 -0500] "POST /kwsrmcab/Wsrmcab HTTP/1.1" 200 37037
156.59.198.136 - - [23/Jan/2024:00:20:31 -0500] "GET /BLA/resoluciones/AUTOS%202011/7053.pdf HTTP/1.0" 200 1468440
216.244.66.195 - - [23/Jan/2024:00:20:51 -0500] "GET /BLA/resoluciones/AUTOS%202020/2964.pdf HTTP/1.1" 200 369931
156.59.198.136 - - [23/Jan/2024:00:20:55 -0500] "GET /BLA/resoluciones/AUTOS%202011/4020.pdf HTTP/1.0" 200 341490
66.249.66.20 - - [23/Jan/2024:00:21:06 -0500] "GET /BLA/resoluciones/RESOLUCIONES%202007/RES%202007%203801%20AL%203900/RESOLUCION%203870%20DE%202007.pdf HTTP/1.1" 200 308289
216.244.66.195 - - [23/Jan/2024:00:21:14 -0500] "GET /BLA/resoluciones/AUTOS%202020/3159.pdf HTTP/1.1" 200 360442
156.59.198.136 - - [23/Jan/2024:00:21:19 -0500] "GET /BLA/resoluciones/AUTOS%202011/4464.pdf HTTP/1.0" 200 148906
216.245.221.92 - - [23/Jan/2024:00:21:21 -0500] "HEAD / HTTP/1.1" 200 -
201.245.192.253 - - [23/Jan/2024:00:21:35 -0500] "POST /forms/lservlet;jsessionid=ac16012b30d688c112503e764ab094a2fa9a0f9aabf9.e3iSbxaKaheRe3qKcheMbNuKc41ynknvrkLOlQzNp65In0 HTTP/1.1" 200 2
216.244.66.195 - - [23/Jan/2024:00:21:37 -0500] "GET /BLA/resoluciones/AUTOS%202020/3217.pdf HTTP/1.1" 200 331915
201.245.192.253 - - [23/Jan/2024:00:21:43 -0500] "POST /forms/lservlet;jsessionid=ac16012b30d697d92ed5975547868a58de8c0e1951cb.e3iSbxaKaheRe3qKcheMbNuKc41ynknvrkLOlQzNp65In0 HTTP/1.1" 200 2
156.59.198.136 - - [23/Jan/2024:00:21:46 -0500] "GET /BLA/resoluciones/AUTOS%202011/5080.pdf HTTP/1.0" 200 170252
216.244.66.195 - - [23/Jan/2024:00:21:58 -0500] "GET /BLA/resoluciones/AUTOS%202020/4002.pdf HTTP/1.1" 200 407818
156.59.198.135 - - [23/Jan/2024:00:22:10 -0500] "GET /BLA/resoluciones/AUTOS%202011/6855.pdf HTTP/1.0" 200 2186017
168.119.251.242 - - [23/Jan/2024:00:22:13 -0500] "GET / HTTP/1.1" 200 4720
216.244.66.195 - - [23/Jan/2024:00:22:18 -0500] "GET /BLA/resoluciones/AUTOS%202020/4096.pdf HTTP/1.1" 200 429138
201.245.192.253 - - [23/Jan/2024:00:22:29 -0500] "POST /kwsrmcab/Wsrmcab  HTTP/1.1" 200 35641
178.62.72.205 - - [23/Jan/2024:00:22:34 -0500] "\x16\x03\x01\x01\xfd\x01" 400 226
156.59.198.136 - - [23/Jan/2024:00:22:35 -0500] "GET /BLA/resoluciones/AUTOS%202011/5732.pdf HTTP/1.0" 200 341426
216.244.66.195 - - [23/Jan/2024:00:22:38 -0500] "GET /BLA/resoluciones/AUTOS%202020/4261.pdf HTTP/1.1" 200 359965
216.244.66.195 - - [23/Jan/2024:00:22:57 -0500] "GET /BLA/resoluciones/AUTOS%202020/4263.pdf HTTP/1.1" 200 397258
156.59.198.136 - - [23/Jan/2024:00:23:01 -0500] "GET /BLA/resoluciones/AUTOS%202011/5813.pdf HTTP/1.0" 200 241325
216.244.66.195 - - [23/Jan/2024:00:23:14 -0500] "GET /BLA/resoluciones/AUTOS%202020/4276.pdf HTTP/1.1" 200 492013
156.59.198.136 - - [23/Jan/2024:00:23:24 -0500] "GET /BLA/resoluciones/AUTOS%202011/5571.pdf HTTP/1.0" 200 190611
216.244.66.195 - - [23/Jan/2024:00:23:33 -0500] "GET /BLA/resoluciones/AUTOS%202020/4376.pdf HTTP/1.1" 200 416910
201.245.192.253 - - [23/Jan/2024:00:23:35 -0500] "POST /forms/lservlet;jsessionid=ac16012b30d688c112503e764ab094a2fa9a0f9aabf9.e3iSbxaKaheRe3qKcheMbNuKc41ynknvrkLOlQzNp65In0 HTTP/1.1" 200 2
201.245.192.253 - - [23/Jan/2024:00:23:43 -0500] "POST /forms/lservlet;jsessionid=ac16012b30d697d92ed5975547868a58de8c0e1951cb.e3iSbxaKaheRe3qKcheMbNuKc41ynknvrkLOlQzNp65In0 HTTP/1.1" 200 2
216.244.66.195 - - [23/Jan/2024:00:23:49 -0500] "GET /BLA/resoluciones/AUTOS%202020/4377.pdf HTTP/1.1" 200 413583
156.59.198.135 - - [23/Jan/2024:00:23:49 -0500] "GET /BLA/resoluciones/AUTOS%202011/6416.pdf HTTP/1.0" 200 88523
216.244.66.195 - - [23/Jan/2024:00:24:03 -0500] "GET /BLA/resoluciones/AUTOS%202020/4671.pdf HTTP/1.1" 200 370903
172.22.2.4 - - [23/Jan/2024:00:22:24 -0500] "HEAD /BLA/boletinlegal/ HTTP/1.1" 200 -
66.249.66.38 - - [23/Jan/2024:00:24:09 -0500] "GET /como-obtener-el-certificado-de-estado-de-conservacion-ambiental-ceca.html HTTP/1.1" 304 -
156.59.198.136 - - [23/Jan/2024:00:24:13 -0500] "GET /BLA/resoluciones/AUTOS%202011/7307.pdf HTTP/1.0" 200 210713
216.244.66.195 - - [23/Jan/2024:00:24:19 -0500] "GET /BLA/resoluciones/AUTOS%202020/4683.pdf HTTP/1.1" 200 369888
216.244.66.195 - - [23/Jan/2024:00:24:33 -0500] "GET /BLA/resoluciones/AUTOS%202020/4863.pdf HTTP/1.1" 200 412586
156.59.198.136 - - [23/Jan/2024:00:24:39 -0500] "GET /BLA/resoluciones/Notificaciones/RESOLUCIONES%202015/02346.pdf HTTP/1.0" 200 114217
216.244.66.195 - - [23/Jan/2024:00:24:44 -0500] "GET /BLA/resoluciones/AUTOS%202022/0980.pdf HTTP/1.1" 200 674006
172.22.2.4 - - [23/Jan/2024:00:23:15 -0500] "GET /BLA/boletinlegal/ HTTP/1.1" 200 60529
216.244.66.195 - - [23/Jan/2024:00:24:56 -0500] "GET /BLA/resoluciones/AUTOS%202022/1703.pdf HTTP/1.1" 200 642599
201.245.192.253 - - [23/Jan/2024:00:24:54 -0500] "POST /kwsrmcab/Wsrmcab HTTP/1.1" 200 39140
201.245.192.253 - - [23/Jan/2024:00:24:58 -0500] "POST /kwsrmcab/Wsrmcab HTTP/1.1" 200 37037
156.59.198.135 - - [23/Jan/2024:00:25:03 -0500] "GET /BLA/resoluciones/AUTOS%202011/4337.pdf HTTP/1.0" 200 244465
216.244.66.195 - - [23/Jan/2024:00:25:06 -0500] "GET /BLA/resoluciones/AUTOS%202022/2846.pdf HTTP/1.1" 200 500596
216.244.66.195 - - [23/Jan/2024:00:25:14 -0500] "GET /BLA/resoluciones/RESOLUCIONES%202011/0761.pdf HTTP/1.1" 200 517157
216.244.66.195 - - [23/Jan/2024:00:25:22 -0500] "GET /BLA/resoluciones/RESOLUCIONES%202011/1205.pdf HTTP/1.1" 200 432497
66.249.66.20 - - [23/Jan/2024:00:25:24 -0500] "GET /resoluciones/RESOLUCIONES%202009/9360.pdf HTTP/1.1" 404 1018
156.59.198.136 - - [23/Jan/2024:00:25:27 -0500] "GET /BLA/resoluciones/AUTOS%202011/4448.pdf HTTP/1.0" 200 245427
216.244.66.195 - - [23/Jan/2024:00:25:28 -0500] "GET /BLA/resoluciones/RESOLUCIONES%202011/1455.pdf HTTP/1.1" 200 523286
201.245.192.253 - - [23/Jan/2024:00:25:35 -0500] "POST /forms/lservlet;jsessionid=ac16012b30d688c112503e764ab094a2fa9a0f9aabf9.e3iSbxaKaheRe3qKcheMbNuKc41ynknvrkLOlQzNp65In0 HTTP/1.1" 200 2
201.245.192.253 - - [23/Jan/2024:00:25:43 -0500] "POST /forms/lservlet;jsessionid=ac16012b30d697d92ed5975547868a58de8c0e1951cb.e3iSbxaKaheRe3qKcheMbNuKc41ynknvrkLOlQzNp65In0 HTTP/1.1" 200 2
156.59.198.136 - - [23/Jan/2024:00:25:51 -0500] "GET /BLA/resoluciones/AUTOS%202011/6603.pdf HTTP/1.0" 200 204068
173.252.95.8 - - [23/Jan/2024:00:25:54 -0500] "GET /images/Red%20de%20Monitoreo%20de%20Calidad%20del%20Aire.jpg HTTP/1.1" 200 51986
66.249.66.21 - - [23/Jan/2024:00:26:06 -0500] "GET /BLA/resoluciones/AUTOS%202008/1949.pdf HTTP/1.1" 200 100174
156.59.198.136 - - [23/Jan/2024:00:26:15 -0500] "GET /BLA/resoluciones/AUTOS%202011/5862.pdf HTTP/1.0" 200 505792
216.245.221.92 - - [23/Jan/2024:00:26:21 -0500] "HEAD / HTTP/1.1" 200 -
156.59.198.135 - - [23/Jan/2024:00:26:40 -0500] "GET /BLA/resoluciones/AUTOS%202011/5488.pdf HTTP/1.0" 200 205583
156.59.198.136 - - [23/Jan/2024:00:27:04 -0500] "GET /BLA/resoluciones/AUTOS%202011/4612.pdf HTTP/1.0" 200 191759
156.59.198.135 - - [23/Jan/2024:00:27:29 -0500] "GET /BLA/resoluciones/AUTOS%202011/7541.pdf HTTP/1.0" 200 556104
201.245.192.253 - - [23/Jan/2024:00:27:28 -0500] "POST /kwsrmcab/Wsrmcab  HTTP/1.1" 200 35641
201.245.192.253 - - [23/Jan/2024:00:27:35 -0500] "POST /forms/lservlet;jsessionid=ac16012b30d688c112503e764ab094a2fa9a0f9aabf9.e3iSbxaKaheRe3qKcheMbNuKc41ynknvrkLOlQzNp65In0 HTTP/1.1" 200 2
201.245.192.253 - - [23/Jan/2024:00:27:43 -0500] "POST /forms/lservlet;jsessionid=ac16012b30d697d92ed5975547868a58de8c0e1951cb.e3iSbxaKaheRe3qKcheMbNuKc41ynknvrkLOlQzNp65In0 HTTP/1.1" 200 2
156.59.198.136 - - [23/Jan/2024:00:27:53 -0500] "GET /BLA/resoluciones/AUTOS%202011/6204.pdf HTTP/1.0" 200 456924
69.63.189.120 - - [23/Jan/2024:00:27:56 -0500] "GET /images/Comprimida%20incendios.jpg HTTP/1.1" 200 23316
69.63.189.8 - - [23/Jan/2024:00:27:58 -0500] "GET /images/Caminatas%20(1)%20(2).jpeg HTTP/1.1" 200 81411
69.63.189.120 - - [23/Jan/2024:00:28:03 -0500] "GET /images/arbol%20centro.jpg HTTP/1.1" 200 69467
69.63.189.120 - - [23/Jan/2024:00:28:03 -0500] "GET /images/reconocimiento%20practicas%20ambientales.jpg HTTP/1.1" 200 63397
69.63.189.120 - - [23/Jan/2024:00:28:03 -0500] "GET /images/PREAD%20SDA%201.jpeg HTTP/1.1" 200 65620
69.63.189.1 - - [23/Jan/2024:00:28:03 -0500] "GET /images/agua%20bogota.jpg HTTP/1.1" 200 74348
69.63.189.120 - - [23/Jan/2024:00:28:03 -0500] "GET /images/Aves%20SDA.jpeg HTTP/1.1" 200 75104
69.63.189.120 - - [23/Jan/2024:00:28:03 -0500] "GET /images/participacion%2019-12-23.jpg HTTP/1.1" 200 73861
69.63.189.120 - - [23/Jan/2024:00:28:04 -0500] "GET /images/Musgo%2017%20-%2012%20-%202023.jpeg HTTP/1.1" 200 66238
156.59.198.136 - - [23/Jan/2024:00:28:17 -0500] "GET /BLA/resoluciones/AUTOS%202011/5313.pdf HTTP/1.0" 200 282361
156.59.198.135 - - [23/Jan/2024:00:28:42 -0500] "GET /BLA/resoluciones/AUTOS%202011/7427.pdf HTTP/1.0" 200 240574
156.59.198.136 - - [23/Jan/2024:00:29:08 -0500] "GET /BLA/resoluciones/AUTOS%202011/4460.pdf HTTP/1.0" 200 239301
201.245.192.253 - - [23/Jan/2024:00:29:21 -0500] "POST /kwsrmcab/Wsrmcab HTTP/1.1" 200 35692
156.59.198.135 - - [23/Jan/2024:00:29:33 -0500] "GET /BLA/resoluciones/AUTOS%202011/4813.pdf HTTP/1.0" 200 236127
201.245.192.253 - - [23/Jan/2024:00:29:35 -0500] "POST /forms/lservlet;jsessionid=ac16012b30d688c112503e764ab094a2fa9a0f9aabf9.e3iSbxaKaheRe3qKcheMbNuKc41ynknvrkLOlQzNp65In0 HTTP/1.1" 200 2
201.245.192.253 - - [23/Jan/2024:00:29:43 -0500] "POST /forms/lservlet;jsessionid=ac16012b30d697d92ed5975547868a58de8c0e1951cb.e3iSbxaKaheRe3qKcheMbNuKc41ynknvrkLOlQzNp65In0 HTTP/1.1" 200 2
172.22.2.4 - - [23/Jan/2024:00:28:14 -0500] "HEAD /BLA/boletinlegal/ HTTP/1.1" 200 -
156.59.198.136 - - [23/Jan/2024:00:29:57 -0500] "GET /BLA/resoluciones/AUTOS%202011/5791.pdf HTTP/1.0" 200 297588
186.102.76.14 - - [23/Jan/2024:00:30:13 -0500] "GET /gobierno-de-bogota-hace-recomendaciones-a-la-ciudadania-para-que-tome-acciones-ante-la-mala-calidad-del-aire.html HTTP/1.1" 200 864
156.59.198.136 - - [23/Jan/2024:00:30:21 -0500] "GET /BLA/resoluciones/AUTOS%202011/7134.pdf HTTP/1.0" 200 160364
201.245.192.253 - - [23/Jan/2024:00:30:23 -0500] "POST /kwsrmcab/Wsrmcab HTTP/1.1" 200 37037
172.22.2.4 - - [23/Jan/2024:00:29:05 -0500] "GET /BLA/boletinlegal/ HTTP/1.1" 200 60996
156.59.198.135 - - [23/Jan/2024:00:30:46 -0500] "GET /BLA/resoluciones/AUTOS%202011/4202.pdf HTTP/1.0" 200 240945
156.59.198.135 - - [23/Jan/2024:00:31:11 -0500] "GET /BLA/resoluciones/AUTOS%202011/4004.pdf HTTP/1.0" 200 475944
216.245.221.92 - - [23/Jan/2024:00:31:21 -0500] "HEAD / HTTP/1.1" 200 -
201.245.192.253 - - [23/Jan/2024:00:31:35 -0500] "POST /forms/lservlet;jsessionid=ac16012b30d688c112503e764ab094a2fa9a0f9aabf9.e3iSbxaKaheRe3qKcheMbNuKc41ynknvrkLOlQzNp65In0 HTTP/1.1" 200 2
156.59.198.136 - - [23/Jan/2024:00:31:37 -0500] "GET /BLA/resoluciones/AUTOS%202011/6196.pdf HTTP/1.0" 200 613639
201.245.192.253 - - [23/Jan/2024:00:31:43 -0500] "POST /forms/lservlet;jsessionid=ac16012b30d697d92ed5975547868a58de8c0e1951cb.e3iSbxaKaheRe3qKcheMbNuKc41ynknvrkLOlQzNp65In0 HTTP/1.1" 200 2
156.59.198.136 - - [23/Jan/2024:00:32:01 -0500] "GET /BLA/resoluciones/AUTOS%202011/6867.pdf HTTP/1.0" 200 178591
156.59.198.136 - - [23/Jan/2024:00:32:25 -0500] "GET /BLA/resoluciones/AUTOS%202011/5161.pdf HTTP/1.0" 200 680757
201.245.192.253 - - [23/Jan/2024:00:32:26 -0500] "POST /kwsrmcab/Wsrmcab  HTTP/1.1" 200 35641
156.59.198.136 - - [23/Jan/2024:00:32:50 -0500] "GET /BLA/resoluciones/AUTOS%202011/7392.pdf HTTP/1.0" 200 232103
156.59.198.135 - - [23/Jan/2024:00:33:13 -0500] "GET /BLA/resoluciones/AUTOS%202011/5688.pdf HTTP/1.0" 200 204450
201.245.192.253 - - [23/Jan/2024:00:33:35 -0500] "POST /forms/lservlet;jsessionid=ac16012b30d688c112503e764ab094a2fa9a0f9aabf9.e3iSbxaKaheRe3qKcheMbNuKc41ynknvrkLOlQzNp65In0 HTTP/1.1" 200 2
156.59.198.136 - - [23/Jan/2024:00:33:38 -0500] "GET /BLA/resoluciones/AUTOS%202011/4957.pdf HTTP/1.0" 200 305931
201.245.192.253 - - [23/Jan/2024:00:33:43 -0500] "POST /forms/lservlet;jsessionid=ac16012b30d697d92ed5975547868a58de8c0e1951cb.e3iSbxaKaheRe3qKcheMbNuKc41ynknvrkLOlQzNp65In0 HTTP/1.1" 200 2
156.59.198.135 - - [23/Jan/2024:00:34:04 -0500] "GET /BLA/resoluciones/AUTOS%202011/6854.pdf HTTP/1.0" 200 2212878
216.244.66.195 - - [23/Jan/2024:00:34:24 -0500] "GET /robots.txt HTTP/1.1" 404 1018
156.59.198.136 - - [23/Jan/2024:00:34:27 -0500] "GET /BLA/resoluciones/AUTOS%202011/4027.pdf HTTP/1.0" 200 292170
156.59.198.135 - - [23/Jan/2024:00:34:52 -0500] "GET /BLA/resoluciones/AUTOS%202011/5593.pdf HTTP/1.0" 200 234885
201.245.192.253 - - [23/Jan/2024:00:34:54 -0500] "POST /kwsrmcab/Wsrmcab HTTP/1.1" 200 39140
201.245.192.253 - - [23/Jan/2024:00:34:58 -0500] "POST /kwsrmcab/Wsrmcab HTTP/1.1" 200 37037
156.59.198.136 - - [23/Jan/2024:00:35:18 -0500] "GET /BLA/resoluciones/AUTOS%202011/4230.pdf HTTP/1.0" 200 307147
201.245.192.253 - - [23/Jan/2024:00:35:35 -0500] "POST /forms/lservlet;jsessionid=ac16012b30d688c112503e764ab094a2fa9a0f9aabf9.e3iSbxaKaheRe3qKcheMbNuKc41ynknvrkLOlQzNp65In0 HTTP/1.1" 200 2
156.59.198.135 - - [23/Jan/2024:00:35:41 -0500] "GET /BLA/resoluciones/AUTOS%202011/4520.pdf HTTP/1.0" 200 228361
201.245.192.253 - - [23/Jan/2024:00:35:43 -0500] "POST /forms/lservlet;jsessionid=ac16012b30d697d92ed5975547868a58de8c0e1951cb.e3iSbxaKaheRe3qKcheMbNuKc41ynknvrkLOlQzNp65In0 HTTP/1.1" 200 2
172.22.2.4 - - [23/Jan/2024:00:34:04 -0500] "HEAD /BLA/boletinlegal/ HTTP/1.1" 200 -
156.59.198.135 - - [23/Jan/2024:00:36:06 -0500] "GET /BLA/resoluciones/AUTOS%202011/7250.pdf HTTP/1.0" 200 219436
216.245.221.92 - - [23/Jan/2024:00:36:21 -0500] "HEAD / HTTP/1.1" 200 -
156.59.198.135 - - [23/Jan/2024:00:36:30 -0500] "GET /BLA/resoluciones/AUTOS%202011/6300.pdf HTTP/1.0" 200 588546
172.22.2.4 - - [23/Jan/2024:00:34:55 -0500] "GET /BLA/boletinlegal/ HTTP/1.1" 200 60529
156.59.198.135 - - [23/Jan/2024:00:36:54 -0500] "GET /BLA/resoluciones/AUTOS%202011/5824.pdf HTTP/1.0" 200 287295
156.59.198.135 - - [23/Jan/2024:00:37:20 -0500] "GET /BLA/resoluciones/AUTOS%202011/5741.pdf HTTP/1.0" 200 105009
173.252.107.118 - - [23/Jan/2024:00:37:27 -0500] "GET /acuerdos-de-conservacion-camaras-trampa-registran-fauna-en-la-reserva-umbral-cultural-horizontes.html HTTP/1.1" 200 818
201.245.192.253 - - [23/Jan/2024:00:37:24 -0500] "POST /kwsrmcab/Wsrmcab  HTTP/1.1" 200 35641
201.245.192.253 - - [23/Jan/2024:00:37:35 -0500] "POST /forms/lservlet;jsessionid=ac16012b30d688c112503e764ab094a2fa9a0f9aabf9.e3iSbxaKaheRe3qKcheMbNuKc41ynknvrkLOlQzNp65In0 HTTP/1.1" 200 2
201.245.192.253 - - [23/Jan/2024:00:37:43 -0500] "POST /forms/lservlet;jsessionid=ac16012b30d697d92ed5975547868a58de8c0e1951cb.e3iSbxaKaheRe3qKcheMbNuKc41ynknvrkLOlQzNp65In0 HTTP/1.1" 200 2
186.155.149.236 - - [23/Jan/2024:00:37:42 -0500] "POST /sipse/faces/presentacion/financiero/solicitudProceso/consultarSolicitudProceso.xhtml HTTP/1.1" 200 50416
186.155.149.236 - - [23/Jan/2024:00:37:44 -0500] "GET /sipse/faces/javax.faces.resource/theme.css?ln=primefaces-sipse HTTP/1.1" 304 -
186.155.149.236 - - [23/Jan/2024:00:37:44 -0500] "GET /sipse/faces/javax.faces.resource/primefaces.css?ln=primefaces&v=4.0 HTTP/1.1" 304 -
186.155.149.236 - - [23/Jan/2024:00:37:44 -0500] "GET /sipse/faces/javax.faces.resource/layout/layout.css?ln=primefaces&v=4.0 HTTP/1.1" 304 -
156.59.198.136 - - [23/Jan/2024:00:37:44 -0500] "GET /BLA/resoluciones/AUTOS%202011/4775.pdf HTTP/1.0" 200 2496237
186.155.149.236 - - [23/Jan/2024:00:37:44 -0500] "GET /sipse/faces/javax.faces.resource/jquery/jquery.js?ln=primefaces&v=4.0 HTTP/1.1" 304 -
186.155.149.236 - - [23/Jan/2024:00:37:44 -0500] "GET /sipse/faces/javax.faces.resource/jquery/jquery-plugins.js?ln=primefaces&v=4.0 HTTP/1.1" 304 -
186.155.149.236 - - [23/Jan/2024:00:37:44 -0500] "GET /sipse/faces/javax.faces.resource/primefaces.js?ln=primefaces&v=4.0 HTTP/1.1" 304 -
186.155.149.236 - - [23/Jan/2024:00:37:44 -0500] "GET /sipse/faces/javax.faces.resource/layout/layout.js?ln=primefaces&v=4.0 HTTP/1.1" 304 -
186.155.149.236 - - [23/Jan/2024:00:37:45 -0500] "GET /sipse/css/imagen/contrasena.png HTTP/1.1" 404 383
186.155.149.236 - - [23/Jan/2024:00:37:45 -0500] "GET /sipse/faces/javax.faces.resource/messages/messages.png?ln=primefaces&v=4.0 HTTP/1.1" 304 -
186.155.149.236 - - [23/Jan/2024:00:37:45 -0500] "POST /sipse/faces/presentacion/financiero/solicitudProceso/listarSolicitudProceso.xhtml HTTP/1.1" 200 1492
186.98.72.13 - - [23/Jan/2024:00:38:06 -0500] "POST /sipse/faces/presentacion/financiero/solicitudProceso/listarSolicitudProceso.xhtml HTTP/1.1" 200 7888
156.59.198.135 - - [23/Jan/2024:00:38:09 -0500] "GET /BLA/resoluciones/AUTOS%202011/5584.pdf HTTP/1.0" 200 120233
156.59.198.136 - - [23/Jan/2024:00:38:32 -0500] "GET /BLA/resoluciones/AUTOS%202011/7377.pdf HTTP/1.0" 200 269355
186.98.72.13 - - [23/Jan/2024:00:38:33 -0500] "POST /sipse/faces/presentacion/financiero/solicitudProceso/listarSolicitudProceso.xhtml HTTP/1.1" 200 2145
186.98.72.13 - - [23/Jan/2024:00:38:34 -0500] "POST /sipse/faces/presentacion/financiero/solicitudProceso/listarSolicitudProceso.xhtml HTTP/1.1" 200 2153
186.98.72.13 - - [23/Jan/2024:00:38:36 -0500] "POST /sipse/faces/presentacion/financiero/solicitudProceso/listarSolicitudProceso.xhtml HTTP/1.1" 200 2149
186.98.72.13 - - [23/Jan/2024:00:38:37 -0500] "POST /sipse/faces/presentacion/financiero/solicitudProceso/listarSolicitudProceso.xhtml HTTP/1.1" 200 2161
186.98.72.13 - - [23/Jan/2024:00:38:39 -0500] "POST /sipse/faces/presentacion/financiero/solicitudProceso/listarSolicitudProceso.xhtml HTTP/1.1" 200 2149
186.98.72.13 - - [23/Jan/2024:00:38:39 -0500] "POST /sipse/faces/presentacion/financiero/solicitudProceso/listarSolicitudProceso.xhtml HTTP/1.1" 200 2161
186.98.72.13 - - [23/Jan/2024:00:38:41 -0500] "POST /sipse/faces/presentacion/financiero/solicitudProceso/listarSolicitudProceso.xhtml HTTP/1.1" 200 2149
66.249.66.38 - - [23/Jan/2024:00:38:41 -0500] "GET /inscribete-y-participa-en-la-convencion-internacional-de-emergencia-climatica-bogota-2023.html HTTP/1.1" 304 -
186.98.72.13 - - [23/Jan/2024:00:38:42 -0500] "POST /sipse/faces/presentacion/financiero/solicitudProceso/listarSolicitudProceso.xhtml HTTP/1.1" 200 31950
186.98.72.13 - - [23/Jan/2024:00:38:42 -0500] "POST /sipse/faces/presentacion/financiero/solicitudProceso/listarSolicitudProceso.xhtml HTTP/1.1" 200 43918
186.98.72.13 - - [23/Jan/2024:00:38:42 -0500] "POST /sipse/faces/presentacion/financiero/solicitudProceso/listarSolicitudProceso.xhtml HTTP/1.1" 200 31942
186.98.72.13 - - [23/Jan/2024:00:38:44 -0500] "POST /sipse/faces/presentacion/financiero/solicitudProceso/listarSolicitudProceso.xhtml HTTP/1.1" 200 16741
186.98.72.13 - - [23/Jan/2024:00:38:44 -0500] "POST /sipse/faces/presentacion/financiero/solicitudProceso/listarSolicitudProceso.xhtml HTTP/1.1" 200 16753
186.98.72.13 - - [23/Jan/2024:00:38:45 -0500] "POST /sipse/faces/presentacion/financiero/solicitudProceso/listarSolicitudProceso.xhtml HTTP/1.1" 200 4929
186.98.72.13 - - [23/Jan/2024:00:38:46 -0500] "POST /sipse/faces/presentacion/financiero/solicitudProceso/listarSolicitudProceso.xhtml HTTP/1.1" 200 4941
17.241.219.65 - - [23/Jan/2024:00:38:47 -0500] "GET /pagos-por-servicios-ambientales-y-acuerdos-de-conservacion-estrategias-para-proteger-areas-de-importancia-ambiental.html HTTP/1.1" 200 893
186.98.72.13 - - [23/Jan/2024:00:38:47 -0500] "POST /sipse/faces/presentacion/financiero/solicitudProceso/listarSolicitudProceso.xhtml HTTP/1.1" 200 4988
186.98.72.13 - - [23/Jan/2024:00:38:51 -0500] "POST /sipse/faces/presentacion/financiero/solicitudProceso/listarSolicitudProceso.xhtml HTTP/1.1" 200 151108
186.98.72.13 - - [23/Jan/2024:00:38:51 -0500] "GET /sipse/css/custom_css_sg.css HTTP/1.1" 304 -
186.98.72.13 - - [23/Jan/2024:00:38:51 -0500] "GET /sipse/css/custom_css_sg_prime.css HTTP/1.1" 304 -
186.98.72.13 - - [23/Jan/2024:00:38:51 -0500] "GET /sipse/faces/javax.faces.resource/theme.css?ln=primefaces-sipse HTTP/1.1" 304 -
186.98.72.13 - - [23/Jan/2024:00:38:51 -0500] "GET /sipse/faces/javax.faces.resource/layout/layout.css?ln=primefaces&v=4.0 HTTP/1.1" 304 -
186.98.72.13 - - [23/Jan/2024:00:38:51 -0500] "GET /sipse/js/disable_browser_buttons.js HTTP/1.1" 304 -
186.98.72.13 - - [23/Jan/2024:00:38:51 -0500] "GET /sipse/faces/javax.faces.resource/primefaces.css?ln=primefaces&v=4.0 HTTP/1.1" 304 -
186.98.72.13 - - [23/Jan/2024:00:38:51 -0500] "GET /sipse/js/jquery.min.js HTTP/1.1" 304 -
186.98.72.13 - - [23/Jan/2024:00:38:51 -0500] "GET /sipse/js/funciones.js HTTP/1.1" 304 -
186.98.72.13 - - [23/Jan/2024:00:38:51 -0500] "GET /sipse/faces/javax.faces.resource/jquery/jquery.js?ln=primefaces&v=4.0 HTTP/1.1" 304 -
186.98.72.13 - - [23/Jan/2024:00:38:52 -0500] "GET /sipse/faces/javax.faces.resource/jquery/jquery-plugins.js?ln=primefaces&v=4.0 HTTP/1.1" 200 220526
186.98.72.13 - - [23/Jan/2024:00:38:52 -0500] "GET /sipse/faces/javax.faces.resource/primefaces.js?ln=primefaces&v=4.0 HTTP/1.1" 200 276924
186.98.72.13 - - [23/Jan/2024:00:38:52 -0500] "GET /sipse/faces/javax.faces.resource/layout/layout.js?ln=primefaces&v=4.0 HTTP/1.1" 304 -
186.98.72.13 - - [23/Jan/2024:00:38:52 -0500] "GET /sipse/css/imagen/contrasena.png HTTP/1.1" 404 383
186.98.72.13 - - [23/Jan/2024:00:38:52 -0500] "GET /sipse/faces/javax.faces.resource/dynamiccontent.properties?ln=primefaces&pfdrid=XjOR5%2F%2FfPAZAuY9TpWQeCiM0BhlXxYRBGKi%2FQcXXfeA%3D&pfdrid_c=false HTTP/1.1" 500 383
156.59.198.136 - - [23/Jan/2024:00:38:57 -0500] "GET /BLA/resoluciones/AUTOS%202011/4284.pdf HTTP/1.0" 200 247365
186.155.149.236 - - [23/Jan/2024:00:39:16 -0500] "POST /sipse/faces/presentacion/financiero/solicitudProceso/listarSolicitudProceso.xhtml HTTP/1.1" 200 1901
23.22.35.162 - - [23/Jan/2024:00:39:19 -0500] "GET /BLA/normatividad.php?ordenar=mas HTTP/1.1" 404 1018
186.98.72.13 - - [23/Jan/2024:00:39:19 -0500] "POST /sipse/faces/presentacion/financiero/solicitudProceso/consultarSolicitudProceso.xhtml HTTP/1.1" 200 17805
