186.98.72.13 - - [23/Jan/2024:00:50:13 -0500] "POST /sipse/faces/presentacion/financiero/solicitudProceso/listarSolicitudProceso.xhtml HTTP/1.1" 200 32001
186.98.72.13 - - [23/Jan/2024:00:50:15 -0500] "POST /sipse/faces/presentacion/financiero/solicitudProceso/listarSolicitudProceso.xhtml HTTP/1.1" 200 2069
186.98.72.13 - - [23/Jan/2024:00:50:15 -0500] "POST /sipse/faces/presentacion/financiero/solicitudProceso/listarSolicitudProceso.xhtml HTTP/1.1" 200 2081
186.98.72.13 - - [23/Jan/2024:00:50:24 -0500] "POST /sipse/faces/presentacion/financiero/solicitudProceso/listarSolicitudProceso.xhtml HTTP/1.1" 200 10749
156.59.198.135 - - [23/Jan/2024:00:50:24 -0500] "GET /BLA/resoluciones/AUTOS%202011/5949.pdf HTTP/1.0" 200 2007699
186.98.72.13 - - [23/Jan/2024:00:50:24 -0500] "POST /sipse/faces/presentacion/financiero/solicitudProceso/listarSolicitudProceso.xhtml HTTP/1.1" 200 10761
186.98.72.13 - - [23/Jan/2024:00:50:25 -0500] "POST /sipse/faces/presentacion/financiero/solicitudProceso/listarSolicitudProceso.xhtml HTTP/1.1" 200 4851
186.98.72.13 - - [23/Jan/2024:00:50:26 -0500] "POST /sipse/faces/presentacion/financiero/solicitudProceso/listarSolicitudProceso.xhtml HTTP/1.1" 200 2081
186.98.72.13 - - [23/Jan/2024:00:50:28 -0500] "POST /sipse/faces/presentacion/financiero/solicitudProceso/listarSolicitudProceso.xhtml HTTP/1.1" 200 4946
186.98.72.13 - - [23/Jan/2024:00:50:28 -0500] "POST /sipse/faces/presentacion/financiero/solicitudProceso/listarSolicitudProceso.xhtml HTTP/1.1" 200 4962
186.98.72.13 - - [23/Jan/2024:00:50:29 -0500] "POST /sipse/faces/presentacion/financiero/solicitudProceso/listarSolicitudProceso.xhtml HTTP/1.1" 200 10749
186.98.72.13 - - [23/Jan/2024:00:50:30 -0500] "POST /sipse/faces/presentacion/financiero/solicitudProceso/listarSolicitudProceso.xhtml HTTP/1.1" 200 4905
186.98.72.13 - - [23/Jan/2024:00:50:30 -0500] "POST /sipse/faces/presentacion/financiero/solicitudProceso/listarSolicitudProceso.xhtml HTTP/1.1" 200 4889
66.249.66.19 - - [23/Jan/2024:00:50:31 -0500] "GET /BLA/resoluciones/AUTOS%202008/2080.pdf HTTP/1.1" 200 98515
186.98.72.13 - - [23/Jan/2024:00:50:33 -0500] "POST /sipse/faces/presentacion/financiero/solicitudProceso/listarSolicitudProceso.xhtml HTTP/1.1" 200 158699
186.98.72.13 - - [23/Jan/2024:00:50:34 -0500] "GET /sipse/faces/javax.faces.resource/theme.css?ln=primefaces-sipse HTTP/1.1" 304 -
186.98.72.13 - - [23/Jan/2024:00:50:34 -0500] "GET /sipse/faces/javax.faces.resource/primefaces.css?ln=primefaces&v=4.0 HTTP/1.1" 304 -
186.98.72.13 - - [23/Jan/2024:00:50:34 -0500] "GET /sipse/faces/javax.faces.resource/layout/layout.css?ln=primefaces&v=4.0 HTTP/1.1" 304 -
186.98.72.13 - - [23/Jan/2024:00:50:34 -0500] "GET /sipse/faces/javax.faces.resource/jquery/jquery.js?ln=primefaces&v=4.0 HTTP/1.1" 304 -
186.98.72.13 - - [23/Jan/2024:00:50:34 -0500] "GET /sipse/faces/javax.faces.resource/jquery/jquery-plugins.js?ln=primefaces&v=4.0 HTTP/1.1" 304 -
186.98.72.13 - - [23/Jan/2024:00:50:34 -0500] "GET /sipse/faces/javax.faces.resource/primefaces.js?ln=primefaces&v=4.0 HTTP/1.1" 304 -
186.98.72.13 - - [23/Jan/2024:00:50:34 -0500] "GET /sipse/faces/javax.faces.resource/layout/layout.js?ln=primefaces&v=4.0 HTTP/1.1" 304 -
186.98.72.13 - - [23/Jan/2024:00:50:35 -0500] "GET /sipse/faces/javax.faces.resource/dynamiccontent.properties?ln=primefaces&pfdrid=XjOR5%2F%2FfPAZAuY9TpWQeCiM0BhlXxYRBGKi%2FQcXXfeA%3D&pfdrid_c=false HTTP/1.1" 500 383
181.32.197.0 - - [23/Jan/2024:00:50:43 -0500] "GET /kwssiamovil/sm/acme/a?s=U2FsdGVkX1/ls3ZFNmfl6W59kAoBwFK4H9ALcEnA0TDryY7xbQ5S4XXi6MITnTUMg5lk+ue2NDtHVC3ufBQ6/U76D+tB7EUj3wBOOq9kG0L/WWaEEmm7b8n12xswio581xfdPXhMKQHeB1zTX+ptf+bOkH+EwSb3OwHIGQS7iCCmC7RZi7vC9AyuSPpSdhJPE+MWAAXyZt83mCsEDipNphZKnbcZmZTZdUljqdAqoYaaYHEf4NyU8aVZvEjt2jog7Osnb32GuqRS+qTbPBA4QA==&u=U2FsdGVkX19WX3CzjHkydWuLpg1/6EliT8FbyVy/2BQ=&y=U2FsdGVkX18Fza6jErmnxqfKYuPT0Yn/G6opI9eSbZFyLHpP81gexcV9+PqiZAWZ HTTP/1.1" 200 26
181.32.197.0 - - [23/Jan/2024:00:50:44 -0500] "GET /kwssiamovil/sm/acme/a?s=U2FsdGVkX18oWT9JjpIEd6IVUEWmh7XyizGW5QTNMUG5oBpk13fCRlqb0BOWjWJtae0UAUFFWwRTWT0jwm2bBl2U1bLjT9gwua/CDbyMR2GmowVTsGrBqwi1kLlDhFJnVF7Qh8XwF2/WY9JJi+4COv/rPwgiKayFBOJIxxtImg+SgmcL52mQnNfcBsuX8SEMDwgFqSA3Ja+Kwg8/abX/UIeP4jtvUPBEnZjjiJD0Pfyk8549ihxcilgMc6LroU04+FJs6pEy4CXcocA1BkiWn5WJm5RoN/9WMOyLK6UG1vB5PIyUWJSX6LWM9ThMK8kSmxA7OeX7Y1Cpcq4NUkfQzXyxWwhKb2MIJ5NvLr9pY01/cuS6IVej5h2m7NifOxM1lfoVwWMijgsTpNnP0lNj7IiOcwJnsLWEp7lJPoAVN6b9sB/MouKZs6KwnQy5SdLxpUhH07oHASh7jturyh6aOpMxwr0wLcUVY5j4k/XSC7h/2u200Z9/hnHu2J0bCymqJBXMRTbqwmuKQKDfMLA/kU91hhMY+jmLWCsCoXISOZdq6zvEaNEQinleAQECGqyJqtjqfLDJr1OKRk0Tg98IGOJqUtJQZ7s/4lrgpjz9jWrwh5ynBZWR8ORTVapvEUjOudxAJsMmd04lrKn7vnUsh8nypry9FpPl1/E6GyrWzJzyEW7Et0KffrXyLBl5+sV+1rWUFoFNW5vR4WCEH76AZfEii5QrBNiQ38URUYiD5xMWd7lfxPjH3qLtnmBCdHqX9rmzF16IkJHmmxfSMi7JEJkxwlTYZDSyTfap/B9HaKIevwQLA9Gb74lPoP/f8fZUTTbEfSPEKoUGGEuG0atJyyrG6eINnN7yXmcLaf178YZBMGEDqxZ1qcXvErx+SiBhN7D4umWN/ffvsbzoedzNHRDvH7sykQyw2WBrgAbnhFDCOg0Xx6/ggNI1wgJOEYlMRpS47GCStdBlLOtJSOoPbfNbdjud9/bdkMzsbitIyNPLC9Y53OxO1F+1jYzKdWyYS/9tnZJ7a84eaHYZYU7/OWqdUS2HSyINDH+swxfYyJrtQgx5ziVf/p6ssMXzTKMw+72P4/Pl/FwVYqhQkOnuMF6cnzYmJNUut7bpnW96+djJ+e8RtkIKHR9vYpQLlToM8TzQK1oGZkYl+eAMIxGsEd+cxS+FAV5PzTfKLzQ0wC/9qPqYSslPDmnzZQo+bJr3srijlI4cf0P7uNF32HIdL0zY65ncemMmzGI2I9fIOFmt57h55CCJo2Vmj8x1m6mbfr/2yK+KyflHP1DZyazUvro4VmJ1IRxtbQKdFlr08AaeT5fZE097LTXzij/qw2VstKAUoM00FzXawKqI0PV/Lo0asDFHhvI46fd9/1pihUp07NGQT1GSNY/AyspdEOEDIBjzrYIYjlP/qmawWW8w+j/X6xkcbFbTFOLCBnQUSJyK4ZQ8MC2Mj7XaBmSMy+LmCdZ9kB5B7vHbEAIR7CwMDZYoLutXGFzLSrWqo3whljGhvJvtZXfZpOfeRRwY55CPNcrbv0zHHXsoMSnKKc3fVEEL0m70pRoPeCC3jMLwSSDESOCUzHKS+GIl+zU0M/vCLtQ671qjf4J3EsXuSbwLpajfxL4i1PUq7bP3AHKYMETDzXie/Nn+vuLmWm9CiGsxUtCw9ZcI97j0GX7yQajoOwdIpZghUJl45TLRkRH2rsKMJ+hWw/WzlVhL0aBPgOS0SSoqWW//h1nhyRN23d2rjd+F9RcWNuVrlbdgTJZfmf2e/ANicSuEZ341JZpsT96YBe0LvSGrT3MMPVrZP9ITvkd8w/+ESR+69Pn+Y04HimV0fT+7qBNc6mJPu+CHZxCm8UUyO/XcgfENN/U8/4SupttFTJuYFA2ptz6MsXqnpq8Yz1Hvud3B1htYcacREhCKt3YvAH3OZHEBLFYUrdgEHvsQgsfZmk+jHAbo2xjacd0BEs8NfK+aj850AAMUwSYeNBswUBrr9+XdYKJhxGusRrozde2U2rCth1zyGw0bZ6njZ0ans2Lnknyq8sHUWrRYAwVlrQeCmqqaUt3D2WpfS1cWmk843bKWppVkBAUThzd+55KYTlAobOcyJskVwEpuNLpsiYeGUn3xK4QqMYkyq2WcKDm6XnNYX57/Z0+RjOjPRMxRB7Kw8dfj6MeETTKGIr15/qqPBvKTV3uK5SE7Q3ilmvTzzIBXwKH3Kcefc+YyRCJHCSP46gaXIv6pWDuyC6zdC5Veomeuh5JcXcKKDnlD3473sNvbE6eqIBSz6qV6D2rG5fWTQyNcHVoJ6xbvjjX771NeMclT2l4J33NyVyKteaY/lqG7u+9t0PW6iOZ9w1ADhKq7cR+QS4JEC6gPe5XqShKkED3wqdEIEZzZsjNfycTZDd3XOiBwmbFkAXc+sqipy9s16PuB3exyz0VYTMXLjOOfl3rd4E5Bokc9JVLQd/zPapKMFJJV2vXaRIgd+R85ZKOaDMsiWIkP0LfESQ+kUV05hfsQcoIidNHtEAXIfUtx0yxAWxXNcMriI4F1Sa0+YDjLWURf7SOtjLBZkaXEQY1y2xUqDZoh7+oauzTdU0DJxR9Usq+/a/pCGIkZLAmOrkQVXO2JoMuSXK1RvBYYc7gsyYGT6JdTHt4yFRCFxOzDlAe0StaLHlyFIuathHV+ha02xAr2zs6eOw1bt9uEx+SB6eOI1wqexnVVONFUw7LpsXvDA3CyzwqwjYlpLDRSfGJARQufsKvmYqdmQ7KCy97Vh3hMV3OrwsndBOQ8IwLKO3XbsAqqHNebxc37/h7YeP+8qP+o9reeYxgP/sQ+RX3tQHwa8cwu3n+Ga22AqRw9gmaIHyKR78UfIONlg2QFbKdsI9jEuBjYjFmo7+wncxzH1lxKUgXCK/UKYCnsLThNIiAPwDAh2U+lxtEaQklhYZ21lTKgx7QrTWtL&u=U2FsdGVkX19WX3CzjHkydWuLpg1/6EliT8FbyVy/2BQ=&y=U2FsdGVkX18Fza6jErmnxqfKYuPT0Yn/G6opI9eSbZFyLHpP81gexcV9+PqiZAWZ HTTP/1.1" 200 26
181.32.197.0 - - [23/Jan/2024:00:50:44 -0500] "GET /kwssiamovil/sm/acme/a?s=U2FsdGVkX1+ESr4upd+7qSGqQkn+dcRa6Cgmb01dmz2zrN9wsJ0Ah/TziKoYu/k64nrA4KlSXbnujR18q3PlT7nbS6X9gWZbLWnAf5RgATM/9iKUnFqoqRIaT9iDfiphJvKhlMmrLBFb29oXE5FUbKaTCQrZlphzHDwY5fdlo9o=&u=U2FsdGVkX19WX3CzjHkydWuLpg1/6EliT8FbyVy/2BQ=&y=U2FsdGVkX18Fza6jErmnxqfKYuPT0Yn/G6opI9eSbZFyLHpP81gexcV9+PqiZAWZ HTTP/1.1" 200 26
181.32.197.0 - - [23/Jan/2024:00:50:44 -0500] "GET /kwssiamovil/sm/acme/a?s=U2FsdGVkX1/o0frVZVn2a16NYNzq1qg3voYzm5EFIdG6oyWCuZ5LU0MQUcf3MAE9u3BjzUPaEJ8/nXfnxEVxi3hRULGdrV2tKNzuARnYRSRGpb02lvdhNFxS/AMiAioRt13kA6lsTY2VS5zxAT/3G/D+5KyQz3ymYdqe5/Ujye0=&u=U2FsdGVkX19WX3CzjHkydWuLpg1/6EliT8FbyVy/2BQ=&y=U2FsdGVkX18Fza6jErmnxqfKYuPT0Yn/G6opI9eSbZFyLHpP81gexcV9+PqiZAWZ HTTP/1.1" 200 26
181.32.197.0 - - [23/Jan/2024:00:50:45 -0500] "GET /kwssiamovil/sm/acme/a?s=U2FsdGVkX1/4MTk7kfd94U7KjPemXHesI37qL8bX4zi540OfwIjjGAX8qCIO9xXgs2dVYjhPbLsL4+oaObxoPnueVFmKM9nHNS6JdLNuCW2qZne4LQD7U1+WQlcAHVpa5ct46M2BzF7Njkwr1KuWCqCRuK2lMUZ7ISr9HXeLhdA=&u=U2FsdGVkX19WX3CzjHkydWuLpg1/6EliT8FbyVy/2BQ=&y=U2FsdGVkX18Fza6jErmnxqfKYuPT0Yn/G6opI9eSbZFyLHpP81gexcV9+PqiZAWZ HTTP/1.1" 200 26
181.32.197.0 - - [23/Jan/2024:00:50:45 -0500] "GET /kwssiamovil/sm/acme/a?s=U2FsdGVkX1+lLSRXtCNqT4oRXm9wQcrLH3ZfoLL5b0lXuQe5LnXB5QUQfgySr4rU5NCgvlPaYx1SQInGDiKQwYPUrfGu4JxaPZb4vDOOFsSAeoN10St2XbOvxu59SZI+sLlTmr+JxrqhFl7hEMjh1t9Joz6E//MinK4Y7LqJIi4HeTmKbwyrslF9KNfspNXvHEU29Lub0onP70qjbX8BrA==&u=U2FsdGVkX19WX3CzjHkydWuLpg1/6EliT8FbyVy/2BQ=&y=U2FsdGVkX18Fza6jErmnxqfKYuPT0Yn/G6opI9eSbZFyLHpP81gexcV9+PqiZAWZ HTTP/1.1" 200 26
156.59.198.136 - - [23/Jan/2024:00:50:48 -0500] "GET /BLA/resoluciones/AUTOS%202011/7734.pdf HTTP/1.0" 200 224988
186.98.72.13 - - [23/Jan/2024:00:51:13 -0500] "GET /sipse/faces/javax.faces.resource/theme.css?ln=primefaces-sipse HTTP/1.1" 304 -
186.98.72.13 - - [23/Jan/2024:00:51:13 -0500] "GET /sipse/faces/javax.faces.resource/layout/layout.css?ln=primefaces&v=4.0 HTTP/1.1" 304 -
186.98.72.13 - - [23/Jan/2024:00:51:13 -0500] "GET /sipse/faces/javax.faces.resource/primefaces.css?ln=primefaces&v=4.0 HTTP/1.1" 304 -
186.98.72.13 - - [23/Jan/2024:00:51:13 -0500] "GET /sipse/faces/javax.faces.resource/jquery/jquery.js?ln=primefaces&v=4.0 HTTP/1.1" 304 -
186.98.72.13 - - [23/Jan/2024:00:51:13 -0500] "POST /sipse/faces/presentacion/financiero/solicitudProceso/consultarSolicitudProceso.xhtml HTTP/1.1" 200 43210
186.98.72.13 - - [23/Jan/2024:00:51:13 -0500] "GET /sipse/faces/javax.faces.resource/jquery/jquery-plugins.js?ln=primefaces&v=4.0 HTTP/1.1" 304 -
186.98.72.13 - - [23/Jan/2024:00:51:13 -0500] "GET /sipse/faces/javax.faces.resource/primefaces.js?ln=primefaces&v=4.0 HTTP/1.1" 304 -
186.98.72.13 - - [23/Jan/2024:00:51:13 -0500] "GET /sipse/faces/javax.faces.resource/layout/layout.js?ln=primefaces&v=4.0 HTTP/1.1" 304 -
186.98.72.13 - - [23/Jan/2024:00:51:13 -0500] "POST /sipse/faces/presentacion/financiero/solicitudProceso/listarSolicitudProceso.xhtml HTTP/1.1" 200 1396
186.98.72.13 - - [23/Jan/2024:00:51:13 -0500] "POST /sipse/faces/presentacion/financiero/solicitudProceso/listarSolicitudProceso.xhtml HTTP/1.1" 200 1396
156.59.198.136 - - [23/Jan/2024:00:51:15 -0500] "GET /BLA/resoluciones/AUTOS%202011/6758.pdf HTTP/1.0" 200 238088
186.98.72.13 - - [23/Jan/2024:00:51:20 -0500] "POST /sipse/faces/presentacion/financiero/solicitudProceso/listarSolicitudProceso.xhtml HTTP/1.1" 200 31874
186.98.72.13 - - [23/Jan/2024:00:51:20 -0500] "POST /sipse/faces/presentacion/financiero/solicitudProceso/listarSolicitudProceso.xhtml HTTP/1.1" 200 10753
186.98.72.13 - - [23/Jan/2024:00:51:21 -0500] "POST /sipse/faces/presentacion/financiero/solicitudProceso/listarSolicitudProceso.xhtml HTTP/1.1" 200 4867
216.245.221.92 - - [23/Jan/2024:00:51:21 -0500] "HEAD / HTTP/1.1" 200 -
186.98.72.13 - - [23/Jan/2024:00:51:23 -0500] "POST /sipse/faces/presentacion/financiero/solicitudProceso/listarSolicitudProceso.xhtml HTTP/1.1" 200 158705
186.98.72.13 - - [23/Jan/2024:00:51:23 -0500] "GET /sipse/faces/javax.faces.resource/layout/layout.css?ln=primefaces&v=4.0 HTTP/1.1" 304 -
186.98.72.13 - - [23/Jan/2024:00:51:23 -0500] "GET /sipse/faces/javax.faces.resource/primefaces.css?ln=primefaces&v=4.0 HTTP/1.1" 304 -
186.98.72.13 - - [23/Jan/2024:00:51:23 -0500] "GET /sipse/faces/javax.faces.resource/theme.css?ln=primefaces-sipse HTTP/1.1" 304 -
186.98.72.13 - - [23/Jan/2024:00:51:24 -0500] "GET /sipse/faces/javax.faces.resource/jquery/jquery.js?ln=primefaces&v=4.0 HTTP/1.1" 304 -
186.98.72.13 - - [23/Jan/2024:00:51:24 -0500] "GET /sipse/faces/javax.faces.resource/jquery/jquery-plugins.js?ln=primefaces&v=4.0 HTTP/1.1" 304 -
186.98.72.13 - - [23/Jan/2024:00:51:24 -0500] "GET /sipse/faces/javax.faces.resource/primefaces.js?ln=primefaces&v=4.0 HTTP/1.1" 304 -
186.98.72.13 - - [23/Jan/2024:00:51:24 -0500] "GET /sipse/faces/javax.faces.resource/layout/layout.js?ln=primefaces&v=4.0 HTTP/1.1" 304 -
186.98.72.13 - - [23/Jan/2024:00:51:24 -0500] "GET /sipse/faces/javax.faces.resource/dynamiccontent.properties?ln=primefaces&pfdrid=XjOR5%2F%2FfPAZAuY9TpWQeCiM0BhlXxYRBGKi%2FQcXXfeA%3D&pfdrid_c=false HTTP/1.1" 500 383
186.98.72.13 - - [23/Jan/2024:00:51:27 -0500] "POST /sipse/faces/presentacion/financiero/solicitudProceso/consultarSolicitudProceso.xhtml HTTP/1.1" 200 42823
186.98.72.13 - - [23/Jan/2024:00:51:28 -0500] "GET /sipse/faces/javax.faces.resource/theme.css?ln=primefaces-sipse HTTP/1.1" 304 -
186.98.72.13 - - [23/Jan/2024:00:51:28 -0500] "GET /sipse/faces/javax.faces.resource/layout/layout.css?ln=primefaces&v=4.0 HTTP/1.1" 304 -
186.98.72.13 - - [23/Jan/2024:00:51:28 -0500] "GET /sipse/faces/javax.faces.resource/primefaces.css?ln=primefaces&v=4.0 HTTP/1.1" 304 -
186.98.72.13 - - [23/Jan/2024:00:51:28 -0500] "GET /sipse/faces/javax.faces.resource/jquery/jquery.js?ln=primefaces&v=4.0 HTTP/1.1" 304 -
186.98.72.13 - - [23/Jan/2024:00:51:28 -0500] "GET /sipse/faces/javax.faces.resource/jquery/jquery-plugins.js?ln=primefaces&v=4.0 HTTP/1.1" 304 -
186.98.72.13 - - [23/Jan/2024:00:51:28 -0500] "GET /sipse/faces/javax.faces.resource/primefaces.js?ln=primefaces&v=4.0 HTTP/1.1" 304 -
186.98.72.13 - - [23/Jan/2024:00:51:28 -0500] "GET /sipse/faces/javax.faces.resource/layout/layout.js?ln=primefaces&v=4.0 HTTP/1.1" 304 -
201.245.192.253 - - [23/Jan/2024:00:51:35 -0500] "POST /forms/lservlet;jsessionid=ac16012b30d688c112503e764ab094a2fa9a0f9aabf9.e3iSbxaKaheRe3qKcheMbNuKc41ynknvrkLOlQzNp65In0 HTTP/1.1" 200 2
156.59.198.136 - - [23/Jan/2024:00:51:37 -0500] "GET /BLA/resoluciones/AUTOS%202011/5267.pdf HTTP/1.0" 200 192425
201.245.192.253 - - [23/Jan/2024:00:51:43 -0500] "POST /forms/lservlet;jsessionid=ac16012b30d697d92ed5975547868a58de8c0e1951cb.e3iSbxaKaheRe3qKcheMbNuKc41ynknvrkLOlQzNp65In0 HTTP/1.1" 200 2
186.98.72.13 - - [23/Jan/2024:00:51:55 -0500] "GET /sipse/faces/javax.faces.resource/theme.css?ln=primefaces-sipse HTTP/1.1" 304 -
186.98.72.13 - - [23/Jan/2024:00:51:55 -0500] "GET /sipse/faces/javax.faces.resource/layout/layout.css?ln=primefaces&v=4.0 HTTP/1.1" 304 -
186.98.72.13 - - [23/Jan/2024:00:51:55 -0500] "GET /sipse/faces/javax.faces.resource/primefaces.css?ln=primefaces&v=4.0 HTTP/1.1" 304 -
186.98.72.13 - - [23/Jan/2024:00:51:55 -0500] "GET /sipse/faces/javax.faces.resource/jquery/jquery-plugins.js?ln=primefaces&v=4.0 HTTP/1.1" 304 -
186.98.72.13 - - [23/Jan/2024:00:51:55 -0500] "GET /sipse/faces/javax.faces.resource/primefaces.js?ln=primefaces&v=4.0 HTTP/1.1" 304 -
186.98.72.13 - - [23/Jan/2024:00:51:55 -0500] "GET /sipse/faces/javax.faces.resource/jquery/jquery.js?ln=primefaces&v=4.0 HTTP/1.1" 304 -
186.98.72.13 - - [23/Jan/2024:00:51:55 -0500] "POST /sipse/faces/presentacion/financiero/solicitudProceso/consultarHistorialSolProceso.xhtml HTTP/1.1" 200 204499
186.98.72.13 - - [23/Jan/2024:00:51:55 -0500] "GET /sipse/faces/javax.faces.resource/layout/layout.js?ln=primefaces&v=4.0 HTTP/1.1" 304 -
186.98.72.13 - - [23/Jan/2024:00:51:56 -0500] "GET /sipse/faces/javax.faces.resource/dynamiccontent.properties?ln=primefaces&pfdrid=XjOR5%2F%2FfPAZAuY9TpWQeCiM0BhlXxYRBGKi%2FQcXXfeA%3D&pfdrid_c=false HTTP/1.1" 500 383
47.128.47.1 - - [23/Jan/2024:00:52:03 -0500] "GET /robots.txt HTTP/1.1" 404 1018
201.245.192.253 - - [23/Jan/2024:00:52:21 -0500] "POST /kwsrmcab/Wsrmcab  HTTP/1.1" 200 35641
156.59.198.135 - - [23/Jan/2024:00:52:27 -0500] "GET /BLA/resoluciones/AUTOS%202011/3780.pdf HTTP/1.0" 200 322074
156.59.198.136 - - [23/Jan/2024:00:52:51 -0500] "GET /BLA/resoluciones/AUTOS%202011/7777.pdf HTTP/1.0" 200 362872
186.98.72.13 - - [23/Jan/2024:00:53:05 -0500] "GET /sipse/faces/javax.faces.resource/theme.css?ln=primefaces-sipse HTTP/1.1" 304 -
186.98.72.13 - - [23/Jan/2024:00:53:05 -0500] "GET /sipse/faces/javax.faces.resource/primefaces.css?ln=primefaces&v=4.0 HTTP/1.1" 304 -
186.98.72.13 - - [23/Jan/2024:00:53:05 -0500] "GET /sipse/faces/javax.faces.resource/layout/layout.css?ln=primefaces&v=4.0 HTTP/1.1" 304 -
186.98.72.13 - - [23/Jan/2024:00:53:05 -0500] "GET /sipse/faces/javax.faces.resource/primefaces.js?ln=primefaces&v=4.0 HTTP/1.1" 304 -
186.98.72.13 - - [23/Jan/2024:00:53:05 -0500] "GET /sipse/faces/javax.faces.resource/jquery/jquery.js?ln=primefaces&v=4.0 HTTP/1.1" 304 -
186.98.72.13 - - [23/Jan/2024:00:53:05 -0500] "GET /sipse/faces/javax.faces.resource/jquery/jquery-plugins.js?ln=primefaces&v=4.0 HTTP/1.1" 304 -
186.98.72.13 - - [23/Jan/2024:00:53:04 -0500] "POST /sipse/faces/presentacion/financiero/solicitudProceso/consultarSolicitudProceso.xhtml HTTP/1.1" 200 205403
186.98.72.13 - - [23/Jan/2024:00:53:05 -0500] "GET /sipse/faces/javax.faces.resource/layout/layout.js?ln=primefaces&v=4.0 HTTP/1.1" 304 -
186.98.72.13 - - [23/Jan/2024:00:53:05 -0500] "GET /sipse/faces/javax.faces.resource/dynamiccontent.properties?ln=primefaces&pfdrid=XjOR5%2F%2FfPAZAuY9TpWQeCiM0BhlXxYRBGKi%2FQcXXfeA%3D&pfdrid_c=false HTTP/1.1" 500 383
186.98.72.13 - - [23/Jan/2024:00:53:08 -0500] "POST /sipse/faces/presentacion/financiero/solicitudProceso/consultarSolicitudProceso.xhtml HTTP/1.1" 200 40164
186.98.72.13 - - [23/Jan/2024:00:53:10 -0500] "GET /sipse/faces/javax.faces.resource/theme.css?ln=primefaces-sipse HTTP/1.1" 304 -
186.98.72.13 - - [23/Jan/2024:00:53:10 -0500] "GET /sipse/faces/javax.faces.resource/primefaces.css?ln=primefaces&v=4.0 HTTP/1.1" 304 -
186.98.72.13 - - [23/Jan/2024:00:53:10 -0500] "GET /sipse/faces/javax.faces.resource/layout/layout.css?ln=primefaces&v=4.0 HTTP/1.1" 304 -
186.98.72.13 - - [23/Jan/2024:00:53:10 -0500] "GET /sipse/faces/javax.faces.resource/jquery/jquery.js?ln=primefaces&v=4.0 HTTP/1.1" 304 -
186.98.72.13 - - [23/Jan/2024:00:53:10 -0500] "GET /sipse/faces/javax.faces.resource/jquery/jquery-plugins.js?ln=primefaces&v=4.0 HTTP/1.1" 304 -
186.98.72.13 - - [23/Jan/2024:00:53:10 -0500] "GET /sipse/faces/javax.faces.resource/primefaces.js?ln=primefaces&v=4.0 HTTP/1.1" 304 -
186.98.72.13 - - [23/Jan/2024:00:53:10 -0500] "GET /sipse/faces/javax.faces.resource/layout/layout.js?ln=primefaces&v=4.0 HTTP/1.1" 304 -
186.98.72.13 - - [23/Jan/2024:00:53:10 -0500] "POST /sipse/faces/presentacion/financiero/solicitudProceso/listarSolicitudProceso.xhtml HTTP/1.1" 200 1396
186.98.72.13 - - [23/Jan/2024:00:53:13 -0500] "POST /sipse/faces/presentacion/financiero/solicitudProceso/listarSolicitudProceso.xhtml HTTP/1.1" 200 7838
186.98.72.13 - - [23/Jan/2024:00:53:13 -0500] "POST /sipse/faces/presentacion/financiero/solicitudProceso/listarSolicitudProceso.xhtml HTTP/1.1" 200 7854
172.22.2.4 - - [23/Jan/2024:00:51:34 -0500] "HEAD /BLA/boletinlegal/ HTTP/1.1" 200 -
186.98.72.13 - - [23/Jan/2024:00:53:15 -0500] "POST /sipse/faces/presentacion/financiero/solicitudProceso/listarSolicitudProceso.xhtml HTTP/1.1" 200 2053
156.59.198.135 - - [23/Jan/2024:00:53:16 -0500] "GET /BLA/resoluciones/AUTOS%202011/7433.pdf HTTP/1.0" 200 201303
186.98.72.13 - - [23/Jan/2024:00:53:29 -0500] "POST /sipse/faces/presentacion/financiero/solicitudProceso/listarSolicitudProceso.xhtml HTTP/1.1" 200 32084
186.98.72.13 - - [23/Jan/2024:00:53:29 -0500] "POST /sipse/faces/presentacion/financiero/solicitudProceso/listarSolicitudProceso.xhtml HTTP/1.1" 200 32068
186.98.72.13 - - [23/Jan/2024:00:53:30 -0500] "POST /sipse/faces/presentacion/financiero/solicitudProceso/listarSolicitudProceso.xhtml HTTP/1.1" 200 2069
186.98.72.13 - - [23/Jan/2024:00:53:30 -0500] "POST /sipse/faces/presentacion/financiero/solicitudProceso/listarSolicitudProceso.xhtml HTTP/1.1" 200 2053
201.245.192.253 - - [23/Jan/2024:00:53:35 -0500] "POST /forms/lservlet;jsessionid=ac16012b30d688c112503e764ab094a2fa9a0f9aabf9.e3iSbxaKaheRe3qKcheMbNuKc41ynknvrkLOlQzNp65In0 HTTP/1.1" 200 2
156.59.198.136 - - [23/Jan/2024:00:53:41 -0500] "GET /BLA/resoluciones/AUTOS%202011/7048.pdf HTTP/1.0" 200 155921
66.249.66.42 - - [23/Jan/2024:00:53:41 -0500] "GET /temporada-de-menos-lluvias-con-incidencia-de-el-nino-secretaria-de-ambiente-realiza-seguimiento-a-ecosistemas-y-especies-invasoras.html HTTP/1.1" 200 808
201.245.192.253 - - [23/Jan/2024:00:53:43 -0500] "POST /forms/lservlet;jsessionid=ac16012b30d697d92ed5975547868a58de8c0e1951cb.e3iSbxaKaheRe3qKcheMbNuKc41ynknvrkLOlQzNp65In0 HTTP/1.1" 200 2
172.22.2.4 - - [23/Jan/2024:00:52:25 -0500] "GET /BLA/boletinlegal/ HTTP/1.1" 200 60996
156.59.198.136 - - [23/Jan/2024:00:54:06 -0500] "GET /BLA/resoluciones/AUTOS%202011/5039.pdf HTTP/1.0" 200 566301
156.59.198.136 - - [23/Jan/2024:00:54:29 -0500] "GET /BLA/resoluciones/AUTOS%202011/5096.pdf HTTP/1.0" 200 228107
186.98.72.13 - - [23/Jan/2024:00:54:38 -0500] "POST /sipse/faces/presentacion/financiero/solicitudProceso/listarSolicitudProceso.xhtml HTTP/1.1" 200 10741
186.98.72.13 - - [23/Jan/2024:00:54:38 -0500] "POST /sipse/faces/presentacion/financiero/solicitudProceso/listarSolicitudProceso.xhtml HTTP/1.1" 200 32072
186.98.72.13 - - [23/Jan/2024:00:54:39 -0500] "POST /sipse/faces/presentacion/financiero/solicitudProceso/listarSolicitudProceso.xhtml HTTP/1.1" 200 32084
186.98.72.13 - - [23/Jan/2024:00:54:40 -0500] "POST /sipse/faces/presentacion/financiero/solicitudProceso/listarSolicitudProceso.xhtml HTTP/1.1" 200 4934
186.98.72.13 - - [23/Jan/2024:00:54:40 -0500] "POST /sipse/faces/presentacion/financiero/solicitudProceso/listarSolicitudProceso.xhtml HTTP/1.1" 200 4950
186.98.72.13 - - [23/Jan/2024:00:54:44 -0500] "POST /sipse/faces/presentacion/financiero/solicitudProceso/listarSolicitudProceso.xhtml HTTP/1.1" 200 153850
186.98.72.13 - - [23/Jan/2024:00:54:45 -0500] "GET /sipse/faces/javax.faces.resource/theme.css?ln=primefaces-sipse HTTP/1.1" 304 -
186.98.72.13 - - [23/Jan/2024:00:54:45 -0500] "GET /sipse/faces/javax.faces.resource/primefaces.css?ln=primefaces&v=4.0 HTTP/1.1" 304 -
186.98.72.13 - - [23/Jan/2024:00:54:45 -0500] "GET /sipse/faces/javax.faces.resource/layout/layout.css?ln=primefaces&v=4.0 HTTP/1.1" 304 -
186.98.72.13 - - [23/Jan/2024:00:54:45 -0500] "GET /sipse/faces/javax.faces.resource/jquery/jquery.js?ln=primefaces&v=4.0 HTTP/1.1" 304 -
186.98.72.13 - - [23/Jan/2024:00:54:45 -0500] "GET /sipse/faces/javax.faces.resource/jquery/jquery-plugins.js?ln=primefaces&v=4.0 HTTP/1.1" 304 -
186.98.72.13 - - [23/Jan/2024:00:54:45 -0500] "GET /sipse/faces/javax.faces.resource/primefaces.js?ln=primefaces&v=4.0 HTTP/1.1" 304 -
186.98.72.13 - - [23/Jan/2024:00:54:45 -0500] "GET /sipse/faces/javax.faces.resource/layout/layout.js?ln=primefaces&v=4.0 HTTP/1.1" 304 -
186.98.72.13 - - [23/Jan/2024:00:54:45 -0500] "GET /sipse/faces/javax.faces.resource/dynamiccontent.properties?ln=primefaces&pfdrid=XjOR5%2F%2FfPAZAuY9TpWQeCiM0BhlXxYRBGKi%2FQcXXfeA%3D&pfdrid_c=false HTTP/1.1" 500 383
186.98.72.13 - - [23/Jan/2024:00:54:48 -0500] "POST /sipse/faces/presentacion/financiero/solicitudProceso/consultarSolicitudProceso.xhtml HTTP/1.1" 200 44218
186.98.72.13 - - [23/Jan/2024:00:54:48 -0500] "GET /sipse/faces/javax.faces.resource/theme.css?ln=primefaces-sipse HTTP/1.1" 304 -
186.98.72.13 - - [23/Jan/2024:00:54:48 -0500] "GET /sipse/faces/javax.faces.resource/primefaces.css?ln=primefaces&v=4.0 HTTP/1.1" 304 -
186.98.72.13 - - [23/Jan/2024:00:54:48 -0500] "GET /sipse/faces/javax.faces.resource/jquery/jquery.js?ln=primefaces&v=4.0 HTTP/1.1" 304 -
186.98.72.13 - - [23/Jan/2024:00:54:48 -0500] "GET /sipse/faces/javax.faces.resource/layout/layout.css?ln=primefaces&v=4.0 HTTP/1.1" 304 -
186.98.72.13 - - [23/Jan/2024:00:54:48 -0500] "GET /sipse/faces/javax.faces.resource/jquery/jquery-plugins.js?ln=primefaces&v=4.0 HTTP/1.1" 304 -
186.98.72.13 - - [23/Jan/2024:00:54:48 -0500] "GET /sipse/faces/javax.faces.resource/primefaces.js?ln=primefaces&v=4.0 HTTP/1.1" 304 -
186.98.72.13 - - [23/Jan/2024:00:54:48 -0500] "GET /sipse/faces/javax.faces.resource/layout/layout.js?ln=primefaces&v=4.0 HTTP/1.1" 304 -
156.59.198.135 - - [23/Jan/2024:00:54:53 -0500] "GET /BLA/resoluciones/AUTOS%202011/3774.pdf HTTP/1.0" 200 262649
156.59.198.136 - - [23/Jan/2024:00:55:18 -0500] "GET /BLA/resoluciones/AUTOS%202011/5894.pdf HTTP/1.0" 200 968112
186.98.72.13 - - [23/Jan/2024:00:55:23 -0500] "GET /sipse/faces/javax.faces.resource/theme.css?ln=primefaces-sipse HTTP/1.1" 304 -
186.98.72.13 - - [23/Jan/2024:00:55:23 -0500] "GET /sipse/faces/javax.faces.resource/primefaces.css?ln=primefaces&v=4.0 HTTP/1.1" 304 -
186.98.72.13 - - [23/Jan/2024:00:55:23 -0500] "GET /sipse/faces/javax.faces.resource/jquery/jquery.js?ln=primefaces&v=4.0 HTTP/1.1" 304 -
186.98.72.13 - - [23/Jan/2024:00:55:23 -0500] "GET /sipse/faces/javax.faces.resource/layout/layout.css?ln=primefaces&v=4.0 HTTP/1.1" 304 -
186.98.72.13 - - [23/Jan/2024:00:55:23 -0500] "GET /sipse/faces/javax.faces.resource/primefaces.js?ln=primefaces&v=4.0 HTTP/1.1" 304 -
186.98.72.13 - - [23/Jan/2024:00:55:23 -0500] "GET /sipse/faces/javax.faces.resource/jquery/jquery-plugins.js?ln=primefaces&v=4.0 HTTP/1.1" 304 -
186.98.72.13 - - [23/Jan/2024:00:55:23 -0500] "POST /sipse/faces/presentacion/financiero/solicitudProceso/consultarHistorialSolProceso.xhtml HTTP/1.1" 200 199644
186.98.72.13 - - [23/Jan/2024:00:55:24 -0500] "GET /sipse/faces/javax.faces.resource/layout/layout.js?ln=primefaces&v=4.0 HTTP/1.1" 304 -
186.98.72.13 - - [23/Jan/2024:00:55:24 -0500] "GET /sipse/faces/javax.faces.resource/dynamiccontent.properties?ln=primefaces&pfdrid=XjOR5%2F%2FfPAZAuY9TpWQeCiM0BhlXxYRBGKi%2FQcXXfeA%3D&pfdrid_c=false HTTP/1.1" 500 383
201.245.192.253 - - [23/Jan/2024:00:55:35 -0500] "POST /forms/lservlet;jsessionid=ac16012b30d688c112503e764ab094a2fa9a0f9aabf9.e3iSbxaKaheRe3qKcheMbNuKc41ynknvrkLOlQzNp65In0 HTTP/1.1" 200 2
186.98.72.13 - - [23/Jan/2024:00:55:37 -0500] "POST /sipse/faces/presentacion/financiero/solicitudProceso/consultarSolicitudProceso.xhtml HTTP/1.1" 200 5522
201.245.192.253 - - [23/Jan/2024:00:55:43 -0500] "POST /forms/lservlet;jsessionid=ac16012b30d697d92ed5975547868a58de8c0e1951cb.e3iSbxaKaheRe3qKcheMbNuKc41ynknvrkLOlQzNp65In0 HTTP/1.1" 200 2
156.59.198.136 - - [23/Jan/2024:00:55:43 -0500] "GET /BLA/resoluciones/AUTOS%202011/6755.pdf HTTP/1.0" 200 234042
156.59.198.135 - - [23/Jan/2024:00:56:06 -0500] "GET /BLA/resoluciones/AUTOS%202011/4511.pdf HTTP/1.0" 200 144374
216.245.221.92 - - [23/Jan/2024:00:56:21 -0500] "HEAD / HTTP/1.1" 200 -
156.59.198.136 - - [23/Jan/2024:00:56:30 -0500] "GET /BLA/resoluciones/AUTOS%202011/7687.pdf HTTP/1.0" 200 183581
156.59.198.136 - - [23/Jan/2024:00:56:55 -0500] "GET /BLA/resoluciones/AUTOS%202011/7424.pdf HTTP/1.0" 200 177544
156.59.198.136 - - [23/Jan/2024:00:57:20 -0500] "GET /BLA/resoluciones/AUTOS%202011/5950.pdf HTTP/1.0" 200 125454
201.245.192.253 - - [23/Jan/2024:00:57:19 -0500] "POST /kwsrmcab/Wsrmcab  HTTP/1.1" 200 35641
201.245.192.253 - - [23/Jan/2024:00:57:35 -0500] "POST /forms/lservlet;jsessionid=ac16012b30d688c112503e764ab094a2fa9a0f9aabf9.e3iSbxaKaheRe3qKcheMbNuKc41ynknvrkLOlQzNp65In0 HTTP/1.1" 200 2
201.245.192.253 - - [23/Jan/2024:00:57:43 -0500] "POST /forms/lservlet;jsessionid=ac16012b30d697d92ed5975547868a58de8c0e1951cb.e3iSbxaKaheRe3qKcheMbNuKc41ynknvrkLOlQzNp65In0 HTTP/1.1" 200 2
156.59.198.135 - - [23/Jan/2024:00:57:45 -0500] "GET /BLA/resoluciones/AUTOS%202011/7275.pdf HTTP/1.0" 200 451991
186.98.72.13 - - [23/Jan/2024:00:57:55 -0500] "GET /sipse/faces/javax.faces.resource/theme.css?ln=primefaces-sipse HTTP/1.1" 304 -
186.98.72.13 - - [23/Jan/2024:00:57:55 -0500] "GET /sipse/faces/javax.faces.resource/jquery/jquery.js?ln=primefaces&v=4.0 HTTP/1.1" 304 -
186.98.72.13 - - [23/Jan/2024:00:57:55 -0500] "POST /sipse/faces/presentacion/financiero/solicitudProceso/consultarSolicitudProceso.xhtml HTTP/1.1" 200 200533
186.98.72.13 - - [23/Jan/2024:00:57:55 -0500] "GET /sipse/faces/javax.faces.resource/primefaces.css?ln=primefaces&v=4.0 HTTP/1.1" 304 -
186.98.72.13 - - [23/Jan/2024:00:57:55 -0500] "GET /sipse/faces/javax.faces.resource/layout/layout.css?ln=primefaces&v=4.0 HTTP/1.1" 304 -
186.98.72.13 - - [23/Jan/2024:00:57:55 -0500] "GET /sipse/faces/javax.faces.resource/jquery/jquery-plugins.js?ln=primefaces&v=4.0 HTTP/1.1" 304 -
186.98.72.13 - - [23/Jan/2024:00:57:55 -0500] "GET /sipse/faces/javax.faces.resource/primefaces.js?ln=primefaces&v=4.0 HTTP/1.1" 304 -
186.98.72.13 - - [23/Jan/2024:00:57:55 -0500] "GET /sipse/faces/javax.faces.resource/layout/layout.js?ln=primefaces&v=4.0 HTTP/1.1" 304 -
186.98.72.13 - - [23/Jan/2024:00:57:59 -0500] "POST /sipse/faces/presentacion/financiero/solicitudProceso/consultarSolicitudProceso.xhtml HTTP/1.1" 200 40259
186.98.72.13 - - [23/Jan/2024:00:58:01 -0500] "GET /sipse/faces/javax.faces.resource/theme.css?ln=primefaces-sipse HTTP/1.1" 304 -
186.98.72.13 - - [23/Jan/2024:00:58:01 -0500] "GET /sipse/faces/javax.faces.resource/primefaces.css?ln=primefaces&v=4.0 HTTP/1.1" 304 -
186.98.72.13 - - [23/Jan/2024:00:58:01 -0500] "GET /sipse/faces/javax.faces.resource/layout/layout.css?ln=primefaces&v=4.0 HTTP/1.1" 304 -
186.98.72.13 - - [23/Jan/2024:00:58:01 -0500] "GET /sipse/faces/javax.faces.resource/jquery/jquery.js?ln=primefaces&v=4.0 HTTP/1.1" 304 -
186.98.72.13 - - [23/Jan/2024:00:58:01 -0500] "GET /sipse/faces/javax.faces.resource/jquery/jquery-plugins.js?ln=primefaces&v=4.0 HTTP/1.1" 304 -
186.98.72.13 - - [23/Jan/2024:00:58:01 -0500] "GET /sipse/faces/javax.faces.resource/primefaces.js?ln=primefaces&v=4.0 HTTP/1.1" 304 -
186.98.72.13 - - [23/Jan/2024:00:58:01 -0500] "GET /sipse/faces/javax.faces.resource/layout/layout.js?ln=primefaces&v=4.0 HTTP/1.1" 304 -
186.98.72.13 - - [23/Jan/2024:00:58:01 -0500] "POST /sipse/faces/presentacion/financiero/solicitudProceso/listarSolicitudProceso.xhtml HTTP/1.1" 200 1396
156.59.198.135 - - [23/Jan/2024:00:58:09 -0500] "GET /BLA/resoluciones/AUTOS%202011/4281.pdf HTTP/1.0" 200 3482177
186.98.72.13 - - [23/Jan/2024:00:58:11 -0500] "POST /sipse/faces/presentacion/financiero/solicitudProceso/listarSolicitudProceso.xhtml HTTP/1.1" 200 8233
186.98.72.13 - - [23/Jan/2024:00:58:12 -0500] "POST /sipse/faces/presentacion/financiero/solicitudProceso/listarSolicitudProceso.xhtml HTTP/1.1" 200 2053
186.98.72.13 - - [23/Jan/2024:00:58:22 -0500] "POST /sipse/faces/presentacion/financiero/solicitudProceso/listarSolicitudProceso.xhtml HTTP/1.1" 200 29062
186.98.72.13 - - [23/Jan/2024:00:58:24 -0500] "POST /sipse/faces/presentacion/financiero/solicitudProceso/listarSolicitudProceso.xhtml HTTP/1.1" 200 4870
186.98.72.13 - - [23/Jan/2024:00:58:26 -0500] "POST /sipse/faces/presentacion/financiero/solicitudProceso/listarSolicitudProceso.xhtml HTTP/1.1" 200 161099
186.98.72.13 - - [23/Jan/2024:00:58:27 -0500] "GET /sipse/faces/javax.faces.resource/primefaces.css?ln=primefaces&v=4.0 HTTP/1.1" 304 -
186.98.72.13 - - [23/Jan/2024:00:58:27 -0500] "GET /sipse/faces/javax.faces.resource/theme.css?ln=primefaces-sipse HTTP/1.1" 304 -
186.98.72.13 - - [23/Jan/2024:00:58:27 -0500] "GET /sipse/faces/javax.faces.resource/layout/layout.css?ln=primefaces&v=4.0 HTTP/1.1" 304 -
186.98.72.13 - - [23/Jan/2024:00:58:27 -0500] "GET /sipse/faces/javax.faces.resource/jquery/jquery.js?ln=primefaces&v=4.0 HTTP/1.1" 304 -
186.98.72.13 - - [23/Jan/2024:00:58:27 -0500] "GET /sipse/faces/javax.faces.resource/jquery/jquery-plugins.js?ln=primefaces&v=4.0 HTTP/1.1" 304 -
186.98.72.13 - - [23/Jan/2024:00:58:27 -0500] "GET /sipse/faces/javax.faces.resource/primefaces.js?ln=primefaces&v=4.0 HTTP/1.1" 304 -
186.98.72.13 - - [23/Jan/2024:00:58:27 -0500] "GET /sipse/faces/javax.faces.resource/layout/layout.js?ln=primefaces&v=4.0 HTTP/1.1" 304 -
186.98.72.13 - - [23/Jan/2024:00:58:32 -0500] "POST /sipse/faces/presentacion/financiero/solicitudProceso/consultarSolicitudProceso.xhtml HTTP/1.1" 200 44089
186.98.72.13 - - [23/Jan/2024:00:58:33 -0500] "GET /sipse/faces/javax.faces.resource/theme.css?ln=primefaces-sipse HTTP/1.1" 304 -
186.98.72.13 - - [23/Jan/2024:00:58:33 -0500] "GET /sipse/faces/javax.faces.resource/primefaces.css?ln=primefaces&v=4.0 HTTP/1.1" 304 -
186.98.72.13 - - [23/Jan/2024:00:58:33 -0500] "GET /sipse/faces/javax.faces.resource/layout/layout.css?ln=primefaces&v=4.0 HTTP/1.1" 304 -
186.98.72.13 - - [23/Jan/2024:00:58:33 -0500] "GET /sipse/faces/javax.faces.resource/jquery/jquery.js?ln=primefaces&v=4.0 HTTP/1.1" 304 -
186.98.72.13 - - [23/Jan/2024:00:58:33 -0500] "GET /sipse/faces/javax.faces.resource/primefaces.js?ln=primefaces&v=4.0 HTTP/1.1" 304 -
186.98.72.13 - - [23/Jan/2024:00:58:33 -0500] "GET /sipse/faces/javax.faces.resource/jquery/jquery-plugins.js?ln=primefaces&v=4.0 HTTP/1.1" 304 -
186.98.72.13 - - [23/Jan/2024:00:58:33 -0500] "GET /sipse/faces/javax.faces.resource/layout/layout.js?ln=primefaces&v=4.0 HTTP/1.1" 304 -
156.59.198.135 - - [23/Jan/2024:00:58:33 -0500] "GET /BLA/resoluciones/AUTOS%202011/5602.pdf HTTP/1.0" 200 205718
156.59.198.136 - - [23/Jan/2024:00:58:57 -0500] "GET /BLA/resoluciones/AUTOS%202011/6101.pdf HTTP/1.0" 200 347292
172.22.2.4 - - [23/Jan/2024:00:57:24 -0500] "HEAD /BLA/boletinlegal/ HTTP/1.1" 200 -
186.98.72.13 - - [23/Jan/2024:00:59:08 -0500] "GET /sipse/faces/javax.faces.resource/theme.css?ln=primefaces-sipse HTTP/1.1" 304 -
186.98.72.13 - - [23/Jan/2024:00:59:08 -0500] "GET /sipse/faces/javax.faces.resource/primefaces.css?ln=primefaces&v=4.0 HTTP/1.1" 304 -
186.98.72.13 - - [23/Jan/2024:00:59:08 -0500] "GET /sipse/faces/javax.faces.resource/primefaces.js?ln=primefaces&v=4.0 HTTP/1.1" 304 -
186.98.72.13 - - [23/Jan/2024:00:59:08 -0500] "GET /sipse/faces/javax.faces.resource/jquery/jquery.js?ln=primefaces&v=4.0 HTTP/1.1" 304 -
186.98.72.13 - - [23/Jan/2024:00:59:08 -0500] "GET /sipse/faces/javax.faces.resource/layout/layout.css?ln=primefaces&v=4.0 HTTP/1.1" 304 -
186.98.72.13 - - [23/Jan/2024:00:59:08 -0500] "GET /sipse/faces/javax.faces.resource/jquery/jquery-plugins.js?ln=primefaces&v=4.0 HTTP/1.1" 304 -
186.98.72.13 - - [23/Jan/2024:00:59:08 -0500] "GET /sipse/faces/javax.faces.resource/layout/layout.js?ln=primefaces&v=4.0 HTTP/1.1" 304 -
186.98.72.13 - - [23/Jan/2024:00:59:07 -0500] "POST /sipse/faces/presentacion/financiero/solicitudProceso/consultarHistorialSolProceso.xhtml HTTP/1.1" 200 206893
186.98.72.13 - - [23/Jan/2024:00:59:18 -0500] "POST /sipse/faces/presentacion/financiero/solicitudProceso/consultarSolicitudProceso.xhtml HTTP/1.1" 200 3199819
186.98.72.13 - - [23/Jan/2024:00:59:19 -0500] "POST /sipse/faces/presentacion/financiero/solicitudProceso/consultarSolicitudProceso.xhtml HTTP/1.1" 200 3199819
156.59.198.135 - - [23/Jan/2024:00:59:22 -0500] "GET /BLA/resoluciones/AUTOS%202011/7366.pdf HTTP/1.0" 200 166924
201.245.192.253 - - [23/Jan/2024:00:59:35 -0500] "POST /forms/lservlet;jsessionid=ac16012b30d688c112503e764ab094a2fa9a0f9aabf9.e3iSbxaKaheRe3qKcheMbNuKc41ynknvrkLOlQzNp65In0 HTTP/1.1" 200 2
186.98.72.13 - - [23/Jan/2024:00:59:35 -0500] "POST /sipse/faces/presentacion/financiero/solicitudProceso/consultarSolicitudProceso.xhtml HTTP/1.1" 200 5522
201.245.192.253 - - [23/Jan/2024:00:59:43 -0500] "POST /forms/lservlet;jsessionid=ac16012b30d697d92ed5975547868a58de8c0e1951cb.e3iSbxaKaheRe3qKcheMbNuKc41ynknvrkLOlQzNp65In0 HTTP/1.1" 200 2
156.59.198.136 - - [23/Jan/2024:00:59:46 -0500] "GET /BLA/resoluciones/AUTOS%202011/4513.pdf HTTP/1.0" 200 239597
172.22.2.4 - - [23/Jan/2024:00:58:15 -0500] "GET /BLA/boletinlegal/ HTTP/1.1" 200 58166
156.59.198.135 - - [23/Jan/2024:01:00:10 -0500] "GET /BLA/resoluciones/AUTOS%202011/4009.pdf HTTP/1.0" 200 333840
156.59.198.136 - - [23/Jan/2024:01:00:36 -0500] "GET /BLA/resoluciones/AUTOS%202011/6885.pdf HTTP/1.0" 200 188020
156.59.198.135 - - [23/Jan/2024:01:01:01 -0500] "GET /BLA/resoluciones/AUTOS%202011/6091.pdf HTTP/1.0" 200 239684
216.245.221.92 - - [23/Jan/2024:01:01:21 -0500] "HEAD / HTTP/1.1" 200 -
156.59.198.135 - - [23/Jan/2024:01:01:25 -0500] "GET /BLA/resoluciones/AUTOS%202011/5775.pdf HTTP/1.0" 200 174306
186.98.72.13 - - [23/Jan/2024:01:01:33 -0500] "GET /sipse/faces/javax.faces.resource/theme.css?ln=primefaces-sipse HTTP/1.1" 304 -
186.98.72.13 - - [23/Jan/2024:01:01:33 -0500] "GET /sipse/faces/javax.faces.resource/jquery/jquery-plugins.js?ln=primefaces&v=4.0 HTTP/1.1" 304 -
186.98.72.13 - - [23/Jan/2024:01:01:33 -0500] "GET /sipse/faces/javax.faces.resource/jquery/jquery.js?ln=primefaces&v=4.0 HTTP/1.1" 304 -
186.98.72.13 - - [23/Jan/2024:01:01:33 -0500] "GET /sipse/faces/javax.faces.resource/primefaces.css?ln=primefaces&v=4.0 HTTP/1.1" 304 -
186.98.72.13 - - [23/Jan/2024:01:01:33 -0500] "GET /sipse/faces/javax.faces.resource/layout/layout.css?ln=primefaces&v=4.0 HTTP/1.1" 304 -
186.98.72.13 - - [23/Jan/2024:01:01:33 -0500] "GET /sipse/faces/javax.faces.resource/primefaces.js?ln=primefaces&v=4.0 HTTP/1.1" 304 -
186.98.72.13 - - [23/Jan/2024:01:01:33 -0500] "GET /sipse/faces/javax.faces.resource/layout/layout.js?ln=primefaces&v=4.0 HTTP/1.1" 304 -
186.98.72.13 - - [23/Jan/2024:01:01:33 -0500] "POST /sipse/faces/presentacion/financiero/solicitudProceso/consultarSolicitudProceso.xhtml HTTP/1.1" 200 207797
201.245.192.253 - - [23/Jan/2024:01:01:35 -0500] "POST /forms/lservlet;jsessionid=ac16012b30d688c112503e764ab094a2fa9a0f9aabf9.e3iSbxaKaheRe3qKcheMbNuKc41ynknvrkLOlQzNp65In0 HTTP/1.1" 200 2
216.244.66.195 - - [23/Jan/2024:01:01:35 -0500] "GET /BLA/resoluciones/AUTOS%202009/1479.pdf HTTP/1.1" 200 185636
186.98.72.13 - - [23/Jan/2024:01:01:37 -0500] "POST /sipse/faces/presentacion/financiero/solicitudProceso/consultarSolicitudProceso.xhtml HTTP/1.1" 200 40199
186.98.72.13 - - [23/Jan/2024:01:01:39 -0500] "GET /sipse/faces/javax.faces.resource/theme.css?ln=primefaces-sipse HTTP/1.1" 304 -
186.98.72.13 - - [23/Jan/2024:01:01:39 -0500] "GET /sipse/faces/javax.faces.resource/layout/layout.css?ln=primefaces&v=4.0 HTTP/1.1" 304 -
186.98.72.13 - - [23/Jan/2024:01:01:39 -0500] "GET /sipse/faces/javax.faces.resource/primefaces.css?ln=primefaces&v=4.0 HTTP/1.1" 304 -
186.98.72.13 - - [23/Jan/2024:01:01:39 -0500] "GET /sipse/faces/javax.faces.resource/jquery/jquery.js?ln=primefaces&v=4.0 HTTP/1.1" 304 -
186.98.72.13 - - [23/Jan/2024:01:01:39 -0500] "GET /sipse/faces/javax.faces.resource/jquery/jquery-plugins.js?ln=primefaces&v=4.0 HTTP/1.1" 304 -
186.98.72.13 - - [23/Jan/2024:01:01:39 -0500] "GET /sipse/faces/javax.faces.resource/primefaces.js?ln=primefaces&v=4.0 HTTP/1.1" 304 -
186.98.72.13 - - [23/Jan/2024:01:01:39 -0500] "GET /sipse/faces/javax.faces.resource/layout/layout.js?ln=primefaces&v=4.0 HTTP/1.1" 304 -
186.98.72.13 - - [23/Jan/2024:01:01:39 -0500] "POST /sipse/faces/presentacion/financiero/solicitudProceso/listarSolicitudProceso.xhtml HTTP/1.1" 200 1396
216.244.66.195 - - [23/Jan/2024:01:01:41 -0500] "GET /BLA/resoluciones/AUTOS%202013/1096.pdf HTTP/1.1" 200 1679718
201.245.192.253 - - [23/Jan/2024:01:01:43 -0500] "POST /forms/lservlet;jsessionid=ac16012b30d697d92ed5975547868a58de8c0e1951cb.e3iSbxaKaheRe3qKcheMbNuKc41ynknvrkLOlQzNp65In0 HTTP/1.1" 200 2
216.244.66.195 - - [23/Jan/2024:01:01:46 -0500] "GET /BLA/resoluciones/AUTOS%202014/2739.pdf HTTP/1.1" 200 184335
156.59.198.135 - - [23/Jan/2024:01:01:49 -0500] "GET /BLA/resoluciones/AUTOS%202011/5349.pdf HTTP/1.0" 200 477391
216.244.66.195 - - [23/Jan/2024:01:01:50 -0500] "GET /BLA/resoluciones/AUTOS%202018/0383.pdf HTTP/1.1" 200 338044
216.244.66.195 - - [23/Jan/2024:01:01:54 -0500] "GET /BLA/resoluciones/AUTOS%202018/0558.pdf HTTP/1.1" 200 445157
186.98.72.13 - - [23/Jan/2024:01:01:55 -0500] "POST /sipse/faces/presentacion/financiero/solicitudProceso/listarSolicitudProceso.xhtml HTTP/1.1" 200 26112
186.98.72.13 - - [23/Jan/2024:01:01:55 -0500] "POST /sipse/faces/presentacion/financiero/solicitudProceso/listarSolicitudProceso.xhtml HTTP/1.1" 200 2033
186.98.72.13 - - [23/Jan/2024:01:01:56 -0500] "POST /sipse/faces/presentacion/financiero/solicitudProceso/listarSolicitudProceso.xhtml HTTP/1.1" 200 2025
216.244.66.195 - - [23/Jan/2024:01:01:58 -0500] "GET /BLA/resoluciones/AUTOS%202018/0655.pdf HTTP/1.1" 200 260709
216.244.66.195 - - [23/Jan/2024:01:02:02 -0500] "GET /BLA/resoluciones/AUTOS%202018/1127.pdf HTTP/1.1" 200 337836
216.244.66.195 - - [23/Jan/2024:01:02:05 -0500] "GET /BLA/resoluciones/AUTOS%202018/1830.pdf HTTP/1.1" 200 2717874
216.244.66.195 - - [23/Jan/2024:01:02:12 -0500] "GET /BLA/resoluciones/AUTOS%202018/2109.pdf HTTP/1.1" 200 279893
156.59.198.135 - - [23/Jan/2024:01:02:14 -0500] "GET /BLA/resoluciones/AUTOS%202011/5220.pdf HTTP/1.0" 200 2155810
216.244.66.195 - - [23/Jan/2024:01:02:16 -0500] "GET /BLA/resoluciones/AUTOS%202018/2436.pdf HTTP/1.1" 200 322905
201.245.192.253 - - [23/Jan/2024:01:02:18 -0500] "POST /kwsrmcab/Wsrmcab  HTTP/1.1" 200 35641
216.244.66.195 - - [23/Jan/2024:01:02:21 -0500] "GET /BLA/resoluciones/AUTOS%202018/4328.pdf HTTP/1.1" 200 260926
216.244.66.195 - - [23/Jan/2024:01:02:25 -0500] "GET /BLA/resoluciones/AUTOS%202018/4442.pdf HTTP/1.1" 200 287361
216.244.66.195 - - [23/Jan/2024:01:02:29 -0500] "GET /BLA/resoluciones/AUTOS%202018/4996.pdf HTTP/1.1" 200 231598
216.244.66.195 - - [23/Jan/2024:01:02:34 -0500] "GET /BLA/resoluciones/AUTOS%202018/5316.pdf HTTP/1.1" 200 296230
216.244.66.195 - - [23/Jan/2024:01:02:38 -0500] "GET /BLA/resoluciones/AUTOS%202019/0324.pdf HTTP/1.1" 200 746537
156.59.198.135 - - [23/Jan/2024:01:02:39 -0500] "GET /BLA/resoluciones/AUTOS%202011/4046.pdf HTTP/1.0" 200 299461
216.244.66.195 - - [23/Jan/2024:01:02:44 -0500] "GET /BLA/resoluciones/AUTOS%202019/3205.pdf HTTP/1.1" 200 396688
216.244.66.195 - - [23/Jan/2024:01:02:48 -0500] "GET /BLA/resoluciones/AUTOS%202019/4526.pdf HTTP/1.1" 200 275787
216.244.66.195 - - [23/Jan/2024:01:02:53 -0500] "GET /BLA/resoluciones/AUTOS%202020/0836.pdf HTTP/1.1" 200 335425
216.244.66.195 - - [23/Jan/2024:01:02:58 -0500] "GET /BLA/resoluciones/AUTOS%202020/1363.pdf HTTP/1.1" 200 379542
156.59.198.135 - - [23/Jan/2024:01:03:02 -0500] "GET /BLA/resoluciones/AUTOS%202011/3802.pdf HTTP/1.0" 200 195355
216.244.66.195 - - [23/Jan/2024:01:03:03 -0500] "GET /BLA/resoluciones/AUTOS%202020/1446.pdf HTTP/1.1" 200 1584010
156.59.198.135 - - [23/Jan/2024:01:03:26 -0500] "GET /BLA/resoluciones/AUTOS%202011/4976.pdf HTTP/1.0" 200 149740
216.244.66.195 - - [23/Jan/2024:01:03:31 -0500] "GET /BLA/resoluciones/AUTOS%202020/1513.pdf HTTP/1.1" 200 413420
201.245.192.253 - - [23/Jan/2024:01:03:35 -0500] "POST /forms/lservlet;jsessionid=ac16012b30d688c112503e764ab094a2fa9a0f9aabf9.e3iSbxaKaheRe3qKcheMbNuKc41ynknvrkLOlQzNp65In0 HTTP/1.1" 200 2
201.245.192.253 - - [23/Jan/2024:01:03:43 -0500] "POST /forms/lservlet;jsessionid=ac16012b30d697d92ed5975547868a58de8c0e1951cb.e3iSbxaKaheRe3qKcheMbNuKc41ynknvrkLOlQzNp65In0 HTTP/1.1" 200 2
156.59.198.136 - - [23/Jan/2024:01:03:52 -0500] "GET /BLA/resoluciones/AUTOS%202011/4856.pdf HTTP/1.0" 200 269153
216.244.66.195 - - [23/Jan/2024:01:03:53 -0500] "GET /BLA/resoluciones/AUTOS%202020/1607.pdf HTTP/1.1" 200 530787
186.155.149.236 - - [23/Jan/2024:01:04:03 -0500] "POST /sipse/faces/presentacion/financiero/solicitudProceso/consultarSolicitudProceso.xhtml HTTP/1.1" 200 185335
186.155.149.236 - - [23/Jan/2024:01:04:03 -0500] "GET /sipse/faces/javax.faces.resource/theme.css?ln=primefaces-sipse HTTP/1.1" 304 -
186.155.149.236 - - [23/Jan/2024:01:04:03 -0500] "GET /sipse/faces/javax.faces.resource/jquery/jquery.js?ln=primefaces&v=4.0 HTTP/1.1" 304 -
186.155.149.236 - - [23/Jan/2024:01:04:03 -0500] "GET /sipse/faces/javax.faces.resource/primefaces.css?ln=primefaces&v=4.0 HTTP/1.1" 304 -
186.155.149.236 - - [23/Jan/2024:01:04:03 -0500] "GET /sipse/faces/javax.faces.resource/layout/layout.css?ln=primefaces&v=4.0 HTTP/1.1" 304 -
186.155.149.236 - - [23/Jan/2024:01:04:03 -0500] "GET /sipse/faces/javax.faces.resource/primefaces.js?ln=primefaces&v=4.0 HTTP/1.1" 304 -
186.155.149.236 - - [23/Jan/2024:01:04:03 -0500] "GET /sipse/faces/javax.faces.resource/jquery/jquery-plugins.js?ln=primefaces&v=4.0 HTTP/1.1" 304 -
186.155.149.236 - - [23/Jan/2024:01:04:03 -0500] "GET /sipse/faces/javax.faces.resource/layout/layout.js?ln=primefaces&v=4.0 HTTP/1.1" 304 -
186.155.149.236 - - [23/Jan/2024:01:04:04 -0500] "GET /sipse/css/imagen/contrasena.png HTTP/1.1" 404 383
186.155.149.236 - - [23/Jan/2024:01:04:04 -0500] "GET /sipse/faces/javax.faces.resource/images/ui-icons_898989_256x240.png?ln=primefaces-aristo HTTP/1.1" 304 -
186.155.149.236 - - [23/Jan/2024:01:04:10 -0500] "GET /sipse/faces/javax.faces.resource/images/ui-bg_flat_0_2d5972_40x100.png?ln=primefaces-aristo HTTP/1.1" 304 -
186.155.149.236 - - [23/Jan/2024:01:04:10 -0500] "POST /sipse/faces/presentacion/financiero/solicitudProceso/consultarSolicitudProceso.xhtml HTTP/1.1" 200 35425
186.155.149.236 - - [23/Jan/2024:01:04:12 -0500] "GET /sipse/faces/javax.faces.resource/theme.css?ln=primefaces-sipse HTTP/1.1" 304 -
186.155.149.236 - - [23/Jan/2024:01:04:12 -0500] "GET /sipse/faces/javax.faces.resource/primefaces.css?ln=primefaces&v=4.0 HTTP/1.1" 304 -
186.155.149.236 - - [23/Jan/2024:01:04:12 -0500] "GET /sipse/faces/javax.faces.resource/layout/layout.css?ln=primefaces&v=4.0 HTTP/1.1" 304 -
186.155.149.236 - - [23/Jan/2024:01:04:12 -0500] "GET /sipse/faces/javax.faces.resource/jquery/jquery.js?ln=primefaces&v=4.0 HTTP/1.1" 304 -
186.155.149.236 - - [23/Jan/2024:01:04:12 -0500] "GET /sipse/faces/javax.faces.resource/jquery/jquery-plugins.js?ln=primefaces&v=4.0 HTTP/1.1" 304 -
186.155.149.236 - - [23/Jan/2024:01:04:12 -0500] "GET /sipse/faces/javax.faces.resource/primefaces.js?ln=primefaces&v=4.0 HTTP/1.1" 304 -
186.155.149.236 - - [23/Jan/2024:01:04:12 -0500] "GET /sipse/faces/javax.faces.resource/layout/layout.js?ln=primefaces&v=4.0 HTTP/1.1" 304 -
186.155.149.236 - - [23/Jan/2024:01:04:12 -0500] "GET /sipse/faces/javax.faces.resource/messages/messages.png?ln=primefaces&v=4.0 HTTP/1.1" 304 -
186.155.149.236 - - [23/Jan/2024:01:04:12 -0500] "POST /sipse/faces/presentacion/financiero/solicitudProceso/listarSolicitudProceso.xhtml HTTP/1.1" 200 1396
216.244.66.195 - - [23/Jan/2024:01:04:14 -0500] "GET /BLA/resoluciones/AUTOS%202020/2105.pdf HTTP/1.1" 200 1859105
156.59.198.135 - - [23/Jan/2024:01:04:16 -0500] "GET /BLA/resoluciones/AUTOS%202011/5860.pdf HTTP/1.0" 200 300551
185.224.128.191 - - [23/Jan/2024:01:04:35 -0500] "GET / HTTP/1.1" 200 319
216.244.66.195 - - [23/Jan/2024:01:04:37 -0500] "GET /BLA/resoluciones/AUTOS%202020/2300.pdf HTTP/1.1" 200 328225
156.59.198.136 - - [23/Jan/2024:01:04:39 -0500] "GET /BLA/resoluciones/AUTOS%202011/3798.pdf HTTP/1.0" 200 182958
172.22.2.4 - - [23/Jan/2024:01:03:14 -0500] "HEAD /BLA/boletinlegal/ HTTP/1.1" 200 -
216.244.66.195 - - [23/Jan/2024:01:04:57 -0500] "GET /BLA/resoluciones/AUTOS%202020/2738.pdf HTTP/1.1" 200 363001
66.249.66.21 - - [23/Jan/2024:01:05:01 -0500] "GET /BLA/resoluciones/RESOLUCIONES%202007/RES%202007%202201%20AL%202300/RESOLUCION%202222%20DE%202007.pdf HTTP/1.1" 200 1645105
156.59.198.136 - - [23/Jan/2024:01:05:05 -0500] "GET /BLA/resoluciones/AUTOS%202011/4298.pdf HTTP/1.0" 200 250809
216.244.66.195 - - [23/Jan/2024:01:05:17 -0500] "GET /BLA/resoluciones/AUTOS%202020/3249.pdf HTTP/1.1" 200 367485
186.155.149.236 - - [23/Jan/2024:01:05:22 -0500] "POST /sipse/faces/presentacion/financiero/solicitudProceso/listarSolicitudProceso.xhtml HTTP/1.1" 200 4644
181.32.197.0 - - [23/Jan/2024:01:05:26 -0500] "GET /kwssiamovil/sm/acme/a?s=U2FsdGVkX1+GbortZ+kF1lAdle+ul7/7L7pyeK34hYHx1N5w6KbhLhsCyNcIxYBG9FsUX9Zzl8CTn2dkFD3vtaX30LsCfbPWq2BK7dLRgGt6S8SV/fEOxdeQOAJLzbNo/erI39Sfu1SMcm4ChYaAYnvPVjNwz90/ObrxqIMIiyRNYEb+NNUpEdn+SogZpRby6Anb1oewlWKHutmoLm3DNRcyb3UcGxBmDCmSsQ50YIT5areg3DlIDW9RHyR8SjuGZjb27WfI3m0U1d+k2IOkMw==&u=U2FsdGVkX19WX3CzjHkydWuLpg1/6EliT8FbyVy/2BQ=&y=U2FsdGVkX18Fza6jErmnxqfKYuPT0Yn/G6opI9eSbZFyLHpP81gexcV9+PqiZAWZ HTTP/1.1" 200 26
