186.102.52.211 - - [24/Jan/2024:01:11:49 -0500] "GET /kwssiamovil/sm/acme/a?s=U2FsdGVkX19oULaesZFdZXaW6+PdWpWm9wNY6OyCpih1KpVMhPUGv9cdmy0SJqHuMvuM7Q8WvS9Q2OqIWrRqfP1vUgSzdxkmMXurkxsljH6S0YX18QZ9muAYK+8rXJqGU5DUbjOybqRY1l1jGgqFRWnOJ35taK2DTWY9Pf7V0zVT+t9a379eh0yMlZR4uVLY/KsiiC5k63gfiWfjXxzu6KnNf75HOU4BM2tyizNoA3aEwuxtvf30OaaAWU/k4n8Pwk8E85B7yK0WJdFSwjpz2g==&u=U2FsdGVkX1/hXrrbIf3bhemfjLT+tu6g7kOVaS1f896zk9QzgRcE68CVxa2EuMmT&y=U2FsdGVkX1/C374OLntoBOhpJ0mqtk5EZ398Alfdb2f7YK95d9GGhKUa5XrPFbhM HTTP/1.1" 200 26
186.102.52.211 - - [24/Jan/2024:01:11:50 -0500] "GET /kwssiamovil/sm/acme/a?s=U2FsdGVkX19ptkdnwZR6paHeCmXvfpQHjtdI3VIb8lA8ZP51feW+ngZqT3ooz9ta6ANSJr8TPKcUADd/ZY20re2SXox9zO7bnjPm5OvFqWk12OiZWjAWJ0aRG0mALC69AKykMHM8mdGP1Oh7N8TVCwUDDbKbmwZG7bu/YCKfGtJr3jCUztkM5Su/PQJS1ytPMdTWqriPlyD4ZEaTlUSUeE659xJ8P0lDHZitQ2SJkTgTddPS8hF0iWSdTHMz0bQix+Jj2NWvNZBr7/a8QVWJJc3f5qhxFfI1Kdo7vbhRzQ8zYnh77HQPGskLGvz5TMXc/RZEdtFeod4sbCo718ZRKamyC9JVTMGUdw2YiigWMUxU3WST6kke6iqoAlBDbn9Cw3kY0XYHxvypeUncOYSDsmoVR1kCgj+SNuvxIm82sj9Eq7hz2DK4zbCrB9oWRxhcQfEvXePCSi5t4GCtu2yV/o8Wasl4+Ws6xrJlo3XTQdEWNyN/K8//aPgz1OZ7B7HvlswWE3xEmmr3BQw5P8v8jjb8RDCay6hjPjWPZ/7Rs1NIuewVO+yLW7GJmSawKA014+1Uy0sTx7WJALHIB62PhcNLpYCdf/7L3tDzEkyLyBkRBoyJXn9NUSaJKcEtRFj3R1TxFBN+kNGfFMqd4SSTSUWKeUd9MWtd/YDrfwGq+927UCSsFPCXi4G8i9nZmQhYli0oYgAGL6Bq1QLy78Mb6VvB/n45NE4v9Nf4ib7mKXAKRfpxQTKFjq51Ja+IK4onXCoVEUxaKqFxFWubmZep+GzHnE2lLYWI2eZ+lHnjOAVBempceBNRw/5ENMOW+uhRQPBJrYTNaNCFsLZQE9oSV7qT+9JfS5eQ8kUmDXNesYqdiI3pIivU0hTXBJZMfTwNDUQevadJCegjFGK3W7M1e4U3TOurC7vy026cRTIlxjx/QnOLKsv/Tda6/b0XTnQqlJScBKAzt6YHzSm+5DFVdpk5WCdQ4Ot4Fcwaoo9OyIe+mK2GvB+ZgfT5BCSwZxSwnCS9rieIIokz0qdhuEqc/ow1w9DcU6UPuSPRL9wVuEa8ua80axziaCYsQSwfpXgH7p4Np8a6q8TQiWwr/jjuVaQCK0rY8V/TW+AGtt2BGFWdS7hJNSQVx/sJbKqu5yev5GKzyo0+zXf024qjpn2z+KOQSQTpGU4w/a78gYmm7nrEf+T9mClPVtc6+fvjA8LTF6WtbGhkxnxPvR0xzIgVpHJhia3esamF4+7w9JnMh8VKLcrKsNYpHz/7I0hIy5Mpu7gVB/ud5JwEuPAy/3senBncelIJc9RLEVj2RSezZuIAH+rt3RyBl/W4GiiIjBG9Tk2b4aYrB+ck3eI2BFV9bnamM+Fu0srZ7l6o5+VB6u/c2jZbzO3ft4xBoMEpP03jU8KySP24UUNcPR5Qz0wD8SodKTCMe1QiwV/kEgJgT8lxk3Gl/EnRBNF0g4pbVGKa3oSoEYg5W0cej4BKqGOcUT+xDUKIl1PTuOfURgDb36FzGKEvDGMDFvJvghNLbzjizl3hOI/vLNHeDzqkgJXM3DLoZ0hq1vQxBJpcjKIepGAVwuHOYIZmJD35E78E5UWOhZ+P9PEsY1bhzpLJoqXU9g+j/qTKjDi1zXMQP3mTlnGYDBuX2t+pqdfLMtOBtgLXlOkWRJ+52hweQb7Cx2hCN/Rw6pmvIYLze7TBOIY25xy8VW7tRGezDEe7oplT4oTGVoJDZeW5bApX1rfB2fKZ6ZxiKcEtNJZohCpcqq0woSC7roTyGbvb31bdPpC0uW4bE6NvcK0B3tE2hfJBqUHYgyec3SQepoYNxh1xlbLd5OKCcLdoZllOjBIA6d68IxrabRcD2OpFPpZKbL2uEaErS2QozwAbz+Z2eHjc+fqXwZuRvMd0lTsPlvWdwmlsOO5ImVu8HcqBKV1Vxv3bvPm5rlbk8l9CBVY/3E3Y3p3lwasvRcl0g5cLMQxM8jcBbBAr1Qq5NKoqlvg/klPWA0slkK6Ni0nyhAMRX/ulxbgGkyn3Go1K6+sw77NkdidbgGa36wz+61eIJ6cTI146aAnIUB5biH/hMYIGu8i1zjHmMScRRyNuBOFG0gcn+9ECf7QLcZWn5u0M0fwUpZu41RUYfVJNAN1M3Kx9h2LbxLOKumfK+4WeOOXfPDTu2VwmwLUfX/cqiHPo08Rkd+F3W5MNR4cfVjV6u/KHvkrjQkUQP43OhccP3QIqhkh1Lv5hAoELAmYTEKYwhybvAmbELFpSmf2sI8wkfM42PvQXUM38/MFx84/7xLKrg2PW28fjb+ViOwHaRud2u6pnpiqKFsqbaHomQchtCUaHmYydXYNw6mIJCxgJdAsCW6LQSkIWdBXtcuzXrkKcN3YZQyQ3Yn5rV/cK9qPdGDLCD8jdafkoq26wvG40j/TRCfJ3Rh8NNWXz/B1loDjt+1/2kZmJKJkvdKgRS4yE/WRH2Nt6YmsFRkobNMAGBve2EfiM4g8eR9v+CcLt3mtV/Mlt5KH6fsnpARn4ZB9CV2p1h8dJbc7ZnlrSoi4FEpYRFf6DDGBEaIHik1JF2vnzNc8Nyzj6jKFCkeGHAdlWKW7OUnGk4e/K4uELGeja+oTGLIEKI0cRscR/Fc5xlxrtTtQepQVlOXCuK8lrXw7Y+BoOrsjn514TjVbGP4kTQXn3E6A0Kp3tMREZ61l+hwocG+dNDdAz6f3ioGcrnZqaKatFdz76Z4dX+v9BcITdT5Wm9cvVsV56tM7DJVIiaAPhLQI0nodKfiBWCxeOkg0zuOE0yqXHVEsmkQrEKEVUUwSUYryi6SOQNxsQU201zCN5N9Hp6Kh5XVwPspdATo2J4oprDYrfMrSmsc0F1/wXVpCanfBmn3j5rRQqh6i35PbS8h9+YbBLAJBmACMIDOaM5yz8FYqc2skfNdHTDEQwLv/tXwYr3qbMK2Rc/sX+QDwzMO0k0XVEAYWNQ8dTQZt+gsbur60Phex0K8CeS0fe0uOAKRAynZgjJu2kCw9h2BqHchE5v/dMhBwh+f3i0GyiMMi7JhT0x9ibKNt+wdZ13eQOirOmzz/4xpqkxsKCMhMnsdHYYViI/kyRCB5cGJUGz8emGCkYfONZvnDu5T7+n7hV+QkD6HV9I1pZCFAkcnGPFrq3LIheACIZSKGZgnoFnk4tqhJz4P4lkw6Ecjx2vmMV11fOanHMjZtzZNVZjh6iGKors0CRFVc8DQVv8ZCBlFRe0drzohWXLfG9kf4KLANx4fcQ0XSOaueTR25Rnr0rQgHkpU9IOqZXHXoPDX5N1s5qPVIbO0nTCg9KZ0aMFH0kUB2XzBqKn5AT97QQVJ7niCQiTWvtEBGkLT+gZVZKRQV96rM85pzhpuctqsJmjO8KhlJIi3sRO6YxzFWPWdFuSWdDAt3acpWcthMMghvuaDBIV31WkIBHoRarZ6Qqg1TSTRtiB1fq3r6yNm5lEpoVvz85zShxDgcwGwnABd7RGxC2a30S1+5MsScQeK11hq4uncHZB5uDZAAMUQe+abfEsM9RpnzOvP73bqoJeDUX+kaWB7bP0H0eBeE=&u=U2FsdGVkX1/hXrrbIf3bhemfjLT+tu6g7kOVaS1f896zk9QzgRcE68CVxa2EuMmT&y=U2FsdGVkX1/C374OLntoBOhpJ0mqtk5EZ398Alfdb2f7YK95d9GGhKUa5XrPFbhM HTTP/1.1" 200 26
186.102.52.211 - - [24/Jan/2024:01:11:50 -0500] "GET /kwssiamovil/sm/acme/a?s=U2FsdGVkX1+WRf0jQsczWawkRlo0qIK/H5W9ZDc8WWROOEfO9iqbteGEP4JfBxhdhoU00d9JstzEZVHEGj4Iyw4IamzA7QtBhq73XpDYFHqBl2hF9lcdHEf3Nms3ceS8ok4ld9lnexvx4IAWvcL9Yj5lcafKTuihW/onGZE1nrE=&u=U2FsdGVkX1/hXrrbIf3bhemfjLT+tu6g7kOVaS1f896zk9QzgRcE68CVxa2EuMmT&y=U2FsdGVkX1/C374OLntoBOhpJ0mqtk5EZ398Alfdb2f7YK95d9GGhKUa5XrPFbhM HTTP/1.1" 200 26
186.102.52.211 - - [24/Jan/2024:01:11:50 -0500] "GET /kwssiamovil/sm/acme/a?s=U2FsdGVkX1+DEk5K4PSg0c0/IkTY2AX2tkaXZzuuC3Id1yN6by9yxefH0SCDv1iK+6B5CYew0XX22D3jV9qidy5ZvldnrHNTEnMCLvqVnRi3w788QFG9u0kCHQ/j+tB3ELuyzIdwQn9l7DekKMRzov7f3NjTLMxsEjBduFu/k6c=&u=U2FsdGVkX1/hXrrbIf3bhemfjLT+tu6g7kOVaS1f896zk9QzgRcE68CVxa2EuMmT&y=U2FsdGVkX1/C374OLntoBOhpJ0mqtk5EZ398Alfdb2f7YK95d9GGhKUa5XrPFbhM HTTP/1.1" 200 26
186.102.52.211 - - [24/Jan/2024:01:11:50 -0500] "GET /kwssiamovil/sm/acme/a?s=U2FsdGVkX18RKBqB96EB/fN4tXiqU6I1anRSJgeged+4LW5OGdnfiKgi4x+PJke5s4Cw85R2wwe2/agBe22epM7F6wXkwzFrbFaZcrB9h7RHUtqfkiOCfBC6bCRPuca2fpt5XS6iH+VE92IOkjDCXakyP/11Dcdwj/11bruMpL0=&u=U2FsdGVkX1/hXrrbIf3bhemfjLT+tu6g7kOVaS1f896zk9QzgRcE68CVxa2EuMmT&y=U2FsdGVkX1/C374OLntoBOhpJ0mqtk5EZ398Alfdb2f7YK95d9GGhKUa5XrPFbhM HTTP/1.1" 200 26
186.102.52.211 - - [24/Jan/2024:01:11:51 -0500] "GET /kwssiamovil/sm/acme/a?s=U2FsdGVkX19PBlxgjVhemG9hHkm4hIqZx7iDrP6fo2WxNuOdl0ThKA4JaS0UgKkZlDdKcVidzICHlrZNt41EiQTdLjszV9o6hC5pdeJ6n6hByakkxO+8v26o9WWqIS6zp8JZIpHp1qL8qGnxtkxYIRatrY1Q1LdHKeXQ52jXvsF0+TGqRywiCqD4rSz99hUMXz8oh0Y7S6ZhCuto3teNBQ==&u=U2FsdGVkX1/hXrrbIf3bhemfjLT+tu6g7kOVaS1f896zk9QzgRcE68CVxa2EuMmT&y=U2FsdGVkX1/C374OLntoBOhpJ0mqtk5EZ398Alfdb2f7YK95d9GGhKUa5XrPFbhM HTTP/1.1" 200 26
201.245.192.253 - - [24/Jan/2024:01:12:05 -0500] "POST /forms/lservlet;jsessionid=ac16012b30d697d92ed5975547868a58de8c0e1951cb.e3iSbxaKaheRe3qKcheMbNuKc41ynknvrkLOlQzNp65In0 HTTP/1.1" 200 2
201.245.192.253 - - [24/Jan/2024:01:12:26 -0500] "POST /forms/lservlet;jsessionid=ac16012b30d688c112503e764ab094a2fa9a0f9aabf9.e3iSbxaKaheRe3qKcheMbNuKc41ynknvrkLOlQzNp65In0 HTTP/1.1" 200 2
172.22.2.4 - - [24/Jan/2024:01:10:47 -0500] "GET /BLA/boletinlegal/ HTTP/1.1" 200 55274
201.245.192.253 - - [24/Jan/2024:01:14:05 -0500] "POST /forms/lservlet;jsessionid=ac16012b30d697d92ed5975547868a58de8c0e1951cb.e3iSbxaKaheRe3qKcheMbNuKc41ynknvrkLOlQzNp65In0 HTTP/1.1" 200 2
201.245.192.253 - - [24/Jan/2024:01:14:26 -0500] "POST /forms/lservlet;jsessionid=ac16012b30d688c112503e764ab094a2fa9a0f9aabf9.e3iSbxaKaheRe3qKcheMbNuKc41ynknvrkLOlQzNp65In0 HTTP/1.1" 200 2
52.167.144.9 - - [24/Jan/2024:01:14:37 -0500] "GET /Publicaciones/2023EE305037.pdf HTTP/1.1" 404 228
201.245.192.253 - - [24/Jan/2024:01:14:48 -0500] "POST /kwsrmcab/Wsrmcab HTTP/1.1" 200 36127
201.245.192.253 - - [24/Jan/2024:01:14:52 -0500] "POST /kwsrmcab/Wsrmcab HTTP/1.1" 200 36136
201.245.192.253 - - [24/Jan/2024:01:15:49 -0500] "POST /kwsrmcab/Wsrmcab  HTTP/1.1" 200 35641
201.245.192.253 - - [24/Jan/2024:01:16:05 -0500] "POST /forms/lservlet;jsessionid=ac16012b30d697d92ed5975547868a58de8c0e1951cb.e3iSbxaKaheRe3qKcheMbNuKc41ynknvrkLOlQzNp65In0 HTTP/1.1" 200 2
216.245.221.92 - - [24/Jan/2024:01:16:17 -0500] "HEAD / HTTP/1.1" 200 -
201.245.192.253 - - [24/Jan/2024:01:16:26 -0500] "POST /forms/lservlet;jsessionid=ac16012b30d688c112503e764ab094a2fa9a0f9aabf9.e3iSbxaKaheRe3qKcheMbNuKc41ynknvrkLOlQzNp65In0 HTTP/1.1" 200 2
172.22.2.4 - - [24/Jan/2024:01:15:47 -0500] "HEAD /BLA/boletinlegal/ HTTP/1.1" 200 -
201.245.192.253 - - [24/Jan/2024:01:18:05 -0500] "POST /forms/lservlet;jsessionid=ac16012b30d697d92ed5975547868a58de8c0e1951cb.e3iSbxaKaheRe3qKcheMbNuKc41ynknvrkLOlQzNp65In0 HTTP/1.1" 200 2
172.22.2.4 - - [24/Jan/2024:01:16:37 -0500] "GET /BLA/boletinlegal/ HTTP/1.1" 200 58666
201.245.192.253 - - [24/Jan/2024:01:18:26 -0500] "POST /forms/lservlet;jsessionid=ac16012b30d688c112503e764ab094a2fa9a0f9aabf9.e3iSbxaKaheRe3qKcheMbNuKc41ynknvrkLOlQzNp65In0 HTTP/1.1" 200 2
201.245.192.253 - - [24/Jan/2024:01:19:17 -0500] "POST /kwsrmcab/Wsrmcab HTTP/1.1" 200 35526
201.245.192.253 - - [24/Jan/2024:01:20:05 -0500] "POST /forms/lservlet;jsessionid=ac16012b30d697d92ed5975547868a58de8c0e1951cb.e3iSbxaKaheRe3qKcheMbNuKc41ynknvrkLOlQzNp65In0 HTTP/1.1" 200 2
201.245.192.253 - - [24/Jan/2024:01:20:18 -0500] "POST /kwsrmcab/Wsrmcab HTTP/1.1" 200 36136
201.245.192.253 - - [24/Jan/2024:01:20:26 -0500] "POST /forms/lservlet;jsessionid=ac16012b30d688c112503e764ab094a2fa9a0f9aabf9.e3iSbxaKaheRe3qKcheMbNuKc41ynknvrkLOlQzNp65In0 HTTP/1.1" 200 2
201.245.192.253 - - [24/Jan/2024:01:20:46 -0500] "POST /kwsrmcab/Wsrmcab  HTTP/1.1" 200 35641
52.167.144.220 - - [24/Jan/2024:01:20:54 -0500] "GET /BLA/resoluciones/RESOLUCIONES%202021/1284.pdf HTTP/1.1" 304 -
216.245.221.92 - - [24/Jan/2024:01:21:17 -0500] "HEAD / HTTP/1.1" 200 -
173.252.95.117 - - [24/Jan/2024:01:21:23 -0500] "GET /images/Caminatas%20(1)%20(2).jpeg HTTP/1.1" 200 81411
186.29.22.119 - - [24/Jan/2024:01:22:01 -0500] "GET /appsia/controlador HTTP/1.1" 200 4799
186.29.22.119 - - [24/Jan/2024:01:22:01 -0500] "GET /appsia/scripts/validarIngreso.js HTTP/1.1" 200 851
186.29.22.119 - - [24/Jan/2024:01:22:01 -0500] "GET /appsia/css/estilos.css HTTP/1.1" 200 4804
186.29.22.119 - - [24/Jan/2024:01:22:01 -0500] "GET /appsia/images/logo_bogota_p.png HTTP/1.1" 200 14951
186.29.22.119 - - [24/Jan/2024:01:22:01 -0500] "GET /appsia/images/cabezoteHojaVida.png HTTP/1.1" 200 32493
186.29.22.119 - - [24/Jan/2024:01:22:02 -0500] "GET /favicon.ico HTTP/1.1" 200 7782
201.245.192.253 - - [24/Jan/2024:01:22:05 -0500] "POST /forms/lservlet;jsessionid=ac16012b30d697d92ed5975547868a58de8c0e1951cb.e3iSbxaKaheRe3qKcheMbNuKc41ynknvrkLOlQzNp65In0 HTTP/1.1" 200 2
201.245.192.253 - - [24/Jan/2024:01:22:26 -0500] "POST /forms/lservlet;jsessionid=ac16012b30d688c112503e764ab094a2fa9a0f9aabf9.e3iSbxaKaheRe3qKcheMbNuKc41ynknvrkLOlQzNp65In0 HTTP/1.1" 200 2
186.29.22.119 - - [24/Jan/2024:01:22:30 -0500] "POST /appsia/controlador HTTP/1.1" 200 5437
186.29.22.119 - - [24/Jan/2024:01:22:35 -0500] "POST /appsia/controlador HTTP/1.1" 200 7738
186.29.22.119 - - [24/Jan/2024:01:22:35 -0500] "GET /appsia/images/logo_escudo.png HTTP/1.1" 200 36965
172.22.2.4 - - [24/Jan/2024:01:21:37 -0500] "HEAD /BLA/boletinlegal/ HTTP/1.1" 200 -
201.245.192.253 - - [24/Jan/2024:01:24:05 -0500] "POST /forms/lservlet;jsessionid=ac16012b30d697d92ed5975547868a58de8c0e1951cb.e3iSbxaKaheRe3qKcheMbNuKc41ynknvrkLOlQzNp65In0 HTTP/1.1" 200 2
172.22.2.4 - - [24/Jan/2024:01:22:27 -0500] "GET /BLA/boletinlegal/ HTTP/1.1" 200 58666
201.245.192.253 - - [24/Jan/2024:01:24:26 -0500] "POST /forms/lservlet;jsessionid=ac16012b30d688c112503e764ab094a2fa9a0f9aabf9.e3iSbxaKaheRe3qKcheMbNuKc41ynknvrkLOlQzNp65In0 HTTP/1.1" 200 2
201.245.192.253 - - [24/Jan/2024:01:24:48 -0500] "POST /kwsrmcab/Wsrmcab HTTP/1.1" 200 36127
201.245.192.253 - - [24/Jan/2024:01:24:52 -0500] "POST /kwsrmcab/Wsrmcab HTTP/1.1" 200 36136
201.245.192.253 - - [24/Jan/2024:01:25:45 -0500] "POST /kwsrmcab/Wsrmcab  HTTP/1.1" 200 35641
201.245.192.253 - - [24/Jan/2024:01:26:05 -0500] "POST /forms/lservlet;jsessionid=ac16012b30d697d92ed5975547868a58de8c0e1951cb.e3iSbxaKaheRe3qKcheMbNuKc41ynknvrkLOlQzNp65In0 HTTP/1.1" 200 2
186.102.52.211 - - [24/Jan/2024:01:26:08 -0500] "GET /kwssiamovil/sm/acme/a?s=U2FsdGVkX19gtgEpROGWY/Qo1S0eH61MbLpgsyEkCkuaeGSNR0uwixocoGBgmmuQ8kV0zRpl7tg4ZwveihB8yTYr3jzn3MqKXSySa3Zkh3MXCXTXlZSCKQB8jLzFFlzDn0Fc0ybhr2ruUN7+BfyTCy9p1jBZVZL1DhFAW/DpNdvROsTv5guEbEFHEwKFa8dH6uXE+xz602Pm5Y2FTDXbTRi3mpDM5Usa0v6qqwXBkDPwg1uOVkjMMKo75y1rlxe+37hV9Cq9KNchtaA2jKmQFw==&u=U2FsdGVkX1/hXrrbIf3bhemfjLT+tu6g7kOVaS1f896zk9QzgRcE68CVxa2EuMmT&y=U2FsdGVkX1/C374OLntoBOhpJ0mqtk5EZ398Alfdb2f7YK95d9GGhKUa5XrPFbhM HTTP/1.1" 200 26
186.102.52.211 - - [24/Jan/2024:01:26:08 -0500] "GET /kwssiamovil/sm/acme/a?s=U2FsdGVkX19MpRJWP7iPbWAuDjnVFm918d07uFLtS5OpGmQVXuZa+9shSJHKA3851cR+nP6F7pw25g2ROjAgJtoPWRHJ0zualg7mM2AojsWgI9dXNPFU+LhcXaXSUdu6U8YU8IBgQRu9f5JXOj2OCCiBqDEAUCPMVq5NjOEiaEzAjCUhDIPaf94aApiiX9XEpFZLkGPl/2l/eQtYFfwpEBl1o1ILYwmcPkOlswiwqAXizfMRbAsMbd6xekCgiElvtZnT3dh9lJXrbKCmYG7v/f0vGf/T2loJsQ8vEh1tABZ2rWml/0XwE4zoV9c2TvTMlfEhQ05qQ/VysoCWgLgHFPIZ2+fiI8IJX92p0u4ARoJex41v0RGxvGkgW8rx7ILxOGSWNXJ0SkM9rhK2pA0r0xjgwt6/GW6x+65QuHg4rTWanMERnOp2I+GckzBZO29Qj8xq6ZZNMGWERw03uBUU0/o3nB0IEogLeGJz3pxjV/8L1l+8dn+0/FqqbbdJLvzMImL7ER0YU3yeMBb2B/DU6fyK2FxPSp7dcZoUbVIWKlz2mxv2pP3M++f3sEu1lASwI+kfv6p6l4wdE7pDQrBM9XsIq3bjx5Z8jWN78GrLC2F5Lpnr3O9dOKgtzz/1lSHIhoweek67ny9yyhG+M9VrI1kmKPCcqast5TBTJ0S2QDwt4wakpLdXz5S9z3zm7zT25OMieCyIh+qvjavePLtQG+T+yWJ9mEchB2vFwQ3w8IDbpb/+G3lF+GWwfE/vQxeWRqbFsP2t5kPYi7sjG/ZxOtwVw/HuEEtKcpbIhi+1slywfuRJLCLR9tMDohLHDEZqdvKmFVelpAc8aYwvUC+HLTj09BTVUAMp309bidtNPK9o7tDTvrbZBwd6YarKFzScudVbjzsnpNoeJ0BExp8VMPDj1BQqfEczEMxU37tS4AQ/uzNuBJHL18jm8TpVJK7UJU80NJDewd0HlXKqU2ooCGuWzh05Olqtbo1kVNTRQprCzOvGdeVpWtDFKLnceI4lWfdYQojVvGEEW+fpjAWU3GycKB0LvDRNsBwjkeUzesxrTFg1uGI+9dQFYctnYa2A14GI641z+H+oPXwDq611qLFxgthKywo7kbrXHGI1ekLVLSmxsFgnSb01Q9WPPAavYzfrnjm7Bb0Prcj7Wle65I8Pzc2QMg1LnOzH3eJ9szkZCPuO1IacNd8E9c9o7pwiMvVh0loHY3mdv/vqnMwUf6dvYSkCQBUKZqvTwnYZdeKSQn5sBzLU/21+aGsyBYFzr7ovjbdb90QT7M/4Ncm056qIiS+PUwyAR9eD6Glajq/K1G2Gr8vRNoIpOOrgadof/1P74kNBPdT1ghY4HLu2fRAFCntVRXegOTprLricH4/8E9TMYiPn/Reysskj6w+ocf/4QewEzRSRb93aBaBmlPP6P0Vkr/YwXE3OMz/SH4/IEmb2t1c3skM5c8y/eYPR7bJjkO2MhB9imBapphCooUcWaHIx0tgcPZXsGvUlQG9IuHd+ywR+r5qtpa8bNV2i1Wch7DyRh6ejhCN9nAMqV+RA9uq+1+En1rRsliRsnaSMOn1OXpJs6AyA7SOGEAJTV8ntAn9zLunLXohWqrEcNkZZfZEuhp3BBaNfGB9uhxhFEuLV0Fh6fpvjt/y/MJvyga7VBtGK2n9LPzRhVHPtNS9BLIimXua28B1qsjCfBEjHqaLv5ayrBkRNqNd/plfOWwlTF4rBt7fjvTLS6xPE9e4tbulZ6NR6Y8VYNuAFLXFw1ogBBUOT9Nw5ucrm+RFKW0RXXoDUnzxFfgfpb1VMBzeL8V5HuTOGrPBzbyZgc7LgRJjGvDleYX325DLvFiRUbwkA08A4s+H+b0Xcg4mdS8urg0f3vzmx0k0LPrMINRhAw0DuSiZqMTAJtYU+P1+TX8QGINVLKSSINWTe75WcKUoAEJERFq6QwQKypuYEtgu2t7evrinC2hyQ+h4KzLoEgDV7bd1FfvsAEeIP+hn0vo87KdbAvemofnkSYQZMQx0EfiZXB+F03vV90pKhAlEw1zmUNvA0+q+Mt4bKwKUFE4rtN+HsPr5ZYfODpPO4YW66nmZi/2ofy02vQr7rPMOSK2sC7uxO90YmEGUrz3m8DuZvmxi7JWMwdnjM1Wj5gy7IJSh1P7zi8CAGdL3BsV/aMCbJNW/2d4zae8KvfZ9lU7k6Vc+5piPVVMbfJPhX3h1OWfkGMno8+LuAcm4DZ5wyoeHjELL/dvOSYCxaVxaiFs4GO8qutya7TUYmmfki9Th9ZGSfbq2tMKmfptoalQ0QNbpT3UtjroInHKXi5rxU6i5PGx9IX2vAYZKvF6IDVYwf3nZTT/3iweTYrKVU/O9c6sP6cHAdgrrIn+5ZoYW9pp6LlcaT4Pfwk6WNYfq8++Lq731kG53MyGK7nsmJxL29ZHNKZVfcvxbP52clhEKP9ABzV8B2VlZmNbfATP6QBtHTflxtvnTqdhyhswJrf+AmwQWES1KXjoDkZC7YFbTm2KyBQ1hA/aY8YK68OaBn/FkqIs6hdQ1dg2GRQsjyL7Nwl9R7qEsrhGS1l2E34e9CZJbC/yR8TTSDZNpa17brAPeI202LRYLIA6Emna2BK5DYMxJ6+CGrchts54ZJPGxiB+OkXaMTIwr3ORc5ZI3c3D7u/dTQStISBtLajOJinht7bjMmKaOkVy06a22v+FxQfYtD2dfIvvkmVJb5UJX1ryhzM4LFOqfnv+9ykQ7ZQA1UY9Yec5i6BrULf5pcoiwN1+eRCwqaqsCq+7phpTfO/dH5S6ejXDZEC22LoOOjejEAQKF6LxDcyk5IiZS70Ql5FmGrwviGkUHwYnNRAiNlLiKTH3/YFEcRynLJSUS/HrFf8ZXaPZfPsQpFBYKR/BdfDAdfyUU7EMWprKq2IlHeSuZ1G203DqzgHtw0YPEL4Gwcb0EDUU/VnfGy83XP5Pc59XtzJHIU7e6tv8WhLP8PVH0=&u=U2FsdGVkX1/hXrrbIf3bhemfjLT+tu6g7kOVaS1f896zk9QzgRcE68CVxa2EuMmT&y=U2FsdGVkX1/C374OLntoBOhpJ0mqtk5EZ398Alfdb2f7YK95d9GGhKUa5XrPFbhM HTTP/1.1" 200 26
186.102.52.211 - - [24/Jan/2024:01:26:09 -0500] "GET /kwssiamovil/sm/acme/a?s=U2FsdGVkX1+rNyaqaPvXXZG1589QKDAr1a0cmJHieuN8VYFWdITvQ2/uoF6umD+x20ZBDou6rHxRIGEjgnurEq3NtKSvkW835tN5jGtI/O9MaS863I2BstM5XndqNjMK5Vk4DE98/ye8O6AVBxCe6BZ2SfO4s4zozrrAEF/Lork=&u=U2FsdGVkX1/hXrrbIf3bhemfjLT+tu6g7kOVaS1f896zk9QzgRcE68CVxa2EuMmT&y=U2FsdGVkX1/C374OLntoBOhpJ0mqtk5EZ398Alfdb2f7YK95d9GGhKUa5XrPFbhM HTTP/1.1" 200 26
186.102.52.211 - - [24/Jan/2024:01:26:09 -0500] "GET /kwssiamovil/sm/acme/a?s=U2FsdGVkX1//43rrmEtTmCEJsQr8OyeGc77OjY7fshNuDH63OjyToHqpZMA++m9OLJdY2279AZvLlDVEqwrDn8OQIqriOVjj8uCEfkZDn+IcLAU3nI1wkWWjl5Aqlo7oPErUB3WcIbyTCspklX7p1FjiSmixHo8tY2g6rh0oPYo=&u=U2FsdGVkX1/hXrrbIf3bhemfjLT+tu6g7kOVaS1f896zk9QzgRcE68CVxa2EuMmT&y=U2FsdGVkX1/C374OLntoBOhpJ0mqtk5EZ398Alfdb2f7YK95d9GGhKUa5XrPFbhM HTTP/1.1" 200 26
186.102.52.211 - - [24/Jan/2024:01:26:09 -0500] "GET /kwssiamovil/sm/acme/a?s=U2FsdGVkX1+xu1MzF70oSoArVcGz0C8meI1ZU/jXqg/nODusD5St6iTMJCyZcygiHIO8NfCculvQDfPbGOJJeGNZtI+W1cvHfRbfIfkFmASBdO6Q9WIjoeky0j45bhHm77OP9v0ykQ2Jzdhi8R3Holz6uErOIklrNx1p6TUtgdg=&u=U2FsdGVkX1/hXrrbIf3bhemfjLT+tu6g7kOVaS1f896zk9QzgRcE68CVxa2EuMmT&y=U2FsdGVkX1/C374OLntoBOhpJ0mqtk5EZ398Alfdb2f7YK95d9GGhKUa5XrPFbhM HTTP/1.1" 200 26
186.102.52.211 - - [24/Jan/2024:01:26:09 -0500] "GET /kwssiamovil/sm/acme/a?s=U2FsdGVkX1+PgqRz3kCQFhIyECjVsAams2Dq5Bx+HuWfmedMQr7iiQGrBiYlnzixPtYWCclacZF5Lga/zek31uIgCbkQXcf6sgZX8G4Fp0QVqXpwa+iL/NJyjHaUrxw0RAgx8l+63TIxpLWOl2F3Xi+hTWWFvK6D1KLoA4Nc8tkYAhEWw3n9gbEQjhopb7TgTTD07/AhP5VcdZdKjBRypg==&u=U2FsdGVkX1/hXrrbIf3bhemfjLT+tu6g7kOVaS1f896zk9QzgRcE68CVxa2EuMmT&y=U2FsdGVkX1/C374OLntoBOhpJ0mqtk5EZ398Alfdb2f7YK95d9GGhKUa5XrPFbhM HTTP/1.1" 200 26
216.245.221.92 - - [24/Jan/2024:01:26:17 -0500] "HEAD / HTTP/1.1" 200 -
201.245.192.253 - - [24/Jan/2024:01:26:26 -0500] "POST /forms/lservlet;jsessionid=ac16012b30d688c112503e764ab094a2fa9a0f9aabf9.e3iSbxaKaheRe3qKcheMbNuKc41ynknvrkLOlQzNp65In0 HTTP/1.1" 200 2
172.22.2.4 - - [24/Jan/2024:01:27:58 -0500] "GET /BLA/boletinlegal/wp-login.php HTTP/1.1" 404 1038
172.22.2.4 - - [24/Jan/2024:01:27:59 -0500] "GET /BLA/boletinlegal/xmlrpc.php HTTP/1.1" 404 1038
201.245.192.253 - - [24/Jan/2024:01:28:05 -0500] "POST /forms/lservlet;jsessionid=ac16012b30d697d92ed5975547868a58de8c0e1951cb.e3iSbxaKaheRe3qKcheMbNuKc41ynknvrkLOlQzNp65In0 HTTP/1.1" 200 2
201.245.192.253 - - [24/Jan/2024:01:28:26 -0500] "POST /forms/lservlet;jsessionid=ac16012b30d688c112503e764ab094a2fa9a0f9aabf9.e3iSbxaKaheRe3qKcheMbNuKc41ynknvrkLOlQzNp65In0 HTTP/1.1" 200 2
172.22.2.4 - - [24/Jan/2024:01:27:27 -0500] "HEAD /BLA/boletinlegal/ HTTP/1.1" 200 -
201.245.192.253 - - [24/Jan/2024:01:29:17 -0500] "POST /kwsrmcab/Wsrmcab HTTP/1.1" 200 35526
172.22.2.4 - - [24/Jan/2024:01:28:17 -0500] "GET /BLA/boletinlegal/ HTTP/1.1" 200 58166
17.241.75.115 - - [24/Jan/2024:01:30:01 -0500] "GET /participa-del-panel-progreso-hacia-un-aire-limpio.html HTTP/1.1" 200 906
201.245.192.253 - - [24/Jan/2024:01:30:05 -0500] "POST /forms/lservlet;jsessionid=ac16012b30d697d92ed5975547868a58de8c0e1951cb.e3iSbxaKaheRe3qKcheMbNuKc41ynknvrkLOlQzNp65In0 HTTP/1.1" 200 2
201.245.192.253 - - [24/Jan/2024:01:30:17 -0500] "POST /kwsrmcab/Wsrmcab HTTP/1.1" 200 36136
201.245.192.253 - - [24/Jan/2024:01:30:26 -0500] "POST /forms/lservlet;jsessionid=ac16012b30d688c112503e764ab094a2fa9a0f9aabf9.e3iSbxaKaheRe3qKcheMbNuKc41ynknvrkLOlQzNp65In0 HTTP/1.1" 200 2
201.245.192.253 - - [24/Jan/2024:01:30:43 -0500] "POST /kwsrmcab/Wsrmcab  HTTP/1.1" 200 35641
216.245.221.92 - - [24/Jan/2024:01:31:17 -0500] "HEAD / HTTP/1.1" 200 -
66.249.66.39 - - [24/Jan/2024:01:31:22 -0500] "GET /gobierno-de-bogota-hace-recomendaciones-a-la-ciudadania-para-que-tome-acciones-ante-la-mala-calidad-del-aire.html HTTP/1.1" 200 864
31.13.127.9 - - [24/Jan/2024:01:31:47 -0500] "GET /gobierno-de-bogota-hace-recomendaciones-a-la-ciudadania-para-que-tome-acciones-ante-la-mala-calidad-del-aire.html HTTP/1.1" 200 864
31.13.127.16 - - [24/Jan/2024:01:31:47 -0500] "GET /gobierno-de-bogota-hace-recomendaciones-a-la-ciudadania-para-que-tome-acciones-ante-la-mala-calidad-del-aire.html HTTP/1.1" 200 864
31.13.127.12 - - [24/Jan/2024:01:31:47 -0500] "GET /gobierno-de-bogota-hace-recomendaciones-a-la-ciudadania-para-que-tome-acciones-ante-la-mala-calidad-del-aire.html HTTP/1.1" 200 864
173.252.95.9 - - [24/Jan/2024:01:31:48 -0500] "GET /gobierno-de-bogota-hace-recomendaciones-a-la-ciudadania-para-que-tome-acciones-ante-la-mala-calidad-del-aire.html HTTP/1.1" 200 864
173.252.95.15 - - [24/Jan/2024:01:31:48 -0500] "GET /gobierno-de-bogota-hace-recomendaciones-a-la-ciudadania-para-que-tome-acciones-ante-la-mala-calidad-del-aire.html HTTP/1.1" 200 864
173.252.95.25 - - [24/Jan/2024:01:31:48 -0500] "GET /gobierno-de-bogota-hace-recomendaciones-a-la-ciudadania-para-que-tome-acciones-ante-la-mala-calidad-del-aire.html HTTP/1.1" 200 864
201.245.192.253 - - [24/Jan/2024:01:32:05 -0500] "POST /forms/lservlet;jsessionid=ac16012b30d697d92ed5975547868a58de8c0e1951cb.e3iSbxaKaheRe3qKcheMbNuKc41ynknvrkLOlQzNp65In0 HTTP/1.1" 200 2
66.240.205.34 - - [24/Jan/2024:01:32:14 -0500] "Gh0st\xad" 400 226
201.245.192.253 - - [24/Jan/2024:01:32:26 -0500] "POST /forms/lservlet;jsessionid=ac16012b30d688c112503e764ab094a2fa9a0f9aabf9.e3iSbxaKaheRe3qKcheMbNuKc41ynknvrkLOlQzNp65In0 HTTP/1.1" 200 2
199.16.157.182 - - [24/Jan/2024:01:32:30 -0500] "GET /images/cronica-amanda-rodriguez-30-abril.jpg HTTP/1.1" 200 26304
201.245.192.253 - - [24/Jan/2024:01:34:05 -0500] "POST /forms/lservlet;jsessionid=ac16012b30d697d92ed5975547868a58de8c0e1951cb.e3iSbxaKaheRe3qKcheMbNuKc41ynknvrkLOlQzNp65In0 HTTP/1.1" 200 2
201.245.192.253 - - [24/Jan/2024:01:34:26 -0500] "POST /forms/lservlet;jsessionid=ac16012b30d688c112503e764ab094a2fa9a0f9aabf9.e3iSbxaKaheRe3qKcheMbNuKc41ynknvrkLOlQzNp65In0 HTTP/1.1" 200 2
173.252.111.3 - - [24/Jan/2024:01:34:36 -0500] "GET /calidad-del-aire-de-bogota-empieza-a-deteriorarse-producto-de-incendios-forestales.html HTTP/1.1" 200 741
201.245.192.253 - - [24/Jan/2024:01:34:49 -0500] "POST /kwsrmcab/Wsrmcab HTTP/1.1" 200 36127
201.245.192.253 - - [24/Jan/2024:01:34:52 -0500] "POST /kwsrmcab/Wsrmcab HTTP/1.1" 200 36136
172.22.2.4 - - [24/Jan/2024:01:33:17 -0500] "HEAD /BLA/boletinlegal/ HTTP/1.1" 200 -
201.245.192.253 - - [24/Jan/2024:01:35:42 -0500] "POST /kwsrmcab/Wsrmcab  HTTP/1.1" 503 1020
172.22.2.4 - - [24/Jan/2024:01:34:08 -0500] "GET /BLA/boletinlegal/ HTTP/1.1" 200 56219
201.245.192.253 - - [24/Jan/2024:01:36:05 -0500] "POST /forms/lservlet;jsessionid=ac16012b30d697d92ed5975547868a58de8c0e1951cb.e3iSbxaKaheRe3qKcheMbNuKc41ynknvrkLOlQzNp65In0 HTTP/1.1" 200 2
216.245.221.92 - - [24/Jan/2024:01:36:17 -0500] "HEAD / HTTP/1.1" 200 -
201.245.192.253 - - [24/Jan/2024:01:36:26 -0500] "POST /forms/lservlet;jsessionid=ac16012b30d688c112503e764ab094a2fa9a0f9aabf9.e3iSbxaKaheRe3qKcheMbNuKc41ynknvrkLOlQzNp65In0 HTTP/1.1" 200 2
201.245.192.253 - - [24/Jan/2024:01:36:42 -0500] "POST /kwsrmcab/Wsrmcab  HTTP/1.1" 503 1020
201.245.192.253 - - [24/Jan/2024:01:37:41 -0500] "POST /kwsrmcab/Wsrmcab  HTTP/1.1" 200 35641
201.245.192.253 - - [24/Jan/2024:01:38:05 -0500] "POST /forms/lservlet;jsessionid=ac16012b30d697d92ed5975547868a58de8c0e1951cb.e3iSbxaKaheRe3qKcheMbNuKc41ynknvrkLOlQzNp65In0 HTTP/1.1" 200 2
201.245.192.253 - - [24/Jan/2024:01:38:26 -0500] "POST /forms/lservlet;jsessionid=ac16012b30d688c112503e764ab094a2fa9a0f9aabf9.e3iSbxaKaheRe3qKcheMbNuKc41ynknvrkLOlQzNp65In0 HTTP/1.1" 200 2
201.245.192.253 - - [24/Jan/2024:01:38:43 -0500] "POST /kwsrmcab/Wsrmcab  HTTP/1.1" 200 35641
152.61.128.50 - - [24/Jan/2024:01:39:02 -0500] "GET / HTTP/1.1" 200 319
201.245.192.253 - - [24/Jan/2024:01:39:16 -0500] "POST /kwsrmcab/Wsrmcab HTTP/1.1" 200 35526
101.68.211.2 - - [24/Jan/2024:01:39:49 -0500] "GET / HTTP/1.1" 200 319
201.245.192.253 - - [24/Jan/2024:01:40:05 -0500] "POST /forms/lservlet;jsessionid=ac16012b30d697d92ed5975547868a58de8c0e1951cb.e3iSbxaKaheRe3qKcheMbNuKc41ynknvrkLOlQzNp65In0 HTTP/1.1" 200 2
201.245.192.253 - - [24/Jan/2024:01:40:16 -0500] "POST /kwsrmcab/Wsrmcab HTTP/1.1" 200 36136
201.245.192.253 - - [24/Jan/2024:01:40:26 -0500] "POST /forms/lservlet;jsessionid=ac16012b30d688c112503e764ab094a2fa9a0f9aabf9.e3iSbxaKaheRe3qKcheMbNuKc41ynknvrkLOlQzNp65In0 HTTP/1.1" 200 2
172.22.2.4 - - [24/Jan/2024:01:39:08 -0500] "HEAD /BLA/boletinlegal/ HTTP/1.1" 200 -
216.245.221.92 - - [24/Jan/2024:01:41:16 -0500] "HEAD / HTTP/1.1" 200 -
172.22.2.4 - - [24/Jan/2024:01:39:58 -0500] "GET /BLA/boletinlegal/ HTTP/1.1" 200 58166
66.249.66.37 - - [24/Jan/2024:01:41:49 -0500] "GET /calidad-del-aire-de-bogota-influenciada-por-factores-externos-e-inversiones-termicas.html HTTP/1.1" 200 775
201.245.192.253 - - [24/Jan/2024:01:42:05 -0500] "POST /forms/lservlet;jsessionid=ac16012b30d697d92ed5975547868a58de8c0e1951cb.e3iSbxaKaheRe3qKcheMbNuKc41ynknvrkLOlQzNp65In0 HTTP/1.1" 200 2
201.245.192.253 - - [24/Jan/2024:01:42:26 -0500] "POST /forms/lservlet;jsessionid=ac16012b30d688c112503e764ab094a2fa9a0f9aabf9.e3iSbxaKaheRe3qKcheMbNuKc41ynknvrkLOlQzNp65In0 HTTP/1.1" 200 2
201.245.192.253 - - [24/Jan/2024:01:43:43 -0500] "POST /kwsrmcab/Wsrmcab  HTTP/1.1" 200 35641
201.245.192.253 - - [24/Jan/2024:01:44:05 -0500] "POST /forms/lservlet;jsessionid=ac16012b30d697d92ed5975547868a58de8c0e1951cb.e3iSbxaKaheRe3qKcheMbNuKc41ynknvrkLOlQzNp65In0 HTTP/1.1" 200 2
201.245.192.253 - - [24/Jan/2024:01:44:26 -0500] "POST /forms/lservlet;jsessionid=ac16012b30d688c112503e764ab094a2fa9a0f9aabf9.e3iSbxaKaheRe3qKcheMbNuKc41ynknvrkLOlQzNp65In0 HTTP/1.1" 200 2
101.68.211.2 - - [24/Jan/2024:01:45:05 -0500] "GET / HTTP/1.1" 200 319
101.68.211.2 - - [24/Jan/2024:01:45:05 -0500] "GET /favicon.ico HTTP/1.1" 200 7782
101.68.211.2 - - [24/Jan/2024:01:45:07 -0500] "GET /robots.txt HTTP/1.1" 404 1049
40.77.167.52 - - [24/Jan/2024:01:45:20 -0500] "GET /BLA/resoluciones/RESOLUCIONES%202023/2700.pdf HTTP/1.1" 200 13546798
40.77.167.52 - - [24/Jan/2024:01:45:40 -0500] "GET /BLA/resoluciones/RESOLUCIONES%202023/2700.pdf HTTP/1.1" 200 13546798
201.245.192.253 - - [24/Jan/2024:01:46:05 -0500] "POST /forms/lservlet;jsessionid=ac16012b30d697d92ed5975547868a58de8c0e1951cb.e3iSbxaKaheRe3qKcheMbNuKc41ynknvrkLOlQzNp65In0 HTTP/1.1" 200 2
216.245.221.92 - - [24/Jan/2024:01:46:17 -0500] "HEAD / HTTP/1.1" 200 -
201.245.192.253 - - [24/Jan/2024:01:46:26 -0500] "POST /forms/lservlet;jsessionid=ac16012b30d688c112503e764ab094a2fa9a0f9aabf9.e3iSbxaKaheRe3qKcheMbNuKc41ynknvrkLOlQzNp65In0 HTTP/1.1" 200 2
172.22.2.4 - - [24/Jan/2024:01:44:58 -0500] "HEAD /BLA/boletinlegal/ HTTP/1.1" 200 -
172.22.2.4 - - [24/Jan/2024:01:45:48 -0500] "GET /BLA/boletinlegal/ HTTP/1.1" 200 60996
201.245.192.253 - - [24/Jan/2024:01:48:05 -0500] "POST /forms/lservlet;jsessionid=ac16012b30d697d92ed5975547868a58de8c0e1951cb.e3iSbxaKaheRe3qKcheMbNuKc41ynknvrkLOlQzNp65In0 HTTP/1.1" 200 2
201.245.192.253 - - [24/Jan/2024:01:48:26 -0500] "POST /forms/lservlet;jsessionid=ac16012b30d688c112503e764ab094a2fa9a0f9aabf9.e3iSbxaKaheRe3qKcheMbNuKc41ynknvrkLOlQzNp65In0 HTTP/1.1" 200 2
201.245.192.253 - - [24/Jan/2024:01:48:42 -0500] "POST /kwsrmcab/Wsrmcab  HTTP/1.1" 200 35641
17.241.219.119 - - [24/Jan/2024:01:49:08 -0500] "GET /secretaria-de-ambiente-instalo-la-primera-etiqueta-vehicular-ambiental-eva-en-un-auto-particular-de-bogota.html HTTP/1.1" 200 945
186.102.52.211 - - [24/Jan/2024:01:49:24 -0500] "GET /kwssiamovil/sm/acme/a?s=U2FsdGVkX1/zcTB+ircDECIUZNs/njWgGBZL4caTs4rhJZDxPpnJY8bTImsY2LHsQ3k+rZv9wgRrtD7T3cuoRDUDhjDs/9OusOwYDL5tmvqIz/lK6ZPaaIzd2FXtop2de3N8GXLfU4IJzYM1uONNslw9ZKJIHwRMN+Q1LG56krsqlFVutedpmSfvoo4tX7QNIWoZTCi03CulrDjB2nktucS7MmSgJIBqSVQ9U7f62yBkMZGcTmeav3q4m/uGoZqVFUpxyJqNqIgAwLgQIJ1KHA==&u=U2FsdGVkX1/hXrrbIf3bhemfjLT+tu6g7kOVaS1f896zk9QzgRcE68CVxa2EuMmT&y=U2FsdGVkX1/C374OLntoBOhpJ0mqtk5EZ398Alfdb2f7YK95d9GGhKUa5XrPFbhM HTTP/1.1" 200 26
186.102.52.211 - - [24/Jan/2024:01:49:25 -0500] "GET /kwssiamovil/sm/acme/a?s=U2FsdGVkX18dvZzD8V3HJBQPGMFiS23Hg3Eskj42FN6Mbr7e9bOdixi9LjwJAhwYmPieCc2zLmprYYn9v8LXFXcl0osRsZ/2Gt+5H8z0R5wtHKbKZDNWit4XU31NNnkNtkoqcKgHF5722Rf5Gtu115930fvrbfBOgFHMFp9afIH57emS51LuWHHkrxzn6l5BoF9fsurXufoqyJhi6Qtd5lmqhwpDVim5659zbVCZvifx+cNZBMnlH4iA9pEch999HaUgvmLQEb0ukJSvKT4KLO+17HjJjfs7IPrRG9DUsQqKXK55Fqmcc1vv9MMpOEYfFNpkBTVovTypWUK8aLMaHo+4Ulbgj2njSAQv3OSFiUhsr4eXN9riUqYtGD9YsfFN/rFYlmNc3veJG0TlzC0V3YkmkjnhoaN6I9u84Xy9N+lH59X23P88+fm6oTsq8EKOWQr+nABiyG8JbTUNpoYEm62ZZykNvWK5JpUckgm9GXP4KUvzeBLejRG6TULyes+JiQdN6NdeT5qWMuTCwUreyRwYYUUQ6ly4H4jlzN+tXDDDCfl2a2x4QGMddrvXSt2onH/r+RizWgDuVAjcNcCi+oAZczukttfq5Pfp0csZ+I9+Fh01HGc5Y3OPabXbycUP/HSp+HBzk1KLYoCdJBXG4kCRt64OiDpeeY4k7L83J00Q4xeFYBO5sLiI/rtX2QZ6DSbZcGG5H5cgD9Ee2GV4yidXbdFBd8tWpcd3y1LJLyOv0sSCpj07xmm25IDYu1yLkDMD+oEz42m4mbkpPlw9WGvJHMNPqKwoepV/GkTEHU7L53sQJ439J0zfcrHqZZMJPwDPy7P6sHSMv3M0TyORn3zLqs4fjzkudCFAbSgWCDw5u0DxdGVfv9N40sPEZr+QgLZ5Nlj8SLe5QWVUC1411g9CLRLFLZ4Xc+d9VmtTICuc/xlfg/sCYhVU8D2GFk6gncAnyv2hA7WYXJkXRIHWN3EZx5/EA6hAwhptA2lFA+XUQMV6wqNDR/+NEpXiwq1MMkaUbHAGV1ipUR/0W1QDjfflCnXSxaj0yiSqdnU+RMNrvWMQzFAxsPH7R236c+tjTjAxwPvuq2oSyGGNT2SjNruRgD9inrjJ7pEa4K2Rw4hF+YthseFUtIfvpSnPL33Uq8WprBazWp/249MfJmd5JKyXYQowTFgJPF+Pj8pwUXhx0UMAGTLI+LDDrvKm+AJTwiO41gITVk9WsryUZgbf32Vqei7WKx4GBtPBxXoLGa2+8duZ949RcEE+qBFfM0+LY5rXcq6coSQh36poLpm2qPE1p8cSzsjSn9O/XbR+DozHuUhZkgwxxgTjLYoNSdVHHxrE9wS9qgRFRmauRqIzVS6I5BB9A3i36iFODFfGyiviL6x+OzbwRxl4phj9hUxGE32PKfwbLbvR5mk81u0O1XRoG46dHCkmiHIHM49z9x8SjYpBhUZrOslayZdScoqom6RUR3x04ac7gBlrxRvGFP+fwNYVLENjqYzO2YDn4jf6UfSuqB3Vc0HNV0c5/gPjsv5Tgb9AwTBRVx9V5WP+WyBTOaLvKECs1CozTuNvoFJdjPO/SEn7yUuip0R2fNzqSDdWF5tL6jAlPLEWwwvX4aMbHKniqxy1FiDKuOQAkKq4Sy22TYASKfrSJLYt1SgHsJMuD+IdWLZreIpV3st1dWUhApMhRGhylo+3QEhheriDHQZ5Voll6fRUmFCREf374d1t2c/N/nlEUq708+FyP9X1TKrK7OhMhUctxI7B2dR/J8MMPaPawCt4u9FCsXklRchx2wuLzeTxIeDPkxNThSFZIi06xxgZtFGDxyrlbr8TaoVHoOWcvFPbSZneWwAVl1xhLhAGSVtH5d2tmuWkIh/Wz4H9Qr+2e5EJthgRRFjB/CZN9Az92g+XYaSxT4Omw+NmeF9tgoC+j1kl43WlhHkraXw39H59ZlY6uR8xq/VMk7ZXzUk+QRNsxETT+uW6F7F969IwtDEHVCkDJbxSrsDy2A1bmskGpA1SFILvaOwsSLbzHRDIIhrr0DKjsJ7eZj03ZPXimLy6x6FDyBOh90DDIk8KM9w2Dpw4/vBQ72NPaPShlah1CJxfAY3fD/DkkmNljYLaiK6HlhWbzKEVsZBvfeRHcmK7NXjOqC6rMED9StbREkspeLtpdGTfxAAYHuEQrmcI8ckFCix12jPgsTCy5S2ScBvNIH0slJm5Gq6XaDorHDpcRGRzqj8/12Bemz6+Dk2Qe3eyjCKZB3vg43trsWycTCRs5jSyN0LZUula4sgDLqTht5/7yO7a9yvtCzef4pY3/iHCGiwI74FB59x8j5Pv3bLzSYWmJ16XyWIhG1dqSN8i27Uzm21vIjiJB0+TwFMxSRn6rXwrQu6/NCBOHC9Mz9eYp5nZB4QPNvpePduQHYt9Ce9hlZpAX4MOBE6yJHF8UXb+b77glca8hHMjshRem3dLcFV5c8g4+2m9GQHkGGxBYlOvlPiXriYq9VB1zKbJG7bk9iz65OIOyOBd53x04+ii/HqeNjo6gUrXpROoLQrS5rHvtza4edBg9KIGRmXSetFYq/vR/AsPrZr/dMVaNmi1iDMGhrpTPx/E0bAOgaKa2Jo4PmzHaBMqR0qI8gsQm7yo0+uw1Tfs69++mxB8r0i5oCiNzcItT2I=&u=U2FsdGVkX1/hXrrbIf3bhemfjLT+tu6g7kOVaS1f896zk9QzgRcE68CVxa2EuMmT&y=U2FsdGVkX1/C374OLntoBOhpJ0mqtk5EZ398Alfdb2f7YK95d9GGhKUa5XrPFbhM HTTP/1.1" 200 26
186.102.52.211 - - [24/Jan/2024:01:49:25 -0500] "GET /kwssiamovil/sm/acme/a?s=U2FsdGVkX19uFvo1y3Dsoalk2YYnOhnn5npgbJwTdpUYJBYWZF4tVVuJF+vwaManGOd58sQUng+ej85sSXjQQknH7uCtZgLPgeVkD5bsTkz8iW/5xLUaCiCzgtDnJEFbw0efN4zOV7f5tY+aZWIKSqEO6/5S8ZAN47cc8y4SQfc=&u=U2FsdGVkX1/hXrrbIf3bhemfjLT+tu6g7kOVaS1f896zk9QzgRcE68CVxa2EuMmT&y=U2FsdGVkX1/C374OLntoBOhpJ0mqtk5EZ398Alfdb2f7YK95d9GGhKUa5XrPFbhM HTTP/1.1" 200 26
186.102.52.211 - - [24/Jan/2024:01:49:25 -0500] "GET /kwssiamovil/sm/acme/a?s=U2FsdGVkX188iSmdnKA8V1IB1DNRt4TLu/tEzBxfcCUyx1GcIFWmYn4qcjN2/aRWlSeb+QBm4L9UYS9akvEbZZefXRn/ufzqIP6GdDktn68lNAR4W7ma4ieR/nBrcf4/eubbHbutC82PKxNRoMfVBrCfw1/X+3WfGoIqyrdoSZY=&u=U2FsdGVkX1/hXrrbIf3bhemfjLT+tu6g7kOVaS1f896zk9QzgRcE68CVxa2EuMmT&y=U2FsdGVkX1/C374OLntoBOhpJ0mqtk5EZ398Alfdb2f7YK95d9GGhKUa5XrPFbhM HTTP/1.1" 200 26
186.102.52.211 - - [24/Jan/2024:01:49:26 -0500] "GET /kwssiamovil/sm/acme/a?s=U2FsdGVkX1/pOkWGrIwEttbqd0EHJQLO0oAoltPLhh/X/7LLfNr48vLpPj5rKlqiOMyRCuAjOvhXoCJFHTdrtrFVSXVwI+pO7p4REQk8TyklV/BlwoLrOGrERN4RB7oHh8hzvN8bSLUl3ePTUqKLSeY0fUa/zEz44QbLn3MbcT0=&u=U2FsdGVkX1/hXrrbIf3bhemfjLT+tu6g7kOVaS1f896zk9QzgRcE68CVxa2EuMmT&y=U2FsdGVkX1/C374OLntoBOhpJ0mqtk5EZ398Alfdb2f7YK95d9GGhKUa5XrPFbhM HTTP/1.1" 200 26
186.102.52.211 - - [24/Jan/2024:01:49:26 -0500] "GET /kwssiamovil/sm/acme/a?s=U2FsdGVkX19YsTi+Bn2Mw/aHbcAnhSQrJZ7YHJpKzqQT0mAw0gxN0/ohMx6FFotYXZizYbUwUcZg3Q7Atr87u7NsuPZwtyyJwTtRCXBh745r3REXOCzMOoryG2hTSMl2Au7idAKJTB0n9qpQeDj6AfAD11Q6h6Pd4EpQRv4tvPaTcqwVJYL10i2b1OkcMP60z3ehN0dL8DEGUt3XCW+D+g==&u=U2FsdGVkX1/hXrrbIf3bhemfjLT+tu6g7kOVaS1f896zk9QzgRcE68CVxa2EuMmT&y=U2FsdGVkX1/C374OLntoBOhpJ0mqtk5EZ398Alfdb2f7YK95d9GGhKUa5XrPFbhM HTTP/1.1" 200 26
201.245.192.253 - - [24/Jan/2024:01:50:05 -0500] "POST /forms/lservlet;jsessionid=ac16012b30d697d92ed5975547868a58de8c0e1951cb.e3iSbxaKaheRe3qKcheMbNuKc41ynknvrkLOlQzNp65In0 HTTP/1.1" 200 2
201.245.192.253 - - [24/Jan/2024:01:50:26 -0500] "POST /forms/lservlet;jsessionid=ac16012b30d688c112503e764ab094a2fa9a0f9aabf9.e3iSbxaKaheRe3qKcheMbNuKc41ynknvrkLOlQzNp65In0 HTTP/1.1" 200 2
216.245.221.92 - - [24/Jan/2024:01:51:16 -0500] "HEAD / HTTP/1.1" 200 -
201.245.192.253 - - [24/Jan/2024:01:52:05 -0500] "POST /forms/lservlet;jsessionid=ac16012b30d697d92ed5975547868a58de8c0e1951cb.e3iSbxaKaheRe3qKcheMbNuKc41ynknvrkLOlQzNp65In0 HTTP/1.1" 200 2
201.245.192.253 - - [24/Jan/2024:01:52:26 -0500] "POST /forms/lservlet;jsessionid=ac16012b30d688c112503e764ab094a2fa9a0f9aabf9.e3iSbxaKaheRe3qKcheMbNuKc41ynknvrkLOlQzNp65In0 HTTP/1.1" 200 2
172.22.2.4 - - [24/Jan/2024:01:50:48 -0500] "HEAD /BLA/boletinlegal/ HTTP/1.1" 200 -
172.22.2.4 - - [24/Jan/2024:01:51:38 -0500] "GET /BLA/boletinlegal/ HTTP/1.1" 200 58666
172.22.2.4 - - [24/Jan/2024:01:53:19 -0500] "GET /BLA/boletinlegal/ HTTP/1.1" 200 20427
201.245.192.253 - - [24/Jan/2024:01:53:41 -0500] "POST /kwsrmcab/Wsrmcab  HTTP/1.1" 200 35641
66.249.66.19 - - [24/Jan/2024:01:53:45 -0500] "GET /BLA/resoluciones/RESOLUCIONES%202001/RESOLUCION%20311%20DE%202001.pdf HTTP/1.1" 200 398777
201.245.192.253 - - [24/Jan/2024:01:54:05 -0500] "POST /forms/lservlet;jsessionid=ac16012b30d697d92ed5975547868a58de8c0e1951cb.e3iSbxaKaheRe3qKcheMbNuKc41ynknvrkLOlQzNp65In0 HTTP/1.1" 200 2
201.245.192.253 - - [24/Jan/2024:01:54:26 -0500] "POST /forms/lservlet;jsessionid=ac16012b30d688c112503e764ab094a2fa9a0f9aabf9.e3iSbxaKaheRe3qKcheMbNuKc41ynknvrkLOlQzNp65In0 HTTP/1.1" 200 2
201.245.192.253 - - [24/Jan/2024:01:56:05 -0500] "POST /forms/lservlet;jsessionid=ac16012b30d697d92ed5975547868a58de8c0e1951cb.e3iSbxaKaheRe3qKcheMbNuKc41ynknvrkLOlQzNp65In0 HTTP/1.1" 200 2
216.245.221.92 - - [24/Jan/2024:01:56:16 -0500] "HEAD / HTTP/1.1" 200 -
201.245.192.253 - - [24/Jan/2024:01:56:26 -0500] "POST /forms/lservlet;jsessionid=ac16012b30d688c112503e764ab094a2fa9a0f9aabf9.e3iSbxaKaheRe3qKcheMbNuKc41ynknvrkLOlQzNp65In0 HTTP/1.1" 200 2
66.249.66.21 - - [24/Jan/2024:01:57:18 -0500] "GET /BLA/resoluciones/RESOLUCIONES%202008/3098.pdf HTTP/1.1" 200 469849
201.245.192.253 - - [24/Jan/2024:01:58:05 -0500] "POST /forms/lservlet;jsessionid=ac16012b30d697d92ed5975547868a58de8c0e1951cb.e3iSbxaKaheRe3qKcheMbNuKc41ynknvrkLOlQzNp65In0 HTTP/1.1" 200 2
172.22.2.4 - - [24/Jan/2024:01:56:38 -0500] "HEAD /BLA/boletinlegal/ HTTP/1.1" 200 -
201.245.192.253 - - [24/Jan/2024:01:58:26 -0500] "POST /forms/lservlet;jsessionid=ac16012b30d688c112503e764ab094a2fa9a0f9aabf9.e3iSbxaKaheRe3qKcheMbNuKc41ynknvrkLOlQzNp65In0 HTTP/1.1" 200 2
201.245.192.253 - - [24/Jan/2024:01:58:39 -0500] "POST /kwsrmcab/Wsrmcab  HTTP/1.1" 200 35641
66.249.66.19 - - [24/Jan/2024:01:58:46 -0500] "GET /BLA/resoluciones/AUTOS%202014/1118.pdf HTTP/1.1" 200 385887
172.22.2.4 - - [24/Jan/2024:01:57:28 -0500] "GET /BLA/boletinlegal/ HTTP/1.1" 200 58666
69.171.249.8 - - [24/Jan/2024:01:59:17 -0500] "GET /images/Caminatas%20(1)%20(2).jpeg HTTP/1.1" 200 81411
69.171.249.1 - - [24/Jan/2024:01:59:25 -0500] "GET /images/terrazas%20verdes.jpg HTTP/1.1" 200 63951
69.171.249.3 - - [24/Jan/2024:01:59:25 -0500] "GET /images/arbol%20centro.jpg HTTP/1.1" 200 69467
69.171.249.117 - - [24/Jan/2024:01:59:25 -0500] "GET /images/Aves%20SDA.jpeg HTTP/1.1" 200 75104
69.171.249.118 - - [24/Jan/2024:01:59:25 -0500] "GET /images/Musgo%2017%20-%2012%20-%202023.jpeg HTTP/1.1" 200 66238
69.171.249.9 - - [24/Jan/2024:01:59:25 -0500] "GET /images/participacion%2019-12-23.jpg HTTP/1.1" 200 73861
69.171.249.5 - - [24/Jan/2024:01:59:25 -0500] "GET /images/PREAD%20SDA%201.jpeg HTTP/1.1" 200 65620
69.171.249.9 - - [24/Jan/2024:01:59:25 -0500] "GET /images/reconocimiento%20practicas%20ambientales.jpg HTTP/1.1" 200 63397
69.171.249.119 - - [24/Jan/2024:01:59:25 -0500] "GET /images/agua%20bogota.jpg HTTP/1.1" 200 74348
201.245.192.253 - - [24/Jan/2024:02:00:05 -0500] "POST /forms/lservlet;jsessionid=ac16012b30d697d92ed5975547868a58de8c0e1951cb.e3iSbxaKaheRe3qKcheMbNuKc41ynknvrkLOlQzNp65In0 HTTP/1.1" 200 2
201.245.192.253 - - [24/Jan/2024:02:00:26 -0500] "POST /forms/lservlet;jsessionid=ac16012b30d688c112503e764ab094a2fa9a0f9aabf9.e3iSbxaKaheRe3qKcheMbNuKc41ynknvrkLOlQzNp65In0 HTTP/1.1" 200 2
216.245.221.92 - - [24/Jan/2024:02:01:16 -0500] "HEAD / HTTP/1.1" 200 -
94.156.67.16 - - [24/Jan/2024:02:01:34 -0500] "GET /muieblackcat HTTP/1.1" 404 1018
94.156.67.16 - - [24/Jan/2024:02:01:34 -0500] "GET //phpMyAdmin/scripts/setup.php HTTP/1.1" 403 1165
94.156.67.16 - - [24/Jan/2024:02:01:34 -0500] "GET //phpmyadmin/scripts/setup.php HTTP/1.1" 403 1165
94.156.67.16 - - [24/Jan/2024:02:01:35 -0500] "GET //pma/scripts/setup.php HTTP/1.1" 404 1018
94.156.67.16 - - [24/Jan/2024:02:01:35 -0500] "GET //myadmin/scripts/setup.php HTTP/1.1" 404 1018
94.156.67.16 - - [24/Jan/2024:02:01:35 -0500] "GET //MyAdmin/scripts/setup.php HTTP/1.1" 404 1018
201.245.192.253 - - [24/Jan/2024:02:02:05 -0500] "POST /forms/lservlet;jsessionid=ac16012b30d697d92ed5975547868a58de8c0e1951cb.e3iSbxaKaheRe3qKcheMbNuKc41ynknvrkLOlQzNp65In0 HTTP/1.1" 200 2
201.245.192.253 - - [24/Jan/2024:02:02:26 -0500] "POST /forms/lservlet;jsessionid=ac16012b30d688c112503e764ab094a2fa9a0f9aabf9.e3iSbxaKaheRe3qKcheMbNuKc41ynknvrkLOlQzNp65In0 HTTP/1.1" 200 2
201.245.192.253 - - [24/Jan/2024:02:03:38 -0500] "POST /kwsrmcab/Wsrmcab  HTTP/1.1" 200 35641
66.249.66.19 - - [24/Jan/2024:02:03:47 -0500] "GET /BLA/resoluciones/RESOLUCIONES%202010/5564.pdf HTTP/1.1" 200 506010
201.245.192.253 - - [24/Jan/2024:02:04:05 -0500] "POST /forms/lservlet;jsessionid=ac16012b30d697d92ed5975547868a58de8c0e1951cb.e3iSbxaKaheRe3qKcheMbNuKc41ynknvrkLOlQzNp65In0 HTTP/1.1" 200 2
172.22.2.4 - - [24/Jan/2024:02:02:28 -0500] "HEAD /BLA/boletinlegal/ HTTP/1.1" 200 -
207.46.13.155 - - [24/Jan/2024:02:04:08 -0500] "GET /portaldeninos/author/karen-rojas/ HTTP/1.1" 200 90295
201.245.192.253 - - [24/Jan/2024:02:04:26 -0500] "POST /forms/lservlet;jsessionid=ac16012b30d688c112503e764ab094a2fa9a0f9aabf9.e3iSbxaKaheRe3qKcheMbNuKc41ynknvrkLOlQzNp65In0 HTTP/1.1" 200 2
172.22.2.4 - - [24/Jan/2024:02:03:18 -0500] "GET /BLA/boletinlegal/ HTTP/1.1" 200 58166
52.167.144.233 - - [24/Jan/2024:02:05:08 -0500] "GET /portaldeninos/2021/05/08/2032/ HTTP/1.1" 200 106197
52.167.144.233 - - [24/Jan/2024:02:05:09 -0500] "GET /portaldeninos/humedal-la-vaca-2/ HTTP/1.1" 200 87837
52.167.144.233 - - [24/Jan/2024:02:05:28 -0500] "GET /portaldeninos/tag/fauna/ HTTP/1.1" 200 92872
52.167.144.216 - - [24/Jan/2024:02:05:33 -0500] "GET /portaldeninos/2021/06/11/festival-de-la-colombiodiversidad-resalta-la-importancia-de-la-tingua-en-su-paso-migratorio-por-bogota-2/feed/ HTTP/1.1" 200 1272
201.245.192.253 - - [24/Jan/2024:02:06:05 -0500] "POST /forms/lservlet;jsessionid=ac16012b30d697d92ed5975547868a58de8c0e1951cb.e3iSbxaKaheRe3qKcheMbNuKc41ynknvrkLOlQzNp65In0 HTTP/1.1" 200 2
216.245.221.92 - - [24/Jan/2024:02:06:16 -0500] "HEAD / HTTP/1.1" 200 -
201.245.192.253 - - [24/Jan/2024:02:06:26 -0500] "POST /forms/lservlet;jsessionid=ac16012b30d688c112503e764ab094a2fa9a0f9aabf9.e3iSbxaKaheRe3qKcheMbNuKc41ynknvrkLOlQzNp65In0 HTTP/1.1" 200 2
201.245.192.253 - - [24/Jan/2024:02:08:05 -0500] "POST /forms/lservlet;jsessionid=ac16012b30d697d92ed5975547868a58de8c0e1951cb.e3iSbxaKaheRe3qKcheMbNuKc41ynknvrkLOlQzNp65In0 HTTP/1.1" 200 2
201.245.192.253 - - [24/Jan/2024:02:08:26 -0500] "POST /forms/lservlet;jsessionid=ac16012b30d688c112503e764ab094a2fa9a0f9aabf9.e3iSbxaKaheRe3qKcheMbNuKc41ynknvrkLOlQzNp65In0 HTTP/1.1" 200 2
201.245.192.253 - - [24/Jan/2024:02:08:37 -0500] "POST /kwsrmcab/Wsrmcab  HTTP/1.1" 200 35641
66.249.66.21 - - [24/Jan/2024:02:08:55 -0500] "GET /BLA/resoluciones/RESOLUCIONES%202009/3792.pdf HTTP/1.1" 200 435294
172.22.2.4 - - [24/Jan/2024:02:08:18 -0500] "HEAD /BLA/boletinlegal/ HTTP/1.1" 200 -
201.245.192.253 - - [24/Jan/2024:02:10:05 -0500] "POST /forms/lservlet;jsessionid=ac16012b30d697d92ed5975547868a58de8c0e1951cb.e3iSbxaKaheRe3qKcheMbNuKc41ynknvrkLOlQzNp65In0 HTTP/1.1" 200 2
66.249.66.20 - - [24/Jan/2024:02:10:14 -0500] "GET /BLA/resoluciones/RESOLUCIONES%202008/3741.pdf HTTP/1.1" 200 222718
201.245.192.253 - - [24/Jan/2024:02:10:26 -0500] "POST /forms/lservlet;jsessionid=ac16012b30d688c112503e764ab094a2fa9a0f9aabf9.e3iSbxaKaheRe3qKcheMbNuKc41ynknvrkLOlQzNp65In0 HTTP/1.1" 200 2
66.249.66.19 - - [24/Jan/2024:02:10:26 -0500] "GET /BLA/resoluciones/RESOLUCIONES%202009/8666.pdf HTTP/1.1" 200 582726
172.22.2.4 - - [24/Jan/2024:02:10:03 -0500] "GET /BLA/boletinlegal/ HTTP/1.1" 200 32715
172.22.2.4 - - [24/Jan/2024:02:09:08 -0500] "GET /BLA/boletinlegal/ HTTP/1.1" 200 56972
216.245.221.92 - - [24/Jan/2024:02:11:16 -0500] "HEAD / HTTP/1.1" 200 -
52.70.240.171 - - [24/Jan/2024:02:11:31 -0500] "GET /sipse/faces/index.xhtml HTTP/1.1" 200 677
47.128.25.170 - - [24/Jan/2024:02:11:49 -0500] "GET /robots.txt HTTP/1.1" 404 1018
201.245.192.253 - - [24/Jan/2024:02:12:05 -0500] "POST /forms/lservlet;jsessionid=ac16012b30d697d92ed5975547868a58de8c0e1951cb.e3iSbxaKaheRe3qKcheMbNuKc41ynknvrkLOlQzNp65In0 HTTP/1.1" 200 2
201.245.192.253 - - [24/Jan/2024:02:12:26 -0500] "POST /forms/lservlet;jsessionid=ac16012b30d688c112503e764ab094a2fa9a0f9aabf9.e3iSbxaKaheRe3qKcheMbNuKc41ynknvrkLOlQzNp65In0 HTTP/1.1" 200 2
47.128.25.158 - - [24/Jan/2024:02:12:29 -0500] "GET /StormSDA/user.jnlp HTTP/1.1" 200 1420
17.241.219.132 - - [24/Jan/2024:02:12:38 -0500] "GET /bogota-cundinamarca-y-antioquia-comparten-experiencias-y-se-unen-para-monitorear-el-aire-en-sus-territorios.html HTTP/1.1" 200 931
201.245.192.253 - - [24/Jan/2024:02:13:36 -0500] "POST /kwsrmcab/Wsrmcab  HTTP/1.1" 200 35641
201.245.192.253 - - [24/Jan/2024:02:14:05 -0500] "POST /forms/lservlet;jsessionid=ac16012b30d697d92ed5975547868a58de8c0e1951cb.e3iSbxaKaheRe3qKcheMbNuKc41ynknvrkLOlQzNp65In0 HTTP/1.1" 200 2
201.245.192.253 - - [24/Jan/2024:02:14:26 -0500] "POST /forms/lservlet;jsessionid=ac16012b30d688c112503e764ab094a2fa9a0f9aabf9.e3iSbxaKaheRe3qKcheMbNuKc41ynknvrkLOlQzNp65In0 HTTP/1.1" 200 2
201.245.192.253 - - [24/Jan/2024:02:14:48 -0500] "POST /kwsrmcab/Wsrmcab HTTP/1.1" 200 36134
201.245.192.253 - - [24/Jan/2024:02:14:51 -0500] "POST /kwsrmcab/Wsrmcab HTTP/1.1" 200 36133
172.22.2.4 - - [24/Jan/2024:02:14:08 -0500] "HEAD /BLA/boletinlegal/ HTTP/1.1" 200 -
201.245.192.253 - - [24/Jan/2024:02:16:05 -0500] "POST /forms/lservlet;jsessionid=ac16012b30d697d92ed5975547868a58de8c0e1951cb.e3iSbxaKaheRe3qKcheMbNuKc41ynknvrkLOlQzNp65In0 HTTP/1.1" 200 2
216.245.221.92 - - [24/Jan/2024:02:16:16 -0500] "HEAD / HTTP/1.1" 200 -
201.245.192.253 - - [24/Jan/2024:02:16:26 -0500] "POST /forms/lservlet;jsessionid=ac16012b30d688c112503e764ab094a2fa9a0f9aabf9.e3iSbxaKaheRe3qKcheMbNuKc41ynknvrkLOlQzNp65In0 HTTP/1.1" 200 2
172.22.2.4 - - [24/Jan/2024:02:14:58 -0500] "GET /BLA/boletinlegal/ HTTP/1.1" 200 60529
201.245.192.253 - - [24/Jan/2024:02:18:05 -0500] "POST /forms/lservlet;jsessionid=ac16012b30d697d92ed5975547868a58de8c0e1951cb.e3iSbxaKaheRe3qKcheMbNuKc41ynknvrkLOlQzNp65In0 HTTP/1.1" 200 2
201.245.192.253 - - [24/Jan/2024:02:18:26 -0500] "POST /forms/lservlet;jsessionid=ac16012b30d688c112503e764ab094a2fa9a0f9aabf9.e3iSbxaKaheRe3qKcheMbNuKc41ynknvrkLOlQzNp65In0 HTTP/1.1" 200 2
201.245.192.253 - - [24/Jan/2024:02:18:35 -0500] "POST /kwsrmcab/Wsrmcab  HTTP/1.1" 200 35641
201.245.192.253 - - [24/Jan/2024:02:19:17 -0500] "POST /kwsrmcab/Wsrmcab HTTP/1.1" 200 35514
201.245.192.253 - - [24/Jan/2024:02:20:05 -0500] "POST /forms/lservlet;jsessionid=ac16012b30d697d92ed5975547868a58de8c0e1951cb.e3iSbxaKaheRe3qKcheMbNuKc41ynknvrkLOlQzNp65In0 HTTP/1.1" 200 2
201.245.192.253 - - [24/Jan/2024:02:20:16 -0500] "POST /kwsrmcab/Wsrmcab HTTP/1.1" 200 36133
201.245.192.253 - - [24/Jan/2024:02:20:26 -0500] "POST /forms/lservlet;jsessionid=ac16012b30d688c112503e764ab094a2fa9a0f9aabf9.e3iSbxaKaheRe3qKcheMbNuKc41ynknvrkLOlQzNp65In0 HTTP/1.1" 200 2
114.119.142.131 - - [24/Jan/2024:02:20:43 -0500] "GET /BLA/resoluciones/index.php?dir=AUTOS%2B1997/&sort=size&order=desc HTTP/1.1" 200 14290
216.245.221.92 - - [24/Jan/2024:02:21:16 -0500] "HEAD / HTTP/1.1" 200 -
172.22.2.4 - - [24/Jan/2024:02:19:57 -0500] "HEAD /BLA/boletinlegal/ HTTP/1.1" 200 -
201.245.192.253 - - [24/Jan/2024:02:22:05 -0500] "POST /forms/lservlet;jsessionid=ac16012b30d697d92ed5975547868a58de8c0e1951cb.e3iSbxaKaheRe3qKcheMbNuKc41ynknvrkLOlQzNp65In0 HTTP/1.1" 200 2
201.245.192.253 - - [24/Jan/2024:02:22:26 -0500] "POST /forms/lservlet;jsessionid=ac16012b30d688c112503e764ab094a2fa9a0f9aabf9.e3iSbxaKaheRe3qKcheMbNuKc41ynknvrkLOlQzNp65In0 HTTP/1.1" 200 2
172.22.2.4 - - [24/Jan/2024:02:20:48 -0500] "GET /BLA/boletinlegal/ HTTP/1.1" 200 58166
40.77.167.235 - - [24/Jan/2024:02:23:08 -0500] "GET /BLA/resoluciones/AUTOS%202021/1546.pdf HTTP/1.1" 304 -
201.245.192.253 - - [24/Jan/2024:02:23:33 -0500] "POST /kwsrmcab/Wsrmcab  HTTP/1.1" 200 35641
52.167.144.140 - - [24/Jan/2024:02:24:00 -0500] "GET /BLA/resoluciones/AUTOS%202019/2674.pdf HTTP/1.1" 304 -
201.245.192.253 - - [24/Jan/2024:02:24:05 -0500] "POST /forms/lservlet;jsessionid=ac16012b30d697d92ed5975547868a58de8c0e1951cb.e3iSbxaKaheRe3qKcheMbNuKc41ynknvrkLOlQzNp65In0 HTTP/1.1" 200 2
201.245.192.253 - - [24/Jan/2024:02:24:26 -0500] "POST /forms/lservlet;jsessionid=ac16012b30d688c112503e764ab094a2fa9a0f9aabf9.e3iSbxaKaheRe3qKcheMbNuKc41ynknvrkLOlQzNp65In0 HTTP/1.1" 200 2
173.252.107.116 - - [24/Jan/2024:02:24:29 -0500] "GET /calidad-del-aire-de-bogota-empieza-a-deteriorarse-producto-de-incendios-forestales.html HTTP/1.1" 206 741
173.252.107.7 - - [24/Jan/2024:02:24:30 -0500] "GET /calidad-del-aire-de-bogota-empieza-a-deteriorarse-producto-de-incendios-forestales.html HTTP/1.1" 200 741
173.252.107.1 - - [24/Jan/2024:02:24:30 -0500] "GET /calidad-del-aire-de-bogota-empieza-a-deteriorarse-producto-de-incendios-forestales.html HTTP/1.1" 200 741
201.245.192.253 - - [24/Jan/2024:02:24:48 -0500] "POST /kwsrmcab/Wsrmcab HTTP/1.1" 200 36134
201.245.192.253 - - [24/Jan/2024:02:24:51 -0500] "POST /kwsrmcab/Wsrmcab HTTP/1.1" 200 36133
201.245.192.253 - - [24/Jan/2024:02:26:05 -0500] "POST /forms/lservlet;jsessionid=ac16012b30d697d92ed5975547868a58de8c0e1951cb.e3iSbxaKaheRe3qKcheMbNuKc41ynknvrkLOlQzNp65In0 HTTP/1.1" 200 2
216.245.221.92 - - [24/Jan/2024:02:26:16 -0500] "HEAD / HTTP/1.1" 200 -
201.245.192.253 - - [24/Jan/2024:02:26:26 -0500] "POST /forms/lservlet;jsessionid=ac16012b30d688c112503e764ab094a2fa9a0f9aabf9.e3iSbxaKaheRe3qKcheMbNuKc41ynknvrkLOlQzNp65In0 HTTP/1.1" 200 2
172.22.2.4 - - [24/Jan/2024:02:25:48 -0500] "HEAD /BLA/boletinlegal/ HTTP/1.1" 200 -
201.245.192.253 - - [24/Jan/2024:02:28:05 -0500] "POST /forms/lservlet;jsessionid=ac16012b30d697d92ed5975547868a58de8c0e1951cb.e3iSbxaKaheRe3qKcheMbNuKc41ynknvrkLOlQzNp65In0 HTTP/1.1" 200 2
172.22.2.4 - - [24/Jan/2024:02:26:38 -0500] "GET /BLA/boletinlegal/ HTTP/1.1" 200 60996
201.245.192.253 - - [24/Jan/2024:02:28:26 -0500] "POST /forms/lservlet;jsessionid=ac16012b30d688c112503e764ab094a2fa9a0f9aabf9.e3iSbxaKaheRe3qKcheMbNuKc41ynknvrkLOlQzNp65In0 HTTP/1.1" 200 2
201.245.192.253 - - [24/Jan/2024:02:28:31 -0500] "POST /kwsrmcab/Wsrmcab  HTTP/1.1" 200 35641
201.245.192.253 - - [24/Jan/2024:02:29:17 -0500] "POST /kwsrmcab/Wsrmcab HTTP/1.1" 200 35514
201.245.192.253 - - [24/Jan/2024:02:30:05 -0500] "POST /forms/lservlet;jsessionid=ac16012b30d697d92ed5975547868a58de8c0e1951cb.e3iSbxaKaheRe3qKcheMbNuKc41ynknvrkLOlQzNp65In0 HTTP/1.1" 200 2
201.245.192.253 - - [24/Jan/2024:02:30:06 -0500] "POST /kwsrmcab/Wsrmcab HTTP/1.1" 200 36133
201.245.192.253 - - [24/Jan/2024:02:30:26 -0500] "POST /forms/lservlet;jsessionid=ac16012b30d688c112503e764ab094a2fa9a0f9aabf9.e3iSbxaKaheRe3qKcheMbNuKc41ynknvrkLOlQzNp65In0 HTTP/1.1" 200 2
216.245.221.92 - - [24/Jan/2024:02:31:16 -0500] "HEAD / HTTP/1.1" 200 -
201.245.192.253 - - [24/Jan/2024:02:32:05 -0500] "POST /forms/lservlet;jsessionid=ac16012b30d697d92ed5975547868a58de8c0e1951cb.e3iSbxaKaheRe3qKcheMbNuKc41ynknvrkLOlQzNp65In0 HTTP/1.1" 200 2
201.245.192.253 - - [24/Jan/2024:02:32:26 -0500] "POST /forms/lservlet;jsessionid=ac16012b30d688c112503e764ab094a2fa9a0f9aabf9.e3iSbxaKaheRe3qKcheMbNuKc41ynknvrkLOlQzNp65In0 HTTP/1.1" 200 2
172.22.2.4 - - [24/Jan/2024:02:31:37 -0500] "HEAD /BLA/boletinlegal/ HTTP/1.1" 200 -
201.245.192.253 - - [24/Jan/2024:02:33:31 -0500] "POST /kwsrmcab/Wsrmcab  HTTP/1.1" 200 35641
201.245.192.253 - - [24/Jan/2024:02:34:05 -0500] "POST /forms/lservlet;jsessionid=ac16012b30d697d92ed5975547868a58de8c0e1951cb.e3iSbxaKaheRe3qKcheMbNuKc41ynknvrkLOlQzNp65In0 HTTP/1.1" 200 2
172.22.2.4 - - [24/Jan/2024:02:32:28 -0500] "GET /BLA/boletinlegal/ HTTP/1.1" 200 60996
201.245.192.253 - - [24/Jan/2024:02:34:26 -0500] "POST /forms/lservlet;jsessionid=ac16012b30d688c112503e764ab094a2fa9a0f9aabf9.e3iSbxaKaheRe3qKcheMbNuKc41ynknvrkLOlQzNp65In0 HTTP/1.1" 200 2
201.245.192.253 - - [24/Jan/2024:02:34:48 -0500] "POST /kwsrmcab/Wsrmcab HTTP/1.1" 200 36134
201.245.192.253 - - [24/Jan/2024:02:34:51 -0500] "POST /kwsrmcab/Wsrmcab HTTP/1.1" 200 36133
201.245.192.253 - - [24/Jan/2024:02:36:05 -0500] "POST /forms/lservlet;jsessionid=ac16012b30d697d92ed5975547868a58de8c0e1951cb.e3iSbxaKaheRe3qKcheMbNuKc41ynknvrkLOlQzNp65In0 HTTP/1.1" 200 2
216.245.221.92 - - [24/Jan/2024:02:36:16 -0500] "HEAD / HTTP/1.1" 200 -
201.245.192.253 - - [24/Jan/2024:02:36:26 -0500] "POST /forms/lservlet;jsessionid=ac16012b30d688c112503e764ab094a2fa9a0f9aabf9.e3iSbxaKaheRe3qKcheMbNuKc41ynknvrkLOlQzNp65In0 HTTP/1.1" 200 2
152.61.128.50 - - [24/Jan/2024:02:36:35 -0500] "GET /arcgis/services/Calidad_del_Agua_WQI/MapServer/WMSServer?request=GetCapabilities&service=WMS HTTP/1.1" 503 1020
152.61.128.50 - - [24/Jan/2024:02:36:36 -0500] "GET /arcgis/services/Calidad_del_Agua_WQI/MapServer/WMSServer?SERVICE=WMS&REQUEST=GetCapabilities HTTP/1.1" 503 1020
152.61.128.50 - - [24/Jan/2024:02:36:37 -0500] "GET /arcgis/services/Calidad_del_Agua_WQI/MapServer/WMSServer?WMTVER=1.0.0&REQUEST=capabilities HTTP/1.1" 503 1020
162.55.173.23 - - [24/Jan/2024:02:37:44 -0500] "GET / HTTP/1.1" 200 4720
201.245.192.253 - - [24/Jan/2024:02:38:05 -0500] "POST /forms/lservlet;jsessionid=ac16012b30d697d92ed5975547868a58de8c0e1951cb.e3iSbxaKaheRe3qKcheMbNuKc41ynknvrkLOlQzNp65In0 HTTP/1.1" 200 2
201.245.192.253 - - [24/Jan/2024:02:38:26 -0500] "POST /forms/lservlet;jsessionid=ac16012b30d688c112503e764ab094a2fa9a0f9aabf9.e3iSbxaKaheRe3qKcheMbNuKc41ynknvrkLOlQzNp65In0 HTTP/1.1" 200 2
201.245.192.253 - - [24/Jan/2024:02:38:29 -0500] "POST /kwsrmcab/Wsrmcab  HTTP/1.1" 200 35641
