156.59.198.136 - - [25/Jan/2024:03:28:28 -0500] "GET /BLA/resoluciones/RESOLUCIONES%202010/5801.pdf HTTP/1.0" 200 79050
137.184.217.189 - - [25/Jan/2024:03:28:35 -0500] "GET / HTTP/1.1" 200 319
216.245.221.92 - - [25/Jan/2024:03:28:41 -0500] "HEAD / HTTP/1.1" 200 -
156.59.198.135 - - [25/Jan/2024:03:28:52 -0500] "GET /BLA/resoluciones/RESOLUCIONES%202010/0456.pdf HTTP/1.0" 200 102764
201.245.192.253 - - [25/Jan/2024:03:29:12 -0500] "POST /kwsrmcab/Wsrmcab HTTP/1.1" 200 39095
156.59.198.136 - - [25/Jan/2024:03:29:18 -0500] "GET /BLA/resoluciones/RESOLUCIONES%202010/0853.pdf HTTP/1.0" 200 104112
156.59.198.136 - - [25/Jan/2024:03:29:42 -0500] "GET /BLA/resoluciones/RESOLUCIONES%202010/1075.pdf HTTP/1.0" 200 106544
201.245.192.253 - - [25/Jan/2024:03:30:00 -0500] "POST /kwsrmcab/Wsrmcab HTTP/1.1" 200 35829
156.59.198.135 - - [25/Jan/2024:03:30:08 -0500] "GET /BLA/resoluciones/RESOLUCIONES%202010/6590.pdf HTTP/1.0" 200 35790
156.59.198.135 - - [25/Jan/2024:03:30:32 -0500] "GET /BLA/resoluciones/RESOLUCIONES%202010/6296.pdf HTTP/1.0" 200 76063
5.255.231.136 - - [25/Jan/2024:03:30:36 -0500] "GET /robots.txt HTTP/1.1" 404 1018
5.255.231.87 - - [25/Jan/2024:03:30:36 -0500] "GET / HTTP/1.1" 200 319
156.59.198.136 - - [25/Jan/2024:03:30:55 -0500] "GET /BLA/resoluciones/RESOLUCIONES%202010/0932.pdf HTTP/1.0" 200 106808
186.98.72.13 - - [25/Jan/2024:03:31:06 -0500] "GET /sipse/faces/javax.faces.resource/theme.css?ln=primefaces-sipse HTTP/1.1" 304 -
186.98.72.13 - - [25/Jan/2024:03:31:06 -0500] "GET /sipse/faces/javax.faces.resource/layout/layout.css?ln=primefaces&v=4.0 HTTP/1.1" 304 -
186.98.72.13 - - [25/Jan/2024:03:31:06 -0500] "GET /sipse/faces/javax.faces.resource/primefaces.css?ln=primefaces&v=4.0 HTTP/1.1" 304 -
186.98.72.13 - - [25/Jan/2024:03:31:06 -0500] "GET /sipse/faces/javax.faces.resource/primefaces.js?ln=primefaces&v=4.0 HTTP/1.1" 304 -
186.98.72.13 - - [25/Jan/2024:03:31:06 -0500] "GET /sipse/faces/javax.faces.resource/jquery/jquery.js?ln=primefaces&v=4.0 HTTP/1.1" 304 -
186.98.72.13 - - [25/Jan/2024:03:31:06 -0500] "GET /sipse/faces/javax.faces.resource/jquery/jquery-plugins.js?ln=primefaces&v=4.0 HTTP/1.1" 304 -
186.98.72.13 - - [25/Jan/2024:03:31:06 -0500] "GET /sipse/faces/javax.faces.resource/layout/layout.js?ln=primefaces&v=4.0 HTTP/1.1" 304 -
186.98.72.13 - - [25/Jan/2024:03:31:05 -0500] "POST /sipse/faces/presentacion/financiero/solicitudProceso/consultarSolicitudProceso.xhtml HTTP/1.1" 200 184810
186.98.72.13 - - [25/Jan/2024:03:31:06 -0500] "GET /sipse/css/imagen/contrasena.png HTTP/1.1" 404 383
186.98.72.13 - - [25/Jan/2024:03:31:06 -0500] "GET /sipse/faces/javax.faces.resource/images/ui-icons_898989_256x240.png?ln=primefaces-aristo HTTP/1.1" 304 -
186.98.72.13 - - [25/Jan/2024:03:31:09 -0500] "GET /sipse/faces/javax.faces.resource/images/ui-bg_flat_0_2d5972_40x100.png?ln=primefaces-aristo HTTP/1.1" 304 -
186.98.72.13 - - [25/Jan/2024:03:31:09 -0500] "POST /sipse/faces/presentacion/financiero/solicitudProceso/consultarSolicitudProceso.xhtml HTTP/1.1" 200 62861
186.98.72.13 - - [25/Jan/2024:03:31:11 -0500] "GET /sipse/faces/javax.faces.resource/theme.css?ln=primefaces-sipse HTTP/1.1" 304 -
186.98.72.13 - - [25/Jan/2024:03:31:11 -0500] "GET /sipse/faces/javax.faces.resource/primefaces.css?ln=primefaces&v=4.0 HTTP/1.1" 304 -
186.98.72.13 - - [25/Jan/2024:03:31:11 -0500] "GET /sipse/faces/javax.faces.resource/layout/layout.css?ln=primefaces&v=4.0 HTTP/1.1" 304 -
186.98.72.13 - - [25/Jan/2024:03:31:11 -0500] "GET /sipse/faces/javax.faces.resource/jquery/jquery.js?ln=primefaces&v=4.0 HTTP/1.1" 304 -
186.98.72.13 - - [25/Jan/2024:03:31:11 -0500] "GET /sipse/faces/javax.faces.resource/jquery/jquery-plugins.js?ln=primefaces&v=4.0 HTTP/1.1" 304 -
186.98.72.13 - - [25/Jan/2024:03:31:11 -0500] "GET /sipse/faces/javax.faces.resource/primefaces.js?ln=primefaces&v=4.0 HTTP/1.1" 304 -
186.98.72.13 - - [25/Jan/2024:03:31:11 -0500] "GET /sipse/faces/javax.faces.resource/layout/layout.js?ln=primefaces&v=4.0 HTTP/1.1" 304 -
186.98.72.13 - - [25/Jan/2024:03:31:11 -0500] "GET /sipse/faces/javax.faces.resource/messages/messages.png?ln=primefaces&v=4.0 HTTP/1.1" 304 -
186.98.72.13 - - [25/Jan/2024:03:31:11 -0500] "POST /sipse/faces/presentacion/financiero/solicitudProceso/listarSolicitudProceso.xhtml HTTP/1.1" 200 1556
156.59.198.136 - - [25/Jan/2024:03:31:19 -0500] "GET /BLA/resoluciones/RESOLUCIONES%202010/0489.pdf HTTP/1.0" 200 109188
186.98.72.13 - - [25/Jan/2024:03:31:20 -0500] "POST /sipse/faces/presentacion/financiero/solicitudProceso/listarSolicitudProceso.xhtml HTTP/1.1" 200 2253
186.98.72.13 - - [25/Jan/2024:03:31:21 -0500] "POST /sipse/faces/presentacion/financiero/solicitudProceso/listarSolicitudProceso.xhtml HTTP/1.1" 200 38324
186.98.72.13 - - [25/Jan/2024:03:31:21 -0500] "GET /sipse/faces/javax.faces.resource/layout/layout.css?ln=primefaces&v=4.0 HTTP/1.1" 304 -
186.98.72.13 - - [25/Jan/2024:03:31:21 -0500] "GET /sipse/faces/javax.faces.resource/primefaces.css?ln=primefaces&v=4.0 HTTP/1.1" 304 -
186.98.72.13 - - [25/Jan/2024:03:31:21 -0500] "GET /sipse/faces/javax.faces.resource/theme.css?ln=primefaces-sipse HTTP/1.1" 304 -
186.98.72.13 - - [25/Jan/2024:03:31:21 -0500] "GET /sipse/faces/javax.faces.resource/jquery/jquery.js?ln=primefaces&v=4.0 HTTP/1.1" 304 -
186.98.72.13 - - [25/Jan/2024:03:31:22 -0500] "GET /sipse/faces/javax.faces.resource/jquery/jquery-plugins.js?ln=primefaces&v=4.0 HTTP/1.1" 304 -
186.98.72.13 - - [25/Jan/2024:03:31:22 -0500] "GET /sipse/faces/javax.faces.resource/primefaces.js?ln=primefaces&v=4.0 HTTP/1.1" 304 -
186.98.72.13 - - [25/Jan/2024:03:31:22 -0500] "GET /sipse/faces/javax.faces.resource/layout/layout.js?ln=primefaces&v=4.0 HTTP/1.1" 304 -
186.98.72.13 - - [25/Jan/2024:03:31:22 -0500] "POST /sipse/faces/presentacion/financiero/solicitudProceso/consultar.xhtml HTTP/1.1" 200 31741
186.98.72.13 - - [25/Jan/2024:03:31:28 -0500] "POST /sipse/faces/presentacion/financiero/solicitudProceso/consultar.xhtml HTTP/1.1" 200 12811
186.98.72.13 - - [25/Jan/2024:03:31:31 -0500] "POST /sipse/faces/presentacion/financiero/solicitudProceso/consultar.xhtml HTTP/1.1" 200 131107
186.98.72.13 - - [25/Jan/2024:03:31:32 -0500] "GET /sipse/faces/javax.faces.resource/theme.css?ln=primefaces-sipse HTTP/1.1" 304 -
186.98.72.13 - - [25/Jan/2024:03:31:32 -0500] "GET /sipse/faces/javax.faces.resource/layout/layout.css?ln=primefaces&v=4.0 HTTP/1.1" 304 -
186.98.72.13 - - [25/Jan/2024:03:31:32 -0500] "GET /sipse/faces/javax.faces.resource/primefaces.css?ln=primefaces&v=4.0 HTTP/1.1" 304 -
186.98.72.13 - - [25/Jan/2024:03:31:32 -0500] "GET /sipse/faces/javax.faces.resource/jquery/jquery.js?ln=primefaces&v=4.0 HTTP/1.1" 304 -
186.98.72.13 - - [25/Jan/2024:03:31:32 -0500] "GET /sipse/faces/javax.faces.resource/jquery/jquery-plugins.js?ln=primefaces&v=4.0 HTTP/1.1" 304 -
186.98.72.13 - - [25/Jan/2024:03:31:32 -0500] "GET /sipse/faces/javax.faces.resource/primefaces.js?ln=primefaces&v=4.0 HTTP/1.1" 304 -
186.98.72.13 - - [25/Jan/2024:03:31:32 -0500] "GET /sipse/faces/javax.faces.resource/layout/layout.js?ln=primefaces&v=4.0 HTTP/1.1" 304 -
201.245.192.253 - - [25/Jan/2024:03:31:41 -0500] "POST /kwsrmcab/Wsrmcab  HTTP/1.1" 200 35641
156.59.198.135 - - [25/Jan/2024:03:31:45 -0500] "GET /BLA/resoluciones/RESOLUCIONES%202010/1318.pdf HTTP/1.0" 200 110998
186.98.72.13 - - [25/Jan/2024:03:32:04 -0500] "GET /sipse/faces/javax.faces.resource/theme.css?ln=primefaces-sipse HTTP/1.1" 304 -
186.98.72.13 - - [25/Jan/2024:03:32:04 -0500] "GET /sipse/faces/javax.faces.resource/primefaces.css?ln=primefaces&v=4.0 HTTP/1.1" 304 -
186.98.72.13 - - [25/Jan/2024:03:32:04 -0500] "POST /sipse/faces/presentacion/financiero/solicitudProceso/consultarSolicitudProceso.xhtml HTTP/1.1" 200 44840
186.98.72.13 - - [25/Jan/2024:03:32:04 -0500] "GET /sipse/faces/javax.faces.resource/layout/layout.css?ln=primefaces&v=4.0 HTTP/1.1" 304 -
186.98.72.13 - - [25/Jan/2024:03:32:04 -0500] "GET /sipse/faces/javax.faces.resource/jquery/jquery.js?ln=primefaces&v=4.0 HTTP/1.1" 304 -
186.98.72.13 - - [25/Jan/2024:03:32:04 -0500] "GET /sipse/faces/javax.faces.resource/primefaces.js?ln=primefaces&v=4.0 HTTP/1.1" 304 -
186.98.72.13 - - [25/Jan/2024:03:32:04 -0500] "GET /sipse/faces/javax.faces.resource/jquery/jquery-plugins.js?ln=primefaces&v=4.0 HTTP/1.1" 304 -
186.98.72.13 - - [25/Jan/2024:03:32:04 -0500] "GET /sipse/faces/javax.faces.resource/layout/layout.js?ln=primefaces&v=4.0 HTTP/1.1" 304 -
186.98.72.13 - - [25/Jan/2024:03:32:06 -0500] "POST /sipse/faces/presentacion/financiero/solicitudProceso/consultar.xhtml HTTP/1.1" 200 62927
186.98.72.13 - - [25/Jan/2024:03:32:07 -0500] "GET /sipse/faces/javax.faces.resource/theme.css?ln=primefaces-sipse HTTP/1.1" 304 -
186.98.72.13 - - [25/Jan/2024:03:32:07 -0500] "GET /sipse/faces/javax.faces.resource/primefaces.css?ln=primefaces&v=4.0 HTTP/1.1" 304 -
186.98.72.13 - - [25/Jan/2024:03:32:07 -0500] "GET /sipse/faces/javax.faces.resource/layout/layout.css?ln=primefaces&v=4.0 HTTP/1.1" 304 -
186.98.72.13 - - [25/Jan/2024:03:32:07 -0500] "GET /sipse/faces/javax.faces.resource/jquery/jquery.js?ln=primefaces&v=4.0 HTTP/1.1" 304 -
186.98.72.13 - - [25/Jan/2024:03:32:07 -0500] "GET /sipse/faces/javax.faces.resource/jquery/jquery-plugins.js?ln=primefaces&v=4.0 HTTP/1.1" 304 -
186.98.72.13 - - [25/Jan/2024:03:32:07 -0500] "GET /sipse/faces/javax.faces.resource/primefaces.js?ln=primefaces&v=4.0 HTTP/1.1" 304 -
186.98.72.13 - - [25/Jan/2024:03:32:07 -0500] "GET /sipse/faces/javax.faces.resource/layout/layout.js?ln=primefaces&v=4.0 HTTP/1.1" 304 -
186.98.72.13 - - [25/Jan/2024:03:32:07 -0500] "POST /sipse/faces/presentacion/financiero/solicitudProceso/listarSolicitudProceso.xhtml HTTP/1.1" 200 1556
156.59.198.135 - - [25/Jan/2024:03:32:09 -0500] "GET /BLA/resoluciones/RESOLUCIONES%202010/0870.pdf HTTP/1.0" 200 104102
186.98.72.13 - - [25/Jan/2024:03:32:11 -0500] "POST /sipse/faces/presentacion/financiero/solicitudProceso/listarSolicitudProceso.xhtml HTTP/1.1" 200 137023
186.98.72.13 - - [25/Jan/2024:03:32:12 -0500] "GET /sipse/faces/javax.faces.resource/primefaces.css?ln=primefaces&v=4.0 HTTP/1.1" 304 -
186.98.72.13 - - [25/Jan/2024:03:32:12 -0500] "GET /sipse/faces/javax.faces.resource/layout/layout.css?ln=primefaces&v=4.0 HTTP/1.1" 304 -
186.98.72.13 - - [25/Jan/2024:03:32:12 -0500] "GET /sipse/faces/javax.faces.resource/theme.css?ln=primefaces-sipse HTTP/1.1" 304 -
186.98.72.13 - - [25/Jan/2024:03:32:12 -0500] "GET /sipse/faces/javax.faces.resource/jquery/jquery.js?ln=primefaces&v=4.0 HTTP/1.1" 304 -
186.98.72.13 - - [25/Jan/2024:03:32:12 -0500] "GET /sipse/faces/javax.faces.resource/jquery/jquery-plugins.js?ln=primefaces&v=4.0 HTTP/1.1" 304 -
186.98.72.13 - - [25/Jan/2024:03:32:12 -0500] "GET /sipse/faces/javax.faces.resource/primefaces.js?ln=primefaces&v=4.0 HTTP/1.1" 304 -
186.98.72.13 - - [25/Jan/2024:03:32:12 -0500] "GET /sipse/faces/javax.faces.resource/layout/layout.js?ln=primefaces&v=4.0 HTTP/1.1" 304 -
186.98.72.13 - - [25/Jan/2024:03:32:17 -0500] "POST /sipse/faces/presentacion/financiero/solicitudProceso/consultarSolicitudProceso.xhtml HTTP/1.1" 200 293074
186.98.72.13 - - [25/Jan/2024:03:32:19 -0500] "POST /sipse/faces/presentacion/financiero/solicitudProceso/consultarSolicitudProceso.xhtml HTTP/1.1" 200 323120
186.98.72.13 - - [25/Jan/2024:03:32:21 -0500] "POST /sipse/faces/presentacion/financiero/solicitudProceso/consultarSolicitudProceso.xhtml HTTP/1.1" 200 2204522
186.98.72.13 - - [25/Jan/2024:03:32:23 -0500] "POST /sipse/faces/presentacion/financiero/solicitudProceso/consultarSolicitudProceso.xhtml HTTP/1.1" 200 79641
186.98.72.13 - - [25/Jan/2024:03:32:22 -0500] "POST /sipse/faces/presentacion/financiero/solicitudProceso/consultarSolicitudProceso.xhtml HTTP/1.1" 200 6734506
186.98.72.13 - - [25/Jan/2024:03:32:31 -0500] "POST /sipse/faces/presentacion/financiero/solicitudProceso/consultarSolicitudProceso.xhtml HTTP/1.1" 200 5537
186.98.72.13 - - [25/Jan/2024:03:32:31 -0500] "GET /sipse/faces/javax.faces.resource/dynamiccontent.properties?ln=primefaces&pfdrid=XjOR5%2F%2FfPAZAuY9TpWQeCiM0BhlXxYRBGKi%2FQcXXfeA%3D&pfdrid_c=false HTTP/1.1" 200 120461
156.59.198.136 - - [25/Jan/2024:03:32:34 -0500] "GET /BLA/resoluciones/RESOLUCIONES%202010/0939.pdf HTTP/1.0" 200 113374
186.98.72.13 - - [25/Jan/2024:03:32:34 -0500] "GET /sipse/faces/javax.faces.resource/dynamiccontent.properties?ln=primefaces&pfdrid=XjOR5%2F%2FfPAZAuY9TpWQeCiM0BhlXxYRBGKi%2FQcXXfeA%3D&pfdrid_c=false HTTP/1.1" 500 383
186.98.72.13 - - [25/Jan/2024:03:32:51 -0500] "POST /sipse/faces/presentacion/financiero/solicitudProceso/consultarSolicitudProceso.xhtml HTTP/1.1" 200 5522
172.22.2.4 - - [25/Jan/2024:03:31:14 -0500] "HEAD /BLA/boletinlegal/ HTTP/1.1" 200 -
156.59.198.135 - - [25/Jan/2024:03:32:57 -0500] "GET /BLA/resoluciones/RESOLUCIONES%202010/1123.pdf HTTP/1.0" 200 103378
156.59.198.135 - - [25/Jan/2024:03:33:22 -0500] "GET /BLA/resoluciones/RESOLUCIONES%202010/1072.pdf HTTP/1.0" 200 104174
216.245.221.92 - - [25/Jan/2024:03:33:41 -0500] "HEAD / HTTP/1.1" 200 -
172.22.2.4 - - [25/Jan/2024:03:32:05 -0500] "GET /BLA/boletinlegal/ HTTP/1.1" 200 52955
156.59.198.135 - - [25/Jan/2024:03:33:46 -0500] "GET /BLA/resoluciones/RESOLUCIONES%202010/1177.pdf HTTP/1.0" 200 105246
186.98.72.13 - - [25/Jan/2024:03:33:53 -0500] "GET /sipse/faces/javax.faces.resource/primefaces.css?ln=primefaces&v=4.0 HTTP/1.1" 304 -
186.98.72.13 - - [25/Jan/2024:03:33:53 -0500] "GET /sipse/faces/javax.faces.resource/layout/layout.css?ln=primefaces&v=4.0 HTTP/1.1" 304 -
186.98.72.13 - - [25/Jan/2024:03:33:53 -0500] "GET /sipse/faces/javax.faces.resource/jquery/jquery.js?ln=primefaces&v=4.0 HTTP/1.1" 304 -
186.98.72.13 - - [25/Jan/2024:03:33:53 -0500] "GET /sipse/faces/javax.faces.resource/theme.css?ln=primefaces-sipse HTTP/1.1" 304 -
186.98.72.13 - - [25/Jan/2024:03:33:53 -0500] "GET /sipse/faces/javax.faces.resource/jquery/jquery-plugins.js?ln=primefaces&v=4.0 HTTP/1.1" 304 -
186.98.72.13 - - [25/Jan/2024:03:33:53 -0500] "GET /sipse/faces/presentacion/financiero/solicitudProceso/consultarSolicitudProceso.xhtml HTTP/1.1" 200 182817
186.98.72.13 - - [25/Jan/2024:03:33:53 -0500] "GET /sipse/faces/javax.faces.resource/layout/layout.js?ln=primefaces&v=4.0 HTTP/1.1" 304 -
186.98.72.13 - - [25/Jan/2024:03:33:53 -0500] "GET /sipse/faces/javax.faces.resource/primefaces.js?ln=primefaces&v=4.0 HTTP/1.1" 304 -
186.98.72.13 - - [25/Jan/2024:03:34:02 -0500] "POST /sipse/faces/presentacion/financiero/solicitudProceso/consultarSolicitudProceso.xhtml HTTP/1.1" 200 5537
186.98.72.13 - - [25/Jan/2024:03:34:02 -0500] "GET /sipse/faces/javax.faces.resource/dynamiccontent.properties?ln=primefaces&pfdrid=XjOR5%2F%2FfPAZAuY9TpWQeCiM0BhlXxYRBGKi%2FQcXXfeA%3D&pfdrid_c=false HTTP/1.1" 200 120461
156.59.198.136 - - [25/Jan/2024:03:34:10 -0500] "GET /BLA/resoluciones/RESOLUCIONES%202010/5769.pdf HTTP/1.0" 200 106229
156.59.198.136 - - [25/Jan/2024:03:34:36 -0500] "GET /BLA/resoluciones/RESOLUCIONES%202010/3649.pdf HTTP/1.0" 200 85311
201.245.192.253 - - [25/Jan/2024:03:34:43 -0500] "POST /kwsrmcab/Wsrmcab HTTP/1.1" 200 35657
201.245.192.253 - - [25/Jan/2024:03:34:46 -0500] "POST /kwsrmcab/Wsrmcab HTTP/1.1" 200 35829
156.59.198.136 - - [25/Jan/2024:03:34:59 -0500] "GET /BLA/resoluciones/RESOLUCIONES%202010/1274.pdf HTTP/1.0" 200 100121
156.59.198.136 - - [25/Jan/2024:03:35:24 -0500] "GET /BLA/resoluciones/RESOLUCIONES%202010/4327.pdf HTTP/1.0" 200 51266
156.59.198.136 - - [25/Jan/2024:03:35:48 -0500] "GET /BLA/resoluciones/RESOLUCIONES%202010/1320.pdf HTTP/1.0" 200 99179
52.167.144.238 - - [25/Jan/2024:03:35:54 -0500] "GET /BLA/resoluciones/AUTOS%202023/5582.pdf HTTP/1.1" 200 434284
156.59.198.135 - - [25/Jan/2024:03:36:12 -0500] "GET /BLA/resoluciones/RESOLUCIONES%202010/1176.pdf HTTP/1.0" 200 103482
156.59.198.135 - - [25/Jan/2024:03:36:37 -0500] "GET /BLA/resoluciones/RESOLUCIONES%202010/4026.pdf HTTP/1.0" 200 50640
201.245.192.253 - - [25/Jan/2024:03:36:41 -0500] "POST /kwsrmcab/Wsrmcab  HTTP/1.1" 200 35641
117.62.17.167 - - [25/Jan/2024:03:36:52 -0500] "GET /BLA/boletinlegal/Circulares/2009/Circular%20Instructiva%20-%20Memorando%202009IE24363.pdf HTTP/1.1" 200 1544636
156.59.198.136 - - [25/Jan/2024:03:37:02 -0500] "GET /BLA/resoluciones/RESOLUCIONES%202010/4273.pdf HTTP/1.0" 200 109682
156.59.198.136 - - [25/Jan/2024:03:37:27 -0500] "GET /BLA/resoluciones/RESOLUCIONES%202010/5747.pdf HTTP/1.0" 200 84915
17.241.219.247 - - [25/Jan/2024:03:37:31 -0500] "GET /recuperado-zorro-cangrejero-que-era-tenido-ilegalmente-como-mascota-en-una-vivienda-del-sur-de-bogota.html HTTP/1.1" 200 801
156.59.198.136 - - [25/Jan/2024:03:37:50 -0500] "GET /BLA/resoluciones/RESOLUCIONES%202010/0808.pdf HTTP/1.0" 200 110688
66.249.72.40 - - [25/Jan/2024:03:38:03 -0500] "GET /portaldeninos/2021/06/20/mas-de-130-arboles-fueron-plantados-en-el-humedal-la-conejera-con-comunidad-educativa/ HTTP/1.1" 200 107808
156.59.198.136 - - [25/Jan/2024:03:38:16 -0500] "GET /BLA/resoluciones/RESOLUCIONES%202010/5729.pdf HTTP/1.0" 200 76410
156.59.198.136 - - [25/Jan/2024:03:38:39 -0500] "GET /BLA/resoluciones/RESOLUCIONES%202010/6447.pdf HTTP/1.0" 200 68800
216.245.221.92 - - [25/Jan/2024:03:38:41 -0500] "HEAD / HTTP/1.1" 200 -
172.22.2.4 - - [25/Jan/2024:03:37:04 -0500] "HEAD /BLA/boletinlegal/ HTTP/1.1" 200 -
156.59.198.135 - - [25/Jan/2024:03:39:03 -0500] "GET /BLA/resoluciones/RESOLUCIONES%202010/1599.pdf HTTP/1.0" 200 105180
201.245.192.253 - - [25/Jan/2024:03:39:12 -0500] "POST /kwsrmcab/Wsrmcab HTTP/1.1" 200 39095
173.252.79.119 - - [25/Jan/2024:03:39:24 -0500] "GET /calidad-del-aire-de-bogota-empieza-a-deteriorarse-producto-de-incendios-forestales.html HTTP/1.1" 200 741
156.59.198.136 - - [25/Jan/2024:03:39:28 -0500] "GET /BLA/resoluciones/RESOLUCIONES%202010/0915.pdf HTTP/1.0" 200 107262
172.22.2.4 - - [25/Jan/2024:03:37:55 -0500] "GET /BLA/boletinlegal/ HTTP/1.1" 200 58720
156.59.198.135 - - [25/Jan/2024:03:39:52 -0500] "GET /BLA/resoluciones/RESOLUCIONES%202010/6279.pdf HTTP/1.0" 200 77642
69.171.231.4 - - [25/Jan/2024:03:40:00 -0500] "GET /calidad-del-aire-de-bogota-empieza-a-deteriorarse-producto-de-incendios-forestales.html HTTP/1.1" 200 741
201.245.192.253 - - [25/Jan/2024:03:40:01 -0500] "POST /kwsrmcab/Wsrmcab HTTP/1.1" 200 35829
156.59.198.136 - - [25/Jan/2024:03:40:17 -0500] "GET /BLA/resoluciones/RESOLUCIONES%202010/1025.pdf HTTP/1.0" 200 103536
156.59.198.135 - - [25/Jan/2024:03:40:43 -0500] "GET /BLA/resoluciones/RESOLUCIONES%202010/4707.pdf HTTP/1.0" 200 111694
66.249.72.33 - - [25/Jan/2024:03:40:54 -0500] "GET /portaldeninos/wp-content/plugins/gallery-videos/CSS/Total-Soft-Gallery-Video-Widget.css?ver=4.9.8 HTTP/1.1" 200 51554
66.249.72.40 - - [25/Jan/2024:03:40:55 -0500] "GET /portaldeninos/wp-content/themes/betheme/css/layout.css?ver=20.9.6 HTTP/1.1" 200 116639
156.59.198.135 - - [25/Jan/2024:03:41:06 -0500] "GET /BLA/resoluciones/RESOLUCIONES%202010/3950.pdf HTTP/1.0" 200 52340
156.59.198.136 - - [25/Jan/2024:03:41:31 -0500] "GET /BLA/resoluciones/RESOLUCIONES%202010/0449.pdf HTTP/1.0" 200 112716
201.245.192.253 - - [25/Jan/2024:03:41:40 -0500] "POST /kwsrmcab/Wsrmcab  HTTP/1.1" 200 35641
156.59.198.136 - - [25/Jan/2024:03:41:58 -0500] "GET /BLA/resoluciones/RESOLUCIONES%202010/2451.pdf HTTP/1.0" 200 108156
156.59.198.135 - - [25/Jan/2024:03:42:19 -0500] "GET /BLA/resoluciones/RESOLUCIONES%202010/2131.pdf HTTP/1.0" 200 107444
156.59.198.136 - - [25/Jan/2024:03:42:45 -0500] "GET /BLA/resoluciones/RESOLUCIONES%202010/1270.pdf HTTP/1.0" 200 106280
186.98.72.13 - - [25/Jan/2024:03:42:55 -0500] "POST /sipse/faces/presentacion/financiero/solicitudProceso/consultarSolicitudProceso.xhtml HTTP/1.1" 200 63513
186.98.72.13 - - [25/Jan/2024:03:42:57 -0500] "GET /sipse/faces/javax.faces.resource/theme.css?ln=primefaces-sipse HTTP/1.1" 304 -
186.98.72.13 - - [25/Jan/2024:03:42:57 -0500] "GET /sipse/css/custom_css_sg_prime.css HTTP/1.1" 304 -
186.98.72.13 - - [25/Jan/2024:03:42:57 -0500] "GET /sipse/js/disable_browser_buttons.js HTTP/1.1" 304 -
186.98.72.13 - - [25/Jan/2024:03:42:57 -0500] "GET /sipse/faces/javax.faces.resource/layout/layout.css?ln=primefaces&v=4.0 HTTP/1.1" 304 -
186.98.72.13 - - [25/Jan/2024:03:42:57 -0500] "GET /sipse/faces/javax.faces.resource/primefaces.css?ln=primefaces&v=4.0 HTTP/1.1" 304 -
186.98.72.13 - - [25/Jan/2024:03:42:57 -0500] "GET /sipse/css/imagen/contrasena.png HTTP/1.1" 404 383
186.98.72.13 - - [25/Jan/2024:03:42:57 -0500] "GET /sipse/faces/javax.faces.resource/jquery/jquery.js?ln=primefaces&v=4.0 HTTP/1.1" 304 -
186.98.72.13 - - [25/Jan/2024:03:42:57 -0500] "GET /sipse/faces/javax.faces.resource/jquery/jquery-plugins.js?ln=primefaces&v=4.0 HTTP/1.1" 304 -
186.98.72.13 - - [25/Jan/2024:03:42:58 -0500] "GET /sipse/faces/javax.faces.resource/primefaces.js?ln=primefaces&v=4.0 HTTP/1.1" 304 -
186.98.72.13 - - [25/Jan/2024:03:42:58 -0500] "GET /sipse/faces/javax.faces.resource/layout/layout.js?ln=primefaces&v=4.0 HTTP/1.1" 304 -
186.98.72.13 - - [25/Jan/2024:03:42:58 -0500] "GET /sipse/faces/javax.faces.resource/images/ui-icons_898989_256x240.png?ln=primefaces-aristo HTTP/1.1" 304 -
186.98.72.13 - - [25/Jan/2024:03:42:58 -0500] "GET /sipse/faces/javax.faces.resource/messages/messages.png?ln=primefaces&v=4.0 HTTP/1.1" 304 -
186.98.72.13 - - [25/Jan/2024:03:42:58 -0500] "GET /sipse/faces/javax.faces.resource/images/ui-bg_flat_0_2d5972_40x100.png?ln=primefaces-aristo HTTP/1.1" 304 -
186.98.72.13 - - [25/Jan/2024:03:42:58 -0500] "POST /sipse/faces/presentacion/financiero/solicitudProceso/listarSolicitudProceso.xhtml HTTP/1.1" 200 1556
172.22.2.4 - - [25/Jan/2024:03:43:05 -0500] "GET /BLA/boletinlegal/jurisprudencia.php HTTP/1.1" 200 17637
156.59.198.136 - - [25/Jan/2024:03:43:09 -0500] "GET /BLA/resoluciones/RESOLUCIONES%202010/5823.pdf HTTP/1.0" 200 97610
156.59.198.136 - - [25/Jan/2024:03:43:31 -0500] "GET /BLA/resoluciones/RESOLUCIONES%202010/1541.pdf HTTP/1.0" 200 53478
216.245.221.92 - - [25/Jan/2024:03:43:41 -0500] "HEAD / HTTP/1.1" 200 -
156.59.198.136 - - [25/Jan/2024:03:43:57 -0500] "GET /BLA/resoluciones/RESOLUCIONES%202010/0476.pdf HTTP/1.0" 200 104090
156.59.198.135 - - [25/Jan/2024:03:44:21 -0500] "GET /BLA/resoluciones/RESOLUCIONES%202010/0513.pdf HTTP/1.0" 200 36742
186.29.34.18 - - [25/Jan/2024:03:44:24 -0500] "GET /sipse/faces/faces/autenticacion.xhtml HTTP/1.1" 200 12412
186.29.34.18 - - [25/Jan/2024:03:44:24 -0500] "GET /sipse/faces/javax.faces.resource/primefaces.css?ln=primefaces&v=4.0 HTTP/1.1" 304 -
186.29.34.18 - - [25/Jan/2024:03:44:24 -0500] "GET /sipse/faces/javax.faces.resource/theme.css?ln=primefaces-sipse HTTP/1.1" 304 -
186.29.34.18 - - [25/Jan/2024:03:44:24 -0500] "GET /sipse/faces/javax.faces.resource/jquery/jquery.js?ln=primefaces&v=4.0 HTTP/1.1" 304 -
186.29.34.18 - - [25/Jan/2024:03:44:24 -0500] "GET /sipse/faces/javax.faces.resource/layout/layout.css?ln=primefaces&v=4.0 HTTP/1.1" 304 -
186.29.34.18 - - [25/Jan/2024:03:44:24 -0500] "GET /sipse/faces/javax.faces.resource/primefaces.js?ln=primefaces&v=4.0 HTTP/1.1" 304 -
186.29.34.18 - - [25/Jan/2024:03:44:24 -0500] "GET /sipse/faces/javax.faces.resource/layout/layout.js?ln=primefaces&v=4.0 HTTP/1.1" 304 -
186.29.34.18 - - [25/Jan/2024:03:44:24 -0500] "GET /sipse/faces/javax.faces.resource/jquery/jquery-plugins.js?ln=primefaces&v=4.0 HTTP/1.1" 304 -
186.29.34.18 - - [25/Jan/2024:03:44:24 -0500] "GET /sipse/faces/javax.faces.resource/images/ui-icons_898989_256x240.png?ln=primefaces-aristo HTTP/1.1" 200 5355
186.29.34.18 - - [25/Jan/2024:03:44:24 -0500] "GET /favicon.ico HTTP/1.1" 200 7782
186.29.34.18 - - [25/Jan/2024:03:44:24 -0500] "GET /sipse/faces/faces/index.xhtml HTTP/1.1" 200 677
186.29.34.18 - - [25/Jan/2024:03:44:24 -0500] "GET /sipse/faces/javax.faces.resource/theme.css?ln=primefaces-sipse HTTP/1.1" 304 -
186.29.34.18 - - [25/Jan/2024:03:44:25 -0500] "GET /sipse/faces/faces/faces/autenticacion.xhtml HTTP/1.1" 200 12412
186.29.34.18 - - [25/Jan/2024:03:44:25 -0500] "GET /sipse/faces/javax.faces.resource/theme.css?ln=primefaces-sipse HTTP/1.1" 304 -
186.29.34.18 - - [25/Jan/2024:03:44:25 -0500] "GET /sipse/faces/javax.faces.resource/primefaces.css?ln=primefaces&v=4.0 HTTP/1.1" 304 -
186.29.34.18 - - [25/Jan/2024:03:44:25 -0500] "GET /sipse/faces/javax.faces.resource/layout/layout.css?ln=primefaces&v=4.0 HTTP/1.1" 304 -
186.29.34.18 - - [25/Jan/2024:03:44:25 -0500] "GET /sipse/faces/javax.faces.resource/jquery/jquery-plugins.js?ln=primefaces&v=4.0 HTTP/1.1" 304 -
186.29.34.18 - - [25/Jan/2024:03:44:25 -0500] "GET /sipse/faces/javax.faces.resource/jquery/jquery.js?ln=primefaces&v=4.0 HTTP/1.1" 304 -
186.29.34.18 - - [25/Jan/2024:03:44:25 -0500] "GET /sipse/faces/javax.faces.resource/primefaces.js?ln=primefaces&v=4.0 HTTP/1.1" 304 -
186.29.34.18 - - [25/Jan/2024:03:44:25 -0500] "GET /sipse/faces/javax.faces.resource/layout/layout.js?ln=primefaces&v=4.0 HTTP/1.1" 304 -
186.29.34.18 - - [25/Jan/2024:03:44:25 -0500] "GET /sipse/faces/javax.faces.resource/images/ui-icons_898989_256x240.png?ln=primefaces-aristo HTTP/1.1" 304 -
186.29.34.18 - - [25/Jan/2024:03:44:26 -0500] "POST /sipse/faces/autenticacion.xhtml HTTP/1.1" 200 2221
186.29.34.18 - - [25/Jan/2024:03:44:26 -0500] "GET /sipse/faces/javax.faces.resource/messages/messages.png?ln=primefaces&v=4.0 HTTP/1.1" 200 27209
186.29.34.18 - - [25/Jan/2024:03:44:27 -0500] "POST /sipse/faces/autenticacion.xhtml HTTP/1.1" 200 16374
186.29.34.18 - - [25/Jan/2024:03:44:28 -0500] "GET /sipse/faces/javax.faces.resource/jquery/jquery.js?ln=primefaces&v=4.0 HTTP/1.1" 304 -
186.29.34.18 - - [25/Jan/2024:03:44:28 -0500] "GET /sipse/faces/javax.faces.resource/jquery/jquery-plugins.js?ln=primefaces&v=4.0 HTTP/1.1" 304 -
186.29.34.18 - - [25/Jan/2024:03:44:28 -0500] "GET /sipse/faces/javax.faces.resource/primefaces.js?ln=primefaces&v=4.0 HTTP/1.1" 304 -
186.29.34.18 - - [25/Jan/2024:03:44:28 -0500] "GET /sipse/faces/javax.faces.resource/layout/layout.js?ln=primefaces&v=4.0 HTTP/1.1" 304 -
186.29.34.18 - - [25/Jan/2024:03:44:29 -0500] "GET /sipse/faces/javax.faces.resource/images/ui-bg_flat_0_2d5972_40x100.png?ln=primefaces-aristo HTTP/1.1" 304 -
186.29.34.18 - - [25/Jan/2024:03:44:29 -0500] "POST /sipse/faces/bienvenido.xhtml HTTP/1.1" 200 2658
186.29.34.18 - - [25/Jan/2024:03:44:32 -0500] "POST /sipse/faces/bienvenido.xhtml HTTP/1.1" 200 63077
186.29.34.18 - - [25/Jan/2024:03:44:32 -0500] "GET /sipse/faces/javax.faces.resource/jquery/jquery.js?ln=primefaces&v=4.0 HTTP/1.1" 304 -
186.29.34.18 - - [25/Jan/2024:03:44:32 -0500] "GET /sipse/faces/javax.faces.resource/jquery/jquery-plugins.js?ln=primefaces&v=4.0 HTTP/1.1" 304 -
186.29.34.18 - - [25/Jan/2024:03:44:32 -0500] "GET /sipse/faces/javax.faces.resource/primefaces.js?ln=primefaces&v=4.0 HTTP/1.1" 304 -
186.29.34.18 - - [25/Jan/2024:03:44:33 -0500] "GET /sipse/faces/javax.faces.resource/layout/layout.js?ln=primefaces&v=4.0 HTTP/1.1" 304 -
186.29.34.18 - - [25/Jan/2024:03:44:33 -0500] "POST /sipse/faces/presentacion/financiero/solicitudProceso/listarSolicitudProceso.xhtml HTTP/1.1" 200 1556
172.22.2.4 - - [25/Jan/2024:03:42:54 -0500] "HEAD /BLA/boletinlegal/ HTTP/1.1" 200 -
186.29.34.18 - - [25/Jan/2024:03:44:35 -0500] "POST /sipse/faces/presentacion/financiero/solicitudProceso/listarSolicitudProceso.xhtml HTTP/1.1" 200 13842
156.59.198.135 - - [25/Jan/2024:03:44:47 -0500] "GET /BLA/resoluciones/RESOLUCIONES%202010/5741.pdf HTTP/1.0" 200 92209
186.98.72.13 - - [25/Jan/2024:03:44:52 -0500] "POST /sipse/faces/presentacion/financiero/solicitudProceso/listarSolicitudProceso.xhtml HTTP/1.1" 200 16946
186.98.72.13 - - [25/Jan/2024:03:44:52 -0500] "POST /sipse/faces/presentacion/financiero/solicitudProceso/listarSolicitudProceso.xhtml HTTP/1.1" 200 5109
186.98.72.13 - - [25/Jan/2024:03:44:59 -0500] "POST /sipse/faces/presentacion/financiero/solicitudProceso/listarSolicitudProceso.xhtml HTTP/1.1" 200 5164
186.98.72.13 - - [25/Jan/2024:03:45:03 -0500] "POST /sipse/faces/presentacion/financiero/solicitudProceso/listarSolicitudProceso.xhtml HTTP/1.1" 200 5172
186.98.72.13 - - [25/Jan/2024:03:45:04 -0500] "POST /sipse/faces/presentacion/financiero/solicitudProceso/listarSolicitudProceso.xhtml HTTP/1.1" 200 151019
186.98.72.13 - - [25/Jan/2024:03:45:05 -0500] "GET /sipse/faces/javax.faces.resource/theme.css?ln=primefaces-sipse HTTP/1.1" 304 -
186.98.72.13 - - [25/Jan/2024:03:45:05 -0500] "GET /sipse/faces/javax.faces.resource/layout/layout.css?ln=primefaces&v=4.0 HTTP/1.1" 304 -
186.98.72.13 - - [25/Jan/2024:03:45:05 -0500] "GET /sipse/faces/javax.faces.resource/primefaces.css?ln=primefaces&v=4.0 HTTP/1.1" 304 -
186.98.72.13 - - [25/Jan/2024:03:45:05 -0500] "GET /sipse/faces/javax.faces.resource/jquery/jquery.js?ln=primefaces&v=4.0 HTTP/1.1" 304 -
186.98.72.13 - - [25/Jan/2024:03:45:05 -0500] "GET /sipse/faces/javax.faces.resource/jquery/jquery-plugins.js?ln=primefaces&v=4.0 HTTP/1.1" 304 -
186.98.72.13 - - [25/Jan/2024:03:45:05 -0500] "GET /sipse/faces/javax.faces.resource/primefaces.js?ln=primefaces&v=4.0 HTTP/1.1" 304 -
186.98.72.13 - - [25/Jan/2024:03:45:05 -0500] "GET /sipse/faces/javax.faces.resource/layout/layout.js?ln=primefaces&v=4.0 HTTP/1.1" 304 -
186.98.72.13 - - [25/Jan/2024:03:45:05 -0500] "GET /sipse/css/imagen/contrasena.png HTTP/1.1" 404 383
186.98.72.13 - - [25/Jan/2024:03:45:05 -0500] "GET /sipse/faces/javax.faces.resource/dynamiccontent.properties?ln=primefaces&pfdrid=XjOR5%2F%2FfPAZAuY9TpWQeCiM0BhlXxYRBGKi%2FQcXXfeA%3D&pfdrid_c=false HTTP/1.1" 500 383
156.59.198.135 - - [25/Jan/2024:03:45:09 -0500] "GET /BLA/resoluciones/RESOLUCIONES%202010/1282.pdf HTTP/1.0" 200 101316
186.98.72.13 - - [25/Jan/2024:03:45:11 -0500] "POST /sipse/faces/presentacion/financiero/solicitudProceso/consultarSolicitudProceso.xhtml HTTP/1.1" 200 674679
186.98.72.13 - - [25/Jan/2024:03:45:14 -0500] "POST /sipse/faces/presentacion/financiero/solicitudProceso/consultarSolicitudProceso.xhtml HTTP/1.1" 200 315875
186.29.34.18 - - [25/Jan/2024:03:45:14 -0500] "POST /sipse/faces/presentacion/financiero/solicitudProceso/listarSolicitudProceso.xhtml HTTP/1.1" 200 32654
172.22.2.4 - - [25/Jan/2024:03:43:45 -0500] "GET /BLA/boletinlegal/ HTTP/1.1" 200 58720
186.98.72.13 - - [25/Jan/2024:03:45:29 -0500] "POST /sipse/faces/presentacion/financiero/solicitudProceso/consultarSolicitudProceso.xhtml HTTP/1.1" 200 9441
186.98.72.13 - - [25/Jan/2024:03:45:31 -0500] "POST /sipse/faces/presentacion/financiero/solicitudProceso/consultarSolicitudProceso.xhtml HTTP/1.1" 200 34188
186.98.72.13 - - [25/Jan/2024:03:45:31 -0500] "GET /sipse/faces/javax.faces.resource/primefaces.css?ln=primefaces&v=4.0 HTTP/1.1" 304 -
186.98.72.13 - - [25/Jan/2024:03:45:31 -0500] "GET /sipse/faces/javax.faces.resource/theme.css?ln=primefaces-sipse HTTP/1.1" 304 -
186.98.72.13 - - [25/Jan/2024:03:45:31 -0500] "GET /sipse/faces/javax.faces.resource/layout/layout.css?ln=primefaces&v=4.0 HTTP/1.1" 304 -
186.98.72.13 - - [25/Jan/2024:03:45:31 -0500] "GET /sipse/faces/javax.faces.resource/jquery/jquery.js?ln=primefaces&v=4.0 HTTP/1.1" 304 -
186.98.72.13 - - [25/Jan/2024:03:45:31 -0500] "GET /sipse/faces/javax.faces.resource/jquery/jquery-plugins.js?ln=primefaces&v=4.0 HTTP/1.1" 304 -
186.98.72.13 - - [25/Jan/2024:03:45:31 -0500] "GET /sipse/faces/javax.faces.resource/primefaces.js?ln=primefaces&v=4.0 HTTP/1.1" 304 -
186.98.72.13 - - [25/Jan/2024:03:45:31 -0500] "GET /sipse/faces/javax.faces.resource/layout/layout.js?ln=primefaces&v=4.0 HTTP/1.1" 304 -
186.98.72.13 - - [25/Jan/2024:03:45:32 -0500] "POST /sipse/faces/presentacion/sistema/reporte/listarReportes.xhtml HTTP/1.1" 200 27619
186.98.72.13 - - [25/Jan/2024:03:45:32 -0500] "POST /sipse/faces/presentacion/sistema/reporte/listarReportes.xhtml HTTP/1.1" 200 27619
186.98.72.13 - - [25/Jan/2024:03:45:34 -0500] "POST /sipse/faces/presentacion/sistema/reporte/listarReportes.xhtml HTTP/1.1" 200 22816
156.59.198.135 - - [25/Jan/2024:03:45:34 -0500] "GET /BLA/resoluciones/RESOLUCIONES%202010/5736.pdf HTTP/1.0" 200 91316
186.98.72.13 - - [25/Jan/2024:03:45:34 -0500] "GET /sipse/faces/javax.faces.resource/theme.css?ln=primefaces-sipse HTTP/1.1" 304 -
186.98.72.13 - - [25/Jan/2024:03:45:34 -0500] "GET /sipse/faces/javax.faces.resource/layout/layout.css?ln=primefaces&v=4.0 HTTP/1.1" 304 -
186.98.72.13 - - [25/Jan/2024:03:45:34 -0500] "GET /sipse/faces/javax.faces.resource/primefaces.css?ln=primefaces&v=4.0 HTTP/1.1" 304 -
186.98.72.13 - - [25/Jan/2024:03:45:34 -0500] "GET /sipse/faces/javax.faces.resource/jquery/jquery.js?ln=primefaces&v=4.0 HTTP/1.1" 304 -
186.98.72.13 - - [25/Jan/2024:03:45:34 -0500] "GET /sipse/faces/javax.faces.resource/jquery/jquery-plugins.js?ln=primefaces&v=4.0 HTTP/1.1" 304 -
186.98.72.13 - - [25/Jan/2024:03:45:34 -0500] "GET /sipse/faces/javax.faces.resource/layout/layout.js?ln=primefaces&v=4.0 HTTP/1.1" 304 -
186.98.72.13 - - [25/Jan/2024:03:45:34 -0500] "GET /sipse/faces/javax.faces.resource/primefaces.js?ln=primefaces&v=4.0 HTTP/1.1" 304 -
186.98.72.13 - - [25/Jan/2024:03:45:34 -0500] "GET /sipse/imagenes/cargando.gif HTTP/1.1" 304 -
69.171.231.116 - - [25/Jan/2024:03:45:54 -0500] "GET /gobierno-de-bogota-hace-recomendaciones-a-la-ciudadania-para-que-tome-acciones-ante-la-mala-calidad-del-aire.html HTTP/1.1" 200 864
69.171.231.117 - - [25/Jan/2024:03:45:54 -0500] "GET /gobierno-de-bogota-hace-recomendaciones-a-la-ciudadania-para-que-tome-acciones-ante-la-mala-calidad-del-aire.html HTTP/1.1" 200 864
69.171.231.3 - - [25/Jan/2024:03:45:54 -0500] "GET /gobierno-de-bogota-hace-recomendaciones-a-la-ciudadania-para-que-tome-acciones-ante-la-mala-calidad-del-aire.html HTTP/1.1" 200 864
156.59.198.136 - - [25/Jan/2024:03:45:58 -0500] "GET /BLA/resoluciones/RESOLUCIONES%202010/0256.pdf HTTP/1.0" 200 106943
52.167.144.171 - - [25/Jan/2024:03:46:01 -0500] "GET /BLA/resoluciones/AUTOS%202020/1679.pdf HTTP/1.1" 200 359456
186.98.72.13 - - [25/Jan/2024:03:46:19 -0500] "POST /sipse/faces/presentacion/sistema/reporte/ventanaVerReporteParametros.xhtml HTTP/1.1" 200 40402
186.98.72.13 - - [25/Jan/2024:03:46:19 -0500] "GET /sipse/faces/javax.faces.resource/theme.css?ln=primefaces-sipse HTTP/1.1" 304 -
186.98.72.13 - - [25/Jan/2024:03:46:19 -0500] "GET /sipse/faces/javax.faces.resource/jquery/jquery.js?ln=primefaces&v=4.0 HTTP/1.1" 304 -
186.98.72.13 - - [25/Jan/2024:03:46:19 -0500] "GET /sipse/faces/javax.faces.resource/primefaces.css?ln=primefaces&v=4.0 HTTP/1.1" 304 -
186.98.72.13 - - [25/Jan/2024:03:46:19 -0500] "GET /sipse/faces/javax.faces.resource/layout/layout.css?ln=primefaces&v=4.0 HTTP/1.1" 304 -
186.98.72.13 - - [25/Jan/2024:03:46:19 -0500] "GET /sipse/faces/javax.faces.resource/jquery/jquery-plugins.js?ln=primefaces&v=4.0 HTTP/1.1" 304 -
186.98.72.13 - - [25/Jan/2024:03:46:20 -0500] "GET /sipse/faces/javax.faces.resource/primefaces.js?ln=primefaces&v=4.0 HTTP/1.1" 304 -
186.98.72.13 - - [25/Jan/2024:03:46:20 -0500] "GET /sipse/faces/javax.faces.resource/layout/layout.js?ln=primefaces&v=4.0 HTTP/1.1" 304 -
186.98.72.13 - - [25/Jan/2024:03:46:20 -0500] "POST /sipse/faces/presentacion/financiero/solicitudProceso/listarSolicitudProceso.xhtml HTTP/1.1" 200 1396
186.98.72.13 - - [25/Jan/2024:03:46:21 -0500] "POST /sipse/faces/presentacion/financiero/solicitudProceso/listarSolicitudProceso.xhtml HTTP/1.1" 200 5076
186.29.34.18 - - [25/Jan/2024:03:46:23 -0500] "POST /sipse/faces/presentacion/financiero/solicitudProceso/listarSolicitudProceso.xhtml HTTP/1.1" 200 14026
186.98.72.13 - - [25/Jan/2024:03:46:23 -0500] "POST /sipse/faces/presentacion/financiero/solicitudProceso/listarSolicitudProceso.xhtml HTTP/1.1" 200 147024
186.98.72.13 - - [25/Jan/2024:03:46:24 -0500] "GET /sipse/faces/javax.faces.resource/theme.css?ln=primefaces-sipse HTTP/1.1" 304 -
186.98.72.13 - - [25/Jan/2024:03:46:24 -0500] "GET /sipse/faces/javax.faces.resource/layout/layout.css?ln=primefaces&v=4.0 HTTP/1.1" 304 -
186.98.72.13 - - [25/Jan/2024:03:46:24 -0500] "GET /sipse/faces/javax.faces.resource/primefaces.css?ln=primefaces&v=4.0 HTTP/1.1" 304 -
186.98.72.13 - - [25/Jan/2024:03:46:24 -0500] "GET /sipse/faces/javax.faces.resource/jquery/jquery.js?ln=primefaces&v=4.0 HTTP/1.1" 304 -
186.98.72.13 - - [25/Jan/2024:03:46:24 -0500] "GET /sipse/faces/javax.faces.resource/jquery/jquery-plugins.js?ln=primefaces&v=4.0 HTTP/1.1" 304 -
186.98.72.13 - - [25/Jan/2024:03:46:24 -0500] "GET /sipse/faces/javax.faces.resource/primefaces.js?ln=primefaces&v=4.0 HTTP/1.1" 304 -
186.98.72.13 - - [25/Jan/2024:03:46:25 -0500] "GET /sipse/faces/javax.faces.resource/layout/layout.js?ln=primefaces&v=4.0 HTTP/1.1" 304 -
186.98.72.13 - - [25/Jan/2024:03:46:25 -0500] "GET /sipse/faces/javax.faces.resource/dynamiccontent.properties?ln=primefaces&pfdrid=XjOR5%2F%2FfPAZAuY9TpWQeCiM0BhlXxYRBGKi%2FQcXXfeA%3D&pfdrid_c=false HTTP/1.1" 500 383
156.59.198.136 - - [25/Jan/2024:03:46:25 -0500] "GET /BLA/resoluciones/RESOLUCIONES%202010/0933.pdf HTTP/1.0" 200 108100
201.245.192.253 - - [25/Jan/2024:03:46:38 -0500] "POST /kwsrmcab/Wsrmcab  HTTP/1.1" 200 35641
186.98.72.13 - - [25/Jan/2024:03:46:43 -0500] "POST /sipse/faces/presentacion/financiero/solicitudProceso/consultarSolicitudProceso.xhtml HTTP/1.1" 200 79711
186.98.72.13 - - [25/Jan/2024:03:46:45 -0500] "POST /sipse/faces/presentacion/financiero/solicitudProceso/consultarSolicitudProceso.xhtml HTTP/1.1" 200 293074
156.59.198.136 - - [25/Jan/2024:03:46:48 -0500] "GET /BLA/resoluciones/RESOLUCIONES%202010/0931.pdf HTTP/1.0" 200 104044
186.98.72.13 - - [25/Jan/2024:03:46:49 -0500] "POST /sipse/faces/presentacion/financiero/solicitudProceso/consultarSolicitudProceso.xhtml HTTP/1.1" 200 2204524
186.98.72.13 - - [25/Jan/2024:03:46:50 -0500] "POST /sipse/faces/presentacion/financiero/solicitudProceso/consultarSolicitudProceso.xhtml HTTP/1.1" 200 3425672
186.98.72.13 - - [25/Jan/2024:03:46:54 -0500] "POST /sipse/faces/presentacion/financiero/solicitudProceso/consultarSolicitudProceso.xhtml HTTP/1.1" 200 5537
61.147.15.65 - - [25/Jan/2024:03:46:54 -0500] "GET / HTTP/1.1" 200 319
186.98.72.13 - - [25/Jan/2024:03:46:54 -0500] "GET /sipse/faces/javax.faces.resource/dynamiccontent.properties?ln=primefaces&pfdrid=XjOR5%2F%2FfPAZAuY9TpWQeCiM0BhlXxYRBGKi%2FQcXXfeA%3D&pfdrid_c=false HTTP/1.1" 200 120461
186.98.72.13 - - [25/Jan/2024:03:46:51 -0500] "POST /sipse/faces/presentacion/financiero/solicitudProceso/consultarSolicitudProceso.xhtml HTTP/1.1" 200 4563297
186.98.72.13 - - [25/Jan/2024:03:46:52 -0500] "POST /sipse/faces/presentacion/financiero/solicitudProceso/consultarSolicitudProceso.xhtml HTTP/1.1" 200 1985866
186.98.72.13 - - [25/Jan/2024:03:47:06 -0500] "POST /sipse/faces/presentacion/financiero/solicitudProceso/consultarSolicitudProceso.xhtml HTTP/1.1" 200 5522
156.59.198.135 - - [25/Jan/2024:03:47:12 -0500] "GET /BLA/resoluciones/RESOLUCIONES%202010/1045.pdf HTTP/1.0" 200 108034
61.147.15.65 - - [25/Jan/2024:03:47:22 -0500] "GET / HTTP/1.1" 200 319
156.59.198.135 - - [25/Jan/2024:03:47:36 -0500] "GET /BLA/resoluciones/RESOLUCIONES%202010/0729.pdf HTTP/1.0" 200 103550
186.29.34.18 - - [25/Jan/2024:03:47:36 -0500] "POST /sipse/faces/presentacion/financiero/solicitudProceso/listarSolicitudProceso.xhtml HTTP/1.1" 200 32654
186.29.34.18 - - [25/Jan/2024:03:47:42 -0500] "POST /sipse/faces/presentacion/financiero/solicitudProceso/listarSolicitudProceso.xhtml HTTP/1.1" 200 14026
61.147.21.49 - - [25/Jan/2024:03:47:52 -0500] "GET /favicon.ico HTTP/1.1" 200 7782
156.59.198.136 - - [25/Jan/2024:03:48:01 -0500] "GET /BLA/resoluciones/RESOLUCIONES%202010/2944.pdf HTTP/1.0" 200 52862
61.147.21.51 - - [25/Jan/2024:03:48:16 -0500] "GET / HTTP/1.1" 200 319
156.59.198.135 - - [25/Jan/2024:03:48:26 -0500] "GET /BLA/resoluciones/RESOLUCIONES%202010/1210.pdf HTTP/1.0" 200 97865
216.245.221.92 - - [25/Jan/2024:03:48:41 -0500] "HEAD / HTTP/1.1" 200 -
156.59.198.135 - - [25/Jan/2024:03:48:51 -0500] "GET /BLA/resoluciones/RESOLUCIONES%202010/1037.pdf HTTP/1.0" 200 109272
156.59.198.136 - - [25/Jan/2024:03:49:16 -0500] "GET /BLA/resoluciones/RESOLUCIONES%202010/3828.pdf HTTP/1.0" 200 52140
61.147.15.67 - - [25/Jan/2024:03:49:23 -0500] "GET / HTTP/1.1" 200 319
61.147.15.65 - - [25/Jan/2024:03:49:37 -0500] "GET / HTTP/1.1" 200 319
156.59.198.136 - - [25/Jan/2024:03:49:41 -0500] "GET /BLA/resoluciones/RESOLUCIONES%202010/1145.pdf HTTP/1.0" 200 100125
156.59.198.135 - - [25/Jan/2024:03:50:04 -0500] "GET /BLA/resoluciones/RESOLUCIONES%202010/0802.pdf HTTP/1.0" 200 101400
172.22.2.4 - - [25/Jan/2024:03:48:44 -0500] "HEAD /BLA/boletinlegal/ HTTP/1.1" 200 -
156.59.198.136 - - [25/Jan/2024:03:50:29 -0500] "GET /BLA/resoluciones/RESOLUCIONES%202010/0479.pdf HTTP/1.0" 200 97949
51.222.42.127 - - [25/Jan/2024:03:50:40 -0500] "GET /auambari-deleito-con-sus-sonidos-ambientales-a-los-asistentes-de-fima-2021.html HTTP/1.1" 200 888
156.59.198.136 - - [25/Jan/2024:03:50:54 -0500] "GET /BLA/resoluciones/RESOLUCIONES%202010/1885.pdf HTTP/1.0" 200 100624
172.22.2.4 - - [25/Jan/2024:03:49:35 -0500] "GET /BLA/boletinlegal/ HTTP/1.1" 200 61050
156.59.198.135 - - [25/Jan/2024:03:51:20 -0500] "GET /BLA/resoluciones/RESOLUCIONES%202010/3598.pdf HTTP/1.0" 200 100416
104.43.226.195 - - [25/Jan/2024:03:51:25 -0500] "GET /robots.txt HTTP/1.1" 404 1035
66.249.77.8 - - [25/Jan/2024:03:51:27 -0500] "GET /BLA/resoluciones/Notificaciones/RESOLUCIONES%202023/0388.pdf HTTP/1.1" 304 -
201.245.192.253 - - [25/Jan/2024:03:51:37 -0500] "POST /kwsrmcab/Wsrmcab  HTTP/1.1" 200 35641
156.59.198.135 - - [25/Jan/2024:03:51:44 -0500] "GET /BLA/resoluciones/RESOLUCIONES%202010/0996.pdf HTTP/1.0" 200 108288
156.59.198.135 - - [25/Jan/2024:03:52:08 -0500] "GET /BLA/resoluciones/RESOLUCIONES%202010/0897.pdf HTTP/1.0" 200 103466
156.59.198.135 - - [25/Jan/2024:03:52:32 -0500] "GET /BLA/resoluciones/RESOLUCIONES%202010/1271.pdf HTTP/1.0" 200 101084
156.59.198.136 - - [25/Jan/2024:03:52:58 -0500] "GET /BLA/resoluciones/RESOLUCIONES%202010/4336.pdf HTTP/1.0" 200 51288
156.59.198.135 - - [25/Jan/2024:03:53:22 -0500] "GET /BLA/resoluciones/RESOLUCIONES%202010/2834.pdf HTTP/1.0" 200 51668
198.48.92.26 - - [25/Jan/2024:03:53:36 -0500] "GET /BLA/resoluciones/RESOLUCIONES%202020/1009.pdf HTTP/1.1" 200 367123
216.245.221.92 - - [25/Jan/2024:03:53:41 -0500] "HEAD / HTTP/1.1" 200 -
186.98.72.13 - - [25/Jan/2024:03:53:41 -0500] "POST /sipse/faces/presentacion/financiero/solicitudProceso/consultarSolicitudProceso.xhtml HTTP/1.1" 200 40756
186.98.72.13 - - [25/Jan/2024:03:53:43 -0500] "GET /sipse/faces/javax.faces.resource/theme.css?ln=primefaces-sipse HTTP/1.1" 304 -
186.98.72.13 - - [25/Jan/2024:03:53:43 -0500] "GET /sipse/faces/javax.faces.resource/primefaces.css?ln=primefaces&v=4.0 HTTP/1.1" 304 -
186.98.72.13 - - [25/Jan/2024:03:53:43 -0500] "GET /sipse/faces/javax.faces.resource/layout/layout.css?ln=primefaces&v=4.0 HTTP/1.1" 304 -
186.98.72.13 - - [25/Jan/2024:03:53:43 -0500] "GET /sipse/faces/javax.faces.resource/jquery/jquery.js?ln=primefaces&v=4.0 HTTP/1.1" 304 -
186.98.72.13 - - [25/Jan/2024:03:53:44 -0500] "GET /sipse/faces/javax.faces.resource/jquery/jquery-plugins.js?ln=primefaces&v=4.0 HTTP/1.1" 304 -
186.98.72.13 - - [25/Jan/2024:03:53:44 -0500] "GET /sipse/faces/javax.faces.resource/primefaces.js?ln=primefaces&v=4.0 HTTP/1.1" 304 -
186.98.72.13 - - [25/Jan/2024:03:53:44 -0500] "GET /sipse/faces/javax.faces.resource/layout/layout.js?ln=primefaces&v=4.0 HTTP/1.1" 304 -
186.98.72.13 - - [25/Jan/2024:03:53:44 -0500] "GET /sipse/faces/javax.faces.resource/messages/messages.png?ln=primefaces&v=4.0 HTTP/1.1" 304 -
186.98.72.13 - - [25/Jan/2024:03:53:44 -0500] "POST /sipse/faces/presentacion/financiero/solicitudProceso/listarSolicitudProceso.xhtml HTTP/1.1" 200 1396
156.59.198.135 - - [25/Jan/2024:03:53:46 -0500] "GET /BLA/resoluciones/RESOLUCIONES%202010/1257.pdf HTTP/1.0" 200 114072
186.98.72.13 - - [25/Jan/2024:03:53:54 -0500] "POST /sipse/faces/presentacion/financiero/solicitudProceso/listarSolicitudProceso.xhtml HTTP/1.1" 200 139906
186.98.72.13 - - [25/Jan/2024:03:53:54 -0500] "GET /sipse/faces/javax.faces.resource/theme.css?ln=primefaces-sipse HTTP/1.1" 304 -
186.98.72.13 - - [25/Jan/2024:03:53:54 -0500] "GET /sipse/faces/javax.faces.resource/primefaces.css?ln=primefaces&v=4.0 HTTP/1.1" 304 -
186.98.72.13 - - [25/Jan/2024:03:53:54 -0500] "GET /sipse/faces/javax.faces.resource/layout/layout.css?ln=primefaces&v=4.0 HTTP/1.1" 304 -
186.98.72.13 - - [25/Jan/2024:03:53:54 -0500] "GET /sipse/faces/javax.faces.resource/jquery/jquery.js?ln=primefaces&v=4.0 HTTP/1.1" 304 -
186.98.72.13 - - [25/Jan/2024:03:53:54 -0500] "GET /sipse/faces/javax.faces.resource/jquery/jquery-plugins.js?ln=primefaces&v=4.0 HTTP/1.1" 304 -
173.252.107.3 - - [25/Jan/2024:03:53:55 -0500] "GET /images/Caminatas%20(1)%20(2).jpeg HTTP/1.1" 200 81411
186.98.72.13 - - [25/Jan/2024:03:53:55 -0500] "GET /sipse/faces/javax.faces.resource/primefaces.js?ln=primefaces&v=4.0 HTTP/1.1" 304 -
186.98.72.13 - - [25/Jan/2024:03:53:55 -0500] "GET /sipse/faces/javax.faces.resource/layout/layout.js?ln=primefaces&v=4.0 HTTP/1.1" 304 -
173.252.107.117 - - [25/Jan/2024:03:54:00 -0500] "GET /images/participacion%2019-12-23.jpg HTTP/1.1" 200 73861
173.252.107.1 - - [25/Jan/2024:03:54:00 -0500] "GET /images/arbol%20centro.jpg HTTP/1.1" 200 69467
173.252.107.116 - - [25/Jan/2024:03:54:00 -0500] "GET /images/PREAD%20SDA%201.jpeg HTTP/1.1" 200 65620
173.252.107.119 - - [25/Jan/2024:03:54:00 -0500] "GET /images/agua%20bogota.jpg HTTP/1.1" 200 74348
173.252.107.2 - - [25/Jan/2024:03:54:00 -0500] "GET /images/reconocimiento%20practicas%20ambientales.jpg HTTP/1.1" 200 63397
173.252.107.6 - - [25/Jan/2024:03:54:00 -0500] "GET /images/terrazas%20verdes.jpg HTTP/1.1" 200 63951
173.252.107.116 - - [25/Jan/2024:03:54:00 -0500] "GET /images/Musgo%2017%20-%2012%20-%202023.jpeg HTTP/1.1" 200 66238
173.252.107.3 - - [25/Jan/2024:03:54:00 -0500] "GET /images/Aves%20SDA.jpeg HTTP/1.1" 200 75104
156.59.198.136 - - [25/Jan/2024:03:54:10 -0500] "GET /BLA/resoluciones/RESOLUCIONES%202010/1226.pdf HTTP/1.0" 200 99899
156.59.198.136 - - [25/Jan/2024:03:54:36 -0500] "GET /BLA/resoluciones/RESOLUCIONES%202010/0460.pdf HTTP/1.0" 200 101120
156.59.198.136 - - [25/Jan/2024:03:55:01 -0500] "GET /BLA/resoluciones/RESOLUCIONES%202010/6507.pdf HTTP/1.0" 200 95316
156.59.198.136 - - [25/Jan/2024:03:55:24 -0500] "GET /BLA/resoluciones/RESOLUCIONES%202010/2041.pdf HTTP/1.0" 200 59245
156.59.198.136 - - [25/Jan/2024:03:55:48 -0500] "GET /BLA/resoluciones/RESOLUCIONES%202010/5761.pdf HTTP/1.0" 200 77612
156.59.198.136 - - [25/Jan/2024:03:56:12 -0500] "GET /BLA/resoluciones/RESOLUCIONES%202010/1026.pdf HTTP/1.0" 200 95833
172.22.2.4 - - [25/Jan/2024:03:54:34 -0500] "HEAD /BLA/boletinlegal/ HTTP/1.1" 200 -
156.59.198.136 - - [25/Jan/2024:03:56:36 -0500] "GET /BLA/resoluciones/RESOLUCIONES%202010/5973.pdf HTTP/1.0" 200 81626
201.245.192.253 - - [25/Jan/2024:03:56:36 -0500] "POST /kwsrmcab/Wsrmcab  HTTP/1.1" 200 35641
156.59.198.135 - - [25/Jan/2024:03:57:02 -0500] "GET /BLA/resoluciones/RESOLUCIONES%202010/5674.pdf HTTP/1.0" 200 82461
172.22.2.4 - - [25/Jan/2024:03:55:25 -0500] "GET /BLA/boletinlegal/ HTTP/1.1" 200 58720
213.180.203.49 - - [25/Jan/2024:03:57:09 -0500] "GET /robots.txt HTTP/1.1" 404 1034
87.250.224.248 - - [25/Jan/2024:03:57:10 -0500] "GET /el-ejemplo-comienza-por-casa-alcaldia-de-bogota-expide-decreto-para-reducir-plasticos-de-un-solo-uso-en-las-entidades-del-distrito.html HTTP/1.1" 200 1117
156.59.198.136 - - [25/Jan/2024:03:57:26 -0500] "GET /BLA/resoluciones/RESOLUCIONES%202010/1054.pdf HTTP/1.0" 200 110884
156.59.198.135 - - [25/Jan/2024:03:57:51 -0500] "GET /BLA/resoluciones/RESOLUCIONES%202010/0718.pdf HTTP/1.0" 200 106164
156.59.198.135 - - [25/Jan/2024:03:58:15 -0500] "GET /BLA/resoluciones/RESOLUCIONES%202010/0147.pdf HTTP/1.0" 200 112892
156.59.198.136 - - [25/Jan/2024:03:58:39 -0500] "GET /BLA/resoluciones/RESOLUCIONES%202010/0926.pdf HTTP/1.0" 200 104608
216.245.221.92 - - [25/Jan/2024:03:58:41 -0500] "HEAD / HTTP/1.1" 200 -
156.59.198.135 - - [25/Jan/2024:03:59:04 -0500] "GET /BLA/resoluciones/RESOLUCIONES%202010/1116.pdf HTTP/1.0" 200 97869
156.59.198.135 - - [25/Jan/2024:03:59:28 -0500] "GET /BLA/resoluciones/RESOLUCIONES%202010/0787.pdf HTTP/1.0" 200 102744
216.244.66.195 - - [25/Jan/2024:03:59:43 -0500] "GET /BLA/resoluciones/AUTOS%202020/0004.pdf HTTP/1.1" 200 1815614
156.59.198.135 - - [25/Jan/2024:03:59:51 -0500] "GET /BLA/resoluciones/RESOLUCIONES%202010/1004.pdf HTTP/1.0" 200 107408
156.59.198.136 - - [25/Jan/2024:04:00:15 -0500] "GET /BLA/resoluciones/RESOLUCIONES%202010/1017.pdf HTTP/1.0" 200 113904
216.244.66.195 - - [25/Jan/2024:04:00:32 -0500] "GET /BLA/resoluciones/AUTOS%202020/0037.pdf HTTP/1.1" 200 725481
156.59.198.135 - - [25/Jan/2024:04:00:40 -0500] "GET /BLA/resoluciones/RESOLUCIONES%202010/1173.pdf HTTP/1.0" 200 110864
216.244.66.195 - - [25/Jan/2024:04:01:03 -0500] "GET /BLA/resoluciones/AUTOS%202020/0099.pdf HTTP/1.1" 200 289086
156.59.198.136 - - [25/Jan/2024:04:01:05 -0500] "GET /BLA/resoluciones/RESOLUCIONES%202010/1062.pdf HTTP/1.0" 200 94871
156.59.198.135 - - [25/Jan/2024:04:01:30 -0500] "GET /BLA/resoluciones/RESOLUCIONES%202010/0728.pdf HTTP/1.0" 200 106760
216.244.66.195 - - [25/Jan/2024:04:01:32 -0500] "GET /BLA/resoluciones/AUTOS%202020/0107.pdf HTTP/1.1" 200 340083
201.245.192.253 - - [25/Jan/2024:04:01:35 -0500] "POST /kwsrmcab/Wsrmcab  HTTP/1.1" 200 35641
156.59.198.136 - - [25/Jan/2024:04:01:55 -0500] "GET /BLA/resoluciones/RESOLUCIONES%202010/4215.pdf HTTP/1.0" 200 91783
172.22.2.4 - - [25/Jan/2024:04:00:24 -0500] "HEAD /BLA/boletinlegal/ HTTP/1.1" 200 -
216.244.66.195 - - [25/Jan/2024:04:02:10 -0500] "GET /BLA/resoluciones/AUTOS%202020/0536.pdf HTTP/1.1" 200 280392
156.59.198.135 - - [25/Jan/2024:04:02:19 -0500] "GET /BLA/resoluciones/RESOLUCIONES%202010/5798.pdf HTTP/1.0" 200 37502
216.244.66.195 - - [25/Jan/2024:04:02:42 -0500] "GET /BLA/resoluciones/AUTOS%202020/0929.pdf HTTP/1.1" 200 390862
156.59.198.135 - - [25/Jan/2024:04:02:43 -0500] "GET /BLA/resoluciones/RESOLUCIONES%202010/5956.pdf HTTP/1.0" 200 70914
172.22.2.4 - - [25/Jan/2024:04:01:15 -0500] "GET /BLA/boletinlegal/ HTTP/1.1" 200 60583
156.59.198.135 - - [25/Jan/2024:04:03:09 -0500] "GET /BLA/resoluciones/RESOLUCIONES%202010/4750.pdf HTTP/1.0" 200 55194
