201.245.192.253 - - [25/Jan/2024:09:05:35 -0500] "POST /sipse/faces/presentacion/financiero/solicitudProceso/listarSolicitudProceso.xhtml HTTP/1.1" 200 1560
152.203.161.155 - - [25/Jan/2024:09:05:34 -0500] "POST /sipse/faces/presentacion/financiero/solicitudProceso/listarSolicitudProceso.xhtml HTTP/1.1" 200 59017
152.203.161.155 - - [25/Jan/2024:09:05:35 -0500] "GET /sipse/faces/javax.faces.resource/theme.css?ln=primefaces-sipse HTTP/1.1" 304 -
152.203.161.155 - - [25/Jan/2024:09:05:35 -0500] "GET /sipse/faces/javax.faces.resource/primefaces.css?ln=primefaces&v=4.0 HTTP/1.1" 304 -
152.203.161.155 - - [25/Jan/2024:09:05:35 -0500] "GET /sipse/faces/javax.faces.resource/layout/layout.css?ln=primefaces&v=4.0 HTTP/1.1" 304 -
152.203.161.155 - - [25/Jan/2024:09:05:35 -0500] "GET /sipse/faces/javax.faces.resource/jquery/jquery.js?ln=primefaces&v=4.0 HTTP/1.1" 304 -
201.245.192.253 - - [25/Jan/2024:09:05:35 -0500] "POST /sipse/faces/presentacion/financiero/solicitudProceso/listarSolicitudProceso.xhtml HTTP/1.1" 200 1556
152.203.161.155 - - [25/Jan/2024:09:05:35 -0500] "GET /sipse/faces/javax.faces.resource/jquery/jquery-plugins.js?ln=primefaces&v=4.0 HTTP/1.1" 304 -
201.245.192.253 - - [25/Jan/2024:09:05:35 -0500] "POST /sipse/faces/presentacion/financiero/solicitudProceso/listarSolicitudProceso.xhtml HTTP/1.1" 200 1560
152.203.161.155 - - [25/Jan/2024:09:05:36 -0500] "GET /sipse/faces/javax.faces.resource/primefaces.js?ln=primefaces&v=4.0 HTTP/1.1" 304 -
152.203.161.155 - - [25/Jan/2024:09:05:36 -0500] "GET /sipse/faces/javax.faces.resource/layout/layout.js?ln=primefaces&v=4.0 HTTP/1.1" 304 -
201.245.192.253 - - [25/Jan/2024:09:05:36 -0500] "POST /sipse/faces/presentacion/financiero/solicitudProceso/listarSolicitudProceso.xhtml HTTP/1.1" 200 1556
201.245.192.253 - - [25/Jan/2024:09:05:36 -0500] "POST /sipse/faces/presentacion/financiero/solicitudProceso/listarSolicitudProceso.xhtml HTTP/1.1" 200 1560
201.245.192.253 - - [25/Jan/2024:09:05:36 -0500] "POST /sipse/faces/presentacion/financiero/solicitudProceso/listarSolicitudProceso.xhtml HTTP/1.1" 200 1556
190.25.230.98 - - [25/Jan/2024:09:05:39 -0500] "POST /appsia/controlador HTTP/1.1" 200 3238
190.25.230.98 - - [25/Jan/2024:09:05:39 -0500] "GET /appsia/jscripts/validarSolicitud.js HTTP/1.1" 404 68
201.245.192.253 - - [25/Jan/2024:09:05:39 -0500] "POST /sipse/faces/presentacion/financiero/solicitudProceso/listarSolicitudProceso.xhtml HTTP/1.1" 200 61376
201.245.192.253 - - [25/Jan/2024:09:05:39 -0500] "GET /sipse/faces/javax.faces.resource/layout/layout.css?ln=primefaces&v=4.0 HTTP/1.1" 304 -
201.245.192.253 - - [25/Jan/2024:09:05:39 -0500] "GET /sipse/faces/javax.faces.resource/theme.css?ln=primefaces-sipse HTTP/1.1" 304 -
201.245.192.253 - - [25/Jan/2024:09:05:39 -0500] "GET /sipse/faces/javax.faces.resource/primefaces.css?ln=primefaces&v=4.0 HTTP/1.1" 304 -
201.245.192.253 - - [25/Jan/2024:09:05:39 -0500] "GET /sipse/faces/javax.faces.resource/jquery/jquery.js?ln=primefaces&v=4.0 HTTP/1.1" 304 -
201.245.192.253 - - [25/Jan/2024:09:05:39 -0500] "GET /sipse/faces/javax.faces.resource/jquery/jquery-plugins.js?ln=primefaces&v=4.0 HTTP/1.1" 304 -
201.245.192.253 - - [25/Jan/2024:09:05:39 -0500] "GET /sipse/faces/javax.faces.resource/primefaces.js?ln=primefaces&v=4.0 HTTP/1.1" 304 -
201.245.192.253 - - [25/Jan/2024:09:05:39 -0500] "GET /sipse/faces/javax.faces.resource/layout/layout.js?ln=primefaces&v=4.0 HTTP/1.1" 304 -
201.245.192.253 - - [25/Jan/2024:09:05:39 -0500] "GET /sipse/css/imagen/contrasena.png HTTP/1.1" 404 383
190.25.230.98 - - [25/Jan/2024:09:05:40 -0500] "POST /appsia/controlador HTTP/1.1" 200 5437
152.203.161.155 - - [25/Jan/2024:09:05:41 -0500] "POST /sipse/faces/presentacion/financiero/solicitudProceso/crearModificarSolicitudProceso.xhtml HTTP/1.1" 200 51772
201.245.192.253 - - [25/Jan/2024:09:05:43 -0500] "POST /sipse/faces/presentacion/financiero/solicitudProceso/crearModificarSolicitudProceso.xhtml HTTP/1.1" 200 51772
216.244.66.195 - - [25/Jan/2024:09:05:46 -0500] "GET /BLA/resoluciones/AUTOS%202015/1068.pdf HTTP/1.1" 200 553179
152.203.161.155 - - [25/Jan/2024:09:05:46 -0500] "POST /sipse/faces/presentacion/financiero/solicitudProceso/crearModificarSolicitudProceso.xhtml HTTP/1.1" 200 25137
186.84.21.136 - - [25/Jan/2024:09:05:49 -0500] "POST /sipse/faces/presentacion/financiero/solicitudProceso/consultarSolicitudProceso.xhtml HTTP/1.1" 200 5614
181.53.13.222 - - [25/Jan/2024:09:05:51 -0500] "POST /sipse/faces/presentacion/financiero/estudioPrevio/personalSolicitado/expedirExperienciaIdoneidad.xhtml HTTP/1.1" 200 5681
181.53.13.222 - - [25/Jan/2024:09:05:51 -0500] "POST /sipse/faces/presentacion/financiero/estudioPrevio/personalSolicitado/expedirExperienciaIdoneidad.xhtml HTTP/1.1" 200 32136
181.53.13.222 - - [25/Jan/2024:09:05:52 -0500] "GET /sipse/faces/javax.faces.resource/theme.css?ln=primefaces-sipse HTTP/1.1" 304 -
181.53.13.222 - - [25/Jan/2024:09:05:52 -0500] "GET /sipse/faces/javax.faces.resource/primefaces.css?ln=primefaces&v=4.0 HTTP/1.1" 304 -
181.53.13.222 - - [25/Jan/2024:09:05:52 -0500] "GET /sipse/faces/javax.faces.resource/layout/layout.css?ln=primefaces&v=4.0 HTTP/1.1" 304 -
181.53.13.222 - - [25/Jan/2024:09:05:52 -0500] "GET /sipse/faces/javax.faces.resource/jquery/jquery.js?ln=primefaces&v=4.0 HTTP/1.1" 304 -
181.53.13.222 - - [25/Jan/2024:09:05:52 -0500] "GET /sipse/faces/javax.faces.resource/jquery/jquery-plugins.js?ln=primefaces&v=4.0 HTTP/1.1" 304 -
181.53.13.222 - - [25/Jan/2024:09:05:52 -0500] "GET /sipse/faces/javax.faces.resource/primefaces.js?ln=primefaces&v=4.0 HTTP/1.1" 304 -
181.53.13.222 - - [25/Jan/2024:09:05:52 -0500] "GET /sipse/faces/javax.faces.resource/layout/layout.js?ln=primefaces&v=4.0 HTTP/1.1" 304 -
181.53.13.235 - - [25/Jan/2024:09:05:54 -0500] "GET /sipse/faces/index.xhtml HTTP/1.1" 200 677
181.53.13.235 - - [25/Jan/2024:09:05:54 -0500] "GET /sipse/faces/javax.faces.resource/theme.css?ln=primefaces-sipse HTTP/1.1" 304 -
181.53.13.235 - - [25/Jan/2024:09:05:55 -0500] "GET /sipse/faces/faces/autenticacion.xhtml HTTP/1.1" 200 12402
181.53.13.235 - - [25/Jan/2024:09:05:55 -0500] "GET /sipse/js/disable_browser_buttons.js HTTP/1.1" 200 3230
181.53.13.235 - - [25/Jan/2024:09:05:55 -0500] "GET /sipse/js/funciones.js HTTP/1.1" 200 12592
181.53.13.235 - - [25/Jan/2024:09:05:55 -0500] "GET /sipse/css/custom_css_sg_prime_login.css HTTP/1.1" 200 443
181.53.13.235 - - [25/Jan/2024:09:05:55 -0500] "GET /sipse/css/custom_css_sg.css HTTP/1.1" 200 9694
181.53.13.235 - - [25/Jan/2024:09:05:55 -0500] "GET /sipse/faces/javax.faces.resource/theme.css?ln=primefaces-sipse HTTP/1.1" 304 -
181.53.13.235 - - [25/Jan/2024:09:05:55 -0500] "GET /sipse/faces/javax.faces.resource/primefaces.css?ln=primefaces&v=4.0 HTTP/1.1" 304 -
181.53.13.235 - - [25/Jan/2024:09:05:55 -0500] "GET /sipse/faces/javax.faces.resource/layout/layout.css?ln=primefaces&v=4.0 HTTP/1.1" 304 -
181.53.13.235 - - [25/Jan/2024:09:05:55 -0500] "GET /sipse/faces/javax.faces.resource/jquery/jquery.js?ln=primefaces&v=4.0 HTTP/1.1" 304 -
181.53.13.235 - - [25/Jan/2024:09:05:55 -0500] "GET /sipse/faces/javax.faces.resource/primefaces.js?ln=primefaces&v=4.0 HTTP/1.1" 304 -
181.53.13.235 - - [25/Jan/2024:09:05:55 -0500] "GET /sipse/faces/javax.faces.resource/jquery/jquery-plugins.js?ln=primefaces&v=4.0 HTTP/1.1" 304 -
181.53.13.235 - - [25/Jan/2024:09:05:55 -0500] "GET /sipse/faces/javax.faces.resource/layout/layout.js?ln=primefaces&v=4.0 HTTP/1.1" 304 -
190.84.43.161 - - [25/Jan/2024:09:05:55 -0500] "GET /sipse/faces/index.xhtml HTTP/1.1" 200 677
190.84.43.161 - - [25/Jan/2024:09:05:56 -0500] "GET /sipse/faces/javax.faces.resource/theme.css?ln=primefaces-sipse HTTP/1.1" 304 -
181.53.13.235 - - [25/Jan/2024:09:05:56 -0500] "GET /sipse/css/imagen/logoSDG.png HTTP/1.1" 200 53064
181.53.13.235 - - [25/Jan/2024:09:05:56 -0500] "GET /sipse/css/imagen/loginimg.png HTTP/1.1" 200 71635
181.53.13.235 - - [25/Jan/2024:09:05:56 -0500] "GET /sipse/faces/javax.faces.resource/images/ui-icons_898989_256x240.png?ln=primefaces-aristo HTTP/1.1" 304 -
190.84.43.161 - - [25/Jan/2024:09:05:56 -0500] "GET /sipse/faces/faces/autenticacion.xhtml HTTP/1.1" 200 12402
190.84.43.161 - - [25/Jan/2024:09:05:56 -0500] "GET /sipse/faces/javax.faces.resource/theme.css?ln=primefaces-sipse HTTP/1.1" 304 -
190.84.43.161 - - [25/Jan/2024:09:05:56 -0500] "GET /sipse/faces/javax.faces.resource/primefaces.css?ln=primefaces&v=4.0 HTTP/1.1" 304 -
190.84.43.161 - - [25/Jan/2024:09:05:56 -0500] "GET /sipse/css/custom_css_sg.css HTTP/1.1" 304 -
190.84.43.161 - - [25/Jan/2024:09:05:56 -0500] "GET /sipse/js/funciones.js HTTP/1.1" 304 -
190.84.43.161 - - [25/Jan/2024:09:05:56 -0500] "GET /sipse/faces/javax.faces.resource/layout/layout.css?ln=primefaces&v=4.0 HTTP/1.1" 304 -
190.84.43.161 - - [25/Jan/2024:09:05:56 -0500] "GET /sipse/css/custom_css_sg_prime_login.css HTTP/1.1" 304 -
190.84.43.161 - - [25/Jan/2024:09:05:56 -0500] "GET /sipse/faces/javax.faces.resource/jquery/jquery.js?ln=primefaces&v=4.0 HTTP/1.1" 304 -
190.84.43.161 - - [25/Jan/2024:09:05:56 -0500] "GET /sipse/js/disable_browser_buttons.js HTTP/1.1" 304 -
190.84.43.161 - - [25/Jan/2024:09:05:56 -0500] "GET /sipse/faces/javax.faces.resource/primefaces.js?ln=primefaces&v=4.0 HTTP/1.1" 304 -
190.84.43.161 - - [25/Jan/2024:09:05:56 -0500] "GET /sipse/faces/javax.faces.resource/jquery/jquery-plugins.js?ln=primefaces&v=4.0 HTTP/1.1" 304 -
190.84.43.161 - - [25/Jan/2024:09:05:56 -0500] "GET /sipse/faces/javax.faces.resource/layout/layout.js?ln=primefaces&v=4.0 HTTP/1.1" 304 -
190.84.43.161 - - [25/Jan/2024:09:05:56 -0500] "GET /sipse/css/imagen/logoSDG.png HTTP/1.1" 304 -
190.84.43.161 - - [25/Jan/2024:09:05:57 -0500] "GET /sipse/css/imagen/loginimg.png HTTP/1.1" 304 -
190.84.43.161 - - [25/Jan/2024:09:05:57 -0500] "GET /sipse/faces/javax.faces.resource/images/ui-icons_898989_256x240.png?ln=primefaces-aristo HTTP/1.1" 304 -
201.245.192.253 - - [25/Jan/2024:09:05:59 -0500] "POST /sipse/faces/presentacion/financiero/solicitudProceso/crearModificarSolicitudProceso.xhtml HTTP/1.1" 200 25137
181.53.13.235 - - [25/Jan/2024:09:06:02 -0500] "POST /sipse/faces/autenticacion.xhtml HTTP/1.1" 200 2220
181.53.13.235 - - [25/Jan/2024:09:06:02 -0500] "GET /sipse/faces/javax.faces.resource/messages/messages.png?ln=primefaces&v=4.0 HTTP/1.1" 304 -
201.245.192.253 - - [25/Jan/2024:09:06:02 -0500] "POST /sipse/faces/presentacion/financiero/solicitudProceso/consultarSolicitudProceso.xhtml HTTP/1.1" 200 911
190.84.43.161 - - [25/Jan/2024:09:06:03 -0500] "POST /sipse/faces/autenticacion.xhtml HTTP/1.1" 200 2219
190.84.43.161 - - [25/Jan/2024:09:06:03 -0500] "GET /sipse/faces/javax.faces.resource/messages/messages.png?ln=primefaces&v=4.0 HTTP/1.1" 304 -
201.245.192.253 - - [25/Jan/2024:09:06:04 -0500] "GET /sipse/faces/javax.faces.resource/images/ui-bg_flat_0_2d5972_40x100.png?ln=primefaces-aristo HTTP/1.1" 304 -
201.245.192.253 - - [25/Jan/2024:09:06:04 -0500] "POST /sipse/faces/bienvenido.xhtml HTTP/1.1" 200 9243
201.245.192.253 - - [25/Jan/2024:09:06:04 -0500] "GET /sipse/faces/faces/faces/autenticacion HTTP/1.1" 302 -
201.245.192.253 - - [25/Jan/2024:09:06:04 -0500] "GET /sipse/faces/autenticacion.xhtml HTTP/1.1" 200 12402
201.245.192.253 - - [25/Jan/2024:09:06:04 -0500] "GET /sipse/faces/javax.faces.resource/theme.css?ln=primefaces-sipse HTTP/1.1" 304 -
201.245.192.253 - - [25/Jan/2024:09:06:04 -0500] "GET /sipse/faces/javax.faces.resource/layout/layout.css?ln=primefaces&v=4.0 HTTP/1.1" 304 -
201.245.192.253 - - [25/Jan/2024:09:06:04 -0500] "GET /sipse/faces/javax.faces.resource/jquery/jquery-plugins.js?ln=primefaces&v=4.0 HTTP/1.1" 304 -
201.245.192.253 - - [25/Jan/2024:09:06:04 -0500] "GET /sipse/faces/javax.faces.resource/primefaces.js?ln=primefaces&v=4.0 HTTP/1.1" 304 -
201.245.192.253 - - [25/Jan/2024:09:06:04 -0500] "GET /sipse/faces/javax.faces.resource/layout/layout.js?ln=primefaces&v=4.0 HTTP/1.1" 304 -
201.245.192.253 - - [25/Jan/2024:09:06:04 -0500] "GET /sipse/faces/javax.faces.resource/jquery/jquery.js?ln=primefaces&v=4.0 HTTP/1.1" 304 -
201.245.192.253 - - [25/Jan/2024:09:06:04 -0500] "GET /sipse/faces/javax.faces.resource/primefaces.css?ln=primefaces&v=4.0 HTTP/1.1" 304 -
201.245.192.253 - - [25/Jan/2024:09:06:04 -0500] "GET /sipse/faces/javax.faces.resource/images/ui-icons_898989_256x240.png?ln=primefaces-aristo HTTP/1.1" 200 5355
201.245.192.253 - - [25/Jan/2024:09:06:04 -0500] "GET /favicon.ico HTTP/1.1" 200 7782
181.53.13.235 - - [25/Jan/2024:09:06:05 -0500] "POST /sipse/faces/autenticacion.xhtml HTTP/1.1" 200 16352
181.53.13.235 - - [25/Jan/2024:09:06:05 -0500] "GET /sipse/css/custom_css_sg_prime.css HTTP/1.1" 200 5201
181.53.13.235 - - [25/Jan/2024:09:06:05 -0500] "GET /sipse/faces/javax.faces.resource/theme.css?ln=primefaces-sipse HTTP/1.1" 304 -
181.53.13.235 - - [25/Jan/2024:09:06:05 -0500] "GET /sipse/faces/javax.faces.resource/primefaces.css?ln=primefaces&v=4.0 HTTP/1.1" 304 -
181.53.13.235 - - [25/Jan/2024:09:06:05 -0500] "GET /sipse/faces/javax.faces.resource/layout/layout.css?ln=primefaces&v=4.0 HTTP/1.1" 304 -
181.53.13.235 - - [25/Jan/2024:09:06:05 -0500] "GET /sipse/js/jquery.min.js HTTP/1.1" 200 85582
181.53.13.235 - - [25/Jan/2024:09:06:05 -0500] "GET /sipse/faces/javax.faces.resource/jquery/jquery.js?ln=primefaces&v=4.0 HTTP/1.1" 304 -
181.53.13.235 - - [25/Jan/2024:09:06:05 -0500] "GET /sipse/faces/javax.faces.resource/jquery/jquery-plugins.js?ln=primefaces&v=4.0 HTTP/1.1" 304 -
190.84.43.161 - - [25/Jan/2024:09:06:05 -0500] "POST /sipse/faces/autenticacion.xhtml HTTP/1.1" 200 16341
190.84.43.161 - - [25/Jan/2024:09:06:05 -0500] "GET /sipse/css/custom_css_sg_prime.css HTTP/1.1" 304 -
190.84.43.161 - - [25/Jan/2024:09:06:05 -0500] "GET /sipse/faces/javax.faces.resource/theme.css?ln=primefaces-sipse HTTP/1.1" 304 -
190.84.43.161 - - [25/Jan/2024:09:06:05 -0500] "GET /sipse/faces/javax.faces.resource/primefaces.css?ln=primefaces&v=4.0 HTTP/1.1" 304 -
190.84.43.161 - - [25/Jan/2024:09:06:05 -0500] "GET /sipse/faces/javax.faces.resource/layout/layout.css?ln=primefaces&v=4.0 HTTP/1.1" 304 -
190.84.43.161 - - [25/Jan/2024:09:06:05 -0500] "GET /sipse/js/jquery.min.js HTTP/1.1" 304 -
190.84.43.161 - - [25/Jan/2024:09:06:05 -0500] "GET /sipse/faces/javax.faces.resource/jquery/jquery.js?ln=primefaces&v=4.0 HTTP/1.1" 304 -
181.53.13.222 - - [25/Jan/2024:09:06:05 -0500] "POST /sipse/faces/presentacion/contratacion/procesoContractual/registrarInvitacionContratista.xhtml HTTP/1.1" 200 9689
190.84.43.161 - - [25/Jan/2024:09:06:05 -0500] "GET /sipse/faces/javax.faces.resource/jquery/jquery-plugins.js?ln=primefaces&v=4.0 HTTP/1.1" 304 -
190.84.43.161 - - [25/Jan/2024:09:06:05 -0500] "GET /sipse/faces/javax.faces.resource/primefaces.js?ln=primefaces&v=4.0 HTTP/1.1" 304 -
190.84.43.161 - - [25/Jan/2024:09:06:05 -0500] "GET /sipse/faces/javax.faces.resource/layout/layout.js?ln=primefaces&v=4.0 HTTP/1.1" 304 -
190.84.43.161 - - [25/Jan/2024:09:06:05 -0500] "GET /sipse/css/v_mergente.css HTTP/1.1" 304 -
181.53.13.235 - - [25/Jan/2024:09:06:05 -0500] "GET /sipse/faces/javax.faces.resource/primefaces.js?ln=primefaces&v=4.0 HTTP/1.1" 304 -
190.84.43.161 - - [25/Jan/2024:09:06:05 -0500] "GET /sipse/css/imagen/contrasena.png HTTP/1.1" 404 383
190.84.43.161 - - [25/Jan/2024:09:06:05 -0500] "GET /sipse/imagenes/cargando.gif HTTP/1.1" 304 -
190.84.43.161 - - [25/Jan/2024:09:06:05 -0500] "GET /sipse/imagenes/logoAplicacion.jpg HTTP/1.1" 304 -
181.53.13.235 - - [25/Jan/2024:09:06:06 -0500] "GET /sipse/faces/javax.faces.resource/layout/layout.js?ln=primefaces&v=4.0 HTTP/1.1" 304 -
181.53.13.235 - - [25/Jan/2024:09:06:06 -0500] "GET /sipse/css/v_mergente.css HTTP/1.1" 200 1505
201.245.192.253 - - [25/Jan/2024:09:06:06 -0500] "POST /sipse/faces/bienvenido.xhtml HTTP/1.1" 200 1473
181.53.13.235 - - [25/Jan/2024:09:06:06 -0500] "GET /sipse/css/imagen/contrasena.png HTTP/1.1" 404 383
181.53.13.235 - - [25/Jan/2024:09:06:06 -0500] "GET /sipse/imagenes/cargando.gif HTTP/1.1" 200 36959
181.53.13.235 - - [25/Jan/2024:09:06:06 -0500] "GET /sipse/imagenes/logoAplicacion.jpg HTTP/1.1" 200 155084
201.245.192.253 - - [25/Jan/2024:09:06:06 -0500] "POST /sipse/faces/presentacion/financiero/solicitudProceso/crearModificarSolicitudProceso.xhtml HTTP/1.1" 200 6307
201.245.192.253 - - [25/Jan/2024:09:06:06 -0500] "POST /sipse/faces/bienvenido.xhtml HTTP/1.1" 200 37757
201.245.192.253 - - [25/Jan/2024:09:06:06 -0500] "GET /sipse/faces/javax.faces.resource/theme.css?ln=primefaces-sipse HTTP/1.1" 304 -
201.245.192.253 - - [25/Jan/2024:09:06:06 -0500] "GET /sipse/faces/javax.faces.resource/primefaces.css?ln=primefaces&v=4.0 HTTP/1.1" 304 -
201.245.192.253 - - [25/Jan/2024:09:06:06 -0500] "GET /sipse/faces/javax.faces.resource/layout/layout.css?ln=primefaces&v=4.0 HTTP/1.1" 304 -
201.245.192.253 - - [25/Jan/2024:09:06:06 -0500] "GET /sipse/faces/javax.faces.resource/jquery/jquery.js?ln=primefaces&v=4.0 HTTP/1.1" 304 -
201.245.192.253 - - [25/Jan/2024:09:06:06 -0500] "GET /sipse/faces/javax.faces.resource/jquery/jquery-plugins.js?ln=primefaces&v=4.0 HTTP/1.1" 304 -
201.245.192.253 - - [25/Jan/2024:09:06:06 -0500] "GET /sipse/faces/javax.faces.resource/primefaces.js?ln=primefaces&v=4.0 HTTP/1.1" 304 -
201.245.192.253 - - [25/Jan/2024:09:06:06 -0500] "GET /sipse/faces/javax.faces.resource/layout/layout.js?ln=primefaces&v=4.0 HTTP/1.1" 304 -
190.84.43.161 - - [25/Jan/2024:09:06:08 -0500] "GET /sipse/faces/javax.faces.resource/images/ui-bg_flat_0_2d5972_40x100.png?ln=primefaces-aristo HTTP/1.1" 304 -
190.84.43.161 - - [25/Jan/2024:09:06:08 -0500] "POST /sipse/faces/bienvenido.xhtml HTTP/1.1" 200 2658
201.245.192.253 - - [25/Jan/2024:09:06:09 -0500] "POST /sipse/faces/autenticacion.xhtml HTTP/1.1" 200 2173
201.245.192.253 - - [25/Jan/2024:09:06:09 -0500] "GET /sipse/faces/javax.faces.resource/messages/messages.png?ln=primefaces&v=4.0 HTTP/1.1" 200 27209
201.245.192.253 - - [25/Jan/2024:09:06:09 -0500] "POST /sipse/faces/presentacion/financiero/solicitudProceso/consultar.xhtml HTTP/1.1" 200 12793
181.53.13.235 - - [25/Jan/2024:09:06:10 -0500] "GET /sipse/faces/javax.faces.resource/images/ui-bg_flat_0_2d5972_40x100.png?ln=primefaces-aristo HTTP/1.1" 304 -
181.53.13.235 - - [25/Jan/2024:09:06:10 -0500] "POST /sipse/faces/bienvenido.xhtml HTTP/1.1" 200 2073
186.155.149.236 - - [25/Jan/2024:09:06:10 -0500] "POST /sipse/faces/presentacion/financiero/solicitudProceso/consultarSolicitudProceso.xhtml HTTP/1.1" 200 138832
181.53.13.222 - - [25/Jan/2024:09:06:11 -0500] "POST /sipse/faces/presentacion/contratacion/procesoContractual/registrarInvitacionContratista.xhtml HTTP/1.1" 200 9242
190.84.43.161 - - [25/Jan/2024:09:06:11 -0500] "POST /sipse/faces/bienvenido.xhtml HTTP/1.1" 200 64534
190.84.43.161 - - [25/Jan/2024:09:06:11 -0500] "GET /sipse/faces/javax.faces.resource/theme.css?ln=primefaces-sipse HTTP/1.1" 304 -
190.84.43.161 - - [25/Jan/2024:09:06:11 -0500] "GET /sipse/faces/javax.faces.resource/primefaces.css?ln=primefaces&v=4.0 HTTP/1.1" 304 -
190.84.43.161 - - [25/Jan/2024:09:06:11 -0500] "GET /sipse/faces/javax.faces.resource/layout/layout.css?ln=primefaces&v=4.0 HTTP/1.1" 304 -
190.84.43.161 - - [25/Jan/2024:09:06:11 -0500] "GET /sipse/faces/javax.faces.resource/jquery/jquery.js?ln=primefaces&v=4.0 HTTP/1.1" 304 -
190.84.43.161 - - [25/Jan/2024:09:06:11 -0500] "GET /sipse/faces/javax.faces.resource/jquery/jquery-plugins.js?ln=primefaces&v=4.0 HTTP/1.1" 304 -
190.84.43.161 - - [25/Jan/2024:09:06:11 -0500] "GET /sipse/faces/javax.faces.resource/primefaces.js?ln=primefaces&v=4.0 HTTP/1.1" 304 -
190.84.43.161 - - [25/Jan/2024:09:06:11 -0500] "GET /sipse/faces/javax.faces.resource/layout/layout.js?ln=primefaces&v=4.0 HTTP/1.1" 304 -
190.84.43.161 - - [25/Jan/2024:09:06:12 -0500] "POST /sipse/faces/presentacion/financiero/solicitudProceso/listarSolicitudProceso.xhtml HTTP/1.1" 200 1556
181.53.13.222 - - [25/Jan/2024:09:06:13 -0500] "GET /sipse/faces/javax.faces.resource/images/ui-icons_898989_256x240.png?ln=primefaces-aristo HTTP/1.1" 304 -
201.245.192.253 - - [25/Jan/2024:09:06:13 -0500] "POST /sipse/faces/presentacion/financiero/solicitudProceso/crearModificarSolicitudProceso.xhtml HTTP/1.1" 200 9552
172.22.2.4 - - [25/Jan/2024:09:04:34 -0500] "GET /BLA/boletinlegal/ HTTP/1.1" 200 61050
181.53.13.222 - - [25/Jan/2024:09:06:14 -0500] "POST /sipse/faces/presentacion/contratacion/procesoContractual/registrarInvitacionContratista.xhtml HTTP/1.1" 200 40453
181.53.13.222 - - [25/Jan/2024:09:06:14 -0500] "GET /sipse/faces/javax.faces.resource/layout/layout.css?ln=primefaces&v=4.0 HTTP/1.1" 304 -
181.53.13.222 - - [25/Jan/2024:09:06:14 -0500] "GET /sipse/faces/javax.faces.resource/theme.css?ln=primefaces-sipse HTTP/1.1" 304 -
181.53.13.222 - - [25/Jan/2024:09:06:14 -0500] "GET /sipse/faces/javax.faces.resource/primefaces.css?ln=primefaces&v=4.0 HTTP/1.1" 304 -
181.53.13.222 - - [25/Jan/2024:09:06:14 -0500] "GET /sipse/faces/javax.faces.resource/jquery/jquery.js?ln=primefaces&v=4.0 HTTP/1.1" 304 -
181.53.13.222 - - [25/Jan/2024:09:06:14 -0500] "GET /sipse/faces/javax.faces.resource/jquery/jquery-plugins.js?ln=primefaces&v=4.0 HTTP/1.1" 304 -
181.53.13.222 - - [25/Jan/2024:09:06:14 -0500] "GET /sipse/faces/javax.faces.resource/primefaces.js?ln=primefaces&v=4.0 HTTP/1.1" 304 -
181.53.13.222 - - [25/Jan/2024:09:06:15 -0500] "GET /sipse/faces/javax.faces.resource/layout/layout.js?ln=primefaces&v=4.0 HTTP/1.1" 304 -
181.53.13.235 - - [25/Jan/2024:09:06:13 -0500] "POST /sipse/faces/bienvenido.xhtml HTTP/1.1" 200 38979
181.53.13.235 - - [25/Jan/2024:09:06:15 -0500] "GET /sipse/faces/javax.faces.resource/theme.css?ln=primefaces-sipse HTTP/1.1" 304 -
181.53.13.235 - - [25/Jan/2024:09:06:15 -0500] "GET /sipse/faces/javax.faces.resource/primefaces.css?ln=primefaces&v=4.0 HTTP/1.1" 304 -
181.53.13.235 - - [25/Jan/2024:09:06:15 -0500] "GET /sipse/faces/javax.faces.resource/layout/layout.css?ln=primefaces&v=4.0 HTTP/1.1" 304 -
181.53.13.235 - - [25/Jan/2024:09:06:15 -0500] "GET /sipse/faces/javax.faces.resource/jquery/jquery.js?ln=primefaces&v=4.0 HTTP/1.1" 304 -
181.53.13.235 - - [25/Jan/2024:09:06:15 -0500] "GET /sipse/faces/javax.faces.resource/jquery/jquery-plugins.js?ln=primefaces&v=4.0 HTTP/1.1" 304 -
181.53.13.235 - - [25/Jan/2024:09:06:15 -0500] "GET /sipse/faces/javax.faces.resource/primefaces.js?ln=primefaces&v=4.0 HTTP/1.1" 304 -
181.53.13.235 - - [25/Jan/2024:09:06:15 -0500] "GET /sipse/faces/javax.faces.resource/layout/layout.js?ln=primefaces&v=4.0 HTTP/1.1" 304 -
216.244.66.195 - - [25/Jan/2024:09:06:17 -0500] "GET /BLA/resoluciones/AUTOS%202015/3197.pdf HTTP/1.1" 200 566313
152.203.161.155 - - [25/Jan/2024:09:06:17 -0500] "POST /sipse/faces/presentacion/financiero/solicitudProceso/crearModificarSolicitudProceso.xhtml HTTP/1.1" 200 6307
181.53.13.222 - - [25/Jan/2024:09:06:18 -0500] "POST /sipse/faces/presentacion/financiero/estudioPrevio/personalSolicitado/expedirExperienciaIdoneidad.xhtml HTTP/1.1" 200 22706
181.53.13.222 - - [25/Jan/2024:09:06:18 -0500] "GET /sipse/faces/javax.faces.resource/theme.css?ln=primefaces-sipse HTTP/1.1" 304 -
181.53.13.222 - - [25/Jan/2024:09:06:18 -0500] "GET /sipse/faces/javax.faces.resource/layout/layout.css?ln=primefaces&v=4.0 HTTP/1.1" 304 -
181.53.13.222 - - [25/Jan/2024:09:06:18 -0500] "GET /sipse/faces/javax.faces.resource/primefaces.css?ln=primefaces&v=4.0 HTTP/1.1" 304 -
181.53.13.222 - - [25/Jan/2024:09:06:18 -0500] "GET /sipse/faces/javax.faces.resource/jquery/jquery.js?ln=primefaces&v=4.0 HTTP/1.1" 304 -
181.53.13.222 - - [25/Jan/2024:09:06:18 -0500] "GET /sipse/faces/javax.faces.resource/jquery/jquery-plugins.js?ln=primefaces&v=4.0 HTTP/1.1" 304 -
181.53.13.222 - - [25/Jan/2024:09:06:18 -0500] "GET /sipse/faces/javax.faces.resource/primefaces.js?ln=primefaces&v=4.0 HTTP/1.1" 304 -
181.53.13.222 - - [25/Jan/2024:09:06:18 -0500] "GET /sipse/faces/javax.faces.resource/layout/layout.js?ln=primefaces&v=4.0 HTTP/1.1" 304 -
186.102.37.167 - - [25/Jan/2024:09:06:18 -0500] "GET /appsia/controlador HTTP/1.1" 200 4799
186.102.37.167 - - [25/Jan/2024:09:06:19 -0500] "GET /appsia/css/estilos.css HTTP/1.1" 200 4804
186.102.37.167 - - [25/Jan/2024:09:06:19 -0500] "GET /appsia/scripts/validarIngreso.js HTTP/1.1" 200 851
186.102.37.167 - - [25/Jan/2024:09:06:19 -0500] "GET /appsia/images/cabezoteHojaVida.png HTTP/1.1" 200 32493
186.102.37.167 - - [25/Jan/2024:09:06:19 -0500] "GET /appsia/images/logo_bogota_p.png HTTP/1.1" 200 14951
186.102.37.167 - - [25/Jan/2024:09:06:20 -0500] "GET /favicon.ico HTTP/1.1" 200 7782
201.245.192.253 - - [25/Jan/2024:09:06:20 -0500] "POST /sipse/faces/presentacion/financiero/solicitudProceso/crearModificarSolicitudProceso.xhtml HTTP/1.1" 200 7346
181.53.13.235 - - [25/Jan/2024:09:06:23 -0500] "POST /sipse/faces/presentacion/financiero/solicitudProceso/consultar.xhtml HTTP/1.1" 200 12873
152.203.161.155 - - [25/Jan/2024:09:06:29 -0500] "POST /sipse/faces/presentacion/financiero/solicitudProceso/crearModificarSolicitudProceso.xhtml HTTP/1.1" 200 9552
201.245.192.253 - - [25/Jan/2024:09:06:32 -0500] "POST /sipse/faces/autenticacion.xhtml HTTP/1.1" 200 2185
152.203.161.155 - - [25/Jan/2024:09:06:32 -0500] "POST /sipse/faces/presentacion/financiero/solicitudProceso/crearModificarSolicitudProceso.xhtml HTTP/1.1" 200 7346
201.245.192.253 - - [25/Jan/2024:09:06:37 -0500] "POST /sipse/faces/autenticacion.xhtml HTTP/1.1" 200 11154
201.245.192.253 - - [25/Jan/2024:09:06:37 -0500] "GET /sipse/faces/javax.faces.resource/jquery/jquery.js?ln=primefaces&v=4.0 HTTP/1.1" 304 -
201.245.192.253 - - [25/Jan/2024:09:06:37 -0500] "GET /sipse/faces/javax.faces.resource/jquery/jquery-plugins.js?ln=primefaces&v=4.0 HTTP/1.1" 304 -
201.245.192.253 - - [25/Jan/2024:09:06:37 -0500] "GET /sipse/faces/javax.faces.resource/primefaces.js?ln=primefaces&v=4.0 HTTP/1.1" 304 -
201.245.192.253 - - [25/Jan/2024:09:06:37 -0500] "GET /sipse/faces/javax.faces.resource/layout/layout.js?ln=primefaces&v=4.0 HTTP/1.1" 304 -
152.203.161.155 - - [25/Jan/2024:09:06:42 -0500] "POST /sipse/faces/presentacion/financiero/solicitudProceso/crearModificarSolicitudProceso.xhtml HTTP/1.1" 200 24588
201.245.192.253 - - [25/Jan/2024:09:06:42 -0500] "POST /sipse/faces/presentacion/sistema/seguridad/seleccionRol.xhtml HTTP/1.1" 200 5863
152.203.161.155 - - [25/Jan/2024:09:06:42 -0500] "GET /sipse/faces/javax.faces.resource/theme.css?ln=primefaces-sipse HTTP/1.1" 304 -
152.203.161.155 - - [25/Jan/2024:09:06:42 -0500] "GET /sipse/faces/javax.faces.resource/primefaces.css?ln=primefaces&v=4.0 HTTP/1.1" 304 -
152.203.161.155 - - [25/Jan/2024:09:06:42 -0500] "GET /sipse/faces/javax.faces.resource/layout/layout.css?ln=primefaces&v=4.0 HTTP/1.1" 304 -
152.203.161.155 - - [25/Jan/2024:09:06:42 -0500] "GET /sipse/faces/javax.faces.resource/jquery/jquery.js?ln=primefaces&v=4.0 HTTP/1.1" 304 -
152.203.161.155 - - [25/Jan/2024:09:06:42 -0500] "GET /sipse/faces/javax.faces.resource/jquery/jquery-plugins.js?ln=primefaces&v=4.0 HTTP/1.1" 304 -
152.203.161.155 - - [25/Jan/2024:09:06:42 -0500] "GET /sipse/faces/javax.faces.resource/primefaces.js?ln=primefaces&v=4.0 HTTP/1.1" 304 -
152.203.161.155 - - [25/Jan/2024:09:06:42 -0500] "GET /sipse/faces/javax.faces.resource/layout/layout.js?ln=primefaces&v=4.0 HTTP/1.1" 304 -
186.102.37.167 - - [25/Jan/2024:09:06:43 -0500] "POST /appsia/controlador HTTP/1.1" 200 5437
201.245.192.253 - - [25/Jan/2024:09:06:44 -0500] "GET /sipse/faces/javax.faces.resource/images/ui-bg_flat_0_2d5972_40x100.png?ln=primefaces-aristo HTTP/1.1" 200 183
186.155.149.236 - - [25/Jan/2024:09:06:45 -0500] "POST /sipse/faces/presentacion/financiero/solicitudProceso/consultarSolicitudProceso.xhtml HTTP/1.1" 200 82118
201.245.192.253 - - [25/Jan/2024:09:06:45 -0500] "POST /sipse/faces/presentacion/sistema/seguridad/seleccionRol.xhtml HTTP/1.1" 200 16344
201.245.192.253 - - [25/Jan/2024:09:06:45 -0500] "GET /sipse/faces/javax.faces.resource/jquery/jquery.js?ln=primefaces&v=4.0 HTTP/1.1" 304 -
201.245.192.253 - - [25/Jan/2024:09:06:45 -0500] "GET /sipse/faces/javax.faces.resource/jquery/jquery-plugins.js?ln=primefaces&v=4.0 HTTP/1.1" 304 -
201.245.192.253 - - [25/Jan/2024:09:06:45 -0500] "GET /sipse/faces/javax.faces.resource/primefaces.js?ln=primefaces&v=4.0 HTTP/1.1" 304 -
201.245.192.253 - - [25/Jan/2024:09:06:46 -0500] "GET /sipse/faces/javax.faces.resource/layout/layout.js?ln=primefaces&v=4.0 HTTP/1.1" 304 -
201.245.192.253 - - [25/Jan/2024:09:06:46 -0500] "GET /sipse/imagenes/cargando.gif HTTP/1.1" 200 36959
201.245.192.253 - - [25/Jan/2024:09:06:46 -0500] "GET /sipse/imagenes/logoAplicacion.jpg HTTP/1.1" 200 155084
186.102.37.167 - - [25/Jan/2024:09:06:47 -0500] "POST /appsia/controlador HTTP/1.1" 200 7769
201.245.192.253 - - [25/Jan/2024:09:06:47 -0500] "POST /sipse/faces/bienvenido.xhtml HTTP/1.1" 200 2658
201.245.192.253 - - [25/Jan/2024:09:06:49 -0500] "POST /sipse/faces/bienvenido.xhtml HTTP/1.1" 200 64643
201.245.192.253 - - [25/Jan/2024:09:06:49 -0500] "GET /sipse/faces/javax.faces.resource/jquery/jquery.js?ln=primefaces&v=4.0 HTTP/1.1" 304 -
201.245.192.253 - - [25/Jan/2024:09:06:49 -0500] "GET /sipse/faces/javax.faces.resource/jquery/jquery-plugins.js?ln=primefaces&v=4.0 HTTP/1.1" 304 -
201.245.192.253 - - [25/Jan/2024:09:06:49 -0500] "GET /sipse/faces/javax.faces.resource/primefaces.js?ln=primefaces&v=4.0 HTTP/1.1" 304 -
201.245.192.253 - - [25/Jan/2024:09:06:49 -0500] "GET /sipse/faces/javax.faces.resource/layout/layout.js?ln=primefaces&v=4.0 HTTP/1.1" 304 -
201.245.192.253 - - [25/Jan/2024:09:06:50 -0500] "POST /sipse/faces/presentacion/financiero/solicitudProceso/listarSolicitudProceso.xhtml HTTP/1.1" 200 1556
216.244.66.195 - - [25/Jan/2024:09:06:50 -0500] "GET /BLA/resoluciones/AUTOS%202015/3324.pdf HTTP/1.1" 200 538001
168.119.252.242 - - [25/Jan/2024:09:06:50 -0500] "GET / HTTP/1.1" 200 4720
152.203.161.155 - - [25/Jan/2024:09:06:50 -0500] "POST /sipse/faces/presentacion/financiero/solicitudProyectoActividad/asociarProyectoSolicitud.xhtml HTTP/1.1" 200 6619
201.245.192.253 - - [25/Jan/2024:09:06:52 -0500] "POST /sipse/faces/presentacion/financiero/solicitudProceso/listarSolicitudProceso.xhtml HTTP/1.1" 200 32628
152.203.161.155 - - [25/Jan/2024:09:06:52 -0500] "POST /sipse/faces/presentacion/financiero/solicitudProyectoActividad/asociarProyectoSolicitud.xhtml HTTP/1.1" 200 1696
186.102.37.167 - - [25/Jan/2024:09:06:53 -0500] "POST /appsia/controlador HTTP/1.1" 200 6630
201.245.192.253 - - [25/Jan/2024:09:06:53 -0500] "POST /sipse/faces/presentacion/financiero/solicitudProceso/listarSolicitudProceso.xhtml HTTP/1.1" 200 2525
152.203.161.155 - - [25/Jan/2024:09:06:53 -0500] "POST /sipse/faces/presentacion/financiero/solicitudProyectoActividad/asociarProyectoSolicitud.xhtml HTTP/1.1" 200 73683
152.203.161.155 - - [25/Jan/2024:09:06:54 -0500] "GET /sipse/faces/javax.faces.resource/theme.css?ln=primefaces-sipse HTTP/1.1" 304 -
152.203.161.155 - - [25/Jan/2024:09:06:54 -0500] "GET /sipse/faces/javax.faces.resource/layout/layout.css?ln=primefaces&v=4.0 HTTP/1.1" 304 -
152.203.161.155 - - [25/Jan/2024:09:06:54 -0500] "GET /sipse/faces/javax.faces.resource/primefaces.css?ln=primefaces&v=4.0 HTTP/1.1" 304 -
152.203.161.155 - - [25/Jan/2024:09:06:54 -0500] "GET /sipse/faces/javax.faces.resource/jquery/jquery.js?ln=primefaces&v=4.0 HTTP/1.1" 304 -
152.203.161.155 - - [25/Jan/2024:09:06:54 -0500] "GET /sipse/faces/javax.faces.resource/jquery/jquery-plugins.js?ln=primefaces&v=4.0 HTTP/1.1" 304 -
152.203.161.155 - - [25/Jan/2024:09:06:54 -0500] "GET /sipse/faces/javax.faces.resource/primefaces.js?ln=primefaces&v=4.0 HTTP/1.1" 304 -
152.203.161.155 - - [25/Jan/2024:09:06:54 -0500] "GET /sipse/faces/javax.faces.resource/layout/layout.js?ln=primefaces&v=4.0 HTTP/1.1" 304 -
186.155.149.236 - - [25/Jan/2024:09:06:53 -0500] "POST /sipse/faces/presentacion/financiero/solicitudProceso/consultarSolicitudProceso.xhtml HTTP/1.1" 200 2148071
152.203.161.155 - - [25/Jan/2024:09:06:55 -0500] "GET /sipse/faces/javax.faces.resource/images/ui-icons_898989_256x240.png?ln=primefaces-aristo HTTP/1.1" 304 -
186.102.37.167 - - [25/Jan/2024:09:06:56 -0500] "POST /appsia/controlador HTTP/1.1" 200 12188
152.203.161.155 - - [25/Jan/2024:09:06:57 -0500] "POST /sipse/faces/presentacion/financiero/solicitudProyectoActividad/asociarActividadSolicitud.xhtml HTTP/1.1" 200 19983
152.203.161.155 - - [25/Jan/2024:09:06:57 -0500] "GET /sipse/faces/javax.faces.resource/theme.css?ln=primefaces-sipse HTTP/1.1" 304 -
152.203.161.155 - - [25/Jan/2024:09:06:57 -0500] "GET /sipse/faces/javax.faces.resource/primefaces.css?ln=primefaces&v=4.0 HTTP/1.1" 304 -
152.203.161.155 - - [25/Jan/2024:09:06:57 -0500] "GET /sipse/faces/javax.faces.resource/jquery/jquery.js?ln=primefaces&v=4.0 HTTP/1.1" 304 -
152.203.161.155 - - [25/Jan/2024:09:06:57 -0500] "GET /sipse/faces/javax.faces.resource/jquery/jquery-plugins.js?ln=primefaces&v=4.0 HTTP/1.1" 304 -
152.203.161.155 - - [25/Jan/2024:09:06:57 -0500] "GET /sipse/faces/javax.faces.resource/primefaces.js?ln=primefaces&v=4.0 HTTP/1.1" 304 -
152.203.161.155 - - [25/Jan/2024:09:06:57 -0500] "GET /sipse/faces/javax.faces.resource/layout/layout.js?ln=primefaces&v=4.0 HTTP/1.1" 304 -
152.203.161.155 - - [25/Jan/2024:09:06:57 -0500] "GET /sipse/faces/javax.faces.resource/layout/layout.css?ln=primefaces&v=4.0 HTTP/1.1" 304 -
186.155.149.236 - - [25/Jan/2024:09:06:58 -0500] "POST /sipse/faces/presentacion/financiero/solicitudProceso/consultarSolicitudProceso.xhtml HTTP/1.1" 200 2148071
186.155.149.236 - - [25/Jan/2024:09:07:02 -0500] "POST /sipse/faces/presentacion/financiero/solicitudProceso/consultarSolicitudProceso.xhtml HTTP/1.1" 200 848913
152.203.161.155 - - [25/Jan/2024:09:07:06 -0500] "GET /sipse/faces/javax.faces.resource/theme.css?ln=primefaces-sipse HTTP/1.1" 304 -
152.203.161.155 - - [25/Jan/2024:09:07:06 -0500] "GET /sipse/faces/javax.faces.resource/primefaces.css?ln=primefaces&v=4.0 HTTP/1.1" 304 -
152.203.161.155 - - [25/Jan/2024:09:07:06 -0500] "POST /sipse/faces/presentacion/financiero/solicitudProyectoActividad/asociarFuentesSolicitud.xhtml HTTP/1.1" 200 82127
152.203.161.155 - - [25/Jan/2024:09:07:06 -0500] "GET /sipse/faces/javax.faces.resource/jquery/jquery.js?ln=primefaces&v=4.0 HTTP/1.1" 304 -
152.203.161.155 - - [25/Jan/2024:09:07:06 -0500] "GET /sipse/faces/javax.faces.resource/jquery/jquery-plugins.js?ln=primefaces&v=4.0 HTTP/1.1" 304 -
152.203.161.155 - - [25/Jan/2024:09:07:06 -0500] "GET /sipse/faces/javax.faces.resource/layout/layout.css?ln=primefaces&v=4.0 HTTP/1.1" 304 -
152.203.161.155 - - [25/Jan/2024:09:07:06 -0500] "GET /sipse/faces/javax.faces.resource/primefaces.js?ln=primefaces&v=4.0 HTTP/1.1" 304 -
152.203.161.155 - - [25/Jan/2024:09:07:06 -0500] "GET /sipse/faces/javax.faces.resource/layout/layout.js?ln=primefaces&v=4.0 HTTP/1.1" 304 -
181.53.13.235 - - [25/Jan/2024:09:07:08 -0500] "POST /sipse/faces/presentacion/financiero/solicitudProceso/consultar.xhtml HTTP/1.1" 200 12879
186.155.149.236 - - [25/Jan/2024:09:07:11 -0500] "POST /sipse/faces/presentacion/financiero/solicitudProceso/consultarSolicitudProceso.xhtml HTTP/1.1" 200 81469
186.155.149.236 - - [25/Jan/2024:09:07:06 -0500] "POST /sipse/faces/presentacion/financiero/solicitudProceso/consultarSolicitudProceso.xhtml HTTP/1.1" 200 10486615
152.203.161.155 - - [25/Jan/2024:09:07:15 -0500] "GET /sipse/faces/javax.faces.resource/jquery/jquery.js?ln=primefaces&v=4.0 HTTP/1.1" 304 -
152.203.161.155 - - [25/Jan/2024:09:07:15 -0500] "GET /sipse/faces/javax.faces.resource/primefaces.css?ln=primefaces&v=4.0 HTTP/1.1" 304 -
152.203.161.155 - - [25/Jan/2024:09:07:15 -0500] "GET /sipse/faces/javax.faces.resource/theme.css?ln=primefaces-sipse HTTP/1.1" 304 -
152.203.161.155 - - [25/Jan/2024:09:07:15 -0500] "GET /sipse/faces/javax.faces.resource/layout/layout.css?ln=primefaces&v=4.0 HTTP/1.1" 304 -
152.203.161.155 - - [25/Jan/2024:09:07:16 -0500] "GET /sipse/faces/javax.faces.resource/jquery/jquery-plugins.js?ln=primefaces&v=4.0 HTTP/1.1" 304 -
152.203.161.155 - - [25/Jan/2024:09:07:16 -0500] "GET /sipse/faces/javax.faces.resource/primefaces.js?ln=primefaces&v=4.0 HTTP/1.1" 304 -
152.203.161.155 - - [25/Jan/2024:09:07:16 -0500] "GET /sipse/faces/javax.faces.resource/layout/layout.js?ln=primefaces&v=4.0 HTTP/1.1" 304 -
152.203.161.155 - - [25/Jan/2024:09:07:09 -0500] "POST /sipse/faces/presentacion/financiero/solicitudProceso/crearModificarSolicitudProceso.xhtml HTTP/1.1" 200 45541
190.84.43.161 - - [25/Jan/2024:09:07:18 -0500] "POST /sipse/faces/presentacion/financiero/solicitudProceso/listarSolicitudProceso.xhtml HTTP/1.1" 200 7647
216.244.66.195 - - [25/Jan/2024:09:07:19 -0500] "GET /BLA/resoluciones/AUTOS%202019/0096.pdf HTTP/1.1" 200 257376
186.84.22.123 - - [25/Jan/2024:09:07:22 -0500] "GET /appsia/controlador HTTP/1.1" 200 4799
186.84.22.123 - - [25/Jan/2024:09:07:22 -0500] "GET /appsia/css/estilos.css HTTP/1.1" 200 4804
186.84.22.123 - - [25/Jan/2024:09:07:22 -0500] "GET /appsia/scripts/validarIngreso.js HTTP/1.1" 200 851
186.84.22.123 - - [25/Jan/2024:09:07:22 -0500] "GET /appsia/images/logo_bogota_p.png HTTP/1.1" 200 14951
186.84.22.123 - - [25/Jan/2024:09:07:22 -0500] "GET /appsia/images/cabezoteHojaVida.png HTTP/1.1" 200 32493
186.84.22.123 - - [25/Jan/2024:09:07:22 -0500] "GET /favicon.ico HTTP/1.1" 200 7782
186.84.22.123 - - [25/Jan/2024:09:07:25 -0500] "POST /appsia/controlador HTTP/1.1" 200 5437
152.203.161.155 - - [25/Jan/2024:09:07:20 -0500] "POST /sipse/faces/presentacion/financiero/solicitudBienServicio/asociarBienServicioSolicitud.xhtml HTTP/1.1" 200 28856
186.84.22.123 - - [25/Jan/2024:09:07:26 -0500] "POST /appsia/controlador HTTP/1.1" 200 7791
186.84.22.123 - - [25/Jan/2024:09:07:28 -0500] "POST /appsia/controlador HTTP/1.1" 200 6656
152.203.161.155 - - [25/Jan/2024:09:07:28 -0500] "POST /sipse/faces/presentacion/financiero/solicitudBienServicio/asociarBienServicioSolicitud.xhtml HTTP/1.1" 200 77883
152.203.161.155 - - [25/Jan/2024:09:07:29 -0500] "GET /sipse/faces/javax.faces.resource/theme.css?ln=primefaces-sipse HTTP/1.1" 304 -
152.203.161.155 - - [25/Jan/2024:09:07:29 -0500] "GET /sipse/faces/javax.faces.resource/primefaces.css?ln=primefaces&v=4.0 HTTP/1.1" 304 -
152.203.161.155 - - [25/Jan/2024:09:07:29 -0500] "GET /sipse/faces/javax.faces.resource/layout/layout.css?ln=primefaces&v=4.0 HTTP/1.1" 304 -
152.203.161.155 - - [25/Jan/2024:09:07:29 -0500] "GET /sipse/faces/javax.faces.resource/jquery/jquery.js?ln=primefaces&v=4.0 HTTP/1.1" 304 -
152.203.161.155 - - [25/Jan/2024:09:07:29 -0500] "GET /sipse/faces/javax.faces.resource/jquery/jquery-plugins.js?ln=primefaces&v=4.0 HTTP/1.1" 304 -
152.203.161.155 - - [25/Jan/2024:09:07:29 -0500] "GET /sipse/faces/javax.faces.resource/primefaces.js?ln=primefaces&v=4.0 HTTP/1.1" 304 -
152.203.161.155 - - [25/Jan/2024:09:07:29 -0500] "GET /sipse/faces/javax.faces.resource/layout/layout.js?ln=primefaces&v=4.0 HTTP/1.1" 304 -
186.84.22.123 - - [25/Jan/2024:09:07:29 -0500] "POST /appsia/controlador HTTP/1.1" 200 11340
190.84.43.161 - - [25/Jan/2024:09:07:29 -0500] "POST /sipse/faces/presentacion/financiero/solicitudProceso/listarSolicitudProceso.xhtml HTTP/1.1" 200 146978
190.84.43.161 - - [25/Jan/2024:09:07:30 -0500] "GET /sipse/faces/javax.faces.resource/theme.css?ln=primefaces-sipse HTTP/1.1" 304 -
190.84.43.161 - - [25/Jan/2024:09:07:30 -0500] "GET /sipse/faces/javax.faces.resource/primefaces.css?ln=primefaces&v=4.0 HTTP/1.1" 304 -
190.84.43.161 - - [25/Jan/2024:09:07:30 -0500] "GET /sipse/faces/javax.faces.resource/layout/layout.css?ln=primefaces&v=4.0 HTTP/1.1" 304 -
190.84.43.161 - - [25/Jan/2024:09:07:30 -0500] "GET /sipse/faces/javax.faces.resource/jquery/jquery.js?ln=primefaces&v=4.0 HTTP/1.1" 304 -
190.84.43.161 - - [25/Jan/2024:09:07:30 -0500] "GET /sipse/faces/javax.faces.resource/jquery/jquery-plugins.js?ln=primefaces&v=4.0 HTTP/1.1" 304 -
190.84.43.161 - - [25/Jan/2024:09:07:30 -0500] "GET /sipse/faces/javax.faces.resource/primefaces.js?ln=primefaces&v=4.0 HTTP/1.1" 304 -
190.84.43.161 - - [25/Jan/2024:09:07:30 -0500] "GET /sipse/faces/javax.faces.resource/layout/layout.js?ln=primefaces&v=4.0 HTTP/1.1" 304 -
186.155.149.236 - - [25/Jan/2024:09:07:32 -0500] "POST /sipse/faces/presentacion/financiero/solicitudProceso/consultarSolicitudProceso.xhtml HTTP/1.1" 200 5522
152.203.161.155 - - [25/Jan/2024:09:07:33 -0500] "GET /sipse/faces/javax.faces.resource/layout/layout.css?ln=primefaces&v=4.0 HTTP/1.1" 304 -
152.203.161.155 - - [25/Jan/2024:09:07:33 -0500] "GET /sipse/faces/javax.faces.resource/theme.css?ln=primefaces-sipse HTTP/1.1" 304 -
152.203.161.155 - - [25/Jan/2024:09:07:33 -0500] "GET /sipse/faces/javax.faces.resource/primefaces.css?ln=primefaces&v=4.0 HTTP/1.1" 304 -
152.203.161.155 - - [25/Jan/2024:09:07:33 -0500] "GET /sipse/faces/javax.faces.resource/jquery/jquery.js?ln=primefaces&v=4.0 HTTP/1.1" 304 -
152.203.161.155 - - [25/Jan/2024:09:07:33 -0500] "GET /sipse/faces/javax.faces.resource/jquery/jquery-plugins.js?ln=primefaces&v=4.0 HTTP/1.1" 304 -
152.203.161.155 - - [25/Jan/2024:09:07:33 -0500] "GET /sipse/faces/javax.faces.resource/layout/layout.js?ln=primefaces&v=4.0 HTTP/1.1" 304 -
152.203.161.155 - - [25/Jan/2024:09:07:33 -0500] "GET /sipse/faces/javax.faces.resource/fileupload/fileupload.css?ln=primefaces&v=4.0 HTTP/1.1" 304 -
152.203.161.155 - - [25/Jan/2024:09:07:33 -0500] "GET /sipse/faces/javax.faces.resource/primefaces.js?ln=primefaces&v=4.0 HTTP/1.1" 304 -
152.203.161.155 - - [25/Jan/2024:09:07:33 -0500] "GET /sipse/faces/javax.faces.resource/fileupload/fileupload.js?ln=primefaces&v=4.0 HTTP/1.1" 304 -
152.203.161.155 - - [25/Jan/2024:09:07:32 -0500] "POST /sipse/faces/presentacion/financiero/solicitudProceso/crearModificarSolicitudProceso.xhtml HTTP/1.1" 200 21119
200.118.80.127 - - [25/Jan/2024:09:07:36 -0500] "POST /sipse/faces/presentacion/financiero/solicitudProceso/consultar.xhtml HTTP/1.1" 200 23081
200.118.80.127 - - [25/Jan/2024:09:07:39 -0500] "POST /sipse/faces/presentacion/financiero/solicitudProceso/consultar.xhtml HTTP/1.1" 200 12941
152.203.161.155 - - [25/Jan/2024:09:07:46 -0500] "POST /sipse/faces/presentacion/sistema/anexos/cargarAnexoSolicitudProceso.xhtml HTTP/1.1" 200 83891
152.203.161.155 - - [25/Jan/2024:09:07:47 -0500] "GET /sipse/faces/javax.faces.resource/primefaces.css?ln=primefaces&v=4.0 HTTP/1.1" 304 -
152.203.161.155 - - [25/Jan/2024:09:07:47 -0500] "GET /sipse/faces/javax.faces.resource/jquery/jquery.js?ln=primefaces&v=4.0 HTTP/1.1" 304 -
152.203.161.155 - - [25/Jan/2024:09:07:47 -0500] "GET /sipse/faces/javax.faces.resource/theme.css?ln=primefaces-sipse HTTP/1.1" 304 -
152.203.161.155 - - [25/Jan/2024:09:07:47 -0500] "GET /sipse/faces/javax.faces.resource/layout/layout.css?ln=primefaces&v=4.0 HTTP/1.1" 304 -
152.203.161.155 - - [25/Jan/2024:09:07:47 -0500] "GET /sipse/faces/javax.faces.resource/jquery/jquery-plugins.js?ln=primefaces&v=4.0 HTTP/1.1" 304 -
152.203.161.155 - - [25/Jan/2024:09:07:47 -0500] "GET /sipse/faces/javax.faces.resource/layout/layout.js?ln=primefaces&v=4.0 HTTP/1.1" 304 -
152.203.161.155 - - [25/Jan/2024:09:07:47 -0500] "GET /sipse/faces/javax.faces.resource/primefaces.js?ln=primefaces&v=4.0 HTTP/1.1" 304 -
216.244.66.195 - - [25/Jan/2024:09:07:48 -0500] "GET /BLA/resoluciones/AUTOS%202019/0621.pdf HTTP/1.1" 200 339748
152.203.161.155 - - [25/Jan/2024:09:07:55 -0500] "POST /sipse/faces/presentacion/financiero/solicitudProceso/crearModificarSolicitudProceso.xhtml HTTP/1.1" 200 21119
152.203.161.155 - - [25/Jan/2024:09:07:55 -0500] "GET /sipse/faces/javax.faces.resource/theme.css?ln=primefaces-sipse HTTP/1.1" 304 -
152.203.161.155 - - [25/Jan/2024:09:07:55 -0500] "GET /sipse/faces/javax.faces.resource/layout/layout.css?ln=primefaces&v=4.0 HTTP/1.1" 304 -
152.203.161.155 - - [25/Jan/2024:09:07:55 -0500] "GET /sipse/faces/javax.faces.resource/jquery/jquery.js?ln=primefaces&v=4.0 HTTP/1.1" 304 -
152.203.161.155 - - [25/Jan/2024:09:07:55 -0500] "GET /sipse/faces/javax.faces.resource/primefaces.css?ln=primefaces&v=4.0 HTTP/1.1" 304 -
152.203.161.155 - - [25/Jan/2024:09:07:55 -0500] "GET /sipse/faces/javax.faces.resource/jquery/jquery-plugins.js?ln=primefaces&v=4.0 HTTP/1.1" 304 -
152.203.161.155 - - [25/Jan/2024:09:07:55 -0500] "GET /sipse/faces/javax.faces.resource/primefaces.js?ln=primefaces&v=4.0 HTTP/1.1" 304 -
152.203.161.155 - - [25/Jan/2024:09:07:55 -0500] "GET /sipse/faces/javax.faces.resource/fileupload/fileupload.css?ln=primefaces&v=4.0 HTTP/1.1" 304 -
152.203.161.155 - - [25/Jan/2024:09:07:55 -0500] "GET /sipse/faces/javax.faces.resource/layout/layout.js?ln=primefaces&v=4.0 HTTP/1.1" 304 -
152.203.161.155 - - [25/Jan/2024:09:07:55 -0500] "GET /sipse/faces/javax.faces.resource/fileupload/fileupload.js?ln=primefaces&v=4.0 HTTP/1.1" 304 -
201.244.43.247 - - [25/Jan/2024:09:07:58 -0500] "GET /secretaria-de-ambiente-recupera-cuatro-animales-silvestres-y-realiza-recorridos-para-identificar-fauna-herida-de-incendios-forestales.html HTTP/1.1" 200 902
186.84.21.136 - - [25/Jan/2024:09:07:58 -0500] "POST /sipse/faces/presentacion/financiero/solicitudProceso/consultarSolicitudProceso.xhtml HTTP/1.1" 200 5602
152.203.161.155 - - [25/Jan/2024:09:08:06 -0500] "POST /sipse/faces/presentacion/sistema/anexos/cargarAnexoSolicitudProceso.xhtml HTTP/1.1" 200 84538
152.203.161.155 - - [25/Jan/2024:09:08:07 -0500] "GET /sipse/faces/javax.faces.resource/jquery/jquery.js?ln=primefaces&v=4.0 HTTP/1.1" 304 -
152.203.161.155 - - [25/Jan/2024:09:08:07 -0500] "GET /sipse/faces/javax.faces.resource/primefaces.css?ln=primefaces&v=4.0 HTTP/1.1" 304 -
152.203.161.155 - - [25/Jan/2024:09:08:07 -0500] "GET /sipse/faces/javax.faces.resource/layout/layout.css?ln=primefaces&v=4.0 HTTP/1.1" 304 -
152.203.161.155 - - [25/Jan/2024:09:08:07 -0500] "GET /sipse/faces/javax.faces.resource/theme.css?ln=primefaces-sipse HTTP/1.1" 304 -
152.203.161.155 - - [25/Jan/2024:09:08:07 -0500] "GET /sipse/faces/javax.faces.resource/jquery/jquery-plugins.js?ln=primefaces&v=4.0 HTTP/1.1" 304 -
152.203.161.155 - - [25/Jan/2024:09:08:07 -0500] "GET /sipse/faces/javax.faces.resource/primefaces.js?ln=primefaces&v=4.0 HTTP/1.1" 304 -
152.203.161.155 - - [25/Jan/2024:09:08:07 -0500] "GET /sipse/faces/javax.faces.resource/layout/layout.js?ln=primefaces&v=4.0 HTTP/1.1" 304 -
152.203.161.155 - - [25/Jan/2024:09:08:08 -0500] "POST /sipse/faces/presentacion/financiero/solicitudProceso/crearModificarSolicitudProceso.xhtml HTTP/1.1" 200 64822
152.203.161.155 - - [25/Jan/2024:09:08:13 -0500] "GET /sipse/faces/javax.faces.resource/theme.css?ln=primefaces-sipse HTTP/1.1" 304 -
152.203.161.155 - - [25/Jan/2024:09:08:13 -0500] "GET /sipse/faces/javax.faces.resource/primefaces.css?ln=primefaces&v=4.0 HTTP/1.1" 304 -
152.203.161.155 - - [25/Jan/2024:09:08:13 -0500] "GET /sipse/faces/javax.faces.resource/layout/layout.css?ln=primefaces&v=4.0 HTTP/1.1" 304 -
152.203.161.155 - - [25/Jan/2024:09:08:13 -0500] "GET /sipse/faces/javax.faces.resource/jquery/jquery.js?ln=primefaces&v=4.0 HTTP/1.1" 304 -
152.203.161.155 - - [25/Jan/2024:09:08:13 -0500] "GET /sipse/faces/javax.faces.resource/jquery/jquery-plugins.js?ln=primefaces&v=4.0 HTTP/1.1" 304 -
152.203.161.155 - - [25/Jan/2024:09:08:13 -0500] "GET /sipse/faces/javax.faces.resource/primefaces.js?ln=primefaces&v=4.0 HTTP/1.1" 304 -
152.203.161.155 - - [25/Jan/2024:09:08:13 -0500] "GET /sipse/faces/javax.faces.resource/layout/layout.js?ln=primefaces&v=4.0 HTTP/1.1" 304 -
152.203.161.155 - - [25/Jan/2024:09:08:13 -0500] "POST /sipse/faces/presentacion/financiero/solicitudProceso/listarSolicitudProceso.xhtml HTTP/1.1" 200 1556
200.118.80.127 - - [25/Jan/2024:09:08:13 -0500] "POST /sipse/faces/presentacion/financiero/solicitudProceso/consultar.xhtml HTTP/1.1" 200 137404
200.118.80.127 - - [25/Jan/2024:09:08:14 -0500] "GET /sipse/faces/javax.faces.resource/theme.css?ln=primefaces-sipse HTTP/1.1" 304 -
200.118.80.127 - - [25/Jan/2024:09:08:14 -0500] "GET /sipse/faces/javax.faces.resource/primefaces.css?ln=primefaces&v=4.0 HTTP/1.1" 304 -
200.118.80.127 - - [25/Jan/2024:09:08:14 -0500] "GET /sipse/faces/javax.faces.resource/layout/layout.css?ln=primefaces&v=4.0 HTTP/1.1" 304 -
200.118.80.127 - - [25/Jan/2024:09:08:14 -0500] "GET /sipse/css/imagen/contrasena.png HTTP/1.1" 404 383
200.118.80.127 - - [25/Jan/2024:09:08:14 -0500] "GET /sipse/faces/javax.faces.resource/jquery/jquery.js?ln=primefaces&v=4.0 HTTP/1.1" 304 -
200.118.80.127 - - [25/Jan/2024:09:08:14 -0500] "GET /sipse/faces/javax.faces.resource/jquery/jquery-plugins.js?ln=primefaces&v=4.0 HTTP/1.1" 304 -
200.118.80.127 - - [25/Jan/2024:09:08:14 -0500] "GET /sipse/faces/javax.faces.resource/primefaces.js?ln=primefaces&v=4.0 HTTP/1.1" 304 -
200.118.80.127 - - [25/Jan/2024:09:08:14 -0500] "GET /sipse/faces/javax.faces.resource/layout/layout.js?ln=primefaces&v=4.0 HTTP/1.1" 304 -
216.244.66.195 - - [25/Jan/2024:09:08:15 -0500] "GET /BLA/resoluciones/AUTOS%202019/1412.pdf HTTP/1.1" 200 368339
204.199.119.101 - - [25/Jan/2024:09:08:20 -0500] "GET /appsia/controlador HTTP/1.1" 200 4799
204.199.119.101 - - [25/Jan/2024:09:08:20 -0500] "GET /appsia/css/estilos.css HTTP/1.1" 200 4804
204.199.119.101 - - [25/Jan/2024:09:08:20 -0500] "GET /appsia/scripts/validarIngreso.js HTTP/1.1" 200 851
204.199.119.101 - - [25/Jan/2024:09:08:20 -0500] "GET /appsia/images/logo_bogota_p.png HTTP/1.1" 200 14951
204.199.119.101 - - [25/Jan/2024:09:08:20 -0500] "GET /appsia/images/cabezoteHojaVida.png HTTP/1.1" 200 32493
204.199.119.101 - - [25/Jan/2024:09:08:20 -0500] "GET /favicon.ico HTTP/1.1" 200 7782
181.53.13.222 - - [25/Jan/2024:09:08:21 -0500] "POST /sipse/faces/presentacion/financiero/estudioPrevio/personalSolicitado/asociarExperienciaContratista.xhtml HTTP/1.1" 200 45846
181.53.13.222 - - [25/Jan/2024:09:08:22 -0500] "GET /sipse/faces/javax.faces.resource/primefaces.css?ln=primefaces&v=4.0 HTTP/1.1" 304 -
181.53.13.222 - - [25/Jan/2024:09:08:22 -0500] "GET /sipse/faces/javax.faces.resource/jquery/jquery.js?ln=primefaces&v=4.0 HTTP/1.1" 304 -
181.53.13.222 - - [25/Jan/2024:09:08:22 -0500] "GET /sipse/faces/javax.faces.resource/primefaces.js?ln=primefaces&v=4.0 HTTP/1.1" 304 -
181.53.13.222 - - [25/Jan/2024:09:08:22 -0500] "GET /sipse/faces/javax.faces.resource/layout/layout.css?ln=primefaces&v=4.0 HTTP/1.1" 304 -
