181.53.13.222 - - [26/Jan/2024:03:22:13 -0500] "POST /sipse/faces/presentacion/contratacion/procesoContractual/registrarInvitacionContratista.xhtml HTTP/1.1" 200 9689
201.245.192.253 - - [26/Jan/2024:03:22:33 -0500] "POST /kwsrmcab/Wsrmcab  HTTP/1.1" 200 37857
172.22.2.4 - - [26/Jan/2024:03:21:14 -0500] "GET /BLA/boletinlegal/ HTTP/1.1" 200 58720
181.53.13.222 - - [26/Jan/2024:03:22:56 -0500] "POST /sipse/faces/presentacion/contratacion/procesoContractual/registrarInvitacionContratista.xhtml HTTP/1.1" 200 8050
181.53.13.222 - - [26/Jan/2024:03:22:56 -0500] "GET /sipse/faces/javax.faces.resource/messages/messages.png?ln=primefaces&v=4.0 HTTP/1.1" 304 -
17.241.75.52 - - [26/Jan/2024:03:23:12 -0500] "GET /bogota-ya-cuenta-con-una-guia-para-la-evaluacion-de-riesgos-de-suelos-y-sitios-contaminados.html HTTP/1.1" 200 924
181.53.13.222 - - [26/Jan/2024:03:23:21 -0500] "POST /sipse/faces/presentacion/contratacion/procesoContractual/registrarInvitacionContratista.xhtml HTTP/1.1" 200 8058
181.53.13.222 - - [26/Jan/2024:03:23:26 -0500] "GET /sipse/faces/javax.faces.resource/primefaces.js?ln=primefaces&v=4.0 HTTP/1.1" 304 -
181.53.13.222 - - [26/Jan/2024:03:23:25 -0500] "POST /sipse/faces/presentacion/contratacion/procesoContractual/registrarInvitacionContratista.xhtml HTTP/1.1" 200 65776
181.53.13.222 - - [26/Jan/2024:03:23:26 -0500] "GET /sipse/faces/javax.faces.resource/theme.css?ln=primefaces-sipse HTTP/1.1" 304 -
181.53.13.222 - - [26/Jan/2024:03:23:26 -0500] "GET /sipse/faces/javax.faces.resource/jquery/jquery-plugins.js?ln=primefaces&v=4.0 HTTP/1.1" 304 -
181.53.13.222 - - [26/Jan/2024:03:23:26 -0500] "GET /sipse/faces/javax.faces.resource/layout/layout.css?ln=primefaces&v=4.0 HTTP/1.1" 304 -
181.53.13.222 - - [26/Jan/2024:03:23:26 -0500] "GET /sipse/faces/javax.faces.resource/primefaces.css?ln=primefaces&v=4.0 HTTP/1.1" 304 -
181.53.13.222 - - [26/Jan/2024:03:23:26 -0500] "GET /sipse/faces/javax.faces.resource/jquery/jquery.js?ln=primefaces&v=4.0 HTTP/1.1" 304 -
181.53.13.222 - - [26/Jan/2024:03:23:26 -0500] "GET /sipse/faces/javax.faces.resource/layout/layout.js?ln=primefaces&v=4.0 HTTP/1.1" 304 -
181.53.13.222 - - [26/Jan/2024:03:23:26 -0500] "GET /sipse/faces/javax.faces.resource/spacer/dot_clear.gif?ln=primefaces&v=4.0 HTTP/1.1" 304 -
216.245.221.92 - - [26/Jan/2024:03:23:37 -0500] "HEAD / HTTP/1.1" 200 -
181.53.13.222 - - [26/Jan/2024:03:23:39 -0500] "POST /sipse/faces/presentacion/contratacion/contratista/crearModificarContratista.xhtml HTTP/1.1" 200 5230
181.53.13.222 - - [26/Jan/2024:03:23:50 -0500] "POST /sipse/faces/presentacion/contratacion/contratista/crearModificarContratista.xhtml HTTP/1.1" 200 44324
181.53.13.222 - - [26/Jan/2024:03:23:50 -0500] "GET /sipse/faces/javax.faces.resource/images/ui-icons_898989_256x240.png?ln=primefaces-aristo HTTP/1.1" 304 -
181.53.13.222 - - [26/Jan/2024:03:23:51 -0500] "POST /sipse/faces/presentacion/contratacion/contratista/crearModificarContratista.xhtml HTTP/1.1" 200 29501
181.53.13.222 - - [26/Jan/2024:03:23:51 -0500] "GET /sipse/faces/javax.faces.resource/theme.css?ln=primefaces-sipse HTTP/1.1" 304 -
181.53.13.222 - - [26/Jan/2024:03:23:51 -0500] "GET /sipse/faces/javax.faces.resource/primefaces.css?ln=primefaces&v=4.0 HTTP/1.1" 304 -
181.53.13.222 - - [26/Jan/2024:03:23:51 -0500] "GET /sipse/faces/javax.faces.resource/layout/layout.css?ln=primefaces&v=4.0 HTTP/1.1" 304 -
181.53.13.222 - - [26/Jan/2024:03:23:51 -0500] "GET /sipse/faces/javax.faces.resource/jquery/jquery.js?ln=primefaces&v=4.0 HTTP/1.1" 304 -
181.53.13.222 - - [26/Jan/2024:03:23:51 -0500] "GET /sipse/faces/javax.faces.resource/jquery/jquery-plugins.js?ln=primefaces&v=4.0 HTTP/1.1" 304 -
181.53.13.222 - - [26/Jan/2024:03:23:51 -0500] "GET /sipse/faces/javax.faces.resource/primefaces.js?ln=primefaces&v=4.0 HTTP/1.1" 304 -
181.53.13.222 - - [26/Jan/2024:03:23:51 -0500] "GET /sipse/faces/javax.faces.resource/layout/layout.js?ln=primefaces&v=4.0 HTTP/1.1" 304 -
181.53.13.222 - - [26/Jan/2024:03:23:55 -0500] "POST /sipse/faces/presentacion/contratacion/procesoContractual/registrarInvitacionContratista.xhtml HTTP/1.1" 200 39669
181.53.13.222 - - [26/Jan/2024:03:23:56 -0500] "GET /sipse/faces/javax.faces.resource/theme.css?ln=primefaces-sipse HTTP/1.1" 304 -
181.53.13.222 - - [26/Jan/2024:03:23:56 -0500] "GET /sipse/faces/javax.faces.resource/primefaces.css?ln=primefaces&v=4.0 HTTP/1.1" 304 -
181.53.13.222 - - [26/Jan/2024:03:23:56 -0500] "GET /sipse/faces/javax.faces.resource/layout/layout.css?ln=primefaces&v=4.0 HTTP/1.1" 304 -
181.53.13.222 - - [26/Jan/2024:03:23:56 -0500] "GET /sipse/faces/javax.faces.resource/jquery/jquery.js?ln=primefaces&v=4.0 HTTP/1.1" 304 -
181.53.13.222 - - [26/Jan/2024:03:23:56 -0500] "GET /sipse/faces/javax.faces.resource/jquery/jquery-plugins.js?ln=primefaces&v=4.0 HTTP/1.1" 304 -
181.53.13.222 - - [26/Jan/2024:03:23:56 -0500] "GET /sipse/faces/javax.faces.resource/primefaces.js?ln=primefaces&v=4.0 HTTP/1.1" 304 -
181.53.13.222 - - [26/Jan/2024:03:23:56 -0500] "GET /sipse/faces/javax.faces.resource/layout/layout.js?ln=primefaces&v=4.0 HTTP/1.1" 304 -
172.22.2.4 - - [26/Jan/2024:03:23:16 -0500] "GET /BLA/boletinlegal/ HTTP/1.1" 200 32715
181.53.13.222 - - [26/Jan/2024:03:24:06 -0500] "POST /sipse/faces/presentacion/financiero/estudioPrevio/personalSolicitado/expedirExperienciaIdoneidad.xhtml HTTP/1.1" 200 22707
181.53.13.222 - - [26/Jan/2024:03:24:06 -0500] "GET /sipse/faces/javax.faces.resource/theme.css?ln=primefaces-sipse HTTP/1.1" 304 -
181.53.13.222 - - [26/Jan/2024:03:24:06 -0500] "GET /sipse/faces/javax.faces.resource/primefaces.css?ln=primefaces&v=4.0 HTTP/1.1" 304 -
181.53.13.222 - - [26/Jan/2024:03:24:06 -0500] "GET /sipse/faces/javax.faces.resource/layout/layout.css?ln=primefaces&v=4.0 HTTP/1.1" 304 -
181.53.13.222 - - [26/Jan/2024:03:24:06 -0500] "GET /sipse/faces/javax.faces.resource/jquery/jquery.js?ln=primefaces&v=4.0 HTTP/1.1" 304 -
181.53.13.222 - - [26/Jan/2024:03:24:06 -0500] "GET /sipse/faces/javax.faces.resource/jquery/jquery-plugins.js?ln=primefaces&v=4.0 HTTP/1.1" 304 -
181.53.13.222 - - [26/Jan/2024:03:24:06 -0500] "GET /sipse/faces/javax.faces.resource/primefaces.js?ln=primefaces&v=4.0 HTTP/1.1" 304 -
181.53.13.222 - - [26/Jan/2024:03:24:06 -0500] "GET /sipse/faces/javax.faces.resource/layout/layout.js?ln=primefaces&v=4.0 HTTP/1.1" 304 -
146.19.24.23 - - [26/Jan/2024:03:24:12 -0500] "GET / HTTP/1.1" 200 319
201.245.192.253 - - [26/Jan/2024:03:24:39 -0500] "POST /kwsrmcab/Wsrmcab HTTP/1.1" 200 37724
201.245.192.253 - - [26/Jan/2024:03:24:42 -0500] "GET /kwsrmcab/Wsrmcab?wsdl HTTP/1.1" 200 6948
201.245.192.253 - - [26/Jan/2024:03:24:42 -0500] "POST /kwsrmcab/Wsrmcab HTTP/1.1" 200 39706
201.245.192.253 - - [26/Jan/2024:03:27:32 -0500] "POST /kwsrmcab/Wsrmcab  HTTP/1.1" 200 37857
172.22.2.4 - - [26/Jan/2024:03:26:13 -0500] "HEAD /BLA/boletinlegal/ HTTP/1.1" 200 -
172.22.2.4 - - [26/Jan/2024:03:28:25 -0500] "GET /BLA/boletinlegal/jurisprudencia/analisis/AnalisisT-606-15.docx HTTP/1.1" 200 26698
172.22.2.4 - - [26/Jan/2024:03:28:25 -0500] "GET /BLA/boletinlegal/apple-touch-icon-120x120-precomposed.png HTTP/1.1" 404 1140
172.22.2.4 - - [26/Jan/2024:03:28:25 -0500] "GET /BLA/boletinlegal/apple-touch-icon-120x120.png HTTP/1.1" 404 1140
172.22.2.4 - - [26/Jan/2024:03:28:25 -0500] "GET /BLA/boletinlegal/apple-touch-icon-precomposed.png HTTP/1.1" 404 1140
172.22.2.4 - - [26/Jan/2024:03:28:25 -0500] "GET /BLA/boletinlegal/apple-touch-icon.png HTTP/1.1" 404 1140
172.22.2.4 - - [26/Jan/2024:03:28:26 -0500] "GET /BLA/boletinlegal/favicon.ico HTTP/1.1" 404 1140
172.22.2.4 - - [26/Jan/2024:03:28:26 -0500] "GET /BLA/boletinlegal/apple-touch-icon-120x120-precomposed.png HTTP/1.1" 404 1140
172.22.2.4 - - [26/Jan/2024:03:28:26 -0500] "GET /BLA/boletinlegal/apple-touch-icon-120x120.png HTTP/1.1" 404 1140
172.22.2.4 - - [26/Jan/2024:03:28:26 -0500] "GET /BLA/boletinlegal/apple-touch-icon-precomposed.png HTTP/1.1" 404 1140
172.22.2.4 - - [26/Jan/2024:03:28:26 -0500] "GET /BLA/boletinlegal/apple-touch-icon.png HTTP/1.1" 404 1140
172.22.2.4 - - [26/Jan/2024:03:28:26 -0500] "GET /BLA/boletinlegal/favicon.ico HTTP/1.1" 404 1140
216.245.221.92 - - [26/Jan/2024:03:28:37 -0500] "HEAD / HTTP/1.1" 200 -
172.22.2.4 - - [26/Jan/2024:03:27:04 -0500] "GET /BLA/boletinlegal/ HTTP/1.1" 200 58720
201.245.192.253 - - [26/Jan/2024:03:29:08 -0500] "POST /kwsrmcab/Wsrmcab HTTP/1.1" 200 37513
201.245.192.253 - - [26/Jan/2024:03:29:55 -0500] "POST /kwsrmcab/Wsrmcab HTTP/1.1" 200 39706
181.53.13.222 - - [26/Jan/2024:03:30:33 -0500] "POST /sipse/faces/presentacion/financiero/estudioPrevio/personalSolicitado/asociarExperienciaContratista.xhtml HTTP/1.1" 200 45045
181.53.13.222 - - [26/Jan/2024:03:30:33 -0500] "GET /sipse/faces/javax.faces.resource/theme.css?ln=primefaces-sipse HTTP/1.1" 304 -
181.53.13.222 - - [26/Jan/2024:03:30:33 -0500] "GET /sipse/faces/javax.faces.resource/primefaces.css?ln=primefaces&v=4.0 HTTP/1.1" 304 -
181.53.13.222 - - [26/Jan/2024:03:30:33 -0500] "GET /sipse/faces/javax.faces.resource/layout/layout.css?ln=primefaces&v=4.0 HTTP/1.1" 304 -
181.53.13.222 - - [26/Jan/2024:03:30:33 -0500] "GET /sipse/faces/javax.faces.resource/jquery/jquery.js?ln=primefaces&v=4.0 HTTP/1.1" 304 -
181.53.13.222 - - [26/Jan/2024:03:30:33 -0500] "GET /sipse/faces/javax.faces.resource/jquery/jquery-plugins.js?ln=primefaces&v=4.0 HTTP/1.1" 304 -
181.53.13.222 - - [26/Jan/2024:03:30:33 -0500] "GET /sipse/faces/javax.faces.resource/layout/layout.js?ln=primefaces&v=4.0 HTTP/1.1" 304 -
181.53.13.222 - - [26/Jan/2024:03:30:33 -0500] "GET /sipse/faces/javax.faces.resource/primefaces.js?ln=primefaces&v=4.0 HTTP/1.1" 304 -
181.53.13.222 - - [26/Jan/2024:03:31:23 -0500] "GET /sipse/faces/javax.faces.resource/theme.css?ln=primefaces-sipse HTTP/1.1" 304 -
181.53.13.222 - - [26/Jan/2024:03:31:23 -0500] "POST /sipse/faces/presentacion/financiero/estudioPrevio/personalSolicitado/expedirExperienciaIdoneidad.xhtml HTTP/1.1" 200 42387
181.53.13.222 - - [26/Jan/2024:03:31:23 -0500] "GET /sipse/faces/javax.faces.resource/primefaces.css?ln=primefaces&v=4.0 HTTP/1.1" 304 -
181.53.13.222 - - [26/Jan/2024:03:31:23 -0500] "GET /sipse/faces/javax.faces.resource/layout/layout.css?ln=primefaces&v=4.0 HTTP/1.1" 304 -
181.53.13.222 - - [26/Jan/2024:03:31:23 -0500] "GET /sipse/faces/javax.faces.resource/jquery/jquery-plugins.js?ln=primefaces&v=4.0 HTTP/1.1" 304 -
181.53.13.222 - - [26/Jan/2024:03:31:23 -0500] "GET /sipse/faces/javax.faces.resource/jquery/jquery.js?ln=primefaces&v=4.0 HTTP/1.1" 304 -
181.53.13.222 - - [26/Jan/2024:03:31:23 -0500] "GET /sipse/faces/javax.faces.resource/primefaces.js?ln=primefaces&v=4.0 HTTP/1.1" 304 -
181.53.13.222 - - [26/Jan/2024:03:31:23 -0500] "GET /sipse/faces/javax.faces.resource/layout/layout.js?ln=primefaces&v=4.0 HTTP/1.1" 304 -
181.53.13.222 - - [26/Jan/2024:03:31:36 -0500] "POST /sipse/faces/presentacion/contratacion/contrato/adicionarSupervisor.xhtml HTTP/1.1" 200 16829
181.53.13.222 - - [26/Jan/2024:03:31:41 -0500] "POST /sipse/faces/presentacion/contratacion/contrato/adicionarSupervisor.xhtml HTTP/1.1" 200 46157
181.53.13.222 - - [26/Jan/2024:03:31:41 -0500] "GET /sipse/faces/javax.faces.resource/theme.css?ln=primefaces-sipse HTTP/1.1" 304 -
181.53.13.222 - - [26/Jan/2024:03:31:41 -0500] "GET /sipse/faces/javax.faces.resource/primefaces.css?ln=primefaces&v=4.0 HTTP/1.1" 304 -
181.53.13.222 - - [26/Jan/2024:03:31:41 -0500] "GET /sipse/faces/javax.faces.resource/jquery/jquery-plugins.js?ln=primefaces&v=4.0 HTTP/1.1" 304 -
181.53.13.222 - - [26/Jan/2024:03:31:41 -0500] "GET /sipse/faces/javax.faces.resource/jquery/jquery.js?ln=primefaces&v=4.0 HTTP/1.1" 304 -
181.53.13.222 - - [26/Jan/2024:03:31:41 -0500] "GET /sipse/faces/javax.faces.resource/layout/layout.css?ln=primefaces&v=4.0 HTTP/1.1" 304 -
181.53.13.222 - - [26/Jan/2024:03:31:41 -0500] "GET /sipse/faces/javax.faces.resource/primefaces.js?ln=primefaces&v=4.0 HTTP/1.1" 304 -
181.53.13.222 - - [26/Jan/2024:03:31:41 -0500] "GET /sipse/faces/javax.faces.resource/layout/layout.js?ln=primefaces&v=4.0 HTTP/1.1" 304 -
181.53.13.222 - - [26/Jan/2024:03:31:43 -0500] "POST /sipse/faces/presentacion/financiero/estudioPrevio/personalSolicitado/expedirExperienciaIdoneidad.xhtml HTTP/1.1" 200 2190
181.53.13.222 - - [26/Jan/2024:03:31:47 -0500] "POST /sipse/faces/presentacion/financiero/estudioPrevio/personalSolicitado/expedirExperienciaIdoneidad.xhtml HTTP/1.1" 200 5837
181.53.13.222 - - [26/Jan/2024:03:31:47 -0500] "POST /sipse/faces/presentacion/financiero/estudioPrevio/personalSolicitado/expedirExperienciaIdoneidad.xhtml HTTP/1.1" 200 32137
181.53.13.222 - - [26/Jan/2024:03:31:47 -0500] "GET /sipse/faces/javax.faces.resource/theme.css?ln=primefaces-sipse HTTP/1.1" 304 -
181.53.13.222 - - [26/Jan/2024:03:31:47 -0500] "GET /sipse/faces/javax.faces.resource/primefaces.css?ln=primefaces&v=4.0 HTTP/1.1" 304 -
181.53.13.222 - - [26/Jan/2024:03:31:47 -0500] "GET /sipse/faces/javax.faces.resource/jquery/jquery.js?ln=primefaces&v=4.0 HTTP/1.1" 304 -
181.53.13.222 - - [26/Jan/2024:03:31:47 -0500] "GET /sipse/faces/javax.faces.resource/layout/layout.css?ln=primefaces&v=4.0 HTTP/1.1" 304 -
181.53.13.222 - - [26/Jan/2024:03:31:47 -0500] "GET /sipse/faces/javax.faces.resource/jquery/jquery-plugins.js?ln=primefaces&v=4.0 HTTP/1.1" 304 -
181.53.13.222 - - [26/Jan/2024:03:31:47 -0500] "GET /sipse/faces/javax.faces.resource/primefaces.js?ln=primefaces&v=4.0 HTTP/1.1" 304 -
181.53.13.222 - - [26/Jan/2024:03:31:47 -0500] "GET /sipse/faces/javax.faces.resource/layout/layout.js?ln=primefaces&v=4.0 HTTP/1.1" 304 -
181.53.13.222 - - [26/Jan/2024:03:31:49 -0500] "POST /sipse/faces/presentacion/contratacion/procesoContractual/registrarInvitacionContratista.xhtml HTTP/1.1" 200 9689
181.53.13.222 - - [26/Jan/2024:03:32:18 -0500] "POST /sipse/faces/presentacion/contratacion/procesoContractual/registrarInvitacionContratista.xhtml HTTP/1.1" 200 9250
181.53.13.222 - - [26/Jan/2024:03:32:20 -0500] "GET /sipse/faces/javax.faces.resource/images/ui-icons_898989_256x240.png?ln=primefaces-aristo HTTP/1.1" 304 -
181.53.13.222 - - [26/Jan/2024:03:32:21 -0500] "POST /sipse/faces/presentacion/contratacion/procesoContractual/registrarInvitacionContratista.xhtml HTTP/1.1" 200 43980
181.53.13.222 - - [26/Jan/2024:03:32:22 -0500] "GET /sipse/faces/javax.faces.resource/primefaces.css?ln=primefaces&v=4.0 HTTP/1.1" 304 -
181.53.13.222 - - [26/Jan/2024:03:32:22 -0500] "GET /sipse/faces/javax.faces.resource/theme.css?ln=primefaces-sipse HTTP/1.1" 304 -
181.53.13.222 - - [26/Jan/2024:03:32:22 -0500] "GET /sipse/faces/javax.faces.resource/layout/layout.css?ln=primefaces&v=4.0 HTTP/1.1" 304 -
181.53.13.222 - - [26/Jan/2024:03:32:22 -0500] "GET /sipse/faces/javax.faces.resource/jquery/jquery.js?ln=primefaces&v=4.0 HTTP/1.1" 304 -
181.53.13.222 - - [26/Jan/2024:03:32:22 -0500] "GET /sipse/faces/javax.faces.resource/jquery/jquery-plugins.js?ln=primefaces&v=4.0 HTTP/1.1" 304 -
181.53.13.222 - - [26/Jan/2024:03:32:22 -0500] "GET /sipse/faces/javax.faces.resource/primefaces.js?ln=primefaces&v=4.0 HTTP/1.1" 304 -
181.53.13.222 - - [26/Jan/2024:03:32:22 -0500] "GET /sipse/faces/javax.faces.resource/layout/layout.js?ln=primefaces&v=4.0 HTTP/1.1" 304 -
181.53.13.222 - - [26/Jan/2024:03:32:25 -0500] "POST /sipse/faces/presentacion/financiero/estudioPrevio/personalSolicitado/expedirExperienciaIdoneidad.xhtml HTTP/1.1" 200 145972
181.53.13.222 - - [26/Jan/2024:03:32:26 -0500] "GET /sipse/faces/javax.faces.resource/theme.css?ln=primefaces-sipse HTTP/1.1" 304 -
181.53.13.222 - - [26/Jan/2024:03:32:26 -0500] "GET /sipse/faces/javax.faces.resource/primefaces.css?ln=primefaces&v=4.0 HTTP/1.1" 304 -
181.53.13.222 - - [26/Jan/2024:03:32:26 -0500] "GET /sipse/faces/javax.faces.resource/layout/layout.css?ln=primefaces&v=4.0 HTTP/1.1" 304 -
181.53.13.222 - - [26/Jan/2024:03:32:26 -0500] "GET /sipse/faces/javax.faces.resource/jquery/jquery.js?ln=primefaces&v=4.0 HTTP/1.1" 304 -
181.53.13.222 - - [26/Jan/2024:03:32:26 -0500] "GET /sipse/faces/javax.faces.resource/jquery/jquery-plugins.js?ln=primefaces&v=4.0 HTTP/1.1" 304 -
181.53.13.222 - - [26/Jan/2024:03:32:26 -0500] "GET /sipse/faces/javax.faces.resource/primefaces.js?ln=primefaces&v=4.0 HTTP/1.1" 304 -
181.53.13.222 - - [26/Jan/2024:03:32:26 -0500] "GET /sipse/faces/javax.faces.resource/layout/layout.js?ln=primefaces&v=4.0 HTTP/1.1" 304 -
201.245.192.253 - - [26/Jan/2024:03:32:31 -0500] "POST /kwsrmcab/Wsrmcab  HTTP/1.1" 200 37857
216.245.221.92 - - [26/Jan/2024:03:33:37 -0500] "HEAD / HTTP/1.1" 200 -
172.22.2.4 - - [26/Jan/2024:03:32:03 -0500] "HEAD /BLA/boletinlegal/ HTTP/1.1" 200 -
172.22.2.4 - - [26/Jan/2024:03:34:13 -0500] "GET /BLA/boletinlegal/version HTTP/1.1" 404 1018
172.22.2.4 - - [26/Jan/2024:03:32:54 -0500] "GET /BLA/boletinlegal/ HTTP/1.1" 200 58720
201.245.192.253 - - [26/Jan/2024:03:34:39 -0500] "POST /kwsrmcab/Wsrmcab HTTP/1.1" 200 37724
201.245.192.253 - - [26/Jan/2024:03:34:42 -0500] "POST /kwsrmcab/Wsrmcab HTTP/1.1" 200 39706
216.244.66.195 - - [26/Jan/2024:03:35:04 -0500] "GET /robots.txt HTTP/1.1" 404 1018
17.241.219.226 - - [26/Jan/2024:03:36:30 -0500] "GET /como-obtener-el-certificado-de-estado-de-conservacion-ambiental-ceca.html HTTP/1.1" 200 873
201.245.192.253 - - [26/Jan/2024:03:37:29 -0500] "POST /kwsrmcab/Wsrmcab  HTTP/1.1" 200 37857
216.245.221.92 - - [26/Jan/2024:03:38:37 -0500] "HEAD / HTTP/1.1" 200 -
201.245.192.253 - - [26/Jan/2024:03:39:08 -0500] "POST /kwsrmcab/Wsrmcab HTTP/1.1" 200 37513
181.53.13.222 - - [26/Jan/2024:03:39:12 -0500] "POST /sipse/faces/presentacion/financiero/solicitudProceso/consultarSolicitudProceso.xhtml HTTP/1.1" 200 43990
181.53.13.222 - - [26/Jan/2024:03:39:12 -0500] "GET /sipse/faces/javax.faces.resource/theme.css?ln=primefaces-sipse HTTP/1.1" 304 -
181.53.13.222 - - [26/Jan/2024:03:39:12 -0500] "GET /sipse/faces/javax.faces.resource/primefaces.css?ln=primefaces&v=4.0 HTTP/1.1" 304 -
181.53.13.222 - - [26/Jan/2024:03:39:12 -0500] "GET /sipse/faces/javax.faces.resource/layout/layout.css?ln=primefaces&v=4.0 HTTP/1.1" 304 -
181.53.13.222 - - [26/Jan/2024:03:39:12 -0500] "GET /sipse/css/imagen/contrasena.png HTTP/1.1" 404 383
181.53.13.222 - - [26/Jan/2024:03:39:12 -0500] "GET /sipse/faces/javax.faces.resource/jquery/jquery.js?ln=primefaces&v=4.0 HTTP/1.1" 304 -
181.53.13.222 - - [26/Jan/2024:03:39:12 -0500] "GET /sipse/faces/javax.faces.resource/jquery/jquery-plugins.js?ln=primefaces&v=4.0 HTTP/1.1" 304 -
181.53.13.222 - - [26/Jan/2024:03:39:12 -0500] "GET /sipse/faces/javax.faces.resource/primefaces.js?ln=primefaces&v=4.0 HTTP/1.1" 304 -
181.53.13.222 - - [26/Jan/2024:03:39:13 -0500] "GET /sipse/faces/javax.faces.resource/layout/layout.js?ln=primefaces&v=4.0 HTTP/1.1" 304 -
172.22.2.4 - - [26/Jan/2024:03:37:53 -0500] "HEAD /BLA/boletinlegal/ HTTP/1.1" 200 -
201.245.192.253 - - [26/Jan/2024:03:39:55 -0500] "POST /kwsrmcab/Wsrmcab HTTP/1.1" 200 39706
172.22.2.4 - - [26/Jan/2024:03:38:44 -0500] "GET /BLA/boletinlegal/ HTTP/1.1" 200 61050
181.53.13.222 - - [26/Jan/2024:03:40:26 -0500] "GET /sipse/faces/javax.faces.resource/images/ui-bg_flat_0_2d5972_40x100.png?ln=primefaces-aristo HTTP/1.1" 304 -
181.53.13.222 - - [26/Jan/2024:03:40:26 -0500] "POST /sipse/faces/presentacion/financiero/estudioPrevio/personalSolicitado/expedirExperienciaIdoneidad.xhtml HTTP/1.1" 200 22707
181.53.13.222 - - [26/Jan/2024:03:40:26 -0500] "GET /sipse/faces/javax.faces.resource/primefaces.css?ln=primefaces&v=4.0 HTTP/1.1" 304 -
181.53.13.222 - - [26/Jan/2024:03:40:26 -0500] "GET /sipse/faces/javax.faces.resource/theme.css?ln=primefaces-sipse HTTP/1.1" 304 -
181.53.13.222 - - [26/Jan/2024:03:40:26 -0500] "GET /sipse/faces/javax.faces.resource/layout/layout.css?ln=primefaces&v=4.0 HTTP/1.1" 304 -
181.53.13.222 - - [26/Jan/2024:03:40:26 -0500] "GET /sipse/faces/javax.faces.resource/jquery/jquery.js?ln=primefaces&v=4.0 HTTP/1.1" 304 -
181.53.13.222 - - [26/Jan/2024:03:40:26 -0500] "GET /sipse/faces/javax.faces.resource/jquery/jquery-plugins.js?ln=primefaces&v=4.0 HTTP/1.1" 304 -
181.53.13.222 - - [26/Jan/2024:03:40:26 -0500] "GET /sipse/faces/javax.faces.resource/primefaces.js?ln=primefaces&v=4.0 HTTP/1.1" 304 -
181.53.13.222 - - [26/Jan/2024:03:40:26 -0500] "GET /sipse/faces/javax.faces.resource/layout/layout.js?ln=primefaces&v=4.0 HTTP/1.1" 304 -
40.77.167.33 - - [26/Jan/2024:03:40:44 -0500] "GET /BLA/resoluciones/AUTOS%202023/05961.pdf HTTP/1.1" 200 446745
201.245.192.253 - - [26/Jan/2024:03:42:27 -0500] "POST /kwsrmcab/Wsrmcab  HTTP/1.1" 200 37857
216.245.221.92 - - [26/Jan/2024:03:43:37 -0500] "HEAD / HTTP/1.1" 200 -
181.53.13.222 - - [26/Jan/2024:03:43:50 -0500] "POST /sipse/faces/presentacion/financiero/estudioPrevio/personalSolicitado/asociarExperienciaContratista.xhtml HTTP/1.1" 200 49285
181.53.13.222 - - [26/Jan/2024:03:43:51 -0500] "GET /sipse/faces/javax.faces.resource/theme.css?ln=primefaces-sipse HTTP/1.1" 304 -
181.53.13.222 - - [26/Jan/2024:03:43:51 -0500] "GET /sipse/faces/javax.faces.resource/primefaces.css?ln=primefaces&v=4.0 HTTP/1.1" 304 -
181.53.13.222 - - [26/Jan/2024:03:43:51 -0500] "GET /sipse/faces/javax.faces.resource/layout/layout.css?ln=primefaces&v=4.0 HTTP/1.1" 304 -
181.53.13.222 - - [26/Jan/2024:03:43:51 -0500] "GET /sipse/faces/javax.faces.resource/jquery/jquery.js?ln=primefaces&v=4.0 HTTP/1.1" 304 -
181.53.13.222 - - [26/Jan/2024:03:43:51 -0500] "GET /sipse/faces/javax.faces.resource/jquery/jquery-plugins.js?ln=primefaces&v=4.0 HTTP/1.1" 304 -
181.53.13.222 - - [26/Jan/2024:03:43:51 -0500] "GET /sipse/faces/javax.faces.resource/layout/layout.js?ln=primefaces&v=4.0 HTTP/1.1" 304 -
181.53.13.222 - - [26/Jan/2024:03:43:51 -0500] "GET /sipse/faces/javax.faces.resource/primefaces.js?ln=primefaces&v=4.0 HTTP/1.1" 304 -
181.53.13.222 - - [26/Jan/2024:03:44:35 -0500] "POST /sipse/faces/presentacion/financiero/estudioPrevio/personalSolicitado/expedirExperienciaIdoneidad.xhtml HTTP/1.1" 200 145972
181.53.13.222 - - [26/Jan/2024:03:44:36 -0500] "GET /sipse/faces/javax.faces.resource/theme.css?ln=primefaces-sipse HTTP/1.1" 304 -
181.53.13.222 - - [26/Jan/2024:03:44:36 -0500] "GET /sipse/faces/javax.faces.resource/primefaces.css?ln=primefaces&v=4.0 HTTP/1.1" 304 -
181.53.13.222 - - [26/Jan/2024:03:44:36 -0500] "GET /sipse/faces/javax.faces.resource/layout/layout.css?ln=primefaces&v=4.0 HTTP/1.1" 304 -
181.53.13.222 - - [26/Jan/2024:03:44:36 -0500] "GET /sipse/faces/javax.faces.resource/jquery/jquery.js?ln=primefaces&v=4.0 HTTP/1.1" 304 -
181.53.13.222 - - [26/Jan/2024:03:44:36 -0500] "GET /sipse/faces/javax.faces.resource/jquery/jquery-plugins.js?ln=primefaces&v=4.0 HTTP/1.1" 304 -
181.53.13.222 - - [26/Jan/2024:03:44:36 -0500] "GET /sipse/faces/javax.faces.resource/primefaces.js?ln=primefaces&v=4.0 HTTP/1.1" 304 -
181.53.13.222 - - [26/Jan/2024:03:44:36 -0500] "GET /sipse/faces/javax.faces.resource/layout/layout.js?ln=primefaces&v=4.0 HTTP/1.1" 304 -
216.244.66.246 - - [26/Jan/2024:03:44:38 -0500] "GET /portaldeninos/gestion-del-riesgo-incendios-forestales HTTP/1.1" 301 -
181.53.13.222 - - [26/Jan/2024:03:44:43 -0500] "POST /sipse/faces/presentacion/financiero/solicitudProceso/consultarSolicitudProceso.xhtml HTTP/1.1" 200 46289
181.53.13.222 - - [26/Jan/2024:03:44:44 -0500] "GET /sipse/faces/javax.faces.resource/theme.css?ln=primefaces-sipse HTTP/1.1" 304 -
181.53.13.222 - - [26/Jan/2024:03:44:44 -0500] "GET /sipse/faces/javax.faces.resource/layout/layout.css?ln=primefaces&v=4.0 HTTP/1.1" 304 -
181.53.13.222 - - [26/Jan/2024:03:44:44 -0500] "GET /sipse/faces/javax.faces.resource/primefaces.css?ln=primefaces&v=4.0 HTTP/1.1" 304 -
181.53.13.222 - - [26/Jan/2024:03:44:44 -0500] "GET /sipse/faces/javax.faces.resource/jquery/jquery.js?ln=primefaces&v=4.0 HTTP/1.1" 304 -
181.53.13.222 - - [26/Jan/2024:03:44:44 -0500] "GET /sipse/faces/javax.faces.resource/jquery/jquery-plugins.js?ln=primefaces&v=4.0 HTTP/1.1" 304 -
181.53.13.222 - - [26/Jan/2024:03:44:44 -0500] "GET /sipse/faces/javax.faces.resource/primefaces.js?ln=primefaces&v=4.0 HTTP/1.1" 304 -
181.53.13.222 - - [26/Jan/2024:03:44:44 -0500] "GET /sipse/faces/javax.faces.resource/layout/layout.js?ln=primefaces&v=4.0 HTTP/1.1" 304 -
181.53.13.222 - - [26/Jan/2024:03:44:49 -0500] "POST /sipse/faces/presentacion/financiero/estudioPrevio/personalSolicitado/expedirExperienciaIdoneidad.xhtml HTTP/1.1" 200 22707
181.53.13.222 - - [26/Jan/2024:03:44:49 -0500] "GET /sipse/faces/javax.faces.resource/theme.css?ln=primefaces-sipse HTTP/1.1" 304 -
181.53.13.222 - - [26/Jan/2024:03:44:49 -0500] "GET /sipse/faces/javax.faces.resource/primefaces.css?ln=primefaces&v=4.0 HTTP/1.1" 304 -
181.53.13.222 - - [26/Jan/2024:03:44:49 -0500] "GET /sipse/faces/javax.faces.resource/layout/layout.css?ln=primefaces&v=4.0 HTTP/1.1" 304 -
181.53.13.222 - - [26/Jan/2024:03:44:49 -0500] "GET /sipse/faces/javax.faces.resource/jquery/jquery.js?ln=primefaces&v=4.0 HTTP/1.1" 304 -
181.53.13.222 - - [26/Jan/2024:03:44:49 -0500] "GET /sipse/faces/javax.faces.resource/jquery/jquery-plugins.js?ln=primefaces&v=4.0 HTTP/1.1" 304 -
181.53.13.222 - - [26/Jan/2024:03:44:49 -0500] "GET /sipse/faces/javax.faces.resource/primefaces.js?ln=primefaces&v=4.0 HTTP/1.1" 304 -
181.53.13.222 - - [26/Jan/2024:03:44:49 -0500] "GET /sipse/faces/javax.faces.resource/layout/layout.js?ln=primefaces&v=4.0 HTTP/1.1" 304 -
172.22.2.4 - - [26/Jan/2024:03:43:43 -0500] "HEAD /BLA/boletinlegal/ HTTP/1.1" 200 -
181.53.13.222 - - [26/Jan/2024:03:45:47 -0500] "POST /sipse/faces/presentacion/financiero/estudioPrevio/personalSolicitado/asociarExperienciaContratista.xhtml HTTP/1.1" 200 51585
181.53.13.222 - - [26/Jan/2024:03:45:47 -0500] "GET /sipse/faces/javax.faces.resource/layout/layout.js?ln=primefaces&v=4.0 HTTP/1.1" 304 -
181.53.13.222 - - [26/Jan/2024:03:45:47 -0500] "GET /sipse/faces/javax.faces.resource/theme.css?ln=primefaces-sipse HTTP/1.1" 304 -
181.53.13.222 - - [26/Jan/2024:03:45:47 -0500] "GET /sipse/faces/javax.faces.resource/primefaces.css?ln=primefaces&v=4.0 HTTP/1.1" 304 -
181.53.13.222 - - [26/Jan/2024:03:45:47 -0500] "GET /sipse/faces/javax.faces.resource/layout/layout.css?ln=primefaces&v=4.0 HTTP/1.1" 304 -
181.53.13.222 - - [26/Jan/2024:03:45:47 -0500] "GET /sipse/faces/javax.faces.resource/primefaces.js?ln=primefaces&v=4.0 HTTP/1.1" 304 -
181.53.13.222 - - [26/Jan/2024:03:45:47 -0500] "GET /sipse/faces/javax.faces.resource/jquery/jquery-plugins.js?ln=primefaces&v=4.0 HTTP/1.1" 304 -
181.53.13.222 - - [26/Jan/2024:03:45:47 -0500] "GET /sipse/faces/javax.faces.resource/jquery/jquery.js?ln=primefaces&v=4.0 HTTP/1.1" 304 -
181.53.13.222 - - [26/Jan/2024:03:45:55 -0500] "POST /sipse/faces/presentacion/financiero/estudioPrevio/personalSolicitado/expedirExperienciaIdoneidad.xhtml HTTP/1.1" 200 8457
172.22.2.4 - - [26/Jan/2024:03:44:34 -0500] "GET /BLA/boletinlegal/ HTTP/1.1" 200 47562
181.53.13.222 - - [26/Jan/2024:03:46:15 -0500] "POST /sipse/faces/presentacion/financiero/estudioPrevio/personalSolicitado/expedirExperienciaIdoneidad.xhtml HTTP/1.1" 200 22707
181.53.13.222 - - [26/Jan/2024:03:46:16 -0500] "GET /sipse/faces/javax.faces.resource/theme.css?ln=primefaces-sipse HTTP/1.1" 304 -
181.53.13.222 - - [26/Jan/2024:03:46:16 -0500] "GET /sipse/faces/javax.faces.resource/primefaces.css?ln=primefaces&v=4.0 HTTP/1.1" 304 -
181.53.13.222 - - [26/Jan/2024:03:46:16 -0500] "GET /sipse/faces/javax.faces.resource/layout/layout.css?ln=primefaces&v=4.0 HTTP/1.1" 304 -
181.53.13.222 - - [26/Jan/2024:03:46:16 -0500] "GET /sipse/faces/javax.faces.resource/jquery/jquery.js?ln=primefaces&v=4.0 HTTP/1.1" 304 -
181.53.13.222 - - [26/Jan/2024:03:46:16 -0500] "GET /sipse/faces/javax.faces.resource/jquery/jquery-plugins.js?ln=primefaces&v=4.0 HTTP/1.1" 304 -
181.53.13.222 - - [26/Jan/2024:03:46:16 -0500] "GET /sipse/faces/javax.faces.resource/primefaces.js?ln=primefaces&v=4.0 HTTP/1.1" 304 -
181.53.13.222 - - [26/Jan/2024:03:46:16 -0500] "GET /sipse/faces/javax.faces.resource/layout/layout.js?ln=primefaces&v=4.0 HTTP/1.1" 304 -
69.171.249.12 - - [26/Jan/2024:03:46:30 -0500] "GET /a-que-se-debe-el-deterioro-de-la-calidad-del-aire-y-cuando-se-declararia-una-alerta-por-contaminacion-atmosferica.html HTTP/1.1" 200 1004
69.171.249.111 - - [26/Jan/2024:03:46:30 -0500] "GET /a-que-se-debe-el-deterioro-de-la-calidad-del-aire-y-cuando-se-declararia-una-alerta-por-contaminacion-atmosferica.html HTTP/1.1" 200 1004
31.13.103.8 - - [26/Jan/2024:03:46:30 -0500] "GET /a-que-se-debe-el-deterioro-de-la-calidad-del-aire-y-cuando-se-declararia-una-alerta-por-contaminacion-atmosferica.html HTTP/1.1" 200 1004
216.244.66.195 - - [26/Jan/2024:03:46:50 -0500] "GET /BLA/resoluciones/AUTOS%202007/0488.pdf HTTP/1.1" 200 21760
216.244.66.195 - - [26/Jan/2024:03:46:56 -0500] "GET /BLA/resoluciones/AUTOS%202007/0749.pdf HTTP/1.1" 200 38654
216.244.66.195 - - [26/Jan/2024:03:47:00 -0500] "GET /BLA/resoluciones/AUTOS%202007/0909.pdf HTTP/1.1" 200 66878
216.244.66.195 - - [26/Jan/2024:03:47:04 -0500] "GET /BLA/resoluciones/AUTOS%202007/1056.pdf HTTP/1.1" 200 127096
216.244.66.195 - - [26/Jan/2024:03:47:08 -0500] "GET /BLA/resoluciones/AUTOS%202007/1850.pdf HTTP/1.1" 200 250874
201.245.192.253 - - [26/Jan/2024:03:47:25 -0500] "POST /kwsrmcab/Wsrmcab  HTTP/1.1" 200 37857
216.244.66.195 - - [26/Jan/2024:03:47:47 -0500] "GET /BLA/resoluciones/AUTOS%202011/1281.pdf HTTP/1.1" 200 159609
66.249.66.39 - - [26/Jan/2024:03:47:56 -0500] "GET /calidad-del-aire-de-bogota-empieza-a-deteriorarse-producto-de-incendios-forestales.html HTTP/1.1" 200 741
181.53.13.222 - - [26/Jan/2024:03:48:13 -0500] "POST /sipse/faces/presentacion/financiero/estudioPrevio/personalSolicitado/asociarExperienciaContratista.xhtml HTTP/1.1" 200 49285
181.53.13.222 - - [26/Jan/2024:03:48:13 -0500] "GET /sipse/faces/javax.faces.resource/theme.css?ln=primefaces-sipse HTTP/1.1" 304 -
181.53.13.222 - - [26/Jan/2024:03:48:13 -0500] "GET /sipse/faces/javax.faces.resource/primefaces.css?ln=primefaces&v=4.0 HTTP/1.1" 304 -
181.53.13.222 - - [26/Jan/2024:03:48:13 -0500] "GET /sipse/faces/javax.faces.resource/layout/layout.css?ln=primefaces&v=4.0 HTTP/1.1" 304 -
181.53.13.222 - - [26/Jan/2024:03:48:13 -0500] "GET /sipse/faces/javax.faces.resource/jquery/jquery.js?ln=primefaces&v=4.0 HTTP/1.1" 304 -
181.53.13.222 - - [26/Jan/2024:03:48:13 -0500] "GET /sipse/faces/javax.faces.resource/primefaces.js?ln=primefaces&v=4.0 HTTP/1.1" 304 -
181.53.13.222 - - [26/Jan/2024:03:48:13 -0500] "GET /sipse/faces/javax.faces.resource/jquery/jquery-plugins.js?ln=primefaces&v=4.0 HTTP/1.1" 304 -
181.53.13.222 - - [26/Jan/2024:03:48:13 -0500] "GET /sipse/faces/javax.faces.resource/layout/layout.js?ln=primefaces&v=4.0 HTTP/1.1" 304 -
181.53.13.222 - - [26/Jan/2024:03:48:17 -0500] "POST /sipse/faces/presentacion/financiero/estudioPrevio/personalSolicitado/expedirExperienciaIdoneidad.xhtml HTTP/1.1" 200 145972
181.53.13.222 - - [26/Jan/2024:03:48:18 -0500] "GET /sipse/faces/javax.faces.resource/theme.css?ln=primefaces-sipse HTTP/1.1" 304 -
181.53.13.222 - - [26/Jan/2024:03:48:18 -0500] "GET /sipse/faces/javax.faces.resource/jquery/jquery.js?ln=primefaces&v=4.0 HTTP/1.1" 304 -
181.53.13.222 - - [26/Jan/2024:03:48:18 -0500] "GET /sipse/faces/javax.faces.resource/layout/layout.css?ln=primefaces&v=4.0 HTTP/1.1" 304 -
181.53.13.222 - - [26/Jan/2024:03:48:18 -0500] "GET /sipse/faces/javax.faces.resource/primefaces.css?ln=primefaces&v=4.0 HTTP/1.1" 304 -
181.53.13.222 - - [26/Jan/2024:03:48:18 -0500] "GET /sipse/faces/javax.faces.resource/jquery/jquery-plugins.js?ln=primefaces&v=4.0 HTTP/1.1" 304 -
181.53.13.222 - - [26/Jan/2024:03:48:18 -0500] "GET /sipse/faces/javax.faces.resource/primefaces.js?ln=primefaces&v=4.0 HTTP/1.1" 304 -
181.53.13.222 - - [26/Jan/2024:03:48:18 -0500] "GET /sipse/faces/javax.faces.resource/layout/layout.js?ln=primefaces&v=4.0 HTTP/1.1" 304 -
216.244.66.195 - - [26/Jan/2024:03:48:18 -0500] "GET /BLA/resoluciones/AUTOS%202013/0102.pdf HTTP/1.1" 200 1434350
138.201.157.89 - - [26/Jan/2024:03:48:22 -0500] "GET / HTTP/1.1" 200 4720
17.241.219.101 - - [26/Jan/2024:03:48:24 -0500] "GET /secretaria-de-ambiente-instalo-movil-en-la-quebrada-la-vieja-para-atender-a-la-fauna-silvestre.html HTTP/1.1" 200 1019
181.53.13.222 - - [26/Jan/2024:03:48:27 -0500] "POST /sipse/faces/presentacion/financiero/solicitudProceso/consultarSolicitudProceso.xhtml HTTP/1.1" 200 5614
216.245.221.92 - - [26/Jan/2024:03:48:37 -0500] "HEAD / HTTP/1.1" 200 -
158.69.124.235 - - [26/Jan/2024:03:48:50 -0500] "GET /secretaria-de-ambiente-instalo-movil-en-la-quebrada-la-vieja-para-atender-a-la-fauna-silvestre.html HTTP/1.1" 200 1019
216.244.66.195 - - [26/Jan/2024:03:49:04 -0500] "GET /BLA/resoluciones/AUTOS%202013/0277.pdf HTTP/1.1" 200 400504
216.244.66.195 - - [26/Jan/2024:03:49:44 -0500] "GET /BLA/resoluciones/AUTOS%202013/0759.pdf HTTP/1.1" 200 1615072
216.244.66.195 - - [26/Jan/2024:03:50:37 -0500] "GET /BLA/resoluciones/AUTOS%202018/0081.pdf HTTP/1.1" 200 303856
216.244.66.195 - - [26/Jan/2024:03:51:08 -0500] "GET /BLA/resoluciones/AUTOS%202018/0166.pdf HTTP/1.1" 200 296438
172.22.2.4 - - [26/Jan/2024:03:49:33 -0500] "HEAD /BLA/boletinlegal/ HTTP/1.1" 200 -
216.244.66.195 - - [26/Jan/2024:03:51:40 -0500] "GET /BLA/resoluciones/AUTOS%202018/0185.pdf HTTP/1.1" 200 267035
181.53.13.222 - - [26/Jan/2024:03:51:56 -0500] "POST /sipse/faces/presentacion/financiero/solicitudProceso/consultarSolicitudProceso.xhtml HTTP/1.1" 200 21131
181.53.13.222 - - [26/Jan/2024:03:51:56 -0500] "GET /sipse/faces/javax.faces.resource/theme.css?ln=primefaces-sipse HTTP/1.1" 304 -
181.53.13.222 - - [26/Jan/2024:03:51:56 -0500] "GET /sipse/faces/javax.faces.resource/layout/layout.css?ln=primefaces&v=4.0 HTTP/1.1" 304 -
181.53.13.222 - - [26/Jan/2024:03:51:56 -0500] "GET /sipse/faces/javax.faces.resource/primefaces.css?ln=primefaces&v=4.0 HTTP/1.1" 304 -
181.53.13.222 - - [26/Jan/2024:03:51:56 -0500] "GET /sipse/faces/javax.faces.resource/jquery/jquery.js?ln=primefaces&v=4.0 HTTP/1.1" 304 -
181.53.13.222 - - [26/Jan/2024:03:51:56 -0500] "GET /sipse/faces/javax.faces.resource/fileupload/fileupload.css?ln=primefaces&v=4.0 HTTP/1.1" 304 -
181.53.13.222 - - [26/Jan/2024:03:51:56 -0500] "GET /sipse/faces/javax.faces.resource/layout/layout.js?ln=primefaces&v=4.0 HTTP/1.1" 304 -
181.53.13.222 - - [26/Jan/2024:03:51:56 -0500] "GET /sipse/faces/javax.faces.resource/jquery/jquery-plugins.js?ln=primefaces&v=4.0 HTTP/1.1" 304 -
181.53.13.222 - - [26/Jan/2024:03:51:56 -0500] "GET /sipse/faces/javax.faces.resource/primefaces.js?ln=primefaces&v=4.0 HTTP/1.1" 304 -
181.53.13.222 - - [26/Jan/2024:03:51:56 -0500] "GET /sipse/faces/javax.faces.resource/fileupload/fileupload.js?ln=primefaces&v=4.0 HTTP/1.1" 304 -
181.53.13.222 - - [26/Jan/2024:03:52:04 -0500] "GET /sipse/faces/javax.faces.resource/theme.css?ln=primefaces-sipse HTTP/1.1" 304 -
181.53.13.222 - - [26/Jan/2024:03:52:04 -0500] "GET /sipse/faces/javax.faces.resource/layout/layout.css?ln=primefaces&v=4.0 HTTP/1.1" 304 -
181.53.13.222 - - [26/Jan/2024:03:52:04 -0500] "GET /sipse/faces/javax.faces.resource/primefaces.css?ln=primefaces&v=4.0 HTTP/1.1" 304 -
181.53.13.222 - - [26/Jan/2024:03:52:04 -0500] "GET /sipse/faces/javax.faces.resource/jquery/jquery-plugins.js?ln=primefaces&v=4.0 HTTP/1.1" 304 -
181.53.13.222 - - [26/Jan/2024:03:52:04 -0500] "GET /sipse/faces/javax.faces.resource/jquery/jquery.js?ln=primefaces&v=4.0 HTTP/1.1" 304 -
181.53.13.222 - - [26/Jan/2024:03:52:04 -0500] "GET /sipse/faces/javax.faces.resource/primefaces.js?ln=primefaces&v=4.0 HTTP/1.1" 304 -
181.53.13.222 - - [26/Jan/2024:03:52:04 -0500] "GET /sipse/faces/javax.faces.resource/layout/layout.js?ln=primefaces&v=4.0 HTTP/1.1" 304 -
181.53.13.222 - - [26/Jan/2024:03:52:02 -0500] "POST /sipse/faces/presentacion/sistema/anexos/cargarAnexoSolicitudProceso.xhtml HTTP/1.1" 200 194615
172.22.2.4 - - [26/Jan/2024:03:50:24 -0500] "GET /BLA/boletinlegal/ HTTP/1.1" 200 58720
216.244.66.195 - - [26/Jan/2024:03:52:08 -0500] "GET /BLA/resoluciones/AUTOS%202018/0341.pdf HTTP/1.1" 200 226906
201.245.192.253 - - [26/Jan/2024:03:52:23 -0500] "POST /kwsrmcab/Wsrmcab  HTTP/1.1" 200 37857
216.244.66.195 - - [26/Jan/2024:03:52:35 -0500] "GET /BLA/resoluciones/AUTOS%202018/1304.pdf HTTP/1.1" 200 283343
216.244.66.195 - - [26/Jan/2024:03:53:02 -0500] "GET /BLA/resoluciones/AUTOS%202018/1305.pdf HTTP/1.1" 200 285585
216.244.66.195 - - [26/Jan/2024:03:53:28 -0500] "GET /BLA/resoluciones/AUTOS%202018/2127.pdf HTTP/1.1" 200 282238
181.53.13.222 - - [26/Jan/2024:03:53:30 -0500] "POST /sipse/faces/presentacion/financiero/solicitudProceso/consultarSolicitudProceso.xhtml HTTP/1.1" 200 37329
181.53.13.222 - - [26/Jan/2024:03:53:31 -0500] "GET /sipse/faces/javax.faces.resource/primefaces.css?ln=primefaces&v=4.0 HTTP/1.1" 304 -
181.53.13.222 - - [26/Jan/2024:03:53:31 -0500] "GET /sipse/faces/javax.faces.resource/layout/layout.css?ln=primefaces&v=4.0 HTTP/1.1" 304 -
181.53.13.222 - - [26/Jan/2024:03:53:31 -0500] "GET /sipse/faces/javax.faces.resource/theme.css?ln=primefaces-sipse HTTP/1.1" 304 -
181.53.13.222 - - [26/Jan/2024:03:53:31 -0500] "GET /sipse/faces/javax.faces.resource/jquery/jquery.js?ln=primefaces&v=4.0 HTTP/1.1" 304 -
181.53.13.222 - - [26/Jan/2024:03:53:31 -0500] "GET /sipse/faces/javax.faces.resource/jquery/jquery-plugins.js?ln=primefaces&v=4.0 HTTP/1.1" 304 -
181.53.13.222 - - [26/Jan/2024:03:53:31 -0500] "GET /sipse/faces/javax.faces.resource/primefaces.js?ln=primefaces&v=4.0 HTTP/1.1" 304 -
181.53.13.222 - - [26/Jan/2024:03:53:31 -0500] "GET /sipse/faces/javax.faces.resource/layout/layout.js?ln=primefaces&v=4.0 HTTP/1.1" 304 -
181.53.13.222 - - [26/Jan/2024:03:53:33 -0500] "POST /sipse/faces/presentacion/financiero/solicitudProceso/listarSolicitudProceso.xhtml HTTP/1.1" 200 1396
216.245.221.92 - - [26/Jan/2024:03:53:37 -0500] "HEAD / HTTP/1.1" 200 -
216.244.66.195 - - [26/Jan/2024:03:53:52 -0500] "GET /BLA/resoluciones/AUTOS%202018/2173.pdf HTTP/1.1" 200 311960
181.53.13.222 - - [26/Jan/2024:03:53:55 -0500] "POST /sipse/faces/presentacion/financiero/solicitudProceso/listarSolicitudProceso.xhtml HTTP/1.1" 200 19883
181.53.13.222 - - [26/Jan/2024:03:53:58 -0500] "POST /sipse/faces/presentacion/financiero/solicitudProceso/listarSolicitudProceso.xhtml HTTP/1.1" 200 130078
181.53.13.222 - - [26/Jan/2024:03:53:59 -0500] "GET /sipse/faces/javax.faces.resource/theme.css?ln=primefaces-sipse HTTP/1.1" 304 -
181.53.13.222 - - [26/Jan/2024:03:53:59 -0500] "GET /sipse/faces/javax.faces.resource/primefaces.css?ln=primefaces&v=4.0 HTTP/1.1" 304 -
181.53.13.222 - - [26/Jan/2024:03:53:59 -0500] "GET /sipse/faces/javax.faces.resource/layout/layout.css?ln=primefaces&v=4.0 HTTP/1.1" 304 -
181.53.13.222 - - [26/Jan/2024:03:53:59 -0500] "GET /sipse/faces/javax.faces.resource/jquery/jquery.js?ln=primefaces&v=4.0 HTTP/1.1" 304 -
181.53.13.222 - - [26/Jan/2024:03:53:59 -0500] "GET /sipse/faces/javax.faces.resource/jquery/jquery-plugins.js?ln=primefaces&v=4.0 HTTP/1.1" 304 -
181.53.13.222 - - [26/Jan/2024:03:53:59 -0500] "GET /sipse/faces/javax.faces.resource/primefaces.js?ln=primefaces&v=4.0 HTTP/1.1" 304 -
181.53.13.222 - - [26/Jan/2024:03:53:59 -0500] "GET /sipse/faces/javax.faces.resource/layout/layout.js?ln=primefaces&v=4.0 HTTP/1.1" 304 -
216.244.66.195 - - [26/Jan/2024:03:54:19 -0500] "GET /BLA/resoluciones/AUTOS%202020/0424.pdf HTTP/1.1" 200 376275
216.244.66.195 - - [26/Jan/2024:03:54:42 -0500] "GET /BLA/resoluciones/AUTOS%202020/1205.pdf HTTP/1.1" 200 1340022
216.244.66.195 - - [26/Jan/2024:03:55:07 -0500] "GET /BLA/resoluciones/AUTOS%202020/1303.pdf HTTP/1.1" 200 349113
216.244.66.195 - - [26/Jan/2024:03:55:29 -0500] "GET /BLA/resoluciones/AUTOS%202020/1526.pdf HTTP/1.1" 200 379261
216.244.66.195 - - [26/Jan/2024:03:55:48 -0500] "GET /BLA/resoluciones/AUTOS%202020/2114.pdf HTTP/1.1" 200 362043
216.244.66.195 - - [26/Jan/2024:03:56:07 -0500] "GET /BLA/resoluciones/AUTOS%202020/2321.pdf HTTP/1.1" 200 336101
173.252.79.119 - - [26/Jan/2024:03:56:16 -0500] "GET /images/25%20de%20enero%20M\xc3\xb3vil%20Fauna.jpg HTTP/1.1" 404 1034
216.244.66.195 - - [26/Jan/2024:03:56:24 -0500] "GET /BLA/resoluciones/AUTOS%202020/2554.pdf HTTP/1.1" 200 365361
181.53.13.222 - - [26/Jan/2024:03:56:29 -0500] "POST /sipse/faces/presentacion/financiero/solicitudProceso/consultarSolicitudProceso.xhtml HTTP/1.1" 200 21131
181.53.13.222 - - [26/Jan/2024:03:56:29 -0500] "GET /sipse/faces/javax.faces.resource/theme.css?ln=primefaces-sipse HTTP/1.1" 304 -
181.53.13.222 - - [26/Jan/2024:03:56:29 -0500] "GET /sipse/faces/javax.faces.resource/primefaces.css?ln=primefaces&v=4.0 HTTP/1.1" 304 -
181.53.13.222 - - [26/Jan/2024:03:56:29 -0500] "GET /sipse/faces/javax.faces.resource/layout/layout.css?ln=primefaces&v=4.0 HTTP/1.1" 304 -
181.53.13.222 - - [26/Jan/2024:03:56:29 -0500] "GET /sipse/faces/javax.faces.resource/jquery/jquery.js?ln=primefaces&v=4.0 HTTP/1.1" 304 -
181.53.13.222 - - [26/Jan/2024:03:56:29 -0500] "GET /sipse/faces/javax.faces.resource/fileupload/fileupload.css?ln=primefaces&v=4.0 HTTP/1.1" 304 -
181.53.13.222 - - [26/Jan/2024:03:56:29 -0500] "GET /sipse/faces/javax.faces.resource/primefaces.js?ln=primefaces&v=4.0 HTTP/1.1" 304 -
181.53.13.222 - - [26/Jan/2024:03:56:29 -0500] "GET /sipse/faces/javax.faces.resource/jquery/jquery-plugins.js?ln=primefaces&v=4.0 HTTP/1.1" 304 -
181.53.13.222 - - [26/Jan/2024:03:56:29 -0500] "GET /sipse/faces/javax.faces.resource/layout/layout.js?ln=primefaces&v=4.0 HTTP/1.1" 304 -
181.53.13.222 - - [26/Jan/2024:03:56:29 -0500] "GET /sipse/faces/javax.faces.resource/fileupload/fileupload.js?ln=primefaces&v=4.0 HTTP/1.1" 304 -
216.244.66.195 - - [26/Jan/2024:03:56:41 -0500] "GET /BLA/resoluciones/AUTOS%202020/2566.pdf HTTP/1.1" 200 363169
181.53.13.222 - - [26/Jan/2024:03:56:42 -0500] "GET /sipse/faces/javax.faces.resource/theme.css?ln=primefaces-sipse HTTP/1.1" 304 -
181.53.13.222 - - [26/Jan/2024:03:56:42 -0500] "GET /sipse/faces/javax.faces.resource/primefaces.css?ln=primefaces&v=4.0 HTTP/1.1" 304 -
181.53.13.222 - - [26/Jan/2024:03:56:42 -0500] "GET /sipse/faces/javax.faces.resource/layout/layout.css?ln=primefaces&v=4.0 HTTP/1.1" 304 -
181.53.13.222 - - [26/Jan/2024:03:56:42 -0500] "GET /sipse/faces/javax.faces.resource/jquery/jquery-plugins.js?ln=primefaces&v=4.0 HTTP/1.1" 304 -
181.53.13.222 - - [26/Jan/2024:03:56:42 -0500] "GET /sipse/faces/javax.faces.resource/jquery/jquery.js?ln=primefaces&v=4.0 HTTP/1.1" 304 -
181.53.13.222 - - [26/Jan/2024:03:56:42 -0500] "GET /sipse/faces/javax.faces.resource/primefaces.js?ln=primefaces&v=4.0 HTTP/1.1" 304 -
181.53.13.222 - - [26/Jan/2024:03:56:42 -0500] "GET /sipse/faces/javax.faces.resource/layout/layout.js?ln=primefaces&v=4.0 HTTP/1.1" 304 -
181.53.13.222 - - [26/Jan/2024:03:56:41 -0500] "POST /sipse/faces/presentacion/sistema/anexos/cargarAnexoSolicitudProceso.xhtml HTTP/1.1" 200 178707
216.244.66.195 - - [26/Jan/2024:03:56:56 -0500] "GET /BLA/resoluciones/AUTOS%202020/2986.pdf HTTP/1.1" 200 378320
172.22.2.4 - - [26/Jan/2024:03:55:23 -0500] "HEAD /BLA/boletinlegal/ HTTP/1.1" 200 -
216.244.66.195 - - [26/Jan/2024:03:57:11 -0500] "GET /BLA/resoluciones/AUTOS%202020/2989.pdf HTTP/1.1" 200 361543
201.245.192.253 - - [26/Jan/2024:03:57:22 -0500] "POST /kwsrmcab/Wsrmcab  HTTP/1.1" 200 37857
216.244.66.195 - - [26/Jan/2024:03:57:24 -0500] "GET /BLA/resoluciones/AUTOS%202020/3046.pdf HTTP/1.1" 200 379852
216.244.66.195 - - [26/Jan/2024:03:57:37 -0500] "GET /BLA/resoluciones/AUTOS%202020/3085.pdf HTTP/1.1" 200 303571
216.244.66.195 - - [26/Jan/2024:03:57:48 -0500] "GET /BLA/resoluciones/AUTOS%202020/3133.pdf HTTP/1.1" 200 279349
172.22.2.4 - - [26/Jan/2024:03:56:14 -0500] "GET /BLA/boletinlegal/ HTTP/1.1" 200 58720
216.244.66.195 - - [26/Jan/2024:03:57:58 -0500] "GET /BLA/resoluciones/AUTOS%202020/3135.pdf HTTP/1.1" 200 392892
216.244.66.195 - - [26/Jan/2024:03:58:08 -0500] "GET /BLA/resoluciones/AUTOS%202020/3698.pdf HTTP/1.1" 200 344306
216.244.66.195 - - [26/Jan/2024:03:58:18 -0500] "GET /BLA/resoluciones/AUTOS%202020/3825.pdf HTTP/1.1" 200 358522
216.245.221.92 - - [26/Jan/2024:03:58:37 -0500] "HEAD / HTTP/1.1" 200 -
216.244.66.195 - - [26/Jan/2024:03:58:37 -0500] "GET /BLA/resoluciones/AUTOS%202020/4043.pdf HTTP/1.1" 200 358013
216.244.66.195 - - [26/Jan/2024:03:58:53 -0500] "GET /BLA/resoluciones/AUTOS%202020/4077.pdf HTTP/1.1" 200 358844
181.53.13.222 - - [26/Jan/2024:03:58:58 -0500] "POST /sipse/faces/presentacion/financiero/solicitudProceso/consultarSolicitudProceso.xhtml HTTP/1.1" 200 39509
181.53.13.222 - - [26/Jan/2024:03:58:58 -0500] "GET /sipse/faces/javax.faces.resource/theme.css?ln=primefaces-sipse HTTP/1.1" 304 -
181.53.13.222 - - [26/Jan/2024:03:58:58 -0500] "GET /sipse/faces/javax.faces.resource/primefaces.css?ln=primefaces&v=4.0 HTTP/1.1" 304 -
181.53.13.222 - - [26/Jan/2024:03:58:58 -0500] "GET /sipse/faces/javax.faces.resource/layout/layout.css?ln=primefaces&v=4.0 HTTP/1.1" 304 -
181.53.13.222 - - [26/Jan/2024:03:58:58 -0500] "GET /sipse/faces/javax.faces.resource/jquery/jquery.js?ln=primefaces&v=4.0 HTTP/1.1" 304 -
181.53.13.222 - - [26/Jan/2024:03:58:58 -0500] "GET /sipse/faces/javax.faces.resource/jquery/jquery-plugins.js?ln=primefaces&v=4.0 HTTP/1.1" 304 -
181.53.13.222 - - [26/Jan/2024:03:58:58 -0500] "GET /sipse/faces/javax.faces.resource/primefaces.js?ln=primefaces&v=4.0 HTTP/1.1" 304 -
181.53.13.222 - - [26/Jan/2024:03:58:58 -0500] "GET /sipse/faces/javax.faces.resource/layout/layout.js?ln=primefaces&v=4.0 HTTP/1.1" 304 -
216.244.66.195 - - [26/Jan/2024:03:59:06 -0500] "GET /BLA/resoluciones/AUTOS%202020/4578.pdf HTTP/1.1" 200 353473
216.244.66.195 - - [26/Jan/2024:03:59:19 -0500] "GET /BLA/resoluciones/AUTOS%202020/4746.pdf HTTP/1.1" 200 359848
51.222.42.127 - - [26/Jan/2024:03:59:21 -0500] "GET /secretaria-de-ambiente-instalo-movil-en-la-quebrada-la-vieja-para-atender-a-la-fauna-silvestre.html HTTP/1.1" 200 1019
181.53.13.222 - - [26/Jan/2024:03:59:29 -0500] "POST /sipse/faces/presentacion/financiero/estudioPrevio/personalSolicitado/expedirExperienciaIdoneidad.xhtml HTTP/1.1" 200 2297
181.53.13.222 - - [26/Jan/2024:03:59:29 -0500] "GET /sipse/faces/javax.faces.resource/messages/messages.png?ln=primefaces&v=4.0 HTTP/1.1" 304 -
216.244.66.195 - - [26/Jan/2024:03:59:31 -0500] "GET /BLA/resoluciones/AUTOS%202022/1653.pdf HTTP/1.1" 200 392934
181.53.13.222 - - [26/Jan/2024:03:59:33 -0500] "POST /sipse/faces/presentacion/financiero/estudioPrevio/personalSolicitado/expedirExperienciaIdoneidad.xhtml HTTP/1.1" 200 178669
181.53.13.222 - - [26/Jan/2024:03:59:34 -0500] "GET /sipse/faces/javax.faces.resource/theme.css?ln=primefaces-sipse HTTP/1.1" 304 -
181.53.13.222 - - [26/Jan/2024:03:59:34 -0500] "GET /sipse/faces/javax.faces.resource/primefaces.css?ln=primefaces&v=4.0 HTTP/1.1" 304 -
181.53.13.222 - - [26/Jan/2024:03:59:35 -0500] "GET /sipse/faces/javax.faces.resource/jquery/jquery.js?ln=primefaces&v=4.0 HTTP/1.1" 304 -
181.53.13.222 - - [26/Jan/2024:03:59:35 -0500] "GET /sipse/faces/javax.faces.resource/layout/layout.css?ln=primefaces&v=4.0 HTTP/1.1" 304 -
181.53.13.222 - - [26/Jan/2024:03:59:35 -0500] "GET /sipse/faces/javax.faces.resource/primefaces.js?ln=primefaces&v=4.0 HTTP/1.1" 304 -
181.53.13.222 - - [26/Jan/2024:03:59:35 -0500] "GET /sipse/faces/javax.faces.resource/jquery/jquery-plugins.js?ln=primefaces&v=4.0 HTTP/1.1" 304 -
181.53.13.222 - - [26/Jan/2024:03:59:35 -0500] "GET /sipse/faces/javax.faces.resource/layout/layout.js?ln=primefaces&v=4.0 HTTP/1.1" 304 -
181.53.13.222 - - [26/Jan/2024:03:59:36 -0500] "POST /sipse/faces/presentacion/financiero/solicitudProceso/consultarSolicitudProceso.xhtml HTTP/1.1" 200 37306
181.53.13.222 - - [26/Jan/2024:03:59:36 -0500] "GET /sipse/faces/javax.faces.resource/theme.css?ln=primefaces-sipse HTTP/1.1" 304 -
181.53.13.222 - - [26/Jan/2024:03:59:36 -0500] "GET /sipse/faces/javax.faces.resource/primefaces.css?ln=primefaces&v=4.0 HTTP/1.1" 304 -
181.53.13.222 - - [26/Jan/2024:03:59:36 -0500] "GET /sipse/faces/javax.faces.resource/layout/layout.css?ln=primefaces&v=4.0 HTTP/1.1" 304 -
181.53.13.222 - - [26/Jan/2024:03:59:36 -0500] "GET /sipse/faces/javax.faces.resource/jquery/jquery.js?ln=primefaces&v=4.0 HTTP/1.1" 304 -
181.53.13.222 - - [26/Jan/2024:03:59:37 -0500] "GET /sipse/faces/javax.faces.resource/jquery/jquery-plugins.js?ln=primefaces&v=4.0 HTTP/1.1" 304 -
181.53.13.222 - - [26/Jan/2024:03:59:37 -0500] "GET /sipse/faces/javax.faces.resource/primefaces.js?ln=primefaces&v=4.0 HTTP/1.1" 304 -
181.53.13.222 - - [26/Jan/2024:03:59:37 -0500] "GET /sipse/faces/javax.faces.resource/layout/layout.js?ln=primefaces&v=4.0 HTTP/1.1" 304 -
181.53.13.222 - - [26/Jan/2024:03:59:37 -0500] "POST /sipse/faces/presentacion/financiero/solicitudProceso/listarSolicitudProceso.xhtml HTTP/1.1" 200 1396
181.53.13.222 - - [26/Jan/2024:03:59:40 -0500] "POST /sipse/faces/presentacion/financiero/solicitudProceso/listarSolicitudProceso.xhtml HTTP/1.1" 200 19839
216.244.66.195 - - [26/Jan/2024:03:59:42 -0500] "GET /BLA/resoluciones/AUTOS%202018/1836.pdf HTTP/1.1" 200 2330485
181.53.13.222 - - [26/Jan/2024:03:59:44 -0500] "POST /sipse/faces/presentacion/financiero/solicitudProceso/listarSolicitudProceso.xhtml HTTP/1.1" 200 159433
181.53.13.222 - - [26/Jan/2024:03:59:46 -0500] "GET /sipse/faces/javax.faces.resource/theme.css?ln=primefaces-sipse HTTP/1.1" 304 -
181.53.13.222 - - [26/Jan/2024:03:59:46 -0500] "GET /sipse/faces/javax.faces.resource/primefaces.css?ln=primefaces&v=4.0 HTTP/1.1" 304 -
181.53.13.222 - - [26/Jan/2024:03:59:46 -0500] "GET /sipse/faces/javax.faces.resource/layout/layout.css?ln=primefaces&v=4.0 HTTP/1.1" 304 -
181.53.13.222 - - [26/Jan/2024:03:59:46 -0500] "GET /sipse/faces/javax.faces.resource/jquery/jquery.js?ln=primefaces&v=4.0 HTTP/1.1" 304 -
181.53.13.222 - - [26/Jan/2024:03:59:46 -0500] "GET /sipse/faces/javax.faces.resource/jquery/jquery-plugins.js?ln=primefaces&v=4.0 HTTP/1.1" 304 -
181.53.13.222 - - [26/Jan/2024:03:59:46 -0500] "GET /sipse/faces/javax.faces.resource/primefaces.js?ln=primefaces&v=4.0 HTTP/1.1" 304 -
181.53.13.222 - - [26/Jan/2024:03:59:46 -0500] "GET /sipse/faces/javax.faces.resource/layout/layout.js?ln=primefaces&v=4.0 HTTP/1.1" 304 -
216.244.66.195 - - [26/Jan/2024:04:00:12 -0500] "GET /BLA/resoluciones/AUTOS%202018/1958.pdf HTTP/1.1" 200 268957
