190.158.100.67 - - [26/Jan/2024:00:04:06 -0500] "GET /sipse/faces/javax.faces.resource/layout/layout.js?ln=primefaces&v=4.0 HTTP/1.1" 304 -
190.158.100.67 - - [26/Jan/2024:00:04:05 -0500] "POST /sipse/faces/presentacion/sistema/anexos/cargarAnexoSolicitudProceso.xhtml HTTP/1.1" 200 195823
190.158.100.67 - - [26/Jan/2024:00:04:25 -0500] "POST /sipse/faces/presentacion/financiero/solicitudProceso/consultarSolicitudProceso.xhtml HTTP/1.1" 200 6850
172.22.2.4 - - [26/Jan/2024:00:02:55 -0500] "GET /BLA/boletinlegal/ HTTP/1.1" 200 53437
190.158.100.67 - - [26/Jan/2024:00:04:47 -0500] "POST /sipse/faces/presentacion/financiero/solicitudProceso/consultarSolicitudProceso.xhtml HTTP/1.1" 200 6850
69.171.249.11 - - [26/Jan/2024:00:04:53 -0500] "GET /senderos-en-los-cerros-orientales-cerrados-temporalmente-por-incendios-forestales.html HTTP/1.1" 200 991
66.220.149.118 - - [26/Jan/2024:00:04:54 -0500] "GET /gobierno-de-bogota-hace-recomendaciones-a-la-ciudadania-para-que-tome-acciones-ante-la-mala-calidad-del-aire.html HTTP/1.1" 200 864
190.158.100.67 - - [26/Jan/2024:00:04:58 -0500] "POST /sipse/faces/presentacion/financiero/solicitudProceso/consultarSolicitudProceso.xhtml HTTP/1.1" 200 38322
190.158.100.67 - - [26/Jan/2024:00:04:59 -0500] "GET /sipse/faces/javax.faces.resource/theme.css?ln=primefaces-sipse HTTP/1.1" 304 -
190.158.100.67 - - [26/Jan/2024:00:04:59 -0500] "GET /sipse/faces/javax.faces.resource/primefaces.css?ln=primefaces&v=4.0 HTTP/1.1" 304 -
190.158.100.67 - - [26/Jan/2024:00:04:59 -0500] "GET /sipse/faces/javax.faces.resource/layout/layout.css?ln=primefaces&v=4.0 HTTP/1.1" 304 -
190.158.100.67 - - [26/Jan/2024:00:04:59 -0500] "GET /sipse/faces/javax.faces.resource/jquery/jquery.js?ln=primefaces&v=4.0 HTTP/1.1" 304 -
190.158.100.67 - - [26/Jan/2024:00:05:00 -0500] "GET /sipse/faces/javax.faces.resource/jquery/jquery-plugins.js?ln=primefaces&v=4.0 HTTP/1.1" 304 -
190.158.100.67 - - [26/Jan/2024:00:05:00 -0500] "GET /sipse/faces/javax.faces.resource/primefaces.js?ln=primefaces&v=4.0 HTTP/1.1" 304 -
190.158.100.67 - - [26/Jan/2024:00:05:00 -0500] "GET /sipse/faces/javax.faces.resource/layout/layout.js?ln=primefaces&v=4.0 HTTP/1.1" 304 -
190.158.100.67 - - [26/Jan/2024:00:05:00 -0500] "POST /sipse/faces/presentacion/financiero/solicitudProceso/listarSolicitudProceso.xhtml HTTP/1.1" 200 1396
186.155.149.236 - - [26/Jan/2024:00:05:01 -0500] "POST /sipse/faces/presentacion/financiero/solicitudProceso/listarSolicitudProceso.xhtml HTTP/1.1" 200 5250
190.158.100.67 - - [26/Jan/2024:00:05:01 -0500] "POST /sipse/faces/presentacion/financiero/solicitudProceso/listarSolicitudProceso.xhtml HTTP/1.1" 200 140969
190.158.100.67 - - [26/Jan/2024:00:05:03 -0500] "GET /sipse/faces/javax.faces.resource/theme.css?ln=primefaces-sipse HTTP/1.1" 304 -
190.158.100.67 - - [26/Jan/2024:00:05:03 -0500] "GET /sipse/faces/javax.faces.resource/layout/layout.css?ln=primefaces&v=4.0 HTTP/1.1" 304 -
190.158.100.67 - - [26/Jan/2024:00:05:03 -0500] "GET /sipse/faces/javax.faces.resource/primefaces.css?ln=primefaces&v=4.0 HTTP/1.1" 304 -
190.158.100.67 - - [26/Jan/2024:00:05:03 -0500] "GET /sipse/faces/javax.faces.resource/jquery/jquery.js?ln=primefaces&v=4.0 HTTP/1.1" 304 -
190.158.100.67 - - [26/Jan/2024:00:05:03 -0500] "GET /sipse/faces/javax.faces.resource/jquery/jquery-plugins.js?ln=primefaces&v=4.0 HTTP/1.1" 304 -
190.158.100.67 - - [26/Jan/2024:00:05:03 -0500] "GET /sipse/faces/javax.faces.resource/primefaces.js?ln=primefaces&v=4.0 HTTP/1.1" 304 -
190.158.100.67 - - [26/Jan/2024:00:05:03 -0500] "GET /sipse/faces/javax.faces.resource/layout/layout.js?ln=primefaces&v=4.0 HTTP/1.1" 304 -
186.155.149.236 - - [26/Jan/2024:00:05:03 -0500] "POST /sipse/faces/presentacion/financiero/solicitudProceso/listarSolicitudProceso.xhtml HTTP/1.1" 200 137337
186.155.149.236 - - [26/Jan/2024:00:05:04 -0500] "GET /sipse/faces/javax.faces.resource/theme.css?ln=primefaces-sipse HTTP/1.1" 304 -
186.155.149.236 - - [26/Jan/2024:00:05:04 -0500] "GET /sipse/faces/javax.faces.resource/primefaces.css?ln=primefaces&v=4.0 HTTP/1.1" 304 -
186.155.149.236 - - [26/Jan/2024:00:05:04 -0500] "GET /sipse/faces/javax.faces.resource/layout/layout.css?ln=primefaces&v=4.0 HTTP/1.1" 304 -
186.155.149.236 - - [26/Jan/2024:00:05:04 -0500] "GET /sipse/faces/javax.faces.resource/jquery/jquery.js?ln=primefaces&v=4.0 HTTP/1.1" 304 -
186.155.149.236 - - [26/Jan/2024:00:05:04 -0500] "GET /sipse/faces/javax.faces.resource/jquery/jquery-plugins.js?ln=primefaces&v=4.0 HTTP/1.1" 304 -
186.155.149.236 - - [26/Jan/2024:00:05:04 -0500] "GET /sipse/faces/javax.faces.resource/primefaces.js?ln=primefaces&v=4.0 HTTP/1.1" 304 -
186.155.149.236 - - [26/Jan/2024:00:05:04 -0500] "GET /sipse/faces/javax.faces.resource/layout/layout.js?ln=primefaces&v=4.0 HTTP/1.1" 304 -
17.241.219.149 - - [26/Jan/2024:00:06:36 -0500] "GET /secretaria-de-ambiente-instalo-movil-en-la-quebrada-la-vieja-para-atender-a-la-fauna-silvestre.html HTTP/1.1" 200 1019
201.245.192.253 - - [26/Jan/2024:00:08:24 -0500] "POST /kwsrmcab/Wsrmcab  HTTP/1.1" 200 37857
216.245.221.92 - - [26/Jan/2024:00:08:38 -0500] "HEAD / HTTP/1.1" 200 -
216.244.66.195 - - [26/Jan/2024:00:09:27 -0500] "GET /BLA/resoluciones/AUTOS%202020/0443.pdf HTTP/1.1" 200 322027
216.244.66.195 - - [26/Jan/2024:00:09:32 -0500] "GET /BLA/resoluciones/AUTOS%202020/1013.pdf HTTP/1.1" 200 410571
172.22.2.4 - - [26/Jan/2024:00:07:54 -0500] "HEAD /BLA/boletinlegal/ HTTP/1.1" 200 -
51.161.115.227 - - [26/Jan/2024:00:09:35 -0500] "GET /secretaria-de-ambiente-instalo-movil-en-la-quebrada-la-vieja-para-atender-a-la-fauna-silvestre.html HTTP/1.1" 200 1019
216.244.66.195 - - [26/Jan/2024:00:09:39 -0500] "GET /BLA/resoluciones/AUTOS%202020/1046.pdf HTTP/1.1" 200 379250
216.244.66.195 - - [26/Jan/2024:00:09:44 -0500] "GET /BLA/resoluciones/AUTOS%202020/1093.pdf HTTP/1.1" 200 852442
216.244.66.195 - - [26/Jan/2024:00:09:50 -0500] "GET /BLA/resoluciones/AUTOS%202020/1147.pdf HTTP/1.1" 200 413479
216.244.66.195 - - [26/Jan/2024:00:09:55 -0500] "GET /BLA/resoluciones/AUTOS%202020/1158.pdf HTTP/1.1" 200 364239
51.161.84.126 - - [26/Jan/2024:00:10:00 -0500] "GET /secretaria-de-ambiente-recupera-cuatro-animales-silvestres-y-realiza-recorridos-para-identificar-fauna-herida-de-incendios-forestales.html HTTP/1.1" 200 902
216.244.66.195 - - [26/Jan/2024:00:10:18 -0500] "GET /BLA/resoluciones/AUTOS%202020/1320.pdf HTTP/1.1" 200 359020
172.22.2.4 - - [26/Jan/2024:00:08:45 -0500] "GET /BLA/boletinlegal/ HTTP/1.1" 200 59104
173.252.127.20 - - [26/Jan/2024:00:10:25 -0500] "GET /a-que-se-debe-el-deterioro-de-la-calidad-del-aire-y-cuando-se-declararia-una-alerta-por-contaminacion-atmosferica.html HTTP/1.1" 206 1004
173.252.127.1 - - [26/Jan/2024:00:10:25 -0500] "GET /a-que-se-debe-el-deterioro-de-la-calidad-del-aire-y-cuando-se-declararia-una-alerta-por-contaminacion-atmosferica.html HTTP/1.1" 206 1004
173.252.127.1 - - [26/Jan/2024:00:10:25 -0500] "GET /a-que-se-debe-el-deterioro-de-la-calidad-del-aire-y-cuando-se-declararia-una-alerta-por-contaminacion-atmosferica.html HTTP/1.1" 206 1004
173.252.127.7 - - [26/Jan/2024:00:10:25 -0500] "GET /a-que-se-debe-el-deterioro-de-la-calidad-del-aire-y-cuando-se-declararia-una-alerta-por-contaminacion-atmosferica.html HTTP/1.1" 206 1004
173.252.127.14 - - [26/Jan/2024:00:10:25 -0500] "GET /a-que-se-debe-el-deterioro-de-la-calidad-del-aire-y-cuando-se-declararia-una-alerta-por-contaminacion-atmosferica.html HTTP/1.1" 206 1004
173.252.127.19 - - [26/Jan/2024:00:10:32 -0500] "GET /a-que-se-debe-el-deterioro-de-la-calidad-del-aire-y-cuando-se-declararia-una-alerta-por-contaminacion-atmosferica.html HTTP/1.1" 200 1004
66.249.66.19 - - [26/Jan/2024:00:10:36 -0500] "GET /BLA/resoluciones/RESOLUCIONES%202009/7303.pdf HTTP/1.1" 200 354358
216.244.66.195 - - [26/Jan/2024:00:10:57 -0500] "GET /BLA/resoluciones/AUTOS%202020/1611.pdf HTTP/1.1" 200 870191
40.77.167.43 - - [26/Jan/2024:00:11:18 -0500] "GET /Publicaciones/2023EE305231.pdf HTTP/1.1" 404 228
216.244.66.195 - - [26/Jan/2024:00:11:29 -0500] "GET /BLA/resoluciones/AUTOS%202020/2436.pdf HTTP/1.1" 200 353634
216.244.66.195 - - [26/Jan/2024:00:11:59 -0500] "GET /BLA/resoluciones/AUTOS%202020/2605.pdf HTTP/1.1" 200 357959
216.244.66.195 - - [26/Jan/2024:00:12:30 -0500] "GET /BLA/resoluciones/AUTOS%202020/2819.pdf HTTP/1.1" 200 356508
216.244.66.195 - - [26/Jan/2024:00:12:58 -0500] "GET /BLA/resoluciones/AUTOS%202020/2824.pdf HTTP/1.1" 200 454445
201.245.192.253 - - [26/Jan/2024:00:13:23 -0500] "POST /kwsrmcab/Wsrmcab  HTTP/1.1" 200 37857
190.158.100.67 - - [26/Jan/2024:00:13:32 -0500] "POST /sipse/faces/presentacion/financiero/solicitudProceso/consultarSolicitudProceso.xhtml HTTP/1.1" 200 43829
190.158.100.67 - - [26/Jan/2024:00:13:32 -0500] "GET /sipse/faces/javax.faces.resource/theme.css?ln=primefaces-sipse HTTP/1.1" 304 -
190.158.100.67 - - [26/Jan/2024:00:13:32 -0500] "GET /sipse/faces/javax.faces.resource/primefaces.css?ln=primefaces&v=4.0 HTTP/1.1" 304 -
190.158.100.67 - - [26/Jan/2024:00:13:32 -0500] "GET /sipse/faces/javax.faces.resource/jquery/jquery.js?ln=primefaces&v=4.0 HTTP/1.1" 304 -
190.158.100.67 - - [26/Jan/2024:00:13:32 -0500] "GET /sipse/faces/javax.faces.resource/layout/layout.css?ln=primefaces&v=4.0 HTTP/1.1" 304 -
190.158.100.67 - - [26/Jan/2024:00:13:32 -0500] "GET /sipse/faces/javax.faces.resource/jquery/jquery-plugins.js?ln=primefaces&v=4.0 HTTP/1.1" 304 -
190.158.100.67 - - [26/Jan/2024:00:13:32 -0500] "GET /sipse/faces/javax.faces.resource/primefaces.js?ln=primefaces&v=4.0 HTTP/1.1" 304 -
190.158.100.67 - - [26/Jan/2024:00:13:32 -0500] "GET /sipse/faces/javax.faces.resource/layout/layout.js?ln=primefaces&v=4.0 HTTP/1.1" 304 -
190.158.100.67 - - [26/Jan/2024:00:13:33 -0500] "GET /sipse/css/imagen/contrasena.png HTTP/1.1" 404 383
190.158.100.67 - - [26/Jan/2024:00:13:33 -0500] "GET /sipse/faces/javax.faces.resource/images/ui-icons_898989_256x240.png?ln=primefaces-aristo HTTP/1.1" 304 -
190.158.100.67 - - [26/Jan/2024:00:13:32 -0500] "POST /sipse/faces/presentacion/financiero/solicitudProceso/consultar.xhtml HTTP/1.1" 200 37236
190.158.100.67 - - [26/Jan/2024:00:13:35 -0500] "GET /sipse/faces/javax.faces.resource/images/ui-bg_flat_0_2d5972_40x100.png?ln=primefaces-aristo HTTP/1.1" 304 -
190.158.100.67 - - [26/Jan/2024:00:13:35 -0500] "POST /sipse/faces/presentacion/financiero/solicitudProceso/consultar.xhtml HTTP/1.1" 200 37236
216.245.221.92 - - [26/Jan/2024:00:13:38 -0500] "HEAD / HTTP/1.1" 200 -
216.244.66.195 - - [26/Jan/2024:00:13:41 -0500] "GET /BLA/resoluciones/AUTOS%202020/2975.pdf HTTP/1.1" 200 385128
172.22.2.4 - - [26/Jan/2024:00:14:07 -0500] "GET /BLA/boletinlegal/jurisprudencia.php HTTP/1.1" 200 17637
216.244.66.195 - - [26/Jan/2024:00:14:17 -0500] "GET /BLA/resoluciones/AUTOS%202020/3092.pdf HTTP/1.1" 200 297486
190.158.100.67 - - [26/Jan/2024:00:14:16 -0500] "POST /sipse/faces/presentacion/financiero/solicitudProceso/consultar.xhtml HTTP/1.1" 200 12869
190.158.100.67 - - [26/Jan/2024:00:14:21 -0500] "POST /sipse/faces/presentacion/financiero/solicitudProceso/consultar.xhtml HTTP/1.1" 200 150822
190.158.100.67 - - [26/Jan/2024:00:14:22 -0500] "GET /sipse/faces/javax.faces.resource/theme.css?ln=primefaces-sipse HTTP/1.1" 304 -
190.158.100.67 - - [26/Jan/2024:00:14:22 -0500] "GET /sipse/faces/javax.faces.resource/primefaces.css?ln=primefaces&v=4.0 HTTP/1.1" 304 -
190.158.100.67 - - [26/Jan/2024:00:14:22 -0500] "GET /sipse/faces/javax.faces.resource/layout/layout.css?ln=primefaces&v=4.0 HTTP/1.1" 304 -
190.158.100.67 - - [26/Jan/2024:00:14:22 -0500] "GET /sipse/faces/javax.faces.resource/jquery/jquery.js?ln=primefaces&v=4.0 HTTP/1.1" 304 -
190.158.100.67 - - [26/Jan/2024:00:14:22 -0500] "GET /sipse/faces/javax.faces.resource/jquery/jquery-plugins.js?ln=primefaces&v=4.0 HTTP/1.1" 304 -
190.158.100.67 - - [26/Jan/2024:00:14:22 -0500] "GET /sipse/faces/javax.faces.resource/primefaces.js?ln=primefaces&v=4.0 HTTP/1.1" 304 -
190.158.100.67 - - [26/Jan/2024:00:14:22 -0500] "GET /sipse/faces/javax.faces.resource/layout/layout.js?ln=primefaces&v=4.0 HTTP/1.1" 304 -
190.158.100.67 - - [26/Jan/2024:00:14:30 -0500] "POST /sipse/faces/presentacion/financiero/solicitudProceso/consultarSolicitudProceso.xhtml HTTP/1.1" 200 5522
201.245.192.253 - - [26/Jan/2024:00:14:39 -0500] "POST /kwsrmcab/Wsrmcab HTTP/1.1" 200 37549
69.63.189.7 - - [26/Jan/2024:00:14:45 -0500] "GET /images/25%20Incendio%20declaratoria.jpeg HTTP/1.1" 200 90327
69.63.189.7 - - [26/Jan/2024:00:14:45 -0500] "GET /images/Comprimida%20incendios.jpg HTTP/1.1" 200 23316
69.63.189.4 - - [26/Jan/2024:00:14:45 -0500] "GET /images/24%20de%20enero%20sendero.JPG HTTP/1.1" 200 59121
201.245.192.253 - - [26/Jan/2024:00:14:43 -0500] "POST /kwsrmcab/Wsrmcab HTTP/1.1" 200 39854
216.244.66.195 - - [26/Jan/2024:00:14:48 -0500] "GET /BLA/resoluciones/AUTOS%202020/3304.pdf HTTP/1.1" 200 354813
69.63.189.7 - - [26/Jan/2024:00:14:52 -0500] "GET /images/Caminatas%20(1)%20(2).jpeg HTTP/1.1" 200 81411
69.63.189.7 - - [26/Jan/2024:00:14:57 -0500] "GET /images/agua%20bogota.jpg HTTP/1.1" 200 74348
69.63.189.7 - - [26/Jan/2024:00:14:57 -0500] "GET /images/terrazas%20verdes.jpg HTTP/1.1" 200 63951
69.63.189.7 - - [26/Jan/2024:00:14:57 -0500] "GET /images/participacion%2019-12-23.jpg HTTP/1.1" 200 73861
69.63.189.1 - - [26/Jan/2024:00:14:57 -0500] "GET /images/arbol%20centro.jpg HTTP/1.1" 200 69467
69.63.189.7 - - [26/Jan/2024:00:14:58 -0500] "GET /images/PREAD%20SDA%201.jpeg HTTP/1.1" 200 65620
69.63.189.9 - - [26/Jan/2024:00:14:58 -0500] "GET /images/reconocimiento%20practicas%20ambientales.jpg HTTP/1.1" 200 63397
69.63.189.7 - - [26/Jan/2024:00:14:58 -0500] "GET /images/Aves%20SDA.jpeg HTTP/1.1" 200 75104
190.158.100.67 - - [26/Jan/2024:00:15:13 -0500] "POST /sipse/faces/presentacion/financiero/solicitudProceso/consultarSolicitudProceso.xhtml HTTP/1.1" 200 37821
190.158.100.67 - - [26/Jan/2024:00:15:14 -0500] "GET /sipse/faces/javax.faces.resource/theme.css?ln=primefaces-sipse HTTP/1.1" 304 -
190.158.100.67 - - [26/Jan/2024:00:15:14 -0500] "GET /sipse/faces/javax.faces.resource/primefaces.css?ln=primefaces&v=4.0 HTTP/1.1" 304 -
190.158.100.67 - - [26/Jan/2024:00:15:14 -0500] "GET /sipse/faces/javax.faces.resource/layout/layout.css?ln=primefaces&v=4.0 HTTP/1.1" 304 -
190.158.100.67 - - [26/Jan/2024:00:15:14 -0500] "GET /sipse/faces/javax.faces.resource/jquery/jquery.js?ln=primefaces&v=4.0 HTTP/1.1" 304 -
190.158.100.67 - - [26/Jan/2024:00:15:14 -0500] "GET /sipse/faces/javax.faces.resource/jquery/jquery-plugins.js?ln=primefaces&v=4.0 HTTP/1.1" 304 -
190.158.100.67 - - [26/Jan/2024:00:15:14 -0500] "GET /sipse/faces/javax.faces.resource/primefaces.js?ln=primefaces&v=4.0 HTTP/1.1" 304 -
190.158.100.67 - - [26/Jan/2024:00:15:14 -0500] "GET /sipse/faces/javax.faces.resource/layout/layout.js?ln=primefaces&v=4.0 HTTP/1.1" 304 -
190.158.100.67 - - [26/Jan/2024:00:15:14 -0500] "POST /sipse/faces/presentacion/financiero/solicitudProceso/listarSolicitudProceso.xhtml HTTP/1.1" 200 31202
190.158.100.67 - - [26/Jan/2024:00:15:15 -0500] "POST /sipse/faces/presentacion/financiero/solicitudProceso/listarSolicitudProceso.xhtml HTTP/1.1" 200 31202
190.158.100.67 - - [26/Jan/2024:00:15:15 -0500] "POST /sipse/faces/presentacion/financiero/solicitudProceso/listarSolicitudProceso.xhtml HTTP/1.1" 200 31202
190.158.100.67 - - [26/Jan/2024:00:15:15 -0500] "POST /sipse/faces/presentacion/financiero/solicitudProceso/listarSolicitudProceso.xhtml HTTP/1.1" 200 31202
190.158.100.67 - - [26/Jan/2024:00:15:17 -0500] "POST /sipse/faces/presentacion/financiero/solicitudProceso/listarSolicitudProceso.xhtml HTTP/1.1" 200 1396
190.158.100.67 - - [26/Jan/2024:00:15:17 -0500] "POST /sipse/faces/presentacion/financiero/solicitudProceso/listarSolicitudProceso.xhtml HTTP/1.1" 200 1396
190.158.100.67 - - [26/Jan/2024:00:15:17 -0500] "POST /sipse/faces/presentacion/financiero/solicitudProceso/listarSolicitudProceso.xhtml HTTP/1.1" 200 1404
190.158.100.67 - - [26/Jan/2024:00:15:17 -0500] "POST /sipse/faces/presentacion/financiero/solicitudProceso/listarSolicitudProceso.xhtml HTTP/1.1" 200 1404
190.158.100.67 - - [26/Jan/2024:00:15:17 -0500] "POST /sipse/faces/presentacion/financiero/solicitudProceso/listarSolicitudProceso.xhtml HTTP/1.1" 200 1404
216.244.66.195 - - [26/Jan/2024:00:15:20 -0500] "GET /BLA/resoluciones/AUTOS%202020/3700.pdf HTTP/1.1" 200 352379
172.22.2.4 - - [26/Jan/2024:00:13:44 -0500] "HEAD /BLA/boletinlegal/ HTTP/1.1" 200 -
172.22.2.4 - - [26/Jan/2024:00:15:32 -0500] "POST /BLA/boletinlegal/template/aui/text-inline.vm HTTP/1.1" 404 1018
216.244.66.195 - - [26/Jan/2024:00:15:49 -0500] "GET /BLA/resoluciones/AUTOS%202020/3821.pdf HTTP/1.1" 200 357633
172.22.2.4 - - [26/Jan/2024:00:14:35 -0500] "GET /BLA/boletinlegal/ HTTP/1.1" 200 58720
216.244.66.195 - - [26/Jan/2024:00:16:32 -0500] "GET /BLA/resoluciones/AUTOS%202020/3837.pdf HTTP/1.1" 200 347671
216.244.66.195 - - [26/Jan/2024:00:17:10 -0500] "GET /BLA/resoluciones/AUTOS%202020/4052.pdf HTTP/1.1" 200 376546
216.244.66.195 - - [26/Jan/2024:00:17:43 -0500] "GET /BLA/resoluciones/AUTOS%202020/4473.pdf HTTP/1.1" 200 477533
172.22.2.4 - - [26/Jan/2024:00:17:54 -0500] "GET /BLA/boletinlegal/LXiO HTTP/1.1" 404 1018
172.22.2.4 - - [26/Jan/2024:00:17:54 -0500] "GET /BLA/boletinlegal/AbsG HTTP/1.1" 404 1018
172.22.2.4 - - [26/Jan/2024:00:17:55 -0500] "GET /BLA/boletinlegal/aab8 HTTP/1.1" 404 1018
172.22.2.4 - - [26/Jan/2024:00:17:57 -0500] "GET /BLA/boletinlegal/jquery-3.3.1.slim.min.js HTTP/1.1" 404 1018
172.22.2.4 - - [26/Jan/2024:00:17:57 -0500] "GET /BLA/boletinlegal/aab9 HTTP/1.1" 404 1018
172.22.2.4 - - [26/Jan/2024:00:17:57 -0500] "GET /BLA/boletinlegal/jquery-3.3.2.slim.min.js HTTP/1.1" 404 1018
178.79.184.50 - - [26/Jan/2024:00:18:03 -0500] "GET / HTTP/1.1" 200 319
178.79.184.50 - - [26/Jan/2024:00:18:03 -0500] "\x16\x03\x01" 400 226
178.79.184.50 - - [26/Jan/2024:00:18:04 -0500] "\x16\x03\x01" 400 226
178.79.184.50 - - [26/Jan/2024:00:18:04 -0500] "\x16\x03\x01" 400 226
216.244.66.195 - - [26/Jan/2024:00:18:13 -0500] "GET /BLA/resoluciones/AUTOS%202020/4605.pdf HTTP/1.1" 200 348955
201.245.192.253 - - [26/Jan/2024:00:18:23 -0500] "POST /kwsrmcab/Wsrmcab  HTTP/1.1" 200 37857
216.245.221.92 - - [26/Jan/2024:00:18:38 -0500] "HEAD / HTTP/1.1" 200 -
216.244.66.195 - - [26/Jan/2024:00:18:42 -0500] "GET /BLA/resoluciones/AUTOS%202020/4608.pdf HTTP/1.1" 200 359836
216.244.66.195 - - [26/Jan/2024:00:19:10 -0500] "GET /BLA/resoluciones/AUTOS%202020/4611.pdf HTTP/1.1" 200 752772
201.245.192.253 - - [26/Jan/2024:00:19:11 -0500] "POST /kwsrmcab/Wsrmcab HTTP/1.1" 200 37679
216.244.66.195 - - [26/Jan/2024:00:19:43 -0500] "GET /BLA/resoluciones/AUTOS%202020/4666.pdf HTTP/1.1" 200 352875
216.244.66.195 - - [26/Jan/2024:00:20:10 -0500] "GET /BLA/resoluciones/AUTOS%202020/4704.pdf HTTP/1.1" 200 391230
190.158.100.67 - - [26/Jan/2024:00:20:22 -0500] "POST /sipse/faces/presentacion/financiero/solicitudProceso/listarSolicitudProceso.xhtml HTTP/1.1" 200 43828
190.158.100.67 - - [26/Jan/2024:00:20:23 -0500] "GET /sipse/faces/javax.faces.resource/theme.css?ln=primefaces-sipse HTTP/1.1" 304 -
190.158.100.67 - - [26/Jan/2024:00:20:23 -0500] "GET /sipse/faces/javax.faces.resource/jquery/jquery.js?ln=primefaces&v=4.0 HTTP/1.1" 304 -
190.158.100.67 - - [26/Jan/2024:00:20:23 -0500] "GET /sipse/faces/javax.faces.resource/layout/layout.css?ln=primefaces&v=4.0 HTTP/1.1" 304 -
190.158.100.67 - - [26/Jan/2024:00:20:23 -0500] "GET /sipse/faces/javax.faces.resource/primefaces.css?ln=primefaces&v=4.0 HTTP/1.1" 304 -
190.158.100.67 - - [26/Jan/2024:00:20:23 -0500] "GET /sipse/faces/javax.faces.resource/jquery/jquery-plugins.js?ln=primefaces&v=4.0 HTTP/1.1" 304 -
190.158.100.67 - - [26/Jan/2024:00:20:23 -0500] "GET /sipse/faces/javax.faces.resource/primefaces.js?ln=primefaces&v=4.0 HTTP/1.1" 304 -
190.158.100.67 - - [26/Jan/2024:00:20:23 -0500] "GET /sipse/faces/javax.faces.resource/layout/layout.js?ln=primefaces&v=4.0 HTTP/1.1" 304 -
190.158.100.67 - - [26/Jan/2024:00:20:23 -0500] "POST /sipse/faces/presentacion/financiero/solicitudProceso/consultar.xhtml HTTP/1.1" 200 37235
190.158.100.67 - - [26/Jan/2024:00:20:24 -0500] "POST /sipse/faces/presentacion/financiero/solicitudProceso/consultar.xhtml HTTP/1.1" 200 37235
190.158.100.67 - - [26/Jan/2024:00:20:24 -0500] "POST /sipse/faces/presentacion/financiero/solicitudProceso/consultar.xhtml HTTP/1.1" 200 37235
190.158.100.67 - - [26/Jan/2024:00:20:25 -0500] "POST /sipse/faces/presentacion/financiero/solicitudProceso/consultar.xhtml HTTP/1.1" 200 37235
190.158.100.67 - - [26/Jan/2024:00:20:25 -0500] "POST /sipse/faces/presentacion/financiero/solicitudProceso/consultar.xhtml HTTP/1.1" 200 37235
173.252.127.7 - - [26/Jan/2024:00:20:26 -0500] "GET /investigadores-del-jardin-botanico-de-bogota-descubren-primera-especie-de-cedro-endemica-de-colombia.html HTTP/1.1" 200 1003
190.158.100.67 - - [26/Jan/2024:00:20:27 -0500] "POST /sipse/faces/presentacion/financiero/solicitudProceso/consultar.xhtml HTTP/1.1" 200 12869
190.158.100.67 - - [26/Jan/2024:00:20:30 -0500] "POST /sipse/faces/presentacion/financiero/solicitudProceso/consultar.xhtml HTTP/1.1" 200 152616
190.158.100.67 - - [26/Jan/2024:00:20:31 -0500] "GET /sipse/faces/javax.faces.resource/theme.css?ln=primefaces-sipse HTTP/1.1" 304 -
190.158.100.67 - - [26/Jan/2024:00:20:31 -0500] "GET /sipse/faces/javax.faces.resource/layout/layout.css?ln=primefaces&v=4.0 HTTP/1.1" 304 -
190.158.100.67 - - [26/Jan/2024:00:20:31 -0500] "GET /sipse/faces/javax.faces.resource/primefaces.css?ln=primefaces&v=4.0 HTTP/1.1" 304 -
190.158.100.67 - - [26/Jan/2024:00:20:31 -0500] "GET /sipse/faces/javax.faces.resource/jquery/jquery.js?ln=primefaces&v=4.0 HTTP/1.1" 304 -
190.158.100.67 - - [26/Jan/2024:00:20:31 -0500] "GET /sipse/faces/javax.faces.resource/jquery/jquery-plugins.js?ln=primefaces&v=4.0 HTTP/1.1" 304 -
190.158.100.67 - - [26/Jan/2024:00:20:31 -0500] "GET /sipse/faces/javax.faces.resource/primefaces.js?ln=primefaces&v=4.0 HTTP/1.1" 304 -
190.158.100.67 - - [26/Jan/2024:00:20:31 -0500] "GET /sipse/faces/javax.faces.resource/layout/layout.js?ln=primefaces&v=4.0 HTTP/1.1" 304 -
190.158.100.67 - - [26/Jan/2024:00:20:36 -0500] "POST /sipse/faces/presentacion/financiero/solicitudProceso/consultarSolicitudProceso.xhtml HTTP/1.1" 200 5522
216.244.66.195 - - [26/Jan/2024:00:20:38 -0500] "GET /BLA/resoluciones/AUTOS%202020/4772.pdf HTTP/1.1" 200 403686
201.245.192.253 - - [26/Jan/2024:00:20:39 -0500] "POST /kwsrmcab/Wsrmcab HTTP/1.1" 200 39854
190.158.100.67 - - [26/Jan/2024:00:20:53 -0500] "POST /sipse/faces/presentacion/financiero/solicitudProceso/consultarSolicitudProceso.xhtml HTTP/1.1" 200 37821
190.158.100.67 - - [26/Jan/2024:00:20:54 -0500] "GET /sipse/faces/javax.faces.resource/theme.css?ln=primefaces-sipse HTTP/1.1" 304 -
190.158.100.67 - - [26/Jan/2024:00:20:54 -0500] "GET /sipse/faces/javax.faces.resource/primefaces.css?ln=primefaces&v=4.0 HTTP/1.1" 304 -
190.158.100.67 - - [26/Jan/2024:00:20:54 -0500] "GET /sipse/faces/javax.faces.resource/layout/layout.css?ln=primefaces&v=4.0 HTTP/1.1" 304 -
190.158.100.67 - - [26/Jan/2024:00:20:54 -0500] "GET /sipse/faces/javax.faces.resource/jquery/jquery.js?ln=primefaces&v=4.0 HTTP/1.1" 304 -
190.158.100.67 - - [26/Jan/2024:00:20:54 -0500] "GET /sipse/faces/javax.faces.resource/jquery/jquery-plugins.js?ln=primefaces&v=4.0 HTTP/1.1" 304 -
190.158.100.67 - - [26/Jan/2024:00:20:54 -0500] "GET /sipse/faces/javax.faces.resource/primefaces.js?ln=primefaces&v=4.0 HTTP/1.1" 304 -
190.158.100.67 - - [26/Jan/2024:00:20:54 -0500] "GET /sipse/faces/javax.faces.resource/layout/layout.js?ln=primefaces&v=4.0 HTTP/1.1" 304 -
190.158.100.67 - - [26/Jan/2024:00:20:54 -0500] "POST /sipse/faces/presentacion/financiero/solicitudProceso/listarSolicitudProceso.xhtml HTTP/1.1" 200 31202
190.158.100.67 - - [26/Jan/2024:00:20:55 -0500] "POST /sipse/faces/presentacion/financiero/solicitudProceso/listarSolicitudProceso.xhtml HTTP/1.1" 200 31202
190.158.100.67 - - [26/Jan/2024:00:20:55 -0500] "POST /sipse/faces/presentacion/financiero/solicitudProceso/listarSolicitudProceso.xhtml HTTP/1.1" 200 31202
190.158.100.67 - - [26/Jan/2024:00:20:55 -0500] "POST /sipse/faces/presentacion/financiero/solicitudProceso/listarSolicitudProceso.xhtml HTTP/1.1" 200 31202
190.158.100.67 - - [26/Jan/2024:00:20:55 -0500] "POST /sipse/faces/presentacion/financiero/solicitudProceso/listarSolicitudProceso.xhtml HTTP/1.1" 200 31202
190.158.100.67 - - [26/Jan/2024:00:20:56 -0500] "POST /sipse/faces/presentacion/financiero/solicitudProceso/listarSolicitudProceso.xhtml HTTP/1.1" 200 31202
190.158.100.67 - - [26/Jan/2024:00:20:56 -0500] "POST /sipse/faces/presentacion/financiero/solicitudProceso/listarSolicitudProceso.xhtml HTTP/1.1" 200 31202
190.158.100.67 - - [26/Jan/2024:00:20:57 -0500] "POST /sipse/faces/presentacion/financiero/solicitudProceso/listarSolicitudProceso.xhtml HTTP/1.1" 200 1396
190.158.100.67 - - [26/Jan/2024:00:20:57 -0500] "POST /sipse/faces/presentacion/financiero/solicitudProceso/listarSolicitudProceso.xhtml HTTP/1.1" 200 1396
190.158.100.67 - - [26/Jan/2024:00:20:57 -0500] "POST /sipse/faces/presentacion/financiero/solicitudProceso/listarSolicitudProceso.xhtml HTTP/1.1" 200 1404
190.158.100.67 - - [26/Jan/2024:00:20:57 -0500] "POST /sipse/faces/presentacion/financiero/solicitudProceso/listarSolicitudProceso.xhtml HTTP/1.1" 200 1404
190.158.100.67 - - [26/Jan/2024:00:20:57 -0500] "POST /sipse/faces/presentacion/financiero/solicitudProceso/listarSolicitudProceso.xhtml HTTP/1.1" 200 1404
190.158.100.67 - - [26/Jan/2024:00:20:57 -0500] "POST /sipse/faces/presentacion/financiero/solicitudProceso/listarSolicitudProceso.xhtml HTTP/1.1" 200 1400
190.158.100.67 - - [26/Jan/2024:00:20:58 -0500] "POST /sipse/faces/presentacion/financiero/solicitudProceso/listarSolicitudProceso.xhtml HTTP/1.1" 200 1404
190.158.100.67 - - [26/Jan/2024:00:20:58 -0500] "POST /sipse/faces/presentacion/financiero/solicitudProceso/listarSolicitudProceso.xhtml HTTP/1.1" 200 1396
216.244.66.195 - - [26/Jan/2024:00:21:04 -0500] "GET /BLA/resoluciones/AUTOS%202008/0006.pdf HTTP/1.1" 200 97301
172.22.2.4 - - [26/Jan/2024:00:19:34 -0500] "HEAD /BLA/boletinlegal/ HTTP/1.1" 200 -
216.244.66.195 - - [26/Jan/2024:00:21:28 -0500] "GET /BLA/resoluciones/AUTOS%202008/0256.pdf HTTP/1.1" 200 93107
190.158.100.67 - - [26/Jan/2024:00:21:38 -0500] "GET /sipse/faces/javax.faces.resource/theme.css?ln=primefaces-sipse HTTP/1.1" 304 -
190.158.100.67 - - [26/Jan/2024:00:21:38 -0500] "GET /sipse/faces/faces/autenticacion.xhtml HTTP/1.1" 200 12411
190.158.100.67 - - [26/Jan/2024:00:21:38 -0500] "GET /sipse/faces/javax.faces.resource/theme.css?ln=primefaces-sipse HTTP/1.1" 304 -
190.158.100.67 - - [26/Jan/2024:00:21:38 -0500] "GET /sipse/faces/javax.faces.resource/primefaces.css?ln=primefaces&v=4.0 HTTP/1.1" 304 -
190.158.100.67 - - [26/Jan/2024:00:21:38 -0500] "GET /sipse/faces/javax.faces.resource/layout/layout.css?ln=primefaces&v=4.0 HTTP/1.1" 304 -
190.158.100.67 - - [26/Jan/2024:00:21:38 -0500] "GET /sipse/faces/javax.faces.resource/jquery/jquery.js?ln=primefaces&v=4.0 HTTP/1.1" 304 -
190.158.100.67 - - [26/Jan/2024:00:21:38 -0500] "GET /sipse/faces/javax.faces.resource/jquery/jquery-plugins.js?ln=primefaces&v=4.0 HTTP/1.1" 304 -
190.158.100.67 - - [26/Jan/2024:00:21:38 -0500] "GET /sipse/faces/javax.faces.resource/primefaces.js?ln=primefaces&v=4.0 HTTP/1.1" 304 -
190.158.100.67 - - [26/Jan/2024:00:21:38 -0500] "GET /sipse/faces/javax.faces.resource/layout/layout.js?ln=primefaces&v=4.0 HTTP/1.1" 304 -
190.158.100.67 - - [26/Jan/2024:00:21:38 -0500] "GET /sipse/faces/javax.faces.resource/images/ui-icons_898989_256x240.png?ln=primefaces-aristo HTTP/1.1" 304 -
66.249.66.37 - - [26/Jan/2024:00:21:47 -0500] "GET /secretaria-de-ambiente-recupera-cuatro-animales-silvestres-y- HTTP/1.1" 404 1034
216.244.66.195 - - [26/Jan/2024:00:21:50 -0500] "GET /BLA/resoluciones/AUTOS%202008/0635.pdf HTTP/1.1" 200 81754
172.22.2.4 - - [26/Jan/2024:00:20:25 -0500] "GET /BLA/boletinlegal/ HTTP/1.1" 200 61050
216.244.66.195 - - [26/Jan/2024:00:22:12 -0500] "GET /BLA/resoluciones/AUTOS%202008/0676.pdf HTTP/1.1" 200 105883
17.241.219.221 - - [26/Jan/2024:00:22:26 -0500] "GET /feria-de-negocios-verdes-hecho-en-bogoti-emprendedores-comprometidos-con-el-medioambiente.html HTTP/1.1" 200 776
108.60.212.229 - - [26/Jan/2024:00:22:32 -0500] "GET /.env HTTP/1.1" 404 1034
108.60.212.229 - - [26/Jan/2024:00:22:32 -0500] "GET /sendgrid.env HTTP/1.1" 404 1034
216.244.66.195 - - [26/Jan/2024:00:22:32 -0500] "GET /BLA/resoluciones/AUTOS%202008/0836.pdf HTTP/1.1" 200 121354
108.60.212.229 - - [26/Jan/2024:00:22:32 -0500] "GET /core/.env HTTP/1.1" 404 1034
108.60.212.229 - - [26/Jan/2024:00:22:33 -0500] "GET /vendor/.env HTTP/1.1" 404 1034
108.60.212.229 - - [26/Jan/2024:00:22:33 -0500] "GET /assets/.env HTTP/1.1" 404 1034
108.60.212.229 - - [26/Jan/2024:00:22:33 -0500] "GET /storage/.env HTTP/1.1" 404 1034
108.60.212.229 - - [26/Jan/2024:00:22:37 -0500] "GET /public/.env HTTP/1.1" 404 1034
108.60.212.229 - - [26/Jan/2024:00:22:37 -0500] "GET /app/.env HTTP/1.1" 404 1034
108.60.212.229 - - [26/Jan/2024:00:22:37 -0500] "GET /admin/.env HTTP/1.1" 404 1034
108.60.212.229 - - [26/Jan/2024:00:22:38 -0500] "GET /laravel/.env HTTP/1.1" 404 1034
108.60.212.229 - - [26/Jan/2024:00:22:41 -0500] "POST / HTTP/1.1" 200 4720
108.60.212.229 - - [26/Jan/2024:00:22:41 -0500] "GET /vendor/phpunit/phpunit/src/Util/PHP/eval-stdin.php HTTP/1.1" 404 1034
17.241.219.56 - - [26/Jan/2024:00:22:45 -0500] "GET /secretaria-de-ambiente-presenta-cartilla-con-el-protocolo-para-el-manejo-y-control-de-la-langostilla-de-rio.html HTTP/1.1" 200 857
216.244.66.195 - - [26/Jan/2024:00:22:52 -0500] "GET /BLA/resoluciones/AUTOS%202008/1009.pdf HTTP/1.1" 200 85384
172.22.2.4 - - [26/Jan/2024:00:23:09 -0500] "GET /BLA/boletinlegal/actos.php HTTP/1.1" 200 9738
216.244.66.195 - - [26/Jan/2024:00:23:10 -0500] "GET /BLA/resoluciones/AUTOS%202008/1362.pdf HTTP/1.1" 200 71919
201.245.192.253 - - [26/Jan/2024:00:23:22 -0500] "POST /kwsrmcab/Wsrmcab  HTTP/1.1" 200 37857
216.244.66.195 - - [26/Jan/2024:00:23:29 -0500] "GET /BLA/resoluciones/AUTOS%202013/0246.pdf HTTP/1.1" 200 2553977
216.245.221.92 - - [26/Jan/2024:00:23:38 -0500] "HEAD / HTTP/1.1" 200 -
216.244.66.195 - - [26/Jan/2024:00:24:04 -0500] "GET /BLA/resoluciones/AUTOS%202013/1266.pdf HTTP/1.1" 200 1687190
201.245.192.253 - - [26/Jan/2024:00:24:39 -0500] "POST /kwsrmcab/Wsrmcab HTTP/1.1" 200 37549
201.245.192.253 - - [26/Jan/2024:00:24:42 -0500] "POST /kwsrmcab/Wsrmcab HTTP/1.1" 200 39854
216.244.66.195 - - [26/Jan/2024:00:24:51 -0500] "GET /BLA/resoluciones/AUTOS%202013/2151.pdf HTTP/1.1" 200 437710
216.244.66.195 - - [26/Jan/2024:00:25:21 -0500] "GET /BLA/resoluciones/AUTOS%202013/2642.pdf HTTP/1.1" 200 617827
216.244.66.195 - - [26/Jan/2024:00:25:53 -0500] "GET /BLA/resoluciones/AUTOS%202013/2736.pdf HTTP/1.1" 200 762335
216.244.66.195 - - [26/Jan/2024:00:26:23 -0500] "GET /BLA/resoluciones/AUTOS%202014/0456.pdf HTTP/1.1" 200 1062077
66.249.66.19 - - [26/Jan/2024:00:26:27 -0500] "GET /BLA/resoluciones/RESOLUCIONES%202012/1356.pdf HTTP/1.1" 200 282950
216.244.66.195 - - [26/Jan/2024:00:27:01 -0500] "GET /BLA/resoluciones/AUTOS%202014/0555.pdf HTTP/1.1" 200 602979
172.22.2.4 - - [26/Jan/2024:00:25:24 -0500] "HEAD /BLA/boletinlegal/ HTTP/1.1" 200 -
69.171.249.16 - - [26/Jan/2024:00:27:32 -0500] "GET /a-que-se-debe-el-deterioro-de-la-calidad-del-aire-y-cuando-se-declararia-una-alerta-por-contaminacion-atmosferica.html HTTP/1.1" 200 1004
216.244.66.195 - - [26/Jan/2024:00:27:34 -0500] "GET /BLA/resoluciones/AUTOS%202014/1180.pdf HTTP/1.1" 200 626638
186.155.149.236 - - [26/Jan/2024:00:27:37 -0500] "GET /sipse/faces/javax.faces.resource/theme.css?ln=primefaces-sipse HTTP/1.1" 304 -
186.155.149.236 - - [26/Jan/2024:00:27:37 -0500] "GET /sipse/faces/javax.faces.resource/primefaces.css?ln=primefaces&v=4.0 HTTP/1.1" 304 -
186.155.149.236 - - [26/Jan/2024:00:27:37 -0500] "GET /sipse/faces/javax.faces.resource/jquery/jquery-plugins.js?ln=primefaces&v=4.0 HTTP/1.1" 304 -
186.155.149.236 - - [26/Jan/2024:00:27:37 -0500] "GET /sipse/faces/javax.faces.resource/jquery/jquery.js?ln=primefaces&v=4.0 HTTP/1.1" 304 -
186.155.149.236 - - [26/Jan/2024:00:27:37 -0500] "GET /sipse/faces/javax.faces.resource/layout/layout.css?ln=primefaces&v=4.0 HTTP/1.1" 304 -
186.155.149.236 - - [26/Jan/2024:00:27:37 -0500] "GET /sipse/faces/javax.faces.resource/primefaces.js?ln=primefaces&v=4.0 HTTP/1.1" 304 -
186.155.149.236 - - [26/Jan/2024:00:27:37 -0500] "GET /sipse/faces/javax.faces.resource/layout/layout.js?ln=primefaces&v=4.0 HTTP/1.1" 304 -
186.155.149.236 - - [26/Jan/2024:00:27:37 -0500] "POST /sipse/faces/presentacion/financiero/solicitudProceso/consultarSolicitudProceso.xhtml HTTP/1.1" 200 184035
186.155.149.236 - - [26/Jan/2024:00:27:37 -0500] "GET /sipse/css/imagen/contrasena.png HTTP/1.1" 404 383
186.155.149.236 - - [26/Jan/2024:00:27:37 -0500] "GET /sipse/faces/javax.faces.resource/images/ui-icons_898989_256x240.png?ln=primefaces-aristo HTTP/1.1" 304 -
186.155.149.236 - - [26/Jan/2024:00:27:45 -0500] "GET /sipse/faces/javax.faces.resource/images/ui-bg_flat_0_2d5972_40x100.png?ln=primefaces-aristo HTTP/1.1" 304 -
186.155.149.236 - - [26/Jan/2024:00:27:45 -0500] "POST /sipse/faces/presentacion/financiero/solicitudProceso/consultarSolicitudProceso.xhtml HTTP/1.1" 200 35518
186.155.149.236 - - [26/Jan/2024:00:27:48 -0500] "GET /sipse/faces/javax.faces.resource/primefaces.css?ln=primefaces&v=4.0 HTTP/1.1" 304 -
186.155.149.236 - - [26/Jan/2024:00:27:48 -0500] "GET /sipse/faces/javax.faces.resource/theme.css?ln=primefaces-sipse HTTP/1.1" 304 -
186.155.149.236 - - [26/Jan/2024:00:27:48 -0500] "GET /sipse/faces/javax.faces.resource/layout/layout.css?ln=primefaces&v=4.0 HTTP/1.1" 304 -
186.155.149.236 - - [26/Jan/2024:00:27:48 -0500] "GET /sipse/faces/javax.faces.resource/jquery/jquery.js?ln=primefaces&v=4.0 HTTP/1.1" 304 -
186.155.149.236 - - [26/Jan/2024:00:27:48 -0500] "GET /sipse/faces/javax.faces.resource/jquery/jquery-plugins.js?ln=primefaces&v=4.0 HTTP/1.1" 304 -
186.155.149.236 - - [26/Jan/2024:00:27:48 -0500] "GET /sipse/faces/javax.faces.resource/primefaces.js?ln=primefaces&v=4.0 HTTP/1.1" 304 -
186.155.149.236 - - [26/Jan/2024:00:27:48 -0500] "GET /sipse/faces/javax.faces.resource/layout/layout.js?ln=primefaces&v=4.0 HTTP/1.1" 304 -
186.155.149.236 - - [26/Jan/2024:00:27:48 -0500] "GET /sipse/faces/javax.faces.resource/messages/messages.png?ln=primefaces&v=4.0 HTTP/1.1" 304 -
186.155.149.236 - - [26/Jan/2024:00:27:48 -0500] "POST /sipse/faces/presentacion/financiero/solicitudProceso/listarSolicitudProceso.xhtml HTTP/1.1" 200 1396
186.155.149.236 - - [26/Jan/2024:00:27:50 -0500] "POST /sipse/faces/presentacion/financiero/solicitudProceso/listarSolicitudProceso.xhtml HTTP/1.1" 200 31979
186.155.149.236 - - [26/Jan/2024:00:27:51 -0500] "POST /sipse/faces/presentacion/financiero/solicitudProceso/listarSolicitudProceso.xhtml HTTP/1.1" 200 44110
172.22.2.4 - - [26/Jan/2024:00:26:15 -0500] "GET /BLA/boletinlegal/ HTTP/1.1" 200 59104
186.155.149.236 - - [26/Jan/2024:00:28:05 -0500] "POST /sipse/faces/presentacion/financiero/solicitudProceso/listarSolicitudProceso.xhtml HTTP/1.1" 200 5314
216.244.66.195 - - [26/Jan/2024:00:28:05 -0500] "GET /BLA/resoluciones/AUTOS%202014/1698.pdf HTTP/1.1" 200 1035088
51.222.253.4 - - [26/Jan/2024:00:28:05 -0500] "GET /robots.txt HTTP/1.1" 404 1018
186.155.149.236 - - [26/Jan/2024:00:28:07 -0500] "POST /sipse/faces/presentacion/financiero/solicitudProceso/listarSolicitudProceso.xhtml HTTP/1.1" 200 149304
186.155.149.236 - - [26/Jan/2024:00:28:08 -0500] "GET /sipse/faces/javax.faces.resource/theme.css?ln=primefaces-sipse HTTP/1.1" 304 -
186.155.149.236 - - [26/Jan/2024:00:28:08 -0500] "GET /sipse/faces/javax.faces.resource/primefaces.css?ln=primefaces&v=4.0 HTTP/1.1" 304 -
186.155.149.236 - - [26/Jan/2024:00:28:08 -0500] "GET /sipse/faces/javax.faces.resource/layout/layout.css?ln=primefaces&v=4.0 HTTP/1.1" 304 -
186.155.149.236 - - [26/Jan/2024:00:28:08 -0500] "GET /sipse/faces/javax.faces.resource/jquery/jquery.js?ln=primefaces&v=4.0 HTTP/1.1" 304 -
186.155.149.236 - - [26/Jan/2024:00:28:08 -0500] "GET /sipse/faces/javax.faces.resource/jquery/jquery-plugins.js?ln=primefaces&v=4.0 HTTP/1.1" 304 -
186.155.149.236 - - [26/Jan/2024:00:28:08 -0500] "GET /sipse/faces/javax.faces.resource/primefaces.js?ln=primefaces&v=4.0 HTTP/1.1" 304 -
186.155.149.236 - - [26/Jan/2024:00:28:08 -0500] "GET /sipse/faces/javax.faces.resource/layout/layout.js?ln=primefaces&v=4.0 HTTP/1.1" 304 -
201.245.192.253 - - [26/Jan/2024:00:28:21 -0500] "POST /kwsrmcab/Wsrmcab  HTTP/1.1" 200 37857
216.244.66.195 - - [26/Jan/2024:00:28:34 -0500] "GET /BLA/resoluciones/AUTOS%202014/1762.pdf HTTP/1.1" 200 412493
216.245.221.92 - - [26/Jan/2024:00:28:38 -0500] "HEAD / HTTP/1.1" 200 -
216.244.66.195 - - [26/Jan/2024:00:29:03 -0500] "GET /BLA/resoluciones/AUTOS%202014/1882.pdf HTTP/1.1" 200 526619
201.245.192.253 - - [26/Jan/2024:00:29:10 -0500] "POST /kwsrmcab/Wsrmcab HTTP/1.1" 200 37679
216.244.66.195 - - [26/Jan/2024:00:29:33 -0500] "GET /BLA/resoluciones/AUTOS%202014/2059.pdf HTTP/1.1" 200 2412342
201.245.192.253 - - [26/Jan/2024:00:29:57 -0500] "GET /kwsrmcab/Wsrmcab?wsdl HTTP/1.1" 200 6948
201.245.192.253 - - [26/Jan/2024:00:29:57 -0500] "POST /kwsrmcab/Wsrmcab HTTP/1.1" 200 39854
216.244.66.195 - - [26/Jan/2024:00:30:05 -0500] "GET /BLA/resoluciones/AUTOS%202015/0275.pdf HTTP/1.1" 200 883662
157.55.39.54 - - [26/Jan/2024:00:30:09 -0500] "GET /secretaria-de-ambiente-recupera-cuatro-animales-silvestres-y-realiza-recorridos-para-identificar-fauna-herida-de-incendios-forestales.html HTTP/1.1" 304 -
157.55.39.54 - - [26/Jan/2024:00:30:19 -0500] "GET /secretaria-de-ambiente-recupera-cuatro-animales-silvestres-y-realiza-recorridos-para-identificar-fauna-herida-de-incendios-forestales.html HTTP/1.1" 200 902
216.244.66.195 - - [26/Jan/2024:00:30:37 -0500] "GET /BLA/resoluciones/AUTOS%202015/0475.pdf HTTP/1.1" 200 736828
40.77.167.38 - - [26/Jan/2024:00:30:46 -0500] "GET /images/25%20de%20enero%20ateci%C3%B3n%20fauna.jpeg HTTP/1.1" 404 1034
216.244.66.195 - - [26/Jan/2024:00:31:07 -0500] "GET /BLA/resoluciones/AUTOS%202015/0742.pdf HTTP/1.1" 200 727300
216.244.66.195 - - [26/Jan/2024:00:31:38 -0500] "GET /BLA/resoluciones/AUTOS%202015/0777.pdf HTTP/1.1" 200 742316
66.249.66.19 - - [26/Jan/2024:00:31:58 -0500] "GET /BLA/resoluciones/RESOLUCIONES%202007/RES%202007%20101%20AL%20200/RESOLUCION%200110%20%20DE%202007.pdf HTTP/1.1" 200 1605474
216.244.66.195 - - [26/Jan/2024:00:32:07 -0500] "GET /BLA/resoluciones/AUTOS%202015/1218.pdf HTTP/1.1" 200 825278
216.244.66.195 - - [26/Jan/2024:00:32:35 -0500] "GET /BLA/resoluciones/AUTOS%202015/1277.pdf HTTP/1.1" 200 622048
172.22.2.4 - - [26/Jan/2024:00:31:14 -0500] "HEAD /BLA/boletinlegal/ HTTP/1.1" 200 -
216.244.66.195 - - [26/Jan/2024:00:33:00 -0500] "GET /BLA/resoluciones/AUTOS%202015/1340.pdf HTTP/1.1" 200 825749
201.245.192.253 - - [26/Jan/2024:00:33:20 -0500] "POST /kwsrmcab/Wsrmcab  HTTP/1.1" 200 37857
216.244.66.195 - - [26/Jan/2024:00:33:26 -0500] "GET /BLA/resoluciones/AUTOS%202015/2097.pdf HTTP/1.1" 200 861453
216.244.66.246 - - [26/Jan/2024:00:33:30 -0500] "GET /robots.txt HTTP/1.1" 404 1035
216.245.221.92 - - [26/Jan/2024:00:33:38 -0500] "HEAD / HTTP/1.1" 200 -
172.22.2.4 - - [26/Jan/2024:00:32:05 -0500] "GET /BLA/boletinlegal/ HTTP/1.1" 200 61050
173.252.111.3 - - [26/Jan/2024:00:33:51 -0500] "GET /a-que-se-debe-el-deterioro-de-la-calidad-del-aire-y-cuando-se-declararia-una-alerta-por-contaminacion-atmosferica.html HTTP/1.1" 200 1004
216.244.66.195 - - [26/Jan/2024:00:33:51 -0500] "GET /BLA/resoluciones/AUTOS%202015/2216.pdf HTTP/1.1" 200 783068
216.244.66.195 - - [26/Jan/2024:00:34:14 -0500] "GET /BLA/resoluciones/AUTOS%202015/2347.pdf HTTP/1.1" 200 853255
216.244.66.195 - - [26/Jan/2024:00:34:36 -0500] "GET /BLA/resoluciones/AUTOS%202015/2389.pdf HTTP/1.1" 200 764179
201.245.192.253 - - [26/Jan/2024:00:34:39 -0500] "POST /kwsrmcab/Wsrmcab HTTP/1.1" 200 37549
201.245.192.253 - - [26/Jan/2024:00:34:43 -0500] "POST /kwsrmcab/Wsrmcab HTTP/1.1" 200 39854
216.244.66.195 - - [26/Jan/2024:00:34:57 -0500] "GET /BLA/resoluciones/AUTOS%202015/2943.pdf HTTP/1.1" 200 598850
216.244.66.195 - - [26/Jan/2024:00:35:16 -0500] "GET /BLA/resoluciones/AUTOS%202015/3643.pdf HTTP/1.1" 200 829049
216.244.66.195 - - [26/Jan/2024:00:35:36 -0500] "GET /BLA/resoluciones/AUTOS%202017/3721.pdf HTTP/1.1" 200 1313053
216.244.66.195 - - [26/Jan/2024:00:35:54 -0500] "GET /BLA/resoluciones/AUTOS%202017/4455.pdf HTTP/1.1" 200 297413
216.244.66.195 - - [26/Jan/2024:00:36:10 -0500] "GET /BLA/resoluciones/AUTOS%202017/5160.pdf HTTP/1.1" 200 323442
216.244.66.195 - - [26/Jan/2024:00:36:26 -0500] "GET /BLA/resoluciones/AUTOS%202018/0055.pdf HTTP/1.1" 200 325303
216.244.66.195 - - [26/Jan/2024:00:36:43 -0500] "GET /BLA/resoluciones/AUTOS%202018/0241.pdf HTTP/1.1" 200 277645
216.244.66.195 - - [26/Jan/2024:00:36:56 -0500] "GET /BLA/resoluciones/AUTOS%202018/0454.pdf HTTP/1.1" 200 244213
216.244.66.195 - - [26/Jan/2024:00:37:08 -0500] "GET /BLA/resoluciones/AUTOS%202018/1017.pdf HTTP/1.1" 200 347207
216.244.66.195 - - [26/Jan/2024:00:37:19 -0500] "GET /BLA/resoluciones/AUTOS%202018/1469.pdf HTTP/1.1" 200 337858
216.244.66.195 - - [26/Jan/2024:00:37:30 -0500] "GET /BLA/resoluciones/AUTOS%202018/1768.pdf HTTP/1.1" 200 322146
216.244.66.195 - - [26/Jan/2024:00:37:39 -0500] "GET /BLA/resoluciones/AUTOS%202018/2002.pdf HTTP/1.1" 200 259114
216.244.66.195 - - [26/Jan/2024:00:37:47 -0500] "GET /BLA/resoluciones/AUTOS%202018/2044.pdf HTTP/1.1" 200 269416
40.77.167.64 - - [26/Jan/2024:00:37:55 -0500] "GET /documents/10184/4278102/1+de+febrer+Operativo+hornos.jpg/4c1ea852-3f65-40a8-b497-e09a76cfce1f?t=1675288561210 HTTP/1.1" 404 1034
216.244.66.195 - - [26/Jan/2024:00:37:55 -0500] "GET /BLA/resoluciones/AUTOS%202018/2641.pdf HTTP/1.1" 200 2379565
216.244.66.195 - - [26/Jan/2024:00:38:09 -0500] "GET /BLA/resoluciones/AUTOS%202018/2788.pdf HTTP/1.1" 200 2055572
52.167.144.232 - - [26/Jan/2024:00:38:16 -0500] "GET /Publicaciones/2023EE309870.pdf HTTP/1.1" 404 228
201.245.192.253 - - [26/Jan/2024:00:38:18 -0500] "POST /kwsrmcab/Wsrmcab  HTTP/1.1" 200 37857
216.244.66.195 - - [26/Jan/2024:00:38:24 -0500] "GET /BLA/resoluciones/AUTOS%202018/2906.PDF HTTP/1.1" 200 456993
216.244.66.195 - - [26/Jan/2024:00:38:35 -0500] "GET /BLA/resoluciones/AUTOS%202018/3052.pdf HTTP/1.1" 200 267192
216.245.221.92 - - [26/Jan/2024:00:38:38 -0500] "HEAD / HTTP/1.1" 200 -
172.22.2.4 - - [26/Jan/2024:00:37:04 -0500] "HEAD /BLA/boletinlegal/ HTTP/1.1" 200 -
216.244.66.195 - - [26/Jan/2024:00:38:45 -0500] "GET /BLA/resoluciones/AUTOS%202018/3219.pdf HTTP/1.1" 200 341978
216.244.66.195 - - [26/Jan/2024:00:39:06 -0500] "GET /BLA/resoluciones/AUTOS%202018/3261.pdf HTTP/1.1" 200 339177
201.245.192.253 - - [26/Jan/2024:00:39:09 -0500] "POST /kwsrmcab/Wsrmcab HTTP/1.1" 200 37679
216.244.66.195 - - [26/Jan/2024:00:39:22 -0500] "GET /BLA/resoluciones/AUTOS%202018/4397.pdf HTTP/1.1" 200 293734
172.22.2.4 - - [26/Jan/2024:00:37:55 -0500] "GET /BLA/boletinlegal/ HTTP/1.1" 200 61050
216.244.66.195 - - [26/Jan/2024:00:39:37 -0500] "GET /BLA/resoluciones/AUTOS%202018/4520.pdf HTTP/1.1" 200 264870
216.244.66.195 - - [26/Jan/2024:00:39:57 -0500] "GET /BLA/resoluciones/AUTOS%202018/5269.pdf HTTP/1.1" 200 275687
201.245.192.253 - - [26/Jan/2024:00:39:57 -0500] "POST /kwsrmcab/Wsrmcab HTTP/1.1" 200 39854
216.244.66.246 - - [26/Jan/2024:00:40:18 -0500] "GET /portaldeninos/glosario/ HTTP/1.1" 200 97198
66.249.66.20 - - [26/Jan/2024:00:41:21 -0500] "GET /BLA/resoluciones/AUTOS%202014/5790.pdf HTTP/1.1" 200 209080
66.249.66.19 - - [26/Jan/2024:00:41:35 -0500] "GET /BLA/resoluciones/RESOLUCIONES%202011/1390.pdf HTTP/1.1" 200 596408
66.249.66.19 - - [26/Jan/2024:00:42:08 -0500] "GET /BLA/resoluciones/RESOLUCIONES%202009/7105.pdf HTTP/1.1" 200 130000
172.22.2.4 - - [26/Jan/2024:00:42:25 -0500] "GET /BLA/boletinlegal/favicon.ico HTTP/1.1" 404 1018
31.13.127.8 - - [26/Jan/2024:00:42:33 -0500] "GET /images/presentaci\xc3\xb3n%20convenci\xc3\xb3n.jpg HTTP/1.1" 404 1034
172.22.2.4 - - [26/Jan/2024:00:42:06 -0500] "GET /BLA/boletinlegal/ HTTP/1.1" 200 20427
172.22.2.4 - - [26/Jan/2024:00:42:09 -0500] "GET /BLA/boletinlegal/ HTTP/1.1" 200 32715
201.245.192.253 - - [26/Jan/2024:00:43:17 -0500] "POST /kwsrmcab/Wsrmcab  HTTP/1.1" 200 37857
144.217.74.133 - - [26/Jan/2024:00:43:21 -0500] "GET /secretaria-de-ambiente-instalo-movil-en-la-quebrada-la-vieja-para-atender-a-la-fauna-silvestre.html HTTP/1.1" 200 1019
216.245.221.92 - - [26/Jan/2024:00:43:38 -0500] "HEAD / HTTP/1.1" 200 -
172.22.2.4 - - [26/Jan/2024:00:42:54 -0500] "HEAD /BLA/boletinlegal/ HTTP/1.1" 200 -
66.249.66.21 - - [26/Jan/2024:00:44:51 -0500] "GET /BLA/resoluciones/RESOLUCIONES%202018/2566.pdf HTTP/1.1" 200 291217
172.22.2.4 - - [26/Jan/2024:00:45:17 -0500] "POST /BLA/boletinlegal/template/aui/text-inline.vm HTTP/1.1" 404 1018
172.22.2.4 - - [26/Jan/2024:00:43:45 -0500] "GET /BLA/boletinlegal/ HTTP/1.1" 200 60230
17.241.75.145 - - [26/Jan/2024:00:46:56 -0500] "GET /mis-de-50-aves-silvestres-fueron-recuperadas-en-la-localidad-de-tunjuelito.html HTTP/1.1" 200 806
66.249.66.20 - - [26/Jan/2024:00:47:47 -0500] "GET /BLA/resoluciones/RESOLUCIONES%202009/5083.pdf HTTP/1.1" 200 511392
201.245.192.253 - - [26/Jan/2024:00:48:16 -0500] "POST /kwsrmcab/Wsrmcab  HTTP/1.1" 200 37857
17.241.219.94 - - [26/Jan/2024:00:48:24 -0500] "GET /el-agua-recurso-vital-para-la-conservacion-de-los-ecosistemas.html HTTP/1.1" 200 870
52.167.144.189 - - [26/Jan/2024:00:48:26 -0500] "GET /senderos-en-los-cerros-orientales-cerrados-temporalmente-por-incendios-forestales.html HTTP/1.1" 200 991
216.245.221.92 - - [26/Jan/2024:00:48:38 -0500] "HEAD / HTTP/1.1" 200 -
17.241.219.248 - - [26/Jan/2024:00:49:19 -0500] "GET /secretaria-de-ambiente-recupera-cuatro-animales-silvestres-y-realiza-recorridos-para-identificar-fauna-herida-de-incendios-forestales.html HTTP/1.1" 200 902
186.155.149.236 - - [26/Jan/2024:00:49:33 -0500] "POST /sipse/faces/presentacion/financiero/solicitudProceso/consultarSolicitudProceso.xhtml HTTP/1.1" 200 35533
186.155.149.236 - - [26/Jan/2024:00:49:35 -0500] "GET /sipse/faces/javax.faces.resource/theme.css?ln=primefaces-sipse HTTP/1.1" 304 -
186.155.149.236 - - [26/Jan/2024:00:49:35 -0500] "GET /sipse/faces/javax.faces.resource/primefaces.css?ln=primefaces&v=4.0 HTTP/1.1" 304 -
186.155.149.236 - - [26/Jan/2024:00:49:35 -0500] "GET /sipse/faces/javax.faces.resource/layout/layout.css?ln=primefaces&v=4.0 HTTP/1.1" 304 -
186.155.149.236 - - [26/Jan/2024:00:49:35 -0500] "GET /sipse/css/imagen/contrasena.png HTTP/1.1" 404 383
186.155.149.236 - - [26/Jan/2024:00:49:35 -0500] "GET /sipse/faces/javax.faces.resource/jquery/jquery.js?ln=primefaces&v=4.0 HTTP/1.1" 304 -
186.155.149.236 - - [26/Jan/2024:00:49:35 -0500] "GET /sipse/faces/javax.faces.resource/jquery/jquery-plugins.js?ln=primefaces&v=4.0 HTTP/1.1" 304 -
186.155.149.236 - - [26/Jan/2024:00:49:35 -0500] "GET /sipse/faces/javax.faces.resource/primefaces.js?ln=primefaces&v=4.0 HTTP/1.1" 304 -
186.155.149.236 - - [26/Jan/2024:00:49:35 -0500] "GET /sipse/faces/javax.faces.resource/layout/layout.js?ln=primefaces&v=4.0 HTTP/1.1" 304 -
186.155.149.236 - - [26/Jan/2024:00:49:35 -0500] "POST /sipse/faces/presentacion/financiero/solicitudProceso/listarSolicitudProceso.xhtml HTTP/1.1" 200 1396
172.22.2.4 - - [26/Jan/2024:00:48:44 -0500] "HEAD /BLA/boletinlegal/ HTTP/1.1" 200 -
186.155.149.236 - - [26/Jan/2024:00:50:35 -0500] "POST /sipse/faces/presentacion/financiero/solicitudProceso/listarSolicitudProceso.xhtml HTTP/1.1" 200 31991
186.155.149.236 - - [26/Jan/2024:00:50:35 -0500] "POST /sipse/faces/presentacion/financiero/solicitudProceso/listarSolicitudProceso.xhtml HTTP/1.1" 200 44126
186.155.149.236 - - [26/Jan/2024:00:50:38 -0500] "POST /sipse/faces/presentacion/financiero/solicitudProceso/listarSolicitudProceso.xhtml HTTP/1.1" 200 31987
186.155.149.236 - - [26/Jan/2024:00:50:38 -0500] "POST /sipse/faces/presentacion/financiero/solicitudProceso/listarSolicitudProceso.xhtml HTTP/1.1" 200 44126
186.155.149.236 - - [26/Jan/2024:00:50:46 -0500] "POST /sipse/faces/presentacion/financiero/solicitudProceso/listarSolicitudProceso.xhtml HTTP/1.1" 200 31987
186.155.149.236 - - [26/Jan/2024:00:50:46 -0500] "POST /sipse/faces/presentacion/financiero/solicitudProceso/listarSolicitudProceso.xhtml HTTP/1.1" 200 44126
17.241.227.60 - - [26/Jan/2024:00:51:03 -0500] "GET /calidad-del-aire-de-bogota-empieza-a-deteriorarse-producto-de-incendios-forestales.html HTTP/1.1" 200 741
172.22.2.4 - - [26/Jan/2024:00:49:35 -0500] "GET /BLA/boletinlegal/ HTTP/1.1" 200 61050
54.39.243.52 - - [26/Jan/2024:00:51:21 -0500] "GET /calidad-del-aire-de-bogota-empieza-a-deteriorarse-producto-de-incendios-forestales.html HTTP/1.1" 200 741
186.155.149.236 - - [26/Jan/2024:00:51:30 -0500] "GET /sipse/faces/index.xhtml HTTP/1.1" 200 677
186.155.149.236 - - [26/Jan/2024:00:51:31 -0500] "GET /sipse/faces/javax.faces.resource/theme.css?ln=primefaces-sipse HTTP/1.1" 200 50058
186.155.149.236 - - [26/Jan/2024:00:51:32 -0500] "GET /sipse/faces/faces/autenticacion.xhtml HTTP/1.1" 200 12403
186.155.149.236 - - [26/Jan/2024:00:51:32 -0500] "GET /sipse/js/disable_browser_buttons.js HTTP/1.1" 200 3230
186.155.149.236 - - [26/Jan/2024:00:51:32 -0500] "GET /sipse/css/custom_css_sg.css HTTP/1.1" 200 9694
186.155.149.236 - - [26/Jan/2024:00:51:32 -0500] "GET /sipse/css/custom_css_sg_prime_login.css HTTP/1.1" 200 443
186.155.149.236 - - [26/Jan/2024:00:51:32 -0500] "GET /sipse/faces/javax.faces.resource/layout/layout.css?ln=primefaces&v=4.0 HTTP/1.1" 200 542
186.155.149.236 - - [26/Jan/2024:00:51:32 -0500] "GET /sipse/js/funciones.js HTTP/1.1" 200 12592
186.155.149.236 - - [26/Jan/2024:00:51:32 -0500] "GET /sipse/faces/javax.faces.resource/theme.css?ln=primefaces-sipse HTTP/1.1" 304 -
186.155.149.236 - - [26/Jan/2024:00:51:32 -0500] "GET /sipse/faces/javax.faces.resource/primefaces.css?ln=primefaces&v=4.0 HTTP/1.1" 200 53295
