181.189.25.86 - - [26/Jan/2024:08:35:30 -0500] "GET /sipse/faces/javax.faces.resource/jquery/jquery.js?ln=primefaces&v=4.0 HTTP/1.1" 304 -
181.189.25.86 - - [26/Jan/2024:08:35:30 -0500] "GET /sipse/faces/javax.faces.resource/jquery/jquery-plugins.js?ln=primefaces&v=4.0 HTTP/1.1" 304 -
181.189.25.86 - - [26/Jan/2024:08:35:30 -0500] "GET /sipse/faces/javax.faces.resource/primefaces.js?ln=primefaces&v=4.0 HTTP/1.1" 304 -
181.189.25.86 - - [26/Jan/2024:08:35:30 -0500] "GET /sipse/faces/javax.faces.resource/layout/layout.js?ln=primefaces&v=4.0 HTTP/1.1" 304 -
156.59.198.135 - - [26/Jan/2024:08:35:44 -0500] "GET /BLA/resoluciones/RESOLUCIONES%202009/9498.pdf HTTP/1.0" 200 563624
201.245.192.253 - - [26/Jan/2024:08:36:04 -0500] "POST /kwsrmcab/Wsrmcab  HTTP/1.1" 200 37857
156.59.198.136 - - [26/Jan/2024:08:36:08 -0500] "GET /BLA/resoluciones/RESOLUCIONES%202009/9533.pdf HTTP/1.0" 200 499705
201.245.192.253 - - [26/Jan/2024:08:36:28 -0500] "POST /forms/lservlet;jsessionid=ac16012b30d6abe7b988884748809bddc352ae6e08d2.e3iSbxaKaheRe3qKcheMbNuKc41ynknvrkLOlQzNp65In0 HTTP/1.1" 200 2
156.59.198.135 - - [26/Jan/2024:08:36:33 -0500] "GET /BLA/resoluciones/RESOLUCIONES%202009/9310.pdf HTTP/1.0" 200 578894
172.22.2.4 - - [26/Jan/2024:08:34:54 -0500] "HEAD /BLA/boletinlegal/ HTTP/1.1" 200 -
201.245.192.253 - - [26/Jan/2024:08:36:51 -0500] "POST /kwsrmcab/Wsrmcab HTTP/1.1" 200 39744
156.59.198.135 - - [26/Jan/2024:08:36:59 -0500] "GET /BLA/resoluciones/RESOLUCIONES%202009/9767.pdf HTTP/1.0" 200 292617
201.245.192.253 - - [26/Jan/2024:08:37:04 -0500] "POST /forms/lservlet;jsessionid=ac16012b30d67d396d69ba114f9ba73cc384f4f1f357.e3iSbxaKaheRe3qKcheMbNuKc41ynknvrkLOlQzNp65In0 HTTP/1.1" 200 2
156.59.198.136 - - [26/Jan/2024:08:37:23 -0500] "GET /BLA/resoluciones/RESOLUCIONES%202009/RESOLUCION%203956%20DE%202009.PDF HTTP/1.0" 200 157144
172.22.2.4 - - [26/Jan/2024:08:35:44 -0500] "GET /BLA/boletinlegal/ HTTP/1.1" 200 58720
156.59.198.136 - - [26/Jan/2024:08:37:48 -0500] "GET /BLA/resoluciones/RESOLUCIONES%202009/9165.pdf HTTP/1.0" 200 435841
216.245.221.92 - - [26/Jan/2024:08:37:56 -0500] "HEAD / HTTP/1.1" 200 -
190.157.90.199 - - [26/Jan/2024:08:38:11 -0500] "-" 408 -
156.59.198.135 - - [26/Jan/2024:08:38:14 -0500] "GET /BLA/resoluciones/RESOLUCIONES%202009/9316.pdf HTTP/1.0" 200 480107
186.154.181.122 - - [26/Jan/2024:08:38:16 -0500] "POST /sipse/faces/presentacion/financiero/solicitudProceso/consultarSolicitudProceso.xhtml HTTP/1.1" 200 38555
186.154.181.122 - - [26/Jan/2024:08:38:17 -0500] "GET /sipse/faces/javax.faces.resource/theme.css?ln=primefaces-sipse HTTP/1.1" 304 -
186.154.181.122 - - [26/Jan/2024:08:38:17 -0500] "GET /sipse/faces/javax.faces.resource/primefaces.css?ln=primefaces&v=4.0 HTTP/1.1" 304 -
186.154.181.122 - - [26/Jan/2024:08:38:17 -0500] "GET /sipse/faces/javax.faces.resource/layout/layout.css?ln=primefaces&v=4.0 HTTP/1.1" 304 -
186.154.181.122 - - [26/Jan/2024:08:38:17 -0500] "GET /sipse/faces/javax.faces.resource/jquery/jquery.js?ln=primefaces&v=4.0 HTTP/1.1" 304 -
186.154.181.122 - - [26/Jan/2024:08:38:17 -0500] "GET /sipse/faces/javax.faces.resource/jquery/jquery-plugins.js?ln=primefaces&v=4.0 HTTP/1.1" 304 -
186.154.181.122 - - [26/Jan/2024:08:38:17 -0500] "GET /sipse/faces/javax.faces.resource/primefaces.js?ln=primefaces&v=4.0 HTTP/1.1" 304 -
186.154.181.122 - - [26/Jan/2024:08:38:17 -0500] "GET /sipse/faces/javax.faces.resource/layout/layout.js?ln=primefaces&v=4.0 HTTP/1.1" 304 -
186.154.181.122 - - [26/Jan/2024:08:38:17 -0500] "GET /sipse/faces/javax.faces.resource/images/ui-icons_898989_256x240.png?ln=primefaces-aristo HTTP/1.1" 304 -
186.154.181.122 - - [26/Jan/2024:08:38:17 -0500] "GET /sipse/faces/javax.faces.resource/images/ui-bg_flat_0_2d5972_40x100.png?ln=primefaces-aristo HTTP/1.1" 304 -
186.154.181.122 - - [26/Jan/2024:08:38:17 -0500] "POST /sipse/faces/presentacion/financiero/solicitudProceso/listarSolicitudProceso.xhtml HTTP/1.1" 200 1396
186.154.181.122 - - [26/Jan/2024:08:38:17 -0500] "POST /sipse/faces/presentacion/financiero/solicitudProceso/listarSolicitudProceso.xhtml HTTP/1.1" 200 1396
186.154.181.122 - - [26/Jan/2024:08:38:21 -0500] "POST /sipse/faces/presentacion/financiero/solicitudProceso/listarSolicitudProceso.xhtml HTTP/1.1" 200 31742
186.154.181.122 - - [26/Jan/2024:08:38:21 -0500] "POST /sipse/faces/presentacion/financiero/solicitudProceso/listarSolicitudProceso.xhtml HTTP/1.1" 200 13777
186.154.181.122 - - [26/Jan/2024:08:38:23 -0500] "POST /sipse/faces/presentacion/financiero/solicitudProceso/listarSolicitudProceso.xhtml HTTP/1.1" 200 5008
186.154.181.122 - - [26/Jan/2024:08:38:23 -0500] "POST /sipse/faces/presentacion/financiero/solicitudProceso/listarSolicitudProceso.xhtml HTTP/1.1" 200 5000
186.154.181.122 - - [26/Jan/2024:08:38:26 -0500] "POST /sipse/faces/presentacion/financiero/solicitudProceso/listarSolicitudProceso.xhtml HTTP/1.1" 200 151105
186.154.181.122 - - [26/Jan/2024:08:38:27 -0500] "GET /sipse/faces/javax.faces.resource/jquery/jquery.js?ln=primefaces&v=4.0 HTTP/1.1" 304 -
186.154.181.122 - - [26/Jan/2024:08:38:27 -0500] "GET /sipse/faces/javax.faces.resource/jquery/jquery-plugins.js?ln=primefaces&v=4.0 HTTP/1.1" 304 -
186.154.181.122 - - [26/Jan/2024:08:38:27 -0500] "GET /sipse/faces/javax.faces.resource/primefaces.js?ln=primefaces&v=4.0 HTTP/1.1" 304 -
186.154.181.122 - - [26/Jan/2024:08:38:27 -0500] "GET /sipse/faces/javax.faces.resource/layout/layout.js?ln=primefaces&v=4.0 HTTP/1.1" 304 -
201.245.192.253 - - [26/Jan/2024:08:38:28 -0500] "POST /forms/lservlet;jsessionid=ac16012b30d6abe7b988884748809bddc352ae6e08d2.e3iSbxaKaheRe3qKcheMbNuKc41ynknvrkLOlQzNp65In0 HTTP/1.1" 200 2
156.59.198.136 - - [26/Jan/2024:08:38:38 -0500] "GET /BLA/resoluciones/RESOLUCIONES%202009/9696.pdf HTTP/1.0" 200 346011
201.245.192.253 - - [26/Jan/2024:08:38:41 -0500] "GET /sipse/faces/javax.faces.resource/images/ui-bg_flat_0_2d5972_40x100.png?ln=primefaces-aristo HTTP/1.1" 304 -
201.245.192.253 - - [26/Jan/2024:08:38:41 -0500] "POST /sipse/faces/presentacion/financiero/solicitudProceso/consultarSolicitudProceso.xhtml HTTP/1.1" 200 46285
201.245.192.253 - - [26/Jan/2024:08:38:41 -0500] "GET /sipse/faces/javax.faces.resource/jquery/jquery.js?ln=primefaces&v=4.0 HTTP/1.1" 304 -
201.245.192.253 - - [26/Jan/2024:08:38:41 -0500] "GET /sipse/faces/javax.faces.resource/jquery/jquery-plugins.js?ln=primefaces&v=4.0 HTTP/1.1" 304 -
201.245.192.253 - - [26/Jan/2024:08:38:41 -0500] "GET /sipse/faces/javax.faces.resource/primefaces.js?ln=primefaces&v=4.0 HTTP/1.1" 304 -
201.245.192.253 - - [26/Jan/2024:08:38:41 -0500] "GET /sipse/faces/javax.faces.resource/layout/layout.js?ln=primefaces&v=4.0 HTTP/1.1" 304 -
201.245.192.253 - - [26/Jan/2024:08:38:43 -0500] "POST /sipse/faces/presentacion/financiero/solicitudProceso/consultar.xhtml HTTP/1.1" 200 12822
201.245.192.253 - - [26/Jan/2024:08:38:44 -0500] "POST /sipse/faces/presentacion/financiero/solicitudProceso/consultar.xhtml HTTP/1.1" 200 147037
201.245.192.253 - - [26/Jan/2024:08:38:45 -0500] "GET /sipse/faces/javax.faces.resource/jquery/jquery.js?ln=primefaces&v=4.0 HTTP/1.1" 304 -
201.245.192.253 - - [26/Jan/2024:08:38:45 -0500] "GET /sipse/faces/javax.faces.resource/jquery/jquery-plugins.js?ln=primefaces&v=4.0 HTTP/1.1" 304 -
201.245.192.253 - - [26/Jan/2024:08:38:45 -0500] "GET /sipse/faces/javax.faces.resource/primefaces.js?ln=primefaces&v=4.0 HTTP/1.1" 304 -
201.245.192.253 - - [26/Jan/2024:08:38:45 -0500] "GET /sipse/faces/javax.faces.resource/layout/layout.js?ln=primefaces&v=4.0 HTTP/1.1" 304 -
181.189.25.86 - - [26/Jan/2024:08:38:45 -0500] "POST /sipse/faces/presentacion/financiero/solicitudProceso/consultarSolicitudProceso.xhtml HTTP/1.1" 200 37555
181.189.25.86 - - [26/Jan/2024:08:38:48 -0500] "GET /sipse/faces/javax.faces.resource/theme.css?ln=primefaces-sipse HTTP/1.1" 304 -
181.189.25.86 - - [26/Jan/2024:08:38:48 -0500] "GET /sipse/faces/javax.faces.resource/layout/layout.css?ln=primefaces&v=4.0 HTTP/1.1" 304 -
181.189.25.86 - - [26/Jan/2024:08:38:48 -0500] "GET /sipse/faces/javax.faces.resource/primefaces.css?ln=primefaces&v=4.0 HTTP/1.1" 304 -
181.189.25.86 - - [26/Jan/2024:08:38:48 -0500] "GET /sipse/faces/javax.faces.resource/jquery/jquery.js?ln=primefaces&v=4.0 HTTP/1.1" 304 -
181.189.25.86 - - [26/Jan/2024:08:38:48 -0500] "GET /sipse/faces/javax.faces.resource/jquery/jquery-plugins.js?ln=primefaces&v=4.0 HTTP/1.1" 304 -
181.189.25.86 - - [26/Jan/2024:08:38:48 -0500] "GET /sipse/faces/javax.faces.resource/primefaces.js?ln=primefaces&v=4.0 HTTP/1.1" 304 -
181.189.25.86 - - [26/Jan/2024:08:38:48 -0500] "GET /sipse/faces/javax.faces.resource/layout/layout.js?ln=primefaces&v=4.0 HTTP/1.1" 304 -
181.189.25.86 - - [26/Jan/2024:08:38:48 -0500] "GET /sipse/faces/javax.faces.resource/messages/messages.png?ln=primefaces&v=4.0 HTTP/1.1" 304 -
181.189.25.86 - - [26/Jan/2024:08:38:48 -0500] "POST /sipse/faces/presentacion/financiero/solicitudProceso/listarSolicitudProceso.xhtml HTTP/1.1" 200 1396
201.245.192.253 - - [26/Jan/2024:08:38:50 -0500] "POST /sipse/faces/presentacion/financiero/solicitudProceso/consultarSolicitudProceso.xhtml HTTP/1.1" 200 103831
181.189.25.86 - - [26/Jan/2024:08:38:58 -0500] "POST /sipse/faces/presentacion/financiero/solicitudProceso/listarSolicitudProceso.xhtml HTTP/1.1" 200 7679
156.59.198.135 - - [26/Jan/2024:08:39:03 -0500] "GET /BLA/resoluciones/RESOLUCIONES%202009/9328.pdf HTTP/1.0" 200 459037
201.245.192.253 - - [26/Jan/2024:08:39:04 -0500] "POST /forms/lservlet;jsessionid=ac16012b30d67d396d69ba114f9ba73cc384f4f1f357.e3iSbxaKaheRe3qKcheMbNuKc41ynknvrkLOlQzNp65In0 HTTP/1.1" 200 2
186.154.181.122 - - [26/Jan/2024:08:39:10 -0500] "POST /sipse/faces/presentacion/financiero/solicitudProceso/consultarSolicitudProceso.xhtml HTTP/1.1" 200 19889
186.154.181.122 - - [26/Jan/2024:08:39:10 -0500] "GET /sipse/faces/javax.faces.resource/theme.css?ln=primefaces-sipse HTTP/1.1" 304 -
186.154.181.122 - - [26/Jan/2024:08:39:10 -0500] "GET /sipse/faces/javax.faces.resource/primefaces.css?ln=primefaces&v=4.0 HTTP/1.1" 304 -
186.154.181.122 - - [26/Jan/2024:08:39:10 -0500] "GET /sipse/faces/javax.faces.resource/layout/layout.css?ln=primefaces&v=4.0 HTTP/1.1" 304 -
186.154.181.122 - - [26/Jan/2024:08:39:10 -0500] "GET /sipse/faces/javax.faces.resource/jquery/jquery.js?ln=primefaces&v=4.0 HTTP/1.1" 304 -
186.154.181.122 - - [26/Jan/2024:08:39:10 -0500] "GET /sipse/faces/javax.faces.resource/jquery/jquery-plugins.js?ln=primefaces&v=4.0 HTTP/1.1" 304 -
186.154.181.122 - - [26/Jan/2024:08:39:10 -0500] "GET /sipse/faces/javax.faces.resource/primefaces.js?ln=primefaces&v=4.0 HTTP/1.1" 304 -
186.154.181.122 - - [26/Jan/2024:08:39:10 -0500] "GET /sipse/faces/javax.faces.resource/layout/layout.js?ln=primefaces&v=4.0 HTTP/1.1" 304 -
186.154.181.122 - - [26/Jan/2024:08:39:10 -0500] "GET /sipse/faces/javax.faces.resource/fileupload/fileupload.css?ln=primefaces&v=4.0 HTTP/1.1" 304 -
186.154.181.122 - - [26/Jan/2024:08:39:10 -0500] "GET /sipse/faces/javax.faces.resource/fileupload/fileupload.js?ln=primefaces&v=4.0 HTTP/1.1" 304 -
186.154.181.122 - - [26/Jan/2024:08:39:10 -0500] "GET /sipse/faces/javax.faces.resource/images/ui-icons_898989_256x240.png?ln=primefaces-aristo HTTP/1.1" 304 -
201.245.192.253 - - [26/Jan/2024:08:39:08 -0500] "POST /kwsrmcab/Wsrmcab HTTP/1.1" 200 37577
201.245.192.253 - - [26/Jan/2024:08:39:12 -0500] "POST /sipse/faces/presentacion/financiero/solicitudProceso/consultarSolicitudProceso.xhtml HTTP/1.1" 200 46266
201.245.192.253 - - [26/Jan/2024:08:39:12 -0500] "GET /sipse/faces/javax.faces.resource/jquery/jquery.js?ln=primefaces&v=4.0 HTTP/1.1" 304 -
201.245.192.253 - - [26/Jan/2024:08:39:12 -0500] "GET /sipse/faces/javax.faces.resource/jquery/jquery-plugins.js?ln=primefaces&v=4.0 HTTP/1.1" 304 -
201.245.192.253 - - [26/Jan/2024:08:39:12 -0500] "GET /sipse/faces/javax.faces.resource/primefaces.js?ln=primefaces&v=4.0 HTTP/1.1" 304 -
201.245.192.253 - - [26/Jan/2024:08:39:12 -0500] "GET /sipse/faces/javax.faces.resource/layout/layout.js?ln=primefaces&v=4.0 HTTP/1.1" 304 -
201.245.192.253 - - [26/Jan/2024:08:39:12 -0500] "POST /sipse/faces/presentacion/financiero/solicitudProceso/consultar.xhtml HTTP/1.1" 200 39688
201.245.192.253 - - [26/Jan/2024:08:39:13 -0500] "POST /sipse/faces/presentacion/financiero/solicitudProceso/consultar.xhtml HTTP/1.1" 200 39688
201.245.192.253 - - [26/Jan/2024:08:39:13 -0500] "POST /sipse/faces/presentacion/financiero/solicitudProceso/consultar.xhtml HTTP/1.1" 200 23077
186.154.181.122 - - [26/Jan/2024:08:39:19 -0500] "POST /sipse/faces/presentacion/sistema/anexos/cargarAnexoSolicitudProceso.xhtml HTTP/1.1" 200 199312
186.154.181.122 - - [26/Jan/2024:08:39:19 -0500] "GET /sipse/faces/javax.faces.resource/theme.css?ln=primefaces-sipse HTTP/1.1" 304 -
186.154.181.122 - - [26/Jan/2024:08:39:19 -0500] "GET /sipse/faces/javax.faces.resource/primefaces.css?ln=primefaces&v=4.0 HTTP/1.1" 304 -
186.154.181.122 - - [26/Jan/2024:08:39:19 -0500] "GET /sipse/faces/javax.faces.resource/layout/layout.css?ln=primefaces&v=4.0 HTTP/1.1" 304 -
186.154.181.122 - - [26/Jan/2024:08:39:19 -0500] "GET /sipse/faces/javax.faces.resource/jquery/jquery.js?ln=primefaces&v=4.0 HTTP/1.1" 304 -
186.154.181.122 - - [26/Jan/2024:08:39:19 -0500] "GET /sipse/faces/javax.faces.resource/jquery/jquery-plugins.js?ln=primefaces&v=4.0 HTTP/1.1" 304 -
186.154.181.122 - - [26/Jan/2024:08:39:19 -0500] "GET /sipse/faces/javax.faces.resource/primefaces.js?ln=primefaces&v=4.0 HTTP/1.1" 304 -
186.154.181.122 - - [26/Jan/2024:08:39:19 -0500] "GET /sipse/faces/javax.faces.resource/layout/layout.js?ln=primefaces&v=4.0 HTTP/1.1" 304 -
186.154.181.122 - - [26/Jan/2024:08:39:20 -0500] "GET /sipse/faces/javax.faces.resource/images/ui-icons_898989_256x240.png?ln=primefaces-aristo HTTP/1.1" 304 -
191.156.227.15 - - [26/Jan/2024:08:39:22 -0500] "GET /distrito-declara-alerta-zonal-por-deterioro-de-calidad-de-aire-y-toma-nuevas-decisiones-en-materia-de-movilidad.html HTTP/1.1" 200 860
201.245.192.253 - - [26/Jan/2024:08:39:27 -0500] "POST /forms/lservlet;jsessionid=ac16012b30d67d396d69ba114f9ba73cc384f4f1f357.e3iSbxaKaheRe3qKcheMbNuKc41ynknvrkLOlQzNp65In0 HTTP/1.1" 200 21529
156.59.198.136 - - [26/Jan/2024:08:39:27 -0500] "GET /BLA/resoluciones/RESOLUCIONES%202009/9412.pdf HTTP/1.0" 200 447436
201.245.192.253 - - [26/Jan/2024:08:39:28 -0500] "POST /forms/lservlet;jsessionid=ac16012b30d67d396d69ba114f9ba73cc384f4f1f357.e3iSbxaKaheRe3qKcheMbNuKc41ynknvrkLOlQzNp65In0 HTTP/1.1" 200 10
201.245.192.253 - - [26/Jan/2024:08:39:31 -0500] "POST /sipse/faces/presentacion/financiero/solicitudProceso/consultar.xhtml HTTP/1.1" 200 12845
201.245.192.253 - - [26/Jan/2024:08:39:32 -0500] "POST /forms/lservlet;jsessionid=ac16012b30d67d396d69ba114f9ba73cc384f4f1f357.e3iSbxaKaheRe3qKcheMbNuKc41ynknvrkLOlQzNp65In0 HTTP/1.1" 200 24
186.154.181.122 - - [26/Jan/2024:08:39:33 -0500] "GET /sipse/faces/javax.faces.resource/images/ui-bg_flat_0_2d5972_40x100.png?ln=primefaces-aristo HTTP/1.1" 304 -
186.154.181.122 - - [26/Jan/2024:08:39:33 -0500] "POST /sipse/faces/presentacion/financiero/solicitudProceso/consultarSolicitudProceso.xhtml HTTP/1.1" 200 6206
186.154.181.122 - - [26/Jan/2024:08:39:33 -0500] "GET /sipse/faces/javax.faces.resource/messages/messages.png?ln=primefaces&v=4.0 HTTP/1.1" 304 -
201.245.192.253 - - [26/Jan/2024:08:39:33 -0500] "POST /forms/lservlet;jsessionid=ac16012b30d67d396d69ba114f9ba73cc384f4f1f357.e3iSbxaKaheRe3qKcheMbNuKc41ynknvrkLOlQzNp65In0 HTTP/1.1" 200 249
201.245.192.253 - - [26/Jan/2024:08:39:34 -0500] "POST /forms/lservlet;jsessionid=ac16012b30d67d396d69ba114f9ba73cc384f4f1f357.e3iSbxaKaheRe3qKcheMbNuKc41ynknvrkLOlQzNp65In0 HTTP/1.1" 200 32
201.245.192.253 - - [26/Jan/2024:08:39:35 -0500] "POST /sipse/faces/presentacion/financiero/solicitudProceso/consultar.xhtml HTTP/1.1" 200 150456
201.245.192.253 - - [26/Jan/2024:08:39:36 -0500] "GET /sipse/faces/javax.faces.resource/jquery/jquery.js?ln=primefaces&v=4.0 HTTP/1.1" 304 -
201.245.192.253 - - [26/Jan/2024:08:39:36 -0500] "GET /sipse/faces/javax.faces.resource/jquery/jquery-plugins.js?ln=primefaces&v=4.0 HTTP/1.1" 304 -
201.245.192.253 - - [26/Jan/2024:08:39:36 -0500] "GET /sipse/faces/javax.faces.resource/primefaces.js?ln=primefaces&v=4.0 HTTP/1.1" 304 -
201.245.192.253 - - [26/Jan/2024:08:39:36 -0500] "GET /sipse/faces/javax.faces.resource/layout/layout.js?ln=primefaces&v=4.0 HTTP/1.1" 304 -
201.245.192.253 - - [26/Jan/2024:08:39:37 -0500] "POST /forms/lservlet;jsessionid=ac16012b30d67d396d69ba114f9ba73cc384f4f1f357.e3iSbxaKaheRe3qKcheMbNuKc41ynknvrkLOlQzNp65In0 HTTP/1.1" 200 2326
201.245.192.253 - - [26/Jan/2024:08:39:38 -0500] "POST /forms/lservlet;jsessionid=ac16012b30d67d396d69ba114f9ba73cc384f4f1f357.e3iSbxaKaheRe3qKcheMbNuKc41ynknvrkLOlQzNp65In0 HTTP/1.1" 200 132
201.245.192.253 - - [26/Jan/2024:08:39:38 -0500] "POST /forms/lservlet;jsessionid=ac16012b30d67d396d69ba114f9ba73cc384f4f1f357.e3iSbxaKaheRe3qKcheMbNuKc41ynknvrkLOlQzNp65In0 HTTP/1.1" 200 7
201.245.192.253 - - [26/Jan/2024:08:39:39 -0500] "POST /forms/lservlet;jsessionid=ac16012b30d67d396d69ba114f9ba73cc384f4f1f357.e3iSbxaKaheRe3qKcheMbNuKc41ynknvrkLOlQzNp65In0 HTTP/1.1" 200 773
201.245.192.253 - - [26/Jan/2024:08:39:40 -0500] "POST /forms/lservlet;jsessionid=ac16012b30d67d396d69ba114f9ba73cc384f4f1f357.e3iSbxaKaheRe3qKcheMbNuKc41ynknvrkLOlQzNp65In0 HTTP/1.1" 200 13
201.245.192.253 - - [26/Jan/2024:08:39:41 -0500] "POST /forms/lservlet;jsessionid=ac16012b30d67d396d69ba114f9ba73cc384f4f1f357.e3iSbxaKaheRe3qKcheMbNuKc41ynknvrkLOlQzNp65In0 HTTP/1.1" 200 497
201.245.192.253 - - [26/Jan/2024:08:39:42 -0500] "POST /forms/lservlet;jsessionid=ac16012b30d67d396d69ba114f9ba73cc384f4f1f357.e3iSbxaKaheRe3qKcheMbNuKc41ynknvrkLOlQzNp65In0 HTTP/1.1" 200 21
186.154.181.122 - - [26/Jan/2024:08:39:41 -0500] "POST /sipse/faces/presentacion/financiero/solicitudProceso/consultarSolicitudProceso.xhtml HTTP/1.1" 200 35581
186.154.181.122 - - [26/Jan/2024:08:39:43 -0500] "GET /sipse/faces/javax.faces.resource/jquery/jquery.js?ln=primefaces&v=4.0 HTTP/1.1" 304 -
186.154.181.122 - - [26/Jan/2024:08:39:43 -0500] "GET /sipse/faces/javax.faces.resource/jquery/jquery-plugins.js?ln=primefaces&v=4.0 HTTP/1.1" 304 -
201.245.192.253 - - [26/Jan/2024:08:39:43 -0500] "POST /forms/lservlet;jsessionid=ac16012b30d67d396d69ba114f9ba73cc384f4f1f357.e3iSbxaKaheRe3qKcheMbNuKc41ynknvrkLOlQzNp65In0 HTTP/1.1" 200 1645
186.154.181.122 - - [26/Jan/2024:08:39:43 -0500] "GET /sipse/faces/javax.faces.resource/primefaces.js?ln=primefaces&v=4.0 HTTP/1.1" 304 -
186.154.181.122 - - [26/Jan/2024:08:39:43 -0500] "GET /sipse/faces/javax.faces.resource/layout/layout.js?ln=primefaces&v=4.0 HTTP/1.1" 304 -
186.154.181.122 - - [26/Jan/2024:08:39:43 -0500] "POST /sipse/faces/presentacion/financiero/solicitudProceso/listarSolicitudProceso.xhtml HTTP/1.1" 200 1396
186.154.181.122 - - [26/Jan/2024:08:39:45 -0500] "POST /sipse/faces/presentacion/financiero/solicitudProceso/listarSolicitudProceso.xhtml HTTP/1.1" 200 41358
186.154.181.122 - - [26/Jan/2024:08:39:45 -0500] "GET /sipse/faces/javax.faces.resource/jquery/jquery.js?ln=primefaces&v=4.0 HTTP/1.1" 304 -
186.154.181.122 - - [26/Jan/2024:08:39:45 -0500] "GET /sipse/faces/javax.faces.resource/jquery/jquery-plugins.js?ln=primefaces&v=4.0 HTTP/1.1" 304 -
186.154.181.122 - - [26/Jan/2024:08:39:45 -0500] "GET /sipse/faces/javax.faces.resource/primefaces.js?ln=primefaces&v=4.0 HTTP/1.1" 304 -
186.154.181.122 - - [26/Jan/2024:08:39:45 -0500] "GET /sipse/faces/javax.faces.resource/layout/layout.js?ln=primefaces&v=4.0 HTTP/1.1" 304 -
186.154.181.122 - - [26/Jan/2024:08:39:45 -0500] "POST /sipse/faces/presentacion/financiero/solicitudProceso/consultar.xhtml HTTP/1.1" 200 34776
186.154.181.122 - - [26/Jan/2024:08:39:48 -0500] "POST /sipse/faces/presentacion/financiero/solicitudProceso/consultar.xhtml HTTP/1.1" 200 12904
156.59.198.135 - - [26/Jan/2024:08:39:52 -0500] "GET /BLA/resoluciones/RESOLUCIONES%202009/9272.pdf HTTP/1.0" 200 487139
172.22.2.4 - - [26/Jan/2024:08:39:57 -0500] "GET /BLA/boletinlegal/Directivas/2018/Directiva%20No.%2027%20del%2028%20de%20diciembre%20de%202018.pdf HTTP/1.1" 200 2831879
156.59.198.135 - - [26/Jan/2024:08:40:16 -0500] "GET /BLA/resoluciones/RESOLUCIONES%202009/9370.pdf HTTP/1.0" 200 535633
201.245.192.253 - - [26/Jan/2024:08:40:19 -0500] "POST /forms/lservlet;jsessionid=ac16012b30d67d396d69ba114f9ba73cc384f4f1f357.e3iSbxaKaheRe3qKcheMbNuKc41ynknvrkLOlQzNp65In0 HTTP/1.1" 200 755
201.245.192.253 - - [26/Jan/2024:08:40:19 -0500] "POST /forms/lservlet;jsessionid=ac16012b30d67d396d69ba114f9ba73cc384f4f1f357.e3iSbxaKaheRe3qKcheMbNuKc41ynknvrkLOlQzNp65In0 HTTP/1.1" 200 13
201.245.192.253 - - [26/Jan/2024:08:40:21 -0500] "POST /forms/lservlet;jsessionid=ac16012b30d67d396d69ba114f9ba73cc384f4f1f357.e3iSbxaKaheRe3qKcheMbNuKc41ynknvrkLOlQzNp65In0 HTTP/1.1" 200 497
201.245.192.253 - - [26/Jan/2024:08:40:26 -0500] "POST /sipse/faces/presentacion/financiero/solicitudProceso/consultarSolicitudProceso.xhtml HTTP/1.1" 200 42727
201.245.192.253 - - [26/Jan/2024:08:40:27 -0500] "GET /sipse/faces/javax.faces.resource/theme.css?ln=primefaces-sipse HTTP/1.1" 304 -
201.245.192.253 - - [26/Jan/2024:08:40:27 -0500] "GET /sipse/faces/javax.faces.resource/primefaces.css?ln=primefaces&v=4.0 HTTP/1.1" 304 -
201.245.192.253 - - [26/Jan/2024:08:40:27 -0500] "GET /sipse/faces/javax.faces.resource/layout/layout.css?ln=primefaces&v=4.0 HTTP/1.1" 304 -
201.245.192.253 - - [26/Jan/2024:08:40:27 -0500] "GET /sipse/faces/javax.faces.resource/primefaces.js?ln=primefaces&v=4.0 HTTP/1.1" 304 -
201.245.192.253 - - [26/Jan/2024:08:40:27 -0500] "GET /sipse/faces/javax.faces.resource/jquery/jquery-plugins.js?ln=primefaces&v=4.0 HTTP/1.1" 304 -
201.245.192.253 - - [26/Jan/2024:08:40:27 -0500] "GET /sipse/faces/javax.faces.resource/jquery/jquery.js?ln=primefaces&v=4.0 HTTP/1.1" 304 -
201.245.192.253 - - [26/Jan/2024:08:40:27 -0500] "GET /sipse/faces/javax.faces.resource/layout/layout.js?ln=primefaces&v=4.0 HTTP/1.1" 304 -
201.245.192.253 - - [26/Jan/2024:08:40:27 -0500] "GET /sipse/faces/javax.faces.resource/images/ui-icons_898989_256x240.png?ln=primefaces-aristo HTTP/1.1" 304 -
201.245.192.253 - - [26/Jan/2024:08:40:28 -0500] "POST /forms/lservlet;jsessionid=ac16012b30d6abe7b988884748809bddc352ae6e08d2.e3iSbxaKaheRe3qKcheMbNuKc41ynknvrkLOlQzNp65In0 HTTP/1.1" 200 2
156.59.198.136 - - [26/Jan/2024:08:40:41 -0500] "GET /BLA/resoluciones/RESOLUCIONES%202009/9776.pdf HTTP/1.0" 200 263655
201.245.192.253 - - [26/Jan/2024:08:40:59 -0500] "POST /forms/lservlet;jsessionid=ac16012b30d67d396d69ba114f9ba73cc384f4f1f357.e3iSbxaKaheRe3qKcheMbNuKc41ynknvrkLOlQzNp65In0 HTTP/1.1" 200 21
201.245.192.253 - - [26/Jan/2024:08:41:01 -0500] "POST /forms/lservlet;jsessionid=ac16012b30d67d396d69ba114f9ba73cc384f4f1f357.e3iSbxaKaheRe3qKcheMbNuKc41ynknvrkLOlQzNp65In0 HTTP/1.1" 200 492
201.245.192.253 - - [26/Jan/2024:08:41:04 -0500] "POST /forms/lservlet;jsessionid=ac16012b30d67d396d69ba114f9ba73cc384f4f1f357.e3iSbxaKaheRe3qKcheMbNuKc41ynknvrkLOlQzNp65In0 HTTP/1.1" 200 2
201.245.192.253 - - [26/Jan/2024:08:41:03 -0500] "POST /kwsrmcab/Wsrmcab  HTTP/1.1" 200 37857
156.59.198.135 - - [26/Jan/2024:08:41:07 -0500] "GET /BLA/resoluciones/RESOLUCIONES%202009/9666.pdf HTTP/1.0" 200 523608
172.226.172.0 - - [26/Jan/2024:08:41:11 -0500] "GET /distrito-declara-alerta-zonal-por-deterioro-de-calidad-de-aire-y-toma-nuevas-decisiones-en-materia-de-movilidad.html HTTP/1.1" 200 860
216.244.66.195 - - [26/Jan/2024:08:41:15 -0500] "GET /BLA/resoluciones/AUTOS%202020/0013.pdf HTTP/1.1" 200 307486
66.249.79.131 - - [26/Jan/2024:08:41:22 -0500] "GET /senderos-en-los-cerros-orientales-cerrados-temporalmente-por-incendios-forestales.html HTTP/1.1" 200 991
201.245.192.253 - - [26/Jan/2024:08:41:25 -0500] "POST /forms/lservlet;jsessionid=ac16012b30d67d396d69ba114f9ba73cc384f4f1f357.e3iSbxaKaheRe3qKcheMbNuKc41ynknvrkLOlQzNp65In0 HTTP/1.1" 200 21
201.245.192.253 - - [26/Jan/2024:08:41:27 -0500] "POST /forms/lservlet;jsessionid=ac16012b30d67d396d69ba114f9ba73cc384f4f1f357.e3iSbxaKaheRe3qKcheMbNuKc41ynknvrkLOlQzNp65In0 HTTP/1.1" 200 32
156.59.198.135 - - [26/Jan/2024:08:41:29 -0500] "GET /BLA/resoluciones/RESOLUCIONES%202009/RESOLUCION%209382%20DE%202009.PDF HTTP/1.0" 200 58612
216.244.66.246 - - [26/Jan/2024:08:41:29 -0500] "GET /portaldeninos/feed/ HTTP/1.1" 200 77259
201.245.192.253 - - [26/Jan/2024:08:41:32 -0500] "POST /forms/lservlet;jsessionid=ac16012b30d67d396d69ba114f9ba73cc384f4f1f357.e3iSbxaKaheRe3qKcheMbNuKc41ynknvrkLOlQzNp65In0 HTTP/1.1" 200 495
201.245.192.253 - - [26/Jan/2024:08:41:33 -0500] "POST /forms/lservlet;jsessionid=ac16012b30d67d396d69ba114f9ba73cc384f4f1f357.e3iSbxaKaheRe3qKcheMbNuKc41ynknvrkLOlQzNp65In0 HTTP/1.1" 200 21
216.244.66.195 - - [26/Jan/2024:08:41:52 -0500] "GET /BLA/resoluciones/AUTOS%202020/0097.pdf HTTP/1.1" 200 286617
156.59.198.135 - - [26/Jan/2024:08:41:54 -0500] "GET /BLA/resoluciones/RESOLUCIONES%202009/9823.pdf HTTP/1.0" 200 642141
201.245.192.253 - - [26/Jan/2024:08:42:07 -0500] "POST /kwsrmcab/Wsrmcab HTTP/1.1" 200 39744
156.59.198.135 - - [26/Jan/2024:08:42:18 -0500] "GET /BLA/resoluciones/RESOLUCIONES%202009/RESOLUCION%20832%20DE%202009.PDF HTTP/1.0" 200 71430
216.244.66.195 - - [26/Jan/2024:08:42:22 -0500] "GET /BLA/resoluciones/AUTOS%202020/0288.pdf HTTP/1.1" 200 287378
172.22.2.4 - - [26/Jan/2024:08:40:44 -0500] "HEAD /BLA/boletinlegal/ HTTP/1.1" 200 -
201.245.192.253 - - [26/Jan/2024:08:42:25 -0500] "POST /sipse/faces/presentacion/financiero/solicitudProceso/consultarHistorialSolProceso.xhtml HTTP/1.1" 200 196250
201.245.192.253 - - [26/Jan/2024:08:42:25 -0500] "GET /sipse/faces/javax.faces.resource/theme.css?ln=primefaces-sipse HTTP/1.1" 304 -
201.245.192.253 - - [26/Jan/2024:08:42:25 -0500] "GET /sipse/faces/javax.faces.resource/jquery/jquery.js?ln=primefaces&v=4.0 HTTP/1.1" 304 -
201.245.192.253 - - [26/Jan/2024:08:42:25 -0500] "GET /sipse/faces/javax.faces.resource/primefaces.js?ln=primefaces&v=4.0 HTTP/1.1" 304 -
201.245.192.253 - - [26/Jan/2024:08:42:25 -0500] "GET /sipse/faces/javax.faces.resource/jquery/jquery-plugins.js?ln=primefaces&v=4.0 HTTP/1.1" 304 -
201.245.192.253 - - [26/Jan/2024:08:42:25 -0500] "GET /sipse/faces/javax.faces.resource/layout/layout.css?ln=primefaces&v=4.0 HTTP/1.1" 304 -
201.245.192.253 - - [26/Jan/2024:08:42:25 -0500] "GET /sipse/faces/javax.faces.resource/primefaces.css?ln=primefaces&v=4.0 HTTP/1.1" 304 -
201.245.192.253 - - [26/Jan/2024:08:42:25 -0500] "GET /sipse/faces/javax.faces.resource/layout/layout.js?ln=primefaces&v=4.0 HTTP/1.1" 304 -
201.245.192.253 - - [26/Jan/2024:08:42:25 -0500] "GET /sipse/faces/javax.faces.resource/images/ui-icons_898989_256x240.png?ln=primefaces-aristo HTTP/1.1" 304 -
201.245.192.253 - - [26/Jan/2024:08:42:28 -0500] "POST /forms/lservlet;jsessionid=ac16012b30d6abe7b988884748809bddc352ae6e08d2.e3iSbxaKaheRe3qKcheMbNuKc41ynknvrkLOlQzNp65In0 HTTP/1.1" 200 2
156.59.198.135 - - [26/Jan/2024:08:42:43 -0500] "GET /BLA/resoluciones/RESOLUCIONES%202009/9525.pdf HTTP/1.0" 200 2406517
186.84.21.136 - - [26/Jan/2024:08:42:53 -0500] "POST /sipse/faces/presentacion/financiero/solicitudProceso/consultar.xhtml HTTP/1.1" 200 3248
216.245.221.92 - - [26/Jan/2024:08:42:56 -0500] "HEAD / HTTP/1.1" 200 -
186.84.21.136 - - [26/Jan/2024:08:42:57 -0500] "POST /sipse/faces/presentacion/financiero/solicitudProceso/consultar.xhtml HTTP/1.1" 200 29348
186.84.21.136 - - [26/Jan/2024:08:42:57 -0500] "GET /sipse/faces/javax.faces.resource/theme.css?ln=primefaces-sipse HTTP/1.1" 304 -
186.84.21.136 - - [26/Jan/2024:08:42:57 -0500] "GET /sipse/faces/javax.faces.resource/primefaces.css?ln=primefaces&v=4.0 HTTP/1.1" 304 -
186.84.21.136 - - [26/Jan/2024:08:42:57 -0500] "GET /sipse/css/imagen/contrasena.png HTTP/1.1" 404 383
186.84.21.136 - - [26/Jan/2024:08:42:57 -0500] "GET /sipse/faces/javax.faces.resource/layout/layout.css?ln=primefaces&v=4.0 HTTP/1.1" 304 -
186.84.21.136 - - [26/Jan/2024:08:42:57 -0500] "GET /sipse/faces/javax.faces.resource/jquery/jquery.js?ln=primefaces&v=4.0 HTTP/1.1" 304 -
186.84.21.136 - - [26/Jan/2024:08:42:57 -0500] "GET /sipse/faces/javax.faces.resource/jquery/jquery-plugins.js?ln=primefaces&v=4.0 HTTP/1.1" 304 -
186.84.21.136 - - [26/Jan/2024:08:42:57 -0500] "GET /sipse/faces/javax.faces.resource/primefaces.js?ln=primefaces&v=4.0 HTTP/1.1" 304 -
186.84.21.136 - - [26/Jan/2024:08:42:57 -0500] "GET /sipse/faces/javax.faces.resource/layout/layout.js?ln=primefaces&v=4.0 HTTP/1.1" 304 -
186.84.21.136 - - [26/Jan/2024:08:42:58 -0500] "POST /sipse/faces/presentacion/contratacion/contratista/listarContratista.xhtml HTTP/1.1" 200 22745
186.84.21.136 - - [26/Jan/2024:08:42:58 -0500] "POST /sipse/faces/presentacion/contratacion/contratista/listarContratista.xhtml HTTP/1.1" 200 22745
186.84.21.136 - - [26/Jan/2024:08:43:00 -0500] "POST /sipse/faces/presentacion/contratacion/contratista/listarContratista.xhtml HTTP/1.1" 200 7806
201.245.192.253 - - [26/Jan/2024:08:43:02 -0500] "POST /forms/lservlet;jsessionid=ac16012b30d67d396d69ba114f9ba73cc384f4f1f357.e3iSbxaKaheRe3qKcheMbNuKc41ynknvrkLOlQzNp65In0 HTTP/1.1" 200 32
216.244.66.195 - - [26/Jan/2024:08:43:02 -0500] "GET /BLA/resoluciones/AUTOS%202020/0802.pdf HTTP/1.1" 200 361931
201.245.192.253 - - [26/Jan/2024:08:43:03 -0500] "POST /forms/lservlet;jsessionid=ac16012b30d67d396d69ba114f9ba73cc384f4f1f357.e3iSbxaKaheRe3qKcheMbNuKc41ynknvrkLOlQzNp65In0 HTTP/1.1" 200 732
201.245.192.253 - - [26/Jan/2024:08:43:04 -0500] "POST /forms/lservlet;jsessionid=ac16012b30d67d396d69ba114f9ba73cc384f4f1f357.e3iSbxaKaheRe3qKcheMbNuKc41ynknvrkLOlQzNp65In0 HTTP/1.1" 200 2
201.245.192.253 - - [26/Jan/2024:08:43:05 -0500] "POST /forms/lservlet;jsessionid=ac16012b30d67d396d69ba114f9ba73cc384f4f1f357.e3iSbxaKaheRe3qKcheMbNuKc41ynknvrkLOlQzNp65In0 HTTP/1.1" 200 123
201.245.192.253 - - [26/Jan/2024:08:43:05 -0500] "POST /forms/lservlet;jsessionid=ac16012b30d67d396d69ba114f9ba73cc384f4f1f357.e3iSbxaKaheRe3qKcheMbNuKc41ynknvrkLOlQzNp65In0 HTTP/1.1" 200 2
156.59.198.135 - - [26/Jan/2024:08:43:06 -0500] "GET /BLA/resoluciones/RESOLUCIONES%202009/9811.pdf HTTP/1.0" 200 349313
201.245.192.253 - - [26/Jan/2024:08:43:06 -0500] "POST /forms/lservlet;jsessionid=ac16012b30d67d396d69ba114f9ba73cc384f4f1f357.e3iSbxaKaheRe3qKcheMbNuKc41ynknvrkLOlQzNp65In0 HTTP/1.1" 200 1295
201.245.192.253 - - [26/Jan/2024:08:43:06 -0500] "POST /forms/lservlet;jsessionid=ac16012b30d67d396d69ba114f9ba73cc384f4f1f357.e3iSbxaKaheRe3qKcheMbNuKc41ynknvrkLOlQzNp65In0 HTTP/1.1" 200 24
201.245.192.253 - - [26/Jan/2024:08:43:08 -0500] "POST /forms/lservlet;jsessionid=ac16012b30d67d396d69ba114f9ba73cc384f4f1f357.e3iSbxaKaheRe3qKcheMbNuKc41ynknvrkLOlQzNp65In0 HTTP/1.1" 200 187
201.245.192.253 - - [26/Jan/2024:08:43:08 -0500] "POST /forms/lservlet;jsessionid=ac16012b30d67d396d69ba114f9ba73cc384f4f1f357.e3iSbxaKaheRe3qKcheMbNuKc41ynknvrkLOlQzNp65In0 HTTP/1.1" 200 32
201.245.192.253 - - [26/Jan/2024:08:43:09 -0500] "POST /forms/lservlet;jsessionid=ac16012b30d67d396d69ba114f9ba73cc384f4f1f357.e3iSbxaKaheRe3qKcheMbNuKc41ynknvrkLOlQzNp65In0 HTTP/1.1" 200 1890
201.245.192.253 - - [26/Jan/2024:08:43:14 -0500] "POST /forms/lservlet;jsessionid=ac16012b30d67d396d69ba114f9ba73cc384f4f1f357.e3iSbxaKaheRe3qKcheMbNuKc41ynknvrkLOlQzNp65In0 HTTP/1.1" 200 13621
201.245.192.253 - - [26/Jan/2024:08:43:14 -0500] "POST /forms/lservlet;jsessionid=ac16012b30d67d396d69ba114f9ba73cc384f4f1f357.e3iSbxaKaheRe3qKcheMbNuKc41ynknvrkLOlQzNp65In0 HTTP/1.1" 200 10
172.22.2.4 - - [26/Jan/2024:08:41:34 -0500] "GET /BLA/boletinlegal/ HTTP/1.1" 200 58720
201.245.192.253 - - [26/Jan/2024:08:43:15 -0500] "POST /forms/lservlet;jsessionid=ac16012b30d67d396d69ba114f9ba73cc384f4f1f357.e3iSbxaKaheRe3qKcheMbNuKc41ynknvrkLOlQzNp65In0 HTTP/1.1" 200 2
201.245.192.253 - - [26/Jan/2024:08:43:17 -0500] "POST /forms/lservlet;jsessionid=ac16012b30d67d396d69ba114f9ba73cc384f4f1f357.e3iSbxaKaheRe3qKcheMbNuKc41ynknvrkLOlQzNp65In0 HTTP/1.1" 200 39
201.245.192.253 - - [26/Jan/2024:08:43:17 -0500] "POST /forms/lservlet;jsessionid=ac16012b30d67d396d69ba114f9ba73cc384f4f1f357.e3iSbxaKaheRe3qKcheMbNuKc41ynknvrkLOlQzNp65In0 HTTP/1.1" 200 8
201.245.192.253 - - [26/Jan/2024:08:43:17 -0500] "POST /forms/lservlet;jsessionid=ac16012b30d67d396d69ba114f9ba73cc384f4f1f357.e3iSbxaKaheRe3qKcheMbNuKc41ynknvrkLOlQzNp65In0 HTTP/1.1" 200 2
201.245.192.253 - - [26/Jan/2024:08:43:21 -0500] "POST /forms/lservlet;jsessionid=ac16012b30d67d396d69ba114f9ba73cc384f4f1f357.e3iSbxaKaheRe3qKcheMbNuKc41ynknvrkLOlQzNp65In0 HTTP/1.1" 200 1682
156.59.198.136 - - [26/Jan/2024:08:43:31 -0500] "GET /BLA/resoluciones/RESOLUCIONES%202009/9263.pdf HTTP/1.0" 200 531052
54.39.243.52 - - [26/Jan/2024:08:43:36 -0500] "GET /secretaria-de-ambiente-instalo-movil-en-la-quebrada-la-vieja-para-atender-a-la-fauna-silvestre.html HTTP/1.1" 200 1019
216.244.66.195 - - [26/Jan/2024:08:43:37 -0500] "GET /BLA/resoluciones/AUTOS%202020/0933.pdf HTTP/1.1" 200 347131
186.154.181.122 - - [26/Jan/2024:08:43:38 -0500] "POST /sipse/faces/presentacion/financiero/solicitudProceso/consultar.xhtml HTTP/1.1" 200 35085
186.154.181.122 - - [26/Jan/2024:08:43:38 -0500] "GET /sipse/faces/javax.faces.resource/jquery/jquery.js?ln=primefaces&v=4.0 HTTP/1.1" 304 -
186.154.181.122 - - [26/Jan/2024:08:43:38 -0500] "GET /sipse/faces/javax.faces.resource/jquery/jquery-plugins.js?ln=primefaces&v=4.0 HTTP/1.1" 304 -
186.154.181.122 - - [26/Jan/2024:08:43:38 -0500] "GET /sipse/faces/javax.faces.resource/primefaces.js?ln=primefaces&v=4.0 HTTP/1.1" 304 -
186.154.181.122 - - [26/Jan/2024:08:43:38 -0500] "GET /sipse/faces/javax.faces.resource/layout/layout.js?ln=primefaces&v=4.0 HTTP/1.1" 304 -
186.154.181.122 - - [26/Jan/2024:08:43:39 -0500] "POST /sipse/faces/presentacion/financiero/solicitudProceso/listarSolicitudProceso.xhtml HTTP/1.1" 200 28477
186.154.181.122 - - [26/Jan/2024:08:43:39 -0500] "POST /sipse/faces/presentacion/financiero/solicitudProceso/listarSolicitudProceso.xhtml HTTP/1.1" 200 28477
186.154.181.122 - - [26/Jan/2024:08:43:39 -0500] "POST /sipse/faces/presentacion/financiero/solicitudProceso/listarSolicitudProceso.xhtml HTTP/1.1" 200 1396
186.154.181.122 - - [26/Jan/2024:08:43:39 -0500] "POST /sipse/faces/presentacion/financiero/solicitudProceso/listarSolicitudProceso.xhtml HTTP/1.1" 200 1396
186.154.181.122 - - [26/Jan/2024:08:43:39 -0500] "POST /sipse/faces/presentacion/financiero/solicitudProceso/listarSolicitudProceso.xhtml HTTP/1.1" 200 1404
186.154.181.122 - - [26/Jan/2024:08:43:41 -0500] "POST /sipse/faces/presentacion/financiero/solicitudProceso/listarSolicitudProceso.xhtml HTTP/1.1" 200 31496
51.83.238.93 - - [26/Jan/2024:08:43:43 -0500] "GET /wp-content/plugins/wp-help-the/index.php HTTP/1.1" 404 1018
186.154.181.122 - - [26/Jan/2024:08:43:45 -0500] "POST /sipse/faces/presentacion/financiero/solicitudProceso/listarSolicitudProceso.xhtml HTTP/1.1" 200 28911
51.83.238.93 - - [26/Jan/2024:08:43:48 -0500] "GET /task.php HTTP/1.1" 404 1018
51.83.238.93 - - [26/Jan/2024:08:43:50 -0500] "GET /lib.php HTTP/1.1" 404 1018
51.83.238.93 - - [26/Jan/2024:08:43:54 -0500] "GET /wp-content/themes/twentystd/index.php HTTP/1.1" 404 1018
51.83.238.93 - - [26/Jan/2024:08:43:56 -0500] "GET /wp-content/plugins/wp-help-the/index.php HTTP/1.1" 404 1035
156.59.198.136 - - [26/Jan/2024:08:43:56 -0500] "GET /BLA/resoluciones/RESOLUCIONES%202009/RESOLUCION%207226%20DE%202009.PDF HTTP/1.0" 200 76534
51.83.238.93 - - [26/Jan/2024:08:43:56 -0500] "GET /wp-stad.php HTTP/1.1" 404 1018
51.83.238.93 - - [26/Jan/2024:08:44:00 -0500] "GET /task.php HTTP/1.1" 404 1035
51.83.238.93 - - [26/Jan/2024:08:44:00 -0500] "GET /wp-content/themes/wp-classic/inc/index.php HTTP/1.1" 404 1018
51.83.238.93 - - [26/Jan/2024:08:44:02 -0500] "GET /lib.php HTTP/1.1" 404 1035
51.83.238.93 - - [26/Jan/2024:08:44:02 -0500] "GET /wp-content/plugins/wp-task-scheduler/scheduler.php HTTP/1.1" 404 1018
51.83.238.93 - - [26/Jan/2024:08:44:07 -0500] "GET /wp-content/themes/twentystd/index.php HTTP/1.1" 404 1035
51.83.238.93 - - [26/Jan/2024:08:44:08 -0500] "GET /wp-content/plugins/task-controller/index.php HTTP/1.1" 404 1018
51.83.238.93 - - [26/Jan/2024:08:44:09 -0500] "GET /wp-stad.php HTTP/1.1" 404 1035
51.83.238.93 - - [26/Jan/2024:08:44:10 -0500] "GET /wp-content/plugins/core-builder/index.php HTTP/1.1" 404 1018
216.244.66.195 - - [26/Jan/2024:08:44:10 -0500] "GET /BLA/resoluciones/AUTOS%202020/1028.pdf HTTP/1.1" 200 371299
51.83.238.93 - - [26/Jan/2024:08:44:12 -0500] "GET /wp-content/themes/wp-classic/inc/index.php HTTP/1.1" 404 1035
51.83.238.93 - - [26/Jan/2024:08:44:16 -0500] "GET /wp-content/plugins/wp-task-scheduler/scheduler.php HTTP/1.1" 404 1035
51.83.238.93 - - [26/Jan/2024:08:44:19 -0500] "GET /wp-content/plugins/task-controller/index.php HTTP/1.1" 404 1035
156.59.198.135 - - [26/Jan/2024:08:44:21 -0500] "GET /BLA/resoluciones/RESOLUCIONES%202009/9237.pdf HTTP/1.0" 200 517093
51.83.238.93 - - [26/Jan/2024:08:44:23 -0500] "GET /wp-content/plugins/core-builder/index.php HTTP/1.1" 404 1035
201.245.192.253 - - [26/Jan/2024:08:44:28 -0500] "POST /forms/lservlet;jsessionid=ac16012b30d6abe7b988884748809bddc352ae6e08d2.e3iSbxaKaheRe3qKcheMbNuKc41ynknvrkLOlQzNp65In0 HTTP/1.1" 200 2
181.53.13.235 - - [26/Jan/2024:08:44:32 -0500] "POST /sipse/faces/presentacion/financiero/solicitudProceso/consultar.xhtml HTTP/1.1" 200 37293
181.53.13.235 - - [26/Jan/2024:08:44:33 -0500] "POST /sipse/faces/presentacion/financiero/solicitudProceso/consultar.xhtml HTTP/1.1" 200 37293
181.53.13.235 - - [26/Jan/2024:08:44:33 -0500] "POST /sipse/faces/presentacion/financiero/solicitudProceso/consultar.xhtml HTTP/1.1" 200 37293
181.53.13.235 - - [26/Jan/2024:08:44:33 -0500] "POST /sipse/faces/presentacion/financiero/solicitudProceso/consultar.xhtml HTTP/1.1" 200 37293
201.245.192.253 - - [26/Jan/2024:08:44:37 -0500] "POST /forms/lservlet;jsessionid=ac16012b30d67d396d69ba114f9ba73cc384f4f1f357.e3iSbxaKaheRe3qKcheMbNuKc41ynknvrkLOlQzNp65In0 HTTP/1.1" 200 132
201.245.192.253 - - [26/Jan/2024:08:44:37 -0500] "POST /forms/lservlet;jsessionid=ac16012b30d67d396d69ba114f9ba73cc384f4f1f357.e3iSbxaKaheRe3qKcheMbNuKc41ynknvrkLOlQzNp65In0 HTTP/1.1" 200 7
201.245.192.253 - - [26/Jan/2024:08:44:38 -0500] "POST /forms/lservlet;jsessionid=ac16012b30d67d396d69ba114f9ba73cc384f4f1f357.e3iSbxaKaheRe3qKcheMbNuKc41ynknvrkLOlQzNp65In0 HTTP/1.1" 200 689
201.245.192.253 - - [26/Jan/2024:08:44:38 -0500] "POST /forms/lservlet;jsessionid=ac16012b30d67d396d69ba114f9ba73cc384f4f1f357.e3iSbxaKaheRe3qKcheMbNuKc41ynknvrkLOlQzNp65In0 HTTP/1.1" 200 13
216.244.66.195 - - [26/Jan/2024:08:44:42 -0500] "GET /BLA/resoluciones/AUTOS%202020/1464.pdf HTTP/1.1" 200 1152235
181.53.13.235 - - [26/Jan/2024:08:44:42 -0500] "POST /sipse/faces/presentacion/financiero/solicitudProceso/consultar.xhtml HTTP/1.1" 200 12658
201.245.192.253 - - [26/Jan/2024:08:44:42 -0500] "POST /forms/lservlet;jsessionid=ac16012b30d67d396d69ba114f9ba73cc384f4f1f357.e3iSbxaKaheRe3qKcheMbNuKc41ynknvrkLOlQzNp65In0 HTTP/1.1" 200 556
201.245.192.253 - - [26/Jan/2024:08:44:43 -0500] "POST /forms/lservlet;jsessionid=ac16012b30d67d396d69ba114f9ba73cc384f4f1f357.e3iSbxaKaheRe3qKcheMbNuKc41ynknvrkLOlQzNp65In0 HTTP/1.1" 200 21
156.59.198.136 - - [26/Jan/2024:08:44:44 -0500] "GET /BLA/resoluciones/RESOLUCIONES%202009/9359.pdf HTTP/1.0" 200 500321
201.245.192.253 - - [26/Jan/2024:08:44:45 -0500] "POST /forms/lservlet;jsessionid=ac16012b30d67d396d69ba114f9ba73cc384f4f1f357.e3iSbxaKaheRe3qKcheMbNuKc41ynknvrkLOlQzNp65In0 HTTP/1.1" 200 1657
181.53.13.235 - - [26/Jan/2024:08:44:50 -0500] "POST /sipse/faces/presentacion/financiero/solicitudProceso/consultar.xhtml HTTP/1.1" 200 12867
201.245.192.253 - - [26/Jan/2024:08:44:50 -0500] "POST /forms/lservlet;jsessionid=ac16012b30d67d396d69ba114f9ba73cc384f4f1f357.e3iSbxaKaheRe3qKcheMbNuKc41ynknvrkLOlQzNp65In0 HTTP/1.1" 200 755
201.245.192.253 - - [26/Jan/2024:08:44:50 -0500] "POST /forms/lservlet;jsessionid=ac16012b30d67d396d69ba114f9ba73cc384f4f1f357.e3iSbxaKaheRe3qKcheMbNuKc41ynknvrkLOlQzNp65In0 HTTP/1.1" 200 13
201.245.192.253 - - [26/Jan/2024:08:44:51 -0500] "POST /forms/lservlet;jsessionid=ac16012b30d67d396d69ba114f9ba73cc384f4f1f357.e3iSbxaKaheRe3qKcheMbNuKc41ynknvrkLOlQzNp65In0 HTTP/1.1" 200 497
201.245.192.253 - - [26/Jan/2024:08:44:52 -0500] "POST /forms/lservlet;jsessionid=ac16012b30d67d396d69ba114f9ba73cc384f4f1f357.e3iSbxaKaheRe3qKcheMbNuKc41ynknvrkLOlQzNp65In0 HTTP/1.1" 200 21
201.245.192.253 - - [26/Jan/2024:08:44:54 -0500] "POST /forms/lservlet;jsessionid=ac16012b30d67d396d69ba114f9ba73cc384f4f1f357.e3iSbxaKaheRe3qKcheMbNuKc41ynknvrkLOlQzNp65In0 HTTP/1.1" 200 888
186.84.21.136 - - [26/Jan/2024:08:45:01 -0500] "POST /sipse/faces/presentacion/contratacion/contratista/listarContratista.xhtml HTTP/1.1" 200 56022
181.61.157.160 - - [26/Jan/2024:08:45:03 -0500] "POST /sipse/faces/presentacion/financiero/solicitudProceso/consultarSolicitudProceso.xhtml HTTP/1.1" 200 83279
201.245.192.253 - - [26/Jan/2024:08:45:05 -0500] "POST /forms/lservlet;jsessionid=ac16012b30d67d396d69ba114f9ba73cc384f4f1f357.e3iSbxaKaheRe3qKcheMbNuKc41ynknvrkLOlQzNp65In0 HTTP/1.1" 200 2
181.61.157.160 - - [26/Jan/2024:08:45:05 -0500] "POST /sipse/faces/presentacion/financiero/solicitudProceso/consultarSolicitudProceso.xhtml HTTP/1.1" 200 1608697
181.53.13.235 - - [26/Jan/2024:08:45:07 -0500] "POST /sipse/faces/presentacion/financiero/solicitudProceso/consultar.xhtml HTTP/1.1" 200 12924
181.61.157.160 - - [26/Jan/2024:08:45:06 -0500] "POST /sipse/faces/presentacion/financiero/solicitudProceso/consultarSolicitudProceso.xhtml HTTP/1.1" 200 4081037
156.59.198.135 - - [26/Jan/2024:08:45:09 -0500] "GET /BLA/resoluciones/RESOLUCIONES%202009/9136.pdf HTTP/1.0" 200 412360
181.61.157.160 - - [26/Jan/2024:08:45:08 -0500] "POST /sipse/faces/presentacion/financiero/solicitudProceso/consultarSolicitudProceso.xhtml HTTP/1.1" 200 7100676
181.61.157.160 - - [26/Jan/2024:08:45:10 -0500] "POST /sipse/faces/presentacion/financiero/solicitudProceso/consultarSolicitudProceso.xhtml HTTP/1.1" 200 2613301
181.61.157.160 - - [26/Jan/2024:08:45:11 -0500] "POST /sipse/faces/presentacion/financiero/solicitudProceso/consultarSolicitudProceso.xhtml HTTP/1.1" 200 2141940
181.61.157.160 - - [26/Jan/2024:08:45:13 -0500] "POST /sipse/faces/presentacion/financiero/solicitudProceso/consultarSolicitudProceso.xhtml HTTP/1.1" 200 138832
181.53.13.235 - - [26/Jan/2024:08:45:16 -0500] "POST /sipse/faces/presentacion/financiero/solicitudProceso/consultar.xhtml HTTP/1.1" 200 118185
181.53.13.235 - - [26/Jan/2024:08:45:17 -0500] "GET /sipse/faces/javax.faces.resource/theme.css?ln=primefaces-sipse HTTP/1.1" 304 -
181.53.13.235 - - [26/Jan/2024:08:45:17 -0500] "GET /sipse/faces/javax.faces.resource/primefaces.css?ln=primefaces&v=4.0 HTTP/1.1" 304 -
181.53.13.235 - - [26/Jan/2024:08:45:17 -0500] "GET /sipse/faces/javax.faces.resource/layout/layout.css?ln=primefaces&v=4.0 HTTP/1.1" 304 -
181.53.13.235 - - [26/Jan/2024:08:45:17 -0500] "GET /sipse/faces/javax.faces.resource/jquery/jquery.js?ln=primefaces&v=4.0 HTTP/1.1" 304 -
181.53.13.235 - - [26/Jan/2024:08:45:17 -0500] "GET /sipse/faces/javax.faces.resource/jquery/jquery-plugins.js?ln=primefaces&v=4.0 HTTP/1.1" 304 -
181.53.13.235 - - [26/Jan/2024:08:45:17 -0500] "GET /sipse/faces/javax.faces.resource/primefaces.js?ln=primefaces&v=4.0 HTTP/1.1" 304 -
181.53.13.235 - - [26/Jan/2024:08:45:17 -0500] "GET /sipse/faces/javax.faces.resource/layout/layout.js?ln=primefaces&v=4.0 HTTP/1.1" 304 -
181.53.13.235 - - [26/Jan/2024:08:45:18 -0500] "GET /sipse/css/imagen/contrasena.png HTTP/1.1" 404 383
181.189.25.86 - - [26/Jan/2024:08:45:24 -0500] "GET /sipse/faces/index.xhtml HTTP/1.1" 200 677
181.189.25.86 - - [26/Jan/2024:08:45:24 -0500] "GET /sipse/faces/javax.faces.resource/theme.css?ln=primefaces-sipse HTTP/1.1" 304 -
181.189.25.86 - - [26/Jan/2024:08:45:24 -0500] "GET /sipse/faces/faces/autenticacion.xhtml HTTP/1.1" 200 12411
181.189.25.86 - - [26/Jan/2024:08:45:24 -0500] "GET /sipse/faces/javax.faces.resource/theme.css?ln=primefaces-sipse HTTP/1.1" 304 -
181.189.25.86 - - [26/Jan/2024:08:45:24 -0500] "GET /sipse/faces/javax.faces.resource/primefaces.css?ln=primefaces&v=4.0 HTTP/1.1" 304 -
181.189.25.86 - - [26/Jan/2024:08:45:24 -0500] "GET /sipse/faces/javax.faces.resource/layout/layout.css?ln=primefaces&v=4.0 HTTP/1.1" 304 -
181.189.25.86 - - [26/Jan/2024:08:45:24 -0500] "GET /sipse/faces/javax.faces.resource/primefaces.js?ln=primefaces&v=4.0 HTTP/1.1" 304 -
181.189.25.86 - - [26/Jan/2024:08:45:24 -0500] "GET /sipse/faces/javax.faces.resource/jquery/jquery.js?ln=primefaces&v=4.0 HTTP/1.1" 304 -
181.189.25.86 - - [26/Jan/2024:08:45:24 -0500] "GET /sipse/faces/javax.faces.resource/jquery/jquery-plugins.js?ln=primefaces&v=4.0 HTTP/1.1" 304 -
181.189.25.86 - - [26/Jan/2024:08:45:24 -0500] "GET /sipse/faces/javax.faces.resource/layout/layout.js?ln=primefaces&v=4.0 HTTP/1.1" 304 -
181.189.25.86 - - [26/Jan/2024:08:45:24 -0500] "GET /sipse/faces/javax.faces.resource/images/ui-icons_898989_256x240.png?ln=primefaces-aristo HTTP/1.1" 304 -
181.189.25.86 - - [26/Jan/2024:08:45:30 -0500] "POST /sipse/faces/autenticacion.xhtml HTTP/1.1" 200 2219
181.189.25.86 - - [26/Jan/2024:08:45:30 -0500] "GET /sipse/faces/javax.faces.resource/messages/messages.png?ln=primefaces&v=4.0 HTTP/1.1" 304 -
181.53.13.235 - - [26/Jan/2024:08:45:29 -0500] "POST /sipse/faces/presentacion/financiero/solicitudProceso/consultarSolicitudProceso.xhtml HTTP/1.1" 200 38358
181.53.13.235 - - [26/Jan/2024:08:45:30 -0500] "GET /sipse/faces/javax.faces.resource/theme.css?ln=primefaces-sipse HTTP/1.1" 304 -
181.53.13.235 - - [26/Jan/2024:08:45:30 -0500] "GET /sipse/faces/javax.faces.resource/primefaces.css?ln=primefaces&v=4.0 HTTP/1.1" 304 -
181.53.13.235 - - [26/Jan/2024:08:45:30 -0500] "GET /sipse/faces/javax.faces.resource/layout/layout.css?ln=primefaces&v=4.0 HTTP/1.1" 304 -
181.53.13.235 - - [26/Jan/2024:08:45:30 -0500] "GET /sipse/faces/javax.faces.resource/jquery/jquery.js?ln=primefaces&v=4.0 HTTP/1.1" 304 -
181.53.13.235 - - [26/Jan/2024:08:45:30 -0500] "GET /sipse/faces/javax.faces.resource/jquery/jquery-plugins.js?ln=primefaces&v=4.0 HTTP/1.1" 304 -
181.53.13.235 - - [26/Jan/2024:08:45:31 -0500] "GET /sipse/faces/javax.faces.resource/primefaces.js?ln=primefaces&v=4.0 HTTP/1.1" 304 -
181.53.13.235 - - [26/Jan/2024:08:45:31 -0500] "GET /sipse/faces/javax.faces.resource/layout/layout.js?ln=primefaces&v=4.0 HTTP/1.1" 304 -
181.53.13.235 - - [26/Jan/2024:08:45:31 -0500] "POST /sipse/faces/presentacion/financiero/solicitudProceso/listarSolicitudProceso.xhtml HTTP/1.1" 200 31731
181.189.25.86 - - [26/Jan/2024:08:45:32 -0500] "POST /sipse/faces/autenticacion.xhtml HTTP/1.1" 200 16374
181.189.25.86 - - [26/Jan/2024:08:45:32 -0500] "GET /sipse/faces/javax.faces.resource/primefaces.css?ln=primefaces&v=4.0 HTTP/1.1" 304 -
181.189.25.86 - - [26/Jan/2024:08:45:32 -0500] "GET /sipse/faces/javax.faces.resource/theme.css?ln=primefaces-sipse HTTP/1.1" 304 -
181.189.25.86 - - [26/Jan/2024:08:45:32 -0500] "GET /sipse/faces/javax.faces.resource/layout/layout.css?ln=primefaces&v=4.0 HTTP/1.1" 304 -
181.189.25.86 - - [26/Jan/2024:08:45:32 -0500] "GET /sipse/faces/javax.faces.resource/jquery/jquery.js?ln=primefaces&v=4.0 HTTP/1.1" 304 -
181.189.25.86 - - [26/Jan/2024:08:45:32 -0500] "GET /sipse/faces/javax.faces.resource/jquery/jquery-plugins.js?ln=primefaces&v=4.0 HTTP/1.1" 304 -
181.189.25.86 - - [26/Jan/2024:08:45:32 -0500] "GET /sipse/faces/javax.faces.resource/primefaces.js?ln=primefaces&v=4.0 HTTP/1.1" 304 -
181.189.25.86 - - [26/Jan/2024:08:45:32 -0500] "GET /sipse/faces/javax.faces.resource/layout/layout.js?ln=primefaces&v=4.0 HTTP/1.1" 304 -
181.189.25.86 - - [26/Jan/2024:08:45:32 -0500] "GET /sipse/css/imagen/contrasena.png HTTP/1.1" 404 383
181.53.13.235 - - [26/Jan/2024:08:45:32 -0500] "POST /sipse/faces/presentacion/financiero/solicitudProceso/listarSolicitudProceso.xhtml HTTP/1.1" 200 31731
156.59.198.135 - - [26/Jan/2024:08:45:33 -0500] "GET /BLA/resoluciones/RESOLUCIONES%202009/9364.pdf HTTP/1.0" 200 535987
181.53.13.235 - - [26/Jan/2024:08:45:32 -0500] "POST /sipse/faces/presentacion/financiero/solicitudProceso/listarSolicitudProceso.xhtml HTTP/1.1" 200 31731
181.53.13.235 - - [26/Jan/2024:08:45:33 -0500] "POST /sipse/faces/presentacion/financiero/solicitudProceso/listarSolicitudProceso.xhtml HTTP/1.1" 200 31731
216.244.66.195 - - [26/Jan/2024:08:45:34 -0500] "GET /BLA/resoluciones/AUTOS%202020/1648.pdf HTTP/1.1" 200 1728838
181.189.25.86 - - [26/Jan/2024:08:45:34 -0500] "GET /sipse/faces/javax.faces.resource/images/ui-bg_flat_0_2d5972_40x100.png?ln=primefaces-aristo HTTP/1.1" 304 -
181.189.25.86 - - [26/Jan/2024:08:45:34 -0500] "POST /sipse/faces/bienvenido.xhtml HTTP/1.1" 200 9884
181.189.25.86 - - [26/Jan/2024:08:45:36 -0500] "POST /sipse/faces/bienvenido.xhtml HTTP/1.1" 200 2658
181.53.13.235 - - [26/Jan/2024:08:45:34 -0500] "POST /sipse/faces/presentacion/financiero/solicitudProceso/listarSolicitudProceso.xhtml HTTP/1.1" 200 1396
181.189.25.86 - - [26/Jan/2024:08:45:37 -0500] "POST /sipse/faces/bienvenido.xhtml HTTP/1.1" 200 64328
181.189.25.86 - - [26/Jan/2024:08:45:38 -0500] "GET /sipse/faces/javax.faces.resource/theme.css?ln=primefaces-sipse HTTP/1.1" 304 -
181.189.25.86 - - [26/Jan/2024:08:45:38 -0500] "GET /sipse/faces/javax.faces.resource/primefaces.css?ln=primefaces&v=4.0 HTTP/1.1" 304 -
181.189.25.86 - - [26/Jan/2024:08:45:38 -0500] "GET /sipse/faces/javax.faces.resource/layout/layout.css?ln=primefaces&v=4.0 HTTP/1.1" 304 -
181.189.25.86 - - [26/Jan/2024:08:45:38 -0500] "GET /sipse/faces/javax.faces.resource/jquery/jquery.js?ln=primefaces&v=4.0 HTTP/1.1" 304 -
181.189.25.86 - - [26/Jan/2024:08:45:38 -0500] "GET /sipse/faces/javax.faces.resource/jquery/jquery-plugins.js?ln=primefaces&v=4.0 HTTP/1.1" 304 -
181.189.25.86 - - [26/Jan/2024:08:45:38 -0500] "GET /sipse/faces/javax.faces.resource/primefaces.js?ln=primefaces&v=4.0 HTTP/1.1" 304 -
181.189.25.86 - - [26/Jan/2024:08:45:38 -0500] "GET /sipse/faces/javax.faces.resource/layout/layout.js?ln=primefaces&v=4.0 HTTP/1.1" 304 -
181.53.13.235 - - [26/Jan/2024:08:45:36 -0500] "POST /sipse/faces/presentacion/financiero/solicitudProceso/listarSolicitudProceso.xhtml HTTP/1.1" 200 1396
