181.189.25.86 - - [26/Jan/2024:08:45:39 -0500] "POST /sipse/faces/presentacion/financiero/solicitudProceso/listarSolicitudProceso.xhtml HTTP/1.1" 200 1556
181.53.13.235 - - [26/Jan/2024:08:45:39 -0500] "POST /sipse/faces/presentacion/financiero/solicitudProceso/listarSolicitudProceso.xhtml HTTP/1.1" 200 1404
190.70.192.175 - - [26/Jan/2024:08:45:42 -0500] "GET /sipse/faces/presentacion/sistema/anexos/cargarAnexoSolicitudProceso.xhtml HTTP/1.1" 302 -
190.70.192.175 - - [26/Jan/2024:08:45:42 -0500] "GET /sipse/faces/autenticacion.xhtml HTTP/1.1" 200 12403
190.70.192.175 - - [26/Jan/2024:08:45:44 -0500] "GET /sipse/js/disable_browser_buttons.js HTTP/1.1" 304 -
190.70.192.175 - - [26/Jan/2024:08:45:44 -0500] "GET /sipse/js/funciones.js HTTP/1.1" 304 -
190.70.192.175 - - [26/Jan/2024:08:45:44 -0500] "GET /sipse/css/custom_css_sg.css HTTP/1.1" 304 -
190.70.192.175 - - [26/Jan/2024:08:45:44 -0500] "GET /sipse/css/custom_css_sg_prime_login.css HTTP/1.1" 304 -
190.70.192.175 - - [26/Jan/2024:08:45:44 -0500] "GET /sipse/faces/javax.faces.resource/theme.css?ln=primefaces-sipse HTTP/1.1" 304 -
190.70.192.175 - - [26/Jan/2024:08:45:44 -0500] "GET /sipse/faces/javax.faces.resource/primefaces.css?ln=primefaces&v=4.0 HTTP/1.1" 304 -
190.70.192.175 - - [26/Jan/2024:08:45:44 -0500] "GET /sipse/faces/javax.faces.resource/jquery/jquery.js?ln=primefaces&v=4.0 HTTP/1.1" 304 -
190.70.192.175 - - [26/Jan/2024:08:45:44 -0500] "GET /sipse/faces/javax.faces.resource/jquery/jquery-plugins.js?ln=primefaces&v=4.0 HTTP/1.1" 304 -
190.70.192.175 - - [26/Jan/2024:08:45:44 -0500] "GET /sipse/faces/javax.faces.resource/layout/layout.css?ln=primefaces&v=4.0 HTTP/1.1" 304 -
190.70.192.175 - - [26/Jan/2024:08:45:44 -0500] "GET /sipse/faces/javax.faces.resource/primefaces.js?ln=primefaces&v=4.0 HTTP/1.1" 304 -
190.70.192.175 - - [26/Jan/2024:08:45:44 -0500] "GET /sipse/faces/javax.faces.resource/layout/layout.js?ln=primefaces&v=4.0 HTTP/1.1" 304 -
190.70.192.175 - - [26/Jan/2024:08:45:44 -0500] "GET /sipse/css/imagen/logoSDG.png HTTP/1.1" 304 -
190.70.192.175 - - [26/Jan/2024:08:45:44 -0500] "GET /sipse/css/imagen/loginimg.png HTTP/1.1" 304 -
190.70.192.175 - - [26/Jan/2024:08:45:44 -0500] "GET /sipse/faces/javax.faces.resource/images/ui-icons_898989_256x240.png?ln=primefaces-aristo HTTP/1.1" 304 -
181.53.13.235 - - [26/Jan/2024:08:45:42 -0500] "POST /sipse/faces/presentacion/financiero/solicitudProceso/listarSolicitudProceso.xhtml HTTP/1.1" 200 1404
181.53.13.235 - - [26/Jan/2024:08:45:45 -0500] "POST /sipse/faces/presentacion/financiero/solicitudProceso/listarSolicitudProceso.xhtml HTTP/1.1" 200 1404
181.189.25.86 - - [26/Jan/2024:08:45:49 -0500] "POST /sipse/faces/presentacion/financiero/solicitudProceso/listarSolicitudProceso.xhtml HTTP/1.1" 200 34529
181.189.25.86 - - [26/Jan/2024:08:45:51 -0500] "POST /sipse/faces/presentacion/financiero/solicitudProceso/listarSolicitudProceso.xhtml HTTP/1.1" 200 34670
181.189.25.86 - - [26/Jan/2024:08:45:51 -0500] "POST /sipse/faces/presentacion/financiero/solicitudProceso/listarSolicitudProceso.xhtml HTTP/1.1" 200 34662
181.189.25.86 - - [26/Jan/2024:08:45:53 -0500] "POST /sipse/faces/presentacion/financiero/solicitudProceso/listarSolicitudProceso.xhtml HTTP/1.1" 200 16614
181.189.25.86 - - [26/Jan/2024:08:45:53 -0500] "POST /sipse/faces/presentacion/financiero/solicitudProceso/listarSolicitudProceso.xhtml HTTP/1.1" 200 16606
181.189.25.86 - - [26/Jan/2024:08:45:55 -0500] "POST /sipse/faces/presentacion/financiero/solicitudProceso/listarSolicitudProceso.xhtml HTTP/1.1" 200 7675
156.59.198.136 - - [26/Jan/2024:08:45:57 -0500] "GET /BLA/resoluciones/RESOLUCIONES%202009/9515.pdf HTTP/1.0" 200 502025
181.53.13.235 - - [26/Jan/2024:08:45:59 -0500] "POST /sipse/faces/presentacion/financiero/solicitudProceso/listarSolicitudProceso.xhtml HTTP/1.1" 200 43891
181.53.13.235 - - [26/Jan/2024:08:45:59 -0500] "GET /sipse/faces/javax.faces.resource/theme.css?ln=primefaces-sipse HTTP/1.1" 304 -
181.53.13.235 - - [26/Jan/2024:08:45:59 -0500] "GET /sipse/faces/javax.faces.resource/layout/layout.css?ln=primefaces&v=4.0 HTTP/1.1" 304 -
181.53.13.235 - - [26/Jan/2024:08:45:59 -0500] "GET /sipse/faces/javax.faces.resource/primefaces.css?ln=primefaces&v=4.0 HTTP/1.1" 304 -
181.53.13.235 - - [26/Jan/2024:08:45:59 -0500] "GET /sipse/faces/javax.faces.resource/jquery/jquery.js?ln=primefaces&v=4.0 HTTP/1.1" 304 -
181.53.13.235 - - [26/Jan/2024:08:45:59 -0500] "GET /sipse/faces/javax.faces.resource/jquery/jquery-plugins.js?ln=primefaces&v=4.0 HTTP/1.1" 304 -
181.53.13.235 - - [26/Jan/2024:08:45:59 -0500] "GET /sipse/faces/javax.faces.resource/primefaces.js?ln=primefaces&v=4.0 HTTP/1.1" 304 -
181.53.13.235 - - [26/Jan/2024:08:45:59 -0500] "GET /sipse/faces/javax.faces.resource/layout/layout.js?ln=primefaces&v=4.0 HTTP/1.1" 304 -
181.53.13.235 - - [26/Jan/2024:08:45:59 -0500] "POST /sipse/faces/presentacion/financiero/solicitudProceso/consultar.xhtml HTTP/1.1" 200 37290
181.189.25.86 - - [26/Jan/2024:08:45:59 -0500] "POST /sipse/faces/presentacion/financiero/solicitudProceso/listarSolicitudProceso.xhtml HTTP/1.1" 200 152449
181.189.25.86 - - [26/Jan/2024:08:45:59 -0500] "GET /sipse/faces/javax.faces.resource/theme.css?ln=primefaces-sipse HTTP/1.1" 304 -
181.189.25.86 - - [26/Jan/2024:08:45:59 -0500] "GET /sipse/faces/javax.faces.resource/primefaces.css?ln=primefaces&v=4.0 HTTP/1.1" 304 -
181.189.25.86 - - [26/Jan/2024:08:45:59 -0500] "GET /sipse/faces/javax.faces.resource/layout/layout.css?ln=primefaces&v=4.0 HTTP/1.1" 304 -
181.189.25.86 - - [26/Jan/2024:08:45:59 -0500] "GET /sipse/faces/javax.faces.resource/jquery/jquery.js?ln=primefaces&v=4.0 HTTP/1.1" 304 -
181.189.25.86 - - [26/Jan/2024:08:46:00 -0500] "GET /sipse/faces/javax.faces.resource/jquery/jquery-plugins.js?ln=primefaces&v=4.0 HTTP/1.1" 304 -
181.189.25.86 - - [26/Jan/2024:08:46:00 -0500] "GET /sipse/faces/javax.faces.resource/primefaces.js?ln=primefaces&v=4.0 HTTP/1.1" 304 -
181.189.25.86 - - [26/Jan/2024:08:46:00 -0500] "GET /sipse/faces/javax.faces.resource/layout/layout.js?ln=primefaces&v=4.0 HTTP/1.1" 304 -
181.53.13.235 - - [26/Jan/2024:08:46:00 -0500] "POST /sipse/faces/presentacion/financiero/solicitudProceso/consultar.xhtml HTTP/1.1" 200 37290
181.53.13.235 - - [26/Jan/2024:08:46:00 -0500] "POST /sipse/faces/presentacion/financiero/solicitudProceso/consultar.xhtml HTTP/1.1" 200 37290
181.53.13.235 - - [26/Jan/2024:08:46:00 -0500] "POST /sipse/faces/presentacion/financiero/solicitudProceso/consultar.xhtml HTTP/1.1" 200 37290
181.53.13.235 - - [26/Jan/2024:08:46:01 -0500] "POST /sipse/faces/presentacion/financiero/solicitudProceso/consultar.xhtml HTTP/1.1" 200 37290
201.245.192.253 - - [26/Jan/2024:08:46:02 -0500] "POST /kwsrmcab/Wsrmcab  HTTP/1.1" 200 37857
181.53.13.235 - - [26/Jan/2024:08:46:05 -0500] "POST /sipse/faces/presentacion/financiero/solicitudProceso/consultar.xhtml HTTP/1.1" 200 12920
181.53.13.235 - - [26/Jan/2024:08:46:10 -0500] "POST /sipse/faces/presentacion/financiero/solicitudProceso/consultar.xhtml HTTP/1.1" 200 38358
181.53.13.235 - - [26/Jan/2024:08:46:10 -0500] "GET /sipse/faces/javax.faces.resource/theme.css?ln=primefaces-sipse HTTP/1.1" 304 -
181.53.13.235 - - [26/Jan/2024:08:46:10 -0500] "GET /sipse/faces/javax.faces.resource/primefaces.css?ln=primefaces&v=4.0 HTTP/1.1" 304 -
181.53.13.235 - - [26/Jan/2024:08:46:10 -0500] "GET /sipse/faces/javax.faces.resource/layout/layout.css?ln=primefaces&v=4.0 HTTP/1.1" 304 -
181.53.13.235 - - [26/Jan/2024:08:46:10 -0500] "GET /sipse/faces/javax.faces.resource/jquery/jquery.js?ln=primefaces&v=4.0 HTTP/1.1" 304 -
181.53.13.235 - - [26/Jan/2024:08:46:11 -0500] "GET /sipse/faces/javax.faces.resource/jquery/jquery-plugins.js?ln=primefaces&v=4.0 HTTP/1.1" 304 -
181.53.13.235 - - [26/Jan/2024:08:46:11 -0500] "GET /sipse/faces/javax.faces.resource/primefaces.js?ln=primefaces&v=4.0 HTTP/1.1" 304 -
181.53.13.235 - - [26/Jan/2024:08:46:11 -0500] "GET /sipse/faces/javax.faces.resource/layout/layout.js?ln=primefaces&v=4.0 HTTP/1.1" 304 -
181.53.13.235 - - [26/Jan/2024:08:46:11 -0500] "POST /sipse/faces/presentacion/financiero/solicitudProceso/listarSolicitudProceso.xhtml HTTP/1.1" 200 31731
181.53.13.235 - - [26/Jan/2024:08:46:11 -0500] "POST /sipse/faces/presentacion/financiero/solicitudProceso/listarSolicitudProceso.xhtml HTTP/1.1" 200 31731
181.53.13.235 - - [26/Jan/2024:08:46:12 -0500] "POST /sipse/faces/presentacion/financiero/solicitudProceso/listarSolicitudProceso.xhtml HTTP/1.1" 200 31731
181.53.13.235 - - [26/Jan/2024:08:46:13 -0500] "POST /sipse/faces/presentacion/financiero/solicitudProceso/listarSolicitudProceso.xhtml HTTP/1.1" 200 31731
181.53.13.235 - - [26/Jan/2024:08:46:14 -0500] "POST /sipse/faces/presentacion/financiero/solicitudProceso/listarSolicitudProceso.xhtml HTTP/1.1" 200 31731
181.53.13.235 - - [26/Jan/2024:08:46:14 -0500] "POST /sipse/faces/presentacion/financiero/solicitudProceso/listarSolicitudProceso.xhtml HTTP/1.1" 200 31731
181.53.13.235 - - [26/Jan/2024:08:46:15 -0500] "POST /sipse/faces/presentacion/financiero/solicitudProceso/listarSolicitudProceso.xhtml HTTP/1.1" 200 1396
158.69.27.238 - - [26/Jan/2024:08:46:20 -0500] "GET /secretaria-de-ambiente-instalo-movil-en-la-quebrada-la-vieja-para-atender-a-la-fauna-silvestre.html HTTP/1.1" 200 1019
181.189.25.86 - - [26/Jan/2024:08:46:19 -0500] "POST /sipse/faces/presentacion/financiero/solicitudProceso/consultarSolicitudProceso.xhtml HTTP/1.1" 200 2141672
181.53.13.235 - - [26/Jan/2024:08:46:18 -0500] "POST /sipse/faces/presentacion/financiero/solicitudProceso/listarSolicitudProceso.xhtml HTTP/1.1" 200 1396
156.59.198.135 - - [26/Jan/2024:08:46:21 -0500] "GET /BLA/resoluciones/RESOLUCIONES%202009/9376.pdf HTTP/1.0" 200 424236
181.53.13.235 - - [26/Jan/2024:08:46:20 -0500] "POST /sipse/faces/presentacion/financiero/solicitudProceso/listarSolicitudProceso.xhtml HTTP/1.1" 200 1404
181.53.13.235 - - [26/Jan/2024:08:46:23 -0500] "POST /sipse/faces/presentacion/financiero/solicitudProceso/listarSolicitudProceso.xhtml HTTP/1.1" 200 1404
201.245.192.253 - - [26/Jan/2024:08:46:28 -0500] "POST /forms/lservlet;jsessionid=ac16012b30d6abe7b988884748809bddc352ae6e08d2.e3iSbxaKaheRe3qKcheMbNuKc41ynknvrkLOlQzNp65In0 HTTP/1.1" 200 2
181.53.13.235 - - [26/Jan/2024:08:46:26 -0500] "POST /sipse/faces/presentacion/financiero/solicitudProceso/listarSolicitudProceso.xhtml HTTP/1.1" 200 1404
216.244.66.195 - - [26/Jan/2024:08:46:31 -0500] "GET /BLA/resoluciones/AUTOS%202020/4115.pdf HTTP/1.1" 200 345148
181.53.13.235 - - [26/Jan/2024:08:46:28 -0500] "POST /sipse/faces/presentacion/financiero/solicitudProceso/listarSolicitudProceso.xhtml HTTP/1.1" 200 1400
181.53.13.235 - - [26/Jan/2024:08:46:31 -0500] "POST /sipse/faces/presentacion/financiero/solicitudProceso/listarSolicitudProceso.xhtml HTTP/1.1" 200 1404
181.53.13.235 - - [26/Jan/2024:08:46:38 -0500] "POST /sipse/faces/presentacion/financiero/solicitudProceso/listarSolicitudProceso.xhtml HTTP/1.1" 200 47012
181.53.13.235 - - [26/Jan/2024:08:46:40 -0500] "POST /sipse/faces/presentacion/financiero/solicitudProceso/listarSolicitudProceso.xhtml HTTP/1.1" 200 47289
181.53.13.235 - - [26/Jan/2024:08:46:42 -0500] "POST /sipse/faces/presentacion/financiero/solicitudProceso/listarSolicitudProceso.xhtml HTTP/1.1" 200 19838
156.59.198.136 - - [26/Jan/2024:08:46:46 -0500] "GET /BLA/resoluciones/RESOLUCIONES%202009/9690.pdf HTTP/1.0" 200 331310
181.53.13.235 - - [26/Jan/2024:08:46:47 -0500] "POST /sipse/faces/presentacion/financiero/solicitudProceso/listarSolicitudProceso.xhtml HTTP/1.1" 200 142713
181.53.13.235 - - [26/Jan/2024:08:46:48 -0500] "GET /sipse/faces/javax.faces.resource/theme.css?ln=primefaces-sipse HTTP/1.1" 304 -
181.53.13.235 - - [26/Jan/2024:08:46:48 -0500] "GET /sipse/faces/javax.faces.resource/primefaces.css?ln=primefaces&v=4.0 HTTP/1.1" 304 -
181.53.13.235 - - [26/Jan/2024:08:46:48 -0500] "GET /sipse/faces/javax.faces.resource/layout/layout.css?ln=primefaces&v=4.0 HTTP/1.1" 304 -
181.53.13.235 - - [26/Jan/2024:08:46:48 -0500] "GET /sipse/faces/javax.faces.resource/jquery/jquery.js?ln=primefaces&v=4.0 HTTP/1.1" 304 -
181.53.13.235 - - [26/Jan/2024:08:46:48 -0500] "GET /sipse/faces/javax.faces.resource/jquery/jquery-plugins.js?ln=primefaces&v=4.0 HTTP/1.1" 304 -
181.53.13.235 - - [26/Jan/2024:08:46:48 -0500] "GET /sipse/faces/javax.faces.resource/primefaces.js?ln=primefaces&v=4.0 HTTP/1.1" 304 -
181.53.13.235 - - [26/Jan/2024:08:46:48 -0500] "GET /sipse/faces/javax.faces.resource/layout/layout.js?ln=primefaces&v=4.0 HTTP/1.1" 304 -
201.245.192.253 - - [26/Jan/2024:08:46:55 -0500] "GET /sipse/faces/javax.faces.resource/images/ui-bg_flat_0_2d5972_40x100.png?ln=primefaces-aristo HTTP/1.1" 304 -
201.245.192.253 - - [26/Jan/2024:08:46:55 -0500] "POST /sipse/faces/presentacion/financiero/solicitudProceso/consultarSolicitudProceso.xhtml HTTP/1.1" 200 46285
201.245.192.253 - - [26/Jan/2024:08:46:55 -0500] "GET /sipse/faces/javax.faces.resource/jquery/jquery.js?ln=primefaces&v=4.0 HTTP/1.1" 304 -
201.245.192.253 - - [26/Jan/2024:08:46:56 -0500] "GET /sipse/faces/javax.faces.resource/jquery/jquery-plugins.js?ln=primefaces&v=4.0 HTTP/1.1" 304 -
201.245.192.253 - - [26/Jan/2024:08:46:56 -0500] "GET /sipse/faces/javax.faces.resource/primefaces.js?ln=primefaces&v=4.0 HTTP/1.1" 304 -
201.245.192.253 - - [26/Jan/2024:08:46:56 -0500] "GET /sipse/faces/javax.faces.resource/layout/layout.js?ln=primefaces&v=4.0 HTTP/1.1" 304 -
181.53.13.235 - - [26/Jan/2024:08:46:55 -0500] "POST /sipse/faces/presentacion/financiero/solicitudProceso/consultarSolicitudProceso.xhtml HTTP/1.1" 200 36054
181.53.13.235 - - [26/Jan/2024:08:46:56 -0500] "GET /sipse/faces/javax.faces.resource/theme.css?ln=primefaces-sipse HTTP/1.1" 304 -
181.53.13.235 - - [26/Jan/2024:08:46:56 -0500] "GET /sipse/faces/javax.faces.resource/primefaces.css?ln=primefaces&v=4.0 HTTP/1.1" 304 -
181.53.13.235 - - [26/Jan/2024:08:46:56 -0500] "GET /sipse/faces/javax.faces.resource/jquery/jquery-plugins.js?ln=primefaces&v=4.0 HTTP/1.1" 304 -
181.53.13.235 - - [26/Jan/2024:08:46:56 -0500] "GET /sipse/faces/javax.faces.resource/layout/layout.css?ln=primefaces&v=4.0 HTTP/1.1" 304 -
181.53.13.235 - - [26/Jan/2024:08:46:56 -0500] "GET /sipse/faces/javax.faces.resource/jquery/jquery.js?ln=primefaces&v=4.0 HTTP/1.1" 304 -
181.53.13.235 - - [26/Jan/2024:08:46:56 -0500] "GET /sipse/faces/javax.faces.resource/layout/layout.js?ln=primefaces&v=4.0 HTTP/1.1" 304 -
181.53.13.235 - - [26/Jan/2024:08:46:56 -0500] "GET /sipse/faces/javax.faces.resource/primefaces.js?ln=primefaces&v=4.0 HTTP/1.1" 304 -
201.245.192.253 - - [26/Jan/2024:08:46:57 -0500] "POST /sipse/faces/presentacion/financiero/solicitudProceso/consultar.xhtml HTTP/1.1" 200 12841
201.245.192.253 - - [26/Jan/2024:08:46:58 -0500] "POST /sipse/faces/presentacion/financiero/solicitudProceso/consultar.xhtml HTTP/1.1" 200 152248
201.245.192.253 - - [26/Jan/2024:08:46:58 -0500] "GET /sipse/faces/javax.faces.resource/jquery/jquery.js?ln=primefaces&v=4.0 HTTP/1.1" 304 -
201.245.192.253 - - [26/Jan/2024:08:46:58 -0500] "GET /sipse/faces/javax.faces.resource/jquery/jquery-plugins.js?ln=primefaces&v=4.0 HTTP/1.1" 304 -
201.245.192.253 - - [26/Jan/2024:08:46:58 -0500] "GET /sipse/faces/javax.faces.resource/primefaces.js?ln=primefaces&v=4.0 HTTP/1.1" 304 -
201.245.192.253 - - [26/Jan/2024:08:46:59 -0500] "GET /sipse/faces/javax.faces.resource/layout/layout.js?ln=primefaces&v=4.0 HTTP/1.1" 304 -
201.245.192.253 - - [26/Jan/2024:08:47:05 -0500] "POST /forms/lservlet;jsessionid=ac16012b30d67d396d69ba114f9ba73cc384f4f1f357.e3iSbxaKaheRe3qKcheMbNuKc41ynknvrkLOlQzNp65In0 HTTP/1.1" 200 2
201.245.192.253 - - [26/Jan/2024:08:47:05 -0500] "POST /sipse/faces/presentacion/financiero/solicitudProceso/consultarSolicitudProceso.xhtml HTTP/1.1" 200 348344
216.244.66.195 - - [26/Jan/2024:08:47:06 -0500] "GET /BLA/resoluciones/AUTOS%202020/4265.pdf HTTP/1.1" 200 384196
156.59.198.136 - - [26/Jan/2024:08:47:12 -0500] "GET /BLA/resoluciones/RESOLUCIONES%202009/9779.pdf HTTP/1.0" 200 304155
201.245.192.253 - - [26/Jan/2024:08:47:31 -0500] "POST /sipse/faces/presentacion/financiero/solicitudProceso/consultarSolicitudProceso.xhtml HTTP/1.1" 200 46285
201.245.192.253 - - [26/Jan/2024:08:47:32 -0500] "GET /sipse/faces/javax.faces.resource/jquery/jquery.js?ln=primefaces&v=4.0 HTTP/1.1" 304 -
201.245.192.253 - - [26/Jan/2024:08:47:32 -0500] "GET /sipse/faces/javax.faces.resource/jquery/jquery-plugins.js?ln=primefaces&v=4.0 HTTP/1.1" 304 -
201.245.192.253 - - [26/Jan/2024:08:47:32 -0500] "GET /sipse/faces/javax.faces.resource/primefaces.js?ln=primefaces&v=4.0 HTTP/1.1" 304 -
201.245.192.253 - - [26/Jan/2024:08:47:32 -0500] "GET /sipse/faces/javax.faces.resource/layout/layout.js?ln=primefaces&v=4.0 HTTP/1.1" 304 -
201.245.192.253 - - [26/Jan/2024:08:47:32 -0500] "POST /sipse/faces/presentacion/financiero/solicitudProceso/consultar.xhtml HTTP/1.1" 200 39707
201.245.192.253 - - [26/Jan/2024:08:47:32 -0500] "POST /sipse/faces/presentacion/financiero/solicitudProceso/consultar.xhtml HTTP/1.1" 200 39707
201.245.192.253 - - [26/Jan/2024:08:47:33 -0500] "POST /sipse/faces/presentacion/financiero/solicitudProceso/consultar.xhtml HTTP/1.1" 200 12841
201.245.192.253 - - [26/Jan/2024:08:47:34 -0500] "POST /sipse/faces/presentacion/financiero/solicitudProceso/consultar.xhtml HTTP/1.1" 200 152228
201.245.192.253 - - [26/Jan/2024:08:47:34 -0500] "GET /sipse/faces/javax.faces.resource/jquery/jquery.js?ln=primefaces&v=4.0 HTTP/1.1" 304 -
201.245.192.253 - - [26/Jan/2024:08:47:34 -0500] "GET /sipse/faces/javax.faces.resource/jquery/jquery-plugins.js?ln=primefaces&v=4.0 HTTP/1.1" 304 -
201.245.192.253 - - [26/Jan/2024:08:47:34 -0500] "GET /sipse/faces/javax.faces.resource/primefaces.js?ln=primefaces&v=4.0 HTTP/1.1" 304 -
201.245.192.253 - - [26/Jan/2024:08:47:35 -0500] "GET /sipse/faces/javax.faces.resource/layout/layout.js?ln=primefaces&v=4.0 HTTP/1.1" 304 -
156.59.198.136 - - [26/Jan/2024:08:47:36 -0500] "GET /BLA/resoluciones/RESOLUCIONES%202009/RESOLUCION%207727%20DE%202009.PDF HTTP/1.0" 200 19577
201.245.192.253 - - [26/Jan/2024:08:47:36 -0500] "POST /forms/lservlet;jsessionid=ac16012b30d67d396d69ba114f9ba73cc384f4f1f357.e3iSbxaKaheRe3qKcheMbNuKc41ynknvrkLOlQzNp65In0 HTTP/1.1" 200 191
201.245.192.253 - - [26/Jan/2024:08:47:37 -0500] "POST /forms/lservlet;jsessionid=ac16012b30d67d396d69ba114f9ba73cc384f4f1f357.e3iSbxaKaheRe3qKcheMbNuKc41ynknvrkLOlQzNp65In0 HTTP/1.1" 200 872
201.245.192.253 - - [26/Jan/2024:08:47:37 -0500] "POST /forms/lservlet;jsessionid=ac16012b30d67d396d69ba114f9ba73cc384f4f1f357.e3iSbxaKaheRe3qKcheMbNuKc41ynknvrkLOlQzNp65In0 HTTP/1.1" 200 10
201.245.192.253 - - [26/Jan/2024:08:47:37 -0500] "POST /sipse/faces/presentacion/financiero/solicitudProceso/consultarSolicitudProceso.xhtml HTTP/1.1" 200 42727
201.245.192.253 - - [26/Jan/2024:08:47:37 -0500] "GET /sipse/faces/javax.faces.resource/theme.css?ln=primefaces-sipse HTTP/1.1" 304 -
201.245.192.253 - - [26/Jan/2024:08:47:37 -0500] "GET /sipse/faces/javax.faces.resource/primefaces.css?ln=primefaces&v=4.0 HTTP/1.1" 304 -
201.245.192.253 - - [26/Jan/2024:08:47:37 -0500] "GET /sipse/faces/javax.faces.resource/jquery/jquery.js?ln=primefaces&v=4.0 HTTP/1.1" 304 -
201.245.192.253 - - [26/Jan/2024:08:47:37 -0500] "GET /sipse/faces/javax.faces.resource/layout/layout.css?ln=primefaces&v=4.0 HTTP/1.1" 304 -
201.245.192.253 - - [26/Jan/2024:08:47:37 -0500] "GET /sipse/faces/javax.faces.resource/layout/layout.js?ln=primefaces&v=4.0 HTTP/1.1" 304 -
201.245.192.253 - - [26/Jan/2024:08:47:37 -0500] "GET /sipse/faces/javax.faces.resource/jquery/jquery-plugins.js?ln=primefaces&v=4.0 HTTP/1.1" 304 -
201.245.192.253 - - [26/Jan/2024:08:47:37 -0500] "GET /sipse/faces/javax.faces.resource/primefaces.js?ln=primefaces&v=4.0 HTTP/1.1" 304 -
201.245.192.253 - - [26/Jan/2024:08:47:37 -0500] "GET /sipse/faces/javax.faces.resource/images/ui-icons_898989_256x240.png?ln=primefaces-aristo HTTP/1.1" 304 -
201.245.192.253 - - [26/Jan/2024:08:47:38 -0500] "POST /forms/lservlet;jsessionid=ac16012b30d67d396d69ba114f9ba73cc384f4f1f357.e3iSbxaKaheRe3qKcheMbNuKc41ynknvrkLOlQzNp65In0 HTTP/1.1" 200 13
201.245.192.253 - - [26/Jan/2024:08:47:39 -0500] "POST /forms/lservlet;jsessionid=ac16012b30d67d396d69ba114f9ba73cc384f4f1f357.e3iSbxaKaheRe3qKcheMbNuKc41ynknvrkLOlQzNp65In0 HTTP/1.1" 200 492
201.245.192.253 - - [26/Jan/2024:08:47:39 -0500] "POST /sipse/faces/presentacion/financiero/solicitudProceso/consultarHistorialSolProceso.xhtml HTTP/1.1" 200 198022
201.245.192.253 - - [26/Jan/2024:08:47:40 -0500] "GET /sipse/faces/javax.faces.resource/primefaces.css?ln=primefaces&v=4.0 HTTP/1.1" 304 -
201.245.192.253 - - [26/Jan/2024:08:47:40 -0500] "GET /sipse/faces/javax.faces.resource/theme.css?ln=primefaces-sipse HTTP/1.1" 304 -
201.245.192.253 - - [26/Jan/2024:08:47:40 -0500] "GET /sipse/faces/javax.faces.resource/layout/layout.css?ln=primefaces&v=4.0 HTTP/1.1" 304 -
201.245.192.253 - - [26/Jan/2024:08:47:40 -0500] "GET /sipse/faces/javax.faces.resource/jquery/jquery.js?ln=primefaces&v=4.0 HTTP/1.1" 304 -
201.245.192.253 - - [26/Jan/2024:08:47:40 -0500] "GET /sipse/faces/javax.faces.resource/jquery/jquery-plugins.js?ln=primefaces&v=4.0 HTTP/1.1" 304 -
201.245.192.253 - - [26/Jan/2024:08:47:40 -0500] "GET /sipse/faces/javax.faces.resource/primefaces.js?ln=primefaces&v=4.0 HTTP/1.1" 304 -
201.245.192.253 - - [26/Jan/2024:08:47:40 -0500] "GET /sipse/faces/javax.faces.resource/layout/layout.js?ln=primefaces&v=4.0 HTTP/1.1" 304 -
201.245.192.253 - - [26/Jan/2024:08:47:40 -0500] "GET /sipse/faces/javax.faces.resource/images/ui-icons_898989_256x240.png?ln=primefaces-aristo HTTP/1.1" 304 -
201.245.192.253 - - [26/Jan/2024:08:47:47 -0500] "POST /forms/lservlet;jsessionid=ac16012b30d67d396d69ba114f9ba73cc384f4f1f357.e3iSbxaKaheRe3qKcheMbNuKc41ynknvrkLOlQzNp65In0 HTTP/1.1" 200 21
201.245.192.253 - - [26/Jan/2024:08:47:49 -0500] "POST /forms/lservlet;jsessionid=ac16012b30d67d396d69ba114f9ba73cc384f4f1f357.e3iSbxaKaheRe3qKcheMbNuKc41ynknvrkLOlQzNp65In0 HTTP/1.1" 200 32
201.245.192.253 - - [26/Jan/2024:08:47:55 -0500] "POST /forms/lservlet;jsessionid=ac16012b30d67d396d69ba114f9ba73cc384f4f1f357.e3iSbxaKaheRe3qKcheMbNuKc41ynknvrkLOlQzNp65In0 HTTP/1.1" 200 495
216.245.221.92 - - [26/Jan/2024:08:47:56 -0500] "HEAD / HTTP/1.1" 200 -
156.59.198.136 - - [26/Jan/2024:08:48:01 -0500] "GET /BLA/resoluciones/RESOLUCIONES%202009/9497.pdf HTTP/1.0" 200 437813
201.245.192.253 - - [26/Jan/2024:08:48:13 -0500] "GET /sipse/faces/javax.faces.resource/images/ui-bg_flat_0_2d5972_40x100.png?ln=primefaces-aristo HTTP/1.1" 304 -
201.245.192.253 - - [26/Jan/2024:08:48:13 -0500] "POST /sipse/faces/presentacion/financiero/solicitudProceso/consultarSolicitudProceso.xhtml HTTP/1.1" 200 911
172.22.2.4 - - [26/Jan/2024:08:46:34 -0500] "HEAD /BLA/boletinlegal/ HTTP/1.1" 200 -
181.48.227.182 - - [26/Jan/2024:08:48:14 -0500] "GET /distrito-exalto-a-246-empresas-de-bogota-por-su-alto-desempeno-y-responsabilidad-ambiental-durante-2023.html HTTP/1.1" 200 1039
201.245.192.253 - - [26/Jan/2024:08:48:20 -0500] "POST /forms/lservlet;jsessionid=ac16012b30d67d396d69ba114f9ba73cc384f4f1f357.e3iSbxaKaheRe3qKcheMbNuKc41ynknvrkLOlQzNp65In0 HTTP/1.1" 200 21
201.245.192.253 - - [26/Jan/2024:08:48:22 -0500] "POST /forms/lservlet;jsessionid=ac16012b30d67d396d69ba114f9ba73cc384f4f1f357.e3iSbxaKaheRe3qKcheMbNuKc41ynknvrkLOlQzNp65In0 HTTP/1.1" 200 32
201.245.192.253 - - [26/Jan/2024:08:48:24 -0500] "POST /forms/lservlet;jsessionid=ac16012b30d67d396d69ba114f9ba73cc384f4f1f357.e3iSbxaKaheRe3qKcheMbNuKc41ynknvrkLOlQzNp65In0 HTTP/1.1" 200 731
156.59.198.136 - - [26/Jan/2024:08:48:26 -0500] "GET /BLA/resoluciones/RESOLUCIONES%202009/9294.pdf HTTP/1.0" 200 94879
201.245.192.253 - - [26/Jan/2024:08:48:26 -0500] "POST /forms/lservlet;jsessionid=ac16012b30d67d396d69ba114f9ba73cc384f4f1f357.e3iSbxaKaheRe3qKcheMbNuKc41ynknvrkLOlQzNp65In0 HTTP/1.1" 200 114
201.245.192.253 - - [26/Jan/2024:08:48:27 -0500] "POST /forms/lservlet;jsessionid=ac16012b30d67d396d69ba114f9ba73cc384f4f1f357.e3iSbxaKaheRe3qKcheMbNuKc41ynknvrkLOlQzNp65In0 HTTP/1.1" 200 1295
201.245.192.253 - - [26/Jan/2024:08:48:27 -0500] "POST /forms/lservlet;jsessionid=ac16012b30d67d396d69ba114f9ba73cc384f4f1f357.e3iSbxaKaheRe3qKcheMbNuKc41ynknvrkLOlQzNp65In0 HTTP/1.1" 200 10
201.245.192.253 - - [26/Jan/2024:08:48:27 -0500] "POST /forms/lservlet;jsessionid=ac16012b30d67d396d69ba114f9ba73cc384f4f1f357.e3iSbxaKaheRe3qKcheMbNuKc41ynknvrkLOlQzNp65In0 HTTP/1.1" 200 24
201.245.192.253 - - [26/Jan/2024:08:48:28 -0500] "POST /forms/lservlet;jsessionid=ac16012b30d6abe7b988884748809bddc352ae6e08d2.e3iSbxaKaheRe3qKcheMbNuKc41ynknvrkLOlQzNp65In0 HTTP/1.1" 200 2
201.245.192.253 - - [26/Jan/2024:08:48:28 -0500] "POST /forms/lservlet;jsessionid=ac16012b30d67d396d69ba114f9ba73cc384f4f1f357.e3iSbxaKaheRe3qKcheMbNuKc41ynknvrkLOlQzNp65In0 HTTP/1.1" 200 187
201.245.192.253 - - [26/Jan/2024:08:48:29 -0500] "POST /forms/lservlet;jsessionid=ac16012b30d67d396d69ba114f9ba73cc384f4f1f357.e3iSbxaKaheRe3qKcheMbNuKc41ynknvrkLOlQzNp65In0 HTTP/1.1" 200 32
201.245.192.253 - - [26/Jan/2024:08:48:30 -0500] "POST /forms/lservlet;jsessionid=ac16012b30d67d396d69ba114f9ba73cc384f4f1f357.e3iSbxaKaheRe3qKcheMbNuKc41ynknvrkLOlQzNp65In0 HTTP/1.1" 200 2087
201.245.192.253 - - [26/Jan/2024:08:48:32 -0500] "POST /forms/lservlet;jsessionid=ac16012b30d67d396d69ba114f9ba73cc384f4f1f357.e3iSbxaKaheRe3qKcheMbNuKc41ynknvrkLOlQzNp65In0 HTTP/1.1" 200 117
201.245.192.253 - - [26/Jan/2024:08:48:32 -0500] "POST /forms/lservlet;jsessionid=ac16012b30d67d396d69ba114f9ba73cc384f4f1f357.e3iSbxaKaheRe3qKcheMbNuKc41ynknvrkLOlQzNp65In0 HTTP/1.1" 200 2
201.245.192.253 - - [26/Jan/2024:08:48:32 -0500] "POST /forms/lservlet;jsessionid=ac16012b30d67d396d69ba114f9ba73cc384f4f1f357.e3iSbxaKaheRe3qKcheMbNuKc41ynknvrkLOlQzNp65In0 HTTP/1.1" 200 941
201.245.192.253 - - [26/Jan/2024:08:48:33 -0500] "POST /forms/lservlet;jsessionid=ac16012b30d67d396d69ba114f9ba73cc384f4f1f357.e3iSbxaKaheRe3qKcheMbNuKc41ynknvrkLOlQzNp65In0 HTTP/1.1" 200 19
201.245.192.253 - - [26/Jan/2024:08:48:33 -0500] "POST /forms/lservlet;jsessionid=ac16012b30d67d396d69ba114f9ba73cc384f4f1f357.e3iSbxaKaheRe3qKcheMbNuKc41ynknvrkLOlQzNp65In0 HTTP/1.1" 200 8
201.245.192.253 - - [26/Jan/2024:08:48:33 -0500] "POST /forms/lservlet;jsessionid=ac16012b30d67d396d69ba114f9ba73cc384f4f1f357.e3iSbxaKaheRe3qKcheMbNuKc41ynknvrkLOlQzNp65In0 HTTP/1.1" 200 2
190.70.192.175 - - [26/Jan/2024:08:48:35 -0500] "POST /sipse/faces/autenticacion.xhtml HTTP/1.1" 200 2220
190.70.192.175 - - [26/Jan/2024:08:48:35 -0500] "GET /sipse/faces/javax.faces.resource/messages/messages.png?ln=primefaces&v=4.0 HTTP/1.1" 304 -
190.70.192.175 - - [26/Jan/2024:08:48:36 -0500] "POST /sipse/faces/autenticacion.xhtml HTTP/1.1" 200 16353
190.70.192.175 - - [26/Jan/2024:08:48:36 -0500] "GET /sipse/css/custom_css_sg_prime.css HTTP/1.1" 304 -
190.70.192.175 - - [26/Jan/2024:08:48:36 -0500] "GET /sipse/js/jquery.min.js HTTP/1.1" 304 -
190.70.192.175 - - [26/Jan/2024:08:48:36 -0500] "GET /sipse/faces/javax.faces.resource/theme.css?ln=primefaces-sipse HTTP/1.1" 304 -
190.70.192.175 - - [26/Jan/2024:08:48:36 -0500] "GET /sipse/faces/javax.faces.resource/layout/layout.css?ln=primefaces&v=4.0 HTTP/1.1" 304 -
190.70.192.175 - - [26/Jan/2024:08:48:36 -0500] "GET /sipse/faces/javax.faces.resource/primefaces.css?ln=primefaces&v=4.0 HTTP/1.1" 304 -
190.70.192.175 - - [26/Jan/2024:08:48:36 -0500] "GET /sipse/faces/javax.faces.resource/jquery/jquery.js?ln=primefaces&v=4.0 HTTP/1.1" 304 -
190.70.192.175 - - [26/Jan/2024:08:48:36 -0500] "GET /sipse/faces/javax.faces.resource/jquery/jquery-plugins.js?ln=primefaces&v=4.0 HTTP/1.1" 304 -
190.70.192.175 - - [26/Jan/2024:08:48:36 -0500] "GET /sipse/faces/javax.faces.resource/primefaces.js?ln=primefaces&v=4.0 HTTP/1.1" 304 -
190.70.192.175 - - [26/Jan/2024:08:48:36 -0500] "GET /sipse/faces/javax.faces.resource/layout/layout.js?ln=primefaces&v=4.0 HTTP/1.1" 304 -
190.70.192.175 - - [26/Jan/2024:08:48:36 -0500] "GET /sipse/imagenes/cargando.gif HTTP/1.1" 304 -
190.70.192.175 - - [26/Jan/2024:08:48:36 -0500] "GET /sipse/css/v_mergente.css HTTP/1.1" 304 -
190.70.192.175 - - [26/Jan/2024:08:48:36 -0500] "GET /sipse/css/imagen/contrasena.png HTTP/1.1" 404 383
190.70.192.175 - - [26/Jan/2024:08:48:37 -0500] "GET /sipse/imagenes/logoAplicacion.jpg HTTP/1.1" 304 -
186.102.60.231 - - [26/Jan/2024:08:48:38 -0500] "GET /distrito-declara-alerta-zonal-por-deterioro-de-calidad-de-aire-y-toma-nuevas-decisiones-en-materia-de-movilidad.html?fbclid=IwAR2te4M4zhvE2xaxeDqdR3dSUACRep3GmIrUbcMwjVTHH1S1wbBybnmpXwQ HTTP/1.1" 200 860
190.70.192.175 - - [26/Jan/2024:08:48:39 -0500] "GET /sipse/faces/javax.faces.resource/images/ui-bg_flat_0_2d5972_40x100.png?ln=primefaces-aristo HTTP/1.1" 304 -
190.70.192.175 - - [26/Jan/2024:08:48:39 -0500] "POST /sipse/faces/bienvenido.xhtml HTTP/1.1" 200 2658
40.77.167.32 - - [26/Jan/2024:08:48:39 -0500] "GET /BLA/resoluciones/index.php HTTP/1.1" 200 14105
201.245.192.253 - - [26/Jan/2024:08:48:39 -0500] "POST /forms/lservlet;jsessionid=ac16012b30d67d396d69ba114f9ba73cc384f4f1f357.e3iSbxaKaheRe3qKcheMbNuKc41ynknvrkLOlQzNp65In0 HTTP/1.1" 200 1531
190.70.192.175 - - [26/Jan/2024:08:48:40 -0500] "POST /sipse/faces/bienvenido.xhtml HTTP/1.1" 200 65477
190.70.192.175 - - [26/Jan/2024:08:48:45 -0500] "GET /sipse/faces/javax.faces.resource/theme.css?ln=primefaces-sipse HTTP/1.1" 304 -
190.70.192.175 - - [26/Jan/2024:08:48:45 -0500] "GET /sipse/faces/javax.faces.resource/primefaces.css?ln=primefaces&v=4.0 HTTP/1.1" 304 -
190.70.192.175 - - [26/Jan/2024:08:48:45 -0500] "GET /sipse/faces/javax.faces.resource/layout/layout.css?ln=primefaces&v=4.0 HTTP/1.1" 304 -
190.70.192.175 - - [26/Jan/2024:08:48:45 -0500] "GET /sipse/faces/javax.faces.resource/jquery/jquery.js?ln=primefaces&v=4.0 HTTP/1.1" 304 -
190.70.192.175 - - [26/Jan/2024:08:48:45 -0500] "GET /sipse/faces/javax.faces.resource/jquery/jquery-plugins.js?ln=primefaces&v=4.0 HTTP/1.1" 304 -
190.70.192.175 - - [26/Jan/2024:08:48:45 -0500] "GET /sipse/faces/javax.faces.resource/primefaces.js?ln=primefaces&v=4.0 HTTP/1.1" 304 -
190.70.192.175 - - [26/Jan/2024:08:48:45 -0500] "GET /sipse/faces/javax.faces.resource/layout/layout.js?ln=primefaces&v=4.0 HTTP/1.1" 304 -
186.154.181.122 - - [26/Jan/2024:08:48:46 -0500] "POST /sipse/faces/presentacion/financiero/solicitudProceso/listarSolicitudProceso.xhtml HTTP/1.1" 200 156532
186.154.181.122 - - [26/Jan/2024:08:48:48 -0500] "GET /sipse/faces/javax.faces.resource/jquery/jquery.js?ln=primefaces&v=4.0 HTTP/1.1" 304 -
186.154.181.122 - - [26/Jan/2024:08:48:48 -0500] "GET /sipse/faces/javax.faces.resource/jquery/jquery-plugins.js?ln=primefaces&v=4.0 HTTP/1.1" 304 -
186.154.181.122 - - [26/Jan/2024:08:48:48 -0500] "GET /sipse/faces/javax.faces.resource/primefaces.js?ln=primefaces&v=4.0 HTTP/1.1" 304 -
186.154.181.122 - - [26/Jan/2024:08:48:48 -0500] "GET /sipse/faces/javax.faces.resource/layout/layout.js?ln=primefaces&v=4.0 HTTP/1.1" 304 -
190.70.192.175 - - [26/Jan/2024:08:48:45 -0500] "POST /sipse/faces/presentacion/financiero/solicitudProceso/listarSolicitudProceso.xhtml HTTP/1.1" 200 1556
201.245.192.253 - - [26/Jan/2024:08:48:49 -0500] "POST /forms/lservlet;jsessionid=ac16012b30d67d396d69ba114f9ba73cc384f4f1f357.e3iSbxaKaheRe3qKcheMbNuKc41ynknvrkLOlQzNp65In0 HTTP/1.1" 200 858
201.245.192.253 - - [26/Jan/2024:08:48:50 -0500] "POST /forms/lservlet;jsessionid=ac16012b30d67d396d69ba114f9ba73cc384f4f1f357.e3iSbxaKaheRe3qKcheMbNuKc41ynknvrkLOlQzNp65In0 HTTP/1.1" 200 929
201.245.192.253 - - [26/Jan/2024:08:48:50 -0500] "POST /forms/lservlet;jsessionid=ac16012b30d67d396d69ba114f9ba73cc384f4f1f357.e3iSbxaKaheRe3qKcheMbNuKc41ynknvrkLOlQzNp65In0 HTTP/1.1" 200 43
156.59.198.135 - - [26/Jan/2024:08:48:50 -0500] "GET /BLA/resoluciones/RESOLUCIONES%202009/9343.pdf HTTP/1.0" 200 494859
201.245.192.253 - - [26/Jan/2024:08:48:51 -0500] "POST /forms/lservlet;jsessionid=ac16012b30d67d396d69ba114f9ba73cc384f4f1f357.e3iSbxaKaheRe3qKcheMbNuKc41ynknvrkLOlQzNp65In0 HTTP/1.1" 200 18
201.245.192.253 - - [26/Jan/2024:08:48:51 -0500] "POST /forms/lservlet;jsessionid=ac16012b30d67d396d69ba114f9ba73cc384f4f1f357.e3iSbxaKaheRe3qKcheMbNuKc41ynknvrkLOlQzNp65In0 HTTP/1.1" 200 17
190.70.192.175 - - [26/Jan/2024:08:48:51 -0500] "POST /sipse/faces/presentacion/financiero/solicitudProceso/listarSolicitudProceso.xhtml HTTP/1.1" 200 19934
186.154.181.122 - - [26/Jan/2024:08:48:52 -0500] "POST /sipse/faces/presentacion/financiero/solicitudProceso/consultarSolicitudProceso.xhtml HTTP/1.1" 200 5574
40.77.167.57 - - [26/Jan/2024:08:48:57 -0500] "GET /BLA/resoluciones/dlf/styles.css HTTP/1.1" 200 3049
172.22.2.4 - - [26/Jan/2024:08:47:24 -0500] "GET /BLA/boletinlegal/ HTTP/1.1" 200 61050
201.245.192.253 - - [26/Jan/2024:08:49:05 -0500] "POST /forms/lservlet;jsessionid=ac16012b30d67d396d69ba114f9ba73cc384f4f1f357.e3iSbxaKaheRe3qKcheMbNuKc41ynknvrkLOlQzNp65In0 HTTP/1.1" 200 2
190.70.192.175 - - [26/Jan/2024:08:49:05 -0500] "POST /sipse/faces/presentacion/financiero/solicitudProceso/listarSolicitudProceso.xhtml HTTP/1.1" 200 46720
190.70.192.175 - - [26/Jan/2024:08:49:08 -0500] "POST /sipse/faces/presentacion/financiero/solicitudProceso/listarSolicitudProceso.xhtml HTTP/1.1" 200 19978
190.70.192.175 - - [26/Jan/2024:08:49:10 -0500] "POST /sipse/faces/presentacion/financiero/solicitudProceso/listarSolicitudProceso.xhtml HTTP/1.1" 200 137008
190.70.192.175 - - [26/Jan/2024:08:49:12 -0500] "GET /sipse/faces/javax.faces.resource/theme.css?ln=primefaces-sipse HTTP/1.1" 304 -
190.70.192.175 - - [26/Jan/2024:08:49:12 -0500] "GET /sipse/faces/javax.faces.resource/primefaces.css?ln=primefaces&v=4.0 HTTP/1.1" 304 -
190.70.192.175 - - [26/Jan/2024:08:49:12 -0500] "GET /sipse/faces/javax.faces.resource/jquery/jquery.js?ln=primefaces&v=4.0 HTTP/1.1" 304 -
190.70.192.175 - - [26/Jan/2024:08:49:12 -0500] "GET /sipse/faces/javax.faces.resource/jquery/jquery-plugins.js?ln=primefaces&v=4.0 HTTP/1.1" 304 -
190.70.192.175 - - [26/Jan/2024:08:49:12 -0500] "GET /sipse/faces/javax.faces.resource/primefaces.js?ln=primefaces&v=4.0 HTTP/1.1" 304 -
190.70.192.175 - - [26/Jan/2024:08:49:12 -0500] "GET /sipse/faces/javax.faces.resource/layout/layout.js?ln=primefaces&v=4.0 HTTP/1.1" 304 -
190.70.192.175 - - [26/Jan/2024:08:49:12 -0500] "GET /sipse/faces/javax.faces.resource/layout/layout.css?ln=primefaces&v=4.0 HTTP/1.1" 304 -
156.59.198.135 - - [26/Jan/2024:08:49:14 -0500] "GET /BLA/resoluciones/RESOLUCIONES%202009/9219.pdf HTTP/1.0" 200 511351
51.161.84.126 - - [26/Jan/2024:08:49:24 -0500] "GET /secretaria-de-ambiente-instalo-movil-en-la-quebrada-la-vieja-para-atender-a-la-fauna-silvestre.html HTTP/1.1" 200 1019
201.245.192.253 - - [26/Jan/2024:08:49:27 -0500] "POST /forms/lservlet;jsessionid=ac16012b30d67d396d69ba114f9ba73cc384f4f1f357.e3iSbxaKaheRe3qKcheMbNuKc41ynknvrkLOlQzNp65In0 HTTP/1.1" 200 13
201.245.192.253 - - [26/Jan/2024:08:49:27 -0500] "POST /forms/lservlet;jsessionid=ac16012b30d67d396d69ba114f9ba73cc384f4f1f357.e3iSbxaKaheRe3qKcheMbNuKc41ynknvrkLOlQzNp65In0 HTTP/1.1" 200 8
201.245.192.253 - - [26/Jan/2024:08:49:27 -0500] "POST /forms/lservlet;jsessionid=ac16012b30d67d396d69ba114f9ba73cc384f4f1f357.e3iSbxaKaheRe3qKcheMbNuKc41ynknvrkLOlQzNp65In0 HTTP/1.1" 200 2
201.245.192.253 - - [26/Jan/2024:08:49:29 -0500] "POST /forms/lservlet;jsessionid=ac16012b30d67d396d69ba114f9ba73cc384f4f1f357.e3iSbxaKaheRe3qKcheMbNuKc41ynknvrkLOlQzNp65In0 HTTP/1.1" 200 960
201.245.192.253 - - [26/Jan/2024:08:49:29 -0500] "POST /forms/lservlet;jsessionid=ac16012b30d67d396d69ba114f9ba73cc384f4f1f357.e3iSbxaKaheRe3qKcheMbNuKc41ynknvrkLOlQzNp65In0 HTTP/1.1" 200 10
201.245.192.253 - - [26/Jan/2024:08:49:30 -0500] "POST /forms/lservlet;jsessionid=ac16012b30d67d396d69ba114f9ba73cc384f4f1f357.e3iSbxaKaheRe3qKcheMbNuKc41ynknvrkLOlQzNp65In0 HTTP/1.1" 200 24
201.245.192.253 - - [26/Jan/2024:08:49:31 -0500] "POST /forms/lservlet;jsessionid=ac16012b30d67d396d69ba114f9ba73cc384f4f1f357.e3iSbxaKaheRe3qKcheMbNuKc41ynknvrkLOlQzNp65In0 HTTP/1.1" 200 1200
186.102.56.157 - - [26/Jan/2024:08:49:35 -0500] "GET /kwssiamovil/sm/ldap/au?x=U2FsdGVkX180PyrP8AZ+IERlN2jTRARlDFT0u+A6x7/u/C3yxR1tZ/a1gbFNQ9Cj&y=U2FsdGVkX1/2hnJ6JPbDok5ACtxjpQlOujdqhz8rG9nwMcZfbqrbNFCH7Jy6TwPk HTTP/1.1" 200 31
186.102.56.157 - - [26/Jan/2024:08:49:38 -0500] "GET /kwssiamovil/sm/ldap/au?x=U2FsdGVkX19gcw/IcIJ8RfGA8kFVYQUWwo90b45gx9xBphISmmDbuJIgZAv7ZEH1&y=U2FsdGVkX194ltJPrWy1qnJhjruQqmc1WPUNu0H0A3e7bq9rQLZHTopdtDUZCEc/ HTTP/1.1" 200 31
181.61.157.160 - - [26/Jan/2024:08:49:39 -0500] "GET /sipse/faces/javax.faces.resource/images/ui-bg_flat_0_2d5972_40x100.png?ln=primefaces-aristo HTTP/1.1" 304 -
181.61.157.160 - - [26/Jan/2024:08:49:39 -0500] "POST /sipse/faces/presentacion/sistema/reporte/ventanaVerReporteParametros.xhtml HTTP/1.1" 200 33042
181.61.157.160 - - [26/Jan/2024:08:49:39 -0500] "GET /sipse/faces/javax.faces.resource/jquery/jquery.js?ln=primefaces&v=4.0 HTTP/1.1" 304 -
181.61.157.160 - - [26/Jan/2024:08:49:39 -0500] "GET /sipse/faces/javax.faces.resource/jquery/jquery-plugins.js?ln=primefaces&v=4.0 HTTP/1.1" 304 -
181.61.157.160 - - [26/Jan/2024:08:49:39 -0500] "GET /sipse/faces/javax.faces.resource/primefaces.js?ln=primefaces&v=4.0 HTTP/1.1" 304 -
181.61.157.160 - - [26/Jan/2024:08:49:40 -0500] "GET /sipse/faces/javax.faces.resource/layout/layout.js?ln=primefaces&v=4.0 HTTP/1.1" 304 -
156.59.198.136 - - [26/Jan/2024:08:49:40 -0500] "GET /BLA/resoluciones/RESOLUCIONES%202009/9277.pdf HTTP/1.0" 200 512818
186.102.56.157 - - [26/Jan/2024:08:49:42 -0500] "GET /kwssiamovil/sm/ldap/au?x=U2FsdGVkX19kxofL67W+RsPyhbng/3YYPAlDwYGVjAkD0VDeOq0r2NucIHlJ4zF2&y=U2FsdGVkX1/fvXkS6iy35j7DOdwVUrYpl131EsPr5va4Go3XWRtk9eLj9vAme8kq HTTP/1.1" 200 30
190.60.36.2 - - [26/Jan/2024:08:49:42 -0500] "GET /sipse/faces/index.xhtml HTTP/1.1" 200 677
190.60.36.2 - - [26/Jan/2024:08:49:42 -0500] "GET /sipse/faces/javax.faces.resource/theme.css?ln=primefaces-sipse HTTP/1.1" 304 -
186.102.56.157 - - [26/Jan/2024:08:49:42 -0500] "GET /kwssiamovil/sm/acme/s?s=U2FsdGVkX197g6leyJpWnAtv0CDDHx+XP3coaB0wkwez0zZCpwtZ/DQ0BxU+fFUArj/wuURg/v76rC0ooL5prU2KvxHiIJHEfMRdRrWVMiw=&u=U2FsdGVkX186NNWF9V2YnKVrTI/ASDz92BnRFdalU0Q=&y=U2FsdGVkX1/fvXkS6iy35j7DOdwVUrYpl131EsPr5va4Go3XWRtk9eLj9vAme8kq HTTP/1.1" 200 97
186.102.56.157 - - [26/Jan/2024:08:49:42 -0500] "GET /kwssiamovil/sm/acme/s?s=U2FsdGVkX1/xYSZZeFRAv46j3WJ+/TUGKfvvTA8CauQoS+mY548vYtTscBQZbChyR3hJvJZ0LNA51aUqc4sKtyeeT/1UkLCG6w/NfijrJRY8iXmn4gNu0R5/btB8sF5VrolifzgBP0qHLEvaUtILg7FCVDzD1RmK9VsU7nBq+C/lUzpCF+4nc+zLluN6o/Z9Hl982U1LVZWEdfQ4mSo0AIcDCMobXIuDyv3OBB80vcbBw4K8dCy61nl0dqi1iXfWza1mrsOwtjjtTJafbAqZRqonJAW/OUBaRC/r7h+ufr5kORaNsYbWNKlAIeU2ECR0NW6Hi6vNw92wNWVKJKHVgM7P8xq79OYBI4NOxgmjJNTuaKvmVcLBa4zxlsox0Z/EVfjNWM3ZGHb95gfTWpvmqg3jOlhXv0UkMp6/i1squAjbFIg+0xTe73XtkcqhSK1OA6p17r0IYFmuC6GIUz0x1AnGRp15CK8MGFUz2N3lR5tK9r0D50h0kuQt9iKR+DLj83xEaOIJkJnK2AFauV1LjzafoSEChMg6DN01adFta4tw6neg2r6/Zb3s6sBMeHubNxqWn66VvOqgnmHWUZ0Vf/ZdNlfrr+yC0PC3VK7OLjGF9ogDA2dZzl9sj37f2M+fsOuZN2q/JkmOElDaTLcQqPkojarDPhPWpQaG75faT842xUnJ4SMDRklU4pAC95JR/rSvLvHAJ+75qvn/SZzk3RdROFpQKOYJcLQ3c0NfugAsHNdsVwTmEcw3nIgFsnHpl25G4Ks7+/fC0y26Q+GCSaHHjQC5MzMdBf7OwunBn20C0q9eMyjhN/mK8kt97ee/v7Ba7pYDyqv8FSs+YihR8FGcysu7rcsXau6gHclWwbh+AYCyRn1HkQI3rBKFFyxx6Q13xnaQAP1kDpiUOLu1gcTGuoWBec2/5FSt2wmunm35BoKJqfBZazxkA6ev3wDZ/ChVpW34KkkyhEdhF4JD/M/Z0BpPUMJ9hv7oEeSyjED+yJY2i+Ie+T+z9pYgfPdlUMENM5xHUiDRgKAVmupRU2mGUvnK1ayLLAq+0rsALOzmrft8HdZuzH5J6neQcZfH3iZ/H2dCl2xJcA2MaV6m575JqvblL8Hs3T0eF4Wy5MV8+gQFVOpaTbMc3AsJNgJlyrvT+5UB9Vyxf6XCgfJpTU245Ys2VBk9ePKko/kRxO3ti0FB9VdARQ46HFXG8/IpGoCw9eoDAn2dHQd6RdfoP1FNS1mOdGBdp7vlq3fT6fZ46ZrKVRV+piI/xEtxccwlQQKW1XoMS2iUx/6e8EKtHTHS22kDQnabo1B80UhrJUCgp9Poly5lcT+GSMl8mzXJPKIx0I+3H8AMHTgEDwM0ANAiInDpCzVC6sdTeWBhsckMUp4SaZOokEkTRLKcKhC8KAMQfkwjRuPJCJZgp1AoVPlqRQyzbDI98QwgpGnyLnLJvLpwmNjAWt1BD+Ltyfa0Of9qT/KIG664Q3i9aEopDQE/VmgRZCQAA7kgM20GZjtA8ZZSLJGWAJkTWCNeM8KRGFXR7R4mMyugVnU/a69v7v8VBM6kIsDN33utWssi7I2w9uufWW+r1i4y+HAmjaeTnYZIQQYor8bL2W3KjStdYM+yM64xgD8o6Altna9f7/JGFaTiFeKiVcowLkhBfrcB4yTvm4mTEhp6UqF70ESbPsSNwWdrlzQPTVeYCoMiJv/+dHu8y9uYYl3QcPhfpKYXU0cHPje0ISo60m4092QA5m5UR2pxzynZ8affnJxBp5U=&u=U2FsdGVkX186NNWF9V2YnKVrTI/ASDz92BnRFdalU0Q=&y=U2FsdGVkX1/fvXkS6iy35j7DOdwVUrYpl131EsPr5va4Go3XWRtk9eLj9vAme8kq HTTP/1.1" 200 2034
181.61.157.160 - - [26/Jan/2024:08:49:42 -0500] "POST /sipse/faces/presentacion/sistema/reporte/listarReportes.xhtml HTTP/1.1" 200 21670
190.60.36.2 - - [26/Jan/2024:08:49:42 -0500] "GET /sipse/faces/faces/autenticacion.xhtml HTTP/1.1" 200 12403
186.102.56.157 - - [26/Jan/2024:08:49:43 -0500] "GET /kwssiamovil/sm/acme/s?s=U2FsdGVkX1+ykY7XsmvEin1WHhomxpixHjeP1pitDsOTuTDWmHOLopVNmP2taV0obibqlX+l2ZqHyQ7Z1IDF/ZBPnpIDMjtSyiGh6MH4S80ZwkofUWJfgY6RRXQjtCZJC3gZ6g25CouKy1A8EY4mSNEo/KAvLXUbvdEYYtP4fh9+/Vs1AWT8//hGFoucQNZH+iryJ4RzGJGt0TvY+Ce2mOfdrRckltwxt297++a2arSdmva1P0C6aOu4nk8eD40yRW4dhTkwvkJ7fXiEA5f1CVF1/+vMZdVDxeYw4svBL9GInQrs5jQAqZ8Ep8xf2eEfkccxGQnrTz2i23nOGBYY5IVQvp9GjlXePoXbpL8npE1rcCudSdqfsbkilal28aJTOpCAouJwZLs14h7nE1pLLKFPf5KV97ieJyMPrpTCLps+TQlCmYz2oRU+/lU2GiD0f7LE5YKfbjkPBMF5QxE2r0QoQgI5jhSsPBT1q4Mj7BG2NpYrflc7xhH35QqC2OhmsJ2Dqv50lTL5gptBd+JV+YNHEo7oN6C5SemEkxi1pHqHacfXvpmsnaRGmQWnoi173v3lUl7AZUxuFrcHnB6/IZ2SuBnd/Hk3IMZoqx9T/bVydlD9zs0t1P4Jk8ANsHEwSTjglSUOHOLWG36xZhNMNm1pep28iMqBBSo7yhdukJzbR97Tcg1EfSwue2GFlNlr/Uwex/NLx9EAlunfhJXoRELswiwh61scyRDy992tMtB0fiRUXA7iFLnYsQqUYkMm&u=U2FsdGVkX186NNWF9V2YnKVrTI/ASDz92BnRFdalU0Q=&y=U2FsdGVkX1/fvXkS6iy35j7DOdwVUrYpl131EsPr5va4Go3XWRtk9eLj9vAme8kq HTTP/1.1" 200 208
190.60.36.2 - - [26/Jan/2024:08:49:43 -0500] "GET /sipse/js/disable_browser_buttons.js HTTP/1.1" 304 -
190.60.36.2 - - [26/Jan/2024:08:49:43 -0500] "GET /sipse/css/custom_css_sg_prime_login.css HTTP/1.1" 200 443
190.60.36.2 - - [26/Jan/2024:08:49:43 -0500] "GET /sipse/css/custom_css_sg.css HTTP/1.1" 304 -
190.60.36.2 - - [26/Jan/2024:08:49:43 -0500] "GET /sipse/faces/javax.faces.resource/primefaces.css?ln=primefaces&v=4.0 HTTP/1.1" 304 -
190.60.36.2 - - [26/Jan/2024:08:49:43 -0500] "GET /sipse/faces/javax.faces.resource/theme.css?ln=primefaces-sipse HTTP/1.1" 304 -
190.60.36.2 - - [26/Jan/2024:08:49:43 -0500] "GET /sipse/js/funciones.js HTTP/1.1" 304 -
190.60.36.2 - - [26/Jan/2024:08:49:43 -0500] "GET /sipse/faces/javax.faces.resource/layout/layout.css?ln=primefaces&v=4.0 HTTP/1.1" 304 -
190.60.36.2 - - [26/Jan/2024:08:49:43 -0500] "GET /sipse/faces/javax.faces.resource/jquery/jquery-plugins.js?ln=primefaces&v=4.0 HTTP/1.1" 304 -
190.60.36.2 - - [26/Jan/2024:08:49:43 -0500] "GET /sipse/faces/javax.faces.resource/jquery/jquery.js?ln=primefaces&v=4.0 HTTP/1.1" 304 -
190.60.36.2 - - [26/Jan/2024:08:49:43 -0500] "GET /sipse/faces/javax.faces.resource/layout/layout.js?ln=primefaces&v=4.0 HTTP/1.1" 304 -
190.60.36.2 - - [26/Jan/2024:08:49:43 -0500] "GET /sipse/faces/javax.faces.resource/primefaces.js?ln=primefaces&v=4.0 HTTP/1.1" 304 -
190.60.36.2 - - [26/Jan/2024:08:49:43 -0500] "GET /sipse/faces/javax.faces.resource/images/ui-icons_898989_256x240.png?ln=primefaces-aristo HTTP/1.1" 200 5355
190.60.36.2 - - [26/Jan/2024:08:49:43 -0500] "GET /sipse/css/imagen/logoSDG.png HTTP/1.1" 200 53064
190.60.36.2 - - [26/Jan/2024:08:49:43 -0500] "GET /sipse/css/imagen/loginimg.png HTTP/1.1" 200 71635
186.102.56.157 - - [26/Jan/2024:08:49:43 -0500] "GET /kwssiamovil/sm/cjson/pre?f=1&x=U2FsdGVkX19kxofL67W+RsPyhbng/3YYPAlDwYGVjAkD0VDeOq0r2NucIHlJ4zF2 HTTP/1.1" 200 31032
181.61.157.160 - - [26/Jan/2024:08:49:44 -0500] "GET /sipse/faces/javax.faces.resource/theme.css?ln=primefaces-sipse HTTP/1.1" 304 -
181.61.157.160 - - [26/Jan/2024:08:49:44 -0500] "GET /sipse/faces/javax.faces.resource/primefaces.css?ln=primefaces&v=4.0 HTTP/1.1" 304 -
181.61.157.160 - - [26/Jan/2024:08:49:44 -0500] "GET /sipse/faces/javax.faces.resource/layout/layout.css?ln=primefaces&v=4.0 HTTP/1.1" 304 -
181.61.157.160 - - [26/Jan/2024:08:49:44 -0500] "GET /sipse/faces/javax.faces.resource/jquery/jquery.js?ln=primefaces&v=4.0 HTTP/1.1" 304 -
181.61.157.160 - - [26/Jan/2024:08:49:44 -0500] "GET /sipse/faces/javax.faces.resource/jquery/jquery-plugins.js?ln=primefaces&v=4.0 HTTP/1.1" 304 -
181.61.157.160 - - [26/Jan/2024:08:49:44 -0500] "GET /sipse/faces/javax.faces.resource/primefaces.js?ln=primefaces&v=4.0 HTTP/1.1" 304 -
181.61.157.160 - - [26/Jan/2024:08:49:44 -0500] "GET /sipse/faces/javax.faces.resource/layout/layout.js?ln=primefaces&v=4.0 HTTP/1.1" 304 -
181.61.157.160 - - [26/Jan/2024:08:49:44 -0500] "GET /sipse/faces/javax.faces.resource/images/ui-icons_898989_256x240.png?ln=primefaces-aristo HTTP/1.1" 304 -
190.60.36.2 - - [26/Jan/2024:08:49:45 -0500] "POST /sipse/faces/autenticacion.xhtml HTTP/1.1" 200 11365
190.60.36.2 - - [26/Jan/2024:08:49:45 -0500] "GET /sipse/faces/javax.faces.resource/layout/layout.css?ln=primefaces&v=4.0 HTTP/1.1" 304 -
190.60.36.2 - - [26/Jan/2024:08:49:45 -0500] "GET /sipse/faces/javax.faces.resource/theme.css?ln=primefaces-sipse HTTP/1.1" 304 -
190.60.36.2 - - [26/Jan/2024:08:49:45 -0500] "GET /sipse/faces/javax.faces.resource/primefaces.css?ln=primefaces&v=4.0 HTTP/1.1" 304 -
190.60.36.2 - - [26/Jan/2024:08:49:45 -0500] "GET /sipse/css/custom_css_sg_prime.css HTTP/1.1" 304 -
190.60.36.2 - - [26/Jan/2024:08:49:48 -0500] "GET /sipse/faces/javax.faces.resource/jquery/jquery.js?ln=primefaces&v=4.0 HTTP/1.1" 304 -
190.60.36.2 - - [26/Jan/2024:08:49:48 -0500] "GET /sipse/faces/javax.faces.resource/jquery/jquery-plugins.js?ln=primefaces&v=4.0 HTTP/1.1" 304 -
190.60.36.2 - - [26/Jan/2024:08:49:48 -0500] "GET /sipse/faces/javax.faces.resource/primefaces.js?ln=primefaces&v=4.0 HTTP/1.1" 304 -
190.60.36.2 - - [26/Jan/2024:08:49:48 -0500] "GET /sipse/faces/javax.faces.resource/layout/layout.js?ln=primefaces&v=4.0 HTTP/1.1" 304 -
190.60.36.2 - - [26/Jan/2024:08:49:48 -0500] "GET /sipse/faces/javax.faces.resource/messages/messages.png?ln=primefaces&v=4.0 HTTP/1.1" 304 -
190.60.36.2 - - [26/Jan/2024:08:49:58 -0500] "POST /sipse/faces/presentacion/sistema/seguridad/seleccionRol.xhtml HTTP/1.1" 200 5801
190.60.36.2 - - [26/Jan/2024:08:49:59 -0500] "POST /sipse/faces/presentacion/sistema/seguridad/seleccionRol.xhtml HTTP/1.1" 200 16341
190.60.36.2 - - [26/Jan/2024:08:49:59 -0500] "GET /sipse/faces/javax.faces.resource/primefaces.css?ln=primefaces&v=4.0 HTTP/1.1" 304 -
190.60.36.2 - - [26/Jan/2024:08:49:59 -0500] "GET /sipse/faces/javax.faces.resource/theme.css?ln=primefaces-sipse HTTP/1.1" 304 -
190.60.36.2 - - [26/Jan/2024:08:49:59 -0500] "GET /sipse/faces/javax.faces.resource/layout/layout.css?ln=primefaces&v=4.0 HTTP/1.1" 304 -
190.60.36.2 - - [26/Jan/2024:08:49:59 -0500] "GET /sipse/js/jquery.min.js HTTP/1.1" 304 -
190.60.36.2 - - [26/Jan/2024:08:49:59 -0500] "GET /sipse/faces/javax.faces.resource/jquery/jquery.js?ln=primefaces&v=4.0 HTTP/1.1" 304 -
190.60.36.2 - - [26/Jan/2024:08:49:59 -0500] "GET /sipse/faces/javax.faces.resource/jquery/jquery-plugins.js?ln=primefaces&v=4.0 HTTP/1.1" 304 -
190.60.36.2 - - [26/Jan/2024:08:49:59 -0500] "GET /sipse/faces/javax.faces.resource/primefaces.js?ln=primefaces&v=4.0 HTTP/1.1" 304 -
190.60.36.2 - - [26/Jan/2024:08:49:59 -0500] "GET /sipse/faces/javax.faces.resource/layout/layout.js?ln=primefaces&v=4.0 HTTP/1.1" 304 -
190.60.36.2 - - [26/Jan/2024:08:49:59 -0500] "GET /sipse/css/v_mergente.css HTTP/1.1" 200 1505
190.60.36.2 - - [26/Jan/2024:08:49:59 -0500] "GET /sipse/imagenes/cargando.gif HTTP/1.1" 200 36959
190.60.36.2 - - [26/Jan/2024:08:49:59 -0500] "GET /sipse/imagenes/logoAplicacion.jpg HTTP/1.1" 200 155084
190.60.36.2 - - [26/Jan/2024:08:49:59 -0500] "GET /sipse/css/imagen/contrasena.png HTTP/1.1" 404 383
190.60.36.2 - - [26/Jan/2024:08:50:03 -0500] "GET /sipse/faces/javax.faces.resource/images/ui-bg_flat_0_2d5972_40x100.png?ln=primefaces-aristo HTTP/1.1" 304 -
190.60.36.2 - - [26/Jan/2024:08:50:03 -0500] "POST /sipse/faces/bienvenido.xhtml HTTP/1.1" 200 1471
156.59.198.135 - - [26/Jan/2024:08:50:04 -0500] "GET /BLA/resoluciones/RESOLUCIONES%202009/9809.pdf HTTP/1.0" 200 336326
190.60.36.2 - - [26/Jan/2024:08:50:05 -0500] "POST /sipse/faces/bienvenido.xhtml HTTP/1.1" 200 63248
190.60.36.2 - - [26/Jan/2024:08:50:06 -0500] "GET /sipse/faces/javax.faces.resource/primefaces.css?ln=primefaces&v=4.0 HTTP/1.1" 304 -
190.60.36.2 - - [26/Jan/2024:08:50:06 -0500] "GET /sipse/faces/javax.faces.resource/theme.css?ln=primefaces-sipse HTTP/1.1" 304 -
190.60.36.2 - - [26/Jan/2024:08:50:06 -0500] "GET /sipse/faces/javax.faces.resource/layout/layout.css?ln=primefaces&v=4.0 HTTP/1.1" 304 -
190.60.36.2 - - [26/Jan/2024:08:50:06 -0500] "GET /sipse/faces/javax.faces.resource/jquery/jquery.js?ln=primefaces&v=4.0 HTTP/1.1" 304 -
190.60.36.2 - - [26/Jan/2024:08:50:06 -0500] "GET /sipse/faces/javax.faces.resource/jquery/jquery-plugins.js?ln=primefaces&v=4.0 HTTP/1.1" 304 -
190.60.36.2 - - [26/Jan/2024:08:50:06 -0500] "GET /sipse/faces/javax.faces.resource/primefaces.js?ln=primefaces&v=4.0 HTTP/1.1" 304 -
190.60.36.2 - - [26/Jan/2024:08:50:06 -0500] "GET /sipse/faces/javax.faces.resource/layout/layout.js?ln=primefaces&v=4.0 HTTP/1.1" 304 -
190.60.36.2 - - [26/Jan/2024:08:50:06 -0500] "POST /sipse/faces/presentacion/financiero/solicitudProceso/listarSolicitudProceso.xhtml HTTP/1.1" 200 1556
190.60.36.2 - - [26/Jan/2024:08:50:08 -0500] "POST /sipse/faces/presentacion/financiero/solicitudProceso/listarSolicitudProceso.xhtml HTTP/1.1" 200 31926
190.60.36.2 - - [26/Jan/2024:08:50:10 -0500] "POST /sipse/faces/presentacion/financiero/solicitudProceso/listarSolicitudProceso.xhtml HTTP/1.1" 200 32954
190.60.36.2 - - [26/Jan/2024:08:50:12 -0500] "POST /sipse/faces/presentacion/financiero/solicitudProceso/listarSolicitudProceso.xhtml HTTP/1.1" 200 31844
156.59.198.135 - - [26/Jan/2024:08:50:28 -0500] "GET /BLA/resoluciones/RESOLUCIONES%202009/9550.pdf HTTP/1.0" 200 490487
201.245.192.253 - - [26/Jan/2024:08:50:28 -0500] "POST /forms/lservlet;jsessionid=ac16012b30d6abe7b988884748809bddc352ae6e08d2.e3iSbxaKaheRe3qKcheMbNuKc41ynknvrkLOlQzNp65In0 HTTP/1.1" 200 2
156.59.198.136 - - [26/Jan/2024:08:50:53 -0500] "GET /BLA/resoluciones/RESOLUCIONES%202009/9287.pdf HTTP/1.0" 200 1863732
201.245.192.253 - - [26/Jan/2024:08:51:01 -0500] "POST /kwsrmcab/Wsrmcab  HTTP/1.1" 200 37857
