186.154.181.122 - - [26/Jan/2024:08:20:13 -0500] "GET /sipse/faces/javax.faces.resource/images/ui-icons_898989_256x240.png?ln=primefaces-aristo HTTP/1.1" 304 -
156.59.198.135 - - [26/Jan/2024:08:20:14 -0500] "GET /BLA/resoluciones/RESOLUCIONES%202009/6895.pdf HTTP/1.0" 200 329829
144.217.70.87 - - [26/Jan/2024:08:20:15 -0500] "GET /secretaria-de-ambiente-instalo-movil-en-la-quebrada-la-vieja-para-atender-a-la-fauna-silvestre.html HTTP/1.1" 200 1019
186.154.181.122 - - [26/Jan/2024:08:20:24 -0500] "POST /sipse/faces/presentacion/sistema/anexos/cargarAnexoSolicitudProceso.xhtml HTTP/1.1" 200 189315
186.154.181.122 - - [26/Jan/2024:08:20:24 -0500] "GET /sipse/faces/javax.faces.resource/theme.css?ln=primefaces-sipse HTTP/1.1" 304 -
186.154.181.122 - - [26/Jan/2024:08:20:24 -0500] "GET /sipse/faces/javax.faces.resource/primefaces.css?ln=primefaces&v=4.0 HTTP/1.1" 304 -
186.154.181.122 - - [26/Jan/2024:08:20:24 -0500] "GET /sipse/faces/javax.faces.resource/jquery/jquery.js?ln=primefaces&v=4.0 HTTP/1.1" 304 -
186.154.181.122 - - [26/Jan/2024:08:20:24 -0500] "GET /sipse/faces/javax.faces.resource/layout/layout.css?ln=primefaces&v=4.0 HTTP/1.1" 304 -
186.154.181.122 - - [26/Jan/2024:08:20:24 -0500] "GET /sipse/faces/javax.faces.resource/jquery/jquery-plugins.js?ln=primefaces&v=4.0 HTTP/1.1" 304 -
186.154.181.122 - - [26/Jan/2024:08:20:25 -0500] "GET /sipse/faces/javax.faces.resource/primefaces.js?ln=primefaces&v=4.0 HTTP/1.1" 304 -
186.154.181.122 - - [26/Jan/2024:08:20:25 -0500] "GET /sipse/faces/javax.faces.resource/layout/layout.js?ln=primefaces&v=4.0 HTTP/1.1" 304 -
186.154.181.122 - - [26/Jan/2024:08:20:25 -0500] "GET /sipse/faces/javax.faces.resource/images/ui-icons_898989_256x240.png?ln=primefaces-aristo HTTP/1.1" 304 -
181.61.157.160 - - [26/Jan/2024:08:20:24 -0500] "POST /sipse/faces/presentacion/financiero/solicitudProceso/consultarSolicitudProceso.xhtml HTTP/1.1" 200 1377864
186.154.181.122 - - [26/Jan/2024:08:20:25 -0500] "GET /sipse/faces/javax.faces.resource/dynamiccontent.properties?ln=primefaces&pfdrid=XjOR5%2F%2FfPAZAuY9TpWQeCiM0BhlXxYRBGKi%2FQcXXfeA%3D&pfdrid_c=false HTTP/1.1" 500 383
181.61.157.160 - - [26/Jan/2024:08:20:25 -0500] "POST /sipse/faces/presentacion/financiero/solicitudProceso/consultarSolicitudProceso.xhtml HTTP/1.1" 200 2075078
181.61.157.160 - - [26/Jan/2024:08:20:27 -0500] "POST /sipse/faces/presentacion/financiero/solicitudProceso/consultarSolicitudProceso.xhtml HTTP/1.1" 200 1521433
201.245.192.253 - - [26/Jan/2024:08:20:28 -0500] "POST /forms/lservlet;jsessionid=ac16012b30d6abe7b988884748809bddc352ae6e08d2.e3iSbxaKaheRe3qKcheMbNuKc41ynknvrkLOlQzNp65In0 HTTP/1.1" 200 2
181.61.157.160 - - [26/Jan/2024:08:20:28 -0500] "POST /sipse/faces/presentacion/financiero/solicitudProceso/consultarSolicitudProceso.xhtml HTTP/1.1" 200 1377821
181.61.157.160 - - [26/Jan/2024:08:20:29 -0500] "POST /sipse/faces/presentacion/financiero/solicitudProceso/consultarSolicitudProceso.xhtml HTTP/1.1" 200 7356728
181.61.157.160 - - [26/Jan/2024:08:20:31 -0500] "POST /sipse/faces/presentacion/financiero/solicitudProceso/consultarSolicitudProceso.xhtml HTTP/1.1" 200 3385855
186.154.181.122 - - [26/Jan/2024:08:20:32 -0500] "GET /sipse/faces/javax.faces.resource/images/ui-bg_flat_0_2d5972_40x100.png?ln=primefaces-aristo HTTP/1.1" 304 -
186.154.181.122 - - [26/Jan/2024:08:20:32 -0500] "POST /sipse/faces/presentacion/financiero/solicitudProceso/consultarSolicitudProceso.xhtml HTTP/1.1" 200 6206
186.154.181.122 - - [26/Jan/2024:08:20:33 -0500] "GET /sipse/faces/javax.faces.resource/messages/messages.png?ln=primefaces&v=4.0 HTTP/1.1" 200 27209
181.61.157.160 - - [26/Jan/2024:08:20:33 -0500] "POST /sipse/faces/presentacion/financiero/solicitudProceso/consultarSolicitudProceso.xhtml HTTP/1.1" 200 2204523
181.61.157.160 - - [26/Jan/2024:08:20:36 -0500] "POST /sipse/faces/presentacion/financiero/solicitudProceso/consultarSolicitudProceso.xhtml HTTP/1.1" 200 293074
156.59.198.135 - - [26/Jan/2024:08:20:38 -0500] "GET /BLA/resoluciones/RESOLUCIONES%202009/9711.pdf HTTP/1.0" 200 321622
181.61.157.160 - - [26/Jan/2024:08:20:38 -0500] "POST /sipse/faces/presentacion/financiero/solicitudProceso/consultarSolicitudProceso.xhtml HTTP/1.1" 200 80458
186.154.181.122 - - [26/Jan/2024:08:20:47 -0500] "POST /sipse/faces/presentacion/financiero/solicitudProceso/consultarSolicitudProceso.xhtml HTTP/1.1" 200 6206
186.84.21.136 - - [26/Jan/2024:08:20:50 -0500] "GET /sipse/faces/javax.faces.resource/theme.css?ln=primefaces-sipse HTTP/1.1" 304 -
186.84.21.136 - - [26/Jan/2024:08:20:50 -0500] "GET /sipse/faces/javax.faces.resource/primefaces.css?ln=primefaces&v=4.0 HTTP/1.1" 304 -
186.84.21.136 - - [26/Jan/2024:08:20:50 -0500] "GET /sipse/faces/javax.faces.resource/layout/layout.css?ln=primefaces&v=4.0 HTTP/1.1" 304 -
186.84.21.136 - - [26/Jan/2024:08:20:50 -0500] "GET /sipse/faces/javax.faces.resource/jquery/jquery-plugins.js?ln=primefaces&v=4.0 HTTP/1.1" 304 -
186.84.21.136 - - [26/Jan/2024:08:20:50 -0500] "GET /sipse/faces/javax.faces.resource/fileupload/fileupload.css?ln=primefaces&v=4.0 HTTP/1.1" 304 -
186.84.21.136 - - [26/Jan/2024:08:20:50 -0500] "GET /sipse/faces/javax.faces.resource/jquery/jquery.js?ln=primefaces&v=4.0 HTTP/1.1" 304 -
186.84.21.136 - - [26/Jan/2024:08:20:50 -0500] "GET /sipse/faces/javax.faces.resource/primefaces.js?ln=primefaces&v=4.0 HTTP/1.1" 304 -
186.84.21.136 - - [26/Jan/2024:08:20:50 -0500] "GET /sipse/faces/presentacion/sistema/anexos/cargarAnexoSolicitudProceso.xhtml HTTP/1.1" 200 22298
186.84.21.136 - - [26/Jan/2024:08:20:50 -0500] "GET /sipse/faces/javax.faces.resource/fileupload/fileupload.js?ln=primefaces&v=4.0 HTTP/1.1" 304 -
186.84.21.136 - - [26/Jan/2024:08:20:50 -0500] "GET /sipse/faces/javax.faces.resource/layout/layout.js?ln=primefaces&v=4.0 HTTP/1.1" 304 -
186.84.21.136 - - [26/Jan/2024:08:20:50 -0500] "GET /sipse/faces/javax.faces.resource/images/ui-icons_898989_256x240.png?ln=primefaces-aristo HTTP/1.1" 304 -
186.84.21.136 - - [26/Jan/2024:08:20:50 -0500] "GET /sipse/css/imagen/contrasena.png HTTP/1.1" 404 383
186.154.181.122 - - [26/Jan/2024:08:20:48 -0500] "POST /sipse/faces/presentacion/financiero/solicitudProceso/consultarSolicitudProceso.xhtml HTTP/1.1" 200 34902
186.154.181.122 - - [26/Jan/2024:08:20:50 -0500] "GET /sipse/faces/javax.faces.resource/jquery/jquery.js?ln=primefaces&v=4.0 HTTP/1.1" 304 -
186.154.181.122 - - [26/Jan/2024:08:20:50 -0500] "GET /sipse/faces/javax.faces.resource/jquery/jquery-plugins.js?ln=primefaces&v=4.0 HTTP/1.1" 304 -
186.154.181.122 - - [26/Jan/2024:08:20:50 -0500] "GET /sipse/faces/javax.faces.resource/primefaces.js?ln=primefaces&v=4.0 HTTP/1.1" 304 -
186.154.181.122 - - [26/Jan/2024:08:20:50 -0500] "GET /sipse/faces/javax.faces.resource/layout/layout.js?ln=primefaces&v=4.0 HTTP/1.1" 304 -
186.154.181.122 - - [26/Jan/2024:08:20:51 -0500] "POST /sipse/faces/presentacion/financiero/solicitudProceso/listarSolicitudProceso.xhtml HTTP/1.1" 200 1396
186.154.181.122 - - [26/Jan/2024:08:20:51 -0500] "POST /sipse/faces/presentacion/financiero/solicitudProceso/listarSolicitudProceso.xhtml HTTP/1.1" 200 2097
186.84.21.136 - - [26/Jan/2024:08:20:52 -0500] "GET /sipse/faces/javax.faces.resource/images/ui-bg_flat_0_2d5972_40x100.png?ln=primefaces-aristo HTTP/1.1" 304 -
186.84.21.136 - - [26/Jan/2024:08:20:52 -0500] "POST /sipse/faces/presentacion/sistema/anexos/cargarAnexoSolicitudProceso.xhtml HTTP/1.1" 200 43909
186.84.21.136 - - [26/Jan/2024:08:20:52 -0500] "GET /sipse/faces/javax.faces.resource/theme.css?ln=primefaces-sipse HTTP/1.1" 304 -
186.84.21.136 - - [26/Jan/2024:08:20:52 -0500] "GET /sipse/faces/javax.faces.resource/primefaces.css?ln=primefaces&v=4.0 HTTP/1.1" 304 -
186.84.21.136 - - [26/Jan/2024:08:20:52 -0500] "GET /sipse/faces/javax.faces.resource/layout/layout.css?ln=primefaces&v=4.0 HTTP/1.1" 304 -
186.84.21.136 - - [26/Jan/2024:08:20:52 -0500] "GET /sipse/faces/javax.faces.resource/jquery/jquery.js?ln=primefaces&v=4.0 HTTP/1.1" 304 -
186.84.21.136 - - [26/Jan/2024:08:20:52 -0500] "GET /sipse/faces/javax.faces.resource/jquery/jquery-plugins.js?ln=primefaces&v=4.0 HTTP/1.1" 304 -
186.84.21.136 - - [26/Jan/2024:08:20:52 -0500] "GET /sipse/faces/javax.faces.resource/primefaces.js?ln=primefaces&v=4.0 HTTP/1.1" 304 -
186.84.21.136 - - [26/Jan/2024:08:20:52 -0500] "GET /sipse/faces/javax.faces.resource/layout/layout.js?ln=primefaces&v=4.0 HTTP/1.1" 304 -
186.154.181.122 - - [26/Jan/2024:08:20:52 -0500] "POST /sipse/faces/presentacion/financiero/solicitudProceso/listarSolicitudProceso.xhtml HTTP/1.1" 200 38323
186.154.181.122 - - [26/Jan/2024:08:20:52 -0500] "GET /sipse/faces/javax.faces.resource/jquery/jquery.js?ln=primefaces&v=4.0 HTTP/1.1" 304 -
186.154.181.122 - - [26/Jan/2024:08:20:52 -0500] "GET /sipse/faces/javax.faces.resource/jquery/jquery-plugins.js?ln=primefaces&v=4.0 HTTP/1.1" 304 -
186.154.181.122 - - [26/Jan/2024:08:20:52 -0500] "GET /sipse/faces/javax.faces.resource/primefaces.js?ln=primefaces&v=4.0 HTTP/1.1" 304 -
186.154.181.122 - - [26/Jan/2024:08:20:52 -0500] "GET /sipse/faces/javax.faces.resource/layout/layout.js?ln=primefaces&v=4.0 HTTP/1.1" 304 -
186.154.181.122 - - [26/Jan/2024:08:20:52 -0500] "POST /sipse/faces/presentacion/financiero/solicitudProceso/consultar.xhtml HTTP/1.1" 200 31741
186.154.181.122 - - [26/Jan/2024:08:20:56 -0500] "POST /sipse/faces/presentacion/financiero/solicitudProceso/consultar.xhtml HTTP/1.1" 200 12802
156.59.198.136 - - [26/Jan/2024:08:21:02 -0500] "GET /BLA/resoluciones/RESOLUCIONES%202009/9193.pdf HTTP/1.0" 200 567291
201.245.192.253 - - [26/Jan/2024:08:21:04 -0500] "POST /forms/lservlet;jsessionid=ac16012b30d67d396d69ba114f9ba73cc384f4f1f357.e3iSbxaKaheRe3qKcheMbNuKc41ynknvrkLOlQzNp65In0 HTTP/1.1" 200 2
186.84.21.136 - - [26/Jan/2024:08:21:09 -0500] "POST /sipse/faces/presentacion/financiero/solicitudProceso/consultar.xhtml HTTP/1.1" 200 12833
201.245.192.253 - - [26/Jan/2024:08:21:09 -0500] "POST /kwsrmcab/Wsrmcab  HTTP/1.1" 200 37857
186.154.181.122 - - [26/Jan/2024:08:21:12 -0500] "POST /sipse/faces/presentacion/financiero/solicitudProceso/consultar.xhtml HTTP/1.1" 200 34987
186.154.181.122 - - [26/Jan/2024:08:21:13 -0500] "GET /sipse/faces/javax.faces.resource/jquery/jquery.js?ln=primefaces&v=4.0 HTTP/1.1" 304 -
186.154.181.122 - - [26/Jan/2024:08:21:13 -0500] "GET /sipse/faces/javax.faces.resource/jquery/jquery-plugins.js?ln=primefaces&v=4.0 HTTP/1.1" 304 -
186.154.181.122 - - [26/Jan/2024:08:21:13 -0500] "GET /sipse/faces/javax.faces.resource/primefaces.js?ln=primefaces&v=4.0 HTTP/1.1" 304 -
186.154.181.122 - - [26/Jan/2024:08:21:13 -0500] "GET /sipse/faces/javax.faces.resource/layout/layout.js?ln=primefaces&v=4.0 HTTP/1.1" 304 -
186.154.181.122 - - [26/Jan/2024:08:21:13 -0500] "POST /sipse/faces/presentacion/financiero/solicitudProceso/listarSolicitudProceso.xhtml HTTP/1.1" 200 28379
186.154.181.122 - - [26/Jan/2024:08:21:13 -0500] "POST /sipse/faces/presentacion/financiero/solicitudProceso/listarSolicitudProceso.xhtml HTTP/1.1" 200 28379
186.154.181.122 - - [26/Jan/2024:08:21:14 -0500] "POST /sipse/faces/presentacion/financiero/solicitudProceso/listarSolicitudProceso.xhtml HTTP/1.1" 200 1396
186.154.181.122 - - [26/Jan/2024:08:21:14 -0500] "POST /sipse/faces/presentacion/financiero/solicitudProceso/listarSolicitudProceso.xhtml HTTP/1.1" 200 1396
186.154.181.122 - - [26/Jan/2024:08:21:14 -0500] "POST /sipse/faces/presentacion/financiero/solicitudProceso/listarSolicitudProceso.xhtml HTTP/1.1" 200 1404
186.154.181.122 - - [26/Jan/2024:08:21:18 -0500] "POST /sipse/faces/presentacion/financiero/solicitudProceso/listarSolicitudProceso.xhtml HTTP/1.1" 200 143476
186.154.181.122 - - [26/Jan/2024:08:21:19 -0500] "GET /sipse/faces/javax.faces.resource/jquery/jquery.js?ln=primefaces&v=4.0 HTTP/1.1" 304 -
186.154.181.122 - - [26/Jan/2024:08:21:19 -0500] "GET /sipse/faces/javax.faces.resource/jquery/jquery-plugins.js?ln=primefaces&v=4.0 HTTP/1.1" 304 -
186.154.181.122 - - [26/Jan/2024:08:21:19 -0500] "GET /sipse/faces/javax.faces.resource/primefaces.js?ln=primefaces&v=4.0 HTTP/1.1" 304 -
186.154.181.122 - - [26/Jan/2024:08:21:19 -0500] "GET /sipse/faces/javax.faces.resource/layout/layout.js?ln=primefaces&v=4.0 HTTP/1.1" 304 -
186.154.181.122 - - [26/Jan/2024:08:21:19 -0500] "GET /sipse/faces/javax.faces.resource/dynamiccontent.properties?ln=primefaces&pfdrid=XjOR5%2F%2FfPAZAuY9TpWQeCiM0BhlXxYRBGKi%2FQcXXfeA%3D&pfdrid_c=false HTTP/1.1" 500 383
69.171.251.8 - - [26/Jan/2024:08:21:26 -0500] "GET /distrito-declara-alerta-zonal-por-deterioro-de-calidad-de-aire-y-toma-nuevas-decisiones-en-materia-de-movilidad.html HTTP/1.1" 200 860
156.59.198.135 - - [26/Jan/2024:08:21:27 -0500] "GET /BLA/resoluciones/RESOLUCIONES%202009/9742.pdf HTTP/1.0" 200 255433
69.171.231.118 - - [26/Jan/2024:08:21:29 -0500] "GET /gobierno-de-bogota-hace-recomendaciones-a-la-ciudadania-para-que-tome-acciones-ante-la-mala-calidad-del-aire.html HTTP/1.1" 200 864
156.59.198.135 - - [26/Jan/2024:08:21:52 -0500] "GET /BLA/resoluciones/RESOLUCIONES%202009/9456.pdf HTTP/1.0" 200 423520
192.168.172.47 - - [26/Jan/2024:08:21:42 -0500] "GET /BLA/boletinlegal/admin/index.php HTTP/1.1" 200 5692
186.84.88.171 - - [26/Jan/2024:08:22:03 -0500] "POST /sipse/faces/presentacion/financiero/solicitudProceso/listarSolicitudProceso.xhtml HTTP/1.1" 200 1701
192.168.172.47 - - [26/Jan/2024:08:21:53 -0500] "GET /BLA/boletinlegal/admin/index.php HTTP/1.1" 200 5692
192.168.172.47 - - [26/Jan/2024:08:22:05 -0500] "GET /BLA/boletinlegal/admin/index_files/index_files/tback.gif HTTP/1.1" 404 1322
186.84.88.171 - - [26/Jan/2024:08:22:06 -0500] "POST /sipse/faces/presentacion/financiero/solicitudProceso/listarSolicitudProceso.xhtml HTTP/1.1" 200 2761
186.84.88.171 - - [26/Jan/2024:08:22:07 -0500] "POST /sipse/faces/presentacion/financiero/solicitudProceso/listarSolicitudProceso.xhtml HTTP/1.1" 200 40726
186.84.88.171 - - [26/Jan/2024:08:22:07 -0500] "GET /sipse/faces/javax.faces.resource/theme.css?ln=primefaces-sipse HTTP/1.1" 304 -
186.84.88.171 - - [26/Jan/2024:08:22:07 -0500] "GET /sipse/faces/javax.faces.resource/jquery/jquery.js?ln=primefaces&v=4.0 HTTP/1.1" 304 -
186.84.88.171 - - [26/Jan/2024:08:22:07 -0500] "GET /sipse/faces/javax.faces.resource/layout/layout.css?ln=primefaces&v=4.0 HTTP/1.1" 304 -
186.84.88.171 - - [26/Jan/2024:08:22:07 -0500] "GET /sipse/faces/javax.faces.resource/primefaces.css?ln=primefaces&v=4.0 HTTP/1.1" 304 -
186.84.88.171 - - [26/Jan/2024:08:22:07 -0500] "GET /sipse/faces/javax.faces.resource/jquery/jquery-plugins.js?ln=primefaces&v=4.0 HTTP/1.1" 304 -
186.84.88.171 - - [26/Jan/2024:08:22:07 -0500] "GET /sipse/faces/javax.faces.resource/primefaces.js?ln=primefaces&v=4.0 HTTP/1.1" 304 -
186.84.88.171 - - [26/Jan/2024:08:22:07 -0500] "GET /sipse/faces/javax.faces.resource/layout/layout.js?ln=primefaces&v=4.0 HTTP/1.1" 304 -
186.84.88.171 - - [26/Jan/2024:08:22:07 -0500] "POST /sipse/faces/presentacion/financiero/solicitudProceso/consultar.xhtml HTTP/1.1" 200 34137
186.84.88.171 - - [26/Jan/2024:08:22:07 -0500] "POST /sipse/faces/presentacion/financiero/solicitudProceso/consultar.xhtml HTTP/1.1" 200 34137
186.84.88.171 - - [26/Jan/2024:08:22:07 -0500] "POST /sipse/faces/presentacion/financiero/solicitudProceso/consultar.xhtml HTTP/1.1" 200 34137
186.84.88.171 - - [26/Jan/2024:08:22:08 -0500] "POST /sipse/faces/presentacion/financiero/solicitudProceso/consultar.xhtml HTTP/1.1" 200 34137
186.84.88.171 - - [26/Jan/2024:08:22:08 -0500] "POST /sipse/faces/presentacion/financiero/solicitudProceso/consultar.xhtml HTTP/1.1" 200 34137
186.84.88.171 - - [26/Jan/2024:08:22:08 -0500] "POST /sipse/faces/presentacion/financiero/solicitudProceso/consultar.xhtml HTTP/1.1" 200 34137
186.84.88.171 - - [26/Jan/2024:08:22:08 -0500] "POST /sipse/faces/presentacion/financiero/solicitudProceso/consultar.xhtml HTTP/1.1" 200 34137
186.84.88.171 - - [26/Jan/2024:08:22:08 -0500] "POST /sipse/faces/presentacion/financiero/solicitudProceso/consultar.xhtml HTTP/1.1" 200 34137
186.84.88.171 - - [26/Jan/2024:08:22:08 -0500] "POST /sipse/faces/presentacion/financiero/solicitudProceso/consultar.xhtml HTTP/1.1" 200 34137
192.168.172.47 - - [26/Jan/2024:08:22:08 -0500] "GET /BLA/boletinlegal/admin/actos/ingresar.php HTTP/1.1" 200 7210
192.168.172.47 - - [26/Jan/2024:08:22:10 -0500] "GET /BLA/boletinlegal/images/favicon.ico HTTP/1.1" 404 1316
186.84.88.171 - - [26/Jan/2024:08:22:10 -0500] "POST /sipse/faces/presentacion/financiero/solicitudProceso/consultar.xhtml HTTP/1.1" 200 12869
156.59.198.135 - - [26/Jan/2024:08:22:16 -0500] "GET /BLA/resoluciones/RESOLUCIONES%202009/9397.pdf HTTP/1.0" 200 408359
201.245.192.253 - - [26/Jan/2024:08:22:28 -0500] "POST /forms/lservlet;jsessionid=ac16012b30d6abe7b988884748809bddc352ae6e08d2.e3iSbxaKaheRe3qKcheMbNuKc41ynknvrkLOlQzNp65In0 HTTP/1.1" 200 2
186.84.88.171 - - [26/Jan/2024:08:22:31 -0500] "POST /sipse/faces/presentacion/financiero/solicitudProceso/consultar.xhtml HTTP/1.1" 200 12859
186.154.181.122 - - [26/Jan/2024:08:22:32 -0500] "POST /sipse/faces/presentacion/financiero/solicitudProceso/consultarSolicitudProceso.xhtml HTTP/1.1" 200 19889
186.154.181.122 - - [26/Jan/2024:08:22:32 -0500] "GET /sipse/faces/javax.faces.resource/theme.css?ln=primefaces-sipse HTTP/1.1" 304 -
186.154.181.122 - - [26/Jan/2024:08:22:32 -0500] "GET /sipse/faces/javax.faces.resource/layout/layout.css?ln=primefaces&v=4.0 HTTP/1.1" 304 -
186.154.181.122 - - [26/Jan/2024:08:22:32 -0500] "GET /sipse/faces/javax.faces.resource/primefaces.css?ln=primefaces&v=4.0 HTTP/1.1" 304 -
186.154.181.122 - - [26/Jan/2024:08:22:33 -0500] "GET /sipse/faces/javax.faces.resource/jquery/jquery-plugins.js?ln=primefaces&v=4.0 HTTP/1.1" 304 -
186.154.181.122 - - [26/Jan/2024:08:22:33 -0500] "GET /sipse/faces/javax.faces.resource/jquery/jquery.js?ln=primefaces&v=4.0 HTTP/1.1" 304 -
186.154.181.122 - - [26/Jan/2024:08:22:33 -0500] "GET /sipse/faces/javax.faces.resource/primefaces.js?ln=primefaces&v=4.0 HTTP/1.1" 304 -
186.154.181.122 - - [26/Jan/2024:08:22:33 -0500] "GET /sipse/faces/javax.faces.resource/layout/layout.js?ln=primefaces&v=4.0 HTTP/1.1" 304 -
186.154.181.122 - - [26/Jan/2024:08:22:33 -0500] "GET /sipse/faces/javax.faces.resource/fileupload/fileupload.css?ln=primefaces&v=4.0 HTTP/1.1" 304 -
186.154.181.122 - - [26/Jan/2024:08:22:33 -0500] "GET /sipse/faces/javax.faces.resource/fileupload/fileupload.js?ln=primefaces&v=4.0 HTTP/1.1" 304 -
186.154.181.122 - - [26/Jan/2024:08:22:33 -0500] "GET /sipse/faces/javax.faces.resource/images/ui-icons_898989_256x240.png?ln=primefaces-aristo HTTP/1.1" 304 -
186.154.181.122 - - [26/Jan/2024:08:22:37 -0500] "POST /sipse/faces/presentacion/sistema/anexos/cargarAnexoSolicitudProceso.xhtml HTTP/1.1" 200 191656
186.154.181.122 - - [26/Jan/2024:08:22:38 -0500] "GET /sipse/faces/javax.faces.resource/theme.css?ln=primefaces-sipse HTTP/1.1" 304 -
186.154.181.122 - - [26/Jan/2024:08:22:38 -0500] "GET /sipse/faces/javax.faces.resource/layout/layout.css?ln=primefaces&v=4.0 HTTP/1.1" 304 -
186.154.181.122 - - [26/Jan/2024:08:22:38 -0500] "GET /sipse/faces/javax.faces.resource/primefaces.css?ln=primefaces&v=4.0 HTTP/1.1" 304 -
186.154.181.122 - - [26/Jan/2024:08:22:38 -0500] "GET /sipse/faces/javax.faces.resource/jquery/jquery.js?ln=primefaces&v=4.0 HTTP/1.1" 304 -
186.154.181.122 - - [26/Jan/2024:08:22:38 -0500] "GET /sipse/faces/javax.faces.resource/jquery/jquery-plugins.js?ln=primefaces&v=4.0 HTTP/1.1" 304 -
186.154.181.122 - - [26/Jan/2024:08:22:38 -0500] "GET /sipse/faces/javax.faces.resource/primefaces.js?ln=primefaces&v=4.0 HTTP/1.1" 304 -
186.154.181.122 - - [26/Jan/2024:08:22:38 -0500] "GET /sipse/faces/javax.faces.resource/layout/layout.js?ln=primefaces&v=4.0 HTTP/1.1" 304 -
186.154.181.122 - - [26/Jan/2024:08:22:38 -0500] "GET /sipse/faces/javax.faces.resource/images/ui-icons_898989_256x240.png?ln=primefaces-aristo HTTP/1.1" 304 -
186.84.88.171 - - [26/Jan/2024:08:22:39 -0500] "POST /sipse/faces/presentacion/financiero/solicitudProceso/consultar.xhtml HTTP/1.1" 200 12816
156.59.198.135 - - [26/Jan/2024:08:22:40 -0500] "GET /BLA/resoluciones/RESOLUCIONES%202009/9440.pdf HTTP/1.0" 200 431172
181.61.157.160 - - [26/Jan/2024:08:22:43 -0500] "GET /sipse/faces/javax.faces.resource/images/ui-bg_flat_0_2d5972_40x100.png?ln=primefaces-aristo HTTP/1.1" 304 -
186.154.181.122 - - [26/Jan/2024:08:22:43 -0500] "GET /sipse/faces/javax.faces.resource/images/ui-bg_flat_0_2d5972_40x100.png?ln=primefaces-aristo HTTP/1.1" 304 -
181.61.157.160 - - [26/Jan/2024:08:22:43 -0500] "POST /sipse/faces/presentacion/sistema/reporte/ventanaVerReporteParametros.xhtml HTTP/1.1" 200 33042
186.154.181.122 - - [26/Jan/2024:08:22:43 -0500] "POST /sipse/faces/presentacion/financiero/solicitudProceso/consultarSolicitudProceso.xhtml HTTP/1.1" 200 6206
181.61.157.160 - - [26/Jan/2024:08:22:43 -0500] "GET /sipse/faces/javax.faces.resource/jquery/jquery.js?ln=primefaces&v=4.0 HTTP/1.1" 304 -
186.154.181.122 - - [26/Jan/2024:08:22:43 -0500] "GET /sipse/faces/javax.faces.resource/messages/messages.png?ln=primefaces&v=4.0 HTTP/1.1" 304 -
181.61.157.160 - - [26/Jan/2024:08:22:43 -0500] "GET /sipse/faces/javax.faces.resource/jquery/jquery-plugins.js?ln=primefaces&v=4.0 HTTP/1.1" 304 -
181.61.157.160 - - [26/Jan/2024:08:22:44 -0500] "GET /sipse/faces/javax.faces.resource/primefaces.js?ln=primefaces&v=4.0 HTTP/1.1" 304 -
181.61.157.160 - - [26/Jan/2024:08:22:44 -0500] "GET /sipse/faces/javax.faces.resource/layout/layout.js?ln=primefaces&v=4.0 HTTP/1.1" 304 -
201.245.192.253 - - [26/Jan/2024:08:22:44 -0500] "POST /kwsrmcab/Wsrmcab HTTP/1.1" 200 39744
181.61.157.160 - - [26/Jan/2024:08:22:46 -0500] "POST /sipse/faces/presentacion/sistema/reporte/listarReportes.xhtml HTTP/1.1" 200 21670
181.61.157.160 - - [26/Jan/2024:08:22:47 -0500] "GET /sipse/faces/javax.faces.resource/theme.css?ln=primefaces-sipse HTTP/1.1" 304 -
181.61.157.160 - - [26/Jan/2024:08:22:47 -0500] "GET /sipse/faces/javax.faces.resource/layout/layout.css?ln=primefaces&v=4.0 HTTP/1.1" 304 -
181.61.157.160 - - [26/Jan/2024:08:22:47 -0500] "GET /sipse/faces/javax.faces.resource/primefaces.css?ln=primefaces&v=4.0 HTTP/1.1" 304 -
181.61.157.160 - - [26/Jan/2024:08:22:47 -0500] "GET /sipse/faces/javax.faces.resource/jquery/jquery.js?ln=primefaces&v=4.0 HTTP/1.1" 304 -
181.61.157.160 - - [26/Jan/2024:08:22:47 -0500] "GET /sipse/faces/javax.faces.resource/jquery/jquery-plugins.js?ln=primefaces&v=4.0 HTTP/1.1" 304 -
181.61.157.160 - - [26/Jan/2024:08:22:47 -0500] "GET /sipse/faces/javax.faces.resource/layout/layout.js?ln=primefaces&v=4.0 HTTP/1.1" 304 -
181.61.157.160 - - [26/Jan/2024:08:22:47 -0500] "GET /sipse/faces/javax.faces.resource/primefaces.js?ln=primefaces&v=4.0 HTTP/1.1" 304 -
181.61.157.160 - - [26/Jan/2024:08:22:47 -0500] "GET /sipse/faces/javax.faces.resource/images/ui-icons_898989_256x240.png?ln=primefaces-aristo HTTP/1.1" 304 -
186.154.181.122 - - [26/Jan/2024:08:22:46 -0500] "POST /sipse/faces/presentacion/financiero/solicitudProceso/consultarSolicitudProceso.xhtml HTTP/1.1" 200 35483
186.154.181.122 - - [26/Jan/2024:08:22:48 -0500] "GET /sipse/faces/javax.faces.resource/jquery/jquery.js?ln=primefaces&v=4.0 HTTP/1.1" 304 -
186.154.181.122 - - [26/Jan/2024:08:22:48 -0500] "GET /sipse/faces/javax.faces.resource/jquery/jquery-plugins.js?ln=primefaces&v=4.0 HTTP/1.1" 304 -
186.154.181.122 - - [26/Jan/2024:08:22:48 -0500] "GET /sipse/faces/javax.faces.resource/primefaces.js?ln=primefaces&v=4.0 HTTP/1.1" 304 -
186.154.181.122 - - [26/Jan/2024:08:22:48 -0500] "GET /sipse/faces/javax.faces.resource/layout/layout.js?ln=primefaces&v=4.0 HTTP/1.1" 304 -
186.154.181.122 - - [26/Jan/2024:08:22:48 -0500] "POST /sipse/faces/presentacion/financiero/solicitudProceso/listarSolicitudProceso.xhtml HTTP/1.1" 200 1396
186.154.181.122 - - [26/Jan/2024:08:22:48 -0500] "POST /sipse/faces/presentacion/financiero/solicitudProceso/listarSolicitudProceso.xhtml HTTP/1.1" 200 1396
186.154.181.122 - - [26/Jan/2024:08:22:51 -0500] "POST /sipse/faces/presentacion/financiero/solicitudProceso/listarSolicitudProceso.xhtml HTTP/1.1" 200 41354
186.154.181.122 - - [26/Jan/2024:08:22:51 -0500] "GET /sipse/faces/javax.faces.resource/jquery/jquery.js?ln=primefaces&v=4.0 HTTP/1.1" 304 -
186.154.181.122 - - [26/Jan/2024:08:22:52 -0500] "GET /sipse/faces/javax.faces.resource/jquery/jquery-plugins.js?ln=primefaces&v=4.0 HTTP/1.1" 304 -
186.154.181.122 - - [26/Jan/2024:08:22:52 -0500] "GET /sipse/faces/javax.faces.resource/primefaces.js?ln=primefaces&v=4.0 HTTP/1.1" 304 -
186.154.181.122 - - [26/Jan/2024:08:22:52 -0500] "GET /sipse/faces/javax.faces.resource/layout/layout.js?ln=primefaces&v=4.0 HTTP/1.1" 304 -
186.154.181.122 - - [26/Jan/2024:08:22:52 -0500] "POST /sipse/faces/presentacion/financiero/solicitudProceso/consultar.xhtml HTTP/1.1" 200 34772
186.84.88.171 - - [26/Jan/2024:08:22:52 -0500] "POST /sipse/faces/presentacion/financiero/solicitudProceso/consultar.xhtml HTTP/1.1" 200 12873
186.154.181.122 - - [26/Jan/2024:08:22:53 -0500] "POST /sipse/faces/presentacion/financiero/solicitudProceso/consultar.xhtml HTTP/1.1" 200 12806
181.53.13.235 - - [26/Jan/2024:08:22:55 -0500] "POST /sipse/faces/presentacion/financiero/solicitudProceso/consultar.xhtml HTTP/1.1" 200 12852
216.245.221.92 - - [26/Jan/2024:08:22:56 -0500] "HEAD / HTTP/1.1" 200 -
186.154.181.122 - - [26/Jan/2024:08:22:56 -0500] "POST /sipse/faces/presentacion/financiero/solicitudProceso/consultar.xhtml HTTP/1.1" 200 34987
186.154.181.122 - - [26/Jan/2024:08:22:56 -0500] "GET /sipse/faces/javax.faces.resource/jquery/jquery.js?ln=primefaces&v=4.0 HTTP/1.1" 304 -
186.154.181.122 - - [26/Jan/2024:08:22:56 -0500] "GET /sipse/faces/javax.faces.resource/jquery/jquery-plugins.js?ln=primefaces&v=4.0 HTTP/1.1" 304 -
186.154.181.122 - - [26/Jan/2024:08:22:56 -0500] "GET /sipse/faces/javax.faces.resource/primefaces.js?ln=primefaces&v=4.0 HTTP/1.1" 304 -
186.154.181.122 - - [26/Jan/2024:08:22:56 -0500] "GET /sipse/faces/javax.faces.resource/layout/layout.js?ln=primefaces&v=4.0 HTTP/1.1" 304 -
186.154.181.122 - - [26/Jan/2024:08:22:56 -0500] "POST /sipse/faces/presentacion/financiero/solicitudProceso/listarSolicitudProceso.xhtml HTTP/1.1" 200 28379
186.154.181.122 - - [26/Jan/2024:08:22:57 -0500] "POST /sipse/faces/presentacion/financiero/solicitudProceso/listarSolicitudProceso.xhtml HTTP/1.1" 200 28379
186.154.181.122 - - [26/Jan/2024:08:22:57 -0500] "POST /sipse/faces/presentacion/financiero/solicitudProceso/listarSolicitudProceso.xhtml HTTP/1.1" 200 1396
186.154.181.122 - - [26/Jan/2024:08:22:57 -0500] "POST /sipse/faces/presentacion/financiero/solicitudProceso/listarSolicitudProceso.xhtml HTTP/1.1" 200 1396
186.154.181.122 - - [26/Jan/2024:08:22:57 -0500] "POST /sipse/faces/presentacion/financiero/solicitudProceso/listarSolicitudProceso.xhtml HTTP/1.1" 200 1404
186.155.17.223 - - [26/Jan/2024:08:22:58 -0500] "GET /catalogoisis/ HTTP/1.1" 200 8575
186.155.17.223 - - [26/Jan/2024:08:22:59 -0500] "GET /catalogoisis/Css/Busqueda.css HTTP/1.1" 200 1995
186.155.17.223 - - [26/Jan/2024:08:22:59 -0500] "GET /catalogoisis/Js/AceptarLimpiar.js HTTP/1.1" 200 331
186.155.17.223 - - [26/Jan/2024:08:22:59 -0500] "GET /catalogoisis/Js/CriterioCombinada.js HTTP/1.1" 200 1843
186.155.17.223 - - [26/Jan/2024:08:22:59 -0500] "GET /catalogoisis/Js/LimpiarCombinada.js HTTP/1.1" 200 207
186.155.17.223 - - [26/Jan/2024:08:22:59 -0500] "GET /catalogoisis/Js/Go.js HTTP/1.1" 200 364
186.155.17.223 - - [26/Jan/2024:08:22:59 -0500] "GET /catalogoisis/Js/Enter.js HTTP/1.1" 200 1208
186.155.17.223 - - [26/Jan/2024:08:22:59 -0500] "GET /catalogoisis/Js/Cookies.js HTTP/1.1" 200 1369
186.155.17.223 - - [26/Jan/2024:08:22:59 -0500] "GET /catalogoisis/Js/Numero.js HTTP/1.1" 200 398
186.155.17.223 - - [26/Jan/2024:08:22:59 -0500] "GET /catalogoisis/Js/Remote.js HTTP/1.1" 200 436
186.155.17.223 - - [26/Jan/2024:08:22:59 -0500] "GET /catalogoisis/imagenes/br1c1.gif HTTP/1.1" 200 172
186.155.17.223 - - [26/Jan/2024:08:22:59 -0500] "GET /catalogoisis/imagenes/br1c3.gif HTTP/1.1" 200 302
186.155.17.223 - - [26/Jan/2024:08:22:59 -0500] "GET /catalogoisis/imagenes/Turnbo1.gif HTTP/1.1" 200 227
186.155.17.223 - - [26/Jan/2024:08:22:59 -0500] "GET /catalogoisis/imagenes/Header.gif HTTP/1.1" 200 27040
186.155.17.223 - - [26/Jan/2024:08:22:59 -0500] "GET /catalogoisis/imagenes/aceptar1.gif HTTP/1.1" 200 604
186.155.17.223 - - [26/Jan/2024:08:22:59 -0500] "GET /catalogoisis/imagenes/limpiar1.gif HTTP/1.1" 200 606
186.155.17.223 - - [26/Jan/2024:08:22:59 -0500] "GET /catalogoisis/imagenes/br3c1.gif HTTP/1.1" 200 177
186.155.17.223 - - [26/Jan/2024:08:22:59 -0500] "GET /catalogoisis/imagenes/br3c2.gif HTTP/1.1" 200 285
186.155.17.223 - - [26/Jan/2024:08:22:59 -0500] "GET /catalogoisis/imagenes/br3c3.gif HTTP/1.1" 200 186
186.155.17.223 - - [26/Jan/2024:08:22:59 -0500] "GET /catalogoisis/imagenes/br1c2.gif HTTP/1.1" 200 297
186.155.17.223 - - [26/Jan/2024:08:22:59 -0500] "GET /catalogoisis/imagenes/br2c1.gif HTTP/1.1" 200 297
186.155.17.223 - - [26/Jan/2024:08:22:59 -0500] "GET /catalogoisis/imagenes/br2c2.gif HTTP/1.1" 200 302
186.155.17.223 - - [26/Jan/2024:08:22:59 -0500] "GET /catalogoisis/imagenes/br2c3.gif HTTP/1.1" 200 416
186.155.17.223 - - [26/Jan/2024:08:22:59 -0500] "GET /favicon.ico HTTP/1.1" 200 7782
186.154.181.122 - - [26/Jan/2024:08:22:59 -0500] "POST /sipse/faces/presentacion/financiero/solicitudProceso/listarSolicitudProceso.xhtml HTTP/1.1" 200 31538
156.59.198.136 - - [26/Jan/2024:08:23:04 -0500] "GET /BLA/resoluciones/RESOLUCIONES%202009/9557.pdf HTTP/1.0" 200 496275
201.245.192.253 - - [26/Jan/2024:08:23:04 -0500] "POST /forms/lservlet;jsessionid=ac16012b30d67d396d69ba114f9ba73cc384f4f1f357.e3iSbxaKaheRe3qKcheMbNuKc41ynknvrkLOlQzNp65In0 HTTP/1.1" 200 2
54.39.50.77 - - [26/Jan/2024:08:23:17 -0500] "GET /secretaria-de-ambiente-instalo-movil-en-la-quebrada-la-vieja-para-atender-a-la-fauna-silvestre.html HTTP/1.1" 200 1019
156.59.198.135 - - [26/Jan/2024:08:23:30 -0500] "GET /BLA/resoluciones/RESOLUCIONES%202009/9778.pdf HTTP/1.0" 200 369920
181.53.13.235 - - [26/Jan/2024:08:23:39 -0500] "POST /sipse/faces/presentacion/financiero/solicitudProceso/consultar.xhtml HTTP/1.1" 200 12927
192.168.172.47 - - [26/Jan/2024:08:23:50 -0500] "POST /BLA/boletinlegal/admin/actos/ingresar.php HTTP/1.1" 200 7303
156.59.198.136 - - [26/Jan/2024:08:23:53 -0500] "GET /BLA/resoluciones/RESOLUCIONES%202009/RESOLUCION%207229%20DE%202009.PDF HTTP/1.0" 200 76570
192.168.172.47 - - [26/Jan/2024:08:23:58 -0500] "GET /BLA/boletinlegal/actos.php HTTP/1.1" 200 9738
192.168.172.47 - - [26/Jan/2024:08:24:02 -0500] "GET /BLA/boletinlegal/consulta_actos.php?tipo=autos&no=777&usuario=&sector=&fecha=2024&resuelve= HTTP/1.1" 200 2504
156.59.198.136 - - [26/Jan/2024:08:24:19 -0500] "GET /BLA/resoluciones/RESOLUCIONES%202009/9540.pdf HTTP/1.0" 200 504221
201.245.192.253 - - [26/Jan/2024:08:24:28 -0500] "POST /forms/lservlet;jsessionid=ac16012b30d6abe7b988884748809bddc352ae6e08d2.e3iSbxaKaheRe3qKcheMbNuKc41ynknvrkLOlQzNp65In0 HTTP/1.1" 200 2
201.245.192.253 - - [26/Jan/2024:08:24:38 -0500] "POST /kwsrmcab/Wsrmcab HTTP/1.1" 200 41381
201.245.192.253 - - [26/Jan/2024:08:24:41 -0500] "POST /kwsrmcab/Wsrmcab HTTP/1.1" 200 39744
156.59.198.136 - - [26/Jan/2024:08:24:43 -0500] "GET /BLA/resoluciones/RESOLUCIONES%202009/9487.pdf HTTP/1.0" 200 669194
172.22.2.4 - - [26/Jan/2024:08:23:14 -0500] "HEAD /BLA/boletinlegal/ HTTP/1.1" 200 -
186.84.21.136 - - [26/Jan/2024:08:24:55 -0500] "POST /sipse/faces/presentacion/financiero/solicitudProceso/consultar.xhtml HTTP/1.1" 200 12878
186.84.21.136 - - [26/Jan/2024:08:24:59 -0500] "POST /sipse/faces/presentacion/financiero/solicitudProceso/consultar.xhtml HTTP/1.1" 200 144531
186.84.21.136 - - [26/Jan/2024:08:24:59 -0500] "GET /sipse/faces/javax.faces.resource/theme.css?ln=primefaces-sipse HTTP/1.1" 304 -
186.84.21.136 - - [26/Jan/2024:08:24:59 -0500] "GET /sipse/faces/javax.faces.resource/primefaces.css?ln=primefaces&v=4.0 HTTP/1.1" 304 -
186.84.21.136 - - [26/Jan/2024:08:24:59 -0500] "GET /sipse/faces/javax.faces.resource/layout/layout.css?ln=primefaces&v=4.0 HTTP/1.1" 304 -
186.84.21.136 - - [26/Jan/2024:08:24:59 -0500] "GET /sipse/faces/javax.faces.resource/jquery/jquery.js?ln=primefaces&v=4.0 HTTP/1.1" 304 -
186.84.21.136 - - [26/Jan/2024:08:25:00 -0500] "GET /sipse/faces/javax.faces.resource/jquery/jquery-plugins.js?ln=primefaces&v=4.0 HTTP/1.1" 304 -
186.84.21.136 - - [26/Jan/2024:08:25:00 -0500] "GET /sipse/faces/javax.faces.resource/primefaces.js?ln=primefaces&v=4.0 HTTP/1.1" 304 -
186.84.21.136 - - [26/Jan/2024:08:25:00 -0500] "GET /sipse/faces/javax.faces.resource/layout/layout.js?ln=primefaces&v=4.0 HTTP/1.1" 304 -
186.84.21.136 - - [26/Jan/2024:08:25:03 -0500] "POST /sipse/faces/presentacion/financiero/solicitudProceso/consultarSolicitudProceso.xhtml HTTP/1.1" 200 248262
201.245.192.253 - - [26/Jan/2024:08:25:04 -0500] "POST /forms/lservlet;jsessionid=ac16012b30d67d396d69ba114f9ba73cc384f4f1f357.e3iSbxaKaheRe3qKcheMbNuKc41ynknvrkLOlQzNp65In0 HTTP/1.1" 200 2
156.59.198.136 - - [26/Jan/2024:08:25:08 -0500] "GET /BLA/resoluciones/RESOLUCIONES%202009/RESOLUCION%208607%20DE%202009.PDF HTTP/1.0" 200 23059
40.77.167.46 - - [26/Jan/2024:08:25:11 -0500] "GET /portaldeninos/wp-content/uploads/2022/08/Infograf%C3%ADa-humedales-actualizada.png HTTP/1.1" 200 588022
156.59.198.136 - - [26/Jan/2024:08:25:31 -0500] "GET /BLA/resoluciones/RESOLUCIONES%202009/9720.pdf HTTP/1.0" 200 280427
181.61.157.160 - - [26/Jan/2024:08:25:42 -0500] "POST /sipse/faces/presentacion/financiero/solicitudProceso/consultarSolicitudProceso.xhtml HTTP/1.1" 200 61706
181.61.157.160 - - [26/Jan/2024:08:25:42 -0500] "GET /sipse/faces/javax.faces.resource/theme.css?ln=primefaces-sipse HTTP/1.1" 304 -
181.61.157.160 - - [26/Jan/2024:08:25:42 -0500] "GET /sipse/faces/javax.faces.resource/layout/layout.css?ln=primefaces&v=4.0 HTTP/1.1" 304 -
181.61.157.160 - - [26/Jan/2024:08:25:42 -0500] "GET /sipse/faces/javax.faces.resource/primefaces.css?ln=primefaces&v=4.0 HTTP/1.1" 304 -
201.245.192.253 - - [26/Jan/2024:08:25:42 -0500] "POST /sipse/faces/presentacion/financiero/solicitudProceso/solicitudProcesoOtrosPagos.xhtml HTTP/1.1" 200 48441
181.61.157.160 - - [26/Jan/2024:08:25:42 -0500] "GET /sipse/faces/javax.faces.resource/jquery/jquery.js?ln=primefaces&v=4.0 HTTP/1.1" 304 -
201.245.192.253 - - [26/Jan/2024:08:25:42 -0500] "GET /sipse/faces/javax.faces.resource/jquery/jquery.js?ln=primefaces&v=4.0 HTTP/1.1" 304 -
181.61.157.160 - - [26/Jan/2024:08:25:42 -0500] "GET /sipse/faces/javax.faces.resource/jquery/jquery-plugins.js?ln=primefaces&v=4.0 HTTP/1.1" 304 -
201.245.192.253 - - [26/Jan/2024:08:25:42 -0500] "GET /sipse/faces/javax.faces.resource/jquery/jquery-plugins.js?ln=primefaces&v=4.0 HTTP/1.1" 304 -
201.245.192.253 - - [26/Jan/2024:08:25:42 -0500] "GET /sipse/faces/javax.faces.resource/primefaces.js?ln=primefaces&v=4.0 HTTP/1.1" 304 -
201.245.192.253 - - [26/Jan/2024:08:25:43 -0500] "GET /sipse/faces/javax.faces.resource/layout/layout.js?ln=primefaces&v=4.0 HTTP/1.1" 304 -
181.61.157.160 - - [26/Jan/2024:08:25:43 -0500] "GET /sipse/faces/javax.faces.resource/primefaces.js?ln=primefaces&v=4.0 HTTP/1.1" 304 -
181.61.157.160 - - [26/Jan/2024:08:25:43 -0500] "GET /sipse/faces/javax.faces.resource/layout/layout.js?ln=primefaces&v=4.0 HTTP/1.1" 304 -
201.245.192.253 - - [26/Jan/2024:08:25:43 -0500] "POST /sipse/faces/presentacion/financiero/solicitudProceso/consultar.xhtml HTTP/1.1" 200 41867
181.61.157.160 - - [26/Jan/2024:08:25:43 -0500] "GET /sipse/css/imagen/contrasena.png HTTP/1.1" 404 383
181.61.157.160 - - [26/Jan/2024:08:25:44 -0500] "POST /sipse/faces/presentacion/financiero/solicitudProceso/listarSolicitudProceso.xhtml HTTP/1.1" 200 55099
181.61.157.160 - - [26/Jan/2024:08:25:44 -0500] "POST /sipse/faces/presentacion/financiero/solicitudProceso/listarSolicitudProceso.xhtml HTTP/1.1" 200 55099
172.22.2.4 - - [26/Jan/2024:08:24:04 -0500] "GET /BLA/boletinlegal/ HTTP/1.1" 200 59867
201.245.192.253 - - [26/Jan/2024:08:25:45 -0500] "POST /sipse/faces/presentacion/financiero/solicitudProceso/consultar.xhtml HTTP/1.1" 200 12726
181.61.157.160 - - [26/Jan/2024:08:25:45 -0500] "POST /sipse/faces/presentacion/financiero/solicitudProceso/listarSolicitudProceso.xhtml HTTP/1.1" 200 55099
181.61.157.160 - - [26/Jan/2024:08:25:45 -0500] "POST /sipse/faces/presentacion/financiero/solicitudProceso/listarSolicitudProceso.xhtml HTTP/1.1" 200 55099
181.61.157.160 - - [26/Jan/2024:08:25:45 -0500] "POST /sipse/faces/presentacion/financiero/solicitudProceso/listarSolicitudProceso.xhtml HTTP/1.1" 200 1556
181.61.157.160 - - [26/Jan/2024:08:25:45 -0500] "POST /sipse/faces/presentacion/financiero/solicitudProceso/listarSolicitudProceso.xhtml HTTP/1.1" 200 1556
181.61.157.160 - - [26/Jan/2024:08:25:46 -0500] "POST /sipse/faces/presentacion/financiero/solicitudProceso/listarSolicitudProceso.xhtml HTTP/1.1" 200 1560
181.61.157.160 - - [26/Jan/2024:08:25:46 -0500] "POST /sipse/faces/presentacion/financiero/solicitudProceso/listarSolicitudProceso.xhtml HTTP/1.1" 200 1556
181.61.157.160 - - [26/Jan/2024:08:25:46 -0500] "POST /sipse/faces/presentacion/financiero/solicitudProceso/listarSolicitudProceso.xhtml HTTP/1.1" 200 1560
201.245.192.253 - - [26/Jan/2024:08:25:46 -0500] "POST /sipse/faces/presentacion/financiero/solicitudProceso/consultar.xhtml HTTP/1.1" 200 12730
181.61.157.160 - - [26/Jan/2024:08:25:49 -0500] "POST /sipse/faces/presentacion/financiero/solicitudProceso/listarSolicitudProceso.xhtml HTTP/1.1" 200 32128
156.59.198.135 - - [26/Jan/2024:08:25:57 -0500] "GET /BLA/resoluciones/RESOLUCIONES%202009/9475.pdf HTTP/1.0" 200 351488
181.61.157.160 - - [26/Jan/2024:08:26:05 -0500] "POST /sipse/faces/presentacion/financiero/solicitudProceso/listarSolicitudProceso.xhtml HTTP/1.1" 200 2289
181.61.157.160 - - [26/Jan/2024:08:26:07 -0500] "POST /sipse/faces/presentacion/financiero/solicitudProceso/listarSolicitudProceso.xhtml HTTP/1.1" 200 2721
181.61.157.160 - - [26/Jan/2024:08:26:08 -0500] "POST /sipse/faces/presentacion/financiero/solicitudProceso/listarSolicitudProceso.xhtml HTTP/1.1" 200 38322
181.61.157.160 - - [26/Jan/2024:08:26:08 -0500] "GET /sipse/faces/javax.faces.resource/theme.css?ln=primefaces-sipse HTTP/1.1" 304 -
181.61.157.160 - - [26/Jan/2024:08:26:08 -0500] "GET /sipse/faces/javax.faces.resource/primefaces.css?ln=primefaces&v=4.0 HTTP/1.1" 304 -
181.61.157.160 - - [26/Jan/2024:08:26:08 -0500] "GET /sipse/faces/javax.faces.resource/layout/layout.css?ln=primefaces&v=4.0 HTTP/1.1" 304 -
181.61.157.160 - - [26/Jan/2024:08:26:08 -0500] "GET /sipse/faces/javax.faces.resource/jquery/jquery.js?ln=primefaces&v=4.0 HTTP/1.1" 304 -
181.61.157.160 - - [26/Jan/2024:08:26:08 -0500] "GET /sipse/faces/javax.faces.resource/jquery/jquery-plugins.js?ln=primefaces&v=4.0 HTTP/1.1" 304 -
181.61.157.160 - - [26/Jan/2024:08:26:08 -0500] "GET /sipse/faces/javax.faces.resource/primefaces.js?ln=primefaces&v=4.0 HTTP/1.1" 304 -
181.61.157.160 - - [26/Jan/2024:08:26:08 -0500] "GET /sipse/faces/javax.faces.resource/layout/layout.js?ln=primefaces&v=4.0 HTTP/1.1" 304 -
181.61.157.160 - - [26/Jan/2024:08:26:08 -0500] "GET /sipse/css/imagen/contrasena.png HTTP/1.1" 404 383
181.61.157.160 - - [26/Jan/2024:08:26:08 -0500] "POST /sipse/faces/presentacion/financiero/solicitudProceso/consultar.xhtml HTTP/1.1" 200 31741
181.61.157.160 - - [26/Jan/2024:08:26:09 -0500] "POST /sipse/faces/presentacion/financiero/solicitudProceso/consultar.xhtml HTTP/1.1" 200 31741
181.61.157.160 - - [26/Jan/2024:08:26:09 -0500] "POST /sipse/faces/presentacion/financiero/solicitudProceso/consultar.xhtml HTTP/1.1" 200 31741
181.61.157.160 - - [26/Jan/2024:08:26:09 -0500] "POST /sipse/faces/presentacion/financiero/solicitudProceso/consultar.xhtml HTTP/1.1" 200 31741
181.61.157.160 - - [26/Jan/2024:08:26:09 -0500] "POST /sipse/faces/presentacion/financiero/solicitudProceso/consultar.xhtml HTTP/1.1" 200 31741
201.245.192.253 - - [26/Jan/2024:08:26:08 -0500] "POST /kwsrmcab/Wsrmcab  HTTP/1.1" 200 37857
181.61.157.160 - - [26/Jan/2024:08:26:11 -0500] "POST /sipse/faces/presentacion/financiero/solicitudProceso/consultar.xhtml HTTP/1.1" 200 12958
156.59.198.136 - - [26/Jan/2024:08:26:20 -0500] "GET /BLA/resoluciones/RESOLUCIONES%202009/9338.pdf HTTP/1.0" 200 491881
201.245.192.253 - - [26/Jan/2024:08:26:28 -0500] "POST /forms/lservlet;jsessionid=ac16012b30d6abe7b988884748809bddc352ae6e08d2.e3iSbxaKaheRe3qKcheMbNuKc41ynknvrkLOlQzNp65In0 HTTP/1.1" 200 2
181.61.157.160 - - [26/Jan/2024:08:26:37 -0500] "POST /sipse/faces/presentacion/financiero/solicitudProceso/consultar.xhtml HTTP/1.1" 200 12944
156.59.198.135 - - [26/Jan/2024:08:26:46 -0500] "GET /BLA/resoluciones/RESOLUCIONES%202009/RESOLUCION%209630%20DE%202009.PDF HTTP/1.0" 200 97726
186.154.181.122 - - [26/Jan/2024:08:26:53 -0500] "POST /sipse/faces/presentacion/financiero/solicitudProceso/listarSolicitudProceso.xhtml HTTP/1.1" 200 31911
186.154.181.122 - - [26/Jan/2024:08:27:00 -0500] "POST /sipse/faces/presentacion/financiero/solicitudProceso/listarSolicitudProceso.xhtml HTTP/1.1" 200 22940
186.154.181.122 - - [26/Jan/2024:08:27:01 -0500] "POST /sipse/faces/presentacion/financiero/solicitudProceso/listarSolicitudProceso.xhtml HTTP/1.1" 200 5098
181.61.157.160 - - [26/Jan/2024:08:27:01 -0500] "POST /sipse/faces/presentacion/financiero/solicitudProceso/consultar.xhtml HTTP/1.1" 200 12999
186.154.181.122 - - [26/Jan/2024:08:27:01 -0500] "POST /sipse/faces/presentacion/financiero/solicitudProceso/listarSolicitudProceso.xhtml HTTP/1.1" 200 5090
201.245.192.253 - - [26/Jan/2024:08:27:04 -0500] "POST /forms/lservlet;jsessionid=ac16012b30d67d396d69ba114f9ba73cc384f4f1f357.e3iSbxaKaheRe3qKcheMbNuKc41ynknvrkLOlQzNp65In0 HTTP/1.1" 200 2
186.154.181.122 - - [26/Jan/2024:08:27:04 -0500] "POST /sipse/faces/presentacion/financiero/solicitudProceso/listarSolicitudProceso.xhtml HTTP/1.1" 200 152888
186.154.181.122 - - [26/Jan/2024:08:27:05 -0500] "GET /sipse/faces/javax.faces.resource/jquery/jquery.js?ln=primefaces&v=4.0 HTTP/1.1" 304 -
186.154.181.122 - - [26/Jan/2024:08:27:05 -0500] "GET /sipse/faces/javax.faces.resource/jquery/jquery-plugins.js?ln=primefaces&v=4.0 HTTP/1.1" 304 -
186.154.181.122 - - [26/Jan/2024:08:27:05 -0500] "GET /sipse/faces/javax.faces.resource/primefaces.js?ln=primefaces&v=4.0 HTTP/1.1" 304 -
186.154.181.122 - - [26/Jan/2024:08:27:05 -0500] "GET /sipse/faces/javax.faces.resource/layout/layout.js?ln=primefaces&v=4.0 HTTP/1.1" 304 -
156.59.198.136 - - [26/Jan/2024:08:27:11 -0500] "GET /BLA/resoluciones/RESOLUCIONES%202009/5644.pdf HTTP/1.0" 200 675816
186.154.181.122 - - [26/Jan/2024:08:27:14 -0500] "POST /sipse/faces/presentacion/financiero/solicitudProceso/consultarSolicitudProceso.xhtml HTTP/1.1" 200 5574
181.61.157.160 - - [26/Jan/2024:08:27:24 -0500] "POST /sipse/faces/presentacion/financiero/solicitudProceso/consultar.xhtml HTTP/1.1" 200 32034
181.61.157.160 - - [26/Jan/2024:08:27:25 -0500] "GET /sipse/faces/javax.faces.resource/theme.css?ln=primefaces-sipse HTTP/1.1" 304 -
181.61.157.160 - - [26/Jan/2024:08:27:25 -0500] "GET /sipse/faces/javax.faces.resource/primefaces.css?ln=primefaces&v=4.0 HTTP/1.1" 304 -
181.61.157.160 - - [26/Jan/2024:08:27:25 -0500] "GET /sipse/faces/javax.faces.resource/layout/layout.css?ln=primefaces&v=4.0 HTTP/1.1" 304 -
181.61.157.160 - - [26/Jan/2024:08:27:25 -0500] "GET /sipse/faces/javax.faces.resource/jquery/jquery.js?ln=primefaces&v=4.0 HTTP/1.1" 304 -
181.61.157.160 - - [26/Jan/2024:08:27:25 -0500] "GET /sipse/faces/javax.faces.resource/jquery/jquery-plugins.js?ln=primefaces&v=4.0 HTTP/1.1" 304 -
181.61.157.160 - - [26/Jan/2024:08:27:25 -0500] "GET /sipse/faces/javax.faces.resource/primefaces.js?ln=primefaces&v=4.0 HTTP/1.1" 304 -
181.61.157.160 - - [26/Jan/2024:08:27:25 -0500] "GET /sipse/faces/javax.faces.resource/layout/layout.js?ln=primefaces&v=4.0 HTTP/1.1" 304 -
181.61.157.160 - - [26/Jan/2024:08:27:25 -0500] "GET /sipse/css/imagen/contrasena.png HTTP/1.1" 404 383
181.61.157.160 - - [26/Jan/2024:08:27:25 -0500] "POST /sipse/faces/presentacion/financiero/solicitudProceso/listarSolicitudProceso.xhtml HTTP/1.1" 200 25427
181.61.157.160 - - [26/Jan/2024:08:27:25 -0500] "POST /sipse/faces/presentacion/financiero/solicitudProceso/listarSolicitudProceso.xhtml HTTP/1.1" 200 25427
181.61.157.160 - - [26/Jan/2024:08:27:25 -0500] "POST /sipse/faces/presentacion/financiero/solicitudProceso/listarSolicitudProceso.xhtml HTTP/1.1" 200 25427
181.61.157.160 - - [26/Jan/2024:08:27:26 -0500] "POST /sipse/faces/presentacion/financiero/solicitudProceso/listarSolicitudProceso.xhtml HTTP/1.1" 200 25427
181.61.157.160 - - [26/Jan/2024:08:27:26 -0500] "POST /sipse/faces/presentacion/financiero/solicitudProceso/listarSolicitudProceso.xhtml HTTP/1.1" 200 25427
181.61.157.160 - - [26/Jan/2024:08:27:26 -0500] "POST /sipse/faces/presentacion/financiero/solicitudProceso/listarSolicitudProceso.xhtml HTTP/1.1" 200 25427
181.61.157.160 - - [26/Jan/2024:08:27:27 -0500] "POST /sipse/faces/presentacion/financiero/solicitudProceso/listarSolicitudProceso.xhtml HTTP/1.1" 200 1376
181.61.157.160 - - [26/Jan/2024:08:27:27 -0500] "POST /sipse/faces/presentacion/financiero/solicitudProceso/listarSolicitudProceso.xhtml HTTP/1.1" 200 1376
181.61.157.160 - - [26/Jan/2024:08:27:27 -0500] "POST /sipse/faces/presentacion/financiero/solicitudProceso/listarSolicitudProceso.xhtml HTTP/1.1" 200 1384
181.61.157.160 - - [26/Jan/2024:08:27:27 -0500] "POST /sipse/faces/presentacion/financiero/solicitudProceso/listarSolicitudProceso.xhtml HTTP/1.1" 200 1376
181.61.157.160 - - [26/Jan/2024:08:27:28 -0500] "POST /sipse/faces/presentacion/financiero/solicitudProceso/listarSolicitudProceso.xhtml HTTP/1.1" 200 1384
181.61.157.160 - - [26/Jan/2024:08:27:28 -0500] "POST /sipse/faces/presentacion/financiero/solicitudProceso/listarSolicitudProceso.xhtml HTTP/1.1" 200 1376
181.61.157.160 - - [26/Jan/2024:08:27:28 -0500] "POST /sipse/faces/presentacion/financiero/solicitudProceso/listarSolicitudProceso.xhtml HTTP/1.1" 200 1380
181.61.157.160 - - [26/Jan/2024:08:27:30 -0500] "POST /sipse/faces/presentacion/financiero/solicitudProceso/listarSolicitudProceso.xhtml HTTP/1.1" 200 32118
156.59.198.135 - - [26/Jan/2024:08:27:37 -0500] "GET /BLA/resoluciones/RESOLUCIONES%202009/9262.pdf HTTP/1.0" 200 532063
181.61.157.160 - - [26/Jan/2024:08:27:40 -0500] "POST /sipse/faces/presentacion/financiero/solicitudProceso/listarSolicitudProceso.xhtml HTTP/1.1" 200 29202
181.61.157.160 - - [26/Jan/2024:08:27:48 -0500] "POST /sipse/faces/presentacion/financiero/solicitudProceso/listarSolicitudProceso.xhtml HTTP/1.1" 200 32156
216.245.221.92 - - [26/Jan/2024:08:27:56 -0500] "HEAD / HTTP/1.1" 200 -
156.59.198.136 - - [26/Jan/2024:08:27:59 -0500] "GET /BLA/resoluciones/RESOLUCIONES%202009/RESOLUCION%203581%20DE%202009.PDF HTTP/1.0" 200 108405
181.61.157.160 - - [26/Jan/2024:08:28:09 -0500] "POST /sipse/faces/presentacion/financiero/solicitudProceso/listarSolicitudProceso.xhtml HTTP/1.1" 200 144462
181.61.157.160 - - [26/Jan/2024:08:28:10 -0500] "GET /sipse/faces/javax.faces.resource/layout/layout.css?ln=primefaces&v=4.0 HTTP/1.1" 304 -
181.61.157.160 - - [26/Jan/2024:08:28:10 -0500] "GET /sipse/faces/javax.faces.resource/theme.css?ln=primefaces-sipse HTTP/1.1" 304 -
181.61.157.160 - - [26/Jan/2024:08:28:10 -0500] "GET /sipse/faces/javax.faces.resource/primefaces.css?ln=primefaces&v=4.0 HTTP/1.1" 304 -
181.61.157.160 - - [26/Jan/2024:08:28:10 -0500] "GET /sipse/faces/javax.faces.resource/jquery/jquery.js?ln=primefaces&v=4.0 HTTP/1.1" 304 -
181.61.157.160 - - [26/Jan/2024:08:28:10 -0500] "GET /sipse/faces/javax.faces.resource/jquery/jquery-plugins.js?ln=primefaces&v=4.0 HTTP/1.1" 304 -
181.61.157.160 - - [26/Jan/2024:08:28:10 -0500] "GET /sipse/faces/javax.faces.resource/primefaces.js?ln=primefaces&v=4.0 HTTP/1.1" 304 -
181.61.157.160 - - [26/Jan/2024:08:28:10 -0500] "GET /sipse/faces/javax.faces.resource/layout/layout.js?ln=primefaces&v=4.0 HTTP/1.1" 304 -
181.61.157.160 - - [26/Jan/2024:08:28:10 -0500] "GET /sipse/css/imagen/contrasena.png HTTP/1.1" 404 383
181.61.157.160 - - [26/Jan/2024:08:28:16 -0500] "POST /sipse/faces/presentacion/financiero/solicitudProceso/consultarSolicitudProceso.xhtml HTTP/1.1" 200 5522
186.154.181.122 - - [26/Jan/2024:08:28:20 -0500] "POST /sipse/faces/presentacion/financiero/solicitudProceso/consultarSolicitudProceso.xhtml HTTP/1.1" 200 38650
186.154.181.122 - - [26/Jan/2024:08:28:20 -0500] "GET /sipse/faces/javax.faces.resource/theme.css?ln=primefaces-sipse HTTP/1.1" 304 -
186.154.181.122 - - [26/Jan/2024:08:28:20 -0500] "GET /sipse/faces/javax.faces.resource/primefaces.css?ln=primefaces&v=4.0 HTTP/1.1" 304 -
186.154.181.122 - - [26/Jan/2024:08:28:20 -0500] "GET /sipse/faces/javax.faces.resource/jquery/jquery.js?ln=primefaces&v=4.0 HTTP/1.1" 304 -
186.154.181.122 - - [26/Jan/2024:08:28:20 -0500] "GET /sipse/faces/javax.faces.resource/layout/layout.css?ln=primefaces&v=4.0 HTTP/1.1" 304 -
186.154.181.122 - - [26/Jan/2024:08:28:20 -0500] "GET /sipse/faces/javax.faces.resource/jquery/jquery-plugins.js?ln=primefaces&v=4.0 HTTP/1.1" 304 -
186.154.181.122 - - [26/Jan/2024:08:28:20 -0500] "GET /sipse/faces/javax.faces.resource/primefaces.js?ln=primefaces&v=4.0 HTTP/1.1" 304 -
186.154.181.122 - - [26/Jan/2024:08:28:20 -0500] "GET /sipse/faces/javax.faces.resource/layout/layout.js?ln=primefaces&v=4.0 HTTP/1.1" 304 -
186.154.181.122 - - [26/Jan/2024:08:28:21 -0500] "GET /sipse/faces/javax.faces.resource/images/ui-icons_898989_256x240.png?ln=primefaces-aristo HTTP/1.1" 304 -
186.154.181.122 - - [26/Jan/2024:08:28:21 -0500] "GET /sipse/faces/javax.faces.resource/images/ui-bg_flat_0_2d5972_40x100.png?ln=primefaces-aristo HTTP/1.1" 304 -
186.154.181.122 - - [26/Jan/2024:08:28:21 -0500] "POST /sipse/faces/presentacion/financiero/solicitudProceso/listarSolicitudProceso.xhtml HTTP/1.1" 200 1396
186.154.181.122 - - [26/Jan/2024:08:28:21 -0500] "POST /sipse/faces/presentacion/financiero/solicitudProceso/listarSolicitudProceso.xhtml HTTP/1.1" 200 1396
156.59.198.136 - - [26/Jan/2024:08:28:25 -0500] "GET /BLA/resoluciones/RESOLUCIONES%202009/9315.pdf HTTP/1.0" 200 450149
