201.245.192.253 - - [26/Jan/2024:08:13:04 -0500] "POST /forms/lservlet;jsessionid=ac16012b30d67d396d69ba114f9ba73cc384f4f1f357.e3iSbxaKaheRe3qKcheMbNuKc41ynknvrkLOlQzNp65In0 HTTP/1.1" 200 2
191.108.49.67 - - [26/Jan/2024:08:11:55 -0500] "GET /portaldeninos/wp-content/uploads/2021/07/Recorrido-Aula-Mirador-de-los-Nevados.mp4 HTTP/1.1" 206 6328611
156.59.198.135 - - [26/Jan/2024:08:13:13 -0500] "GET /BLA/resoluciones/RESOLUCIONES%202009/9365.pdf HTTP/1.0" 200 495049
172.22.2.4 - - [26/Jan/2024:08:11:34 -0500] "HEAD /BLA/boletinlegal/ HTTP/1.1" 200 -
69.63.184.10 - - [26/Jan/2024:08:13:26 -0500] "GET /secretaria-de-ambiente-recupera-cuatro-animales-silvestres-y-realiza-recorridos-para-identificar-fauna-herida-de-incendios-forestales.html HTTP/1.1" 200 902
156.59.198.136 - - [26/Jan/2024:08:13:38 -0500] "GET /BLA/resoluciones/RESOLUCIONES%202009/9810.pdf HTTP/1.0" 200 399415
186.98.67.144 - - [26/Jan/2024:08:13:44 -0500] "GET /sipse/faces/faces/index.xhtml HTTP/1.1" 200 677
186.98.67.144 - - [26/Jan/2024:08:13:44 -0500] "GET /sipse/faces/javax.faces.resource/theme.css?ln=primefaces-sipse HTTP/1.1" 304 -
186.98.67.144 - - [26/Jan/2024:08:13:46 -0500] "GET /sipse/faces/faces/faces/autenticacion.xhtml HTTP/1.1" 200 12403
186.98.67.144 - - [26/Jan/2024:08:13:46 -0500] "GET /sipse/css/custom_css_sg_prime_login.css HTTP/1.1" 304 -
186.98.67.144 - - [26/Jan/2024:08:13:46 -0500] "GET /sipse/js/disable_browser_buttons.js HTTP/1.1" 304 -
186.98.67.144 - - [26/Jan/2024:08:13:46 -0500] "GET /sipse/js/funciones.js HTTP/1.1" 304 -
186.98.67.144 - - [26/Jan/2024:08:13:46 -0500] "GET /sipse/css/custom_css_sg.css HTTP/1.1" 304 -
186.98.67.144 - - [26/Jan/2024:08:13:46 -0500] "GET /sipse/faces/javax.faces.resource/theme.css?ln=primefaces-sipse HTTP/1.1" 304 -
186.98.67.144 - - [26/Jan/2024:08:13:46 -0500] "GET /sipse/faces/javax.faces.resource/primefaces.css?ln=primefaces&v=4.0 HTTP/1.1" 304 -
186.98.67.144 - - [26/Jan/2024:08:13:46 -0500] "GET /sipse/faces/javax.faces.resource/layout/layout.css?ln=primefaces&v=4.0 HTTP/1.1" 304 -
186.98.67.144 - - [26/Jan/2024:08:13:46 -0500] "GET /sipse/faces/javax.faces.resource/jquery/jquery-plugins.js?ln=primefaces&v=4.0 HTTP/1.1" 304 -
186.98.67.144 - - [26/Jan/2024:08:13:46 -0500] "GET /sipse/faces/javax.faces.resource/layout/layout.js?ln=primefaces&v=4.0 HTTP/1.1" 304 -
186.98.67.144 - - [26/Jan/2024:08:13:46 -0500] "GET /sipse/faces/javax.faces.resource/jquery/jquery.js?ln=primefaces&v=4.0 HTTP/1.1" 304 -
186.98.67.144 - - [26/Jan/2024:08:13:46 -0500] "GET /sipse/faces/javax.faces.resource/primefaces.js?ln=primefaces&v=4.0 HTTP/1.1" 304 -
186.98.67.144 - - [26/Jan/2024:08:13:46 -0500] "GET /sipse/css/imagen/loginimg.png HTTP/1.1" 304 -
186.98.67.144 - - [26/Jan/2024:08:13:46 -0500] "GET /sipse/css/imagen/logoSDG.png HTTP/1.1" 304 -
186.98.67.144 - - [26/Jan/2024:08:13:46 -0500] "GET /sipse/faces/javax.faces.resource/images/ui-icons_898989_256x240.png?ln=primefaces-aristo HTTP/1.1" 304 -
156.59.198.136 - - [26/Jan/2024:08:14:02 -0500] "GET /BLA/resoluciones/RESOLUCIONES%202009/9243.pdf HTTP/1.0" 200 494398
172.22.2.4 - - [26/Jan/2024:08:12:25 -0500] "GET /BLA/boletinlegal/ HTTP/1.1" 200 61050
156.59.198.136 - - [26/Jan/2024:08:14:26 -0500] "GET /BLA/resoluciones/RESOLUCIONES%202009/9212.pdf HTTP/1.0" 200 490521
201.245.192.253 - - [26/Jan/2024:08:14:38 -0500] "POST /kwsrmcab/Wsrmcab HTTP/1.1" 200 41381
201.245.192.253 - - [26/Jan/2024:08:14:41 -0500] "POST /kwsrmcab/Wsrmcab HTTP/1.1" 200 39744
156.59.198.135 - - [26/Jan/2024:08:14:51 -0500] "GET /BLA/resoluciones/RESOLUCIONES%202009/9655.pdf HTTP/1.0" 200 534991
186.116.210.50 - - [26/Jan/2024:08:14:58 -0500] "POST /sipse/faces/presentacion/financiero/solicitudProceso/consultarSolicitudProceso.xhtml HTTP/1.1" 200 75940
201.245.192.253 - - [26/Jan/2024:08:15:04 -0500] "POST /forms/lservlet;jsessionid=ac16012b30d67d396d69ba114f9ba73cc384f4f1f357.e3iSbxaKaheRe3qKcheMbNuKc41ynknvrkLOlQzNp65In0 HTTP/1.1" 200 2
156.59.198.136 - - [26/Jan/2024:08:15:16 -0500] "GET /BLA/resoluciones/RESOLUCIONES%202009/9715.pdf HTTP/1.0" 200 308474
172.22.2.4 - - [26/Jan/2024:08:15:23 -0500] "GET /BLA/boletinlegal/actos.php HTTP/1.1" 200 9738
17.241.219.103 - - [26/Jan/2024:08:15:34 -0500] "GET /secretaria-de-ambiente-instalo-movil-en-la-quebrada-la-vieja-para-atender-a-la-fauna-silvestre.html HTTP/1.1" 200 1019
191.95.53.26 - - [26/Jan/2024:08:15:35 -0500] "GET /sipse/faces/presentacion/financiero/solicitudProceso/consultarSolicitudProceso.xhtml HTTP/1.1" 302 -
191.95.53.26 - - [26/Jan/2024:08:15:35 -0500] "GET /sipse/faces/javax.faces.resource/primefaces.css?ln=primefaces&v=4.0 HTTP/1.1" 304 -
191.95.53.26 - - [26/Jan/2024:08:15:35 -0500] "GET /sipse/faces/javax.faces.resource/theme.css?ln=primefaces-sipse HTTP/1.1" 304 -
191.95.53.26 - - [26/Jan/2024:08:15:35 -0500] "GET /sipse/faces/javax.faces.resource/layout/layout.js?ln=primefaces&v=4.0 HTTP/1.1" 304 -
191.95.53.26 - - [26/Jan/2024:08:15:35 -0500] "GET /sipse/faces/javax.faces.resource/jquery/jquery.js?ln=primefaces&v=4.0 HTTP/1.1" 304 -
191.95.53.26 - - [26/Jan/2024:08:15:35 -0500] "GET /sipse/faces/javax.faces.resource/layout/layout.css?ln=primefaces&v=4.0 HTTP/1.1" 304 -
191.95.53.26 - - [26/Jan/2024:08:15:35 -0500] "GET /sipse/faces/autenticacion.xhtml HTTP/1.1" 200 12403
191.95.53.26 - - [26/Jan/2024:08:15:35 -0500] "GET /sipse/faces/javax.faces.resource/jquery/jquery-plugins.js?ln=primefaces&v=4.0 HTTP/1.1" 304 -
191.95.53.26 - - [26/Jan/2024:08:15:35 -0500] "GET /sipse/faces/javax.faces.resource/primefaces.js?ln=primefaces&v=4.0 HTTP/1.1" 304 -
191.95.53.26 - - [26/Jan/2024:08:15:35 -0500] "GET /sipse/faces/javax.faces.resource/images/ui-icons_898989_256x240.png?ln=primefaces-aristo HTTP/1.1" 304 -
191.95.53.26 - - [26/Jan/2024:08:15:35 -0500] "GET /sipse/faces/index.xhtml HTTP/1.1" 200 677
191.95.53.26 - - [26/Jan/2024:08:15:36 -0500] "GET /sipse/faces/javax.faces.resource/theme.css?ln=primefaces-sipse HTTP/1.1" 304 -
191.95.53.26 - - [26/Jan/2024:08:15:36 -0500] "GET /sipse/faces/faces/autenticacion.xhtml HTTP/1.1" 200 12403
191.95.53.26 - - [26/Jan/2024:08:15:36 -0500] "GET /sipse/faces/javax.faces.resource/primefaces.css?ln=primefaces&v=4.0 HTTP/1.1" 304 -
191.95.53.26 - - [26/Jan/2024:08:15:36 -0500] "GET /sipse/faces/javax.faces.resource/theme.css?ln=primefaces-sipse HTTP/1.1" 304 -
191.95.53.26 - - [26/Jan/2024:08:15:36 -0500] "GET /sipse/faces/javax.faces.resource/jquery/jquery.js?ln=primefaces&v=4.0 HTTP/1.1" 304 -
191.95.53.26 - - [26/Jan/2024:08:15:36 -0500] "GET /sipse/faces/javax.faces.resource/jquery/jquery-plugins.js?ln=primefaces&v=4.0 HTTP/1.1" 304 -
191.95.53.26 - - [26/Jan/2024:08:15:36 -0500] "GET /sipse/faces/javax.faces.resource/layout/layout.css?ln=primefaces&v=4.0 HTTP/1.1" 304 -
191.95.53.26 - - [26/Jan/2024:08:15:36 -0500] "GET /sipse/faces/javax.faces.resource/primefaces.js?ln=primefaces&v=4.0 HTTP/1.1" 304 -
191.95.53.26 - - [26/Jan/2024:08:15:36 -0500] "GET /sipse/faces/javax.faces.resource/layout/layout.js?ln=primefaces&v=4.0 HTTP/1.1" 304 -
191.95.53.26 - - [26/Jan/2024:08:15:36 -0500] "GET /sipse/faces/javax.faces.resource/images/ui-icons_898989_256x240.png?ln=primefaces-aristo HTTP/1.1" 304 -
156.59.198.136 - - [26/Jan/2024:08:15:40 -0500] "GET /BLA/resoluciones/RESOLUCIONES%202009/9100.pdf HTTP/1.0" 200 481287
186.84.88.171 - - [26/Jan/2024:08:15:42 -0500] "POST /sipse/faces/presentacion/financiero/solicitudProceso/listarSolicitudProceso.xhtml HTTP/1.1" 200 911
186.84.88.171 - - [26/Jan/2024:08:15:45 -0500] "GET /sipse/faces/faces/autenticacion HTTP/1.1" 302 -
186.84.88.171 - - [26/Jan/2024:08:15:45 -0500] "GET /sipse/faces/autenticacion.xhtml HTTP/1.1" 200 12403
186.84.88.171 - - [26/Jan/2024:08:15:45 -0500] "GET /sipse/faces/javax.faces.resource/theme.css?ln=primefaces-sipse HTTP/1.1" 304 -
186.84.88.171 - - [26/Jan/2024:08:15:45 -0500] "GET /sipse/faces/javax.faces.resource/primefaces.css?ln=primefaces&v=4.0 HTTP/1.1" 304 -
186.84.88.171 - - [26/Jan/2024:08:15:45 -0500] "GET /sipse/faces/javax.faces.resource/layout/layout.css?ln=primefaces&v=4.0 HTTP/1.1" 304 -
186.84.88.171 - - [26/Jan/2024:08:15:45 -0500] "GET /sipse/faces/javax.faces.resource/jquery/jquery.js?ln=primefaces&v=4.0 HTTP/1.1" 304 -
186.84.88.171 - - [26/Jan/2024:08:15:45 -0500] "GET /sipse/faces/javax.faces.resource/primefaces.js?ln=primefaces&v=4.0 HTTP/1.1" 304 -
186.84.88.171 - - [26/Jan/2024:08:15:45 -0500] "GET /sipse/faces/javax.faces.resource/jquery/jquery-plugins.js?ln=primefaces&v=4.0 HTTP/1.1" 304 -
186.84.88.171 - - [26/Jan/2024:08:15:45 -0500] "GET /sipse/faces/javax.faces.resource/layout/layout.js?ln=primefaces&v=4.0 HTTP/1.1" 304 -
186.84.88.171 - - [26/Jan/2024:08:15:45 -0500] "GET /sipse/faces/javax.faces.resource/images/ui-icons_898989_256x240.png?ln=primefaces-aristo HTTP/1.1" 304 -
186.84.88.171 - - [26/Jan/2024:08:15:58 -0500] "POST /sipse/faces/autenticacion.xhtml HTTP/1.1" 200 2179
186.84.88.171 - - [26/Jan/2024:08:15:58 -0500] "GET /sipse/faces/javax.faces.resource/messages/messages.png?ln=primefaces&v=4.0 HTTP/1.1" 304 -
156.59.198.136 - - [26/Jan/2024:08:16:04 -0500] "GET /BLA/resoluciones/RESOLUCIONES%202009/9094.pdf HTTP/1.0" 200 512151
201.245.192.253 - - [26/Jan/2024:08:16:05 -0500] "GET /forms/frmservlet?config=sae HTTP/1.1" 200 4134
186.84.88.171 - - [26/Jan/2024:08:16:07 -0500] "POST /sipse/faces/autenticacion.xhtml HTTP/1.1" 200 16781
186.84.88.171 - - [26/Jan/2024:08:16:07 -0500] "GET /sipse/faces/javax.faces.resource/theme.css?ln=primefaces-sipse HTTP/1.1" 304 -
186.84.88.171 - - [26/Jan/2024:08:16:07 -0500] "GET /sipse/faces/javax.faces.resource/jquery/jquery.js?ln=primefaces&v=4.0 HTTP/1.1" 304 -
186.84.88.171 - - [26/Jan/2024:08:16:07 -0500] "GET /sipse/faces/javax.faces.resource/primefaces.css?ln=primefaces&v=4.0 HTTP/1.1" 304 -
186.84.88.171 - - [26/Jan/2024:08:16:07 -0500] "GET /sipse/faces/javax.faces.resource/layout/layout.css?ln=primefaces&v=4.0 HTTP/1.1" 304 -
186.84.88.171 - - [26/Jan/2024:08:16:07 -0500] "GET /sipse/faces/javax.faces.resource/jquery/jquery-plugins.js?ln=primefaces&v=4.0 HTTP/1.1" 304 -
186.84.88.171 - - [26/Jan/2024:08:16:07 -0500] "GET /sipse/faces/javax.faces.resource/primefaces.js?ln=primefaces&v=4.0 HTTP/1.1" 304 -
186.84.88.171 - - [26/Jan/2024:08:16:07 -0500] "GET /sipse/faces/javax.faces.resource/layout/layout.js?ln=primefaces&v=4.0 HTTP/1.1" 304 -
186.84.88.171 - - [26/Jan/2024:08:16:07 -0500] "GET /sipse/css/imagen/contrasena.png HTTP/1.1" 404 383
186.84.88.171 - - [26/Jan/2024:08:16:09 -0500] "GET /sipse/faces/javax.faces.resource/images/ui-bg_flat_0_2d5972_40x100.png?ln=primefaces-aristo HTTP/1.1" 304 -
186.84.88.171 - - [26/Jan/2024:08:16:09 -0500] "POST /sipse/faces/bienvenido.xhtml HTTP/1.1" 200 2658
201.245.192.253 - - [26/Jan/2024:08:16:09 -0500] "GET /forms/frmservlet?config=sae HTTP/1.1" 200 4042
186.84.88.171 - - [26/Jan/2024:08:16:11 -0500] "POST /sipse/faces/bienvenido.xhtml HTTP/1.1" 200 45168
186.84.88.171 - - [26/Jan/2024:08:16:12 -0500] "GET /sipse/faces/javax.faces.resource/theme.css?ln=primefaces-sipse HTTP/1.1" 304 -
186.84.88.171 - - [26/Jan/2024:08:16:12 -0500] "GET /sipse/faces/javax.faces.resource/layout/layout.css?ln=primefaces&v=4.0 HTTP/1.1" 304 -
186.84.88.171 - - [26/Jan/2024:08:16:12 -0500] "GET /sipse/faces/javax.faces.resource/primefaces.css?ln=primefaces&v=4.0 HTTP/1.1" 304 -
186.84.88.171 - - [26/Jan/2024:08:16:12 -0500] "GET /sipse/faces/javax.faces.resource/jquery/jquery.js?ln=primefaces&v=4.0 HTTP/1.1" 304 -
186.84.88.171 - - [26/Jan/2024:08:16:12 -0500] "GET /sipse/faces/javax.faces.resource/jquery/jquery-plugins.js?ln=primefaces&v=4.0 HTTP/1.1" 304 -
186.84.88.171 - - [26/Jan/2024:08:16:12 -0500] "GET /sipse/faces/javax.faces.resource/primefaces.js?ln=primefaces&v=4.0 HTTP/1.1" 304 -
201.245.192.253 - - [26/Jan/2024:08:16:10 -0500] "POST /kwsrmcab/Wsrmcab  HTTP/1.1" 200 37857
186.84.88.171 - - [26/Jan/2024:08:16:12 -0500] "GET /sipse/faces/javax.faces.resource/layout/layout.js?ln=primefaces&v=4.0 HTTP/1.1" 304 -
186.84.88.171 - - [26/Jan/2024:08:16:12 -0500] "POST /sipse/faces/presentacion/financiero/solicitudProceso/listarSolicitudProceso.xhtml HTTP/1.1" 200 1468
201.245.192.253 - - [26/Jan/2024:08:16:15 -0500] "GET /forms/java/frmall_jinit.jar HTTP/1.1" 304 -
201.245.192.253 - - [26/Jan/2024:08:16:16 -0500] "GET /forms/frmservlet?config=sae HTTP/1.1" 200 4134
201.245.192.253 - - [26/Jan/2024:08:16:16 -0500] "GET /forms/java/icons.jar HTTP/1.1" 304 -
201.245.192.253 - - [26/Jan/2024:08:16:16 -0500] "GET /forms/java/java/awt/KeyboardFocusManager.class HTTP/1.1" 404 352
201.245.192.253 - - [26/Jan/2024:08:16:16 -0500] "GET /forms/java/java/awt/KeyboardFocusManager.class HTTP/1.1" 404 352
168.119.76.150 - - [26/Jan/2024:08:16:16 -0500] "GET /robots.txt HTTP/1.1" 404 1034
168.119.76.150 - - [26/Jan/2024:08:16:16 -0500] "GET /secretaria-de-ambiente-instalo-movil-en-la-quebrada-la-vieja-para-atender-a-la-fauna-silvestre.html HTTP/1.1" 200 1019
201.245.192.253 - - [26/Jan/2024:08:16:19 -0500] "GET /forms/frmservlet?config=sae HTTP/1.1" 200 4042
201.245.192.253 - - [26/Jan/2024:08:16:25 -0500] "GET /forms/java/frmall_jinit.jar HTTP/1.1" 304 -
201.245.192.253 - - [26/Jan/2024:08:16:25 -0500] "GET /forms/java/icons.jar HTTP/1.1" 304 -
201.245.192.253 - - [26/Jan/2024:08:16:25 -0500] "GET /forms/java/java/awt/KeyboardFocusManager.class HTTP/1.1" 404 352
201.245.192.253 - - [26/Jan/2024:08:16:25 -0500] "GET /forms/java/java/awt/KeyboardFocusManager.class HTTP/1.1" 404 352
201.245.192.253 - - [26/Jan/2024:08:16:26 -0500] "GET /favicon.ico HTTP/1.1" 200 7782
186.84.88.171 - - [26/Jan/2024:08:16:25 -0500] "POST /sipse/faces/presentacion/financiero/solicitudProceso/listarSolicitudProceso.xhtml HTTP/1.1" 200 141032
186.84.88.171 - - [26/Jan/2024:08:16:26 -0500] "GET /sipse/faces/javax.faces.resource/theme.css?ln=primefaces-sipse HTTP/1.1" 304 -
186.84.88.171 - - [26/Jan/2024:08:16:26 -0500] "GET /sipse/faces/javax.faces.resource/primefaces.css?ln=primefaces&v=4.0 HTTP/1.1" 304 -
186.84.88.171 - - [26/Jan/2024:08:16:26 -0500] "GET /sipse/faces/javax.faces.resource/layout/layout.css?ln=primefaces&v=4.0 HTTP/1.1" 304 -
186.84.88.171 - - [26/Jan/2024:08:16:26 -0500] "GET /sipse/faces/javax.faces.resource/jquery/jquery.js?ln=primefaces&v=4.0 HTTP/1.1" 304 -
201.245.192.253 - - [26/Jan/2024:08:16:26 -0500] "GET /forms/java/java/awt/event/MouseWheelListener.class HTTP/1.1" 404 356
201.245.192.253 - - [26/Jan/2024:08:16:26 -0500] "GET /forms/java/java/awt/event/MouseWheelListener.class HTTP/1.1" 404 356
186.84.88.171 - - [26/Jan/2024:08:16:26 -0500] "GET /sipse/faces/javax.faces.resource/jquery/jquery-plugins.js?ln=primefaces&v=4.0 HTTP/1.1" 304 -
186.84.88.171 - - [26/Jan/2024:08:16:26 -0500] "GET /sipse/faces/javax.faces.resource/primefaces.js?ln=primefaces&v=4.0 HTTP/1.1" 304 -
186.84.88.171 - - [26/Jan/2024:08:16:26 -0500] "GET /sipse/faces/javax.faces.resource/layout/layout.js?ln=primefaces&v=4.0 HTTP/1.1" 304 -
201.245.192.253 - - [26/Jan/2024:08:16:27 -0500] "GET /forms/java/oracle/forms/registry/Registry.dat HTTP/1.1" 200 4213
201.245.192.253 - - [26/Jan/2024:08:16:27 -0500] "GET /forms/java/oracle/forms/registry/default.dat HTTP/1.1" 404 350
201.245.192.253 - - [26/Jan/2024:08:16:27 -0500] "GET /forms/frmservlet?config=sae&acceptLanguage=es-CO,es;q=0.5&ifcmd=startsession HTTP/1.1" 200 118
201.245.192.253 - - [26/Jan/2024:08:16:27 -0500] "GET /forms/lservlet;jsessionid=ac16012b30d6abe7b988884748809bddc352ae6e08d2.e3iSbxaKaheRe3qKcheMbNuKc41ynknvrkLOlQzNp65In0?ifcmd=getinfo&ifhost=A1DGCAC7ST8&ifip=192.168.173.162 HTTP/1.1" 200 8
201.245.192.253 - - [26/Jan/2024:08:16:27 -0500] "POST /forms/lservlet;jsessionid=ac16012b30d6abe7b988884748809bddc352ae6e08d2.e3iSbxaKaheRe3qKcheMbNuKc41ynknvrkLOlQzNp65In0 HTTP/1.1" 200 8
201.245.192.253 - - [26/Jan/2024:08:16:28 -0500] "GET /forms/java/oracle/forms/engine/RunformBundle_es_CO.class HTTP/1.1" 404 362
201.245.192.253 - - [26/Jan/2024:08:16:28 -0500] "GET /forms/java/oracle/forms/engine/RunformBundle_es_CO.class HTTP/1.1" 404 362
201.245.192.253 - - [26/Jan/2024:08:16:28 -0500] "GET /forms/java/oracle/forms/engine/RunformBundle_es_CO.properties HTTP/1.1" 404 367
201.245.192.253 - - [26/Jan/2024:08:16:28 -0500] "POST /forms/lservlet;jsessionid=ac16012b30d6abe7b988884748809bddc352ae6e08d2.e3iSbxaKaheRe3qKcheMbNuKc41ynknvrkLOlQzNp65In0 HTTP/1.1" 200 2764
201.245.192.253 - - [26/Jan/2024:08:16:30 -0500] "POST /forms/lservlet;jsessionid=ac16012b30d6abe7b988884748809bddc352ae6e08d2.e3iSbxaKaheRe3qKcheMbNuKc41ynknvrkLOlQzNp65In0 HTTP/1.1" 200 2
201.245.192.253 - - [26/Jan/2024:08:16:30 -0500] "POST /forms/lservlet;jsessionid=ac16012b30d6abe7b988884748809bddc352ae6e08d2.e3iSbxaKaheRe3qKcheMbNuKc41ynknvrkLOlQzNp65In0 HTTP/1.1" 200 2
156.59.198.135 - - [26/Jan/2024:08:16:30 -0500] "GET /BLA/resoluciones/RESOLUCIONES%202009/9274.pdf HTTP/1.0" 200 514168
186.84.88.171 - - [26/Jan/2024:08:16:31 -0500] "POST /sipse/faces/presentacion/financiero/solicitudProceso/consultarSolicitudProceso.xhtml HTTP/1.1" 200 82071
146.19.24.23 - - [26/Jan/2024:08:16:39 -0500] "GET / HTTP/1.1" 200 319
201.245.192.253 - - [26/Jan/2024:08:16:43 -0500] "POST /forms/lservlet;jsessionid=ac16012b30d6abe7b988884748809bddc352ae6e08d2.e3iSbxaKaheRe3qKcheMbNuKc41ynknvrkLOlQzNp65In0 HTTP/1.1" 200 2865
201.245.192.253 - - [26/Jan/2024:08:16:43 -0500] "HEAD /imagenes/rt_pset.gif HTTP/1.1" 200 -
201.245.192.253 - - [26/Jan/2024:08:16:43 -0500] "HEAD /imagenes/rt_exit.gif HTTP/1.1" 200 -
201.245.192.253 - - [26/Jan/2024:08:16:43 -0500] "HEAD /imagenes/rt_help.gif HTTP/1.1" 200 -
201.245.192.253 - - [26/Jan/2024:08:16:44 -0500] "GET /imagenes/rt_exit.gif HTTP/1.1" 200 916
201.245.192.253 - - [26/Jan/2024:08:16:44 -0500] "GET /imagenes/rt_exit.gif HTTP/1.1" 200 916
201.245.192.253 - - [26/Jan/2024:08:16:44 -0500] "POST /forms/lservlet;jsessionid=ac16012b30d6abe7b988884748809bddc352ae6e08d2.e3iSbxaKaheRe3qKcheMbNuKc41ynknvrkLOlQzNp65In0 HTTP/1.1" 200 7
201.245.192.253 - - [26/Jan/2024:08:16:44 -0500] "POST /forms/lservlet;jsessionid=ac16012b30d6abe7b988884748809bddc352ae6e08d2.e3iSbxaKaheRe3qKcheMbNuKc41ynknvrkLOlQzNp65In0 HTTP/1.1" 200 2
201.245.192.253 - - [26/Jan/2024:08:16:44 -0500] "POST /forms/lservlet;jsessionid=ac16012b30d6abe7b988884748809bddc352ae6e08d2.e3iSbxaKaheRe3qKcheMbNuKc41ynknvrkLOlQzNp65In0 HTTP/1.1" 200 2
201.245.192.253 - - [26/Jan/2024:08:16:44 -0500] "POST /forms/lservlet;jsessionid=ac16012b30d6abe7b988884748809bddc352ae6e08d2.e3iSbxaKaheRe3qKcheMbNuKc41ynknvrkLOlQzNp65In0 HTTP/1.1" 200 2
201.245.192.253 - - [26/Jan/2024:08:16:44 -0500] "POST /forms/lservlet;jsessionid=ac16012b30d6abe7b988884748809bddc352ae6e08d2.e3iSbxaKaheRe3qKcheMbNuKc41ynknvrkLOlQzNp65In0 HTTP/1.1" 200 2
201.245.192.253 - - [26/Jan/2024:08:16:48 -0500] "POST /forms/lservlet;jsessionid=ac16012b30d6abe7b988884748809bddc352ae6e08d2.e3iSbxaKaheRe3qKcheMbNuKc41ynknvrkLOlQzNp65In0 HTTP/1.1" 200 11462
201.245.192.253 - - [26/Jan/2024:08:16:48 -0500] "HEAD /imagenes/msh_close.gif HTTP/1.1" 404 -
201.245.192.253 - - [26/Jan/2024:08:16:48 -0500] "GET /imagenes/msh_close.gif HTTP/1.1" 404 328
201.245.192.253 - - [26/Jan/2024:08:16:48 -0500] "HEAD /imagenes/rt_quer1.gif HTTP/1.1" 200 -
201.245.192.253 - - [26/Jan/2024:08:16:48 -0500] "HEAD /imagenes/rt_quer2.gif HTTP/1.1" 200 -
201.245.192.253 - - [26/Jan/2024:08:16:48 -0500] "HEAD /imagenes/rt_quer3.gif HTTP/1.1" 200 -
201.245.192.253 - - [26/Jan/2024:08:16:48 -0500] "HEAD /imagenes/rt_radd.gif HTTP/1.1" 200 -
201.245.192.253 - - [26/Jan/2024:08:16:48 -0500] "HEAD /imagenes/rt_rdel.gif HTTP/1.1" 200 -
201.245.192.253 - - [26/Jan/2024:08:16:48 -0500] "HEAD /imagenes/rt_rec1.gif HTTP/1.1" 200 -
201.245.192.253 - - [26/Jan/2024:08:16:48 -0500] "HEAD /imagenes/rt_rec4.gif HTTP/1.1" 200 -
201.245.192.253 - - [26/Jan/2024:08:16:48 -0500] "HEAD /imagenes/rt_save.gif HTTP/1.1" 200 -
201.245.192.253 - - [26/Jan/2024:08:16:48 -0500] "HEAD /imagenes/rt_print.gif HTTP/1.1" 200 -
201.245.192.253 - - [26/Jan/2024:08:16:48 -0500] "HEAD /imagenes/listval.gif HTTP/1.1" 200 -
201.245.192.253 - - [26/Jan/2024:08:16:48 -0500] "GET /imagenes/rt_quer1.gif HTTP/1.1" 200 930
201.245.192.253 - - [26/Jan/2024:08:16:48 -0500] "GET /imagenes/rt_quer2.gif HTTP/1.1" 200 936
201.245.192.253 - - [26/Jan/2024:08:16:48 -0500] "GET /imagenes/rt_quer3.gif HTTP/1.1" 200 939
201.245.192.253 - - [26/Jan/2024:08:16:48 -0500] "GET /imagenes/rt_radd.gif HTTP/1.1" 200 907
201.245.192.253 - - [26/Jan/2024:08:16:48 -0500] "GET /imagenes/rt_rdel.gif HTTP/1.1" 200 899
201.245.192.253 - - [26/Jan/2024:08:16:48 -0500] "GET /imagenes/rt_rec1.gif HTTP/1.1" 200 867
201.245.192.253 - - [26/Jan/2024:08:16:48 -0500] "GET /imagenes/rt_rec4.gif HTTP/1.1" 200 865
201.245.192.253 - - [26/Jan/2024:08:16:48 -0500] "GET /imagenes/rt_save.gif HTTP/1.1" 200 903
201.245.192.253 - - [26/Jan/2024:08:16:48 -0500] "GET /imagenes/rt_print.gif HTTP/1.1" 200 916
201.245.192.253 - - [26/Jan/2024:08:16:48 -0500] "GET /imagenes/listval.gif HTTP/1.1" 200 905
201.245.192.253 - - [26/Jan/2024:08:16:48 -0500] "POST /forms/lservlet;jsessionid=ac16012b30d6abe7b988884748809bddc352ae6e08d2.e3iSbxaKaheRe3qKcheMbNuKc41ynknvrkLOlQzNp65In0 HTTP/1.1" 200 10
201.245.192.253 - - [26/Jan/2024:08:16:50 -0500] "POST /forms/lservlet;jsessionid=ac16012b30d6abe7b988884748809bddc352ae6e08d2.e3iSbxaKaheRe3qKcheMbNuKc41ynknvrkLOlQzNp65In0 HTTP/1.1" 200 45
201.245.192.253 - - [26/Jan/2024:08:16:51 -0500] "POST /forms/lservlet;jsessionid=ac16012b30d6abe7b988884748809bddc352ae6e08d2.e3iSbxaKaheRe3qKcheMbNuKc41ynknvrkLOlQzNp65In0 HTTP/1.1" 200 55
201.245.192.253 - - [26/Jan/2024:08:16:51 -0500] "POST /forms/lservlet;jsessionid=ac16012b30d6abe7b988884748809bddc352ae6e08d2.e3iSbxaKaheRe3qKcheMbNuKc41ynknvrkLOlQzNp65In0 HTTP/1.1" 200 57
172.22.1.61 - - [26/Jan/2024:08:16:51 -0500] "GET /reportes_sipse/sdg/ServletFirma?solicitud=23869 HTTP/1.1" 200 -
201.245.192.253 - - [26/Jan/2024:08:16:55 -0500] "POST /forms/lservlet;jsessionid=ac16012b30d6abe7b988884748809bddc352ae6e08d2.e3iSbxaKaheRe3qKcheMbNuKc41ynknvrkLOlQzNp65In0 HTTP/1.1" 200 212
201.245.192.253 - - [26/Jan/2024:08:16:55 -0500] "POST /forms/lservlet;jsessionid=ac16012b30d6abe7b988884748809bddc352ae6e08d2.e3iSbxaKaheRe3qKcheMbNuKc41ynknvrkLOlQzNp65In0 HTTP/1.1" 200 21
201.245.192.253 - - [26/Jan/2024:08:16:55 -0500] "POST /forms/lservlet;jsessionid=ac16012b30d6abe7b988884748809bddc352ae6e08d2.e3iSbxaKaheRe3qKcheMbNuKc41ynknvrkLOlQzNp65In0 HTTP/1.1" 200 7
186.84.88.171 - - [26/Jan/2024:08:16:51 -0500] "POST /sipse/faces/presentacion/financiero/solicitudProceso/consultarSolicitudProceso.xhtml HTTP/1.1" 200 42573
201.245.192.253 - - [26/Jan/2024:08:16:55 -0500] "POST /forms/lservlet;jsessionid=ac16012b30d6abe7b988884748809bddc352ae6e08d2.e3iSbxaKaheRe3qKcheMbNuKc41ynknvrkLOlQzNp65In0 HTTP/1.1" 200 165
186.84.88.171 - - [26/Jan/2024:08:16:55 -0500] "GET /sipse/faces/javax.faces.resource/theme.css?ln=primefaces-sipse HTTP/1.1" 304 -
186.84.88.171 - - [26/Jan/2024:08:16:55 -0500] "GET /sipse/faces/javax.faces.resource/layout/layout.css?ln=primefaces&v=4.0 HTTP/1.1" 304 -
186.84.88.171 - - [26/Jan/2024:08:16:55 -0500] "GET /sipse/faces/javax.faces.resource/jquery/jquery.js?ln=primefaces&v=4.0 HTTP/1.1" 304 -
186.84.88.171 - - [26/Jan/2024:08:16:55 -0500] "GET /sipse/faces/javax.faces.resource/primefaces.css?ln=primefaces&v=4.0 HTTP/1.1" 304 -
156.59.198.135 - - [26/Jan/2024:08:16:55 -0500] "GET /BLA/resoluciones/RESOLUCIONES%202009/9597.pdf HTTP/1.0" 200 416914
186.84.88.171 - - [26/Jan/2024:08:16:55 -0500] "GET /sipse/faces/javax.faces.resource/jquery/jquery-plugins.js?ln=primefaces&v=4.0 HTTP/1.1" 304 -
186.84.88.171 - - [26/Jan/2024:08:16:55 -0500] "GET /sipse/faces/javax.faces.resource/primefaces.js?ln=primefaces&v=4.0 HTTP/1.1" 304 -
186.84.88.171 - - [26/Jan/2024:08:16:55 -0500] "GET /sipse/faces/javax.faces.resource/layout/layout.js?ln=primefaces&v=4.0 HTTP/1.1" 304 -
186.84.88.171 - - [26/Jan/2024:08:16:55 -0500] "POST /sipse/faces/presentacion/financiero/solicitudProceso/listarSolicitudProceso.xhtml HTTP/1.1" 200 1436
201.245.192.253 - - [26/Jan/2024:08:16:56 -0500] "POST /forms/lservlet;jsessionid=ac16012b30d6abe7b988884748809bddc352ae6e08d2.e3iSbxaKaheRe3qKcheMbNuKc41ynknvrkLOlQzNp65In0 HTTP/1.1" 200 2
186.84.88.171 - - [26/Jan/2024:08:16:57 -0500] "POST /sipse/faces/presentacion/financiero/solicitudProceso/listarSolicitudProceso.xhtml HTTP/1.1" 200 10480
186.84.88.171 - - [26/Jan/2024:08:16:57 -0500] "POST /sipse/faces/presentacion/financiero/solicitudProceso/listarSolicitudProceso.xhtml HTTP/1.1" 200 22139
186.84.88.171 - - [26/Jan/2024:08:16:58 -0500] "POST /sipse/faces/presentacion/financiero/solicitudProceso/listarSolicitudProceso.xhtml HTTP/1.1" 200 10480
201.245.192.253 - - [26/Jan/2024:08:17:01 -0500] "POST /forms/lservlet;jsessionid=ac16012b30d6abe7b988884748809bddc352ae6e08d2.e3iSbxaKaheRe3qKcheMbNuKc41ynknvrkLOlQzNp65In0 HTTP/1.1" 200 76
201.245.192.253 - - [26/Jan/2024:08:17:01 -0500] "POST /forms/lservlet;jsessionid=ac16012b30d6abe7b988884748809bddc352ae6e08d2.e3iSbxaKaheRe3qKcheMbNuKc41ynknvrkLOlQzNp65In0 HTTP/1.1" 200 11
201.245.192.253 - - [26/Jan/2024:08:17:01 -0500] "POST /forms/lservlet;jsessionid=ac16012b30d6abe7b988884748809bddc352ae6e08d2.e3iSbxaKaheRe3qKcheMbNuKc41ynknvrkLOlQzNp65In0 HTTP/1.1" 200 45
186.84.88.171 - - [26/Jan/2024:08:17:01 -0500] "POST /sipse/faces/presentacion/financiero/solicitudProceso/listarSolicitudProceso.xhtml HTTP/1.1" 200 140930
186.84.88.171 - - [26/Jan/2024:08:17:02 -0500] "GET /sipse/faces/javax.faces.resource/theme.css?ln=primefaces-sipse HTTP/1.1" 304 -
186.84.88.171 - - [26/Jan/2024:08:17:02 -0500] "GET /sipse/faces/javax.faces.resource/primefaces.css?ln=primefaces&v=4.0 HTTP/1.1" 304 -
186.84.88.171 - - [26/Jan/2024:08:17:02 -0500] "GET /sipse/faces/javax.faces.resource/layout/layout.css?ln=primefaces&v=4.0 HTTP/1.1" 304 -
186.84.88.171 - - [26/Jan/2024:08:17:02 -0500] "GET /sipse/faces/javax.faces.resource/jquery/jquery.js?ln=primefaces&v=4.0 HTTP/1.1" 304 -
186.84.88.171 - - [26/Jan/2024:08:17:02 -0500] "GET /sipse/faces/javax.faces.resource/jquery/jquery-plugins.js?ln=primefaces&v=4.0 HTTP/1.1" 304 -
186.84.88.171 - - [26/Jan/2024:08:17:02 -0500] "GET /sipse/faces/javax.faces.resource/primefaces.js?ln=primefaces&v=4.0 HTTP/1.1" 304 -
186.84.88.171 - - [26/Jan/2024:08:17:02 -0500] "GET /sipse/faces/javax.faces.resource/layout/layout.js?ln=primefaces&v=4.0 HTTP/1.1" 304 -
17.241.75.181 - - [26/Jan/2024:08:17:04 -0500] "GET /presentamos-las-nuevas-herramientas-de-la-secretaria-de-ambiente-para-analizar-y-monitorear-los-rios-de-bogota.html HTTP/1.1" 200 905
201.245.192.253 - - [26/Jan/2024:08:17:04 -0500] "POST /forms/lservlet;jsessionid=ac16012b30d6abe7b988884748809bddc352ae6e08d2.e3iSbxaKaheRe3qKcheMbNuKc41ynknvrkLOlQzNp65In0 HTTP/1.1" 200 380
201.245.192.253 - - [26/Jan/2024:08:17:04 -0500] "POST /forms/lservlet;jsessionid=ac16012b30d67d396d69ba114f9ba73cc384f4f1f357.e3iSbxaKaheRe3qKcheMbNuKc41ynknvrkLOlQzNp65In0 HTTP/1.1" 200 2
201.245.192.253 - - [26/Jan/2024:08:17:06 -0500] "POST /forms/lservlet;jsessionid=ac16012b30d6abe7b988884748809bddc352ae6e08d2.e3iSbxaKaheRe3qKcheMbNuKc41ynknvrkLOlQzNp65In0 HTTP/1.1" 200 69
201.245.192.253 - - [26/Jan/2024:08:17:08 -0500] "POST /forms/lservlet;jsessionid=ac16012b30d6abe7b988884748809bddc352ae6e08d2.e3iSbxaKaheRe3qKcheMbNuKc41ynknvrkLOlQzNp65In0 HTTP/1.1" 200 7
201.245.192.253 - - [26/Jan/2024:08:17:08 -0500] "POST /forms/lservlet;jsessionid=ac16012b30d6abe7b988884748809bddc352ae6e08d2.e3iSbxaKaheRe3qKcheMbNuKc41ynknvrkLOlQzNp65In0 HTTP/1.1" 200 1785
201.245.192.253 - - [26/Jan/2024:08:17:08 -0500] "POST /forms/lservlet;jsessionid=ac16012b30d6abe7b988884748809bddc352ae6e08d2.e3iSbxaKaheRe3qKcheMbNuKc41ynknvrkLOlQzNp65In0 HTTP/1.1" 200 2
172.22.1.61 - - [26/Jan/2024:08:17:07 -0500] "GET /reportes_sipse/sdg/ServletFirma?solicitud=24223 HTTP/1.1" 200 -
172.22.2.4 - - [26/Jan/2024:08:17:10 -0500] "GET /BLA/boletinlegal/Directivas/2018/Directiva%20No.%2027%20del%2028%20de%20diciembre%20de%202018.pdf HTTP/1.1" 200 2831879
186.84.88.171 - - [26/Jan/2024:08:17:07 -0500] "POST /sipse/faces/presentacion/financiero/solicitudProceso/consultarSolicitudProceso.xhtml HTTP/1.1" 200 42573
186.84.88.171 - - [26/Jan/2024:08:17:10 -0500] "GET /sipse/faces/javax.faces.resource/theme.css?ln=primefaces-sipse HTTP/1.1" 304 -
186.84.88.171 - - [26/Jan/2024:08:17:10 -0500] "GET /sipse/faces/javax.faces.resource/layout/layout.css?ln=primefaces&v=4.0 HTTP/1.1" 304 -
186.84.88.171 - - [26/Jan/2024:08:17:10 -0500] "GET /sipse/faces/javax.faces.resource/primefaces.css?ln=primefaces&v=4.0 HTTP/1.1" 304 -
186.84.88.171 - - [26/Jan/2024:08:17:10 -0500] "GET /sipse/faces/javax.faces.resource/jquery/jquery.js?ln=primefaces&v=4.0 HTTP/1.1" 304 -
186.84.88.171 - - [26/Jan/2024:08:17:10 -0500] "GET /sipse/faces/javax.faces.resource/jquery/jquery-plugins.js?ln=primefaces&v=4.0 HTTP/1.1" 304 -
186.84.88.171 - - [26/Jan/2024:08:17:10 -0500] "GET /sipse/faces/javax.faces.resource/primefaces.js?ln=primefaces&v=4.0 HTTP/1.1" 304 -
186.84.88.171 - - [26/Jan/2024:08:17:11 -0500] "GET /sipse/faces/javax.faces.resource/layout/layout.js?ln=primefaces&v=4.0 HTTP/1.1" 304 -
186.84.88.171 - - [26/Jan/2024:08:17:11 -0500] "POST /sipse/faces/presentacion/financiero/solicitudProceso/listarSolicitudProceso.xhtml HTTP/1.1" 200 1436
201.245.192.253 - - [26/Jan/2024:08:17:12 -0500] "POST /forms/lservlet;jsessionid=ac16012b30d6abe7b988884748809bddc352ae6e08d2.e3iSbxaKaheRe3qKcheMbNuKc41ynknvrkLOlQzNp65In0 HTTP/1.1" 200 33
201.245.192.253 - - [26/Jan/2024:08:17:12 -0500] "POST /forms/lservlet;jsessionid=ac16012b30d6abe7b988884748809bddc352ae6e08d2.e3iSbxaKaheRe3qKcheMbNuKc41ynknvrkLOlQzNp65In0 HTTP/1.1" 200 8
201.245.192.253 - - [26/Jan/2024:08:17:12 -0500] "POST /forms/lservlet;jsessionid=ac16012b30d6abe7b988884748809bddc352ae6e08d2.e3iSbxaKaheRe3qKcheMbNuKc41ynknvrkLOlQzNp65In0 HTTP/1.1" 200 2
186.84.88.171 - - [26/Jan/2024:08:17:12 -0500] "POST /sipse/faces/presentacion/financiero/solicitudProceso/listarSolicitudProceso.xhtml HTTP/1.1" 200 7507
186.84.88.171 - - [26/Jan/2024:08:17:12 -0500] "POST /sipse/faces/presentacion/financiero/solicitudProceso/listarSolicitudProceso.xhtml HTTP/1.1" 200 19166
186.84.88.171 - - [26/Jan/2024:08:17:13 -0500] "POST /sipse/faces/presentacion/financiero/solicitudProceso/listarSolicitudProceso.xhtml HTTP/1.1" 200 7507
201.245.192.253 - - [26/Jan/2024:08:17:13 -0500] "POST /forms/lservlet;jsessionid=ac16012b30d6abe7b988884748809bddc352ae6e08d2.e3iSbxaKaheRe3qKcheMbNuKc41ynknvrkLOlQzNp65In0 HTTP/1.1" 200 95
201.245.192.253 - - [26/Jan/2024:08:17:13 -0500] "POST /forms/lservlet;jsessionid=ac16012b30d6abe7b988884748809bddc352ae6e08d2.e3iSbxaKaheRe3qKcheMbNuKc41ynknvrkLOlQzNp65In0 HTTP/1.1" 200 21
201.245.192.253 - - [26/Jan/2024:08:17:13 -0500] "POST /forms/lservlet;jsessionid=ac16012b30d6abe7b988884748809bddc352ae6e08d2.e3iSbxaKaheRe3qKcheMbNuKc41ynknvrkLOlQzNp65In0 HTTP/1.1" 200 7
201.245.192.253 - - [26/Jan/2024:08:17:13 -0500] "POST /forms/lservlet;jsessionid=ac16012b30d6abe7b988884748809bddc352ae6e08d2.e3iSbxaKaheRe3qKcheMbNuKc41ynknvrkLOlQzNp65In0 HTTP/1.1" 200 157
201.245.192.253 - - [26/Jan/2024:08:17:14 -0500] "POST /forms/lservlet;jsessionid=ac16012b30d6abe7b988884748809bddc352ae6e08d2.e3iSbxaKaheRe3qKcheMbNuKc41ynknvrkLOlQzNp65In0 HTTP/1.1" 200 2
186.84.88.171 - - [26/Jan/2024:08:17:16 -0500] "POST /sipse/faces/presentacion/financiero/solicitudProceso/listarSolicitudProceso.xhtml HTTP/1.1" 200 135573
186.84.88.171 - - [26/Jan/2024:08:17:17 -0500] "GET /sipse/faces/javax.faces.resource/primefaces.css?ln=primefaces&v=4.0 HTTP/1.1" 304 -
186.84.88.171 - - [26/Jan/2024:08:17:17 -0500] "GET /sipse/faces/javax.faces.resource/theme.css?ln=primefaces-sipse HTTP/1.1" 304 -
186.84.88.171 - - [26/Jan/2024:08:17:17 -0500] "GET /sipse/faces/javax.faces.resource/layout/layout.css?ln=primefaces&v=4.0 HTTP/1.1" 304 -
186.84.88.171 - - [26/Jan/2024:08:17:17 -0500] "GET /sipse/faces/javax.faces.resource/jquery/jquery.js?ln=primefaces&v=4.0 HTTP/1.1" 304 -
186.84.88.171 - - [26/Jan/2024:08:17:17 -0500] "GET /sipse/faces/javax.faces.resource/jquery/jquery-plugins.js?ln=primefaces&v=4.0 HTTP/1.1" 304 -
186.84.88.171 - - [26/Jan/2024:08:17:17 -0500] "GET /sipse/faces/javax.faces.resource/primefaces.js?ln=primefaces&v=4.0 HTTP/1.1" 304 -
186.84.88.171 - - [26/Jan/2024:08:17:17 -0500] "GET /sipse/faces/javax.faces.resource/layout/layout.js?ln=primefaces&v=4.0 HTTP/1.1" 304 -
201.245.192.253 - - [26/Jan/2024:08:17:18 -0500] "POST /forms/lservlet;jsessionid=ac16012b30d6abe7b988884748809bddc352ae6e08d2.e3iSbxaKaheRe3qKcheMbNuKc41ynknvrkLOlQzNp65In0 HTTP/1.1" 200 27
201.245.192.253 - - [26/Jan/2024:08:17:18 -0500] "POST /forms/lservlet;jsessionid=ac16012b30d6abe7b988884748809bddc352ae6e08d2.e3iSbxaKaheRe3qKcheMbNuKc41ynknvrkLOlQzNp65In0 HTTP/1.1" 200 53
201.245.192.253 - - [26/Jan/2024:08:17:18 -0500] "POST /forms/lservlet;jsessionid=ac16012b30d6abe7b988884748809bddc352ae6e08d2.e3iSbxaKaheRe3qKcheMbNuKc41ynknvrkLOlQzNp65In0 HTTP/1.1" 200 47
156.59.198.136 - - [26/Jan/2024:08:17:20 -0500] "GET /BLA/resoluciones/RESOLUCIONES%202009/9169.pdf HTTP/1.0" 200 436477
172.22.1.61 - - [26/Jan/2024:08:17:21 -0500] "GET /reportes_sipse/sdg/ServletFirma?solicitud=23895 HTTP/1.1" 200 -
201.245.192.253 - - [26/Jan/2024:08:17:22 -0500] "POST /forms/lservlet;jsessionid=ac16012b30d6abe7b988884748809bddc352ae6e08d2.e3iSbxaKaheRe3qKcheMbNuKc41ynknvrkLOlQzNp65In0 HTTP/1.1" 200 75
186.84.88.171 - - [26/Jan/2024:08:17:21 -0500] "POST /sipse/faces/presentacion/financiero/solicitudProceso/consultarSolicitudProceso.xhtml HTTP/1.1" 200 39592
186.84.88.171 - - [26/Jan/2024:08:17:24 -0500] "GET /sipse/faces/javax.faces.resource/theme.css?ln=primefaces-sipse HTTP/1.1" 304 -
186.84.88.171 - - [26/Jan/2024:08:17:24 -0500] "GET /sipse/faces/javax.faces.resource/primefaces.css?ln=primefaces&v=4.0 HTTP/1.1" 304 -
186.84.88.171 - - [26/Jan/2024:08:17:24 -0500] "GET /sipse/faces/javax.faces.resource/layout/layout.css?ln=primefaces&v=4.0 HTTP/1.1" 304 -
186.84.88.171 - - [26/Jan/2024:08:17:24 -0500] "GET /sipse/faces/javax.faces.resource/jquery/jquery.js?ln=primefaces&v=4.0 HTTP/1.1" 304 -
186.84.88.171 - - [26/Jan/2024:08:17:24 -0500] "GET /sipse/faces/javax.faces.resource/jquery/jquery-plugins.js?ln=primefaces&v=4.0 HTTP/1.1" 304 -
201.245.192.253 - - [26/Jan/2024:08:17:24 -0500] "POST /forms/lservlet;jsessionid=ac16012b30d6abe7b988884748809bddc352ae6e08d2.e3iSbxaKaheRe3qKcheMbNuKc41ynknvrkLOlQzNp65In0 HTTP/1.1" 200 7
186.84.88.171 - - [26/Jan/2024:08:17:24 -0500] "GET /sipse/faces/javax.faces.resource/primefaces.js?ln=primefaces&v=4.0 HTTP/1.1" 304 -
186.84.88.171 - - [26/Jan/2024:08:17:24 -0500] "GET /sipse/faces/javax.faces.resource/layout/layout.js?ln=primefaces&v=4.0 HTTP/1.1" 304 -
201.245.192.253 - - [26/Jan/2024:08:17:24 -0500] "POST /forms/lservlet;jsessionid=ac16012b30d6abe7b988884748809bddc352ae6e08d2.e3iSbxaKaheRe3qKcheMbNuKc41ynknvrkLOlQzNp65In0 HTTP/1.1" 200 1208
201.245.192.253 - - [26/Jan/2024:08:17:24 -0500] "POST /forms/lservlet;jsessionid=ac16012b30d6abe7b988884748809bddc352ae6e08d2.e3iSbxaKaheRe3qKcheMbNuKc41ynknvrkLOlQzNp65In0 HTTP/1.1" 200 2
186.84.88.171 - - [26/Jan/2024:08:17:24 -0500] "POST /sipse/faces/presentacion/financiero/solicitudProceso/listarSolicitudProceso.xhtml HTTP/1.1" 200 1416
186.84.88.171 - - [26/Jan/2024:08:17:26 -0500] "POST /sipse/faces/presentacion/financiero/solicitudProceso/listarSolicitudProceso.xhtml HTTP/1.1" 200 4578
186.84.88.171 - - [26/Jan/2024:08:17:26 -0500] "POST /sipse/faces/presentacion/financiero/solicitudProceso/listarSolicitudProceso.xhtml HTTP/1.1" 200 16225
186.84.88.171 - - [26/Jan/2024:08:17:26 -0500] "POST /sipse/faces/presentacion/financiero/solicitudProceso/listarSolicitudProceso.xhtml HTTP/1.1" 200 4574
186.84.88.171 - - [26/Jan/2024:08:17:29 -0500] "POST /sipse/faces/presentacion/financiero/solicitudProceso/listarSolicitudProceso.xhtml HTTP/1.1" 200 140937
186.84.88.171 - - [26/Jan/2024:08:17:30 -0500] "GET /sipse/faces/javax.faces.resource/theme.css?ln=primefaces-sipse HTTP/1.1" 304 -
186.84.88.171 - - [26/Jan/2024:08:17:30 -0500] "GET /sipse/faces/javax.faces.resource/primefaces.css?ln=primefaces&v=4.0 HTTP/1.1" 304 -
186.84.88.171 - - [26/Jan/2024:08:17:30 -0500] "GET /sipse/faces/javax.faces.resource/layout/layout.css?ln=primefaces&v=4.0 HTTP/1.1" 304 -
186.84.88.171 - - [26/Jan/2024:08:17:30 -0500] "GET /sipse/faces/javax.faces.resource/jquery/jquery.js?ln=primefaces&v=4.0 HTTP/1.1" 304 -
186.84.88.171 - - [26/Jan/2024:08:17:30 -0500] "GET /sipse/faces/javax.faces.resource/jquery/jquery-plugins.js?ln=primefaces&v=4.0 HTTP/1.1" 304 -
186.84.88.171 - - [26/Jan/2024:08:17:30 -0500] "GET /sipse/faces/javax.faces.resource/primefaces.js?ln=primefaces&v=4.0 HTTP/1.1" 304 -
186.84.88.171 - - [26/Jan/2024:08:17:30 -0500] "GET /sipse/faces/javax.faces.resource/layout/layout.js?ln=primefaces&v=4.0 HTTP/1.1" 304 -
172.22.1.61 - - [26/Jan/2024:08:17:35 -0500] "GET /reportes_sipse/sdg/ServletFirma?solicitud=23853 HTTP/1.1" 200 -
186.84.88.171 - - [26/Jan/2024:08:17:34 -0500] "POST /sipse/faces/presentacion/financiero/solicitudProceso/consultarSolicitudProceso.xhtml HTTP/1.1" 200 36587
186.84.88.171 - - [26/Jan/2024:08:17:37 -0500] "GET /sipse/faces/javax.faces.resource/theme.css?ln=primefaces-sipse HTTP/1.1" 304 -
186.84.88.171 - - [26/Jan/2024:08:17:37 -0500] "GET /sipse/faces/javax.faces.resource/layout/layout.css?ln=primefaces&v=4.0 HTTP/1.1" 304 -
186.84.88.171 - - [26/Jan/2024:08:17:37 -0500] "GET /sipse/faces/javax.faces.resource/primefaces.css?ln=primefaces&v=4.0 HTTP/1.1" 304 -
186.84.88.171 - - [26/Jan/2024:08:17:37 -0500] "GET /sipse/faces/javax.faces.resource/jquery/jquery.js?ln=primefaces&v=4.0 HTTP/1.1" 304 -
186.84.88.171 - - [26/Jan/2024:08:17:37 -0500] "GET /sipse/faces/javax.faces.resource/jquery/jquery-plugins.js?ln=primefaces&v=4.0 HTTP/1.1" 304 -
186.84.88.171 - - [26/Jan/2024:08:17:37 -0500] "GET /sipse/faces/javax.faces.resource/primefaces.js?ln=primefaces&v=4.0 HTTP/1.1" 304 -
186.84.88.171 - - [26/Jan/2024:08:17:37 -0500] "GET /sipse/faces/javax.faces.resource/layout/layout.js?ln=primefaces&v=4.0 HTTP/1.1" 304 -
186.84.88.171 - - [26/Jan/2024:08:17:37 -0500] "POST /sipse/faces/presentacion/financiero/solicitudProceso/listarSolicitudProceso.xhtml HTTP/1.1" 200 1396
186.84.88.171 - - [26/Jan/2024:08:17:39 -0500] "POST /sipse/faces/presentacion/financiero/solicitudProceso/listarSolicitudProceso.xhtml HTTP/1.1" 200 1705
186.84.88.171 - - [26/Jan/2024:08:17:39 -0500] "POST /sipse/faces/presentacion/financiero/solicitudProceso/listarSolicitudProceso.xhtml HTTP/1.1" 200 13130
186.84.88.171 - - [26/Jan/2024:08:17:40 -0500] "POST /sipse/faces/presentacion/financiero/solicitudProceso/listarSolicitudProceso.xhtml HTTP/1.1" 200 1705
156.59.198.136 - - [26/Jan/2024:08:17:47 -0500] "GET /BLA/resoluciones/RESOLUCIONES%202009/9763.pdf HTTP/1.0" 200 324921
216.245.221.92 - - [26/Jan/2024:08:17:56 -0500] "HEAD / HTTP/1.1" 200 -
191.156.147.131 - - [26/Jan/2024:08:17:57 -0500] "GET /distrito-declara-alerta-zonal-por-deterioro-de-calidad-de-aire-y-toma-nuevas-decisiones-en-materia-de-movilidad.html HTTP/1.1" 200 860
181.61.157.160 - - [26/Jan/2024:08:18:01 -0500] "POST /sipse/faces/presentacion/financiero/solicitudProceso/consultarSolicitudProceso.xhtml HTTP/1.1" 200 62177
181.61.157.160 - - [26/Jan/2024:08:18:03 -0500] "GET /sipse/faces/javax.faces.resource/theme.css?ln=primefaces-sipse HTTP/1.1" 304 -
181.61.157.160 - - [26/Jan/2024:08:18:03 -0500] "GET /sipse/faces/javax.faces.resource/layout/layout.css?ln=primefaces&v=4.0 HTTP/1.1" 304 -
181.61.157.160 - - [26/Jan/2024:08:18:03 -0500] "GET /sipse/faces/javax.faces.resource/primefaces.css?ln=primefaces&v=4.0 HTTP/1.1" 304 -
181.61.157.160 - - [26/Jan/2024:08:18:03 -0500] "GET /sipse/faces/javax.faces.resource/jquery/jquery.js?ln=primefaces&v=4.0 HTTP/1.1" 304 -
181.61.157.160 - - [26/Jan/2024:08:18:03 -0500] "GET /sipse/faces/javax.faces.resource/jquery/jquery-plugins.js?ln=primefaces&v=4.0 HTTP/1.1" 304 -
181.61.157.160 - - [26/Jan/2024:08:18:03 -0500] "GET /sipse/css/imagen/contrasena.png HTTP/1.1" 404 383
181.61.157.160 - - [26/Jan/2024:08:18:03 -0500] "GET /sipse/faces/javax.faces.resource/primefaces.js?ln=primefaces&v=4.0 HTTP/1.1" 304 -
181.61.157.160 - - [26/Jan/2024:08:18:03 -0500] "GET /sipse/faces/javax.faces.resource/layout/layout.js?ln=primefaces&v=4.0 HTTP/1.1" 304 -
181.61.157.160 - - [26/Jan/2024:08:18:03 -0500] "GET /sipse/faces/javax.faces.resource/images/ui-icons_898989_256x240.png?ln=primefaces-aristo HTTP/1.1" 304 -
181.61.157.160 - - [26/Jan/2024:08:18:03 -0500] "POST /sipse/faces/presentacion/financiero/solicitudProceso/listarSolicitudProceso.xhtml HTTP/1.1" 200 1556
156.59.198.136 - - [26/Jan/2024:08:18:11 -0500] "GET /BLA/resoluciones/RESOLUCIONES%202009/9174.pdf HTTP/1.0" 200 451829
181.61.157.160 - - [26/Jan/2024:08:18:14 -0500] "POST /sipse/faces/presentacion/financiero/solicitudProceso/listarSolicitudProceso.xhtml HTTP/1.1" 200 32128
181.53.13.235 - - [26/Jan/2024:08:18:19 -0500] "GET /sipse/faces/javax.faces.resource/images/ui-bg_flat_0_2d5972_40x100.png?ln=primefaces-aristo HTTP/1.1" 304 -
181.53.13.235 - - [26/Jan/2024:08:18:19 -0500] "POST /sipse/faces/presentacion/financiero/solicitudProceso/consultarSolicitudProceso.xhtml HTTP/1.1" 200 43886
181.53.13.235 - - [26/Jan/2024:08:18:19 -0500] "GET /sipse/faces/javax.faces.resource/theme.css?ln=primefaces-sipse HTTP/1.1" 304 -
181.53.13.235 - - [26/Jan/2024:08:18:19 -0500] "GET /sipse/faces/javax.faces.resource/primefaces.css?ln=primefaces&v=4.0 HTTP/1.1" 304 -
181.53.13.235 - - [26/Jan/2024:08:18:19 -0500] "GET /sipse/faces/javax.faces.resource/layout/layout.css?ln=primefaces&v=4.0 HTTP/1.1" 304 -
181.53.13.235 - - [26/Jan/2024:08:18:19 -0500] "GET /sipse/faces/javax.faces.resource/jquery/jquery.js?ln=primefaces&v=4.0 HTTP/1.1" 304 -
181.53.13.235 - - [26/Jan/2024:08:18:19 -0500] "GET /sipse/faces/javax.faces.resource/jquery/jquery-plugins.js?ln=primefaces&v=4.0 HTTP/1.1" 304 -
181.53.13.235 - - [26/Jan/2024:08:18:19 -0500] "GET /sipse/faces/javax.faces.resource/primefaces.js?ln=primefaces&v=4.0 HTTP/1.1" 304 -
181.53.13.235 - - [26/Jan/2024:08:18:19 -0500] "GET /sipse/faces/javax.faces.resource/layout/layout.js?ln=primefaces&v=4.0 HTTP/1.1" 304 -
181.53.13.235 - - [26/Jan/2024:08:18:19 -0500] "GET /sipse/css/imagen/contrasena.png HTTP/1.1" 404 383
181.53.13.235 - - [26/Jan/2024:08:18:19 -0500] "POST /sipse/faces/presentacion/financiero/solicitudProceso/consultar.xhtml HTTP/1.1" 200 37285
181.53.13.235 - - [26/Jan/2024:08:18:20 -0500] "POST /sipse/faces/presentacion/financiero/solicitudProceso/consultar.xhtml HTTP/1.1" 200 37285
181.61.157.160 - - [26/Jan/2024:08:18:21 -0500] "POST /sipse/faces/presentacion/financiero/solicitudProceso/listarSolicitudProceso.xhtml HTTP/1.1" 200 148318
181.61.157.160 - - [26/Jan/2024:08:18:22 -0500] "GET /sipse/faces/javax.faces.resource/theme.css?ln=primefaces-sipse HTTP/1.1" 304 -
181.61.157.160 - - [26/Jan/2024:08:18:22 -0500] "GET /sipse/faces/javax.faces.resource/primefaces.css?ln=primefaces&v=4.0 HTTP/1.1" 304 -
181.61.157.160 - - [26/Jan/2024:08:18:22 -0500] "GET /sipse/faces/javax.faces.resource/layout/layout.css?ln=primefaces&v=4.0 HTTP/1.1" 304 -
181.61.157.160 - - [26/Jan/2024:08:18:22 -0500] "GET /sipse/faces/javax.faces.resource/jquery/jquery.js?ln=primefaces&v=4.0 HTTP/1.1" 304 -
181.61.157.160 - - [26/Jan/2024:08:18:22 -0500] "GET /sipse/faces/javax.faces.resource/jquery/jquery-plugins.js?ln=primefaces&v=4.0 HTTP/1.1" 304 -
181.61.157.160 - - [26/Jan/2024:08:18:22 -0500] "GET /sipse/faces/javax.faces.resource/primefaces.js?ln=primefaces&v=4.0 HTTP/1.1" 304 -
181.61.157.160 - - [26/Jan/2024:08:18:22 -0500] "GET /sipse/faces/javax.faces.resource/layout/layout.js?ln=primefaces&v=4.0 HTTP/1.1" 304 -
181.61.157.160 - - [26/Jan/2024:08:18:22 -0500] "GET /sipse/css/imagen/contrasena.png HTTP/1.1" 404 383
181.53.13.235 - - [26/Jan/2024:08:18:26 -0500] "POST /sipse/faces/presentacion/financiero/solicitudProceso/consultar.xhtml HTTP/1.1" 200 12869
201.245.192.253 - - [26/Jan/2024:08:18:28 -0500] "POST /forms/lservlet;jsessionid=ac16012b30d6abe7b988884748809bddc352ae6e08d2.e3iSbxaKaheRe3qKcheMbNuKc41ynknvrkLOlQzNp65In0 HTTP/1.1" 200 2
186.84.88.171 - - [26/Jan/2024:08:18:31 -0500] "POST /sipse/faces/presentacion/financiero/solicitudProceso/listarSolicitudProceso.xhtml HTTP/1.1" 200 1717
156.59.198.136 - - [26/Jan/2024:08:18:35 -0500] "GET /BLA/resoluciones/RESOLUCIONES%202009/9438.pdf HTTP/1.0" 200 443617
181.61.157.160 - - [26/Jan/2024:08:18:36 -0500] "POST /sipse/faces/presentacion/financiero/solicitudProceso/consultarSolicitudProceso.xhtml HTTP/1.1" 200 5522
66.249.66.21 - - [26/Jan/2024:08:18:40 -0500] "GET /BLA/resoluciones/RESOLUCIONES%202021/3158.pdf HTTP/1.1" 304 -
156.59.198.135 - - [26/Jan/2024:08:19:00 -0500] "GET /BLA/resoluciones/RESOLUCIONES%202009/9834.pdf HTTP/1.0" 200 559505
172.22.2.4 - - [26/Jan/2024:08:17:24 -0500] "HEAD /BLA/boletinlegal/ HTTP/1.1" 200 -
201.245.192.253 - - [26/Jan/2024:08:19:04 -0500] "POST /forms/lservlet;jsessionid=ac16012b30d67d396d69ba114f9ba73cc384f4f1f357.e3iSbxaKaheRe3qKcheMbNuKc41ynknvrkLOlQzNp65In0 HTTP/1.1" 200 2
201.245.192.253 - - [26/Jan/2024:08:19:10 -0500] "POST /kwsrmcab/Wsrmcab HTTP/1.1" 200 37577
192.99.19.229 - - [26/Jan/2024:08:19:15 -0500] "GET /secretaria-de-ambiente-instalo-movil-en-la-quebrada-la-vieja-para-atender-a-la-fauna-silvestre.html HTTP/1.1" 200 1019
156.59.198.135 - - [26/Jan/2024:08:19:24 -0500] "GET /BLA/resoluciones/RESOLUCIONES%202009/9588.pdf HTTP/1.0" 200 299579
181.53.13.235 - - [26/Jan/2024:08:19:25 -0500] "POST /sipse/faces/presentacion/financiero/solicitudProceso/consultar.xhtml HTTP/1.1" 200 37235
181.53.13.235 - - [26/Jan/2024:08:19:25 -0500] "POST /sipse/faces/presentacion/financiero/solicitudProceso/consultar.xhtml HTTP/1.1" 200 37235
181.53.13.235 - - [26/Jan/2024:08:19:25 -0500] "POST /sipse/faces/presentacion/financiero/solicitudProceso/consultar.xhtml HTTP/1.1" 200 37235
181.53.13.235 - - [26/Jan/2024:08:19:26 -0500] "POST /sipse/faces/presentacion/financiero/solicitudProceso/consultar.xhtml HTTP/1.1" 200 37235
181.53.13.235 - - [26/Jan/2024:08:19:31 -0500] "POST /sipse/faces/presentacion/financiero/solicitudProceso/consultar.xhtml HTTP/1.1" 200 12822
156.59.198.136 - - [26/Jan/2024:08:19:48 -0500] "GET /BLA/resoluciones/RESOLUCIONES%202009/9375.pdf HTTP/1.0" 200 986694
172.22.2.4 - - [26/Jan/2024:08:18:14 -0500] "GET /BLA/boletinlegal/ HTTP/1.1" 200 58720
186.154.181.122 - - [26/Jan/2024:08:19:55 -0500] "POST /sipse/faces/presentacion/financiero/solicitudProceso/listarSolicitudProceso.xhtml HTTP/1.1" 200 31464
186.154.181.122 - - [26/Jan/2024:08:19:56 -0500] "POST /sipse/faces/presentacion/financiero/solicitudProceso/listarSolicitudProceso.xhtml HTTP/1.1" 200 31464
186.154.181.122 - - [26/Jan/2024:08:19:58 -0500] "POST /sipse/faces/presentacion/financiero/solicitudProceso/listarSolicitudProceso.xhtml HTTP/1.1" 200 25773
186.154.181.122 - - [26/Jan/2024:08:19:59 -0500] "POST /sipse/faces/presentacion/financiero/solicitudProceso/listarSolicitudProceso.xhtml HTTP/1.1" 200 4910
186.154.181.122 - - [26/Jan/2024:08:19:59 -0500] "POST /sipse/faces/presentacion/financiero/solicitudProceso/listarSolicitudProceso.xhtml HTTP/1.1" 200 4918
186.154.181.122 - - [26/Jan/2024:08:20:00 -0500] "POST /sipse/faces/presentacion/financiero/solicitudProceso/listarSolicitudProceso.xhtml HTTP/1.1" 200 4910
181.61.157.160 - - [26/Jan/2024:08:20:03 -0500] "POST /sipse/faces/presentacion/financiero/solicitudProceso/consultarSolicitudProceso.xhtml HTTP/1.1" 200 5529
186.154.181.122 - - [26/Jan/2024:08:20:02 -0500] "POST /sipse/faces/presentacion/financiero/solicitudProceso/listarSolicitudProceso.xhtml HTTP/1.1" 200 141098
186.154.181.122 - - [26/Jan/2024:08:20:03 -0500] "GET /sipse/faces/javax.faces.resource/jquery/jquery.js?ln=primefaces&v=4.0 HTTP/1.1" 304 -
186.154.181.122 - - [26/Jan/2024:08:20:03 -0500] "GET /sipse/faces/javax.faces.resource/jquery/jquery-plugins.js?ln=primefaces&v=4.0 HTTP/1.1" 304 -
181.61.157.160 - - [26/Jan/2024:08:20:03 -0500] "GET /sipse/faces/javax.faces.resource/dynamiccontent.properties?ln=primefaces&pfdrid=XjOR5%2F%2FfPAZAuY9TpWQeCiM0BhlXxYRBGKi%2FQcXXfeA%3D&pfdrid_c=false HTTP/1.1" 200 120461
186.154.181.122 - - [26/Jan/2024:08:20:03 -0500] "GET /sipse/faces/javax.faces.resource/primefaces.js?ln=primefaces&v=4.0 HTTP/1.1" 304 -
186.154.181.122 - - [26/Jan/2024:08:20:03 -0500] "GET /sipse/faces/javax.faces.resource/layout/layout.js?ln=primefaces&v=4.0 HTTP/1.1" 304 -
186.154.181.122 - - [26/Jan/2024:08:20:12 -0500] "POST /sipse/faces/presentacion/financiero/solicitudProceso/consultarSolicitudProceso.xhtml HTTP/1.1" 200 19316
186.154.181.122 - - [26/Jan/2024:08:20:13 -0500] "GET /sipse/faces/javax.faces.resource/theme.css?ln=primefaces-sipse HTTP/1.1" 304 -
186.154.181.122 - - [26/Jan/2024:08:20:13 -0500] "GET /sipse/faces/javax.faces.resource/primefaces.css?ln=primefaces&v=4.0 HTTP/1.1" 304 -
186.154.181.122 - - [26/Jan/2024:08:20:13 -0500] "GET /sipse/faces/javax.faces.resource/layout/layout.css?ln=primefaces&v=4.0 HTTP/1.1" 304 -
186.154.181.122 - - [26/Jan/2024:08:20:13 -0500] "GET /sipse/faces/javax.faces.resource/jquery/jquery.js?ln=primefaces&v=4.0 HTTP/1.1" 304 -
186.154.181.122 - - [26/Jan/2024:08:20:13 -0500] "GET /sipse/faces/javax.faces.resource/jquery/jquery-plugins.js?ln=primefaces&v=4.0 HTTP/1.1" 304 -
186.154.181.122 - - [26/Jan/2024:08:20:13 -0500] "GET /sipse/faces/javax.faces.resource/primefaces.js?ln=primefaces&v=4.0 HTTP/1.1" 304 -
186.154.181.122 - - [26/Jan/2024:08:20:13 -0500] "GET /sipse/faces/javax.faces.resource/layout/layout.js?ln=primefaces&v=4.0 HTTP/1.1" 304 -
186.154.181.122 - - [26/Jan/2024:08:20:13 -0500] "GET /sipse/faces/javax.faces.resource/fileupload/fileupload.css?ln=primefaces&v=4.0 HTTP/1.1" 200 1330
186.154.181.122 - - [26/Jan/2024:08:20:13 -0500] "GET /sipse/faces/javax.faces.resource/fileupload/fileupload.js?ln=primefaces&v=4.0 HTTP/1.1" 304 -
