201.245.192.253 - - [26/Jan/2024:08:51:05 -0500] "POST /forms/lservlet;jsessionid=ac16012b30d67d396d69ba114f9ba73cc384f4f1f357.e3iSbxaKaheRe3qKcheMbNuKc41ynknvrkLOlQzNp65In0 HTTP/1.1" 200 2
156.59.198.135 - - [26/Jan/2024:08:51:18 -0500] "GET /BLA/resoluciones/RESOLUCIONES%202009/RESOLUCION%20837%20DE%202009.PDF HTTP/1.0" 200 65410
165.1.173.142 - - [26/Jan/2024:08:51:23 -0500] "GET /catalogoisis/Css/Busqueda.css HTTP/1.1" 200 1995
165.1.173.142 - - [26/Jan/2024:08:51:23 -0500] "GET /catalogoisis/Js/AceptarLimpiar.js HTTP/1.1" 200 331
165.1.173.142 - - [26/Jan/2024:08:51:23 -0500] "GET /catalogoisis/Js/Remote.js HTTP/1.1" 200 436
165.1.173.142 - - [26/Jan/2024:08:51:23 -0500] "GET /catalogoisis/Js/CriterioCombinada.js HTTP/1.1" 200 1843
165.1.173.142 - - [26/Jan/2024:08:51:23 -0500] "GET /catalogoisis/Js/Cookies.js HTTP/1.1" 200 1369
165.1.173.142 - - [26/Jan/2024:08:51:23 -0500] "GET /catalogoisis/Js/LimpiarCombinada.js HTTP/1.1" 200 207
165.1.173.142 - - [26/Jan/2024:08:51:23 -0500] "GET /catalogoisis/Js/Go.js HTTP/1.1" 200 364
165.1.173.142 - - [26/Jan/2024:08:51:23 -0500] "GET /catalogoisis/Js/Enter.js HTTP/1.1" 200 1208
165.1.173.142 - - [26/Jan/2024:08:51:23 -0500] "GET /catalogoisis/Js/Numero.js HTTP/1.1" 200 398
165.1.173.142 - - [26/Jan/2024:08:51:23 -0500] "GET /catalogoisis/ HTTP/1.1" 200 8575
165.1.173.142 - - [26/Jan/2024:08:51:23 -0500] "GET /catalogoisis/imagenes/br1c1.gif HTTP/1.1" 200 172
165.1.173.142 - - [26/Jan/2024:08:51:23 -0500] "GET /catalogoisis/imagenes/aceptar1.gif HTTP/1.1" 200 604
165.1.173.142 - - [26/Jan/2024:08:51:23 -0500] "GET /catalogoisis/imagenes/Turnbo1.gif HTTP/1.1" 200 227
165.1.173.142 - - [26/Jan/2024:08:51:23 -0500] "GET /catalogoisis/imagenes/limpiar1.gif HTTP/1.1" 200 606
165.1.173.142 - - [26/Jan/2024:08:51:23 -0500] "GET /catalogoisis/imagenes/br1c3.gif HTTP/1.1" 200 302
165.1.173.142 - - [26/Jan/2024:08:51:23 -0500] "GET /catalogoisis/imagenes/br2c3.gif HTTP/1.1" 200 416
165.1.173.142 - - [26/Jan/2024:08:51:23 -0500] "GET /catalogoisis/imagenes/br2c1.gif HTTP/1.1" 200 297
165.1.173.142 - - [26/Jan/2024:08:51:23 -0500] "GET /catalogoisis/imagenes/br2c2.gif HTTP/1.1" 200 302
165.1.173.142 - - [26/Jan/2024:08:51:23 -0500] "GET /catalogoisis/imagenes/br1c2.gif HTTP/1.1" 200 297
165.1.173.142 - - [26/Jan/2024:08:51:23 -0500] "GET /catalogoisis/imagenes/br3c2.gif HTTP/1.1" 200 285
165.1.173.142 - - [26/Jan/2024:08:51:23 -0500] "GET /catalogoisis/imagenes/br3c1.gif HTTP/1.1" 200 177
165.1.173.142 - - [26/Jan/2024:08:51:23 -0500] "GET /catalogoisis/imagenes/br3c3.gif HTTP/1.1" 200 186
165.1.173.142 - - [26/Jan/2024:08:51:23 -0500] "GET /catalogoisis/imagenes/Header.gif HTTP/1.1" 200 27040
165.1.173.142 - - [26/Jan/2024:08:51:23 -0500] "GET /favicon.ico HTTP/1.1" 200 7782
156.59.198.136 - - [26/Jan/2024:08:51:42 -0500] "GET /BLA/resoluciones/RESOLUCIONES%202009/9514.pdf HTTP/1.0" 200 679874
165.1.173.142 - - [26/Jan/2024:08:51:52 -0500] "GET /catalogoisis/imagenes/aceptar2.gif HTTP/1.1" 200 586
165.1.173.142 - - [26/Jan/2024:08:51:57 -0500] "GET /catalogoisis/imagenes/limpiar2.gif HTTP/1.1" 200 589
165.1.173.142 - - [26/Jan/2024:08:51:59 -0500] "GET /catalogoisis/Diccionario.php?i=5&form=0&element=9&prefix=&first=yes HTTP/1.1" 200 4194
165.1.173.142 - - [26/Jan/2024:08:51:59 -0500] "GET /catalogoisis/Css/Diccionario.css HTTP/1.1" 200 1478
165.1.173.142 - - [26/Jan/2024:08:51:59 -0500] "GET /catalogoisis/Js/Diccionario.js HTTP/1.1" 200 999
165.1.173.142 - - [26/Jan/2024:08:51:59 -0500] "GET /catalogoisis/Js/CriterioDiccionario.js HTTP/1.1" 200 608
165.1.173.142 - - [26/Jan/2024:08:51:59 -0500] "GET /catalogoisis/Js/LimpiarDiccionario.js HTTP/1.1" 200 98
156.59.198.135 - - [26/Jan/2024:08:52:06 -0500] "GET /BLA/resoluciones/RESOLUCIONES%202009/9192.pdf HTTP/1.0" 200 567531
177.93.60.27 - - [26/Jan/2024:08:52:18 -0500] "GET /sipse/faces/faces/autenticacion.xhtml HTTP/1.1" 200 12725
177.93.60.27 - - [26/Jan/2024:08:52:18 -0500] "GET /sipse/css/custom_css_sg.css HTTP/1.1" 200 9694
177.93.60.27 - - [26/Jan/2024:08:52:18 -0500] "GET /sipse/faces/javax.faces.resource/layout/layout.css;jsessionid=c46VJi4blvXN41ceSYnlKfwY.undefined?ln=primefaces&v=4.0 HTTP/1.1" 200 542
177.93.60.27 - - [26/Jan/2024:08:52:18 -0500] "GET /sipse/js/funciones.js HTTP/1.1" 200 12592
177.93.60.27 - - [26/Jan/2024:08:52:18 -0500] "GET /sipse/js/disable_browser_buttons.js HTTP/1.1" 200 3230
177.93.60.27 - - [26/Jan/2024:08:52:18 -0500] "GET /sipse/css/custom_css_sg_prime_login.css HTTP/1.1" 200 443
177.93.60.27 - - [26/Jan/2024:08:52:18 -0500] "GET /sipse/faces/javax.faces.resource/primefaces.css;jsessionid=c46VJi4blvXN41ceSYnlKfwY.undefined?ln=primefaces&v=4.0 HTTP/1.1" 200 53295
177.93.60.27 - - [26/Jan/2024:08:52:18 -0500] "GET /sipse/faces/javax.faces.resource/layout/layout.js;jsessionid=c46VJi4blvXN41ceSYnlKfwY.undefined?ln=primefaces&v=4.0 HTTP/1.1" 200 87560
177.93.60.27 - - [26/Jan/2024:08:52:18 -0500] "GET /sipse/faces/javax.faces.resource/theme.css?ln=primefaces-sipse HTTP/1.1" 200 50058
177.93.60.27 - - [26/Jan/2024:08:52:18 -0500] "GET /sipse/faces/javax.faces.resource/jquery/jquery.js;jsessionid=c46VJi4blvXN41ceSYnlKfwY.undefined?ln=primefaces&v=4.0 HTTP/1.1" 200 105384
177.93.60.27 - - [26/Jan/2024:08:52:18 -0500] "GET /sipse/faces/javax.faces.resource/jquery/jquery-plugins.js;jsessionid=c46VJi4blvXN41ceSYnlKfwY.undefined?ln=primefaces&v=4.0 HTTP/1.1" 200 220526
177.93.60.27 - - [26/Jan/2024:08:52:18 -0500] "GET /sipse/faces/javax.faces.resource/primefaces.js;jsessionid=c46VJi4blvXN41ceSYnlKfwY.undefined?ln=primefaces&v=4.0 HTTP/1.1" 200 276924
177.93.60.27 - - [26/Jan/2024:08:52:19 -0500] "GET /sipse/faces/javax.faces.resource/images/ui-icons_898989_256x240.png?ln=primefaces-aristo HTTP/1.1" 200 5355
177.93.60.27 - - [26/Jan/2024:08:52:19 -0500] "GET /sipse/css/imagen/loginimg.png HTTP/1.1" 200 71635
177.93.60.27 - - [26/Jan/2024:08:52:19 -0500] "GET /sipse/css/imagen/logoSDG.png HTTP/1.1" 200 53064
177.93.60.27 - - [26/Jan/2024:08:52:19 -0500] "GET /favicon.ico HTTP/1.1" 200 7782
177.93.60.27 - - [26/Jan/2024:08:52:19 -0500] "GET /sipse/faces/faces/index.xhtml HTTP/1.1" 200 677
177.93.60.27 - - [26/Jan/2024:08:52:19 -0500] "GET /sipse/faces/javax.faces.resource/theme.css?ln=primefaces-sipse HTTP/1.1" 304 -
177.93.60.27 - - [26/Jan/2024:08:52:20 -0500] "GET /sipse/faces/faces/faces/autenticacion.xhtml HTTP/1.1" 200 12403
177.93.60.27 - - [26/Jan/2024:08:52:20 -0500] "GET /sipse/faces/javax.faces.resource/jquery/jquery.js?ln=primefaces&v=4.0 HTTP/1.1" 304 -
177.93.60.27 - - [26/Jan/2024:08:52:20 -0500] "GET /sipse/faces/javax.faces.resource/theme.css?ln=primefaces-sipse HTTP/1.1" 304 -
177.93.60.27 - - [26/Jan/2024:08:52:20 -0500] "GET /sipse/faces/javax.faces.resource/jquery/jquery-plugins.js?ln=primefaces&v=4.0 HTTP/1.1" 304 -
177.93.60.27 - - [26/Jan/2024:08:52:20 -0500] "GET /sipse/faces/javax.faces.resource/layout/layout.css?ln=primefaces&v=4.0 HTTP/1.1" 200 542
177.93.60.27 - - [26/Jan/2024:08:52:20 -0500] "GET /sipse/faces/javax.faces.resource/layout/layout.js?ln=primefaces&v=4.0 HTTP/1.1" 304 -
177.93.60.27 - - [26/Jan/2024:08:52:20 -0500] "GET /sipse/faces/javax.faces.resource/primefaces.js?ln=primefaces&v=4.0 HTTP/1.1" 304 -
177.93.60.27 - - [26/Jan/2024:08:52:20 -0500] "GET /sipse/faces/javax.faces.resource/primefaces.css?ln=primefaces&v=4.0 HTTP/1.1" 200 53295
177.93.60.27 - - [26/Jan/2024:08:52:20 -0500] "GET /sipse/faces/javax.faces.resource/images/ui-icons_898989_256x240.png?ln=primefaces-aristo HTTP/1.1" 304 -
177.93.60.27 - - [26/Jan/2024:08:52:22 -0500] "POST /sipse/faces/autenticacion.xhtml HTTP/1.1" 200 2220
177.93.60.27 - - [26/Jan/2024:08:52:22 -0500] "GET /sipse/faces/javax.faces.resource/messages/messages.png?ln=primefaces&v=4.0 HTTP/1.1" 200 27209
177.93.60.27 - - [26/Jan/2024:08:52:23 -0500] "POST /sipse/faces/autenticacion.xhtml HTTP/1.1" 200 16342
177.93.60.27 - - [26/Jan/2024:08:52:24 -0500] "GET /sipse/css/custom_css_sg_prime.css HTTP/1.1" 200 5201
177.93.60.27 - - [26/Jan/2024:08:52:24 -0500] "GET /sipse/js/jquery.min.js HTTP/1.1" 200 85582
177.93.60.27 - - [26/Jan/2024:08:52:24 -0500] "GET /sipse/faces/javax.faces.resource/jquery/jquery.js?ln=primefaces&v=4.0 HTTP/1.1" 304 -
177.93.60.27 - - [26/Jan/2024:08:52:24 -0500] "GET /sipse/faces/javax.faces.resource/jquery/jquery-plugins.js?ln=primefaces&v=4.0 HTTP/1.1" 304 -
177.93.60.27 - - [26/Jan/2024:08:52:24 -0500] "GET /sipse/faces/javax.faces.resource/primefaces.js?ln=primefaces&v=4.0 HTTP/1.1" 304 -
177.93.60.27 - - [26/Jan/2024:08:52:24 -0500] "GET /sipse/faces/javax.faces.resource/layout/layout.js?ln=primefaces&v=4.0 HTTP/1.1" 304 -
177.93.60.27 - - [26/Jan/2024:08:52:24 -0500] "GET /sipse/css/v_mergente.css HTTP/1.1" 200 1505
177.93.60.27 - - [26/Jan/2024:08:52:25 -0500] "GET /sipse/css/imagen/contrasena.png HTTP/1.1" 404 383
177.93.60.27 - - [26/Jan/2024:08:52:24 -0500] "GET /sipse/imagenes/cargando.gif HTTP/1.1" 200 36959
177.93.60.27 - - [26/Jan/2024:08:52:24 -0500] "GET /sipse/imagenes/logoAplicacion.jpg HTTP/1.1" 200 155084
177.93.60.27 - - [26/Jan/2024:08:52:27 -0500] "GET /sipse/faces/javax.faces.resource/images/ui-bg_flat_0_2d5972_40x100.png?ln=primefaces-aristo HTTP/1.1" 200 183
177.93.60.27 - - [26/Jan/2024:08:52:27 -0500] "POST /sipse/faces/bienvenido.xhtml HTTP/1.1" 200 2073
201.245.192.253 - - [26/Jan/2024:08:52:28 -0500] "POST /forms/lservlet;jsessionid=ac16012b30d6abe7b988884748809bddc352ae6e08d2.e3iSbxaKaheRe3qKcheMbNuKc41ynknvrkLOlQzNp65In0 HTTP/1.1" 200 2
177.93.60.27 - - [26/Jan/2024:08:52:28 -0500] "POST /sipse/faces/bienvenido.xhtml HTTP/1.1" 200 38969
177.93.60.27 - - [26/Jan/2024:08:52:29 -0500] "GET /sipse/faces/javax.faces.resource/jquery/jquery.js?ln=primefaces&v=4.0 HTTP/1.1" 304 -
177.93.60.27 - - [26/Jan/2024:08:52:29 -0500] "GET /sipse/faces/javax.faces.resource/jquery/jquery-plugins.js?ln=primefaces&v=4.0 HTTP/1.1" 304 -
177.93.60.27 - - [26/Jan/2024:08:52:29 -0500] "GET /sipse/faces/javax.faces.resource/primefaces.js?ln=primefaces&v=4.0 HTTP/1.1" 304 -
177.93.60.27 - - [26/Jan/2024:08:52:29 -0500] "GET /sipse/faces/javax.faces.resource/layout/layout.js?ln=primefaces&v=4.0 HTTP/1.1" 304 -
156.59.198.136 - - [26/Jan/2024:08:52:32 -0500] "GET /BLA/resoluciones/RESOLUCIONES%202009/9090.pdf HTTP/1.0" 200 480481
177.93.60.27 - - [26/Jan/2024:08:52:35 -0500] "POST /sipse/faces/presentacion/financiero/solicitudProceso/consultar.xhtml HTTP/1.1" 200 12855
186.154.181.122 - - [26/Jan/2024:08:52:36 -0500] "POST /sipse/faces/presentacion/financiero/solicitudProceso/consultarSolicitudProceso.xhtml HTTP/1.1" 200 63103
186.154.181.122 - - [26/Jan/2024:08:52:36 -0500] "GET /sipse/faces/javax.faces.resource/theme.css?ln=primefaces-sipse HTTP/1.1" 304 -
186.154.181.122 - - [26/Jan/2024:08:52:36 -0500] "GET /sipse/faces/javax.faces.resource/primefaces.css?ln=primefaces&v=4.0 HTTP/1.1" 304 -
186.154.181.122 - - [26/Jan/2024:08:52:36 -0500] "GET /sipse/faces/javax.faces.resource/jquery/jquery.js?ln=primefaces&v=4.0 HTTP/1.1" 304 -
186.154.181.122 - - [26/Jan/2024:08:52:36 -0500] "GET /sipse/faces/javax.faces.resource/layout/layout.css?ln=primefaces&v=4.0 HTTP/1.1" 304 -
186.154.181.122 - - [26/Jan/2024:08:52:36 -0500] "GET /sipse/faces/javax.faces.resource/jquery/jquery-plugins.js?ln=primefaces&v=4.0 HTTP/1.1" 304 -
186.154.181.122 - - [26/Jan/2024:08:52:36 -0500] "GET /sipse/faces/javax.faces.resource/primefaces.js?ln=primefaces&v=4.0 HTTP/1.1" 304 -
186.154.181.122 - - [26/Jan/2024:08:52:36 -0500] "GET /sipse/faces/javax.faces.resource/layout/layout.js?ln=primefaces&v=4.0 HTTP/1.1" 304 -
186.154.181.122 - - [26/Jan/2024:08:52:36 -0500] "GET /sipse/faces/javax.faces.resource/images/ui-icons_898989_256x240.png?ln=primefaces-aristo HTTP/1.1" 304 -
186.154.181.122 - - [26/Jan/2024:08:52:36 -0500] "GET /sipse/faces/javax.faces.resource/images/ui-bg_flat_0_2d5972_40x100.png?ln=primefaces-aristo HTTP/1.1" 304 -
186.154.181.122 - - [26/Jan/2024:08:52:36 -0500] "POST /sipse/faces/presentacion/financiero/solicitudProceso/listarSolicitudProceso.xhtml HTTP/1.1" 200 1556
186.154.181.122 - - [26/Jan/2024:08:52:36 -0500] "POST /sipse/faces/presentacion/financiero/solicitudProceso/listarSolicitudProceso.xhtml HTTP/1.1" 200 1556
201.245.192.253 - - [26/Jan/2024:08:52:39 -0500] "POST /forms/lservlet;jsessionid=ac16012b30d6abe7b988884748809bddc352ae6e08d2.e3iSbxaKaheRe3qKcheMbNuKc41ynknvrkLOlQzNp65In0 HTTP/1.1" 200 12220
201.245.192.253 - - [26/Jan/2024:08:52:39 -0500] "HEAD /imagenes/msh_close.gif HTTP/1.1" 404 -
186.154.181.122 - - [26/Jan/2024:08:52:39 -0500] "POST /sipse/faces/presentacion/financiero/solicitudProceso/listarSolicitudProceso.xhtml HTTP/1.1" 200 31741
201.245.192.253 - - [26/Jan/2024:08:52:39 -0500] "POST /forms/lservlet;jsessionid=ac16012b30d6abe7b988884748809bddc352ae6e08d2.e3iSbxaKaheRe3qKcheMbNuKc41ynknvrkLOlQzNp65In0 HTTP/1.1" 200 10
201.245.192.253 - - [26/Jan/2024:08:52:39 -0500] "POST /forms/lservlet;jsessionid=ac16012b30d6abe7b988884748809bddc352ae6e08d2.e3iSbxaKaheRe3qKcheMbNuKc41ynknvrkLOlQzNp65In0 HTTP/1.1" 200 2
186.154.181.122 - - [26/Jan/2024:08:52:39 -0500] "POST /sipse/faces/presentacion/financiero/solicitudProceso/listarSolicitudProceso.xhtml HTTP/1.1" 200 31733
186.154.181.122 - - [26/Jan/2024:08:52:40 -0500] "POST /sipse/faces/presentacion/financiero/solicitudProceso/listarSolicitudProceso.xhtml HTTP/1.1" 200 2117
186.154.181.122 - - [26/Jan/2024:08:52:41 -0500] "POST /sipse/faces/presentacion/financiero/solicitudProceso/listarSolicitudProceso.xhtml HTTP/1.1" 200 2109
201.245.192.253 - - [26/Jan/2024:08:52:42 -0500] "POST /forms/lservlet;jsessionid=ac16012b30d6abe7b988884748809bddc352ae6e08d2.e3iSbxaKaheRe3qKcheMbNuKc41ynknvrkLOlQzNp65In0 HTTP/1.1" 200 1159
186.154.181.122 - - [26/Jan/2024:08:52:43 -0500] "POST /sipse/faces/presentacion/financiero/solicitudProceso/listarSolicitudProceso.xhtml HTTP/1.1" 200 31737
186.154.181.122 - - [26/Jan/2024:08:52:43 -0500] "POST /sipse/faces/presentacion/financiero/solicitudProceso/listarSolicitudProceso.xhtml HTTP/1.1" 200 11088
186.154.181.122 - - [26/Jan/2024:08:52:45 -0500] "POST /sipse/faces/presentacion/financiero/solicitudProceso/listarSolicitudProceso.xhtml HTTP/1.1" 200 5253
186.154.181.122 - - [26/Jan/2024:08:52:45 -0500] "POST /sipse/faces/presentacion/financiero/solicitudProceso/listarSolicitudProceso.xhtml HTTP/1.1" 200 5245
186.154.181.122 - - [26/Jan/2024:08:52:47 -0500] "POST /sipse/faces/presentacion/financiero/solicitudProceso/listarSolicitudProceso.xhtml HTTP/1.1" 200 155134
201.245.192.253 - - [26/Jan/2024:08:52:48 -0500] "POST /forms/lservlet;jsessionid=ac16012b30d6abe7b988884748809bddc352ae6e08d2.e3iSbxaKaheRe3qKcheMbNuKc41ynknvrkLOlQzNp65In0 HTTP/1.1" 200 105
186.154.181.122 - - [26/Jan/2024:08:52:49 -0500] "GET /sipse/faces/javax.faces.resource/jquery/jquery.js?ln=primefaces&v=4.0 HTTP/1.1" 304 -
186.154.181.122 - - [26/Jan/2024:08:52:49 -0500] "GET /sipse/faces/javax.faces.resource/jquery/jquery-plugins.js?ln=primefaces&v=4.0 HTTP/1.1" 304 -
186.154.181.122 - - [26/Jan/2024:08:52:49 -0500] "GET /sipse/faces/javax.faces.resource/primefaces.js?ln=primefaces&v=4.0 HTTP/1.1" 304 -
186.154.181.122 - - [26/Jan/2024:08:52:49 -0500] "GET /sipse/faces/javax.faces.resource/layout/layout.js?ln=primefaces&v=4.0 HTTP/1.1" 304 -
201.245.192.253 - - [26/Jan/2024:08:52:50 -0500] "POST /forms/lservlet;jsessionid=ac16012b30d6abe7b988884748809bddc352ae6e08d2.e3iSbxaKaheRe3qKcheMbNuKc41ynknvrkLOlQzNp65In0 HTTP/1.1" 200 2
201.245.192.253 - - [26/Jan/2024:08:52:50 -0500] "POST /forms/lservlet;jsessionid=ac16012b30d6abe7b988884748809bddc352ae6e08d2.e3iSbxaKaheRe3qKcheMbNuKc41ynknvrkLOlQzNp65In0 HTTP/1.1" 200 751
201.245.192.253 - - [26/Jan/2024:08:52:50 -0500] "POST /forms/lservlet;jsessionid=ac16012b30d6abe7b988884748809bddc352ae6e08d2.e3iSbxaKaheRe3qKcheMbNuKc41ynknvrkLOlQzNp65In0 HTTP/1.1" 200 2
201.245.192.253 - - [26/Jan/2024:08:52:50 -0500] "POST /forms/lservlet;jsessionid=ac16012b30d6abe7b988884748809bddc352ae6e08d2.e3iSbxaKaheRe3qKcheMbNuKc41ynknvrkLOlQzNp65In0 HTTP/1.1" 200 804
201.245.192.253 - - [26/Jan/2024:08:52:51 -0500] "POST /forms/lservlet;jsessionid=ac16012b30d6abe7b988884748809bddc352ae6e08d2.e3iSbxaKaheRe3qKcheMbNuKc41ynknvrkLOlQzNp65In0 HTTP/1.1" 200 709
201.245.192.253 - - [26/Jan/2024:08:52:52 -0500] "POST /forms/lservlet;jsessionid=ac16012b30d6abe7b988884748809bddc352ae6e08d2.e3iSbxaKaheRe3qKcheMbNuKc41ynknvrkLOlQzNp65In0 HTTP/1.1" 200 731
201.245.192.253 - - [26/Jan/2024:08:52:53 -0500] "POST /forms/lservlet;jsessionid=ac16012b30d6abe7b988884748809bddc352ae6e08d2.e3iSbxaKaheRe3qKcheMbNuKc41ynknvrkLOlQzNp65In0 HTTP/1.1" 200 824
186.154.181.122 - - [26/Jan/2024:08:52:54 -0500] "POST /sipse/faces/presentacion/financiero/solicitudProceso/consultarSolicitudProceso.xhtml HTTP/1.1" 200 5574
177.93.60.27 - - [26/Jan/2024:08:52:54 -0500] "GET /sipse/faces/faces/autenticacion.xhtml HTTP/1.1" 200 12725
177.93.60.27 - - [26/Jan/2024:08:52:55 -0500] "GET /sipse/faces/javax.faces.resource/layout/layout.css;jsessionid=CwOnnt-in5xzBD8gjC4siZGN.undefined?ln=primefaces&v=4.0 HTTP/1.1" 200 542
177.93.60.27 - - [26/Jan/2024:08:52:55 -0500] "GET /sipse/faces/javax.faces.resource/theme.css?ln=primefaces-sipse HTTP/1.1" 304 -
201.245.192.253 - - [26/Jan/2024:08:52:55 -0500] "POST /forms/lservlet;jsessionid=ac16012b30d6abe7b988884748809bddc352ae6e08d2.e3iSbxaKaheRe3qKcheMbNuKc41ynknvrkLOlQzNp65In0 HTTP/1.1" 200 707
177.93.60.27 - - [26/Jan/2024:08:52:55 -0500] "GET /sipse/faces/javax.faces.resource/primefaces.css;jsessionid=CwOnnt-in5xzBD8gjC4siZGN.undefined?ln=primefaces&v=4.0 HTTP/1.1" 200 53295
177.93.60.27 - - [26/Jan/2024:08:52:55 -0500] "GET /sipse/faces/javax.faces.resource/layout/layout.js;jsessionid=CwOnnt-in5xzBD8gjC4siZGN.undefined?ln=primefaces&v=4.0 HTTP/1.1" 200 87560
156.59.198.136 - - [26/Jan/2024:08:52:55 -0500] "GET /BLA/resoluciones/RESOLUCIONES%202009/9095.pdf HTTP/1.0" 200 511751
177.93.60.27 - - [26/Jan/2024:08:52:55 -0500] "GET /sipse/faces/javax.faces.resource/jquery/jquery.js;jsessionid=CwOnnt-in5xzBD8gjC4siZGN.undefined?ln=primefaces&v=4.0 HTTP/1.1" 200 105384
201.245.192.253 - - [26/Jan/2024:08:52:55 -0500] "POST /forms/lservlet;jsessionid=ac16012b30d6abe7b988884748809bddc352ae6e08d2.e3iSbxaKaheRe3qKcheMbNuKc41ynknvrkLOlQzNp65In0 HTTP/1.1" 200 763
177.93.60.27 - - [26/Jan/2024:08:52:55 -0500] "GET /sipse/faces/javax.faces.resource/jquery/jquery-plugins.js;jsessionid=CwOnnt-in5xzBD8gjC4siZGN.undefined?ln=primefaces&v=4.0 HTTP/1.1" 200 220526
216.245.221.92 - - [26/Jan/2024:08:52:56 -0500] "HEAD / HTTP/1.1" 200 -
201.245.192.253 - - [26/Jan/2024:08:52:56 -0500] "POST /forms/lservlet;jsessionid=ac16012b30d6abe7b988884748809bddc352ae6e08d2.e3iSbxaKaheRe3qKcheMbNuKc41ynknvrkLOlQzNp65In0 HTTP/1.1" 200 763
177.93.60.27 - - [26/Jan/2024:08:52:55 -0500] "GET /sipse/faces/javax.faces.resource/primefaces.js;jsessionid=CwOnnt-in5xzBD8gjC4siZGN.undefined?ln=primefaces&v=4.0 HTTP/1.1" 200 276924
201.245.192.253 - - [26/Jan/2024:08:52:56 -0500] "POST /forms/lservlet;jsessionid=ac16012b30d6abe7b988884748809bddc352ae6e08d2.e3iSbxaKaheRe3qKcheMbNuKc41ynknvrkLOlQzNp65In0 HTTP/1.1" 200 770
177.93.60.27 - - [26/Jan/2024:08:52:56 -0500] "GET /sipse/faces/javax.faces.resource/images/ui-icons_898989_256x240.png?ln=primefaces-aristo HTTP/1.1" 304 -
177.93.60.27 - - [26/Jan/2024:08:52:56 -0500] "GET /sipse/css/imagen/loginimg.png HTTP/1.1" 200 15714
177.93.60.27 - - [26/Jan/2024:08:52:56 -0500] "GET /sipse/faces/faces/index.xhtml HTTP/1.1" 200 677
177.93.60.27 - - [26/Jan/2024:08:52:57 -0500] "GET /sipse/faces/javax.faces.resource/theme.css?ln=primefaces-sipse HTTP/1.1" 304 -
201.245.192.253 - - [26/Jan/2024:08:52:57 -0500] "POST /forms/lservlet;jsessionid=ac16012b30d6abe7b988884748809bddc352ae6e08d2.e3iSbxaKaheRe3qKcheMbNuKc41ynknvrkLOlQzNp65In0 HTTP/1.1" 200 745
177.93.60.27 - - [26/Jan/2024:08:52:57 -0500] "GET /sipse/faces/faces/faces/autenticacion.xhtml HTTP/1.1" 200 12403
177.93.60.27 - - [26/Jan/2024:08:52:57 -0500] "GET /sipse/faces/javax.faces.resource/jquery/jquery-plugins.js?ln=primefaces&v=4.0 HTTP/1.1" 304 -
177.93.60.27 - - [26/Jan/2024:08:52:57 -0500] "GET /sipse/faces/javax.faces.resource/theme.css?ln=primefaces-sipse HTTP/1.1" 304 -
177.93.60.27 - - [26/Jan/2024:08:52:57 -0500] "GET /sipse/faces/javax.faces.resource/jquery/jquery.js?ln=primefaces&v=4.0 HTTP/1.1" 304 -
177.93.60.27 - - [26/Jan/2024:08:52:57 -0500] "GET /sipse/faces/javax.faces.resource/layout/layout.css?ln=primefaces&v=4.0 HTTP/1.1" 200 542
177.93.60.27 - - [26/Jan/2024:08:52:57 -0500] "GET /sipse/faces/javax.faces.resource/primefaces.js?ln=primefaces&v=4.0 HTTP/1.1" 304 -
177.93.60.27 - - [26/Jan/2024:08:52:57 -0500] "GET /sipse/faces/javax.faces.resource/layout/layout.js?ln=primefaces&v=4.0 HTTP/1.1" 304 -
201.245.192.253 - - [26/Jan/2024:08:52:57 -0500] "POST /forms/lservlet;jsessionid=ac16012b30d6abe7b988884748809bddc352ae6e08d2.e3iSbxaKaheRe3qKcheMbNuKc41ynknvrkLOlQzNp65In0 HTTP/1.1" 200 771
177.93.60.27 - - [26/Jan/2024:08:52:57 -0500] "GET /sipse/faces/javax.faces.resource/primefaces.css?ln=primefaces&v=4.0 HTTP/1.1" 200 53295
177.93.60.27 - - [26/Jan/2024:08:52:57 -0500] "GET /sipse/faces/javax.faces.resource/images/ui-icons_898989_256x240.png?ln=primefaces-aristo HTTP/1.1" 304 -
201.245.192.253 - - [26/Jan/2024:08:52:58 -0500] "POST /forms/lservlet;jsessionid=ac16012b30d6abe7b988884748809bddc352ae6e08d2.e3iSbxaKaheRe3qKcheMbNuKc41ynknvrkLOlQzNp65In0 HTTP/1.1" 200 702
201.245.192.253 - - [26/Jan/2024:08:52:58 -0500] "POST /forms/lservlet;jsessionid=ac16012b30d6abe7b988884748809bddc352ae6e08d2.e3iSbxaKaheRe3qKcheMbNuKc41ynknvrkLOlQzNp65In0 HTTP/1.1" 200 547
201.245.192.253 - - [26/Jan/2024:08:53:01 -0500] "POST /forms/lservlet;jsessionid=ac16012b30d6abe7b988884748809bddc352ae6e08d2.e3iSbxaKaheRe3qKcheMbNuKc41ynknvrkLOlQzNp65In0 HTTP/1.1" 200 544
201.245.192.253 - - [26/Jan/2024:08:53:01 -0500] "POST /forms/lservlet;jsessionid=ac16012b30d6abe7b988884748809bddc352ae6e08d2.e3iSbxaKaheRe3qKcheMbNuKc41ynknvrkLOlQzNp65In0 HTTP/1.1" 200 636
201.245.192.253 - - [26/Jan/2024:08:53:02 -0500] "POST /forms/lservlet;jsessionid=ac16012b30d6abe7b988884748809bddc352ae6e08d2.e3iSbxaKaheRe3qKcheMbNuKc41ynknvrkLOlQzNp65In0 HTTP/1.1" 200 653
201.245.192.253 - - [26/Jan/2024:08:53:03 -0500] "POST /forms/lservlet;jsessionid=ac16012b30d6abe7b988884748809bddc352ae6e08d2.e3iSbxaKaheRe3qKcheMbNuKc41ynknvrkLOlQzNp65In0 HTTP/1.1" 200 28
201.245.192.253 - - [26/Jan/2024:08:53:05 -0500] "POST /forms/lservlet;jsessionid=ac16012b30d6abe7b988884748809bddc352ae6e08d2.e3iSbxaKaheRe3qKcheMbNuKc41ynknvrkLOlQzNp65In0 HTTP/1.1" 200 2
201.245.192.253 - - [26/Jan/2024:08:53:05 -0500] "POST /forms/lservlet;jsessionid=ac16012b30d67d396d69ba114f9ba73cc384f4f1f357.e3iSbxaKaheRe3qKcheMbNuKc41ynknvrkLOlQzNp65In0 HTTP/1.1" 200 2
201.245.192.253 - - [26/Jan/2024:08:53:05 -0500] "POST /forms/lservlet;jsessionid=ac16012b30d6abe7b988884748809bddc352ae6e08d2.e3iSbxaKaheRe3qKcheMbNuKc41ynknvrkLOlQzNp65In0 HTTP/1.1" 200 892
201.245.192.253 - - [26/Jan/2024:08:53:05 -0500] "POST /forms/lservlet;jsessionid=ac16012b30d6abe7b988884748809bddc352ae6e08d2.e3iSbxaKaheRe3qKcheMbNuKc41ynknvrkLOlQzNp65In0 HTTP/1.1" 200 2
201.245.192.253 - - [26/Jan/2024:08:53:06 -0500] "POST /forms/lservlet;jsessionid=ac16012b30d6abe7b988884748809bddc352ae6e08d2.e3iSbxaKaheRe3qKcheMbNuKc41ynknvrkLOlQzNp65In0 HTTP/1.1" 200 536
190.60.36.2 - - [26/Jan/2024:08:53:07 -0500] "POST /sipse/faces/presentacion/financiero/solicitudProceso/listarSolicitudProceso.xhtml HTTP/1.1" 200 117414
190.60.36.2 - - [26/Jan/2024:08:53:08 -0500] "GET /sipse/faces/javax.faces.resource/theme.css?ln=primefaces-sipse HTTP/1.1" 304 -
190.60.36.2 - - [26/Jan/2024:08:53:08 -0500] "GET /sipse/faces/javax.faces.resource/jquery/jquery.js?ln=primefaces&v=4.0 HTTP/1.1" 304 -
190.60.36.2 - - [26/Jan/2024:08:53:08 -0500] "GET /sipse/faces/javax.faces.resource/primefaces.css?ln=primefaces&v=4.0 HTTP/1.1" 304 -
190.60.36.2 - - [26/Jan/2024:08:53:08 -0500] "GET /sipse/faces/javax.faces.resource/jquery/jquery-plugins.js?ln=primefaces&v=4.0 HTTP/1.1" 304 -
190.60.36.2 - - [26/Jan/2024:08:53:08 -0500] "GET /sipse/faces/javax.faces.resource/primefaces.js?ln=primefaces&v=4.0 HTTP/1.1" 304 -
190.60.36.2 - - [26/Jan/2024:08:53:08 -0500] "GET /sipse/faces/javax.faces.resource/layout/layout.js?ln=primefaces&v=4.0 HTTP/1.1" 304 -
190.60.36.2 - - [26/Jan/2024:08:53:09 -0500] "GET /sipse/faces/javax.faces.resource/layout/layout.css?ln=primefaces&v=4.0 HTTP/1.1" 304 -
177.93.60.27 - - [26/Jan/2024:08:53:09 -0500] "POST /sipse/faces/autenticacion.xhtml HTTP/1.1" 200 16775
177.93.60.27 - - [26/Jan/2024:08:53:09 -0500] "GET /sipse/css/custom_css_sg_prime.css HTTP/1.1" 200 5201
177.93.60.27 - - [26/Jan/2024:08:53:09 -0500] "GET /sipse/faces/javax.faces.resource/jquery/jquery.js?ln=primefaces&v=4.0 HTTP/1.1" 304 -
177.93.60.27 - - [26/Jan/2024:08:53:09 -0500] "GET /sipse/js/jquery.min.js HTTP/1.1" 200 15708
177.93.60.27 - - [26/Jan/2024:08:53:09 -0500] "GET /sipse/faces/javax.faces.resource/jquery/jquery-plugins.js?ln=primefaces&v=4.0 HTTP/1.1" 304 -
177.93.60.27 - - [26/Jan/2024:08:53:09 -0500] "GET /sipse/faces/javax.faces.resource/primefaces.js?ln=primefaces&v=4.0 HTTP/1.1" 304 -
177.93.60.27 - - [26/Jan/2024:08:53:09 -0500] "GET /sipse/faces/javax.faces.resource/layout/layout.js?ln=primefaces&v=4.0 HTTP/1.1" 304 -
177.93.60.27 - - [26/Jan/2024:08:53:10 -0500] "GET /sipse/css/v_mergente.css HTTP/1.1" 200 1505
177.93.60.27 - - [26/Jan/2024:08:53:10 -0500] "GET /sipse/imagenes/cargando.gif HTTP/1.1" 200 16070
177.93.60.27 - - [26/Jan/2024:08:53:10 -0500] "GET /sipse/imagenes/logoAplicacion.jpg HTTP/1.1" 200 15711
177.93.60.27 - - [26/Jan/2024:08:53:10 -0500] "GET /sipse/css/imagen/contrasena.png HTTP/1.1" 404 383
177.93.60.27 - - [26/Jan/2024:08:53:10 -0500] "GET /sipse/faces/javax.faces.resource/messages/messages.png?ln=primefaces&v=4.0 HTTP/1.1" 304 -
177.93.60.27 - - [26/Jan/2024:08:53:11 -0500] "GET /sipse/faces/javax.faces.resource/images/ui-bg_flat_0_2d5972_40x100.png?ln=primefaces-aristo HTTP/1.1" 200 183
177.93.60.27 - - [26/Jan/2024:08:53:11 -0500] "POST /sipse/faces/bienvenido.xhtml HTTP/1.1" 200 2658
177.93.60.27 - - [26/Jan/2024:08:53:12 -0500] "POST /sipse/faces/bienvenido.xhtml HTTP/1.1" 200 39544
177.93.60.27 - - [26/Jan/2024:08:53:13 -0500] "GET /sipse/faces/javax.faces.resource/jquery/jquery.js?ln=primefaces&v=4.0 HTTP/1.1" 304 -
177.93.60.27 - - [26/Jan/2024:08:53:13 -0500] "GET /sipse/faces/javax.faces.resource/jquery/jquery-plugins.js?ln=primefaces&v=4.0 HTTP/1.1" 304 -
177.93.60.27 - - [26/Jan/2024:08:53:13 -0500] "GET /sipse/faces/javax.faces.resource/primefaces.js?ln=primefaces&v=4.0 HTTP/1.1" 304 -
177.93.60.27 - - [26/Jan/2024:08:53:14 -0500] "GET /sipse/faces/javax.faces.resource/layout/layout.js?ln=primefaces&v=4.0 HTTP/1.1" 304 -
177.93.60.27 - - [26/Jan/2024:08:53:14 -0500] "POST /sipse/faces/presentacion/financiero/solicitudProceso/listarSolicitudProceso.xhtml HTTP/1.1" 200 1416
190.60.36.2 - - [26/Jan/2024:08:53:14 -0500] "POST /sipse/faces/presentacion/financiero/solicitudProceso/consultarSolicitudProceso.xhtml HTTP/1.1" 200 275748
186.30.170.60 - - [26/Jan/2024:08:53:15 -0500] "GET /distrito-declara-alerta-zonal-por-deterioro-de-calidad-de-aire-y-toma-nuevas-decisiones-en-materia-de-movilidad.html HTTP/1.1" 200 860
177.93.60.27 - - [26/Jan/2024:08:53:17 -0500] "POST /sipse/faces/presentacion/financiero/solicitudProceso/listarSolicitudProceso.xhtml HTTP/1.1" 200 146569
177.93.60.27 - - [26/Jan/2024:08:53:18 -0500] "GET /sipse/faces/javax.faces.resource/jquery/jquery.js?ln=primefaces&v=4.0 HTTP/1.1" 304 -
177.93.60.27 - - [26/Jan/2024:08:53:18 -0500] "GET /sipse/faces/javax.faces.resource/jquery/jquery-plugins.js?ln=primefaces&v=4.0 HTTP/1.1" 304 -
177.93.60.27 - - [26/Jan/2024:08:53:18 -0500] "GET /sipse/faces/javax.faces.resource/primefaces.js?ln=primefaces&v=4.0 HTTP/1.1" 304 -
177.93.60.27 - - [26/Jan/2024:08:53:19 -0500] "GET /sipse/faces/javax.faces.resource/layout/layout.js?ln=primefaces&v=4.0 HTTP/1.1" 304 -
156.59.198.135 - - [26/Jan/2024:08:53:20 -0500] "GET /BLA/resoluciones/RESOLUCIONES%202009/9141.pdf HTTP/1.0" 200 534445
190.60.36.2 - - [26/Jan/2024:08:53:25 -0500] "POST /sipse/faces/presentacion/financiero/solicitudProceso/consultarSolicitudProceso.xhtml HTTP/1.1" 200 40641
190.60.36.2 - - [26/Jan/2024:08:53:25 -0500] "GET /sipse/faces/javax.faces.resource/theme.css?ln=primefaces-sipse HTTP/1.1" 304 -
190.60.36.2 - - [26/Jan/2024:08:53:25 -0500] "GET /sipse/faces/javax.faces.resource/jquery/jquery.js?ln=primefaces&v=4.0 HTTP/1.1" 304 -
190.60.36.2 - - [26/Jan/2024:08:53:25 -0500] "GET /sipse/faces/javax.faces.resource/jquery/jquery-plugins.js?ln=primefaces&v=4.0 HTTP/1.1" 304 -
190.60.36.2 - - [26/Jan/2024:08:53:25 -0500] "GET /sipse/faces/javax.faces.resource/primefaces.js?ln=primefaces&v=4.0 HTTP/1.1" 304 -
177.93.60.27 - - [26/Jan/2024:08:53:23 -0500] "POST /sipse/faces/presentacion/financiero/solicitudProceso/consultarSolicitudProceso.xhtml HTTP/1.1" 200 36785
190.60.36.2 - - [26/Jan/2024:08:53:25 -0500] "GET /sipse/faces/javax.faces.resource/layout/layout.js?ln=primefaces&v=4.0 HTTP/1.1" 304 -
190.60.36.2 - - [26/Jan/2024:08:53:25 -0500] "GET /sipse/faces/javax.faces.resource/primefaces.css?ln=primefaces&v=4.0 HTTP/1.1" 304 -
177.93.60.27 - - [26/Jan/2024:08:53:25 -0500] "GET /sipse/faces/javax.faces.resource/jquery/jquery.js?ln=primefaces&v=4.0 HTTP/1.1" 304 -
190.60.36.2 - - [26/Jan/2024:08:53:25 -0500] "GET /sipse/faces/javax.faces.resource/layout/layout.css?ln=primefaces&v=4.0 HTTP/1.1" 304 -
177.93.60.27 - - [26/Jan/2024:08:53:26 -0500] "GET /sipse/faces/javax.faces.resource/jquery/jquery-plugins.js?ln=primefaces&v=4.0 HTTP/1.1" 304 -
177.93.60.27 - - [26/Jan/2024:08:53:26 -0500] "GET /sipse/faces/javax.faces.resource/primefaces.js?ln=primefaces&v=4.0 HTTP/1.1" 304 -
177.93.60.27 - - [26/Jan/2024:08:53:26 -0500] "GET /sipse/faces/javax.faces.resource/layout/layout.js?ln=primefaces&v=4.0 HTTP/1.1" 304 -
177.93.60.27 - - [26/Jan/2024:08:53:26 -0500] "POST /sipse/faces/presentacion/financiero/solicitudProceso/listarSolicitudProceso.xhtml HTTP/1.1" 200 1396
177.93.60.27 - - [26/Jan/2024:08:53:29 -0500] "POST /sipse/faces/presentacion/financiero/solicitudProceso/listarSolicitudProceso.xhtml HTTP/1.1" 200 142900
177.93.60.27 - - [26/Jan/2024:08:53:30 -0500] "GET /sipse/faces/javax.faces.resource/jquery/jquery.js?ln=primefaces&v=4.0 HTTP/1.1" 304 -
177.93.60.27 - - [26/Jan/2024:08:53:30 -0500] "GET /sipse/faces/javax.faces.resource/jquery/jquery-plugins.js?ln=primefaces&v=4.0 HTTP/1.1" 304 -
177.93.60.27 - - [26/Jan/2024:08:53:30 -0500] "GET /sipse/faces/javax.faces.resource/primefaces.js?ln=primefaces&v=4.0 HTTP/1.1" 304 -
177.93.60.27 - - [26/Jan/2024:08:53:30 -0500] "GET /sipse/faces/javax.faces.resource/layout/layout.js?ln=primefaces&v=4.0 HTTP/1.1" 304 -
201.245.192.253 - - [26/Jan/2024:08:53:35 -0500] "GET /sipse/faces/javax.faces.resource/theme.css?ln=primefaces-sipse HTTP/1.1" 304 -
201.245.192.253 - - [26/Jan/2024:08:53:35 -0500] "GET /sipse/faces/faces/autenticacion.xhtml HTTP/1.1" 200 12411
201.245.192.253 - - [26/Jan/2024:08:53:35 -0500] "GET /sipse/faces/javax.faces.resource/theme.css?ln=primefaces-sipse HTTP/1.1" 304 -
201.245.192.253 - - [26/Jan/2024:08:53:35 -0500] "GET /sipse/faces/javax.faces.resource/primefaces.css?ln=primefaces&v=4.0 HTTP/1.1" 304 -
201.245.192.253 - - [26/Jan/2024:08:53:35 -0500] "GET /sipse/faces/javax.faces.resource/layout/layout.css?ln=primefaces&v=4.0 HTTP/1.1" 304 -
201.245.192.253 - - [26/Jan/2024:08:53:35 -0500] "GET /sipse/faces/javax.faces.resource/jquery/jquery.js?ln=primefaces&v=4.0 HTTP/1.1" 304 -
201.245.192.253 - - [26/Jan/2024:08:53:35 -0500] "GET /sipse/faces/javax.faces.resource/jquery/jquery-plugins.js?ln=primefaces&v=4.0 HTTP/1.1" 304 -
201.245.192.253 - - [26/Jan/2024:08:53:35 -0500] "GET /sipse/faces/javax.faces.resource/layout/layout.js?ln=primefaces&v=4.0 HTTP/1.1" 304 -
201.245.192.253 - - [26/Jan/2024:08:53:35 -0500] "GET /sipse/faces/javax.faces.resource/primefaces.js?ln=primefaces&v=4.0 HTTP/1.1" 304 -
201.245.192.253 - - [26/Jan/2024:08:53:35 -0500] "GET /sipse/faces/javax.faces.resource/images/ui-icons_898989_256x240.png?ln=primefaces-aristo HTTP/1.1" 304 -
177.93.60.27 - - [26/Jan/2024:08:53:34 -0500] "POST /sipse/faces/presentacion/financiero/solicitudProceso/consultarSolicitudProceso.xhtml HTTP/1.1" 200 33516
177.93.60.27 - - [26/Jan/2024:08:53:36 -0500] "GET /sipse/faces/javax.faces.resource/jquery/jquery.js?ln=primefaces&v=4.0 HTTP/1.1" 304 -
177.93.60.27 - - [26/Jan/2024:08:53:36 -0500] "GET /sipse/faces/javax.faces.resource/jquery/jquery-plugins.js?ln=primefaces&v=4.0 HTTP/1.1" 304 -
177.93.60.27 - - [26/Jan/2024:08:53:36 -0500] "GET /sipse/faces/javax.faces.resource/primefaces.js?ln=primefaces&v=4.0 HTTP/1.1" 304 -
177.93.60.27 - - [26/Jan/2024:08:53:37 -0500] "GET /sipse/faces/javax.faces.resource/layout/layout.js?ln=primefaces&v=4.0 HTTP/1.1" 304 -
177.93.60.27 - - [26/Jan/2024:08:53:37 -0500] "POST /sipse/faces/presentacion/financiero/solicitudProceso/listarSolicitudProceso.xhtml HTTP/1.1" 200 1376
177.93.60.27 - - [26/Jan/2024:08:53:42 -0500] "POST /sipse/faces/presentacion/financiero/solicitudProceso/listarSolicitudProceso.xhtml HTTP/1.1" 200 2677
156.59.198.136 - - [26/Jan/2024:08:53:44 -0500] "GET /BLA/resoluciones/RESOLUCIONES%202009/9449.pdf HTTP/1.0" 200 435027
172.22.2.4 - - [26/Jan/2024:08:52:24 -0500] "HEAD /BLA/boletinlegal/ HTTP/1.1" 200 -
156.59.198.135 - - [26/Jan/2024:08:54:09 -0500] "GET /BLA/resoluciones/RESOLUCIONES%202009/RESOLUCION%201131%20DE%202009.PDF HTTP/1.0" 200 871769
201.245.192.253 - - [26/Jan/2024:08:54:28 -0500] "POST /forms/lservlet;jsessionid=ac16012b30d6abe7b988884748809bddc352ae6e08d2.e3iSbxaKaheRe3qKcheMbNuKc41ynknvrkLOlQzNp65In0 HTTP/1.1" 200 2
156.59.198.136 - - [26/Jan/2024:08:54:34 -0500] "GET /BLA/resoluciones/RESOLUCIONES%202009/7046.pdf HTTP/1.0" 200 722011
186.80.51.52 - - [26/Jan/2024:08:54:51 -0500] "GET /sipse/faces/index.xhtml HTTP/1.1" 200 677
186.80.51.52 - - [26/Jan/2024:08:54:52 -0500] "GET /sipse/faces/javax.faces.resource/theme.css?ln=primefaces-sipse HTTP/1.1" 304 -
186.80.51.52 - - [26/Jan/2024:08:54:52 -0500] "GET /sipse/faces/faces/autenticacion.xhtml HTTP/1.1" 200 12403
186.80.51.52 - - [26/Jan/2024:08:54:53 -0500] "GET /sipse/js/disable_browser_buttons.js HTTP/1.1" 304 -
186.80.51.52 - - [26/Jan/2024:08:54:53 -0500] "GET /sipse/js/funciones.js HTTP/1.1" 304 -
186.80.51.52 - - [26/Jan/2024:08:54:53 -0500] "GET /sipse/css/custom_css_sg.css HTTP/1.1" 304 -
186.80.51.52 - - [26/Jan/2024:08:54:53 -0500] "GET /sipse/faces/javax.faces.resource/theme.css?ln=primefaces-sipse HTTP/1.1" 304 -
186.80.51.52 - - [26/Jan/2024:08:54:53 -0500] "GET /sipse/faces/javax.faces.resource/jquery/jquery-plugins.js?ln=primefaces&v=4.0 HTTP/1.1" 304 -
186.80.51.52 - - [26/Jan/2024:08:54:53 -0500] "GET /sipse/faces/javax.faces.resource/layout/layout.css?ln=primefaces&v=4.0 HTTP/1.1" 304 -
186.80.51.52 - - [26/Jan/2024:08:54:53 -0500] "GET /sipse/faces/javax.faces.resource/jquery/jquery.js?ln=primefaces&v=4.0 HTTP/1.1" 304 -
186.80.51.52 - - [26/Jan/2024:08:54:53 -0500] "GET /sipse/faces/javax.faces.resource/primefaces.css?ln=primefaces&v=4.0 HTTP/1.1" 304 -
186.80.51.52 - - [26/Jan/2024:08:54:53 -0500] "GET /sipse/faces/javax.faces.resource/layout/layout.js?ln=primefaces&v=4.0 HTTP/1.1" 304 -
186.80.51.52 - - [26/Jan/2024:08:54:53 -0500] "GET /sipse/faces/javax.faces.resource/primefaces.js?ln=primefaces&v=4.0 HTTP/1.1" 304 -
186.80.51.52 - - [26/Jan/2024:08:54:53 -0500] "GET /sipse/css/custom_css_sg_prime_login.css HTTP/1.1" 304 -
186.80.51.52 - - [26/Jan/2024:08:54:54 -0500] "GET /sipse/css/imagen/logoSDG.png HTTP/1.1" 304 -
186.80.51.52 - - [26/Jan/2024:08:54:54 -0500] "GET /sipse/css/imagen/loginimg.png HTTP/1.1" 304 -
186.80.51.52 - - [26/Jan/2024:08:54:54 -0500] "GET /sipse/faces/javax.faces.resource/images/ui-icons_898989_256x240.png?ln=primefaces-aristo HTTP/1.1" 304 -
172.22.2.4 - - [26/Jan/2024:08:53:14 -0500] "GET /BLA/boletinlegal/ HTTP/1.1" 200 61050
156.59.198.136 - - [26/Jan/2024:08:54:58 -0500] "GET /BLA/resoluciones/RESOLUCIONES%202009/9800.pdf HTTP/1.0" 200 700886
186.80.51.52 - - [26/Jan/2024:08:54:58 -0500] "POST /sipse/faces/autenticacion.xhtml HTTP/1.1" 200 11158
186.80.51.52 - - [26/Jan/2024:08:54:58 -0500] "GET /sipse/css/custom_css_sg_prime.css HTTP/1.1" 304 -
186.80.51.52 - - [26/Jan/2024:08:54:58 -0500] "GET /sipse/faces/javax.faces.resource/primefaces.css?ln=primefaces&v=4.0 HTTP/1.1" 304 -
186.80.51.52 - - [26/Jan/2024:08:54:58 -0500] "GET /sipse/faces/javax.faces.resource/theme.css?ln=primefaces-sipse HTTP/1.1" 304 -
186.80.51.52 - - [26/Jan/2024:08:54:58 -0500] "GET /sipse/faces/javax.faces.resource/jquery/jquery.js?ln=primefaces&v=4.0 HTTP/1.1" 304 -
186.80.51.52 - - [26/Jan/2024:08:54:58 -0500] "GET /sipse/faces/javax.faces.resource/layout/layout.css?ln=primefaces&v=4.0 HTTP/1.1" 304 -
186.80.51.52 - - [26/Jan/2024:08:54:59 -0500] "GET /sipse/faces/javax.faces.resource/jquery/jquery-plugins.js?ln=primefaces&v=4.0 HTTP/1.1" 304 -
186.80.51.52 - - [26/Jan/2024:08:54:59 -0500] "GET /sipse/faces/javax.faces.resource/primefaces.js?ln=primefaces&v=4.0 HTTP/1.1" 304 -
186.80.51.52 - - [26/Jan/2024:08:54:59 -0500] "GET /sipse/faces/javax.faces.resource/layout/layout.js?ln=primefaces&v=4.0 HTTP/1.1" 304 -
186.80.51.52 - - [26/Jan/2024:08:54:59 -0500] "GET /sipse/faces/javax.faces.resource/messages/messages.png?ln=primefaces&v=4.0 HTTP/1.1" 304 -
186.80.51.52 - - [26/Jan/2024:08:55:03 -0500] "POST /sipse/faces/presentacion/sistema/seguridad/seleccionRol.xhtml HTTP/1.1" 200 5865
186.80.51.52 - - [26/Jan/2024:08:55:04 -0500] "GET /sipse/faces/javax.faces.resource/images/ui-bg_flat_0_2d5972_40x100.png?ln=primefaces-aristo HTTP/1.1" 304 -
186.102.111.239 - - [26/Jan/2024:08:55:05 -0500] "GET /distrito-declara-alerta-zonal-por-deterioro-de-calidad-de-aire-y-toma-nuevas-decisiones-en-materia-de-movilidad.html HTTP/1.1" 200 860
201.245.192.253 - - [26/Jan/2024:08:55:05 -0500] "POST /forms/lservlet;jsessionid=ac16012b30d67d396d69ba114f9ba73cc384f4f1f357.e3iSbxaKaheRe3qKcheMbNuKc41ynknvrkLOlQzNp65In0 HTTP/1.1" 200 2
186.80.51.52 - - [26/Jan/2024:08:55:06 -0500] "POST /sipse/faces/presentacion/sistema/seguridad/seleccionRol.xhtml HTTP/1.1" 200 16352
186.80.51.52 - - [26/Jan/2024:08:55:07 -0500] "GET /sipse/faces/javax.faces.resource/theme.css?ln=primefaces-sipse HTTP/1.1" 304 -
186.80.51.52 - - [26/Jan/2024:08:55:07 -0500] "GET /sipse/faces/javax.faces.resource/primefaces.css?ln=primefaces&v=4.0 HTTP/1.1" 304 -
186.80.51.52 - - [26/Jan/2024:08:55:07 -0500] "GET /sipse/faces/javax.faces.resource/layout/layout.css?ln=primefaces&v=4.0 HTTP/1.1" 304 -
186.80.51.52 - - [26/Jan/2024:08:55:07 -0500] "GET /sipse/js/jquery.min.js HTTP/1.1" 304 -
186.80.51.52 - - [26/Jan/2024:08:55:07 -0500] "GET /sipse/faces/javax.faces.resource/jquery/jquery.js?ln=primefaces&v=4.0 HTTP/1.1" 304 -
186.80.51.52 - - [26/Jan/2024:08:55:07 -0500] "GET /sipse/faces/javax.faces.resource/jquery/jquery-plugins.js?ln=primefaces&v=4.0 HTTP/1.1" 304 -
186.80.51.52 - - [26/Jan/2024:08:55:07 -0500] "GET /sipse/faces/javax.faces.resource/primefaces.js?ln=primefaces&v=4.0 HTTP/1.1" 304 -
186.80.51.52 - - [26/Jan/2024:08:55:07 -0500] "GET /sipse/faces/javax.faces.resource/layout/layout.js?ln=primefaces&v=4.0 HTTP/1.1" 304 -
186.80.51.52 - - [26/Jan/2024:08:55:07 -0500] "GET /sipse/css/v_mergente.css HTTP/1.1" 304 -
186.80.51.52 - - [26/Jan/2024:08:55:07 -0500] "GET /sipse/imagenes/logoAplicacion.jpg HTTP/1.1" 304 -
186.80.51.52 - - [26/Jan/2024:08:55:07 -0500] "GET /sipse/imagenes/cargando.gif HTTP/1.1" 304 -
186.80.51.52 - - [26/Jan/2024:08:55:07 -0500] "GET /sipse/css/imagen/contrasena.png HTTP/1.1" 404 383
186.80.51.52 - - [26/Jan/2024:08:55:09 -0500] "POST /sipse/faces/bienvenido.xhtml HTTP/1.1" 200 2658
186.80.51.52 - - [26/Jan/2024:08:55:11 -0500] "POST /sipse/faces/bienvenido.xhtml HTTP/1.1" 200 63777
186.80.51.52 - - [26/Jan/2024:08:55:11 -0500] "GET /sipse/faces/javax.faces.resource/theme.css?ln=primefaces-sipse HTTP/1.1" 304 -
186.80.51.52 - - [26/Jan/2024:08:55:11 -0500] "GET /sipse/faces/javax.faces.resource/primefaces.css?ln=primefaces&v=4.0 HTTP/1.1" 304 -
186.80.51.52 - - [26/Jan/2024:08:55:11 -0500] "GET /sipse/faces/javax.faces.resource/layout/layout.css?ln=primefaces&v=4.0 HTTP/1.1" 304 -
186.80.51.52 - - [26/Jan/2024:08:55:11 -0500] "GET /sipse/faces/javax.faces.resource/jquery/jquery.js?ln=primefaces&v=4.0 HTTP/1.1" 304 -
186.80.51.52 - - [26/Jan/2024:08:55:12 -0500] "GET /sipse/faces/javax.faces.resource/jquery/jquery-plugins.js?ln=primefaces&v=4.0 HTTP/1.1" 304 -
186.80.51.52 - - [26/Jan/2024:08:55:12 -0500] "GET /sipse/faces/javax.faces.resource/primefaces.js?ln=primefaces&v=4.0 HTTP/1.1" 304 -
186.80.51.52 - - [26/Jan/2024:08:55:12 -0500] "GET /sipse/faces/javax.faces.resource/layout/layout.js?ln=primefaces&v=4.0 HTTP/1.1" 304 -
186.80.51.52 - - [26/Jan/2024:08:55:12 -0500] "POST /sipse/faces/presentacion/financiero/solicitudProceso/listarSolicitudProceso.xhtml HTTP/1.1" 200 1556
186.80.51.52 - - [26/Jan/2024:08:55:17 -0500] "POST /sipse/faces/presentacion/financiero/solicitudProceso/listarSolicitudProceso.xhtml HTTP/1.1" 200 32062
186.80.51.52 - - [26/Jan/2024:08:55:18 -0500] "POST /sipse/faces/presentacion/financiero/solicitudProceso/listarSolicitudProceso.xhtml HTTP/1.1" 200 32337
156.59.198.136 - - [26/Jan/2024:08:55:24 -0500] "GET /BLA/resoluciones/RESOLUCIONES%202009/7043.pdf HTTP/1.0" 200 723135
156.59.198.136 - - [26/Jan/2024:08:55:49 -0500] "GET /BLA/resoluciones/RESOLUCIONES%202009/9110.pdf HTTP/1.0" 200 416488
186.116.210.50 - - [26/Jan/2024:08:55:49 -0500] "POST /sipse/faces/presentacion/financiero/solicitudProceso/consultarSolicitudProceso.xhtml HTTP/1.1" 200 171892
186.116.210.50 - - [26/Jan/2024:08:55:50 -0500] "GET /sipse/faces/javax.faces.resource/theme.css?ln=primefaces-sipse HTTP/1.1" 304 -
186.116.210.50 - - [26/Jan/2024:08:55:50 -0500] "GET /sipse/faces/javax.faces.resource/primefaces.css?ln=primefaces&v=4.0 HTTP/1.1" 304 -
186.116.210.50 - - [26/Jan/2024:08:55:50 -0500] "GET /sipse/faces/javax.faces.resource/layout/layout.css?ln=primefaces&v=4.0 HTTP/1.1" 304 -
186.116.210.50 - - [26/Jan/2024:08:55:50 -0500] "GET /sipse/faces/javax.faces.resource/jquery/jquery.js?ln=primefaces&v=4.0 HTTP/1.1" 304 -
186.116.210.50 - - [26/Jan/2024:08:55:50 -0500] "GET /sipse/faces/javax.faces.resource/layout/layout.js?ln=primefaces&v=4.0 HTTP/1.1" 304 -
186.116.210.50 - - [26/Jan/2024:08:55:50 -0500] "GET /sipse/faces/javax.faces.resource/jquery/jquery-plugins.js?ln=primefaces&v=4.0 HTTP/1.1" 304 -
186.116.210.50 - - [26/Jan/2024:08:55:50 -0500] "GET /sipse/faces/javax.faces.resource/primefaces.js?ln=primefaces&v=4.0 HTTP/1.1" 304 -
186.116.210.50 - - [26/Jan/2024:08:55:50 -0500] "GET /sipse/faces/javax.faces.resource/images/ui-icons_898989_256x240.png?ln=primefaces-aristo HTTP/1.1" 304 -
190.60.36.2 - - [26/Jan/2024:08:55:50 -0500] "POST /sipse/faces/presentacion/financiero/modificacionContrato/cargarModifiacion.xhtml HTTP/1.1" 200 120567
190.60.36.2 - - [26/Jan/2024:08:55:51 -0500] "GET /sipse/faces/javax.faces.resource/theme.css?ln=primefaces-sipse HTTP/1.1" 304 -
190.60.36.2 - - [26/Jan/2024:08:55:51 -0500] "GET /sipse/faces/javax.faces.resource/jquery/jquery.js?ln=primefaces&v=4.0 HTTP/1.1" 304 -
190.60.36.2 - - [26/Jan/2024:08:55:51 -0500] "GET /sipse/faces/javax.faces.resource/layout/layout.css?ln=primefaces&v=4.0 HTTP/1.1" 304 -
190.60.36.2 - - [26/Jan/2024:08:55:51 -0500] "GET /sipse/faces/javax.faces.resource/jquery/jquery-plugins.js?ln=primefaces&v=4.0 HTTP/1.1" 304 -
190.60.36.2 - - [26/Jan/2024:08:55:51 -0500] "GET /sipse/faces/javax.faces.resource/primefaces.js?ln=primefaces&v=4.0 HTTP/1.1" 304 -
190.60.36.2 - - [26/Jan/2024:08:55:51 -0500] "GET /sipse/faces/javax.faces.resource/layout/layout.js?ln=primefaces&v=4.0 HTTP/1.1" 304 -
190.60.36.2 - - [26/Jan/2024:08:55:51 -0500] "GET /sipse/faces/javax.faces.resource/primefaces.css?ln=primefaces&v=4.0 HTTP/1.1" 304 -
190.60.36.2 - - [26/Jan/2024:08:55:54 -0500] "POST /sipse/faces/presentacion/financiero/solicitudProceso/consultarSolicitudProceso.xhtml HTTP/1.1" 200 63708
190.60.36.2 - - [26/Jan/2024:08:55:56 -0500] "GET /sipse/faces/javax.faces.resource/theme.css?ln=primefaces-sipse HTTP/1.1" 304 -
190.60.36.2 - - [26/Jan/2024:08:55:56 -0500] "GET /sipse/faces/javax.faces.resource/primefaces.css?ln=primefaces&v=4.0 HTTP/1.1" 304 -
190.60.36.2 - - [26/Jan/2024:08:55:56 -0500] "GET /sipse/faces/javax.faces.resource/layout/layout.css?ln=primefaces&v=4.0 HTTP/1.1" 304 -
190.60.36.2 - - [26/Jan/2024:08:55:56 -0500] "GET /sipse/faces/javax.faces.resource/jquery/jquery.js?ln=primefaces&v=4.0 HTTP/1.1" 304 -
190.60.36.2 - - [26/Jan/2024:08:55:56 -0500] "GET /sipse/faces/javax.faces.resource/jquery/jquery-plugins.js?ln=primefaces&v=4.0 HTTP/1.1" 304 -
190.60.36.2 - - [26/Jan/2024:08:55:56 -0500] "GET /sipse/faces/javax.faces.resource/primefaces.js?ln=primefaces&v=4.0 HTTP/1.1" 304 -
190.60.36.2 - - [26/Jan/2024:08:55:56 -0500] "GET /sipse/faces/javax.faces.resource/layout/layout.js?ln=primefaces&v=4.0 HTTP/1.1" 304 -
190.60.36.2 - - [26/Jan/2024:08:55:56 -0500] "POST /sipse/faces/presentacion/financiero/solicitudProceso/listarSolicitudProceso.xhtml HTTP/1.1" 200 1556
186.116.210.50 - - [26/Jan/2024:08:55:59 -0500] "GET /sipse/faces/javax.faces.resource/images/ui-bg_flat_0_2d5972_40x100.png?ln=primefaces-aristo HTTP/1.1" 304 -
186.116.210.50 - - [26/Jan/2024:08:55:59 -0500] "POST /sipse/faces/presentacion/financiero/solicitudProceso/consultarSolicitudProceso.xhtml HTTP/1.1" 200 23910
186.116.210.50 - - [26/Jan/2024:08:55:59 -0500] "GET /sipse/faces/javax.faces.resource/jquery/jquery.js?ln=primefaces&v=4.0 HTTP/1.1" 304 -
186.116.210.50 - - [26/Jan/2024:08:55:59 -0500] "GET /sipse/faces/javax.faces.resource/jquery/jquery-plugins.js?ln=primefaces&v=4.0 HTTP/1.1" 304 -
186.116.210.50 - - [26/Jan/2024:08:55:59 -0500] "GET /sipse/faces/javax.faces.resource/primefaces.js?ln=primefaces&v=4.0 HTTP/1.1" 304 -
186.116.210.50 - - [26/Jan/2024:08:55:59 -0500] "GET /sipse/faces/javax.faces.resource/layout/layout.js?ln=primefaces&v=4.0 HTTP/1.1" 304 -
190.60.36.2 - - [26/Jan/2024:08:55:59 -0500] "POST /sipse/faces/presentacion/financiero/solicitudProceso/listarSolicitudProceso.xhtml HTTP/1.1" 200 33654
190.60.36.2 - - [26/Jan/2024:08:56:00 -0500] "POST /sipse/faces/presentacion/financiero/solicitudProceso/listarSolicitudProceso.xhtml HTTP/1.1" 200 46572
190.60.36.2 - - [26/Jan/2024:08:56:00 -0500] "POST /sipse/faces/presentacion/financiero/solicitudProceso/listarSolicitudProceso.xhtml HTTP/1.1" 200 33650
201.245.192.253 - - [26/Jan/2024:08:56:00 -0500] "POST /kwsrmcab/Wsrmcab  HTTP/1.1" 200 37857
156.59.198.136 - - [26/Jan/2024:08:56:12 -0500] "GET /BLA/resoluciones/RESOLUCIONES%202009/9304.pdf HTTP/1.0" 200 907000
190.60.36.2 - - [26/Jan/2024:08:56:19 -0500] "POST /sipse/faces/presentacion/financiero/solicitudProceso/listarSolicitudProceso.xhtml HTTP/1.1" 200 121741
190.60.36.2 - - [26/Jan/2024:08:56:21 -0500] "GET /sipse/faces/javax.faces.resource/theme.css?ln=primefaces-sipse HTTP/1.1" 304 -
190.60.36.2 - - [26/Jan/2024:08:56:21 -0500] "GET /sipse/faces/javax.faces.resource/jquery/jquery.js?ln=primefaces&v=4.0 HTTP/1.1" 304 -
190.60.36.2 - - [26/Jan/2024:08:56:21 -0500] "GET /sipse/faces/javax.faces.resource/layout/layout.css?ln=primefaces&v=4.0 HTTP/1.1" 304 -
190.60.36.2 - - [26/Jan/2024:08:56:21 -0500] "GET /sipse/faces/javax.faces.resource/jquery/jquery-plugins.js?ln=primefaces&v=4.0 HTTP/1.1" 304 -
190.60.36.2 - - [26/Jan/2024:08:56:21 -0500] "GET /sipse/faces/javax.faces.resource/primefaces.js?ln=primefaces&v=4.0 HTTP/1.1" 304 -
190.60.36.2 - - [26/Jan/2024:08:56:21 -0500] "GET /sipse/faces/javax.faces.resource/layout/layout.js?ln=primefaces&v=4.0 HTTP/1.1" 304 -
190.60.36.2 - - [26/Jan/2024:08:56:21 -0500] "GET /sipse/faces/javax.faces.resource/primefaces.css?ln=primefaces&v=4.0 HTTP/1.1" 304 -
190.60.36.2 - - [26/Jan/2024:08:56:24 -0500] "POST /sipse/faces/presentacion/financiero/solicitudProceso/consultarSolicitudProceso.xhtml HTTP/1.1" 200 465393
201.245.192.253 - - [26/Jan/2024:08:56:28 -0500] "POST /forms/lservlet;jsessionid=ac16012b30d6abe7b988884748809bddc352ae6e08d2.e3iSbxaKaheRe3qKcheMbNuKc41ynknvrkLOlQzNp65In0 HTTP/1.1" 200 2
190.60.36.2 - - [26/Jan/2024:08:56:33 -0500] "POST /sipse/faces/presentacion/financiero/solicitudProceso/consultarSolicitudProceso.xhtml HTTP/1.1" 200 41571
190.60.36.2 - - [26/Jan/2024:08:56:33 -0500] "GET /sipse/faces/javax.faces.resource/theme.css?ln=primefaces-sipse HTTP/1.1" 304 -
190.60.36.2 - - [26/Jan/2024:08:56:34 -0500] "GET /sipse/faces/javax.faces.resource/jquery/jquery.js?ln=primefaces&v=4.0 HTTP/1.1" 304 -
190.60.36.2 - - [26/Jan/2024:08:56:34 -0500] "GET /sipse/faces/javax.faces.resource/jquery/jquery-plugins.js?ln=primefaces&v=4.0 HTTP/1.1" 304 -
190.60.36.2 - - [26/Jan/2024:08:56:34 -0500] "GET /sipse/faces/javax.faces.resource/primefaces.js?ln=primefaces&v=4.0 HTTP/1.1" 304 -
190.60.36.2 - - [26/Jan/2024:08:56:34 -0500] "GET /sipse/faces/javax.faces.resource/layout/layout.js?ln=primefaces&v=4.0 HTTP/1.1" 304 -
190.60.36.2 - - [26/Jan/2024:08:56:34 -0500] "GET /sipse/faces/javax.faces.resource/primefaces.css?ln=primefaces&v=4.0 HTTP/1.1" 304 -
190.60.36.2 - - [26/Jan/2024:08:56:34 -0500] "GET /sipse/faces/javax.faces.resource/layout/layout.css?ln=primefaces&v=4.0 HTTP/1.1" 304 -
156.59.198.135 - - [26/Jan/2024:08:56:37 -0500] "GET /BLA/resoluciones/RESOLUCIONES%202009/9213.pdf HTTP/1.0" 200 517730
186.116.210.50 - - [26/Jan/2024:08:56:46 -0500] "POST /sipse/faces/presentacion/financiero/viabilidad/expedirViabilidad.xhtml HTTP/1.1" 200 125145
186.116.210.50 - - [26/Jan/2024:08:56:47 -0500] "GET /sipse/faces/javax.faces.resource/jquery/jquery.js?ln=primefaces&v=4.0 HTTP/1.1" 304 -
186.116.210.50 - - [26/Jan/2024:08:56:47 -0500] "GET /sipse/faces/javax.faces.resource/jquery/jquery-plugins.js?ln=primefaces&v=4.0 HTTP/1.1" 304 -
