172.22.2.4 - - [26/Jan/2024:02:41:18 -0500] "GET /BLA/boletinlegal/apple-touch-icon.png HTTP/1.1" 404 1140
172.22.2.4 - - [26/Jan/2024:02:41:18 -0500] "GET /BLA/boletinlegal/favicon.ico HTTP/1.1" 404 1140
172.22.2.4 - - [26/Jan/2024:02:40:24 -0500] "GET /BLA/boletinlegal/ HTTP/1.1" 200 59104
40.77.167.22 - - [26/Jan/2024:02:42:09 -0500] "GET /BLA/resoluciones/RESOLUCIONES%202022/4719.pdf HTTP/1.1" 304 -
201.245.192.253 - - [26/Jan/2024:02:42:45 -0500] "POST /kwsrmcab/Wsrmcab  HTTP/1.1" 200 37857
216.245.221.92 - - [26/Jan/2024:02:43:37 -0500] "HEAD / HTTP/1.1" 200 -
172.22.2.4 - - [26/Jan/2024:02:43:57 -0500] "GET /BLA/boletinlegal/jurisprudencia/analisis/AnalisisT-606-15.docx HTTP/1.1" 200 26698
172.22.2.4 - - [26/Jan/2024:02:43:58 -0500] "GET /BLA/boletinlegal/apple-touch-icon-120x120-precomposed.png HTTP/1.1" 404 1140
172.22.2.4 - - [26/Jan/2024:02:43:58 -0500] "GET /BLA/boletinlegal/apple-touch-icon-120x120.png HTTP/1.1" 404 1140
172.22.2.4 - - [26/Jan/2024:02:43:58 -0500] "GET /BLA/boletinlegal/apple-touch-icon-precomposed.png HTTP/1.1" 404 1140
172.22.2.4 - - [26/Jan/2024:02:43:58 -0500] "GET /BLA/boletinlegal/apple-touch-icon.png HTTP/1.1" 404 1140
172.22.2.4 - - [26/Jan/2024:02:43:58 -0500] "GET /BLA/boletinlegal/favicon.ico HTTP/1.1" 404 1140
172.22.2.4 - - [26/Jan/2024:02:43:58 -0500] "GET /BLA/boletinlegal/apple-touch-icon-120x120-precomposed.png HTTP/1.1" 404 1140
172.22.2.4 - - [26/Jan/2024:02:43:58 -0500] "GET /BLA/boletinlegal/apple-touch-icon-120x120.png HTTP/1.1" 404 1140
172.22.2.4 - - [26/Jan/2024:02:43:58 -0500] "GET /BLA/boletinlegal/apple-touch-icon-precomposed.png HTTP/1.1" 404 1140
172.22.2.4 - - [26/Jan/2024:02:43:58 -0500] "GET /BLA/boletinlegal/apple-touch-icon.png HTTP/1.1" 404 1140
172.22.2.4 - - [26/Jan/2024:02:43:58 -0500] "GET /BLA/boletinlegal/favicon.ico HTTP/1.1" 404 1140
40.77.167.36 - - [26/Jan/2024:02:44:06 -0500] "GET /portaldeninos/wp-content/uploads/2020/11/Capellan%C3%ADa-B-1024x576.jpg HTTP/1.1" 200 100158
162.55.175.144 - - [26/Jan/2024:02:44:28 -0500] "GET / HTTP/1.1" 200 4720
172.22.2.4 - - [26/Jan/2024:02:45:37 -0500] "GET /BLA/boletinlegal/robots.txt HTTP/1.1" 404 1140
172.22.2.4 - - [26/Jan/2024:02:45:24 -0500] "HEAD /BLA/boletinlegal/ HTTP/1.1" 200 -
52.167.144.24 - - [26/Jan/2024:02:47:28 -0500] "GET /BLA/resoluciones/AUTOS%202022/7613.pdf HTTP/1.1" 200 445511
172.22.2.4 - - [26/Jan/2024:02:47:31 -0500] "GET /BLA/boletinlegal/actos.php HTTP/1.1" 200 9738
172.22.2.4 - - [26/Jan/2024:02:47:32 -0500] "GET /BLA/boletinlegal/favicon.ico HTTP/1.1" 404 1326
57.135.130.199 - - [26/Jan/2024:02:47:37 -0500] "GET /BLA/resoluciones/ HTTP/1.1" 200 14105
57.135.130.199 - - [26/Jan/2024:02:47:37 -0500] "GET /favicon.ico HTTP/1.1" 200 7782
57.135.130.199 - - [26/Jan/2024:02:47:42 -0500] "GET /BLA/resoluciones/index.php?dir=RESOLUCIONES+2020%2F HTTP/1.1" 200 170605
201.245.192.253 - - [26/Jan/2024:02:47:45 -0500] "POST /kwsrmcab/Wsrmcab  HTTP/1.1" 200 37857
57.135.130.199 - - [26/Jan/2024:02:47:47 -0500] "GET /BLA/resoluciones/index.php?dir=RESOLUCIONES+2021%2F HTTP/1.1" 200 444412
172.22.2.4 - - [26/Jan/2024:02:46:14 -0500] "GET /BLA/boletinlegal/ HTTP/1.1" 200 61050
216.245.221.92 - - [26/Jan/2024:02:48:37 -0500] "HEAD / HTTP/1.1" 200 -
201.245.192.253 - - [26/Jan/2024:02:52:43 -0500] "POST /kwsrmcab/Wsrmcab  HTTP/1.1" 200 37857
172.22.2.4 - - [26/Jan/2024:02:51:14 -0500] "HEAD /BLA/boletinlegal/ HTTP/1.1" 200 -
216.245.221.92 - - [26/Jan/2024:02:53:37 -0500] "HEAD / HTTP/1.1" 200 -
172.22.2.4 - - [26/Jan/2024:02:52:04 -0500] "GET /BLA/boletinlegal/ HTTP/1.1" 200 59104
216.244.66.195 - - [26/Jan/2024:02:54:35 -0500] "GET /BLA/resoluciones/AUTOS%202012/2148.pdf HTTP/1.1" 200 469228
216.244.66.195 - - [26/Jan/2024:02:55:14 -0500] "GET /BLA/resoluciones/AUTOS%202012/2922.pdf HTTP/1.1" 200 2391448
216.244.66.195 - - [26/Jan/2024:02:56:04 -0500] "GET /BLA/resoluciones/AUTOS%202013/0055.pdf HTTP/1.1" 200 308963
216.244.66.195 - - [26/Jan/2024:02:56:45 -0500] "GET /BLA/resoluciones/AUTOS%202013/0286.pdf HTTP/1.1" 200 1117593
216.244.66.195 - - [26/Jan/2024:02:57:27 -0500] "GET /BLA/resoluciones/AUTOS%202013/0734.pdf HTTP/1.1" 200 818604
201.245.192.253 - - [26/Jan/2024:02:57:42 -0500] "POST /kwsrmcab/Wsrmcab  HTTP/1.1" 200 37857
66.249.66.37 - - [26/Jan/2024:02:57:49 -0500] "GET /senderos-en-los-cerros-orientales-cerrados-temporalmente-por-incendios-forestales.html HTTP/1.1" 200 991
216.244.66.195 - - [26/Jan/2024:02:58:09 -0500] "GET /BLA/resoluciones/AUTOS%202013/1233.pdf HTTP/1.1" 200 300860
216.245.221.92 - - [26/Jan/2024:02:58:37 -0500] "HEAD / HTTP/1.1" 200 -
216.244.66.195 - - [26/Jan/2024:02:58:39 -0500] "GET /BLA/resoluciones/AUTOS%202013/1414.pdf HTTP/1.1" 200 545312
172.22.2.4 - - [26/Jan/2024:02:57:04 -0500] "HEAD /BLA/boletinlegal/ HTTP/1.1" 200 -
216.244.66.195 - - [26/Jan/2024:02:59:09 -0500] "GET /BLA/resoluciones/AUTOS%202013/1508.pdf HTTP/1.1" 200 143884
162.55.35.116 - - [26/Jan/2024:02:59:34 -0500] "GET / HTTP/1.1" 200 4720
172.22.2.4 - - [26/Jan/2024:02:57:54 -0500] "GET /BLA/boletinlegal/ HTTP/1.1" 200 58720
216.244.66.195 - - [26/Jan/2024:02:59:38 -0500] "GET /BLA/resoluciones/AUTOS%202013/1693.pdf HTTP/1.1" 200 319799
216.244.66.195 - - [26/Jan/2024:03:00:05 -0500] "GET /BLA/resoluciones/AUTOS%202013/1729.pdf HTTP/1.1" 200 1474158
216.244.66.195 - - [26/Jan/2024:03:00:43 -0500] "GET /BLA/resoluciones/AUTOS%202013/1779.pdf HTTP/1.1" 200 428676
216.244.66.195 - - [26/Jan/2024:03:01:16 -0500] "GET /BLA/resoluciones/AUTOS%202013/1976.pdf HTTP/1.1" 200 387856
216.244.66.195 - - [26/Jan/2024:03:01:49 -0500] "GET /BLA/resoluciones/AUTOS%202013/2019.pdf HTTP/1.1" 200 430691
216.244.66.195 - - [26/Jan/2024:03:02:18 -0500] "GET /BLA/resoluciones/AUTOS%202013/2351.pdf HTTP/1.1" 200 721174
201.245.192.253 - - [26/Jan/2024:03:02:39 -0500] "POST /kwsrmcab/Wsrmcab  HTTP/1.1" 200 37857
181.53.13.222 - - [26/Jan/2024:03:02:42 -0500] "POST /sipse/faces/presentacion/financiero/solicitudProceso/consultarSolicitudProceso.xhtml HTTP/1.1" 200 37320
181.53.13.222 - - [26/Jan/2024:03:02:43 -0500] "GET /sipse/faces/javax.faces.resource/theme.css?ln=primefaces-sipse HTTP/1.1" 304 -
181.53.13.222 - - [26/Jan/2024:03:02:43 -0500] "GET /sipse/faces/javax.faces.resource/primefaces.css?ln=primefaces&v=4.0 HTTP/1.1" 304 -
181.53.13.222 - - [26/Jan/2024:03:02:43 -0500] "GET /sipse/css/imagen/contrasena.png HTTP/1.1" 404 383
181.53.13.222 - - [26/Jan/2024:03:02:43 -0500] "GET /sipse/faces/javax.faces.resource/layout/layout.css?ln=primefaces&v=4.0 HTTP/1.1" 304 -
181.53.13.222 - - [26/Jan/2024:03:02:43 -0500] "GET /sipse/faces/javax.faces.resource/jquery/jquery.js?ln=primefaces&v=4.0 HTTP/1.1" 304 -
181.53.13.222 - - [26/Jan/2024:03:02:43 -0500] "GET /sipse/faces/javax.faces.resource/jquery/jquery-plugins.js?ln=primefaces&v=4.0 HTTP/1.1" 304 -
181.53.13.222 - - [26/Jan/2024:03:02:43 -0500] "GET /sipse/faces/javax.faces.resource/primefaces.js?ln=primefaces&v=4.0 HTTP/1.1" 304 -
181.53.13.222 - - [26/Jan/2024:03:02:43 -0500] "GET /sipse/faces/javax.faces.resource/layout/layout.js?ln=primefaces&v=4.0 HTTP/1.1" 304 -
181.53.13.222 - - [26/Jan/2024:03:02:43 -0500] "POST /sipse/faces/presentacion/financiero/solicitudProceso/listarSolicitudProceso.xhtml HTTP/1.1" 200 1396
216.244.66.195 - - [26/Jan/2024:03:02:45 -0500] "GET /BLA/resoluciones/AUTOS%202014/0841.pdf HTTP/1.1" 200 447379
186.116.217.236 - - [26/Jan/2024:03:02:50 -0500] "GET /secretaria-de-ambiente-recupera-cuatro-animales-silvestres-y-realiza-recorridos-para-identificar-fauna-herida-de-incendios-forestales.html HTTP/1.1" 200 902
181.53.13.222 - - [26/Jan/2024:03:02:50 -0500] "POST /sipse/faces/presentacion/financiero/solicitudProceso/listarSolicitudProceso.xhtml HTTP/1.1" 200 19906
181.53.13.222 - - [26/Jan/2024:03:02:54 -0500] "POST /sipse/faces/presentacion/financiero/solicitudProceso/listarSolicitudProceso.xhtml HTTP/1.1" 200 130108
181.53.13.222 - - [26/Jan/2024:03:02:55 -0500] "GET /sipse/faces/javax.faces.resource/theme.css?ln=primefaces-sipse HTTP/1.1" 304 -
181.53.13.222 - - [26/Jan/2024:03:02:55 -0500] "GET /sipse/faces/javax.faces.resource/primefaces.css?ln=primefaces&v=4.0 HTTP/1.1" 304 -
181.53.13.222 - - [26/Jan/2024:03:02:55 -0500] "GET /sipse/faces/javax.faces.resource/jquery/jquery.js?ln=primefaces&v=4.0 HTTP/1.1" 304 -
181.53.13.222 - - [26/Jan/2024:03:02:55 -0500] "GET /sipse/faces/javax.faces.resource/layout/layout.css?ln=primefaces&v=4.0 HTTP/1.1" 304 -
181.53.13.222 - - [26/Jan/2024:03:02:56 -0500] "GET /sipse/faces/javax.faces.resource/jquery/jquery-plugins.js?ln=primefaces&v=4.0 HTTP/1.1" 304 -
181.53.13.222 - - [26/Jan/2024:03:02:56 -0500] "GET /sipse/faces/javax.faces.resource/primefaces.js?ln=primefaces&v=4.0 HTTP/1.1" 304 -
181.53.13.222 - - [26/Jan/2024:03:02:56 -0500] "GET /sipse/faces/javax.faces.resource/layout/layout.js?ln=primefaces&v=4.0 HTTP/1.1" 304 -
216.244.66.195 - - [26/Jan/2024:03:03:15 -0500] "GET /BLA/resoluciones/AUTOS%202014/1137.pdf HTTP/1.1" 200 281674
17.241.75.164 - - [26/Jan/2024:03:03:17 -0500] "GET /secretaria-de-ambiente-recupera-cuatro-animales-silvestres-y-realiza-recorridos-para-identificar-fauna-herida-de-incendios-forestales.html HTTP/1.1" 200 902
216.245.221.92 - - [26/Jan/2024:03:03:37 -0500] "HEAD / HTTP/1.1" 200 -
216.244.66.195 - - [26/Jan/2024:03:03:40 -0500] "GET /BLA/resoluciones/AUTOS%202014/1878.pdf HTTP/1.1" 200 350736
216.244.66.195 - - [26/Jan/2024:03:04:05 -0500] "GET /BLA/resoluciones/AUTOS%202014/2359.pdf HTTP/1.1" 200 437067
172.22.2.4 - - [26/Jan/2024:03:04:07 -0500] "GET /BLA/boletinlegal/jurisprudencia/analisis/AnalisisT-606-15.docx HTTP/1.1" 200 26698
172.22.2.4 - - [26/Jan/2024:03:04:07 -0500] "GET /BLA/boletinlegal/apple-touch-icon-120x120-precomposed.png HTTP/1.1" 404 1140
172.22.2.4 - - [26/Jan/2024:03:04:07 -0500] "GET /BLA/boletinlegal/apple-touch-icon-120x120.png HTTP/1.1" 404 1140
172.22.2.4 - - [26/Jan/2024:03:04:07 -0500] "GET /BLA/boletinlegal/apple-touch-icon-precomposed.png HTTP/1.1" 404 1140
172.22.2.4 - - [26/Jan/2024:03:04:07 -0500] "GET /BLA/boletinlegal/apple-touch-icon.png HTTP/1.1" 404 1140
172.22.2.4 - - [26/Jan/2024:03:04:07 -0500] "GET /BLA/boletinlegal/favicon.ico HTTP/1.1" 404 1140
172.22.2.4 - - [26/Jan/2024:03:04:08 -0500] "GET /BLA/boletinlegal/apple-touch-icon-120x120-precomposed.png HTTP/1.1" 404 1140
172.22.2.4 - - [26/Jan/2024:03:04:08 -0500] "GET /BLA/boletinlegal/apple-touch-icon-120x120.png HTTP/1.1" 404 1140
172.22.2.4 - - [26/Jan/2024:03:04:08 -0500] "GET /BLA/boletinlegal/apple-touch-icon-precomposed.png HTTP/1.1" 404 1140
172.22.2.4 - - [26/Jan/2024:03:04:08 -0500] "GET /BLA/boletinlegal/apple-touch-icon.png HTTP/1.1" 404 1140
172.22.2.4 - - [26/Jan/2024:03:04:08 -0500] "GET /BLA/boletinlegal/favicon.ico HTTP/1.1" 404 1140
216.244.66.195 - - [26/Jan/2024:03:04:29 -0500] "GET /BLA/resoluciones/AUTOS%202018/0179.pdf HTTP/1.1" 200 288961
172.22.2.4 - - [26/Jan/2024:03:02:54 -0500] "HEAD /BLA/boletinlegal/ HTTP/1.1" 200 -
192.99.101.184 - - [26/Jan/2024:03:04:38 -0500] "GET /secretaria-de-ambiente-recupera-cuatro-animales-silvestres-y-realiza-recorridos-para-identificar-fauna-herida-de-incendios-forestales.html HTTP/1.1" 200 902
216.244.66.195 - - [26/Jan/2024:03:04:53 -0500] "GET /BLA/resoluciones/AUTOS%202018/0351.pdf HTTP/1.1" 200 303089
216.244.66.195 - - [26/Jan/2024:03:05:15 -0500] "GET /BLA/resoluciones/AUTOS%202018/0940.pdf HTTP/1.1" 200 274343
172.22.2.4 - - [26/Jan/2024:03:03:44 -0500] "GET /BLA/boletinlegal/ HTTP/1.1" 200 59104
66.249.66.37 - - [26/Jan/2024:03:05:34 -0500] "GET /distrito-alcanza-ya-15-acuerdos-de-conservacion-por-174-02-hectareas-para-consolidar-varios-ecosistemas-estrategicos-de-bogota.html HTTP/1.1" 304 -
216.244.66.195 - - [26/Jan/2024:03:05:35 -0500] "GET /BLA/resoluciones/AUTOS%202018/1024.pdf HTTP/1.1" 200 301547
52.167.144.184 - - [26/Jan/2024:03:05:52 -0500] "GET /documents/10184/5853519/pago+por+servicios.jpg/9c747374-0b5b-478b-91c6-7aff93c37aee?t=1703801937063 HTTP/1.1" 404 1034
216.244.66.195 - - [26/Jan/2024:03:05:57 -0500] "GET /BLA/resoluciones/AUTOS%202018/1265.pdf HTTP/1.1" 200 302240
104.199.31.214 - - [26/Jan/2024:03:06:02 -0500] "GET / HTTP/1.1" 200 319
216.244.66.195 - - [26/Jan/2024:03:06:15 -0500] "GET /BLA/resoluciones/AUTOS%202018/1439.pdf HTTP/1.1" 200 320497
216.244.66.195 - - [26/Jan/2024:03:06:32 -0500] "GET /BLA/resoluciones/AUTOS%202018/2204.pdf HTTP/1.1" 200 311062
216.244.66.195 - - [26/Jan/2024:03:06:49 -0500] "GET /BLA/resoluciones/AUTOS%202018/3689.pdf HTTP/1.1" 200 301456
216.244.66.195 - - [26/Jan/2024:03:07:07 -0500] "GET /BLA/resoluciones/AUTOS%202018/4090.pdf HTTP/1.1" 200 250722
181.53.13.222 - - [26/Jan/2024:03:07:13 -0500] "POST /sipse/faces/presentacion/financiero/solicitudProceso/consultarSolicitudProceso.xhtml HTTP/1.1" 200 21131
181.53.13.222 - - [26/Jan/2024:03:07:14 -0500] "GET /sipse/faces/javax.faces.resource/theme.css?ln=primefaces-sipse HTTP/1.1" 304 -
181.53.13.222 - - [26/Jan/2024:03:07:14 -0500] "GET /sipse/faces/javax.faces.resource/primefaces.css?ln=primefaces&v=4.0 HTTP/1.1" 304 -
181.53.13.222 - - [26/Jan/2024:03:07:14 -0500] "GET /sipse/faces/javax.faces.resource/layout/layout.css?ln=primefaces&v=4.0 HTTP/1.1" 304 -
181.53.13.222 - - [26/Jan/2024:03:07:14 -0500] "GET /sipse/faces/javax.faces.resource/jquery/jquery-plugins.js?ln=primefaces&v=4.0 HTTP/1.1" 304 -
181.53.13.222 - - [26/Jan/2024:03:07:14 -0500] "GET /sipse/faces/javax.faces.resource/jquery/jquery.js?ln=primefaces&v=4.0 HTTP/1.1" 304 -
181.53.13.222 - - [26/Jan/2024:03:07:14 -0500] "GET /sipse/faces/javax.faces.resource/fileupload/fileupload.css?ln=primefaces&v=4.0 HTTP/1.1" 304 -
181.53.13.222 - - [26/Jan/2024:03:07:14 -0500] "GET /sipse/faces/javax.faces.resource/layout/layout.js?ln=primefaces&v=4.0 HTTP/1.1" 304 -
181.53.13.222 - - [26/Jan/2024:03:07:14 -0500] "GET /sipse/faces/javax.faces.resource/primefaces.js?ln=primefaces&v=4.0 HTTP/1.1" 304 -
181.53.13.222 - - [26/Jan/2024:03:07:14 -0500] "GET /sipse/faces/javax.faces.resource/fileupload/fileupload.js?ln=primefaces&v=4.0 HTTP/1.1" 304 -
181.53.13.222 - - [26/Jan/2024:03:07:14 -0500] "GET /sipse/css/imagen/contrasena.png HTTP/1.1" 404 383
181.53.13.222 - - [26/Jan/2024:03:07:14 -0500] "GET /sipse/faces/javax.faces.resource/images/ui-icons_898989_256x240.png?ln=primefaces-aristo HTTP/1.1" 304 -
216.244.66.195 - - [26/Jan/2024:03:07:24 -0500] "GET /BLA/resoluciones/AUTOS%202019/0746.pdf HTTP/1.1" 200 369899
181.53.13.222 - - [26/Jan/2024:03:07:26 -0500] "GET /sipse/faces/javax.faces.resource/images/ui-bg_flat_0_2d5972_40x100.png?ln=primefaces-aristo HTTP/1.1" 304 -
181.53.13.222 - - [26/Jan/2024:03:07:26 -0500] "POST /sipse/faces/presentacion/sistema/anexos/cargarAnexoSolicitudProceso.xhtml HTTP/1.1" 200 130108
181.53.13.222 - - [26/Jan/2024:03:07:26 -0500] "GET /sipse/faces/javax.faces.resource/theme.css?ln=primefaces-sipse HTTP/1.1" 304 -
181.53.13.222 - - [26/Jan/2024:03:07:26 -0500] "GET /sipse/faces/javax.faces.resource/primefaces.css?ln=primefaces&v=4.0 HTTP/1.1" 304 -
181.53.13.222 - - [26/Jan/2024:03:07:26 -0500] "GET /sipse/faces/javax.faces.resource/layout/layout.css?ln=primefaces&v=4.0 HTTP/1.1" 304 -
181.53.13.222 - - [26/Jan/2024:03:07:26 -0500] "GET /sipse/faces/javax.faces.resource/jquery/jquery.js?ln=primefaces&v=4.0 HTTP/1.1" 304 -
181.53.13.222 - - [26/Jan/2024:03:07:26 -0500] "GET /sipse/faces/javax.faces.resource/jquery/jquery-plugins.js?ln=primefaces&v=4.0 HTTP/1.1" 304 -
181.53.13.222 - - [26/Jan/2024:03:07:26 -0500] "GET /sipse/faces/javax.faces.resource/primefaces.js?ln=primefaces&v=4.0 HTTP/1.1" 304 -
181.53.13.222 - - [26/Jan/2024:03:07:26 -0500] "GET /sipse/faces/javax.faces.resource/layout/layout.js?ln=primefaces&v=4.0 HTTP/1.1" 304 -
181.53.13.222 - - [26/Jan/2024:03:07:30 -0500] "POST /sipse/faces/presentacion/financiero/solicitudProceso/consultarSolicitudProceso.xhtml HTTP/1.1" 200 21131
181.53.13.222 - - [26/Jan/2024:03:07:30 -0500] "GET /sipse/faces/javax.faces.resource/theme.css?ln=primefaces-sipse HTTP/1.1" 304 -
181.53.13.222 - - [26/Jan/2024:03:07:30 -0500] "GET /sipse/faces/javax.faces.resource/primefaces.css?ln=primefaces&v=4.0 HTTP/1.1" 304 -
181.53.13.222 - - [26/Jan/2024:03:07:30 -0500] "GET /sipse/faces/javax.faces.resource/layout/layout.css?ln=primefaces&v=4.0 HTTP/1.1" 304 -
181.53.13.222 - - [26/Jan/2024:03:07:30 -0500] "GET /sipse/faces/javax.faces.resource/jquery/jquery.js?ln=primefaces&v=4.0 HTTP/1.1" 304 -
181.53.13.222 - - [26/Jan/2024:03:07:30 -0500] "GET /sipse/faces/javax.faces.resource/fileupload/fileupload.css?ln=primefaces&v=4.0 HTTP/1.1" 304 -
181.53.13.222 - - [26/Jan/2024:03:07:30 -0500] "GET /sipse/faces/javax.faces.resource/primefaces.js?ln=primefaces&v=4.0 HTTP/1.1" 304 -
181.53.13.222 - - [26/Jan/2024:03:07:30 -0500] "GET /sipse/faces/javax.faces.resource/layout/layout.js?ln=primefaces&v=4.0 HTTP/1.1" 304 -
181.53.13.222 - - [26/Jan/2024:03:07:30 -0500] "GET /sipse/faces/javax.faces.resource/jquery/jquery-plugins.js?ln=primefaces&v=4.0 HTTP/1.1" 304 -
181.53.13.222 - - [26/Jan/2024:03:07:30 -0500] "GET /sipse/faces/javax.faces.resource/fileupload/fileupload.js?ln=primefaces&v=4.0 HTTP/1.1" 304 -
216.244.66.195 - - [26/Jan/2024:03:07:38 -0500] "GET /BLA/resoluciones/AUTOS%202019/0946.pdf HTTP/1.1" 200 291804
181.53.13.222 - - [26/Jan/2024:03:07:39 -0500] "GET /sipse/faces/javax.faces.resource/theme.css?ln=primefaces-sipse HTTP/1.1" 304 -
181.53.13.222 - - [26/Jan/2024:03:07:39 -0500] "GET /sipse/faces/javax.faces.resource/jquery/jquery.js?ln=primefaces&v=4.0 HTTP/1.1" 304 -
181.53.13.222 - - [26/Jan/2024:03:07:39 -0500] "GET /sipse/faces/javax.faces.resource/primefaces.css?ln=primefaces&v=4.0 HTTP/1.1" 304 -
181.53.13.222 - - [26/Jan/2024:03:07:39 -0500] "GET /sipse/faces/javax.faces.resource/layout/layout.css?ln=primefaces&v=4.0 HTTP/1.1" 304 -
181.53.13.222 - - [26/Jan/2024:03:07:39 -0500] "GET /sipse/faces/javax.faces.resource/jquery/jquery-plugins.js?ln=primefaces&v=4.0 HTTP/1.1" 304 -
181.53.13.222 - - [26/Jan/2024:03:07:39 -0500] "GET /sipse/faces/javax.faces.resource/primefaces.js?ln=primefaces&v=4.0 HTTP/1.1" 304 -
181.53.13.222 - - [26/Jan/2024:03:07:39 -0500] "GET /sipse/faces/javax.faces.resource/layout/layout.js?ln=primefaces&v=4.0 HTTP/1.1" 304 -
181.53.13.222 - - [26/Jan/2024:03:07:37 -0500] "POST /sipse/faces/presentacion/sistema/anexos/cargarAnexoSolicitudProceso.xhtml HTTP/1.1" 200 178737
201.245.192.253 - - [26/Jan/2024:03:07:38 -0500] "POST /kwsrmcab/Wsrmcab  HTTP/1.1" 200 37857
216.244.66.195 - - [26/Jan/2024:03:07:51 -0500] "GET /BLA/resoluciones/AUTOS%202019/1612.pdf HTTP/1.1" 200 257934
216.244.66.195 - - [26/Jan/2024:03:08:04 -0500] "GET /BLA/resoluciones/AUTOS%202020/0098.pdf HTTP/1.1" 200 303063
181.53.13.222 - - [26/Jan/2024:03:08:13 -0500] "GET /sipse/faces/javax.faces.resource/images/ui-icons_898989_256x240.png?ln=primefaces-aristo HTTP/1.1" 304 -
216.244.66.195 - - [26/Jan/2024:03:08:15 -0500] "GET /BLA/resoluciones/AUTOS%202020/0377.pdf HTTP/1.1" 200 900596
216.244.66.195 - - [26/Jan/2024:03:08:25 -0500] "GET /BLA/resoluciones/AUTOS%202020/1660.pdf HTTP/1.1" 200 404999
216.244.66.195 - - [26/Jan/2024:03:08:35 -0500] "GET /BLA/resoluciones/AUTOS%202020/1755.pdf HTTP/1.1" 200 478660
216.245.221.92 - - [26/Jan/2024:03:08:37 -0500] "HEAD / HTTP/1.1" 200 -
172.22.2.4 - - [26/Jan/2024:03:08:38 -0500] "GET /BLA/boletinlegal/robots.txt HTTP/1.1" 404 1038
216.244.66.195 - - [26/Jan/2024:03:08:42 -0500] "GET /BLA/resoluciones/AUTOS%202020/2189.pdf HTTP/1.1" 200 378118
216.244.66.195 - - [26/Jan/2024:03:08:50 -0500] "GET /BLA/resoluciones/AUTOS%202020/2305.pdf HTTP/1.1" 200 335918
216.244.66.195 - - [26/Jan/2024:03:09:05 -0500] "GET /BLA/resoluciones/AUTOS%202020/2658.pdf HTTP/1.1" 200 375182
216.244.66.195 - - [26/Jan/2024:03:09:17 -0500] "GET /BLA/resoluciones/AUTOS%202020/2866.pdf HTTP/1.1" 200 345175
216.244.66.195 - - [26/Jan/2024:03:09:48 -0500] "GET /BLA/resoluciones/AUTOS%202020/2984.pdf HTTP/1.1" 200 373063
216.244.66.195 - - [26/Jan/2024:03:10:12 -0500] "GET /BLA/resoluciones/AUTOS%202020/3140.pdf HTTP/1.1" 200 404903
172.22.2.4 - - [26/Jan/2024:03:08:41 -0500] "GET /BLA/boletinlegal/ HTTP/1.1" 200 51495
172.22.2.4 - - [26/Jan/2024:03:08:44 -0500] "HEAD /BLA/boletinlegal/ HTTP/1.1" 200 -
216.244.66.195 - - [26/Jan/2024:03:10:36 -0500] "GET /BLA/resoluciones/AUTOS%202020/3162.pdf HTTP/1.1" 200 358171
216.244.66.195 - - [26/Jan/2024:03:10:59 -0500] "GET /BLA/resoluciones/AUTOS%202020/3471.pdf HTTP/1.1" 200 375570
31.13.127.118 - - [26/Jan/2024:03:11:12 -0500] "GET /images/25%20Incendio%20declaratoria.jpeg HTTP/1.1" 200 90327
172.22.2.4 - - [26/Jan/2024:03:09:34 -0500] "GET /BLA/boletinlegal/ HTTP/1.1" 200 53437
216.244.66.195 - - [26/Jan/2024:03:11:21 -0500] "GET /BLA/resoluciones/AUTOS%202020/3613.pdf HTTP/1.1" 200 374857
216.244.66.195 - - [26/Jan/2024:03:11:42 -0500] "GET /BLA/resoluciones/AUTOS%202020/3839.pdf HTTP/1.1" 200 360864
216.244.66.195 - - [26/Jan/2024:03:12:02 -0500] "GET /BLA/resoluciones/AUTOS%202020/4144.pdf HTTP/1.1" 200 379244
216.244.66.246 - - [26/Jan/2024:03:12:19 -0500] "GET /robots.txt HTTP/1.1" 404 1035
216.244.66.195 - - [26/Jan/2024:03:12:22 -0500] "GET /BLA/resoluciones/AUTOS%202020/4536.pdf HTTP/1.1" 200 367867
201.245.192.253 - - [26/Jan/2024:03:12:36 -0500] "POST /kwsrmcab/Wsrmcab  HTTP/1.1" 200 37857
216.244.66.195 - - [26/Jan/2024:03:12:40 -0500] "GET /BLA/resoluciones/AUTOS%202020/4598.pdf HTTP/1.1" 200 647484
216.244.66.195 - - [26/Jan/2024:03:12:58 -0500] "GET /BLA/resoluciones/AUTOS%202020/4623.pdf HTTP/1.1" 200 632203
216.244.66.195 - - [26/Jan/2024:03:13:14 -0500] "GET /BLA/resoluciones/AUTOS%202020/4779.pdf HTTP/1.1" 200 366365
205.210.31.111 - - [26/Jan/2024:03:13:16 -0500] "\x16\x03\x01" 400 226
205.210.31.111 - - [26/Jan/2024:03:13:17 -0500] "\x16\x03\x01" 400 226
216.244.66.195 - - [26/Jan/2024:03:13:28 -0500] "GET /BLA/resoluciones/AUTOS%202020/4785.pdf HTTP/1.1" 200 382261
216.245.221.92 - - [26/Jan/2024:03:13:37 -0500] "HEAD / HTTP/1.1" 200 -
216.244.66.195 - - [26/Jan/2024:03:13:42 -0500] "GET /BLA/resoluciones/AUTOS%202022/0901.pdf HTTP/1.1" 200 370553
216.244.66.195 - - [26/Jan/2024:03:13:55 -0500] "GET /BLA/resoluciones/AUTOS%202022/2831.pdf HTTP/1.1" 200 367770
216.244.66.195 - - [26/Jan/2024:03:14:07 -0500] "GET /BLA/resoluciones/AUTOS%202022/3021.pdf HTTP/1.1" 200 381087
216.244.66.195 - - [26/Jan/2024:03:14:17 -0500] "GET /BLA/resoluciones/RESOLUCIONES%202011/0185.pdf HTTP/1.1" 200 285634
216.244.66.195 - - [26/Jan/2024:03:14:27 -0500] "GET /BLA/resoluciones/RESOLUCIONES%202011/0597.pdf HTTP/1.1" 200 70433
216.244.66.195 - - [26/Jan/2024:03:14:34 -0500] "GET /BLA/resoluciones/RESOLUCIONES%202011/1430.pdf HTTP/1.1" 200 71543
201.245.192.253 - - [26/Jan/2024:03:14:38 -0500] "POST /kwsrmcab/Wsrmcab HTTP/1.1" 200 37724
216.244.66.195 - - [26/Jan/2024:03:14:41 -0500] "GET /BLA/resoluciones/RESOLUCIONES%202011/1527.pdf HTTP/1.1" 200 344966
201.245.192.253 - - [26/Jan/2024:03:14:41 -0500] "POST /kwsrmcab/Wsrmcab HTTP/1.1" 200 39706
216.244.66.195 - - [26/Jan/2024:03:14:48 -0500] "GET /BLA/resoluciones/AUTOS%202008/0244.pdf HTTP/1.1" 200 109276
216.244.66.195 - - [26/Jan/2024:03:14:53 -0500] "GET /BLA/resoluciones/AUTOS%202008/1564.pdf HTTP/1.1" 200 88308
216.244.66.195 - - [26/Jan/2024:03:14:57 -0500] "GET /BLA/resoluciones/AUTOS%202015/2018.pdf HTTP/1.1" 200 638012
31.13.115.10 - - [26/Jan/2024:03:14:58 -0500] "GET /images/25%20Incendio%20declaratoria.jpeg HTTP/1.1" 200 90327
216.244.66.195 - - [26/Jan/2024:03:15:02 -0500] "GET /BLA/resoluciones/AUTOS%202017/5232.pdf HTTP/1.1" 200 346122
216.244.66.195 - - [26/Jan/2024:03:15:06 -0500] "GET /BLA/resoluciones/AUTOS%202018/0258.pdf HTTP/1.1" 200 248228
216.244.66.195 - - [26/Jan/2024:03:15:09 -0500] "GET /BLA/resoluciones/AUTOS%202018/0296.pdf HTTP/1.1" 200 664112
216.244.66.195 - - [26/Jan/2024:03:15:13 -0500] "GET /BLA/resoluciones/AUTOS%202018/1367.pdf HTTP/1.1" 200 276671
216.244.66.195 - - [26/Jan/2024:03:15:16 -0500] "GET /BLA/resoluciones/AUTOS%202018/1425.pdf HTTP/1.1" 200 407798
216.244.66.195 - - [26/Jan/2024:03:15:19 -0500] "GET /BLA/resoluciones/AUTOS%202018/2199.pdf HTTP/1.1" 200 1111621
216.244.66.195 - - [26/Jan/2024:03:15:23 -0500] "GET /BLA/resoluciones/AUTOS%202018/2488.pdf HTTP/1.1" 200 287141
216.244.66.195 - - [26/Jan/2024:03:15:26 -0500] "GET /BLA/resoluciones/AUTOS%202018/3413.pdf HTTP/1.1" 200 450966
216.244.66.195 - - [26/Jan/2024:03:15:29 -0500] "GET /BLA/resoluciones/AUTOS%202018/3586.pdf HTTP/1.1" 200 1748963
216.244.66.195 - - [26/Jan/2024:03:15:34 -0500] "GET /BLA/resoluciones/AUTOS%202018/4440.pdf HTTP/1.1" 200 268212
216.244.66.195 - - [26/Jan/2024:03:15:38 -0500] "GET /BLA/resoluciones/AUTOS%202022/0539.pdf HTTP/1.1" 200 467535
216.244.66.195 - - [26/Jan/2024:03:15:42 -0500] "GET /BLA/resoluciones/AUTOS%202022/2023.pdf HTTP/1.1" 200 577422
216.244.66.195 - - [26/Jan/2024:03:15:45 -0500] "GET /BLA/resoluciones/RESOLUCIONES%202011/0901.pdf HTTP/1.1" 200 514319
181.53.13.222 - - [26/Jan/2024:03:15:48 -0500] "POST /sipse/faces/presentacion/financiero/solicitudProceso/consultarSolicitudProceso.xhtml HTTP/1.1" 200 21131
181.53.13.222 - - [26/Jan/2024:03:15:48 -0500] "GET /sipse/faces/javax.faces.resource/theme.css?ln=primefaces-sipse HTTP/1.1" 304 -
181.53.13.222 - - [26/Jan/2024:03:15:48 -0500] "GET /sipse/faces/javax.faces.resource/primefaces.css?ln=primefaces&v=4.0 HTTP/1.1" 304 -
181.53.13.222 - - [26/Jan/2024:03:15:48 -0500] "GET /sipse/faces/javax.faces.resource/layout/layout.css?ln=primefaces&v=4.0 HTTP/1.1" 304 -
181.53.13.222 - - [26/Jan/2024:03:15:48 -0500] "GET /sipse/faces/javax.faces.resource/fileupload/fileupload.css?ln=primefaces&v=4.0 HTTP/1.1" 304 -
181.53.13.222 - - [26/Jan/2024:03:15:48 -0500] "GET /sipse/faces/javax.faces.resource/jquery/jquery.js?ln=primefaces&v=4.0 HTTP/1.1" 304 -
181.53.13.222 - - [26/Jan/2024:03:15:48 -0500] "GET /sipse/faces/javax.faces.resource/jquery/jquery-plugins.js?ln=primefaces&v=4.0 HTTP/1.1" 304 -
181.53.13.222 - - [26/Jan/2024:03:15:48 -0500] "GET /sipse/faces/javax.faces.resource/primefaces.js?ln=primefaces&v=4.0 HTTP/1.1" 304 -
181.53.13.222 - - [26/Jan/2024:03:15:48 -0500] "GET /sipse/faces/javax.faces.resource/layout/layout.js?ln=primefaces&v=4.0 HTTP/1.1" 304 -
181.53.13.222 - - [26/Jan/2024:03:15:48 -0500] "GET /sipse/faces/javax.faces.resource/fileupload/fileupload.js?ln=primefaces&v=4.0 HTTP/1.1" 304 -
216.244.66.195 - - [26/Jan/2024:03:15:53 -0500] "GET /BLA/resoluciones/RESOLUCIONES%202011/1986.pdf HTTP/1.1" 200 498278
216.244.66.195 - - [26/Jan/2024:03:15:59 -0500] "GET /BLA/resoluciones/RESOLUCIONES%202018/0112.pdf HTTP/1.1" 200 303705
216.244.66.195 - - [26/Jan/2024:03:16:04 -0500] "GET /BLA/resoluciones/RESOLUCIONES%202018/0318.pdf HTTP/1.1" 200 416591
216.244.66.195 - - [26/Jan/2024:03:16:09 -0500] "GET /BLA/resoluciones/RESOLUCIONES%202018/0650.pdf HTTP/1.1" 200 221630
216.244.66.195 - - [26/Jan/2024:03:16:13 -0500] "GET /BLA/resoluciones/RESOLUCIONES%202018/0689.pdf HTTP/1.1" 200 220155
172.22.2.4 - - [26/Jan/2024:03:14:33 -0500] "HEAD /BLA/boletinlegal/ HTTP/1.1" 200 -
181.53.13.222 - - [26/Jan/2024:03:16:16 -0500] "GET /sipse/css/custom_css_sg.css HTTP/1.1" 304 -
181.53.13.222 - - [26/Jan/2024:03:16:16 -0500] "GET /sipse/css/custom_css_sg_prime.css HTTP/1.1" 304 -
181.53.13.222 - - [26/Jan/2024:03:16:16 -0500] "GET /sipse/faces/javax.faces.resource/primefaces.css?ln=primefaces&v=4.0 HTTP/1.1" 304 -
181.53.13.222 - - [26/Jan/2024:03:16:16 -0500] "GET /sipse/faces/javax.faces.resource/theme.css?ln=primefaces-sipse HTTP/1.1" 304 -
181.53.13.222 - - [26/Jan/2024:03:16:16 -0500] "GET /sipse/faces/javax.faces.resource/layout/layout.css?ln=primefaces&v=4.0 HTTP/1.1" 304 -
181.53.13.222 - - [26/Jan/2024:03:16:16 -0500] "GET /sipse/faces/javax.faces.resource/jquery/jquery.js?ln=primefaces&v=4.0 HTTP/1.1" 304 -
181.53.13.222 - - [26/Jan/2024:03:16:16 -0500] "GET /sipse/faces/javax.faces.resource/primefaces.js?ln=primefaces&v=4.0 HTTP/1.1" 304 -
181.53.13.222 - - [26/Jan/2024:03:16:16 -0500] "GET /sipse/faces/javax.faces.resource/jquery/jquery-plugins.js?ln=primefaces&v=4.0 HTTP/1.1" 304 -
181.53.13.222 - - [26/Jan/2024:03:16:16 -0500] "GET /sipse/faces/javax.faces.resource/layout/layout.js?ln=primefaces&v=4.0 HTTP/1.1" 304 -
181.53.13.222 - - [26/Jan/2024:03:16:16 -0500] "GET /sipse/js/jquery.min.js HTTP/1.1" 304 -
181.53.13.222 - - [26/Jan/2024:03:16:16 -0500] "GET /sipse/js/disable_browser_buttons.js HTTP/1.1" 304 -
181.53.13.222 - - [26/Jan/2024:03:16:16 -0500] "GET /sipse/js/funciones.js HTTP/1.1" 304 -
181.53.13.222 - - [26/Jan/2024:03:16:15 -0500] "POST /sipse/faces/presentacion/sistema/anexos/cargarAnexoSolicitudProceso.xhtml HTTP/1.1" 200 180584
216.244.66.195 - - [26/Jan/2024:03:16:16 -0500] "GET /BLA/resoluciones/RESOLUCIONES%202018/0812.pdf HTTP/1.1" 200 334573
216.244.66.195 - - [26/Jan/2024:03:16:20 -0500] "GET /BLA/resoluciones/RESOLUCIONES%202018/0952.pdf HTTP/1.1" 200 341948
181.53.13.222 - - [26/Jan/2024:03:16:22 -0500] "POST /sipse/faces/presentacion/financiero/solicitudProceso/consultarSolicitudProceso.xhtml HTTP/1.1" 200 21131
181.53.13.222 - - [26/Jan/2024:03:16:22 -0500] "GET /sipse/faces/javax.faces.resource/theme.css?ln=primefaces-sipse HTTP/1.1" 304 -
181.53.13.222 - - [26/Jan/2024:03:16:22 -0500] "GET /sipse/faces/javax.faces.resource/primefaces.css?ln=primefaces&v=4.0 HTTP/1.1" 304 -
181.53.13.222 - - [26/Jan/2024:03:16:22 -0500] "GET /sipse/faces/javax.faces.resource/layout/layout.css?ln=primefaces&v=4.0 HTTP/1.1" 304 -
181.53.13.222 - - [26/Jan/2024:03:16:22 -0500] "GET /sipse/faces/javax.faces.resource/jquery/jquery.js?ln=primefaces&v=4.0 HTTP/1.1" 304 -
181.53.13.222 - - [26/Jan/2024:03:16:22 -0500] "GET /sipse/faces/javax.faces.resource/jquery/jquery-plugins.js?ln=primefaces&v=4.0 HTTP/1.1" 304 -
181.53.13.222 - - [26/Jan/2024:03:16:22 -0500] "GET /sipse/faces/javax.faces.resource/primefaces.js?ln=primefaces&v=4.0 HTTP/1.1" 304 -
181.53.13.222 - - [26/Jan/2024:03:16:22 -0500] "GET /sipse/faces/javax.faces.resource/fileupload/fileupload.css?ln=primefaces&v=4.0 HTTP/1.1" 304 -
181.53.13.222 - - [26/Jan/2024:03:16:22 -0500] "GET /sipse/faces/javax.faces.resource/layout/layout.js?ln=primefaces&v=4.0 HTTP/1.1" 304 -
181.53.13.222 - - [26/Jan/2024:03:16:22 -0500] "GET /sipse/faces/javax.faces.resource/fileupload/fileupload.js?ln=primefaces&v=4.0 HTTP/1.1" 304 -
216.244.66.195 - - [26/Jan/2024:03:16:23 -0500] "GET /BLA/resoluciones/RESOLUCIONES%202018/1049.pdf HTTP/1.1" 200 860249
216.244.66.195 - - [26/Jan/2024:03:16:27 -0500] "GET /BLA/resoluciones/RESOLUCIONES%202018/1062.pdf HTTP/1.1" 200 3745759
216.244.66.195 - - [26/Jan/2024:03:16:35 -0500] "GET /BLA/resoluciones/RESOLUCIONES%202018/2103.pdf HTTP/1.1" 200 438583
181.53.13.222 - - [26/Jan/2024:03:16:36 -0500] "GET /sipse/faces/javax.faces.resource/theme.css?ln=primefaces-sipse HTTP/1.1" 304 -
181.53.13.222 - - [26/Jan/2024:03:16:36 -0500] "GET /sipse/faces/javax.faces.resource/primefaces.css?ln=primefaces&v=4.0 HTTP/1.1" 304 -
181.53.13.222 - - [26/Jan/2024:03:16:36 -0500] "GET /sipse/faces/javax.faces.resource/layout/layout.css?ln=primefaces&v=4.0 HTTP/1.1" 304 -
181.53.13.222 - - [26/Jan/2024:03:16:36 -0500] "GET /sipse/faces/javax.faces.resource/jquery/jquery.js?ln=primefaces&v=4.0 HTTP/1.1" 304 -
181.53.13.222 - - [26/Jan/2024:03:16:36 -0500] "GET /sipse/faces/javax.faces.resource/primefaces.js?ln=primefaces&v=4.0 HTTP/1.1" 304 -
181.53.13.222 - - [26/Jan/2024:03:16:36 -0500] "GET /sipse/faces/javax.faces.resource/jquery/jquery-plugins.js?ln=primefaces&v=4.0 HTTP/1.1" 304 -
181.53.13.222 - - [26/Jan/2024:03:16:36 -0500] "GET /sipse/faces/javax.faces.resource/layout/layout.js?ln=primefaces&v=4.0 HTTP/1.1" 304 -
181.53.13.222 - - [26/Jan/2024:03:16:35 -0500] "POST /sipse/faces/presentacion/sistema/anexos/cargarAnexoSolicitudProceso.xhtml HTTP/1.1" 200 182432
181.53.13.222 - - [26/Jan/2024:03:16:44 -0500] "POST /sipse/faces/presentacion/financiero/solicitudProceso/consultarSolicitudProceso.xhtml HTTP/1.1" 200 21131
181.53.13.222 - - [26/Jan/2024:03:16:44 -0500] "GET /sipse/faces/javax.faces.resource/theme.css?ln=primefaces-sipse HTTP/1.1" 304 -
181.53.13.222 - - [26/Jan/2024:03:16:44 -0500] "GET /sipse/faces/javax.faces.resource/primefaces.css?ln=primefaces&v=4.0 HTTP/1.1" 304 -
181.53.13.222 - - [26/Jan/2024:03:16:44 -0500] "GET /sipse/faces/javax.faces.resource/layout/layout.css?ln=primefaces&v=4.0 HTTP/1.1" 304 -
181.53.13.222 - - [26/Jan/2024:03:16:44 -0500] "GET /sipse/faces/javax.faces.resource/layout/layout.js?ln=primefaces&v=4.0 HTTP/1.1" 304 -
181.53.13.222 - - [26/Jan/2024:03:16:44 -0500] "GET /sipse/faces/javax.faces.resource/jquery/jquery-plugins.js?ln=primefaces&v=4.0 HTTP/1.1" 304 -
181.53.13.222 - - [26/Jan/2024:03:16:44 -0500] "GET /sipse/faces/javax.faces.resource/jquery/jquery.js?ln=primefaces&v=4.0 HTTP/1.1" 304 -
181.53.13.222 - - [26/Jan/2024:03:16:44 -0500] "GET /sipse/faces/javax.faces.resource/fileupload/fileupload.css?ln=primefaces&v=4.0 HTTP/1.1" 304 -
181.53.13.222 - - [26/Jan/2024:03:16:44 -0500] "GET /sipse/faces/javax.faces.resource/primefaces.js?ln=primefaces&v=4.0 HTTP/1.1" 304 -
181.53.13.222 - - [26/Jan/2024:03:16:44 -0500] "GET /sipse/faces/javax.faces.resource/fileupload/fileupload.js?ln=primefaces&v=4.0 HTTP/1.1" 304 -
181.53.13.222 - - [26/Jan/2024:03:16:50 -0500] "GET /sipse/faces/javax.faces.resource/theme.css?ln=primefaces-sipse HTTP/1.1" 304 -
181.53.13.222 - - [26/Jan/2024:03:16:50 -0500] "GET /sipse/faces/javax.faces.resource/layout/layout.css?ln=primefaces&v=4.0 HTTP/1.1" 304 -
181.53.13.222 - - [26/Jan/2024:03:16:50 -0500] "GET /sipse/faces/javax.faces.resource/primefaces.css?ln=primefaces&v=4.0 HTTP/1.1" 304 -
181.53.13.222 - - [26/Jan/2024:03:16:50 -0500] "GET /sipse/faces/javax.faces.resource/jquery/jquery.js?ln=primefaces&v=4.0 HTTP/1.1" 304 -
181.53.13.222 - - [26/Jan/2024:03:16:50 -0500] "GET /sipse/faces/javax.faces.resource/jquery/jquery-plugins.js?ln=primefaces&v=4.0 HTTP/1.1" 304 -
181.53.13.222 - - [26/Jan/2024:03:16:50 -0500] "GET /sipse/faces/javax.faces.resource/primefaces.js?ln=primefaces&v=4.0 HTTP/1.1" 304 -
181.53.13.222 - - [26/Jan/2024:03:16:50 -0500] "GET /sipse/faces/javax.faces.resource/layout/layout.js?ln=primefaces&v=4.0 HTTP/1.1" 304 -
181.53.13.222 - - [26/Jan/2024:03:16:50 -0500] "POST /sipse/faces/presentacion/sistema/anexos/cargarAnexoSolicitudProceso.xhtml HTTP/1.1" 200 184279
216.244.66.195 - - [26/Jan/2024:03:16:51 -0500] "GET /BLA/resoluciones/RESOLUCIONES%202018/2225.pdf HTTP/1.1" 200 321484
181.53.13.222 - - [26/Jan/2024:03:16:56 -0500] "POST /sipse/faces/presentacion/financiero/solicitudProceso/consultarSolicitudProceso.xhtml HTTP/1.1" 200 21131
181.53.13.222 - - [26/Jan/2024:03:16:56 -0500] "GET /sipse/faces/javax.faces.resource/primefaces.css?ln=primefaces&v=4.0 HTTP/1.1" 304 -
181.53.13.222 - - [26/Jan/2024:03:16:56 -0500] "GET /sipse/faces/javax.faces.resource/theme.css?ln=primefaces-sipse HTTP/1.1" 304 -
181.53.13.222 - - [26/Jan/2024:03:16:56 -0500] "GET /sipse/faces/javax.faces.resource/fileupload/fileupload.css?ln=primefaces&v=4.0 HTTP/1.1" 304 -
181.53.13.222 - - [26/Jan/2024:03:16:56 -0500] "GET /sipse/faces/javax.faces.resource/jquery/jquery.js?ln=primefaces&v=4.0 HTTP/1.1" 304 -
181.53.13.222 - - [26/Jan/2024:03:16:56 -0500] "GET /sipse/faces/javax.faces.resource/layout/layout.css?ln=primefaces&v=4.0 HTTP/1.1" 304 -
181.53.13.222 - - [26/Jan/2024:03:16:56 -0500] "GET /sipse/faces/javax.faces.resource/jquery/jquery-plugins.js?ln=primefaces&v=4.0 HTTP/1.1" 304 -
181.53.13.222 - - [26/Jan/2024:03:16:56 -0500] "GET /sipse/faces/javax.faces.resource/primefaces.js?ln=primefaces&v=4.0 HTTP/1.1" 304 -
181.53.13.222 - - [26/Jan/2024:03:16:56 -0500] "GET /sipse/faces/javax.faces.resource/layout/layout.js?ln=primefaces&v=4.0 HTTP/1.1" 304 -
181.53.13.222 - - [26/Jan/2024:03:16:57 -0500] "GET /sipse/faces/javax.faces.resource/fileupload/fileupload.js?ln=primefaces&v=4.0 HTTP/1.1" 304 -
216.244.66.195 - - [26/Jan/2024:03:17:03 -0500] "GET /BLA/resoluciones/RESOLUCIONES%202018/2231.pdf HTTP/1.1" 200 3049492
172.22.2.4 - - [26/Jan/2024:03:15:24 -0500] "GET /BLA/boletinlegal/ HTTP/1.1" 200 58720
181.53.13.222 - - [26/Jan/2024:03:17:05 -0500] "GET /sipse/faces/javax.faces.resource/theme.css?ln=primefaces-sipse HTTP/1.1" 304 -
181.53.13.222 - - [26/Jan/2024:03:17:04 -0500] "POST /sipse/faces/presentacion/sistema/anexos/cargarAnexoSolicitudProceso.xhtml HTTP/1.1" 200 186127
181.53.13.222 - - [26/Jan/2024:03:17:05 -0500] "GET /sipse/faces/javax.faces.resource/primefaces.css?ln=primefaces&v=4.0 HTTP/1.1" 304 -
181.53.13.222 - - [26/Jan/2024:03:17:05 -0500] "GET /sipse/faces/javax.faces.resource/layout/layout.css?ln=primefaces&v=4.0 HTTP/1.1" 304 -
181.53.13.222 - - [26/Jan/2024:03:17:05 -0500] "GET /sipse/faces/javax.faces.resource/jquery/jquery-plugins.js?ln=primefaces&v=4.0 HTTP/1.1" 304 -
181.53.13.222 - - [26/Jan/2024:03:17:05 -0500] "GET /sipse/faces/javax.faces.resource/jquery/jquery.js?ln=primefaces&v=4.0 HTTP/1.1" 304 -
181.53.13.222 - - [26/Jan/2024:03:17:05 -0500] "GET /sipse/faces/javax.faces.resource/layout/layout.js?ln=primefaces&v=4.0 HTTP/1.1" 304 -
181.53.13.222 - - [26/Jan/2024:03:17:05 -0500] "GET /sipse/faces/javax.faces.resource/primefaces.js?ln=primefaces&v=4.0 HTTP/1.1" 304 -
181.53.13.222 - - [26/Jan/2024:03:17:10 -0500] "POST /sipse/faces/presentacion/financiero/solicitudProceso/consultarSolicitudProceso.xhtml HTTP/1.1" 200 21131
181.53.13.222 - - [26/Jan/2024:03:17:10 -0500] "GET /sipse/faces/javax.faces.resource/theme.css?ln=primefaces-sipse HTTP/1.1" 304 -
181.53.13.222 - - [26/Jan/2024:03:17:10 -0500] "GET /sipse/faces/javax.faces.resource/primefaces.css?ln=primefaces&v=4.0 HTTP/1.1" 304 -
181.53.13.222 - - [26/Jan/2024:03:17:10 -0500] "GET /sipse/faces/javax.faces.resource/layout/layout.css?ln=primefaces&v=4.0 HTTP/1.1" 304 -
181.53.13.222 - - [26/Jan/2024:03:17:10 -0500] "GET /sipse/faces/javax.faces.resource/jquery/jquery.js?ln=primefaces&v=4.0 HTTP/1.1" 304 -
181.53.13.222 - - [26/Jan/2024:03:17:10 -0500] "GET /sipse/faces/javax.faces.resource/primefaces.js?ln=primefaces&v=4.0 HTTP/1.1" 304 -
181.53.13.222 - - [26/Jan/2024:03:17:10 -0500] "GET /sipse/faces/javax.faces.resource/jquery/jquery-plugins.js?ln=primefaces&v=4.0 HTTP/1.1" 304 -
181.53.13.222 - - [26/Jan/2024:03:17:10 -0500] "GET /sipse/faces/javax.faces.resource/fileupload/fileupload.css?ln=primefaces&v=4.0 HTTP/1.1" 304 -
181.53.13.222 - - [26/Jan/2024:03:17:10 -0500] "GET /sipse/faces/javax.faces.resource/layout/layout.js?ln=primefaces&v=4.0 HTTP/1.1" 304 -
181.53.13.222 - - [26/Jan/2024:03:17:10 -0500] "GET /sipse/faces/javax.faces.resource/fileupload/fileupload.js?ln=primefaces&v=4.0 HTTP/1.1" 304 -
181.53.13.222 - - [26/Jan/2024:03:17:23 -0500] "GET /sipse/faces/javax.faces.resource/theme.css?ln=primefaces-sipse HTTP/1.1" 304 -
181.53.13.222 - - [26/Jan/2024:03:17:23 -0500] "GET /sipse/faces/javax.faces.resource/primefaces.js?ln=primefaces&v=4.0 HTTP/1.1" 304 -
181.53.13.222 - - [26/Jan/2024:03:17:23 -0500] "GET /sipse/faces/javax.faces.resource/primefaces.css?ln=primefaces&v=4.0 HTTP/1.1" 304 -
181.53.13.222 - - [26/Jan/2024:03:17:23 -0500] "GET /sipse/faces/javax.faces.resource/layout/layout.css?ln=primefaces&v=4.0 HTTP/1.1" 304 -
181.53.13.222 - - [26/Jan/2024:03:17:23 -0500] "GET /sipse/faces/javax.faces.resource/jquery/jquery.js?ln=primefaces&v=4.0 HTTP/1.1" 304 -
181.53.13.222 - - [26/Jan/2024:03:17:23 -0500] "GET /sipse/faces/javax.faces.resource/jquery/jquery-plugins.js?ln=primefaces&v=4.0 HTTP/1.1" 304 -
181.53.13.222 - - [26/Jan/2024:03:17:23 -0500] "GET /sipse/faces/javax.faces.resource/layout/layout.js?ln=primefaces&v=4.0 HTTP/1.1" 304 -
181.53.13.222 - - [26/Jan/2024:03:17:23 -0500] "POST /sipse/faces/presentacion/sistema/anexos/cargarAnexoSolicitudProceso.xhtml HTTP/1.1" 200 187947
216.244.66.195 - - [26/Jan/2024:03:17:28 -0500] "GET /BLA/resoluciones/RESOLUCIONES%202018/2301.pdf HTTP/1.1" 200 2990645
201.245.192.253 - - [26/Jan/2024:03:17:35 -0500] "POST /kwsrmcab/Wsrmcab  HTTP/1.1" 200 37857
216.244.66.195 - - [26/Jan/2024:03:18:04 -0500] "GET /BLA/resoluciones/RESOLUCIONES%202018/2606.pdf HTTP/1.1" 200 259870
216.244.66.195 - - [26/Jan/2024:03:18:34 -0500] "GET /BLA/resoluciones/RESOLUCIONES%202018/2950.pdf HTTP/1.1" 200 369673
216.245.221.92 - - [26/Jan/2024:03:18:37 -0500] "HEAD / HTTP/1.1" 200 -
216.244.66.195 - - [26/Jan/2024:03:19:03 -0500] "GET /BLA/resoluciones/RESOLUCIONES%202018/3167.pdf HTTP/1.1" 200 427231
201.245.192.253 - - [26/Jan/2024:03:19:09 -0500] "POST /kwsrmcab/Wsrmcab HTTP/1.1" 200 37513
216.244.66.195 - - [26/Jan/2024:03:19:33 -0500] "GET /BLA/resoluciones/RESOLUCIONES%202018/3457.pdf HTTP/1.1" 200 219157
181.53.13.222 - - [26/Jan/2024:03:20:09 -0500] "POST /sipse/faces/presentacion/financiero/solicitudProceso/consultarSolicitudProceso.xhtml HTTP/1.1" 200 37329
181.53.13.222 - - [26/Jan/2024:03:20:10 -0500] "GET /sipse/faces/javax.faces.resource/theme.css?ln=primefaces-sipse HTTP/1.1" 304 -
181.53.13.222 - - [26/Jan/2024:03:20:10 -0500] "GET /sipse/faces/javax.faces.resource/layout/layout.css?ln=primefaces&v=4.0 HTTP/1.1" 304 -
181.53.13.222 - - [26/Jan/2024:03:20:10 -0500] "GET /sipse/faces/javax.faces.resource/primefaces.css?ln=primefaces&v=4.0 HTTP/1.1" 304 -
181.53.13.222 - - [26/Jan/2024:03:20:10 -0500] "GET /sipse/faces/javax.faces.resource/jquery/jquery.js?ln=primefaces&v=4.0 HTTP/1.1" 304 -
181.53.13.222 - - [26/Jan/2024:03:20:10 -0500] "GET /sipse/faces/javax.faces.resource/jquery/jquery-plugins.js?ln=primefaces&v=4.0 HTTP/1.1" 304 -
181.53.13.222 - - [26/Jan/2024:03:20:10 -0500] "GET /sipse/faces/javax.faces.resource/primefaces.js?ln=primefaces&v=4.0 HTTP/1.1" 304 -
181.53.13.222 - - [26/Jan/2024:03:20:10 -0500] "GET /sipse/faces/javax.faces.resource/layout/layout.js?ln=primefaces&v=4.0 HTTP/1.1" 304 -
181.53.13.222 - - [26/Jan/2024:03:20:10 -0500] "POST /sipse/faces/presentacion/financiero/solicitudProceso/listarSolicitudProceso.xhtml HTTP/1.1" 200 1396
181.53.13.222 - - [26/Jan/2024:03:20:13 -0500] "POST /sipse/faces/presentacion/financiero/solicitudProceso/listarSolicitudProceso.xhtml HTTP/1.1" 200 19863
181.53.13.222 - - [26/Jan/2024:03:20:16 -0500] "GET /sipse/faces/javax.faces.resource/images/ui-icons_898989_256x240.png?ln=primefaces-aristo HTTP/1.1" 304 -
181.53.13.222 - - [26/Jan/2024:03:20:16 -0500] "POST /sipse/faces/presentacion/financiero/solicitudProceso/listarSolicitudProceso.xhtml HTTP/1.1" 200 155855
181.53.13.222 - - [26/Jan/2024:03:20:17 -0500] "GET /sipse/faces/javax.faces.resource/theme.css?ln=primefaces-sipse HTTP/1.1" 304 -
181.53.13.222 - - [26/Jan/2024:03:20:17 -0500] "GET /sipse/faces/javax.faces.resource/layout/layout.css?ln=primefaces&v=4.0 HTTP/1.1" 304 -
181.53.13.222 - - [26/Jan/2024:03:20:17 -0500] "GET /sipse/faces/javax.faces.resource/primefaces.css?ln=primefaces&v=4.0 HTTP/1.1" 304 -
181.53.13.222 - - [26/Jan/2024:03:20:17 -0500] "GET /sipse/faces/javax.faces.resource/jquery/jquery.js?ln=primefaces&v=4.0 HTTP/1.1" 304 -
181.53.13.222 - - [26/Jan/2024:03:20:17 -0500] "GET /sipse/faces/javax.faces.resource/jquery/jquery-plugins.js?ln=primefaces&v=4.0 HTTP/1.1" 304 -
181.53.13.222 - - [26/Jan/2024:03:20:17 -0500] "GET /sipse/faces/javax.faces.resource/primefaces.js?ln=primefaces&v=4.0 HTTP/1.1" 304 -
181.53.13.222 - - [26/Jan/2024:03:20:17 -0500] "GET /sipse/faces/javax.faces.resource/layout/layout.js?ln=primefaces&v=4.0 HTTP/1.1" 304 -
181.53.13.222 - - [26/Jan/2024:03:20:25 -0500] "POST /sipse/faces/presentacion/financiero/solicitudProceso/consultarSolicitudProceso.xhtml HTTP/1.1" 200 5522
89.254.173.147 - - [26/Jan/2024:03:20:34 -0500] "GET / HTTP/1.1" 200 319
201.245.192.253 - - [26/Jan/2024:03:20:38 -0500] "POST /kwsrmcab/Wsrmcab HTTP/1.1" 200 39706
181.53.13.222 - - [26/Jan/2024:03:21:03 -0500] "POST /sipse/faces/presentacion/financiero/solicitudProceso/consultarSolicitudProceso.xhtml HTTP/1.1" 200 37286
181.53.13.222 - - [26/Jan/2024:03:21:04 -0500] "GET /sipse/faces/javax.faces.resource/theme.css?ln=primefaces-sipse HTTP/1.1" 304 -
181.53.13.222 - - [26/Jan/2024:03:21:04 -0500] "GET /sipse/faces/javax.faces.resource/primefaces.css?ln=primefaces&v=4.0 HTTP/1.1" 304 -
181.53.13.222 - - [26/Jan/2024:03:21:04 -0500] "GET /sipse/faces/javax.faces.resource/layout/layout.css?ln=primefaces&v=4.0 HTTP/1.1" 304 -
181.53.13.222 - - [26/Jan/2024:03:21:04 -0500] "GET /sipse/faces/javax.faces.resource/jquery/jquery.js?ln=primefaces&v=4.0 HTTP/1.1" 304 -
181.53.13.222 - - [26/Jan/2024:03:21:04 -0500] "GET /sipse/faces/javax.faces.resource/jquery/jquery-plugins.js?ln=primefaces&v=4.0 HTTP/1.1" 304 -
181.53.13.222 - - [26/Jan/2024:03:21:04 -0500] "GET /sipse/faces/javax.faces.resource/primefaces.js?ln=primefaces&v=4.0 HTTP/1.1" 304 -
181.53.13.222 - - [26/Jan/2024:03:21:04 -0500] "GET /sipse/faces/javax.faces.resource/layout/layout.js?ln=primefaces&v=4.0 HTTP/1.1" 304 -
181.53.13.222 - - [26/Jan/2024:03:21:04 -0500] "POST /sipse/faces/presentacion/financiero/solicitudProceso/listarSolicitudProceso.xhtml HTTP/1.1" 200 30659
181.53.13.222 - - [26/Jan/2024:03:21:05 -0500] "POST /sipse/faces/presentacion/financiero/solicitudProceso/listarSolicitudProceso.xhtml HTTP/1.1" 200 30659
181.53.13.222 - - [26/Jan/2024:03:21:05 -0500] "POST /sipse/faces/presentacion/financiero/solicitudProceso/listarSolicitudProceso.xhtml HTTP/1.1" 200 1396
181.53.13.222 - - [26/Jan/2024:03:21:06 -0500] "POST /sipse/faces/presentacion/financiero/solicitudProceso/listarSolicitudProceso.xhtml HTTP/1.1" 200 1396
181.53.13.222 - - [26/Jan/2024:03:21:06 -0500] "POST /sipse/faces/presentacion/financiero/solicitudProceso/listarSolicitudProceso.xhtml HTTP/1.1" 200 1404
181.53.13.222 - - [26/Jan/2024:03:21:10 -0500] "POST /sipse/faces/presentacion/financiero/solicitudProceso/listarSolicitudProceso.xhtml HTTP/1.1" 200 46854
181.53.13.222 - - [26/Jan/2024:03:21:12 -0500] "POST /sipse/faces/presentacion/financiero/solicitudProceso/listarSolicitudProceso.xhtml HTTP/1.1" 200 25898
34.205.54.139 - - [26/Jan/2024:03:21:12 -0500] "GET /robots.txt HTTP/1.1" 404 1018
181.53.13.222 - - [26/Jan/2024:03:21:13 -0500] "POST /sipse/faces/presentacion/financiero/solicitudProceso/listarSolicitudProceso.xhtml HTTP/1.1" 200 19906
34.205.54.139 - - [26/Jan/2024:03:21:14 -0500] "GET /BLA/ HTTP/1.1" 200 538
181.53.13.222 - - [26/Jan/2024:03:21:18 -0500] "POST /sipse/faces/presentacion/financiero/solicitudProceso/listarSolicitudProceso.xhtml HTTP/1.1" 200 140917
181.53.13.222 - - [26/Jan/2024:03:21:19 -0500] "GET /sipse/faces/javax.faces.resource/theme.css?ln=primefaces-sipse HTTP/1.1" 304 -
181.53.13.222 - - [26/Jan/2024:03:21:19 -0500] "GET /sipse/faces/javax.faces.resource/primefaces.css?ln=primefaces&v=4.0 HTTP/1.1" 304 -
181.53.13.222 - - [26/Jan/2024:03:21:19 -0500] "GET /sipse/faces/javax.faces.resource/layout/layout.css?ln=primefaces&v=4.0 HTTP/1.1" 304 -
181.53.13.222 - - [26/Jan/2024:03:21:19 -0500] "GET /sipse/faces/javax.faces.resource/jquery/jquery.js?ln=primefaces&v=4.0 HTTP/1.1" 304 -
181.53.13.222 - - [26/Jan/2024:03:21:19 -0500] "GET /sipse/faces/javax.faces.resource/jquery/jquery-plugins.js?ln=primefaces&v=4.0 HTTP/1.1" 304 -
181.53.13.222 - - [26/Jan/2024:03:21:19 -0500] "GET /sipse/faces/javax.faces.resource/primefaces.js?ln=primefaces&v=4.0 HTTP/1.1" 304 -
181.53.13.222 - - [26/Jan/2024:03:21:19 -0500] "GET /sipse/faces/javax.faces.resource/layout/layout.js?ln=primefaces&v=4.0 HTTP/1.1" 304 -
181.53.13.222 - - [26/Jan/2024:03:21:27 -0500] "POST /sipse/faces/presentacion/financiero/solicitudProceso/consultarSolicitudProceso.xhtml HTTP/1.1" 200 39532
181.53.13.222 - - [26/Jan/2024:03:21:28 -0500] "GET /sipse/faces/javax.faces.resource/theme.css?ln=primefaces-sipse HTTP/1.1" 304 -
181.53.13.222 - - [26/Jan/2024:03:21:28 -0500] "GET /sipse/faces/javax.faces.resource/primefaces.css?ln=primefaces&v=4.0 HTTP/1.1" 304 -
181.53.13.222 - - [26/Jan/2024:03:21:28 -0500] "GET /sipse/faces/javax.faces.resource/layout/layout.css?ln=primefaces&v=4.0 HTTP/1.1" 304 -
181.53.13.222 - - [26/Jan/2024:03:21:28 -0500] "GET /sipse/faces/javax.faces.resource/jquery/jquery.js?ln=primefaces&v=4.0 HTTP/1.1" 304 -
181.53.13.222 - - [26/Jan/2024:03:21:28 -0500] "GET /sipse/faces/javax.faces.resource/jquery/jquery-plugins.js?ln=primefaces&v=4.0 HTTP/1.1" 304 -
181.53.13.222 - - [26/Jan/2024:03:21:28 -0500] "GET /sipse/faces/javax.faces.resource/primefaces.js?ln=primefaces&v=4.0 HTTP/1.1" 304 -
181.53.13.222 - - [26/Jan/2024:03:21:28 -0500] "GET /sipse/faces/javax.faces.resource/layout/layout.js?ln=primefaces&v=4.0 HTTP/1.1" 304 -
172.22.2.4 - - [26/Jan/2024:03:20:23 -0500] "HEAD /BLA/boletinlegal/ HTTP/1.1" 200 -
181.53.13.222 - - [26/Jan/2024:03:22:10 -0500] "POST /sipse/faces/presentacion/financiero/estudioPrevio/personalSolicitado/expedirExperienciaIdoneidad.xhtml HTTP/1.1" 200 5681
181.53.13.222 - - [26/Jan/2024:03:22:10 -0500] "POST /sipse/faces/presentacion/financiero/estudioPrevio/personalSolicitado/expedirExperienciaIdoneidad.xhtml HTTP/1.1" 200 32137
181.53.13.222 - - [26/Jan/2024:03:22:10 -0500] "GET /sipse/faces/javax.faces.resource/theme.css?ln=primefaces-sipse HTTP/1.1" 304 -
181.53.13.222 - - [26/Jan/2024:03:22:10 -0500] "GET /sipse/faces/javax.faces.resource/primefaces.css?ln=primefaces&v=4.0 HTTP/1.1" 304 -
181.53.13.222 - - [26/Jan/2024:03:22:10 -0500] "GET /sipse/faces/javax.faces.resource/layout/layout.css?ln=primefaces&v=4.0 HTTP/1.1" 304 -
181.53.13.222 - - [26/Jan/2024:03:22:10 -0500] "GET /sipse/faces/javax.faces.resource/jquery/jquery.js?ln=primefaces&v=4.0 HTTP/1.1" 304 -
181.53.13.222 - - [26/Jan/2024:03:22:10 -0500] "GET /sipse/faces/javax.faces.resource/jquery/jquery-plugins.js?ln=primefaces&v=4.0 HTTP/1.1" 304 -
181.53.13.222 - - [26/Jan/2024:03:22:10 -0500] "GET /sipse/imagenes/cargando.gif HTTP/1.1" 304 -
181.53.13.222 - - [26/Jan/2024:03:22:10 -0500] "GET /sipse/faces/javax.faces.resource/primefaces.js?ln=primefaces&v=4.0 HTTP/1.1" 304 -
181.53.13.222 - - [26/Jan/2024:03:22:10 -0500] "GET /sipse/faces/javax.faces.resource/layout/layout.js?ln=primefaces&v=4.0 HTTP/1.1" 304 -
