200.118.80.128 - - [27/Jan/2024:14:48:02 -0500] "GET /sipse/faces/javax.faces.resource/primefaces.js?ln=primefaces&v=4.0 HTTP/1.1" 304 -
200.118.80.128 - - [27/Jan/2024:14:48:02 -0500] "GET /sipse/faces/javax.faces.resource/layout/layout.js?ln=primefaces&v=4.0 HTTP/1.1" 304 -
201.245.192.253 - - [27/Jan/2024:14:48:06 -0500] "POST /kwsrmcab/Wsrmcab  HTTP/1.1" 200 37857
200.118.80.128 - - [27/Jan/2024:14:48:11 -0500] "POST /sipse/faces/presentacion/financiero/solicitudProceso/consultarSolicitudProceso.xhtml HTTP/1.1" 200 5614
200.118.80.128 - - [27/Jan/2024:14:48:20 -0500] "POST /sipse/faces/presentacion/financiero/solicitudProceso/consultarSolicitudProceso.xhtml HTTP/1.1" 200 40715
200.118.80.128 - - [27/Jan/2024:14:48:23 -0500] "GET /sipse/faces/javax.faces.resource/theme.css?ln=primefaces-sipse HTTP/1.1" 304 -
200.118.80.128 - - [27/Jan/2024:14:48:23 -0500] "GET /sipse/faces/javax.faces.resource/primefaces.css?ln=primefaces&v=4.0 HTTP/1.1" 304 -
200.118.80.128 - - [27/Jan/2024:14:48:23 -0500] "GET /sipse/faces/javax.faces.resource/layout/layout.css?ln=primefaces&v=4.0 HTTP/1.1" 304 -
200.118.80.128 - - [27/Jan/2024:14:48:23 -0500] "GET /sipse/faces/javax.faces.resource/jquery/jquery.js?ln=primefaces&v=4.0 HTTP/1.1" 304 -
200.118.80.128 - - [27/Jan/2024:14:48:23 -0500] "GET /sipse/faces/javax.faces.resource/layout/layout.js?ln=primefaces&v=4.0 HTTP/1.1" 304 -
200.118.80.128 - - [27/Jan/2024:14:48:23 -0500] "GET /sipse/faces/javax.faces.resource/primefaces.js?ln=primefaces&v=4.0 HTTP/1.1" 304 -
200.118.80.128 - - [27/Jan/2024:14:48:23 -0500] "GET /sipse/faces/javax.faces.resource/jquery/jquery-plugins.js?ln=primefaces&v=4.0 HTTP/1.1" 304 -
200.118.80.128 - - [27/Jan/2024:14:48:23 -0500] "POST /sipse/faces/presentacion/financiero/solicitudProceso/listarSolicitudProceso.xhtml HTTP/1.1" 200 1396
200.118.80.128 - - [27/Jan/2024:14:48:26 -0500] "POST /sipse/faces/presentacion/financiero/solicitudProceso/listarSolicitudProceso.xhtml HTTP/1.1" 200 1396
200.118.80.128 - - [27/Jan/2024:14:48:34 -0500] "POST /sipse/faces/presentacion/financiero/solicitudProceso/listarSolicitudProceso.xhtml HTTP/1.1" 200 19839
200.118.80.128 - - [27/Jan/2024:14:48:35 -0500] "POST /sipse/faces/presentacion/financiero/solicitudProceso/listarSolicitudProceso.xhtml HTTP/1.1" 200 46503
200.118.80.128 - - [27/Jan/2024:14:48:36 -0500] "POST /sipse/faces/presentacion/financiero/solicitudProceso/listarSolicitudProceso.xhtml HTTP/1.1" 200 19837
181.164.224.57 - - [27/Jan/2024:14:48:37 -0500] "GET /appsia/controlador?comando=ingresarMenuPrincipal&id=79815977&funcionario=JAIRO+ANDRES+SANCHEZ+HERRERA&desde=79815977&hasta=79815977&version=79815977&accion=Regresar HTTP/1.1" 200 5437
200.118.80.128 - - [27/Jan/2024:14:48:43 -0500] "POST /sipse/faces/presentacion/financiero/solicitudProceso/listarSolicitudProceso.xhtml HTTP/1.1" 200 46503
181.164.224.57 - - [27/Jan/2024:14:48:44 -0500] "POST /appsia/controlador HTTP/1.1" 200 7785
200.118.80.128 - - [27/Jan/2024:14:48:45 -0500] "POST /sipse/faces/presentacion/financiero/solicitudProceso/listarSolicitudProceso.xhtml HTTP/1.1" 200 47113
190.60.36.2 - - [27/Jan/2024:14:48:46 -0500] "POST /sipse/faces/presentacion/financiero/modificacionContrato/cargarModifiacion.xhtml HTTP/1.1" 200 119403
190.60.36.2 - - [27/Jan/2024:14:48:48 -0500] "GET /sipse/faces/javax.faces.resource/theme.css?ln=primefaces-sipse HTTP/1.1" 304 -
190.60.36.2 - - [27/Jan/2024:14:48:48 -0500] "GET /sipse/faces/javax.faces.resource/layout/layout.css?ln=primefaces&v=4.0 HTTP/1.1" 304 -
190.60.36.2 - - [27/Jan/2024:14:48:48 -0500] "GET /sipse/faces/javax.faces.resource/primefaces.css?ln=primefaces&v=4.0 HTTP/1.1" 304 -
190.60.36.2 - - [27/Jan/2024:14:48:48 -0500] "GET /sipse/faces/javax.faces.resource/jquery/jquery.js?ln=primefaces&v=4.0 HTTP/1.1" 304 -
190.60.36.2 - - [27/Jan/2024:14:48:48 -0500] "GET /sipse/faces/javax.faces.resource/jquery/jquery-plugins.js?ln=primefaces&v=4.0 HTTP/1.1" 304 -
190.60.36.2 - - [27/Jan/2024:14:48:48 -0500] "GET /sipse/faces/javax.faces.resource/primefaces.js?ln=primefaces&v=4.0 HTTP/1.1" 304 -
190.60.36.2 - - [27/Jan/2024:14:48:48 -0500] "GET /sipse/faces/javax.faces.resource/layout/layout.js?ln=primefaces&v=4.0 HTTP/1.1" 304 -
200.118.80.128 - - [27/Jan/2024:14:48:48 -0500] "POST /sipse/faces/presentacion/financiero/solicitudProceso/listarSolicitudProceso.xhtml HTTP/1.1" 200 19760
190.60.36.2 - - [27/Jan/2024:14:48:50 -0500] "POST /sipse/faces/presentacion/financiero/solicitudProceso/consultarSolicitudProceso.xhtml HTTP/1.1" 200 62558
190.60.36.2 - - [27/Jan/2024:14:48:53 -0500] "GET /sipse/faces/javax.faces.resource/primefaces.css?ln=primefaces&v=4.0 HTTP/1.1" 304 -
190.60.36.2 - - [27/Jan/2024:14:48:53 -0500] "GET /sipse/faces/javax.faces.resource/theme.css?ln=primefaces-sipse HTTP/1.1" 304 -
190.60.36.2 - - [27/Jan/2024:14:48:53 -0500] "GET /sipse/faces/javax.faces.resource/layout/layout.css?ln=primefaces&v=4.0 HTTP/1.1" 304 -
190.60.36.2 - - [27/Jan/2024:14:48:53 -0500] "GET /sipse/faces/javax.faces.resource/jquery/jquery.js?ln=primefaces&v=4.0 HTTP/1.1" 304 -
190.60.36.2 - - [27/Jan/2024:14:48:53 -0500] "GET /sipse/faces/javax.faces.resource/jquery/jquery-plugins.js?ln=primefaces&v=4.0 HTTP/1.1" 304 -
190.60.36.2 - - [27/Jan/2024:14:48:54 -0500] "GET /sipse/faces/javax.faces.resource/primefaces.js?ln=primefaces&v=4.0 HTTP/1.1" 304 -
190.60.36.2 - - [27/Jan/2024:14:48:54 -0500] "GET /sipse/faces/javax.faces.resource/layout/layout.js?ln=primefaces&v=4.0 HTTP/1.1" 304 -
190.60.36.2 - - [27/Jan/2024:14:48:54 -0500] "POST /sipse/faces/presentacion/financiero/solicitudProceso/listarSolicitudProceso.xhtml HTTP/1.1" 200 1556
181.164.224.57 - - [27/Jan/2024:14:48:55 -0500] "POST /appsia/controlador HTTP/1.1" 200 6650
190.60.36.2 - - [27/Jan/2024:14:48:55 -0500] "POST /sipse/faces/presentacion/financiero/solicitudProceso/listarSolicitudProceso.xhtml HTTP/1.1" 200 31774
190.60.36.2 - - [27/Jan/2024:14:48:56 -0500] "POST /sipse/faces/presentacion/financiero/solicitudProceso/listarSolicitudProceso.xhtml HTTP/1.1" 200 44404
181.164.224.57 - - [27/Jan/2024:14:48:58 -0500] "POST /appsia/controlador HTTP/1.1" 200 11414
200.118.80.128 - - [27/Jan/2024:14:48:59 -0500] "POST /sipse/faces/presentacion/financiero/solicitudProceso/listarSolicitudProceso.xhtml HTTP/1.1" 200 16905
200.118.80.128 - - [27/Jan/2024:14:49:03 -0500] "POST /sipse/faces/presentacion/financiero/solicitudProceso/listarSolicitudProceso.xhtml HTTP/1.1" 200 46805
190.60.36.2 - - [27/Jan/2024:14:48:57 -0500] "POST /sipse/faces/presentacion/financiero/solicitudProceso/listarSolicitudProceso.xhtml HTTP/1.1" 200 31770
200.118.80.128 - - [27/Jan/2024:14:49:07 -0500] "POST /sipse/faces/presentacion/financiero/solicitudProceso/listarSolicitudProceso.xhtml HTTP/1.1" 200 19846
200.118.80.128 - - [27/Jan/2024:14:49:10 -0500] "POST /sipse/faces/presentacion/financiero/solicitudProceso/listarSolicitudProceso.xhtml HTTP/1.1" 200 40760
190.60.36.2 - - [27/Jan/2024:14:49:11 -0500] "POST /sipse/faces/presentacion/financiero/solicitudProceso/listarSolicitudProceso.xhtml HTTP/1.1" 200 31782
190.60.36.2 - - [27/Jan/2024:14:49:12 -0500] "POST /sipse/faces/presentacion/financiero/solicitudProceso/listarSolicitudProceso.xhtml HTTP/1.1" 200 44400
190.60.36.2 - - [27/Jan/2024:14:49:12 -0500] "POST /sipse/faces/presentacion/financiero/solicitudProceso/listarSolicitudProceso.xhtml HTTP/1.1" 200 31782
200.118.80.128 - - [27/Jan/2024:14:49:12 -0500] "POST /sipse/faces/presentacion/financiero/solicitudProceso/listarSolicitudProceso.xhtml HTTP/1.1" 200 19811
200.118.80.128 - - [27/Jan/2024:14:49:17 -0500] "POST /sipse/faces/presentacion/financiero/solicitudProceso/listarSolicitudProceso.xhtml HTTP/1.1" 200 40760
200.118.80.128 - - [27/Jan/2024:14:49:19 -0500] "POST /sipse/faces/presentacion/financiero/solicitudProceso/listarSolicitudProceso.xhtml HTTP/1.1" 200 19812
190.60.36.2 - - [27/Jan/2024:14:49:19 -0500] "POST /sipse/faces/presentacion/financiero/solicitudProceso/listarSolicitudProceso.xhtml HTTP/1.1" 200 116367
190.60.36.2 - - [27/Jan/2024:14:49:22 -0500] "GET /sipse/faces/javax.faces.resource/theme.css?ln=primefaces-sipse HTTP/1.1" 304 -
190.60.36.2 - - [27/Jan/2024:14:49:22 -0500] "GET /sipse/faces/javax.faces.resource/primefaces.css?ln=primefaces&v=4.0 HTTP/1.1" 304 -
190.60.36.2 - - [27/Jan/2024:14:49:22 -0500] "GET /sipse/faces/javax.faces.resource/layout/layout.css?ln=primefaces&v=4.0 HTTP/1.1" 304 -
190.60.36.2 - - [27/Jan/2024:14:49:22 -0500] "GET /sipse/faces/javax.faces.resource/jquery/jquery.js?ln=primefaces&v=4.0 HTTP/1.1" 304 -
190.60.36.2 - - [27/Jan/2024:14:49:22 -0500] "GET /sipse/faces/javax.faces.resource/jquery/jquery-plugins.js?ln=primefaces&v=4.0 HTTP/1.1" 304 -
190.60.36.2 - - [27/Jan/2024:14:49:22 -0500] "GET /sipse/faces/javax.faces.resource/primefaces.js?ln=primefaces&v=4.0 HTTP/1.1" 304 -
190.60.36.2 - - [27/Jan/2024:14:49:22 -0500] "GET /sipse/faces/javax.faces.resource/layout/layout.js?ln=primefaces&v=4.0 HTTP/1.1" 304 -
200.118.80.128 - - [27/Jan/2024:14:49:25 -0500] "POST /sipse/faces/presentacion/financiero/solicitudProceso/listarSolicitudProceso.xhtml HTTP/1.1" 200 40760
40.77.167.77 - - [27/Jan/2024:14:49:26 -0500] "GET /senderos-en-los-cerros-orientales-cerrados-temporalmente-por-incendios-forestales.html HTTP/1.1" 200 991
181.164.224.57 - - [27/Jan/2024:14:49:27 -0500] "POST /appsia/controlador HTTP/1.1" 200 7785
200.118.80.128 - - [27/Jan/2024:14:49:28 -0500] "POST /sipse/faces/presentacion/financiero/solicitudProceso/listarSolicitudProceso.xhtml HTTP/1.1" 200 19812
181.164.224.57 - - [27/Jan/2024:14:49:31 -0500] "POST /appsia/controlador HTTP/1.1" 200 5437
181.164.224.57 - - [27/Jan/2024:14:49:33 -0500] "POST /appsia/controlador HTTP/1.1" 200 4799
200.118.80.128 - - [27/Jan/2024:14:49:33 -0500] "POST /sipse/faces/presentacion/financiero/solicitudProceso/listarSolicitudProceso.xhtml HTTP/1.1" 200 40760
200.118.80.128 - - [27/Jan/2024:14:49:35 -0500] "POST /sipse/faces/presentacion/financiero/solicitudProceso/listarSolicitudProceso.xhtml HTTP/1.1" 200 19733
190.60.36.2 - - [27/Jan/2024:14:49:26 -0500] "POST /sipse/faces/presentacion/financiero/solicitudProceso/consultarSolicitudProceso.xhtml HTTP/1.1" 200 159593
200.118.80.128 - - [27/Jan/2024:14:49:40 -0500] "POST /sipse/faces/presentacion/financiero/solicitudProceso/listarSolicitudProceso.xhtml HTTP/1.1" 200 40760
190.60.36.2 - - [27/Jan/2024:14:49:42 -0500] "POST /sipse/faces/presentacion/financiero/solicitudProceso/consultarSolicitudProceso.xhtml HTTP/1.1" 200 41079
190.60.36.2 - - [27/Jan/2024:14:49:43 -0500] "GET /sipse/faces/javax.faces.resource/theme.css?ln=primefaces-sipse HTTP/1.1" 304 -
190.60.36.2 - - [27/Jan/2024:14:49:43 -0500] "GET /sipse/faces/javax.faces.resource/primefaces.css?ln=primefaces&v=4.0 HTTP/1.1" 304 -
190.60.36.2 - - [27/Jan/2024:14:49:43 -0500] "GET /sipse/faces/javax.faces.resource/layout/layout.css?ln=primefaces&v=4.0 HTTP/1.1" 304 -
190.60.36.2 - - [27/Jan/2024:14:49:43 -0500] "GET /sipse/faces/javax.faces.resource/jquery/jquery.js?ln=primefaces&v=4.0 HTTP/1.1" 304 -
200.118.80.128 - - [27/Jan/2024:14:49:42 -0500] "POST /sipse/faces/presentacion/financiero/solicitudProceso/listarSolicitudProceso.xhtml HTTP/1.1" 200 19748
190.60.36.2 - - [27/Jan/2024:14:49:43 -0500] "GET /sipse/faces/javax.faces.resource/jquery/jquery-plugins.js?ln=primefaces&v=4.0 HTTP/1.1" 304 -
190.60.36.2 - - [27/Jan/2024:14:49:43 -0500] "GET /sipse/faces/javax.faces.resource/primefaces.js?ln=primefaces&v=4.0 HTTP/1.1" 304 -
190.60.36.2 - - [27/Jan/2024:14:49:43 -0500] "GET /sipse/faces/javax.faces.resource/layout/layout.js?ln=primefaces&v=4.0 HTTP/1.1" 304 -
200.118.80.128 - - [27/Jan/2024:14:49:48 -0500] "POST /sipse/faces/presentacion/financiero/solicitudProceso/listarSolicitudProceso.xhtml HTTP/1.1" 200 141394
200.118.80.128 - - [27/Jan/2024:14:49:49 -0500] "GET /sipse/faces/javax.faces.resource/theme.css?ln=primefaces-sipse HTTP/1.1" 304 -
200.118.80.128 - - [27/Jan/2024:14:49:49 -0500] "GET /sipse/faces/javax.faces.resource/layout/layout.css?ln=primefaces&v=4.0 HTTP/1.1" 304 -
200.118.80.128 - - [27/Jan/2024:14:49:49 -0500] "GET /sipse/faces/javax.faces.resource/jquery/jquery.js?ln=primefaces&v=4.0 HTTP/1.1" 304 -
200.118.80.128 - - [27/Jan/2024:14:49:49 -0500] "GET /sipse/faces/javax.faces.resource/jquery/jquery-plugins.js?ln=primefaces&v=4.0 HTTP/1.1" 304 -
200.118.80.128 - - [27/Jan/2024:14:49:49 -0500] "GET /sipse/faces/javax.faces.resource/primefaces.js?ln=primefaces&v=4.0 HTTP/1.1" 304 -
200.118.80.128 - - [27/Jan/2024:14:49:49 -0500] "GET /sipse/faces/javax.faces.resource/layout/layout.js?ln=primefaces&v=4.0 HTTP/1.1" 304 -
216.245.221.92 - - [27/Jan/2024:14:49:59 -0500] "HEAD / HTTP/1.1" 200 -
200.118.80.128 - - [27/Jan/2024:14:50:08 -0500] "GET /sipse/faces/javax.faces.resource/primefaces.css?ln=primefaces&v=4.0 HTTP/1.1" 304 -
200.118.80.128 - - [27/Jan/2024:14:50:14 -0500] "POST /sipse/faces/presentacion/financiero/solicitudProceso/consultarSolicitudProceso.xhtml HTTP/1.1" 200 37108
200.118.80.128 - - [27/Jan/2024:14:50:15 -0500] "GET /sipse/faces/javax.faces.resource/theme.css?ln=primefaces-sipse HTTP/1.1" 304 -
200.118.80.128 - - [27/Jan/2024:14:50:15 -0500] "GET /sipse/faces/javax.faces.resource/primefaces.css?ln=primefaces&v=4.0 HTTP/1.1" 304 -
200.118.80.128 - - [27/Jan/2024:14:50:15 -0500] "GET /sipse/faces/javax.faces.resource/layout/layout.css?ln=primefaces&v=4.0 HTTP/1.1" 304 -
200.118.80.128 - - [27/Jan/2024:14:50:15 -0500] "GET /sipse/faces/javax.faces.resource/jquery/jquery.js?ln=primefaces&v=4.0 HTTP/1.1" 304 -
200.118.80.128 - - [27/Jan/2024:14:50:15 -0500] "GET /sipse/faces/javax.faces.resource/jquery/jquery-plugins.js?ln=primefaces&v=4.0 HTTP/1.1" 304 -
200.118.80.128 - - [27/Jan/2024:14:50:15 -0500] "GET /sipse/faces/javax.faces.resource/primefaces.js?ln=primefaces&v=4.0 HTTP/1.1" 304 -
200.118.80.128 - - [27/Jan/2024:14:50:15 -0500] "GET /sipse/faces/javax.faces.resource/layout/layout.js?ln=primefaces&v=4.0 HTTP/1.1" 304 -
47.128.33.182 - - [27/Jan/2024:14:50:48 -0500] "GET /portaldeninos/wp-content/uploads/useanyfont/uaf.css?ver=1589905315 HTTP/1.1" 200 408
47.128.33.182 - - [27/Jan/2024:14:50:48 -0500] "GET /portaldeninos/wp-content/plugins/popup-maker/assets/css/site.min.css?ver=1.8.14 HTTP/1.1" 200 8260
47.128.33.182 - - [27/Jan/2024:14:50:48 -0500] "GET /portaldeninos/wp-content/themes/betheme/assets/jplayer/css/jplayer.blue.monday.css?ver=20.9.6 HTTP/1.1" 200 9834
47.128.33.182 - - [27/Jan/2024:14:50:46 -0500] "GET /portaldeninos/ HTTP/1.1" 200 110175
47.128.33.182 - - [27/Jan/2024:14:50:48 -0500] "GET /portaldeninos/wp-content/plugins/gallery-videos/CSS/Total-Soft-Gallery-Video-Widget.css?ver=4.9.8 HTTP/1.1" 200 51554
47.128.33.182 - - [27/Jan/2024:14:50:48 -0500] "GET /portaldeninos/wp-content/plugins/gallery-videos/CSS/totalsoft.css?ver=4.9.8 HTTP/1.1" 200 40622
47.128.33.182 - - [27/Jan/2024:14:50:49 -0500] "GET /portaldeninos/wp-content/themes/betheme/assets/ui/jquery.ui.all.css?ver=20.9.6 HTTP/1.1" 200 18765
47.128.33.182 - - [27/Jan/2024:14:50:49 -0500] "GET /portaldeninos/wp-content/themes/betheme/css/responsive.css?ver=20.9.6 HTTP/1.1" 200 55740
47.128.33.182 - - [27/Jan/2024:14:50:50 -0500] "GET /portaldeninos/wp-content/themes/betheme/style.css?ver=20.9.6 HTTP/1.1" 200 287
47.128.33.182 - - [27/Jan/2024:14:50:49 -0500] "GET /portaldeninos/wp-content/themes/betheme/css/layout.css?ver=20.9.6 HTTP/1.1" 200 116639
47.128.33.182 - - [27/Jan/2024:14:50:51 -0500] "GET /portaldeninos/wp-content/plugins/gallery-videos/JS/modernizr.custom.js?ver=4.9.8 HTTP/1.1" 200 9019
47.128.33.182 - - [27/Jan/2024:14:50:50 -0500] "GET /portaldeninos/wp-content/themes/betheme/css/base.css?ver=20.9.6 HTTP/1.1" 200 57283
47.128.33.182 - - [27/Jan/2024:14:50:50 -0500] "GET /portaldeninos/wp-content/themes/betheme/assets/animations/animations.min.css?ver=20.9.6 HTTP/1.1" 200 58508
47.128.33.182 - - [27/Jan/2024:14:50:49 -0500] "GET /portaldeninos/wp-content/themes/betheme/css/shortcodes.css?ver=20.9.6 HTTP/1.1" 200 138889
47.128.33.182 - - [27/Jan/2024:14:50:51 -0500] "GET /portaldeninos/wp-includes/js/jquery/ui/core.min.js?ver=1.11.4 HTTP/1.1" 200 4000
47.128.33.182 - - [27/Jan/2024:14:50:51 -0500] "GET /portaldeninos/wp-includes/js/jquery/jquery-migrate.min.js?ver=1.4.1 HTTP/1.1" 200 10056
47.128.33.182 - - [27/Jan/2024:14:50:51 -0500] "GET /portaldeninos/wp-content/plugins/google-analytics-for-wordpress/assets/js/frontend-gtag.min.js?ver=8.5.0 HTTP/1.1" 200 11801
47.128.33.182 - - [27/Jan/2024:14:50:51 -0500] "GET /portaldeninos/wp-includes/js/jquery/ui/mouse.min.js?ver=1.11.4 HTTP/1.1" 200 3148
47.128.33.182 - - [27/Jan/2024:14:50:51 -0500] "GET /portaldeninos/wp-content/plugins/gallery-videos/JS/Total-Soft-Gallery-Video-Widget.js?ver=4.9.8 HTTP/1.1" 200 80264
47.128.33.182 - - [27/Jan/2024:14:50:50 -0500] "GET /portaldeninos/wp-includes/js/jquery/jquery.js?ver=1.12.4 HTTP/1.1" 200 97184
47.128.33.182 - - [27/Jan/2024:14:50:51 -0500] "GET /portaldeninos/wp-includes/js/jquery/ui/tabs.min.js?ver=1.11.4 HTTP/1.1" 200 12110
47.128.33.182 - - [27/Jan/2024:14:50:52 -0500] "GET /portaldeninos/wp-includes/js/jquery/ui/accordion.min.js?ver=1.11.4 HTTP/1.1" 200 8584
47.128.33.182 - - [27/Jan/2024:14:50:52 -0500] "GET /portaldeninos/wp-includes/js/jquery/ui/sortable.min.js?ver=1.11.4 HTTP/1.1" 200 24899
47.128.33.182 - - [27/Jan/2024:14:50:52 -0500] "GET /portaldeninos/wp-content/themes/betheme/js/scripts.js?ver=20.9.6 HTTP/1.1" 200 77162
47.128.33.182 - - [27/Jan/2024:14:50:52 -0500] "GET /portaldeninos/wp-content/themes/betheme/assets/jplayer/jplayer.min.js?ver=20.9.6 HTTP/1.1" 200 52702
47.128.33.182 - - [27/Jan/2024:14:50:52 -0500] "GET /portaldeninos/wp-content/plugins/popup-maker/assets/js/site.min.js?defer&ver=1.8.14 HTTP/1.1" 200 48457
47.128.33.182 - - [27/Jan/2024:14:50:53 -0500] "GET /portaldeninos/wp-content/themes/betheme/js/menu.js?ver=20.9.6 HTTP/1.1" 200 2449
47.128.33.182 - - [27/Jan/2024:14:50:53 -0500] "GET /portaldeninos/wp-content/themes/betheme/assets/animations/animations.min.js?ver=20.9.6 HTTP/1.1" 200 1896
47.128.33.182 - - [27/Jan/2024:14:50:53 -0500] "GET /portaldeninos/wp-includes/js/jquery/ui/position.min.js?ver=1.11.4 HTTP/1.1" 200 6527
47.128.33.182 - - [27/Jan/2024:14:50:53 -0500] "GET /portaldeninos/wp-includes/js/wp-embed.min.js?ver=4.9.8 HTTP/1.1" 200 1398
47.128.33.182 - - [27/Jan/2024:14:50:53 -0500] "GET /portaldeninos/wp-includes/js/jquery/ui/widget.min.js?ver=1.11.4 HTTP/1.1" 200 6908
47.128.33.182 - - [27/Jan/2024:14:50:52 -0500] "GET /portaldeninos/wp-content/themes/betheme/js/plugins.js?ver=20.9.6 HTTP/1.1" 200 197151
47.128.33.182 - - [27/Jan/2024:14:50:53 -0500] "GET /portaldeninos/wp-content/uploads/2021/06/titulo-miambiente-ni%C3%B1os.png HTTP/1.1" 200 11944
47.128.33.182 - - [27/Jan/2024:14:50:53 -0500] "GET /portaldeninos/wp-includes/js/wp-emoji-release.min.js?ver=4.9.8 HTTP/1.1" 200 12026
47.128.33.182 - - [27/Jan/2024:14:50:53 -0500] "GET /portaldeninos/wp-content/uploads/2021/06/titulo-cabezote-ni%C3%B1os.png HTTP/1.1" 200 64425
47.128.33.182 - - [27/Jan/2024:14:50:53 -0500] "GET /portaldeninos/wp-content/uploads/2019/08/Logo-Ambientic.png HTTP/1.1" 200 22941
47.128.33.182 - - [27/Jan/2024:14:50:54 -0500] "GET /portaldeninos/wp-content/uploads/2021/06/titulo-videos-ni%C3%B1os.png HTTP/1.1" 200 10502
47.128.33.182 - - [27/Jan/2024:14:50:55 -0500] "GET /portaldeninos/wp-content/uploads/2021/06/titulo-humedales-ni%C3%B1os.png HTTP/1.1" 200 13361
47.128.33.182 - - [27/Jan/2024:14:50:54 -0500] "GET /portaldeninos/wp-content/uploads/2018/10/oso.jpg HTTP/1.1" 200 305180
47.128.33.182 - - [27/Jan/2024:14:50:54 -0500] "GET /portaldeninos/wp-content/uploads/2020/01/Tierra-escenario.jpg HTTP/1.1" 200 181491
47.128.33.182 - - [27/Jan/2024:14:50:54 -0500] "GET /portaldeninos/wp-content/uploads/2020/01/Frailejon-escenario.jpg HTTP/1.1" 200 357472
47.128.33.182 - - [27/Jan/2024:14:50:54 -0500] "GET /portaldeninos/wp-content/uploads/2018/11/caneca.jpg HTTP/1.1" 200 262661
47.128.33.182 - - [27/Jan/2024:14:50:56 -0500] "GET /portaldeninos/wp-content/uploads/2020/05/fb.jpg HTTP/1.1" 200 9893
47.128.33.182 - - [27/Jan/2024:14:50:54 -0500] "GET /portaldeninos/wp-content/uploads/2018/11/tigrillo.jpg HTTP/1.1" 200 402961
47.128.33.182 - - [27/Jan/2024:14:50:56 -0500] "GET /portaldeninos/wp-content/uploads/2020/05/ig.jpg HTTP/1.1" 200 11470
47.128.33.182 - - [27/Jan/2024:14:50:56 -0500] "GET /portaldeninos/wp-content/uploads/2020/06/yt.jpg HTTP/1.1" 200 10577
47.128.33.182 - - [27/Jan/2024:14:50:56 -0500] "GET /portaldeninos/wp-content/uploads/2020/06/tw.jpg HTTP/1.1" 200 11056
47.128.33.182 - - [27/Jan/2024:14:50:56 -0500] "GET /portaldeninos/wp-json/pum/v1/analytics/?event=open&pid=1126&_cache=1706385071222 HTTP/1.1" 204 -
47.128.33.182 - - [27/Jan/2024:14:50:56 -0500] "GET /portaldeninos/wp-content/uploads/2022/08/Infograf%C3%ADa-humedales-actualizada.png HTTP/1.1" 200 588022
47.128.33.182 - - [27/Jan/2024:14:50:55 -0500] "GET /portaldeninos/wp-content/uploads/2022/08/HUmedalConejera03-1.jpg HTTP/1.1" 200 6568196
200.118.80.128 - - [27/Jan/2024:14:51:29 -0500] "GET /sipse/faces/javax.faces.resource/theme.css?ln=primefaces-sipse HTTP/1.1" 304 -
200.118.80.128 - - [27/Jan/2024:14:51:29 -0500] "GET /sipse/faces/javax.faces.resource/primefaces.css?ln=primefaces&v=4.0 HTTP/1.1" 304 -
200.118.80.128 - - [27/Jan/2024:14:51:29 -0500] "GET /sipse/faces/javax.faces.resource/layout/layout.css?ln=primefaces&v=4.0 HTTP/1.1" 304 -
200.118.80.128 - - [27/Jan/2024:14:51:29 -0500] "GET /sipse/faces/javax.faces.resource/jquery/jquery.js?ln=primefaces&v=4.0 HTTP/1.1" 304 -
200.118.80.128 - - [27/Jan/2024:14:51:29 -0500] "GET /sipse/faces/javax.faces.resource/jquery/jquery-plugins.js?ln=primefaces&v=4.0 HTTP/1.1" 304 -
200.118.80.128 - - [27/Jan/2024:14:51:29 -0500] "GET /sipse/faces/javax.faces.resource/primefaces.js?ln=primefaces&v=4.0 HTTP/1.1" 304 -
200.118.80.128 - - [27/Jan/2024:14:51:29 -0500] "POST /sipse/faces/presentacion/financiero/solicitudProceso/consultarHistorialSolProceso.xhtml HTTP/1.1" 200 187188
200.118.80.128 - - [27/Jan/2024:14:51:29 -0500] "GET /sipse/faces/javax.faces.resource/layout/layout.js?ln=primefaces&v=4.0 HTTP/1.1" 304 -
172.22.2.4 - - [27/Jan/2024:14:51:38 -0500] "GET /BLA/boletinlegal/normativa.php HTTP/1.1" 200 8397
200.118.80.128 - - [27/Jan/2024:14:51:34 -0500] "POST /sipse/faces/presentacion/financiero/solicitudProceso/consultarSolicitudProceso.xhtml HTTP/1.1" 200 40624
200.118.80.128 - - [27/Jan/2024:14:51:38 -0500] "GET /sipse/faces/javax.faces.resource/theme.css?ln=primefaces-sipse HTTP/1.1" 304 -
200.118.80.128 - - [27/Jan/2024:14:51:38 -0500] "GET /sipse/faces/javax.faces.resource/layout/layout.css?ln=primefaces&v=4.0 HTTP/1.1" 304 -
200.118.80.128 - - [27/Jan/2024:14:51:38 -0500] "GET /sipse/faces/javax.faces.resource/primefaces.css?ln=primefaces&v=4.0 HTTP/1.1" 304 -
200.118.80.128 - - [27/Jan/2024:14:51:38 -0500] "GET /sipse/faces/javax.faces.resource/jquery/jquery.js?ln=primefaces&v=4.0 HTTP/1.1" 304 -
200.118.80.128 - - [27/Jan/2024:14:51:38 -0500] "GET /sipse/faces/javax.faces.resource/jquery/jquery-plugins.js?ln=primefaces&v=4.0 HTTP/1.1" 304 -
200.118.80.128 - - [27/Jan/2024:14:51:38 -0500] "GET /sipse/faces/javax.faces.resource/primefaces.js?ln=primefaces&v=4.0 HTTP/1.1" 304 -
200.118.80.128 - - [27/Jan/2024:14:51:38 -0500] "GET /sipse/faces/javax.faces.resource/layout/layout.js?ln=primefaces&v=4.0 HTTP/1.1" 304 -
200.118.80.128 - - [27/Jan/2024:14:51:38 -0500] "POST /sipse/faces/presentacion/financiero/solicitudProceso/listarSolicitudProceso.xhtml HTTP/1.1" 200 1396
190.60.36.2 - - [27/Jan/2024:14:51:40 -0500] "POST /sipse/faces/presentacion/financiero/modificacionContrato/cargarModifiacion.xhtml HTTP/1.1" 200 119510
190.60.36.2 - - [27/Jan/2024:14:51:41 -0500] "GET /sipse/faces/javax.faces.resource/theme.css?ln=primefaces-sipse HTTP/1.1" 304 -
190.60.36.2 - - [27/Jan/2024:14:51:41 -0500] "GET /sipse/faces/javax.faces.resource/primefaces.css?ln=primefaces&v=4.0 HTTP/1.1" 304 -
190.60.36.2 - - [27/Jan/2024:14:51:41 -0500] "GET /sipse/faces/javax.faces.resource/layout/layout.css?ln=primefaces&v=4.0 HTTP/1.1" 304 -
190.60.36.2 - - [27/Jan/2024:14:51:41 -0500] "GET /sipse/faces/javax.faces.resource/jquery/jquery.js?ln=primefaces&v=4.0 HTTP/1.1" 304 -
190.60.36.2 - - [27/Jan/2024:14:51:41 -0500] "GET /sipse/faces/javax.faces.resource/jquery/jquery-plugins.js?ln=primefaces&v=4.0 HTTP/1.1" 304 -
190.60.36.2 - - [27/Jan/2024:14:51:41 -0500] "GET /sipse/faces/javax.faces.resource/primefaces.js?ln=primefaces&v=4.0 HTTP/1.1" 304 -
190.60.36.2 - - [27/Jan/2024:14:51:41 -0500] "GET /sipse/faces/javax.faces.resource/layout/layout.js?ln=primefaces&v=4.0 HTTP/1.1" 304 -
200.118.80.128 - - [27/Jan/2024:14:51:41 -0500] "POST /sipse/faces/presentacion/financiero/solicitudProceso/listarSolicitudProceso.xhtml HTTP/1.1" 200 1396
190.60.36.2 - - [27/Jan/2024:14:51:46 -0500] "POST /sipse/faces/presentacion/financiero/solicitudProceso/consultarSolicitudProceso.xhtml HTTP/1.1" 200 62576
190.60.36.2 - - [27/Jan/2024:14:51:49 -0500] "GET /sipse/faces/javax.faces.resource/theme.css?ln=primefaces-sipse HTTP/1.1" 304 -
190.60.36.2 - - [27/Jan/2024:14:51:49 -0500] "GET /sipse/faces/javax.faces.resource/primefaces.css?ln=primefaces&v=4.0 HTTP/1.1" 304 -
190.60.36.2 - - [27/Jan/2024:14:51:49 -0500] "GET /sipse/faces/javax.faces.resource/layout/layout.css?ln=primefaces&v=4.0 HTTP/1.1" 304 -
190.60.36.2 - - [27/Jan/2024:14:51:49 -0500] "GET /sipse/faces/javax.faces.resource/jquery/jquery.js?ln=primefaces&v=4.0 HTTP/1.1" 304 -
190.60.36.2 - - [27/Jan/2024:14:51:49 -0500] "GET /sipse/faces/javax.faces.resource/jquery/jquery-plugins.js?ln=primefaces&v=4.0 HTTP/1.1" 304 -
190.60.36.2 - - [27/Jan/2024:14:51:49 -0500] "GET /sipse/faces/javax.faces.resource/primefaces.js?ln=primefaces&v=4.0 HTTP/1.1" 304 -
190.60.36.2 - - [27/Jan/2024:14:51:49 -0500] "GET /sipse/faces/javax.faces.resource/layout/layout.js?ln=primefaces&v=4.0 HTTP/1.1" 304 -
190.60.36.2 - - [27/Jan/2024:14:51:49 -0500] "POST /sipse/faces/presentacion/financiero/solicitudProceso/listarSolicitudProceso.xhtml HTTP/1.1" 200 1556
200.118.80.128 - - [27/Jan/2024:14:51:49 -0500] "POST /sipse/faces/presentacion/financiero/solicitudProceso/listarSolicitudProceso.xhtml HTTP/1.1" 200 19752
200.118.80.128 - - [27/Jan/2024:14:51:51 -0500] "POST /sipse/faces/presentacion/financiero/solicitudProceso/listarSolicitudProceso.xhtml HTTP/1.1" 200 47085
200.118.80.128 - - [27/Jan/2024:14:51:54 -0500] "POST /sipse/faces/presentacion/financiero/solicitudProceso/listarSolicitudProceso.xhtml HTTP/1.1" 200 19762
162.55.173.23 - - [27/Jan/2024:14:51:55 -0500] "GET / HTTP/1.1" 200 4720
172.22.2.4 - - [27/Jan/2024:14:50:17 -0500] "HEAD /BLA/boletinlegal/ HTTP/1.1" 200 -
200.118.80.128 - - [27/Jan/2024:14:51:59 -0500] "POST /sipse/faces/presentacion/financiero/solicitudProceso/listarSolicitudProceso.xhtml HTTP/1.1" 200 46503
200.118.80.128 - - [27/Jan/2024:14:52:01 -0500] "POST /sipse/faces/presentacion/financiero/solicitudProceso/listarSolicitudProceso.xhtml HTTP/1.1" 200 19739
190.25.238.148 - - [27/Jan/2024:14:52:13 -0500] "GET /siipev/Diseno%20de%20Elementos%20de%20Mobiliario%20Urbano/Diseno%20pertenecientes%20al%20mobiliario%20urbano%20M10-M160/PARTE%20A/Dise%C3%B1o%20de%20Elementos%20M-71.pdf HTTP/1.1" 304 -
190.60.36.2 - - [27/Jan/2024:14:52:15 -0500] "POST /sipse/faces/presentacion/financiero/solicitudProceso/listarSolicitudProceso.xhtml HTTP/1.1" 200 31908
190.60.36.2 - - [27/Jan/2024:14:52:15 -0500] "POST /sipse/faces/presentacion/financiero/solicitudProceso/listarSolicitudProceso.xhtml HTTP/1.1" 200 44534
190.60.36.2 - - [27/Jan/2024:14:52:17 -0500] "POST /sipse/faces/presentacion/financiero/solicitudProceso/listarSolicitudProceso.xhtml HTTP/1.1" 200 31904
200.118.80.128 - - [27/Jan/2024:14:52:17 -0500] "POST /sipse/faces/presentacion/financiero/solicitudProceso/listarSolicitudProceso.xhtml HTTP/1.1" 200 46805
190.60.36.2 - - [27/Jan/2024:14:52:20 -0500] "POST /sipse/faces/presentacion/financiero/solicitudProceso/listarSolicitudProceso.xhtml HTTP/1.1" 200 121995
190.60.36.2 - - [27/Jan/2024:14:52:21 -0500] "GET /sipse/faces/javax.faces.resource/theme.css?ln=primefaces-sipse HTTP/1.1" 304 -
200.118.80.128 - - [27/Jan/2024:14:52:20 -0500] "POST /sipse/faces/presentacion/financiero/solicitudProceso/listarSolicitudProceso.xhtml HTTP/1.1" 200 19857
190.60.36.2 - - [27/Jan/2024:14:52:21 -0500] "GET /sipse/faces/javax.faces.resource/primefaces.css?ln=primefaces&v=4.0 HTTP/1.1" 304 -
190.60.36.2 - - [27/Jan/2024:14:52:21 -0500] "GET /sipse/faces/javax.faces.resource/layout/layout.css?ln=primefaces&v=4.0 HTTP/1.1" 304 -
190.60.36.2 - - [27/Jan/2024:14:52:21 -0500] "GET /sipse/faces/javax.faces.resource/jquery/jquery.js?ln=primefaces&v=4.0 HTTP/1.1" 304 -
190.60.36.2 - - [27/Jan/2024:14:52:21 -0500] "GET /sipse/faces/javax.faces.resource/jquery/jquery-plugins.js?ln=primefaces&v=4.0 HTTP/1.1" 304 -
190.60.36.2 - - [27/Jan/2024:14:52:21 -0500] "GET /sipse/faces/javax.faces.resource/primefaces.js?ln=primefaces&v=4.0 HTTP/1.1" 304 -
190.60.36.2 - - [27/Jan/2024:14:52:21 -0500] "GET /sipse/faces/javax.faces.resource/layout/layout.js?ln=primefaces&v=4.0 HTTP/1.1" 304 -
200.118.80.128 - - [27/Jan/2024:14:52:25 -0500] "POST /sipse/faces/presentacion/financiero/solicitudProceso/listarSolicitudProceso.xhtml HTTP/1.1" 200 31914
190.60.36.2 - - [27/Jan/2024:14:52:26 -0500] "POST /sipse/faces/presentacion/financiero/solicitudProceso/consultarSolicitudProceso.xhtml HTTP/1.1" 200 256666
200.118.80.128 - - [27/Jan/2024:14:52:27 -0500] "POST /sipse/faces/presentacion/financiero/solicitudProceso/listarSolicitudProceso.xhtml HTTP/1.1" 200 19789
200.118.80.128 - - [27/Jan/2024:14:52:32 -0500] "POST /sipse/faces/presentacion/financiero/solicitudProceso/listarSolicitudProceso.xhtml HTTP/1.1" 200 46642
200.118.80.128 - - [27/Jan/2024:14:52:33 -0500] "POST /sipse/faces/presentacion/financiero/solicitudProceso/listarSolicitudProceso.xhtml HTTP/1.1" 200 46674
200.118.80.128 - - [27/Jan/2024:14:52:36 -0500] "POST /sipse/faces/presentacion/financiero/solicitudProceso/listarSolicitudProceso.xhtml HTTP/1.1" 200 19784
200.118.80.128 - - [27/Jan/2024:14:52:40 -0500] "POST /sipse/faces/presentacion/financiero/solicitudProceso/listarSolicitudProceso.xhtml HTTP/1.1" 200 31683
190.60.36.2 - - [27/Jan/2024:14:52:39 -0500] "POST /sipse/faces/presentacion/financiero/solicitudProceso/consultarSolicitudProceso.xhtml HTTP/1.1" 200 42859
190.60.36.2 - - [27/Jan/2024:14:52:41 -0500] "GET /sipse/faces/javax.faces.resource/theme.css?ln=primefaces-sipse HTTP/1.1" 304 -
190.60.36.2 - - [27/Jan/2024:14:52:41 -0500] "GET /sipse/faces/javax.faces.resource/primefaces.css?ln=primefaces&v=4.0 HTTP/1.1" 304 -
190.60.36.2 - - [27/Jan/2024:14:52:41 -0500] "GET /sipse/faces/javax.faces.resource/layout/layout.css?ln=primefaces&v=4.0 HTTP/1.1" 304 -
190.60.36.2 - - [27/Jan/2024:14:52:41 -0500] "GET /sipse/faces/javax.faces.resource/jquery/jquery.js?ln=primefaces&v=4.0 HTTP/1.1" 304 -
190.60.36.2 - - [27/Jan/2024:14:52:41 -0500] "GET /sipse/faces/javax.faces.resource/jquery/jquery-plugins.js?ln=primefaces&v=4.0 HTTP/1.1" 304 -
190.60.36.2 - - [27/Jan/2024:14:52:41 -0500] "GET /sipse/faces/javax.faces.resource/primefaces.js?ln=primefaces&v=4.0 HTTP/1.1" 304 -
190.60.36.2 - - [27/Jan/2024:14:52:41 -0500] "GET /sipse/faces/javax.faces.resource/layout/layout.js?ln=primefaces&v=4.0 HTTP/1.1" 304 -
200.118.80.128 - - [27/Jan/2024:14:52:42 -0500] "POST /sipse/faces/presentacion/financiero/solicitudProceso/listarSolicitudProceso.xhtml HTTP/1.1" 200 19783
200.118.80.128 - - [27/Jan/2024:14:52:46 -0500] "POST /sipse/faces/presentacion/financiero/solicitudProceso/listarSolicitudProceso.xhtml HTTP/1.1" 200 31683
200.118.80.128 - - [27/Jan/2024:14:52:47 -0500] "POST /sipse/faces/presentacion/financiero/solicitudProceso/listarSolicitudProceso.xhtml HTTP/1.1" 200 19738
172.22.2.4 - - [27/Jan/2024:14:51:08 -0500] "GET /BLA/boletinlegal/ HTTP/1.1" 200 60583
200.118.80.128 - - [27/Jan/2024:14:52:52 -0500] "POST /sipse/faces/presentacion/financiero/solicitudProceso/listarSolicitudProceso.xhtml HTTP/1.1" 200 31683
200.118.80.128 - - [27/Jan/2024:14:52:53 -0500] "POST /sipse/faces/presentacion/financiero/solicitudProceso/listarSolicitudProceso.xhtml HTTP/1.1" 200 19659
200.118.80.128 - - [27/Jan/2024:14:52:58 -0500] "POST /sipse/faces/presentacion/financiero/solicitudProceso/listarSolicitudProceso.xhtml HTTP/1.1" 200 46674
200.118.80.128 - - [27/Jan/2024:14:53:01 -0500] "POST /sipse/faces/presentacion/financiero/solicitudProceso/listarSolicitudProceso.xhtml HTTP/1.1" 200 19802
201.245.192.253 - - [27/Jan/2024:14:53:04 -0500] "POST /kwsrmcab/Wsrmcab  HTTP/1.1" 200 37857
200.118.80.128 - - [27/Jan/2024:14:53:06 -0500] "POST /sipse/faces/presentacion/financiero/solicitudProceso/listarSolicitudProceso.xhtml HTTP/1.1" 200 46674
200.118.80.128 - - [27/Jan/2024:14:53:09 -0500] "POST /sipse/faces/presentacion/financiero/solicitudProceso/listarSolicitudProceso.xhtml HTTP/1.1" 200 19788
200.118.80.128 - - [27/Jan/2024:14:53:13 -0500] "POST /sipse/faces/presentacion/financiero/solicitudProceso/listarSolicitudProceso.xhtml HTTP/1.1" 200 46674
200.118.80.128 - - [27/Jan/2024:14:53:15 -0500] "POST /sipse/faces/presentacion/financiero/solicitudProceso/listarSolicitudProceso.xhtml HTTP/1.1" 200 19691
200.118.80.128 - - [27/Jan/2024:14:53:35 -0500] "POST /sipse/faces/presentacion/financiero/solicitudProceso/listarSolicitudProceso.xhtml HTTP/1.1" 200 19677
200.118.80.128 - - [27/Jan/2024:14:53:45 -0500] "POST /sipse/faces/presentacion/financiero/solicitudProceso/listarSolicitudProceso.xhtml HTTP/1.1" 200 46805
200.118.80.128 - - [27/Jan/2024:14:53:48 -0500] "POST /sipse/faces/presentacion/financiero/solicitudProceso/listarSolicitudProceso.xhtml HTTP/1.1" 200 19768
216.245.221.92 - - [27/Jan/2024:14:54:59 -0500] "HEAD / HTTP/1.1" 200 -
172.22.2.4 - - [27/Jan/2024:14:55:05 -0500] "GET /BLA/boletinlegal/robots.txt HTTP/1.1" 404 1038
47.128.21.229 - - [27/Jan/2024:14:55:14 -0500] "GET /robots.txt HTTP/1.1" 404 1035
200.118.80.128 - - [27/Jan/2024:14:55:43 -0500] "POST /sipse/faces/presentacion/financiero/solicitudProceso/listarSolicitudProceso.xhtml HTTP/1.1" 200 19754
190.60.36.2 - - [27/Jan/2024:14:55:42 -0500] "POST /sipse/faces/presentacion/financiero/modificacionContrato/cargarModifiacion.xhtml HTTP/1.1" 200 125153
190.60.36.2 - - [27/Jan/2024:14:55:46 -0500] "GET /sipse/faces/javax.faces.resource/theme.css?ln=primefaces-sipse HTTP/1.1" 304 -
190.60.36.2 - - [27/Jan/2024:14:55:46 -0500] "GET /sipse/faces/javax.faces.resource/primefaces.css?ln=primefaces&v=4.0 HTTP/1.1" 304 -
190.60.36.2 - - [27/Jan/2024:14:55:46 -0500] "GET /sipse/faces/javax.faces.resource/layout/layout.css?ln=primefaces&v=4.0 HTTP/1.1" 304 -
190.60.36.2 - - [27/Jan/2024:14:55:46 -0500] "GET /sipse/faces/javax.faces.resource/jquery/jquery.js?ln=primefaces&v=4.0 HTTP/1.1" 304 -
190.60.36.2 - - [27/Jan/2024:14:55:46 -0500] "GET /sipse/faces/javax.faces.resource/jquery/jquery-plugins.js?ln=primefaces&v=4.0 HTTP/1.1" 304 -
190.60.36.2 - - [27/Jan/2024:14:55:46 -0500] "GET /sipse/faces/javax.faces.resource/primefaces.js?ln=primefaces&v=4.0 HTTP/1.1" 304 -
190.60.36.2 - - [27/Jan/2024:14:55:46 -0500] "GET /sipse/faces/javax.faces.resource/layout/layout.js?ln=primefaces&v=4.0 HTTP/1.1" 304 -
200.118.80.128 - - [27/Jan/2024:14:55:48 -0500] "POST /sipse/faces/presentacion/financiero/solicitudProceso/listarSolicitudProceso.xhtml HTTP/1.1" 200 160074
200.118.80.128 - - [27/Jan/2024:14:55:49 -0500] "GET /sipse/faces/javax.faces.resource/theme.css?ln=primefaces-sipse HTTP/1.1" 304 -
200.118.80.128 - - [27/Jan/2024:14:55:49 -0500] "GET /sipse/faces/javax.faces.resource/layout/layout.css?ln=primefaces&v=4.0 HTTP/1.1" 304 -
200.118.80.128 - - [27/Jan/2024:14:55:49 -0500] "GET /sipse/faces/javax.faces.resource/primefaces.css?ln=primefaces&v=4.0 HTTP/1.1" 304 -
200.118.80.128 - - [27/Jan/2024:14:55:49 -0500] "GET /sipse/faces/javax.faces.resource/jquery/jquery.js?ln=primefaces&v=4.0 HTTP/1.1" 304 -
200.118.80.128 - - [27/Jan/2024:14:55:49 -0500] "GET /sipse/faces/javax.faces.resource/jquery/jquery-plugins.js?ln=primefaces&v=4.0 HTTP/1.1" 304 -
200.118.80.128 - - [27/Jan/2024:14:55:49 -0500] "GET /sipse/faces/javax.faces.resource/primefaces.js?ln=primefaces&v=4.0 HTTP/1.1" 304 -
200.118.80.128 - - [27/Jan/2024:14:55:49 -0500] "GET /sipse/faces/javax.faces.resource/layout/layout.js?ln=primefaces&v=4.0 HTTP/1.1" 304 -
190.60.36.2 - - [27/Jan/2024:14:55:49 -0500] "POST /sipse/faces/presentacion/financiero/solicitudProceso/consultarSolicitudProceso.xhtml HTTP/1.1" 200 62726
190.60.36.2 - - [27/Jan/2024:14:55:51 -0500] "GET /sipse/faces/javax.faces.resource/primefaces.css?ln=primefaces&v=4.0 HTTP/1.1" 304 -
190.60.36.2 - - [27/Jan/2024:14:55:51 -0500] "GET /sipse/faces/javax.faces.resource/theme.css?ln=primefaces-sipse HTTP/1.1" 304 -
190.60.36.2 - - [27/Jan/2024:14:55:51 -0500] "GET /sipse/faces/javax.faces.resource/layout/layout.css?ln=primefaces&v=4.0 HTTP/1.1" 304 -
190.60.36.2 - - [27/Jan/2024:14:55:51 -0500] "GET /sipse/faces/javax.faces.resource/jquery/jquery.js?ln=primefaces&v=4.0 HTTP/1.1" 304 -
190.60.36.2 - - [27/Jan/2024:14:55:51 -0500] "GET /sipse/faces/javax.faces.resource/jquery/jquery-plugins.js?ln=primefaces&v=4.0 HTTP/1.1" 304 -
190.60.36.2 - - [27/Jan/2024:14:55:51 -0500] "GET /sipse/faces/javax.faces.resource/primefaces.js?ln=primefaces&v=4.0 HTTP/1.1" 304 -
190.60.36.2 - - [27/Jan/2024:14:55:51 -0500] "GET /sipse/faces/javax.faces.resource/layout/layout.js?ln=primefaces&v=4.0 HTTP/1.1" 304 -
190.60.36.2 - - [27/Jan/2024:14:55:52 -0500] "POST /sipse/faces/presentacion/financiero/solicitudProceso/listarSolicitudProceso.xhtml HTTP/1.1" 200 1556
186.102.91.80 - - [27/Jan/2024:14:55:52 -0500] "GET /kwssiamovil/sm/ldap/au?x=U2FsdGVkX18k8yx2YWlTq1wSe6i0bMwymXLdZZFTg/r2ztl92/UVp7tyiJ6B2A68&y=U2FsdGVkX19fVgZZ3ljuv6HqZvyNKz6/7keKtLQl+VpM/9j1mOBgNEKK+3g0jihh HTTP/1.1" 200 30
186.102.91.80 - - [27/Jan/2024:14:55:52 -0500] "GET /kwssiamovil/sm/ldap/au?x=U2FsdGVkX18d6c1InxrDkAjHS45w4Hwp0zPtFiDhX3qzjD2aIkEQJ5yk2LdtX7am&y=U2FsdGVkX190fDb6lX808S/p3PTiEpasNpvvgiBbsIR2OrL4Ro9NEYtw3huB+9MY HTTP/1.1" 200 30
186.102.91.80 - - [27/Jan/2024:14:55:53 -0500] "GET /kwssiamovil/sm/acme/s?s=U2FsdGVkX1/wwJtsOoczE2PrWxX/x3mq8Gn+lScwTrAHje0DrkSxiw7vX1RTU0u3o47+/1W3qOFDQD/7uuB6lvZd0xG5pfVa96jEJSpTDzM=&u=U2FsdGVkX1+sFsI/20dxQwERCLVJFZt813XCtVa+OadhFeMJ4oPAmdlS0rz0bUM6&y=U2FsdGVkX190fDb6lX808S/p3PTiEpasNpvvgiBbsIR2OrL4Ro9NEYtw3huB+9MY HTTP/1.1" 200 97
186.102.91.80 - - [27/Jan/2024:14:55:53 -0500] "GET /kwssiamovil/sm/acme/s?s=U2FsdGVkX18xD/Y759IzzNp3iLsn18HkB6Scb+qRPrIKV8CK4KMe8NI+Urijx8vEbMWOdNcLsPYRZdSqO7WgVdGgK4z1Y2Qk22AeQCQLYxU=&u=U2FsdGVkX19ja2O3tJiJC6Lke+HZOC8jFMk/UyhjyWo8nLRuru04MilvLQdyu3Hz&y=U2FsdGVkX19fVgZZ3ljuv6HqZvyNKz6/7keKtLQl+VpM/9j1mOBgNEKK+3g0jihh HTTP/1.1" 200 97
186.102.91.80 - - [27/Jan/2024:14:55:53 -0500] "GET /kwssiamovil/sm/acme/s?s=U2FsdGVkX199OsOnWn7CL2bG05S/8VM8/OoYojfRSAJp0mqwdwlq071FB24c6VWgdQdn5KAQLtLXEu60JvpuwFw0qgixqzPNz/6HmONBraPnrKBkfaHoR9pOpKIS3sslBAys8KrNqUj9zLSuPGW3hYuKqV3EP4XXyBu6u635mbJTz7g+5ZyNyoUpIIX2kwuW5wROiFuQnBbF2Rb1rv3rGNwkYFKAMQ5A2G1PHkqi+RijHrfE9dfTj70CY1mJvzc6cGlJIczLuDPiWc9eYxZWqLsga3XEfs6d/5kXUNcRexZ0ukE0ASsq0qS3M6F4Dvmm1SKI9/pUS+JwcEmpY7v3ISUpTHwmes75RSDTZM1IqeO5oYvZaN8GQYoA0x/xl4sW9zzD8l3X9DZUyZLgNPX6BWsRxiGph9bkbD2c88NB9fBWr79XIFsIbMRHSRGyxaoBX1fkm4g5tmEbzWPkap/o4n+fF8ANeA/ZarLPi3OOuzZx6LSQY/xNr6bsfsbOGMARryvO/BzHneglH98NSI6A3cmxzLm8c6y1BOv1gtVdkRy0Y4K0mFZ0iBgOPF1IJiXC1Xz6TjsQzjpbfa5HPuYBeoa/WGLdav4UP5Ped+QPRrwW8OtpbSUPheznzczR3CTRYQnqCwv809+mrWLBgf5EFAAB0GwB2KnADUJGH/hAiSW0STJHKo5viK2yS26UIJ8en8MBmhu257+5B5CTVVqcylH8sffwHEMnDxTcL06MiuT4hmx3r3BBg1LI7gOPw1r/pqeibK7UQKfoBlM3xiD8nv6PFDZRaKBlQEVhIFxH8FCFyNB0i3kfoYDUPGaTDdpKJm0TZG+ujMexACApEMOALlFt6XY2otd2+HjTV+6szbTSEqTSBVL/gyyqRGLlAfv6GnF2LbMrNYq+vPyc49o+ixNwmZrVrPluZbEBOgJZu+gXgPd9pJU1qTt3bK2dl+1Blr5ROYMJDDK0Gh6w0wHJIMy70hiZOCJz9VeRHOw2c3oSNEcxsCPNfJcjQIOgTrcWVmGIbnYSvJRjw0fuhBY7J/rh7p6H8w/k7tY2XgiJ3i2BFUeZQWEnRdTf6SKPDb26lN9qObzDFxIba4FTLrihQbxgVzPjNS4sIheuEdOlhXxU5zlyVcvU5LYFvYnYu4I1/NlAw3nJj2CN7JkRb5KP9l74ysszAzmTnXTR2hSoFM74mt85jBmlALwPI6riLc7cyAstk4/R3bX4Q0fNNhhdaA7Pu/H5W/rywgpNKqR5XlWAUvTUsKhXx7VZtk10/Ei3zoUXofWc9fzfHRCn0MQJQyenIMOSR+e9l94s3GrpBpJSOdo+8iVKvBSkSEIWQ5dm73AAqcY7mCcggyOQhwfJMrq1vkRhTohVKB186HAhTMY38VKu/27r129jm8EEjkU+sXYytb707IYw3z/Df8czE7KMgaNvH+Lk1YzCUM8Js/XdTWQ9nlcurao8semis0HByTghhcY9VTYCeg3ItznbvdKktUXsnn4hWL4P0yvhSZoPdVkmXCFK2IHE+H3uSZLMU5cVJuGt2ZYNOM9j9ADH2fM/MRDQz/sIwOSN7ETI7HqwFRXDGnX7Cdiuvt2OZr3DSS3lqSq1RGqhCub4HKb3RB5z+OU5hDxuXTyh83UOOYUh/BzYLMAB7HCgbKiD9iIz4KdnPbW9jPpyNZaK2gS3yul6KSxR7FF0Zoi5UMMrfaK75QMnhj9HjmqT1kDl+Yv6maHJQVQ8arB9OAPmXy5wXUzd8nM76y2HU65X8qun+/c+ePK/hHc53jJzPU2wIkpy&u=U2FsdGVkX19ja2O3tJiJC6Lke+HZOC8jFMk/UyhjyWo8nLRuru04MilvLQdyu3Hz&y=U2FsdGVkX19fVgZZ3ljuv6HqZvyNKz6/7keKtLQl+VpM/9j1mOBgNEKK+3g0jihh HTTP/1.1" 200 1687
186.102.91.80 - - [27/Jan/2024:14:55:53 -0500] "GET /kwssiamovil/sm/acme/s?s=U2FsdGVkX18Om2Mci16euLyD0omnj26LjEvPmIv1m3+MX0vLKC7k+KcYXO/1DMGplmo2Oih1kQT7I4XQmuC/IUw3VavKMA8U4PqDaTeiA9jlbbOHspZths2wRPJQSPV/aX6TgDkpTe1M8Tp0S8rmniR1M4vJQHMVwO+2hEJBqNyaK8RGdkJtLNuK2Vl0wZ10GPasS7BaGXLiMWJhAU3LZat5R2NrE6a2hNWgWoqrtF3Szc3d+HWnWM8FprUirU2KOxupX/DyZGS2C9YZXI3pDq8fDd0f5UwDKDxT3VGmrOWA42aEKvfiVzk+uw0ZTm1qccxNyY3ZJ3XV9qK6aZ/jTxodJnPzzQ4cQhO0SQ1/bgOjMDAitCOigL4riahoeKdtOpDcIeUEM9oxqEWGIaf3YT/sqa7Ae6U2stwrK8RUPw6b9sDX9ZVjRu9M1xRSjtzx91aKe92pmFOcilh0QPrdULbtlQANqfOeyNj3C6/lMAqiGa54r+vqgq1w8XU7MpiDlo9xAP9hgwGFW6lFduWgNVzPawYenk03utqm3qqRS77ywJMfwyBDLiW0Jx2AGIGuOYFgYiIsv6UVSqe9Y2TbKESzFqRNdvhyfS7u5rjt+YnihEzXFVVcqEM0aK60jEP+rr7Fha6wfLnkUfI19eHhVXKxqOiJQ10xZ97vDuG+pM7IuNhorEh1nDXgQjlNwKo6agwespfIpgqdvtTlhU84U2hUko8CV2WiIVZTX5UTWWh2IMWFO5a0YJ70l3Uu+S+3mgwJIWRZN8guwOLPWXCBcDNxXi9dJX0CWuGb8vIMKfIGXW3snzTlMHrcNdIQ/L2QRzQfTgkEwawlFMfO4g1JkAxI1QcXsjhHz141ge1oACvk/bYYTfaK4d8RNqSZwue6ftR8CB3CiHTSrhcdXvFU+ierPVU38t+kvetJDuu/iIXPLLpUsHTrEe0JiH/qnwANLVjOh5Uj1koSSg2+kx9G7C7xUrOFrdBxZN7bf9YLdmn1WdiNaEynhbJeF8ACvwGeAlhcrK9N1LuWZJKrgh6+gu3QOS5X9BZqjNOJwk391jSGcPNpfRZJyUbN22agGcRPm1WdvSpO1lTCskxXx4cFrSQQkEjrhMofHxnpaj9/Zu6M6Ryb6XzZqe9vJ3FZpLJDuATgiipRhyLZyGmmu/QvZLoc6OHOvS8YU5ZX92cg7H+sZXc/lI4NFQe+D3OuBnzxKsm1md/CgkzTuwQ0InDbA+YwLwEleop/xjNiawqPaubfCl8H5ckCUp0ZTCgqvmL1fZedaWzlHm9piRiovt1PDZBuSHPvcRsu80pMbDtT2tBOJvKMYHHertgS0gexR5VlS03NDKXSkCg7OIGYnnHwav18xMKN55OKoj4HpdEvp+GU6v6B7HDxAkIgg2kOOCLusTkPBPq3Oqxn+6f15KjzH6/XHPdOsKcfNTDHiI6vRCmS9wv2gN4U1eijaBNIk6rJojGXkfj8cFuHbWxTEIGTLTVNotzFGjboa3yerZD3m7D9IG3yngtJGbwJGeT6WQvD9Mxf0rJ4QmJEf6DhkrgFrTZ1C/xXlJXPS9v+8WIjlE+zMA1reQebZA8dF1DDMOSGwsHaFYGXddAlH1NikQUuSexeq+kPD6rN9H3N3vs4YNcbxPntZDsE94Hpq+qoXoG/NB/RiZ3y1Gq1z9kSN/HgSTnvXUOc+zEmlQXKzOlC45sjwVgmOgqmaux97j2fGtbotn6dmCqnU6Lk07LrNgnzz66XdFuI30BZt3GYpLQrFXK9dQeOnLiNt1JWV60Pxvux&u=U2FsdGVkX1+sFsI/20dxQwERCLVJFZt813XCtVa+OadhFeMJ4oPAmdlS0rz0bUM6&y=U2FsdGVkX190fDb6lX808S/p3PTiEpasNpvvgiBbsIR2OrL4Ro9NEYtw3huB+9MY HTTP/1.1" 200 1687
186.102.91.80 - - [27/Jan/2024:14:55:53 -0500] "GET /kwssiamovil/sm/acme/s?s=U2FsdGVkX1+TyH1EYOgRPEvXl5qt0SpDW2LFvHLVFvoRTwbHcV0SFFBTulGQ7bueHZ9W99FwLk3EExHtcV/L/Rt6LuSWeJykbJ6tU7kkyUARlfw2cvLXny/Nx9OsE4tLakiQt6PEbzNg4PYx9eNJEY0oqG4XpxehD7ApOlzUj0DoTFLbDAEPM4uzoJ6F5VkEDyVQk++iCd706o/t3uPvYroz8hhtT7I/KAKsBktS9HiOSvsWACuxZ1y7mBUHNDzG7BaTkjCufMpmxshC7U+4HRKkVRLHLyYaWboy/KgGQVmo9bF38yAbaMnamjRveHYD0yRexv9KiiGbvUsD3vjNjOT7h9xty8tbYL/BJgvlXuGluNIB+lUlRldMqU/rTkvfF9e4WK7ZG4CsT6WEge2stS/kx9+Ja63pEuyAw2vC0JYDoItIyLKfa1x98EfsErTK5g2wwei1BlJED8iHrBkb2vonu0XdA/i/fPKGeczjQZrHrZW1r5H/Gef+U+lPB55O5S/X+AhDOVwUdMRsP+Sv6EHu1rCIh2ZozWHlPK4Zg4Z+JP+LUaDp+NK7bSKcERKuQHfZCqzD812yTrvprSWbAByFd2BoH9ZPAwWs9W3nbLOeF8S1OYteDBSWcmS5INzf+cDn7fV62utToSoxux8VJ7fonqG4HXPzwfcE4YZQh+hRO3UZRQHP7Gb9oFK71meuvqcT6AnGxU4++oSJw8I++uo76rxlOdvEfppGnm2u7QJR5ytwqIh0c/6l3GDWUVlE&u=U2FsdGVkX19ja2O3tJiJC6Lke+HZOC8jFMk/UyhjyWo8nLRuru04MilvLQdyu3Hz&y=U2FsdGVkX19fVgZZ3ljuv6HqZvyNKz6/7keKtLQl+VpM/9j1mOBgNEKK+3g0jihh HTTP/1.1" 200 208
186.102.91.80 - - [27/Jan/2024:14:55:53 -0500] "GET /kwssiamovil/sm/acme/s?s=U2FsdGVkX18LE5uM8u5WB9aqXN/NSK3DBSLi5FPdIhQ5dpIl6ZCKSL2zgHPECcGlkomASetENmpel5fEDM4mjgySmO1SDhiLv7k4bIDEZULUGWFcYxmAzHU8+J/WvWg34vxWCqaasy5W4wRWTcBWdY+7Vjaa1WEveyCIyEB7ujgyWbzuFqW3Phh5bfITguwZMeYQBggVI1LV852Edyq/mSryXxG9l3XgFd5SVMuecYBkz85du+WNWKhkQL8t7bgMZhv/TUfqVqlSKV4eO0UKIAat+dRpS6q9t7AnrGISK9drgECV5NgJRnQtLZKJocSyh0Rq0zzT5NVF0UB+krrIxX1yn0a+58xJw+m/EiV0oUwTUiZ3LROgp5Wr3NFZjkR/HOwatvZP1zpcChHEw3hp+dcDdPhnxKyiJnZCXGk13x35APXHnrWL+rN9xbTBj6QH9Pz5ci7KpKfqIUhQ8d1S/HpEPUcWA6eRANcufqTxPCpgOVNUtzz2sDQNTDxO6emVkprU3plo0fK28bsXOBPD2qFAJuq7V4ZXCaZTjo3J6/Vn4DzOr6oXGdkn/GPhsowcrNsnkJjORgnp8RFPIstTO+z8KXHAZD62DVq6u5i+HwqsZ4/tnW3J5Tgn7nYaR1fE6G5lc7+YJcHEtAcED/jXjTuuV5hcHA5GK8fSUV03f32yr25PfRA7y01XDPYmgooE4L/Wk8dBpdTQygv6Bj6jFl98PwInoQwraAz32Qt0i/7O5u8Kbq5hvR1PlcQRkJte&u=U2FsdGVkX1+sFsI/20dxQwERCLVJFZt813XCtVa+OadhFeMJ4oPAmdlS0rz0bUM6&y=U2FsdGVkX190fDb6lX808S/p3PTiEpasNpvvgiBbsIR2OrL4Ro9NEYtw3huB+9MY HTTP/1.1" 200 208
190.60.36.2 - - [27/Jan/2024:14:55:53 -0500] "POST /sipse/faces/presentacion/financiero/solicitudProceso/listarSolicitudProceso.xhtml HTTP/1.1" 200 31910
190.60.36.2 - - [27/Jan/2024:14:55:54 -0500] "POST /sipse/faces/presentacion/financiero/solicitudProceso/listarSolicitudProceso.xhtml HTTP/1.1" 200 44398
186.102.91.80 - - [27/Jan/2024:14:55:53 -0500] "GET /kwssiamovil/sm/cjson/pre?f=1&x=U2FsdGVkX18k8yx2YWlTq1wSe6i0bMwymXLdZZFTg/r2ztl92/UVp7tyiJ6B2A68 HTTP/1.1" 200 31032
186.102.91.80 - - [27/Jan/2024:14:55:53 -0500] "GET /kwssiamovil/sm/cjson/pre?f=1&x=U2FsdGVkX18d6c1InxrDkAjHS45w4Hwp0zPtFiDhX3qzjD2aIkEQJ5yk2LdtX7am HTTP/1.1" 200 31032
190.60.36.2 - - [27/Jan/2024:14:55:55 -0500] "POST /sipse/faces/presentacion/financiero/solicitudProceso/listarSolicitudProceso.xhtml HTTP/1.1" 200 31906
200.118.80.128 - - [27/Jan/2024:14:56:01 -0500] "POST /sipse/faces/presentacion/financiero/solicitudProceso/consultarSolicitudProceso.xhtml HTTP/1.1" 200 5542
190.60.36.2 - - [27/Jan/2024:14:56:36 -0500] "POST /sipse/faces/presentacion/financiero/solicitudProceso/listarSolicitudProceso.xhtml HTTP/1.1" 200 31918
190.60.36.2 - - [27/Jan/2024:14:56:37 -0500] "POST /sipse/faces/presentacion/financiero/solicitudProceso/listarSolicitudProceso.xhtml HTTP/1.1" 200 44394
190.60.36.2 - - [27/Jan/2024:14:56:37 -0500] "POST /sipse/faces/presentacion/financiero/solicitudProceso/listarSolicitudProceso.xhtml HTTP/1.1" 200 31918
190.60.36.2 - - [27/Jan/2024:14:56:46 -0500] "POST /sipse/faces/presentacion/financiero/solicitudProceso/listarSolicitudProceso.xhtml HTTP/1.1" 200 31906
190.60.36.2 - - [27/Jan/2024:14:56:47 -0500] "POST /sipse/faces/presentacion/financiero/solicitudProceso/listarSolicitudProceso.xhtml HTTP/1.1" 200 44398
190.60.36.2 - - [27/Jan/2024:14:56:47 -0500] "POST /sipse/faces/presentacion/financiero/solicitudProceso/listarSolicitudProceso.xhtml HTTP/1.1" 200 31906
190.60.36.2 - - [27/Jan/2024:14:56:51 -0500] "POST /sipse/faces/presentacion/financiero/solicitudProceso/listarSolicitudProceso.xhtml HTTP/1.1" 200 116142
190.60.36.2 - - [27/Jan/2024:14:56:57 -0500] "GET /sipse/faces/javax.faces.resource/theme.css?ln=primefaces-sipse HTTP/1.1" 304 -
190.60.36.2 - - [27/Jan/2024:14:56:57 -0500] "GET /sipse/faces/javax.faces.resource/primefaces.css?ln=primefaces&v=4.0 HTTP/1.1" 304 -
190.60.36.2 - - [27/Jan/2024:14:56:57 -0500] "GET /sipse/faces/javax.faces.resource/layout/layout.css?ln=primefaces&v=4.0 HTTP/1.1" 304 -
190.60.36.2 - - [27/Jan/2024:14:56:57 -0500] "GET /sipse/faces/javax.faces.resource/jquery/jquery.js?ln=primefaces&v=4.0 HTTP/1.1" 304 -
190.60.36.2 - - [27/Jan/2024:14:56:57 -0500] "GET /sipse/faces/javax.faces.resource/jquery/jquery-plugins.js?ln=primefaces&v=4.0 HTTP/1.1" 304 -
190.60.36.2 - - [27/Jan/2024:14:56:57 -0500] "GET /sipse/faces/javax.faces.resource/primefaces.js?ln=primefaces&v=4.0 HTTP/1.1" 304 -
190.60.36.2 - - [27/Jan/2024:14:56:57 -0500] "GET /sipse/faces/javax.faces.resource/layout/layout.js?ln=primefaces&v=4.0 HTTP/1.1" 304 -
200.118.80.128 - - [27/Jan/2024:14:57:04 -0500] "POST /sipse/faces/presentacion/financiero/solicitudProceso/consultarSolicitudProceso.xhtml HTTP/1.1" 200 40658
200.118.80.128 - - [27/Jan/2024:14:57:07 -0500] "GET /sipse/faces/javax.faces.resource/theme.css?ln=primefaces-sipse HTTP/1.1" 304 -
200.118.80.128 - - [27/Jan/2024:14:57:07 -0500] "GET /sipse/faces/javax.faces.resource/primefaces.css?ln=primefaces&v=4.0 HTTP/1.1" 304 -
200.118.80.128 - - [27/Jan/2024:14:57:07 -0500] "GET /sipse/faces/javax.faces.resource/layout/layout.css?ln=primefaces&v=4.0 HTTP/1.1" 304 -
200.118.80.128 - - [27/Jan/2024:14:57:07 -0500] "GET /sipse/faces/javax.faces.resource/jquery/jquery.js?ln=primefaces&v=4.0 HTTP/1.1" 304 -
200.118.80.128 - - [27/Jan/2024:14:57:07 -0500] "GET /sipse/faces/javax.faces.resource/jquery/jquery-plugins.js?ln=primefaces&v=4.0 HTTP/1.1" 304 -
200.118.80.128 - - [27/Jan/2024:14:57:07 -0500] "GET /sipse/faces/javax.faces.resource/primefaces.js?ln=primefaces&v=4.0 HTTP/1.1" 304 -
200.118.80.128 - - [27/Jan/2024:14:57:07 -0500] "GET /sipse/faces/javax.faces.resource/layout/layout.js?ln=primefaces&v=4.0 HTTP/1.1" 304 -
200.118.80.128 - - [27/Jan/2024:14:57:08 -0500] "POST /sipse/faces/presentacion/financiero/solicitudProceso/listarSolicitudProceso.xhtml HTTP/1.1" 200 1396
200.118.80.128 - - [27/Jan/2024:14:57:10 -0500] "POST /sipse/faces/presentacion/financiero/solicitudProceso/listarSolicitudProceso.xhtml HTTP/1.1" 200 1396
200.118.80.128 - - [27/Jan/2024:14:57:15 -0500] "POST /sipse/faces/presentacion/financiero/solicitudProceso/listarSolicitudProceso.xhtml HTTP/1.1" 200 19824
200.118.80.128 - - [27/Jan/2024:14:57:19 -0500] "POST /sipse/faces/presentacion/financiero/solicitudProceso/listarSolicitudProceso.xhtml HTTP/1.1" 200 130078
200.118.80.128 - - [27/Jan/2024:14:57:20 -0500] "GET /sipse/faces/javax.faces.resource/theme.css?ln=primefaces-sipse HTTP/1.1" 304 -
200.118.80.128 - - [27/Jan/2024:14:57:20 -0500] "GET /sipse/faces/javax.faces.resource/primefaces.css?ln=primefaces&v=4.0 HTTP/1.1" 304 -
200.118.80.128 - - [27/Jan/2024:14:57:20 -0500] "GET /sipse/faces/javax.faces.resource/layout/layout.css?ln=primefaces&v=4.0 HTTP/1.1" 304 -
