201.245.192.253 - - [27/Jan/2024:09:29:45 -0500] "POST /kwsrmcab/Wsrmcab HTTP/1.1" 200 38354
201.245.192.253 - - [27/Jan/2024:09:29:48 -0500] "POST /kwsrmcab/Wsrmcab HTTP/1.1" 200 39748
181.55.46.207 - - [27/Jan/2024:09:29:51 -0500] "POST /sipse/faces/presentacion/workflow/reasignarReenrutar.xhtml HTTP/1.1" 200 240867
181.55.46.207 - - [27/Jan/2024:09:29:54 -0500] "POST /sipse/faces/presentacion/workflow/reasignarReenrutar.xhtml HTTP/1.1" 200 241366
181.55.46.207 - - [27/Jan/2024:09:29:56 -0500] "POST /sipse/faces/presentacion/workflow/reasignarReenrutar.xhtml HTTP/1.1" 200 4929
216.245.221.92 - - [27/Jan/2024:09:30:00 -0500] "HEAD / HTTP/1.1" 200 -
216.244.66.246 - - [27/Jan/2024:09:30:19 -0500] "GET /robots.txt HTTP/1.1" 404 1035
181.55.46.207 - - [27/Jan/2024:09:30:20 -0500] "POST /sipse/faces/presentacion/workflow/reasignarReenrutar.xhtml HTTP/1.1" 200 4620
201.245.192.253 - - [27/Jan/2024:09:30:30 -0500] "POST /kwsrmcab/Wsrmcab HTTP/1.1" 200 39748
181.55.46.207 - - [27/Jan/2024:09:31:02 -0500] "POST /sipse/faces/presentacion/workflow/reasignarReenrutar.xhtml HTTP/1.1" 200 4624
181.55.46.207 - - [27/Jan/2024:09:31:03 -0500] "POST /sipse/faces/presentacion/workflow/reasignarReenrutar.xhtml HTTP/1.1" 200 4620
181.55.46.207 - - [27/Jan/2024:09:31:04 -0500] "POST /sipse/faces/presentacion/workflow/reasignarReenrutar.xhtml HTTP/1.1" 200 4624
181.55.46.207 - - [27/Jan/2024:09:31:04 -0500] "POST /sipse/faces/presentacion/workflow/reasignarReenrutar.xhtml HTTP/1.1" 200 4620
181.55.46.207 - - [27/Jan/2024:09:31:05 -0500] "POST /sipse/faces/presentacion/workflow/reasignarReenrutar.xhtml HTTP/1.1" 200 4624
181.55.46.207 - - [27/Jan/2024:09:31:05 -0500] "POST /sipse/faces/presentacion/workflow/reasignarReenrutar.xhtml HTTP/1.1" 200 4620
181.55.46.207 - - [27/Jan/2024:09:31:06 -0500] "POST /sipse/faces/presentacion/workflow/reasignarReenrutar.xhtml HTTP/1.1" 200 4624
181.55.46.207 - - [27/Jan/2024:09:31:08 -0500] "POST /sipse/faces/presentacion/workflow/reasignarReenrutar.xhtml HTTP/1.1" 200 4620
172.22.2.4 - - [27/Jan/2024:09:29:28 -0500] "HEAD /BLA/boletinlegal/ HTTP/1.1" 200 -
181.55.46.207 - - [27/Jan/2024:09:31:09 -0500] "POST /sipse/faces/presentacion/workflow/reasignarReenrutar.xhtml HTTP/1.1" 200 4624
181.55.46.207 - - [27/Jan/2024:09:31:09 -0500] "POST /sipse/faces/presentacion/workflow/reasignarReenrutar.xhtml HTTP/1.1" 200 4620
181.55.46.207 - - [27/Jan/2024:09:31:10 -0500] "POST /sipse/faces/presentacion/workflow/reasignarReenrutar.xhtml HTTP/1.1" 200 5333
181.55.46.207 - - [27/Jan/2024:09:31:11 -0500] "POST /sipse/faces/presentacion/workflow/reasignarReenrutar.xhtml HTTP/1.1" 200 24352
181.55.46.207 - - [27/Jan/2024:09:31:11 -0500] "POST /sipse/faces/presentacion/workflow/reasignarReenrutar.xhtml HTTP/1.1" 200 24352
181.55.46.207 - - [27/Jan/2024:09:31:12 -0500] "POST /sipse/faces/presentacion/workflow/reasignarReenrutar.xhtml HTTP/1.1" 200 24352
181.55.46.207 - - [27/Jan/2024:09:31:12 -0500] "POST /sipse/faces/presentacion/workflow/reasignarReenrutar.xhtml HTTP/1.1" 200 24352
181.55.46.207 - - [27/Jan/2024:09:31:12 -0500] "POST /sipse/faces/presentacion/workflow/reasignarReenrutar.xhtml HTTP/1.1" 200 24352
181.55.46.207 - - [27/Jan/2024:09:31:13 -0500] "POST /sipse/faces/presentacion/workflow/reasignarReenrutar.xhtml HTTP/1.1" 200 5325
181.55.46.207 - - [27/Jan/2024:09:31:13 -0500] "POST /sipse/faces/presentacion/workflow/reasignarReenrutar.xhtml HTTP/1.1" 200 38366
181.55.46.207 - - [27/Jan/2024:09:31:14 -0500] "GET /sipse/faces/javax.faces.resource/theme.css?ln=primefaces-sipse HTTP/1.1" 304 -
181.55.46.207 - - [27/Jan/2024:09:31:14 -0500] "GET /sipse/faces/javax.faces.resource/primefaces.css?ln=primefaces&v=4.0 HTTP/1.1" 304 -
181.55.46.207 - - [27/Jan/2024:09:31:14 -0500] "GET /sipse/faces/javax.faces.resource/layout/layout.css?ln=primefaces&v=4.0 HTTP/1.1" 304 -
181.55.46.207 - - [27/Jan/2024:09:31:14 -0500] "GET /sipse/faces/javax.faces.resource/jquery/jquery.js?ln=primefaces&v=4.0 HTTP/1.1" 304 -
181.55.46.207 - - [27/Jan/2024:09:31:14 -0500] "GET /sipse/faces/javax.faces.resource/jquery/jquery-plugins.js?ln=primefaces&v=4.0 HTTP/1.1" 304 -
181.55.46.207 - - [27/Jan/2024:09:31:14 -0500] "GET /sipse/faces/javax.faces.resource/primefaces.js?ln=primefaces&v=4.0 HTTP/1.1" 304 -
181.55.46.207 - - [27/Jan/2024:09:31:14 -0500] "GET /sipse/faces/javax.faces.resource/layout/layout.js?ln=primefaces&v=4.0 HTTP/1.1" 304 -
181.55.46.207 - - [27/Jan/2024:09:31:14 -0500] "POST /sipse/faces/presentacion/financiero/solicitudProceso/consultar.xhtml HTTP/1.1" 200 31778
181.55.46.207 - - [27/Jan/2024:09:31:14 -0500] "POST /sipse/faces/presentacion/financiero/solicitudProceso/consultar.xhtml HTTP/1.1" 200 31778
181.55.46.207 - - [27/Jan/2024:09:31:15 -0500] "POST /sipse/faces/presentacion/financiero/solicitudProceso/consultar.xhtml HTTP/1.1" 200 31778
181.55.46.207 - - [27/Jan/2024:09:31:15 -0500] "POST /sipse/faces/presentacion/financiero/solicitudProceso/consultar.xhtml HTTP/1.1" 200 31778
173.252.107.120 - - [27/Jan/2024:09:31:16 -0500] "GET /images/Caminatas%20(1)%20(2).jpeg HTTP/1.1" 200 81411
181.55.46.207 - - [27/Jan/2024:09:31:18 -0500] "POST /sipse/faces/presentacion/financiero/solicitudProceso/consultar.xhtml HTTP/1.1" 200 12929
181.55.46.207 - - [27/Jan/2024:09:31:26 -0500] "POST /sipse/faces/presentacion/financiero/solicitudProceso/consultar.xhtml HTTP/1.1" 200 2660
181.55.46.207 - - [27/Jan/2024:09:31:27 -0500] "POST /sipse/faces/presentacion/financiero/solicitudProceso/consultar.xhtml HTTP/1.1" 200 31021
181.55.46.207 - - [27/Jan/2024:09:31:27 -0500] "GET /sipse/faces/javax.faces.resource/theme.css?ln=primefaces-sipse HTTP/1.1" 304 -
181.55.46.207 - - [27/Jan/2024:09:31:27 -0500] "GET /sipse/faces/javax.faces.resource/primefaces.css?ln=primefaces&v=4.0 HTTP/1.1" 304 -
181.55.46.207 - - [27/Jan/2024:09:31:27 -0500] "GET /sipse/faces/javax.faces.resource/layout/layout.css?ln=primefaces&v=4.0 HTTP/1.1" 304 -
181.55.46.207 - - [27/Jan/2024:09:31:27 -0500] "GET /sipse/faces/javax.faces.resource/jquery/jquery.js?ln=primefaces&v=4.0 HTTP/1.1" 304 -
181.55.46.207 - - [27/Jan/2024:09:31:27 -0500] "GET /sipse/faces/javax.faces.resource/jquery/jquery-plugins.js?ln=primefaces&v=4.0 HTTP/1.1" 304 -
181.55.46.207 - - [27/Jan/2024:09:31:27 -0500] "GET /sipse/faces/javax.faces.resource/primefaces.js?ln=primefaces&v=4.0 HTTP/1.1" 304 -
181.55.46.207 - - [27/Jan/2024:09:31:27 -0500] "GET /sipse/faces/javax.faces.resource/layout/layout.js?ln=primefaces&v=4.0 HTTP/1.1" 304 -
181.55.46.207 - - [27/Jan/2024:09:31:28 -0500] "POST /sipse/faces/presentacion/workflow/reasignarReenrutar.xhtml HTTP/1.1" 200 24453
181.55.46.207 - - [27/Jan/2024:09:31:28 -0500] "POST /sipse/faces/presentacion/workflow/reasignarReenrutar.xhtml HTTP/1.1" 200 24453
181.55.46.207 - - [27/Jan/2024:09:31:28 -0500] "POST /sipse/faces/presentacion/workflow/reasignarReenrutar.xhtml HTTP/1.1" 200 24453
181.55.46.207 - - [27/Jan/2024:09:31:29 -0500] "POST /sipse/faces/presentacion/workflow/reasignarReenrutar.xhtml HTTP/1.1" 200 24453
181.55.46.207 - - [27/Jan/2024:09:31:29 -0500] "POST /sipse/faces/presentacion/workflow/reasignarReenrutar.xhtml HTTP/1.1" 200 24453
181.55.46.207 - - [27/Jan/2024:09:31:29 -0500] "POST /sipse/faces/presentacion/workflow/reasignarReenrutar.xhtml HTTP/1.1" 200 15523
181.55.46.207 - - [27/Jan/2024:09:31:42 -0500] "POST /sipse/faces/presentacion/workflow/reasignarReenrutar.xhtml HTTP/1.1" 200 15577
181.55.46.207 - - [27/Jan/2024:09:31:43 -0500] "POST /sipse/faces/presentacion/workflow/reasignarReenrutar.xhtml HTTP/1.1" 200 149134
181.55.46.207 - - [27/Jan/2024:09:31:52 -0500] "POST /sipse/faces/presentacion/workflow/reasignarReenrutar.xhtml HTTP/1.1" 200 240790
172.22.2.4 - - [27/Jan/2024:09:30:19 -0500] "GET /BLA/boletinlegal/ HTTP/1.1" 200 58220
181.55.46.207 - - [27/Jan/2024:09:32:02 -0500] "POST /sipse/faces/presentacion/workflow/reasignarReenrutar.xhtml HTTP/1.1" 200 241289
181.55.46.207 - - [27/Jan/2024:09:32:10 -0500] "POST /sipse/faces/presentacion/workflow/reasignarReenrutar.xhtml HTTP/1.1" 200 4929
181.55.46.207 - - [27/Jan/2024:09:32:33 -0500] "POST /sipse/faces/presentacion/workflow/reasignarReenrutar.xhtml HTTP/1.1" 200 15596
181.55.46.207 - - [27/Jan/2024:09:32:35 -0500] "POST /sipse/faces/presentacion/workflow/reasignarReenrutar.xhtml HTTP/1.1" 200 15677
173.252.79.8 - - [27/Jan/2024:09:32:40 -0500] "GET /images/Rueda%20de%20prensa.jpeg HTTP/1.1" 200 58715
181.55.46.207 - - [27/Jan/2024:09:32:36 -0500] "POST /sipse/faces/presentacion/workflow/reasignarReenrutar.xhtml HTTP/1.1" 200 149106
181.55.46.207 - - [27/Jan/2024:09:32:48 -0500] "POST /sipse/faces/presentacion/workflow/reasignarReenrutar.xhtml HTTP/1.1" 200 240742
181.55.46.207 - - [27/Jan/2024:09:32:52 -0500] "POST /sipse/faces/presentacion/workflow/reasignarReenrutar.xhtml HTTP/1.1" 200 241229
181.55.46.207 - - [27/Jan/2024:09:32:54 -0500] "POST /sipse/faces/presentacion/workflow/reasignarReenrutar.xhtml HTTP/1.1" 200 4925
200.118.80.127 - - [27/Jan/2024:09:32:59 -0500] "POST /sipse/faces/presentacion/financiero/solicitudProceso/consultar.xhtml HTTP/1.1" 200 23081
190.67.218.195 - - [27/Jan/2024:09:33:00 -0500] "GET /sipse/faces/javax.faces.resource/images/ui-bg_flat_0_2d5972_40x100.png?ln=primefaces-aristo HTTP/1.1" 304 -
190.67.218.195 - - [27/Jan/2024:09:33:00 -0500] "POST /sipse/faces/presentacion/sistema/reporte/ventanaVerReporteParametros.xhtml HTTP/1.1" 200 1471
190.67.218.195 - - [27/Jan/2024:09:33:00 -0500] "POST /sipse/faces/presentacion/sistema/reporte/ventanaVerReporteParametros.xhtml HTTP/1.1" 200 39994
190.67.218.195 - - [27/Jan/2024:09:33:01 -0500] "GET /sipse/faces/javax.faces.resource/jquery/jquery.js?ln=primefaces&v=4.0 HTTP/1.1" 304 -
190.67.218.195 - - [27/Jan/2024:09:33:01 -0500] "GET /sipse/faces/javax.faces.resource/jquery/jquery-plugins.js?ln=primefaces&v=4.0 HTTP/1.1" 304 -
190.67.218.195 - - [27/Jan/2024:09:33:01 -0500] "GET /sipse/faces/javax.faces.resource/primefaces.js?ln=primefaces&v=4.0 HTTP/1.1" 304 -
190.67.218.195 - - [27/Jan/2024:09:33:01 -0500] "GET /sipse/faces/javax.faces.resource/layout/layout.js?ln=primefaces&v=4.0 HTTP/1.1" 304 -
190.67.218.195 - - [27/Jan/2024:09:33:01 -0500] "POST /sipse/faces/presentacion/financiero/solicitudProceso/listarSolicitudProceso.xhtml HTTP/1.1" 200 1396
200.118.80.127 - - [27/Jan/2024:09:33:02 -0500] "POST /sipse/faces/presentacion/financiero/solicitudProceso/consultar.xhtml HTTP/1.1" 200 12854
190.67.218.195 - - [27/Jan/2024:09:33:04 -0500] "POST /sipse/faces/presentacion/financiero/solicitudProceso/listarSolicitudProceso.xhtml HTTP/1.1" 200 2541
181.55.46.207 - - [27/Jan/2024:09:33:08 -0500] "POST /sipse/faces/presentacion/workflow/reasignarReenrutar.xhtml HTTP/1.1" 200 15596
181.55.46.207 - - [27/Jan/2024:09:33:09 -0500] "POST /sipse/faces/presentacion/workflow/reasignarReenrutar.xhtml HTTP/1.1" 200 15673
190.67.218.195 - - [27/Jan/2024:09:33:12 -0500] "POST /sipse/faces/presentacion/financiero/solicitudProceso/listarSolicitudProceso.xhtml HTTP/1.1" 200 2549
190.67.218.195 - - [27/Jan/2024:09:33:12 -0500] "POST /sipse/faces/presentacion/financiero/solicitudProceso/listarSolicitudProceso.xhtml HTTP/1.1" 200 32900
190.67.218.195 - - [27/Jan/2024:09:33:12 -0500] "POST /sipse/faces/presentacion/financiero/solicitudProceso/listarSolicitudProceso.xhtml HTTP/1.1" 200 45216
190.67.218.195 - - [27/Jan/2024:09:33:12 -0500] "POST /sipse/faces/presentacion/financiero/solicitudProceso/listarSolicitudProceso.xhtml HTTP/1.1" 200 32900
190.67.218.195 - - [27/Jan/2024:09:33:14 -0500] "POST /sipse/faces/presentacion/financiero/solicitudProceso/listarSolicitudProceso.xhtml HTTP/1.1" 200 2545
200.118.80.127 - - [27/Jan/2024:09:33:15 -0500] "POST /sipse/faces/presentacion/financiero/solicitudProceso/consultar.xhtml HTTP/1.1" 200 23081
181.55.46.207 - - [27/Jan/2024:09:33:11 -0500] "POST /sipse/faces/presentacion/workflow/reasignarReenrutar.xhtml HTTP/1.1" 200 149198
200.118.80.127 - - [27/Jan/2024:09:33:18 -0500] "POST /sipse/faces/presentacion/financiero/solicitudProceso/consultar.xhtml HTTP/1.1" 200 12886
181.55.46.207 - - [27/Jan/2024:09:33:19 -0500] "POST /sipse/faces/presentacion/workflow/reasignarReenrutar.xhtml HTTP/1.1" 200 240850
200.118.80.127 - - [27/Jan/2024:09:33:20 -0500] "POST /sipse/faces/presentacion/financiero/solicitudProceso/consultar.xhtml HTTP/1.1" 200 12890
190.67.218.195 - - [27/Jan/2024:09:33:21 -0500] "POST /sipse/faces/presentacion/financiero/solicitudProceso/listarSolicitudProceso.xhtml HTTP/1.1" 200 2541
181.55.46.207 - - [27/Jan/2024:09:33:25 -0500] "POST /sipse/faces/presentacion/workflow/reasignarReenrutar.xhtml HTTP/1.1" 200 241337
181.55.46.207 - - [27/Jan/2024:09:33:27 -0500] "POST /sipse/faces/presentacion/workflow/reasignarReenrutar.xhtml HTTP/1.1" 200 4925
190.67.218.195 - - [27/Jan/2024:09:33:27 -0500] "POST /sipse/faces/presentacion/financiero/solicitudProceso/listarSolicitudProceso.xhtml HTTP/1.1" 200 2549
190.67.218.195 - - [27/Jan/2024:09:33:28 -0500] "POST /sipse/faces/presentacion/financiero/solicitudProceso/listarSolicitudProceso.xhtml HTTP/1.1" 200 2541
52.167.144.218 - - [27/Jan/2024:09:33:35 -0500] "GET /sipse/faces/faces/autenticacion.xhtml HTTP/1.1" 200 12725
200.118.80.127 - - [27/Jan/2024:09:33:37 -0500] "POST /sipse/faces/presentacion/financiero/solicitudProceso/consultar.xhtml HTTP/1.1" 200 23077
200.118.80.127 - - [27/Jan/2024:09:33:41 -0500] "POST /sipse/faces/presentacion/financiero/solicitudProceso/consultar.xhtml HTTP/1.1" 200 12897
181.55.46.207 - - [27/Jan/2024:09:33:47 -0500] "POST /sipse/faces/presentacion/workflow/reasignarReenrutar.xhtml HTTP/1.1" 200 15596
181.55.46.207 - - [27/Jan/2024:09:33:49 -0500] "POST /sipse/faces/presentacion/workflow/reasignarReenrutar.xhtml HTTP/1.1" 200 15673
181.55.46.207 - - [27/Jan/2024:09:33:50 -0500] "POST /sipse/faces/presentacion/workflow/reasignarReenrutar.xhtml HTTP/1.1" 200 16040
200.118.80.127 - - [27/Jan/2024:09:34:06 -0500] "POST /sipse/faces/presentacion/financiero/solicitudProceso/consultar.xhtml HTTP/1.1" 200 142766
200.118.80.127 - - [27/Jan/2024:09:34:07 -0500] "GET /sipse/faces/javax.faces.resource/theme.css?ln=primefaces-sipse HTTP/1.1" 304 -
200.118.80.127 - - [27/Jan/2024:09:34:07 -0500] "GET /sipse/faces/javax.faces.resource/primefaces.css?ln=primefaces&v=4.0 HTTP/1.1" 304 -
200.118.80.127 - - [27/Jan/2024:09:34:07 -0500] "GET /sipse/faces/javax.faces.resource/layout/layout.css?ln=primefaces&v=4.0 HTTP/1.1" 304 -
200.118.80.127 - - [27/Jan/2024:09:34:07 -0500] "GET /sipse/faces/javax.faces.resource/jquery/jquery.js?ln=primefaces&v=4.0 HTTP/1.1" 304 -
200.118.80.127 - - [27/Jan/2024:09:34:07 -0500] "GET /sipse/faces/javax.faces.resource/jquery/jquery-plugins.js?ln=primefaces&v=4.0 HTTP/1.1" 304 -
200.118.80.127 - - [27/Jan/2024:09:34:07 -0500] "GET /sipse/faces/javax.faces.resource/primefaces.js?ln=primefaces&v=4.0 HTTP/1.1" 304 -
200.118.80.127 - - [27/Jan/2024:09:34:07 -0500] "GET /sipse/faces/javax.faces.resource/layout/layout.js?ln=primefaces&v=4.0 HTTP/1.1" 304 -
181.55.46.207 - - [27/Jan/2024:09:34:07 -0500] "POST /sipse/faces/presentacion/workflow/reasignarReenrutar.xhtml HTTP/1.1" 200 42096
181.55.46.207 - - [27/Jan/2024:09:34:07 -0500] "GET /sipse/faces/javax.faces.resource/theme.css?ln=primefaces-sipse HTTP/1.1" 304 -
181.55.46.207 - - [27/Jan/2024:09:34:07 -0500] "GET /sipse/faces/javax.faces.resource/primefaces.css?ln=primefaces&v=4.0 HTTP/1.1" 304 -
181.55.46.207 - - [27/Jan/2024:09:34:07 -0500] "GET /sipse/faces/javax.faces.resource/layout/layout.css?ln=primefaces&v=4.0 HTTP/1.1" 304 -
181.55.46.207 - - [27/Jan/2024:09:34:08 -0500] "GET /sipse/faces/javax.faces.resource/jquery/jquery.js?ln=primefaces&v=4.0 HTTP/1.1" 304 -
181.55.46.207 - - [27/Jan/2024:09:34:08 -0500] "GET /sipse/faces/javax.faces.resource/jquery/jquery-plugins.js?ln=primefaces&v=4.0 HTTP/1.1" 304 -
181.55.46.207 - - [27/Jan/2024:09:34:08 -0500] "GET /sipse/faces/javax.faces.resource/primefaces.js?ln=primefaces&v=4.0 HTTP/1.1" 304 -
181.55.46.207 - - [27/Jan/2024:09:34:08 -0500] "GET /sipse/faces/javax.faces.resource/layout/layout.js?ln=primefaces&v=4.0 HTTP/1.1" 304 -
181.55.46.207 - - [27/Jan/2024:09:34:08 -0500] "POST /sipse/faces/presentacion/financiero/solicitudProceso/consultar.xhtml HTTP/1.1" 200 35508
181.55.46.207 - - [27/Jan/2024:09:34:08 -0500] "POST /sipse/faces/presentacion/financiero/solicitudProceso/consultar.xhtml HTTP/1.1" 200 35508
181.55.46.207 - - [27/Jan/2024:09:34:08 -0500] "POST /sipse/faces/presentacion/financiero/solicitudProceso/consultar.xhtml HTTP/1.1" 200 35508
181.55.46.207 - - [27/Jan/2024:09:34:09 -0500] "POST /sipse/faces/presentacion/financiero/solicitudProceso/consultar.xhtml HTTP/1.1" 200 35508
181.55.46.207 - - [27/Jan/2024:09:34:09 -0500] "POST /sipse/faces/presentacion/financiero/solicitudProceso/consultar.xhtml HTTP/1.1" 200 35508
181.55.46.207 - - [27/Jan/2024:09:34:10 -0500] "POST /sipse/faces/presentacion/financiero/solicitudProceso/consultar.xhtml HTTP/1.1" 200 35508
181.55.46.207 - - [27/Jan/2024:09:34:15 -0500] "POST /sipse/faces/presentacion/financiero/solicitudProceso/consultar.xhtml HTTP/1.1" 200 12916
200.118.80.127 - - [27/Jan/2024:09:34:16 -0500] "GET /sipse/faces/javax.faces.resource/theme.css?ln=primefaces-sipse HTTP/1.1" 304 -
200.118.80.127 - - [27/Jan/2024:09:34:16 -0500] "GET /sipse/faces/javax.faces.resource/primefaces.css?ln=primefaces&v=4.0 HTTP/1.1" 304 -
200.118.80.127 - - [27/Jan/2024:09:34:16 -0500] "GET /sipse/faces/javax.faces.resource/layout/layout.css?ln=primefaces&v=4.0 HTTP/1.1" 304 -
200.118.80.127 - - [27/Jan/2024:09:34:16 -0500] "GET /sipse/faces/javax.faces.resource/jquery/jquery.js?ln=primefaces&v=4.0 HTTP/1.1" 304 -
200.118.80.127 - - [27/Jan/2024:09:34:16 -0500] "GET /sipse/faces/javax.faces.resource/jquery/jquery-plugins.js?ln=primefaces&v=4.0 HTTP/1.1" 304 -
200.118.80.127 - - [27/Jan/2024:09:34:15 -0500] "POST /sipse/faces/presentacion/financiero/solicitudProceso/consultarSolicitudProceso.xhtml HTTP/1.1" 200 39373
200.118.80.127 - - [27/Jan/2024:09:34:16 -0500] "GET /sipse/faces/javax.faces.resource/primefaces.js?ln=primefaces&v=4.0 HTTP/1.1" 304 -
200.118.80.127 - - [27/Jan/2024:09:34:16 -0500] "GET /sipse/faces/javax.faces.resource/layout/layout.js?ln=primefaces&v=4.0 HTTP/1.1" 304 -
181.55.46.207 - - [27/Jan/2024:09:34:20 -0500] "POST /sipse/faces/presentacion/financiero/solicitudProceso/consultar.xhtml HTTP/1.1" 200 34415
181.55.46.207 - - [27/Jan/2024:09:34:20 -0500] "POST /sipse/faces/presentacion/financiero/solicitudProceso/consultar.xhtml HTTP/1.1" 200 34415
181.55.46.207 - - [27/Jan/2024:09:34:20 -0500] "POST /sipse/faces/presentacion/financiero/solicitudProceso/consultar.xhtml HTTP/1.1" 200 34415
181.55.46.207 - - [27/Jan/2024:09:34:21 -0500] "POST /sipse/faces/presentacion/financiero/solicitudProceso/consultar.xhtml HTTP/1.1" 200 34415
181.55.46.207 - - [27/Jan/2024:09:34:21 -0500] "POST /sipse/faces/presentacion/financiero/solicitudProceso/consultar.xhtml HTTP/1.1" 200 34415
181.55.46.207 - - [27/Jan/2024:09:34:21 -0500] "POST /sipse/faces/presentacion/financiero/solicitudProceso/consultar.xhtml HTTP/1.1" 200 34415
181.55.46.207 - - [27/Jan/2024:09:34:21 -0500] "POST /sipse/faces/presentacion/financiero/solicitudProceso/consultar.xhtml HTTP/1.1" 200 34415
181.55.46.207 - - [27/Jan/2024:09:34:22 -0500] "POST /sipse/faces/presentacion/financiero/solicitudProceso/consultar.xhtml HTTP/1.1" 200 34415
181.55.46.207 - - [27/Jan/2024:09:34:22 -0500] "POST /sipse/faces/presentacion/financiero/solicitudProceso/consultar.xhtml HTTP/1.1" 200 2676
181.55.46.207 - - [27/Jan/2024:09:34:23 -0500] "POST /sipse/faces/presentacion/financiero/solicitudProceso/consultar.xhtml HTTP/1.1" 200 30448
181.55.46.207 - - [27/Jan/2024:09:34:23 -0500] "GET /sipse/faces/javax.faces.resource/theme.css?ln=primefaces-sipse HTTP/1.1" 304 -
181.55.46.207 - - [27/Jan/2024:09:34:23 -0500] "GET /sipse/faces/javax.faces.resource/primefaces.css?ln=primefaces&v=4.0 HTTP/1.1" 304 -
181.55.46.207 - - [27/Jan/2024:09:34:23 -0500] "GET /sipse/faces/javax.faces.resource/layout/layout.css?ln=primefaces&v=4.0 HTTP/1.1" 304 -
181.55.46.207 - - [27/Jan/2024:09:34:23 -0500] "GET /sipse/faces/javax.faces.resource/jquery/jquery.js?ln=primefaces&v=4.0 HTTP/1.1" 304 -
181.55.46.207 - - [27/Jan/2024:09:34:23 -0500] "GET /sipse/faces/javax.faces.resource/jquery/jquery-plugins.js?ln=primefaces&v=4.0 HTTP/1.1" 304 -
181.55.46.207 - - [27/Jan/2024:09:34:23 -0500] "GET /sipse/faces/javax.faces.resource/primefaces.js?ln=primefaces&v=4.0 HTTP/1.1" 304 -
181.55.46.207 - - [27/Jan/2024:09:34:23 -0500] "GET /sipse/faces/javax.faces.resource/layout/layout.js?ln=primefaces&v=4.0 HTTP/1.1" 304 -
181.55.46.207 - - [27/Jan/2024:09:34:23 -0500] "POST /sipse/faces/presentacion/workflow/reasignarReenrutar.xhtml HTTP/1.1" 200 23880
181.55.46.207 - - [27/Jan/2024:09:34:24 -0500] "POST /sipse/faces/presentacion/workflow/reasignarReenrutar.xhtml HTTP/1.1" 200 23880
181.55.46.207 - - [27/Jan/2024:09:34:24 -0500] "POST /sipse/faces/presentacion/workflow/reasignarReenrutar.xhtml HTTP/1.1" 200 23880
181.55.46.207 - - [27/Jan/2024:09:34:24 -0500] "POST /sipse/faces/presentacion/workflow/reasignarReenrutar.xhtml HTTP/1.1" 200 23880
181.55.46.207 - - [27/Jan/2024:09:34:24 -0500] "POST /sipse/faces/presentacion/workflow/reasignarReenrutar.xhtml HTTP/1.1" 200 23880
181.55.46.207 - - [27/Jan/2024:09:34:25 -0500] "POST /sipse/faces/presentacion/workflow/reasignarReenrutar.xhtml HTTP/1.1" 200 23880
181.55.46.207 - - [27/Jan/2024:09:34:25 -0500] "POST /sipse/faces/presentacion/workflow/reasignarReenrutar.xhtml HTTP/1.1" 200 23880
181.55.46.207 - - [27/Jan/2024:09:34:26 -0500] "POST /sipse/faces/presentacion/workflow/reasignarReenrutar.xhtml HTTP/1.1" 200 15523
181.55.46.207 - - [27/Jan/2024:09:34:29 -0500] "POST /sipse/faces/presentacion/workflow/reasignarReenrutar.xhtml HTTP/1.1" 200 15577
201.245.192.253 - - [27/Jan/2024:09:34:28 -0500] "POST /kwsrmcab/Wsrmcab  HTTP/1.1" 200 37857
200.118.80.127 - - [27/Jan/2024:09:34:30 -0500] "GET /sipse/faces/javax.faces.resource/layout/layout.css?ln=primefaces&v=4.0 HTTP/1.1" 304 -
200.118.80.127 - - [27/Jan/2024:09:34:30 -0500] "GET /sipse/faces/javax.faces.resource/theme.css?ln=primefaces-sipse HTTP/1.1" 304 -
200.118.80.127 - - [27/Jan/2024:09:34:30 -0500] "GET /sipse/faces/javax.faces.resource/primefaces.css?ln=primefaces&v=4.0 HTTP/1.1" 304 -
200.118.80.127 - - [27/Jan/2024:09:34:30 -0500] "GET /sipse/faces/javax.faces.resource/jquery/jquery.js?ln=primefaces&v=4.0 HTTP/1.1" 304 -
200.118.80.127 - - [27/Jan/2024:09:34:30 -0500] "GET /sipse/faces/javax.faces.resource/jquery/jquery-plugins.js?ln=primefaces&v=4.0 HTTP/1.1" 304 -
200.118.80.127 - - [27/Jan/2024:09:34:30 -0500] "GET /sipse/faces/javax.faces.resource/layout/layout.js?ln=primefaces&v=4.0 HTTP/1.1" 304 -
200.118.80.127 - - [27/Jan/2024:09:34:30 -0500] "GET /sipse/faces/javax.faces.resource/primefaces.js?ln=primefaces&v=4.0 HTTP/1.1" 304 -
200.118.80.127 - - [27/Jan/2024:09:34:30 -0500] "POST /sipse/faces/presentacion/financiero/solicitudProceso/consultarHistorialSolProceso.xhtml HTTP/1.1" 200 188560
181.55.46.207 - - [27/Jan/2024:09:34:30 -0500] "POST /sipse/faces/presentacion/workflow/reasignarReenrutar.xhtml HTTP/1.1" 200 16036
190.67.218.195 - - [27/Jan/2024:09:34:33 -0500] "POST /sipse/faces/presentacion/financiero/solicitudProceso/listarSolicitudProceso.xhtml HTTP/1.1" 200 2545
190.67.218.195 - - [27/Jan/2024:09:34:36 -0500] "POST /sipse/faces/presentacion/financiero/solicitudProceso/listarSolicitudProceso.xhtml HTTP/1.1" 200 32900
190.67.218.195 - - [27/Jan/2024:09:34:36 -0500] "POST /sipse/faces/presentacion/financiero/solicitudProceso/listarSolicitudProceso.xhtml HTTP/1.1" 200 45216
190.67.218.195 - - [27/Jan/2024:09:34:36 -0500] "POST /sipse/faces/presentacion/financiero/solicitudProceso/listarSolicitudProceso.xhtml HTTP/1.1" 200 32900
190.67.218.195 - - [27/Jan/2024:09:34:37 -0500] "POST /sipse/faces/presentacion/financiero/solicitudProceso/listarSolicitudProceso.xhtml HTTP/1.1" 200 2541
190.67.218.195 - - [27/Jan/2024:09:34:44 -0500] "POST /sipse/faces/presentacion/financiero/solicitudProceso/listarSolicitudProceso.xhtml HTTP/1.1" 200 2993
190.67.218.195 - - [27/Jan/2024:09:34:45 -0500] "POST /sipse/faces/presentacion/financiero/solicitudProceso/listarSolicitudProceso.xhtml HTTP/1.1" 200 43610
190.67.218.195 - - [27/Jan/2024:09:34:45 -0500] "GET /sipse/faces/javax.faces.resource/jquery/jquery.js?ln=primefaces&v=4.0 HTTP/1.1" 304 -
190.67.218.195 - - [27/Jan/2024:09:34:45 -0500] "GET /sipse/faces/javax.faces.resource/jquery/jquery-plugins.js?ln=primefaces&v=4.0 HTTP/1.1" 304 -
190.67.218.195 - - [27/Jan/2024:09:34:45 -0500] "GET /sipse/faces/javax.faces.resource/primefaces.js?ln=primefaces&v=4.0 HTTP/1.1" 304 -
190.67.218.195 - - [27/Jan/2024:09:34:45 -0500] "GET /sipse/faces/javax.faces.resource/layout/layout.js?ln=primefaces&v=4.0 HTTP/1.1" 304 -
190.67.218.195 - - [27/Jan/2024:09:34:45 -0500] "POST /sipse/faces/presentacion/financiero/solicitudProceso/consultar.xhtml HTTP/1.1" 200 37026
190.67.218.195 - - [27/Jan/2024:09:34:49 -0500] "POST /sipse/faces/presentacion/financiero/solicitudProceso/consultar.xhtml HTTP/1.1" 200 12937
190.67.218.195 - - [27/Jan/2024:09:34:53 -0500] "POST /sipse/faces/presentacion/financiero/solicitudProceso/consultar.xhtml HTTP/1.1" 200 149318
190.67.218.195 - - [27/Jan/2024:09:34:54 -0500] "GET /sipse/faces/javax.faces.resource/jquery/jquery.js?ln=primefaces&v=4.0 HTTP/1.1" 304 -
190.67.218.195 - - [27/Jan/2024:09:34:54 -0500] "GET /sipse/faces/javax.faces.resource/jquery/jquery-plugins.js?ln=primefaces&v=4.0 HTTP/1.1" 304 -
190.67.218.195 - - [27/Jan/2024:09:34:55 -0500] "GET /sipse/faces/javax.faces.resource/primefaces.js?ln=primefaces&v=4.0 HTTP/1.1" 304 -
190.67.218.195 - - [27/Jan/2024:09:34:55 -0500] "GET /sipse/faces/javax.faces.resource/layout/layout.js?ln=primefaces&v=4.0 HTTP/1.1" 304 -
181.55.46.207 - - [27/Jan/2024:09:34:55 -0500] "POST /sipse/faces/presentacion/workflow/reasignarReenrutar.xhtml HTTP/1.1" 200 149205
216.245.221.92 - - [27/Jan/2024:09:35:00 -0500] "HEAD / HTTP/1.1" 200 -
190.67.218.195 - - [27/Jan/2024:09:34:59 -0500] "POST /sipse/faces/presentacion/financiero/solicitudProceso/consultarSolicitudProceso.xhtml HTTP/1.1" 200 46621
190.67.218.195 - - [27/Jan/2024:09:35:00 -0500] "GET /sipse/faces/javax.faces.resource/theme.css?ln=primefaces-sipse HTTP/1.1" 304 -
190.67.218.195 - - [27/Jan/2024:09:35:00 -0500] "GET /sipse/faces/javax.faces.resource/layout/layout.css?ln=primefaces&v=4.0 HTTP/1.1" 304 -
190.67.218.195 - - [27/Jan/2024:09:35:00 -0500] "GET /sipse/faces/javax.faces.resource/primefaces.css?ln=primefaces&v=4.0 HTTP/1.1" 304 -
190.67.218.195 - - [27/Jan/2024:09:35:00 -0500] "GET /sipse/faces/javax.faces.resource/jquery/jquery.js?ln=primefaces&v=4.0 HTTP/1.1" 304 -
190.67.218.195 - - [27/Jan/2024:09:35:00 -0500] "GET /sipse/faces/javax.faces.resource/primefaces.js?ln=primefaces&v=4.0 HTTP/1.1" 304 -
190.67.218.195 - - [27/Jan/2024:09:35:00 -0500] "GET /sipse/faces/javax.faces.resource/jquery/jquery-plugins.js?ln=primefaces&v=4.0 HTTP/1.1" 304 -
190.67.218.195 - - [27/Jan/2024:09:35:00 -0500] "GET /sipse/faces/javax.faces.resource/layout/layout.js?ln=primefaces&v=4.0 HTTP/1.1" 304 -
190.67.218.195 - - [27/Jan/2024:09:35:01 -0500] "GET /sipse/faces/javax.faces.resource/images/ui-icons_898989_256x240.png?ln=primefaces-aristo HTTP/1.1" 304 -
181.55.46.207 - - [27/Jan/2024:09:35:06 -0500] "POST /sipse/faces/presentacion/workflow/reasignarReenrutar.xhtml HTTP/1.1" 200 240873
181.55.46.207 - - [27/Jan/2024:09:35:09 -0500] "POST /sipse/faces/presentacion/workflow/reasignarReenrutar.xhtml HTTP/1.1" 200 241388
190.67.218.195 - - [27/Jan/2024:09:35:11 -0500] "GET /sipse/faces/javax.faces.resource/theme.css?ln=primefaces-sipse HTTP/1.1" 304 -
190.67.218.195 - - [27/Jan/2024:09:35:11 -0500] "GET /sipse/faces/javax.faces.resource/primefaces.css?ln=primefaces&v=4.0 HTTP/1.1" 304 -
190.67.218.195 - - [27/Jan/2024:09:35:11 -0500] "GET /sipse/faces/javax.faces.resource/layout/layout.css?ln=primefaces&v=4.0 HTTP/1.1" 304 -
190.67.218.195 - - [27/Jan/2024:09:35:11 -0500] "GET /sipse/faces/javax.faces.resource/jquery/jquery.js?ln=primefaces&v=4.0 HTTP/1.1" 304 -
190.67.218.195 - - [27/Jan/2024:09:35:11 -0500] "GET /sipse/faces/javax.faces.resource/jquery/jquery-plugins.js?ln=primefaces&v=4.0 HTTP/1.1" 304 -
190.67.218.195 - - [27/Jan/2024:09:35:11 -0500] "GET /sipse/faces/javax.faces.resource/layout/layout.js?ln=primefaces&v=4.0 HTTP/1.1" 304 -
190.67.218.195 - - [27/Jan/2024:09:35:11 -0500] "GET /sipse/faces/javax.faces.resource/primefaces.js?ln=primefaces&v=4.0 HTTP/1.1" 304 -
190.67.218.195 - - [27/Jan/2024:09:35:11 -0500] "GET /sipse/faces/javax.faces.resource/images/ui-icons_898989_256x240.png?ln=primefaces-aristo HTTP/1.1" 304 -
190.67.218.195 - - [27/Jan/2024:09:35:10 -0500] "POST /sipse/faces/presentacion/financiero/solicitudProceso/consultarHistorialSolProceso.xhtml HTTP/1.1" 200 195112
181.55.46.207 - - [27/Jan/2024:09:35:11 -0500] "POST /sipse/faces/presentacion/workflow/reasignarReenrutar.xhtml HTTP/1.1" 200 4929
190.67.218.195 - - [27/Jan/2024:09:35:13 -0500] "GET /sipse/faces/javax.faces.resource/images/ui-bg_flat_0_2d5972_40x100.png?ln=primefaces-aristo HTTP/1.1" 304 -
190.67.218.195 - - [27/Jan/2024:09:35:13 -0500] "POST /sipse/faces/presentacion/financiero/solicitudProceso/consultarSolicitudProceso.xhtml HTTP/1.1" 200 46776
190.67.218.195 - - [27/Jan/2024:09:35:14 -0500] "GET /sipse/faces/javax.faces.resource/jquery/jquery.js?ln=primefaces&v=4.0 HTTP/1.1" 304 -
190.67.218.195 - - [27/Jan/2024:09:35:14 -0500] "GET /sipse/faces/javax.faces.resource/jquery/jquery-plugins.js?ln=primefaces&v=4.0 HTTP/1.1" 304 -
190.67.218.195 - - [27/Jan/2024:09:35:14 -0500] "GET /sipse/faces/javax.faces.resource/primefaces.js?ln=primefaces&v=4.0 HTTP/1.1" 304 -
190.67.218.195 - - [27/Jan/2024:09:35:14 -0500] "GET /sipse/faces/javax.faces.resource/layout/layout.js?ln=primefaces&v=4.0 HTTP/1.1" 304 -
190.67.218.195 - - [27/Jan/2024:09:35:16 -0500] "POST /sipse/faces/presentacion/financiero/solicitudProceso/consultar.xhtml HTTP/1.1" 200 12804
190.67.218.195 - - [27/Jan/2024:09:35:19 -0500] "POST /sipse/faces/presentacion/financiero/solicitudProceso/consultar.xhtml HTTP/1.1" 200 139849
190.67.218.195 - - [27/Jan/2024:09:35:20 -0500] "GET /sipse/faces/javax.faces.resource/jquery/jquery.js?ln=primefaces&v=4.0 HTTP/1.1" 304 -
190.67.218.195 - - [27/Jan/2024:09:35:20 -0500] "GET /sipse/faces/javax.faces.resource/jquery/jquery-plugins.js?ln=primefaces&v=4.0 HTTP/1.1" 304 -
190.67.218.195 - - [27/Jan/2024:09:35:20 -0500] "GET /sipse/faces/javax.faces.resource/primefaces.js?ln=primefaces&v=4.0 HTTP/1.1" 304 -
190.67.218.195 - - [27/Jan/2024:09:35:20 -0500] "GET /sipse/faces/javax.faces.resource/layout/layout.js?ln=primefaces&v=4.0 HTTP/1.1" 304 -
181.55.46.207 - - [27/Jan/2024:09:35:21 -0500] "POST /sipse/faces/presentacion/workflow/reasignarReenrutar.xhtml HTTP/1.1" 200 15600
181.55.46.207 - - [27/Jan/2024:09:35:23 -0500] "POST /sipse/faces/presentacion/workflow/reasignarReenrutar.xhtml HTTP/1.1" 200 15673
181.55.46.207 - - [27/Jan/2024:09:35:24 -0500] "POST /sipse/faces/presentacion/workflow/reasignarReenrutar.xhtml HTTP/1.1" 200 149189
179.19.57.194 - - [27/Jan/2024:09:35:39 -0500] "GET /catalogoisis/ HTTP/1.1" 200 8575
181.55.46.207 - - [27/Jan/2024:09:35:40 -0500] "POST /sipse/faces/presentacion/workflow/reasignarReenrutar.xhtml HTTP/1.1" 200 240837
190.67.218.195 - - [27/Jan/2024:09:35:44 -0500] "GET /sipse/faces/javax.faces.resource/theme.css?ln=primefaces-sipse HTTP/1.1" 304 -
190.67.218.195 - - [27/Jan/2024:09:35:44 -0500] "GET /sipse/faces/javax.faces.resource/layout/layout.css?ln=primefaces&v=4.0 HTTP/1.1" 304 -
190.67.218.195 - - [27/Jan/2024:09:35:44 -0500] "GET /sipse/faces/javax.faces.resource/primefaces.css?ln=primefaces&v=4.0 HTTP/1.1" 304 -
190.67.218.195 - - [27/Jan/2024:09:35:44 -0500] "GET /sipse/faces/javax.faces.resource/jquery/jquery.js?ln=primefaces&v=4.0 HTTP/1.1" 304 -
190.67.218.195 - - [27/Jan/2024:09:35:43 -0500] "POST /sipse/faces/presentacion/financiero/solicitudProceso/consultarSolicitudProceso.xhtml HTTP/1.1" 200 43125
190.67.218.195 - - [27/Jan/2024:09:35:44 -0500] "GET /sipse/faces/javax.faces.resource/primefaces.js?ln=primefaces&v=4.0 HTTP/1.1" 304 -
190.67.218.195 - - [27/Jan/2024:09:35:44 -0500] "GET /sipse/faces/javax.faces.resource/jquery/jquery-plugins.js?ln=primefaces&v=4.0 HTTP/1.1" 304 -
190.67.218.195 - - [27/Jan/2024:09:35:44 -0500] "GET /sipse/faces/javax.faces.resource/layout/layout.js?ln=primefaces&v=4.0 HTTP/1.1" 304 -
190.67.218.195 - - [27/Jan/2024:09:35:44 -0500] "GET /sipse/faces/javax.faces.resource/images/ui-icons_898989_256x240.png?ln=primefaces-aristo HTTP/1.1" 304 -
181.55.46.207 - - [27/Jan/2024:09:35:46 -0500] "POST /sipse/faces/presentacion/workflow/reasignarReenrutar.xhtml HTTP/1.1" 200 241332
181.55.46.207 - - [27/Jan/2024:09:35:49 -0500] "POST /sipse/faces/presentacion/workflow/reasignarReenrutar.xhtml HTTP/1.1" 200 4929
190.67.218.195 - - [27/Jan/2024:09:35:56 -0500] "GET /sipse/faces/javax.faces.resource/layout/layout.css?ln=primefaces&v=4.0 HTTP/1.1" 304 -
190.67.218.195 - - [27/Jan/2024:09:35:56 -0500] "GET /sipse/faces/javax.faces.resource/primefaces.css?ln=primefaces&v=4.0 HTTP/1.1" 304 -
190.67.218.195 - - [27/Jan/2024:09:35:56 -0500] "GET /sipse/faces/javax.faces.resource/theme.css?ln=primefaces-sipse HTTP/1.1" 304 -
190.67.218.195 - - [27/Jan/2024:09:35:56 -0500] "GET /sipse/faces/javax.faces.resource/jquery/jquery-plugins.js?ln=primefaces&v=4.0 HTTP/1.1" 304 -
190.67.218.195 - - [27/Jan/2024:09:35:56 -0500] "GET /sipse/faces/javax.faces.resource/jquery/jquery.js?ln=primefaces&v=4.0 HTTP/1.1" 304 -
190.67.218.195 - - [27/Jan/2024:09:35:56 -0500] "GET /sipse/faces/javax.faces.resource/primefaces.js?ln=primefaces&v=4.0 HTTP/1.1" 304 -
190.67.218.195 - - [27/Jan/2024:09:35:56 -0500] "GET /sipse/faces/javax.faces.resource/layout/layout.js?ln=primefaces&v=4.0 HTTP/1.1" 304 -
190.67.218.195 - - [27/Jan/2024:09:35:55 -0500] "POST /sipse/faces/presentacion/financiero/solicitudProceso/consultarHistorialSolProceso.xhtml HTTP/1.1" 200 185643
190.67.218.195 - - [27/Jan/2024:09:35:56 -0500] "GET /sipse/faces/javax.faces.resource/images/ui-icons_898989_256x240.png?ln=primefaces-aristo HTTP/1.1" 304 -
190.67.218.195 - - [27/Jan/2024:09:36:05 -0500] "POST /sipse/faces/presentacion/financiero/solicitudProceso/consultarSolicitudProceso.xhtml HTTP/1.1" 200 117695
190.67.218.195 - - [27/Jan/2024:09:36:14 -0500] "GET /sipse/faces/javax.faces.resource/images/ui-bg_flat_0_2d5972_40x100.png?ln=primefaces-aristo HTTP/1.1" 304 -
190.67.218.195 - - [27/Jan/2024:09:36:14 -0500] "POST /sipse/faces/presentacion/financiero/solicitudProceso/consultarSolicitudProceso.xhtml HTTP/1.1" 200 5522
190.67.218.195 - - [27/Jan/2024:09:36:28 -0500] "POST /sipse/faces/presentacion/financiero/solicitudProceso/consultarSolicitudProceso.xhtml HTTP/1.1" 200 34189
190.67.218.195 - - [27/Jan/2024:09:36:29 -0500] "GET /sipse/faces/javax.faces.resource/jquery/jquery.js?ln=primefaces&v=4.0 HTTP/1.1" 304 -
190.67.218.195 - - [27/Jan/2024:09:36:29 -0500] "GET /sipse/faces/javax.faces.resource/jquery/jquery-plugins.js?ln=primefaces&v=4.0 HTTP/1.1" 304 -
190.67.218.195 - - [27/Jan/2024:09:36:29 -0500] "GET /sipse/faces/javax.faces.resource/primefaces.js?ln=primefaces&v=4.0 HTTP/1.1" 304 -
190.67.218.195 - - [27/Jan/2024:09:36:29 -0500] "GET /sipse/faces/javax.faces.resource/layout/layout.js?ln=primefaces&v=4.0 HTTP/1.1" 304 -
190.67.218.195 - - [27/Jan/2024:09:36:31 -0500] "POST /sipse/faces/presentacion/sistema/reporte/listarReportes.xhtml HTTP/1.1" 200 22817
190.67.218.195 - - [27/Jan/2024:09:36:31 -0500] "GET /sipse/faces/javax.faces.resource/theme.css?ln=primefaces-sipse HTTP/1.1" 304 -
190.67.218.195 - - [27/Jan/2024:09:36:31 -0500] "GET /sipse/faces/javax.faces.resource/layout/layout.css?ln=primefaces&v=4.0 HTTP/1.1" 304 -
190.67.218.195 - - [27/Jan/2024:09:36:31 -0500] "GET /sipse/faces/javax.faces.resource/jquery/jquery-plugins.js?ln=primefaces&v=4.0 HTTP/1.1" 304 -
190.67.218.195 - - [27/Jan/2024:09:36:31 -0500] "GET /sipse/faces/javax.faces.resource/primefaces.js?ln=primefaces&v=4.0 HTTP/1.1" 304 -
190.67.218.195 - - [27/Jan/2024:09:36:31 -0500] "GET /sipse/faces/javax.faces.resource/primefaces.css?ln=primefaces&v=4.0 HTTP/1.1" 304 -
190.67.218.195 - - [27/Jan/2024:09:36:31 -0500] "GET /sipse/faces/javax.faces.resource/jquery/jquery.js?ln=primefaces&v=4.0 HTTP/1.1" 304 -
190.67.218.195 - - [27/Jan/2024:09:36:31 -0500] "GET /sipse/faces/javax.faces.resource/layout/layout.js?ln=primefaces&v=4.0 HTTP/1.1" 304 -
190.67.218.195 - - [27/Jan/2024:09:36:31 -0500] "GET /sipse/faces/javax.faces.resource/images/ui-icons_898989_256x240.png?ln=primefaces-aristo HTTP/1.1" 304 -
192.151.179.180 - - [27/Jan/2024:09:36:50 -0500] "GET /distrito-exalto-a-246-empresas-de-bogota-por-su-alto-desempeno-y-responsabilidad-ambiental-durante-2023.html HTTP/1.1" 200 1039
172.22.2.4 - - [27/Jan/2024:09:35:18 -0500] "HEAD /BLA/boletinlegal/ HTTP/1.1" 200 -
66.249.66.21 - - [27/Jan/2024:09:37:09 -0500] "GET /Publicaciones/2023EE221737.pdf HTTP/1.1" 404 228
181.55.46.207 - - [27/Jan/2024:09:37:30 -0500] "POST /sipse/faces/presentacion/workflow/reasignarReenrutar.xhtml HTTP/1.1" 200 911
181.55.46.207 - - [27/Jan/2024:09:37:31 -0500] "GET /sipse/faces/faces/faces/faces/autenticacion HTTP/1.1" 302 -
181.55.46.207 - - [27/Jan/2024:09:37:31 -0500] "GET /sipse/faces/autenticacion.xhtml HTTP/1.1" 200 12403
181.55.46.207 - - [27/Jan/2024:09:37:32 -0500] "GET /sipse/faces/javax.faces.resource/layout/layout.css?ln=primefaces&v=4.0 HTTP/1.1" 304 -
181.55.46.207 - - [27/Jan/2024:09:37:32 -0500] "GET /sipse/faces/javax.faces.resource/jquery/jquery.js?ln=primefaces&v=4.0 HTTP/1.1" 304 -
181.55.46.207 - - [27/Jan/2024:09:37:32 -0500] "GET /sipse/faces/javax.faces.resource/jquery/jquery-plugins.js?ln=primefaces&v=4.0 HTTP/1.1" 304 -
181.55.46.207 - - [27/Jan/2024:09:37:32 -0500] "GET /sipse/faces/javax.faces.resource/layout/layout.js?ln=primefaces&v=4.0 HTTP/1.1" 304 -
181.55.46.207 - - [27/Jan/2024:09:37:32 -0500] "GET /sipse/faces/javax.faces.resource/primefaces.js?ln=primefaces&v=4.0 HTTP/1.1" 304 -
181.55.46.207 - - [27/Jan/2024:09:37:32 -0500] "GET /sipse/faces/javax.faces.resource/primefaces.css?ln=primefaces&v=4.0 HTTP/1.1" 304 -
181.55.46.207 - - [27/Jan/2024:09:37:32 -0500] "GET /sipse/faces/javax.faces.resource/theme.css?ln=primefaces-sipse HTTP/1.1" 304 -
181.55.46.207 - - [27/Jan/2024:09:37:33 -0500] "GET /sipse/faces/javax.faces.resource/images/ui-icons_898989_256x240.png?ln=primefaces-aristo HTTP/1.1" 304 -
181.55.46.207 - - [27/Jan/2024:09:37:35 -0500] "POST /sipse/faces/autenticacion.xhtml HTTP/1.1" 200 11368
181.55.46.207 - - [27/Jan/2024:09:37:36 -0500] "GET /sipse/faces/javax.faces.resource/theme.css?ln=primefaces-sipse HTTP/1.1" 304 -
181.55.46.207 - - [27/Jan/2024:09:37:36 -0500] "GET /sipse/faces/javax.faces.resource/jquery/jquery.js?ln=primefaces&v=4.0 HTTP/1.1" 304 -
181.55.46.207 - - [27/Jan/2024:09:37:36 -0500] "GET /sipse/faces/javax.faces.resource/layout/layout.css?ln=primefaces&v=4.0 HTTP/1.1" 304 -
181.55.46.207 - - [27/Jan/2024:09:37:36 -0500] "GET /sipse/faces/javax.faces.resource/primefaces.css?ln=primefaces&v=4.0 HTTP/1.1" 304 -
181.55.46.207 - - [27/Jan/2024:09:37:36 -0500] "GET /sipse/faces/javax.faces.resource/jquery/jquery-plugins.js?ln=primefaces&v=4.0 HTTP/1.1" 304 -
181.55.46.207 - - [27/Jan/2024:09:37:36 -0500] "GET /sipse/faces/javax.faces.resource/primefaces.js?ln=primefaces&v=4.0 HTTP/1.1" 304 -
181.55.46.207 - - [27/Jan/2024:09:37:36 -0500] "GET /sipse/faces/javax.faces.resource/layout/layout.js?ln=primefaces&v=4.0 HTTP/1.1" 304 -
181.55.46.207 - - [27/Jan/2024:09:37:37 -0500] "GET /sipse/faces/javax.faces.resource/messages/messages.png?ln=primefaces&v=4.0 HTTP/1.1" 304 -
186.86.32.96 - - [27/Jan/2024:09:37:41 -0500] "POST /appsia/controlador HTTP/1.1" 200 3226
186.86.32.96 - - [27/Jan/2024:09:37:41 -0500] "GET /appsia/jscripts/validarSolicitud.js HTTP/1.1" 404 68
186.86.32.96 - - [27/Jan/2024:09:37:43 -0500] "POST /appsia/controlador HTTP/1.1" 200 4799
186.86.32.96 - - [27/Jan/2024:09:37:45 -0500] "POST /appsia/controlador HTTP/1.1" 200 5437
172.22.2.4 - - [27/Jan/2024:09:36:09 -0500] "GET /BLA/boletinlegal/ HTTP/1.1" 200 61050
181.61.39.98 - - [27/Jan/2024:09:38:33 -0500] "-" 408 -
205.210.31.238 - - [27/Jan/2024:09:39:11 -0500] "GET / HTTP/1.1" 200 319
186.86.32.96 - - [27/Jan/2024:09:39:15 -0500] "POST /appsia/controlador HTTP/1.1" 200 7787
186.86.32.96 - - [27/Jan/2024:09:39:21 -0500] "POST /appsia/controlador HTTP/1.1" 200 6660
186.86.32.96 - - [27/Jan/2024:09:39:22 -0500] "POST /appsia/controlador HTTP/1.1" 200 11355
201.245.192.253 - - [27/Jan/2024:09:39:27 -0500] "POST /kwsrmcab/Wsrmcab  HTTP/1.1" 200 37857
216.244.66.246 - - [27/Jan/2024:09:39:27 -0500] "GET /portaldeninos/humedal-el-tunjo/ HTTP/1.1" 200 87661
52.167.144.166 - - [27/Jan/2024:09:39:42 -0500] "GET /calidad-del-aire-de-bogota-empieza-a-deteriorarse-producto-de-incendios-forestales.html HTTP/1.1" 200 741
201.245.192.253 - - [27/Jan/2024:09:39:45 -0500] "POST /kwsrmcab/Wsrmcab HTTP/1.1" 200 39232
201.245.192.253 - - [27/Jan/2024:09:39:45 -0500] "POST /kwsrmcab/Wsrmcab HTTP/1.1" 200 38354
201.245.192.253 - - [27/Jan/2024:09:39:48 -0500] "POST /kwsrmcab/Wsrmcab HTTP/1.1" 200 39748
216.245.221.92 - - [27/Jan/2024:09:40:00 -0500] "HEAD / HTTP/1.1" 200 -
201.245.192.253 - - [27/Jan/2024:09:40:30 -0500] "POST /kwsrmcab/Wsrmcab HTTP/1.1" 200 39748
199.16.157.181 - - [27/Jan/2024:09:41:22 -0500] "GET /images/presentaci%C3%B3n%20convenci%C3%B3n.jpg HTTP/1.1" 404 1034
172.22.2.4 - - [27/Jan/2024:09:41:08 -0500] "HEAD /BLA/boletinlegal/ HTTP/1.1" 200 -
172.22.2.4 - - [27/Jan/2024:09:41:59 -0500] "GET /BLA/boletinlegal/ HTTP/1.1" 200 61050
201.245.192.253 - - [27/Jan/2024:09:44:25 -0500] "POST /kwsrmcab/Wsrmcab  HTTP/1.1" 200 37857
216.245.221.92 - - [27/Jan/2024:09:45:00 -0500] "HEAD / HTTP/1.1" 200 -
152.203.191.15 - - [27/Jan/2024:09:45:28 -0500] "GET /sipse/faces/faces/faces/faces/autenticacion.xhtml HTTP/1.1" 200 12403
152.203.191.15 - - [27/Jan/2024:09:45:28 -0500] "GET /sipse/js/disable_browser_buttons.js HTTP/1.1" 304 -
152.203.191.15 - - [27/Jan/2024:09:45:28 -0500] "GET /sipse/css/custom_css_sg.css HTTP/1.1" 304 -
152.203.191.15 - - [27/Jan/2024:09:45:28 -0500] "GET /sipse/js/funciones.js HTTP/1.1" 304 -
152.203.191.15 - - [27/Jan/2024:09:45:28 -0500] "GET /sipse/css/custom_css_sg_prime_login.css HTTP/1.1" 304 -
152.203.191.15 - - [27/Jan/2024:09:45:29 -0500] "GET /sipse/faces/javax.faces.resource/theme.css?ln=primefaces-sipse HTTP/1.1" 304 -
152.203.191.15 - - [27/Jan/2024:09:45:29 -0500] "GET /sipse/faces/javax.faces.resource/primefaces.css?ln=primefaces&v=4.0 HTTP/1.1" 304 -
152.203.191.15 - - [27/Jan/2024:09:45:29 -0500] "GET /sipse/faces/javax.faces.resource/layout/layout.css?ln=primefaces&v=4.0 HTTP/1.1" 304 -
152.203.191.15 - - [27/Jan/2024:09:45:29 -0500] "GET /sipse/faces/javax.faces.resource/jquery/jquery-plugins.js?ln=primefaces&v=4.0 HTTP/1.1" 304 -
152.203.191.15 - - [27/Jan/2024:09:45:29 -0500] "GET /sipse/faces/javax.faces.resource/primefaces.js?ln=primefaces&v=4.0 HTTP/1.1" 304 -
152.203.191.15 - - [27/Jan/2024:09:45:29 -0500] "GET /sipse/faces/javax.faces.resource/jquery/jquery.js?ln=primefaces&v=4.0 HTTP/1.1" 304 -
152.203.191.15 - - [27/Jan/2024:09:45:29 -0500] "GET /sipse/faces/javax.faces.resource/layout/layout.js?ln=primefaces&v=4.0 HTTP/1.1" 304 -
152.203.191.15 - - [27/Jan/2024:09:45:29 -0500] "GET /sipse/css/imagen/loginimg.png HTTP/1.1" 304 -
152.203.191.15 - - [27/Jan/2024:09:45:29 -0500] "GET /sipse/css/imagen/logoSDG.png HTTP/1.1" 304 -
152.203.191.15 - - [27/Jan/2024:09:45:29 -0500] "GET /sipse/faces/javax.faces.resource/images/ui-icons_898989_256x240.png?ln=primefaces-aristo HTTP/1.1" 304 -
152.203.191.15 - - [27/Jan/2024:09:45:29 -0500] "GET /sipse/faces/faces/faces/faces/index.xhtml HTTP/1.1" 200 677
152.203.191.15 - - [27/Jan/2024:09:45:29 -0500] "GET /sipse/faces/javax.faces.resource/theme.css?ln=primefaces-sipse HTTP/1.1" 304 -
152.203.191.15 - - [27/Jan/2024:09:45:29 -0500] "GET /sipse/faces/faces/faces/faces/faces/autenticacion.xhtml HTTP/1.1" 200 12403
152.203.191.15 - - [27/Jan/2024:09:45:29 -0500] "GET /sipse/faces/javax.faces.resource/primefaces.css?ln=primefaces&v=4.0 HTTP/1.1" 304 -
152.203.191.15 - - [27/Jan/2024:09:45:29 -0500] "GET /sipse/faces/javax.faces.resource/theme.css?ln=primefaces-sipse HTTP/1.1" 304 -
152.203.191.15 - - [27/Jan/2024:09:45:29 -0500] "GET /sipse/faces/javax.faces.resource/layout/layout.css?ln=primefaces&v=4.0 HTTP/1.1" 304 -
152.203.191.15 - - [27/Jan/2024:09:45:29 -0500] "GET /sipse/faces/javax.faces.resource/jquery/jquery.js?ln=primefaces&v=4.0 HTTP/1.1" 304 -
152.203.191.15 - - [27/Jan/2024:09:45:29 -0500] "GET /sipse/faces/javax.faces.resource/jquery/jquery-plugins.js?ln=primefaces&v=4.0 HTTP/1.1" 304 -
152.203.191.15 - - [27/Jan/2024:09:45:29 -0500] "GET /sipse/faces/javax.faces.resource/layout/layout.js?ln=primefaces&v=4.0 HTTP/1.1" 304 -
152.203.191.15 - - [27/Jan/2024:09:45:29 -0500] "GET /sipse/faces/javax.faces.resource/primefaces.js?ln=primefaces&v=4.0 HTTP/1.1" 304 -
152.203.191.15 - - [27/Jan/2024:09:45:29 -0500] "GET /sipse/faces/javax.faces.resource/images/ui-icons_898989_256x240.png?ln=primefaces-aristo HTTP/1.1" 304 -
152.203.191.15 - - [27/Jan/2024:09:45:36 -0500] "POST /sipse/faces/autenticacion.xhtml HTTP/1.1" 200 2220
152.203.191.15 - - [27/Jan/2024:09:45:36 -0500] "GET /sipse/faces/javax.faces.resource/messages/messages.png?ln=primefaces&v=4.0 HTTP/1.1" 304 -
152.203.191.15 - - [27/Jan/2024:09:45:37 -0500] "POST /sipse/faces/autenticacion.xhtml HTTP/1.1" 200 16353
152.203.191.15 - - [27/Jan/2024:09:45:37 -0500] "GET /sipse/css/custom_css_sg_prime.css HTTP/1.1" 304 -
152.203.191.15 - - [27/Jan/2024:09:45:37 -0500] "GET /sipse/faces/javax.faces.resource/theme.css?ln=primefaces-sipse HTTP/1.1" 304 -
152.203.191.15 - - [27/Jan/2024:09:45:37 -0500] "GET /sipse/faces/javax.faces.resource/primefaces.css?ln=primefaces&v=4.0 HTTP/1.1" 304 -
152.203.191.15 - - [27/Jan/2024:09:45:37 -0500] "GET /sipse/faces/javax.faces.resource/layout/layout.css?ln=primefaces&v=4.0 HTTP/1.1" 304 -
152.203.191.15 - - [27/Jan/2024:09:45:37 -0500] "GET /sipse/js/jquery.min.js HTTP/1.1" 304 -
152.203.191.15 - - [27/Jan/2024:09:45:37 -0500] "GET /sipse/faces/javax.faces.resource/jquery/jquery.js?ln=primefaces&v=4.0 HTTP/1.1" 304 -
152.203.191.15 - - [27/Jan/2024:09:45:37 -0500] "GET /sipse/faces/javax.faces.resource/jquery/jquery-plugins.js?ln=primefaces&v=4.0 HTTP/1.1" 304 -
152.203.191.15 - - [27/Jan/2024:09:45:38 -0500] "GET /sipse/faces/javax.faces.resource/primefaces.js?ln=primefaces&v=4.0 HTTP/1.1" 304 -
152.203.191.15 - - [27/Jan/2024:09:45:38 -0500] "GET /sipse/faces/javax.faces.resource/layout/layout.js?ln=primefaces&v=4.0 HTTP/1.1" 304 -
152.203.191.15 - - [27/Jan/2024:09:45:38 -0500] "GET /sipse/css/v_mergente.css HTTP/1.1" 304 -
152.203.191.15 - - [27/Jan/2024:09:45:38 -0500] "GET /sipse/imagenes/cargando.gif HTTP/1.1" 304 -
152.203.191.15 - - [27/Jan/2024:09:45:38 -0500] "GET /sipse/imagenes/logoAplicacion.jpg HTTP/1.1" 304 -
152.203.191.15 - - [27/Jan/2024:09:45:38 -0500] "GET /sipse/css/imagen/contrasena.png HTTP/1.1" 404 383
152.203.191.15 - - [27/Jan/2024:09:45:40 -0500] "GET /sipse/faces/javax.faces.resource/images/ui-bg_flat_0_2d5972_40x100.png?ln=primefaces-aristo HTTP/1.1" 304 -
152.203.191.15 - - [27/Jan/2024:09:45:40 -0500] "POST /sipse/faces/bienvenido.xhtml HTTP/1.1" 200 2658
152.203.191.15 - - [27/Jan/2024:09:45:40 -0500] "POST /sipse/faces/bienvenido.xhtml HTTP/1.1" 200 65418
152.203.191.15 - - [27/Jan/2024:09:45:44 -0500] "GET /sipse/faces/javax.faces.resource/layout/layout.css?ln=primefaces&v=4.0 HTTP/1.1" 304 -
152.203.191.15 - - [27/Jan/2024:09:45:44 -0500] "GET /sipse/faces/javax.faces.resource/primefaces.css?ln=primefaces&v=4.0 HTTP/1.1" 304 -
152.203.191.15 - - [27/Jan/2024:09:45:44 -0500] "GET /sipse/faces/javax.faces.resource/theme.css?ln=primefaces-sipse HTTP/1.1" 304 -
152.203.191.15 - - [27/Jan/2024:09:45:44 -0500] "GET /sipse/faces/javax.faces.resource/jquery/jquery.js?ln=primefaces&v=4.0 HTTP/1.1" 304 -
152.203.191.15 - - [27/Jan/2024:09:45:44 -0500] "GET /sipse/faces/javax.faces.resource/jquery/jquery-plugins.js?ln=primefaces&v=4.0 HTTP/1.1" 304 -
152.203.191.15 - - [27/Jan/2024:09:45:44 -0500] "GET /sipse/faces/javax.faces.resource/primefaces.js?ln=primefaces&v=4.0 HTTP/1.1" 304 -
152.203.191.15 - - [27/Jan/2024:09:45:44 -0500] "GET /sipse/faces/javax.faces.resource/layout/layout.js?ln=primefaces&v=4.0 HTTP/1.1" 304 -
152.203.191.15 - - [27/Jan/2024:09:45:44 -0500] "POST /sipse/faces/presentacion/financiero/solicitudProceso/listarSolicitudProceso.xhtml HTTP/1.1" 200 1556
152.203.191.15 - - [27/Jan/2024:09:45:49 -0500] "POST /sipse/faces/presentacion/financiero/solicitudProceso/listarSolicitudProceso.xhtml HTTP/1.1" 200 46983
152.203.191.15 - - [27/Jan/2024:09:45:49 -0500] "POST /sipse/faces/presentacion/financiero/solicitudProceso/listarSolicitudProceso.xhtml HTTP/1.1" 200 46971
152.203.191.15 - - [27/Jan/2024:09:45:51 -0500] "POST /sipse/faces/presentacion/financiero/solicitudProceso/listarSolicitudProceso.xhtml HTTP/1.1" 200 38031
152.203.191.15 - - [27/Jan/2024:09:45:59 -0500] "POST /sipse/faces/presentacion/financiero/solicitudProceso/listarSolicitudProceso.xhtml HTTP/1.1" 200 19777
152.203.191.15 - - [27/Jan/2024:09:46:06 -0500] "POST /sipse/faces/presentacion/financiero/solicitudProceso/listarSolicitudProceso.xhtml HTTP/1.1" 200 143405
152.203.191.15 - - [27/Jan/2024:09:46:07 -0500] "GET /sipse/faces/javax.faces.resource/theme.css?ln=primefaces-sipse HTTP/1.1" 304 -
152.203.191.15 - - [27/Jan/2024:09:46:07 -0500] "GET /sipse/faces/javax.faces.resource/primefaces.css?ln=primefaces&v=4.0 HTTP/1.1" 304 -
152.203.191.15 - - [27/Jan/2024:09:46:07 -0500] "GET /sipse/faces/javax.faces.resource/jquery/jquery.js?ln=primefaces&v=4.0 HTTP/1.1" 304 -
