172.22.2.4 - - [27/Jan/2024:15:36:58 -0500] "GET /BLA/boletinlegal/js/jquery1.js HTTP/1.1" 200 29846
172.22.2.4 - - [27/Jan/2024:15:36:58 -0500] "GET /BLA/boletinlegal/images/green-yellow-blue-pink-th.png HTTP/1.1" 200 7394
172.22.2.4 - - [27/Jan/2024:15:36:58 -0500] "GET /BLA/boletinlegal/images/tel.png HTTP/1.1" 200 14477
172.22.2.4 - - [27/Jan/2024:15:36:58 -0500] "GET /BLA/boletinlegal/images/icono-email.png HTTP/1.1" 200 5544
172.22.2.4 - - [27/Jan/2024:15:36:58 -0500] "GET /BLA/boletinlegal/images/footer_bg_l.jpg HTTP/1.1" 200 776
172.22.2.4 - - [27/Jan/2024:15:36:58 -0500] "GET /BLA/boletinlegal/img/0.png HTTP/1.1" 200 110
172.22.2.4 - - [27/Jan/2024:15:36:58 -0500] "GET /BLA/boletinlegal/img/select-left.png HTTP/1.1" 200 263
172.22.2.4 - - [27/Jan/2024:15:36:58 -0500] "GET /BLA/boletinlegal/img/button-left.png HTTP/1.1" 200 57071
172.22.2.4 - - [27/Jan/2024:15:36:58 -0500] "GET /BLA/boletinlegal/img/select-right.png HTTP/1.1" 200 44019
172.22.2.4 - - [27/Jan/2024:15:36:58 -0500] "GET /BLA/boletinlegal/img/button.png HTTP/1.1" 200 43241
172.22.2.4 - - [27/Jan/2024:15:36:58 -0500] "GET /BLA/boletinlegal/img/button-right.png HTTP/1.1" 200 57878
172.22.2.4 - - [27/Jan/2024:15:36:59 -0500] "GET /BLA/boletinlegal/jurisprudencia/analisis/AnalisisT-606-15.docx HTTP/1.1" 200 26698
172.22.2.4 - - [27/Jan/2024:15:37:00 -0500] "GET /BLA/boletinlegal/apple-touch-icon-120x120-precomposed.png HTTP/1.1" 404 1140
172.22.2.4 - - [27/Jan/2024:15:37:00 -0500] "GET /BLA/boletinlegal/apple-touch-icon-120x120.png HTTP/1.1" 404 1140
172.22.2.4 - - [27/Jan/2024:15:37:00 -0500] "GET /BLA/boletinlegal/apple-touch-icon-precomposed.png HTTP/1.1" 404 1140
172.22.2.4 - - [27/Jan/2024:15:37:00 -0500] "GET /BLA/boletinlegal/apple-touch-icon.png HTTP/1.1" 404 1140
172.22.2.4 - - [27/Jan/2024:15:37:00 -0500] "GET /BLA/boletinlegal/favicon.ico HTTP/1.1" 404 1140
172.22.2.4 - - [27/Jan/2024:15:37:00 -0500] "GET /BLA/boletinlegal/apple-touch-icon-120x120-precomposed.png HTTP/1.1" 404 1140
172.22.2.4 - - [27/Jan/2024:15:37:00 -0500] "GET /BLA/boletinlegal/apple-touch-icon-120x120.png HTTP/1.1" 404 1140
172.22.2.4 - - [27/Jan/2024:15:37:00 -0500] "GET /BLA/boletinlegal/apple-touch-icon-precomposed.png HTTP/1.1" 404 1140
172.22.2.4 - - [27/Jan/2024:15:37:00 -0500] "GET /BLA/boletinlegal/apple-touch-icon.png HTTP/1.1" 404 1140
172.22.2.4 - - [27/Jan/2024:15:37:00 -0500] "GET /BLA/boletinlegal/favicon.ico HTTP/1.1" 404 1140
172.22.2.4 - - [27/Jan/2024:15:37:13 -0500] "GET /BLA/boletinlegal/consulta_actos.php?tipo=resoluciones&no=383&usuario=&sector=&fecha=2021&resuelve= HTTP/1.1" 200 5494
172.22.2.4 - - [27/Jan/2024:15:37:13 -0500] "GET /BLA/boletinlegal/images/pdf.gif HTTP/1.1" 200 567
172.22.2.4 - - [27/Jan/2024:15:37:13 -0500] "GET /BLA/boletinlegal/images/background.gif HTTP/1.1" 200 -
179.43.185.155 - - [27/Jan/2024:15:37:35 -0500] "GET /BLA/boletinlegal/admin/index.php HTTP/1.1" 200 2324
172.22.2.4 - - [27/Jan/2024:15:37:46 -0500] "GET /BLA/boletinlegal/Circulares/2019/.pdf HTTP/1.1" 404 1218
47.128.31.133 - - [27/Jan/2024:15:37:47 -0500] "GET /BLA/resoluciones/index.php?dir=RESOLUCIONES+2002%2FANEXOS%2F HTTP/1.1" 200 2240
47.128.31.133 - - [27/Jan/2024:15:37:47 -0500] "GET /BLA/resoluciones/dlf/dirup.png HTTP/1.1" 200 644
47.128.31.133 - - [27/Jan/2024:15:37:48 -0500] "GET /BLA/resoluciones/dlf/unknown.png HTTP/1.1" 200 266
201.245.192.253 - - [27/Jan/2024:15:37:53 -0500] "POST /kwsrmcab/Wsrmcab  HTTP/1.1" 200 37857
172.22.2.4 - - [27/Jan/2024:15:38:00 -0500] "GET /BLA/boletinlegal/consulta_actos.php?tipo=resoluciones&no=383&usuario=&sector=&fecha=2018&resuelve= HTTP/1.1" 200 2591
172.22.2.4 - - [27/Jan/2024:15:38:18 -0500] "GET /BLA/boletinlegal/consulta_actos.php?tipo=resoluciones&no=383&usuario=&sector=&fecha=2017&resuelve= HTTP/1.1" 200 1079
172.22.2.4 - - [27/Jan/2024:15:36:38 -0500] "GET /BLA/boletinlegal/ HTTP/1.1" 200 43492
172.22.2.4 - - [27/Jan/2024:15:36:44 -0500] "GET /BLA/boletinlegal/ HTTP/1.1" 200 42730
172.22.2.4 - - [27/Jan/2024:15:36:57 -0500] "HEAD /BLA/boletinlegal/ HTTP/1.1" 200 -
52.167.144.199 - - [27/Jan/2024:15:38:51 -0500] "GET /Publicaciones/2023EE215075.pdf HTTP/1.1" 404 228
172.22.2.4 - - [27/Jan/2024:15:39:01 -0500] "GET /BLA/boletinlegal/consulta_actos.php?tipo=resoluciones&no=383&usuario=&sector=&fecha=2021&resuelve= HTTP/1.1" 200 5494
172.22.2.4 - - [27/Jan/2024:15:39:02 -0500] "GET /BLA/boletinlegal/dev/.git/config HTTP/1.1" 404 1018
172.22.2.4 - - [27/Jan/2024:15:39:18 -0500] "GET /BLA/boletinlegal/consulta_actos.php?tipo=resoluciones&no=383&usuario=&sector=SILVICULTURA&fecha=2021&resuelve= HTTP/1.1" 200 4518
172.22.2.4 - - [27/Jan/2024:15:37:48 -0500] "GET /BLA/boletinlegal/ HTTP/1.1" 200 51920
186.83.245.251 - - [27/Jan/2024:15:39:41 -0500] "GET /distrito-exalto-a-246-empresas-de-bogota-por-su-alto-desempeno-y-responsabilidad-ambiental-durante-2023.html HTTP/1.1" 200 1039
201.245.192.253 - - [27/Jan/2024:15:39:43 -0500] "POST /kwsrmcab/Wsrmcab HTTP/1.1" 200 40178
201.245.192.253 - - [27/Jan/2024:15:39:44 -0500] "POST /kwsrmcab/Wsrmcab HTTP/1.1" 200 38566
201.245.192.253 - - [27/Jan/2024:15:39:46 -0500] "POST /kwsrmcab/Wsrmcab HTTP/1.1" 200 39993
216.245.221.92 - - [27/Jan/2024:15:39:59 -0500] "HEAD / HTTP/1.1" 200 -
172.22.2.4 - - [27/Jan/2024:15:40:34 -0500] "GET /BLA/boletinlegal/jurisprudencia/analisis/AnalisisT-606-15.docx HTTP/1.1" 200 26698
172.22.2.4 - - [27/Jan/2024:15:40:34 -0500] "GET /BLA/boletinlegal/apple-touch-icon-120x120-precomposed.png HTTP/1.1" 404 1140
172.22.2.4 - - [27/Jan/2024:15:40:34 -0500] "GET /BLA/boletinlegal/apple-touch-icon-120x120.png HTTP/1.1" 404 1140
172.22.2.4 - - [27/Jan/2024:15:40:35 -0500] "GET /BLA/boletinlegal/apple-touch-icon-precomposed.png HTTP/1.1" 404 1140
172.22.2.4 - - [27/Jan/2024:15:40:35 -0500] "GET /BLA/boletinlegal/apple-touch-icon.png HTTP/1.1" 404 1140
172.22.2.4 - - [27/Jan/2024:15:40:35 -0500] "GET /BLA/boletinlegal/favicon.ico HTTP/1.1" 404 1140
172.22.2.4 - - [27/Jan/2024:15:40:35 -0500] "GET /BLA/boletinlegal/apple-touch-icon-120x120-precomposed.png HTTP/1.1" 404 1140
172.22.2.4 - - [27/Jan/2024:15:40:35 -0500] "GET /BLA/boletinlegal/apple-touch-icon-120x120.png HTTP/1.1" 404 1140
172.22.2.4 - - [27/Jan/2024:15:40:35 -0500] "GET /BLA/boletinlegal/apple-touch-icon-precomposed.png HTTP/1.1" 404 1140
172.22.2.4 - - [27/Jan/2024:15:40:35 -0500] "GET /BLA/boletinlegal/apple-touch-icon.png HTTP/1.1" 404 1140
172.22.2.4 - - [27/Jan/2024:15:40:35 -0500] "GET /BLA/boletinlegal/favicon.ico HTTP/1.1" 404 1140
201.245.192.253 - - [27/Jan/2024:15:40:34 -0500] "POST /kwsrmcab/Wsrmcab HTTP/1.1" 200 39993
200.118.80.127 - - [27/Jan/2024:15:41:03 -0500] "POST /sipse/faces/presentacion/financiero/solicitudProceso/consultar.xhtml HTTP/1.1" 200 23189
200.118.80.127 - - [27/Jan/2024:15:41:07 -0500] "POST /sipse/faces/presentacion/financiero/solicitudProceso/consultar.xhtml HTTP/1.1" 200 12941
172.22.2.4 - - [27/Jan/2024:15:39:33 -0500] "GET /BLA/boletinlegal/index.php HTTP/1.1" 200 47164
172.22.2.4 - - [27/Jan/2024:15:39:34 -0500] "GET /BLA/boletinlegal/index.php HTTP/1.1" 200 47164
201.245.192.253 - - [27/Jan/2024:15:42:51 -0500] "POST /kwsrmcab/Wsrmcab  HTTP/1.1" 200 37857
172.22.2.4 - - [27/Jan/2024:15:42:47 -0500] "HEAD /BLA/boletinlegal/ HTTP/1.1" 200 -
216.245.221.92 - - [27/Jan/2024:15:44:59 -0500] "HEAD / HTTP/1.1" 200 -
172.22.2.4 - - [27/Jan/2024:15:43:38 -0500] "GET /BLA/boletinlegal/ HTTP/1.1" 200 58220
47.128.36.144 - - [27/Jan/2024:15:46:24 -0500] "GET /BLA/resoluciones/index.php?dir=RESOLUCIONES%202003%2FRES%202003%201401-1450%2F&order=asc&sort=name HTTP/1.1" 200 12156
47.128.36.144 - - [27/Jan/2024:15:46:25 -0500] "GET /BLA/resoluciones/dlf/dirup.png HTTP/1.1" 200 644
47.128.36.144 - - [27/Jan/2024:15:46:25 -0500] "GET /BLA/resoluciones/dlf/unknown.png HTTP/1.1" 200 266
201.245.192.253 - - [27/Jan/2024:15:47:50 -0500] "POST /kwsrmcab/Wsrmcab  HTTP/1.1" 200 37857
114.119.155.96 - - [27/Jan/2024:15:48:42 -0500] "GET /BLA/resoluciones/index.php?dir=AUTOS%2B2005/&sort=name&order=desc HTTP/1.1" 200 14290
40.77.167.62 - - [27/Jan/2024:15:49:39 -0500] "GET /Publicaciones/2023EE213986.pdf HTTP/1.1" 404 228
216.245.221.92 - - [27/Jan/2024:15:49:59 -0500] "HEAD / HTTP/1.1" 200 -
172.22.2.4 - - [27/Jan/2024:15:48:37 -0500] "HEAD /BLA/boletinlegal/ HTTP/1.1" 200 -
172.22.2.4 - - [27/Jan/2024:15:49:28 -0500] "GET /BLA/boletinlegal/ HTTP/1.1" 200 59104
191.108.22.181 - - [27/Jan/2024:15:51:27 -0500] "GET /catalogoisis/ HTTP/1.1" 200 8575
191.108.22.181 - - [27/Jan/2024:15:51:28 -0500] "GET /catalogoisis/Css/Busqueda.css HTTP/1.1" 200 1995
191.108.22.181 - - [27/Jan/2024:15:51:28 -0500] "GET /catalogoisis/Js/AceptarLimpiar.js HTTP/1.1" 200 331
191.108.22.181 - - [27/Jan/2024:15:51:28 -0500] "GET /catalogoisis/Js/Cookies.js HTTP/1.1" 200 1369
191.108.22.181 - - [27/Jan/2024:15:51:28 -0500] "GET /catalogoisis/Js/CriterioCombinada.js HTTP/1.1" 200 1843
191.108.22.181 - - [27/Jan/2024:15:51:28 -0500] "GET /catalogoisis/Js/Go.js HTTP/1.1" 200 364
191.108.22.181 - - [27/Jan/2024:15:51:28 -0500] "GET /catalogoisis/Js/Numero.js HTTP/1.1" 200 398
191.108.22.181 - - [27/Jan/2024:15:51:28 -0500] "GET /catalogoisis/Js/Remote.js HTTP/1.1" 200 436
191.108.22.181 - - [27/Jan/2024:15:51:28 -0500] "GET /catalogoisis/Js/LimpiarCombinada.js HTTP/1.1" 200 207
191.108.22.181 - - [27/Jan/2024:15:51:28 -0500] "GET /catalogoisis/Js/Enter.js HTTP/1.1" 200 1208
191.108.22.181 - - [27/Jan/2024:15:51:28 -0500] "GET /catalogoisis/imagenes/br1c1.gif HTTP/1.1" 200 172
191.108.22.181 - - [27/Jan/2024:15:51:28 -0500] "GET /catalogoisis/imagenes/br1c3.gif HTTP/1.1" 200 302
191.108.22.181 - - [27/Jan/2024:15:51:28 -0500] "GET /catalogoisis/imagenes/Header.gif HTTP/1.1" 200 27040
191.108.22.181 - - [27/Jan/2024:15:51:28 -0500] "GET /catalogoisis/imagenes/Turnbo1.gif HTTP/1.1" 200 227
191.108.22.181 - - [27/Jan/2024:15:51:28 -0500] "GET /catalogoisis/imagenes/aceptar1.gif HTTP/1.1" 200 604
191.108.22.181 - - [27/Jan/2024:15:51:28 -0500] "GET /catalogoisis/imagenes/limpiar1.gif HTTP/1.1" 200 606
191.108.22.181 - - [27/Jan/2024:15:51:28 -0500] "GET /catalogoisis/imagenes/br3c1.gif HTTP/1.1" 200 177
191.108.22.181 - - [27/Jan/2024:15:51:28 -0500] "GET /catalogoisis/imagenes/br3c2.gif HTTP/1.1" 200 285
191.108.22.181 - - [27/Jan/2024:15:51:28 -0500] "GET /catalogoisis/imagenes/br3c3.gif HTTP/1.1" 200 186
191.108.22.181 - - [27/Jan/2024:15:51:28 -0500] "GET /catalogoisis/imagenes/br1c2.gif HTTP/1.1" 200 297
191.108.22.181 - - [27/Jan/2024:15:51:28 -0500] "GET /catalogoisis/imagenes/br2c2.gif HTTP/1.1" 200 302
191.108.22.181 - - [27/Jan/2024:15:51:28 -0500] "GET /catalogoisis/imagenes/br2c1.gif HTTP/1.1" 200 297
191.108.22.181 - - [27/Jan/2024:15:51:28 -0500] "GET /catalogoisis/imagenes/br2c3.gif HTTP/1.1" 200 416
191.108.22.181 - - [27/Jan/2024:15:51:28 -0500] "GET /favicon.ico HTTP/1.1" 200 7782
201.245.192.253 - - [27/Jan/2024:15:52:49 -0500] "POST /kwsrmcab/Wsrmcab  HTTP/1.1" 200 37857
216.245.221.92 - - [27/Jan/2024:15:54:59 -0500] "HEAD / HTTP/1.1" 200 -
206.206.198.5 - - [27/Jan/2024:15:55:45 -0500] "GET /portaldeninos/wp-content/uploads/2020/06/mapa-humedales-de-bogot%C3%A1-1.jpg HTTP/1.1" 200 1170768
172.22.2.4 - - [27/Jan/2024:15:54:27 -0500] "HEAD /BLA/boletinlegal/ HTTP/1.1" 200 -
66.249.66.20 - - [27/Jan/2024:15:56:50 -0500] "GET /portel_dama/libreria/pdf/ecosistemas/restauracion/sitio/22_proye/xtras_in/3a.pdf HTTP/1.1" 404 1018
172.22.2.4 - - [27/Jan/2024:15:55:18 -0500] "GET /BLA/boletinlegal/ HTTP/1.1" 200 60583
172.22.2.4 - - [27/Jan/2024:15:57:25 -0500] "GET /BLA/boletinlegal/normativa.php HTTP/1.1" 200 8397
201.245.192.253 - - [27/Jan/2024:15:57:47 -0500] "POST /kwsrmcab/Wsrmcab  HTTP/1.1" 200 37857
152.203.168.251 - - [27/Jan/2024:15:58:07 -0500] "GET /kwssiamovil/sm/acme/u?s=U2FsdGVkX19rFtt/Y9Imdk03aGZgHQjsaZGMJQDzV/XZL1UKWA69pRZw+8Lt2brEVv4npivBjU/PEQ5rvqgwCeBjmcSqR3jlx8Pfg3GSK2bYiIAcFvAiZoR6L85cRGwjQonJRB0Fb6oIFkU+XA3aaLhkyfhqde2qObl0V8bG0wc=&u=U2FsdGVkX1/R2tK+F+NK957wE3D3JG8t7K9mm/HU9z4pPbYjs8N46KhYKhocB76L&y=U2FsdGVkX19FiLp7O8crvHkVVIMusMSuWu9CVFBjNRbIM7BFwTnjGqgmNPuoFDbp HTTP/1.1" 200 60
35.204.188.114 - - [27/Jan/2024:15:58:45 -0500] "GET /galeria/galeria/fotos/Humedal-techo1P.jpg HTTP/1.1" 200 33428
66.249.66.20 - - [27/Jan/2024:15:59:00 -0500] "GET /BLA/resoluciones/RESOLUCIONES%202008/1567.pdf HTTP/1.1" 200 321737
216.245.221.92 - - [27/Jan/2024:15:59:59 -0500] "HEAD / HTTP/1.1" 200 -
52.70.240.171 - - [27/Jan/2024:16:00:49 -0500] "GET /robots.txt HTTP/1.1" 404 1018
200.118.80.128 - - [27/Jan/2024:16:00:49 -0500] "POST /sipse/faces/presentacion/financiero/solicitudProceso/listarSolicitudProceso.xhtml HTTP/1.1" 200 19752
3.224.220.101 - - [27/Jan/2024:16:00:53 -0500] "GET /BLA/resoluciones/RESOLUCIONES%202014/3653.pdf HTTP/1.1" 200 1687850
200.118.80.128 - - [27/Jan/2024:16:00:56 -0500] "POST /sipse/faces/presentacion/financiero/solicitudProceso/listarSolicitudProceso.xhtml HTTP/1.1" 200 141394
200.118.80.128 - - [27/Jan/2024:16:00:57 -0500] "GET /sipse/faces/javax.faces.resource/theme.css?ln=primefaces-sipse HTTP/1.1" 304 -
200.118.80.128 - - [27/Jan/2024:16:00:57 -0500] "GET /sipse/faces/javax.faces.resource/primefaces.css?ln=primefaces&v=4.0 HTTP/1.1" 304 -
200.118.80.128 - - [27/Jan/2024:16:00:57 -0500] "GET /sipse/faces/javax.faces.resource/layout/layout.css?ln=primefaces&v=4.0 HTTP/1.1" 304 -
200.118.80.128 - - [27/Jan/2024:16:00:57 -0500] "GET /sipse/css/imagen/contrasena.png HTTP/1.1" 404 383
200.118.80.128 - - [27/Jan/2024:16:00:57 -0500] "GET /sipse/faces/javax.faces.resource/jquery/jquery.js?ln=primefaces&v=4.0 HTTP/1.1" 304 -
200.118.80.128 - - [27/Jan/2024:16:00:58 -0500] "GET /sipse/faces/javax.faces.resource/jquery/jquery-plugins.js?ln=primefaces&v=4.0 HTTP/1.1" 304 -
200.118.80.128 - - [27/Jan/2024:16:00:58 -0500] "GET /sipse/faces/javax.faces.resource/primefaces.js?ln=primefaces&v=4.0 HTTP/1.1" 304 -
200.118.80.128 - - [27/Jan/2024:16:00:58 -0500] "GET /sipse/faces/javax.faces.resource/layout/layout.js?ln=primefaces&v=4.0 HTTP/1.1" 304 -
200.118.80.128 - - [27/Jan/2024:16:00:58 -0500] "GET /sipse/faces/javax.faces.resource/images/ui-icons_898989_256x240.png?ln=primefaces-aristo HTTP/1.1" 304 -
200.118.80.128 - - [27/Jan/2024:16:01:12 -0500] "POST /sipse/faces/presentacion/financiero/solicitudProceso/consultarSolicitudProceso.xhtml HTTP/1.1" 200 21131
200.118.80.128 - - [27/Jan/2024:16:01:13 -0500] "GET /sipse/faces/javax.faces.resource/theme.css?ln=primefaces-sipse HTTP/1.1" 304 -
200.118.80.128 - - [27/Jan/2024:16:01:13 -0500] "GET /sipse/faces/javax.faces.resource/primefaces.css?ln=primefaces&v=4.0 HTTP/1.1" 304 -
200.118.80.128 - - [27/Jan/2024:16:01:13 -0500] "GET /sipse/faces/javax.faces.resource/layout/layout.css?ln=primefaces&v=4.0 HTTP/1.1" 304 -
200.118.80.128 - - [27/Jan/2024:16:01:13 -0500] "GET /sipse/faces/javax.faces.resource/jquery/jquery.js?ln=primefaces&v=4.0 HTTP/1.1" 304 -
200.118.80.128 - - [27/Jan/2024:16:01:13 -0500] "GET /sipse/faces/javax.faces.resource/fileupload/fileupload.css?ln=primefaces&v=4.0 HTTP/1.1" 304 -
200.118.80.128 - - [27/Jan/2024:16:01:13 -0500] "GET /sipse/faces/javax.faces.resource/primefaces.js?ln=primefaces&v=4.0 HTTP/1.1" 304 -
200.118.80.128 - - [27/Jan/2024:16:01:13 -0500] "GET /sipse/faces/javax.faces.resource/layout/layout.js?ln=primefaces&v=4.0 HTTP/1.1" 304 -
200.118.80.128 - - [27/Jan/2024:16:01:13 -0500] "GET /sipse/faces/javax.faces.resource/jquery/jquery-plugins.js?ln=primefaces&v=4.0 HTTP/1.1" 304 -
200.118.80.128 - - [27/Jan/2024:16:01:13 -0500] "GET /sipse/faces/javax.faces.resource/fileupload/fileupload.js?ln=primefaces&v=4.0 HTTP/1.1" 304 -
200.118.80.128 - - [27/Jan/2024:16:01:13 -0500] "GET /sipse/css/imagen/contrasena.png HTTP/1.1" 404 383
200.118.80.128 - - [27/Jan/2024:16:01:13 -0500] "GET /sipse/faces/javax.faces.resource/images/ui-icons_898989_256x240.png?ln=primefaces-aristo HTTP/1.1" 304 -
200.118.80.128 - - [27/Jan/2024:16:01:30 -0500] "GET /sipse/faces/javax.faces.resource/theme.css?ln=primefaces-sipse HTTP/1.1" 304 -
200.118.80.128 - - [27/Jan/2024:16:01:30 -0500] "GET /sipse/faces/javax.faces.resource/primefaces.css?ln=primefaces&v=4.0 HTTP/1.1" 304 -
200.118.80.128 - - [27/Jan/2024:16:01:30 -0500] "GET /sipse/faces/javax.faces.resource/jquery/jquery-plugins.js?ln=primefaces&v=4.0 HTTP/1.1" 304 -
200.118.80.128 - - [27/Jan/2024:16:01:30 -0500] "GET /sipse/faces/javax.faces.resource/layout/layout.css?ln=primefaces&v=4.0 HTTP/1.1" 304 -
200.118.80.128 - - [27/Jan/2024:16:01:30 -0500] "GET /sipse/faces/javax.faces.resource/jquery/jquery.js?ln=primefaces&v=4.0 HTTP/1.1" 304 -
200.118.80.128 - - [27/Jan/2024:16:01:30 -0500] "GET /sipse/faces/javax.faces.resource/primefaces.js?ln=primefaces&v=4.0 HTTP/1.1" 304 -
200.118.80.128 - - [27/Jan/2024:16:01:30 -0500] "GET /sipse/faces/javax.faces.resource/layout/layout.js?ln=primefaces&v=4.0 HTTP/1.1" 304 -
200.118.80.128 - - [27/Jan/2024:16:01:29 -0500] "POST /sipse/faces/presentacion/sistema/anexos/cargarAnexoSolicitudProceso.xhtml HTTP/1.1" 200 188990
200.118.80.128 - - [27/Jan/2024:16:01:30 -0500] "GET /sipse/faces/javax.faces.resource/images/ui-icons_898989_256x240.png?ln=primefaces-aristo HTTP/1.1" 304 -
200.118.80.128 - - [27/Jan/2024:16:01:48 -0500] "GET /sipse/faces/javax.faces.resource/images/ui-bg_flat_0_2d5972_40x100.png?ln=primefaces-aristo HTTP/1.1" 304 -
200.118.80.128 - - [27/Jan/2024:16:01:49 -0500] "POST /sipse/faces/presentacion/financiero/solicitudProceso/consultarSolicitudProceso.xhtml HTTP/1.1" 200 37646
200.118.80.128 - - [27/Jan/2024:16:01:54 -0500] "GET /sipse/faces/javax.faces.resource/theme.css?ln=primefaces-sipse HTTP/1.1" 304 -
200.118.80.128 - - [27/Jan/2024:16:01:54 -0500] "GET /sipse/faces/javax.faces.resource/primefaces.css?ln=primefaces&v=4.0 HTTP/1.1" 304 -
200.118.80.128 - - [27/Jan/2024:16:01:54 -0500] "GET /sipse/faces/javax.faces.resource/layout/layout.css?ln=primefaces&v=4.0 HTTP/1.1" 304 -
200.118.80.128 - - [27/Jan/2024:16:01:54 -0500] "GET /sipse/faces/javax.faces.resource/jquery/jquery.js?ln=primefaces&v=4.0 HTTP/1.1" 304 -
200.118.80.128 - - [27/Jan/2024:16:01:54 -0500] "GET /sipse/faces/javax.faces.resource/jquery/jquery-plugins.js?ln=primefaces&v=4.0 HTTP/1.1" 304 -
200.118.80.128 - - [27/Jan/2024:16:01:54 -0500] "GET /sipse/faces/javax.faces.resource/primefaces.js?ln=primefaces&v=4.0 HTTP/1.1" 304 -
200.118.80.128 - - [27/Jan/2024:16:01:54 -0500] "GET /sipse/faces/javax.faces.resource/layout/layout.js?ln=primefaces&v=4.0 HTTP/1.1" 304 -
200.118.80.128 - - [27/Jan/2024:16:01:54 -0500] "GET /sipse/faces/javax.faces.resource/messages/messages.png?ln=primefaces&v=4.0 HTTP/1.1" 304 -
40.77.167.20 - - [27/Jan/2024:16:01:55 -0500] "GET /BLA/resoluciones/index.php?dir=AUTOS+2017%2F HTTP/1.1" 200 483810
200.118.80.128 - - [27/Jan/2024:16:01:54 -0500] "POST /sipse/faces/presentacion/financiero/solicitudProceso/listarSolicitudProceso.xhtml HTTP/1.1" 200 1396
172.22.2.4 - - [27/Jan/2024:16:00:17 -0500] "HEAD /BLA/boletinlegal/ HTTP/1.1" 200 -
200.118.80.128 - - [27/Jan/2024:16:02:02 -0500] "POST /sipse/faces/presentacion/financiero/solicitudProceso/listarSolicitudProceso.xhtml HTTP/1.1" 200 19721
172.22.2.4 - - [27/Jan/2024:16:02:22 -0500] "GET /BLA/boletinlegal/actos.php HTTP/1.1" 200 9738
172.22.2.4 - - [27/Jan/2024:16:02:22 -0500] "GET /BLA/boletinlegal/styles2.css HTTP/1.1" 200 1838
172.22.2.4 - - [27/Jan/2024:16:02:22 -0500] "GET /BLA/boletinlegal/niceforms-default.css HTTP/1.1" 200 6694
172.22.2.4 - - [27/Jan/2024:16:02:22 -0500] "GET /BLA/boletinlegal/style.css HTTP/1.1" 200 9406
172.22.2.4 - - [27/Jan/2024:16:02:22 -0500] "GET /BLA/boletinlegal/js/ajax_actos.js HTTP/1.1" 200 1322
172.22.2.4 - - [27/Jan/2024:16:02:22 -0500] "GET /BLA/boletinlegal/niceforms.js HTTP/1.1" 200 22876
172.22.2.4 - - [27/Jan/2024:16:02:22 -0500] "GET /BLA/boletinlegal/js/popup.js HTTP/1.1" 200 1270
172.22.2.4 - - [27/Jan/2024:16:02:22 -0500] "GET /BLA/boletinlegal/js/lib.js HTTP/1.1" 200 6474
172.22.2.4 - - [27/Jan/2024:16:02:22 -0500] "GET /BLA/boletinlegal/js/jquery1.js HTTP/1.1" 200 29846
172.22.2.4 - - [27/Jan/2024:16:02:22 -0500] "GET /BLA/boletinlegal/images/cabezote%20BLEGAL.jpg HTTP/1.1" 200 118164
172.22.2.4 - - [27/Jan/2024:16:02:22 -0500] "GET /BLA/boletinlegal/images/subscribe-icon-big.png HTTP/1.1" 200 47702
172.22.2.4 - - [27/Jan/2024:16:02:22 -0500] "GET /BLA/boletinlegal/images/historia.png HTTP/1.1" 200 52775
172.22.2.4 - - [27/Jan/2024:16:02:22 -0500] "GET /BLA/boletinlegal/images/registro-usuarios.png HTTP/1.1" 200 8106
172.22.2.4 - - [27/Jan/2024:16:02:22 -0500] "GET /BLA/boletinlegal/images/green-yellow-blue-pink-th.png HTTP/1.1" 200 7394
172.22.2.4 - - [27/Jan/2024:16:02:22 -0500] "GET /BLA/boletinlegal/images/tel.png HTTP/1.1" 200 14477
172.22.2.4 - - [27/Jan/2024:16:02:22 -0500] "GET /BLA/boletinlegal/images/body_bg.jpg HTTP/1.1" 200 1601
172.22.2.4 - - [27/Jan/2024:16:02:23 -0500] "GET /BLA/boletinlegal/images/icono-email.png HTTP/1.1" 200 5544
172.22.2.4 - - [27/Jan/2024:16:02:23 -0500] "GET /BLA/boletinlegal/images/menu_rght.gif HTTP/1.1" 200 1627
172.22.2.4 - - [27/Jan/2024:16:02:23 -0500] "GET /BLA/boletinlegal/images/menu_lft.gif HTTP/1.1" 200 1713
172.22.2.4 - - [27/Jan/2024:16:02:23 -0500] "GET /BLA/boletinlegal/images/bg_top.jpg HTTP/1.1" 200 522
172.22.2.4 - - [27/Jan/2024:16:02:23 -0500] "GET /BLA/boletinlegal/images/menu_bg.jpg HTTP/1.1" 200 620
172.22.2.4 - - [27/Jan/2024:16:02:23 -0500] "GET /BLA/boletinlegal/images/hover.jpg HTTP/1.1" 200 640
172.22.2.4 - - [27/Jan/2024:16:02:23 -0500] "GET /BLA/boletinlegal/images/text.jpg HTTP/1.1" 200 568
172.22.2.4 - - [27/Jan/2024:16:02:23 -0500] "GET /BLA/boletinlegal/images/footer_bg.jpg HTTP/1.1" 200 586
172.22.2.4 - - [27/Jan/2024:16:02:23 -0500] "GET /BLA/boletinlegal/images/footer_bg_l.jpg HTTP/1.1" 200 776
172.22.2.4 - - [27/Jan/2024:16:02:23 -0500] "GET /BLA/boletinlegal/img/0.png HTTP/1.1" 200 110
172.22.2.4 - - [27/Jan/2024:16:02:23 -0500] "GET /BLA/boletinlegal/img/select-right.png HTTP/1.1" 200 44019
172.22.2.4 - - [27/Jan/2024:16:02:23 -0500] "GET /BLA/boletinlegal/img/select-left.png HTTP/1.1" 200 263
172.22.2.4 - - [27/Jan/2024:16:02:23 -0500] "GET /BLA/boletinlegal/img/button-left.png HTTP/1.1" 200 57071
172.22.2.4 - - [27/Jan/2024:16:02:23 -0500] "GET /BLA/boletinlegal/img/button.png HTTP/1.1" 200 43241
172.22.2.4 - - [27/Jan/2024:16:02:23 -0500] "GET /BLA/boletinlegal/img/button-right.png HTTP/1.1" 200 57878
172.22.2.4 - - [27/Jan/2024:16:02:23 -0500] "GET /BLA/boletinlegal/favicon.ico HTTP/1.1" 404 1326
186.84.21.77 - - [27/Jan/2024:16:02:25 -0500] "GET /BLA/resoluciones/dlf/styles.css HTTP/1.1" 200 3049
186.84.21.77 - - [27/Jan/2024:16:02:25 -0500] "GET /BLA/resoluciones/ HTTP/1.1" 200 14105
186.84.21.77 - - [27/Jan/2024:16:02:26 -0500] "GET /BLA/resoluciones/dlf/folder.png HTTP/1.1" 200 410
186.84.21.77 - - [27/Jan/2024:16:02:26 -0500] "GET /BLA/resoluciones/dlf/bg.gif HTTP/1.1" 200 54
186.84.21.77 - - [27/Jan/2024:16:02:26 -0500] "GET /favicon.ico HTTP/1.1" 200 7782
186.84.21.77 - - [27/Jan/2024:16:02:27 -0500] "GET /BLA/resoluciones/index.php?dir=AUTOS+2023%2F HTTP/1.1" 200 12235
186.84.21.77 - - [27/Jan/2024:16:02:28 -0500] "GET /BLA/resoluciones/dlf/dirup.png HTTP/1.1" 200 644
186.84.21.77 - - [27/Jan/2024:16:02:28 -0500] "GET /BLA/resoluciones/dlf/pdf.gif HTTP/1.1" 200 272
186.84.21.77 - - [27/Jan/2024:16:02:28 -0500] "GET /BLA/resoluciones/dlf/archive.png HTTP/1.1" 200 632
186.84.21.77 - - [27/Jan/2024:16:02:28 -0500] "GET /BLA/resoluciones/index.php?dir=AUTOS+2023%2F HTTP/1.1" 200 487413
201.245.192.253 - - [27/Jan/2024:16:02:46 -0500] "POST /kwsrmcab/Wsrmcab  HTTP/1.1" 200 37857
172.22.2.4 - - [27/Jan/2024:16:01:08 -0500] "GET /BLA/boletinlegal/ HTTP/1.1" 200 60583
146.19.24.23 - - [27/Jan/2024:16:03:10 -0500] "GET / HTTP/1.1" 200 319
200.118.80.128 - - [27/Jan/2024:16:04:22 -0500] "POST /sipse/faces/presentacion/financiero/solicitudProceso/listarSolicitudProceso.xhtml HTTP/1.1" 200 46943
200.118.80.128 - - [27/Jan/2024:16:04:25 -0500] "POST /sipse/faces/presentacion/financiero/solicitudProceso/listarSolicitudProceso.xhtml HTTP/1.1" 200 19826
200.118.80.128 - - [27/Jan/2024:16:04:29 -0500] "POST /sipse/faces/presentacion/financiero/solicitudProceso/listarSolicitudProceso.xhtml HTTP/1.1" 200 137004
200.118.80.128 - - [27/Jan/2024:16:04:30 -0500] "GET /sipse/faces/javax.faces.resource/theme.css?ln=primefaces-sipse HTTP/1.1" 304 -
200.118.80.128 - - [27/Jan/2024:16:04:30 -0500] "GET /sipse/faces/javax.faces.resource/primefaces.css?ln=primefaces&v=4.0 HTTP/1.1" 304 -
200.118.80.128 - - [27/Jan/2024:16:04:30 -0500] "GET /sipse/faces/javax.faces.resource/layout/layout.css?ln=primefaces&v=4.0 HTTP/1.1" 304 -
200.118.80.128 - - [27/Jan/2024:16:04:30 -0500] "GET /sipse/faces/javax.faces.resource/jquery/jquery.js?ln=primefaces&v=4.0 HTTP/1.1" 304 -
200.118.80.128 - - [27/Jan/2024:16:04:30 -0500] "GET /sipse/faces/javax.faces.resource/jquery/jquery-plugins.js?ln=primefaces&v=4.0 HTTP/1.1" 304 -
200.118.80.128 - - [27/Jan/2024:16:04:30 -0500] "GET /sipse/faces/javax.faces.resource/primefaces.js?ln=primefaces&v=4.0 HTTP/1.1" 304 -
200.118.80.128 - - [27/Jan/2024:16:04:30 -0500] "GET /sipse/faces/javax.faces.resource/layout/layout.js?ln=primefaces&v=4.0 HTTP/1.1" 304 -
216.245.221.92 - - [27/Jan/2024:16:04:59 -0500] "HEAD / HTTP/1.1" 200 -
47.128.27.212 - - [27/Jan/2024:16:05:35 -0500] "GET /BLA/resoluciones/dlf/dirup.png HTTP/1.1" 200 644
47.128.27.212 - - [27/Jan/2024:16:05:35 -0500] "GET /BLA/resoluciones/dlf/unknown.png HTTP/1.1" 200 266
47.128.27.212 - - [27/Jan/2024:16:05:34 -0500] "GET /BLA/resoluciones/index.php?dir=AUTOS%202006%2FAUTOS%202006%201901%20-%202000%2F&order=asc&sort=date HTTP/1.1" 200 22186
66.249.66.19 - - [27/Jan/2024:16:05:44 -0500] "GET /BLA/resoluciones/RESOLUCIONES%202009/5805.pdf HTTP/1.1" 200 171107
66.249.66.20 - - [27/Jan/2024:16:06:21 -0500] "GET /BLA/resoluciones/RESOLUCIONES%202008/4598.pdf HTTP/1.1" 200 489997
66.249.66.20 - - [27/Jan/2024:16:06:55 -0500] "GET /BLA/resoluciones/AUTOS%202011/4529.pdf HTTP/1.1" 200 190734
172.22.2.4 - - [27/Jan/2024:16:07:26 -0500] "GET /BLA/boletinlegal/normativa.php HTTP/1.1" 200 8397
172.22.2.4 - - [27/Jan/2024:16:07:26 -0500] "GET /BLA/boletinlegal/styles2.css HTTP/1.1" 200 1838
172.22.2.4 - - [27/Jan/2024:16:07:26 -0500] "GET /BLA/boletinlegal/js/ajax_normativa.js HTTP/1.1" 200 1154
172.22.2.4 - - [27/Jan/2024:16:07:26 -0500] "GET /BLA/boletinlegal/style.css HTTP/1.1" 200 9406
172.22.2.4 - - [27/Jan/2024:16:07:26 -0500] "GET /BLA/boletinlegal/niceforms.js HTTP/1.1" 200 22876
172.22.2.4 - - [27/Jan/2024:16:07:26 -0500] "GET /BLA/boletinlegal/niceforms-default.css HTTP/1.1" 200 6694
172.22.2.4 - - [27/Jan/2024:16:07:26 -0500] "GET /BLA/boletinlegal/images/cabezote%20BLEGAL.jpg HTTP/1.1" 200 118164
172.22.2.4 - - [27/Jan/2024:16:07:26 -0500] "GET /BLA/boletinlegal/images/subscribe-icon-big.png HTTP/1.1" 200 47702
172.22.2.4 - - [27/Jan/2024:16:07:26 -0500] "GET /BLA/boletinlegal/images/registro-usuarios.png HTTP/1.1" 200 8106
172.22.2.4 - - [27/Jan/2024:16:07:26 -0500] "GET /BLA/boletinlegal/images/historia.png HTTP/1.1" 200 52775
172.22.2.4 - - [27/Jan/2024:16:07:26 -0500] "GET /BLA/boletinlegal/images/icono-email.png HTTP/1.1" 200 5544
172.22.2.4 - - [27/Jan/2024:16:07:26 -0500] "GET /BLA/boletinlegal/images/tel.png HTTP/1.1" 200 14477
172.22.2.4 - - [27/Jan/2024:16:07:26 -0500] "GET /BLA/boletinlegal/images/body_bg.jpg HTTP/1.1" 200 1601
172.22.2.4 - - [27/Jan/2024:16:07:26 -0500] "GET /BLA/boletinlegal/images/menu_lft.gif HTTP/1.1" 200 1713
172.22.2.4 - - [27/Jan/2024:16:07:26 -0500] "GET /BLA/boletinlegal/images/menu_rght.gif HTTP/1.1" 200 1627
172.22.2.4 - - [27/Jan/2024:16:07:26 -0500] "GET /BLA/boletinlegal/images/bg_top.jpg HTTP/1.1" 200 522
172.22.2.4 - - [27/Jan/2024:16:07:26 -0500] "GET /BLA/boletinlegal/images/menu_bg.jpg HTTP/1.1" 200 620
172.22.2.4 - - [27/Jan/2024:16:07:26 -0500] "GET /BLA/boletinlegal/images/hover.jpg HTTP/1.1" 200 640
172.22.2.4 - - [27/Jan/2024:16:07:26 -0500] "GET /BLA/boletinlegal/images/text.jpg HTTP/1.1" 200 568
172.22.2.4 - - [27/Jan/2024:16:07:26 -0500] "GET /BLA/boletinlegal/images/footer_bg.jpg HTTP/1.1" 200 586
172.22.2.4 - - [27/Jan/2024:16:07:26 -0500] "GET /BLA/boletinlegal/images/footer_bg_l.jpg HTTP/1.1" 200 776
172.22.2.4 - - [27/Jan/2024:16:07:26 -0500] "GET /BLA/boletinlegal/img/0.png HTTP/1.1" 200 110
172.22.2.4 - - [27/Jan/2024:16:07:26 -0500] "GET /BLA/boletinlegal/img/select-left.png HTTP/1.1" 200 263
172.22.2.4 - - [27/Jan/2024:16:07:26 -0500] "GET /BLA/boletinlegal/img/button-left.png HTTP/1.1" 200 57071
172.22.2.4 - - [27/Jan/2024:16:07:26 -0500] "GET /BLA/boletinlegal/img/select-right.png HTTP/1.1" 200 44019
172.22.2.4 - - [27/Jan/2024:16:07:26 -0500] "GET /BLA/boletinlegal/img/button.png HTTP/1.1" 200 43241
172.22.2.4 - - [27/Jan/2024:16:07:26 -0500] "GET /BLA/boletinlegal/img/button-right.png HTTP/1.1" 200 57878
172.22.2.4 - - [27/Jan/2024:16:07:26 -0500] "GET /BLA/boletinlegal/favicon.ico HTTP/1.1" 404 1334
172.22.2.4 - - [27/Jan/2024:16:07:42 -0500] "GET /BLA/boletinlegal/consulta_normativa.php?tipo=Resolucion&sector=concesion&ano=&resuelve= HTTP/1.1" 200 861
172.22.2.4 - - [27/Jan/2024:16:07:42 -0500] "GET /BLA/boletinlegal/images/docs.png HTTP/1.1" 200 10288
201.245.192.253 - - [27/Jan/2024:16:07:44 -0500] "POST /kwsrmcab/Wsrmcab  HTTP/1.1" 200 37857
172.22.2.4 - - [27/Jan/2024:16:06:07 -0500] "HEAD /BLA/boletinlegal/ HTTP/1.1" 200 -
172.22.2.4 - - [27/Jan/2024:16:06:58 -0500] "GET /BLA/boletinlegal/ HTTP/1.1" 200 58720
216.245.221.92 - - [27/Jan/2024:16:09:59 -0500] "HEAD / HTTP/1.1" 200 -
216.244.66.195 - - [27/Jan/2024:16:11:21 -0500] "GET /BLA/resoluciones/AUTOS%202020/0862.pdf HTTP/1.1" 200 280028
216.244.66.195 - - [27/Jan/2024:16:11:27 -0500] "GET /BLA/resoluciones/AUTOS%202020/1010.pdf HTTP/1.1" 200 465611
66.249.65.5 - - [27/Jan/2024:16:11:42 -0500] "GET /secretaria-de-ambiente-recupera-cuatro-animales-silvestres-y-realiza-recorridos-para-identificar-fauna-herida-de-incendios-forestales.html HTTP/1.1" 200 902
216.244.66.195 - - [27/Jan/2024:16:12:00 -0500] "GET /BLA/resoluciones/AUTOS%202020/1181.pdf HTTP/1.1" 200 340873
172.22.2.4 - - [27/Jan/2024:16:12:32 -0500] "GET /BLA/boletinlegal/cache/.git/config HTTP/1.1" 404 1018
216.244.66.195 - - [27/Jan/2024:16:12:39 -0500] "GET /BLA/resoluciones/AUTOS%202020/1302.pdf HTTP/1.1" 200 350501
201.245.192.253 - - [27/Jan/2024:16:12:43 -0500] "POST /kwsrmcab/Wsrmcab  HTTP/1.1" 200 37857
186.102.90.249 - - [27/Jan/2024:16:13:09 -0500] "OPTIONS /kwssiamovil/sm/setfile/f? HTTP/1.1" 200 13
186.102.90.249 - - [27/Jan/2024:16:13:09 -0500] "POST /kwssiamovil/sm/setfile/f? HTTP/1.1" 200 381
216.244.66.195 - - [27/Jan/2024:16:13:13 -0500] "GET /BLA/resoluciones/AUTOS%202020/1441.pdf HTTP/1.1" 200 651173
186.102.90.249 - - [27/Jan/2024:16:13:31 -0500] "GET /kwssiamovil/sm/acme/a?s=U2FsdGVkX1/wRhz9jTCi0JM6x0ry6sSwiDK+W0mkBypor+K5eYOr+pKK6Kq1CKiTllgGMMUsDoe8JYemvt8ztsHMK0ewiUEU60mSZwgefmri14k1asX9nrIJPEqEr9dR4zDwJQEHxy60mMKqCBF6rC7Leaz//HfWD8/pB62cUjbSE35VW/SUBwJ7apy4AzgWaV9eykleQ8BLeoG2TG/RzG5fEwpcOMRJZSB7lC1V7RdSCkxb+LwyjLA1dk66w0HquWhivy/KhFCxtu5yZMNUjw==&u=U2FsdGVkX1/FslPB3pp6Fa3msK5lCGREt+d+qjolQMppD2d3KuUZlBTD1k275XLC&y=U2FsdGVkX19hQlJflKqlIfcqHOOGf658wJ/HE5rb1FogALeHM+YNILmZtVCqChJl HTTP/1.1" 200 26
186.102.90.249 - - [27/Jan/2024:16:13:31 -0500] "GET /kwssiamovil/sm/acme/a?s=U2FsdGVkX1/htK/FOz9YJ4oFFGjUttMYKTnAoxlKjMkjnj+kJQRGNFKb35VPFrsLUZq6Bb6DrYjuo2NFV+Mevi7dv2PaTC40RwxBNDXs4Sivy7k5fHIs1h0KH34bFV3NmAj1yLcfJzv3n0KKGrUxQun8y3ON7tGayWLL7IfVVjLRweqdfc5h7sNXWZbg/BXfXNNW3TChXGcPQjIGW8mutmL65AumJIAs4V2JU+nXKp8b6fBOcqEWEIl/GaMbCTpcipp9R36WXiz4ICLjVZDMLjuUMWhS7HVqj+Z7W3+yv2UXemtRgLb9vMr/s7zYOJdenprc9XjOkTe40xp0FKkL+3K0+vP7+OX5irjZe7p+ainSnVO8bmZJurxsjDQ5cnPfNH7dDyEUJP609jIvsfbgDDaRIfQbS5eVkNLiclUUmPfRtRBSiCdHZlQsLJhonfybbchs4M2hupsm6njaMvaz9JOsw0xjQiizg5tkSf+IXcKeEDaPqjdw3gux1KWW6s7yLi8HKdDgErAh/E3PnzEF9Zt6IBMrsA82pAmORXIXP9AIpcu3Pxxz9MyRkjwXa2BxhyTdUcS9HppMSj7v1D9T873cwHOlXSrSlCz/dLv08e2N4i0zj9ioX0uMvYCS9KELPfHbDd3VCl0LZOpJNHHz4d+FD4ui+E7MspFZh7QjUlSiWnoHV7m6+6mB3XrwJ8rYsoAbzqkVdBBmmxb+meUowePvosEy7fs4+QDzcA5V+LR8xffPvgTRdHSDWgmYG+MoCDkTvBE+LqU4blLeMKAXQpGA5f+/34mahB3eMIYadqa3293c90dJbU97IrZVd3YBSQeBbULGWB6Q64eivUrS5zdyYU7FCq3sTHsjz0G0hTkDj9Jv94HCp6DTP1O2QlgqTDl9NwfAvq3NyFF3C2JhglXsr7BSZvr4XBJXwv8y0plXxbcvHTTmw6VUfmRyi0J8MKMv94djdy/DcpVdC0b6WSi+vb/awxfVDalrSR8+xqPlitbhRLc91NSHyP5i2mEmuHijN3Dxow+fxU5szRiN5R3h4iCwPYIH3mfsHcLLxPEwmiyccpLMJJNujVEc6HLltsC3Pe2Jy1gP3wlKveXHsw/Azu+XG0O+yHHaO9O/esjmNGMyjuJCp78xFZjYRChvu2cBEnq2v62zbU+qZxaVRNrTCcAk3Qrd/dcoPBk22FIhi61aX3I/EYDgpNDhkrJMI85bYBDP8BMfbrjj7Jb3epWNSPnd4Qr6qtT+tuCTSWY+OQHSxllANcFHxGIFZCo/ESgsmHawyW7Fu90bJDMtx0IoU4FLiV6/vdtOxC40nK2nVrwW+bfwpYVVdRGHjUCUuGV+v9FLhc02PdvVfY/dIY7OLe9Fpaqh3ILdcLaR5B0oXV90d3fHkuJZGAQ8Sbz1NVxY5u6tYj7NGYF/+26HAXFHh5dgrYxUDlhnKocnvK67BOYJSLUH7lWV/nSQserazsa4Iy5ec2H5odYYLK3MFH5hyUvO+/L3pCDlnN4WkncBz1zbMER7Xf3J6HlWbm4PzpGVxhjmI0GeXvV1r3KyXlPByQZU2OXel1fybXltCJhkrgz/Yre3vSOeJlan1KaFv2uPBOS0yAhH3i0OFMGHTIiUgnOWsL6f6WUtmSfqWYs=&u=U2FsdGVkX1/FslPB3pp6Fa3msK5lCGREt+d+qjolQMppD2d3KuUZlBTD1k275XLC&y=U2FsdGVkX19hQlJflKqlIfcqHOOGf658wJ/HE5rb1FogALeHM+YNILmZtVCqChJl HTTP/1.1" 200 26
186.102.90.249 - - [27/Jan/2024:16:13:31 -0500] "GET /kwssiamovil/sm/acme/a?s=U2FsdGVkX18lJk6AFiFW4GlLtIDAAGrWs+IGZQfSvbDFZhz0iCzSKkTe/Xfx3b4eobpZCkI86CEizTieoUiaqTx2uE7jen8xcOoaads6P4/r2rnS/Z4tA8peX6uMDgLhCGpa+tJQn1teFqrHpMKVxagr+jo28X5ijjiCr1avE4o=&u=U2FsdGVkX1/FslPB3pp6Fa3msK5lCGREt+d+qjolQMppD2d3KuUZlBTD1k275XLC&y=U2FsdGVkX19hQlJflKqlIfcqHOOGf658wJ/HE5rb1FogALeHM+YNILmZtVCqChJl HTTP/1.1" 200 26
186.102.90.249 - - [27/Jan/2024:16:13:32 -0500] "GET /kwssiamovil/sm/acme/a?s=U2FsdGVkX1+qaTr7K/u3aWtUG0oVp6ldnQRZFQPQTzEBDxUlIHcLwUG/JdQNhy51zYNNdV9qN9n71vLc/Jn4QWicdFlfcr0Wmd0/jQMDvPsic5KfivBWXMa+nNYK/HsNXz7TNriWd4LRDJmjZjc9jxoC3qeH2PdR51kCVKAMmvE=&u=U2FsdGVkX1/FslPB3pp6Fa3msK5lCGREt+d+qjolQMppD2d3KuUZlBTD1k275XLC&y=U2FsdGVkX19hQlJflKqlIfcqHOOGf658wJ/HE5rb1FogALeHM+YNILmZtVCqChJl HTTP/1.1" 200 26
186.102.90.249 - - [27/Jan/2024:16:13:32 -0500] "GET /kwssiamovil/sm/acme/a?s=U2FsdGVkX194SvnEWeZLDNFdyO8h+j/v0Kpyfis7iQngvtQMda6RihLSJdGL+bpXbj/7hUE++JJFO6zhbSK8vQ3IvPfrgIHlrWCokUGdCfE5ed+sN9XrTS0/1PePBtkbFQRpknpTdkcgYZLMrlh6hoTVctRfIMtKbXkmR+dWUaQ=&u=U2FsdGVkX1/FslPB3pp6Fa3msK5lCGREt+d+qjolQMppD2d3KuUZlBTD1k275XLC&y=U2FsdGVkX19hQlJflKqlIfcqHOOGf658wJ/HE5rb1FogALeHM+YNILmZtVCqChJl HTTP/1.1" 200 26
186.102.90.249 - - [27/Jan/2024:16:13:32 -0500] "GET /kwssiamovil/sm/acme/a?s=U2FsdGVkX1+MnnC3myfilpWxsn7NkjqYu3hluLNzKR11N69DrhvbW3+YOlobeHTSXSAg5Y9hkGxGa9yic12FNzyMZXDa1a8RVPiil1Zm+oF8ZjBNM2hxQg36PzBa18Y5TqDQwXfaEgncXb114LkDoiL6M9w9vqMSccxYnGV/ue3EJg/rQ7R2mPLk1E0Vn5XeUvCBJP+fA30G+pviqqdfWg==&u=U2FsdGVkX1/FslPB3pp6Fa3msK5lCGREt+d+qjolQMppD2d3KuUZlBTD1k275XLC&y=U2FsdGVkX19hQlJflKqlIfcqHOOGf658wJ/HE5rb1FogALeHM+YNILmZtVCqChJl HTTP/1.1" 200 26
186.102.90.249 - - [27/Jan/2024:16:13:32 -0500] "GET /kwssiamovil/sm/acme/a?s=U2FsdGVkX18ZkSNPTtHGOunvvMzwVHzDWC8Q0nVXt59dXyTWS9aJDHSfY9guSLEc4QGZETM3FqhUvpEV4NIQp85A4HEHkdoqWZUkjyCZPWD0zMEk5xarRp4zSVEVmStz7wZle6XchYnH3uFcDK1lqCrtwKb3bg627NV2v3VMmq+bQsCKp1R3KI0HwIRp5p1HW9yNlJDKLzZHIKniGEpxw/LfXdI29aPCEQ8McqwZ2c1rN1doXtuirvQpDd+eHOu7DQLWR11oQCqBv8lvH/POH5Cg/lXAr0MynT4fw/O7O8UJ0lpV1aicNlBpydHjAJhtDJAs1BtX5POTfVRkAqL9p95nF/1RvCwQjG9duLOjc/5AnRFWqoeWd2LnNMnDahVpgOZocvduJs4vKqqNJoT+KMHsDx6xnUc//q9g2xaOhuPfv9nYKdMCXauOivJ7qWQGMMc64CLEerTT6W2u0asvcSIWajbVe6l4qLoZZ7lrFqZgTvtKLEYSA4w6poizl3P1&u=U2FsdGVkX1/FslPB3pp6Fa3msK5lCGREt+d+qjolQMppD2d3KuUZlBTD1k275XLC&y=U2FsdGVkX19hQlJflKqlIfcqHOOGf658wJ/HE5rb1FogALeHM+YNILmZtVCqChJl HTTP/1.1" 200 26
186.102.90.249 - - [27/Jan/2024:16:13:33 -0500] "GET /kwssiamovil/sm/acme/a?s=U2FsdGVkX1+6slspgRVGQ2+6Ef4MQU4ZrXdohh0B2A4GTXLl6U+kylJPd2aO7OzrND6VQjm5P+9+Z80zD1BpBUDiA770u+g/+sHh5gJfURiNpZkiKQj6UDEmntYvBpCHYTniHmU9OrNInqc4CH1h9R2WW0x4umy+beUv9Hpabd+dhn2EJXQRn8RwNoxqoM6xRtg1bq4AxvrPNzbID+twD26JooCgcuKScnEHNqUiXhalLXUcI4Zpa4vxAtp1yA3Poju/QIUxWHJRxK1ltSI8Tf5LbH7vCCSpJe5ajp8OR+jdjpLai5U/zqtp3fHFnQNtnbAQXkLO4xw7JdCMAOD9ZZBOF4svfAagZ6TG+o5BFJYSShO41S8mgL8C6eztMy3Z7hneo0t4eHPHB2R5hCZm6aviesq7s9oQYRXrCFq8UUiUjX5QQG6hrppi0XCnWScq1RFRqrj1cuA1aaN6Y5hIcw==&u=U2FsdGVkX1/FslPB3pp6Fa3msK5lCGREt+d+qjolQMppD2d3KuUZlBTD1k275XLC&y=U2FsdGVkX19hQlJflKqlIfcqHOOGf658wJ/HE5rb1FogALeHM+YNILmZtVCqChJl HTTP/1.1" 200 26
172.22.2.4 - - [27/Jan/2024:16:11:57 -0500] "HEAD /BLA/boletinlegal/ HTTP/1.1" 200 -
216.244.66.195 - - [27/Jan/2024:16:13:42 -0500] "GET /BLA/resoluciones/AUTOS%202020/2201.pdf HTTP/1.1" 200 359149
216.244.66.195 - - [27/Jan/2024:16:14:10 -0500] "GET /BLA/resoluciones/AUTOS%202020/2288.pdf HTTP/1.1" 200 329814
172.22.2.4 - - [27/Jan/2024:16:12:48 -0500] "GET /BLA/boletinlegal/ HTTP/1.1" 200 58720
216.244.66.195 - - [27/Jan/2024:16:14:40 -0500] "GET /BLA/resoluciones/AUTOS%202020/2569.pdf HTTP/1.1" 200 365693
216.245.221.92 - - [27/Jan/2024:16:14:59 -0500] "HEAD / HTTP/1.1" 200 -
216.244.66.195 - - [27/Jan/2024:16:15:08 -0500] "GET /BLA/resoluciones/AUTOS%202020/2821.pdf HTTP/1.1" 200 377243
216.244.66.195 - - [27/Jan/2024:16:15:33 -0500] "GET /BLA/resoluciones/AUTOS%202020/3701.pdf HTTP/1.1" 200 340606
40.77.167.13 - - [27/Jan/2024:16:15:48 -0500] "GET /BLA/resoluciones/index.php?dir=AUTOS+2022%2F HTTP/1.1" 200 509770
216.244.66.195 - - [27/Jan/2024:16:16:02 -0500] "GET /BLA/resoluciones/AUTOS%202020/3999.pdf HTTP/1.1" 200 382783
66.249.66.21 - - [27/Jan/2024:16:17:26 -0500] "GET /BLA/resoluciones/RESOLUCIONES%202011/0256.pdf HTTP/1.1" 200 306093
201.245.192.253 - - [27/Jan/2024:16:17:42 -0500] "POST /kwsrmcab/Wsrmcab  HTTP/1.1" 200 37857
173.252.95.1 - - [27/Jan/2024:16:18:37 -0500] "GET /a-que-se-debe-el-deterioro-de-la-calidad-del-aire-y-cuando-se-declararia-una-alerta-por-contaminacion-atmosferica.html HTTP/1.1" 200 1004
173.252.95.5 - - [27/Jan/2024:16:18:37 -0500] "GET /a-que-se-debe-el-deterioro-de-la-calidad-del-aire-y-cuando-se-declararia-una-alerta-por-contaminacion-atmosferica.html HTTP/1.1" 200 1004
173.252.95.14 - - [27/Jan/2024:16:18:37 -0500] "GET /a-que-se-debe-el-deterioro-de-la-calidad-del-aire-y-cuando-se-declararia-una-alerta-por-contaminacion-atmosferica.html HTTP/1.1" 200 1004
69.63.184.2 - - [27/Jan/2024:16:19:24 -0500] "GET /senderos-en-los-cerros-orientales-cerrados-temporalmente-por-incendios-forestales.html HTTP/1.1" 200 991
69.63.184.10 - - [27/Jan/2024:16:19:24 -0500] "GET /senderos-en-los-cerros-orientales-cerrados-temporalmente-por-incendios-forestales.html HTTP/1.1" 200 991
172.22.2.4 - - [27/Jan/2024:16:17:47 -0500] "HEAD /BLA/boletinlegal/ HTTP/1.1" 200 -
201.245.192.253 - - [27/Jan/2024:16:19:43 -0500] "POST /kwsrmcab/Wsrmcab HTTP/1.1" 200 40176
201.245.192.253 - - [27/Jan/2024:16:19:44 -0500] "POST /kwsrmcab/Wsrmcab HTTP/1.1" 200 39555
201.245.192.253 - - [27/Jan/2024:16:19:46 -0500] "POST /kwsrmcab/Wsrmcab HTTP/1.1" 200 40158
216.245.221.92 - - [27/Jan/2024:16:19:59 -0500] "HEAD / HTTP/1.1" 200 -
40.77.167.27 - - [27/Jan/2024:16:20:12 -0500] "GET /galeria/galeria/jquery.fancybox.css?v=2.1.5 HTTP/1.1" 200 4895
40.77.167.75 - - [27/Jan/2024:16:20:16 -0500] "GET /galeria/galeria/jquery.fancybox.js?v=2.1.5 HTTP/1.1" 200 48706
172.22.2.4 - - [27/Jan/2024:16:18:38 -0500] "GET /BLA/boletinlegal/ HTTP/1.1" 200 58720
201.245.192.253 - - [27/Jan/2024:16:20:35 -0500] "POST /kwsrmcab/Wsrmcab HTTP/1.1" 200 40158
66.249.66.21 - - [27/Jan/2024:16:20:53 -0500] "GET /Publicaciones/2024EE06858.pdf HTTP/1.1" 404 227
201.245.192.253 - - [27/Jan/2024:16:22:39 -0500] "POST /kwsrmcab/Wsrmcab  HTTP/1.1" 200 37857
172.22.2.4 - - [27/Jan/2024:16:24:41 -0500] "GET /BLA/boletinlegal/Circulares/2023/CIRCULAR%20No.%2000009%20DEL%2010%20DE%20OCTUBRE%20DEL%202023.pdf HTTP/1.1" 200 529599
216.245.221.92 - - [27/Jan/2024:16:24:59 -0500] "HEAD / HTTP/1.1" 200 -
172.22.2.4 - - [27/Jan/2024:16:23:37 -0500] "HEAD /BLA/boletinlegal/ HTTP/1.1" 200 -
172.22.2.4 - - [27/Jan/2024:16:24:28 -0500] "GET /BLA/boletinlegal/ HTTP/1.1" 200 56273
66.249.66.21 - - [27/Jan/2024:16:25:05 -0500] "GET /BLA/boletinlegal/index.php? HTTP/1.1" 200 59867
66.249.66.19 - - [27/Jan/2024:16:26:45 -0500] "GET /BLA/resoluciones/RESOLUCIONES%202009/9330.pdf HTTP/1.1" 200 1169569
66.249.66.19 - - [27/Jan/2024:16:26:46 -0500] "GET /Residuos/textiles/files/guia_textiles.pdf HTTP/1.1" 200 12356716
66.249.66.4 - - [27/Jan/2024:16:27:15 -0500] "GET /BLA/resoluciones/RESOLUCIONES%202010/1710.pdf HTTP/1.1" 200 413304
172.22.2.4 - - [27/Jan/2024:16:27:38 -0500] "GET /BLA/boletinlegal/Directivas/2013/Directiva%20No.%201%20del%2004%20de%20Abril%20de%202013.pdf HTTP/1.1" 304 -
201.245.192.253 - - [27/Jan/2024:16:27:36 -0500] "POST /kwsrmcab/Wsrmcab  HTTP/1.1" 200 37857
66.249.66.20 - - [27/Jan/2024:16:27:44 -0500] "GET /BLA/resoluciones/RESOLUCIONES%202008/0490.pdf HTTP/1.1" 200 114752
216.244.66.195 - - [27/Jan/2024:16:29:24 -0500] "GET /robots.txt HTTP/1.1" 404 1018
201.245.192.253 - - [27/Jan/2024:16:29:43 -0500] "POST /kwsrmcab/Wsrmcab HTTP/1.1" 200 40176
201.245.192.253 - - [27/Jan/2024:16:29:44 -0500] "POST /kwsrmcab/Wsrmcab HTTP/1.1" 200 39555
201.245.192.253 - - [27/Jan/2024:16:29:46 -0500] "POST /kwsrmcab/Wsrmcab HTTP/1.1" 200 40158
216.245.221.92 - - [27/Jan/2024:16:29:59 -0500] "HEAD / HTTP/1.1" 200 -
201.245.192.253 - - [27/Jan/2024:16:30:37 -0500] "POST /kwsrmcab/Wsrmcab HTTP/1.1" 200 40158
172.22.2.4 - - [27/Jan/2024:16:29:27 -0500] "HEAD /BLA/boletinlegal/ HTTP/1.1" 200 -
172.22.2.4 - - [27/Jan/2024:16:30:18 -0500] "GET /BLA/boletinlegal/ HTTP/1.1" 200 60583
201.245.192.253 - - [27/Jan/2024:16:32:36 -0500] "POST /kwsrmcab/Wsrmcab  HTTP/1.1" 200 37857
128.14.173.117 - - [27/Jan/2024:16:33:05 -0500] "GET / HTTP/1.1" 200 319
200.118.80.127 - - [27/Jan/2024:16:33:21 -0500] "POST /sipse/faces/presentacion/financiero/solicitudProceso/consultar.xhtml HTTP/1.1" 200 23189
31.13.103.10 - - [27/Jan/2024:16:33:31 -0500] "GET /a-que-se-debe-el-deterioro-de-la-calidad-del-aire-y-cuando-se-declararia-una-alerta-por-contaminacion-atmosferica.html HTTP/1.1" 200 1004
69.63.189.8 - - [27/Jan/2024:16:33:34 -0500] "GET /a-que-se-debe-el-deterioro-de-la-calidad-del-aire-y-cuando-se-declararia-una-alerta-por-contaminacion-atmosferica.html HTTP/1.1" 200 1004
200.118.80.127 - - [27/Jan/2024:16:33:55 -0500] "POST /sipse/faces/presentacion/financiero/solicitudProceso/consultar.xhtml HTTP/1.1" 200 13163
200.118.80.127 - - [27/Jan/2024:16:34:15 -0500] "POST /sipse/faces/presentacion/financiero/solicitudProceso/consultar.xhtml HTTP/1.1" 200 23189
191.156.184.139 - - [27/Jan/2024:16:34:17 -0500] "GET /bogota-esta-reverdeciendo-con-un-sistema-de-transporte-publico-limpio-y-sostenible-aire-mas-limpio-y-mas-de-330-000-arboles-sembrados.html HTTP/1.1" 200 913
200.118.80.127 - - [27/Jan/2024:16:34:18 -0500] "POST /sipse/faces/presentacion/financiero/solicitudProceso/consultar.xhtml HTTP/1.1" 200 13068
200.118.80.127 - - [27/Jan/2024:16:34:43 -0500] "POST /sipse/faces/presentacion/financiero/solicitudProceso/consultar.xhtml HTTP/1.1" 200 23189
200.118.80.127 - - [27/Jan/2024:16:34:47 -0500] "POST /sipse/faces/presentacion/financiero/solicitudProceso/consultar.xhtml HTTP/1.1" 200 13021
200.118.80.127 - - [27/Jan/2024:16:34:49 -0500] "POST /sipse/faces/presentacion/financiero/solicitudProceso/consultar.xhtml HTTP/1.1" 200 23189
216.245.221.92 - - [27/Jan/2024:16:34:59 -0500] "HEAD / HTTP/1.1" 200 -
200.118.80.127 - - [27/Jan/2024:16:35:05 -0500] "POST /sipse/faces/presentacion/financiero/solicitudProceso/consultar.xhtml HTTP/1.1" 200 12990
172.22.2.4 - - [27/Jan/2024:16:33:32 -0500] "GET /BLA/boletinlegal/ HTTP/1.1" 200 62959
47.128.96.241 - - [27/Jan/2024:16:35:13 -0500] "GET /BLA/resoluciones/dlf/dirup.png HTTP/1.1" 200 644
47.128.96.241 - - [27/Jan/2024:16:35:13 -0500] "GET /BLA/resoluciones/dlf/pdf.gif HTTP/1.1" 200 272
47.128.96.241 - - [27/Jan/2024:16:35:12 -0500] "GET /BLA/resoluciones/index.php?dir=RESOLUCIONES%201995%2F&order=asc&sort=name HTTP/1.1" 200 12497
66.249.66.21 - - [27/Jan/2024:16:35:14 -0500] "GET /BLA/resoluciones/RESOLUCIONES%202009/3475.pdf HTTP/1.1" 200 479349
199.16.157.181 - - [27/Jan/2024:16:35:58 -0500] "GET /images/pl%C3%A1sticos%20foto%201..jpg HTTP/1.1" 404 1034
40.77.167.53 - - [27/Jan/2024:16:36:16 -0500] "GET /Publicaciones/2023EE304318.pdf HTTP/1.1" 404 228
66.249.66.19 - - [27/Jan/2024:16:36:28 -0500] "GET /BLA/resoluciones/RESOLUCIONES%202010/5234.pdf HTTP/1.1" 200 778733
172.22.2.4 - - [27/Jan/2024:16:35:17 -0500] "HEAD /BLA/boletinlegal/ HTTP/1.1" 200 -
201.245.192.253 - - [27/Jan/2024:16:37:33 -0500] "POST /kwsrmcab/Wsrmcab  HTTP/1.1" 200 37857
172.22.2.4 - - [27/Jan/2024:16:37:41 -0500] "GET /BLA/boletinlegal/Circulares/2019/.pdf HTTP/1.1" 404 1218
172.22.2.4 - - [27/Jan/2024:16:37:48 -0500] "GET /BLA/boletinlegal/Circulares/2012/Circular%20No.%2010%20del%2026%20de%20Enero%20de%202012.pdf HTTP/1.1" 404 1218
172.22.2.4 - - [27/Jan/2024:16:36:08 -0500] "GET /BLA/boletinlegal/ HTTP/1.1" 200 61050
66.249.66.19 - - [27/Jan/2024:16:38:21 -0500] "GET /BLA/resoluciones/AUTOS%202013/3500.pdf HTTP/1.1" 200 423980
198.235.24.32 - - [27/Jan/2024:16:38:37 -0500] "\x16\x03\x01" 400 226
198.235.24.32 - - [27/Jan/2024:16:38:37 -0500] "\x16\x03\x01" 400 226
201.245.192.253 - - [27/Jan/2024:16:39:43 -0500] "POST /kwsrmcab/Wsrmcab HTTP/1.1" 200 40176
201.245.192.253 - - [27/Jan/2024:16:39:44 -0500] "POST /kwsrmcab/Wsrmcab HTTP/1.1" 200 39555
201.245.192.253 - - [27/Jan/2024:16:39:46 -0500] "POST /kwsrmcab/Wsrmcab HTTP/1.1" 200 40158
216.245.221.92 - - [27/Jan/2024:16:39:59 -0500] "HEAD / HTTP/1.1" 200 -
173.252.95.118 - - [27/Jan/2024:16:40:04 -0500] "GET /incendios-forestales-como-prevenirlos-y-aportar-al-cuidado-de-los-ecosistemas.html HTTP/1.1" 200 883
201.245.192.253 - - [27/Jan/2024:16:40:35 -0500] "POST /kwsrmcab/Wsrmcab HTTP/1.1" 200 40158
172.22.2.4 - - [27/Jan/2024:16:40:53 -0500] "GET /BLA/boletinlegal/Directivas/2014/Directiva%20No.%202%20del%205%20de%20Mayo%20de%202014.pdf HTTP/1.1" 304 -
66.249.66.20 - - [27/Jan/2024:16:41:17 -0500] "GET /ial/sitio/MEMORIAS%20SIMAH/Auditorio/Viernes%20AM/Sesion%205%20830%201000/4%20Anne%20Chung%20Japon.pdf HTTP/1.1" 404 1018
66.249.65.69 - - [27/Jan/2024:16:42:11 -0500] "GET /robots.txt HTTP/1.1" 404 1035
66.249.65.70 - - [27/Jan/2024:16:42:11 -0500] "GET /portaldeninos/humedal-torca-y-guaymaral-2/ HTTP/1.1" 200 88086
201.245.192.253 - - [27/Jan/2024:16:42:33 -0500] "POST /kwsrmcab/Wsrmcab  HTTP/1.1" 200 37857
172.22.2.4 - - [27/Jan/2024:16:41:07 -0500] "HEAD /BLA/boletinlegal/ HTTP/1.1" 200 -
66.249.66.21 - - [27/Jan/2024:16:43:04 -0500] "GET /BLA/resoluciones/RESOLUCIONES%202011/6971.pdf HTTP/1.1" 304 -
172.22.2.4 - - [27/Jan/2024:16:41:58 -0500] "GET /BLA/boletinlegal/ HTTP/1.1" 200 58720
216.245.221.92 - - [27/Jan/2024:16:44:59 -0500] "HEAD / HTTP/1.1" 200 -
191.111.31.85 - - [27/Jan/2024:16:45:21 -0500] "GET /sipse/faces/index.xhtml HTTP/1.1" 200 677
191.111.31.85 - - [27/Jan/2024:16:45:21 -0500] "GET /sipse/faces/javax.faces.resource/theme.css?ln=primefaces-sipse HTTP/1.1" 200 50058
191.111.31.85 - - [27/Jan/2024:16:45:22 -0500] "GET /favicon.ico HTTP/1.1" 200 7782
191.111.31.85 - - [27/Jan/2024:16:45:22 -0500] "GET /sipse/faces/faces/autenticacion.xhtml HTTP/1.1" 200 12403
191.111.31.85 - - [27/Jan/2024:16:45:22 -0500] "GET /sipse/js/disable_browser_buttons.js HTTP/1.1" 200 3230
191.111.31.85 - - [27/Jan/2024:16:45:22 -0500] "GET /sipse/js/funciones.js HTTP/1.1" 200 12592
191.111.31.85 - - [27/Jan/2024:16:45:22 -0500] "GET /sipse/css/custom_css_sg.css HTTP/1.1" 200 9694
191.111.31.85 - - [27/Jan/2024:16:45:22 -0500] "GET /sipse/css/custom_css_sg_prime_login.css HTTP/1.1" 200 443
191.111.31.85 - - [27/Jan/2024:16:45:22 -0500] "GET /sipse/faces/javax.faces.resource/layout/layout.css?ln=primefaces&v=4.0 HTTP/1.1" 200 542
191.111.31.85 - - [27/Jan/2024:16:45:22 -0500] "GET /sipse/faces/javax.faces.resource/theme.css?ln=primefaces-sipse HTTP/1.1" 304 -
191.111.31.85 - - [27/Jan/2024:16:45:22 -0500] "GET /sipse/faces/javax.faces.resource/jquery/jquery.js?ln=primefaces&v=4.0 HTTP/1.1" 200 105384
191.111.31.85 - - [27/Jan/2024:16:45:22 -0500] "GET /sipse/faces/javax.faces.resource/primefaces.css?ln=primefaces&v=4.0 HTTP/1.1" 200 53295
191.111.31.85 - - [27/Jan/2024:16:45:22 -0500] "GET /sipse/faces/javax.faces.resource/jquery/jquery-plugins.js?ln=primefaces&v=4.0 HTTP/1.1" 200 220526
191.111.31.85 - - [27/Jan/2024:16:45:22 -0500] "GET /sipse/faces/javax.faces.resource/layout/layout.js?ln=primefaces&v=4.0 HTTP/1.1" 200 87560
191.111.31.85 - - [27/Jan/2024:16:45:22 -0500] "GET /sipse/faces/javax.faces.resource/primefaces.js?ln=primefaces&v=4.0 HTTP/1.1" 200 276924
191.111.31.85 - - [27/Jan/2024:16:45:22 -0500] "GET /sipse/css/imagen/logoSDG.png HTTP/1.1" 200 53064
191.111.31.85 - - [27/Jan/2024:16:45:22 -0500] "GET /sipse/css/imagen/loginimg.png HTTP/1.1" 200 71635
191.111.31.85 - - [27/Jan/2024:16:45:22 -0500] "GET /sipse/faces/javax.faces.resource/images/ui-icons_898989_256x240.png?ln=primefaces-aristo HTTP/1.1" 200 5355
191.111.31.85 - - [27/Jan/2024:16:45:46 -0500] "POST /sipse/faces/autenticacion.xhtml HTTP/1.1" 200 2219
191.111.31.85 - - [27/Jan/2024:16:45:46 -0500] "GET /sipse/faces/javax.faces.resource/messages/messages.png?ln=primefaces&v=4.0 HTTP/1.1" 200 27209
191.111.31.85 - - [27/Jan/2024:16:45:47 -0500] "POST /sipse/faces/autenticacion.xhtml HTTP/1.1" 200 16342
191.111.31.85 - - [27/Jan/2024:16:45:47 -0500] "GET /sipse/css/custom_css_sg_prime.css HTTP/1.1" 200 5201
191.111.31.85 - - [27/Jan/2024:16:45:47 -0500] "GET /sipse/faces/javax.faces.resource/theme.css?ln=primefaces-sipse HTTP/1.1" 304 -
191.111.31.85 - - [27/Jan/2024:16:45:47 -0500] "GET /sipse/faces/javax.faces.resource/primefaces.css?ln=primefaces&v=4.0 HTTP/1.1" 304 -
191.111.31.85 - - [27/Jan/2024:16:45:47 -0500] "GET /sipse/faces/javax.faces.resource/layout/layout.css?ln=primefaces&v=4.0 HTTP/1.1" 304 -
191.111.31.85 - - [27/Jan/2024:16:45:47 -0500] "GET /sipse/js/jquery.min.js HTTP/1.1" 200 85582
191.111.31.85 - - [27/Jan/2024:16:45:47 -0500] "GET /sipse/faces/javax.faces.resource/jquery/jquery.js?ln=primefaces&v=4.0 HTTP/1.1" 304 -
191.111.31.85 - - [27/Jan/2024:16:45:47 -0500] "GET /sipse/faces/javax.faces.resource/jquery/jquery-plugins.js?ln=primefaces&v=4.0 HTTP/1.1" 304 -
