66.249.66.19 - - [28/Jan/2024:04:23:35 -0500] "GET /resoluciones/RESOLUCIONES%202008/3741.pdf HTTP/1.1" 404 1018
172.22.2.4 - - [28/Jan/2024:04:21:56 -0500] "GET /BLA/boletinlegal/ HTTP/1.1" 200 57410
66.249.66.21 - - [28/Jan/2024:04:23:53 -0500] "GET /portel_dama/libreria/php/2006/restauracion/22_proye/xtras_in/3a.pdf HTTP/1.1" 404 1018
66.249.66.19 - - [28/Jan/2024:04:24:23 -0500] "GET /BLA/resoluciones/RESOLUCIONES%202009/1317.pdf HTTP/1.1" 200 414750
216.245.221.92 - - [28/Jan/2024:04:24:57 -0500] "HEAD / HTTP/1.1" 200 -
172.22.2.4 - - [28/Jan/2024:04:23:22 -0500] "GET /BLA/boletinlegal/ HTTP/1.1" 200 61857
216.244.66.195 - - [28/Jan/2024:04:26:59 -0500] "GET /robots.txt HTTP/1.1" 404 1018
201.245.192.253 - - [28/Jan/2024:04:27:19 -0500] "POST /kwsrmcab/Wsrmcab  HTTP/1.1" 200 37857
172.22.2.4 - - [28/Jan/2024:04:26:56 -0500] "HEAD /BLA/boletinlegal/ HTTP/1.1" 200 -
172.22.2.4 - - [28/Jan/2024:04:27:46 -0500] "GET /BLA/boletinlegal/ HTTP/1.1" 200 60583
201.245.192.253 - - [28/Jan/2024:04:29:41 -0500] "POST /kwsrmcab/Wsrmcab HTTP/1.1" 200 37509
201.245.192.253 - - [28/Jan/2024:04:29:43 -0500] "POST /kwsrmcab/Wsrmcab HTTP/1.1" 200 38724
201.245.192.253 - - [28/Jan/2024:04:29:44 -0500] "POST /kwsrmcab/Wsrmcab HTTP/1.1" 200 39865
216.245.221.92 - - [28/Jan/2024:04:29:57 -0500] "HEAD / HTTP/1.1" 200 -
66.249.66.21 - - [28/Jan/2024:04:30:04 -0500] "GET /BLA/resoluciones/RESOLUCIONES%202011/3344.pdf HTTP/1.1" 200 761402
201.245.192.253 - - [28/Jan/2024:04:30:33 -0500] "POST /kwsrmcab/Wsrmcab HTTP/1.1" 200 39865
66.249.66.21 - - [28/Jan/2024:04:31:08 -0500] "GET /BLA/resoluciones/RESOLUCIONES%202010/1451.pdf HTTP/1.1" 200 356600
201.245.192.253 - - [28/Jan/2024:04:32:17 -0500] "POST /kwsrmcab/Wsrmcab  HTTP/1.1" 200 37857
66.249.66.20 - - [28/Jan/2024:04:32:38 -0500] "GET /BLA/resoluciones/RESOLUCIONES%202007/RES%202007%201801%20AL%201900/RESOLUCION%201887%20DE%202007.pdf HTTP/1.1" 200 691884
112.7.119.118 - - [28/Jan/2024:04:34:21 -0500] "GET /BLA/boletinlegal/Directivas/2009/Directiva%20No.%20del%2023%20de%20Diciembre%20de%202009.pdf HTTP/1.1" 200 1636862
172.22.2.4 - - [28/Jan/2024:04:32:46 -0500] "HEAD /BLA/boletinlegal/ HTTP/1.1" 200 -
66.249.66.21 - - [28/Jan/2024:04:34:48 -0500] "GET /resoluciones/RESOLUCIONES%202009/7800.pdf HTTP/1.1" 404 1018
216.245.221.92 - - [28/Jan/2024:04:34:57 -0500] "HEAD / HTTP/1.1" 200 -
172.22.2.4 - - [28/Jan/2024:04:33:36 -0500] "GET /BLA/boletinlegal/ HTTP/1.1" 200 60583
201.245.192.253 - - [28/Jan/2024:04:37:16 -0500] "POST /kwsrmcab/Wsrmcab  HTTP/1.1" 200 37857
170.64.171.129 - - [28/Jan/2024:04:38:06 -0500] "GET /.git/config HTTP/1.1" 404 1018
173.252.95.1 - - [28/Jan/2024:04:38:09 -0500] "GET /gobierno-de-bogota-hace-recomendaciones-a-la-ciudadania-para-que-tome-acciones-ante-la-mala-calidad-del-aire.html HTTP/1.1" 200 864
173.252.95.12 - - [28/Jan/2024:04:38:09 -0500] "GET /gobierno-de-bogota-hace-recomendaciones-a-la-ciudadania-para-que-tome-acciones-ante-la-mala-calidad-del-aire.html HTTP/1.1" 200 864
173.252.95.2 - - [28/Jan/2024:04:38:10 -0500] "GET /gobierno-de-bogota-hace-recomendaciones-a-la-ciudadania-para-que-tome-acciones-ante-la-mala-calidad-del-aire.html HTTP/1.1" 200 864
47.128.47.78 - - [28/Jan/2024:04:38:34 -0500] "GET /BLA/resoluciones/AUTOS%202015/2354.xps HTTP/1.1" 200 769397
201.245.192.253 - - [28/Jan/2024:04:39:41 -0500] "POST /kwsrmcab/Wsrmcab HTTP/1.1" 200 37509
201.245.192.253 - - [28/Jan/2024:04:39:42 -0500] "POST /kwsrmcab/Wsrmcab HTTP/1.1" 200 38724
201.245.192.253 - - [28/Jan/2024:04:39:44 -0500] "POST /kwsrmcab/Wsrmcab HTTP/1.1" 200 39865
216.245.221.92 - - [28/Jan/2024:04:39:57 -0500] "HEAD / HTTP/1.1" 200 -
172.22.2.4 - - [28/Jan/2024:04:38:35 -0500] "HEAD /BLA/boletinlegal/ HTTP/1.1" 200 -
201.245.192.253 - - [28/Jan/2024:04:40:34 -0500] "POST /kwsrmcab/Wsrmcab HTTP/1.1" 200 39865
172.22.2.4 - - [28/Jan/2024:04:39:26 -0500] "GET /BLA/boletinlegal/ HTTP/1.1" 200 61050
201.245.192.253 - - [28/Jan/2024:04:42:16 -0500] "POST /kwsrmcab/Wsrmcab  HTTP/1.1" 200 37857
66.249.65.4 - - [28/Jan/2024:04:43:48 -0500] "GET /caminatas-ecologicas-un-plan-imperdible-para-octubre.html HTTP/1.1" 200 747
66.249.65.70 - - [28/Jan/2024:04:44:08 -0500] "GET /robots.txt HTTP/1.1" 404 1035
66.249.65.68 - - [28/Jan/2024:04:44:08 -0500] "GET /portaldeninos/2021/06/01/agroecologia-tips-para-germinar-semillas-en-casa/ HTTP/1.1" 200 105801
66.249.65.70 - - [28/Jan/2024:04:44:11 -0500] "GET /portaldeninos/wp-includes/js/jquery/ui/widget.min.js?ver=1.11.4 HTTP/1.1" 200 6908
66.249.65.70 - - [28/Jan/2024:04:44:11 -0500] "GET /portaldeninos/wp-content/plugins/gallery-videos/CSS/totalsoft.css?ver=4.9.8 HTTP/1.1" 200 40622
66.249.65.69 - - [28/Jan/2024:04:44:12 -0500] "GET /portaldeninos/wp-content/themes/betheme/assets/jplayer/jplayer.min.js?ver=20.9.6 HTTP/1.1" 200 52702
162.55.175.158 - - [28/Jan/2024:04:44:22 -0500] "GET / HTTP/1.1" 200 4720
216.245.221.92 - - [28/Jan/2024:04:44:57 -0500] "HEAD / HTTP/1.1" 200 -
40.77.167.27 - - [28/Jan/2024:04:45:05 -0500] "GET /portaldeninos/wp-includes/js/comment-reply.min.js?ver=4.9.8 HTTP/1.1" 200 1078
40.77.167.45 - - [28/Jan/2024:04:45:09 -0500] "GET /portaldeninos/wp-content/themes/betheme/fonts/mfn-icons.ttf?93978679 HTTP/1.1" 200 124684
172.22.2.4 - - [28/Jan/2024:04:44:25 -0500] "HEAD /BLA/boletinlegal/ HTTP/1.1" 200 -
172.22.2.4 - - [28/Jan/2024:04:45:16 -0500] "GET /BLA/boletinlegal/ HTTP/1.1" 200 58720
201.245.192.253 - - [28/Jan/2024:04:47:14 -0500] "POST /kwsrmcab/Wsrmcab  HTTP/1.1" 200 37857
216.245.221.92 - - [28/Jan/2024:04:49:57 -0500] "HEAD / HTTP/1.1" 200 -
40.77.167.25 - - [28/Jan/2024:04:50:56 -0500] "GET /BLA/resoluciones/AUTOS%202017/3239.pdf HTTP/1.1" 200 270672
216.244.66.195 - - [28/Jan/2024:04:51:24 -0500] "GET /BLA/resoluciones/AUTOS%202020/1060.pdf HTTP/1.1" 200 373499
216.244.66.195 - - [28/Jan/2024:04:51:29 -0500] "GET /BLA/resoluciones/AUTOS%202020/2110.pdf HTTP/1.1" 200 357481
216.244.66.195 - - [28/Jan/2024:04:51:34 -0500] "GET /BLA/resoluciones/AUTOS%202020/2203.pdf HTTP/1.1" 200 346151
216.244.66.195 - - [28/Jan/2024:04:51:39 -0500] "GET /BLA/resoluciones/AUTOS%202020/2346.pdf HTTP/1.1" 200 328416
216.244.66.195 - - [28/Jan/2024:04:51:46 -0500] "GET /BLA/resoluciones/AUTOS%202020/2371.pdf HTTP/1.1" 200 361231
216.244.66.195 - - [28/Jan/2024:04:51:50 -0500] "GET /BLA/resoluciones/AUTOS%202020/2681.pdf HTTP/1.1" 200 326375
216.244.66.195 - - [28/Jan/2024:04:51:55 -0500] "GET /BLA/resoluciones/AUTOS%202020/3069.pdf HTTP/1.1" 200 361953
172.22.2.4 - - [28/Jan/2024:04:50:15 -0500] "HEAD /BLA/boletinlegal/ HTTP/1.1" 200 -
216.244.66.195 - - [28/Jan/2024:04:52:00 -0500] "GET /BLA/resoluciones/AUTOS%202020/3726.pdf HTTP/1.1" 200 365206
201.245.192.253 - - [28/Jan/2024:04:52:13 -0500] "POST /kwsrmcab/Wsrmcab  HTTP/1.1" 200 37857
185.38.142.108 - - [28/Jan/2024:04:52:40 -0500] "POST /BLA/boletinlegal/xmlrpc.php HTTP/1.1" 404 1018
185.38.142.108 - - [28/Jan/2024:04:52:40 -0500] "POST /BLA/boletinlegal/wp-login.php HTTP/1.1" 404 1208
172.22.2.4 - - [28/Jan/2024:04:51:06 -0500] "GET /BLA/boletinlegal/ HTTP/1.1" 200 60583
216.245.221.92 - - [28/Jan/2024:04:54:57 -0500] "HEAD / HTTP/1.1" 200 -
201.245.192.253 - - [28/Jan/2024:04:57:11 -0500] "POST /kwsrmcab/Wsrmcab  HTTP/1.1" 200 37857
216.244.66.246 - - [28/Jan/2024:04:57:45 -0500] "GET /robots.txt HTTP/1.1" 404 1035
172.22.2.4 - - [28/Jan/2024:04:56:05 -0500] "HEAD /BLA/boletinlegal/ HTTP/1.1" 200 -
172.22.2.4 - - [28/Jan/2024:04:56:56 -0500] "GET /BLA/boletinlegal/ HTTP/1.1" 200 61050
45.155.91.135 - - [28/Jan/2024:04:58:56 -0500] "GET / HTTP/1.1" 200 319
216.245.221.92 - - [28/Jan/2024:04:59:57 -0500] "HEAD / HTTP/1.1" 200 -
40.77.190.84 - - [28/Jan/2024:05:01:16 -0500] "GET /portaldeninos/wp-content/themes/betheme/assets/jplayer/jplayer.min.js?ver=20.9.6 HTTP/1.1" 200 52702
201.245.192.253 - - [28/Jan/2024:05:02:09 -0500] "POST /kwsrmcab/Wsrmcab  HTTP/1.1" 200 37857
172.22.2.4 - - [28/Jan/2024:05:01:55 -0500] "HEAD /BLA/boletinlegal/ HTTP/1.1" 200 -
52.167.144.191 - - [28/Jan/2024:05:03:55 -0500] "GET /BLA/resoluciones/RESOLUCIONES%202018/4058.pdf HTTP/1.1" 200 2448767
172.22.2.4 - - [28/Jan/2024:05:02:46 -0500] "GET /BLA/boletinlegal/ HTTP/1.1" 200 60583
146.19.24.23 - - [28/Jan/2024:05:04:38 -0500] "GET / HTTP/1.1" 200 319
216.245.221.92 - - [28/Jan/2024:05:04:57 -0500] "HEAD / HTTP/1.1" 200 -
40.77.167.16 - - [28/Jan/2024:05:05:19 -0500] "GET /BLA/resoluciones/AUTOS%202020/0042.pdf HTTP/1.1" 200 407713
52.167.144.233 - - [28/Jan/2024:05:06:01 -0500] "GET /portaldeninos/gestion-del-riesgo-incendios-forestales/ HTTP/1.1" 200 86825
216.244.66.246 - - [28/Jan/2024:05:06:15 -0500] "GET /portaldeninos/aulas-ambientales/ HTTP/1.1" 200 88416
216.244.66.246 - - [28/Jan/2024:05:06:22 -0500] "GET /portaldeninos/humedal-torca-y-guaymaral-2/ HTTP/1.1" 200 88086
201.245.192.253 - - [28/Jan/2024:05:07:08 -0500] "POST /kwsrmcab/Wsrmcab  HTTP/1.1" 200 37857
172.22.2.4 - - [28/Jan/2024:05:07:19 -0500] "GET /BLA/boletinlegal/ HTTP/1.1" 200 20427
216.244.66.195 - - [28/Jan/2024:05:08:03 -0500] "GET /BLA/resoluciones/AUTOS%202022/0437.pdf HTTP/1.1" 200 680071
216.244.66.195 - - [28/Jan/2024:05:08:45 -0500] "GET /BLA/resoluciones/RESOLUCIONES%202011/0231.pdf HTTP/1.1" 200 1022773
52.167.144.140 - - [28/Jan/2024:05:09:05 -0500] "GET /Publicaciones/2023EE207918.pdf HTTP/1.1" 404 228
172.22.2.4 - - [28/Jan/2024:05:07:45 -0500] "HEAD /BLA/boletinlegal/ HTTP/1.1" 200 -
216.244.66.195 - - [28/Jan/2024:05:09:30 -0500] "GET /BLA/resoluciones/RESOLUCIONES%202011/0944.pdf HTTP/1.1" 200 559446
216.245.221.92 - - [28/Jan/2024:05:09:57 -0500] "HEAD / HTTP/1.1" 200 -
172.22.2.4 - - [28/Jan/2024:05:08:36 -0500] "GET /BLA/boletinlegal/ HTTP/1.1" 200 59104
201.245.192.253 - - [28/Jan/2024:05:12:07 -0500] "POST /kwsrmcab/Wsrmcab  HTTP/1.1" 200 37857
52.167.144.226 - - [28/Jan/2024:05:14:33 -0500] "GET /BLA/resoluciones/index.php?dir=RESOLUCIONES+2006%2FRES+2006+2601-2650%2F HTTP/1.1" 200 11939
216.245.221.92 - - [28/Jan/2024:05:14:57 -0500] "HEAD / HTTP/1.1" 200 -
172.22.2.4 - - [28/Jan/2024:05:13:35 -0500] "HEAD /BLA/boletinlegal/ HTTP/1.1" 200 -
172.22.2.4 - - [28/Jan/2024:05:14:26 -0500] "GET /BLA/boletinlegal/ HTTP/1.1" 200 61050
40.77.167.32 - - [28/Jan/2024:05:17:03 -0500] "GET /Publicaciones/2023EE184772.pdf HTTP/1.1" 404 228
201.245.192.253 - - [28/Jan/2024:05:17:06 -0500] "POST /kwsrmcab/Wsrmcab  HTTP/1.1" 200 37857
172.22.2.4 - - [28/Jan/2024:05:18:40 -0500] "GET /BLA/boletinlegal/ HTTP/1.1" 200 20427
201.245.192.253 - - [28/Jan/2024:05:19:40 -0500] "POST /kwsrmcab/Wsrmcab HTTP/1.1" 200 37524
201.245.192.253 - - [28/Jan/2024:05:19:42 -0500] "POST /kwsrmcab/Wsrmcab HTTP/1.1" 200 38736
201.245.192.253 - - [28/Jan/2024:05:19:43 -0500] "POST /kwsrmcab/Wsrmcab HTTP/1.1" 200 39867
216.245.221.92 - - [28/Jan/2024:05:19:57 -0500] "HEAD / HTTP/1.1" 200 -
201.245.192.253 - - [28/Jan/2024:05:20:32 -0500] "POST /kwsrmcab/Wsrmcab HTTP/1.1" 200 39867
172.22.2.4 - - [28/Jan/2024:05:19:25 -0500] "HEAD /BLA/boletinlegal/ HTTP/1.1" 200 -
172.22.2.4 - - [28/Jan/2024:05:20:16 -0500] "GET /BLA/boletinlegal/ HTTP/1.1" 200 61050
40.77.167.76 - - [28/Jan/2024:05:22:03 -0500] "GET /BLA/resoluciones/AUTOS%202023/3310.pdf HTTP/1.1" 200 870271
201.245.192.253 - - [28/Jan/2024:05:22:04 -0500] "POST /kwsrmcab/Wsrmcab  HTTP/1.1" 200 37857
216.244.66.195 - - [28/Jan/2024:05:22:14 -0500] "GET /robots.txt HTTP/1.1" 404 1018
216.245.221.92 - - [28/Jan/2024:05:24:57 -0500] "HEAD / HTTP/1.1" 200 -
172.22.2.4 - - [28/Jan/2024:05:26:21 -0500] "GET /BLA/boletinlegal/Circulares/2012/Circular%20No.%202%20del%2014%20de%20Marzo%20de%202012.pdf HTTP/1.1" 304 -
172.22.2.4 - - [28/Jan/2024:05:25:15 -0500] "HEAD /BLA/boletinlegal/ HTTP/1.1" 200 -
201.245.192.253 - - [28/Jan/2024:05:27:03 -0500] "POST /kwsrmcab/Wsrmcab  HTTP/1.1" 200 37857
172.22.2.4 - - [28/Jan/2024:05:26:06 -0500] "GET /BLA/boletinlegal/ HTTP/1.1" 200 60583
201.245.192.253 - - [28/Jan/2024:05:29:40 -0500] "POST /kwsrmcab/Wsrmcab HTTP/1.1" 200 37524
201.245.192.253 - - [28/Jan/2024:05:29:42 -0500] "POST /kwsrmcab/Wsrmcab HTTP/1.1" 200 38736
201.245.192.253 - - [28/Jan/2024:05:29:43 -0500] "POST /kwsrmcab/Wsrmcab HTTP/1.1" 200 39867
216.245.221.92 - - [28/Jan/2024:05:29:57 -0500] "HEAD / HTTP/1.1" 200 -
185.38.142.108 - - [28/Jan/2024:05:29:59 -0500] "POST /BLA/boletinlegal/xmlrpc.php HTTP/1.1" 404 1018
185.38.142.108 - - [28/Jan/2024:05:29:59 -0500] "POST /BLA/boletinlegal/wp-login.php HTTP/1.1" 404 1208
52.167.144.216 - - [28/Jan/2024:05:30:04 -0500] "GET /svr-ciudadano/ HTTP/1.1" 200 62397
201.245.192.253 - - [28/Jan/2024:05:30:32 -0500] "POST /kwsrmcab/Wsrmcab HTTP/1.1" 200 39867
201.245.192.253 - - [28/Jan/2024:05:32:02 -0500] "POST /kwsrmcab/Wsrmcab  HTTP/1.1" 200 37857
51.38.45.201 - - [28/Jan/2024:05:32:30 -0500] "GET /galeria/galeria/fotos/micos6P.jpg HTTP/1.1" 200 31809
51.38.45.201 - - [28/Jan/2024:05:32:33 -0500] "GET /galeria/galeria/fotos/loro3P.jpg HTTP/1.1" 200 24900
172.22.2.4 - - [28/Jan/2024:05:31:05 -0500] "HEAD /BLA/boletinlegal/ HTTP/1.1" 200 -
172.22.2.4 - - [28/Jan/2024:05:31:56 -0500] "GET /BLA/boletinlegal/ HTTP/1.1" 200 58720
216.245.221.92 - - [28/Jan/2024:05:34:57 -0500] "HEAD / HTTP/1.1" 200 -
172.22.2.4 - - [28/Jan/2024:05:35:08 -0500] "GET /BLA/boletinlegal/robots.txt HTTP/1.1" 404 1037
172.22.2.4 - - [28/Jan/2024:05:35:09 -0500] "GET /BLA/boletinlegal/jurisprudencia/analisis/AnalisisT-606-15.docx HTTP/1.1" 304 -
66.249.66.20 - - [28/Jan/2024:05:35:20 -0500] "GET /BLA/resoluciones/RESOLUCIONES%202009/8564.pdf HTTP/1.1" 200 648939
201.245.192.253 - - [28/Jan/2024:05:37:01 -0500] "POST /kwsrmcab/Wsrmcab  HTTP/1.1" 200 37857
45.171.182.181 - - [28/Jan/2024:05:38:19 -0500] "GET /portaldeninos/wp-content/themes/betheme/style.css?ver=20.9.6 HTTP/1.1" 200 287
45.171.182.181 - - [28/Jan/2024:05:38:19 -0500] "GET /portaldeninos/wp-content/uploads/useanyfont/uaf.css?ver=1589905315 HTTP/1.1" 200 408
45.171.182.181 - - [28/Jan/2024:05:38:19 -0500] "GET /portaldeninos/wp-content/plugins/gallery-videos/CSS/Total-Soft-Gallery-Video-Widget.css?ver=4.9.8 HTTP/1.1" 200 51554
45.171.182.181 - - [28/Jan/2024:05:38:17 -0500] "GET /portaldeninos/aulas-ambientales-2/parque-ecologico-distrital-de-montana-entrenubes/ HTTP/1.1" 200 90406
45.171.182.181 - - [28/Jan/2024:05:38:19 -0500] "GET /portaldeninos/wp-content/plugins/gallery-videos/CSS/totalsoft.css?ver=4.9.8 HTTP/1.1" 200 40622
45.171.182.181 - - [28/Jan/2024:05:38:19 -0500] "GET /portaldeninos/wp-content/themes/betheme/css/base.css?ver=20.9.6 HTTP/1.1" 200 57283
45.171.182.181 - - [28/Jan/2024:05:38:20 -0500] "GET /portaldeninos/wp-content/themes/betheme/assets/ui/jquery.ui.all.css?ver=20.9.6 HTTP/1.1" 200 18765
45.171.182.181 - - [28/Jan/2024:05:38:20 -0500] "GET /portaldeninos/wp-content/themes/betheme/assets/jplayer/css/jplayer.blue.monday.css?ver=20.9.6 HTTP/1.1" 200 9834
45.171.182.181 - - [28/Jan/2024:05:38:20 -0500] "GET /portaldeninos/wp-content/themes/betheme/assets/animations/animations.min.css?ver=20.9.6 HTTP/1.1" 200 58508
45.171.182.181 - - [28/Jan/2024:05:38:19 -0500] "GET /portaldeninos/wp-content/themes/betheme/css/layout.css?ver=20.9.6 HTTP/1.1" 200 116639
45.171.182.181 - - [28/Jan/2024:05:38:19 -0500] "GET /portaldeninos/wp-content/themes/betheme/css/shortcodes.css?ver=20.9.6 HTTP/1.1" 200 138889
45.171.182.181 - - [28/Jan/2024:05:38:20 -0500] "GET /portaldeninos/wp-includes/js/jquery/jquery-migrate.min.js?ver=1.4.1 HTTP/1.1" 200 10056
45.171.182.181 - - [28/Jan/2024:05:38:20 -0500] "GET /portaldeninos/wp-content/plugins/google-analytics-for-wordpress/assets/js/frontend-gtag.min.js?ver=8.5.0 HTTP/1.1" 200 11801
45.171.182.181 - - [28/Jan/2024:05:38:20 -0500] "GET /portaldeninos/wp-includes/js/jquery/ui/core.min.js?ver=1.11.4 HTTP/1.1" 200 4000
45.171.182.181 - - [28/Jan/2024:05:38:20 -0500] "GET /portaldeninos/wp-content/themes/betheme/css/responsive.css?ver=20.9.6 HTTP/1.1" 200 55740
45.171.182.181 - - [28/Jan/2024:05:38:21 -0500] "GET /portaldeninos/wp-content/plugins/gallery-videos/JS/modernizr.custom.js?ver=4.9.8 HTTP/1.1" 200 9019
45.171.182.181 - - [28/Jan/2024:05:38:21 -0500] "GET /portaldeninos/wp-content/plugins/gallery-videos/JS/Total-Soft-Gallery-Video-Widget.js?ver=4.9.8 HTTP/1.1" 200 80264
45.171.182.181 - - [28/Jan/2024:05:38:21 -0500] "GET /portaldeninos/wp-content/uploads/2021/07/Banners-pa%CC%81gina-de-nin%CC%83os3.jpg HTTP/1.1" 200 33682
45.171.182.181 - - [28/Jan/2024:05:38:21 -0500] "GET /portaldeninos/wp-content/uploads/2019/08/Logo-Ambientic.png HTTP/1.1" 200 22941
45.171.182.181 - - [28/Jan/2024:05:38:21 -0500] "GET /portaldeninos/wp-includes/js/jquery/ui/widget.min.js?ver=1.11.4 HTTP/1.1" 200 6908
45.171.182.181 - - [28/Jan/2024:05:38:21 -0500] "GET /portaldeninos/wp-includes/js/jquery/ui/mouse.min.js?ver=1.11.4 HTTP/1.1" 200 3148
45.171.182.181 - - [28/Jan/2024:05:38:20 -0500] "GET /portaldeninos/wp-includes/js/jquery/jquery.js?ver=1.12.4 HTTP/1.1" 200 97184
45.171.182.181 - - [28/Jan/2024:05:38:21 -0500] "GET /portaldeninos/wp-includes/js/jquery/ui/tabs.min.js?ver=1.11.4 HTTP/1.1" 200 12110
45.171.182.181 - - [28/Jan/2024:05:38:21 -0500] "GET /portaldeninos/wp-includes/js/jquery/ui/sortable.min.js?ver=1.11.4 HTTP/1.1" 200 24899
45.171.182.181 - - [28/Jan/2024:05:38:21 -0500] "GET /portaldeninos/wp-includes/js/jquery/ui/accordion.min.js?ver=1.11.4 HTTP/1.1" 200 8584
45.171.182.181 - - [28/Jan/2024:05:38:21 -0500] "GET /portaldeninos/wp-content/themes/betheme/js/menu.js?ver=20.9.6 HTTP/1.1" 200 2449
45.171.182.181 - - [28/Jan/2024:05:38:21 -0500] "GET /portaldeninos/wp-content/themes/betheme/assets/animations/animations.min.js?ver=20.9.6 HTTP/1.1" 200 1896
45.171.182.181 - - [28/Jan/2024:05:38:21 -0500] "GET /portaldeninos/wp-includes/js/wp-embed.min.js?ver=4.9.8 HTTP/1.1" 200 1398
45.171.182.181 - - [28/Jan/2024:05:38:21 -0500] "GET /portaldeninos/wp-content/themes/betheme/assets/jplayer/jplayer.min.js?ver=20.9.6 HTTP/1.1" 200 52702
45.171.182.181 - - [28/Jan/2024:05:38:21 -0500] "GET /portaldeninos/wp-content/themes/betheme/js/scripts.js?ver=20.9.6 HTTP/1.1" 200 77162
45.171.182.181 - - [28/Jan/2024:05:38:21 -0500] "GET /portaldeninos/wp-content/themes/betheme/fonts/mfn-icons.woff?93978679 HTTP/1.1" 200 80932
45.171.182.181 - - [28/Jan/2024:05:38:22 -0500] "GET /portaldeninos/wp-includes/js/wp-emoji-release.min.js?ver=4.9.8 HTTP/1.1" 200 12026
45.171.182.181 - - [28/Jan/2024:05:38:21 -0500] "GET /portaldeninos/wp-content/uploads/2021/07/imagenes-con-marcos-pa%CC%81gina-de-nin%CC%83os-parque-entrenubes-1.jpg HTTP/1.1" 200 38322
45.171.182.181 - - [28/Jan/2024:05:38:22 -0500] "GET /portaldeninos/wp-content/themes/betheme/images/box_shadow.png HTTP/1.1" 200 108
45.171.182.181 - - [28/Jan/2024:05:38:21 -0500] "GET /portaldeninos/wp-content/themes/betheme/js/plugins.js?ver=20.9.6 HTTP/1.1" 200 197151
172.22.2.4 - - [28/Jan/2024:05:36:55 -0500] "HEAD /BLA/boletinlegal/ HTTP/1.1" 200 -
45.171.182.181 - - [28/Jan/2024:05:38:22 -0500] "GET /portaldeninos/wp-content/uploads/2021/07/Parque-entrenubes.mp4 HTTP/1.1" 206 6469815
45.171.182.181 - - [28/Jan/2024:05:38:54 -0500] "GET /portaldeninos/wp-content/uploads/2021/07/Parque-entrenubes.mp4 HTTP/1.1" 206 2010493
172.22.2.4 - - [28/Jan/2024:05:37:46 -0500] "GET /BLA/boletinlegal/ HTTP/1.1" 200 58720
201.245.192.253 - - [28/Jan/2024:05:39:40 -0500] "POST /kwsrmcab/Wsrmcab HTTP/1.1" 200 37524
201.245.192.253 - - [28/Jan/2024:05:39:42 -0500] "POST /kwsrmcab/Wsrmcab HTTP/1.1" 200 38736
201.245.192.253 - - [28/Jan/2024:05:39:43 -0500] "POST /kwsrmcab/Wsrmcab HTTP/1.1" 200 39867
216.245.221.92 - - [28/Jan/2024:05:39:57 -0500] "HEAD / HTTP/1.1" 200 -
66.249.66.20 - - [28/Jan/2024:05:40:01 -0500] "GET /BLA/resoluciones/RESOLUCIONES%202009/4085.pdf HTTP/1.1" 200 678938
52.167.144.216 - - [28/Jan/2024:05:40:01 -0500] "GET /BLA/resoluciones/index.php?dir=RESOLUCIONES+2007%2FRES+2007+3301+AL+3400%2F HTTP/1.1" 200 26620
201.245.192.253 - - [28/Jan/2024:05:40:34 -0500] "POST /kwsrmcab/Wsrmcab HTTP/1.1" 200 39867
185.38.142.108 - - [28/Jan/2024:05:40:40 -0500] "POST /BLA/boletinlegal/xmlrpc.php HTTP/1.1" 404 1018
185.38.142.108 - - [28/Jan/2024:05:40:41 -0500] "POST /BLA/boletinlegal/wp-login.php HTTP/1.1" 404 1208
201.245.192.253 - - [28/Jan/2024:05:41:59 -0500] "POST /kwsrmcab/Wsrmcab  HTTP/1.1" 200 37857
172.22.2.4 - - [28/Jan/2024:05:42:46 -0500] "HEAD /BLA/boletinlegal/ HTTP/1.1" 200 -
216.245.221.92 - - [28/Jan/2024:05:44:57 -0500] "HEAD / HTTP/1.1" 200 -
172.22.2.4 - - [28/Jan/2024:05:43:36 -0500] "GET /BLA/boletinlegal/ HTTP/1.1" 200 61050
201.245.192.253 - - [28/Jan/2024:05:46:57 -0500] "POST /kwsrmcab/Wsrmcab  HTTP/1.1" 200 37857
216.244.66.195 - - [28/Jan/2024:05:47:40 -0500] "GET /BLA/resoluciones/AUTOS%202020/0434.pdf HTTP/1.1" 200 286672
216.244.66.195 - - [28/Jan/2024:05:47:46 -0500] "GET /BLA/resoluciones/AUTOS%202020/0494.pdf HTTP/1.1" 200 803978
216.244.66.195 - - [28/Jan/2024:05:47:52 -0500] "GET /BLA/resoluciones/AUTOS%202020/0587.pdf HTTP/1.1" 200 1868707
216.244.66.195 - - [28/Jan/2024:05:48:25 -0500] "GET /BLA/resoluciones/AUTOS%202020/1155.pdf HTTP/1.1" 200 342608
216.244.66.195 - - [28/Jan/2024:05:48:55 -0500] "GET /BLA/resoluciones/AUTOS%202020/2240.pdf HTTP/1.1" 200 347987
216.244.66.195 - - [28/Jan/2024:05:49:20 -0500] "GET /BLA/resoluciones/AUTOS%202020/2352.pdf HTTP/1.1" 200 339783
216.244.66.195 - - [28/Jan/2024:05:49:45 -0500] "GET /BLA/resoluciones/AUTOS%202020/2708.pdf HTTP/1.1" 200 354276
216.245.221.92 - - [28/Jan/2024:05:49:57 -0500] "HEAD / HTTP/1.1" 200 -
216.244.66.195 - - [28/Jan/2024:05:50:10 -0500] "GET /BLA/resoluciones/AUTOS%202020/3612.pdf HTTP/1.1" 200 430258
172.22.2.4 - - [28/Jan/2024:05:48:35 -0500] "HEAD /BLA/boletinlegal/ HTTP/1.1" 200 -
216.244.66.195 - - [28/Jan/2024:05:50:33 -0500] "GET /BLA/resoluciones/AUTOS%202020/4151.pdf HTTP/1.1" 200 366614
216.244.66.195 - - [28/Jan/2024:05:50:56 -0500] "GET /BLA/resoluciones/AUTOS%202020/4152.pdf HTTP/1.1" 200 419158
172.22.2.4 - - [28/Jan/2024:05:49:26 -0500] "GET /BLA/boletinlegal/ HTTP/1.1" 200 60583
216.244.66.195 - - [28/Jan/2024:05:51:17 -0500] "GET /BLA/resoluciones/AUTOS%202020/4346.pdf HTTP/1.1" 200 395098
216.244.66.195 - - [28/Jan/2024:05:51:38 -0500] "GET /BLA/resoluciones/AUTOS%202020/4403.pdf HTTP/1.1" 200 392485
179.19.110.199 - - [28/Jan/2024:05:51:39 -0500] "GET /escenarios-ambientales-humedales-y-parques-de-alta-montana-cerrados-preventivamente-por-incendios-forestales-en-bogota.html HTTP/1.1" 200 913
216.244.66.195 - - [28/Jan/2024:05:51:58 -0500] "GET /BLA/resoluciones/AUTOS%202020/4409.pdf HTTP/1.1" 200 389480
201.245.192.253 - - [28/Jan/2024:05:51:56 -0500] "POST /kwsrmcab/Wsrmcab  HTTP/1.1" 200 37857
216.244.66.195 - - [28/Jan/2024:05:52:16 -0500] "GET /BLA/resoluciones/AUTOS%202020/4444.pdf HTTP/1.1" 200 373666
52.167.144.140 - - [28/Jan/2024:05:52:26 -0500] "GET /Publicaciones/2023EE195878.pdf HTTP/1.1" 404 228
216.244.66.195 - - [28/Jan/2024:05:52:34 -0500] "GET /BLA/resoluciones/AUTOS%202020/4545.pdf HTTP/1.1" 200 417743
216.244.66.195 - - [28/Jan/2024:05:52:51 -0500] "GET /BLA/resoluciones/AUTOS%202020/4595.pdf HTTP/1.1" 200 354858
66.249.66.20 - - [28/Jan/2024:05:53:13 -0500] "GET /resoluciones/RESOLUCIONES%202010/1908.pdf HTTP/1.1" 404 1018
66.249.66.19 - - [28/Jan/2024:05:53:13 -0500] "GET /robots.txt HTTP/1.1" 404 1018
52.167.144.216 - - [28/Jan/2024:05:53:30 -0500] "GET /BLA/resoluciones/RESOLUCIONES%202023/0517.pdf HTTP/1.1" 304 -
216.245.221.92 - - [28/Jan/2024:05:54:57 -0500] "HEAD / HTTP/1.1" 200 -
172.22.2.4 - - [28/Jan/2024:05:54:25 -0500] "HEAD /BLA/boletinlegal/ HTTP/1.1" 200 -
179.43.178.234 - - [28/Jan/2024:05:56:51 -0500] "GET / HTTP/1.1" 200 319
172.22.2.4 - - [28/Jan/2024:05:55:16 -0500] "GET /BLA/boletinlegal/ HTTP/1.1" 200 58720
201.245.192.253 - - [28/Jan/2024:05:56:55 -0500] "POST /kwsrmcab/Wsrmcab  HTTP/1.1" 200 37857
66.249.66.20 - - [28/Jan/2024:05:57:45 -0500] "GET /resoluciones/RESOLUCIONES%202009/7465.pdf HTTP/1.1" 404 1018
172.22.2.4 - - [28/Jan/2024:05:57:45 -0500] "GET /BLA/boletinlegal/actos.php HTTP/1.1" 200 9738
52.167.144.140 - - [28/Jan/2024:05:57:47 -0500] "GET /BLA/resoluciones/index.php?dir=RESOLUCIONES+2024%2F HTTP/1.1" 200 2393
216.244.66.195 - - [28/Jan/2024:05:59:40 -0500] "GET /BLA/resoluciones/AUTOS%202014/0370.pdf HTTP/1.1" 200 518820
216.245.221.92 - - [28/Jan/2024:05:59:57 -0500] "HEAD / HTTP/1.1" 200 -
216.244.66.195 - - [28/Jan/2024:06:00:09 -0500] "GET /BLA/resoluciones/AUTOS%202014/0966.pdf HTTP/1.1" 200 465307
216.244.66.195 - - [28/Jan/2024:06:00:32 -0500] "GET /BLA/resoluciones/AUTOS%202014/1185.pdf HTTP/1.1" 200 221525
87.250.224.12 - - [28/Jan/2024:06:00:39 -0500] "GET /robots.txt HTTP/1.1" 404 1034
87.250.224.215 - - [28/Jan/2024:06:00:40 -0500] "GET /caminatas-ecologicas-un-plan-imperdible-para-octubre.html HTTP/1.1" 200 747
216.244.66.195 - - [28/Jan/2024:06:00:58 -0500] "GET /BLA/resoluciones/AUTOS%202014/1395.pdf HTTP/1.1" 200 636642
216.244.66.195 - - [28/Jan/2024:06:01:36 -0500] "GET /BLA/resoluciones/AUTOS%202014/1800.pdf HTTP/1.1" 200 284093
66.249.66.20 - - [28/Jan/2024:06:01:37 -0500] "GET /sig/Manual%20de%20Procesos%20y%20Procedimientos/126PM04%20Evaluaci%C3%B3n%20Control%20y%20Seguimiento/126PM04-PR17%20Atenci%C3%B3n%20solicitud%20Salvoconducto%20Flora.pdf HTTP/1.1" 404 1018
172.22.2.4 - - [28/Jan/2024:06:00:15 -0500] "HEAD /BLA/boletinlegal/ HTTP/1.1" 200 -
201.245.192.253 - - [28/Jan/2024:06:01:53 -0500] "POST /kwsrmcab/Wsrmcab  HTTP/1.1" 200 37857
216.244.66.195 - - [28/Jan/2024:06:02:15 -0500] "GET /BLA/resoluciones/AUTOS%202015/1941.pdf HTTP/1.1" 200 632434
172.22.2.4 - - [28/Jan/2024:06:01:06 -0500] "GET /BLA/boletinlegal/ HTTP/1.1" 200 58720
216.244.66.195 - - [28/Jan/2024:06:03:05 -0500] "GET /BLA/resoluciones/AUTOS%202015/2105.pdf HTTP/1.1" 200 888526
216.244.66.195 - - [28/Jan/2024:06:03:55 -0500] "GET /BLA/resoluciones/AUTOS%202015/2268.pdf HTTP/1.1" 200 640738
66.249.66.19 - - [28/Jan/2024:06:04:36 -0500] "GET /BLA/resoluciones/Autos%202008/0393.pdf HTTP/1.1" 200 80304
216.245.221.92 - - [28/Jan/2024:06:04:57 -0500] "HEAD / HTTP/1.1" 200 -
172.22.2.4 - - [28/Jan/2024:06:05:33 -0500] "GET /BLA/boletinlegal/normativa.php HTTP/1.1" 200 8397
201.245.192.253 - - [28/Jan/2024:06:06:53 -0500] "POST /kwsrmcab/Wsrmcab  HTTP/1.1" 200 37857
172.22.2.4 - - [28/Jan/2024:06:06:05 -0500] "HEAD /BLA/boletinlegal/ HTTP/1.1" 200 -
66.249.66.21 - - [28/Jan/2024:06:07:48 -0500] "GET /BLA/resoluciones/RESOLUCIONES%202008/4132.pdf HTTP/1.1" 200 775302
172.22.2.4 - - [28/Jan/2024:06:06:56 -0500] "GET /BLA/boletinlegal/ HTTP/1.1" 200 58220
216.245.221.92 - - [28/Jan/2024:06:09:57 -0500] "HEAD / HTTP/1.1" 200 -
66.249.66.20 - - [28/Jan/2024:06:10:19 -0500] "GET /resoluciones/RESOLUCIONES%202008/1521.pdf HTTP/1.1" 404 1018
66.249.66.19 - - [28/Jan/2024:06:10:54 -0500] "GET /resoluciones/RESOLUCIONES%202008/1187.pdf HTTP/1.1" 404 1018
201.245.192.253 - - [28/Jan/2024:06:11:52 -0500] "POST /kwsrmcab/Wsrmcab  HTTP/1.1" 200 37857
66.249.66.19 - - [28/Jan/2024:06:12:58 -0500] "GET /BLA/resoluciones/RESOLUCIONES%202010/5943.pdf HTTP/1.1" 200 101425
172.22.2.4 - - [28/Jan/2024:06:11:55 -0500] "HEAD /BLA/boletinlegal/ HTTP/1.1" 200 -
66.249.66.21 - - [28/Jan/2024:06:14:23 -0500] "GET /BLA/resoluciones/RESOLUCIONES%202008/3259.pdf HTTP/1.1" 200 675206
172.22.2.4 - - [28/Jan/2024:06:12:46 -0500] "GET /BLA/boletinlegal/ HTTP/1.1" 200 59104
162.55.43.55 - - [28/Jan/2024:06:14:26 -0500] "GET / HTTP/1.1" 200 4720
66.249.66.21 - - [28/Jan/2024:06:14:52 -0500] "GET /BLA/resoluciones/RESOLUCIONES%202010/5768.pdf HTTP/1.1" 200 79794
216.245.221.92 - - [28/Jan/2024:06:14:57 -0500] "HEAD / HTTP/1.1" 200 -
66.249.66.20 - - [28/Jan/2024:06:15:37 -0500] "GET /BLA/resoluciones/RESOLUCIONES%202010/0128.pdf HTTP/1.1" 200 386612
201.162.70.81 - - [28/Jan/2024:06:15:38 -0500] "HEAD /BLA/boletinlegal/admin/index.php HTTP/1.1" 200 -
52.167.144.205 - - [28/Jan/2024:06:16:52 -0500] "GET /BLA/resoluciones/AUTOS%202022/1283.pdf HTTP/1.1" 304 -
201.245.192.253 - - [28/Jan/2024:06:16:50 -0500] "POST /kwsrmcab/Wsrmcab  HTTP/1.1" 200 37857
216.244.66.195 - - [28/Jan/2024:06:17:05 -0500] "GET /robots.txt HTTP/1.1" 404 1018
45.139.239.4 - - [28/Jan/2024:06:18:24 -0500] "GET / HTTP/1.1" 200 319
69.171.231.9 - - [28/Jan/2024:06:18:32 -0500] "GET /escenarios-ambientales-humedales-y-parques-de-alta-montana-cerrados-preventivamente-por-incendios-forestales-en-bogota.html HTTP/1.1" 200 913
69.171.231.9 - - [28/Jan/2024:06:18:33 -0500] "GET /escenarios-ambientales-humedales-y-parques-de-alta-montana-cerrados-preventivamente-por-incendios-forestales-en-bogota.html HTTP/1.1" 206 913
69.171.231.8 - - [28/Jan/2024:06:18:37 -0500] "GET /escenarios-ambientales-humedales-y-parques-de-alta-montana-cerrados-preventivamente-por-incendios-forestales-en-bogota.html HTTP/1.1" 200 913
172.22.2.4 - - [28/Jan/2024:06:17:45 -0500] "HEAD /BLA/boletinlegal/ HTTP/1.1" 200 -
201.245.192.253 - - [28/Jan/2024:06:19:41 -0500] "POST /kwsrmcab/Wsrmcab HTTP/1.1" 200 37541
201.245.192.253 - - [28/Jan/2024:06:19:42 -0500] "POST /kwsrmcab/Wsrmcab HTTP/1.1" 200 38749
201.245.192.253 - - [28/Jan/2024:06:19:44 -0500] "POST /kwsrmcab/Wsrmcab HTTP/1.1" 200 39881
216.245.221.92 - - [28/Jan/2024:06:19:57 -0500] "HEAD / HTTP/1.1" 200 -
172.22.2.4 - - [28/Jan/2024:06:18:36 -0500] "GET /BLA/boletinlegal/ HTTP/1.1" 200 58720
173.252.83.7 - - [28/Jan/2024:06:20:18 -0500] "GET /images/27%20de%20enero%20Soratama.jpg HTTP/1.1" 200 63397
201.245.192.253 - - [28/Jan/2024:06:20:36 -0500] "POST /kwsrmcab/Wsrmcab HTTP/1.1" 200 39881
201.245.192.253 - - [28/Jan/2024:06:21:49 -0500] "POST /kwsrmcab/Wsrmcab  HTTP/1.1" 200 37857
216.245.221.92 - - [28/Jan/2024:06:24:57 -0500] "HEAD / HTTP/1.1" 200 -
172.22.2.4 - - [28/Jan/2024:06:23:35 -0500] "HEAD /BLA/boletinlegal/ HTTP/1.1" 200 -
172.22.2.4 - - [28/Jan/2024:06:24:26 -0500] "GET /BLA/boletinlegal/ HTTP/1.1" 200 58720
172.22.2.4 - - [28/Jan/2024:06:26:28 -0500] "GET /BLA/boletinlegal/Circulares/2020/CIRCULAR%20No.%2000014%20del%2001%20de%20septiembre%20del%202020.pdf HTTP/1.1" 304 -
201.245.192.253 - - [28/Jan/2024:06:26:48 -0500] "POST /kwsrmcab/Wsrmcab  HTTP/1.1" 200 37857
173.252.127.5 - - [28/Jan/2024:06:28:21 -0500] "GET /escenarios-ambientales-humedales-y-parques-de-alta-montana-cerrados-preventivamente-por-incendios-forestales-en-bogota.html HTTP/1.1" 200 913
181.53.13.235 - - [28/Jan/2024:06:28:41 -0500] "GET /sipse/faces/index.xhtml HTTP/1.1" 200 677
181.53.13.235 - - [28/Jan/2024:06:28:42 -0500] "GET /sipse/faces/javax.faces.resource/theme.css?ln=primefaces-sipse HTTP/1.1" 304 -
181.53.13.235 - - [28/Jan/2024:06:28:42 -0500] "GET /sipse/faces/faces/autenticacion.xhtml HTTP/1.1" 200 12403
181.53.13.235 - - [28/Jan/2024:06:28:42 -0500] "GET /sipse/js/disable_browser_buttons.js HTTP/1.1" 304 -
181.53.13.235 - - [28/Jan/2024:06:28:42 -0500] "GET /sipse/faces/javax.faces.resource/theme.css?ln=primefaces-sipse HTTP/1.1" 304 -
181.53.13.235 - - [28/Jan/2024:06:28:42 -0500] "GET /sipse/faces/javax.faces.resource/primefaces.css?ln=primefaces&v=4.0 HTTP/1.1" 304 -
181.53.13.235 - - [28/Jan/2024:06:28:42 -0500] "GET /sipse/faces/javax.faces.resource/layout/layout.css?ln=primefaces&v=4.0 HTTP/1.1" 304 -
181.53.13.235 - - [28/Jan/2024:06:28:42 -0500] "GET /sipse/faces/javax.faces.resource/jquery/jquery.js?ln=primefaces&v=4.0 HTTP/1.1" 304 -
181.53.13.235 - - [28/Jan/2024:06:28:42 -0500] "GET /sipse/faces/javax.faces.resource/layout/layout.js?ln=primefaces&v=4.0 HTTP/1.1" 304 -
181.53.13.235 - - [28/Jan/2024:06:28:43 -0500] "GET /sipse/js/funciones.js HTTP/1.1" 304 -
181.53.13.235 - - [28/Jan/2024:06:28:43 -0500] "GET /sipse/css/custom_css_sg.css HTTP/1.1" 304 -
181.53.13.235 - - [28/Jan/2024:06:28:43 -0500] "GET /sipse/css/custom_css_sg_prime_login.css HTTP/1.1" 304 -
181.53.13.235 - - [28/Jan/2024:06:28:43 -0500] "GET /sipse/faces/javax.faces.resource/jquery/jquery-plugins.js?ln=primefaces&v=4.0 HTTP/1.1" 304 -
181.53.13.235 - - [28/Jan/2024:06:28:43 -0500] "GET /sipse/faces/javax.faces.resource/primefaces.js?ln=primefaces&v=4.0 HTTP/1.1" 304 -
181.53.13.235 - - [28/Jan/2024:06:28:43 -0500] "GET /sipse/css/imagen/logoSDG.png HTTP/1.1" 304 -
181.53.13.235 - - [28/Jan/2024:06:28:43 -0500] "GET /sipse/css/imagen/loginimg.png HTTP/1.1" 304 -
181.53.13.235 - - [28/Jan/2024:06:28:43 -0500] "GET /sipse/faces/javax.faces.resource/images/ui-icons_898989_256x240.png?ln=primefaces-aristo HTTP/1.1" 304 -
181.53.13.235 - - [28/Jan/2024:06:28:47 -0500] "POST /sipse/faces/autenticacion.xhtml HTTP/1.1" 200 2220
181.53.13.235 - - [28/Jan/2024:06:28:47 -0500] "GET /sipse/faces/javax.faces.resource/messages/messages.png?ln=primefaces&v=4.0 HTTP/1.1" 304 -
181.53.13.235 - - [28/Jan/2024:06:28:50 -0500] "POST /sipse/faces/autenticacion.xhtml HTTP/1.1" 200 16353
181.53.13.235 - - [28/Jan/2024:06:28:50 -0500] "GET /sipse/css/custom_css_sg_prime.css HTTP/1.1" 304 -
181.53.13.235 - - [28/Jan/2024:06:28:50 -0500] "GET /sipse/faces/javax.faces.resource/primefaces.css?ln=primefaces&v=4.0 HTTP/1.1" 304 -
181.53.13.235 - - [28/Jan/2024:06:28:50 -0500] "GET /sipse/faces/javax.faces.resource/theme.css?ln=primefaces-sipse HTTP/1.1" 304 -
181.53.13.235 - - [28/Jan/2024:06:28:50 -0500] "GET /sipse/faces/javax.faces.resource/layout/layout.css?ln=primefaces&v=4.0 HTTP/1.1" 304 -
181.53.13.235 - - [28/Jan/2024:06:28:50 -0500] "GET /sipse/js/jquery.min.js HTTP/1.1" 304 -
181.53.13.235 - - [28/Jan/2024:06:28:50 -0500] "GET /sipse/faces/javax.faces.resource/jquery/jquery.js?ln=primefaces&v=4.0 HTTP/1.1" 304 -
181.53.13.235 - - [28/Jan/2024:06:28:50 -0500] "GET /sipse/faces/javax.faces.resource/jquery/jquery-plugins.js?ln=primefaces&v=4.0 HTTP/1.1" 304 -
181.53.13.235 - - [28/Jan/2024:06:28:50 -0500] "GET /sipse/faces/javax.faces.resource/primefaces.js?ln=primefaces&v=4.0 HTTP/1.1" 304 -
181.53.13.235 - - [28/Jan/2024:06:28:50 -0500] "GET /sipse/faces/javax.faces.resource/layout/layout.js?ln=primefaces&v=4.0 HTTP/1.1" 304 -
181.53.13.235 - - [28/Jan/2024:06:28:51 -0500] "GET /sipse/imagenes/cargando.gif HTTP/1.1" 304 -
181.53.13.235 - - [28/Jan/2024:06:28:51 -0500] "GET /sipse/imagenes/logoAplicacion.jpg HTTP/1.1" 304 -
181.53.13.235 - - [28/Jan/2024:06:28:51 -0500] "GET /sipse/css/imagen/contrasena.png HTTP/1.1" 404 383
181.53.13.235 - - [28/Jan/2024:06:28:51 -0500] "GET /sipse/css/v_mergente.css HTTP/1.1" 304 -
181.53.13.235 - - [28/Jan/2024:06:29:22 -0500] "POST /sipse/faces/bienvenido.xhtml HTTP/1.1" 200 2658
181.53.13.235 - - [28/Jan/2024:06:29:22 -0500] "GET /sipse/faces/javax.faces.resource/images/ui-bg_flat_0_2d5972_40x100.png?ln=primefaces-aristo HTTP/1.1" 304 -
181.53.13.235 - - [28/Jan/2024:06:29:24 -0500] "POST /sipse/faces/bienvenido.xhtml HTTP/1.1" 200 65420
181.53.13.235 - - [28/Jan/2024:06:29:28 -0500] "GET /sipse/faces/javax.faces.resource/theme.css?ln=primefaces-sipse HTTP/1.1" 304 -
181.53.13.235 - - [28/Jan/2024:06:29:28 -0500] "GET /sipse/faces/javax.faces.resource/primefaces.css?ln=primefaces&v=4.0 HTTP/1.1" 304 -
181.53.13.235 - - [28/Jan/2024:06:29:28 -0500] "GET /sipse/faces/javax.faces.resource/layout/layout.css?ln=primefaces&v=4.0 HTTP/1.1" 304 -
181.53.13.235 - - [28/Jan/2024:06:29:28 -0500] "GET /sipse/faces/javax.faces.resource/jquery/jquery.js?ln=primefaces&v=4.0 HTTP/1.1" 304 -
181.53.13.235 - - [28/Jan/2024:06:29:28 -0500] "GET /sipse/faces/javax.faces.resource/jquery/jquery-plugins.js?ln=primefaces&v=4.0 HTTP/1.1" 304 -
181.53.13.235 - - [28/Jan/2024:06:29:28 -0500] "GET /sipse/faces/javax.faces.resource/primefaces.js?ln=primefaces&v=4.0 HTTP/1.1" 304 -
181.53.13.235 - - [28/Jan/2024:06:29:29 -0500] "GET /sipse/faces/javax.faces.resource/layout/layout.js?ln=primefaces&v=4.0 HTTP/1.1" 304 -
181.53.13.235 - - [28/Jan/2024:06:29:29 -0500] "POST /sipse/faces/presentacion/financiero/solicitudProceso/listarSolicitudProceso.xhtml HTTP/1.1" 200 1556
181.53.13.235 - - [28/Jan/2024:06:29:34 -0500] "POST /sipse/faces/presentacion/financiero/solicitudProceso/listarSolicitudProceso.xhtml HTTP/1.1" 200 46939
181.53.13.235 - - [28/Jan/2024:06:29:36 -0500] "POST /sipse/faces/presentacion/financiero/solicitudProceso/listarSolicitudProceso.xhtml HTTP/1.1" 200 47077
181.53.13.235 - - [28/Jan/2024:06:29:38 -0500] "POST /sipse/faces/presentacion/financiero/solicitudProceso/listarSolicitudProceso.xhtml HTTP/1.1" 200 19788
201.245.192.253 - - [28/Jan/2024:06:29:41 -0500] "POST /kwsrmcab/Wsrmcab HTTP/1.1" 200 37541
181.53.13.235 - - [28/Jan/2024:06:29:43 -0500] "POST /sipse/faces/presentacion/financiero/solicitudProceso/listarSolicitudProceso.xhtml HTTP/1.1" 200 147784
181.53.13.235 - - [28/Jan/2024:06:29:44 -0500] "GET /sipse/faces/javax.faces.resource/theme.css?ln=primefaces-sipse HTTP/1.1" 304 -
181.53.13.235 - - [28/Jan/2024:06:29:44 -0500] "GET /sipse/faces/javax.faces.resource/primefaces.css?ln=primefaces&v=4.0 HTTP/1.1" 304 -
181.53.13.235 - - [28/Jan/2024:06:29:44 -0500] "GET /sipse/faces/javax.faces.resource/layout/layout.css?ln=primefaces&v=4.0 HTTP/1.1" 304 -
181.53.13.235 - - [28/Jan/2024:06:29:44 -0500] "GET /sipse/faces/javax.faces.resource/jquery/jquery.js?ln=primefaces&v=4.0 HTTP/1.1" 304 -
181.53.13.235 - - [28/Jan/2024:06:29:44 -0500] "GET /sipse/faces/javax.faces.resource/jquery/jquery-plugins.js?ln=primefaces&v=4.0 HTTP/1.1" 304 -
181.53.13.235 - - [28/Jan/2024:06:29:44 -0500] "GET /sipse/faces/javax.faces.resource/primefaces.js?ln=primefaces&v=4.0 HTTP/1.1" 304 -
181.53.13.235 - - [28/Jan/2024:06:29:44 -0500] "GET /sipse/faces/javax.faces.resource/layout/layout.js?ln=primefaces&v=4.0 HTTP/1.1" 304 -
201.245.192.253 - - [28/Jan/2024:06:29:42 -0500] "POST /kwsrmcab/Wsrmcab HTTP/1.1" 200 38749
201.245.192.253 - - [28/Jan/2024:06:29:44 -0500] "POST /kwsrmcab/Wsrmcab HTTP/1.1" 200 39881
173.252.107.7 - - [28/Jan/2024:06:29:46 -0500] "GET /inicia-el-2024-conociendo-la-biodiversidad-de-bogoti.html HTTP/1.1" 200 894
216.245.221.92 - - [28/Jan/2024:06:29:57 -0500] "HEAD / HTTP/1.1" 200 -
201.245.192.253 - - [28/Jan/2024:06:30:33 -0500] "POST /kwsrmcab/Wsrmcab HTTP/1.1" 200 39881
181.53.13.235 - - [28/Jan/2024:06:30:37 -0500] "POST /sipse/faces/presentacion/financiero/solicitudProceso/consultarSolicitudProceso.xhtml HTTP/1.1" 200 5464
172.22.2.4 - - [28/Jan/2024:06:29:25 -0500] "HEAD /BLA/boletinlegal/ HTTP/1.1" 200 -
181.53.13.235 - - [28/Jan/2024:06:31:21 -0500] "POST /sipse/faces/presentacion/financiero/solicitudProceso/consultarSolicitudProceso.xhtml HTTP/1.1" 200 37166
181.53.13.235 - - [28/Jan/2024:06:31:22 -0500] "GET /sipse/faces/javax.faces.resource/theme.css?ln=primefaces-sipse HTTP/1.1" 304 -
181.53.13.235 - - [28/Jan/2024:06:31:22 -0500] "GET /sipse/faces/javax.faces.resource/primefaces.css?ln=primefaces&v=4.0 HTTP/1.1" 304 -
181.53.13.235 - - [28/Jan/2024:06:31:22 -0500] "GET /sipse/faces/javax.faces.resource/layout/layout.css?ln=primefaces&v=4.0 HTTP/1.1" 304 -
181.53.13.235 - - [28/Jan/2024:06:31:22 -0500] "GET /sipse/faces/javax.faces.resource/jquery/jquery.js?ln=primefaces&v=4.0 HTTP/1.1" 304 -
181.53.13.235 - - [28/Jan/2024:06:31:22 -0500] "GET /sipse/faces/javax.faces.resource/jquery/jquery-plugins.js?ln=primefaces&v=4.0 HTTP/1.1" 304 -
181.53.13.235 - - [28/Jan/2024:06:31:22 -0500] "GET /sipse/faces/javax.faces.resource/primefaces.js?ln=primefaces&v=4.0 HTTP/1.1" 304 -
181.53.13.235 - - [28/Jan/2024:06:31:22 -0500] "GET /sipse/faces/javax.faces.resource/layout/layout.js?ln=primefaces&v=4.0 HTTP/1.1" 304 -
181.53.13.235 - - [28/Jan/2024:06:31:23 -0500] "POST /sipse/faces/presentacion/financiero/solicitudProceso/listarSolicitudProceso.xhtml HTTP/1.1" 200 30539
181.53.13.235 - - [28/Jan/2024:06:31:23 -0500] "POST /sipse/faces/presentacion/financiero/solicitudProceso/listarSolicitudProceso.xhtml HTTP/1.1" 200 30539
181.53.13.235 - - [28/Jan/2024:06:31:24 -0500] "POST /sipse/faces/presentacion/financiero/solicitudProceso/listarSolicitudProceso.xhtml HTTP/1.1" 200 1396
181.53.13.235 - - [28/Jan/2024:06:31:26 -0500] "POST /sipse/faces/presentacion/financiero/solicitudProceso/listarSolicitudProceso.xhtml HTTP/1.1" 200 1396
181.53.13.235 - - [28/Jan/2024:06:31:29 -0500] "POST /sipse/faces/presentacion/financiero/solicitudProceso/listarSolicitudProceso.xhtml HTTP/1.1" 200 1404
181.53.13.235 - - [28/Jan/2024:06:31:38 -0500] "POST /sipse/faces/presentacion/financiero/solicitudProceso/listarSolicitudProceso.xhtml HTTP/1.1" 200 46782
181.53.13.235 - - [28/Jan/2024:06:31:40 -0500] "POST /sipse/faces/presentacion/financiero/solicitudProceso/listarSolicitudProceso.xhtml HTTP/1.1" 200 46871
181.53.13.235 - - [28/Jan/2024:06:31:42 -0500] "POST /sipse/faces/presentacion/financiero/solicitudProceso/listarSolicitudProceso.xhtml HTTP/1.1" 200 19738
181.53.13.235 - - [28/Jan/2024:06:31:43 -0500] "POST /sipse/faces/presentacion/financiero/solicitudProceso/listarSolicitudProceso.xhtml HTTP/1.1" 200 19726
201.245.192.253 - - [28/Jan/2024:06:31:45 -0500] "POST /kwsrmcab/Wsrmcab  HTTP/1.1" 200 37857
181.53.13.235 - - [28/Jan/2024:06:31:47 -0500] "POST /sipse/faces/presentacion/financiero/solicitudProceso/listarSolicitudProceso.xhtml HTTP/1.1" 200 130046
181.53.13.235 - - [28/Jan/2024:06:31:48 -0500] "GET /sipse/faces/javax.faces.resource/theme.css?ln=primefaces-sipse HTTP/1.1" 304 -
181.53.13.235 - - [28/Jan/2024:06:31:48 -0500] "GET /sipse/faces/javax.faces.resource/primefaces.css?ln=primefaces&v=4.0 HTTP/1.1" 304 -
181.53.13.235 - - [28/Jan/2024:06:31:48 -0500] "GET /sipse/faces/javax.faces.resource/layout/layout.css?ln=primefaces&v=4.0 HTTP/1.1" 304 -
181.53.13.235 - - [28/Jan/2024:06:31:48 -0500] "GET /sipse/faces/javax.faces.resource/jquery/jquery.js?ln=primefaces&v=4.0 HTTP/1.1" 304 -
181.53.13.235 - - [28/Jan/2024:06:31:48 -0500] "GET /sipse/faces/javax.faces.resource/jquery/jquery-plugins.js?ln=primefaces&v=4.0 HTTP/1.1" 304 -
181.53.13.235 - - [28/Jan/2024:06:31:48 -0500] "GET /sipse/faces/javax.faces.resource/primefaces.js?ln=primefaces&v=4.0 HTTP/1.1" 304 -
181.53.13.235 - - [28/Jan/2024:06:31:48 -0500] "GET /sipse/faces/javax.faces.resource/layout/layout.js?ln=primefaces&v=4.0 HTTP/1.1" 304 -
181.53.13.235 - - [28/Jan/2024:06:31:55 -0500] "POST /sipse/faces/presentacion/financiero/solicitudProceso/consultarSolicitudProceso.xhtml HTTP/1.1" 200 21131
181.53.13.235 - - [28/Jan/2024:06:31:56 -0500] "GET /sipse/faces/javax.faces.resource/theme.css?ln=primefaces-sipse HTTP/1.1" 304 -
181.53.13.235 - - [28/Jan/2024:06:31:56 -0500] "GET /sipse/faces/javax.faces.resource/layout/layout.css?ln=primefaces&v=4.0 HTTP/1.1" 304 -
181.53.13.235 - - [28/Jan/2024:06:31:56 -0500] "GET /sipse/faces/javax.faces.resource/primefaces.css?ln=primefaces&v=4.0 HTTP/1.1" 304 -
181.53.13.235 - - [28/Jan/2024:06:31:56 -0500] "GET /sipse/faces/javax.faces.resource/fileupload/fileupload.css?ln=primefaces&v=4.0 HTTP/1.1" 304 -
181.53.13.235 - - [28/Jan/2024:06:31:56 -0500] "GET /sipse/faces/javax.faces.resource/jquery/jquery.js?ln=primefaces&v=4.0 HTTP/1.1" 304 -
181.53.13.235 - - [28/Jan/2024:06:31:56 -0500] "GET /sipse/faces/javax.faces.resource/jquery/jquery-plugins.js?ln=primefaces&v=4.0 HTTP/1.1" 304 -
181.53.13.235 - - [28/Jan/2024:06:31:56 -0500] "GET /sipse/faces/javax.faces.resource/primefaces.js?ln=primefaces&v=4.0 HTTP/1.1" 304 -
181.53.13.235 - - [28/Jan/2024:06:31:56 -0500] "GET /sipse/faces/javax.faces.resource/layout/layout.js?ln=primefaces&v=4.0 HTTP/1.1" 304 -
181.53.13.235 - - [28/Jan/2024:06:31:56 -0500] "GET /sipse/faces/javax.faces.resource/fileupload/fileupload.js?ln=primefaces&v=4.0 HTTP/1.1" 304 -
172.22.2.4 - - [28/Jan/2024:06:30:16 -0500] "GET /BLA/boletinlegal/ HTTP/1.1" 200 58720
181.53.13.235 - - [28/Jan/2024:06:32:11 -0500] "GET /sipse/faces/javax.faces.resource/theme.css?ln=primefaces-sipse HTTP/1.1" 304 -
181.53.13.235 - - [28/Jan/2024:06:32:11 -0500] "GET /sipse/faces/javax.faces.resource/primefaces.css?ln=primefaces&v=4.0 HTTP/1.1" 304 -
181.53.13.235 - - [28/Jan/2024:06:32:11 -0500] "GET /sipse/faces/javax.faces.resource/jquery/jquery-plugins.js?ln=primefaces&v=4.0 HTTP/1.1" 304 -
181.53.13.235 - - [28/Jan/2024:06:32:11 -0500] "GET /sipse/faces/javax.faces.resource/jquery/jquery.js?ln=primefaces&v=4.0 HTTP/1.1" 304 -
181.53.13.235 - - [28/Jan/2024:06:32:11 -0500] "GET /sipse/faces/javax.faces.resource/layout/layout.css?ln=primefaces&v=4.0 HTTP/1.1" 304 -
181.53.13.235 - - [28/Jan/2024:06:32:11 -0500] "GET /sipse/faces/javax.faces.resource/primefaces.js?ln=primefaces&v=4.0 HTTP/1.1" 304 -
181.53.13.235 - - [28/Jan/2024:06:32:11 -0500] "GET /sipse/faces/javax.faces.resource/layout/layout.js?ln=primefaces&v=4.0 HTTP/1.1" 304 -
181.53.13.235 - - [28/Jan/2024:06:32:10 -0500] "POST /sipse/faces/presentacion/sistema/anexos/cargarAnexoSolicitudProceso.xhtml HTTP/1.1" 200 178683
181.53.13.235 - - [28/Jan/2024:06:32:37 -0500] "POST /sipse/faces/presentacion/financiero/solicitudProceso/consultarSolicitudProceso.xhtml HTTP/1.1" 200 21131
181.53.13.235 - - [28/Jan/2024:06:32:37 -0500] "GET /sipse/faces/javax.faces.resource/theme.css?ln=primefaces-sipse HTTP/1.1" 304 -
181.53.13.235 - - [28/Jan/2024:06:32:37 -0500] "GET /sipse/faces/javax.faces.resource/primefaces.css?ln=primefaces&v=4.0 HTTP/1.1" 304 -
181.53.13.235 - - [28/Jan/2024:06:32:37 -0500] "GET /sipse/faces/javax.faces.resource/jquery/jquery.js?ln=primefaces&v=4.0 HTTP/1.1" 304 -
181.53.13.235 - - [28/Jan/2024:06:32:37 -0500] "GET /sipse/faces/javax.faces.resource/layout/layout.css?ln=primefaces&v=4.0 HTTP/1.1" 304 -
181.53.13.235 - - [28/Jan/2024:06:32:37 -0500] "GET /sipse/faces/javax.faces.resource/fileupload/fileupload.css?ln=primefaces&v=4.0 HTTP/1.1" 304 -
181.53.13.235 - - [28/Jan/2024:06:32:37 -0500] "GET /sipse/faces/javax.faces.resource/primefaces.js?ln=primefaces&v=4.0 HTTP/1.1" 304 -
181.53.13.235 - - [28/Jan/2024:06:32:37 -0500] "GET /sipse/faces/javax.faces.resource/layout/layout.js?ln=primefaces&v=4.0 HTTP/1.1" 304 -
181.53.13.235 - - [28/Jan/2024:06:32:37 -0500] "GET /sipse/faces/javax.faces.resource/jquery/jquery-plugins.js?ln=primefaces&v=4.0 HTTP/1.1" 304 -
181.53.13.235 - - [28/Jan/2024:06:32:37 -0500] "GET /sipse/faces/javax.faces.resource/fileupload/fileupload.js?ln=primefaces&v=4.0 HTTP/1.1" 304 -
66.249.66.19 - - [28/Jan/2024:06:32:40 -0500] "GET /resoluciones/RESOLUCIONES%202008/2955.pdf HTTP/1.1" 404 1018
181.53.13.235 - - [28/Jan/2024:06:32:53 -0500] "GET /sipse/faces/javax.faces.resource/theme.css?ln=primefaces-sipse HTTP/1.1" 304 -
181.53.13.235 - - [28/Jan/2024:06:32:53 -0500] "GET /sipse/faces/javax.faces.resource/layout/layout.css?ln=primefaces&v=4.0 HTTP/1.1" 304 -
181.53.13.235 - - [28/Jan/2024:06:32:53 -0500] "GET /sipse/faces/javax.faces.resource/jquery/jquery.js?ln=primefaces&v=4.0 HTTP/1.1" 304 -
181.53.13.235 - - [28/Jan/2024:06:32:53 -0500] "GET /sipse/faces/javax.faces.resource/primefaces.css?ln=primefaces&v=4.0 HTTP/1.1" 304 -
181.53.13.235 - - [28/Jan/2024:06:32:50 -0500] "POST /sipse/faces/presentacion/sistema/anexos/cargarAnexoSolicitudProceso.xhtml HTTP/1.1" 200 180509
181.53.13.235 - - [28/Jan/2024:06:32:53 -0500] "GET /sipse/faces/javax.faces.resource/jquery/jquery-plugins.js?ln=primefaces&v=4.0 HTTP/1.1" 304 -
181.53.13.235 - - [28/Jan/2024:06:32:53 -0500] "GET /sipse/faces/javax.faces.resource/primefaces.js?ln=primefaces&v=4.0 HTTP/1.1" 304 -
181.53.13.235 - - [28/Jan/2024:06:32:53 -0500] "GET /sipse/faces/javax.faces.resource/layout/layout.js?ln=primefaces&v=4.0 HTTP/1.1" 304 -
181.53.13.235 - - [28/Jan/2024:06:33:01 -0500] "POST /sipse/faces/presentacion/financiero/solicitudProceso/consultarSolicitudProceso.xhtml HTTP/1.1" 200 82983
66.249.66.20 - - [28/Jan/2024:06:33:53 -0500] "GET /BLA/resoluciones/RESOLUCIONES%202010/2341.pdf HTTP/1.1" 200 520437
69.63.184.4 - - [28/Jan/2024:06:33:57 -0500] "GET /distrito-declara-alerta-zonal-por-deterioro-de-calidad-de-aire-y-toma-nuevas-decisiones-en-materia-de-movilidad.html HTTP/1.1" 200 860
173.252.127.20 - - [28/Jan/2024:06:34:01 -0500] "GET /distrito-declara-alerta-zonal-por-deterioro-de-calidad-de-aire-y-toma-nuevas-decisiones-en-materia-de-movilidad.html HTTP/1.1" 200 860
31.13.103.117 - - [28/Jan/2024:06:34:02 -0500] "GET /a-que-se-debe-el-deterioro-de-la-calidad-del-aire-y-cuando-se-declararia-una-alerta-por-contaminacion-atmosferica.html HTTP/1.1" 200 1004
181.53.13.235 - - [28/Jan/2024:06:34:04 -0500] "POST /sipse/faces/presentacion/financiero/solicitudProceso/consultarSolicitudProceso.xhtml HTTP/1.1" 200 39440
181.53.13.235 - - [28/Jan/2024:06:34:04 -0500] "GET /sipse/faces/javax.faces.resource/theme.css?ln=primefaces-sipse HTTP/1.1" 304 -
181.53.13.235 - - [28/Jan/2024:06:34:04 -0500] "GET /sipse/faces/javax.faces.resource/primefaces.css?ln=primefaces&v=4.0 HTTP/1.1" 304 -
181.53.13.235 - - [28/Jan/2024:06:34:04 -0500] "GET /sipse/faces/javax.faces.resource/layout/layout.css?ln=primefaces&v=4.0 HTTP/1.1" 304 -
181.53.13.235 - - [28/Jan/2024:06:34:04 -0500] "GET /sipse/faces/javax.faces.resource/jquery/jquery.js?ln=primefaces&v=4.0 HTTP/1.1" 304 -
181.53.13.235 - - [28/Jan/2024:06:34:04 -0500] "GET /sipse/faces/javax.faces.resource/jquery/jquery-plugins.js?ln=primefaces&v=4.0 HTTP/1.1" 304 -
181.53.13.235 - - [28/Jan/2024:06:34:04 -0500] "GET /sipse/faces/javax.faces.resource/primefaces.js?ln=primefaces&v=4.0 HTTP/1.1" 304 -
181.53.13.235 - - [28/Jan/2024:06:34:05 -0500] "GET /sipse/faces/javax.faces.resource/layout/layout.js?ln=primefaces&v=4.0 HTTP/1.1" 304 -
173.252.87.1 - - [28/Jan/2024:06:34:05 -0500] "GET /a-que-se-debe-el-deterioro-de-la-calidad-del-aire-y-cuando-se-declararia-una-alerta-por-contaminacion-atmosferica.html HTTP/1.1" 200 1004
173.252.87.5 - - [28/Jan/2024:06:34:05 -0500] "GET /a-que-se-debe-el-deterioro-de-la-calidad-del-aire-y-cuando-se-declararia-una-alerta-por-contaminacion-atmosferica.html HTTP/1.1" 200 1004
173.252.87.3 - - [28/Jan/2024:06:34:05 -0500] "GET /a-que-se-debe-el-deterioro-de-la-calidad-del-aire-y-cuando-se-declararia-una-alerta-por-contaminacion-atmosferica.html HTTP/1.1" 200 1004
181.53.13.235 - - [28/Jan/2024:06:34:32 -0500] "POST /sipse/faces/presentacion/financiero/estudioPrevio/personalSolicitado/expedirExperienciaIdoneidad.xhtml HTTP/1.1" 200 5681
181.53.13.235 - - [28/Jan/2024:06:34:32 -0500] "POST /sipse/faces/presentacion/financiero/estudioPrevio/personalSolicitado/expedirExperienciaIdoneidad.xhtml HTTP/1.1" 200 32136
