186.80.52.0 - - [28/Jan/2024:16:17:57 -0500] "POST /sipse/faces/presentacion/financiero/solicitudProceso/consultarSolicitudProceso.xhtml HTTP/1.1" 200 53539
52.167.144.145 - - [28/Jan/2024:16:18:05 -0500] "GET /BLA/resoluciones/AUTOS%202022/2454.pdf HTTP/1.1" 304 -
186.80.52.0 - - [28/Jan/2024:16:18:28 -0500] "POST /sipse/faces/presentacion/financiero/solicitudProceso/consultarSolicitudProceso.xhtml HTTP/1.1" 200 38134
186.80.52.0 - - [28/Jan/2024:16:18:28 -0500] "GET /sipse/faces/javax.faces.resource/theme.css?ln=primefaces-sipse HTTP/1.1" 304 -
186.80.52.0 - - [28/Jan/2024:16:18:28 -0500] "GET /sipse/faces/javax.faces.resource/jquery/jquery.js?ln=primefaces&v=4.0 HTTP/1.1" 304 -
186.80.52.0 - - [28/Jan/2024:16:18:28 -0500] "GET /sipse/faces/javax.faces.resource/primefaces.css?ln=primefaces&v=4.0 HTTP/1.1" 304 -
186.80.52.0 - - [28/Jan/2024:16:18:28 -0500] "GET /sipse/faces/javax.faces.resource/layout/layout.css?ln=primefaces&v=4.0 HTTP/1.1" 304 -
186.80.52.0 - - [28/Jan/2024:16:18:28 -0500] "GET /sipse/faces/javax.faces.resource/jquery/jquery-plugins.js?ln=primefaces&v=4.0 HTTP/1.1" 304 -
186.80.52.0 - - [28/Jan/2024:16:18:29 -0500] "GET /sipse/faces/javax.faces.resource/primefaces.js?ln=primefaces&v=4.0 HTTP/1.1" 304 -
186.80.52.0 - - [28/Jan/2024:16:18:29 -0500] "GET /sipse/faces/javax.faces.resource/layout/layout.js?ln=primefaces&v=4.0 HTTP/1.1" 304 -
186.102.32.217 - - [28/Jan/2024:16:18:29 -0500] "OPTIONS /kwssiamovil/sm/setfile/f? HTTP/1.1" 200 13
186.80.52.0 - - [28/Jan/2024:16:18:29 -0500] "POST /sipse/faces/presentacion/financiero/solicitudProceso/listarSolicitudProceso.xhtml HTTP/1.1" 200 31531
186.80.52.0 - - [28/Jan/2024:16:18:29 -0500] "POST /sipse/faces/presentacion/financiero/solicitudProceso/listarSolicitudProceso.xhtml HTTP/1.1" 200 31531
186.80.52.0 - - [28/Jan/2024:16:18:30 -0500] "POST /sipse/faces/presentacion/financiero/solicitudProceso/listarSolicitudProceso.xhtml HTTP/1.1" 200 1396
186.80.52.0 - - [28/Jan/2024:16:18:32 -0500] "POST /sipse/faces/presentacion/financiero/solicitudProceso/listarSolicitudProceso.xhtml HTTP/1.1" 200 1396
186.102.32.217 - - [28/Jan/2024:16:18:29 -0500] "POST /kwssiamovil/sm/setfile/f? HTTP/1.1" 200 381
186.80.52.0 - - [28/Jan/2024:16:18:34 -0500] "POST /sipse/faces/presentacion/financiero/solicitudProceso/listarSolicitudProceso.xhtml HTTP/1.1" 200 1404
157.55.39.9 - - [28/Jan/2024:16:18:36 -0500] "GET /bla/resoluciones/RESOLUCIONES%202011/4849.pdf HTTP/1.1" 200 326631
186.80.52.0 - - [28/Jan/2024:16:18:37 -0500] "POST /sipse/faces/presentacion/financiero/solicitudProceso/listarSolicitudProceso.xhtml HTTP/1.1" 200 139859
186.80.52.0 - - [28/Jan/2024:16:18:38 -0500] "GET /sipse/faces/javax.faces.resource/theme.css?ln=primefaces-sipse HTTP/1.1" 304 -
186.80.52.0 - - [28/Jan/2024:16:18:38 -0500] "GET /sipse/faces/javax.faces.resource/primefaces.css?ln=primefaces&v=4.0 HTTP/1.1" 304 -
186.80.52.0 - - [28/Jan/2024:16:18:38 -0500] "GET /sipse/faces/javax.faces.resource/layout/layout.css?ln=primefaces&v=4.0 HTTP/1.1" 304 -
186.80.52.0 - - [28/Jan/2024:16:18:38 -0500] "GET /sipse/faces/javax.faces.resource/jquery/jquery.js?ln=primefaces&v=4.0 HTTP/1.1" 304 -
186.80.52.0 - - [28/Jan/2024:16:18:38 -0500] "GET /sipse/faces/javax.faces.resource/jquery/jquery-plugins.js?ln=primefaces&v=4.0 HTTP/1.1" 304 -
186.80.52.0 - - [28/Jan/2024:16:18:38 -0500] "GET /sipse/faces/javax.faces.resource/primefaces.js?ln=primefaces&v=4.0 HTTP/1.1" 304 -
186.80.52.0 - - [28/Jan/2024:16:18:38 -0500] "GET /sipse/faces/javax.faces.resource/layout/layout.js?ln=primefaces&v=4.0 HTTP/1.1" 304 -
186.102.32.217 - - [28/Jan/2024:16:18:43 -0500] "GET /kwssiamovil/sm/acme/a?s=U2FsdGVkX1+xV6PM2cBMeruUgiqtuyVb1TVbMe6ZYrjgPBjoCpH4HrGvFQBD2rAr6UtQk4R/P5ponbHL9TMurhALNzwd/EHe9mnZmHnRwW415QqE0tjVdMIBfb3Qu8WbpWtXU4K8SXUis/0qB7yjBqDFohTHP7x8UjJTlabRwcqunr1C1o+ASD+0YBW2Iie+bi26zWDNOD/FhayiWjfURpjhwGnwO1L9XO/9IqCamqU4l82fkizR7JQCpD3zXttl78xqz1+OpUIOes/jhhQSnw==&u=U2FsdGVkX1/HHWEifcCEjRHlIacncR9VsLrzOq+ewaE=&y=U2FsdGVkX1+9c7YktxjUT8+bx0cLFY13yHSVAoh/m5o0cDD9UZjBI9ZpENiqnMgg HTTP/1.1" 200 26
186.102.32.217 - - [28/Jan/2024:16:18:44 -0500] "GET /kwssiamovil/sm/acme/a?s=U2FsdGVkX18YPcWLZ+mdUhQXzDPRDIS13P1FIdbZQl/fAbPdJAMhgIQCnzH7CtKNz8Vf3oaRw5ewcFyEt+7skcXY4Wxh0U/edITW+w+aFBsIPruH1wtbGbq3ARLWxEwE1jMH6+D+2EVb34R/zyA3CTdKveLyiuX4ICGAjgugBQ35W0sO3y7qYgNtYLspcmN86tjF0cp3cuiR3UM569Uz9kVFsU9wecO+edWQTrUK/vpCG7LplwViQ9yim/FlrhXbxAN0fwDx2oxmTgAqVJDaLImyPjZDGzH6aW37uHSOIgrUnLxVWqdj/STXa4SFWubQp+CbNpvqqo6TSZEOuD3UPZGKgOSbGpfzEYxZQn34i3Fxui4m966hppb811ZMHPvARVGvViUqOsOFlFM2i++xqvdI21tHQ6cLQ3GUjj4z7kKwqfA/hq/fdI+DJC4rYN82uHYG3XDj1l4ST1AeCzkupMUwpoVBy8Jmgqd7czUVSgQJvKmus3SHRRI3M82X7Co1Z9HM9e6bZbEh62Ip+aM+B6VqNOSzpwxd8Ec2m55bd6ZQag9lbGbOCUWfp7IXOGt5nRCDLS3s7m1hS39c32Q4vNh3e9evdPrgO9qUUlf4MmndhAj6C2x7eIhA95XgIpCuf1+Hzaf0YuHHwvxAetFUA5+SK4FAcN210FBcCqZsvFCYmC46CmGYrK/3ZsgdvjA71tZpk4Az5J7G/athF8PALXMak16jRku91SBGYHbX4mMyYtn7Dh152e5SpKBrerRLhP7w2+N0pxLzYSJgtmZGeIPE80LAc3Bx/SZ7W+6B+1eNxsiyqW2F8nDq2ssEOi48tfYYNDc34I8QZjkh9Tz+iHGAoM6/BXo8yWtMCebfODH6ABOvP2CgNsTBoSCHS855Z9wG1Yf9IGtHUii3cYDAqi5MBN0gQr6VnVNm4O7wK1yAdRo5PdsntZ9i2jX2ZjfmfgVYc4vmhhFh5GTno8yW7sK4xhDPk3EXNo14QiPNeKqcN+Q+j/jpY/k11FfFcBYuEixAdM7MLR/hiV+gNMetEXhDIdJ6NuXp3pRN95v1e8O7Cm/r61h632rttDTskehGfE+gRJTA7m6v/4r/86UekRGx7VqqhxyrUM4zu3WvR/dIEoGnYvl/wZz/t/MTWccKblbMz+Tg7kJ7CgfyFhFJtM/yQHCbx7sri9PJuotwf0IDWmqwswaJIQBzPWnjBO2ziZ4kYgZRRWuYLND70N3WyGKgzcGmizz1Y/MNztEsINzXns/yIZlyXKBsVXrIdzZKEDtUTrerYGl0De+knLu2+UHCpH3Q7ay4t+tdfdb9idUkRSmk/QUu1Hu719vXDSt6zG+yfpVeocdWdIIYktLBG+kueDIiOFw5MtlEPJQPCDN40ckprMKBk9E/UCEDMkqZHl2nXSElSuefFfjxPYN/CG7Qhf6QpJ8YVU1hn8RQ5H6bhPgieo3EhyNCMmRpDJGu/CGkZoLMLnHicCoxbdEP3heH203zdrQvYfVMU834fj42kqvRsgPCzj7x36Kq57La0OhMSsDnfYYNNNAlQ4RNHuMMpD684y4Jtc2976PO2up6xgsdwYzVQicmQdOjS6jJqsTV6aeCbjbJexgRA3r6fooIvKiUz3ue9FWY8LAY5pMkNmWRUVRTwuUI/ibyTEM77Orsh26+eQBSd9o+KFzGMlNq8LN6ylD8J1Za7veCT5+gvxZ+bz0QzSf9znIRQrBDSl5jbmni4BkJD3gedJLK9uSD8IWAeKu1xYDOClINxdxDu0TRAs6bCaPxkumS95yflq1TrOZm8bXygnqnDY3OepdCHk1azFIeWBYa9bpj73g=&u=U2FsdGVkX1/HHWEifcCEjRHlIacncR9VsLrzOq+ewaE=&y=U2FsdGVkX1+9c7YktxjUT8+bx0cLFY13yHSVAoh/m5o0cDD9UZjBI9ZpENiqnMgg HTTP/1.1" 200 26
186.102.32.217 - - [28/Jan/2024:16:18:44 -0500] "GET /kwssiamovil/sm/acme/a?s=U2FsdGVkX19Ks53qYqLAkdUfK4xayONM1nYyKn50W6SHeq23/bcLujeAB8SkM4OF0HL0JMcjPaTpT7IYrLxrlcNO/egyNQjYCYWGaJk5zvIkxk+cN3ZVOQ2eF1dsHU6H/rv9YA00+lXp1o9If6QHEYPja/2YR3LqrEx1grpNHjc=&u=U2FsdGVkX1/HHWEifcCEjRHlIacncR9VsLrzOq+ewaE=&y=U2FsdGVkX1+9c7YktxjUT8+bx0cLFY13yHSVAoh/m5o0cDD9UZjBI9ZpENiqnMgg HTTP/1.1" 200 26
186.102.32.217 - - [28/Jan/2024:16:18:44 -0500] "GET /kwssiamovil/sm/acme/a?s=U2FsdGVkX1+s+FSsP4cGdFLyc1NWL3VW7inEwoBnc5A7+F7UiA77o5UnWjRZFSGOTDZAYPpNkV8TQk2xqURIg1GQp+TlXjMNIFqXT+UlogtRBSSiiUPNM3BL8QPNGBfJ8Vibu24LQIeg5+RvsSijdnW9EdUGHwbPxoAQNeIvb6M=&u=U2FsdGVkX1/HHWEifcCEjRHlIacncR9VsLrzOq+ewaE=&y=U2FsdGVkX1+9c7YktxjUT8+bx0cLFY13yHSVAoh/m5o0cDD9UZjBI9ZpENiqnMgg HTTP/1.1" 200 26
186.102.32.217 - - [28/Jan/2024:16:18:44 -0500] "GET /kwssiamovil/sm/acme/a?s=U2FsdGVkX1/hfs8RwEAzcoD9vH/2b8v8D8S69AEV+zimXrO0xWSiDRu9hoSib5cfzFFXEEyLmEdFVlRIwWBcFnatQfuEWm5OUlOKBqhMZBGEzwXHvXU2E2w8JsLgCgpYkMvKZa53gLQv3NcIpUucRfwUSKmbBLpHOKATzC7/Ebk=&u=U2FsdGVkX1/HHWEifcCEjRHlIacncR9VsLrzOq+ewaE=&y=U2FsdGVkX1+9c7YktxjUT8+bx0cLFY13yHSVAoh/m5o0cDD9UZjBI9ZpENiqnMgg HTTP/1.1" 200 26
186.102.32.217 - - [28/Jan/2024:16:18:45 -0500] "GET /kwssiamovil/sm/acme/a?s=U2FsdGVkX1/k0kWwimSRmIpxR2Eyq29sZ3fgmchehkfkom/guvk6yZrs/VwxL9+hcB5+GDNyUJmYThzeYHypReaUdJ+6nI1pd1QTvc1wsp9jA561Z4j3VqjOIPsUk3LplIoMLfrkRgeYJWhaX3ixRECa8CEpQXuJg25a07nPieXtvtwHVfMcJPpUaZiL0h/VHv95/W/4Msiqe125Eafi+g==&u=U2FsdGVkX1/HHWEifcCEjRHlIacncR9VsLrzOq+ewaE=&y=U2FsdGVkX1+9c7YktxjUT8+bx0cLFY13yHSVAoh/m5o0cDD9UZjBI9ZpENiqnMgg HTTP/1.1" 200 26
186.102.32.217 - - [28/Jan/2024:16:18:45 -0500] "GET /kwssiamovil/sm/acme/a?s=U2FsdGVkX18Hbx8uLfn1PF8xTsx6MQmoVeZixOJJv1OHZ9HIQYaOVRPjU9/PMvIWEtkN06Ukd+CnaCz6OtwzlGxQ/DOUY+bWrvbR7MYJyuwZjJFRM7WHczkTz/gPIT5Wwlg4r42J2B2Cdakjm7JFqxr50h0c6vK2j1rgt8BcxJ72eSpktqnPJUXZ9Ab3wbILUidcu5HSJYfY5meZzt48Yw==&u=U2FsdGVkX1/HHWEifcCEjRHlIacncR9VsLrzOq+ewaE=&y=U2FsdGVkX1+9c7YktxjUT8+bx0cLFY13yHSVAoh/m5o0cDD9UZjBI9ZpENiqnMgg HTTP/1.1" 200 26
186.102.32.217 - - [28/Jan/2024:16:18:45 -0500] "GET /kwssiamovil/sm/acme/a?s=U2FsdGVkX19e7cgamoyF9dLo5eFObhZMkxtvZPsyzXCxultttVhbSzbB2ApC0LKXQoyI1ECMq8YkYmUNSLPEHqMGTam5Ld/T2zlhriTnktheVLIS2AftctyLpdtjH1RSJtWc9eixjJQDtr0h0AxMHJMJCP3AdwaA8MqHkRyw65YiZrTEed5pG7VMd1VMauiz&u=U2FsdGVkX1/HHWEifcCEjRHlIacncR9VsLrzOq+ewaE=&y=U2FsdGVkX1+9c7YktxjUT8+bx0cLFY13yHSVAoh/m5o0cDD9UZjBI9ZpENiqnMgg HTTP/1.1" 200 26
186.80.52.0 - - [28/Jan/2024:16:18:45 -0500] "POST /sipse/faces/presentacion/financiero/solicitudProceso/consultarSolicitudProceso.xhtml HTTP/1.1" 200 22280
186.80.52.0 - - [28/Jan/2024:16:18:45 -0500] "GET /sipse/faces/javax.faces.resource/theme.css?ln=primefaces-sipse HTTP/1.1" 304 -
186.80.52.0 - - [28/Jan/2024:16:18:45 -0500] "GET /sipse/faces/javax.faces.resource/layout/layout.css?ln=primefaces&v=4.0 HTTP/1.1" 304 -
186.80.52.0 - - [28/Jan/2024:16:18:45 -0500] "GET /sipse/faces/javax.faces.resource/primefaces.css?ln=primefaces&v=4.0 HTTP/1.1" 304 -
186.80.52.0 - - [28/Jan/2024:16:18:45 -0500] "GET /sipse/faces/javax.faces.resource/fileupload/fileupload.css?ln=primefaces&v=4.0 HTTP/1.1" 304 -
186.80.52.0 - - [28/Jan/2024:16:18:45 -0500] "GET /sipse/faces/javax.faces.resource/jquery/jquery.js?ln=primefaces&v=4.0 HTTP/1.1" 304 -
186.80.52.0 - - [28/Jan/2024:16:18:45 -0500] "GET /sipse/faces/javax.faces.resource/jquery/jquery-plugins.js?ln=primefaces&v=4.0 HTTP/1.1" 304 -
186.80.52.0 - - [28/Jan/2024:16:18:45 -0500] "GET /sipse/faces/javax.faces.resource/primefaces.js?ln=primefaces&v=4.0 HTTP/1.1" 304 -
186.80.52.0 - - [28/Jan/2024:16:18:45 -0500] "GET /sipse/faces/javax.faces.resource/layout/layout.js?ln=primefaces&v=4.0 HTTP/1.1" 304 -
186.80.52.0 - - [28/Jan/2024:16:18:45 -0500] "GET /sipse/faces/javax.faces.resource/fileupload/fileupload.js?ln=primefaces&v=4.0 HTTP/1.1" 304 -
186.80.52.0 - - [28/Jan/2024:16:18:52 -0500] "GET /sipse/faces/javax.faces.resource/theme.css?ln=primefaces-sipse HTTP/1.1" 304 -
186.80.52.0 - - [28/Jan/2024:16:18:52 -0500] "GET /sipse/faces/javax.faces.resource/primefaces.css?ln=primefaces&v=4.0 HTTP/1.1" 304 -
186.80.52.0 - - [28/Jan/2024:16:18:52 -0500] "GET /sipse/faces/javax.faces.resource/jquery/jquery.js?ln=primefaces&v=4.0 HTTP/1.1" 304 -
186.80.52.0 - - [28/Jan/2024:16:18:52 -0500] "GET /sipse/faces/javax.faces.resource/jquery/jquery-plugins.js?ln=primefaces&v=4.0 HTTP/1.1" 304 -
186.80.52.0 - - [28/Jan/2024:16:18:52 -0500] "GET /sipse/faces/javax.faces.resource/layout/layout.css?ln=primefaces&v=4.0 HTTP/1.1" 304 -
186.80.52.0 - - [28/Jan/2024:16:18:52 -0500] "GET /sipse/faces/javax.faces.resource/layout/layout.js?ln=primefaces&v=4.0 HTTP/1.1" 304 -
186.80.52.0 - - [28/Jan/2024:16:18:52 -0500] "GET /sipse/faces/javax.faces.resource/primefaces.js?ln=primefaces&v=4.0 HTTP/1.1" 304 -
186.80.52.0 - - [28/Jan/2024:16:18:52 -0500] "POST /sipse/faces/presentacion/sistema/anexos/cargarAnexoSolicitudProceso.xhtml HTTP/1.1" 200 188501
201.245.192.253 - - [28/Jan/2024:16:18:59 -0500] "POST /kwsrmcab/Wsrmcab  HTTP/1.1" 200 37857
186.80.52.0 - - [28/Jan/2024:16:19:10 -0500] "POST /sipse/faces/presentacion/financiero/solicitudProceso/consultarSolicitudProceso.xhtml HTTP/1.1" 200 6867
186.80.52.0 - - [28/Jan/2024:16:19:10 -0500] "GET /sipse/faces/javax.faces.resource/messages/messages.png?ln=primefaces&v=4.0 HTTP/1.1" 304 -
201.245.192.253 - - [28/Jan/2024:16:19:38 -0500] "POST /kwsrmcab/Wsrmcab HTTP/1.1" 200 37495
201.245.192.253 - - [28/Jan/2024:16:19:40 -0500] "POST /kwsrmcab/Wsrmcab HTTP/1.1" 200 40144
201.245.192.253 - - [28/Jan/2024:16:19:41 -0500] "POST /kwsrmcab/Wsrmcab HTTP/1.1" 200 40148
186.80.52.0 - - [28/Jan/2024:16:19:51 -0500] "POST /sipse/faces/presentacion/financiero/solicitudProceso/consultarSolicitudProceso.xhtml HTTP/1.1" 200 38635
186.80.52.0 - - [28/Jan/2024:16:19:55 -0500] "GET /sipse/faces/javax.faces.resource/theme.css?ln=primefaces-sipse HTTP/1.1" 304 -
186.80.52.0 - - [28/Jan/2024:16:19:55 -0500] "GET /sipse/faces/javax.faces.resource/primefaces.css?ln=primefaces&v=4.0 HTTP/1.1" 304 -
186.80.52.0 - - [28/Jan/2024:16:19:55 -0500] "GET /sipse/faces/javax.faces.resource/layout/layout.css?ln=primefaces&v=4.0 HTTP/1.1" 304 -
186.80.52.0 - - [28/Jan/2024:16:19:55 -0500] "GET /sipse/faces/javax.faces.resource/jquery/jquery.js?ln=primefaces&v=4.0 HTTP/1.1" 304 -
186.80.52.0 - - [28/Jan/2024:16:19:55 -0500] "GET /sipse/faces/javax.faces.resource/jquery/jquery-plugins.js?ln=primefaces&v=4.0 HTTP/1.1" 304 -
186.80.52.0 - - [28/Jan/2024:16:19:56 -0500] "GET /sipse/faces/javax.faces.resource/primefaces.js?ln=primefaces&v=4.0 HTTP/1.1" 304 -
186.80.52.0 - - [28/Jan/2024:16:19:56 -0500] "GET /sipse/faces/javax.faces.resource/layout/layout.js?ln=primefaces&v=4.0 HTTP/1.1" 304 -
216.245.221.92 - - [28/Jan/2024:16:19:56 -0500] "HEAD / HTTP/1.1" 200 -
186.80.52.0 - - [28/Jan/2024:16:19:56 -0500] "POST /sipse/faces/presentacion/financiero/solicitudProceso/listarSolicitudProceso.xhtml HTTP/1.1" 200 1396
186.80.52.0 - - [28/Jan/2024:16:19:59 -0500] "POST /sipse/faces/presentacion/financiero/solicitudProceso/listarSolicitudProceso.xhtml HTTP/1.1" 200 43166
186.80.52.0 - - [28/Jan/2024:16:20:01 -0500] "POST /sipse/faces/presentacion/financiero/solicitudProceso/listarSolicitudProceso.xhtml HTTP/1.1" 200 59266
186.80.52.0 - - [28/Jan/2024:16:20:02 -0500] "POST /sipse/faces/presentacion/financiero/solicitudProceso/listarSolicitudProceso.xhtml HTTP/1.1" 200 56943
186.80.52.0 - - [28/Jan/2024:16:20:03 -0500] "POST /sipse/faces/presentacion/financiero/solicitudProceso/listarSolicitudProceso.xhtml HTTP/1.1" 200 44272
186.80.52.0 - - [28/Jan/2024:16:20:04 -0500] "POST /sipse/faces/presentacion/financiero/solicitudProceso/listarSolicitudProceso.xhtml HTTP/1.1" 200 57314
186.80.52.0 - - [28/Jan/2024:16:20:05 -0500] "POST /sipse/faces/presentacion/financiero/solicitudProceso/listarSolicitudProceso.xhtml HTTP/1.1" 200 40966
172.22.2.4 - - [28/Jan/2024:16:18:34 -0500] "HEAD /BLA/boletinlegal/ HTTP/1.1" 200 -
201.245.192.253 - - [28/Jan/2024:16:20:43 -0500] "POST /kwsrmcab/Wsrmcab HTTP/1.1" 200 40148
172.22.2.4 - - [28/Jan/2024:16:19:25 -0500] "GET /BLA/boletinlegal/ HTTP/1.1" 200 61050
157.55.39.53 - - [28/Jan/2024:16:21:05 -0500] "GET /BLA/resoluciones/AUTOS%202020/0518.pdf HTTP/1.1" 200 538285
172.22.2.4 - - [28/Jan/2024:16:21:43 -0500] "GET /BLA/boletinlegal/style.css HTTP/1.1" 200 9406
172.22.2.4 - - [28/Jan/2024:16:21:43 -0500] "GET /BLA/boletinlegal/styles2.css HTTP/1.1" 200 1838
172.22.2.4 - - [28/Jan/2024:16:21:43 -0500] "GET /BLA/boletinlegal/js/jquery.scrollTo-min.js HTTP/1.1" 200 1150
172.22.2.4 - - [28/Jan/2024:16:21:43 -0500] "GET /BLA/boletinlegal/js/jquery.js HTTP/1.1" 200 57254
172.22.2.4 - - [28/Jan/2024:16:21:43 -0500] "GET /BLA/boletinlegal/js/jquery.scrollShow.js HTTP/1.1" 200 4586
172.22.2.4 - - [28/Jan/2024:16:21:43 -0500] "GET /BLA/boletinlegal/images/cabezote%20BLEGAL.jpg HTTP/1.1" 200 118164
172.22.2.4 - - [28/Jan/2024:16:21:43 -0500] "GET /BLA/boletinlegal/images/registro-usuarios.png HTTP/1.1" 200 8106
172.22.2.4 - - [28/Jan/2024:16:21:43 -0500] "GET /BLA/boletinlegal/images/historia.png HTTP/1.1" 200 52775
172.22.2.4 - - [28/Jan/2024:16:21:43 -0500] "GET /BLA/boletinlegal/images/subscribe-icon-big.png HTTP/1.1" 200 47702
172.22.2.4 - - [28/Jan/2024:16:21:43 -0500] "GET /BLA/boletinlegal/images/arr_l.jpg HTTP/1.1" 200 1979
172.22.2.4 - - [28/Jan/2024:16:21:43 -0500] "GET /BLA/boletinlegal/images/screen_1.png HTTP/1.1" 200 202547
172.22.2.4 - - [28/Jan/2024:16:21:43 -0500] "GET /BLA/boletinlegal/images/launch.jpg HTTP/1.1" 200 14577
172.22.2.4 - - [28/Jan/2024:16:21:43 -0500] "GET /BLA/boletinlegal/.well-known/traffic-advice HTTP/1.1" 404 1038
172.22.2.4 - - [28/Jan/2024:16:21:45 -0500] "GET /BLA/boletinlegal/images/body_bg.jpg HTTP/1.1" 200 1601
172.22.2.4 - - [28/Jan/2024:16:21:45 -0500] "GET /BLA/boletinlegal/images/menu_lft.gif HTTP/1.1" 200 1713
172.22.2.4 - - [28/Jan/2024:16:21:45 -0500] "GET /BLA/boletinlegal/images/menu_rght.gif HTTP/1.1" 200 1627
172.22.2.4 - - [28/Jan/2024:16:21:45 -0500] "GET /BLA/boletinlegal/images/hover.jpg HTTP/1.1" 200 640
172.22.2.4 - - [28/Jan/2024:16:21:45 -0500] "GET /BLA/boletinlegal/images/bg_top.jpg HTTP/1.1" 200 522
172.22.2.4 - - [28/Jan/2024:16:21:45 -0500] "GET /BLA/boletinlegal/images/menu_bg.jpg HTTP/1.1" 200 620
172.22.2.4 - - [28/Jan/2024:16:21:45 -0500] "GET /BLA/boletinlegal/images/text.jpg HTTP/1.1" 200 568
172.22.2.4 - - [28/Jan/2024:16:21:47 -0500] "GET /BLA/boletinlegal/actos.php HTTP/1.1" 200 9738
172.22.2.4 - - [28/Jan/2024:16:21:47 -0500] "GET /BLA/boletinlegal/js/ajax_actos.js HTTP/1.1" 200 1322
172.22.2.4 - - [28/Jan/2024:16:21:47 -0500] "GET /BLA/boletinlegal/niceforms.js HTTP/1.1" 200 22876
172.22.2.4 - - [28/Jan/2024:16:21:47 -0500] "GET /BLA/boletinlegal/niceforms-default.css HTTP/1.1" 200 6694
172.22.2.4 - - [28/Jan/2024:16:21:47 -0500] "GET /BLA/boletinlegal/js/lib.js HTTP/1.1" 200 6474
172.22.2.4 - - [28/Jan/2024:16:21:47 -0500] "GET /BLA/boletinlegal/js/popup.js HTTP/1.1" 200 1270
172.22.2.4 - - [28/Jan/2024:16:21:47 -0500] "GET /BLA/boletinlegal/js/jquery1.js HTTP/1.1" 200 29846
172.22.2.4 - - [28/Jan/2024:16:21:47 -0500] "GET /BLA/boletinlegal/images/green-yellow-blue-pink-th.png HTTP/1.1" 200 7394
172.22.2.4 - - [28/Jan/2024:16:21:48 -0500] "GET /BLA/boletinlegal/images/tel.png HTTP/1.1" 200 14477
172.22.2.4 - - [28/Jan/2024:16:21:48 -0500] "GET /BLA/boletinlegal/images/icono-email.png HTTP/1.1" 200 5544
172.22.2.4 - - [28/Jan/2024:16:21:48 -0500] "GET /BLA/boletinlegal/images/footer_bg.jpg HTTP/1.1" 200 586
172.22.2.4 - - [28/Jan/2024:16:21:48 -0500] "GET /BLA/boletinlegal/images/footer_bg_l.jpg HTTP/1.1" 200 776
172.22.2.4 - - [28/Jan/2024:16:21:48 -0500] "GET /BLA/boletinlegal/img/0.png HTTP/1.1" 200 110
172.22.2.4 - - [28/Jan/2024:16:21:48 -0500] "GET /BLA/boletinlegal/img/select-left.png HTTP/1.1" 200 263
172.22.2.4 - - [28/Jan/2024:16:21:48 -0500] "GET /BLA/boletinlegal/img/select-right.png HTTP/1.1" 200 44019
172.22.2.4 - - [28/Jan/2024:16:21:48 -0500] "GET /BLA/boletinlegal/img/button-left.png HTTP/1.1" 200 57071
172.22.2.4 - - [28/Jan/2024:16:21:48 -0500] "GET /BLA/boletinlegal/img/button.png HTTP/1.1" 200 43241
172.22.2.4 - - [28/Jan/2024:16:21:48 -0500] "GET /BLA/boletinlegal/img/button-right.png HTTP/1.1" 200 57878
172.22.2.4 - - [28/Jan/2024:16:21:48 -0500] "GET /BLA/boletinlegal/favicon.ico HTTP/1.1" 404 1326
172.22.2.4 - - [28/Jan/2024:16:21:50 -0500] "GET /BLA/boletinlegal/images/screen_2.png HTTP/1.1" 200 362502
172.22.2.4 - - [28/Jan/2024:16:21:50 -0500] "GET /BLA/boletinlegal/images/arr_r.jpg HTTP/1.1" 200 1998
172.22.2.4 - - [28/Jan/2024:16:21:50 -0500] "GET /BLA/boletinlegal/images/screen_3.png HTTP/1.1" 200 210620
172.22.2.4 - - [28/Jan/2024:16:21:50 -0500] "GET /BLA/boletinlegal/images/screen_5.png HTTP/1.1" 200 368876
172.22.2.4 - - [28/Jan/2024:16:21:59 -0500] "GET /BLA/boletinlegal/images/pdf.gif HTTP/1.1" 200 567
172.22.2.4 - - [28/Jan/2024:16:22:06 -0500] "GET /BLA/boletinlegal/consulta_actos.php?tipo=resoluciones&no=931&usuario=&sector=&fecha=2008&resuelve= HTTP/1.1" 200 3044
172.22.2.4 - - [28/Jan/2024:16:22:06 -0500] "GET /BLA/boletinlegal/images/background.gif HTTP/1.1" 200 -
172.22.2.4 - - [28/Jan/2024:16:21:43 -0500] "GET /BLA/boletinlegal/ HTTP/1.1" 200 24523
168.119.253.11 - - [28/Jan/2024:16:23:22 -0500] "GET / HTTP/1.1" 200 4720
172.22.2.4 - - [28/Jan/2024:16:21:42 -0500] "GET /BLA/boletinlegal/ HTTP/1.1" 200 61447
201.245.192.253 - - [28/Jan/2024:16:23:58 -0500] "POST /kwsrmcab/Wsrmcab  HTTP/1.1" 200 37857
172.22.2.4 - - [28/Jan/2024:16:24:32 -0500] "GET /BLA/boletinlegal/jurisprudencia/analisis/AnalisisT-606-15.docx HTTP/1.1" 200 26698
172.22.2.4 - - [28/Jan/2024:16:24:33 -0500] "GET /BLA/boletinlegal/apple-touch-icon-120x120-precomposed.png HTTP/1.1" 404 1140
172.22.2.4 - - [28/Jan/2024:16:24:33 -0500] "GET /BLA/boletinlegal/apple-touch-icon-120x120.png HTTP/1.1" 404 1140
172.22.2.4 - - [28/Jan/2024:16:24:33 -0500] "GET /BLA/boletinlegal/apple-touch-icon-precomposed.png HTTP/1.1" 404 1140
172.22.2.4 - - [28/Jan/2024:16:24:33 -0500] "GET /BLA/boletinlegal/apple-touch-icon.png HTTP/1.1" 404 1140
172.22.2.4 - - [28/Jan/2024:16:24:33 -0500] "GET /BLA/boletinlegal/favicon.ico HTTP/1.1" 404 1140
172.22.2.4 - - [28/Jan/2024:16:24:33 -0500] "GET /BLA/boletinlegal/apple-touch-icon-120x120-precomposed.png HTTP/1.1" 404 1140
172.22.2.4 - - [28/Jan/2024:16:24:33 -0500] "GET /BLA/boletinlegal/apple-touch-icon-120x120.png HTTP/1.1" 404 1140
172.22.2.4 - - [28/Jan/2024:16:24:34 -0500] "GET /BLA/boletinlegal/apple-touch-icon-precomposed.png HTTP/1.1" 404 1140
172.22.2.4 - - [28/Jan/2024:16:24:34 -0500] "GET /BLA/boletinlegal/apple-touch-icon.png HTTP/1.1" 404 1140
172.22.2.4 - - [28/Jan/2024:16:24:34 -0500] "GET /BLA/boletinlegal/favicon.ico HTTP/1.1" 404 1140
216.245.221.92 - - [28/Jan/2024:16:24:56 -0500] "HEAD / HTTP/1.1" 200 -
172.22.2.4 - - [28/Jan/2024:16:24:24 -0500] "HEAD /BLA/boletinlegal/ HTTP/1.1" 200 -
172.22.2.4 - - [28/Jan/2024:16:25:15 -0500] "GET /BLA/boletinlegal/ HTTP/1.1" 200 58720
47.128.46.213 - - [28/Jan/2024:16:28:22 -0500] "GET /BLA/resoluciones/dlf/dirup.png HTTP/1.1" 200 644
47.128.46.213 - - [28/Jan/2024:16:28:22 -0500] "GET /BLA/resoluciones/dlf/unknown.png HTTP/1.1" 200 266
47.128.46.213 - - [28/Jan/2024:16:28:21 -0500] "GET /BLA/resoluciones/index.php?dir=AUTOS%202006%2FAUTOS%202006%20401-500%2F&order=asc&sort=size HTTP/1.1" 200 21769
201.245.192.253 - - [28/Jan/2024:16:28:56 -0500] "POST /kwsrmcab/Wsrmcab  HTTP/1.1" 200 37857
172.22.2.4 - - [28/Jan/2024:16:29:31 -0500] "GET /BLA/boletinlegal/resources/.git/config HTTP/1.1" 404 1018
201.245.192.253 - - [28/Jan/2024:16:29:38 -0500] "POST /kwsrmcab/Wsrmcab HTTP/1.1" 200 37495
201.245.192.253 - - [28/Jan/2024:16:29:41 -0500] "POST /kwsrmcab/Wsrmcab HTTP/1.1" 200 40144
201.245.192.253 - - [28/Jan/2024:16:29:41 -0500] "POST /kwsrmcab/Wsrmcab HTTP/1.1" 200 40148
172.22.2.4 - - [28/Jan/2024:16:29:52 -0500] "GET /BLA/boletinlegal/jurisprudencia/analisis/AnalisisC-035-16.docx HTTP/1.1" 200 25011
216.245.221.92 - - [28/Jan/2024:16:29:56 -0500] "HEAD / HTTP/1.1" 200 -
186.155.149.236 - - [28/Jan/2024:16:30:05 -0500] "GET /sipse/faces/javax.faces.resource/theme.css?ln=primefaces-sipse HTTP/1.1" 304 -
186.155.149.236 - - [28/Jan/2024:16:30:06 -0500] "GET /sipse/faces/faces/autenticacion.xhtml HTTP/1.1" 200 12403
186.155.149.236 - - [28/Jan/2024:16:30:06 -0500] "GET /sipse/faces/javax.faces.resource/theme.css?ln=primefaces-sipse HTTP/1.1" 304 -
186.155.149.236 - - [28/Jan/2024:16:30:07 -0500] "GET /sipse/css/custom_css_sg.css HTTP/1.1" 304 -
186.155.149.236 - - [28/Jan/2024:16:30:07 -0500] "GET /sipse/faces/javax.faces.resource/primefaces.css?ln=primefaces&v=4.0 HTTP/1.1" 304 -
186.155.149.236 - - [28/Jan/2024:16:30:07 -0500] "GET /sipse/css/custom_css_sg_prime_login.css HTTP/1.1" 304 -
186.155.149.236 - - [28/Jan/2024:16:30:07 -0500] "GET /sipse/faces/javax.faces.resource/layout/layout.css?ln=primefaces&v=4.0 HTTP/1.1" 304 -
186.155.149.236 - - [28/Jan/2024:16:30:07 -0500] "GET /sipse/faces/javax.faces.resource/jquery/jquery.js?ln=primefaces&v=4.0 HTTP/1.1" 304 -
186.155.149.236 - - [28/Jan/2024:16:30:07 -0500] "GET /sipse/js/disable_browser_buttons.js HTTP/1.1" 304 -
186.155.149.236 - - [28/Jan/2024:16:30:07 -0500] "GET /sipse/js/funciones.js HTTP/1.1" 304 -
186.155.149.236 - - [28/Jan/2024:16:30:07 -0500] "GET /sipse/faces/javax.faces.resource/jquery/jquery-plugins.js?ln=primefaces&v=4.0 HTTP/1.1" 304 -
186.155.149.236 - - [28/Jan/2024:16:30:07 -0500] "GET /sipse/faces/javax.faces.resource/layout/layout.js?ln=primefaces&v=4.0 HTTP/1.1" 304 -
186.155.149.236 - - [28/Jan/2024:16:30:07 -0500] "GET /sipse/faces/javax.faces.resource/primefaces.js?ln=primefaces&v=4.0 HTTP/1.1" 304 -
186.155.149.236 - - [28/Jan/2024:16:30:08 -0500] "GET /sipse/css/imagen/loginimg.png HTTP/1.1" 304 -
186.155.149.236 - - [28/Jan/2024:16:30:09 -0500] "GET /sipse/css/imagen/logoSDG.png HTTP/1.1" 304 -
186.155.149.236 - - [28/Jan/2024:16:30:10 -0500] "GET /sipse/faces/javax.faces.resource/images/ui-icons_898989_256x240.png?ln=primefaces-aristo HTTP/1.1" 304 -
186.155.149.236 - - [28/Jan/2024:16:30:37 -0500] "POST /sipse/faces/autenticacion.xhtml HTTP/1.1" 200 16168
186.155.149.236 - - [28/Jan/2024:16:30:38 -0500] "GET /sipse/css/custom_css_sg_prime.css HTTP/1.1" 304 -
186.155.149.236 - - [28/Jan/2024:16:30:38 -0500] "GET /sipse/faces/javax.faces.resource/theme.css?ln=primefaces-sipse HTTP/1.1" 304 -
186.155.149.236 - - [28/Jan/2024:16:30:38 -0500] "GET /sipse/faces/javax.faces.resource/primefaces.css?ln=primefaces&v=4.0 HTTP/1.1" 304 -
186.155.149.236 - - [28/Jan/2024:16:30:38 -0500] "GET /sipse/faces/javax.faces.resource/layout/layout.css?ln=primefaces&v=4.0 HTTP/1.1" 304 -
186.155.149.236 - - [28/Jan/2024:16:30:39 -0500] "GET /sipse/js/jquery.min.js HTTP/1.1" 304 -
186.155.149.236 - - [28/Jan/2024:16:30:39 -0500] "GET /sipse/faces/javax.faces.resource/jquery/jquery.js?ln=primefaces&v=4.0 HTTP/1.1" 304 -
186.155.149.236 - - [28/Jan/2024:16:30:39 -0500] "GET /sipse/faces/javax.faces.resource/jquery/jquery-plugins.js?ln=primefaces&v=4.0 HTTP/1.1" 304 -
186.155.149.236 - - [28/Jan/2024:16:30:39 -0500] "GET /sipse/faces/javax.faces.resource/primefaces.js?ln=primefaces&v=4.0 HTTP/1.1" 304 -
186.155.149.236 - - [28/Jan/2024:16:30:39 -0500] "GET /sipse/faces/javax.faces.resource/layout/layout.js?ln=primefaces&v=4.0 HTTP/1.1" 304 -
186.155.149.236 - - [28/Jan/2024:16:30:39 -0500] "GET /sipse/imagenes/cargando.gif HTTP/1.1" 304 -
186.155.149.236 - - [28/Jan/2024:16:30:40 -0500] "GET /sipse/imagenes/logoAplicacion.jpg HTTP/1.1" 304 -
186.155.149.236 - - [28/Jan/2024:16:30:40 -0500] "GET /sipse/css/v_mergente.css HTTP/1.1" 304 -
186.155.149.236 - - [28/Jan/2024:16:30:40 -0500] "GET /sipse/css/imagen/contrasena.png HTTP/1.1" 404 383
186.155.149.236 - - [28/Jan/2024:16:30:40 -0500] "GET /sipse/faces/javax.faces.resource/messages/messages.png?ln=primefaces&v=4.0 HTTP/1.1" 304 -
201.245.192.253 - - [28/Jan/2024:16:30:43 -0500] "POST /kwsrmcab/Wsrmcab HTTP/1.1" 200 40148
172.22.2.4 - - [28/Jan/2024:16:30:14 -0500] "HEAD /BLA/boletinlegal/ HTTP/1.1" 200 -
172.22.2.4 - - [28/Jan/2024:16:31:05 -0500] "GET /BLA/boletinlegal/ HTTP/1.1" 200 61050
201.245.192.253 - - [28/Jan/2024:16:33:55 -0500] "POST /kwsrmcab/Wsrmcab  HTTP/1.1" 200 37857
69.171.251.7 - - [28/Jan/2024:16:34:47 -0500] "GET /a-que-se-debe-el-deterioro-de-la-calidad-del-aire-y-cuando-se-declararia-una-alerta-por-contaminacion-atmosferica.html HTTP/1.1" 200 1004
216.245.221.92 - - [28/Jan/2024:16:34:56 -0500] "HEAD / HTTP/1.1" 200 -
47.128.116.180 - - [28/Jan/2024:16:35:02 -0500] "GET /BLA/resoluciones/index.php?dir=RESOLUCIONES%202006%2FRES%202006%202201-2250%2F&order=asc&sort=name HTTP/1.1" 200 12366
47.128.116.180 - - [28/Jan/2024:16:35:03 -0500] "GET /BLA/resoluciones/dlf/dirup.png HTTP/1.1" 200 644
47.128.116.180 - - [28/Jan/2024:16:35:03 -0500] "GET /BLA/resoluciones/dlf/unknown.png HTTP/1.1" 200 266
172.22.2.4 - - [28/Jan/2024:16:33:38 -0500] "GET /BLA/boletinlegal/ HTTP/1.1" 200 62959
186.102.32.217 - - [28/Jan/2024:16:35:40 -0500] "OPTIONS /kwssiamovil/sm/setfile/f? HTTP/1.1" 200 13
186.102.32.217 - - [28/Jan/2024:16:35:41 -0500] "POST /kwssiamovil/sm/setfile/f? HTTP/1.1" 200 381
186.102.32.217 - - [28/Jan/2024:16:35:59 -0500] "GET /kwssiamovil/sm/acme/a?s=U2FsdGVkX19mMfSgyZ7KwSH6877UViKItc2gCl6msZIU0gtOpdv7pKEiNCj0xbn2UhCtvXuiQj2U0prXCmEh4aqjEKsQjNHTzLPTNEN9yxXmWvLoAOkKXvUP7OMR8834jGinOt/ZE1oUBnNEDRwkmFOaYCzPPejt0T/pAhlHyYknwo9HGADCZtAo435fO6L9Wc5M6K6GFNGvniwaqWB6dRCzGdUq8f03Q3XvFVyzBtZ4XxOsFvthWkNThc2s8kw71pwjFM1g64tgv8RNKXpkyQ==&u=U2FsdGVkX1/HHWEifcCEjRHlIacncR9VsLrzOq+ewaE=&y=U2FsdGVkX1+9c7YktxjUT8+bx0cLFY13yHSVAoh/m5o0cDD9UZjBI9ZpENiqnMgg HTTP/1.1" 200 26
186.102.32.217 - - [28/Jan/2024:16:35:59 -0500] "GET /kwssiamovil/sm/acme/a?s=U2FsdGVkX1+cBRfNhKdINaluyPFLeKgxsvn0PcTlxhLmiHI0p677meDKfCaGO21sJ232II1NTaI+2vwbplY4HDd7mPvg/EcUw5d+WUo7yyBikYB47H8riJdymr3pYlLirJCZU8pbBmx80Zp47JjQgfuJOZeaNSWrhXQa0ZlyJqdqlxImypP9bZeC9vbaFRaV2nIO+rD4qy7qmtuymflT1QJ57b4gCuC5ISgWnCB2sJQXn8YOApmyaJRw4IPAx297AWllQBfV6PJ6IvL/cNkqNrCQnCAeZnnRsDGY3mdp9Wge2OaBxAPaPzwJYAa5HWhS5Fy032/r7jGlkkeQTryy+cyRcwRtNeHImO8Lb6wJNbEZWWpPo5NVEJNOnFWuMEGvGozhwNjaQDnF9X9lfeThc/hfCeroZrc6fsK76Wl844h8zLVJlSQ5qXMvt2e3c552g5FYHxyIj5dJSn1RKVQLY61PJI/Ple2lq5XgHqDEHQ9lsSjDYAl4hOPzWKMQo3zpTUU1vwdpJX+LW1FgfYbjsulC0FvpUZZKhJ6YSL3QWzt1WjyFYoq7S4ESmRLojhT0ueFPIhMbh/rXkzrDrhvnxCUC+PWNCbRqg9OR+Ws87VTPba6QpN4Q30pj62kArft4/Uj2ujeDIgACY0YGnaEaSuEjkIUkpqQ3ODDQuXDkI3v6L9IZovYCNlJikh2t8LA0AYpgn9Mdx2v34yG2TnuNwttW6n8O3YqKeoquwknYSBz9oH8HH3tfePKqBH/2qLZMfZbLEI/Cw7qYpOu43jGH92pjYwL9CpOdDHt4fkvIi8MKyE/ndsQ+xpq/cmiTHfHPGSA0RW2SCwlcllxavz0y7V19gtlHkCCL1EqBc7jmItd6TVkaYQ4ph+E44fvpbDoK3FRdFbRrTMBnwzWb8TJOAxYjl0HCNZFRwpD5hXEy1nJ0OYbqut2I8oENcsVEliTZpIDIhiViIiVDydcU22bXsTfLx0zX84E9pBiA9+2e0BnrfYmhj55jOPXqcJSeo/YPJeBzsSr8LcHByjHCYA5HuLq5pGiF83Gi6Gm36prOk55QITX3qEFVgg98Sho/JAkGbvTpESJ/CoiF72Y49soMzFBoGUmOUtTXecE0Moo8rRCQkZUVQ2ZMJhZMu6zA1sRg4rz9biVEUN4cGOt3rxecWFfmaI9Omompew4lZH02vON2yWn0VUXD2dWbSD9L+vVHLhsBVmnw/R4Joo5TJ65Q0m//l1+xW2L3zL+PVMqAJt9tEY6qVMft6Z+xhQpUYvwNmWAyqzwsQPdSCPxxU9yXRcovycPVEyqgMJ6LyMZIKYnSwYtzFMnj7rxXPq9tqae5fgGUT87kYpioisIwYeeYxs5zYRP4oVlyUDtH3ufQbHa/wfhz1VDyyWpXXKBUiLcKeC1IRZ79zGfnadbAnKBNWkXxH5DoIMWZrK40xvsPoBo8cRVI+ImgEw4TIlT05ZBNf8Ew95j5aVTbivHtC1sLrs5tDNUdtkhBfXU9ev5//JCocu8mB6U0VFr+3PrhIjonQa/7W3U1+KbHgbm+EJFpMHWuNRB9WJ3riQSdlm6PoY7FbhtR1iyjiUIcl8aYxNldQ7gaVlA/Mdhs+SC1oKOXnf9ck2LaASbArrQMjcEL/MqpXF4s7W4jXgZpZyZnH8dUdsLpS9fC/o2TkJGNaERYbm7jTYSwcCPeUHAH/fSpIHCYJZTj/I4AQHzXWnzKTBzx+6MLi/XKdqO5IHF1LZfYMnJTGx1d/2JD3JydOo3Q8+p6dkaXI4P/mUKpPGoBeHDieOycdcnST95F8Nf8wV+K5+tii5ZoAoae5rGZ8cVANs8Vm+Z0uRG7crAQZofm1uNJ0FKubVgPIFSAe2nkD24N8A6BVw7U2TI+SuhBJzQ6vtAi6n4ZfHzqjL2MldXC89apfDvwwD9iEl92OaXQUFZTiXXUFPZRKzf0ymg9+2uSZMm1eFgLCTCKyUkfH0g8QQO2uC8V4E0PU1tC3NF4W7JjiWGf84MkbYudEAwSsqZ3ONx9VB2XsgaTi5T4jPPhZDqZ&u=U2FsdGVkX1/HHWEifcCEjRHlIacncR9VsLrzOq+ewaE=&y=U2FsdGVkX1+9c7YktxjUT8+bx0cLFY13yHSVAoh/m5o0cDD9UZjBI9ZpENiqnMgg HTTP/1.1" 200 26
186.102.32.217 - - [28/Jan/2024:16:35:59 -0500] "GET /kwssiamovil/sm/acme/a?s=U2FsdGVkX1/QfPjpKqpo+26GBtb1663JToRZdCUwYLQHN1ayz8uU+D9XCi95nyHSdPh2Sj9nRCzTwUm7nGyIDdKTkIEJQ6U1w1btBoVDRN4dew4eLSxFdvX5ksvBcP+d/IKd1/Bx1948V5gLp+UhkPGpbmerBfdl/pBzUuiVvZc=&u=U2FsdGVkX1/HHWEifcCEjRHlIacncR9VsLrzOq+ewaE=&y=U2FsdGVkX1+9c7YktxjUT8+bx0cLFY13yHSVAoh/m5o0cDD9UZjBI9ZpENiqnMgg HTTP/1.1" 200 26
186.102.32.217 - - [28/Jan/2024:16:36:00 -0500] "GET /kwssiamovil/sm/acme/a?s=U2FsdGVkX1+keFHO0aFhj1Rc3XHEKTT7xeDmD8dl6Pk7HTZ3Mln52coAALA12u2eQkw5E0aiHwwwEzwPhXZWh6spikmW5ipAPPIUpz/3tMvbk5MyZffaLh2WF0btwgTS37EXXYbWhOYVQT7O49AW9A6ntA9UL51lpG5EgkUj98U=&u=U2FsdGVkX1/HHWEifcCEjRHlIacncR9VsLrzOq+ewaE=&y=U2FsdGVkX1+9c7YktxjUT8+bx0cLFY13yHSVAoh/m5o0cDD9UZjBI9ZpENiqnMgg HTTP/1.1" 200 26
186.102.32.217 - - [28/Jan/2024:16:36:00 -0500] "GET /kwssiamovil/sm/acme/a?s=U2FsdGVkX18uUQqvBzJnTuX7sn1pXhc1t4dKLyW+JibghjFep7Y6L9S2P9A3UW5Br0iN6f4ybLOInYw8RWzJG6Of/3HH3qsk46Lxyd47fb2OP++j1hSuizTNSRINRcg3bTaFU0UY8eCccaYZ36A9aLFtIs+W+cZSDATEC8w51ds=&u=U2FsdGVkX1/HHWEifcCEjRHlIacncR9VsLrzOq+ewaE=&y=U2FsdGVkX1+9c7YktxjUT8+bx0cLFY13yHSVAoh/m5o0cDD9UZjBI9ZpENiqnMgg HTTP/1.1" 200 26
186.102.32.217 - - [28/Jan/2024:16:36:00 -0500] "GET /kwssiamovil/sm/acme/a?s=U2FsdGVkX1+6NClCKXNVcDNcrx27EXu57wOOg4YL9KXqroQGFHS83/edfMo58qjIm5CaMPmbzR8VCXxYNHb10dejPVPB4dlJXOTCuIVHNIz4m8qY2+2gvBVH2jqFZsbgZqsbOUMXU/pIG1IsO0cl9OUgNpa7yP9MncuB+O1Aw5uq3dJlM24Rmw8B40UWAhEUzx9kkaK9k26ce+s3W3hcDw==&u=U2FsdGVkX1/HHWEifcCEjRHlIacncR9VsLrzOq+ewaE=&y=U2FsdGVkX1+9c7YktxjUT8+bx0cLFY13yHSVAoh/m5o0cDD9UZjBI9ZpENiqnMgg HTTP/1.1" 200 26
186.102.32.217 - - [28/Jan/2024:16:36:00 -0500] "GET /kwssiamovil/sm/acme/a?s=U2FsdGVkX19kdz0iTDtsXT5/39B9D2OoEWU1Gg07gUWEF/WIxsfn/F16TL27q/jVRxni2y73KQ5J0fednjNwlK+5hGDAMjni0irHA4j+841VGzSvdudtgmYNWpE9rT/FKwbAwCBBM7w2HfObAUyIgM/ihR7ee8gBGJMgMt/UUfeDBoinsRyVfEVAUbRp1slCW0MoXnL1F3dffcMuHEsQEA==&u=U2FsdGVkX1/HHWEifcCEjRHlIacncR9VsLrzOq+ewaE=&y=U2FsdGVkX1+9c7YktxjUT8+bx0cLFY13yHSVAoh/m5o0cDD9UZjBI9ZpENiqnMgg HTTP/1.1" 200 26
186.102.32.217 - - [28/Jan/2024:16:36:00 -0500] "GET /kwssiamovil/sm/acme/a?s=U2FsdGVkX1+M0Tx13Dx2w4iTuKY+xKGGoGuVrSQ4OqawF3x9dbK0x5i5Dmcsm4slFLsFPUSLQJUMvnZhVlcNXyaZbod6EuuX2AGczFaX1VwQ4QeTEZaYIH5C4Ve3XbVf/BO1sogdg4V1Vm02y8RM7vtxf/vlmRzT7+/QzZYt9H7vw5IXid8ERxYsKRHK2Urb&u=U2FsdGVkX1/HHWEifcCEjRHlIacncR9VsLrzOq+ewaE=&y=U2FsdGVkX1+9c7YktxjUT8+bx0cLFY13yHSVAoh/m5o0cDD9UZjBI9ZpENiqnMgg HTTP/1.1" 200 26
216.244.66.195 - - [28/Jan/2024:16:37:01 -0500] "GET /BLA/resoluciones/AUTOS%202008/0788.pdf HTTP/1.1" 200 68514
216.244.66.195 - - [28/Jan/2024:16:37:06 -0500] "GET /BLA/resoluciones/AUTOS%202008/1692.pdf HTTP/1.1" 200 107317
194.55.186.155 - - [28/Jan/2024:16:36:52 -0500] "GET / HTTP/1.1" 200 319
216.244.66.195 - - [28/Jan/2024:16:37:11 -0500] "GET /BLA/resoluciones/AUTOS%202008/1700.pdf HTTP/1.1" 200 102053
216.244.66.195 - - [28/Jan/2024:16:37:15 -0500] "GET /BLA/resoluciones/AUTOS%202008/1951.pdf HTTP/1.1" 200 99404
216.244.66.195 - - [28/Jan/2024:16:37:19 -0500] "GET /BLA/resoluciones/AUTOS%202013/0240.pdf HTTP/1.1" 200 1652478
194.55.186.155 - - [28/Jan/2024:16:37:08 -0500] "GET / HTTP/1.1" 200 319
216.244.66.195 - - [28/Jan/2024:16:37:28 -0500] "GET /BLA/resoluciones/AUTOS%202013/1369.pdf HTTP/1.1" 200 1944018
172.22.2.4 - - [28/Jan/2024:16:36:04 -0500] "HEAD /BLA/boletinlegal/ HTTP/1.1" 200 -
172.22.2.4 - - [28/Jan/2024:16:37:54 -0500] "GET /BLA/boletinlegal/Circulares/2019/.pdf HTTP/1.1" 404 1218
172.22.2.4 - - [28/Jan/2024:16:38:02 -0500] "GET /BLA/boletinlegal/Circulares/2012/Circular%20No.%2010%20del%2026%20de%20Enero%20de%202012.pdf HTTP/1.1" 404 1218
216.244.66.195 - - [28/Jan/2024:16:38:07 -0500] "GET /BLA/resoluciones/AUTOS%202013/2350.pdf HTTP/1.1" 200 998849
172.22.2.4 - - [28/Jan/2024:16:36:54 -0500] "GET /BLA/boletinlegal/ HTTP/1.1" 200 61050
216.244.66.195 - - [28/Jan/2024:16:38:38 -0500] "GET /BLA/resoluciones/AUTOS%202013/3019.pdf HTTP/1.1" 200 714514
201.245.192.253 - - [28/Jan/2024:16:38:54 -0500] "POST /kwsrmcab/Wsrmcab  HTTP/1.1" 200 37857
216.244.66.195 - - [28/Jan/2024:16:39:08 -0500] "GET /BLA/resoluciones/AUTOS%202014/0024.pdf HTTP/1.1" 200 622118
216.244.66.195 - - [28/Jan/2024:16:39:37 -0500] "GET /BLA/resoluciones/AUTOS%202015/0582.pdf HTTP/1.1" 200 498191
201.245.192.253 - - [28/Jan/2024:16:39:38 -0500] "POST /kwsrmcab/Wsrmcab HTTP/1.1" 200 37495
201.245.192.253 - - [28/Jan/2024:16:39:40 -0500] "POST /kwsrmcab/Wsrmcab HTTP/1.1" 200 40144
201.245.192.253 - - [28/Jan/2024:16:39:41 -0500] "POST /kwsrmcab/Wsrmcab HTTP/1.1" 200 40148
52.70.240.171 - - [28/Jan/2024:16:39:47 -0500] "GET /robots.txt HTTP/1.1" 404 1018
216.245.221.92 - - [28/Jan/2024:16:39:56 -0500] "HEAD / HTTP/1.1" 200 -
216.244.66.195 - - [28/Jan/2024:16:40:06 -0500] "GET /BLA/resoluciones/AUTOS%202015/1406.pdf HTTP/1.1" 200 650057
216.244.66.195 - - [28/Jan/2024:16:40:32 -0500] "GET /BLA/resoluciones/AUTOS%202015/2010.pdf HTTP/1.1" 200 864477
201.245.192.253 - - [28/Jan/2024:16:40:45 -0500] "POST /kwsrmcab/Wsrmcab HTTP/1.1" 200 40148
216.244.66.195 - - [28/Jan/2024:16:40:58 -0500] "GET /BLA/resoluciones/AUTOS%202015/2075.pdf HTTP/1.1" 200 659864
157.55.39.200 - - [28/Jan/2024:16:41:10 -0500] "GET /BLA/resoluciones/AUTOS%202022/3381.pdf HTTP/1.1" 304 -
216.244.66.195 - - [28/Jan/2024:16:41:23 -0500] "GET /BLA/resoluciones/AUTOS%202015/2560.pdf HTTP/1.1" 200 656835
216.244.66.195 - - [28/Jan/2024:16:41:47 -0500] "GET /BLA/resoluciones/AUTOS%202017/5134.pdf HTTP/1.1" 200 327145
216.244.66.195 - - [28/Jan/2024:16:42:09 -0500] "GET /BLA/resoluciones/AUTOS%202018/0110.pdf HTTP/1.1" 200 324875
216.244.66.195 - - [28/Jan/2024:16:42:31 -0500] "GET /BLA/resoluciones/AUTOS%202018/1386.pdf HTTP/1.1" 200 304976
216.244.66.195 - - [28/Jan/2024:16:42:51 -0500] "GET /BLA/resoluciones/AUTOS%202018/2847.pdf HTTP/1.1" 200 2344968
216.244.66.195 - - [28/Jan/2024:16:43:28 -0500] "GET /BLA/resoluciones/AUTOS%202018/2953.pdf HTTP/1.1" 200 1664454
172.22.2.4 - - [28/Jan/2024:16:41:54 -0500] "HEAD /BLA/boletinlegal/ HTTP/1.1" 200 -
201.245.192.253 - - [28/Jan/2024:16:43:53 -0500] "POST /kwsrmcab/Wsrmcab  HTTP/1.1" 200 37857
216.244.66.195 - - [28/Jan/2024:16:44:07 -0500] "GET /BLA/resoluciones/AUTOS%202018/3393.pdf HTTP/1.1" 200 383226
172.22.2.4 - - [28/Jan/2024:16:42:45 -0500] "GET /BLA/boletinlegal/ HTTP/1.1" 200 58720
216.244.66.195 - - [28/Jan/2024:16:44:38 -0500] "GET /BLA/resoluciones/AUTOS%202018/3960.pdf HTTP/1.1" 200 651544
216.245.221.92 - - [28/Jan/2024:16:44:56 -0500] "HEAD / HTTP/1.1" 200 -
216.244.66.195 - - [28/Jan/2024:16:45:07 -0500] "GET /BLA/resoluciones/AUTOS%202018/4010.pdf HTTP/1.1" 200 287551
52.70.240.171 - - [28/Jan/2024:16:45:14 -0500] "GET /BLA/ HTTP/1.1" 200 538
216.244.66.195 - - [28/Jan/2024:16:45:36 -0500] "GET /BLA/resoluciones/AUTOS%202020/0409.pdf HTTP/1.1" 200 2424668
173.252.79.7 - - [28/Jan/2024:16:45:48 -0500] "GET /images/25%20de%20enero%20M\xc3\xb3vil%20Fauna.jpg HTTP/1.1" 404 1034
191.95.60.150 - - [28/Jan/2024:16:45:53 -0500] "GET /inicia-el-2024-conociendo-la-biodiversidad-de-bogoti.html?fbclid=IwAR16O57FzPleGBZ65wii8PSo1RVelVKd4IPJrfv81SL7Uio-sw_EE52cDUs HTTP/1.1" 200 894
216.244.66.195 - - [28/Jan/2024:16:46:12 -0500] "GET /BLA/resoluciones/RESOLUCIONES%202011/1218.pdf HTTP/1.1" 200 515166
216.244.66.195 - - [28/Jan/2024:16:46:42 -0500] "GET /BLA/resoluciones/RESOLUCIONES%202011/1227.pdf HTTP/1.1" 200 521942
216.244.66.195 - - [28/Jan/2024:16:47:12 -0500] "GET /BLA/resoluciones/RESOLUCIONES%202011/1746.pdf HTTP/1.1" 200 519154
216.244.66.195 - - [28/Jan/2024:16:47:46 -0500] "GET /BLA/resoluciones/RESOLUCIONES%202011/1801.pdf HTTP/1.1" 200 514828
216.244.66.195 - - [28/Jan/2024:16:48:13 -0500] "GET /BLA/resoluciones/RESOLUCIONES%202011/1890.pdf HTTP/1.1" 200 512794
216.244.66.195 - - [28/Jan/2024:16:48:40 -0500] "GET /BLA/resoluciones/RESOLUCIONES%202018/1163.pdf HTTP/1.1" 200 393319
201.245.192.253 - - [28/Jan/2024:16:48:52 -0500] "POST /kwsrmcab/Wsrmcab  HTTP/1.1" 200 37857
216.244.66.195 - - [28/Jan/2024:16:49:10 -0500] "GET /BLA/resoluciones/RESOLUCIONES%202018/1654.pdf HTTP/1.1" 200 286564
172.22.2.4 - - [28/Jan/2024:16:49:14 -0500] "GET /BLA/boletinlegal/robots.txt HTTP/1.1" 404 1038
172.22.2.4 - - [28/Jan/2024:16:47:44 -0500] "HEAD /BLA/boletinlegal/ HTTP/1.1" 200 -
216.244.66.195 - - [28/Jan/2024:16:49:34 -0500] "GET /BLA/resoluciones/RESOLUCIONES%202018/1757.pdf HTTP/1.1" 200 287250
216.245.221.92 - - [28/Jan/2024:16:49:56 -0500] "HEAD / HTTP/1.1" 200 -
216.244.66.195 - - [28/Jan/2024:16:49:57 -0500] "GET /BLA/resoluciones/RESOLUCIONES%202018/2094.pdf HTTP/1.1" 200 285055
172.22.2.4 - - [28/Jan/2024:16:48:34 -0500] "GET /BLA/boletinlegal/ HTTP/1.1" 200 60583
216.244.66.195 - - [28/Jan/2024:16:50:20 -0500] "GET /BLA/resoluciones/RESOLUCIONES%202018/2230.pdf HTTP/1.1" 200 5665025
172.22.2.4 - - [28/Jan/2024:16:50:55 -0500] "GET /BLA/boletinlegal/data/.git/config HTTP/1.1" 404 1018
216.244.66.195 - - [28/Jan/2024:16:51:05 -0500] "GET /BLA/resoluciones/RESOLUCIONES%202018/4187.pdf HTTP/1.1" 200 300879
186.80.52.0 - - [28/Jan/2024:16:52:24 -0500] "GET /sipse/faces/index.xhtml HTTP/1.1" 200 677
186.80.52.0 - - [28/Jan/2024:16:52:24 -0500] "GET /sipse/faces/javax.faces.resource/theme.css?ln=primefaces-sipse HTTP/1.1" 304 -
186.80.52.0 - - [28/Jan/2024:16:52:24 -0500] "GET /sipse/faces/faces/autenticacion.xhtml HTTP/1.1" 200 12403
186.80.52.0 - - [28/Jan/2024:16:52:24 -0500] "GET /sipse/faces/javax.faces.resource/theme.css?ln=primefaces-sipse HTTP/1.1" 304 -
186.80.52.0 - - [28/Jan/2024:16:52:24 -0500] "GET /sipse/faces/javax.faces.resource/primefaces.css?ln=primefaces&v=4.0 HTTP/1.1" 304 -
186.80.52.0 - - [28/Jan/2024:16:52:24 -0500] "GET /sipse/faces/javax.faces.resource/layout/layout.css?ln=primefaces&v=4.0 HTTP/1.1" 304 -
186.80.52.0 - - [28/Jan/2024:16:52:24 -0500] "GET /sipse/faces/javax.faces.resource/jquery/jquery-plugins.js?ln=primefaces&v=4.0 HTTP/1.1" 304 -
186.80.52.0 - - [28/Jan/2024:16:52:24 -0500] "GET /sipse/faces/javax.faces.resource/jquery/jquery.js?ln=primefaces&v=4.0 HTTP/1.1" 304 -
186.80.52.0 - - [28/Jan/2024:16:52:24 -0500] "GET /sipse/faces/javax.faces.resource/primefaces.js?ln=primefaces&v=4.0 HTTP/1.1" 304 -
186.80.52.0 - - [28/Jan/2024:16:52:24 -0500] "GET /sipse/faces/javax.faces.resource/layout/layout.js?ln=primefaces&v=4.0 HTTP/1.1" 304 -
186.80.52.0 - - [28/Jan/2024:16:52:24 -0500] "GET /sipse/faces/javax.faces.resource/images/ui-icons_898989_256x240.png?ln=primefaces-aristo HTTP/1.1" 304 -
186.80.52.0 - - [28/Jan/2024:16:52:27 -0500] "POST /sipse/faces/autenticacion.xhtml HTTP/1.1" 200 2217
186.80.52.0 - - [28/Jan/2024:16:52:27 -0500] "GET /sipse/faces/javax.faces.resource/messages/messages.png?ln=primefaces&v=4.0 HTTP/1.1" 304 -
186.80.52.0 - - [28/Jan/2024:16:52:28 -0500] "POST /sipse/faces/autenticacion.xhtml HTTP/1.1" 200 16329
186.80.52.0 - - [28/Jan/2024:16:52:28 -0500] "GET /sipse/faces/javax.faces.resource/theme.css?ln=primefaces-sipse HTTP/1.1" 304 -
186.80.52.0 - - [28/Jan/2024:16:52:28 -0500] "GET /sipse/faces/javax.faces.resource/primefaces.css?ln=primefaces&v=4.0 HTTP/1.1" 304 -
186.80.52.0 - - [28/Jan/2024:16:52:28 -0500] "GET /sipse/faces/javax.faces.resource/layout/layout.css?ln=primefaces&v=4.0 HTTP/1.1" 304 -
186.80.52.0 - - [28/Jan/2024:16:52:28 -0500] "GET /sipse/faces/javax.faces.resource/jquery/jquery.js?ln=primefaces&v=4.0 HTTP/1.1" 304 -
186.80.52.0 - - [28/Jan/2024:16:52:29 -0500] "GET /sipse/faces/javax.faces.resource/jquery/jquery-plugins.js?ln=primefaces&v=4.0 HTTP/1.1" 304 -
186.80.52.0 - - [28/Jan/2024:16:52:29 -0500] "GET /sipse/faces/javax.faces.resource/primefaces.js?ln=primefaces&v=4.0 HTTP/1.1" 304 -
186.80.52.0 - - [28/Jan/2024:16:52:29 -0500] "GET /sipse/faces/javax.faces.resource/layout/layout.js?ln=primefaces&v=4.0 HTTP/1.1" 304 -
186.80.52.0 - - [28/Jan/2024:16:52:29 -0500] "GET /sipse/css/imagen/contrasena.png HTTP/1.1" 404 383
186.80.52.0 - - [28/Jan/2024:16:52:30 -0500] "GET /sipse/faces/javax.faces.resource/images/ui-bg_flat_0_2d5972_40x100.png?ln=primefaces-aristo HTTP/1.1" 304 -
186.80.52.0 - - [28/Jan/2024:16:52:30 -0500] "POST /sipse/faces/bienvenido.xhtml HTTP/1.1" 200 2658
186.80.52.0 - - [28/Jan/2024:16:52:30 -0500] "POST /sipse/faces/bienvenido.xhtml HTTP/1.1" 200 64555
186.80.52.0 - - [28/Jan/2024:16:52:33 -0500] "GET /sipse/faces/javax.faces.resource/theme.css?ln=primefaces-sipse HTTP/1.1" 304 -
186.80.52.0 - - [28/Jan/2024:16:52:33 -0500] "GET /sipse/faces/javax.faces.resource/primefaces.css?ln=primefaces&v=4.0 HTTP/1.1" 304 -
186.80.52.0 - - [28/Jan/2024:16:52:33 -0500] "GET /sipse/faces/javax.faces.resource/layout/layout.css?ln=primefaces&v=4.0 HTTP/1.1" 304 -
186.80.52.0 - - [28/Jan/2024:16:52:33 -0500] "GET /sipse/faces/javax.faces.resource/jquery/jquery.js?ln=primefaces&v=4.0 HTTP/1.1" 304 -
186.80.52.0 - - [28/Jan/2024:16:52:33 -0500] "GET /sipse/faces/javax.faces.resource/jquery/jquery-plugins.js?ln=primefaces&v=4.0 HTTP/1.1" 304 -
186.80.52.0 - - [28/Jan/2024:16:52:33 -0500] "GET /sipse/faces/javax.faces.resource/primefaces.js?ln=primefaces&v=4.0 HTTP/1.1" 304 -
186.80.52.0 - - [28/Jan/2024:16:52:33 -0500] "GET /sipse/faces/javax.faces.resource/layout/layout.js?ln=primefaces&v=4.0 HTTP/1.1" 304 -
173.252.111.14 - - [28/Jan/2024:16:52:34 -0500] "GET /escenarios-ambientales-humedales-y-parques-de-alta-montana-cerrados-preventivamente-por-incendios-forestales-en-bogota.html HTTP/1.1" 200 913
173.252.111.9 - - [28/Jan/2024:16:52:34 -0500] "GET /escenarios-ambientales-humedales-y-parques-de-alta-montana-cerrados-preventivamente-por-incendios-forestales-en-bogota.html HTTP/1.1" 200 913
173.252.111.118 - - [28/Jan/2024:16:52:34 -0500] "GET /escenarios-ambientales-humedales-y-parques-de-alta-montana-cerrados-preventivamente-por-incendios-forestales-en-bogota.html HTTP/1.1" 200 913
186.80.52.0 - - [28/Jan/2024:16:52:33 -0500] "POST /sipse/faces/presentacion/financiero/solicitudProceso/listarSolicitudProceso.xhtml HTTP/1.1" 200 1556
186.80.52.0 - - [28/Jan/2024:16:52:38 -0500] "POST /sipse/faces/presentacion/financiero/solicitudProceso/listarSolicitudProceso.xhtml HTTP/1.1" 200 17064
186.80.52.0 - - [28/Jan/2024:16:52:42 -0500] "POST /sipse/faces/presentacion/financiero/solicitudProceso/listarSolicitudProceso.xhtml HTTP/1.1" 200 131819
186.80.52.0 - - [28/Jan/2024:16:52:43 -0500] "GET /sipse/faces/javax.faces.resource/primefaces.css?ln=primefaces&v=4.0 HTTP/1.1" 304 -
186.80.52.0 - - [28/Jan/2024:16:52:43 -0500] "GET /sipse/faces/javax.faces.resource/theme.css?ln=primefaces-sipse HTTP/1.1" 304 -
186.80.52.0 - - [28/Jan/2024:16:52:43 -0500] "GET /sipse/faces/javax.faces.resource/layout/layout.css?ln=primefaces&v=4.0 HTTP/1.1" 304 -
186.80.52.0 - - [28/Jan/2024:16:52:43 -0500] "GET /sipse/faces/javax.faces.resource/jquery/jquery.js?ln=primefaces&v=4.0 HTTP/1.1" 304 -
186.80.52.0 - - [28/Jan/2024:16:52:43 -0500] "GET /sipse/faces/javax.faces.resource/jquery/jquery-plugins.js?ln=primefaces&v=4.0 HTTP/1.1" 304 -
186.80.52.0 - - [28/Jan/2024:16:52:43 -0500] "GET /sipse/faces/javax.faces.resource/primefaces.js?ln=primefaces&v=4.0 HTTP/1.1" 304 -
186.80.52.0 - - [28/Jan/2024:16:52:43 -0500] "GET /sipse/faces/javax.faces.resource/layout/layout.js?ln=primefaces&v=4.0 HTTP/1.1" 304 -
186.80.52.0 - - [28/Jan/2024:16:53:16 -0500] "POST /sipse/faces/presentacion/financiero/solicitudProceso/consultarSolicitudProceso.xhtml HTTP/1.1" 200 21107
186.80.52.0 - - [28/Jan/2024:16:53:16 -0500] "GET /sipse/faces/javax.faces.resource/theme.css?ln=primefaces-sipse HTTP/1.1" 304 -
186.80.52.0 - - [28/Jan/2024:16:53:16 -0500] "GET /sipse/faces/javax.faces.resource/primefaces.css?ln=primefaces&v=4.0 HTTP/1.1" 304 -
186.80.52.0 - - [28/Jan/2024:16:53:16 -0500] "GET /sipse/faces/javax.faces.resource/fileupload/fileupload.css?ln=primefaces&v=4.0 HTTP/1.1" 304 -
186.80.52.0 - - [28/Jan/2024:16:53:16 -0500] "GET /sipse/faces/javax.faces.resource/jquery/jquery-plugins.js?ln=primefaces&v=4.0 HTTP/1.1" 304 -
186.80.52.0 - - [28/Jan/2024:16:53:16 -0500] "GET /sipse/faces/javax.faces.resource/layout/layout.css?ln=primefaces&v=4.0 HTTP/1.1" 304 -
186.80.52.0 - - [28/Jan/2024:16:53:16 -0500] "GET /sipse/faces/javax.faces.resource/jquery/jquery.js?ln=primefaces&v=4.0 HTTP/1.1" 304 -
186.80.52.0 - - [28/Jan/2024:16:53:16 -0500] "GET /sipse/faces/javax.faces.resource/primefaces.js?ln=primefaces&v=4.0 HTTP/1.1" 304 -
186.80.52.0 - - [28/Jan/2024:16:53:16 -0500] "GET /sipse/faces/javax.faces.resource/layout/layout.js?ln=primefaces&v=4.0 HTTP/1.1" 304 -
186.80.52.0 - - [28/Jan/2024:16:53:16 -0500] "GET /sipse/faces/javax.faces.resource/fileupload/fileupload.js?ln=primefaces&v=4.0 HTTP/1.1" 304 -
186.154.32.160 - - [28/Jan/2024:16:53:42 -0500] "GET /appsia/controlador HTTP/1.1" 200 4799
186.154.32.160 - - [28/Jan/2024:16:53:42 -0500] "GET /appsia/css/estilos.css HTTP/1.1" 200 4804
186.154.32.160 - - [28/Jan/2024:16:53:42 -0500] "GET /appsia/scripts/validarIngreso.js HTTP/1.1" 200 851
186.154.32.160 - - [28/Jan/2024:16:53:42 -0500] "GET /appsia/images/logo_bogota_p.png HTTP/1.1" 200 14951
186.154.32.160 - - [28/Jan/2024:16:53:42 -0500] "GET /appsia/images/cabezoteHojaVida.png HTTP/1.1" 200 32493
186.154.32.160 - - [28/Jan/2024:16:53:42 -0500] "GET /favicon.ico HTTP/1.1" 200 7782
201.245.192.253 - - [28/Jan/2024:16:53:51 -0500] "POST /kwsrmcab/Wsrmcab  HTTP/1.1" 200 37857
207.46.13.116 - - [28/Jan/2024:16:53:59 -0500] "GET /sipse/faces/presentacion/sistema/anexos/cargarAnexoSolicitudProceso.xhtml HTTP/1.1" 302 -
207.46.13.116 - - [28/Jan/2024:16:54:00 -0500] "GET /sipse/faces/autenticacion.xhtml HTTP/1.1" 200 12403
186.154.32.160 - - [28/Jan/2024:16:54:22 -0500] "POST /appsia/controlador HTTP/1.1" 200 4621
186.154.32.160 - - [28/Jan/2024:16:54:30 -0500] "POST /appsia/controlador HTTP/1.1" 200 7729
186.154.32.160 - - [28/Jan/2024:16:54:30 -0500] "GET /appsia/images/logo_escudo.png HTTP/1.1" 200 36965
216.245.221.92 - - [28/Jan/2024:16:54:56 -0500] "HEAD / HTTP/1.1" 200 -
186.80.52.0 - - [28/Jan/2024:16:55:02 -0500] "GET /sipse/faces/javax.faces.resource/theme.css?ln=primefaces-sipse HTTP/1.1" 304 -
186.80.52.0 - - [28/Jan/2024:16:55:02 -0500] "GET /sipse/faces/javax.faces.resource/primefaces.css?ln=primefaces&v=4.0 HTTP/1.1" 304 -
186.80.52.0 - - [28/Jan/2024:16:55:02 -0500] "GET /sipse/faces/javax.faces.resource/layout/layout.css?ln=primefaces&v=4.0 HTTP/1.1" 304 -
186.80.52.0 - - [28/Jan/2024:16:55:02 -0500] "GET /sipse/faces/javax.faces.resource/jquery/jquery.js?ln=primefaces&v=4.0 HTTP/1.1" 304 -
186.80.52.0 - - [28/Jan/2024:16:55:02 -0500] "GET /sipse/faces/javax.faces.resource/jquery/jquery-plugins.js?ln=primefaces&v=4.0 HTTP/1.1" 304 -
186.80.52.0 - - [28/Jan/2024:16:55:02 -0500] "GET /sipse/faces/javax.faces.resource/primefaces.js?ln=primefaces&v=4.0 HTTP/1.1" 304 -
186.80.52.0 - - [28/Jan/2024:16:55:02 -0500] "GET /sipse/faces/javax.faces.resource/layout/layout.js?ln=primefaces&v=4.0 HTTP/1.1" 304 -
186.80.52.0 - - [28/Jan/2024:16:55:02 -0500] "POST /sipse/faces/presentacion/sistema/anexos/cargarAnexoSolicitudProceso.xhtml HTTP/1.1" 200 180442
172.22.2.4 - - [28/Jan/2024:16:53:34 -0500] "HEAD /BLA/boletinlegal/ HTTP/1.1" 200 -
172.22.2.4 - - [28/Jan/2024:16:54:24 -0500] "GET /BLA/boletinlegal/ HTTP/1.1" 200 60583
186.102.32.217 - - [28/Jan/2024:16:58:18 -0500] "OPTIONS /kwssiamovil/sm/setfile/f? HTTP/1.1" 200 13
186.102.32.217 - - [28/Jan/2024:16:58:18 -0500] "POST /kwssiamovil/sm/setfile/f? HTTP/1.1" 200 381
186.102.32.217 - - [28/Jan/2024:16:58:37 -0500] "GET /kwssiamovil/sm/acme/a?s=U2FsdGVkX19muIaBUIQzP+eMk0XUQoARFlOFIiE1Mid+/5zYgk1Z+lvZG30so09koEE2W2GQRaTh0C/RMSv5AoaqP3YMQ/oWmpK0yDMBrivmqMM1/hF8lXsydkUv03ldyNwltp3MEKANKmebbcjkYLksaOCFRdaYdlkXHbHH0vjv1cJhJyqlMmHIgFUx4D/p3UN0qsvn7OFKiGr1gVu8zyehqE/L++UmPbFhIiZc3gk6jG+wtrPbTV0fRQo1QAPRmowFIsnbw68KMZt4nJZ/lw==&u=U2FsdGVkX1/HHWEifcCEjRHlIacncR9VsLrzOq+ewaE=&y=U2FsdGVkX1+9c7YktxjUT8+bx0cLFY13yHSVAoh/m5o0cDD9UZjBI9ZpENiqnMgg HTTP/1.1" 200 26
