186.80.52.0 - - [28/Jan/2024:11:09:15 -0500] "GET /sipse/faces/javax.faces.resource/primefaces.css?ln=primefaces&v=4.0 HTTP/1.1" 304 -
186.80.52.0 - - [28/Jan/2024:11:09:15 -0500] "GET /sipse/faces/javax.faces.resource/jquery/jquery.js?ln=primefaces&v=4.0 HTTP/1.1" 304 -
186.80.52.0 - - [28/Jan/2024:11:09:15 -0500] "GET /sipse/faces/javax.faces.resource/jquery/jquery-plugins.js?ln=primefaces&v=4.0 HTTP/1.1" 304 -
186.80.52.0 - - [28/Jan/2024:11:09:15 -0500] "GET /sipse/faces/javax.faces.resource/primefaces.js?ln=primefaces&v=4.0 HTTP/1.1" 304 -
186.80.52.0 - - [28/Jan/2024:11:09:15 -0500] "GET /sipse/faces/javax.faces.resource/layout/layout.js?ln=primefaces&v=4.0 HTTP/1.1" 304 -
186.80.52.0 - - [28/Jan/2024:11:09:15 -0500] "POST /sipse/faces/presentacion/financiero/solicitudProceso/listarSolicitudProceso.xhtml HTTP/1.1" 200 1556
186.80.52.0 - - [28/Jan/2024:11:09:18 -0500] "POST /sipse/faces/presentacion/financiero/solicitudProceso/listarSolicitudProceso.xhtml HTTP/1.1" 200 16943
181.49.158.102 - - [28/Jan/2024:11:09:22 -0500] "POST /appsia/controlador HTTP/1.1" 200 4621
186.80.52.0 - - [28/Jan/2024:11:09:23 -0500] "POST /sipse/faces/presentacion/financiero/solicitudProceso/listarSolicitudProceso.xhtml HTTP/1.1" 200 136105
186.80.52.0 - - [28/Jan/2024:11:09:24 -0500] "GET /sipse/faces/javax.faces.resource/theme.css?ln=primefaces-sipse HTTP/1.1" 304 -
186.80.52.0 - - [28/Jan/2024:11:09:24 -0500] "GET /sipse/faces/javax.faces.resource/primefaces.css?ln=primefaces&v=4.0 HTTP/1.1" 304 -
186.80.52.0 - - [28/Jan/2024:11:09:24 -0500] "GET /sipse/faces/javax.faces.resource/layout/layout.css?ln=primefaces&v=4.0 HTTP/1.1" 304 -
186.80.52.0 - - [28/Jan/2024:11:09:24 -0500] "GET /sipse/faces/javax.faces.resource/jquery/jquery.js?ln=primefaces&v=4.0 HTTP/1.1" 304 -
186.80.52.0 - - [28/Jan/2024:11:09:24 -0500] "GET /sipse/faces/javax.faces.resource/jquery/jquery-plugins.js?ln=primefaces&v=4.0 HTTP/1.1" 304 -
186.80.52.0 - - [28/Jan/2024:11:09:24 -0500] "GET /sipse/faces/javax.faces.resource/primefaces.js?ln=primefaces&v=4.0 HTTP/1.1" 304 -
186.80.52.0 - - [28/Jan/2024:11:09:24 -0500] "GET /sipse/faces/javax.faces.resource/layout/layout.js?ln=primefaces&v=4.0 HTTP/1.1" 304 -
181.49.158.102 - - [28/Jan/2024:11:09:24 -0500] "POST /appsia/controlador HTTP/1.1" 200 7719
181.49.158.102 - - [28/Jan/2024:11:09:25 -0500] "GET /appsia/images/logo_escudo.png HTTP/1.1" 200 36965
186.80.52.0 - - [28/Jan/2024:11:09:34 -0500] "POST /sipse/faces/presentacion/financiero/solicitudProceso/consultarSolicitudProceso.xhtml HTTP/1.1" 200 5522
216.244.66.195 - - [28/Jan/2024:11:09:50 -0500] "GET /BLA/resoluciones/AUTOS%202013/1568.pdf HTTP/1.1" 200 904917
186.154.181.122 - - [28/Jan/2024:11:09:53 -0500] "POST /sipse/faces/presentacion/financiero/solicitudProceso/consultarSolicitudProceso.xhtml HTTP/1.1" 200 5522
216.245.221.92 - - [28/Jan/2024:11:09:56 -0500] "HEAD / HTTP/1.1" 200 -
172.22.2.4 - - [28/Jan/2024:11:10:08 -0500] "GET /BLA/boletinlegal/debug/.git/config HTTP/1.1" 404 1018
216.244.66.195 - - [28/Jan/2024:11:10:21 -0500] "GET /BLA/resoluciones/AUTOS%202013/1735.pdf HTTP/1.1" 200 546628
201.245.192.253 - - [28/Jan/2024:11:10:25 -0500] "POST /kwsrmcab/Wsrmcab  HTTP/1.1" 200 37857
216.244.66.195 - - [28/Jan/2024:11:10:59 -0500] "GET /BLA/resoluciones/AUTOS%202013/1989.pdf HTTP/1.1" 200 385524
172.22.2.4 - - [28/Jan/2024:11:09:25 -0500] "HEAD /BLA/boletinlegal/ HTTP/1.1" 200 -
186.80.52.0 - - [28/Jan/2024:11:11:08 -0500] "GET /sipse/faces/index.xhtml HTTP/1.1" 200 677
186.80.52.0 - - [28/Jan/2024:11:11:08 -0500] "GET /sipse/faces/javax.faces.resource/theme.css?ln=primefaces-sipse HTTP/1.1" 304 -
186.80.52.0 - - [28/Jan/2024:11:11:09 -0500] "GET /sipse/faces/faces/autenticacion.xhtml HTTP/1.1" 200 12409
186.80.52.0 - - [28/Jan/2024:11:11:09 -0500] "GET /sipse/faces/javax.faces.resource/theme.css?ln=primefaces-sipse HTTP/1.1" 304 -
186.80.52.0 - - [28/Jan/2024:11:11:09 -0500] "GET /sipse/faces/javax.faces.resource/primefaces.css?ln=primefaces&v=4.0 HTTP/1.1" 304 -
186.80.52.0 - - [28/Jan/2024:11:11:09 -0500] "GET /sipse/faces/javax.faces.resource/primefaces.js?ln=primefaces&v=4.0 HTTP/1.1" 304 -
186.80.52.0 - - [28/Jan/2024:11:11:09 -0500] "GET /sipse/faces/javax.faces.resource/layout/layout.css?ln=primefaces&v=4.0 HTTP/1.1" 304 -
186.80.52.0 - - [28/Jan/2024:11:11:09 -0500] "GET /sipse/faces/javax.faces.resource/jquery/jquery.js?ln=primefaces&v=4.0 HTTP/1.1" 304 -
186.80.52.0 - - [28/Jan/2024:11:11:09 -0500] "GET /sipse/faces/javax.faces.resource/jquery/jquery-plugins.js?ln=primefaces&v=4.0 HTTP/1.1" 304 -
186.80.52.0 - - [28/Jan/2024:11:11:09 -0500] "GET /sipse/faces/javax.faces.resource/layout/layout.js?ln=primefaces&v=4.0 HTTP/1.1" 304 -
186.80.52.0 - - [28/Jan/2024:11:11:09 -0500] "GET /sipse/faces/javax.faces.resource/images/ui-icons_898989_256x240.png?ln=primefaces-aristo HTTP/1.1" 304 -
186.80.52.0 - - [28/Jan/2024:11:11:16 -0500] "POST /sipse/faces/autenticacion.xhtml HTTP/1.1" 200 2217
186.80.52.0 - - [28/Jan/2024:11:11:16 -0500] "GET /sipse/faces/javax.faces.resource/messages/messages.png?ln=primefaces&v=4.0 HTTP/1.1" 304 -
186.80.52.0 - - [28/Jan/2024:11:11:17 -0500] "POST /sipse/faces/autenticacion.xhtml HTTP/1.1" 200 16361
186.80.52.0 - - [28/Jan/2024:11:11:17 -0500] "GET /sipse/faces/javax.faces.resource/primefaces.css?ln=primefaces&v=4.0 HTTP/1.1" 304 -
186.80.52.0 - - [28/Jan/2024:11:11:17 -0500] "GET /sipse/faces/javax.faces.resource/layout/layout.css?ln=primefaces&v=4.0 HTTP/1.1" 304 -
186.80.52.0 - - [28/Jan/2024:11:11:17 -0500] "GET /sipse/faces/javax.faces.resource/theme.css?ln=primefaces-sipse HTTP/1.1" 304 -
186.80.52.0 - - [28/Jan/2024:11:11:17 -0500] "GET /sipse/faces/javax.faces.resource/jquery/jquery.js?ln=primefaces&v=4.0 HTTP/1.1" 304 -
186.80.52.0 - - [28/Jan/2024:11:11:17 -0500] "GET /sipse/faces/javax.faces.resource/jquery/jquery-plugins.js?ln=primefaces&v=4.0 HTTP/1.1" 304 -
186.80.52.0 - - [28/Jan/2024:11:11:17 -0500] "GET /sipse/faces/javax.faces.resource/primefaces.js?ln=primefaces&v=4.0 HTTP/1.1" 304 -
186.80.52.0 - - [28/Jan/2024:11:11:18 -0500] "GET /sipse/faces/javax.faces.resource/layout/layout.js?ln=primefaces&v=4.0 HTTP/1.1" 304 -
186.80.52.0 - - [28/Jan/2024:11:11:18 -0500] "GET /sipse/css/imagen/contrasena.png HTTP/1.1" 404 383
186.80.52.0 - - [28/Jan/2024:11:11:19 -0500] "GET /sipse/faces/javax.faces.resource/images/ui-bg_flat_0_2d5972_40x100.png?ln=primefaces-aristo HTTP/1.1" 304 -
186.80.52.0 - - [28/Jan/2024:11:11:19 -0500] "POST /sipse/faces/bienvenido.xhtml HTTP/1.1" 200 2658
186.80.52.0 - - [28/Jan/2024:11:11:20 -0500] "POST /sipse/faces/bienvenido.xhtml HTTP/1.1" 200 64501
186.80.52.0 - - [28/Jan/2024:11:11:23 -0500] "GET /sipse/faces/javax.faces.resource/theme.css?ln=primefaces-sipse HTTP/1.1" 304 -
186.80.52.0 - - [28/Jan/2024:11:11:23 -0500] "GET /sipse/faces/javax.faces.resource/primefaces.css?ln=primefaces&v=4.0 HTTP/1.1" 304 -
186.80.52.0 - - [28/Jan/2024:11:11:23 -0500] "GET /sipse/faces/javax.faces.resource/layout/layout.css?ln=primefaces&v=4.0 HTTP/1.1" 304 -
186.80.52.0 - - [28/Jan/2024:11:11:23 -0500] "GET /sipse/faces/javax.faces.resource/jquery/jquery.js?ln=primefaces&v=4.0 HTTP/1.1" 304 -
186.80.52.0 - - [28/Jan/2024:11:11:23 -0500] "GET /sipse/faces/javax.faces.resource/jquery/jquery-plugins.js?ln=primefaces&v=4.0 HTTP/1.1" 304 -
186.80.52.0 - - [28/Jan/2024:11:11:23 -0500] "GET /sipse/faces/javax.faces.resource/primefaces.js?ln=primefaces&v=4.0 HTTP/1.1" 304 -
186.80.52.0 - - [28/Jan/2024:11:11:23 -0500] "GET /sipse/faces/javax.faces.resource/layout/layout.js?ln=primefaces&v=4.0 HTTP/1.1" 304 -
186.154.181.122 - - [28/Jan/2024:11:11:25 -0500] "POST /sipse/faces/presentacion/financiero/solicitudProceso/consultarSolicitudProceso.xhtml HTTP/1.1" 200 5529
186.154.181.122 - - [28/Jan/2024:11:11:25 -0500] "GET /sipse/faces/javax.faces.resource/dynamiccontent.properties?ln=primefaces&pfdrid=XjOR5%2F%2FfPAZAuY9TpWQeCiM0BhlXxYRBGKi%2FQcXXfeA%3D&pfdrid_c=false HTTP/1.1" 200 120606
186.80.52.0 - - [28/Jan/2024:11:11:24 -0500] "POST /sipse/faces/presentacion/financiero/solicitudProceso/listarSolicitudProceso.xhtml HTTP/1.1" 200 1556
186.80.52.0 - - [28/Jan/2024:11:11:28 -0500] "POST /sipse/faces/presentacion/financiero/solicitudProceso/listarSolicitudProceso.xhtml HTTP/1.1" 200 17023
216.244.66.195 - - [28/Jan/2024:11:11:30 -0500] "GET /BLA/resoluciones/AUTOS%202013/2108.pdf HTTP/1.1" 200 696481
172.22.2.4 - - [28/Jan/2024:11:10:15 -0500] "GET /BLA/boletinlegal/ HTTP/1.1" 200 60583
216.244.66.195 - - [28/Jan/2024:11:12:02 -0500] "GET /BLA/resoluciones/AUTOS%202013/2320.pdf HTTP/1.1" 200 267115
186.154.181.122 - - [28/Jan/2024:11:12:07 -0500] "POST /sipse/faces/presentacion/financiero/solicitudProceso/consultarSolicitudProceso.xhtml HTTP/1.1" 200 34187
186.154.181.122 - - [28/Jan/2024:11:12:07 -0500] "GET /sipse/faces/javax.faces.resource/jquery/jquery.js?ln=primefaces&v=4.0 HTTP/1.1" 304 -
186.154.181.122 - - [28/Jan/2024:11:12:07 -0500] "GET /sipse/faces/javax.faces.resource/jquery/jquery-plugins.js?ln=primefaces&v=4.0 HTTP/1.1" 304 -
186.154.181.122 - - [28/Jan/2024:11:12:07 -0500] "GET /sipse/faces/javax.faces.resource/primefaces.js?ln=primefaces&v=4.0 HTTP/1.1" 304 -
186.154.181.122 - - [28/Jan/2024:11:12:07 -0500] "GET /sipse/faces/javax.faces.resource/layout/layout.js?ln=primefaces&v=4.0 HTTP/1.1" 304 -
186.154.181.122 - - [28/Jan/2024:11:12:07 -0500] "POST /sipse/faces/presentacion/sistema/reporte/listarReportes.xhtml HTTP/1.1" 200 27619
186.154.181.122 - - [28/Jan/2024:11:12:09 -0500] "POST /sipse/faces/presentacion/sistema/reporte/listarReportes.xhtml HTTP/1.1" 200 22815
186.154.181.122 - - [28/Jan/2024:11:12:09 -0500] "GET /sipse/faces/javax.faces.resource/theme.css?ln=primefaces-sipse HTTP/1.1" 304 -
186.154.181.122 - - [28/Jan/2024:11:12:09 -0500] "GET /sipse/faces/javax.faces.resource/jquery/jquery.js?ln=primefaces&v=4.0 HTTP/1.1" 304 -
186.154.181.122 - - [28/Jan/2024:11:12:09 -0500] "GET /sipse/faces/javax.faces.resource/primefaces.js?ln=primefaces&v=4.0 HTTP/1.1" 304 -
186.154.181.122 - - [28/Jan/2024:11:12:09 -0500] "GET /sipse/faces/javax.faces.resource/jquery/jquery-plugins.js?ln=primefaces&v=4.0 HTTP/1.1" 304 -
186.154.181.122 - - [28/Jan/2024:11:12:09 -0500] "GET /sipse/faces/javax.faces.resource/primefaces.css?ln=primefaces&v=4.0 HTTP/1.1" 304 -
186.154.181.122 - - [28/Jan/2024:11:12:09 -0500] "GET /sipse/faces/javax.faces.resource/layout/layout.css?ln=primefaces&v=4.0 HTTP/1.1" 304 -
186.154.181.122 - - [28/Jan/2024:11:12:09 -0500] "GET /sipse/faces/javax.faces.resource/layout/layout.js?ln=primefaces&v=4.0 HTTP/1.1" 304 -
186.154.181.122 - - [28/Jan/2024:11:12:09 -0500] "GET /sipse/faces/javax.faces.resource/images/ui-icons_898989_256x240.png?ln=primefaces-aristo HTTP/1.1" 304 -
216.244.66.195 - - [28/Jan/2024:11:12:30 -0500] "GET /BLA/resoluciones/AUTOS%202013/2618.pdf HTTP/1.1" 200 785391
200.118.61.100 - - [28/Jan/2024:11:12:31 -0500] "GET /gobierno-de-bogota-hace-recomendaciones-a-la-ciudadania-para-que-tome-acciones-ante-la-mala-calidad-del-aire.html?fbclid=IwAR0fxYuXS3Aly6YT6PzOm37cmUrbVXcRP3NrA2rij1QaWojjfjlsP4X3ZXY HTTP/1.1" 200 864
216.244.66.195 - - [28/Jan/2024:11:12:59 -0500] "GET /BLA/resoluciones/AUTOS%202013/2934.pdf HTTP/1.1" 200 426248
186.154.181.122 - - [28/Jan/2024:11:13:05 -0500] "GET /sipse/faces/javax.faces.resource/images/ui-bg_flat_0_2d5972_40x100.png?ln=primefaces-aristo HTTP/1.1" 304 -
186.154.181.122 - - [28/Jan/2024:11:13:05 -0500] "POST /sipse/faces/presentacion/sistema/reporte/ventanaVerReporteParametros.xhtml HTTP/1.1" 200 55014
186.154.181.122 - - [28/Jan/2024:11:13:05 -0500] "GET /sipse/faces/javax.faces.resource/jquery/jquery.js?ln=primefaces&v=4.0 HTTP/1.1" 304 -
186.154.181.122 - - [28/Jan/2024:11:13:05 -0500] "GET /sipse/faces/javax.faces.resource/jquery/jquery-plugins.js?ln=primefaces&v=4.0 HTTP/1.1" 304 -
186.154.181.122 - - [28/Jan/2024:11:13:05 -0500] "GET /sipse/faces/javax.faces.resource/primefaces.js?ln=primefaces&v=4.0 HTTP/1.1" 304 -
186.154.181.122 - - [28/Jan/2024:11:13:05 -0500] "GET /sipse/faces/javax.faces.resource/layout/layout.js?ln=primefaces&v=4.0 HTTP/1.1" 304 -
186.154.181.122 - - [28/Jan/2024:11:13:05 -0500] "POST /sipse/faces/presentacion/financiero/solicitudProceso/listarSolicitudProceso.xhtml HTTP/1.1" 200 1492
186.154.181.122 - - [28/Jan/2024:11:13:09 -0500] "POST /sipse/faces/presentacion/financiero/solicitudProceso/listarSolicitudProceso.xhtml HTTP/1.1" 200 149866
186.154.181.122 - - [28/Jan/2024:11:13:10 -0500] "GET /sipse/faces/javax.faces.resource/jquery/jquery.js?ln=primefaces&v=4.0 HTTP/1.1" 304 -
186.154.181.122 - - [28/Jan/2024:11:13:10 -0500] "GET /sipse/faces/javax.faces.resource/jquery/jquery-plugins.js?ln=primefaces&v=4.0 HTTP/1.1" 304 -
186.154.181.122 - - [28/Jan/2024:11:13:10 -0500] "GET /sipse/faces/javax.faces.resource/primefaces.js?ln=primefaces&v=4.0 HTTP/1.1" 304 -
186.154.181.122 - - [28/Jan/2024:11:13:10 -0500] "GET /sipse/faces/javax.faces.resource/layout/layout.js?ln=primefaces&v=4.0 HTTP/1.1" 304 -
186.154.181.122 - - [28/Jan/2024:11:13:10 -0500] "GET /sipse/faces/javax.faces.resource/dynamiccontent.properties?ln=primefaces&pfdrid=XjOR5%2F%2FfPAZAuY9TpWQeCiM0BhlXxYRBGKi%2FQcXXfeA%3D&pfdrid_c=false HTTP/1.1" 500 383
186.154.181.122 - - [28/Jan/2024:11:13:22 -0500] "POST /sipse/faces/presentacion/financiero/solicitudProceso/consultarSolicitudProceso.xhtml HTTP/1.1" 200 82749
216.244.66.195 - - [28/Jan/2024:11:13:25 -0500] "GET /BLA/resoluciones/AUTOS%202014/0715.pdf HTTP/1.1" 200 430083
186.154.181.122 - - [28/Jan/2024:11:13:40 -0500] "POST /sipse/faces/presentacion/financiero/solicitudProceso/consultarSolicitudProceso.xhtml HTTP/1.1" 200 2141938
173.252.79.119 - - [28/Jan/2024:11:13:46 -0500] "GET /distrito-declara-alerta-zonal-por-deterioro-de-calidad-de-aire-y-toma-nuevas-decisiones-en-materia-de-movilidad.html HTTP/1.1" 200 860
216.244.66.195 - - [28/Jan/2024:11:13:51 -0500] "GET /BLA/resoluciones/AUTOS%202014/1135.pdf HTTP/1.1" 200 381950
216.244.66.195 - - [28/Jan/2024:11:14:18 -0500] "GET /BLA/resoluciones/AUTOS%202014/1335.pdf HTTP/1.1" 200 439715
52.167.144.14 - - [28/Jan/2024:11:14:24 -0500] "GET /bla/resoluciones/RESOLUCIONES%202011/1754.pdf HTTP/1.1" 200 5933639
216.244.66.195 - - [28/Jan/2024:11:14:42 -0500] "GET /BLA/resoluciones/AUTOS%202014/2040.pdf HTTP/1.1" 200 342221
216.245.221.92 - - [28/Jan/2024:11:14:56 -0500] "HEAD / HTTP/1.1" 200 -
216.244.66.195 - - [28/Jan/2024:11:15:04 -0500] "GET /BLA/resoluciones/AUTOS%202014/2536.pdf HTTP/1.1" 200 481906
173.252.87.6 - - [28/Jan/2024:11:15:06 -0500] "GET /images/Acuerdos%2001%20(1)%20(1).jpeg HTTP/1.1" 200 32884
201.245.192.253 - - [28/Jan/2024:11:15:24 -0500] "POST /kwsrmcab/Wsrmcab  HTTP/1.1" 200 37857
216.244.66.195 - - [28/Jan/2024:11:15:27 -0500] "GET /BLA/resoluciones/AUTOS%202019/1166.pdf HTTP/1.1" 200 294420
216.244.66.195 - - [28/Jan/2024:11:15:48 -0500] "GET /BLA/resoluciones/AUTOS%202020/1007.pdf HTTP/1.1" 200 381846
186.154.181.122 - - [28/Jan/2024:11:15:53 -0500] "POST /sipse/faces/presentacion/financiero/solicitudProceso/consultarSolicitudProceso.xhtml HTTP/1.1" 200 4314201
186.154.181.122 - - [28/Jan/2024:11:15:55 -0500] "POST /sipse/faces/presentacion/financiero/solicitudProceso/consultarSolicitudProceso.xhtml HTTP/1.1" 200 928502
186.154.181.122 - - [28/Jan/2024:11:16:02 -0500] "POST /sipse/faces/presentacion/financiero/solicitudProceso/consultarSolicitudProceso.xhtml HTTP/1.1" 200 5522
216.244.66.195 - - [28/Jan/2024:11:16:08 -0500] "GET /BLA/resoluciones/AUTOS%202020/1071.pdf HTTP/1.1" 200 381147
216.244.66.195 - - [28/Jan/2024:11:16:27 -0500] "GET /BLA/resoluciones/AUTOS%202020/3620.pdf HTTP/1.1" 200 376154
216.244.66.195 - - [28/Jan/2024:11:16:45 -0500] "GET /BLA/resoluciones/RESOLUCIONES%202011/0202.pdf HTTP/1.1" 200 270360
172.22.2.4 - - [28/Jan/2024:11:15:15 -0500] "HEAD /BLA/boletinlegal/ HTTP/1.1" 200 -
186.102.30.14 - - [28/Jan/2024:11:16:57 -0500] "GET /kwssiamovil/sm/ldap/au?x=U2FsdGVkX18LAj/QsFxcYofM/zefRkH9GfwvGu7ZV3rPdjEETkgYJAEwQT2mwU2W&y=U2FsdGVkX1+g3tows4Hv2K6ChtRN5XrZIYuPKWmd99jBWWn1wDfccjqSCG5tw8Pw HTTP/1.1" 200 30
186.102.30.14 - - [28/Jan/2024:11:16:57 -0500] "GET /kwssiamovil/sm/acme/s?s=U2FsdGVkX1+yGV5AwVVy1pu+zjkshWdzrO5CFntXwYHij2oCqxXe65VRUTjP/d+uunF/phzCJKlzSvS49LpXbLGIxElWAoBjbTyKCJuXLDw=&u=U2FsdGVkX19BRM22y/8YssqUIb1qLLKsexPMGw89qL0=&y=U2FsdGVkX1+g3tows4Hv2K6ChtRN5XrZIYuPKWmd99jBWWn1wDfccjqSCG5tw8Pw HTTP/1.1" 200 97
186.102.30.14 - - [28/Jan/2024:11:16:57 -0500] "GET /kwssiamovil/sm/acme/s?s=U2FsdGVkX1+0mqzB53xZU62sFK0wwIob+nbauJu4si8YDvRhGghTrVIoQj07TiaNqFTgyxH4nCRvWMbIuPYTfSyVEeUbWPXGAOwWmbW9A/DCxhnVdUfo/01noqjUOqXb34TAOqYylyKspiDfRFTmdUMY+WYsew7anZv5OKULEQDE0E7Jv97OvOZDAQQ/na5M01rrstWekgeC7Ys679PNXJ3hm4SZU2F3ABu+cxMjOcMHtUZ8SWGWLrnrGEU2yVQceHItd68ckZYe5uGJ2qEAewoBHjO5vchTW3isqV0b3RRWFrNaRzrqRyhlZzXPPOTe22SNM8d4oirdghJpL2VfICKCbcP84irfcmESrr5MagWNB/TNlRHgxnWQkVQbWJ7b91iRF2W+LF4HtHCwK7lu5FPkbK/i3Uv2voSZP2DlsOCeAwVRBuK7Pg0h60UtZhjziY2xrn49uw4JzQxY4k7yPnqkOjpBl6fKjR0/pZlxy50upHxoR59km3PxyhMcLzB2F67qMwKCF6j6BFacZ7mGGlm8MwnKFabhw6a2yHYBy7pa0LdLIfxLl09IvqGaTgWBcxNl6MVrLaBiHwCRNsYHOP2WDQPe5bqK9RGX1UtbuZkS+p+TbI0457+qURwet5c9yj582+wEvc0NfNtTXXxQ2bnbA4YOOVFDzNfiwFZlMnevJgnoQf+6vSI0xXs+OPVri2OKC3o/ST+QKTK0P8zC7C8+XlhfXAgt3rJcH65YnXJEBVTt4iEWzGYOOUKE8UkcnUL54xmGL5OUg0VnrjYkp4hmkmqKTT1UvI0w+4X309c6CqsMqMOdOSkTse4mpOOpA4Gnq+d46jHPihH9POCLQVhOCVVcOCVFZXFZ3oeHDUhmA/a6QqTZjQPWg2vZP6BC4usLo9Ch6BrnjR2QhY0jv6m0IVZCp0TBR8S5fgYjnnI5dibxoIY+8MiMXq+K8P0fAFeFTTd+jps738eSOn4cB3VrYlhTa+cv9/L5bS7VuBV45sKunTPWl7A70R7MeSkZI8uRxt1mygM/YAUQaHUkfF6YuuMxp+iaTup7VoE6owYYu23xT7xN8YOAIVXrZYMnMTQm9DvPiujDnmrnEc6APDBC+u3gTlJd5lBUA8po+Cnik3xNYcbnlcMBOOid7N4vEpvaCVUrjFpeGstvIEBbm5dkjdEZc6DAOeTMw7jKIuXWXFdX2nnGgpHvRI2+lz/9kxV+nPOdv+hdGjNgmP4JCSNur1+x1MG/bfWsx9uHL/xTZJe1rLGZQS/Q50ADpLoZwvK8I2z2QOs9eIIVNqUNudHZ+3pZoHWTqSz0FaOkb8EZylVyIL2iNlBevvfuUywttBz+iFsYYx5g13/7IMTgM8AR//lTPhxycDKLeKGwzFwmX+Y/c1gH9ltYkyMLhF6Fi3UZ7CgMEZ/WIcA7AtcU/j6BqGGZ9ttb4bBBk77qerAYCQAwT5YYeaYM8OeHPWidCawYmt72F+02Bd6FAGv2gtIVpKuhw7aqPepaREssgIbF2gtoJchVK209SaGmRl64EsTyk3KZuVjyiZtjwo+PcxyeY7/6uN/j3QFLPD54Z88lDKa4UbRo8qObPDiHIRkvzKq9c5WrVQC+5lG9SCP0jrUDSl92Mvmyz+ENh0igOv5A+WfVxUxnAz07dueoNbYvBd1AsOMbPHoaqRgbmv6PU6Zu6ELXjcWtrWDVjacNqDOnrBhimB5sde4Dz2D6moJ/oNmdb5A8TYf58faUmr1cBnFeeWchyYv/pk0Z4s533qo=&u=U2FsdGVkX19BRM22y/8YssqUIb1qLLKsexPMGw89qL0=&y=U2FsdGVkX1+g3tows4Hv2K6ChtRN5XrZIYuPKWmd99jBWWn1wDfccjqSCG5tw8Pw HTTP/1.1" 200 2018
186.102.30.14 - - [28/Jan/2024:11:16:57 -0500] "GET /kwssiamovil/sm/acme/s?s=U2FsdGVkX19Jw6KeFFv+SvuMEqGK9icebxyLheUjGaB6eIu8bNJQ9Es5EFLZtthHi3kl4RbM9ANqQrYBrfJbSWS6tKAI24+X1C5nAW51us/wbztRtTLSiki1RZM3eTDgHIjAe9VVmTGIsQvFO1gmdJ5DO1kp9vyQTJAfSfwWHHg2t7oytVUp6xG6PNNvvwg7Xm39Q4bYuSFkFHzTqc4r+KR5snbbEENmNCSJmazENha+OVxKowSyAATw8QTthMfk619MyjWkWOFhA/A8JjtdzLsEanfu5vlVr6Zf1DtFa7iAu1YNNMjue/uQXgKzw5hhLJG+HIn631Sjr5G0hyB4r/tznc9/Dk7Lebpg7wbqc74irDh773QKWlDQfnLiltBafD4Gl9N4mwpCIAdP14EGqpBwABTsVO0L+JpjwEuWlgx1l0hwACZg0l6+aRLTUrbqI69WWWtng/zBV+4aiwmA4OcsL13U5hmXiZoS7OF4bmnpK/RhTeoXI3ZRE75hqGasGmmAg6IaTNaMrt51La5ekl59W0WEEfd9w2U5IWPPGSkfs3kg+o6Vrb5AF4sVw4PD2RL4k+AgIJabYrx8zQP53WVztMN/2uy3LKEhqaUsngjzRe5XPg0iKB3yBpXisI4z2tXHf+N4MPjmQNZ7ty/dsjhjp9yHtQz9VZmMhtIpCNHlr2Y2ZfCoQDIqoTQicp9o+I3QyyYbHBLpEVkmtlzxFzn2w6bka7YGFEikTs3AyIZK0LEXmFEic1o3m7RbgTYh&u=U2FsdGVkX19BRM22y/8YssqUIb1qLLKsexPMGw89qL0=&y=U2FsdGVkX1+g3tows4Hv2K6ChtRN5XrZIYuPKWmd99jBWWn1wDfccjqSCG5tw8Pw HTTP/1.1" 200 208
186.102.30.14 - - [28/Jan/2024:11:16:58 -0500] "GET /kwssiamovil/sm/cjson/pre?f=1&x=U2FsdGVkX18LAj/QsFxcYofM/zefRkH9GfwvGu7ZV3rPdjEETkgYJAEwQT2mwU2W HTTP/1.1" 200 31032
216.244.66.195 - - [28/Jan/2024:11:17:02 -0500] "GET /BLA/resoluciones/RESOLUCIONES%202011/0361.pdf HTTP/1.1" 200 65715
216.244.66.195 - - [28/Jan/2024:11:17:18 -0500] "GET /BLA/resoluciones/RESOLUCIONES%202011/0402.pdf HTTP/1.1" 200 264164
216.244.66.195 - - [28/Jan/2024:11:17:34 -0500] "GET /BLA/resoluciones/RESOLUCIONES%202011/0605.pdf HTTP/1.1" 200 71985
172.22.2.4 - - [28/Jan/2024:11:16:05 -0500] "GET /BLA/boletinlegal/ HTTP/1.1" 200 58720
216.244.66.195 - - [28/Jan/2024:11:17:47 -0500] "GET /BLA/resoluciones/RESOLUCIONES%202011/0606.pdf HTTP/1.1" 200 69029
216.244.66.195 - - [28/Jan/2024:11:17:59 -0500] "GET /BLA/resoluciones/RESOLUCIONES%202011/0686.pdf HTTP/1.1" 200 71597
216.244.66.195 - - [28/Jan/2024:11:18:10 -0500] "GET /BLA/resoluciones/RESOLUCIONES%202011/0691.pdf HTTP/1.1" 200 62215
216.244.66.195 - - [28/Jan/2024:11:18:20 -0500] "GET /BLA/resoluciones/RESOLUCIONES%202011/0725.pdf HTTP/1.1" 200 93693
216.244.66.195 - - [28/Jan/2024:11:18:29 -0500] "GET /BLA/resoluciones/RESOLUCIONES%202011/0786.pdf HTTP/1.1" 200 66125
216.244.66.195 - - [28/Jan/2024:11:18:37 -0500] "GET /BLA/resoluciones/RESOLUCIONES%202011/0981.pdf HTTP/1.1" 200 437384
216.244.66.195 - - [28/Jan/2024:11:18:45 -0500] "GET /BLA/resoluciones/RESOLUCIONES%202011/1356.pdf HTTP/1.1" 200 67545
216.244.66.195 - - [28/Jan/2024:11:18:51 -0500] "GET /BLA/resoluciones/RESOLUCIONES%202011/1442.pdf HTTP/1.1" 200 73915
216.244.66.195 - - [28/Jan/2024:11:18:56 -0500] "GET /BLA/resoluciones/RESOLUCIONES%202011/1487.pdf HTTP/1.1" 200 68655
216.244.66.195 - - [28/Jan/2024:11:19:02 -0500] "GET /BLA/resoluciones/RESOLUCIONES%202011/1594.pdf HTTP/1.1" 200 68841
216.244.66.195 - - [28/Jan/2024:11:19:06 -0500] "GET /BLA/resoluciones/RESOLUCIONES%202011/1599.pdf HTTP/1.1" 200 78099
216.244.66.195 - - [28/Jan/2024:11:19:09 -0500] "GET /BLA/resoluciones/RESOLUCIONES%202011/1641.pdf HTTP/1.1" 200 75587
216.244.66.195 - - [28/Jan/2024:11:19:13 -0500] "GET /BLA/resoluciones/AUTOS%202008/0499.pdf HTTP/1.1" 200 76769
216.244.66.195 - - [28/Jan/2024:11:19:16 -0500] "GET /BLA/resoluciones/AUTOS%202008/0525.pdf HTTP/1.1" 200 97687
216.244.66.195 - - [28/Jan/2024:11:19:18 -0500] "GET /BLA/resoluciones/AUTOS%202008/1531.pdf HTTP/1.1" 200 106850
216.244.66.195 - - [28/Jan/2024:11:19:21 -0500] "GET /BLA/resoluciones/AUTOS%202008/1593.pdf HTTP/1.1" 200 96938
216.244.66.195 - - [28/Jan/2024:11:19:23 -0500] "GET /BLA/resoluciones/AUTOS%202008/1631.pdf HTTP/1.1" 200 67900
216.244.66.195 - - [28/Jan/2024:11:19:25 -0500] "GET /BLA/resoluciones/AUTOS%202013/0706.pdf HTTP/1.1" 200 2579979
216.244.66.195 - - [28/Jan/2024:11:19:33 -0500] "GET /BLA/resoluciones/AUTOS%202013/1990.pdf HTTP/1.1" 200 3243873
186.154.181.122 - - [28/Jan/2024:11:19:40 -0500] "POST /sipse/faces/presentacion/financiero/solicitudProceso/consultarSolicitudProceso.xhtml HTTP/1.1" 200 58805
186.154.181.122 - - [28/Jan/2024:11:19:40 -0500] "GET /sipse/faces/javax.faces.resource/theme.css?ln=primefaces-sipse HTTP/1.1" 304 -
186.154.181.122 - - [28/Jan/2024:11:19:40 -0500] "GET /sipse/faces/javax.faces.resource/primefaces.css?ln=primefaces&v=4.0 HTTP/1.1" 304 -
186.154.181.122 - - [28/Jan/2024:11:19:40 -0500] "GET /sipse/faces/javax.faces.resource/jquery/jquery-plugins.js?ln=primefaces&v=4.0 HTTP/1.1" 304 -
186.154.181.122 - - [28/Jan/2024:11:19:40 -0500] "GET /sipse/faces/javax.faces.resource/jquery/jquery.js?ln=primefaces&v=4.0 HTTP/1.1" 304 -
186.154.181.122 - - [28/Jan/2024:11:19:40 -0500] "GET /sipse/faces/javax.faces.resource/layout/layout.css?ln=primefaces&v=4.0 HTTP/1.1" 304 -
186.154.181.122 - - [28/Jan/2024:11:19:40 -0500] "GET /sipse/faces/javax.faces.resource/primefaces.js?ln=primefaces&v=4.0 HTTP/1.1" 304 -
186.154.181.122 - - [28/Jan/2024:11:19:40 -0500] "GET /sipse/faces/javax.faces.resource/layout/layout.js?ln=primefaces&v=4.0 HTTP/1.1" 304 -
186.154.181.122 - - [28/Jan/2024:11:19:40 -0500] "GET /sipse/faces/javax.faces.resource/images/ui-icons_898989_256x240.png?ln=primefaces-aristo HTTP/1.1" 304 -
186.154.181.122 - - [28/Jan/2024:11:19:40 -0500] "GET /sipse/faces/javax.faces.resource/images/ui-bg_flat_0_2d5972_40x100.png?ln=primefaces-aristo HTTP/1.1" 304 -
186.154.181.122 - - [28/Jan/2024:11:19:40 -0500] "POST /sipse/faces/presentacion/financiero/solicitudProceso/listarSolicitudProceso.xhtml HTTP/1.1" 200 1492
186.154.181.122 - - [28/Jan/2024:11:19:40 -0500] "POST /sipse/faces/presentacion/financiero/solicitudProceso/listarSolicitudProceso.xhtml HTTP/1.1" 200 1500
201.245.192.253 - - [28/Jan/2024:11:19:39 -0500] "POST /kwsrmcab/Wsrmcab HTTP/1.1" 200 37329
216.244.66.195 - - [28/Jan/2024:11:19:42 -0500] "GET /BLA/resoluciones/AUTOS%202013/2582.pdf HTTP/1.1" 200 841760
201.245.192.253 - - [28/Jan/2024:11:19:41 -0500] "POST /kwsrmcab/Wsrmcab HTTP/1.1" 200 38510
201.245.192.253 - - [28/Jan/2024:11:19:43 -0500] "POST /kwsrmcab/Wsrmcab HTTP/1.1" 200 39995
186.154.181.122 - - [28/Jan/2024:11:19:47 -0500] "POST /sipse/faces/presentacion/financiero/solicitudProceso/listarSolicitudProceso.xhtml HTTP/1.1" 200 152485
186.154.181.122 - - [28/Jan/2024:11:19:48 -0500] "GET /sipse/faces/javax.faces.resource/jquery/jquery.js?ln=primefaces&v=4.0 HTTP/1.1" 304 -
186.154.181.122 - - [28/Jan/2024:11:19:48 -0500] "GET /sipse/faces/javax.faces.resource/jquery/jquery-plugins.js?ln=primefaces&v=4.0 HTTP/1.1" 304 -
186.154.181.122 - - [28/Jan/2024:11:19:48 -0500] "GET /sipse/faces/javax.faces.resource/primefaces.js?ln=primefaces&v=4.0 HTTP/1.1" 304 -
186.154.181.122 - - [28/Jan/2024:11:19:48 -0500] "GET /sipse/faces/javax.faces.resource/layout/layout.js?ln=primefaces&v=4.0 HTTP/1.1" 304 -
216.244.66.195 - - [28/Jan/2024:11:19:49 -0500] "GET /BLA/resoluciones/AUTOS%202014/0189.pdf HTTP/1.1" 200 466576
216.244.66.195 - - [28/Jan/2024:11:19:55 -0500] "GET /BLA/resoluciones/AUTOS%202014/2503.pdf HTTP/1.1" 200 570380
186.154.181.122 - - [28/Jan/2024:11:19:56 -0500] "POST /sipse/faces/presentacion/financiero/solicitudProceso/consultarSolicitudProceso.xhtml HTTP/1.1" 200 5522
216.245.221.92 - - [28/Jan/2024:11:19:56 -0500] "HEAD / HTTP/1.1" 200 -
216.244.66.195 - - [28/Jan/2024:11:20:00 -0500] "GET /BLA/resoluciones/AUTOS%202015/3384.pdf HTTP/1.1" 200 629034
216.244.66.195 - - [28/Jan/2024:11:20:04 -0500] "GET /BLA/resoluciones/AUTOS%202015/3390.pdf HTTP/1.1" 200 642287
181.49.158.102 - - [28/Jan/2024:11:20:20 -0500] "POST /appsia/controlador HTTP/1.1" 200 4621
216.244.66.195 - - [28/Jan/2024:11:20:21 -0500] "GET /BLA/resoluciones/AUTOS%202015/3662.pdf HTTP/1.1" 200 1144856
181.49.158.102 - - [28/Jan/2024:11:20:23 -0500] "POST /appsia/controlador HTTP/1.1" 200 4799
52.167.144.15 - - [28/Jan/2024:11:20:24 -0500] "GET /BLA/resoluciones/RESOLUCIONES%202019/0077.pdf HTTP/1.1" 304 -
201.245.192.253 - - [28/Jan/2024:11:20:23 -0500] "POST /kwsrmcab/Wsrmcab  HTTP/1.1" 200 37857
201.245.192.253 - - [28/Jan/2024:11:20:33 -0500] "POST /kwsrmcab/Wsrmcab HTTP/1.1" 200 39995
216.244.66.195 - - [28/Jan/2024:11:20:36 -0500] "GET /BLA/resoluciones/AUTOS%202017/3808.pdf HTTP/1.1" 200 863825
40.77.167.144 - - [28/Jan/2024:11:20:39 -0500] "GET /BLA/resoluciones/AUTOS%202022/1817.pdf HTTP/1.1" 304 -
216.244.66.195 - - [28/Jan/2024:11:20:48 -0500] "GET /BLA/resoluciones/AUTOS%202017/3847.pdf HTTP/1.1" 200 280424
216.244.66.195 - - [28/Jan/2024:11:20:58 -0500] "GET /BLA/resoluciones/AUTOS%202017/5220.pdf HTTP/1.1" 200 332085
216.244.66.195 - - [28/Jan/2024:11:21:08 -0500] "GET /BLA/resoluciones/AUTOS%202017/5242.pdf HTTP/1.1" 200 405790
66.249.65.5 - - [28/Jan/2024:11:21:14 -0500] "GET /con-plantacion-de-arboles-sigue-la-consolidacion-de-los-conectores-ecosistemicos-en-bogota.html HTTP/1.1" 200 896
216.244.66.195 - - [28/Jan/2024:11:21:17 -0500] "GET /galeria/galeria/fotos/Grande6Parque-nacional.jpg HTTP/1.1" 200 347131
172.22.2.4 - - [28/Jan/2024:11:21:05 -0500] "HEAD /BLA/boletinlegal/ HTTP/1.1" 200 -
172.22.2.4 - - [28/Jan/2024:11:21:55 -0500] "GET /BLA/boletinlegal/ HTTP/1.1" 200 52955
52.167.144.138 - - [28/Jan/2024:11:24:27 -0500] "GET /galeria/galeria/jquery.fancybox.css?v=2.1.5 HTTP/1.1" 200 4895
52.167.144.138 - - [28/Jan/2024:11:24:56 -0500] "GET /sipse/faces/index.xhtml HTTP/1.1" 200 677
216.245.221.92 - - [28/Jan/2024:11:24:56 -0500] "HEAD / HTTP/1.1" 200 -
201.245.192.253 - - [28/Jan/2024:11:25:21 -0500] "POST /kwsrmcab/Wsrmcab  HTTP/1.1" 200 37857
186.170.77.75 - - [28/Jan/2024:11:25:28 -0500] "GET /mesa/contrasena.pdf HTTP/1.1" 200 443199
186.170.77.75 - - [28/Jan/2024:11:25:28 -0500] "GET /mesa/contrasena.pdf HTTP/1.1" 206 1
186.170.77.75 - - [28/Jan/2024:11:25:28 -0500] "GET /mesa/contrasena.pdf HTTP/1.1" 206 375055
66.249.66.20 - - [28/Jan/2024:11:26:19 -0500] "GET /Residuos/textiles/files/guia_textiles.pdf HTTP/1.1" 200 12356716
66.220.149.10 - - [28/Jan/2024:11:26:24 -0500] "GET /a-que-se-debe-el-deterioro-de-la-calidad-del-aire-y-cuando-se-declararia-una-alerta-por-contaminacion-atmosferica.html HTTP/1.1" 200 1004
66.220.149.15 - - [28/Jan/2024:11:26:24 -0500] "GET /a-que-se-debe-el-deterioro-de-la-calidad-del-aire-y-cuando-se-declararia-una-alerta-por-contaminacion-atmosferica.html HTTP/1.1" 200 1004
66.220.149.116 - - [28/Jan/2024:11:26:24 -0500] "GET /a-que-se-debe-el-deterioro-de-la-calidad-del-aire-y-cuando-se-declararia-una-alerta-por-contaminacion-atmosferica.html HTTP/1.1" 200 1004
172.22.2.4 - - [28/Jan/2024:11:26:55 -0500] "HEAD /BLA/boletinlegal/ HTTP/1.1" 200 -
186.154.181.122 - - [28/Jan/2024:11:28:45 -0500] "POST /sipse/faces/presentacion/financiero/solicitudProceso/consultarSolicitudProceso.xhtml HTTP/1.1" 200 34187
186.154.181.122 - - [28/Jan/2024:11:28:46 -0500] "GET /sipse/faces/javax.faces.resource/jquery/jquery.js?ln=primefaces&v=4.0 HTTP/1.1" 304 -
186.154.181.122 - - [28/Jan/2024:11:28:46 -0500] "GET /sipse/faces/javax.faces.resource/jquery/jquery-plugins.js?ln=primefaces&v=4.0 HTTP/1.1" 304 -
186.154.181.122 - - [28/Jan/2024:11:28:46 -0500] "GET /sipse/faces/javax.faces.resource/primefaces.js?ln=primefaces&v=4.0 HTTP/1.1" 304 -
186.154.181.122 - - [28/Jan/2024:11:28:46 -0500] "GET /sipse/faces/javax.faces.resource/layout/layout.js?ln=primefaces&v=4.0 HTTP/1.1" 304 -
186.154.181.122 - - [28/Jan/2024:11:28:46 -0500] "POST /sipse/faces/presentacion/sistema/reporte/listarReportes.xhtml HTTP/1.1" 200 27619
186.154.181.122 - - [28/Jan/2024:11:28:47 -0500] "POST /sipse/faces/presentacion/sistema/reporte/listarReportes.xhtml HTTP/1.1" 200 22815
186.154.181.122 - - [28/Jan/2024:11:28:47 -0500] "GET /sipse/faces/javax.faces.resource/theme.css?ln=primefaces-sipse HTTP/1.1" 304 -
186.154.181.122 - - [28/Jan/2024:11:28:47 -0500] "GET /sipse/faces/javax.faces.resource/jquery/jquery.js?ln=primefaces&v=4.0 HTTP/1.1" 304 -
186.154.181.122 - - [28/Jan/2024:11:28:47 -0500] "GET /sipse/faces/javax.faces.resource/layout/layout.css?ln=primefaces&v=4.0 HTTP/1.1" 304 -
186.154.181.122 - - [28/Jan/2024:11:28:47 -0500] "GET /sipse/faces/javax.faces.resource/primefaces.css?ln=primefaces&v=4.0 HTTP/1.1" 304 -
186.154.181.122 - - [28/Jan/2024:11:28:47 -0500] "GET /sipse/faces/javax.faces.resource/jquery/jquery-plugins.js?ln=primefaces&v=4.0 HTTP/1.1" 304 -
186.154.181.122 - - [28/Jan/2024:11:28:47 -0500] "GET /sipse/faces/javax.faces.resource/primefaces.js?ln=primefaces&v=4.0 HTTP/1.1" 304 -
186.154.181.122 - - [28/Jan/2024:11:28:47 -0500] "GET /sipse/faces/javax.faces.resource/layout/layout.js?ln=primefaces&v=4.0 HTTP/1.1" 304 -
186.154.181.122 - - [28/Jan/2024:11:28:48 -0500] "GET /sipse/faces/javax.faces.resource/images/ui-icons_898989_256x240.png?ln=primefaces-aristo HTTP/1.1" 304 -
172.22.2.4 - - [28/Jan/2024:11:27:45 -0500] "GET /BLA/boletinlegal/ HTTP/1.1" 200 60583
201.245.192.253 - - [28/Jan/2024:11:29:39 -0500] "POST /kwsrmcab/Wsrmcab HTTP/1.1" 200 37329
201.245.192.253 - - [28/Jan/2024:11:29:41 -0500] "POST /kwsrmcab/Wsrmcab HTTP/1.1" 200 38510
201.245.192.253 - - [28/Jan/2024:11:29:42 -0500] "POST /kwsrmcab/Wsrmcab HTTP/1.1" 200 39995
186.154.181.122 - - [28/Jan/2024:11:29:50 -0500] "GET /sipse/faces/javax.faces.resource/images/ui-bg_flat_0_2d5972_40x100.png?ln=primefaces-aristo HTTP/1.1" 304 -
186.154.181.122 - - [28/Jan/2024:11:29:50 -0500] "POST /sipse/faces/presentacion/sistema/reporte/ventanaVerReporteParametros.xhtml HTTP/1.1" 200 55014
186.154.181.122 - - [28/Jan/2024:11:29:50 -0500] "GET /sipse/faces/javax.faces.resource/jquery/jquery.js?ln=primefaces&v=4.0 HTTP/1.1" 304 -
186.154.181.122 - - [28/Jan/2024:11:29:50 -0500] "GET /sipse/faces/javax.faces.resource/jquery/jquery-plugins.js?ln=primefaces&v=4.0 HTTP/1.1" 304 -
186.154.181.122 - - [28/Jan/2024:11:29:50 -0500] "GET /sipse/faces/javax.faces.resource/primefaces.js?ln=primefaces&v=4.0 HTTP/1.1" 304 -
186.154.181.122 - - [28/Jan/2024:11:29:50 -0500] "GET /sipse/faces/javax.faces.resource/layout/layout.js?ln=primefaces&v=4.0 HTTP/1.1" 304 -
186.154.181.122 - - [28/Jan/2024:11:29:51 -0500] "POST /sipse/faces/presentacion/financiero/solicitudProceso/listarSolicitudProceso.xhtml HTTP/1.1" 200 1492
216.245.221.92 - - [28/Jan/2024:11:29:56 -0500] "HEAD / HTTP/1.1" 200 -
186.154.181.122 - - [28/Jan/2024:11:30:04 -0500] "POST /sipse/faces/presentacion/financiero/solicitudProceso/listarSolicitudProceso.xhtml HTTP/1.1" 200 152485
186.154.181.122 - - [28/Jan/2024:11:30:04 -0500] "GET /sipse/faces/javax.faces.resource/jquery/jquery.js?ln=primefaces&v=4.0 HTTP/1.1" 304 -
186.154.181.122 - - [28/Jan/2024:11:30:04 -0500] "GET /sipse/faces/javax.faces.resource/jquery/jquery-plugins.js?ln=primefaces&v=4.0 HTTP/1.1" 304 -
186.154.181.122 - - [28/Jan/2024:11:30:04 -0500] "GET /sipse/faces/javax.faces.resource/primefaces.js?ln=primefaces&v=4.0 HTTP/1.1" 304 -
186.154.181.122 - - [28/Jan/2024:11:30:05 -0500] "GET /sipse/faces/javax.faces.resource/layout/layout.js?ln=primefaces&v=4.0 HTTP/1.1" 304 -
186.154.181.122 - - [28/Jan/2024:11:30:10 -0500] "POST /sipse/faces/presentacion/financiero/solicitudProceso/consultarSolicitudProceso.xhtml HTTP/1.1" 200 2141681
201.245.192.253 - - [28/Jan/2024:11:30:19 -0500] "POST /kwsrmcab/Wsrmcab  HTTP/1.1" 200 37857
201.245.192.253 - - [28/Jan/2024:11:30:32 -0500] "POST /kwsrmcab/Wsrmcab HTTP/1.1" 200 39995
186.154.181.122 - - [28/Jan/2024:11:30:35 -0500] "POST /sipse/faces/presentacion/financiero/solicitudProceso/consultarSolicitudProceso.xhtml HTTP/1.1" 200 5537
186.154.181.122 - - [28/Jan/2024:11:30:35 -0500] "GET /sipse/faces/javax.faces.resource/dynamiccontent.properties?ln=primefaces&pfdrid=XjOR5%2F%2FfPAZAuY9TpWQeCiM0BhlXxYRBGKi%2FQcXXfeA%3D&pfdrid_c=false HTTP/1.1" 200 120776
186.154.181.122 - - [28/Jan/2024:11:31:08 -0500] "POST /sipse/faces/presentacion/financiero/solicitudProceso/consultarSolicitudProceso.xhtml HTTP/1.1" 200 133289
186.154.181.122 - - [28/Jan/2024:11:31:10 -0500] "POST /sipse/faces/presentacion/financiero/solicitudProceso/consultarSolicitudProceso.xhtml HTTP/1.1" 200 4574374
186.154.181.122 - - [28/Jan/2024:11:31:19 -0500] "POST /sipse/faces/presentacion/financiero/solicitudProceso/consultarSolicitudProceso.xhtml HTTP/1.1" 200 2141681
186.154.181.122 - - [28/Jan/2024:11:32:02 -0500] "POST /sipse/faces/presentacion/financiero/solicitudProceso/consultarSolicitudProceso.xhtml HTTP/1.1" 200 2141681
152.203.231.214 - - [28/Jan/2024:11:32:03 -0500] "GET /sipse/faces/faces/faces/faces/autenticacion.xhtml HTTP/1.1" 200 12403
152.203.231.214 - - [28/Jan/2024:11:32:03 -0500] "GET /sipse/js/disable_browser_buttons.js HTTP/1.1" 304 -
152.203.231.214 - - [28/Jan/2024:11:32:03 -0500] "GET /sipse/js/funciones.js HTTP/1.1" 304 -
152.203.231.214 - - [28/Jan/2024:11:32:03 -0500] "GET /sipse/css/custom_css_sg.css HTTP/1.1" 304 -
152.203.231.214 - - [28/Jan/2024:11:32:03 -0500] "GET /sipse/css/custom_css_sg_prime_login.css HTTP/1.1" 304 -
152.203.231.214 - - [28/Jan/2024:11:32:03 -0500] "GET /sipse/faces/javax.faces.resource/theme.css?ln=primefaces-sipse HTTP/1.1" 304 -
152.203.231.214 - - [28/Jan/2024:11:32:03 -0500] "GET /sipse/faces/javax.faces.resource/primefaces.css?ln=primefaces&v=4.0 HTTP/1.1" 304 -
152.203.231.214 - - [28/Jan/2024:11:32:03 -0500] "GET /sipse/faces/javax.faces.resource/jquery/jquery.js?ln=primefaces&v=4.0 HTTP/1.1" 304 -
152.203.231.214 - - [28/Jan/2024:11:32:03 -0500] "GET /sipse/faces/javax.faces.resource/layout/layout.css?ln=primefaces&v=4.0 HTTP/1.1" 304 -
152.203.231.214 - - [28/Jan/2024:11:32:03 -0500] "GET /sipse/faces/javax.faces.resource/jquery/jquery-plugins.js?ln=primefaces&v=4.0 HTTP/1.1" 304 -
152.203.231.214 - - [28/Jan/2024:11:32:03 -0500] "GET /sipse/faces/javax.faces.resource/primefaces.js?ln=primefaces&v=4.0 HTTP/1.1" 304 -
152.203.231.214 - - [28/Jan/2024:11:32:03 -0500] "GET /sipse/faces/javax.faces.resource/layout/layout.js?ln=primefaces&v=4.0 HTTP/1.1" 304 -
152.203.231.214 - - [28/Jan/2024:11:32:03 -0500] "GET /sipse/css/imagen/loginimg.png HTTP/1.1" 304 -
152.203.231.214 - - [28/Jan/2024:11:32:03 -0500] "GET /sipse/css/imagen/logoSDG.png HTTP/1.1" 304 -
152.203.231.214 - - [28/Jan/2024:11:32:03 -0500] "GET /sipse/faces/javax.faces.resource/images/ui-icons_898989_256x240.png?ln=primefaces-aristo HTTP/1.1" 304 -
152.203.231.214 - - [28/Jan/2024:11:32:04 -0500] "GET /sipse/faces/faces/faces/faces/index.xhtml HTTP/1.1" 200 677
152.203.231.214 - - [28/Jan/2024:11:32:04 -0500] "GET /sipse/faces/javax.faces.resource/theme.css?ln=primefaces-sipse HTTP/1.1" 304 -
152.203.231.214 - - [28/Jan/2024:11:32:04 -0500] "GET /sipse/faces/faces/faces/faces/faces/autenticacion.xhtml HTTP/1.1" 200 12403
152.203.231.214 - - [28/Jan/2024:11:32:04 -0500] "GET /sipse/faces/javax.faces.resource/theme.css?ln=primefaces-sipse HTTP/1.1" 304 -
152.203.231.214 - - [28/Jan/2024:11:32:04 -0500] "GET /sipse/faces/javax.faces.resource/primefaces.css?ln=primefaces&v=4.0 HTTP/1.1" 304 -
152.203.231.214 - - [28/Jan/2024:11:32:04 -0500] "GET /sipse/faces/javax.faces.resource/layout/layout.css?ln=primefaces&v=4.0 HTTP/1.1" 304 -
152.203.231.214 - - [28/Jan/2024:11:32:04 -0500] "GET /sipse/faces/javax.faces.resource/jquery/jquery.js?ln=primefaces&v=4.0 HTTP/1.1" 304 -
152.203.231.214 - - [28/Jan/2024:11:32:04 -0500] "GET /sipse/faces/javax.faces.resource/jquery/jquery-plugins.js?ln=primefaces&v=4.0 HTTP/1.1" 304 -
152.203.231.214 - - [28/Jan/2024:11:32:04 -0500] "GET /sipse/faces/javax.faces.resource/primefaces.js?ln=primefaces&v=4.0 HTTP/1.1" 304 -
152.203.231.214 - - [28/Jan/2024:11:32:04 -0500] "GET /sipse/faces/javax.faces.resource/layout/layout.js?ln=primefaces&v=4.0 HTTP/1.1" 304 -
152.203.231.214 - - [28/Jan/2024:11:32:04 -0500] "GET /sipse/faces/javax.faces.resource/images/ui-icons_898989_256x240.png?ln=primefaces-aristo HTTP/1.1" 304 -
186.154.181.122 - - [28/Jan/2024:11:32:15 -0500] "POST /sipse/faces/presentacion/financiero/solicitudProceso/consultarSolicitudProceso.xhtml HTTP/1.1" 200 2141681
173.252.83.1 - - [28/Jan/2024:11:32:33 -0500] "GET /images/24%20de%20enero%20sendero.JPG HTTP/1.1" 200 59121
52.167.144.228 - - [28/Jan/2024:11:32:36 -0500] "GET /BLA/resoluciones/AUTOS%202023/4705.pdf HTTP/1.1" 304 -
186.154.181.122 - - [28/Jan/2024:11:32:37 -0500] "POST /sipse/faces/presentacion/financiero/solicitudProceso/consultarSolicitudProceso.xhtml HTTP/1.1" 200 83054
186.154.181.122 - - [28/Jan/2024:11:34:13 -0500] "POST /sipse/faces/presentacion/financiero/solicitudProceso/consultarSolicitudProceso.xhtml HTTP/1.1" 200 5522
172.22.2.4 - - [28/Jan/2024:11:32:44 -0500] "HEAD /BLA/boletinlegal/ HTTP/1.1" 200 -
216.245.221.92 - - [28/Jan/2024:11:34:56 -0500] "HEAD / HTTP/1.1" 200 -
152.203.231.214 - - [28/Jan/2024:11:35:01 -0500] "GET /sipse/faces/faces/faces/faces/autenticacion.xhtml HTTP/1.1" 200 12403
152.203.231.214 - - [28/Jan/2024:11:35:01 -0500] "GET /sipse/faces/javax.faces.resource/theme.css?ln=primefaces-sipse HTTP/1.1" 304 -
152.203.231.214 - - [28/Jan/2024:11:35:01 -0500] "GET /sipse/faces/javax.faces.resource/primefaces.css?ln=primefaces&v=4.0 HTTP/1.1" 304 -
152.203.231.214 - - [28/Jan/2024:11:35:01 -0500] "GET /sipse/faces/javax.faces.resource/jquery/jquery-plugins.js?ln=primefaces&v=4.0 HTTP/1.1" 304 -
152.203.231.214 - - [28/Jan/2024:11:35:01 -0500] "GET /sipse/faces/javax.faces.resource/layout/layout.js?ln=primefaces&v=4.0 HTTP/1.1" 304 -
152.203.231.214 - - [28/Jan/2024:11:35:01 -0500] "GET /sipse/faces/javax.faces.resource/primefaces.js?ln=primefaces&v=4.0 HTTP/1.1" 304 -
152.203.231.214 - - [28/Jan/2024:11:35:01 -0500] "GET /sipse/faces/javax.faces.resource/layout/layout.css?ln=primefaces&v=4.0 HTTP/1.1" 304 -
152.203.231.214 - - [28/Jan/2024:11:35:01 -0500] "GET /sipse/faces/javax.faces.resource/jquery/jquery.js?ln=primefaces&v=4.0 HTTP/1.1" 304 -
152.203.231.214 - - [28/Jan/2024:11:35:01 -0500] "GET /sipse/faces/javax.faces.resource/images/ui-icons_898989_256x240.png?ln=primefaces-aristo HTTP/1.1" 304 -
152.203.231.214 - - [28/Jan/2024:11:35:02 -0500] "GET /sipse/faces/faces/faces/faces/index.xhtml HTTP/1.1" 200 677
152.203.231.214 - - [28/Jan/2024:11:35:02 -0500] "GET /sipse/faces/javax.faces.resource/theme.css?ln=primefaces-sipse HTTP/1.1" 304 -
152.203.231.214 - - [28/Jan/2024:11:35:02 -0500] "GET /sipse/faces/faces/faces/faces/faces/autenticacion.xhtml HTTP/1.1" 200 12403
152.203.231.214 - - [28/Jan/2024:11:35:02 -0500] "GET /sipse/faces/javax.faces.resource/jquery/jquery.js?ln=primefaces&v=4.0 HTTP/1.1" 304 -
152.203.231.214 - - [28/Jan/2024:11:35:02 -0500] "GET /sipse/faces/javax.faces.resource/theme.css?ln=primefaces-sipse HTTP/1.1" 304 -
152.203.231.214 - - [28/Jan/2024:11:35:02 -0500] "GET /sipse/faces/javax.faces.resource/primefaces.js?ln=primefaces&v=4.0 HTTP/1.1" 304 -
152.203.231.214 - - [28/Jan/2024:11:35:02 -0500] "GET /sipse/faces/javax.faces.resource/jquery/jquery-plugins.js?ln=primefaces&v=4.0 HTTP/1.1" 304 -
152.203.231.214 - - [28/Jan/2024:11:35:02 -0500] "GET /sipse/faces/javax.faces.resource/primefaces.css?ln=primefaces&v=4.0 HTTP/1.1" 304 -
152.203.231.214 - - [28/Jan/2024:11:35:02 -0500] "GET /sipse/faces/javax.faces.resource/layout/layout.css?ln=primefaces&v=4.0 HTTP/1.1" 304 -
152.203.231.214 - - [28/Jan/2024:11:35:02 -0500] "GET /sipse/faces/javax.faces.resource/layout/layout.js?ln=primefaces&v=4.0 HTTP/1.1" 304 -
152.203.231.214 - - [28/Jan/2024:11:35:02 -0500] "GET /sipse/faces/javax.faces.resource/images/ui-icons_898989_256x240.png?ln=primefaces-aristo HTTP/1.1" 304 -
152.203.231.214 - - [28/Jan/2024:11:35:11 -0500] "POST /sipse/faces/autenticacion.xhtml HTTP/1.1" 200 2220
152.203.231.214 - - [28/Jan/2024:11:35:11 -0500] "GET /sipse/faces/javax.faces.resource/messages/messages.png?ln=primefaces&v=4.0 HTTP/1.1" 304 -
152.203.231.214 - - [28/Jan/2024:11:35:12 -0500] "POST /sipse/faces/autenticacion.xhtml HTTP/1.1" 200 16353
152.203.231.214 - - [28/Jan/2024:11:35:12 -0500] "GET /sipse/faces/javax.faces.resource/theme.css?ln=primefaces-sipse HTTP/1.1" 304 -
152.203.231.214 - - [28/Jan/2024:11:35:12 -0500] "GET /sipse/css/custom_css_sg_prime.css HTTP/1.1" 304 -
152.203.231.214 - - [28/Jan/2024:11:35:12 -0500] "GET /sipse/faces/javax.faces.resource/layout/layout.css?ln=primefaces&v=4.0 HTTP/1.1" 304 -
152.203.231.214 - - [28/Jan/2024:11:35:12 -0500] "GET /sipse/faces/javax.faces.resource/primefaces.css?ln=primefaces&v=4.0 HTTP/1.1" 304 -
152.203.231.214 - - [28/Jan/2024:11:35:12 -0500] "GET /sipse/js/jquery.min.js HTTP/1.1" 304 -
152.203.231.214 - - [28/Jan/2024:11:35:12 -0500] "GET /sipse/faces/javax.faces.resource/jquery/jquery.js?ln=primefaces&v=4.0 HTTP/1.1" 304 -
152.203.231.214 - - [28/Jan/2024:11:35:12 -0500] "GET /sipse/faces/javax.faces.resource/jquery/jquery-plugins.js?ln=primefaces&v=4.0 HTTP/1.1" 304 -
152.203.231.214 - - [28/Jan/2024:11:35:13 -0500] "GET /sipse/faces/javax.faces.resource/primefaces.js?ln=primefaces&v=4.0 HTTP/1.1" 304 -
152.203.231.214 - - [28/Jan/2024:11:35:13 -0500] "GET /sipse/faces/javax.faces.resource/layout/layout.js?ln=primefaces&v=4.0 HTTP/1.1" 304 -
152.203.231.214 - - [28/Jan/2024:11:35:13 -0500] "GET /sipse/css/v_mergente.css HTTP/1.1" 304 -
152.203.231.214 - - [28/Jan/2024:11:35:13 -0500] "GET /sipse/imagenes/cargando.gif HTTP/1.1" 304 -
152.203.231.214 - - [28/Jan/2024:11:35:13 -0500] "GET /sipse/imagenes/logoAplicacion.jpg HTTP/1.1" 304 -
152.203.231.214 - - [28/Jan/2024:11:35:13 -0500] "GET /sipse/css/imagen/contrasena.png HTTP/1.1" 404 383
152.203.231.214 - - [28/Jan/2024:11:35:14 -0500] "GET /sipse/faces/javax.faces.resource/images/ui-bg_flat_0_2d5972_40x100.png?ln=primefaces-aristo HTTP/1.1" 304 -
152.203.231.214 - - [28/Jan/2024:11:35:14 -0500] "POST /sipse/faces/bienvenido.xhtml HTTP/1.1" 200 2658
172.22.2.4 - - [28/Jan/2024:11:33:35 -0500] "GET /BLA/boletinlegal/ HTTP/1.1" 200 58720
152.203.231.214 - - [28/Jan/2024:11:35:15 -0500] "POST /sipse/faces/bienvenido.xhtml HTTP/1.1" 200 65420
201.245.192.253 - - [28/Jan/2024:11:35:17 -0500] "POST /kwsrmcab/Wsrmcab  HTTP/1.1" 200 37857
152.203.231.214 - - [28/Jan/2024:11:35:19 -0500] "GET /sipse/faces/javax.faces.resource/layout/layout.css?ln=primefaces&v=4.0 HTTP/1.1" 304 -
152.203.231.214 - - [28/Jan/2024:11:35:19 -0500] "GET /sipse/faces/javax.faces.resource/primefaces.css?ln=primefaces&v=4.0 HTTP/1.1" 304 -
152.203.231.214 - - [28/Jan/2024:11:35:19 -0500] "GET /sipse/faces/javax.faces.resource/theme.css?ln=primefaces-sipse HTTP/1.1" 304 -
152.203.231.214 - - [28/Jan/2024:11:35:19 -0500] "GET /sipse/faces/javax.faces.resource/jquery/jquery.js?ln=primefaces&v=4.0 HTTP/1.1" 304 -
152.203.231.214 - - [28/Jan/2024:11:35:19 -0500] "GET /sipse/faces/javax.faces.resource/jquery/jquery-plugins.js?ln=primefaces&v=4.0 HTTP/1.1" 304 -
152.203.231.214 - - [28/Jan/2024:11:35:19 -0500] "GET /sipse/faces/javax.faces.resource/primefaces.js?ln=primefaces&v=4.0 HTTP/1.1" 304 -
152.203.231.214 - - [28/Jan/2024:11:35:19 -0500] "GET /sipse/faces/javax.faces.resource/layout/layout.js?ln=primefaces&v=4.0 HTTP/1.1" 304 -
152.203.231.214 - - [28/Jan/2024:11:35:20 -0500] "POST /sipse/faces/presentacion/financiero/solicitudProceso/listarSolicitudProceso.xhtml HTTP/1.1" 200 1556
152.203.231.214 - - [28/Jan/2024:11:35:24 -0500] "POST /sipse/faces/presentacion/financiero/solicitudProceso/listarSolicitudProceso.xhtml HTTP/1.1" 200 46650
152.203.231.214 - - [28/Jan/2024:11:35:26 -0500] "POST /sipse/faces/presentacion/financiero/solicitudProceso/listarSolicitudProceso.xhtml HTTP/1.1" 200 46801
152.203.231.214 - - [28/Jan/2024:11:35:28 -0500] "POST /sipse/faces/presentacion/financiero/solicitudProceso/listarSolicitudProceso.xhtml HTTP/1.1" 200 28756
186.80.52.0 - - [28/Jan/2024:11:35:29 -0500] "GET /sipse/faces/faces/autenticacion.xhtml HTTP/1.1" 200 12725
186.80.52.0 - - [28/Jan/2024:11:35:30 -0500] "GET /sipse/faces/javax.faces.resource/layout/layout.css;jsessionid=-ui-DMRDNhCYsnqIyrdfv9DR.undefined?ln=primefaces&v=4.0 HTTP/1.1" 200 542
186.80.52.0 - - [28/Jan/2024:11:35:30 -0500] "GET /sipse/faces/javax.faces.resource/theme.css?ln=primefaces-sipse HTTP/1.1" 304 -
186.80.52.0 - - [28/Jan/2024:11:35:30 -0500] "GET /sipse/faces/javax.faces.resource/layout/layout.js;jsessionid=-ui-DMRDNhCYsnqIyrdfv9DR.undefined?ln=primefaces&v=4.0 HTTP/1.1" 200 87560
186.80.52.0 - - [28/Jan/2024:11:35:30 -0500] "GET /sipse/faces/javax.faces.resource/primefaces.css;jsessionid=-ui-DMRDNhCYsnqIyrdfv9DR.undefined?ln=primefaces&v=4.0 HTTP/1.1" 200 53295
186.80.52.0 - - [28/Jan/2024:11:35:30 -0500] "GET /sipse/faces/javax.faces.resource/jquery/jquery.js;jsessionid=-ui-DMRDNhCYsnqIyrdfv9DR.undefined?ln=primefaces&v=4.0 HTTP/1.1" 200 105384
186.80.52.0 - - [28/Jan/2024:11:35:30 -0500] "GET /sipse/faces/javax.faces.resource/jquery/jquery-plugins.js;jsessionid=-ui-DMRDNhCYsnqIyrdfv9DR.undefined?ln=primefaces&v=4.0 HTTP/1.1" 200 220526
186.80.52.0 - - [28/Jan/2024:11:35:30 -0500] "GET /sipse/faces/javax.faces.resource/primefaces.js;jsessionid=-ui-DMRDNhCYsnqIyrdfv9DR.undefined?ln=primefaces&v=4.0 HTTP/1.1" 200 276924
186.80.52.0 - - [28/Jan/2024:11:35:30 -0500] "GET /sipse/faces/javax.faces.resource/images/ui-icons_898989_256x240.png?ln=primefaces-aristo HTTP/1.1" 304 -
186.80.52.0 - - [28/Jan/2024:11:35:30 -0500] "GET /sipse/faces/faces/autenticacion.xhtml HTTP/1.1" 200 12403
186.80.52.0 - - [28/Jan/2024:11:35:30 -0500] "GET /sipse/faces/javax.faces.resource/theme.css?ln=primefaces-sipse HTTP/1.1" 304 -
186.80.52.0 - - [28/Jan/2024:11:35:30 -0500] "GET /sipse/faces/javax.faces.resource/layout/layout.css?ln=primefaces&v=4.0 HTTP/1.1" 304 -
186.80.52.0 - - [28/Jan/2024:11:35:30 -0500] "GET /sipse/faces/javax.faces.resource/primefaces.css?ln=primefaces&v=4.0 HTTP/1.1" 304 -
186.80.52.0 - - [28/Jan/2024:11:35:30 -0500] "GET /sipse/faces/javax.faces.resource/layout/layout.js?ln=primefaces&v=4.0 HTTP/1.1" 304 -
186.80.52.0 - - [28/Jan/2024:11:35:30 -0500] "GET /sipse/faces/javax.faces.resource/jquery/jquery-plugins.js?ln=primefaces&v=4.0 HTTP/1.1" 304 -
186.80.52.0 - - [28/Jan/2024:11:35:30 -0500] "GET /sipse/faces/javax.faces.resource/jquery/jquery.js?ln=primefaces&v=4.0 HTTP/1.1" 304 -
186.80.52.0 - - [28/Jan/2024:11:35:30 -0500] "GET /sipse/faces/javax.faces.resource/primefaces.js?ln=primefaces&v=4.0 HTTP/1.1" 304 -
186.80.52.0 - - [28/Jan/2024:11:35:30 -0500] "GET /sipse/faces/javax.faces.resource/images/ui-icons_898989_256x240.png?ln=primefaces-aristo HTTP/1.1" 304 -
152.203.231.214 - - [28/Jan/2024:11:35:31 -0500] "POST /sipse/faces/presentacion/financiero/solicitudProceso/listarSolicitudProceso.xhtml HTTP/1.1" 200 46783
152.203.231.214 - - [28/Jan/2024:11:35:33 -0500] "POST /sipse/faces/presentacion/financiero/solicitudProceso/listarSolicitudProceso.xhtml HTTP/1.1" 200 19738
152.203.231.214 - - [28/Jan/2024:11:35:36 -0500] "POST /sipse/faces/presentacion/financiero/solicitudProceso/listarSolicitudProceso.xhtml HTTP/1.1" 200 37968
152.203.231.214 - - [28/Jan/2024:11:35:37 -0500] "POST /sipse/faces/presentacion/financiero/solicitudProceso/listarSolicitudProceso.xhtml HTTP/1.1" 200 19799
152.203.231.214 - - [28/Jan/2024:11:35:40 -0500] "POST /sipse/faces/presentacion/financiero/solicitudProceso/listarSolicitudProceso.xhtml HTTP/1.1" 200 37968
152.203.231.214 - - [28/Jan/2024:11:35:45 -0500] "POST /sipse/faces/presentacion/financiero/solicitudProceso/listarSolicitudProceso.xhtml HTTP/1.1" 200 46656
152.203.231.214 - - [28/Jan/2024:11:36:07 -0500] "POST /sipse/faces/presentacion/financiero/solicitudProceso/listarSolicitudProceso.xhtml HTTP/1.1" 200 19767
152.203.231.214 - - [28/Jan/2024:11:36:10 -0500] "POST /sipse/faces/presentacion/financiero/solicitudProceso/listarSolicitudProceso.xhtml HTTP/1.1" 200 159352
152.203.231.214 - - [28/Jan/2024:11:36:11 -0500] "GET /sipse/faces/javax.faces.resource/theme.css?ln=primefaces-sipse HTTP/1.1" 304 -
