186.155.149.236 - - [30/Jan/2024:01:35:09 -0500] "GET /sipse/faces/javax.faces.resource/primefaces.css?ln=primefaces&v=4.0 HTTP/1.1" 304 -
186.155.149.236 - - [30/Jan/2024:01:35:09 -0500] "GET /sipse/faces/javax.faces.resource/layout/layout.css?ln=primefaces&v=4.0 HTTP/1.1" 304 -
186.155.149.236 - - [30/Jan/2024:01:35:09 -0500] "GET /sipse/faces/javax.faces.resource/jquery/jquery.js?ln=primefaces&v=4.0 HTTP/1.1" 304 -
186.155.149.236 - - [30/Jan/2024:01:35:09 -0500] "GET /sipse/faces/javax.faces.resource/jquery/jquery-plugins.js?ln=primefaces&v=4.0 HTTP/1.1" 304 -
186.155.149.236 - - [30/Jan/2024:01:35:09 -0500] "GET /sipse/faces/javax.faces.resource/primefaces.js?ln=primefaces&v=4.0 HTTP/1.1" 304 -
186.155.149.236 - - [30/Jan/2024:01:35:09 -0500] "GET /sipse/faces/javax.faces.resource/layout/layout.js?ln=primefaces&v=4.0 HTTP/1.1" 304 -
172.22.2.4 - - [30/Jan/2024:01:34:13 -0500] "HEAD /BLA/boletinlegal/ HTTP/1.1" 200 -
201.245.192.253 - - [30/Jan/2024:01:36:02 -0500] "POST /kwsrmcab/Wsrmcab  HTTP/1.1" 503 1020
201.245.192.253 - - [30/Jan/2024:01:36:23 -0500] "POST /forms/lservlet;jsessionid=ac16012b30d6391c4eefb46944b39e93e343947a1a41.e3iSbxaKaheRe3qKcheMbNuKc41ynknvrkLOlQzNp65In0 HTTP/1.1" 200 2
172.22.2.4 - - [30/Jan/2024:01:35:04 -0500] "GET /BLA/boletinlegal/ HTTP/1.1" 200 61050
186.155.149.236 - - [30/Jan/2024:01:36:52 -0500] "POST /sipse/faces/presentacion/financiero/solicitudProceso/consultarSolicitudProceso.xhtml HTTP/1.1" 200 41450
186.155.149.236 - - [30/Jan/2024:01:36:52 -0500] "GET /sipse/faces/javax.faces.resource/theme.css?ln=primefaces-sipse HTTP/1.1" 304 -
186.155.149.236 - - [30/Jan/2024:01:36:52 -0500] "GET /sipse/faces/javax.faces.resource/primefaces.css?ln=primefaces&v=4.0 HTTP/1.1" 304 -
186.155.149.236 - - [30/Jan/2024:01:36:52 -0500] "GET /sipse/faces/javax.faces.resource/layout/layout.css?ln=primefaces&v=4.0 HTTP/1.1" 304 -
186.155.149.236 - - [30/Jan/2024:01:36:52 -0500] "GET /sipse/faces/javax.faces.resource/jquery/jquery.js?ln=primefaces&v=4.0 HTTP/1.1" 304 -
186.155.149.236 - - [30/Jan/2024:01:36:52 -0500] "GET /sipse/faces/javax.faces.resource/jquery/jquery-plugins.js?ln=primefaces&v=4.0 HTTP/1.1" 304 -
186.155.149.236 - - [30/Jan/2024:01:36:52 -0500] "GET /sipse/faces/javax.faces.resource/primefaces.js?ln=primefaces&v=4.0 HTTP/1.1" 304 -
186.155.149.236 - - [30/Jan/2024:01:36:52 -0500] "GET /sipse/faces/javax.faces.resource/layout/layout.js?ln=primefaces&v=4.0 HTTP/1.1" 304 -
186.155.149.236 - - [30/Jan/2024:01:36:52 -0500] "POST /sipse/faces/presentacion/financiero/solicitudProceso/consultar.xhtml HTTP/1.1" 200 34871
186.155.149.236 - - [30/Jan/2024:01:36:52 -0500] "POST /sipse/faces/presentacion/financiero/solicitudProceso/consultar.xhtml HTTP/1.1" 200 34871
186.155.149.236 - - [30/Jan/2024:01:36:52 -0500] "POST /sipse/faces/presentacion/financiero/solicitudProceso/consultar.xhtml HTTP/1.1" 200 34871
186.155.149.236 - - [30/Jan/2024:01:36:53 -0500] "POST /sipse/faces/presentacion/financiero/solicitudProceso/consultar.xhtml HTTP/1.1" 200 34871
186.155.149.236 - - [30/Jan/2024:01:36:53 -0500] "POST /sipse/faces/presentacion/financiero/solicitudProceso/consultar.xhtml HTTP/1.1" 200 34871
186.155.149.236 - - [30/Jan/2024:01:36:55 -0500] "POST /sipse/faces/presentacion/financiero/solicitudProceso/consultar.xhtml HTTP/1.1" 200 12822
201.245.192.253 - - [30/Jan/2024:01:37:01 -0500] "POST /kwsrmcab/Wsrmcab  HTTP/1.1" 200 37857
40.77.167.136 - - [30/Jan/2024:01:37:39 -0500] "GET /BLA/resoluciones/AUTOS%202019/2893.pdf HTTP/1.1" 200 258398
201.245.192.253 - - [30/Jan/2024:01:38:02 -0500] "POST /kwsrmcab/Wsrmcab  HTTP/1.1" 200 37857
201.245.192.253 - - [30/Jan/2024:01:38:24 -0500] "POST /forms/lservlet;jsessionid=ac16012b30d6391c4eefb46944b39e93e343947a1a41.e3iSbxaKaheRe3qKcheMbNuKc41ynknvrkLOlQzNp65In0 HTTP/1.1" 200 2
186.155.149.236 - - [30/Jan/2024:01:38:45 -0500] "POST /sipse/faces/presentacion/financiero/solicitudProceso/consultar.xhtml HTTP/1.1" 200 62484
186.155.149.236 - - [30/Jan/2024:01:38:45 -0500] "GET /sipse/faces/javax.faces.resource/theme.css?ln=primefaces-sipse HTTP/1.1" 304 -
186.155.149.236 - - [30/Jan/2024:01:38:45 -0500] "GET /sipse/faces/javax.faces.resource/layout/layout.css?ln=primefaces&v=4.0 HTTP/1.1" 304 -
186.155.149.236 - - [30/Jan/2024:01:38:45 -0500] "GET /sipse/faces/javax.faces.resource/primefaces.css?ln=primefaces&v=4.0 HTTP/1.1" 304 -
186.155.149.236 - - [30/Jan/2024:01:38:45 -0500] "GET /sipse/faces/javax.faces.resource/jquery/jquery.js?ln=primefaces&v=4.0 HTTP/1.1" 304 -
186.155.149.236 - - [30/Jan/2024:01:38:45 -0500] "GET /sipse/faces/javax.faces.resource/jquery/jquery-plugins.js?ln=primefaces&v=4.0 HTTP/1.1" 304 -
186.155.149.236 - - [30/Jan/2024:01:38:45 -0500] "GET /sipse/faces/javax.faces.resource/primefaces.js?ln=primefaces&v=4.0 HTTP/1.1" 304 -
186.155.149.236 - - [30/Jan/2024:01:38:45 -0500] "GET /sipse/faces/javax.faces.resource/layout/layout.js?ln=primefaces&v=4.0 HTTP/1.1" 304 -
186.155.149.236 - - [30/Jan/2024:01:38:45 -0500] "POST /sipse/faces/presentacion/financiero/solicitudProceso/listarSolicitudProceso.xhtml HTTP/1.1" 200 55879
186.155.149.236 - - [30/Jan/2024:01:38:46 -0500] "POST /sipse/faces/presentacion/financiero/solicitudProceso/listarSolicitudProceso.xhtml HTTP/1.1" 200 55879
186.155.149.236 - - [30/Jan/2024:01:38:46 -0500] "POST /sipse/faces/presentacion/financiero/solicitudProceso/listarSolicitudProceso.xhtml HTTP/1.1" 200 55879
186.155.149.236 - - [30/Jan/2024:01:38:46 -0500] "POST /sipse/faces/presentacion/financiero/solicitudProceso/listarSolicitudProceso.xhtml HTTP/1.1" 200 55879
186.155.149.236 - - [30/Jan/2024:01:38:47 -0500] "POST /sipse/faces/presentacion/financiero/solicitudProceso/listarSolicitudProceso.xhtml HTTP/1.1" 200 55879
186.155.149.236 - - [30/Jan/2024:01:38:47 -0500] "POST /sipse/faces/presentacion/financiero/solicitudProceso/listarSolicitudProceso.xhtml HTTP/1.1" 200 55879
186.155.149.236 - - [30/Jan/2024:01:38:47 -0500] "POST /sipse/faces/presentacion/financiero/solicitudProceso/listarSolicitudProceso.xhtml HTTP/1.1" 200 1556
186.155.149.236 - - [30/Jan/2024:01:38:47 -0500] "POST /sipse/faces/presentacion/financiero/solicitudProceso/listarSolicitudProceso.xhtml HTTP/1.1" 200 1556
186.155.149.236 - - [30/Jan/2024:01:38:48 -0500] "POST /sipse/faces/presentacion/financiero/solicitudProceso/listarSolicitudProceso.xhtml HTTP/1.1" 200 1560
186.155.149.236 - - [30/Jan/2024:01:38:48 -0500] "POST /sipse/faces/presentacion/financiero/solicitudProceso/listarSolicitudProceso.xhtml HTTP/1.1" 200 1556
186.155.149.236 - - [30/Jan/2024:01:38:49 -0500] "POST /sipse/faces/presentacion/financiero/solicitudProceso/listarSolicitudProceso.xhtml HTTP/1.1" 200 1560
186.155.149.236 - - [30/Jan/2024:01:38:49 -0500] "POST /sipse/faces/presentacion/financiero/solicitudProceso/listarSolicitudProceso.xhtml HTTP/1.1" 200 1556
186.155.149.236 - - [30/Jan/2024:01:38:49 -0500] "POST /sipse/faces/presentacion/financiero/solicitudProceso/listarSolicitudProceso.xhtml HTTP/1.1" 200 1560
186.155.149.236 - - [30/Jan/2024:01:38:53 -0500] "POST /sipse/faces/presentacion/financiero/solicitudProceso/listarSolicitudProceso.xhtml HTTP/1.1" 200 19433
186.155.149.236 - - [30/Jan/2024:01:38:58 -0500] "POST /sipse/faces/presentacion/financiero/solicitudProceso/listarSolicitudProceso.xhtml HTTP/1.1" 200 4718
186.155.149.236 - - [30/Jan/2024:01:39:00 -0500] "POST /sipse/faces/presentacion/financiero/solicitudProceso/listarSolicitudProceso.xhtml HTTP/1.1" 200 151028
186.155.149.236 - - [30/Jan/2024:01:39:00 -0500] "GET /sipse/faces/javax.faces.resource/layout/layout.css?ln=primefaces&v=4.0 HTTP/1.1" 304 -
186.155.149.236 - - [30/Jan/2024:01:39:00 -0500] "GET /sipse/faces/javax.faces.resource/theme.css?ln=primefaces-sipse HTTP/1.1" 304 -
186.155.149.236 - - [30/Jan/2024:01:39:00 -0500] "GET /sipse/faces/javax.faces.resource/primefaces.css?ln=primefaces&v=4.0 HTTP/1.1" 304 -
186.155.149.236 - - [30/Jan/2024:01:39:00 -0500] "GET /sipse/faces/javax.faces.resource/jquery/jquery.js?ln=primefaces&v=4.0 HTTP/1.1" 304 -
186.155.149.236 - - [30/Jan/2024:01:39:00 -0500] "GET /sipse/faces/javax.faces.resource/jquery/jquery-plugins.js?ln=primefaces&v=4.0 HTTP/1.1" 304 -
186.155.149.236 - - [30/Jan/2024:01:39:00 -0500] "GET /sipse/faces/javax.faces.resource/primefaces.js?ln=primefaces&v=4.0 HTTP/1.1" 304 -
186.155.149.236 - - [30/Jan/2024:01:39:00 -0500] "GET /sipse/faces/javax.faces.resource/layout/layout.js?ln=primefaces&v=4.0 HTTP/1.1" 304 -
216.245.221.92 - - [30/Jan/2024:01:39:03 -0500] "HEAD / HTTP/1.1" 200 -
186.155.149.236 - - [30/Jan/2024:01:39:04 -0500] "POST /sipse/faces/presentacion/financiero/solicitudProceso/consultarSolicitudProceso.xhtml HTTP/1.1" 200 19886
186.155.149.236 - - [30/Jan/2024:01:39:04 -0500] "GET /sipse/faces/javax.faces.resource/primefaces.css?ln=primefaces&v=4.0 HTTP/1.1" 304 -
186.155.149.236 - - [30/Jan/2024:01:39:04 -0500] "GET /sipse/faces/javax.faces.resource/theme.css?ln=primefaces-sipse HTTP/1.1" 304 -
186.155.149.236 - - [30/Jan/2024:01:39:04 -0500] "GET /sipse/faces/javax.faces.resource/layout/layout.css?ln=primefaces&v=4.0 HTTP/1.1" 304 -
186.155.149.236 - - [30/Jan/2024:01:39:04 -0500] "GET /sipse/faces/javax.faces.resource/jquery/jquery-plugins.js?ln=primefaces&v=4.0 HTTP/1.1" 304 -
186.155.149.236 - - [30/Jan/2024:01:39:04 -0500] "GET /sipse/faces/javax.faces.resource/jquery/jquery.js?ln=primefaces&v=4.0 HTTP/1.1" 304 -
186.155.149.236 - - [30/Jan/2024:01:39:04 -0500] "GET /sipse/faces/javax.faces.resource/fileupload/fileupload.css?ln=primefaces&v=4.0 HTTP/1.1" 304 -
186.155.149.236 - - [30/Jan/2024:01:39:04 -0500] "GET /sipse/faces/javax.faces.resource/layout/layout.js?ln=primefaces&v=4.0 HTTP/1.1" 304 -
186.155.149.236 - - [30/Jan/2024:01:39:04 -0500] "GET /sipse/faces/javax.faces.resource/primefaces.js?ln=primefaces&v=4.0 HTTP/1.1" 304 -
186.155.149.236 - - [30/Jan/2024:01:39:04 -0500] "GET /sipse/faces/javax.faces.resource/fileupload/fileupload.js?ln=primefaces&v=4.0 HTTP/1.1" 304 -
186.155.149.236 - - [30/Jan/2024:01:39:29 -0500] "GET /sipse/faces/javax.faces.resource/theme.css?ln=primefaces-sipse HTTP/1.1" 304 -
186.155.149.236 - - [30/Jan/2024:01:39:29 -0500] "GET /sipse/faces/javax.faces.resource/layout/layout.css?ln=primefaces&v=4.0 HTTP/1.1" 304 -
186.155.149.236 - - [30/Jan/2024:01:39:29 -0500] "GET /sipse/faces/javax.faces.resource/primefaces.css?ln=primefaces&v=4.0 HTTP/1.1" 304 -
186.155.149.236 - - [30/Jan/2024:01:39:29 -0500] "GET /sipse/faces/javax.faces.resource/jquery/jquery-plugins.js?ln=primefaces&v=4.0 HTTP/1.1" 304 -
186.155.149.236 - - [30/Jan/2024:01:39:29 -0500] "GET /sipse/faces/javax.faces.resource/jquery/jquery.js?ln=primefaces&v=4.0 HTTP/1.1" 304 -
186.155.149.236 - - [30/Jan/2024:01:39:29 -0500] "GET /sipse/faces/javax.faces.resource/primefaces.js?ln=primefaces&v=4.0 HTTP/1.1" 304 -
186.155.149.236 - - [30/Jan/2024:01:39:29 -0500] "GET /sipse/faces/javax.faces.resource/layout/layout.js?ln=primefaces&v=4.0 HTTP/1.1" 304 -
186.155.149.236 - - [30/Jan/2024:01:39:28 -0500] "POST /sipse/faces/presentacion/sistema/anexos/cargarAnexoSolicitudProceso.xhtml HTTP/1.1" 200 199233
201.245.192.253 - - [30/Jan/2024:01:39:32 -0500] "POST /kwsrmcab/Wsrmcab HTTP/1.1" 200 38874
186.155.149.236 - - [30/Jan/2024:01:39:35 -0500] "POST /sipse/faces/presentacion/financiero/solicitudProceso/consultarSolicitudProceso.xhtml HTTP/1.1" 200 6206
201.245.192.253 - - [30/Jan/2024:01:39:35 -0500] "POST /kwsrmcab/Wsrmcab HTTP/1.1" 200 40549
201.245.192.253 - - [30/Jan/2024:01:39:35 -0500] "POST /kwsrmcab/Wsrmcab HTTP/1.1" 200 39878
186.155.149.236 - - [30/Jan/2024:01:39:36 -0500] "POST /sipse/faces/presentacion/financiero/solicitudProceso/consultarSolicitudProceso.xhtml HTTP/1.1" 200 35452
186.155.149.236 - - [30/Jan/2024:01:39:38 -0500] "GET /sipse/faces/javax.faces.resource/primefaces.css?ln=primefaces&v=4.0 HTTP/1.1" 304 -
186.155.149.236 - - [30/Jan/2024:01:39:38 -0500] "GET /sipse/faces/javax.faces.resource/theme.css?ln=primefaces-sipse HTTP/1.1" 304 -
186.155.149.236 - - [30/Jan/2024:01:39:38 -0500] "GET /sipse/faces/javax.faces.resource/layout/layout.css?ln=primefaces&v=4.0 HTTP/1.1" 304 -
186.155.149.236 - - [30/Jan/2024:01:39:38 -0500] "GET /sipse/faces/javax.faces.resource/jquery/jquery.js?ln=primefaces&v=4.0 HTTP/1.1" 304 -
186.155.149.236 - - [30/Jan/2024:01:39:38 -0500] "GET /sipse/faces/javax.faces.resource/jquery/jquery-plugins.js?ln=primefaces&v=4.0 HTTP/1.1" 304 -
186.155.149.236 - - [30/Jan/2024:01:39:38 -0500] "GET /sipse/faces/javax.faces.resource/primefaces.js?ln=primefaces&v=4.0 HTTP/1.1" 304 -
186.155.149.236 - - [30/Jan/2024:01:39:38 -0500] "GET /sipse/faces/javax.faces.resource/layout/layout.js?ln=primefaces&v=4.0 HTTP/1.1" 304 -
186.155.149.236 - - [30/Jan/2024:01:39:39 -0500] "POST /sipse/faces/presentacion/financiero/solicitudProceso/listarSolicitudProceso.xhtml HTTP/1.1" 200 1396
207.46.13.125 - - [30/Jan/2024:01:39:40 -0500] "GET /Publicaciones/2023EE305138.pdf HTTP/1.1" 404 228
176.97.210.231 - - [30/Jan/2024:01:39:56 -0500] "GET / HTTP/1.1" 200 319
201.245.192.253 - - [30/Jan/2024:01:40:24 -0500] "POST /forms/lservlet;jsessionid=ac16012b30d6391c4eefb46944b39e93e343947a1a41.e3iSbxaKaheRe3qKcheMbNuKc41ynknvrkLOlQzNp65In0 HTTP/1.1" 200 2
201.245.192.253 - - [30/Jan/2024:01:40:35 -0500] "POST /kwsrmcab/Wsrmcab HTTP/1.1" 200 40549
186.155.149.236 - - [30/Jan/2024:01:40:51 -0500] "POST /sipse/faces/presentacion/financiero/solicitudProceso/listarSolicitudProceso.xhtml HTTP/1.1" 200 29124
186.155.149.236 - - [30/Jan/2024:01:40:51 -0500] "POST /sipse/faces/presentacion/financiero/solicitudProceso/listarSolicitudProceso.xhtml HTTP/1.1" 200 40857
186.155.149.236 - - [30/Jan/2024:01:40:55 -0500] "POST /sipse/faces/presentacion/financiero/solicitudProceso/listarSolicitudProceso.xhtml HTTP/1.1" 200 16528
186.155.149.236 - - [30/Jan/2024:01:40:58 -0500] "POST /sipse/faces/presentacion/financiero/solicitudProceso/listarSolicitudProceso.xhtml HTTP/1.1" 200 148712
186.155.149.236 - - [30/Jan/2024:01:40:59 -0500] "GET /sipse/faces/javax.faces.resource/theme.css?ln=primefaces-sipse HTTP/1.1" 304 -
186.155.149.236 - - [30/Jan/2024:01:40:59 -0500] "GET /sipse/faces/javax.faces.resource/layout/layout.css?ln=primefaces&v=4.0 HTTP/1.1" 304 -
186.155.149.236 - - [30/Jan/2024:01:40:59 -0500] "GET /sipse/faces/javax.faces.resource/primefaces.css?ln=primefaces&v=4.0 HTTP/1.1" 304 -
186.155.149.236 - - [30/Jan/2024:01:40:59 -0500] "GET /sipse/faces/javax.faces.resource/jquery/jquery.js?ln=primefaces&v=4.0 HTTP/1.1" 304 -
186.155.149.236 - - [30/Jan/2024:01:40:59 -0500] "GET /sipse/faces/javax.faces.resource/jquery/jquery-plugins.js?ln=primefaces&v=4.0 HTTP/1.1" 304 -
186.155.149.236 - - [30/Jan/2024:01:40:59 -0500] "GET /sipse/faces/javax.faces.resource/primefaces.js?ln=primefaces&v=4.0 HTTP/1.1" 304 -
186.155.149.236 - - [30/Jan/2024:01:40:59 -0500] "GET /sipse/faces/javax.faces.resource/layout/layout.js?ln=primefaces&v=4.0 HTTP/1.1" 304 -
186.155.149.236 - - [30/Jan/2024:01:41:04 -0500] "POST /sipse/faces/presentacion/financiero/solicitudProceso/consultarSolicitudProceso.xhtml HTTP/1.1" 200 19886
186.155.149.236 - - [30/Jan/2024:01:41:05 -0500] "GET /sipse/faces/javax.faces.resource/theme.css?ln=primefaces-sipse HTTP/1.1" 304 -
186.155.149.236 - - [30/Jan/2024:01:41:05 -0500] "GET /sipse/faces/javax.faces.resource/primefaces.css?ln=primefaces&v=4.0 HTTP/1.1" 304 -
186.155.149.236 - - [30/Jan/2024:01:41:05 -0500] "GET /sipse/faces/javax.faces.resource/layout/layout.css?ln=primefaces&v=4.0 HTTP/1.1" 304 -
186.155.149.236 - - [30/Jan/2024:01:41:05 -0500] "GET /sipse/faces/javax.faces.resource/fileupload/fileupload.css?ln=primefaces&v=4.0 HTTP/1.1" 304 -
186.155.149.236 - - [30/Jan/2024:01:41:05 -0500] "GET /sipse/faces/javax.faces.resource/jquery/jquery.js?ln=primefaces&v=4.0 HTTP/1.1" 304 -
186.155.149.236 - - [30/Jan/2024:01:41:05 -0500] "GET /sipse/faces/javax.faces.resource/jquery/jquery-plugins.js?ln=primefaces&v=4.0 HTTP/1.1" 304 -
186.155.149.236 - - [30/Jan/2024:01:41:05 -0500] "GET /sipse/faces/javax.faces.resource/layout/layout.js?ln=primefaces&v=4.0 HTTP/1.1" 304 -
186.155.149.236 - - [30/Jan/2024:01:41:05 -0500] "GET /sipse/faces/javax.faces.resource/fileupload/fileupload.js?ln=primefaces&v=4.0 HTTP/1.1" 304 -
186.155.149.236 - - [30/Jan/2024:01:41:05 -0500] "GET /sipse/faces/javax.faces.resource/primefaces.js?ln=primefaces&v=4.0 HTTP/1.1" 304 -
186.155.149.236 - - [30/Jan/2024:01:41:16 -0500] "GET /sipse/faces/javax.faces.resource/theme.css?ln=primefaces-sipse HTTP/1.1" 304 -
186.155.149.236 - - [30/Jan/2024:01:41:16 -0500] "GET /sipse/faces/javax.faces.resource/primefaces.css?ln=primefaces&v=4.0 HTTP/1.1" 304 -
186.155.149.236 - - [30/Jan/2024:01:41:16 -0500] "POST /sipse/faces/presentacion/sistema/anexos/cargarAnexoSolicitudProceso.xhtml HTTP/1.1" 200 196918
186.155.149.236 - - [30/Jan/2024:01:41:16 -0500] "GET /sipse/faces/javax.faces.resource/jquery/jquery-plugins.js?ln=primefaces&v=4.0 HTTP/1.1" 304 -
186.155.149.236 - - [30/Jan/2024:01:41:16 -0500] "GET /sipse/faces/javax.faces.resource/layout/layout.css?ln=primefaces&v=4.0 HTTP/1.1" 304 -
186.155.149.236 - - [30/Jan/2024:01:41:16 -0500] "GET /sipse/faces/javax.faces.resource/jquery/jquery.js?ln=primefaces&v=4.0 HTTP/1.1" 304 -
186.155.149.236 - - [30/Jan/2024:01:41:16 -0500] "GET /sipse/faces/javax.faces.resource/primefaces.js?ln=primefaces&v=4.0 HTTP/1.1" 304 -
186.155.149.236 - - [30/Jan/2024:01:41:16 -0500] "GET /sipse/faces/javax.faces.resource/layout/layout.js?ln=primefaces&v=4.0 HTTP/1.1" 304 -
186.155.149.236 - - [30/Jan/2024:01:41:22 -0500] "POST /sipse/faces/presentacion/financiero/solicitudProceso/consultarSolicitudProceso.xhtml HTTP/1.1" 200 6206
186.155.149.236 - - [30/Jan/2024:01:41:23 -0500] "POST /sipse/faces/presentacion/financiero/solicitudProceso/consultarSolicitudProceso.xhtml HTTP/1.1" 200 47362
186.155.149.236 - - [30/Jan/2024:01:41:25 -0500] "GET /sipse/faces/javax.faces.resource/layout/layout.css?ln=primefaces&v=4.0 HTTP/1.1" 304 -
186.155.149.236 - - [30/Jan/2024:01:41:25 -0500] "GET /sipse/faces/javax.faces.resource/primefaces.css?ln=primefaces&v=4.0 HTTP/1.1" 304 -
186.155.149.236 - - [30/Jan/2024:01:41:25 -0500] "GET /sipse/faces/javax.faces.resource/theme.css?ln=primefaces-sipse HTTP/1.1" 304 -
186.155.149.236 - - [30/Jan/2024:01:41:25 -0500] "GET /sipse/faces/javax.faces.resource/jquery/jquery.js?ln=primefaces&v=4.0 HTTP/1.1" 304 -
186.155.149.236 - - [30/Jan/2024:01:41:25 -0500] "GET /sipse/faces/javax.faces.resource/jquery/jquery-plugins.js?ln=primefaces&v=4.0 HTTP/1.1" 304 -
186.155.149.236 - - [30/Jan/2024:01:41:25 -0500] "GET /sipse/faces/javax.faces.resource/primefaces.js?ln=primefaces&v=4.0 HTTP/1.1" 304 -
186.155.149.236 - - [30/Jan/2024:01:41:25 -0500] "GET /sipse/faces/javax.faces.resource/layout/layout.js?ln=primefaces&v=4.0 HTTP/1.1" 304 -
186.155.149.236 - - [30/Jan/2024:01:41:25 -0500] "POST /sipse/faces/presentacion/financiero/solicitudProceso/listarSolicitudProceso.xhtml HTTP/1.1" 200 1480
172.22.2.4 - - [30/Jan/2024:01:40:03 -0500] "HEAD /BLA/boletinlegal/ HTTP/1.1" 200 -
172.22.2.4 - - [30/Jan/2024:01:40:54 -0500] "GET /BLA/boletinlegal/ HTTP/1.1" 200 61050
201.245.192.253 - - [30/Jan/2024:01:42:44 -0500] "POST /forms/lservlet;jsessionid=ac16012b30d6391c4eefb46944b39e93e343947a1a41.e3iSbxaKaheRe3qKcheMbNuKc41ynknvrkLOlQzNp65In0 HTTP/1.1" 200 2
201.245.192.253 - - [30/Jan/2024:01:43:01 -0500] "POST /kwsrmcab/Wsrmcab  HTTP/1.1" 200 37857
216.245.221.92 - - [30/Jan/2024:01:44:03 -0500] "HEAD / HTTP/1.1" 200 -
201.245.192.253 - - [30/Jan/2024:01:44:46 -0500] "POST /forms/lservlet;jsessionid=ac16012b30d6391c4eefb46944b39e93e343947a1a41.e3iSbxaKaheRe3qKcheMbNuKc41ynknvrkLOlQzNp65In0 HTTP/1.1" 200 2
120.53.87.203 - - [30/Jan/2024:01:45:26 -0500] "GET /galeria/galeria/fotos/Huemdal-el-Tunjo3P.jpg HTTP/1.1" 200 20644
185.224.128.179 - - [30/Jan/2024:01:46:48 -0500] "GET / HTTP/1.1" 200 319
207.46.13.87 - - [30/Jan/2024:01:47:19 -0500] "GET /BLA/resoluciones/AUTOS%202014/0771.pdf HTTP/1.1" 200 466084
172.22.2.4 - - [30/Jan/2024:01:45:53 -0500] "HEAD /BLA/boletinlegal/ HTTP/1.1" 200 -
201.245.192.253 - - [30/Jan/2024:01:47:52 -0500] "POST /forms/lservlet;jsessionid=ac16012b30d6391c4eefb46944b39e93e343947a1a41.e3iSbxaKaheRe3qKcheMbNuKc41ynknvrkLOlQzNp65In0 HTTP/1.1" 200 2
201.245.192.253 - - [30/Jan/2024:01:47:59 -0500] "POST /kwsrmcab/Wsrmcab  HTTP/1.1" 200 37857
172.22.2.4 - - [30/Jan/2024:01:46:44 -0500] "GET /BLA/boletinlegal/ HTTP/1.1" 200 59104
216.245.221.92 - - [30/Jan/2024:01:49:03 -0500] "HEAD / HTTP/1.1" 200 -
172.22.2.4 - - [30/Jan/2024:01:50:18 -0500] "GET /BLA/boletinlegal/actos.php HTTP/1.1" 200 9738
201.245.192.253 - - [30/Jan/2024:01:50:47 -0500] "POST /forms/lservlet;jsessionid=ac16012b30d6391c4eefb46944b39e93e343947a1a41.e3iSbxaKaheRe3qKcheMbNuKc41ynknvrkLOlQzNp65In0 HTTP/1.1" 200 2
87.250.224.10 - - [30/Jan/2024:01:50:52 -0500] "GET /robots.txt HTTP/1.1" 404 1034
95.108.213.237 - - [30/Jan/2024:01:50:53 -0500] "GET /en-el-diamundialdelmedioambiente-distrito-ejercito-nacional-y-comunidad-plantaron-120-arboles-en-parque-nacional.html HTTP/1.1" 200 838
172.22.2.4 - - [30/Jan/2024:01:51:22 -0500] "GET /BLA/boletinlegal/jurisprudencia/analisis/AnalisisT-606-15.docx HTTP/1.1" 200 26698
172.22.2.4 - - [30/Jan/2024:01:51:22 -0500] "GET /BLA/boletinlegal/apple-touch-icon-120x120-precomposed.png HTTP/1.1" 404 1140
172.22.2.4 - - [30/Jan/2024:01:51:22 -0500] "GET /BLA/boletinlegal/apple-touch-icon-120x120.png HTTP/1.1" 404 1140
172.22.2.4 - - [30/Jan/2024:01:51:23 -0500] "GET /BLA/boletinlegal/apple-touch-icon-precomposed.png HTTP/1.1" 404 1140
172.22.2.4 - - [30/Jan/2024:01:51:23 -0500] "GET /BLA/boletinlegal/apple-touch-icon.png HTTP/1.1" 404 1140
172.22.2.4 - - [30/Jan/2024:01:51:23 -0500] "GET /BLA/boletinlegal/favicon.ico HTTP/1.1" 404 1140
172.22.2.4 - - [30/Jan/2024:01:51:23 -0500] "GET /BLA/boletinlegal/apple-touch-icon-120x120-precomposed.png HTTP/1.1" 404 1140
172.22.2.4 - - [30/Jan/2024:01:51:23 -0500] "GET /BLA/boletinlegal/apple-touch-icon-120x120.png HTTP/1.1" 404 1140
172.22.2.4 - - [30/Jan/2024:01:51:23 -0500] "GET /BLA/boletinlegal/apple-touch-icon-precomposed.png HTTP/1.1" 404 1140
172.22.2.4 - - [30/Jan/2024:01:51:23 -0500] "GET /BLA/boletinlegal/apple-touch-icon.png HTTP/1.1" 404 1140
172.22.2.4 - - [30/Jan/2024:01:51:23 -0500] "GET /BLA/boletinlegal/favicon.ico HTTP/1.1" 404 1140
146.19.24.23 - - [30/Jan/2024:01:52:00 -0500] "GET / HTTP/1.1" 200 319
165.154.206.204 - - [30/Jan/2024:01:52:45 -0500] "GET / HTTP/1.1" 200 4720
165.154.206.204 - - [30/Jan/2024:01:52:47 -0500] "\x16\x03\x01\x01\x15\x01" 400 226
165.154.206.204 - - [30/Jan/2024:01:52:47 -0500] "\x16\x03\x01" 400 226
165.154.206.204 - - [30/Jan/2024:01:52:47 -0500] "t3 12.1.2" 400 946
201.245.192.253 - - [30/Jan/2024:01:52:47 -0500] "POST /forms/lservlet;jsessionid=ac16012b30d6391c4eefb46944b39e93e343947a1a41.e3iSbxaKaheRe3qKcheMbNuKc41ynknvrkLOlQzNp65In0 HTTP/1.1" 200 2
201.245.192.253 - - [30/Jan/2024:01:52:58 -0500] "POST /kwsrmcab/Wsrmcab  HTTP/1.1" 200 37857
172.22.2.4 - - [30/Jan/2024:01:51:43 -0500] "HEAD /BLA/boletinlegal/ HTTP/1.1" 200 -
216.245.221.92 - - [30/Jan/2024:01:54:03 -0500] "HEAD / HTTP/1.1" 200 -
172.22.2.4 - - [30/Jan/2024:01:52:34 -0500] "GET /BLA/boletinlegal/ HTTP/1.1" 200 60230
201.245.192.253 - - [30/Jan/2024:01:55:43 -0500] "POST /forms/lservlet;jsessionid=ac16012b30d6391c4eefb46944b39e93e343947a1a41.e3iSbxaKaheRe3qKcheMbNuKc41ynknvrkLOlQzNp65In0 HTTP/1.1" 200 2
66.249.66.20 - - [30/Jan/2024:01:56:25 -0500] "GET /BLA/resoluciones/RESOLUCIONES%202011/6971.pdf HTTP/1.1" 304 -
69.63.189.1 - - [30/Jan/2024:01:56:52 -0500] "GET /images/Comprimida%20incendios.jpg HTTP/1.1" 200 23316
69.63.189.116 - - [30/Jan/2024:01:56:52 -0500] "GET /images/25%20Incendio%20declaratoria.jpeg HTTP/1.1" 200 90327
69.63.189.7 - - [30/Jan/2024:01:56:52 -0500] "GET /images/24%20de%20enero%20sendero.JPG HTTP/1.1" 200 59121
69.63.189.7 - - [30/Jan/2024:01:56:52 -0500] "GET /images/Rueda%20de%20prensa.jpeg HTTP/1.1" 200 58715
191.102.224.196 - - [30/Jan/2024:01:56:52 -0500] "GET /appsia/controlador HTTP/1.1" 200 4799
191.102.224.196 - - [30/Jan/2024:01:56:53 -0500] "GET /appsia/scripts/validarIngreso.js HTTP/1.1" 200 851
191.102.224.196 - - [30/Jan/2024:01:56:53 -0500] "GET /appsia/css/estilos.css HTTP/1.1" 200 4804
191.102.224.196 - - [30/Jan/2024:01:56:53 -0500] "GET /appsia/images/cabezoteHojaVida.png HTTP/1.1" 200 32493
191.102.224.196 - - [30/Jan/2024:01:56:53 -0500] "GET /appsia/images/logo_bogota_p.png HTTP/1.1" 200 14951
69.63.189.9 - - [30/Jan/2024:01:56:56 -0500] "GET /images/Caminatas%20(1)%20(2).jpeg HTTP/1.1" 200 81411
69.63.189.7 - - [30/Jan/2024:01:57:02 -0500] "GET /images/terrazas%20verdes.jpg HTTP/1.1" 200 63951
69.63.189.7 - - [30/Jan/2024:01:57:02 -0500] "GET /images/arbol%20centro.jpg HTTP/1.1" 200 69467
69.63.189.7 - - [30/Jan/2024:01:57:02 -0500] "GET /images/Aves%20SDA.jpeg HTTP/1.1" 200 75104
66.249.65.69 - - [30/Jan/2024:01:57:26 -0500] "GET /robots.txt HTTP/1.1" 404 1035
66.249.65.69 - - [30/Jan/2024:01:57:26 -0500] "GET /portaldeninos/wp-content/uploads/2021/11/pieza-dia-ruido-ambiental-28-abril-1200x480.jpg HTTP/1.1" 200 73098
172.22.2.4 - - [30/Jan/2024:01:57:31 -0500] "GET /BLA/boletinlegal/jurisprudencia/analisis/AnalisisT-606-15.docx HTTP/1.1" 200 26698
172.22.2.4 - - [30/Jan/2024:01:57:31 -0500] "GET /BLA/boletinlegal/apple-touch-icon-120x120-precomposed.png HTTP/1.1" 404 1140
172.22.2.4 - - [30/Jan/2024:01:57:32 -0500] "GET /BLA/boletinlegal/apple-touch-icon-120x120.png HTTP/1.1" 404 1140
172.22.2.4 - - [30/Jan/2024:01:57:32 -0500] "GET /BLA/boletinlegal/apple-touch-icon-precomposed.png HTTP/1.1" 404 1140
172.22.2.4 - - [30/Jan/2024:01:57:32 -0500] "GET /BLA/boletinlegal/apple-touch-icon.png HTTP/1.1" 404 1140
172.22.2.4 - - [30/Jan/2024:01:57:32 -0500] "GET /BLA/boletinlegal/favicon.ico HTTP/1.1" 404 1140
172.22.2.4 - - [30/Jan/2024:01:57:32 -0500] "GET /BLA/boletinlegal/apple-touch-icon-120x120-precomposed.png HTTP/1.1" 404 1140
172.22.2.4 - - [30/Jan/2024:01:57:32 -0500] "GET /BLA/boletinlegal/apple-touch-icon-120x120.png HTTP/1.1" 404 1140
172.22.2.4 - - [30/Jan/2024:01:57:32 -0500] "GET /BLA/boletinlegal/apple-touch-icon-precomposed.png HTTP/1.1" 404 1140
172.22.2.4 - - [30/Jan/2024:01:57:32 -0500] "GET /BLA/boletinlegal/apple-touch-icon.png HTTP/1.1" 404 1140
172.22.2.4 - - [30/Jan/2024:01:57:32 -0500] "GET /BLA/boletinlegal/favicon.ico HTTP/1.1" 404 1140
201.245.192.253 - - [30/Jan/2024:01:57:56 -0500] "POST /kwsrmcab/Wsrmcab  HTTP/1.1" 200 37857
201.245.192.253 - - [30/Jan/2024:01:58:18 -0500] "POST /forms/lservlet;jsessionid=ac16012b30d6391c4eefb46944b39e93e343947a1a41.e3iSbxaKaheRe3qKcheMbNuKc41ynknvrkLOlQzNp65In0 HTTP/1.1" 200 2
216.245.221.92 - - [30/Jan/2024:01:59:03 -0500] "HEAD / HTTP/1.1" 200 -
172.22.2.4 - - [30/Jan/2024:01:57:33 -0500] "HEAD /BLA/boletinlegal/ HTTP/1.1" 200 -
66.249.65.5 - - [30/Jan/2024:01:59:21 -0500] "GET /agendate-para-participar-en-las-caminatas-ecologicas-de-febrero.html HTTP/1.1" 304 -
172.22.2.4 - - [30/Jan/2024:01:58:24 -0500] "GET /BLA/boletinlegal/ HTTP/1.1" 200 58720
207.46.13.6 - - [30/Jan/2024:02:00:51 -0500] "GET /Publicaciones/2024EE12568.pdf HTTP/1.1" 404 227
207.46.13.126 - - [30/Jan/2024:02:00:55 -0500] "GET /Publicaciones/2023EE206543.pdf HTTP/1.1" 404 228
207.46.13.126 - - [30/Jan/2024:02:00:55 -0500] "GET /Publicaciones/2023EE300481.pdf HTTP/1.1" 404 228
207.46.13.126 - - [30/Jan/2024:02:01:14 -0500] "GET /Publicaciones/2023EE246270.pdf HTTP/1.1" 404 228
207.46.13.126 - - [30/Jan/2024:02:01:14 -0500] "GET /Publicaciones/2023EE282769.pdf HTTP/1.1" 404 228
207.46.13.6 - - [30/Jan/2024:02:01:20 -0500] "GET /Publicaciones/2023EE303555.pdf HTTP/1.1" 404 228
207.46.13.6 - - [30/Jan/2024:02:01:20 -0500] "GET /Publicaciones/2024EE01092.pdf HTTP/1.1" 404 227
201.245.192.253 - - [30/Jan/2024:02:01:24 -0500] "POST /forms/lservlet;jsessionid=ac16012b30d6391c4eefb46944b39e93e343947a1a41.e3iSbxaKaheRe3qKcheMbNuKc41ynknvrkLOlQzNp65In0 HTTP/1.1" 200 2
52.167.144.140 - - [30/Jan/2024:02:01:39 -0500] "GET /Publicaciones/2024EE04601.pdf HTTP/1.1" 404 227
52.167.144.140 - - [30/Jan/2024:02:01:39 -0500] "GET /Publicaciones/2023EE312661.pdf HTTP/1.1" 404 228
207.46.13.154 - - [30/Jan/2024:02:01:54 -0500] "GET /Publicaciones/2023EE214669.pdf HTTP/1.1" 404 228
172.22.2.4 - - [30/Jan/2024:02:02:00 -0500] "GET /BLA/boletinlegal/robots.txt HTTP/1.1" 404 1038
172.22.2.4 - - [30/Jan/2024:02:02:01 -0500] "GET /BLA/boletinlegal/Directivas/2011/Directiva%20No.%206%20del%208%20de%20Septiembre%20de%202011.pdf HTTP/1.1" 200 996625
207.46.13.6 - - [30/Jan/2024:02:02:30 -0500] "GET /Publicaciones/2023EE278785.pdf HTTP/1.1" 404 228
207.46.13.6 - - [30/Jan/2024:02:02:30 -0500] "GET /Publicaciones/2023EE194247.pdf HTTP/1.1" 404 228
173.252.107.4 - - [30/Jan/2024:02:02:35 -0500] "GET /calidad-del-ai HTTP/1.1" 404 1034
173.252.107.8 - - [30/Jan/2024:02:02:35 -0500] "GET /calidad-del-ai HTTP/1.1" 404 1034
173.252.107.117 - - [30/Jan/2024:02:02:35 -0500] "GET /calidad-del-ai HTTP/1.1" 404 1034
173.252.107.119 - - [30/Jan/2024:02:02:35 -0500] "GET /calidad-del-ai HTTP/1.1" 404 1034
17.241.227.232 - - [30/Jan/2024:02:02:40 -0500] "GET /secretaria-de-ambiente-valora-130-ranas-venenosas-que-iban-a-ser-sacadas-ilegalmente-con-destino-a-brasil.html HTTP/1.1" 200 985
201.245.192.253 - - [30/Jan/2024:02:02:55 -0500] "POST /kwsrmcab/Wsrmcab  HTTP/1.1" 200 37857
54.39.104.161 - - [30/Jan/2024:02:03:03 -0500] "GET /secretaria-de-ambiente-valora-130-ranas-venenosas-que-iban-a-ser-sacadas-ilegalmente-con-destino-a-brasil.html HTTP/1.1" 200 985
157.55.39.60 - - [30/Jan/2024:02:03:25 -0500] "GET /Publicaciones/2023EE308660.pdf HTTP/1.1" 404 228
157.55.39.60 - - [30/Jan/2024:02:03:25 -0500] "GET /Publicaciones/2024EE07285.pdf HTTP/1.1" 404 227
201.245.192.253 - - [30/Jan/2024:02:03:26 -0500] "POST /forms/lservlet;jsessionid=ac16012b30d6391c4eefb46944b39e93e343947a1a41.e3iSbxaKaheRe3qKcheMbNuKc41ynknvrkLOlQzNp65In0 HTTP/1.1" 200 2
40.77.167.32 - - [30/Jan/2024:02:03:29 -0500] "GET /Publicaciones/2023EE223173.pdf HTTP/1.1" 404 228
216.245.221.92 - - [30/Jan/2024:02:04:03 -0500] "HEAD / HTTP/1.1" 200 -
52.167.144.215 - - [30/Jan/2024:02:04:33 -0500] "GET /moda-circular-manos-reparadoras-la-estrategia-del-distrito-para-restaurar-prendas-usadas.html HTTP/1.1" 200 901
172.22.2.4 - - [30/Jan/2024:02:03:23 -0500] "HEAD /BLA/boletinlegal/ HTTP/1.1" 200 -
191.108.23.232 - - [30/Jan/2024:02:05:23 -0500] "GET /kwssiamovil/sm/acme/a?s=U2FsdGVkX19jkv9bosZVEvrvcyYxmJz/bynVCFzYapIfGRloChjSpKE03T0rx/iKzmXhIF7g9JHaePfe06s3IBReWL/BxtXJOFG9jlzZRWb7AoELMXJbpeQrtEK8ud/r5BjNiscC8iCB0NKo5vVZK/0nT2xYX4UF1wb4LTC9/zbeor4NIeLchDtw2obbcvt8IGDKfnxIIOKCrleQvOGUcq10Mky+qsnrImNyF1OI/4TLlpAoK2JxgRfNNkLvIlvHxfotazofqcfMrL0fKedQPA==&u=U2FsdGVkX1+H5x13aORDSI/RtSH6drNjJifhvKu6HrxQIH6ubXqXUT6PU8tbkLOA&y=U2FsdGVkX19R2a/BZRZlFJeUz8/43BcMOZfCoqJkSbPxSJ9L0dEIP444RIGSchgr HTTP/1.1" 200 26
191.108.23.232 - - [30/Jan/2024:02:05:24 -0500] "GET /kwssiamovil/sm/acme/a?s=U2FsdGVkX18HZxzeEHX4ek1v3ilIZQvCxX9Tm6Va3g/dFsxak1jPCQNsRqE1T7ebVBHk7WjtTY7Hqm+NEWxtTTl5EfplNgUEJ9toYxf5UxkFTm7XkrBxwZBWGqBU9uLimaVUMZcQte75cd7t/RHU+D7cXf2KODgSZlKLktzohI14XKuFiuh6pX89DUQCw5Nac1ZmC02oykE2nGOlVz4EATmAyMW+jVlu+uaJ+AtzBnNIizQVc2bQ3THhNYfny081hBwQS4wIi60m3qE2U5JD7e+vHDEeD4zqnuo2tKcixDbTTuD0a0kQc8z4R4Jgyczv5SzBzK3geJS1IrR1QnweOvQ4C7lMRad19gxYHrAItaUmP+AF2xV3D024R0ggxMaOKFMRMY/FqBr7+ZssDS9HDI3Cku+VH/6FfG0vIPjNNkUGmOBo0SyCZL7pT+mgpuLtD3jd1TuBmaUY2PzImtx8OzTy9ILoH6stbYKbflf/oaCY8cwvElzAOl0RwabiJJrSr04C7YFyOJL/icVlPpo7ORv2s/dxdEJNsA+u/MQSQHZ1tYJsD1ytPFI460VPgXEkwcpOO4TZY33pmdqxnpCVQGLpHJGMYt80YbK+P1lNnhpSFy5fsft7OZZ8tiSlSl6TjoVrXdR+ITg0ZMET/IqDLCTB4J3ya3+4XdmCIpq6Pc5Gi+bEGEvSLep1+LWF/nJVLslUDlViUnAmPpqVmHOUeYa2Q7G/YJ98oaXPAI773+TcSBYIUf5Y4hOqWGACUeudiMMMpySSWpDUAlQXuP6NBPTE8pcPG99E340vukwUTkW8lGxWsv8xdjBa3DNzzXESoX6fcMSOndw7utzy5EmaxotegFW4tFgiQscp5E9GH4dWbNviKtTXbsNBjGSGsB/liuf3uNzZlb9KvjiV9hbXYtY1dGUtJ8uloHTmJWA6WIcUepBgg6Ty5QMsMzHZzrysiOCs+IR1mLII/63v55KqJAaaNH4iZm1S+U/i1hhp4mJcBbsa88swwlvvKn3W4Kjgh4X4wv3eYp0KEKWCqEeqFgP77aEy1wlFFPPshnqQGZ3yj+98PoKtl4xk/rLJNz0WBdREYY5jqzqHcYMaLGxDOJZuS4b9m9ILmXJPOWlMGuMDlbAnwtB4R9np8iY9HL1cRFDNLHg1JzvI6ezxFi/cuh37cbh4YMgP0BGbWeg3zMF7mMvzCub0QBEziXf0aVvWyG0MMXfDdKpENk4Lqpw5cpGDAgNEfkjslxYJtJL+EvhgP8dctVbCSu6aVMtf3RH//ZRcZhLYRwlUrQrqxbWaHwVzkiWie/O7VmnH5kswSF9ZCj5aOeaHmXXkSDaC6HYVS8y5g95/LxQzmWB2sNt5x3x3Gds1Nkq30Ras1nZLFOE0DKgyVlHizwkC07hcRco+OkhdMrrq5fcEUCW8Td+JrcpEApJj8gVH6mqC6ggYTmOXBHOMbN8iOZNYeu3OvG5PNssbMjDsywM1+0qRBJfbD5o+83gqxJkIoPTHUxJGxipdcXRkK6p6WbfqmorKYj0tlOFVZrSjA5e0z3hQ2yLL0ZEtTgKqGIs7hCZ1u1MDCDXcz61X6Lx/J68g6IuUsoicJhUcdWpRWZ+GfGLtEJmS0AVV/fgaCj9kglrNeK3IGEgH1wK3gdsPTZsFX0gveduVYYSNZ/KX5U/F4FTJdwRXC6ygi6w0nVatsNXSFqmyJaBKxVqP57JhxuQHuogfUv2hJySv9TFpHorVlS3b+IoTfViSk00mvF8NSTQh5y/OlyOnOmMhI4co9e1sEx0+VVQbWyPKKOmahxiJf7SMGiX5OtfhLrjWrVcweaa0IVv5xx1oMfUnlqLGUsDOxMPZctGdkEpp6o6DCA+hpSUhmRApn4AxIT42K0fRZz4HGqwRicMKpeeVsmk4yA/7kXyx0+Vu0V3oDX7h6w2P3Aw3i9QC07PYb1Nw6vaXZhD/kDHvx9cZ9B4etE0irPEE6ub2kHGMeRkMZORYBLCZUUd5Df7mVyLbhJknfkyiKi7cORvzXi5KkGdIhsE17bv8+3wpp6MW377p6nEIPRCLEF6aObQCSdA2w3FqepYYIdEoZ9toQwOKm/COJ5K3YahJnZzexuuiTeS/Nrgz0AiWaWh5WyCZuUiFC+e87o1RtEerwCiEAQPNJiovfDyq95VNY87Gxqb+/LRgzXCvMqOfHnA6Oib0SN/XX9dv3CIGHToZ6J9tAYExnktjTDy16yTibwKal/NzxTRE5GjB/xJrhkO+ISrF/68q7da/XzX3rR01XHPqV9Ad3Agp+uCuvFO43s+XeBjwGjvaskFuWv7+6oIjXGvA8qrq8Ox5jiMO+vmtin3IXa2wuG7o2laQwVkgCNMzL4ZLXRTSBuBuTeolPOqEdHoZ+NLd+126bKGtyPrXgVZW3vlDNtCKnO2T11Knk9UNlWRMaCvkYnNKLhSXq9oweZFAfQ9KrOR5agUzFQhApDyFZ7ACev5IEgMNNbK3hgbCvjvF9YZei7Uml715/ffSb9LeGeCjQD2MYWAzd3LY1UQD8KH3yB2/2oUxgYgvSrsIDc3EA4fkCZWXjC/BnWwoXM/8lW5erdI5/mF82w1JUqxNDP2VewtdNfycujrqdPnjVMjR/uA4po8pIHnUJOpnjpZ0XOWUXM4MWWTkWWKkh/hNThkVSk6rzfmmY3qcyBpWsLW/GzwfteMqT5C2dNTVbqvLQIEr/iWDapZ5ch+Go8uSn4y2epruqkpDpvv1Sa3efFrSStQra1ApOq3GRzJxc5ew94nIV3Uw2JTlYAKML/u9LYcJCNYK3fwBZVA6ar6EaWyiWePcwADc4FqhX4jk+FQ0XWd7OizQas2QoO4c6+xGD4qULuqHAnlkjNL/HWft7g27S/9DJ1RKN7Aibjj/AEdm9fDDaHSFelIVa2TUMVgJJWs6mCN4qtsUw7SYTa9R3Kn8ahgI3WS3jdgFEkS0Q8/40BIlEnjB9RlLi443Gk4za4uRsSTyczZbrYVRjtEM5Yxw52U422227xk5HTmTkH/TyWY5vBPxV8ZN/8Pc+7chJtu+bZHriSMQkOkp9BjZzYFbw/Oiv7Z3jOaEXbszLKPpfCVuzy1q+aZQ4APbPPQxMvg641bnhVnSZDjjJWnwwpARSqZBEkUUdGDJnrmlD8TKOubTGAZdKahhTyysHencAUPrEMzCUBiN2CRsPKyGjoUbD3veswLnm+g0ZWg55XaP2b9+1KrrIHiSgkUeSny9X5LFIm0JDqK3w6tojf6r9jWq9BVGiXzMGZe62bWSgX7aQ7Wr0fbdg8hTYEtZRm3rKvERDX7u//DsvcBdxP8/KMez&u=U2FsdGVkX1+H5x13aORDSI/RtSH6drNjJifhvKu6HrxQIH6ubXqXUT6PU8tbkLOA&y=U2FsdGVkX19R2a/BZRZlFJeUz8/43BcMOZfCoqJkSbPxSJ9L0dEIP444RIGSchgr HTTP/1.1" 200 26
191.108.23.232 - - [30/Jan/2024:02:05:24 -0500] "GET /kwssiamovil/sm/acme/a?s=U2FsdGVkX187GE65+SW58xUd+Tg+zfwHHaaRU8pUezwELUivljvTmufYfxAfKJALcsvuemyxLlF91k4SU4LVn4FmHl5PxwN35NyaVsdkuTzS6bn9lWIzbDzcjB/Nb9BCWK3SZAaf+hvifAGGOeEurtw1/coS7ML6uKdodhOBCFI=&u=U2FsdGVkX1+H5x13aORDSI/RtSH6drNjJifhvKu6HrxQIH6ubXqXUT6PU8tbkLOA&y=U2FsdGVkX19R2a/BZRZlFJeUz8/43BcMOZfCoqJkSbPxSJ9L0dEIP444RIGSchgr HTTP/1.1" 200 26
191.108.23.232 - - [30/Jan/2024:02:05:24 -0500] "GET /kwssiamovil/sm/acme/a?s=U2FsdGVkX1+P1mxuR89XVHgRmxalP83kqISR72gDSX4GKM50lGAZuX43IEY9zKY5xJIApC/4GpJdHg3ZNNEw5pkVHRXdRfIsGHe3QsERLr6L4lPDGVcs/5Qe0ZilnJfGxe001eL2q/CMB8a+g+T2Xy3c32AIFscpQ7YkzICiUO4=&u=U2FsdGVkX1+H5x13aORDSI/RtSH6drNjJifhvKu6HrxQIH6ubXqXUT6PU8tbkLOA&y=U2FsdGVkX19R2a/BZRZlFJeUz8/43BcMOZfCoqJkSbPxSJ9L0dEIP444RIGSchgr HTTP/1.1" 200 26
191.108.23.232 - - [30/Jan/2024:02:05:24 -0500] "GET /kwssiamovil/sm/acme/a?s=U2FsdGVkX19OPuZTWKp+MHwlKwgKrHxI2NPEYB8putdXAfXifuPDolSHGuoaUMluXR/lNfyfzaNCsetfb/eX08ozDxwIErAv+LdeoHBKejExaYGzqclNqzsAhmki7wfEgvJgHMSCEVOzamgChpwXk8VAjgkmapCCrKn29Py8TXo=&u=U2FsdGVkX1+H5x13aORDSI/RtSH6drNjJifhvKu6HrxQIH6ubXqXUT6PU8tbkLOA&y=U2FsdGVkX19R2a/BZRZlFJeUz8/43BcMOZfCoqJkSbPxSJ9L0dEIP444RIGSchgr HTTP/1.1" 200 26
191.108.23.232 - - [30/Jan/2024:02:05:25 -0500] "GET /kwssiamovil/sm/acme/a?s=U2FsdGVkX1/RadTE7uM8p2NHVQfJB2mTbb9CvHi8gLFjIPPJEJ3BVU5G4s/8JJ2bSQ49oLcA7l+9WrKPiQWaIaiV036QLpPcVjnKWf0I4ylPQNzmON6g8PtzLwPHw7KyHUw0vqcWZy+hjn3U9Y3H+0Be20EFg1jCtqQM4oKw6j4CQMV/dnLhT4mEiv6bqgbwpUYXDxWSzVAUshTFSGo9kw==&u=U2FsdGVkX1+H5x13aORDSI/RtSH6drNjJifhvKu6HrxQIH6ubXqXUT6PU8tbkLOA&y=U2FsdGVkX19R2a/BZRZlFJeUz8/43BcMOZfCoqJkSbPxSJ9L0dEIP444RIGSchgr HTTP/1.1" 200 26
201.245.192.253 - - [30/Jan/2024:02:05:26 -0500] "POST /forms/lservlet;jsessionid=ac16012b30d6391c4eefb46944b39e93e343947a1a41.e3iSbxaKaheRe3qKcheMbNuKc41ynknvrkLOlQzNp65In0 HTTP/1.1" 200 2
34.78.6.216 - - [30/Jan/2024:02:05:38 -0500] "GET / HTTP/1.1" 200 319
172.22.2.4 - - [30/Jan/2024:02:04:14 -0500] "GET /BLA/boletinlegal/ HTTP/1.1" 200 58720
207.46.13.6 - - [30/Jan/2024:02:06:42 -0500] "GET /BLA/resoluciones/RESOLUCIONES%202016/1606.pdf HTTP/1.1" 200 767124
201.245.192.253 - - [30/Jan/2024:02:07:32 -0500] "POST /forms/lservlet;jsessionid=ac16012b30d6391c4eefb46944b39e93e343947a1a41.e3iSbxaKaheRe3qKcheMbNuKc41ynknvrkLOlQzNp65In0 HTTP/1.1" 200 2
201.245.192.253 - - [30/Jan/2024:02:07:54 -0500] "POST /kwsrmcab/Wsrmcab  HTTP/1.1" 200 37857
216.245.221.92 - - [30/Jan/2024:02:09:03 -0500] "HEAD / HTTP/1.1" 200 -
201.245.192.253 - - [30/Jan/2024:02:09:42 -0500] "POST /forms/lservlet;jsessionid=ac16012b30d6391c4eefb46944b39e93e343947a1a41.e3iSbxaKaheRe3qKcheMbNuKc41ynknvrkLOlQzNp65In0 HTTP/1.1" 200 2
172.22.2.4 - - [30/Jan/2024:02:10:45 -0500] "GET /BLA/boletinlegal/.git/config HTTP/1.1" 404 1018
172.22.2.4 - - [30/Jan/2024:02:09:13 -0500] "HEAD /BLA/boletinlegal/ HTTP/1.1" 200 -
172.22.2.4 - - [30/Jan/2024:02:10:04 -0500] "GET /BLA/boletinlegal/ HTTP/1.1" 200 58720
201.245.192.253 - - [30/Jan/2024:02:12:53 -0500] "POST /kwsrmcab/Wsrmcab  HTTP/1.1" 200 37857
201.245.192.253 - - [30/Jan/2024:02:13:53 -0500] "POST /forms/lservlet;jsessionid=ac16012b30d6391c4eefb46944b39e93e343947a1a41.e3iSbxaKaheRe3qKcheMbNuKc41ynknvrkLOlQzNp65In0 HTTP/1.1" 200 2
216.245.221.92 - - [30/Jan/2024:02:14:03 -0500] "HEAD / HTTP/1.1" 200 -
201.245.192.253 - - [30/Jan/2024:02:16:04 -0500] "POST /forms/lservlet;jsessionid=ac16012b30d6391c4eefb46944b39e93e343947a1a41.e3iSbxaKaheRe3qKcheMbNuKc41ynknvrkLOlQzNp65In0 HTTP/1.1" 200 2
213.186.1.245 - - [30/Jan/2024:02:16:34 -0500] "GET /secretaria-de-ambiente-valora-130-ranas-venenosas-que-iban-a-ser-sacadas-ilegalmente-con-destino-a-brasil.html HTTP/1.1" 200 985
172.22.2.4 - - [30/Jan/2024:02:15:03 -0500] "HEAD /BLA/boletinlegal/ HTTP/1.1" 200 -
168.138.41.19 - - [30/Jan/2024:02:16:44 -0500] "GET /wp-content/themes/twentyfive/include.php HTTP/1.1" 404 1049
152.61.128.50 - - [30/Jan/2024:02:16:59 -0500] "GET /arcgis/services/Calidad_del_Agua_WQI/MapServer/WMSServer?request=GetCapabilities&service=WMS HTTP/1.1" 503 1020
152.61.128.50 - - [30/Jan/2024:02:17:01 -0500] "GET /arcgis/services/Calidad_del_Agua_WQI/MapServer/WMSServer?SERVICE=WMS&REQUEST=GetCapabilities HTTP/1.1" 503 1020
152.61.128.50 - - [30/Jan/2024:02:17:01 -0500] "GET /arcgis/services/Calidad_del_Agua_WQI/MapServer/WMSServer?WMTVER=1.0.0&REQUEST=capabilities HTTP/1.1" 503 1020
172.22.2.4 - - [30/Jan/2024:02:15:54 -0500] "GET /BLA/boletinlegal/ HTTP/1.1" 200 59104
201.245.192.253 - - [30/Jan/2024:02:17:52 -0500] "POST /kwsrmcab/Wsrmcab  HTTP/1.1" 200 37857
201.245.192.253 - - [30/Jan/2024:02:18:04 -0500] "POST /forms/lservlet;jsessionid=ac16012b30d6391c4eefb46944b39e93e343947a1a41.e3iSbxaKaheRe3qKcheMbNuKc41ynknvrkLOlQzNp65In0 HTTP/1.1" 200 2
31.13.127.11 - - [30/Jan/2024:02:18:32 -0500] "GET /distrito-declara-alerta-zonal-por-deterioro-de-calidad-de-aire-y-toma-nuevas-decisiones-en-materia-de-movilidad.html HTTP/1.1" 200 860
31.13.127.5 - - [30/Jan/2024:02:18:33 -0500] "GET /distrito-declara-alerta-zonal-por-deterioro-de-calidad-de-aire-y-toma-nuevas-decisiones-en-materia-de-movilidad.html HTTP/1.1" 200 860
31.13.127.14 - - [30/Jan/2024:02:18:33 -0500] "GET /distrito-declara-alerta-zonal-por-deterioro-de-calidad-de-aire-y-toma-nuevas-decisiones-en-materia-de-movilidad.html HTTP/1.1" 200 860
31.13.127.4 - - [30/Jan/2024:02:18:33 -0500] "GET /distrito-declara-alerta-zonal-por-deterioro-de-calidad-de-aire-y-toma-nuevas-decisiones-en-materia-de-movilidad.html HTTP/1.1" 200 860
216.245.221.92 - - [30/Jan/2024:02:19:03 -0500] "HEAD / HTTP/1.1" 200 -
201.245.192.253 - - [30/Jan/2024:02:19:32 -0500] "POST /kwsrmcab/Wsrmcab HTTP/1.1" 200 38878
201.245.192.253 - - [30/Jan/2024:02:19:35 -0500] "POST /kwsrmcab/Wsrmcab HTTP/1.1" 200 40530
201.245.192.253 - - [30/Jan/2024:02:19:35 -0500] "POST /kwsrmcab/Wsrmcab HTTP/1.1" 200 39855
201.245.192.253 - - [30/Jan/2024:02:20:34 -0500] "POST /forms/lservlet;jsessionid=ac16012b30d6391c4eefb46944b39e93e343947a1a41.e3iSbxaKaheRe3qKcheMbNuKc41ynknvrkLOlQzNp65In0 HTTP/1.1" 200 2
201.245.192.253 - - [30/Jan/2024:02:20:34 -0500] "POST /kwsrmcab/Wsrmcab HTTP/1.1" 200 40530
172.22.2.4 - - [30/Jan/2024:02:22:08 -0500] "GET /BLA/boletinlegal/jurisprudencia/analisis/AnalisisT-606-15.docx HTTP/1.1" 200 26698
172.22.2.4 - - [30/Jan/2024:02:22:09 -0500] "GET /BLA/boletinlegal/apple-touch-icon-120x120-precomposed.png HTTP/1.1" 404 1140
172.22.2.4 - - [30/Jan/2024:02:22:09 -0500] "GET /BLA/boletinlegal/apple-touch-icon-120x120.png HTTP/1.1" 404 1140
172.22.2.4 - - [30/Jan/2024:02:22:09 -0500] "GET /BLA/boletinlegal/apple-touch-icon-precomposed.png HTTP/1.1" 404 1140
172.22.2.4 - - [30/Jan/2024:02:22:10 -0500] "GET /BLA/boletinlegal/apple-touch-icon.png HTTP/1.1" 404 1140
172.22.2.4 - - [30/Jan/2024:02:22:10 -0500] "GET /BLA/boletinlegal/favicon.ico HTTP/1.1" 404 1140
172.22.2.4 - - [30/Jan/2024:02:22:10 -0500] "GET /BLA/boletinlegal/apple-touch-icon-120x120-precomposed.png HTTP/1.1" 404 1140
172.22.2.4 - - [30/Jan/2024:02:22:10 -0500] "GET /BLA/boletinlegal/apple-touch-icon-120x120.png HTTP/1.1" 404 1140
172.22.2.4 - - [30/Jan/2024:02:22:10 -0500] "GET /BLA/boletinlegal/apple-touch-icon-precomposed.png HTTP/1.1" 404 1140
172.22.2.4 - - [30/Jan/2024:02:22:10 -0500] "GET /BLA/boletinlegal/apple-touch-icon.png HTTP/1.1" 404 1140
172.22.2.4 - - [30/Jan/2024:02:22:10 -0500] "GET /BLA/boletinlegal/favicon.ico HTTP/1.1" 404 1140
172.22.2.4 - - [30/Jan/2024:02:20:53 -0500] "HEAD /BLA/boletinlegal/ HTTP/1.1" 200 -
201.245.192.253 - - [30/Jan/2024:02:22:50 -0500] "POST /kwsrmcab/Wsrmcab  HTTP/1.1" 200 37857
201.245.192.253 - - [30/Jan/2024:02:23:18 -0500] "POST /forms/lservlet;jsessionid=ac16012b30d6391c4eefb46944b39e93e343947a1a41.e3iSbxaKaheRe3qKcheMbNuKc41ynknvrkLOlQzNp65In0 HTTP/1.1" 200 2
172.22.2.4 - - [30/Jan/2024:02:21:44 -0500] "GET /BLA/boletinlegal/ HTTP/1.1" 200 58720
216.245.221.92 - - [30/Jan/2024:02:24:03 -0500] "HEAD / HTTP/1.1" 200 -
201.245.192.253 - - [30/Jan/2024:02:26:36 -0500] "POST /forms/lservlet;jsessionid=ac16012b30d6391c4eefb46944b39e93e343947a1a41.e3iSbxaKaheRe3qKcheMbNuKc41ynknvrkLOlQzNp65In0 HTTP/1.1" 200 2
201.245.192.253 - - [30/Jan/2024:02:27:48 -0500] "POST /kwsrmcab/Wsrmcab  HTTP/1.1" 200 37857
172.22.2.4 - - [30/Jan/2024:02:26:43 -0500] "HEAD /BLA/boletinlegal/ HTTP/1.1" 200 -
216.245.221.92 - - [30/Jan/2024:02:29:03 -0500] "HEAD / HTTP/1.1" 200 -
201.245.192.253 - - [30/Jan/2024:02:29:12 -0500] "POST /forms/lservlet;jsessionid=ac16012b30d6391c4eefb46944b39e93e343947a1a41.e3iSbxaKaheRe3qKcheMbNuKc41ynknvrkLOlQzNp65In0 HTTP/1.1" 200 2
172.22.2.4 - - [30/Jan/2024:02:27:34 -0500] "GET /BLA/boletinlegal/ HTTP/1.1" 200 58720
201.245.192.253 - - [30/Jan/2024:02:29:31 -0500] "POST /kwsrmcab/Wsrmcab HTTP/1.1" 200 38878
201.245.192.253 - - [30/Jan/2024:02:29:34 -0500] "POST /kwsrmcab/Wsrmcab HTTP/1.1" 200 40530
201.245.192.253 - - [30/Jan/2024:02:29:35 -0500] "POST /kwsrmcab/Wsrmcab HTTP/1.1" 200 39855
201.245.192.253 - - [30/Jan/2024:02:30:34 -0500] "POST /kwsrmcab/Wsrmcab HTTP/1.1" 200 40530
66.249.66.20 - - [30/Jan/2024:02:30:39 -0500] "GET /isolucionsda/FrameSetArticulo.asp?Pagina=/isolucionsda/bancoconocimiento/D/Decreto1140del7deMayode2003/Decreto1140del7deMayode2003.asp?IdArticulo=6280 HTTP/1.1" 200 527
201.245.192.253 - - [30/Jan/2024:02:31:12 -0500] "POST /forms/lservlet;jsessionid=ac16012b30d6391c4eefb46944b39e93e343947a1a41.e3iSbxaKaheRe3qKcheMbNuKc41ynknvrkLOlQzNp65In0 HTTP/1.1" 200 2
201.245.192.253 - - [30/Jan/2024:02:32:47 -0500] "POST /kwsrmcab/Wsrmcab  HTTP/1.1" 200 37857
201.245.192.253 - - [30/Jan/2024:02:33:34 -0500] "POST /forms/lservlet;jsessionid=ac16012b30d6391c4eefb46944b39e93e343947a1a41.e3iSbxaKaheRe3qKcheMbNuKc41ynknvrkLOlQzNp65In0 HTTP/1.1" 200 2
216.245.221.92 - - [30/Jan/2024:02:34:03 -0500] "HEAD / HTTP/1.1" 200 -
172.22.2.4 - - [30/Jan/2024:02:32:33 -0500] "HEAD /BLA/boletinlegal/ HTTP/1.1" 200 -
200.118.61.68 - - [30/Jan/2024:02:34:18 -0500] "GET /mesa/contrasena.pdf HTTP/1.1" 200 443199
172.22.2.4 - - [30/Jan/2024:02:33:24 -0500] "GET /BLA/boletinlegal/ HTTP/1.1" 200 58720
201.245.192.253 - - [30/Jan/2024:02:35:49 -0500] "POST /forms/lservlet;jsessionid=ac16012b30d6391c4eefb46944b39e93e343947a1a41.e3iSbxaKaheRe3qKcheMbNuKc41ynknvrkLOlQzNp65In0 HTTP/1.1" 200 2
201.245.192.253 - - [30/Jan/2024:02:37:45 -0500] "POST /kwsrmcab/Wsrmcab  HTTP/1.1" 200 37857
201.245.192.253 - - [30/Jan/2024:02:38:40 -0500] "POST /forms/lservlet;jsessionid=ac16012b30d6391c4eefb46944b39e93e343947a1a41.e3iSbxaKaheRe3qKcheMbNuKc41ynknvrkLOlQzNp65In0 HTTP/1.1" 200 2
216.245.221.92 - - [30/Jan/2024:02:39:03 -0500] "HEAD / HTTP/1.1" 200 -
201.245.192.253 - - [30/Jan/2024:02:39:31 -0500] "POST /kwsrmcab/Wsrmcab HTTP/1.1" 200 38878
201.245.192.253 - - [30/Jan/2024:02:39:35 -0500] "POST /kwsrmcab/Wsrmcab HTTP/1.1" 200 40530
201.245.192.253 - - [30/Jan/2024:02:39:35 -0500] "POST /kwsrmcab/Wsrmcab HTTP/1.1" 200 39855
172.22.2.4 - - [30/Jan/2024:02:38:23 -0500] "HEAD /BLA/boletinlegal/ HTTP/1.1" 200 -
201.245.192.253 - - [30/Jan/2024:02:40:36 -0500] "POST /kwsrmcab/Wsrmcab HTTP/1.1" 200 40530
172.22.2.4 - - [30/Jan/2024:02:39:14 -0500] "GET /BLA/boletinlegal/ HTTP/1.1" 200 58720
172.22.2.4 - - [30/Jan/2024:02:40:52 -0500] "GET /BLA/boletinlegal/ HTTP/1.1" 200 62959
201.245.192.253 - - [30/Jan/2024:02:42:43 -0500] "POST /kwsrmcab/Wsrmcab  HTTP/1.1" 200 37857
201.245.192.253 - - [30/Jan/2024:02:43:31 -0500] "POST /forms/lservlet;jsessionid=ac16012b30d6391c4eefb46944b39e93e343947a1a41.e3iSbxaKaheRe3qKcheMbNuKc41ynknvrkLOlQzNp65In0 HTTP/1.1" 200 2
216.245.221.92 - - [30/Jan/2024:02:44:03 -0500] "HEAD / HTTP/1.1" 200 -
201.245.192.253 - - [30/Jan/2024:02:45:31 -0500] "POST /forms/lservlet;jsessionid=ac16012b30d6391c4eefb46944b39e93e343947a1a41.e3iSbxaKaheRe3qKcheMbNuKc41ynknvrkLOlQzNp65In0 HTTP/1.1" 200 2
172.22.2.4 - - [30/Jan/2024:02:44:13 -0500] "HEAD /BLA/boletinlegal/ HTTP/1.1" 200 -
172.22.2.4 - - [30/Jan/2024:02:45:04 -0500] "GET /BLA/boletinlegal/ HTTP/1.1" 200 59104
201.245.192.253 - - [30/Jan/2024:02:47:42 -0500] "POST /kwsrmcab/Wsrmcab  HTTP/1.1" 200 37857
201.245.192.253 - - [30/Jan/2024:02:47:56 -0500] "POST /forms/lservlet;jsessionid=ac16012b30d6391c4eefb46944b39e93e343947a1a41.e3iSbxaKaheRe3qKcheMbNuKc41ynknvrkLOlQzNp65In0 HTTP/1.1" 200 2
216.245.221.92 - - [30/Jan/2024:02:49:03 -0500] "HEAD / HTTP/1.1" 200 -
201.245.192.253 - - [30/Jan/2024:02:50:33 -0500] "POST /forms/lservlet;jsessionid=ac16012b30d6391c4eefb46944b39e93e343947a1a41.e3iSbxaKaheRe3qKcheMbNuKc41ynknvrkLOlQzNp65In0 HTTP/1.1" 200 2
172.22.2.4 - - [30/Jan/2024:02:50:03 -0500] "HEAD /BLA/boletinlegal/ HTTP/1.1" 200 -
172.22.2.4 - - [30/Jan/2024:02:50:54 -0500] "GET /BLA/boletinlegal/ HTTP/1.1" 200 60583
201.245.192.253 - - [30/Jan/2024:02:52:41 -0500] "POST /kwsrmcab/Wsrmcab  HTTP/1.1" 200 37857
172.22.2.4 - - [30/Jan/2024:02:53:28 -0500] "GET /BLA/boletinlegal/actos.php HTTP/1.1" 200 9738
172.22.2.4 - - [30/Jan/2024:02:53:29 -0500] "GET /BLA/boletinlegal/styles2.css HTTP/1.1" 200 1838
172.22.2.4 - - [30/Jan/2024:02:53:29 -0500] "GET /BLA/boletinlegal/niceforms.js HTTP/1.1" 200 22876
172.22.2.4 - - [30/Jan/2024:02:53:29 -0500] "GET /BLA/boletinlegal/js/ajax_actos.js HTTP/1.1" 200 1322
172.22.2.4 - - [30/Jan/2024:02:53:30 -0500] "GET /BLA/boletinlegal/niceforms-default.css HTTP/1.1" 200 6694
172.22.2.4 - - [30/Jan/2024:02:53:30 -0500] "GET /BLA/boletinlegal/style.css HTTP/1.1" 200 9406
172.22.2.4 - - [30/Jan/2024:02:53:30 -0500] "GET /BLA/boletinlegal/js/popup.js HTTP/1.1" 200 1270
172.22.2.4 - - [30/Jan/2024:02:53:30 -0500] "GET /BLA/boletinlegal/js/jquery1.js HTTP/1.1" 200 29846
172.22.2.4 - - [30/Jan/2024:02:53:30 -0500] "GET /BLA/boletinlegal/js/lib.js HTTP/1.1" 200 6474
172.22.2.4 - - [30/Jan/2024:02:53:31 -0500] "GET /BLA/boletinlegal/images/historia.png HTTP/1.1" 200 52775
172.22.2.4 - - [30/Jan/2024:02:53:31 -0500] "GET /BLA/boletinlegal/images/subscribe-icon-big.png HTTP/1.1" 200 47702
172.22.2.4 - - [30/Jan/2024:02:53:31 -0500] "GET /BLA/boletinlegal/images/cabezote%20BLEGAL.jpg HTTP/1.1" 200 118164
201.245.192.253 - - [30/Jan/2024:02:53:36 -0500] "POST /forms/lservlet;jsessionid=ac16012b30d6391c4eefb46944b39e93e343947a1a41.e3iSbxaKaheRe3qKcheMbNuKc41ynknvrkLOlQzNp65In0 HTTP/1.1" 200 2
172.22.2.4 - - [30/Jan/2024:02:53:42 -0500] "GET /BLA/boletinlegal/images/menu_lft.gif HTTP/1.1" 200 1713
172.22.2.4 - - [30/Jan/2024:02:53:42 -0500] "GET /BLA/boletinlegal/images/body_bg.jpg HTTP/1.1" 200 1601
172.22.2.4 - - [30/Jan/2024:02:53:42 -0500] "GET /BLA/boletinlegal/images/footer_bg.jpg HTTP/1.1" 200 586
172.22.2.4 - - [30/Jan/2024:02:53:42 -0500] "GET /BLA/boletinlegal/images/menu_rght.gif HTTP/1.1" 200 1627
172.22.2.4 - - [30/Jan/2024:02:53:42 -0500] "GET /BLA/boletinlegal/images/bg_top.jpg HTTP/1.1" 200 522
172.22.2.4 - - [30/Jan/2024:02:53:42 -0500] "GET /BLA/boletinlegal/images/menu_bg.jpg HTTP/1.1" 200 620
172.22.2.4 - - [30/Jan/2024:02:53:42 -0500] "GET /BLA/boletinlegal/images/hover.jpg HTTP/1.1" 200 640
172.22.2.4 - - [30/Jan/2024:02:53:42 -0500] "GET /BLA/boletinlegal/images/text.jpg HTTP/1.1" 200 568
172.22.2.4 - - [30/Jan/2024:02:53:43 -0500] "GET /BLA/boletinlegal/images/green-yellow-blue-pink-th.png HTTP/1.1" 200 7394
172.22.2.4 - - [30/Jan/2024:02:53:43 -0500] "GET /BLA/boletinlegal/images/registro-usuarios.png HTTP/1.1" 200 8106
172.22.2.4 - - [30/Jan/2024:02:53:43 -0500] "GET /BLA/boletinlegal/images/tel.png HTTP/1.1" 200 14477
172.22.2.4 - - [30/Jan/2024:02:53:43 -0500] "GET /BLA/boletinlegal/images/icono-email.png HTTP/1.1" 200 5544
172.22.2.4 - - [30/Jan/2024:02:53:43 -0500] "GET /BLA/boletinlegal/images/footer_bg_l.jpg HTTP/1.1" 200 776
