216.245.221.92 - - [03/Feb/2024:03:31:03 -0500] "HEAD / HTTP/1.1" 200 -
216.244.66.195 - - [03/Feb/2024:03:31:16 -0500] "GET /BLA/resoluciones/AUTOS%202015/3645.pdf HTTP/1.1" 200 849787
216.244.66.195 - - [03/Feb/2024:03:31:54 -0500] "GET /BLA/resoluciones/AUTOS%202017/3806.pdf HTTP/1.1" 200 1017407
201.245.192.253 - - [03/Feb/2024:03:32:11 -0500] "POST /kwsrmcab/Wsrmcab  HTTP/1.1" 200 37857
216.244.66.195 - - [03/Feb/2024:03:32:28 -0500] "GET /BLA/resoluciones/AUTOS%202017/4241.pdf HTTP/1.1" 200 287155
216.244.66.195 - - [03/Feb/2024:03:32:59 -0500] "GET /BLA/resoluciones/AUTOS%202017/5237.pdf HTTP/1.1" 200 741543
216.244.66.195 - - [03/Feb/2024:03:33:28 -0500] "GET /BLA/resoluciones/AUTOS%202018/2603.pdf HTTP/1.1" 200 562034
216.244.66.195 - - [03/Feb/2024:03:34:00 -0500] "GET /BLA/resoluciones/AUTOS%202018/4503.pdf HTTP/1.1" 200 286527
216.244.66.195 - - [03/Feb/2024:03:34:28 -0500] "GET /BLA/resoluciones/AUTOS%202018/4529.pdf HTTP/1.1" 200 264456
216.244.66.195 - - [03/Feb/2024:03:34:54 -0500] "GET /BLA/resoluciones/AUTOS%202019/0199.pdf HTTP/1.1" 200 6760705
172.22.2.4 - - [03/Feb/2024:03:33:46 -0500] "HEAD /BLA/boletinlegal/ HTTP/1.1" 200 -
216.244.66.195 - - [03/Feb/2024:03:35:31 -0500] "GET /BLA/resoluciones/AUTOS%202019/0467.pdf HTTP/1.1" 200 346708
216.245.221.92 - - [03/Feb/2024:03:36:03 -0500] "HEAD / HTTP/1.1" 200 -
216.244.66.195 - - [03/Feb/2024:03:36:04 -0500] "GET /BLA/resoluciones/AUTOS%202019/2474.pdf HTTP/1.1" 200 994527
172.22.2.4 - - [03/Feb/2024:03:34:37 -0500] "GET /BLA/boletinlegal/ HTTP/1.1" 200 58677
216.244.66.195 - - [03/Feb/2024:03:36:35 -0500] "GET /BLA/resoluciones/AUTOS%202019/2543.pdf HTTP/1.1" 200 268066
216.244.66.195 - - [03/Feb/2024:03:37:03 -0500] "GET /BLA/resoluciones/AUTOS%202019/3394.pdf HTTP/1.1" 200 279092
172.22.2.4 - - [03/Feb/2024:03:37:09 -0500] "GET /BLA/boletinlegal/Directivas/2011/Directiva%20No.%206%20del%208%20de%20Septiembre%20de%202011.pdf HTTP/1.1" 304 -
201.245.192.253 - - [03/Feb/2024:03:37:10 -0500] "POST /kwsrmcab/Wsrmcab  HTTP/1.1" 200 37857
216.244.66.195 - - [03/Feb/2024:03:37:30 -0500] "GET /BLA/resoluciones/AUTOS%202020/1964.pdf HTTP/1.1" 200 3062601
87.250.224.204 - - [03/Feb/2024:03:37:45 -0500] "GET /robots.txt HTTP/1.1" 404 1034
95.108.213.140 - - [03/Feb/2024:03:37:45 -0500] "GET /bogota-respiro-y-disfruto-del-dia-sin-carro-y-sin-moto.html HTTP/1.1" 200 845
216.244.66.195 - - [03/Feb/2024:03:38:03 -0500] "GET /BLA/resoluciones/AUTOS%202022/2098.pdf HTTP/1.1" 200 462387
66.249.66.20 - - [03/Feb/2024:03:38:13 -0500] "GET /BLA/resoluciones/Notificaciones/AUTOS%202023/1273.pdf HTTP/1.1" 304 -
216.244.66.195 - - [03/Feb/2024:03:38:33 -0500] "GET /BLA/resoluciones/AUTOS%202022/2181.pdf HTTP/1.1" 200 2592378
216.244.66.195 - - [03/Feb/2024:03:39:06 -0500] "GET /BLA/resoluciones/AUTOS%202022/5468.pdf HTTP/1.1" 200 737584
201.245.192.253 - - [03/Feb/2024:03:39:12 -0500] "POST /kwsrmcab/Wsrmcab HTTP/1.1" 200 40540
201.245.192.253 - - [03/Feb/2024:03:39:15 -0500] "POST /kwsrmcab/Wsrmcab HTTP/1.1" 200 40040
201.245.192.253 - - [03/Feb/2024:03:39:19 -0500] "POST /kwsrmcab/Wsrmcab HTTP/1.1" 200 40508
216.244.66.195 - - [03/Feb/2024:03:39:37 -0500] "GET /BLA/resoluciones/RESOLUCIONES%202011/1762.pdf HTTP/1.1" 200 521802
216.244.66.195 - - [03/Feb/2024:03:40:10 -0500] "GET /BLA/resoluciones/RESOLUCIONES%202011/1852.pdf HTTP/1.1" 200 1008778
201.245.192.253 - - [03/Feb/2024:03:40:27 -0500] "POST /kwsrmcab/Wsrmcab HTTP/1.1" 200 40040
216.244.66.195 - - [03/Feb/2024:03:40:39 -0500] "GET /BLA/resoluciones/RESOLUCIONES%202011/2168.pdf HTTP/1.1" 200 499002
216.245.221.92 - - [03/Feb/2024:03:41:03 -0500] "HEAD / HTTP/1.1" 200 -
216.244.66.195 - - [03/Feb/2024:03:41:07 -0500] "GET /BLA/resoluciones/RESOLUCIONES%202018/0816.pdf HTTP/1.1" 200 335334
172.22.2.4 - - [03/Feb/2024:03:39:36 -0500] "HEAD /BLA/boletinlegal/ HTTP/1.1" 200 -
216.244.66.195 - - [03/Feb/2024:03:41:33 -0500] "GET /BLA/resoluciones/RESOLUCIONES%202018/0958.pdf HTTP/1.1" 200 302108
216.244.66.195 - - [03/Feb/2024:03:41:58 -0500] "GET /BLA/resoluciones/RESOLUCIONES%202018/1053.pdf HTTP/1.1" 200 905400
172.22.2.4 - - [03/Feb/2024:03:40:27 -0500] "GET /BLA/boletinlegal/ HTTP/1.1" 200 58677
201.245.192.253 - - [03/Feb/2024:03:42:07 -0500] "POST /kwsrmcab/Wsrmcab  HTTP/1.1" 200 37857
216.244.66.195 - - [03/Feb/2024:03:42:24 -0500] "GET /BLA/resoluciones/RESOLUCIONES%202018/1500.pdf HTTP/1.1" 200 254260
216.244.66.195 - - [03/Feb/2024:03:42:47 -0500] "GET /BLA/resoluciones/RESOLUCIONES%202018/2186.pdf HTTP/1.1" 200 309452
216.244.66.195 - - [03/Feb/2024:03:43:10 -0500] "GET /BLA/resoluciones/RESOLUCIONES%202018/3132.pdf HTTP/1.1" 200 271706
66.249.66.19 - - [03/Feb/2024:03:43:22 -0500] "GET /BLA/resoluciones/AUTOS%202022/3507.pdf HTTP/1.1" 304 -
199.16.157.183 - - [03/Feb/2024:03:43:26 -0500] "GET /images/pl%C3%A1sticos%20foto%201..jpg HTTP/1.1" 404 1034
199.16.157.180 - - [03/Feb/2024:03:43:26 -0500] "GET /images/pl%C3%A1sticos%20foto%201..jpg HTTP/1.1" 404 1034
199.16.157.183 - - [03/Feb/2024:03:43:26 -0500] "GET /images/pl%C3%A1sticos%20foto%201..jpg HTTP/1.1" 404 1034
216.244.66.195 - - [03/Feb/2024:03:43:31 -0500] "GET /BLA/resoluciones/RESOLUCIONES%202018/3713.pdf HTTP/1.1" 200 255926
168.119.252.253 - - [03/Feb/2024:03:43:37 -0500] "GET / HTTP/1.1" 200 4720
216.244.66.195 - - [03/Feb/2024:03:43:51 -0500] "GET /BLA/resoluciones/RESOLUCIONES%202018/3795.pdf HTTP/1.1" 200 369671
20.240.13.243 - - [03/Feb/2024:03:44:02 -0500] "GET /Publicaciones/2023EE251412.pdf HTTP/1.1" 404 228
216.244.66.195 - - [03/Feb/2024:03:44:10 -0500] "GET /BLA/resoluciones/RESOLUCIONES%202018/4146.pdf HTTP/1.1" 200 272542
52.167.144.205 - - [03/Feb/2024:03:44:13 -0500] "GET /BLA/resoluciones/RESOLUCIONES%202022/2987.pdf HTTP/1.1" 200 473000
216.244.66.195 - - [03/Feb/2024:03:44:31 -0500] "GET /BLA/resoluciones/index.php?dir=AUTOS%202021/&sort=name&order=desc HTTP/1.1" 200 399363
216.245.221.92 - - [03/Feb/2024:03:46:03 -0500] "HEAD / HTTP/1.1" 200 -
172.22.2.4 - - [03/Feb/2024:03:45:26 -0500] "HEAD /BLA/boletinlegal/ HTTP/1.1" 200 -
201.245.192.253 - - [03/Feb/2024:03:47:06 -0500] "POST /kwsrmcab/Wsrmcab  HTTP/1.1" 200 37857
146.19.24.23 - - [03/Feb/2024:03:47:28 -0500] "GET / HTTP/1.1" 200 319
172.22.2.4 - - [03/Feb/2024:03:46:17 -0500] "GET /BLA/boletinlegal/ HTTP/1.1" 200 61040
52.167.144.224 - - [03/Feb/2024:03:48:42 -0500] "GET /Publicaciones/2023EE182042.pdf HTTP/1.1" 404 228
216.245.221.92 - - [03/Feb/2024:03:51:03 -0500] "HEAD / HTTP/1.1" 200 -
201.245.192.253 - - [03/Feb/2024:03:52:04 -0500] "POST /kwsrmcab/Wsrmcab  HTTP/1.1" 200 37857
172.22.2.4 - - [03/Feb/2024:03:51:16 -0500] "HEAD /BLA/boletinlegal/ HTTP/1.1" 200 -
172.22.2.4 - - [03/Feb/2024:03:52:07 -0500] "GET /BLA/boletinlegal/ HTTP/1.1" 200 58677
66.249.66.21 - - [03/Feb/2024:03:55:05 -0500] "GET /BLA/resoluciones/RESOLUCIONES%202007/RESOLUCION%202331%20DE%202007.PDF HTTP/1.1" 200 77117
216.245.221.92 - - [03/Feb/2024:03:56:03 -0500] "HEAD / HTTP/1.1" 200 -
69.63.184.1 - - [03/Feb/2024:03:56:24 -0500] "GET /images/25%20Incendio%20declaratoria.jpeg HTTP/1.1" 200 90327
69.63.184.11 - - [03/Feb/2024:03:56:24 -0500] "GET /images/Rueda%20de%20prensa.jpeg HTTP/1.1" 200 58715
69.63.184.15 - - [03/Feb/2024:03:56:29 -0500] "GET /images/24%20de%20enero%20sendero.JPG HTTP/1.1" 200 59121
69.63.184.8 - - [03/Feb/2024:03:56:33 -0500] "GET /images/Caminatas%20(1)%20(2).jpeg HTTP/1.1" 200 81411
157.55.39.205 - - [03/Feb/2024:03:56:40 -0500] "GET /Publicaciones/2023EE207903.pdf HTTP/1.1" 404 228
66.249.66.21 - - [03/Feb/2024:03:56:58 -0500] "GET /BLA/resoluciones/AUTOS%202013/2203.pdf HTTP/1.1" 200 573228
201.245.192.253 - - [03/Feb/2024:03:57:03 -0500] "POST /kwsrmcab/Wsrmcab  HTTP/1.1" 200 37857
66.249.66.20 - - [03/Feb/2024:03:57:41 -0500] "GET /BLA/resoluciones/AUTOS%202008/2154.pdf HTTP/1.1" 200 288606
172.22.2.4 - - [03/Feb/2024:03:57:06 -0500] "HEAD /BLA/boletinlegal/ HTTP/1.1" 200 -
172.22.2.4 - - [03/Feb/2024:03:57:57 -0500] "GET /BLA/boletinlegal/ HTTP/1.1" 200 61040
216.245.221.92 - - [03/Feb/2024:04:01:03 -0500] "HEAD / HTTP/1.1" 200 -
157.55.39.9 - - [03/Feb/2024:04:01:09 -0500] "GET /BLA/resoluciones/AUTOS%202023/5959.pdf HTTP/1.1" 200 409780
69.63.184.7 - - [03/Feb/2024:04:01:17 -0500] "GET /calidad-del-aire-de-bogota-empieza-a-deteriorarse-producto-de-incendios-forestales.html HTTP/1.1" 200 741
201.245.192.253 - - [03/Feb/2024:04:02:01 -0500] "POST /kwsrmcab/Wsrmcab  HTTP/1.1" 200 37857
216.244.66.195 - - [03/Feb/2024:04:02:17 -0500] "GET /robots.txt HTTP/1.1" 404 1018
66.249.66.166 - - [03/Feb/2024:04:03:17 -0500] "GET /portaldeninos/2021/06/20/mas-de-130-arboles-fueron-plantados-en-el-humedal-la-conejera-con-comunidad-educativa/ HTTP/1.1" 200 107808
66.249.66.166 - - [03/Feb/2024:04:03:27 -0500] "GET /portaldeninos/wp-content/uploads/useanyfont/uaf.css?ver=1589905315 HTTP/1.1" 200 408
66.249.66.165 - - [03/Feb/2024:04:03:28 -0500] "GET /portaldeninos/wp-content/themes/betheme/css/layout.css?ver=20.9.6 HTTP/1.1" 200 116639
66.249.66.165 - - [03/Feb/2024:04:03:29 -0500] "GET /portaldeninos/wp-includes/js/jquery/ui/widget.min.js?ver=1.11.4 HTTP/1.1" 200 6908
66.249.66.165 - - [03/Feb/2024:04:03:30 -0500] "GET /portaldeninos/wp-includes/js/jquery/ui/mouse.min.js?ver=1.11.4 HTTP/1.1" 200 3148
66.249.66.166 - - [03/Feb/2024:04:03:31 -0500] "GET /portaldeninos/wp-content/plugins/gallery-videos/CSS/totalsoft.css?ver=4.9.8 HTTP/1.1" 200 40622
66.249.66.165 - - [03/Feb/2024:04:03:32 -0500] "GET /portaldeninos/wp-content/themes/betheme/assets/animations/animations.min.js?ver=20.9.6 HTTP/1.1" 200 1896
69.171.249.2 - - [03/Feb/2024:04:03:39 -0500] "GET /images/27%20de%20enero%20Soratama.jpg HTTP/1.1" 200 63397
172.22.2.4 - - [03/Feb/2024:04:02:56 -0500] "HEAD /BLA/boletinlegal/ HTTP/1.1" 200 -
172.22.2.4 - - [03/Feb/2024:04:03:47 -0500] "GET /BLA/boletinlegal/ HTTP/1.1" 200 58303
168.119.52.80 - - [03/Feb/2024:04:05:38 -0500] "GET / HTTP/1.1" 200 4720
216.245.221.92 - - [03/Feb/2024:04:06:03 -0500] "HEAD / HTTP/1.1" 200 -
66.249.66.19 - - [03/Feb/2024:04:06:13 -0500] "GET /BLA/resoluciones/RESOLUCIONES%202008/3702.pdf HTTP/1.1" 200 155722
201.245.192.253 - - [03/Feb/2024:04:07:00 -0500] "POST /kwsrmcab/Wsrmcab  HTTP/1.1" 200 37857
172.22.2.4 - - [03/Feb/2024:04:07:24 -0500] "GET /BLA/boletinlegal/sitemap.xml HTTP/1.1" 404 1038
40.77.167.247 - - [03/Feb/2024:04:07:27 -0500] "GET /BLA/resoluciones/RESOLUCIONES%202023/01925.pdf HTTP/1.1" 200 463254
172.22.2.4 - - [03/Feb/2024:04:08:13 -0500] "GET /BLA/boletinlegal/ HTTP/1.1" 200 56719
172.22.2.4 - - [03/Feb/2024:04:08:46 -0500] "HEAD /BLA/boletinlegal/ HTTP/1.1" 200 -
20.27.20.19 - - [03/Feb/2024:04:10:33 -0500] "GET /Publicaciones/2023EE309908.pdf HTTP/1.1" 404 228
216.245.221.92 - - [03/Feb/2024:04:11:03 -0500] "HEAD / HTTP/1.1" 200 -
172.22.2.4 - - [03/Feb/2024:04:09:37 -0500] "GET /BLA/boletinlegal/ HTTP/1.1" 200 58303
201.245.192.253 - - [03/Feb/2024:04:11:59 -0500] "POST /kwsrmcab/Wsrmcab  HTTP/1.1" 200 37857
172.22.2.4 - - [03/Feb/2024:04:14:08 -0500] "GET /BLA/boletinlegal/robots.txt HTTP/1.1" 404 1038
199.16.157.182 - - [03/Feb/2024:04:14:33 -0500] "GET /images/cr%C3%B3nica-29-nov-1_optimized.jpeg HTTP/1.1" 404 1034
199.16.157.181 - - [03/Feb/2024:04:14:33 -0500] "GET /images/cr%C3%B3nica-29-nov-1_optimized.jpeg HTTP/1.1" 404 1034
199.16.157.183 - - [03/Feb/2024:04:14:33 -0500] "GET /images/cr%C3%B3nica-29-nov-1_optimized.jpeg HTTP/1.1" 404 1034
216.245.221.92 - - [03/Feb/2024:04:16:03 -0500] "HEAD / HTTP/1.1" 200 -
66.249.66.19 - - [03/Feb/2024:04:16:09 -0500] "GET /BLA/resoluciones/RESOLUCIONES%202009/6974.pdf HTTP/1.1" 200 638441
172.22.2.4 - - [03/Feb/2024:04:14:36 -0500] "HEAD /BLA/boletinlegal/ HTTP/1.1" 200 -
201.245.192.253 - - [03/Feb/2024:04:16:58 -0500] "POST /kwsrmcab/Wsrmcab  HTTP/1.1" 200 37857
172.22.2.4 - - [03/Feb/2024:04:15:27 -0500] "GET /BLA/boletinlegal/ HTTP/1.1" 200 57079
201.245.192.253 - - [03/Feb/2024:04:19:12 -0500] "POST /kwsrmcab/Wsrmcab HTTP/1.1" 200 40528
201.245.192.253 - - [03/Feb/2024:04:19:15 -0500] "POST /kwsrmcab/Wsrmcab HTTP/1.1" 200 40046
201.245.192.253 - - [03/Feb/2024:04:19:19 -0500] "POST /kwsrmcab/Wsrmcab HTTP/1.1" 200 40342
201.245.192.253 - - [03/Feb/2024:04:20:26 -0500] "POST /kwsrmcab/Wsrmcab HTTP/1.1" 200 40046
216.245.221.92 - - [03/Feb/2024:04:21:03 -0500] "HEAD / HTTP/1.1" 200 -
201.245.192.253 - - [03/Feb/2024:04:21:56 -0500] "POST /kwsrmcab/Wsrmcab  HTTP/1.1" 200 37857
172.22.2.4 - - [03/Feb/2024:04:20:26 -0500] "HEAD /BLA/boletinlegal/ HTTP/1.1" 200 -
157.55.39.205 - - [03/Feb/2024:04:22:22 -0500] "GET /BLA/resoluciones/AUTOS%202023/3606.pdf HTTP/1.1" 200 5029468
66.249.66.19 - - [03/Feb/2024:04:22:25 -0500] "GET /BLA/resoluciones/AUTOS%202007/3358.pdf HTTP/1.1" 200 116981
157.90.251.233 - - [03/Feb/2024:04:22:49 -0500] "GET / HTTP/1.1" 200 4720
172.22.2.4 - - [03/Feb/2024:04:21:17 -0500] "GET /BLA/boletinlegal/ HTTP/1.1" 200 58677
216.244.66.195 - - [03/Feb/2024:04:24:48 -0500] "GET /BLA/resoluciones/AUTOS%202008/0079.pdf HTTP/1.1" 200 62403
216.244.66.195 - - [03/Feb/2024:04:24:53 -0500] "GET /BLA/resoluciones/AUTOS%202008/0464.pdf HTTP/1.1" 200 100383
216.244.66.195 - - [03/Feb/2024:04:24:58 -0500] "GET /BLA/resoluciones/AUTOS%202008/1626.pdf HTTP/1.1" 200 67743
216.244.66.195 - - [03/Feb/2024:04:25:01 -0500] "GET /BLA/resoluciones/AUTOS%202013/1923.pdf HTTP/1.1" 200 552059
216.244.66.195 - - [03/Feb/2024:04:25:16 -0500] "GET /BLA/resoluciones/AUTOS%202013/2447.pdf HTTP/1.1" 200 618007
216.244.66.195 - - [03/Feb/2024:04:25:27 -0500] "GET /BLA/resoluciones/AUTOS%202014/1089.pdf HTTP/1.1" 200 521393
216.244.66.195 - - [03/Feb/2024:04:25:38 -0500] "GET /BLA/resoluciones/AUTOS%202014/2652.pdf HTTP/1.1" 200 607427
216.244.66.195 - - [03/Feb/2024:04:25:48 -0500] "GET /BLA/resoluciones/AUTOS%202015/0364.pdf HTTP/1.1" 200 494809
216.245.221.92 - - [03/Feb/2024:04:26:03 -0500] "HEAD / HTTP/1.1" 200 -
216.244.66.195 - - [03/Feb/2024:04:26:05 -0500] "GET /BLA/resoluciones/AUTOS%202015/0652.pdf HTTP/1.1" 200 567810
216.244.66.195 - - [03/Feb/2024:04:26:43 -0500] "GET /BLA/resoluciones/AUTOS%202015/0784.pdf HTTP/1.1" 200 804573
201.245.192.253 - - [03/Feb/2024:04:26:55 -0500] "POST /kwsrmcab/Wsrmcab  HTTP/1.1" 200 37857
216.244.66.195 - - [03/Feb/2024:04:27:21 -0500] "GET /BLA/resoluciones/AUTOS%202015/0815.pdf HTTP/1.1" 200 643869
207.46.13.116 - - [03/Feb/2024:04:27:33 -0500] "GET /BLA/resoluciones/RESOLUCIONES%202023/02840.pdf HTTP/1.1" 200 9491886
216.244.66.195 - - [03/Feb/2024:04:27:51 -0500] "GET /BLA/resoluciones/AUTOS%202015/1150.pdf HTTP/1.1" 200 241473
172.22.2.4 - - [03/Feb/2024:04:26:16 -0500] "HEAD /BLA/boletinlegal/ HTTP/1.1" 200 -
216.244.66.195 - - [03/Feb/2024:04:28:21 -0500] "GET /BLA/resoluciones/AUTOS%202015/2017.pdf HTTP/1.1" 200 629083
66.249.66.19 - - [03/Feb/2024:04:28:21 -0500] "GET /Publicaciones/2023EE297500.pdf HTTP/1.1" 404 228
172.22.2.4 - - [03/Feb/2024:04:27:07 -0500] "GET /BLA/boletinlegal/ HTTP/1.1" 200 59561
216.244.66.195 - - [03/Feb/2024:04:28:52 -0500] "GET /BLA/resoluciones/AUTOS%202015/2056.pdf HTTP/1.1" 200 761416
201.245.192.253 - - [03/Feb/2024:04:29:12 -0500] "POST /kwsrmcab/Wsrmcab HTTP/1.1" 200 40528
201.245.192.253 - - [03/Feb/2024:04:29:15 -0500] "POST /kwsrmcab/Wsrmcab HTTP/1.1" 200 40046
66.249.66.19 - - [03/Feb/2024:04:29:19 -0500] "GET /resoluciones/RESOLUCIONES%202009/0192.pdf HTTP/1.1" 404 1018
216.244.66.195 - - [03/Feb/2024:04:29:21 -0500] "GET /BLA/resoluciones/AUTOS%202015/2136.pdf HTTP/1.1" 200 854454
201.245.192.253 - - [03/Feb/2024:04:29:19 -0500] "POST /kwsrmcab/Wsrmcab HTTP/1.1" 200 40342
216.244.66.195 - - [03/Feb/2024:04:29:52 -0500] "GET /BLA/resoluciones/AUTOS%202015/2439.pdf HTTP/1.1" 200 718181
216.244.66.195 - - [03/Feb/2024:04:30:22 -0500] "GET /BLA/resoluciones/AUTOS%202017/4959.pdf HTTP/1.1" 200 299143
201.245.192.253 - - [03/Feb/2024:04:30:24 -0500] "POST /kwsrmcab/Wsrmcab HTTP/1.1" 200 40046
66.249.66.21 - - [03/Feb/2024:04:30:28 -0500] "GET /BLA/resoluciones/RESOLUCIONES%202009/1350.pdf HTTP/1.1" 200 512393
216.244.66.195 - - [03/Feb/2024:04:30:47 -0500] "GET /BLA/resoluciones/AUTOS%202017/5182.pdf HTTP/1.1" 200 344204
216.245.221.92 - - [03/Feb/2024:04:31:03 -0500] "HEAD / HTTP/1.1" 200 -
216.244.66.195 - - [03/Feb/2024:04:31:11 -0500] "GET /BLA/resoluciones/AUTOS%202018/0549.pdf HTTP/1.1" 200 281070
216.244.66.195 - - [03/Feb/2024:04:31:34 -0500] "GET /BLA/resoluciones/AUTOS%202018/1959.pdf HTTP/1.1" 200 283111
216.244.66.195 - - [03/Feb/2024:04:31:55 -0500] "GET /BLA/resoluciones/AUTOS%202018/2012.pdf HTTP/1.1" 200 288675
201.245.192.253 - - [03/Feb/2024:04:31:54 -0500] "POST /kwsrmcab/Wsrmcab  HTTP/1.1" 200 37857
216.244.66.195 - - [03/Feb/2024:04:32:16 -0500] "GET /BLA/resoluciones/AUTOS%202018/2416.pdf HTTP/1.1" 200 3540686
216.244.66.195 - - [03/Feb/2024:04:32:49 -0500] "GET /BLA/resoluciones/AUTOS%202018/2730.pdf HTTP/1.1" 200 292368
216.244.66.195 - - [03/Feb/2024:04:33:20 -0500] "GET /BLA/resoluciones/AUTOS%202018/2974.pdf HTTP/1.1" 200 290771
199.16.157.183 - - [03/Feb/2024:04:33:22 -0500] "GET /secretaria-de-ambiente-y-universidad-de-la-salle-firman-acuerdo-de-conservacion-en-17-hectareas.html HTTP/1.1" 200 990
199.16.157.181 - - [03/Feb/2024:04:33:22 -0500] "GET /images/Acuerdos%2001%20(1)%20(1).jpeg HTTP/1.1" 200 32884
172.22.2.4 - - [03/Feb/2024:04:32:06 -0500] "HEAD /BLA/boletinlegal/ HTTP/1.1" 200 -
216.244.66.195 - - [03/Feb/2024:04:33:49 -0500] "GET /BLA/resoluciones/AUTOS%202018/3396.pdf HTTP/1.1" 200 557881
216.244.66.195 - - [03/Feb/2024:04:34:18 -0500] "GET /BLA/resoluciones/AUTOS%202018/3584.pdf HTTP/1.1" 200 260008
172.22.2.4 - - [03/Feb/2024:04:32:57 -0500] "GET /BLA/boletinlegal/ HTTP/1.1" 200 57079
216.244.66.195 - - [03/Feb/2024:04:34:45 -0500] "GET /BLA/resoluciones/AUTOS%202018/3751.pdf HTTP/1.1" 200 284996
52.167.144.214 - - [03/Feb/2024:04:35:07 -0500] "GET /BLA/resoluciones/RESOLUCIONES%202021/4394.pdf HTTP/1.1" 304 -
216.244.66.195 - - [03/Feb/2024:04:35:11 -0500] "GET /BLA/resoluciones/AUTOS%202018/4301.pdf HTTP/1.1" 200 282013
216.244.66.195 - - [03/Feb/2024:04:35:37 -0500] "GET /BLA/resoluciones/AUTOS%202018/4327.pdf HTTP/1.1" 200 240992
216.244.66.195 - - [03/Feb/2024:04:36:01 -0500] "GET /BLA/resoluciones/AUTOS%202019/2103.pdf HTTP/1.1" 200 330017
216.245.221.92 - - [03/Feb/2024:04:36:03 -0500] "HEAD / HTTP/1.1" 200 -
66.249.66.20 - - [03/Feb/2024:04:36:15 -0500] "GET /BLA/resoluciones/RESOLUCIONES%202009/1396.pdf HTTP/1.1" 200 3068261
216.244.66.195 - - [03/Feb/2024:04:36:24 -0500] "GET /BLA/resoluciones/AUTOS%202019/3192.pdf HTTP/1.1" 200 263585
216.244.66.195 - - [03/Feb/2024:04:36:47 -0500] "GET /BLA/resoluciones/AUTOS%202019/3488.pdf HTTP/1.1" 200 1230232
201.245.192.253 - - [03/Feb/2024:04:36:52 -0500] "POST /kwsrmcab/Wsrmcab  HTTP/1.1" 200 37857
216.244.66.195 - - [03/Feb/2024:04:37:09 -0500] "GET /BLA/resoluciones/AUTOS%202019/4671.pdf HTTP/1.1" 200 313940
216.244.66.195 - - [03/Feb/2024:04:37:29 -0500] "GET /BLA/resoluciones/RESOLUCIONES%202011/1130.pdf HTTP/1.1" 200 716146
216.244.66.195 - - [03/Feb/2024:04:37:48 -0500] "GET /BLA/resoluciones/RESOLUCIONES%202011/1855.pdf HTTP/1.1" 200 740070
216.244.66.195 - - [03/Feb/2024:04:38:07 -0500] "GET /BLA/resoluciones/RESOLUCIONES%202011/2203.pdf HTTP/1.1" 200 511015
216.244.66.195 - - [03/Feb/2024:04:38:25 -0500] "GET /BLA/resoluciones/RESOLUCIONES%202011/2426.pdf HTTP/1.1" 200 516487
216.244.66.195 - - [03/Feb/2024:04:38:41 -0500] "GET /BLA/resoluciones/RESOLUCIONES%202018/0448.pdf HTTP/1.1" 200 6007830
201.245.192.253 - - [03/Feb/2024:04:39:12 -0500] "GET /kwsrmcab/Wsrmcab?wsdl HTTP/1.1" 200 6948
201.245.192.253 - - [03/Feb/2024:04:39:12 -0500] "POST /kwsrmcab/Wsrmcab HTTP/1.1" 200 40528
201.245.192.253 - - [03/Feb/2024:04:39:15 -0500] "POST /kwsrmcab/Wsrmcab HTTP/1.1" 200 40046
201.245.192.253 - - [03/Feb/2024:04:39:19 -0500] "POST /kwsrmcab/Wsrmcab HTTP/1.1" 200 40342
216.244.66.195 - - [03/Feb/2024:04:39:29 -0500] "GET /BLA/resoluciones/RESOLUCIONES%202018/1315.pdf HTTP/1.1" 200 951358
172.22.2.4 - - [03/Feb/2024:04:37:56 -0500] "HEAD /BLA/boletinlegal/ HTTP/1.1" 200 -
216.244.66.195 - - [03/Feb/2024:04:40:02 -0500] "GET /BLA/resoluciones/RESOLUCIONES%202018/1712.pdf HTTP/1.1" 200 449524
201.245.192.253 - - [03/Feb/2024:04:40:22 -0500] "POST /kwsrmcab/Wsrmcab HTTP/1.1" 200 40046
172.22.2.4 - - [03/Feb/2024:04:38:47 -0500] "GET /BLA/boletinlegal/ HTTP/1.1" 200 60676
216.244.66.195 - - [03/Feb/2024:04:40:31 -0500] "GET /BLA/resoluciones/RESOLUCIONES%202018/1795.pdf HTTP/1.1" 200 274825
52.167.144.235 - - [03/Feb/2024:04:40:59 -0500] "GET /BLA/resoluciones/RESOLUCIONES%202021/5222.pdf HTTP/1.1" 304 -
216.244.66.195 - - [03/Feb/2024:04:41:00 -0500] "GET /BLA/resoluciones/RESOLUCIONES%202018/1797.pdf HTTP/1.1" 200 3101321
216.245.221.92 - - [03/Feb/2024:04:41:03 -0500] "HEAD / HTTP/1.1" 200 -
216.244.66.195 - - [03/Feb/2024:04:41:51 -0500] "GET /BLA/resoluciones/RESOLUCIONES%202018/1866.pdf HTTP/1.1" 200 378704
201.245.192.253 - - [03/Feb/2024:04:41:50 -0500] "POST /kwsrmcab/Wsrmcab  HTTP/1.1" 200 37857
66.249.66.21 - - [03/Feb/2024:04:42:08 -0500] "GET /BLA/resoluciones/RESOLUCIONES%202008/3387.pdf HTTP/1.1" 200 271383
216.244.66.195 - - [03/Feb/2024:04:42:24 -0500] "GET /BLA/resoluciones/RESOLUCIONES%202018/2169.pdf HTTP/1.1" 200 965381
216.244.66.195 - - [03/Feb/2024:04:42:55 -0500] "GET /BLA/resoluciones/RESOLUCIONES%202018/2368.pdf HTTP/1.1" 200 275245
216.244.66.195 - - [03/Feb/2024:04:43:23 -0500] "GET /BLA/resoluciones/RESOLUCIONES%202018/2427.pdf HTTP/1.1" 200 412976
52.167.144.197 - - [03/Feb/2024:04:43:33 -0500] "GET /portaldeninos/wp-content/uploads/2019/09/Cipr%C3%A9s-%C3%A1rboles.jpg HTTP/1.1" 200 485766
216.244.66.195 - - [03/Feb/2024:04:43:50 -0500] "GET /BLA/resoluciones/RESOLUCIONES%202018/2692.pdf HTTP/1.1" 200 273371
216.244.66.195 - - [03/Feb/2024:04:44:19 -0500] "GET /BLA/resoluciones/RESOLUCIONES%202018/2707.pdf HTTP/1.1" 200 844563
172.22.2.4 - - [03/Feb/2024:04:43:46 -0500] "HEAD /BLA/boletinlegal/ HTTP/1.1" 200 -
66.249.66.19 - - [03/Feb/2024:04:45:35 -0500] "GET /BLA/resoluciones/AUTOS%202008/0368.pdf HTTP/1.1" 200 151967
216.245.221.92 - - [03/Feb/2024:04:46:03 -0500] "HEAD / HTTP/1.1" 200 -
172.22.2.4 - - [03/Feb/2024:04:44:37 -0500] "GET /BLA/boletinlegal/ HTTP/1.1" 200 58303
201.245.192.253 - - [03/Feb/2024:04:46:49 -0500] "POST /kwsrmcab/Wsrmcab  HTTP/1.1" 200 37857
52.167.144.235 - - [03/Feb/2024:04:49:27 -0500] "GET /BLA/resoluciones/AUTOS%202022/7460.pdf HTTP/1.1" 304 -
216.245.221.92 - - [03/Feb/2024:04:51:03 -0500] "HEAD / HTTP/1.1" 200 -
172.22.2.4 - - [03/Feb/2024:04:49:36 -0500] "HEAD /BLA/boletinlegal/ HTTP/1.1" 200 -
201.245.192.253 - - [03/Feb/2024:04:51:48 -0500] "POST /kwsrmcab/Wsrmcab  HTTP/1.1" 200 37857
172.22.2.4 - - [03/Feb/2024:04:50:27 -0500] "GET /BLA/boletinlegal/ HTTP/1.1" 200 58677
66.249.66.21 - - [03/Feb/2024:04:55:16 -0500] "GET /ial/presentaciones/pte1/1.pdf HTTP/1.1" 404 1018
157.55.39.58 - - [03/Feb/2024:04:55:24 -0500] "GET /BLA/resoluciones/AUTOS%202023/5664.pdf HTTP/1.1" 200 417393
216.245.221.92 - - [03/Feb/2024:04:56:03 -0500] "HEAD / HTTP/1.1" 200 -
52.167.144.17 - - [03/Feb/2024:04:56:31 -0500] "GET /Publicaciones/2024EE21946.pdf HTTP/1.1" 200 694768
201.245.192.253 - - [03/Feb/2024:04:56:47 -0500] "POST /kwsrmcab/Wsrmcab  HTTP/1.1" 200 37857
172.22.2.4 - - [03/Feb/2024:04:55:26 -0500] "HEAD /BLA/boletinlegal/ HTTP/1.1" 200 -
66.249.66.19 - - [03/Feb/2024:04:57:19 -0500] "GET /BLA/resoluciones/RESOLUCIONES%202010/7629.pdf HTTP/1.1" 200 387718
216.244.66.195 - - [03/Feb/2024:04:57:40 -0500] "GET /robots.txt HTTP/1.1" 404 1018
172.22.2.4 - - [03/Feb/2024:04:56:17 -0500] "GET /BLA/boletinlegal/ HTTP/1.1" 200 57867
172.22.2.4 - - [03/Feb/2024:04:58:37 -0500] "GET /BLA/boletinlegal/robots.txt HTTP/1.1" 404 1038
172.22.2.4 - - [03/Feb/2024:04:58:38 -0500] "GET /BLA/boletinlegal/robots.txt HTTP/1.1" 404 1038
216.245.221.92 - - [03/Feb/2024:05:01:03 -0500] "HEAD / HTTP/1.1" 200 -
201.245.192.253 - - [03/Feb/2024:05:01:46 -0500] "POST /kwsrmcab/Wsrmcab  HTTP/1.1" 200 37857
157.55.39.55 - - [03/Feb/2024:05:02:43 -0500] "GET /Publicaciones/2024EE23988.pdf HTTP/1.1" 200 232177
157.55.39.55 - - [03/Feb/2024:05:02:44 -0500] "GET /Publicaciones/2024EE23542.pdf HTTP/1.1" 200 292532
172.22.2.4 - - [03/Feb/2024:05:01:16 -0500] "HEAD /BLA/boletinlegal/ HTTP/1.1" 200 -
172.22.2.4 - - [03/Feb/2024:05:02:07 -0500] "GET /BLA/boletinlegal/ HTTP/1.1" 200 58677
173.252.107.10 - - [03/Feb/2024:05:05:49 -0500] "GET /calidad-del-aire-de-bogota-empieza-a-deteriorarse-producto-de-incendios-forestales.html HTTP/1.1" 200 741
216.245.221.92 - - [03/Feb/2024:05:06:03 -0500] "HEAD / HTTP/1.1" 200 -
201.245.192.253 - - [03/Feb/2024:05:06:45 -0500] "POST /kwsrmcab/Wsrmcab  HTTP/1.1" 200 37857
66.249.66.19 - - [03/Feb/2024:05:08:42 -0500] "GET /arcgis/services/Calidad_del_Agua_WQI/MapServer/WMSServer? HTTP/1.1" 503 1020
172.22.2.4 - - [03/Feb/2024:05:07:06 -0500] "HEAD /BLA/boletinlegal/ HTTP/1.1" 200 -
172.22.2.4 - - [03/Feb/2024:05:07:57 -0500] "GET /BLA/boletinlegal/ HTTP/1.1" 200 55417
66.220.149.17 - - [03/Feb/2024:05:10:09 -0500] "GET /images/24%20de%20enero%20sendero.JPG HTTP/1.1" 200 59121
216.245.221.92 - - [03/Feb/2024:05:11:03 -0500] "HEAD / HTTP/1.1" 200 -
201.245.192.253 - - [03/Feb/2024:05:11:43 -0500] "POST /kwsrmcab/Wsrmcab  HTTP/1.1" 200 37857
172.22.2.4 - - [03/Feb/2024:05:12:21 -0500] "GET /BLA/boletinlegal/Directivas/2009/Directiva%20No.%20del%2023%20de%20Diciembre%20de%202009.pdf HTTP/1.1" 200 1636862
146.19.24.23 - - [03/Feb/2024:05:12:36 -0500] "GET / HTTP/1.1" 200 319
172.22.2.4 - - [03/Feb/2024:05:12:56 -0500] "HEAD /BLA/boletinlegal/ HTTP/1.1" 200 -
40.77.167.62 - - [03/Feb/2024:05:15:13 -0500] "GET /Publicaciones/2024EE23930.pdf HTTP/1.1" 200 336757
172.22.2.4 - - [03/Feb/2024:05:13:47 -0500] "GET /BLA/boletinlegal/ HTTP/1.1" 200 58677
207.46.13.78 - - [03/Feb/2024:05:15:31 -0500] "GET /BLA/resoluciones/AUTOS%202023/05933.pdf HTTP/1.1" 200 429617
216.245.221.92 - - [03/Feb/2024:05:16:03 -0500] "HEAD / HTTP/1.1" 200 -
201.245.192.253 - - [03/Feb/2024:05:16:42 -0500] "POST /kwsrmcab/Wsrmcab  HTTP/1.1" 200 37857
66.249.66.165 - - [03/Feb/2024:05:18:16 -0500] "GET /robots.txt HTTP/1.1" 404 1035
66.249.66.165 - - [03/Feb/2024:05:18:17 -0500] "GET /portaldeninos/2021/06/01/agroecologia-tips-para-germinar-semillas-en-casa/ HTTP/1.1" 200 105801
66.249.66.166 - - [03/Feb/2024:05:18:27 -0500] "GET /portaldeninos/wp-content/plugins/gallery-videos/CSS/totalsoft.css?ver=4.9.8 HTTP/1.1" 200 40622
66.249.66.166 - - [03/Feb/2024:05:18:28 -0500] "GET /portaldeninos/wp-includes/js/jquery/ui/core.min.js?ver=1.11.4 HTTP/1.1" 200 4000
201.245.192.253 - - [03/Feb/2024:05:19:12 -0500] "POST /kwsrmcab/Wsrmcab HTTP/1.1" 200 40534
201.245.192.253 - - [03/Feb/2024:05:19:15 -0500] "POST /kwsrmcab/Wsrmcab HTTP/1.1" 200 40048
201.245.192.253 - - [03/Feb/2024:05:19:19 -0500] "POST /kwsrmcab/Wsrmcab HTTP/1.1" 200 40528
173.252.79.5 - - [03/Feb/2024:05:19:55 -0500] "GET /images/pl\xc3\xa1sticos%20foto%201..jpg HTTP/1.1" 404 1034
201.245.192.253 - - [03/Feb/2024:05:20:22 -0500] "POST /kwsrmcab/Wsrmcab HTTP/1.1" 200 40048
108.174.8.25 - - [03/Feb/2024:05:20:25 -0500] "GET /images/acuerdos-c1_optimized.jpg HTTP/1.1" 200 228032
172.22.2.4 - - [03/Feb/2024:05:18:46 -0500] "HEAD /BLA/boletinlegal/ HTTP/1.1" 200 -
216.245.221.92 - - [03/Feb/2024:05:21:03 -0500] "HEAD / HTTP/1.1" 200 -
172.22.2.4 - - [03/Feb/2024:05:19:37 -0500] "GET /BLA/boletinlegal/ HTTP/1.1" 200 61040
201.245.192.253 - - [03/Feb/2024:05:21:40 -0500] "POST /kwsrmcab/Wsrmcab  HTTP/1.1" 200 37857
52.167.144.181 - - [03/Feb/2024:05:23:24 -0500] "GET /BLA/resoluciones/RESOLUCIONES%202022/3872.pdf HTTP/1.1" 200 390530
216.244.66.195 - - [03/Feb/2024:05:23:32 -0500] "GET /BLA/resoluciones/AUTOS%202022/2177.pdf HTTP/1.1" 200 2339677
216.244.66.195 - - [03/Feb/2024:05:24:02 -0500] "GET /BLA/resoluciones/AUTOS%202022/2200.pdf HTTP/1.1" 200 1460703
216.244.66.195 - - [03/Feb/2024:05:24:14 -0500] "GET /BLA/resoluciones/RESOLUCIONES%202011/0651.pdf HTTP/1.1" 200 518896
216.244.66.195 - - [03/Feb/2024:05:24:26 -0500] "GET /BLA/resoluciones/RESOLUCIONES%202011/0791.pdf HTTP/1.1" 200 470923
216.244.66.195 - - [03/Feb/2024:05:24:34 -0500] "GET /BLA/resoluciones/RESOLUCIONES%202011/1216.pdf HTTP/1.1" 200 514482
216.244.66.195 - - [03/Feb/2024:05:24:42 -0500] "GET /BLA/resoluciones/RESOLUCIONES%202018/0727.pdf HTTP/1.1" 200 254018
216.244.66.195 - - [03/Feb/2024:05:24:48 -0500] "GET /BLA/resoluciones/RESOLUCIONES%202018/0794.pdf HTTP/1.1" 200 348262
216.244.66.195 - - [03/Feb/2024:05:24:55 -0500] "GET /BLA/resoluciones/RESOLUCIONES%202018/1897.pdf HTTP/1.1" 200 264959
216.244.66.195 - - [03/Feb/2024:05:25:00 -0500] "GET /BLA/resoluciones/RESOLUCIONES%202018/2089.pdf HTTP/1.1" 200 288056
216.244.66.195 - - [03/Feb/2024:05:25:14 -0500] "GET /BLA/resoluciones/RESOLUCIONES%202018/2295.pdf HTTP/1.1" 200 261780
216.244.66.195 - - [03/Feb/2024:05:25:25 -0500] "GET /BLA/resoluciones/RESOLUCIONES%202018/5052.pdf HTTP/1.1" 200 249573
216.245.221.92 - - [03/Feb/2024:05:26:03 -0500] "HEAD / HTTP/1.1" 200 -
172.22.2.4 - - [03/Feb/2024:05:24:36 -0500] "HEAD /BLA/boletinlegal/ HTTP/1.1" 200 -
201.245.192.253 - - [03/Feb/2024:05:26:39 -0500] "POST /kwsrmcab/Wsrmcab  HTTP/1.1" 200 37857
172.22.2.4 - - [03/Feb/2024:05:25:27 -0500] "GET /BLA/boletinlegal/ HTTP/1.1" 200 60676
201.245.192.253 - - [03/Feb/2024:05:29:12 -0500] "POST /kwsrmcab/Wsrmcab HTTP/1.1" 200 40534
201.245.192.253 - - [03/Feb/2024:05:29:15 -0500] "POST /kwsrmcab/Wsrmcab HTTP/1.1" 200 40048
201.245.192.253 - - [03/Feb/2024:05:29:20 -0500] "POST /kwsrmcab/Wsrmcab HTTP/1.1" 200 40528
201.245.192.253 - - [03/Feb/2024:05:30:23 -0500] "POST /kwsrmcab/Wsrmcab HTTP/1.1" 200 40048
216.245.221.92 - - [03/Feb/2024:05:31:03 -0500] "HEAD / HTTP/1.1" 200 -
201.245.192.253 - - [03/Feb/2024:05:31:38 -0500] "POST /kwsrmcab/Wsrmcab  HTTP/1.1" 200 37857
172.22.2.4 - - [03/Feb/2024:05:30:26 -0500] "HEAD /BLA/boletinlegal/ HTTP/1.1" 200 -
172.22.2.4 - - [03/Feb/2024:05:31:17 -0500] "GET /BLA/boletinlegal/ HTTP/1.1" 200 61040
216.245.221.92 - - [03/Feb/2024:05:36:03 -0500] "HEAD / HTTP/1.1" 200 -
201.245.192.253 - - [03/Feb/2024:05:36:37 -0500] "POST /kwsrmcab/Wsrmcab  HTTP/1.1" 200 37857
172.22.2.4 - - [03/Feb/2024:05:36:16 -0500] "HEAD /BLA/boletinlegal/ HTTP/1.1" 200 -
52.167.144.23 - - [03/Feb/2024:05:38:10 -0500] "GET /portaldeninos/agua-y-estructura-ecologica-principal/ HTTP/1.1" 200 87488
172.22.2.4 - - [03/Feb/2024:05:37:07 -0500] "GET /BLA/boletinlegal/ HTTP/1.1" 200 61040
201.245.192.253 - - [03/Feb/2024:05:39:12 -0500] "POST /kwsrmcab/Wsrmcab HTTP/1.1" 200 40534
201.245.192.253 - - [03/Feb/2024:05:39:15 -0500] "POST /kwsrmcab/Wsrmcab HTTP/1.1" 200 40048
201.245.192.253 - - [03/Feb/2024:05:39:19 -0500] "POST /kwsrmcab/Wsrmcab HTTP/1.1" 200 40528
201.245.192.253 - - [03/Feb/2024:05:40:22 -0500] "POST /kwsrmcab/Wsrmcab HTTP/1.1" 200 40048
173.252.83.8 - - [03/Feb/2024:05:40:36 -0500] "GET /alcalde-mayor-recorrio-zona-del-parque-entrenubes-afectada-por-incendio-forestal.html HTTP/1.1" 200 922
173.252.83.116 - - [03/Feb/2024:05:40:37 -0500] "GET /alcalde-mayor-recorrio-zona-del-parque-entrenubes-afectada-por-incendio-forestal.html HTTP/1.1" 200 922
173.252.83.119 - - [03/Feb/2024:05:40:37 -0500] "GET /alcalde-mayor-recorrio-zona-del-parque-entrenubes-afectada-por-incendio-forestal.html HTTP/1.1" 200 922
216.245.221.92 - - [03/Feb/2024:05:41:03 -0500] "HEAD / HTTP/1.1" 200 -
207.46.13.116 - - [03/Feb/2024:05:41:15 -0500] "GET /BLA/resoluciones/AUTOS%202014/7347.pdf HTTP/1.1" 304 -
201.245.192.253 - - [03/Feb/2024:05:41:35 -0500] "POST /kwsrmcab/Wsrmcab  HTTP/1.1" 200 37857
34.134.139.46 - - [03/Feb/2024:05:42:19 -0500] "GET /php/CarreraAdministrativa/RESOLUCION_2590_DEL_2010_CNSC.pdf HTTP/1.1" 404 1018
173.252.87.9 - - [03/Feb/2024:05:43:24 -0500] "GET /images/25%20Incendio%20declaratoria.jpeg HTTP/1.1" 200 90327
172.22.2.4 - - [03/Feb/2024:05:42:06 -0500] "HEAD /BLA/boletinlegal/ HTTP/1.1" 200 -
172.22.2.4 - - [03/Feb/2024:05:42:57 -0500] "GET /BLA/boletinlegal/ HTTP/1.1" 200 60676
216.245.221.92 - - [03/Feb/2024:05:46:03 -0500] "HEAD / HTTP/1.1" 200 -
201.245.192.253 - - [03/Feb/2024:05:46:33 -0500] "POST /kwsrmcab/Wsrmcab  HTTP/1.1" 200 37857
66.249.66.12 - - [03/Feb/2024:05:47:29 -0500] "GET /BLA/resoluciones/Autos%202008/3176.pdf HTTP/1.1" 200 197883
52.167.144.230 - - [03/Feb/2024:05:48:22 -0500] "GET /BLA/resoluciones/RESOLUCIONES%202021/0624.pdf HTTP/1.1" 304 -
172.22.2.4 - - [03/Feb/2024:05:47:56 -0500] "HEAD /BLA/boletinlegal/ HTTP/1.1" 200 -
20.26.44.173 - - [03/Feb/2024:05:50:17 -0500] "GET /Publicaciones/2023EE301981.pdf HTTP/1.1" 404 228
172.22.2.4 - - [03/Feb/2024:05:48:47 -0500] "GET /BLA/boletinlegal/ HTTP/1.1" 200 61040
216.245.221.92 - - [03/Feb/2024:05:51:03 -0500] "HEAD / HTTP/1.1" 200 -
201.245.192.253 - - [03/Feb/2024:05:51:32 -0500] "POST /kwsrmcab/Wsrmcab  HTTP/1.1" 200 37857
216.244.66.195 - - [03/Feb/2024:05:52:56 -0500] "GET /robots.txt HTTP/1.1" 404 1018
66.249.66.14 - - [03/Feb/2024:05:53:18 -0500] "GET /BLA/resoluciones/RESOLUCIONES%202009/1341.pdf HTTP/1.1" 200 511422
172.22.2.4 - - [03/Feb/2024:05:53:46 -0500] "HEAD /BLA/boletinlegal/ HTTP/1.1" 200 -
216.245.221.92 - - [03/Feb/2024:05:56:03 -0500] "HEAD / HTTP/1.1" 200 -
172.22.2.4 - - [03/Feb/2024:05:54:37 -0500] "GET /BLA/boletinlegal/ HTTP/1.1" 200 58303
201.245.192.253 - - [03/Feb/2024:05:56:31 -0500] "POST /kwsrmcab/Wsrmcab  HTTP/1.1" 200 37857
43.157.63.14 - - [03/Feb/2024:05:59:17 -0500] "GET / HTTP/1.1" 200 319
36.99.136.128 - - [03/Feb/2024:05:59:28 -0500] "GET / HTTP/1.1" 200 319
36.99.136.128 - - [03/Feb/2024:05:59:28 -0500] "GET /favicon.ico HTTP/1.1" 200 7782
111.7.96.168 - - [03/Feb/2024:05:59:29 -0500] "GET / HTTP/1.1" 200 319
111.7.96.168 - - [03/Feb/2024:05:59:30 -0500] "GET /favicon.ico HTTP/1.1" 200 7782
36.99.136.136 - - [03/Feb/2024:05:59:33 -0500] "GET / HTTP/1.1" 200 4720
36.99.136.137 - - [03/Feb/2024:05:59:38 -0500] "GET / HTTP/1.1" 200 319
36.99.136.136 - - [03/Feb/2024:05:59:38 -0500] "GET / HTTP/1.1" 200 319
36.99.136.128 - - [03/Feb/2024:05:59:38 -0500] "GET / HTTP/1.1" 200 319
36.99.136.137 - - [03/Feb/2024:05:59:38 -0500] "GET /favicon.ico HTTP/1.1" 200 7782
36.99.136.136 - - [03/Feb/2024:05:59:39 -0500] "GET /favicon.ico HTTP/1.1" 200 7782
36.99.136.128 - - [03/Feb/2024:05:59:39 -0500] "GET /favicon.ico HTTP/1.1" 200 7782
36.99.136.129 - - [03/Feb/2024:05:59:55 -0500] "GET / HTTP/1.1" 200 319
36.99.136.129 - - [03/Feb/2024:05:59:55 -0500] "GET /favicon.ico HTTP/1.1" 200 7782
36.99.136.128 - - [03/Feb/2024:06:00:04 -0500] "GET /favicon.ico HTTP/1.1" 404 1034
186.102.47.187 - - [03/Feb/2024:06:00:49 -0500] "GET /kwssiamovil/sm/ldap/au?x=U2FsdGVkX18htZ1YX5Jteqm7ZHUy7W5EdfV/zhWqwzle4Tx/P910u+2JpnVxYtx8&y=U2FsdGVkX19hZIaXmk0xtRkZRMew9C5hGfD8JpMv8+JMut2MhxRrnuWvvol/vH1u HTTP/1.1" 200 30
186.102.47.187 - - [03/Feb/2024:06:00:49 -0500] "GET /kwssiamovil/sm/acme/s?s=U2FsdGVkX1/EqFRTL/6DIqOrLKRXb/Nvx8dAfjUMwJn5/NEfKnd+8yYrdj9PmofyBH1XGc4c9X6qoT6t33fP29HDt+CCknPa8OpqOudwTiE=&u=U2FsdGVkX19uz4oFUpSi5hwhvE40SwujEeONZj/9ktQ=&y=U2FsdGVkX19hZIaXmk0xtRkZRMew9C5hGfD8JpMv8+JMut2MhxRrnuWvvol/vH1u HTTP/1.1" 200 97
186.102.47.187 - - [03/Feb/2024:06:00:49 -0500] "GET /kwssiamovil/sm/acme/s?s=U2FsdGVkX18Pklrxbatw4JC1Lah9F5GrsolPA0u432HtCWzhwXfrqee9S5eEE1PoGkAnGVsHxmsEcGbwZyLS5iqbq7sC/QB0WvH6HbrO4+mEkiefoWsMV9A6AR3YKjl32mo4sB8VpqQ9MF2RICy1Va9g9WVgN5inSWjqTDBkShjSBbWdUxefRi/ItuPg7gMQ6jU33NInhO4j0JTaf5bDZRXakgC6lxW3IZI9NXJArFLbcim/7f4rtGpnbXUwCI/zsiXAPqAL/8xEqlMezyvjzJ63HMnIvo4403TKCeyPR4JojORoel/mu8mJCJIo2d+eIZfJgtLxhNryCp+d/SMpaKMoE2PUfwysDrzeIa6R+lzwXW5ijI76iLlQC83e/ITiKyGURY3AS7ZRTvNykDpot7sf3xtUkxohhX3MHNi1ElPpxpiizqtALHN/c0GcAgUN9lf3t0aNCCUVeeqvgEyhtZC88DbbGh10V/VAG6THn3wfXdQh05ud4oUMutEeeEay5xhgLXy9wYT2fGtGtQo+e4Rw81ukANFQ9yNjpqjLNXDC3SNXsqcjYE69hGYMOKsAXL2rD3IkbJdYymSiGoCUHo20t8PAknJhTjSNFcCFDnGgx4zMfYMbfkG8sVcQeWLT+BaOIOFe3Bx8mFrUXtz3EO7+RguQ/JBOz5IRHv/v3LEOO4O8EtbQeDRe5w8oUGGnQYlZ3OS8hSScrfdhoatjrRVKTDZM3csGhMd4qmTj0/Gf0Y5ZEkcPcYaKqeKZyryZ3AK5L/pppfQxVEigyRSER4v9BF2Cw/MEy65pEhJ1xUzDNE2qznsUW3jBtduTmFUJeNb55E13yC8cqjKxIHhBcezl1ylN0EkXiwwMnnYcOMQK2hk+zvg+xi1LiO2C/kmNzARlTKwyLPSBmkJtzgHv56Glv+s52dfh9aa2beQ1+lUGYW+Ojm0+AjLMK4UpBZyjunXTDcVqEMkZ9qoFKWWZ9d+JuXkIeFzeZEl5ArJaEy8w0+EkENFnnLce3iP1HOWf7JSOAJzIDLqW3Cvy+BQmj5VbmCyqCwgay2U5gmUu/2/7kbwqINw96ureiwvKxyWi8zLl2JwHSTphjcBUZBTiwMoM5HDX7ik6KCiea2zQqd0jHQTRgg6v53vj6JByNjoUoI4ahlsYLsQjAaktR5eXmzXOPFq9qQNv5hiGpfKWBfHAZ0P5PfCeaiw64uL/HNN/YAXGb42pzOO+w5SRIXPPYjPZvqZ858pg21uFeYeUDLXYNH6WZTi08GeZXuP1oAptAMWO4Z/v3Wfr/Ri+WXdw/QjhpREXwW0YIWAGpSYki1XXmEpmfysAxxNG3gjMcjizNAwzEV3VZxg8pGCxgjTAY5IJO3wdI8j6BhtB3kdpHBgJumcH0eQ3eSB+BM+hyOco4DULY0KQH3EqUglviTPQ4hETogXAQJpuXYBGNPgdLSGArjPMBdnkyuxG6A8EqYkyKRbNWK6qJVHBz/KCTKdHzzRiMypih+N2q5B0j0rh9ahp5u8atfUDZ8Ky8eDUPhVV6udhYIAtLKflpOGco+3VhQzl5ouwajrMn17q5m10il0YzOc3Ik+qtixjOLZ04RR9yLvhfn3GaqgdkoRN5zXBMMv2/fxGg2LBCVtf+ft1gBQ7AJoO7rEkdcS8hNwdjHH6r1gLWZZyb0F8MiwPAJ4XjCUSbSFJPJA2+MaU194mC2dpro6XL+/rW1DE4VdFa662VrlivIf4pabqvIuzc4KvXqlk8yYGERfsCFy+8axAmYI=&u=U2FsdGVkX19uz4oFUpSi5hwhvE40SwujEeONZj/9ktQ=&y=U2FsdGVkX19hZIaXmk0xtRkZRMew9C5hGfD8JpMv8+JMut2MhxRrnuWvvol/vH1u HTTP/1.1" 200 4900
186.102.47.187 - - [03/Feb/2024:06:00:49 -0500] "GET /kwssiamovil/sm/acme/s?s=U2FsdGVkX19IfvIlp9KMeIL4Jmhv7kM1BP9pRjcSPPBSsQVmb7XlgvhSny80tacSxP57MtYzJVIkPYG00J277Kf0JMbwEXvVscEqSpsunlqiTA5RILLYSiwpbq7s8DMuUbki18TR5Hs/ljRB8jr5/PCD2+lFk04V8QWQEFwrNie+Qb29cwwWp7ByI/n6E1nYWuSVicsFSEbQw2dey5m/T0+TSBEONVLdr+cb/gFEX8su/10r7eQQ3cuXfqw6It0WeDjmUoW/3+C4qokM0eZ8+shllpHem47To5j0VQHqzFfZFi/o+jJkrhSS47ZY7qoUGLnn1SFuzg07iMawMC1WVIUVS5hNnlHSV2dAfoHMw9CmF8Jt16HdBqnO4IF3Q4fw2MpCNdCyapenXetEfawkCiJLzoSZ6StxfSzHW2J1dsdYh6NYCQp5vMf9w57ErX6NoBiHtCrncbDaKv5xmev0z+puvi3kRWB9o0RvVDyMPDS8CfBkuK3l3VWfRilFIRYpRUiD50SARDwiM/FScBPfXpLTH4/4JarKIsuKBQ+lXpDDaMcEY50kHYlUDY6EBgUSWwrpVcKjcvdZVXE5mB1ZYjNiIXpTa1xrtLShh7npXvQGKa0FHlcBhEFFG+VsmudSPwmve8n57/Lvtr3mdqJu26w+Sa7QRzUOjBV+40IWpVcPPg3J9dUwmQRld+jEv9nvVEr1EJ0N+fV1TxQU6+Ev/pQLoU0JSbMtYXggsqTqz5hCsB80B3Ddznt3t6OaGqQc&u=U2FsdGVkX19uz4oFUpSi5hwhvE40SwujEeONZj/9ktQ=&y=U2FsdGVkX19hZIaXmk0xtRkZRMew9C5hGfD8JpMv8+JMut2MhxRrnuWvvol/vH1u HTTP/1.1" 200 208
186.102.47.187 - - [03/Feb/2024:06:00:49 -0500] "GET /kwssiamovil/sm/cjson/pre?f=1&x=U2FsdGVkX18htZ1YX5Jteqm7ZHUy7W5EdfV/zhWqwzle4Tx/P910u+2JpnVxYtx8 HTTP/1.1" 200 32032
216.245.221.92 - - [03/Feb/2024:06:01:03 -0500] "HEAD / HTTP/1.1" 200 -
172.22.2.4 - - [03/Feb/2024:05:59:36 -0500] "HEAD /BLA/boletinlegal/ HTTP/1.1" 200 -
52.167.144.220 - - [03/Feb/2024:06:01:26 -0500] "GET /BLA/resoluciones/RESOLUCIONES%202021/1256.pdf HTTP/1.1" 200 449818
66.249.66.21 - - [03/Feb/2024:06:01:32 -0500] "GET /BLA/resoluciones/RESOLUCIONES%202010/5342.pdf HTTP/1.1" 200 503351
201.245.192.253 - - [03/Feb/2024:06:01:30 -0500] "POST /kwsrmcab/Wsrmcab  HTTP/1.1" 200 37857
40.77.167.143 - - [03/Feb/2024:06:01:53 -0500] "GET /Publicaciones/2024EE23950.pdf HTTP/1.1" 200 375673
172.22.2.4 - - [03/Feb/2024:06:00:27 -0500] "GET /BLA/boletinlegal/ HTTP/1.1" 200 58303
66.249.66.20 - - [03/Feb/2024:06:03:23 -0500] "GET /Publicaciones/2023EE297102.pdf HTTP/1.1" 404 228
52.167.144.145 - - [03/Feb/2024:06:03:25 -0500] "GET /BLA/resoluciones/AUTOS%202023/05840.pdf HTTP/1.1" 200 398670
216.245.221.92 - - [03/Feb/2024:06:06:03 -0500] "HEAD / HTTP/1.1" 200 -
201.245.192.253 - - [03/Feb/2024:06:06:28 -0500] "POST /kwsrmcab/Wsrmcab  HTTP/1.1" 200 37857
172.22.2.4 - - [03/Feb/2024:06:05:26 -0500] "HEAD /BLA/boletinlegal/ HTTP/1.1" 200 -
172.22.2.4 - - [03/Feb/2024:06:06:17 -0500] "GET /BLA/boletinlegal/ HTTP/1.1" 200 59963
186.102.47.187 - - [03/Feb/2024:06:08:34 -0500] "GET /kwssiamovil/sm/ldap/au?x=U2FsdGVkX18fp+GAjE1qjY/qWQk1seb0ziR5RMM6g4l2LB2dv5FQzKm9vY71yJm2&y=U2FsdGVkX1859ytHvwEuMBxo9DIvIcrf2BX9EJs2waq8ulRmX9t439NpLi7ulF3Z HTTP/1.1" 200 30
186.102.47.187 - - [03/Feb/2024:06:08:35 -0500] "GET /kwssiamovil/sm/acme/s?s=U2FsdGVkX1+BeT+8L1yoIcIPJZ4pk7ihez7lLRKdIvRUfYDN6e8fmUnJaXjZIOB278S0pF7KtYhDA6MG+hOL2mXIkc1KAND0pwuMdhRd590=&u=U2FsdGVkX18IdQHxTp8RCBRaz17Mikz/FT2aXnKaGzQ=&y=U2FsdGVkX1859ytHvwEuMBxo9DIvIcrf2BX9EJs2waq8ulRmX9t439NpLi7ulF3Z HTTP/1.1" 200 97
186.102.47.187 - - [03/Feb/2024:06:08:35 -0500] "GET /kwssiamovil/sm/acme/s?s=U2FsdGVkX18mo303PyVnU7QhZCZlM6MUbvfwIdjLWfQ0HJmZTTKKFXXs0OkiFB5KZqqf8HbZvMAxfGFQBts3U7mQAwrAlQb1szR2kn2btoEmqRzAwLXUr6q/+/Gk9U8zGlk+HwYPIlKwVKXnBdw1xt0qYN+gNDseTlUFLwPNB3uLuuEev1p8nnWXswMV3tBi8WissEQslLUPUfp5lOt3KvW1RMftZryDIQw9olry4Ro9o4OhYLpKiDdFUYrknesX8a5lSye2T7zZ7FtIPUUu0hezmcomITr5qQV8vc9sY4Kgk4f+BSab2f5dcRNm4umg/SP4U/RB60HeVigHnVvlnHe0b49uLjLj8fK90iYzBoiX7c+Nb1aZjb0YTh84OdYRDjxXFOCB4knbWLBDJB3UrGGaQckDXF+evfEl2Mn78GSxEuL7g9mInR4ejYrn7a4d/89oQwT3UMBZljQfKpltJzoc+eTWyguXIzcMg9aLIgxMhHcdqePIwOfUt3Pz68ayDQrjiXfqaGTsgIxivUpbD5T3sp2dfqLGwpDrwk8SiQdRQ4z0Y7ip4Hbi8CAfuu/nJFYSqexZmxbWGRGlHjkuO6y6C5ATIab+AiA2+ueRvtodP/UMDxR91zmyGMvdX2ZupaCySkp9+cH58J4ca02thdMhhbk/SsCMZEAKk4qZNfTyDMg3UhEyttbfI/Fn61RKK0jmJoUu4/sSm4KFune+KRe5WZEKiPBoHhWmnp2OsCH2PUmz+4igrpyqZvercnOmQgyhvyaQNViAUvUc3tJa58fxcVXSj4kCbt9mf9WINw3tvN2z5dbPXa1Ug3aOB3k385q+ZxNDdeGUoNzRBRxfmNyKgxb3WJdeRY7g+z+SN1f/jTtOZaXycHEnc5FmXZ+cyBhD0N80HBR+Gr3IUjmYPPd/r7CFEx9wPcf9GGTXDrd2mdGhA3b5zJ+STxLWcoho0vigclMOEjt1naaxDTks5pxqo+ZDtkTRQLSolD4oJ7k5iLJEf/9QWZscxpsI9Fg9LTmTQTn4Js8EKXSpZcxqGrZlhl52lZNLwDndo/P/l+ZYNaPz5uefnA664kbo0MaurY9cROkCpF4gpTAcY+AO56K3chDRXkuXgrZtzk0e1ClH1qgFLW94zylMOlN9L+S61Ek4ZExETP/WihDFMw1ag79em7RSJu9La+JDSTzKJMufUpqPLUiD6tZ8UjTWXVy/vYzaq/7lMeJz1+zxeuPiu2h3+r7V/zbuRglmYRCcyKy5CtWJr2iG08SsCMCqs0Hy0F/M5sditKEh0RRh0ngrhD+Gm46awfEGp1xurtLR8xztvXlxC/57rtAqjwTQtOjuucuckpbFY+n055MmUEW0vvhniajvVsyXA3AvZ4AjyeY3ODV8R6I9pnjbrJvwNfTk/rb2OilAz4LA4PUEApo4mmIYEqN4K7i/BWkLl5aJ/+cGDXXZ+eBELy7ZpXEZr52WnyfGevtGUlnUrzAHk4ZtbUrl2kDhoAkJGKz/Ksf9kI6rUDwXJkTuCAQMxVXqFhOMZzjdmwyFycjBmpCs2BYsDEgdEAnpfbQOtKK/Ie+kkXk7VRebcmfruYpW/38WKsokRQrjnFMkDMS315agSr0ws33/WkbZ6hbaMYcwnRjpEN7Jaw94RYv1prxuFTS7Rspz94XeUnEodC+3uWIyZuJvWjNHAod6e+IjSZyxUqIz2OfBbtzytvhBv/q/4owaN0eB8WNrVFMTWoY3cEwyl5bEsYpU8w6EVRNSYDDKnWZgfVQ=&u=U2FsdGVkX18IdQHxTp8RCBRaz17Mikz/FT2aXnKaGzQ=&y=U2FsdGVkX1859ytHvwEuMBxo9DIvIcrf2BX9EJs2waq8ulRmX9t439NpLi7ulF3Z HTTP/1.1" 200 4900
186.102.47.187 - - [03/Feb/2024:06:08:35 -0500] "GET /kwssiamovil/sm/acme/s?s=U2FsdGVkX18qQFpCyDoxj8VtBU1NGhQ4wynZz/EQZLCvT73YfPXKWkpn+J9MlgvhRUnpj+oFDjOv7wE4jAjo6Q1QZMj9VuIMvJLeRTx6NR+qON8qb/GIa3pZX+AnO+UbYi0E/ycJVtA4ajJzfS6P4JfYsyEmpsY1eqj97vx/2QBh1TiUJnNxiG/liZzlC+5U06CwrbgwjE5X2yVXRFiRFT3X3acEesFjURmPKMXmOgpTtEScWXhsgG9itbThEhR8KKv+YTqMCjKp82xR1G5UrLUsFnRPunIo0QYzRAkIu24KFciuRroRc58lZzIHKDlgBNk5f+p32uUBR+8x0H5xIgXospCTGqsAVeJ/2ZJFnLu+N0MMz9ZDvVki9BpHjK6tfkdM8fVQ41uLUtOZxvIoRBdMIL1mmFFtHZa5dX/5sbuBAkgkYJTXlKZ9spRGsR36Lzoo9YVegNT8sSsIWD626wOFmRZffiRZl+fNfXg6khuF6/uJjSyQhEmy5KVjneKlV/t3vcaB5wk4MXxwdg/1/+9FWdwvd6PVK9chg+G1d18Uf1OVRxX0294ZQrKMRSfTfzGHiflmtWWbW0ziGXcMdzugnmL8/GTuWF4h0Ft7HN1ygPjqHiCFUJeNBqbbGrmyDfDo8gOqL5zHTBbgj2o1EIMrAQZSMiEuVWJcLkWeSiuUU9YFqkdK/mLZcrS9w/njmYEf6+ipgic6+DvEEjbc7v4qBbqNkKYBl0sEo0iv3tx7c2d+yInL0FpcmYLaioiB&u=U2FsdGVkX18IdQHxTp8RCBRaz17Mikz/FT2aXnKaGzQ=&y=U2FsdGVkX1859ytHvwEuMBxo9DIvIcrf2BX9EJs2waq8ulRmX9t439NpLi7ulF3Z HTTP/1.1" 200 208
186.102.47.187 - - [03/Feb/2024:06:08:35 -0500] "GET /kwssiamovil/sm/cjson/pre?f=1&x=U2FsdGVkX18fp+GAjE1qjY/qWQk1seb0ziR5RMM6g4l2LB2dv5FQzKm9vY71yJm2 HTTP/1.1" 200 32032
207.46.13.141 - - [03/Feb/2024:06:08:47 -0500] "GET /Publicaciones/2024EE23932.pdf HTTP/1.1" 200 263854
157.55.39.205 - - [03/Feb/2024:06:09:11 -0500] "GET /svr-ciudadano/ HTTP/1.1" 200 68618
66.249.66.21 - - [03/Feb/2024:06:09:44 -0500] "GET /BLA/resoluciones/RESOLUCIONES%202010/7034.pdf HTTP/1.1" 200 1311550
216.245.221.92 - - [03/Feb/2024:06:11:03 -0500] "HEAD / HTTP/1.1" 200 -
201.245.192.253 - - [03/Feb/2024:06:11:27 -0500] "POST /kwsrmcab/Wsrmcab  HTTP/1.1" 200 37857
173.252.79.2 - - [03/Feb/2024:06:11:45 -0500] "GET /images/Rueda%20de%20prensa.jpeg HTTP/1.1" 200 58715
172.22.2.4 - - [03/Feb/2024:06:11:16 -0500] "HEAD /BLA/boletinlegal/ HTTP/1.1" 200 -
172.22.2.4 - - [03/Feb/2024:06:12:07 -0500] "GET /BLA/boletinlegal/ HTTP/1.1" 200 53002
40.77.167.3 - - [03/Feb/2024:06:14:18 -0500] "GET /BLA/resoluciones/Notificaciones/RESOLUCIONES%202023/996.pdf HTTP/1.1" 200 522792
172.22.2.4 - - [03/Feb/2024:06:14:40 -0500] "GET /BLA/boletinlegal/jurisprudencia.php HTTP/1.1" 200 17637
172.22.2.4 - - [03/Feb/2024:06:15:13 -0500] "GET /BLA/boletinlegal/js/lib.js HTTP/1.1" 200 6474
172.22.2.4 - - [03/Feb/2024:06:15:21 -0500] "GET /BLA/boletinlegal/js/jquery1.js HTTP/1.1" 200 29846
172.22.2.4 - - [03/Feb/2024:06:15:21 -0500] "GET /BLA/boletinlegal/js/popup.js HTTP/1.1" 200 1270
216.245.221.92 - - [03/Feb/2024:06:16:03 -0500] "HEAD / HTTP/1.1" 200 -
201.245.192.253 - - [03/Feb/2024:06:16:26 -0500] "POST /kwsrmcab/Wsrmcab  HTTP/1.1" 200 37857
172.22.2.4 - - [03/Feb/2024:06:17:06 -0500] "HEAD /BLA/boletinlegal/ HTTP/1.1" 200 -
201.245.192.253 - - [03/Feb/2024:06:19:11 -0500] "POST /kwsrmcab/Wsrmcab HTTP/1.1" 200 40544
201.245.192.253 - - [03/Feb/2024:06:19:14 -0500] "POST /kwsrmcab/Wsrmcab HTTP/1.1" 200 40050
201.245.192.253 - - [03/Feb/2024:06:19:20 -0500] "POST /kwsrmcab/Wsrmcab HTTP/1.1" 200 40548
172.22.2.4 - - [03/Feb/2024:06:17:57 -0500] "GET /BLA/boletinlegal/ HTTP/1.1" 200 58303
66.249.66.19 - - [03/Feb/2024:06:20:10 -0500] "GET /BLA/resoluciones/RESOLUCIONES%202010/4074.pdf HTTP/1.1" 200 570378
201.245.192.253 - - [03/Feb/2024:06:20:23 -0500] "POST /kwsrmcab/Wsrmcab HTTP/1.1" 200 40050
216.245.221.92 - - [03/Feb/2024:06:21:03 -0500] "HEAD / HTTP/1.1" 200 -
201.245.192.253 - - [03/Feb/2024:06:21:24 -0500] "POST /kwsrmcab/Wsrmcab  HTTP/1.1" 200 37857
216.244.66.195 - - [03/Feb/2024:06:22:06 -0500] "GET /BLA/resoluciones/AUTOS%202018/1470.pdf HTTP/1.1" 200 338300
216.244.66.195 - - [03/Feb/2024:06:22:12 -0500] "GET /BLA/resoluciones/AUTOS%202022/1118.pdf HTTP/1.1" 200 1702772
216.244.66.195 - - [03/Feb/2024:06:22:53 -0500] "GET /BLA/resoluciones/AUTOS%202022/1572.pdf HTTP/1.1" 200 600499
216.244.66.195 - - [03/Feb/2024:06:23:27 -0500] "GET /BLA/resoluciones/RESOLUCIONES%202011/1897.pdf HTTP/1.1" 200 522202
66.249.66.21 - - [03/Feb/2024:06:23:32 -0500] "GET /BLA/resoluciones/RESOLUCIONES%202010/6331.pdf HTTP/1.1" 200 559473
172.22.2.4 - - [03/Feb/2024:06:21:57 -0500] "GET /BLA/boletinlegal/ HTTP/1.1" 200 59561
216.244.66.195 - - [03/Feb/2024:06:23:58 -0500] "GET /BLA/resoluciones/RESOLUCIONES%202011/2055.pdf HTTP/1.1" 200 760520
216.244.66.195 - - [03/Feb/2024:06:24:32 -0500] "GET /BLA/resoluciones/RESOLUCIONES%202018/2697.pdf HTTP/1.1" 200 315895
172.22.2.4 - - [03/Feb/2024:06:22:56 -0500] "HEAD /BLA/boletinlegal/ HTTP/1.1" 200 -
172.22.2.4 - - [03/Feb/2024:06:23:47 -0500] "GET /BLA/boletinlegal/ HTTP/1.1" 200 61040
216.245.221.92 - - [03/Feb/2024:06:26:03 -0500] "HEAD / HTTP/1.1" 200 -
201.245.192.253 - - [03/Feb/2024:06:26:23 -0500] "POST /kwsrmcab/Wsrmcab  HTTP/1.1" 200 37857
172.22.2.4 - - [03/Feb/2024:06:26:37 -0500] "GET /BLA/boletinlegal/robots.txt HTTP/1.1" 404 1037
172.22.2.4 - - [03/Feb/2024:06:26:40 -0500] "GET /BLA/boletinlegal/js/jquery.js HTTP/1.1" 200 57254
172.22.2.4 - - [03/Feb/2024:06:26:42 -0500] "GET /BLA/boletinlegal/js/jquery.scrollTo-min.js HTTP/1.1" 200 1150
52.167.144.236 - - [03/Feb/2024:06:27:09 -0500] "GET /Publicaciones/2024EE00517.pdf HTTP/1.1" 404 227
52.167.144.10 - - [03/Feb/2024:06:28:26 -0500] "GET /portaldeninos/wp-content/uploads/2021/05/los-nevados-mirador-768x429.jpg HTTP/1.1" 200 79761
69.171.251.5 - - [03/Feb/2024:06:28:51 -0500] "GET /conoce-las-actividades-en-bogota-para-celebrar-el-dia-mundial-de-los-humedales.html HTTP/1.1" 200 859
66.220.149.15 - - [03/Feb/2024:06:28:56 -0500] "GET /conoce-las-actividades-en-bogota-para-celebrar-el-dia-mundial-de-los-humedales.html HTTP/1.1" 200 859
66.249.66.20 - - [03/Feb/2024:06:29:14 -0500] "GET /BLA/resoluciones/Autos%202008/3494.pdf HTTP/1.1" 200 101687
66.249.66.20 - - [03/Feb/2024:06:29:14 -0500] "GET /robots.txt HTTP/1.1" 404 1018
201.245.192.253 - - [03/Feb/2024:06:29:11 -0500] "POST /kwsrmcab/Wsrmcab HTTP/1.1" 200 40544
201.245.192.253 - - [03/Feb/2024:06:29:14 -0500] "POST /kwsrmcab/Wsrmcab HTTP/1.1" 200 40050
201.245.192.253 - - [03/Feb/2024:06:29:19 -0500] "POST /kwsrmcab/Wsrmcab HTTP/1.1" 200 40548
66.249.66.19 - - [03/Feb/2024:06:29:29 -0500] "GET /BLA/resoluciones/RESOLUCIONES%202009/3449.pdf HTTP/1.1" 200 458060
172.22.2.4 - - [03/Feb/2024:06:28:46 -0500] "HEAD /BLA/boletinlegal/ HTTP/1.1" 200 -
201.245.192.253 - - [03/Feb/2024:06:30:26 -0500] "POST /kwsrmcab/Wsrmcab HTTP/1.1" 200 40050
216.245.221.92 - - [03/Feb/2024:06:31:03 -0500] "HEAD / HTTP/1.1" 200 -
172.22.2.4 - - [03/Feb/2024:06:29:37 -0500] "GET /BLA/boletinlegal/ HTTP/1.1" 200 60676
201.245.192.253 - - [03/Feb/2024:06:31:22 -0500] "POST /kwsrmcab/Wsrmcab  HTTP/1.1" 200 37857
31.13.103.2 - - [03/Feb/2024:06:32:03 -0500] "GET /alcalde-mayor-recorrio-zona-del-parque-entrenubes-afectada-por-incendio-forestal.html HTTP/1.1" 200 922
31.13.103.5 - - [03/Feb/2024:06:32:03 -0500] "GET /alcalde-mayor-recorrio-zona-del-parque-entrenubes-afectada-por-incendio-forestal.html HTTP/1.1" 200 922
31.13.103.9 - - [03/Feb/2024:06:32:03 -0500] "GET /alcalde-mayor-recorrio-zona-del-parque-entrenubes-afectada-por-incendio-forestal.html HTTP/1.1" 200 922
173.252.79.1 - - [03/Feb/2024:06:32:05 -0500] "GET /alcalde-mayor-recorrio-zona-del-parque-entrenubes-afectada-por-incendio-forestal.html HTTP/1.1" 200 922
66.249.66.20 - - [03/Feb/2024:06:32:45 -0500] "GET /BLA/resoluciones/AUTOS%202011/3048.pdf HTTP/1.1" 200 161237
66.249.66.19 - - [03/Feb/2024:06:33:26 -0500] "GET /BLA/resoluciones/RESOLUCIONES%202009/7670.pdf HTTP/1.1" 200 496469
146.19.24.23 - - [03/Feb/2024:06:33:30 -0500] "GET / HTTP/1.1" 200 319
66.249.66.21 - - [03/Feb/2024:06:34:34 -0500] "GET /BLA/resoluciones/RESOLUCIONES%202008/4792.pdf HTTP/1.1" 200 379686
216.245.221.92 - - [03/Feb/2024:06:36:03 -0500] "HEAD / HTTP/1.1" 200 -
66.249.66.21 - - [03/Feb/2024:06:36:09 -0500] "GET /BLA/resoluciones/RESOLUCIONES%202010/6043.pdf HTTP/1.1" 200 677303
172.22.2.4 - - [03/Feb/2024:06:34:36 -0500] "HEAD /BLA/boletinlegal/ HTTP/1.1" 200 -
201.245.192.253 - - [03/Feb/2024:06:36:21 -0500] "POST /kwsrmcab/Wsrmcab  HTTP/1.1" 200 37857
172.22.2.4 - - [03/Feb/2024:06:35:26 -0500] "GET /BLA/boletinlegal/ HTTP/1.1" 200 58677
