186.31.179.94 - - [03/Feb/2024:17:02:36 -0500] "GET /sipse/faces/javax.faces.resource/jquery/jquery-plugins.js?ln=primefaces&v=4.0 HTTP/1.1" 304 -
186.31.179.94 - - [03/Feb/2024:17:02:36 -0500] "GET /sipse/faces/javax.faces.resource/primefaces.js?ln=primefaces&v=4.0 HTTP/1.1" 304 -
186.31.179.94 - - [03/Feb/2024:17:02:36 -0500] "GET /sipse/faces/javax.faces.resource/images/ui-icons_898989_256x240.png?ln=primefaces-aristo HTTP/1.1" 304 -
186.87.116.120 - - [03/Feb/2024:17:02:54 -0500] "POST /sipse/faces/presentacion/financiero/solicitudProceso/consultarSolicitudProceso.xhtml HTTP/1.1" 200 40521
186.87.116.120 - - [03/Feb/2024:17:02:55 -0500] "GET /sipse/faces/javax.faces.resource/theme.css?ln=primefaces-sipse HTTP/1.1" 304 -
186.87.116.120 - - [03/Feb/2024:17:02:55 -0500] "GET /sipse/faces/javax.faces.resource/layout/layout.css?ln=primefaces&v=4.0 HTTP/1.1" 304 -
186.87.116.120 - - [03/Feb/2024:17:02:55 -0500] "GET /sipse/faces/javax.faces.resource/jquery/jquery.js?ln=primefaces&v=4.0 HTTP/1.1" 304 -
186.87.116.120 - - [03/Feb/2024:17:02:55 -0500] "GET /sipse/faces/javax.faces.resource/primefaces.css?ln=primefaces&v=4.0 HTTP/1.1" 304 -
186.87.116.120 - - [03/Feb/2024:17:02:55 -0500] "GET /sipse/faces/javax.faces.resource/jquery/jquery-plugins.js?ln=primefaces&v=4.0 HTTP/1.1" 304 -
186.87.116.120 - - [03/Feb/2024:17:02:55 -0500] "GET /sipse/faces/javax.faces.resource/primefaces.js?ln=primefaces&v=4.0 HTTP/1.1" 304 -
186.87.116.120 - - [03/Feb/2024:17:02:55 -0500] "GET /sipse/faces/javax.faces.resource/layout/layout.js?ln=primefaces&v=4.0 HTTP/1.1" 304 -
186.87.116.120 - - [03/Feb/2024:17:02:55 -0500] "GET /sipse/css/imagen/contrasena.png HTTP/1.1" 404 383
186.87.116.120 - - [03/Feb/2024:17:02:55 -0500] "POST /sipse/faces/presentacion/financiero/solicitudProceso/listarSolicitudProceso.xhtml HTTP/1.1" 200 33913
186.87.116.120 - - [03/Feb/2024:17:02:56 -0500] "POST /sipse/faces/presentacion/financiero/solicitudProceso/listarSolicitudProceso.xhtml HTTP/1.1" 200 33913
186.87.116.120 - - [03/Feb/2024:17:02:56 -0500] "POST /sipse/faces/presentacion/financiero/solicitudProceso/listarSolicitudProceso.xhtml HTTP/1.1" 200 33913
186.87.116.120 - - [03/Feb/2024:17:02:56 -0500] "POST /sipse/faces/presentacion/financiero/solicitudProceso/listarSolicitudProceso.xhtml HTTP/1.1" 200 33913
186.87.116.120 - - [03/Feb/2024:17:02:56 -0500] "POST /sipse/faces/presentacion/financiero/solicitudProceso/listarSolicitudProceso.xhtml HTTP/1.1" 200 33913
216.244.66.195 - - [03/Feb/2024:17:02:57 -0500] "GET /BLA/resoluciones/RESOLUCIONES%202011/0385.pdf HTTP/1.1" 200 82235
186.87.116.120 - - [03/Feb/2024:17:02:57 -0500] "POST /sipse/faces/presentacion/financiero/solicitudProceso/listarSolicitudProceso.xhtml HTTP/1.1" 200 33913
186.87.116.120 - - [03/Feb/2024:17:02:57 -0500] "POST /sipse/faces/presentacion/financiero/solicitudProceso/listarSolicitudProceso.xhtml HTTP/1.1" 200 33913
186.87.116.120 - - [03/Feb/2024:17:02:57 -0500] "POST /sipse/faces/presentacion/financiero/solicitudProceso/listarSolicitudProceso.xhtml HTTP/1.1" 200 33913
186.87.116.120 - - [03/Feb/2024:17:02:57 -0500] "POST /sipse/faces/presentacion/financiero/solicitudProceso/listarSolicitudProceso.xhtml HTTP/1.1" 200 33913
186.87.116.120 - - [03/Feb/2024:17:02:58 -0500] "POST /sipse/faces/presentacion/financiero/solicitudProceso/listarSolicitudProceso.xhtml HTTP/1.1" 200 33913
186.87.116.120 - - [03/Feb/2024:17:02:58 -0500] "POST /sipse/faces/presentacion/financiero/solicitudProceso/listarSolicitudProceso.xhtml HTTP/1.1" 200 1436
186.87.116.120 - - [03/Feb/2024:17:02:58 -0500] "POST /sipse/faces/presentacion/financiero/solicitudProceso/listarSolicitudProceso.xhtml HTTP/1.1" 200 1440
186.87.116.120 - - [03/Feb/2024:17:02:58 -0500] "POST /sipse/faces/presentacion/financiero/solicitudProceso/listarSolicitudProceso.xhtml HTTP/1.1" 200 1440
186.87.116.120 - - [03/Feb/2024:17:02:58 -0500] "POST /sipse/faces/presentacion/financiero/solicitudProceso/listarSolicitudProceso.xhtml HTTP/1.1" 200 1444
186.87.116.120 - - [03/Feb/2024:17:02:59 -0500] "POST /sipse/faces/presentacion/financiero/solicitudProceso/listarSolicitudProceso.xhtml HTTP/1.1" 200 1440
186.87.116.120 - - [03/Feb/2024:17:02:59 -0500] "POST /sipse/faces/presentacion/financiero/solicitudProceso/listarSolicitudProceso.xhtml HTTP/1.1" 200 1444
186.87.116.120 - - [03/Feb/2024:17:02:59 -0500] "POST /sipse/faces/presentacion/financiero/solicitudProceso/listarSolicitudProceso.xhtml HTTP/1.1" 200 1440
186.87.116.120 - - [03/Feb/2024:17:02:59 -0500] "POST /sipse/faces/presentacion/financiero/solicitudProceso/listarSolicitudProceso.xhtml HTTP/1.1" 200 1440
186.87.116.120 - - [03/Feb/2024:17:02:59 -0500] "POST /sipse/faces/presentacion/financiero/solicitudProceso/listarSolicitudProceso.xhtml HTTP/1.1" 200 1440
186.87.116.120 - - [03/Feb/2024:17:03:00 -0500] "POST /sipse/faces/presentacion/financiero/solicitudProceso/listarSolicitudProceso.xhtml HTTP/1.1" 200 1444
186.87.116.120 - - [03/Feb/2024:17:03:00 -0500] "POST /sipse/faces/presentacion/financiero/solicitudProceso/listarSolicitudProceso.xhtml HTTP/1.1" 200 1440
186.31.179.94 - - [03/Feb/2024:17:03:11 -0500] "POST /sipse/faces/presentacion/financiero/solicitudProceso/consultarSolicitudProceso.xhtml HTTP/1.1" 200 44453
186.31.179.94 - - [03/Feb/2024:17:03:12 -0500] "GET /sipse/faces/javax.faces.resource/theme.css?ln=primefaces-sipse HTTP/1.1" 304 -
186.31.179.94 - - [03/Feb/2024:17:03:12 -0500] "GET /sipse/faces/javax.faces.resource/primefaces.css?ln=primefaces&v=4.0 HTTP/1.1" 304 -
186.31.179.94 - - [03/Feb/2024:17:03:12 -0500] "GET /sipse/faces/javax.faces.resource/jquery/jquery.js?ln=primefaces&v=4.0 HTTP/1.1" 304 -
186.31.179.94 - - [03/Feb/2024:17:03:12 -0500] "GET /sipse/faces/javax.faces.resource/layout/layout.css?ln=primefaces&v=4.0 HTTP/1.1" 304 -
186.31.179.94 - - [03/Feb/2024:17:03:12 -0500] "GET /sipse/faces/javax.faces.resource/jquery/jquery-plugins.js?ln=primefaces&v=4.0 HTTP/1.1" 304 -
186.31.179.94 - - [03/Feb/2024:17:03:12 -0500] "GET /sipse/faces/javax.faces.resource/primefaces.js?ln=primefaces&v=4.0 HTTP/1.1" 304 -
186.31.179.94 - - [03/Feb/2024:17:03:12 -0500] "GET /sipse/faces/javax.faces.resource/layout/layout.js?ln=primefaces&v=4.0 HTTP/1.1" 304 -
186.31.179.94 - - [03/Feb/2024:17:03:12 -0500] "GET /sipse/faces/javax.faces.resource/images/ui-icons_898989_256x240.png?ln=primefaces-aristo HTTP/1.1" 304 -
186.31.179.94 - - [03/Feb/2024:17:03:15 -0500] "GET /sipse/faces/javax.faces.resource/images/ui-bg_flat_0_2d5972_40x100.png?ln=primefaces-aristo HTTP/1.1" 304 -
186.31.179.94 - - [03/Feb/2024:17:03:15 -0500] "POST /sipse/faces/presentacion/financiero/solicitudProceso/consultar.xhtml HTTP/1.1" 200 12923
216.244.66.195 - - [03/Feb/2024:17:03:17 -0500] "GET /BLA/resoluciones/RESOLUCIONES%202011/0998.pdf HTTP/1.1" 200 71835
181.56.171.197 - - [03/Feb/2024:17:03:18 -0500] "GET /sipse/faces/javax.faces.resource/images/ui-bg_flat_0_2d5972_40x100.png?ln=primefaces-aristo HTTP/1.1" 304 -
181.56.171.197 - - [03/Feb/2024:17:03:18 -0500] "POST /sipse/faces/presentacion/financiero/solicitudProceso/consultarHistorialSolProceso.xhtml HTTP/1.1" 200 43753
181.56.171.197 - - [03/Feb/2024:17:03:18 -0500] "GET /sipse/faces/javax.faces.resource/primefaces.css?ln=primefaces&v=4.0 HTTP/1.1" 304 -
181.56.171.197 - - [03/Feb/2024:17:03:18 -0500] "GET /sipse/faces/javax.faces.resource/theme.css?ln=primefaces-sipse HTTP/1.1" 304 -
181.56.171.197 - - [03/Feb/2024:17:03:18 -0500] "GET /sipse/js/disable_browser_buttons.js HTTP/1.1" 200 3230
181.56.171.197 - - [03/Feb/2024:17:03:18 -0500] "GET /sipse/faces/javax.faces.resource/layout/layout.css?ln=primefaces&v=4.0 HTTP/1.1" 304 -
181.56.171.197 - - [03/Feb/2024:17:03:18 -0500] "GET /sipse/js/jquery.min.js HTTP/1.1" 200 85582
181.56.171.197 - - [03/Feb/2024:17:03:18 -0500] "GET /sipse/js/funciones.js HTTP/1.1" 200 12592
181.56.171.197 - - [03/Feb/2024:17:03:18 -0500] "GET /sipse/faces/javax.faces.resource/jquery/jquery.js?ln=primefaces&v=4.0 HTTP/1.1" 200 105384
181.56.171.197 - - [03/Feb/2024:17:03:18 -0500] "GET /sipse/faces/javax.faces.resource/jquery/jquery-plugins.js?ln=primefaces&v=4.0 HTTP/1.1" 200 220526
181.56.171.197 - - [03/Feb/2024:17:03:18 -0500] "GET /sipse/css/imagen/contrasena.png HTTP/1.1" 404 383
181.56.171.197 - - [03/Feb/2024:17:03:18 -0500] "GET /sipse/faces/javax.faces.resource/primefaces.js?ln=primefaces&v=4.0 HTTP/1.1" 200 276924
181.56.171.197 - - [03/Feb/2024:17:03:19 -0500] "GET /sipse/faces/javax.faces.resource/layout/layout.js?ln=primefaces&v=4.0 HTTP/1.1" 200 87560
181.56.171.197 - - [03/Feb/2024:17:03:20 -0500] "POST /sipse/faces/presentacion/financiero/solicitudProceso/consultar.xhtml HTTP/1.1" 200 23077
181.56.171.197 - - [03/Feb/2024:17:03:22 -0500] "POST /sipse/faces/presentacion/financiero/solicitudProceso/consultar.xhtml HTTP/1.1" 200 65863
181.56.171.197 - - [03/Feb/2024:17:03:22 -0500] "GET /sipse/faces/javax.faces.resource/theme.css?ln=primefaces-sipse HTTP/1.1" 304 -
181.56.171.197 - - [03/Feb/2024:17:03:22 -0500] "GET /sipse/faces/javax.faces.resource/primefaces.css?ln=primefaces&v=4.0 HTTP/1.1" 304 -
181.56.171.197 - - [03/Feb/2024:17:03:22 -0500] "GET /sipse/faces/javax.faces.resource/layout/layout.css?ln=primefaces&v=4.0 HTTP/1.1" 304 -
181.56.171.197 - - [03/Feb/2024:17:03:22 -0500] "GET /sipse/faces/javax.faces.resource/jquery/jquery.js?ln=primefaces&v=4.0 HTTP/1.1" 304 -
181.56.171.197 - - [03/Feb/2024:17:03:22 -0500] "GET /sipse/faces/javax.faces.resource/jquery/jquery-plugins.js?ln=primefaces&v=4.0 HTTP/1.1" 304 -
181.56.171.197 - - [03/Feb/2024:17:03:22 -0500] "GET /sipse/faces/javax.faces.resource/primefaces.js?ln=primefaces&v=4.0 HTTP/1.1" 304 -
181.56.171.197 - - [03/Feb/2024:17:03:22 -0500] "GET /sipse/faces/javax.faces.resource/layout/layout.js?ln=primefaces&v=4.0 HTTP/1.1" 304 -
181.56.171.197 - - [03/Feb/2024:17:03:22 -0500] "POST /sipse/faces/presentacion/financiero/solicitudProceso/listarSolicitudProceso.xhtml HTTP/1.1" 200 59249
181.56.171.197 - - [03/Feb/2024:17:03:22 -0500] "POST /sipse/faces/presentacion/financiero/solicitudProceso/listarSolicitudProceso.xhtml HTTP/1.1" 200 1556
181.56.171.197 - - [03/Feb/2024:17:03:23 -0500] "POST /sipse/faces/presentacion/financiero/solicitudProceso/listarSolicitudProceso.xhtml HTTP/1.1" 200 1556
181.56.171.197 - - [03/Feb/2024:17:03:27 -0500] "POST /sipse/faces/presentacion/financiero/solicitudProceso/listarSolicitudProceso.xhtml HTTP/1.1" 200 25540
207.46.13.107 - - [03/Feb/2024:17:03:31 -0500] "GET /BLA/resoluciones/index.php?dir= HTTP/1.1" 200 14105
186.87.116.120 - - [03/Feb/2024:17:03:07 -0500] "POST /sipse/faces/presentacion/financiero/solicitudProceso/listarSolicitudProceso.xhtml HTTP/1.1" 200 137358
186.87.116.120 - - [03/Feb/2024:17:03:38 -0500] "GET /sipse/faces/javax.faces.resource/theme.css?ln=primefaces-sipse HTTP/1.1" 304 -
186.87.116.120 - - [03/Feb/2024:17:03:38 -0500] "GET /sipse/faces/javax.faces.resource/jquery/jquery.js?ln=primefaces&v=4.0 HTTP/1.1" 304 -
186.87.116.120 - - [03/Feb/2024:17:03:38 -0500] "GET /sipse/faces/javax.faces.resource/primefaces.css?ln=primefaces&v=4.0 HTTP/1.1" 304 -
186.87.116.120 - - [03/Feb/2024:17:03:38 -0500] "GET /sipse/faces/javax.faces.resource/layout/layout.css?ln=primefaces&v=4.0 HTTP/1.1" 304 -
186.87.116.120 - - [03/Feb/2024:17:03:38 -0500] "GET /sipse/faces/javax.faces.resource/jquery/jquery-plugins.js?ln=primefaces&v=4.0 HTTP/1.1" 304 -
186.87.116.120 - - [03/Feb/2024:17:03:38 -0500] "GET /sipse/faces/javax.faces.resource/primefaces.js?ln=primefaces&v=4.0 HTTP/1.1" 304 -
186.87.116.120 - - [03/Feb/2024:17:03:38 -0500] "GET /sipse/faces/javax.faces.resource/layout/layout.js?ln=primefaces&v=4.0 HTTP/1.1" 304 -
186.87.116.120 - - [03/Feb/2024:17:03:38 -0500] "GET /sipse/css/imagen/contrasena.png HTTP/1.1" 404 383
181.56.171.197 - - [03/Feb/2024:17:03:41 -0500] "POST /sipse/faces/presentacion/financiero/solicitudProceso/listarSolicitudProceso.xhtml HTTP/1.1" 200 138290
181.56.171.197 - - [03/Feb/2024:17:03:42 -0500] "GET /sipse/faces/javax.faces.resource/theme.css?ln=primefaces-sipse HTTP/1.1" 304 -
181.56.171.197 - - [03/Feb/2024:17:03:42 -0500] "GET /sipse/faces/javax.faces.resource/jquery/jquery.js?ln=primefaces&v=4.0 HTTP/1.1" 304 -
181.56.171.197 - - [03/Feb/2024:17:03:42 -0500] "GET /sipse/faces/javax.faces.resource/primefaces.css?ln=primefaces&v=4.0 HTTP/1.1" 304 -
181.56.171.197 - - [03/Feb/2024:17:03:42 -0500] "GET /sipse/faces/javax.faces.resource/jquery/jquery-plugins.js?ln=primefaces&v=4.0 HTTP/1.1" 304 -
181.56.171.197 - - [03/Feb/2024:17:03:42 -0500] "GET /sipse/faces/javax.faces.resource/primefaces.js?ln=primefaces&v=4.0 HTTP/1.1" 304 -
181.56.171.197 - - [03/Feb/2024:17:03:42 -0500] "GET /sipse/faces/javax.faces.resource/layout/layout.js?ln=primefaces&v=4.0 HTTP/1.1" 304 -
181.56.171.197 - - [03/Feb/2024:17:03:43 -0500] "GET /sipse/faces/javax.faces.resource/layout/layout.css?ln=primefaces&v=4.0 HTTP/1.1" 304 -
201.245.192.253 - - [03/Feb/2024:17:03:42 -0500] "POST /kwsrmcab/Wsrmcab  HTTP/1.1" 200 37857
186.31.179.94 - - [03/Feb/2024:17:04:05 -0500] "POST /sipse/faces/presentacion/financiero/solicitudProceso/consultar.xhtml HTTP/1.1" 200 13042
186.31.179.94 - - [03/Feb/2024:17:04:11 -0500] "POST /sipse/faces/presentacion/financiero/solicitudProceso/consultar.xhtml HTTP/1.1" 200 139857
186.31.179.94 - - [03/Feb/2024:17:04:12 -0500] "GET /sipse/faces/javax.faces.resource/jquery/jquery.js?ln=primefaces&v=4.0 HTTP/1.1" 304 -
186.31.179.94 - - [03/Feb/2024:17:04:12 -0500] "GET /sipse/faces/javax.faces.resource/jquery/jquery-plugins.js?ln=primefaces&v=4.0 HTTP/1.1" 304 -
186.31.179.94 - - [03/Feb/2024:17:04:12 -0500] "GET /sipse/faces/javax.faces.resource/primefaces.js?ln=primefaces&v=4.0 HTTP/1.1" 304 -
186.31.179.94 - - [03/Feb/2024:17:04:12 -0500] "GET /sipse/faces/javax.faces.resource/layout/layout.js?ln=primefaces&v=4.0 HTTP/1.1" 304 -
186.31.179.94 - - [03/Feb/2024:17:04:18 -0500] "POST /sipse/faces/presentacion/financiero/solicitudProceso/consultarSolicitudProceso.xhtml HTTP/1.1" 200 40286
186.31.179.94 - - [03/Feb/2024:17:04:19 -0500] "GET /sipse/faces/javax.faces.resource/theme.css?ln=primefaces-sipse HTTP/1.1" 304 -
186.31.179.94 - - [03/Feb/2024:17:04:19 -0500] "GET /sipse/faces/javax.faces.resource/primefaces.css?ln=primefaces&v=4.0 HTTP/1.1" 304 -
186.31.179.94 - - [03/Feb/2024:17:04:19 -0500] "GET /sipse/faces/javax.faces.resource/jquery/jquery.js?ln=primefaces&v=4.0 HTTP/1.1" 304 -
186.31.179.94 - - [03/Feb/2024:17:04:19 -0500] "GET /sipse/faces/javax.faces.resource/layout/layout.css?ln=primefaces&v=4.0 HTTP/1.1" 304 -
186.31.179.94 - - [03/Feb/2024:17:04:19 -0500] "GET /sipse/faces/javax.faces.resource/jquery/jquery-plugins.js?ln=primefaces&v=4.0 HTTP/1.1" 304 -
186.31.179.94 - - [03/Feb/2024:17:04:19 -0500] "GET /sipse/faces/javax.faces.resource/primefaces.js?ln=primefaces&v=4.0 HTTP/1.1" 304 -
186.31.179.94 - - [03/Feb/2024:17:04:19 -0500] "GET /sipse/faces/javax.faces.resource/layout/layout.js?ln=primefaces&v=4.0 HTTP/1.1" 304 -
186.31.179.94 - - [03/Feb/2024:17:04:19 -0500] "GET /sipse/faces/javax.faces.resource/images/ui-icons_898989_256x240.png?ln=primefaces-aristo HTTP/1.1" 304 -
186.31.179.94 - - [03/Feb/2024:17:04:38 -0500] "POST /sipse/faces/presentacion/financiero/solicitudProceso/consultarHistorialSolProceso.xhtml HTTP/1.1" 200 185651
186.31.179.94 - - [03/Feb/2024:17:04:38 -0500] "GET /sipse/faces/javax.faces.resource/theme.css?ln=primefaces-sipse HTTP/1.1" 304 -
186.31.179.94 - - [03/Feb/2024:17:04:38 -0500] "GET /sipse/faces/javax.faces.resource/primefaces.css?ln=primefaces&v=4.0 HTTP/1.1" 304 -
186.31.179.94 - - [03/Feb/2024:17:04:38 -0500] "GET /sipse/faces/javax.faces.resource/layout/layout.css?ln=primefaces&v=4.0 HTTP/1.1" 304 -
186.31.179.94 - - [03/Feb/2024:17:04:38 -0500] "GET /sipse/faces/javax.faces.resource/jquery/jquery.js?ln=primefaces&v=4.0 HTTP/1.1" 304 -
186.31.179.94 - - [03/Feb/2024:17:04:38 -0500] "GET /sipse/faces/javax.faces.resource/jquery/jquery-plugins.js?ln=primefaces&v=4.0 HTTP/1.1" 304 -
186.31.179.94 - - [03/Feb/2024:17:04:38 -0500] "GET /sipse/faces/javax.faces.resource/primefaces.js?ln=primefaces&v=4.0 HTTP/1.1" 304 -
186.31.179.94 - - [03/Feb/2024:17:04:38 -0500] "GET /sipse/faces/javax.faces.resource/layout/layout.js?ln=primefaces&v=4.0 HTTP/1.1" 304 -
186.31.179.94 - - [03/Feb/2024:17:04:38 -0500] "GET /sipse/faces/javax.faces.resource/images/ui-icons_898989_256x240.png?ln=primefaces-aristo HTTP/1.1" 304 -
186.31.179.94 - - [03/Feb/2024:17:04:43 -0500] "POST /sipse/faces/presentacion/financiero/solicitudProceso/consultarSolicitudProceso.xhtml HTTP/1.1" 200 469274
216.244.66.195 - - [03/Feb/2024:17:05:43 -0500] "GET /BLA/resoluciones/AUTOS%202008/0457.pdf HTTP/1.1" 200 95761
66.249.66.21 - - [03/Feb/2024:17:05:54 -0500] "GET /BLA/resoluciones/RESOLUCIONES%202009/4845.pdf HTTP/1.1" 200 1175800
216.244.66.195 - - [03/Feb/2024:17:06:01 -0500] "GET /BLA/resoluciones/AUTOS%202008/0563.pdf HTTP/1.1" 200 98261
216.245.221.92 - - [03/Feb/2024:17:06:01 -0500] "HEAD / HTTP/1.1" 200 -
186.31.179.94 - - [03/Feb/2024:17:06:08 -0500] "POST /sipse/faces/presentacion/financiero/solicitudProceso/consultarSolicitudProceso.xhtml HTTP/1.1" 200 44496
186.31.179.94 - - [03/Feb/2024:17:06:08 -0500] "GET /sipse/faces/javax.faces.resource/theme.css?ln=primefaces-sipse HTTP/1.1" 304 -
186.31.179.94 - - [03/Feb/2024:17:06:08 -0500] "GET /sipse/faces/javax.faces.resource/jquery/jquery.js?ln=primefaces&v=4.0 HTTP/1.1" 304 -
186.31.179.94 - - [03/Feb/2024:17:06:08 -0500] "GET /sipse/faces/javax.faces.resource/jquery/jquery-plugins.js?ln=primefaces&v=4.0 HTTP/1.1" 304 -
186.31.179.94 - - [03/Feb/2024:17:06:08 -0500] "GET /sipse/faces/javax.faces.resource/primefaces.js?ln=primefaces&v=4.0 HTTP/1.1" 304 -
186.31.179.94 - - [03/Feb/2024:17:06:08 -0500] "GET /sipse/faces/javax.faces.resource/primefaces.css?ln=primefaces&v=4.0 HTTP/1.1" 304 -
186.31.179.94 - - [03/Feb/2024:17:06:08 -0500] "GET /sipse/faces/javax.faces.resource/layout/layout.js?ln=primefaces&v=4.0 HTTP/1.1" 304 -
186.31.179.94 - - [03/Feb/2024:17:06:08 -0500] "GET /sipse/faces/javax.faces.resource/layout/layout.css?ln=primefaces&v=4.0 HTTP/1.1" 304 -
186.31.179.94 - - [03/Feb/2024:17:06:08 -0500] "GET /sipse/faces/javax.faces.resource/images/ui-icons_898989_256x240.png?ln=primefaces-aristo HTTP/1.1" 304 -
186.31.179.94 - - [03/Feb/2024:17:06:13 -0500] "GET /sipse/faces/javax.faces.resource/images/ui-bg_flat_0_2d5972_40x100.png?ln=primefaces-aristo HTTP/1.1" 304 -
186.31.179.94 - - [03/Feb/2024:17:06:13 -0500] "POST /sipse/faces/presentacion/financiero/solicitudProceso/consultar.xhtml HTTP/1.1" 200 13120
172.22.2.4 - - [03/Feb/2024:17:04:34 -0500] "HEAD /BLA/boletinlegal/ HTTP/1.1" 200 -
216.244.66.195 - - [03/Feb/2024:17:06:17 -0500] "GET /BLA/resoluciones/AUTOS%202008/1093.pdf HTTP/1.1" 200 119074
186.31.179.94 - - [03/Feb/2024:17:06:18 -0500] "POST /sipse/faces/presentacion/financiero/solicitudProceso/consultar.xhtml HTTP/1.1" 200 136398
186.31.179.94 - - [03/Feb/2024:17:06:19 -0500] "GET /sipse/faces/javax.faces.resource/jquery/jquery.js?ln=primefaces&v=4.0 HTTP/1.1" 304 -
186.31.179.94 - - [03/Feb/2024:17:06:19 -0500] "GET /sipse/faces/javax.faces.resource/jquery/jquery-plugins.js?ln=primefaces&v=4.0 HTTP/1.1" 304 -
186.31.179.94 - - [03/Feb/2024:17:06:19 -0500] "GET /sipse/faces/javax.faces.resource/primefaces.js?ln=primefaces&v=4.0 HTTP/1.1" 304 -
186.31.179.94 - - [03/Feb/2024:17:06:19 -0500] "GET /sipse/faces/javax.faces.resource/layout/layout.js?ln=primefaces&v=4.0 HTTP/1.1" 304 -
66.249.66.19 - - [03/Feb/2024:17:06:20 -0500] "GET /BLA/resoluciones/RESOLUCIONES%202009/1267.pdf HTTP/1.1" 200 569573
186.31.179.94 - - [03/Feb/2024:17:06:23 -0500] "POST /sipse/faces/presentacion/financiero/solicitudProceso/consultarSolicitudProceso.xhtml HTTP/1.1" 200 34299
186.31.179.94 - - [03/Feb/2024:17:06:24 -0500] "GET /sipse/faces/javax.faces.resource/theme.css?ln=primefaces-sipse HTTP/1.1" 304 -
186.31.179.94 - - [03/Feb/2024:17:06:24 -0500] "GET /sipse/faces/javax.faces.resource/primefaces.css?ln=primefaces&v=4.0 HTTP/1.1" 304 -
186.31.179.94 - - [03/Feb/2024:17:06:24 -0500] "GET /sipse/faces/javax.faces.resource/layout/layout.css?ln=primefaces&v=4.0 HTTP/1.1" 304 -
186.31.179.94 - - [03/Feb/2024:17:06:24 -0500] "GET /sipse/faces/javax.faces.resource/jquery/jquery.js?ln=primefaces&v=4.0 HTTP/1.1" 304 -
186.31.179.94 - - [03/Feb/2024:17:06:24 -0500] "GET /sipse/faces/javax.faces.resource/jquery/jquery-plugins.js?ln=primefaces&v=4.0 HTTP/1.1" 304 -
186.31.179.94 - - [03/Feb/2024:17:06:24 -0500] "GET /sipse/faces/javax.faces.resource/primefaces.js?ln=primefaces&v=4.0 HTTP/1.1" 304 -
186.31.179.94 - - [03/Feb/2024:17:06:24 -0500] "GET /sipse/faces/javax.faces.resource/layout/layout.js?ln=primefaces&v=4.0 HTTP/1.1" 304 -
186.31.179.94 - - [03/Feb/2024:17:06:24 -0500] "GET /sipse/faces/javax.faces.resource/images/ui-icons_898989_256x240.png?ln=primefaces-aristo HTTP/1.1" 304 -
216.244.66.195 - - [03/Feb/2024:17:06:32 -0500] "GET /BLA/resoluciones/AUTOS%202008/1102.pdf HTTP/1.1" 200 75459
186.31.179.94 - - [03/Feb/2024:17:06:37 -0500] "GET /sipse/faces/javax.faces.resource/theme.css?ln=primefaces-sipse HTTP/1.1" 304 -
186.31.179.94 - - [03/Feb/2024:17:06:37 -0500] "GET /sipse/faces/javax.faces.resource/primefaces.css?ln=primefaces&v=4.0 HTTP/1.1" 304 -
186.31.179.94 - - [03/Feb/2024:17:06:37 -0500] "GET /sipse/faces/javax.faces.resource/layout/layout.css?ln=primefaces&v=4.0 HTTP/1.1" 304 -
186.31.179.94 - - [03/Feb/2024:17:06:37 -0500] "GET /sipse/faces/javax.faces.resource/jquery/jquery.js?ln=primefaces&v=4.0 HTTP/1.1" 304 -
186.31.179.94 - - [03/Feb/2024:17:06:37 -0500] "GET /sipse/faces/javax.faces.resource/jquery/jquery-plugins.js?ln=primefaces&v=4.0 HTTP/1.1" 304 -
186.31.179.94 - - [03/Feb/2024:17:06:37 -0500] "POST /sipse/faces/presentacion/financiero/solicitudProceso/consultarHistorialSolProceso.xhtml HTTP/1.1" 200 182192
186.31.179.94 - - [03/Feb/2024:17:06:37 -0500] "GET /sipse/faces/javax.faces.resource/layout/layout.js?ln=primefaces&v=4.0 HTTP/1.1" 304 -
186.31.179.94 - - [03/Feb/2024:17:06:37 -0500] "GET /sipse/faces/javax.faces.resource/primefaces.js?ln=primefaces&v=4.0 HTTP/1.1" 304 -
186.31.179.94 - - [03/Feb/2024:17:06:37 -0500] "GET /sipse/faces/javax.faces.resource/images/ui-icons_898989_256x240.png?ln=primefaces-aristo HTTP/1.1" 304 -
186.31.179.94 - - [03/Feb/2024:17:06:41 -0500] "POST /sipse/faces/presentacion/financiero/solicitudProceso/consultarSolicitudProceso.xhtml HTTP/1.1" 200 44578
186.31.179.94 - - [03/Feb/2024:17:06:42 -0500] "GET /sipse/faces/javax.faces.resource/theme.css?ln=primefaces-sipse HTTP/1.1" 304 -
186.31.179.94 - - [03/Feb/2024:17:06:42 -0500] "GET /sipse/faces/javax.faces.resource/primefaces.css?ln=primefaces&v=4.0 HTTP/1.1" 304 -
186.31.179.94 - - [03/Feb/2024:17:06:42 -0500] "GET /sipse/faces/javax.faces.resource/layout/layout.css?ln=primefaces&v=4.0 HTTP/1.1" 304 -
186.31.179.94 - - [03/Feb/2024:17:06:42 -0500] "GET /sipse/faces/javax.faces.resource/jquery/jquery.js?ln=primefaces&v=4.0 HTTP/1.1" 304 -
186.31.179.94 - - [03/Feb/2024:17:06:42 -0500] "GET /sipse/faces/javax.faces.resource/jquery/jquery-plugins.js?ln=primefaces&v=4.0 HTTP/1.1" 304 -
186.31.179.94 - - [03/Feb/2024:17:06:42 -0500] "GET /sipse/faces/javax.faces.resource/primefaces.js?ln=primefaces&v=4.0 HTTP/1.1" 304 -
186.31.179.94 - - [03/Feb/2024:17:06:42 -0500] "GET /sipse/faces/javax.faces.resource/layout/layout.js?ln=primefaces&v=4.0 HTTP/1.1" 304 -
186.31.179.94 - - [03/Feb/2024:17:06:42 -0500] "GET /sipse/faces/javax.faces.resource/images/ui-icons_898989_256x240.png?ln=primefaces-aristo HTTP/1.1" 304 -
216.244.66.195 - - [03/Feb/2024:17:06:48 -0500] "GET /BLA/resoluciones/AUTOS%202008/1335.pdf HTTP/1.1" 200 73702
157.55.39.200 - - [03/Feb/2024:17:06:52 -0500] "GET /BLA/resoluciones/AUTOS%202023/05801.pdf HTTP/1.1" 200 393517
216.244.66.195 - - [03/Feb/2024:17:07:01 -0500] "GET /BLA/resoluciones/AUTOS%202008/1346.pdf HTTP/1.1" 200 72492
172.22.2.4 - - [03/Feb/2024:17:05:25 -0500] "GET /BLA/boletinlegal/ HTTP/1.1" 200 58677
216.244.66.195 - - [03/Feb/2024:17:07:13 -0500] "GET /BLA/resoluciones/AUTOS%202008/1634.pdf HTTP/1.1" 200 63958
216.244.66.195 - - [03/Feb/2024:17:07:24 -0500] "GET /BLA/resoluciones/AUTOS%202008/1892.pdf HTTP/1.1" 200 85234
186.31.179.94 - - [03/Feb/2024:17:07:30 -0500] "GET /sipse/faces/javax.faces.resource/images/ui-bg_flat_0_2d5972_40x100.png?ln=primefaces-aristo HTTP/1.1" 304 -
186.31.179.94 - - [03/Feb/2024:17:07:30 -0500] "POST /sipse/faces/presentacion/financiero/solicitudProceso/consultar.xhtml HTTP/1.1" 200 13120
186.31.179.94 - - [03/Feb/2024:17:07:33 -0500] "POST /sipse/faces/presentacion/financiero/solicitudProceso/consultar.xhtml HTTP/1.1" 200 136398
186.31.179.94 - - [03/Feb/2024:17:07:34 -0500] "GET /sipse/faces/javax.faces.resource/jquery/jquery.js?ln=primefaces&v=4.0 HTTP/1.1" 304 -
186.31.179.94 - - [03/Feb/2024:17:07:34 -0500] "GET /sipse/faces/javax.faces.resource/jquery/jquery-plugins.js?ln=primefaces&v=4.0 HTTP/1.1" 304 -
216.244.66.195 - - [03/Feb/2024:17:07:34 -0500] "GET /BLA/resoluciones/AUTOS%202013/0280.pdf HTTP/1.1" 200 2820561
186.31.179.94 - - [03/Feb/2024:17:07:34 -0500] "GET /sipse/faces/javax.faces.resource/primefaces.js?ln=primefaces&v=4.0 HTTP/1.1" 304 -
186.31.179.94 - - [03/Feb/2024:17:07:34 -0500] "GET /sipse/faces/javax.faces.resource/layout/layout.js?ln=primefaces&v=4.0 HTTP/1.1" 304 -
186.31.179.94 - - [03/Feb/2024:17:07:37 -0500] "POST /sipse/faces/presentacion/financiero/solicitudProceso/consultarSolicitudProceso.xhtml HTTP/1.1" 200 34299
186.31.179.94 - - [03/Feb/2024:17:07:38 -0500] "GET /sipse/faces/javax.faces.resource/primefaces.css?ln=primefaces&v=4.0 HTTP/1.1" 304 -
186.31.179.94 - - [03/Feb/2024:17:07:38 -0500] "GET /sipse/faces/javax.faces.resource/theme.css?ln=primefaces-sipse HTTP/1.1" 304 -
186.31.179.94 - - [03/Feb/2024:17:07:38 -0500] "GET /sipse/faces/javax.faces.resource/jquery/jquery-plugins.js?ln=primefaces&v=4.0 HTTP/1.1" 304 -
186.31.179.94 - - [03/Feb/2024:17:07:38 -0500] "GET /sipse/faces/javax.faces.resource/layout/layout.css?ln=primefaces&v=4.0 HTTP/1.1" 304 -
186.31.179.94 - - [03/Feb/2024:17:07:38 -0500] "GET /sipse/faces/javax.faces.resource/jquery/jquery.js?ln=primefaces&v=4.0 HTTP/1.1" 304 -
186.31.179.94 - - [03/Feb/2024:17:07:38 -0500] "GET /sipse/faces/javax.faces.resource/primefaces.js?ln=primefaces&v=4.0 HTTP/1.1" 304 -
186.31.179.94 - - [03/Feb/2024:17:07:38 -0500] "GET /sipse/faces/javax.faces.resource/layout/layout.js?ln=primefaces&v=4.0 HTTP/1.1" 304 -
186.31.179.94 - - [03/Feb/2024:17:07:38 -0500] "GET /sipse/faces/javax.faces.resource/images/ui-icons_898989_256x240.png?ln=primefaces-aristo HTTP/1.1" 304 -
186.31.179.94 - - [03/Feb/2024:17:07:48 -0500] "POST /sipse/faces/presentacion/financiero/solicitudProceso/consultarHistorialSolProceso.xhtml HTTP/1.1" 200 182192
186.31.179.94 - - [03/Feb/2024:17:07:48 -0500] "GET /sipse/faces/javax.faces.resource/theme.css?ln=primefaces-sipse HTTP/1.1" 304 -
186.31.179.94 - - [03/Feb/2024:17:07:48 -0500] "GET /sipse/faces/javax.faces.resource/primefaces.css?ln=primefaces&v=4.0 HTTP/1.1" 304 -
186.31.179.94 - - [03/Feb/2024:17:07:48 -0500] "GET /sipse/faces/javax.faces.resource/layout/layout.css?ln=primefaces&v=4.0 HTTP/1.1" 304 -
186.31.179.94 - - [03/Feb/2024:17:07:49 -0500] "GET /sipse/faces/javax.faces.resource/jquery/jquery.js?ln=primefaces&v=4.0 HTTP/1.1" 304 -
186.31.179.94 - - [03/Feb/2024:17:07:49 -0500] "GET /sipse/faces/javax.faces.resource/jquery/jquery-plugins.js?ln=primefaces&v=4.0 HTTP/1.1" 304 -
186.31.179.94 - - [03/Feb/2024:17:07:49 -0500] "GET /sipse/faces/javax.faces.resource/primefaces.js?ln=primefaces&v=4.0 HTTP/1.1" 304 -
186.31.179.94 - - [03/Feb/2024:17:07:49 -0500] "GET /sipse/faces/javax.faces.resource/layout/layout.js?ln=primefaces&v=4.0 HTTP/1.1" 304 -
186.31.179.94 - - [03/Feb/2024:17:07:49 -0500] "GET /sipse/faces/javax.faces.resource/images/ui-icons_898989_256x240.png?ln=primefaces-aristo HTTP/1.1" 304 -
66.249.66.20 - - [03/Feb/2024:17:07:54 -0500] "GET /BLA/resoluciones/RESOLUCIONES%202009/0002.pdf HTTP/1.1" 200 234079
216.244.66.195 - - [03/Feb/2024:17:08:07 -0500] "GET /BLA/resoluciones/AUTOS%202013/1780.pdf HTTP/1.1" 200 362014
181.56.171.197 - - [03/Feb/2024:17:08:28 -0500] "POST /sipse/faces/presentacion/financiero/solicitudProceso/consultarSolicitudProceso.xhtml HTTP/1.1" 200 65863
181.56.171.197 - - [03/Feb/2024:17:08:28 -0500] "GET /sipse/faces/javax.faces.resource/theme.css?ln=primefaces-sipse HTTP/1.1" 304 -
181.56.171.197 - - [03/Feb/2024:17:08:28 -0500] "GET /sipse/faces/javax.faces.resource/primefaces.css?ln=primefaces&v=4.0 HTTP/1.1" 304 -
181.56.171.197 - - [03/Feb/2024:17:08:28 -0500] "GET /sipse/faces/javax.faces.resource/layout/layout.css?ln=primefaces&v=4.0 HTTP/1.1" 304 -
181.56.171.197 - - [03/Feb/2024:17:08:28 -0500] "GET /sipse/faces/javax.faces.resource/jquery/jquery.js?ln=primefaces&v=4.0 HTTP/1.1" 304 -
181.56.171.197 - - [03/Feb/2024:17:08:28 -0500] "GET /sipse/faces/javax.faces.resource/jquery/jquery-plugins.js?ln=primefaces&v=4.0 HTTP/1.1" 304 -
181.56.171.197 - - [03/Feb/2024:17:08:28 -0500] "GET /sipse/faces/javax.faces.resource/primefaces.js?ln=primefaces&v=4.0 HTTP/1.1" 304 -
181.56.171.197 - - [03/Feb/2024:17:08:28 -0500] "GET /sipse/faces/javax.faces.resource/layout/layout.js?ln=primefaces&v=4.0 HTTP/1.1" 304 -
181.56.171.197 - - [03/Feb/2024:17:08:28 -0500] "POST /sipse/faces/presentacion/financiero/solicitudProceso/listarSolicitudProceso.xhtml HTTP/1.1" 200 59249
181.56.171.197 - - [03/Feb/2024:17:08:29 -0500] "POST /sipse/faces/presentacion/financiero/solicitudProceso/listarSolicitudProceso.xhtml HTTP/1.1" 200 59249
216.244.66.195 - - [03/Feb/2024:17:08:29 -0500] "GET /BLA/resoluciones/AUTOS%202013/2025.pdf HTTP/1.1" 200 432656
181.56.171.197 - - [03/Feb/2024:17:08:29 -0500] "POST /sipse/faces/presentacion/financiero/solicitudProceso/listarSolicitudProceso.xhtml HTTP/1.1" 200 59249
181.56.171.197 - - [03/Feb/2024:17:08:29 -0500] "POST /sipse/faces/presentacion/financiero/solicitudProceso/listarSolicitudProceso.xhtml HTTP/1.1" 200 1556
181.56.171.197 - - [03/Feb/2024:17:08:30 -0500] "POST /sipse/faces/presentacion/financiero/solicitudProceso/listarSolicitudProceso.xhtml HTTP/1.1" 200 1556
181.56.171.197 - - [03/Feb/2024:17:08:30 -0500] "POST /sipse/faces/presentacion/financiero/solicitudProceso/listarSolicitudProceso.xhtml HTTP/1.1" 200 1560
181.56.171.197 - - [03/Feb/2024:17:08:30 -0500] "POST /sipse/faces/presentacion/financiero/solicitudProceso/listarSolicitudProceso.xhtml HTTP/1.1" 200 1556
181.56.171.197 - - [03/Feb/2024:17:08:31 -0500] "POST /sipse/faces/presentacion/financiero/solicitudProceso/listarSolicitudProceso.xhtml HTTP/1.1" 200 25540
201.245.192.253 - - [03/Feb/2024:17:08:41 -0500] "POST /kwsrmcab/Wsrmcab  HTTP/1.1" 200 37857
216.244.66.195 - - [03/Feb/2024:17:08:47 -0500] "GET /BLA/resoluciones/AUTOS%202013/2443.pdf HTTP/1.1" 200 791784
181.56.171.197 - - [03/Feb/2024:17:08:47 -0500] "POST /sipse/faces/presentacion/financiero/solicitudProceso/listarSolicitudProceso.xhtml HTTP/1.1" 200 137287
181.56.171.197 - - [03/Feb/2024:17:08:48 -0500] "GET /sipse/faces/javax.faces.resource/theme.css?ln=primefaces-sipse HTTP/1.1" 304 -
181.56.171.197 - - [03/Feb/2024:17:08:48 -0500] "GET /sipse/faces/javax.faces.resource/jquery/jquery.js?ln=primefaces&v=4.0 HTTP/1.1" 304 -
181.56.171.197 - - [03/Feb/2024:17:08:48 -0500] "GET /sipse/faces/javax.faces.resource/primefaces.css?ln=primefaces&v=4.0 HTTP/1.1" 304 -
181.56.171.197 - - [03/Feb/2024:17:08:48 -0500] "GET /sipse/faces/javax.faces.resource/layout/layout.css?ln=primefaces&v=4.0 HTTP/1.1" 304 -
181.56.171.197 - - [03/Feb/2024:17:08:48 -0500] "GET /sipse/faces/javax.faces.resource/jquery/jquery-plugins.js?ln=primefaces&v=4.0 HTTP/1.1" 304 -
181.56.171.197 - - [03/Feb/2024:17:08:48 -0500] "GET /sipse/faces/javax.faces.resource/primefaces.js?ln=primefaces&v=4.0 HTTP/1.1" 304 -
181.56.171.197 - - [03/Feb/2024:17:08:48 -0500] "GET /sipse/faces/javax.faces.resource/layout/layout.js?ln=primefaces&v=4.0 HTTP/1.1" 304 -
216.244.66.195 - - [03/Feb/2024:17:09:06 -0500] "GET /BLA/resoluciones/AUTOS%202014/0034.pdf HTTP/1.1" 200 4577364
186.31.179.94 - - [03/Feb/2024:17:09:07 -0500] "GET /sipse/faces/faces/autenticacion.xhtml HTTP/1.1" 200 12414
186.31.179.94 - - [03/Feb/2024:17:09:07 -0500] "GET /sipse/faces/javax.faces.resource/theme.css?ln=primefaces-sipse HTTP/1.1" 304 -
186.31.179.94 - - [03/Feb/2024:17:09:07 -0500] "GET /sipse/faces/javax.faces.resource/primefaces.css?ln=primefaces&v=4.0 HTTP/1.1" 304 -
186.31.179.94 - - [03/Feb/2024:17:09:07 -0500] "GET /sipse/faces/javax.faces.resource/jquery/jquery.js?ln=primefaces&v=4.0 HTTP/1.1" 304 -
186.31.179.94 - - [03/Feb/2024:17:09:07 -0500] "GET /sipse/faces/javax.faces.resource/layout/layout.css?ln=primefaces&v=4.0 HTTP/1.1" 304 -
186.31.179.94 - - [03/Feb/2024:17:09:07 -0500] "GET /sipse/faces/javax.faces.resource/jquery/jquery-plugins.js?ln=primefaces&v=4.0 HTTP/1.1" 304 -
186.31.179.94 - - [03/Feb/2024:17:09:07 -0500] "GET /sipse/faces/javax.faces.resource/primefaces.js?ln=primefaces&v=4.0 HTTP/1.1" 304 -
186.31.179.94 - - [03/Feb/2024:17:09:07 -0500] "GET /sipse/faces/javax.faces.resource/layout/layout.js?ln=primefaces&v=4.0 HTTP/1.1" 304 -
186.31.179.94 - - [03/Feb/2024:17:09:08 -0500] "GET /sipse/faces/javax.faces.resource/images/ui-icons_898989_256x240.png?ln=primefaces-aristo HTTP/1.1" 304 -
186.31.179.94 - - [03/Feb/2024:17:09:08 -0500] "GET /sipse/faces/faces/index.xhtml HTTP/1.1" 200 677
186.31.179.94 - - [03/Feb/2024:17:09:08 -0500] "GET /sipse/faces/javax.faces.resource/theme.css?ln=primefaces-sipse HTTP/1.1" 304 -
186.31.179.94 - - [03/Feb/2024:17:09:08 -0500] "GET /sipse/faces/faces/faces/autenticacion.xhtml HTTP/1.1" 200 12414
186.31.179.94 - - [03/Feb/2024:17:09:08 -0500] "GET /sipse/faces/javax.faces.resource/theme.css?ln=primefaces-sipse HTTP/1.1" 304 -
186.31.179.94 - - [03/Feb/2024:17:09:08 -0500] "GET /sipse/faces/javax.faces.resource/primefaces.css?ln=primefaces&v=4.0 HTTP/1.1" 304 -
186.31.179.94 - - [03/Feb/2024:17:09:08 -0500] "GET /sipse/faces/javax.faces.resource/layout/layout.css?ln=primefaces&v=4.0 HTTP/1.1" 304 -
186.31.179.94 - - [03/Feb/2024:17:09:08 -0500] "GET /sipse/faces/javax.faces.resource/jquery/jquery.js?ln=primefaces&v=4.0 HTTP/1.1" 304 -
186.31.179.94 - - [03/Feb/2024:17:09:08 -0500] "GET /sipse/faces/javax.faces.resource/jquery/jquery-plugins.js?ln=primefaces&v=4.0 HTTP/1.1" 304 -
186.31.179.94 - - [03/Feb/2024:17:09:08 -0500] "GET /sipse/faces/javax.faces.resource/primefaces.js?ln=primefaces&v=4.0 HTTP/1.1" 304 -
186.31.179.94 - - [03/Feb/2024:17:09:08 -0500] "GET /sipse/faces/javax.faces.resource/layout/layout.js?ln=primefaces&v=4.0 HTTP/1.1" 304 -
186.31.179.94 - - [03/Feb/2024:17:09:08 -0500] "GET /sipse/faces/javax.faces.resource/images/ui-icons_898989_256x240.png?ln=primefaces-aristo HTTP/1.1" 304 -
186.31.179.94 - - [03/Feb/2024:17:09:10 -0500] "POST /sipse/faces/autenticacion.xhtml HTTP/1.1" 200 16204
186.31.179.94 - - [03/Feb/2024:17:09:10 -0500] "GET /sipse/faces/javax.faces.resource/jquery/jquery.js?ln=primefaces&v=4.0 HTTP/1.1" 304 -
186.31.179.94 - - [03/Feb/2024:17:09:10 -0500] "GET /sipse/faces/javax.faces.resource/jquery/jquery-plugins.js?ln=primefaces&v=4.0 HTTP/1.1" 304 -
186.31.179.94 - - [03/Feb/2024:17:09:10 -0500] "GET /sipse/faces/javax.faces.resource/primefaces.js?ln=primefaces&v=4.0 HTTP/1.1" 304 -
186.31.179.94 - - [03/Feb/2024:17:09:10 -0500] "GET /sipse/faces/javax.faces.resource/layout/layout.js?ln=primefaces&v=4.0 HTTP/1.1" 304 -
186.31.179.94 - - [03/Feb/2024:17:09:10 -0500] "GET /sipse/css/imagen/contrasena.png HTTP/1.1" 404 383
186.31.179.94 - - [03/Feb/2024:17:09:10 -0500] "GET /sipse/faces/javax.faces.resource/messages/messages.png?ln=primefaces&v=4.0 HTTP/1.1" 304 -
186.31.179.94 - - [03/Feb/2024:17:09:11 -0500] "GET /sipse/faces/javax.faces.resource/images/ui-bg_flat_0_2d5972_40x100.png?ln=primefaces-aristo HTTP/1.1" 304 -
186.31.179.94 - - [03/Feb/2024:17:09:11 -0500] "POST /sipse/faces/bienvenido.xhtml HTTP/1.1" 200 1471
186.31.179.94 - - [03/Feb/2024:17:09:12 -0500] "POST /sipse/faces/bienvenido.xhtml HTTP/1.1" 200 61421
186.31.179.94 - - [03/Feb/2024:17:09:12 -0500] "GET /sipse/faces/javax.faces.resource/jquery/jquery.js?ln=primefaces&v=4.0 HTTP/1.1" 304 -
186.31.179.94 - - [03/Feb/2024:17:09:12 -0500] "GET /sipse/faces/javax.faces.resource/jquery/jquery-plugins.js?ln=primefaces&v=4.0 HTTP/1.1" 304 -
186.31.179.94 - - [03/Feb/2024:17:09:12 -0500] "GET /sipse/faces/javax.faces.resource/primefaces.js?ln=primefaces&v=4.0 HTTP/1.1" 304 -
186.31.179.94 - - [03/Feb/2024:17:09:12 -0500] "GET /sipse/faces/javax.faces.resource/layout/layout.js?ln=primefaces&v=4.0 HTTP/1.1" 304 -
186.31.179.94 - - [03/Feb/2024:17:09:12 -0500] "POST /sipse/faces/presentacion/financiero/solicitudProceso/listarSolicitudProceso.xhtml HTTP/1.1" 200 1556
186.31.179.94 - - [03/Feb/2024:17:09:17 -0500] "POST /sipse/faces/presentacion/financiero/solicitudProceso/listarSolicitudProceso.xhtml HTTP/1.1" 200 4761
186.31.179.94 - - [03/Feb/2024:17:09:19 -0500] "POST /sipse/faces/presentacion/financiero/solicitudProceso/listarSolicitudProceso.xhtml HTTP/1.1" 200 20082
186.31.179.94 - - [03/Feb/2024:17:09:22 -0500] "POST /sipse/faces/presentacion/financiero/solicitudProceso/listarSolicitudProceso.xhtml HTTP/1.1" 200 4765
216.244.66.195 - - [03/Feb/2024:17:09:42 -0500] "GET /BLA/resoluciones/AUTOS%202014/0134.pdf HTTP/1.1" 200 569629
186.31.179.94 - - [03/Feb/2024:17:10:07 -0500] "POST /sipse/faces/presentacion/financiero/solicitudProceso/listarSolicitudProceso.xhtml HTTP/1.1" 200 145748
186.31.179.94 - - [03/Feb/2024:17:10:08 -0500] "GET /sipse/faces/javax.faces.resource/jquery/jquery.js?ln=primefaces&v=4.0 HTTP/1.1" 304 -
186.31.179.94 - - [03/Feb/2024:17:10:08 -0500] "GET /sipse/faces/javax.faces.resource/jquery/jquery-plugins.js?ln=primefaces&v=4.0 HTTP/1.1" 304 -
186.31.179.94 - - [03/Feb/2024:17:10:08 -0500] "GET /sipse/faces/javax.faces.resource/primefaces.js?ln=primefaces&v=4.0 HTTP/1.1" 304 -
186.31.179.94 - - [03/Feb/2024:17:10:08 -0500] "GET /sipse/faces/javax.faces.resource/layout/layout.js?ln=primefaces&v=4.0 HTTP/1.1" 304 -
186.31.179.94 - - [03/Feb/2024:17:10:14 -0500] "POST /sipse/faces/presentacion/financiero/solicitudProceso/consultarSolicitudProceso.xhtml HTTP/1.1" 200 411860
216.244.66.195 - - [03/Feb/2024:17:10:15 -0500] "GET /BLA/resoluciones/AUTOS%202014/1279.pdf HTTP/1.1" 200 480229
181.56.171.197 - - [03/Feb/2024:17:10:17 -0500] "GET /sipse/faces/javax.faces.resource/theme.css?ln=primefaces-sipse HTTP/1.1" 304 -
181.56.171.197 - - [03/Feb/2024:17:10:17 -0500] "GET /sipse/faces/javax.faces.resource/primefaces.css?ln=primefaces&v=4.0 HTTP/1.1" 304 -
181.56.171.197 - - [03/Feb/2024:17:10:17 -0500] "GET /sipse/faces/javax.faces.resource/layout/layout.css?ln=primefaces&v=4.0 HTTP/1.1" 304 -
181.56.171.197 - - [03/Feb/2024:17:10:17 -0500] "GET /sipse/faces/javax.faces.resource/jquery/jquery.js?ln=primefaces&v=4.0 HTTP/1.1" 304 -
181.56.171.197 - - [03/Feb/2024:17:10:17 -0500] "GET /sipse/faces/javax.faces.resource/jquery/jquery-plugins.js?ln=primefaces&v=4.0 HTTP/1.1" 304 -
181.56.171.197 - - [03/Feb/2024:17:10:17 -0500] "POST /sipse/faces/presentacion/financiero/solicitudProceso/consultarSolicitudProceso.xhtml HTTP/1.1" 200 36306
181.56.171.197 - - [03/Feb/2024:17:10:17 -0500] "GET /sipse/faces/javax.faces.resource/primefaces.js?ln=primefaces&v=4.0 HTTP/1.1" 304 -
181.56.171.197 - - [03/Feb/2024:17:10:17 -0500] "GET /sipse/faces/javax.faces.resource/layout/layout.js?ln=primefaces&v=4.0 HTTP/1.1" 304 -
47.128.44.93 - - [03/Feb/2024:17:10:18 -0500] "GET /BLA/resoluciones/index.php?dir=RESOLUCIONES%202007%2FRES%202007%20901%20AL%201000%2F&order=desc&sort=name HTTP/1.1" 200 26733
47.128.44.93 - - [03/Feb/2024:17:10:19 -0500] "GET /BLA/resoluciones/dlf/pdf.gif HTTP/1.1" 200 272
47.128.44.93 - - [03/Feb/2024:17:10:19 -0500] "GET /BLA/resoluciones/dlf/dirup.png HTTP/1.1" 200 644
216.244.66.195 - - [03/Feb/2024:17:10:53 -0500] "GET /BLA/resoluciones/AUTOS%202014/1766.pdf HTTP/1.1" 200 331435
216.245.221.92 - - [03/Feb/2024:17:11:01 -0500] "HEAD / HTTP/1.1" 200 -
186.31.179.94 - - [03/Feb/2024:17:11:17 -0500] "POST /sipse/faces/presentacion/financiero/solicitudProceso/consultarSolicitudProceso.xhtml HTTP/1.1" 200 192426
186.31.179.94 - - [03/Feb/2024:17:11:18 -0500] "GET /sipse/faces/javax.faces.resource/theme.css?ln=primefaces-sipse HTTP/1.1" 304 -
186.31.179.94 - - [03/Feb/2024:17:11:18 -0500] "GET /sipse/faces/javax.faces.resource/jquery/jquery.js?ln=primefaces&v=4.0 HTTP/1.1" 304 -
186.31.179.94 - - [03/Feb/2024:17:11:18 -0500] "GET /sipse/faces/javax.faces.resource/primefaces.css?ln=primefaces&v=4.0 HTTP/1.1" 304 -
186.31.179.94 - - [03/Feb/2024:17:11:18 -0500] "GET /sipse/faces/javax.faces.resource/layout/layout.css?ln=primefaces&v=4.0 HTTP/1.1" 304 -
186.31.179.94 - - [03/Feb/2024:17:11:18 -0500] "GET /sipse/faces/javax.faces.resource/jquery/jquery-plugins.js?ln=primefaces&v=4.0 HTTP/1.1" 304 -
186.31.179.94 - - [03/Feb/2024:17:11:18 -0500] "GET /sipse/faces/javax.faces.resource/primefaces.js?ln=primefaces&v=4.0 HTTP/1.1" 304 -
186.31.179.94 - - [03/Feb/2024:17:11:18 -0500] "GET /sipse/faces/javax.faces.resource/layout/layout.js?ln=primefaces&v=4.0 HTTP/1.1" 304 -
186.31.179.94 - - [03/Feb/2024:17:11:18 -0500] "GET /sipse/faces/javax.faces.resource/images/ui-icons_898989_256x240.png?ln=primefaces-aristo HTTP/1.1" 304 -
186.31.179.94 - - [03/Feb/2024:17:11:22 -0500] "GET /sipse/faces/javax.faces.resource/images/ui-bg_flat_0_2d5972_40x100.png?ln=primefaces-aristo HTTP/1.1" 304 -
66.249.66.19 - - [03/Feb/2024:17:11:23 -0500] "GET /resoluciones/RESOLUCIONES%202008/3740.pdf HTTP/1.1" 404 1018
216.244.66.195 - - [03/Feb/2024:17:11:24 -0500] "GET /BLA/resoluciones/AUTOS%202014/1885.pdf HTTP/1.1" 200 667477
186.31.179.94 - - [03/Feb/2024:17:11:22 -0500] "POST /sipse/faces/presentacion/financiero/solicitudProceso/consultarSolicitudProceso.xhtml HTTP/1.1" 200 34837
186.31.179.94 - - [03/Feb/2024:17:11:24 -0500] "GET /sipse/faces/javax.faces.resource/jquery/jquery.js?ln=primefaces&v=4.0 HTTP/1.1" 304 -
186.31.179.94 - - [03/Feb/2024:17:11:24 -0500] "GET /sipse/faces/javax.faces.resource/jquery/jquery-plugins.js?ln=primefaces&v=4.0 HTTP/1.1" 304 -
186.31.179.94 - - [03/Feb/2024:17:11:24 -0500] "GET /sipse/faces/javax.faces.resource/primefaces.js?ln=primefaces&v=4.0 HTTP/1.1" 304 -
186.31.179.94 - - [03/Feb/2024:17:11:24 -0500] "GET /sipse/faces/javax.faces.resource/layout/layout.js?ln=primefaces&v=4.0 HTTP/1.1" 304 -
186.31.179.94 - - [03/Feb/2024:17:11:24 -0500] "GET /sipse/faces/javax.faces.resource/messages/messages.png?ln=primefaces&v=4.0 HTTP/1.1" 304 -
186.31.179.94 - - [03/Feb/2024:17:11:24 -0500] "POST /sipse/faces/presentacion/financiero/solicitudProceso/listarSolicitudProceso.xhtml HTTP/1.1" 200 1396
186.31.179.94 - - [03/Feb/2024:17:11:25 -0500] "POST /sipse/faces/presentacion/financiero/solicitudProceso/listarSolicitudProceso.xhtml HTTP/1.1" 200 1396
186.31.179.94 - - [03/Feb/2024:17:11:27 -0500] "POST /sipse/faces/presentacion/financiero/solicitudProceso/listarSolicitudProceso.xhtml HTTP/1.1" 200 31530
186.31.179.94 - - [03/Feb/2024:17:11:27 -0500] "POST /sipse/faces/presentacion/financiero/solicitudProceso/listarSolicitudProceso.xhtml HTTP/1.1" 200 31522
186.31.179.94 - - [03/Feb/2024:17:11:30 -0500] "POST /sipse/faces/presentacion/financiero/solicitudProceso/listarSolicitudProceso.xhtml HTTP/1.1" 200 20054
216.244.66.195 - - [03/Feb/2024:17:11:54 -0500] "GET /BLA/resoluciones/AUTOS%202015/0234.pdf HTTP/1.1" 200 447753
172.22.2.4 - - [03/Feb/2024:17:10:24 -0500] "HEAD /BLA/boletinlegal/ HTTP/1.1" 200 -
216.244.66.195 - - [03/Feb/2024:17:12:24 -0500] "GET /BLA/resoluciones/AUTOS%202015/0496.pdf HTTP/1.1" 200 1795962
216.244.66.195 - - [03/Feb/2024:17:12:52 -0500] "GET /BLA/resoluciones/AUTOS%202015/0991.pdf HTTP/1.1" 200 604807
172.22.2.4 - - [03/Feb/2024:17:11:15 -0500] "GET /BLA/boletinlegal/ HTTP/1.1" 200 59166
181.56.171.197 - - [03/Feb/2024:17:13:05 -0500] "POST /sipse/faces/presentacion/financiero/solicitudProceso/consultarHistorialSolProceso.xhtml HTTP/1.1" 200 65863
181.56.171.197 - - [03/Feb/2024:17:13:06 -0500] "GET /sipse/faces/javax.faces.resource/theme.css?ln=primefaces-sipse HTTP/1.1" 304 -
181.56.171.197 - - [03/Feb/2024:17:13:06 -0500] "GET /sipse/faces/javax.faces.resource/layout/layout.css?ln=primefaces&v=4.0 HTTP/1.1" 304 -
181.56.171.197 - - [03/Feb/2024:17:13:06 -0500] "GET /sipse/faces/javax.faces.resource/jquery/jquery.js?ln=primefaces&v=4.0 HTTP/1.1" 304 -
181.56.171.197 - - [03/Feb/2024:17:13:06 -0500] "GET /sipse/faces/javax.faces.resource/primefaces.css?ln=primefaces&v=4.0 HTTP/1.1" 304 -
181.56.171.197 - - [03/Feb/2024:17:13:06 -0500] "GET /sipse/faces/javax.faces.resource/jquery/jquery-plugins.js?ln=primefaces&v=4.0 HTTP/1.1" 304 -
181.56.171.197 - - [03/Feb/2024:17:13:06 -0500] "GET /sipse/faces/javax.faces.resource/primefaces.js?ln=primefaces&v=4.0 HTTP/1.1" 304 -
181.56.171.197 - - [03/Feb/2024:17:13:06 -0500] "GET /sipse/faces/javax.faces.resource/layout/layout.js?ln=primefaces&v=4.0 HTTP/1.1" 304 -
181.56.171.197 - - [03/Feb/2024:17:13:06 -0500] "POST /sipse/faces/presentacion/financiero/solicitudProceso/listarSolicitudProceso.xhtml HTTP/1.1" 200 1556
181.56.171.197 - - [03/Feb/2024:17:13:09 -0500] "POST /sipse/faces/presentacion/financiero/solicitudProceso/listarSolicitudProceso.xhtml HTTP/1.1" 200 5799
216.244.66.195 - - [03/Feb/2024:17:13:19 -0500] "GET /BLA/resoluciones/AUTOS%202015/1995.pdf HTTP/1.1" 200 919904
186.87.116.120 - - [03/Feb/2024:17:13:20 -0500] "GET /sipse/faces/javax.faces.resource/images/ui-bg_flat_0_2d5972_40x100.png?ln=primefaces-aristo HTTP/1.1" 304 -
186.87.116.120 - - [03/Feb/2024:17:13:20 -0500] "POST /sipse/faces/presentacion/financiero/solicitudProceso/consultarSolicitudProceso.xhtml HTTP/1.1" 200 5522
52.167.144.184 - - [03/Feb/2024:17:13:28 -0500] "GET /BLA/resoluciones/AUTOS%202020/4128.pdf HTTP/1.1" 200 342847
181.56.171.197 - - [03/Feb/2024:17:13:35 -0500] "POST /sipse/faces/presentacion/financiero/solicitudProceso/listarSolicitudProceso.xhtml HTTP/1.1" 200 31231
181.56.171.197 - - [03/Feb/2024:17:13:36 -0500] "POST /sipse/faces/presentacion/financiero/solicitudProceso/listarSolicitudProceso.xhtml HTTP/1.1" 200 31231
181.56.171.197 - - [03/Feb/2024:17:13:36 -0500] "POST /sipse/faces/presentacion/financiero/solicitudProceso/listarSolicitudProceso.xhtml HTTP/1.1" 200 1396
181.56.171.197 - - [03/Feb/2024:17:13:36 -0500] "POST /sipse/faces/presentacion/financiero/solicitudProceso/listarSolicitudProceso.xhtml HTTP/1.1" 200 1396
181.56.171.197 - - [03/Feb/2024:17:13:40 -0500] "POST /sipse/faces/presentacion/financiero/solicitudProceso/listarSolicitudProceso.xhtml HTTP/1.1" 200 40725
201.245.192.253 - - [03/Feb/2024:17:13:38 -0500] "POST /kwsrmcab/Wsrmcab  HTTP/1.1" 200 37857
181.56.171.197 - - [03/Feb/2024:17:13:40 -0500] "GET /sipse/faces/javax.faces.resource/theme.css?ln=primefaces-sipse HTTP/1.1" 304 -
181.56.171.197 - - [03/Feb/2024:17:13:40 -0500] "GET /sipse/faces/javax.faces.resource/layout/layout.css?ln=primefaces&v=4.0 HTTP/1.1" 304 -
181.56.171.197 - - [03/Feb/2024:17:13:40 -0500] "GET /sipse/faces/javax.faces.resource/primefaces.css?ln=primefaces&v=4.0 HTTP/1.1" 304 -
181.56.171.197 - - [03/Feb/2024:17:13:40 -0500] "GET /sipse/faces/javax.faces.resource/jquery/jquery.js?ln=primefaces&v=4.0 HTTP/1.1" 304 -
181.56.171.197 - - [03/Feb/2024:17:13:40 -0500] "GET /sipse/faces/javax.faces.resource/jquery/jquery-plugins.js?ln=primefaces&v=4.0 HTTP/1.1" 304 -
181.56.171.197 - - [03/Feb/2024:17:13:40 -0500] "GET /sipse/faces/javax.faces.resource/primefaces.js?ln=primefaces&v=4.0 HTTP/1.1" 304 -
181.56.171.197 - - [03/Feb/2024:17:13:40 -0500] "GET /sipse/faces/javax.faces.resource/layout/layout.js?ln=primefaces&v=4.0 HTTP/1.1" 304 -
181.56.171.197 - - [03/Feb/2024:17:13:41 -0500] "POST /sipse/faces/presentacion/financiero/solicitudProceso/consultar.xhtml HTTP/1.1" 200 34137
181.56.171.197 - - [03/Feb/2024:17:13:43 -0500] "POST /sipse/faces/presentacion/financiero/solicitudProceso/consultar.xhtml HTTP/1.1" 200 12803
216.244.66.195 - - [03/Feb/2024:17:13:46 -0500] "GET /BLA/resoluciones/AUTOS%202015/2084.pdf HTTP/1.1" 200 888468
216.244.66.195 - - [03/Feb/2024:17:14:11 -0500] "GET /BLA/resoluciones/AUTOS%202015/3516.pdf HTTP/1.1" 200 525519
181.56.171.197 - - [03/Feb/2024:17:14:13 -0500] "POST /sipse/faces/presentacion/financiero/solicitudProceso/consultar.xhtml HTTP/1.1" 200 23081
181.56.171.197 - - [03/Feb/2024:17:14:15 -0500] "POST /sipse/faces/presentacion/financiero/solicitudProceso/consultar.xhtml HTTP/1.1" 200 12799
216.244.66.195 - - [03/Feb/2024:17:14:34 -0500] "GET /BLA/resoluciones/AUTOS%202017/4380.pdf HTTP/1.1" 200 321273
181.56.171.197 - - [03/Feb/2024:17:14:57 -0500] "POST /sipse/faces/presentacion/financiero/solicitudProceso/consultar.xhtml HTTP/1.1" 200 37845
181.56.171.197 - - [03/Feb/2024:17:14:57 -0500] "GET /sipse/faces/javax.faces.resource/theme.css?ln=primefaces-sipse HTTP/1.1" 304 -
181.56.171.197 - - [03/Feb/2024:17:14:57 -0500] "GET /sipse/faces/javax.faces.resource/jquery/jquery.js?ln=primefaces&v=4.0 HTTP/1.1" 304 -
181.56.171.197 - - [03/Feb/2024:17:14:57 -0500] "GET /sipse/faces/javax.faces.resource/primefaces.css?ln=primefaces&v=4.0 HTTP/1.1" 304 -
181.56.171.197 - - [03/Feb/2024:17:14:57 -0500] "GET /sipse/faces/javax.faces.resource/layout/layout.css?ln=primefaces&v=4.0 HTTP/1.1" 304 -
181.56.171.197 - - [03/Feb/2024:17:14:57 -0500] "GET /sipse/faces/javax.faces.resource/jquery/jquery-plugins.js?ln=primefaces&v=4.0 HTTP/1.1" 304 -
181.56.171.197 - - [03/Feb/2024:17:14:57 -0500] "GET /sipse/faces/javax.faces.resource/primefaces.js?ln=primefaces&v=4.0 HTTP/1.1" 304 -
181.56.171.197 - - [03/Feb/2024:17:14:57 -0500] "GET /sipse/faces/javax.faces.resource/layout/layout.js?ln=primefaces&v=4.0 HTTP/1.1" 304 -
216.244.66.195 - - [03/Feb/2024:17:14:57 -0500] "GET /BLA/resoluciones/AUTOS%202018/0288.pdf HTTP/1.1" 200 1288407
