66.249.66.20 - - [03/Feb/2024:12:40:55 -0500] "GET /BLA/resoluciones/RESOLUCIONES%202008/2523.pdf HTTP/1.1" 200 424388
216.245.221.92 - - [03/Feb/2024:12:41:02 -0500] "HEAD / HTTP/1.1" 200 -
216.244.66.195 - - [03/Feb/2024:12:41:13 -0500] "GET /BLA/resoluciones/AUTOS%202013/2717.pdf HTTP/1.1" 200 836425
186.31.179.94 - - [03/Feb/2024:12:41:43 -0500] "POST /sipse/faces/presentacion/financiero/solicitudProceso/consultarSolicitudProceso.xhtml HTTP/1.1" 200 5526
216.244.66.195 - - [03/Feb/2024:12:41:48 -0500] "GET /BLA/resoluciones/AUTOS%202014/0670.pdf HTTP/1.1" 200 1014362
172.22.2.4 - - [03/Feb/2024:12:41:55 -0500] "GET /BLA/boletinlegal/favicon.ico HTTP/1.1" 404 1018
200.118.16.147 - - [03/Feb/2024:12:41:59 -0500] "POST /sipse/faces/presentacion/financiero/solicitudProceso/consultarSolicitudProceso.xhtml HTTP/1.1" 200 62817
200.118.16.147 - - [03/Feb/2024:12:42:00 -0500] "GET /sipse/faces/javax.faces.resource/theme.css?ln=primefaces-sipse HTTP/1.1" 304 -
200.118.16.147 - - [03/Feb/2024:12:42:00 -0500] "GET /sipse/faces/javax.faces.resource/primefaces.css?ln=primefaces&v=4.0 HTTP/1.1" 304 -
200.118.16.147 - - [03/Feb/2024:12:42:00 -0500] "GET /sipse/faces/javax.faces.resource/layout/layout.css?ln=primefaces&v=4.0 HTTP/1.1" 304 -
200.118.16.147 - - [03/Feb/2024:12:42:00 -0500] "GET /sipse/faces/javax.faces.resource/jquery/jquery.js?ln=primefaces&v=4.0 HTTP/1.1" 304 -
200.118.16.147 - - [03/Feb/2024:12:42:00 -0500] "GET /sipse/faces/javax.faces.resource/primefaces.js?ln=primefaces&v=4.0 HTTP/1.1" 304 -
200.118.16.147 - - [03/Feb/2024:12:42:00 -0500] "GET /sipse/faces/javax.faces.resource/layout/layout.js?ln=primefaces&v=4.0 HTTP/1.1" 304 -
200.118.16.147 - - [03/Feb/2024:12:42:00 -0500] "GET /sipse/faces/javax.faces.resource/jquery/jquery-plugins.js?ln=primefaces&v=4.0 HTTP/1.1" 304 -
200.118.16.147 - - [03/Feb/2024:12:42:00 -0500] "GET /sipse/faces/javax.faces.resource/images/ui-icons_898989_256x240.png?ln=primefaces-aristo HTTP/1.1" 304 -
200.118.16.147 - - [03/Feb/2024:12:42:00 -0500] "GET /sipse/faces/javax.faces.resource/images/ui-bg_flat_0_2d5972_40x100.png?ln=primefaces-aristo HTTP/1.1" 304 -
200.118.16.147 - - [03/Feb/2024:12:42:00 -0500] "POST /sipse/faces/presentacion/financiero/solicitudProceso/listarSolicitudProceso.xhtml HTTP/1.1" 200 1556
200.118.16.147 - - [03/Feb/2024:12:42:00 -0500] "POST /sipse/faces/presentacion/financiero/solicitudProceso/listarSolicitudProceso.xhtml HTTP/1.1" 200 1556
216.244.66.195 - - [03/Feb/2024:12:42:19 -0500] "GET /BLA/resoluciones/AUTOS%202014/1044.pdf HTTP/1.1" 200 519706
172.22.2.4 - - [03/Feb/2024:12:41:40 -0500] "GET /BLA/boletinlegal/ HTTP/1.1" 200 32715
66.249.66.19 - - [03/Feb/2024:12:42:48 -0500] "GET /Publicaciones/2023EE310298.pdf HTTP/1.1" 404 228
216.244.66.195 - - [03/Feb/2024:12:42:49 -0500] "GET /BLA/resoluciones/AUTOS%202014/1307.pdf HTTP/1.1" 200 1489908
66.249.66.38 - - [03/Feb/2024:12:42:52 -0500] "GET /con-plantacion-de-arboles-sigue-la-consolidacion-de-los-conectores-ecosistemicos-en-bogota.html HTTP/1.1" 200 896
216.244.66.195 - - [03/Feb/2024:12:43:18 -0500] "GET /BLA/resoluciones/AUTOS%202015/0183.pdf HTTP/1.1" 200 536074
172.22.2.4 - - [03/Feb/2024:12:42:05 -0500] "HEAD /BLA/boletinlegal/ HTTP/1.1" 200 -
216.244.66.195 - - [03/Feb/2024:12:43:45 -0500] "GET /BLA/resoluciones/AUTOS%202015/0322.pdf HTTP/1.1" 200 933113
216.244.66.195 - - [03/Feb/2024:12:44:11 -0500] "GET /BLA/resoluciones/AUTOS%202015/0924.pdf HTTP/1.1" 200 500311
172.22.2.4 - - [03/Feb/2024:12:44:15 -0500] "GET /BLA/boletinlegal/style.css HTTP/1.1" 200 9406
172.22.2.4 - - [03/Feb/2024:12:44:15 -0500] "GET /BLA/boletinlegal/styles2.css HTTP/1.1" 200 1838
172.22.2.4 - - [03/Feb/2024:12:44:15 -0500] "GET /BLA/boletinlegal/js/jquery.js HTTP/1.1" 200 57254
172.22.2.4 - - [03/Feb/2024:12:44:15 -0500] "GET /BLA/boletinlegal/js/jquery.scrollTo-min.js HTTP/1.1" 200 1150
172.22.2.4 - - [03/Feb/2024:12:44:15 -0500] "GET /BLA/boletinlegal/js/jquery.scrollShow.js HTTP/1.1" 200 4586
172.22.2.4 - - [03/Feb/2024:12:44:15 -0500] "GET /BLA/boletinlegal/images/screen_1.png HTTP/1.1" 200 202547
172.22.2.4 - - [03/Feb/2024:12:44:15 -0500] "GET /BLA/boletinlegal/images/cabezote%20BLEGAL.jpg HTTP/1.1" 200 118164
172.22.2.4 - - [03/Feb/2024:12:44:15 -0500] "GET /BLA/boletinlegal/images/subscribe-icon-big.png HTTP/1.1" 200 47702
172.22.2.4 - - [03/Feb/2024:12:44:15 -0500] "GET /BLA/boletinlegal/images/registro-usuarios.png HTTP/1.1" 200 8106
172.22.2.4 - - [03/Feb/2024:12:44:15 -0500] "GET /BLA/boletinlegal/images/arr_l.jpg HTTP/1.1" 200 1979
172.22.2.4 - - [03/Feb/2024:12:44:15 -0500] "GET /BLA/boletinlegal/images/historia.png HTTP/1.1" 200 52775
172.22.2.4 - - [03/Feb/2024:12:44:15 -0500] "GET /BLA/boletinlegal/images/launch.jpg HTTP/1.1" 200 14577
172.22.2.4 - - [03/Feb/2024:12:44:15 -0500] "GET /BLA/boletinlegal/images/body_bg.jpg HTTP/1.1" 200 1601
172.22.2.4 - - [03/Feb/2024:12:44:15 -0500] "GET /BLA/boletinlegal/images/menu_lft.gif HTTP/1.1" 200 1713
172.22.2.4 - - [03/Feb/2024:12:44:15 -0500] "GET /BLA/boletinlegal/images/menu_rght.gif HTTP/1.1" 200 1627
172.22.2.4 - - [03/Feb/2024:12:44:15 -0500] "GET /BLA/boletinlegal/images/text.jpg HTTP/1.1" 200 568
172.22.2.4 - - [03/Feb/2024:12:44:15 -0500] "GET /BLA/boletinlegal/images/menu_bg.jpg HTTP/1.1" 200 620
172.22.2.4 - - [03/Feb/2024:12:44:15 -0500] "GET /BLA/boletinlegal/images/hover.jpg HTTP/1.1" 200 640
172.22.2.4 - - [03/Feb/2024:12:44:15 -0500] "GET /BLA/boletinlegal/images/bg_top.jpg HTTP/1.1" 200 522
172.22.2.4 - - [03/Feb/2024:12:44:24 -0500] "GET /BLA/boletinlegal/images/screen_2.png HTTP/1.1" 200 362502
172.22.2.4 - - [03/Feb/2024:12:44:24 -0500] "GET /BLA/boletinlegal/images/screen_5.png HTTP/1.1" 200 368876
172.22.2.4 - - [03/Feb/2024:12:44:24 -0500] "GET /BLA/boletinlegal/images/screen_3.png HTTP/1.1" 200 210620
172.22.2.4 - - [03/Feb/2024:12:44:24 -0500] "GET /BLA/boletinlegal/images/arr_r.jpg HTTP/1.1" 200 1998
172.22.2.4 - - [03/Feb/2024:12:44:28 -0500] "GET /BLA/boletinlegal/images/footer_bg.jpg HTTP/1.1" 200 586
172.22.2.4 - - [03/Feb/2024:12:42:56 -0500] "GET /BLA/boletinlegal/ HTTP/1.1" 200 57867
216.244.66.195 - - [03/Feb/2024:12:44:36 -0500] "GET /BLA/resoluciones/AUTOS%202015/2135.pdf HTTP/1.1" 200 771958
114.119.135.199 - - [03/Feb/2024:12:44:37 -0500] "GET /BLA/resoluciones/index.php?dir=RESOLUCIONES%2B2010/&sort=date&order=desc HTTP/1.1" 200 14311
201.245.192.253 - - [03/Feb/2024:12:44:50 -0500] "POST /kwsrmcab/Wsrmcab  HTTP/1.1" 200 37857
172.22.2.4 - - [03/Feb/2024:12:44:15 -0500] "GET /BLA/boletinlegal/ HTTP/1.1" 200 32715
216.244.66.195 - - [03/Feb/2024:12:45:01 -0500] "GET /BLA/resoluciones/AUTOS%202015/3030.pdf HTTP/1.1" 200 499001
216.244.66.195 - - [03/Feb/2024:12:45:23 -0500] "GET /BLA/resoluciones/AUTOS%202015/3337.pdf HTTP/1.1" 200 636047
40.77.167.3 - - [03/Feb/2024:12:45:28 -0500] "GET /BLA/resoluciones/AUTOS%202021/0633.pdf HTTP/1.1" 304 -
216.244.66.195 - - [03/Feb/2024:12:45:45 -0500] "GET /BLA/resoluciones/AUTOS%202017/4733.pdf HTTP/1.1" 200 316223
114.119.132.170 - - [03/Feb/2024:12:46:01 -0500] "GET /BLA/resoluciones/index.php?dir=Notificaciones/RESOLUCIONES%2B2013/&sort=size&order=desc HTTP/1.1" 200 14373
216.245.221.92 - - [03/Feb/2024:12:46:02 -0500] "HEAD / HTTP/1.1" 200 -
216.244.66.195 - - [03/Feb/2024:12:46:07 -0500] "GET /BLA/resoluciones/AUTOS%202018/1365.pdf HTTP/1.1" 200 274889
216.244.66.195 - - [03/Feb/2024:12:46:26 -0500] "GET /BLA/resoluciones/AUTOS%202018/1445.pdf HTTP/1.1" 200 10636065
186.155.149.178 - - [03/Feb/2024:12:46:52 -0500] "POST /sipse/faces/presentacion/financiero/solicitudProceso/consultarSolicitudProceso.xhtml HTTP/1.1" 200 34520
186.155.149.178 - - [03/Feb/2024:12:46:53 -0500] "GET /sipse/faces/javax.faces.resource/theme.css?ln=primefaces-sipse HTTP/1.1" 304 -
186.155.149.178 - - [03/Feb/2024:12:46:53 -0500] "GET /sipse/faces/javax.faces.resource/layout/layout.css?ln=primefaces&v=4.0 HTTP/1.1" 304 -
186.155.149.178 - - [03/Feb/2024:12:46:53 -0500] "GET /sipse/faces/javax.faces.resource/primefaces.css?ln=primefaces&v=4.0 HTTP/1.1" 304 -
186.155.149.178 - - [03/Feb/2024:12:46:53 -0500] "GET /sipse/faces/javax.faces.resource/jquery/jquery.js?ln=primefaces&v=4.0 HTTP/1.1" 304 -
186.155.149.178 - - [03/Feb/2024:12:46:53 -0500] "GET /sipse/faces/javax.faces.resource/jquery/jquery-plugins.js?ln=primefaces&v=4.0 HTTP/1.1" 304 -
186.155.149.178 - - [03/Feb/2024:12:46:53 -0500] "GET /sipse/faces/javax.faces.resource/primefaces.js?ln=primefaces&v=4.0 HTTP/1.1" 304 -
186.155.149.178 - - [03/Feb/2024:12:46:53 -0500] "GET /sipse/faces/javax.faces.resource/layout/layout.js?ln=primefaces&v=4.0 HTTP/1.1" 304 -
186.155.149.178 - - [03/Feb/2024:12:46:53 -0500] "GET /sipse/css/imagen/contrasena.png HTTP/1.1" 404 383
186.155.149.178 - - [03/Feb/2024:12:46:53 -0500] "POST /sipse/faces/presentacion/financiero/solicitudProceso/listarSolicitudProceso.xhtml HTTP/1.1" 200 27911
186.155.149.178 - - [03/Feb/2024:12:46:54 -0500] "POST /sipse/faces/presentacion/financiero/solicitudProceso/listarSolicitudProceso.xhtml HTTP/1.1" 200 27911
186.155.149.178 - - [03/Feb/2024:12:46:54 -0500] "POST /sipse/faces/presentacion/financiero/solicitudProceso/listarSolicitudProceso.xhtml HTTP/1.1" 200 27911
186.155.149.178 - - [03/Feb/2024:12:46:55 -0500] "POST /sipse/faces/presentacion/financiero/solicitudProceso/listarSolicitudProceso.xhtml HTTP/1.1" 200 27911
186.155.149.178 - - [03/Feb/2024:12:46:55 -0500] "POST /sipse/faces/presentacion/financiero/solicitudProceso/listarSolicitudProceso.xhtml HTTP/1.1" 200 1396
186.155.149.178 - - [03/Feb/2024:12:46:55 -0500] "POST /sipse/faces/presentacion/financiero/solicitudProceso/listarSolicitudProceso.xhtml HTTP/1.1" 200 1396
186.155.149.178 - - [03/Feb/2024:12:46:55 -0500] "POST /sipse/faces/presentacion/financiero/solicitudProceso/listarSolicitudProceso.xhtml HTTP/1.1" 200 1404
186.155.149.178 - - [03/Feb/2024:12:46:56 -0500] "POST /sipse/faces/presentacion/financiero/solicitudProceso/listarSolicitudProceso.xhtml HTTP/1.1" 200 1404
186.155.149.178 - - [03/Feb/2024:12:46:56 -0500] "POST /sipse/faces/presentacion/financiero/solicitudProceso/listarSolicitudProceso.xhtml HTTP/1.1" 200 1404
186.155.149.178 - - [03/Feb/2024:12:46:58 -0500] "POST /sipse/faces/presentacion/financiero/solicitudProceso/listarSolicitudProceso.xhtml HTTP/1.1" 200 5106
216.244.66.195 - - [03/Feb/2024:12:46:59 -0500] "GET /BLA/resoluciones/AUTOS%202018/2003.pdf HTTP/1.1" 200 261316
186.155.149.178 - - [03/Feb/2024:12:47:01 -0500] "POST /sipse/faces/presentacion/financiero/solicitudProceso/listarSolicitudProceso.xhtml HTTP/1.1" 200 141406
186.155.149.178 - - [03/Feb/2024:12:47:02 -0500] "GET /sipse/faces/javax.faces.resource/theme.css?ln=primefaces-sipse HTTP/1.1" 304 -
186.155.149.178 - - [03/Feb/2024:12:47:02 -0500] "GET /sipse/faces/javax.faces.resource/layout/layout.css?ln=primefaces&v=4.0 HTTP/1.1" 304 -
186.155.149.178 - - [03/Feb/2024:12:47:02 -0500] "GET /sipse/faces/javax.faces.resource/primefaces.css?ln=primefaces&v=4.0 HTTP/1.1" 304 -
186.155.149.178 - - [03/Feb/2024:12:47:02 -0500] "GET /sipse/faces/javax.faces.resource/jquery/jquery.js?ln=primefaces&v=4.0 HTTP/1.1" 304 -
186.155.149.178 - - [03/Feb/2024:12:47:02 -0500] "GET /sipse/faces/javax.faces.resource/jquery/jquery-plugins.js?ln=primefaces&v=4.0 HTTP/1.1" 304 -
186.155.149.178 - - [03/Feb/2024:12:47:02 -0500] "GET /sipse/faces/javax.faces.resource/primefaces.js?ln=primefaces&v=4.0 HTTP/1.1" 304 -
186.155.149.178 - - [03/Feb/2024:12:47:02 -0500] "GET /sipse/faces/javax.faces.resource/layout/layout.js?ln=primefaces&v=4.0 HTTP/1.1" 304 -
186.155.149.178 - - [03/Feb/2024:12:47:02 -0500] "GET /sipse/css/imagen/contrasena.png HTTP/1.1" 404 383
186.155.149.178 - - [03/Feb/2024:12:47:09 -0500] "POST /sipse/faces/presentacion/financiero/solicitudProceso/consultarSolicitudProceso.xhtml HTTP/1.1" 200 323859
216.244.66.195 - - [03/Feb/2024:12:47:30 -0500] "GET /BLA/resoluciones/AUTOS%202018/6303.pdf HTTP/1.1" 200 245086
186.155.149.178 - - [03/Feb/2024:12:47:44 -0500] "POST /sipse/faces/presentacion/financiero/solicitudProceso/consultarSolicitudProceso.xhtml HTTP/1.1" 200 5574
216.244.66.195 - - [03/Feb/2024:12:47:59 -0500] "GET /BLA/resoluciones/AUTOS%202019/1333.pdf HTTP/1.1" 200 239328
216.244.66.195 - - [03/Feb/2024:12:48:27 -0500] "GET /BLA/resoluciones/AUTOS%202019/3882.pdf HTTP/1.1" 200 8157947
216.244.66.195 - - [03/Feb/2024:12:49:09 -0500] "GET /BLA/resoluciones/AUTOS%202019/4524.pdf HTTP/1.1" 200 348758
172.22.2.4 - - [03/Feb/2024:12:47:55 -0500] "HEAD /BLA/boletinlegal/ HTTP/1.1" 200 -
216.244.66.195 - - [03/Feb/2024:12:49:39 -0500] "GET /BLA/resoluciones/AUTOS%202020/2848.pdf HTTP/1.1" 200 2149735
201.245.192.253 - - [03/Feb/2024:12:49:49 -0500] "POST /kwsrmcab/Wsrmcab  HTTP/1.1" 200 37857
216.244.66.195 - - [03/Feb/2024:12:50:17 -0500] "GET /BLA/resoluciones/AUTOS%202022/2592.pdf HTTP/1.1" 200 610979
172.22.2.4 - - [03/Feb/2024:12:48:46 -0500] "GET /BLA/boletinlegal/ HTTP/1.1" 200 58677
216.244.66.195 - - [03/Feb/2024:12:50:48 -0500] "GET /BLA/resoluciones/RESOLUCIONES%202010/7104.pdf HTTP/1.1" 200 2471794
216.245.221.92 - - [03/Feb/2024:12:51:02 -0500] "HEAD / HTTP/1.1" 200 -
200.118.16.147 - - [03/Feb/2024:12:51:22 -0500] "POST /sipse/faces/presentacion/financiero/solicitudProceso/listarSolicitudProceso.xhtml HTTP/1.1" 200 5225
200.118.16.147 - - [03/Feb/2024:12:51:24 -0500] "POST /sipse/faces/presentacion/financiero/solicitudProceso/listarSolicitudProceso.xhtml HTTP/1.1" 200 141487
200.118.16.147 - - [03/Feb/2024:12:51:26 -0500] "GET /sipse/faces/javax.faces.resource/jquery/jquery.js?ln=primefaces&v=4.0 HTTP/1.1" 304 -
200.118.16.147 - - [03/Feb/2024:12:51:26 -0500] "GET /sipse/faces/javax.faces.resource/jquery/jquery-plugins.js?ln=primefaces&v=4.0 HTTP/1.1" 304 -
200.118.16.147 - - [03/Feb/2024:12:51:26 -0500] "GET /sipse/faces/javax.faces.resource/primefaces.js?ln=primefaces&v=4.0 HTTP/1.1" 304 -
200.118.16.147 - - [03/Feb/2024:12:51:26 -0500] "GET /sipse/faces/javax.faces.resource/layout/layout.js?ln=primefaces&v=4.0 HTTP/1.1" 304 -
216.244.66.195 - - [03/Feb/2024:12:51:32 -0500] "GET /BLA/resoluciones/RESOLUCIONES%202011/0748.pdf HTTP/1.1" 200 463572
216.244.66.195 - - [03/Feb/2024:12:52:02 -0500] "GET /BLA/resoluciones/RESOLUCIONES%202011/1743.pdf HTTP/1.1" 200 513669
200.118.16.147 - - [03/Feb/2024:12:52:25 -0500] "POST /sipse/faces/presentacion/financiero/solicitudProceso/consultarSolicitudProceso.xhtml HTTP/1.1" 200 35042
200.118.16.147 - - [03/Feb/2024:12:52:26 -0500] "GET /sipse/faces/javax.faces.resource/jquery/jquery.js?ln=primefaces&v=4.0 HTTP/1.1" 304 -
200.118.16.147 - - [03/Feb/2024:12:52:26 -0500] "GET /sipse/faces/javax.faces.resource/jquery/jquery-plugins.js?ln=primefaces&v=4.0 HTTP/1.1" 304 -
200.118.16.147 - - [03/Feb/2024:12:52:26 -0500] "GET /sipse/faces/javax.faces.resource/primefaces.js?ln=primefaces&v=4.0 HTTP/1.1" 304 -
200.118.16.147 - - [03/Feb/2024:12:52:26 -0500] "GET /sipse/faces/javax.faces.resource/layout/layout.js?ln=primefaces&v=4.0 HTTP/1.1" 304 -
200.118.16.147 - - [03/Feb/2024:12:52:26 -0500] "POST /sipse/faces/presentacion/financiero/solicitudProceso/listarSolicitudProceso.xhtml HTTP/1.1" 200 28435
200.118.16.147 - - [03/Feb/2024:12:52:26 -0500] "POST /sipse/faces/presentacion/financiero/solicitudProceso/listarSolicitudProceso.xhtml HTTP/1.1" 200 1396
200.118.16.147 - - [03/Feb/2024:12:52:26 -0500] "POST /sipse/faces/presentacion/financiero/solicitudProceso/listarSolicitudProceso.xhtml HTTP/1.1" 200 1396
200.118.16.147 - - [03/Feb/2024:12:52:28 -0500] "POST /sipse/faces/presentacion/financiero/solicitudProceso/listarSolicitudProceso.xhtml HTTP/1.1" 200 2365
200.118.16.147 - - [03/Feb/2024:12:52:30 -0500] "POST /sipse/faces/presentacion/financiero/solicitudProceso/listarSolicitudProceso.xhtml HTTP/1.1" 200 2357
20.27.20.21 - - [03/Feb/2024:12:52:31 -0500] "GET /Publicaciones/2024EE05227.pdf HTTP/1.1" 404 227
200.118.16.147 - - [03/Feb/2024:12:52:32 -0500] "POST /sipse/faces/presentacion/financiero/solicitudProceso/listarSolicitudProceso.xhtml HTTP/1.1" 200 2365
200.118.16.147 - - [03/Feb/2024:12:52:33 -0500] "POST /sipse/faces/presentacion/financiero/solicitudProceso/listarSolicitudProceso.xhtml HTTP/1.1" 200 2357
216.244.66.195 - - [03/Feb/2024:12:52:33 -0500] "GET /BLA/resoluciones/RESOLUCIONES%202018/0109.pdf HTTP/1.1" 200 304933
172.22.2.4 - - [03/Feb/2024:12:51:19 -0500] "GET /BLA/boletinlegal/ HTTP/1.1" 200 62698
216.244.66.195 - - [03/Feb/2024:12:53:03 -0500] "GET /BLA/resoluciones/RESOLUCIONES%202018/0259.pdf HTTP/1.1" 200 262452
200.118.16.147 - - [03/Feb/2024:12:53:11 -0500] "POST /sipse/faces/presentacion/financiero/solicitudProceso/listarSolicitudProceso.xhtml HTTP/1.1" 200 31687
200.118.16.147 - - [03/Feb/2024:12:53:19 -0500] "POST /sipse/faces/presentacion/financiero/solicitudProceso/listarSolicitudProceso.xhtml HTTP/1.1" 200 5090
200.118.16.147 - - [03/Feb/2024:12:53:21 -0500] "POST /sipse/faces/presentacion/financiero/solicitudProceso/listarSolicitudProceso.xhtml HTTP/1.1" 200 148875
200.118.16.147 - - [03/Feb/2024:12:53:23 -0500] "GET /sipse/faces/javax.faces.resource/jquery/jquery.js?ln=primefaces&v=4.0 HTTP/1.1" 304 -
200.118.16.147 - - [03/Feb/2024:12:53:23 -0500] "GET /sipse/faces/javax.faces.resource/jquery/jquery-plugins.js?ln=primefaces&v=4.0 HTTP/1.1" 304 -
200.118.16.147 - - [03/Feb/2024:12:53:23 -0500] "GET /sipse/faces/javax.faces.resource/primefaces.js?ln=primefaces&v=4.0 HTTP/1.1" 304 -
200.118.16.147 - - [03/Feb/2024:12:53:23 -0500] "GET /sipse/faces/javax.faces.resource/layout/layout.js?ln=primefaces&v=4.0 HTTP/1.1" 304 -
216.244.66.195 - - [03/Feb/2024:12:53:31 -0500] "GET /BLA/resoluciones/RESOLUCIONES%202018/0634.pdf HTTP/1.1" 200 1722359
31.13.103.3 - - [03/Feb/2024:12:53:35 -0500] "GET /alcalde-mayor-recorrio-zona-del-parque-entrenubes-afectada-por-incendio-forestal.html HTTP/1.1" 200 922
200.118.16.147 - - [03/Feb/2024:12:53:40 -0500] "POST /sipse/faces/presentacion/financiero/solicitudProceso/consultarSolicitudProceso.xhtml HTTP/1.1" 200 35407
200.118.16.147 - - [03/Feb/2024:12:53:42 -0500] "GET /sipse/faces/javax.faces.resource/jquery/jquery.js?ln=primefaces&v=4.0 HTTP/1.1" 304 -
200.118.16.147 - - [03/Feb/2024:12:53:42 -0500] "GET /sipse/faces/javax.faces.resource/jquery/jquery-plugins.js?ln=primefaces&v=4.0 HTTP/1.1" 304 -
200.118.16.147 - - [03/Feb/2024:12:53:43 -0500] "GET /sipse/faces/javax.faces.resource/primefaces.js?ln=primefaces&v=4.0 HTTP/1.1" 304 -
200.118.16.147 - - [03/Feb/2024:12:53:43 -0500] "GET /sipse/faces/javax.faces.resource/layout/layout.js?ln=primefaces&v=4.0 HTTP/1.1" 304 -
200.118.16.147 - - [03/Feb/2024:12:53:43 -0500] "GET /sipse/faces/javax.faces.resource/messages/messages.png?ln=primefaces&v=4.0 HTTP/1.1" 304 -
200.118.16.147 - - [03/Feb/2024:12:53:43 -0500] "POST /sipse/faces/presentacion/financiero/solicitudProceso/listarSolicitudProceso.xhtml HTTP/1.1" 200 1396
216.244.66.195 - - [03/Feb/2024:12:54:20 -0500] "GET /BLA/resoluciones/RESOLUCIONES%202018/0651.pdf HTTP/1.1" 200 263275
201.245.192.253 - - [03/Feb/2024:12:54:48 -0500] "POST /kwsrmcab/Wsrmcab  HTTP/1.1" 200 37857
216.244.66.195 - - [03/Feb/2024:12:54:52 -0500] "GET /BLA/resoluciones/RESOLUCIONES%202018/0806.pdf HTTP/1.1" 200 455723
200.118.16.147 - - [03/Feb/2024:12:55:00 -0500] "POST /sipse/faces/presentacion/financiero/solicitudProceso/listarSolicitudProceso.xhtml HTTP/1.1" 200 5213
200.118.16.147 - - [03/Feb/2024:12:55:02 -0500] "POST /sipse/faces/presentacion/financiero/solicitudProceso/listarSolicitudProceso.xhtml HTTP/1.1" 200 141487
200.118.16.147 - - [03/Feb/2024:12:55:03 -0500] "GET /sipse/faces/javax.faces.resource/jquery/jquery.js?ln=primefaces&v=4.0 HTTP/1.1" 304 -
200.118.16.147 - - [03/Feb/2024:12:55:03 -0500] "GET /sipse/faces/javax.faces.resource/jquery/jquery-plugins.js?ln=primefaces&v=4.0 HTTP/1.1" 304 -
200.118.16.147 - - [03/Feb/2024:12:55:03 -0500] "GET /sipse/faces/javax.faces.resource/primefaces.js?ln=primefaces&v=4.0 HTTP/1.1" 304 -
200.118.16.147 - - [03/Feb/2024:12:55:03 -0500] "GET /sipse/faces/javax.faces.resource/layout/layout.js?ln=primefaces&v=4.0 HTTP/1.1" 304 -
66.249.66.21 - - [03/Feb/2024:12:55:13 -0500] "GET /BLA/resoluciones/RESOLUCIONES%202012/0741.pdf HTTP/1.1" 200 165813
216.244.66.195 - - [03/Feb/2024:12:55:22 -0500] "GET /BLA/resoluciones/RESOLUCIONES%202018/1718.pdf HTTP/1.1" 200 266780
172.22.2.4 - - [03/Feb/2024:12:53:45 -0500] "HEAD /BLA/boletinlegal/ HTTP/1.1" 200 -
186.31.179.94 - - [03/Feb/2024:12:55:30 -0500] "POST /sipse/faces/presentacion/financiero/solicitudProceso/consultarSolicitudProceso.xhtml HTTP/1.1" 200 57906
186.31.179.94 - - [03/Feb/2024:12:55:32 -0500] "GET /sipse/faces/javax.faces.resource/jquery/jquery.js?ln=primefaces&v=4.0 HTTP/1.1" 304 -
186.31.179.94 - - [03/Feb/2024:12:55:33 -0500] "GET /sipse/faces/javax.faces.resource/jquery/jquery-plugins.js?ln=primefaces&v=4.0 HTTP/1.1" 304 -
186.31.179.94 - - [03/Feb/2024:12:55:33 -0500] "GET /sipse/faces/javax.faces.resource/primefaces.js?ln=primefaces&v=4.0 HTTP/1.1" 304 -
186.31.179.94 - - [03/Feb/2024:12:55:33 -0500] "GET /sipse/faces/javax.faces.resource/layout/layout.js?ln=primefaces&v=4.0 HTTP/1.1" 304 -
186.31.179.94 - - [03/Feb/2024:12:55:33 -0500] "GET /sipse/faces/javax.faces.resource/messages/messages.png?ln=primefaces&v=4.0 HTTP/1.1" 304 -
186.31.179.94 - - [03/Feb/2024:12:55:33 -0500] "POST /sipse/faces/presentacion/financiero/solicitudProceso/listarSolicitudProceso.xhtml HTTP/1.1" 200 1524
200.118.16.147 - - [03/Feb/2024:12:55:33 -0500] "POST /sipse/faces/presentacion/financiero/solicitudProceso/consultarSolicitudProceso.xhtml HTTP/1.1" 200 35042
200.118.16.147 - - [03/Feb/2024:12:55:34 -0500] "GET /sipse/faces/javax.faces.resource/jquery/jquery.js?ln=primefaces&v=4.0 HTTP/1.1" 304 -
200.118.16.147 - - [03/Feb/2024:12:55:34 -0500] "GET /sipse/faces/javax.faces.resource/jquery/jquery-plugins.js?ln=primefaces&v=4.0 HTTP/1.1" 304 -
200.118.16.147 - - [03/Feb/2024:12:55:34 -0500] "GET /sipse/faces/javax.faces.resource/primefaces.js?ln=primefaces&v=4.0 HTTP/1.1" 304 -
200.118.16.147 - - [03/Feb/2024:12:55:34 -0500] "GET /sipse/faces/javax.faces.resource/layout/layout.js?ln=primefaces&v=4.0 HTTP/1.1" 304 -
200.118.16.147 - - [03/Feb/2024:12:55:34 -0500] "POST /sipse/faces/presentacion/financiero/solicitudProceso/listarSolicitudProceso.xhtml HTTP/1.1" 200 28435
200.118.16.147 - - [03/Feb/2024:12:55:34 -0500] "POST /sipse/faces/presentacion/financiero/solicitudProceso/listarSolicitudProceso.xhtml HTTP/1.1" 200 28435
200.118.16.147 - - [03/Feb/2024:12:55:35 -0500] "POST /sipse/faces/presentacion/financiero/solicitudProceso/listarSolicitudProceso.xhtml HTTP/1.1" 200 28435
200.118.16.147 - - [03/Feb/2024:12:55:35 -0500] "POST /sipse/faces/presentacion/financiero/solicitudProceso/listarSolicitudProceso.xhtml HTTP/1.1" 200 28435
200.118.16.147 - - [03/Feb/2024:12:55:35 -0500] "POST /sipse/faces/presentacion/financiero/solicitudProceso/listarSolicitudProceso.xhtml HTTP/1.1" 200 28435
200.118.16.147 - - [03/Feb/2024:12:55:36 -0500] "POST /sipse/faces/presentacion/financiero/solicitudProceso/listarSolicitudProceso.xhtml HTTP/1.1" 200 1396
200.118.16.147 - - [03/Feb/2024:12:55:36 -0500] "POST /sipse/faces/presentacion/financiero/solicitudProceso/listarSolicitudProceso.xhtml HTTP/1.1" 200 1396
200.118.16.147 - - [03/Feb/2024:12:55:36 -0500] "POST /sipse/faces/presentacion/financiero/solicitudProceso/listarSolicitudProceso.xhtml HTTP/1.1" 200 1404
200.118.16.147 - - [03/Feb/2024:12:55:36 -0500] "POST /sipse/faces/presentacion/financiero/solicitudProceso/listarSolicitudProceso.xhtml HTTP/1.1" 200 1404
200.118.16.147 - - [03/Feb/2024:12:55:36 -0500] "POST /sipse/faces/presentacion/financiero/solicitudProceso/listarSolicitudProceso.xhtml HTTP/1.1" 200 1404
200.118.16.147 - - [03/Feb/2024:12:55:36 -0500] "POST /sipse/faces/presentacion/financiero/solicitudProceso/listarSolicitudProceso.xhtml HTTP/1.1" 200 1400
200.118.16.147 - - [03/Feb/2024:12:55:38 -0500] "POST /sipse/faces/presentacion/financiero/solicitudProceso/listarSolicitudProceso.xhtml HTTP/1.1" 200 5119
186.31.179.94 - - [03/Feb/2024:12:55:41 -0500] "POST /sipse/faces/presentacion/financiero/solicitudProceso/listarSolicitudProceso.xhtml HTTP/1.1" 200 33615
200.118.16.147 - - [03/Feb/2024:12:55:40 -0500] "POST /sipse/faces/presentacion/financiero/solicitudProceso/listarSolicitudProceso.xhtml HTTP/1.1" 200 135704
200.118.16.147 - - [03/Feb/2024:12:55:41 -0500] "GET /sipse/faces/javax.faces.resource/jquery/jquery.js?ln=primefaces&v=4.0 HTTP/1.1" 304 -
186.31.179.94 - - [03/Feb/2024:12:55:41 -0500] "GET /sipse/faces/javax.faces.resource/jquery/jquery.js?ln=primefaces&v=4.0 HTTP/1.1" 304 -
200.118.16.147 - - [03/Feb/2024:12:55:41 -0500] "GET /sipse/faces/javax.faces.resource/jquery/jquery-plugins.js?ln=primefaces&v=4.0 HTTP/1.1" 304 -
186.31.179.94 - - [03/Feb/2024:12:55:41 -0500] "GET /sipse/faces/javax.faces.resource/jquery/jquery-plugins.js?ln=primefaces&v=4.0 HTTP/1.1" 304 -
200.118.16.147 - - [03/Feb/2024:12:55:41 -0500] "GET /sipse/faces/javax.faces.resource/primefaces.js?ln=primefaces&v=4.0 HTTP/1.1" 304 -
200.118.16.147 - - [03/Feb/2024:12:55:41 -0500] "GET /sipse/faces/javax.faces.resource/layout/layout.js?ln=primefaces&v=4.0 HTTP/1.1" 304 -
186.31.179.94 - - [03/Feb/2024:12:55:41 -0500] "GET /sipse/faces/javax.faces.resource/primefaces.js?ln=primefaces&v=4.0 HTTP/1.1" 304 -
186.31.179.94 - - [03/Feb/2024:12:55:41 -0500] "GET /sipse/faces/javax.faces.resource/layout/layout.js?ln=primefaces&v=4.0 HTTP/1.1" 304 -
186.31.179.94 - - [03/Feb/2024:12:55:41 -0500] "POST /sipse/faces/presentacion/sistema/reporte/listarReportes.xhtml HTTP/1.1" 200 27046
186.31.179.94 - - [03/Feb/2024:12:55:42 -0500] "POST /sipse/faces/presentacion/sistema/reporte/listarReportes.xhtml HTTP/1.1" 200 27046
186.31.179.94 - - [03/Feb/2024:12:55:42 -0500] "POST /sipse/faces/presentacion/sistema/reporte/listarReportes.xhtml HTTP/1.1" 200 27046
186.31.179.94 - - [03/Feb/2024:12:55:44 -0500] "POST /sipse/faces/presentacion/sistema/reporte/listarReportes.xhtml HTTP/1.1" 200 22243
186.31.179.94 - - [03/Feb/2024:12:55:45 -0500] "GET /sipse/faces/javax.faces.resource/theme.css?ln=primefaces-sipse HTTP/1.1" 304 -
186.31.179.94 - - [03/Feb/2024:12:55:45 -0500] "GET /sipse/faces/javax.faces.resource/primefaces.css?ln=primefaces&v=4.0 HTTP/1.1" 304 -
186.31.179.94 - - [03/Feb/2024:12:55:45 -0500] "GET /sipse/faces/javax.faces.resource/layout/layout.css?ln=primefaces&v=4.0 HTTP/1.1" 304 -
186.31.179.94 - - [03/Feb/2024:12:55:45 -0500] "GET /sipse/faces/javax.faces.resource/jquery/jquery.js?ln=primefaces&v=4.0 HTTP/1.1" 304 -
186.31.179.94 - - [03/Feb/2024:12:55:45 -0500] "GET /sipse/faces/javax.faces.resource/jquery/jquery-plugins.js?ln=primefaces&v=4.0 HTTP/1.1" 304 -
186.31.179.94 - - [03/Feb/2024:12:55:45 -0500] "GET /sipse/faces/javax.faces.resource/primefaces.js?ln=primefaces&v=4.0 HTTP/1.1" 304 -
186.31.179.94 - - [03/Feb/2024:12:55:45 -0500] "GET /sipse/faces/javax.faces.resource/layout/layout.js?ln=primefaces&v=4.0 HTTP/1.1" 304 -
186.31.179.94 - - [03/Feb/2024:12:55:45 -0500] "GET /sipse/faces/javax.faces.resource/images/ui-icons_898989_256x240.png?ln=primefaces-aristo HTTP/1.1" 304 -
40.77.167.8 - - [03/Feb/2024:12:55:54 -0500] "GET /sipse/faces/faces/autenticacion.xhtml HTTP/1.1" 200 12726
216.244.66.195 - - [03/Feb/2024:12:55:54 -0500] "GET /BLA/resoluciones/RESOLUCIONES%202018/1719.pdf HTTP/1.1" 200 814880
216.245.221.92 - - [03/Feb/2024:12:56:02 -0500] "HEAD / HTTP/1.1" 200 -
200.118.16.147 - - [03/Feb/2024:12:56:02 -0500] "POST /sipse/faces/presentacion/financiero/solicitudProceso/consultarSolicitudProceso.xhtml HTTP/1.1" 200 38455
200.118.16.147 - - [03/Feb/2024:12:56:03 -0500] "GET /sipse/faces/javax.faces.resource/theme.css?ln=primefaces-sipse HTTP/1.1" 304 -
200.118.16.147 - - [03/Feb/2024:12:56:03 -0500] "GET /sipse/faces/javax.faces.resource/primefaces.css?ln=primefaces&v=4.0 HTTP/1.1" 304 -
200.118.16.147 - - [03/Feb/2024:12:56:03 -0500] "GET /sipse/faces/javax.faces.resource/jquery/jquery.js?ln=primefaces&v=4.0 HTTP/1.1" 304 -
200.118.16.147 - - [03/Feb/2024:12:56:03 -0500] "GET /sipse/faces/javax.faces.resource/layout/layout.css?ln=primefaces&v=4.0 HTTP/1.1" 304 -
200.118.16.147 - - [03/Feb/2024:12:56:03 -0500] "GET /sipse/faces/javax.faces.resource/layout/layout.js?ln=primefaces&v=4.0 HTTP/1.1" 304 -
200.118.16.147 - - [03/Feb/2024:12:56:03 -0500] "GET /sipse/faces/javax.faces.resource/primefaces.js?ln=primefaces&v=4.0 HTTP/1.1" 304 -
200.118.16.147 - - [03/Feb/2024:12:56:03 -0500] "GET /sipse/faces/javax.faces.resource/jquery/jquery-plugins.js?ln=primefaces&v=4.0 HTTP/1.1" 304 -
200.118.16.147 - - [03/Feb/2024:12:56:03 -0500] "GET /sipse/faces/javax.faces.resource/images/ui-icons_898989_256x240.png?ln=primefaces-aristo HTTP/1.1" 304 -
200.118.16.147 - - [03/Feb/2024:12:56:03 -0500] "GET /sipse/faces/javax.faces.resource/images/ui-bg_flat_0_2d5972_40x100.png?ln=primefaces-aristo HTTP/1.1" 304 -
200.118.16.147 - - [03/Feb/2024:12:56:03 -0500] "POST /sipse/faces/presentacion/financiero/solicitudProceso/listarSolicitudProceso.xhtml HTTP/1.1" 200 1396
200.118.16.147 - - [03/Feb/2024:12:56:03 -0500] "POST /sipse/faces/presentacion/financiero/solicitudProceso/listarSolicitudProceso.xhtml HTTP/1.1" 200 1396
200.118.16.147 - - [03/Feb/2024:12:56:05 -0500] "POST /sipse/faces/presentacion/financiero/solicitudProceso/listarSolicitudProceso.xhtml HTTP/1.1" 200 28333
200.118.16.147 - - [03/Feb/2024:12:56:06 -0500] "POST /sipse/faces/presentacion/financiero/solicitudProceso/listarSolicitudProceso.xhtml HTTP/1.1" 200 1396
200.118.16.147 - - [03/Feb/2024:12:56:11 -0500] "POST /sipse/faces/presentacion/financiero/solicitudProceso/listarSolicitudProceso.xhtml HTTP/1.1" 200 31679
200.118.16.147 - - [03/Feb/2024:12:56:11 -0500] "POST /sipse/faces/presentacion/financiero/solicitudProceso/listarSolicitudProceso.xhtml HTTP/1.1" 200 43779
172.22.2.4 - - [03/Feb/2024:12:54:36 -0500] "GET /BLA/boletinlegal/ HTTP/1.1" 200 60676
200.118.16.147 - - [03/Feb/2024:12:56:17 -0500] "POST /sipse/faces/presentacion/financiero/solicitudProceso/listarSolicitudProceso.xhtml HTTP/1.1" 200 28885
66.249.66.19 - - [03/Feb/2024:12:56:21 -0500] "GET /BLA/resoluciones/RESOLUCIONES%202011/0831.pdf HTTP/1.1" 200 717857
216.244.66.195 - - [03/Feb/2024:12:56:26 -0500] "GET /BLA/resoluciones/RESOLUCIONES%202018/2095.pdf HTTP/1.1" 200 257468
186.31.179.94 - - [03/Feb/2024:12:58:00 -0500] "GET /sipse/faces/javax.faces.resource/images/ui-bg_flat_0_2d5972_40x100.png?ln=primefaces-aristo HTTP/1.1" 200 183
186.31.179.94 - - [03/Feb/2024:12:58:00 -0500] "POST /sipse/faces/presentacion/sistema/reporte/ventanaVerReporteParametros.xhtml HTTP/1.1" 200 57464
186.31.179.94 - - [03/Feb/2024:12:58:01 -0500] "GET /sipse/faces/javax.faces.resource/jquery/jquery.js?ln=primefaces&v=4.0 HTTP/1.1" 304 -
186.31.179.94 - - [03/Feb/2024:12:58:01 -0500] "GET /sipse/faces/javax.faces.resource/jquery/jquery-plugins.js?ln=primefaces&v=4.0 HTTP/1.1" 304 -
186.31.179.94 - - [03/Feb/2024:12:58:01 -0500] "GET /sipse/faces/javax.faces.resource/primefaces.js?ln=primefaces&v=4.0 HTTP/1.1" 304 -
186.31.179.94 - - [03/Feb/2024:12:58:01 -0500] "GET /sipse/faces/javax.faces.resource/layout/layout.js?ln=primefaces&v=4.0 HTTP/1.1" 304 -
186.31.179.94 - - [03/Feb/2024:12:58:01 -0500] "POST /sipse/faces/presentacion/financiero/solicitudProceso/listarSolicitudProceso.xhtml HTTP/1.1" 200 1524
186.31.179.94 - - [03/Feb/2024:12:58:05 -0500] "POST /sipse/faces/presentacion/financiero/solicitudProceso/listarSolicitudProceso.xhtml HTTP/1.1" 200 148692
186.31.179.94 - - [03/Feb/2024:12:58:06 -0500] "GET /sipse/faces/javax.faces.resource/jquery/jquery.js?ln=primefaces&v=4.0 HTTP/1.1" 304 -
186.31.179.94 - - [03/Feb/2024:12:58:06 -0500] "GET /sipse/faces/javax.faces.resource/jquery/jquery-plugins.js?ln=primefaces&v=4.0 HTTP/1.1" 304 -
186.31.179.94 - - [03/Feb/2024:12:58:06 -0500] "GET /sipse/faces/javax.faces.resource/primefaces.js?ln=primefaces&v=4.0 HTTP/1.1" 304 -
186.31.179.94 - - [03/Feb/2024:12:58:06 -0500] "GET /sipse/faces/javax.faces.resource/layout/layout.js?ln=primefaces&v=4.0 HTTP/1.1" 304 -
186.31.179.94 - - [03/Feb/2024:12:58:27 -0500] "POST /sipse/faces/presentacion/financiero/solicitudProceso/consultarSolicitudProceso.xhtml HTTP/1.1" 200 37267
186.31.179.94 - - [03/Feb/2024:12:58:28 -0500] "GET /sipse/faces/javax.faces.resource/theme.css?ln=primefaces-sipse HTTP/1.1" 304 -
186.31.179.94 - - [03/Feb/2024:12:58:28 -0500] "GET /sipse/faces/javax.faces.resource/primefaces.css?ln=primefaces&v=4.0 HTTP/1.1" 304 -
186.31.179.94 - - [03/Feb/2024:12:58:28 -0500] "GET /sipse/faces/javax.faces.resource/layout/layout.css?ln=primefaces&v=4.0 HTTP/1.1" 304 -
186.31.179.94 - - [03/Feb/2024:12:58:28 -0500] "GET /sipse/faces/javax.faces.resource/primefaces.js?ln=primefaces&v=4.0 HTTP/1.1" 304 -
186.31.179.94 - - [03/Feb/2024:12:58:28 -0500] "GET /sipse/faces/javax.faces.resource/jquery/jquery.js?ln=primefaces&v=4.0 HTTP/1.1" 304 -
186.31.179.94 - - [03/Feb/2024:12:58:28 -0500] "GET /sipse/faces/javax.faces.resource/jquery/jquery-plugins.js?ln=primefaces&v=4.0 HTTP/1.1" 304 -
186.31.179.94 - - [03/Feb/2024:12:58:28 -0500] "GET /sipse/faces/javax.faces.resource/layout/layout.js?ln=primefaces&v=4.0 HTTP/1.1" 304 -
186.31.179.94 - - [03/Feb/2024:12:58:28 -0500] "GET /sipse/faces/javax.faces.resource/images/ui-icons_898989_256x240.png?ln=primefaces-aristo HTTP/1.1" 304 -
186.31.179.94 - - [03/Feb/2024:12:58:32 -0500] "POST /sipse/faces/presentacion/financiero/solicitudProceso/consultarHistorialSolProceso.xhtml HTTP/1.1" 200 194486
186.31.179.94 - - [03/Feb/2024:12:58:33 -0500] "GET /sipse/faces/javax.faces.resource/theme.css?ln=primefaces-sipse HTTP/1.1" 304 -
186.31.179.94 - - [03/Feb/2024:12:58:33 -0500] "GET /sipse/faces/javax.faces.resource/primefaces.css?ln=primefaces&v=4.0 HTTP/1.1" 304 -
186.31.179.94 - - [03/Feb/2024:12:58:33 -0500] "GET /sipse/faces/javax.faces.resource/layout/layout.css?ln=primefaces&v=4.0 HTTP/1.1" 304 -
186.31.179.94 - - [03/Feb/2024:12:58:33 -0500] "GET /sipse/faces/javax.faces.resource/jquery/jquery.js?ln=primefaces&v=4.0 HTTP/1.1" 304 -
186.31.179.94 - - [03/Feb/2024:12:58:33 -0500] "GET /sipse/faces/javax.faces.resource/jquery/jquery-plugins.js?ln=primefaces&v=4.0 HTTP/1.1" 304 -
186.31.179.94 - - [03/Feb/2024:12:58:33 -0500] "GET /sipse/faces/javax.faces.resource/primefaces.js?ln=primefaces&v=4.0 HTTP/1.1" 304 -
186.31.179.94 - - [03/Feb/2024:12:58:33 -0500] "GET /sipse/faces/javax.faces.resource/layout/layout.js?ln=primefaces&v=4.0 HTTP/1.1" 304 -
186.31.179.94 - - [03/Feb/2024:12:58:33 -0500] "GET /sipse/faces/javax.faces.resource/images/ui-icons_898989_256x240.png?ln=primefaces-aristo HTTP/1.1" 304 -
186.31.179.94 - - [03/Feb/2024:12:58:39 -0500] "GET /sipse/faces/javax.faces.resource/images/ui-bg_flat_0_2d5972_40x100.png?ln=primefaces-aristo HTTP/1.1" 304 -
186.31.179.94 - - [03/Feb/2024:12:58:39 -0500] "POST /sipse/faces/presentacion/financiero/solicitudProceso/consultarSolicitudProceso.xhtml HTTP/1.1" 200 5537
186.31.179.94 - - [03/Feb/2024:12:58:39 -0500] "GET /sipse/faces/javax.faces.resource/dynamiccontent.properties?ln=primefaces&pfdrid=XjOR5%2F%2FfPAZAuY9TpWQeCiM0BhlXxYRBGKi%2FQcXXfeA%3D&pfdrid_c=false HTTP/1.1" 200 120455
186.31.179.94 - - [03/Feb/2024:12:59:03 -0500] "POST /sipse/faces/presentacion/financiero/solicitudProceso/consultarSolicitudProceso.xhtml HTTP/1.1" 200 5522
186.31.179.94 - - [03/Feb/2024:12:59:46 -0500] "POST /sipse/faces/presentacion/financiero/solicitudProceso/consultarSolicitudProceso.xhtml HTTP/1.1" 200 2116485
201.245.192.253 - - [03/Feb/2024:12:59:47 -0500] "POST /kwsrmcab/Wsrmcab  HTTP/1.1" 200 37857
186.31.179.94 - - [03/Feb/2024:13:00:12 -0500] "POST /sipse/faces/presentacion/financiero/solicitudProceso/consultarSolicitudProceso.xhtml HTTP/1.1" 200 79838
186.31.179.94 - - [03/Feb/2024:13:00:46 -0500] "POST /sipse/faces/presentacion/financiero/solicitudProceso/consultarSolicitudProceso.xhtml HTTP/1.1" 200 5526
216.245.221.92 - - [03/Feb/2024:13:01:02 -0500] "HEAD / HTTP/1.1" 200 -
172.22.2.4 - - [03/Feb/2024:13:01:12 -0500] "GET /BLA/boletinlegal/Circulares/2017/Circular%20No.%20011%20del%2005%20de%20julio%20de%202017.pdf HTTP/1.1" 304 -
172.22.2.4 - - [03/Feb/2024:12:59:35 -0500] "HEAD /BLA/boletinlegal/ HTTP/1.1" 200 -
172.22.2.4 - - [03/Feb/2024:13:00:26 -0500] "GET /BLA/boletinlegal/ HTTP/1.1" 200 61040
186.31.179.94 - - [03/Feb/2024:13:02:06 -0500] "POST /sipse/faces/presentacion/financiero/solicitudProceso/consultarSolicitudProceso.xhtml HTTP/1.1" 200 2365551
186.31.179.94 - - [03/Feb/2024:13:02:08 -0500] "POST /sipse/faces/presentacion/financiero/solicitudProceso/consultarSolicitudProceso.xhtml HTTP/1.1" 200 9142139
186.31.179.94 - - [03/Feb/2024:13:02:09 -0500] "POST /sipse/faces/presentacion/financiero/solicitudProceso/consultarSolicitudProceso.xhtml HTTP/1.1" 200 5055534
186.31.179.94 - - [03/Feb/2024:13:02:11 -0500] "POST /sipse/faces/presentacion/financiero/solicitudProceso/consultarSolicitudProceso.xhtml HTTP/1.1" 200 1973316
186.31.179.94 - - [03/Feb/2024:13:02:16 -0500] "POST /sipse/faces/presentacion/financiero/solicitudProceso/consultarSolicitudProceso.xhtml HTTP/1.1" 200 5522
40.77.167.136 - - [03/Feb/2024:13:02:28 -0500] "GET /portaldeninos/aulas-ambientales/aula-ambiental-sorotama/ HTTP/1.1" 200 89596
200.118.16.147 - - [03/Feb/2024:13:03:01 -0500] "POST /sipse/faces/presentacion/financiero/solicitudProceso/listarSolicitudProceso.xhtml HTTP/1.1" 200 2401
200.118.16.147 - - [03/Feb/2024:13:03:01 -0500] "POST /sipse/faces/presentacion/financiero/solicitudProceso/listarSolicitudProceso.xhtml HTTP/1.1" 200 31675
200.118.16.147 - - [03/Feb/2024:13:03:01 -0500] "POST /sipse/faces/presentacion/financiero/solicitudProceso/listarSolicitudProceso.xhtml HTTP/1.1" 200 43779
200.118.16.147 - - [03/Feb/2024:13:03:01 -0500] "POST /sipse/faces/presentacion/financiero/solicitudProceso/listarSolicitudProceso.xhtml HTTP/1.1" 200 31675
66.249.66.20 - - [03/Feb/2024:13:03:09 -0500] "GET /BLA/resoluciones/AUTOS%202014/5789.pdf HTTP/1.1" 200 208276
200.118.16.147 - - [03/Feb/2024:13:03:13 -0500] "POST /sipse/faces/presentacion/financiero/solicitudProceso/listarSolicitudProceso.xhtml HTTP/1.1" 200 41293
200.118.16.147 - - [03/Feb/2024:13:03:13 -0500] "GET /sipse/faces/javax.faces.resource/jquery/jquery.js?ln=primefaces&v=4.0 HTTP/1.1" 304 -
200.118.16.147 - - [03/Feb/2024:13:03:13 -0500] "GET /sipse/faces/javax.faces.resource/jquery/jquery-plugins.js?ln=primefaces&v=4.0 HTTP/1.1" 304 -
200.118.16.147 - - [03/Feb/2024:13:03:13 -0500] "GET /sipse/faces/javax.faces.resource/primefaces.js?ln=primefaces&v=4.0 HTTP/1.1" 304 -
200.118.16.147 - - [03/Feb/2024:13:03:13 -0500] "GET /sipse/faces/javax.faces.resource/layout/layout.js?ln=primefaces&v=4.0 HTTP/1.1" 304 -
200.118.16.147 - - [03/Feb/2024:13:03:17 -0500] "POST /sipse/faces/presentacion/financiero/solicitudProceso/consultar.xhtml HTTP/1.1" 200 12897
200.118.16.147 - - [03/Feb/2024:13:03:20 -0500] "POST /sipse/faces/presentacion/financiero/solicitudProceso/consultar.xhtml HTTP/1.1" 200 136842
200.118.16.147 - - [03/Feb/2024:13:03:21 -0500] "GET /sipse/faces/javax.faces.resource/jquery/jquery.js?ln=primefaces&v=4.0 HTTP/1.1" 304 -
200.118.16.147 - - [03/Feb/2024:13:03:21 -0500] "GET /sipse/faces/javax.faces.resource/jquery/jquery-plugins.js?ln=primefaces&v=4.0 HTTP/1.1" 304 -
200.118.16.147 - - [03/Feb/2024:13:03:21 -0500] "GET /sipse/faces/javax.faces.resource/primefaces.js?ln=primefaces&v=4.0 HTTP/1.1" 304 -
200.118.16.147 - - [03/Feb/2024:13:03:21 -0500] "GET /sipse/faces/javax.faces.resource/layout/layout.js?ln=primefaces&v=4.0 HTTP/1.1" 304 -
104.248.6.86 - - [03/Feb/2024:13:03:26 -0500] "GET / HTTP/1.1" 200 319
52.167.144.229 - - [03/Feb/2024:13:03:27 -0500] "GET /portaldeninos/wp-content/plugins/gallery-videos/CSS/Total-Soft-Gallery-Video-Widget.css?ver=4.9.8 HTTP/1.1" 200 51554
52.167.144.229 - - [03/Feb/2024:13:03:27 -0500] "GET /portaldeninos/wp-content/plugins/gallery-videos/CSS/totalsoft.css?ver=4.9.8 HTTP/1.1" 200 40622
52.167.144.229 - - [03/Feb/2024:13:03:28 -0500] "GET /portaldeninos/wp-content/plugins/gallery-videos/JS/modernizr.custom.js?ver=4.9.8 HTTP/1.1" 200 9019
52.167.144.229 - - [03/Feb/2024:13:03:28 -0500] "GET /portaldeninos/wp-content/themes/betheme/assets/jplayer/css/jplayer.blue.monday.css?ver=20.9.6 HTTP/1.1" 200 9834
52.167.144.229 - - [03/Feb/2024:13:03:28 -0500] "GET /portaldeninos/wp-content/themes/betheme/assets/ui/jquery.ui.all.css?ver=20.9.6 HTTP/1.1" 200 18765
200.118.16.147 - - [03/Feb/2024:13:03:28 -0500] "POST /sipse/faces/presentacion/financiero/solicitudProceso/consultarSolicitudProceso.xhtml HTTP/1.1" 200 81758
52.167.144.229 - - [03/Feb/2024:13:03:28 -0500] "GET /portaldeninos/wp-content/themes/betheme/css/base.css?ver=20.9.6 HTTP/1.1" 200 57283
52.167.144.229 - - [03/Feb/2024:13:03:28 -0500] "GET /portaldeninos/wp-content/themes/betheme/css/layout.css?ver=20.9.6 HTTP/1.1" 200 116639
52.167.144.229 - - [03/Feb/2024:13:03:29 -0500] "GET /portaldeninos/wp-content/themes/betheme/css/responsive.css?ver=20.9.6 HTTP/1.1" 200 55740
52.167.144.229 - - [03/Feb/2024:13:03:29 -0500] "GET /portaldeninos/wp-content/themes/betheme/js/scripts.js?ver=20.9.6 HTTP/1.1" 200 77162
52.167.144.229 - - [03/Feb/2024:13:03:30 -0500] "GET /portaldeninos/wp-content/uploads/useanyfont/uaf.css?ver=1589905315 HTTP/1.1" 200 408
52.167.144.229 - - [03/Feb/2024:13:03:30 -0500] "GET /portaldeninos/wp-includes/js/jquery/jquery-migrate.min.js?ver=1.4.1 HTTP/1.1" 200 10056
52.167.144.229 - - [03/Feb/2024:13:03:30 -0500] "GET /portaldeninos/wp-includes/js/jquery/jquery.js?ver=1.12.4 HTTP/1.1" 200 97184
200.118.16.147 - - [03/Feb/2024:13:03:32 -0500] "POST /sipse/faces/presentacion/financiero/solicitudProceso/consultarSolicitudProceso.xhtml HTTP/1.1" 200 81758
52.167.144.197 - - [03/Feb/2024:13:03:38 -0500] "GET /portaldeninos/wp-content/themes/betheme/assets/animations/animations.min.js?ver=20.9.6 HTTP/1.1" 200 1896
52.167.144.197 - - [03/Feb/2024:13:03:38 -0500] "GET /portaldeninos/wp-content/themes/betheme/assets/jplayer/jplayer.min.js?ver=20.9.6 HTTP/1.1" 200 52702
52.167.144.197 - - [03/Feb/2024:13:03:38 -0500] "GET /portaldeninos/wp-content/themes/betheme/css/shortcodes.css?ver=20.9.6 HTTP/1.1" 200 138889
52.167.144.197 - - [03/Feb/2024:13:03:39 -0500] "GET /portaldeninos/wp-content/themes/betheme/js/plugins.js?ver=20.9.6 HTTP/1.1" 200 197151
52.167.144.197 - - [03/Feb/2024:13:03:39 -0500] "GET /portaldeninos/wp-content/themes/betheme/style.css?ver=20.9.6 HTTP/1.1" 200 287
52.167.144.197 - - [03/Feb/2024:13:03:40 -0500] "GET /portaldeninos/wp-includes/js/jquery/ui/core.min.js?ver=1.11.4 HTTP/1.1" 200 4000
52.167.144.197 - - [03/Feb/2024:13:03:40 -0500] "GET /portaldeninos/wp-includes/js/jquery/ui/sortable.min.js?ver=1.11.4 HTTP/1.1" 200 24899
52.167.144.197 - - [03/Feb/2024:13:03:40 -0500] "GET /portaldeninos/wp-includes/js/wp-emoji-release.min.js?ver=4.9.8 HTTP/1.1" 200 12026
40.77.167.136 - - [03/Feb/2024:13:03:48 -0500] "GET /portaldeninos/wp-content/themes/betheme/assets/animations/animations.min.css?ver=20.9.6 HTTP/1.1" 200 58508
40.77.167.136 - - [03/Feb/2024:13:03:48 -0500] "GET /portaldeninos/wp-content/themes/betheme/js/menu.js?ver=20.9.6 HTTP/1.1" 200 2449
40.77.167.136 - - [03/Feb/2024:13:03:48 -0500] "GET /portaldeninos/wp-includes/js/jquery/ui/accordion.min.js?ver=1.11.4 HTTP/1.1" 200 8584
40.77.167.136 - - [03/Feb/2024:13:03:49 -0500] "GET /portaldeninos/wp-includes/js/jquery/ui/mouse.min.js?ver=1.11.4 HTTP/1.1" 200 3148
40.77.167.136 - - [03/Feb/2024:13:03:49 -0500] "GET /portaldeninos/wp-includes/js/jquery/ui/tabs.min.js?ver=1.11.4 HTTP/1.1" 200 12110
40.77.167.136 - - [03/Feb/2024:13:03:49 -0500] "GET /portaldeninos/wp-includes/js/wp-embed.min.js?ver=4.9.8 HTTP/1.1" 200 1398
40.77.167.136 - - [03/Feb/2024:13:03:49 -0500] "GET /portaldeninos/wp-includes/js/jquery/ui/widget.min.js?ver=1.11.4 HTTP/1.1" 200 6908
181.59.3.103 - - [03/Feb/2024:13:04:03 -0500] "GET /kwssiamovil/sm/ldap/au?x=U2FsdGVkX1/MmrIESeN0Ef5d70bRevJ+ajVLJ20vMYLNj8YXe8rrKexPEmayJsOz&y=U2FsdGVkX1867WtnPLOCcms8UQ3zH3SClP0ml6nBoyYFxCHS6JytHiguZoAXLSf0 HTTP/1.1" 200 30
181.59.3.103 - - [03/Feb/2024:13:04:03 -0500] "GET /kwssiamovil/sm/acme/s?s=U2FsdGVkX18Yau39RUKG/2BUYROyaXItXz3xvifOu9nGNmU81H1JI5OfYGNZYjgBROuIqViJqtTuLc3za15JYWfusgLEQjh/Cu7DWImdvog=&u=U2FsdGVkX18LcJPvXRdjxgNeNdaa0ZvyDy5j+16ITXbZYespyGS4QNBPZOHNKy+4&y=U2FsdGVkX1867WtnPLOCcms8UQ3zH3SClP0ml6nBoyYFxCHS6JytHiguZoAXLSf0 HTTP/1.1" 200 97
181.59.3.103 - - [03/Feb/2024:13:04:03 -0500] "GET /kwssiamovil/sm/acme/s?s=U2FsdGVkX1+gK7HeaUuTyTKmaX/cRLAlqbyHP1HqIGTORAVJrw4EW0rrm2S7zAgSDJ6lwT3mEo94VJ2y0w9YBkCY7D0JGqMYBDiveG19YFCofooeopslB5MAxNwLefmhQ2rokJ37gaxf28DgWkoGzuVd4W2S3wdP/GFU3ZB4VClbS1x+1D6NxBuogh6gk8+2l1bf/usXYVDyuQXNHXAa/X7XSFkNTS4LB+J0mcIKP0+KPVzduonOynaUeimVODbfeWssWSmiW8Xe7hjRE2eUZTgw23/l847fA/6s0ghjD6GJAwtDYTEbLWQYPazhv/Wf9NQn+SVYh9wAshYhLmT0SFsG8wd4VJ+jPY/2dzhGQr964/TXfaUQGVttKP4jB+9bpTl+smHRTSs4ZPAm6NW+sGwf21zLfFzGnHjzTJ1pzZDwsAvuuJYXSMYGwb6O1ziHEG/LIlrYe25OBZt2Wv246CK/XZnxjpxtV31k0uD+Amon+aguau6siTVKeYvbqWLI5kUKUtOQjU+qO/st9SlU4pYU0GYO/2eGtbXcrbMbixu3TToVs9zcr/noOK54O0v1xWHG/bt3W8nmrIVjwUl2omduRhYfKf6efSanXA6CoDcCPCy44wfvnsr/6NbCBPLnfDivvvdToVGk1b5DyRmnj9Tw48/atGk+IA15y5Coe33Ne/tHCzYMv2utT7BWQ4Z5k+WQ4ktMcRUw3hmchk5rnm0kNOA0E0c2L7QQVQgbKZjweILaC3tV8ACDPdyDurkzCCvW3xrt2nk2EiWMFkwhlU/eWVoTHJbb7EepkhQfUmqLFp6gybeyCfhLXHQ6SNWqB3cwXG0ButaPgHXHU1k74Wf7zrD6YzBM2YrhSh6EzVFRKdXr2e/NePVLQi/zN3xQt1zIWv4SlZHfL2WT2VPjzla88Qh4mpXdQCP97bzlVNyPj4uaSn9MK2OMQdZv04dZqEWLHO2O2P99jDBKpC0Ja3l4LpWP1X1SN7Gb/eNNXo9iFvQafq4iREBwRiHd9f2vxc1P02vDRWnf7bfWclcrJCJE1ibn/uRcBsgpbi+Lyx4iVqyIQChLfl+0010n0C9Y1A98F9xe9MVILqqObSyXXRUYWC2BuQvR3Qm6azLplxGPQyD51YlhbIt/54Jr8Ad3aL3kSQshuCdv4VyxUBj2f5gvbH7E0RcA+D0a9zC289A8E32MNbx+IFSEgs8q/WiczPYe72RQvLFdkweqIsOpdk9eoM7UycAYk3N21DEHazTOdjQntgW1YnwhLBmoaCY5OOkXP1UwzXEUwxrNbyiOqTVWmcynRbsvsyk5b9cMsTuG8dao0IrJekqd2zmcw9YeDxt9+0ApVFF3euG5ZUYxIqsvJgdJm5ORTso8aPM6K4tua9VjuLbvAnnfjLL7gsH75NWDP0I7ofXntLEt95pmX11Zcrq6DFTIF8Seh1I+y1jb6eh2E+o9m+c4oh9VnNbZWCLbZbSLxzdYToRFRuE/2F/a24Un9mxQwJHJj/bmtkKm5fZ6zCPnbB2HICyt+NdZdVsH2aqFkh9yQUWP1rS9HNMmFhOZMIRqvF950o4weO043fN3ThoK/7SG68RjcwLaA6yx52LaQ56KaqUNLdQOS9w/KEPAQlpPQf2LI+T4n5cW0I67kvbkKyzSteOBVB0wm/JMF+oVNcZXTVkN0gWFfxV9qiRlEgGCNyoiP+j03FCoir0f4QkhherUCMPNO7WKkHIWMJlyB0Ol5Aoz1XMpdPVus+mddHsR4MEp+TUPfHfGVRjOs8O0Lza9nzLei+Rf&u=U2FsdGVkX18LcJPvXRdjxgNeNdaa0ZvyDy5j+16ITXbZYespyGS4QNBPZOHNKy+4&y=U2FsdGVkX1867WtnPLOCcms8UQ3zH3SClP0ml6nBoyYFxCHS6JytHiguZoAXLSf0 HTTP/1.1" 200 3823
181.59.3.103 - - [03/Feb/2024:13:04:04 -0500] "GET /kwssiamovil/sm/acme/s?s=U2FsdGVkX18kg04+biB9NAk1C7HWlcR1jimPTvjx5CuLl5LiBWuIYSeu/PVr3YEjVZfGfGP6GHveAHvkKJ0YzmX3Y0H5kzD8UeYY6+LvZpvLxL5e2pnYQY2i5i4HTr3tvKQRuF1M0B9TYMbZVLLVXeEE8KYYAC3MBejLHoiIZONricrGQdoGy/G9L/a8TwuhROSXw1HE2izcPQ9vyftjTT2pLCEJGOTKHyrJUrNsktMI/GZ8XLLyCHwF0/Cr/AQstJKqHIfgPiAIZ819/KLZDNDX1D8D4uNfREar9gvIF6Pv2Iktd//IFnn1F/X04gbWqcCBL5ffvZnTb1Nk3LincqKfkSapiw5CoYWRvpLq2HqYaS5HGK2LsMm9jrYX6Fqimza8LeMMyxN3/wz1/awgybev2/Dm2MOy1o/RjXjaov4pHIpFp20I65j0aBVbHZFesO/yyMylPhiKfmpaXgnUVjdDsFQtVqFTTeGqE/D2HvB7n0a8pjsfkTRbyiyysc8ZJKnZeBAOaZyflb0exDcwJ4s5z4d4OGSLm1Mf/U+/UsgqKOpNRTuxPL0lqRVsOykLUudJ7re0gBRa0DVi1PYBGQGsCS7HbATvKcIbnRPNzqMqrHXjVtdSZrvXrSxTeDSfgQIuOyH/tdIJ/ty70Mwc8+sBmm4JIaJjfXOCA9oEkkx84agbVT7CBSP9r6+ni2m1K994nZu7A8J2x4ynQC+p87hHEIJsBW0nZAzeEvRMpfqzYGpyG+HgFqGXTM/D7gu7&u=U2FsdGVkX18LcJPvXRdjxgNeNdaa0ZvyDy5j+16ITXbZYespyGS4QNBPZOHNKy+4&y=U2FsdGVkX1867WtnPLOCcms8UQ3zH3SClP0ml6nBoyYFxCHS6JytHiguZoAXLSf0 HTTP/1.1" 200 208
181.59.3.103 - - [03/Feb/2024:13:04:04 -0500] "GET /kwssiamovil/sm/cjson/pre?f=1&x=U2FsdGVkX1/MmrIESeN0Ef5d70bRevJ+ajVLJ20vMYLNj8YXe8rrKexPEmayJsOz HTTP/1.1" 200 32032
200.118.16.147 - - [03/Feb/2024:13:04:26 -0500] "POST /sipse/faces/presentacion/financiero/solicitudProceso/consultarSolicitudProceso.xhtml HTTP/1.1" 200 41448
200.118.16.147 - - [03/Feb/2024:13:04:26 -0500] "GET /sipse/faces/javax.faces.resource/jquery/jquery.js?ln=primefaces&v=4.0 HTTP/1.1" 304 -
200.118.16.147 - - [03/Feb/2024:13:04:26 -0500] "GET /sipse/faces/javax.faces.resource/jquery/jquery-plugins.js?ln=primefaces&v=4.0 HTTP/1.1" 304 -
200.118.16.147 - - [03/Feb/2024:13:04:26 -0500] "GET /sipse/faces/javax.faces.resource/primefaces.js?ln=primefaces&v=4.0 HTTP/1.1" 304 -
200.118.16.147 - - [03/Feb/2024:13:04:27 -0500] "GET /sipse/faces/javax.faces.resource/layout/layout.js?ln=primefaces&v=4.0 HTTP/1.1" 304 -
200.118.16.147 - - [03/Feb/2024:13:04:27 -0500] "POST /sipse/faces/presentacion/financiero/solicitudProceso/consultar.xhtml HTTP/1.1" 200 34867
200.118.16.147 - - [03/Feb/2024:13:04:27 -0500] "POST /sipse/faces/presentacion/financiero/solicitudProceso/consultar.xhtml HTTP/1.1" 200 34867
200.118.16.147 - - [03/Feb/2024:13:04:30 -0500] "POST /sipse/faces/presentacion/financiero/solicitudProceso/consultar.xhtml HTTP/1.1" 200 12836
200.118.16.147 - - [03/Feb/2024:13:04:31 -0500] "POST /sipse/faces/presentacion/financiero/solicitudProceso/consultar.xhtml HTTP/1.1" 200 131330
200.118.16.147 - - [03/Feb/2024:13:04:33 -0500] "GET /sipse/faces/javax.faces.resource/jquery/jquery.js?ln=primefaces&v=4.0 HTTP/1.1" 304 -
200.118.16.147 - - [03/Feb/2024:13:04:33 -0500] "GET /sipse/faces/javax.faces.resource/jquery/jquery-plugins.js?ln=primefaces&v=4.0 HTTP/1.1" 304 -
200.118.16.147 - - [03/Feb/2024:13:04:33 -0500] "GET /sipse/faces/javax.faces.resource/primefaces.js?ln=primefaces&v=4.0 HTTP/1.1" 304 -
200.118.16.147 - - [03/Feb/2024:13:04:33 -0500] "GET /sipse/faces/javax.faces.resource/layout/layout.js?ln=primefaces&v=4.0 HTTP/1.1" 304 -
200.118.16.147 - - [03/Feb/2024:13:04:44 -0500] "POST /sipse/faces/presentacion/financiero/solicitudProceso/consultarSolicitudProceso.xhtml HTTP/1.1" 200 83054
201.245.192.253 - - [03/Feb/2024:13:04:45 -0500] "POST /kwsrmcab/Wsrmcab  HTTP/1.1" 200 37857
66.249.66.38 - - [03/Feb/2024:13:05:22 -0500] "GET /el-agua-recurso-vital-para-la-conservacion-de-los-ecosistemas.html HTTP/1.1" 304 -
40.77.167.43 - - [03/Feb/2024:13:05:26 -0500] "GET /BLA/resoluciones/AUTOS%202023/5758.pdf HTTP/1.1" 200 476883
