186.31.0.184 - - [03/Feb/2024:21:28:02 -0500] "GET /sipse/faces/javax.faces.resource/primefaces.css?ln=primefaces&v=4.0 HTTP/1.1" 304 -
186.31.0.184 - - [03/Feb/2024:21:28:02 -0500] "GET /sipse/faces/javax.faces.resource/layout/layout.css?ln=primefaces&v=4.0 HTTP/1.1" 304 -
186.31.0.184 - - [03/Feb/2024:21:28:02 -0500] "GET /sipse/faces/javax.faces.resource/jquery/jquery.js?ln=primefaces&v=4.0 HTTP/1.1" 304 -
186.31.0.184 - - [03/Feb/2024:21:28:02 -0500] "GET /sipse/faces/javax.faces.resource/jquery/jquery-plugins.js?ln=primefaces&v=4.0 HTTP/1.1" 304 -
186.31.0.184 - - [03/Feb/2024:21:28:02 -0500] "GET /sipse/faces/javax.faces.resource/primefaces.js?ln=primefaces&v=4.0 HTTP/1.1" 304 -
186.31.0.184 - - [03/Feb/2024:21:28:02 -0500] "GET /sipse/faces/javax.faces.resource/layout/layout.js?ln=primefaces&v=4.0 HTTP/1.1" 304 -
186.31.0.184 - - [03/Feb/2024:21:28:02 -0500] "POST /sipse/faces/presentacion/financiero/solicitudProceso/listarSolicitudProceso.xhtml HTTP/1.1" 200 1556
186.31.0.184 - - [03/Feb/2024:21:28:06 -0500] "POST /sipse/faces/presentacion/financiero/solicitudProceso/listarSolicitudProceso.xhtml HTTP/1.1" 200 31222
186.31.0.184 - - [03/Feb/2024:21:28:07 -0500] "POST /sipse/faces/presentacion/financiero/solicitudProceso/listarSolicitudProceso.xhtml HTTP/1.1" 200 31752
186.31.0.184 - - [03/Feb/2024:21:28:08 -0500] "POST /sipse/faces/presentacion/financiero/solicitudProceso/listarSolicitudProceso.xhtml HTTP/1.1" 200 32459
186.31.0.184 - - [03/Feb/2024:21:28:10 -0500] "POST /sipse/faces/presentacion/financiero/solicitudProceso/listarSolicitudProceso.xhtml HTTP/1.1" 200 17939
186.31.0.184 - - [03/Feb/2024:21:28:31 -0500] "POST /sipse/faces/presentacion/financiero/solicitudProceso/listarSolicitudProceso.xhtml HTTP/1.1" 200 148584
186.31.0.184 - - [03/Feb/2024:21:28:32 -0500] "GET /sipse/faces/javax.faces.resource/theme.css?ln=primefaces-sipse HTTP/1.1" 304 -
186.31.0.184 - - [03/Feb/2024:21:28:32 -0500] "GET /sipse/faces/javax.faces.resource/primefaces.css?ln=primefaces&v=4.0 HTTP/1.1" 304 -
186.31.0.184 - - [03/Feb/2024:21:28:32 -0500] "GET /sipse/faces/javax.faces.resource/layout/layout.css?ln=primefaces&v=4.0 HTTP/1.1" 304 -
186.31.0.184 - - [03/Feb/2024:21:28:32 -0500] "GET /sipse/faces/javax.faces.resource/jquery/jquery.js?ln=primefaces&v=4.0 HTTP/1.1" 304 -
186.31.0.184 - - [03/Feb/2024:21:28:32 -0500] "GET /sipse/faces/javax.faces.resource/jquery/jquery-plugins.js?ln=primefaces&v=4.0 HTTP/1.1" 304 -
186.31.0.184 - - [03/Feb/2024:21:28:32 -0500] "GET /sipse/faces/javax.faces.resource/primefaces.js?ln=primefaces&v=4.0 HTTP/1.1" 304 -
186.31.0.184 - - [03/Feb/2024:21:28:32 -0500] "GET /sipse/faces/javax.faces.resource/layout/layout.js?ln=primefaces&v=4.0 HTTP/1.1" 304 -
201.245.192.253 - - [03/Feb/2024:21:28:32 -0500] "POST /kwsrmcab/Wsrmcab  HTTP/1.1" 200 37857
66.249.66.20 - - [03/Feb/2024:21:28:46 -0500] "GET /Publicaciones/2024EE06858.pdf HTTP/1.1" 404 227
216.244.66.195 - - [03/Feb/2024:21:29:06 -0500] "GET /BLA/resoluciones/AUTOS%202008/1029.pdf HTTP/1.1" 200 78332
216.244.66.195 - - [03/Feb/2024:21:29:12 -0500] "GET /BLA/resoluciones/AUTOS%202013/0803.pdf HTTP/1.1" 200 2057686
66.249.66.20 - - [03/Feb/2024:21:29:40 -0500] "GET /BLA/resoluciones/Notificaciones/AUTOS%202023/5725.pdf HTTP/1.1" 304 -
172.22.2.4 - - [03/Feb/2024:21:28:06 -0500] "HEAD /BLA/boletinlegal/ HTTP/1.1" 200 -
216.244.66.195 - - [03/Feb/2024:21:30:06 -0500] "GET /BLA/resoluciones/AUTOS%202013/1944.pdf HTTP/1.1" 200 1960047
201.245.192.253 - - [03/Feb/2024:21:30:10 -0500] "POST /kwsrmcab/Wsrmcab HTTP/1.1" 200 40645
201.245.192.253 - - [03/Feb/2024:21:30:14 -0500] "POST /kwsrmcab/Wsrmcab HTTP/1.1" 200 37008
201.245.192.253 - - [03/Feb/2024:21:30:18 -0500] "POST /kwsrmcab/Wsrmcab HTTP/1.1" 200 40315
157.55.39.59 - - [03/Feb/2024:21:30:24 -0500] "GET /BLA/resoluciones/AUTOS%202014/6458.pdf HTTP/1.1" 304 -
208.100.26.247 - - [03/Feb/2024:21:30:26 -0500] "GET / HTTP/1.1" 200 319
172.22.2.4 - - [03/Feb/2024:21:28:56 -0500] "GET /BLA/boletinlegal/ HTTP/1.1" 200 57867
216.244.66.195 - - [03/Feb/2024:21:31:00 -0500] "GET /BLA/resoluciones/AUTOS%202014/2285.pdf HTTP/1.1" 200 218447
201.245.192.253 - - [03/Feb/2024:21:31:22 -0500] "POST /kwsrmcab/Wsrmcab HTTP/1.1" 200 37008
216.244.66.195 - - [03/Feb/2024:21:31:31 -0500] "GET /BLA/resoluciones/AUTOS%202014/2529.pdf HTTP/1.1" 200 480580
216.244.66.195 - - [03/Feb/2024:21:32:00 -0500] "GET /BLA/resoluciones/AUTOS%202015/0146.pdf HTTP/1.1" 200 597842
216.245.221.92 - - [03/Feb/2024:21:32:01 -0500] "HEAD / HTTP/1.1" 200 -
216.244.66.195 - - [03/Feb/2024:21:32:29 -0500] "GET /BLA/resoluciones/AUTOS%202015/2582.pdf HTTP/1.1" 200 836665
216.244.66.195 - - [03/Feb/2024:21:32:57 -0500] "GET /BLA/resoluciones/AUTOS%202015/3203.pdf HTTP/1.1" 200 584448
216.244.66.195 - - [03/Feb/2024:21:33:24 -0500] "GET /BLA/resoluciones/AUTOS%202015/3207.pdf HTTP/1.1" 200 625788
201.245.192.253 - - [03/Feb/2024:21:33:30 -0500] "POST /kwsrmcab/Wsrmcab  HTTP/1.1" 200 37857
216.244.66.195 - - [03/Feb/2024:21:33:51 -0500] "GET /BLA/resoluciones/AUTOS%202018/0413.pdf HTTP/1.1" 200 325318
216.244.66.195 - - [03/Feb/2024:21:34:16 -0500] "GET /BLA/resoluciones/AUTOS%202018/0512.pdf HTTP/1.1" 200 322657
172.22.2.4 - - [03/Feb/2024:21:34:36 -0500] "GET /BLA/boletinlegal/robots.txt HTTP/1.1" 404 1038
216.244.66.195 - - [03/Feb/2024:21:34:42 -0500] "GET /BLA/resoluciones/AUTOS%202018/1165.pdf HTTP/1.1" 200 304208
216.244.66.195 - - [03/Feb/2024:21:35:05 -0500] "GET /BLA/resoluciones/AUTOS%202018/1721.pdf HTTP/1.1" 200 673423
31.13.103.7 - - [03/Feb/2024:21:35:16 -0500] "GET /images/Caminatas%20(1)%20(2).jpeg HTTP/1.1" 200 81411
172.22.2.4 - - [03/Feb/2024:21:33:47 -0500] "GET /BLA/boletinlegal/ HTTP/1.1" 200 49388
216.244.66.195 - - [03/Feb/2024:21:35:28 -0500] "GET /BLA/resoluciones/AUTOS%202018/2740.pdf HTTP/1.1" 200 283451
172.22.2.4 - - [03/Feb/2024:21:33:56 -0500] "HEAD /BLA/boletinlegal/ HTTP/1.1" 200 -
216.244.66.195 - - [03/Feb/2024:21:35:49 -0500] "GET /BLA/resoluciones/AUTOS%202019/0246.pdf HTTP/1.1" 200 8464265
172.22.2.4 - - [03/Feb/2024:21:34:46 -0500] "GET /BLA/boletinlegal/ HTTP/1.1" 200 53883
216.244.66.195 - - [03/Feb/2024:21:36:29 -0500] "GET /BLA/resoluciones/AUTOS%202019/4540.pdf HTTP/1.1" 200 325410
216.244.66.195 - - [03/Feb/2024:21:37:00 -0500] "GET /BLA/resoluciones/RESOLUCIONES%202008/4961.pdf HTTP/1.1" 200 213481
216.245.221.92 - - [03/Feb/2024:21:37:01 -0500] "HEAD / HTTP/1.1" 200 -
216.244.66.195 - - [03/Feb/2024:21:37:29 -0500] "GET /BLA/resoluciones/RESOLUCIONES%202011/2116.pdf HTTP/1.1" 200 511073
173.252.107.118 - - [03/Feb/2024:21:37:46 -0500] "GET /secretaria-de-ambiente-instalo-movil-en-la-quebrada-la-vieja-para-atender-a-la-fauna-silvestre.html HTTP/1.1" 200 1019
173.252.107.8 - - [03/Feb/2024:21:37:46 -0500] "GET /secretaria-de-ambiente-instalo-movil-en-la-quebrada-la-vieja-para-atender-a-la-fauna-silvestre.html HTTP/1.1" 200 1019
172.22.2.4 - - [03/Feb/2024:21:37:51 -0500] "GET /BLA/boletinlegal/Circulares/2019/.pdf HTTP/1.1" 404 1218
172.22.2.4 - - [03/Feb/2024:21:37:53 -0500] "GET /BLA/boletinlegal/Circulares/024%09/CIRCULAR%20No.%2000002%20DEL%2031%20DE%20ENERO%20DEL%202024%09.pdf HTTP/1.1" 403 1026
172.22.2.4 - - [03/Feb/2024:21:37:55 -0500] "GET /BLA/boletinlegal/Circulares/024%09/CIRCULAR%20No.%2000002%20DEL%2031%20DE%20ENERO%20DEL%202024%09.pdf HTTP/1.1" 403 1026
172.22.2.4 - - [03/Feb/2024:21:37:58 -0500] "GET /BLA/boletinlegal/Circulares/024%09/CIRCULAR%20No.%2000002%20DEL%2031%20DE%20ENERO%20DEL%202024%09.pdf HTTP/1.1" 403 1026
216.244.66.195 - - [03/Feb/2024:21:37:59 -0500] "GET /BLA/resoluciones/RESOLUCIONES%202018/0207.pdf HTTP/1.1" 200 350730
172.22.2.4 - - [03/Feb/2024:21:38:01 -0500] "GET /BLA/boletinlegal/Circulares/024%09/CIRCULAR%20No.%2000002%20DEL%2031%20DE%20ENERO%20DEL%202024%09.pdf HTTP/1.1" 403 1026
172.22.2.4 - - [03/Feb/2024:21:38:04 -0500] "GET /BLA/boletinlegal/Circulares/024%09/CIRCULAR%20No.%2000002%20DEL%2031%20DE%20ENERO%20DEL%202024%09.pdf HTTP/1.1" 403 1026
216.244.66.195 - - [03/Feb/2024:21:38:30 -0500] "GET /BLA/resoluciones/RESOLUCIONES%202018/2280.pdf HTTP/1.1" 200 995728
201.245.192.253 - - [03/Feb/2024:21:38:28 -0500] "POST /kwsrmcab/Wsrmcab  HTTP/1.1" 200 37857
216.244.66.195 - - [03/Feb/2024:21:38:56 -0500] "GET /BLA/resoluciones/RESOLUCIONES%202018/2322.PDF HTTP/1.1" 200 9831033
216.244.66.195 - - [03/Feb/2024:21:39:31 -0500] "GET /BLA/resoluciones/RESOLUCIONES%202018/2452.pdf HTTP/1.1" 200 862344
172.22.2.4 - - [03/Feb/2024:21:39:37 -0500] "GET /BLA/boletinlegal/robots.txt HTTP/1.1" 404 1038
216.244.66.195 - - [03/Feb/2024:21:40:02 -0500] "GET /BLA/resoluciones/RESOLUCIONES%202018/2546.pdf HTTP/1.1" 200 1016202
20.27.20.19 - - [03/Feb/2024:21:40:09 -0500] "GET /Publicaciones/2023EE308665.pdf HTTP/1.1" 404 228
201.245.192.253 - - [03/Feb/2024:21:40:10 -0500] "POST /kwsrmcab/Wsrmcab HTTP/1.1" 200 40645
201.245.192.253 - - [03/Feb/2024:21:40:13 -0500] "POST /kwsrmcab/Wsrmcab HTTP/1.1" 200 37008
201.245.192.253 - - [03/Feb/2024:21:40:18 -0500] "POST /kwsrmcab/Wsrmcab HTTP/1.1" 200 40315
216.244.66.195 - - [03/Feb/2024:21:40:32 -0500] "GET /BLA/resoluciones/RESOLUCIONES%202018/2608.pdf HTTP/1.1" 200 258391
172.22.2.4 - - [03/Feb/2024:21:39:46 -0500] "HEAD /BLA/boletinlegal/ HTTP/1.1" 200 -
201.245.192.253 - - [03/Feb/2024:21:41:24 -0500] "POST /kwsrmcab/Wsrmcab HTTP/1.1" 200 37008
216.245.221.92 - - [03/Feb/2024:21:42:01 -0500] "HEAD / HTTP/1.1" 200 -
172.22.2.4 - - [03/Feb/2024:21:42:02 -0500] "GET /BLA/boletinlegal/robots.txt HTTP/1.1" 404 1038
172.22.2.4 - - [03/Feb/2024:21:40:36 -0500] "GET /BLA/boletinlegal/ HTTP/1.1" 200 59963
173.252.111.8 - - [03/Feb/2024:21:43:11 -0500] "GET /asi-las-mujeres-que-reverdecen-cuidan-los-arboles-para-la-restauracion-ecologica-de-bogota.html HTTP/1.1" 200 911
201.245.192.253 - - [03/Feb/2024:21:43:27 -0500] "POST /kwsrmcab/Wsrmcab  HTTP/1.1" 200 37857
172.22.2.4 - - [03/Feb/2024:21:42:03 -0500] "GET /BLA/boletinlegal/index.php HTTP/1.1" 200 61904
40.77.167.16 - - [03/Feb/2024:21:44:33 -0500] "GET /Publicaciones/2023EE216526.pdf HTTP/1.1" 404 228
172.22.2.4 - - [03/Feb/2024:21:44:48 -0500] "GET /BLA/boletinlegal/styles2.css HTTP/1.1" 200 1838
216.245.221.92 - - [03/Feb/2024:21:47:01 -0500] "HEAD / HTTP/1.1" 200 -
172.22.2.4 - - [03/Feb/2024:21:45:35 -0500] "HEAD /BLA/boletinlegal/ HTTP/1.1" 200 -
172.22.2.4 - - [03/Feb/2024:21:46:26 -0500] "GET /BLA/boletinlegal/ HTTP/1.1" 200 58303
201.245.192.253 - - [03/Feb/2024:21:48:26 -0500] "POST /kwsrmcab/Wsrmcab  HTTP/1.1" 200 37857
66.249.66.20 - - [03/Feb/2024:21:49:16 -0500] "GET /BLA/resoluciones/AUTOS%202011/5059.pdf HTTP/1.1" 200 170774
66.249.66.21 - - [03/Feb/2024:21:49:21 -0500] "GET /BLA/resoluciones/RESOLUCIONES%202008/2955.pdf HTTP/1.1" 200 271184
216.245.221.92 - - [03/Feb/2024:21:52:01 -0500] "HEAD / HTTP/1.1" 200 -
172.22.2.4 - - [03/Feb/2024:21:51:25 -0500] "HEAD /BLA/boletinlegal/ HTTP/1.1" 200 -
201.245.192.253 - - [03/Feb/2024:21:53:25 -0500] "POST /kwsrmcab/Wsrmcab  HTTP/1.1" 200 37857
173.252.95.17 - - [03/Feb/2024:21:53:46 -0500] "GET /a-que-se-debe-el-deterioro-de-la-calidad-del-aire-y-cuando-se-declararia-una-alerta-por-contaminacion-atmosferica.html HTTP/1.1" 200 1004
173.252.95.1 - - [03/Feb/2024:21:53:46 -0500] "GET /a-que-se-debe-el-deterioro-de-la-calidad-del-aire-y-cuando-se-declararia-una-alerta-por-contaminacion-atmosferica.html HTTP/1.1" 200 1004
173.252.95.19 - - [03/Feb/2024:21:53:46 -0500] "GET /a-que-se-debe-el-deterioro-de-la-calidad-del-aire-y-cuando-se-declararia-una-alerta-por-contaminacion-atmosferica.html HTTP/1.1" 200 1004
173.252.87.118 - - [03/Feb/2024:21:53:50 -0500] "GET /a-que-se-debe-el-deterioro-de-la-calidad-del-aire-y-cuando-se-declararia-una-alerta-por-contaminacion-atmosferica.html HTTP/1.1" 200 1004
31.13.115.5 - - [03/Feb/2024:21:53:52 -0500] "GET /a-que-se-debe-el-deterioro-de-la-calidad-del-aire-y-cuando-se-declararia-una-alerta-por-contaminacion-atmosferica.html HTTP/1.1" 200 1004
31.13.115.118 - - [03/Feb/2024:21:53:52 -0500] "GET /a-que-se-debe-el-deterioro-de-la-calidad-del-aire-y-cuando-se-declararia-una-alerta-por-contaminacion-atmosferica.html HTTP/1.1" 200 1004
173.252.83.2 - - [03/Feb/2024:21:53:54 -0500] "GET /images/25%20Incendio%20declaratoria.jpeg HTTP/1.1" 200 90327
172.22.2.4 - - [03/Feb/2024:21:52:16 -0500] "GET /BLA/boletinlegal/ HTTP/1.1" 200 58303
66.249.66.20 - - [03/Feb/2024:21:56:06 -0500] "GET /BLA/resoluciones/RESOLUCIONES%202009/5011.pdf HTTP/1.1" 200 652419
216.245.221.92 - - [03/Feb/2024:21:57:01 -0500] "HEAD / HTTP/1.1" 200 -
173.252.107.2 - - [03/Feb/2024:21:57:43 -0500] "GET /conoces-el-indice-bogotano-de-calidad-del-aire-y-riesgo-en-salud-iboca.html HTTP/1.1" 200 805
201.245.192.253 - - [03/Feb/2024:21:58:23 -0500] "POST /kwsrmcab/Wsrmcab  HTTP/1.1" 200 37857
172.22.2.4 - - [03/Feb/2024:21:57:15 -0500] "HEAD /BLA/boletinlegal/ HTTP/1.1" 200 -
172.22.2.4 - - [03/Feb/2024:21:58:06 -0500] "GET /BLA/boletinlegal/ HTTP/1.1" 200 58303
66.249.66.21 - - [03/Feb/2024:22:00:13 -0500] "GET /Publicaciones/2023EE301453.pdf HTTP/1.1" 404 228
173.252.107.8 - - [03/Feb/2024:22:00:21 -0500] "GET /images/Comprimida%20incendios.jpg HTTP/1.1" 200 23316
216.245.221.92 - - [03/Feb/2024:22:02:01 -0500] "HEAD / HTTP/1.1" 200 -
191.156.187.101 - - [03/Feb/2024:22:03:11 -0500] "GET /sipse/faces/index.xhtml HTTP/1.1" 200 677
191.156.187.101 - - [03/Feb/2024:22:03:11 -0500] "GET /sipse/faces/javax.faces.resource/theme.css?ln=primefaces-sipse HTTP/1.1" 304 -
191.156.187.101 - - [03/Feb/2024:22:03:11 -0500] "GET /sipse/faces/faces/autenticacion.xhtml HTTP/1.1" 200 12404
191.156.187.237 - - [03/Feb/2024:22:03:11 -0500] "GET /sipse/css/custom_css_sg.css HTTP/1.1" 304 -
191.156.187.237 - - [03/Feb/2024:22:03:11 -0500] "GET /sipse/css/custom_css_sg_prime_login.css HTTP/1.1" 304 -
191.156.183.79 - - [03/Feb/2024:22:03:11 -0500] "GET /sipse/faces/javax.faces.resource/theme.css?ln=primefaces-sipse HTTP/1.1" 304 -
191.156.178.215 - - [03/Feb/2024:22:03:11 -0500] "GET /sipse/faces/javax.faces.resource/primefaces.css?ln=primefaces&v=4.0 HTTP/1.1" 304 -
191.156.187.101 - - [03/Feb/2024:22:03:11 -0500] "GET /sipse/faces/javax.faces.resource/layout/layout.css?ln=primefaces&v=4.0 HTTP/1.1" 304 -
191.156.187.237 - - [03/Feb/2024:22:03:11 -0500] "GET /sipse/js/disable_browser_buttons.js HTTP/1.1" 304 -
191.156.183.79 - - [03/Feb/2024:22:03:11 -0500] "GET /sipse/js/funciones.js HTTP/1.1" 304 -
191.156.178.215 - - [03/Feb/2024:22:03:11 -0500] "GET /sipse/faces/javax.faces.resource/jquery/jquery.js?ln=primefaces&v=4.0 HTTP/1.1" 304 -
191.156.187.101 - - [03/Feb/2024:22:03:11 -0500] "GET /sipse/faces/javax.faces.resource/layout/layout.js?ln=primefaces&v=4.0 HTTP/1.1" 304 -
191.156.187.237 - - [03/Feb/2024:22:03:11 -0500] "GET /sipse/faces/javax.faces.resource/primefaces.js?ln=primefaces&v=4.0 HTTP/1.1" 200 276924
191.156.183.79 - - [03/Feb/2024:22:03:11 -0500] "GET /sipse/faces/javax.faces.resource/jquery/jquery-plugins.js?ln=primefaces&v=4.0 HTTP/1.1" 200 220526
191.156.183.79 - - [03/Feb/2024:22:03:13 -0500] "GET /sipse/css/imagen/logoSDG.png HTTP/1.1" 304 -
191.156.187.237 - - [03/Feb/2024:22:03:13 -0500] "GET /sipse/css/imagen/loginimg.png HTTP/1.1" 304 -
191.156.187.101 - - [03/Feb/2024:22:03:13 -0500] "GET /sipse/faces/javax.faces.resource/images/ui-icons_898989_256x240.png?ln=primefaces-aristo HTTP/1.1" 304 -
191.156.187.101 - - [03/Feb/2024:22:03:16 -0500] "POST /sipse/faces/autenticacion.xhtml HTTP/1.1" 200 2219
191.156.187.101 - - [03/Feb/2024:22:03:16 -0500] "GET /sipse/faces/javax.faces.resource/messages/messages.png?ln=primefaces&v=4.0 HTTP/1.1" 304 -
201.245.192.253 - - [03/Feb/2024:22:03:21 -0500] "POST /kwsrmcab/Wsrmcab  HTTP/1.1" 200 37857
191.156.186.138 - - [03/Feb/2024:22:03:41 -0500] "POST /sipse/faces/autenticacion.xhtml HTTP/1.1" 200 16343
191.156.186.138 - - [03/Feb/2024:22:03:41 -0500] "GET /sipse/css/custom_css_sg_prime.css HTTP/1.1" 304 -
191.156.178.215 - - [03/Feb/2024:22:03:41 -0500] "GET /sipse/js/jquery.min.js HTTP/1.1" 304 -
191.156.176.201 - - [03/Feb/2024:22:03:41 -0500] "GET /sipse/faces/javax.faces.resource/theme.css?ln=primefaces-sipse HTTP/1.1" 304 -
191.156.177.201 - - [03/Feb/2024:22:03:41 -0500] "GET /sipse/faces/javax.faces.resource/primefaces.css?ln=primefaces&v=4.0 HTTP/1.1" 304 -
191.156.191.87 - - [03/Feb/2024:22:03:41 -0500] "GET /sipse/faces/javax.faces.resource/layout/layout.css?ln=primefaces&v=4.0 HTTP/1.1" 304 -
191.156.191.87 - - [03/Feb/2024:22:03:42 -0500] "GET /sipse/faces/javax.faces.resource/jquery/jquery.js?ln=primefaces&v=4.0 HTTP/1.1" 304 -
191.156.191.87 - - [03/Feb/2024:22:03:42 -0500] "GET /sipse/faces/javax.faces.resource/jquery/jquery-plugins.js?ln=primefaces&v=4.0 HTTP/1.1" 304 -
191.156.191.87 - - [03/Feb/2024:22:03:42 -0500] "GET /sipse/faces/javax.faces.resource/primefaces.js?ln=primefaces&v=4.0 HTTP/1.1" 304 -
191.156.191.87 - - [03/Feb/2024:22:03:42 -0500] "GET /sipse/faces/javax.faces.resource/layout/layout.js?ln=primefaces&v=4.0 HTTP/1.1" 304 -
191.156.191.87 - - [03/Feb/2024:22:03:42 -0500] "GET /sipse/css/v_mergente.css HTTP/1.1" 304 -
191.156.177.201 - - [03/Feb/2024:22:03:42 -0500] "GET /sipse/css/imagen/contrasena.png HTTP/1.1" 404 383
191.156.178.215 - - [03/Feb/2024:22:03:42 -0500] "GET /sipse/imagenes/cargando.gif HTTP/1.1" 304 -
191.156.176.201 - - [03/Feb/2024:22:03:42 -0500] "GET /sipse/imagenes/logoAplicacion.jpg HTTP/1.1" 200 155084
191.156.176.201 - - [03/Feb/2024:22:04:07 -0500] "GET /sipse/faces/javax.faces.resource/images/ui-bg_flat_0_2d5972_40x100.png?ln=primefaces-aristo HTTP/1.1" 304 -
191.156.191.87 - - [03/Feb/2024:22:04:07 -0500] "POST /sipse/faces/bienvenido.xhtml HTTP/1.1" 200 2658
191.156.191.87 - - [03/Feb/2024:22:04:08 -0500] "POST /sipse/faces/bienvenido.xhtml HTTP/1.1" 200 65064
191.156.191.87 - - [03/Feb/2024:22:04:09 -0500] "GET /sipse/faces/javax.faces.resource/theme.css?ln=primefaces-sipse HTTP/1.1" 304 -
191.156.176.201 - - [03/Feb/2024:22:04:09 -0500] "GET /sipse/faces/javax.faces.resource/primefaces.css?ln=primefaces&v=4.0 HTTP/1.1" 304 -
191.156.176.201 - - [03/Feb/2024:22:04:09 -0500] "GET /sipse/faces/javax.faces.resource/jquery/jquery.js?ln=primefaces&v=4.0 HTTP/1.1" 304 -
191.156.176.201 - - [03/Feb/2024:22:04:09 -0500] "GET /sipse/faces/javax.faces.resource/layout/layout.css?ln=primefaces&v=4.0 HTTP/1.1" 304 -
191.156.176.201 - - [03/Feb/2024:22:04:09 -0500] "GET /sipse/faces/javax.faces.resource/jquery/jquery-plugins.js?ln=primefaces&v=4.0 HTTP/1.1" 304 -
191.156.176.201 - - [03/Feb/2024:22:04:09 -0500] "GET /sipse/faces/javax.faces.resource/primefaces.js?ln=primefaces&v=4.0 HTTP/1.1" 304 -
191.156.176.201 - - [03/Feb/2024:22:04:09 -0500] "GET /sipse/faces/javax.faces.resource/layout/layout.js?ln=primefaces&v=4.0 HTTP/1.1" 304 -
191.156.176.201 - - [03/Feb/2024:22:04:09 -0500] "POST /sipse/faces/presentacion/financiero/solicitudProceso/listarSolicitudProceso.xhtml HTTP/1.1" 200 1556
191.156.176.201 - - [03/Feb/2024:22:04:12 -0500] "POST /sipse/faces/presentacion/financiero/solicitudProceso/listarSolicitudProceso.xhtml HTTP/1.1" 200 7776
191.156.176.201 - - [03/Feb/2024:22:04:14 -0500] "POST /sipse/faces/presentacion/financiero/solicitudProceso/listarSolicitudProceso.xhtml HTTP/1.1" 200 7784
191.156.183.141 - - [03/Feb/2024:22:04:31 -0500] "POST /sipse/faces/presentacion/financiero/solicitudProceso/listarSolicitudProceso.xhtml HTTP/1.1" 200 7803
191.156.183.141 - - [03/Feb/2024:22:04:33 -0500] "POST /sipse/faces/presentacion/financiero/solicitudProceso/listarSolicitudProceso.xhtml HTTP/1.1" 200 146695
191.156.183.141 - - [03/Feb/2024:22:04:34 -0500] "GET /sipse/faces/javax.faces.resource/theme.css?ln=primefaces-sipse HTTP/1.1" 304 -
191.156.188.6 - - [03/Feb/2024:22:04:35 -0500] "GET /sipse/faces/javax.faces.resource/jquery/jquery.js?ln=primefaces&v=4.0 HTTP/1.1" 304 -
191.156.182.94 - - [03/Feb/2024:22:04:35 -0500] "GET /sipse/faces/javax.faces.resource/primefaces.css?ln=primefaces&v=4.0 HTTP/1.1" 304 -
191.156.183.141 - - [03/Feb/2024:22:04:35 -0500] "GET /sipse/faces/javax.faces.resource/layout/layout.css?ln=primefaces&v=4.0 HTTP/1.1" 304 -
191.156.183.141 - - [03/Feb/2024:22:04:35 -0500] "GET /sipse/faces/javax.faces.resource/jquery/jquery-plugins.js?ln=primefaces&v=4.0 HTTP/1.1" 304 -
191.156.183.141 - - [03/Feb/2024:22:04:35 -0500] "GET /sipse/faces/javax.faces.resource/primefaces.js?ln=primefaces&v=4.0 HTTP/1.1" 304 -
191.156.183.141 - - [03/Feb/2024:22:04:35 -0500] "GET /sipse/faces/javax.faces.resource/layout/layout.js?ln=primefaces&v=4.0 HTTP/1.1" 304 -
191.156.182.94 - - [03/Feb/2024:22:04:39 -0500] "GET /sipse/faces/javax.faces.resource/theme.css?ln=primefaces-sipse HTTP/1.1" 304 -
191.156.188.6 - - [03/Feb/2024:22:04:39 -0500] "GET /sipse/faces/javax.faces.resource/layout/layout.css?ln=primefaces&v=4.0 HTTP/1.1" 304 -
191.156.188.6 - - [03/Feb/2024:22:04:39 -0500] "GET /sipse/faces/javax.faces.resource/primefaces.css?ln=primefaces&v=4.0 HTTP/1.1" 304 -
191.156.182.94 - - [03/Feb/2024:22:04:39 -0500] "GET /sipse/faces/javax.faces.resource/primefaces.js?ln=primefaces&v=4.0 HTTP/1.1" 304 -
191.156.178.215 - - [03/Feb/2024:22:04:39 -0500] "GET /sipse/faces/javax.faces.resource/jquery/jquery-plugins.js?ln=primefaces&v=4.0 HTTP/1.1" 304 -
191.156.188.6 - - [03/Feb/2024:22:04:39 -0500] "GET /sipse/faces/javax.faces.resource/jquery/jquery.js?ln=primefaces&v=4.0 HTTP/1.1" 304 -
191.156.188.6 - - [03/Feb/2024:22:04:39 -0500] "GET /sipse/faces/javax.faces.resource/layout/layout.js?ln=primefaces&v=4.0 HTTP/1.1" 304 -
191.156.183.141 - - [03/Feb/2024:22:04:38 -0500] "POST /sipse/faces/presentacion/financiero/solicitudProceso/consultarSolicitudProceso.xhtml HTTP/1.1" 200 37289
191.156.188.6 - - [03/Feb/2024:22:04:42 -0500] "GET /sipse/faces/javax.faces.resource/layout/layout.css?ln=primefaces&v=4.0 HTTP/1.1" 304 -
191.156.188.6 - - [03/Feb/2024:22:04:42 -0500] "GET /sipse/faces/javax.faces.resource/theme.css?ln=primefaces-sipse HTTP/1.1" 304 -
191.156.182.94 - - [03/Feb/2024:22:04:42 -0500] "GET /sipse/faces/javax.faces.resource/jquery/jquery.js?ln=primefaces&v=4.0 HTTP/1.1" 304 -
191.156.178.215 - - [03/Feb/2024:22:04:42 -0500] "GET /sipse/faces/javax.faces.resource/primefaces.css?ln=primefaces&v=4.0 HTTP/1.1" 304 -
191.156.188.6 - - [03/Feb/2024:22:04:42 -0500] "GET /sipse/faces/javax.faces.resource/jquery/jquery-plugins.js?ln=primefaces&v=4.0 HTTP/1.1" 304 -
191.156.188.6 - - [03/Feb/2024:22:04:42 -0500] "GET /sipse/faces/javax.faces.resource/primefaces.js?ln=primefaces&v=4.0 HTTP/1.1" 304 -
191.156.188.6 - - [03/Feb/2024:22:04:42 -0500] "GET /sipse/faces/javax.faces.resource/layout/layout.js?ln=primefaces&v=4.0 HTTP/1.1" 304 -
191.156.183.141 - - [03/Feb/2024:22:04:42 -0500] "POST /sipse/faces/presentacion/financiero/solicitudProceso/consultarHistorialSolProceso.xhtml HTTP/1.1" 200 192489
207.46.13.229 - - [03/Feb/2024:22:04:45 -0500] "GET /robots.txt HTTP/1.1" 404 1018
172.22.2.4 - - [03/Feb/2024:22:03:05 -0500] "HEAD /BLA/boletinlegal/ HTTP/1.1" 200 -
191.156.183.141 - - [03/Feb/2024:22:04:47 -0500] "POST /sipse/faces/presentacion/financiero/solicitudProceso/consultarSolicitudProceso.xhtml HTTP/1.1" 200 76088
216.244.66.195 - - [03/Feb/2024:22:04:48 -0500] "GET /robots.txt HTTP/1.1" 404 1018
157.55.39.48 - - [03/Feb/2024:22:04:48 -0500] "GET /menu/css/demo.css HTTP/1.1" 404 1018
40.77.167.25 - - [03/Feb/2024:22:04:52 -0500] "GET /menu/css/style.css HTTP/1.1" 404 1018
191.156.178.215 - - [03/Feb/2024:22:05:21 -0500] "POST /sipse/faces/presentacion/financiero/solicitudProceso/consultarSolicitudProceso.xhtml HTTP/1.1" 200 36681
191.156.178.215 - - [03/Feb/2024:22:05:22 -0500] "GET /sipse/faces/javax.faces.resource/theme.css?ln=primefaces-sipse HTTP/1.1" 304 -
191.156.176.201 - - [03/Feb/2024:22:05:22 -0500] "GET /sipse/faces/javax.faces.resource/primefaces.css?ln=primefaces&v=4.0 HTTP/1.1" 304 -
191.156.182.94 - - [03/Feb/2024:22:05:22 -0500] "GET /sipse/faces/javax.faces.resource/layout/layout.css?ln=primefaces&v=4.0 HTTP/1.1" 304 -
191.156.191.87 - - [03/Feb/2024:22:05:22 -0500] "GET /sipse/faces/javax.faces.resource/jquery/jquery.js?ln=primefaces&v=4.0 HTTP/1.1" 304 -
191.156.182.94 - - [03/Feb/2024:22:05:22 -0500] "GET /sipse/faces/javax.faces.resource/jquery/jquery-plugins.js?ln=primefaces&v=4.0 HTTP/1.1" 304 -
191.156.182.94 - - [03/Feb/2024:22:05:22 -0500] "GET /sipse/faces/javax.faces.resource/primefaces.js?ln=primefaces&v=4.0 HTTP/1.1" 304 -
191.156.182.94 - - [03/Feb/2024:22:05:22 -0500] "GET /sipse/faces/javax.faces.resource/layout/layout.js?ln=primefaces&v=4.0 HTTP/1.1" 304 -
191.156.182.94 - - [03/Feb/2024:22:05:22 -0500] "POST /sipse/faces/presentacion/financiero/solicitudProceso/listarSolicitudProceso.xhtml HTTP/1.1" 200 1396
191.156.182.94 - - [03/Feb/2024:22:05:25 -0500] "POST /sipse/faces/presentacion/financiero/solicitudProceso/listarSolicitudProceso.xhtml HTTP/1.1" 200 7848
191.156.182.94 - - [03/Feb/2024:22:05:26 -0500] "POST /sipse/faces/presentacion/financiero/solicitudProceso/listarSolicitudProceso.xhtml HTTP/1.1" 200 7856
172.22.2.4 - - [03/Feb/2024:22:03:56 -0500] "GET /BLA/boletinlegal/ HTTP/1.1" 200 53002
191.156.182.94 - - [03/Feb/2024:22:05:36 -0500] "POST /sipse/faces/presentacion/financiero/solicitudProceso/consultarSolicitudProceso.xhtml HTTP/1.1" 200 36726
191.156.176.201 - - [03/Feb/2024:22:05:37 -0500] "GET /sipse/faces/javax.faces.resource/layout/layout.css?ln=primefaces&v=4.0 HTTP/1.1" 304 -
191.156.191.87 - - [03/Feb/2024:22:05:37 -0500] "GET /sipse/faces/javax.faces.resource/primefaces.css?ln=primefaces&v=4.0 HTTP/1.1" 304 -
191.156.182.94 - - [03/Feb/2024:22:05:37 -0500] "GET /sipse/faces/javax.faces.resource/theme.css?ln=primefaces-sipse HTTP/1.1" 304 -
191.156.178.215 - - [03/Feb/2024:22:05:37 -0500] "GET /sipse/faces/javax.faces.resource/jquery/jquery.js?ln=primefaces&v=4.0 HTTP/1.1" 304 -
191.156.178.215 - - [03/Feb/2024:22:05:37 -0500] "GET /sipse/faces/javax.faces.resource/jquery/jquery-plugins.js?ln=primefaces&v=4.0 HTTP/1.1" 304 -
191.156.178.215 - - [03/Feb/2024:22:05:37 -0500] "GET /sipse/faces/javax.faces.resource/primefaces.js?ln=primefaces&v=4.0 HTTP/1.1" 304 -
191.156.178.215 - - [03/Feb/2024:22:05:37 -0500] "GET /sipse/faces/javax.faces.resource/layout/layout.js?ln=primefaces&v=4.0 HTTP/1.1" 304 -
191.156.178.215 - - [03/Feb/2024:22:05:37 -0500] "POST /sipse/faces/presentacion/financiero/solicitudProceso/listarSolicitudProceso.xhtml HTTP/1.1" 200 1396
191.156.178.215 - - [03/Feb/2024:22:05:40 -0500] "POST /sipse/faces/presentacion/financiero/solicitudProceso/listarSolicitudProceso.xhtml HTTP/1.1" 200 7719
191.156.178.215 - - [03/Feb/2024:22:05:41 -0500] "POST /sipse/faces/presentacion/financiero/solicitudProceso/listarSolicitudProceso.xhtml HTTP/1.1" 200 7727
191.156.178.215 - - [03/Feb/2024:22:05:53 -0500] "POST /sipse/faces/presentacion/financiero/solicitudProceso/listarSolicitudProceso.xhtml HTTP/1.1" 200 7691
191.156.178.215 - - [03/Feb/2024:22:05:54 -0500] "POST /sipse/faces/presentacion/financiero/solicitudProceso/listarSolicitudProceso.xhtml HTTP/1.1" 200 7695
191.156.178.215 - - [03/Feb/2024:22:06:09 -0500] "POST /sipse/faces/presentacion/financiero/solicitudProceso/listarSolicitudProceso.xhtml HTTP/1.1" 200 7767
191.156.178.215 - - [03/Feb/2024:22:06:12 -0500] "POST /sipse/faces/presentacion/financiero/solicitudProceso/listarSolicitudProceso.xhtml HTTP/1.1" 200 7771
191.156.178.215 - - [03/Feb/2024:22:06:20 -0500] "POST /sipse/faces/presentacion/financiero/solicitudProceso/listarSolicitudProceso.xhtml HTTP/1.1" 200 7767
20.240.13.253 - - [03/Feb/2024:22:06:55 -0500] "GET /Publicaciones/2023EE300490.pdf HTTP/1.1" 404 228
216.245.221.92 - - [03/Feb/2024:22:07:01 -0500] "HEAD / HTTP/1.1" 200 -
172.22.2.4 - - [03/Feb/2024:22:05:53 -0500] "GET /BLA/boletinlegal/ HTTP/1.1" 200 49099
201.245.192.253 - - [03/Feb/2024:22:08:21 -0500] "POST /kwsrmcab/Wsrmcab  HTTP/1.1" 200 37857
66.249.66.20 - - [03/Feb/2024:22:08:30 -0500] "GET /BLA/resoluciones/RESOLUCIONES%202010/3411.pdf HTTP/1.1" 200 317124
191.156.178.215 - - [03/Feb/2024:22:09:27 -0500] "POST /sipse/faces/presentacion/financiero/solicitudProceso/listarSolicitudProceso.xhtml HTTP/1.1" 200 7780
191.156.178.215 - - [03/Feb/2024:22:09:29 -0500] "POST /sipse/faces/presentacion/financiero/solicitudProceso/listarSolicitudProceso.xhtml HTTP/1.1" 200 7776
191.156.187.101 - - [03/Feb/2024:22:10:06 -0500] "POST /sipse/faces/presentacion/financiero/solicitudProceso/listarSolicitudProceso.xhtml HTTP/1.1" 200 7807
191.156.187.101 - - [03/Feb/2024:22:10:07 -0500] "POST /sipse/faces/presentacion/financiero/solicitudProceso/listarSolicitudProceso.xhtml HTTP/1.1" 200 7803
172.22.2.4 - - [03/Feb/2024:22:08:55 -0500] "HEAD /BLA/boletinlegal/ HTTP/1.1" 200 -
173.252.87.112 - - [03/Feb/2024:22:10:42 -0500] "GET /images/Rueda%20de%20prensa.jpeg HTTP/1.1" 200 58715
172.22.2.4 - - [03/Feb/2024:22:09:46 -0500] "GET /BLA/boletinlegal/ HTTP/1.1" 200 60676
216.245.221.92 - - [03/Feb/2024:22:12:01 -0500] "HEAD / HTTP/1.1" 200 -
199.16.157.181 - - [03/Feb/2024:22:12:23 -0500] "GET /robots.txt HTTP/1.1" 404 1034
199.16.157.181 - - [03/Feb/2024:22:12:23 -0500] "GET /images/cronica-amanda-rodriguez-30-abril.jpg HTTP/1.1" 200 26304
199.16.157.181 - - [03/Feb/2024:22:12:23 -0500] "GET /robots.txt HTTP/1.1" 404 1034
199.16.157.181 - - [03/Feb/2024:22:12:23 -0500] "GET /images/cronica-amanda-rodriguez-30-abril.jpg HTTP/1.1" 200 26304
199.16.157.183 - - [03/Feb/2024:22:12:23 -0500] "GET /robots.txt HTTP/1.1" 404 1034
199.16.157.182 - - [03/Feb/2024:22:12:23 -0500] "GET /robots.txt HTTP/1.1" 404 1034
199.16.157.183 - - [03/Feb/2024:22:12:23 -0500] "GET /images/cronica-amanda-rodriguez-30-abril.jpg HTTP/1.1" 200 26304
199.16.157.182 - - [03/Feb/2024:22:12:23 -0500] "GET /una-mujer-que-trabaja-por-la-equidad-de-genero-y-la-proteccion-del-ambiente-asi-es-amanda-rodriguez.html HTTP/1.1" 200 935
199.16.157.181 - - [03/Feb/2024:22:12:24 -0500] "GET /robots.txt HTTP/1.1" 404 1034
199.16.157.181 - - [03/Feb/2024:22:12:24 -0500] "GET /images/cronica-amanda-rodriguez-30-abril.jpg HTTP/1.1" 200 26304
157.55.39.200 - - [03/Feb/2024:22:13:20 -0500] "GET /BLA/resoluciones/AUTOS%202021/4973.pdf HTTP/1.1" 304 -
201.245.192.253 - - [03/Feb/2024:22:13:20 -0500] "POST /kwsrmcab/Wsrmcab  HTTP/1.1" 200 37857
186.98.65.195 - - [03/Feb/2024:22:14:43 -0500] "GET /sipse/faces/javax.faces.resource/images/ui-bg_flat_0_2d5972_40x100.png?ln=primefaces-aristo HTTP/1.1" 304 -
186.98.65.195 - - [03/Feb/2024:22:14:43 -0500] "POST /sipse/faces/presentacion/sistema/reporte/ventanaVerReporteParametros.xhtml HTTP/1.1" 200 40459
186.98.65.195 - - [03/Feb/2024:22:14:43 -0500] "GET /sipse/faces/javax.faces.resource/jquery/jquery.js?ln=primefaces&v=4.0 HTTP/1.1" 304 -
186.98.65.195 - - [03/Feb/2024:22:14:43 -0500] "GET /sipse/faces/javax.faces.resource/jquery/jquery-plugins.js?ln=primefaces&v=4.0 HTTP/1.1" 304 -
186.98.65.195 - - [03/Feb/2024:22:14:43 -0500] "GET /sipse/faces/javax.faces.resource/primefaces.js?ln=primefaces&v=4.0 HTTP/1.1" 304 -
186.98.65.195 - - [03/Feb/2024:22:14:43 -0500] "GET /sipse/faces/javax.faces.resource/layout/layout.js?ln=primefaces&v=4.0 HTTP/1.1" 304 -
186.98.65.195 - - [03/Feb/2024:22:14:44 -0500] "POST /sipse/faces/presentacion/financiero/solicitudProceso/listarSolicitudProceso.xhtml HTTP/1.1" 200 1396
146.19.24.23 - - [03/Feb/2024:22:14:52 -0500] "GET / HTTP/1.1" 200 319
186.98.65.195 - - [03/Feb/2024:22:14:53 -0500] "POST /sipse/faces/presentacion/financiero/solicitudProceso/listarSolicitudProceso.xhtml HTTP/1.1" 200 31262
186.98.65.195 - - [03/Feb/2024:22:14:53 -0500] "POST /sipse/faces/presentacion/financiero/solicitudProceso/listarSolicitudProceso.xhtml HTTP/1.1" 200 43193
186.98.65.195 - - [03/Feb/2024:22:14:54 -0500] "POST /sipse/faces/presentacion/financiero/solicitudProceso/listarSolicitudProceso.xhtml HTTP/1.1" 200 45452
186.98.65.195 - - [03/Feb/2024:22:14:54 -0500] "POST /sipse/faces/presentacion/financiero/solicitudProceso/listarSolicitudProceso.xhtml HTTP/1.1" 200 43162
186.98.65.195 - - [03/Feb/2024:22:15:02 -0500] "POST /sipse/faces/presentacion/financiero/solicitudProceso/listarSolicitudProceso.xhtml HTTP/1.1" 200 31338
186.98.65.195 - - [03/Feb/2024:22:15:25 -0500] "POST /sipse/faces/presentacion/financiero/solicitudProceso/listarSolicitudProceso.xhtml HTTP/1.1" 200 151675
186.98.65.195 - - [03/Feb/2024:22:15:26 -0500] "GET /sipse/faces/javax.faces.resource/jquery/jquery.js?ln=primefaces&v=4.0 HTTP/1.1" 304 -
186.98.65.195 - - [03/Feb/2024:22:15:26 -0500] "GET /sipse/faces/javax.faces.resource/jquery/jquery-plugins.js?ln=primefaces&v=4.0 HTTP/1.1" 304 -
186.98.65.195 - - [03/Feb/2024:22:15:26 -0500] "GET /sipse/faces/javax.faces.resource/primefaces.js?ln=primefaces&v=4.0 HTTP/1.1" 304 -
186.98.65.195 - - [03/Feb/2024:22:15:26 -0500] "GET /sipse/faces/javax.faces.resource/layout/layout.js?ln=primefaces&v=4.0 HTTP/1.1" 304 -
186.98.65.195 - - [03/Feb/2024:22:15:30 -0500] "POST /sipse/faces/presentacion/financiero/solicitudProceso/consultarSolicitudProceso.xhtml HTTP/1.1" 200 5522
186.98.65.195 - - [03/Feb/2024:22:16:01 -0500] "GET /sipse/faces/javax.faces.resource/theme.css?ln=primefaces-sipse HTTP/1.1" 304 -
186.98.65.195 - - [03/Feb/2024:22:16:01 -0500] "GET /sipse/faces/javax.faces.resource/layout/layout.css?ln=primefaces&v=4.0 HTTP/1.1" 304 -
186.98.65.195 - - [03/Feb/2024:22:16:01 -0500] "GET /sipse/faces/javax.faces.resource/jquery/jquery.js?ln=primefaces&v=4.0 HTTP/1.1" 304 -
186.98.65.195 - - [03/Feb/2024:22:16:01 -0500] "GET /sipse/faces/javax.faces.resource/primefaces.css?ln=primefaces&v=4.0 HTTP/1.1" 304 -
186.98.65.195 - - [03/Feb/2024:22:16:01 -0500] "GET /sipse/faces/javax.faces.resource/primefaces.js?ln=primefaces&v=4.0 HTTP/1.1" 304 -
186.98.65.195 - - [03/Feb/2024:22:16:01 -0500] "GET /sipse/faces/javax.faces.resource/jquery/jquery-plugins.js?ln=primefaces&v=4.0 HTTP/1.1" 304 -
186.98.65.195 - - [03/Feb/2024:22:16:01 -0500] "POST /sipse/faces/presentacion/financiero/solicitudProceso/consultarSolicitudProceso.xhtml HTTP/1.1" 200 200089
186.98.65.195 - - [03/Feb/2024:22:16:01 -0500] "GET /sipse/faces/javax.faces.resource/layout/layout.js?ln=primefaces&v=4.0 HTTP/1.1" 304 -
186.98.65.195 - - [03/Feb/2024:22:16:01 -0500] "GET /sipse/faces/javax.faces.resource/images/ui-icons_898989_256x240.png?ln=primefaces-aristo HTTP/1.1" 304 -
186.98.65.195 - - [03/Feb/2024:22:16:04 -0500] "GET /sipse/faces/javax.faces.resource/images/ui-bg_flat_0_2d5972_40x100.png?ln=primefaces-aristo HTTP/1.1" 304 -
186.98.65.195 - - [03/Feb/2024:22:16:04 -0500] "POST /sipse/faces/presentacion/financiero/solicitudProceso/consultarSolicitudProceso.xhtml HTTP/1.1" 200 67472
186.98.65.195 - - [03/Feb/2024:22:16:06 -0500] "GET /sipse/faces/javax.faces.resource/jquery/jquery.js?ln=primefaces&v=4.0 HTTP/1.1" 304 -
186.98.65.195 - - [03/Feb/2024:22:16:07 -0500] "GET /sipse/faces/javax.faces.resource/jquery/jquery-plugins.js?ln=primefaces&v=4.0 HTTP/1.1" 304 -
186.98.65.195 - - [03/Feb/2024:22:16:07 -0500] "GET /sipse/faces/javax.faces.resource/primefaces.js?ln=primefaces&v=4.0 HTTP/1.1" 304 -
186.98.65.195 - - [03/Feb/2024:22:16:07 -0500] "GET /sipse/faces/javax.faces.resource/layout/layout.js?ln=primefaces&v=4.0 HTTP/1.1" 304 -
186.98.65.195 - - [03/Feb/2024:22:16:07 -0500] "GET /sipse/faces/javax.faces.resource/messages/messages.png?ln=primefaces&v=4.0 HTTP/1.1" 304 -
186.98.65.195 - - [03/Feb/2024:22:16:07 -0500] "POST /sipse/faces/presentacion/financiero/solicitudProceso/listarSolicitudProceso.xhtml HTTP/1.1" 200 1556
186.98.65.195 - - [03/Feb/2024:22:16:07 -0500] "POST /sipse/faces/presentacion/financiero/solicitudProceso/listarSolicitudProceso.xhtml HTTP/1.1" 200 1556
172.22.2.4 - - [03/Feb/2024:22:14:45 -0500] "HEAD /BLA/boletinlegal/ HTTP/1.1" 200 -
216.245.221.92 - - [03/Feb/2024:22:17:01 -0500] "HEAD / HTTP/1.1" 200 -
172.22.2.4 - - [03/Feb/2024:22:15:36 -0500] "GET /BLA/boletinlegal/ HTTP/1.1" 200 60676
201.245.192.253 - - [03/Feb/2024:22:18:19 -0500] "POST /kwsrmcab/Wsrmcab  HTTP/1.1" 200 37857
66.249.66.20 - - [03/Feb/2024:22:19:53 -0500] "GET /resoluciones/RESOLUCIONES%202010/2029.pdf HTTP/1.1" 404 1018
201.245.192.253 - - [03/Feb/2024:22:20:09 -0500] "POST /kwsrmcab/Wsrmcab HTTP/1.1" 200 40776
52.167.144.195 - - [03/Feb/2024:22:20:13 -0500] "GET /BLA/resoluciones/RESOLUCIONES%202021/2769.pdf HTTP/1.1" 304 -
201.245.192.253 - - [03/Feb/2024:22:20:13 -0500] "POST /kwsrmcab/Wsrmcab HTTP/1.1" 200 37171
201.245.192.253 - - [03/Feb/2024:22:20:18 -0500] "POST /kwsrmcab/Wsrmcab HTTP/1.1" 200 40492
201.245.192.253 - - [03/Feb/2024:22:21:22 -0500] "POST /kwsrmcab/Wsrmcab HTTP/1.1" 200 37171
216.244.66.195 - - [03/Feb/2024:22:21:46 -0500] "GET /BLA/resoluciones/AUTOS%202008/0357.pdf HTTP/1.1" 200 50979
216.244.66.195 - - [03/Feb/2024:22:21:51 -0500] "GET /BLA/resoluciones/AUTOS%202008/0642.pdf HTTP/1.1" 200 87045
216.245.221.92 - - [03/Feb/2024:22:22:01 -0500] "HEAD / HTTP/1.1" 200 -
216.244.66.195 - - [03/Feb/2024:22:22:04 -0500] "GET /BLA/resoluciones/AUTOS%202008/0744.pdf HTTP/1.1" 200 93588
216.244.66.195 - - [03/Feb/2024:22:22:13 -0500] "GET /BLA/resoluciones/AUTOS%202008/1246.pdf HTTP/1.1" 200 71641
172.22.2.4 - - [03/Feb/2024:22:20:35 -0500] "HEAD /BLA/boletinlegal/ HTTP/1.1" 200 -
216.244.66.195 - - [03/Feb/2024:22:22:20 -0500] "GET /BLA/resoluciones/AUTOS%202008/1334.pdf HTTP/1.1" 200 90379
216.244.66.195 - - [03/Feb/2024:22:22:27 -0500] "GET /BLA/resoluciones/AUTOS%202008/1670.pdf HTTP/1.1" 200 85897
216.244.66.195 - - [03/Feb/2024:22:22:34 -0500] "GET /BLA/resoluciones/AUTOS%202008/1808.pdf HTTP/1.1" 200 91558
216.244.66.195 - - [03/Feb/2024:22:22:40 -0500] "GET /BLA/resoluciones/AUTOS%202008/1870.pdf HTTP/1.1" 200 42035
216.244.66.195 - - [03/Feb/2024:22:22:44 -0500] "GET /BLA/resoluciones/AUTOS%202009/0668.pdf HTTP/1.1" 200 68216
216.244.66.195 - - [03/Feb/2024:22:22:48 -0500] "GET /BLA/resoluciones/AUTOS%202013/0017.pdf HTTP/1.1" 200 444578
172.22.2.4 - - [03/Feb/2024:22:21:26 -0500] "GET /BLA/boletinlegal/ HTTP/1.1" 200 60676
66.249.66.19 - - [03/Feb/2024:22:23:07 -0500] "GET /BLA/resoluciones/RESOLUCIONES%202010/3997.pdf HTTP/1.1" 200 401359
216.244.66.195 - - [03/Feb/2024:22:23:20 -0500] "GET /BLA/resoluciones/AUTOS%202013/0278.pdf HTTP/1.1" 200 2198721
201.245.192.253 - - [03/Feb/2024:22:23:18 -0500] "POST /kwsrmcab/Wsrmcab  HTTP/1.1" 200 37857
216.244.66.195 - - [03/Feb/2024:22:24:02 -0500] "GET /BLA/resoluciones/AUTOS%202013/0302.pdf HTTP/1.1" 200 1931831
216.244.66.195 - - [03/Feb/2024:22:24:51 -0500] "GET /BLA/resoluciones/AUTOS%202013/0716.pdf HTTP/1.1" 200 2135695
172.22.2.4 - - [03/Feb/2024:22:24:55 -0500] "GET /BLA/boletinlegal/Directivas/2016/Directiva%20No.%2003%20del%2026%20de%20Julio%20de%202016.pdf HTTP/1.1" 304 -
3.139.83.45 - - [03/Feb/2024:22:25:22 -0500] "GET /ai.txt?t=1707008674.025536 HTTP/1.1" 404 1018
3.139.83.45 - - [03/Feb/2024:22:25:23 -0500] "GET /.well-known/ai.txt?t=1707008674.025536 HTTP/1.1" 404 1018
216.244.66.195 - - [03/Feb/2024:22:25:33 -0500] "GET /BLA/resoluciones/AUTOS%202013/0819.pdf HTTP/1.1" 200 433410
216.244.66.195 - - [03/Feb/2024:22:26:05 -0500] "GET /BLA/resoluciones/AUTOS%202013/1415.pdf HTTP/1.1" 200 1739060
66.249.66.19 - - [03/Feb/2024:22:26:12 -0500] "GET /BLA/resoluciones/AUTOS%202009/0891.pdf HTTP/1.1" 200 121499
216.244.66.195 - - [03/Feb/2024:22:26:48 -0500] "GET /BLA/resoluciones/AUTOS%202013/1910.pdf HTTP/1.1" 200 426038
216.245.221.92 - - [03/Feb/2024:22:27:01 -0500] "HEAD / HTTP/1.1" 200 -
216.244.66.195 - - [03/Feb/2024:22:27:20 -0500] "GET /BLA/resoluciones/AUTOS%202013/2103.pdf HTTP/1.1" 200 715411
66.249.66.21 - - [03/Feb/2024:22:27:23 -0500] "GET /BLA/resoluciones/RESOLUCIONES%202013/2315.pdf HTTP/1.1" 200 688475
66.249.66.20 - - [03/Feb/2024:22:27:37 -0500] "GET /resoluciones/RESOLUCIONES%202009/1726.pdf HTTP/1.1" 404 1018
216.244.66.195 - - [03/Feb/2024:22:27:52 -0500] "GET /BLA/resoluciones/AUTOS%202013/2178.pdf HTTP/1.1" 200 1047822
172.22.2.4 - - [03/Feb/2024:22:26:25 -0500] "HEAD /BLA/boletinlegal/ HTTP/1.1" 200 -
172.22.2.4 - - [03/Feb/2024:22:26:32 -0500] "GET /BLA/boletinlegal/ HTTP/1.1" 200 48807
201.245.192.253 - - [03/Feb/2024:22:28:17 -0500] "POST /kwsrmcab/Wsrmcab  HTTP/1.1" 200 37857
216.244.66.195 - - [03/Feb/2024:22:28:21 -0500] "GET /BLA/resoluciones/AUTOS%202013/2554.pdf HTTP/1.1" 200 1993380
172.22.2.4 - - [03/Feb/2024:22:27:16 -0500] "GET /BLA/boletinlegal/ HTTP/1.1" 200 53883
216.244.66.195 - - [03/Feb/2024:22:29:01 -0500] "GET /BLA/resoluciones/AUTOS%202014/0127.pdf HTTP/1.1" 200 579376
216.244.66.195 - - [03/Feb/2024:22:29:33 -0500] "GET /BLA/resoluciones/AUTOS%202014/0236.pdf HTTP/1.1" 200 161344
216.244.66.195 - - [03/Feb/2024:22:30:02 -0500] "GET /BLA/resoluciones/AUTOS%202014/0543.pdf HTTP/1.1" 200 145695
201.245.192.253 - - [03/Feb/2024:22:30:09 -0500] "POST /kwsrmcab/Wsrmcab HTTP/1.1" 200 40776
201.245.192.253 - - [03/Feb/2024:22:30:12 -0500] "POST /kwsrmcab/Wsrmcab HTTP/1.1" 200 37171
201.245.192.253 - - [03/Feb/2024:22:30:17 -0500] "POST /kwsrmcab/Wsrmcab HTTP/1.1" 200 40492
216.244.66.195 - - [03/Feb/2024:22:30:30 -0500] "GET /BLA/resoluciones/AUTOS%202014/1362.pdf HTTP/1.1" 200 572468
66.249.66.21 - - [03/Feb/2024:22:30:44 -0500] "GET /BLA/resoluciones/RESOLUCIONES%202013/1901.pdf HTTP/1.1" 200 1283282
216.244.66.195 - - [03/Feb/2024:22:30:58 -0500] "GET /BLA/resoluciones/AUTOS%202014/2189.pdf HTTP/1.1" 200 629669
201.245.192.253 - - [03/Feb/2024:22:31:22 -0500] "POST /kwsrmcab/Wsrmcab HTTP/1.1" 200 37171
216.244.66.195 - - [03/Feb/2024:22:31:27 -0500] "GET /BLA/resoluciones/AUTOS%202015/0227.pdf HTTP/1.1" 200 1021388
216.245.221.92 - - [03/Feb/2024:22:32:01 -0500] "HEAD / HTTP/1.1" 200 -
216.244.66.195 - - [03/Feb/2024:22:32:07 -0500] "GET /BLA/resoluciones/AUTOS%202015/0337.pdf HTTP/1.1" 200 918595
207.46.13.116 - - [03/Feb/2024:22:32:22 -0500] "GET /BLA/boletinlegal/Circulares/2012/Circular%20No.%2011%20del%2027%20de%20Agosto%20de%202012.pdf HTTP/1.1" 200 526945
216.244.66.195 - - [03/Feb/2024:22:32:40 -0500] "GET /BLA/resoluciones/AUTOS%202015/0774.pdf HTTP/1.1" 200 664008
66.249.66.20 - - [03/Feb/2024:22:32:58 -0500] "GET /BLA/resoluciones/RESOLUCIONES%202009/6897.pdf HTTP/1.1" 200 339065
216.244.66.195 - - [03/Feb/2024:22:33:10 -0500] "GET /BLA/resoluciones/AUTOS%202015/0897.pdf HTTP/1.1" 200 501277
198.235.24.141 - - [03/Feb/2024:22:33:13 -0500] "GET / HTTP/1.0" 200 319
201.245.192.253 - - [03/Feb/2024:22:33:15 -0500] "POST /kwsrmcab/Wsrmcab  HTTP/1.1" 200 37857
216.244.66.195 - - [03/Feb/2024:22:33:39 -0500] "GET /BLA/resoluciones/AUTOS%202015/1141.pdf HTTP/1.1" 200 715623
172.22.2.4 - - [03/Feb/2024:22:32:15 -0500] "HEAD /BLA/boletinlegal/ HTTP/1.1" 200 -
216.244.66.195 - - [03/Feb/2024:22:34:07 -0500] "GET /BLA/resoluciones/AUTOS%202015/1166.pdf HTTP/1.1" 200 243415
216.244.66.195 - - [03/Feb/2024:22:34:33 -0500] "GET /BLA/resoluciones/AUTOS%202015/1243.pdf HTTP/1.1" 200 219815
172.22.2.4 - - [03/Feb/2024:22:33:06 -0500] "GET /BLA/boletinlegal/ HTTP/1.1" 200 53412
52.167.144.184 - - [03/Feb/2024:22:34:54 -0500] "GET /unidos-por-un-nuevo-aire-un-ano-de-pacto-del-compromiso-por-bogota.html HTTP/1.1" 200 764
216.244.66.195 - - [03/Feb/2024:22:34:58 -0500] "GET /BLA/resoluciones/AUTOS%202015/1379.pdf HTTP/1.1" 200 483283
216.244.66.195 - - [03/Feb/2024:22:35:23 -0500] "GET /BLA/resoluciones/AUTOS%202015/1544.pdf HTTP/1.1" 200 660057
172.22.2.4 - - [03/Feb/2024:22:33:50 -0500] "GET /BLA/boletinlegal/ HTTP/1.1" 200 57867
216.244.66.195 - - [03/Feb/2024:22:35:46 -0500] "GET /BLA/resoluciones/AUTOS%202015/1888.pdf HTTP/1.1" 200 921387
173.252.79.4 - - [03/Feb/2024:22:35:54 -0500] "GET /images/Rueda%20de%20prensa.jpeg HTTP/1.1" 200 58715
173.252.79.118 - - [03/Feb/2024:22:35:54 -0500] "GET /images/Rueda%20de%20prensa.jpeg HTTP/1.1" 200 58715
216.244.66.195 - - [03/Feb/2024:22:36:09 -0500] "GET /BLA/resoluciones/AUTOS%202015/2599.pdf HTTP/1.1" 200 512453
172.22.2.4 - - [03/Feb/2024:22:36:19 -0500] "GET /BLA/boletinlegal/robots.txt HTTP/1.1" 404 1038
172.22.2.4 - - [03/Feb/2024:22:36:30 -0500] "GET /BLA/boletinlegal/Circulares/2023/CIRCULAR%20No.%2000002%20DEL%2020%20DE%20FEBRERO%20DEL%202023.pdf HTTP/1.1" 200 333231
216.244.66.195 - - [03/Feb/2024:22:36:31 -0500] "GET /BLA/resoluciones/AUTOS%202015/2864.pdf HTTP/1.1" 200 781866
216.244.66.195 - - [03/Feb/2024:22:36:52 -0500] "GET /BLA/resoluciones/AUTOS%202015/3147.pdf HTTP/1.1" 200 776588
172.22.2.4 - - [03/Feb/2024:22:37:01 -0500] "GET /BLA/boletinlegal/Directivas/2011/Directiva%20No.%201%20del%205%20de%20Abril%20de%202011.pdf HTTP/1.1" 200 971292
216.245.221.92 - - [03/Feb/2024:22:37:01 -0500] "HEAD / HTTP/1.1" 200 -
216.244.66.195 - - [03/Feb/2024:22:37:12 -0500] "GET /BLA/resoluciones/AUTOS%202015/3558.pdf HTTP/1.1" 200 344942
216.244.66.195 - - [03/Feb/2024:22:37:30 -0500] "GET /BLA/resoluciones/AUTOS%202015/3760.pdf HTTP/1.1" 200 391797
172.22.2.4 - - [03/Feb/2024:22:37:30 -0500] "GET /BLA/boletinlegal/Circulares/2012/Circular%20No.%206%20del%2025%20de%20Mayo%20de%202012.pdf HTTP/1.1" 200 387391
216.244.66.195 - - [03/Feb/2024:22:37:48 -0500] "GET /BLA/resoluciones/AUTOS%202017/3915.pdf HTTP/1.1" 200 544712
172.22.2.4 - - [03/Feb/2024:22:37:53 -0500] "GET /BLA/boletinlegal/Circulares/2019/.pdf HTTP/1.1" 404 1218
172.22.2.4 - - [03/Feb/2024:22:37:59 -0500] "GET /BLA/boletinlegal/Circulares/024%09/CIRCULAR%20No.%2000002%20DEL%2031%20DE%20ENERO%20DEL%202024%09.pdf HTTP/1.1" 403 1026
172.22.2.4 - - [03/Feb/2024:22:38:03 -0500] "GET /BLA/boletinlegal/Circulares/024%09/CIRCULAR%20No.%2000002%20DEL%2031%20DE%20ENERO%20DEL%202024%09.pdf HTTP/1.1" 403 1026
172.22.2.4 - - [03/Feb/2024:22:38:06 -0500] "GET /BLA/boletinlegal/Circulares/024%09/CIRCULAR%20No.%2000002%20DEL%2031%20DE%20ENERO%20DEL%202024%09.pdf HTTP/1.1" 403 1026
172.22.2.4 - - [03/Feb/2024:22:38:08 -0500] "GET /BLA/boletinlegal/Circulares/024%09/CIRCULAR%20No.%2000002%20DEL%2031%20DE%20ENERO%20DEL%202024%09.pdf HTTP/1.1" 403 1026
216.244.66.195 - - [03/Feb/2024:22:38:10 -0500] "GET /BLA/resoluciones/AUTOS%202017/4004.pdf HTTP/1.1" 200 1560947
172.22.2.4 - - [03/Feb/2024:22:38:11 -0500] "GET /BLA/boletinlegal/Circulares/024%09/CIRCULAR%20No.%2000002%20DEL%2031%20DE%20ENERO%20DEL%202024%09.pdf HTTP/1.1" 403 1026
201.245.192.253 - - [03/Feb/2024:22:38:14 -0500] "POST /kwsrmcab/Wsrmcab  HTTP/1.1" 200 37857
173.252.107.4 - - [03/Feb/2024:22:38:19 -0500] "GET /andrea-murcia-la-creadora-del-primer-hogar-de-paso-para-perros-y-gatos-en-un-colegio.html HTTP/1.1" 200 973
173.252.107.118 - - [03/Feb/2024:22:38:20 -0500] "GET /images/cronica-mujer-31-enero.jpg HTTP/1.1" 200 29531
69.171.251.116 - - [03/Feb/2024:22:38:20 -0500] "GET /images/cronica-mujer-31-enero.jpg HTTP/1.1" 200 29531
216.244.66.195 - - [03/Feb/2024:22:38:28 -0500] "GET /BLA/resoluciones/AUTOS%202017/4057.pdf HTTP/1.1" 200 295303
216.244.66.195 - - [03/Feb/2024:22:38:43 -0500] "GET /BLA/resoluciones/AUTOS%202017/4061.pdf HTTP/1.1" 200 260947
172.22.2.4 - - [03/Feb/2024:22:38:45 -0500] "GET /BLA/boletinlegal/Circulares/2022/CIRCULAR%20No.%2000004%20DEL%2019%20DE%20MAYO%20DEL%202022.pdf HTTP/1.1" 200 252981
216.244.66.195 - - [03/Feb/2024:22:39:01 -0500] "GET /BLA/resoluciones/AUTOS%202017/4260.pdf HTTP/1.1" 200 842843
172.22.2.4 - - [03/Feb/2024:22:39:12 -0500] "GET /BLA/boletinlegal/Circulares/2019/Circular%20No.%200015%20del%2003%20de%20Octubre%20de%202019.pdf HTTP/1.1" 200 165608
216.244.66.195 - - [03/Feb/2024:22:39:15 -0500] "GET /BLA/resoluciones/AUTOS%202017/4634.pdf HTTP/1.1" 200 2630847
172.22.2.4 - - [03/Feb/2024:22:39:20 -0500] "GET /BLA/boletinlegal/Circulares/2019/Circular%20No.%200005%20del%2020%20de%20Marzo%20de%202019.pdf HTTP/1.1" 200 159877
195.201.87.181 - - [03/Feb/2024:22:39:42 -0500] "HEAD /Residuos/farmaceutica/files/guia_farmaceuticas.pdf HTTP/1.1" 200 -
74.125.210.197 - - [03/Feb/2024:22:39:42 -0500] "GET /Residuos/farmaceutica/files/guia_farmaceuticas.pdf HTTP/1.1" 200 11071842
216.244.66.195 - - [03/Feb/2024:22:39:43 -0500] "GET /BLA/resoluciones/AUTOS%202017/5040.pdf HTTP/1.1" 200 285312
172.22.2.4 - - [03/Feb/2024:22:38:05 -0500] "HEAD /BLA/boletinlegal/ HTTP/1.1" 200 -
216.244.66.195 - - [03/Feb/2024:22:40:08 -0500] "GET /BLA/resoluciones/AUTOS%202018/0381.pdf HTTP/1.1" 200 338202
172.22.2.4 - - [03/Feb/2024:22:40:10 -0500] "GET /BLA/boletinlegal/Circulares/2013/Circular%20No.%205%20del%2013%20de%20junio%20de%202013.pdf HTTP/1.1" 200 110904
201.245.192.253 - - [03/Feb/2024:22:40:09 -0500] "POST /kwsrmcab/Wsrmcab HTTP/1.1" 200 40776
201.245.192.253 - - [03/Feb/2024:22:40:13 -0500] "POST /kwsrmcab/Wsrmcab HTTP/1.1" 200 37171
201.245.192.253 - - [03/Feb/2024:22:40:17 -0500] "POST /kwsrmcab/Wsrmcab HTTP/1.1" 200 40492
216.244.66.195 - - [03/Feb/2024:22:40:35 -0500] "GET /BLA/resoluciones/AUTOS%202018/0562.PDF HTTP/1.1" 200 6516011
172.22.2.4 - - [03/Feb/2024:22:40:36 -0500] "GET /BLA/boletinlegal/Directivas/2017/Directiva%20No.%2001%20del%2017%20de%20Enero%20de%202017.pdf HTTP/1.1" 200 2804310
172.22.2.4 - - [03/Feb/2024:22:38:56 -0500] "GET /BLA/boletinlegal/ HTTP/1.1" 200 52377
216.244.66.195 - - [03/Feb/2024:22:41:15 -0500] "GET /BLA/resoluciones/AUTOS%202018/1443.pdf HTTP/1.1" 200 4501711
201.245.192.253 - - [03/Feb/2024:22:41:20 -0500] "POST /kwsrmcab/Wsrmcab HTTP/1.1" 200 37171
216.244.66.195 - - [03/Feb/2024:22:41:50 -0500] "GET /BLA/resoluciones/AUTOS%202018/1605.pdf HTTP/1.1" 200 774240
216.245.221.92 - - [03/Feb/2024:22:42:01 -0500] "HEAD / HTTP/1.1" 200 -
216.244.66.195 - - [03/Feb/2024:22:42:24 -0500] "GET /BLA/resoluciones/AUTOS%202018/2738.pdf HTTP/1.1" 200 263000
216.244.66.195 - - [03/Feb/2024:22:42:54 -0500] "GET /BLA/resoluciones/AUTOS%202018/2861.pdf HTTP/1.1" 200 2356148
201.245.192.253 - - [03/Feb/2024:22:43:12 -0500] "POST /kwsrmcab/Wsrmcab  HTTP/1.1" 200 37857
216.244.66.195 - - [03/Feb/2024:22:43:43 -0500] "GET /BLA/resoluciones/AUTOS%202018/3155.pdf HTTP/1.1" 200 518262
216.244.66.195 - - [03/Feb/2024:22:44:13 -0500] "GET /BLA/resoluciones/AUTOS%202018/3281.pdf HTTP/1.1" 200 348053
47.128.117.18 - - [03/Feb/2024:22:44:45 -0500] "GET /distrito-exalto-a-246-empresas-de-bogota-por-su-alto-desempeno-y-responsabilidad-ambiental-durante-2023.html HTTP/1.1" 200 1039
