!C99Shell v. 1.0 pre-release build #13!

Software: Apache. PHP/5.5.15 

uname -a: Windows NT SVR-DMZ 6.1 build 7600 (Windows Server 2008 R2 Enterprise Edition) i586 

SYSTEM 

Safe-mode: OFF (not secure)

E:\nuevo\apache\logs\   drwxrwxrwx
Free 5.02 GB of 239.26 GB (2.1%)
Detected drives: [ a ] [ c ] [ d ] [ e ] [ f ]
Home    Back    Forward    UPDIR    Refresh    Search    Buffer    Encoder    Tools    Proc.    FTP brute    Sec.    SQL    PHP-code    Update    Feedback    Self remove    Logout    


Viewing file:     access.2024.02.03.log (1.6 MB)      -rw-rw-rw-
Select action/file-type:
(+) | (+) | (+) | Code (+) | Session (+) | (+) | SDB (+) | (+) | (+) | (+) | (+) | (+) |
172.22.2.4 - - [02/Feb/2024:23:58:47 -0500] "GET /BLA/boletinlegal/ HTTP/1.1" 200 58303
201.245.192.253 - - [03/Feb/2024:00:00:53 -0500] "POST /kwsrmcab/Wsrmcab  HTTP/1.1" 200 37857
194.233.75.51 - - [03/Feb/2024:00:00:59 -0500] "GET /.env HTTP/1.1" 404 1018
194.233.75.51 - - [03/Feb/2024:00:00:59 -0500] "GET /Phpinfo/profiler HTTP/1.1" 404 1018
194.233.75.51 - - [03/Feb/2024:00:01:00 -0500] "POST / HTTP/1.1" 200 319
194.233.75.51 - - [03/Feb/2024:00:01:01 -0500] "GET /vendor/phpunit/phpunit/src/Util/PHP/eval-stdin.php HTTP/1.1" 404 1018
216.245.221.92 - - [03/Feb/2024:00:01:04 -0500] "HEAD / HTTP/1.1" 200 -
172.22.2.4 - - [03/Feb/2024:00:03:47 -0500] "HEAD /BLA/boletinlegal/ HTTP/1.1" 200 -
201.245.192.253 - - [03/Feb/2024:00:05:51 -0500] "POST /kwsrmcab/Wsrmcab  HTTP/1.1" 200 37857
216.245.221.92 - - [03/Feb/2024:00:06:04 -0500] "HEAD / HTTP/1.1" 200 -
172.22.2.4 - - [03/Feb/2024:00:04:38 -0500] "GET /BLA/boletinlegal/ HTTP/1.1" 200 58677
172.22.2.4 - - [03/Feb/2024:00:07:35 -0500] "GET /BLA/boletinlegal/index.php HTTP/1.1" 200 62698
52.167.144.212 - - [03/Feb/2024:00:09:52 -0500] "GET /Publicaciones/2024EE23985.pdf HTTP/1.1" 200 232130
66.249.66.21 - - [03/Feb/2024:00:10:41 -0500] "GET /BLA/resoluciones/RESOLUCIONES%202008/3167.pdf HTTP/1.1" 200 251574
201.245.192.253 - - [03/Feb/2024:00:10:50 -0500] "POST /kwsrmcab/Wsrmcab  HTTP/1.1" 200 37857
216.245.221.92 - - [03/Feb/2024:00:11:04 -0500] "HEAD / HTTP/1.1" 200 -
172.22.2.4 - - [03/Feb/2024:00:09:37 -0500] "HEAD /BLA/boletinlegal/ HTTP/1.1" 200 -
172.22.2.4 - - [03/Feb/2024:00:10:27 -0500] "GET /BLA/boletinlegal/ HTTP/1.1" 200 58303
201.245.192.253 - - [03/Feb/2024:00:15:48 -0500] "POST /kwsrmcab/Wsrmcab  HTTP/1.1" 200 37857
216.245.221.92 - - [03/Feb/2024:00:16:04 -0500] "HEAD / HTTP/1.1" 200 -
40.77.167.247 - - [03/Feb/2024:00:16:16 -0500] "GET /BLA/resoluciones/RESOLUCIONES%202022/3261.pdf HTTP/1.1" 304 -
172.22.2.4 - - [03/Feb/2024:00:15:27 -0500] "HEAD /BLA/boletinlegal/ HTTP/1.1" 200 -
173.252.83.118 - - [03/Feb/2024:00:17:50 -0500] "GET /images/mercados-campesinos-5-mayo.jpg HTTP/1.1" 200 95848
172.22.2.4 - - [03/Feb/2024:00:16:17 -0500] "GET /BLA/boletinlegal/ HTTP/1.1" 200 60676
201.245.192.253 - - [03/Feb/2024:00:19:13 -0500] "POST /kwsrmcab/Wsrmcab HTTP/1.1" 200 40530
201.245.192.253 - - [03/Feb/2024:00:19:17 -0500] "POST /kwsrmcab/Wsrmcab HTTP/1.1" 200 40046
201.245.192.253 - - [03/Feb/2024:00:19:20 -0500] "POST /kwsrmcab/Wsrmcab HTTP/1.1" 200 40516
40.77.167.247 - - [03/Feb/2024:00:20:03 -0500] "GET /Publicaciones/2024EE23989.pdf HTTP/1.1" 200 232231
201.245.192.253 - - [03/Feb/2024:00:20:31 -0500] "POST /kwsrmcab/Wsrmcab HTTP/1.1" 200 40046
66.249.66.19 - - [03/Feb/2024:00:20:37 -0500] "GET /BLA/resoluciones/RESOLUCIONES%202009/4572.pdf HTTP/1.1" 200 146244
201.245.192.253 - - [03/Feb/2024:00:20:47 -0500] "POST /kwsrmcab/Wsrmcab  HTTP/1.1" 200 37857
216.245.221.92 - - [03/Feb/2024:00:21:04 -0500] "HEAD / HTTP/1.1" 200 -
205.210.31.247 - - [03/Feb/2024:00:21:16 -0500] "GET / HTTP/1.0" 200 319
172.22.2.4 - - [03/Feb/2024:00:21:17 -0500] "HEAD /BLA/boletinlegal/ HTTP/1.1" 200 -
216.244.66.195 - - [03/Feb/2024:00:23:17 -0500] "GET /robots.txt HTTP/1.1" 404 1018
172.22.2.4 - - [03/Feb/2024:00:22:07 -0500] "GET /BLA/boletinlegal/ HTTP/1.1" 200 59561
173.252.107.6 - - [03/Feb/2024:00:24:26 -0500] "GET /dos-guacamayas-fueron-entregadas-en-bogota.html HTTP/1.1" 200 742
173.252.107.116 - - [03/Feb/2024:00:24:26 -0500] "GET /dos-guacamayas-fueron-entregadas-en-bogota.html HTTP/1.1" 200 742
66.249.66.19 - - [03/Feb/2024:00:24:30 -0500] "GET /BLA/jurisprudencia/sentencias/5283531030012000-00005-01%20[16-05-2011][1].pdf HTTP/1.1" 404 1018
201.245.192.253 - - [03/Feb/2024:00:25:46 -0500] "POST /kwsrmcab/Wsrmcab  HTTP/1.1" 200 37857
216.245.221.92 - - [03/Feb/2024:00:26:04 -0500] "HEAD / HTTP/1.1" 200 -
52.167.144.145 - - [03/Feb/2024:00:26:36 -0500] "GET /BLA/boletinlegal/index.php HTTP/1.1" 200 54507
52.167.144.171 - - [03/Feb/2024:00:28:23 -0500] "GET /Publicaciones/2024EE23986.pdf HTTP/1.1" 200 232172
172.22.2.4 - - [03/Feb/2024:00:27:07 -0500] "HEAD /BLA/boletinlegal/ HTTP/1.1" 200 -
201.245.192.253 - - [03/Feb/2024:00:29:13 -0500] "POST /kwsrmcab/Wsrmcab HTTP/1.1" 200 40530
201.245.192.253 - - [03/Feb/2024:00:29:16 -0500] "POST /kwsrmcab/Wsrmcab HTTP/1.1" 200 40046
201.245.192.253 - - [03/Feb/2024:00:29:20 -0500] "POST /kwsrmcab/Wsrmcab HTTP/1.1" 200 40516
52.167.144.171 - - [03/Feb/2024:00:29:35 -0500] "GET /Publicaciones/2024EE23929.pdf HTTP/1.1" 200 335805
172.22.2.4 - - [03/Feb/2024:00:27:57 -0500] "GET /BLA/boletinlegal/ HTTP/1.1" 200 57079
201.245.192.253 - - [03/Feb/2024:00:30:31 -0500] "POST /kwsrmcab/Wsrmcab HTTP/1.1" 200 40046
201.245.192.253 - - [03/Feb/2024:00:30:44 -0500] "POST /kwsrmcab/Wsrmcab  HTTP/1.1" 200 37857
216.245.221.92 - - [03/Feb/2024:00:31:04 -0500] "HEAD / HTTP/1.1" 200 -
172.22.2.4 - - [03/Feb/2024:00:31:50 -0500] "GET /BLA/boletinlegal/ HTTP/1.1" 200 20427
172.22.2.4 - - [03/Feb/2024:00:32:57 -0500] "HEAD /BLA/boletinlegal/ HTTP/1.1" 200 -
66.249.66.19 - - [03/Feb/2024:00:34:40 -0500] "GET /resoluciones/AUTOS%202007/3945.pdf HTTP/1.1" 404 1018
172.22.2.4 - - [03/Feb/2024:00:33:47 -0500] "GET /BLA/boletinlegal/ HTTP/1.1" 200 58303
201.245.192.253 - - [03/Feb/2024:00:35:43 -0500] "POST /kwsrmcab/Wsrmcab  HTTP/1.1" 200 37857
216.245.221.92 - - [03/Feb/2024:00:36:04 -0500] "HEAD / HTTP/1.1" 200 -
207.46.13.168 - - [03/Feb/2024:00:36:17 -0500] "GET /Publicaciones/2024EE23987.pdf HTTP/1.1" 200 232099
66.249.66.21 - - [03/Feb/2024:00:37:16 -0500] "GET /BLA/resoluciones/AUTOS%202021/5320.pdf HTTP/1.1" 200 478559
207.46.13.168 - - [03/Feb/2024:00:37:27 -0500] "GET /Publicaciones/2024EE23982.pdf HTTP/1.1" 200 232134
66.249.66.21 - - [03/Feb/2024:00:38:33 -0500] "GET /BLA/resoluciones/RESOLUCIONES%202009/6975.pdf HTTP/1.1" 200 553271
66.249.66.20 - - [03/Feb/2024:00:38:43 -0500] "GET /BLA/resoluciones/RESOLUCIONES%202009/3452.pdf HTTP/1.1" 200 645303
201.245.192.253 - - [03/Feb/2024:00:39:13 -0500] "POST /kwsrmcab/Wsrmcab HTTP/1.1" 200 40530
201.245.192.253 - - [03/Feb/2024:00:39:17 -0500] "POST /kwsrmcab/Wsrmcab HTTP/1.1" 200 40046
201.245.192.253 - - [03/Feb/2024:00:39:20 -0500] "POST /kwsrmcab/Wsrmcab HTTP/1.1" 200 40516
200.118.60.70 - - [03/Feb/2024:00:39:32 -0500] "GET /galeria/galeria/jquery.fancybox.css?v=2.1.5 HTTP/1.1" 200 4895
200.118.60.70 - - [03/Feb/2024:00:39:39 -0500] "GET /sipse/faces/index.xhtml HTTP/1.1" 200 677
200.118.60.70 - - [03/Feb/2024:00:39:39 -0500] "GET /sipse/faces/javax.faces.resource/theme.css?ln=primefaces-sipse HTTP/1.1" 200 50058
200.118.60.70 - - [03/Feb/2024:00:39:39 -0500] "GET /favicon.ico HTTP/1.1" 200 7782
200.118.60.70 - - [03/Feb/2024:00:39:42 -0500] "GET /sipse/faces/faces/autenticacion.xhtml HTTP/1.1" 200 12404
200.118.60.70 - - [03/Feb/2024:00:39:42 -0500] "GET /sipse/js/disable_browser_buttons.js HTTP/1.1" 200 3230
200.118.60.70 - - [03/Feb/2024:00:39:42 -0500] "GET /sipse/js/funciones.js HTTP/1.1" 200 12592
200.118.60.70 - - [03/Feb/2024:00:39:42 -0500] "GET /sipse/css/custom_css_sg_prime_login.css HTTP/1.1" 200 443
200.118.60.70 - - [03/Feb/2024:00:39:42 -0500] "GET /sipse/css/custom_css_sg.css HTTP/1.1" 200 9694
200.118.60.70 - - [03/Feb/2024:00:39:43 -0500] "GET /sipse/faces/javax.faces.resource/theme.css?ln=primefaces-sipse HTTP/1.1" 304 -
200.118.60.70 - - [03/Feb/2024:00:39:43 -0500] "GET /sipse/faces/javax.faces.resource/layout/layout.css?ln=primefaces&v=4.0 HTTP/1.1" 200 542
200.118.60.70 - - [03/Feb/2024:00:39:43 -0500] "GET /sipse/faces/javax.faces.resource/primefaces.css?ln=primefaces&v=4.0 HTTP/1.1" 200 53295
200.118.60.70 - - [03/Feb/2024:00:39:43 -0500] "GET /sipse/faces/javax.faces.resource/jquery/jquery.js?ln=primefaces&v=4.0 HTTP/1.1" 200 105384
200.118.60.70 - - [03/Feb/2024:00:39:43 -0500] "GET /sipse/faces/javax.faces.resource/layout/layout.js?ln=primefaces&v=4.0 HTTP/1.1" 200 87560
200.118.60.70 - - [03/Feb/2024:00:39:43 -0500] "GET /sipse/faces/javax.faces.resource/primefaces.js?ln=primefaces&v=4.0 HTTP/1.1" 200 276924
200.118.60.70 - - [03/Feb/2024:00:39:43 -0500] "GET /sipse/faces/javax.faces.resource/jquery/jquery-plugins.js?ln=primefaces&v=4.0 HTTP/1.1" 200 220526
200.118.60.70 - - [03/Feb/2024:00:39:43 -0500] "GET /sipse/faces/javax.faces.resource/images/ui-icons_898989_256x240.png?ln=primefaces-aristo HTTP/1.1" 200 5355
200.118.60.70 - - [03/Feb/2024:00:39:43 -0500] "GET /sipse/css/imagen/logoSDG.png HTTP/1.1" 200 53064
200.118.60.70 - - [03/Feb/2024:00:39:43 -0500] "GET /sipse/css/imagen/loginimg.png HTTP/1.1" 200 71635
200.118.60.70 - - [03/Feb/2024:00:39:43 -0500] "GET /sipse/faces/faces/index.xhtml HTTP/1.1" 200 677
200.118.60.70 - - [03/Feb/2024:00:39:43 -0500] "GET /sipse/faces/javax.faces.resource/theme.css?ln=primefaces-sipse HTTP/1.1" 304 -
200.118.60.70 - - [03/Feb/2024:00:39:44 -0500] "GET /sipse/faces/faces/faces/autenticacion.xhtml HTTP/1.1" 200 12404
200.118.60.70 - - [03/Feb/2024:00:39:44 -0500] "GET /sipse/faces/javax.faces.resource/theme.css?ln=primefaces-sipse HTTP/1.1" 304 -
200.118.60.70 - - [03/Feb/2024:00:39:44 -0500] "GET /sipse/faces/javax.faces.resource/primefaces.css?ln=primefaces&v=4.0 HTTP/1.1" 304 -
200.118.60.70 - - [03/Feb/2024:00:39:44 -0500] "GET /sipse/faces/javax.faces.resource/layout/layout.css?ln=primefaces&v=4.0 HTTP/1.1" 304 -
200.118.60.70 - - [03/Feb/2024:00:39:44 -0500] "GET /sipse/faces/javax.faces.resource/jquery/jquery-plugins.js?ln=primefaces&v=4.0 HTTP/1.1" 304 -
200.118.60.70 - - [03/Feb/2024:00:39:44 -0500] "GET /sipse/faces/javax.faces.resource/jquery/jquery.js?ln=primefaces&v=4.0 HTTP/1.1" 304 -
200.118.60.70 - - [03/Feb/2024:00:39:44 -0500] "GET /sipse/faces/javax.faces.resource/layout/layout.js?ln=primefaces&v=4.0 HTTP/1.1" 304 -
200.118.60.70 - - [03/Feb/2024:00:39:44 -0500] "GET /sipse/faces/javax.faces.resource/primefaces.js?ln=primefaces&v=4.0 HTTP/1.1" 304 -
207.46.13.168 - - [03/Feb/2024:00:39:58 -0500] "GET /Publicaciones/2023EE207304.pdf HTTP/1.1" 404 228
207.46.13.168 - - [03/Feb/2024:00:39:58 -0500] "GET /sipse/faces/presentacion/sistema/anexos/cargarAnexoSolicitudProceso.xhtml HTTP/1.1" 302 -
207.46.13.168 - - [03/Feb/2024:00:40:00 -0500] "GET /sipse/faces/autenticacion.xhtml HTTP/1.1" 200 12404
66.249.66.20 - - [03/Feb/2024:00:40:15 -0500] "GET /BLA/resoluciones/RESOLUCIONES%202009/7425.pdf HTTP/1.1" 200 495513
172.22.2.4 - - [03/Feb/2024:00:38:47 -0500] "HEAD /BLA/boletinlegal/ HTTP/1.1" 200 -
201.245.192.253 - - [03/Feb/2024:00:40:31 -0500] "POST /kwsrmcab/Wsrmcab HTTP/1.1" 200 40046
201.245.192.253 - - [03/Feb/2024:00:40:41 -0500] "POST /kwsrmcab/Wsrmcab  HTTP/1.1" 200 37857
216.245.221.92 - - [03/Feb/2024:00:41:04 -0500] "HEAD / HTTP/1.1" 200 -
172.22.2.4 - - [03/Feb/2024:00:39:38 -0500] "GET /BLA/boletinlegal/ HTTP/1.1" 200 58677
66.249.66.38 - - [03/Feb/2024:00:41:30 -0500] "GET /participa-en-la-cuarta-convocatoria-de-sembradoras-por-la-reactivaccion.html HTTP/1.1" 200 757
181.78.209.203 - - [03/Feb/2024:00:41:54 -0500] "-" 408 -
172.22.2.4 - - [03/Feb/2024:00:41:36 -0500] "GET /BLA/boletinlegal/ HTTP/1.1" 200 32715
173.252.107.116 - - [03/Feb/2024:00:43:40 -0500] "GET /pagos-por-servicios-ambientales-y-acuerdos-de-conservacion-estrategias-para-proteger-areas-de-importancia-ambiental.html HTTP/1.1" 200 893
216.244.66.195 - - [03/Feb/2024:00:45:38 -0500] "GET /BLA/resoluciones/AUTOS%202020/2822.pdf HTTP/1.1" 200 373580
201.245.192.253 - - [03/Feb/2024:00:45:40 -0500] "POST /kwsrmcab/Wsrmcab  HTTP/1.1" 200 37857
216.244.66.195 - - [03/Feb/2024:00:45:59 -0500] "GET /BLA/resoluciones/AUTOS%202020/3144.pdf HTTP/1.1" 200 357062
216.245.221.92 - - [03/Feb/2024:00:46:04 -0500] "HEAD / HTTP/1.1" 200 -
216.244.66.195 - - [03/Feb/2024:00:46:16 -0500] "GET /BLA/resoluciones/AUTOS%202020/3146.pdf HTTP/1.1" 200 370962
172.22.2.4 - - [03/Feb/2024:00:44:37 -0500] "HEAD /BLA/boletinlegal/ HTTP/1.1" 200 -
40.77.167.27 - - [03/Feb/2024:00:46:25 -0500] "GET /Publicaciones/2024EE23938.pdf HTTP/1.1" 200 4951468
216.244.66.195 - - [03/Feb/2024:00:46:32 -0500] "GET /BLA/resoluciones/AUTOS%202020/3464.pdf HTTP/1.1" 200 367375
173.252.107.6 - - [03/Feb/2024:00:46:46 -0500] "GET /serrania-el-zuque-de-cantera-en-los-anos-60-a-espacio-de-restauracion-ambiental-y-mitigacion-del-riesgo.html HTTP/1.1" 200 841
216.244.66.195 - - [03/Feb/2024:00:46:47 -0500] "GET /BLA/resoluciones/AUTOS%202020/3961.pdf HTTP/1.1" 200 422718
216.244.66.195 - - [03/Feb/2024:00:47:01 -0500] "GET /BLA/resoluciones/AUTOS%202020/4628.pdf HTTP/1.1" 200 348634
172.22.2.4 - - [03/Feb/2024:00:45:27 -0500] "GET /BLA/boletinlegal/ HTTP/1.1" 200 60676
52.167.144.190 - - [03/Feb/2024:00:47:47 -0500] "GET /BLA/resoluciones/AUTOS%202023/5581.pdf HTTP/1.1" 200 418037
66.249.66.20 - - [03/Feb/2024:00:48:05 -0500] "GET /BLA/resoluciones/RESOLUCIONES%202009/2018.pdf HTTP/1.1" 200 666487
66.249.66.20 - - [03/Feb/2024:00:48:09 -0500] "GET /BLA/resoluciones/RESOLUCIONES%202011/4308.pdf HTTP/1.1" 200 165747
52.167.144.238 - - [03/Feb/2024:00:50:08 -0500] "GET /BLA/resoluciones/AUTOS%202021/5115.pdf HTTP/1.1" 304 -
201.245.192.253 - - [03/Feb/2024:00:50:39 -0500] "POST /kwsrmcab/Wsrmcab  HTTP/1.1" 200 37857
216.245.221.92 - - [03/Feb/2024:00:51:04 -0500] "HEAD / HTTP/1.1" 200 -
181.189.24.160 - - [03/Feb/2024:00:51:07 -0500] "GET /appsia/controlador HTTP/1.1" 200 4799
181.189.24.160 - - [03/Feb/2024:00:51:10 -0500] "GET /appsia/css/estilos.css HTTP/1.1" 200 4804
181.189.24.160 - - [03/Feb/2024:00:51:10 -0500] "GET /appsia/scripts/validarIngreso.js HTTP/1.1" 200 851
181.189.24.160 - - [03/Feb/2024:00:51:10 -0500] "GET /appsia/images/logo_bogota_p.png HTTP/1.1" 200 14951
181.189.24.160 - - [03/Feb/2024:00:51:10 -0500] "GET /appsia/images/cabezoteHojaVida.png HTTP/1.1" 200 32493
181.189.24.160 - - [03/Feb/2024:00:51:19 -0500] "POST /appsia/controlador HTTP/1.1" 200 5437
181.189.24.160 - - [03/Feb/2024:00:51:21 -0500] "POST /appsia/controlador HTTP/1.1" 200 7777
40.77.167.22 - - [03/Feb/2024:00:51:22 -0500] "GET /Publicaciones/2024EE23000.pdf HTTP/1.1" 200 3287414
181.189.24.160 - - [03/Feb/2024:00:51:28 -0500] "POST /appsia/controlador HTTP/1.1" 200 6642
181.189.24.160 - - [03/Feb/2024:00:51:31 -0500] "POST /appsia/controlador HTTP/1.1" 200 11354
181.189.24.160 - - [03/Feb/2024:00:51:54 -0500] "POST /appsia/controlador HTTP/1.1" 200 75976
172.22.2.4 - - [03/Feb/2024:00:50:27 -0500] "HEAD /BLA/boletinlegal/ HTTP/1.1" 200 -
66.249.66.19 - - [03/Feb/2024:00:52:10 -0500] "GET /BLA/resoluciones/RESOLUCIONES%202010/5857.pdf HTTP/1.1" 200 166036
172.22.2.4 - - [03/Feb/2024:00:51:17 -0500] "GET /BLA/boletinlegal/ HTTP/1.1" 200 61040
94.102.61.80 - - [03/Feb/2024:00:54:38 -0500] "GET / HTTP/1.1" 200 319
5.188.87.39 - - [03/Feb/2024:00:55:12 -0500] "GET /wp-login.php HTTP/1.1" 404 1018
201.245.192.253 - - [03/Feb/2024:00:55:37 -0500] "POST /kwsrmcab/Wsrmcab  HTTP/1.1" 200 37857
216.245.221.92 - - [03/Feb/2024:00:56:03 -0500] "HEAD / HTTP/1.1" 200 -
172.22.2.4 - - [03/Feb/2024:00:56:17 -0500] "HEAD /BLA/boletinlegal/ HTTP/1.1" 200 -
172.22.2.4 - - [03/Feb/2024:00:57:07 -0500] "GET /BLA/boletinlegal/ HTTP/1.1" 200 60676
201.245.192.253 - - [03/Feb/2024:01:00:37 -0500] "POST /kwsrmcab/Wsrmcab  HTTP/1.1" 200 37857
216.244.66.195 - - [03/Feb/2024:01:00:55 -0500] "GET /BLA/resoluciones/AUTOS%202017/5254.pdf HTTP/1.1" 200 499538
216.245.221.92 - - [03/Feb/2024:01:01:03 -0500] "HEAD / HTTP/1.1" 200 -
216.244.66.195 - - [03/Feb/2024:01:01:14 -0500] "GET /BLA/resoluciones/AUTOS%202018/0577.pdf HTTP/1.1" 200 281885
216.244.66.195 - - [03/Feb/2024:01:01:36 -0500] "GET /BLA/resoluciones/AUTOS%202018/3503.pdf HTTP/1.1" 200 333654
172.22.2.4 - - [03/Feb/2024:01:02:07 -0500] "HEAD /BLA/boletinlegal/ HTTP/1.1" 200 -
172.22.2.4 - - [03/Feb/2024:01:02:57 -0500] "GET /BLA/boletinlegal/ HTTP/1.1" 200 61040
162.55.37.148 - - [03/Feb/2024:01:04:45 -0500] "GET / HTTP/1.1" 200 4720
66.249.66.19 - - [03/Feb/2024:01:05:05 -0500] "GET /BLA/resoluciones/RESOLUCIONES%202011/5977.pdf HTTP/1.1" 200 289299
34.140.130.61 - - [03/Feb/2024:01:05:19 -0500] "GET / HTTP/1.1" 200 319
201.245.192.253 - - [03/Feb/2024:01:05:35 -0500] "POST /kwsrmcab/Wsrmcab  HTTP/1.1" 200 37857
216.245.221.92 - - [03/Feb/2024:01:06:03 -0500] "HEAD / HTTP/1.1" 200 -
66.249.66.20 - - [03/Feb/2024:01:09:13 -0500] "GET /portel_dama/libreria/php/2006/ECOSISTEMAS%20FINAL%20web_mz27/xxx%20humedales/sitio/22_pol/xtras/1.pdf HTTP/1.1" 404 1018
66.249.66.20 - - [03/Feb/2024:01:09:28 -0500] "GET /resoluciones/RESOLUCIONES%202008/2956.pdf HTTP/1.1" 404 1018
172.22.2.4 - - [03/Feb/2024:01:07:57 -0500] "HEAD /BLA/boletinlegal/ HTTP/1.1" 200 -
66.249.66.20 - - [03/Feb/2024:01:10:19 -0500] "GET /BLA/resoluciones/RESOLUCIONES%202019/3918.pdf HTTP/1.1" 200 258617
172.22.2.4 - - [03/Feb/2024:01:08:47 -0500] "GET /BLA/boletinlegal/ HTTP/1.1" 200 58677
201.245.192.253 - - [03/Feb/2024:01:10:33 -0500] "POST /kwsrmcab/Wsrmcab  HTTP/1.1" 200 37857
66.249.66.19 - - [03/Feb/2024:01:10:39 -0500] "GET /BLA/resoluciones/RESOLUCIONES%202009/6513.pdf HTTP/1.1" 200 429411
66.249.66.21 - - [03/Feb/2024:01:10:41 -0500] "GET /BLA/resoluciones/RESOLUCIONES%202009/5099.pdf HTTP/1.1" 200 488257
216.245.221.92 - - [03/Feb/2024:01:11:03 -0500] "HEAD / HTTP/1.1" 200 -
66.249.66.19 - - [03/Feb/2024:01:11:44 -0500] "GET /BLA/resoluciones/RESOLUCIONES%202013/2091.pdf HTTP/1.1" 200 529441
146.19.24.23 - - [03/Feb/2024:01:12:34 -0500] "GET / HTTP/1.1" 200 319
66.249.66.19 - - [03/Feb/2024:01:14:01 -0500] "GET /BLA/resoluciones/AUTOS%202010/4610.pdf HTTP/1.1" 200 254608
172.22.2.4 - - [03/Feb/2024:01:13:47 -0500] "HEAD /BLA/boletinlegal/ HTTP/1.1" 200 -
201.245.192.253 - - [03/Feb/2024:01:15:32 -0500] "POST /kwsrmcab/Wsrmcab  HTTP/1.1" 200 37857
66.220.149.2 - - [03/Feb/2024:01:15:50 -0500] "GET /images/Caminatas%20(1)%20(2).jpeg HTTP/1.1" 200 81411
182.42.111.213 - - [03/Feb/2024:01:16:02 -0500] "GET / HTTP/1.1" 200 319
216.245.221.92 - - [03/Feb/2024:01:16:03 -0500] "HEAD / HTTP/1.1" 200 -
172.22.2.4 - - [03/Feb/2024:01:14:37 -0500] "GET /BLA/boletinlegal/ HTTP/1.1" 200 58303
216.244.66.195 - - [03/Feb/2024:01:18:02 -0500] "GET /robots.txt HTTP/1.1" 404 1018
69.171.249.1 - - [03/Feb/2024:01:18:42 -0500] "GET /mas-de-60-personas-privadas-de-la-libertad-se-certificaron-como-dinamizadores-ambientales.html HTTP/1.1" 200 951
201.245.192.253 - - [03/Feb/2024:01:19:12 -0500] "POST /kwsrmcab/Wsrmcab HTTP/1.1" 200 40544
201.245.192.253 - - [03/Feb/2024:01:19:16 -0500] "POST /kwsrmcab/Wsrmcab HTTP/1.1" 200 40034
201.245.192.253 - - [03/Feb/2024:01:19:20 -0500] "POST /kwsrmcab/Wsrmcab HTTP/1.1" 200 40370
201.245.192.253 - - [03/Feb/2024:01:20:28 -0500] "POST /kwsrmcab/Wsrmcab HTTP/1.1" 200 40034
201.245.192.253 - - [03/Feb/2024:01:20:32 -0500] "POST /kwsrmcab/Wsrmcab  HTTP/1.1" 200 37857
216.245.221.92 - - [03/Feb/2024:01:21:03 -0500] "HEAD / HTTP/1.1" 200 -
172.22.2.4 - - [03/Feb/2024:01:19:37 -0500] "HEAD /BLA/boletinlegal/ HTTP/1.1" 200 -
172.22.2.4 - - [03/Feb/2024:01:20:27 -0500] "GET /BLA/boletinlegal/ HTTP/1.1" 200 58677
66.249.66.21 - - [03/Feb/2024:01:22:48 -0500] "GET /BLA/resoluciones/RESOLUCIONES%202010/6746.pdf HTTP/1.1" 200 340713
207.46.13.17 - - [03/Feb/2024:01:22:52 -0500] "GET /Publicaciones/2024EE23562.pdf HTTP/1.1" 200 325474
66.249.66.20 - - [03/Feb/2024:01:23:13 -0500] "GET /Publicaciones/2024EE14793.pdf HTTP/1.1" 404 227
207.46.13.17 - - [03/Feb/2024:01:23:25 -0500] "GET /BLA/resoluciones/AUTOS%202022/6518.pdf HTTP/1.1" 304 -
201.245.192.253 - - [03/Feb/2024:01:25:31 -0500] "POST /kwsrmcab/Wsrmcab  HTTP/1.1" 200 37857
31.13.115.113 - - [03/Feb/2024:01:25:41 -0500] "GET /alcalde-mayor-recorrio-zona-del-parque-entrenubes-afectada-por-incendio-forestal.html HTTP/1.1" 200 922
31.13.115.2 - - [03/Feb/2024:01:25:41 -0500] "GET /alcalde-mayor-recorrio-zona-del-parque-entrenubes-afectada-por-incendio-forestal.html HTTP/1.1" 200 922
31.13.115.5 - - [03/Feb/2024:01:25:41 -0500] "GET /alcalde-mayor-recorrio-zona-del-parque-entrenubes-afectada-por-incendio-forestal.html HTTP/1.1" 200 922
216.245.221.92 - - [03/Feb/2024:01:26:03 -0500] "HEAD / HTTP/1.1" 200 -
172.22.2.4 - - [03/Feb/2024:01:25:26 -0500] "HEAD /BLA/boletinlegal/ HTTP/1.1" 200 -
172.22.2.4 - - [03/Feb/2024:01:26:17 -0500] "GET /BLA/boletinlegal/ HTTP/1.1" 200 58677
201.245.192.253 - - [03/Feb/2024:01:29:13 -0500] "POST /kwsrmcab/Wsrmcab HTTP/1.1" 200 40544
66.249.66.21 - - [03/Feb/2024:01:29:19 -0500] "GET /BLA/resoluciones/RESOLUCIONES%202009/4759.pdf HTTP/1.1" 200 604855
201.245.192.253 - - [03/Feb/2024:01:29:17 -0500] "POST /kwsrmcab/Wsrmcab HTTP/1.1" 200 40034
66.249.66.19 - - [03/Feb/2024:01:29:20 -0500] "GET /BLA/resoluciones/AUTOS%202018/2857.pdf HTTP/1.1" 200 2378566
66.249.66.19 - - [03/Feb/2024:01:29:22 -0500] "GET /BLA/resoluciones/RESOLUCIONES%202018/4329.pdf HTTP/1.1" 200 434588
201.245.192.253 - - [03/Feb/2024:01:29:20 -0500] "POST /kwsrmcab/Wsrmcab HTTP/1.1" 200 40370
66.249.66.19 - - [03/Feb/2024:01:29:24 -0500] "GET /Publicaciones/2024EE17640.pdf HTTP/1.1" 304 -
201.245.192.253 - - [03/Feb/2024:01:30:30 -0500] "POST /kwsrmcab/Wsrmcab  HTTP/1.1" 200 37857
201.245.192.253 - - [03/Feb/2024:01:30:33 -0500] "GET /kwsrmcab/Wsrmcab?wsdl HTTP/1.1" 200 6948
201.245.192.253 - - [03/Feb/2024:01:30:33 -0500] "POST /kwsrmcab/Wsrmcab HTTP/1.1" 200 40034
152.61.128.50 - - [03/Feb/2024:01:31:00 -0500] "GET / HTTP/1.1" 200 319
216.245.221.92 - - [03/Feb/2024:01:31:03 -0500] "HEAD / HTTP/1.1" 200 -
66.249.66.20 - - [03/Feb/2024:01:31:14 -0500] "GET /BLA/resoluciones/Notificaciones/RESOLUCIONES%202023/0388.pdf HTTP/1.1" 304 -
172.22.2.4 - - [03/Feb/2024:01:31:17 -0500] "HEAD /BLA/boletinlegal/ HTTP/1.1" 200 -
172.22.2.4 - - [03/Feb/2024:01:32:07 -0500] "GET /BLA/boletinlegal/ HTTP/1.1" 200 61040
40.77.167.59 - - [03/Feb/2024:01:35:01 -0500] "GET /BLA/resoluciones/RESOLUCIONES%202021/5511.pdf HTTP/1.1" 304 -
52.167.144.176 - - [03/Feb/2024:01:35:08 -0500] "GET /portaldeninos/?s=2023 HTTP/1.1" 200 87105
201.245.192.253 - - [03/Feb/2024:01:35:31 -0500] "POST /kwsrmcab/Wsrmcab  HTTP/1.1" 200 20000
216.245.221.92 - - [03/Feb/2024:01:36:03 -0500] "HEAD / HTTP/1.1" 200 -
201.245.192.253 - - [03/Feb/2024:01:36:40 -0500] "POST /kwsrmcab/Wsrmcab  HTTP/1.1" 200 37857
201.245.192.253 - - [03/Feb/2024:01:37:42 -0500] "POST /kwsrmcab/Wsrmcab  HTTP/1.1" 200 37857
172.22.2.4 - - [03/Feb/2024:01:37:07 -0500] "HEAD /BLA/boletinlegal/ HTTP/1.1" 200 -
172.22.2.4 - - [03/Feb/2024:01:39:07 -0500] "GET /BLA/boletinlegal/actos.php HTTP/1.1" 200 9738
201.245.192.253 - - [03/Feb/2024:01:39:13 -0500] "POST /kwsrmcab/Wsrmcab HTTP/1.1" 200 40544
201.245.192.253 - - [03/Feb/2024:01:39:16 -0500] "POST /kwsrmcab/Wsrmcab HTTP/1.1" 200 40034
201.245.192.253 - - [03/Feb/2024:01:39:20 -0500] "POST /kwsrmcab/Wsrmcab HTTP/1.1" 200 40370
172.22.2.4 - - [03/Feb/2024:01:37:57 -0500] "GET /BLA/boletinlegal/ HTTP/1.1" 200 60676
201.245.192.253 - - [03/Feb/2024:01:40:31 -0500] "POST /kwsrmcab/Wsrmcab HTTP/1.1" 200 40034
216.245.221.92 - - [03/Feb/2024:01:41:03 -0500] "HEAD / HTTP/1.1" 200 -
216.244.66.195 - - [03/Feb/2024:01:41:04 -0500] "GET /BLA/resoluciones/AUTOS%202015/0237.pdf HTTP/1.1" 200 193076
216.244.66.195 - - [03/Feb/2024:01:41:10 -0500] "GET /BLA/resoluciones/AUTOS%202015/0905.pdf HTTP/1.1" 200 541797
216.244.66.195 - - [03/Feb/2024:01:41:40 -0500] "GET /BLA/resoluciones/AUTOS%202015/0928.pdf HTTP/1.1" 200 500322
216.244.66.195 - - [03/Feb/2024:01:42:05 -0500] "GET /BLA/resoluciones/AUTOS%202015/1430.pdf HTTP/1.1" 200 549164
52.167.144.20 - - [03/Feb/2024:01:42:10 -0500] "GET /bla/resoluciones/autos%202012/2573.pdf HTTP/1.1" 304 -
216.244.66.195 - - [03/Feb/2024:01:42:28 -0500] "GET /BLA/resoluciones/AUTOS%202015/1478.pdf HTTP/1.1" 200 575517
201.245.192.253 - - [03/Feb/2024:01:42:40 -0500] "POST /kwsrmcab/Wsrmcab  HTTP/1.1" 200 37857
216.244.66.195 - - [03/Feb/2024:01:42:51 -0500] "GET /BLA/resoluciones/AUTOS%202015/2517.pdf HTTP/1.1" 200 575256
216.244.66.195 - - [03/Feb/2024:01:43:14 -0500] "GET /BLA/resoluciones/AUTOS%202015/3294.pdf HTTP/1.1" 200 539933
172.22.2.4 - - [03/Feb/2024:01:42:56 -0500] "HEAD /BLA/boletinlegal/ HTTP/1.1" 200 -
172.22.2.4 - - [03/Feb/2024:01:43:47 -0500] "GET /BLA/boletinlegal/ HTTP/1.1" 200 61040
216.245.221.92 - - [03/Feb/2024:01:46:03 -0500] "HEAD / HTTP/1.1" 200 -
201.245.192.253 - - [03/Feb/2024:01:47:39 -0500] "POST /kwsrmcab/Wsrmcab  HTTP/1.1" 200 37857
172.22.2.4 - - [03/Feb/2024:01:48:46 -0500] "HEAD /BLA/boletinlegal/ HTTP/1.1" 200 -
216.245.221.92 - - [03/Feb/2024:01:51:03 -0500] "HEAD / HTTP/1.1" 200 -
172.22.2.4 - - [03/Feb/2024:01:49:37 -0500] "GET /BLA/boletinlegal/ HTTP/1.1" 200 60676
40.77.167.38 - - [03/Feb/2024:01:51:56 -0500] "GET /Publicaciones/2024EE23977.pdf HTTP/1.1" 200 232112
114.119.135.143 - - [03/Feb/2024:01:52:20 -0500] "GET /BLA/resoluciones/index.php?dir=RESOLUCIONES%2B1996/&sort=size&order=asc HTTP/1.1" 200 14312
201.245.192.253 - - [03/Feb/2024:01:52:38 -0500] "POST /kwsrmcab/Wsrmcab  HTTP/1.1" 200 37857
114.119.158.113 - - [03/Feb/2024:01:54:57 -0500] "GET /BLA/resoluciones/index.php?dir=Notificaciones/RESOLUCIONES%2B2018/&sort=name&order=asc HTTP/1.1" 200 14374
172.22.2.4 - - [03/Feb/2024:01:55:19 -0500] "GET /BLA/boletinlegal/robots.txt HTTP/1.1" 404 1140
216.245.221.92 - - [03/Feb/2024:01:56:03 -0500] "HEAD / HTTP/1.1" 200 -
172.22.2.4 - - [03/Feb/2024:01:54:36 -0500] "HEAD /BLA/boletinlegal/ HTTP/1.1" 200 -
172.22.2.4 - - [03/Feb/2024:01:55:27 -0500] "GET /BLA/boletinlegal/ HTTP/1.1" 200 58677
201.245.192.253 - - [03/Feb/2024:01:57:37 -0500] "POST /kwsrmcab/Wsrmcab  HTTP/1.1" 200 37857
216.245.221.92 - - [03/Feb/2024:02:01:03 -0500] "HEAD / HTTP/1.1" 200 -
172.22.2.4 - - [03/Feb/2024:02:00:26 -0500] "HEAD /BLA/boletinlegal/ HTTP/1.1" 200 -
201.245.192.253 - - [03/Feb/2024:02:02:36 -0500] "POST /kwsrmcab/Wsrmcab  HTTP/1.1" 200 37857
172.22.2.4 - - [03/Feb/2024:02:01:17 -0500] "GET /BLA/boletinlegal/ HTTP/1.1" 200 53883
52.167.144.195 - - [03/Feb/2024:02:05:06 -0500] "GET /BLA/resoluciones/RESOLUCIONES%202021/3235.pdf HTTP/1.1" 200 593894
176.97.210.231 - - [03/Feb/2024:02:05:31 -0500] "GET / HTTP/1.1" 200 319
216.245.221.92 - - [03/Feb/2024:02:06:03 -0500] "HEAD / HTTP/1.1" 200 -
40.77.167.247 - - [03/Feb/2024:02:06:30 -0500] "GET /BLA/resoluciones/RESOLUCIONES%202021/5384.pdf HTTP/1.1" 304 -
82.156.31.129 - - [03/Feb/2024:02:07:11 -0500] "GET /galeria/galeria/fotos/Humedal-la-Isla3P.jpg HTTP/1.1" 200 13889
201.245.192.253 - - [03/Feb/2024:02:07:35 -0500] "POST /kwsrmcab/Wsrmcab  HTTP/1.1" 200 37857
172.22.2.4 - - [03/Feb/2024:02:06:16 -0500] "HEAD /BLA/boletinlegal/ HTTP/1.1" 200 -
66.249.66.21 - - [03/Feb/2024:02:08:13 -0500] "GET /BLA/resoluciones/Notificaciones/AUTOS%202023/395.pdf HTTP/1.1" 200 535975
172.22.2.4 - - [03/Feb/2024:02:07:07 -0500] "GET /BLA/boletinlegal/ HTTP/1.1" 200 58677
216.245.221.92 - - [03/Feb/2024:02:11:03 -0500] "HEAD / HTTP/1.1" 200 -
201.245.192.253 - - [03/Feb/2024:02:12:33 -0500] "POST /kwsrmcab/Wsrmcab  HTTP/1.1" 200 37857
216.244.66.195 - - [03/Feb/2024:02:12:57 -0500] "GET /robots.txt HTTP/1.1" 404 1018
172.22.2.4 - - [03/Feb/2024:02:12:06 -0500] "HEAD /BLA/boletinlegal/ HTTP/1.1" 200 -
172.22.2.4 - - [03/Feb/2024:02:12:57 -0500] "GET /BLA/boletinlegal/ HTTP/1.1" 200 58677
216.245.221.92 - - [03/Feb/2024:02:16:03 -0500] "HEAD / HTTP/1.1" 200 -
66.249.66.19 - - [03/Feb/2024:02:16:13 -0500] "GET /Publicaciones/2023EE292473.pdf HTTP/1.1" 404 228
172.22.2.4 - - [03/Feb/2024:02:17:13 -0500] "GET /BLA/boletinlegal/robots.txt HTTP/1.1" 404 1038
172.22.2.4 - - [03/Feb/2024:02:17:25 -0500] "GET /BLA/boletinlegal/Circulares/2015/Circular%20No.%202%20del%201%20de%20julio%20de%202015.pdf HTTP/1.1" 200 752890
52.167.144.229 - - [03/Feb/2024:02:17:33 -0500] "GET /BLA/resoluciones/AUTOS%202017/4186.pdf HTTP/1.1" 304 -
201.245.192.253 - - [03/Feb/2024:02:17:32 -0500] "POST /kwsrmcab/Wsrmcab  HTTP/1.1" 200 37857
201.245.192.253 - - [03/Feb/2024:02:19:13 -0500] "POST /kwsrmcab/Wsrmcab HTTP/1.1" 200 40522
172.22.2.4 - - [03/Feb/2024:02:19:17 -0500] "GET /BLA/boletinlegal/Circulares/2019/Circular%20No.%200005%20del%2020%20de%20Marzo%20de%202019.pdf HTTP/1.1" 200 159877
201.245.192.253 - - [03/Feb/2024:02:19:16 -0500] "POST /kwsrmcab/Wsrmcab HTTP/1.1" 200 40048
172.22.2.4 - - [03/Feb/2024:02:19:19 -0500] "GET /BLA/boletinlegal/Directivas/2017/Directiva%20No.%2001%20del%2017%20de%20Enero%20de%202017.pdf HTTP/1.1" 200 2804310
201.245.192.253 - - [03/Feb/2024:02:19:20 -0500] "POST /kwsrmcab/Wsrmcab HTTP/1.1" 200 40372
172.22.2.4 - - [03/Feb/2024:02:19:33 -0500] "GET /BLA/boletinlegal/Circulares/2019/Circular%20No.%200015%20del%2003%20de%20Octubre%20de%202019.pdf HTTP/1.1" 200 165608
172.22.2.4 - - [03/Feb/2024:02:17:56 -0500] "HEAD /BLA/boletinlegal/ HTTP/1.1" 200 -
172.22.2.4 - - [03/Feb/2024:02:19:38 -0500] "GET /BLA/boletinlegal/Directivas/2011/Directiva%20No.%201%20del%205%20de%20Abril%20de%202011.pdf HTTP/1.1" 200 971292
200.118.60.70 - - [03/Feb/2024:02:19:44 -0500] "-" 408 -
152.61.128.50 - - [03/Feb/2024:02:20:01 -0500] "GET /arcgis/services/Calidad_del_Agua_WQI/MapServer/WMSServer?request=GetCapabilities&service=WMS HTTP/1.1" 503 1020
152.61.128.50 - - [03/Feb/2024:02:20:02 -0500] "GET /arcgis/services/Calidad_del_Agua_WQI/MapServer/WMSServer?SERVICE=WMS&REQUEST=GetCapabilities HTTP/1.1" 503 1020
152.61.128.50 - - [03/Feb/2024:02:20:02 -0500] "GET /arcgis/services/Calidad_del_Agua_WQI/MapServer/WMSServer?WMTVER=1.0.0&REQUEST=capabilities HTTP/1.1" 503 1020
200.118.60.70 - - [03/Feb/2024:02:20:08 -0500] "-" 408 -
172.22.2.4 - - [03/Feb/2024:02:18:47 -0500] "GET /BLA/boletinlegal/ HTTP/1.1" 200 61040
201.245.192.253 - - [03/Feb/2024:02:20:31 -0500] "POST /kwsrmcab/Wsrmcab HTTP/1.1" 200 40048
172.22.2.4 - - [03/Feb/2024:02:20:38 -0500] "GET /BLA/boletinlegal/Circulares/2013/Circular%20No.%205%20del%2013%20de%20junio%20de%202013.pdf HTTP/1.1" 200 110904
172.22.2.4 - - [03/Feb/2024:02:21:01 -0500] "GET /BLA/boletinlegal/Circulares/2022/CIRCULAR%20No.%2000003%20DEL%2007%20DE%20MARZO%20DEL%202022.pdf HTTP/1.1" 200 311468
216.245.221.92 - - [03/Feb/2024:02:21:03 -0500] "HEAD / HTTP/1.1" 200 -
172.22.2.4 - - [03/Feb/2024:02:21:09 -0500] "GET /BLA/boletinlegal/Circulares/2023/CIRCULAR%20No.%2000002%20DEL%2020%20DE%20FEBRERO%20DEL%202023.pdf HTTP/1.1" 200 333231
172.22.2.4 - - [03/Feb/2024:02:21:10 -0500] "GET /BLA/boletinlegal/Circulares/2012/Circular%20No.%206%20del%2025%20de%20Mayo%20de%202012.pdf HTTP/1.1" 200 387391
52.167.144.22 - - [03/Feb/2024:02:22:22 -0500] "GET /Publicaciones/2024EE23946.pdf HTTP/1.1" 200 403782
201.245.192.253 - - [03/Feb/2024:02:22:30 -0500] "POST /kwsrmcab/Wsrmcab  HTTP/1.1" 200 37857
35.203.210.127 - - [03/Feb/2024:02:25:23 -0500] "GET / HTTP/1.1" 200 319
172.22.2.4 - - [03/Feb/2024:02:23:46 -0500] "HEAD /BLA/boletinlegal/ HTTP/1.1" 200 -
216.245.221.92 - - [03/Feb/2024:02:26:03 -0500] "HEAD / HTTP/1.1" 200 -
172.22.2.4 - - [03/Feb/2024:02:24:37 -0500] "GET /BLA/boletinlegal/ HTTP/1.1" 200 59561
201.245.192.253 - - [03/Feb/2024:02:27:29 -0500] "POST /kwsrmcab/Wsrmcab  HTTP/1.1" 200 37857
157.55.39.200 - - [03/Feb/2024:02:27:48 -0500] "GET /Publicaciones/2024EE23978.pdf HTTP/1.1" 200 232119
66.249.66.21 - - [03/Feb/2024:02:28:20 -0500] "GET /BLA/resoluciones/Notificaciones/AUTOS%202023/5856.pdf HTTP/1.1" 304 -
216.244.66.195 - - [03/Feb/2024:02:28:30 -0500] "GET /BLA/resoluciones/index.php?dir=RESOLUCIONES+2002%2FRES+2002+1101-1150%2F HTTP/1.1" 200 12347
201.245.192.253 - - [03/Feb/2024:02:29:12 -0500] "POST /kwsrmcab/Wsrmcab HTTP/1.1" 200 40522
201.245.192.253 - - [03/Feb/2024:02:29:15 -0500] "POST /kwsrmcab/Wsrmcab HTTP/1.1" 200 40048
66.249.66.21 - - [03/Feb/2024:02:29:20 -0500] "GET /BLA/resoluciones/Notificaciones/AUTOS%202023/05415.pdf HTTP/1.1" 304 -
66.249.66.21 - - [03/Feb/2024:02:29:20 -0500] "GET /BLA/resoluciones/Notificaciones/AUTOS%202023/1123.pdf HTTP/1.1" 304 -
201.245.192.253 - - [03/Feb/2024:02:29:20 -0500] "POST /kwsrmcab/Wsrmcab HTTP/1.1" 200 40372
201.245.192.253 - - [03/Feb/2024:02:30:31 -0500] "POST /kwsrmcab/Wsrmcab HTTP/1.1" 200 40048
216.245.221.92 - - [03/Feb/2024:02:31:03 -0500] "HEAD / HTTP/1.1" 200 -
172.22.2.4 - - [03/Feb/2024:02:29:36 -0500] "HEAD /BLA/boletinlegal/ HTTP/1.1" 200 -
172.22.2.4 - - [03/Feb/2024:02:30:27 -0500] "GET /BLA/boletinlegal/ HTTP/1.1" 200 48807
201.245.192.253 - - [03/Feb/2024:02:32:28 -0500] "POST /kwsrmcab/Wsrmcab  HTTP/1.1" 200 37857
40.77.167.32 - - [03/Feb/2024:02:34:13 -0500] "GET /Publicaciones/2024EE23498.pdf HTTP/1.1" 200 649425
51.222.253.19 - - [03/Feb/2024:02:34:15 -0500] "GET /galeria/galeria/jquery.fancybox.css?v=2.1.5 HTTP/1.1" 200 4895
52.167.144.22 - - [03/Feb/2024:02:34:45 -0500] "GET /pdc/actos/429.pdf HTTP/1.1" 304 -
52.167.144.139 - - [03/Feb/2024:02:35:56 -0500] "GET /BLA/ HTTP/1.1" 200 538
216.244.66.195 - - [03/Feb/2024:02:36:00 -0500] "GET /BLA/resoluciones/AUTOS%202008/0342.pdf HTTP/1.1" 200 61114
216.245.221.92 - - [03/Feb/2024:02:36:03 -0500] "HEAD / HTTP/1.1" 200 -
216.244.66.195 - - [03/Feb/2024:02:36:09 -0500] "GET /BLA/resoluciones/AUTOS%202008/0858.pdf HTTP/1.1" 200 84757
216.244.66.195 - - [03/Feb/2024:02:36:14 -0500] "GET /BLA/resoluciones/AUTOS%202008/0877.pdf HTTP/1.1" 200 75629
216.244.66.195 - - [03/Feb/2024:02:36:19 -0500] "GET /BLA/resoluciones/AUTOS%202008/1004.pdf HTTP/1.1" 200 76458
216.244.66.195 - - [03/Feb/2024:02:36:24 -0500] "GET /BLA/resoluciones/AUTOS%202008/1652.pdf HTTP/1.1" 200 114549
216.244.66.195 - - [03/Feb/2024:02:36:28 -0500] "GET /BLA/resoluciones/AUTOS%202013/0429.pdf HTTP/1.1" 200 511954
216.244.66.195 - - [03/Feb/2024:02:36:47 -0500] "GET /BLA/resoluciones/AUTOS%202013/0684.pdf HTTP/1.1" 200 767162
216.244.66.195 - - [03/Feb/2024:02:37:04 -0500] "GET /BLA/resoluciones/AUTOS%202013/1652.pdf HTTP/1.1" 200 149873
172.22.2.4 - - [03/Feb/2024:02:35:26 -0500] "HEAD /BLA/boletinlegal/ HTTP/1.1" 200 -
216.244.66.195 - - [03/Feb/2024:02:37:17 -0500] "GET /BLA/resoluciones/AUTOS%202013/2005.pdf HTTP/1.1" 200 1712588
201.245.192.253 - - [03/Feb/2024:02:37:26 -0500] "POST /kwsrmcab/Wsrmcab  HTTP/1.1" 200 37857
172.22.2.4 - - [03/Feb/2024:02:36:17 -0500] "GET /BLA/boletinlegal/ HTTP/1.1" 200 58677
216.244.66.195 - - [03/Feb/2024:02:38:02 -0500] "GET /BLA/resoluciones/AUTOS%202013/2647.pdf HTTP/1.1" 200 463819
199.16.157.182 - - [03/Feb/2024:02:38:24 -0500] "GET /images/presentaci%C3%B3n%20convenci%C3%B3n.jpg HTTP/1.1" 404 1034
199.16.157.181 - - [03/Feb/2024:02:38:24 -0500] "GET /images/presentaci%C3%B3n%20convenci%C3%B3n.jpg HTTP/1.1" 404 1034
199.16.157.182 - - [03/Feb/2024:02:38:24 -0500] "GET /images/presentaci%C3%B3n%20convenci%C3%B3n.jpg HTTP/1.1" 404 1034
216.244.66.195 - - [03/Feb/2024:02:38:34 -0500] "GET /BLA/resoluciones/AUTOS%202013/3060.pdf HTTP/1.1" 200 247262
216.244.66.195 - - [03/Feb/2024:02:39:04 -0500] "GET /BLA/resoluciones/AUTOS%202014/0376.pdf HTTP/1.1" 200 609393
201.245.192.253 - - [03/Feb/2024:02:39:12 -0500] "POST /kwsrmcab/Wsrmcab HTTP/1.1" 200 40522
201.245.192.253 - - [03/Feb/2024:02:39:15 -0500] "POST /kwsrmcab/Wsrmcab HTTP/1.1" 200 40048
201.245.192.253 - - [03/Feb/2024:02:39:20 -0500] "POST /kwsrmcab/Wsrmcab HTTP/1.1" 200 40372
216.244.66.195 - - [03/Feb/2024:02:39:32 -0500] "GET /BLA/resoluciones/AUTOS%202014/0392.pdf HTTP/1.1" 200 1056491
216.244.66.195 - - [03/Feb/2024:02:40:11 -0500] "GET /BLA/resoluciones/AUTOS%202014/0877.pdf HTTP/1.1" 200 516874
201.245.192.253 - - [03/Feb/2024:02:40:31 -0500] "POST /kwsrmcab/Wsrmcab HTTP/1.1" 200 40048
216.244.66.195 - - [03/Feb/2024:02:40:42 -0500] "GET /BLA/resoluciones/AUTOS%202014/0879.pdf HTTP/1.1" 200 529751
216.245.221.92 - - [03/Feb/2024:02:41:03 -0500] "HEAD / HTTP/1.1" 200 -
216.244.66.195 - - [03/Feb/2024:02:41:12 -0500] "GET /BLA/resoluciones/AUTOS%202014/1722.pdf HTTP/1.1" 200 539702
216.244.66.195 - - [03/Feb/2024:02:41:41 -0500] "GET /BLA/resoluciones/AUTOS%202015/0568.pdf HTTP/1.1" 200 628853
216.244.66.195 - - [03/Feb/2024:02:42:09 -0500] "GET /BLA/resoluciones/AUTOS%202015/0711.pdf HTTP/1.1" 200 704830
201.245.192.253 - - [03/Feb/2024:02:42:25 -0500] "POST /kwsrmcab/Wsrmcab  HTTP/1.1" 200 37857
216.244.66.195 - - [03/Feb/2024:02:42:36 -0500] "GET /BLA/resoluciones/AUTOS%202015/0802.pdf HTTP/1.1" 200 133552
172.22.2.4 - - [03/Feb/2024:02:41:16 -0500] "HEAD /BLA/boletinlegal/ HTTP/1.1" 200 -
216.244.66.195 - - [03/Feb/2024:02:43:01 -0500] "GET /BLA/resoluciones/AUTOS%202015/1025.pdf HTTP/1.1" 200 678481
216.244.66.195 - - [03/Feb/2024:02:43:26 -0500] "GET /BLA/resoluciones/AUTOS%202015/2287.pdf HTTP/1.1" 200 690858
172.22.2.4 - - [03/Feb/2024:02:42:07 -0500] "GET /BLA/boletinlegal/ HTTP/1.1" 200 58303
216.244.66.195 - - [03/Feb/2024:02:43:50 -0500] "GET /BLA/resoluciones/AUTOS%202015/2446.pdf HTTP/1.1" 200 720043
216.244.66.195 - - [03/Feb/2024:02:44:13 -0500] "GET /BLA/resoluciones/AUTOS%202015/3239.pdf HTTP/1.1" 200 555053
216.244.66.195 - - [03/Feb/2024:02:44:36 -0500] "GET /BLA/resoluciones/AUTOS%202017/4405.pdf HTTP/1.1" 200 327496
216.244.66.195 - - [03/Feb/2024:02:44:57 -0500] "GET /BLA/resoluciones/AUTOS%202017/5224.pdf HTTP/1.1" 200 343556
216.244.66.195 - - [03/Feb/2024:02:45:16 -0500] "GET /BLA/resoluciones/AUTOS%202018/0118.pdf HTTP/1.1" 200 322742
216.244.66.195 - - [03/Feb/2024:02:45:34 -0500] "GET /BLA/resoluciones/AUTOS%202018/1101.pdf HTTP/1.1" 200 1667546
216.245.221.92 - - [03/Feb/2024:02:46:03 -0500] "HEAD / HTTP/1.1" 200 -
216.244.66.195 - - [03/Feb/2024:02:46:21 -0500] "GET /BLA/resoluciones/AUTOS%202018/1548.pdf HTTP/1.1" 200 323740
216.244.66.195 - - [03/Feb/2024:02:46:51 -0500] "GET /BLA/resoluciones/AUTOS%202018/1776.pdf HTTP/1.1" 200 337727
216.244.66.195 - - [03/Feb/2024:02:47:22 -0500] "GET /BLA/resoluciones/AUTOS%202018/3303.pdf HTTP/1.1" 200 264190
201.245.192.253 - - [03/Feb/2024:02:47:23 -0500] "POST /kwsrmcab/Wsrmcab  HTTP/1.1" 200 37857
216.244.66.195 - - [03/Feb/2024:02:47:50 -0500] "GET /BLA/resoluciones/AUTOS%202018/3796.pdf HTTP/1.1" 200 307509
66.249.66.165 - - [03/Feb/2024:02:48:17 -0500] "GET /portaldeninos/aulas-ambientales/ HTTP/1.1" 200 88416
216.244.66.195 - - [03/Feb/2024:02:48:19 -0500] "GET /BLA/resoluciones/AUTOS%202018/4541.pdf HTTP/1.1" 200 283242
172.22.2.4 - - [03/Feb/2024:02:47:06 -0500] "HEAD /BLA/boletinlegal/ HTTP/1.1" 200 -
216.244.66.195 - - [03/Feb/2024:02:48:47 -0500] "GET /BLA/resoluciones/AUTOS%202018/4558.pdf HTTP/1.1" 200 230486
216.244.66.195 - - [03/Feb/2024:02:49:12 -0500] "GET /BLA/resoluciones/AUTOS%202019/2469.pdf HTTP/1.1" 200 3928809
172.22.2.4 - - [03/Feb/2024:02:47:57 -0500] "GET /BLA/boletinlegal/ HTTP/1.1" 200 61040
216.244.66.195 - - [03/Feb/2024:02:49:48 -0500] "GET /BLA/resoluciones/AUTOS%202022/2149.pdf HTTP/1.1" 200 1756238
216.244.66.195 - - [03/Feb/2024:02:50:26 -0500] "GET /BLA/resoluciones/AUTOS%202022/2963.pdf HTTP/1.1" 200 610401
52.167.144.195 - - [03/Feb/2024:02:50:47 -0500] "GET /Publicaciones/2024EE23693.pdf HTTP/1.1" 200 427611
207.46.13.154 - - [03/Feb/2024:02:51:03 -0500] "GET /BLA/resoluciones/index.php?dir= HTTP/1.1" 200 14105
216.245.221.92 - - [03/Feb/2024:02:51:03 -0500] "HEAD / HTTP/1.1" 200 -
216.244.66.195 - - [03/Feb/2024:02:51:05 -0500] "GET /BLA/resoluciones/AUTOS%202022/4576.pdf HTTP/1.1" 200 2771719
216.244.66.195 - - [03/Feb/2024:02:51:55 -0500] "GET /BLA/resoluciones/RESOLUCIONES%202011/0703.pdf HTTP/1.1" 200 707040
98.64.96.176 - - [03/Feb/2024:02:51:59 -0500] "GET /Publicaciones/2023EE211012.pdf HTTP/1.1" 404 228
201.245.192.253 - - [03/Feb/2024:02:52:23 -0500] "POST /kwsrmcab/Wsrmcab  HTTP/1.1" 200 37857
216.244.66.195 - - [03/Feb/2024:02:52:26 -0500] "GET /BLA/resoluciones/RESOLUCIONES%202011/1853.pdf HTTP/1.1" 200 914316
20.240.13.253 - - [03/Feb/2024:02:52:32 -0500] "GET /Publicaciones/2024EE02219.pdf HTTP/1.1" 404 227
216.244.66.195 - - [03/Feb/2024:02:53:08 -0500] "GET /BLA/resoluciones/RESOLUCIONES%202018/0341.pdf HTTP/1.1" 200 226906
216.244.66.195 - - [03/Feb/2024:02:53:42 -0500] "GET /BLA/resoluciones/RESOLUCIONES%202018/0633.pdf HTTP/1.1" 200 1902798
216.244.66.195 - - [03/Feb/2024:02:54:29 -0500] "GET /BLA/resoluciones/RESOLUCIONES%202018/0670.pdf HTTP/1.1" 200 392878
172.22.2.4 - - [03/Feb/2024:02:52:56 -0500] "HEAD /BLA/boletinlegal/ HTTP/1.1" 200 -
216.244.66.195 - - [03/Feb/2024:02:55:04 -0500] "GET /BLA/resoluciones/RESOLUCIONES%202018/1714.pdf HTTP/1.1" 200 475799
172.22.2.4 - - [03/Feb/2024:02:53:47 -0500] "GET /BLA/boletinlegal/ HTTP/1.1" 200 58677
146.19.24.23 - - [03/Feb/2024:02:55:29 -0500] "GET / HTTP/1.1" 200 319
216.245.221.92 - - [03/Feb/2024:02:56:03 -0500] "HEAD / HTTP/1.1" 200 -
201.245.192.253 - - [03/Feb/2024:02:57:21 -0500] "POST /kwsrmcab/Wsrmcab  HTTP/1.1" 200 37857
172.22.2.4 - - [03/Feb/2024:02:58:46 -0500] "HEAD /BLA/boletinlegal/ HTTP/1.1" 200 -
216.245.221.92 - - [03/Feb/2024:03:01:03 -0500] "HEAD / HTTP/1.1" 200 -
52.167.144.197 - - [03/Feb/2024:03:01:12 -0500] "GET /Publicaciones/2024EE22998.pdf HTTP/1.1" 200 3366085
172.22.2.4 - - [03/Feb/2024:02:59:37 -0500] "GET /BLA/boletinlegal/ HTTP/1.1" 200 61040
201.245.192.253 - - [03/Feb/2024:03:02:19 -0500] "POST /kwsrmcab/Wsrmcab  HTTP/1.1" 200 37857
157.55.39.14 - - [03/Feb/2024:03:02:52 -0500] "GET /Publicaciones/2024EE23976.pdf HTTP/1.1" 200 232137
52.167.144.136 - - [03/Feb/2024:03:03:14 -0500] "GET /BLA/resoluciones/AUTOS%202013/2977.pdf HTTP/1.1" 304 -
40.77.167.70 - - [03/Feb/2024:03:03:30 -0500] "GET /BLA/resoluciones/AUTOS%202020/2220.pdf HTTP/1.1" 200 484207
172.22.2.4 - - [03/Feb/2024:03:03:48 -0500] "GET /BLA/boletinlegal/jurisprudencia/analisis/AnalisisT-606-15.docx HTTP/1.1" 200 26698
172.22.2.4 - - [03/Feb/2024:03:03:48 -0500] "GET /BLA/boletinlegal/apple-touch-icon-120x120-precomposed.png HTTP/1.1" 404 1140
172.22.2.4 - - [03/Feb/2024:03:03:48 -0500] "GET /BLA/boletinlegal/apple-touch-icon-120x120.png HTTP/1.1" 404 1140
172.22.2.4 - - [03/Feb/2024:03:03:48 -0500] "GET /BLA/boletinlegal/apple-touch-icon-precomposed.png HTTP/1.1" 404 1140
172.22.2.4 - - [03/Feb/2024:03:03:48 -0500] "GET /BLA/boletinlegal/apple-touch-icon.png HTTP/1.1" 404 1140
172.22.2.4 - - [03/Feb/2024:03:03:48 -0500] "GET /BLA/boletinlegal/favicon.ico HTTP/1.1" 404 1140
172.22.2.4 - - [03/Feb/2024:03:03:48 -0500] "GET /BLA/boletinlegal/apple-touch-icon-120x120-precomposed.png HTTP/1.1" 404 1140
172.22.2.4 - - [03/Feb/2024:03:03:48 -0500] "GET /BLA/boletinlegal/apple-touch-icon-120x120.png HTTP/1.1" 404 1140
172.22.2.4 - - [03/Feb/2024:03:03:48 -0500] "GET /BLA/boletinlegal/apple-touch-icon-precomposed.png HTTP/1.1" 404 1140
172.22.2.4 - - [03/Feb/2024:03:03:48 -0500] "GET /BLA/boletinlegal/apple-touch-icon.png HTTP/1.1" 404 1140
172.22.2.4 - - [03/Feb/2024:03:03:48 -0500] "GET /BLA/boletinlegal/favicon.ico HTTP/1.1" 404 1140
157.55.39.14 - - [03/Feb/2024:03:04:25 -0500] "GET /BLA/resoluciones/RESOLUCIONES%202022/1542.pdf HTTP/1.1" 304 -
216.245.221.92 - - [03/Feb/2024:03:06:03 -0500] "HEAD / HTTP/1.1" 200 -
172.22.2.4 - - [03/Feb/2024:03:04:36 -0500] "HEAD /BLA/boletinlegal/ HTTP/1.1" 200 -
52.167.144.191 - - [03/Feb/2024:03:06:54 -0500] "GET /portaldeninos/wp-content/uploads/2021/07/corresponsal-ambiental.jpg HTTP/1.1" 200 76114
172.22.2.4 - - [03/Feb/2024:03:05:27 -0500] "GET /BLA/boletinlegal/ HTTP/1.1" 200 60676
201.245.192.253 - - [03/Feb/2024:03:07:17 -0500] "POST /kwsrmcab/Wsrmcab  HTTP/1.1" 200 37857
216.244.66.195 - - [03/Feb/2024:03:07:40 -0500] "GET /robots.txt HTTP/1.1" 404 1018
157.55.39.202 - - [03/Feb/2024:03:09:12 -0500] "GET /Publicaciones/2023EE307441.pdf HTTP/1.1" 404 228
216.245.221.92 - - [03/Feb/2024:03:11:03 -0500] "HEAD / HTTP/1.1" 200 -
172.22.2.4 - - [03/Feb/2024:03:10:26 -0500] "HEAD /BLA/boletinlegal/ HTTP/1.1" 200 -
201.245.192.253 - - [03/Feb/2024:03:12:16 -0500] "POST /kwsrmcab/Wsrmcab  HTTP/1.1" 200 37857
172.22.2.4 - - [03/Feb/2024:03:12:37 -0500] "GET /BLA/boletinlegal/jurisprudencia/analisis/AnalisisT-606-15.docx HTTP/1.1" 200 26698
172.22.2.4 - - [03/Feb/2024:03:12:37 -0500] "GET /BLA/boletinlegal/apple-touch-icon-120x120-precomposed.png HTTP/1.1" 404 1140
172.22.2.4 - - [03/Feb/2024:03:12:37 -0500] "GET /BLA/boletinlegal/apple-touch-icon-120x120.png HTTP/1.1" 404 1140
172.22.2.4 - - [03/Feb/2024:03:12:37 -0500] "GET /BLA/boletinlegal/apple-touch-icon-precomposed.png HTTP/1.1" 404 1140
172.22.2.4 - - [03/Feb/2024:03:12:37 -0500] "GET /BLA/boletinlegal/apple-touch-icon.png HTTP/1.1" 404 1140
172.22.2.4 - - [03/Feb/2024:03:12:37 -0500] "GET /BLA/boletinlegal/favicon.ico HTTP/1.1" 404 1140
172.22.2.4 - - [03/Feb/2024:03:12:37 -0500] "GET /BLA/boletinlegal/apple-touch-icon-120x120-precomposed.png HTTP/1.1" 404 1140
172.22.2.4 - - [03/Feb/2024:03:12:37 -0500] "GET /BLA/boletinlegal/apple-touch-icon-120x120.png HTTP/1.1" 404 1140
172.22.2.4 - - [03/Feb/2024:03:12:37 -0500] "GET /BLA/boletinlegal/apple-touch-icon-precomposed.png HTTP/1.1" 404 1140
172.22.2.4 - - [03/Feb/2024:03:12:37 -0500] "GET /BLA/boletinlegal/apple-touch-icon.png HTTP/1.1" 404 1140
172.22.2.4 - - [03/Feb/2024:03:12:37 -0500] "GET /BLA/boletinlegal/favicon.ico HTTP/1.1" 404 1140
172.22.2.4 - - [03/Feb/2024:03:11:17 -0500] "GET /BLA/boletinlegal/ HTTP/1.1" 200 58303
66.249.66.20 - - [03/Feb/2024:03:13:19 -0500] "GET /sipse/faces/recuperarclave.xhtml?facelets.ui.DebugOutput=1705505903454 HTTP/1.1" 200 25
172.22.2.4 - - [03/Feb/2024:03:13:24 -0500] "GET /BLA/boletinlegal/Circulares/024/CIRCULAR%20No.%2000002%20DEL%2031%20DE%20ENERO%20DEL%202024.pdf HTTP/1.1" 404 1038
216.245.221.92 - - [03/Feb/2024:03:16:03 -0500] "HEAD / HTTP/1.1" 200 -
201.245.192.253 - - [03/Feb/2024:03:17:15 -0500] "POST /kwsrmcab/Wsrmcab  HTTP/1.1" 200 37857
172.22.2.4 - - [03/Feb/2024:03:16:16 -0500] "HEAD /BLA/boletinlegal/ HTTP/1.1" 200 -
157.55.39.14 - - [03/Feb/2024:03:18:17 -0500] "GET /BLA/resoluciones/RESOLUCIONES%202019/0293.pdf HTTP/1.1" 304 -
172.22.2.4 - - [03/Feb/2024:03:17:07 -0500] "GET /BLA/boletinlegal/ HTTP/1.1" 200 58677
201.245.192.253 - - [03/Feb/2024:03:19:12 -0500] "POST /kwsrmcab/Wsrmcab HTTP/1.1" 200 40540
201.245.192.253 - - [03/Feb/2024:03:19:16 -0500] "POST /kwsrmcab/Wsrmcab HTTP/1.1" 200 40040
201.245.192.253 - - [03/Feb/2024:03:19:20 -0500] "POST /kwsrmcab/Wsrmcab HTTP/1.1" 200 40508
201.245.192.253 - - [03/Feb/2024:03:20:32 -0500] "POST /kwsrmcab/Wsrmcab HTTP/1.1" 200 40040
216.245.221.92 - - [03/Feb/2024:03:21:03 -0500] "HEAD / HTTP/1.1" 200 -
40.77.167.8 - - [03/Feb/2024:03:21:37 -0500] "GET /gobierno-de-bogota-hace-recomendaciones-a-la-ciudadania-para-que-tome-acciones-ante-la-mala-calidad-del-aire.html HTTP/1.1" 200 864
201.245.192.253 - - [03/Feb/2024:03:22:13 -0500] "POST /kwsrmcab/Wsrmcab  HTTP/1.1" 200 37857
172.22.2.4 - - [03/Feb/2024:03:21:04 -0500] "GET /BLA/boletinlegal/ HTTP/1.1" 200 49099
216.244.66.195 - - [03/Feb/2024:03:23:46 -0500] "GET /BLA/resoluciones/AUTOS%202008/0220.pdf HTTP/1.1" 200 107554
172.22.2.4 - - [03/Feb/2024:03:22:06 -0500] "HEAD /BLA/boletinlegal/ HTTP/1.1" 200 -
216.244.66.195 - - [03/Feb/2024:03:23:52 -0500] "GET /BLA/resoluciones/AUTOS%202008/0529.pdf HTTP/1.1" 200 91639
216.244.66.195 - - [03/Feb/2024:03:23:56 -0500] "GET /BLA/resoluciones/AUTOS%202008/1621.pdf HTTP/1.1" 200 60805
216.244.66.195 - - [03/Feb/2024:03:24:02 -0500] "GET /BLA/resoluciones/AUTOS%202009/0642.pdf HTTP/1.1" 200 80544
216.244.66.195 - - [03/Feb/2024:03:24:07 -0500] "GET /BLA/resoluciones/AUTOS%202009/0681.pdf HTTP/1.1" 200 70685
216.244.66.195 - - [03/Feb/2024:03:24:11 -0500] "GET /BLA/resoluciones/AUTOS%202013/1949.pdf HTTP/1.1" 200 416890
216.244.66.195 - - [03/Feb/2024:03:24:34 -0500] "GET /BLA/resoluciones/AUTOS%202013/2773.pdf HTTP/1.1" 200 1847063
172.22.2.4 - - [03/Feb/2024:03:22:57 -0500] "GET /BLA/boletinlegal/ HTTP/1.1" 200 60676
216.244.66.195 - - [03/Feb/2024:03:25:22 -0500] "GET /BLA/resoluciones/AUTOS%202014/1297.pdf HTTP/1.1" 200 1606834
216.245.221.92 - - [03/Feb/2024:03:26:03 -0500] "HEAD / HTTP/1.1" 200 -
216.244.66.195 - - [03/Feb/2024:03:26:05 -0500] "GET /BLA/resoluciones/AUTOS%202014/1569.pdf HTTP/1.1" 200 773264
216.244.66.195 - - [03/Feb/2024:03:26:46 -0500] "GET /BLA/resoluciones/AUTOS%202014/2219.pdf HTTP/1.1" 200 2919094
201.245.192.253 - - [03/Feb/2024:03:27:12 -0500] "POST /kwsrmcab/Wsrmcab  HTTP/1.1" 200 37857
216.244.66.195 - - [03/Feb/2024:03:27:36 -0500] "GET /BLA/resoluciones/AUTOS%202015/1882.pdf HTTP/1.1" 200 496989
216.244.66.195 - - [03/Feb/2024:03:28:09 -0500] "GET /BLA/resoluciones/AUTOS%202015/2537.pdf HTTP/1.1" 200 613392
216.244.66.195 - - [03/Feb/2024:03:28:49 -0500] "GET /BLA/resoluciones/AUTOS%202015/2590.pdf HTTP/1.1" 200 331869
201.245.192.253 - - [03/Feb/2024:03:29:12 -0500] "POST /kwsrmcab/Wsrmcab HTTP/1.1" 200 40540
201.245.192.253 - - [03/Feb/2024:03:29:15 -0500] "POST /kwsrmcab/Wsrmcab HTTP/1.1" 200 40040
52.167.144.216 - - [03/Feb/2024:03:29:18 -0500] "GET /BLA/resoluciones/AUTOS%202020/4232.pdf HTTP/1.1" 200 379217
216.244.66.195 - - [03/Feb/2024:03:29:20 -0500] "GET /BLA/resoluciones/AUTOS%202015/3131.pdf HTTP/1.1" 200 599030
201.245.192.253 - - [03/Feb/2024:03:29:19 -0500] "POST /kwsrmcab/Wsrmcab HTTP/1.1" 200 40508
172.22.2.4 - - [03/Feb/2024:03:27:56 -0500] "HEAD /BLA/boletinlegal/ HTTP/1.1" 200 -
216.244.66.195 - - [03/Feb/2024:03:29:50 -0500] "GET /BLA/resoluciones/AUTOS%202015/3233.pdf HTTP/1.1" 200 743086
216.244.66.195 - - [03/Feb/2024:03:30:21 -0500] "GET /BLA/resoluciones/AUTOS%202015/3344.pdf HTTP/1.1" 200 940361
172.22.2.4 - - [03/Feb/2024:03:28:47 -0500] "GET /BLA/boletinlegal/ HTTP/1.1" 200 61040
201.245.192.253 - - [03/Feb/2024:03:30:28 -0500] "POST /kwsrmcab/Wsrmcab HTTP/1.1" 200 40040
216.244.66.195 - - [03/Feb/2024:03:30:49 -0500] "GET /BLA/resoluciones/AUTOS%202015/3542.pdf HTTP/1.1" 200 622073
