181.61.4.6 - - [03/Feb/2024:15:04:39 -0500] "GET /sipse/faces/javax.faces.resource/spacer/dot_clear.gif?ln=primefaces&v=4.0 HTTP/1.1" 200 42
181.61.4.6 - - [03/Feb/2024:15:04:39 -0500] "GET /sipse/faces/javax.faces.resource/images/ui-icons_898989_256x240.png?ln=primefaces-aristo HTTP/1.1" 304 -
186.31.179.94 - - [03/Feb/2024:15:05:48 -0500] "POST /sipse/faces/presentacion/financiero/solicitudProceso/consultarSolicitudProceso.xhtml HTTP/1.1" 200 46160
186.31.179.94 - - [03/Feb/2024:15:05:50 -0500] "GET /sipse/faces/javax.faces.resource/jquery/jquery.js?ln=primefaces&v=4.0 HTTP/1.1" 304 -
186.31.179.94 - - [03/Feb/2024:15:05:50 -0500] "GET /sipse/faces/javax.faces.resource/jquery/jquery-plugins.js?ln=primefaces&v=4.0 HTTP/1.1" 304 -
186.31.179.94 - - [03/Feb/2024:15:05:50 -0500] "GET /sipse/faces/javax.faces.resource/primefaces.js?ln=primefaces&v=4.0 HTTP/1.1" 304 -
186.31.179.94 - - [03/Feb/2024:15:05:50 -0500] "GET /sipse/faces/javax.faces.resource/layout/layout.js?ln=primefaces&v=4.0 HTTP/1.1" 304 -
186.31.179.94 - - [03/Feb/2024:15:05:50 -0500] "GET /sipse/faces/javax.faces.resource/messages/messages.png?ln=primefaces&v=4.0 HTTP/1.1" 304 -
186.31.179.94 - - [03/Feb/2024:15:05:50 -0500] "POST /sipse/faces/presentacion/financiero/solicitudProceso/listarSolicitudProceso.xhtml HTTP/1.1" 200 1436
181.61.4.6 - - [03/Feb/2024:15:05:52 -0500] "GET /sipse/faces/javax.faces.resource/theme.css?ln=primefaces-sipse HTTP/1.1" 304 -
181.61.4.6 - - [03/Feb/2024:15:05:52 -0500] "GET /sipse/faces/javax.faces.resource/primefaces.css?ln=primefaces&v=4.0 HTTP/1.1" 304 -
181.61.4.6 - - [03/Feb/2024:15:05:52 -0500] "GET /sipse/faces/javax.faces.resource/layout/layout.css?ln=primefaces&v=4.0 HTTP/1.1" 304 -
181.61.4.6 - - [03/Feb/2024:15:05:52 -0500] "GET /sipse/faces/javax.faces.resource/jquery/jquery-plugins.js?ln=primefaces&v=4.0 HTTP/1.1" 304 -
181.61.4.6 - - [03/Feb/2024:15:05:52 -0500] "GET /sipse/faces/javax.faces.resource/jquery/jquery.js?ln=primefaces&v=4.0 HTTP/1.1" 304 -
181.61.4.6 - - [03/Feb/2024:15:05:52 -0500] "GET /sipse/faces/javax.faces.resource/primefaces.js?ln=primefaces&v=4.0 HTTP/1.1" 304 -
181.61.4.6 - - [03/Feb/2024:15:05:52 -0500] "GET /sipse/faces/javax.faces.resource/layout/layout.js?ln=primefaces&v=4.0 HTTP/1.1" 304 -
181.61.4.6 - - [03/Feb/2024:15:05:52 -0500] "GET /sipse/faces/javax.faces.resource/images/ui-icons_898989_256x240.png?ln=primefaces-aristo HTTP/1.1" 304 -
181.61.4.6 - - [03/Feb/2024:15:05:51 -0500] "POST /sipse/faces/presentacion/proyectos/proyecto/actividad/consultarActividadSolicitud.xhtml HTTP/1.1" 200 141211
186.31.179.94 - - [03/Feb/2024:15:05:54 -0500] "POST /sipse/faces/presentacion/financiero/solicitudProceso/listarSolicitudProceso.xhtml HTTP/1.1" 200 31562
186.31.179.94 - - [03/Feb/2024:15:05:58 -0500] "POST /sipse/faces/presentacion/financiero/solicitudProceso/listarSolicitudProceso.xhtml HTTP/1.1" 200 20102
216.245.221.92 - - [03/Feb/2024:15:06:01 -0500] "HEAD / HTTP/1.1" 200 -
186.31.179.94 - - [03/Feb/2024:15:06:05 -0500] "POST /sipse/faces/presentacion/financiero/solicitudProceso/listarSolicitudProceso.xhtml HTTP/1.1" 200 7882
186.31.179.94 - - [03/Feb/2024:15:06:12 -0500] "POST /sipse/faces/presentacion/financiero/solicitudProceso/listarSolicitudProceso.xhtml HTTP/1.1" 200 33615
186.31.179.94 - - [03/Feb/2024:15:06:12 -0500] "GET /sipse/faces/javax.faces.resource/jquery/jquery.js?ln=primefaces&v=4.0 HTTP/1.1" 304 -
186.31.179.94 - - [03/Feb/2024:15:06:12 -0500] "GET /sipse/faces/javax.faces.resource/jquery/jquery-plugins.js?ln=primefaces&v=4.0 HTTP/1.1" 304 -
186.31.179.94 - - [03/Feb/2024:15:06:12 -0500] "GET /sipse/faces/javax.faces.resource/primefaces.js?ln=primefaces&v=4.0 HTTP/1.1" 304 -
186.31.179.94 - - [03/Feb/2024:15:06:13 -0500] "GET /sipse/faces/javax.faces.resource/layout/layout.js?ln=primefaces&v=4.0 HTTP/1.1" 304 -
186.31.179.94 - - [03/Feb/2024:15:06:13 -0500] "POST /sipse/faces/presentacion/sistema/reporte/listarReportes.xhtml HTTP/1.1" 200 27046
186.31.179.94 - - [03/Feb/2024:15:06:13 -0500] "POST /sipse/faces/presentacion/sistema/reporte/listarReportes.xhtml HTTP/1.1" 200 27046
186.31.179.94 - - [03/Feb/2024:15:06:13 -0500] "POST /sipse/faces/presentacion/sistema/reporte/listarReportes.xhtml HTTP/1.1" 200 27046
186.31.179.94 - - [03/Feb/2024:15:06:15 -0500] "POST /sipse/faces/presentacion/sistema/reporte/listarReportes.xhtml HTTP/1.1" 200 22243
186.31.179.94 - - [03/Feb/2024:15:06:15 -0500] "GET /sipse/faces/javax.faces.resource/theme.css?ln=primefaces-sipse HTTP/1.1" 304 -
186.31.179.94 - - [03/Feb/2024:15:06:15 -0500] "GET /sipse/faces/javax.faces.resource/primefaces.css?ln=primefaces&v=4.0 HTTP/1.1" 304 -
186.31.179.94 - - [03/Feb/2024:15:06:15 -0500] "GET /sipse/faces/javax.faces.resource/jquery/jquery-plugins.js?ln=primefaces&v=4.0 HTTP/1.1" 304 -
186.31.179.94 - - [03/Feb/2024:15:06:15 -0500] "GET /sipse/faces/javax.faces.resource/layout/layout.css?ln=primefaces&v=4.0 HTTP/1.1" 304 -
186.31.179.94 - - [03/Feb/2024:15:06:15 -0500] "GET /sipse/faces/javax.faces.resource/primefaces.js?ln=primefaces&v=4.0 HTTP/1.1" 304 -
186.31.179.94 - - [03/Feb/2024:15:06:15 -0500] "GET /sipse/faces/javax.faces.resource/jquery/jquery.js?ln=primefaces&v=4.0 HTTP/1.1" 304 -
186.31.179.94 - - [03/Feb/2024:15:06:15 -0500] "GET /sipse/faces/javax.faces.resource/layout/layout.js?ln=primefaces&v=4.0 HTTP/1.1" 304 -
186.31.179.94 - - [03/Feb/2024:15:06:15 -0500] "GET /sipse/faces/javax.faces.resource/images/ui-icons_898989_256x240.png?ln=primefaces-aristo HTTP/1.1" 304 -
181.61.4.6 - - [03/Feb/2024:15:06:25 -0500] "GET /sipse/faces/javax.faces.resource/images/ui-bg_flat_0_2d5972_40x100.png?ln=primefaces-aristo HTTP/1.1" 304 -
181.61.4.6 - - [03/Feb/2024:15:06:25 -0500] "POST /sipse/faces/presentacion/financiero/solicitudProceso/consultarSolicitudProceso.xhtml HTTP/1.1" 200 90084
181.61.4.6 - - [03/Feb/2024:15:06:26 -0500] "POST /sipse/faces/presentacion/financiero/solicitudProceso/consultarSolicitudProceso.xhtml HTTP/1.1" 200 5658
181.61.4.6 - - [03/Feb/2024:15:06:30 -0500] "POST /sipse/faces/presentacion/financiero/solicitudProceso/consultarSolicitudProceso.xhtml HTTP/1.1" 200 33027
181.61.4.6 - - [03/Feb/2024:15:06:31 -0500] "GET /sipse/faces/javax.faces.resource/jquery/jquery.js?ln=primefaces&v=4.0 HTTP/1.1" 304 -
181.61.4.6 - - [03/Feb/2024:15:06:31 -0500] "GET /sipse/faces/javax.faces.resource/jquery/jquery-plugins.js?ln=primefaces&v=4.0 HTTP/1.1" 304 -
181.61.4.6 - - [03/Feb/2024:15:06:31 -0500] "GET /sipse/faces/javax.faces.resource/primefaces.js?ln=primefaces&v=4.0 HTTP/1.1" 304 -
181.61.4.6 - - [03/Feb/2024:15:06:31 -0500] "GET /sipse/faces/javax.faces.resource/layout/layout.js?ln=primefaces&v=4.0 HTTP/1.1" 304 -
181.61.4.6 - - [03/Feb/2024:15:06:31 -0500] "POST /sipse/faces/presentacion/financiero/solicitudProceso/listarSolicitudProceso.xhtml HTTP/1.1" 200 1376
181.61.4.6 - - [03/Feb/2024:15:06:34 -0500] "POST /sipse/faces/presentacion/financiero/solicitudProceso/listarSolicitudProceso.xhtml HTTP/1.1" 200 24760
181.61.4.6 - - [03/Feb/2024:15:06:34 -0500] "POST /sipse/faces/presentacion/financiero/solicitudProceso/listarSolicitudProceso.xhtml HTTP/1.1" 200 24768
181.61.4.6 - - [03/Feb/2024:15:06:34 -0500] "POST /sipse/faces/presentacion/financiero/solicitudProceso/listarSolicitudProceso.xhtml HTTP/1.1" 200 1420
181.61.4.6 - - [03/Feb/2024:15:06:34 -0500] "POST /sipse/faces/presentacion/financiero/solicitudProceso/listarSolicitudProceso.xhtml HTTP/1.1" 200 1428
181.61.4.6 - - [03/Feb/2024:15:06:35 -0500] "POST /sipse/faces/presentacion/financiero/solicitudProceso/listarSolicitudProceso.xhtml HTTP/1.1" 200 2673
181.61.4.6 - - [03/Feb/2024:15:06:37 -0500] "POST /sipse/faces/presentacion/financiero/solicitudProceso/listarSolicitudProceso.xhtml HTTP/1.1" 200 41831
181.61.4.6 - - [03/Feb/2024:15:06:37 -0500] "GET /sipse/faces/javax.faces.resource/jquery/jquery.js?ln=primefaces&v=4.0 HTTP/1.1" 304 -
181.61.4.6 - - [03/Feb/2024:15:06:37 -0500] "GET /sipse/faces/javax.faces.resource/jquery/jquery-plugins.js?ln=primefaces&v=4.0 HTTP/1.1" 304 -
181.61.4.6 - - [03/Feb/2024:15:06:37 -0500] "GET /sipse/faces/javax.faces.resource/primefaces.js?ln=primefaces&v=4.0 HTTP/1.1" 304 -
181.61.4.6 - - [03/Feb/2024:15:06:37 -0500] "GET /sipse/faces/javax.faces.resource/layout/layout.js?ln=primefaces&v=4.0 HTTP/1.1" 304 -
181.61.4.6 - - [03/Feb/2024:15:06:37 -0500] "POST /sipse/faces/presentacion/financiero/solicitudProceso/consultar.xhtml HTTP/1.1" 200 35247
181.61.4.6 - - [03/Feb/2024:15:06:46 -0500] "POST /sipse/faces/presentacion/financiero/solicitudProceso/consultar.xhtml HTTP/1.1" 200 97865
181.61.4.6 - - [03/Feb/2024:15:06:47 -0500] "GET /sipse/faces/javax.faces.resource/jquery/jquery.js?ln=primefaces&v=4.0 HTTP/1.1" 304 -
181.61.4.6 - - [03/Feb/2024:15:06:47 -0500] "GET /sipse/faces/javax.faces.resource/jquery/jquery-plugins.js?ln=primefaces&v=4.0 HTTP/1.1" 304 -
181.61.4.6 - - [03/Feb/2024:15:06:47 -0500] "GET /sipse/faces/javax.faces.resource/primefaces.js?ln=primefaces&v=4.0 HTTP/1.1" 304 -
181.61.4.6 - - [03/Feb/2024:15:06:47 -0500] "GET /sipse/faces/javax.faces.resource/layout/layout.js?ln=primefaces&v=4.0 HTTP/1.1" 304 -
186.31.179.94 - - [03/Feb/2024:15:07:04 -0500] "GET /sipse/faces/javax.faces.resource/images/ui-bg_flat_0_2d5972_40x100.png?ln=primefaces-aristo HTTP/1.1" 304 -
186.31.179.94 - - [03/Feb/2024:15:07:04 -0500] "POST /sipse/faces/presentacion/sistema/reporte/ventanaVerReporteParametros.xhtml HTTP/1.1" 200 42792
186.31.179.94 - - [03/Feb/2024:15:07:05 -0500] "GET /sipse/faces/javax.faces.resource/jquery/jquery.js?ln=primefaces&v=4.0 HTTP/1.1" 304 -
186.31.179.94 - - [03/Feb/2024:15:07:05 -0500] "GET /sipse/faces/javax.faces.resource/jquery/jquery-plugins.js?ln=primefaces&v=4.0 HTTP/1.1" 304 -
186.31.179.94 - - [03/Feb/2024:15:07:05 -0500] "GET /sipse/faces/javax.faces.resource/primefaces.js?ln=primefaces&v=4.0 HTTP/1.1" 304 -
186.31.179.94 - - [03/Feb/2024:15:07:05 -0500] "GET /sipse/faces/javax.faces.resource/layout/layout.js?ln=primefaces&v=4.0 HTTP/1.1" 304 -
186.31.179.94 - - [03/Feb/2024:15:07:05 -0500] "POST /sipse/faces/presentacion/financiero/solicitudProceso/listarSolicitudProceso.xhtml HTTP/1.1" 200 1416
186.31.179.94 - - [03/Feb/2024:15:07:07 -0500] "POST /sipse/faces/presentacion/financiero/solicitudProceso/listarSolicitudProceso.xhtml HTTP/1.1" 200 141743
186.31.179.94 - - [03/Feb/2024:15:07:08 -0500] "GET /sipse/faces/javax.faces.resource/jquery/jquery.js?ln=primefaces&v=4.0 HTTP/1.1" 304 -
186.31.179.94 - - [03/Feb/2024:15:07:08 -0500] "GET /sipse/faces/javax.faces.resource/jquery/jquery-plugins.js?ln=primefaces&v=4.0 HTTP/1.1" 304 -
186.31.179.94 - - [03/Feb/2024:15:07:08 -0500] "GET /sipse/faces/javax.faces.resource/primefaces.js?ln=primefaces&v=4.0 HTTP/1.1" 304 -
186.31.179.94 - - [03/Feb/2024:15:07:08 -0500] "GET /sipse/faces/javax.faces.resource/layout/layout.js?ln=primefaces&v=4.0 HTTP/1.1" 304 -
186.31.179.94 - - [03/Feb/2024:15:07:23 -0500] "POST /sipse/faces/presentacion/financiero/solicitudProceso/consultarSolicitudProceso.xhtml HTTP/1.1" 200 5537
186.31.179.94 - - [03/Feb/2024:15:07:23 -0500] "GET /sipse/faces/javax.faces.resource/dynamiccontent.properties?ln=primefaces&pfdrid=XjOR5%2F%2FfPAZAuY9TpWQeCiM0BhlXxYRBGKi%2FQcXXfeA%3D&pfdrid_c=false HTTP/1.1" 200 120516
186.31.179.94 - - [03/Feb/2024:15:07:53 -0500] "POST /sipse/faces/presentacion/financiero/solicitudProceso/consultarSolicitudProceso.xhtml HTTP/1.1" 200 2116499
52.167.144.166 - - [03/Feb/2024:15:07:54 -0500] "GET /appsia/controlador HTTP/1.1" 200 4799
186.31.179.94 - - [03/Feb/2024:15:08:38 -0500] "POST /sipse/faces/presentacion/financiero/solicitudProceso/consultarSolicitudProceso.xhtml HTTP/1.1" 200 5522
52.167.144.212 - - [03/Feb/2024:15:08:44 -0500] "GET /appsia/scripts/validarIngreso.js HTTP/1.1" 200 851
207.46.13.7 - - [03/Feb/2024:15:08:48 -0500] "GET /appsia/css/estilos.css HTTP/1.1" 200 4804
201.245.192.253 - - [03/Feb/2024:15:09:11 -0500] "POST /kwsrmcab/Wsrmcab  HTTP/1.1" 200 37857
20.240.13.240 - - [03/Feb/2024:15:09:26 -0500] "GET /Publicaciones/2023EE312816.pdf HTTP/1.1" 404 228
172.22.2.4 - - [03/Feb/2024:15:07:55 -0500] "HEAD /BLA/boletinlegal/ HTTP/1.1" 200 -
186.31.179.94 - - [03/Feb/2024:15:09:59 -0500] "POST /sipse/faces/presentacion/financiero/solicitudProceso/consultarSolicitudProceso.xhtml HTTP/1.1" 200 7936869
186.31.179.94 - - [03/Feb/2024:15:10:03 -0500] "POST /sipse/faces/presentacion/financiero/solicitudProceso/consultarSolicitudProceso.xhtml HTTP/1.1" 200 87051
172.22.2.4 - - [03/Feb/2024:15:08:45 -0500] "GET /BLA/boletinlegal/ HTTP/1.1" 200 58303
216.245.221.92 - - [03/Feb/2024:15:11:02 -0500] "HEAD / HTTP/1.1" 200 -
172.22.2.4 - - [03/Feb/2024:15:11:19 -0500] "GET /BLA/boletinlegal/jurisprudencia/analisis/AnalisisT-606-15.docx HTTP/1.1" 200 26698
172.22.2.4 - - [03/Feb/2024:15:11:20 -0500] "GET /BLA/boletinlegal/apple-touch-icon-120x120-precomposed.png HTTP/1.1" 404 1140
172.22.2.4 - - [03/Feb/2024:15:11:20 -0500] "GET /BLA/boletinlegal/apple-touch-icon-120x120.png HTTP/1.1" 404 1140
172.22.2.4 - - [03/Feb/2024:15:11:20 -0500] "GET /BLA/boletinlegal/apple-touch-icon-precomposed.png HTTP/1.1" 404 1140
172.22.2.4 - - [03/Feb/2024:15:11:20 -0500] "GET /BLA/boletinlegal/apple-touch-icon.png HTTP/1.1" 404 1140
172.22.2.4 - - [03/Feb/2024:15:11:20 -0500] "GET /BLA/boletinlegal/favicon.ico HTTP/1.1" 404 1140
172.22.2.4 - - [03/Feb/2024:15:11:20 -0500] "GET /BLA/boletinlegal/apple-touch-icon-120x120-precomposed.png HTTP/1.1" 404 1140
172.22.2.4 - - [03/Feb/2024:15:11:20 -0500] "GET /BLA/boletinlegal/apple-touch-icon-120x120.png HTTP/1.1" 404 1140
172.22.2.4 - - [03/Feb/2024:15:11:20 -0500] "GET /BLA/boletinlegal/apple-touch-icon-precomposed.png HTTP/1.1" 404 1140
172.22.2.4 - - [03/Feb/2024:15:11:20 -0500] "GET /BLA/boletinlegal/apple-touch-icon.png HTTP/1.1" 404 1140
172.22.2.4 - - [03/Feb/2024:15:11:20 -0500] "GET /BLA/boletinlegal/favicon.ico HTTP/1.1" 404 1140
186.31.179.94 - - [03/Feb/2024:15:12:27 -0500] "POST /sipse/faces/presentacion/financiero/solicitudProceso/consultarSolicitudProceso.xhtml HTTP/1.1" 200 7936869
186.31.179.94 - - [03/Feb/2024:15:12:59 -0500] "POST /sipse/faces/presentacion/financiero/solicitudProceso/consultarSolicitudProceso.xhtml HTTP/1.1" 200 5526
201.245.192.253 - - [03/Feb/2024:15:14:10 -0500] "POST /kwsrmcab/Wsrmcab  HTTP/1.1" 200 37857
216.244.66.195 - - [03/Feb/2024:15:14:48 -0500] "GET /BLA/resoluciones/RESOLUCIONES%202008/4389.pdf HTTP/1.1" 200 555998
216.244.66.195 - - [03/Feb/2024:15:15:12 -0500] "GET /BLA/resoluciones/RESOLUCIONES%202010/3849.pdf HTTP/1.1" 200 709968
40.77.202.120 - - [03/Feb/2024:15:15:17 -0500] "GET /portaldeninos/wp-content/themes/betheme/fonts/mfn-icons.woff?93978679 HTTP/1.1" 200 80932
172.22.2.4 - - [03/Feb/2024:15:13:45 -0500] "HEAD /BLA/boletinlegal/ HTTP/1.1" 200 -
216.244.66.195 - - [03/Feb/2024:15:15:32 -0500] "GET /BLA/resoluciones/RESOLUCIONES%202010/5893.pdf HTTP/1.1" 200 275686
216.245.221.92 - - [03/Feb/2024:15:16:01 -0500] "HEAD / HTTP/1.1" 200 -
172.22.2.4 - - [03/Feb/2024:15:14:35 -0500] "GET /BLA/boletinlegal/ HTTP/1.1" 200 58677
186.31.179.94 - - [03/Feb/2024:15:17:45 -0500] "POST /sipse/faces/presentacion/financiero/solicitudProceso/consultarSolicitudProceso.xhtml HTTP/1.1" 200 43234
186.31.179.94 - - [03/Feb/2024:15:17:47 -0500] "GET /sipse/faces/javax.faces.resource/jquery/jquery.js?ln=primefaces&v=4.0 HTTP/1.1" 304 -
186.31.179.94 - - [03/Feb/2024:15:17:47 -0500] "GET /sipse/faces/javax.faces.resource/jquery/jquery-plugins.js?ln=primefaces&v=4.0 HTTP/1.1" 304 -
186.31.179.94 - - [03/Feb/2024:15:17:47 -0500] "GET /sipse/faces/javax.faces.resource/primefaces.js?ln=primefaces&v=4.0 HTTP/1.1" 304 -
186.31.179.94 - - [03/Feb/2024:15:17:47 -0500] "GET /sipse/faces/javax.faces.resource/layout/layout.js?ln=primefaces&v=4.0 HTTP/1.1" 304 -
186.31.179.94 - - [03/Feb/2024:15:17:47 -0500] "GET /sipse/faces/javax.faces.resource/messages/messages.png?ln=primefaces&v=4.0 HTTP/1.1" 304 -
186.31.179.94 - - [03/Feb/2024:15:17:47 -0500] "POST /sipse/faces/presentacion/financiero/solicitudProceso/listarSolicitudProceso.xhtml HTTP/1.1" 200 1416
186.31.179.94 - - [03/Feb/2024:15:17:50 -0500] "POST /sipse/faces/presentacion/financiero/solicitudProceso/listarSolicitudProceso.xhtml HTTP/1.1" 200 31546
186.31.179.94 - - [03/Feb/2024:15:17:54 -0500] "POST /sipse/faces/presentacion/financiero/solicitudProceso/listarSolicitudProceso.xhtml HTTP/1.1" 200 4934
186.31.179.94 - - [03/Feb/2024:15:18:01 -0500] "POST /sipse/faces/presentacion/financiero/solicitudProceso/listarSolicitudProceso.xhtml HTTP/1.1" 200 33615
186.31.179.94 - - [03/Feb/2024:15:18:01 -0500] "GET /sipse/faces/javax.faces.resource/jquery/jquery.js?ln=primefaces&v=4.0 HTTP/1.1" 304 -
186.31.179.94 - - [03/Feb/2024:15:18:01 -0500] "GET /sipse/faces/javax.faces.resource/jquery/jquery-plugins.js?ln=primefaces&v=4.0 HTTP/1.1" 304 -
186.31.179.94 - - [03/Feb/2024:15:18:01 -0500] "GET /sipse/faces/javax.faces.resource/primefaces.js?ln=primefaces&v=4.0 HTTP/1.1" 304 -
186.31.179.94 - - [03/Feb/2024:15:18:01 -0500] "GET /sipse/faces/javax.faces.resource/layout/layout.js?ln=primefaces&v=4.0 HTTP/1.1" 304 -
186.31.179.94 - - [03/Feb/2024:15:18:01 -0500] "POST /sipse/faces/presentacion/sistema/reporte/listarReportes.xhtml HTTP/1.1" 200 27046
186.31.179.94 - - [03/Feb/2024:15:18:01 -0500] "POST /sipse/faces/presentacion/sistema/reporte/listarReportes.xhtml HTTP/1.1" 200 27046
186.31.179.94 - - [03/Feb/2024:15:18:01 -0500] "POST /sipse/faces/presentacion/sistema/reporte/listarReportes.xhtml HTTP/1.1" 200 27046
186.31.179.94 - - [03/Feb/2024:15:19:05 -0500] "POST /sipse/faces/presentacion/sistema/reporte/listarReportes.xhtml HTTP/1.1" 200 22243
186.31.179.94 - - [03/Feb/2024:15:19:06 -0500] "GET /sipse/faces/javax.faces.resource/theme.css?ln=primefaces-sipse HTTP/1.1" 304 -
186.31.179.94 - - [03/Feb/2024:15:19:06 -0500] "GET /sipse/faces/javax.faces.resource/primefaces.css?ln=primefaces&v=4.0 HTTP/1.1" 304 -
186.31.179.94 - - [03/Feb/2024:15:19:06 -0500] "GET /sipse/faces/javax.faces.resource/layout/layout.css?ln=primefaces&v=4.0 HTTP/1.1" 304 -
186.31.179.94 - - [03/Feb/2024:15:19:06 -0500] "GET /sipse/faces/javax.faces.resource/jquery/jquery.js?ln=primefaces&v=4.0 HTTP/1.1" 304 -
186.31.179.94 - - [03/Feb/2024:15:19:06 -0500] "GET /sipse/faces/javax.faces.resource/jquery/jquery-plugins.js?ln=primefaces&v=4.0 HTTP/1.1" 304 -
186.31.179.94 - - [03/Feb/2024:15:19:06 -0500] "GET /sipse/faces/javax.faces.resource/primefaces.js?ln=primefaces&v=4.0 HTTP/1.1" 304 -
186.31.179.94 - - [03/Feb/2024:15:19:06 -0500] "GET /sipse/faces/javax.faces.resource/layout/layout.js?ln=primefaces&v=4.0 HTTP/1.1" 304 -
186.31.179.94 - - [03/Feb/2024:15:19:06 -0500] "GET /sipse/faces/javax.faces.resource/images/ui-icons_898989_256x240.png?ln=primefaces-aristo HTTP/1.1" 304 -
201.245.192.253 - - [03/Feb/2024:15:19:09 -0500] "POST /kwsrmcab/Wsrmcab  HTTP/1.1" 200 37857
201.245.192.253 - - [03/Feb/2024:15:19:10 -0500] "POST /kwsrmcab/Wsrmcab HTTP/1.1" 200 40518
201.245.192.253 - - [03/Feb/2024:15:19:13 -0500] "POST /kwsrmcab/Wsrmcab HTTP/1.1" 200 37012
201.245.192.253 - - [03/Feb/2024:15:19:18 -0500] "POST /kwsrmcab/Wsrmcab HTTP/1.1" 200 38986
186.31.179.94 - - [03/Feb/2024:15:19:47 -0500] "GET /sipse/faces/javax.faces.resource/images/ui-bg_flat_0_2d5972_40x100.png?ln=primefaces-aristo HTTP/1.1" 304 -
186.31.179.94 - - [03/Feb/2024:15:19:47 -0500] "POST /sipse/faces/presentacion/sistema/reporte/ventanaVerReporteParametros.xhtml HTTP/1.1" 200 39820
186.31.179.94 - - [03/Feb/2024:15:19:47 -0500] "GET /sipse/faces/javax.faces.resource/jquery/jquery.js?ln=primefaces&v=4.0 HTTP/1.1" 304 -
186.31.179.94 - - [03/Feb/2024:15:19:47 -0500] "GET /sipse/faces/javax.faces.resource/jquery/jquery-plugins.js?ln=primefaces&v=4.0 HTTP/1.1" 304 -
186.31.179.94 - - [03/Feb/2024:15:19:47 -0500] "GET /sipse/faces/javax.faces.resource/primefaces.js?ln=primefaces&v=4.0 HTTP/1.1" 304 -
186.31.179.94 - - [03/Feb/2024:15:19:47 -0500] "GET /sipse/faces/javax.faces.resource/layout/layout.js?ln=primefaces&v=4.0 HTTP/1.1" 304 -
186.31.179.94 - - [03/Feb/2024:15:19:47 -0500] "POST /sipse/faces/presentacion/financiero/solicitudProceso/listarSolicitudProceso.xhtml HTTP/1.1" 200 1396
186.31.179.94 - - [03/Feb/2024:15:19:49 -0500] "POST /sipse/faces/presentacion/financiero/solicitudProceso/listarSolicitudProceso.xhtml HTTP/1.1" 200 149265
186.31.179.94 - - [03/Feb/2024:15:19:50 -0500] "GET /sipse/faces/javax.faces.resource/jquery/jquery.js?ln=primefaces&v=4.0 HTTP/1.1" 304 -
186.31.179.94 - - [03/Feb/2024:15:19:50 -0500] "GET /sipse/faces/javax.faces.resource/jquery/jquery-plugins.js?ln=primefaces&v=4.0 HTTP/1.1" 304 -
186.31.179.94 - - [03/Feb/2024:15:19:50 -0500] "GET /sipse/faces/javax.faces.resource/primefaces.js?ln=primefaces&v=4.0 HTTP/1.1" 304 -
186.31.179.94 - - [03/Feb/2024:15:19:51 -0500] "GET /sipse/faces/javax.faces.resource/layout/layout.js?ln=primefaces&v=4.0 HTTP/1.1" 304 -
186.31.179.94 - - [03/Feb/2024:15:19:56 -0500] "POST /sipse/faces/presentacion/financiero/solicitudProceso/consultarSolicitudProceso.xhtml HTTP/1.1" 200 2239999
66.249.66.21 - - [03/Feb/2024:15:19:58 -0500] "GET /BLA/resoluciones/RESOLUCIONES%202018/2417.pdf HTTP/1.1" 200 373720
186.31.179.94 - - [03/Feb/2024:15:20:03 -0500] "POST /sipse/faces/presentacion/financiero/solicitudProceso/consultarSolicitudProceso.xhtml HTTP/1.1" 200 5239055
186.31.179.94 - - [03/Feb/2024:15:20:04 -0500] "POST /sipse/faces/presentacion/financiero/solicitudProceso/consultarSolicitudProceso.xhtml HTTP/1.1" 200 2980021
186.31.179.94 - - [03/Feb/2024:15:20:13 -0500] "POST /sipse/faces/presentacion/financiero/solicitudProceso/consultarSolicitudProceso.xhtml HTTP/1.1" 200 2141684
201.245.192.253 - - [03/Feb/2024:15:20:18 -0500] "POST /kwsrmcab/Wsrmcab HTTP/1.1" 200 37012
47.128.43.111 - - [03/Feb/2024:15:20:31 -0500] "GET /BLA/resoluciones/RESOLUCIONES%202005/RES%202005%203151-3180/INDEX.DAT HTTP/1.1" 200 1200
186.31.179.94 - - [03/Feb/2024:15:20:49 -0500] "POST /sipse/faces/presentacion/financiero/solicitudProceso/consultarSolicitudProceso.xhtml HTTP/1.1" 200 5537
186.31.179.94 - - [03/Feb/2024:15:20:49 -0500] "GET /sipse/faces/javax.faces.resource/dynamiccontent.properties?ln=primefaces&pfdrid=XjOR5%2F%2FfPAZAuY9TpWQeCiM0BhlXxYRBGKi%2FQcXXfeA%3D&pfdrid_c=false HTTP/1.1" 200 120536
216.245.221.92 - - [03/Feb/2024:15:21:01 -0500] "HEAD / HTTP/1.1" 200 -
186.31.179.94 - - [03/Feb/2024:15:21:10 -0500] "POST /sipse/faces/presentacion/financiero/solicitudProceso/consultarSolicitudProceso.xhtml HTTP/1.1" 200 5522
172.22.2.4 - - [03/Feb/2024:15:19:35 -0500] "HEAD /BLA/boletinlegal/ HTTP/1.1" 200 -
186.31.179.94 - - [03/Feb/2024:15:21:54 -0500] "POST /sipse/faces/presentacion/financiero/solicitudProceso/consultarSolicitudProceso.xhtml HTTP/1.1" 200 81562
172.22.2.4 - - [03/Feb/2024:15:20:25 -0500] "GET /BLA/boletinlegal/ HTTP/1.1" 200 52377
52.167.144.161 - - [03/Feb/2024:15:22:27 -0500] "GET /BLA/resoluciones/RESOLUCIONES%202021/5612.pdf HTTP/1.1" 304 -
157.55.39.200 - - [03/Feb/2024:15:23:41 -0500] "GET /Publicaciones/2024EE14803.pdf HTTP/1.1" 404 227
31.13.103.111 - - [03/Feb/2024:15:23:42 -0500] "GET /conoce-las-actividades-en-bogota-para-celebrar-el-dia-mundial-de-los-humedales.html HTTP/1.1" 200 859
173.252.79.6 - - [03/Feb/2024:15:23:43 -0500] "GET /conoce-las-actividades-en-bogota-para-celebrar-el-dia-mundial-de-los-humedales.html HTTP/1.1" 200 859
216.244.66.195 - - [03/Feb/2024:15:23:58 -0500] "GET /galeria/galeria/fotos/Movilizacio-por-el-agua2G.jpg HTTP/1.1" 200 72365
201.245.192.253 - - [03/Feb/2024:15:24:08 -0500] "POST /kwsrmcab/Wsrmcab  HTTP/1.1" 200 37857
173.252.79.4 - - [03/Feb/2024:15:24:42 -0500] "GET /images/31%20de%20enero%20humedal%20La%20Conejera.jpg HTTP/1.1" 200 33808
186.87.116.120 - - [03/Feb/2024:15:25:57 -0500] "GET /sipse/faces/faces/ HTTP/1.1" 302 -
186.87.116.120 - - [03/Feb/2024:15:25:57 -0500] "GET /sipse/faces/autenticacion.xhtml HTTP/1.1" 200 12404
186.87.116.120 - - [03/Feb/2024:15:25:57 -0500] "GET /sipse/faces/javax.faces.resource/theme.css?ln=primefaces-sipse HTTP/1.1" 304 -
186.87.116.120 - - [03/Feb/2024:15:25:57 -0500] "GET /sipse/faces/javax.faces.resource/primefaces.css?ln=primefaces&v=4.0 HTTP/1.1" 304 -
186.87.116.120 - - [03/Feb/2024:15:25:57 -0500] "GET /sipse/css/custom_css_sg.css HTTP/1.1" 304 -
186.87.116.120 - - [03/Feb/2024:15:25:57 -0500] "GET /sipse/css/custom_css_sg_prime_login.css HTTP/1.1" 304 -
186.87.116.120 - - [03/Feb/2024:15:25:57 -0500] "GET /sipse/js/disable_browser_buttons.js HTTP/1.1" 304 -
186.87.116.120 - - [03/Feb/2024:15:25:57 -0500] "GET /sipse/faces/javax.faces.resource/layout/layout.css?ln=primefaces&v=4.0 HTTP/1.1" 304 -
186.87.116.120 - - [03/Feb/2024:15:25:57 -0500] "GET /sipse/js/funciones.js HTTP/1.1" 304 -
186.87.116.120 - - [03/Feb/2024:15:25:57 -0500] "GET /sipse/faces/javax.faces.resource/jquery/jquery.js?ln=primefaces&v=4.0 HTTP/1.1" 304 -
186.87.116.120 - - [03/Feb/2024:15:25:57 -0500] "GET /sipse/faces/javax.faces.resource/jquery/jquery-plugins.js?ln=primefaces&v=4.0 HTTP/1.1" 304 -
186.87.116.120 - - [03/Feb/2024:15:25:57 -0500] "GET /sipse/faces/javax.faces.resource/primefaces.js?ln=primefaces&v=4.0 HTTP/1.1" 304 -
186.87.116.120 - - [03/Feb/2024:15:25:57 -0500] "GET /sipse/faces/javax.faces.resource/layout/layout.js?ln=primefaces&v=4.0 HTTP/1.1" 304 -
186.87.116.120 - - [03/Feb/2024:15:25:57 -0500] "GET /sipse/css/imagen/logoSDG.png HTTP/1.1" 304 -
186.87.116.120 - - [03/Feb/2024:15:25:57 -0500] "GET /sipse/css/imagen/loginimg.png HTTP/1.1" 304 -
186.87.116.120 - - [03/Feb/2024:15:25:57 -0500] "GET /sipse/faces/javax.faces.resource/images/ui-icons_898989_256x240.png?ln=primefaces-aristo HTTP/1.1" 304 -
186.87.116.120 - - [03/Feb/2024:15:25:58 -0500] "GET /sipse/faces/index.xhtml HTTP/1.1" 200 677
186.87.116.120 - - [03/Feb/2024:15:25:58 -0500] "GET /sipse/faces/javax.faces.resource/theme.css?ln=primefaces-sipse HTTP/1.1" 304 -
186.87.116.120 - - [03/Feb/2024:15:25:58 -0500] "GET /sipse/faces/faces/autenticacion.xhtml HTTP/1.1" 200 12404
186.87.116.120 - - [03/Feb/2024:15:25:58 -0500] "GET /sipse/faces/javax.faces.resource/theme.css?ln=primefaces-sipse HTTP/1.1" 304 -
186.87.116.120 - - [03/Feb/2024:15:25:58 -0500] "GET /sipse/faces/javax.faces.resource/layout/layout.css?ln=primefaces&v=4.0 HTTP/1.1" 304 -
186.87.116.120 - - [03/Feb/2024:15:25:58 -0500] "GET /sipse/faces/javax.faces.resource/jquery/jquery-plugins.js?ln=primefaces&v=4.0 HTTP/1.1" 304 -
186.87.116.120 - - [03/Feb/2024:15:25:58 -0500] "GET /sipse/faces/javax.faces.resource/jquery/jquery.js?ln=primefaces&v=4.0 HTTP/1.1" 304 -
186.87.116.120 - - [03/Feb/2024:15:25:58 -0500] "GET /sipse/faces/javax.faces.resource/primefaces.css?ln=primefaces&v=4.0 HTTP/1.1" 304 -
186.87.116.120 - - [03/Feb/2024:15:25:58 -0500] "GET /sipse/faces/javax.faces.resource/primefaces.js?ln=primefaces&v=4.0 HTTP/1.1" 304 -
186.87.116.120 - - [03/Feb/2024:15:25:58 -0500] "GET /sipse/faces/javax.faces.resource/layout/layout.js?ln=primefaces&v=4.0 HTTP/1.1" 304 -
216.245.221.92 - - [03/Feb/2024:15:26:01 -0500] "HEAD / HTTP/1.1" 200 -
186.87.116.120 - - [03/Feb/2024:15:26:01 -0500] "POST /sipse/faces/autenticacion.xhtml HTTP/1.1" 200 16166
186.87.116.120 - - [03/Feb/2024:15:26:02 -0500] "GET /sipse/css/custom_css_sg_prime.css HTTP/1.1" 304 -
186.87.116.120 - - [03/Feb/2024:15:26:02 -0500] "GET /sipse/js/jquery.min.js HTTP/1.1" 304 -
186.87.116.120 - - [03/Feb/2024:15:26:02 -0500] "GET /sipse/faces/javax.faces.resource/theme.css?ln=primefaces-sipse HTTP/1.1" 304 -
186.87.116.120 - - [03/Feb/2024:15:26:02 -0500] "GET /sipse/faces/javax.faces.resource/primefaces.css?ln=primefaces&v=4.0 HTTP/1.1" 304 -
186.87.116.120 - - [03/Feb/2024:15:26:02 -0500] "GET /sipse/faces/javax.faces.resource/layout/layout.css?ln=primefaces&v=4.0 HTTP/1.1" 304 -
186.87.116.120 - - [03/Feb/2024:15:26:02 -0500] "GET /sipse/faces/javax.faces.resource/jquery/jquery.js?ln=primefaces&v=4.0 HTTP/1.1" 304 -
186.87.116.120 - - [03/Feb/2024:15:26:02 -0500] "GET /sipse/faces/javax.faces.resource/jquery/jquery-plugins.js?ln=primefaces&v=4.0 HTTP/1.1" 304 -
186.87.116.120 - - [03/Feb/2024:15:26:02 -0500] "GET /sipse/faces/javax.faces.resource/primefaces.js?ln=primefaces&v=4.0 HTTP/1.1" 304 -
186.87.116.120 - - [03/Feb/2024:15:26:02 -0500] "GET /sipse/faces/javax.faces.resource/layout/layout.js?ln=primefaces&v=4.0 HTTP/1.1" 304 -
186.87.116.120 - - [03/Feb/2024:15:26:02 -0500] "GET /sipse/imagenes/cargando.gif HTTP/1.1" 304 -
186.87.116.120 - - [03/Feb/2024:15:26:02 -0500] "GET /sipse/css/imagen/contrasena.png HTTP/1.1" 404 383
186.87.116.120 - - [03/Feb/2024:15:26:02 -0500] "GET /sipse/css/v_mergente.css HTTP/1.1" 304 -
186.87.116.120 - - [03/Feb/2024:15:26:02 -0500] "GET /sipse/imagenes/logoAplicacion.jpg HTTP/1.1" 304 -
186.87.116.120 - - [03/Feb/2024:15:26:03 -0500] "GET /sipse/faces/javax.faces.resource/messages/messages.png?ln=primefaces&v=4.0 HTTP/1.1" 304 -
186.87.116.120 - - [03/Feb/2024:15:26:04 -0500] "GET /sipse/faces/javax.faces.resource/images/ui-bg_flat_0_2d5972_40x100.png?ln=primefaces-aristo HTTP/1.1" 304 -
186.87.116.120 - - [03/Feb/2024:15:26:04 -0500] "POST /sipse/faces/bienvenido.xhtml HTTP/1.1" 200 1471
186.87.116.120 - - [03/Feb/2024:15:26:05 -0500] "POST /sipse/faces/bienvenido.xhtml HTTP/1.1" 200 61233
186.87.116.120 - - [03/Feb/2024:15:26:05 -0500] "GET /sipse/faces/javax.faces.resource/theme.css?ln=primefaces-sipse HTTP/1.1" 304 -
186.87.116.120 - - [03/Feb/2024:15:26:05 -0500] "GET /sipse/faces/javax.faces.resource/primefaces.css?ln=primefaces&v=4.0 HTTP/1.1" 304 -
186.87.116.120 - - [03/Feb/2024:15:26:05 -0500] "GET /sipse/faces/javax.faces.resource/layout/layout.css?ln=primefaces&v=4.0 HTTP/1.1" 304 -
186.87.116.120 - - [03/Feb/2024:15:26:05 -0500] "GET /sipse/faces/javax.faces.resource/jquery/jquery.js?ln=primefaces&v=4.0 HTTP/1.1" 304 -
186.87.116.120 - - [03/Feb/2024:15:26:05 -0500] "GET /sipse/faces/javax.faces.resource/jquery/jquery-plugins.js?ln=primefaces&v=4.0 HTTP/1.1" 304 -
186.87.116.120 - - [03/Feb/2024:15:26:05 -0500] "GET /sipse/faces/javax.faces.resource/primefaces.js?ln=primefaces&v=4.0 HTTP/1.1" 304 -
186.87.116.120 - - [03/Feb/2024:15:26:05 -0500] "GET /sipse/faces/javax.faces.resource/layout/layout.js?ln=primefaces&v=4.0 HTTP/1.1" 304 -
186.87.116.120 - - [03/Feb/2024:15:26:06 -0500] "POST /sipse/faces/presentacion/financiero/solicitudProceso/listarSolicitudProceso.xhtml HTTP/1.1" 200 1556
186.87.116.120 - - [03/Feb/2024:15:26:11 -0500] "POST /sipse/faces/presentacion/financiero/solicitudProceso/listarSolicitudProceso.xhtml HTTP/1.1" 200 14139
186.87.116.120 - - [03/Feb/2024:15:26:19 -0500] "GET /sipse/faces/javax.faces.resource/images/ui-icons_898989_256x240.png?ln=primefaces-aristo HTTP/1.1" 304 -
186.87.116.120 - - [03/Feb/2024:15:26:20 -0500] "POST /sipse/faces/presentacion/financiero/solicitudProceso/listarSolicitudProceso.xhtml HTTP/1.1" 200 139525
186.87.116.120 - - [03/Feb/2024:15:26:21 -0500] "GET /sipse/faces/javax.faces.resource/theme.css?ln=primefaces-sipse HTTP/1.1" 304 -
186.87.116.120 - - [03/Feb/2024:15:26:21 -0500] "GET /sipse/faces/javax.faces.resource/layout/layout.css?ln=primefaces&v=4.0 HTTP/1.1" 304 -
186.87.116.120 - - [03/Feb/2024:15:26:21 -0500] "GET /sipse/faces/javax.faces.resource/primefaces.css?ln=primefaces&v=4.0 HTTP/1.1" 304 -
186.87.116.120 - - [03/Feb/2024:15:26:21 -0500] "GET /sipse/faces/javax.faces.resource/jquery/jquery.js?ln=primefaces&v=4.0 HTTP/1.1" 304 -
186.87.116.120 - - [03/Feb/2024:15:26:21 -0500] "GET /sipse/faces/javax.faces.resource/jquery/jquery-plugins.js?ln=primefaces&v=4.0 HTTP/1.1" 304 -
186.87.116.120 - - [03/Feb/2024:15:26:21 -0500] "GET /sipse/faces/javax.faces.resource/primefaces.js?ln=primefaces&v=4.0 HTTP/1.1" 304 -
186.87.116.120 - - [03/Feb/2024:15:26:21 -0500] "GET /sipse/faces/javax.faces.resource/layout/layout.js?ln=primefaces&v=4.0 HTTP/1.1" 304 -
172.22.2.4 - - [03/Feb/2024:15:25:25 -0500] "HEAD /BLA/boletinlegal/ HTTP/1.1" 200 -
172.22.2.4 - - [03/Feb/2024:15:26:15 -0500] "GET /BLA/boletinlegal/ HTTP/1.1" 200 58677
186.87.116.120 - - [03/Feb/2024:15:28:19 -0500] "POST /sipse/faces/presentacion/financiero/solicitudProceso/consultarSolicitudProceso.xhtml HTTP/1.1" 200 5574
47.128.125.74 - - [03/Feb/2024:15:28:55 -0500] "GET /BLA/resoluciones/dlf/dirup.png HTTP/1.1" 200 644
47.128.125.74 - - [03/Feb/2024:15:28:55 -0500] "GET /BLA/resoluciones/dlf/unknown.png HTTP/1.1" 200 266
47.128.125.74 - - [03/Feb/2024:15:28:54 -0500] "GET /BLA/resoluciones/index.php?dir=RESOLUCIONES%202006%2FRES%202006%202201-2250%2F&order=asc&sort=name HTTP/1.1" 200 12366
201.245.192.253 - - [03/Feb/2024:15:29:06 -0500] "POST /kwsrmcab/Wsrmcab  HTTP/1.1" 200 37857
186.31.179.94 - - [03/Feb/2024:15:29:12 -0500] "POST /sipse/faces/presentacion/financiero/solicitudProceso/consultarSolicitudProceso.xhtml HTTP/1.1" 200 5526
201.245.192.253 - - [03/Feb/2024:15:29:11 -0500] "POST /kwsrmcab/Wsrmcab HTTP/1.1" 200 40518
201.245.192.253 - - [03/Feb/2024:15:29:13 -0500] "POST /kwsrmcab/Wsrmcab HTTP/1.1" 200 37012
201.245.192.253 - - [03/Feb/2024:15:29:18 -0500] "POST /kwsrmcab/Wsrmcab HTTP/1.1" 200 38986
186.87.116.120 - - [03/Feb/2024:15:29:25 -0500] "POST /sipse/faces/presentacion/financiero/solicitudProceso/consultarSolicitudProceso.xhtml HTTP/1.1" 200 119025
172.22.2.4 - - [03/Feb/2024:15:29:46 -0500] "GET /BLA/boletinlegal/jurisprudencia/analisis/AnalisisT-606-15.docx HTTP/1.1" 200 26698
172.22.2.4 - - [03/Feb/2024:15:29:46 -0500] "GET /BLA/boletinlegal/apple-touch-icon-120x120-precomposed.png HTTP/1.1" 404 1140
172.22.2.4 - - [03/Feb/2024:15:29:46 -0500] "GET /BLA/boletinlegal/apple-touch-icon-120x120.png HTTP/1.1" 404 1140
172.22.2.4 - - [03/Feb/2024:15:29:46 -0500] "GET /BLA/boletinlegal/apple-touch-icon-precomposed.png HTTP/1.1" 404 1140
172.22.2.4 - - [03/Feb/2024:15:29:46 -0500] "GET /BLA/boletinlegal/apple-touch-icon.png HTTP/1.1" 404 1140
172.22.2.4 - - [03/Feb/2024:15:29:46 -0500] "GET /BLA/boletinlegal/favicon.ico HTTP/1.1" 404 1140
172.22.2.4 - - [03/Feb/2024:15:29:46 -0500] "GET /BLA/boletinlegal/apple-touch-icon-120x120-precomposed.png HTTP/1.1" 404 1140
172.22.2.4 - - [03/Feb/2024:15:29:46 -0500] "GET /BLA/boletinlegal/apple-touch-icon-120x120.png HTTP/1.1" 404 1140
172.22.2.4 - - [03/Feb/2024:15:29:46 -0500] "GET /BLA/boletinlegal/apple-touch-icon-precomposed.png HTTP/1.1" 404 1140
172.22.2.4 - - [03/Feb/2024:15:29:46 -0500] "GET /BLA/boletinlegal/apple-touch-icon.png HTTP/1.1" 404 1140
172.22.2.4 - - [03/Feb/2024:15:29:46 -0500] "GET /BLA/boletinlegal/favicon.ico HTTP/1.1" 404 1140
201.245.192.253 - - [03/Feb/2024:15:30:19 -0500] "POST /kwsrmcab/Wsrmcab HTTP/1.1" 200 37012
181.61.4.6 - - [03/Feb/2024:15:30:22 -0500] "POST /sipse/faces/presentacion/financiero/solicitudProceso/consultarSolicitudProceso.xhtml HTTP/1.1" 200 911
216.245.221.92 - - [03/Feb/2024:15:31:01 -0500] "HEAD / HTTP/1.1" 200 -
172.22.2.4 - - [03/Feb/2024:15:31:15 -0500] "HEAD /BLA/boletinlegal/ HTTP/1.1" 200 -
172.22.2.4 - - [03/Feb/2024:15:33:27 -0500] "GET /BLA/boletinlegal/robots.txt HTTP/1.1" 404 1038
172.22.2.4 - - [03/Feb/2024:15:32:05 -0500] "GET /BLA/boletinlegal/ HTTP/1.1" 200 42072
172.22.2.4 - - [03/Feb/2024:15:32:09 -0500] "GET /BLA/boletinlegal/ HTTP/1.1" 200 42072
201.245.192.253 - - [03/Feb/2024:15:34:05 -0500] "POST /kwsrmcab/Wsrmcab  HTTP/1.1" 200 37857
157.55.39.49 - - [03/Feb/2024:15:35:22 -0500] "GET /BLA/resoluciones/AUTOS%202020/1693.pdf HTTP/1.1" 304 -
66.249.66.38 - - [03/Feb/2024:15:35:44 -0500] "GET /reporte-calidad-del-aire-15-de-agosto.html HTTP/1.1" 200 745
216.245.221.92 - - [03/Feb/2024:15:36:01 -0500] "HEAD / HTTP/1.1" 200 -
172.22.2.4 - - [03/Feb/2024:15:36:03 -0500] "GET /BLA/boletinlegal/Circulares/024%09/CIRCULAR%20No.%2000002%20DEL%2031%20DE%20ENERO%20DEL%202024%09.pdf HTTP/1.1" 403 1026
172.22.2.4 - - [03/Feb/2024:15:36:06 -0500] "GET /BLA/boletinlegal/Circulares/024%09/CIRCULAR%20No.%2000002%20DEL%2031%20DE%20ENERO%20DEL%202024%09.pdf HTTP/1.1" 403 1026
172.22.2.4 - - [03/Feb/2024:15:36:10 -0500] "GET /BLA/boletinlegal/Circulares/024%09/CIRCULAR%20No.%2000002%20DEL%2031%20DE%20ENERO%20DEL%202024%09.pdf HTTP/1.1" 403 1026
172.22.2.4 - - [03/Feb/2024:15:36:13 -0500] "GET /BLA/boletinlegal/Circulares/024%09/CIRCULAR%20No.%2000002%20DEL%2031%20DE%20ENERO%20DEL%202024%09.pdf HTTP/1.1" 403 1026
172.22.2.4 - - [03/Feb/2024:15:36:15 -0500] "GET /BLA/boletinlegal/Circulares/024%09/CIRCULAR%20No.%2000002%20DEL%2031%20DE%20ENERO%20DEL%202024%09.pdf HTTP/1.1" 403 1026
173.252.95.12 - - [03/Feb/2024:15:36:46 -0500] "GET /distrito-declara-alerta-preventiva-en-el-suroccidente-de-la-ciudad-por-mala-calidad-del-aire.html HTTP/1.1" 200 1065
157.55.39.49 - - [03/Feb/2024:15:38:33 -0500] "GET /BLA/resoluciones/AUTOS%202021/6828.pdf HTTP/1.1" 200 390149
172.22.2.4 - - [03/Feb/2024:15:37:04 -0500] "HEAD /BLA/boletinlegal/ HTTP/1.1" 200 -
201.245.192.253 - - [03/Feb/2024:15:39:04 -0500] "POST /kwsrmcab/Wsrmcab  HTTP/1.1" 200 37857
201.245.192.253 - - [03/Feb/2024:15:39:10 -0500] "POST /kwsrmcab/Wsrmcab HTTP/1.1" 200 40518
201.245.192.253 - - [03/Feb/2024:15:39:13 -0500] "POST /kwsrmcab/Wsrmcab HTTP/1.1" 200 37012
201.245.192.253 - - [03/Feb/2024:15:39:17 -0500] "POST /kwsrmcab/Wsrmcab HTTP/1.1" 200 38986
172.22.2.4 - - [03/Feb/2024:15:37:55 -0500] "GET /BLA/boletinlegal/ HTTP/1.1" 200 58677
47.128.28.202 - - [03/Feb/2024:15:40:05 -0500] "GET /BLA/resoluciones/index.php?dir=AUTOS%202006%2FAUTOS%202006%201401%20-%201500%2F&order=desc&sort=size HTTP/1.1" 200 13544
47.128.28.202 - - [03/Feb/2024:15:40:06 -0500] "GET /BLA/resoluciones/dlf/dirup.png HTTP/1.1" 200 644
47.128.28.202 - - [03/Feb/2024:15:40:06 -0500] "GET /BLA/resoluciones/dlf/unknown.png HTTP/1.1" 200 266
201.245.192.253 - - [03/Feb/2024:15:40:19 -0500] "POST /kwsrmcab/Wsrmcab HTTP/1.1" 200 37012
186.31.179.94 - - [03/Feb/2024:15:40:40 -0500] "POST /sipse/faces/presentacion/financiero/solicitudProceso/consultarSolicitudProceso.xhtml HTTP/1.1" 200 40214
186.31.179.94 - - [03/Feb/2024:15:40:42 -0500] "GET /sipse/faces/javax.faces.resource/jquery/jquery.js?ln=primefaces&v=4.0 HTTP/1.1" 304 -
186.31.179.94 - - [03/Feb/2024:15:40:42 -0500] "GET /sipse/faces/javax.faces.resource/jquery/jquery-plugins.js?ln=primefaces&v=4.0 HTTP/1.1" 304 -
186.31.179.94 - - [03/Feb/2024:15:40:42 -0500] "GET /sipse/faces/javax.faces.resource/primefaces.js?ln=primefaces&v=4.0 HTTP/1.1" 304 -
186.31.179.94 - - [03/Feb/2024:15:40:42 -0500] "GET /sipse/faces/javax.faces.resource/layout/layout.js?ln=primefaces&v=4.0 HTTP/1.1" 304 -
186.31.179.94 - - [03/Feb/2024:15:40:42 -0500] "GET /sipse/faces/javax.faces.resource/messages/messages.png?ln=primefaces&v=4.0 HTTP/1.1" 304 -
186.31.179.94 - - [03/Feb/2024:15:40:42 -0500] "POST /sipse/faces/presentacion/financiero/solicitudProceso/listarSolicitudProceso.xhtml HTTP/1.1" 200 1396
186.31.179.94 - - [03/Feb/2024:15:40:44 -0500] "POST /sipse/faces/presentacion/financiero/solicitudProceso/listarSolicitudProceso.xhtml HTTP/1.1" 200 31522
186.31.179.94 - - [03/Feb/2024:15:40:47 -0500] "POST /sipse/faces/presentacion/financiero/solicitudProceso/listarSolicitudProceso.xhtml HTTP/1.1" 200 20058
216.245.221.92 - - [03/Feb/2024:15:41:01 -0500] "HEAD / HTTP/1.1" 200 -
173.252.127.21 - - [03/Feb/2024:15:42:15 -0500] "GET /images/30%20de%20enero%20Entrenubes%20alcalde.jpeg HTTP/1.1" 200 64486
69.171.249.111 - - [03/Feb/2024:15:42:23 -0500] "GET /alcalde-mayor-recorrio-zona-del-parque-entrenubes-afectada-por-incendio-forestal.html HTTP/1.1" 200 922
69.63.189.3 - - [03/Feb/2024:15:42:28 -0500] "GET /alcalde-mayor-recorrio-zona-del-parque-entrenubes-afectada-por-incendio-forestal.html HTTP/1.1" 200 922
69.63.189.5 - - [03/Feb/2024:15:42:28 -0500] "GET /alcalde-mayor-recorrio-zona-del-parque-entrenubes-afectada-por-incendio-forestal.html HTTP/1.1" 200 922
40.77.167.13 - - [03/Feb/2024:15:43:55 -0500] "GET /Publicaciones/2023EE214445.pdf HTTP/1.1" 404 228
186.87.116.120 - - [03/Feb/2024:15:44:02 -0500] "POST /sipse/faces/presentacion/financiero/solicitudProceso/consultarSolicitudProceso.xhtml HTTP/1.1" 200 43492
186.87.116.120 - - [03/Feb/2024:15:44:03 -0500] "GET /sipse/faces/javax.faces.resource/theme.css?ln=primefaces-sipse HTTP/1.1" 304 -
186.87.116.120 - - [03/Feb/2024:15:44:03 -0500] "GET /sipse/faces/javax.faces.resource/primefaces.css?ln=primefaces&v=4.0 HTTP/1.1" 304 -
186.87.116.120 - - [03/Feb/2024:15:44:03 -0500] "GET /sipse/faces/javax.faces.resource/layout/layout.css?ln=primefaces&v=4.0 HTTP/1.1" 304 -
186.87.116.120 - - [03/Feb/2024:15:44:03 -0500] "GET /sipse/faces/javax.faces.resource/jquery/jquery.js?ln=primefaces&v=4.0 HTTP/1.1" 304 -
186.87.116.120 - - [03/Feb/2024:15:44:03 -0500] "GET /sipse/faces/javax.faces.resource/jquery/jquery-plugins.js?ln=primefaces&v=4.0 HTTP/1.1" 304 -
186.87.116.120 - - [03/Feb/2024:15:44:03 -0500] "GET /sipse/css/imagen/contrasena.png HTTP/1.1" 404 383
186.87.116.120 - - [03/Feb/2024:15:44:03 -0500] "GET /sipse/faces/javax.faces.resource/primefaces.js?ln=primefaces&v=4.0 HTTP/1.1" 304 -
186.87.116.120 - - [03/Feb/2024:15:44:03 -0500] "GET /sipse/faces/javax.faces.resource/layout/layout.js?ln=primefaces&v=4.0 HTTP/1.1" 304 -
186.87.116.120 - - [03/Feb/2024:15:44:03 -0500] "POST /sipse/faces/presentacion/financiero/solicitudProceso/listarSolicitudProceso.xhtml HTTP/1.1" 200 36884
186.87.116.120 - - [03/Feb/2024:15:44:03 -0500] "POST /sipse/faces/presentacion/financiero/solicitudProceso/listarSolicitudProceso.xhtml HTTP/1.1" 200 36884
186.87.116.120 - - [03/Feb/2024:15:44:04 -0500] "POST /sipse/faces/presentacion/financiero/solicitudProceso/listarSolicitudProceso.xhtml HTTP/1.1" 200 1468
186.87.116.120 - - [03/Feb/2024:15:44:04 -0500] "POST /sipse/faces/presentacion/financiero/solicitudProceso/listarSolicitudProceso.xhtml HTTP/1.1" 200 1464
186.87.116.120 - - [03/Feb/2024:15:44:04 -0500] "POST /sipse/faces/presentacion/financiero/solicitudProceso/listarSolicitudProceso.xhtml HTTP/1.1" 200 1464
201.245.192.253 - - [03/Feb/2024:15:44:03 -0500] "POST /kwsrmcab/Wsrmcab  HTTP/1.1" 200 37857
186.87.116.120 - - [03/Feb/2024:15:44:09 -0500] "POST /sipse/faces/presentacion/financiero/solicitudProceso/listarSolicitudProceso.xhtml HTTP/1.1" 200 148730
186.87.116.120 - - [03/Feb/2024:15:44:10 -0500] "GET /sipse/faces/javax.faces.resource/theme.css?ln=primefaces-sipse HTTP/1.1" 304 -
186.87.116.120 - - [03/Feb/2024:15:44:10 -0500] "GET /sipse/faces/javax.faces.resource/primefaces.css?ln=primefaces&v=4.0 HTTP/1.1" 304 -
186.87.116.120 - - [03/Feb/2024:15:44:10 -0500] "GET /sipse/faces/javax.faces.resource/layout/layout.css?ln=primefaces&v=4.0 HTTP/1.1" 304 -
186.87.116.120 - - [03/Feb/2024:15:44:10 -0500] "GET /sipse/faces/javax.faces.resource/jquery/jquery.js?ln=primefaces&v=4.0 HTTP/1.1" 304 -
186.87.116.120 - - [03/Feb/2024:15:44:10 -0500] "GET /sipse/faces/javax.faces.resource/jquery/jquery-plugins.js?ln=primefaces&v=4.0 HTTP/1.1" 304 -
186.87.116.120 - - [03/Feb/2024:15:44:10 -0500] "GET /sipse/faces/javax.faces.resource/primefaces.js?ln=primefaces&v=4.0 HTTP/1.1" 304 -
186.87.116.120 - - [03/Feb/2024:15:44:10 -0500] "GET /sipse/faces/javax.faces.resource/layout/layout.js?ln=primefaces&v=4.0 HTTP/1.1" 304 -
186.87.116.120 - - [03/Feb/2024:15:44:10 -0500] "GET /sipse/css/imagen/contrasena.png HTTP/1.1" 404 383
186.87.116.120 - - [03/Feb/2024:15:44:18 -0500] "POST /sipse/faces/presentacion/financiero/solicitudProceso/consultarSolicitudProceso.xhtml HTTP/1.1" 200 5574
172.22.2.4 - - [03/Feb/2024:15:42:54 -0500] "HEAD /BLA/boletinlegal/ HTTP/1.1" 200 -
186.87.116.120 - - [03/Feb/2024:15:44:48 -0500] "POST /sipse/faces/presentacion/financiero/solicitudProceso/consultarSolicitudProceso.xhtml HTTP/1.1" 200 109190
172.22.2.4 - - [03/Feb/2024:15:43:45 -0500] "GET /BLA/boletinlegal/ HTTP/1.1" 200 60676
191.102.207.218 - - [03/Feb/2024:15:45:53 -0500] "GET /appsia/controlador HTTP/1.1" 200 4799
191.102.207.218 - - [03/Feb/2024:15:45:53 -0500] "GET /appsia/css/estilos.css HTTP/1.1" 200 4804
191.102.207.218 - - [03/Feb/2024:15:45:53 -0500] "GET /appsia/scripts/validarIngreso.js HTTP/1.1" 200 851
191.102.207.218 - - [03/Feb/2024:15:45:53 -0500] "GET /appsia/images/logo_bogota_p.png HTTP/1.1" 200 14951
191.102.207.218 - - [03/Feb/2024:15:45:53 -0500] "GET /appsia/images/cabezoteHojaVida.png HTTP/1.1" 200 32493
191.102.207.218 - - [03/Feb/2024:15:45:53 -0500] "GET /favicon.ico HTTP/1.1" 200 7782
191.102.207.218 - - [03/Feb/2024:15:45:57 -0500] "POST /appsia/controlador HTTP/1.1" 200 5437
216.245.221.92 - - [03/Feb/2024:15:46:01 -0500] "HEAD / HTTP/1.1" 200 -
191.102.207.218 - - [03/Feb/2024:15:46:06 -0500] "POST /appsia/controlador HTTP/1.1" 200 7723
191.102.207.218 - - [03/Feb/2024:15:46:06 -0500] "GET /appsia/images/logo_escudo.png HTTP/1.1" 200 36965
201.245.192.253 - - [03/Feb/2024:15:49:01 -0500] "POST /kwsrmcab/Wsrmcab  HTTP/1.1" 200 37857
45.238.181.122 - - [03/Feb/2024:15:49:47 -0500] "GET /appsia/controlador HTTP/1.1" 200 4799
45.238.181.122 - - [03/Feb/2024:15:49:47 -0500] "GET /appsia/css/estilos.css HTTP/1.1" 200 4804
45.238.181.122 - - [03/Feb/2024:15:49:47 -0500] "GET /appsia/scripts/validarIngreso.js HTTP/1.1" 200 851
45.238.181.122 - - [03/Feb/2024:15:49:48 -0500] "GET /appsia/images/logo_bogota_p.png HTTP/1.1" 200 14951
45.238.181.122 - - [03/Feb/2024:15:49:48 -0500] "GET /appsia/images/cabezoteHojaVida.png HTTP/1.1" 200 32493
45.238.181.122 - - [03/Feb/2024:15:49:48 -0500] "GET /favicon.ico HTTP/1.1" 200 7782
181.53.13.62 - - [03/Feb/2024:15:50:03 -0500] "GET /appsia/controlador HTTP/1.1" 200 4799
181.53.13.62 - - [03/Feb/2024:15:50:03 -0500] "GET /appsia/css/estilos.css HTTP/1.1" 200 4804
181.53.13.62 - - [03/Feb/2024:15:50:04 -0500] "GET /appsia/scripts/validarIngreso.js HTTP/1.1" 200 851
181.53.13.62 - - [03/Feb/2024:15:50:04 -0500] "GET /appsia/images/logo_bogota_p.png HTTP/1.1" 200 14951
181.53.13.62 - - [03/Feb/2024:15:50:04 -0500] "GET /appsia/images/cabezoteHojaVida.png HTTP/1.1" 200 32493
181.53.13.62 - - [03/Feb/2024:15:50:04 -0500] "GET /favicon.ico HTTP/1.1" 200 7782
45.238.181.122 - - [03/Feb/2024:15:50:21 -0500] "POST /appsia/controlador HTTP/1.1" 200 5437
172.22.2.4 - - [03/Feb/2024:15:48:44 -0500] "HEAD /BLA/boletinlegal/ HTTP/1.1" 200 -
200.29.113.37 - - [03/Feb/2024:15:50:26 -0500] "GET /appsia/controlador HTTP/1.1" 200 4799
200.29.113.37 - - [03/Feb/2024:15:50:26 -0500] "GET /appsia/css/estilos.css HTTP/1.1" 200 4804
200.29.113.37 - - [03/Feb/2024:15:50:26 -0500] "GET /appsia/scripts/validarIngreso.js HTTP/1.1" 200 851
200.29.113.37 - - [03/Feb/2024:15:50:27 -0500] "GET /appsia/images/logo_bogota_p.png HTTP/1.1" 200 14951
200.29.113.37 - - [03/Feb/2024:15:50:27 -0500] "GET /appsia/images/cabezoteHojaVida.png HTTP/1.1" 200 32493
181.53.13.62 - - [03/Feb/2024:15:50:38 -0500] "POST /appsia/controlador HTTP/1.1" 200 5437
181.53.13.62 - - [03/Feb/2024:15:50:47 -0500] "POST /appsia/controlador HTTP/1.1" 200 7730
181.53.13.62 - - [03/Feb/2024:15:50:47 -0500] "GET /appsia/images/logo_escudo.png HTTP/1.1" 200 36965
45.238.181.122 - - [03/Feb/2024:15:50:52 -0500] "POST /appsia/controlador HTTP/1.1" 200 11074
45.238.181.122 - - [03/Feb/2024:15:50:52 -0500] "GET /appsia/images/logo_escudo.png HTTP/1.1" 200 36965
216.244.66.195 - - [03/Feb/2024:15:50:55 -0500] "GET /robots.txt HTTP/1.1" 404 1018
216.245.221.92 - - [03/Feb/2024:15:51:01 -0500] "HEAD / HTTP/1.1" 200 -
69.63.189.8 - - [03/Feb/2024:15:51:10 -0500] "GET /conoce-las-actividades-en-bogota-para-celebrar-el-dia-mundial-de-los-humedales.html HTTP/1.1" 200 859
69.63.189.1 - - [03/Feb/2024:15:51:10 -0500] "GET /conoce-las-actividades-en-bogota-para-celebrar-el-dia-mundial-de-los-humedales.html HTTP/1.1" 200 859
172.22.2.4 - - [03/Feb/2024:15:49:35 -0500] "GET /BLA/boletinlegal/ HTTP/1.1" 200 58303
181.53.13.62 - - [03/Feb/2024:15:51:23 -0500] "GET /appsia/controlador HTTP/1.1" 200 5437
157.55.39.53 - - [03/Feb/2024:15:52:09 -0500] "GET /BLA/resoluciones/AUTOS%202019/5223.pdf HTTP/1.1" 200 276987
45.139.239.4 - - [03/Feb/2024:15:53:08 -0500] "GET / HTTP/1.1" 200 319
201.245.192.253 - - [03/Feb/2024:15:54:00 -0500] "POST /kwsrmcab/Wsrmcab  HTTP/1.1" 200 37857
52.167.144.221 - - [03/Feb/2024:15:54:16 -0500] "GET /lideres-de-bogota-circular-se-reunieron-para-seguir-construyendo-una-ciudad-mas-sostenible.html HTTP/1.1" 200 928
216.245.221.92 - - [03/Feb/2024:15:56:01 -0500] "HEAD / HTTP/1.1" 200 -
157.55.39.53 - - [03/Feb/2024:15:56:06 -0500] "GET /BLA/resoluciones/AUTOS%202020/3636.pdf HTTP/1.1" 304 -
172.22.2.4 - - [03/Feb/2024:15:54:34 -0500] "HEAD /BLA/boletinlegal/ HTTP/1.1" 200 -
172.22.2.4 - - [03/Feb/2024:15:55:25 -0500] "GET /BLA/boletinlegal/ HTTP/1.1" 200 58303
201.245.192.253 - - [03/Feb/2024:15:58:58 -0500] "POST /kwsrmcab/Wsrmcab  HTTP/1.1" 200 37857
47.128.127.72 - - [03/Feb/2024:16:00:41 -0500] "GET /BLA/resoluciones/dlf/unknown.png HTTP/1.1" 200 266
47.128.127.72 - - [03/Feb/2024:16:00:41 -0500] "GET /BLA/resoluciones/dlf/dirup.png HTTP/1.1" 200 644
47.128.127.72 - - [03/Feb/2024:16:00:40 -0500] "GET /BLA/resoluciones/index.php?dir=RESOLUCIONES%202002%2FRES%202002%20751-800%2F&order=asc&sort=size HTTP/1.1" 200 12567
47.128.127.72 - - [03/Feb/2024:16:00:43 -0500] "GET /BLA/resoluciones/dlf/pdf.gif HTTP/1.1" 200 272
66.249.66.21 - - [03/Feb/2024:16:00:56 -0500] "GET /BLA/resoluciones/AUTOS%202009/2173.pdf HTTP/1.1" 200 106227
190.90.132.164 - - [03/Feb/2024:16:00:58 -0500] "GET /appsia/controlador HTTP/1.1" 200 4799
190.90.132.164 - - [03/Feb/2024:16:00:58 -0500] "GET /apple-touch-icon-120x120-precomposed.png HTTP/1.1" 404 1120
190.90.132.164 - - [03/Feb/2024:16:00:58 -0500] "GET /apple-touch-icon-120x120.png HTTP/1.1" 404 1120
190.90.132.164 - - [03/Feb/2024:16:00:58 -0500] "GET /apple-touch-icon-precomposed.png HTTP/1.1" 404 1120
190.90.132.164 - - [03/Feb/2024:16:00:58 -0500] "GET /apple-touch-icon.png HTTP/1.1" 404 1120
190.90.132.164 - - [03/Feb/2024:16:00:58 -0500] "GET /favicon.ico HTTP/1.1" 200 7782
216.245.221.92 - - [03/Feb/2024:16:01:01 -0500] "HEAD / HTTP/1.1" 200 -
186.87.116.120 - - [03/Feb/2024:16:01:57 -0500] "POST /sipse/faces/presentacion/financiero/solicitudProceso/consultarSolicitudProceso.xhtml HTTP/1.1" 200 43492
