173.252.111.5 - - [04/Feb/2024:07:44:24 -0500] "GET /images/Caminatas%20(1)%20(2).jpeg HTTP/1.1" 200 81411
172.22.2.4 - - [04/Feb/2024:07:45:53 -0500] "GET /BLA/boletinlegal/Circulares/2015/Circular%20No.%201%20del%2010%20de%20Febrero%20de%202015.pdf HTTP/1.1" 304 -
201.245.192.253 - - [04/Feb/2024:07:45:53 -0500] "POST /kwsrmcab/Wsrmcab  HTTP/1.1" 200 37857
216.245.221.92 - - [04/Feb/2024:07:47:00 -0500] "HEAD / HTTP/1.1" 200 -
66.249.66.21 - - [04/Feb/2024:07:47:39 -0500] "GET /Publicaciones/2023EE297500.pdf HTTP/1.1" 404 228
66.249.66.21 - - [04/Feb/2024:07:47:40 -0500] "GET /Publicaciones/2023EE306424.pdf HTTP/1.1" 404 228
172.22.2.4 - - [04/Feb/2024:07:46:24 -0500] "HEAD /BLA/boletinlegal/ HTTP/1.1" 200 -
172.22.2.4 - - [04/Feb/2024:07:47:15 -0500] "GET /BLA/boletinlegal/ HTTP/1.1" 200 58303
52.167.144.180 - - [04/Feb/2024:07:50:13 -0500] "GET /portaldeninos/aulas-ambientales/aula-ambiental-sorotama/ HTTP/1.1" 200 89596
201.245.192.253 - - [04/Feb/2024:07:50:53 -0500] "POST /kwsrmcab/Wsrmcab  HTTP/1.1" 200 37857
216.245.221.92 - - [04/Feb/2024:07:52:00 -0500] "HEAD / HTTP/1.1" 200 -
172.22.2.4 - - [04/Feb/2024:07:52:14 -0500] "HEAD /BLA/boletinlegal/ HTTP/1.1" 200 -
172.22.2.4 - - [04/Feb/2024:07:53:05 -0500] "GET /BLA/boletinlegal/ HTTP/1.1" 200 58677
201.245.192.253 - - [04/Feb/2024:07:55:50 -0500] "POST /kwsrmcab/Wsrmcab  HTTP/1.1" 200 37857
52.70.240.171 - - [04/Feb/2024:07:56:00 -0500] "GET /galeria/nivo-slider/demo/inicio.html HTTP/1.1" 404 1018
186.102.34.0 - - [04/Feb/2024:07:56:07 -0500] "GET /kwssiamovil/sm/ldap/au?x=U2FsdGVkX18imzDJ204bYtqaEODIR/iMyDcOprv6E57nF6/gxHTKDkMJWFv4H7v7&y=U2FsdGVkX18jViPq16NrjFw+57C0V5JBGsNFuIKjZoCsOx040BNiHSPvXrg0MEtD HTTP/1.1" 200 30
186.102.34.0 - - [04/Feb/2024:07:56:07 -0500] "GET /kwssiamovil/sm/acme/s?s=U2FsdGVkX18qGuNGTThwKibWQcq1RNPOYonoZuARtInTJ4lL2YY7oEu47vyFRDLixm/NY+7RC9Yhql1vTBPuisQn9SeU3YTHHG68yBtvK3E=&u=U2FsdGVkX1/0UCWr0G91D50qOWhJj7c8q05l1ELOSvg=&y=U2FsdGVkX18jViPq16NrjFw+57C0V5JBGsNFuIKjZoCsOx040BNiHSPvXrg0MEtD HTTP/1.1" 200 97
186.102.34.0 - - [04/Feb/2024:07:56:07 -0500] "GET /kwssiamovil/sm/acme/s?s=U2FsdGVkX19qWyshoFghr9r82MC7cRh+Pdj19Iq5EyOw7F/3TK/g6X5R/TEBj9BD9RoIXOHJ6jOuimthtYWlAmuWJ5gEmf2K0byUtoGHI6ep24cTAuPix5YAp1f2T0wpf7E19T9czokJZPS7CAwiQe4yyHeA48636AajViBaIcro2krMaOkaxeqqvUKDo8LTcCKPCpjinpohSd9yTyDZY84h19tyRL4DJJGgnik5lz0WWAKbVwkca8DTIB8G4ZdOL+7f2Z+QJtFvPLtW6xG2MRDyugQoZQnl0Uo1iRj/qHwZXUfYt6XclfgXTqdbjBZxPA3aVGc0sGUgLmj+k4JdUTregq9nIWuAWgSuyRUys43DHCOAhoUrFIhW62YWkCa9gz2UNCTZS+v3DoZGjjY/Fx3tj/Q2ZPCXH8Dp79rBGzk9PGdANpnCo1PDRvVTzotrM53kpZQCIOL3sOoqmcqNG4lLdcyofEDaV4SMl5ZV+UUIRM3i+uptTnnOTZ7pi5mhEWz+41wKGWEv7Nb4uioIoUXfrJvXB+8zARxu8k04w8CiD/0O7z7pb8l9yZ2MCkOitN0yLnJ2DgxVuI57r4ZFlSr2dxMBujEuvrNr8ZolrVqDVd/D6B6U3PAZqma4zf76idLfWSn6vtPTTJ3tGD2LMv+a3S/rMeNuF7ZZnO1puqES6gO0yX18vhUGS9vyWHRbiiGMkTu0A/K8WOumpvklLGLwWMZhKPtMkw6Zwah18kzrd8t8KOAZSwMRTxEJwqU7KHb3YsJVk1bG7n9NdOS0bcvpLsVz7yZAMOGBtdjkfC7OOJD6zQuAOkL8oVyJSIrA7fCRjZcZHOMynycba8bs6XP1U4hHzRzw0oaxv5TZea6xd58MElejDES7HwOgAIOJ+jrZtTA4QO6BFDCqh20BdSQyiFkNQ6lfFimwqDcQVc/EJNtyp46ghz4AFqSusNgOjZB/rLtnwwYQ1pUm1BPN9L59zLIqfLlf+vnmnt/iSqBcNm2YtvG4GoK9LBgJcd625ijicKD1r0iM4yIY2Myb3aE2juT77w6Ic/9Z9st1D1cl9lnFWPmvoM+3GwX02M1gyZ4Da/x25JWaOleWyFV0BDuiAOX9VWgmJm1or8f/H8AuK3pjTCrb73AjAZ7eYkznl2QdlRjP2+xxAaJIsNJJefJ2PKMi0gm+KvrblgXsCj3pScF/AUSIfw9/fADiqNZFKzIOGYGiQ1czgb5BikS6NIHWt1hT+qbpIS6FRnrXn/NPwQjU7fB6BokEh24AqrCRurNiqetcfww8SLGmUHx/Gh5S8JOd0MBlRamZSQD54RdJOooRB2gtJcSAhYidOj0hFjeUb6yXpPfz86wVwGtideMCd4cIYhFaqI6SDNeXaMqI0XFLdP3Paglo5Hf85qMi6tpLIUx9rcFbnT3Hs16aIQ8rCb3UiLGvhvSNXtciOGc=&u=U2FsdGVkX1/0UCWr0G91D50qOWhJj7c8q05l1ELOSvg=&y=U2FsdGVkX18jViPq16NrjFw+57C0V5JBGsNFuIKjZoCsOx040BNiHSPvXrg0MEtD HTTP/1.1" 200 6632
186.102.34.0 - - [04/Feb/2024:07:56:07 -0500] "GET /kwssiamovil/sm/acme/s?s=U2FsdGVkX18YCWJ73jRTMPjcGKjXhC6+MwD+tPfAo5hsqocRMLJtk2thtk81Shyup/W08p+2Xc+3ZOEUfPEnp+mO/72Rx9k830ihTwfElqdEgovv3bk1BNTFygnRiraFycOnvncolMA8iPaG3wWDb+YtQPG2uA7kKd0jAUD4F5ombbwpvukcFmxEhBsjdqNYq7Fj5kfiHG/Ra4L28OqRG+ECun9w2A3Rm1WMrHAZm5Xw60XphjKXwb95+lY0EivDg3KkdKpJ9LuGBYT+JBbbGweThUqpVQnIMyjUcRxjgjg0wK8mozda3WVWmqk2oWy1SfH4yHThhhkTaSj9r6iNoTFj2OxIuyDxsUDAcNVf9hM=&u=U2FsdGVkX1/0UCWr0G91D50qOWhJj7c8q05l1ELOSvg=&y=U2FsdGVkX18jViPq16NrjFw+57C0V5JBGsNFuIKjZoCsOx040BNiHSPvXrg0MEtD HTTP/1.1" 200 196
186.102.34.0 - - [04/Feb/2024:07:56:08 -0500] "GET /kwssiamovil/sm/cjson/pre?f=1&x=U2FsdGVkX18imzDJ204bYtqaEODIR/iMyDcOprv6E57nF6/gxHTKDkMJWFv4H7v7 HTTP/1.1" 200 32032
191.156.181.43 - - [04/Feb/2024:07:56:38 -0500] "GET /tinguas-azules-secretaria-de-ambiente-atiende-alto-numero-de-reportes-de-aves-migratorias.html HTTP/1.1" 200 923
216.245.221.92 - - [04/Feb/2024:07:57:00 -0500] "HEAD / HTTP/1.1" 200 -
173.252.111.4 - - [04/Feb/2024:07:57:19 -0500] "GET /images/27%20de%20enero%20Soratama.jpg HTTP/1.1" 200 63397
146.19.24.23 - - [04/Feb/2024:07:58:21 -0500] "GET / HTTP/1.1" 200 319
66.249.66.19 - - [04/Feb/2024:07:58:54 -0500] "GET /BLA/resoluciones/RESOLUCIONES%202018/0691.pdf HTTP/1.1" 200 226862
172.22.2.4 - - [04/Feb/2024:07:58:04 -0500] "HEAD /BLA/boletinlegal/ HTTP/1.1" 200 -
172.22.2.4 - - [04/Feb/2024:07:58:55 -0500] "GET /BLA/boletinlegal/ HTTP/1.1" 200 58677
201.245.192.253 - - [04/Feb/2024:08:00:49 -0500] "POST /kwsrmcab/Wsrmcab  HTTP/1.1" 200 37857
216.245.221.92 - - [04/Feb/2024:08:02:00 -0500] "HEAD / HTTP/1.1" 200 -
173.252.107.3 - - [04/Feb/2024:08:02:55 -0500] "GET /que-orgullo-bogota-obtiene-reconocimiento-por-sus-planes-y-acciones-para-enfrentar-el-cambio-climatico.html HTTP/1.1" 200 773
172.22.2.4 - - [04/Feb/2024:08:03:54 -0500] "HEAD /BLA/boletinlegal/ HTTP/1.1" 200 -
201.245.192.253 - - [04/Feb/2024:08:05:48 -0500] "POST /kwsrmcab/Wsrmcab  HTTP/1.1" 200 37857
172.22.2.4 - - [04/Feb/2024:08:04:45 -0500] "GET /BLA/boletinlegal/ HTTP/1.1" 200 61040
216.245.221.92 - - [04/Feb/2024:08:07:00 -0500] "HEAD / HTTP/1.1" 200 -
207.46.13.168 - - [04/Feb/2024:08:09:10 -0500] "GET /BLA/resoluciones/AUTOS%202020/4536.pdf HTTP/1.1" 200 367867
52.167.144.224 - - [04/Feb/2024:08:09:19 -0500] "GET /sipse/faces/index.xhtml HTTP/1.1" 200 677
201.245.192.253 - - [04/Feb/2024:08:10:47 -0500] "POST /kwsrmcab/Wsrmcab  HTTP/1.1" 200 37857
186.31.179.94 - - [04/Feb/2024:08:11:09 -0500] "GET /sipse/faces/faces/autenticacion.xhtml HTTP/1.1" 200 12404
186.31.179.94 - - [04/Feb/2024:08:11:09 -0500] "GET /sipse/css/custom_css_sg.css HTTP/1.1" 200 9694
186.31.179.94 - - [04/Feb/2024:08:11:09 -0500] "GET /sipse/css/custom_css_sg_prime_login.css HTTP/1.1" 200 443
186.31.179.94 - - [04/Feb/2024:08:11:09 -0500] "GET /sipse/faces/javax.faces.resource/layout/layout.css?ln=primefaces&v=4.0 HTTP/1.1" 200 542
186.31.179.94 - - [04/Feb/2024:08:11:09 -0500] "GET /sipse/faces/javax.faces.resource/theme.css?ln=primefaces-sipse HTTP/1.1" 200 50058
186.31.179.94 - - [04/Feb/2024:08:11:09 -0500] "GET /sipse/faces/javax.faces.resource/primefaces.css?ln=primefaces&v=4.0 HTTP/1.1" 200 53295
186.31.179.94 - - [04/Feb/2024:08:11:12 -0500] "GET /sipse/faces/javax.faces.resource/jquery/jquery.js?ln=primefaces&v=4.0 HTTP/1.1" 304 -
186.31.179.94 - - [04/Feb/2024:08:11:12 -0500] "GET /sipse/faces/javax.faces.resource/jquery/jquery-plugins.js?ln=primefaces&v=4.0 HTTP/1.1" 304 -
186.31.179.94 - - [04/Feb/2024:08:11:12 -0500] "GET /sipse/faces/javax.faces.resource/primefaces.js?ln=primefaces&v=4.0 HTTP/1.1" 304 -
186.31.179.94 - - [04/Feb/2024:08:11:12 -0500] "GET /sipse/faces/javax.faces.resource/layout/layout.js?ln=primefaces&v=4.0 HTTP/1.1" 304 -
186.31.179.94 - - [04/Feb/2024:08:11:13 -0500] "GET /sipse/css/imagen/logoSDG.png HTTP/1.1" 200 53064
186.31.179.94 - - [04/Feb/2024:08:11:13 -0500] "GET /sipse/faces/javax.faces.resource/images/ui-icons_898989_256x240.png?ln=primefaces-aristo HTTP/1.1" 200 5355
186.31.179.94 - - [04/Feb/2024:08:11:13 -0500] "GET /sipse/css/imagen/loginimg.png HTTP/1.1" 200 71635
186.31.179.94 - - [04/Feb/2024:08:11:13 -0500] "GET /favicon.ico HTTP/1.1" 200 7782
186.31.179.94 - - [04/Feb/2024:08:11:13 -0500] "GET /sipse/faces/faces/index.xhtml HTTP/1.1" 200 677
186.31.179.94 - - [04/Feb/2024:08:11:13 -0500] "GET /sipse/faces/javax.faces.resource/theme.css?ln=primefaces-sipse HTTP/1.1" 304 -
186.31.179.94 - - [04/Feb/2024:08:11:13 -0500] "GET /sipse/faces/faces/faces/autenticacion.xhtml HTTP/1.1" 200 12404
186.31.179.94 - - [04/Feb/2024:08:11:13 -0500] "GET /sipse/faces/javax.faces.resource/theme.css?ln=primefaces-sipse HTTP/1.1" 304 -
186.31.179.94 - - [04/Feb/2024:08:11:13 -0500] "GET /sipse/faces/javax.faces.resource/primefaces.css?ln=primefaces&v=4.0 HTTP/1.1" 304 -
186.31.179.94 - - [04/Feb/2024:08:11:13 -0500] "GET /sipse/faces/javax.faces.resource/layout/layout.css?ln=primefaces&v=4.0 HTTP/1.1" 304 -
186.31.179.94 - - [04/Feb/2024:08:11:13 -0500] "GET /sipse/faces/javax.faces.resource/jquery/jquery.js?ln=primefaces&v=4.0 HTTP/1.1" 304 -
186.31.179.94 - - [04/Feb/2024:08:11:13 -0500] "GET /sipse/faces/javax.faces.resource/jquery/jquery-plugins.js?ln=primefaces&v=4.0 HTTP/1.1" 304 -
186.31.179.94 - - [04/Feb/2024:08:11:13 -0500] "GET /sipse/faces/javax.faces.resource/primefaces.js?ln=primefaces&v=4.0 HTTP/1.1" 304 -
186.31.179.94 - - [04/Feb/2024:08:11:13 -0500] "GET /sipse/faces/javax.faces.resource/layout/layout.js?ln=primefaces&v=4.0 HTTP/1.1" 304 -
186.31.179.94 - - [04/Feb/2024:08:11:13 -0500] "GET /sipse/faces/javax.faces.resource/images/ui-icons_898989_256x240.png?ln=primefaces-aristo HTTP/1.1" 304 -
186.31.179.94 - - [04/Feb/2024:08:11:17 -0500] "POST /sipse/faces/autenticacion.xhtml HTTP/1.1" 200 16170
186.31.179.94 - - [04/Feb/2024:08:11:17 -0500] "GET /sipse/css/custom_css_sg_prime.css HTTP/1.1" 200 5201
186.31.179.94 - - [04/Feb/2024:08:11:18 -0500] "GET /sipse/faces/javax.faces.resource/jquery/jquery.js?ln=primefaces&v=4.0 HTTP/1.1" 304 -
186.31.179.94 - - [04/Feb/2024:08:11:18 -0500] "GET /sipse/faces/javax.faces.resource/jquery/jquery-plugins.js?ln=primefaces&v=4.0 HTTP/1.1" 304 -
186.31.179.94 - - [04/Feb/2024:08:11:18 -0500] "GET /sipse/faces/javax.faces.resource/primefaces.js?ln=primefaces&v=4.0 HTTP/1.1" 304 -
186.31.179.94 - - [04/Feb/2024:08:11:18 -0500] "GET /sipse/faces/javax.faces.resource/layout/layout.js?ln=primefaces&v=4.0 HTTP/1.1" 304 -
186.31.179.94 - - [04/Feb/2024:08:11:18 -0500] "GET /sipse/css/v_mergente.css HTTP/1.1" 200 1505
186.31.179.94 - - [04/Feb/2024:08:11:18 -0500] "GET /sipse/imagenes/cargando.gif HTTP/1.1" 200 36959
186.31.179.94 - - [04/Feb/2024:08:11:18 -0500] "GET /sipse/css/imagen/contrasena.png HTTP/1.1" 404 383
186.31.179.94 - - [04/Feb/2024:08:11:18 -0500] "GET /sipse/imagenes/logoAplicacion.jpg HTTP/1.1" 200 155084
186.31.179.94 - - [04/Feb/2024:08:11:18 -0500] "GET /sipse/faces/javax.faces.resource/messages/messages.png?ln=primefaces&v=4.0 HTTP/1.1" 200 27209
186.31.179.94 - - [04/Feb/2024:08:11:20 -0500] "GET /sipse/faces/javax.faces.resource/images/ui-bg_flat_0_2d5972_40x100.png?ln=primefaces-aristo HTTP/1.1" 200 183
186.31.179.94 - - [04/Feb/2024:08:11:20 -0500] "POST /sipse/faces/bienvenido.xhtml HTTP/1.1" 200 1471
186.31.179.94 - - [04/Feb/2024:08:11:21 -0500] "POST /sipse/faces/bienvenido.xhtml HTTP/1.1" 200 61468
186.31.179.94 - - [04/Feb/2024:08:11:21 -0500] "GET /sipse/faces/javax.faces.resource/jquery/jquery.js?ln=primefaces&v=4.0 HTTP/1.1" 304 -
186.31.179.94 - - [04/Feb/2024:08:11:21 -0500] "GET /sipse/faces/javax.faces.resource/jquery/jquery-plugins.js?ln=primefaces&v=4.0 HTTP/1.1" 304 -
186.31.179.94 - - [04/Feb/2024:08:11:21 -0500] "GET /sipse/faces/javax.faces.resource/primefaces.js?ln=primefaces&v=4.0 HTTP/1.1" 304 -
186.31.179.94 - - [04/Feb/2024:08:11:21 -0500] "GET /sipse/faces/javax.faces.resource/layout/layout.js?ln=primefaces&v=4.0 HTTP/1.1" 304 -
186.31.179.94 - - [04/Feb/2024:08:11:21 -0500] "POST /sipse/faces/presentacion/financiero/solicitudProceso/listarSolicitudProceso.xhtml HTTP/1.1" 200 1556
172.22.2.4 - - [04/Feb/2024:08:09:44 -0500] "HEAD /BLA/boletinlegal/ HTTP/1.1" 200 -
186.31.179.94 - - [04/Feb/2024:08:11:32 -0500] "POST /sipse/faces/presentacion/financiero/solicitudProceso/listarSolicitudProceso.xhtml HTTP/1.1" 200 7790
186.31.179.94 - - [04/Feb/2024:08:11:52 -0500] "POST /sipse/faces/presentacion/financiero/solicitudProceso/listarSolicitudProceso.xhtml HTTP/1.1" 200 143579
186.31.179.94 - - [04/Feb/2024:08:11:53 -0500] "GET /sipse/faces/javax.faces.resource/jquery/jquery.js?ln=primefaces&v=4.0 HTTP/1.1" 304 -
186.31.179.94 - - [04/Feb/2024:08:11:53 -0500] "GET /sipse/faces/javax.faces.resource/jquery/jquery-plugins.js?ln=primefaces&v=4.0 HTTP/1.1" 304 -
186.31.179.94 - - [04/Feb/2024:08:11:53 -0500] "GET /sipse/faces/javax.faces.resource/primefaces.js?ln=primefaces&v=4.0 HTTP/1.1" 304 -
186.31.179.94 - - [04/Feb/2024:08:11:53 -0500] "GET /sipse/faces/javax.faces.resource/layout/layout.js?ln=primefaces&v=4.0 HTTP/1.1" 304 -
186.31.179.94 - - [04/Feb/2024:08:11:54 -0500] "GET /sipse/faces/javax.faces.resource/dynamiccontent.properties?ln=primefaces&pfdrid=XjOR5%2F%2FfPAZAuY9TpWQeCiM0BhlXxYRBGKi%2FQcXXfeA%3D&pfdrid_c=false HTTP/1.1" 500 383
216.245.221.92 - - [04/Feb/2024:08:12:00 -0500] "HEAD / HTTP/1.1" 200 -
172.22.2.4 - - [04/Feb/2024:08:10:35 -0500] "GET /BLA/boletinlegal/ HTTP/1.1" 200 60676
31.13.103.3 - - [04/Feb/2024:08:12:16 -0500] "GET /images/27%20de%20enero%20Soratama.jpg HTTP/1.1" 200 63397
186.31.179.94 - - [04/Feb/2024:08:12:17 -0500] "POST /sipse/faces/presentacion/financiero/solicitudProceso/consultarSolicitudProceso.xhtml HTTP/1.1" 200 34249
186.31.179.94 - - [04/Feb/2024:08:12:17 -0500] "GET /sipse/faces/javax.faces.resource/theme.css?ln=primefaces-sipse HTTP/1.1" 304 -
186.31.179.94 - - [04/Feb/2024:08:12:17 -0500] "GET /sipse/faces/javax.faces.resource/primefaces.css?ln=primefaces&v=4.0 HTTP/1.1" 304 -
186.31.179.94 - - [04/Feb/2024:08:12:17 -0500] "GET /sipse/faces/javax.faces.resource/layout/layout.css?ln=primefaces&v=4.0 HTTP/1.1" 304 -
186.31.179.94 - - [04/Feb/2024:08:12:17 -0500] "GET /sipse/faces/javax.faces.resource/jquery/jquery.js?ln=primefaces&v=4.0 HTTP/1.1" 304 -
186.31.179.94 - - [04/Feb/2024:08:12:17 -0500] "GET /sipse/faces/javax.faces.resource/jquery/jquery-plugins.js?ln=primefaces&v=4.0 HTTP/1.1" 304 -
186.31.179.94 - - [04/Feb/2024:08:12:17 -0500] "GET /sipse/faces/javax.faces.resource/primefaces.js?ln=primefaces&v=4.0 HTTP/1.1" 304 -
186.31.179.94 - - [04/Feb/2024:08:12:17 -0500] "GET /sipse/faces/javax.faces.resource/layout/layout.js?ln=primefaces&v=4.0 HTTP/1.1" 304 -
186.31.179.94 - - [04/Feb/2024:08:12:19 -0500] "GET /sipse/faces/javax.faces.resource/images/ui-icons_898989_256x240.png?ln=primefaces-aristo HTTP/1.1" 304 -
52.167.144.180 - - [04/Feb/2024:08:12:32 -0500] "GET /BLA/resoluciones/RESOLUCIONES%202021/0969.pdf HTTP/1.1" 200 451678
186.31.179.94 - - [04/Feb/2024:08:12:41 -0500] "POST /sipse/faces/presentacion/financiero/solicitudProceso/consultarHistorialSolProceso.xhtml HTTP/1.1" 200 189373
186.31.179.94 - - [04/Feb/2024:08:12:42 -0500] "GET /sipse/faces/javax.faces.resource/theme.css?ln=primefaces-sipse HTTP/1.1" 304 -
186.31.179.94 - - [04/Feb/2024:08:12:42 -0500] "GET /sipse/faces/javax.faces.resource/primefaces.css?ln=primefaces&v=4.0 HTTP/1.1" 304 -
186.31.179.94 - - [04/Feb/2024:08:12:42 -0500] "GET /sipse/faces/javax.faces.resource/layout/layout.css?ln=primefaces&v=4.0 HTTP/1.1" 304 -
186.31.179.94 - - [04/Feb/2024:08:12:42 -0500] "GET /sipse/faces/javax.faces.resource/jquery/jquery.js?ln=primefaces&v=4.0 HTTP/1.1" 304 -
186.31.179.94 - - [04/Feb/2024:08:12:42 -0500] "GET /sipse/faces/javax.faces.resource/jquery/jquery-plugins.js?ln=primefaces&v=4.0 HTTP/1.1" 304 -
186.31.179.94 - - [04/Feb/2024:08:12:42 -0500] "GET /sipse/faces/javax.faces.resource/primefaces.js?ln=primefaces&v=4.0 HTTP/1.1" 304 -
186.31.179.94 - - [04/Feb/2024:08:12:42 -0500] "GET /sipse/faces/javax.faces.resource/layout/layout.js?ln=primefaces&v=4.0 HTTP/1.1" 304 -
186.31.179.94 - - [04/Feb/2024:08:12:42 -0500] "GET /sipse/faces/javax.faces.resource/images/ui-icons_898989_256x240.png?ln=primefaces-aristo HTTP/1.1" 304 -
186.31.179.94 - - [04/Feb/2024:08:12:42 -0500] "GET /sipse/faces/javax.faces.resource/dynamiccontent.properties?ln=primefaces&pfdrid=XjOR5%2F%2FfPAZAuY9TpWQeCiM0BhlXxYRBGKi%2FQcXXfeA%3D&pfdrid_c=false HTTP/1.1" 500 383
186.31.179.94 - - [04/Feb/2024:08:12:55 -0500] "POST /sipse/faces/presentacion/financiero/solicitudProceso/consultarSolicitudProceso.xhtml HTTP/1.1" 200 822388
186.31.179.94 - - [04/Feb/2024:08:13:56 -0500] "GET /sipse/faces/javax.faces.resource/images/ui-bg_flat_0_2d5972_40x100.png?ln=primefaces-aristo HTTP/1.1" 304 -
186.31.179.94 - - [04/Feb/2024:08:13:56 -0500] "POST /sipse/faces/presentacion/financiero/solicitudProceso/consultarSolicitudProceso.xhtml HTTP/1.1" 200 5522
201.245.192.253 - - [04/Feb/2024:08:15:46 -0500] "POST /kwsrmcab/Wsrmcab  HTTP/1.1" 200 37857
216.245.221.92 - - [04/Feb/2024:08:17:00 -0500] "HEAD / HTTP/1.1" 200 -
172.22.2.4 - - [04/Feb/2024:08:15:34 -0500] "HEAD /BLA/boletinlegal/ HTTP/1.1" 200 -
172.22.2.4 - - [04/Feb/2024:08:16:25 -0500] "GET /BLA/boletinlegal/ HTTP/1.1" 200 61040
186.31.179.94 - - [04/Feb/2024:08:18:15 -0500] "POST /sipse/faces/presentacion/financiero/solicitudProceso/consultarSolicitudProceso.xhtml HTTP/1.1" 200 5522
172.22.2.4 - - [04/Feb/2024:08:18:19 -0500] "GET /BLA/boletinlegal/Circulares/2018/Circular%20No.%2010%20del%2021%20de%20Septiembre%20de%202018.pdf HTTP/1.1" 304 -
186.31.179.94 - - [04/Feb/2024:08:18:40 -0500] "POST /sipse/faces/presentacion/financiero/solicitudProceso/consultarSolicitudProceso.xhtml HTTP/1.1" 200 2213028
69.171.231.8 - - [04/Feb/2024:08:19:48 -0500] "GET /images/Juan%20Rey%20febrero%2013.jpg HTTP/1.1" 200 55934
201.245.192.253 - - [04/Feb/2024:08:20:07 -0500] "POST /kwsrmcab/Wsrmcab HTTP/1.1" 200 40567
201.245.192.253 - - [04/Feb/2024:08:20:10 -0500] "POST /kwsrmcab/Wsrmcab HTTP/1.1" 200 36791
201.245.192.253 - - [04/Feb/2024:08:20:16 -0500] "POST /kwsrmcab/Wsrmcab HTTP/1.1" 200 40268
201.245.192.253 - - [04/Feb/2024:08:20:44 -0500] "POST /kwsrmcab/Wsrmcab  HTTP/1.1" 200 37857
201.245.192.253 - - [04/Feb/2024:08:21:20 -0500] "POST /kwsrmcab/Wsrmcab HTTP/1.1" 200 36791
66.249.66.19 - - [04/Feb/2024:08:21:24 -0500] "GET /Residuos/farmaceutica/files/guia_farmaceuticas.pdf HTTP/1.1" 304 -
186.31.179.94 - - [04/Feb/2024:08:21:45 -0500] "POST /sipse/faces/presentacion/financiero/solicitudProceso/consultarSolicitudProceso.xhtml HTTP/1.1" 200 190262
186.31.179.94 - - [04/Feb/2024:08:21:45 -0500] "GET /sipse/faces/javax.faces.resource/theme.css?ln=primefaces-sipse HTTP/1.1" 304 -
186.31.179.94 - - [04/Feb/2024:08:21:45 -0500] "GET /sipse/faces/javax.faces.resource/jquery/jquery.js?ln=primefaces&v=4.0 HTTP/1.1" 304 -
186.31.179.94 - - [04/Feb/2024:08:21:45 -0500] "GET /sipse/faces/javax.faces.resource/primefaces.css?ln=primefaces&v=4.0 HTTP/1.1" 304 -
186.31.179.94 - - [04/Feb/2024:08:21:45 -0500] "GET /sipse/faces/javax.faces.resource/jquery/jquery-plugins.js?ln=primefaces&v=4.0 HTTP/1.1" 304 -
186.31.179.94 - - [04/Feb/2024:08:21:45 -0500] "GET /sipse/faces/javax.faces.resource/layout/layout.css?ln=primefaces&v=4.0 HTTP/1.1" 304 -
186.31.179.94 - - [04/Feb/2024:08:21:45 -0500] "GET /sipse/faces/javax.faces.resource/primefaces.js?ln=primefaces&v=4.0 HTTP/1.1" 304 -
186.31.179.94 - - [04/Feb/2024:08:21:45 -0500] "GET /sipse/faces/javax.faces.resource/layout/layout.js?ln=primefaces&v=4.0 HTTP/1.1" 304 -
186.31.179.94 - - [04/Feb/2024:08:21:45 -0500] "GET /sipse/faces/javax.faces.resource/images/ui-icons_898989_256x240.png?ln=primefaces-aristo HTTP/1.1" 304 -
186.31.179.94 - - [04/Feb/2024:08:22:00 -0500] "GET /sipse/faces/javax.faces.resource/images/ui-bg_flat_0_2d5972_40x100.png?ln=primefaces-aristo HTTP/1.1" 304 -
216.245.221.92 - - [04/Feb/2024:08:22:00 -0500] "HEAD / HTTP/1.1" 200 -
186.31.179.94 - - [04/Feb/2024:08:22:00 -0500] "POST /sipse/faces/presentacion/financiero/solicitudProceso/consultarSolicitudProceso.xhtml HTTP/1.1" 200 37953
186.31.179.94 - - [04/Feb/2024:08:22:02 -0500] "GET /sipse/faces/javax.faces.resource/jquery/jquery.js?ln=primefaces&v=4.0 HTTP/1.1" 304 -
186.31.179.94 - - [04/Feb/2024:08:22:02 -0500] "GET /sipse/faces/javax.faces.resource/jquery/jquery-plugins.js?ln=primefaces&v=4.0 HTTP/1.1" 304 -
186.31.179.94 - - [04/Feb/2024:08:22:02 -0500] "GET /sipse/faces/javax.faces.resource/primefaces.js?ln=primefaces&v=4.0 HTTP/1.1" 304 -
186.31.179.94 - - [04/Feb/2024:08:22:02 -0500] "GET /sipse/faces/javax.faces.resource/layout/layout.js?ln=primefaces&v=4.0 HTTP/1.1" 304 -
186.31.179.94 - - [04/Feb/2024:08:22:02 -0500] "GET /sipse/faces/javax.faces.resource/messages/messages.png?ln=primefaces&v=4.0 HTTP/1.1" 304 -
186.31.179.94 - - [04/Feb/2024:08:22:02 -0500] "POST /sipse/faces/presentacion/financiero/solicitudProceso/listarSolicitudProceso.xhtml HTTP/1.1" 200 1416
186.31.179.94 - - [04/Feb/2024:08:22:02 -0500] "POST /sipse/faces/presentacion/financiero/solicitudProceso/listarSolicitudProceso.xhtml HTTP/1.1" 200 1428
186.31.179.94 - - [04/Feb/2024:08:22:06 -0500] "POST /sipse/faces/presentacion/financiero/solicitudProceso/listarSolicitudProceso.xhtml HTTP/1.1" 200 31570
186.31.179.94 - - [04/Feb/2024:08:22:15 -0500] "POST /sipse/faces/presentacion/financiero/solicitudProceso/listarSolicitudProceso.xhtml HTTP/1.1" 200 4877
186.31.179.94 - - [04/Feb/2024:08:22:24 -0500] "POST /sipse/faces/presentacion/financiero/solicitudProceso/listarSolicitudProceso.xhtml HTTP/1.1" 200 138786
186.31.179.94 - - [04/Feb/2024:08:22:25 -0500] "GET /sipse/faces/javax.faces.resource/jquery/jquery.js?ln=primefaces&v=4.0 HTTP/1.1" 304 -
186.31.179.94 - - [04/Feb/2024:08:22:25 -0500] "GET /sipse/faces/javax.faces.resource/jquery/jquery-plugins.js?ln=primefaces&v=4.0 HTTP/1.1" 304 -
186.31.179.94 - - [04/Feb/2024:08:22:25 -0500] "GET /sipse/faces/javax.faces.resource/primefaces.js?ln=primefaces&v=4.0 HTTP/1.1" 304 -
186.31.179.94 - - [04/Feb/2024:08:22:25 -0500] "GET /sipse/faces/javax.faces.resource/layout/layout.js?ln=primefaces&v=4.0 HTTP/1.1" 304 -
186.31.179.94 - - [04/Feb/2024:08:22:37 -0500] "POST /sipse/faces/presentacion/financiero/solicitudProceso/consultarSolicitudProceso.xhtml HTTP/1.1" 200 34091
186.31.179.94 - - [04/Feb/2024:08:22:38 -0500] "GET /sipse/faces/javax.faces.resource/theme.css?ln=primefaces-sipse HTTP/1.1" 304 -
186.31.179.94 - - [04/Feb/2024:08:22:38 -0500] "GET /sipse/faces/javax.faces.resource/primefaces.css?ln=primefaces&v=4.0 HTTP/1.1" 304 -
186.31.179.94 - - [04/Feb/2024:08:22:38 -0500] "GET /sipse/faces/javax.faces.resource/jquery/jquery-plugins.js?ln=primefaces&v=4.0 HTTP/1.1" 304 -
186.31.179.94 - - [04/Feb/2024:08:22:38 -0500] "GET /sipse/faces/javax.faces.resource/primefaces.js?ln=primefaces&v=4.0 HTTP/1.1" 304 -
186.31.179.94 - - [04/Feb/2024:08:22:38 -0500] "GET /sipse/faces/javax.faces.resource/layout/layout.js?ln=primefaces&v=4.0 HTTP/1.1" 304 -
186.31.179.94 - - [04/Feb/2024:08:22:38 -0500] "GET /sipse/faces/javax.faces.resource/jquery/jquery.js?ln=primefaces&v=4.0 HTTP/1.1" 304 -
186.31.179.94 - - [04/Feb/2024:08:22:38 -0500] "GET /sipse/faces/javax.faces.resource/layout/layout.css?ln=primefaces&v=4.0 HTTP/1.1" 304 -
186.31.179.94 - - [04/Feb/2024:08:22:38 -0500] "GET /sipse/faces/javax.faces.resource/images/ui-icons_898989_256x240.png?ln=primefaces-aristo HTTP/1.1" 304 -
186.31.179.94 - - [04/Feb/2024:08:22:51 -0500] "POST /sipse/faces/presentacion/financiero/solicitudProceso/consultarHistorialSolProceso.xhtml HTTP/1.1" 200 184580
186.31.179.94 - - [04/Feb/2024:08:22:51 -0500] "GET /sipse/faces/javax.faces.resource/theme.css?ln=primefaces-sipse HTTP/1.1" 304 -
186.31.179.94 - - [04/Feb/2024:08:22:51 -0500] "GET /sipse/faces/javax.faces.resource/primefaces.css?ln=primefaces&v=4.0 HTTP/1.1" 304 -
186.31.179.94 - - [04/Feb/2024:08:22:51 -0500] "GET /sipse/faces/javax.faces.resource/layout/layout.css?ln=primefaces&v=4.0 HTTP/1.1" 304 -
186.31.179.94 - - [04/Feb/2024:08:22:51 -0500] "GET /sipse/faces/javax.faces.resource/jquery/jquery.js?ln=primefaces&v=4.0 HTTP/1.1" 304 -
186.31.179.94 - - [04/Feb/2024:08:22:51 -0500] "GET /sipse/faces/javax.faces.resource/jquery/jquery-plugins.js?ln=primefaces&v=4.0 HTTP/1.1" 304 -
186.31.179.94 - - [04/Feb/2024:08:22:51 -0500] "GET /sipse/faces/javax.faces.resource/primefaces.js?ln=primefaces&v=4.0 HTTP/1.1" 304 -
186.31.179.94 - - [04/Feb/2024:08:22:51 -0500] "GET /sipse/faces/javax.faces.resource/layout/layout.js?ln=primefaces&v=4.0 HTTP/1.1" 304 -
186.31.179.94 - - [04/Feb/2024:08:22:51 -0500] "GET /sipse/faces/javax.faces.resource/images/ui-icons_898989_256x240.png?ln=primefaces-aristo HTTP/1.1" 304 -
172.22.2.4 - - [04/Feb/2024:08:21:24 -0500] "HEAD /BLA/boletinlegal/ HTTP/1.1" 200 -
186.31.179.94 - - [04/Feb/2024:08:23:04 -0500] "POST /sipse/faces/presentacion/financiero/solicitudProceso/consultarSolicitudProceso.xhtml HTTP/1.1" 200 187885
186.31.179.94 - - [04/Feb/2024:08:23:33 -0500] "GET /sipse/faces/javax.faces.resource/images/ui-bg_flat_0_2d5972_40x100.png?ln=primefaces-aristo HTTP/1.1" 304 -
186.31.179.94 - - [04/Feb/2024:08:23:33 -0500] "POST /sipse/faces/presentacion/financiero/solicitudProceso/consultarSolicitudProceso.xhtml HTTP/1.1" 200 5522
172.22.2.4 - - [04/Feb/2024:08:22:15 -0500] "GET /BLA/boletinlegal/ HTTP/1.1" 200 61040
186.31.179.94 - - [04/Feb/2024:08:23:58 -0500] "POST /sipse/faces/presentacion/financiero/solicitudProceso/consultarSolicitudProceso.xhtml HTTP/1.1" 200 185484
186.31.179.94 - - [04/Feb/2024:08:23:59 -0500] "GET /sipse/faces/javax.faces.resource/theme.css?ln=primefaces-sipse HTTP/1.1" 304 -
186.31.179.94 - - [04/Feb/2024:08:23:59 -0500] "GET /sipse/faces/javax.faces.resource/primefaces.css?ln=primefaces&v=4.0 HTTP/1.1" 304 -
186.31.179.94 - - [04/Feb/2024:08:23:59 -0500] "GET /sipse/faces/javax.faces.resource/layout/layout.js?ln=primefaces&v=4.0 HTTP/1.1" 304 -
186.31.179.94 - - [04/Feb/2024:08:23:59 -0500] "GET /sipse/faces/javax.faces.resource/primefaces.js?ln=primefaces&v=4.0 HTTP/1.1" 304 -
186.31.179.94 - - [04/Feb/2024:08:23:59 -0500] "GET /sipse/faces/javax.faces.resource/jquery/jquery-plugins.js?ln=primefaces&v=4.0 HTTP/1.1" 304 -
186.31.179.94 - - [04/Feb/2024:08:23:59 -0500] "GET /sipse/faces/javax.faces.resource/layout/layout.css?ln=primefaces&v=4.0 HTTP/1.1" 304 -
186.31.179.94 - - [04/Feb/2024:08:23:59 -0500] "GET /sipse/faces/javax.faces.resource/jquery/jquery.js?ln=primefaces&v=4.0 HTTP/1.1" 304 -
186.31.179.94 - - [04/Feb/2024:08:23:59 -0500] "GET /sipse/faces/javax.faces.resource/images/ui-icons_898989_256x240.png?ln=primefaces-aristo HTTP/1.1" 304 -
186.31.179.94 - - [04/Feb/2024:08:24:08 -0500] "GET /sipse/faces/javax.faces.resource/images/ui-bg_flat_0_2d5972_40x100.png?ln=primefaces-aristo HTTP/1.1" 304 -
186.31.179.94 - - [04/Feb/2024:08:24:08 -0500] "POST /sipse/faces/presentacion/financiero/solicitudProceso/consultarSolicitudProceso.xhtml HTTP/1.1" 200 34980
186.31.179.94 - - [04/Feb/2024:08:24:10 -0500] "GET /sipse/faces/javax.faces.resource/jquery/jquery.js?ln=primefaces&v=4.0 HTTP/1.1" 304 -
186.31.179.94 - - [04/Feb/2024:08:24:10 -0500] "GET /sipse/faces/javax.faces.resource/jquery/jquery-plugins.js?ln=primefaces&v=4.0 HTTP/1.1" 304 -
186.31.179.94 - - [04/Feb/2024:08:24:10 -0500] "GET /sipse/faces/javax.faces.resource/primefaces.js?ln=primefaces&v=4.0 HTTP/1.1" 304 -
186.31.179.94 - - [04/Feb/2024:08:24:10 -0500] "GET /sipse/faces/javax.faces.resource/layout/layout.js?ln=primefaces&v=4.0 HTTP/1.1" 304 -
186.31.179.94 - - [04/Feb/2024:08:24:10 -0500] "GET /sipse/faces/javax.faces.resource/messages/messages.png?ln=primefaces&v=4.0 HTTP/1.1" 304 -
186.31.179.94 - - [04/Feb/2024:08:24:10 -0500] "POST /sipse/faces/presentacion/financiero/solicitudProceso/listarSolicitudProceso.xhtml HTTP/1.1" 200 1396
186.31.179.94 - - [04/Feb/2024:08:24:10 -0500] "POST /sipse/faces/presentacion/financiero/solicitudProceso/listarSolicitudProceso.xhtml HTTP/1.1" 200 1396
186.31.179.94 - - [04/Feb/2024:08:24:16 -0500] "POST /sipse/faces/presentacion/financiero/solicitudProceso/listarSolicitudProceso.xhtml HTTP/1.1" 200 31558
69.63.189.113 - - [04/Feb/2024:08:24:23 -0500] "GET /conoce-las-actividades-en-bogota-para-celebrar-el-dia-mundial-de-los-humedales.html HTTP/1.1" 200 859
186.31.179.94 - - [04/Feb/2024:08:24:24 -0500] "POST /sipse/faces/presentacion/financiero/solicitudProceso/listarSolicitudProceso.xhtml HTTP/1.1" 200 4764
69.171.231.6 - - [04/Feb/2024:08:24:27 -0500] "GET /conoce-las-actividades-en-bogota-para-celebrar-el-dia-mundial-de-los-humedales.html HTTP/1.1" 200 859
186.31.179.94 - - [04/Feb/2024:08:24:37 -0500] "POST /sipse/faces/presentacion/financiero/solicitudProceso/listarSolicitudProceso.xhtml HTTP/1.1" 200 142022
186.31.179.94 - - [04/Feb/2024:08:24:38 -0500] "GET /sipse/faces/javax.faces.resource/jquery/jquery.js?ln=primefaces&v=4.0 HTTP/1.1" 304 -
186.31.179.94 - - [04/Feb/2024:08:24:38 -0500] "GET /sipse/faces/javax.faces.resource/jquery/jquery-plugins.js?ln=primefaces&v=4.0 HTTP/1.1" 304 -
186.31.179.94 - - [04/Feb/2024:08:24:38 -0500] "GET /sipse/faces/javax.faces.resource/primefaces.js?ln=primefaces&v=4.0 HTTP/1.1" 304 -
186.31.179.94 - - [04/Feb/2024:08:24:38 -0500] "GET /sipse/faces/javax.faces.resource/layout/layout.js?ln=primefaces&v=4.0 HTTP/1.1" 304 -
201.245.192.253 - - [04/Feb/2024:08:25:43 -0500] "POST /kwsrmcab/Wsrmcab  HTTP/1.1" 200 37857
172.22.2.4 - - [04/Feb/2024:08:24:48 -0500] "GET /BLA/boletinlegal/index.php HTTP/1.1" 200 63049
186.31.179.94 - - [04/Feb/2024:08:26:48 -0500] "POST /sipse/faces/presentacion/financiero/solicitudProceso/consultarSolicitudProceso.xhtml HTTP/1.1" 200 34771
186.31.179.94 - - [04/Feb/2024:08:26:51 -0500] "GET /sipse/faces/javax.faces.resource/jquery/jquery.js?ln=primefaces&v=4.0 HTTP/1.1" 304 -
186.31.179.94 - - [04/Feb/2024:08:26:51 -0500] "GET /sipse/faces/javax.faces.resource/jquery/jquery-plugins.js?ln=primefaces&v=4.0 HTTP/1.1" 304 -
186.31.179.94 - - [04/Feb/2024:08:26:51 -0500] "GET /sipse/faces/javax.faces.resource/primefaces.js?ln=primefaces&v=4.0 HTTP/1.1" 304 -
186.31.179.94 - - [04/Feb/2024:08:26:51 -0500] "GET /sipse/faces/javax.faces.resource/layout/layout.js?ln=primefaces&v=4.0 HTTP/1.1" 304 -
186.31.179.94 - - [04/Feb/2024:08:26:52 -0500] "POST /sipse/faces/presentacion/financiero/solicitudProceso/listarSolicitudProceso.xhtml HTTP/1.1" 200 1396
216.245.221.92 - - [04/Feb/2024:08:27:00 -0500] "HEAD / HTTP/1.1" 200 -
172.22.2.4 - - [04/Feb/2024:08:27:14 -0500] "HEAD /BLA/boletinlegal/ HTTP/1.1" 200 -
157.55.39.9 - - [04/Feb/2024:08:29:37 -0500] "GET /Publicaciones/2023EE305994.pdf HTTP/1.1" 404 228
172.22.2.4 - - [04/Feb/2024:08:28:05 -0500] "GET /BLA/boletinlegal/ HTTP/1.1" 200 58677
201.245.192.253 - - [04/Feb/2024:08:30:08 -0500] "POST /kwsrmcab/Wsrmcab HTTP/1.1" 200 40567
201.245.192.253 - - [04/Feb/2024:08:30:11 -0500] "POST /kwsrmcab/Wsrmcab HTTP/1.1" 200 36791
201.245.192.253 - - [04/Feb/2024:08:30:15 -0500] "POST /kwsrmcab/Wsrmcab HTTP/1.1" 200 40268
201.245.192.253 - - [04/Feb/2024:08:30:43 -0500] "POST /kwsrmcab/Wsrmcab  HTTP/1.1" 200 37857
201.245.192.253 - - [04/Feb/2024:08:31:22 -0500] "POST /kwsrmcab/Wsrmcab HTTP/1.1" 200 36791
216.245.221.92 - - [04/Feb/2024:08:32:00 -0500] "HEAD / HTTP/1.1" 200 -
173.252.83.11 - - [04/Feb/2024:08:32:44 -0500] "GET /images/pieza-mujeres-reverdecen-4-abril.jpg HTTP/1.1" 200 48916
186.145.73.165 - - [04/Feb/2024:08:34:42 -0500] "GET /animales-silvestres-regresaron-a-la-libertad-en-el-norte-de-bogota.html HTTP/1.1" 200 925
172.22.2.4 - - [04/Feb/2024:08:33:04 -0500] "HEAD /BLA/boletinlegal/ HTTP/1.1" 200 -
186.102.21.163 - - [04/Feb/2024:08:34:57 -0500] "GET /kwssiamovil/sm/ldap/au?x=U2FsdGVkX18ru2bR6bDHLpxKXQlX1wmbKUP9y60WN4bQSbq7aTEMWbPQtIlN1l/d&y=U2FsdGVkX1/cdZhPUq46XNr45CQMplGlrb4SRX60oM+ZayJFMbF66+mtPzh9aBj7 HTTP/1.1" 200 30
186.102.21.163 - - [04/Feb/2024:08:34:57 -0500] "GET /kwssiamovil/sm/acme/s?s=U2FsdGVkX199Z/RZN1/4vXe7Oz0twrrNI8ZKWkWcQTuAiFajQASC53F/8a94yjyBq6KPyMsZQMI17EextofulCAVxhw8sw/AyMAok11Wiy4=&u=U2FsdGVkX1/Cm/kQuIYLZY9Gseh2g05SMkUbULrzntk7D3EEFkuWeql7PSAHTOt9&y=U2FsdGVkX1/cdZhPUq46XNr45CQMplGlrb4SRX60oM+ZayJFMbF66+mtPzh9aBj7 HTTP/1.1" 200 70
186.102.21.163 - - [04/Feb/2024:08:34:57 -0500] "GET /kwssiamovil/sm/acme/s?s=U2FsdGVkX19N+s0vryH9nJWBrSIsW1ZoU7V9+Fl2wibMP1ZM2Iw5hX0ws7tsbfrbWSxS4SjFiM861BmnhXhnMTZr4rz/3ScoS/ZEvYZ3uv5oMQFgP4/FkQAGDqsOdNrJ/co3kID404HwlvbMrIlAROOt/rFAZNezFf0j7jV1DA4BiJFg+DKOP8piz95zdZyMEHqm2ljF9kfIzOQ5vtecFvhBLrEbLcQ3/uc32LJzN5OW0ZxsFP2hJeoGpdy/JRx1IY605d53pEeuy+YIziFMS7SXgP0t6KQDpaqHWJvMIaHP27W98+V+Qe0jHDGgrrD1zM3I4hpXgoRqjQ8nfuS8JysEPrKh2Xjn4Wefy3YegFfau8QtOtbpZyZOIhARIB9dQq3qvPifsnyVUXGpIoMsOGhPsnvvoIaWvgzI0lBmasfl84Tzl1EodraGGT4nJw0z53kMOB+YY6klNHuYguH4r6OYRq6DtpWvXupSuRy/AYODPMbriJtX3P/jULdrmmlhsJJrIXrxxdnIHTq2+R39BPsBt3+wed4GRvbQjnEBZjgmacq4DTafVuj9lq/hTgUc35OpoprTXqpAboVTaWTBRBWISHKJ4cmvZg5xA8ViMw5NJBwTZXsT4xSoxc+ZxIp8cNWu0XyBISigXB+tylSirnnud1L7MTk7a1STK+3TM15j8+Lxtf6hRm8mE4oclXcHrvS4meIWfleqDy9bHVnAdqR6cZ3BVR2AKtfm7hTTgc9FcpAWkUNsSevuKFob90vt/QNpUgXpWO066fzW0XNlWk8XU37Gn7pKApLrHh2bIIjFkTZTrO1yB0xdjRUGu38Uk/QFgyu7WOk2irAU7DxNFa7ZMtQKVd+iHSXCtSyijetDmryoBag8nE2jTdHbTVz/FCOtqesaIUSPc86qc4MWHfB/WeLGjHYpFKs/A7LBJDprAMw6KS0IdknXD6A2PuCqa5DuaVpH1+5GigA0aaL855cLQ3Bb6hUqcubeWa/0MXR8LLVllKifkU222Xsca/T25mCGY4wjWk6ZcnW9fr8LE4Lwilt+YRoOtcEKoh82LfvENIqrFA6KyGmOAp3XZysbBsqLGwyE8R8XG2e7/X301ZYbSNec0mdrL4LjpAWgD2ZIQ6b+SC+QXcha7fpQoAKodFPQ6vXMht0g2pAdxtloQu6sbOfis3kwwKlJT80Jy5bNoeEegzFiYD7eydCDtxeRjEODnVhFNTHvvvSLhrA0Zeg+eBbDpxS6Zi/1w+fXHg3GER+DI+NfFdwdBIkD1+L/+51T2VBI15nPQ+O8WMEQcwUjkrWfP0XIEaj2Z9myxDCKKgSrXdPXewoWOWx3XTmkELB1V4H4yy/tQfi6qi82j6zdG16WCUUSTH0Iljh9OFb8RsG2GGA435eG5TZwF6ZL1rwDvTk+QaPGsm6wp2s+4CyySeEuLFLGOlgXTnHxBLAWDz9Sua9aprepjBOg9U1/c1hwEL/p6pVR2UAwbjebCos+so+hTY1PGh077EObHRfS5eFHoBC1mSNkyPcYmYXC/PyWv5hpLR4yAbXQp5JK6YGNYzhNFlVhsPAcFnlozyPb6e636AHEZ/P/FBdtOXoTAMYWu4/CJtSrNKC6p7OEL1lUSlyUyrowypKFaGon1VtmBWxWda4qs3p86E4uShOfbgbuBImBqTwpzGSeDIWlLAspShDF5qNr2GDyj4u+xh+XuLf8/WjWj5SwqDu9YyIDLMxw/07QKyaeKnHMZdic9RCGoZ6/GxpVkipm+MPNbrUaVs49kMNEgwtW405nCDFX&u=U2FsdGVkX1/Cm/kQuIYLZY9Gseh2g05SMkUbULrzntk7D3EEFkuWeql7PSAHTOt9&y=U2FsdGVkX1/cdZhPUq46XNr45CQMplGlrb4SRX60oM+ZayJFMbF66+mtPzh9aBj7 HTTP/1.1" 200 1687
186.102.21.163 - - [04/Feb/2024:08:34:57 -0500] "GET /kwssiamovil/sm/acme/s?s=U2FsdGVkX18nscddR3rnNJEJPGp+/o2BU5GTE6MyuUbBUu4eo9SnUgB33c5/SsP0FNa7DWX6HObUrzZr0TfG1ihT/7tTRnziiVVewdEpECFNGKQwKQ+OLMmOoQyG3y+FerFEWxUhxdalccwrdV7/j4F8o7mNKKdIckJlKi/4QeMycuvdcHKg8O/I4k/yhKtOUWUDrH5zyqrEmk1+WSQYEXSyELX7WGzMYuONbZJmJPDMTKs2mTmAc9E7qk+bovW9n5cO7KrVNmMfcY85RcuK9h4Z6A8pJguE1q63riqgYGw728Le3V4G+ncNP4KeXW/O/I0zcHtWiIkd5tiHKvP9XOR2tq+WGdk53XOpJYV1fQl+vterQe7r9NqjwROoMz6S0t+M3OpK5cLHKz47bEHyKck36HMScJ4FqLC7I/hNm1LqhN1PAwS9ekmbhfWtvQTbjCg2hlwWgcZ8XaTAabTOW/oJ2Ktjk7Elim/dOlrE2qsm4fLkIos7uwueaXoiA0C1wAZFf2F6u8BlLvcm4Wnbzd0hZCZz0pv4kngn7oLs3qBvhY38k5gR0N2rJgvt2fqTL04xKcaT9AmW47u5u5wM1K083uITVeiC8mJ+ABK+ngKmbNTcjpyJY3YPVS3ZhX56rjR1r+8tlkxKdWLszG5FQ+K8cK+ZJxOhdYee5jny9e+BVjuwDR97840TCW9eWxiIeObQ8eMltH/q8x+jKRVwGgq/ot0zTti/L0+s6nGW7DysabqjqgLO0Xx5bBDnf0JZ&u=U2FsdGVkX1/Cm/kQuIYLZY9Gseh2g05SMkUbULrzntk7D3EEFkuWeql7PSAHTOt9&y=U2FsdGVkX1/cdZhPUq46XNr45CQMplGlrb4SRX60oM+ZayJFMbF66+mtPzh9aBj7 HTTP/1.1" 200 208
186.102.21.163 - - [04/Feb/2024:08:34:58 -0500] "GET /kwssiamovil/sm/cjson/pre?f=1&x=U2FsdGVkX18ru2bR6bDHLpxKXQlX1wmbKUP9y60WN4bQSbq7aTEMWbPQtIlN1l/d HTTP/1.1" 200 32032
81.207.70.129 - - [04/Feb/2024:08:35:00 -0500] "GET / HTTP/1.1" 200 319
199.16.157.181 - - [04/Feb/2024:08:35:11 -0500] "GET /robots.txt HTTP/1.1" 404 1034
199.16.157.181 - - [04/Feb/2024:08:35:11 -0500] "GET /images/pl%C3%A1sticos%20foto%201..jpg HTTP/1.1" 404 1034
199.16.157.183 - - [04/Feb/2024:08:35:11 -0500] "GET /robots.txt HTTP/1.1" 404 1034
199.16.157.183 - - [04/Feb/2024:08:35:11 -0500] "GET /images/pl%C3%A1sticos%20foto%201..jpg HTTP/1.1" 404 1034
199.16.157.181 - - [04/Feb/2024:08:35:11 -0500] "GET /robots.txt HTTP/1.1" 404 1034
199.16.157.181 - - [04/Feb/2024:08:35:12 -0500] "GET /images/pl%C3%A1sticos%20foto%201..jpg HTTP/1.1" 404 1034
172.22.2.4 - - [04/Feb/2024:08:33:55 -0500] "GET /BLA/boletinlegal/ HTTP/1.1" 200 58677
201.245.192.253 - - [04/Feb/2024:08:35:42 -0500] "POST /kwsrmcab/Wsrmcab  HTTP/1.1" 200 37857
40.77.167.43 - - [04/Feb/2024:08:36:32 -0500] "GET /calidad-del-aire-de-bogota-empieza-a-deteriorarse-producto-de-incendios-forestales.html HTTP/1.1" 200 741
216.245.221.92 - - [04/Feb/2024:08:37:00 -0500] "HEAD / HTTP/1.1" 200 -
201.245.192.253 - - [04/Feb/2024:08:40:08 -0500] "POST /kwsrmcab/Wsrmcab HTTP/1.1" 200 40567
201.245.192.253 - - [04/Feb/2024:08:40:11 -0500] "POST /kwsrmcab/Wsrmcab HTTP/1.1" 200 36791
201.245.192.253 - - [04/Feb/2024:08:40:15 -0500] "POST /kwsrmcab/Wsrmcab HTTP/1.1" 200 40268
172.22.2.4 - - [04/Feb/2024:08:38:54 -0500] "HEAD /BLA/boletinlegal/ HTTP/1.1" 200 -
201.245.192.253 - - [04/Feb/2024:08:40:40 -0500] "POST /kwsrmcab/Wsrmcab  HTTP/1.1" 200 37857
157.55.39.54 - - [04/Feb/2024:08:41:18 -0500] "GET /Publicaciones/2023EE309219.pdf HTTP/1.1" 404 228
178.18.9.16 - - [04/Feb/2024:08:41:19 -0500] "GET / HTTP/1.1" 200 319
172.22.2.4 - - [04/Feb/2024:08:39:45 -0500] "GET /BLA/boletinlegal/ HTTP/1.1" 200 60676
201.245.192.253 - - [04/Feb/2024:08:41:23 -0500] "POST /kwsrmcab/Wsrmcab HTTP/1.1" 200 36791
216.245.221.92 - - [04/Feb/2024:08:42:00 -0500] "HEAD / HTTP/1.1" 200 -
157.55.39.54 - - [04/Feb/2024:08:42:30 -0500] "GET /BLA/resoluciones/RESOLUCIONES%202016/2543.pdf HTTP/1.1" 200 733477
88.99.195.86 - - [04/Feb/2024:08:43:15 -0500] "GET / HTTP/1.0" 200 319
173.252.107.7 - - [04/Feb/2024:08:43:20 -0500] "GET /senderos-en-los-cerros-orientales-cerrados-temporalmente-por-incendios-forestales.html HTTP/1.1" 200 991
201.245.192.253 - - [04/Feb/2024:08:45:39 -0500] "POST /kwsrmcab/Wsrmcab  HTTP/1.1" 200 37857
172.22.2.4 - - [04/Feb/2024:08:44:44 -0500] "HEAD /BLA/boletinlegal/ HTTP/1.1" 200 -
172.22.2.4 - - [04/Feb/2024:08:46:30 -0500] "GET /BLA/boletinlegal/robots.txt HTTP/1.1" 404 1037
216.245.221.92 - - [04/Feb/2024:08:47:00 -0500] "HEAD / HTTP/1.1" 200 -
172.22.2.4 - - [04/Feb/2024:08:45:35 -0500] "GET /BLA/boletinlegal/ HTTP/1.1" 200 57079
172.22.2.4 - - [04/Feb/2024:08:46:30 -0500] "GET /BLA/boletinlegal/ HTTP/1.1" 200 59166
157.55.39.10 - - [04/Feb/2024:08:48:53 -0500] "GET /BLA/resoluciones/AUTOS%202020/4968.pdf HTTP/1.1" 200 613504
201.245.192.253 - - [04/Feb/2024:08:50:37 -0500] "POST /kwsrmcab/Wsrmcab  HTTP/1.1" 200 37857
216.245.221.92 - - [04/Feb/2024:08:52:00 -0500] "HEAD / HTTP/1.1" 200 -
172.22.2.4 - - [04/Feb/2024:08:50:34 -0500] "HEAD /BLA/boletinlegal/ HTTP/1.1" 200 -
173.252.83.119 - - [04/Feb/2024:08:52:56 -0500] "GET /images/27%20de%20enero%20Soratama.jpg HTTP/1.1" 200 63397
172.22.2.4 - - [04/Feb/2024:08:51:25 -0500] "GET /BLA/boletinlegal/ HTTP/1.1" 200 60676
201.245.192.253 - - [04/Feb/2024:08:55:37 -0500] "POST /kwsrmcab/Wsrmcab  HTTP/1.1" 200 37857
216.245.221.92 - - [04/Feb/2024:08:57:00 -0500] "HEAD / HTTP/1.1" 200 -
172.22.2.4 - - [04/Feb/2024:08:56:24 -0500] "HEAD /BLA/boletinlegal/ HTTP/1.1" 200 -
172.22.2.4 - - [04/Feb/2024:08:57:15 -0500] "GET /BLA/boletinlegal/ HTTP/1.1" 200 60676
40.77.167.46 - - [04/Feb/2024:09:00:29 -0500] "GET /BLA/resoluciones/RESOLUCIONES%202013/2794.pdf HTTP/1.1" 200 622053
201.245.192.253 - - [04/Feb/2024:09:00:37 -0500] "POST /kwsrmcab/Wsrmcab  HTTP/1.1" 200 37857
66.249.66.21 - - [04/Feb/2024:09:00:40 -0500] "GET /BLA/resoluciones/RESOLUCIONES%25202016/0599.pdf HTTP/1.1" 404 1018
216.245.221.92 - - [04/Feb/2024:09:02:00 -0500] "HEAD / HTTP/1.1" 200 -
172.22.2.4 - - [04/Feb/2024:09:03:30 -0500] "GET /BLA/boletinlegal/robots.txt HTTP/1.1" 404 1038
172.22.2.4 - - [04/Feb/2024:09:03:33 -0500] "GET /BLA/boletinlegal/robots.txt HTTP/1.1" 404 1038
172.22.2.4 - - [04/Feb/2024:09:03:39 -0500] "GET /BLA/boletinlegal/Circulares/2012/Circular%20No.%206%20del%2025%20de%20Mayo%20de%202012.pdf HTTP/1.1" 200 387391
172.22.2.4 - - [04/Feb/2024:09:03:42 -0500] "GET /BLA/boletinlegal/Circulares/2022/CIRCULAR%20No.%2000003%20DEL%2007%20DE%20MARZO%20DEL%202022.pdf HTTP/1.1" 200 311468
172.22.2.4 - - [04/Feb/2024:09:02:14 -0500] "HEAD /BLA/boletinlegal/ HTTP/1.1" 200 -
172.22.2.4 - - [04/Feb/2024:09:04:26 -0500] "GET /BLA/boletinlegal/Circulares/2019/Circular%20No.%200015%20del%2003%20de%20Octubre%20de%202019.pdf HTTP/1.1" 200 165608
172.22.2.4 - - [04/Feb/2024:09:04:32 -0500] "GET /BLA/boletinlegal/Circulares/2023/CIRCULAR%20No.%2000002%20DEL%2020%20DE%20FEBRERO%20DEL%202023.pdf HTTP/1.1" 200 333231
172.22.2.4 - - [04/Feb/2024:09:04:33 -0500] "GET /BLA/boletinlegal/Circulares/2015/Circular%20No.%202%20del%201%20de%20julio%20de%202015.pdf HTTP/1.1" 200 752890
172.22.2.4 - - [04/Feb/2024:09:03:05 -0500] "GET /BLA/boletinlegal/ HTTP/1.1" 200 60676
172.22.2.4 - - [04/Feb/2024:09:04:54 -0500] "GET /BLA/boletinlegal/Circulares/2019/Circular%20No.%200005%20del%2020%20de%20Marzo%20de%202019.pdf HTTP/1.1" 200 159877
172.22.2.4 - - [04/Feb/2024:09:05:14 -0500] "GET /BLA/boletinlegal/Directivas/2017/Directiva%20No.%2001%20del%2017%20de%20Enero%20de%202017.pdf HTTP/1.1" 200 2804310
172.22.2.4 - - [04/Feb/2024:09:05:24 -0500] "GET /BLA/boletinlegal/Directivas/2011/Directiva%20No.%201%20del%205%20de%20Abril%20de%202011.pdf HTTP/1.1" 200 971292
201.245.192.253 - - [04/Feb/2024:09:05:36 -0500] "POST /kwsrmcab/Wsrmcab  HTTP/1.1" 200 37857
172.22.2.4 - - [04/Feb/2024:09:06:08 -0500] "GET /BLA/boletinlegal/Circulares/2013/Circular%20No.%205%20del%2013%20de%20junio%20de%202013.pdf HTTP/1.1" 200 110904
216.245.221.92 - - [04/Feb/2024:09:07:00 -0500] "HEAD / HTTP/1.1" 200 -
172.22.2.4 - - [04/Feb/2024:09:08:53 -0500] "GET /BLA/boletinlegal/jurisprudencia/ HTTP/1.1" 200 543
172.22.2.4 - - [04/Feb/2024:09:08:04 -0500] "HEAD /BLA/boletinlegal/ HTTP/1.1" 200 -
172.22.2.4 - - [04/Feb/2024:09:08:55 -0500] "GET /BLA/boletinlegal/ HTTP/1.1" 200 61040
201.245.192.253 - - [04/Feb/2024:09:10:35 -0500] "POST /kwsrmcab/Wsrmcab  HTTP/1.1" 200 37857
216.245.221.92 - - [04/Feb/2024:09:12:00 -0500] "HEAD / HTTP/1.1" 200 -
172.22.2.4 - - [04/Feb/2024:09:13:54 -0500] "HEAD /BLA/boletinlegal/ HTTP/1.1" 200 -
201.245.192.253 - - [04/Feb/2024:09:15:34 -0500] "POST /kwsrmcab/Wsrmcab  HTTP/1.1" 200 37857
172.22.2.4 - - [04/Feb/2024:09:14:45 -0500] "GET /BLA/boletinlegal/ HTTP/1.1" 200 58303
216.245.221.92 - - [04/Feb/2024:09:17:00 -0500] "HEAD / HTTP/1.1" 200 -
201.245.192.253 - - [04/Feb/2024:09:20:07 -0500] "POST /kwsrmcab/Wsrmcab HTTP/1.1" 200 40580
201.245.192.253 - - [04/Feb/2024:09:20:10 -0500] "POST /kwsrmcab/Wsrmcab HTTP/1.1" 200 36951
201.245.192.253 - - [04/Feb/2024:09:20:15 -0500] "POST /kwsrmcab/Wsrmcab HTTP/1.1" 200 40428
201.245.192.253 - - [04/Feb/2024:09:20:33 -0500] "POST /kwsrmcab/Wsrmcab  HTTP/1.1" 200 37857
172.22.2.4 - - [04/Feb/2024:09:19:44 -0500] "HEAD /BLA/boletinlegal/ HTTP/1.1" 200 -
201.245.192.253 - - [04/Feb/2024:09:21:23 -0500] "POST /kwsrmcab/Wsrmcab HTTP/1.1" 200 36951
216.245.221.92 - - [04/Feb/2024:09:22:00 -0500] "HEAD / HTTP/1.1" 200 -
172.22.2.4 - - [04/Feb/2024:09:20:35 -0500] "GET /BLA/boletinlegal/ HTTP/1.1" 200 60676
201.245.192.253 - - [04/Feb/2024:09:25:31 -0500] "POST /kwsrmcab/Wsrmcab  HTTP/1.1" 200 37857
216.245.221.92 - - [04/Feb/2024:09:27:00 -0500] "HEAD / HTTP/1.1" 200 -
172.22.2.4 - - [04/Feb/2024:09:25:34 -0500] "HEAD /BLA/boletinlegal/ HTTP/1.1" 200 -
172.22.2.4 - - [04/Feb/2024:09:26:37 -0500] "GET /BLA/boletinlegal/ HTTP/1.1" 200 20427
172.22.2.4 - - [04/Feb/2024:09:26:25 -0500] "GET /BLA/boletinlegal/ HTTP/1.1" 200 55417
172.22.2.4 - - [04/Feb/2024:09:28:55 -0500] "GET /BLA/boletinlegal/actos.php HTTP/1.1" 200 9738
172.22.2.4 - - [04/Feb/2024:09:28:55 -0500] "GET /BLA/boletinlegal/js/ajax_actos.js HTTP/1.1" 200 1322
172.22.2.4 - - [04/Feb/2024:09:28:56 -0500] "GET /BLA/boletinlegal/js/popup.js HTTP/1.1" 200 1270
172.22.2.4 - - [04/Feb/2024:09:28:56 -0500] "GET /BLA/boletinlegal/js/lib.js HTTP/1.1" 200 6474
172.22.2.4 - - [04/Feb/2024:09:28:57 -0500] "GET /BLA/boletinlegal/js/jquery1.js HTTP/1.1" 200 29846
35.86.209.199 - - [04/Feb/2024:09:28:59 -0500] "GET / HTTP/1.1" 200 319
201.245.192.253 - - [04/Feb/2024:09:30:07 -0500] "POST /kwsrmcab/Wsrmcab HTTP/1.1" 200 40580
201.245.192.253 - - [04/Feb/2024:09:30:10 -0500] "POST /kwsrmcab/Wsrmcab HTTP/1.1" 200 36951
201.245.192.253 - - [04/Feb/2024:09:30:16 -0500] "POST /kwsrmcab/Wsrmcab HTTP/1.1" 200 40428
201.245.192.253 - - [04/Feb/2024:09:30:30 -0500] "POST /kwsrmcab/Wsrmcab  HTTP/1.1" 200 37857
201.245.192.253 - - [04/Feb/2024:09:31:22 -0500] "POST /kwsrmcab/Wsrmcab HTTP/1.1" 200 36951
216.245.221.92 - - [04/Feb/2024:09:32:00 -0500] "HEAD / HTTP/1.1" 200 -
173.252.83.10 - - [04/Feb/2024:09:32:53 -0500] "GET /images/25%20Incendio%20declaratoria.jpeg HTTP/1.1" 200 90327
172.22.2.4 - - [04/Feb/2024:09:31:24 -0500] "HEAD /BLA/boletinlegal/ HTTP/1.1" 200 -
172.22.2.4 - - [04/Feb/2024:09:32:15 -0500] "GET /BLA/boletinlegal/ HTTP/1.1" 200 58303
201.245.192.253 - - [04/Feb/2024:09:35:29 -0500] "POST /kwsrmcab/Wsrmcab  HTTP/1.1" 200 37857
216.245.221.92 - - [04/Feb/2024:09:37:00 -0500] "HEAD / HTTP/1.1" 200 -
172.22.2.4 - - [04/Feb/2024:09:37:14 -0500] "HEAD /BLA/boletinlegal/ HTTP/1.1" 200 -
172.22.2.4 - - [04/Feb/2024:09:38:04 -0500] "GET /BLA/boletinlegal/ HTTP/1.1" 200 58303
201.245.192.253 - - [04/Feb/2024:09:40:07 -0500] "POST /kwsrmcab/Wsrmcab HTTP/1.1" 200 40580
201.245.192.253 - - [04/Feb/2024:09:40:10 -0500] "POST /kwsrmcab/Wsrmcab HTTP/1.1" 200 36951
201.245.192.253 - - [04/Feb/2024:09:40:16 -0500] "POST /kwsrmcab/Wsrmcab HTTP/1.1" 200 40428
201.245.192.253 - - [04/Feb/2024:09:40:28 -0500] "POST /kwsrmcab/Wsrmcab  HTTP/1.1" 200 37857
201.245.192.253 - - [04/Feb/2024:09:41:21 -0500] "POST /kwsrmcab/Wsrmcab HTTP/1.1" 200 36951
191.92.171.103 - - [04/Feb/2024:09:41:40 -0500] "GET /distrito-exalto-a-246-empresas-de-bogota-por-su-alto-desempeno-y-responsabilidad-ambiental-durante-2023.html HTTP/1.1" 200 1039
191.92.171.103 - - [04/Feb/2024:09:41:40 -0500] "GET /html/css/main.css?browserId=other&themeId=rknowsys_WAR_rknowsystheme&minifierType=css&languageId=es_ES&b=6202&t=1419355480000 HTTP/1.1" 404 1136
216.245.221.92 - - [04/Feb/2024:09:42:00 -0500] "HEAD / HTTP/1.1" 200 -
173.252.107.2 - - [04/Feb/2024:09:42:28 -0500] "GET /images/27%20de%20enero%20Soratama.jpg HTTP/1.1" 200 63397
207.46.13.154 - - [04/Feb/2024:09:43:14 -0500] "GET /galeria/galeria/jquery.fancybox.js?v=2.1.5 HTTP/1.1" 200 48706
52.167.144.194 - - [04/Feb/2024:09:43:18 -0500] "GET /galeria/galeria/jquery.fancybox.css?v=2.1.5 HTTP/1.1" 200 4895
172.22.2.4 - - [04/Feb/2024:09:43:19 -0500] "GET /BLA/boletinlegal/Directivas/ HTTP/1.1" 200 535
172.22.2.4 - - [04/Feb/2024:09:43:04 -0500] "HEAD /BLA/boletinlegal/ HTTP/1.1" 200 -
201.245.192.253 - - [04/Feb/2024:09:45:27 -0500] "POST /kwsrmcab/Wsrmcab  HTTP/1.1" 200 37857
172.22.2.4 - - [04/Feb/2024:09:43:55 -0500] "GET /BLA/boletinlegal/ HTTP/1.1" 200 57472
207.46.13.154 - - [04/Feb/2024:09:46:57 -0500] "GET /BLA/resoluciones/RESOLUCIONES%202023/0299.pdf HTTP/1.1" 200 612276
216.245.221.92 - - [04/Feb/2024:09:47:00 -0500] "HEAD / HTTP/1.1" 200 -
52.167.144.216 - - [04/Feb/2024:09:47:10 -0500] "GET /sipse/faces/autenticacion.xhtml HTTP/1.1" 200 12726
201.245.192.253 - - [04/Feb/2024:09:50:26 -0500] "POST /kwsrmcab/Wsrmcab  HTTP/1.1" 200 37857
172.22.2.4 - - [04/Feb/2024:09:48:54 -0500] "HEAD /BLA/boletinlegal/ HTTP/1.1" 200 -
172.22.2.4 - - [04/Feb/2024:09:49:44 -0500] "GET /BLA/boletinlegal/ HTTP/1.1" 200 55025
216.245.221.92 - - [04/Feb/2024:09:52:00 -0500] "HEAD / HTTP/1.1" 200 -
201.245.192.253 - - [04/Feb/2024:09:55:39 -0500] "POST /kwsrmcab/Wsrmcab  HTTP/1.1" 200 37857
52.167.144.238 - - [04/Feb/2024:09:56:23 -0500] "GET /Publicaciones/2024EE08541.pdf HTTP/1.1" 404 227
172.22.2.4 - - [04/Feb/2024:09:54:44 -0500] "HEAD /BLA/boletinlegal/ HTTP/1.1" 200 -
191.156.188.3 - - [04/Feb/2024:09:56:41 -0500] "GET /appsia/controlador HTTP/1.1" 200 4799
191.156.181.44 - - [04/Feb/2024:09:56:41 -0500] "GET /appsia/css/estilos.css HTTP/1.1" 200 4804
191.156.188.3 - - [04/Feb/2024:09:56:41 -0500] "GET /appsia/scripts/validarIngreso.js HTTP/1.1" 200 851
191.156.178.4 - - [04/Feb/2024:09:56:41 -0500] "GET /appsia/images/logo_bogota_p.png HTTP/1.1" 200 14951
191.156.186.138 - - [04/Feb/2024:09:56:41 -0500] "GET /appsia/images/cabezoteHojaVida.png HTTP/1.1" 200 32493
191.156.186.138 - - [04/Feb/2024:09:56:43 -0500] "GET /appsia/controlador HTTP/1.1" 200 4799
191.156.186.138 - - [04/Feb/2024:09:56:48 -0500] "POST /appsia/controlador HTTP/1.1" 200 5437
172.22.2.4 - - [04/Feb/2024:09:56:55 -0500] "GET /BLA/boletinlegal/Directivas/2013/Directiva%20No.%202%20del%2004%20de%20Abril%20de%202013.pdf HTTP/1.1" 200 1182671
216.245.221.92 - - [04/Feb/2024:09:57:00 -0500] "HEAD / HTTP/1.1" 200 -
191.156.179.230 - - [04/Feb/2024:09:57:11 -0500] "POST /appsia/controlador HTTP/1.1" 200 7787
172.22.2.4 - - [04/Feb/2024:09:55:34 -0500] "GET /BLA/boletinlegal/ HTTP/1.1" 200 58677
191.156.179.230 - - [04/Feb/2024:09:57:21 -0500] "POST /appsia/controlador HTTP/1.1" 200 6660
191.156.179.230 - - [04/Feb/2024:09:57:28 -0500] "POST /appsia/controlador HTTP/1.1" 200 11725
34.250.12.251 - - [04/Feb/2024:09:58:38 -0500] "GET /robots.txt HTTP/1.1" 404 1018
34.250.12.251 - - [04/Feb/2024:09:58:38 -0500] "GET /BLA/resoluciones/RESOLUCIONES%202013/0715.pdf HTTP/1.1" 200 497969
52.167.144.238 - - [04/Feb/2024:10:00:13 -0500] "GET /Publicaciones/2023EE303586.pdf HTTP/1.1" 404 228
201.245.192.253 - - [04/Feb/2024:10:00:26 -0500] "POST /kwsrmcab/Wsrmcab  HTTP/1.1" 200 37857
216.245.221.92 - - [04/Feb/2024:10:02:00 -0500] "HEAD / HTTP/1.1" 200 -
172.22.2.4 - - [04/Feb/2024:10:00:34 -0500] "HEAD /BLA/boletinlegal/ HTTP/1.1" 200 -
172.22.2.4 - - [04/Feb/2024:10:01:25 -0500] "GET /BLA/boletinlegal/ HTTP/1.1" 200 60676
207.46.13.126 - - [04/Feb/2024:10:05:08 -0500] "GET /sipse/faces/presentacion/sistema/anexos/cargarAnexoSolicitudProceso.xhtml HTTP/1.1" 302 -
207.46.13.126 - - [04/Feb/2024:10:05:09 -0500] "GET /sipse/faces/autenticacion.xhtml HTTP/1.1" 200 12404
201.245.192.253 - - [04/Feb/2024:10:05:25 -0500] "POST /kwsrmcab/Wsrmcab  HTTP/1.1" 200 37857
216.245.221.92 - - [04/Feb/2024:10:07:00 -0500] "HEAD / HTTP/1.1" 200 -
40.77.167.132 - - [04/Feb/2024:10:07:02 -0500] "GET /BLA/resoluciones/AUTOS%202020/4346.pdf HTTP/1.1" 200 395098
