201.245.192.253 - - [06/Feb/2024:09:24:27 -0500] "POST /sipse/faces/presentacion/contratacion/contratista/consultarContratista.xhtml HTTP/1.1" 200 30354
201.245.192.253 - - [06/Feb/2024:09:24:28 -0500] "GET /sipse/faces/javax.faces.resource/theme.css?ln=primefaces-sipse HTTP/1.1" 304 -
201.245.192.253 - - [06/Feb/2024:09:24:28 -0500] "GET /sipse/faces/javax.faces.resource/primefaces.css?ln=primefaces&v=4.0 HTTP/1.1" 304 -
201.245.192.253 - - [06/Feb/2024:09:24:28 -0500] "GET /sipse/faces/javax.faces.resource/jquery/jquery-plugins.js?ln=primefaces&v=4.0 HTTP/1.1" 304 -
201.245.192.253 - - [06/Feb/2024:09:24:28 -0500] "GET /sipse/faces/javax.faces.resource/layout/layout.css?ln=primefaces&v=4.0 HTTP/1.1" 304 -
201.245.192.253 - - [06/Feb/2024:09:24:28 -0500] "GET /sipse/faces/javax.faces.resource/jquery/jquery.js?ln=primefaces&v=4.0 HTTP/1.1" 304 -
201.245.192.253 - - [06/Feb/2024:09:24:28 -0500] "GET /sipse/faces/javax.faces.resource/primefaces.js?ln=primefaces&v=4.0 HTTP/1.1" 304 -
201.245.192.253 - - [06/Feb/2024:09:24:28 -0500] "GET /sipse/faces/javax.faces.resource/layout/layout.js?ln=primefaces&v=4.0 HTTP/1.1" 304 -
201.245.192.253 - - [06/Feb/2024:09:24:31 -0500] "POST /sipse/faces/presentacion/contratacion/contratista/listarIntegrante.xhtml HTTP/1.1" 200 8411
190.84.43.161 - - [06/Feb/2024:09:24:31 -0500] "POST /sipse/faces/presentacion/financiero/solicitudProceso/listarSolicitudProceso.xhtml HTTP/1.1" 200 120019
190.84.43.161 - - [06/Feb/2024:09:24:32 -0500] "GET /sipse/faces/javax.faces.resource/theme.css?ln=primefaces-sipse HTTP/1.1" 304 -
190.84.43.161 - - [06/Feb/2024:09:24:32 -0500] "GET /sipse/faces/javax.faces.resource/primefaces.css?ln=primefaces&v=4.0 HTTP/1.1" 304 -
190.84.43.161 - - [06/Feb/2024:09:24:32 -0500] "GET /sipse/faces/javax.faces.resource/layout/layout.css?ln=primefaces&v=4.0 HTTP/1.1" 304 -
190.84.43.161 - - [06/Feb/2024:09:24:32 -0500] "GET /sipse/faces/javax.faces.resource/jquery/jquery.js?ln=primefaces&v=4.0 HTTP/1.1" 304 -
190.84.43.161 - - [06/Feb/2024:09:24:32 -0500] "GET /sipse/faces/javax.faces.resource/jquery/jquery-plugins.js?ln=primefaces&v=4.0 HTTP/1.1" 304 -
190.84.43.161 - - [06/Feb/2024:09:24:32 -0500] "GET /sipse/faces/javax.faces.resource/primefaces.js?ln=primefaces&v=4.0 HTTP/1.1" 304 -
190.84.43.161 - - [06/Feb/2024:09:24:32 -0500] "GET /sipse/faces/javax.faces.resource/layout/layout.js?ln=primefaces&v=4.0 HTTP/1.1" 304 -
201.245.192.253 - - [06/Feb/2024:09:24:36 -0500] "POST /sipse/faces/presentacion/contratacion/contratista/listarIntegrante.xhtml HTTP/1.1" 200 7666
201.245.192.253 - - [06/Feb/2024:09:24:43 -0500] "POST /sipse/faces/presentacion/financiero/solicitudProceso/listarSolicitudProceso.xhtml HTTP/1.1" 200 5529
201.245.192.253 - - [06/Feb/2024:09:24:43 -0500] "POST /forms/lservlet;jsessionid=ac16012b30d6dc1b97c5c24a42a7b28484f9d3a86ecf.e3iSbxaKaheRe3qKcheMbNuKc41ynknvrkLOlQzNp65In0 HTTP/1.1" 200 2
172.22.2.4 - - [06/Feb/2024:09:23:03 -0500] "GET /BLA/boletinlegal/index.php HTTP/1.1" 200 46010
186.98.85.187 - - [06/Feb/2024:09:24:45 -0500] "POST /sipse/faces/presentacion/financiero/solicitudProceso/consultarSolicitudProceso.xhtml HTTP/1.1" 200 626700
201.245.192.253 - - [06/Feb/2024:09:24:45 -0500] "POST /sipse/faces/presentacion/financiero/solicitudProceso/listarSolicitudProceso.xhtml HTTP/1.1" 200 134849
201.245.192.253 - - [06/Feb/2024:09:24:46 -0500] "GET /sipse/faces/javax.faces.resource/theme.css?ln=primefaces-sipse HTTP/1.1" 304 -
201.245.192.253 - - [06/Feb/2024:09:24:46 -0500] "GET /sipse/faces/javax.faces.resource/primefaces.css?ln=primefaces&v=4.0 HTTP/1.1" 304 -
201.245.192.253 - - [06/Feb/2024:09:24:46 -0500] "GET /sipse/faces/javax.faces.resource/layout/layout.css?ln=primefaces&v=4.0 HTTP/1.1" 304 -
201.245.192.253 - - [06/Feb/2024:09:24:46 -0500] "GET /sipse/faces/javax.faces.resource/jquery/jquery.js?ln=primefaces&v=4.0 HTTP/1.1" 304 -
201.245.192.253 - - [06/Feb/2024:09:24:46 -0500] "GET /sipse/faces/javax.faces.resource/jquery/jquery-plugins.js?ln=primefaces&v=4.0 HTTP/1.1" 304 -
201.245.192.253 - - [06/Feb/2024:09:24:46 -0500] "GET /sipse/faces/javax.faces.resource/primefaces.js?ln=primefaces&v=4.0 HTTP/1.1" 304 -
201.245.192.253 - - [06/Feb/2024:09:24:46 -0500] "GET /sipse/faces/javax.faces.resource/layout/layout.js?ln=primefaces&v=4.0 HTTP/1.1" 304 -
201.245.192.253 - - [06/Feb/2024:09:24:49 -0500] "POST /sipse/faces/presentacion/contratacion/contratista/listarIntegrante.xhtml HTTP/1.1" 200 62273
201.245.192.253 - - [06/Feb/2024:09:24:50 -0500] "GET /sipse/faces/javax.faces.resource/theme.css?ln=primefaces-sipse HTTP/1.1" 304 -
201.245.192.253 - - [06/Feb/2024:09:24:50 -0500] "GET /sipse/faces/javax.faces.resource/primefaces.css?ln=primefaces&v=4.0 HTTP/1.1" 304 -
201.245.192.253 - - [06/Feb/2024:09:24:50 -0500] "GET /sipse/faces/javax.faces.resource/layout/layout.css?ln=primefaces&v=4.0 HTTP/1.1" 304 -
201.245.192.253 - - [06/Feb/2024:09:24:50 -0500] "GET /sipse/faces/javax.faces.resource/jquery/jquery.js?ln=primefaces&v=4.0 HTTP/1.1" 304 -
201.245.192.253 - - [06/Feb/2024:09:24:50 -0500] "GET /sipse/faces/javax.faces.resource/jquery/jquery-plugins.js?ln=primefaces&v=4.0 HTTP/1.1" 304 -
201.245.192.253 - - [06/Feb/2024:09:24:50 -0500] "GET /sipse/faces/javax.faces.resource/primefaces.js?ln=primefaces&v=4.0 HTTP/1.1" 304 -
201.245.192.253 - - [06/Feb/2024:09:24:50 -0500] "GET /sipse/faces/javax.faces.resource/layout/layout.js?ln=primefaces&v=4.0 HTTP/1.1" 304 -
201.245.192.253 - - [06/Feb/2024:09:24:50 -0500] "GET /sipse/faces/javax.faces.resource/spacer/dot_clear.gif?ln=primefaces&v=4.0 HTTP/1.1" 304 -
201.245.192.253 - - [06/Feb/2024:09:24:54 -0500] "POST /sipse/faces/presentacion/financiero/solicitudProceso/consultarSolicitudProceso.xhtml HTTP/1.1" 200 35028
201.245.192.253 - - [06/Feb/2024:09:24:55 -0500] "GET /sipse/faces/javax.faces.resource/primefaces.css?ln=primefaces&v=4.0 HTTP/1.1" 304 -
201.245.192.253 - - [06/Feb/2024:09:24:55 -0500] "GET /sipse/faces/javax.faces.resource/theme.css?ln=primefaces-sipse HTTP/1.1" 304 -
201.245.192.253 - - [06/Feb/2024:09:24:55 -0500] "GET /sipse/faces/javax.faces.resource/layout/layout.css?ln=primefaces&v=4.0 HTTP/1.1" 304 -
201.245.192.253 - - [06/Feb/2024:09:24:55 -0500] "GET /sipse/faces/javax.faces.resource/primefaces.js?ln=primefaces&v=4.0 HTTP/1.1" 304 -
201.245.192.253 - - [06/Feb/2024:09:24:55 -0500] "GET /sipse/faces/javax.faces.resource/jquery/jquery.js?ln=primefaces&v=4.0 HTTP/1.1" 304 -
201.245.192.253 - - [06/Feb/2024:09:24:55 -0500] "GET /sipse/faces/javax.faces.resource/jquery/jquery-plugins.js?ln=primefaces&v=4.0 HTTP/1.1" 304 -
201.245.192.253 - - [06/Feb/2024:09:24:55 -0500] "GET /sipse/faces/javax.faces.resource/layout/layout.js?ln=primefaces&v=4.0 HTTP/1.1" 304 -
201.245.192.253 - - [06/Feb/2024:09:24:56 -0500] "GET /sipse/faces/javax.faces.resource/images/ui-icons_898989_256x240.png?ln=primefaces-aristo HTTP/1.1" 304 -
172.22.2.4 - - [06/Feb/2024:09:24:56 -0500] "GET /BLA/boletinlegal/normativa.php HTTP/1.1" 200 8397
201.245.192.253 - - [06/Feb/2024:09:24:56 -0500] "POST /sipse/faces/presentacion/contratacion/contratista/consultarContratista.xhtml HTTP/1.1" 200 3452
201.245.192.253 - - [06/Feb/2024:09:25:01 -0500] "POST /sipse/faces/presentacion/contratacion/contratista/consultarContratista.xhtml HTTP/1.1" 200 46698
201.245.192.253 - - [06/Feb/2024:09:25:01 -0500] "POST /sipse/faces/presentacion/contratacion/contratista/consultarContratista.xhtml HTTP/1.1" 200 30354
201.245.192.253 - - [06/Feb/2024:09:25:02 -0500] "GET /sipse/faces/javax.faces.resource/primefaces.css?ln=primefaces&v=4.0 HTTP/1.1" 304 -
201.245.192.253 - - [06/Feb/2024:09:25:02 -0500] "GET /sipse/faces/javax.faces.resource/layout/layout.css?ln=primefaces&v=4.0 HTTP/1.1" 304 -
201.245.192.253 - - [06/Feb/2024:09:25:02 -0500] "GET /sipse/faces/javax.faces.resource/theme.css?ln=primefaces-sipse HTTP/1.1" 304 -
201.245.192.253 - - [06/Feb/2024:09:25:02 -0500] "GET /sipse/faces/javax.faces.resource/jquery/jquery-plugins.js?ln=primefaces&v=4.0 HTTP/1.1" 304 -
201.245.192.253 - - [06/Feb/2024:09:25:02 -0500] "GET /sipse/faces/javax.faces.resource/primefaces.js?ln=primefaces&v=4.0 HTTP/1.1" 304 -
201.245.192.253 - - [06/Feb/2024:09:25:02 -0500] "GET /sipse/faces/javax.faces.resource/jquery/jquery.js?ln=primefaces&v=4.0 HTTP/1.1" 304 -
201.245.192.253 - - [06/Feb/2024:09:25:02 -0500] "GET /sipse/faces/javax.faces.resource/layout/layout.js?ln=primefaces&v=4.0 HTTP/1.1" 304 -
201.245.192.253 - - [06/Feb/2024:09:25:05 -0500] "POST /sipse/faces/presentacion/contratacion/contratista/listarIntegrante.xhtml HTTP/1.1" 200 8411
201.245.192.253 - - [06/Feb/2024:09:25:09 -0500] "POST /sipse/faces/presentacion/contratacion/contratista/listarIntegrante.xhtml HTTP/1.1" 200 7666
186.98.85.187 - - [06/Feb/2024:09:25:09 -0500] "POST /sipse/faces/presentacion/financiero/solicitudProceso/consultarSolicitudProceso.xhtml HTTP/1.1" 200 61640
186.98.85.187 - - [06/Feb/2024:09:25:11 -0500] "GET /sipse/faces/javax.faces.resource/jquery/jquery.js?ln=primefaces&v=4.0 HTTP/1.1" 304 -
186.98.85.187 - - [06/Feb/2024:09:25:11 -0500] "GET /sipse/faces/javax.faces.resource/jquery/jquery-plugins.js?ln=primefaces&v=4.0 HTTP/1.1" 304 -
186.98.85.187 - - [06/Feb/2024:09:25:11 -0500] "GET /sipse/faces/javax.faces.resource/primefaces.js?ln=primefaces&v=4.0 HTTP/1.1" 304 -
186.98.85.187 - - [06/Feb/2024:09:25:12 -0500] "GET /sipse/faces/javax.faces.resource/layout/layout.js?ln=primefaces&v=4.0 HTTP/1.1" 304 -
186.98.85.187 - - [06/Feb/2024:09:25:12 -0500] "POST /sipse/faces/presentacion/financiero/solicitudProceso/listarSolicitudProceso.xhtml HTTP/1.1" 200 1556
190.84.43.161 - - [06/Feb/2024:09:25:14 -0500] "POST /sipse/faces/presentacion/financiero/solicitudProceso/consultarSolicitudProceso.xhtml HTTP/1.1" 200 21120
190.84.43.161 - - [06/Feb/2024:09:25:14 -0500] "GET /sipse/faces/javax.faces.resource/primefaces.css?ln=primefaces&v=4.0 HTTP/1.1" 304 -
190.84.43.161 - - [06/Feb/2024:09:25:14 -0500] "GET /sipse/faces/javax.faces.resource/theme.css?ln=primefaces-sipse HTTP/1.1" 304 -
190.84.43.161 - - [06/Feb/2024:09:25:14 -0500] "GET /sipse/faces/javax.faces.resource/layout/layout.css?ln=primefaces&v=4.0 HTTP/1.1" 304 -
190.84.43.161 - - [06/Feb/2024:09:25:14 -0500] "GET /sipse/faces/javax.faces.resource/fileupload/fileupload.css?ln=primefaces&v=4.0 HTTP/1.1" 304 -
190.84.43.161 - - [06/Feb/2024:09:25:14 -0500] "GET /sipse/faces/javax.faces.resource/jquery/jquery.js?ln=primefaces&v=4.0 HTTP/1.1" 304 -
190.84.43.161 - - [06/Feb/2024:09:25:14 -0500] "GET /sipse/faces/javax.faces.resource/jquery/jquery-plugins.js?ln=primefaces&v=4.0 HTTP/1.1" 304 -
190.84.43.161 - - [06/Feb/2024:09:25:14 -0500] "GET /sipse/faces/javax.faces.resource/layout/layout.js?ln=primefaces&v=4.0 HTTP/1.1" 304 -
190.84.43.161 - - [06/Feb/2024:09:25:14 -0500] "GET /sipse/faces/javax.faces.resource/primefaces.js?ln=primefaces&v=4.0 HTTP/1.1" 304 -
190.84.43.161 - - [06/Feb/2024:09:25:14 -0500] "GET /sipse/faces/javax.faces.resource/fileupload/fileupload.js?ln=primefaces&v=4.0 HTTP/1.1" 304 -
201.245.192.253 - - [06/Feb/2024:09:25:17 -0500] "POST /sipse/faces/presentacion/contratacion/contratista/listarIntegrante.xhtml HTTP/1.1" 200 7678
186.98.85.187 - - [06/Feb/2024:09:25:18 -0500] "POST /sipse/faces/presentacion/financiero/solicitudProceso/listarSolicitudProceso.xhtml HTTP/1.1" 200 142470
186.98.85.187 - - [06/Feb/2024:09:25:19 -0500] "GET /sipse/faces/javax.faces.resource/jquery/jquery.js?ln=primefaces&v=4.0 HTTP/1.1" 304 -
186.98.85.187 - - [06/Feb/2024:09:25:19 -0500] "GET /sipse/faces/javax.faces.resource/jquery/jquery-plugins.js?ln=primefaces&v=4.0 HTTP/1.1" 304 -
186.98.85.187 - - [06/Feb/2024:09:25:19 -0500] "GET /sipse/faces/javax.faces.resource/primefaces.js?ln=primefaces&v=4.0 HTTP/1.1" 304 -
186.98.85.187 - - [06/Feb/2024:09:25:19 -0500] "GET /sipse/faces/javax.faces.resource/layout/layout.js?ln=primefaces&v=4.0 HTTP/1.1" 304 -
201.245.192.253 - - [06/Feb/2024:09:25:22 -0500] "POST /sipse/faces/presentacion/contratacion/contratista/listarIntegrante.xhtml HTTP/1.1" 200 7674
201.245.192.253 - - [06/Feb/2024:09:25:25 -0500] "POST /sipse/faces/presentacion/contratacion/contratista/listarIntegrante.xhtml HTTP/1.1" 200 7678
201.245.192.253 - - [06/Feb/2024:09:25:26 -0500] "POST /sipse/faces/presentacion/contratacion/contratista/listarIntegrante.xhtml HTTP/1.1" 200 11942
201.245.192.253 - - [06/Feb/2024:09:25:26 -0500] "POST /forms/lservlet;jsessionid=ac16012b30d629257b7236c7411e84d9b4a8aba690a2.e3iSbxaKaheRe3qKcheMbNuKc41ynknvrkLOlQzNp65In0 HTTP/1.1" 200 2
201.245.192.253 - - [06/Feb/2024:09:25:26 -0500] "POST /sipse/faces/presentacion/contratacion/contratista/listarIntegrante.xhtml HTTP/1.1" 200 1976
172.22.2.4 - - [06/Feb/2024:09:23:47 -0500] "HEAD /BLA/boletinlegal/ HTTP/1.1" 200 -
186.98.85.187 - - [06/Feb/2024:09:25:30 -0500] "POST /sipse/faces/presentacion/financiero/solicitudProceso/consultarSolicitudProceso.xhtml HTTP/1.1" 200 77215
201.245.192.253 - - [06/Feb/2024:09:25:30 -0500] "POST /sipse/faces/presentacion/contratacion/contratista/listarIntegrante.xhtml HTTP/1.1" 200 8049
216.245.221.92 - - [06/Feb/2024:09:25:37 -0500] "HEAD / HTTP/1.1" 200 -
201.245.192.253 - - [06/Feb/2024:09:25:41 -0500] "POST /sipse/faces/presentacion/contratacion/contratista/listarIntegrante.xhtml HTTP/1.1" 200 7846
201.245.192.253 - - [06/Feb/2024:09:25:43 -0500] "POST /sipse/faces/presentacion/contratacion/contratista/listarIntegrante.xhtml HTTP/1.1" 200 8623
201.245.192.253 - - [06/Feb/2024:09:25:47 -0500] "POST /sipse/faces/presentacion/contratacion/contratista/listarIntegrante.xhtml HTTP/1.1" 200 7858
172.22.2.4 - - [06/Feb/2024:09:25:48 -0500] "GET /BLA/boletinlegal/consulta_normativa.php?tipo=Decreto&sector=residuos&ano=2022&resuelve= HTTP/1.1" 200 454
172.22.2.4 - - [06/Feb/2024:09:24:51 -0500] "GET /BLA/boletinlegal/index.php HTTP/1.1" 200 24523
190.84.43.161 - - [06/Feb/2024:09:25:51 -0500] "GET /sipse/faces/javax.faces.resource/theme.css?ln=primefaces-sipse HTTP/1.1" 304 -
190.84.43.161 - - [06/Feb/2024:09:25:51 -0500] "GET /sipse/faces/javax.faces.resource/jquery/jquery.js?ln=primefaces&v=4.0 HTTP/1.1" 304 -
190.84.43.161 - - [06/Feb/2024:09:25:51 -0500] "GET /sipse/faces/javax.faces.resource/layout/layout.css?ln=primefaces&v=4.0 HTTP/1.1" 304 -
190.84.43.161 - - [06/Feb/2024:09:25:51 -0500] "GET /sipse/faces/javax.faces.resource/primefaces.css?ln=primefaces&v=4.0 HTTP/1.1" 304 -
190.84.43.161 - - [06/Feb/2024:09:25:51 -0500] "GET /sipse/faces/javax.faces.resource/primefaces.js?ln=primefaces&v=4.0 HTTP/1.1" 304 -
190.84.43.161 - - [06/Feb/2024:09:25:51 -0500] "GET /sipse/faces/javax.faces.resource/jquery/jquery-plugins.js?ln=primefaces&v=4.0 HTTP/1.1" 304 -
190.84.43.161 - - [06/Feb/2024:09:25:51 -0500] "GET /sipse/faces/javax.faces.resource/layout/layout.js?ln=primefaces&v=4.0 HTTP/1.1" 304 -
190.84.43.161 - - [06/Feb/2024:09:25:50 -0500] "POST /sipse/faces/presentacion/sistema/anexos/cargarAnexoSolicitudProceso.xhtml HTTP/1.1" 200 167509
201.245.192.253 - - [06/Feb/2024:09:25:52 -0500] "POST /sipse/faces/presentacion/contratacion/contratista/listarIntegrante.xhtml HTTP/1.1" 200 7858
152.203.147.216 - - [06/Feb/2024:09:25:54 -0500] "POST /sipse/faces/presentacion/financiero/solicitudProceso/listarSolicitudProceso.xhtml HTTP/1.1" 200 21124
190.84.43.161 - - [06/Feb/2024:09:25:55 -0500] "POST /sipse/faces/presentacion/financiero/solicitudProceso/consultarSolicitudProceso.xhtml HTTP/1.1" 200 21120
190.84.43.161 - - [06/Feb/2024:09:25:56 -0500] "GET /sipse/faces/javax.faces.resource/theme.css?ln=primefaces-sipse HTTP/1.1" 304 -
190.84.43.161 - - [06/Feb/2024:09:25:56 -0500] "GET /sipse/faces/javax.faces.resource/layout/layout.css?ln=primefaces&v=4.0 HTTP/1.1" 304 -
190.84.43.161 - - [06/Feb/2024:09:25:56 -0500] "GET /sipse/faces/javax.faces.resource/primefaces.css?ln=primefaces&v=4.0 HTTP/1.1" 304 -
190.84.43.161 - - [06/Feb/2024:09:25:56 -0500] "GET /sipse/faces/javax.faces.resource/jquery/jquery.js?ln=primefaces&v=4.0 HTTP/1.1" 304 -
190.84.43.161 - - [06/Feb/2024:09:25:56 -0500] "GET /sipse/faces/javax.faces.resource/jquery/jquery-plugins.js?ln=primefaces&v=4.0 HTTP/1.1" 304 -
190.84.43.161 - - [06/Feb/2024:09:25:56 -0500] "GET /sipse/faces/javax.faces.resource/primefaces.js?ln=primefaces&v=4.0 HTTP/1.1" 304 -
190.84.43.161 - - [06/Feb/2024:09:25:56 -0500] "GET /sipse/faces/javax.faces.resource/fileupload/fileupload.css?ln=primefaces&v=4.0 HTTP/1.1" 304 -
190.84.43.161 - - [06/Feb/2024:09:25:56 -0500] "GET /sipse/faces/javax.faces.resource/fileupload/fileupload.js?ln=primefaces&v=4.0 HTTP/1.1" 304 -
190.84.43.161 - - [06/Feb/2024:09:25:56 -0500] "GET /sipse/faces/javax.faces.resource/layout/layout.js?ln=primefaces&v=4.0 HTTP/1.1" 304 -
186.98.85.187 - - [06/Feb/2024:09:25:56 -0500] "POST /sipse/faces/presentacion/financiero/solicitudProceso/consultarSolicitudProceso.xhtml HTTP/1.1" 200 570178
201.245.192.253 - - [06/Feb/2024:09:25:56 -0500] "POST /sipse/faces/presentacion/contratacion/contratista/listarIntegrante.xhtml HTTP/1.1" 200 62273
201.245.192.253 - - [06/Feb/2024:09:25:57 -0500] "GET /sipse/faces/javax.faces.resource/theme.css?ln=primefaces-sipse HTTP/1.1" 304 -
201.245.192.253 - - [06/Feb/2024:09:25:57 -0500] "GET /sipse/faces/javax.faces.resource/layout/layout.css?ln=primefaces&v=4.0 HTTP/1.1" 304 -
201.245.192.253 - - [06/Feb/2024:09:25:57 -0500] "GET /sipse/faces/javax.faces.resource/primefaces.css?ln=primefaces&v=4.0 HTTP/1.1" 304 -
201.245.192.253 - - [06/Feb/2024:09:25:57 -0500] "GET /sipse/faces/javax.faces.resource/jquery/jquery.js?ln=primefaces&v=4.0 HTTP/1.1" 304 -
152.203.147.216 - - [06/Feb/2024:09:25:56 -0500] "POST /sipse/faces/presentacion/financiero/solicitudProceso/listarSolicitudProceso.xhtml HTTP/1.1" 200 28172
201.245.192.253 - - [06/Feb/2024:09:25:57 -0500] "GET /sipse/faces/javax.faces.resource/jquery/jquery-plugins.js?ln=primefaces&v=4.0 HTTP/1.1" 304 -
201.245.192.253 - - [06/Feb/2024:09:25:57 -0500] "GET /sipse/faces/javax.faces.resource/primefaces.js?ln=primefaces&v=4.0 HTTP/1.1" 304 -
201.245.192.253 - - [06/Feb/2024:09:25:57 -0500] "GET /sipse/faces/javax.faces.resource/layout/layout.js?ln=primefaces&v=4.0 HTTP/1.1" 304 -
201.245.192.253 - - [06/Feb/2024:09:25:57 -0500] "GET /sipse/faces/javax.faces.resource/spacer/dot_clear.gif?ln=primefaces&v=4.0 HTTP/1.1" 304 -
152.203.147.216 - - [06/Feb/2024:09:25:57 -0500] "GET /sipse/faces/javax.faces.resource/theme.css?ln=primefaces-sipse HTTP/1.1" 304 -
152.203.147.216 - - [06/Feb/2024:09:25:57 -0500] "GET /sipse/faces/javax.faces.resource/primefaces.css?ln=primefaces&v=4.0 HTTP/1.1" 304 -
152.203.147.216 - - [06/Feb/2024:09:25:57 -0500] "GET /sipse/faces/javax.faces.resource/jquery/jquery.js?ln=primefaces&v=4.0 HTTP/1.1" 304 -
152.203.147.216 - - [06/Feb/2024:09:25:57 -0500] "GET /sipse/faces/javax.faces.resource/layout/layout.css?ln=primefaces&v=4.0 HTTP/1.1" 304 -
152.203.147.216 - - [06/Feb/2024:09:25:57 -0500] "GET /sipse/css/imagen/contrasena.png HTTP/1.1" 404 383
152.203.147.216 - - [06/Feb/2024:09:25:57 -0500] "GET /sipse/faces/javax.faces.resource/jquery/jquery-plugins.js?ln=primefaces&v=4.0 HTTP/1.1" 304 -
152.203.147.216 - - [06/Feb/2024:09:25:57 -0500] "GET /sipse/faces/javax.faces.resource/primefaces.js?ln=primefaces&v=4.0 HTTP/1.1" 304 -
152.203.147.216 - - [06/Feb/2024:09:25:57 -0500] "GET /sipse/faces/javax.faces.resource/layout/layout.js?ln=primefaces&v=4.0 HTTP/1.1" 304 -
152.203.147.216 - - [06/Feb/2024:09:25:57 -0500] "POST /sipse/faces/presentacion/contratacion/contratista/listarContratista.xhtml HTTP/1.1" 200 21572
172.22.2.4 - - [06/Feb/2024:09:25:58 -0500] "GET /BLA/boletinlegal/consulta_normativa.php?tipo=Decreto&sector=residuos&ano=2022&resuelve= HTTP/1.1" 200 454
201.245.192.253 - - [06/Feb/2024:09:26:01 -0500] "POST /sipse/faces/presentacion/financiero/solicitudProceso/consultarSolicitudProceso.xhtml HTTP/1.1" 200 45264
201.245.192.253 - - [06/Feb/2024:09:26:01 -0500] "GET /sipse/faces/javax.faces.resource/jquery/jquery.js?ln=primefaces&v=4.0 HTTP/1.1" 304 -
201.245.192.253 - - [06/Feb/2024:09:26:01 -0500] "GET /sipse/faces/javax.faces.resource/jquery/jquery-plugins.js?ln=primefaces&v=4.0 HTTP/1.1" 304 -
201.245.192.253 - - [06/Feb/2024:09:26:01 -0500] "GET /sipse/faces/javax.faces.resource/primefaces.js?ln=primefaces&v=4.0 HTTP/1.1" 304 -
201.245.192.253 - - [06/Feb/2024:09:26:01 -0500] "GET /sipse/faces/javax.faces.resource/layout/layout.js?ln=primefaces&v=4.0 HTTP/1.1" 304 -
172.22.2.4 - - [06/Feb/2024:09:26:02 -0500] "GET /BLA/boletinlegal/consulta_normativa.php?tipo=Decreto&sector=residuos&ano=2022&resuelve= HTTP/1.1" 200 454
201.245.192.253 - - [06/Feb/2024:09:26:02 -0500] "POST /sipse/faces/presentacion/financiero/solicitudProceso/listarSolicitudProceso.xhtml HTTP/1.1" 200 38664
201.245.192.253 - - [06/Feb/2024:09:26:02 -0500] "POST /sipse/faces/presentacion/contratacion/contratista/consultarContratista.xhtml HTTP/1.1" 200 46538
201.245.192.253 - - [06/Feb/2024:09:26:02 -0500] "POST /sipse/faces/presentacion/contratacion/contratista/consultarContratista.xhtml HTTP/1.1" 200 30354
201.245.192.253 - - [06/Feb/2024:09:26:02 -0500] "POST /sipse/faces/presentacion/financiero/solicitudProceso/listarSolicitudProceso.xhtml HTTP/1.1" 200 38664
201.245.192.253 - - [06/Feb/2024:09:26:02 -0500] "GET /sipse/faces/javax.faces.resource/theme.css?ln=primefaces-sipse HTTP/1.1" 304 -
201.245.192.253 - - [06/Feb/2024:09:26:02 -0500] "GET /sipse/faces/javax.faces.resource/layout/layout.css?ln=primefaces&v=4.0 HTTP/1.1" 304 -
201.245.192.253 - - [06/Feb/2024:09:26:02 -0500] "GET /sipse/faces/javax.faces.resource/jquery/jquery.js?ln=primefaces&v=4.0 HTTP/1.1" 304 -
201.245.192.253 - - [06/Feb/2024:09:26:02 -0500] "GET /sipse/faces/javax.faces.resource/primefaces.css?ln=primefaces&v=4.0 HTTP/1.1" 304 -
201.245.192.253 - - [06/Feb/2024:09:26:02 -0500] "GET /sipse/faces/javax.faces.resource/jquery/jquery-plugins.js?ln=primefaces&v=4.0 HTTP/1.1" 304 -
201.245.192.253 - - [06/Feb/2024:09:26:02 -0500] "GET /sipse/faces/javax.faces.resource/primefaces.js?ln=primefaces&v=4.0 HTTP/1.1" 304 -
201.245.192.253 - - [06/Feb/2024:09:26:02 -0500] "GET /sipse/faces/javax.faces.resource/layout/layout.js?ln=primefaces&v=4.0 HTTP/1.1" 304 -
201.245.192.253 - - [06/Feb/2024:09:26:02 -0500] "POST /sipse/faces/presentacion/financiero/solicitudProceso/listarSolicitudProceso.xhtml HTTP/1.1" 200 38664
201.245.192.253 - - [06/Feb/2024:09:26:02 -0500] "POST /sipse/faces/presentacion/financiero/solicitudProceso/listarSolicitudProceso.xhtml HTTP/1.1" 200 38664
201.245.192.253 - - [06/Feb/2024:09:26:03 -0500] "POST /sipse/faces/presentacion/financiero/solicitudProceso/listarSolicitudProceso.xhtml HTTP/1.1" 200 38664
201.245.192.253 - - [06/Feb/2024:09:26:03 -0500] "POST /sipse/faces/presentacion/financiero/solicitudProceso/listarSolicitudProceso.xhtml HTTP/1.1" 200 38664
201.245.192.253 - - [06/Feb/2024:09:26:03 -0500] "POST /sipse/faces/presentacion/financiero/solicitudProceso/listarSolicitudProceso.xhtml HTTP/1.1" 200 1416
201.245.192.253 - - [06/Feb/2024:09:26:03 -0500] "POST /sipse/faces/presentacion/financiero/solicitudProceso/listarSolicitudProceso.xhtml HTTP/1.1" 200 1556
201.245.192.253 - - [06/Feb/2024:09:26:03 -0500] "POST /sipse/faces/presentacion/financiero/solicitudProceso/listarSolicitudProceso.xhtml HTTP/1.1" 200 1560
201.245.192.253 - - [06/Feb/2024:09:26:03 -0500] "POST /sipse/faces/presentacion/financiero/solicitudProceso/listarSolicitudProceso.xhtml HTTP/1.1" 200 1556
201.245.192.253 - - [06/Feb/2024:09:26:04 -0500] "POST /sipse/faces/presentacion/financiero/solicitudProceso/listarSolicitudProceso.xhtml HTTP/1.1" 200 1560
201.245.192.253 - - [06/Feb/2024:09:26:04 -0500] "POST /sipse/faces/presentacion/financiero/solicitudProceso/listarSolicitudProceso.xhtml HTTP/1.1" 200 1556
201.245.192.253 - - [06/Feb/2024:09:26:04 -0500] "POST /sipse/faces/presentacion/financiero/solicitudProceso/listarSolicitudProceso.xhtml HTTP/1.1" 200 1560
201.245.192.253 - - [06/Feb/2024:09:26:05 -0500] "POST /sipse/faces/presentacion/contratacion/contratista/listarIntegrante.xhtml HTTP/1.1" 200 8411
190.84.43.161 - - [06/Feb/2024:09:26:08 -0500] "GET /sipse/faces/javax.faces.resource/theme.css?ln=primefaces-sipse HTTP/1.1" 304 -
190.84.43.161 - - [06/Feb/2024:09:26:08 -0500] "GET /sipse/faces/javax.faces.resource/primefaces.css?ln=primefaces&v=4.0 HTTP/1.1" 304 -
190.84.43.161 - - [06/Feb/2024:09:26:08 -0500] "GET /sipse/faces/javax.faces.resource/layout/layout.css?ln=primefaces&v=4.0 HTTP/1.1" 304 -
190.84.43.161 - - [06/Feb/2024:09:26:08 -0500] "GET /sipse/faces/javax.faces.resource/jquery/jquery.js?ln=primefaces&v=4.0 HTTP/1.1" 304 -
190.84.43.161 - - [06/Feb/2024:09:26:08 -0500] "GET /sipse/faces/javax.faces.resource/jquery/jquery-plugins.js?ln=primefaces&v=4.0 HTTP/1.1" 304 -
190.84.43.161 - - [06/Feb/2024:09:26:08 -0500] "GET /sipse/faces/javax.faces.resource/primefaces.js?ln=primefaces&v=4.0 HTTP/1.1" 304 -
190.84.43.161 - - [06/Feb/2024:09:26:08 -0500] "GET /sipse/faces/javax.faces.resource/layout/layout.js?ln=primefaces&v=4.0 HTTP/1.1" 304 -
190.84.43.161 - - [06/Feb/2024:09:26:07 -0500] "POST /sipse/faces/presentacion/sistema/anexos/cargarAnexoSolicitudProceso.xhtml HTTP/1.1" 200 169314
201.245.192.253 - - [06/Feb/2024:09:26:09 -0500] "GET /appsia/controlador HTTP/1.1" 200 4799
201.245.192.253 - - [06/Feb/2024:09:26:09 -0500] "POST /sipse/faces/presentacion/contratacion/contratista/listarIntegrante.xhtml HTTP/1.1" 200 7670
172.22.2.4 - - [06/Feb/2024:09:26:10 -0500] "GET /BLA/boletinlegal/consulta_normativa.php?tipo=Decreto&sector=residuos&ano=2022&resuelve= HTTP/1.1" 200 454
152.203.147.216 - - [06/Feb/2024:09:26:11 -0500] "POST /sipse/faces/presentacion/contratacion/contratista/listarContratista.xhtml HTTP/1.1" 200 7806
201.245.192.253 - - [06/Feb/2024:09:26:13 -0500] "POST /sipse/faces/presentacion/contratacion/contratista/listarIntegrante.xhtml HTTP/1.1" 200 7678
201.245.192.253 - - [06/Feb/2024:09:26:16 -0500] "POST /sipse/faces/presentacion/contratacion/contratista/listarIntegrante.xhtml HTTP/1.1" 200 7670
152.203.147.216 - - [06/Feb/2024:09:26:17 -0500] "POST /sipse/faces/presentacion/contratacion/contratista/listarContratista.xhtml HTTP/1.1" 200 8730
172.22.2.4 - - [06/Feb/2024:09:24:38 -0500] "GET /BLA/boletinlegal/ HTTP/1.1" 200 47617
186.102.51.153 - - [06/Feb/2024:09:26:18 -0500] "GET /kwssiamovil/sm/acme/a?s=U2FsdGVkX1/gz0WEJlqZcc9hpoHbiG5OhCjmnQ0pT9w87Yj8bwDkdqQ3pzNnsvX6lcC/aMyFMuymKXRHI+864pFb1QJ1kgPIrwkCoRzQUXCeU1za3JsiUqRh8depHN35fAyscCRISyLfFJSLrwYOnMakCeoIfT7UWk5O9gOwSrApdgiyvD8s7haYcKxofIxrwW355FRqsc4d0do1XYl+HUMpWsp7vrgR6FkjXl1J1r0BGOA2UVoTM8Axx8MavTtqkbJUOFRa/uK7w9XTxi3iRQ==&u=U2FsdGVkX1/zeSXt0Sr4OcgpYuAUwMi2jRSItMHA/28=&y=U2FsdGVkX1/RGyBPnIK5YT1sR/8vGjXCnfb4nz1nG9Qgc5oPg/ybeJ5dB15uF1M8 HTTP/1.1" 200 26
186.102.51.153 - - [06/Feb/2024:09:26:19 -0500] "GET /kwssiamovil/sm/acme/a?s=U2FsdGVkX19Zg75sUHhrWSh1ka00y1CGD8oJoP0u7g56s94oZfrV1+4wSzAn53CMDyIq31ckUKgECNKqnuB2wgqIhbyNNVNuiBcAlbvSiP7RH7UB0yzReM2jHY9YXTCITAflC+1HuK/CXv4XIzIUxapibTPh/RlbHCDJZsqoe3WhlhMEK1szlDDTPYkRSg9sJHd1OJYirMkXk9CV0xcmF0QUdakSZX9LQzcD747yGBJu+8qsjNONmUowQNhaSUeyMsZw3gjIKQ7fJHaobJz2ABwYbaMwtH/E2VyqRPwURdgf+J/vD/oXrGQTBaa+AjeVtwclam4oPwz6uW9iEWpwI64z4kOQMcuapc9XUKxot0ZSeRvo3Pb3Mjz2h2Zx9XiqTCTFI+TSvXNc0EeN6s8dbhUGWvzTf5fN9P22mDnmqOAuuEpO6edTiMPfY2aQG43qHHcu1S+boybH+6PcZNFtWqIZ+ay0VDaMpJYN3gzXTZgDMXXU6rLWLBBOmvA1LNM+NUMdMfM0vA0sbgccA9zD8dD+EGu/udKEVvqVgAFRnLQYBaWjKfTHYrUhi9GD6N8HVUxd8FI8ms83G+o513BsryEyaiffuCsPW3bul8I4sMUwtY96M42KZ0Ool8n1pqia7sOPKR5dTuPuSEj2Rd5N0RiBMGTUnG6HWPFmXHaDVj0oj/FKpoM+XcbmaVnbAnf6kmBHLO/QN1lDiJ4ijrn1SL+tA8oYmDiFDb53f1AydZIQlUA+yaFBSuK4qsWMnSk87Z+cXUmnAri8cIcnkkYYVvdY5mce9gKu1WBgV/eKVfZIKo9plFLkL9Bwi6azysxvus6BC46xuiDRyWA+EIGb+nVhN5Kr8EkBF7MwWMCNV9P4+RxRfmbsLZkaLvI3lJD5Kerfx5INhSPgzpVi7My1YVQJ5aWZwH3BcY+fqDu7opgamlRerdbgQCDvYhTBOaAaHV0hXFo5AGpXsURQnUlhczSrkIoMUlgQGxQ7SXPxjJOH29as5uAKm758lDghzhgCM1YgV2GwQDOcA+VDJbVxCqhiJgdpxOtfFnhy/a7ZvafjVDB3+Q17TPuAc3CdS5vcPlxh0NPrhun8pVtfhfaRizG+KYAQTaS2sqSq0l2mrUBd6RBYm7npv7hryppRWW8WUHnJm/tsQF5jsMLWcZfm/AYWOA3lBSV62IwzExQlbUSL8tJLWeQV2N0fW9DYoRI+v2a384POYfw4C3oM/qcLkl5LzpFahcJMNMqsREAs3vPuI23YrcoAFU4S+jB3uO+rKUzQqGx/jVNwBHW5HZWh9oX9N7ESasR2IXXD5D/B16dSuo+5OHxUZV9u5H6Y4ujCZBjrd1riLCMFrRHUk0KiNE4JMDbPjyeSxVtRoODE4tOT25pHKgM+ot/oSJQPZUde1fx+2dXhm4aY7Ww64l1FnuLCGNc7iNWH3KzOCpVWnY5fz5hotckwtLte7nKoP3fyCwuOHrPv46zvKEVHaWZisLJCCESLD0u7n7krEnwg+ZifISbKaed1MDyBG2QYOA3HGJhQVMwf0Exs2WkNT7FHITaE2PDH0hOGNfZRDDWHHc1cDlUQ8JzV1PqQAAeqfdkjvLX6o+rncdFfyDRQgyMADB9SPMH2+Bsxf+6my3xRhqOxxGZbh+MbSSs5PkD/ankWeangatkYIRQVs37ef4SwOs/CC9r8cK9JztM8+dqS32usYBxGCq9yGfv7i8XcULN8nKXVjj7r5J2W110mDzNIMGQe9ZLso/YPXgu6ebT1gN6liVZmvx0OXtLslUmsh3pIXx2VlOpiKFF3YS/FBSv6UZvhU4ujcIpALGgHoeXH4TmDVSKzDmyqr1j+HIICDS/v/SFbRD81l3PAlLRNriSnBHJr41StmCnJ/4vQzkEJ/sr06h48CL9NQD4h4SVd/WnahFGHRh+Tb1TacaW96RavoUXEUaQOWj3WcqZ65ARbpoUqIfEunBg/kFKBLpD2/bidvbt/Nwj2xQWCCnTDcy4zCn9+Ma1xwwn1/35TUeY27oAiFTOfsZ0/9z/4RoT9KXRcG8NyQHCf3YDFeEuFRPfFVcRgYH6TqnM1/1vwW1xptAYT8I87/LEr+zKXqvUu1xMpeM89dHzd7MdGYLsRWj/TYsUrwvjVEFa8cK3NUMF2QJ0bI/Pn/gz8RtpJ+gPRVCDq99DsdVJ5hAnRAUcN+4iCS75BlczvKbncMyo70fDNY2JgaG1Sqb2jq+RqZRzDMIq9Z6kxn7ZhU7Laz7R5iPrVzcZJORobUyqDp7s9dEXQWu3iZnliIhnujNI+mslGR5+OsBpxRH4rFJtTi0VyoUgVGNv1af3V+fd3NxyMrbGUFmANV1ugK/K15XO/owc1GX8dq4QKvstvi1NTN94HaREy4VE7mJ+iQQcWV3oZ7qxlIUCJEvIeRZFL9aE45b6YO2gh&u=U2FsdGVkX1/zeSXt0Sr4OcgpYuAUwMi2jRSItMHA/28=&y=U2FsdGVkX1/RGyBPnIK5YT1sR/8vGjXCnfb4nz1nG9Qgc5oPg/ybeJ5dB15uF1M8 HTTP/1.1" 200 26
186.102.51.153 - - [06/Feb/2024:09:26:19 -0500] "GET /kwssiamovil/sm/acme/a?s=U2FsdGVkX1/I7OoI1O1SExqW0/dj5iIqh3N2ImymI8GyRH8ZeOhweuHAia22IMZ1ufZ3do9ZlGkgWsy/6h60rCcfKOxqOAjv65WiCID4sIsLlT/RZs6ssywfTpPt+BNaU43FiS3MZLuT+w8fWNfDGC1+lVeXjRYd/nGJ9ygttmk=&u=U2FsdGVkX1/zeSXt0Sr4OcgpYuAUwMi2jRSItMHA/28=&y=U2FsdGVkX1/RGyBPnIK5YT1sR/8vGjXCnfb4nz1nG9Qgc5oPg/ybeJ5dB15uF1M8 HTTP/1.1" 200 26
186.102.51.153 - - [06/Feb/2024:09:26:19 -0500] "GET /kwssiamovil/sm/acme/a?s=U2FsdGVkX18IXp0+szLrr+ObLP2Z+qzwXLq8hq1WfBzyJ8EEKmCxjAd90KpjUEVyeqbAX5c93X1M0XvSjVKjv2wSTMHKhErEPkaTf6nKa2/4ZmsUWqOnTZLvmSd4gzL4iOxUOle+z4nGhbAIwPVhCA4mR1ybsF+GbLQj1Ej+IhA=&u=U2FsdGVkX1/zeSXt0Sr4OcgpYuAUwMi2jRSItMHA/28=&y=U2FsdGVkX1/RGyBPnIK5YT1sR/8vGjXCnfb4nz1nG9Qgc5oPg/ybeJ5dB15uF1M8 HTTP/1.1" 200 26
186.102.51.153 - - [06/Feb/2024:09:26:19 -0500] "GET /kwssiamovil/sm/acme/a?s=U2FsdGVkX1/qx/5sunRuNYk3xR1RrR7+OYD++JLc1bRyhpcYVsoWffXuE+hfNhbTShqDichgEEUpFc+FJ9W8sr8LvYC9NKjj0W92XUR4teGElUQbWahQrFt/j9TLuy0F83e683wklU08bFz3TAMn4wvOAwRvL6c+pv1L6eySMxI=&u=U2FsdGVkX1/zeSXt0Sr4OcgpYuAUwMi2jRSItMHA/28=&y=U2FsdGVkX1/RGyBPnIK5YT1sR/8vGjXCnfb4nz1nG9Qgc5oPg/ybeJ5dB15uF1M8 HTTP/1.1" 200 26
186.102.51.153 - - [06/Feb/2024:09:26:20 -0500] "GET /kwssiamovil/sm/acme/a?s=U2FsdGVkX1/Uoo1V9KFmzcTxeaNY8SOWyFZ9eMbOymYHPWjMNbUB0YBpjThiw1wPOY9mYBLaueHjp7yezJjz3y7K1wVqRhvxD9M/ikRLYRQNQzByUwIN9QXTOy0hoha8VYRlnnRNm8Idze8iJyIjuaBLleesN4ZonPhdSaPPBv//DGMKRlrRIUI5Z9JEv5SWDFgDxqtShcfwreRvK+JLXA==&u=U2FsdGVkX1/zeSXt0Sr4OcgpYuAUwMi2jRSItMHA/28=&y=U2FsdGVkX1/RGyBPnIK5YT1sR/8vGjXCnfb4nz1nG9Qgc5oPg/ybeJ5dB15uF1M8 HTTP/1.1" 200 26
201.245.192.253 - - [06/Feb/2024:09:26:20 -0500] "POST /sipse/faces/presentacion/contratacion/contratista/listarIntegrante.xhtml HTTP/1.1" 200 7678
186.98.85.187 - - [06/Feb/2024:09:26:20 -0500] "POST /sipse/faces/presentacion/financiero/solicitudProceso/consultarSolicitudProceso.xhtml HTTP/1.1" 200 61734
186.98.85.187 - - [06/Feb/2024:09:26:22 -0500] "GET /sipse/faces/javax.faces.resource/jquery/jquery.js?ln=primefaces&v=4.0 HTTP/1.1" 304 -
186.98.85.187 - - [06/Feb/2024:09:26:22 -0500] "GET /sipse/faces/javax.faces.resource/jquery/jquery-plugins.js?ln=primefaces&v=4.0 HTTP/1.1" 304 -
186.98.85.187 - - [06/Feb/2024:09:26:22 -0500] "GET /sipse/faces/javax.faces.resource/primefaces.js?ln=primefaces&v=4.0 HTTP/1.1" 304 -
186.98.85.187 - - [06/Feb/2024:09:26:22 -0500] "GET /sipse/faces/javax.faces.resource/layout/layout.js?ln=primefaces&v=4.0 HTTP/1.1" 304 -
152.203.147.216 - - [06/Feb/2024:09:26:20 -0500] "POST /sipse/faces/presentacion/contratacion/contratista/listarContratista.xhtml HTTP/1.1" 200 59204
152.203.147.216 - - [06/Feb/2024:09:26:22 -0500] "GET /sipse/faces/javax.faces.resource/theme.css?ln=primefaces-sipse HTTP/1.1" 304 -
152.203.147.216 - - [06/Feb/2024:09:26:22 -0500] "GET /sipse/faces/javax.faces.resource/primefaces.css?ln=primefaces&v=4.0 HTTP/1.1" 304 -
152.203.147.216 - - [06/Feb/2024:09:26:22 -0500] "GET /sipse/faces/javax.faces.resource/layout/layout.css?ln=primefaces&v=4.0 HTTP/1.1" 304 -
152.203.147.216 - - [06/Feb/2024:09:26:22 -0500] "GET /sipse/faces/javax.faces.resource/jquery/jquery.js?ln=primefaces&v=4.0 HTTP/1.1" 304 -
152.203.147.216 - - [06/Feb/2024:09:26:22 -0500] "GET /sipse/faces/javax.faces.resource/jquery/jquery-plugins.js?ln=primefaces&v=4.0 HTTP/1.1" 304 -
152.203.147.216 - - [06/Feb/2024:09:26:22 -0500] "GET /sipse/faces/javax.faces.resource/primefaces.js?ln=primefaces&v=4.0 HTTP/1.1" 304 -
181.61.4.6 - - [06/Feb/2024:09:26:19 -0500] "GET /kwssiamovil/sm/ldap/au?x=U2FsdGVkX18xmfEziEgoSCiU2Fqfo6e0pXlruMTfFV7XrfDIHgvhKlscqP/LjHFE&y=U2FsdGVkX1/cxNx1grtKRNqNBgP/YBawvU608lBMAtnzGOySEj6zi8N3qOB0jQ2T HTTP/1.1" 200 30
152.203.147.216 - - [06/Feb/2024:09:26:22 -0500] "GET /sipse/faces/javax.faces.resource/layout/layout.js?ln=primefaces&v=4.0 HTTP/1.1" 304 -
152.203.147.216 - - [06/Feb/2024:09:26:22 -0500] "GET /sipse/faces/javax.faces.resource/spacer/dot_clear.gif?ln=primefaces&v=4.0 HTTP/1.1" 200 42
152.203.147.216 - - [06/Feb/2024:09:26:22 -0500] "GET /sipse/css/imagen/contrasena.png HTTP/1.1" 404 383
181.61.4.6 - - [06/Feb/2024:09:26:22 -0500] "GET /kwssiamovil/sm/acme/s?s=U2FsdGVkX19eS0PvDTEzlMOB2scixrOzhps+3GufM4XMcRBoUbixden9YNAiD1eeivDqLVsCBj8i7MSGHWsDD7wcqX9wkG8JNCwQBKJthQ0=&u=U2FsdGVkX18nmQPUrauQF1Pb9ZsDNy08w4YzoXsnQBA=&y=U2FsdGVkX1/cxNx1grtKRNqNBgP/YBawvU608lBMAtnzGOySEj6zi8N3qOB0jQ2T HTTP/1.1" 200 97
186.98.85.187 - - [06/Feb/2024:09:26:22 -0500] "POST /sipse/faces/presentacion/financiero/solicitudProceso/listarSolicitudProceso.xhtml HTTP/1.1" 200 1556
181.61.4.6 - - [06/Feb/2024:09:26:22 -0500] "GET /kwssiamovil/sm/acme/s?s=U2FsdGVkX1/FmEe80jEhFT5bcGjhm9Jlc0YQp/Zmn71lMa6FYgXJI0+YNXbr7MN+XtdZ/zR15vZKsKOr/ivtSlTWYxZhW1q/2DE95R2kOrAr3u1zdiRbFD1tm5EqegVRnMmPAJdTVPtdHFlahNO+/Behf19rmHASj2tgfvYBgHYQS5EB5YAAwg4uDhSYomtFhqcFt6gnSA0k6+w4FqIgEOcbCb9l+QnF9l+fgGiaEpB1xITbMuyKbfWLtD1sFl2GhVxOCg6hLnOmK9q2AYTgxMx6ai5iycdsWyoSCKjtxWmhouIh/I/hzHJMf5wpEhLY4d/cYpeA/7A/8R6oekWhZ7AeWnJkyYxk6PHg6TedNUBycFuj6AmEfllvhxampsI9LPz71u+uHtagTJee6h3kMpcYBubfaUlAntsrn/iXYXiUlpN9ceigmjpIjn/4ta3XOEIYjCZ+TBmGW8iAunWALgpjb7Hfo4YDhsSljk9mMgjRFxvnG19DVczODrZWcsvKvehl8RHF3Nnq+bAYMXS2+M07qzxEiIfcqq+M592RKbo22CwbUFN529dDJ3T37T0pCCTP1EWXHiu+XX4zoAIockMK9rMqWNTXSXszZFXm0lOrVVnMJ61b3hBhJgUZQ7eIrcAMrKKdwByoHVZ6CeiUAOuCExZ/N5kvEnMLbi00EKqySIMrp4FLr4YCKEXksd1lBJ2fNpYppQqoEg+gq6FyoVsaXjR3h+HwZLm12t+1aEv0a866BniBtk6L8l4eVICmEQInoBa8rjj5VOjOhqsVlgV0WXqy2jlvhn6GTQf9ZpyqoRk5h+UErZpV0Nk0i/WBnc1zDTvE6mPsHrqlj5s6btI63uhKek1h2lpf1gg2PZTsOyKpPj0OGLcOZr5ienBPBWe5LZSkRnOSbofWCE/K/K1s/a2oTWE8LuUEHLq/NgZ49JRosNuOHddu3+rbWDBTP7YIJQ5hYLqLz7+XffkqhEZaP08cv1CiexQmEwHBE/y25yxNqt/Z3hDv0SKbN6Linf/WXoujigAvSQ8tivlATRauCIkLlkfqpMcZ3MogzwoiZ8v3tINsNqpT72GCN7yJyvGT76cA4Yp9ResZidX3vwP3e5OMqlMQBPPsCSVUH5lVYXFchX2dcsAMlMRNvx579gjrwjnOZP4DTDmWoDfIZIkyXht8ZZArfRT0hVAF7Q4OMIQcwn0GR4UeqUSWK32rq5RyAkPkarYKDFkNj0sUfXiORnI97LId9UhuIxo+88MaDdGxo4L9cATNcpfIGOU9SqG/8tZWSfzHj7f1WhmGpyVPZE+swn0e2x8LPNCBusz0e87dyz4qhPe8zuk6Kpp0W4ps9Yb8EBknwghdpCSrkbrQNqaK/6xSps1bptJEcLLEmdouLWmNlj9UxzhO/hjSevKCtZ8eJmgT/kQP0mBVIsmS04HpfJZWD0qhPwiBU0QaEMGAa6vp9bF8bdsiidK4o7m1ghNDp+Cg+a8vi6djifwNvIocDdx1OZiNLL5cU8yVBU4u2zcEZTOXzbeTw05Hn8Us192/PsWD293R7LDhtlpbxQl3lmRnfxwkYB5JBqxvGCCErPswuzmXhlxFPnAxwxwhg0/cc7k/H8POaZ6/EZYXN16ZUoVDUX4JkaDJQGKcDU+X+6nhPci3wySpQK7Y9quPPP0uMXazGecSHVUlo/wDu8OXm+7Ep4NKb1MfMtcw4R+OasboYX6gelRxaT0sGqhvUIV9vFQSRcIV9DKs0T3/HjHiAj8RhtM4tj4boHU=&u=U2FsdGVkX18nmQPUrauQF1Pb9ZsDNy08w4YzoXsnQBA=&y=U2FsdGVkX1/cxNx1grtKRNqNBgP/YBawvU608lBMAtnzGOySEj6zi8N3qOB0jQ2T HTTP/1.1" 200 491
181.61.4.6 - - [06/Feb/2024:09:26:23 -0500] "GET /kwssiamovil/sm/acme/s?s=U2FsdGVkX19G1PHWHxXKXxFtDBSzPjolLNFi3GjohMoLzeb4t0tR2YYMELSJuttuE1WRUjcctNVj1Wk58XuMd3/LwBvvscnDIY2lgUgh+lW0E1jf7t47IBtHKp5ac4NleOcONG6KFlDvLqVjWN4AWmOey6vEXR2Yv31mWsMuuN43ySAQbCY+XqHvvUymoUu8&u=U2FsdGVkX18nmQPUrauQF1Pb9ZsDNy08w4YzoXsnQBA=&y=U2FsdGVkX1/cxNx1grtKRNqNBgP/YBawvU608lBMAtnzGOySEj6zi8N3qOB0jQ2T HTTP/1.1" 200 43327
181.61.4.6 - - [06/Feb/2024:09:26:23 -0500] "GET /kwssiamovil/sm/acme/s?s=U2FsdGVkX1+STsCZILdu0ZQirpcK3RMeybaF19BJHimb05gBOcHJ5Ibt3iG2sLCyEzK6CLwJOiAx79kAeXN40A8pDVve8KaD5K0/F7C4Ypdjao/lpNx9/yFSrXruyeS/T7BQDcENual4W2iGrEc4jn8X/f+gNnyhnkeezqms/dfW2iwVZ6RcGvrs2KdoXXm1JP1senh5l1coQzqtfpFDpzitSMa9Zdo9AlfGjbrBc1eKDXp9wWfFKlojdIh3nx3smPfjNCnxU2Wv8sRdgVi3Y9e9ntkZYt77snYPuLqGQkslm9fMp2OaG6DBej0+6bsK3KYcNWiXjdl677eGjMclnmVoBzdBXDNbHG+JQcEOXGfinc+h0hTBRpdcAaUA5Vf5A8roieBjJoeNoNIGD9m6qi7lBuLrJJtObT7yKrbnvlqU1Y2LsWbg0T8oOeQioBGGajxklZiG0Pjg6d98VYLTD9DLnv0tG8tUAxE1Hh06L1s2SwhuZfAZ+OMeVmygS+XpmhA2s80tPpmsScWlTwKvkZG+6F5T4jByf8A6uwEbkc8eeNDAeLjWUynEqU36EHHHOiLmupBgg+a+OtTR4tK9yxruxhCZyY/LAjYbCy/eKMoi1Ea62x/zrVTKOwme4/RKyJlwSeFi997TGzi/P7vFwmNvDWh0s/1HgbfYy3HO8cDvf5buE0KLs57NbjZeJkY4pjsd3S8cfi9fSnhRfmP8f7qCZLx+y8FU7JcKJsnhGaBvIvrqB/Abq4ccdGj75sDd&u=U2FsdGVkX18nmQPUrauQF1Pb9ZsDNy08w4YzoXsnQBA=&y=U2FsdGVkX1/cxNx1grtKRNqNBgP/YBawvU608lBMAtnzGOySEj6zi8N3qOB0jQ2T HTTP/1.1" 200 222
201.245.192.253 - - [06/Feb/2024:09:26:23 -0500] "POST /sipse/faces/presentacion/contratacion/contratista/listarIntegrante.xhtml HTTP/1.1" 200 11942
201.245.192.253 - - [06/Feb/2024:09:26:24 -0500] "POST /sipse/faces/presentacion/contratacion/contratista/listarIntegrante.xhtml HTTP/1.1" 200 1972
181.61.4.6 - - [06/Feb/2024:09:26:23 -0500] "GET /kwssiamovil/sm/cjson/pre?f=19&x=U2FsdGVkX18xmfEziEgoSCiU2Fqfo6e0pXlruMTfFV7XrfDIHgvhKlscqP/LjHFE HTTP/1.1" 200 68279
201.245.192.253 - - [06/Feb/2024:09:26:26 -0500] "POST /sipse/faces/presentacion/contratacion/contratista/listarIntegrante.xhtml HTTP/1.1" 200 8511
152.203.147.216 - - [06/Feb/2024:09:26:27 -0500] "POST /sipse/faces/presentacion/contratacion/contratista/consultarContratista.xhtml HTTP/1.1" 200 32850
152.203.147.216 - - [06/Feb/2024:09:26:29 -0500] "GET /sipse/faces/javax.faces.resource/theme.css?ln=primefaces-sipse HTTP/1.1" 304 -
152.203.147.216 - - [06/Feb/2024:09:26:29 -0500] "GET /sipse/faces/javax.faces.resource/primefaces.css?ln=primefaces&v=4.0 HTTP/1.1" 304 -
152.203.147.216 - - [06/Feb/2024:09:26:29 -0500] "GET /sipse/faces/javax.faces.resource/layout/layout.css?ln=primefaces&v=4.0 HTTP/1.1" 304 -
201.245.192.253 - - [06/Feb/2024:09:26:30 -0500] "POST /sipse/faces/presentacion/contratacion/contratista/listarIntegrante.xhtml HTTP/1.1" 200 7746
152.203.147.216 - - [06/Feb/2024:09:26:30 -0500] "GET /sipse/faces/javax.faces.resource/jquery/jquery.js?ln=primefaces&v=4.0 HTTP/1.1" 304 -
152.203.147.216 - - [06/Feb/2024:09:26:30 -0500] "GET /sipse/faces/javax.faces.resource/jquery/jquery-plugins.js?ln=primefaces&v=4.0 HTTP/1.1" 304 -
190.84.43.161 - - [06/Feb/2024:09:26:30 -0500] "POST /sipse/faces/presentacion/financiero/solicitudProceso/consultarSolicitudProceso.xhtml HTTP/1.1" 200 46015
190.84.43.161 - - [06/Feb/2024:09:26:30 -0500] "GET /sipse/faces/javax.faces.resource/theme.css?ln=primefaces-sipse HTTP/1.1" 304 -
190.84.43.161 - - [06/Feb/2024:09:26:30 -0500] "GET /sipse/faces/javax.faces.resource/primefaces.css?ln=primefaces&v=4.0 HTTP/1.1" 304 -
190.84.43.161 - - [06/Feb/2024:09:26:30 -0500] "GET /sipse/faces/javax.faces.resource/layout/layout.css?ln=primefaces&v=4.0 HTTP/1.1" 304 -
190.84.43.161 - - [06/Feb/2024:09:26:30 -0500] "GET /sipse/faces/javax.faces.resource/jquery/jquery.js?ln=primefaces&v=4.0 HTTP/1.1" 304 -
190.84.43.161 - - [06/Feb/2024:09:26:30 -0500] "GET /sipse/faces/javax.faces.resource/jquery/jquery-plugins.js?ln=primefaces&v=4.0 HTTP/1.1" 304 -
190.84.43.161 - - [06/Feb/2024:09:26:30 -0500] "GET /sipse/faces/javax.faces.resource/primefaces.js?ln=primefaces&v=4.0 HTTP/1.1" 304 -
190.84.43.161 - - [06/Feb/2024:09:26:30 -0500] "GET /sipse/faces/javax.faces.resource/layout/layout.js?ln=primefaces&v=4.0 HTTP/1.1" 304 -
152.203.147.216 - - [06/Feb/2024:09:26:31 -0500] "GET /sipse/faces/javax.faces.resource/primefaces.js?ln=primefaces&v=4.0 HTTP/1.1" 304 -
152.203.147.216 - - [06/Feb/2024:09:26:31 -0500] "GET /sipse/faces/javax.faces.resource/layout/layout.js?ln=primefaces&v=4.0 HTTP/1.1" 304 -
152.203.147.216 - - [06/Feb/2024:09:26:31 -0500] "GET /sipse/faces/javax.faces.resource/messages/messages.png?ln=primefaces&v=4.0 HTTP/1.1" 304 -
152.203.147.216 - - [06/Feb/2024:09:26:31 -0500] "GET /sipse/css/imagen/contrasena.png HTTP/1.1" 404 383
201.245.192.253 - - [06/Feb/2024:09:26:31 -0500] "POST /sipse/faces/presentacion/financiero/solicitudProceso/listarSolicitudProceso.xhtml HTTP/1.1" 200 116571
201.245.192.253 - - [06/Feb/2024:09:26:32 -0500] "GET /sipse/faces/javax.faces.resource/jquery/jquery.js?ln=primefaces&v=4.0 HTTP/1.1" 304 -
201.245.192.253 - - [06/Feb/2024:09:26:32 -0500] "GET /sipse/faces/javax.faces.resource/jquery/jquery-plugins.js?ln=primefaces&v=4.0 HTTP/1.1" 304 -
186.98.85.187 - - [06/Feb/2024:09:26:31 -0500] "POST /sipse/faces/presentacion/financiero/solicitudProceso/listarSolicitudProceso.xhtml HTTP/1.1" 200 143998
201.245.192.253 - - [06/Feb/2024:09:26:32 -0500] "GET /sipse/faces/javax.faces.resource/primefaces.js?ln=primefaces&v=4.0 HTTP/1.1" 304 -
186.98.85.187 - - [06/Feb/2024:09:26:32 -0500] "GET /sipse/faces/javax.faces.resource/jquery/jquery.js?ln=primefaces&v=4.0 HTTP/1.1" 304 -
201.245.192.253 - - [06/Feb/2024:09:26:33 -0500] "GET /sipse/faces/javax.faces.resource/layout/layout.js?ln=primefaces&v=4.0 HTTP/1.1" 304 -
186.98.85.187 - - [06/Feb/2024:09:26:33 -0500] "GET /sipse/faces/javax.faces.resource/jquery/jquery-plugins.js?ln=primefaces&v=4.0 HTTP/1.1" 304 -
186.98.85.187 - - [06/Feb/2024:09:26:33 -0500] "GET /sipse/faces/javax.faces.resource/primefaces.js?ln=primefaces&v=4.0 HTTP/1.1" 304 -
186.98.85.187 - - [06/Feb/2024:09:26:33 -0500] "GET /sipse/faces/javax.faces.resource/layout/layout.js?ln=primefaces&v=4.0 HTTP/1.1" 304 -
152.203.147.216 - - [06/Feb/2024:09:26:33 -0500] "POST /sipse/faces/presentacion/contratacion/contratista/listarContratista.xhtml HTTP/1.1" 200 38036
152.203.147.216 - - [06/Feb/2024:09:26:34 -0500] "GET /sipse/faces/javax.faces.resource/theme.css?ln=primefaces-sipse HTTP/1.1" 304 -
152.203.147.216 - - [06/Feb/2024:09:26:34 -0500] "GET /sipse/faces/javax.faces.resource/layout/layout.css?ln=primefaces&v=4.0 HTTP/1.1" 304 -
152.203.147.216 - - [06/Feb/2024:09:26:34 -0500] "GET /sipse/faces/javax.faces.resource/primefaces.css?ln=primefaces&v=4.0 HTTP/1.1" 304 -
152.203.147.216 - - [06/Feb/2024:09:26:34 -0500] "GET /sipse/faces/javax.faces.resource/jquery/jquery.js?ln=primefaces&v=4.0 HTTP/1.1" 304 -
201.245.192.253 - - [06/Feb/2024:09:26:34 -0500] "POST /sipse/faces/presentacion/contratacion/contratista/listarIntegrante.xhtml HTTP/1.1" 200 61780
201.245.192.253 - - [06/Feb/2024:09:26:34 -0500] "GET /sipse/faces/javax.faces.resource/theme.css?ln=primefaces-sipse HTTP/1.1" 304 -
152.203.147.216 - - [06/Feb/2024:09:26:34 -0500] "GET /sipse/faces/javax.faces.resource/jquery/jquery-plugins.js?ln=primefaces&v=4.0 HTTP/1.1" 304 -
201.245.192.253 - - [06/Feb/2024:09:26:34 -0500] "GET /sipse/faces/javax.faces.resource/primefaces.css?ln=primefaces&v=4.0 HTTP/1.1" 304 -
201.245.192.253 - - [06/Feb/2024:09:26:34 -0500] "GET /sipse/faces/javax.faces.resource/layout/layout.css?ln=primefaces&v=4.0 HTTP/1.1" 304 -
201.245.192.253 - - [06/Feb/2024:09:26:34 -0500] "GET /sipse/faces/javax.faces.resource/jquery/jquery.js?ln=primefaces&v=4.0 HTTP/1.1" 304 -
201.245.192.253 - - [06/Feb/2024:09:26:34 -0500] "GET /sipse/faces/javax.faces.resource/jquery/jquery-plugins.js?ln=primefaces&v=4.0 HTTP/1.1" 304 -
152.203.147.216 - - [06/Feb/2024:09:26:34 -0500] "GET /sipse/faces/javax.faces.resource/primefaces.js?ln=primefaces&v=4.0 HTTP/1.1" 304 -
152.203.147.216 - - [06/Feb/2024:09:26:34 -0500] "GET /sipse/faces/javax.faces.resource/layout/layout.js?ln=primefaces&v=4.0 HTTP/1.1" 304 -
201.245.192.253 - - [06/Feb/2024:09:26:34 -0500] "GET /sipse/faces/javax.faces.resource/primefaces.js?ln=primefaces&v=4.0 HTTP/1.1" 304 -
201.245.192.253 - - [06/Feb/2024:09:26:34 -0500] "GET /sipse/faces/javax.faces.resource/layout/layout.js?ln=primefaces&v=4.0 HTTP/1.1" 304 -
201.245.192.253 - - [06/Feb/2024:09:26:34 -0500] "GET /sipse/faces/javax.faces.resource/spacer/dot_clear.gif?ln=primefaces&v=4.0 HTTP/1.1" 304 -
152.203.147.216 - - [06/Feb/2024:09:26:34 -0500] "POST /sipse/faces/presentacion/financiero/solicitudProceso/listarSolicitudProceso.xhtml HTTP/1.1" 200 31420
152.203.147.216 - - [06/Feb/2024:09:26:36 -0500] "POST /sipse/faces/presentacion/financiero/solicitudProceso/listarSolicitudProceso.xhtml HTTP/1.1" 200 31420
152.203.147.216 - - [06/Feb/2024:09:26:37 -0500] "POST /sipse/faces/presentacion/financiero/solicitudProceso/listarSolicitudProceso.xhtml HTTP/1.1" 200 31420
152.203.147.216 - - [06/Feb/2024:09:26:37 -0500] "POST /sipse/faces/presentacion/financiero/solicitudProceso/listarSolicitudProceso.xhtml HTTP/1.1" 200 31420
186.98.85.187 - - [06/Feb/2024:09:26:38 -0500] "POST /sipse/faces/presentacion/financiero/solicitudProceso/consultarSolicitudProceso.xhtml HTTP/1.1" 200 120585
152.203.147.216 - - [06/Feb/2024:09:26:38 -0500] "POST /sipse/faces/presentacion/financiero/solicitudProceso/listarSolicitudProceso.xhtml HTTP/1.1" 200 1396
201.245.192.253 - - [06/Feb/2024:09:26:43 -0500] "POST /forms/lservlet;jsessionid=ac16012b30d6dc1b97c5c24a42a7b28484f9d3a86ecf.e3iSbxaKaheRe3qKcheMbNuKc41ynknvrkLOlQzNp65In0 HTTP/1.1" 200 2
152.203.147.216 - - [06/Feb/2024:09:26:41 -0500] "POST /sipse/faces/presentacion/financiero/solicitudProceso/listarSolicitudProceso.xhtml HTTP/1.1" 200 1396
201.245.192.253 - - [06/Feb/2024:09:26:45 -0500] "POST /sipse/faces/presentacion/contratacion/contratista/consultarContratista.xhtml HTTP/1.1" 200 26413
201.245.192.253 - - [06/Feb/2024:09:26:45 -0500] "GET /sipse/faces/javax.faces.resource/layout/layout.css?ln=primefaces&v=4.0 HTTP/1.1" 304 -
201.245.192.253 - - [06/Feb/2024:09:26:45 -0500] "GET /sipse/faces/javax.faces.resource/theme.css?ln=primefaces-sipse HTTP/1.1" 304 -
201.245.192.253 - - [06/Feb/2024:09:26:45 -0500] "GET /sipse/faces/javax.faces.resource/primefaces.css?ln=primefaces&v=4.0 HTTP/1.1" 304 -
201.245.192.253 - - [06/Feb/2024:09:26:45 -0500] "GET /sipse/faces/javax.faces.resource/jquery/jquery.js?ln=primefaces&v=4.0 HTTP/1.1" 304 -
201.245.192.253 - - [06/Feb/2024:09:26:45 -0500] "GET /sipse/faces/javax.faces.resource/jquery/jquery-plugins.js?ln=primefaces&v=4.0 HTTP/1.1" 304 -
201.245.192.253 - - [06/Feb/2024:09:26:45 -0500] "GET /sipse/faces/javax.faces.resource/primefaces.js?ln=primefaces&v=4.0 HTTP/1.1" 304 -
192.44.68.128 - - [06/Feb/2024:09:26:45 -0500] "GET /galeria/galeria/fotos/Huemdal-el-Tunjo1P.jpg HTTP/1.1" 200 24430
201.245.192.253 - - [06/Feb/2024:09:26:45 -0500] "GET /sipse/faces/javax.faces.resource/layout/layout.js?ln=primefaces&v=4.0 HTTP/1.1" 304 -
201.245.192.253 - - [06/Feb/2024:09:26:45 -0500] "POST /sipse/faces/presentacion/contratacion/contratista/listarContratista.xhtml HTTP/1.1" 200 19815
201.245.192.253 - - [06/Feb/2024:09:26:46 -0500] "POST /sipse/faces/presentacion/contratacion/contratista/listarContratista.xhtml HTTP/1.1" 200 19815
201.245.192.253 - - [06/Feb/2024:09:26:47 -0500] "POST /sipse/faces/presentacion/contratacion/contratista/listarContratista.xhtml HTTP/1.1" 200 19815
201.245.192.253 - - [06/Feb/2024:09:26:47 -0500] "POST /sipse/faces/presentacion/contratacion/contratista/listarContratista.xhtml HTTP/1.1" 200 19815
152.203.147.216 - - [06/Feb/2024:09:26:44 -0500] "POST /sipse/faces/presentacion/financiero/solicitudProceso/listarSolicitudProceso.xhtml HTTP/1.1" 200 1404
201.245.192.253 - - [06/Feb/2024:09:26:47 -0500] "POST /sipse/faces/presentacion/contratacion/contratista/listarContratista.xhtml HTTP/1.1" 200 19815
201.245.192.253 - - [06/Feb/2024:09:26:47 -0500] "POST /sipse/faces/presentacion/contratacion/contratista/listarContratista.xhtml HTTP/1.1" 200 19815
201.245.192.253 - - [06/Feb/2024:09:26:47 -0500] "POST /sipse/faces/presentacion/contratacion/contratista/listarContratista.xhtml HTTP/1.1" 200 19815
152.203.147.216 - - [06/Feb/2024:09:26:47 -0500] "POST /sipse/faces/presentacion/financiero/solicitudProceso/listarSolicitudProceso.xhtml HTTP/1.1" 200 1404
201.245.192.253 - - [06/Feb/2024:09:26:50 -0500] "POST /sipse/faces/presentacion/financiero/solicitudProceso/consultarSolicitudProceso.xhtml HTTP/1.1" 200 256484
190.84.43.161 - - [06/Feb/2024:09:26:51 -0500] "POST /sipse/faces/presentacion/financiero/estudioPrevio/personalSolicitado/personalSolicitadoSolicitudProceso.xhtml HTTP/1.1" 200 7023
152.203.147.216 - - [06/Feb/2024:09:26:50 -0500] "POST /sipse/faces/presentacion/financiero/solicitudProceso/listarSolicitudProceso.xhtml HTTP/1.1" 200 1404
191.156.48.154 - - [06/Feb/2024:09:27:08 -0500] "POST /sipse/faces/presentacion/financiero/solicitudProceso/listarSolicitudProceso.xhtml HTTP/1.1" 200 26417
191.156.48.154 - - [06/Feb/2024:09:27:08 -0500] "POST /sipse/faces/presentacion/financiero/solicitudProceso/listarSolicitudProceso.xhtml HTTP/1.1" 200 26417
191.156.48.154 - - [06/Feb/2024:09:27:09 -0500] "POST /sipse/faces/presentacion/financiero/solicitudProceso/listarSolicitudProceso.xhtml HTTP/1.1" 200 1376
191.156.48.154 - - [06/Feb/2024:09:27:09 -0500] "POST /sipse/faces/presentacion/financiero/solicitudProceso/listarSolicitudProceso.xhtml HTTP/1.1" 200 1376
186.98.85.187 - - [06/Feb/2024:09:27:13 -0500] "POST /sipse/faces/presentacion/financiero/solicitudProceso/consultarSolicitudProceso.xhtml HTTP/1.1" 200 636245
17.241.219.69 - - [06/Feb/2024:09:27:22 -0500] "GET /camaras-trampa-de-la-secretaria-de-ambiente-captan-fauna-silvestre-en-sumapaz.html HTTP/1.1" 200 840
201.245.192.253 - - [06/Feb/2024:09:27:22 -0500] "POST /kwsrmcab/Wsrmcab  HTTP/1.1" 200 37396
