!C99Shell v. 1.0 pre-release build #13!

Software: Apache. PHP/5.5.15 

uname -a: Windows NT SVR-DMZ 6.1 build 7600 (Windows Server 2008 R2 Enterprise Edition) i586 

SYSTEM 

Safe-mode: OFF (not secure)

E:\nuevo\apache\logs\   drwxrwxrwx
Free 9.41 GB of 239.26 GB (3.93%)
Detected drives: [ a ] [ c ] [ d ] [ e ] [ f ]
Home    Back    Forward    UPDIR    Refresh    Search    Buffer    Encoder    Tools    Proc.    FTP brute    Sec.    SQL    PHP-code    Update    Feedback    Self remove    Logout    


Viewing file:     access.2024.02.06.log (12.37 MB)      -rw-rw-rw-
Select action/file-type:
(+) | (+) | (+) | Code (+) | Session (+) | (+) | SDB (+) | (+) | (+) | (+) | (+) | (+) |
172.22.2.4 - - [05/Feb/2024:23:58:48 -0500] "GET /BLA/boletinlegal/ HTTP/1.1" 200 58684
216.245.221.92 - - [06/Feb/2024:00:00:38 -0500] "HEAD / HTTP/1.1" 200 -
201.245.192.253 - - [06/Feb/2024:00:00:39 -0500] "POST /forms/lservlet;jsessionid=ac16012b30d6dc1b97c5c24a42a7b28484f9d3a86ecf.e3iSbxaKaheRe3qKcheMbNuKc41ynknvrkLOlQzNp65In0 HTTP/1.1" 200 2
201.245.192.253 - - [06/Feb/2024:00:01:10 -0500] "POST /forms/lservlet;jsessionid=ac16012b30d629257b7236c7411e84d9b4a8aba690a2.e3iSbxaKaheRe3qKcheMbNuKc41ynknvrkLOlQzNp65In0 HTTP/1.1" 200 2
152.201.223.245 - - [06/Feb/2024:00:02:28 -0500] "GET /kwssiamovil/sm/ldap/au?x=U2FsdGVkX19kwtGaYbg+nzbvCWyky3jmTIsXD+mMI/oHkU3jKhwAQYjrRkLXFY2A0KIYJyzpsd6FbPB0Wyx8cg==&y=U2FsdGVkX1+DzdTKSyTpiAkATI9KlJ7OQH+k0VYih3bKQ3hlezWt1DSIORhKdvQG HTTP/1.1" 200 30
152.201.223.245 - - [06/Feb/2024:00:02:29 -0500] "GET /kwssiamovil/sm/acme/s?s=U2FsdGVkX19zCPue1mPnnd5JO0yTTyKimIDFd09s0246VrZpYeNgnVCNUoOhLSLrZtdXqGB/ImwWsNA+fbZFgco+zrOCqdWntIn45OmdlFA=&u=U2FsdGVkX1+MdlobwXd/xhBi9BVUBzVk2gCMScFGdRzhJDpNJK8DMpLeFCqREOk9&y=U2FsdGVkX1+DzdTKSyTpiAkATI9KlJ7OQH+k0VYih3bKQ3hlezWt1DSIORhKdvQG HTTP/1.1" 200 97
152.201.223.245 - - [06/Feb/2024:00:02:29 -0500] "GET /kwssiamovil/sm/acme/s?s=U2FsdGVkX1+ye3WneBLWM+Dwt8phvTIZsa8oXPojBLH8LeNHe/JFPDSnc2i7X34iLADrnHKO8SgQqY7va4KgWt5QX0asPj0OGm8JzW0Tamh8B0NOKLsbEb59+G4RPLah+2YDaD9OmT3l1HjpgoYD32/j1v6lOmOrFuzLLm0jCY7xaRVa2OEiDgBl9KV3DQe7XHo788o/hJ6oQIYxjqMqblA4wQGtrUKDpYIkpUwzJLRzElL+eoz7MudBe32W6rl2+Hg57UFa8fOzmSTPmwVtKdPc/OH4WpqLgYbnrEHK1aOpfZHz2m8eAcUNSMP+QjFqYTO00BIbk49FcPf1rLBFpdTkJIE7DOL3rP2GQrYQWXHRUJ4marEM5p1KDxmo21kPNK0CO58zY5/PaWPMTrdqV2/7wnL+P4Mt8OHxIDAGlqPM+uG/Ob7P6VBUiO2JixRI5SujHL1ErvejWPCRnSFjmSUd1fh+ny/5+60HIqLGggVHfIvya97LE8ZEO9rY0x+L0taMfdTCh3NVK7/8ILxB+/f9IaIeiF3v7tXsl+Y5sGXLemX2xdQQQaRikm2ypJM4flCc6SHAerO/SITySXayUORrSgorHVeYKoi03uMFug4V7ZO/3xFbovlpYJyLOmoXNJDEZYhI2CydBIGVJZLdp8hnI3P6DtUfh8DasEeQ8R0TNx/MTdswVoLLtbxa6bYJjvJ59x4I6zjyx/pzZKb7EfkkGF7pKWmb+JgXGSeArZPTZDuZj0jPEovqkdvr7C2BGyycO0Op4y0mKMbWW7RqMr1vw1X1fQRd69jJa/219JHCiqjTWWEZlpLSbaV+NaIu+KLSjzqPiNBa/+eDLOEnndVFybv72OQtsTu/Bma5ixVmEjOO8NO2DKOeFsMp5vbAEsUlgrbwpLm38tUVeQeisDreapDshg5Od6h3YS3dqcYbWxw3XqVsD+yOtQAICOgsr6nabKZpWcDcJ1vq/AsZ1ocskIWCa6VXsPEXYWcmt0NzBhnYzP+1btwtnLFPXDflGnfK6v95Zeen/zm2XBMlwSUE70eur4zJIoKmuenCQfeSzFr5yLeRIUlbZiyHcZfiiX/I5FTWQJw3SRwJWJJWs5JZ2l0mV77Yjewe//ngwO8xgNfZEQWzcVHF78J95EYVlrzM6q+lSZKESzdP4OIc18LH6/fPxne41zvHGH/SbCr2OQ8Xlu8Xi3j/I/xDAsowDCOnv82B924QIH+0miWHwQ9Cwt82ssxj1DmDPB38WWetZEgoEwG5ZSGxRdXKm2DQjmhKdDdCJ5MPzgeWfH4v9FEoKyh56G8PET9S87wxmznqKNoGFx+CTqNYmrW8w/+0+H2nnNiE3yyi5ApPzVfDKNfeaSOUOXXC9vmq6/vHPVlufejteOIUZN1QYmm3YbmXMfJwqeP3ZQ8dM/z/JpdvUtEuqTYguL/qsdi0kfDjHF4i0bVfVSjieeMjaDOgkDmhaVVNBgVU0GkasZY3fRx29KgD7CBe2uZiXwU+8ErP55YddPEZVnMhcAE5mJuy8yROYuVxxql97vty4uqafzleGOuy3RPoi/w6ArYq6lQvf8EzDw0g1j4B4BbhSGPvteZmZf0c5E+fPyeluol1KFthkkuK3MUfmAPvmcaOEfdwoPm9JwnBVlREDFpNkk3Fa6B0akYFEFd9L/jPOeNtD98W3AtftgmukH5xoOjcw/rq8O6aK4E839AStHedroqLigQ0PJPlu0eFOWllCkVt9wq7FezpbdzB6ytBhRmrXZGq5UmQbpQrCps83Hojp7wXFneP&u=U2FsdGVkX1+MdlobwXd/xhBi9BVUBzVk2gCMScFGdRzhJDpNJK8DMpLeFCqREOk9&y=U2FsdGVkX1+DzdTKSyTpiAkATI9KlJ7OQH+k0VYih3bKQ3hlezWt1DSIORhKdvQG HTTP/1.1" 200 1689
152.201.223.245 - - [06/Feb/2024:00:02:29 -0500] "GET /kwssiamovil/sm/acme/s?s=U2FsdGVkX1+VHymGhod4ZE+Fu+94sqgRxeLj7pBvZaEwoKYYS9muwezNU6F/WT2FYKx01959RkoicgSFCoAe8e6efj0k0Kr/IjcHbvnvWX4+sbRttrNoS4M36rh7aPI3uMbOzHnSI46kW0SXUTqyOp96DUEGYgMHg6gfeIYHv7FyTm5RFq3bbZvGYax0XiBVqZuWGGskWiWGdmHjNqXBDg6TiO3Cxllg0WJCH9GlvMN97Z2cNtU9ZYIG1dPVYikdw7AcjMwg+B2fhsM/ckvRngAj4IE72tvjD1WVZyUm096lkCpAqRAqKq4v2p7zt30GESV1GfWSobcjBGyDW04SaQv+YC8eASPmi1oVT5SKAoXVESH4WdTircsQ2Z+SMn20Yfrp1XDddaWyMcrV9UWZSqVTY94WyH7xlcnMR17xPxjnP7PXX0ClqhlbIuRJoA08DHqLxUtbTaE5iQ+zSRhI9FTr40V524m+I5YFG940OMYagEYkhQIRoWGdpv0iiXdq2gR/xVvX4pGJHmhJpP3Q42xjWK6Q2GlYhxCBbQJMofuG9Ax5Y0HWyzAsaS/I8YpflqSANBm0uRHHYo5bibNQ+6ACla3E9BTZbzS+tOkR1c8Co4xxecjM/gvbbIAGMlneXLqPiJKqbo4EacYWEKXPHUnR6DvbrHD3i00yK4FgYqm3J9+HBeHpI1dsshdoTK7XOf3kQciJmS4YzEBkhCfHpKRayYG8ghVm22qWGdTDVuAOCxvll+4oJ8eXoYiZDmLT&u=U2FsdGVkX1+MdlobwXd/xhBi9BVUBzVk2gCMScFGdRzhJDpNJK8DMpLeFCqREOk9&y=U2FsdGVkX1+DzdTKSyTpiAkATI9KlJ7OQH+k0VYih3bKQ3hlezWt1DSIORhKdvQG HTTP/1.1" 200 208
152.201.223.245 - - [06/Feb/2024:00:02:29 -0500] "GET /kwssiamovil/sm/cjson/pre?f=1&x=U2FsdGVkX19kwtGaYbg+nzbvCWyky3jmTIsXD+mMI/oHkU3jKhwAQYjrRkLXFY2A0KIYJyzpsd6FbPB0Wyx8cg== HTTP/1.1" 200 32032
201.245.192.253 - - [06/Feb/2024:00:02:39 -0500] "POST /forms/lservlet;jsessionid=ac16012b30d6dc1b97c5c24a42a7b28484f9d3a86ecf.e3iSbxaKaheRe3qKcheMbNuKc41ynknvrkLOlQzNp65In0 HTTP/1.1" 200 2
201.245.192.253 - - [06/Feb/2024:00:02:58 -0500] "POST /kwsrmcab/Wsrmcab  HTTP/1.1" 200 213
201.245.192.253 - - [06/Feb/2024:00:03:10 -0500] "POST /forms/lservlet;jsessionid=ac16012b30d629257b7236c7411e84d9b4a8aba690a2.e3iSbxaKaheRe3qKcheMbNuKc41ynknvrkLOlQzNp65In0 HTTP/1.1" 200 2
66.249.77.10 - - [06/Feb/2024:00:03:14 -0500] "GET /Publicaciones/2023EE290208.pdf HTTP/1.1" 404 228
201.245.192.253 - - [06/Feb/2024:00:04:00 -0500] "POST /kwsrmcab/Wsrmcab  HTTP/1.1" 200 213
172.22.2.4 - - [06/Feb/2024:00:04:25 -0500] "GET /BLA/boletinlegal/robots.txt HTTP/1.1" 404 1038
201.245.192.253 - - [06/Feb/2024:00:04:39 -0500] "POST /forms/lservlet;jsessionid=ac16012b30d6dc1b97c5c24a42a7b28484f9d3a86ecf.e3iSbxaKaheRe3qKcheMbNuKc41ynknvrkLOlQzNp65In0 HTTP/1.1" 200 2
201.245.192.253 - - [06/Feb/2024:00:05:01 -0500] "POST /kwsrmcab/Wsrmcab  HTTP/1.1" 200 213
191.108.0.241 - - [06/Feb/2024:00:05:07 -0500] "GET /appsia/controlador HTTP/1.1" 200 4799
191.108.0.241 - - [06/Feb/2024:00:05:07 -0500] "GET /appsia/css/estilos.css HTTP/1.1" 200 4804
191.108.0.241 - - [06/Feb/2024:00:05:07 -0500] "GET /appsia/scripts/validarIngreso.js HTTP/1.1" 200 851
191.108.0.241 - - [06/Feb/2024:00:05:07 -0500] "GET /appsia/images/cabezoteHojaVida.png HTTP/1.1" 200 32493
191.108.0.241 - - [06/Feb/2024:00:05:07 -0500] "GET /appsia/images/logo_bogota_p.png HTTP/1.1" 200 14951
191.108.0.241 - - [06/Feb/2024:00:05:08 -0500] "GET /favicon.ico HTTP/1.1" 200 7782
201.245.192.253 - - [06/Feb/2024:00:05:10 -0500] "POST /forms/lservlet;jsessionid=ac16012b30d629257b7236c7411e84d9b4a8aba690a2.e3iSbxaKaheRe3qKcheMbNuKc41ynknvrkLOlQzNp65In0 HTTP/1.1" 200 2
191.108.0.241 - - [06/Feb/2024:00:05:10 -0500] "POST /appsia/controlador HTTP/1.1" 200 3603
191.108.0.241 - - [06/Feb/2024:00:05:10 -0500] "GET /appsia/jscripts/validarSolicitud.js HTTP/1.1" 404 68
191.108.0.241 - - [06/Feb/2024:00:05:13 -0500] "POST /appsia/controlador HTTP/1.1" 200 4799
191.108.0.241 - - [06/Feb/2024:00:05:23 -0500] "POST /appsia/controlador HTTP/1.1" 200 5437
172.22.2.4 - - [06/Feb/2024:00:03:47 -0500] "HEAD /BLA/boletinlegal/ HTTP/1.1" 200 -
191.108.0.241 - - [06/Feb/2024:00:05:28 -0500] "POST /appsia/controlador HTTP/1.1" 200 3238
191.108.0.241 - - [06/Feb/2024:00:05:28 -0500] "GET /appsia/jscripts/validarSolicitud.js HTTP/1.1" 404 68
191.108.0.241 - - [06/Feb/2024:00:05:32 -0500] "POST /appsia/controlador HTTP/1.1" 200 5437
216.245.221.92 - - [06/Feb/2024:00:05:38 -0500] "HEAD / HTTP/1.1" 200 -
201.245.192.253 - - [06/Feb/2024:00:06:02 -0500] "POST /kwsrmcab/Wsrmcab  HTTP/1.1" 200 213
173.252.107.5 - - [06/Feb/2024:00:06:12 -0500] "GET /images/Caminatas%20(1)%20(2).jpeg HTTP/1.1" 200 81411
172.22.2.4 - - [06/Feb/2024:00:04:38 -0500] "GET /BLA/boletinlegal/ HTTP/1.1" 200 58310
201.245.192.253 - - [06/Feb/2024:00:06:39 -0500] "POST /forms/lservlet;jsessionid=ac16012b30d6dc1b97c5c24a42a7b28484f9d3a86ecf.e3iSbxaKaheRe3qKcheMbNuKc41ynknvrkLOlQzNp65In0 HTTP/1.1" 200 2
191.108.0.241 - - [06/Feb/2024:00:06:56 -0500] "POST /appsia/controlador HTTP/1.1" 200 7736
191.108.0.241 - - [06/Feb/2024:00:06:56 -0500] "GET /appsia/images/logo_escudo.png HTTP/1.1" 200 36965
201.245.192.253 - - [06/Feb/2024:00:07:04 -0500] "POST /kwsrmcab/Wsrmcab  HTTP/1.1" 200 213
201.245.192.253 - - [06/Feb/2024:00:07:10 -0500] "POST /forms/lservlet;jsessionid=ac16012b30d629257b7236c7411e84d9b4a8aba690a2.e3iSbxaKaheRe3qKcheMbNuKc41ynknvrkLOlQzNp65In0 HTTP/1.1" 200 2
201.245.192.253 - - [06/Feb/2024:00:08:39 -0500] "POST /forms/lservlet;jsessionid=ac16012b30d6dc1b97c5c24a42a7b28484f9d3a86ecf.e3iSbxaKaheRe3qKcheMbNuKc41ynknvrkLOlQzNp65In0 HTTP/1.1" 200 2
201.245.192.253 - - [06/Feb/2024:00:09:10 -0500] "POST /forms/lservlet;jsessionid=ac16012b30d629257b7236c7411e84d9b4a8aba690a2.e3iSbxaKaheRe3qKcheMbNuKc41ynknvrkLOlQzNp65In0 HTTP/1.1" 200 2
172.22.2.4 - - [06/Feb/2024:00:09:25 -0500] "GET /BLA/boletinlegal/robots.txt HTTP/1.1" 404 1038
172.22.2.4 - - [06/Feb/2024:00:09:26 -0500] "GET /BLA/boletinlegal/Circulares/2019/Circular%20No.%200015%20del%2003%20de%20Octubre%20de%202019.pdf HTTP/1.1" 200 165608
216.245.221.92 - - [06/Feb/2024:00:10:38 -0500] "HEAD / HTTP/1.1" 200 -
201.245.192.253 - - [06/Feb/2024:00:10:39 -0500] "POST /forms/lservlet;jsessionid=ac16012b30d6dc1b97c5c24a42a7b28484f9d3a86ecf.e3iSbxaKaheRe3qKcheMbNuKc41ynknvrkLOlQzNp65In0 HTTP/1.1" 200 2
172.22.2.4 - - [06/Feb/2024:00:11:03 -0500] "GET /BLA/boletinlegal/Circulares/2013/Circular%20No.%205%20del%2013%20de%20junio%20de%202013.pdf HTTP/1.1" 200 110904
201.245.192.253 - - [06/Feb/2024:00:11:10 -0500] "POST /forms/lservlet;jsessionid=ac16012b30d629257b7236c7411e84d9b4a8aba690a2.e3iSbxaKaheRe3qKcheMbNuKc41ynknvrkLOlQzNp65In0 HTTP/1.1" 200 2
172.22.2.4 - - [06/Feb/2024:00:11:10 -0500] "GET /BLA/boletinlegal/Circulares/2022/CIRCULAR%20No.%2000003%20DEL%2007%20DE%20MARZO%20DEL%202022.pdf HTTP/1.1" 200 311468
172.22.2.4 - - [06/Feb/2024:00:09:37 -0500] "HEAD /BLA/boletinlegal/ HTTP/1.1" 200 -
157.55.39.9 - - [06/Feb/2024:00:11:24 -0500] "GET /BLA/resoluciones/AUTOS%202023/05801.pdf HTTP/1.1" 200 393517
201.245.192.253 - - [06/Feb/2024:00:12:03 -0500] "POST /kwsrmcab/Wsrmcab  HTTP/1.1" 200 213
191.108.0.241 - - [06/Feb/2024:00:12:06 -0500] "POST /appsia/controlador HTTP/1.1" 200 5437
172.22.2.4 - - [06/Feb/2024:00:10:28 -0500] "GET /BLA/boletinlegal/ HTTP/1.1" 200 61047
191.108.0.241 - - [06/Feb/2024:00:12:09 -0500] "POST /appsia/controlador HTTP/1.1" 200 3238
191.108.0.241 - - [06/Feb/2024:00:12:09 -0500] "GET /appsia/jscripts/validarSolicitud.js HTTP/1.1" 404 68
191.108.0.241 - - [06/Feb/2024:00:12:15 -0500] "POST /appsia/controlador HTTP/1.1" 200 5437
191.108.0.241 - - [06/Feb/2024:00:12:16 -0500] "POST /appsia/controlador HTTP/1.1" 200 4799
201.245.192.253 - - [06/Feb/2024:00:12:39 -0500] "POST /forms/lservlet;jsessionid=ac16012b30d6dc1b97c5c24a42a7b28484f9d3a86ecf.e3iSbxaKaheRe3qKcheMbNuKc41ynknvrkLOlQzNp65In0 HTTP/1.1" 200 2
104.248.163.99 - - [06/Feb/2024:00:12:41 -0500] "\x16\x03\x01\x01\xfd\x01" 400 226
201.245.192.253 - - [06/Feb/2024:00:13:10 -0500] "POST /forms/lservlet;jsessionid=ac16012b30d629257b7236c7411e84d9b4a8aba690a2.e3iSbxaKaheRe3qKcheMbNuKc41ynknvrkLOlQzNp65In0 HTTP/1.1" 200 2
172.22.2.4 - - [06/Feb/2024:00:13:34 -0500] "GET /BLA/boletinlegal/Directivas/2017/Directiva%20No.%2001%20del%2017%20de%20Enero%20de%202017.pdf HTTP/1.1" 200 2804310
201.245.192.253 - - [06/Feb/2024:00:14:39 -0500] "POST /forms/lservlet;jsessionid=ac16012b30d6dc1b97c5c24a42a7b28484f9d3a86ecf.e3iSbxaKaheRe3qKcheMbNuKc41ynknvrkLOlQzNp65In0 HTTP/1.1" 200 2
201.245.192.253 - - [06/Feb/2024:00:15:10 -0500] "POST /forms/lservlet;jsessionid=ac16012b30d629257b7236c7411e84d9b4a8aba690a2.e3iSbxaKaheRe3qKcheMbNuKc41ynknvrkLOlQzNp65In0 HTTP/1.1" 200 2
216.245.221.92 - - [06/Feb/2024:00:15:38 -0500] "HEAD / HTTP/1.1" 200 -
186.155.149.178 - - [06/Feb/2024:00:16:14 -0500] "POST /sipse/faces/presentacion/financiero/solicitudProceso/consultarSolicitudProceso.xhtml HTTP/1.1" 200 34935
186.155.149.178 - - [06/Feb/2024:00:16:16 -0500] "GET /sipse/faces/javax.faces.resource/theme.css?ln=primefaces-sipse HTTP/1.1" 304 -
186.155.149.178 - - [06/Feb/2024:00:16:16 -0500] "GET /sipse/faces/javax.faces.resource/primefaces.css?ln=primefaces&v=4.0 HTTP/1.1" 304 -
186.155.149.178 - - [06/Feb/2024:00:16:16 -0500] "GET /sipse/faces/javax.faces.resource/layout/layout.css?ln=primefaces&v=4.0 HTTP/1.1" 304 -
186.155.149.178 - - [06/Feb/2024:00:16:16 -0500] "GET /sipse/faces/javax.faces.resource/jquery/jquery.js?ln=primefaces&v=4.0 HTTP/1.1" 304 -
186.155.149.178 - - [06/Feb/2024:00:16:16 -0500] "GET /sipse/faces/javax.faces.resource/jquery/jquery-plugins.js?ln=primefaces&v=4.0 HTTP/1.1" 304 -
186.155.149.178 - - [06/Feb/2024:00:16:16 -0500] "GET /sipse/css/imagen/contrasena.png HTTP/1.1" 404 383
186.155.149.178 - - [06/Feb/2024:00:16:16 -0500] "GET /sipse/faces/javax.faces.resource/primefaces.js?ln=primefaces&v=4.0 HTTP/1.1" 304 -
186.155.149.178 - - [06/Feb/2024:00:16:16 -0500] "GET /sipse/faces/javax.faces.resource/layout/layout.js?ln=primefaces&v=4.0 HTTP/1.1" 304 -
186.155.149.178 - - [06/Feb/2024:00:16:17 -0500] "POST /sipse/faces/presentacion/financiero/solicitudProceso/listarSolicitudProceso.xhtml HTTP/1.1" 200 1396
201.245.192.253 - - [06/Feb/2024:00:16:39 -0500] "POST /forms/lservlet;jsessionid=ac16012b30d6dc1b97c5c24a42a7b28484f9d3a86ecf.e3iSbxaKaheRe3qKcheMbNuKc41ynknvrkLOlQzNp65In0 HTTP/1.1" 200 2
201.245.192.253 - - [06/Feb/2024:00:17:02 -0500] "POST /kwsrmcab/Wsrmcab  HTTP/1.1" 200 213
172.22.2.4 - - [06/Feb/2024:00:15:27 -0500] "HEAD /BLA/boletinlegal/ HTTP/1.1" 200 -
201.245.192.253 - - [06/Feb/2024:00:17:10 -0500] "POST /forms/lservlet;jsessionid=ac16012b30d629257b7236c7411e84d9b4a8aba690a2.e3iSbxaKaheRe3qKcheMbNuKc41ynknvrkLOlQzNp65In0 HTTP/1.1" 200 2
172.22.2.4 - - [06/Feb/2024:00:16:18 -0500] "GET /BLA/boletinlegal/ HTTP/1.1" 200 58310
172.22.2.4 - - [06/Feb/2024:00:18:14 -0500] "GET /BLA/boletinlegal/.env HTTP/1.1" 404 1018
201.245.192.253 - - [06/Feb/2024:00:18:39 -0500] "POST /forms/lservlet;jsessionid=ac16012b30d6dc1b97c5c24a42a7b28484f9d3a86ecf.e3iSbxaKaheRe3qKcheMbNuKc41ynknvrkLOlQzNp65In0 HTTP/1.1" 200 2
172.22.2.4 - - [06/Feb/2024:00:18:16 -0500] "POST /BLA/boletinlegal/ HTTP/1.1" 200 24523
199.16.157.183 - - [06/Feb/2024:00:18:49 -0500] "GET /images/pl%C3%A1sticos%20foto%201..jpg HTTP/1.1" 404 1034
199.16.157.182 - - [06/Feb/2024:00:18:49 -0500] "GET /images/pl%C3%A1sticos%20foto%201..jpg HTTP/1.1" 404 1034
199.16.157.183 - - [06/Feb/2024:00:18:49 -0500] "GET /images/pl%C3%A1sticos%20foto%201..jpg HTTP/1.1" 404 1034
52.167.144.19 - - [06/Feb/2024:00:18:52 -0500] "GET /BLA/resoluciones/AUTOS%202020/4128.pdf HTTP/1.1" 200 342847
201.245.192.253 - - [06/Feb/2024:00:19:10 -0500] "POST /forms/lservlet;jsessionid=ac16012b30d629257b7236c7411e84d9b4a8aba690a2.e3iSbxaKaheRe3qKcheMbNuKc41ynknvrkLOlQzNp65In0 HTTP/1.1" 200 2
186.155.149.178 - - [06/Feb/2024:00:19:14 -0500] "POST /sipse/faces/presentacion/financiero/solicitudProceso/listarSolicitudProceso.xhtml HTTP/1.1" 200 4946
186.155.149.178 - - [06/Feb/2024:00:19:16 -0500] "POST /sipse/faces/presentacion/financiero/solicitudProceso/listarSolicitudProceso.xhtml HTTP/1.1" 200 146543
186.155.149.178 - - [06/Feb/2024:00:19:17 -0500] "GET /sipse/faces/javax.faces.resource/theme.css?ln=primefaces-sipse HTTP/1.1" 304 -
186.155.149.178 - - [06/Feb/2024:00:19:17 -0500] "GET /sipse/faces/javax.faces.resource/primefaces.css?ln=primefaces&v=4.0 HTTP/1.1" 304 -
186.155.149.178 - - [06/Feb/2024:00:19:17 -0500] "GET /sipse/faces/javax.faces.resource/layout/layout.css?ln=primefaces&v=4.0 HTTP/1.1" 304 -
186.155.149.178 - - [06/Feb/2024:00:19:17 -0500] "GET /sipse/faces/javax.faces.resource/jquery/jquery.js?ln=primefaces&v=4.0 HTTP/1.1" 304 -
186.155.149.178 - - [06/Feb/2024:00:19:17 -0500] "GET /sipse/faces/javax.faces.resource/jquery/jquery-plugins.js?ln=primefaces&v=4.0 HTTP/1.1" 304 -
186.155.149.178 - - [06/Feb/2024:00:19:17 -0500] "GET /sipse/faces/javax.faces.resource/primefaces.js?ln=primefaces&v=4.0 HTTP/1.1" 304 -
186.155.149.178 - - [06/Feb/2024:00:19:17 -0500] "GET /sipse/faces/javax.faces.resource/layout/layout.js?ln=primefaces&v=4.0 HTTP/1.1" 304 -
186.155.149.178 - - [06/Feb/2024:00:19:18 -0500] "GET /sipse/css/imagen/contrasena.png HTTP/1.1" 404 383
186.155.149.178 - - [06/Feb/2024:00:19:19 -0500] "GET /sipse/faces/javax.faces.resource/dynamiccontent.properties?ln=primefaces&pfdrid=XjOR5%2F%2FfPAZAuY9TpWQeCiM0BhlXxYRBGKi%2FQcXXfeA%3D&pfdrid_c=false HTTP/1.1" 500 383
40.77.167.33 - - [06/Feb/2024:00:20:01 -0500] "GET /BLA/resoluciones/RESOLUCIONES%202021/3085.pdf HTTP/1.1" 304 -
201.245.192.253 - - [06/Feb/2024:00:20:00 -0500] "POST /kwsrmcab/Wsrmcab HTTP/1.1" 200 40077
201.245.192.253 - - [06/Feb/2024:00:20:03 -0500] "POST /kwsrmcab/Wsrmcab HTTP/1.1" 200 37258
201.245.192.253 - - [06/Feb/2024:00:20:09 -0500] "POST /kwsrmcab/Wsrmcab HTTP/1.1" 200 36924
186.155.149.178 - - [06/Feb/2024:00:20:17 -0500] "POST /sipse/faces/presentacion/financiero/solicitudProceso/consultarSolicitudProceso.xhtml HTTP/1.1" 200 138832
186.155.149.178 - - [06/Feb/2024:00:20:33 -0500] "POST /sipse/faces/presentacion/financiero/solicitudProceso/consultarSolicitudProceso.xhtml HTTP/1.1" 200 230183
216.245.221.92 - - [06/Feb/2024:00:20:38 -0500] "HEAD / HTTP/1.1" 200 -
201.245.192.253 - - [06/Feb/2024:00:20:39 -0500] "POST /forms/lservlet;jsessionid=ac16012b30d6dc1b97c5c24a42a7b28484f9d3a86ecf.e3iSbxaKaheRe3qKcheMbNuKc41ynknvrkLOlQzNp65In0 HTTP/1.1" 200 2
186.155.149.178 - - [06/Feb/2024:00:20:37 -0500] "POST /sipse/faces/presentacion/financiero/solicitudProceso/consultarSolicitudProceso.xhtml HTTP/1.1" 200 3074036
186.155.149.178 - - [06/Feb/2024:00:20:42 -0500] "POST /sipse/faces/presentacion/financiero/solicitudProceso/consultarSolicitudProceso.xhtml HTTP/1.1" 200 4404500
186.155.149.178 - - [06/Feb/2024:00:20:47 -0500] "POST /sipse/faces/presentacion/financiero/solicitudProceso/consultarSolicitudProceso.xhtml HTTP/1.1" 200 3623359
17.241.219.181 - - [06/Feb/2024:00:20:51 -0500] "GET /distrito-firma-cuatro-pagos-por-servicios-ambientales-en-cundinamarca-para-la-seguridad-hidrica-de-bogota.html HTTP/1.1" 200 856
162.55.35.116 - - [06/Feb/2024:00:21:07 -0500] "GET / HTTP/1.1" 200 4720
201.245.192.253 - - [06/Feb/2024:00:21:05 -0500] "POST /kwsrmcab/Wsrmcab HTTP/1.1" 200 37258
201.245.192.253 - - [06/Feb/2024:00:21:10 -0500] "POST /forms/lservlet;jsessionid=ac16012b30d629257b7236c7411e84d9b4a8aba690a2.e3iSbxaKaheRe3qKcheMbNuKc41ynknvrkLOlQzNp65In0 HTTP/1.1" 200 2
34.78.249.41 - - [06/Feb/2024:00:21:14 -0500] "GET / HTTP/1.1" 200 319
186.155.149.178 - - [06/Feb/2024:00:21:19 -0500] "POST /sipse/faces/presentacion/financiero/solicitudProceso/consultarSolicitudProceso.xhtml HTTP/1.1" 200 81542
186.155.149.178 - - [06/Feb/2024:00:21:29 -0500] "POST /sipse/faces/presentacion/financiero/solicitudProceso/consultarSolicitudProceso.xhtml HTTP/1.1" 200 5522
186.155.149.178 - - [06/Feb/2024:00:21:52 -0500] "POST /sipse/faces/presentacion/financiero/solicitudProceso/consultarSolicitudProceso.xhtml HTTP/1.1" 200 5529
186.155.149.178 - - [06/Feb/2024:00:21:53 -0500] "GET /sipse/faces/javax.faces.resource/dynamiccontent.properties?ln=primefaces&pfdrid=XjOR5%2F%2FfPAZAuY9TpWQeCiM0BhlXxYRBGKi%2FQcXXfeA%3D&pfdrid_c=false HTTP/1.1" 200 120590
201.245.192.253 - - [06/Feb/2024:00:22:01 -0500] "POST /kwsrmcab/Wsrmcab  HTTP/1.1" 200 213
186.155.149.178 - - [06/Feb/2024:00:22:15 -0500] "GET /sipse/faces/javax.faces.resource/images/ui-bg_flat_0_2d5972_40x100.png?ln=primefaces-aristo HTTP/1.1" 200 183
186.155.149.178 - - [06/Feb/2024:00:22:15 -0500] "POST /sipse/faces/presentacion/sistema/reporte/ventanaVerReporteParametros.xhtml HTTP/1.1" 200 33614
186.155.149.178 - - [06/Feb/2024:00:22:15 -0500] "GET /sipse/faces/javax.faces.resource/jquery/jquery.js?ln=primefaces&v=4.0 HTTP/1.1" 304 -
186.155.149.178 - - [06/Feb/2024:00:22:15 -0500] "GET /sipse/faces/javax.faces.resource/jquery/jquery-plugins.js?ln=primefaces&v=4.0 HTTP/1.1" 304 -
17.241.227.166 - - [06/Feb/2024:00:22:15 -0500] "GET /proximo-4-de-octubre-simulacro-distrital-de-evacuacion-dia-y-noche.html HTTP/1.1" 200 783
186.155.149.178 - - [06/Feb/2024:00:22:15 -0500] "GET /sipse/faces/javax.faces.resource/primefaces.js?ln=primefaces&v=4.0 HTTP/1.1" 304 -
186.155.149.178 - - [06/Feb/2024:00:22:15 -0500] "GET /sipse/faces/javax.faces.resource/layout/layout.js?ln=primefaces&v=4.0 HTTP/1.1" 304 -
186.155.149.178 - - [06/Feb/2024:00:22:19 -0500] "POST /sipse/faces/presentacion/sistema/reporte/listarReportes.xhtml HTTP/1.1" 200 22242
186.155.149.178 - - [06/Feb/2024:00:22:19 -0500] "GET /sipse/faces/javax.faces.resource/theme.css?ln=primefaces-sipse HTTP/1.1" 304 -
186.155.149.178 - - [06/Feb/2024:00:22:19 -0500] "GET /sipse/faces/javax.faces.resource/primefaces.css?ln=primefaces&v=4.0 HTTP/1.1" 304 -
186.155.149.178 - - [06/Feb/2024:00:22:19 -0500] "GET /sipse/faces/javax.faces.resource/layout/layout.css?ln=primefaces&v=4.0 HTTP/1.1" 304 -
186.155.149.178 - - [06/Feb/2024:00:22:19 -0500] "GET /sipse/faces/javax.faces.resource/jquery/jquery.js?ln=primefaces&v=4.0 HTTP/1.1" 304 -
186.155.149.178 - - [06/Feb/2024:00:22:19 -0500] "GET /sipse/faces/javax.faces.resource/jquery/jquery-plugins.js?ln=primefaces&v=4.0 HTTP/1.1" 304 -
186.155.149.178 - - [06/Feb/2024:00:22:19 -0500] "GET /sipse/faces/javax.faces.resource/layout/layout.js?ln=primefaces&v=4.0 HTTP/1.1" 304 -
186.155.149.178 - - [06/Feb/2024:00:22:19 -0500] "GET /sipse/faces/javax.faces.resource/primefaces.js?ln=primefaces&v=4.0 HTTP/1.1" 304 -
186.155.149.178 - - [06/Feb/2024:00:22:20 -0500] "GET /sipse/faces/javax.faces.resource/images/ui-icons_898989_256x240.png?ln=primefaces-aristo HTTP/1.1" 304 -
201.245.192.253 - - [06/Feb/2024:00:22:39 -0500] "POST /forms/lservlet;jsessionid=ac16012b30d6dc1b97c5c24a42a7b28484f9d3a86ecf.e3iSbxaKaheRe3qKcheMbNuKc41ynknvrkLOlQzNp65In0 HTTP/1.1" 200 2
172.22.2.4 - - [06/Feb/2024:00:21:17 -0500] "HEAD /BLA/boletinlegal/ HTTP/1.1" 200 -
201.245.192.253 - - [06/Feb/2024:00:23:10 -0500] "POST /forms/lservlet;jsessionid=ac16012b30d629257b7236c7411e84d9b4a8aba690a2.e3iSbxaKaheRe3qKcheMbNuKc41ynknvrkLOlQzNp65In0 HTTP/1.1" 200 2
172.22.2.4 - - [06/Feb/2024:00:22:08 -0500] "GET /BLA/boletinlegal/ HTTP/1.1" 200 61047
66.249.77.9 - - [06/Feb/2024:00:23:57 -0500] "GET /BLA/resoluciones/Autos%202008/2573.pdf HTTP/1.1" 200 99682
201.245.192.253 - - [06/Feb/2024:00:24:39 -0500] "POST /forms/lservlet;jsessionid=ac16012b30d6dc1b97c5c24a42a7b28484f9d3a86ecf.e3iSbxaKaheRe3qKcheMbNuKc41ynknvrkLOlQzNp65In0 HTTP/1.1" 200 2
201.245.192.253 - - [06/Feb/2024:00:25:10 -0500] "POST /forms/lservlet;jsessionid=ac16012b30d629257b7236c7411e84d9b4a8aba690a2.e3iSbxaKaheRe3qKcheMbNuKc41ynknvrkLOlQzNp65In0 HTTP/1.1" 200 2
216.245.221.92 - - [06/Feb/2024:00:25:38 -0500] "HEAD / HTTP/1.1" 200 -
66.249.77.8 - - [06/Feb/2024:00:26:29 -0500] "GET /BLA/resoluciones/RESOLUCIONES%202011/3772.pdf HTTP/1.1" 200 688124
201.245.192.253 - - [06/Feb/2024:00:26:39 -0500] "POST /forms/lservlet;jsessionid=ac16012b30d6dc1b97c5c24a42a7b28484f9d3a86ecf.e3iSbxaKaheRe3qKcheMbNuKc41ynknvrkLOlQzNp65In0 HTTP/1.1" 200 2
201.245.192.253 - - [06/Feb/2024:00:27:03 -0500] "POST /kwsrmcab/Wsrmcab  HTTP/1.1" 200 213
201.245.192.253 - - [06/Feb/2024:00:27:10 -0500] "POST /forms/lservlet;jsessionid=ac16012b30d629257b7236c7411e84d9b4a8aba690a2.e3iSbxaKaheRe3qKcheMbNuKc41ynknvrkLOlQzNp65In0 HTTP/1.1" 200 2
17.241.227.226 - - [06/Feb/2024:00:27:36 -0500] "GET /secretaria-de-ambiente-instalo-la-primera-etiqueta-vehicular-ambiental-eva-en-un-auto-particular-de-bogota.html HTTP/1.1" 200 945
201.245.192.253 - - [06/Feb/2024:00:28:39 -0500] "POST /forms/lservlet;jsessionid=ac16012b30d6dc1b97c5c24a42a7b28484f9d3a86ecf.e3iSbxaKaheRe3qKcheMbNuKc41ynknvrkLOlQzNp65In0 HTTP/1.1" 200 2
172.22.2.4 - - [06/Feb/2024:00:27:07 -0500] "HEAD /BLA/boletinlegal/ HTTP/1.1" 200 -
201.245.192.253 - - [06/Feb/2024:00:29:10 -0500] "POST /forms/lservlet;jsessionid=ac16012b30d629257b7236c7411e84d9b4a8aba690a2.e3iSbxaKaheRe3qKcheMbNuKc41ynknvrkLOlQzNp65In0 HTTP/1.1" 200 2
172.22.2.4 - - [06/Feb/2024:00:27:58 -0500] "GET /BLA/boletinlegal/ HTTP/1.1" 200 58684
201.245.192.253 - - [06/Feb/2024:00:29:51 -0500] "POST /kwsrmcab/Wsrmcab  HTTP/1.1" 200 37396
201.245.192.253 - - [06/Feb/2024:00:30:00 -0500] "POST /kwsrmcab/Wsrmcab HTTP/1.1" 200 40077
201.245.192.253 - - [06/Feb/2024:00:30:03 -0500] "POST /kwsrmcab/Wsrmcab HTTP/1.1" 200 37258
201.245.192.253 - - [06/Feb/2024:00:30:10 -0500] "POST /kwsrmcab/Wsrmcab HTTP/1.1" 200 36924
216.245.221.92 - - [06/Feb/2024:00:30:38 -0500] "HEAD / HTTP/1.1" 200 -
201.245.192.253 - - [06/Feb/2024:00:30:39 -0500] "POST /forms/lservlet;jsessionid=ac16012b30d6dc1b97c5c24a42a7b28484f9d3a86ecf.e3iSbxaKaheRe3qKcheMbNuKc41ynknvrkLOlQzNp65In0 HTTP/1.1" 200 2
201.245.192.253 - - [06/Feb/2024:00:31:06 -0500] "POST /kwsrmcab/Wsrmcab HTTP/1.1" 200 37258
201.245.192.253 - - [06/Feb/2024:00:31:10 -0500] "POST /forms/lservlet;jsessionid=ac16012b30d629257b7236c7411e84d9b4a8aba690a2.e3iSbxaKaheRe3qKcheMbNuKc41ynknvrkLOlQzNp65In0 HTTP/1.1" 200 2
201.245.192.253 - - [06/Feb/2024:00:32:39 -0500] "POST /forms/lservlet;jsessionid=ac16012b30d6dc1b97c5c24a42a7b28484f9d3a86ecf.e3iSbxaKaheRe3qKcheMbNuKc41ynknvrkLOlQzNp65In0 HTTP/1.1" 200 2
201.245.192.253 - - [06/Feb/2024:00:33:10 -0500] "POST /forms/lservlet;jsessionid=ac16012b30d629257b7236c7411e84d9b4a8aba690a2.e3iSbxaKaheRe3qKcheMbNuKc41ynknvrkLOlQzNp65In0 HTTP/1.1" 200 2
172.22.2.4 - - [06/Feb/2024:00:32:57 -0500] "HEAD /BLA/boletinlegal/ HTTP/1.1" 200 -
201.245.192.253 - - [06/Feb/2024:00:34:39 -0500] "POST /forms/lservlet;jsessionid=ac16012b30d6dc1b97c5c24a42a7b28484f9d3a86ecf.e3iSbxaKaheRe3qKcheMbNuKc41ynknvrkLOlQzNp65In0 HTTP/1.1" 200 2
201.245.192.253 - - [06/Feb/2024:00:34:52 -0500] "POST /kwsrmcab/Wsrmcab  HTTP/1.1" 200 37396
201.245.192.253 - - [06/Feb/2024:00:35:10 -0500] "POST /forms/lservlet;jsessionid=ac16012b30d629257b7236c7411e84d9b4a8aba690a2.e3iSbxaKaheRe3qKcheMbNuKc41ynknvrkLOlQzNp65In0 HTTP/1.1" 200 2
172.22.2.4 - - [06/Feb/2024:00:33:48 -0500] "GET /BLA/boletinlegal/ HTTP/1.1" 200 61047
216.245.221.92 - - [06/Feb/2024:00:35:38 -0500] "HEAD / HTTP/1.1" 200 -
201.245.192.253 - - [06/Feb/2024:00:36:39 -0500] "POST /forms/lservlet;jsessionid=ac16012b30d6dc1b97c5c24a42a7b28484f9d3a86ecf.e3iSbxaKaheRe3qKcheMbNuKc41ynknvrkLOlQzNp65In0 HTTP/1.1" 200 2
66.249.77.8 - - [06/Feb/2024:00:36:58 -0500] "GET /portel_dama/libreria/php/2006/restauracion/22_proye/xtras_in/3a.pdf HTTP/1.1" 404 1018
201.245.192.253 - - [06/Feb/2024:00:37:13 -0500] "POST /forms/lservlet;jsessionid=ac16012b30d629257b7236c7411e84d9b4a8aba690a2.e3iSbxaKaheRe3qKcheMbNuKc41ynknvrkLOlQzNp65In0 HTTP/1.1" 200 2
201.245.192.253 - - [06/Feb/2024:00:38:39 -0500] "POST /forms/lservlet;jsessionid=ac16012b30d6dc1b97c5c24a42a7b28484f9d3a86ecf.e3iSbxaKaheRe3qKcheMbNuKc41ynknvrkLOlQzNp65In0 HTTP/1.1" 200 2
201.245.192.253 - - [06/Feb/2024:00:39:13 -0500] "POST /forms/lservlet;jsessionid=ac16012b30d629257b7236c7411e84d9b4a8aba690a2.e3iSbxaKaheRe3qKcheMbNuKc41ynknvrkLOlQzNp65In0 HTTP/1.1" 200 2
201.245.192.253 - - [06/Feb/2024:00:39:51 -0500] "POST /kwsrmcab/Wsrmcab  HTTP/1.1" 200 37396
201.245.192.253 - - [06/Feb/2024:00:40:00 -0500] "POST /kwsrmcab/Wsrmcab HTTP/1.1" 200 40077
201.245.192.253 - - [06/Feb/2024:00:40:05 -0500] "POST /kwsrmcab/Wsrmcab HTTP/1.1" 200 37258
201.245.192.253 - - [06/Feb/2024:00:40:10 -0500] "POST /kwsrmcab/Wsrmcab HTTP/1.1" 200 36924
172.22.2.4 - - [06/Feb/2024:00:38:47 -0500] "HEAD /BLA/boletinlegal/ HTTP/1.1" 200 -
216.245.221.92 - - [06/Feb/2024:00:40:38 -0500] "HEAD / HTTP/1.1" 200 -
201.245.192.253 - - [06/Feb/2024:00:40:39 -0500] "POST /forms/lservlet;jsessionid=ac16012b30d6dc1b97c5c24a42a7b28484f9d3a86ecf.e3iSbxaKaheRe3qKcheMbNuKc41ynknvrkLOlQzNp65In0 HTTP/1.1" 200 2
172.22.2.4 - - [06/Feb/2024:00:40:57 -0500] "GET /BLA/boletinlegal/robots.txt HTTP/1.1" 404 1038
172.22.2.4 - - [06/Feb/2024:00:40:59 -0500] "GET /BLA/boletinlegal/Circulares/2022/CIRCULAR%20No.%2000004%20DEL%2019%20DE%20MAYO%20DEL%202022.pdf HTTP/1.1" 200 252981
92.223.85.153 - - [06/Feb/2024:00:41:07 -0500] "GET /wp-content/plugins/wp-task-agent/scheduler.php HTTP/1.1" 404 1022
201.245.192.253 - - [06/Feb/2024:00:41:05 -0500] "POST /kwsrmcab/Wsrmcab HTTP/1.1" 200 37258
201.245.192.253 - - [06/Feb/2024:00:41:13 -0500] "POST /forms/lservlet;jsessionid=ac16012b30d629257b7236c7411e84d9b4a8aba690a2.e3iSbxaKaheRe3qKcheMbNuKc41ynknvrkLOlQzNp65In0 HTTP/1.1" 200 2
172.22.2.4 - - [06/Feb/2024:00:41:16 -0500] "GET /BLA/boletinlegal/Directivas/2011/Directiva%20No.%201%20del%205%20de%20Abril%20de%202011.pdf HTTP/1.1" 200 971292
157.55.39.48 - - [06/Feb/2024:00:41:17 -0500] "GET /Publicaciones/2023EE213097.pdf HTTP/1.1" 404 228
172.22.2.4 - - [06/Feb/2024:00:39:38 -0500] "GET /BLA/boletinlegal/ HTTP/1.1" 200 58310
66.249.66.38 - - [06/Feb/2024:00:41:24 -0500] "GET /condiciones-meteorologicas-y-reduccion-de-concentracion-de-contaminantes-permiten-levantar-alerta-por-calidad HTTP/1.1" 404 1034
92.223.85.153 - - [06/Feb/2024:00:41:44 -0500] "GET /wp-content/ksHGf.php HTTP/1.1" 404 1022
172.22.2.4 - - [06/Feb/2024:00:42:09 -0500] "GET /BLA/boletinlegal/Circulares/2022/CIRCULAR%20No.%2000003%20DEL%2007%20DE%20MARZO%20DEL%202022.pdf HTTP/1.1" 200 311468
172.22.2.4 - - [06/Feb/2024:00:42:16 -0500] "GET /BLA/boletinlegal/Circulares/2013/Circular%20No.%205%20del%2013%20de%20junio%20de%202013.pdf HTTP/1.1" 200 110904
172.22.2.4 - - [06/Feb/2024:00:42:22 -0500] "GET /BLA/boletinlegal/Circulares/2023/CIRCULAR%20No.%2000002%20DEL%2020%20DE%20FEBRERO%20DEL%202023.pdf HTTP/1.1" 200 333231
172.22.2.4 - - [06/Feb/2024:00:42:03 -0500] "GET /BLA/boletinlegal/ HTTP/1.1" 200 24523
201.245.192.253 - - [06/Feb/2024:00:42:39 -0500] "POST /forms/lservlet;jsessionid=ac16012b30d6dc1b97c5c24a42a7b28484f9d3a86ecf.e3iSbxaKaheRe3qKcheMbNuKc41ynknvrkLOlQzNp65In0 HTTP/1.1" 200 2
201.245.192.253 - - [06/Feb/2024:00:43:13 -0500] "POST /forms/lservlet;jsessionid=ac16012b30d629257b7236c7411e84d9b4a8aba690a2.e3iSbxaKaheRe3qKcheMbNuKc41ynknvrkLOlQzNp65In0 HTTP/1.1" 200 2
172.22.2.4 - - [06/Feb/2024:00:44:26 -0500] "GET /BLA/boletinlegal/Circulares/2019/Circular%20No.%200015%20del%2003%20de%20Octubre%20de%202019.pdf HTTP/1.1" 200 165608
172.22.2.4 - - [06/Feb/2024:00:44:28 -0500] "GET /BLA/boletinlegal/Circulares/2019/Circular%20No.%200005%20del%2020%20de%20Marzo%20de%202019.pdf HTTP/1.1" 200 159877
201.245.192.253 - - [06/Feb/2024:00:44:39 -0500] "POST /forms/lservlet;jsessionid=ac16012b30d6dc1b97c5c24a42a7b28484f9d3a86ecf.e3iSbxaKaheRe3qKcheMbNuKc41ynknvrkLOlQzNp65In0 HTTP/1.1" 200 2
201.245.192.253 - - [06/Feb/2024:00:44:49 -0500] "POST /kwsrmcab/Wsrmcab  HTTP/1.1" 200 37396
201.245.192.253 - - [06/Feb/2024:00:45:22 -0500] "POST /forms/lservlet;jsessionid=ac16012b30d629257b7236c7411e84d9b4a8aba690a2.e3iSbxaKaheRe3qKcheMbNuKc41ynknvrkLOlQzNp65In0 HTTP/1.1" 200 2
172.22.2.4 - - [06/Feb/2024:00:45:33 -0500] "GET /BLA/boletinlegal/Circulares/2015/Circular%20No.%202%20del%201%20de%20julio%20de%202015.pdf HTTP/1.1" 200 752890
216.245.221.92 - - [06/Feb/2024:00:45:38 -0500] "HEAD / HTTP/1.1" 200 -
172.22.2.4 - - [06/Feb/2024:00:44:37 -0500] "HEAD /BLA/boletinlegal/ HTTP/1.1" 200 -
172.22.2.4 - - [06/Feb/2024:00:46:22 -0500] "GET /BLA/boletinlegal/Circulares/2012/Circular%20No.%206%20del%2025%20de%20Mayo%20de%202012.pdf HTTP/1.1" 200 387391
201.245.192.253 - - [06/Feb/2024:00:46:39 -0500] "POST /forms/lservlet;jsessionid=ac16012b30d6dc1b97c5c24a42a7b28484f9d3a86ecf.e3iSbxaKaheRe3qKcheMbNuKc41ynknvrkLOlQzNp65In0 HTTP/1.1" 200 2
172.22.2.4 - - [06/Feb/2024:00:45:28 -0500] "GET /BLA/boletinlegal/ HTTP/1.1" 200 60683
201.245.192.253 - - [06/Feb/2024:00:47:22 -0500] "POST /forms/lservlet;jsessionid=ac16012b30d629257b7236c7411e84d9b4a8aba690a2.e3iSbxaKaheRe3qKcheMbNuKc41ynknvrkLOlQzNp65In0 HTTP/1.1" 200 2
201.245.192.253 - - [06/Feb/2024:00:48:39 -0500] "POST /forms/lservlet;jsessionid=ac16012b30d6dc1b97c5c24a42a7b28484f9d3a86ecf.e3iSbxaKaheRe3qKcheMbNuKc41ynknvrkLOlQzNp65In0 HTTP/1.1" 200 2
201.245.192.253 - - [06/Feb/2024:00:49:22 -0500] "POST /forms/lservlet;jsessionid=ac16012b30d629257b7236c7411e84d9b4a8aba690a2.e3iSbxaKaheRe3qKcheMbNuKc41ynknvrkLOlQzNp65In0 HTTP/1.1" 200 2
201.245.192.253 - - [06/Feb/2024:00:49:49 -0500] "POST /kwsrmcab/Wsrmcab  HTTP/1.1" 200 37396
216.245.221.92 - - [06/Feb/2024:00:50:38 -0500] "HEAD / HTTP/1.1" 200 -
201.245.192.253 - - [06/Feb/2024:00:50:39 -0500] "POST /forms/lservlet;jsessionid=ac16012b30d6dc1b97c5c24a42a7b28484f9d3a86ecf.e3iSbxaKaheRe3qKcheMbNuKc41ynknvrkLOlQzNp65In0 HTTP/1.1" 200 2
157.55.39.9 - - [06/Feb/2024:00:51:09 -0500] "GET /senderos-en-los-cerros-orientales-cerrados-temporalmente-por-incendios-forestales.html HTTP/1.1" 200 991
201.245.192.253 - - [06/Feb/2024:00:51:22 -0500] "POST /forms/lservlet;jsessionid=ac16012b30d629257b7236c7411e84d9b4a8aba690a2.e3iSbxaKaheRe3qKcheMbNuKc41ynknvrkLOlQzNp65In0 HTTP/1.1" 200 2
157.55.39.52 - - [06/Feb/2024:00:51:28 -0500] "GET /sipse/faces/presentacion/sistema/anexos/cargarAnexoSolicitudProceso.xhtml HTTP/1.1" 302 -
186.155.149.178 - - [06/Feb/2024:00:51:28 -0500] "GET /sipse/faces/javax.faces.resource/theme.css?ln=primefaces-sipse HTTP/1.1" 304 -
186.155.149.178 - - [06/Feb/2024:00:51:28 -0500] "GET /sipse/faces/javax.faces.resource/primefaces.css?ln=primefaces&v=4.0 HTTP/1.1" 304 -
186.155.149.178 - - [06/Feb/2024:00:51:28 -0500] "GET /sipse/faces/javax.faces.resource/layout/layout.css?ln=primefaces&v=4.0 HTTP/1.1" 304 -
186.155.149.178 - - [06/Feb/2024:00:51:28 -0500] "GET /sipse/faces/javax.faces.resource/jquery/jquery.js?ln=primefaces&v=4.0 HTTP/1.1" 304 -
186.155.149.178 - - [06/Feb/2024:00:51:28 -0500] "GET /sipse/faces/javax.faces.resource/jquery/jquery-plugins.js?ln=primefaces&v=4.0 HTTP/1.1" 304 -
186.155.149.178 - - [06/Feb/2024:00:51:28 -0500] "POST /sipse/faces/presentacion/financiero/solicitudProceso/consultarSolicitudProceso.xhtml HTTP/1.1" 200 194905
186.155.149.178 - - [06/Feb/2024:00:51:28 -0500] "GET /sipse/faces/javax.faces.resource/primefaces.js?ln=primefaces&v=4.0 HTTP/1.1" 304 -
186.155.149.178 - - [06/Feb/2024:00:51:28 -0500] "GET /sipse/faces/javax.faces.resource/layout/layout.js?ln=primefaces&v=4.0 HTTP/1.1" 304 -
186.155.149.178 - - [06/Feb/2024:00:51:29 -0500] "GET /sipse/faces/javax.faces.resource/images/ui-icons_898989_256x240.png?ln=primefaces-aristo HTTP/1.1" 304 -
186.155.149.178 - - [06/Feb/2024:00:51:29 -0500] "GET /sipse/css/imagen/contrasena.png HTTP/1.1" 404 383
157.55.39.52 - - [06/Feb/2024:00:51:29 -0500] "GET /sipse/faces/autenticacion.xhtml HTTP/1.1" 200 12403
186.155.149.178 - - [06/Feb/2024:00:51:31 -0500] "GET /sipse/faces/javax.faces.resource/dynamiccontent.properties?ln=primefaces&pfdrid=XjOR5%2F%2FfPAZAuY9TpWQeCiM0BhlXxYRBGKi%2FQcXXfeA%3D&pfdrid_c=false HTTP/1.1" 500 383
186.155.149.178 - - [06/Feb/2024:00:51:33 -0500] "GET /sipse/faces/javax.faces.resource/images/ui-bg_flat_0_2d5972_40x100.png?ln=primefaces-aristo HTTP/1.1" 304 -
186.155.149.178 - - [06/Feb/2024:00:51:33 -0500] "POST /sipse/faces/presentacion/financiero/solicitudProceso/consultarSolicitudProceso.xhtml HTTP/1.1" 200 34990
186.155.149.178 - - [06/Feb/2024:00:51:35 -0500] "GET /sipse/faces/javax.faces.resource/theme.css?ln=primefaces-sipse HTTP/1.1" 304 -
186.155.149.178 - - [06/Feb/2024:00:51:35 -0500] "GET /sipse/faces/javax.faces.resource/primefaces.css?ln=primefaces&v=4.0 HTTP/1.1" 304 -
186.155.149.178 - - [06/Feb/2024:00:51:35 -0500] "GET /sipse/faces/javax.faces.resource/layout/layout.css?ln=primefaces&v=4.0 HTTP/1.1" 304 -
186.155.149.178 - - [06/Feb/2024:00:51:35 -0500] "GET /sipse/faces/javax.faces.resource/jquery/jquery.js?ln=primefaces&v=4.0 HTTP/1.1" 304 -
186.155.149.178 - - [06/Feb/2024:00:51:35 -0500] "GET /sipse/faces/javax.faces.resource/jquery/jquery-plugins.js?ln=primefaces&v=4.0 HTTP/1.1" 304 -
186.155.149.178 - - [06/Feb/2024:00:51:36 -0500] "GET /sipse/faces/javax.faces.resource/primefaces.js?ln=primefaces&v=4.0 HTTP/1.1" 304 -
186.155.149.178 - - [06/Feb/2024:00:51:36 -0500] "GET /sipse/faces/javax.faces.resource/layout/layout.js?ln=primefaces&v=4.0 HTTP/1.1" 304 -
186.155.149.178 - - [06/Feb/2024:00:51:36 -0500] "GET /sipse/faces/javax.faces.resource/messages/messages.png?ln=primefaces&v=4.0 HTTP/1.1" 304 -
186.155.149.178 - - [06/Feb/2024:00:51:36 -0500] "POST /sipse/faces/presentacion/financiero/solicitudProceso/listarSolicitudProceso.xhtml HTTP/1.1" 200 1396
186.155.149.178 - - [06/Feb/2024:00:51:38 -0500] "POST /sipse/faces/presentacion/financiero/solicitudProceso/listarSolicitudProceso.xhtml HTTP/1.1" 200 31979
186.155.149.178 - - [06/Feb/2024:00:51:38 -0500] "POST /sipse/faces/presentacion/financiero/solicitudProceso/listarSolicitudProceso.xhtml HTTP/1.1" 200 43799
186.155.149.178 - - [06/Feb/2024:00:51:41 -0500] "POST /sipse/faces/presentacion/financiero/solicitudProceso/listarSolicitudProceso.xhtml HTTP/1.1" 200 4975
186.155.149.178 - - [06/Feb/2024:00:51:45 -0500] "POST /sipse/faces/presentacion/financiero/solicitudProceso/listarSolicitudProceso.xhtml HTTP/1.1" 200 146100
186.155.149.178 - - [06/Feb/2024:00:51:46 -0500] "GET /sipse/faces/javax.faces.resource/layout/layout.css?ln=primefaces&v=4.0 HTTP/1.1" 304 -
186.155.149.178 - - [06/Feb/2024:00:51:46 -0500] "GET /sipse/faces/javax.faces.resource/theme.css?ln=primefaces-sipse HTTP/1.1" 304 -
186.155.149.178 - - [06/Feb/2024:00:51:46 -0500] "GET /sipse/faces/javax.faces.resource/primefaces.css?ln=primefaces&v=4.0 HTTP/1.1" 304 -
186.155.149.178 - - [06/Feb/2024:00:51:46 -0500] "GET /sipse/faces/javax.faces.resource/jquery/jquery.js?ln=primefaces&v=4.0 HTTP/1.1" 304 -
186.155.149.178 - - [06/Feb/2024:00:51:47 -0500] "GET /sipse/faces/javax.faces.resource/jquery/jquery-plugins.js?ln=primefaces&v=4.0 HTTP/1.1" 304 -
186.155.149.178 - - [06/Feb/2024:00:51:47 -0500] "GET /sipse/faces/javax.faces.resource/primefaces.js?ln=primefaces&v=4.0 HTTP/1.1" 304 -
186.155.149.178 - - [06/Feb/2024:00:51:47 -0500] "GET /sipse/faces/javax.faces.resource/layout/layout.js?ln=primefaces&v=4.0 HTTP/1.1" 304 -
186.155.149.178 - - [06/Feb/2024:00:51:48 -0500] "GET /sipse/faces/javax.faces.resource/dynamiccontent.properties?ln=primefaces&pfdrid=XjOR5%2F%2FfPAZAuY9TpWQeCiM0BhlXxYRBGKi%2FQcXXfeA%3D&pfdrid_c=false HTTP/1.1" 500 383
186.155.149.178 - - [06/Feb/2024:00:51:50 -0500] "POST /sipse/faces/presentacion/financiero/solicitudProceso/consultarSolicitudProceso.xhtml HTTP/1.1" 200 19316
186.155.149.178 - - [06/Feb/2024:00:51:50 -0500] "GET /sipse/faces/javax.faces.resource/fileupload/fileupload.css?ln=primefaces&v=4.0 HTTP/1.1" 200 1330
186.155.149.178 - - [06/Feb/2024:00:51:50 -0500] "GET /sipse/faces/javax.faces.resource/theme.css?ln=primefaces-sipse HTTP/1.1" 304 -
186.155.149.178 - - [06/Feb/2024:00:51:50 -0500] "GET /sipse/faces/javax.faces.resource/jquery/jquery.js?ln=primefaces&v=4.0 HTTP/1.1" 304 -
186.155.149.178 - - [06/Feb/2024:00:51:50 -0500] "GET /sipse/faces/javax.faces.resource/primefaces.css?ln=primefaces&v=4.0 HTTP/1.1" 304 -
186.155.149.178 - - [06/Feb/2024:00:51:50 -0500] "GET /sipse/faces/javax.faces.resource/layout/layout.css?ln=primefaces&v=4.0 HTTP/1.1" 304 -
186.155.149.178 - - [06/Feb/2024:00:51:50 -0500] "GET /sipse/faces/javax.faces.resource/jquery/jquery-plugins.js?ln=primefaces&v=4.0 HTTP/1.1" 304 -
186.155.149.178 - - [06/Feb/2024:00:51:50 -0500] "GET /sipse/faces/javax.faces.resource/primefaces.js?ln=primefaces&v=4.0 HTTP/1.1" 304 -
186.155.149.178 - - [06/Feb/2024:00:51:50 -0500] "GET /sipse/faces/javax.faces.resource/layout/layout.js?ln=primefaces&v=4.0 HTTP/1.1" 304 -
186.155.149.178 - - [06/Feb/2024:00:51:50 -0500] "GET /sipse/faces/javax.faces.resource/fileupload/fileupload.js?ln=primefaces&v=4.0 HTTP/1.1" 200 28091
172.22.2.4 - - [06/Feb/2024:00:50:27 -0500] "HEAD /BLA/boletinlegal/ HTTP/1.1" 200 -
186.155.149.178 - - [06/Feb/2024:00:52:24 -0500] "GET /sipse/faces/javax.faces.resource/theme.css?ln=primefaces-sipse HTTP/1.1" 304 -
186.155.149.178 - - [06/Feb/2024:00:52:24 -0500] "GET /sipse/faces/javax.faces.resource/primefaces.css?ln=primefaces&v=4.0 HTTP/1.1" 304 -
186.155.149.178 - - [06/Feb/2024:00:52:24 -0500] "GET /sipse/faces/javax.faces.resource/jquery/jquery.js?ln=primefaces&v=4.0 HTTP/1.1" 304 -
186.155.149.178 - - [06/Feb/2024:00:52:24 -0500] "GET /sipse/faces/javax.faces.resource/layout/layout.css?ln=primefaces&v=4.0 HTTP/1.1" 304 -
186.155.149.178 - - [06/Feb/2024:00:52:24 -0500] "GET /sipse/faces/javax.faces.resource/jquery/jquery-plugins.js?ln=primefaces&v=4.0 HTTP/1.1" 304 -
186.155.149.178 - - [06/Feb/2024:00:52:24 -0500] "GET /sipse/faces/javax.faces.resource/primefaces.js?ln=primefaces&v=4.0 HTTP/1.1" 304 -
186.155.149.178 - - [06/Feb/2024:00:52:24 -0500] "GET /sipse/faces/javax.faces.resource/layout/layout.js?ln=primefaces&v=4.0 HTTP/1.1" 304 -
186.155.149.178 - - [06/Feb/2024:00:52:23 -0500] "POST /sipse/faces/presentacion/sistema/anexos/cargarAnexoSolicitudProceso.xhtml HTTP/1.1" 200 193668
186.155.149.178 - - [06/Feb/2024:00:52:27 -0500] "GET /sipse/faces/javax.faces.resource/dynamiccontent.properties?ln=primefaces&pfdrid=XjOR5%2F%2FfPAZAuY9TpWQeCiM0BhlXxYRBGKi%2FQcXXfeA%3D&pfdrid_c=false HTTP/1.1" 500 383
186.155.149.178 - - [06/Feb/2024:00:52:29 -0500] "POST /sipse/faces/presentacion/financiero/solicitudProceso/consultarSolicitudProceso.xhtml HTTP/1.1" 200 34954
186.155.149.178 - - [06/Feb/2024:00:52:31 -0500] "GET /sipse/faces/javax.faces.resource/theme.css?ln=primefaces-sipse HTTP/1.1" 304 -
186.155.149.178 - - [06/Feb/2024:00:52:31 -0500] "GET /sipse/faces/javax.faces.resource/layout/layout.css?ln=primefaces&v=4.0 HTTP/1.1" 304 -
186.155.149.178 - - [06/Feb/2024:00:52:31 -0500] "GET /sipse/faces/javax.faces.resource/primefaces.css?ln=primefaces&v=4.0 HTTP/1.1" 304 -
186.155.149.178 - - [06/Feb/2024:00:52:31 -0500] "GET /sipse/faces/javax.faces.resource/jquery/jquery.js?ln=primefaces&v=4.0 HTTP/1.1" 304 -
186.155.149.178 - - [06/Feb/2024:00:52:31 -0500] "GET /sipse/faces/javax.faces.resource/jquery/jquery-plugins.js?ln=primefaces&v=4.0 HTTP/1.1" 304 -
186.155.149.178 - - [06/Feb/2024:00:52:31 -0500] "GET /sipse/faces/javax.faces.resource/primefaces.js?ln=primefaces&v=4.0 HTTP/1.1" 304 -
186.155.149.178 - - [06/Feb/2024:00:52:31 -0500] "GET /sipse/faces/javax.faces.resource/layout/layout.js?ln=primefaces&v=4.0 HTTP/1.1" 304 -
186.155.149.178 - - [06/Feb/2024:00:52:31 -0500] "POST /sipse/faces/presentacion/financiero/solicitudProceso/listarSolicitudProceso.xhtml HTTP/1.1" 200 1396
186.155.149.178 - - [06/Feb/2024:00:52:34 -0500] "POST /sipse/faces/presentacion/financiero/solicitudProceso/listarSolicitudProceso.xhtml HTTP/1.1" 200 31933
201.245.192.253 - - [06/Feb/2024:00:52:39 -0500] "POST /forms/lservlet;jsessionid=ac16012b30d6dc1b97c5c24a42a7b28484f9d3a86ecf.e3iSbxaKaheRe3qKcheMbNuKc41ynknvrkLOlQzNp65In0 HTTP/1.1" 200 2
186.155.149.178 - - [06/Feb/2024:00:52:40 -0500] "POST /sipse/faces/presentacion/financiero/solicitudProceso/listarSolicitudProceso.xhtml HTTP/1.1" 200 4846
186.155.149.178 - - [06/Feb/2024:00:52:45 -0500] "POST /sipse/faces/presentacion/financiero/solicitudProceso/listarSolicitudProceso.xhtml HTTP/1.1" 200 31879
172.22.2.4 - - [06/Feb/2024:00:51:18 -0500] "GET /BLA/boletinlegal/ HTTP/1.1" 200 59568
186.155.149.178 - - [06/Feb/2024:00:53:18 -0500] "POST /sipse/faces/presentacion/financiero/solicitudProceso/listarSolicitudProceso.xhtml HTTP/1.1" 200 4914
186.155.149.178 - - [06/Feb/2024:00:53:21 -0500] "POST /sipse/faces/presentacion/financiero/solicitudProceso/listarSolicitudProceso.xhtml HTTP/1.1" 200 134956
186.155.149.178 - - [06/Feb/2024:00:53:22 -0500] "GET /sipse/faces/javax.faces.resource/theme.css?ln=primefaces-sipse HTTP/1.1" 304 -
186.155.149.178 - - [06/Feb/2024:00:53:22 -0500] "GET /sipse/faces/javax.faces.resource/layout/layout.css?ln=primefaces&v=4.0 HTTP/1.1" 304 -
186.155.149.178 - - [06/Feb/2024:00:53:22 -0500] "GET /sipse/faces/javax.faces.resource/primefaces.css?ln=primefaces&v=4.0 HTTP/1.1" 304 -
186.155.149.178 - - [06/Feb/2024:00:53:22 -0500] "GET /sipse/faces/javax.faces.resource/jquery/jquery.js?ln=primefaces&v=4.0 HTTP/1.1" 304 -
186.155.149.178 - - [06/Feb/2024:00:53:22 -0500] "GET /sipse/faces/javax.faces.resource/jquery/jquery-plugins.js?ln=primefaces&v=4.0 HTTP/1.1" 304 -
186.155.149.178 - - [06/Feb/2024:00:53:22 -0500] "GET /sipse/faces/javax.faces.resource/primefaces.js?ln=primefaces&v=4.0 HTTP/1.1" 304 -
186.155.149.178 - - [06/Feb/2024:00:53:22 -0500] "GET /sipse/faces/javax.faces.resource/layout/layout.js?ln=primefaces&v=4.0 HTTP/1.1" 304 -
201.245.192.253 - - [06/Feb/2024:00:53:22 -0500] "POST /forms/lservlet;jsessionid=ac16012b30d629257b7236c7411e84d9b4a8aba690a2.e3iSbxaKaheRe3qKcheMbNuKc41ynknvrkLOlQzNp65In0 HTTP/1.1" 200 2
186.155.149.178 - - [06/Feb/2024:00:53:23 -0500] "GET /sipse/faces/javax.faces.resource/dynamiccontent.properties?ln=primefaces&pfdrid=XjOR5%2F%2FfPAZAuY9TpWQeCiM0BhlXxYRBGKi%2FQcXXfeA%3D&pfdrid_c=false HTTP/1.1" 500 383
159.69.179.16 - - [06/Feb/2024:00:53:52 -0500] "GET / HTTP/1.1" 200 4720
186.155.149.178 - - [06/Feb/2024:00:54:23 -0500] "POST /sipse/faces/presentacion/financiero/solicitudProceso/consultarSolicitudProceso.xhtml HTTP/1.1" 200 74596
186.155.149.178 - - [06/Feb/2024:00:54:33 -0500] "POST /sipse/faces/presentacion/financiero/solicitudProceso/consultarSolicitudProceso.xhtml HTTP/1.1" 200 137436
186.155.149.178 - - [06/Feb/2024:00:54:37 -0500] "POST /sipse/faces/presentacion/financiero/solicitudProceso/consultarSolicitudProceso.xhtml HTTP/1.1" 200 2148149
201.245.192.253 - - [06/Feb/2024:00:54:39 -0500] "POST /forms/lservlet;jsessionid=ac16012b30d6dc1b97c5c24a42a7b28484f9d3a86ecf.e3iSbxaKaheRe3qKcheMbNuKc41ynknvrkLOlQzNp65In0 HTTP/1.1" 200 2
186.155.149.178 - - [06/Feb/2024:00:54:40 -0500] "POST /sipse/faces/presentacion/financiero/solicitudProceso/consultarSolicitudProceso.xhtml HTTP/1.1" 200 9442579
201.245.192.253 - - [06/Feb/2024:00:54:46 -0500] "POST /kwsrmcab/Wsrmcab  HTTP/1.1" 200 37396
186.155.149.178 - - [06/Feb/2024:00:54:55 -0500] "POST /sipse/faces/presentacion/financiero/solicitudProceso/consultarSolicitudProceso.xhtml HTTP/1.1" 200 5542
186.155.149.178 - - [06/Feb/2024:00:55:12 -0500] "POST /sipse/faces/presentacion/financiero/solicitudProceso/consultarSolicitudProceso.xhtml HTTP/1.1" 200 5557
186.155.149.178 - - [06/Feb/2024:00:55:13 -0500] "GET /sipse/faces/javax.faces.resource/dynamiccontent.properties?ln=primefaces&pfdrid=XjOR5%2F%2FfPAZAuY9TpWQeCiM0BhlXxYRBGKi%2FQcXXfeA%3D&pfdrid_c=false HTTP/1.1" 200 120507
201.245.192.253 - - [06/Feb/2024:00:55:22 -0500] "POST /forms/lservlet;jsessionid=ac16012b30d629257b7236c7411e84d9b4a8aba690a2.e3iSbxaKaheRe3qKcheMbNuKc41ynknvrkLOlQzNp65In0 HTTP/1.1" 200 2
186.155.149.178 - - [06/Feb/2024:00:55:30 -0500] "GET /sipse/faces/javax.faces.resource/images/ui-bg_flat_0_2d5972_40x100.png?ln=primefaces-aristo HTTP/1.1" 304 -
186.155.149.178 - - [06/Feb/2024:00:55:30 -0500] "POST /sipse/faces/presentacion/sistema/reporte/ventanaVerReporteParametros.xhtml HTTP/1.1" 200 33614
186.155.149.178 - - [06/Feb/2024:00:55:31 -0500] "GET /sipse/faces/javax.faces.resource/jquery/jquery.js?ln=primefaces&v=4.0 HTTP/1.1" 304 -
186.155.149.178 - - [06/Feb/2024:00:55:31 -0500] "GET /sipse/faces/javax.faces.resource/jquery/jquery-plugins.js?ln=primefaces&v=4.0 HTTP/1.1" 304 -
186.155.149.178 - - [06/Feb/2024:00:55:31 -0500] "GET /sipse/faces/javax.faces.resource/primefaces.js?ln=primefaces&v=4.0 HTTP/1.1" 304 -
186.155.149.178 - - [06/Feb/2024:00:55:31 -0500] "GET /sipse/faces/javax.faces.resource/layout/layout.js?ln=primefaces&v=4.0 HTTP/1.1" 304 -
186.155.149.178 - - [06/Feb/2024:00:55:33 -0500] "POST /sipse/faces/presentacion/sistema/reporte/listarReportes.xhtml HTTP/1.1" 200 22242
186.155.149.178 - - [06/Feb/2024:00:55:33 -0500] "GET /sipse/faces/javax.faces.resource/theme.css?ln=primefaces-sipse HTTP/1.1" 304 -
186.155.149.178 - - [06/Feb/2024:00:55:33 -0500] "GET /sipse/faces/javax.faces.resource/primefaces.css?ln=primefaces&v=4.0 HTTP/1.1" 304 -
186.155.149.178 - - [06/Feb/2024:00:55:33 -0500] "GET /sipse/faces/javax.faces.resource/layout/layout.css?ln=primefaces&v=4.0 HTTP/1.1" 304 -
186.155.149.178 - - [06/Feb/2024:00:55:33 -0500] "GET /sipse/faces/javax.faces.resource/jquery/jquery.js?ln=primefaces&v=4.0 HTTP/1.1" 304 -
186.155.149.178 - - [06/Feb/2024:00:55:33 -0500] "GET /sipse/faces/javax.faces.resource/jquery/jquery-plugins.js?ln=primefaces&v=4.0 HTTP/1.1" 304 -
186.155.149.178 - - [06/Feb/2024:00:55:33 -0500] "GET /sipse/faces/javax.faces.resource/primefaces.js?ln=primefaces&v=4.0 HTTP/1.1" 304 -
186.155.149.178 - - [06/Feb/2024:00:55:33 -0500] "GET /sipse/faces/javax.faces.resource/layout/layout.js?ln=primefaces&v=4.0 HTTP/1.1" 304 -
186.155.149.178 - - [06/Feb/2024:00:55:33 -0500] "GET /sipse/faces/javax.faces.resource/images/ui-icons_898989_256x240.png?ln=primefaces-aristo HTTP/1.1" 304 -
216.245.221.92 - - [06/Feb/2024:00:55:38 -0500] "HEAD / HTTP/1.1" 200 -
201.245.192.253 - - [06/Feb/2024:00:56:39 -0500] "POST /forms/lservlet;jsessionid=ac16012b30d6dc1b97c5c24a42a7b28484f9d3a86ecf.e3iSbxaKaheRe3qKcheMbNuKc41ynknvrkLOlQzNp65In0 HTTP/1.1" 200 2
201.245.192.253 - - [06/Feb/2024:00:57:22 -0500] "POST /forms/lservlet;jsessionid=ac16012b30d629257b7236c7411e84d9b4a8aba690a2.e3iSbxaKaheRe3qKcheMbNuKc41ynknvrkLOlQzNp65In0 HTTP/1.1" 200 2
172.22.2.4 - - [06/Feb/2024:00:56:17 -0500] "HEAD /BLA/boletinlegal/ HTTP/1.1" 200 -
201.245.192.253 - - [06/Feb/2024:00:58:39 -0500] "POST /forms/lservlet;jsessionid=ac16012b30d6dc1b97c5c24a42a7b28484f9d3a86ecf.e3iSbxaKaheRe3qKcheMbNuKc41ynknvrkLOlQzNp65In0 HTTP/1.1" 200 2
172.22.2.4 - - [06/Feb/2024:00:57:08 -0500] "GET /BLA/boletinlegal/ HTTP/1.1" 200 58684
201.245.192.253 - - [06/Feb/2024:00:59:22 -0500] "POST /forms/lservlet;jsessionid=ac16012b30d629257b7236c7411e84d9b4a8aba690a2.e3iSbxaKaheRe3qKcheMbNuKc41ynknvrkLOlQzNp65In0 HTTP/1.1" 200 2
