66.249.79.106 - - [07/Feb/2024:04:47:43 -0500] "GET /Publicaciones/2024EE06858.pdf HTTP/1.1" 404 227
201.245.192.253 - - [07/Feb/2024:04:47:52 -0500] "POST /forms/lservlet;jsessionid=ac16012b30d629257b7236c7411e84d9b4a8aba690a2.e3iSbxaKaheRe3qKcheMbNuKc41ynknvrkLOlQzNp65In0 HTTP/1.1" 200 2
216.244.66.195 - - [07/Feb/2024:04:48:29 -0500] "GET /BLA/resoluciones/AUTOS%202008/0028.pdf HTTP/1.1" 200 77689
201.245.192.253 - - [07/Feb/2024:04:48:49 -0500] "POST /forms/lservlet;jsessionid=ac16012b30d6dc1b97c5c24a42a7b28484f9d3a86ecf.e3iSbxaKaheRe3qKcheMbNuKc41ynknvrkLOlQzNp65In0 HTTP/1.1" 200 2
216.244.66.195 - - [07/Feb/2024:04:48:58 -0500] "GET /BLA/resoluciones/AUTOS%202008/0852.pdf HTTP/1.1" 200 79347
216.244.66.195 - - [07/Feb/2024:04:49:26 -0500] "GET /BLA/resoluciones/AUTOS%202008/1270.pdf HTTP/1.1" 200 95640
201.245.192.253 - - [07/Feb/2024:04:49:52 -0500] "POST /forms/lservlet;jsessionid=ac16012b30d629257b7236c7411e84d9b4a8aba690a2.e3iSbxaKaheRe3qKcheMbNuKc41ynknvrkLOlQzNp65In0 HTTP/1.1" 200 2
216.244.66.195 - - [07/Feb/2024:04:49:54 -0500] "GET /BLA/resoluciones/AUTOS%202008/1897.pdf HTTP/1.1" 200 87015
216.244.66.195 - - [07/Feb/2024:04:50:20 -0500] "GET /BLA/resoluciones/AUTOS%202014/0866.pdf HTTP/1.1" 200 1226869
216.245.221.92 - - [07/Feb/2024:04:50:34 -0500] "HEAD / HTTP/1.1" 200 -
216.244.66.195 - - [07/Feb/2024:04:50:46 -0500] "GET /BLA/resoluciones/AUTOS%202014/1080.pdf HTTP/1.1" 200 616009
201.245.192.253 - - [07/Feb/2024:04:50:49 -0500] "POST /forms/lservlet;jsessionid=ac16012b30d6dc1b97c5c24a42a7b28484f9d3a86ecf.e3iSbxaKaheRe3qKcheMbNuKc41ynknvrkLOlQzNp65In0 HTTP/1.1" 200 2
216.244.66.195 - - [07/Feb/2024:04:51:11 -0500] "GET /BLA/resoluciones/AUTOS%202015/3103.pdf HTTP/1.1" 200 383220
40.77.167.41 - - [07/Feb/2024:04:51:20 -0500] "GET /BLA/resoluciones/AUTOS%202020/1331.pdf HTTP/1.1" 304 -
216.244.66.195 - - [07/Feb/2024:04:51:34 -0500] "GET /BLA/resoluciones/AUTOS%202015/3605.pdf HTTP/1.1" 200 498816
201.245.192.253 - - [07/Feb/2024:04:51:52 -0500] "POST /forms/lservlet;jsessionid=ac16012b30d629257b7236c7411e84d9b4a8aba690a2.e3iSbxaKaheRe3qKcheMbNuKc41ynknvrkLOlQzNp65In0 HTTP/1.1" 200 2
201.245.192.253 - - [07/Feb/2024:04:51:50 -0500] "POST /kwsrmcab/Wsrmcab  HTTP/1.1" 200 37396
216.244.66.195 - - [07/Feb/2024:04:51:57 -0500] "GET /BLA/resoluciones/AUTOS%202018/3742.pdf HTTP/1.1" 200 284593
172.22.2.4 - - [07/Feb/2024:04:50:25 -0500] "HEAD /BLA/boletinlegal/ HTTP/1.1" 200 -
40.77.167.41 - - [07/Feb/2024:04:52:11 -0500] "GET /BLA/resoluciones/RESOLUCIONES%202021/4588.pdf HTTP/1.1" 304 -
216.244.66.195 - - [07/Feb/2024:04:52:21 -0500] "GET /BLA/resoluciones/AUTOS%202018/4593.pdf HTTP/1.1" 200 279677
216.244.66.195 - - [07/Feb/2024:04:52:42 -0500] "GET /BLA/resoluciones/AUTOS%202018/5338.pdf HTTP/1.1" 200 297365
201.245.192.253 - - [07/Feb/2024:04:52:49 -0500] "POST /forms/lservlet;jsessionid=ac16012b30d6dc1b97c5c24a42a7b28484f9d3a86ecf.e3iSbxaKaheRe3qKcheMbNuKc41ynknvrkLOlQzNp65In0 HTTP/1.1" 200 2
172.22.2.4 - - [07/Feb/2024:04:51:16 -0500] "GET /BLA/boletinlegal/ HTTP/1.1" 200 61047
216.244.66.195 - - [07/Feb/2024:04:53:01 -0500] "GET /BLA/resoluciones/AUTOS%202018/5854.pdf HTTP/1.1" 200 276455
216.244.66.195 - - [07/Feb/2024:04:53:20 -0500] "GET /BLA/resoluciones/AUTOS%202019/1241.pdf HTTP/1.1" 200 1586413
216.244.66.195 - - [07/Feb/2024:04:53:40 -0500] "GET /BLA/resoluciones/AUTOS%202022/1900.pdf HTTP/1.1" 200 467641
201.245.192.253 - - [07/Feb/2024:04:53:52 -0500] "POST /forms/lservlet;jsessionid=ac16012b30d629257b7236c7411e84d9b4a8aba690a2.e3iSbxaKaheRe3qKcheMbNuKc41ynknvrkLOlQzNp65In0 HTTP/1.1" 200 2
216.244.66.195 - - [07/Feb/2024:04:53:57 -0500] "GET /BLA/resoluciones/AUTOS%202022/2837.pdf HTTP/1.1" 200 1292682
216.244.66.195 - - [07/Feb/2024:04:54:14 -0500] "GET /BLA/resoluciones/AUTOS%202022/2984.pdf HTTP/1.1" 200 1519693
216.244.66.195 - - [07/Feb/2024:04:54:29 -0500] "GET /BLA/resoluciones/AUTOS%202022/2999.pdf HTTP/1.1" 200 514677
216.244.66.195 - - [07/Feb/2024:04:54:43 -0500] "GET /BLA/resoluciones/RESOLUCIONES%202009/3914.pdf HTTP/1.1" 200 418596
201.245.192.253 - - [07/Feb/2024:04:54:49 -0500] "POST /forms/lservlet;jsessionid=ac16012b30d6dc1b97c5c24a42a7b28484f9d3a86ecf.e3iSbxaKaheRe3qKcheMbNuKc41ynknvrkLOlQzNp65In0 HTTP/1.1" 200 2
216.244.66.195 - - [07/Feb/2024:04:54:55 -0500] "GET /BLA/resoluciones/RESOLUCIONES%202018/0454.pdf HTTP/1.1" 200 613635
216.244.66.195 - - [07/Feb/2024:04:55:07 -0500] "GET /BLA/resoluciones/RESOLUCIONES%202018/0849.pdf HTTP/1.1" 200 4389134
216.244.66.195 - - [07/Feb/2024:04:55:34 -0500] "GET /BLA/resoluciones/RESOLUCIONES%202018/1732.pdf HTTP/1.1" 200 3323574
216.245.221.92 - - [07/Feb/2024:04:55:34 -0500] "HEAD / HTTP/1.1" 200 -
201.245.192.253 - - [07/Feb/2024:04:55:52 -0500] "POST /forms/lservlet;jsessionid=ac16012b30d629257b7236c7411e84d9b4a8aba690a2.e3iSbxaKaheRe3qKcheMbNuKc41ynknvrkLOlQzNp65In0 HTTP/1.1" 200 2
216.244.66.195 - - [07/Feb/2024:04:56:16 -0500] "GET /BLA/resoluciones/RESOLUCIONES%202018/1824.pdf HTTP/1.1" 200 286077
216.244.66.195 - - [07/Feb/2024:04:56:47 -0500] "GET /BLA/resoluciones/RESOLUCIONES%202018/1931.PDF HTTP/1.1" 200 10628874
201.245.192.253 - - [07/Feb/2024:04:56:49 -0500] "POST /forms/lservlet;jsessionid=ac16012b30d6dc1b97c5c24a42a7b28484f9d3a86ecf.e3iSbxaKaheRe3qKcheMbNuKc41ynknvrkLOlQzNp65In0 HTTP/1.1" 200 2
201.245.192.253 - - [07/Feb/2024:04:56:48 -0500] "POST /kwsrmcab/Wsrmcab  HTTP/1.1" 200 37396
216.244.66.195 - - [07/Feb/2024:04:57:33 -0500] "GET /BLA/resoluciones/RESOLUCIONES%202018/2062.pdf HTTP/1.1" 200 283948
201.245.192.253 - - [07/Feb/2024:04:57:52 -0500] "POST /forms/lservlet;jsessionid=ac16012b30d629257b7236c7411e84d9b4a8aba690a2.e3iSbxaKaheRe3qKcheMbNuKc41ynknvrkLOlQzNp65In0 HTTP/1.1" 200 2
172.22.2.4 - - [07/Feb/2024:04:56:15 -0500] "HEAD /BLA/boletinlegal/ HTTP/1.1" 200 -
216.244.66.195 - - [07/Feb/2024:04:58:06 -0500] "GET /BLA/resoluciones/RESOLUCIONES%202018/21350.pdf HTTP/1.1" 200 360683
216.244.66.195 - - [07/Feb/2024:04:58:38 -0500] "GET /BLA/resoluciones/RESOLUCIONES%202018/2377.pdf HTTP/1.1" 200 921298
172.22.2.4 - - [07/Feb/2024:04:57:06 -0500] "GET /BLA/boletinlegal/ HTTP/1.1" 200 61047
201.245.192.253 - - [07/Feb/2024:04:58:49 -0500] "POST /forms/lservlet;jsessionid=ac16012b30d6dc1b97c5c24a42a7b28484f9d3a86ecf.e3iSbxaKaheRe3qKcheMbNuKc41ynknvrkLOlQzNp65In0 HTTP/1.1" 200 2
216.244.66.195 - - [07/Feb/2024:04:59:16 -0500] "GET /BLA/resoluciones/RESOLUCIONES%202018/2607.pdf HTTP/1.1" 200 2996899
216.244.66.195 - - [07/Feb/2024:04:59:50 -0500] "GET /BLA/resoluciones/RESOLUCIONES%202018/2940.pdf HTTP/1.1" 200 4613036
201.245.192.253 - - [07/Feb/2024:04:59:52 -0500] "POST /forms/lservlet;jsessionid=ac16012b30d629257b7236c7411e84d9b4a8aba690a2.e3iSbxaKaheRe3qKcheMbNuKc41ynknvrkLOlQzNp65In0 HTTP/1.1" 200 2
17.241.227.249 - - [07/Feb/2024:04:59:53 -0500] "GET /idu-y-jardin-botanico-alistan-arbolado-del-corredor-verde.html HTTP/1.1" 200 884
181.61.157.160 - - [07/Feb/2024:04:59:58 -0500] "GET /sipse/faces/faces/ HTTP/1.1" 302 -
181.61.157.160 - - [07/Feb/2024:04:59:58 -0500] "GET /sipse/faces/autenticacion.xhtml HTTP/1.1" 200 12407
181.61.157.160 - - [07/Feb/2024:04:59:58 -0500] "GET /sipse/css/custom_css_sg_prime_login.css HTTP/1.1" 304 -
181.61.157.160 - - [07/Feb/2024:04:59:58 -0500] "GET /sipse/faces/javax.faces.resource/layout/layout.css?ln=primefaces&v=4.0 HTTP/1.1" 304 -
181.61.157.160 - - [07/Feb/2024:04:59:58 -0500] "GET /sipse/faces/javax.faces.resource/primefaces.css?ln=primefaces&v=4.0 HTTP/1.1" 304 -
181.61.157.160 - - [07/Feb/2024:04:59:58 -0500] "GET /sipse/faces/javax.faces.resource/theme.css?ln=primefaces-sipse HTTP/1.1" 304 -
181.61.157.160 - - [07/Feb/2024:04:59:58 -0500] "GET /sipse/faces/javax.faces.resource/primefaces.js?ln=primefaces&v=4.0 HTTP/1.1" 304 -
181.61.157.160 - - [07/Feb/2024:04:59:58 -0500] "GET /sipse/faces/javax.faces.resource/jquery/jquery.js?ln=primefaces&v=4.0 HTTP/1.1" 304 -
181.61.157.160 - - [07/Feb/2024:04:59:58 -0500] "GET /sipse/faces/javax.faces.resource/jquery/jquery-plugins.js?ln=primefaces&v=4.0 HTTP/1.1" 304 -
181.61.157.160 - - [07/Feb/2024:04:59:58 -0500] "GET /sipse/faces/javax.faces.resource/layout/layout.js?ln=primefaces&v=4.0 HTTP/1.1" 304 -
181.61.157.160 - - [07/Feb/2024:04:59:58 -0500] "GET /sipse/css/imagen/loginimg.png HTTP/1.1" 304 -
181.61.157.160 - - [07/Feb/2024:04:59:58 -0500] "GET /sipse/faces/javax.faces.resource/images/ui-icons_898989_256x240.png?ln=primefaces-aristo HTTP/1.1" 304 -
181.61.157.160 - - [07/Feb/2024:04:59:58 -0500] "GET /sipse/faces/index.xhtml HTTP/1.1" 200 677
181.61.157.160 - - [07/Feb/2024:04:59:59 -0500] "GET /sipse/faces/javax.faces.resource/theme.css?ln=primefaces-sipse HTTP/1.1" 304 -
181.61.157.160 - - [07/Feb/2024:04:59:59 -0500] "GET /sipse/faces/faces/autenticacion.xhtml HTTP/1.1" 200 12407
181.61.157.160 - - [07/Feb/2024:04:59:59 -0500] "GET /sipse/faces/javax.faces.resource/theme.css?ln=primefaces-sipse HTTP/1.1" 304 -
181.61.157.160 - - [07/Feb/2024:04:59:59 -0500] "GET /sipse/faces/javax.faces.resource/primefaces.js?ln=primefaces&v=4.0 HTTP/1.1" 304 -
181.61.157.160 - - [07/Feb/2024:04:59:59 -0500] "GET /sipse/faces/javax.faces.resource/layout/layout.css?ln=primefaces&v=4.0 HTTP/1.1" 304 -
181.61.157.160 - - [07/Feb/2024:04:59:59 -0500] "GET /sipse/faces/javax.faces.resource/primefaces.css?ln=primefaces&v=4.0 HTTP/1.1" 304 -
181.61.157.160 - - [07/Feb/2024:04:59:59 -0500] "GET /sipse/faces/javax.faces.resource/jquery/jquery.js?ln=primefaces&v=4.0 HTTP/1.1" 304 -
181.61.157.160 - - [07/Feb/2024:04:59:59 -0500] "GET /sipse/faces/javax.faces.resource/jquery/jquery-plugins.js?ln=primefaces&v=4.0 HTTP/1.1" 304 -
181.61.157.160 - - [07/Feb/2024:04:59:59 -0500] "GET /sipse/faces/javax.faces.resource/layout/layout.js?ln=primefaces&v=4.0 HTTP/1.1" 304 -
181.61.157.160 - - [07/Feb/2024:05:00:02 -0500] "POST /sipse/faces/autenticacion.xhtml HTTP/1.1" 200 16169
181.61.157.160 - - [07/Feb/2024:05:00:02 -0500] "GET /sipse/faces/javax.faces.resource/theme.css?ln=primefaces-sipse HTTP/1.1" 304 -
181.61.157.160 - - [07/Feb/2024:05:00:02 -0500] "GET /sipse/faces/javax.faces.resource/primefaces.css?ln=primefaces&v=4.0 HTTP/1.1" 304 -
181.61.157.160 - - [07/Feb/2024:05:00:02 -0500] "GET /sipse/faces/javax.faces.resource/layout/layout.css?ln=primefaces&v=4.0 HTTP/1.1" 304 -
181.61.157.160 - - [07/Feb/2024:05:00:02 -0500] "GET /sipse/faces/javax.faces.resource/jquery/jquery.js?ln=primefaces&v=4.0 HTTP/1.1" 304 -
181.61.157.160 - - [07/Feb/2024:05:00:02 -0500] "GET /sipse/faces/javax.faces.resource/jquery/jquery-plugins.js?ln=primefaces&v=4.0 HTTP/1.1" 304 -
181.61.157.160 - - [07/Feb/2024:05:00:02 -0500] "GET /sipse/faces/javax.faces.resource/primefaces.js?ln=primefaces&v=4.0 HTTP/1.1" 304 -
181.61.157.160 - - [07/Feb/2024:05:00:02 -0500] "GET /sipse/faces/javax.faces.resource/layout/layout.js?ln=primefaces&v=4.0 HTTP/1.1" 304 -
181.61.157.160 - - [07/Feb/2024:05:00:02 -0500] "GET /sipse/css/v_mergente.css HTTP/1.1" 304 -
181.61.157.160 - - [07/Feb/2024:05:00:02 -0500] "GET /sipse/imagenes/logoAplicacion.jpg HTTP/1.1" 304 -
181.61.157.160 - - [07/Feb/2024:05:00:02 -0500] "GET /sipse/css/imagen/contrasena.png HTTP/1.1" 404 383
181.61.157.160 - - [07/Feb/2024:05:00:02 -0500] "GET /sipse/faces/javax.faces.resource/messages/messages.png?ln=primefaces&v=4.0 HTTP/1.1" 304 -
181.61.157.160 - - [07/Feb/2024:05:00:04 -0500] "GET /sipse/faces/javax.faces.resource/images/ui-bg_flat_0_2d5972_40x100.png?ln=primefaces-aristo HTTP/1.1" 304 -
181.61.157.160 - - [07/Feb/2024:05:00:04 -0500] "POST /sipse/faces/bienvenido.xhtml HTTP/1.1" 200 1471
181.61.157.160 - - [07/Feb/2024:05:00:05 -0500] "POST /sipse/faces/bienvenido.xhtml HTTP/1.1" 200 61306
181.61.157.160 - - [07/Feb/2024:05:00:06 -0500] "GET /sipse/faces/javax.faces.resource/theme.css?ln=primefaces-sipse HTTP/1.1" 304 -
181.61.157.160 - - [07/Feb/2024:05:00:06 -0500] "GET /sipse/faces/javax.faces.resource/layout/layout.css?ln=primefaces&v=4.0 HTTP/1.1" 304 -
181.61.157.160 - - [07/Feb/2024:05:00:06 -0500] "GET /sipse/faces/javax.faces.resource/primefaces.css?ln=primefaces&v=4.0 HTTP/1.1" 304 -
181.61.157.160 - - [07/Feb/2024:05:00:06 -0500] "GET /sipse/faces/javax.faces.resource/jquery/jquery.js?ln=primefaces&v=4.0 HTTP/1.1" 304 -
181.61.157.160 - - [07/Feb/2024:05:00:06 -0500] "GET /sipse/faces/javax.faces.resource/jquery/jquery-plugins.js?ln=primefaces&v=4.0 HTTP/1.1" 304 -
181.61.157.160 - - [07/Feb/2024:05:00:06 -0500] "GET /sipse/faces/javax.faces.resource/primefaces.js?ln=primefaces&v=4.0 HTTP/1.1" 304 -
181.61.157.160 - - [07/Feb/2024:05:00:06 -0500] "GET /sipse/faces/javax.faces.resource/layout/layout.js?ln=primefaces&v=4.0 HTTP/1.1" 304 -
181.61.157.160 - - [07/Feb/2024:05:00:07 -0500] "POST /sipse/faces/presentacion/financiero/solicitudProceso/listarSolicitudProceso.xhtml HTTP/1.1" 200 1556
181.61.157.160 - - [07/Feb/2024:05:00:10 -0500] "POST /sipse/faces/presentacion/financiero/solicitudProceso/listarSolicitudProceso.xhtml HTTP/1.1" 200 31763
181.61.157.160 - - [07/Feb/2024:05:00:13 -0500] "POST /sipse/faces/presentacion/financiero/solicitudProceso/listarSolicitudProceso.xhtml HTTP/1.1" 200 31615
181.61.157.160 - - [07/Feb/2024:05:00:19 -0500] "POST /sipse/faces/presentacion/financiero/solicitudProceso/listarSolicitudProceso.xhtml HTTP/1.1" 200 5123
181.61.157.160 - - [07/Feb/2024:05:00:25 -0500] "POST /sipse/faces/presentacion/financiero/solicitudProceso/listarSolicitudProceso.xhtml HTTP/1.1" 200 31787
216.245.221.92 - - [07/Feb/2024:05:00:34 -0500] "HEAD / HTTP/1.1" 200 -
216.244.66.195 - - [07/Feb/2024:05:00:45 -0500] "GET /galeria/galeria/fotos/Movilizacion7G.jpg HTTP/1.1" 200 142134
201.245.192.253 - - [07/Feb/2024:05:00:49 -0500] "POST /forms/lservlet;jsessionid=ac16012b30d6dc1b97c5c24a42a7b28484f9d3a86ecf.e3iSbxaKaheRe3qKcheMbNuKc41ynknvrkLOlQzNp65In0 HTTP/1.1" 200 2
181.61.157.160 - - [07/Feb/2024:05:00:50 -0500] "POST /sipse/faces/presentacion/financiero/solicitudProceso/listarSolicitudProceso.xhtml HTTP/1.1" 200 2449
181.61.157.160 - - [07/Feb/2024:05:00:53 -0500] "POST /sipse/faces/presentacion/financiero/solicitudProceso/listarSolicitudProceso.xhtml HTTP/1.1" 200 2457
181.61.157.160 - - [07/Feb/2024:05:00:55 -0500] "POST /sipse/faces/presentacion/financiero/solicitudProceso/listarSolicitudProceso.xhtml HTTP/1.1" 200 5350
181.61.157.160 - - [07/Feb/2024:05:00:58 -0500] "GET /sipse/faces/javax.faces.resource/images/ui-icons_898989_256x240.png?ln=primefaces-aristo HTTP/1.1" 304 -
181.61.157.160 - - [07/Feb/2024:05:00:58 -0500] "POST /sipse/faces/presentacion/financiero/solicitudProceso/listarSolicitudProceso.xhtml HTTP/1.1" 200 141568
181.61.157.160 - - [07/Feb/2024:05:00:59 -0500] "GET /sipse/faces/javax.faces.resource/theme.css?ln=primefaces-sipse HTTP/1.1" 304 -
181.61.157.160 - - [07/Feb/2024:05:00:59 -0500] "GET /sipse/faces/javax.faces.resource/primefaces.css?ln=primefaces&v=4.0 HTTP/1.1" 304 -
181.61.157.160 - - [07/Feb/2024:05:00:59 -0500] "GET /sipse/faces/javax.faces.resource/layout/layout.css?ln=primefaces&v=4.0 HTTP/1.1" 304 -
181.61.157.160 - - [07/Feb/2024:05:00:59 -0500] "GET /sipse/faces/javax.faces.resource/jquery/jquery.js?ln=primefaces&v=4.0 HTTP/1.1" 304 -
181.61.157.160 - - [07/Feb/2024:05:01:00 -0500] "GET /sipse/faces/javax.faces.resource/jquery/jquery-plugins.js?ln=primefaces&v=4.0 HTTP/1.1" 304 -
181.61.157.160 - - [07/Feb/2024:05:01:00 -0500] "GET /sipse/faces/javax.faces.resource/primefaces.js?ln=primefaces&v=4.0 HTTP/1.1" 304 -
181.61.157.160 - - [07/Feb/2024:05:01:00 -0500] "GET /sipse/faces/javax.faces.resource/layout/layout.js?ln=primefaces&v=4.0 HTTP/1.1" 304 -
181.61.157.160 - - [07/Feb/2024:05:01:06 -0500] "GET /sipse/faces/javax.faces.resource/theme.css?ln=primefaces-sipse HTTP/1.1" 304 -
181.61.157.160 - - [07/Feb/2024:05:01:06 -0500] "GET /sipse/faces/javax.faces.resource/layout/layout.css?ln=primefaces&v=4.0 HTTP/1.1" 304 -
181.61.157.160 - - [07/Feb/2024:05:01:06 -0500] "GET /sipse/faces/javax.faces.resource/primefaces.css?ln=primefaces&v=4.0 HTTP/1.1" 304 -
181.61.157.160 - - [07/Feb/2024:05:01:06 -0500] "GET /sipse/faces/javax.faces.resource/jquery/jquery-plugins.js?ln=primefaces&v=4.0 HTTP/1.1" 304 -
181.61.157.160 - - [07/Feb/2024:05:01:06 -0500] "GET /sipse/faces/javax.faces.resource/jquery/jquery.js?ln=primefaces&v=4.0 HTTP/1.1" 304 -
181.61.157.160 - - [07/Feb/2024:05:01:06 -0500] "GET /sipse/faces/javax.faces.resource/primefaces.js?ln=primefaces&v=4.0 HTTP/1.1" 304 -
181.61.157.160 - - [07/Feb/2024:05:01:05 -0500] "POST /sipse/faces/presentacion/financiero/solicitudProceso/consultarSolicitudProceso.xhtml HTTP/1.1" 200 47704
181.61.157.160 - - [07/Feb/2024:05:01:06 -0500] "GET /sipse/faces/javax.faces.resource/layout/layout.js?ln=primefaces&v=4.0 HTTP/1.1" 304 -
181.61.157.160 - - [07/Feb/2024:05:01:19 -0500] "GET /sipse/faces/javax.faces.resource/theme.css?ln=primefaces-sipse HTTP/1.1" 304 -
181.61.157.160 - - [07/Feb/2024:05:01:19 -0500] "GET /sipse/faces/javax.faces.resource/primefaces.css?ln=primefaces&v=4.0 HTTP/1.1" 304 -
181.61.157.160 - - [07/Feb/2024:05:01:18 -0500] "POST /sipse/faces/presentacion/financiero/solicitudProceso/consultarHistorialSolProceso.xhtml HTTP/1.1" 200 187986
181.61.157.160 - - [07/Feb/2024:05:01:19 -0500] "GET /sipse/faces/javax.faces.resource/layout/layout.js?ln=primefaces&v=4.0 HTTP/1.1" 304 -
181.61.157.160 - - [07/Feb/2024:05:01:19 -0500] "GET /sipse/faces/javax.faces.resource/layout/layout.css?ln=primefaces&v=4.0 HTTP/1.1" 304 -
181.61.157.160 - - [07/Feb/2024:05:01:19 -0500] "GET /sipse/faces/javax.faces.resource/jquery/jquery.js?ln=primefaces&v=4.0 HTTP/1.1" 304 -
181.61.157.160 - - [07/Feb/2024:05:01:19 -0500] "GET /sipse/faces/javax.faces.resource/primefaces.js?ln=primefaces&v=4.0 HTTP/1.1" 304 -
181.61.157.160 - - [07/Feb/2024:05:01:19 -0500] "GET /sipse/faces/javax.faces.resource/jquery/jquery-plugins.js?ln=primefaces&v=4.0 HTTP/1.1" 304 -
168.119.51.200 - - [07/Feb/2024:05:01:25 -0500] "GET / HTTP/1.1" 200 4720
181.61.157.160 - - [07/Feb/2024:05:01:26 -0500] "POST /sipse/faces/presentacion/financiero/solicitudProceso/consultarSolicitudProceso.xhtml HTTP/1.1" 200 5574
201.245.192.253 - - [07/Feb/2024:05:01:47 -0500] "POST /kwsrmcab/Wsrmcab  HTTP/1.1" 200 37396
201.245.192.253 - - [07/Feb/2024:05:01:52 -0500] "POST /forms/lservlet;jsessionid=ac16012b30d629257b7236c7411e84d9b4a8aba690a2.e3iSbxaKaheRe3qKcheMbNuKc41ynknvrkLOlQzNp65In0 HTTP/1.1" 200 2
66.249.79.105 - - [07/Feb/2024:05:01:54 -0500] "GET /resoluciones/RESOLUCIONES%202009/3864.pdf HTTP/1.1" 404 1018
181.61.157.160 - - [07/Feb/2024:05:02:12 -0500] "POST /sipse/faces/presentacion/financiero/solicitudProceso/consultarSolicitudProceso.xhtml HTTP/1.1" 200 103331
52.167.144.6 - - [07/Feb/2024:05:02:28 -0500] "GET /BLA/resoluciones/RESOLUCIONES%202008/4968.pdf HTTP/1.1" 200 212498
201.245.192.253 - - [07/Feb/2024:05:02:49 -0500] "POST /forms/lservlet;jsessionid=ac16012b30d6dc1b97c5c24a42a7b28484f9d3a86ecf.e3iSbxaKaheRe3qKcheMbNuKc41ynknvrkLOlQzNp65In0 HTTP/1.1" 200 2
66.249.79.104 - - [07/Feb/2024:05:02:54 -0500] "GET /BLA/resoluciones/RESOLUCIONES%202010/7000.pdf HTTP/1.1" 200 271000
66.249.79.104 - - [07/Feb/2024:05:02:57 -0500] "GET /Residuos/cosmeticos/files/guia_cosmeticos-aseo.pdf HTTP/1.1" 200 13926317
172.22.2.4 - - [07/Feb/2024:05:02:05 -0500] "HEAD /BLA/boletinlegal/ HTTP/1.1" 200 -
201.245.192.253 - - [07/Feb/2024:05:03:52 -0500] "POST /forms/lservlet;jsessionid=ac16012b30d629257b7236c7411e84d9b4a8aba690a2.e3iSbxaKaheRe3qKcheMbNuKc41ynknvrkLOlQzNp65In0 HTTP/1.1" 200 2
190.60.36.2 - - [07/Feb/2024:05:04:33 -0500] "POST /sipse/faces/autenticacion.xhtml HTTP/1.1" 200 11369
190.60.36.2 - - [07/Feb/2024:05:04:34 -0500] "GET /sipse/faces/javax.faces.resource/theme.css?ln=primefaces-sipse HTTP/1.1" 304 -
190.60.36.2 - - [07/Feb/2024:05:04:34 -0500] "GET /sipse/faces/javax.faces.resource/jquery/jquery.js?ln=primefaces&v=4.0 HTTP/1.1" 304 -
190.60.36.2 - - [07/Feb/2024:05:04:34 -0500] "GET /sipse/faces/javax.faces.resource/layout/layout.css?ln=primefaces&v=4.0 HTTP/1.1" 304 -
190.60.36.2 - - [07/Feb/2024:05:04:34 -0500] "GET /sipse/faces/javax.faces.resource/primefaces.css?ln=primefaces&v=4.0 HTTP/1.1" 304 -
190.60.36.2 - - [07/Feb/2024:05:04:34 -0500] "GET /sipse/faces/javax.faces.resource/jquery/jquery-plugins.js?ln=primefaces&v=4.0 HTTP/1.1" 304 -
190.60.36.2 - - [07/Feb/2024:05:04:34 -0500] "GET /sipse/faces/javax.faces.resource/primefaces.js?ln=primefaces&v=4.0 HTTP/1.1" 304 -
190.60.36.2 - - [07/Feb/2024:05:04:34 -0500] "GET /sipse/faces/javax.faces.resource/layout/layout.js?ln=primefaces&v=4.0 HTTP/1.1" 304 -
190.60.36.2 - - [07/Feb/2024:05:04:34 -0500] "GET /sipse/faces/javax.faces.resource/messages/messages.png?ln=primefaces&v=4.0 HTTP/1.1" 304 -
190.60.36.2 - - [07/Feb/2024:05:04:34 -0500] "GET /sipse/faces/javax.faces.resource/images/ui-icons_898989_256x240.png?ln=primefaces-aristo HTTP/1.1" 304 -
172.22.2.4 - - [07/Feb/2024:05:02:56 -0500] "GET /BLA/boletinlegal/ HTTP/1.1" 200 61047
190.60.36.2 - - [07/Feb/2024:05:04:38 -0500] "POST /sipse/faces/presentacion/sistema/seguridad/seleccionRol.xhtml HTTP/1.1" 200 5801
190.60.36.2 - - [07/Feb/2024:05:04:40 -0500] "POST /sipse/faces/presentacion/sistema/seguridad/seleccionRol.xhtml HTTP/1.1" 200 16345
190.60.36.2 - - [07/Feb/2024:05:04:40 -0500] "GET /sipse/faces/javax.faces.resource/primefaces.css?ln=primefaces&v=4.0 HTTP/1.1" 304 -
190.60.36.2 - - [07/Feb/2024:05:04:40 -0500] "GET /sipse/faces/javax.faces.resource/theme.css?ln=primefaces-sipse HTTP/1.1" 304 -
190.60.36.2 - - [07/Feb/2024:05:04:40 -0500] "GET /sipse/faces/javax.faces.resource/layout/layout.css?ln=primefaces&v=4.0 HTTP/1.1" 304 -
190.60.36.2 - - [07/Feb/2024:05:04:40 -0500] "GET /sipse/faces/javax.faces.resource/jquery/jquery.js?ln=primefaces&v=4.0 HTTP/1.1" 304 -
190.60.36.2 - - [07/Feb/2024:05:04:40 -0500] "GET /sipse/faces/javax.faces.resource/jquery/jquery-plugins.js?ln=primefaces&v=4.0 HTTP/1.1" 304 -
190.60.36.2 - - [07/Feb/2024:05:04:40 -0500] "GET /sipse/faces/javax.faces.resource/primefaces.js?ln=primefaces&v=4.0 HTTP/1.1" 304 -
190.60.36.2 - - [07/Feb/2024:05:04:40 -0500] "GET /sipse/faces/javax.faces.resource/layout/layout.js?ln=primefaces&v=4.0 HTTP/1.1" 304 -
190.60.36.2 - - [07/Feb/2024:05:04:40 -0500] "GET /sipse/css/imagen/contrasena.png HTTP/1.1" 404 383
190.60.36.2 - - [07/Feb/2024:05:04:43 -0500] "GET /sipse/faces/javax.faces.resource/images/ui-bg_flat_0_2d5972_40x100.png?ln=primefaces-aristo HTTP/1.1" 304 -
190.60.36.2 - - [07/Feb/2024:05:04:43 -0500] "POST /sipse/faces/bienvenido.xhtml HTTP/1.1" 200 1471
190.60.36.2 - - [07/Feb/2024:05:04:44 -0500] "POST /sipse/faces/bienvenido.xhtml HTTP/1.1" 200 61031
190.60.36.2 - - [07/Feb/2024:05:04:45 -0500] "GET /sipse/faces/javax.faces.resource/layout/layout.css?ln=primefaces&v=4.0 HTTP/1.1" 304 -
190.60.36.2 - - [07/Feb/2024:05:04:45 -0500] "GET /sipse/faces/javax.faces.resource/primefaces.css?ln=primefaces&v=4.0 HTTP/1.1" 304 -
190.60.36.2 - - [07/Feb/2024:05:04:45 -0500] "GET /sipse/faces/javax.faces.resource/theme.css?ln=primefaces-sipse HTTP/1.1" 304 -
190.60.36.2 - - [07/Feb/2024:05:04:45 -0500] "GET /sipse/faces/javax.faces.resource/jquery/jquery.js?ln=primefaces&v=4.0 HTTP/1.1" 304 -
190.60.36.2 - - [07/Feb/2024:05:04:45 -0500] "GET /sipse/faces/javax.faces.resource/jquery/jquery-plugins.js?ln=primefaces&v=4.0 HTTP/1.1" 304 -
190.60.36.2 - - [07/Feb/2024:05:04:45 -0500] "GET /sipse/faces/javax.faces.resource/primefaces.js?ln=primefaces&v=4.0 HTTP/1.1" 304 -
190.60.36.2 - - [07/Feb/2024:05:04:45 -0500] "GET /sipse/faces/javax.faces.resource/layout/layout.js?ln=primefaces&v=4.0 HTTP/1.1" 304 -
190.60.36.2 - - [07/Feb/2024:05:04:45 -0500] "POST /sipse/faces/presentacion/financiero/solicitudProceso/listarSolicitudProceso.xhtml HTTP/1.1" 200 1556
201.245.192.253 - - [07/Feb/2024:05:04:49 -0500] "POST /forms/lservlet;jsessionid=ac16012b30d6dc1b97c5c24a42a7b28484f9d3a86ecf.e3iSbxaKaheRe3qKcheMbNuKc41ynknvrkLOlQzNp65In0 HTTP/1.1" 200 2
95.108.213.234 - - [07/Feb/2024:05:05:29 -0500] "GET /robots.txt HTTP/1.1" 404 1034
5.255.231.40 - - [07/Feb/2024:05:05:29 -0500] "GET /secretaria-de-ambiente-sensibiliza-a-ciudadanos-sobre-la-importancia-de-proteger-la-fauna-silvestre.html HTTP/1.1" 200 819
216.245.221.92 - - [07/Feb/2024:05:05:34 -0500] "HEAD / HTTP/1.1" 200 -
201.245.192.253 - - [07/Feb/2024:05:05:52 -0500] "POST /forms/lservlet;jsessionid=ac16012b30d629257b7236c7411e84d9b4a8aba690a2.e3iSbxaKaheRe3qKcheMbNuKc41ynknvrkLOlQzNp65In0 HTTP/1.1" 200 2
201.245.192.253 - - [07/Feb/2024:05:06:45 -0500] "POST /kwsrmcab/Wsrmcab  HTTP/1.1" 200 37396
201.245.192.253 - - [07/Feb/2024:05:06:49 -0500] "POST /forms/lservlet;jsessionid=ac16012b30d6dc1b97c5c24a42a7b28484f9d3a86ecf.e3iSbxaKaheRe3qKcheMbNuKc41ynknvrkLOlQzNp65In0 HTTP/1.1" 200 2
201.245.192.253 - - [07/Feb/2024:05:07:52 -0500] "POST /forms/lservlet;jsessionid=ac16012b30d629257b7236c7411e84d9b4a8aba690a2.e3iSbxaKaheRe3qKcheMbNuKc41ynknvrkLOlQzNp65In0 HTTP/1.1" 200 2
190.60.36.2 - - [07/Feb/2024:05:07:54 -0500] "POST /sipse/faces/presentacion/financiero/solicitudProceso/listarSolicitudProceso.xhtml HTTP/1.1" 200 30673
190.60.36.2 - - [07/Feb/2024:05:07:54 -0500] "POST /sipse/faces/presentacion/financiero/solicitudProceso/listarSolicitudProceso.xhtml HTTP/1.1" 200 42388
190.60.36.2 - - [07/Feb/2024:05:07:55 -0500] "POST /sipse/faces/presentacion/financiero/solicitudProceso/listarSolicitudProceso.xhtml HTTP/1.1" 200 30669
190.60.36.2 - - [07/Feb/2024:05:07:56 -0500] "POST /sipse/faces/presentacion/financiero/solicitudProceso/listarSolicitudProceso.xhtml HTTP/1.1" 200 19123
190.60.36.2 - - [07/Feb/2024:05:08:01 -0500] "POST /sipse/faces/presentacion/financiero/solicitudProceso/listarSolicitudProceso.xhtml HTTP/1.1" 200 30631
190.60.36.2 - - [07/Feb/2024:05:08:10 -0500] "POST /sipse/faces/presentacion/financiero/solicitudProceso/listarSolicitudProceso.xhtml HTTP/1.1" 200 146905
190.60.36.2 - - [07/Feb/2024:05:08:11 -0500] "GET /sipse/faces/javax.faces.resource/theme.css?ln=primefaces-sipse HTTP/1.1" 304 -
190.60.36.2 - - [07/Feb/2024:05:08:12 -0500] "GET /sipse/faces/javax.faces.resource/primefaces.css?ln=primefaces&v=4.0 HTTP/1.1" 304 -
190.60.36.2 - - [07/Feb/2024:05:08:12 -0500] "GET /sipse/css/imagen/contrasena.png HTTP/1.1" 404 383
190.60.36.2 - - [07/Feb/2024:05:08:12 -0500] "GET /sipse/faces/javax.faces.resource/layout/layout.css?ln=primefaces&v=4.0 HTTP/1.1" 304 -
190.60.36.2 - - [07/Feb/2024:05:08:12 -0500] "GET /sipse/faces/javax.faces.resource/jquery/jquery.js?ln=primefaces&v=4.0 HTTP/1.1" 304 -
190.60.36.2 - - [07/Feb/2024:05:08:12 -0500] "GET /sipse/faces/javax.faces.resource/jquery/jquery-plugins.js?ln=primefaces&v=4.0 HTTP/1.1" 304 -
190.60.36.2 - - [07/Feb/2024:05:08:12 -0500] "GET /sipse/faces/javax.faces.resource/primefaces.js?ln=primefaces&v=4.0 HTTP/1.1" 304 -
190.60.36.2 - - [07/Feb/2024:05:08:12 -0500] "GET /sipse/faces/javax.faces.resource/layout/layout.js?ln=primefaces&v=4.0 HTTP/1.1" 304 -
190.60.36.2 - - [07/Feb/2024:05:08:21 -0500] "POST /sipse/faces/presentacion/financiero/solicitudProceso/consultarSolicitudProceso.xhtml HTTP/1.1" 200 193078
190.60.36.2 - - [07/Feb/2024:05:08:42 -0500] "POST /sipse/faces/presentacion/financiero/solicitudProceso/consultarSolicitudProceso.xhtml HTTP/1.1" 200 73552
190.60.36.2 - - [07/Feb/2024:05:08:42 -0500] "GET /sipse/faces/javax.faces.resource/theme.css?ln=primefaces-sipse HTTP/1.1" 304 -
190.60.36.2 - - [07/Feb/2024:05:08:42 -0500] "GET /sipse/faces/javax.faces.resource/primefaces.css?ln=primefaces&v=4.0 HTTP/1.1" 304 -
190.60.36.2 - - [07/Feb/2024:05:08:42 -0500] "GET /sipse/faces/javax.faces.resource/jquery/jquery.js?ln=primefaces&v=4.0 HTTP/1.1" 304 -
190.60.36.2 - - [07/Feb/2024:05:08:42 -0500] "GET /sipse/faces/javax.faces.resource/layout/layout.css?ln=primefaces&v=4.0 HTTP/1.1" 304 -
190.60.36.2 - - [07/Feb/2024:05:08:42 -0500] "GET /sipse/faces/javax.faces.resource/jquery/jquery-plugins.js?ln=primefaces&v=4.0 HTTP/1.1" 304 -
190.60.36.2 - - [07/Feb/2024:05:08:42 -0500] "GET /sipse/faces/javax.faces.resource/primefaces.js?ln=primefaces&v=4.0 HTTP/1.1" 304 -
190.60.36.2 - - [07/Feb/2024:05:08:42 -0500] "GET /sipse/faces/javax.faces.resource/layout/layout.js?ln=primefaces&v=4.0 HTTP/1.1" 304 -
190.60.36.2 - - [07/Feb/2024:05:08:42 -0500] "GET /sipse/css/imagen/contrasena.png HTTP/1.1" 404 383
201.245.192.253 - - [07/Feb/2024:05:08:49 -0500] "POST /forms/lservlet;jsessionid=ac16012b30d6dc1b97c5c24a42a7b28484f9d3a86ecf.e3iSbxaKaheRe3qKcheMbNuKc41ynknvrkLOlQzNp65In0 HTTP/1.1" 200 2
172.22.2.4 - - [07/Feb/2024:05:07:55 -0500] "HEAD /BLA/boletinlegal/ HTTP/1.1" 200 -
172.22.2.4 - - [07/Feb/2024:05:09:49 -0500] "GET /BLA/boletinlegal/normativa.php HTTP/1.1" 200 8397
47.128.16.1 - - [07/Feb/2024:05:09:50 -0500] "GET /portaldeninos/wp-content/themes/betheme/assets/jplayer/css/jplayer.blue.monday.css?ver=20.9.6 HTTP/1.1" 200 9834
47.128.16.1 - - [07/Feb/2024:05:09:50 -0500] "GET /portaldeninos/wp-content/themes/betheme/assets/ui/jquery.ui.all.css?ver=20.9.6 HTTP/1.1" 200 18765
47.128.16.1 - - [07/Feb/2024:05:09:51 -0500] "GET /portaldeninos/wp-content/plugins/popup-maker/assets/css/site.min.css?ver=1.8.14 HTTP/1.1" 200 8260
201.245.192.253 - - [07/Feb/2024:05:09:52 -0500] "POST /forms/lservlet;jsessionid=ac16012b30d629257b7236c7411e84d9b4a8aba690a2.e3iSbxaKaheRe3qKcheMbNuKc41ynknvrkLOlQzNp65In0 HTTP/1.1" 200 2
47.128.16.1 - - [07/Feb/2024:05:09:50 -0500] "GET /portaldeninos/wp-content/themes/betheme/assets/animations/animations.min.css?ver=20.9.6 HTTP/1.1" 200 58508
47.128.16.1 - - [07/Feb/2024:05:09:50 -0500] "GET /portaldeninos/wp-content/themes/betheme/css/responsive.css?ver=20.9.6 HTTP/1.1" 200 55740
47.128.16.1 - - [07/Feb/2024:05:09:52 -0500] "GET /portaldeninos/wp-content/plugins/gallery-videos/CSS/Total-Soft-Gallery-Video-Widget.css?ver=4.9.8 HTTP/1.1" 200 51554
47.128.16.1 - - [07/Feb/2024:05:09:52 -0500] "GET /portaldeninos/wp-content/themes/betheme/css/base.css?ver=20.9.6 HTTP/1.1" 200 57283
47.128.16.1 - - [07/Feb/2024:05:09:47 -0500] "GET /portaldeninos/ HTTP/1.1" 200 110175
47.128.16.1 - - [07/Feb/2024:05:09:58 -0500] "GET /portaldeninos/wp-content/uploads/useanyfont/uaf.css?ver=1589905315 HTTP/1.1" 200 408
47.128.16.1 - - [07/Feb/2024:05:09:58 -0500] "GET /portaldeninos/wp-content/themes/betheme/style.css?ver=20.9.6 HTTP/1.1" 200 287
47.128.16.1 - - [07/Feb/2024:05:09:59 -0500] "GET /portaldeninos/wp-includes/js/jquery/ui/core.min.js?ver=1.11.4 HTTP/1.1" 200 4000
47.128.16.1 - - [07/Feb/2024:05:10:00 -0500] "GET /portaldeninos/wp-content/plugins/gallery-videos/JS/modernizr.custom.js?ver=4.9.8 HTTP/1.1" 200 9019
47.128.16.1 - - [07/Feb/2024:05:09:50 -0500] "GET /portaldeninos/wp-content/themes/betheme/css/layout.css?ver=20.9.6 HTTP/1.1" 200 116639
47.128.16.1 - - [07/Feb/2024:05:09:57 -0500] "GET /portaldeninos/wp-content/plugins/gallery-videos/CSS/totalsoft.css?ver=4.9.8 HTTP/1.1" 200 40622
47.128.16.1 - - [07/Feb/2024:05:10:02 -0500] "GET /portaldeninos/wp-includes/js/jquery/jquery-migrate.min.js?ver=1.4.1 HTTP/1.1" 200 10056
47.128.16.1 - - [07/Feb/2024:05:10:01 -0500] "GET /portaldeninos/wp-content/plugins/google-analytics-for-wordpress/assets/js/frontend-gtag.min.js?ver=8.5.0 HTTP/1.1" 200 11801
47.128.16.1 - - [07/Feb/2024:05:10:03 -0500] "GET /portaldeninos/wp-includes/js/jquery/ui/widget.min.js?ver=1.11.4 HTTP/1.1" 200 6908
47.128.16.1 - - [07/Feb/2024:05:10:05 -0500] "GET /portaldeninos/wp-includes/js/jquery/ui/mouse.min.js?ver=1.11.4 HTTP/1.1" 200 3148
47.128.16.1 - - [07/Feb/2024:05:10:05 -0500] "GET /portaldeninos/wp-includes/js/jquery/ui/position.min.js?ver=1.11.4 HTTP/1.1" 200 6527
47.128.16.1 - - [07/Feb/2024:05:09:58 -0500] "GET /portaldeninos/wp-content/themes/betheme/css/shortcodes.css?ver=20.9.6 HTTP/1.1" 200 138889
47.128.16.1 - - [07/Feb/2024:05:10:02 -0500] "GET /portaldeninos/wp-content/plugins/gallery-videos/JS/Total-Soft-Gallery-Video-Widget.js?ver=4.9.8 HTTP/1.1" 200 80264
47.128.16.1 - - [07/Feb/2024:05:10:04 -0500] "GET /portaldeninos/wp-content/themes/betheme/assets/jplayer/jplayer.min.js?ver=20.9.6 HTTP/1.1" 200 52702
47.128.16.1 - - [07/Feb/2024:05:10:06 -0500] "GET /portaldeninos/wp-includes/js/jquery/ui/tabs.min.js?ver=1.11.4 HTTP/1.1" 200 12110
47.128.16.1 - - [07/Feb/2024:05:10:05 -0500] "GET /portaldeninos/wp-includes/js/jquery/ui/sortable.min.js?ver=1.11.4 HTTP/1.1" 200 24899
47.128.16.1 - - [07/Feb/2024:05:10:08 -0500] "GET /portaldeninos/wp-includes/js/jquery/ui/accordion.min.js?ver=1.11.4 HTTP/1.1" 200 8584
172.22.2.4 - - [07/Feb/2024:05:10:09 -0500] "GET /BLA/boletinlegal/actos.php HTTP/1.1" 200 9738
47.128.16.1 - - [07/Feb/2024:05:10:09 -0500] "GET /portaldeninos/wp-content/themes/betheme/js/menu.js?ver=20.9.6 HTTP/1.1" 200 2449
47.128.16.1 - - [07/Feb/2024:05:10:09 -0500] "GET /portaldeninos/wp-content/themes/betheme/assets/animations/animations.min.js?ver=20.9.6 HTTP/1.1" 200 1896
47.128.16.1 - - [07/Feb/2024:05:10:09 -0500] "GET /portaldeninos/wp-includes/js/wp-embed.min.js?ver=4.9.8 HTTP/1.1" 200 1398
47.128.16.1 - - [07/Feb/2024:05:09:59 -0500] "GET /portaldeninos/wp-includes/js/jquery/jquery.js?ver=1.12.4 HTTP/1.1" 200 97184
47.128.16.1 - - [07/Feb/2024:05:10:08 -0500] "GET /portaldeninos/wp-content/themes/betheme/js/scripts.js?ver=20.9.6 HTTP/1.1" 200 77162
47.128.16.1 - - [07/Feb/2024:05:10:10 -0500] "GET /portaldeninos/wp-content/plugins/popup-maker/assets/js/site.min.js?defer&ver=1.8.14 HTTP/1.1" 200 48457
47.128.16.1 - - [07/Feb/2024:05:10:15 -0500] "GET /portaldeninos/wp-includes/js/wp-emoji-release.min.js?ver=4.9.8 HTTP/1.1" 200 12026
47.128.16.1 - - [07/Feb/2024:05:10:16 -0500] "GET /portaldeninos/wp-content/uploads/2021/06/titulo-miambiente-ni%C3%B1os.png HTTP/1.1" 200 11944
47.128.16.1 - - [07/Feb/2024:05:10:15 -0500] "GET /portaldeninos/wp-content/uploads/2019/08/Logo-Ambientic.png HTTP/1.1" 200 22941
47.128.16.1 - - [07/Feb/2024:05:10:15 -0500] "GET /portaldeninos/wp-content/uploads/2021/06/titulo-cabezote-ni%C3%B1os.png HTTP/1.1" 200 64425
172.22.2.4 - - [07/Feb/2024:05:08:46 -0500] "GET /BLA/boletinlegal/ HTTP/1.1" 200 61047
47.128.16.1 - - [07/Feb/2024:05:10:30 -0500] "GET /portaldeninos/wp-content/uploads/2021/06/titulo-videos-ni%C3%B1os.png HTTP/1.1" 200 10502
47.128.16.1 - - [07/Feb/2024:05:10:09 -0500] "GET /portaldeninos/wp-content/themes/betheme/js/plugins.js?ver=20.9.6 HTTP/1.1" 200 197151
47.128.16.1 - - [07/Feb/2024:05:10:32 -0500] "GET /portaldeninos/wp-content/uploads/2021/06/titulo-humedales-ni%C3%B1os.png HTTP/1.1" 200 13361
47.128.16.1 - - [07/Feb/2024:05:10:20 -0500] "GET /portaldeninos/wp-content/uploads/2020/01/Frailejon-escenario.jpg HTTP/1.1" 200 227591
47.128.16.1 - - [07/Feb/2024:05:10:20 -0500] "GET /portaldeninos/wp-content/uploads/2018/10/oso.jpg HTTP/1.1" 200 162055
47.128.16.1 - - [07/Feb/2024:05:10:20 -0500] "GET /portaldeninos/wp-content/uploads/2020/01/Tierra-escenario.jpg HTTP/1.1" 200 162054
47.128.16.1 - - [07/Feb/2024:05:10:25 -0500] "GET /portaldeninos/wp-content/uploads/2018/11/caneca.jpg HTTP/1.1" 200 162054
216.245.221.92 - - [07/Feb/2024:05:10:34 -0500] "HEAD / HTTP/1.1" 200 -
47.128.16.1 - - [07/Feb/2024:05:10:20 -0500] "GET /portaldeninos/wp-content/uploads/2018/11/tigrillo.jpg HTTP/1.1" 200 162054
201.245.192.253 - - [07/Feb/2024:05:10:49 -0500] "POST /forms/lservlet;jsessionid=ac16012b30d6dc1b97c5c24a42a7b28484f9d3a86ecf.e3iSbxaKaheRe3qKcheMbNuKc41ynknvrkLOlQzNp65In0 HTTP/1.1" 200 2
190.60.36.2 - - [07/Feb/2024:05:10:54 -0500] "GET /sipse/faces/javax.faces.resource/images/ui-bg_flat_0_2d5972_40x100.png?ln=primefaces-aristo HTTP/1.1" 304 -
190.60.36.2 - - [07/Feb/2024:05:10:54 -0500] "POST /sipse/faces/presentacion/contratacion/contrato/crearModificarContrato.xhtml HTTP/1.1" 200 58385
190.60.36.2 - - [07/Feb/2024:05:10:54 -0500] "POST /sipse/faces/presentacion/contratacion/contrato/crearModificarContrato.xhtml HTTP/1.1" 200 30941
190.60.36.2 - - [07/Feb/2024:05:10:55 -0500] "GET /sipse/faces/javax.faces.resource/theme.css?ln=primefaces-sipse HTTP/1.1" 304 -
190.60.36.2 - - [07/Feb/2024:05:10:55 -0500] "GET /sipse/faces/javax.faces.resource/primefaces.css?ln=primefaces&v=4.0 HTTP/1.1" 304 -
190.60.36.2 - - [07/Feb/2024:05:10:55 -0500] "GET /sipse/faces/javax.faces.resource/layout/layout.css?ln=primefaces&v=4.0 HTTP/1.1" 304 -
190.60.36.2 - - [07/Feb/2024:05:10:55 -0500] "GET /sipse/faces/javax.faces.resource/jquery/jquery.js?ln=primefaces&v=4.0 HTTP/1.1" 304 -
190.60.36.2 - - [07/Feb/2024:05:10:55 -0500] "GET /sipse/faces/javax.faces.resource/primefaces.js?ln=primefaces&v=4.0 HTTP/1.1" 304 -
190.60.36.2 - - [07/Feb/2024:05:10:55 -0500] "GET /sipse/faces/javax.faces.resource/jquery/jquery-plugins.js?ln=primefaces&v=4.0 HTTP/1.1" 304 -
190.60.36.2 - - [07/Feb/2024:05:10:55 -0500] "GET /sipse/faces/javax.faces.resource/layout/layout.js?ln=primefaces&v=4.0 HTTP/1.1" 304 -
190.60.36.2 - - [07/Feb/2024:05:10:55 -0500] "GET /sipse/css/imagen/contrasena.png HTTP/1.1" 404 383
190.60.36.2 - - [07/Feb/2024:05:10:55 -0500] "GET /sipse/faces/javax.faces.resource/images/ui-icons_898989_256x240.png?ln=primefaces-aristo HTTP/1.1" 304 -
190.60.36.2 - - [07/Feb/2024:05:10:58 -0500] "GET /sipse/faces/javax.faces.resource/images/ui-bg_flat_0_2d5972_40x100.png?ln=primefaces-aristo HTTP/1.1" 304 -
190.60.36.2 - - [07/Feb/2024:05:10:58 -0500] "POST /sipse/faces/presentacion/contratacion/procesoContractual/registrarInvitacionContratista.xhtml HTTP/1.1" 200 9689
190.60.36.2 - - [07/Feb/2024:05:11:19 -0500] "POST /sipse/faces/presentacion/contratacion/procesoContractual/registrarInvitacionContratista.xhtml HTTP/1.1" 200 9252
190.60.36.2 - - [07/Feb/2024:05:11:27 -0500] "POST /sipse/faces/presentacion/contratacion/procesoContractual/registrarInvitacionContratista.xhtml HTTP/1.1" 200 74383
190.60.36.2 - - [07/Feb/2024:05:11:28 -0500] "GET /sipse/faces/javax.faces.resource/theme.css?ln=primefaces-sipse HTTP/1.1" 304 -
190.60.36.2 - - [07/Feb/2024:05:11:28 -0500] "GET /sipse/faces/javax.faces.resource/layout/layout.css?ln=primefaces&v=4.0 HTTP/1.1" 304 -
190.60.36.2 - - [07/Feb/2024:05:11:28 -0500] "GET /sipse/faces/javax.faces.resource/primefaces.css?ln=primefaces&v=4.0 HTTP/1.1" 304 -
190.60.36.2 - - [07/Feb/2024:05:11:28 -0500] "GET /sipse/faces/javax.faces.resource/jquery/jquery.js?ln=primefaces&v=4.0 HTTP/1.1" 304 -
190.60.36.2 - - [07/Feb/2024:05:11:28 -0500] "GET /sipse/faces/javax.faces.resource/jquery/jquery-plugins.js?ln=primefaces&v=4.0 HTTP/1.1" 304 -
190.60.36.2 - - [07/Feb/2024:05:11:28 -0500] "GET /sipse/faces/javax.faces.resource/primefaces.js?ln=primefaces&v=4.0 HTTP/1.1" 304 -
190.60.36.2 - - [07/Feb/2024:05:11:28 -0500] "GET /sipse/faces/javax.faces.resource/layout/layout.js?ln=primefaces&v=4.0 HTTP/1.1" 304 -
190.60.36.2 - - [07/Feb/2024:05:11:28 -0500] "GET /sipse/css/imagen/contrasena.png HTTP/1.1" 404 383
190.60.36.2 - - [07/Feb/2024:05:11:33 -0500] "POST /sipse/faces/presentacion/contratacion/contrato/crearModificarContrato.xhtml HTTP/1.1" 200 41192
190.60.36.2 - - [07/Feb/2024:05:11:34 -0500] "GET /sipse/faces/javax.faces.resource/theme.css?ln=primefaces-sipse HTTP/1.1" 304 -
190.60.36.2 - - [07/Feb/2024:05:11:34 -0500] "GET /sipse/faces/javax.faces.resource/layout/layout.css?ln=primefaces&v=4.0 HTTP/1.1" 304 -
190.60.36.2 - - [07/Feb/2024:05:11:34 -0500] "GET /sipse/faces/javax.faces.resource/primefaces.css?ln=primefaces&v=4.0 HTTP/1.1" 304 -
190.60.36.2 - - [07/Feb/2024:05:11:34 -0500] "GET /sipse/faces/javax.faces.resource/jquery/jquery-plugins.js?ln=primefaces&v=4.0 HTTP/1.1" 304 -
190.60.36.2 - - [07/Feb/2024:05:11:34 -0500] "GET /sipse/faces/javax.faces.resource/jquery/jquery.js?ln=primefaces&v=4.0 HTTP/1.1" 304 -
190.60.36.2 - - [07/Feb/2024:05:11:34 -0500] "GET /sipse/faces/javax.faces.resource/primefaces.js?ln=primefaces&v=4.0 HTTP/1.1" 304 -
190.60.36.2 - - [07/Feb/2024:05:11:34 -0500] "GET /sipse/faces/javax.faces.resource/layout/layout.js?ln=primefaces&v=4.0 HTTP/1.1" 304 -
190.60.36.2 - - [07/Feb/2024:05:11:34 -0500] "GET /sipse/faces/javax.faces.resource/images/ui-icons_898989_256x240.png?ln=primefaces-aristo HTTP/1.1" 304 -
190.60.36.2 - - [07/Feb/2024:05:11:34 -0500] "GET /sipse/css/imagen/contrasena.png HTTP/1.1" 404 383
201.245.192.253 - - [07/Feb/2024:05:11:43 -0500] "POST /kwsrmcab/Wsrmcab  HTTP/1.1" 200 37396
190.60.36.2 - - [07/Feb/2024:05:11:47 -0500] "GET /sipse/faces/javax.faces.resource/images/ui-bg_flat_0_2d5972_40x100.png?ln=primefaces-aristo HTTP/1.1" 304 -
190.60.36.2 - - [07/Feb/2024:05:11:47 -0500] "POST /sipse/faces/presentacion/contratacion/contrato/adicionarSupervisor.xhtml HTTP/1.1" 200 16825
201.245.192.253 - - [07/Feb/2024:05:11:52 -0500] "POST /forms/lservlet;jsessionid=ac16012b30d629257b7236c7411e84d9b4a8aba690a2.e3iSbxaKaheRe3qKcheMbNuKc41ynknvrkLOlQzNp65In0 HTTP/1.1" 200 2
190.60.36.2 - - [07/Feb/2024:05:11:57 -0500] "POST /sipse/faces/presentacion/contratacion/contrato/adicionarSupervisor.xhtml HTTP/1.1" 200 79700
190.60.36.2 - - [07/Feb/2024:05:11:57 -0500] "GET /sipse/faces/javax.faces.resource/theme.css?ln=primefaces-sipse HTTP/1.1" 304 -
190.60.36.2 - - [07/Feb/2024:05:11:57 -0500] "GET /sipse/faces/javax.faces.resource/primefaces.css?ln=primefaces&v=4.0 HTTP/1.1" 304 -
190.60.36.2 - - [07/Feb/2024:05:11:57 -0500] "GET /sipse/faces/javax.faces.resource/layout/layout.css?ln=primefaces&v=4.0 HTTP/1.1" 304 -
190.60.36.2 - - [07/Feb/2024:05:11:57 -0500] "GET /sipse/faces/javax.faces.resource/jquery/jquery-plugins.js?ln=primefaces&v=4.0 HTTP/1.1" 304 -
190.60.36.2 - - [07/Feb/2024:05:11:57 -0500] "GET /sipse/faces/javax.faces.resource/jquery/jquery.js?ln=primefaces&v=4.0 HTTP/1.1" 304 -
190.60.36.2 - - [07/Feb/2024:05:11:57 -0500] "GET /sipse/faces/javax.faces.resource/primefaces.js?ln=primefaces&v=4.0 HTTP/1.1" 304 -
190.60.36.2 - - [07/Feb/2024:05:11:57 -0500] "GET /sipse/faces/javax.faces.resource/layout/layout.js?ln=primefaces&v=4.0 HTTP/1.1" 304 -
190.60.36.2 - - [07/Feb/2024:05:12:02 -0500] "POST /sipse/faces/presentacion/contratacion/contrato/crearModificarContrato.xhtml HTTP/1.1" 200 152063
190.60.36.2 - - [07/Feb/2024:05:12:03 -0500] "GET /sipse/faces/javax.faces.resource/theme.css?ln=primefaces-sipse HTTP/1.1" 304 -
190.60.36.2 - - [07/Feb/2024:05:12:03 -0500] "GET /sipse/faces/javax.faces.resource/primefaces.css?ln=primefaces&v=4.0 HTTP/1.1" 304 -
190.60.36.2 - - [07/Feb/2024:05:12:03 -0500] "GET /sipse/faces/javax.faces.resource/layout/layout.css?ln=primefaces&v=4.0 HTTP/1.1" 304 -
190.60.36.2 - - [07/Feb/2024:05:12:03 -0500] "GET /sipse/faces/javax.faces.resource/jquery/jquery.js?ln=primefaces&v=4.0 HTTP/1.1" 304 -
190.60.36.2 - - [07/Feb/2024:05:12:03 -0500] "GET /sipse/faces/javax.faces.resource/jquery/jquery-plugins.js?ln=primefaces&v=4.0 HTTP/1.1" 304 -
190.60.36.2 - - [07/Feb/2024:05:12:03 -0500] "GET /sipse/faces/javax.faces.resource/primefaces.js?ln=primefaces&v=4.0 HTTP/1.1" 304 -
190.60.36.2 - - [07/Feb/2024:05:12:03 -0500] "GET /sipse/faces/javax.faces.resource/layout/layout.js?ln=primefaces&v=4.0 HTTP/1.1" 304 -
190.60.36.2 - - [07/Feb/2024:05:12:03 -0500] "GET /sipse/faces/javax.faces.resource/images/ui-icons_898989_256x240.png?ln=primefaces-aristo HTTP/1.1" 304 -
190.60.36.2 - - [07/Feb/2024:05:12:08 -0500] "POST /sipse/faces/presentacion/financiero/solicitudProceso/consultarSolicitudProceso.xhtml HTTP/1.1" 200 61500
190.60.36.2 - - [07/Feb/2024:05:12:11 -0500] "GET /sipse/faces/javax.faces.resource/theme.css?ln=primefaces-sipse HTTP/1.1" 304 -
190.60.36.2 - - [07/Feb/2024:05:12:11 -0500] "GET /sipse/faces/javax.faces.resource/primefaces.css?ln=primefaces&v=4.0 HTTP/1.1" 304 -
190.60.36.2 - - [07/Feb/2024:05:12:11 -0500] "GET /sipse/faces/javax.faces.resource/layout/layout.css?ln=primefaces&v=4.0 HTTP/1.1" 304 -
190.60.36.2 - - [07/Feb/2024:05:12:11 -0500] "GET /sipse/faces/javax.faces.resource/jquery/jquery.js?ln=primefaces&v=4.0 HTTP/1.1" 304 -
190.60.36.2 - - [07/Feb/2024:05:12:11 -0500] "GET /sipse/faces/javax.faces.resource/jquery/jquery-plugins.js?ln=primefaces&v=4.0 HTTP/1.1" 304 -
190.60.36.2 - - [07/Feb/2024:05:12:11 -0500] "GET /sipse/faces/javax.faces.resource/primefaces.js?ln=primefaces&v=4.0 HTTP/1.1" 304 -
190.60.36.2 - - [07/Feb/2024:05:12:11 -0500] "GET /sipse/faces/javax.faces.resource/layout/layout.js?ln=primefaces&v=4.0 HTTP/1.1" 304 -
190.60.36.2 - - [07/Feb/2024:05:12:11 -0500] "GET /sipse/faces/javax.faces.resource/messages/messages.png?ln=primefaces&v=4.0 HTTP/1.1" 304 -
190.60.36.2 - - [07/Feb/2024:05:12:11 -0500] "POST /sipse/faces/presentacion/financiero/solicitudProceso/listarSolicitudProceso.xhtml HTTP/1.1" 200 1556
190.60.36.2 - - [07/Feb/2024:05:12:13 -0500] "POST /sipse/faces/presentacion/financiero/solicitudProceso/listarSolicitudProceso.xhtml HTTP/1.1" 200 30587
190.60.36.2 - - [07/Feb/2024:05:12:14 -0500] "POST /sipse/faces/presentacion/financiero/solicitudProceso/listarSolicitudProceso.xhtml HTTP/1.1" 200 42302
190.60.36.2 - - [07/Feb/2024:05:12:14 -0500] "POST /sipse/faces/presentacion/financiero/solicitudProceso/listarSolicitudProceso.xhtml HTTP/1.1" 200 30583
190.60.36.2 - - [07/Feb/2024:05:12:31 -0500] "POST /sipse/faces/presentacion/financiero/solicitudProceso/listarSolicitudProceso.xhtml HTTP/1.1" 200 30595
190.60.36.2 - - [07/Feb/2024:05:12:32 -0500] "POST /sipse/faces/presentacion/financiero/solicitudProceso/listarSolicitudProceso.xhtml HTTP/1.1" 200 42298
190.60.36.2 - - [07/Feb/2024:05:12:32 -0500] "POST /sipse/faces/presentacion/financiero/solicitudProceso/listarSolicitudProceso.xhtml HTTP/1.1" 200 30595
92.223.85.153 - - [07/Feb/2024:05:12:33 -0500] "GET /admin.php?520 HTTP/1.1" 404 1035
190.60.36.2 - - [07/Feb/2024:05:12:36 -0500] "POST /sipse/faces/presentacion/financiero/solicitudProceso/listarSolicitudProceso.xhtml HTTP/1.1" 200 148684
190.60.36.2 - - [07/Feb/2024:05:12:37 -0500] "GET /sipse/faces/javax.faces.resource/theme.css?ln=primefaces-sipse HTTP/1.1" 304 -
190.60.36.2 - - [07/Feb/2024:05:12:37 -0500] "GET /sipse/faces/javax.faces.resource/primefaces.css?ln=primefaces&v=4.0 HTTP/1.1" 304 -
190.60.36.2 - - [07/Feb/2024:05:12:37 -0500] "GET /sipse/faces/javax.faces.resource/layout/layout.css?ln=primefaces&v=4.0 HTTP/1.1" 304 -
190.60.36.2 - - [07/Feb/2024:05:12:37 -0500] "GET /sipse/faces/javax.faces.resource/jquery/jquery.js?ln=primefaces&v=4.0 HTTP/1.1" 304 -
190.60.36.2 - - [07/Feb/2024:05:12:37 -0500] "GET /sipse/faces/javax.faces.resource/jquery/jquery-plugins.js?ln=primefaces&v=4.0 HTTP/1.1" 304 -
190.60.36.2 - - [07/Feb/2024:05:12:37 -0500] "GET /sipse/faces/javax.faces.resource/primefaces.js?ln=primefaces&v=4.0 HTTP/1.1" 304 -
190.60.36.2 - - [07/Feb/2024:05:12:37 -0500] "GET /sipse/faces/javax.faces.resource/layout/layout.js?ln=primefaces&v=4.0 HTTP/1.1" 304 -
190.60.36.2 - - [07/Feb/2024:05:12:47 -0500] "POST /sipse/faces/presentacion/financiero/solicitudProceso/consultarSolicitudProceso.xhtml HTTP/1.1" 200 188023
201.245.192.253 - - [07/Feb/2024:05:12:49 -0500] "POST /forms/lservlet;jsessionid=ac16012b30d6dc1b97c5c24a42a7b28484f9d3a86ecf.e3iSbxaKaheRe3qKcheMbNuKc41ynknvrkLOlQzNp65In0 HTTP/1.1" 200 2
92.223.85.153 - - [07/Feb/2024:05:12:50 -0500] "GET /admin.php?520 HTTP/1.1" 404 1032
190.60.36.2 - - [07/Feb/2024:05:13:05 -0500] "POST /sipse/faces/presentacion/financiero/solicitudProceso/consultarSolicitudProceso.xhtml HTTP/1.1" 200 73518
190.60.36.2 - - [07/Feb/2024:05:13:05 -0500] "GET /sipse/faces/javax.faces.resource/theme.css?ln=primefaces-sipse HTTP/1.1" 304 -
190.60.36.2 - - [07/Feb/2024:05:13:05 -0500] "GET /sipse/faces/javax.faces.resource/layout/layout.css?ln=primefaces&v=4.0 HTTP/1.1" 304 -
190.60.36.2 - - [07/Feb/2024:05:13:05 -0500] "GET /sipse/faces/javax.faces.resource/primefaces.css?ln=primefaces&v=4.0 HTTP/1.1" 304 -
190.60.36.2 - - [07/Feb/2024:05:13:05 -0500] "GET /sipse/faces/javax.faces.resource/jquery/jquery.js?ln=primefaces&v=4.0 HTTP/1.1" 304 -
190.60.36.2 - - [07/Feb/2024:05:13:05 -0500] "GET /sipse/faces/javax.faces.resource/jquery/jquery-plugins.js?ln=primefaces&v=4.0 HTTP/1.1" 304 -
190.60.36.2 - - [07/Feb/2024:05:13:05 -0500] "GET /sipse/faces/javax.faces.resource/primefaces.js?ln=primefaces&v=4.0 HTTP/1.1" 304 -
190.60.36.2 - - [07/Feb/2024:05:13:06 -0500] "GET /sipse/faces/javax.faces.resource/layout/layout.js?ln=primefaces&v=4.0 HTTP/1.1" 304 -
186.102.61.226 - - [07/Feb/2024:05:13:07 -0500] "GET /sipse/faces/javax.faces.resource/theme.css?ln=primefaces-sipse HTTP/1.1" 304 -
186.102.61.226 - - [07/Feb/2024:05:13:07 -0500] "GET /sipse/faces/faces/autenticacion.xhtml HTTP/1.1" 200 12407
186.102.61.226 - - [07/Feb/2024:05:13:07 -0500] "GET /sipse/css/custom_css_sg_prime_login.css HTTP/1.1" 304 -
186.102.61.226 - - [07/Feb/2024:05:13:07 -0500] "GET /sipse/css/custom_css_sg.css HTTP/1.1" 304 -
186.102.61.226 - - [07/Feb/2024:05:13:07 -0500] "GET /sipse/faces/javax.faces.resource/layout/layout.css?ln=primefaces&v=4.0 HTTP/1.1" 304 -
186.102.61.226 - - [07/Feb/2024:05:13:07 -0500] "GET /sipse/js/disable_browser_buttons.js HTTP/1.1" 304 -
186.102.61.226 - - [07/Feb/2024:05:13:07 -0500] "GET /sipse/faces/javax.faces.resource/primefaces.css?ln=primefaces&v=4.0 HTTP/1.1" 304 -
186.102.61.226 - - [07/Feb/2024:05:13:07 -0500] "GET /sipse/faces/javax.faces.resource/theme.css?ln=primefaces-sipse HTTP/1.1" 304 -
186.102.61.226 - - [07/Feb/2024:05:13:07 -0500] "GET /sipse/js/funciones.js HTTP/1.1" 304 -
186.102.61.226 - - [07/Feb/2024:05:13:07 -0500] "GET /sipse/faces/javax.faces.resource/jquery/jquery.js?ln=primefaces&v=4.0 HTTP/1.1" 304 -
186.102.61.226 - - [07/Feb/2024:05:13:07 -0500] "GET /sipse/faces/javax.faces.resource/jquery/jquery-plugins.js?ln=primefaces&v=4.0 HTTP/1.1" 304 -
186.102.61.226 - - [07/Feb/2024:05:13:07 -0500] "GET /sipse/faces/javax.faces.resource/primefaces.js?ln=primefaces&v=4.0 HTTP/1.1" 304 -
186.102.61.226 - - [07/Feb/2024:05:13:07 -0500] "GET /sipse/faces/javax.faces.resource/layout/layout.js?ln=primefaces&v=4.0 HTTP/1.1" 304 -
186.102.61.226 - - [07/Feb/2024:05:13:08 -0500] "GET /sipse/css/imagen/logoSDG.png HTTP/1.1" 304 -
186.102.61.226 - - [07/Feb/2024:05:13:08 -0500] "GET /sipse/css/imagen/loginimg.png HTTP/1.1" 304 -
