!C99Shell v. 1.0 pre-release build #13!

Software: Apache. PHP/5.5.15 

uname -a: Windows NT SVR-DMZ 6.1 build 7600 (Windows Server 2008 R2 Enterprise Edition) i586 

SYSTEM 

Safe-mode: OFF (not secure)

E:\nuevo\apache\logs\   drwxrwxrwx
Free 9.41 GB of 239.26 GB (3.93%)
Detected drives: [ a ] [ c ] [ d ] [ e ] [ f ]
Home    Back    Forward    UPDIR    Refresh    Search    Buffer    Encoder    Tools    Proc.    FTP brute    Sec.    SQL    PHP-code    Update    Feedback    Self remove    Logout    


Viewing file:     access.2024.02.07.log (9.37 MB)      -rw-rw-rw-
Select action/file-type:
(+) | (+) | (+) | Code (+) | Session (+) | (+) | SDB (+) | (+) | (+) | (+) | (+) | (+) |
200.118.16.147 - - [07/Feb/2024:00:00:06 -0500] "POST /sipse/faces/presentacion/sistema/anexos/cargarAnexoSolicitudProceso.xhtml HTTP/1.1" 200 195085
200.118.16.147 - - [07/Feb/2024:00:00:07 -0500] "GET /sipse/faces/javax.faces.resource/jquery/jquery.js?ln=primefaces&v=4.0 HTTP/1.1" 304 -
200.118.16.147 - - [07/Feb/2024:00:00:07 -0500] "GET /sipse/faces/javax.faces.resource/jquery/jquery-plugins.js?ln=primefaces&v=4.0 HTTP/1.1" 304 -
200.118.16.147 - - [07/Feb/2024:00:00:07 -0500] "GET /sipse/faces/javax.faces.resource/layout/layout.js?ln=primefaces&v=4.0 HTTP/1.1" 304 -
200.118.16.147 - - [07/Feb/2024:00:00:07 -0500] "GET /sipse/faces/javax.faces.resource/primefaces.js?ln=primefaces&v=4.0 HTTP/1.1" 304 -
200.118.16.147 - - [07/Feb/2024:00:00:07 -0500] "GET /sipse/faces/javax.faces.resource/primefaces.css?ln=primefaces&v=4.0 HTTP/1.1" 304 -
200.118.16.147 - - [07/Feb/2024:00:00:07 -0500] "GET /sipse/faces/javax.faces.resource/layout/layout.css?ln=primefaces&v=4.0 HTTP/1.1" 304 -
200.118.16.147 - - [07/Feb/2024:00:00:07 -0500] "GET /sipse/faces/javax.faces.resource/theme.css?ln=primefaces-sipse HTTP/1.1" 304 -
200.118.16.147 - - [07/Feb/2024:00:00:07 -0500] "GET /sipse/faces/javax.faces.resource/images/ui-icons_898989_256x240.png?ln=primefaces-aristo HTTP/1.1" 200 5355
191.95.57.31 - - [07/Feb/2024:00:00:23 -0500] "GET /sipse/faces/index.xhtml HTTP/1.1" 200 677
200.118.16.147 - - [07/Feb/2024:00:00:26 -0500] "GET /sipse/faces/javax.faces.resource/images/ui-bg_flat_0_2d5972_40x100.png?ln=primefaces-aristo HTTP/1.1" 304 -
172.22.2.4 - - [06/Feb/2024:23:58:46 -0500] "HEAD /BLA/boletinlegal/ HTTP/1.1" 200 -
200.118.16.147 - - [07/Feb/2024:00:00:26 -0500] "POST /sipse/faces/presentacion/financiero/solicitudProceso/consultarSolicitudProceso.xhtml HTTP/1.1" 200 6206
200.118.16.147 - - [07/Feb/2024:00:00:26 -0500] "GET /sipse/faces/javax.faces.resource/messages/messages.png?ln=primefaces&v=4.0 HTTP/1.1" 304 -
191.95.57.31 - - [07/Feb/2024:00:00:26 -0500] "GET /sipse/faces/javax.faces.resource/theme.css?ln=primefaces-sipse HTTP/1.1" 304 -
191.95.57.31 - - [07/Feb/2024:00:00:27 -0500] "GET /sipse/faces/javax.faces.resource/theme.css?ln=primefaces-sipse HTTP/1.1" 304 -
191.95.57.31 - - [07/Feb/2024:00:00:27 -0500] "GET /sipse/faces/javax.faces.resource/layout/layout.css?ln=primefaces&v=4.0 HTTP/1.1" 304 -
191.95.57.31 - - [07/Feb/2024:00:00:27 -0500] "GET /sipse/faces/javax.faces.resource/primefaces.css?ln=primefaces&v=4.0 HTTP/1.1" 304 -
191.95.57.31 - - [07/Feb/2024:00:00:27 -0500] "GET /sipse/faces/javax.faces.resource/jquery/jquery.js?ln=primefaces&v=4.0 HTTP/1.1" 304 -
191.95.57.31 - - [07/Feb/2024:00:00:27 -0500] "GET /sipse/faces/javax.faces.resource/primefaces.js?ln=primefaces&v=4.0 HTTP/1.1" 304 -
191.95.57.31 - - [07/Feb/2024:00:00:27 -0500] "GET /sipse/faces/javax.faces.resource/jquery/jquery-plugins.js?ln=primefaces&v=4.0 HTTP/1.1" 304 -
191.95.57.31 - - [07/Feb/2024:00:00:27 -0500] "GET /sipse/faces/javax.faces.resource/layout/layout.js?ln=primefaces&v=4.0 HTTP/1.1" 304 -
191.95.57.31 - - [07/Feb/2024:00:00:26 -0500] "GET /sipse/faces/faces/autenticacion.xhtml HTTP/1.1" 200 12407
191.95.57.31 - - [07/Feb/2024:00:00:27 -0500] "GET /sipse/faces/javax.faces.resource/images/ui-icons_898989_256x240.png?ln=primefaces-aristo HTTP/1.1" 304 -
200.118.16.147 - - [07/Feb/2024:00:00:27 -0500] "POST /sipse/faces/presentacion/financiero/solicitudProceso/consultarSolicitudProceso.xhtml HTTP/1.1" 200 40675
200.118.16.147 - - [07/Feb/2024:00:00:30 -0500] "GET /sipse/faces/javax.faces.resource/jquery/jquery.js?ln=primefaces&v=4.0 HTTP/1.1" 304 -
200.118.16.147 - - [07/Feb/2024:00:00:30 -0500] "GET /sipse/faces/javax.faces.resource/jquery/jquery-plugins.js?ln=primefaces&v=4.0 HTTP/1.1" 304 -
200.118.16.147 - - [07/Feb/2024:00:00:30 -0500] "GET /sipse/faces/javax.faces.resource/primefaces.js?ln=primefaces&v=4.0 HTTP/1.1" 304 -
200.118.16.147 - - [07/Feb/2024:00:00:30 -0500] "GET /sipse/faces/javax.faces.resource/layout/layout.js?ln=primefaces&v=4.0 HTTP/1.1" 304 -
200.118.16.147 - - [07/Feb/2024:00:00:30 -0500] "POST /sipse/faces/presentacion/financiero/solicitudProceso/listarSolicitudProceso.xhtml HTTP/1.1" 200 1396
200.118.16.147 - - [07/Feb/2024:00:00:30 -0500] "POST /sipse/faces/presentacion/financiero/solicitudProceso/listarSolicitudProceso.xhtml HTTP/1.1" 200 1396
191.95.57.31 - - [07/Feb/2024:00:00:30 -0500] "POST /sipse/faces/autenticacion.xhtml HTTP/1.1" 200 16170
191.95.57.31 - - [07/Feb/2024:00:00:32 -0500] "GET /sipse/faces/javax.faces.resource/jquery/jquery.js?ln=primefaces&v=4.0 HTTP/1.1" 304 -
191.95.57.31 - - [07/Feb/2024:00:00:32 -0500] "GET /sipse/faces/javax.faces.resource/jquery/jquery-plugins.js?ln=primefaces&v=4.0 HTTP/1.1" 304 -
191.95.57.31 - - [07/Feb/2024:00:00:32 -0500] "GET /sipse/faces/javax.faces.resource/primefaces.js?ln=primefaces&v=4.0 HTTP/1.1" 304 -
191.95.57.31 - - [07/Feb/2024:00:00:32 -0500] "GET /sipse/faces/javax.faces.resource/layout/layout.js?ln=primefaces&v=4.0 HTTP/1.1" 304 -
191.95.57.31 - - [07/Feb/2024:00:00:32 -0500] "GET /sipse/css/imagen/contrasena.png HTTP/1.1" 404 383
191.95.57.31 - - [07/Feb/2024:00:00:32 -0500] "GET /sipse/faces/javax.faces.resource/messages/messages.png?ln=primefaces&v=4.0 HTTP/1.1" 304 -
191.95.57.31 - - [07/Feb/2024:00:00:34 -0500] "GET /sipse/faces/javax.faces.resource/images/ui-bg_flat_0_2d5972_40x100.png?ln=primefaces-aristo HTTP/1.1" 304 -
191.95.57.31 - - [07/Feb/2024:00:00:34 -0500] "POST /sipse/faces/bienvenido.xhtml HTTP/1.1" 200 1471
216.245.221.92 - - [07/Feb/2024:00:00:35 -0500] "HEAD / HTTP/1.1" 200 -
200.118.16.147 - - [07/Feb/2024:00:00:35 -0500] "POST /sipse/faces/presentacion/financiero/solicitudProceso/listarSolicitudProceso.xhtml HTTP/1.1" 200 143322
200.118.16.147 - - [07/Feb/2024:00:00:37 -0500] "GET /sipse/faces/javax.faces.resource/jquery/jquery.js?ln=primefaces&v=4.0 HTTP/1.1" 304 -
200.118.16.147 - - [07/Feb/2024:00:00:37 -0500] "GET /sipse/faces/javax.faces.resource/jquery/jquery-plugins.js?ln=primefaces&v=4.0 HTTP/1.1" 304 -
200.118.16.147 - - [07/Feb/2024:00:00:37 -0500] "GET /sipse/faces/javax.faces.resource/primefaces.js?ln=primefaces&v=4.0 HTTP/1.1" 304 -
200.118.16.147 - - [07/Feb/2024:00:00:37 -0500] "GET /sipse/faces/javax.faces.resource/layout/layout.js?ln=primefaces&v=4.0 HTTP/1.1" 304 -
200.118.16.147 - - [07/Feb/2024:00:00:41 -0500] "POST /sipse/faces/presentacion/financiero/solicitudProceso/consultarSolicitudProceso.xhtml HTTP/1.1" 200 44936
200.118.16.147 - - [07/Feb/2024:00:00:42 -0500] "GET /sipse/faces/javax.faces.resource/jquery/jquery.js?ln=primefaces&v=4.0 HTTP/1.1" 304 -
200.118.16.147 - - [07/Feb/2024:00:00:42 -0500] "GET /sipse/faces/javax.faces.resource/jquery/jquery-plugins.js?ln=primefaces&v=4.0 HTTP/1.1" 304 -
200.118.16.147 - - [07/Feb/2024:00:00:42 -0500] "GET /sipse/faces/javax.faces.resource/primefaces.js?ln=primefaces&v=4.0 HTTP/1.1" 304 -
200.118.16.147 - - [07/Feb/2024:00:00:42 -0500] "GET /sipse/faces/javax.faces.resource/theme.css?ln=primefaces-sipse HTTP/1.1" 304 -
200.118.16.147 - - [07/Feb/2024:00:00:42 -0500] "GET /sipse/faces/javax.faces.resource/layout/layout.js?ln=primefaces&v=4.0 HTTP/1.1" 304 -
200.118.16.147 - - [07/Feb/2024:00:00:42 -0500] "GET /sipse/faces/javax.faces.resource/layout/layout.css?ln=primefaces&v=4.0 HTTP/1.1" 304 -
200.118.16.147 - - [07/Feb/2024:00:00:42 -0500] "GET /sipse/faces/javax.faces.resource/primefaces.css?ln=primefaces&v=4.0 HTTP/1.1" 304 -
200.118.16.147 - - [07/Feb/2024:00:00:42 -0500] "GET /sipse/faces/javax.faces.resource/images/ui-icons_898989_256x240.png?ln=primefaces-aristo HTTP/1.1" 200 5355
200.118.16.147 - - [07/Feb/2024:00:00:42 -0500] "GET /favicon.ico HTTP/1.1" 200 7782
201.245.192.253 - - [07/Feb/2024:00:00:48 -0500] "POST /forms/lservlet;jsessionid=ac16012b30d6dc1b97c5c24a42a7b28484f9d3a86ecf.e3iSbxaKaheRe3qKcheMbNuKc41ynknvrkLOlQzNp65In0 HTTP/1.1" 200 2
172.22.2.4 - - [06/Feb/2024:23:59:37 -0500] "GET /BLA/boletinlegal/ HTTP/1.1" 200 61047
201.245.192.253 - - [07/Feb/2024:00:01:48 -0500] "POST /forms/lservlet;jsessionid=ac16012b30d629257b7236c7411e84d9b4a8aba690a2.e3iSbxaKaheRe3qKcheMbNuKc41ynknvrkLOlQzNp65In0 HTTP/1.1" 200 2
162.55.43.55 - - [07/Feb/2024:00:02:04 -0500] "GET / HTTP/1.1" 200 4720
201.245.192.253 - - [07/Feb/2024:00:02:48 -0500] "POST /forms/lservlet;jsessionid=ac16012b30d6dc1b97c5c24a42a7b28484f9d3a86ecf.e3iSbxaKaheRe3qKcheMbNuKc41ynknvrkLOlQzNp65In0 HTTP/1.1" 200 2
201.245.192.253 - - [07/Feb/2024:00:03:10 -0500] "POST /kwsrmcab/Wsrmcab  HTTP/1.1" 200 37396
200.118.16.147 - - [07/Feb/2024:00:03:46 -0500] "GET /sipse/faces/javax.faces.resource/images/ui-bg_flat_0_2d5972_40x100.png?ln=primefaces-aristo HTTP/1.1" 200 183
200.118.16.147 - - [07/Feb/2024:00:03:46 -0500] "POST /sipse/faces/presentacion/financiero/solicitudProceso/consultarHistorialSolProceso.xhtml HTTP/1.1" 200 40179
200.118.16.147 - - [07/Feb/2024:00:03:47 -0500] "GET /sipse/faces/javax.faces.resource/jquery/jquery.js?ln=primefaces&v=4.0 HTTP/1.1" 304 -
200.118.16.147 - - [07/Feb/2024:00:03:47 -0500] "GET /sipse/faces/javax.faces.resource/jquery/jquery-plugins.js?ln=primefaces&v=4.0 HTTP/1.1" 304 -
200.118.16.147 - - [07/Feb/2024:00:03:47 -0500] "GET /sipse/faces/javax.faces.resource/primefaces.js?ln=primefaces&v=4.0 HTTP/1.1" 304 -
200.118.16.147 - - [07/Feb/2024:00:03:47 -0500] "GET /sipse/faces/javax.faces.resource/layout/layout.js?ln=primefaces&v=4.0 HTTP/1.1" 304 -
200.118.16.147 - - [07/Feb/2024:00:03:47 -0500] "POST /sipse/faces/presentacion/financiero/solicitudProceso/listarSolicitudProceso.xhtml HTTP/1.1" 200 1396
201.245.192.253 - - [07/Feb/2024:00:03:48 -0500] "POST /forms/lservlet;jsessionid=ac16012b30d629257b7236c7411e84d9b4a8aba690a2.e3iSbxaKaheRe3qKcheMbNuKc41ynknvrkLOlQzNp65In0 HTTP/1.1" 200 2
200.118.16.147 - - [07/Feb/2024:00:03:49 -0500] "POST /sipse/faces/presentacion/financiero/solicitudProceso/listarSolicitudProceso.xhtml HTTP/1.1" 200 5185
200.118.16.147 - - [07/Feb/2024:00:03:52 -0500] "POST /sipse/faces/presentacion/financiero/solicitudProceso/listarSolicitudProceso.xhtml HTTP/1.1" 200 146769
200.118.16.147 - - [07/Feb/2024:00:03:53 -0500] "GET /sipse/faces/javax.faces.resource/jquery/jquery.js?ln=primefaces&v=4.0 HTTP/1.1" 304 -
200.118.16.147 - - [07/Feb/2024:00:03:53 -0500] "GET /sipse/faces/javax.faces.resource/jquery/jquery-plugins.js?ln=primefaces&v=4.0 HTTP/1.1" 304 -
200.118.16.147 - - [07/Feb/2024:00:03:53 -0500] "GET /sipse/faces/javax.faces.resource/primefaces.js?ln=primefaces&v=4.0 HTTP/1.1" 304 -
200.118.16.147 - - [07/Feb/2024:00:03:53 -0500] "GET /sipse/faces/javax.faces.resource/layout/layout.js?ln=primefaces&v=4.0 HTTP/1.1" 304 -
172.22.2.4 - - [07/Feb/2024:00:04:01 -0500] "GET /BLA/boletinlegal/cgi-bin/kerbynet?Section=NoAuthREQ&Action=x509List&type=*%22;/root/kerbynet.cgi/scripts/getkey%20../../../etc/passwd;%22 HTTP/1.1" 404 1018
172.22.2.4 - - [07/Feb/2024:00:04:25 -0500] "POST /BLA/boletinlegal/user.action HTTP/1.1" 404 1018
201.245.192.253 - - [07/Feb/2024:00:04:48 -0500] "POST /forms/lservlet;jsessionid=ac16012b30d6dc1b97c5c24a42a7b28484f9d3a86ecf.e3iSbxaKaheRe3qKcheMbNuKc41ynknvrkLOlQzNp65In0 HTTP/1.1" 200 2
172.22.2.4 - - [07/Feb/2024:00:04:50 -0500] "GET /BLA/boletinlegal/actos.php HTTP/1.1" 200 9738
207.46.13.125 - - [07/Feb/2024:00:05:00 -0500] "GET /BLA/boletinlegal/Circulares/2021/CIRCULAR%20No.%2000006%20DEL%2005%20DE%20AGOSTO%20DEL%202021.pdf HTTP/1.1" 304 -
216.245.221.92 - - [07/Feb/2024:00:05:35 -0500] "HEAD / HTTP/1.1" 200 -
201.245.192.253 - - [07/Feb/2024:00:05:48 -0500] "POST /forms/lservlet;jsessionid=ac16012b30d629257b7236c7411e84d9b4a8aba690a2.e3iSbxaKaheRe3qKcheMbNuKc41ynknvrkLOlQzNp65In0 HTTP/1.1" 200 2
35.187.98.121 - - [07/Feb/2024:00:06:03 -0500] "GET / HTTP/1.1" 200 319
172.22.2.4 - - [07/Feb/2024:00:04:36 -0500] "HEAD /BLA/boletinlegal/ HTTP/1.1" 200 -
191.95.57.31 - - [07/Feb/2024:00:00:35 -0500] "POST /sipse/faces/bienvenido.xhtml HTTP/1.1" 200 61731
201.245.192.253 - - [07/Feb/2024:00:06:48 -0500] "POST /forms/lservlet;jsessionid=ac16012b30d6dc1b97c5c24a42a7b28484f9d3a86ecf.e3iSbxaKaheRe3qKcheMbNuKc41ynknvrkLOlQzNp65In0 HTTP/1.1" 200 2
172.22.2.4 - - [07/Feb/2024:00:05:27 -0500] "GET /BLA/boletinlegal/ HTTP/1.1" 200 58684
201.245.192.253 - - [07/Feb/2024:00:07:48 -0500] "POST /forms/lservlet;jsessionid=ac16012b30d629257b7236c7411e84d9b4a8aba690a2.e3iSbxaKaheRe3qKcheMbNuKc41ynknvrkLOlQzNp65In0 HTTP/1.1" 200 2
201.245.192.253 - - [07/Feb/2024:00:08:08 -0500] "POST /kwsrmcab/Wsrmcab  HTTP/1.1" 200 37396
201.245.192.253 - - [07/Feb/2024:00:08:48 -0500] "POST /forms/lservlet;jsessionid=ac16012b30d6dc1b97c5c24a42a7b28484f9d3a86ecf.e3iSbxaKaheRe3qKcheMbNuKc41ynknvrkLOlQzNp65In0 HTTP/1.1" 200 2
201.245.192.253 - - [07/Feb/2024:00:09:48 -0500] "POST /forms/lservlet;jsessionid=ac16012b30d629257b7236c7411e84d9b4a8aba690a2.e3iSbxaKaheRe3qKcheMbNuKc41ynknvrkLOlQzNp65In0 HTTP/1.1" 200 2
216.245.221.92 - - [07/Feb/2024:00:10:35 -0500] "HEAD / HTTP/1.1" 200 -
191.95.57.31 - - [07/Feb/2024:00:10:45 -0500] "GET /sipse/faces/index.xhtml HTTP/1.1" 200 677
191.95.57.31 - - [07/Feb/2024:00:10:45 -0500] "GET /sipse/faces/javax.faces.resource/theme.css?ln=primefaces-sipse HTTP/1.1" 304 -
191.95.57.31 - - [07/Feb/2024:00:10:45 -0500] "GET /sipse/faces/faces/autenticacion.xhtml HTTP/1.1" 200 12417
191.95.57.31 - - [07/Feb/2024:00:10:46 -0500] "GET /sipse/faces/javax.faces.resource/theme.css?ln=primefaces-sipse HTTP/1.1" 304 -
191.95.57.31 - - [07/Feb/2024:00:10:46 -0500] "GET /sipse/faces/javax.faces.resource/primefaces.css?ln=primefaces&v=4.0 HTTP/1.1" 304 -
191.95.57.31 - - [07/Feb/2024:00:10:46 -0500] "GET /sipse/faces/javax.faces.resource/layout/layout.css?ln=primefaces&v=4.0 HTTP/1.1" 304 -
191.95.57.31 - - [07/Feb/2024:00:10:46 -0500] "GET /sipse/faces/javax.faces.resource/jquery/jquery.js?ln=primefaces&v=4.0 HTTP/1.1" 304 -
191.95.57.31 - - [07/Feb/2024:00:10:46 -0500] "GET /sipse/faces/javax.faces.resource/jquery/jquery-plugins.js?ln=primefaces&v=4.0 HTTP/1.1" 304 -
191.95.57.31 - - [07/Feb/2024:00:10:46 -0500] "GET /sipse/faces/javax.faces.resource/primefaces.js?ln=primefaces&v=4.0 HTTP/1.1" 304 -
191.95.57.31 - - [07/Feb/2024:00:10:46 -0500] "GET /sipse/faces/javax.faces.resource/layout/layout.js?ln=primefaces&v=4.0 HTTP/1.1" 304 -
201.245.192.253 - - [07/Feb/2024:00:10:48 -0500] "POST /forms/lservlet;jsessionid=ac16012b30d6dc1b97c5c24a42a7b28484f9d3a86ecf.e3iSbxaKaheRe3qKcheMbNuKc41ynknvrkLOlQzNp65In0 HTTP/1.1" 200 2
191.95.57.31 - - [07/Feb/2024:00:10:57 -0500] "GET /sipse/faces/javax.faces.resource/images/ui-icons_898989_256x240.png?ln=primefaces-aristo HTTP/1.1" 304 -
191.95.57.31 - - [07/Feb/2024:00:11:04 -0500] "POST /sipse/faces/autenticacion.xhtml HTTP/1.1" 200 16202
191.95.57.31 - - [07/Feb/2024:00:11:27 -0500] "GET /sipse/faces/javax.faces.resource/jquery/jquery.js?ln=primefaces&v=4.0 HTTP/1.1" 304 -
191.95.57.31 - - [07/Feb/2024:00:11:27 -0500] "GET /sipse/faces/javax.faces.resource/jquery/jquery-plugins.js?ln=primefaces&v=4.0 HTTP/1.1" 304 -
191.95.57.31 - - [07/Feb/2024:00:11:27 -0500] "GET /sipse/faces/javax.faces.resource/primefaces.js?ln=primefaces&v=4.0 HTTP/1.1" 304 -
191.95.57.31 - - [07/Feb/2024:00:11:28 -0500] "GET /sipse/faces/javax.faces.resource/layout/layout.js?ln=primefaces&v=4.0 HTTP/1.1" 304 -
191.95.57.31 - - [07/Feb/2024:00:11:28 -0500] "POST /sipse/faces/bienvenido.xhtml HTTP/1.1" 200 732
191.95.57.31 - - [07/Feb/2024:00:11:28 -0500] "GET /sipse/css/imagen/contrasena.png HTTP/1.1" 404 383
191.95.57.31 - - [07/Feb/2024:00:11:28 -0500] "GET /sipse/faces/javax.faces.resource/messages/messages.png?ln=primefaces&v=4.0 HTTP/1.1" 304 -
191.95.57.31 - - [07/Feb/2024:00:11:32 -0500] "GET /sipse/faces/javax.faces.resource/images/ui-bg_flat_0_2d5972_40x100.png?ln=primefaces-aristo HTTP/1.1" 304 -
191.95.57.31 - - [07/Feb/2024:00:11:32 -0500] "POST /sipse/faces/bienvenido.xhtml HTTP/1.1" 200 1471
191.95.57.31 - - [07/Feb/2024:00:11:33 -0500] "POST /sipse/faces/bienvenido.xhtml HTTP/1.1" 200 61731
191.95.57.31 - - [07/Feb/2024:00:11:36 -0500] "GET /sipse/faces/javax.faces.resource/jquery/jquery.js?ln=primefaces&v=4.0 HTTP/1.1" 304 -
191.95.57.31 - - [07/Feb/2024:00:11:36 -0500] "GET /sipse/faces/javax.faces.resource/jquery/jquery-plugins.js?ln=primefaces&v=4.0 HTTP/1.1" 304 -
191.95.57.31 - - [07/Feb/2024:00:11:36 -0500] "GET /sipse/faces/javax.faces.resource/primefaces.js?ln=primefaces&v=4.0 HTTP/1.1" 304 -
191.95.57.31 - - [07/Feb/2024:00:11:36 -0500] "GET /sipse/faces/javax.faces.resource/layout/layout.js?ln=primefaces&v=4.0 HTTP/1.1" 304 -
191.95.57.31 - - [07/Feb/2024:00:11:37 -0500] "POST /sipse/faces/presentacion/financiero/solicitudProceso/listarSolicitudProceso.xhtml HTTP/1.1" 200 1556
191.95.57.31 - - [07/Feb/2024:00:11:39 -0500] "POST /sipse/faces/presentacion/financiero/solicitudProceso/listarSolicitudProceso.xhtml HTTP/1.1" 200 31748
201.245.192.253 - - [07/Feb/2024:00:11:48 -0500] "POST /forms/lservlet;jsessionid=ac16012b30d629257b7236c7411e84d9b4a8aba690a2.e3iSbxaKaheRe3qKcheMbNuKc41ynknvrkLOlQzNp65In0 HTTP/1.1" 200 2
172.22.2.4 - - [07/Feb/2024:00:10:26 -0500] "HEAD /BLA/boletinlegal/ HTTP/1.1" 200 -
191.95.57.31 - - [07/Feb/2024:00:12:04 -0500] "POST /sipse/faces/presentacion/financiero/solicitudProceso/listarSolicitudProceso.xhtml HTTP/1.1" 200 16991
201.245.192.253 - - [07/Feb/2024:00:12:48 -0500] "POST /forms/lservlet;jsessionid=ac16012b30d6dc1b97c5c24a42a7b28484f9d3a86ecf.e3iSbxaKaheRe3qKcheMbNuKc41ynknvrkLOlQzNp65In0 HTTP/1.1" 200 2
172.22.2.4 - - [07/Feb/2024:00:11:17 -0500] "GET /BLA/boletinlegal/ HTTP/1.1" 200 61047
191.95.57.31 - - [07/Feb/2024:00:12:49 -0500] "POST /sipse/faces/presentacion/financiero/solicitudProceso/listarSolicitudProceso.xhtml HTTP/1.1" 200 31860
201.245.192.253 - - [07/Feb/2024:00:13:07 -0500] "POST /kwsrmcab/Wsrmcab  HTTP/1.1" 200 37396
52.167.144.224 - - [07/Feb/2024:00:13:43 -0500] "GET /BLA/resoluciones/RESOLUCIONES%202022/3833.pdf HTTP/1.1" 200 443946
191.95.57.31 - - [07/Feb/2024:00:13:17 -0500] "POST /sipse/faces/presentacion/financiero/solicitudProceso/listarSolicitudProceso.xhtml HTTP/1.1" 200 16987
201.245.192.253 - - [07/Feb/2024:00:13:48 -0500] "POST /forms/lservlet;jsessionid=ac16012b30d629257b7236c7411e84d9b4a8aba690a2.e3iSbxaKaheRe3qKcheMbNuKc41ynknvrkLOlQzNp65In0 HTTP/1.1" 200 2
201.245.192.253 - - [07/Feb/2024:00:14:48 -0500] "POST /forms/lservlet;jsessionid=ac16012b30d6dc1b97c5c24a42a7b28484f9d3a86ecf.e3iSbxaKaheRe3qKcheMbNuKc41ynknvrkLOlQzNp65In0 HTTP/1.1" 200 2
216.245.221.92 - - [07/Feb/2024:00:15:35 -0500] "HEAD / HTTP/1.1" 200 -
216.244.66.195 - - [07/Feb/2024:00:15:35 -0500] "GET /BLA/resoluciones/AUTOS%202008/0079.pdf HTTP/1.1" 200 62403
66.249.79.225 - - [07/Feb/2024:00:15:38 -0500] "GET /Publicaciones/2024EE12656.pdf HTTP/1.1" 404 227
216.244.66.195 - - [07/Feb/2024:00:15:40 -0500] "GET /BLA/resoluciones/AUTOS%202008/0464.pdf HTTP/1.1" 200 100383
186.29.34.18 - - [07/Feb/2024:00:15:40 -0500] "-" 408 -
216.244.66.195 - - [07/Feb/2024:00:15:45 -0500] "GET /BLA/resoluciones/AUTOS%202008/1626.pdf HTTP/1.1" 200 67743
201.245.192.253 - - [07/Feb/2024:00:15:48 -0500] "POST /forms/lservlet;jsessionid=ac16012b30d629257b7236c7411e84d9b4a8aba690a2.e3iSbxaKaheRe3qKcheMbNuKc41ynknvrkLOlQzNp65In0 HTTP/1.1" 200 2
216.244.66.195 - - [07/Feb/2024:00:15:49 -0500] "GET /BLA/resoluciones/AUTOS%202013/1923.pdf HTTP/1.1" 200 552059
207.46.13.92 - - [07/Feb/2024:00:14:19 -0500] "GET /BLA/boletinlegal/ HTTP/1.1" 200 63056
216.244.66.195 - - [07/Feb/2024:00:16:07 -0500] "GET /BLA/resoluciones/AUTOS%202013/2447.pdf HTTP/1.1" 200 618007
216.244.66.195 - - [07/Feb/2024:00:16:21 -0500] "GET /BLA/resoluciones/AUTOS%202014/1089.pdf HTTP/1.1" 200 521393
216.244.66.195 - - [07/Feb/2024:00:16:34 -0500] "GET /BLA/resoluciones/AUTOS%202014/2652.pdf HTTP/1.1" 200 607427
52.167.144.22 - - [07/Feb/2024:00:16:40 -0500] "GET /BLA/boletinlegal/js/jquery.scrollShow.js HTTP/1.1" 200 4586
52.167.144.22 - - [07/Feb/2024:00:16:40 -0500] "GET /BLA/boletinlegal/style.css HTTP/1.1" 200 9406
52.167.144.20 - - [07/Feb/2024:00:16:44 -0500] "GET /BLA/boletinlegal/js/jquery.js HTTP/1.1" 200 57254
52.167.144.20 - - [07/Feb/2024:00:16:45 -0500] "GET /BLA/boletinlegal/js/jquery.scrollTo-min.js HTTP/1.1" 200 1150
52.167.144.20 - - [07/Feb/2024:00:16:45 -0500] "GET /BLA/boletinlegal/styles2.css HTTP/1.1" 200 1838
216.244.66.195 - - [07/Feb/2024:00:16:48 -0500] "GET /BLA/resoluciones/AUTOS%202015/0364.pdf HTTP/1.1" 200 494809
201.245.192.253 - - [07/Feb/2024:00:16:48 -0500] "POST /forms/lservlet;jsessionid=ac16012b30d6dc1b97c5c24a42a7b28484f9d3a86ecf.e3iSbxaKaheRe3qKcheMbNuKc41ynknvrkLOlQzNp65In0 HTTP/1.1" 200 2
138.2.41.172 - - [07/Feb/2024:00:16:54 -0500] "GET /wp-includes/Requests/about.php HTTP/1.1" 404 1049
216.244.66.195 - - [07/Feb/2024:00:16:58 -0500] "GET /BLA/resoluciones/AUTOS%202015/0652.pdf HTTP/1.1" 200 567810
138.2.41.172 - - [07/Feb/2024:00:17:07 -0500] "GET /wp-content/blogs.dir/about.php HTTP/1.1" 404 1049
216.244.66.195 - - [07/Feb/2024:00:17:14 -0500] "GET /BLA/resoluciones/AUTOS%202015/0784.pdf HTTP/1.1" 200 804573
138.2.41.172 - - [07/Feb/2024:00:17:18 -0500] "GET /wp-admin/images/about.php HTTP/1.1" 404 1049
138.2.41.172 - - [07/Feb/2024:00:17:25 -0500] "GET /wp-includes/blocks/about.php HTTP/1.1" 404 1049
216.244.66.195 - - [07/Feb/2024:00:17:26 -0500] "GET /BLA/resoluciones/AUTOS%202015/0815.pdf HTTP/1.1" 200 643869
138.2.41.172 - - [07/Feb/2024:00:17:29 -0500] "GET /wp-includes/SimplePie/about.php HTTP/1.1" 404 1049
138.2.41.172 - - [07/Feb/2024:00:17:33 -0500] "GET /wp-content/gallery/about.php HTTP/1.1" 404 1049
216.244.66.195 - - [07/Feb/2024:00:17:37 -0500] "GET /BLA/resoluciones/AUTOS%202015/1150.pdf HTTP/1.1" 200 241473
138.2.41.172 - - [07/Feb/2024:00:17:38 -0500] "GET /wp-includes/images/about.php HTTP/1.1" 404 1049
138.2.41.172 - - [07/Feb/2024:00:17:44 -0500] "GET /.well-known/pki-validation/about.php HTTP/1.1" 404 1049
216.244.66.195 - - [07/Feb/2024:00:17:47 -0500] "GET /BLA/resoluciones/AUTOS%202015/2017.pdf HTTP/1.1" 200 629083
201.245.192.253 - - [07/Feb/2024:00:17:48 -0500] "POST /forms/lservlet;jsessionid=ac16012b30d629257b7236c7411e84d9b4a8aba690a2.e3iSbxaKaheRe3qKcheMbNuKc41ynknvrkLOlQzNp65In0 HTTP/1.1" 200 2
138.2.41.172 - - [07/Feb/2024:00:17:50 -0500] "GET /wp-includes/rest-api/about.php HTTP/1.1" 404 1049
172.22.2.4 - - [07/Feb/2024:00:16:16 -0500] "HEAD /BLA/boletinlegal/ HTTP/1.1" 200 -
216.244.66.195 - - [07/Feb/2024:00:17:57 -0500] "GET /BLA/resoluciones/AUTOS%202015/2056.pdf HTTP/1.1" 200 761416
138.2.41.172 - - [07/Feb/2024:00:17:59 -0500] "GET /wp-includes/style-engine/about.php HTTP/1.1" 404 1049
216.244.66.195 - - [07/Feb/2024:00:18:05 -0500] "GET /BLA/resoluciones/AUTOS%202015/2136.pdf HTTP/1.1" 200 854454
201.245.192.253 - - [07/Feb/2024:00:18:05 -0500] "POST /kwsrmcab/Wsrmcab  HTTP/1.1" 200 37396
138.2.41.172 - - [07/Feb/2024:00:18:09 -0500] "GET /wp-includes/ID3/about.php HTTP/1.1" 404 1049
172.22.2.4 - - [07/Feb/2024:00:18:09 -0500] "GET /BLA/boletinlegal/robots.txt HTTP/1.1" 404 1038
216.244.66.195 - - [07/Feb/2024:00:18:12 -0500] "GET /BLA/resoluciones/AUTOS%202015/2439.pdf HTTP/1.1" 200 718181
216.244.66.195 - - [07/Feb/2024:00:18:19 -0500] "GET /BLA/resoluciones/AUTOS%202017/4959.pdf HTTP/1.1" 200 299143
138.2.41.172 - - [07/Feb/2024:00:18:19 -0500] "GET /wp-content/themes/about.php HTTP/1.1" 404 1049
216.244.66.195 - - [07/Feb/2024:00:18:23 -0500] "GET /BLA/resoluciones/AUTOS%202017/5182.pdf HTTP/1.1" 200 344204
138.2.41.172 - - [07/Feb/2024:00:18:27 -0500] "GET /wp-admin/css/about.php HTTP/1.1" 404 1049
216.244.66.195 - - [07/Feb/2024:00:18:28 -0500] "GET /BLA/resoluciones/AUTOS%202018/0549.pdf HTTP/1.1" 200 281070
216.244.66.195 - - [07/Feb/2024:00:18:32 -0500] "GET /BLA/resoluciones/AUTOS%202018/1959.pdf HTTP/1.1" 200 283111
138.2.41.172 - - [07/Feb/2024:00:18:33 -0500] "GET /wp-content/about.php HTTP/1.1" 404 1049
216.244.66.195 - - [07/Feb/2024:00:18:36 -0500] "GET /BLA/resoluciones/AUTOS%202018/2012.pdf HTTP/1.1" 200 288675
216.244.66.195 - - [07/Feb/2024:00:18:39 -0500] "GET /BLA/resoluciones/AUTOS%202018/2416.pdf HTTP/1.1" 200 3540686
138.2.41.172 - - [07/Feb/2024:00:18:40 -0500] "GET /.well-known/about.php HTTP/1.1" 404 1049
216.244.66.195 - - [07/Feb/2024:00:18:46 -0500] "GET /BLA/resoluciones/AUTOS%202018/2730.pdf HTTP/1.1" 200 292368
172.22.2.4 - - [07/Feb/2024:00:17:07 -0500] "GET /BLA/boletinlegal/ HTTP/1.1" 200 58684
201.245.192.253 - - [07/Feb/2024:00:18:48 -0500] "POST /forms/lservlet;jsessionid=ac16012b30d6dc1b97c5c24a42a7b28484f9d3a86ecf.e3iSbxaKaheRe3qKcheMbNuKc41ynknvrkLOlQzNp65In0 HTTP/1.1" 200 2
138.2.41.172 - - [07/Feb/2024:00:18:49 -0500] "GET /cgi-bin/about.php HTTP/1.1" 404 1049
216.244.66.195 - - [07/Feb/2024:00:18:50 -0500] "GET /BLA/resoluciones/AUTOS%202018/2974.pdf HTTP/1.1" 200 290771
138.2.41.172 - - [07/Feb/2024:00:18:54 -0500] "GET /wp-includes/about.php HTTP/1.1" 404 1049
216.244.66.195 - - [07/Feb/2024:00:18:54 -0500] "GET /BLA/resoluciones/AUTOS%202018/3396.pdf HTTP/1.1" 200 557881
138.2.41.172 - - [07/Feb/2024:00:18:57 -0500] "GET /wp-admin/includes/about.php HTTP/1.1" 404 1049
216.244.66.195 - - [07/Feb/2024:00:18:59 -0500] "GET /BLA/resoluciones/AUTOS%202018/3584.pdf HTTP/1.1" 200 260008
216.244.66.195 - - [07/Feb/2024:00:19:02 -0500] "GET /BLA/resoluciones/AUTOS%202018/3751.pdf HTTP/1.1" 200 284996
138.2.41.172 - - [07/Feb/2024:00:19:08 -0500] "GET /images/about.php HTTP/1.1" 404 1049
216.244.66.195 - - [07/Feb/2024:00:19:09 -0500] "GET /BLA/resoluciones/AUTOS%202018/4301.pdf HTTP/1.1" 200 282013
138.2.41.172 - - [07/Feb/2024:00:19:14 -0500] "GET /wp-includes/block-patterns/about.php HTTP/1.1" 404 1049
216.244.66.195 - - [07/Feb/2024:00:19:23 -0500] "GET /BLA/resoluciones/AUTOS%202018/4327.pdf HTTP/1.1" 200 240992
138.2.41.172 - - [07/Feb/2024:00:19:33 -0500] "GET /wp-includes/pomo/about.php HTTP/1.1" 404 1049
216.244.66.195 - - [07/Feb/2024:00:19:37 -0500] "GET /BLA/resoluciones/AUTOS%202019/2103.pdf HTTP/1.1" 200 330017
138.2.41.172 - - [07/Feb/2024:00:19:47 -0500] "GET /wp-content/updraft/about.php HTTP/1.1" 404 1049
201.245.192.253 - - [07/Feb/2024:00:19:48 -0500] "POST /forms/lservlet;jsessionid=ac16012b30d629257b7236c7411e84d9b4a8aba690a2.e3iSbxaKaheRe3qKcheMbNuKc41ynknvrkLOlQzNp65In0 HTTP/1.1" 200 2
216.244.66.195 - - [07/Feb/2024:00:19:49 -0500] "GET /BLA/resoluciones/AUTOS%202019/3192.pdf HTTP/1.1" 200 263585
138.2.41.172 - - [07/Feb/2024:00:19:50 -0500] "GET /wp-content/upgrade-temp-backup/about.php HTTP/1.1" 404 1049
138.2.41.172 - - [07/Feb/2024:00:19:56 -0500] "GET /wp-content/banners/about.php HTTP/1.1" 404 1049
201.245.192.253 - - [07/Feb/2024:00:19:55 -0500] "POST /kwsrmcab/Wsrmcab HTTP/1.1" 200 40046
201.245.192.253 - - [07/Feb/2024:00:19:58 -0500] "POST /kwsrmcab/Wsrmcab HTTP/1.1" 200 34763
216.244.66.195 - - [07/Feb/2024:00:20:00 -0500] "GET /BLA/resoluciones/AUTOS%202019/3488.pdf HTTP/1.1" 200 1230232
138.2.41.172 - - [07/Feb/2024:00:20:06 -0500] "GET /wp-includes/IXR/about.php HTTP/1.1" 404 1049
201.245.192.253 - - [07/Feb/2024:00:20:06 -0500] "POST /kwsrmcab/Wsrmcab HTTP/1.1" 200 36624
216.244.66.195 - - [07/Feb/2024:00:20:11 -0500] "GET /BLA/resoluciones/AUTOS%202019/4671.pdf HTTP/1.1" 200 313940
121.127.231.160 - - [07/Feb/2024:00:20:14 -0500] "GET /RadControls/Editor/ToolsFile.xml HTTP/1.1" 404 1034
121.127.231.160 - - [07/Feb/2024:00:20:15 -0500] "GET //assets/RadControls/Editor/ToolsFile.xml HTTP/1.1" 404 1034
121.127.231.160 - - [07/Feb/2024:00:20:15 -0500] "GET //content/RadControls/Editor/ToolsFile.xml HTTP/1.1" 404 1034
121.127.231.160 - - [07/Feb/2024:00:20:16 -0500] "GET //js/RadControls/Editor/ToolsFile.xml HTTP/1.1" 404 1034
121.127.231.160 - - [07/Feb/2024:00:20:17 -0500] "GET //scripts/RadControls/Editor/ToolsFile.xml HTTP/1.1" 404 1034
138.2.41.172 - - [07/Feb/2024:00:20:20 -0500] "GET /wp-admin/js/about.php HTTP/1.1" 404 1049
216.244.66.195 - - [07/Feb/2024:00:20:21 -0500] "GET /BLA/resoluciones/RESOLUCIONES%202011/1130.pdf HTTP/1.1" 200 716146
138.2.41.172 - - [07/Feb/2024:00:20:29 -0500] "GET /wp-content/languages/about.php HTTP/1.1" 404 1049
191.95.57.31 - - [07/Feb/2024:00:14:03 -0500] "POST /sipse/faces/presentacion/financiero/solicitudProceso/listarSolicitudProceso.xhtml HTTP/1.1" 200 81920
216.244.66.195 - - [07/Feb/2024:00:20:30 -0500] "GET /BLA/resoluciones/RESOLUCIONES%202011/1855.pdf HTTP/1.1" 200 740070
216.245.221.92 - - [07/Feb/2024:00:20:35 -0500] "HEAD / HTTP/1.1" 200 -
216.244.66.195 - - [07/Feb/2024:00:20:37 -0500] "GET /BLA/resoluciones/RESOLUCIONES%202011/2203.pdf HTTP/1.1" 200 511015
216.244.66.195 - - [07/Feb/2024:00:20:44 -0500] "GET /BLA/resoluciones/RESOLUCIONES%202011/2426.pdf HTTP/1.1" 200 516487
201.245.192.253 - - [07/Feb/2024:00:20:48 -0500] "POST /forms/lservlet;jsessionid=ac16012b30d6dc1b97c5c24a42a7b28484f9d3a86ecf.e3iSbxaKaheRe3qKcheMbNuKc41ynknvrkLOlQzNp65In0 HTTP/1.1" 200 2
216.244.66.195 - - [07/Feb/2024:00:20:52 -0500] "GET /BLA/resoluciones/RESOLUCIONES%202018/0448.pdf HTTP/1.1" 200 6007830
216.244.66.195 - - [07/Feb/2024:00:21:03 -0500] "GET /BLA/resoluciones/RESOLUCIONES%202018/1315.pdf HTTP/1.1" 200 951358
201.245.192.253 - - [07/Feb/2024:00:21:01 -0500] "POST /kwsrmcab/Wsrmcab HTTP/1.1" 200 34763
216.244.66.195 - - [07/Feb/2024:00:21:13 -0500] "GET /BLA/resoluciones/RESOLUCIONES%202018/1712.pdf HTTP/1.1" 200 449524
216.244.66.195 - - [07/Feb/2024:00:21:22 -0500] "GET /BLA/resoluciones/RESOLUCIONES%202018/1795.pdf HTTP/1.1" 200 274825
216.244.66.195 - - [07/Feb/2024:00:21:30 -0500] "GET /BLA/resoluciones/RESOLUCIONES%202018/1797.pdf HTTP/1.1" 200 3101321
201.245.192.253 - - [07/Feb/2024:00:21:48 -0500] "POST /forms/lservlet;jsessionid=ac16012b30d629257b7236c7411e84d9b4a8aba690a2.e3iSbxaKaheRe3qKcheMbNuKc41ynknvrkLOlQzNp65In0 HTTP/1.1" 200 2
216.244.66.195 - - [07/Feb/2024:00:21:58 -0500] "GET /BLA/resoluciones/RESOLUCIONES%202018/1866.pdf HTTP/1.1" 200 378704
216.244.66.195 - - [07/Feb/2024:00:22:11 -0500] "GET /BLA/resoluciones/RESOLUCIONES%202018/2169.pdf HTTP/1.1" 200 965381
216.244.66.195 - - [07/Feb/2024:00:22:24 -0500] "GET /BLA/resoluciones/RESOLUCIONES%202018/2368.pdf HTTP/1.1" 200 275245
216.244.66.195 - - [07/Feb/2024:00:22:34 -0500] "GET /BLA/resoluciones/RESOLUCIONES%202018/2427.pdf HTTP/1.1" 200 412976
216.244.66.195 - - [07/Feb/2024:00:22:45 -0500] "GET /BLA/resoluciones/RESOLUCIONES%202018/2692.pdf HTTP/1.1" 200 273371
201.245.192.253 - - [07/Feb/2024:00:22:48 -0500] "POST /forms/lservlet;jsessionid=ac16012b30d6dc1b97c5c24a42a7b28484f9d3a86ecf.e3iSbxaKaheRe3qKcheMbNuKc41ynknvrkLOlQzNp65In0 HTTP/1.1" 200 2
216.244.66.195 - - [07/Feb/2024:00:22:53 -0500] "GET /BLA/resoluciones/RESOLUCIONES%202018/2707.pdf HTTP/1.1" 200 844563
201.245.192.253 - - [07/Feb/2024:00:23:04 -0500] "POST /kwsrmcab/Wsrmcab  HTTP/1.1" 200 37396
216.244.66.195 - - [07/Feb/2024:00:23:11 -0500] "GET /BLA/resoluciones/RESOLUCIONES%202018/3536.pdf HTTP/1.1" 200 275224
216.244.66.195 - - [07/Feb/2024:00:23:26 -0500] "GET /BLA/resoluciones/RESOLUCIONES%202018/3771.pdf HTTP/1.1" 200 568940
216.244.66.195 - - [07/Feb/2024:00:23:39 -0500] "GET /galeria/galeria/fotos/Pacto_Madera10G.jpg HTTP/1.1" 200 86222
172.22.2.4 - - [07/Feb/2024:00:22:06 -0500] "HEAD /BLA/boletinlegal/ HTTP/1.1" 200 -
201.245.192.253 - - [07/Feb/2024:00:23:48 -0500] "POST /forms/lservlet;jsessionid=ac16012b30d629257b7236c7411e84d9b4a8aba690a2.e3iSbxaKaheRe3qKcheMbNuKc41ynknvrkLOlQzNp65In0 HTTP/1.1" 200 2
172.22.2.4 - - [07/Feb/2024:00:22:57 -0500] "GET /BLA/boletinlegal/ HTTP/1.1" 200 58684
201.245.192.253 - - [07/Feb/2024:00:24:48 -0500] "POST /forms/lservlet;jsessionid=ac16012b30d6dc1b97c5c24a42a7b28484f9d3a86ecf.e3iSbxaKaheRe3qKcheMbNuKc41ynknvrkLOlQzNp65In0 HTTP/1.1" 200 2
216.245.221.92 - - [07/Feb/2024:00:25:35 -0500] "HEAD / HTTP/1.1" 200 -
201.245.192.253 - - [07/Feb/2024:00:25:48 -0500] "POST /forms/lservlet;jsessionid=ac16012b30d629257b7236c7411e84d9b4a8aba690a2.e3iSbxaKaheRe3qKcheMbNuKc41ynknvrkLOlQzNp65In0 HTTP/1.1" 200 2
201.245.192.253 - - [07/Feb/2024:00:26:48 -0500] "POST /forms/lservlet;jsessionid=ac16012b30d6dc1b97c5c24a42a7b28484f9d3a86ecf.e3iSbxaKaheRe3qKcheMbNuKc41ynknvrkLOlQzNp65In0 HTTP/1.1" 200 2
201.245.192.253 - - [07/Feb/2024:00:27:48 -0500] "POST /forms/lservlet;jsessionid=ac16012b30d629257b7236c7411e84d9b4a8aba690a2.e3iSbxaKaheRe3qKcheMbNuKc41ynknvrkLOlQzNp65In0 HTTP/1.1" 200 2
201.245.192.253 - - [07/Feb/2024:00:28:02 -0500] "POST /kwsrmcab/Wsrmcab  HTTP/1.1" 200 37396
201.245.192.253 - - [07/Feb/2024:00:28:48 -0500] "POST /forms/lservlet;jsessionid=ac16012b30d6dc1b97c5c24a42a7b28484f9d3a86ecf.e3iSbxaKaheRe3qKcheMbNuKc41ynknvrkLOlQzNp65In0 HTTP/1.1" 200 2
172.22.2.4 - - [07/Feb/2024:00:27:56 -0500] "HEAD /BLA/boletinlegal/ HTTP/1.1" 200 -
52.167.144.191 - - [07/Feb/2024:00:29:37 -0500] "GET /BLA/resoluciones/AUTOS%202020/2314.pdf HTTP/1.1" 200 327894
201.245.192.253 - - [07/Feb/2024:00:29:48 -0500] "POST /forms/lservlet;jsessionid=ac16012b30d629257b7236c7411e84d9b4a8aba690a2.e3iSbxaKaheRe3qKcheMbNuKc41ynknvrkLOlQzNp65In0 HTTP/1.1" 200 2
201.245.192.253 - - [07/Feb/2024:00:29:55 -0500] "POST /kwsrmcab/Wsrmcab HTTP/1.1" 200 40046
201.245.192.253 - - [07/Feb/2024:00:29:59 -0500] "POST /kwsrmcab/Wsrmcab HTTP/1.1" 200 34763
201.245.192.253 - - [07/Feb/2024:00:30:06 -0500] "POST /kwsrmcab/Wsrmcab HTTP/1.1" 200 36624
172.22.2.4 - - [07/Feb/2024:00:28:47 -0500] "GET /BLA/boletinlegal/ HTTP/1.1" 200 61047
216.245.221.92 - - [07/Feb/2024:00:30:35 -0500] "HEAD / HTTP/1.1" 200 -
69.63.189.2 - - [07/Feb/2024:00:30:39 -0500] "GET /images/31%20de%20enero%20humedal%20La%20Conejera.jpg HTTP/1.1" 200 33808
69.63.189.119 - - [07/Feb/2024:00:30:39 -0500] "GET /images/30%20de%20enero%20Entrenubes%20alcalde.jpeg HTTP/1.1" 200 64486
69.63.189.118 - - [07/Feb/2024:00:30:43 -0500] "GET /images/Comprimida%20incendios.jpg HTTP/1.1" 200 23316
69.63.189.3 - - [07/Feb/2024:00:30:43 -0500] "GET /images/24%20de%20enero%20sendero.JPG HTTP/1.1" 200 59121
69.63.189.119 - - [07/Feb/2024:00:30:43 -0500] "GET /images/Rueda%20de%20prensa.jpeg HTTP/1.1" 200 58715
69.63.189.117 - - [07/Feb/2024:00:30:43 -0500] "GET /images/25%20Incendio%20declaratoria.jpeg HTTP/1.1" 200 90327
69.63.189.116 - - [07/Feb/2024:00:30:46 -0500] "GET /images/Caminatas%20(1)%20(2).jpeg HTTP/1.1" 200 81411
201.245.192.253 - - [07/Feb/2024:00:30:48 -0500] "POST /forms/lservlet;jsessionid=ac16012b30d6dc1b97c5c24a42a7b28484f9d3a86ecf.e3iSbxaKaheRe3qKcheMbNuKc41ynknvrkLOlQzNp65In0 HTTP/1.1" 200 2
201.245.192.253 - - [07/Feb/2024:00:30:58 -0500] "POST /kwsrmcab/Wsrmcab HTTP/1.1" 200 34763
201.245.192.253 - - [07/Feb/2024:00:31:48 -0500] "POST /forms/lservlet;jsessionid=ac16012b30d629257b7236c7411e84d9b4a8aba690a2.e3iSbxaKaheRe3qKcheMbNuKc41ynknvrkLOlQzNp65In0 HTTP/1.1" 200 2
199.47.82.18 - - [07/Feb/2024:00:32:29 -0500] "GET /robots.txt HTTP/1.1" 404 1034
199.47.82.18 - - [07/Feb/2024:00:32:30 -0500] "GET /alcaldesa-claudia-lopez-inicio-plantacion-de-300-nuevos-arboles-en-el-humedal-torca-guaymaral-y-libero-49-animales-silvestres.html HTTP/1.1" 304 -
199.47.82.18 - - [07/Feb/2024:00:32:30 -0500] "GET /bogota-lanza-la-red-colaborativa-de-microsensores-para-medir-la-calidad-del-aire-en-microambientes.html HTTP/1.1" 304 -
199.47.82.18 - - [07/Feb/2024:00:32:30 -0500] "GET /caminatas-ecologicas-en-bogota-inscribete-y-participa-en-los-recorridos-de-abril.html HTTP/1.1" 304 -
199.47.82.18 - - [07/Feb/2024:00:32:31 -0500] "GET /caminatas-ecologicas-un-plan-imperdible-para-octubre.html HTTP/1.1" 304 -
199.47.82.18 - - [07/Feb/2024:00:32:31 -0500] "GET /cooperacion-internacional-postulate-para-la-coordinacion-ambiental-de-proyecto-con-la-union-europea-avantia.html HTTP/1.1" 304 -
199.47.82.18 - - [07/Feb/2024:00:32:32 -0500] "GET /cuales-son-los-tramites-ambientales-mas-solicitados-de-bogota.html HTTP/1.1" 304 -
199.47.82.18 - - [07/Feb/2024:00:32:32 -0500] "GET /cumbre-p4g-soluciones-conjuntas-para-consolidar-ciudades-sostenibles.html HTTP/1.1" 304 -
199.47.82.18 - - [07/Feb/2024:00:32:33 -0500] "GET /dia-mundial-del-agua-2023-programate-para-participar-en-estas-actividades-de-educacion-ambiental.html HTTP/1.1" 304 -
199.47.82.18 - - [07/Feb/2024:00:32:33 -0500] "GET /dia-mundial-del-reciclaje-conoce-como-gestionar-los-residuos-especiales-y-peligrosos.html HTTP/1.1" 304 -
199.47.82.18 - - [07/Feb/2024:00:32:34 -0500] "GET /dia-mundial-del-reciclaje-residuos-especiales-y-peligrosos-deben-ser-dispuestos-en-puntos-autorizados.html HTTP/1.1" 304 -
199.47.82.18 - - [07/Feb/2024:00:32:34 -0500] "GET /distrito-firmo-resolucion-de-etiquetado-vehicular-ambiental-herramienta-para-clasificar-vehiculos-segun-sus-niveles-de-emisiones.html HTTP/1.1" 200 841
199.47.82.18 - - [07/Feb/2024:00:32:35 -0500] "GET /distrito-lanza-la-patrulla-cazachimeneas-un-vehiculo-que-hara-seguimiento-a-fuentes-moviles-contaminantes.html HTTP/1.1" 304 -
199.47.82.18 - - [07/Feb/2024:00:32:35 -0500] "GET /en-bosa-distrito-inicio-la-consolidacion-de-las-zonas-urbanas-por-un-mejor-aire.html HTTP/1.1" 304 -
199.47.82.18 - - [07/Feb/2024:00:32:36 -0500] "GET /pagos-por-servicios-ambientales-hidricos-una-iniciativa-para-la-conservacion-de-este-recurso.html HTTP/1.1" 304 -
199.47.82.18 - - [07/Feb/2024:00:32:36 -0500] "GET /proximo-4-de-octubre-simulacro-distrital-de-evacuacion-dia-y-noche.html HTTP/1.1" 304 -
199.47.82.18 - - [07/Feb/2024:00:32:37 -0500] "GET /secretaria-de-ambiente-invita-al-conversatorio-sobre-publicidad-exterior-electoral.html HTTP/1.1" 304 -
199.47.82.18 - - [07/Feb/2024:00:32:37 -0500] "GET /secretaria-de-ambiente-rinde-cuentas-este-viernes-31-de-marzo.html HTTP/1.1" 304 -
199.47.82.18 - - [07/Feb/2024:00:32:38 -0500] "GET /semana-bogota-reverdece-con-exito-finaliza-el-primer-dia-de-la-convencion-internacional-de-emergencia-climatica.html HTTP/1.1" 304 -
199.47.82.18 - - [07/Feb/2024:00:32:38 -0500] "GET /semana-bogota-reverdece-iniciaron-actividades-de-la-academia-regional-de-areas-de-cero-emisiones.html HTTP/1.1" 304 -
199.47.82.18 - - [07/Feb/2024:00:32:39 -0500] "GET /semana-bogota-reverdece-inventario-de-emisiones-de-gases-efecto-invernadero-2022-mostro-una-reduccion-de-19-8.html HTTP/1.1" 304 -
66.249.79.238 - - [07/Feb/2024:00:32:39 -0500] "GET /BLA/resoluciones/AUTOS%202011/3290.pdf HTTP/1.1" 200 216275
199.47.82.18 - - [07/Feb/2024:00:32:39 -0500] "GET /semana-bogota-reverdece-politica-publica-de-accion-climatica-es-una-realidad.html HTTP/1.1" 304 -
199.47.82.18 - - [07/Feb/2024:00:32:40 -0500] "GET /semana-bogoti-reverdece-bogoti-preparada-para-la-crisis-climitica.html HTTP/1.1" 304 -
66.249.79.238 - - [07/Feb/2024:00:32:40 -0500] "GET /BLA/resoluciones/AUTOS%202011/6293.pdf HTTP/1.1" 200 316949
199.47.82.18 - - [07/Feb/2024:00:32:40 -0500] "GET /un-respiro-para-el-ambiente-durante-la-jornada-de-dia-sin-carro-y-sin-moto.html HTTP/1.1" 304 -
66.249.79.225 - - [07/Feb/2024:00:32:41 -0500] "GET /BLA/resoluciones/AUTOS%202014/5925.pdf HTTP/1.1" 200 208700
186.98.65.195 - - [07/Feb/2024:00:32:43 -0500] "POST /sipse/faces/presentacion/financiero/solicitudProceso/listarSolicitudProceso.xhtml HTTP/1.1" 302 -
186.98.65.195 - - [07/Feb/2024:00:32:43 -0500] "GET /sipse/faces/autenticacion.xhtml HTTP/1.1" 200 1099
186.98.65.195 - - [07/Feb/2024:00:32:44 -0500] "POST /sipse/faces/presentacion/financiero/solicitudProceso/listarSolicitudProceso.xhtml HTTP/1.1" 302 -
186.98.65.195 - - [07/Feb/2024:00:32:44 -0500] "GET /sipse/faces/autenticacion.xhtml HTTP/1.1" 200 1099
186.98.65.195 - - [07/Feb/2024:00:32:45 -0500] "POST /sipse/faces/presentacion/financiero/solicitudProceso/listarSolicitudProceso.xhtml HTTP/1.1" 302 -
186.98.65.195 - - [07/Feb/2024:00:32:45 -0500] "GET /sipse/faces/autenticacion.xhtml HTTP/1.1" 200 1099
186.98.65.195 - - [07/Feb/2024:00:32:45 -0500] "POST /sipse/faces/presentacion/financiero/solicitudProceso/listarSolicitudProceso.xhtml HTTP/1.1" 302 -
186.98.65.195 - - [07/Feb/2024:00:32:45 -0500] "GET /sipse/faces/autenticacion.xhtml HTTP/1.1" 200 1099
186.98.65.195 - - [07/Feb/2024:00:32:46 -0500] "POST /sipse/faces/presentacion/financiero/solicitudProceso/listarSolicitudProceso.xhtml HTTP/1.1" 302 -
186.98.65.195 - - [07/Feb/2024:00:32:46 -0500] "GET /sipse/faces/autenticacion.xhtml HTTP/1.1" 200 1099
186.98.65.195 - - [07/Feb/2024:00:32:46 -0500] "POST /sipse/faces/presentacion/financiero/solicitudProceso/listarSolicitudProceso.xhtml HTTP/1.1" 302 -
186.98.65.195 - - [07/Feb/2024:00:32:46 -0500] "GET /sipse/faces/autenticacion.xhtml HTTP/1.1" 200 1099
201.245.192.253 - - [07/Feb/2024:00:32:48 -0500] "POST /forms/lservlet;jsessionid=ac16012b30d6dc1b97c5c24a42a7b28484f9d3a86ecf.e3iSbxaKaheRe3qKcheMbNuKc41ynknvrkLOlQzNp65In0 HTTP/1.1" 200 2
201.245.192.253 - - [07/Feb/2024:00:33:01 -0500] "POST /kwsrmcab/Wsrmcab  HTTP/1.1" 200 37396
201.245.192.253 - - [07/Feb/2024:00:33:48 -0500] "POST /forms/lservlet;jsessionid=ac16012b30d629257b7236c7411e84d9b4a8aba690a2.e3iSbxaKaheRe3qKcheMbNuKc41ynknvrkLOlQzNp65In0 HTTP/1.1" 200 2
201.245.192.253 - - [07/Feb/2024:00:34:48 -0500] "POST /forms/lservlet;jsessionid=ac16012b30d6dc1b97c5c24a42a7b28484f9d3a86ecf.e3iSbxaKaheRe3qKcheMbNuKc41ynknvrkLOlQzNp65In0 HTTP/1.1" 200 2
186.98.65.195 - - [07/Feb/2024:00:34:52 -0500] "POST /sipse/faces/presentacion/financiero/solicitudProceso/listarSolicitudProceso.xhtml HTTP/1.1" 302 -
186.98.65.195 - - [07/Feb/2024:00:34:52 -0500] "GET /sipse/faces/autenticacion.xhtml HTTP/1.1" 200 1099
121.127.231.160 - - [07/Feb/2024:00:34:54 -0500] "GET /RadControls/Editor/ToolsFile.xml HTTP/1.1" 404 1035
121.127.231.160 - - [07/Feb/2024:00:34:55 -0500] "GET //assets/RadControls/Editor/ToolsFile.xml HTTP/1.1" 404 1035
186.98.65.195 - - [07/Feb/2024:00:34:55 -0500] "GET /sipse/faces/index.xhtml HTTP/1.1" 200 677
121.127.231.160 - - [07/Feb/2024:00:34:55 -0500] "GET //content/RadControls/Editor/ToolsFile.xml HTTP/1.1" 404 1035
186.98.65.195 - - [07/Feb/2024:00:34:56 -0500] "GET /sipse/faces/javax.faces.resource/theme.css?ln=primefaces-sipse HTTP/1.1" 304 -
121.127.231.160 - - [07/Feb/2024:00:34:56 -0500] "GET //js/RadControls/Editor/ToolsFile.xml HTTP/1.1" 404 1035
121.127.231.160 - - [07/Feb/2024:00:34:57 -0500] "GET //scripts/RadControls/Editor/ToolsFile.xml HTTP/1.1" 404 1035
186.98.65.195 - - [07/Feb/2024:00:34:57 -0500] "GET /sipse/faces/faces/autenticacion.xhtml HTTP/1.1" 200 12407
186.98.65.195 - - [07/Feb/2024:00:34:57 -0500] "GET /sipse/js/disable_browser_buttons.js HTTP/1.1" 304 -
186.98.65.195 - - [07/Feb/2024:00:34:57 -0500] "GET /sipse/faces/javax.faces.resource/theme.css?ln=primefaces-sipse HTTP/1.1" 304 -
186.98.65.195 - - [07/Feb/2024:00:34:57 -0500] "GET /sipse/js/funciones.js HTTP/1.1" 304 -
186.98.65.195 - - [07/Feb/2024:00:34:57 -0500] "GET /sipse/faces/javax.faces.resource/layout/layout.css?ln=primefaces&v=4.0 HTTP/1.1" 304 -
186.98.65.195 - - [07/Feb/2024:00:34:57 -0500] "GET /sipse/faces/javax.faces.resource/primefaces.css?ln=primefaces&v=4.0 HTTP/1.1" 304 -
186.98.65.195 - - [07/Feb/2024:00:34:57 -0500] "GET /sipse/faces/javax.faces.resource/jquery/jquery.js?ln=primefaces&v=4.0 HTTP/1.1" 304 -
186.98.65.195 - - [07/Feb/2024:00:34:57 -0500] "GET /sipse/faces/javax.faces.resource/jquery/jquery-plugins.js?ln=primefaces&v=4.0 HTTP/1.1" 304 -
186.98.65.195 - - [07/Feb/2024:00:34:57 -0500] "GET /sipse/css/custom_css_sg.css HTTP/1.1" 200 9694
186.98.65.195 - - [07/Feb/2024:00:34:57 -0500] "GET /sipse/faces/javax.faces.resource/primefaces.js?ln=primefaces&v=4.0 HTTP/1.1" 304 -
186.98.65.195 - - [07/Feb/2024:00:34:57 -0500] "GET /sipse/css/custom_css_sg_prime_login.css HTTP/1.1" 200 443
186.98.65.195 - - [07/Feb/2024:00:34:57 -0500] "GET /sipse/faces/javax.faces.resource/layout/layout.js?ln=primefaces&v=4.0 HTTP/1.1" 304 -
186.98.65.195 - - [07/Feb/2024:00:34:57 -0500] "GET /sipse/faces/javax.faces.resource/images/ui-icons_898989_256x240.png?ln=primefaces-aristo HTTP/1.1" 304 -
186.98.65.195 - - [07/Feb/2024:00:34:57 -0500] "GET /sipse/css/imagen/logoSDG.png HTTP/1.1" 200 53064
186.98.65.195 - - [07/Feb/2024:00:34:57 -0500] "GET /sipse/css/imagen/loginimg.png HTTP/1.1" 200 71635
186.98.65.195 - - [07/Feb/2024:00:35:02 -0500] "POST /sipse/faces/autenticacion.xhtml HTTP/1.1" 200 16175
186.98.65.195 - - [07/Feb/2024:00:35:02 -0500] "GET /sipse/css/custom_css_sg_prime.css HTTP/1.1" 200 5201
186.98.65.195 - - [07/Feb/2024:00:35:02 -0500] "GET /sipse/js/jquery.min.js HTTP/1.1" 304 -
186.98.65.195 - - [07/Feb/2024:00:35:02 -0500] "GET /sipse/faces/javax.faces.resource/jquery/jquery.js?ln=primefaces&v=4.0 HTTP/1.1" 304 -
186.98.65.195 - - [07/Feb/2024:00:35:02 -0500] "GET /sipse/faces/javax.faces.resource/jquery/jquery-plugins.js?ln=primefaces&v=4.0 HTTP/1.1" 304 -
186.98.65.195 - - [07/Feb/2024:00:35:02 -0500] "GET /sipse/faces/javax.faces.resource/primefaces.js?ln=primefaces&v=4.0 HTTP/1.1" 304 -
186.98.65.195 - - [07/Feb/2024:00:35:02 -0500] "GET /sipse/faces/javax.faces.resource/layout/layout.js?ln=primefaces&v=4.0 HTTP/1.1" 304 -
186.98.65.195 - - [07/Feb/2024:00:35:02 -0500] "GET /sipse/css/v_mergente.css HTTP/1.1" 304 -
186.98.65.195 - - [07/Feb/2024:00:35:02 -0500] "GET /sipse/faces/javax.faces.resource/messages/messages.png?ln=primefaces&v=4.0 HTTP/1.1" 304 -
186.98.65.195 - - [07/Feb/2024:00:35:02 -0500] "GET /sipse/css/imagen/contrasena.png HTTP/1.1" 404 383
186.98.65.195 - - [07/Feb/2024:00:35:02 -0500] "GET /sipse/imagenes/cargando.gif HTTP/1.1" 200 36959
186.98.65.195 - - [07/Feb/2024:00:35:02 -0500] "GET /sipse/imagenes/logoAplicacion.jpg HTTP/1.1" 200 155084
186.98.65.195 - - [07/Feb/2024:00:35:04 -0500] "GET /sipse/faces/javax.faces.resource/images/ui-bg_flat_0_2d5972_40x100.png?ln=primefaces-aristo HTTP/1.1" 304 -
186.98.65.195 - - [07/Feb/2024:00:35:04 -0500] "POST /sipse/faces/bienvenido.xhtml HTTP/1.1" 200 9243
186.98.65.195 - - [07/Feb/2024:00:35:06 -0500] "POST /sipse/faces/bienvenido.xhtml HTTP/1.1" 200 1473
186.98.65.195 - - [07/Feb/2024:00:35:07 -0500] "POST /sipse/faces/bienvenido.xhtml HTTP/1.1" 200 1471
186.98.65.195 - - [07/Feb/2024:00:35:07 -0500] "POST /sipse/faces/bienvenido.xhtml HTTP/1.1" 200 61743
186.98.65.195 - - [07/Feb/2024:00:35:08 -0500] "GET /sipse/faces/javax.faces.resource/jquery/jquery.js?ln=primefaces&v=4.0 HTTP/1.1" 304 -
186.98.65.195 - - [07/Feb/2024:00:35:08 -0500] "GET /sipse/faces/javax.faces.resource/jquery/jquery-plugins.js?ln=primefaces&v=4.0 HTTP/1.1" 304 -
186.98.65.195 - - [07/Feb/2024:00:35:08 -0500] "GET /sipse/faces/javax.faces.resource/primefaces.js?ln=primefaces&v=4.0 HTTP/1.1" 304 -
186.98.65.195 - - [07/Feb/2024:00:35:08 -0500] "GET /sipse/faces/javax.faces.resource/layout/layout.js?ln=primefaces&v=4.0 HTTP/1.1" 304 -
186.98.65.195 - - [07/Feb/2024:00:35:08 -0500] "POST /sipse/faces/presentacion/financiero/solicitudProceso/listarSolicitudProceso.xhtml HTTP/1.1" 200 1556
186.98.65.195 - - [07/Feb/2024:00:35:19 -0500] "POST /sipse/faces/presentacion/financiero/solicitudProceso/listarSolicitudProceso.xhtml HTTP/1.1" 200 31621
186.98.65.195 - - [07/Feb/2024:00:35:25 -0500] "POST /sipse/faces/presentacion/financiero/solicitudProceso/listarSolicitudProceso.xhtml HTTP/1.1" 200 151025
186.98.65.195 - - [07/Feb/2024:00:35:26 -0500] "GET /sipse/faces/javax.faces.resource/jquery/jquery.js?ln=primefaces&v=4.0 HTTP/1.1" 304 -
186.98.65.195 - - [07/Feb/2024:00:35:26 -0500] "GET /sipse/faces/javax.faces.resource/jquery/jquery-plugins.js?ln=primefaces&v=4.0 HTTP/1.1" 304 -
186.98.65.195 - - [07/Feb/2024:00:35:26 -0500] "GET /sipse/faces/javax.faces.resource/primefaces.js?ln=primefaces&v=4.0 HTTP/1.1" 304 -
186.98.65.195 - - [07/Feb/2024:00:35:26 -0500] "GET /sipse/faces/javax.faces.resource/layout/layout.js?ln=primefaces&v=4.0 HTTP/1.1" 304 -
172.22.2.4 - - [07/Feb/2024:00:33:46 -0500] "HEAD /BLA/boletinlegal/ HTTP/1.1" 200 -
216.245.221.92 - - [07/Feb/2024:00:35:35 -0500] "HEAD / HTTP/1.1" 200 -
186.98.65.195 - - [07/Feb/2024:00:35:35 -0500] "POST /sipse/faces/presentacion/financiero/solicitudProceso/consultarSolicitudProceso.xhtml HTTP/1.1" 200 109904
186.98.65.195 - - [07/Feb/2024:00:35:39 -0500] "POST /sipse/faces/presentacion/financiero/solicitudProceso/consultarSolicitudProceso.xhtml HTTP/1.1" 200 669079
201.245.192.253 - - [07/Feb/2024:00:35:48 -0500] "POST /forms/lservlet;jsessionid=ac16012b30d629257b7236c7411e84d9b4a8aba690a2.e3iSbxaKaheRe3qKcheMbNuKc41ynknvrkLOlQzNp65In0 HTTP/1.1" 200 2
172.22.2.4 - - [07/Feb/2024:00:35:51 -0500] "GET /BLA/boletinlegal/actos.php HTTP/1.1" 200 9738
186.98.65.195 - - [07/Feb/2024:00:35:59 -0500] "POST /sipse/faces/presentacion/financiero/solicitudProceso/consultarSolicitudProceso.xhtml HTTP/1.1" 200 5574
172.22.2.4 - - [07/Feb/2024:00:34:37 -0500] "GET /BLA/boletinlegal/ HTTP/1.1" 200 61047
186.98.65.195 - - [07/Feb/2024:00:36:34 -0500] "POST /sipse/faces/presentacion/financiero/solicitudProceso/consultarSolicitudProceso.xhtml HTTP/1.1" 200 38329
186.98.65.195 - - [07/Feb/2024:00:36:34 -0500] "GET /sipse/faces/javax.faces.resource/jquery/jquery.js?ln=primefaces&v=4.0 HTTP/1.1" 304 -
186.98.65.195 - - [07/Feb/2024:00:36:34 -0500] "GET /sipse/faces/javax.faces.resource/jquery/jquery-plugins.js?ln=primefaces&v=4.0 HTTP/1.1" 304 -
186.98.65.195 - - [07/Feb/2024:00:36:34 -0500] "GET /sipse/faces/javax.faces.resource/primefaces.js?ln=primefaces&v=4.0 HTTP/1.1" 304 -
186.98.65.195 - - [07/Feb/2024:00:36:34 -0500] "GET /sipse/faces/javax.faces.resource/layout/layout.js?ln=primefaces&v=4.0 HTTP/1.1" 304 -
186.98.65.195 - - [07/Feb/2024:00:36:34 -0500] "POST /sipse/faces/presentacion/financiero/solicitudProceso/consultar.xhtml HTTP/1.1" 200 31741
