152.202.84.9 - - [08/Feb/2024:03:21:00 -0500] "GET /kwssiamovil/sm/acme/a?s=U2FsdGVkX189NLzSsJ+DX9SCUYup8rGdhCkl95FM8FqGCnQzVRGKP7+UN/lOwG1mGz4fDzf6C6UNQ5HYksSI/TsUi9X8qcQ1wkYjVW1RWO9ZhxdQz/OVNhKKR8vSuFAOPKiuLymgN+goIAgZffgdfPINqM9yIlJMtyoZ649v/hz6mVbEi+ylPZPycLjmpUGjrQu/dOFEEjwHDlL7lmvIqCGziGNAv7dtza3lAsrBLo92NXu9CS7IMzgEqJPWh90a1Lc2Li1eJOdhx0aJ/YESU57bkJm5RTzuNSh1uSO4JbN/jaGAGspefaTWW7B3KFkXk/DzSK5YxMVU06AGYQX6N/GAvlZ0Fg0QYEa2nC+GPoorULptqCrfZ7er4d74y/rSC0kAsDwcWFsGCBfz3vwdms4R/RVumoVOhRdHQ8L7nOEVpOmU35VY0O2cWKnNMi4vKuRnphpIezXZK0YcHdummik6NMAxvczJDs6QY65E08dBvbu4bSajZeaJC/qoE2H9S83Vu4sWZKc8yQB9jpsffmigv9P+SCjIXjr+WoF9xq970cq8OmUvQqCSQkd9PLvqazBv9sD/CqaE2LNfLUeoB2POAamymkEokR+aqvfRHCDcEBBUXwaETFevRs8qGcNBfD6RTe1Yf6+QzB8koiQyGEvm9g+uKa969oYmmR0jHAfehiy7DrcWer6DTsHohmJD9PACjha9SvNPLCia0+0x/lngp702URmge0zti36tBrYTd5WAJLbFiTmyQ7bBlMrtXLgKMN8aRhtfc12YGztePWEk0aHrZXv4/vY3WFxwwwI5Brlv9VQHW+R94dBYwulG8wo9SZUCVtQRPFFkwLCt6JXJQqTd+55/sBzqYVQXb2xzT6cilirUFOlY+rBZB2yJ0w4Mo0uwMe8DrJugzyePh2Hu1xC0dSThSxXfex7wjLrF0aFKjtSMEPLgSI44/5iJeodLFarEEfHBDQ2wGkpOYmU46mD2WwgxL3hQnRbXcjSXjrw6owJodbc/DwP3+t0J8VnBWGUCStPc3B1CVPTaZz5j2cnTJqC9byBtwYbJqoRBR3SoBRHbOWicCmknF1ASb5/5Z3T5uwKOrhV0pvuk/Y3ezux8yS2ItrfKookIGJFM1nbAZ1T1PtyKlpDIXWzye3TkReRHb4k6sEAvs4/a/aBgMgLNHYsfGzL7MxkSjV84zQK0eHDkHdsHf9VE2uvPhYU4dQZO0Q0DVj0KdFLd+NjkUM1IC+Q47rOXP/vgCIbCJiucoCzRno58O5g5vrNspJyFb9oBWXvgjDeh7GTUj0X8BYlDyPCEF67g+vK6xO5L82NIE04f/ZFrfdzddI5EWdFbvSBjckeoEzcH51Sz7Ei26AOLvkXPVqSeFXlcBhTEyr6cnfCvk/x5nnKXrSxU+M3AUT8R9D6HMaXn8dBv0my9nlk6kjCKPAxrnt/KDziax20Ia3n+YkebJXS9yCpqh7NSGaLEeXsAU0DJrjMkZ+l+eYvx3fK/dPX96Sw9bHRh3tYh4bd20SiEKWVA8zne46dbewTdG3dXAGf7jEr6n44F7gl7tfvAUxIFy94wk7m+AnpQtTrUmfC8Im2nQPaGCG/oCAHrlTDYfIM36b2hVy6sz1wA8WaxcNo1pbxTEVfaMNFVAiDevNeKQ+I8qavN6phpuE0938nXXe48vILsYlB88jOQCbPOH/qJFJjVT9uMjLHR62K8Y5E9R0PRBOCmXICk4xX80ZeXnGXaCUobrs481Fn7uhVLR4Hz3Bs0CaLpbwlP5jRMYKitfZXXnSfs/3oMzNzG0dYjomMiGH4B1+y2bSQvGHmye7MA9/97x42Bqm0udeoGakOkKfHIM9YUIPIUSrAqexFgfEX3Yrc7M1dRL3BvPC5czixP0ulCFfszXSDMmqtRVS+zjVmC5cwZM4simNjSVIvS3YYSQMQXlMT1z2rn38EbcMlE5Fj/vDdZcaW8PCMsetPq5sda/rAI9uw3y6oOSJ+DBoLzQIV8CUtX6VzkJjkcTEeVhzAusFmrkzqL8mNH9LfqF9IuucaSDpPyAXDoclKDAqFVbFvtNL379tYJninjuCyib14JiiI4gUe3ZWL/Q4IT8uAfoTBeFCCJSY/zBNTwaXkPuqp2JS0tOBnQLVyMGpGAr0z9jKNJ6hBccew1yC+3fimVoFwDwZzndjHK23Ewn+A4ki0YhIqw7PC7E2SvURy1/lmcI9Z2l8q9J5X/ykKgQfD/wVE3KhlQ6fgSmqHCnTUgBBU0uHy7w3o7AunG/+MRd1ePz9uIMmBCpLFhFqwAkyoFY9/p7FVZT7gtKfd5LFpKS2W5um2g/RZwhnsRCFbva1F/ErT3mtrWa1qeYpQgyiq7vIHHf8syirDsDUbP5SaGsOQDz40Uo/usDrgde3xdmRjyYR2f8gZFL/NwFJ6Patvh53PG+e3mCQvCkXFDG62qwIGvmgsVx4tFudIUsuGz9zpKgThQWhC1cVxxlZJDXN5Jwp76j0cjf4ML0sbufd91wB/rb5EOC6J91IUno0mr8GaPfHrbmiE05ws8Zxue4JHbgnqq1xLjwU0t9lakzT7uFBneCci5W21TXQh7gi8zzjI1lkfKLWpbVhp7HCUbCFMhFrTIrknm9tq9GUfpcaFa5fwr70IR+H+pW/+/bWtpF40SBHmZ0sA8Y8XzAY6yV3afak8G8DqkMhbHAkLRvh95ego/u+Ay9SkvauuYgEsh+gSaXQPoMoqBn4MRZPwBupVegabrRPGKRJHBraZCcZ0X/YsV9LJutKWAy6UBTpvx3LAK+PMtZzm0SZoO+X7dc6lKI124Nn+y6j6fOrxdF4zijDXHIhD6YPKnauK9YfbnhW8u7IyYLOliRmh0Cj+eTrAnwuXA&u=U2FsdGVkX1/evcfcf6gsY1g9/QpyolsZO07XlK0/1C3iBvRgQRp1+O2pltjUFC3E&y=U2FsdGVkX1/FxV3eOat6lu3KNIT6V1mkaGW2iETSekqh+UCrD1NCskId1Gg7vBwq HTTP/1.1" 200 26
152.202.84.9 - - [08/Feb/2024:03:21:00 -0500] "GET /kwssiamovil/sm/acme/a?s=U2FsdGVkX1+uIQgfJLw80bTW5VgdScxvzRVhlP07NioTd21jr72Hl+P+Jus0K5jkcPcjv4/b2ZUlzu8xr6HYyfBwE9y482UCJwphtPJhLNSt46HWbCrISVNGe+kQfkH8X9TVDJo6TeNxjhPhAEtIMlN0BMhgqoM9SrpobfMTI2M=&u=U2FsdGVkX1/evcfcf6gsY1g9/QpyolsZO07XlK0/1C3iBvRgQRp1+O2pltjUFC3E&y=U2FsdGVkX1/FxV3eOat6lu3KNIT6V1mkaGW2iETSekqh+UCrD1NCskId1Gg7vBwq HTTP/1.1" 200 26
152.202.84.9 - - [08/Feb/2024:03:21:00 -0500] "GET /kwssiamovil/sm/acme/a?s=U2FsdGVkX19mOUACk7nGCp9nmTa9kP8S6zzAzkPExpuIIRz+EeYlKKw0Zo3iWf8M4Y1inrbSahK1VMXeA27PYycjxM7m8AI3m+pAWO4mqRNdrwmPRx/CmhI+ub5PoBzwZkZ+Vr5kPGKafPlWlB8dEtdKvwjMHuiU578jHuZaHvM=&u=U2FsdGVkX1/evcfcf6gsY1g9/QpyolsZO07XlK0/1C3iBvRgQRp1+O2pltjUFC3E&y=U2FsdGVkX1/FxV3eOat6lu3KNIT6V1mkaGW2iETSekqh+UCrD1NCskId1Gg7vBwq HTTP/1.1" 200 26
152.202.84.9 - - [08/Feb/2024:03:21:00 -0500] "GET /kwssiamovil/sm/acme/a?s=U2FsdGVkX1+4qp9jX+lBbdT7KSPv72cDWnf4L369AoWJJysKtDGtRxZAmd4nQxOv4vprdli8pDt6+lBfVtzQ01DRYKJD5C6RNaSXuaKoNXXIZulueZHV1EPmpc27kk9enL7c8TnkLPs6i6s17lRx2OzLVZoIVjLJKToUcMBffBw=&u=U2FsdGVkX1/evcfcf6gsY1g9/QpyolsZO07XlK0/1C3iBvRgQRp1+O2pltjUFC3E&y=U2FsdGVkX1/FxV3eOat6lu3KNIT6V1mkaGW2iETSekqh+UCrD1NCskId1Gg7vBwq HTTP/1.1" 200 26
152.202.84.9 - - [08/Feb/2024:03:21:01 -0500] "GET /kwssiamovil/sm/acme/a?s=U2FsdGVkX1/oKVhFI0dkqTr+ZLeZrsqn6iWw0X/5Fd+iY6lDCPDyuVfn1wVtLQ/rI6IdIY4aEcOp90/e9FmdJ2Myy6Jxw3G9FZWPzEvP7AvGcKbe6q0wzcVkfI5eh3t1F+R7S9QT85nIZScMPylqxGU32vc78/8KzaNudov4HP9oozSNEKzPFnvWbGP32eaMPdMtpKmQcHcCY6ZN8ha+vQ==&u=U2FsdGVkX1/evcfcf6gsY1g9/QpyolsZO07XlK0/1C3iBvRgQRp1+O2pltjUFC3E&y=U2FsdGVkX1/FxV3eOat6lu3KNIT6V1mkaGW2iETSekqh+UCrD1NCskId1Gg7vBwq HTTP/1.1" 200 26
201.245.192.253 - - [08/Feb/2024:03:21:15 -0500] "POST /forms/lservlet;jsessionid=ac16012b30d6dc1b97c5c24a42a7b28484f9d3a86ecf.e3iSbxaKaheRe3qKcheMbNuKc41ynknvrkLOlQzNp65In0 HTTP/1.1" 200 2
201.245.192.253 - - [08/Feb/2024:03:21:23 -0500] "POST /forms/lservlet;jsessionid=ac16012b30d629257b7236c7411e84d9b4a8aba690a2.e3iSbxaKaheRe3qKcheMbNuKc41ynknvrkLOlQzNp65In0 HTTP/1.1" 200 2
172.22.2.4 - - [08/Feb/2024:03:21:29 -0500] "GET /BLA/boletinlegal/favicon.ico HTTP/1.1" 404 1018
172.22.2.4 - - [08/Feb/2024:03:21:10 -0500] "GET /BLA/boletinlegal/ HTTP/1.1" 200 20427
172.22.2.4 - - [08/Feb/2024:03:21:13 -0500] "GET /BLA/boletinlegal/ HTTP/1.1" 200 32715
172.22.2.4 - - [08/Feb/2024:03:20:49 -0500] "HEAD /BLA/boletinlegal/ HTTP/1.1" 200 -
216.245.221.92 - - [08/Feb/2024:03:22:40 -0500] "HEAD / HTTP/1.1" 200 -
201.245.192.253 - - [08/Feb/2024:03:23:15 -0500] "POST /forms/lservlet;jsessionid=ac16012b30d6dc1b97c5c24a42a7b28484f9d3a86ecf.e3iSbxaKaheRe3qKcheMbNuKc41ynknvrkLOlQzNp65In0 HTTP/1.1" 200 2
172.22.2.4 - - [08/Feb/2024:03:21:40 -0500] "GET /BLA/boletinlegal/ HTTP/1.1" 200 51948
201.245.192.253 - - [08/Feb/2024:03:23:23 -0500] "POST /forms/lservlet;jsessionid=ac16012b30d629257b7236c7411e84d9b4a8aba690a2.e3iSbxaKaheRe3qKcheMbNuKc41ynknvrkLOlQzNp65In0 HTTP/1.1" 200 2
201.245.192.253 - - [08/Feb/2024:03:25:15 -0500] "POST /forms/lservlet;jsessionid=ac16012b30d6dc1b97c5c24a42a7b28484f9d3a86ecf.e3iSbxaKaheRe3qKcheMbNuKc41ynknvrkLOlQzNp65In0 HTTP/1.1" 200 2
201.245.192.253 - - [08/Feb/2024:03:25:23 -0500] "POST /forms/lservlet;jsessionid=ac16012b30d629257b7236c7411e84d9b4a8aba690a2.e3iSbxaKaheRe3qKcheMbNuKc41ynknvrkLOlQzNp65In0 HTTP/1.1" 200 2
201.245.192.253 - - [08/Feb/2024:03:25:51 -0500] "POST /kwsrmcab/Wsrmcab  HTTP/1.1" 200 37396
66.249.66.37 - - [08/Feb/2024:03:26:38 -0500] "GET /inscribete-y-participa-en-la-convencion-internacional-de-emergencia-climatica-bogota-2023.html HTTP/1.1" 200 895
201.245.192.253 - - [08/Feb/2024:03:27:15 -0500] "POST /forms/lservlet;jsessionid=ac16012b30d6dc1b97c5c24a42a7b28484f9d3a86ecf.e3iSbxaKaheRe3qKcheMbNuKc41ynknvrkLOlQzNp65In0 HTTP/1.1" 200 2
201.245.192.253 - - [08/Feb/2024:03:27:23 -0500] "POST /forms/lservlet;jsessionid=ac16012b30d629257b7236c7411e84d9b4a8aba690a2.e3iSbxaKaheRe3qKcheMbNuKc41ynknvrkLOlQzNp65In0 HTTP/1.1" 200 2
216.245.221.92 - - [08/Feb/2024:03:27:40 -0500] "HEAD / HTTP/1.1" 200 -
172.22.2.4 - - [08/Feb/2024:03:26:39 -0500] "HEAD /BLA/boletinlegal/ HTTP/1.1" 200 -
172.22.2.4 - - [08/Feb/2024:03:27:30 -0500] "GET /BLA/boletinlegal/ HTTP/1.1" 200 61047
201.245.192.253 - - [08/Feb/2024:03:29:15 -0500] "POST /forms/lservlet;jsessionid=ac16012b30d6dc1b97c5c24a42a7b28484f9d3a86ecf.e3iSbxaKaheRe3qKcheMbNuKc41ynknvrkLOlQzNp65In0 HTTP/1.1" 200 2
201.245.192.253 - - [08/Feb/2024:03:29:23 -0500] "POST /forms/lservlet;jsessionid=ac16012b30d629257b7236c7411e84d9b4a8aba690a2.e3iSbxaKaheRe3qKcheMbNuKc41ynknvrkLOlQzNp65In0 HTTP/1.1" 200 2
201.245.192.253 - - [08/Feb/2024:03:29:49 -0500] "POST /kwsrmcab/Wsrmcab HTTP/1.1" 200 36955
201.245.192.253 - - [08/Feb/2024:03:29:52 -0500] "POST /kwsrmcab/Wsrmcab HTTP/1.1" 200 37241
128.199.52.28 - - [08/Feb/2024:03:30:02 -0500] "GET / HTTP/1.1" 200 319
201.245.192.253 - - [08/Feb/2024:03:30:01 -0500] "POST /kwsrmcab/Wsrmcab HTTP/1.1" 200 37256
201.245.192.253 - - [08/Feb/2024:03:30:50 -0500] "POST /kwsrmcab/Wsrmcab  HTTP/1.1" 200 37396
201.245.192.253 - - [08/Feb/2024:03:30:57 -0500] "POST /kwsrmcab/Wsrmcab HTTP/1.1" 200 37241
201.245.192.253 - - [08/Feb/2024:03:31:15 -0500] "POST /forms/lservlet;jsessionid=ac16012b30d6dc1b97c5c24a42a7b28484f9d3a86ecf.e3iSbxaKaheRe3qKcheMbNuKc41ynknvrkLOlQzNp65In0 HTTP/1.1" 200 2
201.245.192.253 - - [08/Feb/2024:03:31:23 -0500] "POST /forms/lservlet;jsessionid=ac16012b30d629257b7236c7411e84d9b4a8aba690a2.e3iSbxaKaheRe3qKcheMbNuKc41ynknvrkLOlQzNp65In0 HTTP/1.1" 200 2
216.245.221.92 - - [08/Feb/2024:03:32:40 -0500] "HEAD / HTTP/1.1" 200 -
201.245.192.253 - - [08/Feb/2024:03:33:15 -0500] "POST /forms/lservlet;jsessionid=ac16012b30d6dc1b97c5c24a42a7b28484f9d3a86ecf.e3iSbxaKaheRe3qKcheMbNuKc41ynknvrkLOlQzNp65In0 HTTP/1.1" 200 2
201.245.192.253 - - [08/Feb/2024:03:33:23 -0500] "POST /forms/lservlet;jsessionid=ac16012b30d629257b7236c7411e84d9b4a8aba690a2.e3iSbxaKaheRe3qKcheMbNuKc41ynknvrkLOlQzNp65In0 HTTP/1.1" 200 2
172.22.2.4 - - [08/Feb/2024:03:32:29 -0500] "HEAD /BLA/boletinlegal/ HTTP/1.1" 200 -
152.202.84.9 - - [08/Feb/2024:03:34:35 -0500] "GET /kwssiamovil/sm/ldap/au?x=U2FsdGVkX18Qvsx79v+PyLp3zNMBKRtzCxG/2DRi/To8TvJmoRuJ8AhzsXt72L/d&y=U2FsdGVkX18BDzKXYHJxtfcuI5Ktk+R2+FEDEDM8f3Ix0e3fwjQJLXz3wIoQhqbQ HTTP/1.1" 200 30
152.202.84.9 - - [08/Feb/2024:03:34:35 -0500] "GET /kwssiamovil/sm/acme/s?s=U2FsdGVkX19wcPC8tHkiKLum5Jv2nKD066Tktz8MPOjL+1JhPHXDvx1TQjI+lHrshpYUVN6/scLy99pXpQs1GpZO8Gosz8DUziaabsPwcMI=&u=U2FsdGVkX18q2Ag/zDTBa3HAEbZGJH0fxrPb2/zQiwkDgEIzlPRGrNFIlrNHzMNL&y=U2FsdGVkX18BDzKXYHJxtfcuI5Ktk+R2+FEDEDM8f3Ix0e3fwjQJLXz3wIoQhqbQ HTTP/1.1" 200 97
152.202.84.9 - - [08/Feb/2024:03:34:36 -0500] "GET /kwssiamovil/sm/acme/s?s=U2FsdGVkX19xVN81Aml/Mw1XLVgrAHR8YhsSPyuyYM3F0E9lm8qV8NspQlUVl3it9O5t/bK5bn1faPDNsAy6TJUg6n+Jz5R4NSKqOiHoi1UoDou4eMq9dNwvujRLYc7PXourt1/sS1yBBcM5tPjWb0H6N+vWp5XW8c5WdJ5iZJfjDxvDoOVOJeLyNKTe6HgqVa8PK/YlYySfwhsV+cqKsJTCHDtoGqAGw5vRBaKnqUW+8FbncgsRdeGlbS5aUoPzf8+xwWTRyoaWnxuqFemY2MAmZGtGfy5Yk87p+MCmFPYk3BS1blydddo2cPo7aJ0zO4GCvhoLWibS4CEyCOe5dbMApzCqAXvvjWTAkGyPTjw8iW6ruUlDOlrcsTs9zcDxKMj3bh8wCa3yeverr2AJLkC7HKVTTJ5OSa2NBHeQkvBqdyPtURR9lap+uqRdfEyI2EhfpptMop4dCECNXcGapwnvMAcyEOrW9EDh+NM0vLbm8CoUK1Gv3jUXOstJYe9AyMhgPnia+4n8nU724wU5Y5SgCV+H4/FatJBkgsdOVpXhRpHFGpJjeX+DbNxyjv5CLsYoqNBcaYq3DkXwRt2hrUfOchf3UL1dDhfYw0jDMZvGbJNkBn6K6+pj+DQkH7PnT3zlsLJF8FhaB66zy7KCyVObIsJ+kgKbYAqtlP/Ccsv8cxWjfRcvGJVQ+pSKdsbH7im3moJoMTAUQ/w8Jt1FWzvtFaDY35qfvtmyaSLHs23nWIo3x7vOyLfQj4PYQlo8Q6YLFGbY7kO/Phl+bjCnOLPaBCdfDHiFui0KyWjTumKvUW5g+PCEw80N8jcFFck0QeXtazv/WwDOPGnzrcuYfnIsvKkJFuf+Uwj6qbpNR3qTBaxP9zR3w+SYuFVj5ZmOUS3HmJdOlqNTwj3WMSg5DWtoZXweegFHZURXmF63/JNJhLLyg+sri4YA1PAE7NddmZfEwyDopX2Y/7ISQgtNx4o3kex2hbw88OFk/8e984G2IPzvo/Ftltcv9zplI0E4aWhq91e5SF/fVYqX9lPDHjWFhJRKY9vo8MPBmisf5f9arKYqUcG3wSS2BRvO0RZIJybg4TTJ+yedSX/bzx65+wYCPTwMqSLKnfSQHhXdEznwlVG+QMsNoAe/XgswnKVPuiNHqLKZIHufEKiVG5Jw+Sh6io8aCs+jghAmysHP4yLJd2aV0N7M6PMz900RkR/2/5Ou2Jc4KcQ3GEOV63Zk9n4++qF4zW5Q88V+RcNuh7raD/DgOdFJgJM9JK5F39NMWyS8YvnVEaZHAJbu/BgF8+Be26o7Eo5hqWVysZhrRnCE7dmaoQf1C2AnoCsAv/KDWwgXoXd+XSTOaJ84Lpp1JuC7d8in1fZon0rvtTLzvH8Br8E8fzNoZAiERIN6YYh6YLudYBGB/TDN/KY5aDerezad4vl38wENr267SeRjUaFOuw0UFbwChGJXCxujN3fUwwC7KR2zUoW+hPeiqsZgNDMqK8aQ8sYYjZv/wFh8IXNMYLeGByVxEumThIC3tTWNAoYhOZceS0soEhbZlzx0UV0FCPhEOCSMf9w6iynhMnhRvJ3m2CsGr2bKxBcepOkqv4pt/yrOSpOTomj0KBTSGvhdyNmSXIWZlXg6IhWHQ66aS7xYL23Ut+q6fipX/VB1bkzRe6605KqGfCkuQxvvyeD1G0TXFzEbMZ3OS01ZwSIeOrpY5z9sh3c7CEEr/LbNltB0L4xQMoZxDLKlToctElLOTUvNCd/vh1ukKZ4PqZSWkevdWaQGHn1qUNl5AhvS&u=U2FsdGVkX18q2Ag/zDTBa3HAEbZGJH0fxrPb2/zQiwkDgEIzlPRGrNFIlrNHzMNL&y=U2FsdGVkX18BDzKXYHJxtfcuI5Ktk+R2+FEDEDM8f3Ix0e3fwjQJLXz3wIoQhqbQ HTTP/1.1" 200 1688
152.202.84.9 - - [08/Feb/2024:03:34:36 -0500] "GET /kwssiamovil/sm/acme/s?s=U2FsdGVkX18pk+UC8RVrZ2qtUiD3KZULjCh82gjDhtk/MmQGwOxFEIzrlCFtNix1qD8YEsFaAc7IZE/3WZgj/AFmZJumRl+3edVrNFJhY6ass+iiExcErMGYElz8axJ1VFv2C13ahJMHmXWS3gHqa6mIS0P5O+m4Lid5m6mvCx0+ypPZOaVKLvYzpUL1hs9nT/AE3U/emtZnKJCehYAuj5TfzsPy11TFQ3EPXZ7ETfxk59fybJ0xUf5fUu6i2x8G2xFKOcnsJacEzgwSxGpjRDGaYrbRFs2+p/uyD98Z4MpGiAFuus1SwEsXykXBO5zvvou8kPAxhfnVwHvNGxuVrG+Nkxc8IwKakNKsbynVav4YESoz0vCt1EUUm93X/fVVItItqIi2f1T3RRKK12hn9roVxjrh992A/UBjfMyzZ/2IYqNFaUWXF36VFXzNIl4YpQE0+mMrKYRMDNqbnjPumODHlPgVyjiLzKdnG+Xz/UoSTXcCHiiwg9BJZoJwrQh05hbf18uCsx63R5dE1OwZmHg8UF8FbjgwuRrNGpYaEk3I26eUVwsFJAJu8BmA6OC5aFR26qvl2gNd18DVjLZ/w+amOBWdvzawjC8QhGM6nvI7IqQnArMw7jfXjbuoaxtMRfBDJrm/9/mrLY9e4HA0IAHkDOn+XCabe9U3EZfv7pfnBmjXpYtmmZvI7T3anzIftjDCOQVms6NfKiJAdfgQ6nVFWxfSxD5O/S5uWeuDUJMkU1SVMuibb6IGCzWl532x&u=U2FsdGVkX18q2Ag/zDTBa3HAEbZGJH0fxrPb2/zQiwkDgEIzlPRGrNFIlrNHzMNL&y=U2FsdGVkX18BDzKXYHJxtfcuI5Ktk+R2+FEDEDM8f3Ix0e3fwjQJLXz3wIoQhqbQ HTTP/1.1" 200 208
152.202.84.9 - - [08/Feb/2024:03:34:36 -0500] "GET /kwssiamovil/sm/cjson/pre?f=1&x=U2FsdGVkX18Qvsx79v+PyLp3zNMBKRtzCxG/2DRi/To8TvJmoRuJ8AhzsXt72L/d HTTP/1.1" 200 32032
172.22.2.4 - - [08/Feb/2024:03:33:20 -0500] "GET /BLA/boletinlegal/ HTTP/1.1" 200 58684
201.245.192.253 - - [08/Feb/2024:03:35:15 -0500] "POST /forms/lservlet;jsessionid=ac16012b30d6dc1b97c5c24a42a7b28484f9d3a86ecf.e3iSbxaKaheRe3qKcheMbNuKc41ynknvrkLOlQzNp65In0 HTTP/1.1" 200 2
201.245.192.253 - - [08/Feb/2024:03:35:23 -0500] "POST /forms/lservlet;jsessionid=ac16012b30d629257b7236c7411e84d9b4a8aba690a2.e3iSbxaKaheRe3qKcheMbNuKc41ynknvrkLOlQzNp65In0 HTTP/1.1" 200 2
201.245.192.253 - - [08/Feb/2024:03:35:48 -0500] "POST /kwsrmcab/Wsrmcab  HTTP/1.1" 200 37396
69.63.184.9 - - [08/Feb/2024:03:35:52 -0500] "GET /galeria/galeria/fotos/3humedal-Burro3P.jpg HTTP/1.1" 200 8564
201.245.192.253 - - [08/Feb/2024:03:37:15 -0500] "POST /forms/lservlet;jsessionid=ac16012b30d6dc1b97c5c24a42a7b28484f9d3a86ecf.e3iSbxaKaheRe3qKcheMbNuKc41ynknvrkLOlQzNp65In0 HTTP/1.1" 200 2
201.245.192.253 - - [08/Feb/2024:03:37:23 -0500] "POST /forms/lservlet;jsessionid=ac16012b30d629257b7236c7411e84d9b4a8aba690a2.e3iSbxaKaheRe3qKcheMbNuKc41ynknvrkLOlQzNp65In0 HTTP/1.1" 200 2
216.245.221.92 - - [08/Feb/2024:03:37:40 -0500] "HEAD / HTTP/1.1" 200 -
66.249.66.20 - - [08/Feb/2024:03:39:10 -0500] "GET /Publicaciones/2024EE12656.pdf HTTP/1.1" 404 227
201.245.192.253 - - [08/Feb/2024:03:39:15 -0500] "POST /forms/lservlet;jsessionid=ac16012b30d6dc1b97c5c24a42a7b28484f9d3a86ecf.e3iSbxaKaheRe3qKcheMbNuKc41ynknvrkLOlQzNp65In0 HTTP/1.1" 200 2
201.245.192.253 - - [08/Feb/2024:03:39:23 -0500] "POST /forms/lservlet;jsessionid=ac16012b30d629257b7236c7411e84d9b4a8aba690a2.e3iSbxaKaheRe3qKcheMbNuKc41ynknvrkLOlQzNp65In0 HTTP/1.1" 200 2
201.245.192.253 - - [08/Feb/2024:03:39:49 -0500] "POST /kwsrmcab/Wsrmcab HTTP/1.1" 200 36955
172.22.2.4 - - [08/Feb/2024:03:38:12 -0500] "GET /BLA/boletinlegal/index.php HTTP/1.1" 200 49893
201.245.192.253 - - [08/Feb/2024:03:39:52 -0500] "POST /kwsrmcab/Wsrmcab HTTP/1.1" 200 37241
172.22.2.4 - - [08/Feb/2024:03:38:19 -0500] "HEAD /BLA/boletinlegal/ HTTP/1.1" 200 -
201.245.192.253 - - [08/Feb/2024:03:40:01 -0500] "POST /kwsrmcab/Wsrmcab HTTP/1.1" 200 37256
66.249.66.166 - - [08/Feb/2024:03:40:17 -0500] "GET /portaldeninos/los-arboles/tips/ HTTP/1.1" 200 87677
172.22.2.4 - - [08/Feb/2024:03:39:10 -0500] "GET /BLA/boletinlegal/ HTTP/1.1" 200 55424
201.245.192.253 - - [08/Feb/2024:03:40:48 -0500] "POST /kwsrmcab/Wsrmcab  HTTP/1.1" 200 37396
201.245.192.253 - - [08/Feb/2024:03:40:55 -0500] "POST /kwsrmcab/Wsrmcab HTTP/1.1" 200 37241
201.245.192.253 - - [08/Feb/2024:03:41:15 -0500] "POST /forms/lservlet;jsessionid=ac16012b30d6dc1b97c5c24a42a7b28484f9d3a86ecf.e3iSbxaKaheRe3qKcheMbNuKc41ynknvrkLOlQzNp65In0 HTTP/1.1" 200 2
152.202.84.9 - - [08/Feb/2024:03:41:22 -0500] "GET /kwssiamovil/sm/acme/a?s=U2FsdGVkX195am32ersRYQwcOWR4IDBa1e0JC+s2cb+1saMWhPu9bqXPKs8TXalDkZUfgrSVutpmZcbqkqTLXZa7IT0q47wOAFcNSO/WCjcaDx2ksg/IxGaxthhVfIr/82vrR0LgpIbKucMO5THllkNdNhs9GxiIwQzukQb/9zNi7gw9lUQg/Rn8cPCryCGbeEY9YmwLlSQ9K9nE9bo9+oApp/4hUgWyg1Cb/jvY+XUvv8t7s4HiMeoDxRmjrOwXicT3kC0m6SpiK/Meu47Wpg==&u=U2FsdGVkX18q2Ag/zDTBa3HAEbZGJH0fxrPb2/zQiwkDgEIzlPRGrNFIlrNHzMNL&y=U2FsdGVkX18BDzKXYHJxtfcuI5Ktk+R2+FEDEDM8f3Ix0e3fwjQJLXz3wIoQhqbQ HTTP/1.1" 200 26
152.202.84.9 - - [08/Feb/2024:03:41:22 -0500] "GET /kwssiamovil/sm/acme/a?s=U2FsdGVkX1/hshwqZ75F8ZnrsqNzMh6tH+70dPmusm5DYBVBId1ENkTwAlVay0ENRMLJhAxwWXoRar0+MVv/uGSZvXAdcOwvn7of77orfjJwmIosjRk8O5I1q/uIzVAywS/hhOHkpu9NcTKHq8RbSOeXywcUyRcrsPuxEV9I4ewVB+2DaNbWjmDuO1qotjrGvxUbWAPI6Zbb6MX+R1B+tal7SgXdQQkf3uB0lx/AxLg8K04prOQoNSJf4CxEFbsPKXY04HQSEE5o953Ei2WesHYuBFJAhMeMhU71Mw77aHD8vdByOuAUaHQyRKbISg2VNfKF/rCp/Or/1Pqj0AnzLjT+iQ0+RNT8lPc8DyxYknka/cEldUTTKqub0O9u75vrvNWnXujIy/fKPXtVvVnh8BBBVktJ5b5vdYMtKTmR1rCckYEAg8wlfMBXw4ZgiK6K43Hb1JXa4NPfqkKXdWwc6ZgJoarrceu0dz5IgF6hC6S1UifW8hqG9Fik6WvZ8Ut8ZnO3ccCQEULaCdmeRJq5VM2K4NaBfpOoY6MfKGXfq8vkJN7ggP76ZtspP4E7H9e330mmeTje9Js908lVT95pGW07Be7IK5VyXeMNU7CkDEQRqJO0jh5L19d6aCnM2koO+PwcqNs64u922bsdD1lmtWbhZD9wsf+yTk44RDMY9fKjU84Hb5gjmECFq5sAd9TJSl9qyGjrnHuWQiyfmoW1bX4zaSoLc4WOAgj/vKKP0CN/W+zckAEgpkPCqHAPBb7zcIF3sxPZbj+TemQY7d4lXPkD4PNP4gMYKp8e4zVoMsqbGAF9xVfnxKfW8Nwr5r2yq0ASa4O9q8NdqzeJI9pNDbfMQedPe1FUql0GrPpyPYib5uv1YQbMcoFvzGPG2r5vR53EiXmAcHuOvEVA/40L+3RjFepXgjIsKYB8roip+jyv7Ht8yEGySl9VUNZrGkLjMMJm/Vd17wj0tq350ElRjREphNf+mzluhAm5E8yhQYsQgly/cae7B09d4Ak0P/kdmbe12m2FkwakCOTHri39S1xZZwDbLiHd9V5xr7Qr4yR2KEvRKtiDHoawuMXOeDEuGwDnSx19otMGe634WeksmXOU/B5L/GXnACB1g9dzODzeC68cPXPQ6ovO76h/6Lrt31Nz10xE3+4tuvXv0oG5rs9OkX+ymAVA47xvTZFoK8ZiAt3WI0uiRbyOD8hr/Td9CqTfCiDXi5YGe7riFFZ6UuiTs6FYCcVUwq+QL1jIZQPZeV/Ggp0VNDuYVKSaq4QJkIpjS/8G2iLvIxnfV/8O26GFzM9aJ6yUEwzh1Sa1QX+A7Z0xNQOINCZ4alWmOM7Exz5ZV4QUMpWP8OTJxXfBbuHSkJnVjEm+cykZWBeKlZlG0ahezTG+lZ13GVIw9utJ8o+dzr9P57X5Yh7rPepOEctkKg51lVl2TfGFE7E+QSE7mKq6XzHjJAUpo9J4sL1dQwoLzr9/xARGp97T3sc+vmt45khCGay1hTBmbblMAnu7Zl4Ljri8K9JbL2vUIZU6jSeLAwo2RxGuFHe9CUEP+3w96pzBvKtV84orRm/sua1ceA7lFiilFJcvZv5VQLlhQKgNv1/EZMLeYyXcIh2s+3i8MnqniwHdhVRb199O26g0Qa/TBzEmaLnXIlnO1E4OPz7FgBvLSdYp+u+t0159OqrAbFcCEjwy00l0jiNEgbb4pUhFrL/hAg96hND615b5uz1YUNfNoye6aFOO0jYp53HCLm99l6Naztzp3hL8uoysS5xYxfZYKXoSGlAutvnQjlj107zU9Ipb55EkqLz4oJ9A9PURYrqWctZJ0UHx+B/bkYRfonzTXe+M6DlxbMCQQ3Clfe4q9rYQ1budYyODoVD1Fj/e9hevertaCit3cGYcZd7O2ijIMAY9dCuHa9JOAH7OWpTteax/PfC8uy47FukFA/MK5RC1ynAF7vzIROkKJ+PuPZi5iVAQ0iKzwg2lCKsltuUCBps4rROFiv3XgtI+2QjDeB5d/mkZmyU61mnkld+llcg6EjGObiCUVcalQkA6WsR2/Bn0ngQnseTYN3Xi9eUNFFU4KQ6f0MIXhOkILMQuebLuXiJM+IXMN0mOi61/5L1AJOOCvQd0t3y0/zcutERxngL7FckDgtOZaAO7/eEUfYDE0HXtje5L3NHiNXLcyNPaJNxpvqEAQHfgbODC8Dn/S3ttKCVhdOEO6XYzcmEqJ2uI1EwG70UvnDLfOJC14QJ2eiyfRK5za3rcME0M/+zcxuSVbw/elUmSVcU7bj5OG1xVT7hSzDuNvo5NGvI0mFe0W4ToZ6DppVjkHLqvQoSd9D8ayTLZEBelh4hC6HvYWEcP2FjNosBD4HMPeVbOPgAtJ11q/6HwwS1xt5BlzyNpxs9gZM7bwSLKksEmj9oHSbS6RacJZO9/LKJ52DHCxzrI8iV6mExWZg7+Mo8imDiUrw4f12O7aQfuHdQr7UmXG19T6m23qXdK55Bbk+luM4FPQaGZdotrgC+fLXAR7/SpKShFuxBvzHK6msXc9g9l7vGm8R+i1YL5qPSrueJYmVWJe0pJtkbCWRXk6KIU2QnlaSZmlNzG/g3nJUQO05pjL1DgT/VBdkkQGk0TYjZ0183dncpYSjzJPWRZFi9m6LDJW9nfiKsG+tX3F+Gm1Exilj94308YtDI48J/3NhNR60Dz0W3Pi2PCHli9sP0MCkc60yF8hjthgjqP/rTybR4/TqrRmEPN/VxO3RJQrGpssO64y5Axa6ytJJH6Vc7fP2xQW6kkx2cqPJwyUaZWImc44ud2nCMMmsAf/pSH&u=U2FsdGVkX18q2Ag/zDTBa3HAEbZGJH0fxrPb2/zQiwkDgEIzlPRGrNFIlrNHzMNL&y=U2FsdGVkX18BDzKXYHJxtfcuI5Ktk+R2+FEDEDM8f3Ix0e3fwjQJLXz3wIoQhqbQ HTTP/1.1" 200 26
152.202.84.9 - - [08/Feb/2024:03:41:23 -0500] "GET /kwssiamovil/sm/acme/a?s=U2FsdGVkX1/omgmVAxWKH7Rbr1T7L/B7OrYgFhfUtPl933bsUAD5NOS13P/8mXJKUrCenV746LFuphOq/JfNBnZVfkZduKWL/K85R+/i34eACTd/I5QRswcdxyl0nHs2tZPytk2XdfDCl4ZdMm7ks1IMna/3eDSGzkBVffbSPWI=&u=U2FsdGVkX18q2Ag/zDTBa3HAEbZGJH0fxrPb2/zQiwkDgEIzlPRGrNFIlrNHzMNL&y=U2FsdGVkX18BDzKXYHJxtfcuI5Ktk+R2+FEDEDM8f3Ix0e3fwjQJLXz3wIoQhqbQ HTTP/1.1" 200 26
152.202.84.9 - - [08/Feb/2024:03:41:23 -0500] "GET /kwssiamovil/sm/acme/a?s=U2FsdGVkX1/rRwHG/RUei52oNrBnpe3MmcYpgRDTNT2wVEe57QhDcBW7QQnODJUedYwdA5hVrlY39mjRLoh166UbK58KjnNEz1bD8O+2HfQtBT+PFmewwfUZRVx9IWxDdleuGWzggG+INWeAjF1AmtgYEFnQjPVpjHYLBwTdpvc=&u=U2FsdGVkX18q2Ag/zDTBa3HAEbZGJH0fxrPb2/zQiwkDgEIzlPRGrNFIlrNHzMNL&y=U2FsdGVkX18BDzKXYHJxtfcuI5Ktk+R2+FEDEDM8f3Ix0e3fwjQJLXz3wIoQhqbQ HTTP/1.1" 200 26
152.202.84.9 - - [08/Feb/2024:03:41:23 -0500] "GET /kwssiamovil/sm/acme/a?s=U2FsdGVkX1/dby8vHsOL7f2IOKlwylswhRRNlb+iTCkzPHQkYx12quqnhnHc3h8Ycl1J2r46jAfHSqK1oZFx0rTZ6UsZJhTSUO09sCQyf457/ShYp9jYMaAf7YaOrkacMOtQgR7UeBDvBtUjGaph2XGWcwXLwR+EvER8tyPh65M=&u=U2FsdGVkX18q2Ag/zDTBa3HAEbZGJH0fxrPb2/zQiwkDgEIzlPRGrNFIlrNHzMNL&y=U2FsdGVkX18BDzKXYHJxtfcuI5Ktk+R2+FEDEDM8f3Ix0e3fwjQJLXz3wIoQhqbQ HTTP/1.1" 200 26
201.245.192.253 - - [08/Feb/2024:03:41:23 -0500] "POST /forms/lservlet;jsessionid=ac16012b30d629257b7236c7411e84d9b4a8aba690a2.e3iSbxaKaheRe3qKcheMbNuKc41ynknvrkLOlQzNp65In0 HTTP/1.1" 200 2
152.202.84.9 - - [08/Feb/2024:03:41:23 -0500] "GET /kwssiamovil/sm/acme/a?s=U2FsdGVkX18MV8+PJvK/uV1SJvGD6OcRuSOjhzoTFgwlIcpGYZYCfWmzwYCvNnVQFlJ5c9chI+jqwC5q9tQpBWGh4CivkyFXXiV0Vl2Vr9W5f2DL7JEQjiDqLeKFraIK2peN1IQBRZeY2NpkWOX6iz86S+hmPvAcRlr1lAbydYqdIh1eLvZUFJ3HahI0mtz6rdT8Hty3uVn0IFiLNoU2Gg==&u=U2FsdGVkX18q2Ag/zDTBa3HAEbZGJH0fxrPb2/zQiwkDgEIzlPRGrNFIlrNHzMNL&y=U2FsdGVkX18BDzKXYHJxtfcuI5Ktk+R2+FEDEDM8f3Ix0e3fwjQJLXz3wIoQhqbQ HTTP/1.1" 200 26
216.245.221.92 - - [08/Feb/2024:03:42:40 -0500] "HEAD / HTTP/1.1" 200 -
201.245.192.253 - - [08/Feb/2024:03:43:15 -0500] "POST /forms/lservlet;jsessionid=ac16012b30d6dc1b97c5c24a42a7b28484f9d3a86ecf.e3iSbxaKaheRe3qKcheMbNuKc41ynknvrkLOlQzNp65In0 HTTP/1.1" 200 2
201.245.192.253 - - [08/Feb/2024:03:43:23 -0500] "POST /forms/lservlet;jsessionid=ac16012b30d629257b7236c7411e84d9b4a8aba690a2.e3iSbxaKaheRe3qKcheMbNuKc41ynknvrkLOlQzNp65In0 HTTP/1.1" 200 2
40.77.167.59 - - [08/Feb/2024:03:43:43 -0500] "GET /BLA/resoluciones/RESOLUCIONES%202022/3833.pdf HTTP/1.1" 200 443946
201.245.192.253 - - [08/Feb/2024:03:45:15 -0500] "POST /forms/lservlet;jsessionid=ac16012b30d6dc1b97c5c24a42a7b28484f9d3a86ecf.e3iSbxaKaheRe3qKcheMbNuKc41ynknvrkLOlQzNp65In0 HTTP/1.1" 200 2
201.245.192.253 - - [08/Feb/2024:03:45:23 -0500] "POST /forms/lservlet;jsessionid=ac16012b30d629257b7236c7411e84d9b4a8aba690a2.e3iSbxaKaheRe3qKcheMbNuKc41ynknvrkLOlQzNp65In0 HTTP/1.1" 200 2
172.22.2.4 - - [08/Feb/2024:03:44:09 -0500] "HEAD /BLA/boletinlegal/ HTTP/1.1" 200 -
201.245.192.253 - - [08/Feb/2024:03:45:47 -0500] "POST /kwsrmcab/Wsrmcab  HTTP/1.1" 200 37396
172.22.2.4 - - [08/Feb/2024:03:45:00 -0500] "GET /BLA/boletinlegal/ HTTP/1.1" 200 61047
201.245.192.253 - - [08/Feb/2024:03:47:15 -0500] "POST /forms/lservlet;jsessionid=ac16012b30d6dc1b97c5c24a42a7b28484f9d3a86ecf.e3iSbxaKaheRe3qKcheMbNuKc41ynknvrkLOlQzNp65In0 HTTP/1.1" 200 2
201.245.192.253 - - [08/Feb/2024:03:47:23 -0500] "POST /forms/lservlet;jsessionid=ac16012b30d629257b7236c7411e84d9b4a8aba690a2.e3iSbxaKaheRe3qKcheMbNuKc41ynknvrkLOlQzNp65In0 HTTP/1.1" 200 2
216.245.221.92 - - [08/Feb/2024:03:47:40 -0500] "HEAD / HTTP/1.1" 200 -
201.245.192.253 - - [08/Feb/2024:03:49:15 -0500] "POST /forms/lservlet;jsessionid=ac16012b30d6dc1b97c5c24a42a7b28484f9d3a86ecf.e3iSbxaKaheRe3qKcheMbNuKc41ynknvrkLOlQzNp65In0 HTTP/1.1" 200 2
17.241.219.92 - - [08/Feb/2024:03:49:19 -0500] "GET /mis-de-50-aves-silvestres-fueron-recuperadas-en-la-localidad-de-tunjuelito.html HTTP/1.1" 200 806
201.245.192.253 - - [08/Feb/2024:03:49:23 -0500] "POST /forms/lservlet;jsessionid=ac16012b30d629257b7236c7411e84d9b4a8aba690a2.e3iSbxaKaheRe3qKcheMbNuKc41ynknvrkLOlQzNp65In0 HTTP/1.1" 200 2
201.245.192.253 - - [08/Feb/2024:03:50:45 -0500] "POST /kwsrmcab/Wsrmcab  HTTP/1.1" 200 37396
201.245.192.253 - - [08/Feb/2024:03:51:15 -0500] "POST /forms/lservlet;jsessionid=ac16012b30d6dc1b97c5c24a42a7b28484f9d3a86ecf.e3iSbxaKaheRe3qKcheMbNuKc41ynknvrkLOlQzNp65In0 HTTP/1.1" 200 2
201.245.192.253 - - [08/Feb/2024:03:51:23 -0500] "POST /forms/lservlet;jsessionid=ac16012b30d629257b7236c7411e84d9b4a8aba690a2.e3iSbxaKaheRe3qKcheMbNuKc41ynknvrkLOlQzNp65In0 HTTP/1.1" 200 2
172.22.2.4 - - [08/Feb/2024:03:49:59 -0500] "HEAD /BLA/boletinlegal/ HTTP/1.1" 200 -
172.22.2.4 - - [08/Feb/2024:03:52:18 -0500] "GET /BLA/boletinlegal/jurisprudencia/ HTTP/1.1" 200 543
172.22.2.4 - - [08/Feb/2024:03:50:50 -0500] "GET /BLA/boletinlegal/ HTTP/1.1" 200 61047
216.245.221.92 - - [08/Feb/2024:03:52:40 -0500] "HEAD / HTTP/1.1" 200 -
201.245.192.253 - - [08/Feb/2024:03:53:15 -0500] "POST /forms/lservlet;jsessionid=ac16012b30d6dc1b97c5c24a42a7b28484f9d3a86ecf.e3iSbxaKaheRe3qKcheMbNuKc41ynknvrkLOlQzNp65In0 HTTP/1.1" 200 2
201.245.192.253 - - [08/Feb/2024:03:53:23 -0500] "POST /forms/lservlet;jsessionid=ac16012b30d629257b7236c7411e84d9b4a8aba690a2.e3iSbxaKaheRe3qKcheMbNuKc41ynknvrkLOlQzNp65In0 HTTP/1.1" 200 2
168.119.252.253 - - [08/Feb/2024:03:53:51 -0500] "GET / HTTP/1.1" 200 4720
66.249.66.165 - - [08/Feb/2024:03:53:54 -0500] "GET /portaldeninos/residuos HTTP/1.1" 301 -
66.249.66.166 - - [08/Feb/2024:03:53:55 -0500] "GET /portaldeninos/residuos/ HTTP/1.1" 200 87443
201.245.192.253 - - [08/Feb/2024:03:55:15 -0500] "POST /forms/lservlet;jsessionid=ac16012b30d6dc1b97c5c24a42a7b28484f9d3a86ecf.e3iSbxaKaheRe3qKcheMbNuKc41ynknvrkLOlQzNp65In0 HTTP/1.1" 200 2
201.245.192.253 - - [08/Feb/2024:03:55:23 -0500] "POST /forms/lservlet;jsessionid=ac16012b30d629257b7236c7411e84d9b4a8aba690a2.e3iSbxaKaheRe3qKcheMbNuKc41ynknvrkLOlQzNp65In0 HTTP/1.1" 200 2
201.245.192.253 - - [08/Feb/2024:03:55:44 -0500] "POST /kwsrmcab/Wsrmcab  HTTP/1.1" 200 37396
201.245.192.253 - - [08/Feb/2024:03:57:15 -0500] "POST /forms/lservlet;jsessionid=ac16012b30d6dc1b97c5c24a42a7b28484f9d3a86ecf.e3iSbxaKaheRe3qKcheMbNuKc41ynknvrkLOlQzNp65In0 HTTP/1.1" 200 2
201.245.192.253 - - [08/Feb/2024:03:57:23 -0500] "POST /forms/lservlet;jsessionid=ac16012b30d629257b7236c7411e84d9b4a8aba690a2.e3iSbxaKaheRe3qKcheMbNuKc41ynknvrkLOlQzNp65In0 HTTP/1.1" 200 2
172.22.2.4 - - [08/Feb/2024:03:57:28 -0500] "GET /BLA/boletinlegal/jurisprudencia/analisis/AnalisisT-606-15.docx HTTP/1.1" 200 26698
172.22.2.4 - - [08/Feb/2024:03:57:29 -0500] "GET /BLA/boletinlegal/apple-touch-icon-120x120-precomposed.png HTTP/1.1" 404 1140
172.22.2.4 - - [08/Feb/2024:03:57:29 -0500] "GET /BLA/boletinlegal/apple-touch-icon-120x120.png HTTP/1.1" 404 1140
172.22.2.4 - - [08/Feb/2024:03:55:49 -0500] "HEAD /BLA/boletinlegal/ HTTP/1.1" 200 -
172.22.2.4 - - [08/Feb/2024:03:57:29 -0500] "GET /BLA/boletinlegal/apple-touch-icon-precomposed.png HTTP/1.1" 404 1140
172.22.2.4 - - [08/Feb/2024:03:57:29 -0500] "GET /BLA/boletinlegal/apple-touch-icon.png HTTP/1.1" 404 1140
172.22.2.4 - - [08/Feb/2024:03:57:29 -0500] "GET /BLA/boletinlegal/favicon.ico HTTP/1.1" 404 1140
172.22.2.4 - - [08/Feb/2024:03:57:29 -0500] "GET /BLA/boletinlegal/apple-touch-icon-120x120-precomposed.png HTTP/1.1" 404 1140
172.22.2.4 - - [08/Feb/2024:03:57:29 -0500] "GET /BLA/boletinlegal/apple-touch-icon-120x120.png HTTP/1.1" 404 1140
172.22.2.4 - - [08/Feb/2024:03:57:29 -0500] "GET /BLA/boletinlegal/apple-touch-icon-precomposed.png HTTP/1.1" 404 1140
172.22.2.4 - - [08/Feb/2024:03:57:29 -0500] "GET /BLA/boletinlegal/apple-touch-icon.png HTTP/1.1" 404 1140
172.22.2.4 - - [08/Feb/2024:03:57:29 -0500] "GET /BLA/boletinlegal/favicon.ico HTTP/1.1" 404 1140
216.245.221.92 - - [08/Feb/2024:03:57:40 -0500] "HEAD / HTTP/1.1" 200 -
172.22.2.4 - - [08/Feb/2024:03:56:40 -0500] "GET /BLA/boletinlegal/ HTTP/1.1" 200 61047
201.245.192.253 - - [08/Feb/2024:03:59:15 -0500] "POST /forms/lservlet;jsessionid=ac16012b30d6dc1b97c5c24a42a7b28484f9d3a86ecf.e3iSbxaKaheRe3qKcheMbNuKc41ynknvrkLOlQzNp65In0 HTTP/1.1" 200 2
201.245.192.253 - - [08/Feb/2024:03:59:23 -0500] "POST /forms/lservlet;jsessionid=ac16012b30d629257b7236c7411e84d9b4a8aba690a2.e3iSbxaKaheRe3qKcheMbNuKc41ynknvrkLOlQzNp65In0 HTTP/1.1" 200 2
201.245.192.253 - - [08/Feb/2024:04:00:42 -0500] "POST /kwsrmcab/Wsrmcab  HTTP/1.1" 200 37396
201.245.192.253 - - [08/Feb/2024:04:01:16 -0500] "POST /forms/lservlet;jsessionid=ac16012b30d6dc1b97c5c24a42a7b28484f9d3a86ecf.e3iSbxaKaheRe3qKcheMbNuKc41ynknvrkLOlQzNp65In0 HTTP/1.1" 200 2
201.245.192.253 - - [08/Feb/2024:04:01:23 -0500] "POST /forms/lservlet;jsessionid=ac16012b30d629257b7236c7411e84d9b4a8aba690a2.e3iSbxaKaheRe3qKcheMbNuKc41ynknvrkLOlQzNp65In0 HTTP/1.1" 200 2
58.77.159.25 - - [08/Feb/2024:04:01:39 -0500] "GET http://190.27.245.106:80/phpMyAdmin-2.5.4/scripts/setup.php HTTP/1.0" 403 1165
216.245.221.92 - - [08/Feb/2024:04:02:40 -0500] "HEAD / HTTP/1.1" 200 -
201.245.192.253 - - [08/Feb/2024:04:03:15 -0500] "POST /forms/lservlet;jsessionid=ac16012b30d6dc1b97c5c24a42a7b28484f9d3a86ecf.e3iSbxaKaheRe3qKcheMbNuKc41ynknvrkLOlQzNp65In0 HTTP/1.1" 200 2
172.22.2.4 - - [08/Feb/2024:04:01:39 -0500] "HEAD /BLA/boletinlegal/ HTTP/1.1" 200 -
201.245.192.253 - - [08/Feb/2024:04:03:23 -0500] "POST /forms/lservlet;jsessionid=ac16012b30d629257b7236c7411e84d9b4a8aba690a2.e3iSbxaKaheRe3qKcheMbNuKc41ynknvrkLOlQzNp65In0 HTTP/1.1" 200 2
172.22.2.4 - - [08/Feb/2024:04:02:30 -0500] "GET /BLA/boletinlegal/ HTTP/1.1" 200 61047
52.167.144.238 - - [08/Feb/2024:04:05:08 -0500] "GET /images/INTRANET.jpg HTTP/1.1" 200 37297
201.245.192.253 - - [08/Feb/2024:04:05:16 -0500] "POST /forms/lservlet;jsessionid=ac16012b30d6dc1b97c5c24a42a7b28484f9d3a86ecf.e3iSbxaKaheRe3qKcheMbNuKc41ynknvrkLOlQzNp65In0 HTTP/1.1" 200 2
201.245.192.253 - - [08/Feb/2024:04:05:23 -0500] "POST /forms/lservlet;jsessionid=ac16012b30d629257b7236c7411e84d9b4a8aba690a2.e3iSbxaKaheRe3qKcheMbNuKc41ynknvrkLOlQzNp65In0 HTTP/1.1" 200 2
172.22.2.4 - - [08/Feb/2024:04:05:32 -0500] "GET /BLA/boletinlegal/jurisprudencia/analisis/AnalisisT-606-15.docx HTTP/1.1" 200 26698
172.22.2.4 - - [08/Feb/2024:04:05:32 -0500] "GET /BLA/boletinlegal/apple-touch-icon-120x120-precomposed.png HTTP/1.1" 404 1140
172.22.2.4 - - [08/Feb/2024:04:05:32 -0500] "GET /BLA/boletinlegal/apple-touch-icon-120x120.png HTTP/1.1" 404 1140
172.22.2.4 - - [08/Feb/2024:04:05:32 -0500] "GET /BLA/boletinlegal/apple-touch-icon-precomposed.png HTTP/1.1" 404 1140
172.22.2.4 - - [08/Feb/2024:04:05:32 -0500] "GET /BLA/boletinlegal/apple-touch-icon.png HTTP/1.1" 404 1140
172.22.2.4 - - [08/Feb/2024:04:05:32 -0500] "GET /BLA/boletinlegal/favicon.ico HTTP/1.1" 404 1140
172.22.2.4 - - [08/Feb/2024:04:05:32 -0500] "GET /BLA/boletinlegal/apple-touch-icon-120x120-precomposed.png HTTP/1.1" 404 1140
172.22.2.4 - - [08/Feb/2024:04:05:32 -0500] "GET /BLA/boletinlegal/apple-touch-icon-120x120.png HTTP/1.1" 404 1140
172.22.2.4 - - [08/Feb/2024:04:05:32 -0500] "GET /BLA/boletinlegal/apple-touch-icon-precomposed.png HTTP/1.1" 404 1140
172.22.2.4 - - [08/Feb/2024:04:05:32 -0500] "GET /BLA/boletinlegal/apple-touch-icon.png HTTP/1.1" 404 1140
172.22.2.4 - - [08/Feb/2024:04:05:32 -0500] "GET /BLA/boletinlegal/favicon.ico HTTP/1.1" 404 1140
201.245.192.253 - - [08/Feb/2024:04:05:41 -0500] "POST /kwsrmcab/Wsrmcab  HTTP/1.1" 200 37396
66.249.66.12 - - [08/Feb/2024:04:07:01 -0500] "GET /BLA/resoluciones/Autos%202008/1968.pdf HTTP/1.1" 200 88322
201.245.192.253 - - [08/Feb/2024:04:07:16 -0500] "POST /forms/lservlet;jsessionid=ac16012b30d6dc1b97c5c24a42a7b28484f9d3a86ecf.e3iSbxaKaheRe3qKcheMbNuKc41ynknvrkLOlQzNp65In0 HTTP/1.1" 200 2
201.245.192.253 - - [08/Feb/2024:04:07:23 -0500] "POST /forms/lservlet;jsessionid=ac16012b30d629257b7236c7411e84d9b4a8aba690a2.e3iSbxaKaheRe3qKcheMbNuKc41ynknvrkLOlQzNp65In0 HTTP/1.1" 200 2
69.63.189.2 - - [08/Feb/2024:04:07:30 -0500] "GET /galeria/galeria/fotos/2humedal-Burro2P.jpg HTTP/1.1" 200 8996
216.245.221.92 - - [08/Feb/2024:04:07:40 -0500] "HEAD / HTTP/1.1" 200 -
40.77.167.77 - - [08/Feb/2024:04:07:55 -0500] "GET /BLA/resoluciones/AUTOS%202014/4943.pdf HTTP/1.1" 304 -
172.22.2.4 - - [08/Feb/2024:04:07:29 -0500] "HEAD /BLA/boletinlegal/ HTTP/1.1" 200 -
201.245.192.253 - - [08/Feb/2024:04:09:16 -0500] "POST /forms/lservlet;jsessionid=ac16012b30d6dc1b97c5c24a42a7b28484f9d3a86ecf.e3iSbxaKaheRe3qKcheMbNuKc41ynknvrkLOlQzNp65In0 HTTP/1.1" 200 2
201.245.192.253 - - [08/Feb/2024:04:09:23 -0500] "POST /forms/lservlet;jsessionid=ac16012b30d629257b7236c7411e84d9b4a8aba690a2.e3iSbxaKaheRe3qKcheMbNuKc41ynknvrkLOlQzNp65In0 HTTP/1.1" 200 2
172.22.2.4 - - [08/Feb/2024:04:08:20 -0500] "GET /BLA/boletinlegal/ HTTP/1.1" 200 58684
201.245.192.253 - - [08/Feb/2024:04:10:39 -0500] "POST /kwsrmcab/Wsrmcab  HTTP/1.1" 200 37396
17.241.219.238 - - [08/Feb/2024:04:10:55 -0500] "GET /bogota-ya-cuenta-con-una-guia-para-la-evaluacion-de-riesgos-de-suelos-y-sitios-contaminados.html HTTP/1.1" 200 924
201.245.192.253 - - [08/Feb/2024:04:11:16 -0500] "POST /forms/lservlet;jsessionid=ac16012b30d6dc1b97c5c24a42a7b28484f9d3a86ecf.e3iSbxaKaheRe3qKcheMbNuKc41ynknvrkLOlQzNp65In0 HTTP/1.1" 200 2
201.245.192.253 - - [08/Feb/2024:04:11:23 -0500] "POST /forms/lservlet;jsessionid=ac16012b30d629257b7236c7411e84d9b4a8aba690a2.e3iSbxaKaheRe3qKcheMbNuKc41ynknvrkLOlQzNp65In0 HTTP/1.1" 200 2
216.245.221.92 - - [08/Feb/2024:04:12:40 -0500] "HEAD / HTTP/1.1" 200 -
201.245.192.253 - - [08/Feb/2024:04:13:16 -0500] "POST /forms/lservlet;jsessionid=ac16012b30d6dc1b97c5c24a42a7b28484f9d3a86ecf.e3iSbxaKaheRe3qKcheMbNuKc41ynknvrkLOlQzNp65In0 HTTP/1.1" 200 2
173.252.79.5 - - [08/Feb/2024:04:13:19 -0500] "GET /galeria/galeria/fotos/mico1P.jpg HTTP/1.1" 200 28110
201.245.192.253 - - [08/Feb/2024:04:13:23 -0500] "POST /forms/lservlet;jsessionid=ac16012b30d629257b7236c7411e84d9b4a8aba690a2.e3iSbxaKaheRe3qKcheMbNuKc41ynknvrkLOlQzNp65In0 HTTP/1.1" 200 2
146.19.24.28 - - [08/Feb/2024:04:14:53 -0500] "GET / HTTP/1.1" 200 319
172.22.2.4 - - [08/Feb/2024:04:13:19 -0500] "HEAD /BLA/boletinlegal/ HTTP/1.1" 200 -
201.245.192.253 - - [08/Feb/2024:04:15:16 -0500] "POST /forms/lservlet;jsessionid=ac16012b30d6dc1b97c5c24a42a7b28484f9d3a86ecf.e3iSbxaKaheRe3qKcheMbNuKc41ynknvrkLOlQzNp65In0 HTTP/1.1" 200 2
201.245.192.253 - - [08/Feb/2024:04:15:23 -0500] "POST /forms/lservlet;jsessionid=ac16012b30d629257b7236c7411e84d9b4a8aba690a2.e3iSbxaKaheRe3qKcheMbNuKc41ynknvrkLOlQzNp65In0 HTTP/1.1" 200 2
201.245.192.253 - - [08/Feb/2024:04:15:37 -0500] "POST /kwsrmcab/Wsrmcab  HTTP/1.1" 200 37396
172.22.2.4 - - [08/Feb/2024:04:14:10 -0500] "GET /BLA/boletinlegal/ HTTP/1.1" 200 61047
201.245.192.253 - - [08/Feb/2024:04:17:16 -0500] "POST /forms/lservlet;jsessionid=ac16012b30d6dc1b97c5c24a42a7b28484f9d3a86ecf.e3iSbxaKaheRe3qKcheMbNuKc41ynknvrkLOlQzNp65In0 HTTP/1.1" 200 2
201.245.192.253 - - [08/Feb/2024:04:17:23 -0500] "POST /forms/lservlet;jsessionid=ac16012b30d629257b7236c7411e84d9b4a8aba690a2.e3iSbxaKaheRe3qKcheMbNuKc41ynknvrkLOlQzNp65In0 HTTP/1.1" 200 2
216.245.221.92 - - [08/Feb/2024:04:17:40 -0500] "HEAD / HTTP/1.1" 200 -
66.249.66.166 - - [08/Feb/2024:04:17:56 -0500] "GET /portaldeninos/agua-y-estructura-ecologica-principal HTTP/1.1" 301 -
66.249.66.166 - - [08/Feb/2024:04:17:56 -0500] "GET /portaldeninos/agua-y-estructura-ecologica-principal/ HTTP/1.1" 200 87488
201.245.192.253 - - [08/Feb/2024:04:19:16 -0500] "POST /forms/lservlet;jsessionid=ac16012b30d6dc1b97c5c24a42a7b28484f9d3a86ecf.e3iSbxaKaheRe3qKcheMbNuKc41ynknvrkLOlQzNp65In0 HTTP/1.1" 200 2
201.245.192.253 - - [08/Feb/2024:04:19:23 -0500] "POST /forms/lservlet;jsessionid=ac16012b30d629257b7236c7411e84d9b4a8aba690a2.e3iSbxaKaheRe3qKcheMbNuKc41ynknvrkLOlQzNp65In0 HTTP/1.1" 200 2
66.249.66.14 - - [08/Feb/2024:04:19:48 -0500] "GET /BLA/resoluciones/AUTOS%202014/4223.pdf HTTP/1.1" 200 312740
185.224.128.10 - - [08/Feb/2024:04:19:51 -0500] "GET / HTTP/1.1" 200 319
201.245.192.253 - - [08/Feb/2024:04:19:49 -0500] "POST /kwsrmcab/Wsrmcab HTTP/1.1" 200 36926
201.245.192.253 - - [08/Feb/2024:04:19:52 -0500] "POST /kwsrmcab/Wsrmcab HTTP/1.1" 200 37253
201.245.192.253 - - [08/Feb/2024:04:20:01 -0500] "POST /kwsrmcab/Wsrmcab HTTP/1.1" 200 37243
207.46.13.7 - - [08/Feb/2024:04:20:12 -0500] "GET /secretaria-de-ambiente-lanza-convocatoria-para-el-programa-de-excelencia-ambiental-distrital-pread-2024.html HTTP/1.1" 200 958
201.245.192.253 - - [08/Feb/2024:04:20:37 -0500] "POST /kwsrmcab/Wsrmcab  HTTP/1.1" 200 37396
172.22.2.4 - - [08/Feb/2024:04:19:09 -0500] "HEAD /BLA/boletinlegal/ HTTP/1.1" 200 -
201.245.192.253 - - [08/Feb/2024:04:20:57 -0500] "POST /kwsrmcab/Wsrmcab HTTP/1.1" 200 37253
52.167.144.19 - - [08/Feb/2024:04:21:09 -0500] "GET /Publicaciones/2024EE05226.pdf HTTP/1.1" 404 227
66.249.66.38 - - [08/Feb/2024:04:21:10 -0500] "GET /cumpleanos-485-de-bogota-inscribete-a-las-jornadas-de-monitoreo-a-la-biodiversidad.html HTTP/1.1" 200 847
201.245.192.253 - - [08/Feb/2024:04:21:16 -0500] "POST /forms/lservlet;jsessionid=ac16012b30d6dc1b97c5c24a42a7b28484f9d3a86ecf.e3iSbxaKaheRe3qKcheMbNuKc41ynknvrkLOlQzNp65In0 HTTP/1.1" 200 2
201.245.192.253 - - [08/Feb/2024:04:21:23 -0500] "POST /forms/lservlet;jsessionid=ac16012b30d629257b7236c7411e84d9b4a8aba690a2.e3iSbxaKaheRe3qKcheMbNuKc41ynknvrkLOlQzNp65In0 HTTP/1.1" 200 2
172.22.2.4 - - [08/Feb/2024:04:20:00 -0500] "GET /BLA/boletinlegal/ HTTP/1.1" 200 61047
216.245.221.92 - - [08/Feb/2024:04:22:40 -0500] "HEAD / HTTP/1.1" 200 -
17.241.75.234 - - [08/Feb/2024:04:22:49 -0500] "GET /secretaria-de-ambiente-presenta-cartilla-con-el-protocolo-para-el-manejo-y-control-de-la-langostilla-de-rio.html HTTP/1.1" 200 857
201.245.192.253 - - [08/Feb/2024:04:23:16 -0500] "POST /forms/lservlet;jsessionid=ac16012b30d6dc1b97c5c24a42a7b28484f9d3a86ecf.e3iSbxaKaheRe3qKcheMbNuKc41ynknvrkLOlQzNp65In0 HTTP/1.1" 200 2
201.245.192.253 - - [08/Feb/2024:04:23:23 -0500] "POST /forms/lservlet;jsessionid=ac16012b30d629257b7236c7411e84d9b4a8aba690a2.e3iSbxaKaheRe3qKcheMbNuKc41ynknvrkLOlQzNp65In0 HTTP/1.1" 200 2
201.245.192.253 - - [08/Feb/2024:04:25:16 -0500] "POST /forms/lservlet;jsessionid=ac16012b30d6dc1b97c5c24a42a7b28484f9d3a86ecf.e3iSbxaKaheRe3qKcheMbNuKc41ynknvrkLOlQzNp65In0 HTTP/1.1" 200 2
201.245.192.253 - - [08/Feb/2024:04:25:23 -0500] "POST /forms/lservlet;jsessionid=ac16012b30d629257b7236c7411e84d9b4a8aba690a2.e3iSbxaKaheRe3qKcheMbNuKc41ynknvrkLOlQzNp65In0 HTTP/1.1" 200 2
201.245.192.253 - - [08/Feb/2024:04:25:36 -0500] "POST /kwsrmcab/Wsrmcab  HTTP/1.1" 200 37396
172.22.2.4 - - [08/Feb/2024:04:24:59 -0500] "HEAD /BLA/boletinlegal/ HTTP/1.1" 200 -
201.245.192.253 - - [08/Feb/2024:04:27:16 -0500] "POST /forms/lservlet;jsessionid=ac16012b30d6dc1b97c5c24a42a7b28484f9d3a86ecf.e3iSbxaKaheRe3qKcheMbNuKc41ynknvrkLOlQzNp65In0 HTTP/1.1" 200 2
201.245.192.253 - - [08/Feb/2024:04:27:23 -0500] "POST /forms/lservlet;jsessionid=ac16012b30d629257b7236c7411e84d9b4a8aba690a2.e3iSbxaKaheRe3qKcheMbNuKc41ynknvrkLOlQzNp65In0 HTTP/1.1" 200 2
172.22.2.4 - - [08/Feb/2024:04:25:50 -0500] "GET /BLA/boletinlegal/ HTTP/1.1" 200 61047
216.245.221.92 - - [08/Feb/2024:04:27:40 -0500] "HEAD / HTTP/1.1" 200 -
201.245.192.253 - - [08/Feb/2024:04:29:16 -0500] "POST /forms/lservlet;jsessionid=ac16012b30d6dc1b97c5c24a42a7b28484f9d3a86ecf.e3iSbxaKaheRe3qKcheMbNuKc41ynknvrkLOlQzNp65In0 HTTP/1.1" 200 2
201.245.192.253 - - [08/Feb/2024:04:29:23 -0500] "POST /forms/lservlet;jsessionid=ac16012b30d629257b7236c7411e84d9b4a8aba690a2.e3iSbxaKaheRe3qKcheMbNuKc41ynknvrkLOlQzNp65In0 HTTP/1.1" 200 2
201.245.192.253 - - [08/Feb/2024:04:29:50 -0500] "POST /kwsrmcab/Wsrmcab HTTP/1.1" 200 36926
201.245.192.253 - - [08/Feb/2024:04:29:52 -0500] "POST /kwsrmcab/Wsrmcab HTTP/1.1" 200 37253
201.245.192.253 - - [08/Feb/2024:04:30:01 -0500] "POST /kwsrmcab/Wsrmcab HTTP/1.1" 200 37243
201.245.192.253 - - [08/Feb/2024:04:30:34 -0500] "POST /kwsrmcab/Wsrmcab  HTTP/1.1" 200 37396
201.245.192.253 - - [08/Feb/2024:04:30:57 -0500] "POST /kwsrmcab/Wsrmcab HTTP/1.1" 200 37253
201.245.192.253 - - [08/Feb/2024:04:31:16 -0500] "POST /forms/lservlet;jsessionid=ac16012b30d6dc1b97c5c24a42a7b28484f9d3a86ecf.e3iSbxaKaheRe3qKcheMbNuKc41ynknvrkLOlQzNp65In0 HTTP/1.1" 200 2
54.36.148.236 - - [08/Feb/2024:04:31:21 -0500] "GET /robots.txt HTTP/1.1" 404 1018
201.245.192.253 - - [08/Feb/2024:04:31:23 -0500] "POST /forms/lservlet;jsessionid=ac16012b30d629257b7236c7411e84d9b4a8aba690a2.e3iSbxaKaheRe3qKcheMbNuKc41ynknvrkLOlQzNp65In0 HTTP/1.1" 200 2
66.249.66.13 - - [08/Feb/2024:04:32:09 -0500] "GET /BLA/resoluciones/RESOLUCIONES%202014/0341.pdf HTTP/1.1" 200 573592
172.22.2.4 - - [08/Feb/2024:04:30:49 -0500] "HEAD /BLA/boletinlegal/ HTTP/1.1" 200 -
216.245.221.92 - - [08/Feb/2024:04:32:40 -0500] "HEAD / HTTP/1.1" 200 -
201.245.192.253 - - [08/Feb/2024:04:33:16 -0500] "POST /forms/lservlet;jsessionid=ac16012b30d6dc1b97c5c24a42a7b28484f9d3a86ecf.e3iSbxaKaheRe3qKcheMbNuKc41ynknvrkLOlQzNp65In0 HTTP/1.1" 200 2
172.22.2.4 - - [08/Feb/2024:04:31:40 -0500] "GET /BLA/boletinlegal/ HTTP/1.1" 200 54514
201.245.192.253 - - [08/Feb/2024:04:33:23 -0500] "POST /forms/lservlet;jsessionid=ac16012b30d629257b7236c7411e84d9b4a8aba690a2.e3iSbxaKaheRe3qKcheMbNuKc41ynknvrkLOlQzNp65In0 HTTP/1.1" 200 2
201.245.192.253 - - [08/Feb/2024:04:35:16 -0500] "POST /forms/lservlet;jsessionid=ac16012b30d6dc1b97c5c24a42a7b28484f9d3a86ecf.e3iSbxaKaheRe3qKcheMbNuKc41ynknvrkLOlQzNp65In0 HTTP/1.1" 200 2
201.245.192.253 - - [08/Feb/2024:04:35:23 -0500] "POST /forms/lservlet;jsessionid=ac16012b30d629257b7236c7411e84d9b4a8aba690a2.e3iSbxaKaheRe3qKcheMbNuKc41ynknvrkLOlQzNp65In0 HTTP/1.1" 200 2
201.245.192.253 - - [08/Feb/2024:04:35:33 -0500] "POST /kwsrmcab/Wsrmcab  HTTP/1.1" 200 37396
201.245.192.253 - - [08/Feb/2024:04:37:16 -0500] "POST /forms/lservlet;jsessionid=ac16012b30d6dc1b97c5c24a42a7b28484f9d3a86ecf.e3iSbxaKaheRe3qKcheMbNuKc41ynknvrkLOlQzNp65In0 HTTP/1.1" 200 2
201.245.192.253 - - [08/Feb/2024:04:37:23 -0500] "POST /forms/lservlet;jsessionid=ac16012b30d629257b7236c7411e84d9b4a8aba690a2.e3iSbxaKaheRe3qKcheMbNuKc41ynknvrkLOlQzNp65In0 HTTP/1.1" 200 2
216.245.221.92 - - [08/Feb/2024:04:37:40 -0500] "HEAD / HTTP/1.1" 200 -
69.63.189.111 - - [08/Feb/2024:04:38:18 -0500] "GET /portaldeninos/wp-content/uploads/2021/07/imagenes-con-marcos-pa\xcc\x81gina-de-nin\xcc\x83os-parque-los-nevados.jpg HTTP/1.1" 200 48675
172.22.2.4 - - [08/Feb/2024:04:36:39 -0500] "HEAD /BLA/boletinlegal/ HTTP/1.1" 200 -
172.22.2.4 - - [08/Feb/2024:04:37:30 -0500] "GET /BLA/boletinlegal/ HTTP/1.1" 200 58684
201.245.192.253 - - [08/Feb/2024:04:39:16 -0500] "POST /forms/lservlet;jsessionid=ac16012b30d6dc1b97c5c24a42a7b28484f9d3a86ecf.e3iSbxaKaheRe3qKcheMbNuKc41ynknvrkLOlQzNp65In0 HTTP/1.1" 200 2
201.245.192.253 - - [08/Feb/2024:04:39:23 -0500] "POST /forms/lservlet;jsessionid=ac16012b30d629257b7236c7411e84d9b4a8aba690a2.e3iSbxaKaheRe3qKcheMbNuKc41ynknvrkLOlQzNp65In0 HTTP/1.1" 200 2
201.245.192.253 - - [08/Feb/2024:04:39:50 -0500] "POST /kwsrmcab/Wsrmcab HTTP/1.1" 200 36926
201.245.192.253 - - [08/Feb/2024:04:39:52 -0500] "POST /kwsrmcab/Wsrmcab HTTP/1.1" 200 37253
201.245.192.253 - - [08/Feb/2024:04:40:01 -0500] "POST /kwsrmcab/Wsrmcab HTTP/1.1" 200 37243
201.245.192.253 - - [08/Feb/2024:04:40:32 -0500] "POST /kwsrmcab/Wsrmcab  HTTP/1.1" 200 37396
192.133.77.16 - - [08/Feb/2024:04:40:57 -0500] "GET /images/cr%C3%B3nica-29-nov-1_optimized.jpeg HTTP/1.1" 404 1034
192.133.77.15 - - [08/Feb/2024:04:40:58 -0500] "GET /images/cr%C3%B3nica-29-nov-1_optimized.jpeg HTTP/1.1" 404 1034
66.249.66.11 - - [08/Feb/2024:04:41:01 -0500] "GET /BLA/resoluciones/RESOLUCIONES%202009/8707.pdf HTTP/1.1" 200 582806
201.245.192.253 - - [08/Feb/2024:04:40:59 -0500] "POST /kwsrmcab/Wsrmcab HTTP/1.1" 200 37253
201.245.192.253 - - [08/Feb/2024:04:41:16 -0500] "POST /forms/lservlet;jsessionid=ac16012b30d6dc1b97c5c24a42a7b28484f9d3a86ecf.e3iSbxaKaheRe3qKcheMbNuKc41ynknvrkLOlQzNp65In0 HTTP/1.1" 200 2
201.245.192.253 - - [08/Feb/2024:04:41:23 -0500] "POST /forms/lservlet;jsessionid=ac16012b30d629257b7236c7411e84d9b4a8aba690a2.e3iSbxaKaheRe3qKcheMbNuKc41ynknvrkLOlQzNp65In0 HTTP/1.1" 200 2
69.63.189.116 - - [08/Feb/2024:04:41:51 -0500] "GET /galeria/galeria/fotos/1humedal-Burro1P.jpg HTTP/1.1" 200 7921
216.245.221.92 - - [08/Feb/2024:04:42:40 -0500] "HEAD / HTTP/1.1" 200 -
69.63.184.3 - - [08/Feb/2024:04:42:46 -0500] "GET /galeria/galeria/fotos/Humedal-Tibanica4P.jpg HTTP/1.1" 200 26708
181.32.162.1 - - [08/Feb/2024:04:42:48 -0500] "GET /sipse/faces/javax.faces.resource/theme.css?ln=primefaces-sipse HTTP/1.1" 304 -
181.32.162.1 - - [08/Feb/2024:04:42:49 -0500] "GET /sipse/faces/faces/autenticacion.xhtml HTTP/1.1" 200 12403
181.32.162.1 - - [08/Feb/2024:04:42:50 -0500] "GET /sipse/faces/javax.faces.resource/theme.css?ln=primefaces-sipse HTTP/1.1" 304 -
181.32.162.1 - - [08/Feb/2024:04:42:50 -0500] "GET /sipse/faces/javax.faces.resource/primefaces.css?ln=primefaces&v=4.0 HTTP/1.1" 304 -
181.32.162.1 - - [08/Feb/2024:04:42:50 -0500] "GET /sipse/faces/javax.faces.resource/layout/layout.css?ln=primefaces&v=4.0 HTTP/1.1" 304 -
181.32.162.1 - - [08/Feb/2024:04:42:50 -0500] "GET /sipse/faces/javax.faces.resource/jquery/jquery.js?ln=primefaces&v=4.0 HTTP/1.1" 304 -
181.32.162.1 - - [08/Feb/2024:04:42:50 -0500] "GET /sipse/faces/javax.faces.resource/jquery/jquery-plugins.js?ln=primefaces&v=4.0 HTTP/1.1" 304 -
181.32.162.1 - - [08/Feb/2024:04:42:50 -0500] "GET /sipse/faces/javax.faces.resource/primefaces.js?ln=primefaces&v=4.0 HTTP/1.1" 304 -
181.32.162.1 - - [08/Feb/2024:04:42:50 -0500] "GET /sipse/faces/javax.faces.resource/layout/layout.js?ln=primefaces&v=4.0 HTTP/1.1" 304 -
181.32.162.1 - - [08/Feb/2024:04:42:50 -0500] "GET /sipse/faces/javax.faces.resource/images/ui-icons_898989_256x240.png?ln=primefaces-aristo HTTP/1.1" 304 -
181.32.162.1 - - [08/Feb/2024:04:43:10 -0500] "POST /sipse/faces/autenticacion.xhtml HTTP/1.1" 200 11134
181.32.162.1 - - [08/Feb/2024:04:43:10 -0500] "GET /sipse/faces/javax.faces.resource/theme.css?ln=primefaces-sipse HTTP/1.1" 304 -
181.32.162.1 - - [08/Feb/2024:04:43:10 -0500] "GET /sipse/faces/javax.faces.resource/jquery/jquery.js?ln=primefaces&v=4.0 HTTP/1.1" 304 -
181.32.162.1 - - [08/Feb/2024:04:43:10 -0500] "GET /sipse/faces/javax.faces.resource/layout/layout.css?ln=primefaces&v=4.0 HTTP/1.1" 304 -
181.32.162.1 - - [08/Feb/2024:04:43:10 -0500] "GET /sipse/faces/javax.faces.resource/primefaces.css?ln=primefaces&v=4.0 HTTP/1.1" 304 -
181.32.162.1 - - [08/Feb/2024:04:43:10 -0500] "GET /sipse/faces/javax.faces.resource/jquery/jquery-plugins.js?ln=primefaces&v=4.0 HTTP/1.1" 304 -
181.32.162.1 - - [08/Feb/2024:04:43:10 -0500] "GET /sipse/faces/javax.faces.resource/primefaces.js?ln=primefaces&v=4.0 HTTP/1.1" 304 -
181.32.162.1 - - [08/Feb/2024:04:43:10 -0500] "GET /sipse/faces/javax.faces.resource/layout/layout.js?ln=primefaces&v=4.0 HTTP/1.1" 304 -
181.32.162.1 - - [08/Feb/2024:04:43:10 -0500] "GET /sipse/faces/javax.faces.resource/messages/messages.png?ln=primefaces&v=4.0 HTTP/1.1" 304 -
201.245.192.253 - - [08/Feb/2024:04:43:16 -0500] "POST /forms/lservlet;jsessionid=ac16012b30d6dc1b97c5c24a42a7b28484f9d3a86ecf.e3iSbxaKaheRe3qKcheMbNuKc41ynknvrkLOlQzNp65In0 HTTP/1.1" 200 2
181.32.162.1 - - [08/Feb/2024:04:43:18 -0500] "POST /sipse/faces/presentacion/sistema/seguridad/seleccionRol.xhtml HTTP/1.1" 200 5566
181.32.162.1 - - [08/Feb/2024:04:43:19 -0500] "POST /sipse/faces/presentacion/sistema/seguridad/seleccionRol.xhtml HTTP/1.1" 200 16345
181.32.162.1 - - [08/Feb/2024:04:43:19 -0500] "GET /sipse/faces/javax.faces.resource/theme.css?ln=primefaces-sipse HTTP/1.1" 304 -
181.32.162.1 - - [08/Feb/2024:04:43:19 -0500] "GET /sipse/faces/javax.faces.resource/layout/layout.css?ln=primefaces&v=4.0 HTTP/1.1" 304 -
181.32.162.1 - - [08/Feb/2024:04:43:19 -0500] "GET /sipse/faces/javax.faces.resource/primefaces.css?ln=primefaces&v=4.0 HTTP/1.1" 304 -
181.32.162.1 - - [08/Feb/2024:04:43:19 -0500] "GET /sipse/faces/javax.faces.resource/jquery/jquery.js?ln=primefaces&v=4.0 HTTP/1.1" 304 -
181.32.162.1 - - [08/Feb/2024:04:43:20 -0500] "GET /sipse/faces/javax.faces.resource/jquery/jquery-plugins.js?ln=primefaces&v=4.0 HTTP/1.1" 304 -
181.32.162.1 - - [08/Feb/2024:04:43:20 -0500] "GET /sipse/faces/javax.faces.resource/primefaces.js?ln=primefaces&v=4.0 HTTP/1.1" 304 -
181.32.162.1 - - [08/Feb/2024:04:43:20 -0500] "GET /sipse/faces/javax.faces.resource/layout/layout.js?ln=primefaces&v=4.0 HTTP/1.1" 304 -
181.32.162.1 - - [08/Feb/2024:04:43:20 -0500] "GET /sipse/css/imagen/contrasena.png HTTP/1.1" 404 383
181.32.162.1 - - [08/Feb/2024:04:43:21 -0500] "GET /sipse/faces/javax.faces.resource/images/ui-bg_flat_0_2d5972_40x100.png?ln=primefaces-aristo HTTP/1.1" 304 -
181.32.162.1 - - [08/Feb/2024:04:43:21 -0500] "POST /sipse/faces/bienvenido.xhtml HTTP/1.1" 200 2658
181.32.162.1 - - [08/Feb/2024:04:43:22 -0500] "POST /sipse/faces/bienvenido.xhtml HTTP/1.1" 200 39216
181.32.162.1 - - [08/Feb/2024:04:43:23 -0500] "GET /sipse/faces/javax.faces.resource/theme.css?ln=primefaces-sipse HTTP/1.1" 304 -
181.32.162.1 - - [08/Feb/2024:04:43:23 -0500] "GET /sipse/faces/javax.faces.resource/primefaces.css?ln=primefaces&v=4.0 HTTP/1.1" 304 -
181.32.162.1 - - [08/Feb/2024:04:43:23 -0500] "GET /sipse/faces/javax.faces.resource/layout/layout.css?ln=primefaces&v=4.0 HTTP/1.1" 304 -
201.245.192.253 - - [08/Feb/2024:04:43:23 -0500] "POST /forms/lservlet;jsessionid=ac16012b30d629257b7236c7411e84d9b4a8aba690a2.e3iSbxaKaheRe3qKcheMbNuKc41ynknvrkLOlQzNp65In0 HTTP/1.1" 200 2
181.32.162.1 - - [08/Feb/2024:04:43:23 -0500] "GET /sipse/faces/javax.faces.resource/jquery/jquery.js?ln=primefaces&v=4.0 HTTP/1.1" 304 -
181.32.162.1 - - [08/Feb/2024:04:43:23 -0500] "GET /sipse/faces/javax.faces.resource/jquery/jquery-plugins.js?ln=primefaces&v=4.0 HTTP/1.1" 304 -
181.32.162.1 - - [08/Feb/2024:04:43:23 -0500] "GET /sipse/faces/javax.faces.resource/primefaces.js?ln=primefaces&v=4.0 HTTP/1.1" 304 -
181.32.162.1 - - [08/Feb/2024:04:43:23 -0500] "GET /sipse/faces/javax.faces.resource/layout/layout.js?ln=primefaces&v=4.0 HTTP/1.1" 304 -
181.32.162.1 - - [08/Feb/2024:04:43:24 -0500] "POST /sipse/faces/presentacion/financiero/solicitudProceso/listarSolicitudProceso.xhtml HTTP/1.1" 200 1416
181.32.162.1 - - [08/Feb/2024:04:43:27 -0500] "POST /sipse/faces/presentacion/financiero/solicitudProceso/listarSolicitudProceso.xhtml HTTP/1.1" 200 122386
181.32.162.1 - - [08/Feb/2024:04:43:27 -0500] "GET /sipse/faces/javax.faces.resource/theme.css?ln=primefaces-sipse HTTP/1.1" 304 -
181.32.162.1 - - [08/Feb/2024:04:43:27 -0500] "GET /sipse/faces/javax.faces.resource/primefaces.css?ln=primefaces&v=4.0 HTTP/1.1" 304 -
181.32.162.1 - - [08/Feb/2024:04:43:27 -0500] "GET /sipse/faces/javax.faces.resource/layout/layout.css?ln=primefaces&v=4.0 HTTP/1.1" 304 -
181.32.162.1 - - [08/Feb/2024:04:43:28 -0500] "GET /sipse/faces/javax.faces.resource/jquery/jquery.js?ln=primefaces&v=4.0 HTTP/1.1" 304 -
181.32.162.1 - - [08/Feb/2024:04:43:28 -0500] "GET /sipse/faces/javax.faces.resource/jquery/jquery-plugins.js?ln=primefaces&v=4.0 HTTP/1.1" 304 -
