201.245.192.253 - - [11/Feb/2024:15:29:32 -0500] "POST /kwsrmcab/Wsrmcab HTTP/1.1" 200 37356
201.245.192.253 - - [11/Feb/2024:15:29:35 -0500] "POST /kwsrmcab/Wsrmcab HTTP/1.1" 200 34857
201.245.192.253 - - [11/Feb/2024:15:29:48 -0500] "POST /kwsrmcab/Wsrmcab HTTP/1.1" 200 35305
172.22.2.4 - - [11/Feb/2024:15:29:51 -0500] "GET /BLA/boletinlegal/.env HTTP/1.1" 404 1038
201.245.192.253 - - [11/Feb/2024:15:30:00 -0500] "POST /forms/lservlet;jsessionid=ac16012b30d610ae24beb5094434bff4cfc888fbc4af.e3iSbxaKaheRe3qKcheMbNuKc41ynknvrkLOlQzNp65In0 HTTP/1.1" 200 2
201.245.192.253 - - [11/Feb/2024:15:30:34 -0500] "POST /kwsrmcab/Wsrmcab HTTP/1.1" 200 34857
201.245.192.253 - - [11/Feb/2024:15:30:40 -0500] "POST /forms/lservlet;jsessionid=ac16012b30d629257b7236c7411e84d9b4a8aba690a2.e3iSbxaKaheRe3qKcheMbNuKc41ynknvrkLOlQzNp65In0 HTTP/1.1" 200 2
172.22.2.4 - - [11/Feb/2024:15:29:16 -0500] "HEAD /BLA/boletinlegal/ HTTP/1.1" 200 -
172.22.2.4 - - [11/Feb/2024:15:30:07 -0500] "GET /BLA/boletinlegal/ HTTP/1.1" 200 61047
201.245.192.253 - - [11/Feb/2024:15:32:00 -0500] "POST /forms/lservlet;jsessionid=ac16012b30d610ae24beb5094434bff4cfc888fbc4af.e3iSbxaKaheRe3qKcheMbNuKc41ynknvrkLOlQzNp65In0 HTTP/1.1" 200 2
216.245.221.92 - - [11/Feb/2024:15:32:28 -0500] "HEAD / HTTP/1.1" 200 -
201.245.192.253 - - [11/Feb/2024:15:32:40 -0500] "POST /forms/lservlet;jsessionid=ac16012b30d629257b7236c7411e84d9b4a8aba690a2.e3iSbxaKaheRe3qKcheMbNuKc41ynknvrkLOlQzNp65In0 HTTP/1.1" 200 2
172.22.2.4 - - [11/Feb/2024:15:32:54 -0500] "GET /BLA/boletinlegal/jurisprudencia/analisis/AnalisisT-606-15.docx HTTP/1.1" 200 26698
172.22.2.4 - - [11/Feb/2024:15:32:54 -0500] "GET /BLA/boletinlegal/apple-touch-icon-120x120-precomposed.png HTTP/1.1" 404 1140
172.22.2.4 - - [11/Feb/2024:15:32:54 -0500] "GET /BLA/boletinlegal/apple-touch-icon-120x120.png HTTP/1.1" 404 1140
172.22.2.4 - - [11/Feb/2024:15:32:55 -0500] "GET /BLA/boletinlegal/apple-touch-icon-precomposed.png HTTP/1.1" 404 1140
172.22.2.4 - - [11/Feb/2024:15:32:55 -0500] "GET /BLA/boletinlegal/apple-touch-icon.png HTTP/1.1" 404 1140
172.22.2.4 - - [11/Feb/2024:15:32:55 -0500] "GET /BLA/boletinlegal/favicon.ico HTTP/1.1" 404 1140
172.22.2.4 - - [11/Feb/2024:15:32:55 -0500] "GET /BLA/boletinlegal/apple-touch-icon-120x120-precomposed.png HTTP/1.1" 404 1140
172.22.2.4 - - [11/Feb/2024:15:32:55 -0500] "GET /BLA/boletinlegal/apple-touch-icon-120x120.png HTTP/1.1" 404 1140
172.22.2.4 - - [11/Feb/2024:15:32:55 -0500] "GET /BLA/boletinlegal/apple-touch-icon-precomposed.png HTTP/1.1" 404 1140
172.22.2.4 - - [11/Feb/2024:15:32:55 -0500] "GET /BLA/boletinlegal/apple-touch-icon.png HTTP/1.1" 404 1140
172.22.2.4 - - [11/Feb/2024:15:32:55 -0500] "GET /BLA/boletinlegal/favicon.ico HTTP/1.1" 404 1140
201.245.192.253 - - [11/Feb/2024:15:32:53 -0500] "POST /kwsrmcab/Wsrmcab  HTTP/1.1" 200 37396
172.22.2.4 - - [11/Feb/2024:15:32:10 -0500] "GET /BLA/boletinlegal/ HTTP/1.1" 200 63056
52.149.22.84 - - [11/Feb/2024:15:33:50 -0500] "GET /Publicaciones/2024EE02908.pdf HTTP/1.1" 404 227
201.245.192.253 - - [11/Feb/2024:15:34:00 -0500] "POST /forms/lservlet;jsessionid=ac16012b30d610ae24beb5094434bff4cfc888fbc4af.e3iSbxaKaheRe3qKcheMbNuKc41ynknvrkLOlQzNp65In0 HTTP/1.1" 200 2
66.249.66.21 - - [11/Feb/2024:15:34:01 -0500] "GET /Residuos/cosmeticos/files/guia_cosmeticos-aseo.pdf HTTP/1.1" 304 -
201.245.192.253 - - [11/Feb/2024:15:34:40 -0500] "POST /forms/lservlet;jsessionid=ac16012b30d629257b7236c7411e84d9b4a8aba690a2.e3iSbxaKaheRe3qKcheMbNuKc41ynknvrkLOlQzNp65In0 HTTP/1.1" 200 2
66.249.66.20 - - [11/Feb/2024:15:35:03 -0500] "GET /isolucionsda/FrameSetArticulo.asp?Pagina=/isolucionsda/bancoconocimiento/L/Ley794del8deEnerode2003/Ley794del8deEnerode2003.asp?IdArticulo=6507 HTTP/1.1" 200 527
201.245.192.253 - - [11/Feb/2024:15:36:00 -0500] "POST /forms/lservlet;jsessionid=ac16012b30d610ae24beb5094434bff4cfc888fbc4af.e3iSbxaKaheRe3qKcheMbNuKc41ynknvrkLOlQzNp65In0 HTTP/1.1" 200 2
172.22.2.4 - - [11/Feb/2024:15:36:08 -0500] "GET /BLA/boletinlegal/Circulares/2019/.pdf HTTP/1.1" 404 1218
45.70.171.82 - - [11/Feb/2024:15:36:37 -0500] "GET /kwssiamovil/sm/ldap/au?x=U2FsdGVkX1+1e3kILJyQoonip3N37a7RBmlFqy2URCPKONutdTNKItuQ+38hhqUiDeD33i0xy94ldDy48hACYQ==&y=U2FsdGVkX1+I/419MxIyqJfDoHx7O9HHHCFQKeZXDJI= HTTP/1.1" 200 30
45.70.171.82 - - [11/Feb/2024:15:36:37 -0500] "GET /kwssiamovil/sm/acme/s?s=U2FsdGVkX193XAdvhEmFZ13LkfsPjF9yilK26IJvIx5l1OQFvkvkxvSfUCLQI4J6oPtnGenwymVpXSiD1KfPSDQznefng4J0ohzMX0iBAsY=&u=U2FsdGVkX1/lgJ8jnIu9lKueh8x1zHHbvWYW2SRiF10=&y=U2FsdGVkX1+I/419MxIyqJfDoHx7O9HHHCFQKeZXDJI= HTTP/1.1" 200 97
45.70.171.82 - - [11/Feb/2024:15:36:37 -0500] "GET /kwssiamovil/sm/acme/s?s=U2FsdGVkX18XQnk4lbsuOW4g4VfAHyl5lxYkuJQb3wAnqOxadIGzMuoouhTuAy5yaQbCyGjUgTx97oAhru4AhVykwXkRgC9h3AAM1O/gnMgtP46w4YjNtNy9dmh8JfFr/2OD50nwLXSGmx9COeN37je4Zz5eeWKiORyYCE+9TrDrMSyL8mtizgKV9yRQRI3aSLIsFH4qtVs0IXVhZQmKkYHNU23MJZqnDa6ygXvPymu8zOBr5hzyCbnFO3UFIb3fjJdQAzfUyWApC5osv9AO0Q1Ab7OPLu2fd7W/BmViU3YlNyMW8obmd70IcFkqj4Nj2MgxwXf4IOnSuyKCuX4wm/K3qO8TY2g1F/byVqnR1EZYneGo2CzcvGAyXaUU420xE0yl2Oc4hJxGygmrqRplWJM4TFat8q3NzCJGC1GmkRhtxDieFsYwMtcv68GrrMwcXFuPX3+R1t0Jq/lWrhlAnUCqI26OOOcJi9BjRMOUHGa+PwsdEvJ7bppG+hmKZz5x+Pw68bAIBaDbxjFyHhWU1muvVKXRmbevPoW/G9T82+/QGXdenVI2vs3o51BjOPUwkRfVJmjeRpFGaJ15sMyQgeBkPY68KCVdv9dDQM2b6A0A5NsQELryQDXmKSbhy8fDFD8tZXQmz8HiPqstddWQfV32YoiY42HCs7tYQVfUa2uhvZqSW+cZbEUDCZksp4NpMiAhOJL27/Bk7o7YWqXVraTiWibRM/0BZrOJfoYymyo10JZ5dK3y8fHQp3QzC4uM2olA51P14c9imYD3Tx59F1Vb7v0tzFX8O7e2QqOYRYKDYkNVEeh022YlvAlsB6dtMwRAZO2n6Jx6XR7eAS1dwML4iqa4fUAEyk6PIphRRfwaSa5Awfm4HdFPqD7br2K/EePamWTtRonQG+tjz7gVwFB4HifhTr45YXunb3LZbBkQcGRV0IOytLANhNTpP9XLjhlOjWYxNAbQu+W1ewzenALFPXMQiQImLnPefYrrtq9B4QPfsXbU6dsH6PEc5gQTsVnBCSxYyJcFCnv33mPOCoa7fcjf2R2cFXnVnzMbqv05iJlwC33BefzSrHl77SERLLEUVMR83iJlkq5VAJKNoeOb5tyVVLVqyk+Oqw73sFwvvedPNUVNnESQ+zIXxqJ4Qu4sFBlcOUoAmRfL8Fk/lxrzs9ZgBhZSoko03r3UrfdY1yjmZi3gJB7uZ/y+LotXhm95c2WvUm4wB8eyhK7RdeRUM97jD9CyZv+r6IfwrLDSyumJsIGb4sTXyFOaKkffYy4C/2ecrpr9DB5+H3W+UnZDko1ftgUilWltn6GPSMYe0snVcdSJwwgx7PUvTQvTSiG5+75sqa+uVcV0XfRG9+2WoTfgpeKuKvoeeMiodMlpAdyYSnEqdvJ+bmwNPyYhJDxhvk21n8C4SP8XINFeCLUlBZV2O0dHTOhiz9mZrT/WtXa/GecKhWPkDF1UJaxKZFaMt001lBKtDsT0t72V85HjkRDR9MnkzY5QP4ytzM9B89Lu2R1cybOa2mVpVHuVTwSjBLnu17woksiiX+Jp7j3sfdJzxEHRHcYhFYcGTR1CchkJ+CjJ8Vg5JwE0uAlg8BJmbq1usbfwnusGx5lgl+J9iDmyr4UFxj4hnk/25IhEmnzptKhzl+EKcvh5zSgB98RtlXdzIYEwWUw5DlNXkeYmvm/mQ2H/dMwVf7nPawRSc5wose6OA+boYgio4YxR+rDE29DjWiinqGX7mxiEb5Uoc6NpXJ9ara3zp04X7S4=&u=U2FsdGVkX1/lgJ8jnIu9lKueh8x1zHHbvWYW2SRiF10=&y=U2FsdGVkX1+I/419MxIyqJfDoHx7O9HHHCFQKeZXDJI= HTTP/1.1" 200 3693
45.70.171.82 - - [11/Feb/2024:15:36:38 -0500] "GET /kwssiamovil/sm/acme/s?s=U2FsdGVkX19i2yL3hrqmcgPMem6r04GhQEjhHfzHesvhOW0invUqlP1LgBakKPIJSHimJKMH8oeDSXXpUL43na7UqoNCdauk6lr3NaFkmOsg/0428EY0IgK6ytM3TsOJKA15kNnW0aUFXsLe9cHAKtUWXY9PjY0bc2b46JOLz+UzMvaXidn22s0CBbUgD6Tz5ORuFOiTFXn5/1soCo1CrqkKEZcD1XGTw25xGYt8fr0vnWoWsAPGz8kUcHEsn/KHOJBFK5vlRC0O2972lMjbJCLcW5IgxTZMRUYuHmt61l1mBr5eSGkBhT6x1f/8CXgbGgqhvYzJeDJDryZt3fMCgHfjEbsREILQOoUPjBPlcsC5XupYehfe+BRkt2C6Fz9SBqQlew9qrU6/9P71H9H0uza8qXuYroJHxYe+xs9IP/dOWtXKE4tXH6XMIAhkIi8TE6AgKwOg6Lujf1F58dhXZfmTDNtSIK5IQTM88ByQ3YR03N8pQSzM/KFBdp2vJifuDOVg+PFT/tmSr0ELkUQWwPP+ikQD6sc/jCNt7133xCrDmIsT/u7HkqOanbOKRGaA0dXQ7aq8H5tpHE/vNjx6x/F1WItTNNSCLye5+hF5IMdYRXEfg0/dNdugPMQ2YAexFxZ98bLHXDWZtBFaS8HbaX7Yr/1RsKjZVcnUpFNkEk0fS6OX6Tp0M/POqkHATqstEUhALU9UCHucBwdoOsF2leQiSzmAjbhmYuglbB7X9HcllRy+X9u4jbTP7yhJoiOL&u=U2FsdGVkX1/lgJ8jnIu9lKueh8x1zHHbvWYW2SRiF10=&y=U2FsdGVkX1+I/419MxIyqJfDoHx7O9HHHCFQKeZXDJI= HTTP/1.1" 200 208
45.70.171.82 - - [11/Feb/2024:15:36:38 -0500] "GET /kwssiamovil/sm/cjson/pre?f=1&x=U2FsdGVkX1+1e3kILJyQoonip3N37a7RBmlFqy2URCPKONutdTNKItuQ+38hhqUiDeD33i0xy94ldDy48hACYQ== HTTP/1.1" 200 32032
201.245.192.253 - - [11/Feb/2024:15:36:40 -0500] "POST /forms/lservlet;jsessionid=ac16012b30d629257b7236c7411e84d9b4a8aba690a2.e3iSbxaKaheRe3qKcheMbNuKc41ynknvrkLOlQzNp65In0 HTTP/1.1" 200 2
172.22.2.4 - - [11/Feb/2024:15:35:06 -0500] "HEAD /BLA/boletinlegal/ HTTP/1.1" 200 -
216.245.221.92 - - [11/Feb/2024:15:37:28 -0500] "HEAD / HTTP/1.1" 200 -
172.22.2.4 - - [11/Feb/2024:15:35:57 -0500] "GET /BLA/boletinlegal/ HTTP/1.1" 200 61047
201.245.192.253 - - [11/Feb/2024:15:37:52 -0500] "POST /kwsrmcab/Wsrmcab  HTTP/1.1" 200 37396
201.245.192.253 - - [11/Feb/2024:15:38:00 -0500] "POST /forms/lservlet;jsessionid=ac16012b30d610ae24beb5094434bff4cfc888fbc4af.e3iSbxaKaheRe3qKcheMbNuKc41ynknvrkLOlQzNp65In0 HTTP/1.1" 200 2
172.22.2.4 - - [11/Feb/2024:15:38:03 -0500] "GET /BLA/boletinlegal/normativa.php HTTP/1.1" 200 8397
201.245.192.253 - - [11/Feb/2024:15:38:40 -0500] "POST /forms/lservlet;jsessionid=ac16012b30d629257b7236c7411e84d9b4a8aba690a2.e3iSbxaKaheRe3qKcheMbNuKc41ynknvrkLOlQzNp65In0 HTTP/1.1" 200 2
201.245.192.253 - - [11/Feb/2024:15:39:32 -0500] "POST /kwsrmcab/Wsrmcab HTTP/1.1" 200 37356
201.245.192.253 - - [11/Feb/2024:15:39:35 -0500] "POST /kwsrmcab/Wsrmcab HTTP/1.1" 200 34857
201.245.192.253 - - [11/Feb/2024:15:39:48 -0500] "POST /kwsrmcab/Wsrmcab HTTP/1.1" 200 35305
81.70.189.27 - - [11/Feb/2024:15:39:53 -0500] "GET /portaldeninos/wp-content/uploads/2020/06/tw.jpg HTTP/1.1" 200 11056
201.245.192.253 - - [11/Feb/2024:15:40:00 -0500] "POST /forms/lservlet;jsessionid=ac16012b30d610ae24beb5094434bff4cfc888fbc4af.e3iSbxaKaheRe3qKcheMbNuKc41ynknvrkLOlQzNp65In0 HTTP/1.1" 200 2
201.245.192.253 - - [11/Feb/2024:15:40:34 -0500] "POST /kwsrmcab/Wsrmcab HTTP/1.1" 200 34857
201.245.192.253 - - [11/Feb/2024:15:40:40 -0500] "POST /forms/lservlet;jsessionid=ac16012b30d629257b7236c7411e84d9b4a8aba690a2.e3iSbxaKaheRe3qKcheMbNuKc41ynknvrkLOlQzNp65In0 HTTP/1.1" 200 2
52.167.144.204 - - [11/Feb/2024:15:40:56 -0500] "GET /BLA/resoluciones/AUTOS%202019/4872.pdf HTTP/1.1" 304 -
201.245.192.253 - - [11/Feb/2024:15:42:00 -0500] "POST /forms/lservlet;jsessionid=ac16012b30d610ae24beb5094434bff4cfc888fbc4af.e3iSbxaKaheRe3qKcheMbNuKc41ynknvrkLOlQzNp65In0 HTTP/1.1" 200 2
216.245.221.92 - - [11/Feb/2024:15:42:28 -0500] "HEAD / HTTP/1.1" 200 -
172.22.2.4 - - [11/Feb/2024:15:40:56 -0500] "HEAD /BLA/boletinlegal/ HTTP/1.1" 200 -
201.245.192.253 - - [11/Feb/2024:15:42:40 -0500] "POST /forms/lservlet;jsessionid=ac16012b30d629257b7236c7411e84d9b4a8aba690a2.e3iSbxaKaheRe3qKcheMbNuKc41ynknvrkLOlQzNp65In0 HTTP/1.1" 200 2
201.245.192.253 - - [11/Feb/2024:15:42:51 -0500] "POST /kwsrmcab/Wsrmcab  HTTP/1.1" 200 37396
176.97.210.229 - - [11/Feb/2024:15:43:17 -0500] "GET / HTTP/1.1" 200 319
172.22.2.4 - - [11/Feb/2024:15:41:47 -0500] "GET /BLA/boletinlegal/ HTTP/1.1" 200 58684
201.245.192.253 - - [11/Feb/2024:15:44:00 -0500] "POST /forms/lservlet;jsessionid=ac16012b30d610ae24beb5094434bff4cfc888fbc4af.e3iSbxaKaheRe3qKcheMbNuKc41ynknvrkLOlQzNp65In0 HTTP/1.1" 200 2
190.26.164.125 - - [11/Feb/2024:15:44:29 -0500] "GET /sipse/faces/index.xhtml HTTP/1.1" 200 677
190.26.164.125 - - [11/Feb/2024:15:44:30 -0500] "GET /sipse/faces/javax.faces.resource/theme.css?ln=primefaces-sipse HTTP/1.1" 304 -
190.26.164.125 - - [11/Feb/2024:15:44:30 -0500] "GET /sipse/faces/faces/autenticacion.xhtml HTTP/1.1" 200 12414
190.26.164.125 - - [11/Feb/2024:15:44:30 -0500] "GET /sipse/js/disable_browser_buttons.js HTTP/1.1" 304 -
190.26.164.125 - - [11/Feb/2024:15:44:30 -0500] "GET /sipse/js/funciones.js HTTP/1.1" 304 -
190.26.164.125 - - [11/Feb/2024:15:44:30 -0500] "GET /sipse/css/custom_css_sg.css HTTP/1.1" 304 -
190.26.164.125 - - [11/Feb/2024:15:44:30 -0500] "GET /sipse/faces/javax.faces.resource/theme.css?ln=primefaces-sipse HTTP/1.1" 304 -
190.26.164.125 - - [11/Feb/2024:15:44:30 -0500] "GET /sipse/faces/javax.faces.resource/layout/layout.css?ln=primefaces&v=4.0 HTTP/1.1" 304 -
190.26.164.125 - - [11/Feb/2024:15:44:30 -0500] "GET /sipse/faces/javax.faces.resource/primefaces.css?ln=primefaces&v=4.0 HTTP/1.1" 304 -
190.26.164.125 - - [11/Feb/2024:15:44:30 -0500] "GET /sipse/faces/javax.faces.resource/layout/layout.js?ln=primefaces&v=4.0 HTTP/1.1" 304 -
190.26.164.125 - - [11/Feb/2024:15:44:30 -0500] "GET /sipse/faces/javax.faces.resource/jquery/jquery.js?ln=primefaces&v=4.0 HTTP/1.1" 304 -
190.26.164.125 - - [11/Feb/2024:15:44:30 -0500] "GET /sipse/faces/javax.faces.resource/jquery/jquery-plugins.js?ln=primefaces&v=4.0 HTTP/1.1" 304 -
190.26.164.125 - - [11/Feb/2024:15:44:31 -0500] "GET /sipse/faces/javax.faces.resource/primefaces.js?ln=primefaces&v=4.0 HTTP/1.1" 304 -
190.26.164.125 - - [11/Feb/2024:15:44:31 -0500] "GET /sipse/css/imagen/logoSDG.png HTTP/1.1" 304 -
190.26.164.125 - - [11/Feb/2024:15:44:31 -0500] "GET /sipse/faces/javax.faces.resource/images/ui-icons_898989_256x240.png?ln=primefaces-aristo HTTP/1.1" 304 -
190.26.164.125 - - [11/Feb/2024:15:44:37 -0500] "POST /sipse/faces/autenticacion.xhtml HTTP/1.1" 200 16202
190.26.164.125 - - [11/Feb/2024:15:44:37 -0500] "GET /sipse/css/custom_css_sg_prime.css HTTP/1.1" 304 -
190.26.164.125 - - [11/Feb/2024:15:44:37 -0500] "GET /sipse/faces/javax.faces.resource/theme.css?ln=primefaces-sipse HTTP/1.1" 304 -
190.26.164.125 - - [11/Feb/2024:15:44:37 -0500] "GET /sipse/faces/javax.faces.resource/primefaces.css?ln=primefaces&v=4.0 HTTP/1.1" 304 -
190.26.164.125 - - [11/Feb/2024:15:44:37 -0500] "GET /sipse/faces/javax.faces.resource/layout/layout.css?ln=primefaces&v=4.0 HTTP/1.1" 304 -
190.26.164.125 - - [11/Feb/2024:15:44:38 -0500] "GET /sipse/js/jquery.min.js HTTP/1.1" 304 -
190.26.164.125 - - [11/Feb/2024:15:44:38 -0500] "GET /sipse/faces/javax.faces.resource/jquery/jquery.js?ln=primefaces&v=4.0 HTTP/1.1" 304 -
190.26.164.125 - - [11/Feb/2024:15:44:38 -0500] "GET /sipse/faces/javax.faces.resource/jquery/jquery-plugins.js?ln=primefaces&v=4.0 HTTP/1.1" 304 -
190.26.164.125 - - [11/Feb/2024:15:44:38 -0500] "GET /sipse/faces/javax.faces.resource/primefaces.js?ln=primefaces&v=4.0 HTTP/1.1" 304 -
190.26.164.125 - - [11/Feb/2024:15:44:38 -0500] "GET /sipse/faces/javax.faces.resource/layout/layout.js?ln=primefaces&v=4.0 HTTP/1.1" 304 -
190.26.164.125 - - [11/Feb/2024:15:44:38 -0500] "GET /sipse/imagenes/cargando.gif HTTP/1.1" 304 -
190.26.164.125 - - [11/Feb/2024:15:44:38 -0500] "GET /sipse/css/imagen/contrasena.png HTTP/1.1" 404 383
190.26.164.125 - - [11/Feb/2024:15:44:38 -0500] "GET /sipse/faces/javax.faces.resource/messages/messages.png?ln=primefaces&v=4.0 HTTP/1.1" 304 -
190.26.164.125 - - [11/Feb/2024:15:44:38 -0500] "POST /sipse/faces/bienvenido.xhtml HTTP/1.1" 200 732
201.245.192.253 - - [11/Feb/2024:15:44:40 -0500] "POST /forms/lservlet;jsessionid=ac16012b30d629257b7236c7411e84d9b4a8aba690a2.e3iSbxaKaheRe3qKcheMbNuKc41ynknvrkLOlQzNp65In0 HTTP/1.1" 200 2
190.26.164.125 - - [11/Feb/2024:15:44:41 -0500] "GET /sipse/faces/javax.faces.resource/images/ui-bg_flat_0_2d5972_40x100.png?ln=primefaces-aristo HTTP/1.1" 304 -
190.26.164.125 - - [11/Feb/2024:15:44:42 -0500] "POST /sipse/faces/bienvenido.xhtml HTTP/1.1" 200 1471
190.26.164.125 - - [11/Feb/2024:15:44:44 -0500] "POST /sipse/faces/bienvenido.xhtml HTTP/1.1" 200 62128
190.26.164.125 - - [11/Feb/2024:15:44:45 -0500] "GET /sipse/faces/javax.faces.resource/theme.css?ln=primefaces-sipse HTTP/1.1" 304 -
190.26.164.125 - - [11/Feb/2024:15:44:45 -0500] "GET /sipse/faces/javax.faces.resource/primefaces.css?ln=primefaces&v=4.0 HTTP/1.1" 304 -
190.26.164.125 - - [11/Feb/2024:15:44:45 -0500] "GET /sipse/faces/javax.faces.resource/layout/layout.css?ln=primefaces&v=4.0 HTTP/1.1" 304 -
190.26.164.125 - - [11/Feb/2024:15:44:45 -0500] "GET /sipse/faces/javax.faces.resource/jquery/jquery.js?ln=primefaces&v=4.0 HTTP/1.1" 304 -
190.26.164.125 - - [11/Feb/2024:15:44:45 -0500] "GET /sipse/faces/javax.faces.resource/jquery/jquery-plugins.js?ln=primefaces&v=4.0 HTTP/1.1" 304 -
190.26.164.125 - - [11/Feb/2024:15:44:45 -0500] "GET /sipse/faces/javax.faces.resource/primefaces.js?ln=primefaces&v=4.0 HTTP/1.1" 304 -
190.26.164.125 - - [11/Feb/2024:15:44:45 -0500] "GET /sipse/faces/javax.faces.resource/layout/layout.js?ln=primefaces&v=4.0 HTTP/1.1" 304 -
190.26.164.125 - - [11/Feb/2024:15:44:46 -0500] "POST /sipse/faces/presentacion/financiero/solicitudProceso/listarSolicitudProceso.xhtml HTTP/1.1" 200 1556
190.26.164.125 - - [11/Feb/2024:15:44:52 -0500] "POST /sipse/faces/presentacion/financiero/solicitudProceso/listarSolicitudProceso.xhtml HTTP/1.1" 200 5333
190.26.164.125 - - [11/Feb/2024:15:44:56 -0500] "POST /sipse/faces/presentacion/financiero/solicitudProceso/listarSolicitudProceso.xhtml HTTP/1.1" 200 152908
190.26.164.125 - - [11/Feb/2024:15:44:57 -0500] "GET /sipse/faces/javax.faces.resource/primefaces.css?ln=primefaces&v=4.0 HTTP/1.1" 304 -
190.26.164.125 - - [11/Feb/2024:15:44:57 -0500] "GET /sipse/faces/javax.faces.resource/theme.css?ln=primefaces-sipse HTTP/1.1" 304 -
190.26.164.125 - - [11/Feb/2024:15:44:57 -0500] "GET /sipse/faces/javax.faces.resource/layout/layout.css?ln=primefaces&v=4.0 HTTP/1.1" 304 -
190.26.164.125 - - [11/Feb/2024:15:44:57 -0500] "GET /sipse/faces/javax.faces.resource/jquery/jquery.js?ln=primefaces&v=4.0 HTTP/1.1" 304 -
190.26.164.125 - - [11/Feb/2024:15:44:57 -0500] "GET /sipse/faces/javax.faces.resource/jquery/jquery-plugins.js?ln=primefaces&v=4.0 HTTP/1.1" 304 -
190.26.164.125 - - [11/Feb/2024:15:44:57 -0500] "GET /sipse/faces/javax.faces.resource/primefaces.js?ln=primefaces&v=4.0 HTTP/1.1" 304 -
190.26.164.125 - - [11/Feb/2024:15:44:57 -0500] "GET /sipse/faces/javax.faces.resource/layout/layout.js?ln=primefaces&v=4.0 HTTP/1.1" 304 -
114.119.135.172 - - [11/Feb/2024:15:45:04 -0500] "GET /BLA/resoluciones/RESOLUCIONES%202010/7795.pdf HTTP/1.1" 200 1162469
190.26.164.125 - - [11/Feb/2024:15:45:17 -0500] "POST /sipse/faces/presentacion/financiero/solicitudProceso/consultarSolicitudProceso.xhtml HTTP/1.1" 200 89662
201.245.192.253 - - [11/Feb/2024:15:46:00 -0500] "POST /forms/lservlet;jsessionid=ac16012b30d610ae24beb5094434bff4cfc888fbc4af.e3iSbxaKaheRe3qKcheMbNuKc41ynknvrkLOlQzNp65In0 HTTP/1.1" 200 2
190.26.164.125 - - [11/Feb/2024:15:46:22 -0500] "POST /sipse/faces/presentacion/financiero/solicitudProceso/consultarSolicitudProceso.xhtml HTTP/1.1" 200 5574
181.61.157.160 - - [11/Feb/2024:15:46:35 -0500] "POST /sipse/faces/presentacion/financiero/solicitudProceso/consultarSolicitudProceso.xhtml HTTP/1.1" 200 61001
181.61.157.160 - - [11/Feb/2024:15:46:35 -0500] "GET /sipse/faces/javax.faces.resource/theme.css?ln=primefaces-sipse HTTP/1.1" 304 -
181.61.157.160 - - [11/Feb/2024:15:46:36 -0500] "GET /sipse/faces/javax.faces.resource/primefaces.css?ln=primefaces&v=4.0 HTTP/1.1" 304 -
181.61.157.160 - - [11/Feb/2024:15:46:36 -0500] "GET /sipse/faces/javax.faces.resource/layout/layout.css?ln=primefaces&v=4.0 HTTP/1.1" 304 -
181.61.157.160 - - [11/Feb/2024:15:46:36 -0500] "GET /sipse/faces/javax.faces.resource/jquery/jquery.js?ln=primefaces&v=4.0 HTTP/1.1" 304 -
181.61.157.160 - - [11/Feb/2024:15:46:36 -0500] "GET /sipse/faces/javax.faces.resource/jquery/jquery-plugins.js?ln=primefaces&v=4.0 HTTP/1.1" 304 -
181.61.157.160 - - [11/Feb/2024:15:46:36 -0500] "GET /sipse/faces/javax.faces.resource/primefaces.js?ln=primefaces&v=4.0 HTTP/1.1" 304 -
181.61.157.160 - - [11/Feb/2024:15:46:36 -0500] "GET /sipse/faces/javax.faces.resource/layout/layout.js?ln=primefaces&v=4.0 HTTP/1.1" 304 -
181.61.157.160 - - [11/Feb/2024:15:46:36 -0500] "GET /sipse/css/imagen/contrasena.png HTTP/1.1" 404 383
181.61.157.160 - - [11/Feb/2024:15:46:36 -0500] "POST /sipse/faces/presentacion/financiero/solicitudProceso/listarSolicitudProceso.xhtml HTTP/1.1" 200 54392
181.61.157.160 - - [11/Feb/2024:15:46:36 -0500] "POST /sipse/faces/presentacion/financiero/solicitudProceso/listarSolicitudProceso.xhtml HTTP/1.1" 200 54392
181.61.157.160 - - [11/Feb/2024:15:46:37 -0500] "POST /sipse/faces/presentacion/financiero/solicitudProceso/listarSolicitudProceso.xhtml HTTP/1.1" 200 54392
181.61.157.160 - - [11/Feb/2024:15:46:37 -0500] "POST /sipse/faces/presentacion/financiero/solicitudProceso/listarSolicitudProceso.xhtml HTTP/1.1" 200 54392
181.61.157.160 - - [11/Feb/2024:15:46:38 -0500] "POST /sipse/faces/presentacion/financiero/solicitudProceso/listarSolicitudProceso.xhtml HTTP/1.1" 200 54392
181.61.157.160 - - [11/Feb/2024:15:46:38 -0500] "POST /sipse/faces/presentacion/financiero/solicitudProceso/listarSolicitudProceso.xhtml HTTP/1.1" 200 54392
181.61.157.160 - - [11/Feb/2024:15:46:38 -0500] "POST /sipse/faces/presentacion/financiero/solicitudProceso/listarSolicitudProceso.xhtml HTTP/1.1" 200 54392
181.61.157.160 - - [11/Feb/2024:15:46:39 -0500] "POST /sipse/faces/presentacion/financiero/solicitudProceso/listarSolicitudProceso.xhtml HTTP/1.1" 200 54392
181.61.157.160 - - [11/Feb/2024:15:46:39 -0500] "POST /sipse/faces/presentacion/financiero/solicitudProceso/listarSolicitudProceso.xhtml HTTP/1.1" 200 54392
201.245.192.253 - - [11/Feb/2024:15:46:40 -0500] "POST /forms/lservlet;jsessionid=ac16012b30d629257b7236c7411e84d9b4a8aba690a2.e3iSbxaKaheRe3qKcheMbNuKc41ynknvrkLOlQzNp65In0 HTTP/1.1" 200 2
181.61.157.160 - - [11/Feb/2024:15:46:40 -0500] "POST /sipse/faces/presentacion/financiero/solicitudProceso/listarSolicitudProceso.xhtml HTTP/1.1" 200 54392
181.61.157.160 - - [11/Feb/2024:15:46:40 -0500] "POST /sipse/faces/presentacion/financiero/solicitudProceso/listarSolicitudProceso.xhtml HTTP/1.1" 200 54392
181.61.157.160 - - [11/Feb/2024:15:46:41 -0500] "POST /sipse/faces/presentacion/financiero/solicitudProceso/listarSolicitudProceso.xhtml HTTP/1.1" 200 54392
181.61.157.160 - - [11/Feb/2024:15:46:41 -0500] "POST /sipse/faces/presentacion/financiero/solicitudProceso/listarSolicitudProceso.xhtml HTTP/1.1" 200 54392
181.61.157.160 - - [11/Feb/2024:15:46:41 -0500] "POST /sipse/faces/presentacion/financiero/solicitudProceso/listarSolicitudProceso.xhtml HTTP/1.1" 200 54392
181.61.157.160 - - [11/Feb/2024:15:46:42 -0500] "POST /sipse/faces/presentacion/financiero/solicitudProceso/listarSolicitudProceso.xhtml HTTP/1.1" 200 54392
181.61.157.160 - - [11/Feb/2024:15:46:42 -0500] "POST /sipse/faces/presentacion/financiero/solicitudProceso/listarSolicitudProceso.xhtml HTTP/1.1" 200 54392
181.61.157.160 - - [11/Feb/2024:15:46:43 -0500] "POST /sipse/faces/presentacion/financiero/solicitudProceso/listarSolicitudProceso.xhtml HTTP/1.1" 200 54392
181.61.157.160 - - [11/Feb/2024:15:46:43 -0500] "POST /sipse/faces/presentacion/financiero/solicitudProceso/listarSolicitudProceso.xhtml HTTP/1.1" 200 54392
181.61.157.160 - - [11/Feb/2024:15:46:43 -0500] "POST /sipse/faces/presentacion/financiero/solicitudProceso/listarSolicitudProceso.xhtml HTTP/1.1" 200 1556
181.61.157.160 - - [11/Feb/2024:15:46:44 -0500] "POST /sipse/faces/presentacion/financiero/solicitudProceso/listarSolicitudProceso.xhtml HTTP/1.1" 200 1556
181.61.157.160 - - [11/Feb/2024:15:46:44 -0500] "POST /sipse/faces/presentacion/financiero/solicitudProceso/listarSolicitudProceso.xhtml HTTP/1.1" 200 1560
181.61.157.160 - - [11/Feb/2024:15:46:44 -0500] "POST /sipse/faces/presentacion/financiero/solicitudProceso/listarSolicitudProceso.xhtml HTTP/1.1" 200 1556
181.61.157.160 - - [11/Feb/2024:15:46:45 -0500] "POST /sipse/faces/presentacion/financiero/solicitudProceso/listarSolicitudProceso.xhtml HTTP/1.1" 200 1560
181.61.157.160 - - [11/Feb/2024:15:46:45 -0500] "POST /sipse/faces/presentacion/financiero/solicitudProceso/listarSolicitudProceso.xhtml HTTP/1.1" 200 1556
181.61.157.160 - - [11/Feb/2024:15:46:45 -0500] "POST /sipse/faces/presentacion/financiero/solicitudProceso/listarSolicitudProceso.xhtml HTTP/1.1" 200 1560
181.61.157.160 - - [11/Feb/2024:15:46:45 -0500] "POST /sipse/faces/presentacion/financiero/solicitudProceso/listarSolicitudProceso.xhtml HTTP/1.1" 200 1556
181.61.157.160 - - [11/Feb/2024:15:46:46 -0500] "POST /sipse/faces/presentacion/financiero/solicitudProceso/listarSolicitudProceso.xhtml HTTP/1.1" 200 1560
181.61.157.160 - - [11/Feb/2024:15:46:46 -0500] "POST /sipse/faces/presentacion/financiero/solicitudProceso/listarSolicitudProceso.xhtml HTTP/1.1" 200 1556
181.61.157.160 - - [11/Feb/2024:15:46:46 -0500] "POST /sipse/faces/presentacion/financiero/solicitudProceso/listarSolicitudProceso.xhtml HTTP/1.1" 200 1560
181.61.157.160 - - [11/Feb/2024:15:46:46 -0500] "POST /sipse/faces/presentacion/financiero/solicitudProceso/listarSolicitudProceso.xhtml HTTP/1.1" 200 1556
181.61.157.160 - - [11/Feb/2024:15:46:47 -0500] "POST /sipse/faces/presentacion/financiero/solicitudProceso/listarSolicitudProceso.xhtml HTTP/1.1" 200 1560
181.61.157.160 - - [11/Feb/2024:15:46:47 -0500] "POST /sipse/faces/presentacion/financiero/solicitudProceso/listarSolicitudProceso.xhtml HTTP/1.1" 200 1556
181.61.157.160 - - [11/Feb/2024:15:46:47 -0500] "POST /sipse/faces/presentacion/financiero/solicitudProceso/listarSolicitudProceso.xhtml HTTP/1.1" 200 1560
181.61.157.160 - - [11/Feb/2024:15:46:47 -0500] "POST /sipse/faces/presentacion/financiero/solicitudProceso/listarSolicitudProceso.xhtml HTTP/1.1" 200 1556
181.61.157.160 - - [11/Feb/2024:15:46:48 -0500] "POST /sipse/faces/presentacion/financiero/solicitudProceso/listarSolicitudProceso.xhtml HTTP/1.1" 200 1560
181.61.157.160 - - [11/Feb/2024:15:46:48 -0500] "POST /sipse/faces/presentacion/financiero/solicitudProceso/listarSolicitudProceso.xhtml HTTP/1.1" 200 1556
181.61.157.160 - - [11/Feb/2024:15:46:48 -0500] "POST /sipse/faces/presentacion/financiero/solicitudProceso/listarSolicitudProceso.xhtml HTTP/1.1" 200 1560
181.61.157.160 - - [11/Feb/2024:15:46:51 -0500] "POST /sipse/faces/presentacion/financiero/solicitudProceso/listarSolicitudProceso.xhtml HTTP/1.1" 200 25464
172.22.2.4 - - [11/Feb/2024:15:46:52 -0500] "GET /BLA/boletinlegal/favicon.ico HTTP/1.1" 404 1043
181.61.157.160 - - [11/Feb/2024:15:47:00 -0500] "POST /sipse/faces/presentacion/financiero/solicitudProceso/listarSolicitudProceso.xhtml HTTP/1.1" 200 141499
181.61.157.160 - - [11/Feb/2024:15:47:01 -0500] "GET /sipse/faces/javax.faces.resource/theme.css?ln=primefaces-sipse HTTP/1.1" 304 -
181.61.157.160 - - [11/Feb/2024:15:47:01 -0500] "GET /sipse/faces/javax.faces.resource/primefaces.css?ln=primefaces&v=4.0 HTTP/1.1" 304 -
181.61.157.160 - - [11/Feb/2024:15:47:01 -0500] "GET /sipse/faces/javax.faces.resource/layout/layout.css?ln=primefaces&v=4.0 HTTP/1.1" 304 -
181.61.157.160 - - [11/Feb/2024:15:47:01 -0500] "GET /sipse/faces/javax.faces.resource/jquery/jquery.js?ln=primefaces&v=4.0 HTTP/1.1" 304 -
181.61.157.160 - - [11/Feb/2024:15:47:01 -0500] "GET /sipse/faces/javax.faces.resource/jquery/jquery-plugins.js?ln=primefaces&v=4.0 HTTP/1.1" 304 -
181.61.157.160 - - [11/Feb/2024:15:47:01 -0500] "GET /sipse/faces/javax.faces.resource/primefaces.js?ln=primefaces&v=4.0 HTTP/1.1" 304 -
181.61.157.160 - - [11/Feb/2024:15:47:02 -0500] "GET /sipse/faces/javax.faces.resource/layout/layout.js?ln=primefaces&v=4.0 HTTP/1.1" 304 -
181.61.157.160 - - [11/Feb/2024:15:47:02 -0500] "GET /sipse/css/imagen/contrasena.png HTTP/1.1" 404 383
172.22.2.4 - - [11/Feb/2024:15:46:32 -0500] "GET /BLA/boletinlegal/ HTTP/1.1" 200 20427
181.61.157.160 - - [11/Feb/2024:15:47:08 -0500] "POST /sipse/faces/presentacion/financiero/solicitudProceso/consultarSolicitudProceso.xhtml HTTP/1.1" 200 5574
216.245.221.92 - - [11/Feb/2024:15:47:28 -0500] "HEAD / HTTP/1.1" 200 -
172.22.2.4 - - [11/Feb/2024:15:46:36 -0500] "GET /BLA/boletinlegal/ HTTP/1.1" 200 32715
201.245.192.253 - - [11/Feb/2024:15:47:49 -0500] "POST /kwsrmcab/Wsrmcab  HTTP/1.1" 200 37396
201.245.192.253 - - [11/Feb/2024:15:48:00 -0500] "POST /forms/lservlet;jsessionid=ac16012b30d610ae24beb5094434bff4cfc888fbc4af.e3iSbxaKaheRe3qKcheMbNuKc41ynknvrkLOlQzNp65In0 HTTP/1.1" 200 2
181.61.157.160 - - [11/Feb/2024:15:48:03 -0500] "POST /sipse/faces/presentacion/financiero/solicitudProceso/consultarSolicitudProceso.xhtml HTTP/1.1" 200 72271
172.22.2.4 - - [11/Feb/2024:15:46:46 -0500] "HEAD /BLA/boletinlegal/ HTTP/1.1" 200 -
156.59.198.136 - - [11/Feb/2024:15:48:38 -0500] "GET /BLA/resoluciones/Notificaciones/RESOLUCIONES%202022/4106.pdf HTTP/1.0" 200 741666
201.245.192.253 - - [11/Feb/2024:15:48:40 -0500] "POST /forms/lservlet;jsessionid=ac16012b30d629257b7236c7411e84d9b4a8aba690a2.e3iSbxaKaheRe3qKcheMbNuKc41ynknvrkLOlQzNp65In0 HTTP/1.1" 200 2
156.59.198.136 - - [11/Feb/2024:15:49:02 -0500] "GET /BLA/resoluciones/Notificaciones/RESOLUCIONES%202022/4968.pdf HTTP/1.0" 200 630670
172.22.2.4 - - [11/Feb/2024:15:47:37 -0500] "GET /BLA/boletinlegal/ HTTP/1.1" 200 58684
156.59.198.135 - - [11/Feb/2024:15:49:27 -0500] "GET /BLA/resoluciones/Notificaciones/RESOLUCIONES%202022/3741.pdf HTTP/1.0" 200 513833
201.245.192.253 - - [11/Feb/2024:15:50:00 -0500] "POST /forms/lservlet;jsessionid=ac16012b30d610ae24beb5094434bff4cfc888fbc4af.e3iSbxaKaheRe3qKcheMbNuKc41ynknvrkLOlQzNp65In0 HTTP/1.1" 200 2
172.22.2.4 - - [11/Feb/2024:15:50:24 -0500] "GET /BLA/boletinlegal/actos.php HTTP/1.1" 200 9738
172.22.2.4 - - [11/Feb/2024:15:50:25 -0500] "GET /BLA/boletinlegal/styles2.css HTTP/1.1" 200 1838
172.22.2.4 - - [11/Feb/2024:15:50:25 -0500] "GET /BLA/boletinlegal/js/ajax_actos.js HTTP/1.1" 200 1322
172.22.2.4 - - [11/Feb/2024:15:50:25 -0500] "GET /BLA/boletinlegal/niceforms-default.css HTTP/1.1" 200 6694
172.22.2.4 - - [11/Feb/2024:15:50:25 -0500] "GET /BLA/boletinlegal/style.css HTTP/1.1" 200 9406
172.22.2.4 - - [11/Feb/2024:15:50:25 -0500] "GET /BLA/boletinlegal/niceforms.js HTTP/1.1" 200 22876
172.22.2.4 - - [11/Feb/2024:15:50:25 -0500] "GET /BLA/boletinlegal/js/lib.js HTTP/1.1" 200 6474
172.22.2.4 - - [11/Feb/2024:15:50:25 -0500] "GET /BLA/boletinlegal/js/popup.js HTTP/1.1" 200 1270
172.22.2.4 - - [11/Feb/2024:15:50:25 -0500] "GET /BLA/boletinlegal/images/cabezote%20BLEGAL.jpg HTTP/1.1" 200 118164
172.22.2.4 - - [11/Feb/2024:15:50:25 -0500] "GET /BLA/boletinlegal/js/jquery1.js HTTP/1.1" 200 29846
172.22.2.4 - - [11/Feb/2024:15:50:25 -0500] "GET /BLA/boletinlegal/images/subscribe-icon-big.png HTTP/1.1" 200 47702
172.22.2.4 - - [11/Feb/2024:15:50:25 -0500] "GET /BLA/boletinlegal/images/historia.png HTTP/1.1" 200 52775
172.22.2.4 - - [11/Feb/2024:15:50:25 -0500] "GET /BLA/boletinlegal/images/registro-usuarios.png HTTP/1.1" 200 8106
172.22.2.4 - - [11/Feb/2024:15:50:25 -0500] "GET /BLA/boletinlegal/images/green-yellow-blue-pink-th.png HTTP/1.1" 200 7394
172.22.2.4 - - [11/Feb/2024:15:50:25 -0500] "GET /BLA/boletinlegal/images/icono-email.png HTTP/1.1" 200 5544
172.22.2.4 - - [11/Feb/2024:15:50:25 -0500] "GET /BLA/boletinlegal/images/tel.png HTTP/1.1" 200 14477
172.22.2.4 - - [11/Feb/2024:15:50:25 -0500] "GET /BLA/boletinlegal/images/footer_bg.jpg HTTP/1.1" 200 586
172.22.2.4 - - [11/Feb/2024:15:50:25 -0500] "GET /BLA/boletinlegal/images/body_bg.jpg HTTP/1.1" 200 1601
172.22.2.4 - - [11/Feb/2024:15:50:25 -0500] "GET /BLA/boletinlegal/images/menu_lft.gif HTTP/1.1" 200 1713
172.22.2.4 - - [11/Feb/2024:15:50:25 -0500] "GET /BLA/boletinlegal/images/bg_top.jpg HTTP/1.1" 200 522
172.22.2.4 - - [11/Feb/2024:15:50:25 -0500] "GET /BLA/boletinlegal/images/menu_rght.gif HTTP/1.1" 200 1627
172.22.2.4 - - [11/Feb/2024:15:50:25 -0500] "GET /BLA/boletinlegal/images/menu_bg.jpg HTTP/1.1" 200 620
172.22.2.4 - - [11/Feb/2024:15:50:25 -0500] "GET /BLA/boletinlegal/images/text.jpg HTTP/1.1" 200 568
172.22.2.4 - - [11/Feb/2024:15:50:25 -0500] "GET /BLA/boletinlegal/images/hover.jpg HTTP/1.1" 200 640
172.22.2.4 - - [11/Feb/2024:15:50:25 -0500] "GET /BLA/boletinlegal/images/footer_bg_l.jpg HTTP/1.1" 200 776
172.22.2.4 - - [11/Feb/2024:15:50:25 -0500] "GET /BLA/boletinlegal/img/0.png HTTP/1.1" 200 110
172.22.2.4 - - [11/Feb/2024:15:50:25 -0500] "GET /BLA/boletinlegal/img/select-right.png HTTP/1.1" 200 44019
172.22.2.4 - - [11/Feb/2024:15:50:25 -0500] "GET /BLA/boletinlegal/img/select-left.png HTTP/1.1" 200 263
172.22.2.4 - - [11/Feb/2024:15:50:25 -0500] "GET /BLA/boletinlegal/img/button-left.png HTTP/1.1" 200 57071
172.22.2.4 - - [11/Feb/2024:15:50:25 -0500] "GET /BLA/boletinlegal/img/button.png HTTP/1.1" 200 43241
172.22.2.4 - - [11/Feb/2024:15:50:25 -0500] "GET /BLA/boletinlegal/img/button-right.png HTTP/1.1" 200 57878
172.22.2.4 - - [11/Feb/2024:15:50:34 -0500] "GET /BLA/boletinlegal/conceptos/2022/32.pdf HTTP/1.1" 200 438855
172.22.2.4 - - [11/Feb/2024:15:50:35 -0500] "GET /BLA/boletinlegal/favicon.ico HTTP/1.1" 404 1140
201.245.192.253 - - [11/Feb/2024:15:50:40 -0500] "POST /forms/lservlet;jsessionid=ac16012b30d629257b7236c7411e84d9b4a8aba690a2.e3iSbxaKaheRe3qKcheMbNuKc41ynknvrkLOlQzNp65In0 HTTP/1.1" 200 2
172.22.2.4 - - [11/Feb/2024:15:51:35 -0500] "GET /BLA/boletinlegal/ecp/Current/exporttool/microsoft.exchange.ediscovery.exporttool.application HTTP/1.1" 404 1018
201.245.192.253 - - [11/Feb/2024:15:52:00 -0500] "POST /forms/lservlet;jsessionid=ac16012b30d610ae24beb5094434bff4cfc888fbc4af.e3iSbxaKaheRe3qKcheMbNuKc41ynknvrkLOlQzNp65In0 HTTP/1.1" 200 2
216.245.221.92 - - [11/Feb/2024:15:52:28 -0500] "HEAD / HTTP/1.1" 200 -
201.245.192.253 - - [11/Feb/2024:15:52:40 -0500] "POST /forms/lservlet;jsessionid=ac16012b30d629257b7236c7411e84d9b4a8aba690a2.e3iSbxaKaheRe3qKcheMbNuKc41ynknvrkLOlQzNp65In0 HTTP/1.1" 200 2
201.245.192.253 - - [11/Feb/2024:15:52:48 -0500] "POST /kwsrmcab/Wsrmcab  HTTP/1.1" 200 37396
201.245.192.253 - - [11/Feb/2024:15:54:00 -0500] "POST /forms/lservlet;jsessionid=ac16012b30d610ae24beb5094434bff4cfc888fbc4af.e3iSbxaKaheRe3qKcheMbNuKc41ynknvrkLOlQzNp65In0 HTTP/1.1" 200 2
172.22.2.4 - - [11/Feb/2024:15:52:36 -0500] "HEAD /BLA/boletinlegal/ HTTP/1.1" 200 -
201.245.192.253 - - [11/Feb/2024:15:54:40 -0500] "POST /forms/lservlet;jsessionid=ac16012b30d629257b7236c7411e84d9b4a8aba690a2.e3iSbxaKaheRe3qKcheMbNuKc41ynknvrkLOlQzNp65In0 HTTP/1.1" 200 2
172.22.2.4 - - [11/Feb/2024:15:55:02 -0500] "GET /BLA/boletinlegal/Circulares/024/CIRCULAR%20No.%2000002%20DEL%2031%20DE%20ENERO%20DEL%202024.pdf HTTP/1.1" 404 1326
172.22.2.4 - - [11/Feb/2024:15:53:27 -0500] "GET /BLA/boletinlegal/ HTTP/1.1" 200 60683
172.22.2.4 - - [11/Feb/2024:15:55:02 -0500] "GET /BLA/boletinlegal/index.php HTTP/1.1" 200 24523
201.245.192.253 - - [11/Feb/2024:15:56:00 -0500] "POST /forms/lservlet;jsessionid=ac16012b30d610ae24beb5094434bff4cfc888fbc4af.e3iSbxaKaheRe3qKcheMbNuKc41ynknvrkLOlQzNp65In0 HTTP/1.1" 200 2
201.245.192.253 - - [11/Feb/2024:15:56:40 -0500] "POST /forms/lservlet;jsessionid=ac16012b30d629257b7236c7411e84d9b4a8aba690a2.e3iSbxaKaheRe3qKcheMbNuKc41ynknvrkLOlQzNp65In0 HTTP/1.1" 200 2
216.245.221.92 - - [11/Feb/2024:15:57:28 -0500] "HEAD / HTTP/1.1" 200 -
146.19.24.28 - - [11/Feb/2024:15:57:40 -0500] "GET / HTTP/1.1" 200 319
201.245.192.253 - - [11/Feb/2024:15:57:46 -0500] "POST /kwsrmcab/Wsrmcab  HTTP/1.1" 200 37396
201.245.192.253 - - [11/Feb/2024:15:58:00 -0500] "POST /forms/lservlet;jsessionid=ac16012b30d610ae24beb5094434bff4cfc888fbc4af.e3iSbxaKaheRe3qKcheMbNuKc41ynknvrkLOlQzNp65In0 HTTP/1.1" 200 2
167.94.146.60 - - [11/Feb/2024:15:58:24 -0500] "GET / HTTP/1.1" 200 319
167.94.146.60 - - [11/Feb/2024:15:58:28 -0500] "GET / HTTP/1.1" 200 319
167.94.146.60 - - [11/Feb/2024:15:58:28 -0500] "PRI * HTTP/2.0" 400 946
167.94.146.60 - - [11/Feb/2024:15:58:28 -0500] "GET /favicon.ico HTTP/1.1" 200 7782
201.245.192.253 - - [11/Feb/2024:15:58:40 -0500] "POST /forms/lservlet;jsessionid=ac16012b30d629257b7236c7411e84d9b4a8aba690a2.e3iSbxaKaheRe3qKcheMbNuKc41ynknvrkLOlQzNp65In0 HTTP/1.1" 200 2
201.245.192.253 - - [11/Feb/2024:16:00:00 -0500] "POST /forms/lservlet;jsessionid=ac16012b30d610ae24beb5094434bff4cfc888fbc4af.e3iSbxaKaheRe3qKcheMbNuKc41ynknvrkLOlQzNp65In0 HTTP/1.1" 200 2
172.22.2.4 - - [11/Feb/2024:15:58:27 -0500] "HEAD /BLA/boletinlegal/ HTTP/1.1" 200 -
152.203.224.229 - - [11/Feb/2024:16:00:25 -0500] "POST /sipse/faces/presentacion/financiero/solicitudProceso/listarSolicitudProceso.xhtml HTTP/1.1" 200 43780
152.203.224.229 - - [11/Feb/2024:16:00:25 -0500] "GET /sipse/faces/javax.faces.resource/theme.css?ln=primefaces-sipse HTTP/1.1" 304 -
152.203.224.229 - - [11/Feb/2024:16:00:25 -0500] "GET /sipse/faces/javax.faces.resource/jquery/jquery.js?ln=primefaces&v=4.0 HTTP/1.1" 304 -
152.203.224.229 - - [11/Feb/2024:16:00:25 -0500] "GET /sipse/faces/javax.faces.resource/primefaces.css?ln=primefaces&v=4.0 HTTP/1.1" 304 -
152.203.224.229 - - [11/Feb/2024:16:00:25 -0500] "GET /sipse/faces/javax.faces.resource/layout/layout.css?ln=primefaces&v=4.0 HTTP/1.1" 304 -
152.203.224.229 - - [11/Feb/2024:16:00:25 -0500] "GET /sipse/faces/javax.faces.resource/jquery/jquery-plugins.js?ln=primefaces&v=4.0 HTTP/1.1" 304 -
152.203.224.229 - - [11/Feb/2024:16:00:25 -0500] "GET /sipse/css/imagen/contrasena.png HTTP/1.1" 404 383
152.203.224.229 - - [11/Feb/2024:16:00:25 -0500] "GET /sipse/faces/javax.faces.resource/primefaces.js?ln=primefaces&v=4.0 HTTP/1.1" 304 -
152.203.224.229 - - [11/Feb/2024:16:00:25 -0500] "GET /sipse/faces/javax.faces.resource/layout/layout.js?ln=primefaces&v=4.0 HTTP/1.1" 304 -
152.203.224.229 - - [11/Feb/2024:16:00:25 -0500] "GET /sipse/faces/javax.faces.resource/images/ui-icons_898989_256x240.png?ln=primefaces-aristo HTTP/1.1" 304 -
152.203.224.229 - - [11/Feb/2024:16:00:25 -0500] "POST /sipse/faces/presentacion/financiero/solicitudProceso/consultar.xhtml HTTP/1.1" 200 37188
152.203.224.229 - - [11/Feb/2024:16:00:25 -0500] "GET /sipse/faces/javax.faces.resource/images/ui-bg_flat_0_2d5972_40x100.png?ln=primefaces-aristo HTTP/1.1" 304 -
152.203.224.229 - - [11/Feb/2024:16:00:25 -0500] "POST /sipse/faces/presentacion/financiero/solicitudProceso/consultar.xhtml HTTP/1.1" 200 37188
152.203.224.229 - - [11/Feb/2024:16:00:25 -0500] "POST /sipse/faces/presentacion/financiero/solicitudProceso/consultar.xhtml HTTP/1.1" 200 37188
152.203.224.229 - - [11/Feb/2024:16:00:29 -0500] "POST /sipse/faces/presentacion/financiero/solicitudProceso/consultar.xhtml HTTP/1.1" 200 12934
152.203.224.229 - - [11/Feb/2024:16:00:36 -0500] "POST /sipse/faces/presentacion/financiero/solicitudProceso/consultar.xhtml HTTP/1.1" 200 159752
152.203.224.229 - - [11/Feb/2024:16:00:37 -0500] "GET /sipse/faces/javax.faces.resource/theme.css?ln=primefaces-sipse HTTP/1.1" 304 -
152.203.224.229 - - [11/Feb/2024:16:00:37 -0500] "GET /sipse/faces/javax.faces.resource/primefaces.css?ln=primefaces&v=4.0 HTTP/1.1" 304 -
152.203.224.229 - - [11/Feb/2024:16:00:37 -0500] "GET /sipse/faces/javax.faces.resource/layout/layout.css?ln=primefaces&v=4.0 HTTP/1.1" 304 -
152.203.224.229 - - [11/Feb/2024:16:00:37 -0500] "GET /sipse/faces/javax.faces.resource/jquery/jquery.js?ln=primefaces&v=4.0 HTTP/1.1" 304 -
152.203.224.229 - - [11/Feb/2024:16:00:37 -0500] "GET /sipse/faces/javax.faces.resource/jquery/jquery-plugins.js?ln=primefaces&v=4.0 HTTP/1.1" 304 -
152.203.224.229 - - [11/Feb/2024:16:00:38 -0500] "GET /sipse/faces/javax.faces.resource/primefaces.js?ln=primefaces&v=4.0 HTTP/1.1" 304 -
152.203.224.229 - - [11/Feb/2024:16:00:38 -0500] "GET /sipse/faces/javax.faces.resource/layout/layout.js?ln=primefaces&v=4.0 HTTP/1.1" 304 -
152.203.224.229 - - [11/Feb/2024:16:00:38 -0500] "GET /sipse/css/imagen/contrasena.png HTTP/1.1" 404 383
201.245.192.253 - - [11/Feb/2024:16:00:40 -0500] "POST /forms/lservlet;jsessionid=ac16012b30d629257b7236c7411e84d9b4a8aba690a2.e3iSbxaKaheRe3qKcheMbNuKc41ynknvrkLOlQzNp65In0 HTTP/1.1" 200 2
172.22.2.4 - - [11/Feb/2024:15:59:18 -0500] "GET /BLA/boletinlegal/ HTTP/1.1" 200 58684
201.245.192.253 - - [11/Feb/2024:16:02:00 -0500] "POST /forms/lservlet;jsessionid=ac16012b30d610ae24beb5094434bff4cfc888fbc4af.e3iSbxaKaheRe3qKcheMbNuKc41ynknvrkLOlQzNp65In0 HTTP/1.1" 200 2
216.245.221.92 - - [11/Feb/2024:16:02:28 -0500] "HEAD / HTTP/1.1" 200 -
201.245.192.253 - - [11/Feb/2024:16:02:40 -0500] "POST /forms/lservlet;jsessionid=ac16012b30d629257b7236c7411e84d9b4a8aba690a2.e3iSbxaKaheRe3qKcheMbNuKc41ynknvrkLOlQzNp65In0 HTTP/1.1" 200 2
201.245.192.253 - - [11/Feb/2024:16:02:45 -0500] "POST /kwsrmcab/Wsrmcab  HTTP/1.1" 200 37396
201.245.192.253 - - [11/Feb/2024:16:04:00 -0500] "POST /forms/lservlet;jsessionid=ac16012b30d610ae24beb5094434bff4cfc888fbc4af.e3iSbxaKaheRe3qKcheMbNuKc41ynknvrkLOlQzNp65In0 HTTP/1.1" 200 2
172.22.2.4 - - [11/Feb/2024:16:02:33 -0500] "GET /BLA/boletinlegal/ HTTP/1.1" 200 63056
172.22.2.4 - - [11/Feb/2024:16:04:16 -0500] "GET /BLA/boletinlegal/styles2.css HTTP/1.1" 200 1838
201.245.192.253 - - [11/Feb/2024:16:04:40 -0500] "POST /forms/lservlet;jsessionid=ac16012b30d629257b7236c7411e84d9b4a8aba690a2.e3iSbxaKaheRe3qKcheMbNuKc41ynknvrkLOlQzNp65In0 HTTP/1.1" 200 2
152.203.224.229 - - [11/Feb/2024:16:05:55 -0500] "POST /sipse/faces/presentacion/financiero/solicitudProceso/consultarSolicitudProceso.xhtml HTTP/1.1" 200 1106926
172.22.2.4 - - [11/Feb/2024:16:04:17 -0500] "HEAD /BLA/boletinlegal/ HTTP/1.1" 200 -
201.245.192.253 - - [11/Feb/2024:16:06:00 -0500] "POST /forms/lservlet;jsessionid=ac16012b30d610ae24beb5094434bff4cfc888fbc4af.e3iSbxaKaheRe3qKcheMbNuKc41ynknvrkLOlQzNp65In0 HTTP/1.1" 200 2
190.158.100.67 - - [11/Feb/2024:16:06:12 -0500] "GET /sipse/faces/javax.faces.resource/theme.css?ln=primefaces-sipse HTTP/1.1" 304 -
190.158.100.67 - - [11/Feb/2024:16:06:13 -0500] "GET /sipse/faces/faces/autenticacion.xhtml HTTP/1.1" 200 12405
190.158.100.67 - - [11/Feb/2024:16:06:13 -0500] "GET /sipse/faces/javax.faces.resource/theme.css?ln=primefaces-sipse HTTP/1.1" 304 -
190.158.100.67 - - [11/Feb/2024:16:06:13 -0500] "GET /sipse/faces/javax.faces.resource/primefaces.css?ln=primefaces&v=4.0 HTTP/1.1" 304 -
190.158.100.67 - - [11/Feb/2024:16:06:13 -0500] "GET /sipse/faces/javax.faces.resource/layout/layout.css?ln=primefaces&v=4.0 HTTP/1.1" 304 -
190.158.100.67 - - [11/Feb/2024:16:06:13 -0500] "GET /sipse/faces/javax.faces.resource/primefaces.js?ln=primefaces&v=4.0 HTTP/1.1" 304 -
190.158.100.67 - - [11/Feb/2024:16:06:13 -0500] "GET /sipse/faces/javax.faces.resource/jquery/jquery.js?ln=primefaces&v=4.0 HTTP/1.1" 304 -
190.158.100.67 - - [11/Feb/2024:16:06:13 -0500] "GET /sipse/faces/javax.faces.resource/jquery/jquery-plugins.js?ln=primefaces&v=4.0 HTTP/1.1" 304 -
190.158.100.67 - - [11/Feb/2024:16:06:13 -0500] "GET /sipse/faces/javax.faces.resource/layout/layout.js?ln=primefaces&v=4.0 HTTP/1.1" 304 -
190.158.100.67 - - [11/Feb/2024:16:06:13 -0500] "GET /sipse/faces/javax.faces.resource/images/ui-icons_898989_256x240.png?ln=primefaces-aristo HTTP/1.1" 304 -
190.158.100.67 - - [11/Feb/2024:16:06:18 -0500] "POST /sipse/faces/autenticacion.xhtml HTTP/1.1" 200 11157
190.158.100.67 - - [11/Feb/2024:16:06:18 -0500] "GET /sipse/faces/javax.faces.resource/theme.css?ln=primefaces-sipse HTTP/1.1" 304 -
190.158.100.67 - - [11/Feb/2024:16:06:18 -0500] "GET /sipse/faces/javax.faces.resource/jquery/jquery.js?ln=primefaces&v=4.0 HTTP/1.1" 304 -
190.158.100.67 - - [11/Feb/2024:16:06:18 -0500] "GET /sipse/faces/javax.faces.resource/primefaces.css?ln=primefaces&v=4.0 HTTP/1.1" 304 -
190.158.100.67 - - [11/Feb/2024:16:06:18 -0500] "GET /sipse/faces/javax.faces.resource/layout/layout.css?ln=primefaces&v=4.0 HTTP/1.1" 304 -
190.158.100.67 - - [11/Feb/2024:16:06:18 -0500] "GET /sipse/faces/javax.faces.resource/jquery/jquery-plugins.js?ln=primefaces&v=4.0 HTTP/1.1" 304 -
190.158.100.67 - - [11/Feb/2024:16:06:18 -0500] "GET /sipse/faces/javax.faces.resource/primefaces.js?ln=primefaces&v=4.0 HTTP/1.1" 304 -
190.158.100.67 - - [11/Feb/2024:16:06:18 -0500] "GET /sipse/faces/javax.faces.resource/layout/layout.js?ln=primefaces&v=4.0 HTTP/1.1" 304 -
190.158.100.67 - - [11/Feb/2024:16:06:18 -0500] "GET /sipse/faces/javax.faces.resource/messages/messages.png?ln=primefaces&v=4.0 HTTP/1.1" 304 -
190.158.100.67 - - [11/Feb/2024:16:06:21 -0500] "POST /sipse/faces/presentacion/sistema/seguridad/seleccionRol.xhtml HTTP/1.1" 200 5863
190.158.100.67 - - [11/Feb/2024:16:06:21 -0500] "GET /sipse/faces/javax.faces.resource/images/ui-bg_flat_0_2d5972_40x100.png?ln=primefaces-aristo HTTP/1.1" 304 -
190.158.100.67 - - [11/Feb/2024:16:06:23 -0500] "POST /sipse/faces/presentacion/sistema/seguridad/seleccionRol.xhtml HTTP/1.1" 200 16347
190.158.100.67 - - [11/Feb/2024:16:06:23 -0500] "GET /sipse/faces/javax.faces.resource/theme.css?ln=primefaces-sipse HTTP/1.1" 304 -
190.158.100.67 - - [11/Feb/2024:16:06:23 -0500] "GET /sipse/faces/javax.faces.resource/primefaces.css?ln=primefaces&v=4.0 HTTP/1.1" 304 -
190.158.100.67 - - [11/Feb/2024:16:06:23 -0500] "GET /sipse/faces/javax.faces.resource/layout/layout.css?ln=primefaces&v=4.0 HTTP/1.1" 304 -
190.158.100.67 - - [11/Feb/2024:16:06:23 -0500] "GET /sipse/faces/javax.faces.resource/jquery/jquery.js?ln=primefaces&v=4.0 HTTP/1.1" 304 -
190.158.100.67 - - [11/Feb/2024:16:06:23 -0500] "GET /sipse/faces/javax.faces.resource/jquery/jquery-plugins.js?ln=primefaces&v=4.0 HTTP/1.1" 304 -
190.158.100.67 - - [11/Feb/2024:16:06:23 -0500] "GET /sipse/faces/javax.faces.resource/primefaces.js?ln=primefaces&v=4.0 HTTP/1.1" 304 -
190.158.100.67 - - [11/Feb/2024:16:06:23 -0500] "GET /sipse/faces/javax.faces.resource/layout/layout.js?ln=primefaces&v=4.0 HTTP/1.1" 304 -
190.158.100.67 - - [11/Feb/2024:16:06:23 -0500] "GET /sipse/css/imagen/contrasena.png HTTP/1.1" 404 383
201.245.192.253 - - [11/Feb/2024:16:06:40 -0500] "POST /forms/lservlet;jsessionid=ac16012b30d629257b7236c7411e84d9b4a8aba690a2.e3iSbxaKaheRe3qKcheMbNuKc41ynknvrkLOlQzNp65In0 HTTP/1.1" 200 2
172.22.2.4 - - [11/Feb/2024:16:05:08 -0500] "GET /BLA/boletinlegal/ HTTP/1.1" 200 61047
216.245.221.92 - - [11/Feb/2024:16:07:28 -0500] "HEAD / HTTP/1.1" 200 -
190.158.100.67 - - [11/Feb/2024:16:07:30 -0500] "POST /sipse/faces/bienvenido.xhtml HTTP/1.1" 200 2658
190.158.100.67 - - [11/Feb/2024:16:07:31 -0500] "POST /sipse/faces/bienvenido.xhtml HTTP/1.1" 200 65228
190.158.100.67 - - [11/Feb/2024:16:07:31 -0500] "GET /sipse/faces/javax.faces.resource/theme.css?ln=primefaces-sipse HTTP/1.1" 304 -
190.158.100.67 - - [11/Feb/2024:16:07:31 -0500] "GET /sipse/faces/javax.faces.resource/primefaces.css?ln=primefaces&v=4.0 HTTP/1.1" 304 -
190.158.100.67 - - [11/Feb/2024:16:07:31 -0500] "GET /sipse/faces/javax.faces.resource/layout/layout.css?ln=primefaces&v=4.0 HTTP/1.1" 304 -
190.158.100.67 - - [11/Feb/2024:16:07:31 -0500] "GET /sipse/faces/javax.faces.resource/jquery/jquery.js?ln=primefaces&v=4.0 HTTP/1.1" 304 -
190.158.100.67 - - [11/Feb/2024:16:07:31 -0500] "GET /sipse/faces/javax.faces.resource/jquery/jquery-plugins.js?ln=primefaces&v=4.0 HTTP/1.1" 304 -
190.158.100.67 - - [11/Feb/2024:16:07:31 -0500] "GET /sipse/faces/javax.faces.resource/primefaces.js?ln=primefaces&v=4.0 HTTP/1.1" 304 -
190.158.100.67 - - [11/Feb/2024:16:07:32 -0500] "GET /sipse/faces/javax.faces.resource/layout/layout.js?ln=primefaces&v=4.0 HTTP/1.1" 304 -
190.158.100.67 - - [11/Feb/2024:16:07:32 -0500] "POST /sipse/faces/presentacion/financiero/solicitudProceso/listarSolicitudProceso.xhtml HTTP/1.1" 200 1556
201.245.192.253 - - [11/Feb/2024:16:07:42 -0500] "POST /kwsrmcab/Wsrmcab  HTTP/1.1" 200 37396
181.53.14.143 - - [11/Feb/2024:16:07:56 -0500] "GET /sipse/faces/presentacion/financiero/solicitudProceso/consultarHistorialSolProceso.xhtml HTTP/1.1" 302 -
181.53.14.143 - - [11/Feb/2024:16:07:57 -0500] "GET /sipse/faces/autenticacion.xhtml HTTP/1.1" 200 12405
181.53.14.143 - - [11/Feb/2024:16:07:57 -0500] "GET /sipse/faces/javax.faces.resource/primefaces.css?ln=primefaces&v=4.0 HTTP/1.1" 304 -
181.53.14.143 - - [11/Feb/2024:16:07:57 -0500] "GET /sipse/faces/javax.faces.resource/theme.css?ln=primefaces-sipse HTTP/1.1" 304 -
181.53.14.143 - - [11/Feb/2024:16:07:57 -0500] "GET /sipse/faces/javax.faces.resource/layout/layout.css?ln=primefaces&v=4.0 HTTP/1.1" 304 -
181.53.14.143 - - [11/Feb/2024:16:07:57 -0500] "GET /sipse/faces/javax.faces.resource/jquery/jquery-plugins.js?ln=primefaces&v=4.0 HTTP/1.1" 304 -
181.53.14.143 - - [11/Feb/2024:16:07:57 -0500] "GET /sipse/faces/javax.faces.resource/jquery/jquery.js?ln=primefaces&v=4.0 HTTP/1.1" 304 -
181.53.14.143 - - [11/Feb/2024:16:07:57 -0500] "GET /sipse/faces/javax.faces.resource/layout/layout.js?ln=primefaces&v=4.0 HTTP/1.1" 304 -
181.53.14.143 - - [11/Feb/2024:16:07:57 -0500] "GET /sipse/faces/javax.faces.resource/primefaces.js?ln=primefaces&v=4.0 HTTP/1.1" 304 -
181.53.14.143 - - [11/Feb/2024:16:07:57 -0500] "GET /sipse/faces/javax.faces.resource/images/ui-icons_898989_256x240.png?ln=primefaces-aristo HTTP/1.1" 304 -
181.53.14.143 - - [11/Feb/2024:16:08:00 -0500] "POST /sipse/faces/autenticacion.xhtml HTTP/1.1" 200 2219
181.53.14.143 - - [11/Feb/2024:16:08:00 -0500] "GET /sipse/faces/javax.faces.resource/messages/messages.png?ln=primefaces&v=4.0 HTTP/1.1" 304 -
201.245.192.253 - - [11/Feb/2024:16:08:00 -0500] "POST /forms/lservlet;jsessionid=ac16012b30d610ae24beb5094434bff4cfc888fbc4af.e3iSbxaKaheRe3qKcheMbNuKc41ynknvrkLOlQzNp65In0 HTTP/1.1" 200 2
181.53.14.143 - - [11/Feb/2024:16:08:01 -0500] "POST /sipse/faces/autenticacion.xhtml HTTP/1.1" 200 16344
181.53.14.143 - - [11/Feb/2024:16:08:01 -0500] "GET /sipse/faces/javax.faces.resource/theme.css?ln=primefaces-sipse HTTP/1.1" 304 -
181.53.14.143 - - [11/Feb/2024:16:08:01 -0500] "GET /sipse/faces/javax.faces.resource/primefaces.css?ln=primefaces&v=4.0 HTTP/1.1" 304 -
181.53.14.143 - - [11/Feb/2024:16:08:01 -0500] "GET /sipse/faces/javax.faces.resource/layout/layout.css?ln=primefaces&v=4.0 HTTP/1.1" 304 -
181.53.14.143 - - [11/Feb/2024:16:08:01 -0500] "GET /sipse/faces/javax.faces.resource/jquery/jquery.js?ln=primefaces&v=4.0 HTTP/1.1" 304 -
181.53.14.143 - - [11/Feb/2024:16:08:01 -0500] "GET /sipse/faces/javax.faces.resource/jquery/jquery-plugins.js?ln=primefaces&v=4.0 HTTP/1.1" 304 -
181.53.14.143 - - [11/Feb/2024:16:08:01 -0500] "GET /sipse/faces/javax.faces.resource/primefaces.js?ln=primefaces&v=4.0 HTTP/1.1" 304 -
181.53.14.143 - - [11/Feb/2024:16:08:01 -0500] "GET /sipse/faces/javax.faces.resource/layout/layout.js?ln=primefaces&v=4.0 HTTP/1.1" 304 -
181.53.14.143 - - [11/Feb/2024:16:08:01 -0500] "GET /sipse/css/imagen/contrasena.png HTTP/1.1" 404 383
181.53.14.143 - - [11/Feb/2024:16:08:04 -0500] "GET /sipse/faces/javax.faces.resource/images/ui-bg_flat_0_2d5972_40x100.png?ln=primefaces-aristo HTTP/1.1" 304 -
181.53.14.143 - - [11/Feb/2024:16:08:04 -0500] "POST /sipse/faces/bienvenido.xhtml HTTP/1.1" 200 2658
181.53.14.143 - - [11/Feb/2024:16:08:05 -0500] "POST /sipse/faces/bienvenido.xhtml HTTP/1.1" 200 64375
181.53.14.143 - - [11/Feb/2024:16:08:06 -0500] "GET /sipse/faces/javax.faces.resource/theme.css?ln=primefaces-sipse HTTP/1.1" 304 -
181.53.14.143 - - [11/Feb/2024:16:08:06 -0500] "GET /sipse/faces/javax.faces.resource/layout/layout.css?ln=primefaces&v=4.0 HTTP/1.1" 304 -
