201.245.192.253 - - [11/Feb/2024:06:19:34 -0500] "POST /kwsrmcab/Wsrmcab HTTP/1.1" 200 37093
201.245.192.253 - - [11/Feb/2024:06:19:37 -0500] "POST /kwsrmcab/Wsrmcab HTTP/1.1" 200 37117
201.245.192.253 - - [11/Feb/2024:06:19:50 -0500] "POST /kwsrmcab/Wsrmcab HTTP/1.1" 200 37260
201.245.192.253 - - [11/Feb/2024:06:19:58 -0500] "POST /forms/lservlet;jsessionid=ac16012b30d610ae24beb5094434bff4cfc888fbc4af.e3iSbxaKaheRe3qKcheMbNuKc41ynknvrkLOlQzNp65In0 HTTP/1.1" 200 2
172.22.2.4 - - [11/Feb/2024:06:20:21 -0500] "GET /BLA/boletinlegal/Circulares/2012/Circular%20No.%2010%20del%2022%20de%20Agosto%20de%202012.pdf HTTP/1.1" 200 1563219
201.245.192.253 - - [11/Feb/2024:06:20:24 -0500] "POST /kwsrmcab/Wsrmcab  HTTP/1.1" 200 37396
201.245.192.253 - - [11/Feb/2024:06:20:37 -0500] "POST /forms/lservlet;jsessionid=ac16012b30d629257b7236c7411e84d9b4a8aba690a2.e3iSbxaKaheRe3qKcheMbNuKc41ynknvrkLOlQzNp65In0 HTTP/1.1" 200 2
201.245.192.253 - - [11/Feb/2024:06:20:41 -0500] "POST /kwsrmcab/Wsrmcab HTTP/1.1" 200 37117
172.22.2.4 - - [11/Feb/2024:06:20:44 -0500] "GET /BLA/boletinlegal/Circulares/2021/CIRCULAR%20No.%2000007%20DEL%2010%20DE%20AGOSTO%20DEL%202021.pdf HTTP/1.1" 200 266364
172.22.2.4 - - [11/Feb/2024:06:21:52 -0500] "GET /BLA/boletinlegal/Circulares/2022/CIRCULAR%20No.%2000004%20DEL%2019%20DE%20MAYO%20DEL%202022.pdf HTTP/1.1" 200 252981
201.245.192.253 - - [11/Feb/2024:06:21:58 -0500] "POST /forms/lservlet;jsessionid=ac16012b30d610ae24beb5094434bff4cfc888fbc4af.e3iSbxaKaheRe3qKcheMbNuKc41ynknvrkLOlQzNp65In0 HTTP/1.1" 200 2
172.22.2.4 - - [11/Feb/2024:06:22:11 -0500] "GET /BLA/boletinlegal/Circulares/2017/Circular%20No.%20011%20del%2005%20de%20julio%20de%202017.pdf HTTP/1.1" 200 965526
172.22.2.4 - - [11/Feb/2024:06:22:25 -0500] "GET /BLA/boletinlegal/Circulares/2019/.pdf HTTP/1.1" 404 1038
216.245.221.92 - - [11/Feb/2024:06:22:29 -0500] "HEAD / HTTP/1.1" 200 -
172.22.2.4 - - [11/Feb/2024:06:20:57 -0500] "HEAD /BLA/boletinlegal/ HTTP/1.1" 200 -
201.245.192.253 - - [11/Feb/2024:06:22:37 -0500] "POST /forms/lservlet;jsessionid=ac16012b30d629257b7236c7411e84d9b4a8aba690a2.e3iSbxaKaheRe3qKcheMbNuKc41ynknvrkLOlQzNp65In0 HTTP/1.1" 200 2
172.22.2.4 - - [11/Feb/2024:06:21:48 -0500] "GET /BLA/boletinlegal/ HTTP/1.1" 200 57479
173.252.107.116 - - [11/Feb/2024:06:23:42 -0500] "GET /en-caso-de-encontrarte-una-tingua-azul-sigue-las-siguientes-recomendaciones.html HTTP/1.1" 206 887
173.252.107.120 - - [11/Feb/2024:06:23:43 -0500] "GET /en-caso-de-encontrarte-una-tingua-azul-sigue-las-siguientes-recomendaciones.html HTTP/1.1" 200 887
173.252.107.8 - - [11/Feb/2024:06:23:43 -0500] "GET /en-caso-de-encontrarte-una-tingua-azul-sigue-las-siguientes-recomendaciones.html HTTP/1.1" 200 887
179.51.118.140 - - [11/Feb/2024:06:23:43 -0500] "GET /images/pieza-tinguas-azul-14-enero.jpg HTTP/1.1" 200 143785
173.252.79.8 - - [11/Feb/2024:06:23:43 -0500] "GET /images/pieza-tinguas-azul-14-enero.jpg HTTP/1.1" 200 143785
172.22.2.4 - - [11/Feb/2024:06:23:51 -0500] "GET /BLA/boletinlegal/Circulares/2021/CIRCULAR%20No.%2000006%20DEL%2005%20DE%20AGOSTO%20DEL%202021.pdf HTTP/1.1" 200 249615
66.249.66.38 - - [11/Feb/2024:06:23:56 -0500] "GET /mas-de-1000-personas-participaron-en-la-convencion-de-emergencia-climatica-una-mirada-optimista-y-un-llamado-a-la-accion.html HTTP/1.1" 304 -
201.245.192.253 - - [11/Feb/2024:06:23:58 -0500] "POST /forms/lservlet;jsessionid=ac16012b30d610ae24beb5094434bff4cfc888fbc4af.e3iSbxaKaheRe3qKcheMbNuKc41ynknvrkLOlQzNp65In0 HTTP/1.1" 200 2
172.22.2.4 - - [11/Feb/2024:06:24:18 -0500] "GET /BLA/boletinlegal/Directivas/2022/DIRECTIVA%20No.%2000002%20DEL%2022%20DE%20JUNIO%20DEL%202022.pdf HTTP/1.1" 200 384175
66.249.66.19 - - [11/Feb/2024:06:22:57 -0500] "GET /BLA/boletinlegal/index.php? HTTP/1.1" 200 61911
201.245.192.253 - - [11/Feb/2024:06:24:37 -0500] "POST /forms/lservlet;jsessionid=ac16012b30d629257b7236c7411e84d9b4a8aba690a2.e3iSbxaKaheRe3qKcheMbNuKc41ynknvrkLOlQzNp65In0 HTTP/1.1" 200 2
172.22.2.4 - - [11/Feb/2024:06:24:38 -0500] "GET /BLA/boletinlegal/Directivas/2018/Directiva%20No.%2024%20del%2027%20de%20diciembre%20de%202018.pdf HTTP/1.1" 200 575948
146.19.24.28 - - [11/Feb/2024:06:25:06 -0500] "GET / HTTP/1.1" 200 319
201.245.192.253 - - [11/Feb/2024:06:25:22 -0500] "POST /kwsrmcab/Wsrmcab  HTTP/1.1" 200 37396
172.22.2.4 - - [11/Feb/2024:06:25:44 -0500] "GET /BLA/boletinlegal/Directivas/2011/Directiva%20No.%2011%20del%2027%20de%20Diciembre%20de%202011.pdf HTTP/1.1" 200 303527
201.245.192.253 - - [11/Feb/2024:06:25:58 -0500] "POST /forms/lservlet;jsessionid=ac16012b30d610ae24beb5094434bff4cfc888fbc4af.e3iSbxaKaheRe3qKcheMbNuKc41ynknvrkLOlQzNp65In0 HTTP/1.1" 200 2
201.245.192.253 - - [11/Feb/2024:06:26:37 -0500] "POST /forms/lservlet;jsessionid=ac16012b30d629257b7236c7411e84d9b4a8aba690a2.e3iSbxaKaheRe3qKcheMbNuKc41ynknvrkLOlQzNp65In0 HTTP/1.1" 200 2
52.167.144.187 - - [11/Feb/2024:06:27:18 -0500] "GET /Residuos/impresion/files/guia_impresionlit.pdf HTTP/1.1" 404 1018
172.22.2.4 - - [11/Feb/2024:06:27:27 -0500] "GET /BLA/boletinlegal/Circulares/2015/Circular%20No.%201%20del%2010%20de%20Febrero%20de%202015.pdf HTTP/1.1" 304 -
216.245.221.92 - - [11/Feb/2024:06:27:29 -0500] "HEAD / HTTP/1.1" 200 -
201.245.192.253 - - [11/Feb/2024:06:27:58 -0500] "POST /forms/lservlet;jsessionid=ac16012b30d610ae24beb5094434bff4cfc888fbc4af.e3iSbxaKaheRe3qKcheMbNuKc41ynknvrkLOlQzNp65In0 HTTP/1.1" 200 2
52.167.144.187 - - [11/Feb/2024:06:28:13 -0500] "GET /BLA/resoluciones/AUTOS%202019/3456.pdf HTTP/1.1" 200 282139
172.22.2.4 - - [11/Feb/2024:06:26:47 -0500] "HEAD /BLA/boletinlegal/ HTTP/1.1" 200 -
201.245.192.253 - - [11/Feb/2024:06:28:38 -0500] "POST /forms/lservlet;jsessionid=ac16012b30d629257b7236c7411e84d9b4a8aba690a2.e3iSbxaKaheRe3qKcheMbNuKc41ynknvrkLOlQzNp65In0 HTTP/1.1" 200 2
172.22.2.4 - - [11/Feb/2024:06:27:38 -0500] "GET /BLA/boletinlegal/ HTTP/1.1" 200 61047
201.245.192.253 - - [11/Feb/2024:06:29:35 -0500] "POST /kwsrmcab/Wsrmcab HTTP/1.1" 200 37093
201.245.192.253 - - [11/Feb/2024:06:29:38 -0500] "POST /kwsrmcab/Wsrmcab HTTP/1.1" 200 37117
201.245.192.253 - - [11/Feb/2024:06:29:49 -0500] "POST /kwsrmcab/Wsrmcab HTTP/1.1" 200 37260
201.245.192.253 - - [11/Feb/2024:06:29:58 -0500] "POST /forms/lservlet;jsessionid=ac16012b30d610ae24beb5094434bff4cfc888fbc4af.e3iSbxaKaheRe3qKcheMbNuKc41ynknvrkLOlQzNp65In0 HTTP/1.1" 200 2
201.245.192.253 - - [11/Feb/2024:06:30:21 -0500] "POST /kwsrmcab/Wsrmcab  HTTP/1.1" 200 37396
201.245.192.253 - - [11/Feb/2024:06:30:38 -0500] "POST /forms/lservlet;jsessionid=ac16012b30d629257b7236c7411e84d9b4a8aba690a2.e3iSbxaKaheRe3qKcheMbNuKc41ynknvrkLOlQzNp65In0 HTTP/1.1" 200 2
201.245.192.253 - - [11/Feb/2024:06:30:41 -0500] "POST /kwsrmcab/Wsrmcab HTTP/1.1" 200 37117
201.245.192.253 - - [11/Feb/2024:06:31:58 -0500] "POST /forms/lservlet;jsessionid=ac16012b30d610ae24beb5094434bff4cfc888fbc4af.e3iSbxaKaheRe3qKcheMbNuKc41ynknvrkLOlQzNp65In0 HTTP/1.1" 200 2
207.46.13.14 - - [11/Feb/2024:06:32:23 -0500] "GET /BLA/boletinlegal/Circulares/2013/Circular%20No.%204%20del%2005%20de%20junio%20de%202013.pdf HTTP/1.1" 200 130461
216.245.221.92 - - [11/Feb/2024:06:32:29 -0500] "HEAD / HTTP/1.1" 200 -
201.245.192.253 - - [11/Feb/2024:06:32:38 -0500] "POST /forms/lservlet;jsessionid=ac16012b30d629257b7236c7411e84d9b4a8aba690a2.e3iSbxaKaheRe3qKcheMbNuKc41ynknvrkLOlQzNp65In0 HTTP/1.1" 200 2
52.167.144.235 - - [11/Feb/2024:06:32:54 -0500] "GET /BLA/resoluciones/RESOLUCIONES%202015/1319.pdf HTTP/1.1" 200 774441
201.245.192.253 - - [11/Feb/2024:06:33:58 -0500] "POST /forms/lservlet;jsessionid=ac16012b30d610ae24beb5094434bff4cfc888fbc4af.e3iSbxaKaheRe3qKcheMbNuKc41ynknvrkLOlQzNp65In0 HTTP/1.1" 200 2
172.22.2.4 - - [11/Feb/2024:06:32:37 -0500] "HEAD /BLA/boletinlegal/ HTTP/1.1" 200 -
201.245.192.253 - - [11/Feb/2024:06:34:38 -0500] "POST /forms/lservlet;jsessionid=ac16012b30d629257b7236c7411e84d9b4a8aba690a2.e3iSbxaKaheRe3qKcheMbNuKc41ynknvrkLOlQzNp65In0 HTTP/1.1" 200 2
172.22.2.4 - - [11/Feb/2024:06:33:28 -0500] "GET /BLA/boletinlegal/ HTTP/1.1" 200 61047
201.245.192.253 - - [11/Feb/2024:06:35:19 -0500] "POST /kwsrmcab/Wsrmcab  HTTP/1.1" 200 37396
185.224.128.10 - - [11/Feb/2024:06:35:45 -0500] "GET / HTTP/1.1" 200 319
201.245.192.253 - - [11/Feb/2024:06:35:58 -0500] "POST /forms/lservlet;jsessionid=ac16012b30d610ae24beb5094434bff4cfc888fbc4af.e3iSbxaKaheRe3qKcheMbNuKc41ynknvrkLOlQzNp65In0 HTTP/1.1" 200 2
201.245.192.253 - - [11/Feb/2024:06:36:38 -0500] "POST /forms/lservlet;jsessionid=ac16012b30d629257b7236c7411e84d9b4a8aba690a2.e3iSbxaKaheRe3qKcheMbNuKc41ynknvrkLOlQzNp65In0 HTTP/1.1" 200 2
216.245.221.92 - - [11/Feb/2024:06:37:29 -0500] "HEAD / HTTP/1.1" 200 -
201.245.192.253 - - [11/Feb/2024:06:37:58 -0500] "POST /forms/lservlet;jsessionid=ac16012b30d610ae24beb5094434bff4cfc888fbc4af.e3iSbxaKaheRe3qKcheMbNuKc41ynknvrkLOlQzNp65In0 HTTP/1.1" 200 2
201.245.192.253 - - [11/Feb/2024:06:38:38 -0500] "POST /forms/lservlet;jsessionid=ac16012b30d629257b7236c7411e84d9b4a8aba690a2.e3iSbxaKaheRe3qKcheMbNuKc41ynknvrkLOlQzNp65In0 HTTP/1.1" 200 2
52.167.144.214 - - [11/Feb/2024:06:38:53 -0500] "GET /Publicaciones/2023EE244838.pdf HTTP/1.1" 404 228
52.167.144.214 - - [11/Feb/2024:06:38:54 -0500] "GET /BLA/resoluciones/AUTOS%202012/2142.pdf HTTP/1.1" 200 956521
201.245.192.253 - - [11/Feb/2024:06:39:34 -0500] "POST /kwsrmcab/Wsrmcab HTTP/1.1" 200 37093
201.245.192.253 - - [11/Feb/2024:06:39:37 -0500] "POST /kwsrmcab/Wsrmcab HTTP/1.1" 200 37117
201.245.192.253 - - [11/Feb/2024:06:39:50 -0500] "POST /kwsrmcab/Wsrmcab HTTP/1.1" 200 37260
201.245.192.253 - - [11/Feb/2024:06:39:58 -0500] "POST /forms/lservlet;jsessionid=ac16012b30d610ae24beb5094434bff4cfc888fbc4af.e3iSbxaKaheRe3qKcheMbNuKc41ynknvrkLOlQzNp65In0 HTTP/1.1" 200 2
172.22.2.4 - - [11/Feb/2024:06:38:27 -0500] "HEAD /BLA/boletinlegal/ HTTP/1.1" 200 -
201.245.192.253 - - [11/Feb/2024:06:40:18 -0500] "POST /kwsrmcab/Wsrmcab  HTTP/1.1" 200 37396
40.77.167.33 - - [11/Feb/2024:06:40:35 -0500] "GET /portaldeninos/parque-mirador-de-los-nevados/ HTTP/1.1" 200 89855
201.245.192.253 - - [11/Feb/2024:06:40:38 -0500] "POST /forms/lservlet;jsessionid=ac16012b30d629257b7236c7411e84d9b4a8aba690a2.e3iSbxaKaheRe3qKcheMbNuKc41ynknvrkLOlQzNp65In0 HTTP/1.1" 200 2
201.245.192.253 - - [11/Feb/2024:06:40:39 -0500] "POST /kwsrmcab/Wsrmcab HTTP/1.1" 200 37117
172.22.2.4 - - [11/Feb/2024:06:39:18 -0500] "GET /BLA/boletinlegal/ HTTP/1.1" 200 57874
201.245.192.253 - - [11/Feb/2024:06:41:58 -0500] "POST /forms/lservlet;jsessionid=ac16012b30d610ae24beb5094434bff4cfc888fbc4af.e3iSbxaKaheRe3qKcheMbNuKc41ynknvrkLOlQzNp65In0 HTTP/1.1" 200 2
216.245.221.92 - - [11/Feb/2024:06:42:29 -0500] "HEAD / HTTP/1.1" 200 -
201.245.192.253 - - [11/Feb/2024:06:42:38 -0500] "POST /forms/lservlet;jsessionid=ac16012b30d629257b7236c7411e84d9b4a8aba690a2.e3iSbxaKaheRe3qKcheMbNuKc41ynknvrkLOlQzNp65In0 HTTP/1.1" 200 2
201.245.192.253 - - [11/Feb/2024:06:43:58 -0500] "POST /forms/lservlet;jsessionid=ac16012b30d610ae24beb5094434bff4cfc888fbc4af.e3iSbxaKaheRe3qKcheMbNuKc41ynknvrkLOlQzNp65In0 HTTP/1.1" 200 2
201.245.192.253 - - [11/Feb/2024:06:44:38 -0500] "POST /forms/lservlet;jsessionid=ac16012b30d629257b7236c7411e84d9b4a8aba690a2.e3iSbxaKaheRe3qKcheMbNuKc41ynknvrkLOlQzNp65In0 HTTP/1.1" 200 2
201.245.192.253 - - [11/Feb/2024:06:45:16 -0500] "POST /kwsrmcab/Wsrmcab  HTTP/1.1" 200 37396
172.22.2.4 - - [11/Feb/2024:06:44:17 -0500] "HEAD /BLA/boletinlegal/ HTTP/1.1" 200 -
201.245.192.253 - - [11/Feb/2024:06:45:58 -0500] "POST /forms/lservlet;jsessionid=ac16012b30d610ae24beb5094434bff4cfc888fbc4af.e3iSbxaKaheRe3qKcheMbNuKc41ynknvrkLOlQzNp65In0 HTTP/1.1" 200 2
201.245.192.253 - - [11/Feb/2024:06:46:38 -0500] "POST /forms/lservlet;jsessionid=ac16012b30d629257b7236c7411e84d9b4a8aba690a2.e3iSbxaKaheRe3qKcheMbNuKc41ynknvrkLOlQzNp65In0 HTTP/1.1" 200 2
172.22.2.4 - - [11/Feb/2024:06:45:08 -0500] "GET /BLA/boletinlegal/ HTTP/1.1" 200 58684
216.245.221.92 - - [11/Feb/2024:06:47:29 -0500] "HEAD / HTTP/1.1" 200 -
201.245.192.253 - - [11/Feb/2024:06:47:58 -0500] "POST /forms/lservlet;jsessionid=ac16012b30d610ae24beb5094434bff4cfc888fbc4af.e3iSbxaKaheRe3qKcheMbNuKc41ynknvrkLOlQzNp65In0 HTTP/1.1" 200 2
201.245.192.253 - - [11/Feb/2024:06:48:38 -0500] "POST /forms/lservlet;jsessionid=ac16012b30d629257b7236c7411e84d9b4a8aba690a2.e3iSbxaKaheRe3qKcheMbNuKc41ynknvrkLOlQzNp65In0 HTTP/1.1" 200 2
172.22.2.4 - - [11/Feb/2024:06:49:27 -0500] "GET /BLA/boletinlegal/robots.txt HTTP/1.1" 404 1038
34.201.147.92 - - [11/Feb/2024:06:49:34 -0500] "GET /robots.txt HTTP/1.1" 404 1018
34.201.147.92 - - [11/Feb/2024:06:49:35 -0500] "GET /BLA/boletinlegal/Circulares/2023/CIRCULAR%20No.%2000011%20DEL%2023%20DE%20OCTUBRE%20DEL%202023.pdf HTTP/1.1" 200 334676
172.22.2.4 - - [11/Feb/2024:06:49:44 -0500] "GET /BLA/boletinlegal/Circulares/2012/Circular%20No.%2014%20del%2011%20de%20Septiembre%20de%202012.pdf HTTP/1.1" 200 3427471
66.249.66.19 - - [11/Feb/2024:06:49:46 -0500] "GET /BLA/resoluciones/RESOLUCIONES%202008/2523.pdf HTTP/1.1" 200 424388
201.245.192.253 - - [11/Feb/2024:06:49:58 -0500] "POST /forms/lservlet;jsessionid=ac16012b30d610ae24beb5094434bff4cfc888fbc4af.e3iSbxaKaheRe3qKcheMbNuKc41ynknvrkLOlQzNp65In0 HTTP/1.1" 200 2
40.77.167.25 - - [11/Feb/2024:06:50:13 -0500] "GET /Publicaciones/2023EE184770.pdf HTTP/1.1" 404 228
201.245.192.253 - - [11/Feb/2024:06:50:15 -0500] "POST /kwsrmcab/Wsrmcab  HTTP/1.1" 200 37396
201.245.192.253 - - [11/Feb/2024:06:50:38 -0500] "POST /forms/lservlet;jsessionid=ac16012b30d629257b7236c7411e84d9b4a8aba690a2.e3iSbxaKaheRe3qKcheMbNuKc41ynknvrkLOlQzNp65In0 HTTP/1.1" 200 2
172.22.2.4 - - [11/Feb/2024:06:50:07 -0500] "HEAD /BLA/boletinlegal/ HTTP/1.1" 200 -
201.245.192.253 - - [11/Feb/2024:06:51:58 -0500] "POST /forms/lservlet;jsessionid=ac16012b30d610ae24beb5094434bff4cfc888fbc4af.e3iSbxaKaheRe3qKcheMbNuKc41ynknvrkLOlQzNp65In0 HTTP/1.1" 200 2
216.245.221.92 - - [11/Feb/2024:06:52:29 -0500] "HEAD / HTTP/1.1" 200 -
52.167.144.9 - - [11/Feb/2024:06:52:35 -0500] "GET /Publicaciones/2023EE207442.pdf HTTP/1.1" 404 228
201.245.192.253 - - [11/Feb/2024:06:52:38 -0500] "POST /forms/lservlet;jsessionid=ac16012b30d629257b7236c7411e84d9b4a8aba690a2.e3iSbxaKaheRe3qKcheMbNuKc41ynknvrkLOlQzNp65In0 HTTP/1.1" 200 2
172.22.2.4 - - [11/Feb/2024:06:50:58 -0500] "GET /BLA/boletinlegal/ HTTP/1.1" 200 58684
66.249.66.20 - - [11/Feb/2024:06:53:39 -0500] "GET /BLA/resoluciones/AUTOS%202012/2848.pdf HTTP/1.1" 200 174442
207.46.13.7 - - [11/Feb/2024:06:53:41 -0500] "GET /portaldeninos/?s=2023 HTTP/1.1" 200 87105
201.245.192.253 - - [11/Feb/2024:06:53:58 -0500] "POST /forms/lservlet;jsessionid=ac16012b30d610ae24beb5094434bff4cfc888fbc4af.e3iSbxaKaheRe3qKcheMbNuKc41ynknvrkLOlQzNp65In0 HTTP/1.1" 200 2
201.245.192.253 - - [11/Feb/2024:06:54:38 -0500] "POST /forms/lservlet;jsessionid=ac16012b30d629257b7236c7411e84d9b4a8aba690a2.e3iSbxaKaheRe3qKcheMbNuKc41ynknvrkLOlQzNp65In0 HTTP/1.1" 200 2
201.245.192.253 - - [11/Feb/2024:06:55:13 -0500] "POST /kwsrmcab/Wsrmcab  HTTP/1.1" 200 37396
201.245.192.253 - - [11/Feb/2024:06:55:58 -0500] "POST /forms/lservlet;jsessionid=ac16012b30d610ae24beb5094434bff4cfc888fbc4af.e3iSbxaKaheRe3qKcheMbNuKc41ynknvrkLOlQzNp65In0 HTTP/1.1" 200 2
201.245.192.253 - - [11/Feb/2024:06:56:38 -0500] "POST /forms/lservlet;jsessionid=ac16012b30d629257b7236c7411e84d9b4a8aba690a2.e3iSbxaKaheRe3qKcheMbNuKc41ynknvrkLOlQzNp65In0 HTTP/1.1" 200 2
216.245.221.92 - - [11/Feb/2024:06:57:29 -0500] "HEAD / HTTP/1.1" 200 -
172.22.2.4 - - [11/Feb/2024:06:55:57 -0500] "HEAD /BLA/boletinlegal/ HTTP/1.1" 200 -
201.245.192.253 - - [11/Feb/2024:06:57:58 -0500] "POST /forms/lservlet;jsessionid=ac16012b30d610ae24beb5094434bff4cfc888fbc4af.e3iSbxaKaheRe3qKcheMbNuKc41ynknvrkLOlQzNp65In0 HTTP/1.1" 200 2
172.22.2.4 - - [11/Feb/2024:06:56:48 -0500] "GET /BLA/boletinlegal/ HTTP/1.1" 200 53009
201.245.192.253 - - [11/Feb/2024:06:58:38 -0500] "POST /forms/lservlet;jsessionid=ac16012b30d629257b7236c7411e84d9b4a8aba690a2.e3iSbxaKaheRe3qKcheMbNuKc41ynknvrkLOlQzNp65In0 HTTP/1.1" 200 2
172.22.2.4 - - [11/Feb/2024:06:57:17 -0500] "GET /BLA/boletinlegal/ HTTP/1.1" 200 55781
172.22.2.4 - - [11/Feb/2024:06:59:00 -0500] "GET /BLA/boletinlegal/HNAP1/ HTTP/1.1" 404 1152
201.245.192.253 - - [11/Feb/2024:06:59:58 -0500] "POST /forms/lservlet;jsessionid=ac16012b30d610ae24beb5094434bff4cfc888fbc4af.e3iSbxaKaheRe3qKcheMbNuKc41ynknvrkLOlQzNp65In0 HTTP/1.1" 200 2
201.245.192.253 - - [11/Feb/2024:07:00:12 -0500] "POST /kwsrmcab/Wsrmcab  HTTP/1.1" 200 37396
201.245.192.253 - - [11/Feb/2024:07:00:38 -0500] "POST /forms/lservlet;jsessionid=ac16012b30d629257b7236c7411e84d9b4a8aba690a2.e3iSbxaKaheRe3qKcheMbNuKc41ynknvrkLOlQzNp65In0 HTTP/1.1" 200 2
34.201.147.92 - - [11/Feb/2024:07:00:40 -0500] "GET /BLA/boletinlegal/Circulares/2023/CIRCULAR%20No.%2000010%20DEL%2010%20DE%20OCTUBRE%20DEL%202023.pdf HTTP/1.1" 200 341821
201.245.192.253 - - [11/Feb/2024:07:01:58 -0500] "POST /forms/lservlet;jsessionid=ac16012b30d610ae24beb5094434bff4cfc888fbc4af.e3iSbxaKaheRe3qKcheMbNuKc41ynknvrkLOlQzNp65In0 HTTP/1.1" 200 2
66.249.66.19 - - [11/Feb/2024:07:02:11 -0500] "GET /BLA/resoluciones/RESOLUCIONES%202009/0555.pdf HTTP/1.1" 200 711875
216.245.221.92 - - [11/Feb/2024:07:02:29 -0500] "HEAD / HTTP/1.1" 200 -
95.108.213.103 - - [11/Feb/2024:07:02:31 -0500] "GET /robots.txt HTTP/1.1" 404 1018
5.255.231.190 - - [11/Feb/2024:07:02:32 -0500] "GET / HTTP/1.1" 200 319
201.245.192.253 - - [11/Feb/2024:07:02:38 -0500] "POST /forms/lservlet;jsessionid=ac16012b30d629257b7236c7411e84d9b4a8aba690a2.e3iSbxaKaheRe3qKcheMbNuKc41ynknvrkLOlQzNp65In0 HTTP/1.1" 200 2
66.249.66.21 - - [11/Feb/2024:07:03:26 -0500] "GET /portel_dama/libreria/php/2006/ECOSISTEMAS%20FINAL%20web_mz27/x%20restauracion/sitio/22_proye/xtras_in/2a.pdf HTTP/1.1" 404 1018
172.22.2.4 - - [11/Feb/2024:07:01:47 -0500] "HEAD /BLA/boletinlegal/ HTTP/1.1" 200 -
201.245.192.253 - - [11/Feb/2024:07:03:58 -0500] "POST /forms/lservlet;jsessionid=ac16012b30d610ae24beb5094434bff4cfc888fbc4af.e3iSbxaKaheRe3qKcheMbNuKc41ynknvrkLOlQzNp65In0 HTTP/1.1" 200 2
172.22.2.4 - - [11/Feb/2024:07:02:38 -0500] "GET /BLA/boletinlegal/ HTTP/1.1" 200 43194
34.201.147.92 - - [11/Feb/2024:07:04:28 -0500] "GET /BLA/boletinlegal/Circulares/2023/CIRCULAR%20No.%2000012%20DEL%2030%20DE%20OCTUBRE%20DEL%202023.pdf HTTP/1.1" 200 402860
201.245.192.253 - - [11/Feb/2024:07:04:38 -0500] "POST /forms/lservlet;jsessionid=ac16012b30d629257b7236c7411e84d9b4a8aba690a2.e3iSbxaKaheRe3qKcheMbNuKc41ynknvrkLOlQzNp65In0 HTTP/1.1" 200 2
34.201.147.92 - - [11/Feb/2024:07:04:48 -0500] "GET /BLA/boletinlegal/Circulares/2023/CIRCULAR%20No.%2000005%20DEL%2013%20DE%20JUNIO%20DEL%202023.pdf HTTP/1.1" 200 3638854
201.245.192.253 - - [11/Feb/2024:07:05:09 -0500] "POST /kwsrmcab/Wsrmcab  HTTP/1.1" 200 37396
34.201.147.92 - - [11/Feb/2024:07:05:45 -0500] "GET /BLA/boletinlegal/Circulares/2023/CIRCULAR%20No.%2000009%20DEL%2010%20DE%20OCTUBRE%20DEL%202023.pdf HTTP/1.1" 200 529599
201.245.192.253 - - [11/Feb/2024:07:05:58 -0500] "POST /forms/lservlet;jsessionid=ac16012b30d610ae24beb5094434bff4cfc888fbc4af.e3iSbxaKaheRe3qKcheMbNuKc41ynknvrkLOlQzNp65In0 HTTP/1.1" 200 2
146.19.24.28 - - [11/Feb/2024:07:06:14 -0500] "GET / HTTP/1.1" 200 319
201.245.192.253 - - [11/Feb/2024:07:06:38 -0500] "POST /forms/lservlet;jsessionid=ac16012b30d629257b7236c7411e84d9b4a8aba690a2.e3iSbxaKaheRe3qKcheMbNuKc41ynknvrkLOlQzNp65In0 HTTP/1.1" 200 2
34.201.147.92 - - [11/Feb/2024:07:07:07 -0500] "GET /BLA/boletinlegal/Circulares/2023/CIRCULAR%20No.%2000006%20DEL%2013%20DE%20JULIO%20DEL%202023.pdf HTTP/1.1" 200 375301
216.245.221.92 - - [11/Feb/2024:07:07:29 -0500] "HEAD / HTTP/1.1" 200 -
172.22.2.4 - - [11/Feb/2024:07:07:37 -0500] "GET /BLA/boletinlegal/Public/home/js/check.js HTTP/1.1" 404 1018
172.22.2.4 - - [11/Feb/2024:07:07:38 -0500] "GET /BLA/boletinlegal/static/admin/javascript/hetong.js HTTP/1.1" 404 1018
172.22.2.4 - - [11/Feb/2024:07:06:07 -0500] "GET /BLA/boletinlegal/ HTTP/1.1" 200 61503
201.245.192.253 - - [11/Feb/2024:07:07:58 -0500] "POST /forms/lservlet;jsessionid=ac16012b30d610ae24beb5094434bff4cfc888fbc4af.e3iSbxaKaheRe3qKcheMbNuKc41ynknvrkLOlQzNp65In0 HTTP/1.1" 200 2
201.245.192.253 - - [11/Feb/2024:07:08:38 -0500] "POST /forms/lservlet;jsessionid=ac16012b30d629257b7236c7411e84d9b4a8aba690a2.e3iSbxaKaheRe3qKcheMbNuKc41ynknvrkLOlQzNp65In0 HTTP/1.1" 200 2
172.22.2.4 - - [11/Feb/2024:07:07:37 -0500] "HEAD /BLA/boletinlegal/ HTTP/1.1" 200 -
201.245.192.253 - - [11/Feb/2024:07:09:58 -0500] "POST /forms/lservlet;jsessionid=ac16012b30d610ae24beb5094434bff4cfc888fbc4af.e3iSbxaKaheRe3qKcheMbNuKc41ynknvrkLOlQzNp65In0 HTTP/1.1" 200 2
172.22.2.4 - - [11/Feb/2024:07:08:28 -0500] "GET /BLA/boletinlegal/ HTTP/1.1" 200 58684
201.245.192.253 - - [11/Feb/2024:07:10:08 -0500] "POST /kwsrmcab/Wsrmcab  HTTP/1.1" 200 37396
201.245.192.253 - - [11/Feb/2024:07:10:38 -0500] "POST /forms/lservlet;jsessionid=ac16012b30d629257b7236c7411e84d9b4a8aba690a2.e3iSbxaKaheRe3qKcheMbNuKc41ynknvrkLOlQzNp65In0 HTTP/1.1" 200 2
201.245.192.253 - - [11/Feb/2024:07:11:58 -0500] "POST /forms/lservlet;jsessionid=ac16012b30d610ae24beb5094434bff4cfc888fbc4af.e3iSbxaKaheRe3qKcheMbNuKc41ynknvrkLOlQzNp65In0 HTTP/1.1" 200 2
172.22.2.4 - - [11/Feb/2024:07:12:27 -0500] "GET /BLA/boletinlegal/jurisprudencia/analisis/AnalisisT-693-12.docx HTTP/1.1" 304 -
216.245.221.92 - - [11/Feb/2024:07:12:29 -0500] "HEAD / HTTP/1.1" 200 -
201.245.192.253 - - [11/Feb/2024:07:12:38 -0500] "POST /forms/lservlet;jsessionid=ac16012b30d629257b7236c7411e84d9b4a8aba690a2.e3iSbxaKaheRe3qKcheMbNuKc41ynknvrkLOlQzNp65In0 HTTP/1.1" 200 2
201.245.192.253 - - [11/Feb/2024:07:13:58 -0500] "POST /forms/lservlet;jsessionid=ac16012b30d610ae24beb5094434bff4cfc888fbc4af.e3iSbxaKaheRe3qKcheMbNuKc41ynknvrkLOlQzNp65In0 HTTP/1.1" 200 2
52.167.144.145 - - [11/Feb/2024:07:14:19 -0500] "GET /Publicaciones/2024EE00616.pdf HTTP/1.1" 404 227
173.252.107.8 - - [11/Feb/2024:07:14:19 -0500] "GET /images/25%20Incendio%20declaratoria.jpeg HTTP/1.1" 200 90327
173.252.107.116 - - [11/Feb/2024:07:14:19 -0500] "GET /images/30%20de%20enero%20Entrenubes%20alcalde.jpeg HTTP/1.1" 200 64486
173.252.107.116 - - [11/Feb/2024:07:14:19 -0500] "GET /images/Rueda%20de%20prensa.jpeg HTTP/1.1" 200 58715
173.252.107.9 - - [11/Feb/2024:07:14:25 -0500] "GET /images/Comprimida%20incendios.jpg HTTP/1.1" 200 23316
173.252.107.6 - - [11/Feb/2024:07:14:25 -0500] "GET /images/24%20de%20enero%20sendero.JPG HTTP/1.1" 200 59121
173.252.107.5 - - [11/Feb/2024:07:14:29 -0500] "GET /images/Caminatas%20(1)%20(2).jpeg HTTP/1.1" 200 81411
201.245.192.253 - - [11/Feb/2024:07:14:38 -0500] "POST /forms/lservlet;jsessionid=ac16012b30d629257b7236c7411e84d9b4a8aba690a2.e3iSbxaKaheRe3qKcheMbNuKc41ynknvrkLOlQzNp65In0 HTTP/1.1" 200 2
172.22.2.4 - - [11/Feb/2024:07:13:27 -0500] "HEAD /BLA/boletinlegal/ HTTP/1.1" 200 -
201.245.192.253 - - [11/Feb/2024:07:15:07 -0500] "POST /kwsrmcab/Wsrmcab  HTTP/1.1" 200 37396
66.249.66.20 - - [11/Feb/2024:07:15:18 -0500] "GET /BLA/resoluciones/RESOLUCIONES%202007/RES%202007%201%20AL%20100/RESOLUCION%200041%20DE%202007.pdf HTTP/1.1" 200 445581
172.22.2.4 - - [11/Feb/2024:07:14:18 -0500] "GET /BLA/boletinlegal/ HTTP/1.1" 200 59568
201.245.192.253 - - [11/Feb/2024:07:15:58 -0500] "POST /forms/lservlet;jsessionid=ac16012b30d610ae24beb5094434bff4cfc888fbc4af.e3iSbxaKaheRe3qKcheMbNuKc41ynknvrkLOlQzNp65In0 HTTP/1.1" 200 2
199.16.157.182 - - [11/Feb/2024:07:16:20 -0500] "GET /images/pl%C3%A1sticos%20foto%201..jpg HTTP/1.1" 404 1034
201.245.192.253 - - [11/Feb/2024:07:16:38 -0500] "POST /forms/lservlet;jsessionid=ac16012b30d629257b7236c7411e84d9b4a8aba690a2.e3iSbxaKaheRe3qKcheMbNuKc41ynknvrkLOlQzNp65In0 HTTP/1.1" 200 2
34.201.147.92 - - [11/Feb/2024:07:16:48 -0500] "GET /BLA/boletinlegal/Circulares/2023/CIRCULAR%20No.%2000001%20DEL%2020%20DE%20FEBRERO%20DEL%202023.pdf HTTP/1.1" 200 317520
216.245.221.92 - - [11/Feb/2024:07:17:29 -0500] "HEAD / HTTP/1.1" 200 -
201.245.192.253 - - [11/Feb/2024:07:17:58 -0500] "POST /forms/lservlet;jsessionid=ac16012b30d610ae24beb5094434bff4cfc888fbc4af.e3iSbxaKaheRe3qKcheMbNuKc41ynknvrkLOlQzNp65In0 HTTP/1.1" 200 2
201.245.192.253 - - [11/Feb/2024:07:18:38 -0500] "POST /forms/lservlet;jsessionid=ac16012b30d629257b7236c7411e84d9b4a8aba690a2.e3iSbxaKaheRe3qKcheMbNuKc41ynknvrkLOlQzNp65In0 HTTP/1.1" 200 2
66.249.66.19 - - [11/Feb/2024:07:18:52 -0500] "GET /BLA/resoluciones/AUTOS%202009/2293.pdf HTTP/1.1" 200 298516
186.30.49.124 - - [11/Feb/2024:07:19:17 -0500] "OPTIONS /kwssiamovil/sm/setfile/f? HTTP/1.1" 200 13
186.30.49.124 - - [11/Feb/2024:07:19:17 -0500] "POST /kwssiamovil/sm/setfile/f? HTTP/1.1" 200 381
186.30.49.124 - - [11/Feb/2024:07:19:25 -0500] "GET /kwssiamovil/sm/acme/a?s=U2FsdGVkX199AoV0Zb8l5LDhl/Og41U2tJ3dxzk4Ss7yDBjYRKKLDrarnxsPtGbFXJ0Wm258C2FPYAnq7YGc7Sj30QMECIWjA6ViavS6dCn9v4MewDLcKsSOji8n/+B4c3HF7M1pygGoVpY5PIYmelaOCB/xzMiyNlwVL5+ra9AGwc6NktcGqtlvZLOBc6cTA+X8MGRue4WTsWm7M7MULFxTFGAAhXpBvrLIwEX1TJzPUv5h0bEVDu+3yaghxKBGQgA5BHSYEgINa1GKSnhZOg==&u=U2FsdGVkX19jOl3RTkkA1qqbR1Ty6rHwAjTpNk5kFd4=&y=U2FsdGVkX1+okE46NVY3HhK8vq+Ef6B3B5nd7/fWeo8= HTTP/1.1" 200 26
186.30.49.124 - - [11/Feb/2024:07:19:26 -0500] "GET /kwssiamovil/sm/acme/a?s=U2FsdGVkX1/JnmV2vpevQW71WDbE+QjIzKZ8e0QB9J1WifuhQ82edrEVinLjZMpAKh+WsiFp+wakxUGc5TMMMpOIC6aVcEcM7KrU1FRxIlZk9HYq9HYG1za0bM8LMjdb6iqkHF4ICCl2gzO71u5BrsyGqtR3ddt7rSmlyVpEXMO6ZHZNHP0ad9JSCjzI1SIcslTfLwEc6o7ksIl++A+FUdJrWgtAvn87i+45GEPtYCFxhq4LMXlaOHHyDm6WwvYBItNAJJINwxtlcfZccg1iM9oJKvKf54w+C9U2RCMfdZnv9WD7Z02/h8S8Iq7B0r6EN+SlOyABZV4k1XGzfgl46wNKAk8sYnJv8F//zFYQ39gWXgj7aJyo7Ijoi7AwBgnAriLgpsVxhaI7yVZ6LCY68iXbkOSlDQ8nsTWnIAnxaaw+RFZx9/6qoJEaai7Qv41V+9mFhsJFK1C51zah4lBgtweTSTuc+gsDEGiOGzeaFTa4p7j+3+9erfxQRGUgbiWMYrLSi5/7DVViqnZzxJ0ONQ25mMV3fiWsAwLP8+6Y6lmMIUqpbfIVqnPEvvCbTrHJZiU5v1Zd3ABw00fifgsgepQhn5OS3d2uaU8CqY4SutFWnVehsm7eXi/2hB1RVXShHnOo0h9LcMG/C0dfoNIa0ZtHF1arcVGya4v3GxPUExSoo20DnzAnmiJGMH8egqUxIgEkA8HB38kOwsq9icQ30p/QZdlakf1QGpX7R4xeRQuYoSvUWbFLT8sZ9G5HPPjrU7jWiVy9JwfbF9n1VSWqG6gIoFqvwdOvYv/bUj5cGtHRWlaKNc5oToigxKNMe+aBqm3bhfGTY+ityP/TKzv4zKcuD9Yl4PHUd3maLh66kYQ9lLg5WjVqW3NJRw4CzPKAy2f/KNNG1tAt1L/HihL0iDpsbgMMV0y58HpSi5M1k9oArD1r5e1IiRgrnJAUDqqN/Fh0TSGICzBNNN/RUH284+FubPZQWEH75pX7rOZkbjC+5UHi6KwgKnys4FUg2yvWSp9QUFAf5fEYp2+QntkL7clumHVrJTRhhIDFSRCjI6nDKGahyR85VH3X+jkpSPfMXTnpic5LomfU9KGTd7f7Z4fS0q4zAbBMQH2HmWKzGtE7dV0R7AnsKM7yHp3XlXljsB5AphXjgzbzV2dZDcDFMy5uvFkQFLeSt2KPhAGGMsUWDZGtyZf7JcREf6RRnew+aPbrkE3iJF2QRPmNcUafN1eCyiG64dm+nTVWXrkOnnKsIuHBDPFLHL946O1J4f5nL+CIish2NynNCtLny6QY/b8VIeySqdoacbjDMT4tgcJJ1qPenGHOhT7v18v+2WbA5oPulVQ81H0avl92Vs3WaaSPqyxuoeQl8zw2Be6PpJ5kv7avmya0guuBh602PubH2LQxdafQAbBptQbzCxJdWYs7nxIaylLhuvjkjbA5VR/AUaYhDjsjiP8T2K+Sa5SChD+lqcL3RKJOy9cgKx22P2JmpluLq3icrLzieSoxbVH3r4KEjKoS1UKAFkvBJx/y/8w79OSyt/+duBh6nvr6n4ZI3QWdJlUWnniJSpaH3ZFldKvLT+btXf9AnJErpNZX8cp5FHJVeChxBN2Q9PcN2qiXE+eCUo14V7pOnnAwrHwvsb21l82R1FasxoXxAgAdXloi+uAVSMWgW/1cwDztot5+BVItEzSoMzSfDgUwruTqUSsDLeJAiETreqp8+FpUEFB/Irc6tI18lWd4mfDB0W1hymlRGi2zn3jcv6BvFYBR8djEWZfn1mxu87K0qdo7p/s4gMevp9At8rG7STkm78RbOrj6nXBTcGAjZLX5xdJV2FsM3lu22UOtUHDwqUczb+ZQVylXGMxzlERVcJeRaqPVk+EebmHeFBLBBUjzg3Oj6H39szNdO8L+6TOGzP5VP/XfdY31oVN1uBK1APWUj4NEKlFteNFAqIegJghLNtdsWu655owwMRcDG49fL/viy7CXjEn/07AU9CVcf18D9pI01uYWniYDv9QSDtKyH+1BN/YaEUzKDOuK9Vq7IJqHRE+nvljLfpONh6dRmumRgrkW9UXv50wrDEYxDwBhubNwr1b4yadeSTNGzc4zU7uVzO3j4OCAcYuWtIMishx7ad7GJ9DAb0qBEBXDZx/rOeox0tr2s9EsBR1+kvrF6rHxCvb8gZypZNNFE+c23PqvAgLVTG3f+dYcrYqPZLpxaKfwkNpeFvWvlSjiue/nE4xd32i5ubGH9RCXD8ym9+j0btRBaBMJtZ2ria4kNxH/FN0XRzoQ/Ld35qH2fk2HaAAKrbleRHoCKxdDpC55NJCIIzFaywPAmdKx3aem25oFNad13SrnubRIfVigXwJrITSwYe5KB74xfKafd0bnmW8TDe38sKv73E7WglFQClXZjXiuBc38ROZ6r8TlF8xr3UiCwwJlfubWbJCYi45xvY2kbxM1Gdtuu3J/G2ayh5pqCPPnxpoxfOXHzQ/UP7Qv/XLqOSlCZWMarWC9JmjeHk8QO8DGH0C9WrTfQjuIT8rRs0vsTiaLq5i+2SFK2cLEQRAIheecEbfCGSz5YnJFEml7Sw==&u=U2FsdGVkX19jOl3RTkkA1qqbR1Ty6rHwAjTpNk5kFd4=&y=U2FsdGVkX1+okE46NVY3HhK8vq+Ef6B3B5nd7/fWeo8= HTTP/1.1" 200 26
186.30.49.124 - - [11/Feb/2024:07:19:26 -0500] "GET /kwssiamovil/sm/acme/a?s=U2FsdGVkX1/95nv7oDbKkeDhNB4wI2vsIqQar4fVYVmPYOUTIjGmk6ZdcafsocMiTWIFkRP8WVqGeJH8KJu/PDU2fLYaOIuzAhmUKus0N+EK7xrJ9UP2MayDSVt+HsLCgYe+ln4qls/C0yVmxp2ZuG1HmzZTAfH28jloUyVHxss=&u=U2FsdGVkX19jOl3RTkkA1qqbR1Ty6rHwAjTpNk5kFd4=&y=U2FsdGVkX1+okE46NVY3HhK8vq+Ef6B3B5nd7/fWeo8= HTTP/1.1" 200 26
186.30.49.124 - - [11/Feb/2024:07:19:27 -0500] "GET /kwssiamovil/sm/acme/a?s=U2FsdGVkX1+lmR3Q7DAfrwqxFe0dFkCrt2xCBJ3nBTyTJv3CX+1TpSLxKyrtOuOdoFGQTs+mze1O+HyzADlZMhWa85H3r0UZlv21VpMsdFm0cZwXBXq97QmdPsdw4rgLF0HN4JGpXdNrIhLsehOP+v0B67RowWd58bupCE0dx6w=&u=U2FsdGVkX19jOl3RTkkA1qqbR1Ty6rHwAjTpNk5kFd4=&y=U2FsdGVkX1+okE46NVY3HhK8vq+Ef6B3B5nd7/fWeo8= HTTP/1.1" 200 26
186.30.49.124 - - [11/Feb/2024:07:19:27 -0500] "GET /kwssiamovil/sm/acme/a?s=U2FsdGVkX19OIyaMHDavU4H0WholSW9Jlv0id/Fdw8AR+CmObmpPHXVUldrKrjXtpe5HP/HfmKM8ZdqTrYKLdUdkf4OeiVVTWE9FO/kxctgIWPdQjmYRAjMlSo+o17OBUcNmyeWSPdehpWj87wBxrK0bw2UnkclJ0iQgpwHRydc=&u=U2FsdGVkX19jOl3RTkkA1qqbR1Ty6rHwAjTpNk5kFd4=&y=U2FsdGVkX1+okE46NVY3HhK8vq+Ef6B3B5nd7/fWeo8= HTTP/1.1" 200 26
186.30.49.124 - - [11/Feb/2024:07:19:27 -0500] "GET /kwssiamovil/sm/acme/a?s=U2FsdGVkX1/nFGyQwbrjGy405WpohcjjIcG2yDZ/ao/MPrgj/OF1/bCesLUjsWstUe15WhlsA9cpMVkFFyNLUjEyTpS2hoszu0/akI2ri2eM7/A5L205iZndTssfF5dOmxC22g5eGEs3++n0UVcpYFvGf2PWtn202hCV9KsctuCNrEDr/UsbGwZnv4IKaOAm&u=U2FsdGVkX19jOl3RTkkA1qqbR1Ty6rHwAjTpNk5kFd4=&y=U2FsdGVkX1+okE46NVY3HhK8vq+Ef6B3B5nd7/fWeo8= HTTP/1.1" 200 26
186.30.49.124 - - [11/Feb/2024:07:19:27 -0500] "GET /kwssiamovil/sm/acme/a?s=U2FsdGVkX180GKbUvcSuoK+nPa1GYIy2fDEKOu0LAoULtRpYw+N9aPgtuP8L2pqCsdpCkz8+vzLL8HpK/b+7hj0PYbP+y3cc5AK2nxroLMEwtcT3xW0PfyqIWtt85SAKde8X4S9Kc3e3Sx/sh4GB8nkLn9o864iV0fJEBMzh/tzaY5W0XnIhGTKxSGxczI1dMKP3EGrL4RbX76K4iPz7iHmW/Gg/VWZdqaWLP5ziJhDRIoI5ss0T2JUkOkwTpV/PZyE4SbF7CaFLjITfABapCdWa9e4+QuPSL1D5h9wz3LlWkPxoSfax+Wz4r9lkdxTBPSii1lj13XhOMv5iPZjytDvSmscpS9QmfetC2lYvBvl+dYbeGWZv4DHJ6FbVZikdj9VYUlnMvksECb4gmFlZYXimDLG2LMt3Mc/+yG4XGUFPhhn7m7gBhmpD06qgh20Wj9heewEEBVFOSys5Ono5QWoAUe8ZMX7uObGr2WMVOrJkHimXVt9c4JzSKjLPRytQhAtBMwyH7RLn7vif7NU7CmbwZz2dMbNA3Etam+RvolM=&u=U2FsdGVkX19jOl3RTkkA1qqbR1Ty6rHwAjTpNk5kFd4=&y=U2FsdGVkX1+okE46NVY3HhK8vq+Ef6B3B5nd7/fWeo8= HTTP/1.1" 200 26
186.30.49.124 - - [11/Feb/2024:07:19:27 -0500] "GET /kwssiamovil/sm/acme/a?s=U2FsdGVkX1+5RrFbE3gJP8+JUyCZzRAdkyOthHC8/yx8dzy7SdDwJO+djxlGdiafPkPRZSQ0yOWcAZBK9O4sqYRiZbUM4FgH1UBp0veTTCyLqQ6XYnJYouwZeMTbZl1Tc5E/1LROe2LB44N+B7JobgYlsfVvRs8wXotLzzGbckky+ILuFpO10Fx7L0zdeQen0KdyesN4XTwxLJOQx0LC5eIGurtpg/DYtA+a5AVxOL15XCz99EnsQ66RSw2N7m1HJi56BuFPQQGFcDCjBzaNgFBDDU5TOsmCk2pqanHK9S4qmocWuuFh5V43+Jjvt/IpHYGrmVEV0rCJ88d6TdvwONTPwYFzsjAkLo/UBlbCFlF8QMilMbNA8Ok78oFE1NkjjQ1ftehF8GIKn12JwmBKWMhPZIaU6ySfuRq6m9Fo7nB9pk+JTQ5s/6cbBFDH0Itpg9IwArQ8+DhB+cmoNW4VJiIHmPLRXkdfW3DmMr93KqC2rwxusncwas8kBcXLzJXv&u=U2FsdGVkX19jOl3RTkkA1qqbR1Ty6rHwAjTpNk5kFd4=&y=U2FsdGVkX1+okE46NVY3HhK8vq+Ef6B3B5nd7/fWeo8= HTTP/1.1" 200 26
201.245.192.253 - - [11/Feb/2024:07:19:34 -0500] "POST /kwsrmcab/Wsrmcab HTTP/1.1" 200 37127
201.245.192.253 - - [11/Feb/2024:07:19:37 -0500] "POST /kwsrmcab/Wsrmcab HTTP/1.1" 200 37122
201.245.192.253 - - [11/Feb/2024:07:19:49 -0500] "POST /kwsrmcab/Wsrmcab HTTP/1.1" 200 37118
201.245.192.253 - - [11/Feb/2024:07:19:58 -0500] "POST /forms/lservlet;jsessionid=ac16012b30d610ae24beb5094434bff4cfc888fbc4af.e3iSbxaKaheRe3qKcheMbNuKc41ynknvrkLOlQzNp65In0 HTTP/1.1" 200 2
201.245.192.253 - - [11/Feb/2024:07:20:06 -0500] "POST /kwsrmcab/Wsrmcab  HTTP/1.1" 200 37396
207.46.13.141 - - [11/Feb/2024:07:20:12 -0500] "GET /el-reverdecer-de-bogota-no-para-207-nuevos-arboles-plantados-en-el-sur-de-la-ciudad.html HTTP/1.1" 200 912
52.167.144.226 - - [11/Feb/2024:07:20:18 -0500] "GET /portaldeninos/2021/06/16/en-el-festival-de-la-colombiodiversidad-se-resalto-la-importancia-de-las-aves-bogotanas/ HTTP/1.1" 200 106902
201.245.192.253 - - [11/Feb/2024:07:20:38 -0500] "POST /forms/lservlet;jsessionid=ac16012b30d629257b7236c7411e84d9b4a8aba690a2.e3iSbxaKaheRe3qKcheMbNuKc41ynknvrkLOlQzNp65In0 HTTP/1.1" 200 2
207.46.13.141 - - [11/Feb/2024:07:20:43 -0500] "GET /images/evento-mujeres-reverdecen-testimonio-9-marzo-principal.jpg HTTP/1.1" 200 75037
201.245.192.253 - - [11/Feb/2024:07:20:42 -0500] "POST /kwsrmcab/Wsrmcab HTTP/1.1" 200 37122
172.22.2.4 - - [11/Feb/2024:07:19:17 -0500] "HEAD /BLA/boletinlegal/ HTTP/1.1" 200 -
172.22.2.4 - - [11/Feb/2024:07:20:08 -0500] "GET /BLA/boletinlegal/ HTTP/1.1" 200 58684
201.245.192.253 - - [11/Feb/2024:07:21:58 -0500] "POST /forms/lservlet;jsessionid=ac16012b30d610ae24beb5094434bff4cfc888fbc4af.e3iSbxaKaheRe3qKcheMbNuKc41ynknvrkLOlQzNp65In0 HTTP/1.1" 200 2
216.245.221.92 - - [11/Feb/2024:07:22:29 -0500] "HEAD / HTTP/1.1" 200 -
201.245.192.253 - - [11/Feb/2024:07:22:38 -0500] "POST /forms/lservlet;jsessionid=ac16012b30d629257b7236c7411e84d9b4a8aba690a2.e3iSbxaKaheRe3qKcheMbNuKc41ynknvrkLOlQzNp65In0 HTTP/1.1" 200 2
168.119.253.61 - - [11/Feb/2024:07:23:29 -0500] "GET / HTTP/1.1" 200 4720
201.245.192.253 - - [11/Feb/2024:07:23:58 -0500] "POST /forms/lservlet;jsessionid=ac16012b30d610ae24beb5094434bff4cfc888fbc4af.e3iSbxaKaheRe3qKcheMbNuKc41ynknvrkLOlQzNp65In0 HTTP/1.1" 200 2
201.245.192.253 - - [11/Feb/2024:07:24:38 -0500] "POST /forms/lservlet;jsessionid=ac16012b30d629257b7236c7411e84d9b4a8aba690a2.e3iSbxaKaheRe3qKcheMbNuKc41ynknvrkLOlQzNp65In0 HTTP/1.1" 200 2
66.249.66.20 - - [11/Feb/2024:07:25:02 -0500] "GET /BLA/resoluciones/RESOLUCIONES%202011/0358.pdf HTTP/1.1" 200 91127
201.245.192.253 - - [11/Feb/2024:07:25:06 -0500] "POST /kwsrmcab/Wsrmcab  HTTP/1.1" 200 37396
201.245.192.253 - - [11/Feb/2024:07:25:58 -0500] "POST /forms/lservlet;jsessionid=ac16012b30d610ae24beb5094434bff4cfc888fbc4af.e3iSbxaKaheRe3qKcheMbNuKc41ynknvrkLOlQzNp65In0 HTTP/1.1" 200 2
201.245.192.253 - - [11/Feb/2024:07:26:38 -0500] "POST /forms/lservlet;jsessionid=ac16012b30d629257b7236c7411e84d9b4a8aba690a2.e3iSbxaKaheRe3qKcheMbNuKc41ynknvrkLOlQzNp65In0 HTTP/1.1" 200 2
52.167.144.204 - - [11/Feb/2024:07:26:46 -0500] "GET /Publicaciones/2023EE307982.pdf HTTP/1.1" 404 228
172.22.2.4 - - [11/Feb/2024:07:25:07 -0500] "HEAD /BLA/boletinlegal/ HTTP/1.1" 200 -
66.249.66.19 - - [11/Feb/2024:07:26:58 -0500] "GET /BLA/resoluciones/RESOLUCIONES%202009/4349.pdf HTTP/1.1" 200 558291
216.245.221.92 - - [11/Feb/2024:07:27:29 -0500] "HEAD / HTTP/1.1" 200 -
172.22.2.4 - - [11/Feb/2024:07:25:58 -0500] "GET /BLA/boletinlegal/ HTTP/1.1" 200 58684
201.245.192.253 - - [11/Feb/2024:07:27:58 -0500] "POST /forms/lservlet;jsessionid=ac16012b30d610ae24beb5094434bff4cfc888fbc4af.e3iSbxaKaheRe3qKcheMbNuKc41ynknvrkLOlQzNp65In0 HTTP/1.1" 200 2
20.27.20.16 - - [11/Feb/2024:07:28:29 -0500] "GET /Publicaciones/2023EE207442.pdf HTTP/1.1" 404 228
201.245.192.253 - - [11/Feb/2024:07:28:38 -0500] "POST /forms/lservlet;jsessionid=ac16012b30d629257b7236c7411e84d9b4a8aba690a2.e3iSbxaKaheRe3qKcheMbNuKc41ynknvrkLOlQzNp65In0 HTTP/1.1" 200 2
66.249.66.20 - - [11/Feb/2024:07:29:05 -0500] "GET /resoluciones/RESOLUCIONES%202007/RES%202007%202301%20AL%202400/RESOLUCION%202375%20DE%202007.pdf HTTP/1.1" 404 1018
201.245.192.253 - - [11/Feb/2024:07:29:34 -0500] "POST /kwsrmcab/Wsrmcab HTTP/1.1" 200 37127
201.245.192.253 - - [11/Feb/2024:07:29:37 -0500] "POST /kwsrmcab/Wsrmcab HTTP/1.1" 200 37122
201.245.192.253 - - [11/Feb/2024:07:29:49 -0500] "POST /kwsrmcab/Wsrmcab HTTP/1.1" 200 37118
201.245.192.253 - - [11/Feb/2024:07:29:58 -0500] "POST /forms/lservlet;jsessionid=ac16012b30d610ae24beb5094434bff4cfc888fbc4af.e3iSbxaKaheRe3qKcheMbNuKc41ynknvrkLOlQzNp65In0 HTTP/1.1" 200 2
201.245.192.253 - - [11/Feb/2024:07:30:03 -0500] "POST /kwsrmcab/Wsrmcab  HTTP/1.1" 200 37396
201.245.192.253 - - [11/Feb/2024:07:30:38 -0500] "POST /forms/lservlet;jsessionid=ac16012b30d629257b7236c7411e84d9b4a8aba690a2.e3iSbxaKaheRe3qKcheMbNuKc41ynknvrkLOlQzNp65In0 HTTP/1.1" 200 2
201.245.192.253 - - [11/Feb/2024:07:30:41 -0500] "POST /kwsrmcab/Wsrmcab HTTP/1.1" 200 37122
66.249.66.20 - - [11/Feb/2024:07:31:40 -0500] "GET /BLA/resoluciones/RESOLUCIONES%202009/5748.pdf HTTP/1.1" 200 509847
201.245.192.253 - - [11/Feb/2024:07:31:58 -0500] "POST /forms/lservlet;jsessionid=ac16012b30d610ae24beb5094434bff4cfc888fbc4af.e3iSbxaKaheRe3qKcheMbNuKc41ynknvrkLOlQzNp65In0 HTTP/1.1" 200 2
98.64.96.23 - - [11/Feb/2024:07:32:22 -0500] "GET /Publicaciones/2023EE184770.pdf HTTP/1.1" 404 228
216.245.221.92 - - [11/Feb/2024:07:32:29 -0500] "HEAD / HTTP/1.1" 200 -
172.22.2.4 - - [11/Feb/2024:07:30:57 -0500] "HEAD /BLA/boletinlegal/ HTTP/1.1" 200 -
201.245.192.253 - - [11/Feb/2024:07:32:38 -0500] "POST /forms/lservlet;jsessionid=ac16012b30d629257b7236c7411e84d9b4a8aba690a2.e3iSbxaKaheRe3qKcheMbNuKc41ynknvrkLOlQzNp65In0 HTTP/1.1" 200 2
172.22.2.4 - - [11/Feb/2024:07:31:01 -0500] "GET /BLA/boletinlegal/ HTTP/1.1" 200 51151
172.22.2.4 - - [11/Feb/2024:07:31:48 -0500] "GET /BLA/boletinlegal/ HTTP/1.1" 200 53009
201.245.192.253 - - [11/Feb/2024:07:33:58 -0500] "POST /forms/lservlet;jsessionid=ac16012b30d610ae24beb5094434bff4cfc888fbc4af.e3iSbxaKaheRe3qKcheMbNuKc41ynknvrkLOlQzNp65In0 HTTP/1.1" 200 2
172.22.2.4 - - [11/Feb/2024:07:34:21 -0500] "GET /BLA/boletinlegal/js/jquery.scrollShow.js HTTP/1.1" 200 4586
201.245.192.253 - - [11/Feb/2024:07:34:38 -0500] "POST /forms/lservlet;jsessionid=ac16012b30d629257b7236c7411e84d9b4a8aba690a2.e3iSbxaKaheRe3qKcheMbNuKc41ynknvrkLOlQzNp65In0 HTTP/1.1" 200 2
201.245.192.253 - - [11/Feb/2024:07:35:02 -0500] "POST /kwsrmcab/Wsrmcab  HTTP/1.1" 200 37396
201.245.192.253 - - [11/Feb/2024:07:35:58 -0500] "POST /forms/lservlet;jsessionid=ac16012b30d610ae24beb5094434bff4cfc888fbc4af.e3iSbxaKaheRe3qKcheMbNuKc41ynknvrkLOlQzNp65In0 HTTP/1.1" 200 2
52.167.144.197 - - [11/Feb/2024:07:36:17 -0500] "GET /Publicaciones/2023EE298850.pdf HTTP/1.1" 404 228
201.245.192.253 - - [11/Feb/2024:07:36:38 -0500] "POST /forms/lservlet;jsessionid=ac16012b30d629257b7236c7411e84d9b4a8aba690a2.e3iSbxaKaheRe3qKcheMbNuKc41ynknvrkLOlQzNp65In0 HTTP/1.1" 200 2
52.167.144.186 - - [11/Feb/2024:07:37:08 -0500] "GET /Publicaciones/2024EE04594.pdf HTTP/1.1" 404 227
216.245.221.92 - - [11/Feb/2024:07:37:29 -0500] "HEAD / HTTP/1.1" 200 -
201.245.192.253 - - [11/Feb/2024:07:37:58 -0500] "POST /forms/lservlet;jsessionid=ac16012b30d610ae24beb5094434bff4cfc888fbc4af.e3iSbxaKaheRe3qKcheMbNuKc41ynknvrkLOlQzNp65In0 HTTP/1.1" 200 2
172.22.2.4 - - [11/Feb/2024:07:36:47 -0500] "HEAD /BLA/boletinlegal/ HTTP/1.1" 200 -
201.245.192.253 - - [11/Feb/2024:07:38:38 -0500] "POST /forms/lservlet;jsessionid=ac16012b30d629257b7236c7411e84d9b4a8aba690a2.e3iSbxaKaheRe3qKcheMbNuKc41ynknvrkLOlQzNp65In0 HTTP/1.1" 200 2
172.22.2.4 - - [11/Feb/2024:07:37:38 -0500] "GET /BLA/boletinlegal/ HTTP/1.1" 200 56726
201.245.192.253 - - [11/Feb/2024:07:39:34 -0500] "POST /kwsrmcab/Wsrmcab HTTP/1.1" 200 37127
201.245.192.253 - - [11/Feb/2024:07:39:37 -0500] "POST /kwsrmcab/Wsrmcab HTTP/1.1" 200 37122
201.245.192.253 - - [11/Feb/2024:07:39:49 -0500] "POST /kwsrmcab/Wsrmcab HTTP/1.1" 200 37118
201.245.192.253 - - [11/Feb/2024:07:39:58 -0500] "POST /forms/lservlet;jsessionid=ac16012b30d610ae24beb5094434bff4cfc888fbc4af.e3iSbxaKaheRe3qKcheMbNuKc41ynknvrkLOlQzNp65In0 HTTP/1.1" 200 2
201.245.192.253 - - [11/Feb/2024:07:39:59 -0500] "POST /kwsrmcab/Wsrmcab  HTTP/1.1" 200 37396
172.22.2.4 - - [11/Feb/2024:07:38:28 -0500] "HEAD /BLA/boletinlegal/ HTTP/1.1" 200 -
201.245.192.253 - - [11/Feb/2024:07:40:38 -0500] "POST /forms/lservlet;jsessionid=ac16012b30d629257b7236c7411e84d9b4a8aba690a2.e3iSbxaKaheRe3qKcheMbNuKc41ynknvrkLOlQzNp65In0 HTTP/1.1" 200 2
201.245.192.253 - - [11/Feb/2024:07:40:42 -0500] "POST /kwsrmcab/Wsrmcab HTTP/1.1" 200 37122
66.249.66.20 - - [11/Feb/2024:07:41:38 -0500] "GET /BLA/resoluciones/RESOLUCIONES%202009/3459.pdf HTTP/1.1" 200 798397
201.245.192.253 - - [11/Feb/2024:07:41:58 -0500] "POST /forms/lservlet;jsessionid=ac16012b30d610ae24beb5094434bff4cfc888fbc4af.e3iSbxaKaheRe3qKcheMbNuKc41ynknvrkLOlQzNp65In0 HTTP/1.1" 200 2
66.220.149.119 - - [11/Feb/2024:07:42:07 -0500] "GET /images/Comprimida%20incendios.jpg HTTP/1.1" 200 23316
216.245.221.92 - - [11/Feb/2024:07:42:29 -0500] "HEAD / HTTP/1.1" 200 -
201.245.192.253 - - [11/Feb/2024:07:42:38 -0500] "POST /forms/lservlet;jsessionid=ac16012b30d629257b7236c7411e84d9b4a8aba690a2.e3iSbxaKaheRe3qKcheMbNuKc41ynknvrkLOlQzNp65In0 HTTP/1.1" 200 2
66.249.66.21 - - [11/Feb/2024:07:43:50 -0500] "GET /BLA/resoluciones/Notificaciones/REGISTROS%202016/1856.pdf HTTP/1.1" 200 476499
186.30.49.124 - - [11/Feb/2024:07:43:50 -0500] "GET /kwssiamovil/sm/acme/a?s=U2FsdGVkX1/W58vW84Kc6BDyE/etT7V6jzeX1eH2n8UxHeT9Gj3dblwoYcvzv2oDI6qe7PILDafmnntK1JTSHsveczBh0KOajiWihv1VMKCVLtz4P0wBz8boqSCzNulrBagi/YN3J1cer/BRXgO58AEuugLOX/Nz8MW2HJPzn4IbsaK+Y4NCzDe4ITkB9/lvmtWr06edCD+Hj1blRHTZxU5pxzFFa1SARKeic3RS8bo/gBefys042AEC+HKv0DcY2CdRZmmmJCvmTTHmks5v/g==&u=U2FsdGVkX19jOl3RTkkA1qqbR1Ty6rHwAjTpNk5kFd4=&y=U2FsdGVkX1+okE46NVY3HhK8vq+Ef6B3B5nd7/fWeo8= HTTP/1.1" 200 26
186.30.49.124 - - [11/Feb/2024:07:43:51 -0500] "GET /kwssiamovil/sm/acme/a?s=U2FsdGVkX1/GQFtzQHrz3WDdgmffCQXtmDMZd1jZl6YkJqqiw9C+SV+VzUseTygJKwB5yCPmGlmVHhNzIv/P+AB30eFfY6BNRkcWROhXBqLz0LdsRLdkSUwytuzXFh1opYpNyC2ztri3Pe7OjsIr5yyxBXkBL81clLNcE6W9KVgGXJGdF0WSwO3oIMouRwXW1tIeuqBILdzF1upbWmD2Da4GxIhXpyHseYN/VURJdnLz8mBkFzRCko+Qi+wvlzTZd7jtZwyXwP4q5/x1TSklGnfxKu2BAa927/1F1FE6h/v4B3KLmw9IDEPigEyXnEzVP0bthf9kdaZoqDI8OfVEgLn0VT0RrE6kqW5oJZ0+3bcBelt/+smqhVHeemOLIRviYu+udUOWn0k2wF7eRLOwElg53hK1EA4ku7ps9zgook1lt/kgKyW9OQCoFPXLv+LJSoCzFbE+ZRADkEtaLT0HYLCk73BP1114OG90+d1DVpGDZ5ZDaX40EX2HfQneDox3LBBd67qsnxAwNPp1uXXEL1dC3RZ3yglOaRz5EhjTQA9XFbxUu7NvXVlOkmzPDxk36wHtiY36GsZByz3vH+OSuJFrheoVTsOzfB14wI49uH/vePk0AvZdNSMk+Wxt+JC1xXOzePh9mAf3mUx+Pbtpj7BF087aBH+SWFAdradhJryTzg2uZDkY1Vhs6iQLL/9kKLnnYiO7ZO5tR8YlBS44eblrHIVHDcF4GgRKP08ieqfduW6bhOpvFqVv7Q/bAR1VJhiKDSfh6qhq4W3QWZSlQtk7mGWeVpR5f4YB+aKIZPeXrxJQQWX0eRmXswM4D0k8CmVTw2ZqZypbUEkUmRD8PCzlx3sN3oN4mmzZzvSkuXTbiZAgJKrw9DlynIQsMdQbA720+PZkuVKea9hYz/1uo029jpMh7VUosdy5T4ojRRphE1iy+gr8GzthDxWhWA3krbrc62875T/liKFef0KuvNyjKE3ZJcCk4kMzv4arcEu3ldwyq6Mh6+7WM089QbhtkxRk9ExsNCfhAgzPDRre6TWthhGZldJkhzo0rzQDQQzTTqnr0hZaZXrBsRmuXxG4MlPLmI19DQxn99kYqNPlGbxOJosKCh1XqbgVeConWbQjMkn1nD10QQroIcd0JBCORUZIVTVdcq6fcu7A+rFZVXlF5EiMVHd/D5etiyWBk2QaI2Pt93bYRgSXrc25xTRTNZs/VfM4kwwzRusIplAZ80QJJJImzzLEq0x1EP9AwRjJ5Nde9gLrsxQG3h1IAbwhFPgpptKIxOmq31AJDQHjQALkEZe+zrQvLKyvlAOjFFRs4sDCqjHzCpGwRqgq+d9W7nWBYiB0Kwz1VQJur8JwYDpEnemJSaYao6bryMNkfBNledEaCz+bPaK5kuR8iyp2g0AF/Jl+KF4w3NLsEVnK/Qi5LKCnk+gZQ2QyG0/Jm5P+lQXkSTUhBXJCN5y3uRC41ubLwJ6tp7If+GhKKns6Xyv1DW5TLhkPL60W11HWqyfCuLMae166G8gBcdPcIdNExl/xN7l/kShlDpamSB6gMRlPIRf49wOoMpskn/9T7+4gX2JtMdQMo9un5LMPVnr8IGJ5EilWjuZBxeouDdnoX52k6rpyCYdgKeh2Nw/XT3QrVv/JfIy9zH56m4iMwN++CS+a2cDv19KE2qjd1+B7EZPqEY3ceB3sQA+FdesWvSCdZFaMCsFrOfdXHZwELfHKZrY016imrDbpLQmdY8NyZg+wf3iicC02SVxOTbgSC06LwMjC4eJWqVLBuOZOGPqXUCKCPazbhZAA2VyqJ9wbGx/OB41Rrai3jiqKaw7e/hDPuSDaBGl/o0LSPfTIhEBuzUhf8LFGNM0MU19kvuNKGWlXu5Mgu0WGB1HIIbChYqbuJy0bT52IWi0L0C3RQOqSdDhN8ZZ436LYC4sak+o8mOCouJSMV/Jdp/ilX8ijGRsg+NgcFP6dwAj1VwIdvhZMY5171eowTGDyd63QvwlsBmGGbFAr3Cd1uU65d1z87T6wQ0QBFoWqlGznEYAZVpXjIBFQdeI2mlRC4JWyVIjZXypTsL8opZ67rxAinTioCGwr+QWsaKR+Rb3UOZnh8VBwt7WsXyjVElva95X1pA9yzcZeVPtLciRFiKwOkjp1s09FrXkdCd8/FQQSqPgpXrGCfVDToIRfJDikKdRXpKZ5CeDnYKz54ROMEf4+RPR+k4qnIGZ9CQYlAhr0CAPZxZCl70n7mXtvL2HQ75ROnj9UwFBPr+IdIM/NnmtOxkpqKnbMVH4BYKIRqdZg3/CxidKvdkKNyV/2kc0J8oLHCth17Wxp3aXa8wHWTW57U/jbNvWc1KM7DrKViNGb+WhCEvN5xa5HIstC6hLEbW1+0a9u2wZaKFawBXtKiAi3ByPQ5wV7Ww5gGfbBn8Xt0XxG8UOi7nwFYMFOrwsiK9RpmiycYyfbV6T8Z8lpdkdxsbF3A1zq55qXKrYRo+AZrqOKJa4PAC6FBi4qSh3ke3OAf8rV4vCBpuDMhpQFnJOEiU+iFSSuNOL8/izUJkTG5S06g0gPX/13/UY3Jc7vwp9R297iOeTWFqaZJpIO+UEjsgtSV2aqf9ZLxzQgUL/UQ5cmQvPAOmCMFFxZS5oLTQHHOSL9Qk0Apkj3WiiRw4XHBhzXfCTT2NuPNFnMY27nEBT3q74U&u=U2FsdGVkX19jOl3RTkkA1qqbR1Ty6rHwAjTpNk5kFd4=&y=U2FsdGVkX1+okE46NVY3HhK8vq+Ef6B3B5nd7/fWeo8= HTTP/1.1" 200 26
186.30.49.124 - - [11/Feb/2024:07:43:51 -0500] "GET /kwssiamovil/sm/acme/a?s=U2FsdGVkX1/ACYlTiKc7VmfLovWeDJEmfTNlL3R85f1SlZzCY/r6WI4MAmTlB+zm2HhSFCmRJodhvHgcqCCBYMRfbGb6IwhD3yOCXxT9M/VR0VmfvUXluSGBWc2yrDzhDY5bVH/v1I2cxXmmzXqVbm82obj3qK0gnTHyw0zRsUY=&u=U2FsdGVkX19jOl3RTkkA1qqbR1Ty6rHwAjTpNk5kFd4=&y=U2FsdGVkX1+okE46NVY3HhK8vq+Ef6B3B5nd7/fWeo8= HTTP/1.1" 200 26
186.30.49.124 - - [11/Feb/2024:07:43:51 -0500] "GET /kwssiamovil/sm/acme/a?s=U2FsdGVkX1+Gv/VZOdmfmQUEnslqsvSny4IBZ0tTzVh9VXWp2OtyYxZziMRfRRU4qPJ3Xe2PneK9TlyuV9ZWOF4bSIMljaT9CP3s4xBBSeGzOBQlgF5QfzVzn19YPPOXaMGf0+owy14vVaJ28N6pjXGdAidCH5geyrMPrLzoQpk=&u=U2FsdGVkX19jOl3RTkkA1qqbR1Ty6rHwAjTpNk5kFd4=&y=U2FsdGVkX1+okE46NVY3HhK8vq+Ef6B3B5nd7/fWeo8= HTTP/1.1" 200 26
186.30.49.124 - - [11/Feb/2024:07:43:52 -0500] "GET /kwssiamovil/sm/acme/a?s=U2FsdGVkX1+zPbqCy7XMoOFETZdYcRUy2M9HF7FplzVa0qKF1toF0bP+NYzp20Jc2aDWJOpSEMIuh2LHv5lgWeeZA5/xS1vkLyWiVetYENsWWvXrLDLZMf9jenvKAw6bVcYm6Bxc4o6KzXiTXAGApOxftn642/JfnRlRWVkc6DE=&u=U2FsdGVkX19jOl3RTkkA1qqbR1Ty6rHwAjTpNk5kFd4=&y=U2FsdGVkX1+okE46NVY3HhK8vq+Ef6B3B5nd7/fWeo8= HTTP/1.1" 200 26
186.30.49.124 - - [11/Feb/2024:07:43:52 -0500] "GET /kwssiamovil/sm/acme/a?s=U2FsdGVkX1+nk1wCYeeyvZZger1qpCblJPhdk9taJ71A9+EN9hniwK+X+i1YMk91ZjoG2I9nbE8aua9bDeRYiyky7m0cMCDwwRRQDRqJiTwKOxVpUWINTFoH1OzwjovOKI7cIWxOikGPm7+YcNtxlqWx4yN5d4v4U2FDmsANnmGgNmqiSOc6LWNt3+PXouEM&u=U2FsdGVkX19jOl3RTkkA1qqbR1Ty6rHwAjTpNk5kFd4=&y=U2FsdGVkX1+okE46NVY3HhK8vq+Ef6B3B5nd7/fWeo8= HTTP/1.1" 200 26
201.245.192.253 - - [11/Feb/2024:07:43:58 -0500] "POST /forms/lservlet;jsessionid=ac16012b30d610ae24beb5094434bff4cfc888fbc4af.e3iSbxaKaheRe3qKcheMbNuKc41ynknvrkLOlQzNp65In0 HTTP/1.1" 200 2
172.22.2.4 - - [11/Feb/2024:07:42:37 -0500] "HEAD /BLA/boletinlegal/ HTTP/1.1" 200 -
165.154.182.39 - - [11/Feb/2024:07:44:21 -0500] "GET / HTTP/1.1" 200 319
40.77.167.70 - - [11/Feb/2024:07:44:30 -0500] "GET /BLA/resoluciones/RESOLUCIONES%202021/5370.pdf HTTP/1.1" 304 -
201.245.192.253 - - [11/Feb/2024:07:44:38 -0500] "POST /forms/lservlet;jsessionid=ac16012b30d629257b7236c7411e84d9b4a8aba690a2.e3iSbxaKaheRe3qKcheMbNuKc41ynknvrkLOlQzNp65In0 HTTP/1.1" 200 2
201.245.192.253 - - [11/Feb/2024:07:44:58 -0500] "POST /kwsrmcab/Wsrmcab  HTTP/1.1" 200 37396
172.22.2.4 - - [11/Feb/2024:07:43:28 -0500] "GET /BLA/boletinlegal/ HTTP/1.1" 200 58684
201.245.192.253 - - [11/Feb/2024:07:45:58 -0500] "POST /forms/lservlet;jsessionid=ac16012b30d610ae24beb5094434bff4cfc888fbc4af.e3iSbxaKaheRe3qKcheMbNuKc41ynknvrkLOlQzNp65In0 HTTP/1.1" 200 2
201.245.192.253 - - [11/Feb/2024:07:46:38 -0500] "POST /forms/lservlet;jsessionid=ac16012b30d629257b7236c7411e84d9b4a8aba690a2.e3iSbxaKaheRe3qKcheMbNuKc41ynknvrkLOlQzNp65In0 HTTP/1.1" 200 2
216.245.221.92 - - [11/Feb/2024:07:47:29 -0500] "HEAD / HTTP/1.1" 200 -
173.252.95.19 - - [11/Feb/2024:07:47:41 -0500] "GET /images/pl\xc3\xa1sticos%20foto%201..jpg HTTP/1.1" 404 1034
201.245.192.253 - - [11/Feb/2024:07:47:58 -0500] "POST /forms/lservlet;jsessionid=ac16012b30d610ae24beb5094434bff4cfc888fbc4af.e3iSbxaKaheRe3qKcheMbNuKc41ynknvrkLOlQzNp65In0 HTTP/1.1" 200 2
201.245.192.253 - - [11/Feb/2024:07:48:38 -0500] "POST /forms/lservlet;jsessionid=ac16012b30d629257b7236c7411e84d9b4a8aba690a2.e3iSbxaKaheRe3qKcheMbNuKc41ynknvrkLOlQzNp65In0 HTTP/1.1" 200 2
186.86.34.55 - - [11/Feb/2024:07:48:52 -0500] "GET /sipse/faces/index.xhtml HTTP/1.1" 200 677
186.86.34.55 - - [11/Feb/2024:07:48:52 -0500] "GET /sipse/faces/javax.faces.resource/theme.css?ln=primefaces-sipse HTTP/1.1" 200 50058
186.86.34.55 - - [11/Feb/2024:07:48:52 -0500] "GET /favicon.ico HTTP/1.1" 200 7782
186.86.34.55 - - [11/Feb/2024:07:49:07 -0500] "GET /sipse/faces/index.xhtml HTTP/1.1" 200 677
186.86.34.55 - - [11/Feb/2024:07:49:07 -0500] "GET /sipse/faces/javax.faces.resource/theme.css?ln=primefaces-sipse HTTP/1.1" 304 -
186.86.34.55 - - [11/Feb/2024:07:49:07 -0500] "GET /sipse/faces/faces/autenticacion.xhtml HTTP/1.1" 200 12405
186.86.34.55 - - [11/Feb/2024:07:49:07 -0500] "GET /sipse/js/disable_browser_buttons.js HTTP/1.1" 200 3230
186.86.34.55 - - [11/Feb/2024:07:49:07 -0500] "GET /sipse/js/funciones.js HTTP/1.1" 200 12592
186.86.34.55 - - [11/Feb/2024:07:49:07 -0500] "GET /sipse/css/custom_css_sg.css HTTP/1.1" 200 9694
186.86.34.55 - - [11/Feb/2024:07:49:07 -0500] "GET /sipse/css/custom_css_sg_prime_login.css HTTP/1.1" 200 443
186.86.34.55 - - [11/Feb/2024:07:49:07 -0500] "GET /sipse/faces/javax.faces.resource/theme.css?ln=primefaces-sipse HTTP/1.1" 304 -
186.86.34.55 - - [11/Feb/2024:07:49:07 -0500] "GET /sipse/faces/javax.faces.resource/layout/layout.css?ln=primefaces&v=4.0 HTTP/1.1" 200 542
186.86.34.55 - - [11/Feb/2024:07:49:07 -0500] "GET /sipse/faces/javax.faces.resource/primefaces.css?ln=primefaces&v=4.0 HTTP/1.1" 200 53295
186.86.34.55 - - [11/Feb/2024:07:49:08 -0500] "GET /sipse/faces/javax.faces.resource/layout/layout.js?ln=primefaces&v=4.0 HTTP/1.1" 200 87560
186.86.34.55 - - [11/Feb/2024:07:49:07 -0500] "GET /sipse/faces/javax.faces.resource/jquery/jquery.js?ln=primefaces&v=4.0 HTTP/1.1" 200 105384
186.86.34.55 - - [11/Feb/2024:07:49:08 -0500] "GET /sipse/faces/javax.faces.resource/jquery/jquery-plugins.js?ln=primefaces&v=4.0 HTTP/1.1" 200 220526
186.86.34.55 - - [11/Feb/2024:07:49:08 -0500] "GET /sipse/faces/javax.faces.resource/primefaces.js?ln=primefaces&v=4.0 HTTP/1.1" 200 276924
186.86.34.55 - - [11/Feb/2024:07:49:10 -0500] "GET /sipse/faces/javax.faces.resource/images/ui-icons_898989_256x240.png?ln=primefaces-aristo HTTP/1.1" 200 5355
186.86.34.55 - - [11/Feb/2024:07:49:10 -0500] "GET /sipse/css/imagen/loginimg.png HTTP/1.1" 200 71635
186.86.34.55 - - [11/Feb/2024:07:49:10 -0500] "GET /sipse/css/imagen/logoSDG.png HTTP/1.1" 200 53064
186.86.34.55 - - [11/Feb/2024:07:49:35 -0500] "POST /sipse/faces/autenticacion.xhtml HTTP/1.1" 200 2179
186.86.34.55 - - [11/Feb/2024:07:49:35 -0500] "GET /sipse/faces/javax.faces.resource/messages/messages.png?ln=primefaces&v=4.0 HTTP/1.1" 200 27209
201.245.192.253 - - [11/Feb/2024:07:49:58 -0500] "POST /forms/lservlet;jsessionid=ac16012b30d610ae24beb5094434bff4cfc888fbc4af.e3iSbxaKaheRe3qKcheMbNuKc41ynknvrkLOlQzNp65In0 HTTP/1.1" 200 2
201.245.192.253 - - [11/Feb/2024:07:49:57 -0500] "POST /kwsrmcab/Wsrmcab  HTTP/1.1" 200 37396
186.86.34.55 - - [11/Feb/2024:07:50:01 -0500] "POST /sipse/faces/autenticacion.xhtml HTTP/1.1" 200 2183
186.86.34.55 - - [11/Feb/2024:07:50:04 -0500] "POST /sipse/faces/autenticacion.xhtml HTTP/1.1" 200 2183
172.22.2.4 - - [11/Feb/2024:07:48:27 -0500] "HEAD /BLA/boletinlegal/ HTTP/1.1" 200 -
186.86.34.55 - - [11/Feb/2024:07:50:12 -0500] "POST /sipse/faces/autenticacion.xhtml HTTP/1.1" 200 2183
