190.26.164.125 - - [11/Feb/2024:10:04:37 -0500] "GET /sipse/faces/javax.faces.resource/jquery/jquery-plugins.js?ln=primefaces&v=4.0 HTTP/1.1" 304 -
190.26.164.125 - - [11/Feb/2024:10:04:37 -0500] "GET /sipse/faces/javax.faces.resource/layout/layout.js?ln=primefaces&v=4.0 HTTP/1.1" 304 -
201.245.192.253 - - [11/Feb/2024:10:04:38 -0500] "POST /forms/lservlet;jsessionid=ac16012b30d629257b7236c7411e84d9b4a8aba690a2.e3iSbxaKaheRe3qKcheMbNuKc41ynknvrkLOlQzNp65In0 HTTP/1.1" 200 2
69.63.189.119 - - [11/Feb/2024:10:04:47 -0500] "GET /alianzas-por-la-sostenibilidad-y-la-circularidad-en-la-moda-bogotana.html HTTP/1.1" 200 800
190.26.164.125 - - [11/Feb/2024:10:05:06 -0500] "POST /sipse/faces/presentacion/sistema/reporte/ventanaVerReporteParametros.xhtml HTTP/1.1" 200 35103
190.26.164.125 - - [11/Feb/2024:10:05:07 -0500] "GET /sipse/faces/javax.faces.resource/theme.css?ln=primefaces-sipse HTTP/1.1" 304 -
190.26.164.125 - - [11/Feb/2024:10:05:07 -0500] "GET /sipse/faces/javax.faces.resource/primefaces.css?ln=primefaces&v=4.0 HTTP/1.1" 304 -
190.26.164.125 - - [11/Feb/2024:10:05:07 -0500] "GET /sipse/faces/javax.faces.resource/layout/layout.css?ln=primefaces&v=4.0 HTTP/1.1" 304 -
190.26.164.125 - - [11/Feb/2024:10:05:07 -0500] "GET /sipse/faces/javax.faces.resource/jquery/jquery.js?ln=primefaces&v=4.0 HTTP/1.1" 304 -
190.26.164.125 - - [11/Feb/2024:10:05:07 -0500] "GET /sipse/faces/javax.faces.resource/jquery/jquery-plugins.js?ln=primefaces&v=4.0 HTTP/1.1" 304 -
190.26.164.125 - - [11/Feb/2024:10:05:07 -0500] "GET /sipse/faces/javax.faces.resource/primefaces.js?ln=primefaces&v=4.0 HTTP/1.1" 304 -
190.26.164.125 - - [11/Feb/2024:10:05:07 -0500] "GET /sipse/faces/javax.faces.resource/layout/layout.js?ln=primefaces&v=4.0 HTTP/1.1" 304 -
172.22.2.4 - - [11/Feb/2024:10:03:28 -0500] "GET /BLA/boletinlegal/ HTTP/1.1" 200 58684
186.102.14.2 - - [11/Feb/2024:10:05:27 -0500] "GET /kwssiamovil/sm/ldap/au?x=U2FsdGVkX19dqGwYulGj5IB6M0lTi386JIk1yKfYMz1rjZ+ZRQ41mC1SLnKerazr&y=U2FsdGVkX1+Mi3KZ6X3XpTGF317E2DDwqfdgrML1jk+fTWKI1i8Ilw870KE5pMJ8 HTTP/1.1" 200 31
186.102.14.2 - - [11/Feb/2024:10:05:36 -0500] "GET /kwssiamovil/sm/ldap/au?x=U2FsdGVkX1/xnhUAQ5glxGLNMhPWPCQGq0x7mfGIVmr3S/uNAesOEup5TerUUc0r&y=U2FsdGVkX1+FdtNCgMdgAre2YVR0PxZh9nDNeBFTumObrm9W2b6UyklRFrOc8K7l HTTP/1.1" 200 30
186.102.14.2 - - [11/Feb/2024:10:05:36 -0500] "GET /kwssiamovil/sm/acme/s?s=U2FsdGVkX1/GFyJf94+tTjPQg038wMCMymHbllZR0V9BQc2NRDz4YWKALT5DoEoX/WoiJpsJ7737oSy1llh1d6npTMfNZ9pMd/+v2AG786A=&u=U2FsdGVkX1+BjVlh4M07HGlbcT8sMVa44nCTm5WkDDE=&y=U2FsdGVkX1+FdtNCgMdgAre2YVR0PxZh9nDNeBFTumObrm9W2b6UyklRFrOc8K7l HTTP/1.1" 200 70
186.102.14.2 - - [11/Feb/2024:10:05:37 -0500] "GET /kwssiamovil/sm/acme/s?s=U2FsdGVkX19y9s4C+Bad4ZxZP7bNDdgQiZLhhFlzqOdJ6JrqtYmNAS0ORt2kN8XLff25mmyFhszu4d+WE4gTfTLU0G63nlEtPaBfVaIWCANIOIyESCa0yfbZw5Z318kIIlBP6beR585a1j+HldvShe1LcYiIUM2SmPE74jGaWs7zHOfTn2LgPW7AgYax5oXinnWoV0snlrmi/XkVWskwXc4LTi73IZox0Cduf31Yq9gDd+1XmsXJdgtzfkvGxemMKntO0lmTvTSigrr66PxuFqhJbz7HvXnNWdmqW45IjZzIf8278gljsYe0i6z/8w2N4ad1x3OPaLWMs9pCOVxrECmMhpyi0lJ6fwhlT759zhqpinKN7zA9cI/wRZPi4RByU7vGMDGZ2oUGOIXcPRVxfygr+9Ij0LKaHVDWiOxh9u3qaQjCvpsl0Lt4Ab7eGAULBcw3b8IMr4R9sC/J905gp9FKsexcCCB8ZKSUrNNDBh99lOq20YDYeIQ0eN80mG5ubwtU5NrehFzAvuGACvOKBAQGQ3A+gqGaMPr80WlINo6AfCSiSDaJ/LliZbolD9kHr7jOnnVQFWLEsVAvO4loCvbM3ibCwToSYELXAVB7gi3gi5jkg1B1Io4agdsJBvozJuDFkEs1RWmRrcGNuNH71+Xgtmt+OFb0Dh2/r9Rpxa7+58DwoJmuXrypRj+UeW8U6Hkt0v1G5m9i9FHAgwl2NMfw18AGZ7t9pVyvZyCn04qtZ+27xqwdIzmgNxUG8BSK62UlIM9fLqkXbuUwLGWDcE/Lu9r6HN6YGngXa+KFRpPXLaZkuEMFm+P5MGcLG2XnCkUvYq+MRF1i8NgA/SdZByQhCCcM95okc6vocamrrEUCNs85LzH6Mrv+e9pXXUYCatG9wT9yhjpFhCDw/KKPlUlql1B+pj8AjI1zgDVttsbIPbcwEH3JgpyNmr/uEtMYh2t8MP1LRKFh14HjOWSKXpE1X3U6Z/J3y48azhy+TyBUX50CI/GpjvE6kmAHNHNGWf/2Bv1z0+w+xwLut8Cr+PCwGWWK//3mGPHkJfXGGHy+Q/S9+JrFWTYVf+zF93KPL9zuVixOhFOFmcvnoGXcce12xOwxekmPTacnW8z4PBHIH3EeR7sHsjts7PGn3JEqpkaCQ4pMbZ11feDEZwXVNQ3Ane9bMvzgKwhO8p3Pi2nq0CQ+aVq+NLAz7GoOWtHQDYqr3lmYr31I2143aKw1RQkkzfQ73je0hfS5NLhfFRfhA+I4MqcrjuD/ZluWpjRHfp6v7JYDX1yZ39MjC2XbKXgR8FIx8sWpkteRbqr6rTEKAfaatid6wV7idlu+KTLZ4UitvVgF8Q+/fTxpYWzErsCnGfkdVOIJ07FxPfX4fZb+gmKdWAZKyFzpxUBbITNK66qoL8EFcL4Q3dBy8ZlplBKObXqCPCaSHM5zuo7LL4O0U/LtOKL+VlnRPKyFgBEfhoj1SP1ofoYT/SDCQn44bucUUQUC/d0WBTnXo3YrcAPMQU2lxWNZmfoJW2F+iWGInF6+yAlPDOBdkHNUmHvxBhfT8hndcApsT+UAY+aQNFpun9L/iiMFIWhRILcyLa0fVlAgreU2bzJx4Q5RZyUG8L1nFj3PC2wDmSyDsXSsqMbnsP118Asd2vmoScEnt7S+D3f4ABypQ8Q93ofZ3i3tKHk35Oo89Xy5naDR794kcRBDQK/hBdTskKIHoY6/TxueuwyLjqT4qrYUtcsHozhlnclrZgK5pDhDkgnOOV0icYE=&u=U2FsdGVkX1+BjVlh4M07HGlbcT8sMVa44nCTm5WkDDE=&y=U2FsdGVkX1+FdtNCgMdgAre2YVR0PxZh9nDNeBFTumObrm9W2b6UyklRFrOc8K7l HTTP/1.1" 200 1693
186.102.14.2 - - [11/Feb/2024:10:05:37 -0500] "GET /kwssiamovil/sm/acme/s?s=U2FsdGVkX19LIBr+P2cQG+0an6fsbcWLlW2TrYhg/t52bjsltGNaWSykJPyIrd06wQUeaeuEwDPsE6U3eGdVfcfT9gTjjIjVIwZTjhIkSTLh/BDBfftDLI6FEc9uZo8NwMoO/BIinqbygIz/lF2kZs6bz1lX7MlNmBgKqXqa0oBLp+g0yFbIIfHsFzD2nUd/K//WjmbaV83oy0q4hUX2QT2+X2aCjA+wJXlERoB4oHWYJGSgUuRSvzfpjpCwX7wYH2MiljzzgF7ex2aoluxXjk8fRPfaKAMtIpd8QlMa6cTxQ8ltB1E7TUAcyUGTjlYVZqrzuB6bq0oyr3sAbqpLkOaJQ5Ik9Ut9gvZjryCkkBY2glvREoG2uzKxrd+vaWki1T9Tj8EqB60sEQDnk8+QHyImTKC5wxhViZa6Ws78YqAdsk8QYQNJf9cKwYSVC9fLSOt5891Fxi5+9n423uVusPh0KoxApIbGr5lDBM0Fja3G1SxWbwTVKqwou/SfVaYNVX08zM/vhv4Ralhmxgd/S6Zx9KwiHAeJk3s/9yz9PLtSQzPfFG/ehMIuJkRdDBQNtJikI0yy1UUQfns2VjHlYeBstouMpPlwalnwhWO3MnVgCon5jQTEqEXskK5DhIuxHXVFSyObj3dVgS0gG/+Na88W9aD26J6bgMLz5pQKjDfaRmx9e+UEqgLwyBYUNJnRHmR+ZV72pTzOrCDjr/0baCdOi2PLr2y8+tfQJ+sQMkiLt817lB7DFRhIYx2E96um&u=U2FsdGVkX1+BjVlh4M07HGlbcT8sMVa44nCTm5WkDDE=&y=U2FsdGVkX1+FdtNCgMdgAre2YVR0PxZh9nDNeBFTumObrm9W2b6UyklRFrOc8K7l HTTP/1.1" 200 208
186.102.14.2 - - [11/Feb/2024:10:05:37 -0500] "GET /kwssiamovil/sm/cjson/pre?f=1&x=U2FsdGVkX1/xnhUAQ5glxGLNMhPWPCQGq0x7mfGIVmr3S/uNAesOEup5TerUUc0r HTTP/1.1" 200 32032
201.245.192.253 - - [11/Feb/2024:10:05:59 -0500] "POST /forms/lservlet;jsessionid=ac16012b30d610ae24beb5094434bff4cfc888fbc4af.e3iSbxaKaheRe3qKcheMbNuKc41ynknvrkLOlQzNp65In0 HTTP/1.1" 200 2
201.245.192.253 - - [11/Feb/2024:10:06:38 -0500] "POST /forms/lservlet;jsessionid=ac16012b30d629257b7236c7411e84d9b4a8aba690a2.e3iSbxaKaheRe3qKcheMbNuKc41ynknvrkLOlQzNp65In0 HTTP/1.1" 200 2
216.245.221.92 - - [11/Feb/2024:10:07:29 -0500] "HEAD / HTTP/1.1" 200 -
172.22.2.4 - - [11/Feb/2024:10:07:38 -0500] "GET /BLA/boletinlegal/actos.php HTTP/1.1" 200 9738
201.245.192.253 - - [11/Feb/2024:10:07:59 -0500] "POST /forms/lservlet;jsessionid=ac16012b30d610ae24beb5094434bff4cfc888fbc4af.e3iSbxaKaheRe3qKcheMbNuKc41ynknvrkLOlQzNp65In0 HTTP/1.1" 200 2
172.22.2.4 - - [11/Feb/2024:10:08:18 -0500] "GET /BLA/boletinlegal/js/ajax_actos.js HTTP/1.1" 200 1322
172.22.2.4 - - [11/Feb/2024:10:08:18 -0500] "GET /BLA/boletinlegal/js/jquery1.js HTTP/1.1" 200 29846
172.22.2.4 - - [11/Feb/2024:10:08:19 -0500] "GET /BLA/boletinlegal/js/popup.js HTTP/1.1" 200 1270
172.22.2.4 - - [11/Feb/2024:10:08:21 -0500] "GET /BLA/boletinlegal/js/lib.js HTTP/1.1" 200 6474
172.22.2.4 - - [11/Feb/2024:10:08:22 -0500] "GET /BLA/boletinlegal/style.css HTTP/1.1" 200 9406
172.22.2.4 - - [11/Feb/2024:10:08:22 -0500] "GET /BLA/boletinlegal/styles2.css HTTP/1.1" 200 1838
172.22.2.4 - - [11/Feb/2024:10:08:31 -0500] "GET /BLA/boletinlegal/niceforms-default.css HTTP/1.1" 200 6694
201.245.192.253 - - [11/Feb/2024:10:08:38 -0500] "POST /forms/lservlet;jsessionid=ac16012b30d629257b7236c7411e84d9b4a8aba690a2.e3iSbxaKaheRe3qKcheMbNuKc41ynknvrkLOlQzNp65In0 HTTP/1.1" 200 2
201.245.192.253 - - [11/Feb/2024:10:09:18 -0500] "POST /kwsrmcab/Wsrmcab  HTTP/1.1" 200 37396
40.77.167.53 - - [11/Feb/2024:10:09:34 -0500] "GET /BLA/resoluciones/AUTOS%202018/0243.pdf HTTP/1.1" 304 -
173.252.95.21 - - [11/Feb/2024:10:09:59 -0500] "GET /las-mujeres-reverdecen-bogota-en-el-dia-mundial-de-los-humedales.html HTTP/1.1" 200 900
173.252.95.119 - - [11/Feb/2024:10:09:59 -0500] "GET /las-mujeres-reverdecen-bogota-en-el-dia-mundial-de-los-humedales.html HTTP/1.1" 200 900
201.245.192.253 - - [11/Feb/2024:10:09:59 -0500] "POST /forms/lservlet;jsessionid=ac16012b30d610ae24beb5094434bff4cfc888fbc4af.e3iSbxaKaheRe3qKcheMbNuKc41ynknvrkLOlQzNp65In0 HTTP/1.1" 200 2
173.252.95.3 - - [11/Feb/2024:10:09:59 -0500] "GET /las-mujeres-reverdecen-bogota-en-el-dia-mundial-de-los-humedales.html HTTP/1.1" 200 900
173.252.83.5 - - [11/Feb/2024:10:10:00 -0500] "GET /images/mujeres-reverdecen-humedales-2-febrero.jpg HTTP/1.1" 200 47327
172.22.2.4 - - [11/Feb/2024:10:08:27 -0500] "HEAD /BLA/boletinlegal/ HTTP/1.1" 200 -
201.245.192.253 - - [11/Feb/2024:10:10:38 -0500] "POST /forms/lservlet;jsessionid=ac16012b30d629257b7236c7411e84d9b4a8aba690a2.e3iSbxaKaheRe3qKcheMbNuKc41ynknvrkLOlQzNp65In0 HTTP/1.1" 200 2
40.77.167.53 - - [11/Feb/2024:10:10:53 -0500] "GET /BLA/resoluciones/RESOLUCIONES%202015/1319.pdf HTTP/1.1" 200 774441
172.22.2.4 - - [11/Feb/2024:10:09:18 -0500] "GET /BLA/boletinlegal/ HTTP/1.1" 200 61047
186.102.12.93 - - [11/Feb/2024:10:11:25 -0500] "GET /kwssiamovil/sm/ldap/au?x=U2FsdGVkX1/ZxfVRvXrq62KTYTToVmnWhaOdAJUw+1nhx+QxDvqFpV3+VTulaNFu&y=U2FsdGVkX1/1tq/2c2WLYMZQzLh6QgGkaphryhsCOW08MCJ4xpXjyJsoaH5I5DaK HTTP/1.1" 200 30
186.102.12.93 - - [11/Feb/2024:10:11:25 -0500] "GET /kwssiamovil/sm/acme/s?s=U2FsdGVkX19IT6FOrEyR7ZWL/DLFoIyw1p8ERyyg2cvNc4KgWnabybY6cPaP/YlszQ0RRbTDJ9F4DUsYh4eCDbUaFnRsHpK5GyXEPJrSidU=&u=U2FsdGVkX1+D13yT6vQ12HkKJnePqZbGMiL2cje7wsY=&y=U2FsdGVkX1/1tq/2c2WLYMZQzLh6QgGkaphryhsCOW08MCJ4xpXjyJsoaH5I5DaK HTTP/1.1" 200 97
186.102.12.93 - - [11/Feb/2024:10:11:25 -0500] "GET /kwssiamovil/sm/acme/s?s=U2FsdGVkX1/PhYV2UiF+dXprsmB1DC8oEwR9qOw0AWNzhpUiDp9N4DZTM5M4I/L+qAS8fdVp+mvpJwv++OnHfw6+yFkH7PYu0Fyn5MaiDsbiZYF7W/AMLpZSv3iM24oEinRkVj1fDC2UPkoi0E18yN+RgM94lO7eaVYVhpfRMBqpATwWWw5HW09pyUMT68E96/w129jdYnOXyBqsu8gjkGi+TdNBDFNNyl6BXzv/63Ng+hu6S2PTX4K7b+Dwv1bjoVyIVOfYCZaueSdlPB7j4cLUVtnqQMm+iiqGJBZTBtNswk29TNmn/BuZT8vhiOcv8J0KFQVkf3nEvVknxZnRlusYBmEdDQ3imU2gb0WPFeNfsO5fccRzf0Wg7yyRDb26bpA4CyGsxz9WTkxJwoOyDbRjzn+RbImG4QfjxLRJVyauYFYi4tzqoJ1tN3/2orRVMuekDoocm7ZOBDfnSN+30QjaA6WS9fZRd8hdXvRwFiL49m2c0qBnENaIlAXXBANkRjbPjqGZvwe5bOyimOmehhM40Ug9zKsOAoyB06482wEn6V2KBPy0VXmiHK17zhP39RgB0kp68pkel+Ax43jpzgT2tUNDCGalHvFuJzK7E4XaFE8UvApghftSmEQQtVA67mr1W338hN1tcjVVUBopRrH340vq//oxkV25i6Re/Ru/Lgkatzr2GE2gdmrsm6/zjPK4cQSa1vDR/Tuunazvu+CCKiHtOdh6hVnTqv2FEc0Xxlqk6luB3IMwyXdKokmRKu4TRIPUFBK+ORm5l/tSkcgxAUkPsUNO52hLHaATLMB4ZLkpS3Od7Kuq8GI/OFE1mlAHfg4lfyRywSmNAKJ2G0N417QWBHDcnlruxNbSnr7Oh30/Mh2PuDkD3jlbzYofkbgQRWaScjD4UlGxDqq8tzE9atxZwx7z1nc7MdVyxfF6WT+FXItAv5poPUd1IXmEzxRySOpBmUpaeGYTUTnDo4hHyKJtZiaIM7yo+Ud4BmsN+j53L/V5vEyNTSuiGfWw+IQ8tOoW9B/SRT8OlMZJnr5SaGaNDyBxqed7GpeVsRehe1DIyXo5emv0c9lWCmGHMlL9DoUaa/iFGRdo0D7jLhWuSpI9JS/S5ORjDDkVTyzFkuyXYI66TRGciyLNl+ewJcHUifiXSa67ZH7IDfGsz3+GYo7H77XF+yClOFLOy2Z2SSCC84Zz6xXlzhD18bhW8jauYpOAPGCaeYKMUyP8DG2GynTJx4YYedFd/6S3aVVk0nKLaX4GPVW99jSYtHdI/DCHAZ71jN51qezmuIVFqT4t+lBLsPzLWC3yWoMPHLrulcHQJ97dAjPEr4LKqHX3bZWDmG1bpG4Q/0k5O85mOs02LfV0DnlqpEfGS+mrmbqxMoT3yNsvj4sdeR7NebYysUe4JYSsW12vJAeevQLoNLS/tcm0m4+dQeCvlOxwIzMjhn+gF6CKpeH3EmRrc1IsKl43dve+RVQ8vkIyebYfwfcVo8m5maZFYS98/deRrzAIj5wJ1SljZ7z0NORRFr+vlFSXKjLpIfkRVbi2cncnxYYK3sQt+TMelXX9MNA+cuvRZiPQWlyBS00MBaPB8eyIarrviUWbMIvDEEtk6UANnNl4BBilA9x0G2y2HAURlEOAeuweLwcqY00qPc3/gMwpW+HR8j+CJNEOYxSMjX5d3qK2Kw3ucEqeEWJcCE8fKFKIUy/DzVrASdeE6Lu6eKdek1HSnKzwhIbIWkGP5QLky3T6vaUYlLF+odAEhDnvJ58=&u=U2FsdGVkX1+D13yT6vQ12HkKJnePqZbGMiL2cje7wsY=&y=U2FsdGVkX1/1tq/2c2WLYMZQzLh6QgGkaphryhsCOW08MCJ4xpXjyJsoaH5I5DaK HTTP/1.1" 200 6135
186.102.12.93 - - [11/Feb/2024:10:11:26 -0500] "GET /kwssiamovil/sm/acme/s?s=U2FsdGVkX1+LlnFSBcsf9oItXHqVz6hQ8Ztz/dJ/JZgwTzQlyYN+ZwVrEwuZqFl40EfrCrVTbz1WU4x2HG7VttCYhSaPa1sHBmyl6Io3MEHI/XyhaBpuF6BXgpQ5Cg84zsZGMfXfV/Xl/ddUoasukT0HQQvL9xt2D4EKCmJiBPf2okLxZrgtAg7sivMi9AeUzBwdecVf/+kP9LjgLGCzs3FE3bHpR6lmMqs6xXPX4EKeIMdRKN+mLYNwIhvbvf7ZYA14Pb3a8C1AiU+8GuYtp9siKb32JwtmoAR1+j5MAPknKslY8WHBQdTe+/VPeZNFqIFwky+eapZ1UH4iouZ3HAaW5Uvsg1Am2SOwZXpIBm5HKwRUp9UTpylbRab0jSiakENmTxEP4Nejai9nVRwkPMxWMIuAuq7X5Yyyr3olZASPn5vHaWyQ8GknuNthKMooCE1jrEEcr5BJAQUDlEcKWjRT1YQPCTQp5j4ZhkOEW+kKHJGZenNSTXI6O8MohVar2pzrKDSo9sIcd/jQvNz/Cqvi9efxREXwMNmU207rc7y8wEwWzP4CzmLQ2Z3h7lkXi2py4FeFsHtfhu4n5+zFP/NVZ3pr/yEkuBQfo/yNfMuKy3knVGawdlp8v4HLXbnpTvKUtTN5AOuEYFzze0182RV3aLOdRNRw9SwDbYorRhnXj0vFwmcda6ac1+KxVlPjNEX64NurbtI3f7pybUm4NjEvNFmXWbhEzWAHlC8JSuJJxZojBEGo2rCJdX5oV0W9&u=U2FsdGVkX1+D13yT6vQ12HkKJnePqZbGMiL2cje7wsY=&y=U2FsdGVkX1/1tq/2c2WLYMZQzLh6QgGkaphryhsCOW08MCJ4xpXjyJsoaH5I5DaK HTTP/1.1" 200 208
186.102.12.93 - - [11/Feb/2024:10:11:26 -0500] "GET /kwssiamovil/sm/cjson/pre?f=1&x=U2FsdGVkX1/ZxfVRvXrq62KTYTToVmnWhaOdAJUw+1nhx+QxDvqFpV3+VTulaNFu HTTP/1.1" 200 32032
201.245.192.253 - - [11/Feb/2024:10:11:59 -0500] "POST /forms/lservlet;jsessionid=ac16012b30d610ae24beb5094434bff4cfc888fbc4af.e3iSbxaKaheRe3qKcheMbNuKc41ynknvrkLOlQzNp65In0 HTTP/1.1" 200 2
216.245.221.92 - - [11/Feb/2024:10:12:29 -0500] "HEAD / HTTP/1.1" 200 -
201.245.192.253 - - [11/Feb/2024:10:12:38 -0500] "POST /forms/lservlet;jsessionid=ac16012b30d629257b7236c7411e84d9b4a8aba690a2.e3iSbxaKaheRe3qKcheMbNuKc41ynknvrkLOlQzNp65In0 HTTP/1.1" 200 2
89.190.156.234 - - [11/Feb/2024:10:12:51 -0500] "POST /boaform/admin/formLogin HTTP/1.1" 404 1186
201.245.192.253 - - [11/Feb/2024:10:13:59 -0500] "POST /forms/lservlet;jsessionid=ac16012b30d610ae24beb5094434bff4cfc888fbc4af.e3iSbxaKaheRe3qKcheMbNuKc41ynknvrkLOlQzNp65In0 HTTP/1.1" 200 2
172.22.2.4 - - [11/Feb/2024:10:13:26 -0500] "GET /BLA/boletinlegal/ HTTP/1.1" 200 24523
201.245.192.253 - - [11/Feb/2024:10:14:17 -0500] "POST /kwsrmcab/Wsrmcab  HTTP/1.1" 200 37396
157.55.39.58 - - [11/Feb/2024:10:14:30 -0500] "GET /el-plan-de-accion-climatica-de-bogota-inspirador-para-otras-ciudades-del-mundo.html HTTP/1.1" 200 876
201.245.192.253 - - [11/Feb/2024:10:14:38 -0500] "POST /forms/lservlet;jsessionid=ac16012b30d629257b7236c7411e84d9b4a8aba690a2.e3iSbxaKaheRe3qKcheMbNuKc41ynknvrkLOlQzNp65In0 HTTP/1.1" 200 2
181.61.157.160 - - [11/Feb/2024:10:14:40 -0500] "POST /sipse/faces/presentacion/financiero/solicitudProceso/consultarSolicitudProceso.xhtml HTTP/1.1" 200 61001
181.61.157.160 - - [11/Feb/2024:10:14:41 -0500] "GET /sipse/faces/javax.faces.resource/theme.css?ln=primefaces-sipse HTTP/1.1" 304 -
181.61.157.160 - - [11/Feb/2024:10:14:41 -0500] "GET /sipse/faces/javax.faces.resource/primefaces.css?ln=primefaces&v=4.0 HTTP/1.1" 304 -
181.61.157.160 - - [11/Feb/2024:10:14:41 -0500] "GET /sipse/faces/javax.faces.resource/layout/layout.css?ln=primefaces&v=4.0 HTTP/1.1" 304 -
181.61.157.160 - - [11/Feb/2024:10:14:41 -0500] "GET /sipse/faces/javax.faces.resource/jquery/jquery.js?ln=primefaces&v=4.0 HTTP/1.1" 304 -
181.61.157.160 - - [11/Feb/2024:10:14:41 -0500] "GET /sipse/faces/javax.faces.resource/jquery/jquery-plugins.js?ln=primefaces&v=4.0 HTTP/1.1" 304 -
181.61.157.160 - - [11/Feb/2024:10:14:41 -0500] "GET /sipse/css/imagen/contrasena.png HTTP/1.1" 404 383
181.61.157.160 - - [11/Feb/2024:10:14:41 -0500] "GET /sipse/faces/javax.faces.resource/primefaces.js?ln=primefaces&v=4.0 HTTP/1.1" 304 -
181.61.157.160 - - [11/Feb/2024:10:14:41 -0500] "GET /sipse/faces/javax.faces.resource/layout/layout.js?ln=primefaces&v=4.0 HTTP/1.1" 304 -
181.61.157.160 - - [11/Feb/2024:10:14:41 -0500] "POST /sipse/faces/presentacion/financiero/solicitudProceso/listarSolicitudProceso.xhtml HTTP/1.1" 200 54392
181.61.157.160 - - [11/Feb/2024:10:14:42 -0500] "POST /sipse/faces/presentacion/financiero/solicitudProceso/listarSolicitudProceso.xhtml HTTP/1.1" 200 54392
181.61.157.160 - - [11/Feb/2024:10:14:42 -0500] "POST /sipse/faces/presentacion/financiero/solicitudProceso/listarSolicitudProceso.xhtml HTTP/1.1" 200 54392
181.61.157.160 - - [11/Feb/2024:10:14:42 -0500] "POST /sipse/faces/presentacion/financiero/solicitudProceso/listarSolicitudProceso.xhtml HTTP/1.1" 200 54392
181.61.157.160 - - [11/Feb/2024:10:14:43 -0500] "POST /sipse/faces/presentacion/financiero/solicitudProceso/listarSolicitudProceso.xhtml HTTP/1.1" 200 54392
181.61.157.160 - - [11/Feb/2024:10:14:43 -0500] "POST /sipse/faces/presentacion/financiero/solicitudProceso/listarSolicitudProceso.xhtml HTTP/1.1" 200 54392
181.61.157.160 - - [11/Feb/2024:10:14:43 -0500] "POST /sipse/faces/presentacion/financiero/solicitudProceso/listarSolicitudProceso.xhtml HTTP/1.1" 200 1556
181.61.157.160 - - [11/Feb/2024:10:14:44 -0500] "POST /sipse/faces/presentacion/financiero/solicitudProceso/listarSolicitudProceso.xhtml HTTP/1.1" 200 1556
181.61.157.160 - - [11/Feb/2024:10:14:44 -0500] "POST /sipse/faces/presentacion/financiero/solicitudProceso/listarSolicitudProceso.xhtml HTTP/1.1" 200 1560
181.61.157.160 - - [11/Feb/2024:10:14:44 -0500] "POST /sipse/faces/presentacion/financiero/solicitudProceso/listarSolicitudProceso.xhtml HTTP/1.1" 200 1556
181.61.157.160 - - [11/Feb/2024:10:14:44 -0500] "POST /sipse/faces/presentacion/financiero/solicitudProceso/listarSolicitudProceso.xhtml HTTP/1.1" 200 1560
181.61.157.160 - - [11/Feb/2024:10:14:44 -0500] "POST /sipse/faces/presentacion/financiero/solicitudProceso/listarSolicitudProceso.xhtml HTTP/1.1" 200 1556
181.61.157.160 - - [11/Feb/2024:10:14:45 -0500] "POST /sipse/faces/presentacion/financiero/solicitudProceso/listarSolicitudProceso.xhtml HTTP/1.1" 200 1560
40.77.167.32 - - [11/Feb/2024:10:14:53 -0500] "GET /portaldeninos/wp-content/uploads/2020/01/Fauna-gif.gif HTTP/1.1" 200 3779027
181.61.157.160 - - [11/Feb/2024:10:15:05 -0500] "POST /sipse/faces/presentacion/financiero/solicitudProceso/listarSolicitudProceso.xhtml HTTP/1.1" 200 145014
181.61.157.160 - - [11/Feb/2024:10:15:06 -0500] "GET /sipse/faces/javax.faces.resource/theme.css?ln=primefaces-sipse HTTP/1.1" 304 -
181.61.157.160 - - [11/Feb/2024:10:15:06 -0500] "GET /sipse/faces/javax.faces.resource/primefaces.css?ln=primefaces&v=4.0 HTTP/1.1" 304 -
181.61.157.160 - - [11/Feb/2024:10:15:06 -0500] "GET /sipse/faces/javax.faces.resource/jquery/jquery.js?ln=primefaces&v=4.0 HTTP/1.1" 304 -
181.61.157.160 - - [11/Feb/2024:10:15:06 -0500] "GET /sipse/faces/javax.faces.resource/layout/layout.css?ln=primefaces&v=4.0 HTTP/1.1" 304 -
181.61.157.160 - - [11/Feb/2024:10:15:06 -0500] "GET /sipse/faces/javax.faces.resource/jquery/jquery-plugins.js?ln=primefaces&v=4.0 HTTP/1.1" 304 -
181.61.157.160 - - [11/Feb/2024:10:15:06 -0500] "GET /sipse/faces/javax.faces.resource/primefaces.js?ln=primefaces&v=4.0 HTTP/1.1" 304 -
181.61.157.160 - - [11/Feb/2024:10:15:06 -0500] "GET /sipse/faces/javax.faces.resource/layout/layout.js?ln=primefaces&v=4.0 HTTP/1.1" 304 -
181.61.157.160 - - [11/Feb/2024:10:15:06 -0500] "GET /sipse/css/imagen/contrasena.png HTTP/1.1" 404 383
181.61.157.160 - - [11/Feb/2024:10:15:13 -0500] "POST /sipse/faces/presentacion/financiero/solicitudProceso/consultarSolicitudProceso.xhtml HTTP/1.1" 200 5574
52.167.144.145 - - [11/Feb/2024:10:15:50 -0500] "GET /Publicaciones/2023EE206272.pdf HTTP/1.1" 404 228
172.22.2.4 - - [11/Feb/2024:10:14:17 -0500] "HEAD /BLA/boletinlegal/ HTTP/1.1" 200 -
181.61.157.160 - - [11/Feb/2024:10:15:57 -0500] "POST /sipse/faces/presentacion/financiero/solicitudProceso/consultarSolicitudProceso.xhtml HTTP/1.1" 200 74640
201.245.192.253 - - [11/Feb/2024:10:15:59 -0500] "POST /forms/lservlet;jsessionid=ac16012b30d610ae24beb5094434bff4cfc888fbc4af.e3iSbxaKaheRe3qKcheMbNuKc41ynknvrkLOlQzNp65In0 HTTP/1.1" 200 2
201.245.192.253 - - [11/Feb/2024:10:16:38 -0500] "POST /forms/lservlet;jsessionid=ac16012b30d629257b7236c7411e84d9b4a8aba690a2.e3iSbxaKaheRe3qKcheMbNuKc41ynknvrkLOlQzNp65In0 HTTP/1.1" 200 2
172.22.2.4 - - [11/Feb/2024:10:15:08 -0500] "GET /BLA/boletinlegal/ HTTP/1.1" 200 58684
172.22.2.4 - - [11/Feb/2024:10:17:08 -0500] "GET /BLA/boletinlegal/favicon.ico HTTP/1.1" 404 1018
216.245.221.92 - - [11/Feb/2024:10:17:29 -0500] "HEAD / HTTP/1.1" 200 -
172.22.2.4 - - [11/Feb/2024:10:16:49 -0500] "GET /BLA/boletinlegal/ HTTP/1.1" 200 20427
172.22.2.4 - - [11/Feb/2024:10:16:53 -0500] "GET /BLA/boletinlegal/ HTTP/1.1" 200 32715
201.245.192.253 - - [11/Feb/2024:10:17:59 -0500] "POST /forms/lservlet;jsessionid=ac16012b30d610ae24beb5094434bff4cfc888fbc4af.e3iSbxaKaheRe3qKcheMbNuKc41ynknvrkLOlQzNp65In0 HTTP/1.1" 200 2
173.252.107.119 - - [11/Feb/2024:10:18:14 -0500] "GET /images/Rueda%20de%20prensa.jpeg HTTP/1.1" 200 58715
201.245.192.253 - - [11/Feb/2024:10:18:38 -0500] "POST /forms/lservlet;jsessionid=ac16012b30d629257b7236c7411e84d9b4a8aba690a2.e3iSbxaKaheRe3qKcheMbNuKc41ynknvrkLOlQzNp65In0 HTTP/1.1" 200 2
211.140.23.130 - - [11/Feb/2024:10:18:45 -0500] "GET /portaldeninos/wp-content/uploads/2020/06/tw.jpg HTTP/1.1" 200 11056
181.53.14.143 - - [11/Feb/2024:10:19:04 -0500] "GET /sipse/faces/index.xhtml HTTP/1.1" 200 677
181.53.14.143 - - [11/Feb/2024:10:19:04 -0500] "GET /sipse/faces/javax.faces.resource/theme.css?ln=primefaces-sipse HTTP/1.1" 200 50058
181.53.14.143 - - [11/Feb/2024:10:19:05 -0500] "GET /sipse/faces/faces/autenticacion.xhtml HTTP/1.1" 200 12405
181.53.14.143 - - [11/Feb/2024:10:19:05 -0500] "GET /favicon.ico HTTP/1.1" 200 7782
181.53.14.143 - - [11/Feb/2024:10:19:05 -0500] "GET /sipse/js/disable_browser_buttons.js HTTP/1.1" 200 3230
181.53.14.143 - - [11/Feb/2024:10:19:05 -0500] "GET /sipse/js/funciones.js HTTP/1.1" 200 12592
181.53.14.143 - - [11/Feb/2024:10:19:05 -0500] "GET /sipse/css/custom_css_sg.css HTTP/1.1" 200 9694
181.53.14.143 - - [11/Feb/2024:10:19:05 -0500] "GET /sipse/css/custom_css_sg_prime_login.css HTTP/1.1" 200 443
181.53.14.143 - - [11/Feb/2024:10:19:05 -0500] "GET /sipse/faces/javax.faces.resource/layout/layout.css?ln=primefaces&v=4.0 HTTP/1.1" 200 542
181.53.14.143 - - [11/Feb/2024:10:19:05 -0500] "GET /sipse/faces/javax.faces.resource/theme.css?ln=primefaces-sipse HTTP/1.1" 304 -
181.53.14.143 - - [11/Feb/2024:10:19:05 -0500] "GET /sipse/faces/javax.faces.resource/jquery/jquery.js?ln=primefaces&v=4.0 HTTP/1.1" 200 105384
181.53.14.143 - - [11/Feb/2024:10:19:05 -0500] "GET /sipse/faces/javax.faces.resource/primefaces.css?ln=primefaces&v=4.0 HTTP/1.1" 200 53295
181.53.14.143 - - [11/Feb/2024:10:19:05 -0500] "GET /sipse/faces/javax.faces.resource/layout/layout.js?ln=primefaces&v=4.0 HTTP/1.1" 200 87560
181.53.14.143 - - [11/Feb/2024:10:19:05 -0500] "GET /sipse/faces/javax.faces.resource/jquery/jquery-plugins.js?ln=primefaces&v=4.0 HTTP/1.1" 200 220526
181.53.14.143 - - [11/Feb/2024:10:19:05 -0500] "GET /sipse/faces/javax.faces.resource/primefaces.js?ln=primefaces&v=4.0 HTTP/1.1" 200 276924
181.53.14.143 - - [11/Feb/2024:10:19:05 -0500] "GET /sipse/css/imagen/loginimg.png HTTP/1.1" 200 71635
181.53.14.143 - - [11/Feb/2024:10:19:05 -0500] "GET /sipse/css/imagen/logoSDG.png HTTP/1.1" 200 53064
181.53.14.143 - - [11/Feb/2024:10:19:05 -0500] "GET /sipse/faces/javax.faces.resource/images/ui-icons_898989_256x240.png?ln=primefaces-aristo HTTP/1.1" 200 5355
181.53.14.143 - - [11/Feb/2024:10:19:09 -0500] "POST /sipse/faces/autenticacion.xhtml HTTP/1.1" 200 2219
181.53.14.143 - - [11/Feb/2024:10:19:09 -0500] "GET /sipse/faces/javax.faces.resource/messages/messages.png?ln=primefaces&v=4.0 HTTP/1.1" 200 27209
181.53.14.143 - - [11/Feb/2024:10:19:14 -0500] "POST /sipse/faces/autenticacion.xhtml HTTP/1.1" 200 16344
181.53.14.143 - - [11/Feb/2024:10:19:15 -0500] "GET /sipse/css/custom_css_sg_prime.css HTTP/1.1" 200 5201
181.53.14.143 - - [11/Feb/2024:10:19:15 -0500] "GET /sipse/faces/javax.faces.resource/theme.css?ln=primefaces-sipse HTTP/1.1" 304 -
181.53.14.143 - - [11/Feb/2024:10:19:15 -0500] "GET /sipse/faces/javax.faces.resource/primefaces.css?ln=primefaces&v=4.0 HTTP/1.1" 304 -
181.53.14.143 - - [11/Feb/2024:10:19:15 -0500] "GET /sipse/faces/javax.faces.resource/layout/layout.css?ln=primefaces&v=4.0 HTTP/1.1" 304 -
181.53.14.143 - - [11/Feb/2024:10:19:15 -0500] "GET /sipse/js/jquery.min.js HTTP/1.1" 200 85582
181.53.14.143 - - [11/Feb/2024:10:19:15 -0500] "GET /sipse/faces/javax.faces.resource/jquery/jquery.js?ln=primefaces&v=4.0 HTTP/1.1" 304 -
181.53.14.143 - - [11/Feb/2024:10:19:15 -0500] "GET /sipse/faces/javax.faces.resource/jquery/jquery-plugins.js?ln=primefaces&v=4.0 HTTP/1.1" 304 -
181.53.14.143 - - [11/Feb/2024:10:19:16 -0500] "GET /sipse/faces/javax.faces.resource/primefaces.js?ln=primefaces&v=4.0 HTTP/1.1" 304 -
181.53.14.143 - - [11/Feb/2024:10:19:16 -0500] "GET /sipse/faces/javax.faces.resource/layout/layout.js?ln=primefaces&v=4.0 HTTP/1.1" 304 -
181.53.14.143 - - [11/Feb/2024:10:19:16 -0500] "GET /sipse/css/v_mergente.css HTTP/1.1" 200 1505
181.53.14.143 - - [11/Feb/2024:10:19:16 -0500] "GET /sipse/css/imagen/contrasena.png HTTP/1.1" 404 383
181.53.14.143 - - [11/Feb/2024:10:19:16 -0500] "GET /sipse/imagenes/cargando.gif HTTP/1.1" 200 36959
181.53.14.143 - - [11/Feb/2024:10:19:16 -0500] "GET /sipse/imagenes/logoAplicacion.jpg HTTP/1.1" 200 155084
181.53.14.143 - - [11/Feb/2024:10:19:17 -0500] "GET /sipse/faces/javax.faces.resource/images/ui-bg_flat_0_2d5972_40x100.png?ln=primefaces-aristo HTTP/1.1" 200 183
181.53.14.143 - - [11/Feb/2024:10:19:17 -0500] "POST /sipse/faces/bienvenido.xhtml HTTP/1.1" 200 2658
201.245.192.253 - - [11/Feb/2024:10:19:16 -0500] "POST /kwsrmcab/Wsrmcab  HTTP/1.1" 200 37396
181.53.14.143 - - [11/Feb/2024:10:19:21 -0500] "POST /sipse/faces/bienvenido.xhtml HTTP/1.1" 200 64274
181.53.14.143 - - [11/Feb/2024:10:19:23 -0500] "GET /sipse/faces/javax.faces.resource/primefaces.css?ln=primefaces&v=4.0 HTTP/1.1" 304 -
181.53.14.143 - - [11/Feb/2024:10:19:23 -0500] "GET /sipse/faces/javax.faces.resource/layout/layout.css?ln=primefaces&v=4.0 HTTP/1.1" 304 -
181.53.14.143 - - [11/Feb/2024:10:19:23 -0500] "GET /sipse/faces/javax.faces.resource/theme.css?ln=primefaces-sipse HTTP/1.1" 304 -
181.53.14.143 - - [11/Feb/2024:10:19:23 -0500] "GET /sipse/faces/javax.faces.resource/jquery/jquery.js?ln=primefaces&v=4.0 HTTP/1.1" 304 -
181.53.14.143 - - [11/Feb/2024:10:19:23 -0500] "GET /sipse/faces/javax.faces.resource/jquery/jquery-plugins.js?ln=primefaces&v=4.0 HTTP/1.1" 304 -
181.53.14.143 - - [11/Feb/2024:10:19:23 -0500] "GET /sipse/faces/javax.faces.resource/primefaces.js?ln=primefaces&v=4.0 HTTP/1.1" 304 -
181.53.14.143 - - [11/Feb/2024:10:19:23 -0500] "GET /sipse/faces/javax.faces.resource/layout/layout.js?ln=primefaces&v=4.0 HTTP/1.1" 304 -
181.53.14.143 - - [11/Feb/2024:10:19:23 -0500] "POST /sipse/faces/presentacion/financiero/solicitudProceso/listarSolicitudProceso.xhtml HTTP/1.1" 200 1556
181.53.14.143 - - [11/Feb/2024:10:19:25 -0500] "POST /sipse/faces/presentacion/financiero/solicitudProceso/listarSolicitudProceso.xhtml HTTP/1.1" 200 2853
186.84.90.219 - - [11/Feb/2024:10:19:26 -0500] "GET /appsia/controlador HTTP/1.1" 200 4799
186.84.90.219 - - [11/Feb/2024:10:19:26 -0500] "GET /appsia/css/estilos.css HTTP/1.1" 200 4804
186.84.90.219 - - [11/Feb/2024:10:19:26 -0500] "GET /appsia/images/cabezoteHojaVida.png HTTP/1.1" 200 32493
181.53.14.143 - - [11/Feb/2024:10:19:26 -0500] "POST /sipse/faces/presentacion/financiero/solicitudProceso/listarSolicitudProceso.xhtml HTTP/1.1" 200 40729
181.53.14.143 - - [11/Feb/2024:10:19:27 -0500] "GET /sipse/faces/javax.faces.resource/theme.css?ln=primefaces-sipse HTTP/1.1" 304 -
181.53.14.143 - - [11/Feb/2024:10:19:27 -0500] "GET /sipse/faces/javax.faces.resource/jquery/jquery.js?ln=primefaces&v=4.0 HTTP/1.1" 304 -
181.53.14.143 - - [11/Feb/2024:10:19:27 -0500] "GET /sipse/faces/javax.faces.resource/primefaces.css?ln=primefaces&v=4.0 HTTP/1.1" 304 -
181.53.14.143 - - [11/Feb/2024:10:19:27 -0500] "GET /sipse/faces/javax.faces.resource/layout/layout.css?ln=primefaces&v=4.0 HTTP/1.1" 304 -
181.53.14.143 - - [11/Feb/2024:10:19:27 -0500] "GET /sipse/faces/javax.faces.resource/jquery/jquery-plugins.js?ln=primefaces&v=4.0 HTTP/1.1" 304 -
181.53.14.143 - - [11/Feb/2024:10:19:27 -0500] "GET /sipse/faces/javax.faces.resource/primefaces.js?ln=primefaces&v=4.0 HTTP/1.1" 304 -
181.53.14.143 - - [11/Feb/2024:10:19:27 -0500] "GET /sipse/faces/javax.faces.resource/layout/layout.js?ln=primefaces&v=4.0 HTTP/1.1" 304 -
181.53.14.143 - - [11/Feb/2024:10:19:27 -0500] "POST /sipse/faces/presentacion/financiero/solicitudProceso/consultar.xhtml HTTP/1.1" 200 34137
181.53.14.143 - - [11/Feb/2024:10:19:31 -0500] "POST /sipse/faces/presentacion/financiero/solicitudProceso/consultar.xhtml HTTP/1.1" 200 12947
186.84.90.219 - - [11/Feb/2024:10:19:34 -0500] "POST /appsia/controlador HTTP/1.1" 200 5437
201.245.192.253 - - [11/Feb/2024:10:19:34 -0500] "POST /kwsrmcab/Wsrmcab HTTP/1.1" 200 35411
186.84.90.219 - - [11/Feb/2024:10:19:37 -0500] "POST /appsia/controlador HTTP/1.1" 200 7797
201.245.192.253 - - [11/Feb/2024:10:19:37 -0500] "POST /kwsrmcab/Wsrmcab HTTP/1.1" 200 37374
186.84.90.219 - - [11/Feb/2024:10:19:41 -0500] "POST /appsia/controlador HTTP/1.1" 200 5262
186.84.90.219 - - [11/Feb/2024:10:19:43 -0500] "GET /appsia/controlador?comando=regresar&id=1070595846&funcionario=TATIANA+MARIA+DE+LA+ROCHE+TODARO&desde=1070595846&hasta=1070595846&version=1070595846 HTTP/1.1" 200 7797
181.53.14.143 - - [11/Feb/2024:10:19:46 -0500] "POST /sipse/faces/presentacion/financiero/solicitudProceso/consultar.xhtml HTTP/1.1" 200 13063
186.84.90.219 - - [11/Feb/2024:10:19:50 -0500] "POST /appsia/controlador HTTP/1.1" 200 6670
201.245.192.253 - - [11/Feb/2024:10:19:49 -0500] "POST /kwsrmcab/Wsrmcab HTTP/1.1" 200 37193
181.53.14.143 - - [11/Feb/2024:10:19:51 -0500] "POST /sipse/faces/presentacion/financiero/solicitudProceso/consultar.xhtml HTTP/1.1" 200 116674
181.53.14.143 - - [11/Feb/2024:10:19:52 -0500] "GET /sipse/faces/javax.faces.resource/theme.css?ln=primefaces-sipse HTTP/1.1" 304 -
181.53.14.143 - - [11/Feb/2024:10:19:52 -0500] "GET /sipse/faces/javax.faces.resource/primefaces.css?ln=primefaces&v=4.0 HTTP/1.1" 304 -
181.53.14.143 - - [11/Feb/2024:10:19:52 -0500] "GET /sipse/faces/javax.faces.resource/layout/layout.css?ln=primefaces&v=4.0 HTTP/1.1" 304 -
181.53.14.143 - - [11/Feb/2024:10:19:52 -0500] "GET /sipse/faces/javax.faces.resource/jquery/jquery.js?ln=primefaces&v=4.0 HTTP/1.1" 304 -
181.53.14.143 - - [11/Feb/2024:10:19:52 -0500] "GET /sipse/faces/javax.faces.resource/jquery/jquery-plugins.js?ln=primefaces&v=4.0 HTTP/1.1" 304 -
181.53.14.143 - - [11/Feb/2024:10:19:52 -0500] "GET /sipse/faces/javax.faces.resource/primefaces.js?ln=primefaces&v=4.0 HTTP/1.1" 304 -
181.53.14.143 - - [11/Feb/2024:10:19:53 -0500] "GET /sipse/faces/javax.faces.resource/layout/layout.js?ln=primefaces&v=4.0 HTTP/1.1" 304 -
186.84.90.219 - - [11/Feb/2024:10:19:52 -0500] "POST /appsia/controlador HTTP/1.1" 200 10989
201.245.192.253 - - [11/Feb/2024:10:19:59 -0500] "POST /forms/lservlet;jsessionid=ac16012b30d610ae24beb5094434bff4cfc888fbc4af.e3iSbxaKaheRe3qKcheMbNuKc41ynknvrkLOlQzNp65In0 HTTP/1.1" 200 2
181.53.14.143 - - [11/Feb/2024:10:20:02 -0500] "POST /sipse/faces/presentacion/financiero/solicitudProceso/consultarSolicitudProceso.xhtml HTTP/1.1" 200 26095
181.53.14.143 - - [11/Feb/2024:10:20:02 -0500] "GET /sipse/faces/javax.faces.resource/theme.css?ln=primefaces-sipse HTTP/1.1" 304 -
181.53.14.143 - - [11/Feb/2024:10:20:02 -0500] "GET /sipse/faces/javax.faces.resource/layout/layout.css?ln=primefaces&v=4.0 HTTP/1.1" 304 -
181.53.14.143 - - [11/Feb/2024:10:20:02 -0500] "GET /sipse/faces/javax.faces.resource/jquery/jquery.js?ln=primefaces&v=4.0 HTTP/1.1" 304 -
181.53.14.143 - - [11/Feb/2024:10:20:02 -0500] "GET /sipse/faces/javax.faces.resource/primefaces.css?ln=primefaces&v=4.0 HTTP/1.1" 304 -
181.53.14.143 - - [11/Feb/2024:10:20:02 -0500] "GET /sipse/faces/javax.faces.resource/primefaces.js?ln=primefaces&v=4.0 HTTP/1.1" 304 -
181.53.14.143 - - [11/Feb/2024:10:20:02 -0500] "GET /sipse/faces/javax.faces.resource/jquery/jquery-plugins.js?ln=primefaces&v=4.0 HTTP/1.1" 304 -
181.53.14.143 - - [11/Feb/2024:10:20:02 -0500] "GET /sipse/faces/javax.faces.resource/layout/layout.js?ln=primefaces&v=4.0 HTTP/1.1" 304 -
181.53.14.143 - - [11/Feb/2024:10:20:06 -0500] "GET /sipse/faces/javax.faces.resource/theme.css?ln=primefaces-sipse HTTP/1.1" 304 -
181.53.14.143 - - [11/Feb/2024:10:20:06 -0500] "GET /sipse/faces/javax.faces.resource/layout/layout.css?ln=primefaces&v=4.0 HTTP/1.1" 304 -
181.53.14.143 - - [11/Feb/2024:10:20:06 -0500] "GET /sipse/faces/javax.faces.resource/jquery/jquery-plugins.js?ln=primefaces&v=4.0 HTTP/1.1" 304 -
181.53.14.143 - - [11/Feb/2024:10:20:06 -0500] "GET /sipse/faces/javax.faces.resource/primefaces.css?ln=primefaces&v=4.0 HTTP/1.1" 304 -
181.53.14.143 - - [11/Feb/2024:10:20:06 -0500] "GET /sipse/faces/javax.faces.resource/jquery/jquery.js?ln=primefaces&v=4.0 HTTP/1.1" 304 -
181.53.14.143 - - [11/Feb/2024:10:20:06 -0500] "GET /sipse/faces/javax.faces.resource/primefaces.js?ln=primefaces&v=4.0 HTTP/1.1" 304 -
181.53.14.143 - - [11/Feb/2024:10:20:06 -0500] "GET /sipse/faces/javax.faces.resource/layout/layout.js?ln=primefaces&v=4.0 HTTP/1.1" 304 -
181.53.14.143 - - [11/Feb/2024:10:20:06 -0500] "POST /sipse/faces/presentacion/financiero/solicitudProceso/consultarHistorialSolProceso.xhtml HTTP/1.1" 200 162468
181.53.14.143 - - [11/Feb/2024:10:20:19 -0500] "POST /sipse/faces/presentacion/financiero/solicitudProceso/consultarSolicitudProceso.xhtml HTTP/1.1" 200 44017
181.53.14.143 - - [11/Feb/2024:10:20:19 -0500] "GET /sipse/faces/javax.faces.resource/theme.css?ln=primefaces-sipse HTTP/1.1" 304 -
181.53.14.143 - - [11/Feb/2024:10:20:19 -0500] "GET /sipse/faces/javax.faces.resource/primefaces.css?ln=primefaces&v=4.0 HTTP/1.1" 304 -
181.53.14.143 - - [11/Feb/2024:10:20:19 -0500] "GET /sipse/faces/javax.faces.resource/layout/layout.css?ln=primefaces&v=4.0 HTTP/1.1" 304 -
181.53.14.143 - - [11/Feb/2024:10:20:19 -0500] "GET /sipse/faces/javax.faces.resource/jquery/jquery.js?ln=primefaces&v=4.0 HTTP/1.1" 304 -
181.53.14.143 - - [11/Feb/2024:10:20:19 -0500] "GET /sipse/faces/javax.faces.resource/jquery/jquery-plugins.js?ln=primefaces&v=4.0 HTTP/1.1" 304 -
181.53.14.143 - - [11/Feb/2024:10:20:19 -0500] "GET /sipse/faces/javax.faces.resource/primefaces.js?ln=primefaces&v=4.0 HTTP/1.1" 304 -
181.53.14.143 - - [11/Feb/2024:10:20:19 -0500] "GET /sipse/faces/javax.faces.resource/layout/layout.js?ln=primefaces&v=4.0 HTTP/1.1" 304 -
181.53.14.143 - - [11/Feb/2024:10:20:25 -0500] "POST /sipse/faces/presentacion/financiero/solicitudProceso/consultar.xhtml HTTP/1.1" 200 12983
186.84.90.219 - - [11/Feb/2024:10:20:25 -0500] "POST /appsia/controlador HTTP/1.1" 200 7797
181.53.14.143 - - [11/Feb/2024:10:20:28 -0500] "POST /sipse/faces/presentacion/financiero/solicitudProceso/consultar.xhtml HTTP/1.1" 200 116601
181.53.14.143 - - [11/Feb/2024:10:20:29 -0500] "GET /sipse/faces/javax.faces.resource/theme.css?ln=primefaces-sipse HTTP/1.1" 304 -
181.53.14.143 - - [11/Feb/2024:10:20:29 -0500] "GET /sipse/faces/javax.faces.resource/layout/layout.css?ln=primefaces&v=4.0 HTTP/1.1" 304 -
181.53.14.143 - - [11/Feb/2024:10:20:29 -0500] "GET /sipse/faces/javax.faces.resource/primefaces.css?ln=primefaces&v=4.0 HTTP/1.1" 304 -
181.53.14.143 - - [11/Feb/2024:10:20:29 -0500] "GET /sipse/faces/javax.faces.resource/jquery/jquery.js?ln=primefaces&v=4.0 HTTP/1.1" 304 -
181.53.14.143 - - [11/Feb/2024:10:20:29 -0500] "GET /sipse/faces/javax.faces.resource/jquery/jquery-plugins.js?ln=primefaces&v=4.0 HTTP/1.1" 304 -
181.53.14.143 - - [11/Feb/2024:10:20:29 -0500] "GET /sipse/faces/javax.faces.resource/primefaces.js?ln=primefaces&v=4.0 HTTP/1.1" 304 -
181.53.14.143 - - [11/Feb/2024:10:20:29 -0500] "GET /sipse/faces/javax.faces.resource/layout/layout.js?ln=primefaces&v=4.0 HTTP/1.1" 304 -
181.53.14.143 - - [11/Feb/2024:10:20:32 -0500] "POST /sipse/faces/presentacion/financiero/solicitudProceso/consultarSolicitudProceso.xhtml HTTP/1.1" 200 47417
181.53.14.143 - - [11/Feb/2024:10:20:33 -0500] "GET /sipse/faces/javax.faces.resource/primefaces.css?ln=primefaces&v=4.0 HTTP/1.1" 304 -
181.53.14.143 - - [11/Feb/2024:10:20:33 -0500] "GET /sipse/faces/javax.faces.resource/theme.css?ln=primefaces-sipse HTTP/1.1" 304 -
181.53.14.143 - - [11/Feb/2024:10:20:33 -0500] "GET /sipse/faces/javax.faces.resource/layout/layout.css?ln=primefaces&v=4.0 HTTP/1.1" 304 -
181.53.14.143 - - [11/Feb/2024:10:20:33 -0500] "GET /sipse/faces/javax.faces.resource/jquery/jquery-plugins.js?ln=primefaces&v=4.0 HTTP/1.1" 304 -
181.53.14.143 - - [11/Feb/2024:10:20:33 -0500] "GET /sipse/faces/javax.faces.resource/jquery/jquery.js?ln=primefaces&v=4.0 HTTP/1.1" 304 -
181.53.14.143 - - [11/Feb/2024:10:20:33 -0500] "GET /sipse/faces/javax.faces.resource/layout/layout.js?ln=primefaces&v=4.0 HTTP/1.1" 304 -
181.53.14.143 - - [11/Feb/2024:10:20:33 -0500] "GET /sipse/faces/javax.faces.resource/primefaces.js?ln=primefaces&v=4.0 HTTP/1.1" 304 -
186.84.90.219 - - [11/Feb/2024:10:20:38 -0500] "POST /appsia/controlador HTTP/1.1" 200 6670
201.245.192.253 - - [11/Feb/2024:10:20:38 -0500] "POST /forms/lservlet;jsessionid=ac16012b30d629257b7236c7411e84d9b4a8aba690a2.e3iSbxaKaheRe3qKcheMbNuKc41ynknvrkLOlQzNp65In0 HTTP/1.1" 200 2
186.84.90.219 - - [11/Feb/2024:10:20:40 -0500] "POST /appsia/controlador HTTP/1.1" 200 10236
181.53.14.143 - - [11/Feb/2024:10:20:40 -0500] "POST /sipse/faces/presentacion/financiero/solicitudProceso/consultar.xhtml HTTP/1.1" 200 12872
201.245.192.253 - - [11/Feb/2024:10:20:38 -0500] "POST /kwsrmcab/Wsrmcab HTTP/1.1" 200 37374
181.53.14.143 - - [11/Feb/2024:10:20:43 -0500] "POST /sipse/faces/presentacion/financiero/solicitudProceso/consultar.xhtml HTTP/1.1" 200 116545
181.53.14.143 - - [11/Feb/2024:10:20:44 -0500] "GET /sipse/faces/javax.faces.resource/theme.css?ln=primefaces-sipse HTTP/1.1" 304 -
181.53.14.143 - - [11/Feb/2024:10:20:44 -0500] "GET /sipse/faces/javax.faces.resource/layout/layout.css?ln=primefaces&v=4.0 HTTP/1.1" 304 -
181.53.14.143 - - [11/Feb/2024:10:20:44 -0500] "GET /sipse/faces/javax.faces.resource/primefaces.css?ln=primefaces&v=4.0 HTTP/1.1" 304 -
181.53.14.143 - - [11/Feb/2024:10:20:44 -0500] "GET /sipse/faces/javax.faces.resource/jquery/jquery.js?ln=primefaces&v=4.0 HTTP/1.1" 304 -
181.53.14.143 - - [11/Feb/2024:10:20:44 -0500] "GET /sipse/faces/javax.faces.resource/jquery/jquery-plugins.js?ln=primefaces&v=4.0 HTTP/1.1" 304 -
181.53.14.143 - - [11/Feb/2024:10:20:44 -0500] "GET /sipse/faces/javax.faces.resource/primefaces.js?ln=primefaces&v=4.0 HTTP/1.1" 304 -
181.53.14.143 - - [11/Feb/2024:10:20:44 -0500] "GET /sipse/faces/javax.faces.resource/layout/layout.js?ln=primefaces&v=4.0 HTTP/1.1" 304 -
181.53.14.143 - - [11/Feb/2024:10:20:56 -0500] "POST /sipse/faces/presentacion/financiero/solicitudProceso/consultarSolicitudProceso.xhtml HTTP/1.1" 200 43830
181.53.14.143 - - [11/Feb/2024:10:20:56 -0500] "GET /sipse/faces/javax.faces.resource/theme.css?ln=primefaces-sipse HTTP/1.1" 304 -
181.53.14.143 - - [11/Feb/2024:10:20:56 -0500] "GET /sipse/faces/javax.faces.resource/primefaces.css?ln=primefaces&v=4.0 HTTP/1.1" 304 -
181.53.14.143 - - [11/Feb/2024:10:20:56 -0500] "GET /sipse/faces/javax.faces.resource/layout/layout.css?ln=primefaces&v=4.0 HTTP/1.1" 304 -
181.53.14.143 - - [11/Feb/2024:10:20:56 -0500] "GET /sipse/faces/javax.faces.resource/jquery/jquery.js?ln=primefaces&v=4.0 HTTP/1.1" 304 -
181.53.14.143 - - [11/Feb/2024:10:20:56 -0500] "GET /sipse/faces/javax.faces.resource/jquery/jquery-plugins.js?ln=primefaces&v=4.0 HTTP/1.1" 304 -
181.53.14.143 - - [11/Feb/2024:10:20:56 -0500] "GET /sipse/faces/javax.faces.resource/primefaces.js?ln=primefaces&v=4.0 HTTP/1.1" 304 -
181.53.14.143 - - [11/Feb/2024:10:20:56 -0500] "GET /sipse/faces/javax.faces.resource/layout/layout.js?ln=primefaces&v=4.0 HTTP/1.1" 304 -
181.53.14.143 - - [11/Feb/2024:10:20:56 -0500] "POST /sipse/faces/presentacion/financiero/solicitudProceso/consultar.xhtml HTTP/1.1" 200 37238
181.53.14.143 - - [11/Feb/2024:10:21:01 -0500] "POST /sipse/faces/presentacion/financiero/solicitudProceso/consultar.xhtml HTTP/1.1" 200 13101
181.53.14.143 - - [11/Feb/2024:10:21:08 -0500] "POST /sipse/faces/presentacion/financiero/solicitudProceso/consultar.xhtml HTTP/1.1" 200 116719
181.53.14.143 - - [11/Feb/2024:10:21:09 -0500] "GET /sipse/faces/javax.faces.resource/layout/layout.css?ln=primefaces&v=4.0 HTTP/1.1" 304 -
181.53.14.143 - - [11/Feb/2024:10:21:09 -0500] "GET /sipse/faces/javax.faces.resource/primefaces.css?ln=primefaces&v=4.0 HTTP/1.1" 304 -
181.53.14.143 - - [11/Feb/2024:10:21:09 -0500] "GET /sipse/faces/javax.faces.resource/theme.css?ln=primefaces-sipse HTTP/1.1" 304 -
181.53.14.143 - - [11/Feb/2024:10:21:09 -0500] "GET /sipse/faces/javax.faces.resource/jquery/jquery.js?ln=primefaces&v=4.0 HTTP/1.1" 304 -
181.53.14.143 - - [11/Feb/2024:10:21:09 -0500] "GET /sipse/faces/javax.faces.resource/jquery/jquery-plugins.js?ln=primefaces&v=4.0 HTTP/1.1" 304 -
181.53.14.143 - - [11/Feb/2024:10:21:09 -0500] "GET /sipse/faces/javax.faces.resource/primefaces.js?ln=primefaces&v=4.0 HTTP/1.1" 304 -
181.53.14.143 - - [11/Feb/2024:10:21:09 -0500] "GET /sipse/faces/javax.faces.resource/layout/layout.js?ln=primefaces&v=4.0 HTTP/1.1" 304 -
181.53.14.143 - - [11/Feb/2024:10:21:15 -0500] "POST /sipse/faces/presentacion/financiero/solicitudProceso/consultarSolicitudProceso.xhtml HTTP/1.1" 200 44059
181.53.14.143 - - [11/Feb/2024:10:21:16 -0500] "GET /sipse/faces/javax.faces.resource/primefaces.css?ln=primefaces&v=4.0 HTTP/1.1" 304 -
181.53.14.143 - - [11/Feb/2024:10:21:16 -0500] "GET /sipse/faces/javax.faces.resource/theme.css?ln=primefaces-sipse HTTP/1.1" 304 -
181.53.14.143 - - [11/Feb/2024:10:21:16 -0500] "GET /sipse/faces/javax.faces.resource/layout/layout.css?ln=primefaces&v=4.0 HTTP/1.1" 304 -
181.53.14.143 - - [11/Feb/2024:10:21:16 -0500] "GET /sipse/faces/javax.faces.resource/jquery/jquery.js?ln=primefaces&v=4.0 HTTP/1.1" 304 -
181.53.14.143 - - [11/Feb/2024:10:21:16 -0500] "GET /sipse/faces/javax.faces.resource/jquery/jquery-plugins.js?ln=primefaces&v=4.0 HTTP/1.1" 304 -
181.53.14.143 - - [11/Feb/2024:10:21:16 -0500] "GET /sipse/faces/javax.faces.resource/primefaces.js?ln=primefaces&v=4.0 HTTP/1.1" 304 -
181.53.14.143 - - [11/Feb/2024:10:21:16 -0500] "GET /sipse/faces/javax.faces.resource/layout/layout.js?ln=primefaces&v=4.0 HTTP/1.1" 304 -
181.53.14.143 - - [11/Feb/2024:10:21:16 -0500] "POST /sipse/faces/presentacion/financiero/solicitudProceso/consultar.xhtml HTTP/1.1" 200 37467
181.53.14.143 - - [11/Feb/2024:10:21:16 -0500] "POST /sipse/faces/presentacion/financiero/solicitudProceso/consultar.xhtml HTTP/1.1" 200 37467
181.53.14.143 - - [11/Feb/2024:10:21:16 -0500] "POST /sipse/faces/presentacion/financiero/solicitudProceso/consultar.xhtml HTTP/1.1" 200 37467
181.53.14.143 - - [11/Feb/2024:10:21:19 -0500] "POST /sipse/faces/presentacion/financiero/solicitudProceso/consultar.xhtml HTTP/1.1" 200 12826
181.53.14.143 - - [11/Feb/2024:10:21:23 -0500] "POST /sipse/faces/presentacion/financiero/solicitudProceso/consultar.xhtml HTTP/1.1" 200 120449
181.53.14.143 - - [11/Feb/2024:10:21:23 -0500] "GET /sipse/faces/javax.faces.resource/theme.css?ln=primefaces-sipse HTTP/1.1" 304 -
181.53.14.143 - - [11/Feb/2024:10:21:23 -0500] "GET /sipse/faces/javax.faces.resource/layout/layout.css?ln=primefaces&v=4.0 HTTP/1.1" 304 -
181.53.14.143 - - [11/Feb/2024:10:21:23 -0500] "GET /sipse/faces/javax.faces.resource/primefaces.css?ln=primefaces&v=4.0 HTTP/1.1" 304 -
181.53.14.143 - - [11/Feb/2024:10:21:23 -0500] "GET /sipse/faces/javax.faces.resource/jquery/jquery.js?ln=primefaces&v=4.0 HTTP/1.1" 304 -
181.53.14.143 - - [11/Feb/2024:10:21:23 -0500] "GET /sipse/faces/javax.faces.resource/jquery/jquery-plugins.js?ln=primefaces&v=4.0 HTTP/1.1" 304 -
181.53.14.143 - - [11/Feb/2024:10:21:23 -0500] "GET /sipse/faces/javax.faces.resource/primefaces.js?ln=primefaces&v=4.0 HTTP/1.1" 304 -
181.53.14.143 - - [11/Feb/2024:10:21:23 -0500] "GET /sipse/faces/javax.faces.resource/layout/layout.js?ln=primefaces&v=4.0 HTTP/1.1" 304 -
181.53.14.143 - - [11/Feb/2024:10:21:28 -0500] "GET /sipse/faces/javax.faces.resource/theme.css?ln=primefaces-sipse HTTP/1.1" 304 -
181.53.14.143 - - [11/Feb/2024:10:21:28 -0500] "GET /sipse/faces/javax.faces.resource/primefaces.css?ln=primefaces&v=4.0 HTTP/1.1" 304 -
181.53.14.143 - - [11/Feb/2024:10:21:28 -0500] "GET /sipse/faces/javax.faces.resource/layout/layout.css?ln=primefaces&v=4.0 HTTP/1.1" 304 -
181.53.14.143 - - [11/Feb/2024:10:21:28 -0500] "GET /sipse/faces/javax.faces.resource/jquery/jquery.js?ln=primefaces&v=4.0 HTTP/1.1" 304 -
181.53.14.143 - - [11/Feb/2024:10:21:28 -0500] "GET /sipse/faces/javax.faces.resource/jquery/jquery-plugins.js?ln=primefaces&v=4.0 HTTP/1.1" 304 -
181.53.14.143 - - [11/Feb/2024:10:21:28 -0500] "GET /sipse/faces/javax.faces.resource/primefaces.js?ln=primefaces&v=4.0 HTTP/1.1" 304 -
181.53.14.143 - - [11/Feb/2024:10:21:28 -0500] "GET /sipse/faces/javax.faces.resource/layout/layout.js?ln=primefaces&v=4.0 HTTP/1.1" 304 -
181.53.14.143 - - [11/Feb/2024:10:21:27 -0500] "POST /sipse/faces/presentacion/financiero/solicitudProceso/consultarSolicitudProceso.xhtml HTTP/1.1" 200 28773
172.22.2.4 - - [11/Feb/2024:10:20:07 -0500] "HEAD /BLA/boletinlegal/ HTTP/1.1" 200 -
52.167.144.22 - - [11/Feb/2024:10:21:52 -0500] "GET /Publicaciones/2024EE04603.pdf HTTP/1.1" 404 227
181.53.14.143 - - [11/Feb/2024:10:21:58 -0500] "GET /sipse/faces/javax.faces.resource/theme.css?ln=primefaces-sipse HTTP/1.1" 304 -
181.53.14.143 - - [11/Feb/2024:10:21:58 -0500] "GET /sipse/faces/javax.faces.resource/primefaces.css?ln=primefaces&v=4.0 HTTP/1.1" 304 -
181.53.14.143 - - [11/Feb/2024:10:21:58 -0500] "GET /sipse/faces/javax.faces.resource/layout/layout.css?ln=primefaces&v=4.0 HTTP/1.1" 304 -
181.53.14.143 - - [11/Feb/2024:10:21:58 -0500] "GET /sipse/faces/javax.faces.resource/jquery/jquery.js?ln=primefaces&v=4.0 HTTP/1.1" 304 -
181.53.14.143 - - [11/Feb/2024:10:21:58 -0500] "GET /sipse/faces/javax.faces.resource/jquery/jquery-plugins.js?ln=primefaces&v=4.0 HTTP/1.1" 304 -
181.53.14.143 - - [11/Feb/2024:10:21:58 -0500] "GET /sipse/faces/javax.faces.resource/primefaces.js?ln=primefaces&v=4.0 HTTP/1.1" 304 -
181.53.14.143 - - [11/Feb/2024:10:21:58 -0500] "GET /sipse/faces/javax.faces.resource/layout/layout.js?ln=primefaces&v=4.0 HTTP/1.1" 304 -
181.53.14.143 - - [11/Feb/2024:10:21:58 -0500] "POST /sipse/faces/presentacion/financiero/solicitudProceso/consultarHistorialSolProceso.xhtml HTTP/1.1" 200 166243
201.245.192.253 - - [11/Feb/2024:10:21:59 -0500] "POST /forms/lservlet;jsessionid=ac16012b30d610ae24beb5094434bff4cfc888fbc4af.e3iSbxaKaheRe3qKcheMbNuKc41ynknvrkLOlQzNp65In0 HTTP/1.1" 200 2
181.53.14.143 - - [11/Feb/2024:10:22:11 -0500] "POST /sipse/faces/presentacion/financiero/solicitudProceso/consultarSolicitudProceso.xhtml HTTP/1.1" 200 43784
181.53.14.143 - - [11/Feb/2024:10:22:11 -0500] "GET /sipse/faces/javax.faces.resource/theme.css?ln=primefaces-sipse HTTP/1.1" 304 -
181.53.14.143 - - [11/Feb/2024:10:22:11 -0500] "GET /sipse/faces/javax.faces.resource/layout/layout.css?ln=primefaces&v=4.0 HTTP/1.1" 304 -
181.53.14.143 - - [11/Feb/2024:10:22:11 -0500] "GET /sipse/faces/javax.faces.resource/primefaces.css?ln=primefaces&v=4.0 HTTP/1.1" 304 -
181.53.14.143 - - [11/Feb/2024:10:22:11 -0500] "GET /sipse/faces/javax.faces.resource/jquery/jquery.js?ln=primefaces&v=4.0 HTTP/1.1" 304 -
181.53.14.143 - - [11/Feb/2024:10:22:11 -0500] "GET /sipse/faces/javax.faces.resource/jquery/jquery-plugins.js?ln=primefaces&v=4.0 HTTP/1.1" 304 -
181.53.14.143 - - [11/Feb/2024:10:22:11 -0500] "GET /sipse/faces/javax.faces.resource/primefaces.js?ln=primefaces&v=4.0 HTTP/1.1" 304 -
181.53.14.143 - - [11/Feb/2024:10:22:11 -0500] "GET /sipse/faces/javax.faces.resource/layout/layout.js?ln=primefaces&v=4.0 HTTP/1.1" 304 -
181.53.14.143 - - [11/Feb/2024:10:22:15 -0500] "POST /sipse/faces/presentacion/financiero/solicitudProceso/consultar.xhtml HTTP/1.1" 200 13056
181.53.14.143 - - [11/Feb/2024:10:22:18 -0500] "POST /sipse/faces/presentacion/financiero/solicitudProceso/consultar.xhtml HTTP/1.1" 200 116672
181.53.14.143 - - [11/Feb/2024:10:22:18 -0500] "GET /sipse/faces/javax.faces.resource/theme.css?ln=primefaces-sipse HTTP/1.1" 304 -
181.53.14.143 - - [11/Feb/2024:10:22:19 -0500] "GET /sipse/faces/javax.faces.resource/primefaces.css?ln=primefaces&v=4.0 HTTP/1.1" 304 -
181.53.14.143 - - [11/Feb/2024:10:22:19 -0500] "GET /sipse/faces/javax.faces.resource/layout/layout.css?ln=primefaces&v=4.0 HTTP/1.1" 304 -
181.53.14.143 - - [11/Feb/2024:10:22:19 -0500] "GET /sipse/faces/javax.faces.resource/jquery/jquery.js?ln=primefaces&v=4.0 HTTP/1.1" 304 -
181.53.14.143 - - [11/Feb/2024:10:22:19 -0500] "GET /sipse/faces/javax.faces.resource/jquery/jquery-plugins.js?ln=primefaces&v=4.0 HTTP/1.1" 304 -
181.53.14.143 - - [11/Feb/2024:10:22:19 -0500] "GET /sipse/faces/javax.faces.resource/primefaces.js?ln=primefaces&v=4.0 HTTP/1.1" 304 -
181.53.14.143 - - [11/Feb/2024:10:22:19 -0500] "GET /sipse/faces/javax.faces.resource/layout/layout.js?ln=primefaces&v=4.0 HTTP/1.1" 304 -
216.245.221.92 - - [11/Feb/2024:10:22:29 -0500] "HEAD / HTTP/1.1" 200 -
181.53.14.143 - - [11/Feb/2024:10:22:33 -0500] "GET /sipse/faces/javax.faces.resource/theme.css?ln=primefaces-sipse HTTP/1.1" 304 -
181.53.14.143 - - [11/Feb/2024:10:22:33 -0500] "GET /sipse/faces/javax.faces.resource/primefaces.css?ln=primefaces&v=4.0 HTTP/1.1" 304 -
181.53.14.143 - - [11/Feb/2024:10:22:33 -0500] "GET /sipse/faces/javax.faces.resource/layout/layout.css?ln=primefaces&v=4.0 HTTP/1.1" 304 -
181.53.14.143 - - [11/Feb/2024:10:22:33 -0500] "GET /sipse/faces/javax.faces.resource/jquery/jquery.js?ln=primefaces&v=4.0 HTTP/1.1" 304 -
181.53.14.143 - - [11/Feb/2024:10:22:33 -0500] "GET /sipse/faces/javax.faces.resource/primefaces.js?ln=primefaces&v=4.0 HTTP/1.1" 304 -
181.53.14.143 - - [11/Feb/2024:10:22:33 -0500] "GET /sipse/faces/javax.faces.resource/jquery/jquery-plugins.js?ln=primefaces&v=4.0 HTTP/1.1" 304 -
181.53.14.143 - - [11/Feb/2024:10:22:33 -0500] "GET /sipse/faces/javax.faces.resource/layout/layout.js?ln=primefaces&v=4.0 HTTP/1.1" 304 -
181.53.14.143 - - [11/Feb/2024:10:22:32 -0500] "POST /sipse/faces/presentacion/financiero/solicitudProceso/consultarSolicitudProceso.xhtml HTTP/1.1" 200 47490
181.53.14.143 - - [11/Feb/2024:10:22:37 -0500] "POST /sipse/faces/presentacion/financiero/solicitudProceso/consultar.xhtml HTTP/1.1" 200 12974
172.22.2.4 - - [11/Feb/2024:10:20:58 -0500] "GET /BLA/boletinlegal/ HTTP/1.1" 200 61047
201.245.192.253 - - [11/Feb/2024:10:22:38 -0500] "POST /forms/lservlet;jsessionid=ac16012b30d629257b7236c7411e84d9b4a8aba690a2.e3iSbxaKaheRe3qKcheMbNuKc41ynknvrkLOlQzNp65In0 HTTP/1.1" 200 2
