186.86.34.55 - - [11/Feb/2024:08:34:41 -0500] "GET /sipse/faces/javax.faces.resource/theme.css?ln=primefaces-sipse HTTP/1.1" 304 -
186.86.34.55 - - [11/Feb/2024:08:34:41 -0500] "GET /sipse/faces/javax.faces.resource/primefaces.css?ln=primefaces&v=4.0 HTTP/1.1" 304 -
186.86.34.55 - - [11/Feb/2024:08:34:41 -0500] "GET /sipse/faces/javax.faces.resource/layout/layout.css?ln=primefaces&v=4.0 HTTP/1.1" 304 -
186.86.34.55 - - [11/Feb/2024:08:34:41 -0500] "GET /sipse/faces/javax.faces.resource/jquery/jquery.js?ln=primefaces&v=4.0 HTTP/1.1" 304 -
186.86.34.55 - - [11/Feb/2024:08:34:41 -0500] "GET /sipse/faces/javax.faces.resource/jquery/jquery-plugins.js?ln=primefaces&v=4.0 HTTP/1.1" 304 -
186.86.34.55 - - [11/Feb/2024:08:34:41 -0500] "GET /sipse/faces/javax.faces.resource/primefaces.js?ln=primefaces&v=4.0 HTTP/1.1" 304 -
186.86.34.55 - - [11/Feb/2024:08:34:41 -0500] "GET /sipse/faces/javax.faces.resource/layout/layout.js?ln=primefaces&v=4.0 HTTP/1.1" 304 -
201.245.192.253 - - [11/Feb/2024:08:34:45 -0500] "POST /kwsrmcab/Wsrmcab  HTTP/1.1" 200 37396
172.22.2.4 - - [11/Feb/2024:08:35:47 -0500] "GET /BLA/boletinlegal/Circulares/2012/Circular%20No.%202%20del%2014%20de%20Marzo%20de%202012.pdf HTTP/1.1" 200 113666
186.86.34.55 - - [11/Feb/2024:08:35:57 -0500] "POST /sipse/faces/presentacion/contratacion/contrato/crearModificarContrato.xhtml HTTP/1.1" 200 15752
186.86.34.55 - - [11/Feb/2024:08:35:57 -0500] "POST /sipse/faces/presentacion/contratacion/contrato/crearModificarContrato.xhtml HTTP/1.1" 200 30939
186.86.34.55 - - [11/Feb/2024:08:35:57 -0500] "GET /sipse/faces/javax.faces.resource/primefaces.css?ln=primefaces&v=4.0 HTTP/1.1" 304 -
186.86.34.55 - - [11/Feb/2024:08:35:57 -0500] "GET /sipse/faces/javax.faces.resource/theme.css?ln=primefaces-sipse HTTP/1.1" 304 -
186.86.34.55 - - [11/Feb/2024:08:35:57 -0500] "GET /sipse/faces/javax.faces.resource/layout/layout.css?ln=primefaces&v=4.0 HTTP/1.1" 304 -
186.86.34.55 - - [11/Feb/2024:08:35:57 -0500] "GET /sipse/faces/javax.faces.resource/jquery/jquery.js?ln=primefaces&v=4.0 HTTP/1.1" 304 -
186.86.34.55 - - [11/Feb/2024:08:35:57 -0500] "GET /sipse/faces/javax.faces.resource/primefaces.js?ln=primefaces&v=4.0 HTTP/1.1" 304 -
186.86.34.55 - - [11/Feb/2024:08:35:57 -0500] "GET /sipse/faces/javax.faces.resource/jquery/jquery-plugins.js?ln=primefaces&v=4.0 HTTP/1.1" 304 -
186.86.34.55 - - [11/Feb/2024:08:35:57 -0500] "GET /sipse/faces/javax.faces.resource/layout/layout.js?ln=primefaces&v=4.0 HTTP/1.1" 304 -
201.245.192.253 - - [11/Feb/2024:08:35:59 -0500] "POST /forms/lservlet;jsessionid=ac16012b30d610ae24beb5094434bff4cfc888fbc4af.e3iSbxaKaheRe3qKcheMbNuKc41ynknvrkLOlQzNp65In0 HTTP/1.1" 200 2
186.86.34.55 - - [11/Feb/2024:08:36:01 -0500] "POST /sipse/faces/presentacion/contratacion/procesoContractual/registrarInvitacionContratista.xhtml HTTP/1.1" 200 9689
186.86.34.55 - - [11/Feb/2024:08:36:38 -0500] "POST /sipse/faces/presentacion/contratacion/procesoContractual/registrarInvitacionContratista.xhtml HTTP/1.1" 200 9254
201.245.192.253 - - [11/Feb/2024:08:36:38 -0500] "POST /forms/lservlet;jsessionid=ac16012b30d629257b7236c7411e84d9b4a8aba690a2.e3iSbxaKaheRe3qKcheMbNuKc41ynknvrkLOlQzNp65In0 HTTP/1.1" 200 2
172.22.2.4 - - [11/Feb/2024:08:35:07 -0500] "HEAD /BLA/boletinlegal/ HTTP/1.1" 200 -
186.86.34.55 - - [11/Feb/2024:08:36:49 -0500] "GET /sipse/faces/javax.faces.resource/images/ui-icons_898989_256x240.png?ln=primefaces-aristo HTTP/1.1" 304 -
186.86.34.55 - - [11/Feb/2024:08:36:54 -0500] "POST /sipse/faces/presentacion/contratacion/procesoContractual/registrarInvitacionContratista.xhtml HTTP/1.1" 200 74370
186.86.34.55 - - [11/Feb/2024:08:36:55 -0500] "GET /sipse/faces/javax.faces.resource/theme.css?ln=primefaces-sipse HTTP/1.1" 304 -
186.86.34.55 - - [11/Feb/2024:08:36:55 -0500] "GET /sipse/faces/javax.faces.resource/primefaces.css?ln=primefaces&v=4.0 HTTP/1.1" 304 -
186.86.34.55 - - [11/Feb/2024:08:36:55 -0500] "GET /sipse/faces/javax.faces.resource/jquery/jquery.js?ln=primefaces&v=4.0 HTTP/1.1" 304 -
186.86.34.55 - - [11/Feb/2024:08:36:55 -0500] "GET /sipse/faces/javax.faces.resource/layout/layout.css?ln=primefaces&v=4.0 HTTP/1.1" 304 -
186.86.34.55 - - [11/Feb/2024:08:36:55 -0500] "GET /sipse/faces/javax.faces.resource/jquery/jquery-plugins.js?ln=primefaces&v=4.0 HTTP/1.1" 304 -
186.86.34.55 - - [11/Feb/2024:08:36:55 -0500] "GET /sipse/faces/javax.faces.resource/primefaces.js?ln=primefaces&v=4.0 HTTP/1.1" 304 -
186.86.34.55 - - [11/Feb/2024:08:36:55 -0500] "GET /sipse/faces/javax.faces.resource/layout/layout.js?ln=primefaces&v=4.0 HTTP/1.1" 304 -
186.86.34.55 - - [11/Feb/2024:08:37:10 -0500] "POST /sipse/faces/presentacion/contratacion/contrato/crearModificarContrato.xhtml HTTP/1.1" 200 41189
186.86.34.55 - - [11/Feb/2024:08:37:11 -0500] "GET /sipse/faces/javax.faces.resource/theme.css?ln=primefaces-sipse HTTP/1.1" 304 -
186.86.34.55 - - [11/Feb/2024:08:37:11 -0500] "GET /sipse/faces/javax.faces.resource/primefaces.css?ln=primefaces&v=4.0 HTTP/1.1" 304 -
186.86.34.55 - - [11/Feb/2024:08:37:11 -0500] "GET /sipse/faces/javax.faces.resource/layout/layout.css?ln=primefaces&v=4.0 HTTP/1.1" 304 -
186.86.34.55 - - [11/Feb/2024:08:37:11 -0500] "GET /sipse/faces/javax.faces.resource/jquery/jquery.js?ln=primefaces&v=4.0 HTTP/1.1" 304 -
186.86.34.55 - - [11/Feb/2024:08:37:11 -0500] "GET /sipse/faces/javax.faces.resource/jquery/jquery-plugins.js?ln=primefaces&v=4.0 HTTP/1.1" 304 -
186.86.34.55 - - [11/Feb/2024:08:37:11 -0500] "GET /sipse/faces/javax.faces.resource/primefaces.js?ln=primefaces&v=4.0 HTTP/1.1" 304 -
186.86.34.55 - - [11/Feb/2024:08:37:11 -0500] "GET /sipse/faces/javax.faces.resource/layout/layout.js?ln=primefaces&v=4.0 HTTP/1.1" 304 -
216.245.221.92 - - [11/Feb/2024:08:37:29 -0500] "HEAD / HTTP/1.1" 200 -
186.86.34.55 - - [11/Feb/2024:08:37:30 -0500] "POST /sipse/faces/presentacion/contratacion/contrato/adicionarSupervisor.xhtml HTTP/1.1" 200 16597
172.22.2.4 - - [11/Feb/2024:08:35:58 -0500] "GET /BLA/boletinlegal/ HTTP/1.1" 200 58684
201.245.192.253 - - [11/Feb/2024:08:37:59 -0500] "POST /forms/lservlet;jsessionid=ac16012b30d610ae24beb5094434bff4cfc888fbc4af.e3iSbxaKaheRe3qKcheMbNuKc41ynknvrkLOlQzNp65In0 HTTP/1.1" 200 2
186.86.34.55 - - [11/Feb/2024:08:38:09 -0500] "POST /sipse/faces/presentacion/contratacion/contrato/adicionarSupervisor.xhtml HTTP/1.1" 200 16849
186.86.34.55 - - [11/Feb/2024:08:38:15 -0500] "POST /sipse/faces/presentacion/contratacion/contrato/adicionarSupervisor.xhtml HTTP/1.1" 200 79664
186.86.34.55 - - [11/Feb/2024:08:38:15 -0500] "GET /sipse/faces/javax.faces.resource/theme.css?ln=primefaces-sipse HTTP/1.1" 304 -
186.86.34.55 - - [11/Feb/2024:08:38:16 -0500] "GET /sipse/faces/javax.faces.resource/primefaces.css?ln=primefaces&v=4.0 HTTP/1.1" 304 -
186.86.34.55 - - [11/Feb/2024:08:38:16 -0500] "GET /sipse/faces/javax.faces.resource/jquery/jquery-plugins.js?ln=primefaces&v=4.0 HTTP/1.1" 304 -
186.86.34.55 - - [11/Feb/2024:08:38:16 -0500] "GET /sipse/faces/javax.faces.resource/jquery/jquery.js?ln=primefaces&v=4.0 HTTP/1.1" 304 -
186.86.34.55 - - [11/Feb/2024:08:38:16 -0500] "GET /sipse/faces/javax.faces.resource/layout/layout.css?ln=primefaces&v=4.0 HTTP/1.1" 304 -
186.86.34.55 - - [11/Feb/2024:08:38:16 -0500] "GET /sipse/faces/javax.faces.resource/primefaces.js?ln=primefaces&v=4.0 HTTP/1.1" 304 -
186.86.34.55 - - [11/Feb/2024:08:38:16 -0500] "GET /sipse/faces/javax.faces.resource/layout/layout.js?ln=primefaces&v=4.0 HTTP/1.1" 304 -
186.86.34.55 - - [11/Feb/2024:08:38:20 -0500] "POST /sipse/faces/presentacion/contratacion/contrato/crearModificarContrato.xhtml HTTP/1.1" 200 168379
186.86.34.55 - - [11/Feb/2024:08:38:21 -0500] "GET /sipse/faces/javax.faces.resource/primefaces.css?ln=primefaces&v=4.0 HTTP/1.1" 304 -
186.86.34.55 - - [11/Feb/2024:08:38:21 -0500] "GET /sipse/faces/javax.faces.resource/theme.css?ln=primefaces-sipse HTTP/1.1" 304 -
186.86.34.55 - - [11/Feb/2024:08:38:21 -0500] "GET /sipse/faces/javax.faces.resource/layout/layout.css?ln=primefaces&v=4.0 HTTP/1.1" 304 -
186.86.34.55 - - [11/Feb/2024:08:38:21 -0500] "GET /sipse/faces/javax.faces.resource/jquery/jquery.js?ln=primefaces&v=4.0 HTTP/1.1" 304 -
186.86.34.55 - - [11/Feb/2024:08:38:21 -0500] "GET /sipse/faces/javax.faces.resource/jquery/jquery-plugins.js?ln=primefaces&v=4.0 HTTP/1.1" 304 -
186.86.34.55 - - [11/Feb/2024:08:38:21 -0500] "GET /sipse/faces/javax.faces.resource/primefaces.js?ln=primefaces&v=4.0 HTTP/1.1" 304 -
186.86.34.55 - - [11/Feb/2024:08:38:21 -0500] "GET /sipse/faces/javax.faces.resource/layout/layout.js?ln=primefaces&v=4.0 HTTP/1.1" 304 -
186.86.34.55 - - [11/Feb/2024:08:38:21 -0500] "GET /sipse/faces/javax.faces.resource/dynamiccontent.properties?ln=primefaces&pfdrid=XjOR5%2F%2FfPAZAuY9TpWQeCiM0BhlXxYRBGKi%2FQcXXfeA%3D&pfdrid_c=false HTTP/1.1" 500 383
186.86.34.55 - - [11/Feb/2024:08:38:33 -0500] "POST /sipse/faces/presentacion/financiero/solicitudProceso/consultarSolicitudProceso.xhtml HTTP/1.1" 200 62504
186.86.34.55 - - [11/Feb/2024:08:38:35 -0500] "GET /sipse/faces/javax.faces.resource/primefaces.css?ln=primefaces&v=4.0 HTTP/1.1" 304 -
186.86.34.55 - - [11/Feb/2024:08:38:35 -0500] "GET /sipse/faces/javax.faces.resource/theme.css?ln=primefaces-sipse HTTP/1.1" 304 -
186.86.34.55 - - [11/Feb/2024:08:38:35 -0500] "GET /sipse/faces/javax.faces.resource/layout/layout.css?ln=primefaces&v=4.0 HTTP/1.1" 304 -
186.86.34.55 - - [11/Feb/2024:08:38:35 -0500] "GET /sipse/faces/javax.faces.resource/jquery/jquery.js?ln=primefaces&v=4.0 HTTP/1.1" 304 -
186.86.34.55 - - [11/Feb/2024:08:38:35 -0500] "GET /sipse/faces/javax.faces.resource/jquery/jquery-plugins.js?ln=primefaces&v=4.0 HTTP/1.1" 304 -
186.86.34.55 - - [11/Feb/2024:08:38:35 -0500] "GET /sipse/faces/javax.faces.resource/primefaces.js?ln=primefaces&v=4.0 HTTP/1.1" 304 -
186.86.34.55 - - [11/Feb/2024:08:38:35 -0500] "GET /sipse/faces/javax.faces.resource/layout/layout.js?ln=primefaces&v=4.0 HTTP/1.1" 304 -
186.86.34.55 - - [11/Feb/2024:08:38:36 -0500] "POST /sipse/faces/presentacion/financiero/solicitudProceso/listarSolicitudProceso.xhtml HTTP/1.1" 200 1556
201.245.192.253 - - [11/Feb/2024:08:38:38 -0500] "POST /forms/lservlet;jsessionid=ac16012b30d629257b7236c7411e84d9b4a8aba690a2.e3iSbxaKaheRe3qKcheMbNuKc41ynknvrkLOlQzNp65In0 HTTP/1.1" 200 2
186.86.34.55 - - [11/Feb/2024:08:39:03 -0500] "POST /sipse/faces/presentacion/financiero/solicitudProceso/listarSolicitudProceso.xhtml HTTP/1.1" 200 163013
186.86.34.55 - - [11/Feb/2024:08:39:04 -0500] "GET /sipse/faces/javax.faces.resource/theme.css?ln=primefaces-sipse HTTP/1.1" 304 -
186.86.34.55 - - [11/Feb/2024:08:39:04 -0500] "GET /sipse/faces/javax.faces.resource/primefaces.css?ln=primefaces&v=4.0 HTTP/1.1" 304 -
186.86.34.55 - - [11/Feb/2024:08:39:04 -0500] "GET /sipse/faces/javax.faces.resource/layout/layout.css?ln=primefaces&v=4.0 HTTP/1.1" 304 -
186.86.34.55 - - [11/Feb/2024:08:39:04 -0500] "GET /sipse/faces/javax.faces.resource/jquery/jquery.js?ln=primefaces&v=4.0 HTTP/1.1" 304 -
186.86.34.55 - - [11/Feb/2024:08:39:04 -0500] "GET /sipse/faces/javax.faces.resource/jquery/jquery-plugins.js?ln=primefaces&v=4.0 HTTP/1.1" 304 -
186.86.34.55 - - [11/Feb/2024:08:39:04 -0500] "GET /sipse/faces/javax.faces.resource/primefaces.js?ln=primefaces&v=4.0 HTTP/1.1" 304 -
186.86.34.55 - - [11/Feb/2024:08:39:04 -0500] "GET /sipse/faces/javax.faces.resource/layout/layout.js?ln=primefaces&v=4.0 HTTP/1.1" 304 -
186.86.34.55 - - [11/Feb/2024:08:39:04 -0500] "GET /sipse/faces/javax.faces.resource/dynamiccontent.properties?ln=primefaces&pfdrid=XjOR5%2F%2FfPAZAuY9TpWQeCiM0BhlXxYRBGKi%2FQcXXfeA%3D&pfdrid_c=false HTTP/1.1" 500 383
186.86.34.55 - - [11/Feb/2024:08:39:17 -0500] "POST /sipse/faces/presentacion/financiero/solicitudProceso/consultarSolicitudProceso.xhtml HTTP/1.1" 200 256746
186.86.34.55 - - [11/Feb/2024:08:39:26 -0500] "POST /sipse/faces/presentacion/financiero/solicitudProceso/consultarSolicitudProceso.xhtml HTTP/1.1" 200 479085
201.245.192.253 - - [11/Feb/2024:08:39:34 -0500] "POST /kwsrmcab/Wsrmcab HTTP/1.1" 200 37273
201.245.192.253 - - [11/Feb/2024:08:39:37 -0500] "POST /kwsrmcab/Wsrmcab HTTP/1.1" 200 37130
201.245.192.253 - - [11/Feb/2024:08:39:44 -0500] "POST /kwsrmcab/Wsrmcab  HTTP/1.1" 200 37396
201.245.192.253 - - [11/Feb/2024:08:39:49 -0500] "POST /kwsrmcab/Wsrmcab HTTP/1.1" 200 37106
201.245.192.253 - - [11/Feb/2024:08:39:59 -0500] "POST /forms/lservlet;jsessionid=ac16012b30d610ae24beb5094434bff4cfc888fbc4af.e3iSbxaKaheRe3qKcheMbNuKc41ynknvrkLOlQzNp65In0 HTTP/1.1" 200 2
186.86.34.55 - - [11/Feb/2024:08:40:02 -0500] "POST /sipse/faces/presentacion/financiero/solicitudProceso/consultarSolicitudProceso.xhtml HTTP/1.1" 200 73713
186.86.34.55 - - [11/Feb/2024:08:40:02 -0500] "GET /sipse/faces/javax.faces.resource/theme.css?ln=primefaces-sipse HTTP/1.1" 304 -
186.86.34.55 - - [11/Feb/2024:08:40:02 -0500] "GET /sipse/faces/javax.faces.resource/primefaces.css?ln=primefaces&v=4.0 HTTP/1.1" 304 -
186.86.34.55 - - [11/Feb/2024:08:40:02 -0500] "GET /sipse/faces/javax.faces.resource/layout/layout.css?ln=primefaces&v=4.0 HTTP/1.1" 304 -
186.86.34.55 - - [11/Feb/2024:08:40:02 -0500] "GET /sipse/faces/javax.faces.resource/jquery/jquery.js?ln=primefaces&v=4.0 HTTP/1.1" 304 -
186.86.34.55 - - [11/Feb/2024:08:40:02 -0500] "GET /sipse/faces/javax.faces.resource/jquery/jquery-plugins.js?ln=primefaces&v=4.0 HTTP/1.1" 304 -
186.86.34.55 - - [11/Feb/2024:08:40:02 -0500] "GET /sipse/faces/javax.faces.resource/primefaces.js?ln=primefaces&v=4.0 HTTP/1.1" 304 -
186.86.34.55 - - [11/Feb/2024:08:40:02 -0500] "GET /sipse/faces/javax.faces.resource/layout/layout.js?ln=primefaces&v=4.0 HTTP/1.1" 304 -
201.245.192.253 - - [11/Feb/2024:08:40:38 -0500] "POST /forms/lservlet;jsessionid=ac16012b30d629257b7236c7411e84d9b4a8aba690a2.e3iSbxaKaheRe3qKcheMbNuKc41ynknvrkLOlQzNp65In0 HTTP/1.1" 200 2
201.245.192.253 - - [11/Feb/2024:08:40:39 -0500] "POST /kwsrmcab/Wsrmcab HTTP/1.1" 200 37130
186.86.34.55 - - [11/Feb/2024:08:41:25 -0500] "POST /sipse/faces/presentacion/contratacion/contrato/crearModificarContrato.xhtml HTTP/1.1" 200 58549
186.86.34.55 - - [11/Feb/2024:08:41:25 -0500] "POST /sipse/faces/presentacion/contratacion/contrato/crearModificarContrato.xhtml HTTP/1.1" 200 30939
186.86.34.55 - - [11/Feb/2024:08:41:26 -0500] "GET /sipse/faces/javax.faces.resource/theme.css?ln=primefaces-sipse HTTP/1.1" 304 -
186.86.34.55 - - [11/Feb/2024:08:41:26 -0500] "GET /sipse/faces/javax.faces.resource/primefaces.css?ln=primefaces&v=4.0 HTTP/1.1" 304 -
186.86.34.55 - - [11/Feb/2024:08:41:26 -0500] "GET /sipse/faces/javax.faces.resource/layout/layout.css?ln=primefaces&v=4.0 HTTP/1.1" 304 -
186.86.34.55 - - [11/Feb/2024:08:41:26 -0500] "GET /sipse/faces/javax.faces.resource/jquery/jquery-plugins.js?ln=primefaces&v=4.0 HTTP/1.1" 304 -
186.86.34.55 - - [11/Feb/2024:08:41:26 -0500] "GET /sipse/faces/javax.faces.resource/jquery/jquery.js?ln=primefaces&v=4.0 HTTP/1.1" 304 -
186.86.34.55 - - [11/Feb/2024:08:41:26 -0500] "GET /sipse/faces/javax.faces.resource/primefaces.js?ln=primefaces&v=4.0 HTTP/1.1" 304 -
186.86.34.55 - - [11/Feb/2024:08:41:26 -0500] "GET /sipse/faces/javax.faces.resource/layout/layout.js?ln=primefaces&v=4.0 HTTP/1.1" 304 -
186.86.34.55 - - [11/Feb/2024:08:41:29 -0500] "POST /sipse/faces/presentacion/contratacion/procesoContractual/registrarInvitacionContratista.xhtml HTTP/1.1" 200 9689
201.245.192.253 - - [11/Feb/2024:08:41:59 -0500] "POST /forms/lservlet;jsessionid=ac16012b30d610ae24beb5094434bff4cfc888fbc4af.e3iSbxaKaheRe3qKcheMbNuKc41ynknvrkLOlQzNp65In0 HTTP/1.1" 200 2
216.245.221.92 - - [11/Feb/2024:08:42:29 -0500] "HEAD / HTTP/1.1" 200 -
172.22.2.4 - - [11/Feb/2024:08:40:57 -0500] "HEAD /BLA/boletinlegal/ HTTP/1.1" 200 -
201.245.192.253 - - [11/Feb/2024:08:42:38 -0500] "POST /forms/lservlet;jsessionid=ac16012b30d629257b7236c7411e84d9b4a8aba690a2.e3iSbxaKaheRe3qKcheMbNuKc41ynknvrkLOlQzNp65In0 HTTP/1.1" 200 2
186.86.34.55 - - [11/Feb/2024:08:42:44 -0500] "POST /sipse/faces/presentacion/contratacion/procesoContractual/registrarInvitacionContratista.xhtml HTTP/1.1" 200 8050
186.86.34.55 - - [11/Feb/2024:08:42:56 -0500] "POST /sipse/faces/presentacion/contratacion/procesoContractual/registrarInvitacionContratista.xhtml HTTP/1.1" 200 9266
186.86.34.55 - - [11/Feb/2024:08:43:09 -0500] "POST /sipse/faces/presentacion/contratacion/procesoContractual/registrarInvitacionContratista.xhtml HTTP/1.1" 200 74542
186.86.34.55 - - [11/Feb/2024:08:43:09 -0500] "GET /sipse/faces/javax.faces.resource/theme.css?ln=primefaces-sipse HTTP/1.1" 304 -
186.86.34.55 - - [11/Feb/2024:08:43:09 -0500] "GET /sipse/faces/javax.faces.resource/layout/layout.css?ln=primefaces&v=4.0 HTTP/1.1" 304 -
186.86.34.55 - - [11/Feb/2024:08:43:09 -0500] "GET /sipse/faces/javax.faces.resource/primefaces.css?ln=primefaces&v=4.0 HTTP/1.1" 304 -
186.86.34.55 - - [11/Feb/2024:08:43:09 -0500] "GET /sipse/faces/javax.faces.resource/jquery/jquery.js?ln=primefaces&v=4.0 HTTP/1.1" 304 -
186.86.34.55 - - [11/Feb/2024:08:43:09 -0500] "GET /sipse/faces/javax.faces.resource/jquery/jquery-plugins.js?ln=primefaces&v=4.0 HTTP/1.1" 304 -
186.86.34.55 - - [11/Feb/2024:08:43:09 -0500] "GET /sipse/faces/javax.faces.resource/primefaces.js?ln=primefaces&v=4.0 HTTP/1.1" 304 -
186.86.34.55 - - [11/Feb/2024:08:43:09 -0500] "GET /sipse/faces/javax.faces.resource/layout/layout.js?ln=primefaces&v=4.0 HTTP/1.1" 304 -
186.86.34.55 - - [11/Feb/2024:08:43:14 -0500] "POST /sipse/faces/presentacion/contratacion/contrato/crearModificarContrato.xhtml HTTP/1.1" 200 41189
186.86.34.55 - - [11/Feb/2024:08:43:15 -0500] "GET /sipse/faces/javax.faces.resource/theme.css?ln=primefaces-sipse HTTP/1.1" 304 -
186.86.34.55 - - [11/Feb/2024:08:43:15 -0500] "GET /sipse/faces/javax.faces.resource/primefaces.css?ln=primefaces&v=4.0 HTTP/1.1" 304 -
186.86.34.55 - - [11/Feb/2024:08:43:15 -0500] "GET /sipse/faces/javax.faces.resource/jquery/jquery.js?ln=primefaces&v=4.0 HTTP/1.1" 304 -
186.86.34.55 - - [11/Feb/2024:08:43:15 -0500] "GET /sipse/faces/javax.faces.resource/jquery/jquery-plugins.js?ln=primefaces&v=4.0 HTTP/1.1" 304 -
186.86.34.55 - - [11/Feb/2024:08:43:15 -0500] "GET /sipse/faces/javax.faces.resource/primefaces.js?ln=primefaces&v=4.0 HTTP/1.1" 304 -
186.86.34.55 - - [11/Feb/2024:08:43:15 -0500] "GET /sipse/faces/javax.faces.resource/layout/layout.css?ln=primefaces&v=4.0 HTTP/1.1" 304 -
186.86.34.55 - - [11/Feb/2024:08:43:15 -0500] "GET /sipse/faces/javax.faces.resource/layout/layout.js?ln=primefaces&v=4.0 HTTP/1.1" 304 -
172.22.2.4 - - [11/Feb/2024:08:41:48 -0500] "GET /BLA/boletinlegal/ HTTP/1.1" 200 58684
186.86.34.55 - - [11/Feb/2024:08:43:28 -0500] "POST /sipse/faces/presentacion/contratacion/contrato/adicionarSupervisor.xhtml HTTP/1.1" 200 16849
191.156.49.45 - - [11/Feb/2024:08:43:33 -0500] "GET /sipse/faces/faces/faces/faces/index.xhtml HTTP/1.1" 200 677
191.156.49.45 - - [11/Feb/2024:08:43:33 -0500] "GET /sipse/faces/javax.faces.resource/theme.css?ln=primefaces-sipse HTTP/1.1" 304 -
191.156.55.226 - - [11/Feb/2024:08:43:33 -0500] "GET /sipse/faces/javax.faces.resource/primefaces.css?ln=primefaces&v=4.0 HTTP/1.1" 304 -
191.156.50.78 - - [11/Feb/2024:08:43:33 -0500] "GET /sipse/faces/javax.faces.resource/jquery/jquery.js?ln=primefaces&v=4.0 HTTP/1.1" 304 -
191.156.52.131 - - [11/Feb/2024:08:43:33 -0500] "GET /sipse/faces/javax.faces.resource/theme.css?ln=primefaces-sipse HTTP/1.1" 304 -
191.156.51.214 - - [11/Feb/2024:08:43:33 -0500] "GET /sipse/faces/javax.faces.resource/primefaces.js?ln=primefaces&v=4.0 HTTP/1.1" 304 -
191.156.49.45 - - [11/Feb/2024:08:43:33 -0500] "GET /sipse/faces/javax.faces.resource/layout/layout.js?ln=primefaces&v=4.0 HTTP/1.1" 304 -
191.156.49.45 - - [11/Feb/2024:08:43:33 -0500] "GET /sipse/faces/faces/faces/faces/faces/autenticacion.xhtml HTTP/1.1" 200 12405
191.156.55.226 - - [11/Feb/2024:08:43:33 -0500] "GET /sipse/faces/javax.faces.resource/jquery/jquery-plugins.js?ln=primefaces&v=4.0 HTTP/1.1" 304 -
191.156.50.78 - - [11/Feb/2024:08:43:33 -0500] "GET /sipse/faces/javax.faces.resource/layout/layout.css?ln=primefaces&v=4.0 HTTP/1.1" 304 -
74.125.210.198 - - [11/Feb/2024:08:43:33 -0500] "GET /BLA/resoluciones/RESOLUCIONES%202019/3641.pdf HTTP/1.1" 404 1018
191.156.49.45 - - [11/Feb/2024:08:43:33 -0500] "GET /sipse/faces/javax.faces.resource/images/ui-icons_898989_256x240.png?ln=primefaces-aristo HTTP/1.1" 304 -
186.86.34.55 - - [11/Feb/2024:08:43:36 -0500] "POST /sipse/faces/presentacion/contratacion/contrato/adicionarSupervisor.xhtml HTTP/1.1" 200 79836
186.86.34.55 - - [11/Feb/2024:08:43:36 -0500] "GET /sipse/faces/javax.faces.resource/theme.css?ln=primefaces-sipse HTTP/1.1" 304 -
186.86.34.55 - - [11/Feb/2024:08:43:36 -0500] "GET /sipse/faces/javax.faces.resource/primefaces.css?ln=primefaces&v=4.0 HTTP/1.1" 304 -
186.86.34.55 - - [11/Feb/2024:08:43:36 -0500] "GET /sipse/faces/javax.faces.resource/jquery/jquery-plugins.js?ln=primefaces&v=4.0 HTTP/1.1" 304 -
186.86.34.55 - - [11/Feb/2024:08:43:36 -0500] "GET /sipse/faces/javax.faces.resource/jquery/jquery.js?ln=primefaces&v=4.0 HTTP/1.1" 304 -
186.86.34.55 - - [11/Feb/2024:08:43:36 -0500] "GET /sipse/faces/javax.faces.resource/layout/layout.css?ln=primefaces&v=4.0 HTTP/1.1" 304 -
186.86.34.55 - - [11/Feb/2024:08:43:36 -0500] "GET /sipse/faces/javax.faces.resource/primefaces.js?ln=primefaces&v=4.0 HTTP/1.1" 304 -
186.86.34.55 - - [11/Feb/2024:08:43:36 -0500] "GET /sipse/faces/javax.faces.resource/layout/layout.js?ln=primefaces&v=4.0 HTTP/1.1" 304 -
186.86.34.55 - - [11/Feb/2024:08:43:41 -0500] "POST /sipse/faces/presentacion/contratacion/contrato/crearModificarContrato.xhtml HTTP/1.1" 200 168167
186.86.34.55 - - [11/Feb/2024:08:43:42 -0500] "GET /sipse/faces/javax.faces.resource/primefaces.css?ln=primefaces&v=4.0 HTTP/1.1" 304 -
186.86.34.55 - - [11/Feb/2024:08:43:42 -0500] "GET /sipse/faces/javax.faces.resource/theme.css?ln=primefaces-sipse HTTP/1.1" 304 -
186.86.34.55 - - [11/Feb/2024:08:43:42 -0500] "GET /sipse/faces/javax.faces.resource/layout/layout.css?ln=primefaces&v=4.0 HTTP/1.1" 304 -
186.86.34.55 - - [11/Feb/2024:08:43:42 -0500] "GET /sipse/faces/javax.faces.resource/jquery/jquery.js?ln=primefaces&v=4.0 HTTP/1.1" 304 -
186.86.34.55 - - [11/Feb/2024:08:43:42 -0500] "GET /sipse/faces/javax.faces.resource/jquery/jquery-plugins.js?ln=primefaces&v=4.0 HTTP/1.1" 304 -
186.86.34.55 - - [11/Feb/2024:08:43:42 -0500] "GET /sipse/faces/javax.faces.resource/primefaces.js?ln=primefaces&v=4.0 HTTP/1.1" 304 -
186.86.34.55 - - [11/Feb/2024:08:43:42 -0500] "GET /sipse/faces/javax.faces.resource/layout/layout.js?ln=primefaces&v=4.0 HTTP/1.1" 304 -
186.86.34.55 - - [11/Feb/2024:08:43:43 -0500] "GET /sipse/faces/javax.faces.resource/dynamiccontent.properties?ln=primefaces&pfdrid=XjOR5%2F%2FfPAZAuY9TpWQeCiM0BhlXxYRBGKi%2FQcXXfeA%3D&pfdrid_c=false HTTP/1.1" 500 383
186.86.34.55 - - [11/Feb/2024:08:43:53 -0500] "POST /sipse/faces/presentacion/financiero/solicitudProceso/consultarSolicitudProceso.xhtml HTTP/1.1" 200 62504
186.86.34.55 - - [11/Feb/2024:08:43:57 -0500] "GET /sipse/faces/javax.faces.resource/theme.css?ln=primefaces-sipse HTTP/1.1" 304 -
186.86.34.55 - - [11/Feb/2024:08:43:57 -0500] "GET /sipse/faces/javax.faces.resource/primefaces.css?ln=primefaces&v=4.0 HTTP/1.1" 304 -
186.86.34.55 - - [11/Feb/2024:08:43:57 -0500] "GET /sipse/faces/javax.faces.resource/layout/layout.css?ln=primefaces&v=4.0 HTTP/1.1" 304 -
186.86.34.55 - - [11/Feb/2024:08:43:57 -0500] "GET /sipse/faces/javax.faces.resource/jquery/jquery.js?ln=primefaces&v=4.0 HTTP/1.1" 304 -
186.86.34.55 - - [11/Feb/2024:08:43:57 -0500] "GET /sipse/faces/javax.faces.resource/jquery/jquery-plugins.js?ln=primefaces&v=4.0 HTTP/1.1" 304 -
186.86.34.55 - - [11/Feb/2024:08:43:57 -0500] "GET /sipse/faces/javax.faces.resource/primefaces.js?ln=primefaces&v=4.0 HTTP/1.1" 304 -
186.86.34.55 - - [11/Feb/2024:08:43:57 -0500] "GET /sipse/faces/javax.faces.resource/layout/layout.js?ln=primefaces&v=4.0 HTTP/1.1" 304 -
186.86.34.55 - - [11/Feb/2024:08:43:57 -0500] "POST /sipse/faces/presentacion/financiero/solicitudProceso/listarSolicitudProceso.xhtml HTTP/1.1" 200 1556
201.245.192.253 - - [11/Feb/2024:08:43:59 -0500] "POST /forms/lservlet;jsessionid=ac16012b30d610ae24beb5094434bff4cfc888fbc4af.e3iSbxaKaheRe3qKcheMbNuKc41ynknvrkLOlQzNp65In0 HTTP/1.1" 200 2
186.86.34.55 - - [11/Feb/2024:08:44:22 -0500] "POST /sipse/faces/presentacion/financiero/solicitudProceso/listarSolicitudProceso.xhtml HTTP/1.1" 200 161257
186.86.34.55 - - [11/Feb/2024:08:44:23 -0500] "GET /sipse/faces/javax.faces.resource/theme.css?ln=primefaces-sipse HTTP/1.1" 304 -
186.86.34.55 - - [11/Feb/2024:08:44:23 -0500] "GET /sipse/faces/javax.faces.resource/jquery/jquery.js?ln=primefaces&v=4.0 HTTP/1.1" 304 -
186.86.34.55 - - [11/Feb/2024:08:44:23 -0500] "GET /sipse/faces/javax.faces.resource/primefaces.css?ln=primefaces&v=4.0 HTTP/1.1" 304 -
186.86.34.55 - - [11/Feb/2024:08:44:23 -0500] "GET /sipse/faces/javax.faces.resource/layout/layout.css?ln=primefaces&v=4.0 HTTP/1.1" 304 -
186.86.34.55 - - [11/Feb/2024:08:44:23 -0500] "GET /sipse/faces/javax.faces.resource/jquery/jquery-plugins.js?ln=primefaces&v=4.0 HTTP/1.1" 304 -
186.86.34.55 - - [11/Feb/2024:08:44:24 -0500] "GET /sipse/faces/javax.faces.resource/primefaces.js?ln=primefaces&v=4.0 HTTP/1.1" 304 -
186.86.34.55 - - [11/Feb/2024:08:44:24 -0500] "GET /sipse/faces/javax.faces.resource/layout/layout.js?ln=primefaces&v=4.0 HTTP/1.1" 304 -
186.86.34.55 - - [11/Feb/2024:08:44:24 -0500] "GET /sipse/faces/javax.faces.resource/dynamiccontent.properties?ln=primefaces&pfdrid=XjOR5%2F%2FfPAZAuY9TpWQeCiM0BhlXxYRBGKi%2FQcXXfeA%3D&pfdrid_c=false HTTP/1.1" 500 383
66.249.66.20 - - [11/Feb/2024:08:44:27 -0500] "GET /Publicaciones/2023EE308667.pdf HTTP/1.1" 404 228
186.86.34.55 - - [11/Feb/2024:08:44:36 -0500] "POST /sipse/faces/presentacion/financiero/solicitudProceso/consultarSolicitudProceso.xhtml HTTP/1.1" 200 274427
201.245.192.253 - - [11/Feb/2024:08:44:38 -0500] "POST /forms/lservlet;jsessionid=ac16012b30d629257b7236c7411e84d9b4a8aba690a2.e3iSbxaKaheRe3qKcheMbNuKc41ynknvrkLOlQzNp65In0 HTTP/1.1" 200 2
186.86.34.55 - - [11/Feb/2024:08:44:38 -0500] "POST /sipse/faces/presentacion/financiero/solicitudProceso/consultarSolicitudProceso.xhtml HTTP/1.1" 200 88930
201.245.192.253 - - [11/Feb/2024:08:44:43 -0500] "POST /kwsrmcab/Wsrmcab  HTTP/1.1" 200 37396
186.30.49.124 - - [11/Feb/2024:08:45:04 -0500] "OPTIONS /kwssiamovil/sm/setfile/f? HTTP/1.1" 200 13
186.86.34.55 - - [11/Feb/2024:08:45:08 -0500] "POST /sipse/faces/presentacion/financiero/solicitudProceso/consultarSolicitudProceso.xhtml HTTP/1.1" 200 73569
186.86.34.55 - - [11/Feb/2024:08:45:08 -0500] "GET /sipse/faces/javax.faces.resource/theme.css?ln=primefaces-sipse HTTP/1.1" 304 -
186.86.34.55 - - [11/Feb/2024:08:45:08 -0500] "GET /sipse/faces/javax.faces.resource/primefaces.css?ln=primefaces&v=4.0 HTTP/1.1" 304 -
186.86.34.55 - - [11/Feb/2024:08:45:08 -0500] "GET /sipse/faces/javax.faces.resource/layout/layout.css?ln=primefaces&v=4.0 HTTP/1.1" 304 -
186.86.34.55 - - [11/Feb/2024:08:45:08 -0500] "GET /sipse/faces/javax.faces.resource/jquery/jquery.js?ln=primefaces&v=4.0 HTTP/1.1" 304 -
186.86.34.55 - - [11/Feb/2024:08:45:08 -0500] "GET /sipse/faces/javax.faces.resource/jquery/jquery-plugins.js?ln=primefaces&v=4.0 HTTP/1.1" 304 -
186.86.34.55 - - [11/Feb/2024:08:45:08 -0500] "GET /sipse/faces/javax.faces.resource/primefaces.js?ln=primefaces&v=4.0 HTTP/1.1" 304 -
186.86.34.55 - - [11/Feb/2024:08:45:08 -0500] "GET /sipse/faces/javax.faces.resource/layout/layout.js?ln=primefaces&v=4.0 HTTP/1.1" 304 -
186.30.49.124 - - [11/Feb/2024:08:45:04 -0500] "POST /kwssiamovil/sm/setfile/f? HTTP/1.1" 200 381
186.30.49.124 - - [11/Feb/2024:08:45:18 -0500] "GET /kwssiamovil/sm/acme/a?s=U2FsdGVkX18ecBuYl4abrI5oVZLYDZvo2xrk3e3sTwJ2kDySUWlVIHyqSbQgBgpX29rWYSg9XjiRTUJPc5LDkf1fXZCLa/bfcRb3CDzOjzDIQrHhSQ1CIJO+YPe7YLGUmgVsyE703Yheg13JYCaSJ4kHOI0D8APVl9XuCgCbHfw6arKUkeMh9wu3ntoonKRTiRJt1MajEqIim25ZbVkin5gTyBCOLRIJCbEmT9W+KONY65hGBGccN3rp+5DBKkLkJTZ42RqHkmkfyOARPlY3Cg==&u=U2FsdGVkX19jOl3RTkkA1qqbR1Ty6rHwAjTpNk5kFd4=&y=U2FsdGVkX1+okE46NVY3HhK8vq+Ef6B3B5nd7/fWeo8= HTTP/1.1" 200 26
186.30.49.124 - - [11/Feb/2024:08:45:19 -0500] "GET /kwssiamovil/sm/acme/a?s=U2FsdGVkX1+OH28ZNzbVfFHqiweIH+aXPZWXxlhG7lOGWlkp09vFPx/vwIC/liS5ZciIpEpolce1PzGXy49Es5gZ78eNPdE8ACba8DMUdy73efzwCvnWahyuWzXppt+TQ9oJZNXGqc4tQIyGsAF5KtMpMF/sxa8U+1QwfiliQs0UMfoPDgXscRnIPasEYSgJiGXk8JOEhG+FXvalM0OcAh6qsXSABcnuEgCfTfJ9yMUiWIS5SPkU6bzbT6ACH4ZgLZRN0Jg1/gl6pY/g6dnjHe7qFLFWLRTKRlDZesujiHOK6dUObuZ0AM6gKL44Md6Pix33GyrqWTTs3sm/PLKgQWlindCsiUb7mTNkQ3JxBfuOrnKJUC4PpE4zLXZj9e0R6CyRtDmjpXiGZkJQ8DF3/CwkDJ67CEs9s0sM3qtKp/lfCMiv7DMECg0uSwqh/122RAkyUI0GFr36dKw/LtcSSGxQcFTCHc7BX0pbYiOgSpdZzWq/v7HvF+NXT9DDWgHjT/58ncjvaN2+FcResieVIh7G1LEUr985SWeT4jXHypCvqX+GW3SWSeReiXv8wgxVc/jr4gllKTI/u4jHxIMBuRqg9slkOZJ3TYghYvaRcwxe66BLZEMHQFwbz7ihb38QrSOMl5ni61dt1OQftGkfMndp/SX9X+YBJCwvHQ+H3mdhyVs4OlWasg3RalvdRFJBAQju6GZdo1iqe8Y8TEPLbyHn0/TmZTtzYlo2bgPbfElBvcB6lNZUYf3m0W7Y4UOZslobl6eVCNB9qNuWORI6xA8KTavRiFv23h0ICGgw25FC6TlxVE6vJa35RSaZah0NN428XovIpxr3XX0nAqTvci1IO2Y/BR7ov54PxnPLCnwTb3Wz4mXslA9gnRP+g6TwNsd0MuFahcofA1VFBZNsP5cpzF+W3PknELxGgVDhvfMYQtWVIqJ/9hUM3+KtfQxCADY7gUgnlJhfdvqdJwSa3VaUMgkHOHTS44vmIHbRGq9DsAvkql8rys6n6A3Lfu7tbkTQaOubmyPRdGTn/3y+5cTzywcbHEPhKv+HzNTqvr0k321UJ/toPBQgGfqyN0tpPzvJnDpjWwASPvuIXpX0x3k2E7BqkkymglquRWVHBbNcglRPQJNe29W9PnLQ6Cl2plkPZGW0ek0Q/XiK7Qp+aWpb5kh4rM+JpFedhc8EffLnPKu2yjWaE1TPWOxHaI15VxJ81U80xT03EG6WRinQkwFrWzXgCNqpWxFQBkOvJHctnqhW3XyA9TwACh6/swiVXDRTBzL6K/T5X7Kw5r0go9UrgFS5t9zxaZ4JigTHPnJ9DQaXjQUuq6FvHaxed43wRPekYSvlLJBxanSQhQ3KlLKJJ+o3dTZST790Dpx4IEOerlG1dlxyRzGiJVG5gb6VjcHQU09t2YAt2UeINiN1dwNY+FfjCStJVqIR3hh31C55HV0D1x8UzIZvR0EeTgQZxOXLj73gJD4W3GEQi8V+7ZT/PuFvo8NS5GWtTopqMLqUif1wihOMGn6U4oGs/ID82IUaR6V0B3rJqzxqwOJ9Hs/TPcENbso0NNAwpb5zbJYLEARAHTRrLTGNCSe2bfpVbrrzs9ALIfp7uWlgeZ2qQaZy16XMV+WApoMa7AvGXXxRQ8haqAxQo9oihUMybikGYUygJhho1VIIXl1l1lDbZO8vtJZHbX+SPqJ6gawG3MUEUY4mESb0aVW0GedIujm2V/fFo/vrO5OhSsc4X3Atm2b7FcT6tbJDrmKOncShNpkOf969ZmvoJzoovSKW9yvGMj8OBN1bN4NXsdvYAi7ZlisKsv9249l64LOvngpxGsmq0tilE8kCspHwKMC2qmRT1TTg79M4pjiTWac1LZ79uD/MesmZhpBrP/iNZmzhH3wIYduxKdUjx2OwUsXkYpVaWE0YqvnLwA8Vq6sJA3uX2iUUex5MzWHT+RDn6Cbihy7tOVgLVmWkJaJDLu1kv4Pl/EZl978eUHKh4rCj7+kJPN9cbsLb2H10y+mjuv02KRkCyc6bEdcBqPfXCuCF0Ac6jNtqqPCE4js0B5lFFV5OAY9SgtAbuViZfG6YSuzGk1WslMpNJDH9sKNgv9MUzYh7MJFVx3ML05EiBuQFzeFoiUUVgCxwvu8xl91XnRysjtmpJ0SGuUmd4goAnE7jQkC2ot1864jT/BdfYsTLGTJBY7V0JOyGekbWb56fyXyeF7QyCscBBQ6csOXEqJZiajv253BSObzXUhVzGjQDrMx6OZ+oc2r8ZPMy+efb7RxiM98QozR2SQ7BQ1qsYWrzYb5pTDotrfmXyKRx7ob83eNH/LTHkfxXJBWWENHVU0rdyddsSOrmz7sSTSM+OWYr34gWal2Ttk8lm1h2oGdb5bw7DKAXtMqfbwua+SV5SzQg0kZV84mdZWIEgWSJ4UPe6H69F5oHuGxQe/1wjUGgJ4gPQab863GaXeOlnwE3NcbAgShLM95WgJZ8+qo2IDbtFtQjsOJFrSV0d93MFQGiYrWXcyUKudBQuMhUlS0lmqUo/ZVeduZ4kJSRO85ytk286VjW/Itw+DqR8Z6ns2jgy2huIz2l+ZYy1nx6E7juHUx79QbbApNv6114kw7KYQJk7EOQJqnwukKKeAcGFEGZQ9D8jhGz6GXT9R0I+sBk1dUpblSS+OE6A3yxqy0hF+tZReJuaavbDomn61bJ/li4VmX8u1Iq25Yisy+wi6u19ZPyO0OsWzNKfZW71T6Qfk8TTQwgIS0kEsjRcOSR0/RHSYWnskFv007UZay7B+YgARxUQGGqZ2JQJcW4nJj3hWhu0NLJaDSdHA8LoupIzA2yFjbj4tCZh599oD9PAvFx2w5YliPexmzDN+yxXwKmI6z9xDsjaRF8HQmgWV0D4atD/Olllg==&u=U2FsdGVkX19jOl3RTkkA1qqbR1Ty6rHwAjTpNk5kFd4=&y=U2FsdGVkX1+okE46NVY3HhK8vq+Ef6B3B5nd7/fWeo8= HTTP/1.1" 200 26
186.30.49.124 - - [11/Feb/2024:08:45:19 -0500] "GET /kwssiamovil/sm/acme/a?s=U2FsdGVkX1/oX5qb39tG1oZsIYqIEe9xuV1K+NxeE5M1M4UcltqshCRjJq5mCHOZmYhHYl4+8n2iDBvD1MIHCASo+tcGcLUeqKz5/NbUDlFa7jBQzjFntv+sREePMsCkMguHerFUdS6BPM27E883Sh5xBLtd+vwsVJH2CYodQ7A=&u=U2FsdGVkX19jOl3RTkkA1qqbR1Ty6rHwAjTpNk5kFd4=&y=U2FsdGVkX1+okE46NVY3HhK8vq+Ef6B3B5nd7/fWeo8= HTTP/1.1" 200 26
186.30.49.124 - - [11/Feb/2024:08:45:19 -0500] "GET /kwssiamovil/sm/acme/a?s=U2FsdGVkX19aM4Mx+kLnnk32JQhMpKHf5ZZeXnOeXIDoq/wKdpxEHwAULHLi8dOOQvR+gyISrKJvDil23PTdcC/u49sB2sd4ncUVixXozFK9l4mgzEash+5kpk/E6uM3BA58CHFR127Ek+btwgqVgKi1G6rMlgcw978PRJpUJIc=&u=U2FsdGVkX19jOl3RTkkA1qqbR1Ty6rHwAjTpNk5kFd4=&y=U2FsdGVkX1+okE46NVY3HhK8vq+Ef6B3B5nd7/fWeo8= HTTP/1.1" 200 26
186.30.49.124 - - [11/Feb/2024:08:45:19 -0500] "GET /kwssiamovil/sm/acme/a?s=U2FsdGVkX1+NCSI0j+tqbBXz08fgc5iYn4UTqAwip/ELo9+4nFy+zlnHEHbjxyWjGjQ1L5P9r8vAoWYBc5wHNZNWYkmfrVdJiIv0g+WiSte6ns3E1M6+LDZ29Cb9JNIntsloY4P+0y8RBg26CHLjo5j7QZn5uvBCmMuvHxWTRcQ=&u=U2FsdGVkX19jOl3RTkkA1qqbR1Ty6rHwAjTpNk5kFd4=&y=U2FsdGVkX1+okE46NVY3HhK8vq+Ef6B3B5nd7/fWeo8= HTTP/1.1" 200 26
186.30.49.124 - - [11/Feb/2024:08:45:19 -0500] "GET /kwssiamovil/sm/acme/a?s=U2FsdGVkX1/4xptE4QZJW9TpTIybzlLp23H3q+wZRSHSnO0WoLnW8J06aEZ/O0FTMpNPvQLgqUQ+4yWOs+toF09jbC9WC4eM6O1UTQ5Rn0YDJBRIDm9Mc/UOE0SMMRdW86x1Wunl2SvnIPTbXnqXHIJ6tVIhZn5sKePaBt3wQRm1T5569nwoKjsD5/ebxtdl&u=U2FsdGVkX19jOl3RTkkA1qqbR1Ty6rHwAjTpNk5kFd4=&y=U2FsdGVkX1+okE46NVY3HhK8vq+Ef6B3B5nd7/fWeo8= HTTP/1.1" 200 26
186.30.49.124 - - [11/Feb/2024:08:45:19 -0500] "GET /kwssiamovil/sm/acme/a?s=U2FsdGVkX1/C2GZbyYby5Tvy80KdaQZ18izlz0vL5I6LdqsdpwiGD/zp7hiSECimKbc1w21l4uShskP5kHvoTqcJMtN2DiJlwxdfd2EY2C7ekMRKot9zlKbcNcuq+z7N3eVX8lefHMN+aVIiIeZRsDEgJyioQdWtgtoIAAsCPO87uat5OJeSse9bpf3nM5AJhIjpH9cagtR0NUa/vSNZDeq7T63fO6306OdSnO+4kA6mrzCfRixJi6em42HQ2ashSNeRFmLvaNtsYBgO4HgG4mEZpm5bDAXQjz/LPJSUbjDJCn9fTuCs2fy6L6arEaTan9O5pyUqVjvubAfGK1B6pjK7OlzLDF2bXSLEUxZTJ6G5UB8l1oCzkeS8N3O6B6kLKFKk2MQRvnNzWwtjGZ4Vr2pHYpKo48yCCTV0d5qXhMe1KmXfvYH1G7z8lBr2P89fymkO9ngB8HwJvLJZEsQj7yTShxs95BeYRCgUNGCUpPU=&u=U2FsdGVkX19jOl3RTkkA1qqbR1Ty6rHwAjTpNk5kFd4=&y=U2FsdGVkX1+okE46NVY3HhK8vq+Ef6B3B5nd7/fWeo8= HTTP/1.1" 200 26
186.30.49.124 - - [11/Feb/2024:08:45:20 -0500] "GET /kwssiamovil/sm/acme/a?s=U2FsdGVkX19xeEKBZVRLBGgF/FztO3C4SN0u3XHi3S6oej/2OjdphYyZbzJcCsMI+iTURDn2eTt0UOO12XOyBC1ik2pszTLqUQIictEtobq0e7wVYd1hOmAYqQHSwXAJd2dDyPXSDMZN86RGNuJVnUuXJBTyzY+nFy6ATp5LSjQWHYxecs5MO3QpikzNa+CiKcSDhDb/I6msydg6sE9oNuuSUEsq+HjeSnBpXDVKpWLma/TJJTXD+tkHjogugvvBb6AWypePtrwqpH3IzmuGVAR0Y7Kg1bsrAmTbmn11jJxdZit8txqqK6x8g0IwVfSCsBtuVrMwauZ/1jasMcAnW9xPAmxyhI6KH2K2VQLtjTSyTy7ZIumEaKuzmxuIVWi30clBueOhfHSDYYutJiDcrGwGi/YK8ZpBNHQMx6o046SohZDOTWsWeNRhKUygQmsR&u=U2FsdGVkX19jOl3RTkkA1qqbR1Ty6rHwAjTpNk5kFd4=&y=U2FsdGVkX1+okE46NVY3HhK8vq+Ef6B3B5nd7/fWeo8= HTTP/1.1" 200 26
201.245.192.253 - - [11/Feb/2024:08:45:59 -0500] "POST /forms/lservlet;jsessionid=ac16012b30d610ae24beb5094434bff4cfc888fbc4af.e3iSbxaKaheRe3qKcheMbNuKc41ynknvrkLOlQzNp65In0 HTTP/1.1" 200 2
186.86.34.55 - - [11/Feb/2024:08:46:19 -0500] "POST /sipse/faces/presentacion/contratacion/contrato/crearModificarContrato.xhtml HTTP/1.1" 200 58405
186.86.34.55 - - [11/Feb/2024:08:46:20 -0500] "POST /sipse/faces/presentacion/contratacion/contrato/crearModificarContrato.xhtml HTTP/1.1" 200 30939
186.86.34.55 - - [11/Feb/2024:08:46:20 -0500] "GET /sipse/faces/javax.faces.resource/theme.css?ln=primefaces-sipse HTTP/1.1" 304 -
186.86.34.55 - - [11/Feb/2024:08:46:20 -0500] "GET /sipse/faces/javax.faces.resource/primefaces.css?ln=primefaces&v=4.0 HTTP/1.1" 304 -
186.86.34.55 - - [11/Feb/2024:08:46:20 -0500] "GET /sipse/faces/javax.faces.resource/primefaces.js?ln=primefaces&v=4.0 HTTP/1.1" 304 -
186.86.34.55 - - [11/Feb/2024:08:46:20 -0500] "GET /sipse/faces/javax.faces.resource/jquery/jquery-plugins.js?ln=primefaces&v=4.0 HTTP/1.1" 304 -
186.86.34.55 - - [11/Feb/2024:08:46:20 -0500] "GET /sipse/faces/javax.faces.resource/jquery/jquery.js?ln=primefaces&v=4.0 HTTP/1.1" 304 -
186.86.34.55 - - [11/Feb/2024:08:46:20 -0500] "GET /sipse/faces/javax.faces.resource/layout/layout.css?ln=primefaces&v=4.0 HTTP/1.1" 304 -
186.86.34.55 - - [11/Feb/2024:08:46:20 -0500] "GET /sipse/faces/javax.faces.resource/layout/layout.js?ln=primefaces&v=4.0 HTTP/1.1" 304 -
186.86.34.55 - - [11/Feb/2024:08:46:23 -0500] "POST /sipse/faces/presentacion/contratacion/procesoContractual/registrarInvitacionContratista.xhtml HTTP/1.1" 200 9689
201.245.192.253 - - [11/Feb/2024:08:46:38 -0500] "POST /forms/lservlet;jsessionid=ac16012b30d629257b7236c7411e84d9b4a8aba690a2.e3iSbxaKaheRe3qKcheMbNuKc41ynknvrkLOlQzNp65In0 HTTP/1.1" 200 2
186.86.34.55 - - [11/Feb/2024:08:46:51 -0500] "POST /sipse/faces/presentacion/contratacion/procesoContractual/registrarInvitacionContratista.xhtml HTTP/1.1" 200 9254
186.86.34.55 - - [11/Feb/2024:08:47:01 -0500] "POST /sipse/faces/presentacion/contratacion/procesoContractual/registrarInvitacionContratista.xhtml HTTP/1.1" 200 74402
186.86.34.55 - - [11/Feb/2024:08:47:02 -0500] "GET /sipse/faces/javax.faces.resource/theme.css?ln=primefaces-sipse HTTP/1.1" 304 -
186.86.34.55 - - [11/Feb/2024:08:47:02 -0500] "GET /sipse/faces/javax.faces.resource/primefaces.css?ln=primefaces&v=4.0 HTTP/1.1" 304 -
186.86.34.55 - - [11/Feb/2024:08:47:02 -0500] "GET /sipse/faces/javax.faces.resource/layout/layout.css?ln=primefaces&v=4.0 HTTP/1.1" 304 -
186.86.34.55 - - [11/Feb/2024:08:47:02 -0500] "GET /sipse/faces/javax.faces.resource/jquery/jquery.js?ln=primefaces&v=4.0 HTTP/1.1" 304 -
186.86.34.55 - - [11/Feb/2024:08:47:02 -0500] "GET /sipse/faces/javax.faces.resource/jquery/jquery-plugins.js?ln=primefaces&v=4.0 HTTP/1.1" 304 -
186.86.34.55 - - [11/Feb/2024:08:47:02 -0500] "GET /sipse/faces/javax.faces.resource/primefaces.js?ln=primefaces&v=4.0 HTTP/1.1" 304 -
186.86.34.55 - - [11/Feb/2024:08:47:02 -0500] "GET /sipse/faces/javax.faces.resource/layout/layout.js?ln=primefaces&v=4.0 HTTP/1.1" 304 -
186.86.34.55 - - [11/Feb/2024:08:47:10 -0500] "POST /sipse/faces/presentacion/contratacion/contrato/crearModificarContrato.xhtml HTTP/1.1" 200 41189
186.86.34.55 - - [11/Feb/2024:08:47:11 -0500] "GET /sipse/faces/javax.faces.resource/primefaces.css?ln=primefaces&v=4.0 HTTP/1.1" 304 -
186.86.34.55 - - [11/Feb/2024:08:47:11 -0500] "GET /sipse/faces/javax.faces.resource/theme.css?ln=primefaces-sipse HTTP/1.1" 304 -
186.86.34.55 - - [11/Feb/2024:08:47:11 -0500] "GET /sipse/faces/javax.faces.resource/layout/layout.css?ln=primefaces&v=4.0 HTTP/1.1" 304 -
186.86.34.55 - - [11/Feb/2024:08:47:11 -0500] "GET /sipse/faces/javax.faces.resource/primefaces.js?ln=primefaces&v=4.0 HTTP/1.1" 304 -
186.86.34.55 - - [11/Feb/2024:08:47:11 -0500] "GET /sipse/faces/javax.faces.resource/jquery/jquery-plugins.js?ln=primefaces&v=4.0 HTTP/1.1" 304 -
186.86.34.55 - - [11/Feb/2024:08:47:11 -0500] "GET /sipse/faces/javax.faces.resource/jquery/jquery.js?ln=primefaces&v=4.0 HTTP/1.1" 304 -
186.86.34.55 - - [11/Feb/2024:08:47:11 -0500] "GET /sipse/faces/javax.faces.resource/layout/layout.js?ln=primefaces&v=4.0 HTTP/1.1" 304 -
186.86.34.55 - - [11/Feb/2024:08:47:26 -0500] "POST /sipse/faces/presentacion/contratacion/contrato/adicionarSupervisor.xhtml HTTP/1.1" 200 16817
216.245.221.92 - - [11/Feb/2024:08:47:29 -0500] "HEAD / HTTP/1.1" 200 -
186.86.34.55 - - [11/Feb/2024:08:47:30 -0500] "POST /sipse/faces/presentacion/contratacion/contrato/adicionarSupervisor.xhtml HTTP/1.1" 200 79682
186.86.34.55 - - [11/Feb/2024:08:47:30 -0500] "GET /sipse/faces/javax.faces.resource/theme.css?ln=primefaces-sipse HTTP/1.1" 304 -
186.86.34.55 - - [11/Feb/2024:08:47:30 -0500] "GET /sipse/faces/javax.faces.resource/jquery/jquery.js?ln=primefaces&v=4.0 HTTP/1.1" 304 -
186.86.34.55 - - [11/Feb/2024:08:47:30 -0500] "GET /sipse/faces/javax.faces.resource/layout/layout.css?ln=primefaces&v=4.0 HTTP/1.1" 304 -
186.86.34.55 - - [11/Feb/2024:08:47:30 -0500] "GET /sipse/faces/javax.faces.resource/primefaces.css?ln=primefaces&v=4.0 HTTP/1.1" 304 -
186.86.34.55 - - [11/Feb/2024:08:47:30 -0500] "GET /sipse/faces/javax.faces.resource/primefaces.js?ln=primefaces&v=4.0 HTTP/1.1" 304 -
186.86.34.55 - - [11/Feb/2024:08:47:30 -0500] "GET /sipse/faces/javax.faces.resource/jquery/jquery-plugins.js?ln=primefaces&v=4.0 HTTP/1.1" 304 -
186.86.34.55 - - [11/Feb/2024:08:47:30 -0500] "GET /sipse/faces/javax.faces.resource/layout/layout.js?ln=primefaces&v=4.0 HTTP/1.1" 304 -
186.86.34.55 - - [11/Feb/2024:08:47:36 -0500] "POST /sipse/faces/presentacion/contratacion/contrato/crearModificarContrato.xhtml HTTP/1.1" 200 166419
186.86.34.55 - - [11/Feb/2024:08:47:36 -0500] "GET /sipse/faces/javax.faces.resource/layout/layout.css?ln=primefaces&v=4.0 HTTP/1.1" 304 -
186.86.34.55 - - [11/Feb/2024:08:47:36 -0500] "GET /sipse/faces/javax.faces.resource/primefaces.css?ln=primefaces&v=4.0 HTTP/1.1" 304 -
186.86.34.55 - - [11/Feb/2024:08:47:36 -0500] "GET /sipse/faces/javax.faces.resource/theme.css?ln=primefaces-sipse HTTP/1.1" 304 -
186.86.34.55 - - [11/Feb/2024:08:47:36 -0500] "GET /sipse/faces/javax.faces.resource/jquery/jquery.js?ln=primefaces&v=4.0 HTTP/1.1" 304 -
186.86.34.55 - - [11/Feb/2024:08:47:36 -0500] "GET /sipse/faces/javax.faces.resource/jquery/jquery-plugins.js?ln=primefaces&v=4.0 HTTP/1.1" 304 -
186.86.34.55 - - [11/Feb/2024:08:47:36 -0500] "GET /sipse/faces/javax.faces.resource/primefaces.js?ln=primefaces&v=4.0 HTTP/1.1" 304 -
186.86.34.55 - - [11/Feb/2024:08:47:37 -0500] "GET /sipse/faces/javax.faces.resource/layout/layout.js?ln=primefaces&v=4.0 HTTP/1.1" 304 -
186.86.34.55 - - [11/Feb/2024:08:47:37 -0500] "GET /sipse/faces/javax.faces.resource/dynamiccontent.properties?ln=primefaces&pfdrid=XjOR5%2F%2FfPAZAuY9TpWQeCiM0BhlXxYRBGKi%2FQcXXfeA%3D&pfdrid_c=false HTTP/1.1" 500 383
186.86.34.55 - - [11/Feb/2024:08:47:45 -0500] "POST /sipse/faces/presentacion/financiero/solicitudProceso/consultarSolicitudProceso.xhtml HTTP/1.1" 200 62504
186.86.34.55 - - [11/Feb/2024:08:47:48 -0500] "GET /sipse/faces/javax.faces.resource/layout/layout.css?ln=primefaces&v=4.0 HTTP/1.1" 304 -
186.86.34.55 - - [11/Feb/2024:08:47:48 -0500] "GET /sipse/faces/javax.faces.resource/primefaces.css?ln=primefaces&v=4.0 HTTP/1.1" 304 -
186.86.34.55 - - [11/Feb/2024:08:47:48 -0500] "GET /sipse/faces/javax.faces.resource/theme.css?ln=primefaces-sipse HTTP/1.1" 304 -
186.86.34.55 - - [11/Feb/2024:08:47:48 -0500] "GET /sipse/faces/javax.faces.resource/jquery/jquery.js?ln=primefaces&v=4.0 HTTP/1.1" 304 -
186.86.34.55 - - [11/Feb/2024:08:47:48 -0500] "GET /sipse/faces/javax.faces.resource/jquery/jquery-plugins.js?ln=primefaces&v=4.0 HTTP/1.1" 304 -
186.86.34.55 - - [11/Feb/2024:08:47:48 -0500] "GET /sipse/faces/javax.faces.resource/primefaces.js?ln=primefaces&v=4.0 HTTP/1.1" 304 -
186.86.34.55 - - [11/Feb/2024:08:47:48 -0500] "GET /sipse/faces/javax.faces.resource/layout/layout.js?ln=primefaces&v=4.0 HTTP/1.1" 304 -
186.86.34.55 - - [11/Feb/2024:08:47:48 -0500] "POST /sipse/faces/presentacion/financiero/solicitudProceso/listarSolicitudProceso.xhtml HTTP/1.1" 200 1556
201.245.192.253 - - [11/Feb/2024:08:47:59 -0500] "POST /forms/lservlet;jsessionid=ac16012b30d610ae24beb5094434bff4cfc888fbc4af.e3iSbxaKaheRe3qKcheMbNuKc41ynknvrkLOlQzNp65In0 HTTP/1.1" 200 2
40.77.167.3 - - [11/Feb/2024:08:48:06 -0500] "GET /BLA/resoluciones/RESOLUCIONES%202021/4624.pdf HTTP/1.1" 304 -
172.22.2.4 - - [11/Feb/2024:08:46:47 -0500] "HEAD /BLA/boletinlegal/ HTTP/1.1" 200 -
201.245.192.253 - - [11/Feb/2024:08:48:38 -0500] "POST /forms/lservlet;jsessionid=ac16012b30d629257b7236c7411e84d9b4a8aba690a2.e3iSbxaKaheRe3qKcheMbNuKc41ynknvrkLOlQzNp65In0 HTTP/1.1" 200 2
40.77.189.55 - - [11/Feb/2024:08:49:13 -0500] "GET /portaldeninos/wp-content/themes/betheme/fonts/mfn-icons.woff?93978679 HTTP/1.1" 200 80932
172.22.2.4 - - [11/Feb/2024:08:47:38 -0500] "GET /BLA/boletinlegal/ HTTP/1.1" 200 59173
201.245.192.253 - - [11/Feb/2024:08:49:41 -0500] "POST /kwsrmcab/Wsrmcab  HTTP/1.1" 200 37396
201.245.192.253 - - [11/Feb/2024:08:49:59 -0500] "POST /forms/lservlet;jsessionid=ac16012b30d610ae24beb5094434bff4cfc888fbc4af.e3iSbxaKaheRe3qKcheMbNuKc41ynknvrkLOlQzNp65In0 HTTP/1.1" 200 2
186.102.14.2 - - [11/Feb/2024:08:50:37 -0500] "GET /kwssiamovil/sm/ldap/au?x=U2FsdGVkX1+S+pCX6O10YxwvTDiA5oTaZDAGHlgzmte9YtBb1XEt3OCW1HWHeUIo&y=U2FsdGVkX1/TD7CElAmaf0XjvL8cgTzdvN67N09ByuOaqh3ybxms+izGGO6lD2EF HTTP/1.1" 200 30
186.102.14.2 - - [11/Feb/2024:08:50:37 -0500] "GET /kwssiamovil/sm/acme/s?s=U2FsdGVkX19vr4Q44GkIllsAjQ+tMnsBseU2LKSHGB4pk2D8vfMiDRe7WnZs3oSMYkxmfYMZ0ztky/ExnKV/kRIzoU6IdiYoQHz+Wei7COA=&u=U2FsdGVkX1+ZH5ssaCsEzkTdPmJY/pn8uFYp1y2nD98=&y=U2FsdGVkX1/TD7CElAmaf0XjvL8cgTzdvN67N09ByuOaqh3ybxms+izGGO6lD2EF HTTP/1.1" 200 97
186.102.14.2 - - [11/Feb/2024:08:50:37 -0500] "GET /kwssiamovil/sm/acme/s?s=U2FsdGVkX1/cX97QJm/A4b5YY1LzUL1BTcBIyRj+9R2lLi3KWhpYqcpqv2WTmu2k/i+4KXPncJTUpYQJiczmg0nR/Uem61FZs26y3Qqc9YMYnzcr1wdjveHMqor8rHI/FvOcGtg4Z1cfr8RNKaJ+1SjEUvZiAY4IprYsSWI7QUS8+l3fj6zPY6xxs5YyPGX9zzrQcJZ0SjcLIaz1NnUncUhphw4FOlzUKoVCRQBo+GAa5982INp1RqRtOg9BUzyBTbKGesND+3cwQHIVOb4uBxTPURcSYpys0esW+ggNbefVektjUrnSvApSyXe4Cwt57GRYuORqGwpvc1s5JBOPPMkng9R5Zf0XH6/FtXJz12UUZpUgHGMgiBROHLtvldc7S50Fq4VWQtQDc3IJUM9qsK9gMu8wMh6Ly7D+R+sdr+/QGkQ0EgUsU7udhbYvlOLgacVc2q7ht9FCp30Wi9QzvieclaqqAuEhEPtg2VmNQkRqWiIqaB9TgT4mfCH+GA+TyGfAiWGUpldBZ7c4eCJxW6P1TZ40h3VjFTjuKfvbeOfZ1bUVOaBbX/WH7ZZIB/Qi9SJ9iXxxifkTGDGRNjxmkE7sVt+80u82AxuxXXt2hl9UldseiApJ+dYUjAUp0c9+eMlxBPqPQPGhZPYrtHlvQ73APisGg98suxC3rL5MXtP5M0cf70rkCPtPYF5Nfbo3+d4MqvySFvmE85MkRez/q+Ch3fJURscy8xrtMPheNgVw0YOTslBQ0wPvqdsHHUrtnd0LSzYC9XZEWpl8P+tBaDWpHxTYSOUELnfLXgjUTgdVDRPUA4ySUbQB0lX70hQ1qzLT1KBMGSXmz6arN75sRr9BFqMst3gWbhwkU81Cq79rYIro+Ut9c4wh2/Old2bJNuGgHnSzpa7kXi3zDHC75ahvHmKgofca3TizsqTgL1/LPbIIP1RRDfPdybWdvYmjuW0/mhbDGMPACNjRHrUAyu0aFrGGIhylfcbOYV3EDbBjBC91acg2jy+lIZpY9GO0a60U1hplzZO22XPHn1GyJmfD5w7v6WDtiCbVk6BVjeShus9qUb8ZIkgPOtcwsKZAG4avItlfpodPIIZuyLudXGh0wzR9Q5drr8nY6uf8ZmBqCQ7ruvcW0Rhc3KXJAdc9j3bKoWNWqOmzhHBLGEa6d7FI/y4NZbUs/XdRVzbT/gIAtvF7XVcQYtQJ4NeCB2Z6DhvyaPQkC6suSJ12G2SZRrjg7GTfVUdawEnAvS3Hk/lfdaZw9+dNVO4kmS1hgmusrjKsrw/7K4K5/dRiDCuqcBiXYAk3TnXo98AQiC8x9Jk08gELtZ6jE0aRpAEmCvBZEfVly9gmnaR10umGCD1o8mMgX6YsYSGcomj0FviJrCSa/QbTukOZl6wuRuH5KCEZVd3+XDzRb/GPCVw5c18pKccj4srUBg/b8Jf84Hg1WjAWuHzlVgiVba/6S22zYLno1SNqS/3y6Zv/i/viAII05f9CvV0aY5AVV3dS/jF/7Erp9E8JL0kpPneJmZ4AWsJm15dgztbEr8u3ybVxngobDSVO2LHT7d44lqiH+CEwK1OzB2jB5NL5DeLLA4UO6X/ZHCNFycNQN73WRWzP3PMDGco1Q5P86iXMqcrbV5li96KcNeC//zvaOQsulk6GRRZFKosjdTySZSES7JFr+sA837AEamhdCT4ASIftvhWh69tyR08sfkbpb90B8vzodwSQtrzILOOD8VXKoBGHN9mpsUoA5fwlp18aplHMwP9MDug=&u=U2FsdGVkX1+ZH5ssaCsEzkTdPmJY/pn8uFYp1y2nD98=&y=U2FsdGVkX1/TD7CElAmaf0XjvL8cgTzdvN67N09ByuOaqh3ybxms+izGGO6lD2EF HTTP/1.1" 200 1693
186.102.14.2 - - [11/Feb/2024:08:50:37 -0500] "GET /kwssiamovil/sm/acme/s?s=U2FsdGVkX18qb9QYCaK6hIzKaCS5UpoiHHM3wLfqhkc/4yfJqs+/oISfkArzkfqPBFSOkLH5P/m4QubaKvubyFdobyCxW7tdQeRDzEw54QkhBzqJdm1DfqzcM1YupLyyauDOYC1TSV54q96nmcbWHfGVdCQtCAtzFfUPpCDDWymfcdXEJ8VYWv3u54saOhVE6t4xP4I1w/m1HcUgS694LetJ85wDj07b+3e0gspR7TciwvIYaYoRMny8002D+cd4M7poanLNxjh0BSwD4vDMPCoWkMgmY7GyH8/gTWYRYI25tcmYtkCmt6Pifru8hqa2Ny+tAo6kPlmscMv/hOzIbuDeTPZnLy7ol/ukrrgixF7voje8YgoROaDB446fM0MTYxn8KXC8bdbZNccqN+391Af9TFxmWvJIoG2R6EhE3sYGuyDd+5GK43aQq5CJsj3MP+dqFKHaA6+d0I3Erk53AQxQNZpWJZOGkX4ieA+afQdRqi4G7q7wIV7TLmJMgAVoPqYGUt//ptpt4bEk63o2wpEjWuiQyL6dY7Q0yX15rVsYChbWQ+HsTABBqnNpqHtROpPVRSbze5hCNWr3cUx3qkH29LQwGLFwI1NsIwb44P5WVhqDPSwqBkgGjeOODAHsC2JjaqhkxPGRp47D13cwi/t5RCJLWrHONRCL5QNtNjDf6ZCXhNnon1mAE2WdZDv39h0+3C4h+oxYbzcOvgE5zTcvbGsbXZPL67bYQyoYtMy0fJ8Z97s8lREUYCpDRJkh&u=U2FsdGVkX1+ZH5ssaCsEzkTdPmJY/pn8uFYp1y2nD98=&y=U2FsdGVkX1/TD7CElAmaf0XjvL8cgTzdvN67N09ByuOaqh3ybxms+izGGO6lD2EF HTTP/1.1" 200 208
201.245.192.253 - - [11/Feb/2024:08:50:38 -0500] "POST /forms/lservlet;jsessionid=ac16012b30d629257b7236c7411e84d9b4a8aba690a2.e3iSbxaKaheRe3qKcheMbNuKc41ynknvrkLOlQzNp65In0 HTTP/1.1" 200 2
186.102.14.2 - - [11/Feb/2024:08:50:38 -0500] "GET /kwssiamovil/sm/cjson/pre?f=1&x=U2FsdGVkX1+S+pCX6O10YxwvTDiA5oTaZDAGHlgzmte9YtBb1XEt3OCW1HWHeUIo HTTP/1.1" 200 32032
173.252.87.2 - - [11/Feb/2024:08:51:48 -0500] "GET /images/foto%202.jpg HTTP/1.1" 200 63300
201.245.192.253 - - [11/Feb/2024:08:51:59 -0500] "POST /forms/lservlet;jsessionid=ac16012b30d610ae24beb5094434bff4cfc888fbc4af.e3iSbxaKaheRe3qKcheMbNuKc41ynknvrkLOlQzNp65In0 HTTP/1.1" 200 2
20.240.18.34 - - [11/Feb/2024:08:52:03 -0500] "GET /Publicaciones/2023EE309303.pdf HTTP/1.1" 404 228
216.245.221.92 - - [11/Feb/2024:08:52:29 -0500] "HEAD / HTTP/1.1" 200 -
201.245.192.253 - - [11/Feb/2024:08:52:38 -0500] "POST /forms/lservlet;jsessionid=ac16012b30d629257b7236c7411e84d9b4a8aba690a2.e3iSbxaKaheRe3qKcheMbNuKc41ynknvrkLOlQzNp65In0 HTTP/1.1" 200 2
201.245.192.253 - - [11/Feb/2024:08:53:59 -0500] "POST /forms/lservlet;jsessionid=ac16012b30d610ae24beb5094434bff4cfc888fbc4af.e3iSbxaKaheRe3qKcheMbNuKc41ynknvrkLOlQzNp65In0 HTTP/1.1" 200 2
52.167.144.54 - - [11/Feb/2024:08:54:08 -0500] "GET /robots.txt HTTP/1.1" 404 1018
172.22.2.4 - - [11/Feb/2024:08:52:37 -0500] "HEAD /BLA/boletinlegal/ HTTP/1.1" 200 -
201.245.192.253 - - [11/Feb/2024:08:54:38 -0500] "POST /forms/lservlet;jsessionid=ac16012b30d629257b7236c7411e84d9b4a8aba690a2.e3iSbxaKaheRe3qKcheMbNuKc41ynknvrkLOlQzNp65In0 HTTP/1.1" 200 2
201.245.192.253 - - [11/Feb/2024:08:54:40 -0500] "POST /kwsrmcab/Wsrmcab  HTTP/1.1" 200 37396
172.22.2.4 - - [11/Feb/2024:08:54:43 -0500] "GET /BLA/boletinlegal/robots.txt HTTP/1.1" 404 1038
156.59.198.135 - - [11/Feb/2024:08:54:57 -0500] "GET /Isolucionsda/BancoConocimientoSDA/B/BAB96088-E815-41B5-9F3C-9618539DB11B/resolucion%203864%20del%2021%20junio%20de%2020110.pdf HTTP/1.0" 404 1436
172.22.2.4 - - [11/Feb/2024:08:53:28 -0500] "GET /BLA/boletinlegal/ HTTP/1.1" 200 57874
47.128.55.185 - - [11/Feb/2024:08:55:23 -0500] "GET /robots.txt HTTP/1.1" 404 1018
66.249.66.19 - - [11/Feb/2024:08:55:43 -0500] "GET /Residuos/textiles/files/guia_textiles.pdf HTTP/1.1" 200 12356716
201.245.192.253 - - [11/Feb/2024:08:55:59 -0500] "POST /forms/lservlet;jsessionid=ac16012b30d610ae24beb5094434bff4cfc888fbc4af.e3iSbxaKaheRe3qKcheMbNuKc41ynknvrkLOlQzNp65In0 HTTP/1.1" 200 2
172.22.2.4 - - [11/Feb/2024:08:55:44 -0500] "GET /BLA/boletinlegal/ HTTP/1.1" 200 20427
172.22.2.4 - - [11/Feb/2024:08:54:43 -0500] "GET /BLA/boletinlegal/ HTTP/1.1" 200 59568
201.245.192.253 - - [11/Feb/2024:08:56:38 -0500] "POST /forms/lservlet;jsessionid=ac16012b30d629257b7236c7411e84d9b4a8aba690a2.e3iSbxaKaheRe3qKcheMbNuKc41ynknvrkLOlQzNp65In0 HTTP/1.1" 200 2
216.245.221.92 - - [11/Feb/2024:08:57:29 -0500] "HEAD / HTTP/1.1" 200 -
201.245.192.253 - - [11/Feb/2024:08:57:59 -0500] "POST /forms/lservlet;jsessionid=ac16012b30d610ae24beb5094434bff4cfc888fbc4af.e3iSbxaKaheRe3qKcheMbNuKc41ynknvrkLOlQzNp65In0 HTTP/1.1" 200 2
201.245.192.253 - - [11/Feb/2024:08:58:38 -0500] "POST /forms/lservlet;jsessionid=ac16012b30d629257b7236c7411e84d9b4a8aba690a2.e3iSbxaKaheRe3qKcheMbNuKc41ynknvrkLOlQzNp65In0 HTTP/1.1" 200 2
201.245.192.253 - - [11/Feb/2024:08:59:38 -0500] "POST /kwsrmcab/Wsrmcab  HTTP/1.1" 200 37396
