201.245.192.253 - - [12/Feb/2024:01:20:11 -0500] "POST /forms/lservlet;jsessionid=ac16012b30d610ae24beb5094434bff4cfc888fbc4af.e3iSbxaKaheRe3qKcheMbNuKc41ynknvrkLOlQzNp65In0 HTTP/1.1" 200 2
201.245.192.253 - - [12/Feb/2024:01:20:21 -0500] "POST /kwsrmcab/Wsrmcab  HTTP/1.1" 200 37396
201.245.192.253 - - [12/Feb/2024:01:20:38 -0500] "POST /kwsrmcab/Wsrmcab HTTP/1.1" 200 34630
201.245.192.253 - - [12/Feb/2024:01:20:45 -0500] "POST /forms/lservlet;jsessionid=ac16012b30d629257b7236c7411e84d9b4a8aba690a2.e3iSbxaKaheRe3qKcheMbNuKc41ynknvrkLOlQzNp65In0 HTTP/1.1" 200 2
172.22.2.4 - - [12/Feb/2024:01:19:19 -0500] "GET /BLA/boletinlegal/ HTTP/1.1" 200 58684
172.22.2.4 - - [12/Feb/2024:01:22:09 -0500] "GET /BLA/boletinlegal/robots.txt HTTP/1.1" 404 1038
172.22.2.4 - - [12/Feb/2024:01:22:09 -0500] "GET /BLA/boletinlegal/Directivas/2016/Directiva%20No.%2001%20del%2012%20de%20Abril%20de%202016.pdf HTTP/1.1" 200 868354
201.245.192.253 - - [12/Feb/2024:01:22:11 -0500] "POST /forms/lservlet;jsessionid=ac16012b30d610ae24beb5094434bff4cfc888fbc4af.e3iSbxaKaheRe3qKcheMbNuKc41ynknvrkLOlQzNp65In0 HTTP/1.1" 200 2
216.245.221.92 - - [12/Feb/2024:01:22:27 -0500] "HEAD / HTTP/1.1" 200 -
201.245.192.253 - - [12/Feb/2024:01:22:45 -0500] "POST /forms/lservlet;jsessionid=ac16012b30d629257b7236c7411e84d9b4a8aba690a2.e3iSbxaKaheRe3qKcheMbNuKc41ynknvrkLOlQzNp65In0 HTTP/1.1" 200 2
201.245.192.253 - - [12/Feb/2024:01:24:11 -0500] "POST /forms/lservlet;jsessionid=ac16012b30d610ae24beb5094434bff4cfc888fbc4af.e3iSbxaKaheRe3qKcheMbNuKc41ynknvrkLOlQzNp65In0 HTTP/1.1" 200 2
162.55.175.142 - - [12/Feb/2024:01:24:25 -0500] "GET / HTTP/1.1" 200 4720
201.245.192.253 - - [12/Feb/2024:01:24:45 -0500] "POST /forms/lservlet;jsessionid=ac16012b30d629257b7236c7411e84d9b4a8aba690a2.e3iSbxaKaheRe3qKcheMbNuKc41ynknvrkLOlQzNp65In0 HTTP/1.1" 200 2
66.249.66.167 - - [12/Feb/2024:01:24:51 -0500] "GET /robots.txt HTTP/1.1" 404 1035
66.249.66.166 - - [12/Feb/2024:01:24:52 -0500] "GET /portaldeninos/2018/06/06/hola-mundo-3-2/ HTTP/1.1" 200 95536
201.245.192.253 - - [12/Feb/2024:01:25:19 -0500] "POST /kwsrmcab/Wsrmcab  HTTP/1.1" 200 37396
172.22.2.4 - - [12/Feb/2024:01:24:19 -0500] "HEAD /BLA/boletinlegal/ HTTP/1.1" 200 -
201.245.192.253 - - [12/Feb/2024:01:26:11 -0500] "POST /forms/lservlet;jsessionid=ac16012b30d610ae24beb5094434bff4cfc888fbc4af.e3iSbxaKaheRe3qKcheMbNuKc41ynknvrkLOlQzNp65In0 HTTP/1.1" 200 2
201.245.192.253 - - [12/Feb/2024:01:26:45 -0500] "POST /forms/lservlet;jsessionid=ac16012b30d629257b7236c7411e84d9b4a8aba690a2.e3iSbxaKaheRe3qKcheMbNuKc41ynknvrkLOlQzNp65In0 HTTP/1.1" 200 2
172.22.2.4 - - [12/Feb/2024:01:25:09 -0500] "GET /BLA/boletinlegal/ HTTP/1.1" 200 58684
216.245.221.92 - - [12/Feb/2024:01:27:27 -0500] "HEAD / HTTP/1.1" 200 -
201.245.192.253 - - [12/Feb/2024:01:28:11 -0500] "POST /forms/lservlet;jsessionid=ac16012b30d610ae24beb5094434bff4cfc888fbc4af.e3iSbxaKaheRe3qKcheMbNuKc41ynknvrkLOlQzNp65In0 HTTP/1.1" 200 2
201.245.192.253 - - [12/Feb/2024:01:28:45 -0500] "POST /forms/lservlet;jsessionid=ac16012b30d629257b7236c7411e84d9b4a8aba690a2.e3iSbxaKaheRe3qKcheMbNuKc41ynknvrkLOlQzNp65In0 HTTP/1.1" 200 2
201.245.192.253 - - [12/Feb/2024:01:29:31 -0500] "POST /kwsrmcab/Wsrmcab HTTP/1.1" 200 37238
201.245.192.253 - - [12/Feb/2024:01:29:34 -0500] "POST /kwsrmcab/Wsrmcab HTTP/1.1" 200 34630
172.22.2.4 - - [12/Feb/2024:01:29:40 -0500] "GET /BLA/boletinlegal/robots.txt HTTP/1.1" 404 1038
172.22.2.4 - - [12/Feb/2024:01:29:41 -0500] "GET /BLA/boletinlegal/robots.txt HTTP/1.1" 404 1038
172.22.2.4 - - [12/Feb/2024:01:29:44 -0500] "GET /BLA/boletinlegal/Directivas/2019/Directiva%20No.%200001%20del%2011%20de%20junio%20de%202019.pdf HTTP/1.1" 200 228190
172.22.2.4 - - [12/Feb/2024:01:29:47 -0500] "GET /BLA/boletinlegal/Circulares/2019/Circular%20No.%2012%20del%2014%20de%20Marzo%20de%202019.pdf HTTP/1.1" 200 344384
201.245.192.253 - - [12/Feb/2024:01:29:47 -0500] "POST /kwsrmcab/Wsrmcab HTTP/1.1" 200 37241
172.22.2.4 - - [12/Feb/2024:01:29:53 -0500] "GET /BLA/boletinlegal/Circulares/2014/Circular%20No.%202%20del%2021%20de%20septiembre%20de%202014.pdf HTTP/1.1" 200 143376
172.22.2.4 - - [12/Feb/2024:01:30:11 -0500] "GET /BLA/boletinlegal/Directivas/2014/Directiva%20No.%203%20del%2020%20de%20Mayo%20de%202014.pdf HTTP/1.1" 200 504420
201.245.192.253 - - [12/Feb/2024:01:30:11 -0500] "POST /forms/lservlet;jsessionid=ac16012b30d610ae24beb5094434bff4cfc888fbc4af.e3iSbxaKaheRe3qKcheMbNuKc41ynknvrkLOlQzNp65In0 HTTP/1.1" 200 2
201.245.192.253 - - [12/Feb/2024:01:30:18 -0500] "POST /kwsrmcab/Wsrmcab  HTTP/1.1" 200 37396
201.245.192.253 - - [12/Feb/2024:01:30:40 -0500] "POST /kwsrmcab/Wsrmcab HTTP/1.1" 200 34630
201.245.192.253 - - [12/Feb/2024:01:30:45 -0500] "POST /forms/lservlet;jsessionid=ac16012b30d629257b7236c7411e84d9b4a8aba690a2.e3iSbxaKaheRe3qKcheMbNuKc41ynknvrkLOlQzNp65In0 HTTP/1.1" 200 2
172.22.2.4 - - [12/Feb/2024:01:30:09 -0500] "HEAD /BLA/boletinlegal/ HTTP/1.1" 200 -
201.245.192.253 - - [12/Feb/2024:01:32:11 -0500] "POST /forms/lservlet;jsessionid=ac16012b30d610ae24beb5094434bff4cfc888fbc4af.e3iSbxaKaheRe3qKcheMbNuKc41ynknvrkLOlQzNp65In0 HTTP/1.1" 200 2
172.22.2.4 - - [12/Feb/2024:01:32:21 -0500] "GET /BLA/boletinlegal/Directivas/2013/Directiva%20No.%203%20del%2016%20de%20julio%20de%202013.pdf HTTP/1.1" 200 127414
216.245.221.92 - - [12/Feb/2024:01:32:27 -0500] "HEAD / HTTP/1.1" 200 -
172.22.2.4 - - [12/Feb/2024:01:30:59 -0500] "GET /BLA/boletinlegal/ HTTP/1.1" 200 61047
201.245.192.253 - - [12/Feb/2024:01:32:45 -0500] "POST /forms/lservlet;jsessionid=ac16012b30d629257b7236c7411e84d9b4a8aba690a2.e3iSbxaKaheRe3qKcheMbNuKc41ynknvrkLOlQzNp65In0 HTTP/1.1" 200 2
201.245.192.253 - - [12/Feb/2024:01:34:11 -0500] "POST /forms/lservlet;jsessionid=ac16012b30d610ae24beb5094434bff4cfc888fbc4af.e3iSbxaKaheRe3qKcheMbNuKc41ynknvrkLOlQzNp65In0 HTTP/1.1" 200 2
40.77.167.8 - - [12/Feb/2024:01:34:17 -0500] "GET /portaldeninos/wp-content/uploads/2018/11/tigrillo.jpg HTTP/1.1" 200 402961
201.245.192.253 - - [12/Feb/2024:01:34:45 -0500] "POST /forms/lservlet;jsessionid=ac16012b30d629257b7236c7411e84d9b4a8aba690a2.e3iSbxaKaheRe3qKcheMbNuKc41ynknvrkLOlQzNp65In0 HTTP/1.1" 200 2
152.202.84.9 - - [12/Feb/2024:01:35:13 -0500] "GET /kwssiamovil/sm/acme/a?s=U2FsdGVkX19/3cO0IOb0UMrKPAPag31tV1R9Bu3c/XDtoXr5Y5x1ZOKqLtDl5NdiE4eeHxxwrl+oPUBfoIBlClXn+PaqSfUTS0tFA+ljN2jJmk0AMP23LyyAyOXBb1/ObVNFagoSAsEsfX6m6EcpY/o0RQHj+cH708tSnYTSKqyYgWD62dJuRkIGZhqYEkzihAgDEsWZbbi0pJhnuNGJYDVWnbhn6mGzd6vn79vs0AfmqOncQkSzswpdUGKzFnpAUYjD9FCfcc2ug0qFlG8Ifw==&u=U2FsdGVkX18RV36l3TyVS5NmacOzGzCMLX/pNthPdKCF3yqdO2UnieDeMXeHFt/c&y=U2FsdGVkX197YEYZyK0xrTVaYuiuacByygybVNy37QyelmXyzSnR9PaVmTv5NG1a HTTP/1.1" 503 1124
172.22.2.4 - - [12/Feb/2024:01:35:16 -0500] "GET /BLA/boletinlegal/Circulares/2012/Circular%20No.%2012%20del%2028%20de%20Agosto%20de%202012.pdf HTTP/1.1" 200 369945
201.245.192.253 - - [12/Feb/2024:01:35:16 -0500] "POST /kwsrmcab/Wsrmcab  HTTP/1.1" 503 1020
45.79.172.21 - - [12/Feb/2024:01:36:00 -0500] "GET / HTTP/1.1" 200 319
172.22.2.4 - - [12/Feb/2024:01:36:02 -0500] "GET /BLA/boletinlegal/Circulares/2018/Circular%20No.%200015%20del%207%20de%20Diciembre%20de%202018.pdf HTTP/1.1" 200 165305
201.245.192.253 - - [12/Feb/2024:01:36:11 -0500] "POST /forms/lservlet;jsessionid=ac16012b30d610ae24beb5094434bff4cfc888fbc4af.e3iSbxaKaheRe3qKcheMbNuKc41ynknvrkLOlQzNp65In0 HTTP/1.1" 200 2
201.245.192.253 - - [12/Feb/2024:01:36:16 -0500] "POST /kwsrmcab/Wsrmcab  HTTP/1.1" 503 1020
172.22.2.4 - - [12/Feb/2024:01:36:19 -0500] "GET /BLA/boletinlegal/Directivas/2022/DIRECTIVA%20No.%2000002%20DEL%2022%20DE%20JUNIO%20DEL%202022.pdf HTTP/1.1" 200 384175
173.252.87.8 - - [12/Feb/2024:01:36:28 -0500] "GET /images/Rueda%20de%20prensa.jpeg HTTP/1.1" 200 58715
201.245.192.253 - - [12/Feb/2024:01:36:45 -0500] "POST /forms/lservlet;jsessionid=ac16012b30d629257b7236c7411e84d9b4a8aba690a2.e3iSbxaKaheRe3qKcheMbNuKc41ynknvrkLOlQzNp65In0 HTTP/1.1" 200 2
152.202.84.9 - - [12/Feb/2024:01:37:06 -0500] "GET /kwssiamovil/sm/acme/a?s=U2FsdGVkX1+Fu7z6LzXp9h94zomKwboC8q/G1l4iCWO8ON6shzW/QCIXDPGtjbOTmHA5t51OIAqdobfgRbLHoWioeEAnbPzOXolDWggMA0L0oZN/UvnKc65+Qd6p6uk0M+UypCrCcRmgFg+ceHA/SohgnefZbrBDN9oCi+FwvWHEcJr0DjAKdbt0MPWZq025lwBokuR8rVc1INRGm1nYVELUOUS9W5XNBYFCLrFo01FmVwhmflxZf9iK7oliT0CXZ/Ps0/4PHP3brv9BhONwqQ==&u=U2FsdGVkX18RV36l3TyVS5NmacOzGzCMLX/pNthPdKCF3yqdO2UnieDeMXeHFt/c&y=U2FsdGVkX197YEYZyK0xrTVaYuiuacByygybVNy37QyelmXyzSnR9PaVmTv5NG1a HTTP/1.1" 200 26
152.202.84.9 - - [12/Feb/2024:01:37:06 -0500] "GET /kwssiamovil/sm/acme/a?s=U2FsdGVkX18bGhR7ZtqYavxNhXHOe1n4+b6oCCCcOAqeFEB/A1HxNoahUYgfJlkGdP114Z8Pz+UeayAZWoq6M6uFlHLmHGd4u553al65Z6N1wUlqK8v5BCa+nZ2xUhvUXzeSaYVugJKvEhH74nKFrNTIZGqLhnj82+2yJfJ5YuZo1mSbVksdD/AxY6W5ADYvooO39k9K6kjWuKWXkr18V7rx55WM6AahWTe4JsFZOGx942nNrLaq5CgG0u9rOqULcDd4MQQVAoCZrP2NxPUdvrafxw8dHkBsWUjKruz5JCaOMrOUwVDow2oZtHtLzdiShoIx8xm2fdOpTWjzpmHekkE/XkIVpECnQywqoj8+01DhRcWotwgYCB3aTAcJB941BGV4e8tr+sFINf66kjm3qCRU3IUJCpyDJGHBwkOLLD3KfmobmROef8wk78QW6mSM+xAQxsNM8ZSGxaml7IClMJ/e6ejFxuupFoMF+hMHu2d7VO6Kf0fBFnkk39CovglW6/ePWiW4X5qk9z+bmluuH4B+zY5ufHjGEM2lU1MR4G7xx5UHIsZCbHzD5RPFFT2bENIbXPuNudmUgIIxk+4QC5ymloqYw6oh+r5y2IAoU3M1sb5JQZ6mJ2/+LnKALw9956h3EFbaGJ45TrG/UbqT32SfdjSs+wmtRMjoVfQb869z4+nvO5rucTWgBPtJqe6dDwCwFzszD/jOcS5qi33Q7b54AlN2s4Opl/OrZ6YSLcmHTyY7ROyzqrdfKpNKLxFPOYdasSvGLdBb/6iaBiHFNsL86mdwn1ZJnQ+KL/M9UV6L+uiX7EEAmKY4wD2xkai1WCk75sBCF/XWUqg+OCQjxGw2Awqb+4NTLlsxi2rwIGQe3YNgblsxbfKXtGuJeRPUeY8rK+ZCwJXdU8N3T/8AOMskJJJfD1IEYkPVLb2779qy0KUtkgJ8XKVdFy9rOu+G22g2aNHSF4569dMxqE65m9eDgBQ6vwEVKULIXYDmkEI+AcmXleo6kUNU0Ru6/hKIuYYKSg7hVBNtiV9RqVW662phsn8p3Gc7R5k157kvWwoyUHRMW7qF/eJ/JoDv/0JaIA8+wd1UEicDOpb4SyB+9eC8Vnkd/9/X5rTCowc8hDZIKciVRSkSaJ/BaJy6AoLOfvKUjDwROsint/mJS2V506c8/ZB6/2supXP4WDHnL3Lk6oovDQUJZ7JqEtb9d7saFazmsJwg60OJy4gjPfpVjYDf9xYb/EO+8EGwgT+wMouYLzevwJfwmuQ4hpTrK/Sp7ZoS3Iy2hbpF20KOT4Eub7cTbmjW7PqYgptcv4OiP+B3J2cQi03aW3DrNz9QCgFapSC3L0844sfFDF0ULHJCdRzLKnm7u6JPKMdxPbSh+DMMrQpXJ8ndOEwbLR9Zatj333aVK0G8SsDBYerCRt8C+2ZtaSHXkET1/Pt/sv9Kf64f1D/Nftxgax5bQcQsY1CBZOzUBJAbbu/ZCb5JXbRi6t8y6qpeQZUovxuGeDg0aziw23wLw3ikeONHAIN7Ef9g3SFaK5mwNbBeSBQmUaIKnV1UFhoMOlbDkXhXnWAx0Ymgrd0qNmI8mXWkvWpI0xt8hX2p0782wpm02rCBLFVoFCftFwWdjhbB4M0M7efR5kjzOzlCQuo+FF2Ty0B5gpqSWQKYQ5PXs+yKEUU6qWBEKr+Tg/AU2sxqcOxJBZQjUL7EbCF1SBDkWLo+tejd8h0fh/8lK1VSq0A3aXm/+TBHfc0lsGAxC/gAiDbPTGBkzftgrQEyI9NSStkx058wiT1xPNdt5SC0kJ62XEUKGpABh4VfQGH2m0xQ6VpvIUG1e4Lw9MwYTQQ5Ss7fXeBbLgNVtD7qPjuYY6IsrKgWNeDPkAOywlKTVt/eJsnOYUN5QaKAVw1ru9rQjJXMmXpWVmBAokqPEfQjD7RpTrPN6JnNywrSKVbs7glf2i1lWNk4dafoRtvnEkgjxXp+F1ImKvGBpZMQRyTrVsV8mgw9ldAMfwYTYYE6Sdz/7AOpnUR6RPghJlVyu2+MGJYvsAAIdSbQkw1qv0q65wl1es+lAFN3rE+IhjpQCZFQ0OGRHY7CfoWAUg5BSKdmp51ZluqyCQJlxIx9q4dGAknGhuLw6PUN2y5HLO3gVaXiUs+ghH1V8PyS1v2lc7HZ8IrddcfwGLChil5HM5HXprKRKlDeJC5Jxug49bjotfEXgWZIAABDta8APsIb7OJunhZOeoos3mpJHy9J0jKRFD0KKEVOht7eFb1PFW2cctl4Q/D5qji+0k/tZu1ItbgM1IrR0ivhFRz6YlnOFZH47+yV1gsoaYud2QTPwSbWnL9IgBhgxoEpJ2Uy9Bc3Y0eNhpviE0B0oxcmCKyql7hXGljQv9FfLrSYoFuLAcFLw3qqMiqGJOw68+XDMz3ksZiJ+SSwpb6m9mnYXecLRst2SgNToDWI0kNekDF8uTrbyHg4quImnYKszcE2xjOejs9oGk6r7K1tFPY05KqUQPaUqVOkwhuwY5xORHAhx725FXpDvfyWxksIXxdowi3v++/U8DEcA5I2LpSF5VBKJex544vt2p6LJBkI7txrInfO6lUWiv7dMkdgtGWmhrw+vptXMY8bucghBJ6QVKoTcSRJTOS3A42t6k+Z4zDFnlotrZ6Cd6TRQprNmPgXNH9FnbAFb8NqenjevWnLYs6sIYX8BRkuDmGoFRJw3xHrW5fSq4J+Rq23klMLM/M3y1yp98czErhIqNMuDHgGoebTpBoTsBfFWIbtngaC8RtEYMiQFSVJQR7JvZO2F/kY6b3ykcLp4IkF3WHOrmKn3WIdff74M8b0AB6GkM26SM5ccsSRNlIqTDQpJxKY3ZLnP84t2JmhjqzFyGSi/UN5aalUYhMUm960DGE6tE5zjTqpBhba9gtqDfXmdsBwOvIhTD58W2fJDHUblyt2slDq7FPATwJly1mqr5fHdwUD/dsFNvcBmFk8FwJ0DRDEIL7jX+UwH2flZcvoKjeb4pFVftuBODp8FgGNa0Tlq2uTd0adWaoVJh0qgX4PzUKD1+cNRN/QfFMWm3ZeUAvHhgmXu5uOaAIym1xx8NAfqiVZsrX8AKmzc470/VNKFTqpTE/Y3+mNitbqH/tovKz22sgw8TOb+h8briDwtV/8UiVw2SiqW6OcK0XnsSZ6V3OW2RYd+OgbK6NnHXQ+QbAYzSlUmMOb1jcSS3C4NhcVZCWYv6l3s+dtoqm+8Rwav2hf1K5Sn0bGMb5lHi+68DEFzrKcYaNdY1PblMEgybWnd/VG5r7s9eleLOYRw6PbbjSdR+tXAURHehnINPxVsBn3WSRQodqNcYhbfhujVq21gSIr9inoGOB+XWIB1joHuryJsVqwmJ/JxSc3xpUfrnC29f5zdJKw9vitpWY29K9Sz3XscC4VvVQPTOLDpB9Io80GZbbZf/8llZUMMjQl1rZyp7tlrTB+snWnXtEGO9L/7b5w4hl0cXb902rawfI10ZUPklM83CRDOuxEGFeNcJjlSQNVjlrdHdb2XQBIv8sCWev/Ffews0hi67GpR23brkrYvZHWTSVnU/PaW6lIiKbIvgCQZ7gR43OIKpN/0OUXpiTL2gjFBUgrV0JMr9HHbqTN35cjCkUWTZ6YaQMtkBlu0L55&u=U2FsdGVkX18RV36l3TyVS5NmacOzGzCMLX/pNthPdKCF3yqdO2UnieDeMXeHFt/c&y=U2FsdGVkX197YEYZyK0xrTVaYuiuacByygybVNy37QyelmXyzSnR9PaVmTv5NG1a HTTP/1.1" 200 26
152.202.84.9 - - [12/Feb/2024:01:37:06 -0500] "GET /kwssiamovil/sm/acme/a?s=U2FsdGVkX1+COjvDolHXQT8DEKScGbn3wqz7oAAGIVuUgeHNtNE+i2kb15eRHnTOm+tHBTojMF+oM1H9aeNE3aSAMOm0k9qrfwosYbAIIudOdCrInrT6mABq1dWTYmwPAhcpg6aIbqZB/OO+qYwXcm/2ZGI6EW4JxA+9mUNrG4U=&u=U2FsdGVkX18RV36l3TyVS5NmacOzGzCMLX/pNthPdKCF3yqdO2UnieDeMXeHFt/c&y=U2FsdGVkX197YEYZyK0xrTVaYuiuacByygybVNy37QyelmXyzSnR9PaVmTv5NG1a HTTP/1.1" 200 26
152.202.84.9 - - [12/Feb/2024:01:37:07 -0500] "GET /kwssiamovil/sm/acme/a?s=U2FsdGVkX1+8w/t/Ge1tciQA/cGcndvpATjz6MmKGl9eqbObSvzv0nltq3QKcf87pSx1HOTWZNhu99GPRqscIPxOQ922ouyt8uMzeHKSGycy2n324nPt8cbrWaBgH/P6WXD0wYwyLq19sPh0jWlp9Co8T8Y49DUuQpyqd3bPx0M=&u=U2FsdGVkX18RV36l3TyVS5NmacOzGzCMLX/pNthPdKCF3yqdO2UnieDeMXeHFt/c&y=U2FsdGVkX197YEYZyK0xrTVaYuiuacByygybVNy37QyelmXyzSnR9PaVmTv5NG1a HTTP/1.1" 200 26
152.202.84.9 - - [12/Feb/2024:01:37:07 -0500] "GET /kwssiamovil/sm/acme/a?s=U2FsdGVkX18XZQ9hhWt/25O3uyq6mwP51tLgKSHibjUmW6E9BoUr26tn4BQKkMvtFlLJpw0GmrJo7euK9jBDXngOYY22nJIQ5deL5mKbN5xEdxcvh2r12Wu+rlCRn42LGrefdrdehiH0c8dpBdKO7r8opjqEO3xVeM/S9CkZzFk=&u=U2FsdGVkX18RV36l3TyVS5NmacOzGzCMLX/pNthPdKCF3yqdO2UnieDeMXeHFt/c&y=U2FsdGVkX197YEYZyK0xrTVaYuiuacByygybVNy37QyelmXyzSnR9PaVmTv5NG1a HTTP/1.1" 200 26
152.202.84.9 - - [12/Feb/2024:01:37:07 -0500] "GET /kwssiamovil/sm/acme/a?s=U2FsdGVkX1/znT0/feP6wPod+8v780uBuOwKejf/k9fG9wd1y4AgeC4YzGH6rX8yNFlhtKaq4I40JJSic8kcMGZgLM8C1XxG4ePQTiwKQsJWcTVAizH9Lvxy6L/2QFzW5uaATA1oxy1Mm200T0KXiFMCKE1245X7gQZtCdMHUli7SAJGhTAtm9MLlNB+nkKSK93vWbWodPiRefG+9iBzGw==&u=U2FsdGVkX18RV36l3TyVS5NmacOzGzCMLX/pNthPdKCF3yqdO2UnieDeMXeHFt/c&y=U2FsdGVkX197YEYZyK0xrTVaYuiuacByygybVNy37QyelmXyzSnR9PaVmTv5NG1a HTTP/1.1" 200 26
201.245.192.253 - - [12/Feb/2024:01:37:15 -0500] "POST /kwsrmcab/Wsrmcab  HTTP/1.1" 200 37396
216.245.221.92 - - [12/Feb/2024:01:37:27 -0500] "HEAD / HTTP/1.1" 200 -
172.22.2.4 - - [12/Feb/2024:01:35:59 -0500] "HEAD /BLA/boletinlegal/ HTTP/1.1" 200 -
201.245.192.253 - - [12/Feb/2024:01:38:11 -0500] "POST /forms/lservlet;jsessionid=ac16012b30d610ae24beb5094434bff4cfc888fbc4af.e3iSbxaKaheRe3qKcheMbNuKc41ynknvrkLOlQzNp65In0 HTTP/1.1" 200 2
201.245.192.253 - - [12/Feb/2024:01:38:17 -0500] "POST /kwsrmcab/Wsrmcab  HTTP/1.1" 200 37396
172.22.2.4 - - [12/Feb/2024:01:36:49 -0500] "GET /BLA/boletinlegal/ HTTP/1.1" 200 58684
201.245.192.253 - - [12/Feb/2024:01:38:45 -0500] "POST /forms/lservlet;jsessionid=ac16012b30d629257b7236c7411e84d9b4a8aba690a2.e3iSbxaKaheRe3qKcheMbNuKc41ynknvrkLOlQzNp65In0 HTTP/1.1" 200 2
201.245.192.253 - - [12/Feb/2024:01:39:31 -0500] "POST /kwsrmcab/Wsrmcab HTTP/1.1" 200 37238
201.245.192.253 - - [12/Feb/2024:01:39:34 -0500] "POST /kwsrmcab/Wsrmcab HTTP/1.1" 200 34630
201.245.192.253 - - [12/Feb/2024:01:39:47 -0500] "POST /kwsrmcab/Wsrmcab HTTP/1.1" 200 37241
201.245.192.253 - - [12/Feb/2024:01:40:11 -0500] "POST /forms/lservlet;jsessionid=ac16012b30d610ae24beb5094434bff4cfc888fbc4af.e3iSbxaKaheRe3qKcheMbNuKc41ynknvrkLOlQzNp65In0 HTTP/1.1" 200 2
201.245.192.253 - - [12/Feb/2024:01:40:40 -0500] "POST /kwsrmcab/Wsrmcab HTTP/1.1" 200 34630
201.245.192.253 - - [12/Feb/2024:01:40:45 -0500] "POST /forms/lservlet;jsessionid=ac16012b30d629257b7236c7411e84d9b4a8aba690a2.e3iSbxaKaheRe3qKcheMbNuKc41ynknvrkLOlQzNp65In0 HTTP/1.1" 200 2
172.22.2.4 - - [12/Feb/2024:01:41:11 -0500] "GET /BLA/boletinlegal/Circulares/2019/Circular%20No.%200005%20del%2020%20de%20Marzo%20de%202019.pdf HTTP/1.1" 200 159877
172.22.2.4 - - [12/Feb/2024:01:41:22 -0500] "GET /BLA/boletinlegal/Directivas/2009/Directiva%20No.%20del%2023%20de%20Diciembre%20de%202009.pdf HTTP/1.1" 200 1636862
152.61.128.50 - - [12/Feb/2024:01:41:55 -0500] "GET / HTTP/1.1" 200 319
201.245.192.253 - - [12/Feb/2024:01:42:11 -0500] "POST /forms/lservlet;jsessionid=ac16012b30d610ae24beb5094434bff4cfc888fbc4af.e3iSbxaKaheRe3qKcheMbNuKc41ynknvrkLOlQzNp65In0 HTTP/1.1" 200 2
216.245.221.92 - - [12/Feb/2024:01:42:27 -0500] "HEAD / HTTP/1.1" 200 -
201.245.192.253 - - [12/Feb/2024:01:42:45 -0500] "POST /forms/lservlet;jsessionid=ac16012b30d629257b7236c7411e84d9b4a8aba690a2.e3iSbxaKaheRe3qKcheMbNuKc41ynknvrkLOlQzNp65In0 HTTP/1.1" 200 2
152.202.84.9 - - [12/Feb/2024:01:42:59 -0500] "GET /kwssiamovil/sm/ldap/au?x=U2FsdGVkX18Ztq4Y7LiFQTQ7cck8TnHjM1ktFKVZuFBpkan4jd+SlDbhZ/cO5MUN&y=U2FsdGVkX18YyAG0RG3ggPTP+rjvJ+QT22WSv/HISJSs/HmokRcVlYPxyOkiGZpk HTTP/1.1" 200 30
152.202.84.9 - - [12/Feb/2024:01:43:00 -0500] "GET /kwssiamovil/sm/acme/s?s=U2FsdGVkX1+r8iZHYa9mFqZ4NFVrbreKCR5zqo7TrCcbdPnBZF4wJAyDnwKFAFmYB4ZgVwMcrTSxsGRAzca2HezjtdLzS0EEbWH8oF8VA2Y=&u=U2FsdGVkX1+WpKE0MRGmW1lS7AM/i2kv2NWs8j+a2srJ2hasZeRG3zB08IUZZmJ1&y=U2FsdGVkX18YyAG0RG3ggPTP+rjvJ+QT22WSv/HISJSs/HmokRcVlYPxyOkiGZpk HTTP/1.1" 200 97
152.202.84.9 - - [12/Feb/2024:01:43:00 -0500] "GET /kwssiamovil/sm/acme/s?s=U2FsdGVkX18uLp0xuh2LNliMFtgmOijONHvDhg3PQwZqJmY2PNzaLaUL14M3v2nbF6A8aTTAxw+BMeQetw9xk3Nbmi/DiYkbzeKOSHdF5kIwqucdKrhR7wg4qWQpBtIDSE5Oj+G5gJ8HEpEbMgsFwqF0r1ftWxz8oBVQwOLw2QiBPD1PWRyqIdqMjcgnEsxyLWTbzyNFN98wx3DWWxMHnwqC+40yQXy1v2f09RgOaPfpJCjAf48sfFloaW2/c4rKqydUGNKSoNUXv7QknAmL8JX6tASjnNR0xGHoWw7+5Q9zU0dp1THVGkvYRjC4cIHL82t3rg4X/lKrP6XhWPdNnP5ZC+cg7MzfqH9dsYYlTW/Qx17rlP/ujjAgNJ7eDF/JGSO/VmrTLM4INRiakx4o7anFEL3TNEF4fNmOIZ83y2DWW7p3yp0cXKcL3xakRT4V2nYMrverO/OwiSvwt8vMSoTOvJ5yp4SIsRjPBiROcSouoFIDLvpgQHlSlavlcu6oQ133wu1HD5Q7t6xi6byMfEGnmA0Ke64jg2fEQRmh4sOIZV3N+mpZlhrtvvmBmrxEQRIR7uFo35l/9VybH3BONFB73oOIBI75SCdMY0spAePUuphlpiQFKaDnzgv/BVkMwtAAmu2WsXWlFwYtfe/Ntqq8/Y4GYun+BwV15ZOcSkLlQkmcVuLiaPp9xKxhz5ui2aRgchdKqXiUmTU2xRwW46y3umjRY/w3BtvD8hLYp0SeO2CKS0XdzdAXwztmZ+GBc3hWswnbIAAEVR7EdphFMOm3IWPvAR0SXp0WOJfDZip2yCkq6Ose/aSdC/sCF5N9IU3B0Jo/rgrb9iPRjzuqlrfRnijIbSJZlgD4/0dfbNru1wBDQjWoaF/RJT9eZw9ZMlMe5WrzqVPTTKu9pV8BnP1+qF2WrMlPpU4nhOGEmHJ4t8EWmpCIsrUbYtP8VvfIT2tYKqlghwBafu1WpHr1R5ondI2mXDf5yd096x+n79/TYidtMe4U80CTLgEmAtWI4t6QmAK8jF50leplGgy2bqKGNk5kJ4H85N7u/bP+5c8XIa6TnjWUbe7gDVpceK11IMdIz/akRmJZipWC3T7157I9FaR2Vdw+Zpy0sqmbPeZmD0Qj5I9BnstDUUGTjBW2kVX20swyVyzs5vGkR6NnrhDjYG3vuVEQFB+OI6at0fRVvFsmIcI1WL6jI0PIwFEpfctLZZ4FAOgosx8wct/dcKVYNz9Q+L+Tv/TGNK4FeOzyXfx4eY4V4V8RyNECnVedlGQo71M+n5/4FjLlJL5K7zYbgjEum7H1OZ9MjxaZeHGZ/K/pzwXy7JzR/L74+JeS2HOkGK+RsqEwphJROh2K+MbFx9k3AW+uMMdnzRaw4k9A5BG4HSF1D48heyurVQbq7l0jNOvFVxeYXCuSDg8MXgkxJe58llSC+t5OseyMtlq0pcEZEj4cJrv2HSt/35xUDQTezxICGfPLaID4/dDptvFyixRVAT9BRzRUBUBaALAWDsQxes09+hO6+piWcaw7wmxGZQMtLnnG/cQeS6AFy2aLZKxSN5WQ/zHL+C5dWtyfikYeMBMmJVZezFW257rrmNzG+jMWN4WFT/cWpdLvylS66v/jLH103CBjIIMAa1TAXUJkWTLJkTJU6GLXKiETF//OUWV5g/DMUR8CEeL2eVoon1uB+YkGQQw0KsWAZ/AgLxCNQ8e1h5aim6fbPI06f043giktXmR0w/vpzN5o0La0THLoRQaVAG7Hc3e/sLW1vpMIG2sg+glmftG6n6wC&u=U2FsdGVkX1+WpKE0MRGmW1lS7AM/i2kv2NWs8j+a2srJ2hasZeRG3zB08IUZZmJ1&y=U2FsdGVkX18YyAG0RG3ggPTP+rjvJ+QT22WSv/HISJSs/HmokRcVlYPxyOkiGZpk HTTP/1.1" 200 1694
152.202.84.9 - - [12/Feb/2024:01:43:00 -0500] "GET /kwssiamovil/sm/acme/s?s=U2FsdGVkX19USdvPA5EEVYSOzjz+g9ajByj1ZWl/jhjMgwAe3woG+4hs5zNlxxwP+Zlpds9MBBaRe8Md2n0gw65arjOB/g/0JGy6kP+LaTPhPSuHe/MWRQ1cmwmZyAxY1EXByUNyCtBMyB+C3gJiaYkwPDYfXX9T2PnQLhjy35HCukvG8jQk27LpABeMpn3W/qowrZr1aJA5epqpHJtC+s8A6zbRDylx79rimJKKAIrtHdS0se4d3A9cbhFQXpcUrHW2igkLdNy/XMaftnO1CSLeMgBPrkZTlomMWaVe/Rdjeyufo+bbFr0Om4JU2y4s/a+oO5o3T4nWbO4ypC18fwAANLZ7rM6jnrDgs4620BoqztIymOG8EVtCznvCjqS4mAU1OiCrH+59BuGcQ2m7xj+uCbqxzAgURmaaZfjwB4xBaJX11SvLM76iLYJPGJxizEiYFC0R3NCS/dPTXPVcTWtOUAUmedP/qVCkMzOOL1CS1M9IDXOMdlg6aAfT0LY4QyrVGTfQUJMZ8f4CeR5MxzXo6BK80M2DrQeQe4Ln2MVCn7AVGzuhXQwmFB4U+lpnRcKidPinVxgw+kDD5dm0x/uw9GIbUQ619QaETTz3P+BEmfIEXrMue1QYxFfrYUWBBlw01JA9BxuIGCq4B2Br+VoBPxxxeuxRBIQsdkb7bAebN8h7sN3Tx/kI9aB+y/2TukQFVP+/rgh7+Oy2IUGsYlHPFJPpZVjpSbHHVSON0bB4UOVsSE7P5Zlhp9ntHtpR&u=U2FsdGVkX1+WpKE0MRGmW1lS7AM/i2kv2NWs8j+a2srJ2hasZeRG3zB08IUZZmJ1&y=U2FsdGVkX18YyAG0RG3ggPTP+rjvJ+QT22WSv/HISJSs/HmokRcVlYPxyOkiGZpk HTTP/1.1" 200 208
152.202.84.9 - - [12/Feb/2024:01:43:00 -0500] "GET /kwssiamovil/sm/cjson/pre?f=1&x=U2FsdGVkX18Ztq4Y7LiFQTQ7cck8TnHjM1ktFKVZuFBpkan4jd+SlDbhZ/cO5MUN HTTP/1.1" 200 32032
172.22.2.4 - - [12/Feb/2024:01:43:11 -0500] "GET /BLA/boletinlegal/Directivas/2014/Directiva%20No.%202%20del%205%20de%20Mayo%20de%202014.pdf HTTP/1.1" 200 591315
201.245.192.253 - - [12/Feb/2024:01:43:15 -0500] "POST /kwsrmcab/Wsrmcab  HTTP/1.1" 200 37396
172.22.2.4 - - [12/Feb/2024:01:41:49 -0500] "HEAD /BLA/boletinlegal/ HTTP/1.1" 200 -
172.22.2.4 - - [12/Feb/2024:01:43:54 -0500] "GET /BLA/boletinlegal/Circulares/2012/Circular%20No.%202%20del%2014%20de%20Marzo%20de%202012.pdf HTTP/1.1" 200 113666
201.245.192.253 - - [12/Feb/2024:01:44:11 -0500] "POST /forms/lservlet;jsessionid=ac16012b30d610ae24beb5094434bff4cfc888fbc4af.e3iSbxaKaheRe3qKcheMbNuKc41ynknvrkLOlQzNp65In0 HTTP/1.1" 200 2
172.22.2.4 - - [12/Feb/2024:01:42:39 -0500] "GET /BLA/boletinlegal/ HTTP/1.1" 200 58310
172.22.2.4 - - [12/Feb/2024:01:44:23 -0500] "GET /BLA/boletinlegal/Circulares/2019/Circular%20No.%200015%20del%2003%20de%20Octubre%20de%202019.pdf HTTP/1.1" 200 165608
152.202.84.9 - - [12/Feb/2024:01:44:27 -0500] "GET /kwssiamovil/sm/acme/a?s=U2FsdGVkX1+U960geopkKrDUl0h3+I7rwf9DAnfLfg4e3OR/5DN2Jgq3DIplXBen+opWExJpBdvsYLeYRjXgX8twRc3c4yH4l/Yjr+Nea8NgnL9ptdC4aX5cEBl9kylVh96WBs4Ae1cUZJVUwkTV8GDFihnJGUdhm/cHagfW9ENJmqw8O0nZJLuM4BNVXlYEuhilu0PBNiXAUoF1uzJD+CKjK9k8Cwf+4R8FcUrctPVgaNRA4JOj/6/2z8l4Cjzs355JB83i4uuzwzmlJDrJLw==&u=U2FsdGVkX1+WpKE0MRGmW1lS7AM/i2kv2NWs8j+a2srJ2hasZeRG3zB08IUZZmJ1&y=U2FsdGVkX18YyAG0RG3ggPTP+rjvJ+QT22WSv/HISJSs/HmokRcVlYPxyOkiGZpk HTTP/1.1" 200 26
152.202.84.9 - - [12/Feb/2024:01:44:28 -0500] "GET /kwssiamovil/sm/acme/a?s=U2FsdGVkX1/3wI+VBgLl91qnlwxeEQPZ05MQEYUjV51yUjTNThT2j0h6pyPo8eHlXB/d5poMxiTmT5xw9+dGCuQ2U3VbW22YycKz6+f7kRrAhGbTcqM8lojVdCfi5O14fy88is8dC60UuUJI3Bdwxio0sePsIYaPHtpi6fxdfBY18qau7BMGQ3bhNfowHF5J+PE6QDr/4C3GVpEFDmqUKRrI/QS4GlWU08h2+uu2K7VGc5wVJUt49Y3EELCAbSNgY6IAjKyHvaazS8PXJuaZSx0/j8wFAjJSQc8kH1cnFCwgsPlIQjrxi5tTuMXXHcBOBdiFTf9J3AocPevA7devBgh8HujO/iMEdtCEANmoPUbXBWTWBbe1jIRcSgDf+56duqakZfgD5stq3mBJUnSIN1M2tZ4km42BXlAAhwtMufpfAFR3r0vB9ENforv3cz6LwEt4196W59bx1uMIliAGVuRenrvnodRHjo5JkcYUkV6LKioxZ3/DdO37FMtD0tLj7NUJmzJIhJPa4g3MGJO9LplQ5ozHs0CN75bbL1DdMp2ymqT+JcMYfkOms6N8+qp3/ic1TsWFrEDSqEeWVMKd7pWoBnM5L1nV3LdTh2UQC6AWTntremjYtGUJOqqOXAIjQT21Y0/j39LOBFSajfGjx/Thv1kYWMytdynY3ZiEdf8XhlSmxv/peO5iz4IQUzOvjWOGtkpOIr6H5rOWYBrtLJAAfrPyVTqmZSpQumMseNAZdwqYB663Kcf2B2EaUZPFqM9ZTo9B2qiL0Majnol4gTBj0ADHgi/IP0kUn9hhXZl+AUQIKIRUY0HFAdLtNNTZlBA4q7E/n9YhuuPDaKZnQhs3KG2WpVmx8CYFXZGCdkiVWsPaK3+Z6z640sXZAXJ8Y+Dl8amIpezPlXdj3NlSWd+kokv4ydCle1MPE/gKKON1O1KX9+XlN1mbIC7T+3guAwC+pHsQx8cIrSeEyWTq+ruuAPWn9lBSFh9m4i2XdlKlWq6TOjD2hsyvKb++m6zRDKxLY9mS0OG0JHqQcg1TMMVZFFHaiNab7uc81DLl87nt739bMUiknV9F2cOjP82UYbmfG/auNYmvXY+D0fGrWWa1Fu/NRplDzbOGO2uFeWkDyQ+URxTUAf/Z7FDZ6fr/0ceaFGOjRUv27+NUd4n8TmXTf5LelnmKZBHCejaj6oO3H7lQIbqwGMFc5qVLPteRhxGLrxhLEPJ9hPq5WgYrE4RfzplOKiHUIvKSX7o0i7+47IFRj6Zv1FpqO68njRUHgPow5/HfYjkP/F5i3ByojN9LhUP3NpEUqP4+ooVU88AENboKei+H396UKQbeC+jwsRWpfgnvTFMjYA+6AYogeJYf8uPpH22kSKu/7jOIffJEyGq9dkeed2lZXE00RFm62Y+aPkXUJk0Vp0MRuwjBlQLrqKJh3hs4CFgNN1D8aHfquvFGWmCjK0STBqtm8SO+zs1fz6nzk5X4KD6WGLMNt+SIlneLQZJoZp2nY2Gyz5XcLY3kA7JoylNRcu95PJxymC3OrBqUx3i/gCNjDkQm0VTeD8u4N7dZODZNb6pX2ra2Cc/x0NaINnm4qIG7WOP20vfgXKstCZ5kg9W5xPZfoZsTTvu8C34ERfvu+WS6i+op6sfJx84FlmQgMwjS/dT3dgpXX8fVyW02dcciZBjLcXlzarSJATvzt6+pMQN+wK+76xsbt6ak1Kfr57RUa8f/Eo5/b6piBlqAj5Rr8IBD0sbA+6GVle13c8GfeMBbfGp5Ge+DrVbGkrq2gewpDZmmJBVWqrQgDrP9SaBVQvOeQKzQfihpiTSKGbAxhmgT6T1zVCNrq30tJiRPM+1/DjRmYygj5qCZU0OfHEINewtAYjB6lut9dtejO7mM6ozBkhfM9AUIK6DSjlkvCU9tHvoftNAQl7LxFM5mqx1uWevV8azSDf8e61Usbg91eYxVnuxnZfcEa+mEA4aovXuNLRq/8C9xoC3yIv1PBa4SJtWAwcnYQksEfCm/rCpH5xmhKgw7dAxyNoNtL2TCfpP/Om9mqsKFw9WaqLPg9GXYuBfpBmYtp5lr/AisEr+syMwEKfRNBnNcTTUPOtDPSTsiWDk/Kf9f0guhJVsa+mCijv7be/iqZvjK/eaOM5ykm2m4yE1HONc4JEK8k8cvp5Owp01zYtIHGwh7ByZkPwDj31BewqA6NMDuWatAZkgN8vWWB9VVIjgff72Wl5JVztGldXJPX81t3Hn3aW+1zjGr9qRQiTwQO5O+6oYwXM0xmhCl6lDGWPVfRVgDsdYkU9fh+4wwin0bKJL8zoqezVBb+DISdXYbXt0cXljSKHTvtdE7/ZgzgYaIYeZ16FV/oX+LXvzCrf+DQwKFVoZAj+fbnBKyvvKdwu4zn/dtgkPUcCV0e2x6QWuz3sP0g7kfXhO3TD+lkzv0p2SW3MmC+LO4LWJpMcaXBPZIVzEEHgbRVTScpMRKmJ6F89EycHmgjWMXhBZ5SoPydr2zDOy6jT+I5/j5RbzrvugFQJuMDaJSwc4ragnXI6NlMFSTUsl+FZQVIQxX45rPzRjO8kJ5zpuC4XT2WTySpV7Fx9V4c/RDho5zOWJUrkSt8ZdbM9zueaQysofz2y1iBQvIiUxez+SQHHObXC/+AGJJqc2TJj+KcDYD41Pm7tDPM7G6NLxOscrMBd1MYZrfBu8/iEzloJol0NO0BuVnLxbGw1LZK7GFQPddE1naQ27189VQUNmRAV2mM3woqYKnjG/qT4HsW8VAXO/VPBknzMgjCgLp7pXA0Jr7xEpKtcZSBxAU2NEaOySPCYLk3jdnVNqeYGf7IedyEEwZmKkzaUgk3TOCNHQzfKIZ2rzzfUjyRpsVW/ZZX4aSPwctmngyuW3Ycb2E/+iWOpixC/DCU0NprDVZ4WZ45R8r1Mr5SWNEmeRujyr7AiS6jszrmGUcgCLPWEqv5un3MXGeuvyxxeVlPQk8FsTBMoCGCrOIub4CAXMbRy1brNKDtfZTSAgVbSc2NSw/CWoGGQEnMEdqNYqE4LjryZGaG9N8GRVv5YIqOgiVQPAIFKNn50bfS/DXyKPQpuMxvdEs6xVFXccVlPRIm9ugXeMgLaoTl9/48oyQCjYD6rDOz3lZeccL2TG8U38Pa/LGhV1SCHXnVA1lWYRltSLIAvgYCMvp5K2shkzTpyqezzcbzRE1S7em7qSna51ns+P9M2W7zs8FLwITEle90prdEJzdi0G/y1BhlW/EDhZJgf4f/45zVPt0vilBtmaavxE9SU/sz4l0ziWddbopscSwHdW6d9G6e/osom80x6z42wehJJcdQglMeYSKtFKA3CXwkpJsvJTAi5+TGiD078SS3I6uVA0tsr7QqauFNaSdMskdi/iyyFaw666jQnndBDxLi9yWCIw4glaOLuT4oS+vcEv3jLTjdXZYL/OF5fs3NfTXlQ7eq13GwielDnglmSPUMe4EhqtIj2r75XXpSEDrSNWrcoSdJYozokRODxHYCRxYXD1PYNc7udYb5rlCL2BSS//B42usSqfrZt2r4lm2mfuEC8X2cbvExmwv/RDHuv4y0eKgr8pCEZqh+4Kb0ipjoRxTxKwrU7VCfAwM67kA+eiHQ4B5czIJjXGn3YomJDkG0MrRMWShTwUpr+CFV4x7hDPu8teOa+3Wp1Y65lcjxN4EtsR9pFs=&u=U2FsdGVkX1+WpKE0MRGmW1lS7AM/i2kv2NWs8j+a2srJ2hasZeRG3zB08IUZZmJ1&y=U2FsdGVkX18YyAG0RG3ggPTP+rjvJ+QT22WSv/HISJSs/HmokRcVlYPxyOkiGZpk HTTP/1.1" 200 26
152.202.84.9 - - [12/Feb/2024:01:44:28 -0500] "GET /kwssiamovil/sm/acme/a?s=U2FsdGVkX18rYpZqjcZ/dgWXlX0BiMBpv/T9ZRPq+LtQ3gz72Mwn9aAN0FD7hMyarvnoxumsAJxnrgEvzdZJJ6irwSO20j47/mk3o8wqzy24aRC7F056crBYn34v4TxMEMfELVsuU5jBVNMpqsuV4AEgJUll3atZH6MsV/VEbk4=&u=U2FsdGVkX1+WpKE0MRGmW1lS7AM/i2kv2NWs8j+a2srJ2hasZeRG3zB08IUZZmJ1&y=U2FsdGVkX18YyAG0RG3ggPTP+rjvJ+QT22WSv/HISJSs/HmokRcVlYPxyOkiGZpk HTTP/1.1" 200 26
152.202.84.9 - - [12/Feb/2024:01:44:28 -0500] "GET /kwssiamovil/sm/acme/a?s=U2FsdGVkX19xfiYuOve9ANiurXOgsjvw/onLQaWMgjhY70kXspPsiIVhhmsqeFFGWQMAMR9ZHcQAYIbcb60kyJ0ulC1pUO5EUajVeMDdS8wY5DuQXHUgcKyEdo7MVVHy1qlATKwxbcYqtD7hZd8ieQk0sowKcU14rvRKrk8NUpg=&u=U2FsdGVkX1+WpKE0MRGmW1lS7AM/i2kv2NWs8j+a2srJ2hasZeRG3zB08IUZZmJ1&y=U2FsdGVkX18YyAG0RG3ggPTP+rjvJ+QT22WSv/HISJSs/HmokRcVlYPxyOkiGZpk HTTP/1.1" 200 26
152.202.84.9 - - [12/Feb/2024:01:44:28 -0500] "GET /kwssiamovil/sm/acme/a?s=U2FsdGVkX1+CuszQmXppFRsYIEda+4ksZ7hQDeHh5UexMo4wwp8yepkFsUHD1h0TRj8h/mr880pc3DN6kIB64/JlVxTepoGShHdwpUHzuLIUIvWlzbkOqakJmiyivw/zRUUm7mmycrkOOTKhmNCLEJAoS0SdbUyOVS5X+Yy9V4E=&u=U2FsdGVkX1+WpKE0MRGmW1lS7AM/i2kv2NWs8j+a2srJ2hasZeRG3zB08IUZZmJ1&y=U2FsdGVkX18YyAG0RG3ggPTP+rjvJ+QT22WSv/HISJSs/HmokRcVlYPxyOkiGZpk HTTP/1.1" 200 26
152.202.84.9 - - [12/Feb/2024:01:44:29 -0500] "GET /kwssiamovil/sm/acme/a?s=U2FsdGVkX1+eS9FMV26vVTj04SW1e/N6r2Kgm6hvhScOuER8CiR66GaNc0dv3ZA7uCsy38ydZiRCTrJNgFyGzEmmtT87mIO4NWK/jCsufS0mbe4FP7kg9mXO6fukPWuwzmEaFPx9wyRs7mQu/tdEKAEVjGi+zoPmaI51BQHaRSqFP+xEsBw2pCMwpI//RJC42KngvW4Fp9PCjJVZQV0uLg==&u=U2FsdGVkX1+WpKE0MRGmW1lS7AM/i2kv2NWs8j+a2srJ2hasZeRG3zB08IUZZmJ1&y=U2FsdGVkX18YyAG0RG3ggPTP+rjvJ+QT22WSv/HISJSs/HmokRcVlYPxyOkiGZpk HTTP/1.1" 200 26
201.245.192.253 - - [12/Feb/2024:01:44:45 -0500] "POST /forms/lservlet;jsessionid=ac16012b30d629257b7236c7411e84d9b4a8aba690a2.e3iSbxaKaheRe3qKcheMbNuKc41ynknvrkLOlQzNp65In0 HTTP/1.1" 200 2
201.245.192.253 - - [12/Feb/2024:01:46:11 -0500] "POST /forms/lservlet;jsessionid=ac16012b30d610ae24beb5094434bff4cfc888fbc4af.e3iSbxaKaheRe3qKcheMbNuKc41ynknvrkLOlQzNp65In0 HTTP/1.1" 200 2
201.245.192.253 - - [12/Feb/2024:01:46:45 -0500] "POST /forms/lservlet;jsessionid=ac16012b30d629257b7236c7411e84d9b4a8aba690a2.e3iSbxaKaheRe3qKcheMbNuKc41ynknvrkLOlQzNp65In0 HTTP/1.1" 200 2
216.245.221.92 - - [12/Feb/2024:01:47:27 -0500] "HEAD / HTTP/1.1" 200 -
201.245.192.253 - - [12/Feb/2024:01:48:11 -0500] "POST /forms/lservlet;jsessionid=ac16012b30d610ae24beb5094434bff4cfc888fbc4af.e3iSbxaKaheRe3qKcheMbNuKc41ynknvrkLOlQzNp65In0 HTTP/1.1" 200 2
201.245.192.253 - - [12/Feb/2024:01:48:15 -0500] "POST /kwsrmcab/Wsrmcab  HTTP/1.1" 200 37396
172.22.2.4 - - [12/Feb/2024:01:48:18 -0500] "GET /BLA/boletinlegal/Directivas/2011/Directiva%20No.%209%20del%2023%20de%20Septiembre%20de%202011.pdf HTTP/1.1" 200 326687
201.245.192.253 - - [12/Feb/2024:01:48:45 -0500] "POST /forms/lservlet;jsessionid=ac16012b30d629257b7236c7411e84d9b4a8aba690a2.e3iSbxaKaheRe3qKcheMbNuKc41ynknvrkLOlQzNp65In0 HTTP/1.1" 200 2
172.22.2.4 - - [12/Feb/2024:01:48:45 -0500] "GET /BLA/boletinlegal/Directivas/2011/Directiva%20No.%207%20del%2015%20de%20Septiembre%20de%202011.pdf HTTP/1.1" 200 268084
172.22.2.4 - - [12/Feb/2024:01:47:39 -0500] "HEAD /BLA/boletinlegal/ HTTP/1.1" 200 -
172.22.2.4 - - [12/Feb/2024:01:49:29 -0500] "GET /BLA/boletinlegal/Circulares/2011/Circular%20No.%207%20del%2015%20de%20Septiembre%20de%202011.pdf HTTP/1.1" 200 314873
172.22.2.4 - - [12/Feb/2024:01:48:29 -0500] "GET /BLA/boletinlegal/ HTTP/1.1" 200 61047
201.245.192.253 - - [12/Feb/2024:01:50:11 -0500] "POST /forms/lservlet;jsessionid=ac16012b30d610ae24beb5094434bff4cfc888fbc4af.e3iSbxaKaheRe3qKcheMbNuKc41ynknvrkLOlQzNp65In0 HTTP/1.1" 200 2
201.245.192.253 - - [12/Feb/2024:01:50:45 -0500] "POST /forms/lservlet;jsessionid=ac16012b30d629257b7236c7411e84d9b4a8aba690a2.e3iSbxaKaheRe3qKcheMbNuKc41ynknvrkLOlQzNp65In0 HTTP/1.1" 200 2
172.22.2.4 - - [12/Feb/2024:01:51:55 -0500] "GET /BLA/boletinlegal/Circulares/2012/Circular%20No.%204%20del%2019%20de%20abril%20de%202012.pdf HTTP/1.1" 200 253045
201.245.192.253 - - [12/Feb/2024:01:52:11 -0500] "POST /forms/lservlet;jsessionid=ac16012b30d610ae24beb5094434bff4cfc888fbc4af.e3iSbxaKaheRe3qKcheMbNuKc41ynknvrkLOlQzNp65In0 HTTP/1.1" 200 2
216.245.221.92 - - [12/Feb/2024:01:52:26 -0500] "HEAD / HTTP/1.1" 200 -
201.245.192.253 - - [12/Feb/2024:01:52:45 -0500] "POST /forms/lservlet;jsessionid=ac16012b30d629257b7236c7411e84d9b4a8aba690a2.e3iSbxaKaheRe3qKcheMbNuKc41ynknvrkLOlQzNp65In0 HTTP/1.1" 200 2
201.245.192.253 - - [12/Feb/2024:01:53:14 -0500] "POST /kwsrmcab/Wsrmcab  HTTP/1.1" 200 37396
201.245.192.253 - - [12/Feb/2024:01:54:11 -0500] "POST /forms/lservlet;jsessionid=ac16012b30d610ae24beb5094434bff4cfc888fbc4af.e3iSbxaKaheRe3qKcheMbNuKc41ynknvrkLOlQzNp65In0 HTTP/1.1" 200 2
201.245.192.253 - - [12/Feb/2024:01:54:45 -0500] "POST /forms/lservlet;jsessionid=ac16012b30d629257b7236c7411e84d9b4a8aba690a2.e3iSbxaKaheRe3qKcheMbNuKc41ynknvrkLOlQzNp65In0 HTTP/1.1" 200 2
172.22.2.4 - - [12/Feb/2024:01:53:29 -0500] "HEAD /BLA/boletinlegal/ HTTP/1.1" 200 -
172.22.2.4 - - [12/Feb/2024:01:55:40 -0500] "GET /BLA/boletinlegal/Circulares/2013/Circular%20No.%207%20del%201%20de%20Agosto%20de%202013.pdf HTTP/1.1" 200 340934
172.22.2.4 - - [12/Feb/2024:01:54:19 -0500] "GET /BLA/boletinlegal/ HTTP/1.1" 200 58684
201.245.192.253 - - [12/Feb/2024:01:56:11 -0500] "POST /forms/lservlet;jsessionid=ac16012b30d610ae24beb5094434bff4cfc888fbc4af.e3iSbxaKaheRe3qKcheMbNuKc41ynknvrkLOlQzNp65In0 HTTP/1.1" 200 2
146.19.24.28 - - [12/Feb/2024:01:56:41 -0500] "GET / HTTP/1.1" 200 319
201.245.192.253 - - [12/Feb/2024:01:56:45 -0500] "POST /forms/lservlet;jsessionid=ac16012b30d629257b7236c7411e84d9b4a8aba690a2.e3iSbxaKaheRe3qKcheMbNuKc41ynknvrkLOlQzNp65In0 HTTP/1.1" 200 2
216.245.221.92 - - [12/Feb/2024:01:57:26 -0500] "HEAD / HTTP/1.1" 200 -
201.245.192.253 - - [12/Feb/2024:01:58:11 -0500] "POST /forms/lservlet;jsessionid=ac16012b30d610ae24beb5094434bff4cfc888fbc4af.e3iSbxaKaheRe3qKcheMbNuKc41ynknvrkLOlQzNp65In0 HTTP/1.1" 200 2
201.245.192.253 - - [12/Feb/2024:01:58:13 -0500] "POST /kwsrmcab/Wsrmcab  HTTP/1.1" 200 37396
201.245.192.253 - - [12/Feb/2024:01:58:45 -0500] "POST /forms/lservlet;jsessionid=ac16012b30d629257b7236c7411e84d9b4a8aba690a2.e3iSbxaKaheRe3qKcheMbNuKc41ynknvrkLOlQzNp65In0 HTTP/1.1" 200 2
201.245.192.253 - - [12/Feb/2024:02:00:11 -0500] "POST /forms/lservlet;jsessionid=ac16012b30d610ae24beb5094434bff4cfc888fbc4af.e3iSbxaKaheRe3qKcheMbNuKc41ynknvrkLOlQzNp65In0 HTTP/1.1" 200 2
201.245.192.253 - - [12/Feb/2024:02:00:45 -0500] "POST /forms/lservlet;jsessionid=ac16012b30d629257b7236c7411e84d9b4a8aba690a2.e3iSbxaKaheRe3qKcheMbNuKc41ynknvrkLOlQzNp65In0 HTTP/1.1" 200 2
114.119.132.101 - - [12/Feb/2024:02:00:49 -0500] "GET /BLA/resoluciones/index.php?dir=Notificaciones/REGISTROS%2B2014/&sort=name&order=desc HTTP/1.1" 200 14364
172.22.2.4 - - [12/Feb/2024:01:59:19 -0500] "HEAD /BLA/boletinlegal/ HTTP/1.1" 200 -
172.22.2.4 - - [12/Feb/2024:02:00:09 -0500] "GET /BLA/boletinlegal/ HTTP/1.1" 200 59173
201.245.192.253 - - [12/Feb/2024:02:02:11 -0500] "POST /forms/lservlet;jsessionid=ac16012b30d610ae24beb5094434bff4cfc888fbc4af.e3iSbxaKaheRe3qKcheMbNuKc41ynknvrkLOlQzNp65In0 HTTP/1.1" 200 2
216.245.221.92 - - [12/Feb/2024:02:02:27 -0500] "HEAD / HTTP/1.1" 200 -
201.245.192.253 - - [12/Feb/2024:02:02:45 -0500] "POST /forms/lservlet;jsessionid=ac16012b30d629257b7236c7411e84d9b4a8aba690a2.e3iSbxaKaheRe3qKcheMbNuKc41ynknvrkLOlQzNp65In0 HTTP/1.1" 200 2
201.245.192.253 - - [12/Feb/2024:02:03:11 -0500] "POST /kwsrmcab/Wsrmcab  HTTP/1.1" 200 37396
20.26.44.170 - - [12/Feb/2024:02:03:42 -0500] "GET /Publicaciones/2023EE238822.pdf HTTP/1.1" 404 228
201.245.192.253 - - [12/Feb/2024:02:04:11 -0500] "POST /forms/lservlet;jsessionid=ac16012b30d610ae24beb5094434bff4cfc888fbc4af.e3iSbxaKaheRe3qKcheMbNuKc41ynknvrkLOlQzNp65In0 HTTP/1.1" 200 2
201.245.192.253 - - [12/Feb/2024:02:04:45 -0500] "POST /forms/lservlet;jsessionid=ac16012b30d629257b7236c7411e84d9b4a8aba690a2.e3iSbxaKaheRe3qKcheMbNuKc41ynknvrkLOlQzNp65In0 HTTP/1.1" 200 2
172.22.2.4 - - [12/Feb/2024:02:04:14 -0500] "GET /BLA/boletinlegal/ HTTP/1.1" 200 57291
201.245.192.253 - - [12/Feb/2024:02:06:11 -0500] "POST /forms/lservlet;jsessionid=ac16012b30d610ae24beb5094434bff4cfc888fbc4af.e3iSbxaKaheRe3qKcheMbNuKc41ynknvrkLOlQzNp65In0 HTTP/1.1" 200 2
201.245.192.253 - - [12/Feb/2024:02:06:45 -0500] "POST /forms/lservlet;jsessionid=ac16012b30d629257b7236c7411e84d9b4a8aba690a2.e3iSbxaKaheRe3qKcheMbNuKc41ynknvrkLOlQzNp65In0 HTTP/1.1" 200 2
172.22.2.4 - - [12/Feb/2024:02:05:09 -0500] "HEAD /BLA/boletinlegal/ HTTP/1.1" 200 -
172.22.2.4 - - [12/Feb/2024:02:07:07 -0500] "GET /BLA/boletinlegal/robots.txt HTTP/1.1" 404 1038
172.22.2.4 - - [12/Feb/2024:02:07:13 -0500] "GET /BLA/boletinlegal/Circulares/2017/Circular%20No.%202%20del%201%20de%20Septiembre%20de%202017.pdf HTTP/1.1" 200 152575
216.245.221.92 - - [12/Feb/2024:02:07:26 -0500] "HEAD / HTTP/1.1" 200 -
172.22.2.4 - - [12/Feb/2024:02:05:59 -0500] "GET /BLA/boletinlegal/ HTTP/1.1" 200 61047
172.22.2.4 - - [12/Feb/2024:02:08:11 -0500] "GET /BLA/boletinlegal/Directivas/2022/DIRECTIVA%20No.%2000001%20DEL%2015%20DE%20JUNIO%20DEL%202022.pdf HTTP/1.1" 200 290944
201.245.192.253 - - [12/Feb/2024:02:08:11 -0500] "POST /forms/lservlet;jsessionid=ac16012b30d610ae24beb5094434bff4cfc888fbc4af.e3iSbxaKaheRe3qKcheMbNuKc41ynknvrkLOlQzNp65In0 HTTP/1.1" 200 2
201.245.192.253 - - [12/Feb/2024:02:08:10 -0500] "POST /kwsrmcab/Wsrmcab  HTTP/1.1" 200 37396
201.245.192.253 - - [12/Feb/2024:02:08:45 -0500] "POST /forms/lservlet;jsessionid=ac16012b30d629257b7236c7411e84d9b4a8aba690a2.e3iSbxaKaheRe3qKcheMbNuKc41ynknvrkLOlQzNp65In0 HTTP/1.1" 200 2
181.237.93.195 - - [12/Feb/2024:02:09:02 -0500] "GET /appsia/controlador HTTP/1.1" 200 4799
181.237.93.195 - - [12/Feb/2024:02:09:03 -0500] "GET /appsia/css/estilos.css HTTP/1.1" 200 4804
181.237.93.195 - - [12/Feb/2024:02:09:03 -0500] "GET /appsia/scripts/validarIngreso.js HTTP/1.1" 200 851
181.237.93.195 - - [12/Feb/2024:02:09:03 -0500] "GET /appsia/images/logo_bogota_p.png HTTP/1.1" 200 14951
181.237.93.195 - - [12/Feb/2024:02:09:03 -0500] "GET /appsia/images/cabezoteHojaVida.png HTTP/1.1" 200 32493
181.237.93.195 - - [12/Feb/2024:02:09:08 -0500] "POST /appsia/controlador HTTP/1.1" 200 4621
181.237.93.195 - - [12/Feb/2024:02:09:13 -0500] "POST /appsia/controlador HTTP/1.1" 200 7727
181.237.93.195 - - [12/Feb/2024:02:09:13 -0500] "GET /appsia/images/logo_escudo.png HTTP/1.1" 200 36965
172.22.2.4 - - [12/Feb/2024:02:09:29 -0500] "GET /BLA/boletinlegal/Directivas/2018/Directiva%20No.%2023%20del%2026%20de%20diciembre%20de%202018.pdf HTTP/1.1" 200 481134
201.245.192.253 - - [12/Feb/2024:02:10:11 -0500] "POST /forms/lservlet;jsessionid=ac16012b30d610ae24beb5094434bff4cfc888fbc4af.e3iSbxaKaheRe3qKcheMbNuKc41ynknvrkLOlQzNp65In0 HTTP/1.1" 200 2
172.22.2.4 - - [12/Feb/2024:02:10:22 -0500] "GET /BLA/boletinlegal/Circulares/2019/Circular%20No.%200005%20del%2020%20de%20Marzo%20de%202019.pdf HTTP/1.1" 200 159877
172.22.2.4 - - [12/Feb/2024:02:10:27 -0500] "GET /BLA/boletinlegal/Directivas/2016/Directiva%20No.%2001%20del%2012%20de%20Abril%20de%202016.pdf HTTP/1.1" 200 868354
172.22.2.4 - - [12/Feb/2024:02:10:43 -0500] "GET /BLA/boletinlegal/Circulares/2013/Circular%20No.%201%20del%2014%20de%20enero%20de%202013.pdf HTTP/1.1" 200 1298384
201.245.192.253 - - [12/Feb/2024:02:10:45 -0500] "POST /forms/lservlet;jsessionid=ac16012b30d629257b7236c7411e84d9b4a8aba690a2.e3iSbxaKaheRe3qKcheMbNuKc41ynknvrkLOlQzNp65In0 HTTP/1.1" 200 2
172.22.2.4 - - [12/Feb/2024:02:10:51 -0500] "GET /BLA/boletinlegal/Circulares/2012/Circular%20No.%2015%20del%2022%20de%20octubre%20de%202012.pdf HTTP/1.1" 200 486506
172.22.2.4 - - [12/Feb/2024:02:11:49 -0500] "GET /BLA/boletinlegal/Circulares/2022/CIRCULAR%20No.%2000007%20DEL%2025%20DE%20JULIO%20DEL%202022.pdf HTTP/1.1" 200 277953
201.245.192.253 - - [12/Feb/2024:02:12:11 -0500] "POST /forms/lservlet;jsessionid=ac16012b30d610ae24beb5094434bff4cfc888fbc4af.e3iSbxaKaheRe3qKcheMbNuKc41ynknvrkLOlQzNp65In0 HTTP/1.1" 200 2
216.245.221.92 - - [12/Feb/2024:02:12:26 -0500] "HEAD / HTTP/1.1" 200 -
172.22.2.4 - - [12/Feb/2024:02:10:58 -0500] "HEAD /BLA/boletinlegal/ HTTP/1.1" 200 -
172.22.2.4 - - [12/Feb/2024:02:12:41 -0500] "GET /BLA/boletinlegal/Circulares/2015/Circular%20No.%202%20del%201%20de%20julio%20de%202015.pdf HTTP/1.1" 200 752890
201.245.192.253 - - [12/Feb/2024:02:12:45 -0500] "POST /forms/lservlet;jsessionid=ac16012b30d629257b7236c7411e84d9b4a8aba690a2.e3iSbxaKaheRe3qKcheMbNuKc41ynknvrkLOlQzNp65In0 HTTP/1.1" 200 2
201.245.192.253 - - [12/Feb/2024:02:13:08 -0500] "POST /kwsrmcab/Wsrmcab  HTTP/1.1" 200 37396
172.22.2.4 - - [12/Feb/2024:02:11:42 -0500] "GET /BLA/boletinlegal/ HTTP/1.1" 200 42079
172.22.2.4 - - [12/Feb/2024:02:13:26 -0500] "GET /BLA/boletinlegal/js/jquery.js HTTP/1.1" 200 57254
172.22.2.4 - - [12/Feb/2024:02:13:27 -0500] "GET /BLA/boletinlegal/styles2.css HTTP/1.1" 200 1838
172.22.2.4 - - [12/Feb/2024:02:11:49 -0500] "GET /BLA/boletinlegal/ HTTP/1.1" 200 42622
172.22.2.4 - - [12/Feb/2024:02:13:38 -0500] "GET /BLA/boletinlegal/style.css HTTP/1.1" 200 9406
172.22.2.4 - - [12/Feb/2024:02:14:03 -0500] "GET /BLA/boletinlegal/Circulares/2011/Circular%20No.%206%20del%2029%20de%20Julio%20de%202011.pdf HTTP/1.1" 200 262144
201.245.192.253 - - [12/Feb/2024:02:14:11 -0500] "POST /forms/lservlet;jsessionid=ac16012b30d610ae24beb5094434bff4cfc888fbc4af.e3iSbxaKaheRe3qKcheMbNuKc41ynknvrkLOlQzNp65In0 HTTP/1.1" 200 2
172.22.2.4 - - [12/Feb/2024:02:14:22 -0500] "GET /BLA/boletinlegal/Directivas/2018/Directiva%20No.%2026%20del%2028%20de%20diciembre%20de%202018.pdf HTTP/1.1" 200 332220
201.245.192.253 - - [12/Feb/2024:02:14:45 -0500] "POST /forms/lservlet;jsessionid=ac16012b30d629257b7236c7411e84d9b4a8aba690a2.e3iSbxaKaheRe3qKcheMbNuKc41ynknvrkLOlQzNp65In0 HTTP/1.1" 200 2
172.22.2.4 - - [12/Feb/2024:02:15:18 -0500] "GET /BLA/boletinlegal/Circulares/2018/Circular%20No.%2010%20del%2021%20de%20Septiembre%20de%202018.pdf HTTP/1.1" 200 163426
40.77.167.18 - - [12/Feb/2024:02:15:21 -0500] "GET /BLA/resoluciones/AUTOS%202021/0242.pdf HTTP/1.1" 304 -
201.245.192.253 - - [12/Feb/2024:02:16:11 -0500] "POST /forms/lservlet;jsessionid=ac16012b30d610ae24beb5094434bff4cfc888fbc4af.e3iSbxaKaheRe3qKcheMbNuKc41ynknvrkLOlQzNp65In0 HTTP/1.1" 200 2
201.245.192.253 - - [12/Feb/2024:02:16:45 -0500] "POST /forms/lservlet;jsessionid=ac16012b30d629257b7236c7411e84d9b4a8aba690a2.e3iSbxaKaheRe3qKcheMbNuKc41ynknvrkLOlQzNp65In0 HTTP/1.1" 200 2
216.245.221.92 - - [12/Feb/2024:02:17:26 -0500] "HEAD / HTTP/1.1" 200 -
201.245.192.253 - - [12/Feb/2024:02:18:06 -0500] "POST /kwsrmcab/Wsrmcab  HTTP/1.1" 200 37396
201.245.192.253 - - [12/Feb/2024:02:18:11 -0500] "POST /forms/lservlet;jsessionid=ac16012b30d610ae24beb5094434bff4cfc888fbc4af.e3iSbxaKaheRe3qKcheMbNuKc41ynknvrkLOlQzNp65In0 HTTP/1.1" 200 2
172.22.2.4 - - [12/Feb/2024:02:18:19 -0500] "GET /BLA/boletinlegal/Directivas/2018/Directiva%20No.%2027%20del%2028%20de%20diciembre%20de%202018.pdf HTTP/1.1" 200 2831879
172.22.2.4 - - [12/Feb/2024:02:16:48 -0500] "HEAD /BLA/boletinlegal/ HTTP/1.1" 200 -
201.245.192.253 - - [12/Feb/2024:02:18:45 -0500] "POST /forms/lservlet;jsessionid=ac16012b30d629257b7236c7411e84d9b4a8aba690a2.e3iSbxaKaheRe3qKcheMbNuKc41ynknvrkLOlQzNp65In0 HTTP/1.1" 200 2
40.77.167.18 - - [12/Feb/2024:02:19:03 -0500] "GET /BLA/resoluciones/RESOLUCIONES%202021/5547.pdf HTTP/1.1" 304 -
172.22.2.4 - - [12/Feb/2024:02:17:39 -0500] "GET /BLA/boletinlegal/ HTTP/1.1" 200 61047
201.245.192.253 - - [12/Feb/2024:02:19:31 -0500] "POST /kwsrmcab/Wsrmcab HTTP/1.1" 200 37243
201.245.192.253 - - [12/Feb/2024:02:19:34 -0500] "POST /kwsrmcab/Wsrmcab HTTP/1.1" 200 34625
201.245.192.253 - - [12/Feb/2024:02:19:46 -0500] "POST /kwsrmcab/Wsrmcab HTTP/1.1" 200 37247
172.22.2.4 - - [12/Feb/2024:02:20:03 -0500] "GET /BLA/boletinlegal/actos.php HTTP/1.1" 200 9738
201.245.192.253 - - [12/Feb/2024:02:20:11 -0500] "POST /forms/lservlet;jsessionid=ac16012b30d610ae24beb5094434bff4cfc888fbc4af.e3iSbxaKaheRe3qKcheMbNuKc41ynknvrkLOlQzNp65In0 HTTP/1.1" 200 2
201.245.192.253 - - [12/Feb/2024:02:20:40 -0500] "POST /kwsrmcab/Wsrmcab HTTP/1.1" 200 34625
201.245.192.253 - - [12/Feb/2024:02:20:45 -0500] "POST /forms/lservlet;jsessionid=ac16012b30d629257b7236c7411e84d9b4a8aba690a2.e3iSbxaKaheRe3qKcheMbNuKc41ynknvrkLOlQzNp65In0 HTTP/1.1" 200 2
201.245.192.253 - - [12/Feb/2024:02:22:11 -0500] "POST /forms/lservlet;jsessionid=ac16012b30d610ae24beb5094434bff4cfc888fbc4af.e3iSbxaKaheRe3qKcheMbNuKc41ynknvrkLOlQzNp65In0 HTTP/1.1" 200 2
216.245.221.92 - - [12/Feb/2024:02:22:26 -0500] "HEAD / HTTP/1.1" 200 -
201.245.192.253 - - [12/Feb/2024:02:22:45 -0500] "POST /forms/lservlet;jsessionid=ac16012b30d629257b7236c7411e84d9b4a8aba690a2.e3iSbxaKaheRe3qKcheMbNuKc41ynknvrkLOlQzNp65In0 HTTP/1.1" 200 2
201.245.192.253 - - [12/Feb/2024:02:23:06 -0500] "POST /kwsrmcab/Wsrmcab  HTTP/1.1" 200 37396
172.22.2.4 - - [12/Feb/2024:02:23:13 -0500] "GET /BLA/boletinlegal/.env HTTP/1.1" 404 1038
201.245.192.253 - - [12/Feb/2024:02:24:11 -0500] "POST /forms/lservlet;jsessionid=ac16012b30d610ae24beb5094434bff4cfc888fbc4af.e3iSbxaKaheRe3qKcheMbNuKc41ynknvrkLOlQzNp65In0 HTTP/1.1" 200 2
172.22.2.4 - - [12/Feb/2024:02:22:38 -0500] "HEAD /BLA/boletinlegal/ HTTP/1.1" 200 -
201.245.192.253 - - [12/Feb/2024:02:24:45 -0500] "POST /forms/lservlet;jsessionid=ac16012b30d629257b7236c7411e84d9b4a8aba690a2.e3iSbxaKaheRe3qKcheMbNuKc41ynknvrkLOlQzNp65In0 HTTP/1.1" 200 2
172.22.2.4 - - [12/Feb/2024:02:25:04 -0500] "GET /BLA/boletinlegal/Directivas/2011/Directiva%20No.%204%20del%2028%20de%20Junio%20de%202011.pdf HTTP/1.1" 200 960158
172.22.2.4 - - [12/Feb/2024:02:23:29 -0500] "GET /BLA/boletinlegal/ HTTP/1.1" 200 61047
172.22.2.4 - - [12/Feb/2024:02:25:11 -0500] "GET /BLA/boletinlegal/robots.txt HTTP/1.1" 404 1038
172.22.2.4 - - [12/Feb/2024:02:25:12 -0500] "GET /BLA/boletinlegal/Directivas/2011/Directiva%20No.%207%20del%2015%20de%20Septiembre%20de%202011.pdf HTTP/1.1" 200 268084
172.22.2.4 - - [12/Feb/2024:02:25:31 -0500] "GET /BLA/boletinlegal/Directivas/2019/Directiva%20008%20del%2001%20de%20noviembre%20de%202019.pdf HTTP/1.1" 200 1382642
201.245.192.253 - - [12/Feb/2024:02:26:12 -0500] "POST /forms/lservlet;jsessionid=ac16012b30d610ae24beb5094434bff4cfc888fbc4af.e3iSbxaKaheRe3qKcheMbNuKc41ynknvrkLOlQzNp65In0 HTTP/1.1" 200 2
201.245.192.253 - - [12/Feb/2024:02:26:45 -0500] "POST /forms/lservlet;jsessionid=ac16012b30d629257b7236c7411e84d9b4a8aba690a2.e3iSbxaKaheRe3qKcheMbNuKc41ynknvrkLOlQzNp65In0 HTTP/1.1" 200 2
216.245.221.92 - - [12/Feb/2024:02:27:26 -0500] "HEAD / HTTP/1.1" 200 -
172.22.2.4 - - [12/Feb/2024:02:27:42 -0500] "GET /BLA/boletinlegal/Directivas/2017/Directiva%20No.%2004%20del%2028%20de%20Abril%20de%202017.pdf HTTP/1.1" 200 8194919
201.245.192.253 - - [12/Feb/2024:02:28:05 -0500] "POST /kwsrmcab/Wsrmcab  HTTP/1.1" 200 37396
201.245.192.253 - - [12/Feb/2024:02:28:11 -0500] "POST /forms/lservlet;jsessionid=ac16012b30d610ae24beb5094434bff4cfc888fbc4af.e3iSbxaKaheRe3qKcheMbNuKc41ynknvrkLOlQzNp65In0 HTTP/1.1" 200 2
172.22.2.4 - - [12/Feb/2024:02:28:20 -0500] "GET /BLA/boletinlegal/Directivas/2013/Directiva%20No.%201%20del%2004%20de%20Abril%20de%202013.pdf HTTP/1.1" 200 472003
201.245.192.253 - - [12/Feb/2024:02:28:45 -0500] "POST /forms/lservlet;jsessionid=ac16012b30d629257b7236c7411e84d9b4a8aba690a2.e3iSbxaKaheRe3qKcheMbNuKc41ynknvrkLOlQzNp65In0 HTTP/1.1" 200 2
172.22.2.4 - - [12/Feb/2024:02:28:48 -0500] "GET /BLA/boletinlegal/Circulares/2014/Circular%20No.%201%20del%2008%20de%20Mayo%20de%202014.pdf HTTP/1.1" 200 180124
201.245.192.253 - - [12/Feb/2024:02:29:31 -0500] "POST /kwsrmcab/Wsrmcab HTTP/1.1" 200 37243
201.245.192.253 - - [12/Feb/2024:02:29:34 -0500] "POST /kwsrmcab/Wsrmcab HTTP/1.1" 200 34625
201.245.192.253 - - [12/Feb/2024:02:29:46 -0500] "POST /kwsrmcab/Wsrmcab HTTP/1.1" 200 37247
172.22.2.4 - - [12/Feb/2024:02:28:28 -0500] "HEAD /BLA/boletinlegal/ HTTP/1.1" 200 -
201.245.192.253 - - [12/Feb/2024:02:30:12 -0500] "POST /forms/lservlet;jsessionid=ac16012b30d610ae24beb5094434bff4cfc888fbc4af.e3iSbxaKaheRe3qKcheMbNuKc41ynknvrkLOlQzNp65In0 HTTP/1.1" 200 2
201.245.192.253 - - [12/Feb/2024:02:30:41 -0500] "GET /kwsrmcab/Wsrmcab?wsdl HTTP/1.1" 200 6948
201.245.192.253 - - [12/Feb/2024:02:30:41 -0500] "POST /kwsrmcab/Wsrmcab HTTP/1.1" 200 34625
201.245.192.253 - - [12/Feb/2024:02:30:45 -0500] "POST /forms/lservlet;jsessionid=ac16012b30d629257b7236c7411e84d9b4a8aba690a2.e3iSbxaKaheRe3qKcheMbNuKc41ynknvrkLOlQzNp65In0 HTTP/1.1" 200 2
172.22.2.4 - - [12/Feb/2024:02:29:19 -0500] "GET /BLA/boletinlegal/ HTTP/1.1" 200 61047
201.245.192.253 - - [12/Feb/2024:02:32:12 -0500] "POST /forms/lservlet;jsessionid=ac16012b30d610ae24beb5094434bff4cfc888fbc4af.e3iSbxaKaheRe3qKcheMbNuKc41ynknvrkLOlQzNp65In0 HTTP/1.1" 200 2
172.22.2.4 - - [12/Feb/2024:02:32:16 -0500] "GET /BLA/boletinlegal/jurisprudencia/analisis/AnalisisT-606-15.docx HTTP/1.1" 200 26698
172.22.2.4 - - [12/Feb/2024:02:32:17 -0500] "GET /BLA/boletinlegal/apple-touch-icon-120x120-precomposed.png HTTP/1.1" 404 1140
172.22.2.4 - - [12/Feb/2024:02:32:17 -0500] "GET /BLA/boletinlegal/apple-touch-icon-120x120.png HTTP/1.1" 404 1140
172.22.2.4 - - [12/Feb/2024:02:32:17 -0500] "GET /BLA/boletinlegal/apple-touch-icon-precomposed.png HTTP/1.1" 404 1140
172.22.2.4 - - [12/Feb/2024:02:32:17 -0500] "GET /BLA/boletinlegal/apple-touch-icon.png HTTP/1.1" 404 1140
172.22.2.4 - - [12/Feb/2024:02:32:17 -0500] "GET /BLA/boletinlegal/favicon.ico HTTP/1.1" 404 1140
172.22.2.4 - - [12/Feb/2024:02:32:17 -0500] "GET /BLA/boletinlegal/apple-touch-icon-120x120-precomposed.png HTTP/1.1" 404 1140
172.22.2.4 - - [12/Feb/2024:02:32:17 -0500] "GET /BLA/boletinlegal/apple-touch-icon-120x120.png HTTP/1.1" 404 1140
172.22.2.4 - - [12/Feb/2024:02:32:17 -0500] "GET /BLA/boletinlegal/apple-touch-icon-precomposed.png HTTP/1.1" 404 1140
172.22.2.4 - - [12/Feb/2024:02:32:17 -0500] "GET /BLA/boletinlegal/apple-touch-icon.png HTTP/1.1" 404 1140
172.22.2.4 - - [12/Feb/2024:02:32:18 -0500] "GET /BLA/boletinlegal/favicon.ico HTTP/1.1" 404 1140
216.245.221.92 - - [12/Feb/2024:02:32:26 -0500] "HEAD / HTTP/1.1" 200 -
201.245.192.253 - - [12/Feb/2024:02:32:45 -0500] "POST /forms/lservlet;jsessionid=ac16012b30d629257b7236c7411e84d9b4a8aba690a2.e3iSbxaKaheRe3qKcheMbNuKc41ynknvrkLOlQzNp65In0 HTTP/1.1" 200 2
52.167.144.24 - - [12/Feb/2024:02:33:03 -0500] "GET /BLA/resoluciones/AUTOS%202018/1790.pdf HTTP/1.1" 304 -
201.245.192.253 - - [12/Feb/2024:02:33:04 -0500] "POST /kwsrmcab/Wsrmcab  HTTP/1.1" 200 37396
172.22.2.4 - - [12/Feb/2024:02:33:42 -0500] "GET /BLA/boletinlegal/Circulares/2013/Circular%20No.%202%20del%2022%20de%20enero%20de%202013.pdf HTTP/1.1" 200 85466
172.22.2.4 - - [12/Feb/2024:02:33:48 -0500] "GET /BLA/boletinlegal/Circulares/2018/CIRCULAR%20COJUNTA%20042%20DE%202018.pdf HTTP/1.1" 200 515008
201.245.192.253 - - [12/Feb/2024:02:34:12 -0500] "POST /forms/lservlet;jsessionid=ac16012b30d610ae24beb5094434bff4cfc888fbc4af.e3iSbxaKaheRe3qKcheMbNuKc41ynknvrkLOlQzNp65In0 HTTP/1.1" 200 2
201.245.192.253 - - [12/Feb/2024:02:34:45 -0500] "POST /forms/lservlet;jsessionid=ac16012b30d629257b7236c7411e84d9b4a8aba690a2.e3iSbxaKaheRe3qKcheMbNuKc41ynknvrkLOlQzNp65In0 HTTP/1.1" 200 2
172.22.2.4 - - [12/Feb/2024:02:34:18 -0500] "HEAD /BLA/boletinlegal/ HTTP/1.1" 200 -
201.245.192.253 - - [12/Feb/2024:02:36:12 -0500] "POST /forms/lservlet;jsessionid=ac16012b30d610ae24beb5094434bff4cfc888fbc4af.e3iSbxaKaheRe3qKcheMbNuKc41ynknvrkLOlQzNp65In0 HTTP/1.1" 200 2
201.245.192.253 - - [12/Feb/2024:02:36:45 -0500] "POST /forms/lservlet;jsessionid=ac16012b30d629257b7236c7411e84d9b4a8aba690a2.e3iSbxaKaheRe3qKcheMbNuKc41ynknvrkLOlQzNp65In0 HTTP/1.1" 200 2
172.22.2.4 - - [12/Feb/2024:02:35:09 -0500] "GET /BLA/boletinlegal/ HTTP/1.1" 200 61047
167.94.145.58 - - [12/Feb/2024:02:37:17 -0500] "GET / HTTP/1.1" 200 319
167.94.145.58 - - [12/Feb/2024:02:37:20 -0500] "GET / HTTP/1.1" 200 319
167.94.145.58 - - [12/Feb/2024:02:37:21 -0500] "PRI * HTTP/2.0" 400 946
167.94.145.58 - - [12/Feb/2024:02:37:21 -0500] "GET /favicon.ico HTTP/1.1" 200 7782
216.245.221.92 - - [12/Feb/2024:02:37:26 -0500] "HEAD / HTTP/1.1" 200 -
201.245.192.253 - - [12/Feb/2024:02:38:01 -0500] "POST /kwsrmcab/Wsrmcab  HTTP/1.1" 200 37396
201.245.192.253 - - [12/Feb/2024:02:38:12 -0500] "POST /forms/lservlet;jsessionid=ac16012b30d610ae24beb5094434bff4cfc888fbc4af.e3iSbxaKaheRe3qKcheMbNuKc41ynknvrkLOlQzNp65In0 HTTP/1.1" 200 2
152.61.128.50 - - [12/Feb/2024:02:38:43 -0500] "GET /arcgis/services/Calidad_del_Agua_WQI/MapServer/WMSServer?request=GetCapabilities&service=WMS HTTP/1.1" 503 1020
