186.84.90.82 - - [15/Feb/2024:10:39:40 -0500] "GET /sipse/faces/javax.faces.resource/primefaces.js?ln=primefaces&v=4.0 HTTP/1.1" 304 -
186.84.90.82 - - [15/Feb/2024:10:39:40 -0500] "GET /sipse/faces/javax.faces.resource/layout/layout.js?ln=primefaces&v=4.0 HTTP/1.1" 304 -
186.84.90.82 - - [15/Feb/2024:10:39:41 -0500] "POST /sipse/faces/presentacion/financiero/solicitudProceso/listarSolicitudProceso.xhtml HTTP/1.1" 200 1392
186.84.90.82 - - [15/Feb/2024:10:39:48 -0500] "POST /sipse/faces/presentacion/financiero/solicitudProceso/listarSolicitudProceso.xhtml HTTP/1.1" 200 7892
152.203.208.64 - - [15/Feb/2024:10:39:48 -0500] "POST /sipse/faces/presentacion/financiero/solicitudProceso/listarSolicitudProceso.xhtml HTTP/1.1" 200 23041
186.84.90.82 - - [15/Feb/2024:10:39:49 -0500] "POST /sipse/faces/presentacion/financiero/solicitudProceso/listarSolicitudProceso.xhtml HTTP/1.1" 200 30047
186.84.90.82 - - [15/Feb/2024:10:39:50 -0500] "POST /sipse/faces/presentacion/financiero/solicitudProceso/listarSolicitudProceso.xhtml HTTP/1.1" 200 30047
186.84.90.82 - - [15/Feb/2024:10:39:50 -0500] "POST /sipse/faces/presentacion/financiero/solicitudProceso/listarSolicitudProceso.xhtml HTTP/1.1" 200 1392
186.84.90.82 - - [15/Feb/2024:10:39:50 -0500] "POST /sipse/faces/presentacion/financiero/solicitudProceso/listarSolicitudProceso.xhtml HTTP/1.1" 200 1388
201.245.192.253 - - [15/Feb/2024:10:39:51 -0500] "POST /sipse/faces/presentacion/financiero/solicitudProceso/consultarHistorialSolProceso.xhtml HTTP/1.1" 200 42241
201.245.192.253 - - [15/Feb/2024:10:39:52 -0500] "GET /sipse/faces/javax.faces.resource/theme.css?ln=primefaces-sipse HTTP/1.1" 304 -
201.245.192.253 - - [15/Feb/2024:10:39:52 -0500] "GET /sipse/faces/javax.faces.resource/primefaces.css?ln=primefaces&v=4.0 HTTP/1.1" 304 -
201.245.192.253 - - [15/Feb/2024:10:39:52 -0500] "GET /sipse/faces/javax.faces.resource/layout/layout.css?ln=primefaces&v=4.0 HTTP/1.1" 304 -
201.245.192.253 - - [15/Feb/2024:10:39:52 -0500] "GET /sipse/faces/javax.faces.resource/jquery/jquery.js?ln=primefaces&v=4.0 HTTP/1.1" 304 -
201.245.192.253 - - [15/Feb/2024:10:39:52 -0500] "GET /sipse/faces/javax.faces.resource/jquery/jquery-plugins.js?ln=primefaces&v=4.0 HTTP/1.1" 304 -
201.245.192.253 - - [15/Feb/2024:10:39:52 -0500] "GET /sipse/faces/javax.faces.resource/primefaces.js?ln=primefaces&v=4.0 HTTP/1.1" 304 -
201.245.192.253 - - [15/Feb/2024:10:39:52 -0500] "GET /sipse/faces/javax.faces.resource/layout/layout.js?ln=primefaces&v=4.0 HTTP/1.1" 304 -
201.245.192.253 - - [15/Feb/2024:10:39:55 -0500] "POST /sipse/faces/presentacion/financiero/solicitudProceso/consultar.xhtml HTTP/1.1" 200 12998
201.245.192.253 - - [15/Feb/2024:10:40:03 -0500] "POST /sipse/faces/presentacion/financiero/solicitudProceso/consultar.xhtml HTTP/1.1" 200 141482
201.245.192.253 - - [15/Feb/2024:10:40:03 -0500] "GET /sipse/faces/javax.faces.resource/primefaces.css?ln=primefaces&v=4.0 HTTP/1.1" 304 -
201.245.192.253 - - [15/Feb/2024:10:40:03 -0500] "GET /sipse/faces/javax.faces.resource/theme.css?ln=primefaces-sipse HTTP/1.1" 304 -
201.245.192.253 - - [15/Feb/2024:10:40:03 -0500] "GET /sipse/faces/javax.faces.resource/layout/layout.css?ln=primefaces&v=4.0 HTTP/1.1" 304 -
201.245.192.253 - - [15/Feb/2024:10:40:03 -0500] "GET /sipse/faces/javax.faces.resource/jquery/jquery.js?ln=primefaces&v=4.0 HTTP/1.1" 304 -
201.245.192.253 - - [15/Feb/2024:10:40:03 -0500] "GET /sipse/faces/javax.faces.resource/jquery/jquery-plugins.js?ln=primefaces&v=4.0 HTTP/1.1" 304 -
201.245.192.253 - - [15/Feb/2024:10:40:03 -0500] "GET /sipse/faces/javax.faces.resource/primefaces.js?ln=primefaces&v=4.0 HTTP/1.1" 304 -
201.245.192.253 - - [15/Feb/2024:10:40:03 -0500] "GET /sipse/faces/javax.faces.resource/layout/layout.js?ln=primefaces&v=4.0 HTTP/1.1" 304 -
201.245.192.253 - - [15/Feb/2024:10:40:08 -0500] "POST /sipse/faces/presentacion/financiero/solicitudProceso/consultarSolicitudProceso.xhtml HTTP/1.1" 200 33318
201.245.192.253 - - [15/Feb/2024:10:40:08 -0500] "GET /sipse/faces/javax.faces.resource/theme.css?ln=primefaces-sipse HTTP/1.1" 304 -
201.245.192.253 - - [15/Feb/2024:10:40:08 -0500] "GET /sipse/faces/javax.faces.resource/layout/layout.css?ln=primefaces&v=4.0 HTTP/1.1" 304 -
201.245.192.253 - - [15/Feb/2024:10:40:08 -0500] "GET /sipse/faces/javax.faces.resource/primefaces.css?ln=primefaces&v=4.0 HTTP/1.1" 304 -
201.245.192.253 - - [15/Feb/2024:10:40:08 -0500] "GET /sipse/faces/javax.faces.resource/jquery/jquery.js?ln=primefaces&v=4.0 HTTP/1.1" 304 -
201.245.192.253 - - [15/Feb/2024:10:40:08 -0500] "GET /sipse/faces/javax.faces.resource/primefaces.js?ln=primefaces&v=4.0 HTTP/1.1" 304 -
201.245.192.253 - - [15/Feb/2024:10:40:08 -0500] "GET /sipse/faces/javax.faces.resource/jquery/jquery-plugins.js?ln=primefaces&v=4.0 HTTP/1.1" 304 -
201.245.192.253 - - [15/Feb/2024:10:40:08 -0500] "GET /sipse/faces/javax.faces.resource/layout/layout.js?ln=primefaces&v=4.0 HTTP/1.1" 304 -
152.203.208.64 - - [15/Feb/2024:10:40:10 -0500] "POST /sipse/faces/presentacion/financiero/solicitudProceso/listarSolicitudProceso.xhtml HTTP/1.1" 200 23029
200.118.16.68 - - [15/Feb/2024:10:40:21 -0500] "POST /sipse/faces/presentacion/financiero/estudioPrevio/personalSolicitado/expedirExperienciaIdoneidad.xhtml HTTP/1.1" 200 22816
200.118.16.68 - - [15/Feb/2024:10:40:21 -0500] "GET /sipse/faces/javax.faces.resource/theme.css?ln=primefaces-sipse HTTP/1.1" 304 -
200.118.16.68 - - [15/Feb/2024:10:40:21 -0500] "GET /sipse/faces/javax.faces.resource/primefaces.css?ln=primefaces&v=4.0 HTTP/1.1" 304 -
200.118.16.68 - - [15/Feb/2024:10:40:21 -0500] "GET /sipse/faces/javax.faces.resource/layout/layout.css?ln=primefaces&v=4.0 HTTP/1.1" 304 -
200.118.16.68 - - [15/Feb/2024:10:40:21 -0500] "GET /sipse/faces/javax.faces.resource/jquery/jquery.js?ln=primefaces&v=4.0 HTTP/1.1" 304 -
200.118.16.68 - - [15/Feb/2024:10:40:21 -0500] "GET /sipse/faces/javax.faces.resource/jquery/jquery-plugins.js?ln=primefaces&v=4.0 HTTP/1.1" 304 -
200.118.16.68 - - [15/Feb/2024:10:40:21 -0500] "GET /sipse/faces/javax.faces.resource/primefaces.js?ln=primefaces&v=4.0 HTTP/1.1" 304 -
200.118.16.68 - - [15/Feb/2024:10:40:21 -0500] "GET /sipse/faces/javax.faces.resource/layout/layout.js?ln=primefaces&v=4.0 HTTP/1.1" 304 -
201.245.192.253 - - [15/Feb/2024:10:40:21 -0500] "POST /kwsrmcab/Wsrmcab HTTP/1.1" 200 33836
152.203.208.64 - - [15/Feb/2024:10:40:23 -0500] "POST /sipse/faces/presentacion/financiero/solicitudProceso/listarSolicitudProceso.xhtml HTTP/1.1" 200 23041
186.84.90.82 - - [15/Feb/2024:10:40:28 -0500] "POST /sipse/faces/presentacion/financiero/solicitudProceso/listarSolicitudProceso.xhtml HTTP/1.1" 200 7851
201.245.192.253 - - [15/Feb/2024:10:40:28 -0500] "POST /forms/lservlet;jsessionid=ac16012b30d65b1cef05ef954b5796cdbbca731699d0.e3iSbxaKaheRe34NaNuLc30MaN90n6jAmljGr5XDqQLvpAe HTTP/1.1" 200 2
186.84.90.82 - - [15/Feb/2024:10:40:30 -0500] "POST /sipse/faces/presentacion/financiero/solicitudProceso/listarSolicitudProceso.xhtml HTTP/1.1" 200 153533
186.84.90.82 - - [15/Feb/2024:10:40:31 -0500] "GET /sipse/faces/javax.faces.resource/theme.css?ln=primefaces-sipse HTTP/1.1" 304 -
186.84.90.82 - - [15/Feb/2024:10:40:31 -0500] "GET /sipse/faces/javax.faces.resource/primefaces.css?ln=primefaces&v=4.0 HTTP/1.1" 304 -
186.84.90.82 - - [15/Feb/2024:10:40:31 -0500] "GET /sipse/faces/javax.faces.resource/layout/layout.css?ln=primefaces&v=4.0 HTTP/1.1" 304 -
186.84.90.82 - - [15/Feb/2024:10:40:31 -0500] "GET /sipse/faces/javax.faces.resource/jquery/jquery.js?ln=primefaces&v=4.0 HTTP/1.1" 304 -
186.84.90.82 - - [15/Feb/2024:10:40:31 -0500] "GET /sipse/faces/javax.faces.resource/jquery/jquery-plugins.js?ln=primefaces&v=4.0 HTTP/1.1" 304 -
186.84.90.82 - - [15/Feb/2024:10:40:31 -0500] "GET /sipse/faces/javax.faces.resource/primefaces.js?ln=primefaces&v=4.0 HTTP/1.1" 304 -
186.84.90.82 - - [15/Feb/2024:10:40:31 -0500] "GET /sipse/faces/javax.faces.resource/layout/layout.js?ln=primefaces&v=4.0 HTTP/1.1" 304 -
186.84.90.82 - - [15/Feb/2024:10:40:33 -0500] "POST /sipse/faces/presentacion/financiero/solicitudProceso/consultarSolicitudProceso.xhtml HTTP/1.1" 200 21227
186.84.90.82 - - [15/Feb/2024:10:40:33 -0500] "GET /sipse/faces/javax.faces.resource/primefaces.css?ln=primefaces&v=4.0 HTTP/1.1" 304 -
186.84.90.82 - - [15/Feb/2024:10:40:33 -0500] "GET /sipse/faces/javax.faces.resource/theme.css?ln=primefaces-sipse HTTP/1.1" 304 -
186.84.90.82 - - [15/Feb/2024:10:40:33 -0500] "GET /sipse/faces/javax.faces.resource/layout/layout.css?ln=primefaces&v=4.0 HTTP/1.1" 304 -
186.84.90.82 - - [15/Feb/2024:10:40:33 -0500] "GET /sipse/faces/javax.faces.resource/jquery/jquery.js?ln=primefaces&v=4.0 HTTP/1.1" 304 -
186.84.90.82 - - [15/Feb/2024:10:40:33 -0500] "GET /sipse/faces/javax.faces.resource/fileupload/fileupload.css?ln=primefaces&v=4.0 HTTP/1.1" 304 -
186.84.90.82 - - [15/Feb/2024:10:40:33 -0500] "GET /sipse/faces/javax.faces.resource/primefaces.js?ln=primefaces&v=4.0 HTTP/1.1" 304 -
186.84.90.82 - - [15/Feb/2024:10:40:33 -0500] "GET /sipse/faces/javax.faces.resource/jquery/jquery-plugins.js?ln=primefaces&v=4.0 HTTP/1.1" 304 -
186.84.90.82 - - [15/Feb/2024:10:40:33 -0500] "GET /sipse/faces/javax.faces.resource/fileupload/fileupload.js?ln=primefaces&v=4.0 HTTP/1.1" 304 -
186.84.90.82 - - [15/Feb/2024:10:40:33 -0500] "GET /sipse/faces/javax.faces.resource/layout/layout.js?ln=primefaces&v=4.0 HTTP/1.1" 304 -
201.245.192.253 - - [15/Feb/2024:10:40:34 -0500] "POST /forms/lservlet;jsessionid=ac16012b30d679c7ad76710645d4946edfe5f6ed134f.e3iSbxaKaheRe34NaNuLc30MaN90n6jAmljGr5XDqQLvpAe HTTP/1.1" 200 2
152.203.208.64 - - [15/Feb/2024:10:40:35 -0500] "POST /sipse/faces/presentacion/financiero/solicitudProceso/listarSolicitudProceso.xhtml HTTP/1.1" 200 23029
201.245.192.253 - - [15/Feb/2024:10:40:40 -0500] "POST /sipse/faces/presentacion/financiero/solicitudProceso/consultarSolicitudProceso.xhtml HTTP/1.1" 200 911
201.245.192.253 - - [15/Feb/2024:10:40:41 -0500] "GET /sipse/faces/faces/faces/autenticacion HTTP/1.1" 302 -
201.245.192.253 - - [15/Feb/2024:10:40:41 -0500] "GET /sipse/faces/autenticacion.xhtml HTTP/1.1" 200 12404
201.245.192.253 - - [15/Feb/2024:10:40:41 -0500] "GET /sipse/faces/javax.faces.resource/theme.css?ln=primefaces-sipse HTTP/1.1" 304 -
201.245.192.253 - - [15/Feb/2024:10:40:41 -0500] "GET /sipse/faces/javax.faces.resource/layout/layout.css?ln=primefaces&v=4.0 HTTP/1.1" 304 -
201.245.192.253 - - [15/Feb/2024:10:40:41 -0500] "GET /sipse/faces/javax.faces.resource/primefaces.css?ln=primefaces&v=4.0 HTTP/1.1" 304 -
201.245.192.253 - - [15/Feb/2024:10:40:41 -0500] "GET /sipse/faces/javax.faces.resource/primefaces.js?ln=primefaces&v=4.0 HTTP/1.1" 304 -
201.245.192.253 - - [15/Feb/2024:10:40:41 -0500] "GET /sipse/faces/javax.faces.resource/jquery/jquery-plugins.js?ln=primefaces&v=4.0 HTTP/1.1" 304 -
201.245.192.253 - - [15/Feb/2024:10:40:41 -0500] "GET /sipse/faces/javax.faces.resource/jquery/jquery.js?ln=primefaces&v=4.0 HTTP/1.1" 304 -
201.245.192.253 - - [15/Feb/2024:10:40:41 -0500] "GET /sipse/faces/javax.faces.resource/layout/layout.js?ln=primefaces&v=4.0 HTTP/1.1" 304 -
201.245.192.253 - - [15/Feb/2024:10:40:41 -0500] "GET /sipse/faces/javax.faces.resource/images/ui-icons_898989_256x240.png?ln=primefaces-aristo HTTP/1.1" 304 -
201.245.192.253 - - [15/Feb/2024:10:40:43 -0500] "POST /sipse/faces/autenticacion.xhtml HTTP/1.1" 200 2217
201.245.192.253 - - [15/Feb/2024:10:40:43 -0500] "GET /sipse/faces/javax.faces.resource/messages/messages.png?ln=primefaces&v=4.0 HTTP/1.1" 304 -
201.245.192.253 - - [15/Feb/2024:10:40:44 -0500] "POST /sipse/faces/autenticacion.xhtml HTTP/1.1" 200 16448
201.245.192.253 - - [15/Feb/2024:10:40:44 -0500] "GET /sipse/faces/javax.faces.resource/layout/layout.css?ln=primefaces&v=4.0 HTTP/1.1" 304 -
201.245.192.253 - - [15/Feb/2024:10:40:44 -0500] "GET /sipse/faces/javax.faces.resource/theme.css?ln=primefaces-sipse HTTP/1.1" 304 -
201.245.192.253 - - [15/Feb/2024:10:40:44 -0500] "GET /sipse/faces/javax.faces.resource/primefaces.css?ln=primefaces&v=4.0 HTTP/1.1" 304 -
201.245.192.253 - - [15/Feb/2024:10:40:44 -0500] "GET /sipse/faces/javax.faces.resource/jquery/jquery.js?ln=primefaces&v=4.0 HTTP/1.1" 304 -
201.245.192.253 - - [15/Feb/2024:10:40:44 -0500] "GET /sipse/faces/javax.faces.resource/jquery/jquery-plugins.js?ln=primefaces&v=4.0 HTTP/1.1" 304 -
201.245.192.253 - - [15/Feb/2024:10:40:44 -0500] "GET /sipse/faces/javax.faces.resource/primefaces.js?ln=primefaces&v=4.0 HTTP/1.1" 304 -
201.245.192.253 - - [15/Feb/2024:10:40:44 -0500] "GET /sipse/faces/javax.faces.resource/layout/layout.js?ln=primefaces&v=4.0 HTTP/1.1" 304 -
201.245.192.253 - - [15/Feb/2024:10:40:44 -0500] "GET /sipse/css/imagen/contrasena.png HTTP/1.1" 404 383
201.245.192.253 - - [15/Feb/2024:10:40:42 -0500] "POST /kwsrmcab/Wsrmcab  HTTP/1.1" 200 37396
201.245.192.253 - - [15/Feb/2024:10:40:45 -0500] "GET /sipse/faces/javax.faces.resource/images/ui-bg_flat_0_2d5972_40x100.png?ln=primefaces-aristo HTTP/1.1" 304 -
201.245.192.253 - - [15/Feb/2024:10:40:45 -0500] "POST /sipse/faces/bienvenido.xhtml HTTP/1.1" 200 2658
186.84.90.82 - - [15/Feb/2024:10:40:46 -0500] "GET /sipse/faces/javax.faces.resource/layout/layout.css?ln=primefaces&v=4.0 HTTP/1.1" 304 -
186.84.90.82 - - [15/Feb/2024:10:40:46 -0500] "GET /sipse/faces/javax.faces.resource/theme.css?ln=primefaces-sipse HTTP/1.1" 304 -
186.84.90.82 - - [15/Feb/2024:10:40:46 -0500] "GET /sipse/faces/javax.faces.resource/primefaces.css?ln=primefaces&v=4.0 HTTP/1.1" 304 -
186.84.90.82 - - [15/Feb/2024:10:40:46 -0500] "GET /sipse/faces/javax.faces.resource/jquery/jquery.js?ln=primefaces&v=4.0 HTTP/1.1" 304 -
186.84.90.82 - - [15/Feb/2024:10:40:46 -0500] "GET /sipse/faces/javax.faces.resource/jquery/jquery-plugins.js?ln=primefaces&v=4.0 HTTP/1.1" 304 -
186.84.90.82 - - [15/Feb/2024:10:40:46 -0500] "POST /sipse/faces/presentacion/sistema/anexos/cargarAnexoSolicitudProceso.xhtml HTTP/1.1" 200 201745
186.84.90.82 - - [15/Feb/2024:10:40:46 -0500] "GET /sipse/faces/javax.faces.resource/layout/layout.js?ln=primefaces&v=4.0 HTTP/1.1" 304 -
186.84.90.82 - - [15/Feb/2024:10:40:46 -0500] "GET /sipse/faces/javax.faces.resource/primefaces.js?ln=primefaces&v=4.0 HTTP/1.1" 304 -
172.22.2.4 - - [15/Feb/2024:10:39:06 -0500] "GET /BLA/boletinlegal/ HTTP/1.1" 200 46234
201.245.192.253 - - [15/Feb/2024:10:40:46 -0500] "POST /sipse/faces/bienvenido.xhtml HTTP/1.1" 200 64440
201.245.192.253 - - [15/Feb/2024:10:40:47 -0500] "GET /sipse/faces/javax.faces.resource/theme.css?ln=primefaces-sipse HTTP/1.1" 304 -
201.245.192.253 - - [15/Feb/2024:10:40:47 -0500] "GET /sipse/faces/javax.faces.resource/layout/layout.css?ln=primefaces&v=4.0 HTTP/1.1" 304 -
201.245.192.253 - - [15/Feb/2024:10:40:47 -0500] "GET /sipse/faces/javax.faces.resource/primefaces.css?ln=primefaces&v=4.0 HTTP/1.1" 304 -
201.245.192.253 - - [15/Feb/2024:10:40:47 -0500] "GET /sipse/faces/javax.faces.resource/jquery/jquery.js?ln=primefaces&v=4.0 HTTP/1.1" 304 -
201.245.192.253 - - [15/Feb/2024:10:40:47 -0500] "GET /sipse/faces/javax.faces.resource/jquery/jquery-plugins.js?ln=primefaces&v=4.0 HTTP/1.1" 304 -
201.245.192.253 - - [15/Feb/2024:10:40:47 -0500] "GET /sipse/faces/javax.faces.resource/primefaces.js?ln=primefaces&v=4.0 HTTP/1.1" 304 -
201.245.192.253 - - [15/Feb/2024:10:40:47 -0500] "GET /sipse/faces/javax.faces.resource/layout/layout.js?ln=primefaces&v=4.0 HTTP/1.1" 304 -
201.245.192.253 - - [15/Feb/2024:10:40:47 -0500] "POST /sipse/faces/presentacion/financiero/solicitudProceso/listarSolicitudProceso.xhtml HTTP/1.1" 200 1556
152.203.208.64 - - [15/Feb/2024:10:40:47 -0500] "POST /sipse/faces/presentacion/financiero/solicitudProceso/listarSolicitudProceso.xhtml HTTP/1.1" 200 23041
186.84.90.82 - - [15/Feb/2024:10:40:50 -0500] "POST /sipse/faces/presentacion/financiero/solicitudProceso/consultarSolicitudProceso.xhtml HTTP/1.1" 200 21227
201.245.192.253 - - [15/Feb/2024:10:40:50 -0500] "POST /sipse/faces/presentacion/financiero/solicitudProceso/listarSolicitudProceso.xhtml HTTP/1.1" 200 46728
186.84.90.82 - - [15/Feb/2024:10:40:50 -0500] "GET /sipse/faces/javax.faces.resource/theme.css?ln=primefaces-sipse HTTP/1.1" 304 -
186.84.90.82 - - [15/Feb/2024:10:40:50 -0500] "GET /sipse/faces/javax.faces.resource/layout/layout.css?ln=primefaces&v=4.0 HTTP/1.1" 304 -
186.84.90.82 - - [15/Feb/2024:10:40:50 -0500] "GET /sipse/faces/javax.faces.resource/primefaces.css?ln=primefaces&v=4.0 HTTP/1.1" 304 -
186.84.90.82 - - [15/Feb/2024:10:40:50 -0500] "GET /sipse/faces/javax.faces.resource/jquery/jquery-plugins.js?ln=primefaces&v=4.0 HTTP/1.1" 304 -
186.84.90.82 - - [15/Feb/2024:10:40:50 -0500] "GET /sipse/faces/javax.faces.resource/jquery/jquery.js?ln=primefaces&v=4.0 HTTP/1.1" 304 -
186.84.90.82 - - [15/Feb/2024:10:40:50 -0500] "GET /sipse/faces/javax.faces.resource/primefaces.js?ln=primefaces&v=4.0 HTTP/1.1" 304 -
186.84.90.82 - - [15/Feb/2024:10:40:50 -0500] "GET /sipse/faces/javax.faces.resource/fileupload/fileupload.css?ln=primefaces&v=4.0 HTTP/1.1" 304 -
186.84.90.82 - - [15/Feb/2024:10:40:50 -0500] "GET /sipse/faces/javax.faces.resource/layout/layout.js?ln=primefaces&v=4.0 HTTP/1.1" 304 -
186.84.90.82 - - [15/Feb/2024:10:40:50 -0500] "GET /sipse/faces/javax.faces.resource/fileupload/fileupload.js?ln=primefaces&v=4.0 HTTP/1.1" 304 -
201.245.192.253 - - [15/Feb/2024:10:40:50 -0500] "POST /sipse/faces/presentacion/financiero/solicitudProceso/listarSolicitudProceso.xhtml HTTP/1.1" 200 1560
181.53.145.143 - - [15/Feb/2024:10:40:50 -0500] "POST /sipse/faces/presentacion/financiero/solicitudProceso/consultar.xhtml HTTP/1.1" 200 12832
201.245.192.253 - - [15/Feb/2024:10:40:50 -0500] "POST /sipse/faces/presentacion/financiero/solicitudProceso/listarSolicitudProceso.xhtml HTTP/1.1" 200 32639
201.245.192.253 - - [15/Feb/2024:10:40:51 -0500] "POST /sipse/faces/presentacion/financiero/solicitudProceso/listarSolicitudProceso.xhtml HTTP/1.1" 200 45715
152.203.208.64 - - [15/Feb/2024:10:40:52 -0500] "POST /sipse/faces/presentacion/financiero/solicitudProceso/listarSolicitudProceso.xhtml HTTP/1.1" 200 23029
201.245.192.253 - - [15/Feb/2024:10:40:54 -0500] "POST /sipse/faces/presentacion/financiero/solicitudProceso/listarSolicitudProceso.xhtml HTTP/1.1" 200 103604
201.245.192.253 - - [15/Feb/2024:10:40:54 -0500] "GET /sipse/faces/javax.faces.resource/layout/layout.css?ln=primefaces&v=4.0 HTTP/1.1" 304 -
201.245.192.253 - - [15/Feb/2024:10:40:54 -0500] "GET /sipse/faces/javax.faces.resource/primefaces.css?ln=primefaces&v=4.0 HTTP/1.1" 304 -
201.245.192.253 - - [15/Feb/2024:10:40:54 -0500] "GET /sipse/faces/javax.faces.resource/theme.css?ln=primefaces-sipse HTTP/1.1" 304 -
201.245.192.253 - - [15/Feb/2024:10:40:54 -0500] "GET /sipse/faces/javax.faces.resource/jquery/jquery.js?ln=primefaces&v=4.0 HTTP/1.1" 304 -
201.245.192.253 - - [15/Feb/2024:10:40:54 -0500] "GET /sipse/faces/javax.faces.resource/jquery/jquery-plugins.js?ln=primefaces&v=4.0 HTTP/1.1" 304 -
201.245.192.253 - - [15/Feb/2024:10:40:54 -0500] "GET /sipse/faces/javax.faces.resource/primefaces.js?ln=primefaces&v=4.0 HTTP/1.1" 304 -
201.245.192.253 - - [15/Feb/2024:10:40:54 -0500] "GET /sipse/faces/javax.faces.resource/layout/layout.js?ln=primefaces&v=4.0 HTTP/1.1" 304 -
181.53.145.143 - - [15/Feb/2024:10:40:58 -0500] "POST /sipse/faces/presentacion/financiero/solicitudProceso/consultar.xhtml HTTP/1.1" 200 13022
181.53.145.143 - - [15/Feb/2024:10:41:05 -0500] "POST /sipse/faces/presentacion/financiero/solicitudProceso/consultar.xhtml HTTP/1.1" 200 12920
181.53.145.143 - - [15/Feb/2024:10:41:08 -0500] "POST /sipse/faces/presentacion/financiero/solicitudProceso/consultar.xhtml HTTP/1.1" 200 12951
152.203.208.64 - - [15/Feb/2024:10:41:12 -0500] "POST /sipse/faces/presentacion/financiero/solicitudProceso/listarSolicitudProceso.xhtml HTTP/1.1" 200 23041
201.245.192.253 - - [15/Feb/2024:10:41:15 -0500] "GET /sipse/faces/javax.faces.resource/images/ui-bg_flat_0_2d5972_40x100.png?ln=primefaces-aristo HTTP/1.1" 304 -
201.245.192.253 - - [15/Feb/2024:10:41:15 -0500] "POST /sipse/faces/presentacion/financiero/solicitudProceso/consultarSolicitudProceso.xhtml HTTP/1.1" 200 44913
201.245.192.253 - - [15/Feb/2024:10:41:15 -0500] "GET /sipse/faces/javax.faces.resource/primefaces.css?ln=primefaces&v=4.0 HTTP/1.1" 304 -
201.245.192.253 - - [15/Feb/2024:10:41:15 -0500] "GET /sipse/faces/javax.faces.resource/theme.css?ln=primefaces-sipse HTTP/1.1" 304 -
201.245.192.253 - - [15/Feb/2024:10:41:15 -0500] "GET /sipse/faces/javax.faces.resource/layout/layout.css?ln=primefaces&v=4.0 HTTP/1.1" 304 -
201.245.192.253 - - [15/Feb/2024:10:41:15 -0500] "GET /sipse/faces/javax.faces.resource/jquery/jquery.js?ln=primefaces&v=4.0 HTTP/1.1" 304 -
201.245.192.253 - - [15/Feb/2024:10:41:15 -0500] "GET /sipse/faces/javax.faces.resource/jquery/jquery-plugins.js?ln=primefaces&v=4.0 HTTP/1.1" 304 -
201.245.192.253 - - [15/Feb/2024:10:41:15 -0500] "GET /sipse/faces/javax.faces.resource/primefaces.js?ln=primefaces&v=4.0 HTTP/1.1" 304 -
201.245.192.253 - - [15/Feb/2024:10:41:15 -0500] "GET /sipse/faces/javax.faces.resource/layout/layout.js?ln=primefaces&v=4.0 HTTP/1.1" 304 -
201.245.192.253 - - [15/Feb/2024:10:41:18 -0500] "POST /sipse/faces/presentacion/contratacion/contrato/crearModificarContrato.xhtml HTTP/1.1" 200 58492
201.245.192.253 - - [15/Feb/2024:10:41:18 -0500] "POST /sipse/faces/presentacion/contratacion/contrato/crearModificarContrato.xhtml HTTP/1.1" 200 31056
201.245.192.253 - - [15/Feb/2024:10:41:18 -0500] "GET /sipse/faces/javax.faces.resource/theme.css?ln=primefaces-sipse HTTP/1.1" 304 -
201.245.192.253 - - [15/Feb/2024:10:41:18 -0500] "GET /sipse/faces/javax.faces.resource/jquery/jquery-plugins.js?ln=primefaces&v=4.0 HTTP/1.1" 304 -
201.245.192.253 - - [15/Feb/2024:10:41:18 -0500] "GET /sipse/faces/javax.faces.resource/jquery/jquery.js?ln=primefaces&v=4.0 HTTP/1.1" 304 -
201.245.192.253 - - [15/Feb/2024:10:41:18 -0500] "GET /sipse/faces/javax.faces.resource/primefaces.js?ln=primefaces&v=4.0 HTTP/1.1" 304 -
201.245.192.253 - - [15/Feb/2024:10:41:18 -0500] "GET /sipse/faces/javax.faces.resource/layout/layout.css?ln=primefaces&v=4.0 HTTP/1.1" 304 -
201.245.192.253 - - [15/Feb/2024:10:41:18 -0500] "GET /sipse/faces/javax.faces.resource/primefaces.css?ln=primefaces&v=4.0 HTTP/1.1" 304 -
201.245.192.253 - - [15/Feb/2024:10:41:18 -0500] "GET /sipse/faces/javax.faces.resource/layout/layout.js?ln=primefaces&v=4.0 HTTP/1.1" 304 -
186.102.53.72 - - [15/Feb/2024:10:41:18 -0500] "GET /kwssiamovil/sm/acme/s?s=U2FsdGVkX187kWJyIFikRjwiCBfHcEh04KLDy+wljrT9vuPpTKaGMkWuGUm2Y2X1VnTqQV1BNBQxRpm48aG99uu+bkxft3Bbx/21tN8yJqwBnakHsHLqeBRM5I7Ya7Q1h+1ZCqQMlk/xzQKf4w82GpgQvPAsUaw1zPtZoq+UAnuLqnbm/IkUWHjuHHjtYaiWSFHTiudxiF0WCFl1jva44HtmszYdW7kfzGw9/qciUZjNFYEmcwIQv8psYurclO+pGNKIrmj5TRZWzyKwlV0qRPbQ0OjC2tKDon7aH3bINsantl7AqxJjiXDKfKzIhktonxXqFdV3feWGCQpFGI910kPVsPhcnf/PEY34jBPcht8q0K4B8G0zgZiKifYncwxs&u=U2FsdGVkX1/MkPQmfCB8rDlrzlVlyphoEAdt3DVKnAE=&y=U2FsdGVkX1/8ykQnU96WcXVr4qiit17wnU9Smx6rOW0= HTTP/1.1" 200 91
200.118.16.68 - - [15/Feb/2024:10:41:18 -0500] "GET /sipse/faces/javax.faces.resource/theme.css?ln=primefaces-sipse HTTP/1.1" 304 -
200.118.16.68 - - [15/Feb/2024:10:41:18 -0500] "POST /sipse/faces/presentacion/financiero/estudioPrevio/personalSolicitado/asociarExperienciaContratista.xhtml HTTP/1.1" 200 55646
200.118.16.68 - - [15/Feb/2024:10:41:18 -0500] "GET /sipse/faces/javax.faces.resource/primefaces.css?ln=primefaces&v=4.0 HTTP/1.1" 304 -
200.118.16.68 - - [15/Feb/2024:10:41:18 -0500] "GET /sipse/faces/javax.faces.resource/jquery/jquery-plugins.js?ln=primefaces&v=4.0 HTTP/1.1" 304 -
200.118.16.68 - - [15/Feb/2024:10:41:18 -0500] "GET /sipse/faces/javax.faces.resource/jquery/jquery.js?ln=primefaces&v=4.0 HTTP/1.1" 304 -
200.118.16.68 - - [15/Feb/2024:10:41:18 -0500] "GET /sipse/faces/javax.faces.resource/layout/layout.css?ln=primefaces&v=4.0 HTTP/1.1" 304 -
200.118.16.68 - - [15/Feb/2024:10:41:18 -0500] "GET /sipse/faces/javax.faces.resource/primefaces.js?ln=primefaces&v=4.0 HTTP/1.1" 304 -
200.118.16.68 - - [15/Feb/2024:10:41:18 -0500] "GET /sipse/faces/javax.faces.resource/layout/layout.js?ln=primefaces&v=4.0 HTTP/1.1" 304 -
186.102.53.72 - - [15/Feb/2024:10:41:18 -0500] "GET /kwssiamovil/sm/acme/s?s=U2FsdGVkX1+UgeC6DaK+lEMxpzrMxscQRR/TF0O1tNbB9GWiRGuY6qCVG9MtuHIhQxmgtlqdJJNAOHMrWsQ7fuoWw/3d6PkM1UJc1R6SvBdH691lYvmytfD7kOdjKLzPXjvyCoOarLnVOKwBq4Igd5LVkfNlsz2xKBmtC48g0A+u70ckZR1jvnjkLfMPzrShMHuVNXY/ClKEp8Z0dNfWYaBYmgMD42GcsHSszgZQpOBhTesUMfz34wikrJ62Kx6wPo9C0IKypPT+0DLXQCkr3UxLSjoYGtWDdDUrur+bbA02u4SxlbUBp7veNMKXF0zAAO8V1hO7egxJbCRZJTdMJV/+gP//DznyppzmssXQwZjN0CLZPY+3uSOfo5VjFAJoCsNs55xtwNPi+/i471RmPxnD5i9o18bZk1/+7bNLO0uc70DeDmxsDFWpQcvBKgFH9HbbjEf0iZYt8iAzd3Spsg==&u=U2FsdGVkX1/MkPQmfCB8rDlrzlVlyphoEAdt3DVKnAE=&y=U2FsdGVkX1/8ykQnU96WcXVr4qiit17wnU9Smx6rOW0= HTTP/1.1" 200 91
186.28.189.11 - - [15/Feb/2024:10:41:18 -0500] "OPTIONS /kwssiamovil/sm/setfile/f? HTTP/1.1" 200 13
201.245.192.253 - - [15/Feb/2024:10:41:18 -0500] "POST /sipse/faces/presentacion/financiero/solicitudProceso/listarSolicitudProceso.xhtml HTTP/1.1" 200 7761
186.102.53.72 - - [15/Feb/2024:10:41:19 -0500] "OPTIONS /kwssiamovil/sm/setfile/f? HTTP/1.1" 200 13
201.245.192.253 - - [15/Feb/2024:10:41:20 -0500] "POST /sipse/faces/presentacion/contratacion/procesoContractual/registrarInvitacionContratista.xhtml HTTP/1.1" 200 9689
186.28.189.11 - - [15/Feb/2024:10:41:18 -0500] "POST /kwssiamovil/sm/setfile/f? HTTP/1.1" 200 381
186.28.189.11 - - [15/Feb/2024:10:41:21 -0500] "OPTIONS /kwssiamovil/sm/setfile/f? HTTP/1.1" 200 13
186.28.189.11 - - [15/Feb/2024:10:41:21 -0500] "POST /kwssiamovil/sm/setfile/f? HTTP/1.1" 200 381
181.53.145.143 - - [15/Feb/2024:10:41:23 -0500] "POST /sipse/faces/presentacion/financiero/solicitudProceso/consultar.xhtml HTTP/1.1" 200 12923
186.102.53.72 - - [15/Feb/2024:10:41:19 -0500] "POST /kwssiamovil/sm/setfile/f? HTTP/1.1" 200 381
186.102.53.72 - - [15/Feb/2024:10:41:27 -0500] "OPTIONS /kwssiamovil/sm/setfile/f? HTTP/1.1" 200 13
172.22.2.4 - - [15/Feb/2024:10:39:49 -0500] "GET /BLA/boletinlegal/ HTTP/1.1" 200 48026
181.53.145.143 - - [15/Feb/2024:10:41:29 -0500] "POST /sipse/faces/presentacion/financiero/solicitudProceso/consultar.xhtml HTTP/1.1" 200 12873
201.245.192.253 - - [15/Feb/2024:10:41:31 -0500] "POST /sipse/faces/presentacion/financiero/estudioPrevio/personalSolicitado/personalSolicitadoSolicitudProceso.xhtml HTTP/1.1" 200 7027
186.28.189.11 - - [15/Feb/2024:10:41:33 -0500] "GET /kwssiamovil/sm/acme/a?s=U2FsdGVkX18A5k+5wEks2lwxF26V3PsM6nFh8qYEMZwv+ewobj49Yy85yLzwLzdUxR1fVJBegTku4UPjRAsIuRGb8w7JBM0Yv1xhWKRmf4wNaTYyEM2DjodsQo4C+dlfl8uJSq7vdmuAWT0FL7RTBeSA9j7IRKKIdTVESCmEahj7coloDFdAxsozCJkhGuALlVn5/F1I1f4ANeXQFst7vcx2+1ljZIGv3kNIxhdFZR6gNznmTK5tGxcTki93AkCV1uNk1CY76M3C2QiIAaigBA==&u=U2FsdGVkX1+2QqMZXvUTVTBa/TERgAqN4QDFt++x9DNKkeP2rfsNJlA9mvJok9aW&y=U2FsdGVkX19HMv3VuBNA+mzoVAlAlunpiMZC97eKxm/R35a9LGBECWzNTGoUJ+Mm HTTP/1.1" 200 26
201.245.192.253 - - [15/Feb/2024:10:41:33 -0500] "POST /sipse/faces/presentacion/financiero/solicitudProceso/consultarSolicitudProceso.xhtml HTTP/1.1" 200 42327
201.245.192.253 - - [15/Feb/2024:10:41:33 -0500] "GET /sipse/faces/javax.faces.resource/theme.css?ln=primefaces-sipse HTTP/1.1" 304 -
201.245.192.253 - - [15/Feb/2024:10:41:33 -0500] "GET /sipse/faces/javax.faces.resource/layout/layout.css?ln=primefaces&v=4.0 HTTP/1.1" 304 -
201.245.192.253 - - [15/Feb/2024:10:41:33 -0500] "GET /sipse/faces/javax.faces.resource/primefaces.css?ln=primefaces&v=4.0 HTTP/1.1" 304 -
201.245.192.253 - - [15/Feb/2024:10:41:33 -0500] "GET /sipse/faces/javax.faces.resource/jquery/jquery.js?ln=primefaces&v=4.0 HTTP/1.1" 304 -
201.245.192.253 - - [15/Feb/2024:10:41:33 -0500] "GET /sipse/faces/javax.faces.resource/jquery/jquery-plugins.js?ln=primefaces&v=4.0 HTTP/1.1" 304 -
201.245.192.253 - - [15/Feb/2024:10:41:34 -0500] "GET /sipse/faces/javax.faces.resource/primefaces.js?ln=primefaces&v=4.0 HTTP/1.1" 304 -
201.245.192.253 - - [15/Feb/2024:10:41:34 -0500] "GET /sipse/faces/javax.faces.resource/layout/layout.js?ln=primefaces&v=4.0 HTTP/1.1" 304 -
201.245.192.253 - - [15/Feb/2024:10:41:34 -0500] "GET /sipse/css/imagen/contrasena.png HTTP/1.1" 404 383
201.245.192.253 - - [15/Feb/2024:10:41:34 -0500] "POST /sipse/faces/presentacion/financiero/solicitudProceso/consultar.xhtml HTTP/1.1" 200 35625
201.245.192.253 - - [15/Feb/2024:10:41:34 -0500] "POST /sipse/faces/presentacion/financiero/solicitudProceso/consultar.xhtml HTTP/1.1" 200 35625
201.245.192.253 - - [15/Feb/2024:10:41:34 -0500] "POST /sipse/faces/presentacion/financiero/solicitudProceso/consultar.xhtml HTTP/1.1" 200 35625
186.28.189.11 - - [15/Feb/2024:10:41:34 -0500] "GET /kwssiamovil/sm/acme/a?s=U2FsdGVkX1+HkuRzgDyQ6LgXKn4VXphHxV2uGdJ3T3451QdlbcMT8KCPjXs3QBoboGirktP2OeDjUGEXq2oYN8KS4WwXU7JogJ+Z/+mSCmSOvx9x59Gs1MQN8Z+jTkeABpC+5iuH96AaZti7cVQQFyXi+pJkEqlA6b8wrFNPP9rQ6EF82cnJXyws1i9i9mqBci1SdXs2gsfSIOjQr9j74bS6bCbCuAcnfS06mic7Ilfs03aD7wQQsmqHVnK+3nuYJQxFseiMDrqjhUPo/E/Gdsw9EjvqzMxKn7JGi4E/zrx8q5pr+NyEw8TaLVEnJWGItz6GZYgshCvrk/YH28tMhwiscMADSD8ZaGXPgBZw8I/lR+3EOWCDP3MpvzKgHAEEqhB4/y+5ZNaYadk3lOxefDzXoFFTxHiJ3dHu1LNZuI9DuojgEeD1UbShmT2aBX3bVVlqf6JHHjHtETIxuBDETccnmikE99M6mq5BiGHKd3OBSSavZej2KBfOBZoyKwxcLCnBL1T4xZ4CK/N7PGCP+Xwj0Jefmiae3uzF7cLtGpZ8zYZODG2wMS+OXEc/wqrlvbBB+TqZgnp7BtWkSiqdM8XrKRMFGJd+NOPIY5Ho5KcGqs1ZmCpErpH9ocTtchMeJsumpwWeVtBJXCX8nualVCyPiX+YqxCUWO81uT9rf7ab/TJqf54d7o6Gacvjuae2+SZQhTk3EAQmx/Eh3AgpRAD4BLG5bUReAoydHBrQ98XUtHzM0q2bHIkPy4cgnRKBk1gYptxDHjn2m5aVSbLpl9+eXHauID/gFGqgXh9ljjUzd6g/YpOkx8Pl9Ndcda6yHC0xuZeWB/QPjq+mXY4AOW7PPKRxZwYCWzXNRfgGSB+NOmtAtucYzs+N8NSS0RauGZc03nRemkMyNoEufFifgRU+oiPbKvxMZSZI9hvU7PqCJLBl5f1bTWG46+ZW9/sMgUfmBRK9QLtHy+uPA4xu5d3ETnxqtwAxPG9oQEmcGMEBXaC6/MCu3jxslF8Ou/cMAxxWcc3H8nRb+NkP4KdX7z8p7BBx3z/RSZ8MyR1knp0poUE9i5pArAxUtyXx7jnWILSh1RVDU8kLpHmYfazBDgtnnaYT/n8AZB6DbPU/E9kDcKsoadBL+AXNVPfj8LUR/9/26mbQDrzZQrUYCCAJWKvE9y7+H3UGjkfmkVzfRy4xvwZWXDE3r4vIfejLshA0GggBr+9EcB31+pmfe1k/EmLmhibjteWK10aZssWG9eRoxNd3kdjpK0aDJQz0VxnzCi+gjFh4jbpyMNg23zZQ9GOpjbS26jL39L8VkfCW5P50mMU5O+J4v4SEgUIqaapL+tXT28FJxNjLTNlLnMqO6JTjS5dSGottg7frtYFe66WnYoFckiRsqO6Ou7YUG3uQLjUblyVH265m4PY+gg6j2hb83VZsYnJNuycFgmLQH7mbp4ve8fCFw/0+lqMDPaowfFGWyFptUzsLJdFDFnr4P4x3hAu+GrdrZLagmas/83nHbQd3UowgOqd/WTJwrCWyysbBKxZsANrYIMAq8qUGT+FbgE0zgU78lV/6Dte+tWq0KHYRgrab5tcW5dR2bBYPVlAqhlsQI6pX9h6TQonVGxL4cpz9glA7hnKrk3RFvWDkBa63dFWygfYilIHdI87aYqOX60UFejdmivq9Yg8rlJ7hM4zChryKyAMWmtINDJwvCr5dGgL7Kxb+0fSmIRuc8LvJTtloftYloSCC4ioLtxCkLo6esZO9hb89uqHR6DIFOR6RKXd3nM7jvFdydf2FtB+UYdiaNU2AViH1kaVAbGFkaEKBpGAnuRvpR4ztZd1yPrLurZKVzxpbIt4/1zgkSuLhxXZa3vFNe5znsxW9OL6KIPN2emI5cfeqLcvA++FznfpnGXJF9TKexThujEFeJsI5z9uZ/DHn0tpWL8dRzJcWlrafQVuXIgy+ipHBWi1gAUywboUjQJbDW2GC6W5xg4kkrmKcrfEx8YPTUHpb1DmUUuGeMFR0k/wxJLbMG4cTaiE7hSS0LzDliPeGUgj9Tr/U3LSzEHlddl7aI19ioHuzOFOSM0HhEFSfK0Q7qUoC051DFxVGkvGif1JLKcqtdUYaphF9CsqWpcjFTlZeYQ==&u=U2FsdGVkX1+2QqMZXvUTVTBa/TERgAqN4QDFt++x9DNKkeP2rfsNJlA9mvJok9aW&y=U2FsdGVkX19HMv3VuBNA+mzoVAlAlunpiMZC97eKxm/R35a9LGBECWzNTGoUJ+Mm HTTP/1.1" 200 26
201.245.192.253 - - [15/Feb/2024:10:41:34 -0500] "POST /sipse/faces/presentacion/financiero/solicitudProceso/consultar.xhtml HTTP/1.1" 200 35625
201.245.192.253 - - [15/Feb/2024:10:41:34 -0500] "POST /sipse/faces/presentacion/financiero/solicitudProceso/consultar.xhtml HTTP/1.1" 200 35625
186.28.189.11 - - [15/Feb/2024:10:41:34 -0500] "GET /kwssiamovil/sm/acme/a?s=U2FsdGVkX18IfplvnJ9PIBIWumPTwoeZhz4MBz/kJxn++6S5GN/Hsn8z7P5hyPwe2zCJsI4OMa9q8rCVM0qgQeGFRXczCYExlMHadBSGtgdk5rxIA9JqRk+PxchuhBvJGfqrpx/2qNnSNByjiQ9GiONC4nCLRSa9d6hoLXA1h04=&u=U2FsdGVkX1+2QqMZXvUTVTBa/TERgAqN4QDFt++x9DNKkeP2rfsNJlA9mvJok9aW&y=U2FsdGVkX19HMv3VuBNA+mzoVAlAlunpiMZC97eKxm/R35a9LGBECWzNTGoUJ+Mm HTTP/1.1" 200 26
201.245.192.253 - - [15/Feb/2024:10:41:34 -0500] "POST /sipse/faces/presentacion/financiero/solicitudProceso/consultar.xhtml HTTP/1.1" 200 35625
186.28.189.11 - - [15/Feb/2024:10:41:34 -0500] "GET /kwssiamovil/sm/acme/a?s=U2FsdGVkX1+vnVQ8WJ5hTVxNF7KK7jqDDYvaeWsQaBxeduxxsKiBs5jyoUFsKESn7k5aSNNqNOE78Lh3PT8J2oPpXG1md9HtmAAcmUSaabBmLyRd8vZZDVhvf5hM7btb0oYXMSkzqEPZZTURoanZ48BMj1BQLEjkWigKr6N6Xxo=&u=U2FsdGVkX1+2QqMZXvUTVTBa/TERgAqN4QDFt++x9DNKkeP2rfsNJlA9mvJok9aW&y=U2FsdGVkX19HMv3VuBNA+mzoVAlAlunpiMZC97eKxm/R35a9LGBECWzNTGoUJ+Mm HTTP/1.1" 200 26
186.28.189.11 - - [15/Feb/2024:10:41:34 -0500] "GET /kwssiamovil/sm/acme/a?s=U2FsdGVkX197WddZfgr3cAPmF5QZyy7DH50jVklQ1dIMeUz5tA8A5ae2RHGsFrEEu5kfcolBBLWJxVm/+ZGl++vwsgktPrehBvOBIHY/SfEl0kv6Y3cYCgLXFIwPJLk0UCenfXu7gNVCL8gUtpw6ygNlJZWCZkntvRDotHK1VxM=&u=U2FsdGVkX1+2QqMZXvUTVTBa/TERgAqN4QDFt++x9DNKkeP2rfsNJlA9mvJok9aW&y=U2FsdGVkX19HMv3VuBNA+mzoVAlAlunpiMZC97eKxm/R35a9LGBECWzNTGoUJ+Mm HTTP/1.1" 200 26
186.28.189.11 - - [15/Feb/2024:10:41:34 -0500] "GET /kwssiamovil/sm/acme/a?s=U2FsdGVkX18tC8vt0gz1XUcJhK5VTnv7+hp3q9SkzzjzCe8+l6qgY7yId92si/JAZ5aSfBDsn2hcmzU+exK7aU9JNzJ1ta7ywLYkBgfSMNrFCxlquxGtN0DE3wVmxBOsZ9R7DXucLwpbOCBAG3peYW+uRhvWuZExszaK0zY/8y+qGhiHtunV4sBBtQTUpYG88Fb2Z5SX+DJ0OxWvsfjQ8Q==&u=U2FsdGVkX1+2QqMZXvUTVTBa/TERgAqN4QDFt++x9DNKkeP2rfsNJlA9mvJok9aW&y=U2FsdGVkX19HMv3VuBNA+mzoVAlAlunpiMZC97eKxm/R35a9LGBECWzNTGoUJ+Mm HTTP/1.1" 200 26
186.28.189.11 - - [15/Feb/2024:10:41:35 -0500] "GET /kwssiamovil/sm/acme/a?s=U2FsdGVkX1+fPEGMxS6HmjpGMsvwknraM6PYCXC1BbHLkXs33EPKXTchbgvYXXUgrOUSFs1fsMUekOb39qv8rd3j0sv9fzJOucIB7/4aunJWPwYjk/RW+35cGpUhQDj7pCbhMMF0yk8U3bg2Hm59pdQkzoRkeCS3KCDrkYzM9eumd8lLwCr0Nfk91T2Fz9jMzftCVtsscuh2XBrmO/69Cg==&u=U2FsdGVkX1+2QqMZXvUTVTBa/TERgAqN4QDFt++x9DNKkeP2rfsNJlA9mvJok9aW&y=U2FsdGVkX19HMv3VuBNA+mzoVAlAlunpiMZC97eKxm/R35a9LGBECWzNTGoUJ+Mm HTTP/1.1" 200 26
186.28.189.11 - - [15/Feb/2024:10:41:35 -0500] "GET /kwssiamovil/sm/acme/a?s=U2FsdGVkX18RGLyYS5XakXe9BqYSw2gVPO2DC3mN3XwSEuBKHCsyHkARI28NpaAnjbYlGX8ATo+eENUR+h7Ln1sZd28ScRgNbf7B/X/oPKApk3oXB1/CqCzV+e/gTYitcHzY+yddd6BgmmgZ7gvO/Ng1UnOB0o1ogDkefuCO7ZL/p9CUg1QWG1h/d6iVv6JMLtJDolUScvxIscbBtu8u2oR2vVruXSKf35ECEzLJKrZFceUVlqprEocx8HZcqrqV+dttZuquyQXAXYnJwXqhhQ+o/u22PYYV3hRIW4m+1vZu/qhYWYg8udogeJmwcF8UqMlTsIdVfHfMVfsCZ81ZSINRWFBkNybYvOLYTCyJU/s3lE/COGFyYDR8p0+Unrf/8dBvXtUzmsyrtpNNr26rQiyNCyXT6kRA0aYoWFtz1HRFKq8bEpwU0THWOMWJREFzesDxDqvw0tZCj0DmJHbf00Zdpw9l3LdeM6mMYe4PEgRuVa9gwH5C6AE3aet/96rmi7K5u7yusagXjiYVRzChVDrhM4IltI7v7HKbCTz0h8ZskjxLOMx37o/cQOUpEN20&u=U2FsdGVkX1+2QqMZXvUTVTBa/TERgAqN4QDFt++x9DNKkeP2rfsNJlA9mvJok9aW&y=U2FsdGVkX19HMv3VuBNA+mzoVAlAlunpiMZC97eKxm/R35a9LGBECWzNTGoUJ+Mm HTTP/1.1" 200 26
186.28.189.11 - - [15/Feb/2024:10:41:35 -0500] "GET /kwssiamovil/sm/acme/a?s=U2FsdGVkX18ZWpN+R/uuD3owejo/DDBplX2qDnYXHsfgPhifIm3qdpB/seFyl0VFf+Ojf7SM16FIKX4HxPL+HrfKjX111C2aS5b2Ma6+k0AS/jXUjGSdDhKRDSfHclzYS7W/SHozeLhrCnTt1JuLuT+9mr/sDmdDJztsSGeiw4TJRKpqVcYrJwrr8OFigDsW&u=U2FsdGVkX1+2QqMZXvUTVTBa/TERgAqN4QDFt++x9DNKkeP2rfsNJlA9mvJok9aW&y=U2FsdGVkX19HMv3VuBNA+mzoVAlAlunpiMZC97eKxm/R35a9LGBECWzNTGoUJ+Mm HTTP/1.1" 200 26
186.28.189.11 - - [15/Feb/2024:10:41:35 -0500] "GET /kwssiamovil/sm/acme/a?s=U2FsdGVkX1+UDEtNYnFRurslPuiCtrTHgwzU8AbsUXrvaBPlhYMP6ra7Iho0FXQ8qUIhEclLuiWDgbavvikSHL1Zi5WPsipp7iAtTx/c6RsUxWkSkVpbVVRQhmmVteC6WJK1rtQiNKqC43jOCscNwCQJKpXVDM3da1kSrltVPBnM4gKyIxbKn5YJZZA/XQc4yZrIkWDD91Mb1Jm7B5UYDypcSd2pvvC9LVTVlTuxQ1rvZgxqGDjyipTjG+pnPf60sBuwFX3Ci8FAr/LrLrSjV1pCGBxmKNjwokR/0CP6TykHaeDVDUX7ZqiRn+mTy+bNgwVLMRpoQp3IEnAD62GxuF/5cyHlbuVRZsqumw4j5MAHZGZ2fIht/2B+DLED5xIk/Ir0FGslwLp/0TPnDNSQ4XsHa//7rNx4SyGMv9zJwlGmkvweXNh4Jyua4HKPq3I+RqZtn2xaldpxgiRSIghF22laqJ5pl31qtn/qtK0oXH82elNR3/O9QSDVvUmUJC/77Au/aXfsVG4y2Na2oP/kaA==&u=U2FsdGVkX1+2QqMZXvUTVTBa/TERgAqN4QDFt++x9DNKkeP2rfsNJlA9mvJok9aW&y=U2FsdGVkX19HMv3VuBNA+mzoVAlAlunpiMZC97eKxm/R35a9LGBECWzNTGoUJ+Mm HTTP/1.1" 200 26
186.102.53.72 - - [15/Feb/2024:10:41:27 -0500] "POST /kwssiamovil/sm/setfile/f? HTTP/1.1" 200 381
186.102.53.72 - - [15/Feb/2024:10:41:37 -0500] "OPTIONS /kwssiamovil/sm/setfile/f? HTTP/1.1" 200 13
201.245.192.253 - - [15/Feb/2024:10:41:38 -0500] "POST /sipse/faces/presentacion/financiero/solicitudProceso/consultar.xhtml HTTP/1.1" 200 13032
35.213.247.133 - - [15/Feb/2024:10:41:38 -0500] "GET / HTTP/1.1" 200 4720
201.245.192.253 - - [15/Feb/2024:10:41:38 -0500] "POST /sipse/faces/presentacion/contratacion/procesoContractual/registrarInvitacionContratista.xhtml HTTP/1.1" 200 8050
152.203.208.64 - - [15/Feb/2024:10:41:37 -0500] "POST /sipse/faces/presentacion/financiero/solicitudProceso/listarSolicitudProceso.xhtml HTTP/1.1" 200 23029
35.213.247.133 - - [15/Feb/2024:10:41:39 -0500] "GET /robots.txt HTTP/1.1" 404 1034
181.53.145.143 - - [15/Feb/2024:10:41:39 -0500] "POST /sipse/faces/presentacion/financiero/solicitudProceso/consultar.xhtml HTTP/1.1" 200 12845
201.245.192.253 - - [15/Feb/2024:10:41:39 -0500] "POST /sipse/faces/presentacion/financiero/solicitudProceso/consultar.xhtml HTTP/1.1" 200 153683
201.245.192.253 - - [15/Feb/2024:10:41:40 -0500] "GET /sipse/faces/javax.faces.resource/primefaces.css?ln=primefaces&v=4.0 HTTP/1.1" 304 -
201.245.192.253 - - [15/Feb/2024:10:41:40 -0500] "GET /sipse/faces/javax.faces.resource/theme.css?ln=primefaces-sipse HTTP/1.1" 304 -
201.245.192.253 - - [15/Feb/2024:10:41:40 -0500] "GET /sipse/faces/javax.faces.resource/layout/layout.css?ln=primefaces&v=4.0 HTTP/1.1" 304 -
201.245.192.253 - - [15/Feb/2024:10:41:40 -0500] "GET /sipse/faces/javax.faces.resource/jquery/jquery.js?ln=primefaces&v=4.0 HTTP/1.1" 304 -
201.245.192.253 - - [15/Feb/2024:10:41:40 -0500] "GET /sipse/faces/javax.faces.resource/jquery/jquery-plugins.js?ln=primefaces&v=4.0 HTTP/1.1" 304 -
201.245.192.253 - - [15/Feb/2024:10:41:40 -0500] "GET /sipse/faces/javax.faces.resource/primefaces.js?ln=primefaces&v=4.0 HTTP/1.1" 304 -
201.245.192.253 - - [15/Feb/2024:10:41:40 -0500] "GET /sipse/faces/javax.faces.resource/layout/layout.js?ln=primefaces&v=4.0 HTTP/1.1" 304 -
201.245.192.253 - - [15/Feb/2024:10:41:40 -0500] "GET /sipse/css/imagen/contrasena.png HTTP/1.1" 404 383
35.213.247.133 - - [15/Feb/2024:10:41:40 -0500] "GET /js/url.js HTTP/1.1" 404 1198
181.53.145.143 - - [15/Feb/2024:10:41:43 -0500] "POST /sipse/faces/presentacion/financiero/solicitudProceso/consultar.xhtml HTTP/1.1" 200 12910
201.245.192.253 - - [15/Feb/2024:10:41:52 -0500] "POST /sipse/faces/presentacion/contratacion/procesoContractual/registrarInvitacionContratista.xhtml HTTP/1.1" 200 9267
181.53.145.143 - - [15/Feb/2024:10:41:52 -0500] "POST /sipse/faces/presentacion/financiero/solicitudProceso/consultar.xhtml HTTP/1.1" 200 12852
181.53.145.143 - - [15/Feb/2024:10:41:57 -0500] "POST /sipse/faces/presentacion/financiero/solicitudProceso/consultar.xhtml HTTP/1.1" 200 12848
201.245.192.253 - - [15/Feb/2024:10:41:57 -0500] "POST /sipse/faces/presentacion/contratacion/procesoContractual/registrarInvitacionContratista.xhtml HTTP/1.1" 200 74607
201.245.192.253 - - [15/Feb/2024:10:41:57 -0500] "GET /sipse/faces/javax.faces.resource/layout/layout.css?ln=primefaces&v=4.0 HTTP/1.1" 304 -
201.245.192.253 - - [15/Feb/2024:10:41:57 -0500] "GET /sipse/faces/javax.faces.resource/theme.css?ln=primefaces-sipse HTTP/1.1" 304 -
201.245.192.253 - - [15/Feb/2024:10:41:57 -0500] "GET /sipse/faces/javax.faces.resource/primefaces.css?ln=primefaces&v=4.0 HTTP/1.1" 304 -
201.245.192.253 - - [15/Feb/2024:10:41:57 -0500] "GET /sipse/faces/javax.faces.resource/jquery/jquery.js?ln=primefaces&v=4.0 HTTP/1.1" 304 -
201.245.192.253 - - [15/Feb/2024:10:41:57 -0500] "GET /sipse/faces/javax.faces.resource/jquery/jquery-plugins.js?ln=primefaces&v=4.0 HTTP/1.1" 304 -
201.245.192.253 - - [15/Feb/2024:10:41:57 -0500] "GET /sipse/faces/javax.faces.resource/primefaces.js?ln=primefaces&v=4.0 HTTP/1.1" 304 -
35.213.247.133 - - [15/Feb/2024:10:41:57 -0500] "GET /app-ads.txt HTTP/1.1" 404 1034
35.213.247.133 - - [15/Feb/2024:10:41:57 -0500] "GET /ads.txt HTTP/1.1" 404 1034
201.245.192.253 - - [15/Feb/2024:10:41:57 -0500] "GET /sipse/faces/javax.faces.resource/layout/layout.js?ln=primefaces&v=4.0 HTTP/1.1" 304 -
35.213.247.133 - - [15/Feb/2024:10:41:57 -0500] "GET /js/url.js HTTP/1.1" 404 1034
201.245.192.253 - - [15/Feb/2024:10:41:58 -0500] "GET /sipse/faces/javax.faces.resource/images/ui-bg_flat_0_2d5972_40x100.png?ln=primefaces-aristo HTTP/1.1" 304 -
201.245.192.253 - - [15/Feb/2024:10:41:58 -0500] "POST /sipse/faces/presentacion/financiero/solicitudProceso/consultarSolicitudProceso.xhtml HTTP/1.1" 200 43946
201.245.192.253 - - [15/Feb/2024:10:41:58 -0500] "POST /sipse/faces/presentacion/financiero/solicitudProceso/consultarSolicitudProceso.xhtml HTTP/1.1" 200 38214
201.245.192.253 - - [15/Feb/2024:10:41:59 -0500] "GET /sipse/faces/javax.faces.resource/theme.css?ln=primefaces-sipse HTTP/1.1" 304 -
201.245.192.253 - - [15/Feb/2024:10:41:59 -0500] "GET /sipse/faces/javax.faces.resource/primefaces.css?ln=primefaces&v=4.0 HTTP/1.1" 304 -
201.245.192.253 - - [15/Feb/2024:10:41:59 -0500] "GET /sipse/faces/javax.faces.resource/layout/layout.css?ln=primefaces&v=4.0 HTTP/1.1" 304 -
201.245.192.253 - - [15/Feb/2024:10:41:59 -0500] "GET /sipse/faces/javax.faces.resource/jquery/jquery.js?ln=primefaces&v=4.0 HTTP/1.1" 304 -
201.245.192.253 - - [15/Feb/2024:10:41:59 -0500] "GET /sipse/faces/javax.faces.resource/jquery/jquery-plugins.js?ln=primefaces&v=4.0 HTTP/1.1" 304 -
201.245.192.253 - - [15/Feb/2024:10:41:59 -0500] "GET /sipse/faces/javax.faces.resource/jquery/jquery.js?ln=primefaces&v=4.0 HTTP/1.1" 304 -
201.245.192.253 - - [15/Feb/2024:10:41:59 -0500] "GET /sipse/faces/javax.faces.resource/jquery/jquery-plugins.js?ln=primefaces&v=4.0 HTTP/1.1" 304 -
201.245.192.253 - - [15/Feb/2024:10:41:59 -0500] "GET /sipse/faces/javax.faces.resource/primefaces.js?ln=primefaces&v=4.0 HTTP/1.1" 304 -
201.245.192.253 - - [15/Feb/2024:10:41:59 -0500] "GET /sipse/faces/javax.faces.resource/layout/layout.js?ln=primefaces&v=4.0 HTTP/1.1" 304 -
201.245.192.253 - - [15/Feb/2024:10:41:59 -0500] "GET /sipse/faces/javax.faces.resource/primefaces.js?ln=primefaces&v=4.0 HTTP/1.1" 304 -
201.245.192.253 - - [15/Feb/2024:10:41:59 -0500] "GET /sipse/css/imagen/contrasena.png HTTP/1.1" 404 383
201.245.192.253 - - [15/Feb/2024:10:41:59 -0500] "POST /sipse/faces/presentacion/financiero/solicitudProceso/consultar.xhtml HTTP/1.1" 200 37238
201.245.192.253 - - [15/Feb/2024:10:41:59 -0500] "GET /sipse/faces/javax.faces.resource/layout/layout.js?ln=primefaces&v=4.0 HTTP/1.1" 304 -
201.245.192.253 - - [15/Feb/2024:10:41:59 -0500] "POST /sipse/faces/presentacion/financiero/solicitudProceso/consultar.xhtml HTTP/1.1" 200 37238
201.245.192.253 - - [15/Feb/2024:10:41:59 -0500] "POST /sipse/faces/presentacion/financiero/solicitudProceso/consultar.xhtml HTTP/1.1" 200 37238
201.245.192.253 - - [15/Feb/2024:10:41:59 -0500] "POST /sipse/faces/presentacion/contratacion/contrato/crearModificarContrato.xhtml HTTP/1.1" 200 41306
201.245.192.253 - - [15/Feb/2024:10:42:00 -0500] "GET /sipse/faces/javax.faces.resource/primefaces.css?ln=primefaces&v=4.0 HTTP/1.1" 304 -
201.245.192.253 - - [15/Feb/2024:10:42:00 -0500] "GET /sipse/faces/javax.faces.resource/theme.css?ln=primefaces-sipse HTTP/1.1" 304 -
201.245.192.253 - - [15/Feb/2024:10:42:00 -0500] "GET /sipse/faces/javax.faces.resource/layout/layout.css?ln=primefaces&v=4.0 HTTP/1.1" 304 -
201.245.192.253 - - [15/Feb/2024:10:42:00 -0500] "GET /sipse/faces/javax.faces.resource/jquery/jquery.js?ln=primefaces&v=4.0 HTTP/1.1" 304 -
201.245.192.253 - - [15/Feb/2024:10:42:00 -0500] "GET /sipse/faces/javax.faces.resource/primefaces.js?ln=primefaces&v=4.0 HTTP/1.1" 304 -
201.245.192.253 - - [15/Feb/2024:10:42:00 -0500] "GET /sipse/faces/javax.faces.resource/jquery/jquery-plugins.js?ln=primefaces&v=4.0 HTTP/1.1" 304 -
201.245.192.253 - - [15/Feb/2024:10:42:00 -0500] "GET /sipse/faces/javax.faces.resource/layout/layout.js?ln=primefaces&v=4.0 HTTP/1.1" 304 -
201.245.192.253 - - [15/Feb/2024:10:42:00 -0500] "POST /sipse/faces/presentacion/financiero/solicitudProceso/consultar.xhtml HTTP/1.1" 200 37238
201.245.192.253 - - [15/Feb/2024:10:41:59 -0500] "POST /sipse/faces/presentacion/financiero/solicitudProceso/listarSolicitudProceso.xhtml HTTP/1.1" 200 31476
201.245.192.253 - - [15/Feb/2024:10:42:00 -0500] "POST /sipse/faces/presentacion/financiero/solicitudProceso/consultar.xhtml HTTP/1.1" 200 37238
201.245.192.253 - - [15/Feb/2024:10:42:00 -0500] "POST /sipse/faces/presentacion/financiero/solicitudProceso/listarSolicitudProceso.xhtml HTTP/1.1" 200 1392
201.245.192.253 - - [15/Feb/2024:10:42:00 -0500] "POST /sipse/faces/presentacion/financiero/solicitudProceso/listarSolicitudProceso.xhtml HTTP/1.1" 200 1388
201.245.192.253 - - [15/Feb/2024:10:42:00 -0500] "POST /sipse/faces/presentacion/financiero/solicitudProceso/consultar.xhtml HTTP/1.1" 200 37238
201.245.192.253 - - [15/Feb/2024:10:42:00 -0500] "POST /sipse/faces/presentacion/financiero/solicitudProceso/consultar.xhtml HTTP/1.1" 200 37238
201.245.192.253 - - [15/Feb/2024:10:42:00 -0500] "POST /sipse/faces/presentacion/financiero/solicitudProceso/consultar.xhtml HTTP/1.1" 200 37238
201.245.192.253 - - [15/Feb/2024:10:42:00 -0500] "POST /sipse/faces/presentacion/financiero/solicitudProceso/consultar.xhtml HTTP/1.1" 200 37238
201.245.192.253 - - [15/Feb/2024:10:42:00 -0500] "POST /sipse/faces/presentacion/financiero/solicitudProceso/consultar.xhtml HTTP/1.1" 200 37238
186.102.53.72 - - [15/Feb/2024:10:41:37 -0500] "POST /kwssiamovil/sm/setfile/f? HTTP/1.1" 200 381
186.102.53.72 - - [15/Feb/2024:10:42:01 -0500] "OPTIONS /kwssiamovil/sm/setfile/f? HTTP/1.1" 200 13
201.245.192.253 - - [15/Feb/2024:10:42:03 -0500] "POST /sipse/faces/presentacion/financiero/solicitudProceso/consultar.xhtml HTTP/1.1" 200 12873
201.245.192.253 - - [15/Feb/2024:10:42:07 -0500] "POST /sipse/faces/presentacion/financiero/solicitudProceso/listarSolicitudProceso.xhtml HTTP/1.1" 200 40849
201.245.192.253 - - [15/Feb/2024:10:42:07 -0500] "GET /sipse/faces/javax.faces.resource/jquery/jquery.js?ln=primefaces&v=4.0 HTTP/1.1" 304 -
201.245.192.253 - - [15/Feb/2024:10:42:07 -0500] "GET /sipse/faces/javax.faces.resource/jquery/jquery-plugins.js?ln=primefaces&v=4.0 HTTP/1.1" 304 -
201.245.192.253 - - [15/Feb/2024:10:42:07 -0500] "GET /sipse/faces/javax.faces.resource/primefaces.js?ln=primefaces&v=4.0 HTTP/1.1" 304 -
201.245.192.253 - - [15/Feb/2024:10:42:07 -0500] "POST /sipse/faces/presentacion/financiero/solicitudProceso/consultar.xhtml HTTP/1.1" 200 146316
201.245.192.253 - - [15/Feb/2024:10:42:07 -0500] "GET /sipse/faces/javax.faces.resource/theme.css?ln=primefaces-sipse HTTP/1.1" 304 -
201.245.192.253 - - [15/Feb/2024:10:42:07 -0500] "GET /sipse/faces/javax.faces.resource/primefaces.css?ln=primefaces&v=4.0 HTTP/1.1" 304 -
201.245.192.253 - - [15/Feb/2024:10:42:07 -0500] "GET /sipse/faces/javax.faces.resource/layout/layout.css?ln=primefaces&v=4.0 HTTP/1.1" 304 -
201.245.192.253 - - [15/Feb/2024:10:42:07 -0500] "GET /sipse/faces/javax.faces.resource/jquery/jquery.js?ln=primefaces&v=4.0 HTTP/1.1" 304 -
201.245.192.253 - - [15/Feb/2024:10:42:07 -0500] "GET /sipse/faces/javax.faces.resource/jquery/jquery-plugins.js?ln=primefaces&v=4.0 HTTP/1.1" 304 -
201.245.192.253 - - [15/Feb/2024:10:42:07 -0500] "GET /sipse/faces/javax.faces.resource/layout/layout.js?ln=primefaces&v=4.0 HTTP/1.1" 304 -
201.245.192.253 - - [15/Feb/2024:10:42:07 -0500] "GET /sipse/faces/javax.faces.resource/primefaces.js?ln=primefaces&v=4.0 HTTP/1.1" 304 -
201.245.192.253 - - [15/Feb/2024:10:42:07 -0500] "GET /sipse/faces/javax.faces.resource/layout/layout.js?ln=primefaces&v=4.0 HTTP/1.1" 304 -
201.245.192.253 - - [15/Feb/2024:10:42:07 -0500] "POST /sipse/faces/presentacion/financiero/solicitudProceso/consultar.xhtml HTTP/1.1" 200 34137
201.245.192.253 - - [15/Feb/2024:10:42:07 -0500] "POST /sipse/faces/presentacion/financiero/solicitudProceso/consultar.xhtml HTTP/1.1" 200 34137
201.245.192.253 - - [15/Feb/2024:10:42:08 -0500] "GET /sipse/css/imagen/contrasena.png HTTP/1.1" 404 383
186.84.90.82 - - [15/Feb/2024:10:42:08 -0500] "GET /sipse/faces/javax.faces.resource/theme.css?ln=primefaces-sipse HTTP/1.1" 304 -
186.84.90.82 - - [15/Feb/2024:10:42:08 -0500] "GET /sipse/faces/javax.faces.resource/primefaces.css?ln=primefaces&v=4.0 HTTP/1.1" 304 -
186.84.90.82 - - [15/Feb/2024:10:42:08 -0500] "GET /sipse/faces/javax.faces.resource/jquery/jquery.js?ln=primefaces&v=4.0 HTTP/1.1" 304 -
186.84.90.82 - - [15/Feb/2024:10:42:08 -0500] "GET /sipse/faces/javax.faces.resource/layout/layout.css?ln=primefaces&v=4.0 HTTP/1.1" 304 -
186.84.90.82 - - [15/Feb/2024:10:42:08 -0500] "GET /sipse/faces/javax.faces.resource/jquery/jquery-plugins.js?ln=primefaces&v=4.0 HTTP/1.1" 304 -
186.84.90.82 - - [15/Feb/2024:10:42:08 -0500] "GET /sipse/faces/javax.faces.resource/primefaces.js?ln=primefaces&v=4.0 HTTP/1.1" 304 -
186.84.90.82 - - [15/Feb/2024:10:42:07 -0500] "POST /sipse/faces/presentacion/sistema/anexos/cargarAnexoSolicitudProceso.xhtml HTTP/1.1" 200 203543
186.84.90.82 - - [15/Feb/2024:10:42:08 -0500] "GET /sipse/faces/javax.faces.resource/layout/layout.js?ln=primefaces&v=4.0 HTTP/1.1" 304 -
152.203.208.64 - - [15/Feb/2024:10:42:10 -0500] "POST /sipse/faces/presentacion/financiero/solicitudProceso/listarSolicitudProceso.xhtml HTTP/1.1" 200 23041
186.84.90.82 - - [15/Feb/2024:10:42:10 -0500] "POST /sipse/faces/presentacion/financiero/solicitudProceso/consultarSolicitudProceso.xhtml HTTP/1.1" 200 21227
186.84.90.82 - - [15/Feb/2024:10:42:10 -0500] "GET /sipse/faces/javax.faces.resource/theme.css?ln=primefaces-sipse HTTP/1.1" 304 -
186.84.90.82 - - [15/Feb/2024:10:42:10 -0500] "GET /sipse/faces/javax.faces.resource/jquery/jquery-plugins.js?ln=primefaces&v=4.0 HTTP/1.1" 304 -
186.84.90.82 - - [15/Feb/2024:10:42:10 -0500] "GET /sipse/faces/javax.faces.resource/primefaces.js?ln=primefaces&v=4.0 HTTP/1.1" 304 -
186.84.90.82 - - [15/Feb/2024:10:42:10 -0500] "GET /sipse/faces/javax.faces.resource/primefaces.css?ln=primefaces&v=4.0 HTTP/1.1" 304 -
186.84.90.82 - - [15/Feb/2024:10:42:10 -0500] "GET /sipse/faces/javax.faces.resource/jquery/jquery.js?ln=primefaces&v=4.0 HTTP/1.1" 304 -
186.84.90.82 - - [15/Feb/2024:10:42:10 -0500] "GET /sipse/faces/javax.faces.resource/layout/layout.js?ln=primefaces&v=4.0 HTTP/1.1" 304 -
186.84.90.82 - - [15/Feb/2024:10:42:10 -0500] "GET /sipse/faces/javax.faces.resource/layout/layout.css?ln=primefaces&v=4.0 HTTP/1.1" 304 -
186.84.90.82 - - [15/Feb/2024:10:42:10 -0500] "GET /sipse/faces/javax.faces.resource/fileupload/fileupload.css?ln=primefaces&v=4.0 HTTP/1.1" 304 -
