200.118.16.147 - - [15/Feb/2024:01:23:37 -0500] "GET /sipse/faces/javax.faces.resource/primefaces.js?ln=primefaces&v=4.0 HTTP/1.1" 304 -
200.118.16.147 - - [15/Feb/2024:01:23:37 -0500] "GET /sipse/faces/javax.faces.resource/layout/layout.js?ln=primefaces&v=4.0 HTTP/1.1" 304 -
66.249.66.20 - - [15/Feb/2024:01:23:39 -0500] "GET /resoluciones/RESOLUCIONES%202009/1267.pdf HTTP/1.1" 404 1018
200.118.16.147 - - [15/Feb/2024:01:23:42 -0500] "POST /sipse/faces/presentacion/financiero/solicitudProceso/consultarSolicitudProceso.xhtml HTTP/1.1" 200 5561789
172.22.2.4 - - [15/Feb/2024:01:22:08 -0500] "GET /BLA/boletinlegal/ HTTP/1.1" 200 58684
152.61.128.50 - - [15/Feb/2024:01:27:15 -0500] "GET / HTTP/1.1" 200 319
216.245.221.92 - - [15/Feb/2024:01:27:15 -0500] "HEAD / HTTP/1.1" 200 -
52.167.144.233 - - [15/Feb/2024:01:27:38 -0500] "GET /BLA/resoluciones/AUTOS%202021/1539.pdf HTTP/1.1" 304 -
201.245.192.253 - - [15/Feb/2024:01:27:55 -0500] "POST /kwsrmcab/Wsrmcab  HTTP/1.1" 200 37396
172.22.2.4 - - [15/Feb/2024:01:27:07 -0500] "HEAD /BLA/boletinlegal/ HTTP/1.1" 200 -
201.245.192.253 - - [15/Feb/2024:01:29:17 -0500] "POST /kwsrmcab/Wsrmcab HTTP/1.1" 200 37111
201.245.192.253 - - [15/Feb/2024:01:29:20 -0500] "POST /kwsrmcab/Wsrmcab HTTP/1.1" 200 35061
201.245.192.253 - - [15/Feb/2024:01:29:35 -0500] "POST /kwsrmcab/Wsrmcab HTTP/1.1" 200 33911
66.249.66.19 - - [15/Feb/2024:01:29:38 -0500] "GET /BLA/resoluciones/AUTOS%202011/7732.pdf HTTP/1.1" 200 246019
172.22.2.4 - - [15/Feb/2024:01:27:58 -0500] "GET /BLA/boletinlegal/ HTTP/1.1" 200 58684
45.33.87.154 - - [15/Feb/2024:01:29:45 -0500] "GET / HTTP/1.1" 200 319
172.104.11.51 - - [15/Feb/2024:01:29:58 -0500] "GET / HTTP/1.1" 200 319
201.245.192.253 - - [15/Feb/2024:01:30:21 -0500] "POST /kwsrmcab/Wsrmcab HTTP/1.1" 200 35061
216.245.221.92 - - [15/Feb/2024:01:32:15 -0500] "HEAD / HTTP/1.1" 200 -
172.22.2.4 - - [15/Feb/2024:01:32:20 -0500] "GET /BLA/boletinlegal/Directivas/ HTTP/1.1" 200 535
66.249.66.20 - - [15/Feb/2024:01:32:41 -0500] "GET /BLA/resoluciones/RESOLUCIONES%202010/RESOLUCION%20326%20DE%202010.PDF HTTP/1.1" 200 31656
201.245.192.253 - - [15/Feb/2024:01:32:54 -0500] "POST /kwsrmcab/Wsrmcab  HTTP/1.1" 200 37396
184.154.149.162 - - [15/Feb/2024:01:33:12 -0500] "GET /wp-login.php HTTP/1.1" 404 1035
172.22.2.4 - - [15/Feb/2024:01:32:57 -0500] "HEAD /BLA/boletinlegal/ HTTP/1.1" 200 -
172.22.2.4 - - [15/Feb/2024:01:33:48 -0500] "GET /BLA/boletinlegal/ HTTP/1.1" 200 61047
66.249.66.20 - - [15/Feb/2024:01:35:55 -0500] "GET /siipev/Diseno%20de%20Elementos%20de%20Mobiliario%20Urbano/Diseno%20pertenecientes%20al%20mobiliario%20urbano%20M10-M160/PARTE%20A/Dise%C3%B1o%20de%20Elementos%20M-10.pdf HTTP/1.1" 200 2286537
66.249.66.20 - - [15/Feb/2024:01:35:56 -0500] "GET /Publicaciones/2023EE285180.pdf HTTP/1.1" 404 228
216.245.221.92 - - [15/Feb/2024:01:37:15 -0500] "HEAD / HTTP/1.1" 200 -
172.22.2.4 - - [15/Feb/2024:01:37:25 -0500] "GET /BLA/boletinlegal/actos.php HTTP/1.1" 200 9738
186.84.90.185 - - [15/Feb/2024:01:37:27 -0500] "GET /BLA/resoluciones/ HTTP/1.1" 200 14105
186.84.90.185 - - [15/Feb/2024:01:37:32 -0500] "GET /BLA/resoluciones/index.php?dir=RESOLUCIONES+2023%2F HTTP/1.1" 200 138543
172.22.2.4 - - [15/Feb/2024:01:37:19 -0500] "GET /BLA/boletinlegal/ HTTP/1.1" 200 24523
201.245.192.253 - - [15/Feb/2024:01:37:54 -0500] "POST /kwsrmcab/Wsrmcab  HTTP/1.1" 200 37396
40.77.167.70 - - [15/Feb/2024:01:38:58 -0500] "GET /BLA/resoluciones/AUTOS%202018/3565.pdf HTTP/1.1" 304 -
201.245.192.253 - - [15/Feb/2024:01:39:17 -0500] "POST /kwsrmcab/Wsrmcab HTTP/1.1" 200 37111
201.245.192.253 - - [15/Feb/2024:01:39:20 -0500] "POST /kwsrmcab/Wsrmcab HTTP/1.1" 200 35061
201.245.192.253 - - [15/Feb/2024:01:39:35 -0500] "POST /kwsrmcab/Wsrmcab HTTP/1.1" 200 33911
165.227.152.240 - - [15/Feb/2024:01:39:51 -0500] "GET / HTTP/1.1" 200 319
201.245.192.253 - - [15/Feb/2024:01:40:22 -0500] "POST /kwsrmcab/Wsrmcab HTTP/1.1" 200 35061
172.22.2.4 - - [15/Feb/2024:01:38:47 -0500] "HEAD /BLA/boletinlegal/ HTTP/1.1" 200 -
172.22.2.4 - - [15/Feb/2024:01:39:38 -0500] "GET /BLA/boletinlegal/ HTTP/1.1" 200 61047
216.245.221.92 - - [15/Feb/2024:01:42:15 -0500] "HEAD / HTTP/1.1" 200 -
201.245.192.253 - - [15/Feb/2024:01:42:53 -0500] "POST /kwsrmcab/Wsrmcab  HTTP/1.1" 200 37396
200.118.16.147 - - [15/Feb/2024:01:43:26 -0500] "POST /sipse/faces/presentacion/financiero/solicitudProceso/consultarSolicitudProceso.xhtml HTTP/1.1" 200 39775
200.118.16.147 - - [15/Feb/2024:01:43:27 -0500] "GET /sipse/faces/javax.faces.resource/jquery/jquery.js?ln=primefaces&v=4.0 HTTP/1.1" 304 -
200.118.16.147 - - [15/Feb/2024:01:43:27 -0500] "GET /sipse/faces/javax.faces.resource/jquery/jquery-plugins.js?ln=primefaces&v=4.0 HTTP/1.1" 304 -
200.118.16.147 - - [15/Feb/2024:01:43:27 -0500] "GET /sipse/faces/javax.faces.resource/primefaces.js?ln=primefaces&v=4.0 HTTP/1.1" 304 -
200.118.16.147 - - [15/Feb/2024:01:43:27 -0500] "GET /sipse/faces/javax.faces.resource/layout/layout.js?ln=primefaces&v=4.0 HTTP/1.1" 304 -
200.118.16.147 - - [15/Feb/2024:01:43:27 -0500] "POST /sipse/faces/presentacion/financiero/solicitudProceso/listarSolicitudProceso.xhtml HTTP/1.1" 200 33050
200.118.16.147 - - [15/Feb/2024:01:43:27 -0500] "POST /sipse/faces/presentacion/financiero/solicitudProceso/listarSolicitudProceso.xhtml HTTP/1.1" 200 33050
200.118.16.147 - - [15/Feb/2024:01:43:27 -0500] "POST /sipse/faces/presentacion/financiero/solicitudProceso/listarSolicitudProceso.xhtml HTTP/1.1" 200 1392
200.118.16.147 - - [15/Feb/2024:01:43:27 -0500] "POST /sipse/faces/presentacion/financiero/solicitudProceso/listarSolicitudProceso.xhtml HTTP/1.1" 200 1388
200.118.16.147 - - [15/Feb/2024:01:43:27 -0500] "POST /sipse/faces/presentacion/financiero/solicitudProceso/listarSolicitudProceso.xhtml HTTP/1.1" 200 1400
200.118.16.147 - - [15/Feb/2024:01:43:29 -0500] "POST /sipse/faces/presentacion/financiero/solicitudProceso/listarSolicitudProceso.xhtml HTTP/1.1" 200 5157
200.118.16.147 - - [15/Feb/2024:01:43:31 -0500] "POST /sipse/faces/presentacion/financiero/solicitudProceso/listarSolicitudProceso.xhtml HTTP/1.1" 200 147742
200.118.16.147 - - [15/Feb/2024:01:43:32 -0500] "GET /sipse/faces/javax.faces.resource/jquery/jquery.js?ln=primefaces&v=4.0 HTTP/1.1" 304 -
200.118.16.147 - - [15/Feb/2024:01:43:32 -0500] "GET /sipse/faces/javax.faces.resource/jquery/jquery-plugins.js?ln=primefaces&v=4.0 HTTP/1.1" 304 -
200.118.16.147 - - [15/Feb/2024:01:43:32 -0500] "GET /sipse/faces/javax.faces.resource/primefaces.js?ln=primefaces&v=4.0 HTTP/1.1" 304 -
200.118.16.147 - - [15/Feb/2024:01:43:32 -0500] "GET /sipse/faces/javax.faces.resource/layout/layout.js?ln=primefaces&v=4.0 HTTP/1.1" 304 -
200.118.16.147 - - [15/Feb/2024:01:44:40 -0500] "POST /sipse/faces/presentacion/financiero/solicitudProceso/consultarSolicitudProceso.xhtml HTTP/1.1" 200 24706
200.118.16.147 - - [15/Feb/2024:01:44:40 -0500] "GET /sipse/faces/javax.faces.resource/jquery/jquery.js?ln=primefaces&v=4.0 HTTP/1.1" 304 -
200.118.16.147 - - [15/Feb/2024:01:44:40 -0500] "GET /sipse/faces/javax.faces.resource/primefaces.js?ln=primefaces&v=4.0 HTTP/1.1" 304 -
200.118.16.147 - - [15/Feb/2024:01:44:40 -0500] "GET /sipse/faces/javax.faces.resource/primefaces.css?ln=primefaces&v=4.0 HTTP/1.1" 304 -
200.118.16.147 - - [15/Feb/2024:01:44:40 -0500] "GET /sipse/faces/javax.faces.resource/layout/layout.js?ln=primefaces&v=4.0 HTTP/1.1" 304 -
200.118.16.147 - - [15/Feb/2024:01:44:40 -0500] "GET /sipse/faces/javax.faces.resource/jquery/jquery-plugins.js?ln=primefaces&v=4.0 HTTP/1.1" 304 -
200.118.16.147 - - [15/Feb/2024:01:44:40 -0500] "GET /sipse/faces/javax.faces.resource/theme.css?ln=primefaces-sipse HTTP/1.1" 304 -
200.118.16.147 - - [15/Feb/2024:01:44:40 -0500] "GET /sipse/faces/javax.faces.resource/layout/layout.css?ln=primefaces&v=4.0 HTTP/1.1" 304 -
200.118.16.147 - - [15/Feb/2024:01:44:40 -0500] "GET /sipse/faces/javax.faces.resource/fileupload/fileupload.css?ln=primefaces&v=4.0 HTTP/1.1" 304 -
200.118.16.147 - - [15/Feb/2024:01:44:40 -0500] "GET /sipse/faces/javax.faces.resource/fileupload/fileupload.js?ln=primefaces&v=4.0 HTTP/1.1" 200 28091
200.118.16.147 - - [15/Feb/2024:01:44:40 -0500] "GET /sipse/faces/javax.faces.resource/images/ui-icons_898989_256x240.png?ln=primefaces-aristo HTTP/1.1" 200 5355
200.118.16.147 - - [15/Feb/2024:01:44:40 -0500] "GET /favicon.ico HTTP/1.1" 200 7782
200.118.16.147 - - [15/Feb/2024:01:44:49 -0500] "GET /sipse/faces/javax.faces.resource/primefaces.css?ln=primefaces&v=4.0 HTTP/1.1" 304 -
200.118.16.147 - - [15/Feb/2024:01:44:49 -0500] "GET /sipse/faces/javax.faces.resource/theme.css?ln=primefaces-sipse HTTP/1.1" 304 -
200.118.16.147 - - [15/Feb/2024:01:44:49 -0500] "GET /sipse/faces/javax.faces.resource/layout/layout.css?ln=primefaces&v=4.0 HTTP/1.1" 304 -
200.118.16.147 - - [15/Feb/2024:01:44:48 -0500] "POST /sipse/faces/presentacion/sistema/anexos/cargarAnexoSolicitudProceso.xhtml HTTP/1.1" 200 195272
200.118.16.147 - - [15/Feb/2024:01:44:49 -0500] "GET /sipse/faces/javax.faces.resource/jquery/jquery.js?ln=primefaces&v=4.0 HTTP/1.1" 304 -
200.118.16.147 - - [15/Feb/2024:01:44:49 -0500] "GET /sipse/faces/javax.faces.resource/jquery/jquery-plugins.js?ln=primefaces&v=4.0 HTTP/1.1" 304 -
200.118.16.147 - - [15/Feb/2024:01:44:49 -0500] "GET /sipse/faces/javax.faces.resource/layout/layout.js?ln=primefaces&v=4.0 HTTP/1.1" 304 -
200.118.16.147 - - [15/Feb/2024:01:44:49 -0500] "GET /sipse/faces/javax.faces.resource/primefaces.js?ln=primefaces&v=4.0 HTTP/1.1" 304 -
200.118.16.147 - - [15/Feb/2024:01:44:49 -0500] "GET /sipse/faces/javax.faces.resource/images/ui-icons_898989_256x240.png?ln=primefaces-aristo HTTP/1.1" 304 -
200.118.16.147 - - [15/Feb/2024:01:44:54 -0500] "GET /sipse/faces/javax.faces.resource/images/ui-bg_flat_0_2d5972_40x100.png?ln=primefaces-aristo HTTP/1.1" 304 -
200.118.16.147 - - [15/Feb/2024:01:44:54 -0500] "POST /sipse/faces/presentacion/financiero/solicitudProceso/consultarSolicitudProceso.xhtml HTTP/1.1" 200 40229
200.118.16.147 - - [15/Feb/2024:01:44:56 -0500] "GET /sipse/faces/javax.faces.resource/jquery/jquery.js?ln=primefaces&v=4.0 HTTP/1.1" 304 -
200.118.16.147 - - [15/Feb/2024:01:44:56 -0500] "GET /sipse/faces/javax.faces.resource/jquery/jquery-plugins.js?ln=primefaces&v=4.0 HTTP/1.1" 304 -
200.118.16.147 - - [15/Feb/2024:01:44:56 -0500] "GET /sipse/faces/javax.faces.resource/primefaces.js?ln=primefaces&v=4.0 HTTP/1.1" 304 -
200.118.16.147 - - [15/Feb/2024:01:44:56 -0500] "GET /sipse/faces/javax.faces.resource/layout/layout.js?ln=primefaces&v=4.0 HTTP/1.1" 304 -
200.118.16.147 - - [15/Feb/2024:01:44:56 -0500] "GET /sipse/faces/javax.faces.resource/messages/messages.png?ln=primefaces&v=4.0 HTTP/1.1" 304 -
200.118.16.147 - - [15/Feb/2024:01:44:56 -0500] "POST /sipse/faces/presentacion/financiero/solicitudProceso/listarSolicitudProceso.xhtml HTTP/1.1" 200 1392
200.118.16.147 - - [15/Feb/2024:01:44:56 -0500] "POST /sipse/faces/presentacion/financiero/solicitudProceso/listarSolicitudProceso.xhtml HTTP/1.1" 200 1388
172.22.2.4 - - [15/Feb/2024:01:44:37 -0500] "HEAD /BLA/boletinlegal/ HTTP/1.1" 200 -
172.22.2.4 - - [15/Feb/2024:01:45:28 -0500] "GET /BLA/boletinlegal/ HTTP/1.1" 200 61047
216.245.221.92 - - [15/Feb/2024:01:47:15 -0500] "HEAD / HTTP/1.1" 200 -
201.245.192.253 - - [15/Feb/2024:01:47:51 -0500] "POST /kwsrmcab/Wsrmcab  HTTP/1.1" 200 37396
40.77.167.27 - - [15/Feb/2024:01:47:59 -0500] "GET /BLA/resoluciones/AUTOS%202020/2293.pdf HTTP/1.1" 304 -
172.22.2.4 - - [15/Feb/2024:01:50:24 -0500] "GET /BLA/boletinlegal/ HTTP/1.1" 200 51151
172.22.2.4 - - [15/Feb/2024:01:50:27 -0500] "HEAD /BLA/boletinlegal/ HTTP/1.1" 200 -
216.245.221.92 - - [15/Feb/2024:01:52:15 -0500] "HEAD / HTTP/1.1" 200 -
201.245.192.253 - - [15/Feb/2024:01:52:50 -0500] "POST /kwsrmcab/Wsrmcab  HTTP/1.1" 200 37396
172.22.2.4 - - [15/Feb/2024:01:51:18 -0500] "GET /BLA/boletinlegal/ HTTP/1.1" 200 53009
216.245.221.92 - - [15/Feb/2024:01:57:15 -0500] "HEAD / HTTP/1.1" 200 -
201.245.192.253 - - [15/Feb/2024:01:57:49 -0500] "POST /kwsrmcab/Wsrmcab  HTTP/1.1" 200 37396
172.22.2.4 - - [15/Feb/2024:01:56:17 -0500] "HEAD /BLA/boletinlegal/ HTTP/1.1" 200 -
172.22.2.4 - - [15/Feb/2024:01:57:08 -0500] "GET /BLA/boletinlegal/ HTTP/1.1" 200 61047
114.119.135.172 - - [15/Feb/2024:02:00:23 -0500] "GET /BLA/resoluciones/index.php?dir=RESOLUCIONES%2B2023/&sort=size&order=asc HTTP/1.1" 200 14312
216.245.221.92 - - [15/Feb/2024:02:02:15 -0500] "HEAD / HTTP/1.1" 200 -
201.245.192.253 - - [15/Feb/2024:02:02:47 -0500] "POST /kwsrmcab/Wsrmcab  HTTP/1.1" 200 37396
172.22.2.4 - - [15/Feb/2024:02:02:07 -0500] "HEAD /BLA/boletinlegal/ HTTP/1.1" 200 -
172.22.2.4 - - [15/Feb/2024:02:02:58 -0500] "GET /BLA/boletinlegal/ HTTP/1.1" 200 59173
216.245.221.92 - - [15/Feb/2024:02:07:15 -0500] "HEAD / HTTP/1.1" 200 -
201.245.192.253 - - [15/Feb/2024:02:07:45 -0500] "POST /kwsrmcab/Wsrmcab  HTTP/1.1" 200 37396
172.22.2.4 - - [15/Feb/2024:02:07:57 -0500] "HEAD /BLA/boletinlegal/ HTTP/1.1" 200 -
172.22.2.4 - - [15/Feb/2024:02:08:48 -0500] "GET /BLA/boletinlegal/ HTTP/1.1" 200 61047
216.245.221.92 - - [15/Feb/2024:02:12:15 -0500] "HEAD / HTTP/1.1" 200 -
201.245.192.253 - - [15/Feb/2024:02:12:45 -0500] "POST /kwsrmcab/Wsrmcab  HTTP/1.1" 200 37396
20.120.134.37 - - [15/Feb/2024:02:13:05 -0500] "GET /Publicaciones/2024EE17158.pdf HTTP/1.1" 404 227
172.22.2.4 - - [15/Feb/2024:02:12:26 -0500] "GET /BLA/boletinlegal/index.php HTTP/1.1" 200 62310
172.22.2.4 - - [15/Feb/2024:02:13:47 -0500] "HEAD /BLA/boletinlegal/ HTTP/1.1" 200 -
172.22.2.4 - - [15/Feb/2024:02:14:38 -0500] "GET /BLA/boletinlegal/ HTTP/1.1" 200 58684
216.245.221.92 - - [15/Feb/2024:02:17:15 -0500] "HEAD / HTTP/1.1" 200 -
201.245.192.253 - - [15/Feb/2024:02:17:43 -0500] "POST /kwsrmcab/Wsrmcab  HTTP/1.1" 200 37396
201.245.192.253 - - [15/Feb/2024:02:19:16 -0500] "POST /kwsrmcab/Wsrmcab HTTP/1.1" 200 37109
201.245.192.253 - - [15/Feb/2024:02:19:19 -0500] "POST /kwsrmcab/Wsrmcab HTTP/1.1" 200 35058
201.245.192.253 - - [15/Feb/2024:02:19:35 -0500] "POST /kwsrmcab/Wsrmcab HTTP/1.1" 200 33899
201.245.192.253 - - [15/Feb/2024:02:20:22 -0500] "POST /kwsrmcab/Wsrmcab HTTP/1.1" 200 35058
152.61.128.50 - - [15/Feb/2024:02:20:57 -0500] "GET /arcgis/services/Calidad_del_Agua_WQI/MapServer/WMSServer?request=GetCapabilities&service=WMS HTTP/1.1" 503 1020
152.61.128.50 - - [15/Feb/2024:02:20:58 -0500] "GET /arcgis/services/Calidad_del_Agua_WQI/MapServer/WMSServer?SERVICE=WMS&REQUEST=GetCapabilities HTTP/1.1" 503 1020
152.61.128.50 - - [15/Feb/2024:02:20:58 -0500] "GET /arcgis/services/Calidad_del_Agua_WQI/MapServer/WMSServer?WMTVER=1.0.0&REQUEST=capabilities HTTP/1.1" 503 1020
172.22.2.4 - - [15/Feb/2024:02:19:37 -0500] "HEAD /BLA/boletinlegal/ HTTP/1.1" 200 -
172.22.2.4 - - [15/Feb/2024:02:20:28 -0500] "GET /BLA/boletinlegal/ HTTP/1.1" 200 60683
216.245.221.92 - - [15/Feb/2024:02:22:15 -0500] "HEAD / HTTP/1.1" 200 -
201.245.192.253 - - [15/Feb/2024:02:22:42 -0500] "POST /kwsrmcab/Wsrmcab  HTTP/1.1" 200 37396
172.22.2.4 - - [15/Feb/2024:02:25:27 -0500] "HEAD /BLA/boletinlegal/ HTTP/1.1" 200 -
216.245.221.92 - - [15/Feb/2024:02:27:15 -0500] "HEAD / HTTP/1.1" 200 -
201.245.192.253 - - [15/Feb/2024:02:27:41 -0500] "POST /kwsrmcab/Wsrmcab  HTTP/1.1" 200 37396
172.22.2.4 - - [15/Feb/2024:02:26:18 -0500] "GET /BLA/boletinlegal/ HTTP/1.1" 200 61047
165.227.152.240 - - [15/Feb/2024:02:28:12 -0500] "GET / HTTP/1.1" 200 319
201.245.192.253 - - [15/Feb/2024:02:29:17 -0500] "POST /kwsrmcab/Wsrmcab HTTP/1.1" 200 37109
201.245.192.253 - - [15/Feb/2024:02:29:20 -0500] "POST /kwsrmcab/Wsrmcab HTTP/1.1" 200 35058
201.245.192.253 - - [15/Feb/2024:02:29:35 -0500] "POST /kwsrmcab/Wsrmcab HTTP/1.1" 200 33899
172.22.2.4 - - [15/Feb/2024:02:29:52 -0500] "GET /BLA/boletinlegal/ HTTP/1.1" 200 20427
201.245.192.253 - - [15/Feb/2024:02:30:22 -0500] "POST /kwsrmcab/Wsrmcab HTTP/1.1" 200 35058
162.55.166.12 - - [15/Feb/2024:02:30:51 -0500] "GET / HTTP/1.1" 200 4720
172.22.2.4 - - [15/Feb/2024:02:31:45 -0500] "GET /BLA/boletinlegal/nmaplowercheck1707982322 HTTP/1.1" 404 1018
172.22.2.4 - - [15/Feb/2024:02:31:45 -0500] "GET /BLA/boletinlegal/evox/about HTTP/1.1" 404 1018
172.22.2.4 - - [15/Feb/2024:02:31:48 -0500] "POST /BLA/boletinlegal/sdk HTTP/1.1" 404 1018
172.22.2.4 - - [15/Feb/2024:02:31:49 -0500] "GET /BLA/boletinlegal/HNAP1 HTTP/1.1" 404 1018
216.245.221.92 - - [15/Feb/2024:02:32:15 -0500] "HEAD / HTTP/1.1" 200 -
172.22.2.4 - - [15/Feb/2024:02:31:46 -0500] "GET /BLA/boletinlegal/ HTTP/1.1" 200 20427
172.22.2.4 - - [15/Feb/2024:02:31:47 -0500] "GET /BLA/boletinlegal/ HTTP/1.1" 200 20427
201.245.192.253 - - [15/Feb/2024:02:32:40 -0500] "POST /kwsrmcab/Wsrmcab  HTTP/1.1" 200 37396
172.22.2.4 - - [15/Feb/2024:02:31:17 -0500] "HEAD /BLA/boletinlegal/ HTTP/1.1" 200 -
172.22.2.4 - - [15/Feb/2024:02:31:54 -0500] "GET /BLA/boletinlegal/ HTTP/1.1" 200 24523
172.22.2.4 - - [15/Feb/2024:02:31:46 -0500] "HEAD /BLA/boletinlegal/ HTTP/1.1" 200 -
172.22.2.4 - - [15/Feb/2024:02:32:08 -0500] "GET /BLA/boletinlegal/ HTTP/1.1" 200 47617
52.167.144.236 - - [15/Feb/2024:02:34:05 -0500] "GET /siipev/ HTTP/1.1" 200 493
198.235.24.185 - - [15/Feb/2024:02:35:46 -0500] "GET / HTTP/1.0" 200 319
216.245.221.92 - - [15/Feb/2024:02:37:15 -0500] "HEAD / HTTP/1.1" 200 -
201.245.192.253 - - [15/Feb/2024:02:37:39 -0500] "POST /kwsrmcab/Wsrmcab  HTTP/1.1" 200 37396
172.22.2.4 - - [15/Feb/2024:02:37:07 -0500] "HEAD /BLA/boletinlegal/ HTTP/1.1" 200 -
201.245.192.253 - - [15/Feb/2024:02:39:17 -0500] "POST /kwsrmcab/Wsrmcab HTTP/1.1" 200 37109
201.245.192.253 - - [15/Feb/2024:02:39:20 -0500] "POST /kwsrmcab/Wsrmcab HTTP/1.1" 200 35058
201.245.192.253 - - [15/Feb/2024:02:39:35 -0500] "POST /kwsrmcab/Wsrmcab HTTP/1.1" 200 33899
172.22.2.4 - - [15/Feb/2024:02:37:58 -0500] "GET /BLA/boletinlegal/ HTTP/1.1" 200 58684
201.245.192.253 - - [15/Feb/2024:02:40:20 -0500] "POST /kwsrmcab/Wsrmcab HTTP/1.1" 200 35058
216.245.221.92 - - [15/Feb/2024:02:42:15 -0500] "HEAD / HTTP/1.1" 200 -
201.245.192.253 - - [15/Feb/2024:02:42:38 -0500] "POST /kwsrmcab/Wsrmcab  HTTP/1.1" 200 37396
172.22.2.4 - - [15/Feb/2024:02:42:57 -0500] "HEAD /BLA/boletinlegal/ HTTP/1.1" 200 -
172.22.2.4 - - [15/Feb/2024:02:43:48 -0500] "GET /BLA/boletinlegal/ HTTP/1.1" 200 58684
66.249.66.166 - - [15/Feb/2024:02:47:13 -0500] "GET /portaldeninos/humedal-cordoba-2/ HTTP/1.1" 200 88041
216.245.221.92 - - [15/Feb/2024:02:47:15 -0500] "HEAD / HTTP/1.1" 200 -
66.249.66.165 - - [15/Feb/2024:02:47:24 -0500] "GET /portaldeninos/wp-content/themes/betheme/css/responsive.css?ver=20.9.6 HTTP/1.1" 200 55740
66.249.66.166 - - [15/Feb/2024:02:47:25 -0500] "GET /portaldeninos/wp-content/themes/betheme/assets/animations/animations.min.css?ver=20.9.6 HTTP/1.1" 200 58508
66.249.66.166 - - [15/Feb/2024:02:47:27 -0500] "GET /portaldeninos/wp-includes/js/jquery/ui/sortable.min.js?ver=1.11.4 HTTP/1.1" 200 24899
66.249.66.165 - - [15/Feb/2024:02:47:28 -0500] "GET /portaldeninos/wp-content/themes/betheme/css/shortcodes.css?ver=20.9.6 HTTP/1.1" 200 138889
66.249.66.165 - - [15/Feb/2024:02:47:29 -0500] "GET /portaldeninos/wp-content/plugins/google-analytics-for-wordpress/assets/js/frontend-gtag.min.js?ver=8.5.0 HTTP/1.1" 200 11801
201.245.192.253 - - [15/Feb/2024:02:47:37 -0500] "POST /kwsrmcab/Wsrmcab  HTTP/1.1" 200 37396
40.77.167.14 - - [15/Feb/2024:02:47:59 -0500] "GET /BLA/resoluciones/RESOLUCIONES%202021/4704.pdf HTTP/1.1" 304 -
172.22.2.4 - - [15/Feb/2024:02:48:47 -0500] "HEAD /BLA/boletinlegal/ HTTP/1.1" 200 -
172.22.2.4 - - [15/Feb/2024:02:49:38 -0500] "GET /BLA/boletinlegal/ HTTP/1.1" 200 59173
216.245.221.92 - - [15/Feb/2024:02:52:15 -0500] "HEAD / HTTP/1.1" 200 -
201.245.192.253 - - [15/Feb/2024:02:52:36 -0500] "POST /kwsrmcab/Wsrmcab  HTTP/1.1" 200 37396
172.22.2.4 - - [15/Feb/2024:02:51:35 -0500] "GET /BLA/boletinlegal/ HTTP/1.1" 200 63056
172.22.2.4 - - [15/Feb/2024:02:53:17 -0500] "GET /BLA/boletinlegal/js/jquery.js HTTP/1.1" 200 57254
172.22.2.4 - - [15/Feb/2024:02:54:37 -0500] "HEAD /BLA/boletinlegal/ HTTP/1.1" 200 -
172.22.2.4 - - [15/Feb/2024:02:55:28 -0500] "GET /BLA/boletinlegal/ HTTP/1.1" 200 58684
216.245.221.92 - - [15/Feb/2024:02:57:15 -0500] "HEAD / HTTP/1.1" 200 -
201.245.192.253 - - [15/Feb/2024:02:57:34 -0500] "POST /kwsrmcab/Wsrmcab  HTTP/1.1" 200 37396
52.167.144.180 - - [15/Feb/2024:02:57:43 -0500] "GET /documents/10184/792447/botones-tiktok-diciembre.png/b2133102-7579-4d9c-9f80-126748699f98?t=1639069527008 HTTP/1.1" 404 1034
172.22.2.4 - - [15/Feb/2024:03:00:27 -0500] "HEAD /BLA/boletinlegal/ HTTP/1.1" 200 -
216.245.221.92 - - [15/Feb/2024:03:02:15 -0500] "HEAD / HTTP/1.1" 200 -
201.245.192.253 - - [15/Feb/2024:03:02:33 -0500] "POST /kwsrmcab/Wsrmcab  HTTP/1.1" 200 37396
199.16.157.182 - - [15/Feb/2024:03:02:45 -0500] "GET /robots.txt HTTP/1.1" 404 1034
199.16.157.182 - - [15/Feb/2024:03:02:45 -0500] "GET /images/participacion%2019-12-23.jpg HTTP/1.1" 200 73861
199.16.157.182 - - [15/Feb/2024:03:02:45 -0500] "GET /robots.txt HTTP/1.1" 404 1034
199.16.157.182 - - [15/Feb/2024:03:02:45 -0500] "GET /68-de-ejecucion-lleva-el-plan-de-accion-para-las-familias-de-bogota-que-va-del-2021-al-2025.html HTTP/1.1" 200 811
172.22.2.4 - - [15/Feb/2024:03:01:18 -0500] "GET /BLA/boletinlegal/ HTTP/1.1" 200 58684
40.77.167.16 - - [15/Feb/2024:03:03:21 -0500] "GET /Publicaciones/2023EE304446.pdf HTTP/1.1" 404 228
40.77.167.28 - - [15/Feb/2024:03:03:26 -0500] "GET /Publicaciones/2024EE18485.pdf HTTP/1.1" 404 227
66.249.66.21 - - [15/Feb/2024:03:04:09 -0500] "GET /BLA/resoluciones/Notificaciones/AUTOS%202023/5725.pdf HTTP/1.1" 304 -
40.77.167.16 - - [15/Feb/2024:03:06:29 -0500] "GET /Publicaciones/2023EE235249.pdf HTTP/1.1" 404 228
40.77.167.16 - - [15/Feb/2024:03:06:30 -0500] "GET /BLA/resoluciones/AUTOS%202013/0087.pdf HTTP/1.1" 304 -
216.245.221.92 - - [15/Feb/2024:03:07:15 -0500] "HEAD / HTTP/1.1" 200 -
201.245.192.253 - - [15/Feb/2024:03:07:31 -0500] "POST /kwsrmcab/Wsrmcab  HTTP/1.1" 200 37396
66.249.66.21 - - [15/Feb/2024:03:05:58 -0500] "GET /BLA/boletinlegal/index.php? HTTP/1.1" 200 55424
172.22.2.4 - - [15/Feb/2024:03:06:17 -0500] "HEAD /BLA/boletinlegal/ HTTP/1.1" 200 -
190.24.38.181 - - [15/Feb/2024:03:08:10 -0500] "GET /la-estructura-ecologica-principal-del-distrito-como-base-natural-para-la-conexion-regional.html HTTP/1.1" 200 1051
172.22.2.4 - - [15/Feb/2024:03:07:08 -0500] "GET /BLA/boletinlegal/ HTTP/1.1" 200 53009
216.245.221.92 - - [15/Feb/2024:03:12:15 -0500] "HEAD / HTTP/1.1" 200 -
201.245.192.253 - - [15/Feb/2024:03:12:30 -0500] "POST /kwsrmcab/Wsrmcab  HTTP/1.1" 200 37396
172.22.2.4 - - [15/Feb/2024:03:12:07 -0500] "HEAD /BLA/boletinlegal/ HTTP/1.1" 200 -
172.22.2.4 - - [15/Feb/2024:03:12:58 -0500] "GET /BLA/boletinlegal/ HTTP/1.1" 200 61047
216.245.221.92 - - [15/Feb/2024:03:17:15 -0500] "HEAD / HTTP/1.1" 200 -
201.245.192.253 - - [15/Feb/2024:03:17:29 -0500] "POST /kwsrmcab/Wsrmcab  HTTP/1.1" 200 37396
201.245.192.253 - - [15/Feb/2024:03:19:17 -0500] "POST /kwsrmcab/Wsrmcab HTTP/1.1" 200 37098
201.245.192.253 - - [15/Feb/2024:03:19:19 -0500] "POST /kwsrmcab/Wsrmcab HTTP/1.1" 200 35056
201.245.192.253 - - [15/Feb/2024:03:19:35 -0500] "GET /kwsrmcab/Wsrmcab?wsdl HTTP/1.1" 200 6948
172.22.2.4 - - [15/Feb/2024:03:17:57 -0500] "HEAD /BLA/boletinlegal/ HTTP/1.1" 200 -
201.245.192.253 - - [15/Feb/2024:03:19:35 -0500] "POST /kwsrmcab/Wsrmcab HTTP/1.1" 200 33903
201.245.192.253 - - [15/Feb/2024:03:20:21 -0500] "POST /kwsrmcab/Wsrmcab HTTP/1.1" 200 35056
172.22.2.4 - - [15/Feb/2024:03:18:48 -0500] "GET /BLA/boletinlegal/ HTTP/1.1" 200 61047
216.245.221.92 - - [15/Feb/2024:03:22:15 -0500] "HEAD / HTTP/1.1" 200 -
201.245.192.253 - - [15/Feb/2024:03:22:28 -0500] "POST /kwsrmcab/Wsrmcab  HTTP/1.1" 200 37396
172.22.2.4 - - [15/Feb/2024:03:23:47 -0500] "HEAD /BLA/boletinlegal/ HTTP/1.1" 200 -
172.22.2.4 - - [15/Feb/2024:03:24:38 -0500] "GET /BLA/boletinlegal/ HTTP/1.1" 200 59173
172.22.2.4 - - [15/Feb/2024:03:26:21 -0500] "GET /BLA/boletinlegal/images/screen_3.png HTTP/1.1" 200 210620
165.227.152.240 - - [15/Feb/2024:03:26:44 -0500] "GET / HTTP/1.1" 200 319
216.245.221.92 - - [15/Feb/2024:03:27:15 -0500] "HEAD / HTTP/1.1" 200 -
201.245.192.253 - - [15/Feb/2024:03:27:26 -0500] "POST /kwsrmcab/Wsrmcab  HTTP/1.1" 200 37396
201.245.192.253 - - [15/Feb/2024:03:29:16 -0500] "POST /kwsrmcab/Wsrmcab HTTP/1.1" 200 37098
201.245.192.253 - - [15/Feb/2024:03:29:19 -0500] "POST /kwsrmcab/Wsrmcab HTTP/1.1" 200 35056
201.245.192.253 - - [15/Feb/2024:03:29:34 -0500] "POST /kwsrmcab/Wsrmcab HTTP/1.1" 200 33903
201.245.192.253 - - [15/Feb/2024:03:30:21 -0500] "POST /kwsrmcab/Wsrmcab HTTP/1.1" 200 35056
172.22.2.4 - - [15/Feb/2024:03:29:31 -0500] "GET /BLA/boletinlegal/ HTTP/1.1" 200 49893
172.22.2.4 - - [15/Feb/2024:03:31:14 -0500] "GET /BLA/boletinlegal/style.css HTTP/1.1" 200 9406
172.22.2.4 - - [15/Feb/2024:03:29:37 -0500] "HEAD /BLA/boletinlegal/ HTTP/1.1" 200 -
172.22.2.4 - - [15/Feb/2024:03:30:28 -0500] "GET /BLA/boletinlegal/ HTTP/1.1" 200 54514
216.245.221.92 - - [15/Feb/2024:03:32:15 -0500] "HEAD / HTTP/1.1" 200 -
201.245.192.253 - - [15/Feb/2024:03:32:25 -0500] "POST /kwsrmcab/Wsrmcab  HTTP/1.1" 200 37396
66.249.66.21 - - [15/Feb/2024:03:35:57 -0500] "GET /BLA/resoluciones/AUTOS%202013/1318.pdf HTTP/1.1" 200 1714525
172.22.2.4 - - [15/Feb/2024:03:35:27 -0500] "HEAD /BLA/boletinlegal/ HTTP/1.1" 200 -
216.245.221.92 - - [15/Feb/2024:03:37:15 -0500] "HEAD / HTTP/1.1" 200 -
201.245.192.253 - - [15/Feb/2024:03:37:24 -0500] "POST /kwsrmcab/Wsrmcab  HTTP/1.1" 200 37396
172.22.2.4 - - [15/Feb/2024:03:36:18 -0500] "GET /BLA/boletinlegal/ HTTP/1.1" 200 61047
201.245.192.253 - - [15/Feb/2024:03:39:16 -0500] "POST /kwsrmcab/Wsrmcab HTTP/1.1" 200 37098
201.245.192.253 - - [15/Feb/2024:03:39:19 -0500] "POST /kwsrmcab/Wsrmcab HTTP/1.1" 200 35056
201.245.192.253 - - [15/Feb/2024:03:39:34 -0500] "POST /kwsrmcab/Wsrmcab HTTP/1.1" 200 33903
201.245.192.253 - - [15/Feb/2024:03:40:19 -0500] "POST /kwsrmcab/Wsrmcab HTTP/1.1" 200 35056
216.245.221.92 - - [15/Feb/2024:03:42:15 -0500] "HEAD / HTTP/1.1" 200 -
201.245.192.253 - - [15/Feb/2024:03:42:23 -0500] "POST /kwsrmcab/Wsrmcab  HTTP/1.1" 200 37396
172.22.2.4 - - [15/Feb/2024:03:41:17 -0500] "HEAD /BLA/boletinlegal/ HTTP/1.1" 200 -
172.22.2.4 - - [15/Feb/2024:03:42:08 -0500] "GET /BLA/boletinlegal/ HTTP/1.1" 200 61047
216.245.221.92 - - [15/Feb/2024:03:47:15 -0500] "HEAD / HTTP/1.1" 200 -
201.245.192.253 - - [15/Feb/2024:03:47:21 -0500] "POST /kwsrmcab/Wsrmcab  HTTP/1.1" 200 37396
172.22.2.4 - - [15/Feb/2024:03:47:07 -0500] "HEAD /BLA/boletinlegal/ HTTP/1.1" 200 -
172.22.2.4 - - [15/Feb/2024:03:47:58 -0500] "GET /BLA/boletinlegal/ HTTP/1.1" 200 61047
216.245.221.92 - - [15/Feb/2024:03:52:15 -0500] "HEAD / HTTP/1.1" 200 -
201.245.192.253 - - [15/Feb/2024:03:52:19 -0500] "POST /kwsrmcab/Wsrmcab  HTTP/1.1" 200 37396
40.77.167.48 - - [15/Feb/2024:03:53:13 -0500] "GET /BLA/resoluciones/RESOLUCIONES%202019/2865.pdf HTTP/1.1" 304 -
40.77.167.59 - - [15/Feb/2024:03:54:04 -0500] "GET /BLA/resoluciones/AUTOS%202021/5591.pdf HTTP/1.1" 304 -
35.197.42.195 - - [15/Feb/2024:03:54:32 -0500] "GET / HTTP/1.1" 200 319
172.22.2.4 - - [15/Feb/2024:03:52:57 -0500] "HEAD /BLA/boletinlegal/ HTTP/1.1" 200 -
172.22.2.4 - - [15/Feb/2024:03:53:48 -0500] "GET /BLA/boletinlegal/ HTTP/1.1" 200 61047
40.77.167.59 - - [15/Feb/2024:03:56:35 -0500] "GET /BLA/resoluciones/AUTOS%202020/0466.pdf HTTP/1.1" 304 -
216.245.221.92 - - [15/Feb/2024:03:57:15 -0500] "HEAD / HTTP/1.1" 200 -
201.245.192.253 - - [15/Feb/2024:03:57:20 -0500] "POST /kwsrmcab/Wsrmcab  HTTP/1.1" 200 37396
108.174.8.27 - - [15/Feb/2024:03:59:57 -0500] "GET /images/graduacion-mujeres-7-mayo.jpg HTTP/1.1" 200 24888
172.22.2.4 - - [15/Feb/2024:03:58:47 -0500] "HEAD /BLA/boletinlegal/ HTTP/1.1" 200 -
181.52.223.52 - - [15/Feb/2024:04:00:59 -0500] "POST /sipse/faces/presentacion/financiero/solicitudProceso/consultar.xhtml HTTP/1.1" 302 -
181.52.223.52 - - [15/Feb/2024:04:00:59 -0500] "GET /sipse/faces/autenticacion.xhtml HTTP/1.1" 200 1099
181.52.223.52 - - [15/Feb/2024:04:00:59 -0500] "POST /sipse/faces/presentacion/financiero/solicitudProceso/consultar.xhtml HTTP/1.1" 302 -
181.52.223.52 - - [15/Feb/2024:04:00:59 -0500] "GET /sipse/faces/autenticacion.xhtml HTTP/1.1" 200 1099
181.52.223.52 - - [15/Feb/2024:04:00:59 -0500] "POST /sipse/faces/presentacion/financiero/solicitudProceso/consultar.xhtml HTTP/1.1" 302 -
181.52.223.52 - - [15/Feb/2024:04:00:59 -0500] "GET /sipse/faces/autenticacion.xhtml HTTP/1.1" 200 1099
181.52.223.52 - - [15/Feb/2024:04:00:59 -0500] "POST /sipse/faces/presentacion/financiero/solicitudProceso/consultar.xhtml HTTP/1.1" 302 -
181.52.223.52 - - [15/Feb/2024:04:00:59 -0500] "GET /sipse/faces/autenticacion.xhtml HTTP/1.1" 200 1099
181.52.223.52 - - [15/Feb/2024:04:00:59 -0500] "POST /sipse/faces/presentacion/financiero/solicitudProceso/consultar.xhtml HTTP/1.1" 302 -
181.52.223.52 - - [15/Feb/2024:04:00:59 -0500] "GET /sipse/faces/autenticacion.xhtml HTTP/1.1" 200 1099
181.52.223.52 - - [15/Feb/2024:04:00:59 -0500] "POST /sipse/faces/presentacion/financiero/solicitudProceso/consultar.xhtml HTTP/1.1" 302 -
181.52.223.52 - - [15/Feb/2024:04:00:59 -0500] "GET /sipse/faces/autenticacion.xhtml HTTP/1.1" 200 1099
181.52.223.52 - - [15/Feb/2024:04:00:59 -0500] "POST /sipse/faces/presentacion/financiero/solicitudProceso/consultar.xhtml HTTP/1.1" 302 -
181.52.223.52 - - [15/Feb/2024:04:00:59 -0500] "GET /sipse/faces/autenticacion.xhtml HTTP/1.1" 200 1099
181.52.223.52 - - [15/Feb/2024:04:01:01 -0500] "POST /sipse/faces/presentacion/financiero/solicitudProceso/consultar.xhtml HTTP/1.1" 302 -
181.52.223.52 - - [15/Feb/2024:04:01:01 -0500] "GET /sipse/faces/autenticacion.xhtml HTTP/1.1" 200 1099
181.52.223.52 - - [15/Feb/2024:04:01:01 -0500] "POST /sipse/faces/presentacion/financiero/solicitudProceso/consultar.xhtml HTTP/1.1" 302 -
181.52.223.52 - - [15/Feb/2024:04:01:01 -0500] "GET /sipse/faces/autenticacion.xhtml HTTP/1.1" 200 1099
181.52.223.52 - - [15/Feb/2024:04:01:01 -0500] "POST /sipse/faces/presentacion/financiero/solicitudProceso/consultar.xhtml HTTP/1.1" 302 -
181.52.223.52 - - [15/Feb/2024:04:01:01 -0500] "GET /sipse/faces/autenticacion.xhtml HTTP/1.1" 200 1099
181.52.223.52 - - [15/Feb/2024:04:01:01 -0500] "POST /sipse/faces/presentacion/financiero/solicitudProceso/consultar.xhtml HTTP/1.1" 302 -
181.52.223.52 - - [15/Feb/2024:04:01:01 -0500] "GET /sipse/faces/autenticacion.xhtml HTTP/1.1" 200 1099
181.52.223.52 - - [15/Feb/2024:04:01:01 -0500] "POST /sipse/faces/presentacion/financiero/solicitudProceso/consultar.xhtml HTTP/1.1" 302 -
181.52.223.52 - - [15/Feb/2024:04:01:01 -0500] "GET /sipse/faces/autenticacion.xhtml HTTP/1.1" 200 1099
181.52.223.52 - - [15/Feb/2024:04:01:01 -0500] "POST /sipse/faces/presentacion/financiero/solicitudProceso/consultar.xhtml HTTP/1.1" 302 -
181.52.223.52 - - [15/Feb/2024:04:01:01 -0500] "GET /sipse/faces/autenticacion.xhtml HTTP/1.1" 200 1099
181.52.223.52 - - [15/Feb/2024:04:01:01 -0500] "POST /sipse/faces/presentacion/financiero/solicitudProceso/consultar.xhtml HTTP/1.1" 302 -
181.52.223.52 - - [15/Feb/2024:04:01:01 -0500] "GET /sipse/faces/autenticacion.xhtml HTTP/1.1" 200 1099
181.52.223.52 - - [15/Feb/2024:04:01:06 -0500] "GET /sipse/faces/javax.faces.resource/theme.css?ln=primefaces-sipse HTTP/1.1" 304 -
181.52.223.52 - - [15/Feb/2024:04:01:06 -0500] "GET /sipse/faces/faces/autenticacion.xhtml HTTP/1.1" 200 12404
181.52.223.52 - - [15/Feb/2024:04:01:06 -0500] "GET /sipse/faces/javax.faces.resource/theme.css?ln=primefaces-sipse HTTP/1.1" 304 -
181.52.223.52 - - [15/Feb/2024:04:01:06 -0500] "GET /sipse/faces/javax.faces.resource/primefaces.css?ln=primefaces&v=4.0 HTTP/1.1" 304 -
181.52.223.52 - - [15/Feb/2024:04:01:06 -0500] "GET /sipse/faces/javax.faces.resource/jquery/jquery-plugins.js?ln=primefaces&v=4.0 HTTP/1.1" 304 -
181.52.223.52 - - [15/Feb/2024:04:01:06 -0500] "GET /sipse/faces/javax.faces.resource/layout/layout.css?ln=primefaces&v=4.0 HTTP/1.1" 304 -
181.52.223.52 - - [15/Feb/2024:04:01:06 -0500] "GET /sipse/faces/javax.faces.resource/jquery/jquery.js?ln=primefaces&v=4.0 HTTP/1.1" 304 -
181.52.223.52 - - [15/Feb/2024:04:01:06 -0500] "GET /sipse/faces/javax.faces.resource/primefaces.js?ln=primefaces&v=4.0 HTTP/1.1" 304 -
181.52.223.52 - - [15/Feb/2024:04:01:06 -0500] "GET /sipse/faces/javax.faces.resource/layout/layout.js?ln=primefaces&v=4.0 HTTP/1.1" 304 -
181.52.223.52 - - [15/Feb/2024:04:01:07 -0500] "GET /sipse/faces/javax.faces.resource/images/ui-icons_898989_256x240.png?ln=primefaces-aristo HTTP/1.1" 304 -
181.52.223.52 - - [15/Feb/2024:04:01:14 -0500] "POST /sipse/faces/autenticacion.xhtml HTTP/1.1" 200 16894
181.52.223.52 - - [15/Feb/2024:04:01:14 -0500] "GET /sipse/faces/javax.faces.resource/primefaces.css?ln=primefaces&v=4.0 HTTP/1.1" 304 -
181.52.223.52 - - [15/Feb/2024:04:01:14 -0500] "GET /sipse/faces/javax.faces.resource/theme.css?ln=primefaces-sipse HTTP/1.1" 304 -
181.52.223.52 - - [15/Feb/2024:04:01:14 -0500] "GET /sipse/faces/javax.faces.resource/layout/layout.css?ln=primefaces&v=4.0 HTTP/1.1" 304 -
181.52.223.52 - - [15/Feb/2024:04:01:14 -0500] "GET /sipse/faces/javax.faces.resource/jquery/jquery.js?ln=primefaces&v=4.0 HTTP/1.1" 304 -
181.52.223.52 - - [15/Feb/2024:04:01:14 -0500] "GET /sipse/faces/javax.faces.resource/jquery/jquery-plugins.js?ln=primefaces&v=4.0 HTTP/1.1" 304 -
181.52.223.52 - - [15/Feb/2024:04:01:14 -0500] "GET /sipse/faces/javax.faces.resource/primefaces.js?ln=primefaces&v=4.0 HTTP/1.1" 304 -
181.52.223.52 - - [15/Feb/2024:04:01:14 -0500] "GET /sipse/faces/javax.faces.resource/layout/layout.js?ln=primefaces&v=4.0 HTTP/1.1" 304 -
181.52.223.52 - - [15/Feb/2024:04:01:14 -0500] "GET /sipse/css/imagen/contrasena.png HTTP/1.1" 404 383
181.52.223.52 - - [15/Feb/2024:04:01:14 -0500] "GET /sipse/faces/javax.faces.resource/messages/messages.png?ln=primefaces&v=4.0 HTTP/1.1" 304 -
181.52.223.52 - - [15/Feb/2024:04:01:16 -0500] "GET /sipse/faces/javax.faces.resource/images/ui-bg_flat_0_2d5972_40x100.png?ln=primefaces-aristo HTTP/1.1" 304 -
181.52.223.52 - - [15/Feb/2024:04:01:16 -0500] "POST /sipse/faces/bienvenido.xhtml HTTP/1.1" 200 2073
181.52.223.52 - - [15/Feb/2024:04:01:17 -0500] "POST /sipse/faces/bienvenido.xhtml HTTP/1.1" 200 39081
181.52.223.52 - - [15/Feb/2024:04:01:17 -0500] "GET /sipse/faces/javax.faces.resource/theme.css?ln=primefaces-sipse HTTP/1.1" 304 -
181.52.223.52 - - [15/Feb/2024:04:01:17 -0500] "GET /sipse/faces/javax.faces.resource/primefaces.css?ln=primefaces&v=4.0 HTTP/1.1" 304 -
181.52.223.52 - - [15/Feb/2024:04:01:17 -0500] "GET /sipse/faces/javax.faces.resource/layout/layout.css?ln=primefaces&v=4.0 HTTP/1.1" 304 -
181.52.223.52 - - [15/Feb/2024:04:01:17 -0500] "GET /sipse/faces/javax.faces.resource/jquery/jquery.js?ln=primefaces&v=4.0 HTTP/1.1" 304 -
181.52.223.52 - - [15/Feb/2024:04:01:17 -0500] "GET /sipse/faces/javax.faces.resource/jquery/jquery-plugins.js?ln=primefaces&v=4.0 HTTP/1.1" 304 -
181.52.223.52 - - [15/Feb/2024:04:01:18 -0500] "GET /sipse/faces/javax.faces.resource/primefaces.js?ln=primefaces&v=4.0 HTTP/1.1" 304 -
181.52.223.52 - - [15/Feb/2024:04:01:18 -0500] "GET /sipse/faces/javax.faces.resource/layout/layout.js?ln=primefaces&v=4.0 HTTP/1.1" 304 -
172.22.2.4 - - [15/Feb/2024:03:59:38 -0500] "GET /BLA/boletinlegal/ HTTP/1.1" 200 58684
181.52.223.52 - - [15/Feb/2024:04:01:22 -0500] "POST /sipse/faces/presentacion/financiero/solicitudProceso/consultar.xhtml HTTP/1.1" 200 12950
181.52.223.52 - - [15/Feb/2024:04:01:25 -0500] "POST /sipse/faces/presentacion/financiero/solicitudProceso/consultar.xhtml HTTP/1.1" 200 141147
181.52.223.52 - - [15/Feb/2024:04:01:25 -0500] "GET /sipse/faces/javax.faces.resource/theme.css?ln=primefaces-sipse HTTP/1.1" 304 -
181.52.223.52 - - [15/Feb/2024:04:01:25 -0500] "GET /sipse/faces/javax.faces.resource/primefaces.css?ln=primefaces&v=4.0 HTTP/1.1" 304 -
181.52.223.52 - - [15/Feb/2024:04:01:25 -0500] "GET /sipse/faces/javax.faces.resource/layout/layout.css?ln=primefaces&v=4.0 HTTP/1.1" 304 -
181.52.223.52 - - [15/Feb/2024:04:01:25 -0500] "GET /sipse/faces/javax.faces.resource/jquery/jquery.js?ln=primefaces&v=4.0 HTTP/1.1" 304 -
181.52.223.52 - - [15/Feb/2024:04:01:25 -0500] "GET /sipse/faces/javax.faces.resource/jquery/jquery-plugins.js?ln=primefaces&v=4.0 HTTP/1.1" 304 -
181.52.223.52 - - [15/Feb/2024:04:01:25 -0500] "GET /sipse/faces/javax.faces.resource/primefaces.js?ln=primefaces&v=4.0 HTTP/1.1" 304 -
181.52.223.52 - - [15/Feb/2024:04:01:25 -0500] "GET /sipse/faces/javax.faces.resource/layout/layout.js?ln=primefaces&v=4.0 HTTP/1.1" 304 -
181.52.223.52 - - [15/Feb/2024:04:01:29 -0500] "POST /sipse/faces/presentacion/financiero/solicitudProceso/consultarSolicitudProceso.xhtml HTTP/1.1" 200 39875
181.52.223.52 - - [15/Feb/2024:04:01:30 -0500] "GET /sipse/faces/javax.faces.resource/theme.css?ln=primefaces-sipse HTTP/1.1" 304 -
181.52.223.52 - - [15/Feb/2024:04:01:30 -0500] "GET /sipse/faces/javax.faces.resource/primefaces.css?ln=primefaces&v=4.0 HTTP/1.1" 304 -
181.52.223.52 - - [15/Feb/2024:04:01:30 -0500] "GET /sipse/faces/javax.faces.resource/layout/layout.css?ln=primefaces&v=4.0 HTTP/1.1" 304 -
181.52.223.52 - - [15/Feb/2024:04:01:30 -0500] "GET /sipse/faces/javax.faces.resource/jquery/jquery.js?ln=primefaces&v=4.0 HTTP/1.1" 304 -
181.52.223.52 - - [15/Feb/2024:04:01:30 -0500] "GET /sipse/faces/javax.faces.resource/layout/layout.js?ln=primefaces&v=4.0 HTTP/1.1" 304 -
181.52.223.52 - - [15/Feb/2024:04:01:30 -0500] "GET /sipse/faces/javax.faces.resource/primefaces.js?ln=primefaces&v=4.0 HTTP/1.1" 304 -
181.52.223.52 - - [15/Feb/2024:04:01:30 -0500] "GET /sipse/faces/javax.faces.resource/jquery/jquery-plugins.js?ln=primefaces&v=4.0 HTTP/1.1" 304 -
168.119.253.32 - - [15/Feb/2024:04:01:52 -0500] "GET / HTTP/1.1" 200 4720
185.224.128.55 - - [15/Feb/2024:04:02:01 -0500] "GET / HTTP/1.1" 200 319
216.245.221.92 - - [15/Feb/2024:04:02:15 -0500] "HEAD / HTTP/1.1" 200 -
181.52.223.52 - - [15/Feb/2024:04:02:15 -0500] "POST /sipse/faces/presentacion/financiero/solicitudProceso/consultarHistorialSolProceso.xhtml HTTP/1.1" 200 42264
181.52.223.52 - - [15/Feb/2024:04:02:16 -0500] "GET /sipse/faces/javax.faces.resource/theme.css?ln=primefaces-sipse HTTP/1.1" 304 -
181.52.223.52 - - [15/Feb/2024:04:02:16 -0500] "GET /sipse/faces/javax.faces.resource/layout/layout.css?ln=primefaces&v=4.0 HTTP/1.1" 304 -
181.52.223.52 - - [15/Feb/2024:04:02:16 -0500] "GET /sipse/faces/javax.faces.resource/jquery/jquery.js?ln=primefaces&v=4.0 HTTP/1.1" 304 -
181.52.223.52 - - [15/Feb/2024:04:02:16 -0500] "GET /sipse/faces/javax.faces.resource/primefaces.css?ln=primefaces&v=4.0 HTTP/1.1" 304 -
181.52.223.52 - - [15/Feb/2024:04:02:16 -0500] "GET /sipse/faces/javax.faces.resource/jquery/jquery-plugins.js?ln=primefaces&v=4.0 HTTP/1.1" 304 -
181.52.223.52 - - [15/Feb/2024:04:02:16 -0500] "GET /sipse/faces/javax.faces.resource/primefaces.js?ln=primefaces&v=4.0 HTTP/1.1" 304 -
181.52.223.52 - - [15/Feb/2024:04:02:16 -0500] "GET /sipse/faces/javax.faces.resource/layout/layout.js?ln=primefaces&v=4.0 HTTP/1.1" 304 -
201.245.192.253 - - [15/Feb/2024:04:02:18 -0500] "POST /kwsrmcab/Wsrmcab  HTTP/1.1" 200 37396
181.52.223.52 - - [15/Feb/2024:04:02:21 -0500] "POST /sipse/faces/presentacion/financiero/solicitudProceso/consultar.xhtml HTTP/1.1" 200 12822
52.167.144.167 - - [15/Feb/2024:04:02:34 -0500] "GET /Publicaciones/2023EE235412.pdf HTTP/1.1" 404 228
181.52.223.52 - - [15/Feb/2024:04:03:05 -0500] "POST /sipse/faces/presentacion/financiero/solicitudProceso/consultar.xhtml HTTP/1.1" 200 13021
69.63.189.9 - - [15/Feb/2024:04:03:37 -0500] "GET /images/31%20de%20enero%20humedal%20La%20Conejera.jpg HTTP/1.1" 200 33808
69.63.189.8 - - [15/Feb/2024:04:03:37 -0500] "GET /images/30%20de%20enero%20Entrenubes%20alcalde.jpeg HTTP/1.1" 200 64486
69.63.189.3 - - [15/Feb/2024:04:03:41 -0500] "GET /images/Comprimida%20incendios.jpg HTTP/1.1" 200 23316
69.63.189.5 - - [15/Feb/2024:04:03:41 -0500] "GET /images/24%20de%20enero%20sendero.JPG HTTP/1.1" 200 59121
69.63.189.8 - - [15/Feb/2024:04:03:41 -0500] "GET /images/25%20Incendio%20declaratoria.jpeg HTTP/1.1" 200 90327
69.63.189.4 - - [15/Feb/2024:04:03:41 -0500] "GET /images/Rueda%20de%20prensa.jpeg HTTP/1.1" 200 58715
69.63.189.3 - - [15/Feb/2024:04:03:45 -0500] "GET /images/Caminatas%20(1)%20(2).jpeg HTTP/1.1" 200 81411
66.249.66.19 - - [15/Feb/2024:04:03:46 -0500] "GET /bla/resoluciones/RESOLUCIONES%202010/7385.pdf HTTP/1.1" 200 156805
66.249.66.20 - - [15/Feb/2024:04:03:47 -0500] "GET /BLA/resoluciones/RESOLUCIONES%202016/1694.pdf HTTP/1.1" 200 287833
40.77.167.77 - - [15/Feb/2024:04:04:06 -0500] "GET /Publicaciones/2023EE192163.pdf HTTP/1.1" 404 228
186.102.61.123 - - [15/Feb/2024:04:04:57 -0500] "GET /kwssiamovil/sm/ldap/au?x=U2FsdGVkX18hZJFqRoJMcetwq3N/RoUo+0Wc9V4V75fpdbvEO4ZwejPL8iP7citX&y=U2FsdGVkX1/oA9u61ONYoc9ZWXVhjYAKcOmbgReUF+au8ady0GQmgiHeYV+NkPJ+ HTTP/1.1" 200 30
186.102.61.123 - - [15/Feb/2024:04:04:57 -0500] "GET /kwssiamovil/sm/acme/s?s=U2FsdGVkX180awuk4aC9TtnbBJkk3ACcpRqGOh1rE/nNhfwyU0GJgvbevTJiUhfn/CZNgqkU5bONSWr7F26WEPEOjvzi81tnhycyZUhblBQ=&u=U2FsdGVkX18T2M/q/0K5nV4pr1Anb8yP+VGhHTlBOjE=&y=U2FsdGVkX1/oA9u61ONYoc9ZWXVhjYAKcOmbgReUF+au8ady0GQmgiHeYV+NkPJ+ HTTP/1.1" 200 97
186.102.61.123 - - [15/Feb/2024:04:04:57 -0500] "GET /kwssiamovil/sm/acme/s?s=U2FsdGVkX18sbxWn5J8u7/tig5q6soRjL8hwKZYAuQPFmp4gh1bSIZlQQ31jF0VqwmvmfnOJA84Atguf71J+j/uGlzZ0B0ur2se35Z1m5ckYi7urM0EUuJTn2ahmg3nlnSxyvt8USmkjRoEtKJSaOTtmgHhX/S/UCQtrl074G/3/v3pmkRV0u4SYUEXQ3kxCEWzSOOjzZpcgx+ylASH4kr+ubAedISMCPv108Puuv/erIVjkuu9v6LwRuHZhOZwgWq60cZCwdEbmhOWwa8CYrfPMeviT9GIaHBRI3uRNWsFScjQ+wZJAihZ9GetN4qIV80kSTMf+Trw5o6cz5KtV1ITGWEF7iNlvxD8i7R0Yn8D/NpZrCy91YFzsY5qe3RcwzQpvxuLKxVj6YfSo61k+KMd5uh1NSlEZynoWttwmjYh5lLRm2zxCtMp/Zc8K69JGZK20xFJ+QEaZAjUyNbufdCJL3F9YAm6JvqQfha6nf3OIG60LudsPHFqzd/uVly4kSdWGdia7jl/Q36MtuVkMHwk8HTevqhexqqDedMNmMyQNQSEqxo4Unbqpf8Vohljhk1UsoNPI7N7050ai7NL6PSFFdgYx9kTYP996WBqZ/WIy4LGZpmeekCmoj+rjZe/CJ4Y9eFwWHAoc9+FfhYvdVJrBMdyyLSovsPheleJHUm6vQRfH0lxt4zAu2w4wbWv5KBJ8+J211cz4TyZQYUL5nblC1hn0YHrI0Z+aW0kNCEwlTo50k5bAPlaohZLj3c8qd3c67O6g6kYqgI9qsIQmZzzB5p6Dj+qihZ0wZlNgi0ML+JWFt/EPCYp1C16PnNRHLlrtFWSUrUnqH9PmzNW/5i9tAUSq+yB88QWpDs+TWMaENzyyw3bSeE6iQzqkkcdXusdMac7y1mcJ0ORcU9LVWWB2L98/01lWR1YR7bYj++sBWyeZaYDUWOHfXnKxZ4Z9oAxdyJuS8R5ZzGlAOUAmFQVEiEjKShsDYXZyB177tgnJh75FAV3oi+Flq8hr31ZMPJn3Ow6ed95spR+DUSD6tCIXt9xW27PDv+zsnPZsxpy4XLQEeeFXpYkQNQon5C2HAs/6+u3GC8a9Tn1kubqt5Ntp0eqg9/QESWhZ+OtgkfSBT4AhMVCzsz52i/AzwcofdKmKfzpTI4Wq/qQbjZOSCVxEWWmJ5v+C+MGeVVF6btVPgHtblxDB1qaBB6LTv+hUjeaM3RbWjgQLl3nH41vnkoe/9aRkKZqWaQek9p7tHpY7OCyoWZqHenETE4ZmGH6/rNuzb7+z1WBc575YA5AsOjkK46jejwOdbsRTAmJncCnjLCKdI9Dw08oRlrkojHXJqfV2niFzzFHaDYS/D3GZUt9uucvJ4v8aRZBcmKK1clbnVX7gKuEHgYu74oojdJo2gCqI/XPUCwqFPS8dXEn8EmTs9Yd4c6OA5PtTrIrRsTc=&u=U2FsdGVkX18T2M/q/0K5nV4pr1Anb8yP+VGhHTlBOjE=&y=U2FsdGVkX1/oA9u61ONYoc9ZWXVhjYAKcOmbgReUF+au8ady0GQmgiHeYV+NkPJ+ HTTP/1.1" 200 2808
186.102.61.123 - - [15/Feb/2024:04:04:57 -0500] "GET /kwssiamovil/sm/acme/s?s=U2FsdGVkX1/NRNv8fWp9ezZm6FhyFllOmgHzoD/PnImkSb5JMVbR8/7bT2foHTT7hcLzDUus/kkw5VTTDWb9DU6HWkT7KndYO54FPKBvQ43vuHXkmPI1O7ftAOE8BKvu5CIYwrkPEUImylwjoDy2K7z3o3fpFydpjLLBJueXUTPkguvRlX8VCUakgX/sQy3nf6Hux+d4RQuDkT+tZku2R3Tp0qdzgGpIX7gmy5NkeiqeHs2azks12g2rMwydurzTrdQhlw/t4PqC+JkvLkME57M4O8scDt/m8d343aYQj4w6LEQ06b/C3pO4qfVKXIH6LABUE1jjQ9+tPKK1bvVGLw==&u=U2FsdGVkX18T2M/q/0K5nV4pr1Anb8yP+VGhHTlBOjE=&y=U2FsdGVkX1/oA9u61ONYoc9ZWXVhjYAKcOmbgReUF+au8ady0GQmgiHeYV+NkPJ+ HTTP/1.1" 200 196
186.102.61.123 - - [15/Feb/2024:04:04:57 -0500] "GET /kwssiamovil/sm/cjson/pre?f=1&x=U2FsdGVkX18hZJFqRoJMcetwq3N/RoUo+0Wc9V4V75fpdbvEO4ZwejPL8iP7citX HTTP/1.1" 200 32032
66.249.66.19 - - [15/Feb/2024:04:05:38 -0500] "GET /POT-2013/SEGUIMIENTO/Microsoft%20Word%20-%20seguimiento_evaluacion%20POT%20Oct%2029.doc.pdf HTTP/1.1" 200 791863
66.249.66.20 - - [15/Feb/2024:04:06:06 -0500] "GET /BLA/resoluciones/AUTOS%202014/1949.pdf HTTP/1.1" 200 641507
172.22.2.4 - - [15/Feb/2024:04:04:37 -0500] "HEAD /BLA/boletinlegal/ HTTP/1.1" 200 -
172.22.2.4 - - [15/Feb/2024:04:05:28 -0500] "GET /BLA/boletinlegal/ HTTP/1.1" 200 61047
216.245.221.92 - - [15/Feb/2024:04:07:15 -0500] "HEAD / HTTP/1.1" 200 -
201.245.192.253 - - [15/Feb/2024:04:07:16 -0500] "POST /kwsrmcab/Wsrmcab  HTTP/1.1" 200 37396
52.167.144.138 - - [15/Feb/2024:04:08:52 -0500] "GET /Publicaciones/2023EE244393.pdf HTTP/1.1" 404 228
52.167.144.167 - - [15/Feb/2024:04:09:55 -0500] "GET /BLA/resoluciones/RESOLUCIONES%202021/3264.pdf HTTP/1.1" 304 -
52.167.144.138 - - [15/Feb/2024:04:10:25 -0500] "GET /pdc/actos/335.pdf HTTP/1.1" 304 -
172.22.2.4 - - [15/Feb/2024:04:10:27 -0500] "HEAD /BLA/boletinlegal/ HTTP/1.1" 200 -
216.245.221.92 - - [15/Feb/2024:04:12:15 -0500] "HEAD / HTTP/1.1" 200 -
201.245.192.253 - - [15/Feb/2024:04:12:15 -0500] "POST /kwsrmcab/Wsrmcab  HTTP/1.1" 200 37396
172.22.2.4 - - [15/Feb/2024:04:11:18 -0500] "GET /BLA/boletinlegal/ HTTP/1.1" 200 61047
164.90.202.89 - - [15/Feb/2024:04:13:01 -0500] "GET / HTTP/1.1" 200 319
172.22.2.4 - - [15/Feb/2024:04:14:31 -0500] "GET /BLA/boletinlegal/ HTTP/1.1" 200 63056
216.245.221.92 - - [15/Feb/2024:04:17:15 -0500] "HEAD / HTTP/1.1" 200 -
201.245.192.253 - - [15/Feb/2024:04:17:14 -0500] "POST /kwsrmcab/Wsrmcab  HTTP/1.1" 200 37396
172.22.2.4 - - [15/Feb/2024:04:16:17 -0500] "HEAD /BLA/boletinlegal/ HTTP/1.1" 200 -
172.22.2.4 - - [15/Feb/2024:04:17:08 -0500] "GET /BLA/boletinlegal/ HTTP/1.1" 200 61047
201.245.192.253 - - [15/Feb/2024:04:19:16 -0500] "POST /kwsrmcab/Wsrmcab HTTP/1.1" 200 37108
201.245.192.253 - - [15/Feb/2024:04:19:19 -0500] "POST /kwsrmcab/Wsrmcab HTTP/1.1" 200 35052
201.245.192.253 - - [15/Feb/2024:04:19:35 -0500] "POST /kwsrmcab/Wsrmcab HTTP/1.1" 200 33898
201.245.192.253 - - [15/Feb/2024:04:20:21 -0500] "POST /kwsrmcab/Wsrmcab HTTP/1.1" 200 35052
216.245.221.92 - - [15/Feb/2024:04:22:15 -0500] "HEAD / HTTP/1.1" 200 -
201.245.192.253 - - [15/Feb/2024:04:22:13 -0500] "POST /kwsrmcab/Wsrmcab  HTTP/1.1" 200 37396
172.22.2.4 - - [15/Feb/2024:04:22:07 -0500] "HEAD /BLA/boletinlegal/ HTTP/1.1" 200 -
172.22.2.4 - - [15/Feb/2024:04:22:58 -0500] "GET /BLA/boletinlegal/ HTTP/1.1" 200 61047
216.245.221.92 - - [15/Feb/2024:04:27:15 -0500] "HEAD / HTTP/1.1" 200 -
201.245.192.253 - - [15/Feb/2024:04:27:13 -0500] "POST /kwsrmcab/Wsrmcab  HTTP/1.1" 200 37396
172.22.2.4 - - [15/Feb/2024:04:29:11 -0500] "GET /BLA/boletinlegal/autodiscover/autodiscover.json?@zdi/Powershell HTTP/1.1" 404 1018
201.245.192.253 - - [15/Feb/2024:04:29:16 -0500] "POST /kwsrmcab/Wsrmcab HTTP/1.1" 200 37108
201.245.192.253 - - [15/Feb/2024:04:29:19 -0500] "POST /kwsrmcab/Wsrmcab HTTP/1.1" 200 35052
201.245.192.253 - - [15/Feb/2024:04:29:34 -0500] "POST /kwsrmcab/Wsrmcab HTTP/1.1" 200 33898
172.22.2.4 - - [15/Feb/2024:04:27:57 -0500] "HEAD /BLA/boletinlegal/ HTTP/1.1" 200 -
52.167.144.23 - - [15/Feb/2024:04:30:09 -0500] "GET /menu/css/demo.css HTTP/1.1" 404 1018
52.167.144.22 - - [15/Feb/2024:04:30:13 -0500] "GET /menu/css/style.css HTTP/1.1" 404 1018
201.245.192.253 - - [15/Feb/2024:04:30:22 -0500] "POST /kwsrmcab/Wsrmcab HTTP/1.1" 200 35052
172.22.2.4 - - [15/Feb/2024:04:28:48 -0500] "GET /BLA/boletinlegal/ HTTP/1.1" 200 61047
173.252.107.118 - - [15/Feb/2024:04:31:37 -0500] "GET /serrania-el-zuque-de-cantera-en-los-anos-60-a-espacio-de-restauracion-ambiental-y-mitigacion-del-riesgo.html HTTP/1.1" 200 841
201.245.192.253 - - [15/Feb/2024:04:32:11 -0500] "POST /kwsrmcab/Wsrmcab  HTTP/1.1" 200 37396
216.245.221.92 - - [15/Feb/2024:04:32:15 -0500] "HEAD / HTTP/1.1" 200 -
66.249.66.21 - - [15/Feb/2024:04:32:23 -0500] "GET /BLA/resoluciones/RESOLUCIONES%202022/1545.pdf HTTP/1.1" 304 -
172.22.2.4 - - [15/Feb/2024:04:33:47 -0500] "HEAD /BLA/boletinlegal/ HTTP/1.1" 200 -
66.249.66.19 - - [15/Feb/2024:04:35:59 -0500] "GET /Publicaciones/2023EE297293.pdf HTTP/1.1" 404 228
172.22.2.4 - - [15/Feb/2024:04:34:38 -0500] "GET /BLA/boletinlegal/ HTTP/1.1" 200 59173
181.52.223.52 - - [15/Feb/2024:04:36:57 -0500] "POST /sipse/faces/presentacion/financiero/solicitudProceso/consultar.xhtml HTTP/1.1" 200 35625
181.52.223.52 - - [15/Feb/2024:04:36:57 -0500] "POST /sipse/faces/presentacion/financiero/solicitudProceso/consultar.xhtml HTTP/1.1" 200 35625
181.52.223.52 - - [15/Feb/2024:04:37:01 -0500] "POST /sipse/faces/presentacion/financiero/solicitudProceso/consultar.xhtml HTTP/1.1" 200 12981
181.52.223.52 - - [15/Feb/2024:04:37:03 -0500] "POST /sipse/faces/presentacion/financiero/solicitudProceso/consultar.xhtml HTTP/1.1" 200 153638
181.52.223.52 - - [15/Feb/2024:04:37:03 -0500] "GET /sipse/faces/javax.faces.resource/theme.css?ln=primefaces-sipse HTTP/1.1" 304 -
181.52.223.52 - - [15/Feb/2024:04:37:03 -0500] "GET /sipse/faces/javax.faces.resource/primefaces.css?ln=primefaces&v=4.0 HTTP/1.1" 304 -
181.52.223.52 - - [15/Feb/2024:04:37:03 -0500] "GET /sipse/faces/javax.faces.resource/layout/layout.css?ln=primefaces&v=4.0 HTTP/1.1" 304 -
181.52.223.52 - - [15/Feb/2024:04:37:03 -0500] "GET /sipse/css/imagen/contrasena.png HTTP/1.1" 404 383
181.52.223.52 - - [15/Feb/2024:04:37:03 -0500] "GET /sipse/faces/javax.faces.resource/jquery/jquery.js?ln=primefaces&v=4.0 HTTP/1.1" 304 -
181.52.223.52 - - [15/Feb/2024:04:37:04 -0500] "GET /sipse/faces/javax.faces.resource/jquery/jquery-plugins.js?ln=primefaces&v=4.0 HTTP/1.1" 304 -
181.52.223.52 - - [15/Feb/2024:04:37:04 -0500] "GET /sipse/faces/javax.faces.resource/primefaces.js?ln=primefaces&v=4.0 HTTP/1.1" 304 -
181.52.223.52 - - [15/Feb/2024:04:37:04 -0500] "GET /sipse/faces/javax.faces.resource/layout/layout.js?ln=primefaces&v=4.0 HTTP/1.1" 304 -
181.52.223.52 - - [15/Feb/2024:04:37:04 -0500] "GET /sipse/faces/javax.faces.resource/images/ui-icons_898989_256x240.png?ln=primefaces-aristo HTTP/1.1" 304 -
181.52.223.52 - - [15/Feb/2024:04:37:09 -0500] "POST /sipse/faces/presentacion/financiero/solicitudProceso/consultarSolicitudProceso.xhtml HTTP/1.1" 200 47215
181.52.223.52 - - [15/Feb/2024:04:37:09 -0500] "GET /sipse/faces/javax.faces.resource/theme.css?ln=primefaces-sipse HTTP/1.1" 304 -
181.52.223.52 - - [15/Feb/2024:04:37:09 -0500] "GET /sipse/faces/javax.faces.resource/primefaces.css?ln=primefaces&v=4.0 HTTP/1.1" 304 -
181.52.223.52 - - [15/Feb/2024:04:37:09 -0500] "GET /sipse/faces/javax.faces.resource/layout/layout.css?ln=primefaces&v=4.0 HTTP/1.1" 304 -
