!C99Shell v. 1.0 pre-release build #13!

Software: Apache. PHP/5.5.15 

uname -a: Windows NT SVR-DMZ 6.1 build 7600 (Windows Server 2008 R2 Enterprise Edition) i586 

SYSTEM 

Safe-mode: OFF (not secure)

E:\nuevo\apache\logs\   drwxrwxrwx
Free 9.41 GB of 239.26 GB (3.93%)
Detected drives: [ a ] [ c ] [ d ] [ e ] [ f ]
Home    Back    Forward    UPDIR    Refresh    Search    Buffer    Encoder    Tools    Proc.    FTP brute    Sec.    SQL    PHP-code    Update    Feedback    Self remove    Logout    


Viewing file:     access.2024.02.15.log (7.35 MB)      -rw-rw-rw-
Select action/file-type:
(+) | (+) | (+) | Code (+) | Session (+) | (+) | SDB (+) | (+) | (+) | (+) | (+) | (+) |
172.22.2.4 - - [14/Feb/2024:23:59:38 -0500] "HEAD /BLA/boletinlegal/ HTTP/1.1" 200 -
172.22.2.4 - - [15/Feb/2024:00:00:28 -0500] "GET /BLA/boletinlegal/ HTTP/1.1" 200 59173
216.245.221.92 - - [15/Feb/2024:00:02:16 -0500] "HEAD / HTTP/1.1" 200 -
200.118.16.147 - - [15/Feb/2024:00:02:17 -0500] "POST /sipse/faces/presentacion/financiero/solicitudProceso/consultarSolicitudProceso.xhtml HTTP/1.1" 200 45251
200.118.16.147 - - [15/Feb/2024:00:02:18 -0500] "GET /sipse/js/funciones.js HTTP/1.1" 304 -
200.118.16.147 - - [15/Feb/2024:00:02:18 -0500] "GET /sipse/js/disable_browser_buttons.js HTTP/1.1" 304 -
200.118.16.147 - - [15/Feb/2024:00:02:18 -0500] "GET /sipse/js/jquery.min.js HTTP/1.1" 304 -
200.118.16.147 - - [15/Feb/2024:00:02:18 -0500] "GET /sipse/css/custom_css_sg_prime.css HTTP/1.1" 304 -
200.118.16.147 - - [15/Feb/2024:00:02:18 -0500] "GET /sipse/css/custom_css_sg.css HTTP/1.1" 304 -
200.118.16.147 - - [15/Feb/2024:00:02:18 -0500] "GET /sipse/faces/javax.faces.resource/jquery/jquery.js?ln=primefaces&v=4.0 HTTP/1.1" 304 -
200.118.16.147 - - [15/Feb/2024:00:02:18 -0500] "GET /sipse/faces/javax.faces.resource/layout/layout.css?ln=primefaces&v=4.0 HTTP/1.1" 304 -
200.118.16.147 - - [15/Feb/2024:00:02:18 -0500] "GET /sipse/faces/javax.faces.resource/primefaces.css?ln=primefaces&v=4.0 HTTP/1.1" 304 -
200.118.16.147 - - [15/Feb/2024:00:02:18 -0500] "GET /sipse/faces/javax.faces.resource/theme.css?ln=primefaces-sipse HTTP/1.1" 304 -
200.118.16.147 - - [15/Feb/2024:00:02:18 -0500] "GET /sipse/faces/javax.faces.resource/jquery/jquery-plugins.js?ln=primefaces&v=4.0 HTTP/1.1" 304 -
200.118.16.147 - - [15/Feb/2024:00:02:18 -0500] "GET /sipse/faces/javax.faces.resource/primefaces.js?ln=primefaces&v=4.0 HTTP/1.1" 304 -
200.118.16.147 - - [15/Feb/2024:00:02:18 -0500] "GET /sipse/faces/javax.faces.resource/layout/layout.js?ln=primefaces&v=4.0 HTTP/1.1" 304 -
200.118.16.147 - - [15/Feb/2024:00:02:18 -0500] "GET /sipse/css/imagen/logoSDG.png HTTP/1.1" 304 -
200.118.16.147 - - [15/Feb/2024:00:02:18 -0500] "GET /sipse/css/imagen/contrasena.png HTTP/1.1" 404 383
200.118.16.147 - - [15/Feb/2024:00:02:18 -0500] "GET /sipse/faces/javax.faces.resource/images/ui-icons_898989_256x240.png?ln=primefaces-aristo HTTP/1.1" 304 -
200.118.16.147 - - [15/Feb/2024:00:02:18 -0500] "GET /sipse/imagenes/cargando.gif HTTP/1.1" 200 36959
200.118.16.147 - - [15/Feb/2024:00:02:18 -0500] "GET /favicon.ico HTTP/1.1" 200 7782
47.128.38.214 - - [15/Feb/2024:00:02:43 -0500] "GET /robots.txt HTTP/1.1" 404 1018
200.118.16.147 - - [15/Feb/2024:00:02:56 -0500] "GET /sipse/faces/javax.faces.resource/theme.css?ln=primefaces-sipse HTTP/1.1" 304 -
200.118.16.147 - - [15/Feb/2024:00:02:56 -0500] "GET /sipse/faces/javax.faces.resource/primefaces.css?ln=primefaces&v=4.0 HTTP/1.1" 304 -
200.118.16.147 - - [15/Feb/2024:00:02:56 -0500] "GET /sipse/faces/javax.faces.resource/jquery/jquery.js?ln=primefaces&v=4.0 HTTP/1.1" 304 -
200.118.16.147 - - [15/Feb/2024:00:02:56 -0500] "GET /sipse/faces/javax.faces.resource/layout/layout.css?ln=primefaces&v=4.0 HTTP/1.1" 304 -
200.118.16.147 - - [15/Feb/2024:00:02:56 -0500] "GET /sipse/faces/javax.faces.resource/primefaces.js?ln=primefaces&v=4.0 HTTP/1.1" 304 -
200.118.16.147 - - [15/Feb/2024:00:02:56 -0500] "GET /sipse/faces/javax.faces.resource/jquery/jquery-plugins.js?ln=primefaces&v=4.0 HTTP/1.1" 304 -
200.118.16.147 - - [15/Feb/2024:00:02:56 -0500] "GET /sipse/faces/javax.faces.resource/layout/layout.js?ln=primefaces&v=4.0 HTTP/1.1" 304 -
200.118.16.147 - - [15/Feb/2024:00:02:55 -0500] "POST /sipse/faces/presentacion/financiero/solicitudProceso/consultarHistorialSolProceso.xhtml HTTP/1.1" 200 190195
200.118.16.147 - - [15/Feb/2024:00:02:56 -0500] "GET /sipse/faces/javax.faces.resource/images/ui-icons_898989_256x240.png?ln=primefaces-aristo HTTP/1.1" 304 -
200.118.16.147 - - [15/Feb/2024:00:03:02 -0500] "POST /sipse/faces/presentacion/financiero/solicitudProceso/consultarSolicitudProceso.xhtml HTTP/1.1" 200 45251
200.118.16.147 - - [15/Feb/2024:00:03:02 -0500] "GET /sipse/faces/javax.faces.resource/theme.css?ln=primefaces-sipse HTTP/1.1" 304 -
200.118.16.147 - - [15/Feb/2024:00:03:02 -0500] "GET /sipse/faces/javax.faces.resource/primefaces.css?ln=primefaces&v=4.0 HTTP/1.1" 304 -
200.118.16.147 - - [15/Feb/2024:00:03:02 -0500] "GET /sipse/faces/javax.faces.resource/jquery/jquery.js?ln=primefaces&v=4.0 HTTP/1.1" 304 -
200.118.16.147 - - [15/Feb/2024:00:03:02 -0500] "GET /sipse/faces/javax.faces.resource/layout/layout.css?ln=primefaces&v=4.0 HTTP/1.1" 304 -
200.118.16.147 - - [15/Feb/2024:00:03:02 -0500] "GET /sipse/faces/javax.faces.resource/jquery/jquery-plugins.js?ln=primefaces&v=4.0 HTTP/1.1" 304 -
200.118.16.147 - - [15/Feb/2024:00:03:02 -0500] "GET /sipse/faces/javax.faces.resource/primefaces.js?ln=primefaces&v=4.0 HTTP/1.1" 304 -
200.118.16.147 - - [15/Feb/2024:00:03:02 -0500] "GET /sipse/faces/javax.faces.resource/layout/layout.js?ln=primefaces&v=4.0 HTTP/1.1" 304 -
200.118.16.147 - - [15/Feb/2024:00:03:02 -0500] "GET /sipse/faces/javax.faces.resource/images/ui-icons_898989_256x240.png?ln=primefaces-aristo HTTP/1.1" 304 -
201.245.192.253 - - [15/Feb/2024:00:03:16 -0500] "POST /kwsrmcab/Wsrmcab  HTTP/1.1" 200 37396
200.118.16.147 - - [15/Feb/2024:00:03:29 -0500] "GET /sipse/faces/javax.faces.resource/theme.css?ln=primefaces-sipse HTTP/1.1" 304 -
200.118.16.147 - - [15/Feb/2024:00:03:29 -0500] "GET /sipse/faces/javax.faces.resource/layout/layout.css?ln=primefaces&v=4.0 HTTP/1.1" 304 -
200.118.16.147 - - [15/Feb/2024:00:03:29 -0500] "GET /sipse/faces/javax.faces.resource/jquery/jquery.js?ln=primefaces&v=4.0 HTTP/1.1" 304 -
200.118.16.147 - - [15/Feb/2024:00:03:29 -0500] "GET /sipse/faces/javax.faces.resource/primefaces.css?ln=primefaces&v=4.0 HTTP/1.1" 304 -
200.118.16.147 - - [15/Feb/2024:00:03:29 -0500] "GET /sipse/faces/javax.faces.resource/primefaces.js?ln=primefaces&v=4.0 HTTP/1.1" 304 -
200.118.16.147 - - [15/Feb/2024:00:03:29 -0500] "GET /sipse/faces/javax.faces.resource/jquery/jquery-plugins.js?ln=primefaces&v=4.0 HTTP/1.1" 304 -
200.118.16.147 - - [15/Feb/2024:00:03:29 -0500] "GET /sipse/faces/javax.faces.resource/layout/layout.js?ln=primefaces&v=4.0 HTTP/1.1" 304 -
200.118.16.147 - - [15/Feb/2024:00:03:29 -0500] "POST /sipse/faces/presentacion/financiero/solicitudProceso/consultarHistorialSolProceso.xhtml HTTP/1.1" 200 190195
200.118.16.147 - - [15/Feb/2024:00:03:29 -0500] "GET /sipse/faces/javax.faces.resource/images/ui-icons_898989_256x240.png?ln=primefaces-aristo HTTP/1.1" 304 -
200.118.16.147 - - [15/Feb/2024:00:05:05 -0500] "GET /sipse/faces/javax.faces.resource/images/ui-bg_flat_0_2d5972_40x100.png?ln=primefaces-aristo HTTP/1.1" 304 -
200.118.16.147 - - [15/Feb/2024:00:05:05 -0500] "POST /sipse/faces/presentacion/financiero/solicitudProceso/consultarSolicitudProceso.xhtml HTTP/1.1" 200 40447
200.118.16.147 - - [15/Feb/2024:00:05:06 -0500] "GET /sipse/faces/javax.faces.resource/jquery/jquery.js?ln=primefaces&v=4.0 HTTP/1.1" 304 -
200.118.16.147 - - [15/Feb/2024:00:05:06 -0500] "GET /sipse/faces/javax.faces.resource/jquery/jquery-plugins.js?ln=primefaces&v=4.0 HTTP/1.1" 304 -
200.118.16.147 - - [15/Feb/2024:00:05:06 -0500] "GET /sipse/faces/javax.faces.resource/primefaces.js?ln=primefaces&v=4.0 HTTP/1.1" 304 -
200.118.16.147 - - [15/Feb/2024:00:05:06 -0500] "GET /sipse/faces/javax.faces.resource/layout/layout.js?ln=primefaces&v=4.0 HTTP/1.1" 304 -
200.118.16.147 - - [15/Feb/2024:00:05:06 -0500] "POST /sipse/faces/presentacion/financiero/solicitudProceso/listarSolicitudProceso.xhtml HTTP/1.1" 200 1392
200.118.16.147 - - [15/Feb/2024:00:05:08 -0500] "POST /sipse/faces/presentacion/financiero/solicitudProceso/listarSolicitudProceso.xhtml HTTP/1.1" 200 2425
200.118.16.147 - - [15/Feb/2024:00:05:11 -0500] "POST /sipse/faces/presentacion/financiero/solicitudProceso/listarSolicitudProceso.xhtml HTTP/1.1" 200 46853
200.118.16.147 - - [15/Feb/2024:00:05:11 -0500] "GET /sipse/faces/javax.faces.resource/jquery/jquery.js?ln=primefaces&v=4.0 HTTP/1.1" 304 -
200.118.16.147 - - [15/Feb/2024:00:05:11 -0500] "GET /sipse/faces/javax.faces.resource/jquery/jquery-plugins.js?ln=primefaces&v=4.0 HTTP/1.1" 304 -
200.118.16.147 - - [15/Feb/2024:00:05:11 -0500] "GET /sipse/faces/javax.faces.resource/primefaces.js?ln=primefaces&v=4.0 HTTP/1.1" 304 -
200.118.16.147 - - [15/Feb/2024:00:05:11 -0500] "GET /sipse/faces/javax.faces.resource/layout/layout.js?ln=primefaces&v=4.0 HTTP/1.1" 304 -
200.118.16.147 - - [15/Feb/2024:00:05:11 -0500] "POST /sipse/faces/presentacion/financiero/solicitudProceso/consultar.xhtml HTTP/1.1" 200 40154
200.118.16.147 - - [15/Feb/2024:00:05:16 -0500] "POST /sipse/faces/presentacion/financiero/solicitudProceso/consultar.xhtml HTTP/1.1" 200 13058
66.249.66.21 - - [15/Feb/2024:00:06:04 -0500] "GET /BLA/resoluciones/AUTOS%202017/2974.pdf HTTP/1.1" 200 280398
172.22.2.4 - - [15/Feb/2024:00:05:28 -0500] "HEAD /BLA/boletinlegal/ HTTP/1.1" 200 -
216.245.221.92 - - [15/Feb/2024:00:07:16 -0500] "HEAD / HTTP/1.1" 200 -
20.26.44.162 - - [15/Feb/2024:00:07:44 -0500] "GET /Publicaciones/2023EE300348.pdf HTTP/1.1" 404 228
172.22.2.4 - - [15/Feb/2024:00:06:18 -0500] "GET /BLA/boletinlegal/ HTTP/1.1" 200 61047
201.245.192.253 - - [15/Feb/2024:00:08:15 -0500] "POST /kwsrmcab/Wsrmcab  HTTP/1.1" 200 37396
52.167.144.221 - - [15/Feb/2024:00:09:42 -0500] "GET /BLA/resoluciones/RESOLUCIONES%202012/1591.pdf HTTP/1.1" 200 283313
66.249.66.20 - - [15/Feb/2024:00:10:40 -0500] "GET /resoluciones/RESOLUCIONES%202009/3864.pdf HTTP/1.1" 404 1018
200.118.16.147 - - [15/Feb/2024:00:10:47 -0500] "POST /sipse/faces/presentacion/financiero/solicitudProceso/consultar.xhtml HTTP/1.1" 200 147757
200.118.16.147 - - [15/Feb/2024:00:10:48 -0500] "GET /sipse/faces/javax.faces.resource/jquery/jquery.js?ln=primefaces&v=4.0 HTTP/1.1" 304 -
200.118.16.147 - - [15/Feb/2024:00:10:48 -0500] "GET /sipse/faces/javax.faces.resource/jquery/jquery-plugins.js?ln=primefaces&v=4.0 HTTP/1.1" 304 -
200.118.16.147 - - [15/Feb/2024:00:10:48 -0500] "GET /sipse/faces/javax.faces.resource/primefaces.js?ln=primefaces&v=4.0 HTTP/1.1" 304 -
200.118.16.147 - - [15/Feb/2024:00:10:48 -0500] "GET /sipse/faces/javax.faces.resource/layout/layout.js?ln=primefaces&v=4.0 HTTP/1.1" 304 -
186.29.181.119 - - [15/Feb/2024:00:11:42 -0500] "-" 408 -
216.245.221.92 - - [15/Feb/2024:00:12:16 -0500] "HEAD / HTTP/1.1" 200 -
172.22.2.4 - - [15/Feb/2024:00:11:18 -0500] "HEAD /BLA/boletinlegal/ HTTP/1.1" 200 -
201.245.192.253 - - [15/Feb/2024:00:13:14 -0500] "POST /kwsrmcab/Wsrmcab  HTTP/1.1" 200 37396
172.22.2.4 - - [15/Feb/2024:00:12:08 -0500] "GET /BLA/boletinlegal/ HTTP/1.1" 200 61047
200.118.16.147 - - [15/Feb/2024:00:15:25 -0500] "POST /sipse/faces/presentacion/financiero/solicitudProceso/consultarSolicitudProceso.xhtml HTTP/1.1" 200 37355
200.118.16.147 - - [15/Feb/2024:00:15:26 -0500] "GET /sipse/faces/javax.faces.resource/jquery/jquery.js?ln=primefaces&v=4.0 HTTP/1.1" 304 -
200.118.16.147 - - [15/Feb/2024:00:15:26 -0500] "GET /sipse/faces/javax.faces.resource/jquery/jquery-plugins.js?ln=primefaces&v=4.0 HTTP/1.1" 304 -
200.118.16.147 - - [15/Feb/2024:00:15:26 -0500] "GET /sipse/faces/javax.faces.resource/primefaces.js?ln=primefaces&v=4.0 HTTP/1.1" 304 -
200.118.16.147 - - [15/Feb/2024:00:15:26 -0500] "GET /sipse/faces/javax.faces.resource/layout/layout.js?ln=primefaces&v=4.0 HTTP/1.1" 304 -
200.118.16.147 - - [15/Feb/2024:00:15:26 -0500] "POST /sipse/faces/presentacion/financiero/solicitudProceso/listarSolicitudProceso.xhtml HTTP/1.1" 200 30630
200.118.16.147 - - [15/Feb/2024:00:15:26 -0500] "POST /sipse/faces/presentacion/financiero/solicitudProceso/listarSolicitudProceso.xhtml HTTP/1.1" 200 30630
200.118.16.147 - - [15/Feb/2024:00:15:26 -0500] "POST /sipse/faces/presentacion/financiero/solicitudProceso/listarSolicitudProceso.xhtml HTTP/1.1" 200 30630
200.118.16.147 - - [15/Feb/2024:00:15:26 -0500] "POST /sipse/faces/presentacion/financiero/solicitudProceso/listarSolicitudProceso.xhtml HTTP/1.1" 200 1372
200.118.16.147 - - [15/Feb/2024:00:15:26 -0500] "POST /sipse/faces/presentacion/financiero/solicitudProceso/listarSolicitudProceso.xhtml HTTP/1.1" 200 1376
200.118.16.147 - - [15/Feb/2024:00:15:26 -0500] "POST /sipse/faces/presentacion/financiero/solicitudProceso/listarSolicitudProceso.xhtml HTTP/1.1" 200 1380
200.118.16.147 - - [15/Feb/2024:00:15:26 -0500] "POST /sipse/faces/presentacion/financiero/solicitudProceso/listarSolicitudProceso.xhtml HTTP/1.1" 200 1376
200.118.16.147 - - [15/Feb/2024:00:15:28 -0500] "POST /sipse/faces/presentacion/financiero/solicitudProceso/listarSolicitudProceso.xhtml HTTP/1.1" 200 5181
200.118.16.147 - - [15/Feb/2024:00:15:31 -0500] "POST /sipse/faces/presentacion/financiero/solicitudProceso/listarSolicitudProceso.xhtml HTTP/1.1" 200 145268
200.118.16.147 - - [15/Feb/2024:00:15:32 -0500] "GET /sipse/faces/javax.faces.resource/jquery/jquery.js?ln=primefaces&v=4.0 HTTP/1.1" 304 -
200.118.16.147 - - [15/Feb/2024:00:15:32 -0500] "GET /sipse/faces/javax.faces.resource/jquery/jquery-plugins.js?ln=primefaces&v=4.0 HTTP/1.1" 304 -
200.118.16.147 - - [15/Feb/2024:00:15:32 -0500] "GET /sipse/faces/javax.faces.resource/primefaces.js?ln=primefaces&v=4.0 HTTP/1.1" 304 -
200.118.16.147 - - [15/Feb/2024:00:15:32 -0500] "GET /sipse/faces/javax.faces.resource/layout/layout.js?ln=primefaces&v=4.0 HTTP/1.1" 304 -
200.118.16.147 - - [15/Feb/2024:00:15:41 -0500] "POST /sipse/faces/presentacion/financiero/solicitudProceso/consultarSolicitudProceso.xhtml HTTP/1.1" 200 115592
200.118.16.147 - - [15/Feb/2024:00:16:09 -0500] "POST /sipse/faces/presentacion/financiero/solicitudProceso/consultarSolicitudProceso.xhtml HTTP/1.1" 200 293074
200.118.16.147 - - [15/Feb/2024:00:16:13 -0500] "POST /sipse/faces/presentacion/financiero/solicitudProceso/consultarSolicitudProceso.xhtml HTTP/1.1" 200 2141684
216.245.221.92 - - [15/Feb/2024:00:17:16 -0500] "HEAD / HTTP/1.1" 200 -
200.118.16.147 - - [15/Feb/2024:00:18:05 -0500] "POST /sipse/faces/presentacion/financiero/solicitudProceso/consultarSolicitudProceso.xhtml HTTP/1.1" 200 5577
200.118.16.147 - - [15/Feb/2024:00:18:05 -0500] "GET /sipse/faces/javax.faces.resource/dynamiccontent.properties?ln=primefaces&pfdrid=XjOR5%2F%2FfPAZAuY9TpWQeCiM0BhlXxYRBGKi%2FQcXXfeA%3D&pfdrid_c=false HTTP/1.1" 200 120419
201.245.192.253 - - [15/Feb/2024:00:18:13 -0500] "POST /kwsrmcab/Wsrmcab  HTTP/1.1" 200 37396
186.102.30.32 - - [15/Feb/2024:00:18:23 -0500] "GET /kwssiamovil/sm/acme/a?s=U2FsdGVkX1/3jLP28eeqnoM96yD5Nf18uTVM+gQ0fCulI0vtcFfuHvjTr9/zvX/nQHqGbCyxq9DrGXxn7ST5G1bKLc3uXsQtxWhIT6rElKrjPrDBtnejEN1I4q4jpykVc/1zXJJuoJFoVq1InnzN8a8CRlX+eCJ6LO0XYxBr472JUkso0+VgtifSjBdYUMx38ONIRErJhb2h4y6Ht0wZtBdTOb7qYWehvPN/ShqJN67tIUPnaw/3FDplEUEqF24nGuDsMYShAQ4CwCsAjUqR7w==&u=U2FsdGVkX19hpIXPYzgWDwT79hTRPMFcR32eSBvMA7B84YiJGb1z4fo9FPgb3Jgx&y=U2FsdGVkX1/V6b3ztAcly0+XIswQ1a1UBro7T7KREET+9sPJ3HDrpaaiMzNdofma HTTP/1.1" 200 26
186.102.30.32 - - [15/Feb/2024:00:18:23 -0500] "GET /kwssiamovil/sm/acme/a?s=U2FsdGVkX192/xWZkELScb7EObGAOr2DFosiJiRYeHXWhfXLrXNWi4LrEUypIpMv/kBfr6DgUTjdBb04hdTa3QUPgHCyjHLd5WbDcHYcOSVxHHV2eS3e4N/UWfyuXtPxtrKTJ7oZ+dDTc9BBlKcqH1FRs8PquUpqNboYlXqGDNc8qxx72e2hr4vzsaPqqp/EwzzLf/k2yO+j4Hjdb6//EgmwLBIaktlc5maQr6Gq4+NZlqb6nsarukWsgvdLedfox53Tdmrbe5Bw71qxv11loh7oHb6SO1lOF/Hni5sUk1nlMX8mPSuEAAJV4PWE1cE6MZtuXr1FDO42h5mDGIZhqZH9dALle0MVIEAHUsRxflX+aRDzD97oaOgOGTpzQDEyoggCtG5zOyPDLHEX5/IauzSIGr/uN8zKYn5zk9+0R5Ik5wkkGn3w/1fKkouUMI+1AY6SDz9QMo9b5I3k22hCPaZsMc4n+pKmg/wt1LiqhkN2OxHr6w3WN5NJVW9syh6r24c0bDjEfHmJb0ybrPasd6bCU847xMyjI0KrGW4By8FQbCJRKmehJLTG8dcBzC/vZRCwt6VT9j+dSn0igiGJT6n4hwAQWeTeakGjhjdIW9z6UEA46AWKHyLqkYsw0nof47ostHjjS70lyca1Al6lv0RQEyZJHKn/r3f7sr9iuvZO5YLdHzQ8eAL/9JTCkYmWzjlwYw+ZAMxPZC7Qv238dr6ZLDzxxJsljeHNKFDxHD+BtGLeXc+QA/QX9ILq2gXnzfHz5cn1yUC86/asMv3XrrcrDZZ8c+D0kwJMQXFNRpWZo+R9tr8Hcq0pQGQ5VOKgERuLzcHGlsX6sdZqCtnApGCaeR83oIFmsGIn4fCZwYCMoKUk8b6yZwQ0KWbfOxPBFLfxajqS/fQd7Ru430Qq1M0iugWVlVpKVXUUHoVnW4ow5tSTv6P2Ohh0VkYveMHvfDH6CtdrwWnXTe8ZQ581Gq59rydJNcft31mhtBQ1a+x4QqaJUbJArxdbpQs/D83TH/61zizl/ppUrbcFg/kb/L7v8HtvnMiGvfB7gq79rMHOX9/763BaQ8ps38LJwW5Mk0vizokkC4z64DBsi1Hpkuxf8rSPhj8A/3vy7llrUeAtyL8DfMsVgIYcWsOymQeQbh/A4LyFAkizpspY6gbskpVevYxcVvQxZ7vkjrCo5abNAj/qHd3f8QarmdpE0+AmfKpdAkKWHiZZ65OGs8tqNZGLiIRyJgTF3J2puPll+vWb6ECDnd0modvUbseNLCz0azmA5hl3LHSBq1RAfTVT6Z7z4jJGgBrkiOHZDqFR+0b9KPcwa79N3464Be8nVh0KHz3YILWw1CcHH3YIQU1qJrrVWWZcZrt8E6nWhZ+IsLHPspg+aEf06yQoOLUa+YycSa+57EEZHPrItYlV1IJgpkCq5dIhrd97bkD8YZjLbomFFKt2mYokUuHh5w2fEV9czQsYxSm42Jq3ZsfbJPU+F6ePhK39aXIROOtZzr8MNiuYbzBkRoae+VkR1JtzrbZ5qU6jltpmmQCdm6AJSLktUWxHtPXba3f0wPLOSyePjHei3uRmMugsxZbHWSAyT2oKqIgLZdwbl4e9vM5D57opjfdvzFo+wI4OYRO/fPuHagXlhf8vOe0xdRgpPG1ef7nm8LBwy7qsWcYMHGT8uNIAigen+wgbpeUFpoog19TpMCo3G9HPGhxBa4nonDc3lWQbxGAHoA8mFymdQ+CeSUGgHPgHNWxIPj4yizBxl/4QbrLUIo8KCdi/tIW0N/bZkG5i23VonSQXc12Jx5dlm5QWosuzWXvD6tcPnCz6JMIWCR68VWGwfD7q0vgl/FP0zxr22bCW8xBOCgezUZUDFcPTFv7/zob0zwiWxwE1cS7ylR1aIpW2ZsgvakJyuutgvKH4x7t3ATAxMgJyY1YfLDfCDekzv092yGgaxYYVeAZK5mcYNMAdpFq3qkBcGQCuxy1GfP8xrWTPX6o1jxh1B7ZRmtSdntWbEK0nRhikq1bzwQo57ZOdxJXnO3IVsEUEjmQGqcNbzaAUQmEeUwbtGpD2Jukjmgt+rM54nvdrUnDvgFZ/HeQq3WxN2ZLTAAFMVPI75CIYkSzjCzSwh0xgdVDE/+2p8Oa3HRJeHTPWqYMo3wE2ipkpUPQrY44uD3FHQMBzd+dd9KySrqoooDqbxlS+/OzHMv9yTw2rTlFbxmn06QUezDLF0iVqfu+QHcatTf37kapJqQIWHj/4DXQCHeUldoe4cmFTYvr8p3gRESMHJMKS0Mot+wWiqi8QEYkhD0JMSPv5C9ROabuYLKe5gAQ28aVBF2esXGsbSL59xbs9NqVDlWT6PPpdXx0TYfSJPqJCSGtXtkF13Yh3J8T+hHuy6NdhiO1FjkMfck9KLPH1GDRJx+0IT41JrkrhLqRZwTmJbRq5+mOcHKnCfxQE99qF77ZXrY0izuvIct2nFrTN0zWbU+BrkuQhIxh5r0mBR2lBl+i/Mj4gCQLmH8YDRwZaX0/pXXpSRgRw2v+6b/XW3hPlCvQIarIqAEqKX5R0zef3tpbMZs6pA5b/NMq7LNT/QtIJVWfpwoTcACFxzqvSgKF7mi36ZETyeWAsGn8kQ7JNeDR6bCbtLB1pW6l6zAMLJ4e0nF+dsbiIfXBoVws5YmrEeCliGhgqZ+qECs2JDrhLcp5dVK5OphM2RZdQSUXlf2bjBw85J/0HqM7YCIkj5qF1/IXJdhxS3fHU3XMQkpzC+5nYKPixwuhE/5Chx3OUoWp33Iq0ubbUTJ14HarhaM5IPICjAfW2VpXoVv5A7MnAMVpPdtp+GA5DGhV7WS8Q8+ApgMoVHLlXDTpBywrPHepH7DZqtolidDn+we2hPgfIBVBzm65aaoh/zCEVotdaVoatyFuHqpsPW6Rq5/mCVog=&u=U2FsdGVkX19hpIXPYzgWDwT79hTRPMFcR32eSBvMA7B84YiJGb1z4fo9FPgb3Jgx&y=U2FsdGVkX1/V6b3ztAcly0+XIswQ1a1UBro7T7KREET+9sPJ3HDrpaaiMzNdofma HTTP/1.1" 200 26
186.102.30.32 - - [15/Feb/2024:00:18:23 -0500] "GET /kwssiamovil/sm/acme/a?s=U2FsdGVkX19PifAMzUJTjqqOczS/QlJ9wS5M8TrI4MaCtX7qK9womslB74v+/WylgJgPazDzgNfPSBNR6A3LVTnZYbfaawFyLrkVAJ9llKrg2YWblPbEa1sA6mhXc6qEW9aLn3mbhBtOTJBPBdmi1UcqGokHBCwdVS/BF7q0Zp0=&u=U2FsdGVkX19hpIXPYzgWDwT79hTRPMFcR32eSBvMA7B84YiJGb1z4fo9FPgb3Jgx&y=U2FsdGVkX1/V6b3ztAcly0+XIswQ1a1UBro7T7KREET+9sPJ3HDrpaaiMzNdofma HTTP/1.1" 200 26
186.102.30.32 - - [15/Feb/2024:00:18:24 -0500] "GET /kwssiamovil/sm/acme/a?s=U2FsdGVkX1/revt1CI1sxa5qYtcG4bxaPROorCVlZGF3wBA/PvKqcnz+5Z3oEiucLaQex1kLQpwo3TjbCyZh2hoZJM06wHO0NcBsVKtdewfqSlShoPq8mA66JsjQcgd5Qkizd7oI1mptYL2BbD6xT78Roo8ZU7a9JIBXupeKQ04=&u=U2FsdGVkX19hpIXPYzgWDwT79hTRPMFcR32eSBvMA7B84YiJGb1z4fo9FPgb3Jgx&y=U2FsdGVkX1/V6b3ztAcly0+XIswQ1a1UBro7T7KREET+9sPJ3HDrpaaiMzNdofma HTTP/1.1" 200 26
186.102.30.32 - - [15/Feb/2024:00:18:24 -0500] "GET /kwssiamovil/sm/acme/a?s=U2FsdGVkX1/H6be724xtXT0S8QA5yvU5lHXVNVahc4blKsra8t+nhK8GY1gLc+gvuy55qODgT5jcEUOu8Dn/rdxCo6hUX/4Iy9JdwJ2nrwmoHvRo1eTk2VYXj/0xGb07Mpu5ZpDXvyvse4YJ1HeuMp4+B/Ek+PIUupUf4YZnJWs=&u=U2FsdGVkX19hpIXPYzgWDwT79hTRPMFcR32eSBvMA7B84YiJGb1z4fo9FPgb3Jgx&y=U2FsdGVkX1/V6b3ztAcly0+XIswQ1a1UBro7T7KREET+9sPJ3HDrpaaiMzNdofma HTTP/1.1" 200 26
40.77.167.230 - - [15/Feb/2024:00:18:24 -0500] "GET /Publicaciones/2024EE05267.pdf HTTP/1.1" 404 227
186.102.30.32 - - [15/Feb/2024:00:18:24 -0500] "GET /kwssiamovil/sm/acme/a?s=U2FsdGVkX1/SI0FdxFbyuyH7SaSYFrc0t71TkUQSFPoKc1J1N76UQ6LfjQehaQ9GDYwsMRn5W1Xe73i9H37ZX4Q4vwQjsvH6ueEvG6xuadMBZYEjf7jTuVgWEb8BZIG/xLBL9z5qes58weMoT/1xzfU2kSAUxvC2LsLV4oVKYvuCHD2mRauTVUqUOWMP5KLbBDRIxjp2F4oecPiG+Nlbdg==&u=U2FsdGVkX19hpIXPYzgWDwT79hTRPMFcR32eSBvMA7B84YiJGb1z4fo9FPgb3Jgx&y=U2FsdGVkX1/V6b3ztAcly0+XIswQ1a1UBro7T7KREET+9sPJ3HDrpaaiMzNdofma HTTP/1.1" 200 26
200.118.16.147 - - [15/Feb/2024:00:18:25 -0500] "POST /sipse/faces/presentacion/financiero/solicitudProceso/consultarSolicitudProceso.xhtml HTTP/1.1" 200 5566
172.22.2.4 - - [15/Feb/2024:00:17:08 -0500] "HEAD /BLA/boletinlegal/ HTTP/1.1" 200 -
200.118.16.147 - - [15/Feb/2024:00:19:02 -0500] "POST /sipse/faces/presentacion/financiero/solicitudProceso/consultarSolicitudProceso.xhtml HTTP/1.1" 200 516678
200.118.16.147 - - [15/Feb/2024:00:19:11 -0500] "POST /sipse/faces/presentacion/financiero/solicitudProceso/consultarSolicitudProceso.xhtml HTTP/1.1" 200 34304
200.118.16.147 - - [15/Feb/2024:00:19:12 -0500] "GET /sipse/faces/javax.faces.resource/jquery/jquery.js?ln=primefaces&v=4.0 HTTP/1.1" 304 -
200.118.16.147 - - [15/Feb/2024:00:19:12 -0500] "GET /sipse/faces/javax.faces.resource/jquery/jquery-plugins.js?ln=primefaces&v=4.0 HTTP/1.1" 304 -
200.118.16.147 - - [15/Feb/2024:00:19:12 -0500] "GET /sipse/faces/javax.faces.resource/primefaces.js?ln=primefaces&v=4.0 HTTP/1.1" 304 -
200.118.16.147 - - [15/Feb/2024:00:19:12 -0500] "GET /sipse/faces/javax.faces.resource/layout/layout.js?ln=primefaces&v=4.0 HTTP/1.1" 304 -
200.118.16.147 - - [15/Feb/2024:00:19:12 -0500] "POST /sipse/faces/presentacion/sistema/reporte/listarReportes.xhtml HTTP/1.1" 200 27619
200.118.16.147 - - [15/Feb/2024:00:19:12 -0500] "POST /sipse/faces/presentacion/sistema/reporte/listarReportes.xhtml HTTP/1.1" 200 27619
200.118.16.147 - - [15/Feb/2024:00:19:12 -0500] "POST /sipse/faces/presentacion/sistema/reporte/listarReportes.xhtml HTTP/1.1" 200 27619
200.118.16.147 - - [15/Feb/2024:00:19:12 -0500] "POST /sipse/faces/presentacion/sistema/reporte/listarReportes.xhtml HTTP/1.1" 200 27619
200.118.16.147 - - [15/Feb/2024:00:19:12 -0500] "POST /sipse/faces/presentacion/sistema/reporte/listarReportes.xhtml HTTP/1.1" 200 27619
200.118.16.147 - - [15/Feb/2024:00:19:13 -0500] "POST /sipse/faces/presentacion/sistema/reporte/listarReportes.xhtml HTTP/1.1" 200 22932
200.118.16.147 - - [15/Feb/2024:00:19:13 -0500] "GET /sipse/faces/javax.faces.resource/jquery/jquery.js?ln=primefaces&v=4.0 HTTP/1.1" 304 -
200.118.16.147 - - [15/Feb/2024:00:19:14 -0500] "GET /sipse/faces/javax.faces.resource/layout/layout.js?ln=primefaces&v=4.0 HTTP/1.1" 304 -
200.118.16.147 - - [15/Feb/2024:00:19:14 -0500] "GET /sipse/faces/javax.faces.resource/layout/layout.css?ln=primefaces&v=4.0 HTTP/1.1" 304 -
200.118.16.147 - - [15/Feb/2024:00:19:14 -0500] "GET /sipse/faces/javax.faces.resource/theme.css?ln=primefaces-sipse HTTP/1.1" 304 -
200.118.16.147 - - [15/Feb/2024:00:19:14 -0500] "GET /sipse/faces/javax.faces.resource/primefaces.css?ln=primefaces&v=4.0 HTTP/1.1" 304 -
200.118.16.147 - - [15/Feb/2024:00:19:14 -0500] "GET /sipse/faces/javax.faces.resource/primefaces.js?ln=primefaces&v=4.0 HTTP/1.1" 304 -
200.118.16.147 - - [15/Feb/2024:00:19:14 -0500] "GET /sipse/faces/javax.faces.resource/jquery/jquery-plugins.js?ln=primefaces&v=4.0 HTTP/1.1" 304 -
200.118.16.147 - - [15/Feb/2024:00:19:14 -0500] "GET /sipse/faces/javax.faces.resource/images/ui-icons_898989_256x240.png?ln=primefaces-aristo HTTP/1.1" 304 -
201.245.192.253 - - [15/Feb/2024:00:19:17 -0500] "POST /kwsrmcab/Wsrmcab HTTP/1.1" 200 37105
201.245.192.253 - - [15/Feb/2024:00:19:20 -0500] "POST /kwsrmcab/Wsrmcab HTTP/1.1" 200 35056
201.245.192.253 - - [15/Feb/2024:00:19:35 -0500] "POST /kwsrmcab/Wsrmcab HTTP/1.1" 200 33896
172.22.2.4 - - [15/Feb/2024:00:17:58 -0500] "GET /BLA/boletinlegal/ HTTP/1.1" 200 59173
201.245.192.253 - - [15/Feb/2024:00:20:23 -0500] "POST /kwsrmcab/Wsrmcab HTTP/1.1" 200 35056
66.249.66.21 - - [15/Feb/2024:00:20:56 -0500] "GET /BLA/resoluciones/RESOLUCIONES%202011/5014.pdf HTTP/1.1" 200 594866
200.118.16.147 - - [15/Feb/2024:00:21:10 -0500] "GET /sipse/faces/javax.faces.resource/images/ui-bg_flat_0_2d5972_40x100.png?ln=primefaces-aristo HTTP/1.1" 304 -
200.118.16.147 - - [15/Feb/2024:00:21:10 -0500] "POST /sipse/faces/presentacion/sistema/reporte/ventanaVerReporteParametros.xhtml HTTP/1.1" 200 8792
200.118.16.147 - - [15/Feb/2024:00:21:11 -0500] "POST /sipse/faces/presentacion/sistema/reporte/ventanaVerReporteParametros.xhtml HTTP/1.1" 200 1471
200.118.16.147 - - [15/Feb/2024:00:21:13 -0500] "POST /sipse/faces/presentacion/sistema/reporte/ventanaVerReporteParametros.xhtml HTTP/1.1" 200 34467
200.118.16.147 - - [15/Feb/2024:00:21:13 -0500] "GET /sipse/faces/javax.faces.resource/jquery/jquery.js?ln=primefaces&v=4.0 HTTP/1.1" 304 -
200.118.16.147 - - [15/Feb/2024:00:21:13 -0500] "GET /sipse/faces/javax.faces.resource/jquery/jquery-plugins.js?ln=primefaces&v=4.0 HTTP/1.1" 304 -
200.118.16.147 - - [15/Feb/2024:00:21:13 -0500] "GET /sipse/faces/javax.faces.resource/primefaces.js?ln=primefaces&v=4.0 HTTP/1.1" 304 -
200.118.16.147 - - [15/Feb/2024:00:21:13 -0500] "GET /sipse/faces/javax.faces.resource/layout/layout.js?ln=primefaces&v=4.0 HTTP/1.1" 304 -
200.118.16.147 - - [15/Feb/2024:00:21:13 -0500] "POST /sipse/faces/presentacion/financiero/solicitudProceso/listarSolicitudProceso.xhtml HTTP/1.1" 200 1392
200.118.16.147 - - [15/Feb/2024:00:21:16 -0500] "POST /sipse/faces/presentacion/financiero/solicitudProceso/listarSolicitudProceso.xhtml HTTP/1.1" 200 139410
200.118.16.147 - - [15/Feb/2024:00:21:17 -0500] "GET /sipse/faces/javax.faces.resource/jquery/jquery.js?ln=primefaces&v=4.0 HTTP/1.1" 304 -
200.118.16.147 - - [15/Feb/2024:00:21:17 -0500] "GET /sipse/faces/javax.faces.resource/jquery/jquery-plugins.js?ln=primefaces&v=4.0 HTTP/1.1" 304 -
200.118.16.147 - - [15/Feb/2024:00:21:17 -0500] "GET /sipse/faces/javax.faces.resource/primefaces.js?ln=primefaces&v=4.0 HTTP/1.1" 304 -
200.118.16.147 - - [15/Feb/2024:00:21:17 -0500] "GET /sipse/faces/javax.faces.resource/layout/layout.js?ln=primefaces&v=4.0 HTTP/1.1" 304 -
200.118.16.147 - - [15/Feb/2024:00:21:24 -0500] "POST /sipse/faces/presentacion/financiero/solicitudProceso/consultarSolicitudProceso.xhtml HTTP/1.1" 200 7434795
216.245.221.92 - - [15/Feb/2024:00:22:15 -0500] "HEAD / HTTP/1.1" 200 -
162.55.166.12 - - [15/Feb/2024:00:22:53 -0500] "GET / HTTP/1.1" 200 4720
201.245.192.253 - - [15/Feb/2024:00:23:11 -0500] "POST /kwsrmcab/Wsrmcab  HTTP/1.1" 200 37396
66.249.66.19 - - [15/Feb/2024:00:23:15 -0500] "GET /BLA/resoluciones/RESOLUCIONES%202012/0718.pdf HTTP/1.1" 200 171332
172.22.2.4 - - [15/Feb/2024:00:22:58 -0500] "HEAD /BLA/boletinlegal/ HTTP/1.1" 200 -
172.22.2.4 - - [15/Feb/2024:00:23:48 -0500] "GET /BLA/boletinlegal/ HTTP/1.1" 200 61047
216.245.221.92 - - [15/Feb/2024:00:27:16 -0500] "HEAD / HTTP/1.1" 200 -
66.249.66.20 - - [15/Feb/2024:00:27:43 -0500] "GET /BLA/resoluciones/RESOLUCIONES%202010/4653.pdf HTTP/1.1" 200 258591
201.245.192.253 - - [15/Feb/2024:00:28:11 -0500] "POST /kwsrmcab/Wsrmcab  HTTP/1.1" 200 37396
201.245.192.253 - - [15/Feb/2024:00:29:17 -0500] "POST /kwsrmcab/Wsrmcab HTTP/1.1" 200 37105
201.245.192.253 - - [15/Feb/2024:00:29:20 -0500] "POST /kwsrmcab/Wsrmcab HTTP/1.1" 200 35056
201.245.192.253 - - [15/Feb/2024:00:29:35 -0500] "POST /kwsrmcab/Wsrmcab HTTP/1.1" 200 33896
201.245.192.253 - - [15/Feb/2024:00:30:23 -0500] "POST /kwsrmcab/Wsrmcab HTTP/1.1" 200 35056
172.22.2.4 - - [15/Feb/2024:00:28:48 -0500] "HEAD /BLA/boletinlegal/ HTTP/1.1" 200 -
172.22.2.4 - - [15/Feb/2024:00:30:42 -0500] "GET /BLA/boletinlegal/jurisprudencia.php HTTP/1.1" 200 17637
172.22.2.4 - - [15/Feb/2024:00:29:38 -0500] "GET /BLA/boletinlegal/ HTTP/1.1" 200 61047
172.22.2.4 - - [15/Feb/2024:00:31:22 -0500] "GET /BLA/boletinlegal/js/popup.js HTTP/1.1" 200 1270
34.238.146.230 - - [15/Feb/2024:00:31:27 -0500] "GET /robots.txt HTTP/1.1" 404 1018
34.238.146.230 - - [15/Feb/2024:00:31:27 -0500] "GET /galeria/galeria/fotos/Jaboque1P.jpg HTTP/1.1" 200 29995
216.245.221.92 - - [15/Feb/2024:00:32:16 -0500] "HEAD / HTTP/1.1" 200 -
66.249.66.20 - - [15/Feb/2024:00:32:21 -0500] "GET /portel_dama/libreria/php/2006/ECOSISTEMAS%20FINAL%20web_mz27/restauracion/sitio/55_artic/xtras/13.pdf HTTP/1.1" 404 1018
34.238.146.230 - - [15/Feb/2024:00:32:33 -0500] "GET /robots.txt HTTP/1.1" 404 1018
34.238.146.230 - - [15/Feb/2024:00:32:33 -0500] "GET /galeria/galeria/fotos/Jaboque4P.jpg HTTP/1.1" 200 27446
34.238.146.230 - - [15/Feb/2024:00:32:34 -0500] "GET /robots.txt HTTP/1.1" 404 1018
34.238.146.230 - - [15/Feb/2024:00:32:34 -0500] "GET /galeria/galeria/fotos/Jaboque3P.jpg HTTP/1.1" 200 35360
201.245.192.253 - - [15/Feb/2024:00:33:10 -0500] "POST /kwsrmcab/Wsrmcab  HTTP/1.1" 200 37396
34.238.146.230 - - [15/Feb/2024:00:33:35 -0500] "GET /robots.txt HTTP/1.1" 404 1018
34.238.146.230 - - [15/Feb/2024:00:33:35 -0500] "GET /galeria/galeria/fotos/Jaboque2P.jpg HTTP/1.1" 200 31057
66.249.66.21 - - [15/Feb/2024:00:33:56 -0500] "GET /resoluciones/RESOLUCIONES%202010/3435.pdf HTTP/1.1" 404 1018
66.249.66.21 - - [15/Feb/2024:00:35:55 -0500] "GET /robots.txt HTTP/1.1" 404 1018
66.249.66.20 - - [15/Feb/2024:00:35:55 -0500] "GET /Publicaciones/2023EE297102.pdf HTTP/1.1" 404 228
66.249.66.20 - - [15/Feb/2024:00:36:03 -0500] "GET /Publicaciones/2022EE142289.pdf HTTP/1.1" 404 228
172.22.2.4 - - [15/Feb/2024:00:34:38 -0500] "HEAD /BLA/boletinlegal/ HTTP/1.1" 200 -
172.22.2.4 - - [15/Feb/2024:00:35:28 -0500] "GET /BLA/boletinlegal/ HTTP/1.1" 200 60683
216.245.221.92 - - [15/Feb/2024:00:37:15 -0500] "HEAD / HTTP/1.1" 200 -
201.245.192.253 - - [15/Feb/2024:00:38:08 -0500] "POST /kwsrmcab/Wsrmcab  HTTP/1.1" 200 37396
201.245.192.253 - - [15/Feb/2024:00:39:17 -0500] "POST /kwsrmcab/Wsrmcab HTTP/1.1" 200 37105
201.245.192.253 - - [15/Feb/2024:00:39:20 -0500] "POST /kwsrmcab/Wsrmcab HTTP/1.1" 200 35056
201.245.192.253 - - [15/Feb/2024:00:39:35 -0500] "POST /kwsrmcab/Wsrmcab HTTP/1.1" 200 33896
194.165.16.73 - - [15/Feb/2024:00:39:52 -0500] "\x03" 400 226
201.245.192.253 - - [15/Feb/2024:00:40:24 -0500] "POST /kwsrmcab/Wsrmcab HTTP/1.1" 200 35056
66.249.66.21 - - [15/Feb/2024:00:40:44 -0500] "GET /BLA/resoluciones/AUTOS%202012/1410.pdf HTTP/1.1" 200 495713
172.22.2.4 - - [15/Feb/2024:00:40:28 -0500] "HEAD /BLA/boletinlegal/ HTTP/1.1" 200 -
216.245.221.92 - - [15/Feb/2024:00:42:15 -0500] "HEAD / HTTP/1.1" 200 -
172.22.2.4 - - [15/Feb/2024:00:41:18 -0500] "GET /BLA/boletinlegal/ HTTP/1.1" 200 61047
201.245.192.253 - - [15/Feb/2024:00:43:07 -0500] "POST /kwsrmcab/Wsrmcab  HTTP/1.1" 200 37396
200.118.16.147 - - [15/Feb/2024:00:46:21 -0500] "POST /sipse/faces/presentacion/financiero/solicitudProceso/consultarSolicitudProceso.xhtml HTTP/1.1" 200 34467
200.118.16.147 - - [15/Feb/2024:00:46:21 -0500] "GET /sipse/faces/javax.faces.resource/jquery/jquery.js?ln=primefaces&v=4.0 HTTP/1.1" 304 -
200.118.16.147 - - [15/Feb/2024:00:46:21 -0500] "GET /sipse/faces/javax.faces.resource/jquery/jquery-plugins.js?ln=primefaces&v=4.0 HTTP/1.1" 304 -
200.118.16.147 - - [15/Feb/2024:00:46:21 -0500] "GET /sipse/faces/javax.faces.resource/primefaces.js?ln=primefaces&v=4.0 HTTP/1.1" 304 -
200.118.16.147 - - [15/Feb/2024:00:46:21 -0500] "GET /sipse/faces/javax.faces.resource/layout/layout.js?ln=primefaces&v=4.0 HTTP/1.1" 304 -
200.118.16.147 - - [15/Feb/2024:00:46:21 -0500] "POST /sipse/faces/presentacion/financiero/solicitudProceso/listarSolicitudProceso.xhtml HTTP/1.1" 200 27742
200.118.16.147 - - [15/Feb/2024:00:46:22 -0500] "POST /sipse/faces/presentacion/financiero/solicitudProceso/listarSolicitudProceso.xhtml HTTP/1.1" 200 27742
200.118.16.147 - - [15/Feb/2024:00:46:22 -0500] "POST /sipse/faces/presentacion/financiero/solicitudProceso/listarSolicitudProceso.xhtml HTTP/1.1" 200 1392
200.118.16.147 - - [15/Feb/2024:00:46:22 -0500] "POST /sipse/faces/presentacion/financiero/solicitudProceso/listarSolicitudProceso.xhtml HTTP/1.1" 200 1388
200.118.16.147 - - [15/Feb/2024:00:46:22 -0500] "POST /sipse/faces/presentacion/financiero/solicitudProceso/listarSolicitudProceso.xhtml HTTP/1.1" 200 1400
200.118.16.147 - - [15/Feb/2024:00:46:24 -0500] "POST /sipse/faces/presentacion/financiero/solicitudProceso/listarSolicitudProceso.xhtml HTTP/1.1" 200 5194
200.118.16.147 - - [15/Feb/2024:00:46:26 -0500] "POST /sipse/faces/presentacion/financiero/solicitudProceso/listarSolicitudProceso.xhtml HTTP/1.1" 200 139430
200.118.16.147 - - [15/Feb/2024:00:46:26 -0500] "GET /sipse/faces/javax.faces.resource/jquery/jquery.js?ln=primefaces&v=4.0 HTTP/1.1" 304 -
200.118.16.147 - - [15/Feb/2024:00:46:26 -0500] "GET /sipse/faces/javax.faces.resource/jquery/jquery-plugins.js?ln=primefaces&v=4.0 HTTP/1.1" 304 -
200.118.16.147 - - [15/Feb/2024:00:46:26 -0500] "GET /sipse/faces/javax.faces.resource/primefaces.js?ln=primefaces&v=4.0 HTTP/1.1" 304 -
200.118.16.147 - - [15/Feb/2024:00:46:26 -0500] "GET /sipse/faces/javax.faces.resource/layout/layout.js?ln=primefaces&v=4.0 HTTP/1.1" 304 -
52.149.22.85 - - [15/Feb/2024:00:46:29 -0500] "GET /Publicaciones/2023EE185889.pdf HTTP/1.1" 404 228
200.118.16.147 - - [15/Feb/2024:00:46:52 -0500] "POST /sipse/faces/presentacion/financiero/solicitudProceso/consultarSolicitudProceso.xhtml HTTP/1.1" 200 572545
216.245.221.92 - - [15/Feb/2024:00:47:15 -0500] "HEAD / HTTP/1.1" 200 -
200.118.16.147 - - [15/Feb/2024:00:47:24 -0500] "POST /sipse/faces/presentacion/financiero/solicitudProceso/consultarSolicitudProceso.xhtml HTTP/1.1" 200 9433
200.118.16.147 - - [15/Feb/2024:00:47:26 -0500] "POST /sipse/faces/presentacion/financiero/solicitudProceso/consultarSolicitudProceso.xhtml HTTP/1.1" 200 33731
200.118.16.147 - - [15/Feb/2024:00:47:26 -0500] "GET /sipse/faces/javax.faces.resource/jquery/jquery.js?ln=primefaces&v=4.0 HTTP/1.1" 304 -
200.118.16.147 - - [15/Feb/2024:00:47:26 -0500] "GET /sipse/faces/javax.faces.resource/jquery/jquery-plugins.js?ln=primefaces&v=4.0 HTTP/1.1" 304 -
200.118.16.147 - - [15/Feb/2024:00:47:26 -0500] "GET /sipse/faces/javax.faces.resource/primefaces.js?ln=primefaces&v=4.0 HTTP/1.1" 304 -
200.118.16.147 - - [15/Feb/2024:00:47:26 -0500] "GET /sipse/faces/javax.faces.resource/layout/layout.js?ln=primefaces&v=4.0 HTTP/1.1" 304 -
200.118.16.147 - - [15/Feb/2024:00:47:26 -0500] "POST /sipse/faces/presentacion/sistema/reporte/listarReportes.xhtml HTTP/1.1" 200 27046
200.118.16.147 - - [15/Feb/2024:00:47:27 -0500] "POST /sipse/faces/presentacion/sistema/reporte/listarReportes.xhtml HTTP/1.1" 200 27046
200.118.16.147 - - [15/Feb/2024:00:47:27 -0500] "POST /sipse/faces/presentacion/sistema/reporte/listarReportes.xhtml HTTP/1.1" 200 27046
200.118.16.147 - - [15/Feb/2024:00:47:27 -0500] "POST /sipse/faces/presentacion/sistema/reporte/listarReportes.xhtml HTTP/1.1" 200 27046
200.118.16.147 - - [15/Feb/2024:00:47:28 -0500] "POST /sipse/faces/presentacion/sistema/reporte/listarReportes.xhtml HTTP/1.1" 200 22359
200.118.16.147 - - [15/Feb/2024:00:47:28 -0500] "GET /sipse/faces/javax.faces.resource/theme.css?ln=primefaces-sipse HTTP/1.1" 304 -
200.118.16.147 - - [15/Feb/2024:00:47:28 -0500] "GET /sipse/faces/javax.faces.resource/primefaces.js?ln=primefaces&v=4.0 HTTP/1.1" 304 -
200.118.16.147 - - [15/Feb/2024:00:47:28 -0500] "GET /sipse/faces/javax.faces.resource/jquery/jquery.js?ln=primefaces&v=4.0 HTTP/1.1" 304 -
200.118.16.147 - - [15/Feb/2024:00:47:28 -0500] "GET /sipse/faces/javax.faces.resource/layout/layout.js?ln=primefaces&v=4.0 HTTP/1.1" 304 -
200.118.16.147 - - [15/Feb/2024:00:47:28 -0500] "GET /sipse/faces/javax.faces.resource/primefaces.css?ln=primefaces&v=4.0 HTTP/1.1" 304 -
200.118.16.147 - - [15/Feb/2024:00:47:28 -0500] "GET /sipse/faces/javax.faces.resource/layout/layout.css?ln=primefaces&v=4.0 HTTP/1.1" 304 -
200.118.16.147 - - [15/Feb/2024:00:47:28 -0500] "GET /sipse/faces/javax.faces.resource/jquery/jquery-plugins.js?ln=primefaces&v=4.0 HTTP/1.1" 304 -
200.118.16.147 - - [15/Feb/2024:00:47:28 -0500] "GET /sipse/faces/javax.faces.resource/images/ui-icons_898989_256x240.png?ln=primefaces-aristo HTTP/1.1" 304 -
172.22.2.4 - - [15/Feb/2024:00:46:18 -0500] "HEAD /BLA/boletinlegal/ HTTP/1.1" 200 -
201.245.192.253 - - [15/Feb/2024:00:48:05 -0500] "POST /kwsrmcab/Wsrmcab  HTTP/1.1" 200 37396
172.22.2.4 - - [15/Feb/2024:00:47:08 -0500] "GET /BLA/boletinlegal/ HTTP/1.1" 200 61047
45.33.87.154 - - [15/Feb/2024:00:49:20 -0500] "GET / HTTP/1.1" 200 319
172.104.11.34 - - [15/Feb/2024:00:49:36 -0500] "GET / HTTP/1.1" 200 319
66.249.66.19 - - [15/Feb/2024:00:49:43 -0500] "GET /BLA/resoluciones/RESOLUCIONES%202011/5213.pdf HTTP/1.1" 200 941378
66.249.66.20 - - [15/Feb/2024:00:49:50 -0500] "GET /BLA/resoluciones/RESOLUCIONES%202008/3950.pdf HTTP/1.1" 200 679181
52.167.144.228 - - [15/Feb/2024:00:49:51 -0500] "GET /BLA/resoluciones/RESOLUCIONES%202021/5149.pdf HTTP/1.1" 304 -
216.245.221.92 - - [15/Feb/2024:00:52:15 -0500] "HEAD / HTTP/1.1" 200 -
66.249.66.19 - - [15/Feb/2024:00:52:56 -0500] "GET /Publicaciones/2024EE12656.pdf HTTP/1.1" 404 227
201.245.192.253 - - [15/Feb/2024:00:53:04 -0500] "POST /kwsrmcab/Wsrmcab  HTTP/1.1" 200 37396
172.22.2.4 - - [15/Feb/2024:00:52:08 -0500] "HEAD /BLA/boletinlegal/ HTTP/1.1" 200 -
172.22.2.4 - - [15/Feb/2024:00:52:58 -0500] "GET /BLA/boletinlegal/ HTTP/1.1" 200 61047
216.245.221.92 - - [15/Feb/2024:00:57:15 -0500] "HEAD / HTTP/1.1" 200 -
201.245.192.253 - - [15/Feb/2024:00:58:03 -0500] "POST /kwsrmcab/Wsrmcab  HTTP/1.1" 200 37396
52.211.72.94 - - [15/Feb/2024:00:59:24 -0500] "GET /BLA/boletinlegal/jurisprudencia.php HTTP/1.1" 200 17637
52.211.72.94 - - [15/Feb/2024:00:59:29 -0500] "GET /BLA/boletinlegal/conceptos.php HTTP/1.1" 200 7588
52.211.72.94 - - [15/Feb/2024:00:59:33 -0500] "GET /BLA/boletinlegal/documentos-importantes.php HTTP/1.1" 200 4883
66.249.66.20 - - [15/Feb/2024:00:59:34 -0500] "GET /BLA/resoluciones/AUTOS%202009/2587.pdf HTTP/1.1" 200 86907
172.22.2.4 - - [15/Feb/2024:00:57:58 -0500] "HEAD /BLA/boletinlegal/ HTTP/1.1" 200 -
52.211.72.94 - - [15/Feb/2024:00:59:37 -0500] "GET /BLA/boletinlegal/sugerencias.php HTTP/1.1" 200 8615
52.211.72.94 - - [15/Feb/2024:00:59:49 -0500] "GET /BLA/boletinlegal/Directivas/2022/DIRECTIVA%20No.%2000002%20DEL%2022%20DE%20JUNIO%20DEL%202022.pdf HTTP/1.1" 200 384175
52.211.72.94 - - [15/Feb/2024:01:00:04 -0500] "GET /BLA/boletinlegal/Directivas/2022/DIRECTIVA%20No.%2000001%20DEL%2015%20DE%20JUNIO%20DEL%202022.pdf HTTP/1.1" 200 290944
52.211.72.94 - - [15/Feb/2024:01:00:14 -0500] "GET /BLA/boletinlegal/Directivas/2019/Directiva%20008%20del%2001%20de%20noviembre%20de%202019.pdf HTTP/1.1" 200 1382642
52.211.72.94 - - [15/Feb/2024:01:00:28 -0500] "GET /BLA/boletinlegal/Directivas/2019/Directiva%20No.%200001%20del%2011%20de%20junio%20de%202019.pdf HTTP/1.1" 200 228190
172.22.2.4 - - [15/Feb/2024:00:58:48 -0500] "GET /BLA/boletinlegal/ HTTP/1.1" 200 61047
52.211.72.94 - - [15/Feb/2024:01:00:40 -0500] "GET /BLA/boletinlegal/Directivas/2018/Directiva%20No.%2027%20del%2028%20de%20diciembre%20de%202018.pdf HTTP/1.1" 200 2831879
66.249.66.20 - - [15/Feb/2024:01:01:04 -0500] "GET /portel_dama/libreria/pdf/2.pdf HTTP/1.1" 404 1018
66.249.66.39 - - [15/Feb/2024:01:02:14 -0500] "GET /robots.txt HTTP/1.1" 404 1034
66.249.66.37 - - [15/Feb/2024:01:02:14 -0500] "GET /desde-el-paramo-mas-grande-del-mundo-sumapaz-bogota-se-alista-para-ser-sede-de-la-cop16.html HTTP/1.1" 200 981
216.245.221.92 - - [15/Feb/2024:01:02:15 -0500] "HEAD / HTTP/1.1" 200 -
52.167.144.168 - - [15/Feb/2024:01:02:26 -0500] "GET /BLA/resoluciones/RESOLUCIONES%202009/4950.pdf HTTP/1.1" 200 465068
201.245.192.253 - - [15/Feb/2024:01:03:00 -0500] "POST /kwsrmcab/Wsrmcab  HTTP/1.1" 200 37396
172.22.2.4 - - [15/Feb/2024:01:03:47 -0500] "HEAD /BLA/boletinlegal/ HTTP/1.1" 200 -
172.22.2.4 - - [15/Feb/2024:01:04:38 -0500] "GET /BLA/boletinlegal/ HTTP/1.1" 200 58684
216.245.221.92 - - [15/Feb/2024:01:07:15 -0500] "HEAD / HTTP/1.1" 200 -
201.245.192.253 - - [15/Feb/2024:01:08:00 -0500] "POST /kwsrmcab/Wsrmcab  HTTP/1.1" 200 37396
52.167.144.138 - - [15/Feb/2024:01:08:21 -0500] "GET /images/FOREST.jpg HTTP/1.1" 200 33277
66.249.66.21 - - [15/Feb/2024:01:10:49 -0500] "GET /BLA/resoluciones/RESOLUCIONES%202009/8168.pdf HTTP/1.1" 200 499085
172.22.2.4 - - [15/Feb/2024:01:09:37 -0500] "HEAD /BLA/boletinlegal/ HTTP/1.1" 200 -
172.22.2.4 - - [15/Feb/2024:01:10:28 -0500] "GET /BLA/boletinlegal/ HTTP/1.1" 200 58684
216.245.221.92 - - [15/Feb/2024:01:12:15 -0500] "HEAD / HTTP/1.1" 200 -
201.245.192.253 - - [15/Feb/2024:01:12:59 -0500] "POST /kwsrmcab/Wsrmcab  HTTP/1.1" 200 37396
185.224.128.55 - - [15/Feb/2024:01:13:33 -0500] "GET / HTTP/1.1" 200 319
66.249.66.20 - - [15/Feb/2024:01:13:55 -0500] "GET /BLA/resoluciones/RESOLUCIONES%202011/3011.pdf HTTP/1.1" 200 355703
66.249.66.19 - - [15/Feb/2024:01:15:35 -0500] "GET /BLA/resoluciones/RESOLUCIONES%202009/5475.pdf HTTP/1.1" 200 497155
66.249.66.20 - - [15/Feb/2024:01:16:01 -0500] "GET /Publicaciones/2024EE06858.pdf HTTP/1.1" 404 227
172.22.2.4 - - [15/Feb/2024:01:15:27 -0500] "HEAD /BLA/boletinlegal/ HTTP/1.1" 200 -
216.245.221.92 - - [15/Feb/2024:01:17:15 -0500] "HEAD / HTTP/1.1" 200 -
172.22.2.4 - - [15/Feb/2024:01:16:18 -0500] "GET /BLA/boletinlegal/ HTTP/1.1" 200 61047
201.245.192.253 - - [15/Feb/2024:01:17:58 -0500] "POST /kwsrmcab/Wsrmcab  HTTP/1.1" 200 37396
200.118.16.147 - - [15/Feb/2024:01:19:18 -0500] "GET /sipse/faces/javax.faces.resource/images/ui-bg_flat_0_2d5972_40x100.png?ln=primefaces-aristo HTTP/1.1" 304 -
200.118.16.147 - - [15/Feb/2024:01:19:18 -0500] "POST /sipse/faces/presentacion/sistema/reporte/ventanaVerReporteParametros.xhtml HTTP/1.1" 200 39773
200.118.16.147 - - [15/Feb/2024:01:19:18 -0500] "GET /sipse/faces/javax.faces.resource/jquery/jquery.js?ln=primefaces&v=4.0 HTTP/1.1" 304 -
200.118.16.147 - - [15/Feb/2024:01:19:18 -0500] "GET /sipse/faces/javax.faces.resource/jquery/jquery-plugins.js?ln=primefaces&v=4.0 HTTP/1.1" 304 -
200.118.16.147 - - [15/Feb/2024:01:19:18 -0500] "GET /sipse/faces/javax.faces.resource/primefaces.js?ln=primefaces&v=4.0 HTTP/1.1" 304 -
200.118.16.147 - - [15/Feb/2024:01:19:18 -0500] "GET /sipse/faces/javax.faces.resource/layout/layout.js?ln=primefaces&v=4.0 HTTP/1.1" 304 -
200.118.16.147 - - [15/Feb/2024:01:19:18 -0500] "POST /sipse/faces/presentacion/financiero/solicitudProceso/listarSolicitudProceso.xhtml HTTP/1.1" 200 1392
200.118.16.147 - - [15/Feb/2024:01:19:21 -0500] "POST /sipse/faces/presentacion/financiero/solicitudProceso/listarSolicitudProceso.xhtml HTTP/1.1" 200 5196
201.245.192.253 - - [15/Feb/2024:01:19:17 -0500] "POST /kwsrmcab/Wsrmcab HTTP/1.1" 200 37111
201.245.192.253 - - [15/Feb/2024:01:19:21 -0500] "POST /kwsrmcab/Wsrmcab HTTP/1.1" 200 35061
200.118.16.147 - - [15/Feb/2024:01:19:23 -0500] "POST /sipse/faces/presentacion/financiero/solicitudProceso/listarSolicitudProceso.xhtml HTTP/1.1" 200 144741
200.118.16.147 - - [15/Feb/2024:01:19:24 -0500] "GET /sipse/faces/javax.faces.resource/jquery/jquery.js?ln=primefaces&v=4.0 HTTP/1.1" 304 -
200.118.16.147 - - [15/Feb/2024:01:19:24 -0500] "GET /sipse/faces/javax.faces.resource/jquery/jquery-plugins.js?ln=primefaces&v=4.0 HTTP/1.1" 304 -
200.118.16.147 - - [15/Feb/2024:01:19:24 -0500] "GET /sipse/faces/javax.faces.resource/primefaces.js?ln=primefaces&v=4.0 HTTP/1.1" 304 -
200.118.16.147 - - [15/Feb/2024:01:19:24 -0500] "GET /sipse/faces/javax.faces.resource/layout/layout.js?ln=primefaces&v=4.0 HTTP/1.1" 304 -
200.118.16.147 - - [15/Feb/2024:01:19:32 -0500] "POST /sipse/faces/presentacion/financiero/solicitudProceso/consultarSolicitudProceso.xhtml HTTP/1.1" 200 117694
201.245.192.253 - - [15/Feb/2024:01:19:35 -0500] "POST /kwsrmcab/Wsrmcab HTTP/1.1" 200 33911
200.118.16.147 - - [15/Feb/2024:01:19:39 -0500] "POST /sipse/faces/presentacion/financiero/solicitudProceso/consultarSolicitudProceso.xhtml HTTP/1.1" 200 293074
200.118.16.147 - - [15/Feb/2024:01:19:45 -0500] "POST /sipse/faces/presentacion/financiero/solicitudProceso/consultarSolicitudProceso.xhtml HTTP/1.1" 200 2204521
200.118.16.147 - - [15/Feb/2024:01:20:06 -0500] "POST /sipse/faces/presentacion/financiero/solicitudProceso/consultarSolicitudProceso.xhtml HTTP/1.1" 200 5577
200.118.16.147 - - [15/Feb/2024:01:20:06 -0500] "GET /sipse/faces/javax.faces.resource/dynamiccontent.properties?ln=primefaces&pfdrid=XjOR5%2F%2FfPAZAuY9TpWQeCiM0BhlXxYRBGKi%2FQcXXfeA%3D&pfdrid_c=false HTTP/1.1" 200 120461
162.55.38.160 - - [15/Feb/2024:01:20:24 -0500] "GET / HTTP/1.1" 200 4720
201.245.192.253 - - [15/Feb/2024:01:20:23 -0500] "POST /kwsrmcab/Wsrmcab HTTP/1.1" 200 35061
66.249.66.21 - - [15/Feb/2024:01:20:39 -0500] "GET /BLA/resoluciones/RESOLUCIONES%202008/2514.pdf HTTP/1.1" 200 251855
200.118.16.147 - - [15/Feb/2024:01:20:40 -0500] "POST /sipse/faces/presentacion/financiero/solicitudProceso/consultarSolicitudProceso.xhtml HTTP/1.1" 200 5566
18.208.213.242 - - [15/Feb/2024:01:21:03 -0500] "GET /robots.txt HTTP/1.1" 404 1018
18.208.213.242 - - [15/Feb/2024:01:21:04 -0500] "GET /galeria/galeria/fotos/2Humedal-techo2P.jpg HTTP/1.1" 200 11998
200.118.16.147 - - [15/Feb/2024:01:21:03 -0500] "POST /sipse/faces/presentacion/financiero/solicitudProceso/consultarSolicitudProceso.xhtml HTTP/1.1" 200 664792
34.77.127.183 - - [15/Feb/2024:01:21:06 -0500] "GET / HTTP/1.1" 200 319
18.208.213.242 - - [15/Feb/2024:01:21:13 -0500] "GET /robots.txt HTTP/1.1" 404 1018
18.208.213.242 - - [15/Feb/2024:01:21:13 -0500] "GET /galeria/galeria/fotos/Humedal-techo4P.jpg HTTP/1.1" 200 11324
200.118.16.147 - - [15/Feb/2024:01:21:17 -0500] "POST /sipse/faces/presentacion/financiero/solicitudProceso/consultarSolicitudProceso.xhtml HTTP/1.1" 200 33731
200.118.16.147 - - [15/Feb/2024:01:21:17 -0500] "GET /sipse/faces/javax.faces.resource/jquery/jquery.js?ln=primefaces&v=4.0 HTTP/1.1" 304 -
200.118.16.147 - - [15/Feb/2024:01:21:17 -0500] "GET /sipse/faces/javax.faces.resource/jquery/jquery-plugins.js?ln=primefaces&v=4.0 HTTP/1.1" 304 -
200.118.16.147 - - [15/Feb/2024:01:21:17 -0500] "GET /sipse/faces/javax.faces.resource/primefaces.js?ln=primefaces&v=4.0 HTTP/1.1" 304 -
200.118.16.147 - - [15/Feb/2024:01:21:17 -0500] "GET /sipse/faces/javax.faces.resource/layout/layout.js?ln=primefaces&v=4.0 HTTP/1.1" 304 -
200.118.16.147 - - [15/Feb/2024:01:21:17 -0500] "POST /sipse/faces/presentacion/sistema/reporte/listarReportes.xhtml HTTP/1.1" 200 27046
200.118.16.147 - - [15/Feb/2024:01:21:17 -0500] "POST /sipse/faces/presentacion/sistema/reporte/listarReportes.xhtml HTTP/1.1" 200 27046
200.118.16.147 - - [15/Feb/2024:01:21:19 -0500] "POST /sipse/faces/presentacion/sistema/reporte/listarReportes.xhtml HTTP/1.1" 200 22359
200.118.16.147 - - [15/Feb/2024:01:21:19 -0500] "GET /sipse/faces/javax.faces.resource/jquery/jquery.js?ln=primefaces&v=4.0 HTTP/1.1" 304 -
200.118.16.147 - - [15/Feb/2024:01:21:19 -0500] "GET /sipse/faces/javax.faces.resource/jquery/jquery-plugins.js?ln=primefaces&v=4.0 HTTP/1.1" 304 -
200.118.16.147 - - [15/Feb/2024:01:21:19 -0500] "GET /sipse/faces/javax.faces.resource/layout/layout.js?ln=primefaces&v=4.0 HTTP/1.1" 304 -
200.118.16.147 - - [15/Feb/2024:01:21:19 -0500] "GET /sipse/faces/javax.faces.resource/primefaces.js?ln=primefaces&v=4.0 HTTP/1.1" 304 -
200.118.16.147 - - [15/Feb/2024:01:21:19 -0500] "GET /sipse/faces/javax.faces.resource/layout/layout.css?ln=primefaces&v=4.0 HTTP/1.1" 200 542
200.118.16.147 - - [15/Feb/2024:01:21:19 -0500] "GET /sipse/faces/javax.faces.resource/primefaces.css?ln=primefaces&v=4.0 HTTP/1.1" 200 53295
200.118.16.147 - - [15/Feb/2024:01:21:19 -0500] "GET /sipse/faces/javax.faces.resource/theme.css?ln=primefaces-sipse HTTP/1.1" 200 50058
200.118.16.147 - - [15/Feb/2024:01:21:19 -0500] "GET /sipse/faces/javax.faces.resource/images/ui-icons_898989_256x240.png?ln=primefaces-aristo HTTP/1.1" 304 -
18.208.213.242 - - [15/Feb/2024:01:21:33 -0500] "GET /robots.txt HTTP/1.1" 404 1018
18.208.213.242 - - [15/Feb/2024:01:21:33 -0500] "GET /galeria/galeria/fotos/Humedal-techo1P.jpg HTTP/1.1" 200 33428
216.245.221.92 - - [15/Feb/2024:01:22:15 -0500] "HEAD / HTTP/1.1" 200 -
45.79.168.172 - - [15/Feb/2024:01:22:20 -0500] "GET / HTTP/1.1" 200 319
45.79.181.179 - - [15/Feb/2024:01:22:43 -0500] "GET / HTTP/1.1" 200 319
18.208.213.242 - - [15/Feb/2024:01:22:53 -0500] "GET /robots.txt HTTP/1.1" 404 1018
18.208.213.242 - - [15/Feb/2024:01:22:54 -0500] "GET /galeria/galeria/fotos/Humedal-techo3P.jpg HTTP/1.1" 200 8516
172.22.2.4 - - [15/Feb/2024:01:21:17 -0500] "HEAD /BLA/boletinlegal/ HTTP/1.1" 200 -
201.245.192.253 - - [15/Feb/2024:01:22:56 -0500] "POST /kwsrmcab/Wsrmcab  HTTP/1.1" 200 37396
200.118.16.147 - - [15/Feb/2024:01:23:34 -0500] "GET /sipse/faces/javax.faces.resource/images/ui-bg_flat_0_2d5972_40x100.png?ln=primefaces-aristo HTTP/1.1" 304 -
200.118.16.147 - - [15/Feb/2024:01:23:34 -0500] "POST /sipse/faces/presentacion/sistema/reporte/ventanaVerReporteParametros.xhtml HTTP/1.1" 200 39775
200.118.16.147 - - [15/Feb/2024:01:23:34 -0500] "GET /sipse/faces/javax.faces.resource/jquery/jquery.js?ln=primefaces&v=4.0 HTTP/1.1" 304 -
200.118.16.147 - - [15/Feb/2024:01:23:34 -0500] "GET /sipse/faces/javax.faces.resource/jquery/jquery-plugins.js?ln=primefaces&v=4.0 HTTP/1.1" 304 -
200.118.16.147 - - [15/Feb/2024:01:23:34 -0500] "GET /sipse/faces/javax.faces.resource/primefaces.js?ln=primefaces&v=4.0 HTTP/1.1" 304 -
200.118.16.147 - - [15/Feb/2024:01:23:34 -0500] "GET /sipse/faces/javax.faces.resource/layout/layout.js?ln=primefaces&v=4.0 HTTP/1.1" 304 -
200.118.16.147 - - [15/Feb/2024:01:23:34 -0500] "POST /sipse/faces/presentacion/financiero/solicitudProceso/listarSolicitudProceso.xhtml HTTP/1.1" 200 1392
200.118.16.147 - - [15/Feb/2024:01:23:36 -0500] "POST /sipse/faces/presentacion/financiero/solicitudProceso/listarSolicitudProceso.xhtml HTTP/1.1" 200 144741
200.118.16.147 - - [15/Feb/2024:01:23:37 -0500] "GET /sipse/faces/javax.faces.resource/jquery/jquery.js?ln=primefaces&v=4.0 HTTP/1.1" 304 -
200.118.16.147 - - [15/Feb/2024:01:23:37 -0500] "GET /sipse/faces/javax.faces.resource/jquery/jquery-plugins.js?ln=primefaces&v=4.0 HTTP/1.1" 304 -
