52.70.240.171 - - [23/Feb/2024:00:41:54 -0500] "GET /BLA/resoluciones/AUTOS%202017/0443.pdf HTTP/1.1" 200 665962
23.22.35.162 - - [23/Feb/2024:00:41:56 -0500] "GET /BLA/resoluciones/AUTOS%202017/4362.pdf HTTP/1.1" 200 527247
52.70.240.171 - - [23/Feb/2024:00:42:00 -0500] "GET /BLA/resoluciones/AUTOS%202017/3061.pdf HTTP/1.1" 200 290325
23.22.35.162 - - [23/Feb/2024:00:42:06 -0500] "GET /BLA/resoluciones/AUTOS%202017/2214.pdf HTTP/1.1" 200 461643
23.22.35.162 - - [23/Feb/2024:00:42:07 -0500] "GET /BLA/resoluciones/AUTOS%202017/4717.pdf HTTP/1.1" 200 275688
201.245.192.253 - - [23/Feb/2024:00:42:08 -0500] "POST /forms/lservlet;jsessionid=ac16012b30d65944fe978afe447f8630f37f4d10f40c.e3iSbxaKaheRe34NaNuLc30MaN90n6jAmljGr5XDqQLvpAe HTTP/1.1" 200 2
52.70.240.171 - - [23/Feb/2024:00:42:12 -0500] "GET /BLA/resoluciones/AUTOS%202017/1332.pdf HTTP/1.1" 200 309642
3.224.220.101 - - [23/Feb/2024:00:42:15 -0500] "GET /BLA/resoluciones/AUTOS%202017/3278.pdf HTTP/1.1" 200 3092009
3.224.220.101 - - [23/Feb/2024:00:42:20 -0500] "GET /BLA/resoluciones/AUTOS%202017/0667.pdf HTTP/1.1" 200 1047973
216.245.221.92 - - [23/Feb/2024:00:42:21 -0500] "HEAD / HTTP/1.1" 200 -
52.70.240.171 - - [23/Feb/2024:00:42:23 -0500] "GET /BLA/resoluciones/AUTOS%202017/3111.pdf HTTP/1.1" 200 285496
52.70.240.171 - - [23/Feb/2024:00:42:28 -0500] "GET /BLA/resoluciones/AUTOS%202017/5185.pdf HTTP/1.1" 200 1417696
23.22.35.162 - - [23/Feb/2024:00:42:32 -0500] "GET /BLA/resoluciones/AUTOS%202017/1921.pdf HTTP/1.1" 200 462028
52.70.240.171 - - [23/Feb/2024:00:42:35 -0500] "GET /BLA/resoluciones/AUTOS%202017/4764.pdf HTTP/1.1" 200 271797
66.249.77.10 - - [23/Feb/2024:00:42:39 -0500] "GET /resoluciones/RESOLUCIONES%202007/RES%202007%203101%20AL%203200/RESOLUCION%203170%20%20DE%202007.pdf HTTP/1.1" 404 1018
52.70.240.171 - - [23/Feb/2024:00:42:40 -0500] "GET /BLA/resoluciones/AUTOS%202017/2985.pdf HTTP/1.1" 200 259263
172.22.2.4 - - [23/Feb/2024:00:41:01 -0500] "HEAD /BLA/boletinlegal/ HTTP/1.1" 200 -
3.224.220.101 - - [23/Feb/2024:00:42:42 -0500] "GET /BLA/resoluciones/AUTOS%202017/1790.pdf HTTP/1.1" 200 285994
3.224.220.101 - - [23/Feb/2024:00:42:46 -0500] "GET /BLA/resoluciones/AUTOS%202017/2527.pdf HTTP/1.1" 200 352670
3.224.220.101 - - [23/Feb/2024:00:42:52 -0500] "GET /BLA/resoluciones/AUTOS%202017/1549.pdf HTTP/1.1" 200 287186
23.22.35.162 - - [23/Feb/2024:00:42:57 -0500] "GET /BLA/resoluciones/AUTOS%202017/3522.pdf HTTP/1.1" 200 1428448
52.70.240.171 - - [23/Feb/2024:00:43:00 -0500] "GET /BLA/resoluciones/AUTOS%202017/1662.pdf HTTP/1.1" 200 277326
23.22.35.162 - - [23/Feb/2024:00:43:03 -0500] "GET /BLA/resoluciones/AUTOS%202017/1251.pdf HTTP/1.1" 200 409678
3.224.220.101 - - [23/Feb/2024:00:43:06 -0500] "GET /BLA/resoluciones/AUTOS%202017/0997.pdf HTTP/1.1" 200 366840
3.224.220.101 - - [23/Feb/2024:00:43:10 -0500] "GET /BLA/resoluciones/AUTOS%202017/0911.pdf HTTP/1.1" 200 786123
23.22.35.162 - - [23/Feb/2024:00:43:18 -0500] "GET /BLA/resoluciones/AUTOS%202017/2446.pdf HTTP/1.1" 200 337372
52.70.240.171 - - [23/Feb/2024:00:43:19 -0500] "GET /BLA/resoluciones/AUTOS%202017/2470.pdf HTTP/1.1" 200 495084
52.70.240.171 - - [23/Feb/2024:00:43:23 -0500] "GET /BLA/resoluciones/AUTOS%202017/0128.pdf HTTP/1.1" 200 249347
3.224.220.101 - - [23/Feb/2024:00:43:26 -0500] "GET /BLA/resoluciones/AUTOS%202017/2640.pdf HTTP/1.1" 200 296305
3.224.220.101 - - [23/Feb/2024:00:43:30 -0500] "GET /BLA/resoluciones/AUTOS%202017/4458.pdf HTTP/1.1" 200 254220
172.22.2.4 - - [23/Feb/2024:00:41:52 -0500] "GET /BLA/boletinlegal/ HTTP/1.1" 200 58720
52.70.240.171 - - [23/Feb/2024:00:43:37 -0500] "GET /BLA/resoluciones/AUTOS%202017/4047.pdf HTTP/1.1" 200 286733
3.224.220.101 - - [23/Feb/2024:00:43:40 -0500] "GET /BLA/resoluciones/AUTOS%202017/0586.pdf HTTP/1.1" 200 310781
52.70.240.171 - - [23/Feb/2024:00:43:45 -0500] "GET /BLA/resoluciones/AUTOS%202017/2857.pdf HTTP/1.1" 200 952017
23.22.35.162 - - [23/Feb/2024:00:43:49 -0500] "GET /BLA/resoluciones/AUTOS%202017/4636.pdf HTTP/1.1" 200 333606
23.22.35.162 - - [23/Feb/2024:00:43:52 -0500] "GET /BLA/resoluciones/AUTOS%202017/0741.pdf HTTP/1.1" 200 2956963
3.224.220.101 - - [23/Feb/2024:00:43:54 -0500] "GET /BLA/resoluciones/AUTOS%202017/4330.pdf HTTP/1.1" 200 264114
3.224.220.101 - - [23/Feb/2024:00:43:59 -0500] "GET /BLA/resoluciones/AUTOS%202017/2598.pdf HTTP/1.1" 200 286682
52.70.240.171 - - [23/Feb/2024:00:44:03 -0500] "GET /BLA/resoluciones/AUTOS%202017/2687.pdf HTTP/1.1" 200 380183
23.22.35.162 - - [23/Feb/2024:00:44:06 -0500] "GET /BLA/resoluciones/AUTOS%202017/2512.pdf HTTP/1.1" 200 273155
201.245.192.253 - - [23/Feb/2024:00:44:08 -0500] "POST /forms/lservlet;jsessionid=ac16012b30d65944fe978afe447f8630f37f4d10f40c.e3iSbxaKaheRe34NaNuLc30MaN90n6jAmljGr5XDqQLvpAe HTTP/1.1" 200 2
52.70.240.171 - - [23/Feb/2024:00:44:10 -0500] "GET /BLA/resoluciones/AUTOS%202017/3626.pdf HTTP/1.1" 200 267029
52.70.240.171 - - [23/Feb/2024:00:44:14 -0500] "GET /BLA/resoluciones/AUTOS%202017/0113.pdf HTTP/1.1" 200 534641
23.22.35.162 - - [23/Feb/2024:00:44:21 -0500] "GET /BLA/resoluciones/AUTOS%202017/4288.pdf HTTP/1.1" 200 268044
52.70.240.171 - - [23/Feb/2024:00:44:27 -0500] "GET /BLA/resoluciones/AUTOS%202017/2970.pdf HTTP/1.1" 200 365672
52.70.240.171 - - [23/Feb/2024:00:44:29 -0500] "GET /BLA/resoluciones/AUTOS%202017/1162.pdf HTTP/1.1" 200 287718
52.70.240.171 - - [23/Feb/2024:00:44:33 -0500] "GET /BLA/resoluciones/AUTOS%202017/0369.pdf HTTP/1.1" 200 303796
52.70.240.171 - - [23/Feb/2024:00:44:36 -0500] "GET /BLA/resoluciones/AUTOS%202017/2342.pdf HTTP/1.1" 200 282581
52.70.240.171 - - [23/Feb/2024:00:44:40 -0500] "GET /BLA/resoluciones/AUTOS%202017/2059.pdf HTTP/1.1" 200 284903
3.224.220.101 - - [23/Feb/2024:00:44:42 -0500] "GET /BLA/resoluciones/AUTOS%202017/0926.pdf HTTP/1.1" 200 525705
23.22.35.162 - - [23/Feb/2024:00:44:50 -0500] "GET /BLA/resoluciones/AUTOS%202017/3391.pdf HTTP/1.1" 200 302983
23.22.35.162 - - [23/Feb/2024:00:44:52 -0500] "GET /BLA/resoluciones/AUTOS%202017/2431.pdf HTTP/1.1" 200 612355
66.249.77.10 - - [23/Feb/2024:00:44:55 -0500] "GET /BLA/resoluciones/RESOLUCIONES%202012/0717.pdf HTTP/1.1" 200 176594
23.22.35.162 - - [23/Feb/2024:00:44:56 -0500] "GET /BLA/resoluciones/AUTOS%202017/5227.pdf HTTP/1.1" 200 366780
3.224.220.101 - - [23/Feb/2024:00:44:58 -0500] "GET /BLA/resoluciones/AUTOS%202017/1677.pdf HTTP/1.1" 200 397314
52.70.240.171 - - [23/Feb/2024:00:45:02 -0500] "GET /BLA/resoluciones/AUTOS%202017/3197.pdf HTTP/1.1" 200 324522
3.224.220.101 - - [23/Feb/2024:00:45:07 -0500] "GET /BLA/resoluciones/AUTOS%202017/0571.pdf HTTP/1.1" 200 836919
186.81.180.130 - - [23/Feb/2024:00:45:09 -0500] "GET /guadalupe-aguanoso-y-otros-senderos-disponibles-para-el-disfrute-de-los-ciudadanos.html?fbclid=IwAR3_tfcG8MGrvmVMINjgMAILugnDlz1MmrAj1Ig8Le8gOhc8ga40yDOSOXs HTTP/1.1" 200 873
3.224.220.101 - - [23/Feb/2024:00:45:12 -0500] "GET /BLA/resoluciones/AUTOS%202017/3367.pdf HTTP/1.1" 200 322429
52.70.240.171 - - [23/Feb/2024:00:45:15 -0500] "GET /BLA/resoluciones/AUTOS%202017/1766.pdf HTTP/1.1" 200 1485990
3.224.220.101 - - [23/Feb/2024:00:45:24 -0500] "GET /BLA/resoluciones/AUTOS%202017/0265.pdf HTTP/1.1" 200 625782
3.224.220.101 - - [23/Feb/2024:00:45:27 -0500] "GET /BLA/resoluciones/AUTOS%202017/3176.pdf HTTP/1.1" 200 258588
23.22.35.162 - - [23/Feb/2024:00:45:32 -0500] "GET /BLA/resoluciones/AUTOS%202017/2548.pdf HTTP/1.1" 200 351876
52.70.240.171 - - [23/Feb/2024:00:45:37 -0500] "GET /BLA/resoluciones/AUTOS%202017/3607.pdf HTTP/1.1" 200 281618
23.22.35.162 - - [23/Feb/2024:00:45:41 -0500] "GET /BLA/resoluciones/AUTOS%202017/2840.pdf HTTP/1.1" 200 404396
3.224.220.101 - - [23/Feb/2024:00:45:42 -0500] "GET /BLA/resoluciones/AUTOS%202017/1668.pdf HTTP/1.1" 200 296665
52.70.240.171 - - [23/Feb/2024:00:45:46 -0500] "GET /BLA/resoluciones/AUTOS%202017/1219.pdf HTTP/1.1" 200 291537
23.22.35.162 - - [23/Feb/2024:00:45:48 -0500] "GET /BLA/resoluciones/AUTOS%202017/1273.pdf HTTP/1.1" 200 340533
23.22.35.162 - - [23/Feb/2024:00:45:50 -0500] "GET /BLA/resoluciones/AUTOS%202017/3097.pdf HTTP/1.1" 200 449039
168.119.253.69 - - [23/Feb/2024:00:45:54 -0500] "GET / HTTP/1.1" 200 4720
186.84.91.94 - - [23/Feb/2024:00:45:54 -0500] "GET /guadalupe-aguanoso-y-otros-senderos-disponibles-para-el-disfrute-de-los-ciudadanos.html?fbclid=IwAR16BspP9Y0mUOOonw8_7kU5o7RDbQGhXjJpA06Z5VBENtSUAg1XUJXqiNw HTTP/1.1" 200 873
52.70.240.171 - - [23/Feb/2024:00:45:54 -0500] "GET /BLA/resoluciones/AUTOS%202017/0730.pdf HTTP/1.1" 200 310087
23.22.35.162 - - [23/Feb/2024:00:46:00 -0500] "GET /BLA/resoluciones/AUTOS%202017/3684.pdf HTTP/1.1" 200 293586
23.22.35.162 - - [23/Feb/2024:00:46:02 -0500] "GET /BLA/resoluciones/AUTOS%202017/3599.pdf HTTP/1.1" 200 280591
3.224.220.101 - - [23/Feb/2024:00:46:06 -0500] "GET /BLA/resoluciones/AUTOS%202017/5292.pdf HTTP/1.1" 200 277051
201.245.192.253 - - [23/Feb/2024:00:46:08 -0500] "POST /forms/lservlet;jsessionid=ac16012b30d65944fe978afe447f8630f37f4d10f40c.e3iSbxaKaheRe34NaNuLc30MaN90n6jAmljGr5XDqQLvpAe HTTP/1.1" 200 2
3.224.220.101 - - [23/Feb/2024:00:46:13 -0500] "GET /BLA/resoluciones/AUTOS%202017/1102.pdf HTTP/1.1" 200 284258
3.224.220.101 - - [23/Feb/2024:00:46:16 -0500] "GET /BLA/resoluciones/AUTOS%202017/3428.pdf HTTP/1.1" 200 711555
23.22.35.162 - - [23/Feb/2024:00:46:20 -0500] "GET /BLA/resoluciones/AUTOS%202017/2153.pdf HTTP/1.1" 200 847466
23.22.35.162 - - [23/Feb/2024:00:46:24 -0500] "GET /BLA/resoluciones/AUTOS%202017/0009.pdf HTTP/1.1" 200 630835
52.70.240.171 - - [23/Feb/2024:00:46:26 -0500] "GET /BLA/resoluciones/AUTOS%202017/3763.pdf HTTP/1.1" 200 276689
23.22.35.162 - - [23/Feb/2024:00:46:32 -0500] "GET /BLA/resoluciones/AUTOS%202017/4521.pdf HTTP/1.1" 200 711301
23.22.35.162 - - [23/Feb/2024:00:46:35 -0500] "GET /BLA/resoluciones/AUTOS%202017/3182.pdf HTTP/1.1" 200 275845
3.224.220.101 - - [23/Feb/2024:00:46:38 -0500] "GET /BLA/resoluciones/AUTOS%202017/2798.pdf HTTP/1.1" 200 3789298
162.55.171.94 - - [23/Feb/2024:00:46:41 -0500] "GET / HTTP/1.1" 200 4720
3.224.220.101 - - [23/Feb/2024:00:46:42 -0500] "GET /BLA/resoluciones/AUTOS%202017/1747.pdf HTTP/1.1" 200 267696
23.22.35.162 - - [23/Feb/2024:00:46:48 -0500] "GET /BLA/resoluciones/AUTOS%202017/3720.pdf HTTP/1.1" 200 766473
52.70.240.171 - - [23/Feb/2024:00:46:53 -0500] "GET /BLA/resoluciones/AUTOS%202017/1860.pdf HTTP/1.1" 200 1090592
23.22.35.162 - - [23/Feb/2024:00:46:56 -0500] "GET /BLA/resoluciones/AUTOS%202017/0702.pdf HTTP/1.1" 200 488178
3.224.220.101 - - [23/Feb/2024:00:46:58 -0500] "GET /BLA/resoluciones/AUTOS%202017/0109.pdf HTTP/1.1" 200 526451
52.70.240.171 - - [23/Feb/2024:00:47:03 -0500] "GET /BLA/resoluciones/AUTOS%202017/5042.pdf HTTP/1.1" 200 258700
3.224.220.101 - - [23/Feb/2024:00:47:06 -0500] "GET /BLA/resoluciones/AUTOS%202017/2003.pdf HTTP/1.1" 200 605315
52.70.240.171 - - [23/Feb/2024:00:47:11 -0500] "GET /BLA/resoluciones/AUTOS%202017/3613.pdf HTTP/1.1" 200 279167
52.70.240.171 - - [23/Feb/2024:00:47:16 -0500] "GET /BLA/resoluciones/AUTOS%202017/1719.pdf HTTP/1.1" 200 3467246
52.70.240.171 - - [23/Feb/2024:00:47:18 -0500] "GET /BLA/resoluciones/AUTOS%202017/4843.pdf HTTP/1.1" 200 273632
216.245.221.92 - - [23/Feb/2024:00:47:21 -0500] "HEAD / HTTP/1.1" 200 -
3.224.220.101 - - [23/Feb/2024:00:47:22 -0500] "GET /BLA/resoluciones/AUTOS%202017/2046.pdf HTTP/1.1" 200 710108
3.224.220.101 - - [23/Feb/2024:00:47:27 -0500] "GET /BLA/resoluciones/AUTOS%202017/1932.pdf HTTP/1.1" 200 496987
3.224.220.101 - - [23/Feb/2024:00:47:34 -0500] "GET /BLA/resoluciones/AUTOS%202017/0186.pdf HTTP/1.1" 200 513015
3.224.220.101 - - [23/Feb/2024:00:47:38 -0500] "GET /BLA/resoluciones/AUTOS%202017/2983.pdf HTTP/1.1" 200 2893635
23.22.35.162 - - [23/Feb/2024:00:47:41 -0500] "GET /BLA/resoluciones/AUTOS%202017/3541.pdf HTTP/1.1" 200 322010
3.224.220.101 - - [23/Feb/2024:00:47:43 -0500] "GET /BLA/resoluciones/AUTOS%202017/1753.pdf HTTP/1.1" 200 333952
3.224.220.101 - - [23/Feb/2024:00:47:46 -0500] "GET /BLA/resoluciones/AUTOS%202017/0143.pdf HTTP/1.1" 200 303527
23.22.35.162 - - [23/Feb/2024:00:47:50 -0500] "GET /BLA/resoluciones/AUTOS%202017/0037.pdf HTTP/1.1" 200 443356
23.22.35.162 - - [23/Feb/2024:00:47:55 -0500] "GET /BLA/resoluciones/AUTOS%202017/5221.pdf HTTP/1.1" 200 339455
3.224.220.101 - - [23/Feb/2024:00:48:01 -0500] "GET /BLA/resoluciones/AUTOS%202017/2727.pdf HTTP/1.1" 200 277425
23.22.35.162 - - [23/Feb/2024:00:48:05 -0500] "GET /BLA/resoluciones/AUTOS%202017/1681.pdf HTTP/1.1" 200 378449
3.224.220.101 - - [23/Feb/2024:00:48:06 -0500] "GET /BLA/resoluciones/AUTOS%202017/2655.pdf HTTP/1.1" 200 1084560
201.245.192.253 - - [23/Feb/2024:00:48:08 -0500] "POST /forms/lservlet;jsessionid=ac16012b30d65944fe978afe447f8630f37f4d10f40c.e3iSbxaKaheRe34NaNuLc30MaN90n6jAmljGr5XDqQLvpAe HTTP/1.1" 200 2
3.224.220.101 - - [23/Feb/2024:00:48:10 -0500] "GET /BLA/resoluciones/AUTOS%202017/5036.pdf HTTP/1.1" 200 739783
52.70.240.171 - - [23/Feb/2024:00:48:17 -0500] "GET /BLA/resoluciones/AUTOS%202017/1710.pdf HTTP/1.1" 200 442014
3.224.220.101 - - [23/Feb/2024:00:48:18 -0500] "GET /BLA/resoluciones/AUTOS%202017/1647.pdf HTTP/1.1" 200 594239
52.70.240.171 - - [23/Feb/2024:00:48:24 -0500] "GET /BLA/resoluciones/AUTOS%202017/2010.pdf HTTP/1.1" 200 829583
3.224.220.101 - - [23/Feb/2024:00:48:28 -0500] "GET /BLA/resoluciones/AUTOS%202017/2125.pdf HTTP/1.1" 200 364228
172.22.2.4 - - [23/Feb/2024:00:46:51 -0500] "HEAD /BLA/boletinlegal/ HTTP/1.1" 200 -
23.22.35.162 - - [23/Feb/2024:00:48:32 -0500] "GET /BLA/resoluciones/AUTOS%202017/0795.pdf HTTP/1.1" 200 724781
23.22.35.162 - - [23/Feb/2024:00:48:35 -0500] "GET /BLA/resoluciones/AUTOS%202017/2955.pdf HTTP/1.1" 200 220584
52.70.240.171 - - [23/Feb/2024:00:48:41 -0500] "GET /BLA/resoluciones/AUTOS%202017/2912.pdf HTTP/1.1" 200 2390744
3.224.220.101 - - [23/Feb/2024:00:48:44 -0500] "GET /BLA/resoluciones/AUTOS%202017/3248.pdf HTTP/1.1" 200 308107
23.22.35.162 - - [23/Feb/2024:00:48:46 -0500] "GET /BLA/resoluciones/AUTOS%202017/2698.pdf HTTP/1.1" 200 274902
52.70.240.171 - - [23/Feb/2024:00:48:53 -0500] "GET /BLA/resoluciones/AUTOS%202017/4815.pdf HTTP/1.1" 200 291871
3.224.220.101 - - [23/Feb/2024:00:48:55 -0500] "GET /BLA/resoluciones/AUTOS%202017/4299.pdf HTTP/1.1" 200 307380
23.22.35.162 - - [23/Feb/2024:00:49:00 -0500] "GET /BLA/resoluciones/AUTOS%202017/2396.pdf HTTP/1.1" 200 442470
3.224.220.101 - - [23/Feb/2024:00:49:03 -0500] "GET /BLA/resoluciones/AUTOS%202017/1173.pdf HTTP/1.1" 200 302011
23.22.35.162 - - [23/Feb/2024:00:49:07 -0500] "GET /BLA/resoluciones/AUTOS%202017/2305.pdf HTTP/1.1" 200 336059
23.22.35.162 - - [23/Feb/2024:00:49:13 -0500] "GET /BLA/resoluciones/AUTOS%202017/0402.pdf HTTP/1.1" 200 483195
52.70.240.171 - - [23/Feb/2024:00:49:17 -0500] "GET /BLA/resoluciones/AUTOS%202017/4262.pdf HTTP/1.1" 200 3522492
52.70.240.171 - - [23/Feb/2024:00:49:19 -0500] "GET /BLA/resoluciones/AUTOS%202017/3963.pdf HTTP/1.1" 200 283174
172.22.2.4 - - [23/Feb/2024:00:47:42 -0500] "GET /BLA/boletinlegal/ HTTP/1.1" 200 58273
3.224.220.101 - - [23/Feb/2024:00:49:22 -0500] "GET /BLA/resoluciones/AUTOS%202017/5216.pdf HTTP/1.1" 200 316120
3.224.220.101 - - [23/Feb/2024:00:49:27 -0500] "GET /BLA/resoluciones/AUTOS%202017/0293.pdf HTTP/1.1" 200 792987
3.224.220.101 - - [23/Feb/2024:00:49:32 -0500] "GET /BLA/resoluciones/AUTOS%202017/5259.pdf HTTP/1.1" 200 354088
190.26.164.125 - - [23/Feb/2024:00:49:35 -0500] "POST /sipse/faces/presentacion/financiero/solicitudProceso/listarSolicitudProceso.xhtml HTTP/1.1" 200 22850
52.70.240.171 - - [23/Feb/2024:00:49:36 -0500] "GET /BLA/resoluciones/AUTOS%202017/1317.pdf HTTP/1.1" 200 288869
52.70.240.171 - - [23/Feb/2024:00:49:39 -0500] "GET /BLA/resoluciones/AUTOS%202017/0767.pdf HTTP/1.1" 200 340950
23.22.35.162 - - [23/Feb/2024:00:49:43 -0500] "GET /BLA/resoluciones/AUTOS%202017/2661.pdf HTTP/1.1" 200 728182
3.224.220.101 - - [23/Feb/2024:00:49:47 -0500] "GET /BLA/resoluciones/AUTOS%202017/1996.pdf HTTP/1.1" 200 324568
3.224.220.101 - - [23/Feb/2024:00:49:52 -0500] "GET /BLA/resoluciones/AUTOS%202017/2289.pdf HTTP/1.1" 200 1221346
23.22.35.162 - - [23/Feb/2024:00:49:56 -0500] "GET /BLA/resoluciones/AUTOS%202017/2196.pdf HTTP/1.1" 200 434357
23.22.35.162 - - [23/Feb/2024:00:50:01 -0500] "GET /BLA/resoluciones/AUTOS%202017/0300.pdf HTTP/1.1" 200 599461
52.70.240.171 - - [23/Feb/2024:00:50:04 -0500] "GET /BLA/resoluciones/AUTOS%202017/3909.pdf HTTP/1.1" 200 1438743
201.245.192.253 - - [23/Feb/2024:00:50:08 -0500] "POST /forms/lservlet;jsessionid=ac16012b30d65944fe978afe447f8630f37f4d10f40c.e3iSbxaKaheRe34NaNuLc30MaN90n6jAmljGr5XDqQLvpAe HTTP/1.1" 200 2
23.22.35.162 - - [23/Feb/2024:00:50:11 -0500] "GET /BLA/resoluciones/AUTOS%202017/5285.pdf HTTP/1.1" 200 271781
23.22.35.162 - - [23/Feb/2024:00:50:17 -0500] "GET /BLA/resoluciones/AUTOS%202017/0724.pdf HTTP/1.1" 200 723460
23.22.35.162 - - [23/Feb/2024:00:50:19 -0500] "GET /BLA/resoluciones/AUTOS%202017/1351.pdf HTTP/1.1" 200 542478
23.22.35.162 - - [23/Feb/2024:00:50:24 -0500] "GET /BLA/resoluciones/AUTOS%202017/5242.pdf HTTP/1.1" 200 405790
3.224.220.101 - - [23/Feb/2024:00:50:26 -0500] "GET /BLA/resoluciones/AUTOS%202017/3033.pdf HTTP/1.1" 200 302112
52.70.240.171 - - [23/Feb/2024:00:50:26 -0500] "GET /BLA/resoluciones/AUTOS%202017/3899.pdf HTTP/1.1" 200 342279
23.22.35.162 - - [23/Feb/2024:00:50:31 -0500] "GET /BLA/resoluciones/AUTOS%202017/1130.pdf HTTP/1.1" 200 279230
52.70.240.171 - - [23/Feb/2024:00:50:37 -0500] "GET /BLA/resoluciones/AUTOS%202017/0902.pdf HTTP/1.1" 200 1352755
23.22.35.162 - - [23/Feb/2024:00:50:40 -0500] "GET /BLA/resoluciones/AUTOS%202017/0945.pdf HTTP/1.1" 200 565074
52.70.240.171 - - [23/Feb/2024:00:50:42 -0500] "GET /BLA/resoluciones/AUTOS%202017/3900.pdf HTTP/1.1" 200 622217
3.224.220.101 - - [23/Feb/2024:00:50:46 -0500] "GET /BLA/resoluciones/AUTOS%202017/2333.pdf HTTP/1.1" 200 349396
52.70.240.171 - - [23/Feb/2024:00:50:51 -0500] "GET /BLA/resoluciones/AUTOS%202017/5279.pdf HTTP/1.1" 200 342976
23.22.35.162 - - [23/Feb/2024:00:50:57 -0500] "GET /BLA/resoluciones/AUTOS%202017/2740.pdf HTTP/1.1" 200 259744
3.224.220.101 - - [23/Feb/2024:00:51:02 -0500] "GET /BLA/resoluciones/AUTOS%202017/2368.pdf HTTP/1.1" 200 2766333
52.70.240.171 - - [23/Feb/2024:00:51:02 -0500] "GET /BLA/resoluciones/AUTOS%202017/1430.pdf HTTP/1.1" 200 353334
23.22.35.162 - - [23/Feb/2024:00:51:07 -0500] "GET /BLA/resoluciones/AUTOS%202017/1325.pdf HTTP/1.1" 200 332577
23.22.35.162 - - [23/Feb/2024:00:51:12 -0500] "GET /BLA/resoluciones/AUTOS%202017/0880.pdf HTTP/1.1" 200 542198
3.224.220.101 - - [23/Feb/2024:00:51:14 -0500] "GET /BLA/resoluciones/AUTOS%202017/2074.pdf HTTP/1.1" 200 457258
52.70.240.171 - - [23/Feb/2024:00:51:19 -0500] "GET /BLA/resoluciones/AUTOS%202017/2481.pdf HTTP/1.1" 200 221697
3.224.220.101 - - [23/Feb/2024:00:51:22 -0500] "GET /BLA/resoluciones/AUTOS%202017/1503.pdf HTTP/1.1" 200 503532
52.70.240.171 - - [23/Feb/2024:00:51:26 -0500] "GET /BLA/resoluciones/AUTOS%202021/4609.pdf HTTP/1.1" 200 349537
3.224.220.101 - - [23/Feb/2024:00:51:30 -0500] "GET /BLA/resoluciones/AUTOS%202021/2192.pdf HTTP/1.1" 200 631528
23.22.35.162 - - [23/Feb/2024:00:51:36 -0500] "GET /BLA/resoluciones/AUTOS%202017/2890.pdf HTTP/1.1" 200 273962
3.224.220.101 - - [23/Feb/2024:00:51:38 -0500] "GET /BLA/resoluciones/AUTOS%202021/0272.pdf HTTP/1.1" 200 400733
17.241.227.126 - - [23/Feb/2024:00:51:42 -0500] "GET /temporada-de-tinguas-y-mas-aves-migratorias-como-y-donde-reportarlas-si-las-ves-heridas-o-desorientadas.html HTTP/1.1" 200 784
3.224.220.101 - - [23/Feb/2024:00:51:42 -0500] "GET /BLA/resoluciones/AUTOS%202017/5293.pdf HTTP/1.1" 200 301848
52.70.240.171 - - [23/Feb/2024:00:51:49 -0500] "GET /BLA/resoluciones/AUTOS%202017/4909.pdf HTTP/1.1" 200 870534
52.70.240.171 - - [23/Feb/2024:00:51:51 -0500] "GET /BLA/resoluciones/AUTOS%202017/2605.pdf HTTP/1.1" 200 371638
52.70.240.171 - - [23/Feb/2024:00:51:54 -0500] "GET /BLA/resoluciones/AUTOS%202017/1975.pdf HTTP/1.1" 200 286476
52.70.240.171 - - [23/Feb/2024:00:51:59 -0500] "GET /BLA/resoluciones/AUTOS%202017/2533.pdf HTTP/1.1" 200 261695
3.224.220.101 - - [23/Feb/2024:00:52:02 -0500] "GET /BLA/resoluciones/AUTOS%202017/2281.pdf HTTP/1.1" 200 335902
3.224.220.101 - - [23/Feb/2024:00:52:06 -0500] "GET /BLA/resoluciones/AUTOS%202017/2089.pdf HTTP/1.1" 200 312363
201.245.192.253 - - [23/Feb/2024:00:52:08 -0500] "POST /forms/lservlet;jsessionid=ac16012b30d65944fe978afe447f8630f37f4d10f40c.e3iSbxaKaheRe34NaNuLc30MaN90n6jAmljGr5XDqQLvpAe HTTP/1.1" 200 2
3.224.220.101 - - [23/Feb/2024:00:52:12 -0500] "GET /BLA/resoluciones/AUTOS%202017/4214.pdf HTTP/1.1" 200 282335
23.22.35.162 - - [23/Feb/2024:00:52:15 -0500] "GET /BLA/resoluciones/AUTOS%202017/3584.pdf HTTP/1.1" 200 677316
23.22.35.162 - - [23/Feb/2024:00:52:19 -0500] "GET /BLA/resoluciones/AUTOS%202017/2612.pdf HTTP/1.1" 200 284599
216.245.221.92 - - [23/Feb/2024:00:52:21 -0500] "HEAD / HTTP/1.1" 200 -
3.224.220.101 - - [23/Feb/2024:00:52:22 -0500] "GET /BLA/resoluciones/AUTOS%202017/1002.pdf HTTP/1.1" 200 329909
66.249.77.8 - - [23/Feb/2024:00:52:22 -0500] "GET /POT-2013/SEGUIMIENTO/Microsoft%20Word%20-%20seguimiento_evaluacion%20POT%20Oct%2029.doc.pdf HTTP/1.1" 200 791863
3.224.220.101 - - [23/Feb/2024:00:52:26 -0500] "GET /BLA/resoluciones/AUTOS%202017/2999.pdf HTTP/1.1" 200 339909
66.249.77.9 - - [23/Feb/2024:00:52:31 -0500] "GET /BLA/resoluciones/RESOLUCIONES%202014/1356.pdf HTTP/1.1" 200 365140
23.22.35.162 - - [23/Feb/2024:00:52:34 -0500] "GET /BLA/resoluciones/AUTOS%202017/2761.pdf HTTP/1.1" 200 295969
52.70.240.171 - - [23/Feb/2024:00:52:34 -0500] "GET /BLA/resoluciones/AUTOS%202017/1948.pdf HTTP/1.1" 200 293323
52.70.240.171 - - [23/Feb/2024:00:52:40 -0500] "GET /BLA/resoluciones/AUTOS%202017/2168.pdf HTTP/1.1" 200 507702
3.224.220.101 - - [23/Feb/2024:00:52:43 -0500] "GET /BLA/resoluciones/AUTOS%202017/4257.pdf HTTP/1.1" 200 840442
3.224.220.101 - - [23/Feb/2024:00:52:46 -0500] "GET /BLA/resoluciones/AUTOS%202017/1117.pdf HTTP/1.1" 200 319034
52.70.240.171 - - [23/Feb/2024:00:52:53 -0500] "GET /BLA/resoluciones/AUTOS%202017/4291.pdf HTTP/1.1" 200 280206
3.224.220.101 - - [23/Feb/2024:00:52:55 -0500] "GET /BLA/resoluciones/AUTOS%202017/5265.pdf HTTP/1.1" 200 283283
66.249.77.8 - - [23/Feb/2024:00:52:57 -0500] "GET /BLA/resoluciones/RESOLUCIONES%202010/6908.pdf HTTP/1.1" 200 248065
23.22.35.162 - - [23/Feb/2024:00:52:59 -0500] "GET /BLA/resoluciones/AUTOS%202017/2862.pdf HTTP/1.1" 200 631143
23.22.35.162 - - [23/Feb/2024:00:53:04 -0500] "GET /BLA/resoluciones/AUTOS%202017/1302.pdf HTTP/1.1" 200 384845
3.224.220.101 - - [23/Feb/2024:00:53:08 -0500] "GET /BLA/resoluciones/AUTOS%202017/4892.pdf HTTP/1.1" 200 747657
52.70.240.171 - - [23/Feb/2024:00:53:10 -0500] "GET /BLA/resoluciones/AUTOS%202017/2319.pdf HTTP/1.1" 200 824223
52.70.240.171 - - [23/Feb/2024:00:53:14 -0500] "GET /BLA/resoluciones/AUTOS%202017/2310.pdf HTTP/1.1" 200 1394471
3.224.220.101 - - [23/Feb/2024:00:53:20 -0500] "GET /BLA/resoluciones/AUTOS%202017/2828.pdf HTTP/1.1" 200 311241
52.70.240.171 - - [23/Feb/2024:00:53:23 -0500] "GET /BLA/resoluciones/AUTOS%202017/1218.pdf HTTP/1.1" 200 330118
23.22.35.162 - - [23/Feb/2024:00:53:27 -0500] "GET /BLA/resoluciones/AUTOS%202017/0323.pdf HTTP/1.1" 200 349647
181.50.218.31 - - [23/Feb/2024:00:53:30 -0500] "GET /guadalupe-aguanoso-y-otros-senderos-disponibles-para-el-disfrute-de-los-ciudadanos.html?fbclid=IwAR12mGFr2ncm9No6qOCFPloKiHqGyp19uNrW5Y7M4HmS3G8Di7cNg55WGbI HTTP/1.1" 200 873
52.70.240.171 - - [23/Feb/2024:00:53:34 -0500] "GET /BLA/resoluciones/AUTOS%202017/1552.pdf HTTP/1.1" 200 299586
52.70.240.171 - - [23/Feb/2024:00:53:37 -0500] "GET /BLA/resoluciones/AUTOS%202017/3629.pdf HTTP/1.1" 200 328825
52.70.240.171 - - [23/Feb/2024:00:53:40 -0500] "GET /BLA/resoluciones/AUTOS%202017/2353.pdf HTTP/1.1" 200 259919
3.224.220.101 - - [23/Feb/2024:00:53:42 -0500] "GET /BLA/resoluciones/AUTOS%202017/1124.pdf HTTP/1.1" 200 497222
190.26.164.125 - - [23/Feb/2024:00:53:45 -0500] "POST /sipse/faces/presentacion/financiero/solicitudProceso/listarSolicitudProceso.xhtml HTTP/1.1" 200 145185
190.26.164.125 - - [23/Feb/2024:00:53:46 -0500] "GET /sipse/faces/javax.faces.resource/theme.css?ln=primefaces-sipse HTTP/1.1" 304 -
190.26.164.125 - - [23/Feb/2024:00:53:46 -0500] "GET /sipse/faces/javax.faces.resource/primefaces.css?ln=primefaces&v=4.0 HTTP/1.1" 304 -
190.26.164.125 - - [23/Feb/2024:00:53:46 -0500] "GET /sipse/faces/javax.faces.resource/layout/layout.css?ln=primefaces&v=4.0 HTTP/1.1" 304 -
190.26.164.125 - - [23/Feb/2024:00:53:46 -0500] "GET /sipse/css/imagen/contrasena.png HTTP/1.1" 404 383
190.26.164.125 - - [23/Feb/2024:00:53:46 -0500] "GET /sipse/faces/javax.faces.resource/jquery/jquery.js?ln=primefaces&v=4.0 HTTP/1.1" 304 -
190.26.164.125 - - [23/Feb/2024:00:53:46 -0500] "GET /sipse/faces/javax.faces.resource/jquery/jquery-plugins.js?ln=primefaces&v=4.0 HTTP/1.1" 304 -
3.224.220.101 - - [23/Feb/2024:00:53:46 -0500] "GET /BLA/resoluciones/AUTOS%202017/3915.pdf HTTP/1.1" 200 544712
190.26.164.125 - - [23/Feb/2024:00:53:47 -0500] "GET /sipse/faces/javax.faces.resource/primefaces.js?ln=primefaces&v=4.0 HTTP/1.1" 304 -
190.26.164.125 - - [23/Feb/2024:00:53:47 -0500] "GET /sipse/faces/javax.faces.resource/layout/layout.js?ln=primefaces&v=4.0 HTTP/1.1" 304 -
190.26.164.125 - - [23/Feb/2024:00:53:48 -0500] "GET /sipse/faces/javax.faces.resource/images/ui-icons_898989_256x240.png?ln=primefaces-aristo HTTP/1.1" 304 -
3.224.220.101 - - [23/Feb/2024:00:53:51 -0500] "GET /BLA/resoluciones/AUTOS%202017/3742.pdf HTTP/1.1" 200 321872
3.224.220.101 - - [23/Feb/2024:00:53:58 -0500] "GET /BLA/resoluciones/AUTOS%202017/2132.pdf HTTP/1.1" 200 309946
3.224.220.101 - - [23/Feb/2024:00:53:58 -0500] "GET /BLA/resoluciones/AUTOS%202017/4716.pdf HTTP/1.1" 200 276952
190.26.164.125 - - [23/Feb/2024:00:53:59 -0500] "POST /sipse/faces/presentacion/financiero/solicitudProceso/consultarSolicitudProceso.xhtml HTTP/1.1" 200 76429
52.70.240.171 - - [23/Feb/2024:00:54:02 -0500] "GET /BLA/resoluciones/AUTOS%202022/8373.pdf HTTP/1.1" 200 2862668
3.224.220.101 - - [23/Feb/2024:00:54:06 -0500] "GET /BLA/resoluciones/AUTOS%202022/6470.pdf HTTP/1.1" 200 316060
201.245.192.253 - - [23/Feb/2024:00:54:08 -0500] "POST /forms/lservlet;jsessionid=ac16012b30d65944fe978afe447f8630f37f4d10f40c.e3iSbxaKaheRe34NaNuLc30MaN90n6jAmljGr5XDqQLvpAe HTTP/1.1" 200 2
23.22.35.162 - - [23/Feb/2024:00:54:10 -0500] "GET /BLA/resoluciones/AUTOS%202022/2551.pdf HTTP/1.1" 200 901528
3.224.220.101 - - [23/Feb/2024:00:54:14 -0500] "GET /BLA/resoluciones/AUTOS%202022/4928.pdf HTTP/1.1" 200 396859
3.224.220.101 - - [23/Feb/2024:00:54:18 -0500] "GET /BLA/resoluciones/AUTOS%202022/6385.pdf HTTP/1.1" 200 484039
172.22.2.4 - - [23/Feb/2024:00:52:41 -0500] "HEAD /BLA/boletinlegal/ HTTP/1.1" 200 -
3.224.220.101 - - [23/Feb/2024:00:54:22 -0500] "GET /BLA/resoluciones/AUTOS%202022/4482.pdf HTTP/1.1" 200 404179
3.224.220.101 - - [23/Feb/2024:00:54:27 -0500] "GET /BLA/resoluciones/AUTOS%202022/1315.pdf HTTP/1.1" 200 395739
52.70.240.171 - - [23/Feb/2024:00:54:31 -0500] "GET /BLA/resoluciones/AUTOS%202022/4226.pdf HTTP/1.1" 200 1575185
3.224.220.101 - - [23/Feb/2024:00:54:34 -0500] "GET /BLA/resoluciones/AUTOS%202022/2968.pdf HTTP/1.1" 200 351848
52.70.240.171 - - [23/Feb/2024:00:54:39 -0500] "GET /BLA/resoluciones/AUTOS%202022/2438.pdf HTTP/1.1" 200 459021
23.22.35.162 - - [23/Feb/2024:00:54:42 -0500] "GET /BLA/resoluciones/AUTOS%202022/3218.pdf HTTP/1.1" 200 396303
23.22.35.162 - - [23/Feb/2024:00:54:47 -0500] "GET /BLA/resoluciones/AUTOS%202022/6357.pdf HTTP/1.1" 200 843965
23.22.35.162 - - [23/Feb/2024:00:54:51 -0500] "GET /BLA/resoluciones/AUTOS%202022/6801.pdf HTTP/1.1" 200 427279
23.22.35.162 - - [23/Feb/2024:00:54:56 -0500] "GET /BLA/resoluciones/AUTOS%202022/8145.pdf HTTP/1.1" 200 378950
23.22.35.162 - - [23/Feb/2024:00:54:59 -0500] "GET /BLA/resoluciones/AUTOS%202022/3446.pdf HTTP/1.1" 200 433203
3.224.220.101 - - [23/Feb/2024:00:55:03 -0500] "GET /BLA/resoluciones/AUTOS%202022/5349.pdf HTTP/1.1" 200 491110
52.70.240.171 - - [23/Feb/2024:00:55:08 -0500] "GET /BLA/resoluciones/AUTOS%202022/3331.pdf HTTP/1.1" 200 516375
190.26.164.125 - - [23/Feb/2024:00:55:11 -0500] "GET /sipse/faces/javax.faces.resource/images/ui-bg_flat_0_2d5972_40x100.png?ln=primefaces-aristo HTTP/1.1" 304 -
190.26.164.125 - - [23/Feb/2024:00:55:11 -0500] "POST /sipse/faces/presentacion/financiero/solicitudProceso/consultarSolicitudProceso.xhtml HTTP/1.1" 200 5562
172.22.2.4 - - [23/Feb/2024:00:53:32 -0500] "GET /BLA/boletinlegal/ HTTP/1.1" 200 60380
23.22.35.162 - - [23/Feb/2024:00:55:13 -0500] "GET /BLA/resoluciones/AUTOS%202022/8488.pdf HTTP/1.1" 200 429947
52.70.240.171 - - [23/Feb/2024:00:55:15 -0500] "GET /BLA/resoluciones/AUTOS%202022/3674.pdf HTTP/1.1" 200 497450
52.70.240.171 - - [23/Feb/2024:00:55:19 -0500] "GET /BLA/resoluciones/AUTOS%202022/2021.pdf HTTP/1.1" 200 354261
23.22.35.162 - - [23/Feb/2024:00:55:24 -0500] "GET /BLA/resoluciones/AUTOS%202022/7895.pdf HTTP/1.1" 200 328248
66.249.77.9 - - [23/Feb/2024:00:55:25 -0500] "GET /BLA/resoluciones/RESOLUCIONES%202011/0377.pdf HTTP/1.1" 200 295752
52.70.240.171 - - [23/Feb/2024:00:55:26 -0500] "GET /BLA/resoluciones/AUTOS%202022/8402.pdf HTTP/1.1" 200 419505
52.70.240.171 - - [23/Feb/2024:00:55:30 -0500] "GET /BLA/resoluciones/AUTOS%202022/4984.pdf HTTP/1.1" 200 363070
3.224.220.101 - - [23/Feb/2024:00:55:36 -0500] "GET /BLA/resoluciones/AUTOS%202022/7593.pdf HTTP/1.1" 200 583722
23.22.35.162 - - [23/Feb/2024:00:55:40 -0500] "GET /BLA/resoluciones/AUTOS%202022/4180.pdf HTTP/1.1" 200 451920
52.70.240.171 - - [23/Feb/2024:00:55:42 -0500] "GET /BLA/resoluciones/AUTOS%202022/5490.pdf HTTP/1.1" 200 1195348
23.22.35.162 - - [23/Feb/2024:00:55:46 -0500] "GET /BLA/resoluciones/AUTOS%202022/5964.pdf HTTP/1.1" 200 479722
52.70.240.171 - - [23/Feb/2024:00:55:50 -0500] "GET /BLA/resoluciones/AUTOS%202022/3646.pdf HTTP/1.1" 200 567866
3.224.220.101 - - [23/Feb/2024:00:55:54 -0500] "GET /BLA/resoluciones/AUTOS%202022/7393.pdf HTTP/1.1" 200 2035708
23.22.35.162 - - [23/Feb/2024:00:55:59 -0500] "GET /BLA/resoluciones/AUTOS%202022/2079.pdf HTTP/1.1" 200 2207269
23.22.35.162 - - [23/Feb/2024:00:56:04 -0500] "GET /BLA/resoluciones/AUTOS%202022/3389.pdf HTTP/1.1" 200 849762
52.70.240.171 - - [23/Feb/2024:00:56:06 -0500] "GET /BLA/resoluciones/AUTOS%202022/4956.pdf HTTP/1.1" 200 498211
201.245.192.253 - - [23/Feb/2024:00:56:08 -0500] "POST /forms/lservlet;jsessionid=ac16012b30d65944fe978afe447f8630f37f4d10f40c.e3iSbxaKaheRe34NaNuLc30MaN90n6jAmljGr5XDqQLvpAe HTTP/1.1" 200 2
3.224.220.101 - - [23/Feb/2024:00:56:11 -0500] "GET /BLA/resoluciones/AUTOS%202022/3001.pdf HTTP/1.1" 200 421600
52.70.240.171 - - [23/Feb/2024:00:56:15 -0500] "GET /BLA/resoluciones/AUTOS%202022/0478.pdf HTTP/1.1" 200 435321
40.77.167.235 - - [23/Feb/2024:00:56:15 -0500] "GET /bla/resoluciones/index.php?dir=resoluciones+2023 HTTP/1.1" 200 140793
23.22.35.162 - - [23/Feb/2024:00:56:20 -0500] "GET /BLA/resoluciones/AUTOS%202022/7867.pdf HTTP/1.1" 200 4241360
52.70.240.171 - - [23/Feb/2024:00:56:24 -0500] "GET /BLA/resoluciones/AUTOS%202022/4397.pdf HTTP/1.1" 200 410488
23.22.35.162 - - [23/Feb/2024:00:56:27 -0500] "GET /BLA/resoluciones/AUTOS%202022/1115.pdf HTTP/1.1" 200 721422
23.22.35.162 - - [23/Feb/2024:00:56:32 -0500] "GET /BLA/resoluciones/AUTOS%202022/7565.pdf HTTP/1.1" 200 393685
52.70.240.171 - - [23/Feb/2024:00:56:34 -0500] "GET /BLA/resoluciones/AUTOS%202022/7980.pdf HTTP/1.1" 200 743232
3.224.220.101 - - [23/Feb/2024:00:56:38 -0500] "GET /BLA/resoluciones/AUTOS%202022/3087.pdf HTTP/1.1" 200 404801
52.70.240.171 - - [23/Feb/2024:00:56:43 -0500] "GET /BLA/resoluciones/AUTOS%202022/8573.pdf HTTP/1.1" 200 760585
23.22.35.162 - - [23/Feb/2024:00:56:47 -0500] "GET /BLA/resoluciones/AUTOS%202022/3018.pdf HTTP/1.1" 200 654509
52.70.240.171 - - [23/Feb/2024:00:56:52 -0500] "GET /BLA/resoluciones/AUTOS%202022/4095.pdf HTTP/1.1" 200 404634
3.224.220.101 - - [23/Feb/2024:00:56:54 -0500] "GET /BLA/resoluciones/AUTOS%202022/2638.pdf HTTP/1.1" 200 389882
3.224.220.101 - - [23/Feb/2024:00:57:00 -0500] "GET /BLA/resoluciones/AUTOS%202022/0176.pdf HTTP/1.1" 200 669603
52.70.240.171 - - [23/Feb/2024:00:57:03 -0500] "GET /BLA/resoluciones/AUTOS%202022/5662.pdf HTTP/1.1" 200 373003
52.70.240.171 - - [23/Feb/2024:00:57:06 -0500] "GET /BLA/resoluciones/AUTOS%202022/1184.pdf HTTP/1.1" 200 338688
3.224.220.101 - - [23/Feb/2024:00:57:11 -0500] "GET /BLA/resoluciones/AUTOS%202022/2192.pdf HTTP/1.1" 200 505372
52.70.240.171 - - [23/Feb/2024:00:57:14 -0500] "GET /BLA/resoluciones/AUTOS%202022/6516.pdf HTTP/1.1" 200 607481
52.70.240.171 - - [23/Feb/2024:00:57:18 -0500] "GET /BLA/resoluciones/AUTOS%202022/4882.pdf HTTP/1.1" 200 383984
216.245.221.92 - - [23/Feb/2024:00:57:21 -0500] "HEAD / HTTP/1.1" 200 -
3.224.220.101 - - [23/Feb/2024:00:57:22 -0500] "GET /BLA/resoluciones/AUTOS%202022/1873.pdf HTTP/1.1" 200 382462
52.70.240.171 - - [23/Feb/2024:00:57:27 -0500] "GET /BLA/resoluciones/AUTOS%202022/0391.pdf HTTP/1.1" 200 394843
52.70.240.171 - - [23/Feb/2024:00:57:30 -0500] "GET /BLA/resoluciones/AUTOS%202022/6042.pdf HTTP/1.1" 200 391633
3.224.220.101 - - [23/Feb/2024:00:57:35 -0500] "GET /BLA/resoluciones/AUTOS%202022/7695.pdf HTTP/1.1" 200 388658
52.70.240.171 - - [23/Feb/2024:00:57:40 -0500] "GET /BLA/resoluciones/AUTOS%202022/2123.pdf HTTP/1.1" 200 448070
3.224.220.101 - - [23/Feb/2024:00:57:45 -0500] "GET /BLA/resoluciones/AUTOS%202022/4699.pdf HTTP/1.1" 200 844736
52.70.240.171 - - [23/Feb/2024:00:57:46 -0500] "GET /BLA/resoluciones/AUTOS%202022/2710.pdf HTTP/1.1" 200 589476
52.70.240.171 - - [23/Feb/2024:00:57:53 -0500] "GET /BLA/resoluciones/AUTOS%202022/0991.pdf HTTP/1.1" 200 351808
3.224.220.101 - - [23/Feb/2024:00:57:54 -0500] "GET /BLA/resoluciones/AUTOS%202022/4797.pdf HTTP/1.1" 200 396985
3.224.220.101 - - [23/Feb/2024:00:57:58 -0500] "GET /BLA/resoluciones/AUTOS%202022/3046.pdf HTTP/1.1" 200 2074624
173.252.127.1 - - [23/Feb/2024:00:58:01 -0500] "GET /guadalupe-aguanoso-y-otros-senderos-disponibles-para-el-disfrute-de-los-ciudadanos.html HTTP/1.1" 206 873
173.252.127.19 - - [23/Feb/2024:00:58:02 -0500] "GET /guadalupe-aguanoso-y-otros-senderos-disponibles-para-el-disfrute-de-los-ciudadanos.html HTTP/1.1" 200 873
173.252.127.20 - - [23/Feb/2024:00:58:02 -0500] "GET /guadalupe-aguanoso-y-otros-senderos-disponibles-para-el-disfrute-de-los-ciudadanos.html HTTP/1.1" 200 873
52.70.240.171 - - [23/Feb/2024:00:58:03 -0500] "GET /BLA/resoluciones/AUTOS%202022/8532.pdf HTTP/1.1" 200 458748
201.245.192.253 - - [23/Feb/2024:00:58:08 -0500] "POST /forms/lservlet;jsessionid=ac16012b30d65944fe978afe447f8630f37f4d10f40c.e3iSbxaKaheRe34NaNuLc30MaN90n6jAmljGr5XDqQLvpAe HTTP/1.1" 200 2
23.22.35.162 - - [23/Feb/2024:00:58:10 -0500] "GET /BLA/resoluciones/AUTOS%202022/3059.pdf HTTP/1.1" 200 2263055
52.70.240.171 - - [23/Feb/2024:00:58:10 -0500] "GET /BLA/resoluciones/AUTOS%202022/3287.pdf HTTP/1.1" 200 333169
52.70.240.171 - - [23/Feb/2024:00:58:15 -0500] "GET /BLA/resoluciones/AUTOS%202022/2951.pdf HTTP/1.1" 200 1590823
3.224.220.101 - - [23/Feb/2024:00:58:21 -0500] "GET /BLA/resoluciones/AUTOS%202022/1845.pdf HTTP/1.1" 200 406053
52.70.240.171 - - [23/Feb/2024:00:58:22 -0500] "GET /BLA/resoluciones/AUTOS%202022/7120.pdf HTTP/1.1" 200 390143
3.224.220.101 - - [23/Feb/2024:00:58:27 -0500] "GET /BLA/resoluciones/AUTOS%202022/1384.pdf HTTP/1.1" 200 361864
23.22.35.162 - - [23/Feb/2024:00:58:31 -0500] "GET /BLA/resoluciones/AUTOS%202022/6014.pdf HTTP/1.1" 200 361565
3.224.220.101 - - [23/Feb/2024:00:58:34 -0500] "GET /BLA/resoluciones/AUTOS%202022/1658.pdf HTTP/1.1" 200 370012
52.70.240.171 - - [23/Feb/2024:00:58:40 -0500] "GET /BLA/resoluciones/AUTOS%202022/1058.pdf HTTP/1.1" 200 382799
23.22.35.162 - - [23/Feb/2024:00:58:44 -0500] "GET /BLA/resoluciones/AUTOS%202022/7063.pdf HTTP/1.1" 200 418858
52.70.240.171 - - [23/Feb/2024:00:58:47 -0500] "GET /BLA/resoluciones/AUTOS%202022/4528.pdf HTTP/1.1" 200 937506
23.22.35.162 - - [23/Feb/2024:00:58:51 -0500] "GET /BLA/resoluciones/AUTOS%202022/5764.pdf HTTP/1.1" 200 815385
3.224.220.101 - - [23/Feb/2024:00:58:56 -0500] "GET /BLA/resoluciones/AUTOS%202022/8517.pdf HTTP/1.1" 200 405213
23.22.35.162 - - [23/Feb/2024:00:58:59 -0500] "GET /BLA/resoluciones/AUTOS%202022/3074.pdf HTTP/1.1" 200 362410
3.224.220.101 - - [23/Feb/2024:00:59:02 -0500] "GET /BLA/resoluciones/AUTOS%202022/0005.pdf HTTP/1.1" 200 324667
52.70.240.171 - - [23/Feb/2024:00:59:07 -0500] "GET /BLA/resoluciones/AUTOS%202022/7667.pdf HTTP/1.1" 200 409710
3.224.220.101 - - [23/Feb/2024:00:59:13 -0500] "GET /BLA/resoluciones/AUTOS%202022/8560.pdf HTTP/1.1" 200 715088
23.22.35.162 - - [23/Feb/2024:00:59:16 -0500] "GET /BLA/resoluciones/AUTOS%202022/7724.pdf HTTP/1.1" 200 382298
23.22.35.162 - - [23/Feb/2024:00:59:20 -0500] "GET /BLA/resoluciones/AUTOS%202022/1817.pdf HTTP/1.1" 200 400812
23.22.35.162 - - [23/Feb/2024:00:59:24 -0500] "GET /BLA/resoluciones/AUTOS%202022/1086.pdf HTTP/1.1" 200 404440
3.224.220.101 - - [23/Feb/2024:00:59:26 -0500] "GET /BLA/resoluciones/AUTOS%202022/5090.pdf HTTP/1.1" 200 394527
23.22.35.162 - - [23/Feb/2024:00:59:32 -0500] "GET /BLA/resoluciones/AUTOS%202022/3418.pdf HTTP/1.1" 200 364565
3.224.220.101 - - [23/Feb/2024:00:59:35 -0500] "GET /BLA/resoluciones/AUTOS%202022/2238.pdf HTTP/1.1" 200 396176
52.70.240.171 - - [23/Feb/2024:00:59:38 -0500] "GET /BLA/resoluciones/AUTOS%202022/2838.pdf HTTP/1.1" 200 2890896
3.224.220.101 - - [23/Feb/2024:00:59:43 -0500] "GET /BLA/resoluciones/AUTOS%202022/7422.pdf HTTP/1.1" 200 708465
23.22.35.162 - - [23/Feb/2024:00:59:49 -0500] "GET /BLA/resoluciones/AUTOS%202022/5104.pdf HTTP/1.1" 200 363325
3.224.220.101 - - [23/Feb/2024:00:59:50 -0500] "GET /BLA/resoluciones/AUTOS%202022/6401.pdf HTTP/1.1" 200 453181
3.224.220.101 - - [23/Feb/2024:00:59:54 -0500] "GET /BLA/resoluciones/AUTOS%202022/4584.pdf HTTP/1.1" 200 361497
52.70.240.171 - - [23/Feb/2024:00:59:59 -0500] "GET /BLA/resoluciones/AUTOS%202022/3503.pdf HTTP/1.1" 200 749124
3.224.220.101 - - [23/Feb/2024:01:00:04 -0500] "GET /BLA/resoluciones/AUTOS%202022/0033.pdf HTTP/1.1" 200 342461
3.224.220.101 - - [23/Feb/2024:01:00:06 -0500] "GET /BLA/resoluciones/AUTOS%202022/7752.pdf HTTP/1.1" 200 1474096
201.245.192.253 - - [23/Feb/2024:01:00:08 -0500] "POST /forms/lservlet;jsessionid=ac16012b30d65944fe978afe447f8630f37f4d10f40c.e3iSbxaKaheRe34NaNuLc30MaN90n6jAmljGr5XDqQLvpAe HTTP/1.1" 200 2
23.22.35.162 - - [23/Feb/2024:01:00:11 -0500] "GET /BLA/resoluciones/AUTOS%202022/5434.pdf HTTP/1.1" 200 382355
172.22.2.4 - - [23/Feb/2024:00:58:31 -0500] "HEAD /BLA/boletinlegal/ HTTP/1.1" 200 -
3.224.220.101 - - [23/Feb/2024:01:00:14 -0500] "GET /BLA/resoluciones/AUTOS%202022/2592.pdf HTTP/1.1" 200 610979
3.224.220.101 - - [23/Feb/2024:01:00:19 -0500] "GET /BLA/resoluciones/AUTOS%202022/2681.pdf HTTP/1.1" 200 1922072
52.70.240.171 - - [23/Feb/2024:01:00:25 -0500] "GET /BLA/resoluciones/AUTOS%202022/6270.pdf HTTP/1.1" 200 423117
52.70.240.171 - - [23/Feb/2024:01:00:28 -0500] "GET /BLA/resoluciones/AUTOS%202022/5019.pdf HTTP/1.1" 200 370205
52.70.240.171 - - [23/Feb/2024:01:00:30 -0500] "GET /BLA/resoluciones/AUTOS%202022/8173.pdf HTTP/1.1" 200 402870
3.224.220.101 - - [23/Feb/2024:01:00:36 -0500] "GET /BLA/resoluciones/AUTOS%202022/0963.pdf HTTP/1.1" 200 387649
52.70.240.171 - - [23/Feb/2024:01:00:38 -0500] "GET /BLA/resoluciones/AUTOS%202022/1515.pdf HTTP/1.1" 200 397525
52.70.240.171 - - [23/Feb/2024:01:00:45 -0500] "GET /BLA/resoluciones/AUTOS%202022/7035.pdf HTTP/1.1" 200 631284
3.224.220.101 - - [23/Feb/2024:01:00:47 -0500] "GET /BLA/resoluciones/AUTOS%202022/4556.pdf HTTP/1.1" 200 361555
23.22.35.162 - - [23/Feb/2024:01:00:52 -0500] "GET /BLA/resoluciones/AUTOS%202022/1000.pdf HTTP/1.1" 200 351193
3.224.220.101 - - [23/Feb/2024:01:00:54 -0500] "GET /BLA/resoluciones/AUTOS%202022/2866.pdf HTTP/1.1" 200 673516
52.70.240.171 - - [23/Feb/2024:01:00:59 -0500] "GET /BLA/resoluciones/AUTOS%202022/6785.pdf HTTP/1.1" 200 529033
172.22.2.4 - - [23/Feb/2024:00:59:22 -0500] "GET /BLA/boletinlegal/ HTTP/1.1" 200 58273
3.224.220.101 - - [23/Feb/2024:01:01:04 -0500] "GET /BLA/resoluciones/AUTOS%202022/1299.pdf HTTP/1.1" 200 358488
23.22.35.162 - - [23/Feb/2024:01:01:08 -0500] "GET /BLA/resoluciones/AUTOS%202022/8602.pdf HTTP/1.1" 200 959000
52.70.240.171 - - [23/Feb/2024:01:01:11 -0500] "GET /BLA/resoluciones/AUTOS%202022/4769.pdf HTTP/1.1" 200 403067
3.224.220.101 - - [23/Feb/2024:01:01:14 -0500] "GET /BLA/resoluciones/AUTOS%202022/1213.pdf HTTP/1.1" 200 356209
3.224.220.101 - - [23/Feb/2024:01:01:19 -0500] "GET /BLA/resoluciones/AUTOS%202022/2564.pdf HTTP/1.1" 200 501724
52.70.240.171 - - [23/Feb/2024:01:01:23 -0500] "GET /BLA/resoluciones/AUTOS%202022/7378.pdf HTTP/1.1" 200 424257
216.244.66.195 - - [23/Feb/2024:01:01:24 -0500] "GET /BLA/resoluciones/AUTOS%202023/0754.pdf HTTP/1.1" 200 372024
52.70.240.171 - - [23/Feb/2024:01:01:27 -0500] "GET /BLA/resoluciones/AUTOS%202022/7997.pdf HTTP/1.1" 200 636792
52.70.240.171 - - [23/Feb/2024:01:01:30 -0500] "GET /BLA/resoluciones/AUTOS%202022/3348.pdf HTTP/1.1" 200 380911
52.70.240.171 - - [23/Feb/2024:01:01:36 -0500] "GET /BLA/resoluciones/AUTOS%202022/2927.pdf HTTP/1.1" 200 414764
3.224.220.101 - - [23/Feb/2024:01:01:41 -0500] "GET /BLA/resoluciones/AUTOS%202022/4915.pdf HTTP/1.1" 200 2029233
23.22.35.162 - - [23/Feb/2024:01:01:43 -0500] "GET /BLA/resoluciones/AUTOS%202022/0437.pdf HTTP/1.1" 200 680071
52.70.240.171 - - [23/Feb/2024:01:01:47 -0500] "GET /BLA/resoluciones/AUTOS%202022/1584.pdf HTTP/1.1" 200 480893
52.70.240.171 - - [23/Feb/2024:01:01:51 -0500] "GET /BLA/resoluciones/AUTOS%202022/6398.pdf HTTP/1.1" 200 500088
3.224.220.101 - - [23/Feb/2024:01:01:56 -0500] "GET /BLA/resoluciones/AUTOS%202022/8243.pdf HTTP/1.1" 200 403867
52.70.240.171 - - [23/Feb/2024:01:01:58 -0500] "GET /BLA/resoluciones/AUTOS%202022/4413.pdf HTTP/1.1" 200 1278131
3.224.220.101 - - [23/Feb/2024:01:02:03 -0500] "GET /BLA/resoluciones/AUTOS%202022/2481.pdf HTTP/1.1" 200 489099
52.70.240.171 - - [23/Feb/2024:01:02:06 -0500] "GET /BLA/resoluciones/AUTOS%202022/8332.pdf HTTP/1.1" 200 395443
201.245.192.253 - - [23/Feb/2024:01:02:08 -0500] "POST /forms/lservlet;jsessionid=ac16012b30d65944fe978afe447f8630f37f4d10f40c.e3iSbxaKaheRe34NaNuLc30MaN90n6jAmljGr5XDqQLvpAe HTTP/1.1" 200 2
216.244.66.195 - - [23/Feb/2024:01:02:08 -0500] "GET /BLA/resoluciones/AUTOS%202023/1737.pdf HTTP/1.1" 200 504445
52.70.240.171 - - [23/Feb/2024:01:02:12 -0500] "GET /BLA/resoluciones/AUTOS%202022/4439.pdf HTTP/1.1" 200 462550
52.70.240.171 - - [23/Feb/2024:01:02:16 -0500] "GET /BLA/resoluciones/AUTOS%202022/7854.pdf HTTP/1.1" 200 435572
3.224.220.101 - - [23/Feb/2024:01:02:18 -0500] "GET /BLA/resoluciones/AUTOS%202022/8358.pdf HTTP/1.1" 200 392415
216.245.221.92 - - [23/Feb/2024:01:02:21 -0500] "HEAD / HTTP/1.1" 200 -
23.22.35.162 - - [23/Feb/2024:01:02:24 -0500] "GET /BLA/resoluciones/AUTOS%202022/4499.pdf HTTP/1.1" 200 376596
3.224.220.101 - - [23/Feb/2024:01:02:27 -0500] "GET /BLA/resoluciones/AUTOS%202022/7039.pdf HTTP/1.1" 200 402271
23.22.35.162 - - [23/Feb/2024:01:02:34 -0500] "GET /BLA/resoluciones/AUTOS%202022/4552.pdf HTTP/1.1" 200 339705
23.22.35.162 - - [23/Feb/2024:01:02:35 -0500] "GET /BLA/resoluciones/AUTOS%202022/8606.pdf HTTP/1.1" 200 583704
23.22.35.162 - - [23/Feb/2024:01:02:40 -0500] "GET /BLA/resoluciones/AUTOS%202022/4969.pdf HTTP/1.1" 200 499360
52.70.240.171 - - [23/Feb/2024:01:02:44 -0500] "GET /BLA/resoluciones/AUTOS%202022/0131.pdf HTTP/1.1" 200 407253
52.70.240.171 - - [23/Feb/2024:01:02:48 -0500] "GET /BLA/resoluciones/AUTOS%202009/3398.pdf HTTP/1.1" 200 96128
3.224.220.101 - - [23/Feb/2024:01:02:50 -0500] "GET /BLA/resoluciones/AUTOS%202017/0563.pdf HTTP/1.1" 200 1042737
52.70.240.171 - - [23/Feb/2024:01:02:55 -0500] "GET /BLA/resoluciones/AUTOS%202022/3090.pdf HTTP/1.1" 200 436944
216.244.66.195 - - [23/Feb/2024:01:02:57 -0500] "GET /BLA/resoluciones/AUTOS%202023/4475.pdf HTTP/1.1" 200 390270
3.224.220.101 - - [23/Feb/2024:01:02:59 -0500] "GET /BLA/resoluciones/AUTOS%202009/1339.pdf HTTP/1.1" 200 95293
3.224.220.101 - - [23/Feb/2024:01:03:03 -0500] "GET /BLA/resoluciones/AUTOS%202017/4024.pdf HTTP/1.1" 200 282969
52.70.240.171 - - [23/Feb/2024:01:03:08 -0500] "GET /BLA/resoluciones/AUTOS%202022/2800.pdf HTTP/1.1" 200 370898
52.70.240.171 - - [23/Feb/2024:01:03:10 -0500] "GET /BLA/resoluciones/AUTOS%202017/3707.pdf HTTP/1.1" 200 329984
23.22.35.162 - - [23/Feb/2024:01:03:16 -0500] "GET /BLA/resoluciones/AUTOS%202022/1957.pdf HTTP/1.1" 200 2327836
198.235.24.56 - - [23/Feb/2024:01:03:17 -0500] "GET / HTTP/1.1" 200 319
52.70.240.171 - - [23/Feb/2024:01:03:19 -0500] "GET /BLA/resoluciones/AUTOS%202009/3029.pdf HTTP/1.1" 200 185645
52.70.240.171 - - [23/Feb/2024:01:03:24 -0500] "GET /BLA/resoluciones/AUTOS%202022/1914.pdf HTTP/1.1" 200 521259
23.22.35.162 - - [23/Feb/2024:01:03:29 -0500] "GET /BLA/resoluciones/AUTOS%202017/2334.pdf HTTP/1.1" 200 287730
52.70.240.171 - - [23/Feb/2024:01:03:30 -0500] "GET /BLA/resoluciones/AUTOS%202009/1797.pdf HTTP/1.1" 200 98766
23.22.35.162 - - [23/Feb/2024:01:03:36 -0500] "GET /BLA/resoluciones/AUTOS%202022/2935.pdf HTTP/1.1" 200 415003
52.70.240.171 - - [23/Feb/2024:01:03:38 -0500] "GET /BLA/resoluciones/AUTOS%202017/2091.pdf HTTP/1.1" 200 4912920
3.224.220.101 - - [23/Feb/2024:01:03:42 -0500] "GET /BLA/resoluciones/AUTOS%202022/6649.pdf HTTP/1.1" 200 399024
23.22.35.162 - - [23/Feb/2024:01:03:49 -0500] "GET /BLA/resoluciones/AUTOS%202009/1788.pdf HTTP/1.1" 200 98903
23.22.35.162 - - [23/Feb/2024:01:03:53 -0500] "GET /BLA/resoluciones/AUTOS%202017/2253.pdf HTTP/1.1" 200 318178
3.224.220.101 - - [23/Feb/2024:01:03:54 -0500] "GET /BLA/resoluciones/AUTOS%202022/6254.pdf HTTP/1.1" 200 467581
3.224.220.101 - - [23/Feb/2024:01:03:58 -0500] "GET /BLA/resoluciones/AUTOS%202009/0007.pdf HTTP/1.1" 200 251544
3.224.220.101 - - [23/Feb/2024:01:04:03 -0500] "GET /BLA/resoluciones/AUTOS%202017/3383.pdf HTTP/1.1" 200 297638
52.70.240.171 - - [23/Feb/2024:01:04:06 -0500] "GET /BLA/resoluciones/AUTOS%202022/4223.pdf HTTP/1.1" 200 404590
201.245.192.253 - - [23/Feb/2024:01:04:08 -0500] "POST /forms/lservlet;jsessionid=ac16012b30d65944fe978afe447f8630f37f4d10f40c.e3iSbxaKaheRe34NaNuLc30MaN90n6jAmljGr5XDqQLvpAe HTTP/1.1" 200 2
23.22.35.162 - - [23/Feb/2024:01:04:11 -0500] "GET /BLA/resoluciones/AUTOS%202009/2753.pdf HTTP/1.1" 200 89062
3.224.220.101 - - [23/Feb/2024:01:04:14 -0500] "GET /BLA/resoluciones/AUTOS%202017/2969.pdf HTTP/1.1" 200 306139
3.224.220.101 - - [23/Feb/2024:01:04:19 -0500] "GET /BLA/resoluciones/AUTOS%202022/2033.pdf HTTP/1.1" 200 396764
23.22.35.162 - - [23/Feb/2024:01:04:25 -0500] "GET /BLA/resoluciones/AUTOS%202009/0816.pdf HTTP/1.1" 200 116658
52.70.240.171 - - [23/Feb/2024:01:04:26 -0500] "GET /BLA/resoluciones/AUTOS%202017/2608.pdf HTTP/1.1" 200 263050
23.22.35.162 - - [23/Feb/2024:01:04:31 -0500] "GET /BLA/resoluciones/AUTOS%202022/1325.pdf HTTP/1.1" 200 389271
3.224.220.101 - - [23/Feb/2024:01:04:37 -0500] "GET /BLA/resoluciones/AUTOS%202009/2710.pdf HTTP/1.1" 200 111576
52.70.240.171 - - [23/Feb/2024:01:04:42 -0500] "GET /BLA/resoluciones/AUTOS%202017/1413.pdf HTTP/1.1" 200 300292
52.70.240.171 - - [23/Feb/2024:01:04:43 -0500] "GET /BLA/resoluciones/AUTOS%202022/3600.pdf HTTP/1.1" 200 1339375
3.224.220.101 - - [23/Feb/2024:01:04:46 -0500] "GET /BLA/resoluciones/AUTOS%202022/7562.pdf HTTP/1.1" 200 419180
3.224.220.101 - - [23/Feb/2024:01:04:50 -0500] "GET /BLA/resoluciones/AUTOS%202009/0987.pdf HTTP/1.1" 200 207142
3.224.220.101 - - [23/Feb/2024:01:04:58 -0500] "GET /BLA/resoluciones/AUTOS%202017/0288.pdf HTTP/1.1" 200 342411
23.22.35.162 - - [23/Feb/2024:01:05:00 -0500] "GET /BLA/resoluciones/AUTOS%202022/2207.pdf HTTP/1.1" 200 383860
3.224.220.101 - - [23/Feb/2024:01:05:02 -0500] "GET /BLA/resoluciones/AUTOS%202009/0893.pdf HTTP/1.1" 200 121023
52.70.240.171 - - [23/Feb/2024:01:05:08 -0500] "GET /BLA/resoluciones/AUTOS%202017/0121.pdf HTTP/1.1" 200 444556
3.224.220.101 - - [23/Feb/2024:01:05:13 -0500] "GET /BLA/resoluciones/AUTOS%202022/3406.pdf HTTP/1.1" 200 1189864
3.224.220.101 - - [23/Feb/2024:01:05:14 -0500] "GET /BLA/resoluciones/AUTOS%202009/2960.pdf HTTP/1.1" 200 117472
3.224.220.101 - - [23/Feb/2024:01:05:21 -0500] "GET /siipev/Diseno%20de%20Elementos%20de%20Mobiliario%20Urbano/Nuestros%20M%C3%B3dulos.pdf HTTP/1.1" 200 189843
23.22.35.162 - - [23/Feb/2024:01:05:22 -0500] "GET /BLA/resoluciones/AUTOS%202022/0351.pdf HTTP/1.1" 200 408020
23.22.35.162 - - [23/Feb/2024:01:05:26 -0500] "GET /BLA/resoluciones/AUTOS%202017/1855.pdf HTTP/1.1" 200 1646007
52.70.240.171 - - [23/Feb/2024:01:05:31 -0500] "GET /BLA/resoluciones/AUTOS%202022/2274.pdf HTTP/1.1" 200 1244170
3.224.220.101 - - [23/Feb/2024:01:05:34 -0500] "GET /BLA/resoluciones/AUTOS%202009/0850.pdf HTTP/1.1" 200 65526
3.224.220.101 - - [23/Feb/2024:01:05:41 -0500] "GET /BLA/resoluciones/AUTOS%202022/7929.pdf HTTP/1.1" 200 430130
3.224.220.101 - - [23/Feb/2024:01:05:42 -0500] "GET /BLA/resoluciones/AUTOS%202009/2166.pdf HTTP/1.1" 200 124331
52.167.144.192 - - [23/Feb/2024:01:05:46 -0500] "GET /bla/resoluciones/resoluciones%202012/0414.pdf HTTP/1.1" 200 411180
52.70.240.171 - - [23/Feb/2024:01:05:48 -0500] "GET /BLA/resoluciones/AUTOS%202017/1499.pdf HTTP/1.1" 200 778971
52.70.240.171 - - [23/Feb/2024:01:05:51 -0500] "GET /BLA/resoluciones/AUTOS%202022/1655.pdf HTTP/1.1" 200 400151
3.224.220.101 - - [23/Feb/2024:01:05:56 -0500] "GET /BLA/resoluciones/AUTOS%202009/1222.pdf HTTP/1.1" 200 128961
23.22.35.162 - - [23/Feb/2024:01:06:00 -0500] "GET /BLA/resoluciones/AUTOS%202017/3448.pdf HTTP/1.1" 200 308579
172.22.2.4 - - [23/Feb/2024:01:04:21 -0500] "HEAD /BLA/boletinlegal/ HTTP/1.1" 200 -
23.22.35.162 - - [23/Feb/2024:01:06:03 -0500] "GET /BLA/resoluciones/AUTOS%202022/8270.pdf HTTP/1.1" 200 1887378
3.224.220.101 - - [23/Feb/2024:01:06:06 -0500] "GET /BLA/resoluciones/AUTOS%202009/0637.pdf HTTP/1.1" 200 76793
201.245.192.253 - - [23/Feb/2024:01:06:08 -0500] "POST /forms/lservlet;jsessionid=ac16012b30d65944fe978afe447f8630f37f4d10f40c.e3iSbxaKaheRe34NaNuLc30MaN90n6jAmljGr5XDqQLvpAe HTTP/1.1" 200 2
3.224.220.101 - - [23/Feb/2024:01:06:10 -0500] "GET /BLA/resoluciones/AUTOS%202017/5235.pdf HTTP/1.1" 200 593585
