52.70.240.171 - - [23/Feb/2024:04:58:22 -0500] "GET /BLA/resoluciones/AUTOS%202013/3118.pdf HTTP/1.1" 200 686501
52.70.240.171 - - [23/Feb/2024:04:58:28 -0500] "GET /BLA/resoluciones/AUTOS%202013/0679.pdf HTTP/1.1" 200 407949
52.70.240.171 - - [23/Feb/2024:04:58:30 -0500] "GET /BLA/resoluciones/AUTOS%202013/0348.pdf HTTP/1.1" 200 1174216
3.224.220.101 - - [23/Feb/2024:04:58:34 -0500] "GET /BLA/resoluciones/AUTOS%202013/1300.pdf HTTP/1.1" 200 2753854
23.22.35.162 - - [23/Feb/2024:04:58:38 -0500] "GET /BLA/resoluciones/AUTOS%202013/0792.pdf HTTP/1.1" 200 1553905
23.22.35.162 - - [23/Feb/2024:04:58:42 -0500] "GET /BLA/resoluciones/AUTOS%202013/0636.pdf HTTP/1.1" 200 1077332
52.70.240.171 - - [23/Feb/2024:04:58:46 -0500] "GET /BLA/resoluciones/AUTOS%202013/0199.pdf HTTP/1.1" 200 502480
3.224.220.101 - - [23/Feb/2024:04:58:50 -0500] "GET /BLA/resoluciones/AUTOS%202013/2063.pdf HTTP/1.1" 200 1759670
23.22.35.162 - - [23/Feb/2024:04:58:54 -0500] "GET /BLA/resoluciones/AUTOS%202021/5297-.pdf HTTP/1.1" 200 279476
52.70.240.171 - - [23/Feb/2024:04:58:58 -0500] "GET /BLA/resoluciones/AUTOS%202021/6638.pdf HTTP/1.1" 200 834427
3.224.220.101 - - [23/Feb/2024:04:59:02 -0500] "GET /BLA/resoluciones/AUTOS%202021/4054.pdf HTTP/1.1" 200 350302
23.22.35.162 - - [23/Feb/2024:04:59:07 -0500] "GET /BLA/resoluciones/AUTOS%202021/1867.pdf HTTP/1.1" 200 373128
3.224.220.101 - - [23/Feb/2024:04:59:10 -0500] "GET /BLA/resoluciones/AUTOS%202021/6422.pdf HTTP/1.1" 200 1766494
3.224.220.101 - - [23/Feb/2024:04:59:14 -0500] "GET /BLA/resoluciones/AUTOS%202021/1401.pdf HTTP/1.1" 200 374600
52.70.240.171 - - [23/Feb/2024:04:59:18 -0500] "GET /BLA/resoluciones/AUTOS%202021/2589.pdf HTTP/1.1" 200 370240
172.22.2.4 - - [23/Feb/2024:04:57:41 -0500] "HEAD /BLA/boletinlegal/ HTTP/1.1" 200 -
23.22.35.162 - - [23/Feb/2024:04:59:22 -0500] "GET /BLA/resoluciones/AUTOS%202021/4133.pdf HTTP/1.1" 200 754499
23.22.35.162 - - [23/Feb/2024:04:59:26 -0500] "GET /BLA/resoluciones/AUTOS%202021/0600.pdf HTTP/1.1" 200 433238
3.224.220.101 - - [23/Feb/2024:04:59:30 -0500] "GET /BLA/resoluciones/AUTOS%202021/5107.pdf HTTP/1.1" 200 922492
52.70.240.171 - - [23/Feb/2024:04:59:33 -0500] "GET /BLA/resoluciones/AUTOS%202021/1788.pdf HTTP/1.1" 200 325411
52.70.240.171 - - [23/Feb/2024:04:59:38 -0500] "GET /BLA/resoluciones/AUTOS%202021/5871.pdf HTTP/1.1" 200 347678
52.70.240.171 - - [23/Feb/2024:04:59:42 -0500] "GET /BLA/resoluciones/AUTOS%202021/6751.pdf HTTP/1.1" 200 423727
52.70.240.171 - - [23/Feb/2024:04:59:46 -0500] "GET /BLA/resoluciones/AUTOS%202021/0816.pdf HTTP/1.1" 200 367127
23.22.35.162 - - [23/Feb/2024:04:59:50 -0500] "GET /BLA/resoluciones/AUTOS%202021/5335.pdf HTTP/1.1" 200 462586
52.70.240.171 - - [23/Feb/2024:04:59:54 -0500] "GET /BLA/resoluciones/AUTOS%202021/2997.pdf HTTP/1.1" 200 446605
3.224.220.101 - - [23/Feb/2024:04:59:58 -0500] "GET /BLA/resoluciones/AUTOS%202021/2017.pdf HTTP/1.1" 200 324818
52.70.240.171 - - [23/Feb/2024:05:00:03 -0500] "GET /BLA/resoluciones/AUTOS%202021/2123.pdf HTTP/1.1" 200 375478
3.224.220.101 - - [23/Feb/2024:05:00:06 -0500] "GET /BLA/resoluciones/AUTOS%202021/6794.pdf HTTP/1.1" 200 400102
201.245.192.253 - - [23/Feb/2024:05:00:09 -0500] "POST /forms/lservlet;jsessionid=ac16012b30d65944fe978afe447f8630f37f4d10f40c.e3iSbxaKaheRe34NaNuLc30MaN90n6jAmljGr5XDqQLvpAe HTTP/1.1" 200 2
23.22.35.162 - - [23/Feb/2024:05:00:10 -0500] "GET /BLA/resoluciones/AUTOS%202021/2166.pdf HTTP/1.1" 200 740726
172.22.2.4 - - [23/Feb/2024:04:58:31 -0500] "GET /BLA/boletinlegal/ HTTP/1.1" 200 59583
52.70.240.171 - - [23/Feb/2024:05:00:14 -0500] "GET /BLA/resoluciones/AUTOS%202021/0485.pdf HTTP/1.1" 200 937745
52.70.240.171 - - [23/Feb/2024:05:00:18 -0500] "GET /BLA/resoluciones/AUTOS%202021/4556.pdf HTTP/1.1" 200 347402
23.22.35.162 - - [23/Feb/2024:05:00:25 -0500] "GET /BLA/resoluciones/AUTOS%202021/2051.pdf HTTP/1.1" 200 352049
52.70.240.171 - - [23/Feb/2024:05:00:27 -0500] "GET /BLA/resoluciones/AUTOS%202021/4212.pdf HTTP/1.1" 200 348136
23.22.35.162 - - [23/Feb/2024:05:00:30 -0500] "GET /BLA/resoluciones/AUTOS%202021/1493.pdf HTTP/1.1" 200 355383
23.22.35.162 - - [23/Feb/2024:05:00:34 -0500] "GET /BLA/resoluciones/AUTOS%202021/0492.pdf HTTP/1.1" 200 382132
52.70.240.171 - - [23/Feb/2024:05:00:38 -0500] "GET /BLA/resoluciones/AUTOS%202021/4628.pdf HTTP/1.1" 200 388877
23.22.35.162 - - [23/Feb/2024:05:00:42 -0500] "GET /BLA/resoluciones/AUTOS%202021/2202.pdf HTTP/1.1" 200 963297
52.70.240.171 - - [23/Feb/2024:05:00:46 -0500] "GET /BLA/resoluciones/AUTOS%202021/2094.pdf HTTP/1.1" 200 374658
3.224.220.101 - - [23/Feb/2024:05:00:50 -0500] "GET /BLA/resoluciones/AUTOS%202021/1903.pdf HTTP/1.1" 200 350150
3.224.220.101 - - [23/Feb/2024:05:00:54 -0500] "GET /BLA/resoluciones/AUTOS%202021/0336.pdf HTTP/1.1" 200 412366
3.224.220.101 - - [23/Feb/2024:05:00:58 -0500] "GET /BLA/resoluciones/AUTOS%202021/6386.pdf HTTP/1.1" 200 389063
23.22.35.162 - - [23/Feb/2024:05:01:02 -0500] "GET /BLA/resoluciones/AUTOS%202021/6343.pdf HTTP/1.1" 200 585522
3.224.220.101 - - [23/Feb/2024:05:01:06 -0500] "GET /BLA/resoluciones/AUTOS%202021/4635.pdf HTTP/1.1" 200 397503
3.224.220.101 - - [23/Feb/2024:05:01:10 -0500] "GET /BLA/resoluciones/AUTOS%202021/6830.pdf HTTP/1.1" 200 388712
3.224.220.101 - - [23/Feb/2024:05:01:14 -0500] "GET /BLA/resoluciones/AUTOS%202021/6237.pdf HTTP/1.1" 200 356421
23.22.35.162 - - [23/Feb/2024:05:01:19 -0500] "GET /BLA/resoluciones/AUTOS%202021/3733.pdf HTTP/1.1" 200 402743
23.22.35.162 - - [23/Feb/2024:05:01:22 -0500] "GET /BLA/resoluciones/AUTOS%202021/0521.pdf HTTP/1.1" 200 735327
23.22.35.162 - - [23/Feb/2024:05:01:27 -0500] "GET /BLA/resoluciones/AUTOS%202021/5943.pdf HTTP/1.1" 200 293714
23.22.35.162 - - [23/Feb/2024:05:01:30 -0500] "GET /BLA/resoluciones/AUTOS%202021/5986.pdf HTTP/1.1" 200 417296
52.70.240.171 - - [23/Feb/2024:05:01:34 -0500] "GET /BLA/resoluciones/AUTOS%202021/3147.pdf HTTP/1.1" 200 387948
3.224.220.101 - - [23/Feb/2024:05:01:38 -0500] "GET /BLA/resoluciones/AUTOS%202021/2346.pdf HTTP/1.1" 200 388571
52.70.240.171 - - [23/Feb/2024:05:01:43 -0500] "GET /BLA/resoluciones/AUTOS%202021/3575.pdf HTTP/1.1" 200 335155
52.70.240.171 - - [23/Feb/2024:05:01:46 -0500] "GET /BLA/resoluciones/AUTOS%202021/2603.pdf HTTP/1.1" 200 362432
23.22.35.162 - - [23/Feb/2024:05:01:50 -0500] "GET /BLA/resoluciones/AUTOS%202021/2130.pdf HTTP/1.1" 200 353154
3.224.220.101 - - [23/Feb/2024:05:01:54 -0500] "GET /BLA/resoluciones/AUTOS%202021/4791.pdf HTTP/1.1" 200 361487
23.22.35.162 - - [23/Feb/2024:05:01:58 -0500] "GET /BLA/resoluciones/AUTOS%202021/4885.pdf HTTP/1.1" 200 453221
3.224.220.101 - - [23/Feb/2024:05:02:02 -0500] "GET /BLA/resoluciones/AUTOS%202021/2044.pdf HTTP/1.1" 200 350836
3.224.220.101 - - [23/Feb/2024:05:02:06 -0500] "GET /BLA/resoluciones/AUTOS%202021/2087.pdf HTTP/1.1" 200 383126
201.245.192.253 - - [23/Feb/2024:05:02:09 -0500] "POST /forms/lservlet;jsessionid=ac16012b30d65944fe978afe447f8630f37f4d10f40c.e3iSbxaKaheRe34NaNuLc30MaN90n6jAmljGr5XDqQLvpAe HTTP/1.1" 200 2
3.224.220.101 - - [23/Feb/2024:05:02:10 -0500] "GET /BLA/resoluciones/AUTOS%202021/5909.pdf HTTP/1.1" 200 351684
3.224.220.101 - - [23/Feb/2024:05:02:14 -0500] "GET /BLA/resoluciones/AUTOS%202021/6242.pdf HTTP/1.1" 200 341789
52.70.240.171 - - [23/Feb/2024:05:02:19 -0500] "GET /BLA/resoluciones/AUTOS%202021/5013.pdf HTTP/1.1" 200 515023
216.245.221.92 - - [23/Feb/2024:05:02:20 -0500] "HEAD / HTTP/1.1" 200 -
172.22.2.4 - - [23/Feb/2024:05:02:21 -0500] "GET /BLA/boletinlegal/version HTTP/1.1" 404 1018
52.70.240.171 - - [23/Feb/2024:05:02:22 -0500] "GET /BLA/resoluciones/AUTOS%202021/3976.pdf HTTP/1.1" 200 695926
52.70.240.171 - - [23/Feb/2024:05:02:26 -0500] "GET /BLA/resoluciones/AUTOS%202021/6208.pdf HTTP/1.1" 200 346543
66.249.77.10 - - [23/Feb/2024:05:02:31 -0500] "GET /BLA/resoluciones/RESOLUCIONES%202009/6117.pdf HTTP/1.1" 200 343602
23.22.35.162 - - [23/Feb/2024:05:02:32 -0500] "GET /BLA/resoluciones/AUTOS%202021/6021.pdf HTTP/1.1" 200 346790
3.224.220.101 - - [23/Feb/2024:05:02:39 -0500] "GET /BLA/resoluciones/AUTOS%202021/4277.pdf HTTP/1.1" 200 367152
23.22.35.162 - - [23/Feb/2024:05:02:39 -0500] "GET /BLA/resoluciones/AUTOS%202021/0516.pdf HTTP/1.1" 200 839342
3.224.220.101 - - [23/Feb/2024:05:02:42 -0500] "GET /BLA/resoluciones/AUTOS%202021/3834.pdf HTTP/1.1" 200 382752
52.70.240.171 - - [23/Feb/2024:05:02:47 -0500] "GET /BLA/resoluciones/AUTOS%202021/2781.pdf HTTP/1.1" 200 2182509
17.241.75.246 - - [23/Feb/2024:05:02:50 -0500] "GET /bogota-cundinamarca-y-antioquia-comparten-experiencias-y-se-unen-para-monitorear-el-aire-en-sus-territorios.html HTTP/1.1" 200 931
52.70.240.171 - - [23/Feb/2024:05:02:51 -0500] "GET /BLA/resoluciones/AUTOS%202021/3003.pdf HTTP/1.1" 200 353587
52.70.240.171 - - [23/Feb/2024:05:02:54 -0500] "GET /BLA/resoluciones/AUTOS%202021/2704.pdf HTTP/1.1" 200 379091
3.224.220.101 - - [23/Feb/2024:05:02:58 -0500] "GET /BLA/resoluciones/AUTOS%202021/3933.pdf HTTP/1.1" 200 364115
3.224.220.101 - - [23/Feb/2024:05:03:02 -0500] "GET /BLA/resoluciones/AUTOS%202021/1250.pdf HTTP/1.1" 200 383218
52.70.240.171 - - [23/Feb/2024:05:03:07 -0500] "GET /BLA/resoluciones/AUTOS%202021/4390.pdf HTTP/1.1" 200 358155
3.224.220.101 - - [23/Feb/2024:05:03:10 -0500] "GET /BLA/resoluciones/AUTOS%202021/2747.pdf HTTP/1.1" 200 1248093
3.224.220.101 - - [23/Feb/2024:05:03:14 -0500] "GET /BLA/resoluciones/AUTOS%202021/6143.pdf HTTP/1.1" 200 365912
52.70.240.171 - - [23/Feb/2024:05:03:17 -0500] "GET /BLA/resoluciones/AUTOS%202021/0658.pdf HTTP/1.1" 200 352578
191.104.155.209 - - [23/Feb/2024:05:03:22 -0500] "POST /sipse/faces/presentacion/financiero/solicitudProceso/consultarSolicitudProceso.xhtml HTTP/1.1" 200 34596
191.104.155.209 - - [23/Feb/2024:05:03:23 -0500] "GET /sipse/faces/javax.faces.resource/jquery/jquery.js?ln=primefaces&v=4.0 HTTP/1.1" 304 -
191.104.155.209 - - [23/Feb/2024:05:03:23 -0500] "GET /sipse/faces/javax.faces.resource/jquery/jquery-plugins.js?ln=primefaces&v=4.0 HTTP/1.1" 304 -
191.104.155.209 - - [23/Feb/2024:05:03:23 -0500] "GET /sipse/faces/javax.faces.resource/primefaces.js?ln=primefaces&v=4.0 HTTP/1.1" 304 -
191.104.155.209 - - [23/Feb/2024:05:03:23 -0500] "GET /sipse/faces/javax.faces.resource/layout/layout.js?ln=primefaces&v=4.0 HTTP/1.1" 304 -
23.22.35.162 - - [23/Feb/2024:05:03:23 -0500] "GET /BLA/resoluciones/AUTOS%202022/08249.pdf HTTP/1.1" 200 420266
191.104.155.209 - - [23/Feb/2024:05:03:23 -0500] "POST /sipse/faces/presentacion/financiero/solicitudProceso/listarSolicitudProceso.xhtml HTTP/1.1" 200 27870
191.104.155.209 - - [23/Feb/2024:05:03:23 -0500] "POST /sipse/faces/presentacion/financiero/solicitudProceso/listarSolicitudProceso.xhtml HTTP/1.1" 200 27870
191.104.155.209 - - [23/Feb/2024:05:03:23 -0500] "POST /sipse/faces/presentacion/financiero/solicitudProceso/listarSolicitudProceso.xhtml HTTP/1.1" 200 27870
191.104.155.209 - - [23/Feb/2024:05:03:23 -0500] "POST /sipse/faces/presentacion/financiero/solicitudProceso/listarSolicitudProceso.xhtml HTTP/1.1" 200 27870
191.104.155.209 - - [23/Feb/2024:05:03:24 -0500] "POST /sipse/faces/presentacion/financiero/solicitudProceso/listarSolicitudProceso.xhtml HTTP/1.1" 200 1392
191.104.155.209 - - [23/Feb/2024:05:03:24 -0500] "POST /sipse/faces/presentacion/financiero/solicitudProceso/listarSolicitudProceso.xhtml HTTP/1.1" 200 1388
191.104.155.209 - - [23/Feb/2024:05:03:24 -0500] "POST /sipse/faces/presentacion/financiero/solicitudProceso/listarSolicitudProceso.xhtml HTTP/1.1" 200 1400
191.104.155.209 - - [23/Feb/2024:05:03:24 -0500] "POST /sipse/faces/presentacion/financiero/solicitudProceso/listarSolicitudProceso.xhtml HTTP/1.1" 200 1388
191.104.155.209 - - [23/Feb/2024:05:03:24 -0500] "POST /sipse/faces/presentacion/financiero/solicitudProceso/listarSolicitudProceso.xhtml HTTP/1.1" 200 1400
3.224.220.101 - - [23/Feb/2024:05:03:26 -0500] "GET /BLA/resoluciones/AUTOS%202022/08251.pdf HTTP/1.1" 200 430712
191.104.155.209 - - [23/Feb/2024:05:03:26 -0500] "POST /sipse/faces/presentacion/financiero/solicitudProceso/listarSolicitudProceso.xhtml HTTP/1.1" 200 5321
191.104.155.209 - - [23/Feb/2024:05:03:28 -0500] "POST /sipse/faces/presentacion/financiero/solicitudProceso/listarSolicitudProceso.xhtml HTTP/1.1" 200 150532
191.104.155.209 - - [23/Feb/2024:05:03:29 -0500] "GET /sipse/faces/javax.faces.resource/jquery/jquery.js?ln=primefaces&v=4.0 HTTP/1.1" 304 -
191.104.155.209 - - [23/Feb/2024:05:03:29 -0500] "GET /sipse/faces/javax.faces.resource/jquery/jquery-plugins.js?ln=primefaces&v=4.0 HTTP/1.1" 304 -
191.104.155.209 - - [23/Feb/2024:05:03:29 -0500] "GET /sipse/faces/javax.faces.resource/primefaces.js?ln=primefaces&v=4.0 HTTP/1.1" 304 -
191.104.155.209 - - [23/Feb/2024:05:03:29 -0500] "GET /sipse/faces/javax.faces.resource/layout/layout.js?ln=primefaces&v=4.0 HTTP/1.1" 304 -
3.224.220.101 - - [23/Feb/2024:05:03:32 -0500] "GET /BLA/resoluciones/AUTOS%202022/08245.pdf HTTP/1.1" 200 421157
66.249.77.8 - - [23/Feb/2024:05:03:33 -0500] "GET /PDC/actos/1469.pdf HTTP/1.1" 200 1053029
191.104.155.209 - - [23/Feb/2024:05:03:34 -0500] "POST /sipse/faces/presentacion/financiero/solicitudProceso/consultarSolicitudProceso.xhtml HTTP/1.1" 200 72898
23.22.35.162 - - [23/Feb/2024:05:03:34 -0500] "GET /BLA/resoluciones/AUTOS%202022/07596.pdf HTTP/1.1" 200 455841
23.22.35.162 - - [23/Feb/2024:05:03:39 -0500] "GET /BLA/resoluciones/AUTOS%202022/08361.pdf HTTP/1.1" 200 415968
3.224.220.101 - - [23/Feb/2024:05:03:42 -0500] "GET /BLA/resoluciones/AUTOS%202022/06306.pdf HTTP/1.1" 200 420006
52.70.240.171 - - [23/Feb/2024:05:03:46 -0500] "GET /BLA/resoluciones/AUTOS%202022/08250.pdf HTTP/1.1" 200 431641
52.70.240.171 - - [23/Feb/2024:05:03:50 -0500] "GET /BLA/resoluciones/AUTOS%202022/9178%20.pdf HTTP/1.1" 200 349595
52.70.240.171 - - [23/Feb/2024:05:03:55 -0500] "GET /BLA/resoluciones/AUTOS%202022/08627.pdf HTTP/1.1" 200 406785
52.70.240.171 - - [23/Feb/2024:05:03:58 -0500] "GET /BLA/resoluciones/AUTOS%202022/05718.pdf HTTP/1.1" 200 510519
172.22.2.4 - - [23/Feb/2024:05:02:19 -0500] "GET /BLA/boletinlegal/ HTTP/1.1" 200 61093
3.224.220.101 - - [23/Feb/2024:05:04:02 -0500] "GET /BLA/resoluciones/AUTOS%202022/08252.pdf HTTP/1.1" 200 419612
172.22.2.4 - - [23/Feb/2024:05:04:02 -0500] "GET /BLA/boletinlegal/js/jquery.scrollShow.js HTTP/1.1" 200 4586
52.70.240.171 - - [23/Feb/2024:05:04:06 -0500] "GET /BLA/resoluciones/AUTOS%202022/08244.pdf HTTP/1.1" 200 420317
201.245.192.253 - - [23/Feb/2024:05:04:09 -0500] "POST /forms/lservlet;jsessionid=ac16012b30d65944fe978afe447f8630f37f4d10f40c.e3iSbxaKaheRe34NaNuLc30MaN90n6jAmljGr5XDqQLvpAe HTTP/1.1" 200 2
52.70.240.171 - - [23/Feb/2024:05:04:11 -0500] "GET /BLA/resoluciones/AUTOS%202022/06237.pdf HTTP/1.1" 200 367458
52.70.240.171 - - [23/Feb/2024:05:04:14 -0500] "GET /BLA/resoluciones/AUTOS%202022/07572.pdf HTTP/1.1" 200 446746
3.224.220.101 - - [23/Feb/2024:05:04:18 -0500] "GET /BLA/resoluciones/AUTOS%202022/7800.pdf HTTP/1.1" 200 658247
52.70.240.171 - - [23/Feb/2024:05:04:22 -0500] "GET /BLA/resoluciones/AUTOS%202022/0258.pdf HTTP/1.1" 200 418995
3.224.220.101 - - [23/Feb/2024:05:04:26 -0500] "GET /BLA/resoluciones/AUTOS%202022/5029.pdf HTTP/1.1" 200 488873
52.70.240.171 - - [23/Feb/2024:05:04:30 -0500] "GET /BLA/resoluciones/AUTOS%202022/8527.pdf HTTP/1.1" 200 469333
23.22.35.162 - - [23/Feb/2024:05:04:34 -0500] "GET /BLA/resoluciones/AUTOS%202022/7685.pdf HTTP/1.1" 200 1211522
3.224.220.101 - - [23/Feb/2024:05:04:38 -0500] "GET /BLA/resoluciones/AUTOS%202022/3393.pdf HTTP/1.1" 200 2002876
3.224.220.101 - - [23/Feb/2024:05:04:43 -0500] "GET /BLA/resoluciones/AUTOS%202022/1624.pdf HTTP/1.1" 200 577529
23.22.35.162 - - [23/Feb/2024:05:04:46 -0500] "GET /BLA/resoluciones/AUTOS%202022/2103.pdf HTTP/1.1" 200 393915
23.22.35.162 - - [23/Feb/2024:05:04:50 -0500] "GET /BLA/resoluciones/AUTOS%202022/2844.pdf HTTP/1.1" 200 297035
23.22.35.162 - - [23/Feb/2024:05:04:54 -0500] "GET /BLA/resoluciones/AUTOS%202022/6022.pdf HTTP/1.1" 200 453281
52.70.240.171 - - [23/Feb/2024:05:04:58 -0500] "GET /BLA/resoluciones/AUTOS%202022/4390.pdf HTTP/1.1" 200 372826
23.22.35.162 - - [23/Feb/2024:05:05:03 -0500] "GET /BLA/resoluciones/AUTOS%202022/1277.pdf HTTP/1.1" 200 370444
3.224.220.101 - - [23/Feb/2024:05:05:06 -0500] "GET /BLA/resoluciones/AUTOS%202022/4608.pdf HTTP/1.1" 200 388864
3.224.220.101 - - [23/Feb/2024:05:05:10 -0500] "GET /BLA/resoluciones/AUTOS%202022/1005.pdf HTTP/1.1" 200 425140
172.22.2.4 - - [23/Feb/2024:05:03:31 -0500] "HEAD /BLA/boletinlegal/ HTTP/1.1" 200 -
191.104.155.209 - - [23/Feb/2024:05:05:12 -0500] "POST /sipse/faces/presentacion/financiero/solicitudProceso/consultarSolicitudProceso.xhtml HTTP/1.1" 200 5577
191.104.155.209 - - [23/Feb/2024:05:05:12 -0500] "GET /sipse/faces/javax.faces.resource/dynamiccontent.properties?ln=primefaces&pfdrid=XjOR5%2F%2FfPAZAuY9TpWQeCiM0BhlXxYRBGKi%2FQcXXfeA%3D&pfdrid_c=false HTTP/1.1" 200 120651
23.22.35.162 - - [23/Feb/2024:05:05:14 -0500] "GET /BLA/resoluciones/AUTOS%202022/8365.pdf HTTP/1.1" 200 448573
23.22.35.162 - - [23/Feb/2024:05:05:21 -0500] "GET /BLA/resoluciones/AUTOS%202022/3226.pdf HTTP/1.1" 200 807971
23.22.35.162 - - [23/Feb/2024:05:05:22 -0500] "GET /BLA/resoluciones/AUTOS%202022/3756.pdf HTTP/1.1" 200 344965
191.104.155.209 - - [23/Feb/2024:05:05:25 -0500] "POST /sipse/faces/presentacion/financiero/solicitudProceso/consultarSolicitudProceso.xhtml HTTP/1.1" 200 5566
23.22.35.162 - - [23/Feb/2024:05:05:27 -0500] "GET /BLA/resoluciones/AUTOS%202022/7356.pdf HTTP/1.1" 200 423739
3.224.220.101 - - [23/Feb/2024:05:05:29 -0500] "GET /BLA/resoluciones/AUTOS%202022/7847.pdf HTTP/1.1" 200 519514
23.22.35.162 - - [23/Feb/2024:05:05:34 -0500] "GET /BLA/resoluciones/AUTOS%202022/7719.pdf HTTP/1.1" 200 1788257
52.70.240.171 - - [23/Feb/2024:05:05:38 -0500] "GET /BLA/resoluciones/AUTOS%202022/1852.pdf HTTP/1.1" 200 409777
23.22.35.162 - - [23/Feb/2024:05:05:42 -0500] "GET /BLA/resoluciones/AUTOS%202022/6249.pdf HTTP/1.1" 200 387458
23.22.35.162 - - [23/Feb/2024:05:05:46 -0500] "GET /BLA/resoluciones/AUTOS%202022/0526.pdf HTTP/1.1" 200 346919
23.22.35.162 - - [23/Feb/2024:05:05:53 -0500] "GET /BLA/resoluciones/AUTOS%202022/7816.pdf HTTP/1.1" 200 342905
52.70.240.171 - - [23/Feb/2024:05:05:54 -0500] "GET /BLA/resoluciones/AUTOS%202022/6377.pdf HTTP/1.1" 200 1123038
52.70.240.171 - - [23/Feb/2024:05:05:59 -0500] "GET /BLA/resoluciones/AUTOS%202022/3699.pdf HTTP/1.1" 200 377959
172.22.2.4 - - [23/Feb/2024:05:04:21 -0500] "GET /BLA/boletinlegal/ HTTP/1.1" 200 58273
52.70.240.171 - - [23/Feb/2024:05:06:02 -0500] "GET /BLA/resoluciones/AUTOS%202022/7944.pdf HTTP/1.1" 200 525705
3.224.220.101 - - [23/Feb/2024:05:06:06 -0500] "GET /BLA/resoluciones/AUTOS%202022/3121.pdf HTTP/1.1" 200 448191
201.245.192.253 - - [23/Feb/2024:05:06:09 -0500] "POST /forms/lservlet;jsessionid=ac16012b30d65944fe978afe447f8630f37f4d10f40c.e3iSbxaKaheRe34NaNuLc30MaN90n6jAmljGr5XDqQLvpAe HTTP/1.1" 200 2
3.224.220.101 - - [23/Feb/2024:05:06:10 -0500] "GET /BLA/resoluciones/AUTOS%202022/7557.pdf HTTP/1.1" 200 418289
3.224.220.101 - - [23/Feb/2024:05:06:14 -0500] "GET /BLA/resoluciones/AUTOS%202022/7001.pdf HTTP/1.1" 200 532451
23.22.35.162 - - [23/Feb/2024:05:06:19 -0500] "GET /BLA/resoluciones/AUTOS%202022/3265.pdf HTTP/1.1" 200 386252
52.70.240.171 - - [23/Feb/2024:05:06:22 -0500] "GET /BLA/resoluciones/AUTOS%202022/3814.pdf HTTP/1.1" 200 486394
52.70.240.171 - - [23/Feb/2024:05:06:26 -0500] "GET /BLA/resoluciones/AUTOS%202022/2948.pdf HTTP/1.1" 200 426459
52.70.240.171 - - [23/Feb/2024:05:06:31 -0500] "GET /BLA/resoluciones/AUTOS%202022/1980.pdf HTTP/1.1" 200 310706
3.224.220.101 - - [23/Feb/2024:05:06:34 -0500] "GET /BLA/resoluciones/AUTOS%202022/5425.pdf HTTP/1.1" 200 362236
3.224.220.101 - - [23/Feb/2024:05:06:38 -0500] "GET /BLA/resoluciones/AUTOS%202022/6794.pdf HTTP/1.1" 200 397696
3.224.220.101 - - [23/Feb/2024:05:06:42 -0500] "GET /BLA/resoluciones/AUTOS%202022/8581.pdf HTTP/1.1" 200 380118
3.224.220.101 - - [23/Feb/2024:05:06:45 -0500] "GET /BLA/resoluciones/AUTOS%202022/0999.pdf HTTP/1.1" 200 466934
3.224.220.101 - - [23/Feb/2024:05:06:52 -0500] "GET /BLA/resoluciones/AUTOS%202022/6891.pdf HTTP/1.1" 200 592437
52.70.240.171 - - [23/Feb/2024:05:06:54 -0500] "GET /BLA/resoluciones/AUTOS%202022/7703.pdf HTTP/1.1" 200 520275
23.22.35.162 - - [23/Feb/2024:05:06:58 -0500] "GET /BLA/resoluciones/AUTOS%202022/6008.pdf HTTP/1.1" 200 375141
52.70.240.171 - - [23/Feb/2024:05:07:02 -0500] "GET /BLA/resoluciones/AUTOS%202022/4534.pdf HTTP/1.1" 200 369753
3.224.220.101 - - [23/Feb/2024:05:07:06 -0500] "GET /BLA/resoluciones/AUTOS%202022/2119.pdf HTTP/1.1" 200 4779652
52.70.240.171 - - [23/Feb/2024:05:07:10 -0500] "GET /BLA/resoluciones/AUTOS%202022/3524.pdf HTTP/1.1" 200 512613
52.70.240.171 - - [23/Feb/2024:05:07:15 -0500] "GET /BLA/resoluciones/AUTOS%202022/5745.pdf HTTP/1.1" 200 373286
23.22.35.162 - - [23/Feb/2024:05:07:19 -0500] "GET /BLA/resoluciones/AUTOS%202022/1207.pdf HTTP/1.1" 200 505792
216.245.221.92 - - [23/Feb/2024:05:07:20 -0500] "HEAD / HTTP/1.1" 200 -
52.70.240.171 - - [23/Feb/2024:05:07:22 -0500] "GET /BLA/resoluciones/AUTOS%202022/2659.pdf HTTP/1.1" 200 370057
52.70.240.171 - - [23/Feb/2024:05:07:27 -0500] "GET /BLA/resoluciones/AUTOS%202022/4244.pdf HTTP/1.1" 200 1692619
52.70.240.171 - - [23/Feb/2024:05:07:29 -0500] "GET /BLA/resoluciones/AUTOS%202022/8624.pdf HTTP/1.1" 200 428076
23.22.35.162 - - [23/Feb/2024:05:07:35 -0500] "GET /BLA/resoluciones/AUTOS%202022/7588.pdf HTTP/1.1" 200 404360
52.70.240.171 - - [23/Feb/2024:05:07:38 -0500] "GET /BLA/resoluciones/AUTOS%202022/2112.pdf HTTP/1.1" 200 447056
3.224.220.101 - - [23/Feb/2024:05:07:42 -0500] "GET /BLA/resoluciones/AUTOS%202022/7676.pdf HTTP/1.1" 200 663930
181.53.13.222 - - [23/Feb/2024:05:07:44 -0500] "POST /sipse/faces/presentacion/financiero/solicitudProceso/consultarSolicitudProceso.xhtml HTTP/1.1" 302 -
181.53.13.222 - - [23/Feb/2024:05:07:45 -0500] "GET /sipse/faces/autenticacion.xhtml HTTP/1.1" 200 1099
181.53.13.222 - - [23/Feb/2024:05:07:45 -0500] "POST /sipse/faces/presentacion/financiero/solicitudProceso/consultarSolicitudProceso.xhtml HTTP/1.1" 302 -
181.53.13.222 - - [23/Feb/2024:05:07:45 -0500] "GET /sipse/faces/autenticacion.xhtml HTTP/1.1" 200 1099
181.53.13.222 - - [23/Feb/2024:05:07:45 -0500] "POST /sipse/faces/presentacion/financiero/solicitudProceso/consultarSolicitudProceso.xhtml HTTP/1.1" 302 -
181.53.13.222 - - [23/Feb/2024:05:07:45 -0500] "GET /sipse/faces/autenticacion.xhtml HTTP/1.1" 200 1099
23.22.35.162 - - [23/Feb/2024:05:07:46 -0500] "GET /BLA/resoluciones/AUTOS%202022/2198.pdf HTTP/1.1" 200 485554
181.53.13.222 - - [23/Feb/2024:05:07:49 -0500] "GET /sipse/faces/faces/autenticacion.xhtml HTTP/1.1" 200 12405
23.22.35.162 - - [23/Feb/2024:05:07:50 -0500] "GET /BLA/resoluciones/AUTOS%202022/4976.pdf HTTP/1.1" 200 394129
181.53.13.222 - - [23/Feb/2024:05:07:51 -0500] "GET /sipse/faces/javax.faces.resource/primefaces.css?ln=primefaces&v=4.0 HTTP/1.1" 304 -
181.53.13.222 - - [23/Feb/2024:05:07:51 -0500] "GET /sipse/faces/javax.faces.resource/theme.css?ln=primefaces-sipse HTTP/1.1" 304 -
181.53.13.222 - - [23/Feb/2024:05:07:51 -0500] "GET /sipse/faces/javax.faces.resource/layout/layout.css?ln=primefaces&v=4.0 HTTP/1.1" 304 -
181.53.13.222 - - [23/Feb/2024:05:07:51 -0500] "GET /sipse/faces/javax.faces.resource/jquery/jquery.js?ln=primefaces&v=4.0 HTTP/1.1" 304 -
181.53.13.222 - - [23/Feb/2024:05:07:51 -0500] "GET /sipse/faces/javax.faces.resource/jquery/jquery-plugins.js?ln=primefaces&v=4.0 HTTP/1.1" 304 -
181.53.13.222 - - [23/Feb/2024:05:07:51 -0500] "GET /sipse/faces/javax.faces.resource/layout/layout.js?ln=primefaces&v=4.0 HTTP/1.1" 304 -
181.53.13.222 - - [23/Feb/2024:05:07:51 -0500] "GET /sipse/faces/javax.faces.resource/primefaces.js?ln=primefaces&v=4.0 HTTP/1.1" 304 -
181.53.13.222 - - [23/Feb/2024:05:07:54 -0500] "GET /sipse/faces/javax.faces.resource/images/ui-icons_898989_256x240.png?ln=primefaces-aristo HTTP/1.1" 304 -
23.22.35.162 - - [23/Feb/2024:05:07:55 -0500] "GET /BLA/resoluciones/AUTOS%202022/5455.pdf HTTP/1.1" 200 395242
52.70.240.171 - - [23/Feb/2024:05:07:57 -0500] "GET /BLA/resoluciones/AUTOS%202022/5099.pdf HTTP/1.1" 200 402138
181.53.13.222 - - [23/Feb/2024:05:07:59 -0500] "POST /sipse/faces/autenticacion.xhtml HTTP/1.1" 200 2220
181.53.13.222 - - [23/Feb/2024:05:08:00 -0500] "GET /sipse/faces/javax.faces.resource/messages/messages.png?ln=primefaces&v=4.0 HTTP/1.1" 304 -
181.53.13.222 - - [23/Feb/2024:05:08:02 -0500] "POST /sipse/faces/autenticacion.xhtml HTTP/1.1" 200 16473
181.53.13.222 - - [23/Feb/2024:05:08:02 -0500] "GET /sipse/faces/javax.faces.resource/theme.css?ln=primefaces-sipse HTTP/1.1" 304 -
181.53.13.222 - - [23/Feb/2024:05:08:02 -0500] "GET /sipse/faces/javax.faces.resource/layout/layout.css?ln=primefaces&v=4.0 HTTP/1.1" 304 -
181.53.13.222 - - [23/Feb/2024:05:08:02 -0500] "GET /sipse/faces/javax.faces.resource/primefaces.css?ln=primefaces&v=4.0 HTTP/1.1" 304 -
181.53.13.222 - - [23/Feb/2024:05:08:02 -0500] "GET /sipse/faces/javax.faces.resource/jquery/jquery.js?ln=primefaces&v=4.0 HTTP/1.1" 304 -
181.53.13.222 - - [23/Feb/2024:05:08:02 -0500] "GET /sipse/faces/javax.faces.resource/jquery/jquery-plugins.js?ln=primefaces&v=4.0 HTTP/1.1" 304 -
181.53.13.222 - - [23/Feb/2024:05:08:02 -0500] "GET /sipse/faces/javax.faces.resource/primefaces.js?ln=primefaces&v=4.0 HTTP/1.1" 304 -
181.53.13.222 - - [23/Feb/2024:05:08:03 -0500] "GET /sipse/faces/javax.faces.resource/layout/layout.js?ln=primefaces&v=4.0 HTTP/1.1" 304 -
23.22.35.162 - - [23/Feb/2024:05:08:03 -0500] "GET /BLA/resoluciones/AUTOS%202022/1480.pdf HTTP/1.1" 200 380094
181.53.13.222 - - [23/Feb/2024:05:08:03 -0500] "GET /sipse/css/imagen/contrasena.png HTTP/1.1" 404 383
3.224.220.101 - - [23/Feb/2024:05:08:06 -0500] "GET /BLA/resoluciones/AUTOS%202022/5013.pdf HTTP/1.1" 200 397183
181.53.13.222 - - [23/Feb/2024:05:08:07 -0500] "POST /sipse/faces/bienvenido.xhtml HTTP/1.1" 200 2658
181.53.13.222 - - [23/Feb/2024:05:08:07 -0500] "GET /sipse/faces/javax.faces.resource/images/ui-bg_flat_0_2d5972_40x100.png?ln=primefaces-aristo HTTP/1.1" 304 -
201.245.192.253 - - [23/Feb/2024:05:08:09 -0500] "POST /forms/lservlet;jsessionid=ac16012b30d65944fe978afe447f8630f37f4d10f40c.e3iSbxaKaheRe34NaNuLc30MaN90n6jAmljGr5XDqQLvpAe HTTP/1.1" 200 2
52.70.240.171 - - [23/Feb/2024:05:08:10 -0500] "GET /BLA/resoluciones/AUTOS%202022/7300.pdf HTTP/1.1" 200 438020
181.53.13.222 - - [23/Feb/2024:05:08:09 -0500] "POST /sipse/faces/bienvenido.xhtml HTTP/1.1" 200 65736
181.53.13.222 - - [23/Feb/2024:05:08:12 -0500] "GET /sipse/faces/javax.faces.resource/theme.css?ln=primefaces-sipse HTTP/1.1" 304 -
181.53.13.222 - - [23/Feb/2024:05:08:12 -0500] "GET /sipse/faces/javax.faces.resource/jquery/jquery.js?ln=primefaces&v=4.0 HTTP/1.1" 304 -
181.53.13.222 - - [23/Feb/2024:05:08:12 -0500] "GET /sipse/faces/javax.faces.resource/layout/layout.css?ln=primefaces&v=4.0 HTTP/1.1" 304 -
181.53.13.222 - - [23/Feb/2024:05:08:12 -0500] "GET /sipse/faces/javax.faces.resource/primefaces.css?ln=primefaces&v=4.0 HTTP/1.1" 304 -
181.53.13.222 - - [23/Feb/2024:05:08:13 -0500] "GET /sipse/faces/javax.faces.resource/jquery/jquery-plugins.js?ln=primefaces&v=4.0 HTTP/1.1" 304 -
181.53.13.222 - - [23/Feb/2024:05:08:13 -0500] "GET /sipse/faces/javax.faces.resource/primefaces.js?ln=primefaces&v=4.0 HTTP/1.1" 304 -
181.53.13.222 - - [23/Feb/2024:05:08:13 -0500] "GET /sipse/faces/javax.faces.resource/layout/layout.js?ln=primefaces&v=4.0 HTTP/1.1" 304 -
52.70.240.171 - - [23/Feb/2024:05:08:14 -0500] "GET /BLA/resoluciones/AUTOS%202022/7289.pdf HTTP/1.1" 200 779318
181.53.13.222 - - [23/Feb/2024:05:08:13 -0500] "POST /sipse/faces/presentacion/financiero/solicitudProceso/listarSolicitudProceso.xhtml HTTP/1.1" 200 1556
52.70.240.171 - - [23/Feb/2024:05:08:19 -0500] "GET /BLA/resoluciones/AUTOS%202022/3339.pdf HTTP/1.1" 200 517167
181.53.13.222 - - [23/Feb/2024:05:08:19 -0500] "POST /sipse/faces/presentacion/financiero/solicitudProceso/listarSolicitudProceso.xhtml HTTP/1.1" 200 21603
3.224.220.101 - - [23/Feb/2024:05:08:22 -0500] "GET /BLA/resoluciones/AUTOS%202022/5754.pdf HTTP/1.1" 200 373332
181.53.13.222 - - [23/Feb/2024:05:08:22 -0500] "POST /sipse/faces/presentacion/financiero/solicitudProceso/listarSolicitudProceso.xhtml HTTP/1.1" 200 156728
181.53.13.222 - - [23/Feb/2024:05:08:23 -0500] "GET /sipse/faces/javax.faces.resource/theme.css?ln=primefaces-sipse HTTP/1.1" 304 -
181.53.13.222 - - [23/Feb/2024:05:08:23 -0500] "GET /sipse/faces/javax.faces.resource/layout/layout.css?ln=primefaces&v=4.0 HTTP/1.1" 304 -
181.53.13.222 - - [23/Feb/2024:05:08:23 -0500] "GET /sipse/faces/javax.faces.resource/primefaces.css?ln=primefaces&v=4.0 HTTP/1.1" 304 -
181.53.13.222 - - [23/Feb/2024:05:08:23 -0500] "GET /sipse/faces/javax.faces.resource/jquery/jquery.js?ln=primefaces&v=4.0 HTTP/1.1" 304 -
181.53.13.222 - - [23/Feb/2024:05:08:23 -0500] "GET /sipse/faces/javax.faces.resource/jquery/jquery-plugins.js?ln=primefaces&v=4.0 HTTP/1.1" 304 -
181.53.13.222 - - [23/Feb/2024:05:08:23 -0500] "GET /sipse/faces/javax.faces.resource/primefaces.js?ln=primefaces&v=4.0 HTTP/1.1" 304 -
181.53.13.222 - - [23/Feb/2024:05:08:23 -0500] "GET /sipse/faces/javax.faces.resource/layout/layout.js?ln=primefaces&v=4.0 HTTP/1.1" 304 -
23.22.35.162 - - [23/Feb/2024:05:08:26 -0500] "GET /BLA/resoluciones/AUTOS%202022/8493.pdf HTTP/1.1" 200 474055
23.22.35.162 - - [23/Feb/2024:05:08:30 -0500] "GET /BLA/resoluciones/AUTOS%202022/7386.pdf HTTP/1.1" 200 716279
66.249.77.10 - - [23/Feb/2024:05:08:33 -0500] "GET /portel_dama/libreria/pdf/Memoriasdecapacitacinenincendiosforestales2005.pdf HTTP/1.1" 404 1018
3.224.220.101 - - [23/Feb/2024:05:08:34 -0500] "GET /BLA/resoluciones/AUTOS%202022/0728.pdf HTTP/1.1" 200 482972
23.22.35.162 - - [23/Feb/2024:05:08:38 -0500] "GET /BLA/resoluciones/AUTOS%202022/4187.pdf HTTP/1.1" 200 465619
3.224.220.101 - - [23/Feb/2024:05:08:42 -0500] "GET /BLA/resoluciones/AUTOS%202022/3564.pdf HTTP/1.1" 200 408006
3.224.220.101 - - [23/Feb/2024:05:08:46 -0500] "GET /BLA/resoluciones/AUTOS%202022/4937.pdf HTTP/1.1" 200 369263
3.224.220.101 - - [23/Feb/2024:05:08:50 -0500] "GET /BLA/resoluciones/AUTOS%202022/2716.pdf HTTP/1.1" 200 341013
52.70.240.171 - - [23/Feb/2024:05:08:55 -0500] "GET /BLA/resoluciones/AUTOS%202022/6965.pdf HTTP/1.1" 200 424090
17.241.75.209 - - [23/Feb/2024:05:08:57 -0500] "GET /gobierno-de-bogota-hace-recomendaciones-a-la-ciudadania-para-que-tome-acciones-ante-la-mala-calidad-del-aire.html HTTP/1.1" 200 864
3.224.220.101 - - [23/Feb/2024:05:08:58 -0500] "GET /BLA/resoluciones/AUTOS%202022/7282.pdf HTTP/1.1" 200 424742
181.53.13.222 - - [23/Feb/2024:05:09:00 -0500] "POST /sipse/faces/presentacion/financiero/solicitudProceso/consultarSolicitudProceso.xhtml HTTP/1.1" 200 37470
181.53.13.222 - - [23/Feb/2024:05:09:00 -0500] "GET /sipse/faces/javax.faces.resource/theme.css?ln=primefaces-sipse HTTP/1.1" 304 -
181.53.13.222 - - [23/Feb/2024:05:09:01 -0500] "GET /sipse/faces/javax.faces.resource/layout/layout.css?ln=primefaces&v=4.0 HTTP/1.1" 304 -
181.53.13.222 - - [23/Feb/2024:05:09:01 -0500] "GET /sipse/faces/javax.faces.resource/jquery/jquery.js?ln=primefaces&v=4.0 HTTP/1.1" 304 -
181.53.13.222 - - [23/Feb/2024:05:09:01 -0500] "GET /sipse/faces/javax.faces.resource/primefaces.css?ln=primefaces&v=4.0 HTTP/1.1" 304 -
181.53.13.222 - - [23/Feb/2024:05:09:01 -0500] "GET /sipse/faces/javax.faces.resource/jquery/jquery-plugins.js?ln=primefaces&v=4.0 HTTP/1.1" 304 -
181.53.13.222 - - [23/Feb/2024:05:09:01 -0500] "GET /sipse/faces/javax.faces.resource/primefaces.js?ln=primefaces&v=4.0 HTTP/1.1" 304 -
181.53.13.222 - - [23/Feb/2024:05:09:01 -0500] "GET /sipse/faces/javax.faces.resource/layout/layout.js?ln=primefaces&v=4.0 HTTP/1.1" 304 -
3.224.220.101 - - [23/Feb/2024:05:09:01 -0500] "GET /BLA/resoluciones/AUTOS%202022/8597.pdf HTTP/1.1" 200 691902
181.53.13.222 - - [23/Feb/2024:05:09:01 -0500] "POST /sipse/faces/presentacion/financiero/solicitudProceso/listarSolicitudProceso.xhtml HTTP/1.1" 200 30723
181.53.13.222 - - [23/Feb/2024:05:09:02 -0500] "POST /sipse/faces/presentacion/financiero/solicitudProceso/listarSolicitudProceso.xhtml HTTP/1.1" 200 30723
181.53.13.222 - - [23/Feb/2024:05:09:03 -0500] "POST /sipse/faces/presentacion/financiero/solicitudProceso/listarSolicitudProceso.xhtml HTTP/1.1" 200 1392
3.224.220.101 - - [23/Feb/2024:05:09:06 -0500] "GET /BLA/resoluciones/AUTOS%202022/7185.pdf HTTP/1.1" 200 382636
181.53.13.222 - - [23/Feb/2024:05:09:06 -0500] "POST /sipse/faces/presentacion/financiero/solicitudProceso/listarSolicitudProceso.xhtml HTTP/1.1" 200 1388
23.22.35.162 - - [23/Feb/2024:05:09:10 -0500] "GET /BLA/resoluciones/AUTOS%202022/2159.pdf HTTP/1.1" 200 1355263
181.53.13.222 - - [23/Feb/2024:05:09:08 -0500] "POST /sipse/faces/presentacion/financiero/solicitudProceso/listarSolicitudProceso.xhtml HTTP/1.1" 200 1400
52.70.240.171 - - [23/Feb/2024:05:09:14 -0500] "GET /BLA/resoluciones/AUTOS%202022/8124.pdf HTTP/1.1" 200 429948
181.53.13.222 - - [23/Feb/2024:05:09:14 -0500] "POST /sipse/faces/presentacion/financiero/solicitudProceso/listarSolicitudProceso.xhtml HTTP/1.1" 200 21679
3.224.220.101 - - [23/Feb/2024:05:09:18 -0500] "GET /BLA/resoluciones/AUTOS%202022/7041.pdf HTTP/1.1" 200 1864186
23.22.35.162 - - [23/Feb/2024:05:09:22 -0500] "GET /BLA/resoluciones/AUTOS%202022/1505.pdf HTTP/1.1" 200 436126
181.53.13.222 - - [23/Feb/2024:05:09:22 -0500] "POST /sipse/faces/presentacion/financiero/solicitudProceso/listarSolicitudProceso.xhtml HTTP/1.1" 200 146203
181.53.13.222 - - [23/Feb/2024:05:09:23 -0500] "GET /sipse/faces/javax.faces.resource/theme.css?ln=primefaces-sipse HTTP/1.1" 304 -
181.53.13.222 - - [23/Feb/2024:05:09:24 -0500] "GET /sipse/faces/javax.faces.resource/layout/layout.css?ln=primefaces&v=4.0 HTTP/1.1" 304 -
181.53.13.222 - - [23/Feb/2024:05:09:24 -0500] "GET /sipse/faces/javax.faces.resource/jquery/jquery.js?ln=primefaces&v=4.0 HTTP/1.1" 304 -
181.53.13.222 - - [23/Feb/2024:05:09:24 -0500] "GET /sipse/faces/javax.faces.resource/primefaces.css?ln=primefaces&v=4.0 HTTP/1.1" 304 -
181.53.13.222 - - [23/Feb/2024:05:09:24 -0500] "GET /sipse/faces/javax.faces.resource/jquery/jquery-plugins.js?ln=primefaces&v=4.0 HTTP/1.1" 304 -
181.53.13.222 - - [23/Feb/2024:05:09:24 -0500] "GET /sipse/faces/javax.faces.resource/primefaces.js?ln=primefaces&v=4.0 HTTP/1.1" 304 -
181.53.13.222 - - [23/Feb/2024:05:09:24 -0500] "GET /sipse/faces/javax.faces.resource/layout/layout.js?ln=primefaces&v=4.0 HTTP/1.1" 304 -
52.70.240.171 - - [23/Feb/2024:05:09:26 -0500] "GET /BLA/resoluciones/AUTOS%202022/4205.pdf HTTP/1.1" 200 401959
52.70.240.171 - - [23/Feb/2024:05:09:30 -0500] "GET /BLA/resoluciones/AUTOS%202022/1777.pdf HTTP/1.1" 200 527777
181.53.13.222 - - [23/Feb/2024:05:09:33 -0500] "POST /sipse/faces/presentacion/financiero/solicitudProceso/consultarSolicitudProceso.xhtml HTTP/1.1" 200 53605
181.53.13.222 - - [23/Feb/2024:05:09:34 -0500] "GET /sipse/faces/javax.faces.resource/theme.css?ln=primefaces-sipse HTTP/1.1" 304 -
181.53.13.222 - - [23/Feb/2024:05:09:34 -0500] "GET /sipse/faces/javax.faces.resource/primefaces.css?ln=primefaces&v=4.0 HTTP/1.1" 304 -
181.53.13.222 - - [23/Feb/2024:05:09:34 -0500] "GET /sipse/faces/javax.faces.resource/layout/layout.css?ln=primefaces&v=4.0 HTTP/1.1" 304 -
181.53.13.222 - - [23/Feb/2024:05:09:34 -0500] "GET /sipse/faces/javax.faces.resource/jquery/jquery.js?ln=primefaces&v=4.0 HTTP/1.1" 304 -
181.53.13.222 - - [23/Feb/2024:05:09:34 -0500] "GET /sipse/faces/javax.faces.resource/jquery/jquery-plugins.js?ln=primefaces&v=4.0 HTTP/1.1" 304 -
181.53.13.222 - - [23/Feb/2024:05:09:34 -0500] "GET /sipse/faces/javax.faces.resource/primefaces.js?ln=primefaces&v=4.0 HTTP/1.1" 304 -
181.53.13.222 - - [23/Feb/2024:05:09:34 -0500] "GET /sipse/faces/javax.faces.resource/layout/layout.js?ln=primefaces&v=4.0 HTTP/1.1" 304 -
3.224.220.101 - - [23/Feb/2024:05:09:35 -0500] "GET /BLA/resoluciones/AUTOS%202022/8221.pdf HTTP/1.1" 200 421485
3.224.220.101 - - [23/Feb/2024:05:09:37 -0500] "GET /BLA/resoluciones/AUTOS%202022/0469.pdf HTTP/1.1" 200 332168
52.70.240.171 - - [23/Feb/2024:05:09:42 -0500] "GET /BLA/resoluciones/AUTOS%202022/5416.pdf HTTP/1.1" 200 390578
181.53.13.222 - - [23/Feb/2024:05:09:43 -0500] "POST /sipse/faces/presentacion/financiero/estudioPrevio/personalSolicitado/expedirExperienciaIdoneidad.xhtml HTTP/1.1" 200 22828
181.53.13.222 - - [23/Feb/2024:05:09:43 -0500] "GET /sipse/faces/javax.faces.resource/theme.css?ln=primefaces-sipse HTTP/1.1" 304 -
181.53.13.222 - - [23/Feb/2024:05:09:43 -0500] "GET /sipse/faces/javax.faces.resource/primefaces.css?ln=primefaces&v=4.0 HTTP/1.1" 304 -
181.53.13.222 - - [23/Feb/2024:05:09:43 -0500] "GET /sipse/faces/javax.faces.resource/jquery/jquery.js?ln=primefaces&v=4.0 HTTP/1.1" 304 -
181.53.13.222 - - [23/Feb/2024:05:09:43 -0500] "GET /sipse/faces/javax.faces.resource/layout/layout.css?ln=primefaces&v=4.0 HTTP/1.1" 304 -
181.53.13.222 - - [23/Feb/2024:05:09:43 -0500] "GET /sipse/faces/javax.faces.resource/jquery/jquery-plugins.js?ln=primefaces&v=4.0 HTTP/1.1" 304 -
181.53.13.222 - - [23/Feb/2024:05:09:43 -0500] "GET /sipse/faces/javax.faces.resource/primefaces.js?ln=primefaces&v=4.0 HTTP/1.1" 304 -
181.53.13.222 - - [23/Feb/2024:05:09:44 -0500] "GET /sipse/faces/javax.faces.resource/layout/layout.js?ln=primefaces&v=4.0 HTTP/1.1" 304 -
3.224.220.101 - - [23/Feb/2024:05:09:46 -0500] "GET /BLA/resoluciones/AUTOS%202022/7742.pdf HTTP/1.1" 200 447517
3.224.220.101 - - [23/Feb/2024:05:09:51 -0500] "GET /BLA/resoluciones/AUTOS%202022/5101.pdf HTTP/1.1" 200 399439
52.70.240.171 - - [23/Feb/2024:05:09:54 -0500] "GET /BLA/resoluciones/AUTOS%202022/2914.pdf HTTP/1.1" 200 1635380
3.224.220.101 - - [23/Feb/2024:05:09:58 -0500] "GET /BLA/resoluciones/AUTOS%202022/3542.pdf HTTP/1.1" 200 1256250
23.22.35.162 - - [23/Feb/2024:05:10:02 -0500] "GET /BLA/resoluciones/AUTOS%202022/2957.pdf HTTP/1.1" 200 595458
23.22.35.162 - - [23/Feb/2024:05:10:07 -0500] "GET /BLA/resoluciones/AUTOS%202022/8563.pdf HTTP/1.1" 200 401634
201.245.192.253 - - [23/Feb/2024:05:10:09 -0500] "POST /forms/lservlet;jsessionid=ac16012b30d65944fe978afe447f8630f37f4d10f40c.e3iSbxaKaheRe34NaNuLc30MaN90n6jAmljGr5XDqQLvpAe HTTP/1.1" 200 2
23.22.35.162 - - [23/Feb/2024:05:10:10 -0500] "GET /BLA/resoluciones/AUTOS%202022/4437.pdf HTTP/1.1" 200 456598
52.70.240.171 - - [23/Feb/2024:05:10:16 -0500] "GET /BLA/resoluciones/AUTOS%202022/4091.pdf HTTP/1.1" 200 367638
3.224.220.101 - - [23/Feb/2024:05:10:17 -0500] "GET /BLA/resoluciones/AUTOS%202022/7978.pdf HTTP/1.1" 200 535604
52.70.240.171 - - [23/Feb/2024:05:10:22 -0500] "GET /BLA/resoluciones/AUTOS%202022/5394.pdf HTTP/1.1" 200 383504
3.224.220.101 - - [23/Feb/2024:05:10:26 -0500] "GET /BLA/resoluciones/AUTOS%202017/03322.pdf HTTP/1.1" 200 316537
66.249.77.10 - - [23/Feb/2024:05:10:28 -0500] "GET /BLA/resoluciones/Notificaciones/AUTOS%202023/5856.pdf HTTP/1.1" 304 -
66.249.77.10 - - [23/Feb/2024:05:10:28 -0500] "GET /robots.txt HTTP/1.1" 404 1018
3.224.220.101 - - [23/Feb/2024:05:10:30 -0500] "GET /BLA/resoluciones/AUTOS%202017/4793.pdf HTTP/1.1" 200 329522
23.22.35.162 - - [23/Feb/2024:05:10:34 -0500] "GET /BLA/resoluciones/AUTOS%202017/3149.pdf HTTP/1.1" 200 284853
23.22.35.162 - - [23/Feb/2024:05:10:39 -0500] "GET /BLA/resoluciones/AUTOS%202017/2569.pdf HTTP/1.1" 200 269739
52.70.240.171 - - [23/Feb/2024:05:10:42 -0500] "GET /BLA/resoluciones/AUTOS%202017/2526.pdf HTTP/1.1" 200 285683
23.22.35.162 - - [23/Feb/2024:05:10:46 -0500] "GET /BLA/resoluciones/AUTOS%202017/0064.pdf HTTP/1.1" 200 515773
52.70.240.171 - - [23/Feb/2024:05:10:50 -0500] "GET /BLA/resoluciones/AUTOS%202017/2941.pdf HTTP/1.1" 200 219984
3.224.220.101 - - [23/Feb/2024:05:10:54 -0500] "GET /BLA/resoluciones/AUTOS%202017/2211.pdf HTTP/1.1" 200 626609
172.22.2.4 - - [23/Feb/2024:05:09:21 -0500] "HEAD /BLA/boletinlegal/ HTTP/1.1" 200 -
23.22.35.162 - - [23/Feb/2024:05:11:02 -0500] "GET /BLA/resoluciones/AUTOS%202017/0343.pdf HTTP/1.1" 200 1103923
3.224.220.101 - - [23/Feb/2024:05:11:06 -0500] "GET /BLA/resoluciones/AUTOS%202017/4838.pdf HTTP/1.1" 200 262311
3.224.220.101 - - [23/Feb/2024:05:11:10 -0500] "GET /BLA/resoluciones/AUTOS%202017/3228.pdf HTTP/1.1" 200 436296
23.22.35.162 - - [23/Feb/2024:05:11:14 -0500] "GET /BLA/resoluciones/AUTOS%202017/0386.pdf HTTP/1.1" 200 319697
52.70.240.171 - - [23/Feb/2024:05:11:17 -0500] "GET /BLA/resoluciones/AUTOS%202017/3161.pdf HTTP/1.1" 200 290926
3.224.220.101 - - [23/Feb/2024:05:11:23 -0500] "GET /BLA/resoluciones/AUTOS%202017/3440.pdf HTTP/1.1" 200 317382
52.70.240.171 - - [23/Feb/2024:05:11:25 -0500] "GET /BLA/resoluciones/AUTOS%202017/1953.pdf HTTP/1.1" 200 408588
52.70.240.171 - - [23/Feb/2024:05:11:26 -0500] "GET /BLA/resoluciones/AUTOS%202017/0996.pdf HTTP/1.1" 200 262274
3.224.220.101 - - [23/Feb/2024:05:11:30 -0500] "GET /BLA/resoluciones/AUTOS%202017/4457.pdf HTTP/1.1" 200 294845
3.224.220.101 - - [23/Feb/2024:05:11:33 -0500] "GET /BLA/resoluciones/AUTOS%202017/3406.pdf HTTP/1.1" 200 307652
52.70.240.171 - - [23/Feb/2024:05:11:38 -0500] "GET /BLA/resoluciones/AUTOS%202017/0165.pdf HTTP/1.1" 200 441809
52.70.240.171 - - [23/Feb/2024:05:11:42 -0500] "GET /BLA/resoluciones/AUTOS%202017/5236.pdf HTTP/1.1" 200 1780923
52.70.240.171 - - [23/Feb/2024:05:11:47 -0500] "GET /BLA/resoluciones/AUTOS%202017/1910.pdf HTTP/1.1" 200 289823
52.70.240.171 - - [23/Feb/2024:05:11:51 -0500] "GET /BLA/resoluciones/AUTOS%202017/4872.pdf HTTP/1.1" 200 264540
172.22.2.4 - - [23/Feb/2024:05:10:11 -0500] "GET /BLA/boletinlegal/ HTTP/1.1" 200 60380
52.70.240.171 - - [23/Feb/2024:05:11:54 -0500] "GET /BLA/resoluciones/AUTOS%202017/3455.PDF HTTP/1.1" 200 12953672
40.77.167.71 - - [23/Feb/2024:05:11:58 -0500] "GET /BLA/resoluciones/AUTOS%202021/3917.pdf HTTP/1.1" 304 -
3.224.220.101 - - [23/Feb/2024:05:11:59 -0500] "GET /BLA/resoluciones/AUTOS%202017/0309.pdf HTTP/1.1" 200 1550647
3.224.220.101 - - [23/Feb/2024:05:12:03 -0500] "GET /BLA/resoluciones/AUTOS%202017/3307.pdf HTTP/1.1" 200 3883371
52.70.240.171 - - [23/Feb/2024:05:12:06 -0500] "GET /BLA/resoluciones/AUTOS%202017/1811.pdf HTTP/1.1" 200 384574
201.245.192.253 - - [23/Feb/2024:05:12:09 -0500] "POST /forms/lservlet;jsessionid=ac16012b30d65944fe978afe447f8630f37f4d10f40c.e3iSbxaKaheRe34NaNuLc30MaN90n6jAmljGr5XDqQLvpAe HTTP/1.1" 200 2
23.22.35.162 - - [23/Feb/2024:05:12:12 -0500] "GET /BLA/resoluciones/AUTOS%202017/2783.pdf HTTP/1.1" 200 348991
3.224.220.101 - - [23/Feb/2024:05:12:15 -0500] "GET /BLA/resoluciones/AUTOS%202017/3562.pdf HTTP/1.1" 200 271723
3.224.220.101 - - [23/Feb/2024:05:12:18 -0500] "GET /BLA/resoluciones/AUTOS%202017/2031.pdf HTTP/1.1" 200 761972
216.245.221.92 - - [23/Feb/2024:05:12:20 -0500] "HEAD / HTTP/1.1" 200 -
3.224.220.101 - - [23/Feb/2024:05:12:22 -0500] "GET /BLA/resoluciones/AUTOS%202017/3260.pdf HTTP/1.1" 200 949831
23.22.35.162 - - [23/Feb/2024:05:12:26 -0500] "GET /BLA/resoluciones/AUTOS%202017/3341.pdf HTTP/1.1" 200 298467
52.70.240.171 - - [23/Feb/2024:05:12:32 -0500] "GET /BLA/resoluciones/AUTOS%202017/0201.pdf HTTP/1.1" 200 571348
3.224.220.101 - - [23/Feb/2024:05:12:34 -0500] "GET /BLA/resoluciones/AUTOS%202017/3226.pdf HTTP/1.1" 200 489698
3.224.220.101 - - [23/Feb/2024:05:12:38 -0500] "GET /BLA/resoluciones/AUTOS%202017/1795.pdf HTTP/1.1" 200 328834
3.224.220.101 - - [23/Feb/2024:05:12:42 -0500] "GET /BLA/resoluciones/AUTOS%202017/4185.pdf HTTP/1.1" 200 296892
52.70.240.171 - - [23/Feb/2024:05:12:46 -0500] "GET /BLA/resoluciones/AUTOS%202017/3397.pdf HTTP/1.1" 200 280530
23.22.35.162 - - [23/Feb/2024:05:12:50 -0500] "GET /BLA/resoluciones/AUTOS%202017/2596.pdf HTTP/1.1" 200 286447
52.70.240.171 - - [23/Feb/2024:05:12:54 -0500] "GET /BLA/resoluciones/AUTOS%202017/1624.pdf HTTP/1.1" 200 287808
52.70.240.171 - - [23/Feb/2024:05:12:58 -0500] "GET /BLA/resoluciones/AUTOS%202017/0014.pdf HTTP/1.1" 200 650696
3.224.220.101 - - [23/Feb/2024:05:13:02 -0500] "GET /BLA/resoluciones/AUTOS%202017/5159.pdf HTTP/1.1" 200 306699
3.224.220.101 - - [23/Feb/2024:05:13:06 -0500] "GET /BLA/resoluciones/AUTOS%202017/0823.pdf HTTP/1.1" 200 303501
23.22.35.162 - - [23/Feb/2024:05:13:12 -0500] "GET /BLA/resoluciones/AUTOS%202017/2380.pdf HTTP/1.1" 200 306062
3.224.220.101 - - [23/Feb/2024:05:13:15 -0500] "GET /BLA/resoluciones/AUTOS%202017/0057.pdf HTTP/1.1" 200 337738
3.224.220.101 - - [23/Feb/2024:05:13:18 -0500] "GET /BLA/resoluciones/AUTOS%202017/1705.pdf HTTP/1.1" 200 423420
23.22.35.162 - - [23/Feb/2024:05:13:23 -0500] "GET /BLA/resoluciones/AUTOS%202017/0251.pdf HTTP/1.1" 200 367835
52.70.240.171 - - [23/Feb/2024:05:13:26 -0500] "GET /BLA/resoluciones/AUTOS%202017/2173.pdf HTTP/1.1" 200 333731
66.249.77.10 - - [23/Feb/2024:05:13:29 -0500] "GET /BLA/resoluciones/AUTOS%202014/1882.pdf HTTP/1.1" 200 526619
23.22.35.162 - - [23/Feb/2024:05:13:30 -0500] "GET /BLA/resoluciones/AUTOS%202017/1225.pdf HTTP/1.1" 200 652534
52.70.240.171 - - [23/Feb/2024:05:13:34 -0500] "GET /BLA/resoluciones/AUTOS%202017/4437.pdf HTTP/1.1" 200 286408
52.70.240.171 - - [23/Feb/2024:05:13:38 -0500] "GET /BLA/resoluciones/AUTOS%202017/2069.pdf HTTP/1.1" 200 457328
52.70.240.171 - - [23/Feb/2024:05:13:42 -0500] "GET /BLA/resoluciones/AUTOS%202017/0904.pdf HTTP/1.1" 200 1012451
52.70.240.171 - - [23/Feb/2024:05:13:47 -0500] "GET /BLA/resoluciones/AUTOS%202017/0917.pdf HTTP/1.1" 200 1875703
3.224.220.101 - - [23/Feb/2024:05:13:50 -0500] "GET /BLA/resoluciones/AUTOS%202017/1293.pdf HTTP/1.1" 200 337262
23.22.35.162 - - [23/Feb/2024:05:13:54 -0500] "GET /BLA/resoluciones/AUTOS%202017/4300.pdf HTTP/1.1" 200 359736
3.224.220.101 - - [23/Feb/2024:05:13:58 -0500] "GET /BLA/resoluciones/AUTOS%202017/1268.pdf HTTP/1.1" 200 552800
52.70.240.171 - - [23/Feb/2024:05:14:02 -0500] "GET /BLA/resoluciones/AUTOS%202017/2860.pdf HTTP/1.1" 200 834668
52.70.240.171 - - [23/Feb/2024:05:14:06 -0500] "GET /BLA/resoluciones/AUTOS%202017/4622.pdf HTTP/1.1" 200 1088810
201.245.192.253 - - [23/Feb/2024:05:14:09 -0500] "POST /forms/lservlet;jsessionid=ac16012b30d65944fe978afe447f8630f37f4d10f40c.e3iSbxaKaheRe34NaNuLc30MaN90n6jAmljGr5XDqQLvpAe HTTP/1.1" 200 2
3.224.220.101 - - [23/Feb/2024:05:14:10 -0500] "GET /BLA/resoluciones/AUTOS%202017/2267.pdf HTTP/1.1" 200 366465
52.70.240.171 - - [23/Feb/2024:05:14:14 -0500] "GET /BLA/resoluciones/AUTOS%202017/3877.pdf HTTP/1.1" 200 261895
3.224.220.101 - - [23/Feb/2024:05:14:18 -0500] "GET /BLA/resoluciones/AUTOS%202017/3055.pdf HTTP/1.1" 200 289876
3.224.220.101 - - [23/Feb/2024:05:14:22 -0500] "GET /BLA/resoluciones/AUTOS%202017/2754.pdf HTTP/1.1" 200 274322
52.70.240.171 - - [23/Feb/2024:05:14:26 -0500] "GET /BLA/resoluciones/AUTOS%202017/1144.pdf HTTP/1.1" 200 348656
23.22.35.162 - - [23/Feb/2024:05:14:30 -0500] "GET /BLA/resoluciones/AUTOS%202017/4356.pdf HTTP/1.1" 200 8447951
3.224.220.101 - - [23/Feb/2024:05:14:34 -0500] "GET /BLA/resoluciones/AUTOS%202017/5191.pdf HTTP/1.1" 200 292031
3.224.220.101 - - [23/Feb/2024:05:14:38 -0500] "GET /BLA/resoluciones/AUTOS%202017/0746.pdf HTTP/1.1" 200 540764
3.224.220.101 - - [23/Feb/2024:05:14:42 -0500] "GET /BLA/resoluciones/AUTOS%202017/0593.pdf HTTP/1.1" 200 514189
3.224.220.101 - - [23/Feb/2024:05:14:46 -0500] "GET /BLA/resoluciones/AUTOS%202017/4541.pdf HTTP/1.1" 200 282427
23.22.35.162 - - [23/Feb/2024:05:14:50 -0500] "GET /BLA/resoluciones/AUTOS%202017/2461.pdf HTTP/1.1" 200 356500
3.224.220.101 - - [23/Feb/2024:05:14:54 -0500] "GET /BLA/resoluciones/AUTOS%202017/5272.pdf HTTP/1.1" 200 327655
23.22.35.162 - - [23/Feb/2024:05:15:00 -0500] "GET /BLA/resoluciones/AUTOS%202017/3809.pdf HTTP/1.1" 200 734536
52.70.240.171 - - [23/Feb/2024:05:15:02 -0500] "GET /BLA/resoluciones/AUTOS%202017/3582.pdf HTTP/1.1" 200 304341
52.70.240.171 - - [23/Feb/2024:05:15:06 -0500] "GET /BLA/resoluciones/AUTOS%202017/5184.pdf HTTP/1.1" 200 349347
23.22.35.162 - - [23/Feb/2024:05:15:11 -0500] "GET /BLA/resoluciones/AUTOS%202017/2506.pdf HTTP/1.1" 200 266405
52.70.240.171 - - [23/Feb/2024:05:15:13 -0500] "GET /BLA/resoluciones/AUTOS%202017/4939.pdf HTTP/1.1" 200 1323389
66.249.77.8 - - [23/Feb/2024:05:15:18 -0500] "GET /BLA/resoluciones/RESOLUCIONES%202007/RES%202007%203001%20AL%203100/RESOLUCION%203014%20DE%202007.pdf HTTP/1.1" 200 1170012
23.22.35.162 - - [23/Feb/2024:05:15:18 -0500] "GET /BLA/resoluciones/AUTOS%202017/3591.pdf HTTP/1.1" 200 308542
66.249.77.9 - - [23/Feb/2024:05:15:19 -0500] "GET /BLA/resoluciones/AUTOS%202012/2430.pdf HTTP/1.1" 200 737417
23.22.35.162 - - [23/Feb/2024:05:15:25 -0500] "GET /BLA/resoluciones/AUTOS%202017/2274.pdf HTTP/1.1" 200 294046
3.224.220.101 - - [23/Feb/2024:05:15:26 -0500] "GET /BLA/resoluciones/AUTOS%202017/3965.pdf HTTP/1.1" 200 275989
23.22.35.162 - - [23/Feb/2024:05:15:30 -0500] "GET /BLA/resoluciones/AUTOS%202017/4061.pdf HTTP/1.1" 200 260947
52.70.240.171 - - [23/Feb/2024:05:15:34 -0500] "GET /BLA/resoluciones/AUTOS%202017/0239.pdf HTTP/1.1" 200 343318
3.224.220.101 - - [23/Feb/2024:05:15:38 -0500] "GET /BLA/resoluciones/AUTOS%202017/3490.pdf HTTP/1.1" 200 868690
23.22.35.162 - - [23/Feb/2024:05:15:43 -0500] "GET /BLA/resoluciones/AUTOS%202017/0336.pdf HTTP/1.1" 200 309297
3.224.220.101 - - [23/Feb/2024:05:15:46 -0500] "GET /BLA/resoluciones/AUTOS%202017/3411.pdf HTTP/1.1" 200 300800
66.249.77.9 - - [23/Feb/2024:05:15:47 -0500] "GET /BLA/resoluciones/RESOLUCIONES%202018/2215.pdf HTTP/1.1" 200 335154
3.224.220.101 - - [23/Feb/2024:05:15:51 -0500] "GET /BLA/resoluciones/AUTOS%202017/0530.pdf HTTP/1.1" 200 433254
23.22.35.162 - - [23/Feb/2024:05:15:55 -0500] "GET /BLA/resoluciones/AUTOS%202017/2182.pdf HTTP/1.1" 200 287389
52.70.240.171 - - [23/Feb/2024:05:15:58 -0500] "GET /BLA/resoluciones/AUTOS%202017/1547.pdf HTTP/1.1" 200 289637
3.224.220.101 - - [23/Feb/2024:05:16:01 -0500] "GET /BLA/resoluciones/AUTOS%202017/0924.pdf HTTP/1.1" 200 1940562
23.22.35.162 - - [23/Feb/2024:05:16:06 -0500] "GET /BLA/resoluciones/AUTOS%202017/0751.pdf HTTP/1.1" 200 560221
201.245.192.253 - - [23/Feb/2024:05:16:09 -0500] "POST /forms/lservlet;jsessionid=ac16012b30d65944fe978afe447f8630f37f4d10f40c.e3iSbxaKaheRe34NaNuLc30MaN90n6jAmljGr5XDqQLvpAe HTTP/1.1" 200 2
3.224.220.101 - - [23/Feb/2024:05:16:11 -0500] "GET /BLA/resoluciones/AUTOS%202017/3314.pdf HTTP/1.1" 200 352290
