201.245.192.253 - - [23/Feb/2024:06:55:56 -0500] "GET /sipse/faces/javax.faces.resource/primefaces.css;jsessionid=pKfoxhhFp9pQk5lUgESRi05K.undefined?ln=primefaces&v=4.0 HTTP/1.1" 200 53295
201.245.192.253 - - [23/Feb/2024:06:55:56 -0500] "GET /sipse/faces/javax.faces.resource/jquery/jquery-plugins.js;jsessionid=pKfoxhhFp9pQk5lUgESRi05K.undefined?ln=primefaces&v=4.0 HTTP/1.1" 200 220526
201.245.192.253 - - [23/Feb/2024:06:55:56 -0500] "GET /sipse/faces/javax.faces.resource/primefaces.js;jsessionid=pKfoxhhFp9pQk5lUgESRi05K.undefined?ln=primefaces&v=4.0 HTTP/1.1" 200 276924
201.245.192.253 - - [23/Feb/2024:06:55:56 -0500] "GET /sipse/faces/javax.faces.resource/layout/layout.js;jsessionid=pKfoxhhFp9pQk5lUgESRi05K.undefined?ln=primefaces&v=4.0 HTTP/1.1" 200 87560
201.245.192.253 - - [23/Feb/2024:06:55:56 -0500] "GET /sipse/faces/javax.faces.resource/images/ui-icons_898989_256x240.png?ln=primefaces-aristo HTTP/1.1" 200 5355
201.245.192.253 - - [23/Feb/2024:06:55:56 -0500] "GET /sipse/css/imagen/loginimg.png HTTP/1.1" 200 71635
201.245.192.253 - - [23/Feb/2024:06:55:56 -0500] "GET /sipse/css/imagen/logoSDG.png HTTP/1.1" 200 53064
201.245.192.253 - - [23/Feb/2024:06:55:56 -0500] "GET /favicon.ico HTTP/1.1" 200 7782
201.245.192.253 - - [23/Feb/2024:06:55:56 -0500] "GET /sipse/faces/faces/faces/index.xhtml HTTP/1.1" 200 677
201.245.192.253 - - [23/Feb/2024:06:55:56 -0500] "GET /sipse/faces/javax.faces.resource/theme.css?ln=primefaces-sipse HTTP/1.1" 304 -
201.245.192.253 - - [23/Feb/2024:06:55:56 -0500] "GET /sipse/faces/faces/faces/faces/autenticacion.xhtml HTTP/1.1" 200 12405
201.245.192.253 - - [23/Feb/2024:06:55:56 -0500] "GET /sipse/faces/javax.faces.resource/theme.css?ln=primefaces-sipse HTTP/1.1" 304 -
201.245.192.253 - - [23/Feb/2024:06:55:56 -0500] "GET /sipse/faces/javax.faces.resource/layout/layout.css?ln=primefaces&v=4.0 HTTP/1.1" 200 542
201.245.192.253 - - [23/Feb/2024:06:55:56 -0500] "GET /sipse/faces/javax.faces.resource/primefaces.css?ln=primefaces&v=4.0 HTTP/1.1" 200 53295
201.245.192.253 - - [23/Feb/2024:06:55:57 -0500] "GET /sipse/faces/javax.faces.resource/jquery/jquery.js?ln=primefaces&v=4.0 HTTP/1.1" 304 -
201.245.192.253 - - [23/Feb/2024:06:55:57 -0500] "GET /sipse/faces/javax.faces.resource/primefaces.js?ln=primefaces&v=4.0 HTTP/1.1" 304 -
201.245.192.253 - - [23/Feb/2024:06:55:57 -0500] "GET /sipse/faces/javax.faces.resource/jquery/jquery-plugins.js?ln=primefaces&v=4.0 HTTP/1.1" 304 -
201.245.192.253 - - [23/Feb/2024:06:55:57 -0500] "GET /sipse/faces/javax.faces.resource/layout/layout.js?ln=primefaces&v=4.0 HTTP/1.1" 304 -
201.245.192.253 - - [23/Feb/2024:06:55:57 -0500] "GET /sipse/faces/javax.faces.resource/images/ui-icons_898989_256x240.png?ln=primefaces-aristo HTTP/1.1" 304 -
186.154.114.100 - - [23/Feb/2024:06:55:57 -0500] "GET /appsia/controlador HTTP/1.1" 200 4799
181.53.13.222 - - [23/Feb/2024:06:55:57 -0500] "POST /sipse/faces/presentacion/financiero/estudioPrevio/personalSolicitado/expedirExperienciaIdoneidad.xhtml HTTP/1.1" 200 5845
181.53.13.222 - - [23/Feb/2024:06:55:57 -0500] "POST /sipse/faces/presentacion/financiero/estudioPrevio/personalSolicitado/expedirExperienciaIdoneidad.xhtml HTTP/1.1" 200 32257
181.53.13.222 - - [23/Feb/2024:06:55:58 -0500] "GET /sipse/faces/javax.faces.resource/theme.css?ln=primefaces-sipse HTTP/1.1" 304 -
181.53.13.222 - - [23/Feb/2024:06:55:58 -0500] "GET /sipse/faces/javax.faces.resource/primefaces.css?ln=primefaces&v=4.0 HTTP/1.1" 304 -
181.53.13.222 - - [23/Feb/2024:06:55:58 -0500] "GET /sipse/faces/javax.faces.resource/layout/layout.css?ln=primefaces&v=4.0 HTTP/1.1" 304 -
181.53.13.222 - - [23/Feb/2024:06:55:58 -0500] "GET /sipse/faces/javax.faces.resource/jquery/jquery.js?ln=primefaces&v=4.0 HTTP/1.1" 304 -
181.53.13.222 - - [23/Feb/2024:06:55:58 -0500] "GET /sipse/faces/javax.faces.resource/jquery/jquery-plugins.js?ln=primefaces&v=4.0 HTTP/1.1" 304 -
181.53.13.222 - - [23/Feb/2024:06:55:58 -0500] "GET /sipse/faces/javax.faces.resource/primefaces.js?ln=primefaces&v=4.0 HTTP/1.1" 304 -
181.53.13.222 - - [23/Feb/2024:06:55:58 -0500] "GET /sipse/faces/javax.faces.resource/layout/layout.js?ln=primefaces&v=4.0 HTTP/1.1" 304 -
3.224.220.101 - - [23/Feb/2024:06:55:58 -0500] "GET /BLA/resoluciones/AUTOS%202009/3168.pdf HTTP/1.1" 200 136698
23.22.35.162 - - [23/Feb/2024:06:55:59 -0500] "GET /moda-circular-manos-reparadoras-la-estrategia-del-distrito-para-restaurar-prendas-usadas.html HTTP/1.1" 200 901
201.245.192.253 - - [23/Feb/2024:06:55:59 -0500] "POST /sipse/faces/autenticacion.xhtml HTTP/1.1" 200 11234
201.245.192.253 - - [23/Feb/2024:06:55:59 -0500] "GET /sipse/css/custom_css_sg_prime.css HTTP/1.1" 200 5201
201.245.192.253 - - [23/Feb/2024:06:55:59 -0500] "GET /sipse/faces/javax.faces.resource/jquery/jquery.js?ln=primefaces&v=4.0 HTTP/1.1" 304 -
201.245.192.253 - - [23/Feb/2024:06:55:59 -0500] "GET /sipse/faces/javax.faces.resource/jquery/jquery-plugins.js?ln=primefaces&v=4.0 HTTP/1.1" 304 -
181.53.13.222 - - [23/Feb/2024:06:55:59 -0500] "GET /sipse/faces/javax.faces.resource/images/ui-icons_898989_256x240.png?ln=primefaces-aristo HTTP/1.1" 304 -
201.245.192.253 - - [23/Feb/2024:06:55:59 -0500] "GET /sipse/faces/javax.faces.resource/primefaces.js?ln=primefaces&v=4.0 HTTP/1.1" 304 -
201.245.192.253 - - [23/Feb/2024:06:56:00 -0500] "GET /sipse/faces/javax.faces.resource/layout/layout.js?ln=primefaces&v=4.0 HTTP/1.1" 304 -
201.245.192.253 - - [23/Feb/2024:06:56:00 -0500] "GET /sipse/faces/javax.faces.resource/messages/messages.png?ln=primefaces&v=4.0 HTTP/1.1" 200 27209
172.22.2.4 - - [23/Feb/2024:06:54:20 -0500] "HEAD /BLA/boletinlegal/ HTTP/1.1" 200 -
181.53.13.222 - - [23/Feb/2024:06:56:00 -0500] "POST /sipse/faces/presentacion/contratacion/procesoContractual/registrarInvitacionContratista.xhtml HTTP/1.1" 200 9689
186.155.62.235 - - [23/Feb/2024:06:56:01 -0500] "POST /appsia/controlador HTTP/1.1" 200 5437
186.154.114.100 - - [23/Feb/2024:06:56:01 -0500] "POST /appsia/controlador HTTP/1.1" 200 5437
52.70.240.171 - - [23/Feb/2024:06:56:01 -0500] "GET /BLA/resoluciones/AUTOS%202009/1316.pdf HTTP/1.1" 200 110484
186.154.114.100 - - [23/Feb/2024:06:56:02 -0500] "POST /appsia/controlador HTTP/1.1" 200 7775
201.245.192.253 - - [23/Feb/2024:06:56:03 -0500] "POST /sipse/faces/presentacion/sistema/seguridad/seleccionRol.xhtml HTTP/1.1" 200 5600
186.154.114.100 - - [23/Feb/2024:06:56:03 -0500] "POST /appsia/controlador HTTP/1.1" 200 6640
186.155.62.235 - - [23/Feb/2024:06:56:04 -0500] "POST /appsia/controlador HTTP/1.1" 200 7771
186.154.114.100 - - [23/Feb/2024:06:56:04 -0500] "POST /appsia/controlador HTTP/1.1" 200 13627
201.245.192.253 - - [23/Feb/2024:06:56:05 -0500] "POST /sipse/faces/presentacion/sistema/seguridad/seleccionRol.xhtml HTTP/1.1" 200 17677
201.245.192.253 - - [23/Feb/2024:06:56:05 -0500] "GET /sipse/js/jquery.min.js HTTP/1.1" 304 -
201.245.192.253 - - [23/Feb/2024:06:56:05 -0500] "GET /sipse/faces/javax.faces.resource/jquery/jquery.js?ln=primefaces&v=4.0 HTTP/1.1" 304 -
201.245.192.253 - - [23/Feb/2024:06:56:05 -0500] "GET /sipse/faces/javax.faces.resource/jquery/jquery-plugins.js?ln=primefaces&v=4.0 HTTP/1.1" 304 -
201.245.192.253 - - [23/Feb/2024:06:56:05 -0500] "GET /sipse/faces/javax.faces.resource/primefaces.js?ln=primefaces&v=4.0 HTTP/1.1" 304 -
3.224.220.101 - - [23/Feb/2024:06:56:05 -0500] "GET /BLA/resoluciones/AUTOS%202009/1739.pdf HTTP/1.1" 200 99922
201.245.192.253 - - [23/Feb/2024:06:56:05 -0500] "GET /sipse/faces/javax.faces.resource/layout/layout.js?ln=primefaces&v=4.0 HTTP/1.1" 304 -
201.245.192.253 - - [23/Feb/2024:06:56:05 -0500] "GET /sipse/css/v_mergente.css HTTP/1.1" 200 1505
201.245.192.253 - - [23/Feb/2024:06:56:05 -0500] "GET /sipse/imagenes/cargando.gif HTTP/1.1" 200 36959
201.245.192.253 - - [23/Feb/2024:06:56:05 -0500] "GET /sipse/css/imagen/contrasena.png HTTP/1.1" 404 383
201.245.192.253 - - [23/Feb/2024:06:56:05 -0500] "GET /sipse/imagenes/logoAplicacion.jpg HTTP/1.1" 200 155084
201.245.192.253 - - [23/Feb/2024:06:56:08 -0500] "GET /sipse/faces/javax.faces.resource/images/ui-bg_flat_0_2d5972_40x100.png?ln=primefaces-aristo HTTP/1.1" 200 183
201.245.192.253 - - [23/Feb/2024:06:56:08 -0500] "POST /sipse/faces/bienvenido.xhtml HTTP/1.1" 200 3246
186.155.62.235 - - [23/Feb/2024:06:56:09 -0500] "POST /appsia/controlador HTTP/1.1" 200 6644
201.245.192.253 - - [23/Feb/2024:06:56:09 -0500] "POST /forms/lservlet;jsessionid=ac16012b30d65944fe978afe447f8630f37f4d10f40c.e3iSbxaKaheRe34NaNuLc30MaN90n6jAmljGr5XDqQLvpAe HTTP/1.1" 200 2
3.224.220.101 - - [23/Feb/2024:06:56:09 -0500] "GET /BLA/resoluciones/AUTOS%202009/1566.pdf HTTP/1.1" 200 123745
201.245.192.253 - - [23/Feb/2024:06:56:09 -0500] "POST /sipse/faces/bienvenido.xhtml HTTP/1.1" 200 40996
201.245.192.253 - - [23/Feb/2024:06:56:10 -0500] "GET /sipse/faces/javax.faces.resource/jquery/jquery.js?ln=primefaces&v=4.0 HTTP/1.1" 304 -
201.245.192.253 - - [23/Feb/2024:06:56:10 -0500] "GET /sipse/faces/javax.faces.resource/jquery/jquery-plugins.js?ln=primefaces&v=4.0 HTTP/1.1" 304 -
201.245.192.253 - - [23/Feb/2024:06:56:10 -0500] "GET /sipse/faces/javax.faces.resource/primefaces.js?ln=primefaces&v=4.0 HTTP/1.1" 304 -
201.245.192.253 - - [23/Feb/2024:06:56:10 -0500] "GET /sipse/faces/javax.faces.resource/layout/layout.js?ln=primefaces&v=4.0 HTTP/1.1" 304 -
201.245.192.253 - - [23/Feb/2024:06:56:10 -0500] "POST /sipse/faces/presentacion/financiero/solicitudProceso/listarSolicitudProceso.xhtml HTTP/1.1" 200 1420
186.155.62.235 - - [23/Feb/2024:06:56:11 -0500] "POST /appsia/controlador HTTP/1.1" 200 12089
3.224.220.101 - - [23/Feb/2024:06:56:14 -0500] "GET /BLA/resoluciones/AUTOS%202009/0765.pdf HTTP/1.1" 200 251260
201.245.192.253 - - [23/Feb/2024:06:56:16 -0500] "POST /sipse/faces/presentacion/financiero/solicitudProceso/listarSolicitudProceso.xhtml HTTP/1.1" 200 184
201.245.192.253 - - [23/Feb/2024:06:56:16 -0500] "POST /sipse/faces/presentacion/financiero/solicitudProceso/listarSolicitudProceso.xhtml HTTP/1.1" 200 184
201.245.192.253 - - [23/Feb/2024:06:56:16 -0500] "GET /sipse/faces/presentacion/financiero/solicitudAnulacion/solicitudAnulacion.xhtml HTTP/1.1" 200 15776
201.245.192.253 - - [23/Feb/2024:06:56:16 -0500] "GET /sipse/faces/presentacion/financiero/solicitudAnulacion/solicitudAnulacion.xhtml HTTP/1.1" 200 38274
201.245.192.253 - - [23/Feb/2024:06:56:16 -0500] "GET /sipse/faces/javax.faces.resource/theme.css?ln=primefaces-sipse HTTP/1.1" 304 -
201.245.192.253 - - [23/Feb/2024:06:56:16 -0500] "GET /sipse/faces/javax.faces.resource/primefaces.css?ln=primefaces&v=4.0 HTTP/1.1" 304 -
201.245.192.253 - - [23/Feb/2024:06:56:16 -0500] "GET /sipse/faces/javax.faces.resource/jquery/jquery-plugins.js?ln=primefaces&v=4.0 HTTP/1.1" 304 -
201.245.192.253 - - [23/Feb/2024:06:56:16 -0500] "GET /sipse/faces/javax.faces.resource/layout/layout.css?ln=primefaces&v=4.0 HTTP/1.1" 304 -
201.245.192.253 - - [23/Feb/2024:06:56:16 -0500] "GET /sipse/faces/javax.faces.resource/jquery/jquery.js?ln=primefaces&v=4.0 HTTP/1.1" 304 -
201.245.192.253 - - [23/Feb/2024:06:56:16 -0500] "GET /sipse/faces/javax.faces.resource/primefaces.js?ln=primefaces&v=4.0 HTTP/1.1" 304 -
201.245.192.253 - - [23/Feb/2024:06:56:16 -0500] "GET /sipse/faces/javax.faces.resource/layout/layout.js?ln=primefaces&v=4.0 HTTP/1.1" 304 -
201.245.192.253 - - [23/Feb/2024:06:56:17 -0500] "GET /sipse/faces/javax.faces.resource/images/ui-icons_898989_256x240.png?ln=primefaces-aristo HTTP/1.1" 304 -
201.245.192.253 - - [23/Feb/2024:06:56:17 -0500] "GET /sipse/faces/javax.faces.resource/images/ui-bg_flat_0_2d5972_40x100.png?ln=primefaces-aristo HTTP/1.1" 304 -
201.245.192.253 - - [23/Feb/2024:06:56:17 -0500] "POST /sipse/faces/presentacion/financiero/solicitudAnulacion/solicitudAnulacion.xhtml HTTP/1.1" 200 14736
23.22.35.162 - - [23/Feb/2024:06:56:17 -0500] "GET /BLA/resoluciones/AUTOS%202009/1523.pdf HTTP/1.1" 200 99271
52.70.240.171 - - [23/Feb/2024:06:56:22 -0500] "GET /BLA/resoluciones/AUTOS%202009/3560.pdf HTTP/1.1" 200 218554
52.70.240.171 - - [23/Feb/2024:06:56:26 -0500] "GET /BLA/resoluciones/AUTOS%202009/2574.pdf HTTP/1.1" 200 112404
3.224.220.101 - - [23/Feb/2024:06:56:30 -0500] "GET /BLA/resoluciones/AUTOS%202009/0184.pdf HTTP/1.1" 200 99523
23.22.35.162 - - [23/Feb/2024:06:56:33 -0500] "GET /BLA/resoluciones/AUTOS%202009/1192.pdf HTTP/1.1" 200 124586
3.224.220.101 - - [23/Feb/2024:06:56:38 -0500] "GET /BLA/resoluciones/AUTOS%202009/1773.pdf HTTP/1.1" 200 100464
52.70.240.171 - - [23/Feb/2024:06:56:41 -0500] "GET /BLA/resoluciones/AUTOS%202009/2725.pdf HTTP/1.1" 200 74677
23.22.35.162 - - [23/Feb/2024:06:56:46 -0500] "GET /BLA/resoluciones/AUTOS%202009/3247.pdf HTTP/1.1" 200 193069
23.22.35.162 - - [23/Feb/2024:06:56:50 -0500] "GET /BLA/resoluciones/AUTOS%202009/0035.pdf HTTP/1.1" 200 110904
172.22.2.4 - - [23/Feb/2024:06:55:11 -0500] "GET /BLA/boletinlegal/ HTTP/1.1" 200 58273
52.70.240.171 - - [23/Feb/2024:06:56:53 -0500] "GET /BLA/resoluciones/AUTOS%202009/1602.pdf HTTP/1.1" 200 124606
186.84.88.5 - - [23/Feb/2024:06:56:55 -0500] "GET /guadalupe-aguanoso-y-otros-senderos-disponibles-para-el-disfrute-de-los-ciudadanos.html?fbclid=IwAR0BFduCce021YWL0ZilmVq_oH0D787GnWTDpPqzq-pSYJ8cMNk29szSxpI HTTP/1.1" 200 873
23.22.35.162 - - [23/Feb/2024:06:56:58 -0500] "GET /BLA/resoluciones/AUTOS%202009/0972.pdf HTTP/1.1" 200 231209
52.70.240.171 - - [23/Feb/2024:06:57:02 -0500] "GET /BLA/resoluciones/AUTOS%202009/3031.pdf HTTP/1.1" 200 185151
52.70.240.171 - - [23/Feb/2024:06:57:05 -0500] "GET /BLA/resoluciones/AUTOS%202009/2768.pdf HTTP/1.1" 200 97785
52.70.240.171 - - [23/Feb/2024:06:57:09 -0500] "GET /BLA/resoluciones/AUTOS%202009/1009.pdf HTTP/1.1" 200 99114
114.119.135.143 - - [23/Feb/2024:06:57:10 -0500] "GET /BLA/resoluciones/index.php?dir=RESOLUCIONES%2B2022/&sort=date&order=desc HTTP/1.1" 200 14311
52.70.240.171 - - [23/Feb/2024:06:57:13 -0500] "GET /BLA/resoluciones/AUTOS%202009/2696.pdf HTTP/1.1" 200 95355
3.224.220.101 - - [23/Feb/2024:06:57:18 -0500] "GET /BLA/resoluciones/AUTOS%202009/0220.pdf HTTP/1.1" 200 75197
216.245.221.92 - - [23/Feb/2024:06:57:20 -0500] "HEAD / HTTP/1.1" 200 -
23.22.35.162 - - [23/Feb/2024:06:57:22 -0500] "GET /BLA/resoluciones/AUTOS%202009/2804.pdf HTTP/1.1" 200 72972
3.224.220.101 - - [23/Feb/2024:06:57:26 -0500] "GET /BLA/resoluciones/AUTOS%202009/2430.pdf HTTP/1.1" 200 102004
23.22.35.162 - - [23/Feb/2024:06:57:29 -0500] "GET /BLA/resoluciones/AUTOS%202009/0114.pdf HTTP/1.1" 200 54973
181.53.13.222 - - [23/Feb/2024:06:57:30 -0500] "POST /sipse/faces/presentacion/contratacion/procesoContractual/registrarInvitacionContratista.xhtml HTTP/1.1" 200 8050
3.224.220.101 - - [23/Feb/2024:06:57:33 -0500] "GET /BLA/resoluciones/AUTOS%202009/1350.pdf HTTP/1.1" 200 84622
181.53.13.222 - - [23/Feb/2024:06:57:37 -0500] "POST /sipse/faces/presentacion/contratacion/procesoContractual/registrarInvitacionContratista.xhtml HTTP/1.1" 200 8058
52.70.240.171 - - [23/Feb/2024:06:57:38 -0500] "GET /BLA/resoluciones/AUTOS%202009/1122.pdf HTTP/1.1" 200 95970
52.70.240.171 - - [23/Feb/2024:06:57:41 -0500] "GET /BLA/resoluciones/AUTOS%202009/1338.pdf HTTP/1.1" 200 88037
52.70.240.171 - - [23/Feb/2024:06:57:45 -0500] "GET /BLA/resoluciones/AUTOS%202009/2439.pdf HTTP/1.1" 200 101646
186.154.114.100 - - [23/Feb/2024:06:57:46 -0500] "POST /appsia/controlador HTTP/1.1" 200 76223
186.154.114.100 - - [23/Feb/2024:06:57:48 -0500] "POST /appsia/controlador HTTP/1.1" 200 7775
3.224.220.101 - - [23/Feb/2024:06:57:50 -0500] "GET /BLA/resoluciones/AUTOS%202009/2139.pdf HTTP/1.1" 200 84098
186.154.114.100 - - [23/Feb/2024:06:57:51 -0500] "POST /appsia/controlador HTTP/1.1" 200 6640
186.154.114.100 - - [23/Feb/2024:06:57:51 -0500] "POST /appsia/controlador HTTP/1.1" 200 12091
186.102.13.117 - - [23/Feb/2024:06:57:52 -0500] "GET /guadalupe-aguanoso-y-otros-senderos-disponibles-para-el-disfrute-de-los-ciudadanos.html?fbclid=PAAabidnKAl505AsDRAPHSi0AFtzgnWPIDqR5J11OqVE7vgqZxljFQQSqbrSM HTTP/1.1" 200 873
52.70.240.171 - - [23/Feb/2024:06:57:53 -0500] "GET /BLA/resoluciones/AUTOS%202009/1422.pdf HTTP/1.1" 200 100447
23.22.35.162 - - [23/Feb/2024:06:57:57 -0500] "GET /BLA/resoluciones/AUTOS%202009/1201.pdf HTTP/1.1" 200 123768
23.22.35.162 - - [23/Feb/2024:06:58:01 -0500] "GET /BLA/resoluciones/AUTOS%202009/2982.pdf HTTP/1.1" 200 341531
181.53.13.222 - - [23/Feb/2024:06:58:04 -0500] "POST /sipse/faces/presentacion/contratacion/procesoContractual/registrarInvitacionContratista.xhtml HTTP/1.1" 200 8054
3.224.220.101 - - [23/Feb/2024:06:58:05 -0500] "GET /BLA/resoluciones/AUTOS%202009/2905.pdf HTTP/1.1" 200 98393
201.245.192.253 - - [23/Feb/2024:06:58:09 -0500] "POST /forms/lservlet;jsessionid=ac16012b30d65944fe978afe447f8630f37f4d10f40c.e3iSbxaKaheRe34NaNuLc30MaN90n6jAmljGr5XDqQLvpAe HTTP/1.1" 200 2
52.70.240.171 - - [23/Feb/2024:06:58:09 -0500] "GET /BLA/resoluciones/AUTOS%202009/2948.pdf HTTP/1.1" 200 188352
3.224.220.101 - - [23/Feb/2024:06:58:14 -0500] "GET /BLA/resoluciones/AUTOS%202009/0621.pdf HTTP/1.1" 200 73486
181.53.13.222 - - [23/Feb/2024:06:58:14 -0500] "POST /sipse/faces/presentacion/contratacion/procesoContractual/registrarInvitacionContratista.xhtml HTTP/1.1" 200 11328
23.22.35.162 - - [23/Feb/2024:06:58:18 -0500] "GET /BLA/resoluciones/AUTOS%202009/1244.pdf HTTP/1.1" 200 100866
181.53.13.222 - - [23/Feb/2024:06:58:19 -0500] "POST /sipse/faces/presentacion/contratacion/procesoContractual/registrarInvitacionContratista.xhtml HTTP/1.1" 200 9865
23.22.35.162 - - [23/Feb/2024:06:58:22 -0500] "GET /BLA/resoluciones/AUTOS%202009/1672.pdf HTTP/1.1" 200 124212
3.224.220.101 - - [23/Feb/2024:06:58:25 -0500] "GET /BLA/resoluciones/AUTOS%202009/1079.pdf HTTP/1.1" 200 95758
186.154.114.100 - - [23/Feb/2024:06:58:29 -0500] "POST /appsia/controlador HTTP/1.1" 200 7775
3.224.220.101 - - [23/Feb/2024:06:58:31 -0500] "GET /BLA/resoluciones/AUTOS%202009/2218.pdf HTTP/1.1" 200 113669
23.22.35.162 - - [23/Feb/2024:06:58:35 -0500] "GET /BLA/resoluciones/AUTOS%202009/2552.pdf HTTP/1.1" 200 101603
186.154.114.100 - - [23/Feb/2024:06:58:36 -0500] "POST /appsia/controlador HTTP/1.1" 200 6640
186.154.114.100 - - [23/Feb/2024:06:58:37 -0500] "POST /appsia/controlador HTTP/1.1" 200 10964
3.224.220.101 - - [23/Feb/2024:06:58:37 -0500] "GET /BLA/resoluciones/AUTOS%202009/0141.pdf HTTP/1.1" 200 193047
186.154.114.100 - - [23/Feb/2024:06:58:38 -0500] "POST /appsia/controlador HTTP/1.1" 200 7775
181.53.13.222 - - [23/Feb/2024:06:58:41 -0500] "POST /sipse/faces/presentacion/contratacion/procesoContractual/registrarInvitacionContratista.xhtml HTTP/1.1" 200 8182
52.70.240.171 - - [23/Feb/2024:06:58:42 -0500] "GET /BLA/resoluciones/AUTOS%202009/3569.pdf HTTP/1.1" 200 209627
186.154.114.100 - - [23/Feb/2024:06:58:42 -0500] "POST /appsia/controlador HTTP/1.1" 200 6640
186.154.114.100 - - [23/Feb/2024:06:58:42 -0500] "GET /appsia/controlador?comando=regresar&id=51950327&funcionario=MONICA+CEFERINO+GIRALDO&desde=51950327&hasta=51950327&version=51950327 HTTP/1.1" 200 7775
3.224.220.101 - - [23/Feb/2024:06:58:45 -0500] "GET /BLA/resoluciones/AUTOS%202009/3526.pdf HTTP/1.1" 200 208858
173.252.107.118 - - [23/Feb/2024:06:58:46 -0500] "GET /guadalupe-aguanoso-y-otros-senderos-disponibles-para-el-disfrute-de-los-ciudadanos.html HTTP/1.1" 200 873
186.154.114.100 - - [23/Feb/2024:06:58:46 -0500] "POST /appsia/controlador HTTP/1.1" 200 6640
186.154.114.100 - - [23/Feb/2024:06:58:47 -0500] "POST /appsia/controlador HTTP/1.1" 200 13619
3.224.220.101 - - [23/Feb/2024:06:58:49 -0500] "GET /BLA/resoluciones/AUTOS%202009/1818.pdf HTTP/1.1" 200 184896
3.224.220.101 - - [23/Feb/2024:06:58:54 -0500] "GET /BLA/resoluciones/AUTOS%202009/2230.pdf HTTP/1.1" 200 122633
52.70.240.171 - - [23/Feb/2024:06:58:57 -0500] "GET /BLA/resoluciones/AUTOS%202009/1494.pdf HTTP/1.1" 200 112332
52.70.240.171 - - [23/Feb/2024:06:59:01 -0500] "GET /BLA/resoluciones/AUTOS%202009/0463.pdf HTTP/1.1" 200 303264
23.22.35.162 - - [23/Feb/2024:06:59:05 -0500] "GET /BLA/resoluciones/AUTOS%202009/1852.pdf HTTP/1.1" 200 100656
52.70.240.171 - - [23/Feb/2024:06:59:10 -0500] "GET /BLA/resoluciones/AUTOS%202009/0062.pdf HTTP/1.1" 200 83954
3.224.220.101 - - [23/Feb/2024:06:59:13 -0500] "GET /BLA/resoluciones/AUTOS%202009/1895.pdf HTTP/1.1" 200 117141
3.224.220.101 - - [23/Feb/2024:06:59:17 -0500] "GET /BLA/resoluciones/AUTOS%202009/0542.pdf HTTP/1.1" 200 167478
3.224.220.101 - - [23/Feb/2024:06:59:21 -0500] "GET /BLA/resoluciones/AUTOS%202009/1559.pdf HTTP/1.1" 200 122210
3.224.220.101 - - [23/Feb/2024:06:59:25 -0500] "GET /BLA/resoluciones/AUTOS%202009/2410.pdf HTTP/1.1" 200 101269
23.22.35.162 - - [23/Feb/2024:06:59:32 -0500] "GET /BLA/resoluciones/AUTOS%202009/0321.pdf HTTP/1.1" 200 101285
23.22.35.162 - - [23/Feb/2024:06:59:34 -0500] "GET /BLA/resoluciones/AUTOS%202009/3427.pdf HTTP/1.1" 200 97210
3.224.220.101 - - [23/Feb/2024:06:59:38 -0500] "GET /BLA/resoluciones/AUTOS%202009/0508.pdf HTTP/1.1" 200 188128
23.22.35.162 - - [23/Feb/2024:06:59:41 -0500] "GET /BLA/resoluciones/AUTOS%202009/3605.pdf HTTP/1.1" 200 272485
3.224.220.101 - - [23/Feb/2024:06:59:45 -0500] "GET /BLA/resoluciones/AUTOS%202009/1593.pdf HTTP/1.1" 200 125078
23.22.35.162 - - [23/Feb/2024:06:59:49 -0500] "GET /BLA/resoluciones/AUTOS%202009/1100.pdf HTTP/1.1" 200 67145
3.224.220.101 - - [23/Feb/2024:06:59:53 -0500] "GET /BLA/resoluciones/AUTOS%202009/2869.pdf HTTP/1.1" 200 97671
23.22.35.162 - - [23/Feb/2024:06:59:58 -0500] "GET /BLA/resoluciones/AUTOS%202009/0364.pdf HTTP/1.1" 200 370605
52.70.240.171 - - [23/Feb/2024:07:00:02 -0500] "GET /BLA/resoluciones/AUTOS%202009/3519.pdf HTTP/1.1" 200 95498
181.53.13.222 - - [23/Feb/2024:07:00:00 -0500] "POST /sipse/faces/presentacion/contratacion/procesoContractual/registrarInvitacionContratista.xhtml HTTP/1.1" 200 65895
52.70.240.171 - - [23/Feb/2024:07:00:05 -0500] "GET /BLA/resoluciones/AUTOS%202009/3303.pdf HTTP/1.1" 200 207536
181.53.13.222 - - [23/Feb/2024:07:00:06 -0500] "GET /sipse/faces/javax.faces.resource/theme.css?ln=primefaces-sipse HTTP/1.1" 304 -
181.53.13.222 - - [23/Feb/2024:07:00:07 -0500] "GET /sipse/faces/javax.faces.resource/primefaces.css?ln=primefaces&v=4.0 HTTP/1.1" 304 -
181.53.13.222 - - [23/Feb/2024:07:00:07 -0500] "GET /sipse/faces/javax.faces.resource/jquery/jquery-plugins.js?ln=primefaces&v=4.0 HTTP/1.1" 304 -
181.53.13.222 - - [23/Feb/2024:07:00:07 -0500] "GET /sipse/faces/javax.faces.resource/layout/layout.css?ln=primefaces&v=4.0 HTTP/1.1" 304 -
181.53.13.222 - - [23/Feb/2024:07:00:07 -0500] "GET /sipse/faces/javax.faces.resource/jquery/jquery.js?ln=primefaces&v=4.0 HTTP/1.1" 304 -
181.53.13.222 - - [23/Feb/2024:07:00:07 -0500] "GET /sipse/faces/javax.faces.resource/primefaces.js?ln=primefaces&v=4.0 HTTP/1.1" 304 -
181.53.13.222 - - [23/Feb/2024:07:00:07 -0500] "GET /sipse/faces/javax.faces.resource/layout/layout.js?ln=primefaces&v=4.0 HTTP/1.1" 304 -
181.53.13.222 - - [23/Feb/2024:07:00:07 -0500] "GET /sipse/faces/javax.faces.resource/spacer/dot_clear.gif?ln=primefaces&v=4.0 HTTP/1.1" 304 -
201.245.192.253 - - [23/Feb/2024:07:00:09 -0500] "POST /forms/lservlet;jsessionid=ac16012b30d65944fe978afe447f8630f37f4d10f40c.e3iSbxaKaheRe34NaNuLc30MaN90n6jAmljGr5XDqQLvpAe HTTP/1.1" 200 2
52.70.240.171 - - [23/Feb/2024:07:00:10 -0500] "GET /BLA/resoluciones/AUTOS%202009/0900.pdf HTTP/1.1" 200 124184
201.245.192.253 - - [23/Feb/2024:07:00:11 -0500] "GET /appsia/controlador HTTP/1.1" 200 5437
201.245.192.253 - - [23/Feb/2024:07:00:12 -0500] "POST /appsia/controlador HTTP/1.1" 200 7777
3.224.220.101 - - [23/Feb/2024:07:00:13 -0500] "GET /BLA/resoluciones/AUTOS%202009/2626.pdf HTTP/1.1" 200 119173
201.245.192.253 - - [23/Feb/2024:07:00:14 -0500] "POST /appsia/controlador HTTP/1.1" 200 6642
201.245.192.253 - - [23/Feb/2024:07:00:16 -0500] "POST /appsia/controlador HTTP/1.1" 200 11009
23.22.35.162 - - [23/Feb/2024:07:00:18 -0500] "GET /BLA/resoluciones/AUTOS%202009/0042.pdf HTTP/1.1" 200 190491
23.22.35.162 - - [23/Feb/2024:07:00:21 -0500] "GET /BLA/resoluciones/AUTOS%202009/1825.pdf HTTP/1.1" 200 123034
52.70.240.171 - - [23/Feb/2024:07:00:25 -0500] "GET /BLA/resoluciones/AUTOS%202009/0177.pdf HTTP/1.1" 200 111885
3.224.220.101 - - [23/Feb/2024:07:00:29 -0500] "GET /BLA/resoluciones/AUTOS%202009/2293.pdf HTTP/1.1" 200 298516
23.22.35.162 - - [23/Feb/2024:07:00:34 -0500] "GET /BLA/resoluciones/AUTOS%202009/0134.pdf HTTP/1.1" 200 119482
23.22.35.162 - - [23/Feb/2024:07:00:38 -0500] "GET /BLA/resoluciones/AUTOS%202009/1780.pdf HTTP/1.1" 200 97342
52.70.240.171 - - [23/Feb/2024:07:00:43 -0500] "GET /BLA/resoluciones/AUTOS%202009/1701.pdf HTTP/1.1" 200 124112
3.224.220.101 - - [23/Feb/2024:07:00:45 -0500] "GET /BLA/resoluciones/AUTOS%202009/2912.pdf HTTP/1.1" 200 113114
3.224.220.101 - - [23/Feb/2024:07:00:49 -0500] "GET /BLA/resoluciones/AUTOS%202009/2581.pdf HTTP/1.1" 200 90417
52.70.240.171 - - [23/Feb/2024:07:00:53 -0500] "GET /BLA/resoluciones/AUTOS%202009/2250.pdf HTTP/1.1" 200 120784
52.70.240.171 - - [23/Feb/2024:07:00:57 -0500] "GET /BLA/resoluciones/AUTOS%202009/2146.pdf HTTP/1.1" 200 127106
52.70.240.171 - - [23/Feb/2024:07:01:01 -0500] "GET /BLA/resoluciones/AUTOS%202009/3175.pdf HTTP/1.1" 200 131554
3.224.220.101 - - [23/Feb/2024:07:01:05 -0500] "GET /BLA/resoluciones/AUTOS%202009/2189.pdf HTTP/1.1" 200 426062
23.22.35.162 - - [23/Feb/2024:07:01:10 -0500] "GET /BLA/resoluciones/AUTOS%202009/1388.pdf HTTP/1.1" 200 121705
3.224.220.101 - - [23/Feb/2024:07:01:17 -0500] "GET /BLA/resoluciones/AUTOS%202009/2980.pdf HTTP/1.1" 200 104907
52.70.240.171 - - [23/Feb/2024:07:01:17 -0500] "GET /BLA/resoluciones/AUTOS%202009/0587.pdf HTTP/1.1" 200 129141
23.22.35.162 - - [23/Feb/2024:07:01:22 -0500] "GET /BLA/resoluciones/AUTOS%202009/2955.pdf HTTP/1.1" 200 151928
23.22.35.162 - - [23/Feb/2024:07:01:26 -0500] "GET /BLA/resoluciones/AUTOS%202009/1917.pdf HTTP/1.1" 200 352485
23.22.35.162 - - [23/Feb/2024:07:01:29 -0500] "GET /BLA/resoluciones/AUTOS%202009/1370.pdf HTTP/1.1" 200 118424
66.249.70.201 - - [23/Feb/2024:07:01:29 -0500] "GET /Publicaciones/2024EE42228.pdf HTTP/1.1" 200 223137
52.70.240.171 - - [23/Feb/2024:07:01:33 -0500] "GET /BLA/resoluciones/AUTOS%202009/1345.pdf HTTP/1.1" 200 70026
23.22.35.162 - - [23/Feb/2024:07:01:37 -0500] "GET /BLA/resoluciones/AUTOS%202009/2718.pdf HTTP/1.1" 200 106459
3.224.220.101 - - [23/Feb/2024:07:01:41 -0500] "GET /BLA/resoluciones/AUTOS%202009/2831.pdf HTTP/1.1" 200 95957
23.22.35.162 - - [23/Feb/2024:07:01:45 -0500] "GET /BLA/resoluciones/AUTOS%202009/2874.pdf HTTP/1.1" 200 76684
23.22.35.162 - - [23/Feb/2024:07:01:50 -0500] "GET /BLA/resoluciones/AUTOS%202009/2387.pdf HTTP/1.1" 200 326420
172.22.2.4 - - [23/Feb/2024:07:00:10 -0500] "HEAD /BLA/boletinlegal/ HTTP/1.1" 200 -
52.70.240.171 - - [23/Feb/2024:07:01:53 -0500] "GET /BLA/resoluciones/AUTOS%202009/1172.pdf HTTP/1.1" 200 74044
66.249.70.201 - - [23/Feb/2024:07:01:56 -0500] "GET /BLA/resoluciones/RESOLUCIONES%202009/5453.pdf HTTP/1.1" 200 988834
23.22.35.162 - - [23/Feb/2024:07:01:59 -0500] "GET /BLA/resoluciones/AUTOS%202009/1120.pdf HTTP/1.1" 200 66811
23.22.35.162 - - [23/Feb/2024:07:02:01 -0500] "GET /BLA/resoluciones/AUTOS%202009/1091.pdf HTTP/1.1" 200 96735
52.70.240.171 - - [23/Feb/2024:07:02:05 -0500] "GET /BLA/resoluciones/AUTOS%202009/3929.pdf HTTP/1.1" 200 415217
201.245.192.253 - - [23/Feb/2024:07:02:09 -0500] "POST /forms/lservlet;jsessionid=ac16012b30d65944fe978afe447f8630f37f4d10f40c.e3iSbxaKaheRe34NaNuLc30MaN90n6jAmljGr5XDqQLvpAe HTTP/1.1" 200 2
52.70.240.171 - - [23/Feb/2024:07:02:10 -0500] "GET /BLA/resoluciones/AUTOS%202009/1415.pdf HTTP/1.1" 200 190065
3.224.220.101 - - [23/Feb/2024:07:02:13 -0500] "GET /BLA/resoluciones/AUTOS%202009/0839.pdf HTTP/1.1" 200 70809
52.70.240.171 - - [23/Feb/2024:07:02:19 -0500] "GET /BLA/resoluciones/AUTOS%202009/1059.pdf HTTP/1.1" 200 404496
216.245.221.92 - - [23/Feb/2024:07:02:20 -0500] "HEAD / HTTP/1.1" 200 -
3.224.220.101 - - [23/Feb/2024:07:02:21 -0500] "GET /BLA/resoluciones/AUTOS%202009/1016.pdf HTTP/1.1" 200 112390
52.70.240.171 - - [23/Feb/2024:07:02:27 -0500] "GET /BLA/resoluciones/AUTOS%202009/3195.pdf HTTP/1.1" 200 173459
3.224.220.101 - - [23/Feb/2024:07:02:29 -0500] "GET /BLA/resoluciones/AUTOS%202009/2223.pdf HTTP/1.1" 200 124736
23.22.35.162 - - [23/Feb/2024:07:02:33 -0500] "GET /BLA/resoluciones/AUTOS%202009/1926.pdf HTTP/1.1" 200 191352
3.224.220.101 - - [23/Feb/2024:07:02:37 -0500] "GET /BLA/resoluciones/AUTOS%202009/2002.pdf HTTP/1.1" 200 100530
172.22.2.4 - - [23/Feb/2024:07:01:01 -0500] "GET /BLA/boletinlegal/ HTTP/1.1" 200 60380
52.70.240.171 - - [23/Feb/2024:07:02:42 -0500] "GET /BLA/resoluciones/AUTOS%202009/2572.pdf HTTP/1.1" 200 85774
3.224.220.101 - - [23/Feb/2024:07:02:46 -0500] "GET /BLA/resoluciones/AUTOS%202009/3019.pdf HTTP/1.1" 200 183044
23.22.35.162 - - [23/Feb/2024:07:02:49 -0500] "GET /BLA/resoluciones/AUTOS%202009/4413.pdf HTTP/1.1" 200 458605
3.224.220.101 - - [23/Feb/2024:07:02:54 -0500] "GET /BLA/resoluciones/AUTOS%202009/0359.pdf HTTP/1.1" 200 182525
52.70.240.171 - - [23/Feb/2024:07:02:58 -0500] "GET /BLA/resoluciones/AUTOS%202009/3418.pdf HTTP/1.1" 200 98044
23.22.35.162 - - [23/Feb/2024:07:03:01 -0500] "GET /BLA/resoluciones/AUTOS%202009/0537.pdf HTTP/1.1" 200 118706
3.224.220.101 - - [23/Feb/2024:07:03:05 -0500] "GET /BLA/resoluciones/AUTOS%202009/3373.pdf HTTP/1.1" 200 198672
52.70.240.171 - - [23/Feb/2024:07:03:10 -0500] "GET /BLA/resoluciones/AUTOS%202009/0952.pdf HTTP/1.1" 200 115431
52.70.240.171 - - [23/Feb/2024:07:03:14 -0500] "GET /BLA/resoluciones/AUTOS%202009/3434.pdf HTTP/1.1" 200 98124
23.22.35.162 - - [23/Feb/2024:07:03:18 -0500] "GET /BLA/resoluciones/AUTOS%202009/3276.pdf HTTP/1.1" 200 87332
3.224.220.101 - - [23/Feb/2024:07:03:21 -0500] "GET /BLA/resoluciones/AUTOS%202009/1845.pdf HTTP/1.1" 200 102051
23.22.35.162 - - [23/Feb/2024:07:03:25 -0500] "GET /BLA/resoluciones/AUTOS%202009/1086.pdf HTTP/1.1" 200 98334
3.224.220.101 - - [23/Feb/2024:07:03:29 -0500] "GET /BLA/resoluciones/AUTOS%202009/0278.pdf HTTP/1.1" 200 68208
3.224.220.101 - - [23/Feb/2024:07:03:33 -0500] "GET /BLA/resoluciones/AUTOS%202009/0499.pdf HTTP/1.1" 200 185717
52.70.240.171 - - [23/Feb/2024:07:03:37 -0500] "GET /BLA/resoluciones/AUTOS%202009/0650.pdf HTTP/1.1" 200 99227
3.224.220.101 - - [23/Feb/2024:07:03:42 -0500] "GET /BLA/resoluciones/AUTOS%202009/1888.pdf HTTP/1.1" 200 128415
3.224.220.101 - - [23/Feb/2024:07:03:46 -0500] "GET /BLA/resoluciones/AUTOS%202009/2065.pdf HTTP/1.1" 200 98739
52.70.240.171 - - [23/Feb/2024:07:03:49 -0500] "GET /BLA/resoluciones/AUTOS%202009/1489.pdf HTTP/1.1" 200 187467
52.70.240.171 - - [23/Feb/2024:07:03:54 -0500] "GET /BLA/resoluciones/AUTOS%202009/3353.pdf HTTP/1.1" 200 210974
3.224.220.101 - - [23/Feb/2024:07:03:57 -0500] "GET /BLA/resoluciones/AUTOS%202009/1667.pdf HTTP/1.1" 200 163925
52.70.240.171 - - [23/Feb/2024:07:04:01 -0500] "GET /BLA/resoluciones/AUTOS%202009/1586.pdf HTTP/1.1" 200 126455
23.22.35.162 - - [23/Feb/2024:07:04:05 -0500] "GET /BLA/resoluciones/AUTOS%202009/0371.pdf HTTP/1.1" 200 106371
201.245.192.253 - - [23/Feb/2024:07:04:09 -0500] "POST /forms/lservlet;jsessionid=ac16012b30d65944fe978afe447f8630f37f4d10f40c.e3iSbxaKaheRe34NaNuLc30MaN90n6jAmljGr5XDqQLvpAe HTTP/1.1" 200 2
23.22.35.162 - - [23/Feb/2024:07:04:10 -0500] "GET /BLA/resoluciones/AUTOS%202009/2045.pdf HTTP/1.1" 200 422569
52.70.240.171 - - [23/Feb/2024:07:04:14 -0500] "GET /BLA/resoluciones/AUTOS%202009/2975.pdf HTTP/1.1" 200 115897
52.70.240.171 - - [23/Feb/2024:07:04:17 -0500] "GET /BLA/resoluciones/AUTOS%202009/0215.pdf HTTP/1.1" 200 93169
3.224.220.101 - - [23/Feb/2024:07:04:21 -0500] "GET /BLA/resoluciones/AUTOS%202009/2797.pdf HTTP/1.1" 200 118707
3.224.220.101 - - [23/Feb/2024:07:04:26 -0500] "GET /BLA/resoluciones/AUTOS%202009/0614.pdf HTTP/1.1" 200 119996
23.22.35.162 - - [23/Feb/2024:07:04:30 -0500] "GET /BLA/resoluciones/AUTOS%202009/0436.pdf HTTP/1.1" 200 202480
52.70.240.171 - - [23/Feb/2024:07:04:33 -0500] "GET /BLA/resoluciones/AUTOS%202009/2401.pdf HTTP/1.1" 200 100094
23.22.35.162 - - [23/Feb/2024:07:04:37 -0500] "GET /BLA/resoluciones/AUTOS%202009/3249.pdf HTTP/1.1" 200 193252
23.22.35.162 - - [23/Feb/2024:07:04:42 -0500] "GET /BLA/resoluciones/AUTOS%202009/2448.pdf HTTP/1.1" 200 100845
3.224.220.101 - - [23/Feb/2024:07:04:45 -0500] "GET /BLA/resoluciones/AUTOS%202009/1329.pdf HTTP/1.1" 200 90734
23.22.35.162 - - [23/Feb/2024:07:04:50 -0500] "GET /BLA/resoluciones/AUTOS%202009/0037.pdf HTTP/1.1" 200 102794
52.70.240.171 - - [23/Feb/2024:07:04:53 -0500] "GET /BLA/resoluciones/AUTOS%202009/2723.pdf HTTP/1.1" 200 99384
52.70.240.171 - - [23/Feb/2024:07:04:58 -0500] "GET /BLA/resoluciones/AUTOS%202009/2232.pdf HTTP/1.1" 200 122257
190.211.252.66 - - [23/Feb/2024:07:05:00 -0500] "GET / HTTP/1.1" 200 319
3.224.220.101 - - [23/Feb/2024:07:05:02 -0500] "GET /BLA/resoluciones/AUTOS%202009/3033.pdf HTTP/1.1" 200 186436
23.22.35.162 - - [23/Feb/2024:07:05:05 -0500] "GET /BLA/resoluciones/AUTOS%202009/0312.pdf HTTP/1.1" 200 77359
3.224.220.101 - - [23/Feb/2024:07:05:09 -0500] "GET /BLA/resoluciones/AUTOS%202009/0528.pdf HTTP/1.1" 200 205222
23.22.35.162 - - [23/Feb/2024:07:05:13 -0500] "GET /BLA/resoluciones/AUTOS%202009/2973.pdf HTTP/1.1" 200 107103
23.22.35.162 - - [23/Feb/2024:07:05:17 -0500] "GET /BLA/resoluciones/AUTOS%202009/0880.pdf HTTP/1.1" 200 65072
181.53.13.222 - - [23/Feb/2024:07:05:19 -0500] "GET /sipse/faces/javax.faces.resource/images/ui-icons_898989_256x240.png?ln=primefaces-aristo HTTP/1.1" 304 -
3.224.220.101 - - [23/Feb/2024:07:05:21 -0500] "GET /BLA/resoluciones/AUTOS%202009/1604.pdf HTTP/1.1" 200 107003
52.70.240.171 - - [23/Feb/2024:07:05:26 -0500] "GET /BLA/resoluciones/AUTOS%202009/1077.pdf HTTP/1.1" 200 125242
23.22.35.162 - - [23/Feb/2024:07:05:30 -0500] "GET /BLA/resoluciones/AUTOS%202009/1408.pdf HTTP/1.1" 200 193336
52.70.240.171 - - [23/Feb/2024:07:05:33 -0500] "GET /BLA/resoluciones/AUTOS%202009/2698.pdf HTTP/1.1" 200 131023
52.70.240.171 - - [23/Feb/2024:07:05:37 -0500] "GET /BLA/resoluciones/AUTOS%202009/2209.pdf HTTP/1.1" 200 112499
23.22.35.162 - - [23/Feb/2024:07:05:42 -0500] "GET /BLA/resoluciones/AUTOS%202009/1352.pdf HTTP/1.1" 200 88646
23.22.35.162 - - [23/Feb/2024:07:05:46 -0500] "GET /BLA/resoluciones/AUTOS%202009/0607.pdf HTTP/1.1" 200 127047
3.224.220.101 - - [23/Feb/2024:07:05:49 -0500] "GET /BLA/resoluciones/AUTOS%202009/0060.pdf HTTP/1.1" 200 79171
3.224.220.101 - - [23/Feb/2024:07:05:53 -0500] "GET /BLA/resoluciones/AUTOS%202009/2153.pdf HTTP/1.1" 200 96621
23.22.35.162 - - [23/Feb/2024:07:05:57 -0500] "GET /BLA/resoluciones/AUTOS%202009/0641.pdf HTTP/1.1" 200 65249
52.70.240.171 - - [23/Feb/2024:07:06:01 -0500] "GET /BLA/resoluciones/AUTOS%202009/1442.pdf HTTP/1.1" 200 111367
52.70.240.171 - - [23/Feb/2024:07:06:06 -0500] "GET /BLA/resoluciones/AUTOS%202009/2883.pdf HTTP/1.1" 200 97848
201.245.192.253 - - [23/Feb/2024:07:06:09 -0500] "POST /forms/lservlet;jsessionid=ac16012b30d65944fe978afe447f8630f37f4d10f40c.e3iSbxaKaheRe34NaNuLc30MaN90n6jAmljGr5XDqQLvpAe HTTP/1.1" 200 2
23.22.35.162 - - [23/Feb/2024:07:06:10 -0500] "GET /BLA/resoluciones/AUTOS%202009/0963.pdf HTTP/1.1" 200 101230
52.70.240.171 - - [23/Feb/2024:07:06:14 -0500] "GET /BLA/resoluciones/AUTOS%202009/2286.pdf HTTP/1.1" 200 402767
3.224.220.101 - - [23/Feb/2024:07:06:17 -0500] "GET /BLA/resoluciones/AUTOS%202009/0857.pdf HTTP/1.1" 200 90732
52.70.240.171 - - [23/Feb/2024:07:06:21 -0500] "GET /BLA/resoluciones/AUTOS%202009/1318.pdf HTTP/1.1" 200 104620
23.22.35.162 - - [23/Feb/2024:07:06:27 -0500] "GET /BLA/resoluciones/AUTOS%202009/2561.pdf HTTP/1.1" 200 109546
52.70.240.171 - - [23/Feb/2024:07:06:30 -0500] "GET /BLA/resoluciones/AUTOS%202009/0026.pdf HTTP/1.1" 200 487098
23.22.35.162 - - [23/Feb/2024:07:06:35 -0500] "GET /BLA/resoluciones/AUTOS%202009/1246.pdf HTTP/1.1" 200 117076
3.224.220.101 - - [23/Feb/2024:07:06:37 -0500] "GET /BLA/resoluciones/AUTOS%202009/1190.pdf HTTP/1.1" 200 124110
52.70.240.171 - - [23/Feb/2024:07:06:41 -0500] "GET /BLA/resoluciones/AUTOS%202009/2644.pdf HTTP/1.1" 200 96342
186.29.187.144 - - [23/Feb/2024:07:06:42 -0500] "GET /appsia/controlador HTTP/1.1" 200 4799
186.29.187.144 - - [23/Feb/2024:07:06:42 -0500] "GET /appsia/css/estilos.css HTTP/1.1" 200 4804
186.29.187.144 - - [23/Feb/2024:07:06:42 -0500] "GET /appsia/scripts/validarIngreso.js HTTP/1.1" 200 851
186.29.187.144 - - [23/Feb/2024:07:06:42 -0500] "GET /appsia/images/logo_bogota_p.png HTTP/1.1" 200 14951
186.29.187.144 - - [23/Feb/2024:07:06:42 -0500] "GET /appsia/images/cabezoteHojaVida.png HTTP/1.1" 200 32493
186.29.187.144 - - [23/Feb/2024:07:06:42 -0500] "GET /favicon.ico HTTP/1.1" 200 7782
52.70.240.171 - - [23/Feb/2024:07:06:45 -0500] "GET /BLA/resoluciones/AUTOS%202009/0695.pdf HTTP/1.1" 200 86920
186.29.187.144 - - [23/Feb/2024:07:06:51 -0500] "POST /appsia/controlador HTTP/1.1" 200 5437
52.70.240.171 - - [23/Feb/2024:07:06:51 -0500] "GET /BLA/resoluciones/AUTOS%202009/3589.pdf HTTP/1.1" 200 209521
186.29.187.144 - - [23/Feb/2024:07:06:53 -0500] "POST /appsia/controlador HTTP/1.1" 200 7773
3.224.220.101 - - [23/Feb/2024:07:06:53 -0500] "GET /BLA/resoluciones/AUTOS%202009/2279.pdf HTTP/1.1" 200 122288
186.29.187.144 - - [23/Feb/2024:07:06:54 -0500] "POST /appsia/controlador HTTP/1.1" 200 6638
186.29.187.144 - - [23/Feb/2024:07:06:55 -0500] "POST /appsia/controlador HTTP/1.1" 200 12141
52.70.240.171 - - [23/Feb/2024:07:06:57 -0500] "GET /BLA/resoluciones/AUTOS%202009/1007.pdf HTTP/1.1" 200 291938
3.224.220.101 - - [23/Feb/2024:07:07:01 -0500] "GET /BLA/resoluciones/AUTOS%202009/2788.pdf HTTP/1.1" 200 81994
186.29.187.144 - - [23/Feb/2024:07:07:05 -0500] "POST /appsia/controlador HTTP/1.1" 200 76058
52.70.240.171 - - [23/Feb/2024:07:07:05 -0500] "GET /BLA/resoluciones/AUTOS%202009/2554.pdf HTTP/1.1" 200 100333
23.22.35.162 - - [23/Feb/2024:07:07:10 -0500] "GET /BLA/resoluciones/AUTOS%202009/2651.pdf HTTP/1.1" 200 135246
52.70.240.171 - - [23/Feb/2024:07:07:13 -0500] "GET /BLA/resoluciones/AUTOS%202009/1850.pdf HTTP/1.1" 200 98487
52.70.240.171 - - [23/Feb/2024:07:07:18 -0500] "GET /BLA/resoluciones/AUTOS%202009/0109.pdf HTTP/1.1" 200 61713
52.167.144.23 - - [23/Feb/2024:07:07:19 -0500] "GET /BLA/resoluciones/RESOLUCIONES%202017/3621.pdf HTTP/1.1" 200 541961
216.245.221.92 - - [23/Feb/2024:07:07:20 -0500] "HEAD / HTTP/1.1" 200 -
66.249.70.202 - - [23/Feb/2024:07:07:21 -0500] "GET /BLA/resoluciones/RESOLUCIONES%202009/5909.pdf HTTP/1.1" 200 387030
3.224.220.101 - - [23/Feb/2024:07:07:22 -0500] "GET /BLA/resoluciones/AUTOS%202009/1575.pdf HTTP/1.1" 200 123626
3.224.220.101 - - [23/Feb/2024:07:07:26 -0500] "GET /BLA/resoluciones/AUTOS%202009/3607.pdf HTTP/1.1" 200 240932
3.224.220.101 - - [23/Feb/2024:07:07:29 -0500] "GET /BLA/resoluciones/AUTOS%202009/2315.pdf HTTP/1.1" 200 198349
186.29.187.144 - - [23/Feb/2024:07:07:34 -0500] "POST /appsia/controlador HTTP/1.1" 200 7773
52.70.240.171 - - [23/Feb/2024:07:07:34 -0500] "GET /BLA/resoluciones/AUTOS%202009/2806.pdf HTTP/1.1" 200 134991
186.29.187.144 - - [23/Feb/2024:07:07:36 -0500] "POST /appsia/controlador HTTP/1.1" 200 5437
186.29.187.144 - - [23/Feb/2024:07:07:37 -0500] "POST /appsia/controlador HTTP/1.1" 200 4799
3.224.220.101 - - [23/Feb/2024:07:07:37 -0500] "GET /BLA/resoluciones/AUTOS%202009/0222.pdf HTTP/1.1" 200 84421
172.22.2.4 - - [23/Feb/2024:07:06:00 -0500] "HEAD /BLA/boletinlegal/ HTTP/1.1" 200 -
3.224.220.101 - - [23/Feb/2024:07:07:41 -0500] "GET /BLA/resoluciones/AUTOS%202009/2867.pdf HTTP/1.1" 200 103440
52.70.240.171 - - [23/Feb/2024:07:07:45 -0500] "GET /BLA/resoluciones/AUTOS%202009/3123.pdf HTTP/1.1" 200 150115
23.22.35.162 - - [23/Feb/2024:07:07:50 -0500] "GET /BLA/resoluciones/AUTOS%202009/2412.pdf HTTP/1.1" 200 100505
23.22.35.162 - - [23/Feb/2024:07:07:53 -0500] "GET /BLA/resoluciones/AUTOS%202009/1611.pdf HTTP/1.1" 200 104998
52.70.240.171 - - [23/Feb/2024:07:07:57 -0500] "GET /BLA/resoluciones/AUTOS%202009/2137.pdf HTTP/1.1" 200 87095
52.70.240.171 - - [23/Feb/2024:07:08:01 -0500] "GET /BLA/resoluciones/AUTOS%202009/1591.pdf HTTP/1.1" 200 124328
52.70.240.171 - - [23/Feb/2024:07:08:07 -0500] "GET /BLA/resoluciones/AUTOS%202009/1102.pdf HTTP/1.1" 200 104250
201.245.192.253 - - [23/Feb/2024:07:08:09 -0500] "POST /forms/lservlet;jsessionid=ac16012b30d65944fe978afe447f8630f37f4d10f40c.e3iSbxaKaheRe34NaNuLc30MaN90n6jAmljGr5XDqQLvpAe HTTP/1.1" 200 2
23.22.35.162 - - [23/Feb/2024:07:08:10 -0500] "GET /BLA/resoluciones/AUTOS%202009/0366.pdf HTTP/1.1" 200 298479
23.22.35.162 - - [23/Feb/2024:07:08:15 -0500] "GET /BLA/resoluciones/AUTOS%202009/2070.pdf HTTP/1.1" 200 99968
52.70.240.171 - - [23/Feb/2024:07:08:17 -0500] "GET /BLA/resoluciones/AUTOS%202009/0348.pdf HTTP/1.1" 200 92383
181.53.13.222 - - [23/Feb/2024:07:08:18 -0500] "POST /sipse/faces/presentacion/contratacion/contratista/crearModificarContratista.xhtml HTTP/1.1" 200 36408
181.53.13.222 - - [23/Feb/2024:07:08:18 -0500] "GET /sipse/faces/javax.faces.resource/spacer/dot_clear.gif?ln=primefaces&v=4.0 HTTP/1.1" 304 -
52.70.240.171 - - [23/Feb/2024:07:08:22 -0500] "GET /BLA/resoluciones/AUTOS%202009/3429.pdf HTTP/1.1" 200 98475
52.70.240.171 - - [23/Feb/2024:07:08:26 -0500] "GET /BLA/resoluciones/AUTOS%202009/1836.pdf HTTP/1.1" 200 102227
3.224.220.101 - - [23/Feb/2024:07:08:29 -0500] "GET /BLA/resoluciones/AUTOS%202009/2216.pdf HTTP/1.1" 200 114074
172.22.2.4 - - [23/Feb/2024:07:06:51 -0500] "GET /BLA/boletinlegal/ HTTP/1.1" 200 58720
23.22.35.162 - - [23/Feb/2024:07:08:34 -0500] "GET /BLA/resoluciones/AUTOS%202009/0623.pdf HTTP/1.1" 200 71591
3.224.220.101 - - [23/Feb/2024:07:08:37 -0500] "GET /BLA/resoluciones/AUTOS%202009/3265.pdf HTTP/1.1" 200 109520
52.70.240.171 - - [23/Feb/2024:07:08:42 -0500] "GET /BLA/resoluciones/AUTOS%202009/1933.pdf HTTP/1.1" 200 180019
3.224.220.101 - - [23/Feb/2024:07:08:45 -0500] "GET /BLA/resoluciones/AUTOS%202009/3540.pdf HTTP/1.1" 200 216717
23.22.35.162 - - [23/Feb/2024:07:08:49 -0500] "GET /BLA/resoluciones/AUTOS%202009/1658.pdf HTTP/1.1" 200 108986
23.22.35.162 - - [23/Feb/2024:07:08:55 -0500] "GET /BLA/resoluciones/AUTOS%202009/3445.pdf HTTP/1.1" 200 97078
23.22.35.162 - - [23/Feb/2024:07:08:57 -0500] "GET /BLA/resoluciones/AUTOS%202009/1737.pdf HTTP/1.1" 200 100373
3.224.220.101 - - [23/Feb/2024:07:09:03 -0500] "GET /BLA/resoluciones/AUTOS%202009/3542.pdf HTTP/1.1" 200 153306
3.224.220.101 - - [23/Feb/2024:07:09:05 -0500] "GET /BLA/resoluciones/AUTOS%202009/0283.pdf HTTP/1.1" 200 189517
52.70.240.171 - - [23/Feb/2024:07:09:09 -0500] "GET /BLA/resoluciones/AUTOS%202009/3267.pdf HTTP/1.1" 200 119096
3.224.220.101 - - [23/Feb/2024:07:09:13 -0500] "GET /BLA/resoluciones/AUTOS%202009/1674.pdf HTTP/1.1" 200 124095
23.22.35.162 - - [23/Feb/2024:07:09:20 -0500] "GET /BLA/resoluciones/AUTOS%202009/1771.pdf HTTP/1.1" 200 100014
23.22.35.162 - - [23/Feb/2024:07:09:21 -0500] "GET /BLA/resoluciones/AUTOS%202009/1399.pdf HTTP/1.1" 200 116321
23.22.35.162 - - [23/Feb/2024:07:09:26 -0500] "GET /BLA/resoluciones/AUTOS%202009/1496.pdf HTTP/1.1" 200 194062
3.224.220.101 - - [23/Feb/2024:07:09:31 -0500] "GET /BLA/resoluciones/AUTOS%202009/3186.pdf HTTP/1.1" 200 105887
23.22.35.162 - - [23/Feb/2024:07:09:34 -0500] "GET /BLA/resoluciones/AUTOS%202009/3283.pdf HTTP/1.1" 200 83339
3.224.220.101 - - [23/Feb/2024:07:09:37 -0500] "GET /BLA/resoluciones/AUTOS%202009/3130.pdf HTTP/1.1" 200 165076
181.53.13.222 - - [23/Feb/2024:07:09:39 -0500] "POST /sipse/faces/presentacion/contratacion/contratista/crearModificarContratista.xhtml HTTP/1.1" 200 4693
23.22.35.162 - - [23/Feb/2024:07:09:42 -0500] "GET /BLA/resoluciones/AUTOS%202009/1584.pdf HTTP/1.1" 200 124758
181.53.13.222 - - [23/Feb/2024:07:09:46 -0500] "POST /sipse/faces/presentacion/contratacion/contratista/crearModificarContratista.xhtml HTTP/1.1" 200 9148
52.70.240.171 - - [23/Feb/2024:07:09:46 -0500] "GET /BLA/resoluciones/AUTOS%202009/1093.pdf HTTP/1.1" 200 103621
52.70.240.171 - - [23/Feb/2024:07:09:49 -0500] "GET /BLA/resoluciones/AUTOS%202009/0098.pdf HTTP/1.1" 200 103058
172.22.2.4 - - [23/Feb/2024:07:09:51 -0500] "GET /BLA/boletinlegal/Circulares/2022/CIRCULAR%20No.%2000003%20DEL%2007%20DE%20MARZO%20DEL%202022.pdf HTTP/1.1" 304 -
181.53.13.222 - - [23/Feb/2024:07:09:51 -0500] "POST /sipse/faces/presentacion/contratacion/contratista/crearModificarContratista.xhtml HTTP/1.1" 200 10743
23.22.35.162 - - [23/Feb/2024:07:09:54 -0500] "GET /BLA/resoluciones/AUTOS%202009/0589.pdf HTTP/1.1" 200 128301
23.22.35.162 - - [23/Feb/2024:07:09:58 -0500] "GET /BLA/resoluciones/AUTOS%202009/2957.pdf HTTP/1.1" 200 100657
52.70.240.171 - - [23/Feb/2024:07:10:02 -0500] "GET /BLA/resoluciones/AUTOS%202009/0373.pdf HTTP/1.1" 200 161300
3.224.220.101 - - [23/Feb/2024:07:10:05 -0500] "GET /BLA/resoluciones/AUTOS%202009/0783.pdf HTTP/1.1" 200 302604
201.245.192.253 - - [23/Feb/2024:07:10:09 -0500] "POST /forms/lservlet;jsessionid=ac16012b30d65944fe978afe447f8630f37f4d10f40c.e3iSbxaKaheRe34NaNuLc30MaN90n6jAmljGr5XDqQLvpAe HTTP/1.1" 200 2
23.22.35.162 - - [23/Feb/2024:07:10:10 -0500] "GET /BLA/resoluciones/AUTOS%202009/3211.pdf HTTP/1.1" 200 208239
52.70.240.171 - - [23/Feb/2024:07:10:14 -0500] "GET /BLA/resoluciones/AUTOS%202009/1014.pdf HTTP/1.1" 200 474617
3.224.220.101 - - [23/Feb/2024:07:10:17 -0500] "GET /BLA/resoluciones/AUTOS%202009/1505.pdf HTTP/1.1" 200 99889
23.22.35.162 - - [23/Feb/2024:07:10:21 -0500] "GET /BLA/resoluciones/AUTOS%202009/2795.pdf HTTP/1.1" 200 94261
3.224.220.101 - - [23/Feb/2024:07:10:25 -0500] "GET /BLA/resoluciones/AUTOS%202009/1994.pdf HTTP/1.1" 200 108728
52.70.240.171 - - [23/Feb/2024:07:10:30 -0500] "GET /BLA/resoluciones/AUTOS%202009/0019.pdf HTTP/1.1" 200 175519
23.22.35.162 - - [23/Feb/2024:07:10:33 -0500] "GET /BLA/resoluciones/AUTOS%202009/3107.pdf HTTP/1.1" 200 149052
23.22.35.162 - - [23/Feb/2024:07:10:38 -0500] "GET /BLA/resoluciones/AUTOS%202009/2000.pdf HTTP/1.1" 200 99343
3.224.220.101 - - [23/Feb/2024:07:10:42 -0500] "GET /BLA/resoluciones/AUTOS%202009/0213.pdf HTTP/1.1" 200 91964
3.224.220.101 - - [23/Feb/2024:07:10:45 -0500] "GET /BLA/resoluciones/AUTOS%202009/3301.pdf HTTP/1.1" 200 142681
52.70.240.171 - - [23/Feb/2024:07:10:49 -0500] "GET /BLA/resoluciones/AUTOS%202009/2716.pdf HTTP/1.1" 200 91562
23.22.35.162 - - [23/Feb/2024:07:10:53 -0500] "GET /BLA/resoluciones/AUTOS%202009/0132.pdf HTTP/1.1" 200 138723
23.22.35.162 - - [23/Feb/2024:07:10:57 -0500] "GET /BLA/resoluciones/AUTOS%202009/3017.pdf HTTP/1.1" 200 185639
3.224.220.101 - - [23/Feb/2024:07:11:01 -0500] "GET /BLA/resoluciones/AUTOS%202009/2547.pdf HTTP/1.1" 200 103385
3.224.220.101 - - [23/Feb/2024:07:11:05 -0500] "GET /BLA/resoluciones/AUTOS%202009/2295.pdf HTTP/1.1" 200 114333
3.224.220.101 - - [23/Feb/2024:07:11:09 -0500] "GET /BLA/resoluciones/AUTOS%202009/2822.pdf HTTP/1.1" 200 137595
3.224.220.101 - - [23/Feb/2024:07:11:13 -0500] "GET /BLA/resoluciones/AUTOS%202009/2903.pdf HTTP/1.1" 200 88972
23.22.35.162 - - [23/Feb/2024:07:11:17 -0500] "GET /BLA/resoluciones/AUTOS%202009/1255.pdf HTTP/1.1" 200 168882
52.70.240.171 - - [23/Feb/2024:07:11:21 -0500] "GET /BLA/resoluciones/AUTOS%202009/2570.pdf HTTP/1.1" 200 118401
181.53.13.222 - - [23/Feb/2024:07:11:24 -0500] "POST /sipse/faces/presentacion/contratacion/contratista/crearModificarContratista.xhtml HTTP/1.1" 200 34301
181.53.13.222 - - [23/Feb/2024:07:11:25 -0500] "GET /sipse/faces/javax.faces.resource/theme.css?ln=primefaces-sipse HTTP/1.1" 304 -
181.53.13.222 - - [23/Feb/2024:07:11:25 -0500] "GET /sipse/faces/javax.faces.resource/primefaces.css?ln=primefaces&v=4.0 HTTP/1.1" 304 -
181.53.13.222 - - [23/Feb/2024:07:11:25 -0500] "GET /sipse/faces/javax.faces.resource/layout/layout.css?ln=primefaces&v=4.0 HTTP/1.1" 304 -
181.53.13.222 - - [23/Feb/2024:07:11:25 -0500] "GET /sipse/faces/javax.faces.resource/jquery/jquery.js?ln=primefaces&v=4.0 HTTP/1.1" 304 -
181.53.13.222 - - [23/Feb/2024:07:11:25 -0500] "GET /sipse/faces/javax.faces.resource/jquery/jquery-plugins.js?ln=primefaces&v=4.0 HTTP/1.1" 304 -
181.53.13.222 - - [23/Feb/2024:07:11:25 -0500] "GET /sipse/faces/javax.faces.resource/primefaces.js?ln=primefaces&v=4.0 HTTP/1.1" 304 -
181.53.13.222 - - [23/Feb/2024:07:11:25 -0500] "GET /sipse/faces/javax.faces.resource/layout/layout.js?ln=primefaces&v=4.0 HTTP/1.1" 304 -
181.53.13.222 - - [23/Feb/2024:07:11:25 -0500] "GET /sipse/css/imagen/contrasena.png HTTP/1.1" 404 383
181.53.13.222 - - [23/Feb/2024:07:11:25 -0500] "GET /sipse/faces/javax.faces.resource/messages/messages.png?ln=primefaces&v=4.0 HTTP/1.1" 304 -
23.22.35.162 - - [23/Feb/2024:07:11:27 -0500] "GET /BLA/resoluciones/AUTOS%202009/1424.pdf HTTP/1.1" 200 277079
23.22.35.162 - - [23/Feb/2024:07:11:29 -0500] "GET /BLA/resoluciones/AUTOS%202009/2910.pdf HTTP/1.1" 200 93494
181.53.13.222 - - [23/Feb/2024:07:11:32 -0500] "GET /sipse/faces/javax.faces.resource/images/ui-bg_flat_0_2d5972_40x100.png?ln=primefaces-aristo HTTP/1.1" 304 -
181.53.13.222 - - [23/Feb/2024:07:11:32 -0500] "POST /sipse/faces/presentacion/contratacion/procesoContractual/registrarInvitacionContratista.xhtml HTTP/1.1" 200 41629
181.53.13.222 - - [23/Feb/2024:07:11:32 -0500] "GET /sipse/faces/javax.faces.resource/theme.css?ln=primefaces-sipse HTTP/1.1" 304 -
181.53.13.222 - - [23/Feb/2024:07:11:32 -0500] "GET /sipse/faces/javax.faces.resource/primefaces.css?ln=primefaces&v=4.0 HTTP/1.1" 304 -
181.53.13.222 - - [23/Feb/2024:07:11:32 -0500] "GET /sipse/faces/javax.faces.resource/layout/layout.css?ln=primefaces&v=4.0 HTTP/1.1" 304 -
181.53.13.222 - - [23/Feb/2024:07:11:32 -0500] "GET /sipse/faces/javax.faces.resource/jquery/jquery.js?ln=primefaces&v=4.0 HTTP/1.1" 304 -
181.53.13.222 - - [23/Feb/2024:07:11:32 -0500] "GET /sipse/faces/javax.faces.resource/jquery/jquery-plugins.js?ln=primefaces&v=4.0 HTTP/1.1" 304 -
181.53.13.222 - - [23/Feb/2024:07:11:32 -0500] "GET /sipse/faces/javax.faces.resource/primefaces.js?ln=primefaces&v=4.0 HTTP/1.1" 304 -
181.53.13.222 - - [23/Feb/2024:07:11:32 -0500] "GET /sipse/faces/javax.faces.resource/layout/layout.js?ln=primefaces&v=4.0 HTTP/1.1" 304 -
23.22.35.162 - - [23/Feb/2024:07:11:34 -0500] "GET /BLA/resoluciones/AUTOS%202009/3927.pdf HTTP/1.1" 200 413126
181.237.237.37 - - [23/Feb/2024:07:11:36 -0500] "GET /appsia/controlador HTTP/1.1" 200 4799
