23.22.35.162 - - [23/Feb/2024:00:22:59 -0500] "GET /BLA/resoluciones/AUTOS%202017/1134.pdf HTTP/1.1" 200 284851
23.22.35.162 - - [23/Feb/2024:00:23:02 -0500] "GET /BLA/resoluciones/AUTOS%202017/0011.pdf HTTP/1.1" 200 614675
23.22.35.162 - - [23/Feb/2024:00:23:06 -0500] "GET /BLA/resoluciones/AUTOS%202017/5281.pdf HTTP/1.1" 200 332953
3.224.220.101 - - [23/Feb/2024:00:23:10 -0500] "GET /BLA/resoluciones/AUTOS%202017/3567.pdf HTTP/1.1" 200 273296
23.22.35.162 - - [23/Feb/2024:00:23:16 -0500] "GET /BLA/resoluciones/AUTOS%202017/1736.pdf HTTP/1.1" 200 884808
3.224.220.101 - - [23/Feb/2024:00:23:18 -0500] "GET /BLA/resoluciones/AUTOS%202017/4273.pdf HTTP/1.1" 200 269970
52.70.240.171 - - [23/Feb/2024:00:23:23 -0500] "GET /BLA/resoluciones/AUTOS%202017/4230.pdf HTTP/1.1" 200 258446
23.22.35.162 - - [23/Feb/2024:00:23:26 -0500] "GET /BLA/resoluciones/AUTOS%202017/2787.pdf HTTP/1.1" 200 486150
23.22.35.162 - - [23/Feb/2024:00:23:31 -0500] "GET /BLA/resoluciones/AUTOS%202017/0282.pdf HTTP/1.1" 200 385691
52.70.240.171 - - [23/Feb/2024:00:23:34 -0500] "GET /BLA/resoluciones/AUTOS%202017/4604.pdf HTTP/1.1" 200 275027
52.70.240.171 - - [23/Feb/2024:00:23:38 -0500] "GET /BLA/resoluciones/AUTOS%202017/1177.pdf HTTP/1.1" 200 312584
23.22.35.162 - - [23/Feb/2024:00:23:42 -0500] "GET /BLA/resoluciones/AUTOS%202017/0613.pdf HTTP/1.1" 200 308537
3.224.220.101 - - [23/Feb/2024:00:23:47 -0500] "GET /BLA/resoluciones/AUTOS%202017/2672.pdf HTTP/1.1" 200 1072727
52.70.240.171 - - [23/Feb/2024:00:23:50 -0500] "GET /BLA/resoluciones/AUTOS%202017/1779.pdf HTTP/1.1" 200 1305247
52.70.240.171 - - [23/Feb/2024:00:23:54 -0500] "GET /BLA/resoluciones/AUTOS%202017/0728.pdf HTTP/1.1" 200 322486
3.224.220.101 - - [23/Feb/2024:00:23:58 -0500] "GET /BLA/resoluciones/AUTOS%202017/3193.pdf HTTP/1.1" 200 293900
52.70.240.171 - - [23/Feb/2024:00:24:02 -0500] "GET /BLA/resoluciones/AUTOS%202017/0226.pdf HTTP/1.1" 200 473371
3.224.220.101 - - [23/Feb/2024:00:24:06 -0500] "GET /BLA/resoluciones/AUTOS%202017/2544.pdf HTTP/1.1" 200 352547
201.245.192.253 - - [23/Feb/2024:00:24:08 -0500] "POST /forms/lservlet;jsessionid=ac16012b30d65944fe978afe447f8630f37f4d10f40c.e3iSbxaKaheRe34NaNuLc30MaN90n6jAmljGr5XDqQLvpAe HTTP/1.1" 200 2
23.22.35.162 - - [23/Feb/2024:00:24:10 -0500] "GET /BLA/resoluciones/AUTOS%202017/2501.pdf HTTP/1.1" 200 220711
23.22.35.162 - - [23/Feb/2024:00:24:15 -0500] "GET /BLA/resoluciones/AUTOS%202017/1062.pdf HTTP/1.1" 200 325823
23.22.35.162 - - [23/Feb/2024:00:24:19 -0500] "GET /BLA/resoluciones/AUTOS%202017/3739.pdf HTTP/1.1" 200 528783
23.22.35.162 - - [23/Feb/2024:00:24:22 -0500] "GET /BLA/resoluciones/AUTOS%202017/2416.pdf HTTP/1.1" 200 328327
3.224.220.101 - - [23/Feb/2024:00:24:26 -0500] "GET /BLA/resoluciones/AUTOS%202017/4447.pdf HTTP/1.1" 200 212357
3.224.220.101 - - [23/Feb/2024:00:24:30 -0500] "GET /BLA/resoluciones/AUTOS%202017/1708.pdf HTTP/1.1" 200 351518
23.22.35.162 - - [23/Feb/2024:00:24:35 -0500] "GET /BLA/resoluciones/AUTOS%202017/1408.pdf HTTP/1.1" 200 289787
23.22.35.162 - - [23/Feb/2024:00:24:40 -0500] "GET /BLA/resoluciones/AUTOS%202017/1234.pdf HTTP/1.1" 200 712133
23.22.35.162 - - [23/Feb/2024:00:24:43 -0500] "GET /BLA/resoluciones/AUTOS%202017/1536.pdf HTTP/1.1" 200 770340
3.224.220.101 - - [23/Feb/2024:00:24:46 -0500] "GET /BLA/resoluciones/AUTOS%202017/0641.pdf HTTP/1.1" 200 7464471
66.249.77.8 - - [23/Feb/2024:00:24:49 -0500] "GET /BLA/resoluciones/RESOLUCIONES%202008/4501.pdf HTTP/1.1" 200 75182
52.70.240.171 - - [23/Feb/2024:00:24:51 -0500] "GET /BLA/resoluciones/AUTOS%202017/3137.pdf HTTP/1.1" 200 267262
52.70.240.171 - - [23/Feb/2024:00:24:55 -0500] "GET /BLA/resoluciones/AUTOS%202017/2587.pdf HTTP/1.1" 200 279857
23.22.35.162 - - [23/Feb/2024:00:24:59 -0500] "GET /BLA/resoluciones/AUTOS%202017/3595.pdf HTTP/1.1" 200 287175
23.22.35.162 - - [23/Feb/2024:00:25:03 -0500] "GET /BLA/resoluciones/AUTOS%202017/3552.pdf HTTP/1.1" 200 270278
23.22.35.162 - - [23/Feb/2024:00:25:09 -0500] "GET /BLA/resoluciones/AUTOS%202017/2716.pdf HTTP/1.1" 200 237674
3.224.220.101 - - [23/Feb/2024:00:25:10 -0500] "GET /BLA/resoluciones/AUTOS%202017/1106.pdf HTTP/1.1" 200 287144
172.22.2.4 - - [23/Feb/2024:00:23:31 -0500] "HEAD /BLA/boletinlegal/ HTTP/1.1" 200 -
23.22.35.162 - - [23/Feb/2024:00:25:14 -0500] "GET /BLA/resoluciones/AUTOS%202017/1149.pdf HTTP/1.1" 200 316366
23.22.35.162 - - [23/Feb/2024:00:25:18 -0500] "GET /BLA/resoluciones/AUTOS%202017/2759.pdf HTTP/1.1" 200 258758
52.70.240.171 - - [23/Feb/2024:00:25:23 -0500] "GET /BLA/resoluciones/AUTOS%202017/0941.pdf HTTP/1.1" 200 397040
190.26.164.125 - - [23/Feb/2024:00:25:23 -0500] "GET /sipse/faces/index.xhtml HTTP/1.1" 200 677
190.26.164.125 - - [23/Feb/2024:00:25:25 -0500] "GET /sipse/faces/javax.faces.resource/theme.css?ln=primefaces-sipse HTTP/1.1" 304 -
52.70.240.171 - - [23/Feb/2024:00:25:27 -0500] "GET /BLA/resoluciones/AUTOS%202017/0984.pdf HTTP/1.1" 200 580075
52.70.240.171 - - [23/Feb/2024:00:25:31 -0500] "GET /BLA/resoluciones/AUTOS%202017/1277.pdf HTTP/1.1" 200 464016
190.26.164.125 - - [23/Feb/2024:00:25:32 -0500] "GET /sipse/faces/faces/autenticacion.xhtml HTTP/1.1" 200 12405
190.26.164.125 - - [23/Feb/2024:00:25:33 -0500] "GET /sipse/css/custom_css_sg_prime_login.css HTTP/1.1" 304 -
190.26.164.125 - - [23/Feb/2024:00:25:33 -0500] "GET /sipse/faces/javax.faces.resource/theme.css?ln=primefaces-sipse HTTP/1.1" 304 -
190.26.164.125 - - [23/Feb/2024:00:25:33 -0500] "GET /sipse/faces/javax.faces.resource/primefaces.css?ln=primefaces&v=4.0 HTTP/1.1" 304 -
190.26.164.125 - - [23/Feb/2024:00:25:33 -0500] "GET /sipse/faces/javax.faces.resource/jquery/jquery.js?ln=primefaces&v=4.0 HTTP/1.1" 304 -
190.26.164.125 - - [23/Feb/2024:00:25:33 -0500] "GET /sipse/faces/javax.faces.resource/layout/layout.js?ln=primefaces&v=4.0 HTTP/1.1" 304 -
190.26.164.125 - - [23/Feb/2024:00:25:33 -0500] "GET /sipse/faces/javax.faces.resource/layout/layout.css?ln=primefaces&v=4.0 HTTP/1.1" 304 -
190.26.164.125 - - [23/Feb/2024:00:25:33 -0500] "GET /sipse/faces/javax.faces.resource/jquery/jquery-plugins.js?ln=primefaces&v=4.0 HTTP/1.1" 304 -
190.26.164.125 - - [23/Feb/2024:00:25:33 -0500] "GET /sipse/faces/javax.faces.resource/primefaces.js?ln=primefaces&v=4.0 HTTP/1.1" 304 -
190.26.164.125 - - [23/Feb/2024:00:25:33 -0500] "GET /favicon.ico HTTP/1.1" 200 7782
3.224.220.101 - - [23/Feb/2024:00:25:34 -0500] "GET /BLA/resoluciones/AUTOS%202017/2242.pdf HTTP/1.1" 200 284850
190.26.164.125 - - [23/Feb/2024:00:25:38 -0500] "GET /sipse/css/imagen/loginimg.png HTTP/1.1" 304 -
190.26.164.125 - - [23/Feb/2024:00:25:38 -0500] "GET /sipse/faces/javax.faces.resource/images/ui-icons_898989_256x240.png?ln=primefaces-aristo HTTP/1.1" 304 -
3.224.220.101 - - [23/Feb/2024:00:25:38 -0500] "GET /BLA/resoluciones/AUTOS%202017/2801.pdf HTTP/1.1" 200 1274743
52.70.240.171 - - [23/Feb/2024:00:25:43 -0500] "GET /BLA/resoluciones/AUTOS%202017/2285.pdf HTTP/1.1" 200 334192
52.70.240.171 - - [23/Feb/2024:00:25:48 -0500] "GET /BLA/resoluciones/AUTOS%202017/3895.pdf HTTP/1.1" 200 270036
52.70.240.171 - - [23/Feb/2024:00:25:50 -0500] "GET /BLA/resoluciones/AUTOS%202017/0828.pdf HTTP/1.1" 200 525585
3.224.220.101 - - [23/Feb/2024:00:25:55 -0500] "GET /BLA/resoluciones/AUTOS%202017/1521.pdf HTTP/1.1" 200 367374
190.26.164.125 - - [23/Feb/2024:00:25:58 -0500] "POST /sipse/faces/autenticacion.xhtml HTTP/1.1" 200 16288
190.26.164.125 - - [23/Feb/2024:00:25:59 -0500] "GET /sipse/faces/javax.faces.resource/theme.css?ln=primefaces-sipse HTTP/1.1" 304 -
190.26.164.125 - - [23/Feb/2024:00:25:59 -0500] "GET /sipse/faces/javax.faces.resource/primefaces.css?ln=primefaces&v=4.0 HTTP/1.1" 304 -
190.26.164.125 - - [23/Feb/2024:00:25:59 -0500] "GET /sipse/faces/javax.faces.resource/layout/layout.css?ln=primefaces&v=4.0 HTTP/1.1" 304 -
23.22.35.162 - - [23/Feb/2024:00:25:59 -0500] "GET /BLA/resoluciones/AUTOS%202017/4619.pdf HTTP/1.1" 200 263042
190.26.164.125 - - [23/Feb/2024:00:25:59 -0500] "GET /sipse/faces/javax.faces.resource/jquery/jquery.js?ln=primefaces&v=4.0 HTTP/1.1" 304 -
190.26.164.125 - - [23/Feb/2024:00:25:59 -0500] "GET /sipse/faces/javax.faces.resource/jquery/jquery-plugins.js?ln=primefaces&v=4.0 HTTP/1.1" 304 -
190.26.164.125 - - [23/Feb/2024:00:26:00 -0500] "GET /sipse/faces/javax.faces.resource/primefaces.js?ln=primefaces&v=4.0 HTTP/1.1" 304 -
190.26.164.125 - - [23/Feb/2024:00:26:00 -0500] "GET /sipse/faces/javax.faces.resource/layout/layout.js?ln=primefaces&v=4.0 HTTP/1.1" 304 -
190.26.164.125 - - [23/Feb/2024:00:26:00 -0500] "GET /sipse/css/v_mergente.css HTTP/1.1" 304 -
190.26.164.125 - - [23/Feb/2024:00:26:00 -0500] "GET /sipse/imagenes/logoAplicacion.jpg HTTP/1.1" 304 -
190.26.164.125 - - [23/Feb/2024:00:26:00 -0500] "GET /sipse/css/imagen/contrasena.png HTTP/1.1" 404 383
190.26.164.125 - - [23/Feb/2024:00:26:01 -0500] "GET /sipse/faces/javax.faces.resource/messages/messages.png?ln=primefaces&v=4.0 HTTP/1.1" 304 -
172.22.2.4 - - [23/Feb/2024:00:24:22 -0500] "GET /BLA/boletinlegal/ HTTP/1.1" 200 58720
52.70.240.171 - - [23/Feb/2024:00:26:03 -0500] "GET /BLA/resoluciones/AUTOS%202017/2459.pdf HTTP/1.1" 200 277472
3.224.220.101 - - [23/Feb/2024:00:26:06 -0500] "GET /BLA/resoluciones/AUTOS%202017/2114.pdf HTTP/1.1" 200 1319582
201.245.192.253 - - [23/Feb/2024:00:26:08 -0500] "POST /forms/lservlet;jsessionid=ac16012b30d65944fe978afe447f8630f37f4d10f40c.e3iSbxaKaheRe34NaNuLc30MaN90n6jAmljGr5XDqQLvpAe HTTP/1.1" 200 2
23.22.35.162 - - [23/Feb/2024:00:26:11 -0500] "GET /BLA/resoluciones/AUTOS%202017/1879.pdf HTTP/1.1" 200 335939
3.224.220.101 - - [23/Feb/2024:00:26:15 -0500] "GET /BLA/resoluciones/AUTOS%202017/0513.pdf HTTP/1.1" 200 370217
3.224.220.101 - - [23/Feb/2024:00:26:18 -0500] "GET /BLA/resoluciones/AUTOS%202017/3467.pdf HTTP/1.1" 200 727727
190.26.164.125 - - [23/Feb/2024:00:26:25 -0500] "GET /sipse/faces/javax.faces.resource/images/ui-bg_flat_0_2d5972_40x100.png?ln=primefaces-aristo HTTP/1.1" 304 -
190.26.164.125 - - [23/Feb/2024:00:26:25 -0500] "POST /sipse/faces/bienvenido.xhtml HTTP/1.1" 200 1471
23.22.35.162 - - [23/Feb/2024:00:26:25 -0500] "GET /BLA/resoluciones/AUTOS%202017/2844.pdf HTTP/1.1" 200 2405423
190.26.164.125 - - [23/Feb/2024:00:26:27 -0500] "POST /sipse/faces/bienvenido.xhtml HTTP/1.1" 200 61662
190.26.164.125 - - [23/Feb/2024:00:26:27 -0500] "GET /sipse/faces/javax.faces.resource/theme.css?ln=primefaces-sipse HTTP/1.1" 304 -
190.26.164.125 - - [23/Feb/2024:00:26:27 -0500] "GET /sipse/faces/javax.faces.resource/primefaces.css?ln=primefaces&v=4.0 HTTP/1.1" 304 -
190.26.164.125 - - [23/Feb/2024:00:26:27 -0500] "GET /sipse/faces/javax.faces.resource/layout/layout.css?ln=primefaces&v=4.0 HTTP/1.1" 304 -
190.26.164.125 - - [23/Feb/2024:00:26:27 -0500] "GET /sipse/faces/javax.faces.resource/jquery/jquery.js?ln=primefaces&v=4.0 HTTP/1.1" 304 -
52.70.240.171 - - [23/Feb/2024:00:26:27 -0500] "GET /BLA/resoluciones/AUTOS%202017/4432.pdf HTTP/1.1" 200 309461
190.26.164.125 - - [23/Feb/2024:00:26:27 -0500] "GET /sipse/faces/javax.faces.resource/jquery/jquery-plugins.js?ln=primefaces&v=4.0 HTTP/1.1" 304 -
190.26.164.125 - - [23/Feb/2024:00:26:27 -0500] "GET /sipse/faces/javax.faces.resource/primefaces.js?ln=primefaces&v=4.0 HTTP/1.1" 304 -
190.26.164.125 - - [23/Feb/2024:00:26:27 -0500] "GET /sipse/faces/javax.faces.resource/layout/layout.js?ln=primefaces&v=4.0 HTTP/1.1" 304 -
190.26.164.125 - - [23/Feb/2024:00:26:29 -0500] "POST /sipse/faces/presentacion/financiero/solicitudProceso/listarSolicitudProceso.xhtml HTTP/1.1" 200 1556
23.22.35.162 - - [23/Feb/2024:00:26:31 -0500] "GET /BLA/resoluciones/AUTOS%202017/2887.pdf HTTP/1.1" 200 273327
23.22.35.162 - - [23/Feb/2024:00:26:35 -0500] "GET /BLA/resoluciones/AUTOS%202017/0382.pdf HTTP/1.1" 200 2112549
23.22.35.162 - - [23/Feb/2024:00:26:40 -0500] "GET /BLA/resoluciones/AUTOS%202017/3852.pdf HTTP/1.1" 200 291206
3.224.220.101 - - [23/Feb/2024:00:26:42 -0500] "GET /BLA/resoluciones/AUTOS%202017/3293.pdf HTTP/1.1" 200 290374
52.70.240.171 - - [23/Feb/2024:00:26:48 -0500] "GET /BLA/resoluciones/AUTOS%202017/0899.pdf HTTP/1.1" 200 645237
3.224.220.101 - - [23/Feb/2024:00:26:51 -0500] "GET /BLA/resoluciones/AUTOS%202017/1864.pdf HTTP/1.1" 200 334506
3.224.220.101 - - [23/Feb/2024:00:26:54 -0500] "GET /BLA/resoluciones/AUTOS%202017/2572.pdf HTTP/1.1" 200 278052
52.70.240.171 - - [23/Feb/2024:00:26:58 -0500] "GET /BLA/resoluciones/AUTOS%202017/2157.pdf HTTP/1.1" 200 1955275
23.22.35.162 - - [23/Feb/2024:00:27:03 -0500] "GET /BLA/resoluciones/AUTOS%202017/3165.pdf HTTP/1.1" 200 291318
205.210.31.32 - - [23/Feb/2024:00:27:07 -0500] "GET / HTTP/1.1" 200 319
23.22.35.162 - - [23/Feb/2024:00:27:08 -0500] "GET /BLA/resoluciones/AUTOS%202017/0856.pdf HTTP/1.1" 200 458459
23.22.35.162 - - [23/Feb/2024:00:27:11 -0500] "GET /BLA/resoluciones/AUTOS%202017/3724.pdf HTTP/1.1" 200 2885153
3.224.220.101 - - [23/Feb/2024:00:27:14 -0500] "GET /BLA/resoluciones/AUTOS%202017/0297.pdf HTTP/1.1" 200 621451
3.224.220.101 - - [23/Feb/2024:00:27:19 -0500] "GET /BLA/resoluciones/AUTOS%202017/0082.pdf HTTP/1.1" 200 498623
216.245.221.92 - - [23/Feb/2024:00:27:21 -0500] "HEAD / HTTP/1.1" 200 -
3.224.220.101 - - [23/Feb/2024:00:27:24 -0500] "GET /BLA/resoluciones/AUTOS%202017/1262.pdf HTTP/1.1" 200 436743
52.70.240.171 - - [23/Feb/2024:00:27:26 -0500] "GET /BLA/resoluciones/AUTOS%202017/4775.pdf HTTP/1.1" 200 276416
23.22.35.162 - - [23/Feb/2024:00:27:30 -0500] "GET /BLA/resoluciones/AUTOS%202017/3439.pdf HTTP/1.1" 200 316970
23.22.35.162 - - [23/Feb/2024:00:27:36 -0500] "GET /BLA/resoluciones/AUTOS%202017/0528.pdf HTTP/1.1" 200 435850
3.224.220.101 - - [23/Feb/2024:00:27:39 -0500] "GET /BLA/resoluciones/AUTOS%202017/2872.pdf HTTP/1.1" 200 379951
3.224.220.101 - - [23/Feb/2024:00:27:42 -0500] "GET /BLA/resoluciones/AUTOS%202017/2570.pdf HTTP/1.1" 200 283306
3.224.220.101 - - [23/Feb/2024:00:27:46 -0500] "GET /BLA/resoluciones/AUTOS%202017/4332.pdf HTTP/1.1" 200 265838
3.224.220.101 - - [23/Feb/2024:00:27:50 -0500] "GET /BLA/resoluciones/AUTOS%202017/1477.pdf HTTP/1.1" 200 489474
23.22.35.162 - - [23/Feb/2024:00:27:58 -0500] "GET /BLA/resoluciones/AUTOS%202017/4460.pdf HTTP/1.1" 200 290551
52.70.240.171 - - [23/Feb/2024:00:27:58 -0500] "GET /BLA/resoluciones/AUTOS%202017/1434.pdf HTTP/1.1" 200 346435
3.224.220.101 - - [23/Feb/2024:00:28:02 -0500] "GET /BLA/resoluciones/AUTOS%202017/1349.pdf HTTP/1.1" 200 397582
23.22.35.162 - - [23/Feb/2024:00:28:08 -0500] "GET /BLA/resoluciones/AUTOS%202017/4819.pdf HTTP/1.1" 200 299747
201.245.192.253 - - [23/Feb/2024:00:28:08 -0500] "POST /forms/lservlet;jsessionid=ac16012b30d65944fe978afe447f8630f37f4d10f40c.e3iSbxaKaheRe34NaNuLc30MaN90n6jAmljGr5XDqQLvpAe HTTP/1.1" 200 2
52.70.240.171 - - [23/Feb/2024:00:28:11 -0500] "GET /BLA/resoluciones/AUTOS%202017/5310.pdf HTTP/1.1" 200 830116
52.70.240.171 - - [23/Feb/2024:00:28:15 -0500] "GET /BLA/resoluciones/AUTOS%202017/1306.pdf HTTP/1.1" 200 386760
52.70.240.171 - - [23/Feb/2024:00:28:19 -0500] "GET /BLA/resoluciones/AUTOS%202017/4247.pdf HTTP/1.1" 200 272987
23.22.35.162 - - [23/Feb/2024:00:28:25 -0500] "GET /BLA/resoluciones/AUTOS%202017/2472.pdf HTTP/1.1" 200 512067
23.22.35.162 - - [23/Feb/2024:00:28:27 -0500] "GET /BLA/resoluciones/AUTOS%202017/0328.pdf HTTP/1.1" 200 391371
3.224.220.101 - - [23/Feb/2024:00:28:31 -0500] "GET /BLA/resoluciones/AUTOS%202017/4204.pdf HTTP/1.1" 200 279129
52.70.240.171 - - [23/Feb/2024:00:28:36 -0500] "GET /BLA/resoluciones/AUTOS%202017/5225.pdf HTTP/1.1" 200 2222650
52.70.240.171 - - [23/Feb/2024:00:28:39 -0500] "GET /BLA/resoluciones/AUTOS%202017/2301.pdf HTTP/1.1" 200 310462
3.224.220.101 - - [23/Feb/2024:00:28:42 -0500] "GET /BLA/resoluciones/AUTOS%202017/2216.pdf HTTP/1.1" 200 551254
190.26.164.125 - - [23/Feb/2024:00:28:43 -0500] "POST /sipse/faces/presentacion/financiero/solicitudProceso/listarSolicitudProceso.xhtml HTTP/1.1" 200 25799
23.22.35.162 - - [23/Feb/2024:00:28:48 -0500] "GET /BLA/resoluciones/AUTOS%202017/2387.pdf HTTP/1.1" 200 309154
52.70.240.171 - - [23/Feb/2024:00:28:54 -0500] "GET /BLA/resoluciones/AUTOS%202017/2344.pdf HTTP/1.1" 200 309765
52.70.240.171 - - [23/Feb/2024:00:28:54 -0500] "GET /BLA/resoluciones/AUTOS%202017/1938.pdf HTTP/1.1" 200 274360
52.70.240.171 - - [23/Feb/2024:00:28:58 -0500] "GET /BLA/resoluciones/AUTOS%202017/4119.pdf HTTP/1.1" 200 264403
23.22.35.162 - - [23/Feb/2024:00:29:03 -0500] "GET /BLA/resoluciones/AUTOS%202017/3997.pdf HTTP/1.1" 200 312399
52.70.240.171 - - [23/Feb/2024:00:29:08 -0500] "GET /BLA/resoluciones/AUTOS%202017/2959.pdf HTTP/1.1" 200 290854
3.224.220.101 - - [23/Feb/2024:00:29:11 -0500] "GET /BLA/resoluciones/AUTOS%202017/3109.pdf HTTP/1.1" 200 268113
3.224.220.101 - - [23/Feb/2024:00:29:14 -0500] "GET /BLA/resoluciones/AUTOS%202017/1966.pdf HTTP/1.1" 200 722676
23.22.35.162 - - [23/Feb/2024:00:29:19 -0500] "GET /BLA/resoluciones/AUTOS%202017/2585.pdf HTTP/1.1" 200 272740
52.70.240.171 - - [23/Feb/2024:00:29:22 -0500] "GET /BLA/resoluciones/AUTOS%202017/2542.pdf HTTP/1.1" 200 281528
216.244.66.195 - - [23/Feb/2024:00:29:23 -0500] "GET /robots.txt HTTP/1.1" 404 1018
52.70.240.171 - - [23/Feb/2024:00:29:28 -0500] "GET /BLA/resoluciones/AUTOS%202017/4232.pdf HTTP/1.1" 200 277452
3.224.220.101 - - [23/Feb/2024:00:29:30 -0500] "GET /BLA/resoluciones/AUTOS%202017/2444.pdf HTTP/1.1" 200 363646
23.22.35.162 - - [23/Feb/2024:00:29:36 -0500] "GET /BLA/resoluciones/AUTOS%202017/0313.pdf HTTP/1.1" 200 513971
3.224.220.101 - - [23/Feb/2024:00:29:40 -0500] "GET /BLA/resoluciones/AUTOS%202017/2487.pdf HTTP/1.1" 200 300190
3.224.220.101 - - [23/Feb/2024:00:29:42 -0500] "GET /BLA/resoluciones/AUTOS%202017/1923.pdf HTTP/1.1" 200 453900
190.26.164.125 - - [23/Feb/2024:00:29:42 -0500] "POST /sipse/faces/presentacion/financiero/solicitudProceso/listarSolicitudProceso.xhtml HTTP/1.1" 200 141783
190.26.164.125 - - [23/Feb/2024:00:29:43 -0500] "GET /sipse/faces/javax.faces.resource/theme.css?ln=primefaces-sipse HTTP/1.1" 304 -
190.26.164.125 - - [23/Feb/2024:00:29:43 -0500] "GET /sipse/faces/javax.faces.resource/layout/layout.css?ln=primefaces&v=4.0 HTTP/1.1" 304 -
190.26.164.125 - - [23/Feb/2024:00:29:43 -0500] "GET /sipse/faces/javax.faces.resource/primefaces.css?ln=primefaces&v=4.0 HTTP/1.1" 304 -
190.26.164.125 - - [23/Feb/2024:00:29:43 -0500] "GET /sipse/faces/javax.faces.resource/jquery/jquery.js?ln=primefaces&v=4.0 HTTP/1.1" 304 -
190.26.164.125 - - [23/Feb/2024:00:29:43 -0500] "GET /sipse/faces/javax.faces.resource/jquery/jquery-plugins.js?ln=primefaces&v=4.0 HTTP/1.1" 304 -
190.26.164.125 - - [23/Feb/2024:00:29:43 -0500] "GET /sipse/faces/javax.faces.resource/primefaces.js?ln=primefaces&v=4.0 HTTP/1.1" 304 -
190.26.164.125 - - [23/Feb/2024:00:29:43 -0500] "GET /sipse/faces/javax.faces.resource/layout/layout.js?ln=primefaces&v=4.0 HTTP/1.1" 304 -
3.224.220.101 - - [23/Feb/2024:00:29:46 -0500] "GET /BLA/resoluciones/AUTOS%202017/3493.pdf HTTP/1.1" 200 1470634
23.22.35.162 - - [23/Feb/2024:00:29:51 -0500] "GET /BLA/resoluciones/AUTOS%202017/0428.pdf HTTP/1.1" 200 315000
3.224.220.101 - - [23/Feb/2024:00:29:58 -0500] "GET /BLA/resoluciones/AUTOS%202017/3450.pdf HTTP/1.1" 200 296678
3.224.220.101 - - [23/Feb/2024:00:29:58 -0500] "GET /BLA/resoluciones/AUTOS%202017/0956.pdf HTTP/1.1" 200 349347
190.26.164.125 - - [23/Feb/2024:00:29:59 -0500] "POST /sipse/faces/presentacion/financiero/solicitudProceso/consultarSolicitudProceso.xhtml HTTP/1.1" 200 5514
23.22.35.162 - - [23/Feb/2024:00:30:04 -0500] "GET /BLA/resoluciones/AUTOS%202017/4904.pdf HTTP/1.1" 200 746771
3.224.220.101 - - [23/Feb/2024:00:30:06 -0500] "GET /BLA/resoluciones/AUTOS%202017/2859.pdf HTTP/1.1" 200 610776
201.245.192.253 - - [23/Feb/2024:00:30:08 -0500] "POST /forms/lservlet;jsessionid=ac16012b30d65944fe978afe447f8630f37f4d10f40c.e3iSbxaKaheRe34NaNuLc30MaN90n6jAmljGr5XDqQLvpAe HTTP/1.1" 200 2
52.70.240.171 - - [23/Feb/2024:00:30:10 -0500] "GET /BLA/resoluciones/AUTOS%202017/3982.pdf HTTP/1.1" 200 287844
201.245.192.253 - - [23/Feb/2024:00:30:10 -0500] "POST /kwsrmcab/Wsrmcab HTTP/1.1" 200 38997
201.245.192.253 - - [23/Feb/2024:00:30:13 -0500] "POST /kwsrmcab/Wsrmcab HTTP/1.1" 200 37553
23.22.35.162 - - [23/Feb/2024:00:30:16 -0500] "GET /BLA/resoluciones/AUTOS%202017/0541.pdf HTTP/1.1" 200 1264361
201.245.192.253 - - [23/Feb/2024:00:30:15 -0500] "POST /kwsrmcab/Wsrmcab HTTP/1.1" 200 36221
23.22.35.162 - - [23/Feb/2024:00:30:22 -0500] "GET /BLA/resoluciones/AUTOS%202017/1108.pdf HTTP/1.1" 200 325022
3.224.220.101 - - [23/Feb/2024:00:30:23 -0500] "GET /BLA/resoluciones/AUTOS%202017/2816.pdf HTTP/1.1" 200 366447
23.22.35.162 - - [23/Feb/2024:00:30:28 -0500] "GET /BLA/resoluciones/AUTOS%202017/1206.pdf HTTP/1.1" 200 283252
23.22.35.162 - - [23/Feb/2024:00:30:32 -0500] "GET /BLA/resoluciones/AUTOS%202017/2070.pdf HTTP/1.1" 200 453153
52.70.240.171 - - [23/Feb/2024:00:30:37 -0500] "GET /BLA/resoluciones/AUTOS%202017/3222.pdf HTTP/1.1" 200 860509
157.55.39.49 - - [23/Feb/2024:00:30:35 -0500] "GET /portaldeninos/wp-content/uploads/2022/08/Infograf%C3%ADa-humedales-actualizada.png HTTP/1.1" 200 588022
3.224.220.101 - - [23/Feb/2024:00:30:40 -0500] "GET /BLA/resoluciones/AUTOS%202017/2557.pdf HTTP/1.1" 200 293220
23.22.35.162 - - [23/Feb/2024:00:30:44 -0500] "GET /BLA/resoluciones/AUTOS%202017/3265.pdf HTTP/1.1" 200 272469
23.22.35.162 - - [23/Feb/2024:00:30:49 -0500] "GET /BLA/resoluciones/AUTOS%202017/4832.pdf HTTP/1.1" 200 270703
3.224.220.101 - - [23/Feb/2024:00:30:50 -0500] "GET /BLA/resoluciones/AUTOS%202017/3393.pdf HTTP/1.1" 200 315090
52.70.240.171 - - [23/Feb/2024:00:30:55 -0500] "GET /BLA/resoluciones/AUTOS%202017/0654.pdf HTTP/1.1" 200 1601630
201.245.192.253 - - [23/Feb/2024:00:30:58 -0500] "POST /kwsrmcab/Wsrmcab HTTP/1.1" 200 37553
172.22.2.4 - - [23/Feb/2024:00:29:21 -0500] "HEAD /BLA/boletinlegal/ HTTP/1.1" 200 -
52.70.240.171 - - [23/Feb/2024:00:31:02 -0500] "GET /BLA/resoluciones/AUTOS%202017/3350.pdf HTTP/1.1" 200 341172
23.22.35.162 - - [23/Feb/2024:00:31:03 -0500] "GET /BLA/resoluciones/AUTOS%202017/2514.pdf HTTP/1.1" 200 281432
3.224.220.101 - - [23/Feb/2024:00:31:07 -0500] "GET /BLA/resoluciones/AUTOS%202017/1160.pdf HTTP/1.1" 200 280887
23.22.35.162 - - [23/Feb/2024:00:31:11 -0500] "GET /BLA/resoluciones/AUTOS%202017/0999.pdf HTTP/1.1" 200 275399
52.70.240.171 - - [23/Feb/2024:00:31:14 -0500] "GET /BLA/resoluciones/AUTOS%202017/2972.pdf HTTP/1.1" 200 290024
52.70.240.171 - - [23/Feb/2024:00:31:21 -0500] "GET /BLA/resoluciones/AUTOS%202017/5253.pdf HTTP/1.1" 200 1895094
52.70.240.171 - - [23/Feb/2024:00:31:24 -0500] "GET /BLA/resoluciones/AUTOS%202017/5210.pdf HTTP/1.1" 200 337574
52.70.240.171 - - [23/Feb/2024:00:31:27 -0500] "GET /BLA/resoluciones/AUTOS%202017/3063.pdf HTTP/1.1" 200 289925
173.252.107.113 - - [23/Feb/2024:00:31:29 -0500] "GET /caminos-de-los-cerros-espacios-naturales-seguros-para-cuidar-la-salud-fisica-y-mental-de-los-ciudadanos.html HTTP/1.1" 200 1139
3.224.220.101 - - [23/Feb/2024:00:31:31 -0500] "GET /BLA/resoluciones/AUTOS%202017/2746.pdf HTTP/1.1" 200 347016
23.22.35.162 - - [23/Feb/2024:00:31:34 -0500] "GET /BLA/resoluciones/AUTOS%202017/3039.pdf HTTP/1.1" 200 313834
23.22.35.162 - - [23/Feb/2024:00:31:42 -0500] "GET /BLA/resoluciones/AUTOS%202017/0182.pdf HTTP/1.1" 200 272437
23.22.35.162 - - [23/Feb/2024:00:31:43 -0500] "GET /BLA/resoluciones/AUTOS%202017/2703.pdf HTTP/1.1" 200 267844
52.70.240.171 - - [23/Feb/2024:00:31:47 -0500] "GET /BLA/resoluciones/AUTOS%202017/1179.pdf HTTP/1.1" 200 286347
52.70.240.171 - - [23/Feb/2024:00:31:52 -0500] "GET /BLA/resoluciones/AUTOS%202017/2670.pdf HTTP/1.1" 200 1052051
172.22.2.4 - - [23/Feb/2024:00:30:12 -0500] "GET /BLA/boletinlegal/ HTTP/1.1" 200 59967
52.70.240.171 - - [23/Feb/2024:00:31:55 -0500] "GET /BLA/resoluciones/AUTOS%202017/4360.pdf HTTP/1.1" 200 707201
3.224.220.101 - - [23/Feb/2024:00:31:59 -0500] "GET /BLA/resoluciones/AUTOS%202017/2901.pdf HTTP/1.1" 200 353317
23.22.35.162 - - [23/Feb/2024:00:32:04 -0500] "GET /BLA/resoluciones/AUTOS%202017/5055.pdf HTTP/1.1" 200 298403
201.245.192.253 - - [23/Feb/2024:00:32:08 -0500] "POST /forms/lservlet;jsessionid=ac16012b30d65944fe978afe447f8630f37f4d10f40c.e3iSbxaKaheRe34NaNuLc30MaN90n6jAmljGr5XDqQLvpAe HTTP/1.1" 200 2
23.22.35.162 - - [23/Feb/2024:00:32:09 -0500] "GET /BLA/resoluciones/AUTOS%202017/2170.pdf HTTP/1.1" 200 312060
23.22.35.162 - - [23/Feb/2024:00:32:13 -0500] "GET /BLA/resoluciones/AUTOS%202017/0758.pdf HTTP/1.1" 200 4678356
52.70.240.171 - - [23/Feb/2024:00:32:15 -0500] "GET /BLA/resoluciones/AUTOS%202017/3237.pdf HTTP/1.1" 200 271568
52.70.240.171 - - [23/Feb/2024:00:32:18 -0500] "GET /BLA/resoluciones/AUTOS%202017/2529.pdf HTTP/1.1" 200 352273
216.245.221.92 - - [23/Feb/2024:00:32:21 -0500] "HEAD / HTTP/1.1" 200 -
3.224.220.101 - - [23/Feb/2024:00:32:24 -0500] "GET /BLA/resoluciones/AUTOS%202017/4073.pdf HTTP/1.1" 200 1559440
52.70.240.171 - - [23/Feb/2024:00:32:26 -0500] "GET /BLA/resoluciones/AUTOS%202017/2618.pdf HTTP/1.1" 200 312927
23.22.35.162 - - [23/Feb/2024:00:32:34 -0500] "GET /BLA/resoluciones/AUTOS%202017/3695.pdf HTTP/1.1" 200 293189
23.22.35.162 - - [23/Feb/2024:00:32:36 -0500] "GET /BLA/resoluciones/AUTOS%202017/3024.pdf HTTP/1.1" 200 331115
3.224.220.101 - - [23/Feb/2024:00:32:40 -0500] "GET /BLA/resoluciones/AUTOS%202017/1792.pdf HTTP/1.1" 200 286128
3.224.220.101 - - [23/Feb/2024:00:32:43 -0500] "GET /BLA/resoluciones/AUTOS%202017/3067.pdf HTTP/1.1" 200 274675
52.70.240.171 - - [23/Feb/2024:00:32:48 -0500] "GET /BLA/resoluciones/AUTOS%202017/2359.pdf HTTP/1.1" 200 780569
23.22.35.162 - - [23/Feb/2024:00:32:53 -0500] "GET /BLA/resoluciones/AUTOS%202017/0928.pdf HTTP/1.1" 200 594605
52.70.240.171 - - [23/Feb/2024:00:32:54 -0500] "GET /BLA/resoluciones/AUTOS%202017/4634.pdf HTTP/1.1" 200 2630847
23.22.35.162 - - [23/Feb/2024:00:32:59 -0500] "GET /BLA/resoluciones/AUTOS%202017/0413.pdf HTTP/1.1" 200 437010
52.70.240.171 - - [23/Feb/2024:00:33:05 -0500] "GET /BLA/resoluciones/AUTOS%202017/1164.pdf HTTP/1.1" 200 263083
52.70.240.171 - - [23/Feb/2024:00:33:07 -0500] "GET /BLA/resoluciones/AUTOS%202017/3926.pdf HTTP/1.1" 200 351071
3.224.220.101 - - [23/Feb/2024:00:33:10 -0500] "GET /BLA/resoluciones/AUTOS%202017/1121.pdf HTTP/1.1" 200 443916
23.22.35.162 - - [23/Feb/2024:00:33:15 -0500] "GET /BLA/resoluciones/AUTOS%202017/2642.pdf HTTP/1.1" 200 267312
52.70.240.171 - - [23/Feb/2024:00:33:19 -0500] "GET /BLA/resoluciones/AUTOS%202017/2987.pdf HTTP/1.1" 200 274824
23.22.35.162 - - [23/Feb/2024:00:33:24 -0500] "GET /BLA/resoluciones/AUTOS%202017/2685.pdf HTTP/1.1" 200 375232
23.22.35.162 - - [23/Feb/2024:00:33:28 -0500] "GET /BLA/resoluciones/AUTOS%202017/3091.pdf HTTP/1.1" 200 681909
23.22.35.162 - - [23/Feb/2024:00:33:31 -0500] "GET /BLA/resoluciones/AUTOS%202017/2731.pdf HTTP/1.1" 200 435226
23.22.35.162 - - [23/Feb/2024:00:33:35 -0500] "GET /BLA/resoluciones/AUTOS%202017/2316.pdf HTTP/1.1" 200 312940
52.70.240.171 - - [23/Feb/2024:00:33:38 -0500] "GET /BLA/resoluciones/AUTOS%202017/0669.pdf HTTP/1.1" 200 478674
23.22.35.162 - - [23/Feb/2024:00:33:44 -0500] "GET /BLA/resoluciones/AUTOS%202017/2518.pdf HTTP/1.1" 200 352066
23.22.35.162 - - [23/Feb/2024:00:33:47 -0500] "GET /BLA/resoluciones/AUTOS%202017/2172.pdf HTTP/1.1" 200 284633
23.22.35.162 - - [23/Feb/2024:00:33:51 -0500] "GET /BLA/resoluciones/AUTOS%202017/5040.pdf HTTP/1.1" 200 285312
23.22.35.162 - - [23/Feb/2024:00:33:57 -0500] "GET /BLA/resoluciones/AUTOS%202017/0700.pdf HTTP/1.1" 200 493606
23.22.35.162 - - [23/Feb/2024:00:34:00 -0500] "GET /BLA/resoluciones/AUTOS%202017/2027.pdf HTTP/1.1" 200 321887
23.22.35.162 - - [23/Feb/2024:00:34:03 -0500] "GET /BLA/resoluciones/AUTOS%202017/0726.pdf HTTP/1.1" 200 305511
201.245.192.253 - - [23/Feb/2024:00:34:08 -0500] "POST /forms/lservlet;jsessionid=ac16012b30d65944fe978afe447f8630f37f4d10f40c.e3iSbxaKaheRe34NaNuLc30MaN90n6jAmljGr5XDqQLvpAe HTTP/1.1" 200 2
3.224.220.101 - - [23/Feb/2024:00:34:10 -0500] "GET /BLA/resoluciones/AUTOS%202017/0786.pdf HTTP/1.1" 200 294065
3.224.220.101 - - [23/Feb/2024:00:34:14 -0500] "GET /BLA/resoluciones/AUTOS%202017/1079.pdf HTTP/1.1" 200 323821
52.70.240.171 - - [23/Feb/2024:00:34:20 -0500] "GET /BLA/resoluciones/AUTOS%202017/0871.pdf HTTP/1.1" 200 420288
52.70.240.171 - - [23/Feb/2024:00:34:23 -0500] "GET /BLA/resoluciones/AUTOS%202017/0854.pdf HTTP/1.1" 200 341383
23.22.35.162 - - [23/Feb/2024:00:34:28 -0500] "GET /BLA/resoluciones/AUTOS%202017/2646.pdf HTTP/1.1" 200 278913
23.22.35.162 - - [23/Feb/2024:00:34:31 -0500] "GET /BLA/resoluciones/AUTOS%202017/0295.pdf HTTP/1.1" 200 1082572
23.22.35.162 - - [23/Feb/2024:00:34:36 -0500] "GET /BLA/resoluciones/AUTOS%202017/5194.pdf HTTP/1.1" 200 291153
52.70.240.171 - - [23/Feb/2024:00:34:39 -0500] "GET /BLA/resoluciones/AUTOS%202017/3611.pdf HTTP/1.1" 200 317228
52.70.240.171 - - [23/Feb/2024:00:34:44 -0500] "GET /BLA/resoluciones/AUTOS%202017/0184.pdf HTTP/1.1" 200 506399
3.224.220.101 - - [23/Feb/2024:00:34:48 -0500] "GET /BLA/resoluciones/AUTOS%202017/1623.pdf HTTP/1.1" 200 264958
3.224.220.101 - - [23/Feb/2024:00:34:51 -0500] "GET /BLA/resoluciones/AUTOS%202017/1132.pdf HTTP/1.1" 200 282287
3.224.220.101 - - [23/Feb/2024:00:34:59 -0500] "GET /BLA/resoluciones/AUTOS%202017/0056.pdf HTTP/1.1" 200 490171
3.224.220.101 - - [23/Feb/2024:00:35:02 -0500] "GET /BLA/resoluciones/AUTOS%202017/1734.pdf HTTP/1.1" 200 290858
3.224.220.101 - - [23/Feb/2024:00:35:06 -0500] "GET /BLA/resoluciones/AUTOS%202017/0658.pdf HTTP/1.1" 200 589994
3.224.220.101 - - [23/Feb/2024:00:35:11 -0500] "GET /BLA/resoluciones/AUTOS%202017/2785.pdf HTTP/1.1" 200 303514
190.26.164.125 - - [23/Feb/2024:00:35:11 -0500] "POST /sipse/faces/presentacion/financiero/solicitudProceso/consultarSolicitudProceso.xhtml HTTP/1.1" 200 190097
190.26.164.125 - - [23/Feb/2024:00:35:12 -0500] "GET /sipse/faces/javax.faces.resource/theme.css?ln=primefaces-sipse HTTP/1.1" 304 -
190.26.164.125 - - [23/Feb/2024:00:35:12 -0500] "GET /sipse/faces/javax.faces.resource/jquery/jquery-plugins.js?ln=primefaces&v=4.0 HTTP/1.1" 304 -
190.26.164.125 - - [23/Feb/2024:00:35:12 -0500] "GET /sipse/faces/javax.faces.resource/primefaces.css?ln=primefaces&v=4.0 HTTP/1.1" 304 -
190.26.164.125 - - [23/Feb/2024:00:35:12 -0500] "GET /sipse/faces/javax.faces.resource/layout/layout.css?ln=primefaces&v=4.0 HTTP/1.1" 304 -
190.26.164.125 - - [23/Feb/2024:00:35:12 -0500] "GET /sipse/faces/javax.faces.resource/jquery/jquery.js?ln=primefaces&v=4.0 HTTP/1.1" 304 -
190.26.164.125 - - [23/Feb/2024:00:35:12 -0500] "GET /sipse/faces/javax.faces.resource/primefaces.js?ln=primefaces&v=4.0 HTTP/1.1" 304 -
190.26.164.125 - - [23/Feb/2024:00:35:12 -0500] "GET /sipse/faces/javax.faces.resource/layout/layout.js?ln=primefaces&v=4.0 HTTP/1.1" 304 -
52.70.240.171 - - [23/Feb/2024:00:35:16 -0500] "GET /BLA/resoluciones/AUTOS%202017/1004.pdf HTTP/1.1" 200 320545
52.70.240.171 - - [23/Feb/2024:00:35:17 -0500] "GET /BLA/resoluciones/AUTOS%202017/4517.pdf HTTP/1.1" 200 267993
3.224.220.101 - - [23/Feb/2024:00:35:19 -0500] "GET /BLA/resoluciones/AUTOS%202017/1064.pdf HTTP/1.1" 200 301337
190.26.164.125 - - [23/Feb/2024:00:35:19 -0500] "POST /sipse/faces/presentacion/financiero/solicitudProceso/consultarSolicitudProceso.xhtml HTTP/1.1" 200 56121
3.224.220.101 - - [23/Feb/2024:00:35:22 -0500] "GET /BLA/resoluciones/AUTOS%202017/0039.pdf HTTP/1.1" 200 303501
190.26.164.125 - - [23/Feb/2024:00:35:22 -0500] "GET /sipse/faces/javax.faces.resource/theme.css?ln=primefaces-sipse HTTP/1.1" 304 -
190.26.164.125 - - [23/Feb/2024:00:35:22 -0500] "GET /sipse/faces/javax.faces.resource/primefaces.css?ln=primefaces&v=4.0 HTTP/1.1" 304 -
190.26.164.125 - - [23/Feb/2024:00:35:22 -0500] "GET /sipse/faces/javax.faces.resource/layout/layout.css?ln=primefaces&v=4.0 HTTP/1.1" 304 -
190.26.164.125 - - [23/Feb/2024:00:35:23 -0500] "GET /sipse/faces/javax.faces.resource/jquery/jquery.js?ln=primefaces&v=4.0 HTTP/1.1" 304 -
190.26.164.125 - - [23/Feb/2024:00:35:23 -0500] "GET /sipse/faces/javax.faces.resource/jquery/jquery-plugins.js?ln=primefaces&v=4.0 HTTP/1.1" 304 -
190.26.164.125 - - [23/Feb/2024:00:35:23 -0500] "GET /sipse/faces/javax.faces.resource/primefaces.js?ln=primefaces&v=4.0 HTTP/1.1" 304 -
190.26.164.125 - - [23/Feb/2024:00:35:23 -0500] "GET /sipse/faces/javax.faces.resource/layout/layout.js?ln=primefaces&v=4.0 HTTP/1.1" 304 -
190.26.164.125 - - [23/Feb/2024:00:35:23 -0500] "POST /sipse/faces/presentacion/financiero/solicitudProceso/listarSolicitudProceso.xhtml HTTP/1.1" 200 1540
66.249.65.68 - - [23/Feb/2024:00:35:23 -0500] "GET /portaldeninos/2021/05/30/biodiversidad/ HTTP/1.1" 200 92930
66.249.65.70 - - [23/Feb/2024:00:35:25 -0500] "GET /portaldeninos/wp-content/plugins/gallery-videos/CSS/Total-Soft-Gallery-Video-Widget.css?ver=4.9.8 HTTP/1.1" 200 51554
66.249.65.68 - - [23/Feb/2024:00:35:26 -0500] "GET /portaldeninos/wp-includes/js/jquery/jquery.js?ver=1.12.4 HTTP/1.1" 200 97184
23.22.35.162 - - [23/Feb/2024:00:35:27 -0500] "GET /BLA/resoluciones/AUTOS%202017/3263.pdf HTTP/1.1" 200 271561
40.77.167.54 - - [23/Feb/2024:00:35:29 -0500] "GET /BLA/resoluciones/index.php?dir=RESOLUCIONES+2024%2F HTTP/1.1" 200 3088
3.224.220.101 - - [23/Feb/2024:00:35:31 -0500] "GET /BLA/resoluciones/AUTOS%202017/0797.pdf HTTP/1.1" 200 681964
40.77.167.235 - - [23/Feb/2024:00:35:34 -0500] "GET /sipse/faces/index.xhtml HTTP/1.1" 200 677
190.26.164.125 - - [23/Feb/2024:00:35:36 -0500] "POST /sipse/faces/presentacion/financiero/solicitudProceso/listarSolicitudProceso.xhtml HTTP/1.1" 200 22762
23.22.35.162 - - [23/Feb/2024:00:35:37 -0500] "GET /BLA/resoluciones/AUTOS%202017/0224.pdf HTTP/1.1" 200 555323
23.22.35.162 - - [23/Feb/2024:00:35:39 -0500] "GET /BLA/resoluciones/AUTOS%202017/2187.pdf HTTP/1.1" 200 1293592
40.77.167.22 - - [23/Feb/2024:00:35:39 -0500] "GET /BLA/resoluciones/index.php?dir=AUTOS+2019%2F HTTP/1.1" 200 392067
3.224.220.101 - - [23/Feb/2024:00:35:42 -0500] "GET /BLA/resoluciones/AUTOS%202017/0241.pdf HTTP/1.1" 200 343947
52.70.240.171 - - [23/Feb/2024:00:35:48 -0500] "GET /BLA/resoluciones/AUTOS%202017/2631.pdf HTTP/1.1" 200 335332
52.70.240.171 - - [23/Feb/2024:00:35:53 -0500] "GET /BLA/resoluciones/AUTOS%202017/2098.pdf HTTP/1.1" 200 370938
23.22.35.162 - - [23/Feb/2024:00:35:57 -0500] "GET /BLA/resoluciones/AUTOS%202017/2657.pdf HTTP/1.1" 200 1025044
52.70.240.171 - - [23/Feb/2024:00:35:59 -0500] "GET /BLA/resoluciones/AUTOS%202017/0869.pdf HTTP/1.1" 200 977067
23.22.35.162 - - [23/Feb/2024:00:36:04 -0500] "GET /BLA/resoluciones/AUTOS%202017/0152.pdf HTTP/1.1" 200 629543
52.70.240.171 - - [23/Feb/2024:00:36:07 -0500] "GET /BLA/resoluciones/AUTOS%202017/4630.pdf HTTP/1.1" 200 784558
201.245.192.253 - - [23/Feb/2024:00:36:08 -0500] "POST /forms/lservlet;jsessionid=ac16012b30d65944fe978afe447f8630f37f4d10f40c.e3iSbxaKaheRe34NaNuLc30MaN90n6jAmljGr5XDqQLvpAe HTTP/1.1" 200 2
52.70.240.171 - - [23/Feb/2024:00:36:12 -0500] "GET /BLA/resoluciones/AUTOS%202017/0800.pdf HTTP/1.1" 200 301334
3.224.220.101 - - [23/Feb/2024:00:36:15 -0500] "GET /BLA/resoluciones/AUTOS%202017/4788.pdf HTTP/1.1" 200 329560
23.22.35.162 - - [23/Feb/2024:00:36:21 -0500] "GET /BLA/resoluciones/AUTOS%202017/1275.pdf HTTP/1.1" 200 336001
52.70.240.171 - - [23/Feb/2024:00:36:25 -0500] "GET /BLA/resoluciones/AUTOS%202017/3665.pdf HTTP/1.1" 200 270735
23.22.35.162 - - [23/Feb/2024:00:36:29 -0500] "GET /BLA/resoluciones/AUTOS%202017/0886.pdf HTTP/1.1" 200 648805
52.70.240.171 - - [23/Feb/2024:00:36:32 -0500] "GET /BLA/resoluciones/AUTOS%202017/3737.pdf HTTP/1.1" 200 306695
52.70.240.171 - - [23/Feb/2024:00:36:37 -0500] "GET /BLA/resoluciones/AUTOS%202017/3426.pdf HTTP/1.1" 200 1203917
23.22.35.162 - - [23/Feb/2024:00:36:40 -0500] "GET /BLA/resoluciones/AUTOS%202017/3052.pdf HTTP/1.1" 200 273664
52.70.240.171 - - [23/Feb/2024:00:36:47 -0500] "GET /BLA/resoluciones/AUTOS%202017/4506.pdf HTTP/1.1" 200 274306
3.224.220.101 - - [23/Feb/2024:00:36:50 -0500] "GET /BLA/resoluciones/AUTOS%202017/0515.pdf HTTP/1.1" 200 577689
172.22.2.4 - - [23/Feb/2024:00:35:11 -0500] "HEAD /BLA/boletinlegal/ HTTP/1.1" 200 -
23.22.35.162 - - [23/Feb/2024:00:36:57 -0500] "GET /BLA/resoluciones/AUTOS%202017/0982.pdf HTTP/1.1" 200 348830
3.224.220.101 - - [23/Feb/2024:00:36:58 -0500] "GET /BLA/resoluciones/AUTOS%202017/0384.pdf HTTP/1.1" 200 313269
23.22.35.162 - - [23/Feb/2024:00:37:03 -0500] "GET /BLA/resoluciones/AUTOS%202017/1951.pdf HTTP/1.1" 200 549827
23.22.35.162 - - [23/Feb/2024:00:37:08 -0500] "GET /BLA/resoluciones/AUTOS%202017/2116.pdf HTTP/1.1" 200 513650
52.70.240.171 - - [23/Feb/2024:00:37:13 -0500] "GET /BLA/resoluciones/AUTOS%202017/5155.pdf HTTP/1.1" 200 338465
3.224.220.101 - - [23/Feb/2024:00:37:14 -0500] "GET /BLA/resoluciones/AUTOS%202017/4862.pdf HTTP/1.1" 200 278777
52.70.240.171 - - [23/Feb/2024:00:37:14 -0500] "GET /BLA/resoluciones/AUTOS%202017/1638.pdf HTTP/1.1" 200 2184046
66.249.77.10 - - [23/Feb/2024:00:37:17 -0500] "GET /BLA/resoluciones/AUTOS%202012/1300.pdf HTTP/1.1" 200 193645
52.70.240.171 - - [23/Feb/2024:00:37:20 -0500] "GET /BLA/resoluciones/AUTOS%202017/0815.pdf HTTP/1.1" 200 523780
216.245.221.92 - - [23/Feb/2024:00:37:21 -0500] "HEAD / HTTP/1.1" 200 -
3.224.220.101 - - [23/Feb/2024:00:37:22 -0500] "GET /BLA/resoluciones/AUTOS%202017/3167.pdf HTTP/1.1" 200 289379
23.22.35.162 - - [23/Feb/2024:00:37:29 -0500] "GET /BLA/resoluciones/AUTOS%202017/5283.pdf HTTP/1.1" 200 342291
23.22.35.162 - - [23/Feb/2024:00:37:32 -0500] "GET /BLA/resoluciones/AUTOS%202017/2574.pdf HTTP/1.1" 200 278945
23.22.35.162 - - [23/Feb/2024:00:37:36 -0500] "GET /BLA/resoluciones/AUTOS%202017/2372.pdf HTTP/1.1" 200 306810
23.22.35.162 - - [23/Feb/2024:00:37:39 -0500] "GET /BLA/resoluciones/AUTOS%202017/2874.pdf HTTP/1.1" 200 534564
172.22.2.4 - - [23/Feb/2024:00:36:02 -0500] "GET /BLA/boletinlegal/ HTTP/1.1" 200 58273
23.22.35.162 - - [23/Feb/2024:00:37:44 -0500] "GET /BLA/resoluciones/AUTOS%202017/2729.pdf HTTP/1.1" 200 240240
52.70.240.171 - - [23/Feb/2024:00:37:47 -0500] "GET /BLA/resoluciones/AUTOS%202017/0569.pdf HTTP/1.1" 200 608852
3.224.220.101 - - [23/Feb/2024:00:37:51 -0500] "GET /BLA/resoluciones/AUTOS%202017/1534.pdf HTTP/1.1" 200 298650
3.224.220.101 - - [23/Feb/2024:00:37:55 -0500] "GET /BLA/resoluciones/AUTOS%202017/3191.pdf HTTP/1.1" 200 293502
23.22.35.162 - - [23/Feb/2024:00:38:00 -0500] "GET /BLA/resoluciones/AUTOS%202017/2429.pdf HTTP/1.1" 200 1924542
23.22.35.162 - - [23/Feb/2024:00:38:03 -0500] "GET /BLA/resoluciones/AUTOS%202017/0280.pdf HTTP/1.1" 200 555681
3.224.220.101 - - [23/Feb/2024:00:38:06 -0500] "GET /BLA/resoluciones/AUTOS%202017/3882.pdf HTTP/1.1" 200 268110
201.245.192.253 - - [23/Feb/2024:00:38:08 -0500] "POST /forms/lservlet;jsessionid=ac16012b30d65944fe978afe447f8630f37f4d10f40c.e3iSbxaKaheRe34NaNuLc30MaN90n6jAmljGr5XDqQLvpAe HTTP/1.1" 200 2
23.22.35.162 - - [23/Feb/2024:00:38:12 -0500] "GET /BLA/resoluciones/AUTOS%202017/4386.pdf HTTP/1.1" 200 316341
3.224.220.101 - - [23/Feb/2024:00:38:14 -0500] "GET /BLA/resoluciones/AUTOS%202017/2503.pdf HTTP/1.1" 200 281445
23.22.35.162 - - [23/Feb/2024:00:38:21 -0500] "GET /BLA/resoluciones/AUTOS%202017/3609.pdf HTTP/1.1" 200 273552
3.224.220.101 - - [23/Feb/2024:00:38:22 -0500] "GET /BLA/resoluciones/AUTOS%202017/2440.pdf HTTP/1.1" 200 350651
3.224.220.101 - - [23/Feb/2024:00:38:27 -0500] "GET /BLA/resoluciones/AUTOS%202017/2414.pdf HTTP/1.1" 200 1781396
3.224.220.101 - - [23/Feb/2024:00:38:30 -0500] "GET /BLA/resoluciones/AUTOS%202017/1475.pdf HTTP/1.1" 200 263992
52.70.240.171 - - [23/Feb/2024:00:38:35 -0500] "GET /BLA/resoluciones/AUTOS%202017/1406.pdf HTTP/1.1" 200 344780
52.70.240.171 - - [23/Feb/2024:00:38:38 -0500] "GET /BLA/resoluciones/AUTOS%202017/2589.pdf HTTP/1.1" 200 222919
23.22.35.162 - - [23/Feb/2024:00:38:44 -0500] "GET /BLA/resoluciones/AUTOS%202017/5414.pdf HTTP/1.1" 200 311237
23.22.35.162 - - [23/Feb/2024:00:38:49 -0500] "GET /BLA/resoluciones/AUTOS%202017/1147.pdf HTTP/1.1" 200 332408
52.70.240.171 - - [23/Feb/2024:00:38:52 -0500] "GET /BLA/resoluciones/AUTOS%202017/0041.pdf HTTP/1.1" 200 299023
23.22.35.162 - - [23/Feb/2024:00:38:56 -0500] "GET /BLA/resoluciones/AUTOS%202017/1236.pdf HTTP/1.1" 200 2544224
23.22.35.162 - - [23/Feb/2024:00:39:01 -0500] "GET /BLA/resoluciones/AUTOS%202017/4015.pdf HTTP/1.1" 200 388246
190.26.164.125 - - [23/Feb/2024:00:39:01 -0500] "POST /sipse/faces/presentacion/financiero/solicitudProceso/listarSolicitudProceso.xhtml HTTP/1.1" 200 146415
190.26.164.125 - - [23/Feb/2024:00:39:04 -0500] "GET /sipse/faces/javax.faces.resource/theme.css?ln=primefaces-sipse HTTP/1.1" 304 -
190.26.164.125 - - [23/Feb/2024:00:39:04 -0500] "GET /sipse/faces/javax.faces.resource/jquery/jquery.js?ln=primefaces&v=4.0 HTTP/1.1" 304 -
190.26.164.125 - - [23/Feb/2024:00:39:04 -0500] "GET /sipse/faces/javax.faces.resource/layout/layout.css?ln=primefaces&v=4.0 HTTP/1.1" 304 -
190.26.164.125 - - [23/Feb/2024:00:39:04 -0500] "GET /sipse/faces/javax.faces.resource/primefaces.css?ln=primefaces&v=4.0 HTTP/1.1" 304 -
190.26.164.125 - - [23/Feb/2024:00:39:04 -0500] "GET /sipse/faces/javax.faces.resource/jquery/jquery-plugins.js?ln=primefaces&v=4.0 HTTP/1.1" 304 -
190.26.164.125 - - [23/Feb/2024:00:39:04 -0500] "GET /sipse/faces/javax.faces.resource/primefaces.js?ln=primefaces&v=4.0 HTTP/1.1" 304 -
190.26.164.125 - - [23/Feb/2024:00:39:04 -0500] "GET /sipse/faces/javax.faces.resource/layout/layout.js?ln=primefaces&v=4.0 HTTP/1.1" 304 -
52.70.240.171 - - [23/Feb/2024:00:39:04 -0500] "GET /BLA/resoluciones/AUTOS%202017/3722.pdf HTTP/1.1" 200 2153135
52.70.240.171 - - [23/Feb/2024:00:39:08 -0500] "GET /BLA/resoluciones/AUTOS%202017/2803.pdf HTTP/1.1" 200 2133278
3.224.220.101 - - [23/Feb/2024:00:39:11 -0500] "GET /BLA/resoluciones/AUTOS%202017/2244.pdf HTTP/1.1" 200 3272450
23.22.35.162 - - [23/Feb/2024:00:39:14 -0500] "GET /BLA/resoluciones/AUTOS%202017/1749.pdf HTTP/1.1" 200 278580
23.22.35.162 - - [23/Feb/2024:00:39:20 -0500] "GET /BLA/resoluciones/AUTOS%202017/3295.pdf HTTP/1.1" 200 281259
23.22.35.162 - - [23/Feb/2024:00:39:25 -0500] "GET /BLA/resoluciones/AUTOS%202017/4345.pdf HTTP/1.1" 200 258820
3.224.220.101 - - [23/Feb/2024:00:39:26 -0500] "GET /BLA/resoluciones/AUTOS%202017/2583.pdf HTTP/1.1" 200 390591
3.224.220.101 - - [23/Feb/2024:00:39:31 -0500] "GET /BLA/resoluciones/AUTOS%202017/1968.pdf HTTP/1.1" 200 288395
23.22.35.162 - - [23/Feb/2024:00:39:36 -0500] "GET /BLA/resoluciones/AUTOS%202017/4490.pdf HTTP/1.1" 200 249904
190.26.164.125 - - [23/Feb/2024:00:39:23 -0500] "POST /sipse/faces/presentacion/financiero/solicitudProceso/consultarSolicitudProceso.xhtml HTTP/1.1" 200 1495431
52.70.240.171 - - [23/Feb/2024:00:39:40 -0500] "GET /BLA/resoluciones/AUTOS%202017/4806.pdf HTTP/1.1" 200 298757
23.22.35.162 - - [23/Feb/2024:00:39:44 -0500] "GET /BLA/resoluciones/AUTOS%202017/1421.pdf HTTP/1.1" 200 481879
3.224.220.101 - - [23/Feb/2024:00:39:47 -0500] "GET /BLA/resoluciones/AUTOS%202017/4934.pdf HTTP/1.1" 200 544046
52.70.240.171 - - [23/Feb/2024:00:39:51 -0500] "GET /BLA/resoluciones/AUTOS%202017/3828.pdf HTTP/1.1" 200 279661
23.22.35.162 - - [23/Feb/2024:00:39:57 -0500] "GET /BLA/resoluciones/AUTOS%202017/4217.pdf HTTP/1.1" 200 279588
52.70.240.171 - - [23/Feb/2024:00:39:59 -0500] "GET /BLA/resoluciones/AUTOS%202017/0315.pdf HTTP/1.1" 200 779354
3.224.220.101 - - [23/Feb/2024:00:40:03 -0500] "GET /BLA/resoluciones/AUTOS%202017/4234.pdf HTTP/1.1" 200 279270
3.224.220.101 - - [23/Feb/2024:00:40:06 -0500] "GET /BLA/resoluciones/AUTOS%202017/2485.pdf HTTP/1.1" 200 265561
201.245.192.253 - - [23/Feb/2024:00:40:08 -0500] "POST /forms/lservlet;jsessionid=ac16012b30d65944fe978afe447f8630f37f4d10f40c.e3iSbxaKaheRe34NaNuLc30MaN90n6jAmljGr5XDqQLvpAe HTTP/1.1" 200 2
23.22.35.162 - - [23/Feb/2024:00:40:11 -0500] "GET /BLA/resoluciones/AUTOS%202017/3239.pdf HTTP/1.1" 200 270672
201.245.192.253 - - [23/Feb/2024:00:40:11 -0500] "POST /kwsrmcab/Wsrmcab HTTP/1.1" 200 38997
201.245.192.253 - - [23/Feb/2024:00:40:14 -0500] "POST /kwsrmcab/Wsrmcab HTTP/1.1" 200 37553
3.224.220.101 - - [23/Feb/2024:00:40:17 -0500] "GET /BLA/resoluciones/AUTOS%202017/2455.pdf HTTP/1.1" 200 274576
201.245.192.253 - - [23/Feb/2024:00:40:15 -0500] "POST /kwsrmcab/Wsrmcab HTTP/1.1" 200 36221
23.22.35.162 - - [23/Feb/2024:00:40:20 -0500] "GET /BLA/resoluciones/AUTOS%202017/5212.pdf HTTP/1.1" 200 332233
66.249.77.9 - - [23/Feb/2024:00:40:20 -0500] "GET /BLA/resoluciones/RESOLUCIONES%202011/6971.pdf HTTP/1.1" 304 -
3.224.220.101 - - [23/Feb/2024:00:40:24 -0500] "GET /BLA/resoluciones/AUTOS%202017/4902.pdf HTTP/1.1" 200 675015
52.70.240.171 - - [23/Feb/2024:00:40:27 -0500] "GET /BLA/resoluciones/AUTOS%202017/2357.pdf HTTP/1.1" 200 282727
52.167.144.137 - - [23/Feb/2024:00:40:27 -0500] "GET /Publicaciones/2024EE28789.pdf HTTP/1.1" 404 227
3.224.220.101 - - [23/Feb/2024:00:40:30 -0500] "GET /BLA/resoluciones/AUTOS%202017/3593.pdf HTTP/1.1" 200 289361
3.224.220.101 - - [23/Feb/2024:00:40:35 -0500] "GET /BLA/resoluciones/AUTOS%202017/2374.pdf HTTP/1.1" 200 268630
23.22.35.162 - - [23/Feb/2024:00:40:40 -0500] "GET /BLA/resoluciones/AUTOS%202017/0080.pdf HTTP/1.1" 200 327725
23.22.35.162 - - [23/Feb/2024:00:40:44 -0500] "GET /BLA/resoluciones/AUTOS%202017/2229.pdf HTTP/1.1" 200 683665
23.22.35.162 - - [23/Feb/2024:00:40:50 -0500] "GET /BLA/resoluciones/AUTOS%202017/0595.pdf HTTP/1.1" 200 311115
3.224.220.101 - - [23/Feb/2024:00:40:53 -0500] "GET /BLA/resoluciones/AUTOS%202017/3352.pdf HTTP/1.1" 200 328012
52.70.240.171 - - [23/Feb/2024:00:40:55 -0500] "GET /BLA/resoluciones/AUTOS%202017/0411.pdf HTTP/1.1" 200 338636
52.70.240.171 - - [23/Feb/2024:00:41:00 -0500] "GET /BLA/resoluciones/AUTOS%202017/2914.pdf HTTP/1.1" 200 256996
201.245.192.253 - - [23/Feb/2024:00:40:59 -0500] "POST /kwsrmcab/Wsrmcab HTTP/1.1" 200 37553
52.70.240.171 - - [23/Feb/2024:00:41:03 -0500] "GET /BLA/resoluciones/AUTOS%202017/1808.pdf HTTP/1.1" 200 655683
190.26.164.125 - - [23/Feb/2024:00:41:05 -0500] "GET /sipse/faces/javax.faces.resource/theme.css?ln=primefaces-sipse HTTP/1.1" 304 -
190.26.164.125 - - [23/Feb/2024:00:41:05 -0500] "GET /sipse/faces/javax.faces.resource/layout/layout.css?ln=primefaces&v=4.0 HTTP/1.1" 304 -
190.26.164.125 - - [23/Feb/2024:00:41:05 -0500] "GET /sipse/faces/javax.faces.resource/jquery/jquery-plugins.js?ln=primefaces&v=4.0 HTTP/1.1" 304 -
190.26.164.125 - - [23/Feb/2024:00:41:05 -0500] "GET /sipse/faces/javax.faces.resource/primefaces.js?ln=primefaces&v=4.0 HTTP/1.1" 304 -
190.26.164.125 - - [23/Feb/2024:00:41:05 -0500] "GET /sipse/faces/javax.faces.resource/primefaces.css?ln=primefaces&v=4.0 HTTP/1.1" 304 -
190.26.164.125 - - [23/Feb/2024:00:41:05 -0500] "GET /sipse/faces/javax.faces.resource/jquery/jquery.js?ln=primefaces&v=4.0 HTTP/1.1" 304 -
190.26.164.125 - - [23/Feb/2024:00:41:05 -0500] "GET /sipse/faces/javax.faces.resource/layout/layout.js?ln=primefaces&v=4.0 HTTP/1.1" 304 -
190.26.164.125 - - [23/Feb/2024:00:41:04 -0500] "POST /sipse/faces/presentacion/financiero/solicitudProceso/consultarSolicitudProceso.xhtml HTTP/1.1" 200 193013
23.22.35.162 - - [23/Feb/2024:00:41:07 -0500] "GET /BLA/resoluciones/AUTOS%202017/2931.pdf HTTP/1.1" 200 289797
172.22.2.4 - - [23/Feb/2024:00:41:10 -0500] "GET /BLA/boletinlegal/Circulares/2024/CIRCULAR%20No.%2000003%20DEL%2016%20DE%20FEBRERO%20DEL%202024.pdf HTTP/1.1" 304 -
52.70.240.171 - - [23/Feb/2024:00:41:10 -0500] "GET /BLA/resoluciones/AUTOS%202017/3224.pdf HTTP/1.1" 200 491505
190.26.164.125 - - [23/Feb/2024:00:41:10 -0500] "POST /sipse/faces/presentacion/financiero/solicitudProceso/consultarSolicitudProceso.xhtml HTTP/1.1" 200 53084
190.26.164.125 - - [23/Feb/2024:00:41:12 -0500] "GET /sipse/faces/javax.faces.resource/theme.css?ln=primefaces-sipse HTTP/1.1" 304 -
190.26.164.125 - - [23/Feb/2024:00:41:12 -0500] "GET /sipse/faces/javax.faces.resource/primefaces.css?ln=primefaces&v=4.0 HTTP/1.1" 304 -
190.26.164.125 - - [23/Feb/2024:00:41:12 -0500] "GET /sipse/faces/javax.faces.resource/layout/layout.css?ln=primefaces&v=4.0 HTTP/1.1" 304 -
190.26.164.125 - - [23/Feb/2024:00:41:12 -0500] "GET /sipse/faces/javax.faces.resource/jquery/jquery.js?ln=primefaces&v=4.0 HTTP/1.1" 304 -
190.26.164.125 - - [23/Feb/2024:00:41:12 -0500] "GET /sipse/faces/javax.faces.resource/jquery/jquery-plugins.js?ln=primefaces&v=4.0 HTTP/1.1" 304 -
190.26.164.125 - - [23/Feb/2024:00:41:12 -0500] "GET /sipse/faces/javax.faces.resource/primefaces.js?ln=primefaces&v=4.0 HTTP/1.1" 304 -
190.26.164.125 - - [23/Feb/2024:00:41:12 -0500] "GET /sipse/faces/javax.faces.resource/layout/layout.js?ln=primefaces&v=4.0 HTTP/1.1" 304 -
190.26.164.125 - - [23/Feb/2024:00:41:13 -0500] "POST /sipse/faces/presentacion/financiero/solicitudProceso/listarSolicitudProceso.xhtml HTTP/1.1" 200 1524
23.22.35.162 - - [23/Feb/2024:00:41:15 -0500] "GET /BLA/resoluciones/AUTOS%202017/4949.pdf HTTP/1.1" 200 324197
3.224.220.101 - - [23/Feb/2024:00:41:18 -0500] "GET /BLA/resoluciones/AUTOS%202017/3207.pdf HTTP/1.1" 200 288316
3.224.220.101 - - [23/Feb/2024:00:41:24 -0500] "GET /BLA/resoluciones/AUTOS%202017/3126.pdf HTTP/1.1" 200 507819
190.26.164.125 - - [23/Feb/2024:00:41:25 -0500] "POST /sipse/faces/presentacion/financiero/solicitudProceso/listarSolicitudProceso.xhtml HTTP/1.1" 200 19799
52.70.240.171 - - [23/Feb/2024:00:41:28 -0500] "GET /BLA/resoluciones/AUTOS%202017/5298.pdf HTTP/1.1" 200 1165640
52.70.240.171 - - [23/Feb/2024:00:41:34 -0500] "GET /BLA/resoluciones/AUTOS%202017/4877.pdf HTTP/1.1" 200 327778
66.249.77.10 - - [23/Feb/2024:00:41:34 -0500] "GET /BLA/resoluciones/RESOLUCIONES%202010/4653.pdf HTTP/1.1" 200 258591
23.22.35.162 - - [23/Feb/2024:00:41:36 -0500] "GET /BLA/resoluciones/AUTOS%202017/1436.pdf HTTP/1.1" 200 318245
52.70.240.171 - - [23/Feb/2024:00:41:39 -0500] "GET /BLA/resoluciones/AUTOS%202017/1266.pdf HTTP/1.1" 200 316055
186.145.58.90 - - [23/Feb/2024:00:41:42 -0500] "GET /guadalupe-aguanoso-y-otros-senderos-disponibles-para-el-disfrute-de-los-ciudadanos.html?fbclid=PAAaYQQCQoXSN9cTiWpfe5RQ_uqWAmYuEHrxGrI5QDh-oTiMIno-IH_956--c_aem_ATkQ3oAJori3lUqvF21uN8qVAtlZogBaMrt9NrLUuWW8iiOfcipfTT8tIPVTzGmHIs8 HTTP/1.1" 200 873
3.224.220.101 - - [23/Feb/2024:00:41:47 -0500] "GET /BLA/resoluciones/AUTOS%202017/3495.pdf HTTP/1.1" 200 759040
52.70.240.171 - - [23/Feb/2024:00:41:48 -0500] "GET /BLA/resoluciones/AUTOS%202017/6493.pdf HTTP/1.1" 200 1349532
