201.245.192.253 - - [24/Feb/2024:08:40:10 -0500] "POST /kwsrmcab/Wsrmcab HTTP/1.1" 200 38241
201.245.192.253 - - [24/Feb/2024:08:40:43 -0500] "POST /kwsrmcab/Wsrmcab  HTTP/1.1" 200 213
201.245.192.253 - - [24/Feb/2024:08:40:58 -0500] "POST /kwsrmcab/Wsrmcab HTTP/1.1" 200 213
172.22.2.4 - - [24/Feb/2024:08:40:07 -0500] "HEAD /BLA/boletinlegal/ HTTP/1.1" 200 -
216.245.221.92 - - [24/Feb/2024:08:42:16 -0500] "HEAD / HTTP/1.1" 200 -
172.22.2.4 - - [24/Feb/2024:08:40:57 -0500] "GET /BLA/boletinlegal/ HTTP/1.1" 200 55442
186.102.56.57 - - [24/Feb/2024:08:44:05 -0500] "GET /sipse/js/funciones.js HTTP/1.1" 304 -
186.102.56.57 - - [24/Feb/2024:08:44:05 -0500] "GET /sipse/js/disable_browser_buttons.js HTTP/1.1" 304 -
186.102.56.57 - - [24/Feb/2024:08:44:05 -0500] "GET /sipse/faces/javax.faces.resource/theme.css?ln=primefaces-sipse HTTP/1.1" 304 -
186.102.56.57 - - [24/Feb/2024:08:44:05 -0500] "GET /sipse/css/custom_css_sg_prime_login.css HTTP/1.1" 304 -
186.102.56.57 - - [24/Feb/2024:08:44:05 -0500] "GET /sipse/css/custom_css_sg.css HTTP/1.1" 304 -
186.102.56.57 - - [24/Feb/2024:08:44:05 -0500] "GET /sipse/faces/javax.faces.resource/primefaces.css?ln=primefaces&v=4.0 HTTP/1.1" 304 -
186.102.56.57 - - [24/Feb/2024:08:44:05 -0500] "GET /sipse/faces/javax.faces.resource/jquery/jquery-plugins.js?ln=primefaces&v=4.0 HTTP/1.1" 304 -
186.102.56.57 - - [24/Feb/2024:08:44:05 -0500] "GET /sipse/faces/javax.faces.resource/layout/layout.css?ln=primefaces&v=4.0 HTTP/1.1" 304 -
186.102.56.57 - - [24/Feb/2024:08:44:05 -0500] "GET /sipse/faces/javax.faces.resource/jquery/jquery.js?ln=primefaces&v=4.0 HTTP/1.1" 304 -
186.102.56.57 - - [24/Feb/2024:08:44:05 -0500] "GET /sipse/faces/javax.faces.resource/layout/layout.js?ln=primefaces&v=4.0 HTTP/1.1" 304 -
186.102.56.57 - - [24/Feb/2024:08:44:05 -0500] "GET /sipse/faces/javax.faces.resource/primefaces.js?ln=primefaces&v=4.0 HTTP/1.1" 304 -
186.102.56.57 - - [24/Feb/2024:08:44:05 -0500] "GET /sipse/css/imagen/logoSDG.png HTTP/1.1" 304 -
186.102.56.57 - - [24/Feb/2024:08:44:05 -0500] "GET /sipse/css/imagen/loginimg.png HTTP/1.1" 304 -
186.102.56.57 - - [24/Feb/2024:08:44:05 -0500] "GET /sipse/faces/javax.faces.resource/images/ui-icons_898989_256x240.png?ln=primefaces-aristo HTTP/1.1" 304 -
186.102.56.57 - - [24/Feb/2024:08:44:05 -0500] "GET /sipse/faces/faces/faces/faces/index.xhtml HTTP/1.1" 200 677
186.102.56.57 - - [24/Feb/2024:08:44:05 -0500] "GET /sipse/faces/javax.faces.resource/theme.css?ln=primefaces-sipse HTTP/1.1" 304 -
186.102.56.57 - - [24/Feb/2024:08:44:05 -0500] "GET /sipse/faces/faces/faces/faces/faces/autenticacion.xhtml HTTP/1.1" 200 12405
186.102.56.57 - - [24/Feb/2024:08:44:06 -0500] "GET /sipse/faces/javax.faces.resource/primefaces.css?ln=primefaces&v=4.0 HTTP/1.1" 304 -
186.102.56.57 - - [24/Feb/2024:08:44:06 -0500] "GET /sipse/faces/javax.faces.resource/theme.css?ln=primefaces-sipse HTTP/1.1" 304 -
186.102.56.57 - - [24/Feb/2024:08:44:06 -0500] "GET /sipse/faces/javax.faces.resource/layout/layout.css?ln=primefaces&v=4.0 HTTP/1.1" 304 -
186.102.56.57 - - [24/Feb/2024:08:44:06 -0500] "GET /sipse/faces/javax.faces.resource/jquery/jquery.js?ln=primefaces&v=4.0 HTTP/1.1" 304 -
186.102.56.57 - - [24/Feb/2024:08:44:06 -0500] "GET /sipse/faces/javax.faces.resource/jquery/jquery-plugins.js?ln=primefaces&v=4.0 HTTP/1.1" 304 -
186.102.56.57 - - [24/Feb/2024:08:44:06 -0500] "GET /sipse/faces/javax.faces.resource/primefaces.js?ln=primefaces&v=4.0 HTTP/1.1" 304 -
186.102.56.57 - - [24/Feb/2024:08:44:06 -0500] "GET /sipse/faces/javax.faces.resource/layout/layout.js?ln=primefaces&v=4.0 HTTP/1.1" 304 -
201.245.192.253 - - [24/Feb/2024:08:45:43 -0500] "POST /kwsrmcab/Wsrmcab  HTTP/1.1" 200 213
128.14.173.99 - - [24/Feb/2024:08:45:40 -0500] "GET /portaldeninos/ HTTP/1.1" 503 1037
34.174.152.29 - - [24/Feb/2024:08:46:28 -0500] "HEAD /BLA/resoluciones/RESOLUCIONES%202017/0520.pdf HTTP/1.1" 200 -
172.22.2.4 - - [24/Feb/2024:08:46:52 -0500] "GET /BLA/boletinlegal/robots.txt HTTP/1.1" 404 1038
172.22.2.4 - - [24/Feb/2024:08:46:53 -0500] "GET /BLA/boletinlegal/Circulares/2023/CIRCULAR%20No.%2000009%20DEL%2010%20DE%20OCTUBRE%20DEL%202023.pdf HTTP/1.1" 200 529599
216.244.66.195 - - [24/Feb/2024:08:46:57 -0500] "GET /robots.txt HTTP/1.1" 404 1018
216.245.221.92 - - [24/Feb/2024:08:47:16 -0500] "HEAD / HTTP/1.1" 200 -
172.22.2.4 - - [24/Feb/2024:08:45:57 -0500] "HEAD /BLA/boletinlegal/ HTTP/1.1" 200 -
172.22.2.4 - - [24/Feb/2024:08:46:47 -0500] "GET /BLA/boletinlegal/ HTTP/1.1" 200 53419
190.211.255.106 - - [24/Feb/2024:08:49:06 -0500] "GET / HTTP/1.1" 200 319
52.167.144.185 - - [24/Feb/2024:08:50:10 -0500] "GET /BLA/resoluciones/AUTOS%202021/6828.pdf HTTP/1.1" 304 -
181.53.12.90 - - [24/Feb/2024:08:50:13 -0500] "GET /sipse/faces/index.xhtml HTTP/1.1" 200 677
181.53.12.90 - - [24/Feb/2024:08:50:14 -0500] "GET /sipse/faces/javax.faces.resource/theme.css?ln=primefaces-sipse HTTP/1.1" 304 -
181.53.12.90 - - [24/Feb/2024:08:50:14 -0500] "GET /sipse/faces/faces/autenticacion.xhtml HTTP/1.1" 200 12405
181.53.12.90 - - [24/Feb/2024:08:50:15 -0500] "GET /sipse/faces/javax.faces.resource/primefaces.css?ln=primefaces&v=4.0 HTTP/1.1" 304 -
181.53.12.90 - - [24/Feb/2024:08:50:15 -0500] "GET /sipse/faces/javax.faces.resource/theme.css?ln=primefaces-sipse HTTP/1.1" 304 -
181.53.12.90 - - [24/Feb/2024:08:50:15 -0500] "GET /sipse/faces/javax.faces.resource/layout/layout.css?ln=primefaces&v=4.0 HTTP/1.1" 304 -
181.53.12.90 - - [24/Feb/2024:08:50:15 -0500] "GET /sipse/faces/javax.faces.resource/jquery/jquery.js?ln=primefaces&v=4.0 HTTP/1.1" 304 -
181.53.12.90 - - [24/Feb/2024:08:50:15 -0500] "GET /sipse/faces/javax.faces.resource/primefaces.js?ln=primefaces&v=4.0 HTTP/1.1" 304 -
181.53.12.90 - - [24/Feb/2024:08:50:15 -0500] "GET /sipse/faces/javax.faces.resource/layout/layout.js?ln=primefaces&v=4.0 HTTP/1.1" 304 -
181.53.12.90 - - [24/Feb/2024:08:50:15 -0500] "GET /sipse/faces/javax.faces.resource/jquery/jquery-plugins.js?ln=primefaces&v=4.0 HTTP/1.1" 304 -
181.53.12.90 - - [24/Feb/2024:08:50:15 -0500] "GET /sipse/faces/javax.faces.resource/images/ui-icons_898989_256x240.png?ln=primefaces-aristo HTTP/1.1" 304 -
181.53.12.90 - - [24/Feb/2024:08:50:20 -0500] "POST /sipse/faces/autenticacion.xhtml HTTP/1.1" 200 16295
181.53.12.90 - - [24/Feb/2024:08:50:20 -0500] "GET /sipse/faces/javax.faces.resource/primefaces.css?ln=primefaces&v=4.0 HTTP/1.1" 304 -
181.53.12.90 - - [24/Feb/2024:08:50:20 -0500] "GET /sipse/faces/javax.faces.resource/theme.css?ln=primefaces-sipse HTTP/1.1" 304 -
181.53.12.90 - - [24/Feb/2024:08:50:20 -0500] "GET /sipse/faces/javax.faces.resource/layout/layout.css?ln=primefaces&v=4.0 HTTP/1.1" 304 -
181.53.12.90 - - [24/Feb/2024:08:50:20 -0500] "GET /sipse/faces/javax.faces.resource/jquery/jquery.js?ln=primefaces&v=4.0 HTTP/1.1" 304 -
181.53.12.90 - - [24/Feb/2024:08:50:20 -0500] "GET /sipse/faces/javax.faces.resource/jquery/jquery-plugins.js?ln=primefaces&v=4.0 HTTP/1.1" 304 -
181.53.12.90 - - [24/Feb/2024:08:50:20 -0500] "GET /sipse/faces/javax.faces.resource/primefaces.js?ln=primefaces&v=4.0 HTTP/1.1" 304 -
181.53.12.90 - - [24/Feb/2024:08:50:20 -0500] "GET /sipse/faces/javax.faces.resource/layout/layout.js?ln=primefaces&v=4.0 HTTP/1.1" 304 -
181.53.12.90 - - [24/Feb/2024:08:50:21 -0500] "GET /sipse/faces/javax.faces.resource/messages/messages.png?ln=primefaces&v=4.0 HTTP/1.1" 304 -
181.53.12.90 - - [24/Feb/2024:08:50:21 -0500] "GET /sipse/css/imagen/contrasena.png HTTP/1.1" 404 383
181.53.12.90 - - [24/Feb/2024:08:50:23 -0500] "GET /sipse/faces/javax.faces.resource/images/ui-bg_flat_0_2d5972_40x100.png?ln=primefaces-aristo HTTP/1.1" 304 -
181.53.12.90 - - [24/Feb/2024:08:50:23 -0500] "POST /sipse/faces/bienvenido.xhtml HTTP/1.1" 200 1471
181.53.12.90 - - [24/Feb/2024:08:50:24 -0500] "POST /sipse/faces/bienvenido.xhtml HTTP/1.1" 200 63946
181.53.12.90 - - [24/Feb/2024:08:50:25 -0500] "GET /sipse/faces/javax.faces.resource/primefaces.css?ln=primefaces&v=4.0 HTTP/1.1" 304 -
181.53.12.90 - - [24/Feb/2024:08:50:25 -0500] "GET /sipse/faces/javax.faces.resource/theme.css?ln=primefaces-sipse HTTP/1.1" 304 -
181.53.12.90 - - [24/Feb/2024:08:50:25 -0500] "GET /sipse/faces/javax.faces.resource/layout/layout.css?ln=primefaces&v=4.0 HTTP/1.1" 304 -
181.53.12.90 - - [24/Feb/2024:08:50:25 -0500] "GET /sipse/faces/javax.faces.resource/jquery/jquery.js?ln=primefaces&v=4.0 HTTP/1.1" 304 -
181.53.12.90 - - [24/Feb/2024:08:50:25 -0500] "GET /sipse/faces/javax.faces.resource/jquery/jquery-plugins.js?ln=primefaces&v=4.0 HTTP/1.1" 304 -
181.53.12.90 - - [24/Feb/2024:08:50:25 -0500] "GET /sipse/faces/javax.faces.resource/primefaces.js?ln=primefaces&v=4.0 HTTP/1.1" 304 -
181.53.12.90 - - [24/Feb/2024:08:50:25 -0500] "GET /sipse/faces/javax.faces.resource/layout/layout.js?ln=primefaces&v=4.0 HTTP/1.1" 304 -
181.53.12.90 - - [24/Feb/2024:08:50:25 -0500] "POST /sipse/faces/presentacion/financiero/solicitudProceso/listarSolicitudProceso.xhtml HTTP/1.1" 200 1556
201.245.192.253 - - [24/Feb/2024:08:50:41 -0500] "POST /kwsrmcab/Wsrmcab  HTTP/1.1" 200 213
216.245.221.92 - - [24/Feb/2024:08:52:16 -0500] "HEAD / HTTP/1.1" 200 -
172.22.2.4 - - [24/Feb/2024:08:51:47 -0500] "HEAD /BLA/boletinlegal/ HTTP/1.1" 200 -
172.22.2.4 - - [24/Feb/2024:08:52:37 -0500] "GET /BLA/boletinlegal/ HTTP/1.1" 200 60380
172.22.2.4 - - [24/Feb/2024:08:54:46 -0500] "GET /BLA/boletinlegal/.well-known/traffic-advice HTTP/1.1" 404 1038
172.22.2.4 - - [24/Feb/2024:08:54:47 -0500] "GET /BLA/boletinlegal/actos.php HTTP/1.1" 200 9738
201.245.192.253 - - [24/Feb/2024:08:55:41 -0500] "POST /kwsrmcab/Wsrmcab  HTTP/1.1" 200 213
216.245.221.92 - - [24/Feb/2024:08:57:16 -0500] "HEAD / HTTP/1.1" 200 -
66.249.70.201 - - [24/Feb/2024:08:57:41 -0500] "GET /BLA/resoluciones/RESOLUCIONES%202012/0295.pdf HTTP/1.1" 304 -
40.77.167.235 - - [24/Feb/2024:08:58:27 -0500] "GET /sipse/faces/autenticacion.xhtml HTTP/1.1" 200 12727
172.22.2.4 - - [24/Feb/2024:08:57:37 -0500] "HEAD /BLA/boletinlegal/ HTTP/1.1" 200 -
172.22.2.4 - - [24/Feb/2024:08:58:27 -0500] "GET /BLA/boletinlegal/ HTTP/1.1" 200 53818
201.245.192.253 - - [24/Feb/2024:09:00:39 -0500] "POST /kwsrmcab/Wsrmcab  HTTP/1.1" 200 213
172.22.2.4 - - [24/Feb/2024:09:00:27 -0500] "GET /BLA/boletinlegal/ HTTP/1.1" 200 62720
216.245.221.92 - - [24/Feb/2024:09:02:16 -0500] "HEAD / HTTP/1.1" 200 -
172.22.2.4 - - [24/Feb/2024:09:03:27 -0500] "HEAD /BLA/boletinlegal/ HTTP/1.1" 200 -
201.245.192.253 - - [24/Feb/2024:09:05:37 -0500] "POST /kwsrmcab/Wsrmcab  HTTP/1.1" 200 213
172.22.2.4 - - [24/Feb/2024:09:04:17 -0500] "GET /BLA/boletinlegal/ HTTP/1.1" 200 58720
40.77.167.78 - - [24/Feb/2024:09:06:43 -0500] "GET /Publicaciones/2023EE271740.pdf HTTP/1.1" 404 228
69.63.189.9 - - [24/Feb/2024:09:06:46 -0500] "GET /images/25%20de%20enero%20M\xc3\xb3vil%20Fauna.jpg HTTP/1.1" 404 1034
173.252.107.118 - - [24/Feb/2024:09:06:57 -0500] "GET /gobierno-de-bogota-hace-recomendaciones-a-la-ciudadania-para-que-tome-acciones-ante-la-mala-calidad-del-aire.html HTTP/1.1" 200 864
173.252.107.118 - - [24/Feb/2024:09:06:57 -0500] "GET /gobierno-de-bogota-hace-recomendaciones-a-la-ciudadania-para-que-tome-acciones-ante-la-mala-calidad-del-aire.html HTTP/1.1" 200 864
66.220.149.21 - - [24/Feb/2024:09:06:57 -0500] "GET /images/Comprimida%20incendios.jpg HTTP/1.1" 200 23316
216.245.221.92 - - [24/Feb/2024:09:07:16 -0500] "HEAD / HTTP/1.1" 200 -
85.208.96.202 - - [24/Feb/2024:09:09:27 -0500] "GET /portaldeninos/aire/ HTTP/1.1" 503 1037
216.244.66.195 - - [24/Feb/2024:09:10:34 -0500] "GET /BLA/resoluciones/AUTOS%202023/2319.pdf HTTP/1.1" 200 407401
66.249.70.200 - - [24/Feb/2024:09:10:35 -0500] "GET /Publicaciones/2024EE34641.pdf HTTP/1.1" 200 391447
201.245.192.253 - - [24/Feb/2024:09:10:36 -0500] "POST /kwsrmcab/Wsrmcab  HTTP/1.1" 200 213
172.22.2.4 - - [24/Feb/2024:09:09:16 -0500] "HEAD /BLA/boletinlegal/ HTTP/1.1" 200 -
216.244.66.195 - - [24/Feb/2024:09:11:16 -0500] "GET /BLA/resoluciones/AUTOS%202023/2441.pdf HTTP/1.1" 200 413104
66.249.70.201 - - [24/Feb/2024:09:11:20 -0500] "GET /BLA/resoluciones/Notificaciones/AUTOS%202017/03326.pdf HTTP/1.1" 200 273425
172.22.2.4 - - [24/Feb/2024:09:10:07 -0500] "GET /BLA/boletinlegal/ HTTP/1.1" 200 55823
172.22.2.4 - - [24/Feb/2024:09:11:56 -0500] "GET /BLA/boletinlegal/xmlrpc.php HTTP/1.1" 404 1038
216.244.66.195 - - [24/Feb/2024:09:12:00 -0500] "GET /BLA/resoluciones/AUTOS%202023/2609.pdf HTTP/1.1" 200 375551
216.245.221.92 - - [24/Feb/2024:09:12:16 -0500] "HEAD / HTTP/1.1" 200 -
181.53.12.90 - - [24/Feb/2024:09:12:34 -0500] "POST /sipse/faces/presentacion/financiero/solicitudProceso/listarSolicitudProceso.xhtml HTTP/1.1" 200 911
181.53.12.90 - - [24/Feb/2024:09:12:36 -0500] "GET /sipse/faces/faces/faces/autenticacion HTTP/1.1" 302 -
181.53.12.90 - - [24/Feb/2024:09:12:36 -0500] "GET /sipse/faces/autenticacion.xhtml HTTP/1.1" 200 12405
181.53.12.90 - - [24/Feb/2024:09:12:36 -0500] "GET /sipse/faces/javax.faces.resource/primefaces.css?ln=primefaces&v=4.0 HTTP/1.1" 304 -
181.53.12.90 - - [24/Feb/2024:09:12:36 -0500] "GET /sipse/faces/javax.faces.resource/layout/layout.css?ln=primefaces&v=4.0 HTTP/1.1" 304 -
181.53.12.90 - - [24/Feb/2024:09:12:36 -0500] "GET /sipse/faces/javax.faces.resource/theme.css?ln=primefaces-sipse HTTP/1.1" 304 -
181.53.12.90 - - [24/Feb/2024:09:12:36 -0500] "GET /sipse/faces/javax.faces.resource/jquery/jquery.js?ln=primefaces&v=4.0 HTTP/1.1" 304 -
181.53.12.90 - - [24/Feb/2024:09:12:36 -0500] "GET /sipse/faces/javax.faces.resource/primefaces.js?ln=primefaces&v=4.0 HTTP/1.1" 304 -
181.53.12.90 - - [24/Feb/2024:09:12:36 -0500] "GET /sipse/faces/javax.faces.resource/jquery/jquery-plugins.js?ln=primefaces&v=4.0 HTTP/1.1" 304 -
181.53.12.90 - - [24/Feb/2024:09:12:36 -0500] "GET /sipse/faces/javax.faces.resource/layout/layout.js?ln=primefaces&v=4.0 HTTP/1.1" 304 -
181.53.12.90 - - [24/Feb/2024:09:12:40 -0500] "POST /sipse/faces/autenticacion.xhtml HTTP/1.1" 200 16295
181.53.12.90 - - [24/Feb/2024:09:12:40 -0500] "GET /sipse/faces/javax.faces.resource/theme.css?ln=primefaces-sipse HTTP/1.1" 304 -
181.53.12.90 - - [24/Feb/2024:09:12:40 -0500] "GET /sipse/faces/javax.faces.resource/primefaces.css?ln=primefaces&v=4.0 HTTP/1.1" 304 -
181.53.12.90 - - [24/Feb/2024:09:12:40 -0500] "GET /sipse/faces/javax.faces.resource/layout/layout.css?ln=primefaces&v=4.0 HTTP/1.1" 304 -
181.53.12.90 - - [24/Feb/2024:09:12:40 -0500] "GET /sipse/faces/javax.faces.resource/jquery/jquery.js?ln=primefaces&v=4.0 HTTP/1.1" 304 -
181.53.12.90 - - [24/Feb/2024:09:12:40 -0500] "GET /sipse/faces/javax.faces.resource/jquery/jquery-plugins.js?ln=primefaces&v=4.0 HTTP/1.1" 304 -
181.53.12.90 - - [24/Feb/2024:09:12:40 -0500] "GET /sipse/faces/javax.faces.resource/primefaces.js?ln=primefaces&v=4.0 HTTP/1.1" 304 -
181.53.12.90 - - [24/Feb/2024:09:12:40 -0500] "GET /sipse/faces/javax.faces.resource/layout/layout.js?ln=primefaces&v=4.0 HTTP/1.1" 304 -
216.244.66.195 - - [24/Feb/2024:09:12:41 -0500] "GET /BLA/resoluciones/AUTOS%202023/2723.pdf HTTP/1.1" 200 424263
216.244.66.195 - - [24/Feb/2024:09:13:22 -0500] "GET /BLA/resoluciones/AUTOS%202023/2959.pdf HTTP/1.1" 200 374365
216.244.66.195 - - [24/Feb/2024:09:14:01 -0500] "GET /BLA/resoluciones/AUTOS%202023/3219.pdf HTTP/1.1" 200 347661
172.22.2.4 - - [24/Feb/2024:09:13:40 -0500] "GET /BLA/boletinlegal/ HTTP/1.1" 200 24523
52.167.144.218 - - [24/Feb/2024:09:14:32 -0500] "GET /Residuos/cosmeticos/cosmeticos.html HTTP/1.1" 200 1963
216.244.66.195 - - [24/Feb/2024:09:14:42 -0500] "GET /BLA/resoluciones/AUTOS%202023/3528.pdf HTTP/1.1" 200 419344
201.245.192.253 - - [24/Feb/2024:09:15:35 -0500] "POST /kwsrmcab/Wsrmcab  HTTP/1.1" 200 213
165.225.36.171 - - [24/Feb/2024:09:16:00 -0500] "GET /BLA/boletinlegal/actos.php HTTP/1.1" 200 9738
165.225.36.171 - - [24/Feb/2024:09:16:01 -0500] "GET /BLA/boletinlegal/styles2.css HTTP/1.1" 200 1838
165.225.36.171 - - [24/Feb/2024:09:16:01 -0500] "GET /BLA/boletinlegal/js/lib.js HTTP/1.1" 200 6474
165.225.36.171 - - [24/Feb/2024:09:16:01 -0500] "GET /BLA/boletinlegal/style.css HTTP/1.1" 200 9406
165.225.36.171 - - [24/Feb/2024:09:16:01 -0500] "GET /BLA/boletinlegal/niceforms-default.css HTTP/1.1" 200 6694
165.225.36.171 - - [24/Feb/2024:09:16:01 -0500] "GET /BLA/boletinlegal/js/ajax_actos.js HTTP/1.1" 200 1322
165.225.36.171 - - [24/Feb/2024:09:16:01 -0500] "GET /BLA/boletinlegal/niceforms.js HTTP/1.1" 200 22876
165.225.36.171 - - [24/Feb/2024:09:16:01 -0500] "GET /BLA/boletinlegal/js/popup.js HTTP/1.1" 200 1270
165.225.36.171 - - [24/Feb/2024:09:16:01 -0500] "GET /BLA/boletinlegal/js/jquery1.js HTTP/1.1" 200 29846
165.225.36.171 - - [24/Feb/2024:09:16:01 -0500] "GET /BLA/boletinlegal/images/cabezote%20BLEGAL.jpg HTTP/1.1" 200 118164
157.55.39.8 - - [24/Feb/2024:09:15:40 -0500] "GET /portaldeninos/parque-mirador-de-los-nevados/ HTTP/1.1" 503 1037
165.225.36.171 - - [24/Feb/2024:09:16:02 -0500] "GET /BLA/boletinlegal/images/subscribe-icon-big.png HTTP/1.1" 200 47702
165.225.36.171 - - [24/Feb/2024:09:16:02 -0500] "GET /BLA/boletinlegal/images/registro-usuarios.png HTTP/1.1" 200 8106
165.225.36.171 - - [24/Feb/2024:09:16:02 -0500] "GET /BLA/boletinlegal/images/historia.png HTTP/1.1" 200 52775
165.225.36.171 - - [24/Feb/2024:09:16:02 -0500] "GET /BLA/boletinlegal/images/green-yellow-blue-pink-th.png HTTP/1.1" 200 7394
165.225.36.171 - - [24/Feb/2024:09:16:02 -0500] "GET /BLA/boletinlegal/images/tel.png HTTP/1.1" 200 14477
165.225.36.171 - - [24/Feb/2024:09:16:02 -0500] "GET /BLA/boletinlegal/images/footer_bg.jpg HTTP/1.1" 200 586
165.225.36.171 - - [24/Feb/2024:09:16:02 -0500] "GET /BLA/boletinlegal/images/menu_rght.gif HTTP/1.1" 200 1627
165.225.36.171 - - [24/Feb/2024:09:16:02 -0500] "GET /BLA/boletinlegal/images/bg_top.jpg HTTP/1.1" 200 522
165.225.36.171 - - [24/Feb/2024:09:16:02 -0500] "GET /BLA/boletinlegal/images/menu_bg.jpg HTTP/1.1" 200 620
165.225.36.171 - - [24/Feb/2024:09:16:02 -0500] "GET /BLA/boletinlegal/images/text.jpg HTTP/1.1" 200 568
165.225.36.171 - - [24/Feb/2024:09:16:02 -0500] "GET /BLA/boletinlegal/images/menu_lft.gif HTTP/1.1" 200 1713
165.225.36.171 - - [24/Feb/2024:09:16:02 -0500] "GET /BLA/boletinlegal/images/hover.jpg HTTP/1.1" 200 640
165.225.36.171 - - [24/Feb/2024:09:16:02 -0500] "GET /BLA/boletinlegal/images/icono-email.png HTTP/1.1" 200 5544
165.225.36.171 - - [24/Feb/2024:09:16:02 -0500] "GET /BLA/boletinlegal/images/body_bg.jpg HTTP/1.1" 200 1601
165.225.36.171 - - [24/Feb/2024:09:16:02 -0500] "GET /BLA/boletinlegal/images/footer_bg_l.jpg HTTP/1.1" 200 776
165.225.36.171 - - [24/Feb/2024:09:16:03 -0500] "GET /BLA/boletinlegal/img/button-left.png HTTP/1.1" 200 57071
165.225.36.171 - - [24/Feb/2024:09:16:03 -0500] "GET /BLA/boletinlegal/img/select-right.png HTTP/1.1" 200 44019
165.225.36.171 - - [24/Feb/2024:09:16:03 -0500] "GET /BLA/boletinlegal/img/button.png HTTP/1.1" 200 43241
165.225.36.171 - - [24/Feb/2024:09:16:03 -0500] "GET /BLA/boletinlegal/img/0.png HTTP/1.1" 200 110
165.225.36.171 - - [24/Feb/2024:09:16:03 -0500] "GET /BLA/boletinlegal/img/select-left.png HTTP/1.1" 200 263
165.225.36.171 - - [24/Feb/2024:09:16:03 -0500] "GET /BLA/boletinlegal/img/button-right.png HTTP/1.1" 200 57878
165.225.36.171 - - [24/Feb/2024:09:16:03 -0500] "GET /favicon.ico HTTP/1.1" 200 7782
157.55.39.8 - - [24/Feb/2024:09:16:21 -0500] "GET /portaldeninos/parque-mirador-de-los-nevados/ HTTP/1.1" 503 1037
188.241.11.235 - - [24/Feb/2024:09:16:37 -0500] "GET / HTTP/1.1" 200 319
172.22.2.4 - - [24/Feb/2024:09:14:59 -0500] "GET /BLA/boletinlegal/ HTTP/1.1" 200 50303
172.22.2.4 - - [24/Feb/2024:09:16:41 -0500] "GET /BLA/boletinlegal/style.css HTTP/1.1" 200 9406
172.22.2.4 - - [24/Feb/2024:09:15:06 -0500] "HEAD /BLA/boletinlegal/ HTTP/1.1" 200 -
216.245.221.92 - - [24/Feb/2024:09:17:16 -0500] "HEAD / HTTP/1.1" 200 -
172.22.2.4 - - [24/Feb/2024:09:17:20 -0500] "GET /BLA/boletinlegal/normativa.php HTTP/1.1" 200 8397
181.53.12.90 - - [24/Feb/2024:09:17:21 -0500] "POST /sipse/faces/bienvenido.xhtml HTTP/1.1" 200 1471
181.53.12.90 - - [24/Feb/2024:09:17:22 -0500] "POST /sipse/faces/bienvenido.xhtml HTTP/1.1" 200 63946
181.53.12.90 - - [24/Feb/2024:09:17:22 -0500] "GET /sipse/faces/javax.faces.resource/theme.css?ln=primefaces-sipse HTTP/1.1" 304 -
181.53.12.90 - - [24/Feb/2024:09:17:22 -0500] "GET /sipse/faces/javax.faces.resource/jquery/jquery.js?ln=primefaces&v=4.0 HTTP/1.1" 304 -
181.53.12.90 - - [24/Feb/2024:09:17:22 -0500] "GET /sipse/faces/javax.faces.resource/primefaces.css?ln=primefaces&v=4.0 HTTP/1.1" 304 -
181.53.12.90 - - [24/Feb/2024:09:17:22 -0500] "GET /sipse/faces/javax.faces.resource/layout/layout.css?ln=primefaces&v=4.0 HTTP/1.1" 304 -
181.53.12.90 - - [24/Feb/2024:09:17:22 -0500] "GET /sipse/faces/javax.faces.resource/jquery/jquery-plugins.js?ln=primefaces&v=4.0 HTTP/1.1" 304 -
181.53.12.90 - - [24/Feb/2024:09:17:22 -0500] "GET /sipse/faces/javax.faces.resource/primefaces.js?ln=primefaces&v=4.0 HTTP/1.1" 304 -
181.53.12.90 - - [24/Feb/2024:09:17:22 -0500] "GET /sipse/faces/javax.faces.resource/layout/layout.js?ln=primefaces&v=4.0 HTTP/1.1" 304 -
181.53.12.90 - - [24/Feb/2024:09:17:22 -0500] "POST /sipse/faces/presentacion/financiero/solicitudProceso/listarSolicitudProceso.xhtml HTTP/1.1" 200 1556
181.53.12.90 - - [24/Feb/2024:09:17:25 -0500] "POST /sipse/faces/presentacion/financiero/solicitudProceso/listarSolicitudProceso.xhtml HTTP/1.1" 200 5511
181.53.12.90 - - [24/Feb/2024:09:17:31 -0500] "POST /sipse/faces/presentacion/financiero/solicitudProceso/listarSolicitudProceso.xhtml HTTP/1.1" 200 128410
181.53.12.90 - - [24/Feb/2024:09:17:33 -0500] "GET /sipse/faces/javax.faces.resource/theme.css?ln=primefaces-sipse HTTP/1.1" 304 -
181.53.12.90 - - [24/Feb/2024:09:17:33 -0500] "GET /sipse/faces/javax.faces.resource/layout/layout.css?ln=primefaces&v=4.0 HTTP/1.1" 304 -
181.53.12.90 - - [24/Feb/2024:09:17:33 -0500] "GET /sipse/faces/javax.faces.resource/primefaces.css?ln=primefaces&v=4.0 HTTP/1.1" 304 -
181.53.12.90 - - [24/Feb/2024:09:17:33 -0500] "GET /sipse/faces/javax.faces.resource/jquery/jquery.js?ln=primefaces&v=4.0 HTTP/1.1" 304 -
181.53.12.90 - - [24/Feb/2024:09:17:33 -0500] "GET /sipse/faces/javax.faces.resource/jquery/jquery-plugins.js?ln=primefaces&v=4.0 HTTP/1.1" 304 -
181.53.12.90 - - [24/Feb/2024:09:17:33 -0500] "GET /sipse/faces/javax.faces.resource/primefaces.js?ln=primefaces&v=4.0 HTTP/1.1" 304 -
181.53.12.90 - - [24/Feb/2024:09:17:33 -0500] "GET /sipse/faces/javax.faces.resource/layout/layout.js?ln=primefaces&v=4.0 HTTP/1.1" 304 -
172.22.2.4 - - [24/Feb/2024:09:15:57 -0500] "GET /BLA/boletinlegal/ HTTP/1.1" 200 55823
172.22.2.4 - - [24/Feb/2024:09:18:02 -0500] "GET /BLA/boletinlegal/jurisprudencia/analisis/analisis%20sentencia%20C%20401%20de%202010.doc HTTP/1.1" 200 34816
216.244.66.195 - - [24/Feb/2024:09:18:03 -0500] "GET /BLA/resoluciones/AUTOS%202021/0463.pdf HTTP/1.1" 200 389962
188.244.33.175 - - [24/Feb/2024:09:18:05 -0500] "GET /BLA/boletinlegal/admin/index.php HTTP/1.1" 200 2324
188.244.33.175 - - [24/Feb/2024:09:18:05 -0500] "GET /BLA/boletinlegal/admin/index.php HTTP/1.1" 200 2324
188.244.33.175 - - [24/Feb/2024:09:18:05 -0500] "GET /BLA/boletinlegal/admin/index.php HTTP/1.1" 200 2324
157.55.39.61 - - [24/Feb/2024:09:18:22 -0500] "GET /desde-el-paramo-mas-grande-del-mundo-sumapaz-bogota-se-alista-para-ser-sede-de-la-cop16.html HTTP/1.1" 200 981
216.244.66.195 - - [24/Feb/2024:09:18:52 -0500] "GET /BLA/resoluciones/AUTOS%202021/4133.pdf HTTP/1.1" 200 754499
85.208.96.198 - - [24/Feb/2024:09:19:02 -0500] "GET /portaldeninos/humedal-santa-maria-del-lago/ HTTP/1.1" 503 1037
216.244.66.195 - - [24/Feb/2024:09:19:42 -0500] "GET /BLA/resoluciones/AUTOS%202021/5352.pdf HTTP/1.1" 200 824495
201.245.192.253 - - [24/Feb/2024:09:20:04 -0500] "POST /kwsrmcab/Wsrmcab HTTP/1.1" 200 37285
201.245.192.253 - - [24/Feb/2024:09:20:07 -0500] "POST /kwsrmcab/Wsrmcab HTTP/1.1" 200 213
201.245.192.253 - - [24/Feb/2024:09:20:10 -0500] "POST /kwsrmcab/Wsrmcab HTTP/1.1" 200 37610
216.244.66.195 - - [24/Feb/2024:09:20:32 -0500] "GET /BLA/resoluciones/AUTOS%202023/0746.pdf HTTP/1.1" 200 407183
201.245.192.253 - - [24/Feb/2024:09:20:34 -0500] "POST /kwsrmcab/Wsrmcab  HTTP/1.1" 200 213
201.245.192.253 - - [24/Feb/2024:09:20:58 -0500] "POST /kwsrmcab/Wsrmcab HTTP/1.1" 200 213
216.244.66.195 - - [24/Feb/2024:09:21:16 -0500] "GET /BLA/resoluciones/AUTOS%202023/1310.pdf HTTP/1.1" 200 604579
216.244.66.195 - - [24/Feb/2024:09:22:06 -0500] "GET /BLA/resoluciones/AUTOS%202023/1746.pdf HTTP/1.1" 200 423945
216.245.221.92 - - [24/Feb/2024:09:22:16 -0500] "HEAD / HTTP/1.1" 200 -
172.22.2.4 - - [24/Feb/2024:09:20:56 -0500] "HEAD /BLA/boletinlegal/ HTTP/1.1" 200 -
216.244.66.195 - - [24/Feb/2024:09:22:56 -0500] "GET /BLA/resoluciones/AUTOS%202023/1810.pdf HTTP/1.1" 200 407018
66.249.70.201 - - [24/Feb/2024:09:23:12 -0500] "GET /BLA/boletinlegal/Directivas/2022/DIRECTIVA%20No.%2000002%20DEL%2022%20DE%20JUNIO%20DEL%202022.pdf HTTP/1.1" 200 384175
172.22.2.4 - - [24/Feb/2024:09:21:47 -0500] "GET /BLA/boletinlegal/ HTTP/1.1" 200 58720
216.244.66.195 - - [24/Feb/2024:09:23:39 -0500] "GET /BLA/resoluciones/AUTOS%202023/5302.pdf HTTP/1.1" 200 397063
52.167.144.198 - - [24/Feb/2024:09:24:04 -0500] "GET /sipse/faces/presentacion/sistema/anexos/cargarAnexoSolicitudProceso.xhtml HTTP/1.1" 302 -
52.167.144.198 - - [24/Feb/2024:09:24:05 -0500] "GET /sipse/faces/autenticacion.xhtml HTTP/1.1" 200 12405
40.77.167.79 - - [24/Feb/2024:09:24:25 -0500] "GET /sipse/faces/faces/autenticacion.xhtml HTTP/1.1" 200 12727
201.245.192.253 - - [24/Feb/2024:09:25:34 -0500] "POST /kwsrmcab/Wsrmcab  HTTP/1.1" 200 213
181.53.12.90 - - [24/Feb/2024:09:26:25 -0500] "POST /sipse/faces/presentacion/financiero/solicitudProceso/consultarSolicitudProceso.xhtml HTTP/1.1" 200 19434
181.53.12.90 - - [24/Feb/2024:09:26:26 -0500] "GET /sipse/faces/javax.faces.resource/primefaces.css?ln=primefaces&v=4.0 HTTP/1.1" 304 -
181.53.12.90 - - [24/Feb/2024:09:26:26 -0500] "GET /sipse/faces/javax.faces.resource/layout/layout.css?ln=primefaces&v=4.0 HTTP/1.1" 304 -
181.53.12.90 - - [24/Feb/2024:09:26:26 -0500] "GET /sipse/faces/javax.faces.resource/fileupload/fileupload.css?ln=primefaces&v=4.0 HTTP/1.1" 304 -
181.53.12.90 - - [24/Feb/2024:09:26:26 -0500] "GET /sipse/faces/javax.faces.resource/jquery/jquery-plugins.js?ln=primefaces&v=4.0 HTTP/1.1" 304 -
181.53.12.90 - - [24/Feb/2024:09:26:26 -0500] "GET /sipse/faces/javax.faces.resource/jquery/jquery.js?ln=primefaces&v=4.0 HTTP/1.1" 304 -
181.53.12.90 - - [24/Feb/2024:09:26:26 -0500] "GET /sipse/faces/javax.faces.resource/primefaces.js?ln=primefaces&v=4.0 HTTP/1.1" 304 -
181.53.12.90 - - [24/Feb/2024:09:26:26 -0500] "GET /sipse/faces/javax.faces.resource/theme.css?ln=primefaces-sipse HTTP/1.1" 304 -
181.53.12.90 - - [24/Feb/2024:09:26:26 -0500] "GET /sipse/faces/javax.faces.resource/fileupload/fileupload.js?ln=primefaces&v=4.0 HTTP/1.1" 304 -
181.53.12.90 - - [24/Feb/2024:09:26:26 -0500] "GET /sipse/faces/javax.faces.resource/layout/layout.js?ln=primefaces&v=4.0 HTTP/1.1" 304 -
181.53.12.90 - - [24/Feb/2024:09:26:44 -0500] "POST /sipse/faces/presentacion/sistema/anexos/cargarAnexoSolicitudProceso.xhtml HTTP/1.1" 200 176997
181.53.12.90 - - [24/Feb/2024:09:26:45 -0500] "GET /sipse/faces/javax.faces.resource/primefaces.css?ln=primefaces&v=4.0 HTTP/1.1" 304 -
181.53.12.90 - - [24/Feb/2024:09:26:45 -0500] "GET /sipse/faces/javax.faces.resource/theme.css?ln=primefaces-sipse HTTP/1.1" 304 -
181.53.12.90 - - [24/Feb/2024:09:26:46 -0500] "GET /sipse/faces/javax.faces.resource/layout/layout.css?ln=primefaces&v=4.0 HTTP/1.1" 304 -
181.53.12.90 - - [24/Feb/2024:09:26:46 -0500] "GET /sipse/faces/javax.faces.resource/jquery/jquery.js?ln=primefaces&v=4.0 HTTP/1.1" 304 -
181.53.12.90 - - [24/Feb/2024:09:26:46 -0500] "GET /sipse/faces/javax.faces.resource/jquery/jquery-plugins.js?ln=primefaces&v=4.0 HTTP/1.1" 304 -
181.53.12.90 - - [24/Feb/2024:09:26:46 -0500] "GET /sipse/faces/javax.faces.resource/primefaces.js?ln=primefaces&v=4.0 HTTP/1.1" 304 -
181.53.12.90 - - [24/Feb/2024:09:26:46 -0500] "GET /sipse/faces/javax.faces.resource/layout/layout.js?ln=primefaces&v=4.0 HTTP/1.1" 304 -
181.53.12.90 - - [24/Feb/2024:09:26:51 -0500] "POST /sipse/faces/presentacion/financiero/solicitudProceso/consultarSolicitudProceso.xhtml HTTP/1.1" 200 19434
181.53.12.90 - - [24/Feb/2024:09:26:51 -0500] "GET /sipse/faces/javax.faces.resource/fileupload/fileupload.css?ln=primefaces&v=4.0 HTTP/1.1" 304 -
181.53.12.90 - - [24/Feb/2024:09:26:51 -0500] "GET /sipse/faces/javax.faces.resource/primefaces.js?ln=primefaces&v=4.0 HTTP/1.1" 304 -
181.53.12.90 - - [24/Feb/2024:09:26:51 -0500] "GET /sipse/faces/javax.faces.resource/layout/layout.css?ln=primefaces&v=4.0 HTTP/1.1" 304 -
181.53.12.90 - - [24/Feb/2024:09:26:51 -0500] "GET /sipse/faces/javax.faces.resource/primefaces.css?ln=primefaces&v=4.0 HTTP/1.1" 304 -
181.53.12.90 - - [24/Feb/2024:09:26:51 -0500] "GET /sipse/faces/javax.faces.resource/jquery/jquery.js?ln=primefaces&v=4.0 HTTP/1.1" 304 -
181.53.12.90 - - [24/Feb/2024:09:26:51 -0500] "GET /sipse/faces/javax.faces.resource/theme.css?ln=primefaces-sipse HTTP/1.1" 304 -
181.53.12.90 - - [24/Feb/2024:09:26:51 -0500] "GET /sipse/faces/javax.faces.resource/jquery/jquery-plugins.js?ln=primefaces&v=4.0 HTTP/1.1" 304 -
181.53.12.90 - - [24/Feb/2024:09:26:51 -0500] "GET /sipse/faces/javax.faces.resource/layout/layout.js?ln=primefaces&v=4.0 HTTP/1.1" 304 -
181.53.12.90 - - [24/Feb/2024:09:26:51 -0500] "GET /sipse/faces/javax.faces.resource/fileupload/fileupload.js?ln=primefaces&v=4.0 HTTP/1.1" 304 -
181.53.12.90 - - [24/Feb/2024:09:26:59 -0500] "GET /sipse/faces/javax.faces.resource/jquery/jquery-plugins.js?ln=primefaces&v=4.0 HTTP/1.1" 304 -
181.53.12.90 - - [24/Feb/2024:09:26:59 -0500] "GET /sipse/faces/javax.faces.resource/primefaces.js?ln=primefaces&v=4.0 HTTP/1.1" 304 -
181.53.12.90 - - [24/Feb/2024:09:26:59 -0500] "GET /sipse/faces/javax.faces.resource/primefaces.css?ln=primefaces&v=4.0 HTTP/1.1" 304 -
181.53.12.90 - - [24/Feb/2024:09:26:59 -0500] "GET /sipse/faces/javax.faces.resource/layout/layout.css?ln=primefaces&v=4.0 HTTP/1.1" 304 -
181.53.12.90 - - [24/Feb/2024:09:26:59 -0500] "GET /sipse/faces/javax.faces.resource/jquery/jquery.js?ln=primefaces&v=4.0 HTTP/1.1" 304 -
181.53.12.90 - - [24/Feb/2024:09:26:58 -0500] "POST /sipse/faces/presentacion/sistema/anexos/cargarAnexoSolicitudProceso.xhtml HTTP/1.1" 200 178831
181.53.12.90 - - [24/Feb/2024:09:26:59 -0500] "GET /sipse/faces/javax.faces.resource/theme.css?ln=primefaces-sipse HTTP/1.1" 304 -
181.53.12.90 - - [24/Feb/2024:09:26:59 -0500] "GET /sipse/faces/javax.faces.resource/layout/layout.js?ln=primefaces&v=4.0 HTTP/1.1" 304 -
181.53.12.90 - - [24/Feb/2024:09:27:11 -0500] "POST /sipse/faces/presentacion/financiero/solicitudProceso/consultarSolicitudProceso.xhtml HTTP/1.1" 200 19434
181.53.12.90 - - [24/Feb/2024:09:27:11 -0500] "GET /sipse/faces/javax.faces.resource/jquery/jquery-plugins.js?ln=primefaces&v=4.0 HTTP/1.1" 304 -
181.53.12.90 - - [24/Feb/2024:09:27:11 -0500] "GET /sipse/faces/javax.faces.resource/jquery/jquery.js?ln=primefaces&v=4.0 HTTP/1.1" 304 -
181.53.12.90 - - [24/Feb/2024:09:27:11 -0500] "GET /sipse/faces/javax.faces.resource/primefaces.css?ln=primefaces&v=4.0 HTTP/1.1" 304 -
181.53.12.90 - - [24/Feb/2024:09:27:11 -0500] "GET /sipse/faces/javax.faces.resource/fileupload/fileupload.css?ln=primefaces&v=4.0 HTTP/1.1" 304 -
181.53.12.90 - - [24/Feb/2024:09:27:11 -0500] "GET /sipse/faces/javax.faces.resource/theme.css?ln=primefaces-sipse HTTP/1.1" 304 -
181.53.12.90 - - [24/Feb/2024:09:27:11 -0500] "GET /sipse/faces/javax.faces.resource/layout/layout.css?ln=primefaces&v=4.0 HTTP/1.1" 304 -
181.53.12.90 - - [24/Feb/2024:09:27:11 -0500] "GET /sipse/faces/javax.faces.resource/fileupload/fileupload.js?ln=primefaces&v=4.0 HTTP/1.1" 304 -
181.53.12.90 - - [24/Feb/2024:09:27:11 -0500] "GET /sipse/faces/javax.faces.resource/layout/layout.js?ln=primefaces&v=4.0 HTTP/1.1" 304 -
181.53.12.90 - - [24/Feb/2024:09:27:11 -0500] "GET /sipse/faces/javax.faces.resource/primefaces.js?ln=primefaces&v=4.0 HTTP/1.1" 304 -
216.245.221.92 - - [24/Feb/2024:09:27:16 -0500] "HEAD / HTTP/1.1" 200 -
181.53.12.90 - - [24/Feb/2024:09:27:25 -0500] "GET /sipse/faces/javax.faces.resource/theme.css?ln=primefaces-sipse HTTP/1.1" 304 -
181.53.12.90 - - [24/Feb/2024:09:27:25 -0500] "GET /sipse/faces/javax.faces.resource/layout/layout.css?ln=primefaces&v=4.0 HTTP/1.1" 304 -
181.53.12.90 - - [24/Feb/2024:09:27:25 -0500] "GET /sipse/faces/javax.faces.resource/jquery/jquery.js?ln=primefaces&v=4.0 HTTP/1.1" 304 -
181.53.12.90 - - [24/Feb/2024:09:27:25 -0500] "GET /sipse/faces/javax.faces.resource/primefaces.css?ln=primefaces&v=4.0 HTTP/1.1" 304 -
181.53.12.90 - - [24/Feb/2024:09:27:25 -0500] "GET /sipse/faces/javax.faces.resource/primefaces.js?ln=primefaces&v=4.0 HTTP/1.1" 304 -
181.53.12.90 - - [24/Feb/2024:09:27:25 -0500] "GET /sipse/faces/javax.faces.resource/layout/layout.js?ln=primefaces&v=4.0 HTTP/1.1" 304 -
181.53.12.90 - - [24/Feb/2024:09:27:25 -0500] "GET /sipse/faces/javax.faces.resource/jquery/jquery-plugins.js?ln=primefaces&v=4.0 HTTP/1.1" 304 -
181.53.12.90 - - [24/Feb/2024:09:27:23 -0500] "POST /sipse/faces/presentacion/sistema/anexos/cargarAnexoSolicitudProceso.xhtml HTTP/1.1" 200 180669
181.53.12.90 - - [24/Feb/2024:09:27:37 -0500] "POST /sipse/faces/presentacion/financiero/solicitudProceso/consultarSolicitudProceso.xhtml HTTP/1.1" 200 19434
181.53.12.90 - - [24/Feb/2024:09:27:37 -0500] "GET /sipse/faces/javax.faces.resource/jquery/jquery.js?ln=primefaces&v=4.0 HTTP/1.1" 304 -
181.53.12.90 - - [24/Feb/2024:09:27:37 -0500] "GET /sipse/faces/javax.faces.resource/fileupload/fileupload.css?ln=primefaces&v=4.0 HTTP/1.1" 304 -
181.53.12.90 - - [24/Feb/2024:09:27:37 -0500] "GET /sipse/faces/javax.faces.resource/jquery/jquery-plugins.js?ln=primefaces&v=4.0 HTTP/1.1" 304 -
181.53.12.90 - - [24/Feb/2024:09:27:37 -0500] "GET /sipse/faces/javax.faces.resource/primefaces.css?ln=primefaces&v=4.0 HTTP/1.1" 304 -
181.53.12.90 - - [24/Feb/2024:09:27:37 -0500] "GET /sipse/faces/javax.faces.resource/layout/layout.css?ln=primefaces&v=4.0 HTTP/1.1" 304 -
181.53.12.90 - - [24/Feb/2024:09:27:37 -0500] "GET /sipse/faces/javax.faces.resource/theme.css?ln=primefaces-sipse HTTP/1.1" 304 -
181.53.12.90 - - [24/Feb/2024:09:27:37 -0500] "GET /sipse/faces/javax.faces.resource/layout/layout.js?ln=primefaces&v=4.0 HTTP/1.1" 304 -
181.53.12.90 - - [24/Feb/2024:09:27:37 -0500] "GET /sipse/faces/javax.faces.resource/primefaces.js?ln=primefaces&v=4.0 HTTP/1.1" 304 -
181.53.12.90 - - [24/Feb/2024:09:27:37 -0500] "GET /sipse/faces/javax.faces.resource/fileupload/fileupload.js?ln=primefaces&v=4.0 HTTP/1.1" 304 -
181.53.12.90 - - [24/Feb/2024:09:27:49 -0500] "GET /sipse/faces/javax.faces.resource/primefaces.css?ln=primefaces&v=4.0 HTTP/1.1" 304 -
181.53.12.90 - - [24/Feb/2024:09:27:49 -0500] "GET /sipse/faces/javax.faces.resource/jquery/jquery.js?ln=primefaces&v=4.0 HTTP/1.1" 304 -
181.53.12.90 - - [24/Feb/2024:09:27:49 -0500] "GET /sipse/faces/javax.faces.resource/primefaces.js?ln=primefaces&v=4.0 HTTP/1.1" 304 -
181.53.12.90 - - [24/Feb/2024:09:27:49 -0500] "GET /sipse/faces/javax.faces.resource/layout/layout.js?ln=primefaces&v=4.0 HTTP/1.1" 304 -
181.53.12.90 - - [24/Feb/2024:09:27:49 -0500] "GET /sipse/faces/javax.faces.resource/jquery/jquery-plugins.js?ln=primefaces&v=4.0 HTTP/1.1" 304 -
181.53.12.90 - - [24/Feb/2024:09:27:49 -0500] "GET /sipse/faces/javax.faces.resource/theme.css?ln=primefaces-sipse HTTP/1.1" 304 -
181.53.12.90 - - [24/Feb/2024:09:27:49 -0500] "GET /sipse/faces/javax.faces.resource/layout/layout.css?ln=primefaces&v=4.0 HTTP/1.1" 304 -
181.53.12.90 - - [24/Feb/2024:09:27:45 -0500] "POST /sipse/faces/presentacion/sistema/anexos/cargarAnexoSolicitudProceso.xhtml HTTP/1.1" 200 182515
181.53.12.90 - - [24/Feb/2024:09:27:59 -0500] "POST /sipse/faces/presentacion/financiero/solicitudProceso/consultarSolicitudProceso.xhtml HTTP/1.1" 200 19434
181.53.12.90 - - [24/Feb/2024:09:28:00 -0500] "GET /sipse/faces/javax.faces.resource/jquery/jquery.js?ln=primefaces&v=4.0 HTTP/1.1" 304 -
181.53.12.90 - - [24/Feb/2024:09:28:00 -0500] "GET /sipse/faces/javax.faces.resource/jquery/jquery-plugins.js?ln=primefaces&v=4.0 HTTP/1.1" 304 -
181.53.12.90 - - [24/Feb/2024:09:28:00 -0500] "GET /sipse/faces/javax.faces.resource/fileupload/fileupload.css?ln=primefaces&v=4.0 HTTP/1.1" 304 -
181.53.12.90 - - [24/Feb/2024:09:28:00 -0500] "GET /sipse/faces/javax.faces.resource/primefaces.css?ln=primefaces&v=4.0 HTTP/1.1" 304 -
181.53.12.90 - - [24/Feb/2024:09:28:00 -0500] "GET /sipse/faces/javax.faces.resource/layout/layout.css?ln=primefaces&v=4.0 HTTP/1.1" 304 -
181.53.12.90 - - [24/Feb/2024:09:28:00 -0500] "GET /sipse/faces/javax.faces.resource/theme.css?ln=primefaces-sipse HTTP/1.1" 304 -
181.53.12.90 - - [24/Feb/2024:09:28:00 -0500] "GET /sipse/faces/javax.faces.resource/primefaces.js?ln=primefaces&v=4.0 HTTP/1.1" 304 -
181.53.12.90 - - [24/Feb/2024:09:28:00 -0500] "GET /sipse/faces/javax.faces.resource/layout/layout.js?ln=primefaces&v=4.0 HTTP/1.1" 304 -
181.53.12.90 - - [24/Feb/2024:09:28:00 -0500] "GET /sipse/faces/javax.faces.resource/fileupload/fileupload.js?ln=primefaces&v=4.0 HTTP/1.1" 304 -
181.53.12.90 - - [24/Feb/2024:09:28:17 -0500] "GET /sipse/faces/javax.faces.resource/primefaces.css?ln=primefaces&v=4.0 HTTP/1.1" 304 -
181.53.12.90 - - [24/Feb/2024:09:28:17 -0500] "GET /sipse/faces/javax.faces.resource/layout/layout.css?ln=primefaces&v=4.0 HTTP/1.1" 304 -
181.53.12.90 - - [24/Feb/2024:09:28:17 -0500] "GET /sipse/faces/javax.faces.resource/theme.css?ln=primefaces-sipse HTTP/1.1" 304 -
181.53.12.90 - - [24/Feb/2024:09:28:14 -0500] "POST /sipse/faces/presentacion/sistema/anexos/cargarAnexoSolicitudProceso.xhtml HTTP/1.1" 200 184345
181.53.12.90 - - [24/Feb/2024:09:28:17 -0500] "GET /sipse/faces/javax.faces.resource/jquery/jquery-plugins.js?ln=primefaces&v=4.0 HTTP/1.1" 304 -
181.53.12.90 - - [24/Feb/2024:09:28:17 -0500] "GET /sipse/faces/javax.faces.resource/jquery/jquery.js?ln=primefaces&v=4.0 HTTP/1.1" 304 -
181.53.12.90 - - [24/Feb/2024:09:28:17 -0500] "GET /sipse/faces/javax.faces.resource/layout/layout.js?ln=primefaces&v=4.0 HTTP/1.1" 304 -
181.53.12.90 - - [24/Feb/2024:09:28:17 -0500] "GET /sipse/faces/javax.faces.resource/primefaces.js?ln=primefaces&v=4.0 HTTP/1.1" 304 -
181.53.12.90 - - [24/Feb/2024:09:28:26 -0500] "POST /sipse/faces/presentacion/financiero/solicitudProceso/consultarSolicitudProceso.xhtml HTTP/1.1" 200 19434
181.53.12.90 - - [24/Feb/2024:09:28:26 -0500] "GET /sipse/faces/javax.faces.resource/jquery/jquery-plugins.js?ln=primefaces&v=4.0 HTTP/1.1" 304 -
181.53.12.90 - - [24/Feb/2024:09:28:26 -0500] "GET /sipse/faces/javax.faces.resource/theme.css?ln=primefaces-sipse HTTP/1.1" 304 -
181.53.12.90 - - [24/Feb/2024:09:28:26 -0500] "GET /sipse/faces/javax.faces.resource/primefaces.css?ln=primefaces&v=4.0 HTTP/1.1" 304 -
181.53.12.90 - - [24/Feb/2024:09:28:26 -0500] "GET /sipse/faces/javax.faces.resource/jquery/jquery.js?ln=primefaces&v=4.0 HTTP/1.1" 304 -
181.53.12.90 - - [24/Feb/2024:09:28:26 -0500] "GET /sipse/faces/javax.faces.resource/layout/layout.css?ln=primefaces&v=4.0 HTTP/1.1" 304 -
181.53.12.90 - - [24/Feb/2024:09:28:26 -0500] "GET /sipse/faces/javax.faces.resource/primefaces.js?ln=primefaces&v=4.0 HTTP/1.1" 304 -
181.53.12.90 - - [24/Feb/2024:09:28:26 -0500] "GET /sipse/faces/javax.faces.resource/fileupload/fileupload.css?ln=primefaces&v=4.0 HTTP/1.1" 304 -
181.53.12.90 - - [24/Feb/2024:09:28:26 -0500] "GET /sipse/faces/javax.faces.resource/layout/layout.js?ln=primefaces&v=4.0 HTTP/1.1" 304 -
181.53.12.90 - - [24/Feb/2024:09:28:26 -0500] "GET /sipse/faces/javax.faces.resource/fileupload/fileupload.js?ln=primefaces&v=4.0 HTTP/1.1" 304 -
172.22.2.4 - - [24/Feb/2024:09:26:46 -0500] "HEAD /BLA/boletinlegal/ HTTP/1.1" 200 -
181.53.12.90 - - [24/Feb/2024:09:28:35 -0500] "POST /sipse/faces/presentacion/sistema/anexos/cargarAnexoSolicitudProceso.xhtml HTTP/1.1" 200 186191
181.53.12.90 - - [24/Feb/2024:09:28:36 -0500] "GET /sipse/faces/javax.faces.resource/jquery/jquery-plugins.js?ln=primefaces&v=4.0 HTTP/1.1" 304 -
181.53.12.90 - - [24/Feb/2024:09:28:36 -0500] "GET /sipse/faces/javax.faces.resource/jquery/jquery.js?ln=primefaces&v=4.0 HTTP/1.1" 304 -
181.53.12.90 - - [24/Feb/2024:09:28:36 -0500] "GET /sipse/faces/javax.faces.resource/theme.css?ln=primefaces-sipse HTTP/1.1" 304 -
181.53.12.90 - - [24/Feb/2024:09:28:36 -0500] "GET /sipse/faces/javax.faces.resource/layout/layout.css?ln=primefaces&v=4.0 HTTP/1.1" 304 -
181.53.12.90 - - [24/Feb/2024:09:28:36 -0500] "GET /sipse/faces/javax.faces.resource/primefaces.css?ln=primefaces&v=4.0 HTTP/1.1" 304 -
181.53.12.90 - - [24/Feb/2024:09:28:36 -0500] "GET /sipse/faces/javax.faces.resource/layout/layout.js?ln=primefaces&v=4.0 HTTP/1.1" 304 -
181.53.12.90 - - [24/Feb/2024:09:28:36 -0500] "GET /sipse/faces/javax.faces.resource/primefaces.js?ln=primefaces&v=4.0 HTTP/1.1" 304 -
181.53.12.90 - - [24/Feb/2024:09:28:58 -0500] "POST /sipse/faces/presentacion/financiero/solicitudProceso/consultarSolicitudProceso.xhtml HTTP/1.1" 200 37810
181.53.12.90 - - [24/Feb/2024:09:28:58 -0500] "GET /sipse/faces/javax.faces.resource/primefaces.css?ln=primefaces&v=4.0 HTTP/1.1" 304 -
181.53.12.90 - - [24/Feb/2024:09:28:59 -0500] "GET /sipse/faces/javax.faces.resource/theme.css?ln=primefaces-sipse HTTP/1.1" 304 -
181.53.12.90 - - [24/Feb/2024:09:28:59 -0500] "GET /sipse/faces/javax.faces.resource/layout/layout.css?ln=primefaces&v=4.0 HTTP/1.1" 304 -
181.53.12.90 - - [24/Feb/2024:09:28:59 -0500] "GET /sipse/faces/javax.faces.resource/jquery/jquery.js?ln=primefaces&v=4.0 HTTP/1.1" 304 -
181.53.12.90 - - [24/Feb/2024:09:28:59 -0500] "GET /sipse/faces/javax.faces.resource/jquery/jquery-plugins.js?ln=primefaces&v=4.0 HTTP/1.1" 304 -
181.53.12.90 - - [24/Feb/2024:09:28:59 -0500] "GET /sipse/faces/javax.faces.resource/primefaces.js?ln=primefaces&v=4.0 HTTP/1.1" 304 -
181.53.12.90 - - [24/Feb/2024:09:28:59 -0500] "GET /sipse/faces/javax.faces.resource/layout/layout.js?ln=primefaces&v=4.0 HTTP/1.1" 304 -
172.22.2.4 - - [24/Feb/2024:09:27:37 -0500] "GET /BLA/boletinlegal/ HTTP/1.1" 200 53419
201.245.192.253 - - [24/Feb/2024:09:30:04 -0500] "POST /kwsrmcab/Wsrmcab HTTP/1.1" 200 37285
201.245.192.253 - - [24/Feb/2024:09:30:06 -0500] "POST /kwsrmcab/Wsrmcab HTTP/1.1" 200 213
201.245.192.253 - - [24/Feb/2024:09:30:10 -0500] "POST /kwsrmcab/Wsrmcab HTTP/1.1" 200 37610
201.245.192.253 - - [24/Feb/2024:09:30:33 -0500] "POST /kwsrmcab/Wsrmcab  HTTP/1.1" 200 213
201.245.192.253 - - [24/Feb/2024:09:31:00 -0500] "POST /kwsrmcab/Wsrmcab HTTP/1.1" 200 213
181.53.12.90 - - [24/Feb/2024:09:31:09 -0500] "POST /sipse/faces/presentacion/financiero/estudioPrevio/personalSolicitado/expedirExperienciaIdoneidad.xhtml HTTP/1.1" 200 5664
216.245.221.92 - - [24/Feb/2024:09:32:16 -0500] "HEAD / HTTP/1.1" 200 -
205.210.31.44 - - [24/Feb/2024:09:32:32 -0500] "GET / HTTP/1.1" 200 319
181.53.12.90 - - [24/Feb/2024:09:32:39 -0500] "POST /sipse/faces/presentacion/financiero/estudioPrevio/personalSolicitado/expedirExperienciaIdoneidad.xhtml HTTP/1.1" 200 5817
181.53.12.90 - - [24/Feb/2024:09:32:39 -0500] "POST /sipse/faces/presentacion/financiero/estudioPrevio/personalSolicitado/expedirExperienciaIdoneidad.xhtml HTTP/1.1" 200 30451
181.53.12.90 - - [24/Feb/2024:09:32:39 -0500] "GET /sipse/faces/javax.faces.resource/layout/layout.css?ln=primefaces&v=4.0 HTTP/1.1" 304 -
181.53.12.90 - - [24/Feb/2024:09:32:39 -0500] "GET /sipse/faces/javax.faces.resource/theme.css?ln=primefaces-sipse HTTP/1.1" 304 -
181.53.12.90 - - [24/Feb/2024:09:32:39 -0500] "GET /sipse/faces/javax.faces.resource/primefaces.js?ln=primefaces&v=4.0 HTTP/1.1" 304 -
181.53.12.90 - - [24/Feb/2024:09:32:39 -0500] "GET /sipse/faces/javax.faces.resource/jquery/jquery.js?ln=primefaces&v=4.0 HTTP/1.1" 304 -
181.53.12.90 - - [24/Feb/2024:09:32:39 -0500] "GET /sipse/faces/javax.faces.resource/jquery/jquery-plugins.js?ln=primefaces&v=4.0 HTTP/1.1" 304 -
181.53.12.90 - - [24/Feb/2024:09:32:39 -0500] "GET /sipse/faces/javax.faces.resource/layout/layout.js?ln=primefaces&v=4.0 HTTP/1.1" 304 -
181.53.12.90 - - [24/Feb/2024:09:32:39 -0500] "GET /sipse/faces/javax.faces.resource/primefaces.css?ln=primefaces&v=4.0 HTTP/1.1" 304 -
181.53.12.90 - - [24/Feb/2024:09:33:09 -0500] "POST /sipse/faces/presentacion/contratacion/procesoContractual/registrarInvitacionContratista.xhtml HTTP/1.1" 200 9689
181.53.12.90 - - [24/Feb/2024:09:33:12 -0500] "POST /sipse/faces/presentacion/contratacion/procesoContractual/registrarInvitacionContratista.xhtml HTTP/1.1" 200 8050
172.22.2.4 - - [24/Feb/2024:09:32:36 -0500] "HEAD /BLA/boletinlegal/ HTTP/1.1" 200 -
31.220.3.140 - - [24/Feb/2024:09:34:57 -0500] "GET / HTTP/1.1" 200 319
172.22.2.4 - - [24/Feb/2024:09:33:27 -0500] "GET /BLA/boletinlegal/ HTTP/1.1" 200 58273
201.245.192.253 - - [24/Feb/2024:09:35:33 -0500] "POST /kwsrmcab/Wsrmcab  HTTP/1.1" 200 213
66.249.66.164 - - [24/Feb/2024:09:36:13 -0500] "GET /robots.txt HTTP/1.1" 404 1043
66.249.66.163 - - [24/Feb/2024:09:36:13 -0500] "GET /BLA/boletinlegal/Circulares/2015/Circular%20No.%201%20del%2010%20de%20Febrero%20de%202015.pdf HTTP/1.1" 200 660637
181.53.12.90 - - [24/Feb/2024:09:36:35 -0500] "POST /sipse/faces/presentacion/contratacion/procesoContractual/registrarInvitacionContratista.xhtml HTTP/1.1" 200 64092
181.53.12.90 - - [24/Feb/2024:09:36:37 -0500] "GET /sipse/faces/javax.faces.resource/primefaces.css?ln=primefaces&v=4.0 HTTP/1.1" 304 -
181.53.12.90 - - [24/Feb/2024:09:36:37 -0500] "GET /sipse/faces/javax.faces.resource/theme.css?ln=primefaces-sipse HTTP/1.1" 304 -
181.53.12.90 - - [24/Feb/2024:09:36:37 -0500] "GET /sipse/faces/javax.faces.resource/layout/layout.css?ln=primefaces&v=4.0 HTTP/1.1" 304 -
181.53.12.90 - - [24/Feb/2024:09:36:37 -0500] "GET /sipse/faces/javax.faces.resource/jquery/jquery-plugins.js?ln=primefaces&v=4.0 HTTP/1.1" 304 -
181.53.12.90 - - [24/Feb/2024:09:36:37 -0500] "GET /sipse/faces/javax.faces.resource/primefaces.js?ln=primefaces&v=4.0 HTTP/1.1" 304 -
181.53.12.90 - - [24/Feb/2024:09:36:37 -0500] "GET /sipse/faces/javax.faces.resource/layout/layout.js?ln=primefaces&v=4.0 HTTP/1.1" 304 -
181.53.12.90 - - [24/Feb/2024:09:36:37 -0500] "GET /sipse/faces/javax.faces.resource/jquery/jquery.js?ln=primefaces&v=4.0 HTTP/1.1" 304 -
181.53.12.90 - - [24/Feb/2024:09:36:37 -0500] "GET /sipse/faces/javax.faces.resource/spacer/dot_clear.gif?ln=primefaces&v=4.0 HTTP/1.1" 304 -
216.245.221.92 - - [24/Feb/2024:09:37:16 -0500] "HEAD / HTTP/1.1" 200 -
52.167.144.185 - - [24/Feb/2024:09:38:09 -0500] "GET /BLA/resoluciones/AUTOS%202023/4485.pdf HTTP/1.1" 200 398538
114.119.132.238 - - [24/Feb/2024:09:39:12 -0500] "GET /BLA/resoluciones/index.php?dir=Notificaciones/AUTOS%2B2029/&sort=size&order=asc HTTP/1.1" 200 14353
172.22.2.4 - - [24/Feb/2024:09:38:26 -0500] "HEAD /BLA/boletinlegal/ HTTP/1.1" 200 -
201.245.192.253 - - [24/Feb/2024:09:40:04 -0500] "POST /kwsrmcab/Wsrmcab HTTP/1.1" 200 37285
201.245.192.253 - - [24/Feb/2024:09:40:07 -0500] "POST /kwsrmcab/Wsrmcab HTTP/1.1" 200 213
201.245.192.253 - - [24/Feb/2024:09:40:10 -0500] "POST /kwsrmcab/Wsrmcab HTTP/1.1" 200 37610
216.244.66.195 - - [24/Feb/2024:09:40:26 -0500] "GET /robots.txt HTTP/1.1" 404 1018
201.245.192.253 - - [24/Feb/2024:09:40:32 -0500] "POST /kwsrmcab/Wsrmcab  HTTP/1.1" 200 213
172.22.2.4 - - [24/Feb/2024:09:39:17 -0500] "GET /BLA/boletinlegal/ HTTP/1.1" 200 58720
201.245.192.253 - - [24/Feb/2024:09:40:58 -0500] "POST /kwsrmcab/Wsrmcab HTTP/1.1" 200 213
181.53.12.90 - - [24/Feb/2024:09:42:08 -0500] "POST /sipse/faces/presentacion/contratacion/contratista/crearModificarContratista.xhtml HTTP/1.1" 200 8140
216.245.221.92 - - [24/Feb/2024:09:42:16 -0500] "HEAD / HTTP/1.1" 200 -
173.252.111.2 - - [24/Feb/2024:09:42:39 -0500] "GET /convocatoria-acercar-2024-una-oportunidad-para-que-tu-empresa-sea-mas-sostenible.html HTTP/1.1" 200 913
181.53.12.90 - - [24/Feb/2024:09:42:52 -0500] "POST /sipse/faces/presentacion/contratacion/contratista/crearModificarContratista.xhtml HTTP/1.1" 200 9743
181.53.12.90 - - [24/Feb/2024:09:43:30 -0500] "POST /sipse/faces/presentacion/contratacion/contratista/crearModificarContratista.xhtml HTTP/1.1" 200 36580
172.22.2.4 - - [24/Feb/2024:09:43:41 -0500] "GET /BLA/boletinlegal/robots.txt HTTP/1.1" 404 1038
101.43.76.221 - - [24/Feb/2024:09:44:47 -0500] "GET /galeria/galeria/fotos/Entrenube2P.jpg HTTP/1.1" 200 8416
46.209.134.37 - - [24/Feb/2024:09:45:03 -0500] "GET / HTTP/1.1" 200 319
172.22.2.4 - - [24/Feb/2024:09:43:42 -0500] "GET /BLA/boletinlegal/index.php HTTP/1.1" 200 59083
201.245.192.253 - - [24/Feb/2024:09:45:31 -0500] "POST /kwsrmcab/Wsrmcab  HTTP/1.1" 200 213
173.252.111.7 - - [24/Feb/2024:09:45:55 -0500] "GET /images/30%20de%20enero%20Entrenubes%20alcalde.jpeg HTTP/1.1" 200 64486
173.252.111.118 - - [24/Feb/2024:09:45:55 -0500] "GET /images/31%20de%20enero%20humedal%20La%20Conejera.jpg HTTP/1.1" 200 33808
172.22.2.4 - - [24/Feb/2024:09:44:16 -0500] "HEAD /BLA/boletinlegal/ HTTP/1.1" 200 -
173.252.111.8 - - [24/Feb/2024:09:46:03 -0500] "GET /images/24%20de%20enero%20sendero.JPG HTTP/1.1" 200 59121
173.252.111.9 - - [24/Feb/2024:09:46:03 -0500] "GET /images/Comprimida%20incendios.jpg HTTP/1.1" 200 23316
173.252.111.14 - - [24/Feb/2024:09:46:03 -0500] "GET /images/25%20Incendio%20declaratoria.jpeg HTTP/1.1" 200 90327
173.252.111.11 - - [24/Feb/2024:09:46:07 -0500] "GET /images/Comprimida%20incendios.jpg HTTP/1.1" 200 23316
172.22.2.4 - - [24/Feb/2024:09:45:07 -0500] "GET /BLA/boletinlegal/ HTTP/1.1" 200 54300
216.245.221.92 - - [24/Feb/2024:09:47:16 -0500] "HEAD / HTTP/1.1" 200 -
172.22.2.4 - - [24/Feb/2024:09:47:59 -0500] "GET /BLA/boletinlegal/Directivas/2011/Directiva%20No.%207%20del%2015%20de%20Septiembre%20de%202011.pdf HTTP/1.1" 200 268084
172.22.2.4 - - [24/Feb/2024:09:48:30 -0500] "GET /BLA/boletinlegal/Circulares/2022/CIRCULAR%20No.%2000004%20DEL%2019%20DE%20MAYO%20DEL%202022.pdf HTTP/1.1" 200 252981
201.245.192.253 - - [24/Feb/2024:09:50:30 -0500] "POST /kwsrmcab/Wsrmcab  HTTP/1.1" 200 213
172.22.2.4 - - [24/Feb/2024:09:50:06 -0500] "HEAD /BLA/boletinlegal/ HTTP/1.1" 200 -
