186.102.51.144 - - [24/Feb/2024:17:00:54 -0500] "GET /kwssiamovil/sm/acme/s?s=U2FsdGVkX19Gjk/7WWsgB9dFH3eD/ch1S9X7F/dVxL0XK1dtrd9tDW0Rkz9iX/J79R0WxSiIPk6lk5e6ndNFqvRxTuV+81s4FC/gdtzvnrRtJtx5oTf2OHeUdlyDIxxhucyqjMWJluRrliwlqgyrOPO3/0JBLPALdF8FZvYFtjyS0S4Bdpkqk7shob8IMJhgXOfQ4KvzJtHZOToIye9N4B6MWC5n2KyWqNyi8hkvOeLzynmX4MRvRGeyb/jyfgAz6ggKM1Cs0j1H33YQEhrgkFABGpwbY6ZB3MRk2ilMWMK633GEdDtEy4PLM2muKfqsKRmrHr1cCS4OamRoRzhThm25MF4H5vWq2fyJMkBC2YwOd/Kmyz6/SwAyX3oTZOGnTZhUK+imnGiuXi9G6V71hOrtkPNbaV+O/SWIAjPTJEh4DM+xLZyg5htlT/p1pQk9w8Owj5LGddK69Ej4kTdgj7o6VasEZ6Nz0CePAEQA93za3diI2Z622TC2njiugoMf6bRlqz8Oy/0pr5mHN0xl2k583dpgVkObe5yZoHQ9Y/ss9+WWyFyVrccYL4GeWvHOP3mZANESstOG26FB+nKkgyLbzz6WSa0WHL5k8rPLPdWwvkuJfG6yLwZNNyf4YMCNqQpJvzgY1UERDVIEG7NS5ZZtAvR8yw57aqjBcWXJbsoFi51f7brSsRxZQySStHwGk19RDUFFCYbzZKuyS43R7OiWOip4JRRJsna6PZ3nKUHRLrd6wz3HcdTs0ROOoYkcbq259Q+IZZZS8AB5bYRT2sOXVysoFRnGGGrKHzOQEMIjPoQ7igMUS/lbUliWK32Dw8sN1SU3Et5Z9+nrrEwc7lPprSZXl3uWrJ/9nQn2H2QH+0V4eHgerUGjDnwd+SOG/5CkccjouvujIKA1GzHlFI8qtoQYopP7yXytKpC/VB9UuFVcitSikDwqX7SrBcVNhpVBcPA/WtZa0XLe+4FwcoxsO7hqkseENbm4goYUyJvVObNzqlBMivsrCnmHfLFzB9C8NYmaduFmEE9xjyGPG/45m0EOTkBnyp2eWIvPbCYSPmDl3H4Fw3aTxVwOeQfqcIwHv7MW1ScKtZPhopZXmPxw1/GnjXwQuIqjpZd702ekjsdQyA1hYxEncxIRwEzChPS7/WxB/eGOCS5zPh13fRzdv/fCY4QEVlCGxId0bGmac6KxQOU2Yuv63zy7RWG9tR5GnIEjE9cpoIhpnuDbufzOYyjt04dWTWR1EYsrCvoe36thKue63W4gIwKIII0HM0osZv5MaQlNY+j5VYxXW9/LkBrHCNC7T4zBPTaTApxdI7ggnl2VBcyqN9bO0//xq4byyPs6AwIEGBbkf16xPYKPq2U27f1kFI6Wqvs5fhbZD4XF7pf+sT8YQ97Rke6sInnoLQDpetLBOWCU68G0lUQnUHoC1EjVk+cPnk8kJBb17oU+7Tb0V8VbuIJo1gYKg6iANy3R7TK8aI1IfLlbheRYnn/1fPMd5MZu3ygODEePiYTH7Oo+MdQjaQBSvDao39R+trpVTf4onQW0y0QbWuTt3ukuubStIIW9HZimDTCp0dv2U8p1sIjpYFh1TF+051Ug+vQfmZw772++8MxojkqwySgttbsfTlVKXhT+C+ECkJNGB7b5gHYSim38UGVlDwS9iSgYHGu02rGxVaxvimyIO7Dl8A8+WjUmZ4jeUzms77GYj5E/W++PIiZvEU4K9C+zueFYl2U/MQeZ0lzhpKtV20dd1kS5eBRes8aFk18=&u=U2FsdGVkX1/SpS1L+fVs7yrv90IekYSA0zPMXHr7WNI=&y=U2FsdGVkX1+JOhmtghEfd6/VvJLXX4p3h8UcsYevk0Q6CC3W4diXT4zQpVrBnCwh HTTP/1.1" 200 3411
186.102.51.144 - - [24/Feb/2024:17:00:55 -0500] "GET /kwssiamovil/sm/acme/s?s=U2FsdGVkX1+at84zhlmQIe9iVApcjttuYxZkphubiqgaVSFmsuHBKXtkUFcQtMBIEEqrTkBf0CFew3XbT6d4qZnoNAHis4RWa8qPtMiKBhtxQkhd3UdqdIVdCxrnaAqC33buxDculeTIbgNEpA6rlPASofmIzzdkbXC91G65/cMUn7P2G2yCSZ3Bj8bEJyPfiFCV7L0UHpT1psKBa5mBwHCTFbgJjdPGMvAgFTXbi/srwt56mdW3MCoFObFFz0mCwicujG21j7LA1VNXr2sbdKzCJ1YzL9ih17bf3h95tyvHBJlDt3puDZOZdxM629jHiHqlqpCt3RyuPzApmFYc23WCQdGAmYnDvgngEQ/EXfJspmZnxhRdmV/UBpl0nuiHlkNcEq5pOpjcIOXI5FbglfwfjKEpDjIxEeuhkCli9dQNwmTbVK7wCI6qTIr47ht/rBwXnMk9+SeqS8IYfxesqBwaa7L0kEc/1kk2Gj9aH7VaAiugtNJsp/IQok4ANSSt8lzIWW60RLlh6b1PlRveDn+h7PXrAMYgk0ZhLKcjz1fSf51HrGsIZHOH8i0Wws3vT6p99jFXVYIOwFCMCTHeUOHIAYSVpZjpxBEFNPKw2SVgTf/2rYWFY8cVoABK5NCcB5czuec05GNW01MUllzBJhf8lAi3cJSpYuhJOWcNTzOtYfOAe7f38xrggU6NgxFTTJrNylT9cNnd3O/PAxLFCpANeJ0HTp33kARSrReNsQ0rQ/I0l3bf6RaTLqpl3v2/&u=U2FsdGVkX19QFzA7NWABHYe670jrB524Ka17NnpF66Q=&y=U2FsdGVkX1+sl25h+FiXOOxVOtyF4i8dNzJFS7vh1QgEQIbusuR6e1xSpKm5ylqf HTTP/1.1" 200 208
186.102.51.144 - - [24/Feb/2024:17:00:55 -0500] "GET /kwssiamovil/sm/acme/s?s=U2FsdGVkX1+nex2mXYJ7wRRfs/FU016+n92bfnx4QdSZr44vxR4jOewWkdJELnr3GYPPcoemUH/+0sOdhmOF+070oAIWIoR6SwJ8yEsFPkfE16GZVVPZjceIlqMsJu4zmwp07I0Ysm4ati52qM7SPZY4HGIPNDq26H+flevNhh2lj1aVelr5XPyi2GKJMBUL/MjZWJwaDYScg0HuGQdE/DXC78BGc8iub/No+o32QXFakII8kVv40h+T4rzbiirSIag7MrRgwKQaXUtoM7uOoqRLQSp3wBmXScRxFxQGPY97B/YD5qOLL+sw7fINGJShVJYPPl60UWp89Ie/HnHeuY584JxHVcN6hkw1JD4featxUBQeQEfOSztZlg7DPDpdiWe6JZYrSqoEUZ95seEEdatWwe2ZNIsSnT9m2HD2V4v8EabhFHo/W1UuQoD3I/wX5UtnN82dYr23pdB+uOhwro+xStlmWZG5gxkvDz1rohE8uYgnMGImAEZ3Vg4sU20XWXGw+OFXGqEuUNXI64bNL6/mF9SxVlzYdI71NlsKWjHmf2UPX0AOb3Gv3BxOpYeFRXxd2BjclAbyrtWqbkHC89719rr45RzE7dCOgYLhCoHOg/q+iNKfGAxefVaJadZ5TEWgybkexJ6gTFuZ5G1hWF4EwS5yQciv/cSGM8iy2T9wnBRUnBVlJYuD73J93wt2IbFxLLIpVEWJ4dd0tCsaEEXNRRQoWsq+QybZMC74zZoog0nNyh7WV9wVzyD82FOG&u=U2FsdGVkX1/SpS1L+fVs7yrv90IekYSA0zPMXHr7WNI=&y=U2FsdGVkX1+JOhmtghEfd6/VvJLXX4p3h8UcsYevk0Q6CC3W4diXT4zQpVrBnCwh HTTP/1.1" 200 208
186.102.51.144 - - [24/Feb/2024:17:00:55 -0500] "GET /kwssiamovil/sm/cjson/pre?f=1&x=U2FsdGVkX1/cFXqkTFgDsffDtlb/FCaBFirecZi0xmVvBokWE7a1R7Srq1hOniJS HTTP/1.1" 200 30244
186.102.51.144 - - [24/Feb/2024:17:00:55 -0500] "GET /kwssiamovil/sm/cjson/pre?f=1&x=U2FsdGVkX1/NwgIU74Zkr5lyl5PQvDaGC1KC5tYfxjPgCOtpeIid7LgN7XUuVBeS HTTP/1.1" 200 30244
47.128.20.99 - - [24/Feb/2024:17:01:08 -0500] "GET /BLA/resoluciones/index.php?dir=RESOLUCIONES%202006%2FRES%202006%201101-1150%2F&order=asc&sort=name HTTP/1.1" 200 12368
47.128.20.99 - - [24/Feb/2024:17:01:09 -0500] "GET /BLA/resoluciones/dlf/unknown.png HTTP/1.1" 200 266
47.128.20.99 - - [24/Feb/2024:17:01:09 -0500] "GET /BLA/resoluciones/dlf/dirup.png HTTP/1.1" 200 644
66.249.70.200 - - [24/Feb/2024:17:01:30 -0500] "GET /BLA/resoluciones/RESOLUCIONES%202009/6214.pdf HTTP/1.1" 200 908133
216.245.221.92 - - [24/Feb/2024:17:02:15 -0500] "HEAD / HTTP/1.1" 200 -
52.167.144.212 - - [24/Feb/2024:17:02:27 -0500] "GET /sipse/faces/faces/autenticacion.xhtml HTTP/1.1" 200 12727
172.22.2.4 - - [24/Feb/2024:17:02:49 -0500] "GET /BLA/boletinlegal/Directivas/2013/Directiva%20No.%202%20del%2004%20de%20Abril%20de%202013.pdf HTTP/1.1" 200 1182671
31.220.88.155 - - [24/Feb/2024:17:03:23 -0500] "GET /admin/config.php HTTP/1.0" 404 1018
172.22.2.4 - - [24/Feb/2024:17:01:45 -0500] "HEAD /BLA/boletinlegal/ HTTP/1.1" 200 -
201.245.192.253 - - [24/Feb/2024:17:03:30 -0500] "POST /kwsrmcab/Wsrmcab  HTTP/1.1" 200 213
172.22.2.4 - - [24/Feb/2024:17:02:36 -0500] "GET /BLA/boletinlegal/ HTTP/1.1" 200 52783
152.203.219.186 - - [24/Feb/2024:17:04:32 -0500] "OPTIONS /kwssiamovil/sm/setfile/f? HTTP/1.1" 200 13
152.203.219.186 - - [24/Feb/2024:17:04:32 -0500] "POST /kwssiamovil/sm/setfile/f? HTTP/1.1" 200 381
152.203.219.186 - - [24/Feb/2024:17:04:33 -0500] "OPTIONS /kwssiamovil/sm/setfile/f? HTTP/1.1" 200 13
152.203.219.186 - - [24/Feb/2024:17:04:33 -0500] "POST /kwssiamovil/sm/setfile/f? HTTP/1.1" 200 381
152.203.219.186 - - [24/Feb/2024:17:04:35 -0500] "OPTIONS /kwssiamovil/sm/setfile/f? HTTP/1.1" 200 13
152.203.219.186 - - [24/Feb/2024:17:04:35 -0500] "POST /kwssiamovil/sm/setfile/f? HTTP/1.1" 200 381
152.203.219.186 - - [24/Feb/2024:17:04:59 -0500] "GET /kwssiamovil/sm/acme/a?s=U2FsdGVkX18RkBYX61oqLipipjdVYMDVANDyQMWrHIZWCwM5LmI1mi4wan83RK9Kq73rkyBSGBAUkpe1DsS8tl8iCAciqamdqkox8lAymu0lbAW6UOgdvelJ0wb64KZLBmcg6s2ECsUhJASLRVCcZWuEd/tRJIs9ARWNJv7CPhX2o01Y6eI4knnRZHEd2NZEunZFFVlCuFOMGWJIoO+LwhOGXG3VesIT/+X9fHR57JRO14v5dHphY8BQbfQGmJXyNb9EeUszsxmfNMgqirLnYQ==&u=U2FsdGVkX1/LutsTb12E0+ckLeJvvE2K8rLvwX5jf/uNZQWDtwL8WhylaISl32pX&y=U2FsdGVkX18aZc9d3GiNHgkn4w1NQUfKmYHxZQ3sQXYtR98PyIqYdHNZbGFaIjSF HTTP/1.1" 200 26
152.203.219.186 - - [24/Feb/2024:17:04:59 -0500] "GET /kwssiamovil/sm/acme/a?s=U2FsdGVkX19/5Y7GTHO5dHbxFpamAkovvm4F53QtSs0B5EGMl9OAV3Ho9EQ+S3I1dQWzxU7v9Or88vwIheRYr5Fq5fasg4jYzlAK4O8OgUhM6jEr2GQllDgLPfZOoN1UdBd/QHjOOauX44eg/XfRzjRpreDYvKYTAXd06siCFPeWeIzC8bF//wV29UUEMxhjTHM0KFN9fbJGUM6pdM+by14BDzWlHRbnzz7iDD+xxCEwLp8mb4jATuziHISyBs6OCVQmT3H7kjlj8NQaLWNOjzydxLC59wRQrJWbKiu5y6LmnZGfklOc6wIaZ4VxqMBZHrbPPGMPbgQt5WyJH7gcwu6s1HjYfYlV/vuBxdCTSxNXZyJYdfm4xG+H1MENEUt+hPPyIiZjbreX/sBZJc5Pdg2Z1VOPoZBD5b/SzEYjTa+yQRQeSdPC7B+hxpssIHSc6S/rcm9HbQYZuTRKwKlm5tZsPlEsW0gmSesE83xHxNcMKY7w38OT2vcSDyzHqdkqPOQVRDJLx8L1Vd+Edaxerbk9F6fCR0XT3z58AfxBK/Y1MxVUOMCq1yXpV5M42+CAo0UBdjgF5aCD7aJVgbynzE5DK4tC+WLd+7jiLcVz+fssme/cO9er1s3PRM5VV4/rIetoTjuLmBmox3qNh23Fjm9WzcMD0HYTVbVyDmwpr1pUika0etss4NaPDzGffG2JdAyLjYcYynul1P8XeqQscDDJSUgkP/mp9tLuJAtIWuyJqI6wlRrP6TshxoGv1Cssc1pcMO1rjBeVX4YPjN9/rxxxinADhYt+FmjByMbRZMEiuWefeCv/xzzkLBNFf2uxV46e75DZGM86Hl9BaPRPecuS89PrvNmx2kfW8TUjVIwPhRENp5Se++J6Mvj3do6/0NDKFwnGeesH+VllwRnT2aaYkt9CxFhVVb/yMVqOnjIgj6pP0V/tphtNKVzigrbNm/ucD6TgYEusPsroyLNA6QgklHSZUxOsB2/x4AAxZX4culzL1dZGof3LDFZhBUt6nR5fsz9x1r3Q0Ryr1A50A2V+BYcNil0z4nEiCzn+YSek+67SaFnxqDyTSjM6ltfps22FObq/iireTr4a1IXRRA==&u=U2FsdGVkX1/LutsTb12E0+ckLeJvvE2K8rLvwX5jf/uNZQWDtwL8WhylaISl32pX&y=U2FsdGVkX18aZc9d3GiNHgkn4w1NQUfKmYHxZQ3sQXYtR98PyIqYdHNZbGFaIjSF HTTP/1.1" 200 26
152.203.219.186 - - [24/Feb/2024:17:05:00 -0500] "GET /kwssiamovil/sm/acme/a?s=U2FsdGVkX19lNCGYhxlyvMh5RRSEIuR1ffWDf6BCDK8FKyGbD6sB9GM7K5fVwm90KgM609Mf88/uDzuAbYtEK0f/qZHNdAHT6p3SdPzr7TYHCYHxOVV0w0tMe8U1uZ0dBKJtSwfQ0i4m3aISU6QuYy+mZQRQXmh9OOyR1aBJkz4=&u=U2FsdGVkX1/LutsTb12E0+ckLeJvvE2K8rLvwX5jf/uNZQWDtwL8WhylaISl32pX&y=U2FsdGVkX18aZc9d3GiNHgkn4w1NQUfKmYHxZQ3sQXYtR98PyIqYdHNZbGFaIjSF HTTP/1.1" 200 26
152.203.219.186 - - [24/Feb/2024:17:05:00 -0500] "GET /kwssiamovil/sm/acme/a?s=U2FsdGVkX1+KV0HaW5YOn8X8fBPpZSp+2jqLPqGmH4DAniHqj1eHZgtZhIfE7w3NkJmwr14AKC2nj0FszfvZm2zNaT876Q/3Ot5kPK7Dbo/NmYdeuLa2UES6HIKEzws7/AkOiz96QyS9A+yDcidTuvJjxdDwwqxbKIBAxMInj18=&u=U2FsdGVkX1/LutsTb12E0+ckLeJvvE2K8rLvwX5jf/uNZQWDtwL8WhylaISl32pX&y=U2FsdGVkX18aZc9d3GiNHgkn4w1NQUfKmYHxZQ3sQXYtR98PyIqYdHNZbGFaIjSF HTTP/1.1" 200 26
152.203.219.186 - - [24/Feb/2024:17:05:00 -0500] "GET /kwssiamovil/sm/acme/a?s=U2FsdGVkX1+IpYVpNAh/Y2rmsTV7aC0C30sZabUvxNwC0W4hSjN0qhkZKOTV8/xupakIyo+QYHvgKEkgWX26sSj9B5ryYBAMRxouI8VVZ1prbIyAhy1EuVgm2CoMbmiDlOBTZy5531CwHBeeEZteMxO5aLfa726hjjxMqbOKV+A=&u=U2FsdGVkX1/LutsTb12E0+ckLeJvvE2K8rLvwX5jf/uNZQWDtwL8WhylaISl32pX&y=U2FsdGVkX18aZc9d3GiNHgkn4w1NQUfKmYHxZQ3sQXYtR98PyIqYdHNZbGFaIjSF HTTP/1.1" 200 26
152.203.219.186 - - [24/Feb/2024:17:05:00 -0500] "GET /kwssiamovil/sm/acme/a?s=U2FsdGVkX18JSktawOslE7AwzKkJ0viaB9Z7jURS0jLUIlnGj7bRJHdTty0Aju7OhXux/L97ZglzdA0+eZ0BvzeXBHVEki/Y1ZQMIjDldXB6S3V9RbBJ9fikAYTbWB6hD8kJA7Un31rYcp/HFJqbH11hWgrcNG7x83gt4JH4QuTjDoMVZrPgOI+DGCzBP6WVyKlsin0tKwC/ZBMAqpYV6A==&u=U2FsdGVkX1/LutsTb12E0+ckLeJvvE2K8rLvwX5jf/uNZQWDtwL8WhylaISl32pX&y=U2FsdGVkX18aZc9d3GiNHgkn4w1NQUfKmYHxZQ3sQXYtR98PyIqYdHNZbGFaIjSF HTTP/1.1" 200 26
152.203.219.186 - - [24/Feb/2024:17:05:01 -0500] "GET /kwssiamovil/sm/acme/a?s=U2FsdGVkX1+hFVyY/GcW62sJOfutYqAX45lx1AqAojsc62z3DmK+giEh98G8EN0zbAFwIE8nYasZxorp4R7l4YU+lYgVBwYO6A67iZWHrL84zaggD1cF6Y/NFnCeme4LgJYai0fUCKygJtgZ8tSJLWDeJdl//s5BcIb/FTm2jW8zgvoQDvtTPtt7uSBcpSOQqUHpAyTKnXOrXxEb8TX3LA==&u=U2FsdGVkX1/LutsTb12E0+ckLeJvvE2K8rLvwX5jf/uNZQWDtwL8WhylaISl32pX&y=U2FsdGVkX18aZc9d3GiNHgkn4w1NQUfKmYHxZQ3sQXYtR98PyIqYdHNZbGFaIjSF HTTP/1.1" 200 26
152.203.219.186 - - [24/Feb/2024:17:05:01 -0500] "GET /kwssiamovil/sm/acme/a?s=U2FsdGVkX1/CfICid9xwXoAnCxekMvEy7uuS/0sk1Bt/zu/jUy6acKNn0nVkEOx/GyUh9ZGCYc6QVHtDZL6xmSInI7ffQX25wm8jb5JFW8eYOOV3vARmrj6brAs16ne74pPeL8WupZBXS3NdMnBmrARRhX82G0hmm6K1J1/wTSjeq0A+DDDyTCsvlCpkNo7r&u=U2FsdGVkX1/LutsTb12E0+ckLeJvvE2K8rLvwX5jf/uNZQWDtwL8WhylaISl32pX&y=U2FsdGVkX18aZc9d3GiNHgkn4w1NQUfKmYHxZQ3sQXYtR98PyIqYdHNZbGFaIjSF HTTP/1.1" 200 26
152.203.219.186 - - [24/Feb/2024:17:05:01 -0500] "GET /kwssiamovil/sm/acme/a?s=U2FsdGVkX1/h5LWSysl9hM8McckGFp9z5wIlm0ao2Te3srIYwwHQAMmSWymMXvvAcnA01Cat27mtZCcByFQqzE2omUl7DNLLc3WfIyA+gTcXyzjfuzw/45RDt36krXGtjj61XkSl09DafUsnlmvre4aEL3SSV2mKySkBg8dNAUiIzxapAW5uLOjFLZAJVPb43V5PqFSQFL6VMogVEXV1oA==&u=U2FsdGVkX1/LutsTb12E0+ckLeJvvE2K8rLvwX5jf/uNZQWDtwL8WhylaISl32pX&y=U2FsdGVkX18aZc9d3GiNHgkn4w1NQUfKmYHxZQ3sQXYtR98PyIqYdHNZbGFaIjSF HTTP/1.1" 200 26
152.203.219.186 - - [24/Feb/2024:17:05:01 -0500] "GET /kwssiamovil/sm/acme/a?s=U2FsdGVkX19QYqBY/oS6WNOYYYNGLUIvkxLJobwE36XpT3QQQ6OmxVp1bqLnNor///cGnbyCL3zAxP8FKm0hG/rhf3CdsRBBmj5dzGbKXGvjpJRV4y9bb3Qau+/cb1Z923f8ESooqIt9R/4n8Qte3Nt0/T2hREWiDsvnDS4Rd+6JnMQa2eRY3GSeBj3woptM&u=U2FsdGVkX1/LutsTb12E0+ckLeJvvE2K8rLvwX5jf/uNZQWDtwL8WhylaISl32pX&y=U2FsdGVkX18aZc9d3GiNHgkn4w1NQUfKmYHxZQ3sQXYtR98PyIqYdHNZbGFaIjSF HTTP/1.1" 200 26
152.203.219.186 - - [24/Feb/2024:17:05:01 -0500] "GET /kwssiamovil/sm/acme/a?s=U2FsdGVkX19c9tG5FqZNTfekSj8tO0qtEZ/YiTqnxvWdsK9KkwxnzLHNpqy/a+JEH65VgUSWR5s+avsNEirEIdoN/zwVHcZ+rr1BiKiQ/qCKactoCkcK6B0dJC/NnQoKooFV/HhX0FZuHSaCI63/CQYf0VD7jHO2fYYiDCJPPtkrVwM+O5okwSC0J3V9ChPBxJel9ODqhOwEmUub3D3LGQ==&u=U2FsdGVkX1/LutsTb12E0+ckLeJvvE2K8rLvwX5jf/uNZQWDtwL8WhylaISl32pX&y=U2FsdGVkX18aZc9d3GiNHgkn4w1NQUfKmYHxZQ3sQXYtR98PyIqYdHNZbGFaIjSF HTTP/1.1" 200 26
152.203.219.186 - - [24/Feb/2024:17:05:02 -0500] "GET /kwssiamovil/sm/acme/a?s=U2FsdGVkX18P5u78qQ/KpLhTxeECO+dCLopSFX4LE48H9gsnQ76Qhu7nGMRfBvH6HxoR8JfopWQwV/KjLe42PIOWGWKI8NVq24WjTmdvEi06jvd9GVOhsWZb5LFsuxwSlZSrBVKxsvRDbGidjncQ5EQy0eDzq8gWDl2e3MXumTMa+JZxuVfQiZQukXfXrHwa&u=U2FsdGVkX1/LutsTb12E0+ckLeJvvE2K8rLvwX5jf/uNZQWDtwL8WhylaISl32pX&y=U2FsdGVkX18aZc9d3GiNHgkn4w1NQUfKmYHxZQ3sQXYtR98PyIqYdHNZbGFaIjSF HTTP/1.1" 200 26
52.167.144.194 - - [24/Feb/2024:17:05:14 -0500] "GET /portaldeninos/wp-content/uploads/2021/11/Pieza-bolsas-plasticos-ambiente-11-mayo-1200x480.jpg HTTP/1.1" 200 75549
172.22.2.4 - - [24/Feb/2024:17:04:02 -0500] "GET /BLA/boletinlegal/ HTTP/1.1" 200 61913
216.245.221.92 - - [24/Feb/2024:17:07:15 -0500] "HEAD / HTTP/1.1" 200 -
201.245.192.253 - - [24/Feb/2024:17:08:28 -0500] "POST /kwsrmcab/Wsrmcab  HTTP/1.1" 200 213
172.22.2.4 - - [24/Feb/2024:17:07:35 -0500] "HEAD /BLA/boletinlegal/ HTTP/1.1" 200 -
172.22.2.4 - - [24/Feb/2024:17:08:26 -0500] "GET /BLA/boletinlegal/ HTTP/1.1" 200 60730
66.249.70.200 - - [24/Feb/2024:17:10:36 -0500] "GET /BLA/boletinlegal/Directivas/2011/Directiva%20No.%203%20del%2027%20de%20Mayo%20de%202011.pdf HTTP/1.1" 200 910420
66.249.70.200 - - [24/Feb/2024:17:10:36 -0500] "GET /robots.txt HTTP/1.1" 404 1018
66.249.70.202 - - [24/Feb/2024:17:10:37 -0500] "GET /Publicaciones/2023EE214587.pdf HTTP/1.1" 404 228
66.249.70.202 - - [24/Feb/2024:17:11:35 -0500] "GET /Publicaciones/2023EE290977.pdf HTTP/1.1" 404 228
66.249.70.202 - - [24/Feb/2024:17:11:36 -0500] "GET /Publicaciones/2023EE310577.pdf HTTP/1.1" 404 228
216.245.221.92 - - [24/Feb/2024:17:12:15 -0500] "HEAD / HTTP/1.1" 200 -
66.249.70.201 - - [24/Feb/2024:17:12:44 -0500] "GET /BLA/resoluciones/RESOLUCIONES%202009/4643.pdf HTTP/1.1" 200 548311
152.203.219.186 - - [24/Feb/2024:17:12:56 -0500] "GET /kwssiamovil/sm/acme/u?s=U2FsdGVkX18mBmjkGwaxO/X6RILyzj7u32e+FNoWLHvnOB+uXiP68kmw2C8ceBWdf6K9Szm8pC366LMUxb49AF1DoNJ0MzmXbK7DA4EQowk4GYiMAiOyY2KFQJs2PaFXSA9+/MrJ1QVfwpBNghg8KTSrYaTzcpiUURcN2/6kP3Q=&u=U2FsdGVkX1/LutsTb12E0+ckLeJvvE2K8rLvwX5jf/uNZQWDtwL8WhylaISl32pX&y=U2FsdGVkX18aZc9d3GiNHgkn4w1NQUfKmYHxZQ3sQXYtR98PyIqYdHNZbGFaIjSF HTTP/1.1" 200 60
201.245.192.253 - - [24/Feb/2024:17:13:26 -0500] "POST /kwsrmcab/Wsrmcab  HTTP/1.1" 200 213
172.22.2.4 - - [24/Feb/2024:17:13:25 -0500] "HEAD /BLA/boletinlegal/ HTTP/1.1" 200 -
172.22.2.4 - - [24/Feb/2024:17:14:16 -0500] "GET /BLA/boletinlegal/ HTTP/1.1" 200 60380
191.102.67.229 - - [24/Feb/2024:17:17:03 -0500] "GET /galeria/galeria/jquery.fancybox.css?v=2.1.5 HTTP/1.1" 200 4895
216.245.221.92 - - [24/Feb/2024:17:17:15 -0500] "HEAD / HTTP/1.1" 200 -
201.245.192.253 - - [24/Feb/2024:17:18:25 -0500] "POST /kwsrmcab/Wsrmcab  HTTP/1.1" 200 213
52.167.144.216 - - [24/Feb/2024:17:18:30 -0500] "GET /BLA/resoluciones/AUTOS%202022/0478.pdf HTTP/1.1" 304 -
190.27.10.11 - - [24/Feb/2024:17:18:36 -0500] "GET /centro-vive-jornadas-de-educacion-ambiental-para-la-gestion-adecuada-de-residuos.html HTTP/1.1" 200 870
186.29.142.197 - - [24/Feb/2024:17:19:37 -0500] "GET /centro-vive-jornadas-de-educacion-ambiental-para-la-gestion-adecuada-de-residuos.html HTTP/1.1" 200 870
172.22.2.4 - - [24/Feb/2024:17:19:57 -0500] "GET /BLA/boletinlegal/Circulares/2021/CIRCULAR%20No.%2000007%20DEL%2010%20DE%20AGOSTO%20DEL%202021.pdf HTTP/1.1" 200 266364
201.245.192.253 - - [24/Feb/2024:17:20:02 -0500] "POST /kwsrmcab/Wsrmcab HTTP/1.1" 200 38137
201.245.192.253 - - [24/Feb/2024:17:20:05 -0500] "POST /kwsrmcab/Wsrmcab HTTP/1.1" 200 37692
201.245.192.253 - - [24/Feb/2024:17:20:09 -0500] "POST /kwsrmcab/Wsrmcab HTTP/1.1" 200 38156
201.245.192.253 - - [24/Feb/2024:17:20:52 -0500] "POST /kwsrmcab/Wsrmcab HTTP/1.1" 200 37692
172.22.2.4 - - [24/Feb/2024:17:19:15 -0500] "HEAD /BLA/boletinlegal/ HTTP/1.1" 200 -
172.22.2.4 - - [24/Feb/2024:17:20:06 -0500] "GET /BLA/boletinlegal/ HTTP/1.1" 200 58720
216.245.221.92 - - [24/Feb/2024:17:22:15 -0500] "HEAD / HTTP/1.1" 200 -
201.245.192.253 - - [24/Feb/2024:17:23:01 -0500] "GET /sipse/faces/faces/autenticacion.xhtml HTTP/1.1" 200 12405
201.245.192.253 - - [24/Feb/2024:17:23:01 -0500] "GET /sipse/css/custom_css_sg.css HTTP/1.1" 200 9694
201.245.192.253 - - [24/Feb/2024:17:23:01 -0500] "GET /sipse/css/custom_css_sg_prime_login.css HTTP/1.1" 200 443
201.245.192.253 - - [24/Feb/2024:17:23:01 -0500] "GET /sipse/faces/javax.faces.resource/layout/layout.css?ln=primefaces&v=4.0 HTTP/1.1" 200 542
201.245.192.253 - - [24/Feb/2024:17:23:01 -0500] "GET /sipse/js/disable_browser_buttons.js HTTP/1.1" 304 -
201.245.192.253 - - [24/Feb/2024:17:23:01 -0500] "GET /sipse/js/funciones.js HTTP/1.1" 304 -
201.245.192.253 - - [24/Feb/2024:17:23:01 -0500] "GET /sipse/faces/javax.faces.resource/primefaces.js?ln=primefaces&v=4.0 HTTP/1.1" 304 -
201.245.192.253 - - [24/Feb/2024:17:23:01 -0500] "GET /sipse/faces/javax.faces.resource/jquery/jquery-plugins.js?ln=primefaces&v=4.0 HTTP/1.1" 304 -
201.245.192.253 - - [24/Feb/2024:17:23:01 -0500] "GET /sipse/faces/javax.faces.resource/jquery/jquery.js?ln=primefaces&v=4.0 HTTP/1.1" 304 -
201.245.192.253 - - [24/Feb/2024:17:23:01 -0500] "GET /sipse/faces/javax.faces.resource/layout/layout.js?ln=primefaces&v=4.0 HTTP/1.1" 304 -
201.245.192.253 - - [24/Feb/2024:17:23:01 -0500] "GET /sipse/faces/javax.faces.resource/theme.css?ln=primefaces-sipse HTTP/1.1" 200 50058
201.245.192.253 - - [24/Feb/2024:17:23:01 -0500] "GET /sipse/faces/javax.faces.resource/primefaces.css?ln=primefaces&v=4.0 HTTP/1.1" 200 53295
201.245.192.253 - - [24/Feb/2024:17:23:01 -0500] "GET /sipse/faces/javax.faces.resource/images/ui-icons_898989_256x240.png?ln=primefaces-aristo HTTP/1.1" 200 5355
201.245.192.253 - - [24/Feb/2024:17:23:01 -0500] "GET /sipse/css/imagen/logoSDG.png HTTP/1.1" 200 53064
201.245.192.253 - - [24/Feb/2024:17:23:01 -0500] "GET /sipse/css/imagen/loginimg.png HTTP/1.1" 200 71635
201.245.192.253 - - [24/Feb/2024:17:23:01 -0500] "GET /favicon.ico HTTP/1.1" 200 7782
201.245.192.253 - - [24/Feb/2024:17:23:05 -0500] "POST /sipse/faces/autenticacion.xhtml HTTP/1.1" 200 16291
201.245.192.253 - - [24/Feb/2024:17:23:05 -0500] "GET /sipse/css/custom_css_sg_prime.css HTTP/1.1" 200 5201
201.245.192.253 - - [24/Feb/2024:17:23:05 -0500] "GET /sipse/js/jquery.min.js HTTP/1.1" 304 -
201.245.192.253 - - [24/Feb/2024:17:23:05 -0500] "GET /sipse/faces/javax.faces.resource/jquery/jquery.js?ln=primefaces&v=4.0 HTTP/1.1" 304 -
201.245.192.253 - - [24/Feb/2024:17:23:05 -0500] "GET /sipse/faces/javax.faces.resource/jquery/jquery-plugins.js?ln=primefaces&v=4.0 HTTP/1.1" 304 -
201.245.192.253 - - [24/Feb/2024:17:23:05 -0500] "GET /sipse/faces/javax.faces.resource/primefaces.js?ln=primefaces&v=4.0 HTTP/1.1" 304 -
201.245.192.253 - - [24/Feb/2024:17:23:06 -0500] "GET /sipse/faces/javax.faces.resource/layout/layout.js?ln=primefaces&v=4.0 HTTP/1.1" 304 -
201.245.192.253 - - [24/Feb/2024:17:23:06 -0500] "GET /sipse/css/v_mergente.css HTTP/1.1" 200 1505
201.245.192.253 - - [24/Feb/2024:17:23:06 -0500] "GET /sipse/imagenes/cargando.gif HTTP/1.1" 200 36959
201.245.192.253 - - [24/Feb/2024:17:23:06 -0500] "GET /sipse/css/imagen/contrasena.png HTTP/1.1" 404 383
201.245.192.253 - - [24/Feb/2024:17:23:06 -0500] "GET /sipse/imagenes/logoAplicacion.jpg HTTP/1.1" 200 155084
201.245.192.253 - - [24/Feb/2024:17:23:06 -0500] "GET /sipse/faces/javax.faces.resource/messages/messages.png?ln=primefaces&v=4.0 HTTP/1.1" 200 27209
201.245.192.253 - - [24/Feb/2024:17:23:08 -0500] "GET /sipse/faces/javax.faces.resource/images/ui-bg_flat_0_2d5972_40x100.png?ln=primefaces-aristo HTTP/1.1" 200 183
201.245.192.253 - - [24/Feb/2024:17:23:08 -0500] "POST /sipse/faces/bienvenido.xhtml HTTP/1.1" 200 1471
201.245.192.253 - - [24/Feb/2024:17:23:09 -0500] "POST /sipse/faces/bienvenido.xhtml HTTP/1.1" 200 61715
201.245.192.253 - - [24/Feb/2024:17:23:09 -0500] "GET /sipse/faces/javax.faces.resource/jquery/jquery.js?ln=primefaces&v=4.0 HTTP/1.1" 304 -
201.245.192.253 - - [24/Feb/2024:17:23:09 -0500] "GET /sipse/faces/javax.faces.resource/jquery/jquery-plugins.js?ln=primefaces&v=4.0 HTTP/1.1" 304 -
201.245.192.253 - - [24/Feb/2024:17:23:09 -0500] "GET /sipse/faces/javax.faces.resource/primefaces.js?ln=primefaces&v=4.0 HTTP/1.1" 304 -
201.245.192.253 - - [24/Feb/2024:17:23:10 -0500] "GET /sipse/faces/javax.faces.resource/layout/layout.js?ln=primefaces&v=4.0 HTTP/1.1" 304 -
201.245.192.253 - - [24/Feb/2024:17:23:10 -0500] "POST /sipse/faces/presentacion/financiero/solicitudProceso/listarSolicitudProceso.xhtml HTTP/1.1" 200 1556
201.245.192.253 - - [24/Feb/2024:17:23:14 -0500] "POST /sipse/faces/presentacion/financiero/solicitudProceso/listarSolicitudProceso.xhtml HTTP/1.1" 200 31600
201.245.192.253 - - [24/Feb/2024:17:23:23 -0500] "POST /kwsrmcab/Wsrmcab  HTTP/1.1" 200 213
186.102.51.144 - - [24/Feb/2024:17:24:16 -0500] "OPTIONS /kwssiamovil/sm/setfile/f? HTTP/1.1" 200 13
186.102.51.144 - - [24/Feb/2024:17:24:16 -0500] "POST /kwssiamovil/sm/setfile/f? HTTP/1.1" 200 381
186.102.51.144 - - [24/Feb/2024:17:24:24 -0500] "GET /kwssiamovil/sm/acme/a?s=U2FsdGVkX19obOAzeNF6Yy4CaxtLznNZjdLYcHP3JBB57mCKurw/+rgT+OT+/YQzzfqfYG9W6I/S5/+IxUYqZMIS0ezX2sRmcS4eMTQ7a6u+fbCgNY048l8YwkcRRcTQ2289Yn3wiLXkImXVIeDTwro8WRNjet2zoEKh6C4iyzErEsFFNgszS5YW16UYX6VcQyEGhgizCRh+L+HA1Bx2MRqMNgCmMtsjy5tm3nqLI1NudDg/ax2KC9S+7wTTf3yaOoUzWrgHkAcW+01tvBgnXg==&u=U2FsdGVkX1/SpS1L+fVs7yrv90IekYSA0zPMXHr7WNI=&y=U2FsdGVkX1+JOhmtghEfd6/VvJLXX4p3h8UcsYevk0Q6CC3W4diXT4zQpVrBnCwh HTTP/1.1" 200 26
186.102.51.144 - - [24/Feb/2024:17:24:25 -0500] "GET /kwssiamovil/sm/acme/a?s=U2FsdGVkX19LzSD9HjGYF+gWBSFQtDry5RqhpQ3wdOZqssOH14llAPHpttJGajbFcPKL9oZMx8pDNJbfmzwCQa/gYc5G+WRR2jtEpLitQzBgodFNxLhVFnNFklPbA6NEar8etQHlfygaCrA41/xg/kw6YFw7Y06tZKKTEqcvMp6afuD7ofRf4QCYu2cSZVYT348ZOwHEHjmDkJyGpSvw4zpaZSU3yalj0btj/F7Gjg6q1r8Bnw1QupeFDpxXZXbq96rbY61oZK96tqCM+hGWPuITQYZqeeVuLicHHKTnKUXIw74CP4rdZH7gzODw7Tleqi8yavGaM5mPDYfiRhz46O8Fqs9HHVR8aZy1pGeb1e36vg6Cr0+x6V9S4nZgPHM9eOrV1lGhlCbpluRr3zCjmxdyJzpidtV6bMnRy2cd6yi+mrA0CcMNdejhDrbEos5bf2kFTyuPRw5BeaYfifvzz3WJjlCrRX4UfH9lf4mlSE+gjbdHsIaEpQwmFQU4eZZh2IaFPd74k0qWegJU7MBsKXOv53RXTlLURRa8ObYyKnfUsHrOcXHq0lfcs7rHA8sBvFbMqzudFXCKAS6PVpcO8LzsM02EkHqJjkOfwgQZmLGkeQqBxOS29GfOguiaD5Onl/11bIWNLTkxhktocsZtvKfaRMfMAXEOi/R5KcV+DXPogG6OeuHD+UhBPOK5sIAEXS5PyJAAy/keaKCPa+o/G8kCbv+bMoXuP8RYOuGX7VyWZQl2Kaw9HZrlNgceRd+MMe1JGUaP6OaedDnu9CJgBvQE94gYqyopkFpONo91py7rO5mOlWYm4mUFlnXoah5+tmrqSONB0vocrRotUsPLBBXKgGWh7wteqKp2wtOT2C/ldkJX/up3q3+NcD/TOEjQ7mwgPXQqxas9teMMau+fAVbegABIcJ64Yd7eI8h3pOrXuxC5mIhqKH2G+Ww9PkPs04WrEwKjBG4daBN/Gb5YkIv1w6/vYp0evixAFUkJXuXESYyDDZGBSqOyX2KIzEvPwlXfwJupZz6QEwGXfvsjYnjy/K55cZIjk0gcwOedt+TTou8vThb9ifLLghaYs3iG6JFxyyhMjVVLZEgDl+CTV9cOp7gjPtoZ3OwU1y9HSfQbU4Bt3u/o0/wt8DkdkY/2QBe6vuTtZeTcI86ax91V4HLxfNW3K3TxicMzyqXtB5i8bllQSkxRU4NVdzVvJxKaTznowVcIr3GYiXB0S4Z8fQ81ZaxivvNjJvciDAiLWRw7QkAl0cGb312R8Z71nZ6m4+6iKk7nKDRhuCfGRrpz8//4bdvOKTBF7A3bxTuHdsHZjCwFClCLhY//LgF23UDQpylnLD3eys4JxnhIRqkljfzTrUSD4yx8HxG4rl4K1QFHTyu68Yw7yQldyH7w8yK4r0PKElt/cJ7ekrz5263HN8YmjQoeQw+gWNErWbIUUltf/Li/JjgcgujvcQzCljBUA0p9RCS5gZoAErdwvNZvAn+Fx0pYJ5y118XyoS4AentwBP/RR99JK59faTMLqVyBiSP6YGq8xZozzOn1K0xWRLZzRyvTaZbV7q8rl9nwUxc0gmELliWA1zlArjKN5LAxlebYhok5z+iEDgboAtvjoqkVMIKvii3FSKr+QJsdvYQ=&u=U2FsdGVkX1/SpS1L+fVs7yrv90IekYSA0zPMXHr7WNI=&y=U2FsdGVkX1+JOhmtghEfd6/VvJLXX4p3h8UcsYevk0Q6CC3W4diXT4zQpVrBnCwh HTTP/1.1" 200 26
186.102.51.144 - - [24/Feb/2024:17:24:25 -0500] "GET /kwssiamovil/sm/acme/a?s=U2FsdGVkX187I2Fz75jr4dR+QGuJrV90MDOQtjfcVvzv506iz2/IAXE/d8pDt4+sqgGoIsTXT/oBMNoXFRmS+ZC6bdtMnHV4YLz6YjVwP9MLJ5iLqGN/8QNG/QXWtf6D8z77Bkp7C+TMX6C0IVKfw3oRXGfuPPEwmLCX9yqiwc4=&u=U2FsdGVkX1/SpS1L+fVs7yrv90IekYSA0zPMXHr7WNI=&y=U2FsdGVkX1+JOhmtghEfd6/VvJLXX4p3h8UcsYevk0Q6CC3W4diXT4zQpVrBnCwh HTTP/1.1" 200 26
186.102.51.144 - - [24/Feb/2024:17:24:26 -0500] "GET /kwssiamovil/sm/acme/a?s=U2FsdGVkX1+Gm4uFu4fR341mJhqFd4BpLObyNLuuNT4XJNpmCKgP1gC+4tsFj9I7hjuatO57kGlxDCcSnMeucD2rxZnuU7zi/UVbhL+AlshcWzVIMaIGWRxskWvQp+TxYr3vVi+h7ZpjDPqcdt2aDq8PxI6w3ByKapYgpUnQhkc=&u=U2FsdGVkX1/SpS1L+fVs7yrv90IekYSA0zPMXHr7WNI=&y=U2FsdGVkX1+JOhmtghEfd6/VvJLXX4p3h8UcsYevk0Q6CC3W4diXT4zQpVrBnCwh HTTP/1.1" 200 26
186.102.51.144 - - [24/Feb/2024:17:24:26 -0500] "GET /kwssiamovil/sm/acme/a?s=U2FsdGVkX18oLRqFFr2zVsbqE4O3gFZNhiSmzcphh2zZz3SDtS63UwvzRGy32Ty1+K3X1A0WkHba74g2D1/KEznzmxbu803Pk6gzvYeYTfr5HlLKUPYGVZ4HnS53XcsG3QIl0lje4ARfK7aHri8vVjPzt6a9mpsjZs0CQDWSeik=&u=U2FsdGVkX1/SpS1L+fVs7yrv90IekYSA0zPMXHr7WNI=&y=U2FsdGVkX1+JOhmtghEfd6/VvJLXX4p3h8UcsYevk0Q6CC3W4diXT4zQpVrBnCwh HTTP/1.1" 200 26
201.245.192.253 - - [24/Feb/2024:17:24:26 -0500] "POST /sipse/faces/presentacion/financiero/solicitudProceso/listarSolicitudProceso.xhtml HTTP/1.1" 200 2501
186.102.51.144 - - [24/Feb/2024:17:24:26 -0500] "GET /kwssiamovil/sm/acme/a?s=U2FsdGVkX195fymxklGREj3d/f5NLtHuRpQTaN+rrzsUK86hGTV6MFR1V7GY+bYA47TItZlCjNc2BgfWGpET+7Cx79n2eiFYUj1URG8lwUE0q6HMgSYBRmqdYykWA/Hi+anvicjH2LhdsuLwYHGmN6Vcn1Fmw482xG5aHDfjVvrnsJf+rWcEfXJ54kjK330x4mN3lOf/6WQQc1p+U1/u3g==&u=U2FsdGVkX1/SpS1L+fVs7yrv90IekYSA0zPMXHr7WNI=&y=U2FsdGVkX1+JOhmtghEfd6/VvJLXX4p3h8UcsYevk0Q6CC3W4diXT4zQpVrBnCwh HTTP/1.1" 200 26
186.102.51.144 - - [24/Feb/2024:17:24:26 -0500] "GET /kwssiamovil/sm/acme/a?s=U2FsdGVkX19z3qzlxBjb+75donxTlpI7cYxKsBiAIGGibIUPGcugrAlbK9PQl5HludVsRUZjM5FSTci0mgVcsoZndHZTMKQrrhwguKGbU0TSRqlYbDLievIXU434CnkuoHEPHCH5dfMGizbwnSfCtRyCa8BUFZaIyjJ0Mai7MQNsQoHrXVw2VSa2XmwrwJmf0A+cMYITBwTpXbOP+N4qUJjU4bJVDhVeH2zmyz9kPpcpzml7MHxVvSSivezFgXJOcnbxkZbdKV7b3gkldx9h16sECwZ0ydHvYbPkdg6N/dH8WdGKjKiaJxecxGLPse/byw/h59LkYW09FK48HWQKKwbv8SnAAkLT2c/9cUg0YwK9cU4DWnuw6tNsH1kkJ6Fk/2rVpgOwTddPM/kx8EpZMTcbLgDlsOgRFDap8nb4Hz/eAoht0R6GSWldHXTjue1C&u=U2FsdGVkX1/SpS1L+fVs7yrv90IekYSA0zPMXHr7WNI=&y=U2FsdGVkX1+JOhmtghEfd6/VvJLXX4p3h8UcsYevk0Q6CC3W4diXT4zQpVrBnCwh HTTP/1.1" 200 26
186.102.51.144 - - [24/Feb/2024:17:24:27 -0500] "GET /kwssiamovil/sm/acme/a?s=U2FsdGVkX18Ajiau7LGCHNod6RFmtK4TZmTVrWHyJby6fOK6yP2TBT0wg2Yni1dr7QAjLC6Qu/II7qFOtw4XZo7+22xZzW9SDiS79iUksaRZi9qBAs4KtXB+RkK1H3dNbZHoym0OXM3RDGTmyaA0uoOX3amhowPrFksuPvb34LSRs0OjKQuBLk9YK+WW0j+GEMnkz3U1yVqzC+W6k/73XkCPyDBDhkx5vpSPyjdTFuFhy67E4Q8Pz4AfUvKVVlAuy5riSR6yY9C4BMkzpU08fRGrI94pHI+d+/lLMwReii7p6U7RcLU17iaJa92WJauv3igzYttu++ravFFTYNZhaiODzm08W4oOY9qws2sCz0epczDF7xoNHmuyXYVq7NGRem1qMrv94q6atCfDdknbZA==&u=U2FsdGVkX1/SpS1L+fVs7yrv90IekYSA0zPMXHr7WNI=&y=U2FsdGVkX1+JOhmtghEfd6/VvJLXX4p3h8UcsYevk0Q6CC3W4diXT4zQpVrBnCwh HTTP/1.1" 200 26
201.245.192.253 - - [24/Feb/2024:17:24:27 -0500] "POST /sipse/faces/presentacion/financiero/solicitudProceso/listarSolicitudProceso.xhtml HTTP/1.1" 200 38446
201.245.192.253 - - [24/Feb/2024:17:24:27 -0500] "GET /sipse/faces/javax.faces.resource/jquery/jquery.js?ln=primefaces&v=4.0 HTTP/1.1" 304 -
201.245.192.253 - - [24/Feb/2024:17:24:27 -0500] "GET /sipse/faces/javax.faces.resource/jquery/jquery-plugins.js?ln=primefaces&v=4.0 HTTP/1.1" 304 -
201.245.192.253 - - [24/Feb/2024:17:24:27 -0500] "GET /sipse/faces/javax.faces.resource/primefaces.js?ln=primefaces&v=4.0 HTTP/1.1" 304 -
201.245.192.253 - - [24/Feb/2024:17:24:27 -0500] "GET /sipse/faces/javax.faces.resource/layout/layout.js?ln=primefaces&v=4.0 HTTP/1.1" 304 -
201.245.192.253 - - [24/Feb/2024:17:24:28 -0500] "POST /sipse/faces/presentacion/financiero/solicitudProceso/consultar.xhtml HTTP/1.1" 200 31741
201.245.192.253 - - [24/Feb/2024:17:24:33 -0500] "POST /sipse/faces/presentacion/financiero/solicitudProceso/consultar.xhtml HTTP/1.1" 200 12764
201.245.192.253 - - [24/Feb/2024:17:24:47 -0500] "POST /sipse/faces/presentacion/financiero/solicitudProceso/consultar.xhtml HTTP/1.1" 200 12866
201.245.192.253 - - [24/Feb/2024:17:24:49 -0500] "POST /sipse/faces/presentacion/financiero/solicitudProceso/consultar.xhtml HTTP/1.1" 200 142373
201.245.192.253 - - [24/Feb/2024:17:24:51 -0500] "GET /sipse/faces/javax.faces.resource/jquery/jquery.js?ln=primefaces&v=4.0 HTTP/1.1" 304 -
201.245.192.253 - - [24/Feb/2024:17:24:51 -0500] "GET /sipse/faces/javax.faces.resource/jquery/jquery-plugins.js?ln=primefaces&v=4.0 HTTP/1.1" 304 -
201.245.192.253 - - [24/Feb/2024:17:24:51 -0500] "GET /sipse/faces/javax.faces.resource/primefaces.js?ln=primefaces&v=4.0 HTTP/1.1" 304 -
201.245.192.253 - - [24/Feb/2024:17:24:51 -0500] "GET /sipse/faces/javax.faces.resource/layout/layout.js?ln=primefaces&v=4.0 HTTP/1.1" 304 -
201.245.192.253 - - [24/Feb/2024:17:24:59 -0500] "POST /sipse/faces/presentacion/financiero/solicitudProceso/consultarSolicitudProceso.xhtml HTTP/1.1" 200 5514
185.242.226.10 - - [24/Feb/2024:17:25:11 -0500] "GET /portaldeninos/ HTTP/1.1" 200 110175
66.249.70.202 - - [24/Feb/2024:17:25:45 -0500] "GET /siipev/Diseno%20de%20Elementos%20de%20Mobiliario%20Urbano/Diseno%20pertenecientes%20al%20mobiliario%20urbano%20M10-M160/PARTE%20A/Dise%C3%B1o%20de%20Elementos%20M-82.pdf HTTP/1.1" 304 -
172.22.2.4 - - [24/Feb/2024:17:25:05 -0500] "HEAD /BLA/boletinlegal/ HTTP/1.1" 200 -
216.245.221.92 - - [24/Feb/2024:17:27:15 -0500] "HEAD / HTTP/1.1" 200 -
172.22.2.4 - - [24/Feb/2024:17:25:56 -0500] "GET /BLA/boletinlegal/ HTTP/1.1" 200 57136
201.245.192.253 - - [24/Feb/2024:17:28:21 -0500] "POST /kwsrmcab/Wsrmcab  HTTP/1.1" 200 213
201.245.192.253 - - [24/Feb/2024:17:30:03 -0500] "POST /kwsrmcab/Wsrmcab HTTP/1.1" 200 38137
201.245.192.253 - - [24/Feb/2024:17:30:05 -0500] "POST /kwsrmcab/Wsrmcab HTTP/1.1" 200 37692
201.245.192.253 - - [24/Feb/2024:17:30:09 -0500] "POST /kwsrmcab/Wsrmcab HTTP/1.1" 200 38156
201.245.192.253 - - [24/Feb/2024:17:30:52 -0500] "POST /kwsrmcab/Wsrmcab HTTP/1.1" 200 37692
216.245.221.92 - - [24/Feb/2024:17:32:15 -0500] "HEAD / HTTP/1.1" 200 -
172.22.2.4 - - [24/Feb/2024:17:32:34 -0500] "GET /BLA/boletinlegal/jurisprudencia/analisis/AnalisisC-746-12.docx HTTP/1.1" 200 22637
172.22.2.4 - - [24/Feb/2024:17:30:55 -0500] "HEAD /BLA/boletinlegal/ HTTP/1.1" 200 -
201.245.192.253 - - [24/Feb/2024:17:33:20 -0500] "POST /kwsrmcab/Wsrmcab  HTTP/1.1" 200 213
172.22.2.4 - - [24/Feb/2024:17:31:46 -0500] "GET /BLA/boletinlegal/ HTTP/1.1" 200 56779
172.22.2.4 - - [24/Feb/2024:17:32:40 -0500] "GET /BLA/boletinlegal/ HTTP/1.1" 200 59083
172.22.2.4 - - [24/Feb/2024:17:36:39 -0500] "GET /BLA/boletinlegal/Circulares/2019/.pdf HTTP/1.1" 404 1218
216.245.221.92 - - [24/Feb/2024:17:37:15 -0500] "HEAD / HTTP/1.1" 200 -
201.245.192.253 - - [24/Feb/2024:17:38:18 -0500] "POST /kwsrmcab/Wsrmcab  HTTP/1.1" 200 213
172.22.2.4 - - [24/Feb/2024:17:36:45 -0500] "HEAD /BLA/boletinlegal/ HTTP/1.1" 200 -
172.22.2.4 - - [24/Feb/2024:17:37:36 -0500] "GET /BLA/boletinlegal/ HTTP/1.1" 200 57889
201.245.192.253 - - [24/Feb/2024:17:40:03 -0500] "POST /kwsrmcab/Wsrmcab HTTP/1.1" 200 38137
201.245.192.253 - - [24/Feb/2024:17:40:06 -0500] "POST /kwsrmcab/Wsrmcab HTTP/1.1" 200 37692
186.102.51.144 - - [24/Feb/2024:17:40:08 -0500] "GET /kwssiamovil/sm/acme/u?s=U2FsdGVkX1/fsvfbMothbNHIorB/WdlAux06SYpOq636S96mwFxMGnJzUjmN/G74/qZDrLosHjbKA6LJXT8rTLa8snkCPllcHh5Q6UxTNbQKKRmivGtQPNjvHIHlpV4wIjr/+wUEj7IkOXdVtDZTur5Oc86L1xlgFrymN7ZhHY8=&u=U2FsdGVkX1/SpS1L+fVs7yrv90IekYSA0zPMXHr7WNI=&y=U2FsdGVkX1+JOhmtghEfd6/VvJLXX4p3h8UcsYevk0Q6CC3W4diXT4zQpVrBnCwh HTTP/1.1" 200 60
201.245.192.253 - - [24/Feb/2024:17:40:09 -0500] "POST /kwsrmcab/Wsrmcab HTTP/1.1" 200 38156
201.245.192.253 - - [24/Feb/2024:17:40:50 -0500] "POST /kwsrmcab/Wsrmcab HTTP/1.1" 200 37692
172.22.2.4 - - [24/Feb/2024:17:40:55 -0500] "GET /BLA/boletinlegal/Circulares/2018/Circular%20No.%2010%20del%2021%20de%20Septiembre%20de%202018.pdf HTTP/1.1" 200 163426
216.245.221.92 - - [24/Feb/2024:17:42:15 -0500] "HEAD / HTTP/1.1" 200 -
201.245.192.253 - - [24/Feb/2024:17:43:16 -0500] "POST /kwsrmcab/Wsrmcab  HTTP/1.1" 200 213
47.128.54.204 - - [24/Feb/2024:17:43:41 -0500] "GET /BLA/resoluciones/AUTOS%202006/AUTOS%202006%20901-1000/INDEX.DAT HTTP/1.1" 200 4000
172.22.2.4 - - [24/Feb/2024:17:42:35 -0500] "HEAD /BLA/boletinlegal/ HTTP/1.1" 200 -
172.22.2.4 - - [24/Feb/2024:17:43:26 -0500] "GET /BLA/boletinlegal/ HTTP/1.1" 200 58720
216.245.221.92 - - [24/Feb/2024:17:47:15 -0500] "HEAD / HTTP/1.1" 200 -
40.77.167.65 - - [24/Feb/2024:17:47:23 -0500] "GET /BLA/resoluciones/AUTOS%202022/2830.pdf HTTP/1.1" 304 -
172.22.2.4 - - [24/Feb/2024:17:47:54 -0500] "GET /BLA/boletinlegal/Directivas/2022/DIRECTIVA%20No.%2000001%20DEL%2015%20DE%20JUNIO%20DEL%202022.pdf HTTP/1.1" 200 290944
172.22.2.4 - - [24/Feb/2024:17:48:00 -0500] "GET /BLA/boletinlegal/Directivas/2017/Directiva%20No.%2002%20del%2017%20de%20Enero%20de%202017.pdf HTTP/1.1" 200 3521427
201.245.192.253 - - [24/Feb/2024:17:48:15 -0500] "POST /kwsrmcab/Wsrmcab  HTTP/1.1" 200 213
66.249.66.166 - - [24/Feb/2024:17:48:36 -0500] "GET /portaldeninos/gestion-del-riesgo-incendios-forestales/ HTTP/1.1" 200 86825
66.249.66.165 - - [24/Feb/2024:17:48:39 -0500] "GET /portaldeninos/wp-content/themes/betheme/css/shortcodes.css?ver=20.9.6 HTTP/1.1" 200 138889
66.249.66.166 - - [24/Feb/2024:17:48:39 -0500] "GET /portaldeninos/wp-includes/js/jquery/ui/widget.min.js?ver=1.11.4 HTTP/1.1" 200 6908
40.77.167.2 - - [24/Feb/2024:17:49:50 -0500] "GET /BLA/resoluciones/AUTOS%202017/3239.pdf HTTP/1.1" 200 270672
172.22.2.4 - - [24/Feb/2024:17:48:25 -0500] "HEAD /BLA/boletinlegal/ HTTP/1.1" 200 -
191.156.152.122 - - [24/Feb/2024:17:50:23 -0500] "GET /appsia/controlador HTTP/1.1" 200 4799
191.156.148.66 - - [24/Feb/2024:17:50:23 -0500] "GET /appsia/css/estilos.css HTTP/1.1" 200 4804
191.156.151.110 - - [24/Feb/2024:17:50:23 -0500] "GET /appsia/images/cabezoteHojaVida.png HTTP/1.1" 200 32493
191.156.153.110 - - [24/Feb/2024:17:50:31 -0500] "POST /appsia/controlador HTTP/1.1" 200 5437
191.156.151.110 - - [24/Feb/2024:17:50:33 -0500] "POST /appsia/controlador HTTP/1.1" 200 7797
191.156.156.46 - - [24/Feb/2024:17:50:37 -0500] "POST /appsia/controlador HTTP/1.1" 200 6670
191.156.156.46 - - [24/Feb/2024:17:50:38 -0500] "POST /appsia/controlador HTTP/1.1" 200 11737
172.22.2.4 - - [24/Feb/2024:17:49:16 -0500] "GET /BLA/boletinlegal/ HTTP/1.1" 200 58720
162.55.175.143 - - [24/Feb/2024:17:51:01 -0500] "GET / HTTP/1.1" 200 4720
201.245.192.253 - - [24/Feb/2024:17:51:46 -0500] "POST /sipse/faces/presentacion/financiero/solicitudProceso/consultarSolicitudProceso.xhtml HTTP/1.1" 200 62103
201.245.192.253 - - [24/Feb/2024:17:51:47 -0500] "GET /sipse/faces/javax.faces.resource/jquery/jquery.js?ln=primefaces&v=4.0 HTTP/1.1" 304 -
201.245.192.253 - - [24/Feb/2024:17:51:47 -0500] "GET /sipse/faces/javax.faces.resource/jquery/jquery-plugins.js?ln=primefaces&v=4.0 HTTP/1.1" 304 -
201.245.192.253 - - [24/Feb/2024:17:51:47 -0500] "GET /sipse/faces/javax.faces.resource/primefaces.js?ln=primefaces&v=4.0 HTTP/1.1" 304 -
201.245.192.253 - - [24/Feb/2024:17:51:47 -0500] "GET /sipse/faces/javax.faces.resource/layout/layout.js?ln=primefaces&v=4.0 HTTP/1.1" 304 -
201.245.192.253 - - [24/Feb/2024:17:51:47 -0500] "POST /sipse/faces/presentacion/financiero/solicitudProceso/listarSolicitudProceso.xhtml HTTP/1.1" 200 55372
201.245.192.253 - - [24/Feb/2024:17:51:47 -0500] "POST /sipse/faces/presentacion/financiero/solicitudProceso/listarSolicitudProceso.xhtml HTTP/1.1" 200 55372
201.245.192.253 - - [24/Feb/2024:17:51:48 -0500] "POST /sipse/faces/presentacion/financiero/solicitudProceso/listarSolicitudProceso.xhtml HTTP/1.1" 200 55372
201.245.192.253 - - [24/Feb/2024:17:51:48 -0500] "POST /sipse/faces/presentacion/financiero/solicitudProceso/listarSolicitudProceso.xhtml HTTP/1.1" 200 1556
201.245.192.253 - - [24/Feb/2024:17:51:48 -0500] "POST /sipse/faces/presentacion/financiero/solicitudProceso/listarSolicitudProceso.xhtml HTTP/1.1" 200 1552
201.245.192.253 - - [24/Feb/2024:17:51:48 -0500] "POST /sipse/faces/presentacion/financiero/solicitudProceso/listarSolicitudProceso.xhtml HTTP/1.1" 200 1564
201.245.192.253 - - [24/Feb/2024:17:51:48 -0500] "POST /sipse/faces/presentacion/financiero/solicitudProceso/listarSolicitudProceso.xhtml HTTP/1.1" 200 1552
201.245.192.253 - - [24/Feb/2024:17:51:54 -0500] "POST /sipse/faces/presentacion/financiero/solicitudProceso/listarSolicitudProceso.xhtml HTTP/1.1" 200 144627
201.245.192.253 - - [24/Feb/2024:17:51:56 -0500] "GET /sipse/faces/javax.faces.resource/jquery/jquery.js?ln=primefaces&v=4.0 HTTP/1.1" 304 -
201.245.192.253 - - [24/Feb/2024:17:51:56 -0500] "GET /sipse/faces/javax.faces.resource/jquery/jquery-plugins.js?ln=primefaces&v=4.0 HTTP/1.1" 304 -
201.245.192.253 - - [24/Feb/2024:17:51:56 -0500] "GET /sipse/faces/javax.faces.resource/primefaces.js?ln=primefaces&v=4.0 HTTP/1.1" 304 -
201.245.192.253 - - [24/Feb/2024:17:51:56 -0500] "GET /sipse/faces/javax.faces.resource/layout/layout.js?ln=primefaces&v=4.0 HTTP/1.1" 304 -
216.245.221.92 - - [24/Feb/2024:17:52:15 -0500] "HEAD / HTTP/1.1" 200 -
201.245.192.253 - - [24/Feb/2024:17:53:13 -0500] "POST /kwsrmcab/Wsrmcab  HTTP/1.1" 200 213
172.22.2.4 - - [24/Feb/2024:17:54:15 -0500] "HEAD /BLA/boletinlegal/ HTTP/1.1" 200 -
66.249.70.202 - - [24/Feb/2024:17:56:35 -0500] "GET /BLA/resoluciones/Notificaciones/AUTOS%202023/5828.pdf HTTP/1.1" 304 -
66.249.70.201 - - [24/Feb/2024:17:56:36 -0500] "GET /BLA/resoluciones/Notificaciones/REGISTROS%202023/00241.pdf HTTP/1.1" 304 -
172.22.2.4 - - [24/Feb/2024:17:55:06 -0500] "GET /BLA/boletinlegal/ HTTP/1.1" 200 58720
172.22.2.4 - - [24/Feb/2024:17:57:05 -0500] "GET /BLA/boletinlegal/actos.php HTTP/1.1" 200 9738
172.22.2.4 - - [24/Feb/2024:17:57:09 -0500] "GET /BLA/boletinlegal/dqgqoeCXckuwPtxov HTTP/1.1" 404 1018
172.22.2.4 - - [24/Feb/2024:17:57:10 -0500] "GET /BLA/boletinlegal/dqgqoeCXckuwPtxov HTTP/1.1" 404 1018
172.22.2.4 - - [24/Feb/2024:17:57:13 -0500] "GET /BLA/boletinlegal/images/cabezote%20BLEGAL.jpg HTTP/1.1" 200 118164
216.245.221.92 - - [24/Feb/2024:17:57:15 -0500] "HEAD / HTTP/1.1" 200 -
66.249.66.39 - - [24/Feb/2024:17:57:38 -0500] "GET /este-jueves-muevete-sostenible-y-dale-un-respiro-a-la-ciudad-en-el-dia-sin-carro-y-sin-moto.html HTTP/1.1" 304 -
47.128.49.41 - - [24/Feb/2024:17:57:57 -0500] "GET /BLA/resoluciones/index.php?dir=RESOLUCIONES%202005%2FRES%202005%20%201701-1750%2F&order=asc&sort=name HTTP/1.1" 200 12210
47.128.49.41 - - [24/Feb/2024:17:57:58 -0500] "GET /BLA/resoluciones/dlf/unknown.png HTTP/1.1" 200 266
47.128.49.41 - - [24/Feb/2024:17:57:58 -0500] "GET /BLA/resoluciones/dlf/dirup.png HTTP/1.1" 200 644
201.245.192.253 - - [24/Feb/2024:17:58:12 -0500] "POST /kwsrmcab/Wsrmcab  HTTP/1.1" 200 213
172.22.2.4 - - [24/Feb/2024:17:58:18 -0500] "GET /BLA/boletinlegal/images/cabezote%20BLEGAL.jpg HTTP/1.1" 200 118164
172.22.2.4 - - [24/Feb/2024:17:56:57 -0500] "GET /BLA/boletinlegal/index.php HTTP/1.1" 200 62720
172.22.2.4 - - [24/Feb/2024:17:59:47 -0500] "GET /BLA/boletinlegal/images/cabezote%20BLEGAL.jpg HTTP/1.1" 200 118164
172.22.2.4 - - [24/Feb/2024:18:00:05 -0500] "HEAD /BLA/boletinlegal/ HTTP/1.1" 200 -
216.245.221.92 - - [24/Feb/2024:18:02:15 -0500] "HEAD / HTTP/1.1" 200 -
172.22.2.4 - - [24/Feb/2024:18:00:56 -0500] "GET /BLA/boletinlegal/ HTTP/1.1" 200 53818
201.245.192.253 - - [24/Feb/2024:18:03:11 -0500] "POST /kwsrmcab/Wsrmcab  HTTP/1.1" 200 213
31.13.127.6 - - [24/Feb/2024:18:03:32 -0500] "GET /images/Rueda%20de%20prensa.jpeg HTTP/1.1" 200 58715
181.53.96.57 - - [24/Feb/2024:18:04:19 -0500] "GET /guadalupe-aguanoso-y-otros-senderos-disponibles-para-el-disfrute-de-los-ciudadanos.html?fbclid=IwAR0dYWWG84BF4tLI-wwaDdP-McbxCsbBxULb0rr-yq6VK6csx1S6czqv_MM HTTP/1.1" 200 873
47.128.47.182 - - [24/Feb/2024:18:04:57 -0500] "GET /BLA/resoluciones/index.php?dir=RESOLUCIONES+2002%2FRES+2002+601-650%2F HTTP/1.1" 200 12037
47.128.47.182 - - [24/Feb/2024:18:04:58 -0500] "GET /BLA/resoluciones/dlf/unknown.png HTTP/1.1" 200 266
47.128.47.182 - - [24/Feb/2024:18:04:58 -0500] "GET /BLA/resoluciones/dlf/dirup.png HTTP/1.1" 200 644
172.22.2.4 - - [24/Feb/2024:18:04:49 -0500] "GET /BLA/boletinlegal/ HTTP/1.1" 200 59967
186.84.89.251 - - [24/Feb/2024:18:06:46 -0500] "POST /appsia/controlador HTTP/1.1" 200 3226
186.84.89.251 - - [24/Feb/2024:18:06:46 -0500] "GET /appsia/jscripts/validarSolicitud.js HTTP/1.1" 404 68
216.245.221.92 - - [24/Feb/2024:18:07:15 -0500] "HEAD / HTTP/1.1" 200 -
172.22.2.4 - - [24/Feb/2024:18:05:55 -0500] "HEAD /BLA/boletinlegal/ HTTP/1.1" 200 -
201.245.192.253 - - [24/Feb/2024:18:08:09 -0500] "POST /kwsrmcab/Wsrmcab  HTTP/1.1" 200 213
172.22.2.4 - - [24/Feb/2024:18:06:46 -0500] "GET /BLA/boletinlegal/ HTTP/1.1" 200 60730
74.125.210.172 - - [24/Feb/2024:18:08:35 -0500] "GET /portaldeninos/wp-content/uploads/2020/11/Juan-Amarillo-B-1024x576.jpg HTTP/1.1" 200 102324
186.80.196.101 - - [24/Feb/2024:18:08:36 -0500] "GET /portaldeninos/humedal-juan-amarillo-2/ HTTP/1.1" 200 88155
186.80.196.101 - - [24/Feb/2024:18:08:37 -0500] "GET /portaldeninos/wp-includes/js/wp-emoji-release.min.js?ver=4.9.8 HTTP/1.1" 200 12026
186.80.196.101 - - [24/Feb/2024:18:08:37 -0500] "GET /portaldeninos/wp-content/themes/betheme/style.css?ver=20.9.6 HTTP/1.1" 200 287
186.80.196.101 - - [24/Feb/2024:18:08:37 -0500] "GET /portaldeninos/wp-content/uploads/useanyfont/uaf.css?ver=1589905315 HTTP/1.1" 200 408
186.80.196.101 - - [24/Feb/2024:18:08:37 -0500] "GET /portaldeninos/wp-content/plugins/gallery-videos/CSS/totalsoft.css?ver=4.9.8 HTTP/1.1" 200 40622
186.80.196.101 - - [24/Feb/2024:18:08:37 -0500] "GET /portaldeninos/wp-content/plugins/gallery-videos/CSS/Total-Soft-Gallery-Video-Widget.css?ver=4.9.8 HTTP/1.1" 200 51554
186.80.196.101 - - [24/Feb/2024:18:08:37 -0500] "GET /portaldeninos/wp-content/themes/betheme/assets/ui/jquery.ui.all.css?ver=20.9.6 HTTP/1.1" 200 18765
186.80.196.101 - - [24/Feb/2024:18:08:37 -0500] "GET /portaldeninos/wp-content/themes/betheme/css/shortcodes.css?ver=20.9.6 HTTP/1.1" 200 138889
186.80.196.101 - - [24/Feb/2024:18:08:37 -0500] "GET /portaldeninos/wp-content/themes/betheme/assets/jplayer/css/jplayer.blue.monday.css?ver=20.9.6 HTTP/1.1" 200 9834
186.80.196.101 - - [24/Feb/2024:18:08:37 -0500] "GET /portaldeninos/wp-content/themes/betheme/assets/animations/animations.min.css?ver=20.9.6 HTTP/1.1" 200 58508
186.80.196.101 - - [24/Feb/2024:18:08:37 -0500] "GET /portaldeninos/wp-content/themes/betheme/css/base.css?ver=20.9.6 HTTP/1.1" 200 57283
186.80.196.101 - - [24/Feb/2024:18:08:37 -0500] "GET /portaldeninos/wp-content/plugins/google-analytics-for-wordpress/assets/js/frontend-gtag.min.js?ver=8.5.0 HTTP/1.1" 200 11801
186.80.196.101 - - [24/Feb/2024:18:08:37 -0500] "GET /portaldeninos/wp-content/themes/betheme/css/responsive.css?ver=20.9.6 HTTP/1.1" 200 55740
186.80.196.101 - - [24/Feb/2024:18:08:37 -0500] "GET /portaldeninos/wp-includes/js/jquery/jquery-migrate.min.js?ver=1.4.1 HTTP/1.1" 200 10056
186.80.196.101 - - [24/Feb/2024:18:08:37 -0500] "GET /portaldeninos/wp-includes/js/jquery/ui/core.min.js?ver=1.11.4 HTTP/1.1" 200 4000
186.80.196.101 - - [24/Feb/2024:18:08:37 -0500] "GET /portaldeninos/wp-content/themes/betheme/css/layout.css?ver=20.9.6 HTTP/1.1" 200 116639
186.80.196.101 - - [24/Feb/2024:18:08:37 -0500] "GET /portaldeninos/wp-content/plugins/gallery-videos/JS/modernizr.custom.js?ver=4.9.8 HTTP/1.1" 200 9019
186.80.196.101 - - [24/Feb/2024:18:08:37 -0500] "GET /portaldeninos/wp-includes/js/jquery/jquery.js?ver=1.12.4 HTTP/1.1" 200 97184
186.80.196.101 - - [24/Feb/2024:18:08:37 -0500] "GET /portaldeninos/wp-content/uploads/2019/08/Logo-Ambientic.png HTTP/1.1" 200 22941
186.80.196.101 - - [24/Feb/2024:18:08:37 -0500] "GET /portaldeninos/wp-content/plugins/gallery-videos/JS/Total-Soft-Gallery-Video-Widget.js?ver=4.9.8 HTTP/1.1" 200 80264
186.80.196.101 - - [24/Feb/2024:18:08:37 -0500] "GET /portaldeninos/wp-includes/js/jquery/ui/widget.min.js?ver=1.11.4 HTTP/1.1" 200 6908
186.80.196.101 - - [24/Feb/2024:18:08:37 -0500] "GET /portaldeninos/wp-content/uploads/2020/11/Juan-Amarillo-B-1024x576.jpg HTTP/1.1" 200 102324
186.80.196.101 - - [24/Feb/2024:18:08:37 -0500] "GET /portaldeninos/wp-includes/js/jquery/ui/mouse.min.js?ver=1.11.4 HTTP/1.1" 200 3148
186.80.196.101 - - [24/Feb/2024:18:08:37 -0500] "GET /portaldeninos/wp-content/themes/betheme/js/menu.js?ver=20.9.6 HTTP/1.1" 200 2449
186.80.196.101 - - [24/Feb/2024:18:08:37 -0500] "GET /portaldeninos/wp-includes/js/jquery/ui/tabs.min.js?ver=1.11.4 HTTP/1.1" 200 12110
186.80.196.101 - - [24/Feb/2024:18:08:37 -0500] "GET /portaldeninos/wp-includes/js/jquery/ui/accordion.min.js?ver=1.11.4 HTTP/1.1" 200 8584
186.80.196.101 - - [24/Feb/2024:18:08:37 -0500] "GET /portaldeninos/wp-includes/js/jquery/ui/sortable.min.js?ver=1.11.4 HTTP/1.1" 200 24899
186.80.196.101 - - [24/Feb/2024:18:08:37 -0500] "GET /portaldeninos/wp-content/themes/betheme/assets/animations/animations.min.js?ver=20.9.6 HTTP/1.1" 200 1896
186.80.196.101 - - [24/Feb/2024:18:08:37 -0500] "GET /portaldeninos/wp-content/themes/betheme/fonts/mfn-icons.woff?93978679 HTTP/1.1" 200 80932
186.80.196.101 - - [24/Feb/2024:18:08:37 -0500] "GET /portaldeninos/wp-includes/js/wp-embed.min.js?ver=4.9.8 HTTP/1.1" 200 1398
186.80.196.101 - - [24/Feb/2024:18:08:37 -0500] "GET /portaldeninos/wp-content/themes/betheme/images/box_shadow.png HTTP/1.1" 200 108
186.80.196.101 - - [24/Feb/2024:18:08:37 -0500] "GET /portaldeninos/wp-content/themes/betheme/assets/jplayer/jplayer.min.js?ver=20.9.6 HTTP/1.1" 200 52702
186.80.196.101 - - [24/Feb/2024:18:08:37 -0500] "GET /portaldeninos/wp-content/themes/betheme/js/scripts.js?ver=20.9.6 HTTP/1.1" 200 77162
186.80.196.101 - - [24/Feb/2024:18:08:37 -0500] "GET /portaldeninos/wp-content/themes/betheme/js/plugins.js?ver=20.9.6 HTTP/1.1" 200 197151
186.80.196.101 - - [24/Feb/2024:18:08:37 -0500] "GET /portaldeninos/wp-content/uploads/2020/11/Juan-Amarillo-B.jpg HTTP/1.1" 200 1542889
114.119.132.170 - - [24/Feb/2024:18:09:02 -0500] "GET /BLA/resoluciones/index.php?dir=AUTOS%2B2020/ HTTP/1.1" 200 14291
186.80.196.101 - - [24/Feb/2024:18:09:04 -0500] "GET /portaldeninos/wp-content/plugins/popup-maker/assets/css/site.min.css?ver=1.8.14 HTTP/1.1" 200 8260
186.80.196.101 - - [24/Feb/2024:18:09:04 -0500] "GET /portaldeninos/ HTTP/1.1" 200 110175
186.80.196.101 - - [24/Feb/2024:18:09:04 -0500] "GET /portaldeninos/wp-includes/js/jquery/ui/position.min.js?ver=1.11.4 HTTP/1.1" 200 6527
186.80.196.101 - - [24/Feb/2024:18:09:04 -0500] "GET /portaldeninos/wp-content/uploads/2021/06/titulo-cabezote-ni%C3%B1os.png HTTP/1.1" 200 64425
186.80.196.101 - - [24/Feb/2024:18:09:04 -0500] "GET /portaldeninos/wp-content/uploads/2021/06/titulo-miambiente-ni%C3%B1os.png HTTP/1.1" 200 11944
186.80.196.101 - - [24/Feb/2024:18:09:04 -0500] "GET /portaldeninos/wp-content/plugins/popup-maker/assets/js/site.min.js?defer&ver=1.8.14 HTTP/1.1" 200 48457
186.80.196.101 - - [24/Feb/2024:18:09:04 -0500] "GET /portaldeninos/wp-content/uploads/2021/06/titulo-videos-ni%C3%B1os.png HTTP/1.1" 200 10502
186.80.196.101 - - [24/Feb/2024:18:09:05 -0500] "GET /portaldeninos/wp-content/uploads/2021/06/titulo-humedales-ni%C3%B1os.png HTTP/1.1" 200 13361
186.80.196.101 - - [24/Feb/2024:18:09:04 -0500] "GET /portaldeninos/wp-content/uploads/2018/11/caneca.jpg HTTP/1.1" 200 262661
186.80.196.101 - - [24/Feb/2024:18:09:04 -0500] "GET /portaldeninos/wp-content/uploads/2018/11/tigrillo.jpg HTTP/1.1" 200 402961
186.80.196.101 - - [24/Feb/2024:18:09:04 -0500] "GET /portaldeninos/wp-content/uploads/2018/10/oso.jpg HTTP/1.1" 200 305180
186.80.196.101 - - [24/Feb/2024:18:09:05 -0500] "GET /portaldeninos/wp-content/uploads/2020/05/fb.jpg HTTP/1.1" 200 9893
186.80.196.101 - - [24/Feb/2024:18:09:04 -0500] "GET /portaldeninos/wp-content/uploads/2020/01/Frailejon-escenario.jpg HTTP/1.1" 200 357472
186.80.196.101 - - [24/Feb/2024:18:09:05 -0500] "GET /portaldeninos/wp-content/uploads/2020/05/ig.jpg HTTP/1.1" 200 11470
186.80.196.101 - - [24/Feb/2024:18:09:05 -0500] "GET /portaldeninos/wp-content/uploads/2020/06/yt.jpg HTTP/1.1" 200 10577
186.80.196.101 - - [24/Feb/2024:18:09:04 -0500] "GET /portaldeninos/wp-content/uploads/2020/01/Tierra-escenario.jpg HTTP/1.1" 200 181491
186.80.196.101 - - [24/Feb/2024:18:09:05 -0500] "GET /portaldeninos/wp-content/themes/betheme/images/stripes/stripes_3_b.png HTTP/1.1" 200 974
186.80.196.101 - - [24/Feb/2024:18:09:05 -0500] "GET /portaldeninos/wp-content/uploads/2020/06/tw.jpg HTTP/1.1" 200 11056
186.80.196.101 - - [24/Feb/2024:18:09:05 -0500] "GET /portaldeninos/wp-content/uploads/2023/08/Infografia-Web-Infantil.mp4 HTTP/1.1" 206 199638
186.80.196.101 - - [24/Feb/2024:18:09:05 -0500] "GET /portaldeninos/wp-content/uploads/2022/08/Infograf%C3%ADa-humedales-actualizada.png HTTP/1.1" 200 588022
186.80.196.101 - - [24/Feb/2024:18:09:05 -0500] "GET /portaldeninos/wp-json/pum/v1/analytics/?event=open&pid=1126&_cache=1708816135104 HTTP/1.1" 204 -
186.80.196.101 - - [24/Feb/2024:18:09:05 -0500] "GET /portaldeninos/wp-content/uploads/2022/08/HUmedalConejera03-1.jpg HTTP/1.1" 200 12388495
186.80.196.101 - - [24/Feb/2024:18:09:05 -0500] "GET /portaldeninos/wp-content/uploads/2019/06/CabezoteAMBIENTIC.mp4 HTTP/1.1" 206 21677757
186.80.196.101 - - [24/Feb/2024:18:09:05 -0500] "GET /portaldeninos/wp-content/uploads/2023/08/Infografia-Web-Infantil.mp4 HTTP/1.1" 206 9033289
172.22.2.4 - - [24/Feb/2024:18:10:09 -0500] "GET /BLA/boletinlegal/ HTTP/1.1" 200 20427
66.249.70.200 - - [24/Feb/2024:18:10:45 -0500] "GET /Publicaciones/2023EE263802.pdf HTTP/1.1" 404 228
172.22.2.4 - - [24/Feb/2024:18:10:09 -0500] "GET /BLA/boletinlegal/ HTTP/1.1" 200 36811
172.22.2.4 - - [24/Feb/2024:18:11:26 -0500] "GET /BLA/boletinlegal/js/jquery.scrollShow.js HTTP/1.1" 200 4586
172.22.2.4 - - [24/Feb/2024:18:11:26 -0500] "GET /BLA/boletinlegal/js/jquery.js HTTP/1.1" 200 57254
172.22.2.4 - - [24/Feb/2024:18:11:26 -0500] "GET /BLA/boletinlegal/js/jquery.scrollTo-min.js HTTP/1.1" 200 1150
104.237.145.235 - - [24/Feb/2024:18:11:34 -0500] "HEAD / HTTP/1.1" 200 -
172.22.2.4 - - [24/Feb/2024:18:11:16 -0500] "GET /BLA/boletinlegal/ HTTP/1.1" 200 32715
216.245.221.92 - - [24/Feb/2024:18:12:15 -0500] "HEAD / HTTP/1.1" 200 -
205.210.31.43 - - [24/Feb/2024:18:12:38 -0500] "\x16\x03\x01" 400 226
205.210.31.43 - - [24/Feb/2024:18:12:38 -0500] "\x16\x03\x01" 400 226
172.22.2.4 - - [24/Feb/2024:18:12:49 -0500] "GET /BLA/boletinlegal/normativa.php HTTP/1.1" 200 8397
172.22.2.4 - - [24/Feb/2024:18:12:50 -0500] "GET /BLA/boletinlegal/niceforms-default.css HTTP/1.1" 200 6694
172.22.2.4 - - [24/Feb/2024:18:12:50 -0500] "GET /BLA/boletinlegal/style.css HTTP/1.1" 200 9406
172.22.2.4 - - [24/Feb/2024:18:12:51 -0500] "GET /BLA/boletinlegal/styles2.css HTTP/1.1" 200 1838
172.22.2.4 - - [24/Feb/2024:18:12:51 -0500] "GET /BLA/boletinlegal/js/ajax_normativa.js HTTP/1.1" 200 1154
172.22.2.4 - - [24/Feb/2024:18:12:51 -0500] "GET /BLA/boletinlegal/niceforms.js HTTP/1.1" 200 22876
