40.77.167.46 - - [24/Feb/2024:09:51:51 -0500] "GET /sipse/faces/autenticacion.xhtml HTTP/1.1" 200 12727
181.53.12.90 - - [24/Feb/2024:09:52:11 -0500] "POST /sipse/faces/presentacion/contratacion/contratista/crearModificarContratista.xhtml HTTP/1.1" 200 32502
181.53.12.90 - - [24/Feb/2024:09:52:11 -0500] "GET /sipse/faces/javax.faces.resource/primefaces.css?ln=primefaces&v=4.0 HTTP/1.1" 304 -
181.53.12.90 - - [24/Feb/2024:09:52:11 -0500] "GET /sipse/faces/javax.faces.resource/theme.css?ln=primefaces-sipse HTTP/1.1" 304 -
181.53.12.90 - - [24/Feb/2024:09:52:11 -0500] "GET /sipse/faces/javax.faces.resource/layout/layout.css?ln=primefaces&v=4.0 HTTP/1.1" 304 -
181.53.12.90 - - [24/Feb/2024:09:52:11 -0500] "GET /sipse/faces/javax.faces.resource/jquery/jquery.js?ln=primefaces&v=4.0 HTTP/1.1" 304 -
181.53.12.90 - - [24/Feb/2024:09:52:11 -0500] "GET /sipse/faces/javax.faces.resource/jquery/jquery-plugins.js?ln=primefaces&v=4.0 HTTP/1.1" 304 -
181.53.12.90 - - [24/Feb/2024:09:52:12 -0500] "GET /sipse/faces/javax.faces.resource/primefaces.js?ln=primefaces&v=4.0 HTTP/1.1" 304 -
181.53.12.90 - - [24/Feb/2024:09:52:12 -0500] "GET /sipse/faces/javax.faces.resource/layout/layout.js?ln=primefaces&v=4.0 HTTP/1.1" 304 -
216.245.221.92 - - [24/Feb/2024:09:52:16 -0500] "HEAD / HTTP/1.1" 200 -
172.22.2.4 - - [24/Feb/2024:09:52:26 -0500] "GET /BLA/boletinlegal/images/launch.jpg HTTP/1.1" 200 14577
172.22.2.4 - - [24/Feb/2024:09:50:57 -0500] "GET /BLA/boletinlegal/ HTTP/1.1" 200 60380
181.53.12.90 - - [24/Feb/2024:09:53:59 -0500] "GET /sipse/faces/javax.faces.resource/images/ui-icons_898989_256x240.png?ln=primefaces-aristo HTTP/1.1" 304 -
181.53.12.90 - - [24/Feb/2024:09:54:00 -0500] "POST /sipse/faces/presentacion/contratacion/procesoContractual/registrarInvitacionContratista.xhtml HTTP/1.1" 200 41233
181.53.12.90 - - [24/Feb/2024:09:54:00 -0500] "GET /sipse/faces/javax.faces.resource/theme.css?ln=primefaces-sipse HTTP/1.1" 304 -
181.53.12.90 - - [24/Feb/2024:09:54:00 -0500] "GET /sipse/faces/javax.faces.resource/jquery/jquery.js?ln=primefaces&v=4.0 HTTP/1.1" 304 -
181.53.12.90 - - [24/Feb/2024:09:54:00 -0500] "GET /sipse/faces/javax.faces.resource/primefaces.css?ln=primefaces&v=4.0 HTTP/1.1" 304 -
181.53.12.90 - - [24/Feb/2024:09:54:00 -0500] "GET /sipse/faces/javax.faces.resource/layout/layout.css?ln=primefaces&v=4.0 HTTP/1.1" 304 -
181.53.12.90 - - [24/Feb/2024:09:54:00 -0500] "GET /sipse/faces/javax.faces.resource/jquery/jquery-plugins.js?ln=primefaces&v=4.0 HTTP/1.1" 304 -
181.53.12.90 - - [24/Feb/2024:09:54:01 -0500] "GET /sipse/faces/javax.faces.resource/primefaces.js?ln=primefaces&v=4.0 HTTP/1.1" 304 -
181.53.12.90 - - [24/Feb/2024:09:54:01 -0500] "GET /sipse/faces/javax.faces.resource/layout/layout.js?ln=primefaces&v=4.0 HTTP/1.1" 304 -
201.245.192.253 - - [24/Feb/2024:09:55:29 -0500] "POST /kwsrmcab/Wsrmcab  HTTP/1.1" 200 213
216.245.221.92 - - [24/Feb/2024:09:57:16 -0500] "HEAD / HTTP/1.1" 200 -
172.22.2.4 - - [24/Feb/2024:09:55:56 -0500] "HEAD /BLA/boletinlegal/ HTTP/1.1" 200 -
216.244.66.195 - - [24/Feb/2024:09:58:13 -0500] "GET /BLA/resoluciones/AUTOS%202023/2906.pdf HTTP/1.1" 200 650324
181.53.12.90 - - [24/Feb/2024:09:58:20 -0500] "POST /sipse/faces/presentacion/financiero/estudioPrevio/personalSolicitado/expedirExperienciaIdoneidad.xhtml HTTP/1.1" 200 21023
181.53.12.90 - - [24/Feb/2024:09:58:20 -0500] "GET /sipse/faces/javax.faces.resource/theme.css?ln=primefaces-sipse HTTP/1.1" 304 -
181.53.12.90 - - [24/Feb/2024:09:58:20 -0500] "GET /sipse/faces/javax.faces.resource/primefaces.css?ln=primefaces&v=4.0 HTTP/1.1" 304 -
181.53.12.90 - - [24/Feb/2024:09:58:20 -0500] "GET /sipse/faces/javax.faces.resource/jquery/jquery.js?ln=primefaces&v=4.0 HTTP/1.1" 304 -
181.53.12.90 - - [24/Feb/2024:09:58:20 -0500] "GET /sipse/faces/javax.faces.resource/layout/layout.css?ln=primefaces&v=4.0 HTTP/1.1" 304 -
181.53.12.90 - - [24/Feb/2024:09:58:20 -0500] "GET /sipse/faces/javax.faces.resource/jquery/jquery-plugins.js?ln=primefaces&v=4.0 HTTP/1.1" 304 -
181.53.12.90 - - [24/Feb/2024:09:58:20 -0500] "GET /sipse/faces/javax.faces.resource/primefaces.js?ln=primefaces&v=4.0 HTTP/1.1" 304 -
181.53.12.90 - - [24/Feb/2024:09:58:20 -0500] "GET /sipse/faces/javax.faces.resource/layout/layout.js?ln=primefaces&v=4.0 HTTP/1.1" 304 -
172.22.2.4 - - [24/Feb/2024:09:56:47 -0500] "GET /BLA/boletinlegal/ HTTP/1.1" 200 58720
216.244.66.195 - - [24/Feb/2024:09:58:43 -0500] "GET /BLA/resoluciones/AUTOS%202023/3602.pdf HTTP/1.1" 200 450443
181.53.12.90 - - [24/Feb/2024:10:00:06 -0500] "POST /sipse/faces/presentacion/financiero/estudioPrevio/personalSolicitado/asociarExperienciaContratista.xhtml HTTP/1.1" 200 46558
181.53.12.90 - - [24/Feb/2024:10:00:06 -0500] "GET /sipse/faces/javax.faces.resource/primefaces.css?ln=primefaces&v=4.0 HTTP/1.1" 304 -
181.53.12.90 - - [24/Feb/2024:10:00:06 -0500] "GET /sipse/faces/javax.faces.resource/theme.css?ln=primefaces-sipse HTTP/1.1" 304 -
181.53.12.90 - - [24/Feb/2024:10:00:06 -0500] "GET /sipse/faces/javax.faces.resource/jquery/jquery-plugins.js?ln=primefaces&v=4.0 HTTP/1.1" 304 -
181.53.12.90 - - [24/Feb/2024:10:00:06 -0500] "GET /sipse/faces/javax.faces.resource/layout/layout.js?ln=primefaces&v=4.0 HTTP/1.1" 304 -
181.53.12.90 - - [24/Feb/2024:10:00:06 -0500] "GET /sipse/faces/javax.faces.resource/layout/layout.css?ln=primefaces&v=4.0 HTTP/1.1" 304 -
181.53.12.90 - - [24/Feb/2024:10:00:06 -0500] "GET /sipse/faces/javax.faces.resource/primefaces.js?ln=primefaces&v=4.0 HTTP/1.1" 304 -
181.53.12.90 - - [24/Feb/2024:10:00:06 -0500] "GET /sipse/faces/javax.faces.resource/jquery/jquery.js?ln=primefaces&v=4.0 HTTP/1.1" 304 -
181.53.12.90 - - [24/Feb/2024:10:00:09 -0500] "POST /sipse/faces/presentacion/financiero/estudioPrevio/personalSolicitado/expedirExperienciaIdoneidad.xhtml HTTP/1.1" 200 6421
181.53.12.90 - - [24/Feb/2024:10:00:09 -0500] "POST /sipse/faces/presentacion/financiero/estudioPrevio/personalSolicitado/expedirExperienciaIdoneidad.xhtml HTTP/1.1" 200 46241
181.53.12.90 - - [24/Feb/2024:10:00:10 -0500] "GET /sipse/faces/javax.faces.resource/layout/layout.css?ln=primefaces&v=4.0 HTTP/1.1" 304 -
181.53.12.90 - - [24/Feb/2024:10:00:10 -0500] "GET /sipse/faces/javax.faces.resource/layout/layout.js?ln=primefaces&v=4.0 HTTP/1.1" 304 -
181.53.12.90 - - [24/Feb/2024:10:00:10 -0500] "GET /sipse/faces/javax.faces.resource/jquery/jquery-plugins.js?ln=primefaces&v=4.0 HTTP/1.1" 304 -
181.53.12.90 - - [24/Feb/2024:10:00:10 -0500] "GET /sipse/faces/javax.faces.resource/jquery/jquery.js?ln=primefaces&v=4.0 HTTP/1.1" 304 -
181.53.12.90 - - [24/Feb/2024:10:00:10 -0500] "GET /sipse/faces/javax.faces.resource/theme.css?ln=primefaces-sipse HTTP/1.1" 304 -
181.53.12.90 - - [24/Feb/2024:10:00:10 -0500] "GET /sipse/faces/javax.faces.resource/primefaces.css?ln=primefaces&v=4.0 HTTP/1.1" 304 -
181.53.12.90 - - [24/Feb/2024:10:00:10 -0500] "GET /sipse/faces/javax.faces.resource/primefaces.js?ln=primefaces&v=4.0 HTTP/1.1" 304 -
181.53.12.90 - - [24/Feb/2024:10:00:19 -0500] "POST /sipse/faces/presentacion/financiero/estudioPrevio/personalSolicitado/expedirExperienciaIdoneidad.xhtml HTTP/1.1" 200 21023
181.53.12.90 - - [24/Feb/2024:10:00:19 -0500] "GET /sipse/faces/javax.faces.resource/theme.css?ln=primefaces-sipse HTTP/1.1" 304 -
181.53.12.90 - - [24/Feb/2024:10:00:19 -0500] "GET /sipse/faces/javax.faces.resource/layout/layout.css?ln=primefaces&v=4.0 HTTP/1.1" 304 -
181.53.12.90 - - [24/Feb/2024:10:00:19 -0500] "GET /sipse/faces/javax.faces.resource/primefaces.css?ln=primefaces&v=4.0 HTTP/1.1" 304 -
181.53.12.90 - - [24/Feb/2024:10:00:19 -0500] "GET /sipse/faces/javax.faces.resource/jquery/jquery.js?ln=primefaces&v=4.0 HTTP/1.1" 304 -
181.53.12.90 - - [24/Feb/2024:10:00:19 -0500] "GET /sipse/faces/javax.faces.resource/jquery/jquery-plugins.js?ln=primefaces&v=4.0 HTTP/1.1" 304 -
181.53.12.90 - - [24/Feb/2024:10:00:19 -0500] "GET /sipse/faces/javax.faces.resource/primefaces.js?ln=primefaces&v=4.0 HTTP/1.1" 304 -
181.53.12.90 - - [24/Feb/2024:10:00:19 -0500] "GET /sipse/faces/javax.faces.resource/layout/layout.js?ln=primefaces&v=4.0 HTTP/1.1" 304 -
201.245.192.253 - - [24/Feb/2024:10:00:27 -0500] "POST /kwsrmcab/Wsrmcab  HTTP/1.1" 200 213
172.22.2.4 - - [24/Feb/2024:10:00:35 -0500] "GET /BLA/boletinlegal/ HTTP/1.1" 200 60380
216.245.221.92 - - [24/Feb/2024:10:02:16 -0500] "HEAD / HTTP/1.1" 200 -
181.53.12.90 - - [24/Feb/2024:10:02:44 -0500] "POST /sipse/faces/presentacion/financiero/estudioPrevio/personalSolicitado/asociarExperienciaContratista.xhtml HTTP/1.1" 200 48155
181.53.12.90 - - [24/Feb/2024:10:02:44 -0500] "GET /sipse/faces/javax.faces.resource/primefaces.css?ln=primefaces&v=4.0 HTTP/1.1" 304 -
181.53.12.90 - - [24/Feb/2024:10:02:44 -0500] "GET /sipse/faces/javax.faces.resource/theme.css?ln=primefaces-sipse HTTP/1.1" 304 -
181.53.12.90 - - [24/Feb/2024:10:02:44 -0500] "GET /sipse/faces/javax.faces.resource/layout/layout.css?ln=primefaces&v=4.0 HTTP/1.1" 304 -
181.53.12.90 - - [24/Feb/2024:10:02:44 -0500] "GET /sipse/faces/javax.faces.resource/primefaces.js?ln=primefaces&v=4.0 HTTP/1.1" 304 -
181.53.12.90 - - [24/Feb/2024:10:02:44 -0500] "GET /sipse/faces/javax.faces.resource/jquery/jquery.js?ln=primefaces&v=4.0 HTTP/1.1" 304 -
181.53.12.90 - - [24/Feb/2024:10:02:44 -0500] "GET /sipse/faces/javax.faces.resource/jquery/jquery-plugins.js?ln=primefaces&v=4.0 HTTP/1.1" 304 -
181.53.12.90 - - [24/Feb/2024:10:02:44 -0500] "GET /sipse/faces/javax.faces.resource/layout/layout.js?ln=primefaces&v=4.0 HTTP/1.1" 304 -
181.53.12.90 - - [24/Feb/2024:10:03:01 -0500] "POST /sipse/faces/presentacion/financiero/estudioPrevio/personalSolicitado/expedirExperienciaIdoneidad.xhtml HTTP/1.1" 200 5717
181.53.12.90 - - [24/Feb/2024:10:03:01 -0500] "POST /sipse/faces/presentacion/financiero/estudioPrevio/personalSolicitado/expedirExperienciaIdoneidad.xhtml HTTP/1.1" 200 30452
181.53.12.90 - - [24/Feb/2024:10:03:02 -0500] "GET /sipse/faces/javax.faces.resource/primefaces.css?ln=primefaces&v=4.0 HTTP/1.1" 304 -
181.53.12.90 - - [24/Feb/2024:10:03:02 -0500] "GET /sipse/faces/javax.faces.resource/theme.css?ln=primefaces-sipse HTTP/1.1" 304 -
181.53.12.90 - - [24/Feb/2024:10:03:02 -0500] "GET /sipse/faces/javax.faces.resource/jquery/jquery-plugins.js?ln=primefaces&v=4.0 HTTP/1.1" 304 -
181.53.12.90 - - [24/Feb/2024:10:03:02 -0500] "GET /sipse/faces/javax.faces.resource/jquery/jquery.js?ln=primefaces&v=4.0 HTTP/1.1" 304 -
181.53.12.90 - - [24/Feb/2024:10:03:02 -0500] "GET /sipse/faces/javax.faces.resource/layout/layout.css?ln=primefaces&v=4.0 HTTP/1.1" 304 -
181.53.12.90 - - [24/Feb/2024:10:03:02 -0500] "GET /sipse/faces/javax.faces.resource/primefaces.js?ln=primefaces&v=4.0 HTTP/1.1" 304 -
181.53.12.90 - - [24/Feb/2024:10:03:02 -0500] "GET /sipse/faces/javax.faces.resource/layout/layout.js?ln=primefaces&v=4.0 HTTP/1.1" 304 -
181.53.12.90 - - [24/Feb/2024:10:03:05 -0500] "POST /sipse/faces/presentacion/contratacion/procesoContractual/registrarInvitacionContratista.xhtml HTTP/1.1" 200 9689
181.53.12.90 - - [24/Feb/2024:10:03:14 -0500] "POST /sipse/faces/presentacion/contratacion/procesoContractual/registrarInvitacionContratista.xhtml HTTP/1.1" 200 9253
181.53.12.90 - - [24/Feb/2024:10:03:18 -0500] "POST /sipse/faces/presentacion/contratacion/procesoContractual/registrarInvitacionContratista.xhtml HTTP/1.1" 200 45916
181.53.12.90 - - [24/Feb/2024:10:03:18 -0500] "GET /sipse/faces/javax.faces.resource/theme.css?ln=primefaces-sipse HTTP/1.1" 304 -
181.53.12.90 - - [24/Feb/2024:10:03:18 -0500] "GET /sipse/faces/javax.faces.resource/primefaces.css?ln=primefaces&v=4.0 HTTP/1.1" 304 -
181.53.12.90 - - [24/Feb/2024:10:03:18 -0500] "GET /sipse/faces/javax.faces.resource/layout/layout.css?ln=primefaces&v=4.0 HTTP/1.1" 304 -
181.53.12.90 - - [24/Feb/2024:10:03:18 -0500] "GET /sipse/faces/javax.faces.resource/jquery/jquery.js?ln=primefaces&v=4.0 HTTP/1.1" 304 -
181.53.12.90 - - [24/Feb/2024:10:03:18 -0500] "GET /sipse/faces/javax.faces.resource/jquery/jquery-plugins.js?ln=primefaces&v=4.0 HTTP/1.1" 304 -
181.53.12.90 - - [24/Feb/2024:10:03:18 -0500] "GET /sipse/faces/javax.faces.resource/primefaces.js?ln=primefaces&v=4.0 HTTP/1.1" 304 -
181.53.12.90 - - [24/Feb/2024:10:03:18 -0500] "GET /sipse/faces/javax.faces.resource/layout/layout.js?ln=primefaces&v=4.0 HTTP/1.1" 304 -
181.53.12.90 - - [24/Feb/2024:10:03:23 -0500] "POST /sipse/faces/presentacion/financiero/estudioPrevio/personalSolicitado/expedirExperienciaIdoneidad.xhtml HTTP/1.1" 200 21023
181.53.12.90 - - [24/Feb/2024:10:03:23 -0500] "GET /sipse/faces/javax.faces.resource/theme.css?ln=primefaces-sipse HTTP/1.1" 304 -
181.53.12.90 - - [24/Feb/2024:10:03:23 -0500] "GET /sipse/faces/javax.faces.resource/primefaces.css?ln=primefaces&v=4.0 HTTP/1.1" 304 -
181.53.12.90 - - [24/Feb/2024:10:03:23 -0500] "GET /sipse/faces/javax.faces.resource/layout/layout.css?ln=primefaces&v=4.0 HTTP/1.1" 304 -
181.53.12.90 - - [24/Feb/2024:10:03:23 -0500] "GET /sipse/faces/javax.faces.resource/jquery/jquery.js?ln=primefaces&v=4.0 HTTP/1.1" 304 -
181.53.12.90 - - [24/Feb/2024:10:03:23 -0500] "GET /sipse/faces/javax.faces.resource/jquery/jquery-plugins.js?ln=primefaces&v=4.0 HTTP/1.1" 304 -
181.53.12.90 - - [24/Feb/2024:10:03:23 -0500] "GET /sipse/faces/javax.faces.resource/primefaces.js?ln=primefaces&v=4.0 HTTP/1.1" 304 -
181.53.12.90 - - [24/Feb/2024:10:03:23 -0500] "GET /sipse/faces/javax.faces.resource/layout/layout.js?ln=primefaces&v=4.0 HTTP/1.1" 304 -
172.22.2.4 - - [24/Feb/2024:10:01:46 -0500] "HEAD /BLA/boletinlegal/ HTTP/1.1" 200 -
172.22.2.4 - - [24/Feb/2024:10:02:37 -0500] "GET /BLA/boletinlegal/ HTTP/1.1" 200 60730
181.53.12.90 - - [24/Feb/2024:10:04:24 -0500] "POST /sipse/faces/presentacion/financiero/estudioPrevio/personalSolicitado/asociarExperienciaContratista.xhtml HTTP/1.1" 200 51370
181.53.12.90 - - [24/Feb/2024:10:04:24 -0500] "GET /sipse/faces/javax.faces.resource/theme.css?ln=primefaces-sipse HTTP/1.1" 304 -
181.53.12.90 - - [24/Feb/2024:10:04:24 -0500] "GET /sipse/faces/javax.faces.resource/primefaces.css?ln=primefaces&v=4.0 HTTP/1.1" 304 -
181.53.12.90 - - [24/Feb/2024:10:04:24 -0500] "GET /sipse/faces/javax.faces.resource/layout/layout.css?ln=primefaces&v=4.0 HTTP/1.1" 304 -
181.53.12.90 - - [24/Feb/2024:10:04:24 -0500] "GET /sipse/faces/javax.faces.resource/jquery/jquery-plugins.js?ln=primefaces&v=4.0 HTTP/1.1" 304 -
181.53.12.90 - - [24/Feb/2024:10:04:24 -0500] "GET /sipse/faces/javax.faces.resource/jquery/jquery.js?ln=primefaces&v=4.0 HTTP/1.1" 304 -
181.53.12.90 - - [24/Feb/2024:10:04:24 -0500] "GET /sipse/faces/javax.faces.resource/primefaces.js?ln=primefaces&v=4.0 HTTP/1.1" 304 -
181.53.12.90 - - [24/Feb/2024:10:04:24 -0500] "GET /sipse/faces/javax.faces.resource/layout/layout.js?ln=primefaces&v=4.0 HTTP/1.1" 304 -
181.53.12.90 - - [24/Feb/2024:10:05:11 -0500] "POST /sipse/faces/presentacion/financiero/estudioPrevio/personalSolicitado/expedirExperienciaIdoneidad.xhtml HTTP/1.1" 200 21023
181.53.12.90 - - [24/Feb/2024:10:05:11 -0500] "GET /sipse/faces/javax.faces.resource/theme.css?ln=primefaces-sipse HTTP/1.1" 304 -
181.53.12.90 - - [24/Feb/2024:10:05:11 -0500] "GET /sipse/faces/javax.faces.resource/primefaces.css?ln=primefaces&v=4.0 HTTP/1.1" 304 -
181.53.12.90 - - [24/Feb/2024:10:05:11 -0500] "GET /sipse/faces/javax.faces.resource/layout/layout.css?ln=primefaces&v=4.0 HTTP/1.1" 304 -
181.53.12.90 - - [24/Feb/2024:10:05:11 -0500] "GET /sipse/faces/javax.faces.resource/jquery/jquery.js?ln=primefaces&v=4.0 HTTP/1.1" 304 -
181.53.12.90 - - [24/Feb/2024:10:05:11 -0500] "GET /sipse/faces/javax.faces.resource/jquery/jquery-plugins.js?ln=primefaces&v=4.0 HTTP/1.1" 304 -
181.53.12.90 - - [24/Feb/2024:10:05:11 -0500] "GET /sipse/faces/javax.faces.resource/primefaces.js?ln=primefaces&v=4.0 HTTP/1.1" 304 -
181.53.12.90 - - [24/Feb/2024:10:05:11 -0500] "GET /sipse/faces/javax.faces.resource/layout/layout.js?ln=primefaces&v=4.0 HTTP/1.1" 304 -
201.245.192.253 - - [24/Feb/2024:10:05:26 -0500] "POST /kwsrmcab/Wsrmcab  HTTP/1.1" 200 213
181.53.12.90 - - [24/Feb/2024:10:06:26 -0500] "POST /sipse/faces/presentacion/financiero/estudioPrevio/personalSolicitado/asociarExperienciaContratista.xhtml HTTP/1.1" 200 51370
181.53.12.90 - - [24/Feb/2024:10:06:26 -0500] "GET /sipse/faces/javax.faces.resource/theme.css?ln=primefaces-sipse HTTP/1.1" 304 -
181.53.12.90 - - [24/Feb/2024:10:06:26 -0500] "GET /sipse/faces/javax.faces.resource/primefaces.css?ln=primefaces&v=4.0 HTTP/1.1" 304 -
181.53.12.90 - - [24/Feb/2024:10:06:26 -0500] "GET /sipse/faces/javax.faces.resource/layout/layout.css?ln=primefaces&v=4.0 HTTP/1.1" 304 -
181.53.12.90 - - [24/Feb/2024:10:06:26 -0500] "GET /sipse/faces/javax.faces.resource/jquery/jquery.js?ln=primefaces&v=4.0 HTTP/1.1" 304 -
181.53.12.90 - - [24/Feb/2024:10:06:26 -0500] "GET /sipse/faces/javax.faces.resource/primefaces.js?ln=primefaces&v=4.0 HTTP/1.1" 304 -
181.53.12.90 - - [24/Feb/2024:10:06:26 -0500] "GET /sipse/faces/javax.faces.resource/jquery/jquery-plugins.js?ln=primefaces&v=4.0 HTTP/1.1" 304 -
181.53.12.90 - - [24/Feb/2024:10:06:26 -0500] "GET /sipse/faces/javax.faces.resource/layout/layout.js?ln=primefaces&v=4.0 HTTP/1.1" 304 -
216.244.66.195 - - [24/Feb/2024:10:06:30 -0500] "GET /BLA/resoluciones/AUTOS%202023/1063.pdf HTTP/1.1" 200 354326
114.119.135.143 - - [24/Feb/2024:10:07:11 -0500] "GET /BLA/resoluciones/index.php?dir=Notificaciones/AUTOS%2B2015/&sort=date&order=desc HTTP/1.1" 200 14352
216.245.221.92 - - [24/Feb/2024:10:07:16 -0500] "HEAD / HTTP/1.1" 200 -
40.77.167.20 - - [24/Feb/2024:10:07:29 -0500] "GET /BLA/boletinlegal/normativa.php HTTP/1.1" 200 8397
181.53.12.90 - - [24/Feb/2024:10:07:54 -0500] "POST /sipse/faces/presentacion/financiero/estudioPrevio/personalSolicitado/expedirExperienciaIdoneidad.xhtml HTTP/1.1" 200 21023
181.53.12.90 - - [24/Feb/2024:10:07:55 -0500] "GET /sipse/faces/javax.faces.resource/theme.css?ln=primefaces-sipse HTTP/1.1" 304 -
181.53.12.90 - - [24/Feb/2024:10:07:55 -0500] "GET /sipse/faces/javax.faces.resource/primefaces.css?ln=primefaces&v=4.0 HTTP/1.1" 304 -
181.53.12.90 - - [24/Feb/2024:10:07:55 -0500] "GET /sipse/faces/javax.faces.resource/layout/layout.css?ln=primefaces&v=4.0 HTTP/1.1" 304 -
181.53.12.90 - - [24/Feb/2024:10:07:55 -0500] "GET /sipse/faces/javax.faces.resource/jquery/jquery.js?ln=primefaces&v=4.0 HTTP/1.1" 304 -
181.53.12.90 - - [24/Feb/2024:10:07:55 -0500] "GET /sipse/faces/javax.faces.resource/jquery/jquery-plugins.js?ln=primefaces&v=4.0 HTTP/1.1" 304 -
181.53.12.90 - - [24/Feb/2024:10:07:55 -0500] "GET /sipse/faces/javax.faces.resource/primefaces.js?ln=primefaces&v=4.0 HTTP/1.1" 304 -
181.53.12.90 - - [24/Feb/2024:10:07:55 -0500] "GET /sipse/faces/javax.faces.resource/layout/layout.js?ln=primefaces&v=4.0 HTTP/1.1" 304 -
181.53.12.90 - - [24/Feb/2024:10:09:09 -0500] "POST /sipse/faces/presentacion/financiero/estudioPrevio/personalSolicitado/asociarExperienciaContratista.xhtml HTTP/1.1" 200 53713
181.53.12.90 - - [24/Feb/2024:10:09:09 -0500] "GET /sipse/faces/javax.faces.resource/theme.css?ln=primefaces-sipse HTTP/1.1" 304 -
181.53.12.90 - - [24/Feb/2024:10:09:09 -0500] "GET /sipse/faces/javax.faces.resource/primefaces.css?ln=primefaces&v=4.0 HTTP/1.1" 304 -
181.53.12.90 - - [24/Feb/2024:10:09:09 -0500] "GET /sipse/faces/javax.faces.resource/layout/layout.css?ln=primefaces&v=4.0 HTTP/1.1" 304 -
181.53.12.90 - - [24/Feb/2024:10:09:09 -0500] "GET /sipse/faces/javax.faces.resource/jquery/jquery.js?ln=primefaces&v=4.0 HTTP/1.1" 304 -
181.53.12.90 - - [24/Feb/2024:10:09:09 -0500] "GET /sipse/faces/javax.faces.resource/primefaces.js?ln=primefaces&v=4.0 HTTP/1.1" 304 -
181.53.12.90 - - [24/Feb/2024:10:09:09 -0500] "GET /sipse/faces/javax.faces.resource/jquery/jquery-plugins.js?ln=primefaces&v=4.0 HTTP/1.1" 304 -
181.53.12.90 - - [24/Feb/2024:10:09:09 -0500] "GET /sipse/faces/javax.faces.resource/layout/layout.js?ln=primefaces&v=4.0 HTTP/1.1" 304 -
181.53.12.90 - - [24/Feb/2024:10:09:12 -0500] "POST /sipse/faces/presentacion/financiero/estudioPrevio/personalSolicitado/expedirExperienciaIdoneidad.xhtml HTTP/1.1" 200 40702
181.53.12.90 - - [24/Feb/2024:10:09:12 -0500] "GET /sipse/faces/javax.faces.resource/theme.css?ln=primefaces-sipse HTTP/1.1" 304 -
181.53.12.90 - - [24/Feb/2024:10:09:12 -0500] "GET /sipse/faces/javax.faces.resource/primefaces.css?ln=primefaces&v=4.0 HTTP/1.1" 304 -
181.53.12.90 - - [24/Feb/2024:10:09:12 -0500] "GET /sipse/faces/javax.faces.resource/jquery/jquery-plugins.js?ln=primefaces&v=4.0 HTTP/1.1" 304 -
181.53.12.90 - - [24/Feb/2024:10:09:12 -0500] "GET /sipse/faces/javax.faces.resource/primefaces.js?ln=primefaces&v=4.0 HTTP/1.1" 304 -
181.53.12.90 - - [24/Feb/2024:10:09:12 -0500] "GET /sipse/faces/javax.faces.resource/jquery/jquery.js?ln=primefaces&v=4.0 HTTP/1.1" 304 -
181.53.12.90 - - [24/Feb/2024:10:09:12 -0500] "GET /sipse/faces/javax.faces.resource/layout/layout.css?ln=primefaces&v=4.0 HTTP/1.1" 304 -
181.53.12.90 - - [24/Feb/2024:10:09:12 -0500] "GET /sipse/faces/javax.faces.resource/layout/layout.js?ln=primefaces&v=4.0 HTTP/1.1" 304 -
172.22.2.4 - - [24/Feb/2024:10:07:36 -0500] "HEAD /BLA/boletinlegal/ HTTP/1.1" 200 -
181.53.12.90 - - [24/Feb/2024:10:09:24 -0500] "POST /sipse/faces/presentacion/contratacion/contrato/adicionarSupervisor.xhtml HTTP/1.1" 200 16861
181.53.12.90 - - [24/Feb/2024:10:09:30 -0500] "POST /sipse/faces/presentacion/contratacion/contrato/adicionarSupervisor.xhtml HTTP/1.1" 200 54833
181.53.12.90 - - [24/Feb/2024:10:09:31 -0500] "GET /sipse/faces/javax.faces.resource/jquery/jquery.js?ln=primefaces&v=4.0 HTTP/1.1" 304 -
181.53.12.90 - - [24/Feb/2024:10:09:31 -0500] "GET /sipse/faces/javax.faces.resource/primefaces.css?ln=primefaces&v=4.0 HTTP/1.1" 304 -
181.53.12.90 - - [24/Feb/2024:10:09:31 -0500] "GET /sipse/faces/javax.faces.resource/theme.css?ln=primefaces-sipse HTTP/1.1" 304 -
181.53.12.90 - - [24/Feb/2024:10:09:31 -0500] "GET /sipse/faces/javax.faces.resource/jquery/jquery-plugins.js?ln=primefaces&v=4.0 HTTP/1.1" 304 -
181.53.12.90 - - [24/Feb/2024:10:09:31 -0500] "GET /sipse/faces/javax.faces.resource/layout/layout.css?ln=primefaces&v=4.0 HTTP/1.1" 304 -
181.53.12.90 - - [24/Feb/2024:10:09:31 -0500] "GET /sipse/faces/javax.faces.resource/primefaces.js?ln=primefaces&v=4.0 HTTP/1.1" 304 -
181.53.12.90 - - [24/Feb/2024:10:09:31 -0500] "GET /sipse/faces/javax.faces.resource/layout/layout.js?ln=primefaces&v=4.0 HTTP/1.1" 304 -
181.53.12.90 - - [24/Feb/2024:10:09:37 -0500] "POST /sipse/faces/presentacion/financiero/estudioPrevio/personalSolicitado/expedirExperienciaIdoneidad.xhtml HTTP/1.1" 200 144287
181.53.12.90 - - [24/Feb/2024:10:09:38 -0500] "GET /sipse/faces/javax.faces.resource/layout/layout.css?ln=primefaces&v=4.0 HTTP/1.1" 304 -
181.53.12.90 - - [24/Feb/2024:10:09:38 -0500] "GET /sipse/faces/javax.faces.resource/primefaces.css?ln=primefaces&v=4.0 HTTP/1.1" 304 -
181.53.12.90 - - [24/Feb/2024:10:09:38 -0500] "GET /sipse/faces/javax.faces.resource/theme.css?ln=primefaces-sipse HTTP/1.1" 304 -
181.53.12.90 - - [24/Feb/2024:10:09:38 -0500] "GET /sipse/faces/javax.faces.resource/jquery/jquery.js?ln=primefaces&v=4.0 HTTP/1.1" 304 -
181.53.12.90 - - [24/Feb/2024:10:09:38 -0500] "GET /sipse/faces/javax.faces.resource/jquery/jquery-plugins.js?ln=primefaces&v=4.0 HTTP/1.1" 304 -
181.53.12.90 - - [24/Feb/2024:10:09:38 -0500] "GET /sipse/faces/javax.faces.resource/primefaces.js?ln=primefaces&v=4.0 HTTP/1.1" 304 -
181.53.12.90 - - [24/Feb/2024:10:09:38 -0500] "GET /sipse/faces/javax.faces.resource/layout/layout.js?ln=primefaces&v=4.0 HTTP/1.1" 304 -
181.53.12.90 - - [24/Feb/2024:10:09:45 -0500] "POST /sipse/faces/presentacion/financiero/estudioPrevio/personalSolicitado/expedirExperienciaIdoneidad.xhtml HTTP/1.1" 200 144287
181.53.12.90 - - [24/Feb/2024:10:09:46 -0500] "GET /sipse/faces/javax.faces.resource/theme.css?ln=primefaces-sipse HTTP/1.1" 304 -
181.53.12.90 - - [24/Feb/2024:10:09:46 -0500] "GET /sipse/faces/javax.faces.resource/layout/layout.css?ln=primefaces&v=4.0 HTTP/1.1" 304 -
181.53.12.90 - - [24/Feb/2024:10:09:46 -0500] "GET /sipse/faces/javax.faces.resource/primefaces.css?ln=primefaces&v=4.0 HTTP/1.1" 304 -
181.53.12.90 - - [24/Feb/2024:10:09:46 -0500] "GET /sipse/faces/javax.faces.resource/jquery/jquery.js?ln=primefaces&v=4.0 HTTP/1.1" 304 -
181.53.12.90 - - [24/Feb/2024:10:09:46 -0500] "GET /sipse/faces/javax.faces.resource/jquery/jquery-plugins.js?ln=primefaces&v=4.0 HTTP/1.1" 304 -
181.53.12.90 - - [24/Feb/2024:10:09:46 -0500] "GET /sipse/faces/javax.faces.resource/primefaces.js?ln=primefaces&v=4.0 HTTP/1.1" 304 -
181.53.12.90 - - [24/Feb/2024:10:09:46 -0500] "GET /sipse/faces/javax.faces.resource/layout/layout.js?ln=primefaces&v=4.0 HTTP/1.1" 304 -
181.53.12.90 - - [24/Feb/2024:10:10:05 -0500] "POST /sipse/faces/presentacion/financiero/solicitudProceso/consultarSolicitudProceso.xhtml HTTP/1.1" 200 5598
172.22.2.4 - - [24/Feb/2024:10:08:27 -0500] "GET /BLA/boletinlegal/ HTTP/1.1" 200 58720
201.245.192.253 - - [24/Feb/2024:10:10:24 -0500] "POST /kwsrmcab/Wsrmcab  HTTP/1.1" 200 213
66.249.70.201 - - [24/Feb/2024:10:10:37 -0500] "GET /Publicaciones/2023EE300479.pdf HTTP/1.1" 404 228
66.249.70.202 - - [24/Feb/2024:10:10:38 -0500] "GET /Publicaciones/2023EE220710.pdf HTTP/1.1" 404 228
216.245.221.92 - - [24/Feb/2024:10:12:16 -0500] "HEAD / HTTP/1.1" 200 -
66.249.70.201 - - [24/Feb/2024:10:14:38 -0500] "GET /BLA/resoluciones/RESOLUCIONES%202011/0299.pdf HTTP/1.1" 200 80163
172.22.2.4 - - [24/Feb/2024:10:13:26 -0500] "HEAD /BLA/boletinlegal/ HTTP/1.1" 200 -
201.245.192.253 - - [24/Feb/2024:10:15:25 -0500] "POST /kwsrmcab/Wsrmcab  HTTP/1.1" 200 213
66.220.149.1 - - [24/Feb/2024:10:15:33 -0500] "GET /images/Convocatoria%20Acercar%202024%20(1)%20(1).jpeg HTTP/1.1" 200 61100
66.249.70.201 - - [24/Feb/2024:10:15:46 -0500] "GET /Residuos/farmaceutica/files/guia_farmaceuticas.pdf HTTP/1.1" 200 11071842
172.22.2.4 - - [24/Feb/2024:10:14:17 -0500] "GET /BLA/boletinlegal/ HTTP/1.1" 200 60730
191.104.155.209 - - [24/Feb/2024:10:16:05 -0500] "GET /sipse/faces/faces/autenticacion.xhtml HTTP/1.1" 200 12727
191.104.155.209 - - [24/Feb/2024:10:16:05 -0500] "GET /sipse/js/disable_browser_buttons.js HTTP/1.1" 304 -
191.104.155.209 - - [24/Feb/2024:10:16:05 -0500] "GET /sipse/faces/javax.faces.resource/layout/layout.css;jsessionid=sif6D8QxLhbJopDfmTnnrrVd.undefined?ln=primefaces&v=4.0 HTTP/1.1" 200 542
191.104.155.209 - - [24/Feb/2024:10:16:05 -0500] "GET /sipse/js/funciones.js HTTP/1.1" 304 -
191.104.155.209 - - [24/Feb/2024:10:16:05 -0500] "GET /sipse/faces/javax.faces.resource/primefaces.css;jsessionid=sif6D8QxLhbJopDfmTnnrrVd.undefined?ln=primefaces&v=4.0 HTTP/1.1" 200 53295
191.104.155.209 - - [24/Feb/2024:10:16:05 -0500] "GET /sipse/css/custom_css_sg.css HTTP/1.1" 304 -
191.104.155.209 - - [24/Feb/2024:10:16:05 -0500] "GET /sipse/css/custom_css_sg_prime_login.css HTTP/1.1" 304 -
191.104.155.209 - - [24/Feb/2024:10:16:05 -0500] "GET /sipse/faces/javax.faces.resource/layout/layout.js;jsessionid=sif6D8QxLhbJopDfmTnnrrVd.undefined?ln=primefaces&v=4.0 HTTP/1.1" 200 87560
191.104.155.209 - - [24/Feb/2024:10:16:05 -0500] "GET /sipse/faces/javax.faces.resource/theme.css?ln=primefaces-sipse HTTP/1.1" 304 -
191.104.155.209 - - [24/Feb/2024:10:16:05 -0500] "GET /sipse/faces/javax.faces.resource/jquery/jquery-plugins.js;jsessionid=sif6D8QxLhbJopDfmTnnrrVd.undefined?ln=primefaces&v=4.0 HTTP/1.1" 200 220526
191.104.155.209 - - [24/Feb/2024:10:16:05 -0500] "GET /sipse/faces/javax.faces.resource/primefaces.js;jsessionid=sif6D8QxLhbJopDfmTnnrrVd.undefined?ln=primefaces&v=4.0 HTTP/1.1" 200 276924
191.104.155.209 - - [24/Feb/2024:10:16:05 -0500] "GET /sipse/faces/javax.faces.resource/jquery/jquery.js;jsessionid=sif6D8QxLhbJopDfmTnnrrVd.undefined?ln=primefaces&v=4.0 HTTP/1.1" 200 105384
191.104.155.209 - - [24/Feb/2024:10:16:05 -0500] "GET /sipse/css/imagen/logoSDG.png HTTP/1.1" 304 -
191.104.155.209 - - [24/Feb/2024:10:16:05 -0500] "GET /sipse/css/imagen/loginimg.png HTTP/1.1" 304 -
191.104.155.209 - - [24/Feb/2024:10:16:05 -0500] "GET /sipse/faces/javax.faces.resource/images/ui-icons_898989_256x240.png?ln=primefaces-aristo HTTP/1.1" 200 5355
191.104.155.209 - - [24/Feb/2024:10:16:05 -0500] "GET /sipse/faces/faces/index.xhtml HTTP/1.1" 200 677
191.104.155.209 - - [24/Feb/2024:10:16:05 -0500] "GET /sipse/faces/javax.faces.resource/theme.css?ln=primefaces-sipse HTTP/1.1" 304 -
191.104.155.209 - - [24/Feb/2024:10:16:06 -0500] "GET /sipse/faces/faces/faces/autenticacion.xhtml HTTP/1.1" 200 12405
191.104.155.209 - - [24/Feb/2024:10:16:06 -0500] "GET /sipse/faces/javax.faces.resource/theme.css?ln=primefaces-sipse HTTP/1.1" 304 -
191.104.155.209 - - [24/Feb/2024:10:16:06 -0500] "GET /sipse/faces/javax.faces.resource/primefaces.css?ln=primefaces&v=4.0 HTTP/1.1" 304 -
191.104.155.209 - - [24/Feb/2024:10:16:06 -0500] "GET /sipse/faces/javax.faces.resource/layout/layout.css?ln=primefaces&v=4.0 HTTP/1.1" 200 542
191.104.155.209 - - [24/Feb/2024:10:16:06 -0500] "GET /sipse/faces/javax.faces.resource/jquery/jquery.js?ln=primefaces&v=4.0 HTTP/1.1" 304 -
191.104.155.209 - - [24/Feb/2024:10:16:06 -0500] "GET /sipse/faces/javax.faces.resource/jquery/jquery-plugins.js?ln=primefaces&v=4.0 HTTP/1.1" 304 -
191.104.155.209 - - [24/Feb/2024:10:16:06 -0500] "GET /sipse/faces/javax.faces.resource/primefaces.js?ln=primefaces&v=4.0 HTTP/1.1" 304 -
191.104.155.209 - - [24/Feb/2024:10:16:06 -0500] "GET /sipse/faces/javax.faces.resource/layout/layout.js?ln=primefaces&v=4.0 HTTP/1.1" 304 -
191.104.155.209 - - [24/Feb/2024:10:16:06 -0500] "GET /sipse/faces/javax.faces.resource/images/ui-icons_898989_256x240.png?ln=primefaces-aristo HTTP/1.1" 304 -
66.249.66.39 - - [24/Feb/2024:10:17:06 -0500] "GET /desde-el-paramo-mas-grande-del-mundo-sumapaz-bogota-se-alista-para-ser-sede-de-la-cop16.html HTTP/1.1" 200 981
186.87.250.48 - - [24/Feb/2024:10:17:07 -0500] "GET /BLA/resoluciones/RESOLUCIONES%202013/1138.pdf HTTP/1.1" 200 495266
216.245.221.92 - - [24/Feb/2024:10:17:16 -0500] "HEAD / HTTP/1.1" 200 -
66.249.66.163 - - [24/Feb/2024:10:17:36 -0500] "GET /BLA/boletinlegal/Circulares/2012/Circular%20No.%201%20del%2017%20de%20Enero%20de%202012.pdf HTTP/1.1" 200 1118749
201.245.192.253 - - [24/Feb/2024:10:20:04 -0500] "POST /kwsrmcab/Wsrmcab HTTP/1.1" 200 34230
201.245.192.253 - - [24/Feb/2024:10:20:07 -0500] "POST /kwsrmcab/Wsrmcab HTTP/1.1" 200 213
201.245.192.253 - - [24/Feb/2024:10:20:09 -0500] "POST /kwsrmcab/Wsrmcab HTTP/1.1" 200 37511
201.245.192.253 - - [24/Feb/2024:10:20:23 -0500] "POST /kwsrmcab/Wsrmcab  HTTP/1.1" 200 213
172.22.2.4 - - [24/Feb/2024:10:19:16 -0500] "HEAD /BLA/boletinlegal/ HTTP/1.1" 200 -
201.245.192.253 - - [24/Feb/2024:10:20:57 -0500] "POST /kwsrmcab/Wsrmcab HTTP/1.1" 200 213
172.22.2.4 - - [24/Feb/2024:10:20:07 -0500] "GET /BLA/boletinlegal/ HTTP/1.1" 200 58720
216.245.221.92 - - [24/Feb/2024:10:22:16 -0500] "HEAD / HTTP/1.1" 200 -
173.252.107.120 - - [24/Feb/2024:10:22:28 -0500] "GET /dia-mundial-del-medio-ambiente-con-3-500-beneficiarias-comienza-la-segunda-fase-de-mujeres-que-reverdecen.html HTTP/1.1" 200 845
172.22.2.4 - - [24/Feb/2024:10:22:05 -0500] "GET /BLA/boletinlegal/ HTTP/1.1" 200 57291
201.245.192.253 - - [24/Feb/2024:10:25:23 -0500] "POST /kwsrmcab/Wsrmcab  HTTP/1.1" 200 213
172.22.2.4 - - [24/Feb/2024:10:25:06 -0500] "HEAD /BLA/boletinlegal/ HTTP/1.1" 200 -
216.245.221.92 - - [24/Feb/2024:10:27:16 -0500] "HEAD / HTTP/1.1" 200 -
172.22.2.4 - - [24/Feb/2024:10:25:57 -0500] "GET /BLA/boletinlegal/ HTTP/1.1" 200 60380
66.249.70.201 - - [24/Feb/2024:10:27:44 -0500] "GET /BLA/resoluciones/RESOLUCIONES%202018/3473.pdf HTTP/1.1" 200 240863
216.244.66.195 - - [24/Feb/2024:10:27:56 -0500] "GET /robots.txt HTTP/1.1" 404 1018
201.245.192.253 - - [24/Feb/2024:10:30:04 -0500] "POST /kwsrmcab/Wsrmcab HTTP/1.1" 200 34230
201.245.192.253 - - [24/Feb/2024:10:30:07 -0500] "POST /kwsrmcab/Wsrmcab HTTP/1.1" 200 213
201.245.192.253 - - [24/Feb/2024:10:30:09 -0500] "POST /kwsrmcab/Wsrmcab HTTP/1.1" 200 37511
201.245.192.253 - - [24/Feb/2024:10:30:23 -0500] "POST /kwsrmcab/Wsrmcab  HTTP/1.1" 200 213
201.245.192.253 - - [24/Feb/2024:10:30:57 -0500] "POST /kwsrmcab/Wsrmcab HTTP/1.1" 200 213
66.249.70.201 - - [24/Feb/2024:10:32:00 -0500] "GET /resoluciones/RESOLUCIONES%202009/1341.pdf HTTP/1.1" 404 1018
216.245.221.92 - - [24/Feb/2024:10:32:16 -0500] "HEAD / HTTP/1.1" 200 -
172.22.2.4 - - [24/Feb/2024:10:30:56 -0500] "HEAD /BLA/boletinlegal/ HTTP/1.1" 200 -
66.249.70.201 - - [24/Feb/2024:10:33:07 -0500] "GET /portel_dama/libreria/php/2006/restauracion/22_proye/xtras_in/cni_3.pdf HTTP/1.1" 404 1018
172.22.2.4 - - [24/Feb/2024:10:31:47 -0500] "GET /BLA/boletinlegal/ HTTP/1.1" 200 60730
186.102.43.210 - - [24/Feb/2024:10:32:44 -0500] "GET /kwssiamovil/sm/ldap/au?x=U2FsdGVkX1/WhPNUBh4J4wheU1GKrYhSveyo5K3wl6a1i1u+bPRkRfQp93jMc9Ba&y=U2FsdGVkX18Eb+UKIIN5zo+pM4566lZxljEasSk4zxROAyrAuaCby0jzZ/PKAIlP HTTP/1.1" 200 31
186.102.43.210 - - [24/Feb/2024:10:32:47 -0500] "GET /kwssiamovil/sm/ldap/au?x=U2FsdGVkX194kuasGg4zfQIz+wXvkitATfh6e3mPKnHv1K9RN21oPtfouSp5HnY0&y=U2FsdGVkX18s36Pnv5naCFS544phTisiPWCNk/8hJI6fgB0dWSCucsq7LcJHT0mu HTTP/1.1" 200 31
186.102.43.210 - - [24/Feb/2024:10:32:49 -0500] "GET /kwssiamovil/sm/ldap/au?x=U2FsdGVkX19TcG0uf8rC92tQYBuArUx9tD9ZPfkw+/OiR9NWTAS7Kri//qKosF7D&y=U2FsdGVkX19IW5NJFAV8tklp44uLlSQpsz5Dw0W4XIZ6rMndoykWq5R3c1TZp4Sw HTTP/1.1" 200 31
186.102.43.210 - - [24/Feb/2024:10:32:49 -0500] "GET /kwssiamovil/sm/ldap/au?x=U2FsdGVkX1+s+HFY3JFIHZSX6bCjiUsoAUDzb8pKnsGFTEHRFNeI9QUFnkQhMd7x&y=U2FsdGVkX1/aSKX6ZAGuVvl2JnKIfP7VWp6CXKGtszpNkWqUiK8oIKl4MtS1QJfD HTTP/1.1" 200 31
186.102.43.210 - - [24/Feb/2024:10:32:51 -0500] "GET /kwssiamovil/sm/ldap/au?x=U2FsdGVkX19hDPRQXzgXbOaOBh8O28FuMt6d0CWFVtHUd8lRvLSuwo+LoDGazFSb&y=U2FsdGVkX19N3ppxNnIL2I4N00lL4p9qaGb66YUOF6XeH8QUPrh9Af0KT8/+8wt0 HTTP/1.1" 200 31
186.102.43.210 - - [24/Feb/2024:10:32:51 -0500] "GET /kwssiamovil/sm/ldap/au?x=U2FsdGVkX1+BqZ3bD4AVpZE0fAfxoxxfG9/F0ZZn+J+EcNhiuCNcz1NzNyF/3Rzm&y=U2FsdGVkX181xHlq8MeTQZHvb56g5a3AtYOW18+NYzWqpPA2ZC5nYfSqLWQLwmeZ HTTP/1.1" 200 31
201.245.192.253 - - [24/Feb/2024:10:35:22 -0500] "POST /kwsrmcab/Wsrmcab  HTTP/1.1" 200 213
66.249.70.200 - - [24/Feb/2024:10:36:34 -0500] "GET /portel_dama/libreria/php/2006/restauracion/55_artic/xtras/2.pdf HTTP/1.1" 404 1018
66.249.70.200 - - [24/Feb/2024:10:37:07 -0500] "GET /BLA/resoluciones/RESOLUCIONES%202008/1409.pdf HTTP/1.1" 200 202954
216.245.221.92 - - [24/Feb/2024:10:37:16 -0500] "HEAD / HTTP/1.1" 200 -
66.249.70.200 - - [24/Feb/2024:10:37:36 -0500] "GET /BLA/resoluciones/RESOLUCIONES%202008/0273.pdf HTTP/1.1" 200 297201
172.22.2.4 - - [24/Feb/2024:10:36:46 -0500] "HEAD /BLA/boletinlegal/ HTTP/1.1" 200 -
172.22.2.4 - - [24/Feb/2024:10:37:37 -0500] "GET /BLA/boletinlegal/ HTTP/1.1" 200 60380
201.245.192.253 - - [24/Feb/2024:10:40:04 -0500] "POST /kwsrmcab/Wsrmcab HTTP/1.1" 200 34230
201.245.192.253 - - [24/Feb/2024:10:40:07 -0500] "POST /kwsrmcab/Wsrmcab HTTP/1.1" 200 213
201.245.192.253 - - [24/Feb/2024:10:40:10 -0500] "POST /kwsrmcab/Wsrmcab HTTP/1.1" 200 37511
201.245.192.253 - - [24/Feb/2024:10:40:20 -0500] "POST /kwsrmcab/Wsrmcab  HTTP/1.1" 200 213
66.249.70.201 - - [24/Feb/2024:10:40:29 -0500] "GET /BLA/resoluciones/RESOLUCIONES%202009/4458.pdf HTTP/1.1" 200 411262
66.249.70.200 - - [24/Feb/2024:10:40:34 -0500] "GET /BLA/resoluciones/Notificaciones/AUTOS%202023/3078.pdf HTTP/1.1" 200 413642
66.249.70.201 - - [24/Feb/2024:10:40:34 -0500] "GET /silvicultura/1.pdf HTTP/1.1" 304 -
66.249.70.200 - - [24/Feb/2024:10:40:44 -0500] "GET /BLA/resoluciones/RESOLUCIONES%202007/RES%202007%202301%20AL%202400/RESOLUCION%202375%20DE%202007.pdf HTTP/1.1" 200 311791
201.245.192.253 - - [24/Feb/2024:10:40:57 -0500] "POST /kwsrmcab/Wsrmcab HTTP/1.1" 200 213
66.249.70.202 - - [24/Feb/2024:10:41:20 -0500] "GET /BLA/resoluciones/Notificaciones/AUTOS%202017/03326.pdf HTTP/1.1" 200 273425
216.245.221.92 - - [24/Feb/2024:10:42:16 -0500] "HEAD / HTTP/1.1" 200 -
66.249.70.200 - - [24/Feb/2024:10:42:34 -0500] "GET /BLA/boletinlegal/Directivas/2011/Directiva%20No.%207%20del%2015%20de%20Septiembre%20de%202011.pdf HTTP/1.1" 304 -
66.249.70.200 - - [24/Feb/2024:10:42:35 -0500] "GET /BLA/boletinlegal/Circulares/2012/Circular%20No.%201%20del%2017%20de%20Enero%20de%202012.pdf HTTP/1.1" 200 1118749
66.249.70.200 - - [24/Feb/2024:10:42:35 -0500] "GET /BLA/resoluciones/Notificaciones/AUTOS%202023/1273.pdf HTTP/1.1" 200 425476
66.249.70.201 - - [24/Feb/2024:10:43:13 -0500] "GET /BLA/resoluciones/RESOLUCIONES%202009/3460.pdf HTTP/1.1" 200 290517
172.22.2.4 - - [24/Feb/2024:10:42:36 -0500] "HEAD /BLA/boletinlegal/ HTTP/1.1" 200 -
172.22.2.4 - - [24/Feb/2024:10:43:27 -0500] "GET /BLA/boletinlegal/ HTTP/1.1" 200 57485
201.245.192.253 - - [24/Feb/2024:10:45:18 -0500] "POST /kwsrmcab/Wsrmcab  HTTP/1.1" 200 213
66.249.70.202 - - [24/Feb/2024:10:45:34 -0500] "GET /appsia/images/logo_bogota_p.png HTTP/1.1" 304 -
66.249.70.202 - - [24/Feb/2024:10:46:31 -0500] "GET /BLA/resoluciones/RESOLUCIONES%202009/4819.pdf HTTP/1.1" 200 160834
172.22.2.4 - - [24/Feb/2024:10:44:52 -0500] "GET /BLA/boletinlegal/ HTTP/1.1" 200 61446
216.245.221.92 - - [24/Feb/2024:10:47:16 -0500] "HEAD / HTTP/1.1" 200 -
66.249.70.202 - - [24/Feb/2024:10:48:52 -0500] "GET /BLA/resoluciones/RESOLUCIONES%202007/RES%202007%202301%20AL%202400/RESOLUCION%202368%20DE%202007.pdf HTTP/1.1" 200 218910
66.249.70.201 - - [24/Feb/2024:10:49:20 -0500] "GET /BLA/resoluciones/Notificaciones/AUTOS%202023/5883.pdf HTTP/1.1" 304 -
216.244.66.195 - - [24/Feb/2024:10:49:20 -0500] "GET /BLA/resoluciones/AUTOS%202023/2719.pdf HTTP/1.1" 200 417827
186.102.43.210 - - [24/Feb/2024:10:47:57 -0500] "GET /kwssiamovil/sm/ldap/au?x=U2FsdGVkX19TQXtSR0CfCK5QrqAhY0NxdZm3dkiP+dUnsNEB0bBrrvoRpEhLP9v9&y=U2FsdGVkX1/NgE7/9QcUj1p0MH7IYsHhOpjtXf+U0nG77a6nTaPBJj7nxEjGfp5T HTTP/1.1" 200 31
186.102.43.210 - - [24/Feb/2024:10:47:58 -0500] "GET /kwssiamovil/sm/ldap/au?x=U2FsdGVkX187fiSzLTRG7GpODHXbVaddy7gZCeEJyhRKCIsrwSSThdLuityXrfpc&y=U2FsdGVkX1+1ME71tq69ff+iS5gvCqsQc0Vh0TnY2Z8fpxP26UQurSloxhGD93Kb HTTP/1.1" 200 31
186.102.43.210 - - [24/Feb/2024:10:47:58 -0500] "GET /kwssiamovil/sm/ldap/au?x=U2FsdGVkX1/WCRkvr5xUa/J1CkKjWFH58T0ORGbxONEIFyzRx9CE3NvhnOZBOJPG&y=U2FsdGVkX18YqDgFLcggY435IrMKn3n3l6PsIrI+zgKrvGbCUXwgsHqXOshpeT+5 HTTP/1.1" 200 31
186.102.43.210 - - [24/Feb/2024:10:47:59 -0500] "GET /kwssiamovil/sm/ldap/au?x=U2FsdGVkX1/EVQmkFu9DN66TmhlLMNdYQ7WTl32Z5M90ula3Z7r6wIxg1guOBmGA&y=U2FsdGVkX1+N2qD6olU5O3ZNx7cxCoaoHPTZQBKPK9xvLXP/zpUt3hF4Ok+RAHgH HTTP/1.1" 200 31
186.102.43.210 - - [24/Feb/2024:10:47:59 -0500] "GET /kwssiamovil/sm/ldap/au?x=U2FsdGVkX18xV6TyFFesX2ADIVABnho90eUFKw8ITqafJNMfHr7RDlqJdMVp22oc&y=U2FsdGVkX19cZDuymyrNwjz6TgZpctQHgXQwP9f7SSVndlkchHZ1mRo+jsJOeMei HTTP/1.1" 200 31
172.22.2.4 - - [24/Feb/2024:10:48:26 -0500] "HEAD /BLA/boletinlegal/ HTTP/1.1" 200 -
186.102.43.210 - - [24/Feb/2024:10:47:59 -0500] "GET /kwssiamovil/sm/ldap/au?x=U2FsdGVkX1/CQgpBgTd1CUk0g9dUirH90ZhJKyE7jllXIPoI/vBJU/tfNy0mX98q&y=U2FsdGVkX18hefwF/jGDudKnzKBMFd0b1SYT1ruTM3cnk5KBO9jvsb7sqkKPxC6n HTTP/1.1" 200 31
201.245.192.253 - - [24/Feb/2024:10:50:17 -0500] "POST /kwsrmcab/Wsrmcab  HTTP/1.1" 200 213
66.249.70.201 - - [24/Feb/2024:10:50:20 -0500] "GET /BLA/resoluciones/Notificaciones/AUTOS%202023/1459.pdf HTTP/1.1" 200 337496
172.22.2.4 - - [24/Feb/2024:10:49:17 -0500] "GET /BLA/boletinlegal/ HTTP/1.1" 200 60380
66.249.70.202 - - [24/Feb/2024:10:52:09 -0500] "GET /BLA/resoluciones/RESOLUCIONES%202011/5019.pdf HTTP/1.1" 200 781030
216.245.221.92 - - [24/Feb/2024:10:52:16 -0500] "HEAD / HTTP/1.1" 200 -
8.242.126.83 - - [24/Feb/2024:10:54:27 -0500] "GET /catalogoisis/ HTTP/1.1" 503 1124
8.242.126.83 - - [24/Feb/2024:10:54:30 -0500] "GET /catalogoisis/ HTTP/1.1" 503 1124
8.242.126.83 - - [24/Feb/2024:10:54:34 -0500] "GET /catalogoisis/ HTTP/1.1" 503 1124
8.242.126.83 - - [24/Feb/2024:10:54:36 -0500] "GET /catalogoisis/ HTTP/1.1" 503 1124
198.74.56.46 - - [24/Feb/2024:10:55:14 -0500] "GET / HTTP/1.1" 200 319
201.245.192.253 - - [24/Feb/2024:10:55:16 -0500] "POST /kwsrmcab/Wsrmcab  HTTP/1.1" 200 213
45.79.181.179 - - [24/Feb/2024:10:55:23 -0500] "GET / HTTP/1.1" 200 319
172.22.2.4 - - [24/Feb/2024:10:54:16 -0500] "HEAD /BLA/boletinlegal/ HTTP/1.1" 200 -
186.102.51.144 - - [24/Feb/2024:10:54:05 -0500] "GET /kwssiamovil/sm/ldap/au?x=U2FsdGVkX1/6YIp4F0Yng0tjLE3uoZGJeKIbb07DfHpGc+cg7PAoaqpgtnalGHDE&y=U2FsdGVkX19CqN5yuqTpp5Avsj6I7cNaY1g3gUPcHKQNScbkYVmyPn3eSC5o3akP HTTP/1.1" 200 31
186.102.51.144 - - [24/Feb/2024:10:54:05 -0500] "GET /kwssiamovil/sm/ldap/au?x=U2FsdGVkX18wUUn6HFrg4Sjv7mrAVIQiQ69YxJtUWYhrnUqcm5PaJY5GxOl2Tja8&y=U2FsdGVkX18K54ejBIE9K/WYqBOGzn/TEqrqA7eFqOD3aPouYyZUo84TZjIkZZGi HTTP/1.1" 200 31
186.102.51.144 - - [24/Feb/2024:10:54:09 -0500] "GET /kwssiamovil/sm/ldap/au?x=U2FsdGVkX1+EHCAkxC7KDc0D23asDfPoOV1t7GO/J9n/fj/1hH7W16qGdgAfMT/j&y=U2FsdGVkX19wLg2u+0FNTG+bGW7tg3z8W3bDz69l0mU7KEhC5TRvRFm3+DIV8Ezn HTTP/1.1" 200 31
172.22.2.4 - - [24/Feb/2024:10:55:07 -0500] "GET /BLA/boletinlegal/ HTTP/1.1" 200 59083
66.249.70.202 - - [24/Feb/2024:10:56:47 -0500] "GET /BLA/resoluciones/RESOLUCIONES%202009/4771.pdf HTTP/1.1" 200 479457
66.249.70.202 - - [24/Feb/2024:10:57:12 -0500] "GET /BLA/resoluciones/Autos%202008/1818.pdf HTTP/1.1" 200 144095
216.245.221.92 - - [24/Feb/2024:10:57:16 -0500] "HEAD / HTTP/1.1" 200 -
186.102.43.210 - - [24/Feb/2024:10:57:39 -0500] "GET /kwssiamovil/sm/ldap/au?x=U2FsdGVkX18CWyjAp3ADzYp5jsL2HE9VFi98DX5MKaJx2ecscyrm8mJEH/8+PV1/&y=U2FsdGVkX19mVb94fxpWgWPGQJgH+DXUbgUIU5o2taznQ9BvJcprpLOYhl0GyWXM HTTP/1.1" 200 31
186.102.43.210 - - [24/Feb/2024:10:57:39 -0500] "GET /kwssiamovil/sm/ldap/au?x=U2FsdGVkX1/dfXXyOE34THSA1wZMnLuhR1tYfMFJiiBDdTip+btI8Nmk8IOHjfEk&y=U2FsdGVkX18MhBbrEizT/nadTRF/TJjwvHPJVQ7MWcNpqV7+KRgK8nDNScs9wyLf HTTP/1.1" 200 31
186.102.43.210 - - [24/Feb/2024:10:57:39 -0500] "GET /kwssiamovil/sm/ldap/au?x=U2FsdGVkX18d16P9fka3ND9SuwF4cOecCymG3UC2C37HS6t+dJk3O+/rfhHP9cPz&y=U2FsdGVkX1/r/YqVUSyCcaWWli3MUpQPuWJx6VkFJ2icwAk7jyYKTrISCq5inRJW HTTP/1.1" 200 31
186.102.43.210 - - [24/Feb/2024:10:57:39 -0500] "GET /kwssiamovil/sm/ldap/au?x=U2FsdGVkX18KYOmgXv3YviY0RVyGtTgFcHX3kZNu7FZSPl8pMl13YNuIob6Xesj3&y=U2FsdGVkX18YgezrOzGLIty5+2nlypUQT419JySgQI58AbRbmhlQw+Jsg4M3COQU HTTP/1.1" 200 31
186.102.43.210 - - [24/Feb/2024:10:57:39 -0500] "GET /kwssiamovil/sm/ldap/au?x=U2FsdGVkX18cjV/VqKzrJqSbSKUYPX7J2MohikqHYu78VxaSXnjJVrPr/9hIWntF&y=U2FsdGVkX1/WtjqxeNu2dbB+eI6WQN2kMG0D+F/q5ax/4qOFc6q4Wl8Xpx6x/egQ HTTP/1.1" 200 31
186.102.43.210 - - [24/Feb/2024:10:57:39 -0500] "GET /kwssiamovil/sm/ldap/au?x=U2FsdGVkX1+tGDfKyF5/ah/4y+KRKRp4FMjo1uCPHaS+p3Dfpk0zE9UbWlci4vSg&y=U2FsdGVkX188Kr58Hf0IS2SZsr5EXTLNm348fILYPIYii5zV7I6vCVVZpTNqP2DW HTTP/1.1" 200 31
186.147.213.126 - - [24/Feb/2024:11:00:10 -0500] "GET /convocatoria-acercar-2024-una-oportunidad-para-que-tu-empresa-sea-mas-sostenible.html HTTP/1.1" 200 913
201.245.192.253 - - [24/Feb/2024:11:00:15 -0500] "POST /kwsrmcab/Wsrmcab  HTTP/1.1" 200 213
172.22.2.4 - - [24/Feb/2024:11:00:06 -0500] "HEAD /BLA/boletinlegal/ HTTP/1.1" 200 -
186.102.43.210 - - [24/Feb/2024:10:59:47 -0500] "GET /kwssiamovil/sm/ldap/au?x=U2FsdGVkX18NGmBLvPe2YGl+K2cUYTlnEuWsqdZZRFZoMyxHuCVnQ9nyKDcESuzV&y=U2FsdGVkX1/74WY5nX/uvJKC1jmIZ2vaLlZs3tzuTxjrIIVNJ8/cZ1lAo+3L1Uhx HTTP/1.1" 200 31
186.102.43.210 - - [24/Feb/2024:10:59:47 -0500] "GET /kwssiamovil/sm/ldap/au?x=U2FsdGVkX1+d7lqQ9EBfNw5Jx54iA7SO3Xf0hJEGIwP01t9x1TMo9PQ/Atij3pLY&y=U2FsdGVkX19y2h+6pd6/+xC3xBABm7LtD6G8Es0zJno7BeKLKazgpvWFYWGBZa9x HTTP/1.1" 200 31
186.102.43.210 - - [24/Feb/2024:10:59:47 -0500] "GET /kwssiamovil/sm/ldap/au?x=U2FsdGVkX19YIRjfzixdjFG46G1FJdf0VqimxEsvzM8FA7qruLy8tiBBpSxi4LZ5&y=U2FsdGVkX19jGU9rzrII83TmKqcg9pojje4PNgOcCtmHq956P1nkF6TzAOEQ3+R4 HTTP/1.1" 200 31
216.245.221.92 - - [24/Feb/2024:11:02:16 -0500] "HEAD / HTTP/1.1" 200 -
172.22.2.4 - - [24/Feb/2024:11:00:57 -0500] "GET /BLA/boletinlegal/ HTTP/1.1" 200 59083
201.245.192.253 - - [24/Feb/2024:11:05:15 -0500] "POST /kwsrmcab/Wsrmcab  HTTP/1.1" 200 213
181.53.12.90 - - [24/Feb/2024:11:05:40 -0500] "GET /sipse/faces/index.xhtml HTTP/1.1" 200 677
181.53.12.90 - - [24/Feb/2024:11:05:40 -0500] "GET /sipse/faces/javax.faces.resource/theme.css?ln=primefaces-sipse HTTP/1.1" 304 -
181.53.12.90 - - [24/Feb/2024:11:05:41 -0500] "GET /sipse/faces/faces/autenticacion.xhtml HTTP/1.1" 200 12411
181.53.12.90 - - [24/Feb/2024:11:05:41 -0500] "GET /sipse/faces/javax.faces.resource/theme.css?ln=primefaces-sipse HTTP/1.1" 304 -
181.53.12.90 - - [24/Feb/2024:11:05:41 -0500] "GET /sipse/faces/javax.faces.resource/layout/layout.css?ln=primefaces&v=4.0 HTTP/1.1" 304 -
181.53.12.90 - - [24/Feb/2024:11:05:41 -0500] "GET /sipse/faces/javax.faces.resource/primefaces.css?ln=primefaces&v=4.0 HTTP/1.1" 304 -
181.53.12.90 - - [24/Feb/2024:11:05:41 -0500] "GET /sipse/faces/javax.faces.resource/jquery/jquery-plugins.js?ln=primefaces&v=4.0 HTTP/1.1" 304 -
181.53.12.90 - - [24/Feb/2024:11:05:41 -0500] "GET /sipse/faces/javax.faces.resource/primefaces.js?ln=primefaces&v=4.0 HTTP/1.1" 304 -
181.53.12.90 - - [24/Feb/2024:11:05:41 -0500] "GET /sipse/faces/javax.faces.resource/jquery/jquery.js?ln=primefaces&v=4.0 HTTP/1.1" 304 -
181.53.12.90 - - [24/Feb/2024:11:05:41 -0500] "GET /sipse/faces/javax.faces.resource/layout/layout.js?ln=primefaces&v=4.0 HTTP/1.1" 304 -
181.53.12.90 - - [24/Feb/2024:11:05:44 -0500] "POST /sipse/faces/autenticacion.xhtml HTTP/1.1" 200 16327
181.53.12.90 - - [24/Feb/2024:11:05:44 -0500] "GET /sipse/faces/javax.faces.resource/theme.css?ln=primefaces-sipse HTTP/1.1" 304 -
181.53.12.90 - - [24/Feb/2024:11:05:44 -0500] "GET /sipse/faces/javax.faces.resource/layout/layout.css?ln=primefaces&v=4.0 HTTP/1.1" 304 -
181.53.12.90 - - [24/Feb/2024:11:05:44 -0500] "GET /sipse/faces/javax.faces.resource/primefaces.css?ln=primefaces&v=4.0 HTTP/1.1" 304 -
181.53.12.90 - - [24/Feb/2024:11:05:44 -0500] "GET /sipse/faces/javax.faces.resource/jquery/jquery.js?ln=primefaces&v=4.0 HTTP/1.1" 304 -
181.53.12.90 - - [24/Feb/2024:11:05:44 -0500] "GET /sipse/faces/javax.faces.resource/jquery/jquery-plugins.js?ln=primefaces&v=4.0 HTTP/1.1" 304 -
181.53.12.90 - - [24/Feb/2024:11:05:44 -0500] "GET /sipse/faces/javax.faces.resource/primefaces.js?ln=primefaces&v=4.0 HTTP/1.1" 304 -
181.53.12.90 - - [24/Feb/2024:11:05:44 -0500] "GET /sipse/faces/javax.faces.resource/layout/layout.js?ln=primefaces&v=4.0 HTTP/1.1" 304 -
181.53.12.90 - - [24/Feb/2024:11:06:06 -0500] "POST /sipse/faces/bienvenido.xhtml HTTP/1.1" 200 1471
181.53.12.90 - - [24/Feb/2024:11:06:07 -0500] "POST /sipse/faces/bienvenido.xhtml HTTP/1.1" 200 63946
181.53.12.90 - - [24/Feb/2024:11:06:07 -0500] "GET /sipse/faces/javax.faces.resource/theme.css?ln=primefaces-sipse HTTP/1.1" 304 -
181.53.12.90 - - [24/Feb/2024:11:06:07 -0500] "GET /sipse/faces/javax.faces.resource/layout/layout.css?ln=primefaces&v=4.0 HTTP/1.1" 304 -
181.53.12.90 - - [24/Feb/2024:11:06:07 -0500] "GET /sipse/faces/javax.faces.resource/primefaces.css?ln=primefaces&v=4.0 HTTP/1.1" 304 -
181.53.12.90 - - [24/Feb/2024:11:06:07 -0500] "GET /sipse/faces/javax.faces.resource/jquery/jquery.js?ln=primefaces&v=4.0 HTTP/1.1" 304 -
181.53.12.90 - - [24/Feb/2024:11:06:07 -0500] "GET /sipse/faces/javax.faces.resource/jquery/jquery-plugins.js?ln=primefaces&v=4.0 HTTP/1.1" 304 -
181.53.12.90 - - [24/Feb/2024:11:06:07 -0500] "GET /sipse/faces/javax.faces.resource/primefaces.js?ln=primefaces&v=4.0 HTTP/1.1" 304 -
181.53.12.90 - - [24/Feb/2024:11:06:07 -0500] "GET /sipse/faces/javax.faces.resource/layout/layout.js?ln=primefaces&v=4.0 HTTP/1.1" 304 -
181.53.12.90 - - [24/Feb/2024:11:06:08 -0500] "POST /sipse/faces/presentacion/financiero/solicitudProceso/listarSolicitudProceso.xhtml HTTP/1.1" 200 1556
181.53.12.90 - - [24/Feb/2024:11:06:10 -0500] "POST /sipse/faces/presentacion/financiero/solicitudProceso/listarSolicitudProceso.xhtml HTTP/1.1" 200 5511
181.53.12.90 - - [24/Feb/2024:11:06:13 -0500] "POST /sipse/faces/presentacion/financiero/solicitudProceso/listarSolicitudProceso.xhtml HTTP/1.1" 200 144287
181.53.12.90 - - [24/Feb/2024:11:06:14 -0500] "GET /sipse/faces/javax.faces.resource/theme.css?ln=primefaces-sipse HTTP/1.1" 304 -
181.53.12.90 - - [24/Feb/2024:11:06:14 -0500] "GET /sipse/faces/javax.faces.resource/primefaces.css?ln=primefaces&v=4.0 HTTP/1.1" 304 -
181.53.12.90 - - [24/Feb/2024:11:06:14 -0500] "GET /sipse/faces/javax.faces.resource/layout/layout.css?ln=primefaces&v=4.0 HTTP/1.1" 304 -
181.53.12.90 - - [24/Feb/2024:11:06:14 -0500] "GET /sipse/faces/javax.faces.resource/jquery/jquery.js?ln=primefaces&v=4.0 HTTP/1.1" 304 -
181.53.12.90 - - [24/Feb/2024:11:06:14 -0500] "GET /sipse/faces/javax.faces.resource/jquery/jquery-plugins.js?ln=primefaces&v=4.0 HTTP/1.1" 304 -
181.53.12.90 - - [24/Feb/2024:11:06:14 -0500] "GET /sipse/faces/javax.faces.resource/primefaces.js?ln=primefaces&v=4.0 HTTP/1.1" 304 -
181.53.12.90 - - [24/Feb/2024:11:06:14 -0500] "GET /sipse/faces/javax.faces.resource/layout/layout.js?ln=primefaces&v=4.0 HTTP/1.1" 304 -
181.53.12.90 - - [24/Feb/2024:11:06:25 -0500] "POST /sipse/faces/presentacion/financiero/solicitudProceso/consultarSolicitudProceso.xhtml HTTP/1.1" 200 5598
66.249.70.201 - - [24/Feb/2024:11:06:33 -0500] "GET /BLA/resoluciones/RESOLUCIONES%202011/0258.pdf HTTP/1.1" 200 292609
52.167.144.226 - - [24/Feb/2024:11:06:48 -0500] "GET /Publicaciones/2023EE73000.pdf HTTP/1.1" 404 227
195.140.227.163 - - [24/Feb/2024:11:06:51 -0500] "GET /manager/html HTTP/1.1" 404 1018
172.22.2.4 - - [24/Feb/2024:11:07:09 -0500] "GET /BLA/boletinlegal/favicon.ico HTTP/1.1" 404 1018
66.249.70.202 - - [24/Feb/2024:11:07:14 -0500] "GET /BLA/resoluciones/RESOLUCIONES%202009/4086.pdf HTTP/1.1" 200 895524
216.245.221.92 - - [24/Feb/2024:11:07:16 -0500] "HEAD / HTTP/1.1" 200 -
172.22.2.4 - - [24/Feb/2024:11:06:50 -0500] "GET /BLA/boletinlegal/ HTTP/1.1" 200 20427
172.22.2.4 - - [24/Feb/2024:11:05:56 -0500] "HEAD /BLA/boletinlegal/ HTTP/1.1" 200 -
172.22.2.4 - - [24/Feb/2024:11:06:54 -0500] "GET /BLA/boletinlegal/ HTTP/1.1" 200 32715
172.22.2.4 - - [24/Feb/2024:11:06:47 -0500] "GET /BLA/boletinlegal/ HTTP/1.1" 200 54300
201.245.192.253 - - [24/Feb/2024:11:10:14 -0500] "POST /kwsrmcab/Wsrmcab  HTTP/1.1" 200 213
66.249.70.200 - - [24/Feb/2024:11:10:44 -0500] "GET /BLA/resoluciones/RESOLUCIONES%202009/6734.pdf HTTP/1.1" 200 1567240
