!C99Shell v. 1.0 pre-release build #13!

Software: Apache. PHP/5.5.15 

uname -a: Windows NT SVR-DMZ 6.1 build 7600 (Windows Server 2008 R2 Enterprise Edition) i586 

SYSTEM 

Safe-mode: OFF (not secure)

E:\nuevo\apache\logs\   drwxrwxrwx
Free 9.41 GB of 239.26 GB (3.93%)
Detected drives: [ a ] [ c ] [ d ] [ e ] [ f ]
Home    Back    Forward    UPDIR    Refresh    Search    Buffer    Encoder    Tools    Proc.    FTP brute    Sec.    SQL    PHP-code    Update    Feedback    Self remove    Logout    


Viewing file:     access.2024.02.26.log (9.44 MB)      -rw-rw-rw-
Select action/file-type:
(+) | (+) | (+) | Code (+) | Session (+) | (+) | SDB (+) | (+) | (+) | (+) | (+) | (+) |
52.167.144.233 - - [26/Feb/2024:00:01:22 -0500] "GET /catalogoisis/ HTTP/1.1" 200 8575
216.245.221.92 - - [26/Feb/2024:00:02:09 -0500] "HEAD / HTTP/1.1" 200 -
201.245.192.253 - - [26/Feb/2024:00:03:03 -0500] "POST /kwsrmcab/Wsrmcab  HTTP/1.1" 200 37561
172.22.2.4 - - [26/Feb/2024:00:02:33 -0500] "HEAD /BLA/boletinlegal/ HTTP/1.1" 200 -
172.22.2.4 - - [26/Feb/2024:00:03:24 -0500] "GET /BLA/boletinlegal/ HTTP/1.1" 200 60730
89.38.148.64 - - [26/Feb/2024:00:06:00 -0500] "GET /BLA/boletinlegal/style.css HTTP/1.1" 200 9406
43.163.3.58 - - [26/Feb/2024:00:06:07 -0500] "GET / HTTP/1.1" 200 319
216.245.221.92 - - [26/Feb/2024:00:07:09 -0500] "HEAD / HTTP/1.1" 200 -
201.245.192.253 - - [26/Feb/2024:00:08:02 -0500] "POST /kwsrmcab/Wsrmcab  HTTP/1.1" 200 37561
66.249.73.101 - - [26/Feb/2024:00:08:17 -0500] "GET /BLA/resoluciones/Notificaciones/RESOLUCIONES%202023/1136.pdf HTTP/1.1" 200 704945
172.22.2.4 - - [26/Feb/2024:00:08:23 -0500] "HEAD /BLA/boletinlegal/ HTTP/1.1" 200 -
190.27.114.3 - - [26/Feb/2024:00:10:31 -0500] "GET /stormWeb/ HTTP/1.1" 404 1120
190.27.114.3 - - [26/Feb/2024:00:10:31 -0500] "GET /favicon.ico HTTP/1.1" 200 7782
172.22.2.4 - - [26/Feb/2024:00:09:13 -0500] "GET /BLA/boletinlegal/ HTTP/1.1" 200 58273
216.245.221.92 - - [26/Feb/2024:00:12:09 -0500] "HEAD / HTTP/1.1" 200 -
201.245.192.253 - - [26/Feb/2024:00:12:59 -0500] "POST /kwsrmcab/Wsrmcab  HTTP/1.1" 200 37561
172.22.2.4 - - [26/Feb/2024:00:14:13 -0500] "HEAD /BLA/boletinlegal/ HTTP/1.1" 200 -
172.22.2.4 - - [26/Feb/2024:00:15:04 -0500] "GET /BLA/boletinlegal/ HTTP/1.1" 200 58720
216.245.221.92 - - [26/Feb/2024:00:17:09 -0500] "HEAD / HTTP/1.1" 200 -
201.245.192.253 - - [26/Feb/2024:00:17:57 -0500] "POST /kwsrmcab/Wsrmcab  HTTP/1.1" 200 37561
201.245.192.253 - - [26/Feb/2024:00:19:56 -0500] "POST /kwsrmcab/Wsrmcab HTTP/1.1" 200 37733
201.245.192.253 - - [26/Feb/2024:00:19:59 -0500] "POST /kwsrmcab/Wsrmcab HTTP/1.1" 200 37725
201.245.192.253 - - [26/Feb/2024:00:20:06 -0500] "POST /kwsrmcab/Wsrmcab HTTP/1.1" 200 37731
201.245.192.253 - - [26/Feb/2024:00:20:41 -0500] "POST /kwsrmcab/Wsrmcab HTTP/1.1" 200 37725
172.22.2.4 - - [26/Feb/2024:00:20:03 -0500] "HEAD /BLA/boletinlegal/ HTTP/1.1" 200 -
216.245.221.92 - - [26/Feb/2024:00:22:09 -0500] "HEAD / HTTP/1.1" 200 -
172.22.2.4 - - [26/Feb/2024:00:20:52 -0500] "GET /BLA/boletinlegal/ HTTP/1.1" 200 45104
172.22.2.4 - - [26/Feb/2024:00:20:54 -0500] "GET /BLA/boletinlegal/ HTTP/1.1" 200 44737
201.245.192.253 - - [26/Feb/2024:00:22:56 -0500] "POST /kwsrmcab/Wsrmcab  HTTP/1.1" 200 37561
66.249.66.38 - - [26/Feb/2024:00:24:38 -0500] "GET /con-actividades-pedagogicas-y-recreativas-bogota-disfruto-y-conmemoro-la-semana-ambiental.html HTTP/1.1" 200 821
66.249.66.37 - - [26/Feb/2024:00:25:40 -0500] "GET /el-agua-recurso-vital-para-la-conservacion-de-los-ecosistemas.html HTTP/1.1" 304 -
216.245.221.92 - - [26/Feb/2024:00:27:09 -0500] "HEAD / HTTP/1.1" 200 -
172.22.2.4 - - [26/Feb/2024:00:25:53 -0500] "HEAD /BLA/boletinlegal/ HTTP/1.1" 200 -
172.22.2.4 - - [26/Feb/2024:00:27:37 -0500] "GET /BLA/boletinlegal/Directivas/2011/Directiva%20No.%206%20del%208%20de%20Septiembre%20de%202011.pdf HTTP/1.1" 200 996625
201.245.192.253 - - [26/Feb/2024:00:27:54 -0500] "POST /kwsrmcab/Wsrmcab  HTTP/1.1" 200 37561
172.22.2.4 - - [26/Feb/2024:00:28:08 -0500] "GET /BLA/boletinlegal/actos.php HTTP/1.1" 200 9738
172.22.2.4 - - [26/Feb/2024:00:26:43 -0500] "GET /BLA/boletinlegal/ HTTP/1.1" 200 58720
201.245.192.253 - - [26/Feb/2024:00:29:56 -0500] "POST /kwsrmcab/Wsrmcab HTTP/1.1" 200 37733
201.245.192.253 - - [26/Feb/2024:00:29:59 -0500] "POST /kwsrmcab/Wsrmcab HTTP/1.1" 200 37725
201.245.192.253 - - [26/Feb/2024:00:30:06 -0500] "POST /kwsrmcab/Wsrmcab HTTP/1.1" 200 37731
40.77.167.7 - - [26/Feb/2024:00:30:09 -0500] "GET /desde-el-paramo-mas-grande-del-mundo-sumapaz-bogota-se-alista-para-ser-sede-de-la-cop16.html HTTP/1.1" 200 981
201.245.192.253 - - [26/Feb/2024:00:30:39 -0500] "POST /kwsrmcab/Wsrmcab HTTP/1.1" 200 37725
216.245.221.92 - - [26/Feb/2024:00:32:09 -0500] "HEAD / HTTP/1.1" 200 -
201.245.192.253 - - [26/Feb/2024:00:32:52 -0500] "POST /kwsrmcab/Wsrmcab  HTTP/1.1" 200 37561
172.22.2.4 - - [26/Feb/2024:00:31:43 -0500] "HEAD /BLA/boletinlegal/ HTTP/1.1" 200 -
172.22.2.4 - - [26/Feb/2024:00:32:33 -0500] "GET /BLA/boletinlegal/ HTTP/1.1" 200 58720
216.245.221.92 - - [26/Feb/2024:00:37:09 -0500] "HEAD / HTTP/1.1" 200 -
201.245.192.253 - - [26/Feb/2024:00:37:49 -0500] "POST /kwsrmcab/Wsrmcab  HTTP/1.1" 200 37561
66.249.73.102 - - [26/Feb/2024:00:38:18 -0500] "GET /Publicaciones/2023EE301424.pdf HTTP/1.1" 404 228
66.249.73.100 - - [26/Feb/2024:00:38:19 -0500] "GET /BLA/boletinlegal/Directivas/2014/Directiva%20No.%205%20del%2026%20de%20Diciembre%20de%202014.pdf HTTP/1.1" 200 3424865
172.22.2.4 - - [26/Feb/2024:00:37:33 -0500] "HEAD /BLA/boletinlegal/ HTTP/1.1" 200 -
201.245.192.253 - - [26/Feb/2024:00:39:56 -0500] "POST /kwsrmcab/Wsrmcab HTTP/1.1" 200 37733
201.245.192.253 - - [26/Feb/2024:00:39:59 -0500] "POST /kwsrmcab/Wsrmcab HTTP/1.1" 200 37725
172.22.2.4 - - [26/Feb/2024:00:38:24 -0500] "GET /BLA/boletinlegal/ HTTP/1.1" 200 58720
201.245.192.253 - - [26/Feb/2024:00:40:06 -0500] "POST /kwsrmcab/Wsrmcab HTTP/1.1" 200 37731
201.245.192.253 - - [26/Feb/2024:00:40:40 -0500] "POST /kwsrmcab/Wsrmcab HTTP/1.1" 200 37725
216.245.221.92 - - [26/Feb/2024:00:42:09 -0500] "HEAD / HTTP/1.1" 200 -
201.245.192.253 - - [26/Feb/2024:00:42:48 -0500] "POST /kwsrmcab/Wsrmcab  HTTP/1.1" 200 37561
172.22.2.4 - - [26/Feb/2024:00:43:23 -0500] "HEAD /BLA/boletinlegal/ HTTP/1.1" 200 -
172.22.2.4 - - [26/Feb/2024:00:44:13 -0500] "GET /BLA/boletinlegal/ HTTP/1.1" 200 60730
216.245.221.92 - - [26/Feb/2024:00:47:09 -0500] "HEAD / HTTP/1.1" 200 -
201.245.192.253 - - [26/Feb/2024:00:47:48 -0500] "POST /kwsrmcab/Wsrmcab  HTTP/1.1" 200 37561
66.249.73.101 - - [26/Feb/2024:00:49:24 -0500] "GET /BLA/resoluciones/RESOLUCIONES%202021/5262.pdf HTTP/1.1" 200 370932
172.22.2.4 - - [26/Feb/2024:00:49:13 -0500] "HEAD /BLA/boletinlegal/ HTTP/1.1" 200 -
52.167.144.176 - - [26/Feb/2024:00:51:09 -0500] "GET /BLA/resoluciones/RESOLUCIONES%202023/3034.pdf HTTP/1.1" 200 3148044
172.22.2.4 - - [26/Feb/2024:00:50:03 -0500] "GET /BLA/boletinlegal/ HTTP/1.1" 200 60380
216.245.221.92 - - [26/Feb/2024:00:52:09 -0500] "HEAD / HTTP/1.1" 200 -
201.245.192.253 - - [26/Feb/2024:00:52:45 -0500] "POST /kwsrmcab/Wsrmcab  HTTP/1.1" 200 37561
173.252.79.5 - - [26/Feb/2024:00:54:54 -0500] "GET /images/25%20de%20enero%20M\xc3\xb3vil%20Fauna.jpg HTTP/1.1" 404 1034
172.22.2.4 - - [26/Feb/2024:00:55:03 -0500] "HEAD /BLA/boletinlegal/ HTTP/1.1" 200 -
216.245.221.92 - - [26/Feb/2024:00:57:09 -0500] "HEAD / HTTP/1.1" 200 -
172.22.2.4 - - [26/Feb/2024:00:55:54 -0500] "GET /BLA/boletinlegal/ HTTP/1.1" 200 56191
201.245.192.253 - - [26/Feb/2024:00:57:43 -0500] "POST /kwsrmcab/Wsrmcab  HTTP/1.1" 200 37561
216.244.66.246 - - [26/Feb/2024:00:57:53 -0500] "GET /robots.txt HTTP/1.1" 404 1034
47.128.126.82 - - [26/Feb/2024:01:01:40 -0500] "GET /BLA/resoluciones/dlf/styles.css HTTP/1.1" 200 3049
47.128.126.82 - - [26/Feb/2024:01:01:40 -0500] "GET /BLA/resoluciones/dlf/dirup.png HTTP/1.1" 200 644
47.128.126.82 - - [26/Feb/2024:01:01:41 -0500] "GET /BLA/resoluciones/dlf/pdf.gif HTTP/1.1" 200 272
47.128.126.82 - - [26/Feb/2024:01:01:39 -0500] "GET /BLA/resoluciones/index.php?dir=Notificaciones/AUTOS%202022/&sort=name&order=desc HTTP/1.1" 200 167175
216.245.221.92 - - [26/Feb/2024:01:02:09 -0500] "HEAD / HTTP/1.1" 200 -
172.22.2.4 - - [26/Feb/2024:01:00:53 -0500] "HEAD /BLA/boletinlegal/ HTTP/1.1" 200 -
201.245.192.253 - - [26/Feb/2024:01:02:42 -0500] "POST /kwsrmcab/Wsrmcab  HTTP/1.1" 200 37561
172.22.2.4 - - [26/Feb/2024:01:01:43 -0500] "GET /BLA/boletinlegal/ HTTP/1.1" 200 57136
172.22.2.4 - - [26/Feb/2024:01:03:18 -0500] "GET /BLA/boletinlegal/ HTTP/1.1" 200 62310
216.245.221.92 - - [26/Feb/2024:01:07:09 -0500] "HEAD / HTTP/1.1" 200 -
191.107.140.23 - - [26/Feb/2024:01:07:24 -0500] "GET /guadalupe-aguanoso-y-otros-senderos-disponibles-para-el-disfrute-de-los-ciudadanos.html?fbclid=IwAR2fCPB2NDqf2eP2JDkjM-cM7BO6E2jYBPWPiINEgpYn50XNeEH2lxDTqWo HTTP/1.1" 200 873
201.245.192.253 - - [26/Feb/2024:01:07:41 -0500] "POST /kwsrmcab/Wsrmcab  HTTP/1.1" 200 37561
172.22.2.4 - - [26/Feb/2024:01:06:43 -0500] "HEAD /BLA/boletinlegal/ HTTP/1.1" 200 -
172.22.2.4 - - [26/Feb/2024:01:07:33 -0500] "GET /BLA/boletinlegal/ HTTP/1.1" 200 59083
216.245.221.92 - - [26/Feb/2024:01:12:09 -0500] "HEAD / HTTP/1.1" 200 -
185.189.182.234 - - [26/Feb/2024:01:12:42 -0500] "GET / HTTP/1.1" 400 946
201.245.192.253 - - [26/Feb/2024:01:12:41 -0500] "POST /kwsrmcab/Wsrmcab  HTTP/1.1" 200 37561
172.22.2.4 - - [26/Feb/2024:01:12:33 -0500] "HEAD /BLA/boletinlegal/ HTTP/1.1" 200 -
172.22.2.4 - - [26/Feb/2024:01:13:24 -0500] "GET /BLA/boletinlegal/ HTTP/1.1" 200 60730
216.245.221.92 - - [26/Feb/2024:01:17:09 -0500] "HEAD / HTTP/1.1" 200 -
207.46.13.150 - - [26/Feb/2024:01:17:29 -0500] "GET /BLA/resoluciones/RESOLUCIONES%202021/0017.pdf HTTP/1.1" 200 352450
201.245.192.253 - - [26/Feb/2024:01:17:41 -0500] "POST /kwsrmcab/Wsrmcab  HTTP/1.1" 200 37561
201.245.192.253 - - [26/Feb/2024:01:19:56 -0500] "POST /kwsrmcab/Wsrmcab HTTP/1.1" 200 37886
201.245.192.253 - - [26/Feb/2024:01:19:59 -0500] "POST /kwsrmcab/Wsrmcab HTTP/1.1" 200 37743
172.22.2.4 - - [26/Feb/2024:01:18:23 -0500] "HEAD /BLA/boletinlegal/ HTTP/1.1" 200 -
201.245.192.253 - - [26/Feb/2024:01:20:06 -0500] "POST /kwsrmcab/Wsrmcab HTTP/1.1" 200 37729
201.245.192.253 - - [26/Feb/2024:01:20:41 -0500] "POST /kwsrmcab/Wsrmcab HTTP/1.1" 200 37743
172.22.2.4 - - [26/Feb/2024:01:19:13 -0500] "GET /BLA/boletinlegal/ HTTP/1.1" 200 60380
216.245.221.92 - - [26/Feb/2024:01:22:09 -0500] "HEAD / HTTP/1.1" 200 -
201.245.192.253 - - [26/Feb/2024:01:22:40 -0500] "POST /kwsrmcab/Wsrmcab  HTTP/1.1" 200 37561
40.77.167.60 - - [26/Feb/2024:01:24:13 -0500] "GET /documents/10184/4278102/WhatsApp+Image+2023-02-16+at+6.29.23+PM.jpeg/cffd07db-7918-42cf-b0ba-06eaed3738d8?t=1676590465404 HTTP/1.1" 404 1034
172.22.2.4 - - [26/Feb/2024:01:24:13 -0500] "HEAD /BLA/boletinlegal/ HTTP/1.1" 200 -
162.55.175.138 - - [26/Feb/2024:01:26:10 -0500] "GET / HTTP/1.1" 200 4720
52.167.144.179 - - [26/Feb/2024:01:26:11 -0500] "GET /BLA/resoluciones/RESOLUCIONES%202013/1138.pdf HTTP/1.1" 304 -
172.22.2.4 - - [26/Feb/2024:01:25:03 -0500] "GET /BLA/boletinlegal/ HTTP/1.1" 200 60730
172.22.2.4 - - [26/Feb/2024:01:26:47 -0500] "GET /BLA/boletinlegal/robots.txt HTTP/1.1" 404 1038
216.245.221.92 - - [26/Feb/2024:01:27:09 -0500] "HEAD / HTTP/1.1" 200 -
201.245.192.253 - - [26/Feb/2024:01:27:38 -0500] "POST /kwsrmcab/Wsrmcab  HTTP/1.1" 200 37561
186.102.18.119 - - [26/Feb/2024:01:27:54 -0500] "GET /kwssiamovil/sm/acme/a?s=U2FsdGVkX18mVccWI4OXEeObb4aujLm9cTSi+AdOYdyWQCt0B5KBz8BpqtVBsdJG4y51Gq7+dGRqk49HxZJNlyUq2PXlhKf4RR0a1nsoO2nZuHaGjTPniafuTqO0dnxMQPqqb02UqsLrRUV/T/kJhMk10XthRILBgPv3kpEIE33//gUmFWTbTFG8/PE+eDKitDuQk7XW1v+bIA5DCs4niAi2+fnxtq1pYLJeYSRWYHgLFCXc3GWK30950XmWte5lsuhnKXuHnWnETMq526oB4w==&u=U2FsdGVkX1/Pjs1o11RpqQUP5R/gMSacg5t7qAnDFiv+qI00UyZjrL9iFiuyk07Q&y=U2FsdGVkX1+ODHsxf2N5XLkCIlS6VTWM8EXxVva7amW6VtRmaNvWtKp1MPVGUkEP HTTP/1.1" 200 26
186.102.18.119 - - [26/Feb/2024:01:27:57 -0500] "GET /kwssiamovil/sm/acme/a?s=U2FsdGVkX1/OkbT6zoORk0DPN9LU4NkCbN+oRx/YptixA7fXd4jEBIe8eM+yUnBYbYHonpYp1zlmAn9lXqEP8sYN9ngeDYyOc8UjBFMLyGFgDPhxS9Z6e4mbe73ZQT3XS9QYXUD/kVz4qS5dSD/rqvS4MOOgT5n9kcF5iePsgH/shObOLCvWUf6ZBVf93NH+Oq/UUekdTuZadjTaEmq9DLav1q0m2fLdRtuZsJJ1VTh/jhM5c74qt8oQi3N00xBuD3nFU2rUntCQPo1dQO1A4AeCWttELPO3p7G/x1FjJdim3iamWtAsYmJQMbQnva6VJuQGC4UD4/5Dll9J5Vu6m7hhNZLCd+A8N5xuK6pSgVxeeP8wxfQA6kl1ebTgyqxrX75vCzYMcWvaCfUTwtVgsx4gmj9/Ld7HoVAUInG/594WOMUsVN0zmSCp9TE0iGi/0BfKSKyEmF8V9e92xNDrOkIB6+6lNnCcOJHfJEdtNmkdUUDJw4lSKgx7TDAbTwhGpPYD9oaLbZXhMhNISMyOz583KHLgMe/XQptnC93lNtuxo5/K8n16u20FPtni5LL0a0W+SrxxwaUn0+5nD2kSpFx/LiE6f/iZyzrLESdWSgMZsJ3U5aRkb6o048nmqERgWv5NhQT+ILD+JqJT6YHsx5TOioTKERA7ZQw3PIq6X9eCyMfH0lfeD3XnK6dmKvEQiZzqW2vCZWogxKuIGTR5Se0evdhMNMrssScitbkaHpmtW7xqJnF7hRW9tqD8PaulFHGZjAcoWzfnBbR01zMilUslHEpeFEyJxStOUAlb7B4RildNkRIzszymg9p6Kd+WAePRKMsObIy+Fi3X+5dnuNafeJGy7bVRl8/rYXnFcvHN337zV8ftTEsWo97DGn0si0dQY/5ki8pvLeiBTD9DPq1VksLXrK1rRNc/yXgUpxRqAuT/mfIHBY4zEYcwK0OXS26itfC8K++V+9QgMvBS0FlpZCOZMpFUwMaum/JLBQnHBAaJ8X/TytzSWTeUtabsEIcluYYirposrrwK4u5WDxjhcJ58uOM/+Ru7RfKdxEEZzYvTaPnxgGBJ6UZJisvYo4rIvhhlI1XwLQgUzS3OQkpKH8WpTNIbTWeN1QeLnsME5jub08nrgNByhjn5+Y8rQMkibmlRbZHwwm+IJewnDF6AUJRD9mgF2/D4FXMQ04O1jrqaCEqLnPyWsQj85jkjJ/4liJebHTMeeKHZ6X864PGfVDbrv27fUk8ksl+tCpqf9hptUdAhUuW5ASDvPcCqFBXkhDiO6SUkO28buifxLBz0zEEhIOY7+SCXXZxi0PDOefbgDzXXmsigCnna+SHKELd2PlEdqiX6a7iQPZ1P35qi1eDLdl36TTmYbCnFnTz0zXBmHECljdNvoIsTTYSVfgUhS3ZpRVP6N6r4vIjw3CjjTOAfEWpeIyoxjD9HOsiwpI6AVAPxh2cn5sM0xdQkzS50g6nIiOLvRnUgfTPzEmpMPyOqL3xkxrMahiqIfpN+Vja1uLKSmqW4k6nOceGugqdm9SI/Z55tRAduQauU5RQBJs53zkwUS1KwXNO/3ZXcRCanpkN7va6CcQacG4blOO+1jt5kgpvGiZatx1BX4Q==&u=U2FsdGVkX1/Pjs1o11RpqQUP5R/gMSacg5t7qAnDFiv+qI00UyZjrL9iFiuyk07Q&y=U2FsdGVkX1+ODHsxf2N5XLkCIlS6VTWM8EXxVva7amW6VtRmaNvWtKp1MPVGUkEP HTTP/1.1" 200 26
186.102.18.119 - - [26/Feb/2024:01:27:57 -0500] "GET /kwssiamovil/sm/acme/a?s=U2FsdGVkX1/unH38p2k5HPHfhrRgsexpZJNl6vQIoqY5/UKfZXRV/2peiKgOMuReJtXYBBedLk+rPycrBQrMnha1VboCUpgiNMYdpUSwuT2+pAkCTrAyggdqewcNGa+wIlkaOLbIqeSNPeUUNOeRMravBQNmYbTrlffRRmHRjtg=&u=U2FsdGVkX1/Pjs1o11RpqQUP5R/gMSacg5t7qAnDFiv+qI00UyZjrL9iFiuyk07Q&y=U2FsdGVkX1+ODHsxf2N5XLkCIlS6VTWM8EXxVva7amW6VtRmaNvWtKp1MPVGUkEP HTTP/1.1" 200 26
186.102.18.119 - - [26/Feb/2024:01:27:57 -0500] "GET /kwssiamovil/sm/acme/a?s=U2FsdGVkX19pgy7jcw5+OQZmmHBRRzbgRTXcDXThZnwPqTHcNHGATYyiLgtVTFBoFAiuDdJv5F0BlOCSR+PeACPY121AxQimDEf9JsB2yfEeBFejEfc4GlBzlCg2u1iL8Q6m9zJwqEw0+73GlsPZqPAfqXzojnoSbu0VMLZWTo0=&u=U2FsdGVkX1/Pjs1o11RpqQUP5R/gMSacg5t7qAnDFiv+qI00UyZjrL9iFiuyk07Q&y=U2FsdGVkX1+ODHsxf2N5XLkCIlS6VTWM8EXxVva7amW6VtRmaNvWtKp1MPVGUkEP HTTP/1.1" 200 26
186.102.18.119 - - [26/Feb/2024:01:27:58 -0500] "GET /kwssiamovil/sm/acme/a?s=U2FsdGVkX19UuqJtDM9zp15eP5XdwlOFDQK+Iewn1Yu9tWrtvqh7/6JWhDmEE0fdLiAjrPaO6ISgQOzPZzHtUjc2P/7hTk38eFdj/zK7OMVV8YN/Alnzcr4rstMFaM3mj02BsLXt4alDRt6nC8EG7k55QKw+FOwbph5AyS5oliw=&u=U2FsdGVkX1/Pjs1o11RpqQUP5R/gMSacg5t7qAnDFiv+qI00UyZjrL9iFiuyk07Q&y=U2FsdGVkX1+ODHsxf2N5XLkCIlS6VTWM8EXxVva7amW6VtRmaNvWtKp1MPVGUkEP HTTP/1.1" 200 26
186.102.18.119 - - [26/Feb/2024:01:27:58 -0500] "GET /kwssiamovil/sm/acme/a?s=U2FsdGVkX19XsRN67Le4CXhJT8Yus6sqqw2lKE5QLBrVZhNECPr6v7IZ43ay2HZjVUA1wPYCX/VbcKAN59p/0sWKNZBMqJbCcxMquPK9AM0YY6k7z/fVd7DNCUf2DoTOG1stq/56sHWyxDPqASpQ8SQDAGNcLib6/ds39yA0NrvXvDW2ZfxNQLBgfeMoU4DjonpC7I8Hgoq0XkuDLwuv0g==&u=U2FsdGVkX1/Pjs1o11RpqQUP5R/gMSacg5t7qAnDFiv+qI00UyZjrL9iFiuyk07Q&y=U2FsdGVkX1+ODHsxf2N5XLkCIlS6VTWM8EXxVva7amW6VtRmaNvWtKp1MPVGUkEP HTTP/1.1" 200 26
152.61.128.50 - - [26/Feb/2024:01:28:08 -0500] "GET / HTTP/1.1" 200 319
186.102.18.119 - - [26/Feb/2024:01:28:13 -0500] "GET /kwssiamovil/sm/acme/u?s=U2FsdGVkX19EJ5i0C9zGAzBtaqJUnHF56WIvYkBjdJWXmmGpyrXKxXuAeV7BblgdhYg6WlVTqkXtn/qEzX391KGv2IFN9MyFH34TjW7LJsZZc0yCveLqM7ozE8r87NBntf76hwOn9xmVMjKnOYvkG1nEfTJhuKfbR8gCFpw6UxE=&u=U2FsdGVkX1/Pjs1o11RpqQUP5R/gMSacg5t7qAnDFiv+qI00UyZjrL9iFiuyk07Q&y=U2FsdGVkX1+ODHsxf2N5XLkCIlS6VTWM8EXxVva7amW6VtRmaNvWtKp1MPVGUkEP HTTP/1.1" 200 60
172.22.2.4 - - [26/Feb/2024:01:26:49 -0500] "GET /BLA/boletinlegal/index.php HTTP/1.1" 200 62720
2.57.121.251 - - [26/Feb/2024:01:28:38 -0500] "GET / HTTP/1.0" 200 319
201.245.192.253 - - [26/Feb/2024:01:29:56 -0500] "POST /kwsrmcab/Wsrmcab HTTP/1.1" 200 37886
201.245.192.253 - - [26/Feb/2024:01:29:59 -0500] "POST /kwsrmcab/Wsrmcab HTTP/1.1" 200 37743
201.245.192.253 - - [26/Feb/2024:01:30:05 -0500] "POST /kwsrmcab/Wsrmcab HTTP/1.1" 200 37729
201.245.192.253 - - [26/Feb/2024:01:30:41 -0500] "POST /kwsrmcab/Wsrmcab HTTP/1.1" 200 37743
172.22.2.4 - - [26/Feb/2024:01:30:03 -0500] "HEAD /BLA/boletinlegal/ HTTP/1.1" 200 -
216.245.221.92 - - [26/Feb/2024:01:32:09 -0500] "HEAD / HTTP/1.1" 200 -
172.22.2.4 - - [26/Feb/2024:01:30:54 -0500] "GET /BLA/boletinlegal/ HTTP/1.1" 200 60730
201.245.192.253 - - [26/Feb/2024:01:32:36 -0500] "POST /kwsrmcab/Wsrmcab  HTTP/1.1" 200 37561
216.244.66.246 - - [26/Feb/2024:01:34:01 -0500] "GET /secretaria-de-ambiente-avanza-con-la-implementacion-de-viveros-y-sistemas-de-recoleccion-de-agua-lluvia-en-humedales.html HTTP/1.1" 200 1031
216.245.221.92 - - [26/Feb/2024:01:37:09 -0500] "HEAD / HTTP/1.1" 200 -
172.22.2.4 - - [26/Feb/2024:01:35:53 -0500] "HEAD /BLA/boletinlegal/ HTTP/1.1" 200 -
201.245.192.253 - - [26/Feb/2024:01:37:34 -0500] "POST /kwsrmcab/Wsrmcab  HTTP/1.1" 200 37561
172.22.2.4 - - [26/Feb/2024:01:36:43 -0500] "GET /BLA/boletinlegal/ HTTP/1.1" 200 58720
66.249.73.102 - - [26/Feb/2024:01:38:26 -0500] "GET /BLA/boletinlegal/Circulares/2020/CIRCULAR%20No.%2000014%20del%2001%20de%20septiembre%20del%202020.pdf HTTP/1.1" 200 320826
66.249.73.101 - - [26/Feb/2024:01:38:28 -0500] "GET /BLA/resoluciones/RESOLUCIONES%202011/1371.pdf HTTP/1.1" 200 519061
201.245.192.253 - - [26/Feb/2024:01:39:56 -0500] "POST /kwsrmcab/Wsrmcab HTTP/1.1" 200 37886
201.245.192.253 - - [26/Feb/2024:01:39:59 -0500] "POST /kwsrmcab/Wsrmcab HTTP/1.1" 200 37743
201.245.192.253 - - [26/Feb/2024:01:40:06 -0500] "POST /kwsrmcab/Wsrmcab HTTP/1.1" 200 37729
201.245.192.253 - - [26/Feb/2024:01:40:39 -0500] "POST /kwsrmcab/Wsrmcab HTTP/1.1" 200 37743
216.245.221.92 - - [26/Feb/2024:01:42:08 -0500] "HEAD / HTTP/1.1" 200 -
216.244.66.195 - - [26/Feb/2024:01:42:20 -0500] "GET /robots.txt HTTP/1.1" 404 1018
201.245.192.253 - - [26/Feb/2024:01:42:33 -0500] "POST /kwsrmcab/Wsrmcab  HTTP/1.1" 200 37561
172.22.2.4 - - [26/Feb/2024:01:41:43 -0500] "HEAD /BLA/boletinlegal/ HTTP/1.1" 200 -
172.22.2.4 - - [26/Feb/2024:01:42:33 -0500] "GET /BLA/boletinlegal/ HTTP/1.1" 200 58720
40.77.167.73 - - [26/Feb/2024:01:45:54 -0500] "GET /BLA/resoluciones/index.php?dir=AUTOS+2023%2F HTTP/1.1" 200 502029
45.139.239.4 - - [26/Feb/2024:01:46:23 -0500] "GET / HTTP/1.1" 200 319
114.119.132.170 - - [26/Feb/2024:01:47:03 -0500] "GET /BLA/resoluciones/index.php?dir=RESOLUCIONES%2B2010/&sort=date&order=asc HTTP/1.1" 200 14312
216.245.221.92 - - [26/Feb/2024:01:47:08 -0500] "HEAD / HTTP/1.1" 200 -
201.245.192.253 - - [26/Feb/2024:01:47:32 -0500] "POST /kwsrmcab/Wsrmcab  HTTP/1.1" 200 37561
172.22.2.4 - - [26/Feb/2024:01:47:33 -0500] "HEAD /BLA/boletinlegal/ HTTP/1.1" 200 -
3.231.65.233 - - [26/Feb/2024:01:49:33 -0500] "GET /Publicaciones/2022EE239228.pdf HTTP/1.1" 404 228
65.154.226.170 - - [26/Feb/2024:01:49:36 -0500] "GET /Publicaciones/2022EE239228.pdf HTTP/1.1" 404 228
172.22.2.4 - - [26/Feb/2024:01:48:23 -0500] "GET /BLA/boletinlegal/ HTTP/1.1" 200 49224
146.19.24.28 - - [26/Feb/2024:01:51:08 -0500] "GET / HTTP/1.1" 200 319
168.119.252.253 - - [26/Feb/2024:01:51:50 -0500] "GET / HTTP/1.1" 200 4720
216.245.221.92 - - [26/Feb/2024:01:52:08 -0500] "HEAD / HTTP/1.1" 200 -
201.245.192.253 - - [26/Feb/2024:01:52:31 -0500] "POST /kwsrmcab/Wsrmcab  HTTP/1.1" 200 37561
3.231.65.233 - - [26/Feb/2024:01:53:08 -0500] "GET /Publicaciones/2022EE238585.pdf HTTP/1.1" 404 228
172.22.2.4 - - [26/Feb/2024:01:53:23 -0500] "HEAD /BLA/boletinlegal/ HTTP/1.1" 200 -
172.22.2.4 - - [26/Feb/2024:01:54:13 -0500] "GET /BLA/boletinlegal/ HTTP/1.1" 200 58720
216.245.221.92 - - [26/Feb/2024:01:57:08 -0500] "HEAD / HTTP/1.1" 200 -
201.245.192.253 - - [26/Feb/2024:01:57:29 -0500] "POST /kwsrmcab/Wsrmcab  HTTP/1.1" 200 37561
172.22.2.4 - - [26/Feb/2024:01:56:50 -0500] "GET /BLA/boletinlegal/ HTTP/1.1" 200 62720
172.22.2.4 - - [26/Feb/2024:01:58:30 -0500] "GET /BLA/boletinlegal/ HTTP/1.1" 200 59583
172.22.2.4 - - [26/Feb/2024:01:59:13 -0500] "HEAD /BLA/boletinlegal/ HTTP/1.1" 200 -
172.22.2.4 - - [26/Feb/2024:02:00:03 -0500] "GET /BLA/boletinlegal/ HTTP/1.1" 200 58720
216.245.221.92 - - [26/Feb/2024:02:02:08 -0500] "HEAD / HTTP/1.1" 200 -
201.245.192.253 - - [26/Feb/2024:02:02:29 -0500] "POST /kwsrmcab/Wsrmcab  HTTP/1.1" 200 37561
172.22.2.4 - - [26/Feb/2024:02:04:22 -0500] "GET /BLA/boletinlegal/ HTTP/1.1" 200 57889
172.22.2.4 - - [26/Feb/2024:02:05:03 -0500] "HEAD /BLA/boletinlegal/ HTTP/1.1" 200 -
216.245.221.92 - - [26/Feb/2024:02:07:08 -0500] "HEAD / HTTP/1.1" 200 -
201.245.192.253 - - [26/Feb/2024:02:07:27 -0500] "POST /kwsrmcab/Wsrmcab  HTTP/1.1" 200 37561
172.22.2.4 - - [26/Feb/2024:02:05:53 -0500] "GET /BLA/boletinlegal/ HTTP/1.1" 200 58273
51.222.44.188 - - [26/Feb/2024:02:07:47 -0500] "GET /wp-content/wso.php HTTP/1.1" 404 1035
51.222.44.188 - - [26/Feb/2024:02:07:49 -0500] "GET /wp-content/wso.php HTTP/1.1" 404 1032
207.46.13.54 - - [26/Feb/2024:02:08:39 -0500] "GET /Publicaciones/2024EE27601.pdf HTTP/1.1" 404 227
216.245.221.92 - - [26/Feb/2024:02:12:08 -0500] "HEAD / HTTP/1.1" 200 -
172.22.2.4 - - [26/Feb/2024:02:12:16 -0500] "GET /BLA/boletinlegal/.git/config HTTP/1.1" 404 1038
40.77.167.235 - - [26/Feb/2024:02:12:17 -0500] "GET /BLA/resoluciones/index.php?dir=AUTOS+2022%2F HTTP/1.1" 200 511928
201.245.192.253 - - [26/Feb/2024:02:12:25 -0500] "POST /kwsrmcab/Wsrmcab  HTTP/1.1" 200 37561
172.22.2.4 - - [26/Feb/2024:02:10:52 -0500] "HEAD /BLA/boletinlegal/ HTTP/1.1" 200 -
216.244.66.195 - - [26/Feb/2024:02:13:07 -0500] "GET /BLA/resoluciones/AUTOS%202023/2930.pdf HTTP/1.1" 200 452487
172.22.2.4 - - [26/Feb/2024:02:11:43 -0500] "GET /BLA/boletinlegal/ HTTP/1.1" 200 59083
216.244.66.195 - - [26/Feb/2024:02:13:41 -0500] "GET /BLA/resoluciones/AUTOS%202023/2941.pdf HTTP/1.1" 200 426811
216.244.66.195 - - [26/Feb/2024:02:14:31 -0500] "GET /BLA/resoluciones/AUTOS%202023/2945.pdf HTTP/1.1" 200 422077
51.222.44.188 - - [26/Feb/2024:02:14:48 -0500] "GET /wp-content/wso.php HTTP/1.1" 404 1035
51.222.44.188 - - [26/Feb/2024:02:14:49 -0500] "GET /wp-content/wso.php HTTP/1.1" 404 1032
216.244.66.195 - - [26/Feb/2024:02:15:33 -0500] "GET /BLA/resoluciones/AUTOS%202023/3221.pdf HTTP/1.1" 200 354792
216.245.221.92 - - [26/Feb/2024:02:17:08 -0500] "HEAD / HTTP/1.1" 200 -
201.245.192.253 - - [26/Feb/2024:02:17:23 -0500] "POST /kwsrmcab/Wsrmcab  HTTP/1.1" 200 37561
172.22.2.4 - - [26/Feb/2024:02:16:42 -0500] "HEAD /BLA/boletinlegal/ HTTP/1.1" 200 -
172.22.2.4 - - [26/Feb/2024:02:17:33 -0500] "GET /BLA/boletinlegal/ HTTP/1.1" 200 60730
201.245.192.253 - - [26/Feb/2024:02:19:56 -0500] "POST /kwsrmcab/Wsrmcab HTTP/1.1" 200 37899
172.22.2.4 - - [26/Feb/2024:02:19:59 -0500] "GET /BLA/boletinlegal/robots.txt HTTP/1.1" 404 1038
172.22.2.4 - - [26/Feb/2024:02:20:00 -0500] "GET /BLA/boletinlegal/Directivas/2014/Directiva%20No.%205%20del%2026%20de%20Diciembre%20de%202014.pdf HTTP/1.1" 200 3424865
201.245.192.253 - - [26/Feb/2024:02:19:58 -0500] "POST /kwsrmcab/Wsrmcab HTTP/1.1" 200 37725
201.245.192.253 - - [26/Feb/2024:02:20:05 -0500] "POST /kwsrmcab/Wsrmcab HTTP/1.1" 200 37585
201.245.192.253 - - [26/Feb/2024:02:20:41 -0500] "POST /kwsrmcab/Wsrmcab HTTP/1.1" 200 37725
34.79.162.186 - - [26/Feb/2024:02:20:51 -0500] "GET / HTTP/1.1" 200 319
216.245.221.92 - - [26/Feb/2024:02:22:08 -0500] "HEAD / HTTP/1.1" 200 -
201.245.192.253 - - [26/Feb/2024:02:22:21 -0500] "POST /kwsrmcab/Wsrmcab  HTTP/1.1" 200 37561
172.22.2.4 - - [26/Feb/2024:02:22:32 -0500] "HEAD /BLA/boletinlegal/ HTTP/1.1" 200 -
172.22.2.4 - - [26/Feb/2024:02:23:23 -0500] "GET /BLA/boletinlegal/ HTTP/1.1" 200 60380
152.61.128.50 - - [26/Feb/2024:02:26:23 -0500] "GET /arcgis/services/Calidad_del_Agua_WQI/MapServer/WMSServer?request=GetCapabilities&service=WMS HTTP/1.1" 503 1020
152.61.128.50 - - [26/Feb/2024:02:26:25 -0500] "GET /arcgis/services/Calidad_del_Agua_WQI/MapServer/WMSServer?SERVICE=WMS&REQUEST=GetCapabilities HTTP/1.1" 503 1020
152.61.128.50 - - [26/Feb/2024:02:26:25 -0500] "GET /arcgis/services/Calidad_del_Agua_WQI/MapServer/WMSServer?WMTVER=1.0.0&REQUEST=capabilities HTTP/1.1" 503 1020
52.167.144.194 - - [26/Feb/2024:02:26:56 -0500] "GET /Publicaciones/2024EE27599.pdf HTTP/1.1" 404 227
216.245.221.92 - - [26/Feb/2024:02:27:08 -0500] "HEAD / HTTP/1.1" 200 -
201.245.192.253 - - [26/Feb/2024:02:27:21 -0500] "POST /kwsrmcab/Wsrmcab  HTTP/1.1" 200 37561
201.245.192.253 - - [26/Feb/2024:02:29:56 -0500] "POST /kwsrmcab/Wsrmcab HTTP/1.1" 200 37899
201.245.192.253 - - [26/Feb/2024:02:29:59 -0500] "POST /kwsrmcab/Wsrmcab HTTP/1.1" 200 37725
172.22.2.4 - - [26/Feb/2024:02:28:22 -0500] "HEAD /BLA/boletinlegal/ HTTP/1.1" 200 -
201.245.192.253 - - [26/Feb/2024:02:30:05 -0500] "POST /kwsrmcab/Wsrmcab HTTP/1.1" 200 37585
201.245.192.253 - - [26/Feb/2024:02:30:40 -0500] "POST /kwsrmcab/Wsrmcab HTTP/1.1" 200 37725
172.22.2.4 - - [26/Feb/2024:02:29:13 -0500] "GET /BLA/boletinlegal/ HTTP/1.1" 200 57889
157.55.39.10 - - [26/Feb/2024:02:31:23 -0500] "GET /BLA/resoluciones/RESOLUCIONES%202022/1071.pdf HTTP/1.1" 200 563265
54.190.98.200 - - [26/Feb/2024:02:31:48 -0500] "GET / HTTP/1.1" 200 319
3.231.65.233 - - [26/Feb/2024:02:32:05 -0500] "GET /Publicaciones/2020EE131915.pdf HTTP/1.1" 404 228
216.245.221.92 - - [26/Feb/2024:02:32:08 -0500] "HEAD / HTTP/1.1" 200 -
201.245.192.253 - - [26/Feb/2024:02:32:20 -0500] "POST /kwsrmcab/Wsrmcab  HTTP/1.1" 200 37561
65.154.226.168 - - [26/Feb/2024:02:33:32 -0500] "GET /Publicaciones/2020EE131915.pdf HTTP/1.1" 404 228
216.244.66.195 - - [26/Feb/2024:02:33:39 -0500] "GET /robots.txt HTTP/1.1" 404 1018
52.167.144.166 - - [26/Feb/2024:02:34:43 -0500] "GET /BLA/resoluciones/AUTOS%202020/4539.pdf HTTP/1.1" 200 410886
172.22.2.4 - - [26/Feb/2024:02:34:12 -0500] "HEAD /BLA/boletinlegal/ HTTP/1.1" 200 -
172.22.2.4 - - [26/Feb/2024:02:35:03 -0500] "GET /BLA/boletinlegal/ HTTP/1.1" 200 59083
216.245.221.92 - - [26/Feb/2024:02:37:08 -0500] "HEAD / HTTP/1.1" 200 -
201.245.192.253 - - [26/Feb/2024:02:37:19 -0500] "POST /kwsrmcab/Wsrmcab  HTTP/1.1" 200 37561
66.249.66.166 - - [26/Feb/2024:02:39:38 -0500] "GET /portaldeninos/humedales-ramsar/ HTTP/1.1" 200 89255
66.249.66.167 - - [26/Feb/2024:02:39:40 -0500] "GET /portaldeninos/wp-content/themes/betheme/style.css?ver=20.9.6 HTTP/1.1" 200 287
66.249.66.166 - - [26/Feb/2024:02:39:41 -0500] "GET /portaldeninos/wp-content/themes/betheme/assets/animations/animations.min.css?ver=20.9.6 HTTP/1.1" 200 58508
66.249.66.166 - - [26/Feb/2024:02:39:42 -0500] "GET /portaldeninos/wp-includes/js/jquery/ui/core.min.js?ver=1.11.4 HTTP/1.1" 200 4000
201.245.192.253 - - [26/Feb/2024:02:39:56 -0500] "POST /kwsrmcab/Wsrmcab HTTP/1.1" 200 37899
201.245.192.253 - - [26/Feb/2024:02:39:59 -0500] "POST /kwsrmcab/Wsrmcab HTTP/1.1" 200 37725
201.245.192.253 - - [26/Feb/2024:02:40:06 -0500] "POST /kwsrmcab/Wsrmcab HTTP/1.1" 200 37585
201.245.192.253 - - [26/Feb/2024:02:40:41 -0500] "POST /kwsrmcab/Wsrmcab HTTP/1.1" 200 37725
172.22.2.4 - - [26/Feb/2024:02:40:02 -0500] "HEAD /BLA/boletinlegal/ HTTP/1.1" 200 -
216.245.221.92 - - [26/Feb/2024:02:42:08 -0500] "HEAD / HTTP/1.1" 200 -
201.245.192.253 - - [26/Feb/2024:02:42:17 -0500] "POST /kwsrmcab/Wsrmcab  HTTP/1.1" 200 37561
172.22.2.4 - - [26/Feb/2024:02:40:53 -0500] "GET /BLA/boletinlegal/ HTTP/1.1" 200 55823
207.46.13.151 - - [26/Feb/2024:02:44:12 -0500] "GET /Publicaciones/2023EE132307.pdf HTTP/1.1" 404 228
186.102.18.119 - - [26/Feb/2024:02:44:38 -0500] "OPTIONS /kwssiamovil/sm/setfile/f? HTTP/1.1" 200 13
186.102.18.119 - - [26/Feb/2024:02:44:38 -0500] "POST /kwssiamovil/sm/setfile/f? HTTP/1.1" 200 381
186.102.18.119 - - [26/Feb/2024:02:44:48 -0500] "GET /kwssiamovil/sm/acme/a?s=U2FsdGVkX1/jEfL8ukk0FIXzG/nmIJyTtfsVU/8nh8ltWK0aXpnyUevCUWOcGt0b6+R9xl0AnWRXu5r00HzJ2UNI5W/tbfW35c5KC7uqU/P+D7j29KvteyvZN92xGOpuVs/v56nB8ocj7hMgpdh+dejgW1NyCd0iz4s3COI9rMMgoX/JNBox1Ucv9eetebDWEloRBrT/ZslG+uCDj9LqI7rr+wOdlUMzIDE/f4tgrgbHA5+byMjriDkpnbNsNKyjFumAckncHkLa1FsjkZBJFw==&u=U2FsdGVkX1/Pjs1o11RpqQUP5R/gMSacg5t7qAnDFiv+qI00UyZjrL9iFiuyk07Q&y=U2FsdGVkX1+ODHsxf2N5XLkCIlS6VTWM8EXxVva7amW6VtRmaNvWtKp1MPVGUkEP HTTP/1.1" 200 26
186.102.18.119 - - [26/Feb/2024:02:44:48 -0500] "GET /kwssiamovil/sm/acme/a?s=U2FsdGVkX18CJ0SqcW+khmYQsXCeAMSmP0sSwMiiVnCrv4yvFLwZv6RgPaZLuxi5XOjGsaqu26vbUAqNP0C1+9YmsbotU/K3rIIzA6Y3LOLQz5DrAOwBQ3AT1H+/syXOoEUcXmzBjfIoYkZcGvF+nofxFqKfobaMI01zvdceKHlJdi5NLmUDJU4hJhXWO1cbSx7Eq3yFNSRZW9XJLOJ4HgaynwzbPEG0O63zRg2yC6Vt8viAilVI6RH7I9B2JhgY0hpmnzAtNhZoURJUxQeycbeCaMFx6+7A1CxMaVU5+T5QXzABp4jy1nj+yo681rJ4HyiH203/b6rwzrOJAiIa0QLgmgjZO5kOCwwqv4ggpzPmcL8hkb7eXAFXsFOmB26wIYUe+48pM00B6H7mcJ7+pB5JwfkEedZbITDrvv04v9NfmTfbvgBT65lnNE7sYM6CsL8kBS7gzU23SmT8CKaUdPJ6wZ4Eszd/buYH9UQMvhsFkPuntMJcDzJuwZ9Y4mIqsRPMmxaGNgKKqxLL8VEGyzSoT7ywfkroXF1WWi6DavC5q46rIgYEa0vYtyqY0nUs2qqgPu4pxbgjnjibTBp0ct8LQJ+jqyN6R7EgGcrpZbrbQ/uP47qAI0X5p3Q1rdsfoZxZLNE8StUvopizi+gMx+jPamBMQmIgEc16D/ebSLO6XAzLD4y/I29pdvYAXjyEUPR24AACIwtYarNWcXA+wGTGtfOXl3iv31oT36ok9OEhHv+jkrJ/sGLaAUTc3cSeLwx3tkh+mSAri9nLlj2sVhKu6LIbkQaWrMnAYI76NATB8M+Y92FHmQq27DtGohEZjZ07jGSK2q9Cx3PzULzPOWUE40XRLSAC0BE3OkGbtgsyctPhWWQ5QJNPmYOgE4e6AusYNlXqcOAtrVCulcpdKXRAyKZ2Cpk4zaqs7k+9LSBC38pxU+WWbrZjA6c5A8FD+cp77rK4iMrIyzePpvYibmie8Aw84qVKknegHnJfMCJ94nAgxmjMFtcLwk7dl50fS5wYi/V5xjR93nqWRHbyAWgxnwR9Lo3s9lQeCpQEeJs9bJO4vj7TnaQm3rbj2T3PPntM4duBdQ97najm7Oy2BSxinuBzeIWC/Y7SqRVfULN+64es3N17pHS6/WSj2ONv9gwB3vAc9rQhIwcYySFTV8UHtKqK01A4k4DxMAnoJg9VIZ9fsVawZpv3BCEKO8aV8C7YRGTxz/m2Rkr512ILpuoKpgx9AG3KHE2HqiXN6sWveqI6pAewZO0kDQteexx6DgFzqO70P0ko9NqOCzBma+DKDD+1PlgPJ4v2Wg2xULuNYGe5eCJBHp0t1qSvGEoicenBa6KF0ZnYpcEEjwXlw3PMwlCzFeSyE6hF6xaOFpbwr3en8DXdpwoAd4nYQ0/nkVrJn7fsmmGIcO5GYzfFACcyTLLae2Dai3b33ImvgoufKgxL7E3lWzEuJ5p66jGQdUFfQO6JFe21xccmGDGzbg9vmHpL3DZRVBLYLIvMaKC7idK1fTe0ECq0bp1tZmqqRuQ+upZq6tfVNNpDBVVe9vy5Pgju7kZXBl7BAMIofmtRrkHLlqY9wv9zVXFWVQRL0lkrCHrgmEDHDDPHR50dOghtcag/WbyJkRu1lTfpIhDTGDcJvWBgTOXUjFmul4i2Q1vAfKhEuz4D4RtdEgbysm6nsQLEA9i6cKjP9WvCxv10vRHX6ZPTttvhnx+nEblelxEuQNcl3uVJ54gMy0jxat7tUMUpkRaf8OhfmTJgC58=&u=U2FsdGVkX1/Pjs1o11RpqQUP5R/gMSacg5t7qAnDFiv+qI00UyZjrL9iFiuyk07Q&y=U2FsdGVkX1+ODHsxf2N5XLkCIlS6VTWM8EXxVva7amW6VtRmaNvWtKp1MPVGUkEP HTTP/1.1" 200 26
186.102.18.119 - - [26/Feb/2024:02:44:49 -0500] "GET /kwssiamovil/sm/acme/a?s=U2FsdGVkX1+tagtR26rCnaxieOheYtqgpd/hS2feFvRE+nly4iCoXzN0XQxKi+bVfVVyjnuPkKaX/h9bULInNyMobi5bLxqKNVruefMjiNtHJ5eF4YsRhFQgbnrLzMvL3SiOO7REelSxTJVcaLJYVx6Xy6+zxH7O42H9jeF3WGA=&u=U2FsdGVkX1/Pjs1o11RpqQUP5R/gMSacg5t7qAnDFiv+qI00UyZjrL9iFiuyk07Q&y=U2FsdGVkX1+ODHsxf2N5XLkCIlS6VTWM8EXxVva7amW6VtRmaNvWtKp1MPVGUkEP HTTP/1.1" 200 26
186.102.18.119 - - [26/Feb/2024:02:44:49 -0500] "GET /kwssiamovil/sm/acme/a?s=U2FsdGVkX1+fkMrr8JOo8I8YhdgJCesAsn/ATfZVay00gBVR5fk1jAp4xU/gSIc4hjhtdW83SKpoJ9Gui+4BEdp561RoMdXZrvr9TnP3mllJMStN3aTXY4p1DUVKEpBeXGX965pSzFsftiaui3kTHOuSh6OFvz9V0JohqGPYiyY=&u=U2FsdGVkX1/Pjs1o11RpqQUP5R/gMSacg5t7qAnDFiv+qI00UyZjrL9iFiuyk07Q&y=U2FsdGVkX1+ODHsxf2N5XLkCIlS6VTWM8EXxVva7amW6VtRmaNvWtKp1MPVGUkEP HTTP/1.1" 200 26
186.102.18.119 - - [26/Feb/2024:02:44:49 -0500] "GET /kwssiamovil/sm/acme/a?s=U2FsdGVkX18vxzG0XJI5WSYmBDw6k4RpkVX0bzv5iUpmAQH1lueB/KRuQzEOoraRrY6tV0BcQCWnvI+J3DfiKXq8BDWKy+XQ8yGsfreIa95HbBDvmAw4mEM5tJyFUZIs8vTT9VXVZHonLwl9JD7rr3i7WDqWvk+BSTwQMEyhoR4=&u=U2FsdGVkX1/Pjs1o11RpqQUP5R/gMSacg5t7qAnDFiv+qI00UyZjrL9iFiuyk07Q&y=U2FsdGVkX1+ODHsxf2N5XLkCIlS6VTWM8EXxVva7amW6VtRmaNvWtKp1MPVGUkEP HTTP/1.1" 200 26
186.102.18.119 - - [26/Feb/2024:02:44:49 -0500] "GET /kwssiamovil/sm/acme/a?s=U2FsdGVkX1/5encNrO54ypV8fxA+cGUVEwulvvD7SzolVyIQ6hYCDswqYurwoZ8svI1TOZssw32HPDPvWULS+7Tgy/CoA/FVhYdx4Y3btK/0zNBz/dzQbl6eDcGEHDtaFvU0JfFplmnTNCKKJntLMqh8syggzrJF51EJF6Fnp1QiYFeC7hp00syKVZ4J1d9BReptGr3lCSPW61OBxF4faw==&u=U2FsdGVkX1/Pjs1o11RpqQUP5R/gMSacg5t7qAnDFiv+qI00UyZjrL9iFiuyk07Q&y=U2FsdGVkX1+ODHsxf2N5XLkCIlS6VTWM8EXxVva7amW6VtRmaNvWtKp1MPVGUkEP HTTP/1.1" 200 26
186.102.18.119 - - [26/Feb/2024:02:44:50 -0500] "GET /kwssiamovil/sm/acme/a?s=U2FsdGVkX1+gYn0n8Df8/yttN5WaG2Et+8Ituz+sOsXnqkiVvkPxDzpwPrP+gfzL8Lz2geNircJM+mbxOaAcsY3Lcvu1IvIBMlT12GUhtPW0M/KkW1FRQrB7QhIo5jpILvJ8Kjdy5HA8OJ6/ajAYEt15Zw6GgBiy7tnY4zosVnkaUDvtLFvbzmXz41pGVJCqD0rPb81VqdFuF4tm1mXl5vzytlLGBcCqpbFAdgncmkwG6kR7kr8XxOAbTQIEjAS4Ic5SXQEsMdo1QPelDJHRG6DyhAQ6zA3KbuzB/C0/p/K2H7H6VYlYm8iqkFtmnJ/OEmMlw3L+b/bx1YiCIWYOl5RpXItg1Xr7x2g7OHbjDqi/VUNkoNmBhYfA7aTuHayf6Cc0S+V/8pKsajQC5Gm4TRyQ4bWL0atg63VpZL+Xm6cNucoSHyHl0M1zJbeZR5mh&u=U2FsdGVkX1/Pjs1o11RpqQUP5R/gMSacg5t7qAnDFiv+qI00UyZjrL9iFiuyk07Q&y=U2FsdGVkX1+ODHsxf2N5XLkCIlS6VTWM8EXxVva7amW6VtRmaNvWtKp1MPVGUkEP HTTP/1.1" 200 26
186.102.18.119 - - [26/Feb/2024:02:44:50 -0500] "GET /kwssiamovil/sm/acme/a?s=U2FsdGVkX1+cy6si1DvPiUTm+eHjOrfEPHAPOsflSaifKn2KUeQjBQDE3Db2M11fSkGiVM83CmAK+A+haUzII0z8dgymmhXvxkPzS9+s6wqZNh/kr8DwLrUa5DgdCksNL9VFi1xPVmNXrxXMZ/ugP/4O3bDTvjBvTZojnbOmat5Hx8h+B5tChScMv/tCsZ6Nv8eiZrR0kvi6re2EQ3DIw6ug9zFMOB4C/GTBIcEFMwHiZqrEaL+JLdHz30ABj5TyMQfvWlqCVRCFqR0yiKhPKj+yhYcVc5gRjtamMtD/4W+kROTFhAlQzjb4lg1/g3ussEAq7HLgn3emOhmPZhJdesn9ulET9R33JI/aVHTXsSCGo8tflvNX4pqXYqRYwcBqphf77tnOJ21bjs4SClgGdw==&u=U2FsdGVkX1/Pjs1o11RpqQUP5R/gMSacg5t7qAnDFiv+qI00UyZjrL9iFiuyk07Q&y=U2FsdGVkX1+ODHsxf2N5XLkCIlS6VTWM8EXxVva7amW6VtRmaNvWtKp1MPVGUkEP HTTP/1.1" 200 26
194.37.96.50 - - [26/Feb/2024:02:45:41 -0500] "HEAD /.env HTTP/1.1" 404 -
186.102.18.119 - - [26/Feb/2024:02:45:51 -0500] "GET /kwssiamovil/sm/acme/u?s=U2FsdGVkX19qmfrDWfIJ+M70Pm/FwE/81q7UFKqWrn1GcxqSyruI1sluytfiKE+OudOyhJHO7N9JRiM3KqmtI+jRyyjSBo1D7al9fCB6MN5OtoYf5mEJ+gyY2k7Ew4ipgD13Djy+7g2Ze5v0ShcSezwAgZwaqDaFEF/LIpDlwhw=&u=U2FsdGVkX1/Pjs1o11RpqQUP5R/gMSacg5t7qAnDFiv+qI00UyZjrL9iFiuyk07Q&y=U2FsdGVkX1+ODHsxf2N5XLkCIlS6VTWM8EXxVva7amW6VtRmaNvWtKp1MPVGUkEP HTTP/1.1" 200 60
216.245.221.92 - - [26/Feb/2024:02:47:08 -0500] "HEAD / HTTP/1.1" 200 -
201.245.192.253 - - [26/Feb/2024:02:47:16 -0500] "POST /kwsrmcab/Wsrmcab  HTTP/1.1" 200 37561
172.22.2.4 - - [26/Feb/2024:02:45:52 -0500] "HEAD /BLA/boletinlegal/ HTTP/1.1" 200 -
172.22.2.4 - - [26/Feb/2024:02:46:43 -0500] "GET /BLA/boletinlegal/ HTTP/1.1" 200 58720
216.245.221.92 - - [26/Feb/2024:02:52:08 -0500] "HEAD / HTTP/1.1" 200 -
201.245.192.253 - - [26/Feb/2024:02:52:14 -0500] "POST /kwsrmcab/Wsrmcab  HTTP/1.1" 200 37561
172.22.2.4 - - [26/Feb/2024:02:51:42 -0500] "HEAD /BLA/boletinlegal/ HTTP/1.1" 200 -
172.22.2.4 - - [26/Feb/2024:02:52:33 -0500] "GET /BLA/boletinlegal/ HTTP/1.1" 200 58720
54.190.98.200 - - [26/Feb/2024:02:54:40 -0500] "GET / HTTP/1.1" 200 319
216.245.221.92 - - [26/Feb/2024:02:57:08 -0500] "HEAD / HTTP/1.1" 200 -
201.245.192.253 - - [26/Feb/2024:02:57:12 -0500] "POST /kwsrmcab/Wsrmcab  HTTP/1.1" 200 37561
172.22.2.4 - - [26/Feb/2024:02:57:57 -0500] "GET /BLA/boletinlegal/Circulares/2012/Circular%20No.%2016%20del%2022%20de%20octubre%20de%202012.pdf HTTP/1.1" 200 381186
172.22.2.4 - - [26/Feb/2024:02:57:32 -0500] "HEAD /BLA/boletinlegal/ HTTP/1.1" 200 -
172.22.2.4 - - [26/Feb/2024:02:58:23 -0500] "GET /BLA/boletinlegal/ HTTP/1.1" 200 58720
216.245.221.92 - - [26/Feb/2024:03:02:08 -0500] "HEAD / HTTP/1.1" 200 -
201.245.192.253 - - [26/Feb/2024:03:02:10 -0500] "POST /kwsrmcab/Wsrmcab  HTTP/1.1" 200 37561
52.167.144.16 - - [26/Feb/2024:03:02:55 -0500] "GET /BLA/resoluciones/AUTOS%202020/2314.pdf HTTP/1.1" 200 327894
216.244.66.195 - - [26/Feb/2024:03:03:57 -0500] "GET /BLA/resoluciones/AUTOS%202021/1911.pdf HTTP/1.1" 200 457606
216.244.66.195 - - [26/Feb/2024:03:04:53 -0500] "GET /BLA/resoluciones/AUTOS%202021/2191.pdf HTTP/1.1" 200 470122
172.22.2.4 - - [26/Feb/2024:03:03:22 -0500] "HEAD /BLA/boletinlegal/ HTTP/1.1" 200 -
52.167.144.218 - - [26/Feb/2024:03:05:25 -0500] "GET /forest/ HTTP/1.1" 200 12041
216.244.66.195 - - [26/Feb/2024:03:05:38 -0500] "GET /BLA/resoluciones/AUTOS%202021/2345.pdf HTTP/1.1" 200 392746
172.22.2.4 - - [26/Feb/2024:03:04:13 -0500] "GET /BLA/boletinlegal/ HTTP/1.1" 200 58720
216.244.66.195 - - [26/Feb/2024:03:06:26 -0500] "GET /BLA/resoluciones/AUTOS%202021/2356.pdf HTTP/1.1" 200 382852
172.22.2.4 - - [26/Feb/2024:03:06:27 -0500] "GET /BLA/boletinlegal/ HTTP/1.1" 200 20427
216.245.221.92 - - [26/Feb/2024:03:07:08 -0500] "HEAD / HTTP/1.1" 200 -
216.244.66.195 - - [26/Feb/2024:03:07:08 -0500] "GET /BLA/resoluciones/AUTOS%202021/2445.pdf HTTP/1.1" 200 362899
201.245.192.253 - - [26/Feb/2024:03:07:10 -0500] "POST /kwsrmcab/Wsrmcab  HTTP/1.1" 200 37561
216.244.66.195 - - [26/Feb/2024:03:07:55 -0500] "GET /BLA/resoluciones/AUTOS%202021/2574.pdf HTTP/1.1" 200 379866
216.244.66.195 - - [26/Feb/2024:03:08:33 -0500] "GET /BLA/resoluciones/AUTOS%202021/3604.pdf HTTP/1.1" 200 404945
172.22.2.4 - - [26/Feb/2024:03:09:15 -0500] "GET /BLA/boletinlegal/.git/config HTTP/1.1" 404 1038
216.244.66.195 - - [26/Feb/2024:03:09:21 -0500] "GET /BLA/resoluciones/AUTOS%202021/4339.pdf HTTP/1.1" 200 389521
87.98.149.2 - - [26/Feb/2024:03:09:50 -0500] "GET / HTTP/1.1" 200 319
216.244.66.195 - - [26/Feb/2024:03:10:05 -0500] "GET /BLA/resoluciones/AUTOS%202021/5269.pdf HTTP/1.1" 200 380970
216.244.66.195 - - [26/Feb/2024:03:10:47 -0500] "GET /BLA/resoluciones/AUTOS%202023/2113.pdf HTTP/1.1" 200 436919
172.22.2.4 - - [26/Feb/2024:03:09:12 -0500] "HEAD /BLA/boletinlegal/ HTTP/1.1" 200 -
216.244.66.195 - - [26/Feb/2024:03:11:34 -0500] "GET /BLA/resoluciones/AUTOS%202023/3601.pdf HTTP/1.1" 200 489694
172.22.2.4 - - [26/Feb/2024:03:10:03 -0500] "GET /BLA/boletinlegal/ HTTP/1.1" 200 60730
172.22.2.4 - - [26/Feb/2024:03:11:55 -0500] "GET /BLA/boletinlegal/jurisprudencia/analisis/AnalisisT-606-15.docx HTTP/1.1" 200 26698
172.22.2.4 - - [26/Feb/2024:03:11:56 -0500] "GET /BLA/boletinlegal/apple-touch-icon-120x120-precomposed.png HTTP/1.1" 404 1140
172.22.2.4 - - [26/Feb/2024:03:11:56 -0500] "GET /BLA/boletinlegal/apple-touch-icon-120x120.png HTTP/1.1" 404 1140
172.22.2.4 - - [26/Feb/2024:03:11:56 -0500] "GET /BLA/boletinlegal/apple-touch-icon-precomposed.png HTTP/1.1" 404 1140
172.22.2.4 - - [26/Feb/2024:03:11:56 -0500] "GET /BLA/boletinlegal/apple-touch-icon.png HTTP/1.1" 404 1140
172.22.2.4 - - [26/Feb/2024:03:11:56 -0500] "GET /BLA/boletinlegal/favicon.ico HTTP/1.1" 404 1140
172.22.2.4 - - [26/Feb/2024:03:11:56 -0500] "GET /BLA/boletinlegal/apple-touch-icon-120x120-precomposed.png HTTP/1.1" 404 1140
172.22.2.4 - - [26/Feb/2024:03:11:56 -0500] "GET /BLA/boletinlegal/apple-touch-icon-120x120.png HTTP/1.1" 404 1140
172.22.2.4 - - [26/Feb/2024:03:11:56 -0500] "GET /BLA/boletinlegal/apple-touch-icon-precomposed.png HTTP/1.1" 404 1140
172.22.2.4 - - [26/Feb/2024:03:11:56 -0500] "GET /BLA/boletinlegal/apple-touch-icon.png HTTP/1.1" 404 1140
172.22.2.4 - - [26/Feb/2024:03:11:56 -0500] "GET /BLA/boletinlegal/favicon.ico HTTP/1.1" 404 1140
216.245.221.92 - - [26/Feb/2024:03:12:08 -0500] "HEAD / HTTP/1.1" 200 -
201.245.192.253 - - [26/Feb/2024:03:12:08 -0500] "POST /kwsrmcab/Wsrmcab  HTTP/1.1" 200 37561
157.55.39.56 - - [26/Feb/2024:03:13:04 -0500] "GET /BLA/resoluciones/AUTOS%202023/05914.pdf HTTP/1.1" 200 899342
157.55.39.9 - - [26/Feb/2024:03:15:22 -0500] "GET /Publicaciones/2024EE33093.pdf HTTP/1.1" 404 227
172.22.2.4 - - [26/Feb/2024:03:15:03 -0500] "HEAD /BLA/boletinlegal/ HTTP/1.1" 200 -
216.245.221.92 - - [26/Feb/2024:03:17:08 -0500] "HEAD / HTTP/1.1" 200 -
201.245.192.253 - - [26/Feb/2024:03:17:07 -0500] "POST /kwsrmcab/Wsrmcab  HTTP/1.1" 200 37561
172.22.2.4 - - [26/Feb/2024:03:15:53 -0500] "GET /BLA/boletinlegal/ HTTP/1.1" 200 59967
146.19.24.28 - - [26/Feb/2024:03:18:47 -0500] "GET / HTTP/1.1" 200 319
69.63.189.120 - - [26/Feb/2024:03:19:01 -0500] "GET /images/30%20de%20enero%20Entrenubes%20alcalde.jpeg HTTP/1.1" 200 64486
69.63.189.116 - - [26/Feb/2024:03:19:01 -0500] "GET /images/31%20de%20enero%20humedal%20La%20Conejera.jpg HTTP/1.1" 200 33808
69.63.189.111 - - [26/Feb/2024:03:19:04 -0500] "GET /images/25%20Incendio%20declaratoria.jpeg HTTP/1.1" 200 90327
69.63.189.7 - - [26/Feb/2024:03:19:04 -0500] "GET /images/24%20de%20enero%20sendero.JPG HTTP/1.1" 200 59121
69.63.189.6 - - [26/Feb/2024:03:19:04 -0500] "GET /images/Comprimida%20incendios.jpg HTTP/1.1" 200 23316
69.63.189.11 - - [26/Feb/2024:03:19:05 -0500] "GET /images/Rueda%20de%20prensa.jpeg HTTP/1.1" 200 58715
201.245.192.253 - - [26/Feb/2024:03:19:55 -0500] "POST /kwsrmcab/Wsrmcab HTTP/1.1" 200 37892
201.245.192.253 - - [26/Feb/2024:03:19:58 -0500] "POST /kwsrmcab/Wsrmcab HTTP/1.1" 200 37727
201.245.192.253 - - [26/Feb/2024:03:20:05 -0500] "POST /kwsrmcab/Wsrmcab HTTP/1.1" 200 37731
201.245.192.253 - - [26/Feb/2024:03:20:44 -0500] "POST /kwsrmcab/Wsrmcab HTTP/1.1" 200 37727
207.46.13.54 - - [26/Feb/2024:03:21:46 -0500] "GET /BLA/resoluciones/AUTOS%202023/05914.pdf HTTP/1.1" 200 899342
172.22.2.4 - - [26/Feb/2024:03:21:55 -0500] "GET /BLA/boletinlegal/Circulares/2018/Circular%20No.%2010%20del%2021%20de%20Septiembre%20de%202018.pdf HTTP/1.1" 200 163426
216.245.221.92 - - [26/Feb/2024:03:22:08 -0500] "HEAD / HTTP/1.1" 200 -
201.245.192.253 - - [26/Feb/2024:03:22:06 -0500] "POST /kwsrmcab/Wsrmcab  HTTP/1.1" 200 37561
172.22.2.4 - - [26/Feb/2024:03:20:52 -0500] "HEAD /BLA/boletinlegal/ HTTP/1.1" 200 -
216.244.66.195 - - [26/Feb/2024:03:22:39 -0500] "GET /robots.txt HTTP/1.1" 404 1018
172.22.2.4 - - [26/Feb/2024:03:21:43 -0500] "GET /BLA/boletinlegal/ HTTP/1.1" 200 58720
201.245.192.253 - - [26/Feb/2024:03:27:04 -0500] "POST /kwsrmcab/Wsrmcab  HTTP/1.1" 200 37561
216.245.221.92 - - [26/Feb/2024:03:27:08 -0500] "HEAD / HTTP/1.1" 200 -
172.22.2.4 - - [26/Feb/2024:03:27:10 -0500] "GET /BLA/boletinlegal/Directivas/2017/Directiva%20No.%2001%20del%2027%20de%20Junio%20de%202018.pdf HTTP/1.1" 304 -
186.102.26.182 - - [26/Feb/2024:03:27:13 -0500] "GET /kwssiamovil/sm/ldap/au?x=U2FsdGVkX19Bd7XSbQS/A7pSTQMMDitjCTIba29QyZlYxyoEYrmwgSt5S05XZAmf&y=U2FsdGVkX19MCsLGdR0L6oYY4qIA6FJ4YV0HPvJqFNR9UYGYfdi8fH5Cjv259JMo HTTP/1.1" 200 31
186.102.26.182 - - [26/Feb/2024:03:27:21 -0500] "GET /kwssiamovil/sm/ldap/au?x=U2FsdGVkX1+ZQpjnsX5oOW/jvv3mB5Dc42yTO4cqhTqPdXz1+Nce+ZIi25ycjnCm&y=U2FsdGVkX1/Fw+FA0biWltGOhOcPRCVkYdOVuvenczP6O5K34IyeWdrdR6Q/WBiB HTTP/1.1" 200 30
186.102.26.182 - - [26/Feb/2024:03:27:21 -0500] "GET /kwssiamovil/sm/acme/s?s=U2FsdGVkX19BKOKVhhzLzCNTCQh393pymuV+TuU+8gSoMWwVAAivRQp/GljlDYQlkP6cSjkGei7A+3HHOqnbos50mF9n7iTs1duuj7RuE/s=&u=U2FsdGVkX1/GjEXp4sC7HkNxdRW6jLMnfnyXzmGxNUs=&y=U2FsdGVkX1/Fw+FA0biWltGOhOcPRCVkYdOVuvenczP6O5K34IyeWdrdR6Q/WBiB HTTP/1.1" 200 97
186.102.26.182 - - [26/Feb/2024:03:27:21 -0500] "GET /kwssiamovil/sm/acme/s?s=U2FsdGVkX19mI684FRxvHsMNKenmQ4lAnJ0qk4b9h6wTOIwlqUa0+G4FroESoza3Q1vcHomKnkc+/HXAli4GjPR1CgOF1t4ItoW85KmjNcmqJ35xF6uXle+paq5aP2W7+eCNMyr76FtPo96978tSkWaUOPjJEumC9DKQYkDO6i/r4DoWl3kn45LR5dD+4H/Ijr1lPvOPxDU1fPxuUfEq1g5udnr+q2kgd8q5UTjXnmqPTOrXfWJb41s81aPZn+wFBknQXLSobst6lpcqf3d+A1ZNiJPo8V2q7bNyM8Z27P7+NO1DxWFc/3qvuX51kpHOHoCy8Knm649SHiqaws/LxR7be1VT5gnGHlnQG7hO754jACHSTTT7rq9YhKUuD4g6hLGRlhPR2gbroqf8AWGpS3H+x+9202ElLS3iL6D55e0s/FunNK/af04tbNO8UqEsTxvst1CVVKF59G/5OKgFGDTq2XQKzB3ERn1/TBS7JmAf1wGO6fAnO/QtBtxVAaay1/hJCkYlv7VyyjPgLj7cWaKGyPnFS3LPjXalfj5DKnVrLmtVtLF9lcykMWATQ8fvZJgqKpB/bZ48WqBkqryqpJ4eVzbnAm7QdM2abf2eNyYJtLl6GyqdDYbNTq5EQ4v2hL9dGBza3vcTJ6JhMh+Lk8ZcU+8DNJ55J5MfjIkA4mpis6JTos0XEaLD0TD2faQKhuQqJ4kbSWpwLrMsQDC28YuIQILUrBdbBE/UL92sfGUp8R9yWJpvRkPJu+rgS03cMEmxCQBoVJpAOdSsZsZteA/8YpLacKsluKCo6AA9Ur+hWYd0ws/w52S9GqpIRAUAqiqicqLaD0FGrRBwpcd/LleR2cqtj057vsVLJ/9OYH8+WSb3m7xY9+t8uOh8MvEomnDaKA6HZIqq90LIC3n2EvAVIenY1hEiw0GBs6+WQvYkvDJmbmOVkWWfr2Uajq+/qQGrfAm96x7pdQb6d4L0BQBtGhR+iYXZkJakQt6tzZ7BStKbxyZkryvQe0cauirsQ6Zr2yg49ptD9HL+mwkqN5OJKuwx+ZYGdZGUAj6p7uwOzkbc62iIcXJL4wS6q74bYh0xt2j4h5D34VuInGgjc2/gNGfz3neVb/CCnh1/RgZMpNfgW1R5J4XhH+C++FfKnC62BhMu7CXqKRW9wduFyVLWX6APumRPVTOi862bO6J2i4HHktjDipcqI1HgzwJRgU0RUGfaNwD9SavX2QlKHd02+Mcsw8TkkgiTrRrC9IcxwrfXW50niMfLkvyGqCAuREhcI3ZemmCKdJ5baSwNxXscDG63+iL3zb0oFAMS4A3ewShcwG8WiGPQMWoCGgngugw/T8cUI8IxJLsrV0L3UmXoMGMTOY+0G0c1bxaizqFVUeUdTsdkUYXxbl4YH75KPdY+gvSOASePxWChFefEDKEUT9aZVhkjBMlwtEwT1kjURrAyUA8pnJZ1t2WsbBCM+z55pWKoPoNh6cZCF5F4iJE/T8shJqMX8hJUQlD0+v5O6OLEMNz+XxZkb0q8YGvdnPK3SP/2Qun6b4Ht2KYrMKpwQqbgfzzLlnCiFvSyY37fUeMpgeTt4cC32XzvEuk00QpVWhQ08XrrPqmSDdixoVEvxlXC7Ub9DnJBu077iIEbSQ+gf/4/GA7Dg3x8TvGhA4MaPHurO0CO886zo1i2kEUH+19N1c/xqhNNlvyuY+/YA5Rb+xgPx8v8AbDVrkz9bcUGShraxZpltyLXbIDoFP3ZEUE9dTWTmxSVECrPZVQ=&u=U2FsdGVkX1/GjEXp4sC7HkNxdRW6jLMnfnyXzmGxNUs=&y=U2FsdGVkX1/Fw+FA0biWltGOhOcPRCVkYdOVuvenczP6O5K34IyeWdrdR6Q/WBiB HTTP/1.1" 200 2209
186.102.26.182 - - [26/Feb/2024:03:27:21 -0500] "GET /kwssiamovil/sm/acme/s?s=U2FsdGVkX199bt+FE8rVyDl68Tmt2bWgDHXtVa1DK3dEtGkX3Kx9f4cfHreOkwWSvK+5ZKqI15hyb71RJF7jkFSDSxjq9jtwGywcT1/Reok1Q40FbfYJOWAJhGKQbk0oTVHtglr3x3FxuVjiLsV3W0gqsYhq15t+7nMgrHS8VmF3lNUhZTM08NecLO0EPIynrE3g51nDosu2atjowCTOgL9g8Gmss+igInZnWflkmpmWEArTvDph+kvhcM9L+NLhBkl3h1ASfqH53NIa2LlcTMJ3fWhWTI5YBejK6pt6BKexegjVxdmtdulWh/7AfyhnqJk4pz893zIbdXbIT3JuPgyG+AhPiAB9wkUzzrJOqxb8kL7JOaWHo0R5+oe6iFJJjhpb8b2ngF5DYq0EyaTAxt/2cdfClsMz8iF+cG+S9DgVQYQWFYRlYcfACQGsXUENAx7ywyOe368wu9yvccykvsMmay88lGgihUTbGbFaEEJzV3uYdtWpIOnGfJQN35ER/RxLVfWhYDHaWCNXL4zIRFITlGeC41mmhbzMe2vS0e23TaYqPO+Oh8IBtkQhtAh29NpjK4CEfXohTmYpKey0446zdjlsWgTqdpnMLniUUX9fa/ex0d9iexaOHrHQNteoeZzS0I9Lt6q4hQHBdtAJ7aFp+HZdt4BJSK0R7R+JILDoDAkw4n756/JIAOs3PzNmyzeF4/nf74jrr3zGAkA2JxNdAipnBG3elCXMPIFqr0fcOYb4hDlUdZe03h+jQTGc&u=U2FsdGVkX1/GjEXp4sC7HkNxdRW6jLMnfnyXzmGxNUs=&y=U2FsdGVkX1/Fw+FA0biWltGOhOcPRCVkYdOVuvenczP6O5K34IyeWdrdR6Q/WBiB HTTP/1.1" 200 208
186.102.26.182 - - [26/Feb/2024:03:27:22 -0500] "GET /kwssiamovil/sm/cjson/pre?f=1&x=U2FsdGVkX1+ZQpjnsX5oOW/jvv3mB5Dc42yTO4cqhTqPdXz1+Nce+ZIi25ycjnCm HTTP/1.1" 200 30244
172.22.2.4 - - [26/Feb/2024:03:26:42 -0500] "HEAD /BLA/boletinlegal/ HTTP/1.1" 200 -
172.22.2.4 - - [26/Feb/2024:03:27:33 -0500] "GET /BLA/boletinlegal/ HTTP/1.1" 200 59083
201.245.192.253 - - [26/Feb/2024:03:29:56 -0500] "POST /kwsrmcab/Wsrmcab HTTP/1.1" 200 37892
201.245.192.253 - - [26/Feb/2024:03:29:59 -0500] "POST /kwsrmcab/Wsrmcab HTTP/1.1" 200 37727
201.245.192.253 - - [26/Feb/2024:03:30:06 -0500] "POST /kwsrmcab/Wsrmcab HTTP/1.1" 200 37731
201.245.192.253 - - [26/Feb/2024:03:30:43 -0500] "POST /kwsrmcab/Wsrmcab HTTP/1.1" 200 37727
172.22.2.4 - - [26/Feb/2024:03:30:27 -0500] "GET /BLA/boletinlegal/ HTTP/1.1" 200 24523
201.245.192.253 - - [26/Feb/2024:03:32:02 -0500] "POST /kwsrmcab/Wsrmcab  HTTP/1.1" 200 37561
216.245.221.92 - - [26/Feb/2024:03:32:08 -0500] "HEAD / HTTP/1.1" 200 -
172.22.2.4 - - [26/Feb/2024:03:32:32 -0500] "HEAD /BLA/boletinlegal/ HTTP/1.1" 200 -
172.22.2.4 - - [26/Feb/2024:03:33:23 -0500] "GET /BLA/boletinlegal/ HTTP/1.1" 200 57889
201.245.192.253 - - [26/Feb/2024:03:37:02 -0500] "POST /kwsrmcab/Wsrmcab  HTTP/1.1" 200 37561
216.245.221.92 - - [26/Feb/2024:03:37:08 -0500] "HEAD / HTTP/1.1" 200 -
65.154.226.171 - - [26/Feb/2024:03:38:36 -0500] "GET /portaldeninos/wp-content/uploads/useanyfont/uaf.css?ver=1589905315 HTTP/1.1" 200 408
65.154.226.171 - - [26/Feb/2024:03:38:36 -0500] "GET /portaldeninos/wp-content/themes/betheme/style.css?ver=20.9.6 HTTP/1.1" 200 287
65.154.226.171 - - [26/Feb/2024:03:38:36 -0500] "GET /portaldeninos/wp-content/plugins/gallery-videos/CSS/Total-Soft-Gallery-Video-Widget.css?ver=4.9.8 HTTP/1.1" 200 51554
65.154.226.171 - - [26/Feb/2024:03:38:36 -0500] "GET /portaldeninos/wp-content/plugins/gallery-videos/CSS/totalsoft.css?ver=4.9.8 HTTP/1.1" 200 40622
65.154.226.171 - - [26/Feb/2024:03:38:36 -0500] "GET /portaldeninos/wp-content/themes/betheme/css/base.css?ver=20.9.6 HTTP/1.1" 200 57283
65.154.226.171 - - [26/Feb/2024:03:38:36 -0500] "GET /portaldeninos/wp-content/themes/betheme/assets/animations/animations.min.css?ver=20.9.6 HTTP/1.1" 200 58508
65.154.226.171 - - [26/Feb/2024:03:38:36 -0500] "GET /portaldeninos/wp-content/themes/betheme/assets/jplayer/css/jplayer.blue.monday.css?ver=20.9.6 HTTP/1.1" 200 9834
65.154.226.171 - - [26/Feb/2024:03:38:36 -0500] "GET /portaldeninos/wp-content/themes/betheme/assets/ui/jquery.ui.all.css?ver=20.9.6 HTTP/1.1" 200 18765
65.154.226.171 - - [26/Feb/2024:03:38:37 -0500] "GET /portaldeninos/wp-content/plugins/google-analytics-for-wordpress/assets/js/frontend-gtag.min.js?ver=8.5.0 HTTP/1.1" 200 11801
65.154.226.171 - - [26/Feb/2024:03:38:36 -0500] "GET /portaldeninos/wp-content/themes/betheme/css/layout.css?ver=20.9.6 HTTP/1.1" 200 116639
65.154.226.171 - - [26/Feb/2024:03:38:36 -0500] "GET /portaldeninos/wp-content/themes/betheme/css/shortcodes.css?ver=20.9.6 HTTP/1.1" 200 138889
65.154.226.171 - - [26/Feb/2024:03:38:37 -0500] "GET /portaldeninos/wp-includes/js/jquery/jquery-migrate.min.js?ver=1.4.1 HTTP/1.1" 200 10056
65.154.226.171 - - [26/Feb/2024:03:38:37 -0500] "GET /portaldeninos/wp-includes/js/jquery/ui/core.min.js?ver=1.11.4 HTTP/1.1" 200 4000
65.154.226.171 - - [26/Feb/2024:03:38:36 -0500] "GET /portaldeninos/wp-content/themes/betheme/css/responsive.css?ver=20.9.6 HTTP/1.1" 200 55740
65.154.226.171 - - [26/Feb/2024:03:38:37 -0500] "GET /portaldeninos/wp-content/plugins/gallery-videos/JS/modernizr.custom.js?ver=4.9.8 HTTP/1.1" 200 9019
65.154.226.171 - - [26/Feb/2024:03:38:37 -0500] "GET /portaldeninos/wp-includes/js/jquery/ui/widget.min.js?ver=1.11.4 HTTP/1.1" 200 6908
65.154.226.171 - - [26/Feb/2024:03:38:37 -0500] "GET /portaldeninos/wp-includes/js/jquery/ui/mouse.min.js?ver=1.11.4 HTTP/1.1" 200 3148
65.154.226.171 - - [26/Feb/2024:03:38:37 -0500] "GET /portaldeninos/wp-includes/js/jquery/jquery.js?ver=1.12.4 HTTP/1.1" 200 97184
65.154.226.171 - - [26/Feb/2024:03:38:37 -0500] "GET /portaldeninos/wp-includes/js/jquery/ui/tabs.min.js?ver=1.11.4 HTTP/1.1" 200 12110
65.154.226.171 - - [26/Feb/2024:03:38:37 -0500] "GET /portaldeninos/wp-includes/js/jquery/ui/accordion.min.js?ver=1.11.4 HTTP/1.1" 200 8584
65.154.226.171 - - [26/Feb/2024:03:38:37 -0500] "GET /portaldeninos/wp-content/themes/betheme/js/menu.js?ver=20.9.6 HTTP/1.1" 200 2449
65.154.226.171 - - [26/Feb/2024:03:38:37 -0500] "GET /portaldeninos/wp-includes/js/jquery/ui/sortable.min.js?ver=1.11.4 HTTP/1.1" 200 24899
65.154.226.171 - - [26/Feb/2024:03:38:37 -0500] "GET /portaldeninos/wp-content/plugins/gallery-videos/JS/Total-Soft-Gallery-Video-Widget.js?ver=4.9.8 HTTP/1.1" 200 80264
65.154.226.171 - - [26/Feb/2024:03:38:37 -0500] "GET /portaldeninos/wp-content/themes/betheme/assets/animations/animations.min.js?ver=20.9.6 HTTP/1.1" 200 1896
