201.245.192.253 - - [26/Feb/2024:10:05:43 -0500] "POST /sipse/faces/presentacion/financiero/solicitudProceso/listarSolicitudProceso.xhtml HTTP/1.1" 200 1392
201.245.192.253 - - [26/Feb/2024:10:05:43 -0500] "POST /sipse/faces/presentacion/financiero/solicitudProceso/listarSolicitudProceso.xhtml HTTP/1.1" 200 1388
179.51.119.61 - - [26/Feb/2024:10:05:43 -0500] "POST /sipse/faces/presentacion/financiero/solicitudProceso/listarSolicitudProceso.xhtml HTTP/1.1" 200 58768
179.51.119.61 - - [26/Feb/2024:10:05:44 -0500] "GET /sipse/faces/javax.faces.resource/images/ui-bg_flat_0_2d5972_40x100.png?ln=primefaces-aristo HTTP/1.1" 304 -
179.51.119.61 - - [26/Feb/2024:10:05:44 -0500] "POST /sipse/faces/presentacion/financiero/solicitudProceso/listarSolicitudProceso.xhtml HTTP/1.1" 200 1556
201.244.235.172 - - [26/Feb/2024:10:05:45 -0500] "POST /sipse/faces/presentacion/financiero/solicitudProceso/consultar.xhtml HTTP/1.1" 200 10073
201.244.235.172 - - [26/Feb/2024:10:05:45 -0500] "POST /sipse/faces/presentacion/financiero/solicitudProceso/consultar.xhtml HTTP/1.1" 200 2298
179.51.119.61 - - [26/Feb/2024:10:05:45 -0500] "POST /sipse/faces/presentacion/financiero/solicitudProceso/listarSolicitudProceso.xhtml HTTP/1.1" 200 1552
191.92.188.128 - - [26/Feb/2024:10:05:46 -0500] "POST /sipse/faces/presentacion/financiero/solicitudProceso/consultarSolicitudProceso.xhtml HTTP/1.1" 200 42169
191.92.188.128 - - [26/Feb/2024:10:05:46 -0500] "GET /sipse/faces/javax.faces.resource/theme.css?ln=primefaces-sipse HTTP/1.1" 304 -
191.92.188.128 - - [26/Feb/2024:10:05:46 -0500] "GET /sipse/faces/javax.faces.resource/primefaces.css?ln=primefaces&v=4.0 HTTP/1.1" 304 -
191.92.188.128 - - [26/Feb/2024:10:05:46 -0500] "GET /sipse/faces/javax.faces.resource/layout/layout.css?ln=primefaces&v=4.0 HTTP/1.1" 304 -
191.92.188.128 - - [26/Feb/2024:10:05:46 -0500] "GET /sipse/faces/javax.faces.resource/jquery/jquery.js?ln=primefaces&v=4.0 HTTP/1.1" 304 -
191.92.188.128 - - [26/Feb/2024:10:05:46 -0500] "GET /sipse/faces/javax.faces.resource/jquery/jquery-plugins.js?ln=primefaces&v=4.0 HTTP/1.1" 304 -
191.92.188.128 - - [26/Feb/2024:10:05:46 -0500] "GET /sipse/faces/javax.faces.resource/primefaces.js?ln=primefaces&v=4.0 HTTP/1.1" 304 -
191.92.188.128 - - [26/Feb/2024:10:05:46 -0500] "GET /sipse/faces/javax.faces.resource/layout/layout.js?ln=primefaces&v=4.0 HTTP/1.1" 304 -
179.51.119.61 - - [26/Feb/2024:10:05:46 -0500] "POST /sipse/faces/presentacion/financiero/solicitudProceso/listarSolicitudProceso.xhtml HTTP/1.1" 200 60331
179.51.119.61 - - [26/Feb/2024:10:05:46 -0500] "GET /sipse/faces/javax.faces.resource/primefaces.css?ln=primefaces&v=4.0 HTTP/1.1" 304 -
179.51.119.61 - - [26/Feb/2024:10:05:46 -0500] "GET /sipse/faces/javax.faces.resource/layout/layout.css?ln=primefaces&v=4.0 HTTP/1.1" 304 -
179.51.119.61 - - [26/Feb/2024:10:05:46 -0500] "GET /sipse/faces/javax.faces.resource/theme.css?ln=primefaces-sipse HTTP/1.1" 304 -
179.51.119.61 - - [26/Feb/2024:10:05:46 -0500] "GET /sipse/faces/javax.faces.resource/jquery/jquery.js?ln=primefaces&v=4.0 HTTP/1.1" 304 -
179.51.119.61 - - [26/Feb/2024:10:05:47 -0500] "GET /sipse/faces/javax.faces.resource/jquery/jquery-plugins.js?ln=primefaces&v=4.0 HTTP/1.1" 304 -
179.51.119.61 - - [26/Feb/2024:10:05:47 -0500] "GET /sipse/faces/javax.faces.resource/primefaces.js?ln=primefaces&v=4.0 HTTP/1.1" 304 -
191.92.188.128 - - [26/Feb/2024:10:05:46 -0500] "POST /sipse/faces/presentacion/financiero/solicitudProceso/consultar.xhtml HTTP/1.1" 200 35461
179.51.119.61 - - [26/Feb/2024:10:05:47 -0500] "GET /sipse/faces/javax.faces.resource/layout/layout.js?ln=primefaces&v=4.0 HTTP/1.1" 304 -
179.51.119.61 - - [26/Feb/2024:10:05:47 -0500] "GET /sipse/css/imagen/contrasena.png HTTP/1.1" 404 383
191.92.188.128 - - [26/Feb/2024:10:05:47 -0500] "POST /sipse/faces/presentacion/financiero/solicitudProceso/consultar.xhtml HTTP/1.1" 200 35461
201.245.192.253 - - [26/Feb/2024:10:05:47 -0500] "POST /sipse/faces/presentacion/financiero/solicitudProceso/listarSolicitudProceso.xhtml HTTP/1.1" 200 31582
191.92.188.128 - - [26/Feb/2024:10:05:47 -0500] "POST /sipse/faces/presentacion/financiero/solicitudProceso/consultar.xhtml HTTP/1.1" 200 35461
191.92.188.128 - - [26/Feb/2024:10:05:47 -0500] "POST /sipse/faces/presentacion/financiero/solicitudProceso/consultar.xhtml HTTP/1.1" 200 35461
191.92.188.128 - - [26/Feb/2024:10:05:47 -0500] "POST /sipse/faces/presentacion/financiero/solicitudProceso/consultar.xhtml HTTP/1.1" 200 35461
191.92.188.128 - - [26/Feb/2024:10:05:47 -0500] "POST /sipse/faces/presentacion/financiero/solicitudProceso/consultar.xhtml HTTP/1.1" 200 35461
191.92.188.128 - - [26/Feb/2024:10:05:47 -0500] "POST /sipse/faces/presentacion/financiero/solicitudProceso/consultar.xhtml HTTP/1.1" 200 35461
191.92.188.128 - - [26/Feb/2024:10:05:48 -0500] "POST /sipse/faces/presentacion/financiero/solicitudProceso/consultar.xhtml HTTP/1.1" 200 35461
191.92.188.128 - - [26/Feb/2024:10:05:49 -0500] "POST /sipse/faces/presentacion/financiero/solicitudProceso/consultar.xhtml HTTP/1.1" 200 12742
146.75.208.2 - - [26/Feb/2024:10:05:49 -0500] "POST /sipse/faces/presentacion/financiero/solicitudProceso/consultarSolicitudProceso.xhtml HTTP/1.1" 200 61639
146.75.208.2 - - [26/Feb/2024:10:05:51 -0500] "GET /sipse/faces/javax.faces.resource/theme.css?ln=primefaces-sipse HTTP/1.1" 304 -
146.75.208.2 - - [26/Feb/2024:10:05:51 -0500] "GET /sipse/js/disable_browser_buttons.js HTTP/1.1" 200 3230
146.75.208.2 - - [26/Feb/2024:10:05:51 -0500] "GET /sipse/faces/javax.faces.resource/layout/layout.css?ln=primefaces&v=4.0 HTTP/1.1" 304 -
146.75.208.2 - - [26/Feb/2024:10:05:51 -0500] "GET /sipse/faces/javax.faces.resource/primefaces.css?ln=primefaces&v=4.0 HTTP/1.1" 304 -
146.75.208.2 - - [26/Feb/2024:10:05:51 -0500] "GET /sipse/js/jquery.min.js HTTP/1.1" 200 85582
146.75.208.2 - - [26/Feb/2024:10:05:52 -0500] "GET /sipse/js/funciones.js HTTP/1.1" 200 12592
146.75.208.2 - - [26/Feb/2024:10:05:52 -0500] "GET /sipse/faces/javax.faces.resource/jquery/jquery.js?ln=primefaces&v=4.0 HTTP/1.1" 200 105384
146.75.208.2 - - [26/Feb/2024:10:05:52 -0500] "GET /sipse/faces/javax.faces.resource/jquery/jquery-plugins.js?ln=primefaces&v=4.0 HTTP/1.1" 200 220526
172.22.2.4 - - [26/Feb/2024:10:05:52 -0500] "GET /BLA/boletinlegal/actos.php HTTP/1.1" 200 9738
146.75.208.2 - - [26/Feb/2024:10:05:52 -0500] "GET /sipse/faces/javax.faces.resource/primefaces.js?ln=primefaces&v=4.0 HTTP/1.1" 200 276924
191.92.188.128 - - [26/Feb/2024:10:05:51 -0500] "POST /sipse/faces/presentacion/financiero/solicitudProceso/consultar.xhtml HTTP/1.1" 200 140163
191.92.188.128 - - [26/Feb/2024:10:05:52 -0500] "GET /sipse/faces/javax.faces.resource/theme.css?ln=primefaces-sipse HTTP/1.1" 304 -
191.92.188.128 - - [26/Feb/2024:10:05:52 -0500] "GET /sipse/faces/javax.faces.resource/primefaces.css?ln=primefaces&v=4.0 HTTP/1.1" 304 -
191.92.188.128 - - [26/Feb/2024:10:05:52 -0500] "GET /sipse/faces/javax.faces.resource/layout/layout.css?ln=primefaces&v=4.0 HTTP/1.1" 304 -
146.75.208.2 - - [26/Feb/2024:10:05:52 -0500] "GET /sipse/faces/javax.faces.resource/layout/layout.js?ln=primefaces&v=4.0 HTTP/1.1" 200 87560
191.92.188.128 - - [26/Feb/2024:10:05:52 -0500] "GET /sipse/faces/javax.faces.resource/jquery/jquery.js?ln=primefaces&v=4.0 HTTP/1.1" 304 -
191.92.188.128 - - [26/Feb/2024:10:05:52 -0500] "GET /sipse/faces/javax.faces.resource/jquery/jquery-plugins.js?ln=primefaces&v=4.0 HTTP/1.1" 304 -
191.92.188.128 - - [26/Feb/2024:10:05:52 -0500] "GET /sipse/faces/javax.faces.resource/primefaces.js?ln=primefaces&v=4.0 HTTP/1.1" 304 -
191.92.188.128 - - [26/Feb/2024:10:05:52 -0500] "GET /sipse/faces/javax.faces.resource/layout/layout.js?ln=primefaces&v=4.0 HTTP/1.1" 304 -
172.22.2.4 - - [26/Feb/2024:10:04:12 -0500] "GET /BLA/boletinlegal/ HTTP/1.1" 200 60380
146.75.208.2 - - [26/Feb/2024:10:05:52 -0500] "POST /sipse/faces/presentacion/financiero/solicitudProceso/listarSolicitudProceso.xhtml HTTP/1.1" 200 1556
201.244.235.172 - - [26/Feb/2024:10:05:55 -0500] "POST /sipse/faces/presentacion/financiero/solicitudProceso/consultar.xhtml HTTP/1.1" 200 10073
146.75.208.2 - - [26/Feb/2024:10:05:56 -0500] "POST /sipse/faces/presentacion/financiero/solicitudProceso/listarSolicitudProceso.xhtml HTTP/1.1" 200 144640
146.75.208.2 - - [26/Feb/2024:10:05:57 -0500] "GET /sipse/faces/javax.faces.resource/theme.css?ln=primefaces-sipse HTTP/1.1" 304 -
146.75.208.2 - - [26/Feb/2024:10:05:57 -0500] "GET /sipse/js/disable_browser_buttons.js HTTP/1.1" 200 3230
146.75.208.2 - - [26/Feb/2024:10:05:57 -0500] "GET /sipse/faces/javax.faces.resource/primefaces.css?ln=primefaces&v=4.0 HTTP/1.1" 304 -
146.75.208.2 - - [26/Feb/2024:10:05:57 -0500] "GET /sipse/faces/javax.faces.resource/layout/layout.css?ln=primefaces&v=4.0 HTTP/1.1" 304 -
146.75.208.2 - - [26/Feb/2024:10:05:57 -0500] "GET /sipse/js/jquery.min.js HTTP/1.1" 200 85582
146.75.208.2 - - [26/Feb/2024:10:05:57 -0500] "GET /sipse/js/funciones.js HTTP/1.1" 200 12592
146.75.208.2 - - [26/Feb/2024:10:05:57 -0500] "GET /sipse/faces/javax.faces.resource/jquery/jquery.js?ln=primefaces&v=4.0 HTTP/1.1" 200 105384
201.245.192.253 - - [26/Feb/2024:10:05:57 -0500] "POST /forms/lservlet;jsessionid=ac16012b30d696a80f5c07824c829f57858935da15a1.e3iSbxaKaheRe34NaNuLc30MaN90n6jAmljGr5XDqQLvpAe HTTP/1.1" 200 2
146.75.208.2 - - [26/Feb/2024:10:05:57 -0500] "GET /sipse/faces/javax.faces.resource/jquery/jquery-plugins.js?ln=primefaces&v=4.0 HTTP/1.1" 200 220526
146.75.208.2 - - [26/Feb/2024:10:05:58 -0500] "GET /sipse/faces/javax.faces.resource/primefaces.js?ln=primefaces&v=4.0 HTTP/1.1" 200 276924
152.202.94.166 - - [26/Feb/2024:10:05:57 -0500] "POST /sipse/faces/presentacion/financiero/estudioPrevio/personalSolicitado/personalSolicitadoSolicitudProceso.xhtml HTTP/1.1" 200 36840
152.202.94.166 - - [26/Feb/2024:10:05:58 -0500] "GET /sipse/faces/javax.faces.resource/theme.css?ln=primefaces-sipse HTTP/1.1" 304 -
152.202.94.166 - - [26/Feb/2024:10:05:58 -0500] "GET /sipse/faces/javax.faces.resource/layout/layout.css?ln=primefaces&v=4.0 HTTP/1.1" 304 -
152.202.94.166 - - [26/Feb/2024:10:05:58 -0500] "GET /sipse/faces/javax.faces.resource/primefaces.css?ln=primefaces&v=4.0 HTTP/1.1" 304 -
146.75.208.2 - - [26/Feb/2024:10:05:58 -0500] "GET /sipse/faces/javax.faces.resource/layout/layout.js?ln=primefaces&v=4.0 HTTP/1.1" 200 87560
152.202.94.166 - - [26/Feb/2024:10:05:58 -0500] "GET /sipse/faces/javax.faces.resource/jquery/jquery.js?ln=primefaces&v=4.0 HTTP/1.1" 304 -
152.202.94.166 - - [26/Feb/2024:10:05:58 -0500] "GET /sipse/faces/javax.faces.resource/jquery/jquery-plugins.js?ln=primefaces&v=4.0 HTTP/1.1" 304 -
152.202.94.166 - - [26/Feb/2024:10:05:58 -0500] "GET /sipse/faces/javax.faces.resource/primefaces.js?ln=primefaces&v=4.0 HTTP/1.1" 304 -
152.202.94.166 - - [26/Feb/2024:10:05:58 -0500] "GET /sipse/faces/javax.faces.resource/layout/layout.js?ln=primefaces&v=4.0 HTTP/1.1" 304 -
191.92.188.128 - - [26/Feb/2024:10:05:58 -0500] "POST /sipse/faces/presentacion/financiero/solicitudProceso/consultarSolicitudProceso.xhtml HTTP/1.1" 200 5514
201.244.235.172 - - [26/Feb/2024:10:06:03 -0500] "POST /sipse/faces/presentacion/financiero/solicitudProceso/consultar.xhtml HTTP/1.1" 200 32534
201.244.235.172 - - [26/Feb/2024:10:06:03 -0500] "POST /sipse/faces/presentacion/financiero/solicitudProceso/consultar.xhtml HTTP/1.1" 200 32534
201.244.235.172 - - [26/Feb/2024:10:06:03 -0500] "POST /sipse/faces/presentacion/financiero/solicitudProceso/consultar.xhtml HTTP/1.1" 200 32534
146.75.208.2 - - [26/Feb/2024:10:06:05 -0500] "POST /sipse/faces/presentacion/financiero/solicitudProceso/consultarSolicitudProceso.xhtml HTTP/1.1" 200 101053
152.202.94.166 - - [26/Feb/2024:10:06:06 -0500] "POST /sipse/faces/presentacion/financiero/estudioPrevio/personalSolicitado/asociarProfesionPersonalSolicitado.xhtml HTTP/1.1" 200 21404
201.244.235.172 - - [26/Feb/2024:10:06:07 -0500] "POST /sipse/faces/presentacion/financiero/solicitudProceso/consultar.xhtml HTTP/1.1" 200 23057
152.202.94.166 - - [26/Feb/2024:10:06:10 -0500] "POST /sipse/faces/presentacion/financiero/estudioPrevio/personalSolicitado/asociarProfesionPersonalSolicitado.xhtml HTTP/1.1" 200 51997
152.202.94.166 - - [26/Feb/2024:10:06:11 -0500] "GET /sipse/faces/javax.faces.resource/theme.css?ln=primefaces-sipse HTTP/1.1" 304 -
152.202.94.166 - - [26/Feb/2024:10:06:11 -0500] "GET /sipse/faces/javax.faces.resource/primefaces.css?ln=primefaces&v=4.0 HTTP/1.1" 304 -
152.202.94.166 - - [26/Feb/2024:10:06:11 -0500] "GET /sipse/faces/javax.faces.resource/layout/layout.css?ln=primefaces&v=4.0 HTTP/1.1" 304 -
152.202.94.166 - - [26/Feb/2024:10:06:11 -0500] "GET /sipse/faces/javax.faces.resource/jquery/jquery.js?ln=primefaces&v=4.0 HTTP/1.1" 304 -
152.202.94.166 - - [26/Feb/2024:10:06:11 -0500] "GET /sipse/faces/javax.faces.resource/jquery/jquery-plugins.js?ln=primefaces&v=4.0 HTTP/1.1" 304 -
152.202.94.166 - - [26/Feb/2024:10:06:11 -0500] "GET /sipse/faces/javax.faces.resource/layout/layout.js?ln=primefaces&v=4.0 HTTP/1.1" 304 -
152.202.94.166 - - [26/Feb/2024:10:06:11 -0500] "GET /sipse/faces/javax.faces.resource/primefaces.js?ln=primefaces&v=4.0 HTTP/1.1" 304 -
152.202.94.166 - - [26/Feb/2024:10:06:11 -0500] "GET /sipse/css/imagen/contrasena.png HTTP/1.1" 404 383
201.245.192.253 - - [26/Feb/2024:10:06:13 -0500] "GET /sipse/faces/javax.faces.resource/theme.css?ln=primefaces-sipse HTTP/1.1" 304 -
201.245.192.253 - - [26/Feb/2024:10:06:13 -0500] "GET /sipse/faces/javax.faces.resource/primefaces.css?ln=primefaces&v=4.0 HTTP/1.1" 304 -
201.245.192.253 - - [26/Feb/2024:10:06:13 -0500] "GET /sipse/faces/javax.faces.resource/layout/layout.css?ln=primefaces&v=4.0 HTTP/1.1" 304 -
201.245.192.253 - - [26/Feb/2024:10:06:13 -0500] "GET /sipse/faces/javax.faces.resource/jquery/jquery.js?ln=primefaces&v=4.0 HTTP/1.1" 304 -
201.245.192.253 - - [26/Feb/2024:10:06:13 -0500] "GET /sipse/faces/javax.faces.resource/jquery/jquery-plugins.js?ln=primefaces&v=4.0 HTTP/1.1" 304 -
201.245.192.253 - - [26/Feb/2024:10:06:13 -0500] "GET /sipse/faces/javax.faces.resource/primefaces.js?ln=primefaces&v=4.0 HTTP/1.1" 304 -
201.245.192.253 - - [26/Feb/2024:10:06:13 -0500] "GET /sipse/faces/javax.faces.resource/layout/layout.js?ln=primefaces&v=4.0 HTTP/1.1" 304 -
201.245.192.253 - - [26/Feb/2024:10:06:12 -0500] "POST /sipse/faces/presentacion/financiero/solicitudProceso/consultarSolicitudProceso.xhtml HTTP/1.1" 200 37346
201.244.235.172 - - [26/Feb/2024:10:06:13 -0500] "POST /sipse/faces/presentacion/financiero/solicitudProceso/consultar.xhtml HTTP/1.1" 200 9988
152.202.94.166 - - [26/Feb/2024:10:06:13 -0500] "POST /sipse/faces/presentacion/financiero/estudioPrevio/personalSolicitado/personalSolicitadoSolicitudProceso.xhtml HTTP/1.1" 200 36843
152.202.94.166 - - [26/Feb/2024:10:06:13 -0500] "GET /sipse/faces/javax.faces.resource/theme.css?ln=primefaces-sipse HTTP/1.1" 304 -
152.202.94.166 - - [26/Feb/2024:10:06:13 -0500] "GET /sipse/faces/javax.faces.resource/primefaces.css?ln=primefaces&v=4.0 HTTP/1.1" 304 -
152.202.94.166 - - [26/Feb/2024:10:06:13 -0500] "GET /sipse/faces/javax.faces.resource/layout/layout.css?ln=primefaces&v=4.0 HTTP/1.1" 304 -
152.202.94.166 - - [26/Feb/2024:10:06:13 -0500] "GET /sipse/faces/javax.faces.resource/jquery/jquery.js?ln=primefaces&v=4.0 HTTP/1.1" 304 -
152.202.94.166 - - [26/Feb/2024:10:06:13 -0500] "GET /sipse/faces/javax.faces.resource/jquery/jquery-plugins.js?ln=primefaces&v=4.0 HTTP/1.1" 304 -
152.202.94.166 - - [26/Feb/2024:10:06:13 -0500] "GET /sipse/faces/javax.faces.resource/primefaces.js?ln=primefaces&v=4.0 HTTP/1.1" 304 -
152.202.94.166 - - [26/Feb/2024:10:06:13 -0500] "GET /sipse/faces/javax.faces.resource/layout/layout.js?ln=primefaces&v=4.0 HTTP/1.1" 304 -
172.22.2.4 - - [26/Feb/2024:10:06:14 -0500] "GET /BLA/boletinlegal/consulta_actos.php?tipo=resoluciones&no=&usuario=&sector=&fecha=2023&resuelve= HTTP/1.1" 200 448791
201.245.192.253 - - [26/Feb/2024:10:06:15 -0500] "GET /sipse/faces/index.xhtml HTTP/1.1" 200 677
201.245.192.253 - - [26/Feb/2024:10:06:15 -0500] "GET /sipse/faces/javax.faces.resource/theme.css?ln=primefaces-sipse HTTP/1.1" 304 -
201.245.192.253 - - [26/Feb/2024:10:06:16 -0500] "GET /sipse/faces/faces/autenticacion.xhtml HTTP/1.1" 200 12403
201.245.192.253 - - [26/Feb/2024:10:06:16 -0500] "GET /sipse/js/disable_browser_buttons.js HTTP/1.1" 304 -
201.245.192.253 - - [26/Feb/2024:10:06:16 -0500] "GET /sipse/js/funciones.js HTTP/1.1" 304 -
201.245.192.253 - - [26/Feb/2024:10:06:16 -0500] "GET /sipse/css/custom_css_sg.css HTTP/1.1" 304 -
201.245.192.253 - - [26/Feb/2024:10:06:16 -0500] "GET /sipse/css/custom_css_sg_prime_login.css HTTP/1.1" 304 -
201.245.192.253 - - [26/Feb/2024:10:06:16 -0500] "GET /sipse/faces/javax.faces.resource/primefaces.css?ln=primefaces&v=4.0 HTTP/1.1" 304 -
201.245.192.253 - - [26/Feb/2024:10:06:16 -0500] "GET /sipse/faces/javax.faces.resource/theme.css?ln=primefaces-sipse HTTP/1.1" 304 -
201.245.192.253 - - [26/Feb/2024:10:06:16 -0500] "GET /sipse/faces/javax.faces.resource/layout/layout.css?ln=primefaces&v=4.0 HTTP/1.1" 304 -
201.245.192.253 - - [26/Feb/2024:10:06:16 -0500] "GET /sipse/faces/javax.faces.resource/jquery/jquery.js?ln=primefaces&v=4.0 HTTP/1.1" 304 -
201.245.192.253 - - [26/Feb/2024:10:06:16 -0500] "GET /sipse/faces/javax.faces.resource/jquery/jquery-plugins.js?ln=primefaces&v=4.0 HTTP/1.1" 304 -
201.245.192.253 - - [26/Feb/2024:10:06:16 -0500] "GET /sipse/faces/javax.faces.resource/primefaces.js?ln=primefaces&v=4.0 HTTP/1.1" 304 -
201.245.192.253 - - [26/Feb/2024:10:06:16 -0500] "GET /sipse/faces/javax.faces.resource/layout/layout.js?ln=primefaces&v=4.0 HTTP/1.1" 304 -
201.245.192.253 - - [26/Feb/2024:10:06:16 -0500] "GET /sipse/css/imagen/loginimg.png HTTP/1.1" 304 -
201.245.192.253 - - [26/Feb/2024:10:06:16 -0500] "GET /sipse/css/imagen/logoSDG.png HTTP/1.1" 304 -
201.245.192.253 - - [26/Feb/2024:10:06:16 -0500] "GET /sipse/faces/javax.faces.resource/images/ui-icons_898989_256x240.png?ln=primefaces-aristo HTTP/1.1" 304 -
146.75.208.2 - - [26/Feb/2024:10:06:19 -0500] "POST /sipse/faces/presentacion/financiero/solicitudProceso/consultarSolicitudProceso.xhtml HTTP/1.1" 200 493999
152.202.94.166 - - [26/Feb/2024:10:06:19 -0500] "POST /sipse/faces/presentacion/financiero/estudioPrevio/personalSolicitado/asociarProfesionPersonalSolicitado.xhtml HTTP/1.1" 200 1423
201.244.235.172 - - [26/Feb/2024:10:06:20 -0500] "POST /sipse/faces/presentacion/financiero/solicitudProceso/consultar.xhtml HTTP/1.1" 200 9984
152.202.94.166 - - [26/Feb/2024:10:06:20 -0500] "POST /sipse/faces/presentacion/financiero/estudioPrevio/personalSolicitado/asociarProfesionPersonalSolicitado.xhtml HTTP/1.1" 200 1419
201.245.192.253 - - [26/Feb/2024:10:06:21 -0500] "POST /sipse/faces/autenticacion.xhtml HTTP/1.1" 200 2218
201.245.192.253 - - [26/Feb/2024:10:06:21 -0500] "GET /sipse/faces/javax.faces.resource/messages/messages.png?ln=primefaces&v=4.0 HTTP/1.1" 304 -
201.245.192.253 - - [26/Feb/2024:10:06:22 -0500] "POST /sipse/faces/autenticacion.xhtml HTTP/1.1" 200 16447
201.245.192.253 - - [26/Feb/2024:10:06:22 -0500] "GET /sipse/css/custom_css_sg_prime.css HTTP/1.1" 304 -
201.245.192.253 - - [26/Feb/2024:10:06:22 -0500] "GET /sipse/faces/javax.faces.resource/theme.css?ln=primefaces-sipse HTTP/1.1" 304 -
201.245.192.253 - - [26/Feb/2024:10:06:22 -0500] "GET /sipse/faces/javax.faces.resource/primefaces.css?ln=primefaces&v=4.0 HTTP/1.1" 304 -
201.245.192.253 - - [26/Feb/2024:10:06:22 -0500] "GET /sipse/faces/javax.faces.resource/layout/layout.css?ln=primefaces&v=4.0 HTTP/1.1" 304 -
152.202.94.166 - - [26/Feb/2024:10:06:22 -0500] "POST /sipse/faces/presentacion/financiero/estudioPrevio/personalSolicitado/asociarProfesionPersonalSolicitado.xhtml HTTP/1.1" 200 1423
201.245.192.253 - - [26/Feb/2024:10:06:22 -0500] "GET /sipse/js/jquery.min.js HTTP/1.1" 304 -
201.245.192.253 - - [26/Feb/2024:10:06:22 -0500] "GET /sipse/faces/javax.faces.resource/jquery/jquery.js?ln=primefaces&v=4.0 HTTP/1.1" 304 -
201.245.192.253 - - [26/Feb/2024:10:06:22 -0500] "GET /sipse/faces/javax.faces.resource/jquery/jquery-plugins.js?ln=primefaces&v=4.0 HTTP/1.1" 304 -
201.245.192.253 - - [26/Feb/2024:10:06:22 -0500] "GET /sipse/faces/javax.faces.resource/primefaces.js?ln=primefaces&v=4.0 HTTP/1.1" 304 -
201.245.192.253 - - [26/Feb/2024:10:06:22 -0500] "GET /sipse/faces/javax.faces.resource/layout/layout.js?ln=primefaces&v=4.0 HTTP/1.1" 304 -
201.245.192.253 - - [26/Feb/2024:10:06:22 -0500] "GET /sipse/css/v_mergente.css HTTP/1.1" 304 -
201.245.192.253 - - [26/Feb/2024:10:06:22 -0500] "GET /sipse/css/imagen/contrasena.png HTTP/1.1" 404 383
201.245.192.253 - - [26/Feb/2024:10:06:22 -0500] "GET /sipse/imagenes/cargando.gif HTTP/1.1" 304 -
201.245.192.253 - - [26/Feb/2024:10:06:22 -0500] "GET /sipse/imagenes/logoAplicacion.jpg HTTP/1.1" 304 -
201.244.235.172 - - [26/Feb/2024:10:06:23 -0500] "POST /sipse/faces/presentacion/financiero/solicitudProceso/consultar.xhtml HTTP/1.1" 200 32537
201.244.235.172 - - [26/Feb/2024:10:06:23 -0500] "GET /sipse/faces/javax.faces.resource/theme.css?ln=primefaces-sipse HTTP/1.1" 304 -
201.244.235.172 - - [26/Feb/2024:10:06:23 -0500] "GET /sipse/faces/javax.faces.resource/jquery/jquery.js?ln=primefaces&v=4.0 HTTP/1.1" 304 -
201.244.235.172 - - [26/Feb/2024:10:06:23 -0500] "GET /sipse/faces/javax.faces.resource/primefaces.css?ln=primefaces&v=4.0 HTTP/1.1" 304 -
201.244.235.172 - - [26/Feb/2024:10:06:23 -0500] "GET /sipse/faces/javax.faces.resource/layout/layout.css?ln=primefaces&v=4.0 HTTP/1.1" 304 -
201.244.235.172 - - [26/Feb/2024:10:06:24 -0500] "GET /sipse/faces/javax.faces.resource/jquery/jquery-plugins.js?ln=primefaces&v=4.0 HTTP/1.1" 304 -
201.244.235.172 - - [26/Feb/2024:10:06:24 -0500] "GET /sipse/faces/javax.faces.resource/primefaces.js?ln=primefaces&v=4.0 HTTP/1.1" 304 -
201.244.235.172 - - [26/Feb/2024:10:06:24 -0500] "GET /sipse/faces/javax.faces.resource/layout/layout.js?ln=primefaces&v=4.0 HTTP/1.1" 304 -
201.244.235.172 - - [26/Feb/2024:10:06:24 -0500] "POST /sipse/faces/presentacion/financiero/solicitudProceso/listarSolicitudProceso.xhtml HTTP/1.1" 200 25803
201.245.192.253 - - [26/Feb/2024:10:06:24 -0500] "GET /sipse/faces/javax.faces.resource/images/ui-bg_flat_0_2d5972_40x100.png?ln=primefaces-aristo HTTP/1.1" 304 -
201.245.192.253 - - [26/Feb/2024:10:06:24 -0500] "POST /sipse/faces/bienvenido.xhtml HTTP/1.1" 200 2073
201.244.235.172 - - [26/Feb/2024:10:06:24 -0500] "POST /sipse/faces/presentacion/financiero/solicitudProceso/listarSolicitudProceso.xhtml HTTP/1.1" 200 25803
201.244.235.172 - - [26/Feb/2024:10:06:24 -0500] "POST /sipse/faces/presentacion/financiero/solicitudProceso/listarSolicitudProceso.xhtml HTTP/1.1" 200 1372
201.244.235.172 - - [26/Feb/2024:10:06:25 -0500] "POST /sipse/faces/presentacion/financiero/solicitudProceso/listarSolicitudProceso.xhtml HTTP/1.1" 200 1376
201.245.192.253 - - [26/Feb/2024:10:06:25 -0500] "POST /sipse/faces/bienvenido.xhtml HTTP/1.1" 200 193
201.245.192.253 - - [26/Feb/2024:10:06:25 -0500] "GET /sipse/faces/presentacion/financiero/solicitudAnulacion/consultarSolicitudAnulacion.xhtml HTTP/1.1" 200 35349
201.244.235.172 - - [26/Feb/2024:10:06:25 -0500] "POST /sipse/faces/presentacion/financiero/solicitudProceso/listarSolicitudProceso.xhtml HTTP/1.1" 200 1380
201.245.192.253 - - [26/Feb/2024:10:06:25 -0500] "GET /sipse/faces/javax.faces.resource/theme.css?ln=primefaces-sipse HTTP/1.1" 304 -
201.245.192.253 - - [26/Feb/2024:10:06:25 -0500] "GET /sipse/faces/javax.faces.resource/primefaces.css?ln=primefaces&v=4.0 HTTP/1.1" 304 -
201.245.192.253 - - [26/Feb/2024:10:06:25 -0500] "GET /sipse/faces/javax.faces.resource/jquery/jquery.js?ln=primefaces&v=4.0 HTTP/1.1" 304 -
201.245.192.253 - - [26/Feb/2024:10:06:25 -0500] "GET /sipse/faces/javax.faces.resource/layout/layout.css?ln=primefaces&v=4.0 HTTP/1.1" 304 -
201.245.192.253 - - [26/Feb/2024:10:06:25 -0500] "GET /sipse/faces/javax.faces.resource/jquery/jquery-plugins.js?ln=primefaces&v=4.0 HTTP/1.1" 304 -
201.245.192.253 - - [26/Feb/2024:10:06:25 -0500] "GET /sipse/faces/javax.faces.resource/primefaces.js?ln=primefaces&v=4.0 HTTP/1.1" 304 -
201.245.192.253 - - [26/Feb/2024:10:06:25 -0500] "GET /sipse/faces/javax.faces.resource/layout/layout.js?ln=primefaces&v=4.0 HTTP/1.1" 304 -
201.245.192.253 - - [26/Feb/2024:10:06:25 -0500] "POST /sipse/faces/presentacion/financiero/solicitudAnulacion/consultarSolicitudAnulacion.xhtml HTTP/1.1" 200 10616
152.202.94.166 - - [26/Feb/2024:10:06:25 -0500] "POST /sipse/faces/presentacion/financiero/estudioPrevio/personalSolicitado/asociarProfesionPersonalSolicitado.xhtml HTTP/1.1" 200 1423
201.245.192.253 - - [26/Feb/2024:10:06:26 -0500] "POST /sipse/faces/presentacion/financiero/solicitudAnulacion/consultarSolicitudAnulacion.xhtml HTTP/1.1" 200 39074
201.245.192.253 - - [26/Feb/2024:10:06:26 -0500] "GET /sipse/faces/javax.faces.resource/theme.css?ln=primefaces-sipse HTTP/1.1" 304 -
201.245.192.253 - - [26/Feb/2024:10:06:26 -0500] "GET /sipse/faces/javax.faces.resource/layout/layout.css?ln=primefaces&v=4.0 HTTP/1.1" 304 -
201.245.192.253 - - [26/Feb/2024:10:06:26 -0500] "GET /sipse/faces/javax.faces.resource/primefaces.css?ln=primefaces&v=4.0 HTTP/1.1" 304 -
201.245.192.253 - - [26/Feb/2024:10:06:26 -0500] "GET /sipse/faces/javax.faces.resource/jquery/jquery.js?ln=primefaces&v=4.0 HTTP/1.1" 304 -
201.245.192.253 - - [26/Feb/2024:10:06:26 -0500] "GET /sipse/faces/javax.faces.resource/jquery/jquery-plugins.js?ln=primefaces&v=4.0 HTTP/1.1" 304 -
201.245.192.253 - - [26/Feb/2024:10:06:26 -0500] "GET /sipse/faces/javax.faces.resource/primefaces.js?ln=primefaces&v=4.0 HTTP/1.1" 304 -
201.245.192.253 - - [26/Feb/2024:10:06:26 -0500] "GET /sipse/faces/javax.faces.resource/layout/layout.js?ln=primefaces&v=4.0 HTTP/1.1" 304 -
201.244.235.172 - - [26/Feb/2024:10:06:26 -0500] "POST /sipse/faces/presentacion/financiero/solicitudProceso/listarSolicitudProceso.xhtml HTTP/1.1" 200 1685
201.244.235.172 - - [26/Feb/2024:10:06:26 -0500] "POST /sipse/faces/presentacion/financiero/solicitudProceso/listarSolicitudProceso.xhtml HTTP/1.1" 200 13107
201.244.235.172 - - [26/Feb/2024:10:06:26 -0500] "POST /sipse/faces/presentacion/financiero/solicitudProceso/listarSolicitudProceso.xhtml HTTP/1.1" 200 1677
152.202.94.166 - - [26/Feb/2024:10:06:26 -0500] "POST /sipse/faces/presentacion/financiero/estudioPrevio/personalSolicitado/asociarProfesionPersonalSolicitado.xhtml HTTP/1.1" 200 1427
152.202.94.166 - - [26/Feb/2024:10:06:28 -0500] "POST /sipse/faces/presentacion/financiero/estudioPrevio/personalSolicitado/asociarProfesionPersonalSolicitado.xhtml HTTP/1.1" 200 1423
152.202.94.166 - - [26/Feb/2024:10:06:29 -0500] "POST /sipse/faces/presentacion/financiero/estudioPrevio/personalSolicitado/asociarProfesionPersonalSolicitado.xhtml HTTP/1.1" 200 1427
201.244.235.172 - - [26/Feb/2024:10:06:30 -0500] "POST /sipse/faces/presentacion/financiero/solicitudProceso/listarSolicitudProceso.xhtml HTTP/1.1" 200 1685
201.245.192.253 - - [26/Feb/2024:10:06:29 -0500] "POST /sipse/faces/presentacion/financiero/solicitudProceso/listarSolicitudProceso.xhtml HTTP/1.1" 200 149183
201.244.235.172 - - [26/Feb/2024:10:06:30 -0500] "POST /sipse/faces/presentacion/financiero/solicitudProceso/listarSolicitudProceso.xhtml HTTP/1.1" 200 13103
201.245.192.253 - - [26/Feb/2024:10:06:31 -0500] "GET /sipse/faces/javax.faces.resource/jquery/jquery.js?ln=primefaces&v=4.0 HTTP/1.1" 304 -
201.245.192.253 - - [26/Feb/2024:10:06:31 -0500] "GET /sipse/faces/javax.faces.resource/jquery/jquery-plugins.js?ln=primefaces&v=4.0 HTTP/1.1" 304 -
201.245.192.253 - - [26/Feb/2024:10:06:31 -0500] "GET /sipse/faces/javax.faces.resource/primefaces.js?ln=primefaces&v=4.0 HTTP/1.1" 304 -
201.244.235.172 - - [26/Feb/2024:10:06:31 -0500] "POST /sipse/faces/presentacion/financiero/solicitudProceso/listarSolicitudProceso.xhtml HTTP/1.1" 200 1685
201.245.192.253 - - [26/Feb/2024:10:06:31 -0500] "GET /sipse/faces/javax.faces.resource/layout/layout.js?ln=primefaces&v=4.0 HTTP/1.1" 304 -
201.245.192.253 - - [26/Feb/2024:10:06:32 -0500] "POST /sipse/faces/presentacion/financiero/solicitudProceso/consultar.xhtml HTTP/1.1" 200 12792
152.202.94.166 - - [26/Feb/2024:10:06:33 -0500] "POST /sipse/faces/presentacion/financiero/estudioPrevio/personalSolicitado/asociarProfesionPersonalSolicitado.xhtml HTTP/1.1" 200 21184
152.202.94.166 - - [26/Feb/2024:10:06:34 -0500] "POST /sipse/faces/presentacion/financiero/estudioPrevio/personalSolicitado/asociarProfesionPersonalSolicitado.xhtml HTTP/1.1" 200 21188
201.244.235.172 - - [26/Feb/2024:10:06:38 -0500] "POST /sipse/faces/presentacion/financiero/solicitudProceso/listarSolicitudProceso.xhtml HTTP/1.1" 200 39242
201.244.235.172 - - [26/Feb/2024:10:06:39 -0500] "GET /sipse/faces/javax.faces.resource/theme.css?ln=primefaces-sipse HTTP/1.1" 304 -
201.244.235.172 - - [26/Feb/2024:10:06:39 -0500] "GET /sipse/faces/javax.faces.resource/primefaces.css?ln=primefaces&v=4.0 HTTP/1.1" 304 -
201.244.235.172 - - [26/Feb/2024:10:06:39 -0500] "GET /sipse/faces/javax.faces.resource/layout/layout.css?ln=primefaces&v=4.0 HTTP/1.1" 304 -
201.244.235.172 - - [26/Feb/2024:10:06:40 -0500] "GET /sipse/faces/javax.faces.resource/jquery/jquery.js?ln=primefaces&v=4.0 HTTP/1.1" 304 -
146.75.208.2 - - [26/Feb/2024:10:06:35 -0500] "POST /sipse/faces/presentacion/financiero/solicitudProceso/consultarSolicitudProceso.xhtml HTTP/1.1" 200 61838
146.75.208.2 - - [26/Feb/2024:10:06:40 -0500] "GET /sipse/faces/javax.faces.resource/theme.css?ln=primefaces-sipse HTTP/1.1" 304 -
146.75.208.2 - - [26/Feb/2024:10:06:40 -0500] "GET /sipse/faces/javax.faces.resource/layout/layout.css?ln=primefaces&v=4.0 HTTP/1.1" 304 -
146.75.208.2 - - [26/Feb/2024:10:06:40 -0500] "GET /sipse/faces/javax.faces.resource/primefaces.css?ln=primefaces&v=4.0 HTTP/1.1" 304 -
146.75.208.2 - - [26/Feb/2024:10:06:40 -0500] "GET /sipse/js/disable_browser_buttons.js HTTP/1.1" 200 3230
146.75.208.2 - - [26/Feb/2024:10:06:40 -0500] "GET /sipse/js/jquery.min.js HTTP/1.1" 200 85582
146.75.208.2 - - [26/Feb/2024:10:06:40 -0500] "GET /sipse/js/funciones.js HTTP/1.1" 200 12592
146.75.208.2 - - [26/Feb/2024:10:06:40 -0500] "GET /sipse/faces/javax.faces.resource/jquery/jquery.js?ln=primefaces&v=4.0 HTTP/1.1" 200 105384
152.202.94.166 - - [26/Feb/2024:10:06:40 -0500] "POST /sipse/faces/presentacion/financiero/estudioPrevio/personalSolicitado/asociarProfesionPersonalSolicitado.xhtml HTTP/1.1" 200 1435
146.75.208.2 - - [26/Feb/2024:10:06:40 -0500] "GET /sipse/faces/javax.faces.resource/jquery/jquery-plugins.js?ln=primefaces&v=4.0 HTTP/1.1" 200 220526
201.244.235.172 - - [26/Feb/2024:10:06:41 -0500] "GET /sipse/faces/javax.faces.resource/jquery/jquery-plugins.js?ln=primefaces&v=4.0 HTTP/1.1" 304 -
146.75.208.2 - - [26/Feb/2024:10:06:41 -0500] "GET /sipse/faces/javax.faces.resource/primefaces.js?ln=primefaces&v=4.0 HTTP/1.1" 200 276924
201.244.235.172 - - [26/Feb/2024:10:06:41 -0500] "GET /sipse/faces/javax.faces.resource/primefaces.js?ln=primefaces&v=4.0 HTTP/1.1" 304 -
201.244.235.172 - - [26/Feb/2024:10:06:41 -0500] "GET /sipse/faces/javax.faces.resource/layout/layout.js?ln=primefaces&v=4.0 HTTP/1.1" 304 -
146.75.208.2 - - [26/Feb/2024:10:06:41 -0500] "GET /sipse/faces/javax.faces.resource/layout/layout.js?ln=primefaces&v=4.0 HTTP/1.1" 200 87560
152.202.94.166 - - [26/Feb/2024:10:06:40 -0500] "POST /sipse/faces/presentacion/financiero/estudioPrevio/personalSolicitado/asociarProfesionPersonalSolicitado.xhtml HTTP/1.1" 200 1435
201.244.235.172 - - [26/Feb/2024:10:06:41 -0500] "POST /sipse/faces/presentacion/financiero/solicitudProceso/consultar.xhtml HTTP/1.1" 200 32534
146.75.208.2 - - [26/Feb/2024:10:06:41 -0500] "POST /sipse/faces/presentacion/financiero/solicitudProceso/listarSolicitudProceso.xhtml HTTP/1.1" 200 1556
201.244.235.172 - - [26/Feb/2024:10:06:41 -0500] "POST /sipse/faces/presentacion/financiero/solicitudProceso/consultar.xhtml HTTP/1.1" 200 32534
201.244.235.172 - - [26/Feb/2024:10:06:41 -0500] "POST /sipse/faces/presentacion/financiero/solicitudProceso/consultar.xhtml HTTP/1.1" 200 32534
152.202.94.166 - - [26/Feb/2024:10:06:41 -0500] "POST /sipse/faces/presentacion/financiero/estudioPrevio/personalSolicitado/asociarProfesionPersonalSolicitado.xhtml HTTP/1.1" 200 1435
152.202.94.166 - - [26/Feb/2024:10:06:43 -0500] "POST /sipse/faces/presentacion/financiero/estudioPrevio/personalSolicitado/asociarProfesionPersonalSolicitado.xhtml HTTP/1.1" 200 1435
152.202.94.166 - - [26/Feb/2024:10:06:43 -0500] "POST /sipse/faces/presentacion/financiero/estudioPrevio/personalSolicitado/asociarProfesionPersonalSolicitado.xhtml HTTP/1.1" 200 1431
152.202.94.166 - - [26/Feb/2024:10:06:44 -0500] "POST /sipse/faces/presentacion/financiero/estudioPrevio/personalSolicitado/asociarProfesionPersonalSolicitado.xhtml HTTP/1.1" 200 1435
179.51.119.61 - - [26/Feb/2024:10:06:44 -0500] "POST /sipse/faces/presentacion/financiero/solicitudProceso/crearModificarSolicitudProceso.xhtml HTTP/1.1" 200 65502
179.51.119.61 - - [26/Feb/2024:10:06:45 -0500] "GET /sipse/faces/javax.faces.resource/theme.css?ln=primefaces-sipse HTTP/1.1" 304 -
179.51.119.61 - - [26/Feb/2024:10:06:45 -0500] "GET /sipse/faces/javax.faces.resource/primefaces.css?ln=primefaces&v=4.0 HTTP/1.1" 304 -
179.51.119.61 - - [26/Feb/2024:10:06:45 -0500] "GET /sipse/faces/javax.faces.resource/jquery/jquery.js?ln=primefaces&v=4.0 HTTP/1.1" 304 -
179.51.119.61 - - [26/Feb/2024:10:06:45 -0500] "GET /sipse/faces/javax.faces.resource/layout/layout.css?ln=primefaces&v=4.0 HTTP/1.1" 304 -
179.51.119.61 - - [26/Feb/2024:10:06:45 -0500] "GET /sipse/faces/javax.faces.resource/jquery/jquery-plugins.js?ln=primefaces&v=4.0 HTTP/1.1" 304 -
179.51.119.61 - - [26/Feb/2024:10:06:45 -0500] "GET /sipse/faces/javax.faces.resource/primefaces.js?ln=primefaces&v=4.0 HTTP/1.1" 304 -
179.51.119.61 - - [26/Feb/2024:10:06:45 -0500] "GET /sipse/faces/javax.faces.resource/layout/layout.js?ln=primefaces&v=4.0 HTTP/1.1" 304 -
179.51.119.61 - - [26/Feb/2024:10:06:45 -0500] "GET /sipse/css/imagen/contrasena.png HTTP/1.1" 404 383
152.202.94.166 - - [26/Feb/2024:10:06:45 -0500] "POST /sipse/faces/presentacion/financiero/estudioPrevio/personalSolicitado/asociarProfesionPersonalSolicitado.xhtml HTTP/1.1" 200 1431
146.75.208.2 - - [26/Feb/2024:10:06:44 -0500] "POST /sipse/faces/presentacion/financiero/solicitudProceso/listarSolicitudProceso.xhtml HTTP/1.1" 200 144638
146.75.208.2 - - [26/Feb/2024:10:06:45 -0500] "GET /sipse/faces/javax.faces.resource/theme.css?ln=primefaces-sipse HTTP/1.1" 304 -
146.75.208.2 - - [26/Feb/2024:10:06:45 -0500] "GET /sipse/faces/javax.faces.resource/primefaces.css?ln=primefaces&v=4.0 HTTP/1.1" 304 -
146.75.208.2 - - [26/Feb/2024:10:06:45 -0500] "GET /sipse/faces/javax.faces.resource/layout/layout.css?ln=primefaces&v=4.0 HTTP/1.1" 304 -
146.75.208.2 - - [26/Feb/2024:10:06:45 -0500] "GET /sipse/js/disable_browser_buttons.js HTTP/1.1" 200 3230
146.75.208.2 - - [26/Feb/2024:10:06:45 -0500] "GET /sipse/js/jquery.min.js HTTP/1.1" 200 85582
146.75.208.2 - - [26/Feb/2024:10:06:46 -0500] "GET /sipse/js/funciones.js HTTP/1.1" 200 12592
146.75.208.2 - - [26/Feb/2024:10:06:46 -0500] "GET /sipse/faces/javax.faces.resource/jquery/jquery.js?ln=primefaces&v=4.0 HTTP/1.1" 200 105384
179.51.119.61 - - [26/Feb/2024:10:06:45 -0500] "POST /sipse/faces/presentacion/financiero/solicitudProceso/listarSolicitudProceso.xhtml HTTP/1.1" 200 58768
146.75.208.2 - - [26/Feb/2024:10:06:46 -0500] "GET /sipse/faces/javax.faces.resource/jquery/jquery-plugins.js?ln=primefaces&v=4.0 HTTP/1.1" 200 220526
146.75.208.2 - - [26/Feb/2024:10:06:46 -0500] "GET /sipse/faces/javax.faces.resource/primefaces.js?ln=primefaces&v=4.0 HTTP/1.1" 200 276924
146.75.208.2 - - [26/Feb/2024:10:06:46 -0500] "GET /sipse/faces/javax.faces.resource/layout/layout.js?ln=primefaces&v=4.0 HTTP/1.1" 200 87560
179.51.119.61 - - [26/Feb/2024:10:06:46 -0500] "POST /sipse/faces/presentacion/financiero/solicitudProceso/listarSolicitudProceso.xhtml HTTP/1.1" 200 58768
152.202.94.166 - - [26/Feb/2024:10:06:46 -0500] "POST /sipse/faces/presentacion/financiero/estudioPrevio/personalSolicitado/asociarProfesionPersonalSolicitado.xhtml HTTP/1.1" 200 21221
179.51.119.61 - - [26/Feb/2024:10:06:46 -0500] "POST /sipse/faces/presentacion/financiero/solicitudProceso/listarSolicitudProceso.xhtml HTTP/1.1" 200 58768
179.51.119.61 - - [26/Feb/2024:10:06:47 -0500] "POST /sipse/faces/presentacion/financiero/solicitudProceso/listarSolicitudProceso.xhtml HTTP/1.1" 200 1556
179.51.119.61 - - [26/Feb/2024:10:06:48 -0500] "POST /sipse/faces/presentacion/financiero/solicitudProceso/listarSolicitudProceso.xhtml HTTP/1.1" 200 1552
179.51.119.61 - - [26/Feb/2024:10:06:49 -0500] "POST /sipse/faces/presentacion/financiero/solicitudProceso/listarSolicitudProceso.xhtml HTTP/1.1" 200 1564
152.202.94.166 - - [26/Feb/2024:10:06:50 -0500] "POST /sipse/faces/presentacion/financiero/estudioPrevio/personalSolicitado/asociarProfesionPersonalSolicitado.xhtml HTTP/1.1" 200 21312
201.244.235.172 - - [26/Feb/2024:10:06:50 -0500] "POST /sipse/faces/presentacion/financiero/solicitudProceso/consultar.xhtml HTTP/1.1" 200 9980
179.51.119.61 - - [26/Feb/2024:10:06:50 -0500] "POST /sipse/faces/presentacion/financiero/solicitudProceso/listarSolicitudProceso.xhtml HTTP/1.1" 200 1552
179.51.119.61 - - [26/Feb/2024:10:06:52 -0500] "POST /sipse/faces/presentacion/financiero/solicitudProceso/listarSolicitudProceso.xhtml HTTP/1.1" 200 60331
179.51.119.61 - - [26/Feb/2024:10:06:52 -0500] "GET /sipse/faces/javax.faces.resource/theme.css?ln=primefaces-sipse HTTP/1.1" 304 -
179.51.119.61 - - [26/Feb/2024:10:06:52 -0500] "GET /sipse/faces/javax.faces.resource/jquery/jquery.js?ln=primefaces&v=4.0 HTTP/1.1" 304 -
179.51.119.61 - - [26/Feb/2024:10:06:52 -0500] "GET /sipse/faces/javax.faces.resource/layout/layout.css?ln=primefaces&v=4.0 HTTP/1.1" 304 -
179.51.119.61 - - [26/Feb/2024:10:06:52 -0500] "GET /sipse/faces/javax.faces.resource/primefaces.css?ln=primefaces&v=4.0 HTTP/1.1" 304 -
179.51.119.61 - - [26/Feb/2024:10:06:52 -0500] "GET /sipse/faces/javax.faces.resource/jquery/jquery-plugins.js?ln=primefaces&v=4.0 HTTP/1.1" 304 -
179.51.119.61 - - [26/Feb/2024:10:06:52 -0500] "GET /sipse/faces/javax.faces.resource/primefaces.js?ln=primefaces&v=4.0 HTTP/1.1" 304 -
179.51.119.61 - - [26/Feb/2024:10:06:52 -0500] "GET /sipse/faces/javax.faces.resource/layout/layout.js?ln=primefaces&v=4.0 HTTP/1.1" 304 -
179.51.119.61 - - [26/Feb/2024:10:06:52 -0500] "GET /sipse/css/imagen/contrasena.png HTTP/1.1" 404 383
201.245.192.253 - - [26/Feb/2024:10:06:50 -0500] "POST /sipse/faces/presentacion/financiero/solicitudProceso/consultarSolicitudProceso.xhtml HTTP/1.1" 200 36768
201.245.192.253 - - [26/Feb/2024:10:06:52 -0500] "GET /sipse/faces/javax.faces.resource/theme.css?ln=primefaces-sipse HTTP/1.1" 304 -
201.245.192.253 - - [26/Feb/2024:10:06:52 -0500] "GET /sipse/faces/javax.faces.resource/primefaces.css?ln=primefaces&v=4.0 HTTP/1.1" 304 -
201.245.192.253 - - [26/Feb/2024:10:06:52 -0500] "GET /sipse/faces/javax.faces.resource/layout/layout.css?ln=primefaces&v=4.0 HTTP/1.1" 304 -
201.245.192.253 - - [26/Feb/2024:10:06:52 -0500] "GET /sipse/faces/javax.faces.resource/jquery/jquery.js?ln=primefaces&v=4.0 HTTP/1.1" 304 -
201.245.192.253 - - [26/Feb/2024:10:06:52 -0500] "GET /sipse/faces/javax.faces.resource/jquery/jquery-plugins.js?ln=primefaces&v=4.0 HTTP/1.1" 304 -
201.245.192.253 - - [26/Feb/2024:10:06:52 -0500] "GET /sipse/css/imagen/contrasena.png HTTP/1.1" 404 383
201.245.192.253 - - [26/Feb/2024:10:06:52 -0500] "GET /sipse/faces/javax.faces.resource/primefaces.js?ln=primefaces&v=4.0 HTTP/1.1" 304 -
201.245.192.253 - - [26/Feb/2024:10:06:52 -0500] "GET /sipse/faces/javax.faces.resource/layout/layout.js?ln=primefaces&v=4.0 HTTP/1.1" 304 -
201.245.192.253 - - [26/Feb/2024:10:06:53 -0500] "POST /sipse/faces/presentacion/financiero/solicitudProceso/listarSolicitudProceso.xhtml HTTP/1.1" 200 1392
201.244.235.172 - - [26/Feb/2024:10:06:54 -0500] "POST /sipse/faces/presentacion/financiero/solicitudProceso/consultar.xhtml HTTP/1.1" 200 32537
152.202.94.166 - - [26/Feb/2024:10:06:54 -0500] "POST /sipse/faces/presentacion/financiero/estudioPrevio/personalSolicitado/asociarProfesionPersonalSolicitado.xhtml HTTP/1.1" 200 21236
201.244.235.172 - - [26/Feb/2024:10:06:54 -0500] "GET /sipse/faces/javax.faces.resource/theme.css?ln=primefaces-sipse HTTP/1.1" 304 -
201.244.235.172 - - [26/Feb/2024:10:06:54 -0500] "GET /sipse/faces/javax.faces.resource/primefaces.css?ln=primefaces&v=4.0 HTTP/1.1" 304 -
201.244.235.172 - - [26/Feb/2024:10:06:54 -0500] "GET /sipse/faces/javax.faces.resource/jquery/jquery.js?ln=primefaces&v=4.0 HTTP/1.1" 304 -
201.244.235.172 - - [26/Feb/2024:10:06:54 -0500] "GET /sipse/faces/javax.faces.resource/layout/layout.css?ln=primefaces&v=4.0 HTTP/1.1" 304 -
201.244.235.172 - - [26/Feb/2024:10:06:54 -0500] "GET /sipse/faces/javax.faces.resource/jquery/jquery-plugins.js?ln=primefaces&v=4.0 HTTP/1.1" 304 -
146.75.208.2 - - [26/Feb/2024:10:06:54 -0500] "POST /sipse/faces/presentacion/financiero/solicitudProceso/consultarSolicitudProceso.xhtml HTTP/1.1" 200 70706
201.244.235.172 - - [26/Feb/2024:10:06:55 -0500] "GET /sipse/faces/javax.faces.resource/primefaces.js?ln=primefaces&v=4.0 HTTP/1.1" 304 -
201.245.192.253 - - [26/Feb/2024:10:06:55 -0500] "POST /sipse/faces/presentacion/financiero/solicitudProceso/listarSolicitudProceso.xhtml HTTP/1.1" 200 29599
201.244.235.172 - - [26/Feb/2024:10:06:55 -0500] "GET /sipse/faces/javax.faces.resource/layout/layout.js?ln=primefaces&v=4.0 HTTP/1.1" 304 -
201.245.192.253 - - [26/Feb/2024:10:06:55 -0500] "POST /sipse/faces/presentacion/financiero/solicitudProceso/listarSolicitudProceso.xhtml HTTP/1.1" 200 29599
201.245.192.253 - - [26/Feb/2024:10:06:55 -0500] "POST /sipse/faces/presentacion/financiero/solicitudProceso/listarSolicitudProceso.xhtml HTTP/1.1" 200 29599
201.244.235.172 - - [26/Feb/2024:10:06:55 -0500] "POST /sipse/faces/presentacion/financiero/solicitudProceso/listarSolicitudProceso.xhtml HTTP/1.1" 200 25803
201.245.192.253 - - [26/Feb/2024:10:06:56 -0500] "POST /sipse/faces/presentacion/financiero/solicitudProceso/listarSolicitudProceso.xhtml HTTP/1.1" 200 29599
201.245.192.253 - - [26/Feb/2024:10:06:56 -0500] "POST /sipse/faces/presentacion/financiero/solicitudProceso/listarSolicitudProceso.xhtml HTTP/1.1" 200 1392
201.245.192.253 - - [26/Feb/2024:10:06:56 -0500] "POST /sipse/faces/presentacion/financiero/solicitudProceso/listarSolicitudProceso.xhtml HTTP/1.1" 200 1388
201.245.192.253 - - [26/Feb/2024:10:06:56 -0500] "POST /sipse/faces/presentacion/financiero/solicitudProceso/listarSolicitudProceso.xhtml HTTP/1.1" 200 1400
201.244.235.172 - - [26/Feb/2024:10:06:56 -0500] "POST /sipse/faces/presentacion/financiero/solicitudProceso/listarSolicitudProceso.xhtml HTTP/1.1" 200 25803
201.245.192.253 - - [26/Feb/2024:10:06:56 -0500] "POST /sipse/faces/presentacion/financiero/solicitudProceso/listarSolicitudProceso.xhtml HTTP/1.1" 200 1388
201.244.235.172 - - [26/Feb/2024:10:06:56 -0500] "POST /sipse/faces/presentacion/financiero/solicitudProceso/listarSolicitudProceso.xhtml HTTP/1.1" 200 25803
201.244.235.172 - - [26/Feb/2024:10:06:56 -0500] "POST /sipse/faces/presentacion/financiero/solicitudProceso/listarSolicitudProceso.xhtml HTTP/1.1" 200 25803
201.244.235.172 - - [26/Feb/2024:10:06:57 -0500] "POST /sipse/faces/presentacion/financiero/solicitudProceso/listarSolicitudProceso.xhtml HTTP/1.1" 200 1372
201.244.235.172 - - [26/Feb/2024:10:06:57 -0500] "POST /sipse/faces/presentacion/financiero/solicitudProceso/listarSolicitudProceso.xhtml HTTP/1.1" 200 1376
201.244.235.172 - - [26/Feb/2024:10:06:57 -0500] "POST /sipse/faces/presentacion/financiero/solicitudProceso/listarSolicitudProceso.xhtml HTTP/1.1" 200 1380
201.244.235.172 - - [26/Feb/2024:10:06:57 -0500] "POST /sipse/faces/presentacion/financiero/solicitudProceso/listarSolicitudProceso.xhtml HTTP/1.1" 200 1376
201.244.235.172 - - [26/Feb/2024:10:06:57 -0500] "POST /sipse/faces/presentacion/financiero/solicitudProceso/listarSolicitudProceso.xhtml HTTP/1.1" 200 1380
201.245.192.253 - - [26/Feb/2024:10:06:57 -0500] "POST /sipse/faces/presentacion/financiero/solicitudProceso/listarSolicitudProceso.xhtml HTTP/1.1" 200 135996
201.245.192.253 - - [26/Feb/2024:10:06:58 -0500] "GET /sipse/faces/javax.faces.resource/primefaces.css?ln=primefaces&v=4.0 HTTP/1.1" 304 -
201.245.192.253 - - [26/Feb/2024:10:06:58 -0500] "GET /sipse/faces/javax.faces.resource/theme.css?ln=primefaces-sipse HTTP/1.1" 304 -
201.245.192.253 - - [26/Feb/2024:10:06:58 -0500] "GET /sipse/faces/javax.faces.resource/layout/layout.css?ln=primefaces&v=4.0 HTTP/1.1" 304 -
201.245.192.253 - - [26/Feb/2024:10:06:58 -0500] "GET /sipse/faces/javax.faces.resource/jquery/jquery.js?ln=primefaces&v=4.0 HTTP/1.1" 304 -
201.245.192.253 - - [26/Feb/2024:10:06:58 -0500] "GET /sipse/faces/javax.faces.resource/jquery/jquery-plugins.js?ln=primefaces&v=4.0 HTTP/1.1" 304 -
201.245.192.253 - - [26/Feb/2024:10:06:58 -0500] "GET /sipse/faces/javax.faces.resource/primefaces.js?ln=primefaces&v=4.0 HTTP/1.1" 304 -
201.245.192.253 - - [26/Feb/2024:10:06:58 -0500] "GET /sipse/faces/javax.faces.resource/layout/layout.js?ln=primefaces&v=4.0 HTTP/1.1" 304 -
201.245.192.253 - - [26/Feb/2024:10:06:58 -0500] "GET /sipse/css/imagen/contrasena.png HTTP/1.1" 404 383
201.244.235.172 - - [26/Feb/2024:10:07:00 -0500] "POST /sipse/faces/presentacion/financiero/solicitudProceso/listarSolicitudProceso.xhtml HTTP/1.1" 200 1689
201.244.235.172 - - [26/Feb/2024:10:07:00 -0500] "POST /sipse/faces/presentacion/financiero/solicitudProceso/listarSolicitudProceso.xhtml HTTP/1.1" 200 13107
201.244.235.172 - - [26/Feb/2024:10:07:00 -0500] "POST /sipse/faces/presentacion/financiero/solicitudProceso/listarSolicitudProceso.xhtml HTTP/1.1" 200 1677
179.51.119.61 - - [26/Feb/2024:10:07:00 -0500] "POST /sipse/faces/presentacion/financiero/solicitudProceso/crearModificarSolicitudProceso.xhtml HTTP/1.1" 200 65502
179.51.119.61 - - [26/Feb/2024:10:07:01 -0500] "GET /sipse/faces/javax.faces.resource/theme.css?ln=primefaces-sipse HTTP/1.1" 304 -
179.51.119.61 - - [26/Feb/2024:10:07:01 -0500] "GET /sipse/faces/javax.faces.resource/jquery/jquery.js?ln=primefaces&v=4.0 HTTP/1.1" 304 -
179.51.119.61 - - [26/Feb/2024:10:07:01 -0500] "GET /sipse/faces/javax.faces.resource/primefaces.css?ln=primefaces&v=4.0 HTTP/1.1" 304 -
179.51.119.61 - - [26/Feb/2024:10:07:01 -0500] "GET /sipse/faces/javax.faces.resource/layout/layout.css?ln=primefaces&v=4.0 HTTP/1.1" 304 -
179.51.119.61 - - [26/Feb/2024:10:07:01 -0500] "GET /sipse/faces/javax.faces.resource/jquery/jquery-plugins.js?ln=primefaces&v=4.0 HTTP/1.1" 304 -
179.51.119.61 - - [26/Feb/2024:10:07:01 -0500] "GET /sipse/faces/javax.faces.resource/primefaces.js?ln=primefaces&v=4.0 HTTP/1.1" 304 -
179.51.119.61 - - [26/Feb/2024:10:07:02 -0500] "GET /sipse/faces/javax.faces.resource/layout/layout.js?ln=primefaces&v=4.0 HTTP/1.1" 304 -
179.51.119.61 - - [26/Feb/2024:10:07:02 -0500] "POST /sipse/faces/presentacion/financiero/solicitudProceso/listarSolicitudProceso.xhtml HTTP/1.1" 200 58768
152.202.94.166 - - [26/Feb/2024:10:07:02 -0500] "POST /sipse/faces/presentacion/financiero/estudioPrevio/personalSolicitado/asociarProfesionPersonalSolicitado.xhtml HTTP/1.1" 200 21169
179.51.119.61 - - [26/Feb/2024:10:07:02 -0500] "POST /sipse/faces/presentacion/financiero/solicitudProceso/listarSolicitudProceso.xhtml HTTP/1.1" 200 58768
179.51.119.61 - - [26/Feb/2024:10:07:03 -0500] "POST /sipse/faces/presentacion/financiero/solicitudProceso/listarSolicitudProceso.xhtml HTTP/1.1" 200 58768
179.51.119.61 - - [26/Feb/2024:10:07:03 -0500] "POST /sipse/faces/presentacion/financiero/solicitudProceso/listarSolicitudProceso.xhtml HTTP/1.1" 200 58768
179.51.119.61 - - [26/Feb/2024:10:07:04 -0500] "POST /sipse/faces/presentacion/financiero/solicitudProceso/listarSolicitudProceso.xhtml HTTP/1.1" 200 58768
146.75.208.2 - - [26/Feb/2024:10:07:04 -0500] "POST /sipse/faces/presentacion/financiero/solicitudProceso/consultarSolicitudProceso.xhtml HTTP/1.1" 200 70706
179.51.119.61 - - [26/Feb/2024:10:07:04 -0500] "POST /sipse/faces/presentacion/financiero/solicitudProceso/listarSolicitudProceso.xhtml HTTP/1.1" 200 1556
179.51.119.61 - - [26/Feb/2024:10:07:05 -0500] "POST /sipse/faces/presentacion/financiero/solicitudProceso/listarSolicitudProceso.xhtml HTTP/1.1" 200 1552
201.244.235.172 - - [26/Feb/2024:10:07:06 -0500] "GET /sipse/faces/index.xhtml HTTP/1.1" 200 677
201.244.235.172 - - [26/Feb/2024:10:07:06 -0500] "GET /sipse/faces/javax.faces.resource/theme.css?ln=primefaces-sipse HTTP/1.1" 304 -
179.51.119.61 - - [26/Feb/2024:10:07:06 -0500] "POST /sipse/faces/presentacion/financiero/solicitudProceso/listarSolicitudProceso.xhtml HTTP/1.1" 200 1564
216.245.221.92 - - [26/Feb/2024:10:07:07 -0500] "HEAD / HTTP/1.1" 200 -
201.244.235.172 - - [26/Feb/2024:10:07:07 -0500] "GET /sipse/faces/faces/autenticacion.xhtml HTTP/1.1" 200 12408
201.244.235.172 - - [26/Feb/2024:10:07:07 -0500] "GET /sipse/faces/javax.faces.resource/primefaces.css?ln=primefaces&v=4.0 HTTP/1.1" 304 -
201.244.235.172 - - [26/Feb/2024:10:07:07 -0500] "GET /sipse/faces/javax.faces.resource/theme.css?ln=primefaces-sipse HTTP/1.1" 304 -
201.244.235.172 - - [26/Feb/2024:10:07:07 -0500] "GET /sipse/faces/javax.faces.resource/jquery/jquery.js?ln=primefaces&v=4.0 HTTP/1.1" 304 -
201.244.235.172 - - [26/Feb/2024:10:07:07 -0500] "GET /sipse/faces/javax.faces.resource/layout/layout.css?ln=primefaces&v=4.0 HTTP/1.1" 304 -
201.244.235.172 - - [26/Feb/2024:10:07:07 -0500] "GET /sipse/faces/javax.faces.resource/jquery/jquery-plugins.js?ln=primefaces&v=4.0 HTTP/1.1" 304 -
201.244.235.172 - - [26/Feb/2024:10:07:07 -0500] "GET /sipse/faces/javax.faces.resource/layout/layout.js?ln=primefaces&v=4.0 HTTP/1.1" 304 -
201.244.235.172 - - [26/Feb/2024:10:07:07 -0500] "GET /sipse/faces/javax.faces.resource/primefaces.js?ln=primefaces&v=4.0 HTTP/1.1" 304 -
179.51.119.61 - - [26/Feb/2024:10:07:07 -0500] "POST /sipse/faces/presentacion/financiero/solicitudProceso/listarSolicitudProceso.xhtml HTTP/1.1" 200 1552
