135.181.180.59 - - [28/Feb/2024:05:20:19 -0500] "GET /mejora-tu-bienestar-con-las-caminatas-ecologicas-%C3%82%C2%A1conoce-la-programacion-de-agosto.html HTTP/1.1" 200 873
201.245.192.253 - - [28/Feb/2024:05:20:45 -0500] "POST /kwsrmcab/Wsrmcab  HTTP/1.1" 200 39446
201.245.192.253 - - [28/Feb/2024:05:20:46 -0500] "POST /kwsrmcab/Wsrmcab HTTP/1.1" 200 37316
66.249.66.19 - - [28/Feb/2024:05:20:59 -0500] "GET /Publicaciones/2023EE32571.pdf HTTP/1.1" 404 227
66.249.66.19 - - [28/Feb/2024:05:21:15 -0500] "GET /BLA/resoluciones/RESOLUCIONES%202008/2955.pdf HTTP/1.1" 200 271184
201.245.192.253 - - [28/Feb/2024:05:21:56 -0500] "POST /forms/lservlet;jsessionid=ac16012b30d69ba41a1e83e54883a0bab3d468010a45.e3iSbxaKaheRe34NaNuLc30MaN90n6jAmljGr5XDqQLvpAe HTTP/1.1" 200 2
216.245.221.92 - - [28/Feb/2024:05:21:59 -0500] "HEAD / HTTP/1.1" 200 -
201.245.192.253 - - [28/Feb/2024:05:22:10 -0500] "POST /forms/lservlet;jsessionid=ac16012b30d696a80f5c07824c829f57858935da15a1.e3iSbxaKaheRe34NaNuLc30MaN90n6jAmljGr5XDqQLvpAe HTTP/1.1" 200 2
152.32.207.124 - - [28/Feb/2024:05:22:55 -0500] "GET / HTTP/1.1" 200 319
152.32.207.124 - - [28/Feb/2024:05:22:56 -0500] "\x16\x03\x01" 400 226
152.32.207.124 - - [28/Feb/2024:05:22:56 -0500] "t3 12.1.2" 400 946
172.22.2.4 - - [28/Feb/2024:05:21:58 -0500] "HEAD /BLA/boletinlegal/ HTTP/1.1" 200 -
201.245.192.253 - - [28/Feb/2024:05:23:56 -0500] "POST /forms/lservlet;jsessionid=ac16012b30d69ba41a1e83e54883a0bab3d468010a45.e3iSbxaKaheRe34NaNuLc30MaN90n6jAmljGr5XDqQLvpAe HTTP/1.1" 200 2
52.70.240.171 - - [28/Feb/2024:05:23:57 -0500] "GET /BLA/resoluciones/RESOLUCIONES%202018/2418.pdf. HTTP/1.1" 200 249141
201.245.192.253 - - [28/Feb/2024:05:24:10 -0500] "POST /forms/lservlet;jsessionid=ac16012b30d696a80f5c07824c829f57858935da15a1.e3iSbxaKaheRe34NaNuLc30MaN90n6jAmljGr5XDqQLvpAe HTTP/1.1" 200 2
172.22.2.4 - - [28/Feb/2024:05:24:21 -0500] "GET /BLA/boletinlegal/jurisprudencia/analisis/analisis%20C-595-2010.doc HTTP/1.1" 304 -
172.22.2.4 - - [28/Feb/2024:05:22:50 -0500] "GET /BLA/boletinlegal/ HTTP/1.1" 200 60730
101.36.123.67 - - [28/Feb/2024:05:25:45 -0500] "GET / HTTP/1.1" 200 319
201.245.192.253 - - [28/Feb/2024:05:25:44 -0500] "POST /kwsrmcab/Wsrmcab  HTTP/1.1" 200 39446
101.36.123.67 - - [28/Feb/2024:05:25:47 -0500] "GET /favicon.ico HTTP/1.1" 200 7782
101.36.123.67 - - [28/Feb/2024:05:25:49 -0500] "GET /robots.txt HTTP/1.1" 404 1018
101.36.123.67 - - [28/Feb/2024:05:25:49 -0500] "GET /sitemap.xml HTTP/1.1" 404 1018
101.36.123.67 - - [28/Feb/2024:05:25:50 -0500] "GET /axis2-admin/ HTTP/1.1" 404 1018
101.36.123.67 - - [28/Feb/2024:05:25:50 -0500] "GET /axis2/ HTTP/1.1" 404 1018
101.36.123.67 - - [28/Feb/2024:05:25:51 -0500] "GET /axis2/axis2-admin/ HTTP/1.1" 404 1018
201.245.192.253 - - [28/Feb/2024:05:25:56 -0500] "POST /forms/lservlet;jsessionid=ac16012b30d69ba41a1e83e54883a0bab3d468010a45.e3iSbxaKaheRe34NaNuLc30MaN90n6jAmljGr5XDqQLvpAe HTTP/1.1" 200 2
201.245.192.253 - - [28/Feb/2024:05:26:10 -0500] "POST /forms/lservlet;jsessionid=ac16012b30d696a80f5c07824c829f57858935da15a1.e3iSbxaKaheRe34NaNuLc30MaN90n6jAmljGr5XDqQLvpAe HTTP/1.1" 200 2
216.245.221.92 - - [28/Feb/2024:05:26:59 -0500] "HEAD / HTTP/1.1" 200 -
201.245.192.253 - - [28/Feb/2024:05:27:56 -0500] "POST /forms/lservlet;jsessionid=ac16012b30d69ba41a1e83e54883a0bab3d468010a45.e3iSbxaKaheRe34NaNuLc30MaN90n6jAmljGr5XDqQLvpAe HTTP/1.1" 200 2
201.245.192.253 - - [28/Feb/2024:05:28:10 -0500] "POST /forms/lservlet;jsessionid=ac16012b30d696a80f5c07824c829f57858935da15a1.e3iSbxaKaheRe34NaNuLc30MaN90n6jAmljGr5XDqQLvpAe HTTP/1.1" 200 2
172.22.2.4 - - [28/Feb/2024:05:27:14 -0500] "GET /BLA/boletinlegal/ HTTP/1.1" 200 51133
172.22.2.4 - - [28/Feb/2024:05:27:48 -0500] "HEAD /BLA/boletinlegal/ HTTP/1.1" 200 -
201.245.192.253 - - [28/Feb/2024:05:29:45 -0500] "POST /kwsrmcab/Wsrmcab HTTP/1.1" 200 39627
201.245.192.253 - - [28/Feb/2024:05:29:48 -0500] "POST /kwsrmcab/Wsrmcab HTTP/1.1" 200 37316
201.245.192.253 - - [28/Feb/2024:05:29:56 -0500] "POST /forms/lservlet;jsessionid=ac16012b30d69ba41a1e83e54883a0bab3d468010a45.e3iSbxaKaheRe34NaNuLc30MaN90n6jAmljGr5XDqQLvpAe HTTP/1.1" 200 2
201.245.192.253 - - [28/Feb/2024:05:29:58 -0500] "POST /kwsrmcab/Wsrmcab HTTP/1.1" 200 39447
201.245.192.253 - - [28/Feb/2024:05:30:10 -0500] "POST /forms/lservlet;jsessionid=ac16012b30d696a80f5c07824c829f57858935da15a1.e3iSbxaKaheRe34NaNuLc30MaN90n6jAmljGr5XDqQLvpAe HTTP/1.1" 200 2
172.22.2.4 - - [28/Feb/2024:05:28:39 -0500] "GET /BLA/boletinlegal/ HTTP/1.1" 200 57889
201.245.192.253 - - [28/Feb/2024:05:30:42 -0500] "POST /kwsrmcab/Wsrmcab  HTTP/1.1" 200 39446
201.245.192.253 - - [28/Feb/2024:05:30:45 -0500] "POST /kwsrmcab/Wsrmcab HTTP/1.1" 200 37316
192.133.77.14 - - [28/Feb/2024:05:30:49 -0500] "GET /images/cr%C3%B3nica-29-nov-1_optimized.jpeg HTTP/1.1" 404 1034
201.245.192.253 - - [28/Feb/2024:05:31:56 -0500] "POST /forms/lservlet;jsessionid=ac16012b30d69ba41a1e83e54883a0bab3d468010a45.e3iSbxaKaheRe34NaNuLc30MaN90n6jAmljGr5XDqQLvpAe HTTP/1.1" 200 2
216.245.221.92 - - [28/Feb/2024:05:31:59 -0500] "HEAD / HTTP/1.1" 200 -
201.245.192.253 - - [28/Feb/2024:05:32:11 -0500] "POST /forms/lservlet;jsessionid=ac16012b30d696a80f5c07824c829f57858935da15a1.e3iSbxaKaheRe34NaNuLc30MaN90n6jAmljGr5XDqQLvpAe HTTP/1.1" 200 2
201.245.192.253 - - [28/Feb/2024:05:33:56 -0500] "POST /forms/lservlet;jsessionid=ac16012b30d69ba41a1e83e54883a0bab3d468010a45.e3iSbxaKaheRe34NaNuLc30MaN90n6jAmljGr5XDqQLvpAe HTTP/1.1" 200 2
201.245.192.253 - - [28/Feb/2024:05:34:10 -0500] "POST /forms/lservlet;jsessionid=ac16012b30d696a80f5c07824c829f57858935da15a1.e3iSbxaKaheRe34NaNuLc30MaN90n6jAmljGr5XDqQLvpAe HTTP/1.1" 200 2
172.22.2.4 - - [28/Feb/2024:05:33:38 -0500] "HEAD /BLA/boletinlegal/ HTTP/1.1" 200 -
201.245.192.253 - - [28/Feb/2024:05:35:40 -0500] "POST /kwsrmcab/Wsrmcab  HTTP/1.1" 200 39446
201.245.192.253 - - [28/Feb/2024:05:35:56 -0500] "POST /forms/lservlet;jsessionid=ac16012b30d69ba41a1e83e54883a0bab3d468010a45.e3iSbxaKaheRe34NaNuLc30MaN90n6jAmljGr5XDqQLvpAe HTTP/1.1" 200 2
172.22.2.4 - - [28/Feb/2024:05:34:29 -0500] "GET /BLA/boletinlegal/ HTTP/1.1" 200 60730
201.245.192.253 - - [28/Feb/2024:05:36:11 -0500] "POST /forms/lservlet;jsessionid=ac16012b30d696a80f5c07824c829f57858935da15a1.e3iSbxaKaheRe34NaNuLc30MaN90n6jAmljGr5XDqQLvpAe HTTP/1.1" 200 2
216.245.221.92 - - [28/Feb/2024:05:36:59 -0500] "HEAD / HTTP/1.1" 200 -
201.245.192.253 - - [28/Feb/2024:05:37:56 -0500] "POST /forms/lservlet;jsessionid=ac16012b30d69ba41a1e83e54883a0bab3d468010a45.e3iSbxaKaheRe34NaNuLc30MaN90n6jAmljGr5XDqQLvpAe HTTP/1.1" 200 2
201.245.192.253 - - [28/Feb/2024:05:38:11 -0500] "POST /forms/lservlet;jsessionid=ac16012b30d696a80f5c07824c829f57858935da15a1.e3iSbxaKaheRe34NaNuLc30MaN90n6jAmljGr5XDqQLvpAe HTTP/1.1" 200 2
172.22.2.4 - - [28/Feb/2024:05:37:01 -0500] "GET /BLA/boletinlegal/ HTTP/1.1" 200 63104
172.22.2.4 - - [28/Feb/2024:05:38:47 -0500] "GET /BLA/boletinlegal/js/jquery.js HTTP/1.1" 200 57254
201.245.192.253 - - [28/Feb/2024:05:39:45 -0500] "POST /kwsrmcab/Wsrmcab HTTP/1.1" 200 39627
201.245.192.253 - - [28/Feb/2024:05:39:48 -0500] "POST /kwsrmcab/Wsrmcab HTTP/1.1" 200 37316
201.245.192.253 - - [28/Feb/2024:05:39:56 -0500] "POST /forms/lservlet;jsessionid=ac16012b30d69ba41a1e83e54883a0bab3d468010a45.e3iSbxaKaheRe34NaNuLc30MaN90n6jAmljGr5XDqQLvpAe HTTP/1.1" 200 2
201.245.192.253 - - [28/Feb/2024:05:39:57 -0500] "POST /kwsrmcab/Wsrmcab HTTP/1.1" 200 39447
201.245.192.253 - - [28/Feb/2024:05:40:11 -0500] "POST /forms/lservlet;jsessionid=ac16012b30d696a80f5c07824c829f57858935da15a1.e3iSbxaKaheRe34NaNuLc30MaN90n6jAmljGr5XDqQLvpAe HTTP/1.1" 200 2
201.245.192.253 - - [28/Feb/2024:05:40:38 -0500] "POST /kwsrmcab/Wsrmcab  HTTP/1.1" 200 39446
201.245.192.253 - - [28/Feb/2024:05:40:45 -0500] "POST /kwsrmcab/Wsrmcab HTTP/1.1" 200 37316
172.22.2.4 - - [28/Feb/2024:05:39:28 -0500] "HEAD /BLA/boletinlegal/ HTTP/1.1" 200 -
172.22.2.4 - - [28/Feb/2024:05:41:15 -0500] "GET /BLA/boletinlegal/ HTTP/1.1" 200 20427
201.245.192.253 - - [28/Feb/2024:05:41:56 -0500] "POST /forms/lservlet;jsessionid=ac16012b30d69ba41a1e83e54883a0bab3d468010a45.e3iSbxaKaheRe34NaNuLc30MaN90n6jAmljGr5XDqQLvpAe HTTP/1.1" 200 2
172.22.2.4 - - [28/Feb/2024:05:40:19 -0500] "GET /BLA/boletinlegal/ HTTP/1.1" 200 57485
216.245.221.92 - - [28/Feb/2024:05:41:59 -0500] "HEAD / HTTP/1.1" 200 -
201.245.192.253 - - [28/Feb/2024:05:42:11 -0500] "POST /forms/lservlet;jsessionid=ac16012b30d696a80f5c07824c829f57858935da15a1.e3iSbxaKaheRe34NaNuLc30MaN90n6jAmljGr5XDqQLvpAe HTTP/1.1" 200 2
201.245.192.253 - - [28/Feb/2024:05:43:56 -0500] "POST /forms/lservlet;jsessionid=ac16012b30d69ba41a1e83e54883a0bab3d468010a45.e3iSbxaKaheRe34NaNuLc30MaN90n6jAmljGr5XDqQLvpAe HTTP/1.1" 200 2
201.245.192.253 - - [28/Feb/2024:05:44:11 -0500] "POST /forms/lservlet;jsessionid=ac16012b30d696a80f5c07824c829f57858935da15a1.e3iSbxaKaheRe34NaNuLc30MaN90n6jAmljGr5XDqQLvpAe HTTP/1.1" 200 2
201.245.192.253 - - [28/Feb/2024:05:45:36 -0500] "POST /kwsrmcab/Wsrmcab  HTTP/1.1" 200 39446
216.244.66.195 - - [28/Feb/2024:05:45:41 -0500] "GET /BLA/resoluciones/AUTOS%202023/1157.pdf HTTP/1.1" 200 439267
201.245.192.253 - - [28/Feb/2024:05:45:56 -0500] "POST /forms/lservlet;jsessionid=ac16012b30d69ba41a1e83e54883a0bab3d468010a45.e3iSbxaKaheRe34NaNuLc30MaN90n6jAmljGr5XDqQLvpAe HTTP/1.1" 200 2
201.245.192.253 - - [28/Feb/2024:05:46:11 -0500] "POST /forms/lservlet;jsessionid=ac16012b30d696a80f5c07824c829f57858935da15a1.e3iSbxaKaheRe34NaNuLc30MaN90n6jAmljGr5XDqQLvpAe HTTP/1.1" 200 2
216.244.66.195 - - [28/Feb/2024:05:46:22 -0500] "GET /BLA/resoluciones/AUTOS%202023/1316.pdf HTTP/1.1" 200 424538
216.244.66.195 - - [28/Feb/2024:05:46:57 -0500] "GET /BLA/resoluciones/AUTOS%202023/1813.pdf HTTP/1.1" 200 447667
172.22.2.4 - - [28/Feb/2024:05:45:18 -0500] "HEAD /BLA/boletinlegal/ HTTP/1.1" 200 -
216.245.221.92 - - [28/Feb/2024:05:46:59 -0500] "HEAD / HTTP/1.1" 200 -
172.22.2.4 - - [28/Feb/2024:05:46:09 -0500] "GET /BLA/boletinlegal/ HTTP/1.1" 200 60730
201.245.192.253 - - [28/Feb/2024:05:47:56 -0500] "POST /forms/lservlet;jsessionid=ac16012b30d69ba41a1e83e54883a0bab3d468010a45.e3iSbxaKaheRe34NaNuLc30MaN90n6jAmljGr5XDqQLvpAe HTTP/1.1" 200 2
201.245.192.253 - - [28/Feb/2024:05:48:11 -0500] "POST /forms/lservlet;jsessionid=ac16012b30d696a80f5c07824c829f57858935da15a1.e3iSbxaKaheRe34NaNuLc30MaN90n6jAmljGr5XDqQLvpAe HTTP/1.1" 200 2
172.22.2.4 - - [28/Feb/2024:05:49:05 -0500] "GET /BLA/boletinlegal/ecp/Current/exporttool/microsoft.exchange.ediscovery.exporttool.application HTTP/1.1" 404 1018
172.22.2.4 - - [28/Feb/2024:05:49:30 -0500] "GET /BLA/boletinlegal/jurisprudencia/analisis/ANALISIST-257-96.docx HTTP/1.1" 200 19486
201.245.192.253 - - [28/Feb/2024:05:49:56 -0500] "POST /forms/lservlet;jsessionid=ac16012b30d69ba41a1e83e54883a0bab3d468010a45.e3iSbxaKaheRe34NaNuLc30MaN90n6jAmljGr5XDqQLvpAe HTTP/1.1" 200 2
201.245.192.253 - - [28/Feb/2024:05:50:11 -0500] "POST /forms/lservlet;jsessionid=ac16012b30d696a80f5c07824c829f57858935da15a1.e3iSbxaKaheRe34NaNuLc30MaN90n6jAmljGr5XDqQLvpAe HTTP/1.1" 200 2
201.245.192.253 - - [28/Feb/2024:05:50:35 -0500] "POST /kwsrmcab/Wsrmcab  HTTP/1.1" 200 39446
201.245.192.253 - - [28/Feb/2024:05:51:56 -0500] "POST /forms/lservlet;jsessionid=ac16012b30d69ba41a1e83e54883a0bab3d468010a45.e3iSbxaKaheRe34NaNuLc30MaN90n6jAmljGr5XDqQLvpAe HTTP/1.1" 200 2
216.245.221.92 - - [28/Feb/2024:05:51:59 -0500] "HEAD / HTTP/1.1" 200 -
201.245.192.253 - - [28/Feb/2024:05:52:11 -0500] "POST /forms/lservlet;jsessionid=ac16012b30d696a80f5c07824c829f57858935da15a1.e3iSbxaKaheRe34NaNuLc30MaN90n6jAmljGr5XDqQLvpAe HTTP/1.1" 200 2
172.22.2.4 - - [28/Feb/2024:05:51:08 -0500] "HEAD /BLA/boletinlegal/ HTTP/1.1" 200 -
172.22.2.4 - - [28/Feb/2024:05:51:59 -0500] "GET /BLA/boletinlegal/ HTTP/1.1" 200 60730
201.245.192.253 - - [28/Feb/2024:05:53:56 -0500] "POST /forms/lservlet;jsessionid=ac16012b30d69ba41a1e83e54883a0bab3d468010a45.e3iSbxaKaheRe34NaNuLc30MaN90n6jAmljGr5XDqQLvpAe HTTP/1.1" 200 2
201.245.192.253 - - [28/Feb/2024:05:54:11 -0500] "POST /forms/lservlet;jsessionid=ac16012b30d696a80f5c07824c829f57858935da15a1.e3iSbxaKaheRe34NaNuLc30MaN90n6jAmljGr5XDqQLvpAe HTTP/1.1" 200 2
201.245.192.253 - - [28/Feb/2024:05:55:34 -0500] "POST /kwsrmcab/Wsrmcab  HTTP/1.1" 200 39446
216.244.66.195 - - [28/Feb/2024:05:55:37 -0500] "GET /robots.txt HTTP/1.1" 404 1018
201.245.192.253 - - [28/Feb/2024:05:55:56 -0500] "POST /forms/lservlet;jsessionid=ac16012b30d69ba41a1e83e54883a0bab3d468010a45.e3iSbxaKaheRe34NaNuLc30MaN90n6jAmljGr5XDqQLvpAe HTTP/1.1" 200 2
201.245.192.253 - - [28/Feb/2024:05:56:11 -0500] "POST /forms/lservlet;jsessionid=ac16012b30d696a80f5c07824c829f57858935da15a1.e3iSbxaKaheRe34NaNuLc30MaN90n6jAmljGr5XDqQLvpAe HTTP/1.1" 200 2
199.16.157.182 - - [28/Feb/2024:05:56:15 -0500] "GET /robots.txt HTTP/1.1" 404 1034
199.16.157.182 - - [28/Feb/2024:05:56:15 -0500] "GET /images/pl%C3%A1sticos%20foto%201..jpg HTTP/1.1" 404 1034
216.245.221.92 - - [28/Feb/2024:05:56:59 -0500] "HEAD / HTTP/1.1" 200 -
201.245.192.253 - - [28/Feb/2024:05:57:56 -0500] "POST /forms/lservlet;jsessionid=ac16012b30d69ba41a1e83e54883a0bab3d468010a45.e3iSbxaKaheRe34NaNuLc30MaN90n6jAmljGr5XDqQLvpAe HTTP/1.1" 200 2
201.245.192.253 - - [28/Feb/2024:05:58:11 -0500] "POST /forms/lservlet;jsessionid=ac16012b30d696a80f5c07824c829f57858935da15a1.e3iSbxaKaheRe34NaNuLc30MaN90n6jAmljGr5XDqQLvpAe HTTP/1.1" 200 2
172.22.2.4 - - [28/Feb/2024:05:56:58 -0500] "HEAD /BLA/boletinlegal/ HTTP/1.1" 200 -
157.55.39.49 - - [28/Feb/2024:05:58:58 -0500] "GET /BLA/resoluciones/AUTOS%202020/3565.pdf HTTP/1.1" 200 360798
172.22.2.4 - - [28/Feb/2024:05:57:49 -0500] "GET /BLA/boletinlegal/ HTTP/1.1" 200 60730
201.245.192.253 - - [28/Feb/2024:05:59:56 -0500] "POST /forms/lservlet;jsessionid=ac16012b30d69ba41a1e83e54883a0bab3d468010a45.e3iSbxaKaheRe34NaNuLc30MaN90n6jAmljGr5XDqQLvpAe HTTP/1.1" 200 2
201.245.192.253 - - [28/Feb/2024:06:00:11 -0500] "POST /forms/lservlet;jsessionid=ac16012b30d696a80f5c07824c829f57858935da15a1.e3iSbxaKaheRe34NaNuLc30MaN90n6jAmljGr5XDqQLvpAe HTTP/1.1" 200 2
201.245.192.253 - - [28/Feb/2024:06:00:32 -0500] "POST /kwsrmcab/Wsrmcab  HTTP/1.1" 200 39446
148.153.45.238 - - [28/Feb/2024:06:01:38 -0500] "GET /izG2 HTTP/1.1" 404 1018
148.153.45.238 - - [28/Feb/2024:06:01:41 -0500] "GET /e1sT HTTP/1.1" 404 1018
148.153.45.238 - - [28/Feb/2024:06:01:42 -0500] "GET /aab8 HTTP/1.1" 404 1018
148.153.45.238 - - [28/Feb/2024:06:01:42 -0500] "GET /jquery-3.3.1.slim.min.js HTTP/1.1" 404 1018
148.153.45.238 - - [28/Feb/2024:06:01:43 -0500] "GET /aab9 HTTP/1.1" 404 1018
148.153.45.238 - - [28/Feb/2024:06:01:43 -0500] "GET /jquery-3.3.2.slim.min.js HTTP/1.1" 404 1018
201.245.192.253 - - [28/Feb/2024:06:01:56 -0500] "POST /forms/lservlet;jsessionid=ac16012b30d69ba41a1e83e54883a0bab3d468010a45.e3iSbxaKaheRe34NaNuLc30MaN90n6jAmljGr5XDqQLvpAe HTTP/1.1" 200 2
216.245.221.92 - - [28/Feb/2024:06:01:59 -0500] "HEAD / HTTP/1.1" 200 -
201.245.192.253 - - [28/Feb/2024:06:02:11 -0500] "POST /forms/lservlet;jsessionid=ac16012b30d696a80f5c07824c829f57858935da15a1.e3iSbxaKaheRe34NaNuLc30MaN90n6jAmljGr5XDqQLvpAe HTTP/1.1" 200 2
201.245.192.253 - - [28/Feb/2024:06:03:56 -0500] "POST /forms/lservlet;jsessionid=ac16012b30d69ba41a1e83e54883a0bab3d468010a45.e3iSbxaKaheRe34NaNuLc30MaN90n6jAmljGr5XDqQLvpAe HTTP/1.1" 200 2
201.245.192.253 - - [28/Feb/2024:06:04:11 -0500] "POST /forms/lservlet;jsessionid=ac16012b30d696a80f5c07824c829f57858935da15a1.e3iSbxaKaheRe34NaNuLc30MaN90n6jAmljGr5XDqQLvpAe HTTP/1.1" 200 2
172.22.2.4 - - [28/Feb/2024:06:02:48 -0500] "HEAD /BLA/boletinlegal/ HTTP/1.1" 200 -
66.249.66.20 - - [28/Feb/2024:06:04:53 -0500] "GET /IsolucionSDA/FrameSetArticulo.asp?Pagina=/IsolucionSDA/bancoconocimiento/D/DirectorioOrganizacionesdeCooperacion___v6/DirectorioOrganizacionesdeCooperacion___v6.asp?IdArticulo=10020 HTTP/1.1" 200 8133
172.22.2.4 - - [28/Feb/2024:06:03:39 -0500] "GET /BLA/boletinlegal/ HTTP/1.1" 200 59083
201.245.192.253 - - [28/Feb/2024:06:05:31 -0500] "POST /kwsrmcab/Wsrmcab  HTTP/1.1" 200 39446
80.66.88.211 - - [28/Feb/2024:06:05:44 -0500] "\x03" 400 226
201.245.192.253 - - [28/Feb/2024:06:05:56 -0500] "POST /forms/lservlet;jsessionid=ac16012b30d69ba41a1e83e54883a0bab3d468010a45.e3iSbxaKaheRe34NaNuLc30MaN90n6jAmljGr5XDqQLvpAe HTTP/1.1" 200 2
201.245.192.253 - - [28/Feb/2024:06:06:11 -0500] "POST /forms/lservlet;jsessionid=ac16012b30d696a80f5c07824c829f57858935da15a1.e3iSbxaKaheRe34NaNuLc30MaN90n6jAmljGr5XDqQLvpAe HTTP/1.1" 200 2
216.245.221.92 - - [28/Feb/2024:06:06:59 -0500] "HEAD / HTTP/1.1" 200 -
186.80.108.8 - - [28/Feb/2024:06:07:36 -0500] "GET /sipse/faces/faces/autenticacion.xhtml HTTP/1.1" 200 12730
186.80.108.8 - - [28/Feb/2024:06:07:36 -0500] "GET /sipse/faces/javax.faces.resource/layout/layout.css;jsessionid=spqnncwhqN1lKLQVNJkne81A.undefined?ln=primefaces&v=4.0 HTTP/1.1" 200 542
186.80.108.8 - - [28/Feb/2024:06:07:36 -0500] "GET /sipse/faces/javax.faces.resource/theme.css?ln=primefaces-sipse HTTP/1.1" 304 -
186.80.108.8 - - [28/Feb/2024:06:07:36 -0500] "GET /sipse/faces/javax.faces.resource/primefaces.css;jsessionid=spqnncwhqN1lKLQVNJkne81A.undefined?ln=primefaces&v=4.0 HTTP/1.1" 200 53295
186.80.108.8 - - [28/Feb/2024:06:07:36 -0500] "GET /sipse/faces/javax.faces.resource/layout/layout.js;jsessionid=spqnncwhqN1lKLQVNJkne81A.undefined?ln=primefaces&v=4.0 HTTP/1.1" 200 87560
186.80.108.8 - - [28/Feb/2024:06:07:36 -0500] "GET /sipse/faces/javax.faces.resource/jquery/jquery.js;jsessionid=spqnncwhqN1lKLQVNJkne81A.undefined?ln=primefaces&v=4.0 HTTP/1.1" 200 105384
186.80.108.8 - - [28/Feb/2024:06:07:36 -0500] "GET /sipse/faces/javax.faces.resource/primefaces.js;jsessionid=spqnncwhqN1lKLQVNJkne81A.undefined?ln=primefaces&v=4.0 HTTP/1.1" 200 276924
186.80.108.8 - - [28/Feb/2024:06:07:36 -0500] "GET /sipse/faces/javax.faces.resource/jquery/jquery-plugins.js;jsessionid=spqnncwhqN1lKLQVNJkne81A.undefined?ln=primefaces&v=4.0 HTTP/1.1" 200 220526
186.80.108.8 - - [28/Feb/2024:06:07:37 -0500] "GET /sipse/faces/javax.faces.resource/images/ui-icons_898989_256x240.png?ln=primefaces-aristo HTTP/1.1" 304 -
186.80.108.8 - - [28/Feb/2024:06:07:37 -0500] "GET /sipse/faces/faces/index.xhtml HTTP/1.1" 200 677
186.80.108.8 - - [28/Feb/2024:06:07:37 -0500] "GET /sipse/faces/javax.faces.resource/theme.css?ln=primefaces-sipse HTTP/1.1" 304 -
186.80.108.8 - - [28/Feb/2024:06:07:37 -0500] "GET /sipse/faces/faces/faces/autenticacion.xhtml HTTP/1.1" 200 12408
186.80.108.8 - - [28/Feb/2024:06:07:38 -0500] "GET /sipse/faces/javax.faces.resource/theme.css?ln=primefaces-sipse HTTP/1.1" 304 -
186.80.108.8 - - [28/Feb/2024:06:07:38 -0500] "GET /sipse/faces/javax.faces.resource/layout/layout.css?ln=primefaces&v=4.0 HTTP/1.1" 304 -
186.80.108.8 - - [28/Feb/2024:06:07:38 -0500] "GET /sipse/faces/javax.faces.resource/primefaces.js?ln=primefaces&v=4.0 HTTP/1.1" 304 -
186.80.108.8 - - [28/Feb/2024:06:07:38 -0500] "GET /sipse/faces/javax.faces.resource/jquery/jquery.js?ln=primefaces&v=4.0 HTTP/1.1" 304 -
186.80.108.8 - - [28/Feb/2024:06:07:38 -0500] "GET /sipse/faces/javax.faces.resource/primefaces.css?ln=primefaces&v=4.0 HTTP/1.1" 304 -
186.80.108.8 - - [28/Feb/2024:06:07:38 -0500] "GET /sipse/faces/javax.faces.resource/jquery/jquery-plugins.js?ln=primefaces&v=4.0 HTTP/1.1" 304 -
186.80.108.8 - - [28/Feb/2024:06:07:38 -0500] "GET /sipse/faces/javax.faces.resource/layout/layout.js?ln=primefaces&v=4.0 HTTP/1.1" 304 -
186.80.108.8 - - [28/Feb/2024:06:07:40 -0500] "POST /sipse/faces/autenticacion.xhtml HTTP/1.1" 200 11261
186.80.108.8 - - [28/Feb/2024:06:07:41 -0500] "GET /sipse/faces/javax.faces.resource/theme.css?ln=primefaces-sipse HTTP/1.1" 304 -
186.80.108.8 - - [28/Feb/2024:06:07:41 -0500] "GET /sipse/faces/javax.faces.resource/jquery/jquery.js?ln=primefaces&v=4.0 HTTP/1.1" 304 -
186.80.108.8 - - [28/Feb/2024:06:07:41 -0500] "GET /sipse/faces/javax.faces.resource/layout/layout.css?ln=primefaces&v=4.0 HTTP/1.1" 304 -
186.80.108.8 - - [28/Feb/2024:06:07:41 -0500] "GET /sipse/faces/javax.faces.resource/primefaces.css?ln=primefaces&v=4.0 HTTP/1.1" 304 -
186.80.108.8 - - [28/Feb/2024:06:07:41 -0500] "GET /sipse/faces/javax.faces.resource/jquery/jquery-plugins.js?ln=primefaces&v=4.0 HTTP/1.1" 304 -
186.80.108.8 - - [28/Feb/2024:06:07:41 -0500] "GET /sipse/faces/javax.faces.resource/primefaces.js?ln=primefaces&v=4.0 HTTP/1.1" 304 -
186.80.108.8 - - [28/Feb/2024:06:07:41 -0500] "GET /sipse/faces/javax.faces.resource/layout/layout.js?ln=primefaces&v=4.0 HTTP/1.1" 304 -
186.80.108.8 - - [28/Feb/2024:06:07:41 -0500] "GET /sipse/faces/javax.faces.resource/messages/messages.png?ln=primefaces&v=4.0 HTTP/1.1" 304 -
186.80.108.8 - - [28/Feb/2024:06:07:42 -0500] "GET /sipse/faces/javax.faces.resource/images/ui-icons_898989_256x240.png?ln=primefaces-aristo HTTP/1.1" 304 -
186.80.108.8 - - [28/Feb/2024:06:07:43 -0500] "POST /sipse/faces/presentacion/sistema/seguridad/seleccionRol.xhtml HTTP/1.1" 200 5624
186.80.108.8 - - [28/Feb/2024:06:07:44 -0500] "POST /sipse/faces/presentacion/sistema/seguridad/seleccionRol.xhtml HTTP/1.1" 200 15244
186.80.108.8 - - [28/Feb/2024:06:07:44 -0500] "GET /sipse/faces/javax.faces.resource/theme.css?ln=primefaces-sipse HTTP/1.1" 304 -
186.80.108.8 - - [28/Feb/2024:06:07:44 -0500] "GET /sipse/faces/javax.faces.resource/primefaces.css?ln=primefaces&v=4.0 HTTP/1.1" 304 -
186.80.108.8 - - [28/Feb/2024:06:07:44 -0500] "GET /sipse/faces/javax.faces.resource/layout/layout.css?ln=primefaces&v=4.0 HTTP/1.1" 304 -
186.80.108.8 - - [28/Feb/2024:06:07:44 -0500] "GET /sipse/faces/javax.faces.resource/jquery/jquery.js?ln=primefaces&v=4.0 HTTP/1.1" 304 -
186.80.108.8 - - [28/Feb/2024:06:07:44 -0500] "GET /sipse/faces/javax.faces.resource/jquery/jquery-plugins.js?ln=primefaces&v=4.0 HTTP/1.1" 304 -
186.80.108.8 - - [28/Feb/2024:06:07:44 -0500] "GET /sipse/faces/javax.faces.resource/primefaces.js?ln=primefaces&v=4.0 HTTP/1.1" 304 -
186.80.108.8 - - [28/Feb/2024:06:07:44 -0500] "GET /sipse/faces/javax.faces.resource/layout/layout.js?ln=primefaces&v=4.0 HTTP/1.1" 304 -
186.80.108.8 - - [28/Feb/2024:06:07:44 -0500] "GET /sipse/css/imagen/contrasena.png HTTP/1.1" 404 383
186.80.108.8 - - [28/Feb/2024:06:07:46 -0500] "GET /sipse/faces/javax.faces.resource/images/ui-bg_flat_0_2d5972_40x100.png?ln=primefaces-aristo HTTP/1.1" 304 -
186.80.108.8 - - [28/Feb/2024:06:07:46 -0500] "POST /sipse/faces/bienvenido.xhtml HTTP/1.1" 200 3246
186.80.108.8 - - [28/Feb/2024:06:07:47 -0500] "POST /sipse/faces/bienvenido.xhtml HTTP/1.1" 200 63492
186.80.108.8 - - [28/Feb/2024:06:07:47 -0500] "GET /sipse/faces/javax.faces.resource/theme.css?ln=primefaces-sipse HTTP/1.1" 304 -
186.80.108.8 - - [28/Feb/2024:06:07:47 -0500] "GET /sipse/faces/javax.faces.resource/primefaces.css?ln=primefaces&v=4.0 HTTP/1.1" 304 -
186.80.108.8 - - [28/Feb/2024:06:07:47 -0500] "GET /sipse/faces/javax.faces.resource/layout/layout.css?ln=primefaces&v=4.0 HTTP/1.1" 304 -
186.80.108.8 - - [28/Feb/2024:06:07:47 -0500] "GET /sipse/faces/javax.faces.resource/jquery/jquery.js?ln=primefaces&v=4.0 HTTP/1.1" 304 -
186.80.108.8 - - [28/Feb/2024:06:07:47 -0500] "GET /sipse/faces/javax.faces.resource/jquery/jquery-plugins.js?ln=primefaces&v=4.0 HTTP/1.1" 304 -
186.80.108.8 - - [28/Feb/2024:06:07:47 -0500] "GET /sipse/faces/javax.faces.resource/primefaces.js?ln=primefaces&v=4.0 HTTP/1.1" 304 -
186.80.108.8 - - [28/Feb/2024:06:07:47 -0500] "GET /sipse/faces/javax.faces.resource/layout/layout.js?ln=primefaces&v=4.0 HTTP/1.1" 304 -
186.80.108.8 - - [28/Feb/2024:06:07:48 -0500] "POST /sipse/faces/presentacion/financiero/solicitudProceso/listarSolicitudProceso.xhtml HTTP/1.1" 200 1556
201.245.192.253 - - [28/Feb/2024:06:07:56 -0500] "POST /forms/lservlet;jsessionid=ac16012b30d69ba41a1e83e54883a0bab3d468010a45.e3iSbxaKaheRe34NaNuLc30MaN90n6jAmljGr5XDqQLvpAe HTTP/1.1" 200 2
186.80.108.8 - - [28/Feb/2024:06:07:58 -0500] "POST /sipse/faces/presentacion/financiero/solicitudProceso/listarSolicitudProceso.xhtml HTTP/1.1" 200 27113
66.249.93.228 - - [28/Feb/2024:06:07:59 -0500] "GET /portaldeninos/wp-content/uploads/2019/08/Incendios-forestales-ajustada.gif HTTP/1.1" 200 764832
201.245.192.253 - - [28/Feb/2024:06:08:11 -0500] "POST /forms/lservlet;jsessionid=ac16012b30d696a80f5c07824c829f57858935da15a1.e3iSbxaKaheRe34NaNuLc30MaN90n6jAmljGr5XDqQLvpAe HTTP/1.1" 200 2
186.80.108.8 - - [28/Feb/2024:06:09:14 -0500] "POST /sipse/faces/presentacion/financiero/solicitudProceso/listarSolicitudProceso.xhtml HTTP/1.1" 200 124895
186.80.108.8 - - [28/Feb/2024:06:09:15 -0500] "GET /sipse/faces/javax.faces.resource/theme.css?ln=primefaces-sipse HTTP/1.1" 304 -
186.80.108.8 - - [28/Feb/2024:06:09:15 -0500] "GET /sipse/faces/javax.faces.resource/primefaces.css?ln=primefaces&v=4.0 HTTP/1.1" 304 -
186.80.108.8 - - [28/Feb/2024:06:09:15 -0500] "GET /sipse/faces/javax.faces.resource/layout/layout.css?ln=primefaces&v=4.0 HTTP/1.1" 304 -
186.80.108.8 - - [28/Feb/2024:06:09:15 -0500] "GET /sipse/faces/javax.faces.resource/jquery/jquery.js?ln=primefaces&v=4.0 HTTP/1.1" 304 -
186.80.108.8 - - [28/Feb/2024:06:09:15 -0500] "GET /sipse/faces/javax.faces.resource/jquery/jquery-plugins.js?ln=primefaces&v=4.0 HTTP/1.1" 304 -
186.80.108.8 - - [28/Feb/2024:06:09:15 -0500] "GET /sipse/faces/javax.faces.resource/primefaces.js?ln=primefaces&v=4.0 HTTP/1.1" 304 -
186.80.108.8 - - [28/Feb/2024:06:09:15 -0500] "GET /sipse/faces/javax.faces.resource/layout/layout.js?ln=primefaces&v=4.0 HTTP/1.1" 304 -
186.80.108.8 - - [28/Feb/2024:06:09:20 -0500] "POST /sipse/faces/presentacion/financiero/solicitudProceso/consultarSolicitudProceso.xhtml HTTP/1.1" 200 5503
81.181.55.108 - - [28/Feb/2024:06:09:30 -0500] "GET /wp-login.php HTTP/1.1" 404 1018
201.245.192.253 - - [28/Feb/2024:06:09:56 -0500] "POST /forms/lservlet;jsessionid=ac16012b30d69ba41a1e83e54883a0bab3d468010a45.e3iSbxaKaheRe34NaNuLc30MaN90n6jAmljGr5XDqQLvpAe HTTP/1.1" 200 2
216.244.66.195 - - [28/Feb/2024:06:09:58 -0500] "GET /BLA/resoluciones/AUTOS%202023/2284.pdf HTTP/1.1" 200 2148059
201.245.192.253 - - [28/Feb/2024:06:10:11 -0500] "POST /forms/lservlet;jsessionid=ac16012b30d696a80f5c07824c829f57858935da15a1.e3iSbxaKaheRe34NaNuLc30MaN90n6jAmljGr5XDqQLvpAe HTTP/1.1" 200 2
172.22.2.4 - - [28/Feb/2024:06:08:38 -0500] "HEAD /BLA/boletinlegal/ HTTP/1.1" 200 -
173.252.107.6 - - [28/Feb/2024:06:10:20 -0500] "GET /distrito-declara-alerta-zonal-por-deterioro-de-calidad-de-aire-y-toma-nuevas-decisiones-en-materia-de-movilidad.html HTTP/1.1" 200 860
173.252.107.8 - - [28/Feb/2024:06:10:20 -0500] "GET /distrito-declara-alerta-zonal-por-deterioro-de-calidad-de-aire-y-toma-nuevas-decisiones-en-materia-de-movilidad.html HTTP/1.1" 200 860
216.244.66.195 - - [28/Feb/2024:06:10:29 -0500] "GET /BLA/resoluciones/AUTOS%202023/3306.pdf HTTP/1.1" 200 839604
201.245.192.253 - - [28/Feb/2024:06:10:30 -0500] "POST /kwsrmcab/Wsrmcab  HTTP/1.1" 200 39446
186.80.108.8 - - [28/Feb/2024:06:10:40 -0500] "POST /sipse/faces/presentacion/financiero/solicitudProceso/consultarSolicitudProceso.xhtml HTTP/1.1" 200 61159
186.80.108.8 - - [28/Feb/2024:06:10:40 -0500] "GET /sipse/faces/javax.faces.resource/theme.css?ln=primefaces-sipse HTTP/1.1" 304 -
186.80.108.8 - - [28/Feb/2024:06:10:40 -0500] "GET /sipse/faces/javax.faces.resource/primefaces.css?ln=primefaces&v=4.0 HTTP/1.1" 304 -
186.80.108.8 - - [28/Feb/2024:06:10:40 -0500] "GET /sipse/faces/javax.faces.resource/layout/layout.css?ln=primefaces&v=4.0 HTTP/1.1" 304 -
186.80.108.8 - - [28/Feb/2024:06:10:40 -0500] "GET /sipse/faces/javax.faces.resource/jquery/jquery.js?ln=primefaces&v=4.0 HTTP/1.1" 304 -
186.80.108.8 - - [28/Feb/2024:06:10:40 -0500] "GET /sipse/faces/javax.faces.resource/primefaces.js?ln=primefaces&v=4.0 HTTP/1.1" 304 -
186.80.108.8 - - [28/Feb/2024:06:10:40 -0500] "GET /sipse/faces/javax.faces.resource/jquery/jquery-plugins.js?ln=primefaces&v=4.0 HTTP/1.1" 304 -
186.80.108.8 - - [28/Feb/2024:06:10:40 -0500] "GET /sipse/faces/javax.faces.resource/layout/layout.js?ln=primefaces&v=4.0 HTTP/1.1" 304 -
186.80.108.8 - - [28/Feb/2024:06:10:40 -0500] "POST /sipse/faces/presentacion/financiero/solicitudProceso/listarSolicitudProceso.xhtml HTTP/1.1" 200 1540
186.80.108.8 - - [28/Feb/2024:06:10:41 -0500] "POST /sipse/faces/presentacion/financiero/solicitudProceso/listarSolicitudProceso.xhtml HTTP/1.1" 200 1544
186.80.108.8 - - [28/Feb/2024:06:10:53 -0500] "POST /sipse/faces/presentacion/financiero/solicitudProceso/listarSolicitudProceso.xhtml HTTP/1.1" 200 123275
186.80.108.8 - - [28/Feb/2024:06:10:54 -0500] "GET /sipse/faces/javax.faces.resource/theme.css?ln=primefaces-sipse HTTP/1.1" 304 -
186.80.108.8 - - [28/Feb/2024:06:10:54 -0500] "GET /sipse/faces/javax.faces.resource/primefaces.css?ln=primefaces&v=4.0 HTTP/1.1" 304 -
186.80.108.8 - - [28/Feb/2024:06:10:54 -0500] "GET /sipse/faces/javax.faces.resource/layout/layout.css?ln=primefaces&v=4.0 HTTP/1.1" 304 -
186.80.108.8 - - [28/Feb/2024:06:10:54 -0500] "GET /sipse/faces/javax.faces.resource/jquery/jquery.js?ln=primefaces&v=4.0 HTTP/1.1" 304 -
186.80.108.8 - - [28/Feb/2024:06:10:55 -0500] "GET /sipse/faces/javax.faces.resource/jquery/jquery-plugins.js?ln=primefaces&v=4.0 HTTP/1.1" 304 -
186.80.108.8 - - [28/Feb/2024:06:10:55 -0500] "GET /sipse/faces/javax.faces.resource/primefaces.js?ln=primefaces&v=4.0 HTTP/1.1" 304 -
186.80.108.8 - - [28/Feb/2024:06:10:55 -0500] "GET /sipse/faces/javax.faces.resource/layout/layout.js?ln=primefaces&v=4.0 HTTP/1.1" 304 -
186.80.108.8 - - [28/Feb/2024:06:11:06 -0500] "POST /sipse/faces/presentacion/financiero/solicitudProceso/consultarSolicitudProceso.xhtml HTTP/1.1" 200 5503
172.22.2.4 - - [28/Feb/2024:06:09:29 -0500] "GET /BLA/boletinlegal/ HTTP/1.1" 200 60730
201.245.192.253 - - [28/Feb/2024:06:11:56 -0500] "POST /forms/lservlet;jsessionid=ac16012b30d69ba41a1e83e54883a0bab3d468010a45.e3iSbxaKaheRe34NaNuLc30MaN90n6jAmljGr5XDqQLvpAe HTTP/1.1" 200 2
216.245.221.92 - - [28/Feb/2024:06:11:59 -0500] "HEAD / HTTP/1.1" 200 -
201.245.192.253 - - [28/Feb/2024:06:12:11 -0500] "POST /forms/lservlet;jsessionid=ac16012b30d696a80f5c07824c829f57858935da15a1.e3iSbxaKaheRe34NaNuLc30MaN90n6jAmljGr5XDqQLvpAe HTTP/1.1" 200 2
172.22.2.4 - - [28/Feb/2024:06:12:35 -0500] "GET /BLA/boletinlegal/actos.php HTTP/1.1" 200 9738
172.22.2.4 - - [28/Feb/2024:06:12:35 -0500] "GET /BLA/boletinlegal/styles2.css HTTP/1.1" 200 1838
172.22.2.4 - - [28/Feb/2024:06:12:35 -0500] "GET /BLA/boletinlegal/js/ajax_actos.js HTTP/1.1" 200 1322
172.22.2.4 - - [28/Feb/2024:06:12:35 -0500] "GET /BLA/boletinlegal/niceforms-default.css HTTP/1.1" 200 6694
172.22.2.4 - - [28/Feb/2024:06:12:35 -0500] "GET /BLA/boletinlegal/niceforms.js HTTP/1.1" 200 22876
172.22.2.4 - - [28/Feb/2024:06:12:35 -0500] "GET /BLA/boletinlegal/style.css HTTP/1.1" 200 9406
172.22.2.4 - - [28/Feb/2024:06:12:35 -0500] "GET /BLA/boletinlegal/js/lib.js HTTP/1.1" 200 6474
172.22.2.4 - - [28/Feb/2024:06:12:35 -0500] "GET /BLA/boletinlegal/js/popup.js HTTP/1.1" 200 1270
172.22.2.4 - - [28/Feb/2024:06:12:35 -0500] "GET /BLA/boletinlegal/js/jquery1.js HTTP/1.1" 200 29846
172.22.2.4 - - [28/Feb/2024:06:12:35 -0500] "GET /BLA/boletinlegal/images/cabezote%20BLEGAL.jpg HTTP/1.1" 200 118164
172.22.2.4 - - [28/Feb/2024:06:12:35 -0500] "GET /BLA/boletinlegal/images/subscribe-icon-big.png HTTP/1.1" 200 47702
172.22.2.4 - - [28/Feb/2024:06:12:35 -0500] "GET /BLA/boletinlegal/images/historia.png HTTP/1.1" 200 52775
172.22.2.4 - - [28/Feb/2024:06:12:35 -0500] "GET /BLA/boletinlegal/images/body_bg.jpg HTTP/1.1" 200 1601
172.22.2.4 - - [28/Feb/2024:06:12:35 -0500] "GET /BLA/boletinlegal/images/footer_bg.jpg HTTP/1.1" 200 586
172.22.2.4 - - [28/Feb/2024:06:12:35 -0500] "GET /BLA/boletinlegal/images/menu_lft.gif HTTP/1.1" 200 1713
172.22.2.4 - - [28/Feb/2024:06:12:35 -0500] "GET /BLA/boletinlegal/images/menu_rght.gif HTTP/1.1" 200 1627
172.22.2.4 - - [28/Feb/2024:06:12:35 -0500] "GET /BLA/boletinlegal/images/bg_top.jpg HTTP/1.1" 200 522
172.22.2.4 - - [28/Feb/2024:06:12:35 -0500] "GET /BLA/boletinlegal/images/menu_bg.jpg HTTP/1.1" 200 620
172.22.2.4 - - [28/Feb/2024:06:12:35 -0500] "GET /BLA/boletinlegal/images/text.jpg HTTP/1.1" 200 568
172.22.2.4 - - [28/Feb/2024:06:12:35 -0500] "GET /BLA/boletinlegal/images/footer_bg_l.jpg HTTP/1.1" 200 776
172.22.2.4 - - [28/Feb/2024:06:12:35 -0500] "GET /BLA/boletinlegal/images/hover.jpg HTTP/1.1" 200 640
172.22.2.4 - - [28/Feb/2024:06:12:35 -0500] "GET /BLA/boletinlegal/images/green-yellow-blue-pink-th.png HTTP/1.1" 200 7394
172.22.2.4 - - [28/Feb/2024:06:12:35 -0500] "GET /BLA/boletinlegal/images/registro-usuarios.png HTTP/1.1" 200 8106
172.22.2.4 - - [28/Feb/2024:06:12:35 -0500] "GET /BLA/boletinlegal/images/tel.png HTTP/1.1" 200 14477
172.22.2.4 - - [28/Feb/2024:06:12:35 -0500] "GET /BLA/boletinlegal/images/icono-email.png HTTP/1.1" 200 5544
186.80.108.8 - - [28/Feb/2024:06:12:35 -0500] "GET /sipse/faces/javax.faces.resource/theme.css?ln=primefaces-sipse HTTP/1.1" 304 -
186.80.108.8 - - [28/Feb/2024:06:12:35 -0500] "GET /sipse/faces/javax.faces.resource/layout/layout.css?ln=primefaces&v=4.0 HTTP/1.1" 304 -
186.80.108.8 - - [28/Feb/2024:06:12:35 -0500] "GET /sipse/faces/javax.faces.resource/primefaces.js?ln=primefaces&v=4.0 HTTP/1.1" 304 -
186.80.108.8 - - [28/Feb/2024:06:12:35 -0500] "GET /sipse/faces/javax.faces.resource/jquery/jquery.js?ln=primefaces&v=4.0 HTTP/1.1" 304 -
186.80.108.8 - - [28/Feb/2024:06:12:35 -0500] "GET /sipse/faces/javax.faces.resource/primefaces.css?ln=primefaces&v=4.0 HTTP/1.1" 304 -
186.80.108.8 - - [28/Feb/2024:06:12:35 -0500] "POST /sipse/faces/presentacion/financiero/solicitudProceso/consultarSolicitudProceso.xhtml HTTP/1.1" 200 61159
186.80.108.8 - - [28/Feb/2024:06:12:35 -0500] "GET /sipse/faces/javax.faces.resource/jquery/jquery-plugins.js?ln=primefaces&v=4.0 HTTP/1.1" 304 -
172.22.2.4 - - [28/Feb/2024:06:12:36 -0500] "GET /BLA/boletinlegal/img/select-right.png HTTP/1.1" 200 44019
172.22.2.4 - - [28/Feb/2024:06:12:36 -0500] "GET /BLA/boletinlegal/img/0.png HTTP/1.1" 200 110
172.22.2.4 - - [28/Feb/2024:06:12:36 -0500] "GET /BLA/boletinlegal/img/select-left.png HTTP/1.1" 200 263
172.22.2.4 - - [28/Feb/2024:06:12:36 -0500] "GET /BLA/boletinlegal/img/button.png HTTP/1.1" 200 43241
172.22.2.4 - - [28/Feb/2024:06:12:36 -0500] "GET /BLA/boletinlegal/img/button-left.png HTTP/1.1" 200 57071
172.22.2.4 - - [28/Feb/2024:06:12:36 -0500] "GET /BLA/boletinlegal/img/button-right.png HTTP/1.1" 200 57878
186.80.108.8 - - [28/Feb/2024:06:12:36 -0500] "GET /sipse/faces/javax.faces.resource/layout/layout.js?ln=primefaces&v=4.0 HTTP/1.1" 304 -
186.80.108.8 - - [28/Feb/2024:06:12:36 -0500] "POST /sipse/faces/presentacion/financiero/solicitudProceso/listarSolicitudProceso.xhtml HTTP/1.1" 200 1540
186.80.108.8 - - [28/Feb/2024:06:12:36 -0500] "POST /sipse/faces/presentacion/financiero/solicitudProceso/listarSolicitudProceso.xhtml HTTP/1.1" 200 1544
186.80.108.8 - - [28/Feb/2024:06:12:38 -0500] "POST /sipse/faces/presentacion/financiero/solicitudProceso/listarSolicitudProceso.xhtml HTTP/1.1" 200 32336
186.80.108.8 - - [28/Feb/2024:06:13:45 -0500] "POST /sipse/faces/presentacion/financiero/solicitudProceso/listarSolicitudProceso.xhtml HTTP/1.1" 200 149585
186.80.108.8 - - [28/Feb/2024:06:13:47 -0500] "GET /sipse/faces/javax.faces.resource/theme.css?ln=primefaces-sipse HTTP/1.1" 304 -
186.80.108.8 - - [28/Feb/2024:06:13:48 -0500] "GET /sipse/faces/javax.faces.resource/layout/layout.css?ln=primefaces&v=4.0 HTTP/1.1" 304 -
186.80.108.8 - - [28/Feb/2024:06:13:48 -0500] "GET /sipse/faces/javax.faces.resource/jquery/jquery.js?ln=primefaces&v=4.0 HTTP/1.1" 304 -
186.80.108.8 - - [28/Feb/2024:06:13:48 -0500] "GET /sipse/faces/javax.faces.resource/primefaces.css?ln=primefaces&v=4.0 HTTP/1.1" 304 -
186.80.108.8 - - [28/Feb/2024:06:13:48 -0500] "GET /sipse/faces/javax.faces.resource/jquery/jquery-plugins.js?ln=primefaces&v=4.0 HTTP/1.1" 304 -
186.80.108.8 - - [28/Feb/2024:06:13:48 -0500] "GET /sipse/faces/javax.faces.resource/primefaces.js?ln=primefaces&v=4.0 HTTP/1.1" 304 -
186.80.108.8 - - [28/Feb/2024:06:13:48 -0500] "GET /sipse/faces/javax.faces.resource/layout/layout.js?ln=primefaces&v=4.0 HTTP/1.1" 304 -
186.80.108.8 - - [28/Feb/2024:06:13:52 -0500] "POST /sipse/faces/presentacion/financiero/solicitudProceso/consultarSolicitudProceso.xhtml HTTP/1.1" 200 277030
201.245.192.253 - - [28/Feb/2024:06:13:56 -0500] "POST /forms/lservlet;jsessionid=ac16012b30d69ba41a1e83e54883a0bab3d468010a45.e3iSbxaKaheRe34NaNuLc30MaN90n6jAmljGr5XDqQLvpAe HTTP/1.1" 200 2
201.245.192.253 - - [28/Feb/2024:06:14:11 -0500] "POST /forms/lservlet;jsessionid=ac16012b30d696a80f5c07824c829f57858935da15a1.e3iSbxaKaheRe34NaNuLc30MaN90n6jAmljGr5XDqQLvpAe HTTP/1.1" 200 2
3.231.65.233 - - [28/Feb/2024:06:15:29 -0500] "GET /Publicaciones/2022EE240052.pdf HTTP/1.1" 404 228
65.154.226.167 - - [28/Feb/2024:06:15:31 -0500] "GET /Publicaciones/2022EE240052.pdf HTTP/1.1" 404 228
201.245.192.253 - - [28/Feb/2024:06:15:29 -0500] "POST /kwsrmcab/Wsrmcab  HTTP/1.1" 200 39446
186.80.108.8 - - [28/Feb/2024:06:15:49 -0500] "GET /sipse/faces/javax.faces.resource/theme.css?ln=primefaces-sipse HTTP/1.1" 304 -
186.80.108.8 - - [28/Feb/2024:06:15:48 -0500] "POST /sipse/faces/presentacion/financiero/solicitudProceso/consultarSolicitudProceso.xhtml HTTP/1.1" 200 66406
186.80.108.8 - - [28/Feb/2024:06:15:49 -0500] "GET /sipse/faces/javax.faces.resource/primefaces.js?ln=primefaces&v=4.0 HTTP/1.1" 304 -
186.80.108.8 - - [28/Feb/2024:06:15:49 -0500] "GET /sipse/faces/javax.faces.resource/primefaces.css?ln=primefaces&v=4.0 HTTP/1.1" 304 -
186.80.108.8 - - [28/Feb/2024:06:15:49 -0500] "GET /sipse/faces/javax.faces.resource/layout/layout.css?ln=primefaces&v=4.0 HTTP/1.1" 304 -
186.80.108.8 - - [28/Feb/2024:06:15:49 -0500] "GET /sipse/faces/javax.faces.resource/jquery/jquery.js?ln=primefaces&v=4.0 HTTP/1.1" 304 -
186.80.108.8 - - [28/Feb/2024:06:15:49 -0500] "GET /sipse/faces/javax.faces.resource/jquery/jquery-plugins.js?ln=primefaces&v=4.0 HTTP/1.1" 304 -
186.80.108.8 - - [28/Feb/2024:06:15:49 -0500] "GET /sipse/faces/javax.faces.resource/layout/layout.js?ln=primefaces&v=4.0 HTTP/1.1" 304 -
186.80.108.8 - - [28/Feb/2024:06:15:49 -0500] "POST /sipse/faces/presentacion/financiero/solicitudProceso/listarSolicitudProceso.xhtml HTTP/1.1" 200 1556
186.80.108.8 - - [28/Feb/2024:06:15:49 -0500] "POST /sipse/faces/presentacion/financiero/solicitudProceso/listarSolicitudProceso.xhtml HTTP/1.1" 200 1552
201.245.192.253 - - [28/Feb/2024:06:15:56 -0500] "POST /forms/lservlet;jsessionid=ac16012b30d69ba41a1e83e54883a0bab3d468010a45.e3iSbxaKaheRe34NaNuLc30MaN90n6jAmljGr5XDqQLvpAe HTTP/1.1" 200 2
172.22.2.4 - - [28/Feb/2024:06:14:28 -0500] "HEAD /BLA/boletinlegal/ HTTP/1.1" 200 -
201.245.192.253 - - [28/Feb/2024:06:16:11 -0500] "POST /forms/lservlet;jsessionid=ac16012b30d696a80f5c07824c829f57858935da15a1.e3iSbxaKaheRe34NaNuLc30MaN90n6jAmljGr5XDqQLvpAe HTTP/1.1" 200 2
69.63.189.117 - - [28/Feb/2024:06:16:13 -0500] "GET /la-moda-circular-es-tendencia-nueva-apuesta-para-avanzar-en-la-sostenibilidad-del-sector-en-bogota.html HTTP/1.1" 200 796
69.63.189.1 - - [28/Feb/2024:06:16:14 -0500] "GET /robots.txt HTTP/1.1" 404 1034
172.22.2.4 - - [28/Feb/2024:06:15:19 -0500] "GET /BLA/boletinlegal/ HTTP/1.1" 200 59083
216.245.221.92 - - [28/Feb/2024:06:16:59 -0500] "HEAD / HTTP/1.1" 200 -
201.245.192.253 - - [28/Feb/2024:06:17:56 -0500] "POST /forms/lservlet;jsessionid=ac16012b30d69ba41a1e83e54883a0bab3d468010a45.e3iSbxaKaheRe34NaNuLc30MaN90n6jAmljGr5XDqQLvpAe HTTP/1.1" 200 2
201.245.192.253 - - [28/Feb/2024:06:18:11 -0500] "POST /forms/lservlet;jsessionid=ac16012b30d696a80f5c07824c829f57858935da15a1.e3iSbxaKaheRe34NaNuLc30MaN90n6jAmljGr5XDqQLvpAe HTTP/1.1" 200 2
40.77.167.53 - - [28/Feb/2024:06:19:40 -0500] "GET /BLA/resoluciones/AUTOS%202021/1697.pdf HTTP/1.1" 304 -
201.245.192.253 - - [28/Feb/2024:06:19:45 -0500] "POST /kwsrmcab/Wsrmcab HTTP/1.1" 200 39627
201.245.192.253 - - [28/Feb/2024:06:19:48 -0500] "POST /kwsrmcab/Wsrmcab HTTP/1.1" 200 37304
201.245.192.253 - - [28/Feb/2024:06:19:56 -0500] "POST /forms/lservlet;jsessionid=ac16012b30d69ba41a1e83e54883a0bab3d468010a45.e3iSbxaKaheRe34NaNuLc30MaN90n6jAmljGr5XDqQLvpAe HTTP/1.1" 200 2
201.245.192.253 - - [28/Feb/2024:06:19:57 -0500] "POST /kwsrmcab/Wsrmcab HTTP/1.1" 200 39466
201.245.192.253 - - [28/Feb/2024:06:20:11 -0500] "POST /forms/lservlet;jsessionid=ac16012b30d696a80f5c07824c829f57858935da15a1.e3iSbxaKaheRe34NaNuLc30MaN90n6jAmljGr5XDqQLvpAe HTTP/1.1" 200 2
201.245.192.253 - - [28/Feb/2024:06:20:28 -0500] "POST /kwsrmcab/Wsrmcab  HTTP/1.1" 200 39446
201.245.192.253 - - [28/Feb/2024:06:20:44 -0500] "POST /kwsrmcab/Wsrmcab HTTP/1.1" 200 37304
186.80.108.8 - - [28/Feb/2024:06:20:55 -0500] "POST /sipse/faces/presentacion/financiero/solicitudProceso/listarSolicitudProceso.xhtml HTTP/1.1" 200 153565
186.80.108.8 - - [28/Feb/2024:06:20:57 -0500] "GET /sipse/faces/javax.faces.resource/theme.css?ln=primefaces-sipse HTTP/1.1" 304 -
186.80.108.8 - - [28/Feb/2024:06:20:57 -0500] "GET /sipse/faces/javax.faces.resource/primefaces.css?ln=primefaces&v=4.0 HTTP/1.1" 304 -
186.80.108.8 - - [28/Feb/2024:06:20:57 -0500] "GET /sipse/faces/javax.faces.resource/layout/layout.css?ln=primefaces&v=4.0 HTTP/1.1" 304 -
186.80.108.8 - - [28/Feb/2024:06:20:57 -0500] "GET /sipse/faces/javax.faces.resource/jquery/jquery.js?ln=primefaces&v=4.0 HTTP/1.1" 304 -
186.80.108.8 - - [28/Feb/2024:06:20:57 -0500] "GET /sipse/faces/javax.faces.resource/jquery/jquery-plugins.js?ln=primefaces&v=4.0 HTTP/1.1" 304 -
186.80.108.8 - - [28/Feb/2024:06:20:57 -0500] "GET /sipse/faces/javax.faces.resource/primefaces.js?ln=primefaces&v=4.0 HTTP/1.1" 304 -
186.80.108.8 - - [28/Feb/2024:06:20:58 -0500] "GET /sipse/faces/javax.faces.resource/layout/layout.js?ln=primefaces&v=4.0 HTTP/1.1" 304 -
186.80.108.8 - - [28/Feb/2024:06:21:01 -0500] "POST /sipse/faces/presentacion/financiero/solicitudProceso/consultarSolicitudProceso.xhtml HTTP/1.1" 200 85771
173.252.95.120 - - [28/Feb/2024:06:21:47 -0500] "GET /images/Sello%201%20JA-2.jpeg HTTP/1.1" 200 42236
66.249.66.19 - - [28/Feb/2024:06:21:51 -0500] "GET /Publicaciones/2023EE29917.pdf HTTP/1.1" 404 227
201.245.192.253 - - [28/Feb/2024:06:21:56 -0500] "POST /forms/lservlet;jsessionid=ac16012b30d69ba41a1e83e54883a0bab3d468010a45.e3iSbxaKaheRe34NaNuLc30MaN90n6jAmljGr5XDqQLvpAe HTTP/1.1" 200 2
172.22.2.4 - - [28/Feb/2024:06:20:18 -0500] "HEAD /BLA/boletinlegal/ HTTP/1.1" 200 -
216.245.221.92 - - [28/Feb/2024:06:21:59 -0500] "HEAD / HTTP/1.1" 200 -
201.245.192.253 - - [28/Feb/2024:06:22:11 -0500] "POST /forms/lservlet;jsessionid=ac16012b30d696a80f5c07824c829f57858935da15a1.e3iSbxaKaheRe34NaNuLc30MaN90n6jAmljGr5XDqQLvpAe HTTP/1.1" 200 2
186.80.108.8 - - [28/Feb/2024:06:22:16 -0500] "GET /sipse/faces/javax.faces.resource/theme.css?ln=primefaces-sipse HTTP/1.1" 304 -
186.80.108.8 - - [28/Feb/2024:06:22:15 -0500] "POST /sipse/faces/presentacion/financiero/solicitudProceso/consultarSolicitudProceso.xhtml HTTP/1.1" 200 66406
186.80.108.8 - - [28/Feb/2024:06:22:16 -0500] "GET /sipse/faces/javax.faces.resource/primefaces.css?ln=primefaces&v=4.0 HTTP/1.1" 304 -
186.80.108.8 - - [28/Feb/2024:06:22:16 -0500] "GET /sipse/faces/javax.faces.resource/layout/layout.css?ln=primefaces&v=4.0 HTTP/1.1" 304 -
186.80.108.8 - - [28/Feb/2024:06:22:16 -0500] "GET /sipse/faces/javax.faces.resource/jquery/jquery.js?ln=primefaces&v=4.0 HTTP/1.1" 304 -
186.80.108.8 - - [28/Feb/2024:06:22:16 -0500] "GET /sipse/faces/javax.faces.resource/jquery/jquery-plugins.js?ln=primefaces&v=4.0 HTTP/1.1" 304 -
186.80.108.8 - - [28/Feb/2024:06:22:16 -0500] "GET /sipse/faces/javax.faces.resource/primefaces.js?ln=primefaces&v=4.0 HTTP/1.1" 304 -
186.80.108.8 - - [28/Feb/2024:06:22:16 -0500] "GET /sipse/faces/javax.faces.resource/layout/layout.js?ln=primefaces&v=4.0 HTTP/1.1" 304 -
186.80.108.8 - - [28/Feb/2024:06:22:16 -0500] "POST /sipse/faces/presentacion/financiero/solicitudProceso/listarSolicitudProceso.xhtml HTTP/1.1" 200 1556
186.80.108.8 - - [28/Feb/2024:06:22:17 -0500] "POST /sipse/faces/presentacion/financiero/solicitudProceso/listarSolicitudProceso.xhtml HTTP/1.1" 200 1552
186.80.108.8 - - [28/Feb/2024:06:22:39 -0500] "POST /sipse/faces/presentacion/financiero/solicitudProceso/listarSolicitudProceso.xhtml HTTP/1.1" 200 146558
186.80.108.8 - - [28/Feb/2024:06:22:41 -0500] "GET /sipse/faces/javax.faces.resource/theme.css?ln=primefaces-sipse HTTP/1.1" 304 -
186.80.108.8 - - [28/Feb/2024:06:22:41 -0500] "GET /sipse/faces/javax.faces.resource/layout/layout.css?ln=primefaces&v=4.0 HTTP/1.1" 304 -
186.80.108.8 - - [28/Feb/2024:06:22:41 -0500] "GET /sipse/faces/javax.faces.resource/jquery/jquery.js?ln=primefaces&v=4.0 HTTP/1.1" 304 -
186.80.108.8 - - [28/Feb/2024:06:22:41 -0500] "GET /sipse/faces/javax.faces.resource/primefaces.css?ln=primefaces&v=4.0 HTTP/1.1" 304 -
186.80.108.8 - - [28/Feb/2024:06:22:42 -0500] "GET /sipse/faces/javax.faces.resource/jquery/jquery-plugins.js?ln=primefaces&v=4.0 HTTP/1.1" 304 -
186.80.108.8 - - [28/Feb/2024:06:22:42 -0500] "GET /sipse/faces/javax.faces.resource/primefaces.js?ln=primefaces&v=4.0 HTTP/1.1" 304 -
186.80.108.8 - - [28/Feb/2024:06:22:42 -0500] "GET /sipse/faces/javax.faces.resource/layout/layout.js?ln=primefaces&v=4.0 HTTP/1.1" 304 -
172.22.2.4 - - [28/Feb/2024:06:21:09 -0500] "GET /BLA/boletinlegal/ HTTP/1.1" 200 58720
173.252.107.119 - - [28/Feb/2024:06:22:54 -0500] "GET /secretaria-de-ambiente-rescata-perezoso-y-lo-traslada-al-departamento-de-antioquia-para-su-rehabilitacion.html HTTP/1.1" 200 1059
173.252.107.117 - - [28/Feb/2024:06:22:54 -0500] "GET /secretaria-de-ambiente-rescata-perezoso-y-lo-traslada-al-departamento-de-antioquia-para-su-rehabilitacion.html HTTP/1.1" 200 1059
173.252.107.8 - - [28/Feb/2024:06:23:00 -0500] "GET /secretaria-de-ambiente-impone-sancion-por-puntos-de-obra-sin-permiso-en-el-humedal-tibabuyes.html HTTP/1.1" 200 990
66.249.66.19 - - [28/Feb/2024:06:23:37 -0500] "GET /Publicaciones/2023EE30815.pdf HTTP/1.1" 404 227
201.245.192.253 - - [28/Feb/2024:06:23:56 -0500] "POST /forms/lservlet;jsessionid=ac16012b30d69ba41a1e83e54883a0bab3d468010a45.e3iSbxaKaheRe34NaNuLc30MaN90n6jAmljGr5XDqQLvpAe HTTP/1.1" 200 2
201.245.192.253 - - [28/Feb/2024:06:24:11 -0500] "POST /forms/lservlet;jsessionid=ac16012b30d696a80f5c07824c829f57858935da15a1.e3iSbxaKaheRe34NaNuLc30MaN90n6jAmljGr5XDqQLvpAe HTTP/1.1" 200 2
208.100.26.235 - - [28/Feb/2024:06:25:22 -0500] "GET / HTTP/1.1" 200 319
201.245.192.253 - - [28/Feb/2024:06:25:26 -0500] "POST /kwsrmcab/Wsrmcab  HTTP/1.1" 200 39446
201.245.192.253 - - [28/Feb/2024:06:25:56 -0500] "POST /forms/lservlet;jsessionid=ac16012b30d69ba41a1e83e54883a0bab3d468010a45.e3iSbxaKaheRe34NaNuLc30MaN90n6jAmljGr5XDqQLvpAe HTTP/1.1" 200 2
201.245.192.253 - - [28/Feb/2024:06:26:11 -0500] "POST /forms/lservlet;jsessionid=ac16012b30d696a80f5c07824c829f57858935da15a1.e3iSbxaKaheRe34NaNuLc30MaN90n6jAmljGr5XDqQLvpAe HTTP/1.1" 200 2
181.237.229.195 - - [28/Feb/2024:06:26:26 -0500] "GET /sipse/faces/javax.faces.resource/primefaces.css?ln=primefaces&v=4.0 HTTP/1.1" 304 -
181.237.229.195 - - [28/Feb/2024:06:26:26 -0500] "GET /sipse/faces/javax.faces.resource/theme.css?ln=primefaces-sipse HTTP/1.1" 304 -
181.237.229.195 - - [28/Feb/2024:06:26:26 -0500] "GET /sipse/faces/javax.faces.resource/layout/layout.css?ln=primefaces&v=4.0 HTTP/1.1" 304 -
181.237.229.195 - - [28/Feb/2024:06:26:26 -0500] "GET /sipse/faces/javax.faces.resource/primefaces.js?ln=primefaces&v=4.0 HTTP/1.1" 304 -
181.237.229.195 - - [28/Feb/2024:06:26:26 -0500] "GET /sipse/faces/javax.faces.resource/jquery/jquery-plugins.js?ln=primefaces&v=4.0 HTTP/1.1" 304 -
181.237.229.195 - - [28/Feb/2024:06:26:26 -0500] "GET /sipse/faces/javax.faces.resource/jquery/jquery.js?ln=primefaces&v=4.0 HTTP/1.1" 304 -
181.237.229.195 - - [28/Feb/2024:06:26:26 -0500] "GET /sipse/faces/javax.faces.resource/layout/layout.js?ln=primefaces&v=4.0 HTTP/1.1" 304 -
181.237.229.195 - - [28/Feb/2024:06:26:27 -0500] "GET /sipse/faces/javax.faces.resource/images/ui-icons_898989_256x240.png?ln=primefaces-aristo HTTP/1.1" 304 -
181.237.229.195 - - [28/Feb/2024:06:26:27 -0500] "GET /sipse/faces/faces/index.xhtml HTTP/1.1" 200 677
181.237.229.195 - - [28/Feb/2024:06:26:28 -0500] "GET /sipse/faces/javax.faces.resource/theme.css?ln=primefaces-sipse HTTP/1.1" 304 -
181.237.229.195 - - [28/Feb/2024:06:26:28 -0500] "GET /sipse/faces/faces/faces/autenticacion.xhtml HTTP/1.1" 200 12408
181.237.229.195 - - [28/Feb/2024:06:26:28 -0500] "GET /sipse/faces/javax.faces.resource/layout/layout.css?ln=primefaces&v=4.0 HTTP/1.1" 304 -
181.237.229.195 - - [28/Feb/2024:06:26:28 -0500] "GET /sipse/faces/javax.faces.resource/theme.css?ln=primefaces-sipse HTTP/1.1" 304 -
181.237.229.195 - - [28/Feb/2024:06:26:28 -0500] "GET /sipse/faces/javax.faces.resource/primefaces.css?ln=primefaces&v=4.0 HTTP/1.1" 304 -
181.237.229.195 - - [28/Feb/2024:06:26:28 -0500] "GET /sipse/faces/javax.faces.resource/jquery/jquery.js?ln=primefaces&v=4.0 HTTP/1.1" 304 -
181.237.229.195 - - [28/Feb/2024:06:26:28 -0500] "GET /sipse/faces/javax.faces.resource/jquery/jquery-plugins.js?ln=primefaces&v=4.0 HTTP/1.1" 304 -
181.237.229.195 - - [28/Feb/2024:06:26:28 -0500] "GET /sipse/faces/javax.faces.resource/primefaces.js?ln=primefaces&v=4.0 HTTP/1.1" 304 -
181.237.229.195 - - [28/Feb/2024:06:26:28 -0500] "GET /sipse/faces/javax.faces.resource/layout/layout.js?ln=primefaces&v=4.0 HTTP/1.1" 304 -
216.245.221.92 - - [28/Feb/2024:06:26:59 -0500] "HEAD / HTTP/1.1" 200 -
200.118.16.147 - - [28/Feb/2024:06:27:19 -0500] "GET /sipse/faces/index.xhtml HTTP/1.1" 200 677
200.118.16.147 - - [28/Feb/2024:06:27:19 -0500] "GET /sipse/faces/javax.faces.resource/theme.css?ln=primefaces-sipse HTTP/1.1" 200 50058
200.118.16.147 - - [28/Feb/2024:06:27:19 -0500] "GET /sipse/faces/faces/autenticacion.xhtml HTTP/1.1" 200 12408
200.118.16.147 - - [28/Feb/2024:06:27:19 -0500] "GET /sipse/faces/javax.faces.resource/theme.css?ln=primefaces-sipse HTTP/1.1" 304 -
200.118.16.147 - - [28/Feb/2024:06:27:19 -0500] "GET /sipse/faces/javax.faces.resource/primefaces.js?ln=primefaces&v=4.0 HTTP/1.1" 304 -
200.118.16.147 - - [28/Feb/2024:06:27:19 -0500] "GET /sipse/faces/javax.faces.resource/jquery/jquery.js?ln=primefaces&v=4.0 HTTP/1.1" 304 -
