201.245.192.253 - - [29/Feb/2024:07:50:54 -0500] "GET /sipse/faces/javax.faces.resource/primefaces.js?ln=primefaces&v=4.0 HTTP/1.1" 304 -
201.245.192.253 - - [29/Feb/2024:07:50:54 -0500] "GET /sipse/faces/javax.faces.resource/layout/layout.js?ln=primefaces&v=4.0 HTTP/1.1" 304 -
201.245.192.253 - - [29/Feb/2024:07:50:54 -0500] "POST /sipse/faces/presentacion/financiero/solicitudProceso/consultar.xhtml HTTP/1.1" 200 37306
201.245.192.253 - - [29/Feb/2024:07:50:54 -0500] "POST /sipse/faces/presentacion/financiero/solicitudProceso/consultar.xhtml HTTP/1.1" 200 37306
201.245.192.253 - - [29/Feb/2024:07:50:54 -0500] "POST /sipse/faces/presentacion/financiero/solicitudProceso/consultar.xhtml HTTP/1.1" 200 37306
201.245.192.253 - - [29/Feb/2024:07:51:00 -0500] "POST /sipse/faces/presentacion/financiero/solicitudProceso/consultar.xhtml HTTP/1.1" 200 12836
172.22.2.4 - - [29/Feb/2024:07:51:04 -0500] "GET /BLA/boletinlegal/images/screen_2.png HTTP/1.1" 304 -
216.245.221.92 - - [29/Feb/2024:07:51:38 -0500] "HEAD / HTTP/1.1" 200 -
66.249.66.12 - - [29/Feb/2024:07:51:48 -0500] "GET /Publicaciones/2023EE241559.pdf HTTP/1.1" 404 228
152.202.94.166 - - [29/Feb/2024:07:52:13 -0500] "GET /sipse/faces/index.xhtml HTTP/1.1" 200 677
152.202.94.166 - - [29/Feb/2024:07:52:13 -0500] "GET /sipse/faces/javax.faces.resource/theme.css?ln=primefaces-sipse HTTP/1.1" 304 -
152.202.94.166 - - [29/Feb/2024:07:52:19 -0500] "GET /sipse/faces/index.xhtml HTTP/1.1" 200 677
152.202.94.166 - - [29/Feb/2024:07:52:19 -0500] "GET /sipse/faces/javax.faces.resource/theme.css?ln=primefaces-sipse HTTP/1.1" 304 -
152.202.94.166 - - [29/Feb/2024:07:52:19 -0500] "GET /sipse/faces/faces/autenticacion.xhtml HTTP/1.1" 200 12404
152.202.94.166 - - [29/Feb/2024:07:52:19 -0500] "GET /sipse/faces/javax.faces.resource/theme.css?ln=primefaces-sipse HTTP/1.1" 304 -
152.202.94.166 - - [29/Feb/2024:07:52:19 -0500] "GET /sipse/faces/javax.faces.resource/primefaces.css?ln=primefaces&v=4.0 HTTP/1.1" 304 -
152.202.94.166 - - [29/Feb/2024:07:52:19 -0500] "GET /sipse/faces/javax.faces.resource/layout/layout.css?ln=primefaces&v=4.0 HTTP/1.1" 304 -
152.202.94.166 - - [29/Feb/2024:07:52:19 -0500] "GET /sipse/faces/javax.faces.resource/jquery/jquery.js?ln=primefaces&v=4.0 HTTP/1.1" 304 -
152.202.94.166 - - [29/Feb/2024:07:52:19 -0500] "GET /sipse/faces/javax.faces.resource/primefaces.js?ln=primefaces&v=4.0 HTTP/1.1" 304 -
152.202.94.166 - - [29/Feb/2024:07:52:19 -0500] "GET /sipse/faces/javax.faces.resource/layout/layout.js?ln=primefaces&v=4.0 HTTP/1.1" 304 -
152.202.94.166 - - [29/Feb/2024:07:52:19 -0500] "GET /sipse/faces/javax.faces.resource/jquery/jquery-plugins.js?ln=primefaces&v=4.0 HTTP/1.1" 304 -
152.202.94.166 - - [29/Feb/2024:07:52:20 -0500] "GET /sipse/faces/javax.faces.resource/images/ui-icons_898989_256x240.png?ln=primefaces-aristo HTTP/1.1" 304 -
152.202.94.166 - - [29/Feb/2024:07:52:28 -0500] "POST /sipse/faces/autenticacion.xhtml HTTP/1.1" 200 2219
152.202.94.166 - - [29/Feb/2024:07:52:28 -0500] "GET /sipse/faces/javax.faces.resource/messages/messages.png?ln=primefaces&v=4.0 HTTP/1.1" 304 -
207.46.13.14 - - [29/Feb/2024:07:52:26 -0500] "GET /BLA/resoluciones/index.php?dir=AUTOS+2014%2F HTTP/1.1" 200 891506
152.202.94.166 - - [29/Feb/2024:07:52:29 -0500] "POST /sipse/faces/autenticacion.xhtml HTTP/1.1" 200 16455
152.202.94.166 - - [29/Feb/2024:07:52:29 -0500] "GET /sipse/faces/javax.faces.resource/theme.css?ln=primefaces-sipse HTTP/1.1" 304 -
152.202.94.166 - - [29/Feb/2024:07:52:29 -0500] "GET /sipse/faces/javax.faces.resource/layout/layout.css?ln=primefaces&v=4.0 HTTP/1.1" 304 -
152.202.94.166 - - [29/Feb/2024:07:52:29 -0500] "GET /sipse/faces/javax.faces.resource/primefaces.css?ln=primefaces&v=4.0 HTTP/1.1" 304 -
152.202.94.166 - - [29/Feb/2024:07:52:29 -0500] "GET /sipse/faces/javax.faces.resource/jquery/jquery.js?ln=primefaces&v=4.0 HTTP/1.1" 304 -
152.202.94.166 - - [29/Feb/2024:07:52:29 -0500] "GET /sipse/faces/javax.faces.resource/jquery/jquery-plugins.js?ln=primefaces&v=4.0 HTTP/1.1" 304 -
152.202.94.166 - - [29/Feb/2024:07:52:29 -0500] "GET /sipse/faces/javax.faces.resource/primefaces.js?ln=primefaces&v=4.0 HTTP/1.1" 304 -
152.202.94.166 - - [29/Feb/2024:07:52:29 -0500] "GET /sipse/faces/javax.faces.resource/layout/layout.js?ln=primefaces&v=4.0 HTTP/1.1" 304 -
152.202.94.166 - - [29/Feb/2024:07:52:29 -0500] "GET /sipse/css/imagen/contrasena.png HTTP/1.1" 404 383
152.202.94.166 - - [29/Feb/2024:07:52:32 -0500] "GET /sipse/faces/javax.faces.resource/images/ui-bg_flat_0_2d5972_40x100.png?ln=primefaces-aristo HTTP/1.1" 304 -
152.202.94.166 - - [29/Feb/2024:07:52:32 -0500] "POST /sipse/faces/bienvenido.xhtml HTTP/1.1" 200 2073
152.202.94.166 - - [29/Feb/2024:07:52:36 -0500] "POST /sipse/faces/bienvenido.xhtml HTTP/1.1" 200 39082
152.202.94.166 - - [29/Feb/2024:07:52:36 -0500] "GET /sipse/faces/javax.faces.resource/primefaces.css?ln=primefaces&v=4.0 HTTP/1.1" 304 -
152.202.94.166 - - [29/Feb/2024:07:52:36 -0500] "GET /sipse/faces/javax.faces.resource/layout/layout.css?ln=primefaces&v=4.0 HTTP/1.1" 304 -
152.202.94.166 - - [29/Feb/2024:07:52:36 -0500] "GET /sipse/faces/javax.faces.resource/theme.css?ln=primefaces-sipse HTTP/1.1" 304 -
152.202.94.166 - - [29/Feb/2024:07:52:36 -0500] "GET /sipse/faces/javax.faces.resource/jquery/jquery.js?ln=primefaces&v=4.0 HTTP/1.1" 304 -
152.202.94.166 - - [29/Feb/2024:07:52:36 -0500] "GET /sipse/faces/javax.faces.resource/jquery/jquery-plugins.js?ln=primefaces&v=4.0 HTTP/1.1" 304 -
152.202.94.166 - - [29/Feb/2024:07:52:36 -0500] "GET /sipse/faces/javax.faces.resource/primefaces.js?ln=primefaces&v=4.0 HTTP/1.1" 304 -
152.202.94.166 - - [29/Feb/2024:07:52:36 -0500] "GET /sipse/faces/javax.faces.resource/layout/layout.js?ln=primefaces&v=4.0 HTTP/1.1" 304 -
152.202.94.166 - - [29/Feb/2024:07:52:47 -0500] "POST /sipse/faces/presentacion/financiero/solicitudProceso/consultar.xhtml HTTP/1.1" 200 12860
152.202.94.166 - - [29/Feb/2024:07:52:49 -0500] "POST /sipse/faces/presentacion/financiero/solicitudProceso/consultar.xhtml HTTP/1.1" 200 125612
152.202.94.166 - - [29/Feb/2024:07:52:50 -0500] "GET /sipse/faces/javax.faces.resource/layout/layout.css?ln=primefaces&v=4.0 HTTP/1.1" 304 -
152.202.94.166 - - [29/Feb/2024:07:52:50 -0500] "GET /sipse/faces/javax.faces.resource/primefaces.css?ln=primefaces&v=4.0 HTTP/1.1" 304 -
152.202.94.166 - - [29/Feb/2024:07:52:50 -0500] "GET /sipse/faces/javax.faces.resource/theme.css?ln=primefaces-sipse HTTP/1.1" 304 -
152.202.94.166 - - [29/Feb/2024:07:52:50 -0500] "GET /sipse/faces/javax.faces.resource/jquery/jquery.js?ln=primefaces&v=4.0 HTTP/1.1" 304 -
152.202.94.166 - - [29/Feb/2024:07:52:50 -0500] "GET /sipse/faces/javax.faces.resource/jquery/jquery-plugins.js?ln=primefaces&v=4.0 HTTP/1.1" 304 -
152.202.94.166 - - [29/Feb/2024:07:52:50 -0500] "GET /sipse/faces/javax.faces.resource/primefaces.js?ln=primefaces&v=4.0 HTTP/1.1" 304 -
152.202.94.166 - - [29/Feb/2024:07:52:50 -0500] "GET /sipse/faces/javax.faces.resource/layout/layout.js?ln=primefaces&v=4.0 HTTP/1.1" 304 -
201.245.192.253 - - [29/Feb/2024:07:52:50 -0500] "POST /kwsrmcab/Wsrmcab  HTTP/1.1" 200 39446
152.202.94.166 - - [29/Feb/2024:07:53:06 -0500] "POST /sipse/faces/presentacion/financiero/solicitudProceso/consultarSolicitudProceso.xhtml HTTP/1.1" 200 373717
172.22.2.4 - - [29/Feb/2024:07:53:44 -0500] "GET /BLA/boletinlegal/actos.php HTTP/1.1" 200 9738
172.22.2.4 - - [29/Feb/2024:07:53:44 -0500] "GET /BLA/boletinlegal/styles2.css HTTP/1.1" 200 1838
172.22.2.4 - - [29/Feb/2024:07:53:44 -0500] "GET /BLA/boletinlegal/js/jquery1.js HTTP/1.1" 200 29846
172.22.2.4 - - [29/Feb/2024:07:53:44 -0500] "GET /BLA/boletinlegal/niceforms-default.css HTTP/1.1" 200 6694
172.22.2.4 - - [29/Feb/2024:07:53:44 -0500] "GET /BLA/boletinlegal/style.css HTTP/1.1" 200 9406
172.22.2.4 - - [29/Feb/2024:07:53:44 -0500] "GET /BLA/boletinlegal/js/ajax_actos.js HTTP/1.1" 200 1322
172.22.2.4 - - [29/Feb/2024:07:53:44 -0500] "GET /BLA/boletinlegal/niceforms.js HTTP/1.1" 200 22876
172.22.2.4 - - [29/Feb/2024:07:53:44 -0500] "GET /BLA/boletinlegal/js/lib.js HTTP/1.1" 200 6474
172.22.2.4 - - [29/Feb/2024:07:53:44 -0500] "GET /BLA/boletinlegal/js/popup.js HTTP/1.1" 200 1270
172.22.2.4 - - [29/Feb/2024:07:53:45 -0500] "GET /BLA/boletinlegal/favicon.ico HTTP/1.1" 404 1230
152.202.94.166 - - [29/Feb/2024:07:53:56 -0500] "POST /sipse/faces/presentacion/financiero/solicitudProceso/consultarSolicitudProceso.xhtml HTTP/1.1" 200 42175
152.202.94.166 - - [29/Feb/2024:07:53:56 -0500] "GET /sipse/faces/javax.faces.resource/theme.css?ln=primefaces-sipse HTTP/1.1" 304 -
152.202.94.166 - - [29/Feb/2024:07:53:56 -0500] "GET /sipse/faces/javax.faces.resource/primefaces.css?ln=primefaces&v=4.0 HTTP/1.1" 304 -
152.202.94.166 - - [29/Feb/2024:07:53:56 -0500] "GET /sipse/faces/javax.faces.resource/layout/layout.css?ln=primefaces&v=4.0 HTTP/1.1" 304 -
152.202.94.166 - - [29/Feb/2024:07:53:56 -0500] "GET /sipse/faces/javax.faces.resource/jquery/jquery.js?ln=primefaces&v=4.0 HTTP/1.1" 304 -
152.202.94.166 - - [29/Feb/2024:07:53:56 -0500] "GET /sipse/faces/javax.faces.resource/jquery/jquery-plugins.js?ln=primefaces&v=4.0 HTTP/1.1" 304 -
152.202.94.166 - - [29/Feb/2024:07:53:56 -0500] "GET /sipse/faces/javax.faces.resource/primefaces.js?ln=primefaces&v=4.0 HTTP/1.1" 304 -
152.202.94.166 - - [29/Feb/2024:07:53:56 -0500] "GET /sipse/faces/javax.faces.resource/layout/layout.js?ln=primefaces&v=4.0 HTTP/1.1" 304 -
152.202.94.166 - - [29/Feb/2024:07:53:56 -0500] "POST /sipse/faces/presentacion/financiero/solicitudProceso/consultar.xhtml HTTP/1.1" 200 35472
152.202.94.166 - - [29/Feb/2024:07:53:57 -0500] "POST /sipse/faces/presentacion/financiero/solicitudProceso/consultar.xhtml HTTP/1.1" 200 35472
94.156.68.28 - - [29/Feb/2024:07:53:47 -0500] "GET / HTTP/1.1" 200 319
152.202.94.166 - - [29/Feb/2024:07:54:03 -0500] "POST /sipse/faces/presentacion/financiero/solicitudProceso/consultar.xhtml HTTP/1.1" 200 12888
172.22.2.4 - - [29/Feb/2024:07:53:58 -0500] "GET /BLA/boletinlegal/consulta_actos.php?tipo=resoluciones&no=&usuario=&sector=&fecha=2009&resuelve= HTTP/1.1" 200 4485607
152.202.94.166 - - [29/Feb/2024:07:54:07 -0500] "POST /sipse/faces/presentacion/financiero/solicitudProceso/consultar.xhtml HTTP/1.1" 200 120348
152.202.94.166 - - [29/Feb/2024:07:54:08 -0500] "GET /sipse/faces/javax.faces.resource/theme.css?ln=primefaces-sipse HTTP/1.1" 304 -
152.202.94.166 - - [29/Feb/2024:07:54:08 -0500] "GET /sipse/faces/javax.faces.resource/primefaces.css?ln=primefaces&v=4.0 HTTP/1.1" 304 -
152.202.94.166 - - [29/Feb/2024:07:54:08 -0500] "GET /sipse/faces/javax.faces.resource/layout/layout.css?ln=primefaces&v=4.0 HTTP/1.1" 304 -
152.202.94.166 - - [29/Feb/2024:07:54:08 -0500] "GET /sipse/faces/javax.faces.resource/jquery/jquery.js?ln=primefaces&v=4.0 HTTP/1.1" 304 -
152.202.94.166 - - [29/Feb/2024:07:54:08 -0500] "GET /sipse/faces/javax.faces.resource/jquery/jquery-plugins.js?ln=primefaces&v=4.0 HTTP/1.1" 304 -
152.202.94.166 - - [29/Feb/2024:07:54:08 -0500] "GET /sipse/faces/javax.faces.resource/primefaces.js?ln=primefaces&v=4.0 HTTP/1.1" 304 -
152.202.94.166 - - [29/Feb/2024:07:54:08 -0500] "GET /sipse/faces/javax.faces.resource/layout/layout.js?ln=primefaces&v=4.0 HTTP/1.1" 304 -
172.22.2.4 - - [29/Feb/2024:07:52:32 -0500] "HEAD /BLA/boletinlegal/ HTTP/1.1" 200 -
152.202.94.166 - - [29/Feb/2024:07:54:12 -0500] "POST /sipse/faces/presentacion/financiero/solicitudProceso/consultarSolicitudProceso.xhtml HTTP/1.1" 200 374484
94.156.68.28 - - [29/Feb/2024:07:54:03 -0500] "GET / HTTP/1.1" 200 319
94.156.68.28 - - [29/Feb/2024:07:54:19 -0500] "GET /wp-includes/wlwmanifest.xml HTTP/1.1" 404 1018
201.245.192.253 - - [29/Feb/2024:07:54:41 -0500] "GET /BLA/resoluciones/RESOLUCIONES%202009/3957.pdf HTTP/1.1" 200 1428643
201.245.192.253 - - [29/Feb/2024:07:54:41 -0500] "GET /favicon.ico HTTP/1.1" 200 7782
94.156.68.28 - - [29/Feb/2024:07:54:35 -0500] "GET /xmlrpc.php?rsd HTTP/1.1" 404 1018
161.10.187.166 - - [29/Feb/2024:07:55:02 -0500] "GET /kwssiamovil/sm/ldap/au?x=U2FsdGVkX19oBD5NZ0G2TjCq/FPH2u8tvh/LhXYS1q/wHMWMTBpEONHT/gdzuqgW&y=U2FsdGVkX192LEL5l2JUh2EixrIiDwfzXp4PQgaNQ20fi5z46CpwKnovmkpPRXd8 HTTP/1.1" 200 30
161.10.187.166 - - [29/Feb/2024:07:55:02 -0500] "GET /kwssiamovil/sm/acme/s?s=U2FsdGVkX1+2j6dwRcA6eJv2QIic5FMfdgiHU/qKNhUfI7TEnxp9NfyqdNXWEMg7DvJfFxK8E82XZ2nVHYXdVvbCA9+l1K5Ms7tqANEP29Q=&u=U2FsdGVkX19gJHKQcnEdstrf6QEZYB+LErLntE+ynvw=&y=U2FsdGVkX192LEL5l2JUh2EixrIiDwfzXp4PQgaNQ20fi5z46CpwKnovmkpPRXd8 HTTP/1.1" 200 97
161.10.187.166 - - [29/Feb/2024:07:55:03 -0500] "GET /kwssiamovil/sm/acme/s?s=U2FsdGVkX18qWSJzjIqOFwNyc0qIaWyalcWeWd7wer0oa3H9rYtxUCer/9KCii8Jg2FdpB/CmB6rn9RKTR+6IMUidCGoC8dXWuUEMgzlhELv5x+2h4zEtKX2mBu6NBL2DVav09qSfVgOm6BKsdhT1bweNxXrwVivCEIJsy1wM24pp8wpG0WQYir14i+ive88MhehBCduq2TQkJgKesQBN7MY5r6GCbdYU17mqBaZV4w5vYhsJz3GPhvjHg6YXbUy3s0/WNlV2nAN2yxw0RMXIoGnrP8LeK2LjQuHLvaPG9VAfu8AcATFKh1rK3NDOX31zccm0T07MFAKfRtlSOjrKfE4fxxFvQcUOmjOVznNgZXmWrsJCdvZwJWjkttILmtpncV8xkxQl2uqmeVISKw4nuhv0I2AWfWyVcR1GXTfmqMAZq5FzgVv+m8qicYmFXd4HBgu+tVTYjFMVrZnd2Dr6La6fPCJ9ndVWnBeEnz1mDTrA5PmvaaHz2odv78LOttViIWMyywuSjI+ZiIWfhySwEqErf+lzjwK0vj1U3zf16aLH/FLjCIXzP+G8HLe0BI5wL0D4brjJQeWQAUkOiPyjDdtSlDmfk1YV2V/9AFgmnozotRjSH/Vk9XCZgLH1VJQ8l7ls8YT4CRk47yZWs0sC6zCHo3MCCW44WEV7cB3kNX6PB/rcuZ9Eodr2WovnOvrgiti8V69igotqA5MmTENNQwe7o8TO4POgqtJPR++2a3hy5cBNghEKYt4gtOc/Q45pzA+17g0daNr68LvpmpXShNqHHmUQ/cqRDbJT0cSeB536N21uXzQ8WPqR1VvwRsUb8BDkJgMKcKPctzfsxAwOHlzADXDDXNarXmfcD2fWyr6/zV+xHah2bPHx48RZUGDFFt0KCUCFA062QhE5LbWRPvk9LU+8E1cA1l6znjLjYkYZ/QTkZqZkB9n6Bgnof006TvZq43760XXv6l/9gBeRL7l3MOv8ccGAcOgpy+KDfrPbSvnFbqDTSJjm0PQz7Sw1Wv4xie0w4WyQhLygr0YHC8b5qxrLHvn2PDs6DOdH5Wm1nY4YLdFo8k5uIbAEjK5RUr2y1XU+aOXg+mCRCQkws87HoaNkLQg39fxvaggpBhfn8VtnWhxMfM9Rp+/iW/Hv9I71W0Fr4K1P5nhNXnhC8c34mucGGK3JVBDB3uxoMZ2wLVFHcQxqldGf0O+DF/Lv9DskAQkh6XoaxMpabttGx9enELAvf/r227ISfHxWUmT/APAOf8nl8P53XBTY1Zh2foJpksVQZOpp8JPEApaRPsoDUGApSc5RWJShY7o9d/IH3Z4RQw6gM98o08KJQGjHDY0AJOBVwWm27c3Y+bVHp+M0IaIlVkh2dAciaMdkhdoRSJSk2hvfxTea62znTD/il+yvlzKygvGFG2cg9PV5A0Plm4j/XD27ZeZOq7ITMQJJeZoYFUOZsfn42uepRmCgLdeoNiCArz2LruVj8pRgUYrn3lHlPcd/IP5+mmbgsILYQpzbHw7OyiCoR14m2nvlTfRvCE9agsXnkiOXcTyuhSJP9BjXvmUVuwYvhGdzvdyPG1bet6Mto/aqDausvgdjlPmthRIzVSnhmlxMcKyjiyW/LcBxOEL0EIPbHOdxNyVexlOOJ9bAXVq6Qdf+vJseMEvAGGxWYLm5svVZG1fjaYEC2CNIme2YptrPJE7Yov/Q8xt7D/1507r0FLb4KoiOA8oPcGH5tTyZGsAQt1KM7cTKoN9uIRSjc/H6AaPDJo=&u=U2FsdGVkX19gJHKQcnEdstrf6QEZYB+LErLntE+ynvw=&y=U2FsdGVkX192LEL5l2JUh2EixrIiDwfzXp4PQgaNQ20fi5z46CpwKnovmkpPRXd8 HTTP/1.1" 200 1367
161.10.187.166 - - [29/Feb/2024:07:55:03 -0500] "GET /kwssiamovil/sm/acme/s?s=U2FsdGVkX1/AWetNn1oBFF6MTfOSJi0F6BrwLSP9RHOzU6V/7lu9QQE/GcD5tFl2l/giFRAVNeWHShKBlTgvfXQBOUpWy93Gtv/2Ve/tjMCePxc3KIGIxMdJYrbEHypHJETaPVWp3wqMJC3ecVlCp3nNp1Z6o2W11isWW1PLdXPah9yfs4q68HOMVQYhBKBqeiahLadoinoDfVozS/YP+auTzt/ZlnunXnUipy6Gl2Lsw1LScgPbnFlTczfqeuE3GS0bm2+mAghJw2IgAbT2TDs9oytO24udb/onx5htTbEbWZPDvcnpcdqF90p2Mb4aPI29oASoMZZpkTgGsPMKi9eG/0nbMQpHLsg9dsIRk5eicfXXeR1VHNejkheB9S71ffqmJL1V4O2o70/xrxpJmX0J8A5yiv4uNjtbGaDzM6hWzbt0ZD7RVhP/Wlt8ql0pEVHUGQfq66UybcOzikIb16sYAYg5DoEN5sEV43QeswbEaHSUGacapMugHsatHwALerH5DGZCIaw5dY16IEqNjm4b2XYTQbPsdRuVW1/3PYEfm1ItCXM3ZzEz1ewcx+w8OZ+UR2eqcHbJC+DdpAkD+xAkRqTs2OXCDS0wdyYSZi+pmgjTkcJzBBAQYn6+a6tDeaZl7n3UooXS3ZUUzbptQLTogjQKb42xNDf59saXmd0fyrg6EBbN3Y56PiLy6bwBjv0S/zSvXW+vTS1tMnCj1uEcsi4atzY7VFwSFBHPFlHrm2BF52g/ckZjVVDj9Bt9&u=U2FsdGVkX19gJHKQcnEdstrf6QEZYB+LErLntE+ynvw=&y=U2FsdGVkX192LEL5l2JUh2EixrIiDwfzXp4PQgaNQ20fi5z46CpwKnovmkpPRXd8 HTTP/1.1" 200 208
172.22.2.4 - - [29/Feb/2024:07:53:23 -0500] "GET /BLA/boletinlegal/ HTTP/1.1" 200 53818
161.10.187.166 - - [29/Feb/2024:07:55:03 -0500] "GET /kwssiamovil/sm/cjson/pre?f=1&x=U2FsdGVkX19oBD5NZ0G2TjCq/FPH2u8tvh/LhXYS1q/wHMWMTBpEONHT/gdzuqgW HTTP/1.1" 200 30244
94.156.68.28 - - [29/Feb/2024:07:54:51 -0500] "GET / HTTP/1.1" 200 319
52.167.144.140 - - [29/Feb/2024:07:55:17 -0500] "GET /portaldeninos/ HTTP/1.1" 503 1037
94.156.68.28 - - [29/Feb/2024:07:55:07 -0500] "GET /web/wp-includes/wlwmanifest.xml HTTP/1.1" 404 1018
94.156.68.28 - - [29/Feb/2024:07:55:23 -0500] "GET /wordpress/wp-includes/wlwmanifest.xml HTTP/1.1" 404 1018
94.156.68.28 - - [29/Feb/2024:07:55:39 -0500] "GET /website/wp-includes/wlwmanifest.xml HTTP/1.1" 404 1018
94.156.68.28 - - [29/Feb/2024:07:55:54 -0500] "GET /wp/wp-includes/wlwmanifest.xml HTTP/1.1" 404 1018
190.25.101.245 - - [29/Feb/2024:07:56:14 -0500] "GET /BLA/resoluciones/RESOLUCIONES%202019/3093.pdf HTTP/1.1" 200 292489
190.25.101.245 - - [29/Feb/2024:07:56:14 -0500] "GET /BLA/resoluciones/RESOLUCIONES%202019/3093.pdf HTTP/1.1" 206 1025
190.25.101.245 - - [29/Feb/2024:07:56:14 -0500] "GET /BLA/resoluciones/RESOLUCIONES%202019/3093.pdf HTTP/1.1" 200 292489
94.156.68.28 - - [29/Feb/2024:07:56:10 -0500] "GET /news/wp-includes/wlwmanifest.xml HTTP/1.1" 404 1018
161.10.187.166 - - [29/Feb/2024:07:56:35 -0500] "GET /kwssiamovil/sm/acme/a?s=U2FsdGVkX18GdUqff45ZwYMcxFdtLCM3YXdoMfAtnn5fF/N/7KCXc7R8nxJJryxwQIuKyIbmSHnpbs+WukVZ1XGC9PcnrQm34IEloQYfUZ+CKrnf3p/k03NuqqBVxJLNXGNmTL7rms4jfZmdC3o/AFmoeh/qk89K5dtVglJNdz0KD73tZr8I5DjI0QV55yTF6V2HzvhPl28CfSE+uB0nxY/5MS2irn7AoAxCEe1iFfHXjCqNox00sLD9/sIcg5DXcKu7ndd3qbkex+G3ayj40A==&u=U2FsdGVkX19gJHKQcnEdstrf6QEZYB+LErLntE+ynvw=&y=U2FsdGVkX192LEL5l2JUh2EixrIiDwfzXp4PQgaNQ20fi5z46CpwKnovmkpPRXd8 HTTP/1.1" 200 26
161.10.187.166 - - [29/Feb/2024:07:56:36 -0500] "GET /kwssiamovil/sm/acme/a?s=U2FsdGVkX190fqnyUIrELWf5kuPYEoyhCk9cyMPHZXHhKGg5ZcBhb2LDoW9CouILKhtakpLA+9rBzO4VU19an4dj1esH8ayihrk4N10JDReqBD/71TRWSTap3etwpKpLLVQDVptBMjwO5oZPxsYcdHANJndpEZbDRe3R0F0tssD/Wzo/fV6jBapwDJlMhCefxA/LIcGJxGFbcc2vATol6sKgCMwLUosqETgrqLeA9Y6mzecdutnp5MvX6icyV14xV5f6wcbBEJgZfrlMUVvoW+EAYiQW5xCJoyh7ZOmurlkKU6nlVx1S+bAHNotYHBwhZHAmxzL1Xi3hIOLPBza05IDBtxtxwno4d3dP3Sb4E0ohg+f1W3d6qcTw41huhbyt0zgHd7Pil/kE4wnQa6Xh1p7HBrdfAWBYJ6kuFcuH626ZhxNgSCLZKLURPRoGl3FM8JiwaZuxAml45LooQX8T7M5u6j/zCUc78AAGln7CsEJRVWRdBR7bitPfXOCs9sXqIJxgq9rIGjZCjWB9WVQFqLbrEroqX+IT4WFg+GYmbu7kGz3Bt1qO7Nj/uZv7Vb9aVVa9SFlGiKtw6odQ+8HYjPVWSrQzK1wIO90kEROXYwaKaVXEfSO5LWkLktInTpfafRBORmYrIzRpOf6c0q2JCvf610MoZR7/yO8WGQH6jjaZ73ffKVG7Jg18X0BYSOx0iWde/2vYm8kGOQOJBHpfuc0yPAr8IA4HEKymRgHrEllQpLuFjXxu88LiiY7N/AQwemi6E9QKXILFaEUOlVLk8n8757ghxAt3AnK+8R3+5Z3IMNVQz8B/2HeiP0ua7oJRy2DD1nZI7uoteEKFJ/Zah65o3LHKVCiHivOmp8cmZJw4tRCX/0x3CBlWB9t6B7EnexIV3V3PBkP/bWjtDCopYV0IUiBRsmLKbgdhtg25Sw9h1aqxXrTydXl/d85C5quMXFzxPsUO1t8MVh8I3e7BLSDyY/xec4LoEqJ1niYuUZ/SVNNvnpm7k7HrPRztI4nnA3A+M6tjtYrurh+AowaCAsv5qv73IcjZWts0S9WmKjsl76VmJ3JIie7scuU1FIlVUj+1QTyruCix5Rlz63ArBYkAUMzn83VeV1Ftk/80CDBLig13eFb/P21hiRRqFGHhm9GJj3fYImnzOkZ48h7n4EEP1+19fZLdJzSJrufzd4fMSMf9H1AYMC5io4EafsJGhwfiI4VP0tj5FOM4sG7UxvijX+oDJIbnGWeWnbsvX8Iinv9oJ0STtqe1JFfhQ1C4FB6iGejaYIWor8kJg9FNLEtBuuKn+LBZYZkUxwzwGLanWOxC510eL58rxp1pBHS/Q//L8iSvBBjwAl6fKXqNCXotV/hdqdXni6oCndTWRVNQxdDQ10zhQhx53qXjlAR/DiiLj4vpCppWkRYKT3hQ9mYYAHqmJVxdsrv6J5SfG/80huPIy43ecqcwCT8dTcZfTRFVn2GIkE3y2PKfOBlw0CVTBOVSjP+xQqA0DeJwTf4ANycBtgWNX6xXVHLHY/uIPgCVb9pFPXYNIdU/jWBcwFipjeUo+CmZl3SpVSNZWFyc2Wz/lZUy4vIiy7RXlx89nCoZExZF9P0JSy1lHRiod6pfayp+/ftp82fsw/1APWTyI4Hc4j6l+ObAxtRSD2eMhNW4TpZLYzVWwn/NhYVJdudTVSLNYNjvxl2/K6NQoU6eH1cuaTJ8qNjq01+ZGA/+tG6ubT79OkpZ+a3WLNJIoH+WVCwAoCu0xq8nR4ozcteqKX8uACEPTDjV/i8TQaAd8+xx75t1GlyzU6VXPRW1QQ==&u=U2FsdGVkX19gJHKQcnEdstrf6QEZYB+LErLntE+ynvw=&y=U2FsdGVkX192LEL5l2JUh2EixrIiDwfzXp4PQgaNQ20fi5z46CpwKnovmkpPRXd8 HTTP/1.1" 200 26
161.10.187.166 - - [29/Feb/2024:07:56:37 -0500] "GET /kwssiamovil/sm/acme/a?s=U2FsdGVkX1+FrBU8/G0pjFmwsuZMUTIH7+/3kl2sp5pwbjK0KJiV2SPNYWDsk2MvvI7/pT8zo1H3t/8pkiZUOyaTrBty7PYR4vovxT2ZjPTntgEoJ2wAxXb5Ya28kTw4HGNKV+pY3weZjSmdYgSEPaXGkrJuZdY8oJfSwzdNyd0=&u=U2FsdGVkX19gJHKQcnEdstrf6QEZYB+LErLntE+ynvw=&y=U2FsdGVkX192LEL5l2JUh2EixrIiDwfzXp4PQgaNQ20fi5z46CpwKnovmkpPRXd8 HTTP/1.1" 200 26
161.10.187.166 - - [29/Feb/2024:07:56:37 -0500] "GET /kwssiamovil/sm/acme/a?s=U2FsdGVkX1/uMsYKp8VmiuZZcMHTJ2OrxwW6SwDgk+P1Q6aFDw2iZ0IZV+RI63+957N6elQvWLiyp8i+RxGkKEQkrZ0btL25oqUzNAGKbpiPUyVSAQRaDAc5rttf+ItkwiDm80m80dtvzlT+aXRvwEo189vL71P/6dH7M6m1LXw=&u=U2FsdGVkX19gJHKQcnEdstrf6QEZYB+LErLntE+ynvw=&y=U2FsdGVkX192LEL5l2JUh2EixrIiDwfzXp4PQgaNQ20fi5z46CpwKnovmkpPRXd8 HTTP/1.1" 200 26
161.10.187.166 - - [29/Feb/2024:07:56:37 -0500] "GET /kwssiamovil/sm/acme/a?s=U2FsdGVkX18UCVcZEqXCYI0oHUmKI0uMcb3BnNqZyXG/fSLzDKRcrRqW1KA2/4ADHghoJAQLugypAtWQi37vSVqCTfeW/WnC0bV1ktHWdmgNbA82bUEMvafSznixf7YCS/QR0k8yAsp+FmmIT029ogyU+qTCOn9vN/tuDRHRG9o=&u=U2FsdGVkX19gJHKQcnEdstrf6QEZYB+LErLntE+ynvw=&y=U2FsdGVkX192LEL5l2JUh2EixrIiDwfzXp4PQgaNQ20fi5z46CpwKnovmkpPRXd8 HTTP/1.1" 200 26
161.10.187.166 - - [29/Feb/2024:07:56:37 -0500] "GET /kwssiamovil/sm/acme/a?s=U2FsdGVkX19V6DNnBq5CFX6FhLN2+tKJXKDvP6enGq1l1Z35oXOjQWBFNh448jMupiwYJoYLhSOApIH7lmYtG/pC5CYsOJeZxW10XBHt0z4F1Pyq6ylsYtBHCFeQOTY2bNDIqbZ6/7627zy/z0Kurvm2RTFf+j9Q5PNovYgmGihV6CFzlCjInxvtYgOGnduYMrT1cH8S1gXnjrrAC9xbaA==&u=U2FsdGVkX19gJHKQcnEdstrf6QEZYB+LErLntE+ynvw=&y=U2FsdGVkX192LEL5l2JUh2EixrIiDwfzXp4PQgaNQ20fi5z46CpwKnovmkpPRXd8 HTTP/1.1" 200 26
216.245.221.92 - - [29/Feb/2024:07:56:38 -0500] "HEAD / HTTP/1.1" 200 -
172.22.2.4 - - [29/Feb/2024:07:56:39 -0500] "GET /BLA/boletinlegal/jurisprudencia/analisis/AnalisisC-746-12.docx HTTP/1.1" 304 -
94.156.68.28 - - [29/Feb/2024:07:56:26 -0500] "GET /2018/wp-includes/wlwmanifest.xml HTTP/1.1" 404 1018
94.156.68.28 - - [29/Feb/2024:07:56:42 -0500] "GET /2019/wp-includes/wlwmanifest.xml HTTP/1.1" 404 1018
94.156.68.28 - - [29/Feb/2024:07:56:58 -0500] "GET /shop/wp-includes/wlwmanifest.xml HTTP/1.1" 404 1018
94.156.68.28 - - [29/Feb/2024:07:57:14 -0500] "GET /wp1/wp-includes/wlwmanifest.xml HTTP/1.1" 404 1018
94.156.68.28 - - [29/Feb/2024:07:57:30 -0500] "GET /test/wp-includes/wlwmanifest.xml HTTP/1.1" 404 1018
201.245.192.253 - - [29/Feb/2024:07:57:47 -0500] "POST /kwsrmcab/Wsrmcab  HTTP/1.1" 200 39446
201.245.192.253 - - [29/Feb/2024:07:57:49 -0500] "POST /sipse/faces/presentacion/financiero/solicitudProceso/consultar.xhtml HTTP/1.1" 200 13000
94.156.68.28 - - [29/Feb/2024:07:57:46 -0500] "GET /media/wp-includes/wlwmanifest.xml HTTP/1.1" 404 1018
207.46.13.54 - - [29/Feb/2024:07:58:06 -0500] "GET /BLA/resoluciones/AUTOS%202015/1308.pdf HTTP/1.1" 200 820882
94.156.68.28 - - [29/Feb/2024:07:58:02 -0500] "GET /wp2/wp-includes/wlwmanifest.xml HTTP/1.1" 404 1018
190.84.43.161 - - [29/Feb/2024:07:58:20 -0500] "GET /sipse/faces/javax.faces.resource/images/ui-bg_flat_0_2d5972_40x100.png?ln=primefaces-aristo HTTP/1.1" 304 -
190.84.43.161 - - [29/Feb/2024:07:58:20 -0500] "POST /sipse/faces/presentacion/financiero/solicitudProceso/consultarSolicitudProceso.xhtml HTTP/1.1" 200 37453
190.84.43.161 - - [29/Feb/2024:07:58:20 -0500] "GET /sipse/faces/javax.faces.resource/theme.css?ln=primefaces-sipse HTTP/1.1" 304 -
190.84.43.161 - - [29/Feb/2024:07:58:20 -0500] "GET /sipse/faces/javax.faces.resource/primefaces.css?ln=primefaces&v=4.0 HTTP/1.1" 304 -
190.84.43.161 - - [29/Feb/2024:07:58:20 -0500] "GET /sipse/faces/javax.faces.resource/layout/layout.css?ln=primefaces&v=4.0 HTTP/1.1" 304 -
190.84.43.161 - - [29/Feb/2024:07:58:20 -0500] "GET /sipse/faces/javax.faces.resource/jquery/jquery.js?ln=primefaces&v=4.0 HTTP/1.1" 304 -
190.84.43.161 - - [29/Feb/2024:07:58:20 -0500] "GET /sipse/faces/javax.faces.resource/jquery/jquery-plugins.js?ln=primefaces&v=4.0 HTTP/1.1" 304 -
190.84.43.161 - - [29/Feb/2024:07:58:20 -0500] "GET /sipse/css/imagen/contrasena.png HTTP/1.1" 404 383
190.84.43.161 - - [29/Feb/2024:07:58:21 -0500] "GET /sipse/faces/javax.faces.resource/primefaces.js?ln=primefaces&v=4.0 HTTP/1.1" 304 -
190.84.43.161 - - [29/Feb/2024:07:58:21 -0500] "GET /sipse/faces/javax.faces.resource/layout/layout.js?ln=primefaces&v=4.0 HTTP/1.1" 304 -
190.84.43.161 - - [29/Feb/2024:07:58:21 -0500] "POST /sipse/faces/presentacion/financiero/solicitudProceso/listarSolicitudProceso.xhtml HTTP/1.1" 200 1392
201.245.192.253 - - [29/Feb/2024:07:58:32 -0500] "POST /forms/lservlet;jsessionid=ac16012b30d6f0fe615b3ff343fc85c4b6df8e78d454.e3iSbxaKaheRe34RbNaLb38QbNj0n6jAmljGr5XDqQLvpAe HTTP/1.1" 200 13
201.245.192.253 - - [29/Feb/2024:07:58:33 -0500] "POST /forms/lservlet;jsessionid=ac16012b30d6f0fe615b3ff343fc85c4b6df8e78d454.e3iSbxaKaheRe34RbNaLb38QbNj0n6jAmljGr5XDqQLvpAe HTTP/1.1" 200 13
94.156.68.28 - - [29/Feb/2024:07:58:17 -0500] "GET /site/wp-includes/wlwmanifest.xml HTTP/1.1" 404 1018
201.245.192.253 - - [29/Feb/2024:07:58:34 -0500] "POST /forms/lservlet;jsessionid=ac16012b30d6f0fe615b3ff343fc85c4b6df8e78d454.e3iSbxaKaheRe34RbNaLb38QbNj0n6jAmljGr5XDqQLvpAe HTTP/1.1" 200 13
201.245.192.253 - - [29/Feb/2024:07:58:35 -0500] "POST /forms/lservlet;jsessionid=ac16012b30d6f0fe615b3ff343fc85c4b6df8e78d454.e3iSbxaKaheRe34RbNaLb38QbNj0n6jAmljGr5XDqQLvpAe HTTP/1.1" 200 13
201.245.192.253 - - [29/Feb/2024:07:58:36 -0500] "POST /forms/lservlet;jsessionid=ac16012b30d6f0fe615b3ff343fc85c4b6df8e78d454.e3iSbxaKaheRe34RbNaLb38QbNj0n6jAmljGr5XDqQLvpAe HTTP/1.1" 200 13
201.245.192.253 - - [29/Feb/2024:07:58:37 -0500] "POST /forms/lservlet;jsessionid=ac16012b30d6f0fe615b3ff343fc85c4b6df8e78d454.e3iSbxaKaheRe34RbNaLb38QbNj0n6jAmljGr5XDqQLvpAe HTTP/1.1" 200 13
94.156.68.28 - - [29/Feb/2024:07:58:33 -0500] "GET /cms/wp-includes/wlwmanifest.xml HTTP/1.1" 404 1018
190.84.43.161 - - [29/Feb/2024:07:58:57 -0500] "POST /sipse/faces/presentacion/financiero/solicitudProceso/listarSolicitudProceso.xhtml HTTP/1.1" 200 7645
201.245.192.253 - - [29/Feb/2024:07:59:00 -0500] "GET /forms/frmservlet?config=sai HTTP/1.1" 200 4134
201.245.192.253 - - [29/Feb/2024:07:59:03 -0500] "GET /forms/frmservlet?config=sai HTTP/1.1" 200 4042
190.84.43.161 - - [29/Feb/2024:07:59:03 -0500] "POST /sipse/faces/presentacion/financiero/solicitudProceso/listarSolicitudProceso.xhtml HTTP/1.1" 200 7561
94.156.68.28 - - [29/Feb/2024:07:58:49 -0500] "GET /sito/wp-includes/wlwmanifest.xml HTTP/1.1" 404 1018
190.84.43.161 - - [29/Feb/2024:07:59:05 -0500] "POST /sipse/faces/presentacion/financiero/solicitudProceso/listarSolicitudProceso.xhtml HTTP/1.1" 200 7561
201.245.192.253 - - [29/Feb/2024:07:59:05 -0500] "GET /forms/java/frmall_jinit.jar HTTP/1.1" 304 -
201.245.192.253 - - [29/Feb/2024:07:59:06 -0500] "GET /forms/java/icons.jar HTTP/1.1" 304 -
201.245.192.253 - - [29/Feb/2024:07:59:06 -0500] "GET /forms/java/java/awt/KeyboardFocusManager.class HTTP/1.1" 404 352
201.245.192.253 - - [29/Feb/2024:07:59:06 -0500] "GET /forms/java/java/awt/KeyboardFocusManager.class HTTP/1.1" 404 352
201.245.192.253 - - [29/Feb/2024:07:59:06 -0500] "GET /favicon.ico HTTP/1.1" 200 7782
201.245.192.253 - - [29/Feb/2024:07:59:06 -0500] "GET /favicon.ico HTTP/1.1" 200 7782
201.245.192.253 - - [29/Feb/2024:07:59:06 -0500] "GET /forms/java/java/awt/event/MouseWheelListener.class HTTP/1.1" 404 356
201.245.192.253 - - [29/Feb/2024:07:59:06 -0500] "GET /forms/java/java/awt/event/MouseWheelListener.class HTTP/1.1" 404 356
201.245.192.253 - - [29/Feb/2024:07:59:06 -0500] "GET /forms/java/oracle/forms/registry/Registry.dat HTTP/1.1" 200 4213
201.245.192.253 - - [29/Feb/2024:07:59:06 -0500] "GET /forms/java/oracle/forms/registry/default.dat HTTP/1.1" 404 350
201.245.192.253 - - [29/Feb/2024:07:59:06 -0500] "GET /forms/frmservlet?config=sai&acceptLanguage=es-CO,es;q=0.5&ifcmd=startsession HTTP/1.1" 200 119
201.245.192.253 - - [29/Feb/2024:07:59:06 -0500] "GET /forms/lservlet;jsessionid=ac16012b30d62adfdeb7e752466ab5fb8e4f8705150b.e3iSbxaKaheRe34RbNaLb38QbNj0n6jAmljGr5XDqQLvpAe?ifcmd=getinfo&ifhost=A1DGCAC7ST8&ifip=192.168.173.162 HTTP/1.1" 200 8
190.84.43.161 - - [29/Feb/2024:07:59:07 -0500] "POST /sipse/faces/presentacion/financiero/solicitudProceso/listarSolicitudProceso.xhtml HTTP/1.1" 200 27577
201.245.192.253 - - [29/Feb/2024:07:59:06 -0500] "POST /forms/lservlet;jsessionid=ac16012b30d62adfdeb7e752466ab5fb8e4f8705150b.e3iSbxaKaheRe34RbNaLb38QbNj0n6jAmljGr5XDqQLvpAe HTTP/1.1" 200 8
190.84.43.161 - - [29/Feb/2024:07:59:07 -0500] "POST /sipse/faces/presentacion/financiero/solicitudProceso/listarSolicitudProceso.xhtml HTTP/1.1" 200 27577
201.245.192.253 - - [29/Feb/2024:07:59:07 -0500] "GET /forms/java/oracle/forms/engine/RunformBundle_es_CO.class HTTP/1.1" 404 362
201.245.192.253 - - [29/Feb/2024:07:59:07 -0500] "GET /forms/java/oracle/forms/engine/RunformBundle_es_CO.class HTTP/1.1" 404 362
201.245.192.253 - - [29/Feb/2024:07:59:07 -0500] "GET /forms/java/oracle/forms/engine/RunformBundle_es_CO.properties HTTP/1.1" 404 367
201.245.192.253 - - [29/Feb/2024:07:59:08 -0500] "POST /forms/lservlet;jsessionid=ac16012b30d62adfdeb7e752466ab5fb8e4f8705150b.e3iSbxaKaheRe34RbNaLb38QbNj0n6jAmljGr5XDqQLvpAe HTTP/1.1" 200 2728
201.245.192.253 - - [29/Feb/2024:07:59:09 -0500] "POST /forms/lservlet;jsessionid=ac16012b30d62adfdeb7e752466ab5fb8e4f8705150b.e3iSbxaKaheRe34RbNaLb38QbNj0n6jAmljGr5XDqQLvpAe HTTP/1.1" 200 2
201.245.192.253 - - [29/Feb/2024:07:59:09 -0500] "POST /forms/lservlet;jsessionid=ac16012b30d62adfdeb7e752466ab5fb8e4f8705150b.e3iSbxaKaheRe34RbNaLb38QbNj0n6jAmljGr5XDqQLvpAe HTTP/1.1" 200 2
190.84.43.161 - - [29/Feb/2024:07:59:08 -0500] "POST /sipse/faces/presentacion/financiero/solicitudProceso/listarSolicitudProceso.xhtml HTTP/1.1" 200 1372
190.84.43.161 - - [29/Feb/2024:07:59:09 -0500] "POST /sipse/faces/presentacion/financiero/solicitudProceso/listarSolicitudProceso.xhtml HTTP/1.1" 200 1376
201.245.192.253 - - [29/Feb/2024:07:59:15 -0500] "POST /forms/lservlet;jsessionid=ac16012b30d62adfdeb7e752466ab5fb8e4f8705150b.e3iSbxaKaheRe34RbNaLb38QbNj0n6jAmljGr5XDqQLvpAe HTTP/1.1" 200 3396
201.245.192.253 - - [29/Feb/2024:07:59:15 -0500] "HEAD /imagenes/rt_pset.gif HTTP/1.1" 200 -
201.245.192.253 - - [29/Feb/2024:07:59:15 -0500] "HEAD /imagenes/rt_exit.gif HTTP/1.1" 200 -
201.245.192.253 - - [29/Feb/2024:07:59:15 -0500] "HEAD /imagenes/rt_help.gif HTTP/1.1" 200 -
201.245.192.253 - - [29/Feb/2024:07:59:15 -0500] "GET /imagenes/rt_exit.gif HTTP/1.1" 200 916
201.245.192.253 - - [29/Feb/2024:07:59:15 -0500] "GET /imagenes/rt_exit.gif HTTP/1.1" 200 916
201.245.192.253 - - [29/Feb/2024:07:59:15 -0500] "POST /forms/lservlet;jsessionid=ac16012b30d62adfdeb7e752466ab5fb8e4f8705150b.e3iSbxaKaheRe34RbNaLb38QbNj0n6jAmljGr5XDqQLvpAe HTTP/1.1" 200 7
201.245.192.253 - - [29/Feb/2024:07:59:15 -0500] "POST /forms/lservlet;jsessionid=ac16012b30d62adfdeb7e752466ab5fb8e4f8705150b.e3iSbxaKaheRe34RbNaLb38QbNj0n6jAmljGr5XDqQLvpAe HTTP/1.1" 200 2
201.245.192.253 - - [29/Feb/2024:07:59:15 -0500] "POST /forms/lservlet;jsessionid=ac16012b30d62adfdeb7e752466ab5fb8e4f8705150b.e3iSbxaKaheRe34RbNaLb38QbNj0n6jAmljGr5XDqQLvpAe HTTP/1.1" 200 2
201.245.192.253 - - [29/Feb/2024:07:59:15 -0500] "POST /forms/lservlet;jsessionid=ac16012b30d62adfdeb7e752466ab5fb8e4f8705150b.e3iSbxaKaheRe34RbNaLb38QbNj0n6jAmljGr5XDqQLvpAe HTTP/1.1" 200 2
201.245.192.253 - - [29/Feb/2024:07:59:15 -0500] "POST /forms/lservlet;jsessionid=ac16012b30d62adfdeb7e752466ab5fb8e4f8705150b.e3iSbxaKaheRe34RbNaLb38QbNj0n6jAmljGr5XDqQLvpAe HTTP/1.1" 200 2
186.102.48.181 - - [29/Feb/2024:07:59:17 -0500] "GET /kwssiamovil/sm/ldap/au?x=U2FsdGVkX1+zNSdnNpk1+KWgOq7hONavoRIK/+VzzFwoXdUp5ks0pZRT+XyRZ0W0&y=U2FsdGVkX18tjwZ0mwFPrICDqgeXs08OrRoS+x/rPFLv4nB3W5pkvDbC2NOvn+5+ HTTP/1.1" 200 30
186.102.48.181 - - [29/Feb/2024:07:59:18 -0500] "GET /kwssiamovil/sm/acme/s?s=U2FsdGVkX19Xo3LWooFbG0aEW+plIZzq6fc9tavlhJAHU82jTd5PrpXbZdTDuPwKhVotJzqlFvjQmupKO7f3ihxJI9nRCzcqtj8zSbKxYvA=&u=U2FsdGVkX18MsqjhtbvQM//fp5qFcG99eQd76YPZ7upsgzq5BYBWqCUrVqGZeCJl&y=U2FsdGVkX18tjwZ0mwFPrICDqgeXs08OrRoS+x/rPFLv4nB3W5pkvDbC2NOvn+5+ HTTP/1.1" 200 97
186.102.48.181 - - [29/Feb/2024:07:59:18 -0500] "GET /kwssiamovil/sm/acme/s?s=U2FsdGVkX18m9oIKln3UmaOI8aiKdJF8XeyczEsym9tt9BuG+jnJokETEzozmlJ87MX5zRbUOw2X+3x8btH7Ff7fV2GtqoEUdQklksoLT6i1X35eK8NSKr3wJSjGysWYQvUYRm53DIGS7RDvztyM2JMP2vUJzN0KxDuRvy7vH+JbK/nj2dQNjY6l/pSnIPRPMdqagH9eNfNRLNjTu6UXiBrI7vAdQYtIxPQZxb2VroubcwFqiIg6YSMbnzqJbx6aeQAdb8V4vzx666H/gDJ5hqPQ36S3Qe+qVU0w3l59GirXrV+of85nJrz1DgyIMwrJbGYaTat+SBAykaV2OhatAaZHxtY83cFKf1i2IgpUTjTzqD+E5+gpo0K1SavEoQDynShVARgdcMeWXnb5gC56ilm9a/tZ7jwgW/9eqgS7jxwGJoKehTE9pAB0EIZQZjrsENrOdKa8jhozlXF6IM34cDOCEcGrHGuqLMILAvdxILsdmy8r7evOud6AUZjFBHHfypJr0GpqThf5XHjxHhDT6Xn+5RTSaf5wum0Cy1zZeUP1aphnwXoGfA84nqwR4mL57NwXZTInR5VjkvFPnkCtlHm38aWwq+a5AxaaogbpQMkQfMEAYrAb1c7kZwQP27WOpcE62noIrMFmtMRTB/lnkqosJ4Z/5Zf6Gz04+HDjiHbqEdZKGfgB+i0usr4L/U87dq1eQ3npu/HGFE9i1cb2TW1ciaWa4uxFLzkfpbg11pYJaD0SFZqpJB8Wx5IJHvNHo0CH4tURDrn9xYMdSrfX20kUhzp78olVbqqv9jSezS18pny6KDzJEBndM9wy4wRl2hmlwi8qRDkyGNfIfZpT/+WhgfoZrBCSpW0xNE1LbpmFejXyTYrC/VOSWN+fxXMJ0XQSBnKn+F5lfJ/X5yJATA0alxwHWAIB6NdcaDSKF03c5ri5TDnAfFBTAALwZPdGBCC8HzppnrlKcM9e/BCB6kS26Vo6JJ+odJHIbP7T7QfaE2DlgXxYZziEAH/JSiVFjdkP83597r9VeNv29tB3zUSQfkPP1gt83G0nUxzzAMHbrPASWhSq/fyBgzSFO8l73p+SjYZtXCO/vxIsi5/kqBR7k5J5tKOjR/KUMu45UjEfTrR0gG0hUXNtdszUEx44s0lsRdqQkzPzGwIF2yS7L6OSa+jmoJBOMBc6qndGr5rLROJSD+X00JW+O90inK3ysRf2JD2dwfhgbhdWq46k8oKNYGJcwsNVLw2rYJU9a5++aIhAL7cm5O8seDGYsnvIHtfZmJhCuhKWaCGmnERT0xcma8OHzuxHQIJLvRp6beMOU20iy9CYDccfzsDXfXDnLgTA4V6zM6eoPzILiwr1W/4WzppI/YQezBwLT820/4LbOYsg8gVh0pWa0rSH3dGvE5BCwWNbci8NWwyA7bwmBiLvtqD7bpA0J3wElwPUoJFso2Jk0FSLQJctKEGSMRZe/+C2mnNU1OIvIiEYEZiPnefn/M3u3UuCSPtDC0Qu+6IywiTXnV9faSozXVKk0iMa0xoKgfWpPe9WThSiIhmZxeaJvlv34649es/xpuBaGup+gluzaQXRiqGxvJqohujZxMkjeBj+j8rwnWzKXbO5P58JdgN2gGO9wU8vAxeIlOeCh4BSxwQN2C7lHDheKvrOiBCyPAjH0XL3RXmaKcwWzo/UoiqUJwmvPBc+D0PPstE4dn475pSyEYvWnqZzHnUWc9tc5eXoE4gpKkT3vyuoaoAR2LB8k72YR/c6OKyc/Z9mxmx2L0ZP/LthZNfeFO6F&u=U2FsdGVkX18MsqjhtbvQM//fp5qFcG99eQd76YPZ7upsgzq5BYBWqCUrVqGZeCJl&y=U2FsdGVkX18tjwZ0mwFPrICDqgeXs08OrRoS+x/rPFLv4nB3W5pkvDbC2NOvn+5+ HTTP/1.1" 200 300
186.102.48.181 - - [29/Feb/2024:07:59:19 -0500] "GET /kwssiamovil/sm/acme/s?s=U2FsdGVkX1/z8ky37fFF0qMU1DPOcAl4pkDdEtR5klIQKFz3/0bmqmbs1qojqbrGkPAklM4CujE+KczetP7lQEmsEWqYFb104LBR5fPOv4b2gLB40+aHJlWNmxeDgmktKixgKr87Ltge/GYTp7tdgT11pPYM/JG5jNwxogp++1uqWuenS+Z0DNzLCqtVTQmXA5ahW/YyIHi1fNqpmkYlpJF1oC+iIjkPu7vRq7GDFVTmq0z/a+8UUAdvq2c0QEINdnJAhrhFyeL7RJoPRT2/vK+X+1e+tTy4TAwFYBsyi5NymFhXlNQge/iPdfGhOg1f8vmPsk3S8dXNsUE//Z6ttdZbudwpAG8alg1yHxCP4FOdj7P1tu3zSAgDbLRDDXk1mDfGJ3lE5/LCVLcMLLpgMI71AjtEDknDaTd1qiYrN/fTubXQZkhOGuV3DTAFAw2wYm+P67taqB6Q5DCTRwKUdtlZTgmWZav6kSLU6TeE5kdyh3EqkQD3oVOxGAWRB5MaQTN8Wh2On0cLRBr4R8ThShOvxuh9BsGyYiwYGnd8nNVb1aZYuw0YnoWxWF0c2Mk/DB1TMIJGzdFTZArawbHDfTbIS9xpnRCaZLIqHtquJe12+dDvD9kXfQkgBsNIGTU/JFlU8zzvvysZ1yJZYH+WU8rmqom+6XVFNGwJP+LCuoVE0Ah7bByYnY+MiDI1NGsz9pvayYQcUhF1YRAWSjgQuf2Ff8OsXfL0kTM+gt0ybyLF/1Z+Eh0zZbKHuJaELsYm&u=U2FsdGVkX18MsqjhtbvQM//fp5qFcG99eQd76YPZ7upsgzq5BYBWqCUrVqGZeCJl&y=U2FsdGVkX18tjwZ0mwFPrICDqgeXs08OrRoS+x/rPFLv4nB3W5pkvDbC2NOvn+5+ HTTP/1.1" 200 208
201.245.192.253 - - [29/Feb/2024:07:59:19 -0500] "POST /forms/lservlet;jsessionid=ac16012b30d62adfdeb7e752466ab5fb8e4f8705150b.e3iSbxaKaheRe34RbNaLb38QbNj0n6jAmljGr5XDqQLvpAe HTTP/1.1" 200 7066
201.245.192.253 - - [29/Feb/2024:07:59:19 -0500] "HEAD /imagenes/rt_quer1.gif HTTP/1.1" 200 -
201.245.192.253 - - [29/Feb/2024:07:59:19 -0500] "HEAD /imagenes/rt_quer2.gif HTTP/1.1" 200 -
201.245.192.253 - - [29/Feb/2024:07:59:19 -0500] "HEAD /imagenes/rt_quer3.gif HTTP/1.1" 200 -
201.245.192.253 - - [29/Feb/2024:07:59:19 -0500] "HEAD /imagenes/rt_radd.gif HTTP/1.1" 200 -
201.245.192.253 - - [29/Feb/2024:07:59:19 -0500] "HEAD /imagenes/rt_rdel.gif HTTP/1.1" 200 -
201.245.192.253 - - [29/Feb/2024:07:59:19 -0500] "HEAD /imagenes/rt_rec1.gif HTTP/1.1" 200 -
201.245.192.253 - - [29/Feb/2024:07:59:19 -0500] "HEAD /imagenes/rt_rec4.gif HTTP/1.1" 200 -
201.245.192.253 - - [29/Feb/2024:07:59:19 -0500] "HEAD /imagenes/rt_save.gif HTTP/1.1" 200 -
201.245.192.253 - - [29/Feb/2024:07:59:19 -0500] "HEAD /imagenes/rt_print.gif HTTP/1.1" 200 -
201.245.192.253 - - [29/Feb/2024:07:59:19 -0500] "HEAD /imagenes/listval.gif HTTP/1.1" 200 -
201.245.192.253 - - [29/Feb/2024:07:59:19 -0500] "GET /imagenes/rt_quer1.gif HTTP/1.1" 200 930
201.245.192.253 - - [29/Feb/2024:07:59:19 -0500] "GET /imagenes/rt_quer2.gif HTTP/1.1" 200 936
201.245.192.253 - - [29/Feb/2024:07:59:19 -0500] "GET /imagenes/rt_quer3.gif HTTP/1.1" 200 939
201.245.192.253 - - [29/Feb/2024:07:59:19 -0500] "GET /imagenes/rt_radd.gif HTTP/1.1" 200 907
201.245.192.253 - - [29/Feb/2024:07:59:19 -0500] "GET /imagenes/rt_rdel.gif HTTP/1.1" 200 899
201.245.192.253 - - [29/Feb/2024:07:59:19 -0500] "GET /imagenes/rt_rec1.gif HTTP/1.1" 200 867
201.245.192.253 - - [29/Feb/2024:07:59:19 -0500] "GET /imagenes/rt_rec4.gif HTTP/1.1" 200 865
201.245.192.253 - - [29/Feb/2024:07:59:19 -0500] "GET /imagenes/rt_save.gif HTTP/1.1" 200 903
201.245.192.253 - - [29/Feb/2024:07:59:19 -0500] "GET /imagenes/rt_print.gif HTTP/1.1" 200 916
201.245.192.253 - - [29/Feb/2024:07:59:19 -0500] "GET /imagenes/listval.gif HTTP/1.1" 200 905
201.245.192.253 - - [29/Feb/2024:07:59:19 -0500] "POST /forms/lservlet;jsessionid=ac16012b30d62adfdeb7e752466ab5fb8e4f8705150b.e3iSbxaKaheRe34RbNaLb38QbNj0n6jAmljGr5XDqQLvpAe HTTP/1.1" 200 10
186.102.48.181 - - [29/Feb/2024:07:59:19 -0500] "GET /kwssiamovil/sm/cjson/pre?f=1&x=U2FsdGVkX1+zNSdnNpk1+KWgOq7hONavoRIK/+VzzFwoXdUp5ks0pZRT+XyRZ0W0 HTTP/1.1" 200 30244
201.245.192.253 - - [29/Feb/2024:07:59:20 -0500] "POST /forms/lservlet;jsessionid=ac16012b30d62adfdeb7e752466ab5fb8e4f8705150b.e3iSbxaKaheRe34RbNaLb38QbNj0n6jAmljGr5XDqQLvpAe HTTP/1.1" 200 13
201.245.192.253 - - [29/Feb/2024:07:59:22 -0500] "POST /forms/lservlet;jsessionid=ac16012b30d62adfdeb7e752466ab5fb8e4f8705150b.e3iSbxaKaheRe34RbNaLb38QbNj0n6jAmljGr5XDqQLvpAe HTTP/1.1" 200 669
201.245.192.253 - - [29/Feb/2024:07:59:25 -0500] "POST /forms/lservlet;jsessionid=ac16012b30d62adfdeb7e752466ab5fb8e4f8705150b.e3iSbxaKaheRe34RbNaLb38QbNj0n6jAmljGr5XDqQLvpAe HTTP/1.1" 200 13612
201.245.192.253 - - [29/Feb/2024:07:59:26 -0500] "POST /forms/lservlet;jsessionid=ac16012b30d62adfdeb7e752466ab5fb8e4f8705150b.e3iSbxaKaheRe34RbNaLb38QbNj0n6jAmljGr5XDqQLvpAe HTTP/1.1" 200 10
190.84.43.161 - - [29/Feb/2024:07:59:27 -0500] "POST /sipse/faces/presentacion/financiero/solicitudProceso/listarSolicitudProceso.xhtml HTTP/1.1" 200 10108
190.84.43.161 - - [29/Feb/2024:07:59:27 -0500] "POST /sipse/faces/presentacion/financiero/solicitudProceso/listarSolicitudProceso.xhtml HTTP/1.1" 200 10108
201.245.192.253 - - [29/Feb/2024:07:59:30 -0500] "POST /forms/lservlet;jsessionid=ac16012b30d62adfdeb7e752466ab5fb8e4f8705150b.e3iSbxaKaheRe34RbNaLb38QbNj0n6jAmljGr5XDqQLvpAe HTTP/1.1" 200 39
201.245.192.253 - - [29/Feb/2024:07:59:30 -0500] "POST /forms/lservlet;jsessionid=ac16012b30d62adfdeb7e752466ab5fb8e4f8705150b.e3iSbxaKaheRe34RbNaLb38QbNj0n6jAmljGr5XDqQLvpAe HTTP/1.1" 200 8
201.245.192.253 - - [29/Feb/2024:07:59:30 -0500] "POST /forms/lservlet;jsessionid=ac16012b30d62adfdeb7e752466ab5fb8e4f8705150b.e3iSbxaKaheRe34RbNaLb38QbNj0n6jAmljGr5XDqQLvpAe HTTP/1.1" 200 2
201.245.192.253 - - [29/Feb/2024:07:59:34 -0500] "POST /forms/lservlet;jsessionid=ac16012b30d62adfdeb7e752466ab5fb8e4f8705150b.e3iSbxaKaheRe34RbNaLb38QbNj0n6jAmljGr5XDqQLvpAe HTTP/1.1" 200 1690
190.84.43.161 - - [29/Feb/2024:07:59:46 -0500] "POST /sipse/faces/presentacion/financiero/solicitudProceso/listarSolicitudProceso.xhtml HTTP/1.1" 200 10109
201.245.192.253 - - [29/Feb/2024:07:59:56 -0500] "POST /forms/lservlet;jsessionid=ac16012b30d62adfdeb7e752466ab5fb8e4f8705150b.e3iSbxaKaheRe34RbNaLb38QbNj0n6jAmljGr5XDqQLvpAe HTTP/1.1" 200 815
201.245.192.253 - - [29/Feb/2024:07:59:56 -0500] "POST /forms/lservlet;jsessionid=ac16012b30d62adfdeb7e752466ab5fb8e4f8705150b.e3iSbxaKaheRe34RbNaLb38QbNj0n6jAmljGr5XDqQLvpAe HTTP/1.1" 200 885
201.245.192.253 - - [29/Feb/2024:07:59:56 -0500] "POST /forms/lservlet;jsessionid=ac16012b30d62adfdeb7e752466ab5fb8e4f8705150b.e3iSbxaKaheRe34RbNaLb38QbNj0n6jAmljGr5XDqQLvpAe HTTP/1.1" 200 43
201.245.192.253 - - [29/Feb/2024:07:59:57 -0500] "POST /forms/lservlet;jsessionid=ac16012b30d62adfdeb7e752466ab5fb8e4f8705150b.e3iSbxaKaheRe34RbNaLb38QbNj0n6jAmljGr5XDqQLvpAe HTTP/1.1" 200 18
201.245.192.253 - - [29/Feb/2024:08:00:00 -0500] "POST /forms/lservlet;jsessionid=ac16012b30d62adfdeb7e752466ab5fb8e4f8705150b.e3iSbxaKaheRe34RbNaLb38QbNj0n6jAmljGr5XDqQLvpAe HTTP/1.1" 200 13
201.245.192.253 - - [29/Feb/2024:08:00:00 -0500] "POST /forms/lservlet;jsessionid=ac16012b30d62adfdeb7e752466ab5fb8e4f8705150b.e3iSbxaKaheRe34RbNaLb38QbNj0n6jAmljGr5XDqQLvpAe HTTP/1.1" 200 8
201.245.192.253 - - [29/Feb/2024:08:00:00 -0500] "POST /forms/lservlet;jsessionid=ac16012b30d62adfdeb7e752466ab5fb8e4f8705150b.e3iSbxaKaheRe34RbNaLb38QbNj0n6jAmljGr5XDqQLvpAe HTTP/1.1" 200 2
172.22.2.4 - - [29/Feb/2024:07:58:22 -0500] "HEAD /BLA/boletinlegal/ HTTP/1.1" 200 -
201.245.192.253 - - [29/Feb/2024:08:00:03 -0500] "POST /forms/lservlet;jsessionid=ac16012b30d62adfdeb7e752466ab5fb8e4f8705150b.e3iSbxaKaheRe34RbNaLb38QbNj0n6jAmljGr5XDqQLvpAe HTTP/1.1" 200 954
201.245.192.253 - - [29/Feb/2024:08:00:03 -0500] "POST /forms/lservlet;jsessionid=ac16012b30d62adfdeb7e752466ab5fb8e4f8705150b.e3iSbxaKaheRe34RbNaLb38QbNj0n6jAmljGr5XDqQLvpAe HTTP/1.1" 200 10
201.245.192.253 - - [29/Feb/2024:08:00:03 -0500] "POST /forms/lservlet;jsessionid=ac16012b30d62adfdeb7e752466ab5fb8e4f8705150b.e3iSbxaKaheRe34RbNaLb38QbNj0n6jAmljGr5XDqQLvpAe HTTP/1.1" 200 24
201.245.192.253 - - [29/Feb/2024:08:00:05 -0500] "POST /forms/lservlet;jsessionid=ac16012b30d62adfdeb7e752466ab5fb8e4f8705150b.e3iSbxaKaheRe34RbNaLb38QbNj0n6jAmljGr5XDqQLvpAe HTTP/1.1" 200 1207
201.245.192.253 - - [29/Feb/2024:08:00:08 -0500] "POST /forms/lservlet;jsessionid=ac16012b30d62adfdeb7e752466ab5fb8e4f8705150b.e3iSbxaKaheRe34RbNaLb38QbNj0n6jAmljGr5XDqQLvpAe HTTP/1.1" 200 1468
190.84.43.161 - - [29/Feb/2024:08:00:08 -0500] "POST /sipse/faces/presentacion/financiero/solicitudProceso/listarSolicitudProceso.xhtml HTTP/1.1" 200 10133
186.102.4.134 - - [29/Feb/2024:08:00:09 -0500] "GET /kwssiamovil/sm/ldap/au?x=U2FsdGVkX18oo/osMZ4oLs+AN+dgPcRTd7lIy6KnEH5tUg4Ek8F6XJ+R0+m8MijGvn+ZsiY7h5/ndbwgyxNcYA==&y=U2FsdGVkX1+qPQGw+88gzZ69bv8uxs7feqLP70c7nfpM8tUB9S0vemLMlXMpTHJr HTTP/1.1" 200 31
201.245.192.253 - - [29/Feb/2024:08:00:17 -0500] "POST /forms/lservlet;jsessionid=ac16012b30d62adfdeb7e752466ab5fb8e4f8705150b.e3iSbxaKaheRe34RbNaLb38QbNj0n6jAmljGr5XDqQLvpAe HTTP/1.1" 200 582
201.245.192.253 - - [29/Feb/2024:08:00:18 -0500] "POST /forms/lservlet;jsessionid=ac16012b30d62adfdeb7e752466ab5fb8e4f8705150b.e3iSbxaKaheRe34RbNaLb38QbNj0n6jAmljGr5XDqQLvpAe HTTP/1.1" 200 15
186.102.4.134 - - [29/Feb/2024:08:00:18 -0500] "GET /kwssiamovil/sm/ldap/au?x=U2FsdGVkX18LFKZf980hhTN03KNIdR/38yJOz/QENXdp5/aBXmX8C4ur1Znjky3r14vZ8CE63OiG7otjeA/ZjQ==&y=U2FsdGVkX1/Uv3h1vgO5pEhLG0gHQloLwYnOmJY0n6lwGT6Ve8Vun3BsobXjVcrR HTTP/1.1" 200 31
201.245.192.253 - - [29/Feb/2024:08:00:19 -0500] "POST /forms/lservlet;jsessionid=ac16012b30d62adfdeb7e752466ab5fb8e4f8705150b.e3iSbxaKaheRe34RbNaLb38QbNj0n6jAmljGr5XDqQLvpAe HTTP/1.1" 200 616
201.245.192.253 - - [29/Feb/2024:08:00:19 -0500] "POST /forms/lservlet;jsessionid=ac16012b30d62adfdeb7e752466ab5fb8e4f8705150b.e3iSbxaKaheRe34RbNaLb38QbNj0n6jAmljGr5XDqQLvpAe HTTP/1.1" 200 582
186.102.4.134 - - [29/Feb/2024:08:00:25 -0500] "GET /kwssiamovil/sm/ldap/au?x=U2FsdGVkX18tAXtOCYg6c+UzeeMpx9ammDZWhw/L/kNWGOCbHilW/bAApwogAnYX&y=U2FsdGVkX19FinMFa7syx73esN9+0e/BTul81qAhSJAB9DGz9wbor3dvZmpImzJS HTTP/1.1" 200 31
190.84.43.161 - - [29/Feb/2024:08:00:26 -0500] "POST /sipse/faces/presentacion/financiero/solicitudProceso/listarSolicitudProceso.xhtml HTTP/1.1" 200 10122
186.102.4.134 - - [29/Feb/2024:08:00:28 -0500] "GET /kwssiamovil/sm/ldap/au?x=U2FsdGVkX18pvCCAHV0A9V2h7bfaPQt+qrfgCX6g0XFHfbFtcYFbQZMlyTRziQ//&y=U2FsdGVkX19YYE77l3ddD0MMi/G1eiZkmZ+k9bQJO/1a4J6H7pTeq7FsH3rBj+QN HTTP/1.1" 200 30
186.102.4.134 - - [29/Feb/2024:08:00:29 -0500] "GET /kwssiamovil/sm/acme/s?s=U2FsdGVkX19dtYALIxdH6WCQVx5pgtWnir21RYph+jKkg7g9Qs4sldZw7OFrrr9oIvTFYuoWwG2GkzgXXdHGt+E57GbO4UpVQUfNKBx1PTk=&u=U2FsdGVkX1/iZqp6PyzwWs5U9rF8Z1ItMfS9geGbReClgWBet8S8s9pBJuJP3k40&y=U2FsdGVkX19YYE77l3ddD0MMi/G1eiZkmZ+k9bQJO/1a4J6H7pTeq7FsH3rBj+QN HTTP/1.1" 200 97
186.102.4.134 - - [29/Feb/2024:08:00:29 -0500] "GET /kwssiamovil/sm/acme/s?s=U2FsdGVkX18crpcjXkNnvqoPM8ESFVwRk4DU9qr2Xn41FF0lXRW23xz8xtAAsiSow4+XejoRRgTlbZZdEsn1o+pEe5kv/EPflDJ477nY5vnrXktWdqYX0EFJVnP28VdQkZy1a2s8/KUn34Df2yZvuIoKEWRQsFuVwYydS2WU2CMRIKcVuaaR800cK6y06fSU2/O3ctH3EECK0LP6FtM5ehfj/f+Mx8t3MeVBSwfHQXkZ/8YcYTbN3WbTTSXJajURUf8Jn1qiuNBXh3nPPTWpX8KkayjuD/45jnXWxk+ShYm6G/h+u5t2Ebvo0yvG9WXzXscSkkh82AAw6A5GW8JDqDtnL7pgnOrSP/Sg5LO+k3W3MVcIr54tBo/hfeEDSXiNSncBEl5IWA1HLD5bXca6v1dhmAqiK3gtW+jJUkRG8WInDWr/hoT6S7ig+0MiPRyMz/3Ra/Rito945lFhGFByJN5R2Q/uwvx/GnRco/S62xrkFBP4553cAahDdM0Mk3HKGsVBJRUC1XR9odc+yWUXaHpnUJBd8UTVvkZKh1gNejsqOXT7wwxUv5wsgyDPN8/JXyVxHmLrn/A9xyTV2oyqb2ayvUTc+6snkDCaN1vb81Eri9bIdThwBfUt9YOTaQn4p225fEbjmMRNFjV61SzfqALJzrvt7A8lTkZWynWRSpis1deoCd0O50XBf+DRA/fxHDZqVRxnDo/WBi4D6zuRK6Focp/POstBwkYceZ8DJrQfWJuEX2xjAYu/OciDXbfDv6FJYlARwqzGhA4t1ddzpHFaPJVNF1ltxTb3/K34ktQUnVSfomvgTZbMObcyV4v3rpH6HfesNMDyNdYLIOiCmKjb1v4ejBgF0WZZyAfsNBAPU2zUfhiXRsUp6HDEn2keLSOmmHMgkdgpYE6+vuZc7Ou+cMDwLLuNSowt3TmV7st3tL0mDJE7DxwOeqUmgq5NDJwpPLDkHGEr8ou8mY+YNG/Q7oZSHUCSwF/qdat0c81/TaLVs1Yeznp3ptJBpRUvexkwfQ2gNUFIhI6WPJvTRIeB6jfP0CQCgF45iA1ylJ15Vih8CJR1vNBunlB9P5rN6Nk+zMZ7JURczzjKLDjDXmxwyVeaFp3Opyx6AyfONt4Bnnozvv4gSvuHt38N1Zgxo9GKIW2cT17xC4LSjtLjtBqXkrJhomHLSBlJDXuXbM57mU/OOTUJEZdDDeRVtC99/xrJpT4myRx04+IqhFTeMGwstOwtB9PRy+gc+17WBa7z5X1et2yOg6iqMsLF8C36POs1JDHTXc8vGjrXqjma22aDqS0P1Nmhl6R3oU0NYzegA2Mqv4Q7v9YvCoYoIgdsendFwXR3Qomf4svwGjcjNa43RdbOgAin/edyIYMnL/dE8pyjZHTt3StHRAYutITliFzemk6N6ySpVLKWl5Icca9GBbIMwByw0eJBbK4ZJQ2yUNg6kBubVFrv88xDDUcIqJpqpD9dvYhDnGNfSi/OiyWgEp3G+XpSAT5A2mt5j3nbzZzeX7UuXtXqX9pHhKwmyZtn7vE9vvGc+DA34wTsSSdJn4UOyEp4Korf15RY8bagaoj62p5FCwEOiMVxq45u5F6UW01FlK70VCSQYSvlh4yIIZKoofxFXuhCnAbEZmYZN4l/CORNm/a80T/7Adf9H5xL8pLIWS25b/KeGhdG2FaB6aDgAtG+L1DbhNr2Mb1Lw/N1LV7DS1Kk0j9Hlt9Rkteb0UVjigQcQVBAyfPA77Ws4KE/DC6fIyr+ZjLLVvWZpK1BKOLaV2XqGyRx/0/J&u=U2FsdGVkX1/iZqp6PyzwWs5U9rF8Z1ItMfS9geGbReClgWBet8S8s9pBJuJP3k40&y=U2FsdGVkX19YYE77l3ddD0MMi/G1eiZkmZ+k9bQJO/1a4J6H7pTeq7FsH3rBj+QN HTTP/1.1" 200 1000
186.102.4.134 - - [29/Feb/2024:08:00:29 -0500] "GET /kwssiamovil/sm/acme/s?s=U2FsdGVkX1+jcsgC4YLyX5JVYbGQM4MEpWY8RjKX9GwLMCa+GOLnnowj0FUaLtnNvAD4eInEFL+wuQ36+3EmM0L8g1t3eOARZ0CA9jOyBnH91xLyQOPGrg4LtIBEtJzD83qEcVx110jYJPj5MgpRzPjk24nTmcATg80VhQwxDZ7Ggsou9kk3SST/sCBMKTIaWBjthVAYHfZg5G88nCSjBN4o3Ixnudg7s2zMUJ3/VDfyF4WUHFmfb9nvQ271ewvIEObdEYneonLeVc6SyFBgLwSSHNI8r49E/HxZUFHIn01dGv0ae+8fwwImDYOdsyb1MVA50arKBni8atSoqLcZLzcaDl6/MKtfJLqKkoafdBsMgFbRx+sM3PZB8s0QSeSlNm8c9CT5dQ8Dkdbg4CmF691eThwZ24SaCc90lkFHPvCs3mscLQWabYgJRxSBy/GZpWBkYVGpFBloPhN8Utuup0qtwofAeFgDp0YrbB+Mf/X6NtbVCVfQUqKI2sQ9AGcDIfawKRl8cLFwK0k3pJCsDpyhecnBDxKokonYYo9ha8v4Pwmj7BioS4YY1HBC0irkSm1CICTIk2Q9cO5oQv89CB0s0LYP/lmJA1Xana4lh/b9ihkLcSRoMWk8vQa7rR2NI5AIDxjC3uy5omr9QOj8oJ7ELmFhwpFlcBoJtbaU8GFLUgMMMFZmj9kCCdCAi1j5m1hRb5G8hEpsXpk3OUuWkZoMjW0tZIATFldsdlEinKHN+NHVB27SxinlJ3EKplxHPBCZZrH18tZzuwYVtKRh4g==&u=U2FsdGVkX1/iZqp6PyzwWs5U9rF8Z1ItMfS9geGbReClgWBet8S8s9pBJuJP3k40&y=U2FsdGVkX19YYE77l3ddD0MMi/G1eiZkmZ+k9bQJO/1a4J6H7pTeq7FsH3rBj+QN HTTP/1.1" 200 352
186.102.4.134 - - [29/Feb/2024:08:00:29 -0500] "GET /kwssiamovil/sm/cjson/pre?f=9&x=U2FsdGVkX18pvCCAHV0A9V2h7bfaPQt+qrfgCX6g0XFHfbFtcYFbQZMlyTRziQ// HTTP/1.1" 200 23812
186.102.4.134 - - [29/Feb/2024:08:00:29 -0500] "GET /kwssiamovil/sm/cjson/pre?f=18&x=U2FsdGVkX18pvCCAHV0A9V2h7bfaPQt+qrfgCX6g0XFHfbFtcYFbQZMlyTRziQ// HTTP/1.1" 200 32013
201.245.192.253 - - [29/Feb/2024:08:00:33 -0500] "POST /forms/lservlet;jsessionid=ac16012b30d62adfdeb7e752466ab5fb8e4f8705150b.e3iSbxaKaheRe34RbNaLb38QbNj0n6jAmljGr5XDqQLvpAe HTTP/1.1" 200 13
66.249.66.40 - - [29/Feb/2024:08:00:34 -0500] "GET /con-actividades-pedagogicas-y-recreativas-bogota-disfruto-y-conmemoro-la-semana-ambiental.html HTTP/1.1" 200 821
201.245.192.253 - - [29/Feb/2024:08:00:34 -0500] "POST /forms/lservlet;jsessionid=ac16012b30d62adfdeb7e752466ab5fb8e4f8705150b.e3iSbxaKaheRe34RbNaLb38QbNj0n6jAmljGr5XDqQLvpAe HTTP/1.1" 200 606
201.245.192.253 - - [29/Feb/2024:08:00:53 -0500] "POST /forms/lservlet;jsessionid=ac16012b30d62adfdeb7e752466ab5fb8e4f8705150b.e3iSbxaKaheRe34RbNaLb38QbNj0n6jAmljGr5XDqQLvpAe HTTP/1.1" 200 1172
172.22.2.4 - - [29/Feb/2024:07:59:13 -0500] "GET /BLA/boletinlegal/ HTTP/1.1" 200 60380
190.84.43.161 - - [29/Feb/2024:08:00:54 -0500] "POST /sipse/faces/presentacion/financiero/solicitudProceso/listarSolicitudProceso.xhtml HTTP/1.1" 200 10210
201.245.192.253 - - [29/Feb/2024:08:01:03 -0500] "POST /forms/lservlet;jsessionid=ac16012b30d62adfdeb7e752466ab5fb8e4f8705150b.e3iSbxaKaheRe34RbNaLb38QbNj0n6jAmljGr5XDqQLvpAe HTTP/1.1" 200 839
201.245.192.253 - - [29/Feb/2024:08:01:07 -0500] "POST /forms/lservlet;jsessionid=ac16012b30d62adfdeb7e752466ab5fb8e4f8705150b.e3iSbxaKaheRe34RbNaLb38QbNj0n6jAmljGr5XDqQLvpAe HTTP/1.1" 200 2
201.245.192.253 - - [29/Feb/2024:08:01:08 -0500] "POST /forms/lservlet;jsessionid=ac16012b30d62adfdeb7e752466ab5fb8e4f8705150b.e3iSbxaKaheRe34RbNaLb38QbNj0n6jAmljGr5XDqQLvpAe HTTP/1.1" 200 897
201.245.192.253 - - [29/Feb/2024:08:01:08 -0500] "POST /forms/lservlet;jsessionid=ac16012b30d62adfdeb7e752466ab5fb8e4f8705150b.e3iSbxaKaheRe34RbNaLb38QbNj0n6jAmljGr5XDqQLvpAe HTTP/1.1" 200 2
201.245.192.253 - - [29/Feb/2024:08:01:09 -0500] "POST /forms/lservlet;jsessionid=ac16012b30d62adfdeb7e752466ab5fb8e4f8705150b.e3iSbxaKaheRe34RbNaLb38QbNj0n6jAmljGr5XDqQLvpAe HTTP/1.1" 200 921
201.245.192.253 - - [29/Feb/2024:08:01:09 -0500] "POST /forms/lservlet;jsessionid=ac16012b30d62adfdeb7e752466ab5fb8e4f8705150b.e3iSbxaKaheRe34RbNaLb38QbNj0n6jAmljGr5XDqQLvpAe HTTP/1.1" 200 576
201.245.192.253 - - [29/Feb/2024:08:01:10 -0500] "POST /forms/lservlet;jsessionid=ac16012b30d62adfdeb7e752466ab5fb8e4f8705150b.e3iSbxaKaheRe34RbNaLb38QbNj0n6jAmljGr5XDqQLvpAe HTTP/1.1" 200 590
190.84.43.161 - - [29/Feb/2024:08:01:14 -0500] "POST /sipse/faces/presentacion/financiero/solicitudProceso/listarSolicitudProceso.xhtml HTTP/1.1" 200 10199
179.19.197.159 - - [29/Feb/2024:08:01:15 -0500] "GET /sipse/faces/index.xhtml HTTP/1.1" 200 677
179.19.197.159 - - [29/Feb/2024:08:01:15 -0500] "GET /sipse/faces/javax.faces.resource/theme.css?ln=primefaces-sipse HTTP/1.1" 304 -
179.19.197.159 - - [29/Feb/2024:08:01:15 -0500] "GET /sipse/faces/faces/autenticacion.xhtml HTTP/1.1" 200 12404
179.19.197.159 - - [29/Feb/2024:08:01:16 -0500] "GET /sipse/css/custom_css_sg_prime_login.css HTTP/1.1" 304 -
179.19.197.159 - - [29/Feb/2024:08:01:16 -0500] "GET /sipse/faces/javax.faces.resource/theme.css?ln=primefaces-sipse HTTP/1.1" 304 -
