3.224.220.101 - - [05/Mar/2024:07:13:33 -0500] "GET /BLA/resoluciones/RESOLUCIONES%202006/RESOLUCION%2059%20DE%202006.PDF HTTP/1.1" 200 933789
3.224.220.101 - - [05/Mar/2024:07:13:37 -0500] "GET /BLA/resoluciones/RESOLUCIONES%202006/RESOLUCION%2023%20DE%202006.PDF HTTP/1.1" 200 1041144
3.224.220.101 - - [05/Mar/2024:07:13:41 -0500] "GET /BLA/resoluciones/RESOLUCIONES%202006/RESOLUCION%202650%20DE%202006.PDF HTTP/1.1" 200 65118
3.224.220.101 - - [05/Mar/2024:07:13:45 -0500] "GET /BLA/resoluciones/RESOLUCIONES%202006/RESOLUCION%202642%20DE%202006.PDF HTTP/1.1" 200 63934
23.22.35.162 - - [05/Mar/2024:07:13:49 -0500] "GET /BLA/resoluciones/RESOLUCIONES%202006/RESOLUCION%202618%20DE%202006.PDF HTTP/1.1" 200 73462
3.224.220.101 - - [05/Mar/2024:07:13:53 -0500] "GET /BLA/resoluciones/RESOLUCIONES%202006/RESOLUCION%202580%20DE%202006.PDF HTTP/1.1" 200 17762
52.70.240.171 - - [05/Mar/2024:07:13:57 -0500] "GET /BLA/resoluciones/RESOLUCIONES%202006/RESOLUCION%202529%20DE%202006.PDF HTTP/1.1" 200 58790
23.22.35.162 - - [05/Mar/2024:07:14:02 -0500] "GET /BLA/resoluciones/RESOLUCIONES%202006/RESOLUCION%202515%20DE%202006.PDF HTTP/1.1" 200 34869
172.22.2.4 - - [05/Mar/2024:07:12:25 -0500] "HEAD /BLA/boletinlegal/ HTTP/1.1" 200 -
3.224.220.101 - - [05/Mar/2024:07:14:05 -0500] "GET /BLA/resoluciones/RESOLUCIONES%202006/RESOLUCION%202514%20DE%202006.PDF HTTP/1.1" 200 24083
3.224.220.101 - - [05/Mar/2024:07:14:09 -0500] "GET /BLA/resoluciones/RESOLUCIONES%202006/RESOLUCION%202290%20DE%202006.PDF HTTP/1.1" 200 95840
23.22.35.162 - - [05/Mar/2024:07:14:13 -0500] "GET /BLA/resoluciones/RESOLUCIONES%202006/RESOLUCION%202239%20DE%202206.PDF HTTP/1.1" 200 45616
23.22.35.162 - - [05/Mar/2024:07:14:17 -0500] "GET /BLA/resoluciones/RESOLUCIONES%202006/RESOLUCION%202201%20DE%202006.PDF HTTP/1.1" 200 198020
52.70.240.171 - - [05/Mar/2024:07:14:21 -0500] "GET /BLA/resoluciones/RESOLUCIONES%202006/RESOLUCION%202200%20DE%202206.PDF HTTP/1.1" 200 10535
3.224.220.101 - - [05/Mar/2024:07:14:25 -0500] "GET /BLA/resoluciones/RESOLUCIONES%202006/RESOLUCION%202015%20DE%202006.PDF HTTP/1.1" 200 9399
3.224.220.101 - - [05/Mar/2024:07:14:30 -0500] "GET /BLA/resoluciones/RESOLUCIONES%202006/RESOLUCION%202010%20DE%202006.PDF HTTP/1.1" 200 45181
52.70.240.171 - - [05/Mar/2024:07:14:33 -0500] "GET /BLA/resoluciones/RESOLUCIONES%202006/RESOLUCION%201993%20DE%202006.PDF HTTP/1.1" 200 9947
3.224.220.101 - - [05/Mar/2024:07:14:37 -0500] "GET /BLA/resoluciones/RESOLUCIONES%202006/RESOLUCION%201992%20DE%202006.PDF HTTP/1.1" 200 9596
52.70.240.171 - - [05/Mar/2024:07:14:41 -0500] "GET /BLA/resoluciones/RESOLUCIONES%202006/RESOLUCION%201991%20DE%202006.PDF HTTP/1.1" 200 10698
23.22.35.162 - - [05/Mar/2024:07:14:45 -0500] "GET /BLA/resoluciones/RESOLUCIONES%202006/RESOLUCION%201913%20DE%202006.PDF HTTP/1.1" 200 49484
3.224.220.101 - - [05/Mar/2024:07:14:49 -0500] "GET /BLA/resoluciones/RESOLUCIONES%202006/RESOLUCION%201908%20DE%202006.PDF HTTP/1.1" 200 314504
52.167.144.222 - - [05/Mar/2024:07:14:51 -0500] "GET /Publicaciones/2023EE275647.pdf HTTP/1.1" 404 228
52.70.240.171 - - [05/Mar/2024:07:14:53 -0500] "GET /BLA/resoluciones/RESOLUCIONES%202006/RESOLUCION%201869%20DE%202006.PDF HTTP/1.1" 200 97253
172.22.2.4 - - [05/Mar/2024:07:13:16 -0500] "GET /BLA/boletinlegal/ HTTP/1.1" 200 59083
3.224.220.101 - - [05/Mar/2024:07:14:58 -0500] "GET /BLA/resoluciones/RESOLUCIONES%202006/RESOLUCION%201837%20DE%202006.PDF HTTP/1.1" 200 67560
52.70.240.171 - - [05/Mar/2024:07:15:01 -0500] "GET /BLA/resoluciones/RESOLUCIONES%202006/RESOLUCION%201818%20DE%202006.PDF HTTP/1.1" 200 180461
52.70.240.171 - - [05/Mar/2024:07:15:05 -0500] "GET /BLA/resoluciones/RESOLUCIONES%202006/RESOLUCION%201817%20DE%202006.PDF HTTP/1.1" 200 47357
3.224.220.101 - - [05/Mar/2024:07:15:09 -0500] "GET /BLA/resoluciones/RESOLUCIONES%202006/RESOLUCION%201813%20DE%202006.PDF HTTP/1.1" 200 81171
52.70.240.171 - - [05/Mar/2024:07:15:13 -0500] "GET /BLA/resoluciones/RESOLUCIONES%202006/RESOLUCION%201807%20DE%202006.PDF HTTP/1.1" 200 38033
52.70.240.171 - - [05/Mar/2024:07:15:17 -0500] "GET /BLA/resoluciones/RESOLUCIONES%202006/RESOLUCION%201415%20DE%202006.PDF HTTP/1.1" 200 68798
23.22.35.162 - - [05/Mar/2024:07:15:21 -0500] "GET /BLA/resoluciones/RESOLUCIONES%202006/RESOLUCION%201225%20DE%202006.PDF HTTP/1.1" 200 18055
23.22.35.162 - - [05/Mar/2024:07:15:25 -0500] "GET /BLA/resoluciones/RESOLUCIONES%202006/RESOLUCION%20930%20DE%20%202006.PDF HTTP/1.1" 200 27941
173.252.107.117 - - [05/Mar/2024:07:15:25 -0500] "GET /dia-mundial-de-la-eficiencia-energetica-una-fecha-para-reflexionar-y-cambiar-habitos.html HTTP/1.1" 206 925
173.252.107.5 - - [05/Mar/2024:07:15:26 -0500] "GET /dia-mundial-de-la-eficiencia-energetica-una-fecha-para-reflexionar-y-cambiar-habitos.html HTTP/1.1" 200 925
191.95.63.59 - - [05/Mar/2024:07:15:26 -0500] "GET /images/pieza-eficiencia-energetica.jpg HTTP/1.1" 200 51282
173.252.107.5 - - [05/Mar/2024:07:15:26 -0500] "GET /images/pieza-eficiencia-energetica.jpg HTTP/1.1" 200 51282
173.252.107.117 - - [05/Mar/2024:07:15:26 -0500] "GET /dia-mundial-de-la-eficiencia-energetica-una-fecha-para-reflexionar-y-cambiar-habitos.html HTTP/1.1" 200 925
66.220.149.15 - - [05/Mar/2024:07:15:26 -0500] "GET /images/pieza-eficiencia-energetica.jpg HTTP/1.1" 200 51282
52.70.240.171 - - [05/Mar/2024:07:15:29 -0500] "GET /BLA/resoluciones/index.php?dir=RESOLUCIONES%202018/ HTTP/1.1" 200 284756
52.70.240.171 - - [05/Mar/2024:07:15:33 -0500] "GET /BLA/resoluciones/index.php?dir=RESOLUCIONES%202022/ HTTP/1.1" 200 325918
3.224.220.101 - - [05/Mar/2024:07:15:37 -0500] "GET /BLA/resoluciones/RESOLUCIONES%202018/36.pdf HTTP/1.1" 200 325270
201.245.192.253 - - [05/Mar/2024:07:15:39 -0500] "POST /kwsrmcab/Wsrmcab  HTTP/1.1" 200 39632
23.22.35.162 - - [05/Mar/2024:07:15:42 -0500] "GET /BLA/resoluciones/RESOLUCIONES%202022/0494.pdf HTTP/1.1" 200 483316
3.224.220.101 - - [05/Mar/2024:07:15:45 -0500] "GET /BLA/resoluciones/RESOLUCIONES%202018/21350.pdf HTTP/1.1" 200 360683
52.70.240.171 - - [05/Mar/2024:07:15:49 -0500] "GET /BLA/resoluciones/RESOLUCIONES%202018/6234.pdf HTTP/1.1" 200 280831
3.224.220.101 - - [05/Mar/2024:07:15:53 -0500] "GET /BLA/resoluciones/RESOLUCIONES%202022/5684.pdf HTTP/1.1" 200 728312
52.70.240.171 - - [05/Mar/2024:07:15:57 -0500] "GET /BLA/resoluciones/RESOLUCIONES%202022/5670.pdf HTTP/1.1" 200 2418728
23.22.35.162 - - [05/Mar/2024:07:16:01 -0500] "GET /BLA/resoluciones/RESOLUCIONES%202022/5669.pdf HTTP/1.1" 200 408450
3.224.220.101 - - [05/Mar/2024:07:16:05 -0500] "GET /BLA/resoluciones/RESOLUCIONES%202022/5667.pdf HTTP/1.1" 200 1018096
52.70.240.171 - - [05/Mar/2024:07:16:09 -0500] "GET /BLA/resoluciones/RESOLUCIONES%202022/5666.pdf HTTP/1.1" 200 1009036
52.70.240.171 - - [05/Mar/2024:07:16:13 -0500] "GET /BLA/resoluciones/RESOLUCIONES%202022/5651.pdf HTTP/1.1" 200 2102637
3.224.220.101 - - [05/Mar/2024:07:16:17 -0500] "GET /BLA/resoluciones/RESOLUCIONES%202022/5640.pdf HTTP/1.1" 200 1277349
3.224.220.101 - - [05/Mar/2024:07:16:21 -0500] "GET /BLA/resoluciones/RESOLUCIONES%202022/5637.pdf HTTP/1.1" 200 899194
52.70.240.171 - - [05/Mar/2024:07:16:25 -0500] "GET /BLA/resoluciones/RESOLUCIONES%202022/5635.pdf HTTP/1.1" 200 543183
3.224.220.101 - - [05/Mar/2024:07:16:29 -0500] "GET /BLA/resoluciones/RESOLUCIONES%202022/5632.pdf HTTP/1.1" 200 394842
3.224.220.101 - - [05/Mar/2024:07:16:33 -0500] "GET /BLA/resoluciones/RESOLUCIONES%202022/5631.pdf HTTP/1.1" 200 570534
52.70.240.171 - - [05/Mar/2024:07:16:37 -0500] "GET /BLA/resoluciones/RESOLUCIONES%202022/5629.pdf HTTP/1.1" 200 454632
216.245.221.92 - - [05/Mar/2024:07:16:38 -0500] "HEAD / HTTP/1.1" 200 -
3.224.220.101 - - [05/Mar/2024:07:16:41 -0500] "GET /BLA/resoluciones/RESOLUCIONES%202022/5622.pdf HTTP/1.1" 200 385631
172.22.2.4 - - [05/Mar/2024:07:16:43 -0500] "GET /BLA/boletinlegal/style.css HTTP/1.1" 200 9406
172.22.2.4 - - [05/Mar/2024:07:16:43 -0500] "GET /BLA/boletinlegal/styles2.css HTTP/1.1" 200 1838
172.22.2.4 - - [05/Mar/2024:07:16:43 -0500] "GET /BLA/boletinlegal/js/jquery.js HTTP/1.1" 200 57254
172.22.2.4 - - [05/Mar/2024:07:16:43 -0500] "GET /BLA/boletinlegal/js/jquery.scrollTo-min.js HTTP/1.1" 200 1150
172.22.2.4 - - [05/Mar/2024:07:16:43 -0500] "GET /BLA/boletinlegal/js/jquery.scrollShow.js HTTP/1.1" 200 4586
172.22.2.4 - - [05/Mar/2024:07:16:43 -0500] "GET /BLA/boletinlegal/images/cabezote%20BLEGAL.jpg HTTP/1.1" 200 118164
172.22.2.4 - - [05/Mar/2024:07:16:43 -0500] "GET /BLA/boletinlegal/images/screen_1.png HTTP/1.1" 200 202547
52.70.240.171 - - [05/Mar/2024:07:16:45 -0500] "GET /BLA/resoluciones/RESOLUCIONES%202022/5620.pdf HTTP/1.1" 200 438256
3.224.220.101 - - [05/Mar/2024:07:16:49 -0500] "GET /BLA/resoluciones/RESOLUCIONES%202022/5619.pdf HTTP/1.1" 200 1212561
191.107.131.132 - - [05/Mar/2024:07:16:51 -0500] "POST /sipse/faces/presentacion/financiero/solicitudProceso/crearModificarSolicitudProceso.xhtml HTTP/1.1" 200 51773
3.224.220.101 - - [05/Mar/2024:07:16:53 -0500] "GET /BLA/resoluciones/RESOLUCIONES%202022/5615.pdf HTTP/1.1" 200 434076
23.22.35.162 - - [05/Mar/2024:07:16:57 -0500] "GET /BLA/resoluciones/RESOLUCIONES%202022/5606.pdf HTTP/1.1" 200 465926
157.55.39.56 - - [05/Mar/2024:07:16:58 -0500] "GET /BLA/resoluciones/RESOLUCIONES%202021/5314.pdf HTTP/1.1" 200 401233
181.59.2.84 - - [05/Mar/2024:07:17:00 -0500] "GET /catalogoisis/ HTTP/1.1" 200 8575
181.59.2.84 - - [05/Mar/2024:07:17:00 -0500] "GET /catalogoisis/Css/Busqueda.css HTTP/1.1" 200 1995
181.59.2.84 - - [05/Mar/2024:07:17:00 -0500] "GET /catalogoisis/Js/AceptarLimpiar.js HTTP/1.1" 200 331
181.59.2.84 - - [05/Mar/2024:07:17:00 -0500] "GET /catalogoisis/Js/CriterioCombinada.js HTTP/1.1" 200 1843
181.59.2.84 - - [05/Mar/2024:07:17:00 -0500] "GET /catalogoisis/Js/Go.js HTTP/1.1" 200 364
181.59.2.84 - - [05/Mar/2024:07:17:00 -0500] "GET /catalogoisis/Js/Remote.js HTTP/1.1" 200 436
181.59.2.84 - - [05/Mar/2024:07:17:00 -0500] "GET /catalogoisis/Js/Cookies.js HTTP/1.1" 200 1369
181.59.2.84 - - [05/Mar/2024:07:17:00 -0500] "GET /catalogoisis/Js/Numero.js HTTP/1.1" 200 398
181.59.2.84 - - [05/Mar/2024:07:17:00 -0500] "GET /catalogoisis/Js/LimpiarCombinada.js HTTP/1.1" 200 207
181.59.2.84 - - [05/Mar/2024:07:17:00 -0500] "GET /catalogoisis/Js/Enter.js HTTP/1.1" 200 1208
181.59.2.84 - - [05/Mar/2024:07:17:00 -0500] "GET /catalogoisis/imagenes/br1c1.gif HTTP/1.1" 200 172
181.59.2.84 - - [05/Mar/2024:07:17:00 -0500] "GET /catalogoisis/imagenes/br1c3.gif HTTP/1.1" 200 302
181.59.2.84 - - [05/Mar/2024:07:17:00 -0500] "GET /catalogoisis/imagenes/Turnbo1.gif HTTP/1.1" 200 227
181.59.2.84 - - [05/Mar/2024:07:17:00 -0500] "GET /catalogoisis/imagenes/limpiar1.gif HTTP/1.1" 200 606
181.59.2.84 - - [05/Mar/2024:07:17:00 -0500] "GET /catalogoisis/imagenes/aceptar1.gif HTTP/1.1" 200 604
181.59.2.84 - - [05/Mar/2024:07:17:00 -0500] "GET /catalogoisis/imagenes/br3c1.gif HTTP/1.1" 200 177
181.59.2.84 - - [05/Mar/2024:07:17:00 -0500] "GET /catalogoisis/imagenes/br3c2.gif HTTP/1.1" 200 285
181.59.2.84 - - [05/Mar/2024:07:17:00 -0500] "GET /catalogoisis/imagenes/Header.gif HTTP/1.1" 200 27040
181.59.2.84 - - [05/Mar/2024:07:17:00 -0500] "GET /catalogoisis/imagenes/br2c1.gif HTTP/1.1" 200 297
181.59.2.84 - - [05/Mar/2024:07:17:00 -0500] "GET /catalogoisis/imagenes/br2c2.gif HTTP/1.1" 200 302
181.59.2.84 - - [05/Mar/2024:07:17:00 -0500] "GET /catalogoisis/imagenes/br2c3.gif HTTP/1.1" 200 416
181.59.2.84 - - [05/Mar/2024:07:17:00 -0500] "GET /catalogoisis/imagenes/br1c2.gif HTTP/1.1" 200 297
181.59.2.84 - - [05/Mar/2024:07:17:00 -0500] "GET /catalogoisis/imagenes/br3c3.gif HTTP/1.1" 200 186
181.59.2.84 - - [05/Mar/2024:07:17:00 -0500] "GET /favicon.ico HTTP/1.1" 200 7782
52.70.240.171 - - [05/Mar/2024:07:17:01 -0500] "GET /BLA/resoluciones/RESOLUCIONES%202022/5604.pdf HTTP/1.1" 200 456452
191.107.131.132 - - [05/Mar/2024:07:17:04 -0500] "POST /sipse/faces/presentacion/financiero/solicitudProceso/crearModificarSolicitudProceso.xhtml HTTP/1.1" 200 25138
23.22.35.162 - - [05/Mar/2024:07:17:05 -0500] "GET /BLA/resoluciones/RESOLUCIONES%202022/5600.pdf HTTP/1.1" 200 500107
3.224.220.101 - - [05/Mar/2024:07:17:09 -0500] "GET /BLA/resoluciones/RESOLUCIONES%202022/5599.pdf HTTP/1.1" 200 515662
3.224.220.101 - - [05/Mar/2024:07:17:14 -0500] "GET /BLA/resoluciones/RESOLUCIONES%202022/5597.pdf HTTP/1.1" 200 460253
172.22.2.4 - - [05/Mar/2024:07:16:42 -0500] "GET /BLA/boletinlegal/ HTTP/1.1" 200 24523
3.224.220.101 - - [05/Mar/2024:07:17:17 -0500] "GET /BLA/resoluciones/RESOLUCIONES%202022/5588.pdf HTTP/1.1" 200 287846
191.107.131.132 - - [05/Mar/2024:07:17:18 -0500] "POST /sipse/faces/presentacion/financiero/solicitudProceso/crearModificarSolicitudProceso.xhtml HTTP/1.1" 200 10235
52.70.240.171 - - [05/Mar/2024:07:17:21 -0500] "GET /BLA/resoluciones/RESOLUCIONES%202022/5534.pdf HTTP/1.1" 200 338708
52.70.240.171 - - [05/Mar/2024:07:17:25 -0500] "GET /BLA/resoluciones/RESOLUCIONES%202022/5533.pdf HTTP/1.1" 200 813531
23.22.35.162 - - [05/Mar/2024:07:17:31 -0500] "GET /BLA/resoluciones/RESOLUCIONES%202022/5532.pdf HTTP/1.1" 200 499687
23.22.35.162 - - [05/Mar/2024:07:17:33 -0500] "GET /BLA/resoluciones/RESOLUCIONES%202022/5531.pdf HTTP/1.1" 200 464242
191.107.131.132 - - [05/Mar/2024:07:17:36 -0500] "POST /sipse/faces/presentacion/financiero/solicitudProceso/crearModificarSolicitudProceso.xhtml HTTP/1.1" 200 7378
3.224.220.101 - - [05/Mar/2024:07:17:37 -0500] "GET /BLA/resoluciones/RESOLUCIONES%202022/5530.pdf HTTP/1.1" 200 415885
52.70.240.171 - - [05/Mar/2024:07:17:41 -0500] "GET /BLA/resoluciones/RESOLUCIONES%202022/5529.pdf HTTP/1.1" 200 2529495
3.224.220.101 - - [05/Mar/2024:07:17:46 -0500] "GET /BLA/resoluciones/RESOLUCIONES%202022/5528.pdf HTTP/1.1" 200 1327812
3.224.220.101 - - [05/Mar/2024:07:17:49 -0500] "GET /BLA/resoluciones/RESOLUCIONES%202022/5527.pdf HTTP/1.1" 200 350782
23.22.35.162 - - [05/Mar/2024:07:17:53 -0500] "GET /BLA/resoluciones/RESOLUCIONES%202022/5526.pdf HTTP/1.1" 200 342146
3.224.220.101 - - [05/Mar/2024:07:17:57 -0500] "GET /BLA/resoluciones/RESOLUCIONES%202022/5525.pdf HTTP/1.1" 200 360928
191.107.131.132 - - [05/Mar/2024:07:17:59 -0500] "GET /sipse/js/disable_browser_buttons.js HTTP/1.1" 304 -
191.107.131.132 - - [05/Mar/2024:07:17:59 -0500] "POST /sipse/faces/presentacion/financiero/solicitudProceso/crearModificarSolicitudProceso.xhtml HTTP/1.1" 200 82959
191.107.131.132 - - [05/Mar/2024:07:17:59 -0500] "GET /sipse/css/custom_css_sg.css HTTP/1.1" 304 -
191.107.131.132 - - [05/Mar/2024:07:17:59 -0500] "GET /sipse/css/custom_css_sg_prime.css HTTP/1.1" 304 -
191.107.131.132 - - [05/Mar/2024:07:17:59 -0500] "GET /sipse/faces/javax.faces.resource/primefaces.css?ln=primefaces&v=4.0 HTTP/1.1" 304 -
191.107.131.132 - - [05/Mar/2024:07:17:59 -0500] "GET /sipse/js/jquery.min.js HTTP/1.1" 304 -
191.107.131.132 - - [05/Mar/2024:07:17:59 -0500] "GET /sipse/faces/javax.faces.resource/layout/layout.css?ln=primefaces&v=4.0 HTTP/1.1" 304 -
191.107.131.132 - - [05/Mar/2024:07:17:59 -0500] "GET /sipse/faces/javax.faces.resource/theme.css?ln=primefaces-sipse HTTP/1.1" 304 -
191.107.131.132 - - [05/Mar/2024:07:17:59 -0500] "GET /sipse/js/funciones.js HTTP/1.1" 304 -
191.107.131.132 - - [05/Mar/2024:07:17:59 -0500] "GET /sipse/faces/javax.faces.resource/jquery/jquery.js?ln=primefaces&v=4.0 HTTP/1.1" 304 -
191.107.131.132 - - [05/Mar/2024:07:17:59 -0500] "GET /sipse/faces/javax.faces.resource/primefaces.js?ln=primefaces&v=4.0 HTTP/1.1" 304 -
191.107.131.132 - - [05/Mar/2024:07:17:59 -0500] "GET /sipse/faces/javax.faces.resource/layout/layout.js?ln=primefaces&v=4.0 HTTP/1.1" 304 -
191.107.131.132 - - [05/Mar/2024:07:17:59 -0500] "GET /sipse/faces/javax.faces.resource/jquery/jquery-plugins.js?ln=primefaces&v=4.0 HTTP/1.1" 304 -
191.107.131.132 - - [05/Mar/2024:07:17:59 -0500] "GET /sipse/imagenes/cargando.gif HTTP/1.1" 304 -
191.107.131.132 - - [05/Mar/2024:07:17:59 -0500] "GET /sipse/css/imagen/logoSDG.png HTTP/1.1" 304 -
191.107.131.132 - - [05/Mar/2024:07:17:59 -0500] "GET /sipse/css/imagen/contrasena.png HTTP/1.1" 404 383
191.107.131.132 - - [05/Mar/2024:07:17:59 -0500] "GET /sipse/faces/javax.faces.resource/messages/messages.png?ln=primefaces&v=4.0 HTTP/1.1" 304 -
191.107.131.132 - - [05/Mar/2024:07:17:59 -0500] "GET /sipse/faces/javax.faces.resource/images/ui-icons_898989_256x240.png?ln=primefaces-aristo HTTP/1.1" 304 -
52.70.240.171 - - [05/Mar/2024:07:18:01 -0500] "GET /BLA/resoluciones/RESOLUCIONES%202022/5523.pdf HTTP/1.1" 200 407896
52.70.240.171 - - [05/Mar/2024:07:18:05 -0500] "GET /BLA/resoluciones/RESOLUCIONES%202022/5522.pdf HTTP/1.1" 200 405430
191.107.131.132 - - [05/Mar/2024:07:18:06 -0500] "GET /sipse/faces/javax.faces.resource/images/ui-bg_flat_0_2d5972_40x100.png?ln=primefaces-aristo HTTP/1.1" 304 -
191.107.131.132 - - [05/Mar/2024:07:18:06 -0500] "POST /sipse/faces/presentacion/financiero/solicitudProceso/crearModificarSolicitudProceso.xhtml HTTP/1.1" 200 6786
52.70.240.171 - - [05/Mar/2024:07:18:09 -0500] "GET /BLA/resoluciones/RESOLUCIONES%202022/5510.pdf HTTP/1.1" 200 342135
23.22.35.162 - - [05/Mar/2024:07:18:15 -0500] "GET /BLA/resoluciones/RESOLUCIONES%202022/5489.pdf HTTP/1.1" 200 502266
52.70.240.171 - - [05/Mar/2024:07:18:17 -0500] "GET /BLA/resoluciones/RESOLUCIONES%202022/5488.pdf HTTP/1.1" 200 346568
191.107.131.132 - - [05/Mar/2024:07:18:17 -0500] "GET /sipse/faces/javax.faces.resource/theme.css?ln=primefaces-sipse HTTP/1.1" 304 -
191.107.131.132 - - [05/Mar/2024:07:18:17 -0500] "GET /sipse/faces/javax.faces.resource/jquery/jquery.js?ln=primefaces&v=4.0 HTTP/1.1" 304 -
191.107.131.132 - - [05/Mar/2024:07:18:17 -0500] "POST /sipse/faces/presentacion/financiero/solicitudProceso/crearModificarSolicitudProceso.xhtml HTTP/1.1" 200 24669
191.107.131.132 - - [05/Mar/2024:07:18:17 -0500] "GET /sipse/faces/javax.faces.resource/primefaces.css?ln=primefaces&v=4.0 HTTP/1.1" 304 -
191.107.131.132 - - [05/Mar/2024:07:18:17 -0500] "GET /sipse/faces/javax.faces.resource/layout/layout.css?ln=primefaces&v=4.0 HTTP/1.1" 304 -
191.107.131.132 - - [05/Mar/2024:07:18:17 -0500] "GET /sipse/faces/javax.faces.resource/jquery/jquery-plugins.js?ln=primefaces&v=4.0 HTTP/1.1" 304 -
191.107.131.132 - - [05/Mar/2024:07:18:17 -0500] "GET /sipse/faces/javax.faces.resource/primefaces.js?ln=primefaces&v=4.0 HTTP/1.1" 304 -
191.107.131.132 - - [05/Mar/2024:07:18:17 -0500] "GET /sipse/faces/javax.faces.resource/layout/layout.js?ln=primefaces&v=4.0 HTTP/1.1" 304 -
3.224.220.101 - - [05/Mar/2024:07:18:21 -0500] "GET /BLA/resoluciones/RESOLUCIONES%202022/5487.pdf HTTP/1.1" 200 343077
191.107.131.132 - - [05/Mar/2024:07:18:24 -0500] "POST /sipse/faces/presentacion/financiero/solicitudProyectoActividad/asociarProyectoSolicitud.xhtml HTTP/1.1" 200 6543
52.70.240.171 - - [05/Mar/2024:07:18:25 -0500] "GET /BLA/resoluciones/RESOLUCIONES%202022/5486.pdf HTTP/1.1" 200 426282
191.107.131.132 - - [05/Mar/2024:07:18:26 -0500] "POST /sipse/faces/presentacion/financiero/solicitudProyectoActividad/asociarProyectoSolicitud.xhtml HTTP/1.1" 200 1696
191.107.131.132 - - [05/Mar/2024:07:18:28 -0500] "POST /sipse/faces/presentacion/financiero/solicitudProyectoActividad/asociarProyectoSolicitud.xhtml HTTP/1.1" 200 75075
191.107.131.132 - - [05/Mar/2024:07:18:29 -0500] "GET /sipse/faces/javax.faces.resource/theme.css?ln=primefaces-sipse HTTP/1.1" 304 -
191.107.131.132 - - [05/Mar/2024:07:18:29 -0500] "GET /sipse/faces/javax.faces.resource/primefaces.css?ln=primefaces&v=4.0 HTTP/1.1" 304 -
191.107.131.132 - - [05/Mar/2024:07:18:29 -0500] "GET /sipse/faces/javax.faces.resource/layout/layout.css?ln=primefaces&v=4.0 HTTP/1.1" 304 -
191.107.131.132 - - [05/Mar/2024:07:18:29 -0500] "GET /sipse/faces/javax.faces.resource/jquery/jquery.js?ln=primefaces&v=4.0 HTTP/1.1" 304 -
191.107.131.132 - - [05/Mar/2024:07:18:29 -0500] "GET /sipse/faces/javax.faces.resource/jquery/jquery-plugins.js?ln=primefaces&v=4.0 HTTP/1.1" 304 -
191.107.131.132 - - [05/Mar/2024:07:18:29 -0500] "GET /sipse/faces/javax.faces.resource/primefaces.js?ln=primefaces&v=4.0 HTTP/1.1" 304 -
191.107.131.132 - - [05/Mar/2024:07:18:29 -0500] "GET /sipse/faces/javax.faces.resource/layout/layout.js?ln=primefaces&v=4.0 HTTP/1.1" 304 -
3.224.220.101 - - [05/Mar/2024:07:18:29 -0500] "GET /BLA/resoluciones/RESOLUCIONES%202022/5485.pdf HTTP/1.1" 200 358926
3.224.220.101 - - [05/Mar/2024:07:18:33 -0500] "GET /BLA/resoluciones/RESOLUCIONES%202022/5484.pdf HTTP/1.1" 200 390776
52.167.144.238 - - [05/Mar/2024:07:18:34 -0500] "GET /Publicaciones/2024EE32254.pdf HTTP/1.1" 404 227
3.224.220.101 - - [05/Mar/2024:07:18:37 -0500] "GET /BLA/resoluciones/RESOLUCIONES%202022/5473.pdf HTTP/1.1" 200 383590
23.22.35.162 - - [05/Mar/2024:07:18:41 -0500] "GET /BLA/resoluciones/RESOLUCIONES%202022/5466.pdf HTTP/1.1" 200 354887
3.224.220.101 - - [05/Mar/2024:07:18:45 -0500] "GET /BLA/resoluciones/RESOLUCIONES%202022/5465.pdf HTTP/1.1" 200 308341
23.22.35.162 - - [05/Mar/2024:07:18:50 -0500] "GET /BLA/resoluciones/RESOLUCIONES%202022/5461.pdf HTTP/1.1" 200 350655
191.107.131.132 - - [05/Mar/2024:07:18:51 -0500] "GET /sipse/faces/javax.faces.resource/images/ui-icons_898989_256x240.png?ln=primefaces-aristo HTTP/1.1" 304 -
52.70.240.171 - - [05/Mar/2024:07:18:53 -0500] "GET /BLA/resoluciones/RESOLUCIONES%202022/5454.pdf HTTP/1.1" 200 351273
52.70.240.171 - - [05/Mar/2024:07:18:57 -0500] "GET /BLA/resoluciones/RESOLUCIONES%202022/5447.pdf HTTP/1.1" 200 347870
52.70.240.171 - - [05/Mar/2024:07:19:01 -0500] "GET /BLA/resoluciones/RESOLUCIONES%202022/5426.pdf HTTP/1.1" 200 348962
23.22.35.162 - - [05/Mar/2024:07:19:05 -0500] "GET /BLA/resoluciones/RESOLUCIONES%202022/5420.pdf HTTP/1.1" 200 339411
52.70.240.171 - - [05/Mar/2024:07:19:09 -0500] "GET /BLA/resoluciones/RESOLUCIONES%202022/5384.pdf HTTP/1.1" 200 411146
23.22.35.162 - - [05/Mar/2024:07:19:13 -0500] "GET /BLA/resoluciones/RESOLUCIONES%202022/5383.pdf HTTP/1.1" 200 820765
52.70.240.171 - - [05/Mar/2024:07:19:17 -0500] "GET /BLA/resoluciones/RESOLUCIONES%202022/5382.pdf HTTP/1.1" 200 1113154
201.245.192.253 - - [05/Mar/2024:07:19:16 -0500] "POST /kwsrmcab/Wsrmcab HTTP/1.1" 200 38883
201.245.192.253 - - [05/Mar/2024:07:19:17 -0500] "POST /kwsrmcab/Wsrmcab HTTP/1.1" 200 38918
181.63.25.0 - - [05/Mar/2024:07:19:19 -0500] "POST /sipse/faces/presentacion/financiero/solicitudProceso/consultarSolicitudProceso.xhtml HTTP/1.1" 200 2141745
191.107.131.132 - - [05/Mar/2024:07:19:21 -0500] "POST /sipse/faces/presentacion/financiero/solicitudProyectoActividad/asociarActividadSolicitud.xhtml HTTP/1.1" 200 20134
23.22.35.162 - - [05/Mar/2024:07:19:21 -0500] "GET /BLA/resoluciones/RESOLUCIONES%202022/5362.pdf HTTP/1.1" 200 383168
191.107.131.132 - - [05/Mar/2024:07:19:21 -0500] "GET /sipse/faces/javax.faces.resource/theme.css?ln=primefaces-sipse HTTP/1.1" 304 -
191.107.131.132 - - [05/Mar/2024:07:19:21 -0500] "GET /sipse/faces/javax.faces.resource/jquery/jquery.js?ln=primefaces&v=4.0 HTTP/1.1" 304 -
191.107.131.132 - - [05/Mar/2024:07:19:21 -0500] "GET /sipse/faces/javax.faces.resource/primefaces.css?ln=primefaces&v=4.0 HTTP/1.1" 304 -
191.107.131.132 - - [05/Mar/2024:07:19:21 -0500] "GET /sipse/faces/javax.faces.resource/layout/layout.css?ln=primefaces&v=4.0 HTTP/1.1" 304 -
191.107.131.132 - - [05/Mar/2024:07:19:21 -0500] "GET /sipse/faces/javax.faces.resource/jquery/jquery-plugins.js?ln=primefaces&v=4.0 HTTP/1.1" 304 -
191.107.131.132 - - [05/Mar/2024:07:19:21 -0500] "GET /sipse/faces/javax.faces.resource/primefaces.js?ln=primefaces&v=4.0 HTTP/1.1" 304 -
191.107.131.132 - - [05/Mar/2024:07:19:21 -0500] "GET /sipse/faces/javax.faces.resource/layout/layout.js?ln=primefaces&v=4.0 HTTP/1.1" 304 -
52.70.240.171 - - [05/Mar/2024:07:19:26 -0500] "GET /BLA/resoluciones/RESOLUCIONES%202022/5361.pdf HTTP/1.1" 200 358782
23.22.35.162 - - [05/Mar/2024:07:19:29 -0500] "GET /BLA/resoluciones/RESOLUCIONES%202022/5360.pdf HTTP/1.1" 200 341471
23.22.35.162 - - [05/Mar/2024:07:19:33 -0500] "GET /BLA/resoluciones/RESOLUCIONES%202022/05360.pdf HTTP/1.1" 200 341471
201.245.192.253 - - [05/Mar/2024:07:19:33 -0500] "POST /kwsrmcab/Wsrmcab HTTP/1.1" 200 37531
52.167.144.222 - - [05/Mar/2024:07:19:36 -0500] "GET /BLA/resoluciones/RESOLUCIONES%202021/1313.pdf HTTP/1.1" 304 -
3.224.220.101 - - [05/Mar/2024:07:19:37 -0500] "GET /BLA/resoluciones/RESOLUCIONES%202022/5356.pdf HTTP/1.1" 200 328915
201.245.192.253 - - [05/Mar/2024:07:19:38 -0500] "POST /kwsrmcab/Wsrmcab HTTP/1.1" 200 38918
3.224.220.101 - - [05/Mar/2024:07:19:41 -0500] "GET /BLA/resoluciones/RESOLUCIONES%202022/5354.pdf HTTP/1.1" 200 379233
23.22.35.162 - - [05/Mar/2024:07:19:45 -0500] "GET /BLA/resoluciones/RESOLUCIONES%202022/5353.pdf HTTP/1.1" 200 531660
3.224.220.101 - - [05/Mar/2024:07:19:49 -0500] "GET /BLA/resoluciones/RESOLUCIONES%202022/5351.pdf HTTP/1.1" 200 799582
23.22.35.162 - - [05/Mar/2024:07:19:54 -0500] "GET /BLA/resoluciones/RESOLUCIONES%202022/5350.pdf HTTP/1.1" 200 715869
52.70.240.171 - - [05/Mar/2024:07:19:58 -0500] "GET /BLA/resoluciones/RESOLUCIONES%202022/5349.pdf HTTP/1.1" 200 1283290
191.107.131.132 - - [05/Mar/2024:07:20:01 -0500] "POST /sipse/faces/presentacion/financiero/solicitudProyectoActividad/asociarFuentesSolicitud.xhtml HTTP/1.1" 200 83129
191.107.131.132 - - [05/Mar/2024:07:20:01 -0500] "GET /sipse/faces/javax.faces.resource/theme.css?ln=primefaces-sipse HTTP/1.1" 304 -
191.107.131.132 - - [05/Mar/2024:07:20:01 -0500] "GET /sipse/faces/javax.faces.resource/primefaces.css?ln=primefaces&v=4.0 HTTP/1.1" 304 -
191.107.131.132 - - [05/Mar/2024:07:20:01 -0500] "GET /sipse/faces/javax.faces.resource/layout/layout.css?ln=primefaces&v=4.0 HTTP/1.1" 304 -
191.107.131.132 - - [05/Mar/2024:07:20:01 -0500] "GET /sipse/faces/javax.faces.resource/jquery/jquery.js?ln=primefaces&v=4.0 HTTP/1.1" 304 -
191.107.131.132 - - [05/Mar/2024:07:20:01 -0500] "GET /sipse/faces/javax.faces.resource/jquery/jquery-plugins.js?ln=primefaces&v=4.0 HTTP/1.1" 304 -
191.107.131.132 - - [05/Mar/2024:07:20:01 -0500] "GET /sipse/faces/javax.faces.resource/primefaces.js?ln=primefaces&v=4.0 HTTP/1.1" 304 -
191.107.131.132 - - [05/Mar/2024:07:20:01 -0500] "GET /sipse/faces/javax.faces.resource/layout/layout.js?ln=primefaces&v=4.0 HTTP/1.1" 304 -
23.22.35.162 - - [05/Mar/2024:07:20:01 -0500] "GET /BLA/resoluciones/RESOLUCIONES%202022/5348.pdf HTTP/1.1" 200 395921
3.224.220.101 - - [05/Mar/2024:07:20:05 -0500] "GET /BLA/resoluciones/RESOLUCIONES%202022/5345.pdf HTTP/1.1" 200 3724074
191.107.131.132 - - [05/Mar/2024:07:20:08 -0500] "POST /sipse/faces/presentacion/financiero/solicitudProceso/crearModificarSolicitudProceso.xhtml HTTP/1.1" 200 21239
191.107.131.132 - - [05/Mar/2024:07:20:08 -0500] "GET /sipse/faces/javax.faces.resource/theme.css?ln=primefaces-sipse HTTP/1.1" 304 -
191.107.131.132 - - [05/Mar/2024:07:20:08 -0500] "GET /sipse/faces/javax.faces.resource/primefaces.css?ln=primefaces&v=4.0 HTTP/1.1" 304 -
191.107.131.132 - - [05/Mar/2024:07:20:08 -0500] "GET /sipse/faces/javax.faces.resource/layout/layout.css?ln=primefaces&v=4.0 HTTP/1.1" 304 -
191.107.131.132 - - [05/Mar/2024:07:20:08 -0500] "GET /sipse/faces/javax.faces.resource/layout/layout.js?ln=primefaces&v=4.0 HTTP/1.1" 304 -
191.107.131.132 - - [05/Mar/2024:07:20:08 -0500] "GET /sipse/faces/javax.faces.resource/jquery/jquery.js?ln=primefaces&v=4.0 HTTP/1.1" 304 -
191.107.131.132 - - [05/Mar/2024:07:20:08 -0500] "GET /sipse/faces/javax.faces.resource/jquery/jquery-plugins.js?ln=primefaces&v=4.0 HTTP/1.1" 304 -
191.107.131.132 - - [05/Mar/2024:07:20:08 -0500] "GET /sipse/faces/javax.faces.resource/primefaces.js?ln=primefaces&v=4.0 HTTP/1.1" 304 -
191.107.131.132 - - [05/Mar/2024:07:20:08 -0500] "GET /sipse/faces/javax.faces.resource/fileupload/fileupload.js?ln=primefaces&v=4.0 HTTP/1.1" 304 -
191.107.131.132 - - [05/Mar/2024:07:20:08 -0500] "GET /sipse/faces/javax.faces.resource/fileupload/fileupload.css?ln=primefaces&v=4.0 HTTP/1.1" 304 -
23.22.35.162 - - [05/Mar/2024:07:20:10 -0500] "GET /BLA/resoluciones/RESOLUCIONES%202022/5344.pdf HTTP/1.1" 200 5551426
23.22.35.162 - - [05/Mar/2024:07:20:13 -0500] "GET /BLA/resoluciones/RESOLUCIONES%202022/5339.pdf HTTP/1.1" 200 1619733
3.224.220.101 - - [05/Mar/2024:07:20:17 -0500] "GET /BLA/resoluciones/RESOLUCIONES%202022/5305.pdf HTTP/1.1" 200 3331411
23.22.35.162 - - [05/Mar/2024:07:20:21 -0500] "GET /BLA/resoluciones/RESOLUCIONES%202022/5304.pdf HTTP/1.1" 200 4509291
3.224.220.101 - - [05/Mar/2024:07:20:25 -0500] "GET /BLA/resoluciones/RESOLUCIONES%202022/5294.pdf HTTP/1.1" 200 457708
191.107.131.132 - - [05/Mar/2024:07:20:25 -0500] "POST /sipse/faces/presentacion/sistema/anexos/cargarAnexoSolicitudProceso.xhtml HTTP/1.1" 200 77565
191.107.131.132 - - [05/Mar/2024:07:20:25 -0500] "GET /sipse/faces/javax.faces.resource/theme.css?ln=primefaces-sipse HTTP/1.1" 304 -
191.107.131.132 - - [05/Mar/2024:07:20:25 -0500] "GET /sipse/faces/javax.faces.resource/primefaces.css?ln=primefaces&v=4.0 HTTP/1.1" 304 -
191.107.131.132 - - [05/Mar/2024:07:20:25 -0500] "GET /sipse/faces/javax.faces.resource/jquery/jquery.js?ln=primefaces&v=4.0 HTTP/1.1" 304 -
191.107.131.132 - - [05/Mar/2024:07:20:25 -0500] "GET /sipse/faces/javax.faces.resource/layout/layout.css?ln=primefaces&v=4.0 HTTP/1.1" 304 -
191.107.131.132 - - [05/Mar/2024:07:20:25 -0500] "GET /sipse/faces/javax.faces.resource/jquery/jquery-plugins.js?ln=primefaces&v=4.0 HTTP/1.1" 304 -
191.107.131.132 - - [05/Mar/2024:07:20:25 -0500] "GET /sipse/faces/javax.faces.resource/primefaces.js?ln=primefaces&v=4.0 HTTP/1.1" 304 -
191.107.131.132 - - [05/Mar/2024:07:20:25 -0500] "GET /sipse/faces/javax.faces.resource/layout/layout.js?ln=primefaces&v=4.0 HTTP/1.1" 304 -
3.224.220.101 - - [05/Mar/2024:07:20:29 -0500] "GET /BLA/resoluciones/RESOLUCIONES%202022/5267.pdf HTTP/1.1" 200 542544
23.22.35.162 - - [05/Mar/2024:07:20:33 -0500] "GET /BLA/resoluciones/RESOLUCIONES%202022/5266.pdf HTTP/1.1" 200 482614
191.107.131.132 - - [05/Mar/2024:07:20:28 -0500] "POST /sipse/faces/presentacion/financiero/solicitudProceso/crearModificarSolicitudProceso.xhtml HTTP/1.1" 200 45622
191.107.131.132 - - [05/Mar/2024:07:20:37 -0500] "GET /sipse/faces/javax.faces.resource/theme.css?ln=primefaces-sipse HTTP/1.1" 304 -
191.107.131.132 - - [05/Mar/2024:07:20:37 -0500] "GET /sipse/faces/javax.faces.resource/primefaces.css?ln=primefaces&v=4.0 HTTP/1.1" 304 -
191.107.131.132 - - [05/Mar/2024:07:20:37 -0500] "GET /sipse/faces/javax.faces.resource/layout/layout.css?ln=primefaces&v=4.0 HTTP/1.1" 304 -
191.107.131.132 - - [05/Mar/2024:07:20:37 -0500] "GET /sipse/faces/javax.faces.resource/primefaces.js?ln=primefaces&v=4.0 HTTP/1.1" 304 -
191.107.131.132 - - [05/Mar/2024:07:20:37 -0500] "GET /sipse/faces/javax.faces.resource/jquery/jquery.js?ln=primefaces&v=4.0 HTTP/1.1" 304 -
191.107.131.132 - - [05/Mar/2024:07:20:37 -0500] "GET /sipse/faces/javax.faces.resource/jquery/jquery-plugins.js?ln=primefaces&v=4.0 HTTP/1.1" 304 -
191.107.131.132 - - [05/Mar/2024:07:20:37 -0500] "GET /sipse/faces/javax.faces.resource/layout/layout.js?ln=primefaces&v=4.0 HTTP/1.1" 304 -
52.70.240.171 - - [05/Mar/2024:07:20:37 -0500] "GET /BLA/resoluciones/RESOLUCIONES%202022/5259.pdf HTTP/1.1" 200 1826327
201.245.192.253 - - [05/Mar/2024:07:20:38 -0500] "POST /kwsrmcab/Wsrmcab  HTTP/1.1" 200 39632
52.70.240.171 - - [05/Mar/2024:07:20:41 -0500] "GET /BLA/resoluciones/RESOLUCIONES%202022/5258.pdf HTTP/1.1" 200 607616
52.70.240.171 - - [05/Mar/2024:07:20:45 -0500] "GET /BLA/resoluciones/RESOLUCIONES%202022/5256.pdf HTTP/1.1" 200 558459
23.22.35.162 - - [05/Mar/2024:07:20:49 -0500] "GET /BLA/resoluciones/RESOLUCIONES%202022/5255.pdf HTTP/1.1" 200 582484
23.22.35.162 - - [05/Mar/2024:07:20:53 -0500] "GET /BLA/resoluciones/RESOLUCIONES%202022/5254.pdf HTTP/1.1" 200 539832
191.107.131.132 - - [05/Mar/2024:07:20:39 -0500] "POST /sipse/faces/presentacion/financiero/solicitudBienServicio/asociarBienServicioSolicitud.xhtml HTTP/1.1" 200 2720
23.22.35.162 - - [05/Mar/2024:07:20:57 -0500] "GET /BLA/resoluciones/RESOLUCIONES%202022/5253.pdf HTTP/1.1" 200 527228
191.107.131.132 - - [05/Mar/2024:07:20:57 -0500] "GET /sipse/faces/javax.faces.resource/images/ui-icons_898989_256x240.png?ln=primefaces-aristo HTTP/1.1" 304 -
191.107.131.132 - - [05/Mar/2024:07:20:59 -0500] "POST /sipse/faces/presentacion/financiero/solicitudBienServicio/asociarBienServicioSolicitud.xhtml HTTP/1.1" 200 78829
191.107.131.132 - - [05/Mar/2024:07:20:59 -0500] "GET /sipse/faces/javax.faces.resource/theme.css?ln=primefaces-sipse HTTP/1.1" 304 -
191.107.131.132 - - [05/Mar/2024:07:20:59 -0500] "GET /sipse/faces/javax.faces.resource/primefaces.css?ln=primefaces&v=4.0 HTTP/1.1" 304 -
191.107.131.132 - - [05/Mar/2024:07:20:59 -0500] "GET /sipse/faces/javax.faces.resource/layout/layout.css?ln=primefaces&v=4.0 HTTP/1.1" 304 -
191.107.131.132 - - [05/Mar/2024:07:20:59 -0500] "GET /sipse/faces/javax.faces.resource/jquery/jquery.js?ln=primefaces&v=4.0 HTTP/1.1" 304 -
191.107.131.132 - - [05/Mar/2024:07:20:59 -0500] "GET /sipse/faces/javax.faces.resource/jquery/jquery-plugins.js?ln=primefaces&v=4.0 HTTP/1.1" 304 -
191.107.131.132 - - [05/Mar/2024:07:20:59 -0500] "GET /sipse/faces/javax.faces.resource/primefaces.js?ln=primefaces&v=4.0 HTTP/1.1" 304 -
191.107.131.132 - - [05/Mar/2024:07:20:59 -0500] "GET /sipse/faces/javax.faces.resource/layout/layout.js?ln=primefaces&v=4.0 HTTP/1.1" 304 -
52.70.240.171 - - [05/Mar/2024:07:21:01 -0500] "GET /BLA/resoluciones/RESOLUCIONES%202022/5252.pdf HTTP/1.1" 200 516317
3.224.220.101 - - [05/Mar/2024:07:21:05 -0500] "GET /BLA/resoluciones/RESOLUCIONES%202022/5246.pdf HTTP/1.1" 200 423187
3.224.220.101 - - [05/Mar/2024:07:21:09 -0500] "GET /BLA/resoluciones/RESOLUCIONES%202022/5245.pdf HTTP/1.1" 200 659814
191.107.131.132 - - [05/Mar/2024:07:21:09 -0500] "POST /sipse/faces/presentacion/financiero/solicitudProceso/crearModificarSolicitudProceso.xhtml HTTP/1.1" 200 64015
191.107.131.132 - - [05/Mar/2024:07:21:11 -0500] "GET /sipse/faces/javax.faces.resource/theme.css?ln=primefaces-sipse HTTP/1.1" 304 -
191.107.131.132 - - [05/Mar/2024:07:21:11 -0500] "GET /sipse/faces/javax.faces.resource/jquery/jquery.js?ln=primefaces&v=4.0 HTTP/1.1" 304 -
191.107.131.132 - - [05/Mar/2024:07:21:11 -0500] "GET /sipse/faces/javax.faces.resource/layout/layout.css?ln=primefaces&v=4.0 HTTP/1.1" 304 -
191.107.131.132 - - [05/Mar/2024:07:21:11 -0500] "GET /sipse/faces/javax.faces.resource/primefaces.css?ln=primefaces&v=4.0 HTTP/1.1" 304 -
191.107.131.132 - - [05/Mar/2024:07:21:11 -0500] "GET /sipse/faces/javax.faces.resource/jquery/jquery-plugins.js?ln=primefaces&v=4.0 HTTP/1.1" 304 -
191.107.131.132 - - [05/Mar/2024:07:21:11 -0500] "GET /sipse/faces/javax.faces.resource/primefaces.js?ln=primefaces&v=4.0 HTTP/1.1" 304 -
191.107.131.132 - - [05/Mar/2024:07:21:11 -0500] "GET /sipse/faces/javax.faces.resource/layout/layout.js?ln=primefaces&v=4.0 HTTP/1.1" 304 -
191.107.131.132 - - [05/Mar/2024:07:21:11 -0500] "POST /sipse/faces/presentacion/financiero/solicitudProceso/listarSolicitudProceso.xhtml HTTP/1.1" 200 1556
23.22.35.162 - - [05/Mar/2024:07:21:13 -0500] "GET /BLA/resoluciones/RESOLUCIONES%202022/5244.pdf HTTP/1.1" 200 402762
23.22.35.162 - - [05/Mar/2024:07:21:17 -0500] "GET /BLA/resoluciones/RESOLUCIONES%202022/5242.pdf HTTP/1.1" 200 490981
191.107.131.132 - - [05/Mar/2024:07:21:17 -0500] "POST /sipse/faces/presentacion/financiero/solicitudProceso/listarSolicitudProceso.xhtml HTTP/1.1" 200 57742
191.107.131.132 - - [05/Mar/2024:07:21:19 -0500] "POST /sipse/faces/presentacion/financiero/solicitudProceso/listarSolicitudProceso.xhtml HTTP/1.1" 200 60818
191.107.131.132 - - [05/Mar/2024:07:21:19 -0500] "POST /sipse/faces/presentacion/financiero/solicitudProceso/listarSolicitudProceso.xhtml HTTP/1.1" 200 73093
23.22.35.162 - - [05/Mar/2024:07:21:21 -0500] "GET /BLA/resoluciones/RESOLUCIONES%202022/5236.pdf HTTP/1.1" 200 443993
152.203.150.86 - - [05/Mar/2024:07:21:21 -0500] "GET /sipse/faces/faces/autenticacion.xhtml HTTP/1.1" 200 12723
152.203.150.86 - - [05/Mar/2024:07:21:22 -0500] "GET /sipse/faces/javax.faces.resource/layout/layout.css;jsessionid=YpyiuNGijhTNWbLi8Lsv97-h.undefined?ln=primefaces&v=4.0 HTTP/1.1" 200 542
152.203.150.86 - - [05/Mar/2024:07:21:22 -0500] "GET /sipse/faces/javax.faces.resource/theme.css?ln=primefaces-sipse HTTP/1.1" 304 -
152.203.150.86 - - [05/Mar/2024:07:21:22 -0500] "GET /sipse/faces/javax.faces.resource/primefaces.css;jsessionid=YpyiuNGijhTNWbLi8Lsv97-h.undefined?ln=primefaces&v=4.0 HTTP/1.1" 200 53295
152.203.150.86 - - [05/Mar/2024:07:21:22 -0500] "GET /sipse/faces/javax.faces.resource/layout/layout.js;jsessionid=YpyiuNGijhTNWbLi8Lsv97-h.undefined?ln=primefaces&v=4.0 HTTP/1.1" 200 87560
152.203.150.86 - - [05/Mar/2024:07:21:22 -0500] "GET /sipse/faces/javax.faces.resource/jquery/jquery.js;jsessionid=YpyiuNGijhTNWbLi8Lsv97-h.undefined?ln=primefaces&v=4.0 HTTP/1.1" 200 105384
152.203.150.86 - - [05/Mar/2024:07:21:22 -0500] "GET /sipse/faces/javax.faces.resource/jquery/jquery-plugins.js;jsessionid=YpyiuNGijhTNWbLi8Lsv97-h.undefined?ln=primefaces&v=4.0 HTTP/1.1" 200 220526
152.203.150.86 - - [05/Mar/2024:07:21:22 -0500] "GET /sipse/faces/javax.faces.resource/primefaces.js;jsessionid=YpyiuNGijhTNWbLi8Lsv97-h.undefined?ln=primefaces&v=4.0 HTTP/1.1" 200 276924
152.203.150.86 - - [05/Mar/2024:07:21:22 -0500] "GET /sipse/faces/javax.faces.resource/images/ui-icons_898989_256x240.png?ln=primefaces-aristo HTTP/1.1" 304 -
152.203.150.86 - - [05/Mar/2024:07:21:22 -0500] "GET /sipse/faces/faces/index.xhtml HTTP/1.1" 200 677
152.203.150.86 - - [05/Mar/2024:07:21:23 -0500] "GET /sipse/faces/javax.faces.resource/theme.css?ln=primefaces-sipse HTTP/1.1" 304 -
152.203.150.86 - - [05/Mar/2024:07:21:23 -0500] "GET /sipse/faces/faces/faces/autenticacion.xhtml HTTP/1.1" 200 12401
152.203.150.86 - - [05/Mar/2024:07:21:23 -0500] "GET /sipse/faces/javax.faces.resource/theme.css?ln=primefaces-sipse HTTP/1.1" 304 -
152.203.150.86 - - [05/Mar/2024:07:21:23 -0500] "GET /sipse/faces/javax.faces.resource/primefaces.css?ln=primefaces&v=4.0 HTTP/1.1" 304 -
152.203.150.86 - - [05/Mar/2024:07:21:23 -0500] "GET /sipse/faces/javax.faces.resource/layout/layout.css?ln=primefaces&v=4.0 HTTP/1.1" 304 -
152.203.150.86 - - [05/Mar/2024:07:21:23 -0500] "GET /sipse/faces/javax.faces.resource/layout/layout.js?ln=primefaces&v=4.0 HTTP/1.1" 304 -
152.203.150.86 - - [05/Mar/2024:07:21:23 -0500] "GET /sipse/faces/javax.faces.resource/jquery/jquery.js?ln=primefaces&v=4.0 HTTP/1.1" 304 -
152.203.150.86 - - [05/Mar/2024:07:21:23 -0500] "GET /sipse/faces/javax.faces.resource/primefaces.js?ln=primefaces&v=4.0 HTTP/1.1" 304 -
152.203.150.86 - - [05/Mar/2024:07:21:23 -0500] "GET /sipse/faces/javax.faces.resource/jquery/jquery-plugins.js?ln=primefaces&v=4.0 HTTP/1.1" 304 -
52.70.240.171 - - [05/Mar/2024:07:21:25 -0500] "GET /BLA/resoluciones/RESOLUCIONES%202022/5235.pdf HTTP/1.1" 200 427454
152.203.150.86 - - [05/Mar/2024:07:21:25 -0500] "POST /sipse/faces/autenticacion.xhtml HTTP/1.1" 200 16911
152.203.150.86 - - [05/Mar/2024:07:21:26 -0500] "GET /sipse/faces/javax.faces.resource/theme.css?ln=primefaces-sipse HTTP/1.1" 304 -
152.203.150.86 - - [05/Mar/2024:07:21:26 -0500] "GET /sipse/faces/javax.faces.resource/primefaces.css?ln=primefaces&v=4.0 HTTP/1.1" 304 -
152.203.150.86 - - [05/Mar/2024:07:21:26 -0500] "GET /sipse/faces/javax.faces.resource/layout/layout.css?ln=primefaces&v=4.0 HTTP/1.1" 304 -
152.203.150.86 - - [05/Mar/2024:07:21:26 -0500] "GET /sipse/faces/javax.faces.resource/jquery/jquery.js?ln=primefaces&v=4.0 HTTP/1.1" 304 -
152.203.150.86 - - [05/Mar/2024:07:21:26 -0500] "GET /sipse/faces/javax.faces.resource/jquery/jquery-plugins.js?ln=primefaces&v=4.0 HTTP/1.1" 304 -
152.203.150.86 - - [05/Mar/2024:07:21:26 -0500] "GET /sipse/faces/javax.faces.resource/primefaces.js?ln=primefaces&v=4.0 HTTP/1.1" 304 -
152.203.150.86 - - [05/Mar/2024:07:21:26 -0500] "GET /sipse/faces/javax.faces.resource/layout/layout.js?ln=primefaces&v=4.0 HTTP/1.1" 304 -
152.203.150.86 - - [05/Mar/2024:07:21:26 -0500] "GET /sipse/css/imagen/contrasena.png HTTP/1.1" 404 383
152.203.150.86 - - [05/Mar/2024:07:21:26 -0500] "GET /sipse/faces/javax.faces.resource/images/ui-icons_898989_256x240.png?ln=primefaces-aristo HTTP/1.1" 304 -
152.203.150.86 - - [05/Mar/2024:07:21:26 -0500] "GET /sipse/faces/javax.faces.resource/messages/messages.png?ln=primefaces&v=4.0 HTTP/1.1" 304 -
191.107.131.132 - - [05/Mar/2024:07:21:27 -0500] "POST /sipse/faces/presentacion/financiero/solicitudProceso/listarSolicitudProceso.xhtml HTTP/1.1" 200 120581
191.107.131.132 - - [05/Mar/2024:07:21:28 -0500] "GET /sipse/faces/javax.faces.resource/theme.css?ln=primefaces-sipse HTTP/1.1" 304 -
191.107.131.132 - - [05/Mar/2024:07:21:28 -0500] "GET /sipse/faces/javax.faces.resource/layout/layout.css?ln=primefaces&v=4.0 HTTP/1.1" 304 -
191.107.131.132 - - [05/Mar/2024:07:21:28 -0500] "GET /sipse/faces/javax.faces.resource/primefaces.css?ln=primefaces&v=4.0 HTTP/1.1" 304 -
191.107.131.132 - - [05/Mar/2024:07:21:28 -0500] "GET /sipse/faces/javax.faces.resource/jquery/jquery.js?ln=primefaces&v=4.0 HTTP/1.1" 304 -
191.107.131.132 - - [05/Mar/2024:07:21:28 -0500] "GET /sipse/faces/javax.faces.resource/jquery/jquery-plugins.js?ln=primefaces&v=4.0 HTTP/1.1" 304 -
191.107.131.132 - - [05/Mar/2024:07:21:28 -0500] "GET /sipse/faces/javax.faces.resource/primefaces.js?ln=primefaces&v=4.0 HTTP/1.1" 304 -
191.107.131.132 - - [05/Mar/2024:07:21:28 -0500] "GET /sipse/faces/javax.faces.resource/layout/layout.js?ln=primefaces&v=4.0 HTTP/1.1" 304 -
3.224.220.101 - - [05/Mar/2024:07:21:29 -0500] "GET /BLA/resoluciones/RESOLUCIONES%202022/5234.pdf HTTP/1.1" 200 415128
152.203.150.86 - - [05/Mar/2024:07:21:29 -0500] "GET /sipse/faces/javax.faces.resource/images/ui-bg_flat_0_2d5972_40x100.png?ln=primefaces-aristo HTTP/1.1" 304 -
152.203.150.86 - - [05/Mar/2024:07:21:29 -0500] "POST /sipse/faces/bienvenido.xhtml HTTP/1.1" 200 2658
152.203.150.86 - - [05/Mar/2024:07:21:30 -0500] "POST /sipse/faces/bienvenido.xhtml HTTP/1.1" 200 36197
152.203.150.86 - - [05/Mar/2024:07:21:31 -0500] "GET /sipse/faces/javax.faces.resource/theme.css?ln=primefaces-sipse HTTP/1.1" 304 -
152.203.150.86 - - [05/Mar/2024:07:21:31 -0500] "GET /sipse/faces/javax.faces.resource/primefaces.css?ln=primefaces&v=4.0 HTTP/1.1" 304 -
152.203.150.86 - - [05/Mar/2024:07:21:31 -0500] "GET /sipse/faces/javax.faces.resource/layout/layout.css?ln=primefaces&v=4.0 HTTP/1.1" 304 -
152.203.150.86 - - [05/Mar/2024:07:21:31 -0500] "GET /sipse/faces/javax.faces.resource/jquery/jquery.js?ln=primefaces&v=4.0 HTTP/1.1" 304 -
152.203.150.86 - - [05/Mar/2024:07:21:31 -0500] "GET /sipse/faces/javax.faces.resource/jquery/jquery-plugins.js?ln=primefaces&v=4.0 HTTP/1.1" 304 -
152.203.150.86 - - [05/Mar/2024:07:21:31 -0500] "GET /sipse/faces/javax.faces.resource/primefaces.js?ln=primefaces&v=4.0 HTTP/1.1" 304 -
152.203.150.86 - - [05/Mar/2024:07:21:31 -0500] "GET /sipse/faces/javax.faces.resource/layout/layout.js?ln=primefaces&v=4.0 HTTP/1.1" 304 -
152.203.150.86 - - [05/Mar/2024:07:21:31 -0500] "POST /sipse/faces/presentacion/financiero/solicitudProceso/listarSolicitudProceso.xhtml HTTP/1.1" 200 1392
52.70.240.171 - - [05/Mar/2024:07:21:33 -0500] "GET /BLA/resoluciones/RESOLUCIONES%202022/5233.pdf HTTP/1.1" 200 518450
3.224.220.101 - - [05/Mar/2024:07:21:37 -0500] "GET /BLA/resoluciones/RESOLUCIONES%202022/5232.pdf HTTP/1.1" 200 416078
23.22.35.162 - - [05/Mar/2024:07:21:41 -0500] "GET /BLA/resoluciones/RESOLUCIONES%202022/5231.pdf HTTP/1.1" 200 458805
52.167.144.229 - - [05/Mar/2024:07:21:43 -0500] "GET /Publicaciones/2023EE65813.pdf HTTP/1.1" 404 227
191.107.131.132 - - [05/Mar/2024:07:21:44 -0500] "POST /sipse/faces/presentacion/financiero/solicitudProceso/consultarSolicitudProceso.xhtml HTTP/1.1" 200 21239
191.107.131.132 - - [05/Mar/2024:07:21:44 -0500] "GET /sipse/faces/javax.faces.resource/theme.css?ln=primefaces-sipse HTTP/1.1" 304 -
191.107.131.132 - - [05/Mar/2024:07:21:44 -0500] "GET /sipse/faces/javax.faces.resource/primefaces.css?ln=primefaces&v=4.0 HTTP/1.1" 304 -
191.107.131.132 - - [05/Mar/2024:07:21:44 -0500] "GET /sipse/faces/javax.faces.resource/fileupload/fileupload.css?ln=primefaces&v=4.0 HTTP/1.1" 304 -
191.107.131.132 - - [05/Mar/2024:07:21:44 -0500] "GET /sipse/faces/javax.faces.resource/layout/layout.css?ln=primefaces&v=4.0 HTTP/1.1" 304 -
191.107.131.132 - - [05/Mar/2024:07:21:44 -0500] "GET /sipse/faces/javax.faces.resource/jquery/jquery-plugins.js?ln=primefaces&v=4.0 HTTP/1.1" 304 -
191.107.131.132 - - [05/Mar/2024:07:21:44 -0500] "GET /sipse/faces/javax.faces.resource/jquery/jquery.js?ln=primefaces&v=4.0 HTTP/1.1" 304 -
191.107.131.132 - - [05/Mar/2024:07:21:44 -0500] "GET /sipse/faces/javax.faces.resource/primefaces.js?ln=primefaces&v=4.0 HTTP/1.1" 304 -
191.107.131.132 - - [05/Mar/2024:07:21:44 -0500] "GET /sipse/faces/javax.faces.resource/layout/layout.js?ln=primefaces&v=4.0 HTTP/1.1" 304 -
191.107.131.132 - - [05/Mar/2024:07:21:44 -0500] "GET /sipse/faces/javax.faces.resource/fileupload/fileupload.js?ln=primefaces&v=4.0 HTTP/1.1" 304 -
3.224.220.101 - - [05/Mar/2024:07:21:45 -0500] "GET /BLA/resoluciones/RESOLUCIONES%202022/5225.pdf HTTP/1.1" 200 451352
23.22.35.162 - - [05/Mar/2024:07:21:49 -0500] "GET /BLA/resoluciones/RESOLUCIONES%202022/5223.pdf HTTP/1.1" 200 423759
23.22.35.162 - - [05/Mar/2024:07:21:53 -0500] "GET /BLA/resoluciones/RESOLUCIONES%202022/5214.pdf HTTP/1.1" 200 397249
52.70.240.171 - - [05/Mar/2024:07:21:57 -0500] "GET /BLA/resoluciones/RESOLUCIONES%202022/5213.pdf HTTP/1.1" 200 295247
172.22.2.4 - - [05/Mar/2024:07:20:19 -0500] "GET /BLA/boletinlegal/ HTTP/1.1" 200 61913
52.70.240.171 - - [05/Mar/2024:07:22:01 -0500] "GET /BLA/resoluciones/RESOLUCIONES%202022/5212.pdf HTTP/1.1" 200 285556
3.224.220.101 - - [05/Mar/2024:07:22:05 -0500] "GET /BLA/resoluciones/RESOLUCIONES%202022/5211.pdf HTTP/1.1" 200 268527
191.107.131.132 - - [05/Mar/2024:07:22:08 -0500] "GET /sipse/faces/javax.faces.resource/theme.css?ln=primefaces-sipse HTTP/1.1" 304 -
191.107.131.132 - - [05/Mar/2024:07:22:08 -0500] "GET /sipse/faces/javax.faces.resource/jquery/jquery-plugins.js?ln=primefaces&v=4.0 HTTP/1.1" 304 -
191.107.131.132 - - [05/Mar/2024:07:22:08 -0500] "GET /sipse/faces/javax.faces.resource/primefaces.css?ln=primefaces&v=4.0 HTTP/1.1" 304 -
191.107.131.132 - - [05/Mar/2024:07:22:08 -0500] "GET /sipse/faces/javax.faces.resource/primefaces.js?ln=primefaces&v=4.0 HTTP/1.1" 304 -
191.107.131.132 - - [05/Mar/2024:07:22:08 -0500] "GET /sipse/faces/javax.faces.resource/jquery/jquery.js?ln=primefaces&v=4.0 HTTP/1.1" 304 -
191.107.131.132 - - [05/Mar/2024:07:22:08 -0500] "GET /sipse/faces/javax.faces.resource/layout/layout.css?ln=primefaces&v=4.0 HTTP/1.1" 304 -
191.107.131.132 - - [05/Mar/2024:07:22:08 -0500] "GET /sipse/faces/javax.faces.resource/layout/layout.js?ln=primefaces&v=4.0 HTTP/1.1" 304 -
191.107.131.132 - - [05/Mar/2024:07:22:07 -0500] "POST /sipse/faces/presentacion/sistema/anexos/cargarAnexoSolicitudProceso.xhtml HTTP/1.1" 200 168301
23.22.35.162 - - [05/Mar/2024:07:22:09 -0500] "GET /BLA/resoluciones/RESOLUCIONES%202022/5210.pdf HTTP/1.1" 200 278704
172.22.2.4 - - [05/Mar/2024:07:22:11 -0500] "GET /BLA/boletinlegal/favicon.ico HTTP/1.1" 404 1018
191.107.131.132 - - [05/Mar/2024:07:22:14 -0500] "POST /sipse/faces/presentacion/financiero/solicitudProceso/consultarSolicitudProceso.xhtml HTTP/1.1" 200 21239
191.107.131.132 - - [05/Mar/2024:07:22:15 -0500] "GET /sipse/faces/javax.faces.resource/theme.css?ln=primefaces-sipse HTTP/1.1" 304 -
191.107.131.132 - - [05/Mar/2024:07:22:15 -0500] "GET /sipse/faces/javax.faces.resource/primefaces.css?ln=primefaces&v=4.0 HTTP/1.1" 304 -
191.107.131.132 - - [05/Mar/2024:07:22:15 -0500] "GET /sipse/faces/javax.faces.resource/fileupload/fileupload.css?ln=primefaces&v=4.0 HTTP/1.1" 304 -
191.107.131.132 - - [05/Mar/2024:07:22:15 -0500] "GET /sipse/faces/javax.faces.resource/layout/layout.css?ln=primefaces&v=4.0 HTTP/1.1" 304 -
191.107.131.132 - - [05/Mar/2024:07:22:15 -0500] "GET /sipse/faces/javax.faces.resource/jquery/jquery-plugins.js?ln=primefaces&v=4.0 HTTP/1.1" 304 -
191.107.131.132 - - [05/Mar/2024:07:22:15 -0500] "GET /sipse/faces/javax.faces.resource/layout/layout.js?ln=primefaces&v=4.0 HTTP/1.1" 304 -
191.107.131.132 - - [05/Mar/2024:07:22:15 -0500] "GET /sipse/faces/javax.faces.resource/primefaces.js?ln=primefaces&v=4.0 HTTP/1.1" 304 -
191.107.131.132 - - [05/Mar/2024:07:22:15 -0500] "GET /sipse/faces/javax.faces.resource/jquery/jquery.js?ln=primefaces&v=4.0 HTTP/1.1" 304 -
191.107.131.132 - - [05/Mar/2024:07:22:15 -0500] "GET /sipse/faces/javax.faces.resource/fileupload/fileupload.js?ln=primefaces&v=4.0 HTTP/1.1" 304 -
23.22.35.162 - - [05/Mar/2024:07:22:15 -0500] "GET /BLA/resoluciones/RESOLUCIONES%202022/5209.pdf HTTP/1.1" 200 268158
172.22.2.4 - - [05/Mar/2024:07:22:16 -0500] "GET /BLA/boletinlegal/Circulares/2012/Circular%20No.%203%20del%2023%20de%20Marzo%20de%202012.pdf HTTP/1.1" 200 572950
3.224.220.101 - - [05/Mar/2024:07:22:17 -0500] "GET /BLA/resoluciones/RESOLUCIONES%202022/5208.pdf HTTP/1.1" 200 284420
23.22.35.162 - - [05/Mar/2024:07:22:21 -0500] "GET /BLA/resoluciones/RESOLUCIONES%202022/5207.pdf HTTP/1.1" 200 276671
23.22.35.162 - - [05/Mar/2024:07:22:28 -0500] "GET /BLA/resoluciones/RESOLUCIONES%202022/5198.pdf HTTP/1.1" 200 405825
3.224.220.101 - - [05/Mar/2024:07:22:29 -0500] "GET /BLA/resoluciones/RESOLUCIONES%202022/5197.pdf HTTP/1.1" 200 499516
172.22.2.4 - - [05/Mar/2024:07:21:48 -0500] "GET /BLA/boletinlegal/ HTTP/1.1" 200 24523
23.22.35.162 - - [05/Mar/2024:07:22:34 -0500] "GET /BLA/resoluciones/RESOLUCIONES%202022/5185.pdf HTTP/1.1" 200 448437
172.22.2.4 - - [05/Mar/2024:07:22:36 -0500] "GET /BLA/boletinlegal/robots.txt HTTP/1.1" 404 1038
52.70.240.171 - - [05/Mar/2024:07:22:37 -0500] "GET /BLA/resoluciones/RESOLUCIONES%202022/5184.pdf HTTP/1.1" 200 439255
191.107.131.132 - - [05/Mar/2024:07:22:39 -0500] "GET /sipse/faces/javax.faces.resource/theme.css?ln=primefaces-sipse HTTP/1.1" 304 -
191.107.131.132 - - [05/Mar/2024:07:22:39 -0500] "GET /sipse/faces/javax.faces.resource/primefaces.js?ln=primefaces&v=4.0 HTTP/1.1" 304 -
191.107.131.132 - - [05/Mar/2024:07:22:39 -0500] "GET /sipse/faces/javax.faces.resource/jquery/jquery.js?ln=primefaces&v=4.0 HTTP/1.1" 304 -
