52.70.240.171 - - [05/Mar/2024:07:33:09 -0500] "GET /BLA/resoluciones/RESOLUCIONES%202022/4462.pdf HTTP/1.1" 200 1642050
191.107.131.132 - - [05/Mar/2024:07:33:11 -0500] "GET /sipse/faces/javax.faces.resource/theme.css?ln=primefaces-sipse HTTP/1.1" 304 -
191.107.131.132 - - [05/Mar/2024:07:33:11 -0500] "GET /sipse/faces/javax.faces.resource/primefaces.css?ln=primefaces&v=4.0 HTTP/1.1" 304 -
191.107.131.132 - - [05/Mar/2024:07:33:11 -0500] "GET /sipse/faces/javax.faces.resource/layout/layout.js?ln=primefaces&v=4.0 HTTP/1.1" 304 -
191.107.131.132 - - [05/Mar/2024:07:33:10 -0500] "POST /sipse/faces/presentacion/sistema/anexos/cargarAnexoSolicitudProceso.xhtml HTTP/1.1" 200 170133
191.107.131.132 - - [05/Mar/2024:07:33:11 -0500] "GET /sipse/faces/javax.faces.resource/primefaces.js?ln=primefaces&v=4.0 HTTP/1.1" 304 -
191.107.131.132 - - [05/Mar/2024:07:33:11 -0500] "GET /sipse/faces/javax.faces.resource/jquery/jquery.js?ln=primefaces&v=4.0 HTTP/1.1" 304 -
191.107.131.132 - - [05/Mar/2024:07:33:11 -0500] "GET /sipse/faces/javax.faces.resource/layout/layout.css?ln=primefaces&v=4.0 HTTP/1.1" 304 -
191.107.131.132 - - [05/Mar/2024:07:33:11 -0500] "GET /sipse/faces/javax.faces.resource/jquery/jquery-plugins.js?ln=primefaces&v=4.0 HTTP/1.1" 304 -
52.70.240.171 - - [05/Mar/2024:07:33:13 -0500] "GET /BLA/resoluciones/RESOLUCIONES%202022/4461.pdf HTTP/1.1" 200 1643777
52.70.240.171 - - [05/Mar/2024:07:33:21 -0500] "GET /BLA/resoluciones/RESOLUCIONES%202022/4460.pdf HTTP/1.1" 200 1642116
191.107.131.132 - - [05/Mar/2024:07:33:20 -0500] "POST /sipse/faces/presentacion/financiero/solicitudProceso/consultarSolicitudProceso.xhtml HTTP/1.1" 200 46146
191.107.131.132 - - [05/Mar/2024:07:33:21 -0500] "GET /sipse/faces/javax.faces.resource/theme.css?ln=primefaces-sipse HTTP/1.1" 304 -
191.107.131.132 - - [05/Mar/2024:07:33:21 -0500] "GET /sipse/faces/javax.faces.resource/primefaces.css?ln=primefaces&v=4.0 HTTP/1.1" 304 -
191.107.131.132 - - [05/Mar/2024:07:33:21 -0500] "GET /sipse/faces/javax.faces.resource/layout/layout.css?ln=primefaces&v=4.0 HTTP/1.1" 304 -
191.107.131.132 - - [05/Mar/2024:07:33:21 -0500] "GET /sipse/faces/javax.faces.resource/jquery/jquery.js?ln=primefaces&v=4.0 HTTP/1.1" 304 -
191.107.131.132 - - [05/Mar/2024:07:33:21 -0500] "GET /sipse/faces/javax.faces.resource/jquery/jquery-plugins.js?ln=primefaces&v=4.0 HTTP/1.1" 304 -
191.107.131.132 - - [05/Mar/2024:07:33:21 -0500] "GET /sipse/faces/javax.faces.resource/primefaces.js?ln=primefaces&v=4.0 HTTP/1.1" 304 -
191.107.131.132 - - [05/Mar/2024:07:33:21 -0500] "GET /sipse/faces/javax.faces.resource/layout/layout.js?ln=primefaces&v=4.0 HTTP/1.1" 304 -
52.70.240.171 - - [05/Mar/2024:07:33:21 -0500] "GET /BLA/resoluciones/RESOLUCIONES%202022/4457.pdf HTTP/1.1" 200 470342
3.224.220.101 - - [05/Mar/2024:07:33:25 -0500] "GET /BLA/resoluciones/RESOLUCIONES%202022/4456.pdf HTTP/1.1" 200 492056
191.107.131.132 - - [05/Mar/2024:07:33:26 -0500] "GET /sipse/faces/javax.faces.resource/primefaces.css?ln=primefaces&v=4.0 HTTP/1.1" 304 -
191.107.131.132 - - [05/Mar/2024:07:33:26 -0500] "GET /sipse/faces/javax.faces.resource/theme.css?ln=primefaces-sipse HTTP/1.1" 304 -
191.107.131.132 - - [05/Mar/2024:07:33:25 -0500] "POST /sipse/faces/presentacion/financiero/estudioPrevio/personalSolicitado/personalSolicitadoSolicitudProceso.xhtml HTTP/1.1" 200 170133
191.107.131.132 - - [05/Mar/2024:07:33:26 -0500] "GET /sipse/faces/javax.faces.resource/layout/layout.css?ln=primefaces&v=4.0 HTTP/1.1" 304 -
191.107.131.132 - - [05/Mar/2024:07:33:26 -0500] "GET /sipse/faces/javax.faces.resource/jquery/jquery.js?ln=primefaces&v=4.0 HTTP/1.1" 304 -
191.107.131.132 - - [05/Mar/2024:07:33:26 -0500] "GET /sipse/faces/javax.faces.resource/jquery/jquery-plugins.js?ln=primefaces&v=4.0 HTTP/1.1" 304 -
191.107.131.132 - - [05/Mar/2024:07:33:26 -0500] "GET /sipse/faces/javax.faces.resource/layout/layout.js?ln=primefaces&v=4.0 HTTP/1.1" 304 -
191.107.131.132 - - [05/Mar/2024:07:33:26 -0500] "GET /sipse/faces/javax.faces.resource/primefaces.js?ln=primefaces&v=4.0 HTTP/1.1" 304 -
3.224.220.101 - - [05/Mar/2024:07:33:29 -0500] "GET /BLA/resoluciones/RESOLUCIONES%202022/4455.pdf HTTP/1.1" 200 1642170
52.70.240.171 - - [05/Mar/2024:07:33:34 -0500] "GET /BLA/resoluciones/RESOLUCIONES%202022/4454.pdf HTTP/1.1" 200 1672825
3.224.220.101 - - [05/Mar/2024:07:33:37 -0500] "GET /BLA/resoluciones/RESOLUCIONES%202022/4453.pdf HTTP/1.1" 200 1649667
3.224.220.101 - - [05/Mar/2024:07:33:41 -0500] "GET /BLA/resoluciones/RESOLUCIONES%202022/4452.pdf HTTP/1.1" 200 1649228
23.22.35.162 - - [05/Mar/2024:07:33:45 -0500] "GET /BLA/resoluciones/RESOLUCIONES%202022/4451.pdf HTTP/1.1" 200 449484
3.224.220.101 - - [05/Mar/2024:07:33:49 -0500] "GET /BLA/resoluciones/RESOLUCIONES%202022/4450.pdf HTTP/1.1" 200 1716128
23.22.35.162 - - [05/Mar/2024:07:33:53 -0500] "GET /BLA/resoluciones/RESOLUCIONES%202022/4449.pdf HTTP/1.1" 200 498051
23.22.35.162 - - [05/Mar/2024:07:33:57 -0500] "GET /BLA/resoluciones/RESOLUCIONES%202022/4448.pdf HTTP/1.1" 200 495326
23.22.35.162 - - [05/Mar/2024:07:34:01 -0500] "GET /BLA/resoluciones/RESOLUCIONES%202022/4447.pdf HTTP/1.1" 200 485940
23.22.35.162 - - [05/Mar/2024:07:34:06 -0500] "GET /BLA/resoluciones/RESOLUCIONES%202022/4446.pdf HTTP/1.1" 200 536463
3.224.220.101 - - [05/Mar/2024:07:34:09 -0500] "GET /BLA/resoluciones/RESOLUCIONES%202022/4445.pdf HTTP/1.1" 200 481422
52.70.240.171 - - [05/Mar/2024:07:34:13 -0500] "GET /BLA/resoluciones/RESOLUCIONES%202022/4444.pdf HTTP/1.1" 200 474421
191.107.131.132 - - [05/Mar/2024:07:34:17 -0500] "POST /sipse/faces/presentacion/financiero/solicitudProceso/consultarSolicitudProceso.xhtml HTTP/1.1" 200 46146
191.107.131.132 - - [05/Mar/2024:07:34:17 -0500] "GET /sipse/faces/javax.faces.resource/theme.css?ln=primefaces-sipse HTTP/1.1" 304 -
191.107.131.132 - - [05/Mar/2024:07:34:17 -0500] "GET /sipse/faces/javax.faces.resource/primefaces.css?ln=primefaces&v=4.0 HTTP/1.1" 304 -
191.107.131.132 - - [05/Mar/2024:07:34:17 -0500] "GET /sipse/faces/javax.faces.resource/layout/layout.css?ln=primefaces&v=4.0 HTTP/1.1" 304 -
191.107.131.132 - - [05/Mar/2024:07:34:17 -0500] "GET /sipse/faces/javax.faces.resource/jquery/jquery.js?ln=primefaces&v=4.0 HTTP/1.1" 304 -
191.107.131.132 - - [05/Mar/2024:07:34:17 -0500] "GET /sipse/faces/javax.faces.resource/jquery/jquery-plugins.js?ln=primefaces&v=4.0 HTTP/1.1" 304 -
191.107.131.132 - - [05/Mar/2024:07:34:17 -0500] "GET /sipse/faces/javax.faces.resource/primefaces.js?ln=primefaces&v=4.0 HTTP/1.1" 304 -
191.107.131.132 - - [05/Mar/2024:07:34:17 -0500] "GET /sipse/faces/javax.faces.resource/layout/layout.js?ln=primefaces&v=4.0 HTTP/1.1" 304 -
3.224.220.101 - - [05/Mar/2024:07:34:17 -0500] "GET /BLA/resoluciones/RESOLUCIONES%202022/4443.pdf HTTP/1.1" 200 475395
191.107.131.132 - - [05/Mar/2024:07:34:20 -0500] "POST /sipse/faces/presentacion/financiero/estudioPrevio/personalSolicitado/personalSolicitadoSolicitudProceso.xhtml HTTP/1.1" 200 7027
52.70.240.171 - - [05/Mar/2024:07:34:21 -0500] "GET /BLA/resoluciones/RESOLUCIONES%202022/4438.pdf HTTP/1.1" 200 399471
191.107.131.132 - - [05/Mar/2024:07:34:23 -0500] "POST /sipse/faces/presentacion/financiero/estudioPrevio/personalSolicitado/personalSolicitadoSolicitudProceso.xhtml HTTP/1.1" 200 36853
191.107.131.132 - - [05/Mar/2024:07:34:23 -0500] "GET /sipse/faces/javax.faces.resource/theme.css?ln=primefaces-sipse HTTP/1.1" 304 -
191.107.131.132 - - [05/Mar/2024:07:34:23 -0500] "GET /sipse/faces/javax.faces.resource/primefaces.css?ln=primefaces&v=4.0 HTTP/1.1" 304 -
191.107.131.132 - - [05/Mar/2024:07:34:23 -0500] "GET /sipse/faces/javax.faces.resource/layout/layout.css?ln=primefaces&v=4.0 HTTP/1.1" 304 -
191.107.131.132 - - [05/Mar/2024:07:34:23 -0500] "GET /sipse/faces/javax.faces.resource/jquery/jquery.js?ln=primefaces&v=4.0 HTTP/1.1" 304 -
191.107.131.132 - - [05/Mar/2024:07:34:23 -0500] "GET /sipse/faces/javax.faces.resource/jquery/jquery-plugins.js?ln=primefaces&v=4.0 HTTP/1.1" 304 -
191.107.131.132 - - [05/Mar/2024:07:34:23 -0500] "GET /sipse/faces/javax.faces.resource/primefaces.js?ln=primefaces&v=4.0 HTTP/1.1" 304 -
191.107.131.132 - - [05/Mar/2024:07:34:23 -0500] "GET /sipse/faces/javax.faces.resource/layout/layout.js?ln=primefaces&v=4.0 HTTP/1.1" 304 -
23.22.35.162 - - [05/Mar/2024:07:34:25 -0500] "GET /BLA/resoluciones/RESOLUCIONES%202022/4437.pdf HTTP/1.1" 200 822677
191.107.131.132 - - [05/Mar/2024:07:34:25 -0500] "POST /sipse/faces/presentacion/financiero/estudioPrevio/personalSolicitado/asociarProfesionPersonalSolicitado.xhtml HTTP/1.1" 200 21179
191.107.131.132 - - [05/Mar/2024:07:34:26 -0500] "POST /sipse/faces/presentacion/financiero/estudioPrevio/personalSolicitado/asociarProfesionPersonalSolicitado.xhtml HTTP/1.1" 200 21175
191.107.131.132 - - [05/Mar/2024:07:34:28 -0500] "POST /sipse/faces/presentacion/financiero/estudioPrevio/personalSolicitado/asociarProfesionPersonalSolicitado.xhtml HTTP/1.1" 200 21323
191.107.131.132 - - [05/Mar/2024:07:34:29 -0500] "POST /sipse/faces/presentacion/financiero/estudioPrevio/personalSolicitado/asociarProfesionPersonalSolicitado.xhtml HTTP/1.1" 200 21363
201.245.192.253 - - [05/Mar/2024:07:34:29 -0500] "GET /sipse/faces/index.xhtml HTTP/1.1" 200 677
201.245.192.253 - - [05/Mar/2024:07:34:29 -0500] "GET /sipse/faces/javax.faces.resource/theme.css?ln=primefaces-sipse HTTP/1.1" 200 50058
201.245.192.253 - - [05/Mar/2024:07:34:29 -0500] "GET /sipse/faces/faces/autenticacion.xhtml HTTP/1.1" 200 12401
201.245.192.253 - - [05/Mar/2024:07:34:29 -0500] "GET /sipse/js/disable_browser_buttons.js HTTP/1.1" 200 3230
201.245.192.253 - - [05/Mar/2024:07:34:29 -0500] "GET /sipse/js/funciones.js HTTP/1.1" 200 12592
201.245.192.253 - - [05/Mar/2024:07:34:29 -0500] "GET /sipse/css/custom_css_sg.css HTTP/1.1" 200 9694
201.245.192.253 - - [05/Mar/2024:07:34:29 -0500] "GET /sipse/css/custom_css_sg_prime_login.css HTTP/1.1" 200 443
201.245.192.253 - - [05/Mar/2024:07:34:29 -0500] "GET /sipse/faces/javax.faces.resource/theme.css?ln=primefaces-sipse HTTP/1.1" 304 -
201.245.192.253 - - [05/Mar/2024:07:34:29 -0500] "GET /sipse/faces/javax.faces.resource/layout/layout.css?ln=primefaces&v=4.0 HTTP/1.1" 200 542
201.245.192.253 - - [05/Mar/2024:07:34:29 -0500] "GET /favicon.ico HTTP/1.1" 200 7782
201.245.192.253 - - [05/Mar/2024:07:34:29 -0500] "GET /sipse/faces/javax.faces.resource/jquery/jquery.js?ln=primefaces&v=4.0 HTTP/1.1" 200 105384
201.245.192.253 - - [05/Mar/2024:07:34:29 -0500] "GET /sipse/faces/javax.faces.resource/layout/layout.js?ln=primefaces&v=4.0 HTTP/1.1" 200 87560
201.245.192.253 - - [05/Mar/2024:07:34:29 -0500] "GET /sipse/faces/javax.faces.resource/jquery/jquery-plugins.js?ln=primefaces&v=4.0 HTTP/1.1" 200 220526
201.245.192.253 - - [05/Mar/2024:07:34:29 -0500] "GET /sipse/faces/javax.faces.resource/primefaces.js?ln=primefaces&v=4.0 HTTP/1.1" 200 276924
201.245.192.253 - - [05/Mar/2024:07:34:29 -0500] "GET /sipse/faces/javax.faces.resource/primefaces.css?ln=primefaces&v=4.0 HTTP/1.1" 200 53295
201.245.192.253 - - [05/Mar/2024:07:34:29 -0500] "GET /sipse/css/imagen/logoSDG.png HTTP/1.1" 200 53064
201.245.192.253 - - [05/Mar/2024:07:34:29 -0500] "GET /sipse/css/imagen/loginimg.png HTTP/1.1" 200 71635
201.245.192.253 - - [05/Mar/2024:07:34:29 -0500] "GET /sipse/faces/javax.faces.resource/images/ui-icons_898989_256x240.png?ln=primefaces-aristo HTTP/1.1" 200 5355
191.107.131.132 - - [05/Mar/2024:07:34:29 -0500] "POST /sipse/faces/presentacion/financiero/estudioPrevio/personalSolicitado/asociarProfesionPersonalSolicitado.xhtml HTTP/1.1" 200 21367
23.22.35.162 - - [05/Mar/2024:07:34:30 -0500] "GET /BLA/resoluciones/RESOLUCIONES%202022/4436.pdf HTTP/1.1" 200 1330590
23.22.35.162 - - [05/Mar/2024:07:34:33 -0500] "GET /BLA/resoluciones/RESOLUCIONES%202022/4435.pdf HTTP/1.1" 200 470919
201.245.192.253 - - [05/Mar/2024:07:34:33 -0500] "POST /sipse/faces/autenticacion.xhtml HTTP/1.1" 200 2217
201.245.192.253 - - [05/Mar/2024:07:34:33 -0500] "GET /sipse/faces/javax.faces.resource/messages/messages.png?ln=primefaces&v=4.0 HTTP/1.1" 200 27209
191.107.131.132 - - [05/Mar/2024:07:34:33 -0500] "POST /sipse/faces/presentacion/financiero/estudioPrevio/personalSolicitado/asociarProfesionPersonalSolicitado.xhtml HTTP/1.1" 200 50828
191.107.131.132 - - [05/Mar/2024:07:34:34 -0500] "GET /sipse/faces/javax.faces.resource/primefaces.css?ln=primefaces&v=4.0 HTTP/1.1" 304 -
191.107.131.132 - - [05/Mar/2024:07:34:34 -0500] "GET /sipse/faces/javax.faces.resource/theme.css?ln=primefaces-sipse HTTP/1.1" 304 -
191.107.131.132 - - [05/Mar/2024:07:34:34 -0500] "GET /sipse/faces/javax.faces.resource/jquery/jquery-plugins.js?ln=primefaces&v=4.0 HTTP/1.1" 304 -
191.107.131.132 - - [05/Mar/2024:07:34:34 -0500] "GET /sipse/faces/javax.faces.resource/layout/layout.css?ln=primefaces&v=4.0 HTTP/1.1" 304 -
191.107.131.132 - - [05/Mar/2024:07:34:34 -0500] "GET /sipse/faces/javax.faces.resource/jquery/jquery.js?ln=primefaces&v=4.0 HTTP/1.1" 304 -
191.107.131.132 - - [05/Mar/2024:07:34:34 -0500] "GET /sipse/faces/javax.faces.resource/primefaces.js?ln=primefaces&v=4.0 HTTP/1.1" 304 -
191.107.131.132 - - [05/Mar/2024:07:34:34 -0500] "GET /sipse/faces/javax.faces.resource/layout/layout.js?ln=primefaces&v=4.0 HTTP/1.1" 304 -
201.245.192.253 - - [05/Mar/2024:07:34:34 -0500] "POST /sipse/faces/autenticacion.xhtml HTTP/1.1" 200 16445
201.245.192.253 - - [05/Mar/2024:07:34:34 -0500] "GET /sipse/css/custom_css_sg_prime.css HTTP/1.1" 200 5201
201.245.192.253 - - [05/Mar/2024:07:34:34 -0500] "GET /sipse/faces/javax.faces.resource/layout/layout.css?ln=primefaces&v=4.0 HTTP/1.1" 304 -
201.245.192.253 - - [05/Mar/2024:07:34:34 -0500] "GET /sipse/faces/javax.faces.resource/theme.css?ln=primefaces-sipse HTTP/1.1" 304 -
201.245.192.253 - - [05/Mar/2024:07:34:34 -0500] "GET /sipse/faces/javax.faces.resource/primefaces.css?ln=primefaces&v=4.0 HTTP/1.1" 304 -
201.245.192.253 - - [05/Mar/2024:07:34:34 -0500] "GET /sipse/js/jquery.min.js HTTP/1.1" 200 85582
201.245.192.253 - - [05/Mar/2024:07:34:34 -0500] "GET /sipse/faces/javax.faces.resource/jquery/jquery.js?ln=primefaces&v=4.0 HTTP/1.1" 304 -
201.245.192.253 - - [05/Mar/2024:07:34:34 -0500] "GET /sipse/faces/javax.faces.resource/jquery/jquery-plugins.js?ln=primefaces&v=4.0 HTTP/1.1" 304 -
201.245.192.253 - - [05/Mar/2024:07:34:35 -0500] "GET /sipse/faces/javax.faces.resource/primefaces.js?ln=primefaces&v=4.0 HTTP/1.1" 304 -
201.245.192.253 - - [05/Mar/2024:07:34:35 -0500] "GET /sipse/faces/javax.faces.resource/layout/layout.js?ln=primefaces&v=4.0 HTTP/1.1" 304 -
201.245.192.253 - - [05/Mar/2024:07:34:35 -0500] "GET /sipse/css/v_mergente.css HTTP/1.1" 200 1505
201.245.192.253 - - [05/Mar/2024:07:34:35 -0500] "GET /sipse/imagenes/cargando.gif HTTP/1.1" 200 36959
201.245.192.253 - - [05/Mar/2024:07:34:35 -0500] "GET /sipse/css/imagen/contrasena.png HTTP/1.1" 404 383
201.245.192.253 - - [05/Mar/2024:07:34:35 -0500] "GET /sipse/imagenes/logoAplicacion.jpg HTTP/1.1" 200 155084
201.245.192.253 - - [05/Mar/2024:07:34:36 -0500] "GET /sipse/faces/javax.faces.resource/images/ui-bg_flat_0_2d5972_40x100.png?ln=primefaces-aristo HTTP/1.1" 200 183
201.245.192.253 - - [05/Mar/2024:07:34:36 -0500] "POST /sipse/faces/bienvenido.xhtml HTTP/1.1" 200 2658
23.22.35.162 - - [05/Mar/2024:07:34:37 -0500] "GET /BLA/resoluciones/RESOLUCIONES%202022/4434.pdf HTTP/1.1" 200 470749
201.245.192.253 - - [05/Mar/2024:07:34:36 -0500] "POST /sipse/faces/bienvenido.xhtml HTTP/1.1" 200 64469
201.245.192.253 - - [05/Mar/2024:07:34:39 -0500] "GET /sipse/faces/javax.faces.resource/primefaces.css?ln=primefaces&v=4.0 HTTP/1.1" 304 -
201.245.192.253 - - [05/Mar/2024:07:34:39 -0500] "GET /sipse/faces/javax.faces.resource/theme.css?ln=primefaces-sipse HTTP/1.1" 304 -
201.245.192.253 - - [05/Mar/2024:07:34:39 -0500] "GET /sipse/faces/javax.faces.resource/layout/layout.css?ln=primefaces&v=4.0 HTTP/1.1" 304 -
201.245.192.253 - - [05/Mar/2024:07:34:39 -0500] "GET /sipse/faces/javax.faces.resource/jquery/jquery.js?ln=primefaces&v=4.0 HTTP/1.1" 304 -
201.245.192.253 - - [05/Mar/2024:07:34:39 -0500] "GET /sipse/faces/javax.faces.resource/jquery/jquery-plugins.js?ln=primefaces&v=4.0 HTTP/1.1" 304 -
201.245.192.253 - - [05/Mar/2024:07:34:39 -0500] "GET /sipse/faces/javax.faces.resource/primefaces.js?ln=primefaces&v=4.0 HTTP/1.1" 304 -
201.245.192.253 - - [05/Mar/2024:07:34:39 -0500] "GET /sipse/faces/javax.faces.resource/layout/layout.js?ln=primefaces&v=4.0 HTTP/1.1" 304 -
3.224.220.101 - - [05/Mar/2024:07:34:41 -0500] "GET /BLA/resoluciones/RESOLUCIONES%202022/4432.pdf HTTP/1.1" 200 481158
201.245.192.253 - - [05/Mar/2024:07:34:39 -0500] "POST /sipse/faces/presentacion/financiero/solicitudProceso/listarSolicitudProceso.xhtml HTTP/1.1" 200 1556
191.107.131.132 - - [05/Mar/2024:07:34:44 -0500] "POST /sipse/faces/presentacion/financiero/estudioPrevio/personalSolicitado/personalSolicitadoSolicitudProceso.xhtml HTTP/1.1" 200 7027
52.70.240.171 - - [05/Mar/2024:07:34:46 -0500] "GET /BLA/resoluciones/RESOLUCIONES%202022/4428.pdf HTTP/1.1" 200 888151
191.107.131.132 - - [05/Mar/2024:07:34:47 -0500] "GET /sipse/faces/javax.faces.resource/theme.css?ln=primefaces-sipse HTTP/1.1" 304 -
191.107.131.132 - - [05/Mar/2024:07:34:47 -0500] "POST /sipse/faces/presentacion/financiero/estudioPrevio/personalSolicitado/personalSolicitadoSolicitudProceso.xhtml HTTP/1.1" 200 179946
191.107.131.132 - - [05/Mar/2024:07:34:47 -0500] "GET /sipse/faces/javax.faces.resource/primefaces.js?ln=primefaces&v=4.0 HTTP/1.1" 304 -
191.107.131.132 - - [05/Mar/2024:07:34:47 -0500] "GET /sipse/faces/javax.faces.resource/primefaces.css?ln=primefaces&v=4.0 HTTP/1.1" 304 -
191.107.131.132 - - [05/Mar/2024:07:34:47 -0500] "GET /sipse/faces/javax.faces.resource/jquery/jquery-plugins.js?ln=primefaces&v=4.0 HTTP/1.1" 304 -
191.107.131.132 - - [05/Mar/2024:07:34:47 -0500] "GET /sipse/faces/javax.faces.resource/jquery/jquery.js?ln=primefaces&v=4.0 HTTP/1.1" 304 -
191.107.131.132 - - [05/Mar/2024:07:34:47 -0500] "GET /sipse/faces/javax.faces.resource/layout/layout.css?ln=primefaces&v=4.0 HTTP/1.1" 304 -
191.107.131.132 - - [05/Mar/2024:07:34:48 -0500] "GET /sipse/faces/javax.faces.resource/layout/layout.js?ln=primefaces&v=4.0 HTTP/1.1" 304 -
23.22.35.162 - - [05/Mar/2024:07:34:50 -0500] "GET /BLA/resoluciones/RESOLUCIONES%202022/4427.pdf HTTP/1.1" 200 579762
201.245.192.253 - - [05/Mar/2024:07:34:50 -0500] "POST /sipse/faces/presentacion/financiero/solicitudProceso/listarSolicitudProceso.xhtml HTTP/1.1" 200 46760
201.245.192.253 - - [05/Mar/2024:07:34:50 -0500] "POST /sipse/faces/presentacion/financiero/solicitudProceso/listarSolicitudProceso.xhtml HTTP/1.1" 200 1560
201.245.192.253 - - [05/Mar/2024:07:34:51 -0500] "POST /sipse/faces/presentacion/financiero/solicitudProceso/listarSolicitudProceso.xhtml HTTP/1.1" 200 32484
201.245.192.253 - - [05/Mar/2024:07:34:52 -0500] "POST /sipse/faces/presentacion/financiero/solicitudProceso/listarSolicitudProceso.xhtml HTTP/1.1" 200 45450
201.245.192.253 - - [05/Mar/2024:07:34:53 -0500] "POST /sipse/faces/presentacion/financiero/solicitudProceso/listarSolicitudProceso.xhtml HTTP/1.1" 200 23556
23.22.35.162 - - [05/Mar/2024:07:34:53 -0500] "GET /BLA/resoluciones/RESOLUCIONES%202022/4424.pdf HTTP/1.1" 200 397319
23.22.35.162 - - [05/Mar/2024:07:34:57 -0500] "GET /BLA/resoluciones/RESOLUCIONES%202022/4417.pdf HTTP/1.1" 200 698334
201.245.192.253 - - [05/Mar/2024:07:34:56 -0500] "POST /sipse/faces/presentacion/financiero/solicitudProceso/listarSolicitudProceso.xhtml HTTP/1.1" 200 131070
201.245.192.253 - - [05/Mar/2024:07:34:57 -0500] "GET /sipse/faces/javax.faces.resource/theme.css?ln=primefaces-sipse HTTP/1.1" 304 -
201.245.192.253 - - [05/Mar/2024:07:34:57 -0500] "GET /sipse/faces/javax.faces.resource/layout/layout.css?ln=primefaces&v=4.0 HTTP/1.1" 304 -
201.245.192.253 - - [05/Mar/2024:07:34:57 -0500] "GET /sipse/faces/javax.faces.resource/primefaces.css?ln=primefaces&v=4.0 HTTP/1.1" 304 -
201.245.192.253 - - [05/Mar/2024:07:34:57 -0500] "GET /sipse/faces/javax.faces.resource/jquery/jquery.js?ln=primefaces&v=4.0 HTTP/1.1" 304 -
201.245.192.253 - - [05/Mar/2024:07:34:57 -0500] "GET /sipse/faces/javax.faces.resource/jquery/jquery-plugins.js?ln=primefaces&v=4.0 HTTP/1.1" 304 -
201.245.192.253 - - [05/Mar/2024:07:34:57 -0500] "GET /sipse/faces/javax.faces.resource/primefaces.js?ln=primefaces&v=4.0 HTTP/1.1" 304 -
201.245.192.253 - - [05/Mar/2024:07:34:57 -0500] "GET /sipse/faces/javax.faces.resource/layout/layout.js?ln=primefaces&v=4.0 HTTP/1.1" 304 -
200.118.16.147 - - [05/Mar/2024:07:35:00 -0500] "GET /sipse/faces/faces/autenticacion.xhtml HTTP/1.1" 200 12723
200.118.16.147 - - [05/Mar/2024:07:35:00 -0500] "GET /sipse/faces/javax.faces.resource/layout/layout.css;jsessionid=u7lyelFbl6CjauScn9KP7v8P.undefined?ln=primefaces&v=4.0 HTTP/1.1" 200 542
200.118.16.147 - - [05/Mar/2024:07:35:00 -0500] "GET /sipse/faces/javax.faces.resource/layout/layout.js;jsessionid=u7lyelFbl6CjauScn9KP7v8P.undefined?ln=primefaces&v=4.0 HTTP/1.1" 200 87560
200.118.16.147 - - [05/Mar/2024:07:35:00 -0500] "GET /sipse/faces/javax.faces.resource/primefaces.css;jsessionid=u7lyelFbl6CjauScn9KP7v8P.undefined?ln=primefaces&v=4.0 HTTP/1.1" 200 53295
200.118.16.147 - - [05/Mar/2024:07:35:00 -0500] "GET /sipse/faces/javax.faces.resource/jquery/jquery.js;jsessionid=u7lyelFbl6CjauScn9KP7v8P.undefined?ln=primefaces&v=4.0 HTTP/1.1" 200 105384
200.118.16.147 - - [05/Mar/2024:07:35:00 -0500] "GET /sipse/faces/javax.faces.resource/jquery/jquery-plugins.js;jsessionid=u7lyelFbl6CjauScn9KP7v8P.undefined?ln=primefaces&v=4.0 HTTP/1.1" 200 220526
200.118.16.147 - - [05/Mar/2024:07:35:00 -0500] "GET /sipse/faces/javax.faces.resource/primefaces.js;jsessionid=u7lyelFbl6CjauScn9KP7v8P.undefined?ln=primefaces&v=4.0 HTTP/1.1" 200 276924
200.118.16.147 - - [05/Mar/2024:07:35:01 -0500] "GET /sipse/faces/javax.faces.resource/theme.css?ln=primefaces-sipse HTTP/1.1" 304 -
23.22.35.162 - - [05/Mar/2024:07:35:01 -0500] "GET /BLA/resoluciones/RESOLUCIONES%202022/4415.pdf HTTP/1.1" 200 603077
200.118.16.147 - - [05/Mar/2024:07:35:01 -0500] "GET /sipse/faces/javax.faces.resource/images/ui-icons_898989_256x240.png?ln=primefaces-aristo HTTP/1.1" 304 -
200.118.16.147 - - [05/Mar/2024:07:35:02 -0500] "GET /sipse/faces/faces/index.xhtml HTTP/1.1" 200 677
200.118.16.147 - - [05/Mar/2024:07:35:02 -0500] "GET /sipse/faces/javax.faces.resource/theme.css?ln=primefaces-sipse HTTP/1.1" 304 -
200.118.16.147 - - [05/Mar/2024:07:35:03 -0500] "GET /sipse/faces/faces/faces/autenticacion.xhtml HTTP/1.1" 200 12401
200.118.16.147 - - [05/Mar/2024:07:35:03 -0500] "GET /sipse/faces/javax.faces.resource/theme.css?ln=primefaces-sipse HTTP/1.1" 304 -
200.118.16.147 - - [05/Mar/2024:07:35:04 -0500] "GET /sipse/faces/javax.faces.resource/primefaces.css?ln=primefaces&v=4.0 HTTP/1.1" 304 -
200.118.16.147 - - [05/Mar/2024:07:35:04 -0500] "GET /sipse/faces/javax.faces.resource/layout/layout.css?ln=primefaces&v=4.0 HTTP/1.1" 200 542
200.118.16.147 - - [05/Mar/2024:07:35:04 -0500] "GET /sipse/faces/javax.faces.resource/jquery/jquery.js?ln=primefaces&v=4.0 HTTP/1.1" 304 -
200.118.16.147 - - [05/Mar/2024:07:35:04 -0500] "GET /sipse/faces/javax.faces.resource/jquery/jquery-plugins.js?ln=primefaces&v=4.0 HTTP/1.1" 304 -
200.118.16.147 - - [05/Mar/2024:07:35:04 -0500] "GET /sipse/faces/javax.faces.resource/primefaces.js?ln=primefaces&v=4.0 HTTP/1.1" 304 -
200.118.16.147 - - [05/Mar/2024:07:35:04 -0500] "GET /sipse/faces/javax.faces.resource/layout/layout.js?ln=primefaces&v=4.0 HTTP/1.1" 304 -
23.22.35.162 - - [05/Mar/2024:07:35:05 -0500] "GET /BLA/resoluciones/RESOLUCIONES%202022/4411.pdf HTTP/1.1" 200 351331
200.118.16.147 - - [05/Mar/2024:07:35:06 -0500] "GET /sipse/faces/javax.faces.resource/images/ui-icons_898989_256x240.png?ln=primefaces-aristo HTTP/1.1" 304 -
52.70.240.171 - - [05/Mar/2024:07:35:09 -0500] "GET /BLA/resoluciones/RESOLUCIONES%202022/4410.pdf HTTP/1.1" 200 380125
3.224.220.101 - - [05/Mar/2024:07:35:13 -0500] "GET /BLA/resoluciones/RESOLUCIONES%202022/4409.pdf HTTP/1.1" 200 464892
52.70.240.171 - - [05/Mar/2024:07:35:17 -0500] "GET /BLA/resoluciones/RESOLUCIONES%202022/4408.pdf HTTP/1.1" 200 452623
200.118.16.147 - - [05/Mar/2024:07:35:17 -0500] "POST /sipse/faces/autenticacion.xhtml HTTP/1.1" 200 16280
200.118.16.147 - - [05/Mar/2024:07:35:18 -0500] "GET /sipse/css/custom_css_sg_prime.css HTTP/1.1" 200 5201
200.118.16.147 - - [05/Mar/2024:07:35:18 -0500] "GET /sipse/faces/javax.faces.resource/jquery/jquery.js?ln=primefaces&v=4.0 HTTP/1.1" 304 -
200.118.16.147 - - [05/Mar/2024:07:35:18 -0500] "GET /sipse/faces/javax.faces.resource/jquery/jquery-plugins.js?ln=primefaces&v=4.0 HTTP/1.1" 304 -
200.118.16.147 - - [05/Mar/2024:07:35:18 -0500] "GET /sipse/faces/javax.faces.resource/primefaces.js?ln=primefaces&v=4.0 HTTP/1.1" 304 -
200.118.16.147 - - [05/Mar/2024:07:35:18 -0500] "GET /sipse/faces/javax.faces.resource/layout/layout.js?ln=primefaces&v=4.0 HTTP/1.1" 304 -
200.118.16.147 - - [05/Mar/2024:07:35:18 -0500] "GET /sipse/css/imagen/contrasena.png HTTP/1.1" 404 383
200.118.16.147 - - [05/Mar/2024:07:35:18 -0500] "GET /sipse/faces/javax.faces.resource/messages/messages.png?ln=primefaces&v=4.0 HTTP/1.1" 304 -
191.107.131.132 - - [05/Mar/2024:07:35:17 -0500] "POST /sipse/faces/presentacion/financiero/solicitudProceso/consultarSolicitudProceso.xhtml HTTP/1.1" 200 64261
191.107.131.132 - - [05/Mar/2024:07:35:19 -0500] "GET /sipse/faces/javax.faces.resource/theme.css?ln=primefaces-sipse HTTP/1.1" 304 -
191.107.131.132 - - [05/Mar/2024:07:35:19 -0500] "GET /sipse/faces/javax.faces.resource/jquery/jquery.js?ln=primefaces&v=4.0 HTTP/1.1" 304 -
191.107.131.132 - - [05/Mar/2024:07:35:19 -0500] "GET /sipse/faces/javax.faces.resource/layout/layout.css?ln=primefaces&v=4.0 HTTP/1.1" 304 -
191.107.131.132 - - [05/Mar/2024:07:35:19 -0500] "GET /sipse/faces/javax.faces.resource/primefaces.css?ln=primefaces&v=4.0 HTTP/1.1" 304 -
191.107.131.132 - - [05/Mar/2024:07:35:19 -0500] "GET /sipse/faces/javax.faces.resource/jquery/jquery-plugins.js?ln=primefaces&v=4.0 HTTP/1.1" 304 -
191.107.131.132 - - [05/Mar/2024:07:35:20 -0500] "GET /sipse/faces/javax.faces.resource/primefaces.js?ln=primefaces&v=4.0 HTTP/1.1" 304 -
191.107.131.132 - - [05/Mar/2024:07:35:20 -0500] "GET /sipse/faces/javax.faces.resource/layout/layout.js?ln=primefaces&v=4.0 HTTP/1.1" 304 -
191.107.131.132 - - [05/Mar/2024:07:35:20 -0500] "POST /sipse/faces/presentacion/financiero/solicitudProceso/listarSolicitudProceso.xhtml HTTP/1.1" 200 1556
200.118.16.147 - - [05/Mar/2024:07:35:21 -0500] "GET /sipse/faces/javax.faces.resource/images/ui-bg_flat_0_2d5972_40x100.png?ln=primefaces-aristo HTTP/1.1" 304 -
200.118.16.147 - - [05/Mar/2024:07:35:21 -0500] "POST /sipse/faces/bienvenido.xhtml HTTP/1.1" 200 1471
23.22.35.162 - - [05/Mar/2024:07:35:21 -0500] "GET /BLA/resoluciones/RESOLUCIONES%202022/4407.pdf HTTP/1.1" 200 982433
200.118.16.147 - - [05/Mar/2024:07:35:22 -0500] "POST /sipse/faces/bienvenido.xhtml HTTP/1.1" 200 61913
200.118.16.147 - - [05/Mar/2024:07:35:22 -0500] "GET /sipse/faces/javax.faces.resource/jquery/jquery.js?ln=primefaces&v=4.0 HTTP/1.1" 304 -
200.118.16.147 - - [05/Mar/2024:07:35:22 -0500] "GET /sipse/faces/javax.faces.resource/jquery/jquery-plugins.js?ln=primefaces&v=4.0 HTTP/1.1" 304 -
200.118.16.147 - - [05/Mar/2024:07:35:22 -0500] "GET /sipse/faces/javax.faces.resource/primefaces.js?ln=primefaces&v=4.0 HTTP/1.1" 304 -
200.118.16.147 - - [05/Mar/2024:07:35:22 -0500] "GET /sipse/faces/javax.faces.resource/layout/layout.js?ln=primefaces&v=4.0 HTTP/1.1" 304 -
200.118.16.147 - - [05/Mar/2024:07:35:23 -0500] "POST /sipse/faces/presentacion/financiero/solicitudProceso/listarSolicitudProceso.xhtml HTTP/1.1" 200 1556
3.224.220.101 - - [05/Mar/2024:07:35:25 -0500] "GET /BLA/resoluciones/RESOLUCIONES%202022/4393.pdf HTTP/1.1" 200 383059
52.70.240.171 - - [05/Mar/2024:07:35:29 -0500] "GET /BLA/resoluciones/RESOLUCIONES%202022/4392.pdf HTTP/1.1" 200 373399
200.118.16.147 - - [05/Mar/2024:07:35:31 -0500] "POST /sipse/faces/presentacion/financiero/solicitudProceso/listarSolicitudProceso.xhtml HTTP/1.1" 200 31942
200.118.16.147 - - [05/Mar/2024:07:35:32 -0500] "POST /sipse/faces/presentacion/financiero/solicitudProceso/listarSolicitudProceso.xhtml HTTP/1.1" 200 31954
3.224.220.101 - - [05/Mar/2024:07:35:33 -0500] "GET /BLA/resoluciones/RESOLUCIONES%202022/4389.pdf HTTP/1.1" 200 1817143
200.118.16.147 - - [05/Mar/2024:07:35:33 -0500] "POST /sipse/faces/presentacion/financiero/solicitudProceso/listarSolicitudProceso.xhtml HTTP/1.1" 200 31848
200.118.16.147 - - [05/Mar/2024:07:35:35 -0500] "POST /sipse/faces/presentacion/financiero/solicitudProceso/listarSolicitudProceso.xhtml HTTP/1.1" 200 19837
201.245.192.253 - - [05/Mar/2024:07:35:34 -0500] "POST /kwsrmcab/Wsrmcab  HTTP/1.1" 200 39632
200.118.16.147 - - [05/Mar/2024:07:35:35 -0500] "POST /sipse/faces/presentacion/financiero/solicitudProceso/listarSolicitudProceso.xhtml HTTP/1.1" 200 7990
200.118.16.147 - - [05/Mar/2024:07:35:36 -0500] "POST /sipse/faces/presentacion/financiero/solicitudProceso/listarSolicitudProceso.xhtml HTTP/1.1" 200 5034
23.22.35.162 - - [05/Mar/2024:07:35:37 -0500] "GET /BLA/resoluciones/RESOLUCIONES%202022/4388.pdf HTTP/1.1" 200 1244848
200.118.16.147 - - [05/Mar/2024:07:35:39 -0500] "POST /sipse/faces/presentacion/financiero/solicitudProceso/listarSolicitudProceso.xhtml HTTP/1.1" 200 143422
200.118.16.147 - - [05/Mar/2024:07:35:40 -0500] "GET /sipse/faces/javax.faces.resource/jquery/jquery.js?ln=primefaces&v=4.0 HTTP/1.1" 304 -
200.118.16.147 - - [05/Mar/2024:07:35:40 -0500] "GET /sipse/faces/javax.faces.resource/jquery/jquery-plugins.js?ln=primefaces&v=4.0 HTTP/1.1" 304 -
200.118.16.147 - - [05/Mar/2024:07:35:40 -0500] "GET /sipse/faces/javax.faces.resource/primefaces.js?ln=primefaces&v=4.0 HTTP/1.1" 304 -
200.118.16.147 - - [05/Mar/2024:07:35:40 -0500] "GET /sipse/faces/javax.faces.resource/layout/layout.js?ln=primefaces&v=4.0 HTTP/1.1" 304 -
52.70.240.171 - - [05/Mar/2024:07:35:42 -0500] "GET /BLA/resoluciones/RESOLUCIONES%202022/4385.pdf HTTP/1.1" 200 482003
52.70.240.171 - - [05/Mar/2024:07:35:45 -0500] "GET /BLA/resoluciones/RESOLUCIONES%202022/4383.pdf HTTP/1.1" 200 366125
3.224.220.101 - - [05/Mar/2024:07:35:49 -0500] "GET /BLA/resoluciones/RESOLUCIONES%202022/4377.pdf HTTP/1.1" 200 476977
200.118.16.147 - - [05/Mar/2024:07:35:51 -0500] "POST /sipse/faces/presentacion/financiero/solicitudProceso/consultarSolicitudProceso.xhtml HTTP/1.1" 200 37374
200.118.16.147 - - [05/Mar/2024:07:35:52 -0500] "GET /sipse/faces/javax.faces.resource/theme.css?ln=primefaces-sipse HTTP/1.1" 304 -
200.118.16.147 - - [05/Mar/2024:07:35:52 -0500] "GET /sipse/faces/javax.faces.resource/jquery/jquery-plugins.js?ln=primefaces&v=4.0 HTTP/1.1" 304 -
200.118.16.147 - - [05/Mar/2024:07:35:52 -0500] "GET /sipse/faces/javax.faces.resource/layout/layout.css?ln=primefaces&v=4.0 HTTP/1.1" 304 -
200.118.16.147 - - [05/Mar/2024:07:35:52 -0500] "GET /sipse/faces/javax.faces.resource/jquery/jquery.js?ln=primefaces&v=4.0 HTTP/1.1" 304 -
200.118.16.147 - - [05/Mar/2024:07:35:52 -0500] "GET /sipse/faces/javax.faces.resource/layout/layout.js?ln=primefaces&v=4.0 HTTP/1.1" 304 -
200.118.16.147 - - [05/Mar/2024:07:35:52 -0500] "GET /sipse/faces/javax.faces.resource/primefaces.js?ln=primefaces&v=4.0 HTTP/1.1" 304 -
200.118.16.147 - - [05/Mar/2024:07:35:52 -0500] "GET /sipse/faces/javax.faces.resource/primefaces.css?ln=primefaces&v=4.0 HTTP/1.1" 304 -
200.118.16.147 - - [05/Mar/2024:07:35:52 -0500] "GET /sipse/css/imagen/contrasena.png HTTP/1.1" 404 383
200.118.16.147 - - [05/Mar/2024:07:35:52 -0500] "GET /sipse/faces/javax.faces.resource/images/ui-icons_898989_256x240.png?ln=primefaces-aristo HTTP/1.1" 304 -
23.22.35.162 - - [05/Mar/2024:07:35:53 -0500] "GET /BLA/resoluciones/RESOLUCIONES%202022/4366.pdf HTTP/1.1" 200 396948
52.70.240.171 - - [05/Mar/2024:07:35:57 -0500] "GET /BLA/resoluciones/RESOLUCIONES%202022/4365.pdf HTTP/1.1" 200 386596
23.22.35.162 - - [05/Mar/2024:07:36:01 -0500] "GET /BLA/resoluciones/RESOLUCIONES%202022/4362.pdf HTTP/1.1" 200 361824
52.70.240.171 - - [05/Mar/2024:07:36:05 -0500] "GET /BLA/resoluciones/RESOLUCIONES%202022/4361.pdf HTTP/1.1" 200 393755
23.22.35.162 - - [05/Mar/2024:07:36:09 -0500] "GET /BLA/resoluciones/RESOLUCIONES%202022/4360.pdf HTTP/1.1" 200 383723
52.70.240.171 - - [05/Mar/2024:07:36:13 -0500] "GET /BLA/resoluciones/RESOLUCIONES%202022/4358.pdf HTTP/1.1" 200 598607
3.224.220.101 - - [05/Mar/2024:07:36:17 -0500] "GET /BLA/resoluciones/RESOLUCIONES%202022/4357.pdf HTTP/1.1" 200 377113
23.22.35.162 - - [05/Mar/2024:07:36:22 -0500] "GET /BLA/resoluciones/RESOLUCIONES%202022/4356.pdf HTTP/1.1" 200 391361
3.224.220.101 - - [05/Mar/2024:07:36:25 -0500] "GET /BLA/resoluciones/RESOLUCIONES%202022/4355.pdf HTTP/1.1" 200 483148
23.22.35.162 - - [05/Mar/2024:07:36:29 -0500] "GET /BLA/resoluciones/RESOLUCIONES%202022/4354.pdf HTTP/1.1" 200 586758
3.224.220.101 - - [05/Mar/2024:07:36:33 -0500] "GET /BLA/resoluciones/RESOLUCIONES%202022/4352.pdf HTTP/1.1" 200 589835
3.224.220.101 - - [05/Mar/2024:07:36:37 -0500] "GET /BLA/resoluciones/RESOLUCIONES%202022/4351.pdf HTTP/1.1" 200 392233
3.224.220.101 - - [05/Mar/2024:07:36:42 -0500] "GET /BLA/resoluciones/RESOLUCIONES%202022/4350.pdf HTTP/1.1" 200 406362
3.224.220.101 - - [05/Mar/2024:07:36:45 -0500] "GET /BLA/resoluciones/RESOLUCIONES%202022/4349.pdf HTTP/1.1" 200 379525
3.224.220.101 - - [05/Mar/2024:07:36:49 -0500] "GET /BLA/resoluciones/RESOLUCIONES%202022/4348.pdf HTTP/1.1" 200 361481
52.70.240.171 - - [05/Mar/2024:07:36:53 -0500] "GET /BLA/resoluciones/RESOLUCIONES%202022/4347.pdf HTTP/1.1" 200 553034
3.224.220.101 - - [05/Mar/2024:07:36:57 -0500] "GET /BLA/resoluciones/RESOLUCIONES%202022/4346.pdf HTTP/1.1" 200 383400
52.70.240.171 - - [05/Mar/2024:07:37:01 -0500] "GET /BLA/resoluciones/RESOLUCIONES%202022/4345.pdf HTTP/1.1" 200 388851
3.224.220.101 - - [05/Mar/2024:07:37:05 -0500] "GET /BLA/resoluciones/RESOLUCIONES%202022/4344.pdf HTTP/1.1" 200 395902
3.224.220.101 - - [05/Mar/2024:07:37:09 -0500] "GET /BLA/resoluciones/RESOLUCIONES%202022/4343.pdf HTTP/1.1" 200 407057
201.245.192.253 - - [05/Mar/2024:07:37:10 -0500] "POST /sipse/faces/presentacion/financiero/solicitudProceso/consultarSolicitudProceso.xhtml HTTP/1.1" 200 64684
201.245.192.253 - - [05/Mar/2024:07:37:10 -0500] "GET /sipse/faces/javax.faces.resource/theme.css?ln=primefaces-sipse HTTP/1.1" 304 -
201.245.192.253 - - [05/Mar/2024:07:37:10 -0500] "GET /sipse/faces/javax.faces.resource/primefaces.css?ln=primefaces&v=4.0 HTTP/1.1" 304 -
201.245.192.253 - - [05/Mar/2024:07:37:10 -0500] "GET /sipse/faces/javax.faces.resource/layout/layout.css?ln=primefaces&v=4.0 HTTP/1.1" 304 -
201.245.192.253 - - [05/Mar/2024:07:37:10 -0500] "GET /sipse/faces/javax.faces.resource/jquery/jquery.js?ln=primefaces&v=4.0 HTTP/1.1" 304 -
201.245.192.253 - - [05/Mar/2024:07:37:10 -0500] "GET /sipse/faces/javax.faces.resource/jquery/jquery-plugins.js?ln=primefaces&v=4.0 HTTP/1.1" 304 -
201.245.192.253 - - [05/Mar/2024:07:37:10 -0500] "GET /sipse/faces/javax.faces.resource/primefaces.js?ln=primefaces&v=4.0 HTTP/1.1" 304 -
201.245.192.253 - - [05/Mar/2024:07:37:10 -0500] "GET /sipse/faces/javax.faces.resource/layout/layout.js?ln=primefaces&v=4.0 HTTP/1.1" 304 -
201.245.192.253 - - [05/Mar/2024:07:37:11 -0500] "GET /sipse/css/imagen/contrasena.png HTTP/1.1" 404 383
201.245.192.253 - - [05/Mar/2024:07:37:11 -0500] "POST /sipse/faces/presentacion/financiero/solicitudProceso/listarSolicitudProceso.xhtml HTTP/1.1" 200 57965
201.245.192.253 - - [05/Mar/2024:07:37:11 -0500] "POST /sipse/faces/presentacion/financiero/solicitudProceso/listarSolicitudProceso.xhtml HTTP/1.1" 200 57965
201.245.192.253 - - [05/Mar/2024:07:37:12 -0500] "POST /sipse/faces/presentacion/financiero/solicitudProceso/listarSolicitudProceso.xhtml HTTP/1.1" 200 1556
201.245.192.253 - - [05/Mar/2024:07:37:12 -0500] "POST /sipse/faces/presentacion/financiero/solicitudProceso/listarSolicitudProceso.xhtml HTTP/1.1" 200 1552
201.245.192.253 - - [05/Mar/2024:07:37:12 -0500] "POST /sipse/faces/presentacion/financiero/solicitudProceso/listarSolicitudProceso.xhtml HTTP/1.1" 200 1564
3.224.220.101 - - [05/Mar/2024:07:37:13 -0500] "GET /BLA/resoluciones/RESOLUCIONES%202022/4342.pdf HTTP/1.1" 200 401210
201.245.192.253 - - [05/Mar/2024:07:37:13 -0500] "POST /sipse/faces/presentacion/financiero/solicitudProceso/listarSolicitudProceso.xhtml HTTP/1.1" 200 22848
23.22.35.162 - - [05/Mar/2024:07:37:17 -0500] "GET /BLA/resoluciones/RESOLUCIONES%202022/4340.pdf HTTP/1.1" 200 387326
3.224.220.101 - - [05/Mar/2024:07:37:21 -0500] "GET /BLA/resoluciones/RESOLUCIONES%202022/4338.pdf HTTP/1.1" 200 405717
3.224.220.101 - - [05/Mar/2024:07:37:25 -0500] "GET /BLA/resoluciones/RESOLUCIONES%202022/4337.pdf HTTP/1.1" 200 367973
3.224.220.101 - - [05/Mar/2024:07:37:29 -0500] "GET /BLA/resoluciones/RESOLUCIONES%202022/4336.pdf HTTP/1.1" 200 385240
52.70.240.171 - - [05/Mar/2024:07:37:33 -0500] "GET /BLA/resoluciones/RESOLUCIONES%202022/4335.pdf HTTP/1.1" 200 376041
23.22.35.162 - - [05/Mar/2024:07:37:37 -0500] "GET /BLA/resoluciones/RESOLUCIONES%202022/4334.pdf HTTP/1.1" 200 476958
3.224.220.101 - - [05/Mar/2024:07:37:41 -0500] "GET /BLA/resoluciones/RESOLUCIONES%202022/4332.pdf HTTP/1.1" 200 405292
3.224.220.101 - - [05/Mar/2024:07:37:45 -0500] "GET /BLA/resoluciones/RESOLUCIONES%202022/4331.pdf HTTP/1.1" 200 406826
23.22.35.162 - - [05/Mar/2024:07:37:50 -0500] "GET /BLA/resoluciones/RESOLUCIONES%202022/4328.pdf HTTP/1.1" 200 386549
200.118.16.147 - - [05/Mar/2024:07:37:50 -0500] "GET /sipse/faces/javax.faces.resource/images/ui-bg_flat_0_2d5972_40x100.png?ln=primefaces-aristo HTTP/1.1" 304 -
200.118.16.147 - - [05/Mar/2024:07:37:50 -0500] "POST /sipse/faces/presentacion/financiero/solicitudProceso/consultarHistorialSolProceso.xhtml HTTP/1.1" 200 34629
200.118.16.147 - - [05/Mar/2024:07:37:51 -0500] "GET /sipse/faces/javax.faces.resource/jquery/jquery.js?ln=primefaces&v=4.0 HTTP/1.1" 304 -
200.118.16.147 - - [05/Mar/2024:07:37:51 -0500] "GET /sipse/faces/javax.faces.resource/jquery/jquery-plugins.js?ln=primefaces&v=4.0 HTTP/1.1" 304 -
200.118.16.147 - - [05/Mar/2024:07:37:51 -0500] "GET /sipse/faces/javax.faces.resource/primefaces.js?ln=primefaces&v=4.0 HTTP/1.1" 304 -
200.118.16.147 - - [05/Mar/2024:07:37:51 -0500] "GET /sipse/faces/javax.faces.resource/layout/layout.js?ln=primefaces&v=4.0 HTTP/1.1" 304 -
200.118.16.147 - - [05/Mar/2024:07:37:51 -0500] "POST /sipse/faces/presentacion/financiero/solicitudProceso/listarSolicitudProceso.xhtml HTTP/1.1" 200 1392
3.224.220.101 - - [05/Mar/2024:07:37:53 -0500] "GET /BLA/resoluciones/RESOLUCIONES%202022/4324.pdf HTTP/1.1" 200 453042
200.118.16.147 - - [05/Mar/2024:07:37:53 -0500] "POST /sipse/faces/presentacion/financiero/solicitudProceso/listarSolicitudProceso.xhtml HTTP/1.1" 200 31942
200.118.16.147 - - [05/Mar/2024:07:37:54 -0500] "POST /sipse/faces/presentacion/financiero/solicitudProceso/listarSolicitudProceso.xhtml HTTP/1.1" 200 10926
200.118.16.147 - - [05/Mar/2024:07:37:56 -0500] "POST /sipse/faces/presentacion/financiero/solicitudProceso/listarSolicitudProceso.xhtml HTTP/1.1" 200 31942
23.22.35.162 - - [05/Mar/2024:07:37:57 -0500] "GET /BLA/resoluciones/RESOLUCIONES%202022/4323.pdf HTTP/1.1" 200 447999
200.118.16.147 - - [05/Mar/2024:07:37:57 -0500] "POST /sipse/faces/presentacion/financiero/solicitudProceso/listarSolicitudProceso.xhtml HTTP/1.1" 200 31856
200.118.16.147 - - [05/Mar/2024:07:37:58 -0500] "POST /sipse/faces/presentacion/financiero/solicitudProceso/listarSolicitudProceso.xhtml HTTP/1.1" 200 4922
200.118.16.147 - - [05/Mar/2024:07:37:59 -0500] "POST /sipse/faces/presentacion/financiero/solicitudProceso/listarSolicitudProceso.xhtml HTTP/1.1" 200 4930
200.118.16.147 - - [05/Mar/2024:07:38:00 -0500] "POST /sipse/faces/presentacion/financiero/solicitudProceso/listarSolicitudProceso.xhtml HTTP/1.1" 200 4922
3.224.220.101 - - [05/Mar/2024:07:38:01 -0500] "GET /BLA/resoluciones/RESOLUCIONES%202022/4322.pdf HTTP/1.1" 200 581953
200.118.16.147 - - [05/Mar/2024:07:38:03 -0500] "POST /sipse/faces/presentacion/financiero/solicitudProceso/listarSolicitudProceso.xhtml HTTP/1.1" 200 137981
200.118.16.147 - - [05/Mar/2024:07:38:04 -0500] "GET /sipse/faces/javax.faces.resource/jquery/jquery.js?ln=primefaces&v=4.0 HTTP/1.1" 304 -
200.118.16.147 - - [05/Mar/2024:07:38:04 -0500] "GET /sipse/faces/javax.faces.resource/jquery/jquery-plugins.js?ln=primefaces&v=4.0 HTTP/1.1" 304 -
200.118.16.147 - - [05/Mar/2024:07:38:04 -0500] "GET /sipse/faces/javax.faces.resource/primefaces.js?ln=primefaces&v=4.0 HTTP/1.1" 304 -
200.118.16.147 - - [05/Mar/2024:07:38:04 -0500] "GET /sipse/faces/javax.faces.resource/layout/layout.js?ln=primefaces&v=4.0 HTTP/1.1" 304 -
66.249.73.129 - - [05/Mar/2024:07:38:04 -0500] "GET /portaldeninos/2021/06/05/celebracion-del-dia-mundial-del-medio-ambiente-comenzo-desde-uno-de-los-pulmones-de-bogota/ HTTP/1.1" 200 104357
3.224.220.101 - - [05/Mar/2024:07:38:05 -0500] "GET /BLA/resoluciones/RESOLUCIONES%202022/4317.pdf HTTP/1.1" 200 427488
200.118.16.147 - - [05/Mar/2024:07:38:06 -0500] "GET /sipse/faces/faces/autenticacion.xhtml HTTP/1.1" 200 12723
200.118.16.147 - - [05/Mar/2024:07:38:06 -0500] "GET /sipse/js/disable_browser_buttons.js HTTP/1.1" 200 3230
200.118.16.147 - - [05/Mar/2024:07:38:06 -0500] "GET /sipse/js/funciones.js HTTP/1.1" 200 12592
200.118.16.147 - - [05/Mar/2024:07:38:06 -0500] "GET /sipse/css/custom_css_sg.css HTTP/1.1" 200 9694
200.118.16.147 - - [05/Mar/2024:07:38:06 -0500] "GET /sipse/css/custom_css_sg_prime_login.css HTTP/1.1" 200 443
200.118.16.147 - - [05/Mar/2024:07:38:06 -0500] "GET /sipse/faces/javax.faces.resource/layout/layout.css;jsessionid=ClshquQiVsxnHNrOMvHegXzO.undefined?ln=primefaces&v=4.0 HTTP/1.1" 200 542
200.118.16.147 - - [05/Mar/2024:07:38:06 -0500] "GET /sipse/faces/javax.faces.resource/layout/layout.js;jsessionid=ClshquQiVsxnHNrOMvHegXzO.undefined?ln=primefaces&v=4.0 HTTP/1.1" 200 87560
200.118.16.147 - - [05/Mar/2024:07:38:06 -0500] "GET /sipse/faces/javax.faces.resource/jquery/jquery.js;jsessionid=ClshquQiVsxnHNrOMvHegXzO.undefined?ln=primefaces&v=4.0 HTTP/1.1" 200 105384
200.118.16.147 - - [05/Mar/2024:07:38:06 -0500] "GET /sipse/faces/javax.faces.resource/primefaces.css;jsessionid=ClshquQiVsxnHNrOMvHegXzO.undefined?ln=primefaces&v=4.0 HTTP/1.1" 200 53295
200.118.16.147 - - [05/Mar/2024:07:38:06 -0500] "GET /sipse/faces/javax.faces.resource/theme.css?ln=primefaces-sipse HTTP/1.1" 200 50058
200.118.16.147 - - [05/Mar/2024:07:38:06 -0500] "GET /sipse/faces/javax.faces.resource/primefaces.js;jsessionid=ClshquQiVsxnHNrOMvHegXzO.undefined?ln=primefaces&v=4.0 HTTP/1.1" 200 276924
200.118.16.147 - - [05/Mar/2024:07:38:06 -0500] "GET /sipse/faces/javax.faces.resource/jquery/jquery-plugins.js;jsessionid=ClshquQiVsxnHNrOMvHegXzO.undefined?ln=primefaces&v=4.0 HTTP/1.1" 200 220526
200.118.16.147 - - [05/Mar/2024:07:38:07 -0500] "GET /favicon.ico HTTP/1.1" 200 7782
200.118.16.147 - - [05/Mar/2024:07:38:07 -0500] "GET /sipse/faces/javax.faces.resource/images/ui-icons_898989_256x240.png?ln=primefaces-aristo HTTP/1.1" 200 5355
200.118.16.147 - - [05/Mar/2024:07:38:07 -0500] "GET /sipse/css/imagen/loginimg.png HTTP/1.1" 200 71635
200.118.16.147 - - [05/Mar/2024:07:38:07 -0500] "GET /sipse/css/imagen/logoSDG.png HTTP/1.1" 200 53064
200.118.16.147 - - [05/Mar/2024:07:38:07 -0500] "GET /sipse/faces/faces/index.xhtml HTTP/1.1" 200 677
200.118.16.147 - - [05/Mar/2024:07:38:07 -0500] "GET /sipse/faces/javax.faces.resource/theme.css?ln=primefaces-sipse HTTP/1.1" 200 50058
200.118.16.147 - - [05/Mar/2024:07:38:08 -0500] "GET /favicon.ico HTTP/1.1" 200 7782
23.22.35.162 - - [05/Mar/2024:07:38:09 -0500] "GET /BLA/resoluciones/RESOLUCIONES%202022/4315.pdf HTTP/1.1" 200 5014954
3.224.220.101 - - [05/Mar/2024:07:38:13 -0500] "GET /BLA/resoluciones/RESOLUCIONES%202022/4310.pdf HTTP/1.1" 200 1224931
3.224.220.101 - - [05/Mar/2024:07:38:17 -0500] "GET /BLA/resoluciones/RESOLUCIONES%202022/4307.pdf HTTP/1.1" 200 365902
3.224.220.101 - - [05/Mar/2024:07:38:21 -0500] "GET /BLA/resoluciones/RESOLUCIONES%202022/4306.pdf HTTP/1.1" 200 375352
23.22.35.162 - - [05/Mar/2024:07:38:25 -0500] "GET /BLA/resoluciones/RESOLUCIONES%202022/4305.pdf HTTP/1.1" 200 383939
23.22.35.162 - - [05/Mar/2024:07:38:29 -0500] "GET /BLA/resoluciones/RESOLUCIONES%202022/4303.pdf HTTP/1.1" 200 522552
52.70.240.171 - - [05/Mar/2024:07:38:35 -0500] "GET /BLA/resoluciones/RESOLUCIONES%202022/4296.pdf HTTP/1.1" 200 599150
23.22.35.162 - - [05/Mar/2024:07:38:37 -0500] "GET /BLA/resoluciones/RESOLUCIONES%202022/4295.pdf HTTP/1.1" 200 665909
3.224.220.101 - - [05/Mar/2024:07:38:41 -0500] "GET /BLA/resoluciones/RESOLUCIONES%202022/4282.pdf HTTP/1.1" 200 537160
23.22.35.162 - - [05/Mar/2024:07:38:45 -0500] "GET /BLA/resoluciones/RESOLUCIONES%202022/4281.pdf HTTP/1.1" 200 522608
23.22.35.162 - - [05/Mar/2024:07:38:49 -0500] "GET /BLA/resoluciones/RESOLUCIONES%202022/4280.pdf HTTP/1.1" 200 360856
52.70.240.171 - - [05/Mar/2024:07:38:53 -0500] "GET /BLA/resoluciones/RESOLUCIONES%202022/4279.pdf HTTP/1.1" 200 514849
23.22.35.162 - - [05/Mar/2024:07:38:57 -0500] "GET /BLA/resoluciones/RESOLUCIONES%202022/4278.pdf HTTP/1.1" 200 547390
52.70.240.171 - - [05/Mar/2024:07:39:01 -0500] "GET /BLA/resoluciones/RESOLUCIONES%202022/4277.pdf HTTP/1.1" 200 369738
23.22.35.162 - - [05/Mar/2024:07:39:05 -0500] "GET /BLA/resoluciones/RESOLUCIONES%202022/4276.pdf HTTP/1.1" 200 360506
201.245.192.253 - - [05/Mar/2024:07:39:06 -0500] "POST /sipse/faces/presentacion/financiero/solicitudProceso/listarSolicitudProceso.xhtml HTTP/1.1" 200 31913
52.70.240.171 - - [05/Mar/2024:07:39:09 -0500] "GET /BLA/resoluciones/RESOLUCIONES%202022/4268.pdf HTTP/1.1" 200 400486
3.224.220.101 - - [05/Mar/2024:07:39:13 -0500] "GET /BLA/resoluciones/RESOLUCIONES%202022/4267.pdf HTTP/1.1" 200 606881
23.22.35.162 - - [05/Mar/2024:07:39:17 -0500] "GET /BLA/resoluciones/RESOLUCIONES%202022/4266.pdf HTTP/1.1" 200 390506
201.245.192.253 - - [05/Mar/2024:07:39:16 -0500] "POST /kwsrmcab/Wsrmcab HTTP/1.1" 200 38883
201.245.192.253 - - [05/Mar/2024:07:39:18 -0500] "POST /kwsrmcab/Wsrmcab HTTP/1.1" 200 38918
52.70.240.171 - - [05/Mar/2024:07:39:21 -0500] "GET /BLA/resoluciones/RESOLUCIONES%202022/4265.pdf HTTP/1.1" 200 394174
3.224.220.101 - - [05/Mar/2024:07:39:25 -0500] "GET /BLA/resoluciones/RESOLUCIONES%202022/4261.pdf HTTP/1.1" 200 387067
23.22.35.162 - - [05/Mar/2024:07:39:29 -0500] "GET /BLA/resoluciones/RESOLUCIONES%202022/4260.pdf HTTP/1.1" 200 10476092
66.249.66.19 - - [05/Mar/2024:07:39:34 -0500] "GET /BLA/resoluciones/RESOLUCIONES%202007/RES%202007%202801%20AL%202900/RESOLUCION%202834%20DE%202007.pdf HTTP/1.1" 200 114978
201.245.192.253 - - [05/Mar/2024:07:39:33 -0500] "POST /kwsrmcab/Wsrmcab HTTP/1.1" 200 37531
3.224.220.101 - - [05/Mar/2024:07:39:34 -0500] "GET /BLA/resoluciones/RESOLUCIONES%202022/4251.pdf HTTP/1.1" 200 372982
52.70.240.171 - - [05/Mar/2024:07:39:38 -0500] "GET /BLA/resoluciones/RESOLUCIONES%202022/4249.pdf HTTP/1.1" 200 550900
201.245.192.253 - - [05/Mar/2024:07:39:38 -0500] "POST /kwsrmcab/Wsrmcab HTTP/1.1" 200 38918
23.22.35.162 - - [05/Mar/2024:07:39:41 -0500] "GET /BLA/resoluciones/RESOLUCIONES%202022/4245.pdf HTTP/1.1" 200 1372424
23.22.35.162 - - [05/Mar/2024:07:39:46 -0500] "GET /BLA/resoluciones/RESOLUCIONES%202022/4242.pdf HTTP/1.1" 200 374796
52.70.240.171 - - [05/Mar/2024:07:39:49 -0500] "GET /BLA/resoluciones/RESOLUCIONES%202022/4237.pdf HTTP/1.1" 200 414241
23.22.35.162 - - [05/Mar/2024:07:39:53 -0500] "GET /BLA/resoluciones/RESOLUCIONES%202022/4236.pdf HTTP/1.1" 200 418317
52.70.240.171 - - [05/Mar/2024:07:39:58 -0500] "GET /BLA/resoluciones/RESOLUCIONES%202022/4232.pdf HTTP/1.1" 200 1221391
201.245.192.253 - - [05/Mar/2024:07:40:00 -0500] "POST /sipse/faces/presentacion/financiero/solicitudProceso/listarSolicitudProceso.xhtml HTTP/1.1" 200 31825
3.224.220.101 - - [05/Mar/2024:07:40:01 -0500] "GET /BLA/resoluciones/RESOLUCIONES%202022/4190.pdf HTTP/1.1" 200 494837
3.224.220.101 - - [05/Mar/2024:07:40:05 -0500] "GET /BLA/resoluciones/RESOLUCIONES%202022/4189.pdf HTTP/1.1" 200 486877
23.22.35.162 - - [05/Mar/2024:07:40:09 -0500] "GET /BLA/resoluciones/RESOLUCIONES%202022/4188.pdf HTTP/1.1" 200 467820
3.224.220.101 - - [05/Mar/2024:07:40:13 -0500] "GET /BLA/resoluciones/RESOLUCIONES%202022/4151.pdf HTTP/1.1" 200 676798
23.22.35.162 - - [05/Mar/2024:07:40:18 -0500] "GET /BLA/resoluciones/RESOLUCIONES%202022/4150.pdf HTTP/1.1" 200 3230336
52.70.240.171 - - [05/Mar/2024:07:40:21 -0500] "GET /BLA/resoluciones/RESOLUCIONES%202022/4146.pdf HTTP/1.1" 200 405720
3.224.220.101 - - [05/Mar/2024:07:40:25 -0500] "GET /BLA/resoluciones/RESOLUCIONES%202022/4124.pdf HTTP/1.1" 200 532220
52.70.240.171 - - [05/Mar/2024:07:40:29 -0500] "GET /BLA/resoluciones/RESOLUCIONES%202022/4123.pdf HTTP/1.1" 200 401439
3.224.220.101 - - [05/Mar/2024:07:40:33 -0500] "GET /BLA/resoluciones/RESOLUCIONES%202022/4122.pdf HTTP/1.1" 200 555287
201.245.192.253 - - [05/Mar/2024:07:40:32 -0500] "POST /kwsrmcab/Wsrmcab  HTTP/1.1" 200 39632
3.224.220.101 - - [05/Mar/2024:07:40:37 -0500] "GET /BLA/resoluciones/RESOLUCIONES%202022/4121.pdf HTTP/1.1" 200 466616
23.22.35.162 - - [05/Mar/2024:07:40:42 -0500] "GET /BLA/resoluciones/RESOLUCIONES%202022/4120.pdf HTTP/1.1" 200 786060
3.224.220.101 - - [05/Mar/2024:07:40:45 -0500] "GET /BLA/resoluciones/RESOLUCIONES%202022/4118.pdf HTTP/1.1" 200 525676
52.70.240.171 - - [05/Mar/2024:07:40:50 -0500] "GET /BLA/resoluciones/RESOLUCIONES%202022/4113.pdf HTTP/1.1" 200 359989
3.224.220.101 - - [05/Mar/2024:07:40:53 -0500] "GET /BLA/resoluciones/RESOLUCIONES%202022/4111.pdf HTTP/1.1" 200 574440
40.77.167.21 - - [05/Mar/2024:07:40:56 -0500] "GET /BLA/resoluciones/AUTOS%202022/7035.pdf HTTP/1.1" 304 -
52.70.240.171 - - [05/Mar/2024:07:40:57 -0500] "GET /BLA/resoluciones/RESOLUCIONES%202022/4108.pdf HTTP/1.1" 200 493533
200.118.16.147 - - [05/Mar/2024:07:41:00 -0500] "POST /sipse/faces/presentacion/financiero/solicitudProceso/consultarSolicitudProceso.xhtml HTTP/1.1" 200 38244
23.22.35.162 - - [05/Mar/2024:07:41:01 -0500] "GET /BLA/resoluciones/RESOLUCIONES%202022/4103.pdf HTTP/1.1" 200 516240
