146.19.24.28 - - [05/Mar/2024:01:40:45 -0500] "GET / HTTP/1.1" 200 319
201.245.192.253 - - [05/Mar/2024:01:40:45 -0500] "POST /forms/lservlet;jsessionid=ac16012b30d68f9b0453a2b8447eb0e29b3394f771c8.e3iSbxaKaheRe3iNc3uNbNmQay1ynknvrkLOlQzNp65In0 HTTP/1.1" 200 2
201.245.192.253 - - [05/Mar/2024:01:42:29 -0500] "POST /forms/lservlet;jsessionid=ac16012b30d67b9861397f304b0a887fc2462b00d96a.e3iSbxaKaheRe3iNc3uNbNmQay1ynknvrkLOlQzNp65In0 HTTP/1.1" 200 2
201.245.192.253 - - [05/Mar/2024:01:42:45 -0500] "POST /forms/lservlet;jsessionid=ac16012b30d68f9b0453a2b8447eb0e29b3394f771c8.e3iSbxaKaheRe3iNc3uNbNmQay1ynknvrkLOlQzNp65In0 HTTP/1.1" 200 2
216.245.221.92 - - [05/Mar/2024:01:43:46 -0500] "HEAD / HTTP/1.1" 200 -
201.245.192.253 - - [05/Mar/2024:01:44:29 -0500] "POST /forms/lservlet;jsessionid=ac16012b30d67b9861397f304b0a887fc2462b00d96a.e3iSbxaKaheRe3iNc3uNbNmQay1ynknvrkLOlQzNp65In0 HTTP/1.1" 200 2
172.22.2.4 - - [05/Mar/2024:01:43:02 -0500] "HEAD /BLA/boletinlegal/ HTTP/1.1" 200 -
201.245.192.253 - - [05/Mar/2024:01:44:45 -0500] "POST /forms/lservlet;jsessionid=ac16012b30d68f9b0453a2b8447eb0e29b3394f771c8.e3iSbxaKaheRe3iNc3uNbNmQay1ynknvrkLOlQzNp65In0 HTTP/1.1" 200 2
172.22.2.4 - - [05/Mar/2024:01:43:52 -0500] "GET /BLA/boletinlegal/ HTTP/1.1" 200 53419
201.245.192.253 - - [05/Mar/2024:01:46:17 -0500] "POST /kwsrmcab/Wsrmcab  HTTP/1.1" 200 39632
66.249.66.19 - - [05/Mar/2024:01:46:23 -0500] "GET /BLA/resoluciones/RESOLUCIONES%202011/2962.pdf HTTP/1.1" 200 2929372
201.245.192.253 - - [05/Mar/2024:01:46:29 -0500] "POST /forms/lservlet;jsessionid=ac16012b30d67b9861397f304b0a887fc2462b00d96a.e3iSbxaKaheRe3iNc3uNbNmQay1ynknvrkLOlQzNp65In0 HTTP/1.1" 200 2
201.245.192.253 - - [05/Mar/2024:01:45:09 -0500] "POST /kwsrmcab/Wsrmcab  HTTP/1.1" 200 28373
201.245.192.253 - - [05/Mar/2024:01:46:45 -0500] "POST /forms/lservlet;jsessionid=ac16012b30d68f9b0453a2b8447eb0e29b3394f771c8.e3iSbxaKaheRe3iNc3uNbNmQay1ynknvrkLOlQzNp65In0 HTTP/1.1" 200 2
201.245.192.253 - - [05/Mar/2024:01:47:20 -0500] "POST /kwsrmcab/Wsrmcab  HTTP/1.1" 200 39632
201.245.192.253 - - [05/Mar/2024:01:48:29 -0500] "POST /forms/lservlet;jsessionid=ac16012b30d67b9861397f304b0a887fc2462b00d96a.e3iSbxaKaheRe3iNc3uNbNmQay1ynknvrkLOlQzNp65In0 HTTP/1.1" 200 2
52.167.144.186 - - [05/Mar/2024:01:48:32 -0500] "GET /BLA/resoluciones/AUTOS%202022/2926.pdf HTTP/1.1" 304 -
201.245.192.253 - - [05/Mar/2024:01:48:45 -0500] "POST /forms/lservlet;jsessionid=ac16012b30d68f9b0453a2b8447eb0e29b3394f771c8.e3iSbxaKaheRe3iNc3uNbNmQay1ynknvrkLOlQzNp65In0 HTTP/1.1" 200 2
216.245.221.92 - - [05/Mar/2024:01:48:46 -0500] "HEAD / HTTP/1.1" 200 -
201.245.192.253 - - [05/Mar/2024:01:50:29 -0500] "POST /forms/lservlet;jsessionid=ac16012b30d67b9861397f304b0a887fc2462b00d96a.e3iSbxaKaheRe3iNc3uNbNmQay1ynknvrkLOlQzNp65In0 HTTP/1.1" 200 2
172.22.2.4 - - [05/Mar/2024:01:48:52 -0500] "HEAD /BLA/boletinlegal/ HTTP/1.1" 200 -
201.245.192.253 - - [05/Mar/2024:01:50:45 -0500] "POST /forms/lservlet;jsessionid=ac16012b30d68f9b0453a2b8447eb0e29b3394f771c8.e3iSbxaKaheRe3iNc3uNbNmQay1ynknvrkLOlQzNp65In0 HTTP/1.1" 200 2
172.22.2.4 - - [05/Mar/2024:01:49:42 -0500] "GET /BLA/boletinlegal/ HTTP/1.1" 200 59967
66.249.66.21 - - [05/Mar/2024:01:51:53 -0500] "GET /BLA/resoluciones/RESOLUCIONES%202009/9560.pdf HTTP/1.1" 200 501405
201.245.192.253 - - [05/Mar/2024:01:52:19 -0500] "POST /kwsrmcab/Wsrmcab  HTTP/1.1" 200 39632
66.249.66.19 - - [05/Mar/2024:01:52:28 -0500] "GET /Publicaciones/2023EE42453.pdf HTTP/1.1" 404 227
201.245.192.253 - - [05/Mar/2024:01:52:29 -0500] "POST /forms/lservlet;jsessionid=ac16012b30d67b9861397f304b0a887fc2462b00d96a.e3iSbxaKaheRe3iNc3uNbNmQay1ynknvrkLOlQzNp65In0 HTTP/1.1" 200 2
172.22.2.4 - - [05/Mar/2024:01:52:31 -0500] "GET /BLA/boletinlegal/Circulares/2013/Circular%20No.%201%20del%2014%20de%20enero%20de%202013.pdf HTTP/1.1" 200 1298384
201.245.192.253 - - [05/Mar/2024:01:52:45 -0500] "POST /forms/lservlet;jsessionid=ac16012b30d68f9b0453a2b8447eb0e29b3394f771c8.e3iSbxaKaheRe3iNc3uNbNmQay1ynknvrkLOlQzNp65In0 HTTP/1.1" 200 2
66.249.66.20 - - [05/Mar/2024:01:53:08 -0500] "GET /Publicaciones/2023EE41341.pdf HTTP/1.1" 404 227
216.245.221.92 - - [05/Mar/2024:01:53:46 -0500] "HEAD / HTTP/1.1" 200 -
201.245.192.253 - - [05/Mar/2024:01:54:29 -0500] "POST /forms/lservlet;jsessionid=ac16012b30d67b9861397f304b0a887fc2462b00d96a.e3iSbxaKaheRe3iNc3uNbNmQay1ynknvrkLOlQzNp65In0 HTTP/1.1" 200 2
201.245.192.253 - - [05/Mar/2024:01:54:45 -0500] "POST /forms/lservlet;jsessionid=ac16012b30d68f9b0453a2b8447eb0e29b3394f771c8.e3iSbxaKaheRe3iNc3uNbNmQay1ynknvrkLOlQzNp65In0 HTTP/1.1" 200 2
172.22.2.4 - - [05/Mar/2024:01:54:41 -0500] "HEAD /BLA/boletinlegal/ HTTP/1.1" 200 -
201.245.192.253 - - [05/Mar/2024:01:56:29 -0500] "POST /forms/lservlet;jsessionid=ac16012b30d67b9861397f304b0a887fc2462b00d96a.e3iSbxaKaheRe3iNc3uNbNmQay1ynknvrkLOlQzNp65In0 HTTP/1.1" 200 2
201.245.192.253 - - [05/Mar/2024:01:56:45 -0500] "POST /forms/lservlet;jsessionid=ac16012b30d68f9b0453a2b8447eb0e29b3394f771c8.e3iSbxaKaheRe3iNc3uNbNmQay1ynknvrkLOlQzNp65In0 HTTP/1.1" 200 2
172.22.2.4 - - [05/Mar/2024:01:55:32 -0500] "GET /BLA/boletinlegal/ HTTP/1.1" 200 53419
201.245.192.253 - - [05/Mar/2024:01:57:17 -0500] "POST /kwsrmcab/Wsrmcab  HTTP/1.1" 200 39632
186.102.90.59 - - [05/Mar/2024:01:57:44 -0500] "GET /kwssiamovil/sm/acme/a?s=U2FsdGVkX1/4kszprb54mmF7MIxnusgRAn8wCVAPQb+xzQ6X1pg7Jdomn1Lz9Os3vrR8ICSpi+cE1Bg+ZmYfJ1XoXRZ/1n/FxNacvE2pT1xisqw5iaTkF1Dl6/RCnVKyG5YodEfdMyIp5KVdknoDyy80LNvb/aiumgI70WkFxsZz0F9Tu1kwgQH10r9TOkcyM0za3w3BxJ16XyA5CUl0stECWsVNOrYDMS4m3UZ8Se7ZRk6qe24kM+6t4qJkmoPEk8SpWaPq14E6m8RFo4/D+w==&u=U2FsdGVkX1+Y29YESwQGLxYK8F0UysApvn9o6Ps6llM9lC6QIctqgyX566I+UCjb&y=U2FsdGVkX1/Bcs8uRqhEKfyxvRxv7fA7l302Y/+9JiAzljVhnJm7YUE5uLYQe2xy HTTP/1.1" 200 26
186.102.90.59 - - [05/Mar/2024:01:57:45 -0500] "GET /kwssiamovil/sm/acme/a?s=U2FsdGVkX1/GE6CE0tVgh7vE+rej4BJ6qAqseJBTh+rYjiM9gFpQrE5lrpK9ygDX/dnPWWf9i2vDhUc+TcgAsAQRbepiscLMzmRpvEgjrsF+MicA7sHUa25obMATTYKXkM5NPLmZJGeEzxY7wmFmZEzOP22J9mQ+cm1vg1d+nVldyCMzppPXPHnGgOE1RN11PVzJp7PzTSzVPTXZCY3p4r7n/CBKdEJEcmqhfcDrz5HMqPldKqJdpZS0OIeuFjoqDAlPOKJnIJEz88Xe895pcL7RPtcwgaA5YoFJNdhoJjzlQe57yspeWbtb6HMN+dZCecYhGUTBzZQdBccto3JR4rWmdtBN3ku57Z8H87xRUL5N84jrQUDCiiVNcsZqZ/CD3YXixAVRWeuPqoDb1tKbH/K4oB8x3P+eL95aCqDHPw26nsYt09FecDN8YGuPjAQzBko26gBdDUh9kkDonc4pbY+6j4Ijl+sgOsHymGUjmtCwKxQWO3QhH2s1ThwD3CXLN1o9RXb7sxFlvwWdK/crxXCSvYpPzo2xsAHs8eXOJO9AyQCH+rGAFK33ysmeHFd2mO40Z2UDBP5AXSHmNqCM0wgJnHtz1Za5dr2q/5IH3PKFDmcNZVdk6tj/zRjCk+VHTGD3frj3IftWc5zDAdU/R1LuIxdemhbLgITGciMGBiyKmB/WBZmkBpG8Fa49EOxBbTMy030qkWqE3W7WKH3yrQ/ko3d40ILaFv7wmPxqsQabR/tBU2IOvWopGGPJkZ20g64k2xWCET2a7y7I5FykSiVR2WFOgeFIkpAQa5WjcuU/xOf9RtlvchUOtab49fPIFpUdVyKa9qAVylX7SxqVTnQBufPT3QU9SHB15JEsA3lwUnTS0TH3JdUtOxtT1WLTR17Ny7kVovtukLB98E5DMSb/Lqc153Nil3gyAlOeLM29yaHBsRfPe4H+/UzIqk2cpfVPz4OF3o58gGdAusZXkkyLKuY9sOVBgTrI7CIj5HwcvhSXlfI2YOUar0TyxWt1tTqwkaDhwCO5sNhU6HbBrnOH2jsrRwG5kcPvrhcPwhKuz43YiYETVmqNYTuKkm47gleUGjD2aHBLwaTc4+Y8Bt7mZsFpZYgvBLx8tLfPZ1LHTnFb8fTTVsazVI6PDB0nQ0NnrG/3Yc9mokFnYaCbbxhZrwSDfoGdpcUHNx1vEHMo94wF4exOyWhKNeu/hU5nGruk2AIuq6okJEkzX7T8XwssL0jGieVWix5Kh9cVQClKm9Abz0AnbEltuq50aw0jsSURoaPJHpirxzGeiby4GSJzu38qlrgxX6PP5sUBjGJ0FJmrGU5tetNynCBvBAErrNXU8k6bTsLmZMMYZvNmF18nfZjgawT6VCmV+x/t+wuH5qUPX5lgEnOdYQKrch274Qp8RphCiS0BH/s/kSkU47h4dATn2arKGkrEkHJHAt9lwogputKPtVwe+vj0FUCAQ1bjxbBrU5xzPYnAIaTMs/EI2b8553MF23FPksnvTulqOSkHFKPIww9jZu+6Wrj5ckBQ0ZExmCT61/3rIEFg5SLYxSi2vlJ5nCpk8oddhadmhnGUUXDmvZXxqwIePclta3i7nNXImFxRDcmewFFXnYHPss2LNJjdE4pS3ti5dvA/0J9puu3TaP77klmAQ5m/phm/AY0Qtu0VjV1l1BKu7AoxTZJ01zb4qgQnr1R379qpyNFncZlh2T36Nt9rx9PcESKBgwkeWj8ZFgMyVEtmj8ermcpTS/Yzm7GLMISPPM1LyYd2yHoDYCK9OQZl6/aYAi06bomAYkpnBXrpcDKHkLvDuFpmvyAQ7XH0MV8a703cADfZQ9iMYDISEX5OrdGBl95skGSWLLHDXP6iQ/WmTC6gafbV071PMoPQ5dAZqTMdcUYSYJ/kBmob5HDskQ94RdqtKTrs37J5CzaiHCLtF6hOg1dFQTihGkdYG7ovRuxfnDMJDGy6L0MxMaunKkmJZtr0GfL8mv1lFT6j27ZOv73l8LpvV3WDUaZGzSqQ0ZnmbGq+tw3X010GrB9xGS3PgiyojU1zK0jy1NIZ/h+2AT3oQi68xwgFJ5nQn5WIDzy/FdNXPqpRPS/V52a+GN/xhUjv7czQc4YP98TkxkHXQYyVQrdx3iaNM7KnQ/VrOgWGjcRkkhAkiaH2b4EWyi4jZCU36mgtpTCPYKVdKzeAGhhyh0nB070HJod3jDjrSGXhHiF+pyQYMJKUl0kvxGztA4C9IsewAB3V7sAEkAhxwvyYRNvQOKXeo2WehOpIEVkIh3v2nsCgcqIFsvJBKWi/85RAJ2reupi551Y9yGM3cB4fz5rSiDl+LbZr8sA/iuyZdJ6qovK5x0lfZ39HPyjF/SOX9wQ7tE2PrAuk5Hhnf2lEHb7hlCpBv5CpSiEXKfG0/l2vHNcJpnnhurIBlyIW4F7QmnRtlen+tLMq71yms+QNna21+VARQpleR/t6A87NxY7xFsR+S2WNt6oS7wREHa8orlWZ2ByO9gm9h9mqPQ==&u=U2FsdGVkX1+Y29YESwQGLxYK8F0UysApvn9o6Ps6llM9lC6QIctqgyX566I+UCjb&y=U2FsdGVkX1/Bcs8uRqhEKfyxvRxv7fA7l302Y/+9JiAzljVhnJm7YUE5uLYQe2xy HTTP/1.1" 200 26
186.102.90.59 - - [05/Mar/2024:01:57:45 -0500] "GET /kwssiamovil/sm/acme/a?s=U2FsdGVkX19dHGtT8R9LOyuLndvmxXGpDT9l1eGJZmh2XgBDWCYUvvhzIBPkhkYzST5l292ufoO8A+9KHXP+zjgSg55gsy7ybP+Yr9Sgg8tJjpyWMJqONgB08cKg7fHXR5i46QeuhJqaf3hpNaaTqgabX8EUjAgulevyT8ZWzt4=&u=U2FsdGVkX1+Y29YESwQGLxYK8F0UysApvn9o6Ps6llM9lC6QIctqgyX566I+UCjb&y=U2FsdGVkX1/Bcs8uRqhEKfyxvRxv7fA7l302Y/+9JiAzljVhnJm7YUE5uLYQe2xy HTTP/1.1" 200 26
186.102.90.59 - - [05/Mar/2024:01:57:45 -0500] "GET /kwssiamovil/sm/acme/a?s=U2FsdGVkX1/O5QHGD1aBISzbMenLsFZvJwBtlGSPokfQf6xaoGZMywkJRVAu1ijABzUN6g+RWQP8RwRoW/VILBrxOFYjBcq/hKGQsa0i4x+BnXYT8Y6Vn6AQeqx1D9LtjL7VHb+qlGsNRH1o5LekSE0DWsjkWtB9ZfRDF1WF248=&u=U2FsdGVkX1+Y29YESwQGLxYK8F0UysApvn9o6Ps6llM9lC6QIctqgyX566I+UCjb&y=U2FsdGVkX1/Bcs8uRqhEKfyxvRxv7fA7l302Y/+9JiAzljVhnJm7YUE5uLYQe2xy HTTP/1.1" 200 26
186.102.90.59 - - [05/Mar/2024:01:57:46 -0500] "GET /kwssiamovil/sm/acme/a?s=U2FsdGVkX194eKwWHxt42LcVY4zI/4cQUqUa30CsoPaxrqaw+bOO+mrWn/3GGCygeAAnwpdeFvAFCH9SPgkXsyRiZIvM5UIDNcATyah//2uqzDWE5MoME5qRyXSOVuW/eXzSfgXbhEqLo7R80qXPQRKn0xe7o0l01hhgoIOuZu0=&u=U2FsdGVkX1+Y29YESwQGLxYK8F0UysApvn9o6Ps6llM9lC6QIctqgyX566I+UCjb&y=U2FsdGVkX1/Bcs8uRqhEKfyxvRxv7fA7l302Y/+9JiAzljVhnJm7YUE5uLYQe2xy HTTP/1.1" 200 26
186.102.90.59 - - [05/Mar/2024:01:57:46 -0500] "GET /kwssiamovil/sm/acme/a?s=U2FsdGVkX1/Ovc09xY0RLUkGSk3R7tmj1rJyTe6xuwkzMUZvkI1AYz/i3uhIWHK6KT5zRN0KuI/741MO8mmNBr6H33qZdGVaPL2y2oK6gZyVSiVBqHjpnIHsEP4gmzXRXOV206FNdjpf6aMktTsBTHVKp099ZqUByKj2zZasbrjG6rtSNnxZlqDL4iFbBd8i0kIZgeB1lPFjk84MZDOdHw==&u=U2FsdGVkX1+Y29YESwQGLxYK8F0UysApvn9o6Ps6llM9lC6QIctqgyX566I+UCjb&y=U2FsdGVkX1/Bcs8uRqhEKfyxvRxv7fA7l302Y/+9JiAzljVhnJm7YUE5uLYQe2xy HTTP/1.1" 200 26
40.77.167.79 - - [05/Mar/2024:01:58:05 -0500] "GET /BLA/resoluciones/RESOLUCIONES%202021/5238.pdf HTTP/1.1" 304 -
66.249.66.19 - - [05/Mar/2024:01:58:44 -0500] "GET /Publicaciones/2023EE46480.pdf HTTP/1.1" 404 227
216.245.221.92 - - [05/Mar/2024:01:58:46 -0500] "HEAD / HTTP/1.1" 200 -
66.249.77.9 - - [05/Mar/2024:01:59:44 -0500] "GET /BLA/resoluciones/AUTOS%202007/3659.pdf HTTP/1.1" 200 142523
66.249.66.20 - - [05/Mar/2024:02:01:42 -0500] "GET /Publicaciones/2023EE46957.pdf HTTP/1.1" 404 227
172.22.2.4 - - [05/Mar/2024:02:00:31 -0500] "HEAD /BLA/boletinlegal/ HTTP/1.1" 200 -
201.245.192.253 - - [05/Mar/2024:02:02:16 -0500] "POST /kwsrmcab/Wsrmcab  HTTP/1.1" 200 39632
172.22.2.4 - - [05/Mar/2024:02:01:22 -0500] "GET /BLA/boletinlegal/ HTTP/1.1" 200 60380
216.245.221.92 - - [05/Mar/2024:02:03:46 -0500] "HEAD / HTTP/1.1" 200 -
201.245.192.253 - - [05/Mar/2024:02:07:14 -0500] "POST /kwsrmcab/Wsrmcab  HTTP/1.1" 200 39632
172.22.2.4 - - [05/Mar/2024:02:07:17 -0500] "GET /BLA/boletinlegal/.well-known/traffic-advice HTTP/1.1" 404 1038
17.241.75.157 - - [05/Mar/2024:02:07:29 -0500] "GET /desde-el-proximo-25-de-noviembre-bogota-se-ilumina-con-majestuosos-el-festival-de-luces-del-jardin-botanico.html HTTP/1.1" 200 818
66.249.66.21 - - [05/Mar/2024:02:07:56 -0500] "GET /BLA/resoluciones/RESOLUCIONES%202014/1462.pdf HTTP/1.1" 200 812972
172.22.2.4 - - [05/Mar/2024:02:06:21 -0500] "HEAD /BLA/boletinlegal/ HTTP/1.1" 200 -
172.22.2.4 - - [05/Mar/2024:02:07:17 -0500] "GET /BLA/boletinlegal/ HTTP/1.1" 200 24523
216.245.221.92 - - [05/Mar/2024:02:08:46 -0500] "HEAD / HTTP/1.1" 200 -
172.22.2.4 - - [05/Mar/2024:02:07:12 -0500] "GET /BLA/boletinlegal/ HTTP/1.1" 200 53818
66.249.66.20 - - [05/Mar/2024:02:11:14 -0500] "GET /Publicaciones/2023EE46974.pdf HTTP/1.1" 404 227
201.245.192.253 - - [05/Mar/2024:02:12:12 -0500] "POST /kwsrmcab/Wsrmcab  HTTP/1.1" 200 39632
216.245.221.92 - - [05/Mar/2024:02:13:46 -0500] "HEAD / HTTP/1.1" 200 -
172.22.2.4 - - [05/Mar/2024:02:12:11 -0500] "HEAD /BLA/boletinlegal/ HTTP/1.1" 200 -
159.65.22.62 - - [05/Mar/2024:02:14:02 -0500] "GET / HTTP/1.1" 200 4720
172.22.2.4 - - [05/Mar/2024:02:13:02 -0500] "GET /BLA/boletinlegal/ HTTP/1.1" 200 57136
40.77.167.64 - - [05/Mar/2024:02:14:56 -0500] "GET /BLA/resoluciones/RESOLUCIONES%202022/0783.pdf HTTP/1.1" 200 338006
157.55.39.11 - - [05/Mar/2024:02:15:01 -0500] "GET /BLA/resoluciones/RESOLUCIONES%202013/2572.pdf HTTP/1.1" 200 1379149
198.235.24.163 - - [05/Mar/2024:02:16:09 -0500] "GET / HTTP/1.1" 200 319
201.245.192.253 - - [05/Mar/2024:02:17:10 -0500] "POST /kwsrmcab/Wsrmcab  HTTP/1.1" 200 39632
216.245.221.92 - - [05/Mar/2024:02:18:46 -0500] "HEAD / HTTP/1.1" 200 -
201.245.192.253 - - [05/Mar/2024:02:19:17 -0500] "POST /kwsrmcab/Wsrmcab HTTP/1.1" 200 38852
201.245.192.253 - - [05/Mar/2024:02:19:18 -0500] "POST /kwsrmcab/Wsrmcab HTTP/1.1" 200 38900
201.245.192.253 - - [05/Mar/2024:02:19:34 -0500] "POST /kwsrmcab/Wsrmcab HTTP/1.1" 200 37211
201.245.192.253 - - [05/Mar/2024:02:19:39 -0500] "POST /kwsrmcab/Wsrmcab HTTP/1.1" 200 38900
172.22.2.4 - - [05/Mar/2024:02:18:01 -0500] "HEAD /BLA/boletinlegal/ HTTP/1.1" 200 -
172.22.2.4 - - [05/Mar/2024:02:18:52 -0500] "GET /BLA/boletinlegal/ HTTP/1.1" 200 59083
186.102.90.59 - - [05/Mar/2024:02:21:46 -0500] "GET /kwssiamovil/sm/acme/a?s=U2FsdGVkX1+VEdAR8VoDsYWGfQMjjDdjKPqop/IDT2cUQQqNzQRAw7+WA5QwmQA29jfljjVcEzXLFNouiz5BUZTtsaSnLwTPgaAvwHv4RpNs4pdAQmMQjtwK1uIRwP6QuyWLS7SAxtjDGf7VjCj4DsTPP2DZCv/Q5f6jPtFiveBoz4xUlpqaEVffHCloQsKBQPKHdsEm5DACFp5mGXSNgMYQbcmkMsGrcEtF2DhDanRV9FSMY3RkpjaxPO6pP2GCE+d99UKFpxwowDxW5+71NA==&u=U2FsdGVkX1+Y29YESwQGLxYK8F0UysApvn9o6Ps6llM9lC6QIctqgyX566I+UCjb&y=U2FsdGVkX1/Bcs8uRqhEKfyxvRxv7fA7l302Y/+9JiAzljVhnJm7YUE5uLYQe2xy HTTP/1.1" 200 26
186.102.90.59 - - [05/Mar/2024:02:21:46 -0500] "GET /kwssiamovil/sm/acme/a?s=U2FsdGVkX18GLp81qiNwlN35yACdtILZoVQSF7c/NyNoWYwZpewjI2Ad2VaYFgX7aFRU7Mrdg50AKHdJ301tMLvECGr18RHMJzUL4Ux5+AlOSmYQLF1xypMaihGMHNM6CgdbNc4q7b0YuPbDbHxh1ji3YCTHyPX+6L9S9X76Ft93xVKD7Y5MM7YcokmfkHXskLzDVE33ooLSnrkhpupNLdjbOEAry1q2m1P/iT+4eKeRKIoxEcdett6be1gEu4XsCo1eAxM/OPSdmpgX45SWLG4XoxAy44iSK2GA2bnvi9ZaCXuwr3RhKIAnouJY5mOE5K2ndHLnZH9CZNFKuUo4w9oNgrPESw59DZ6ydjGmCHuwwG8CyUxO+PgQOcgxXizVhhjU1qxIl68gYlT52wlKjxl3epWINgqQ6o++QFxi4WYn9KG1UWH2BUULKcyDP7TlZs5eYGpXkdGJyIATH59SqpDdL1mRuof4VgtRszHMfLFGzOs94x7fiEb9BmJpNtIAv0yklfwZ6+h0IHZ7Bw5dCOahF3AMgbWIpr3z8CK+YWNyHT6w0jHFoizrajHQaDmvmEmangD6baUQ20jPboJaJXMs7pneGRrckA6irXsSzO7mrtkUHZh8hXwxK8hDdOcpb82FuMlh2fwY08gZXldnrZySedL+8SLr19waPt1kIKW4dM+UK/Krorvw06sFT2qdCxAUhcSa4YXM/Em3nfG5qglgl1D8cXSE6iVYq3oT7VYo06Y7fZ6HCSTbHbGf97/wQOikYh7hLRcSW+LL2OpoIfg3d6eTza7jieDqxEm554lkpOjEvNqi9xc8YcflqJjKKwwCcPzN63K1ytwLDT8XlxlfhPEdARepTgHW39jR6rNndUYgaqhvkLevhvTELEiW+GYkxPEKaAMrlt/OKshPISJe8BtNkIjcyOPNahLf2KEIdJ7pD83krCR2wxuQudrZ/pOVar+bIiZcX5QRln432soxIrtAWtBJTR29Dvp5cJbPvohGOD7YgpFMvKtgAoJy65PxvqOkk67YJz/JGwMpccrsFnoWgl9uWXHhEBI5JSlxoWb4o+6xBaSXWLF5yxyYngfwDIPkcCk4o6wX2xhYTCaFx8j9edeRb3FVaEYkw3M+13gfW24iqA492Fg4KmnOANNJWmzrv3zVfblaxvuI3iBirFUYJPJQp/nmyBsJHqsRnH/7MSFAotj77B/mLbZR3N3H3PMkYusciLp17H9N/AHZzisbB36qZD/owkduGQUt+N0/hoZoPf2bjmB1HZ5/5cSyJPZNsFZivA+Rx8lnpP/v7gfpzosHMOzzyh6lelGCUfNm1taofNvB3ppuopfcTpG1kyB+bm2LY6RtuVUQErKCW94XYl6UaH5P2Sy+aRaNWg2Ots1SlieSKGrnoTPankXVL6tQUo6makyoXCbgsXLxKJFUSFm22ppFrBuZf7NPd8arDbZ21jspwQZat/595LKZ7N3j2b71gn3slukJQB0r/15khp6xYBnP3+sRQgbS3nXraJqQ2dKpqh6kb1wc9mALpH3mwJWlE4DTYhlKNPfKhzVPfA0g2zg4xPxX93y3tvAHAXDEyTwOpQxWFei/UlJV2TX55wjI2R0qOcrDaWZgqmCdaUOdQzsU3qLRvGTSLSy/UrVJnuZjX64TRdKW5g+W8JtQpwoZfLZIG00jP8xhrF8NiIJ7478OIQTcUaYTuWnzUne9Sd3AoGZnbd/fEtxX5LvHEyf2TrszCSmjraRR9/byZfdHxVC5RRjEl19/usCzndbcwIP1ymePZHnDElICjjhTJK7+o4112Gx7jknyPurJ0moTG92RVo72hnLlagBEcv3jB71407KPsg1/oKX3m002vsw3pOM7wcFwzxwu0Vr/pAPHtSw+ulf/IRAUnMgmkQr2IiunWRhRfuFa6nd1gGGEqorFBg7UoMsUwZvVK+4jgGtWs2ABMpg3yb7MRbsW9rludnaJcHRr/m6pDYEN5YAufbEDkAJhuS4+2Fcg9c/x8Mrn0RaN5u/RHDqvieilU8BCp+vTIQLxhLLO/3O/d/Gbbq3rix9AmiPSeb8YZs8opQGynPU6BQShQX6Vb0SI+owGhTG+iXxoQWLYztimeyVtXNBItwZVcO2exoDiYfQFigvTWrav6ywjGcRvs4xj0ylJ0/XPZpiKIkncHiDHLkjh6JcW6F2ac8hX1+e3TCWT4dLjsdyxcUOU+b9ggrX1AsUsay/yhdYCjkq1kQYCu4i/c5/KG05SyeeODOzEDr9SJsO5RETcRb5ajnIHUfSYTQFHWnmtGCdHRFXTXebVivcMGj/CE5CbZTDI2qlIXTfahqx50RI8d5TcshdPurIBGeLJb/yjPbqj4cNvGxq8uoheI9Rj1va2vSZlCn0Bqbkb+KDU6UtbuQ2Xn4QankquB25+PXGeOsri7jb9MTBoP1Om3hfDLh8lQgntD+Yayz5frTJ1CWXkJlkPsTU0xWncKO6bPhwddHW4n+22/AdtgK55nY7J2pY2uZ3wIlulF5OPhgS785fdbjsJb6ievOI+mAhkHUxvseBlkYYBUo5Ci1Tr834UvM030XV+kWwFNGtgdu51X7omFS7e1vKQgevoR17uiXirH9LGSHri01DPcKoGVALsV69qR0zhoit5aDJPUxuYAb5E8xAIOjFwODzFM9WSSmdU8ho1MX5/720MHf8fdSQQv8AwU0S76Mfjjw0F4OE/o2HizTLl9zYYSUGYu43Di3xY1JIB8IkXiyeqVHPfiQeg+L9f+JGzEPYOueu+b7BWfUx55/GOqjcPcOnzrm1Z2rH///lvlq1y8a4OmDs5hQk1tQy/rXhsoYzdQRsUW0jKByCDl0cHT0ULY/QRt5ttJCQBdF2dZQr5p/TOmGeN4dU8+q7SMT/9JYoLyVN/PDZ7H+k2b4yrlsS1GX6QC3j6Jt0Z/CoOTbTEht+eKiLra2mdmQzawgOjaikRf47beouORxvk0uopIucEOGmZUVq2/r36NVbYzMWT&u=U2FsdGVkX1+Y29YESwQGLxYK8F0UysApvn9o6Ps6llM9lC6QIctqgyX566I+UCjb&y=U2FsdGVkX1/Bcs8uRqhEKfyxvRxv7fA7l302Y/+9JiAzljVhnJm7YUE5uLYQe2xy HTTP/1.1" 200 26
186.102.90.59 - - [05/Mar/2024:02:21:47 -0500] "GET /kwssiamovil/sm/acme/a?s=U2FsdGVkX18pA/vCFhBUxceXMZgYsLGdzzfTjzNl3fWsulboHUCCB6vfyjO4Jd1u6hZTaRXVYr7c/NVh9GIx8/mT6kw3+GsCmg93yn9zIjfF5r3/5wWftPmBVsZEBZq44O1p64rvY7F7CVTmdAI/X/3lo4at2NjHrtFCbjvIh5g=&u=U2FsdGVkX1+Y29YESwQGLxYK8F0UysApvn9o6Ps6llM9lC6QIctqgyX566I+UCjb&y=U2FsdGVkX1/Bcs8uRqhEKfyxvRxv7fA7l302Y/+9JiAzljVhnJm7YUE5uLYQe2xy HTTP/1.1" 200 26
186.102.90.59 - - [05/Mar/2024:02:21:47 -0500] "GET /kwssiamovil/sm/acme/a?s=U2FsdGVkX18VteZ0ccvQquQHzRypsQtPaErdkr7L3Fi4/nQt5TJotp0zn71At+I54K9nulPBmHeQBQmdUu+MByQMTrBnEeT3bCwLhGq+uL78GKX70Tvs3/Ssrk/ly9hrwARTiKDj0qJP7Juu/LpakA5/q0mhgAR3CtaQF5wa/6U=&u=U2FsdGVkX1+Y29YESwQGLxYK8F0UysApvn9o6Ps6llM9lC6QIctqgyX566I+UCjb&y=U2FsdGVkX1/Bcs8uRqhEKfyxvRxv7fA7l302Y/+9JiAzljVhnJm7YUE5uLYQe2xy HTTP/1.1" 200 26
186.102.90.59 - - [05/Mar/2024:02:21:47 -0500] "GET /kwssiamovil/sm/acme/a?s=U2FsdGVkX1+rRpShb8Xb+jIcu4Z05aUiUiGkUMY5s6RoGww4FyYn0vxAFHXGTcWwI15/OjmOUFtDHU3ankDB8xIif+ZhhY1vYVa4lEIuHRboxjTgykROurVtWIrxUFrv7xZXweRJiWkkR3Ci96ibh6bKN2daTj/Jb7d8qAPR41g=&u=U2FsdGVkX1+Y29YESwQGLxYK8F0UysApvn9o6Ps6llM9lC6QIctqgyX566I+UCjb&y=U2FsdGVkX1/Bcs8uRqhEKfyxvRxv7fA7l302Y/+9JiAzljVhnJm7YUE5uLYQe2xy HTTP/1.1" 200 26
186.102.90.59 - - [05/Mar/2024:02:21:47 -0500] "GET /kwssiamovil/sm/acme/a?s=U2FsdGVkX1//u+0L2mA299aN3izU7ZOAJnqMacyOBImLw16UVtNbzxZe0MLBzVhufFgWqmMxe+zC5z5LJzv0J5H+TqA9EmLOsbEb5KVXV2/F2ZhqBt3VtpBD6OqGgGS2lVc5COi0zY9lTcQVQaW1Kdyg/B20BAyDIlJGP9ZekdbAXFAwvHAiWO2XWfTUIg8y9gT22SYYcXIrc1a3OTFDag==&u=U2FsdGVkX1+Y29YESwQGLxYK8F0UysApvn9o6Ps6llM9lC6QIctqgyX566I+UCjb&y=U2FsdGVkX1/Bcs8uRqhEKfyxvRxv7fA7l302Y/+9JiAzljVhnJm7YUE5uLYQe2xy HTTP/1.1" 200 26
162.55.171.94 - - [05/Mar/2024:02:21:57 -0500] "GET / HTTP/1.1" 200 4720
201.245.192.253 - - [05/Mar/2024:02:22:09 -0500] "POST /kwsrmcab/Wsrmcab  HTTP/1.1" 200 39632
172.22.2.4 - - [05/Mar/2024:02:22:17 -0500] "GET /BLA/boletinlegal/Directivas/2014/Directiva%20No.%204%20del%2006%20de%20Junio%20de%202014.pdf HTTP/1.1" 200 236794
216.245.221.92 - - [05/Mar/2024:02:23:46 -0500] "HEAD / HTTP/1.1" 200 -
152.61.128.50 - - [05/Mar/2024:02:24:58 -0500] "GET /arcgis/services/Calidad_del_Agua_WQI/MapServer/WMSServer?request=GetCapabilities&service=WMS HTTP/1.1" 503 1020
152.61.128.50 - - [05/Mar/2024:02:24:59 -0500] "GET /arcgis/services/Calidad_del_Agua_WQI/MapServer/WMSServer?SERVICE=WMS&REQUEST=GetCapabilities HTTP/1.1" 503 1020
152.61.128.50 - - [05/Mar/2024:02:25:00 -0500] "GET /arcgis/services/Calidad_del_Agua_WQI/MapServer/WMSServer?WMTVER=1.0.0&REQUEST=capabilities HTTP/1.1" 503 1020
172.22.2.4 - - [05/Mar/2024:02:23:51 -0500] "HEAD /BLA/boletinlegal/ HTTP/1.1" 200 -
172.22.2.4 - - [05/Mar/2024:02:24:42 -0500] "GET /BLA/boletinlegal/ HTTP/1.1" 200 58273
201.245.192.253 - - [05/Mar/2024:02:27:07 -0500] "POST /kwsrmcab/Wsrmcab  HTTP/1.1" 200 39632
216.245.221.92 - - [05/Mar/2024:02:28:46 -0500] "HEAD / HTTP/1.1" 200 -
201.245.192.253 - - [05/Mar/2024:02:29:17 -0500] "POST /kwsrmcab/Wsrmcab HTTP/1.1" 200 38852
201.245.192.253 - - [05/Mar/2024:02:29:19 -0500] "POST /kwsrmcab/Wsrmcab HTTP/1.1" 200 38900
201.245.192.253 - - [05/Mar/2024:02:29:34 -0500] "POST /kwsrmcab/Wsrmcab HTTP/1.1" 200 37211
201.245.192.253 - - [05/Mar/2024:02:29:39 -0500] "POST /kwsrmcab/Wsrmcab HTTP/1.1" 200 38900
157.55.39.205 - - [05/Mar/2024:02:30:06 -0500] "GET /BLA/resoluciones/RESOLUCIONES%202013/1138.pdf HTTP/1.1" 304 -
172.22.2.4 - - [05/Mar/2024:02:29:41 -0500] "HEAD /BLA/boletinlegal/ HTTP/1.1" 200 -
201.245.192.253 - - [05/Mar/2024:02:32:05 -0500] "POST /kwsrmcab/Wsrmcab  HTTP/1.1" 200 39632
172.22.2.4 - - [05/Mar/2024:02:30:32 -0500] "GET /BLA/boletinlegal/ HTTP/1.1" 200 58273
216.245.221.92 - - [05/Mar/2024:02:33:46 -0500] "HEAD / HTTP/1.1" 200 -
201.245.192.253 - - [05/Mar/2024:02:37:04 -0500] "POST /kwsrmcab/Wsrmcab  HTTP/1.1" 200 39632
172.22.2.4 - - [05/Mar/2024:02:35:31 -0500] "HEAD /BLA/boletinlegal/ HTTP/1.1" 200 -
172.22.2.4 - - [05/Mar/2024:02:36:22 -0500] "GET /BLA/boletinlegal/ HTTP/1.1" 200 58273
216.245.221.92 - - [05/Mar/2024:02:38:46 -0500] "HEAD / HTTP/1.1" 200 -
201.245.192.253 - - [05/Mar/2024:02:39:16 -0500] "POST /kwsrmcab/Wsrmcab HTTP/1.1" 200 38852
201.245.192.253 - - [05/Mar/2024:02:39:18 -0500] "POST /kwsrmcab/Wsrmcab HTTP/1.1" 200 38900
201.245.192.253 - - [05/Mar/2024:02:39:34 -0500] "POST /kwsrmcab/Wsrmcab HTTP/1.1" 200 37211
201.245.192.253 - - [05/Mar/2024:02:39:39 -0500] "POST /kwsrmcab/Wsrmcab HTTP/1.1" 200 38900
201.245.192.253 - - [05/Mar/2024:02:42:02 -0500] "POST /kwsrmcab/Wsrmcab  HTTP/1.1" 200 39632
172.22.2.4 - - [05/Mar/2024:02:41:21 -0500] "HEAD /BLA/boletinlegal/ HTTP/1.1" 200 -
216.245.221.92 - - [05/Mar/2024:02:43:46 -0500] "HEAD / HTTP/1.1" 200 -
172.22.2.4 - - [05/Mar/2024:02:42:12 -0500] "GET /BLA/boletinlegal/ HTTP/1.1" 200 58720
23.22.35.162 - - [05/Mar/2024:02:44:38 -0500] "GET /BLA/resoluciones/index.php?dir=Notificaciones/AUTOS%202024/&order=asc&sort=date HTTP/1.1" 200 2024
201.245.192.253 - - [05/Mar/2024:02:47:01 -0500] "POST /kwsrmcab/Wsrmcab  HTTP/1.1" 200 39632
216.245.221.92 - - [05/Mar/2024:02:48:46 -0500] "HEAD / HTTP/1.1" 200 -
172.22.2.4 - - [05/Mar/2024:02:47:11 -0500] "HEAD /BLA/boletinlegal/ HTTP/1.1" 200 -
172.22.2.4 - - [05/Mar/2024:02:48:02 -0500] "GET /BLA/boletinlegal/ HTTP/1.1" 200 53818
23.22.35.162 - - [05/Mar/2024:02:50:11 -0500] "GET /BLA/resoluciones/index.php?dir=Notificaciones/AUTOS%202024/&order=desc&sort=date HTTP/1.1" 200 2023
66.249.72.32 - - [05/Mar/2024:02:51:17 -0500] "GET /robots.txt HTTP/1.1" 404 1035
66.249.72.32 - - [05/Mar/2024:02:51:17 -0500] "GET /portaldeninos/humedal-cordoba-2/ HTTP/1.1" 200 88041
66.249.72.33 - - [05/Mar/2024:02:51:18 -0500] "GET /portaldeninos/wp-includes/js/wp-emoji-release.min.js?ver=4.9.8 HTTP/1.1" 200 12026
66.249.72.33 - - [05/Mar/2024:02:51:19 -0500] "GET /portaldeninos/wp-content/plugins/gallery-videos/CSS/Total-Soft-Gallery-Video-Widget.css?ver=4.9.8 HTTP/1.1" 200 51554
66.249.72.33 - - [05/Mar/2024:02:51:20 -0500] "GET /portaldeninos/wp-content/uploads/useanyfont/uaf.css?ver=1589905315 HTTP/1.1" 200 408
66.249.72.32 - - [05/Mar/2024:02:51:21 -0500] "GET /portaldeninos/wp-content/themes/betheme/style.css?ver=20.9.6 HTTP/1.1" 200 287
66.249.72.32 - - [05/Mar/2024:02:51:22 -0500] "GET /portaldeninos/wp-content/themes/betheme/css/shortcodes.css?ver=20.9.6 HTTP/1.1" 200 138889
66.249.72.32 - - [05/Mar/2024:02:51:24 -0500] "GET /portaldeninos/wp-content/themes/betheme/assets/animations/animations.min.css?ver=20.9.6 HTTP/1.1" 200 58508
66.249.72.32 - - [05/Mar/2024:02:51:25 -0500] "GET /portaldeninos/wp-content/themes/betheme/css/layout.css?ver=20.9.6 HTTP/1.1" 200 116639
66.249.72.40 - - [05/Mar/2024:02:51:27 -0500] "GET /portaldeninos/wp-content/themes/betheme/assets/ui/jquery.ui.all.css?ver=20.9.6 HTTP/1.1" 200 18765
66.249.72.40 - - [05/Mar/2024:02:51:28 -0500] "GET /portaldeninos/wp-content/themes/betheme/assets/jplayer/css/jplayer.blue.monday.css?ver=20.9.6 HTTP/1.1" 200 9834
66.249.72.40 - - [05/Mar/2024:02:51:29 -0500] "GET /portaldeninos/wp-content/themes/betheme/css/responsive.css?ver=20.9.6 HTTP/1.1" 200 55740
66.249.72.40 - - [05/Mar/2024:02:51:30 -0500] "GET /portaldeninos/wp-content/themes/betheme/css/base.css?ver=20.9.6 HTTP/1.1" 200 57283
66.249.72.40 - - [05/Mar/2024:02:51:32 -0500] "GET /portaldeninos/wp-content/plugins/gallery-videos/CSS/totalsoft.css?ver=4.9.8 HTTP/1.1" 200 40622
66.249.72.40 - - [05/Mar/2024:02:51:33 -0500] "GET /portaldeninos/wp-content/plugins/google-analytics-for-wordpress/assets/js/frontend-gtag.min.js?ver=8.5.0 HTTP/1.1" 200 11801
66.249.72.40 - - [05/Mar/2024:02:51:34 -0500] "GET /portaldeninos/wp-includes/js/jquery/jquery.js?ver=1.12.4 HTTP/1.1" 200 97184
66.249.72.40 - - [05/Mar/2024:02:51:36 -0500] "GET /portaldeninos/wp-content/uploads/2019/08/Logo-Ambientic.png HTTP/1.1" 200 22941
66.249.72.40 - - [05/Mar/2024:02:51:37 -0500] "GET /portaldeninos/wp-includes/js/jquery/ui/core.min.js?ver=1.11.4 HTTP/1.1" 200 4000
66.249.72.33 - - [05/Mar/2024:02:51:38 -0500] "GET /portaldeninos/wp-includes/js/jquery/jquery-migrate.min.js?ver=1.4.1 HTTP/1.1" 200 10056
66.249.72.32 - - [05/Mar/2024:02:51:39 -0500] "GET /portaldeninos/wp-content/uploads/2020/11/C%C3%B3rdoba-B-1024x576.jpg HTTP/1.1" 200 121531
66.249.72.33 - - [05/Mar/2024:02:51:41 -0500] "GET /portaldeninos/wp-content/plugins/gallery-videos/JS/modernizr.custom.js?ver=4.9.8 HTTP/1.1" 200 9019
66.249.72.40 - - [05/Mar/2024:02:51:42 -0500] "GET /portaldeninos/wp-content/plugins/gallery-videos/JS/Total-Soft-Gallery-Video-Widget.js?ver=4.9.8 HTTP/1.1" 200 80264
66.249.72.40 - - [05/Mar/2024:02:51:43 -0500] "GET /portaldeninos/wp-includes/js/jquery/ui/widget.min.js?ver=1.11.4 HTTP/1.1" 200 6908
66.249.72.32 - - [05/Mar/2024:02:51:44 -0500] "GET /portaldeninos/wp-includes/js/jquery/ui/mouse.min.js?ver=1.11.4 HTTP/1.1" 200 3148
66.249.72.40 - - [05/Mar/2024:02:51:45 -0500] "GET /portaldeninos/wp-includes/js/jquery/ui/sortable.min.js?ver=1.11.4 HTTP/1.1" 200 24899
66.249.72.40 - - [05/Mar/2024:02:51:47 -0500] "GET /portaldeninos/wp-includes/js/jquery/ui/tabs.min.js?ver=1.11.4 HTTP/1.1" 200 12110
66.249.72.40 - - [05/Mar/2024:02:51:48 -0500] "GET /portaldeninos/wp-includes/js/jquery/ui/accordion.min.js?ver=1.11.4 HTTP/1.1" 200 8584
66.249.72.40 - - [05/Mar/2024:02:51:49 -0500] "GET /portaldeninos/wp-content/themes/betheme/js/plugins.js?ver=20.9.6 HTTP/1.1" 200 197151
66.249.72.40 - - [05/Mar/2024:02:51:50 -0500] "GET /portaldeninos/wp-content/themes/betheme/js/menu.js?ver=20.9.6 HTTP/1.1" 200 2449
66.249.72.40 - - [05/Mar/2024:02:51:51 -0500] "GET /portaldeninos/wp-content/themes/betheme/assets/animations/animations.min.js?ver=20.9.6 HTTP/1.1" 200 1896
66.249.72.40 - - [05/Mar/2024:02:51:52 -0500] "GET /portaldeninos/wp-content/themes/betheme/assets/jplayer/jplayer.min.js?ver=20.9.6 HTTP/1.1" 200 52702
66.249.72.40 - - [05/Mar/2024:02:51:53 -0500] "GET /portaldeninos/wp-content/themes/betheme/js/scripts.js?ver=20.9.6 HTTP/1.1" 200 77162
66.249.72.40 - - [05/Mar/2024:02:51:55 -0500] "GET /portaldeninos/wp-includes/js/wp-embed.min.js?ver=4.9.8 HTTP/1.1" 200 1398
66.249.72.40 - - [05/Mar/2024:02:51:56 -0500] "GET /portaldeninos/wp-content/themes/betheme/images/box_shadow.png HTTP/1.1" 200 108
66.249.72.40 - - [05/Mar/2024:02:51:57 -0500] "GET /portaldeninos/wp-content/themes/betheme/fonts/mfn-icons.woff?93978679 HTTP/1.1" 200 80932
201.245.192.253 - - [05/Mar/2024:02:52:00 -0500] "POST /kwsrmcab/Wsrmcab  HTTP/1.1" 200 39632
3.224.220.101 - - [05/Mar/2024:02:52:18 -0500] "GET /BLA/resoluciones/index.php?dir=Notificaciones/AUTOS%202024/&order=asc&sort=name HTTP/1.1" 200 2024
172.22.2.4 - - [05/Mar/2024:02:52:45 -0500] "GET /BLA/boletinlegal/normativa.php HTTP/1.1" 200 8397
216.245.221.92 - - [05/Mar/2024:02:53:46 -0500] "HEAD / HTTP/1.1" 200 -
52.70.240.171 - - [05/Mar/2024:02:54:26 -0500] "GET /BLA/resoluciones/index.php?dir=Notificaciones/AUTOS%202024/&order=asc&sort=size HTTP/1.1" 200 2024
52.70.240.171 - - [05/Mar/2024:02:54:38 -0500] "GET /BLA/resoluciones/index.php?dir=Notificaciones/AUTOS%202024/&order=desc&sort=size HTTP/1.1" 200 2023
172.22.2.4 - - [05/Mar/2024:02:53:01 -0500] "HEAD /BLA/boletinlegal/ HTTP/1.1" 200 -
172.22.2.4 - - [05/Mar/2024:02:53:52 -0500] "GET /BLA/boletinlegal/ HTTP/1.1" 200 58273
172.22.2.4 - - [05/Mar/2024:02:56:00 -0500] "GET /BLA/boletinlegal/robots.txt HTTP/1.1" 404 1038
172.22.2.4 - - [05/Mar/2024:02:56:45 -0500] "GET /BLA/boletinlegal/robots.txt HTTP/1.1" 404 1038
201.245.192.253 - - [05/Mar/2024:02:56:57 -0500] "POST /kwsrmcab/Wsrmcab  HTTP/1.1" 200 39632
216.245.221.92 - - [05/Mar/2024:02:58:46 -0500] "HEAD / HTTP/1.1" 200 -
172.22.2.4 - - [05/Mar/2024:02:58:51 -0500] "HEAD /BLA/boletinlegal/ HTTP/1.1" 200 -
172.22.2.4 - - [05/Mar/2024:02:59:42 -0500] "GET /BLA/boletinlegal/ HTTP/1.1" 200 58720
201.245.192.253 - - [05/Mar/2024:03:01:55 -0500] "POST /kwsrmcab/Wsrmcab  HTTP/1.1" 200 39632
216.245.221.92 - - [05/Mar/2024:03:03:46 -0500] "HEAD / HTTP/1.1" 200 -
91.92.248.17 - - [05/Mar/2024:03:04:39 -0500] "\x03" 400 226
172.22.2.4 - - [05/Mar/2024:03:04:41 -0500] "HEAD /BLA/boletinlegal/ HTTP/1.1" 200 -
201.245.192.253 - - [05/Mar/2024:03:06:54 -0500] "POST /kwsrmcab/Wsrmcab  HTTP/1.1" 200 39632
172.22.2.4 - - [05/Mar/2024:03:05:32 -0500] "GET /BLA/boletinlegal/ HTTP/1.1" 200 60380
216.245.221.92 - - [05/Mar/2024:03:08:46 -0500] "HEAD / HTTP/1.1" 200 -
185.165.169.131 - - [05/Mar/2024:03:10:28 -0500] "GET /.git/config HTTP/1.1" 404 1018
201.245.192.253 - - [05/Mar/2024:03:11:54 -0500] "POST /kwsrmcab/Wsrmcab  HTTP/1.1" 200 39632
172.22.2.4 - - [05/Mar/2024:03:10:31 -0500] "HEAD /BLA/boletinlegal/ HTTP/1.1" 200 -
172.22.2.4 - - [05/Mar/2024:03:11:22 -0500] "GET /BLA/boletinlegal/ HTTP/1.1" 200 53818
216.245.221.92 - - [05/Mar/2024:03:13:46 -0500] "HEAD / HTTP/1.1" 200 -
66.249.66.20 - - [05/Mar/2024:03:14:24 -0500] "GET /Publicaciones/2023EE41708.pdf HTTP/1.1" 404 227
52.70.240.171 - - [05/Mar/2024:03:15:34 -0500] "GET /BLA/resoluciones/index.php?dir=Notificaciones/AUTOS%202024/&order=desc&sort=name HTTP/1.1" 200 2023
66.249.66.20 - - [05/Mar/2024:03:16:30 -0500] "GET /BLA/resoluciones/AUTOS%202022/1614.pdf HTTP/1.1" 200 493578
201.245.192.253 - - [05/Mar/2024:03:16:52 -0500] "POST /kwsrmcab/Wsrmcab  HTTP/1.1" 200 39632
3.224.220.101 - - [05/Mar/2024:03:17:54 -0500] "GET /BLA/resoluciones/index.php?dir=AUTOS%202004/&order=desc&sort=date HTTP/1.1" 200 2785
172.22.2.4 - - [05/Mar/2024:03:16:21 -0500] "HEAD /BLA/boletinlegal/ HTTP/1.1" 200 -
3.224.220.101 - - [05/Mar/2024:03:18:02 -0500] "GET /BLA/resoluciones/index.php?dir=Notificaciones/&order=desc&sort=date HTTP/1.1" 200 12725
52.70.240.171 - - [05/Mar/2024:03:18:18 -0500] "GET /BLA/resoluciones/index.php?dir=Notificaciones/&order=desc&sort=size HTTP/1.1" 200 12725
216.245.221.92 - - [05/Mar/2024:03:18:46 -0500] "HEAD / HTTP/1.1" 200 -
172.22.2.4 - - [05/Mar/2024:03:17:12 -0500] "GET /BLA/boletinlegal/ HTTP/1.1" 200 60380
201.245.192.253 - - [05/Mar/2024:03:19:17 -0500] "POST /kwsrmcab/Wsrmcab HTTP/1.1" 200 39013
201.245.192.253 - - [05/Mar/2024:03:19:19 -0500] "POST /kwsrmcab/Wsrmcab HTTP/1.1" 200 38891
201.245.192.253 - - [05/Mar/2024:03:19:34 -0500] "POST /kwsrmcab/Wsrmcab HTTP/1.1" 200 37528
201.245.192.253 - - [05/Mar/2024:03:19:39 -0500] "POST /kwsrmcab/Wsrmcab HTTP/1.1" 200 38891
201.245.192.253 - - [05/Mar/2024:03:21:51 -0500] "POST /kwsrmcab/Wsrmcab  HTTP/1.1" 200 39632
52.70.240.171 - - [05/Mar/2024:03:21:54 -0500] "GET /BLA/resoluciones/index.php?dir=Notificaciones/&order=asc&sort=name HTTP/1.1" 200 12726
23.22.35.162 - - [05/Mar/2024:03:21:57 -0500] "GET /BLA/resoluciones/index.php?dir=Notificaciones/DISCIPLINARIOS%202019/&order=asc&sort=date HTTP/1.1" 200 3553
171.244.22.174 - - [05/Mar/2024:03:22:24 -0500] "GET /wp-content/plugins/easy-digital-downloads/assets/css/edd-admin-email-tags-rtl.min.css HTTP/1.1" 404 1049
3.224.220.101 - - [05/Mar/2024:03:23:01 -0500] "GET /BLA/resoluciones/index.php?dir=Notificaciones/DISCIPLINARIOS%202019/&order=desc&sort=date HTTP/1.1" 200 3552
216.245.221.92 - - [05/Mar/2024:03:23:46 -0500] "HEAD / HTTP/1.1" 200 -
3.224.220.101 - - [05/Mar/2024:03:23:49 -0500] "GET /BLA/resoluciones/index.php?dir=Notificaciones/DISCIPLINARIOS%202019/&order=asc&sort=name HTTP/1.1" 200 3553
172.22.2.4 - - [05/Mar/2024:03:22:11 -0500] "HEAD /BLA/boletinlegal/ HTTP/1.1" 200 -
66.249.66.20 - - [05/Mar/2024:03:24:16 -0500] "GET /Publicaciones/2023EE44676.pdf HTTP/1.1" 404 227
23.22.35.162 - - [05/Mar/2024:03:24:25 -0500] "GET /BLA/resoluciones/index.php?dir=Notificaciones/DISCIPLINARIOS%202019/&order=asc&sort=size HTTP/1.1" 200 3553
172.22.2.4 - - [05/Mar/2024:03:23:02 -0500] "GET /BLA/boletinlegal/ HTTP/1.1" 200 48425
172.22.2.4 - - [05/Mar/2024:03:24:01 -0500] "GET /BLA/boletinlegal/ HTTP/1.1" 200 24523
66.249.66.21 - - [05/Mar/2024:03:24:47 -0500] "GET /Publicaciones/2023EE46018.pdf HTTP/1.1" 404 227
3.224.220.101 - - [05/Mar/2024:03:26:10 -0500] "GET /BLA/resoluciones/index.php?dir=Notificaciones/DISCIPLINARIOS%202019/&order=desc&sort=size HTTP/1.1" 200 3552
3.224.220.101 - - [05/Mar/2024:03:26:29 -0500] "GET /BLA/resoluciones/index.php?dir=Notificaciones/DISCIPLINARIOS%202019/&order=desc&sort=name HTTP/1.1" 200 3552
52.70.240.171 - - [05/Mar/2024:03:26:34 -0500] "GET /BLA/resoluciones/index.php?dir=Notificaciones/RESOLUCIONES%200002/&order=asc&sort=date HTTP/1.1" 200 2078
23.22.35.162 - - [05/Mar/2024:03:26:38 -0500] "GET /BLA/resoluciones/index.php?dir=Notificaciones/RESOLUCIONES%200002/&order=desc&sort=date HTTP/1.1" 200 2077
201.245.192.253 - - [05/Mar/2024:03:26:49 -0500] "POST /kwsrmcab/Wsrmcab  HTTP/1.1" 200 39632
3.224.220.101 - - [05/Mar/2024:03:27:09 -0500] "GET /BLA/resoluciones/index.php?dir=Notificaciones/RESOLUCIONES%200002/&order=asc&sort=name HTTP/1.1" 200 2078
3.224.220.101 - - [05/Mar/2024:03:27:29 -0500] "GET /BLA/resoluciones/index.php?dir=Notificaciones/RESOLUCIONES%200002/&order=asc&sort=size HTTP/1.1" 200 2078
3.224.220.101 - - [05/Mar/2024:03:27:41 -0500] "GET /BLA/resoluciones/index.php?dir=Notificaciones/RESOLUCIONES%200002/&order=desc&sort=size HTTP/1.1" 200 2077
52.70.240.171 - - [05/Mar/2024:03:27:45 -0500] "GET /BLA/resoluciones/index.php?dir=Notificaciones/RESOLUCIONES%200002/&order=desc&sort=name HTTP/1.1" 200 2077
3.224.220.101 - - [05/Mar/2024:03:28:05 -0500] "GET /BLA/resoluciones/index.php?dir=Notificaciones/RESOLUCIONES%200020/&order=asc&sort=date HTTP/1.1" 200 2077
3.224.220.101 - - [05/Mar/2024:03:28:10 -0500] "GET /BLA/resoluciones/index.php?dir=Notificaciones/RESOLUCIONES%200020/&order=desc&sort=date HTTP/1.1" 200 2076
52.70.240.171 - - [05/Mar/2024:03:28:19 -0500] "GET /BLA/resoluciones/index.php?dir=Notificaciones/RESOLUCIONES%200020/&order=asc&sort=name HTTP/1.1" 200 2077
3.224.220.101 - - [05/Mar/2024:03:28:29 -0500] "GET /BLA/resoluciones/index.php?dir=Notificaciones/RESOLUCIONES%200020/&order=asc&sort=size HTTP/1.1" 200 2077
216.245.221.92 - - [05/Mar/2024:03:28:46 -0500] "HEAD / HTTP/1.1" 200 -
40.77.167.14 - - [05/Mar/2024:03:29:02 -0500] "GET /BLA/resoluciones/RESOLUCIONES%202009/3725.pdf HTTP/1.1" 200 481373
66.249.66.19 - - [05/Mar/2024:03:29:17 -0500] "GET /Publicaciones/2023EE43392.pdf HTTP/1.1" 404 227
3.224.220.101 - - [05/Mar/2024:03:29:17 -0500] "GET /BLA/resoluciones/index.php?dir=Notificaciones/RESOLUCIONES%200020/&order=desc&sort=size HTTP/1.1" 200 2076
201.245.192.253 - - [05/Mar/2024:03:29:17 -0500] "POST /kwsrmcab/Wsrmcab HTTP/1.1" 200 39013
201.245.192.253 - - [05/Mar/2024:03:29:18 -0500] "POST /kwsrmcab/Wsrmcab HTTP/1.1" 200 38891
23.22.35.162 - - [05/Mar/2024:03:29:26 -0500] "GET /BLA/resoluciones/index.php?dir=Notificaciones/RESOLUCIONES%200020/&order=desc&sort=name HTTP/1.1" 200 2076
201.245.192.253 - - [05/Mar/2024:03:29:34 -0500] "POST /kwsrmcab/Wsrmcab HTTP/1.1" 200 37528
52.70.240.171 - - [05/Mar/2024:03:29:38 -0500] "GET /BLA/resoluciones/index.php?dir=Notificaciones/RESOLUCIONES%202012/&order=asc&sort=date HTTP/1.1" 200 2077
201.245.192.253 - - [05/Mar/2024:03:29:39 -0500] "POST /kwsrmcab/Wsrmcab HTTP/1.1" 200 38891
172.22.2.4 - - [05/Mar/2024:03:28:01 -0500] "HEAD /BLA/boletinlegal/ HTTP/1.1" 200 -
3.224.220.101 - - [05/Mar/2024:03:30:29 -0500] "GET /BLA/resoluciones/index.php?dir=Notificaciones/RESOLUCIONES%202012/&order=desc&sort=date HTTP/1.1" 200 2076
172.22.2.4 - - [05/Mar/2024:03:28:52 -0500] "GET /BLA/boletinlegal/ HTTP/1.1" 200 58273
3.224.220.101 - - [05/Mar/2024:03:30:53 -0500] "GET /BLA/resoluciones/index.php?dir=Notificaciones/RESOLUCIONES%202012/&order=asc&sort=name HTTP/1.1" 200 2077
23.22.35.162 - - [05/Mar/2024:03:30:59 -0500] "GET /BLA/resoluciones/index.php?dir=Notificaciones/RESOLUCIONES%202012/&order=asc&sort=size HTTP/1.1" 200 2077
52.70.240.171 - - [05/Mar/2024:03:31:10 -0500] "GET /BLA/resoluciones/index.php?dir=Notificaciones/RESOLUCIONES%202012/&order=desc&sort=size HTTP/1.1" 200 2076
52.167.144.225 - - [05/Mar/2024:03:31:23 -0500] "GET /BLA/resoluciones/AUTOS%202020/1351.pdf HTTP/1.1" 200 398528
3.224.220.101 - - [05/Mar/2024:03:31:33 -0500] "GET /BLA/resoluciones/index.php?dir=Notificaciones/RESOLUCIONES%202012/&order=desc&sort=name HTTP/1.1" 200 2076
52.70.240.171 - - [05/Mar/2024:03:31:37 -0500] "GET /BLA/resoluciones/index.php?dir=Notificaciones/RESOLUCIONES%202013/&order=asc&sort=date HTTP/1.1" 200 2817
201.245.192.253 - - [05/Mar/2024:03:31:48 -0500] "POST /kwsrmcab/Wsrmcab  HTTP/1.1" 200 39632
23.22.35.162 - - [05/Mar/2024:03:31:58 -0500] "GET /BLA/resoluciones/index.php?dir=Notificaciones/RESOLUCIONES%202013/&order=desc&sort=date HTTP/1.1" 200 2816
3.224.220.101 - - [05/Mar/2024:03:32:01 -0500] "GET /BLA/resoluciones/index.php?dir=Notificaciones/RESOLUCIONES%202013/&order=asc&sort=name HTTP/1.1" 200 2817
52.70.240.171 - - [05/Mar/2024:03:32:10 -0500] "GET /BLA/resoluciones/index.php?dir=Notificaciones/RESOLUCIONES%202013/&order=asc&sort=size HTTP/1.1" 200 2817
3.224.220.101 - - [05/Mar/2024:03:32:21 -0500] "GET /BLA/resoluciones/index.php?dir=Notificaciones/RESOLUCIONES%202013/&order=desc&sort=size HTTP/1.1" 200 2816
52.70.240.171 - - [05/Mar/2024:03:32:27 -0500] "GET /BLA/resoluciones/index.php?dir=Notificaciones/RESOLUCIONES%202013/&order=desc&sort=name HTTP/1.1" 200 2816
52.70.240.171 - - [05/Mar/2024:03:32:45 -0500] "GET /BLA/resoluciones/index.php?dir=Notificaciones/RESOLUCIONES%200217/&order=asc&sort=date HTTP/1.1" 200 2268
52.70.240.171 - - [05/Mar/2024:03:33:13 -0500] "GET /BLA/resoluciones/index.php?dir=Notificaciones/RESOLUCIONES%200217/&order=desc&sort=date HTTP/1.1" 200 2267
23.22.35.162 - - [05/Mar/2024:03:33:17 -0500] "GET /BLA/resoluciones/index.php?dir=Notificaciones/RESOLUCIONES%200217/&order=asc&sort=name HTTP/1.1" 200 2268
3.224.220.101 - - [05/Mar/2024:03:33:21 -0500] "GET /BLA/resoluciones/index.php?dir=Notificaciones/RESOLUCIONES%200217/&order=asc&sort=size HTTP/1.1" 200 2268
3.224.220.101 - - [05/Mar/2024:03:33:25 -0500] "GET /BLA/resoluciones/index.php?dir=Notificaciones/RESOLUCIONES%200217/&order=desc&sort=size HTTP/1.1" 200 2267
23.22.35.162 - - [05/Mar/2024:03:33:30 -0500] "GET /BLA/resoluciones/Notificaciones/RESOLUCIONES%202021/4145.pdf HTTP/1.1" 200 345739
23.22.35.162 - - [05/Mar/2024:03:33:34 -0500] "GET /BLA/resoluciones/Notificaciones/RESOLUCIONES%202021/4106.pdf HTTP/1.1" 200 352367
23.22.35.162 - - [05/Mar/2024:03:33:37 -0500] "GET /BLA/resoluciones/Notificaciones/RESOLUCIONES%202021/4105.pdf HTTP/1.1" 200 346863
23.22.35.162 - - [05/Mar/2024:03:33:41 -0500] "GET /BLA/resoluciones/Notificaciones/RESOLUCIONES%202021/4093.pdf HTTP/1.1" 200 348556
23.22.35.162 - - [05/Mar/2024:03:33:46 -0500] "GET /BLA/resoluciones/Notificaciones/RESOLUCIONES%202021/4092.pdf HTTP/1.1" 200 343039
216.245.221.92 - - [05/Mar/2024:03:33:46 -0500] "HEAD / HTTP/1.1" 200 -
52.70.240.171 - - [05/Mar/2024:03:33:49 -0500] "GET /BLA/resoluciones/Notificaciones/RESOLUCIONES%202021/4043.pdf HTTP/1.1" 200 444572
23.22.35.162 - - [05/Mar/2024:03:33:54 -0500] "GET /BLA/resoluciones/Notificaciones/RESOLUCIONES%202021/4041.pdf HTTP/1.1" 200 381364
52.70.240.171 - - [05/Mar/2024:03:33:59 -0500] "GET /BLA/resoluciones/Notificaciones/RESOLUCIONES%202021/4039.pdf HTTP/1.1" 200 341669
3.224.220.101 - - [05/Mar/2024:03:34:01 -0500] "GET /BLA/resoluciones/Notificaciones/RESOLUCIONES%202021/4038.pdf HTTP/1.1" 200 347000
52.70.240.171 - - [05/Mar/2024:03:34:06 -0500] "GET /BLA/resoluciones/Notificaciones/RESOLUCIONES%202021/4016.pdf HTTP/1.1" 200 357327
52.70.240.171 - - [05/Mar/2024:03:34:10 -0500] "GET /BLA/resoluciones/Notificaciones/RESOLUCIONES%202021/4013.pdf HTTP/1.1" 200 384539
23.22.35.162 - - [05/Mar/2024:03:34:14 -0500] "GET /BLA/resoluciones/Notificaciones/RESOLUCIONES%202021/4009.pdf HTTP/1.1" 200 412082
23.22.35.162 - - [05/Mar/2024:03:34:18 -0500] "GET /BLA/resoluciones/Notificaciones/RESOLUCIONES%202021/4006.pdf HTTP/1.1" 200 599058
23.22.35.162 - - [05/Mar/2024:03:34:22 -0500] "GET /BLA/resoluciones/Notificaciones/RESOLUCIONES%202021/4005.pdf HTTP/1.1" 200 355410
23.22.35.162 - - [05/Mar/2024:03:34:26 -0500] "GET /BLA/resoluciones/Notificaciones/RESOLUCIONES%202021/3996.pdf HTTP/1.1" 200 438943
23.22.35.162 - - [05/Mar/2024:03:34:30 -0500] "GET /BLA/resoluciones/Notificaciones/RESOLUCIONES%202021/3992.pdf HTTP/1.1" 200 501422
52.70.240.171 - - [05/Mar/2024:03:34:33 -0500] "GET /BLA/resoluciones/Notificaciones/RESOLUCIONES%202021/3990.pdf HTTP/1.1" 200 438749
3.224.220.101 - - [05/Mar/2024:03:34:37 -0500] "GET /BLA/resoluciones/Notificaciones/RESOLUCIONES%202021/3989.pdf HTTP/1.1" 200 435767
3.224.220.101 - - [05/Mar/2024:03:34:41 -0500] "GET /BLA/resoluciones/Notificaciones/RESOLUCIONES%202021/3988.pdf HTTP/1.1" 200 469014
52.70.240.171 - - [05/Mar/2024:03:34:45 -0500] "GET /BLA/resoluciones/Notificaciones/RESOLUCIONES%202021/3987.pdf HTTP/1.1" 200 513192
3.224.220.101 - - [05/Mar/2024:03:34:49 -0500] "GET /BLA/resoluciones/Notificaciones/RESOLUCIONES%202021/3985.pdf HTTP/1.1" 200 421963
3.224.220.101 - - [05/Mar/2024:03:34:53 -0500] "GET /BLA/resoluciones/Notificaciones/RESOLUCIONES%202021/3972.pdf HTTP/1.1" 200 504129
52.70.240.171 - - [05/Mar/2024:03:34:58 -0500] "GET /BLA/resoluciones/Notificaciones/RESOLUCIONES%202021/3969.pdf HTTP/1.1" 200 553381
3.224.220.101 - - [05/Mar/2024:03:35:02 -0500] "GET /BLA/resoluciones/Notificaciones/RESOLUCIONES%202021/3963.pdf HTTP/1.1" 200 392585
3.224.220.101 - - [05/Mar/2024:03:35:05 -0500] "GET /BLA/resoluciones/Notificaciones/RESOLUCIONES%202021/3960.pdf HTTP/1.1" 200 450751
3.224.220.101 - - [05/Mar/2024:03:35:09 -0500] "GET /BLA/resoluciones/Notificaciones/RESOLUCIONES%202021/3946.pdf HTTP/1.1" 200 472327
23.22.35.162 - - [05/Mar/2024:03:35:13 -0500] "GET /BLA/resoluciones/Notificaciones/RESOLUCIONES%202021/3945.pdf HTTP/1.1" 200 377748
3.224.220.101 - - [05/Mar/2024:03:35:17 -0500] "GET /BLA/resoluciones/Notificaciones/RESOLUCIONES%202021/3943.pdf HTTP/1.1" 200 381890
52.70.240.171 - - [05/Mar/2024:03:35:21 -0500] "GET /BLA/resoluciones/Notificaciones/RESOLUCIONES%202021/3935.pdf HTTP/1.1" 200 842214
52.70.240.171 - - [05/Mar/2024:03:35:25 -0500] "GET /BLA/resoluciones/Notificaciones/RESOLUCIONES%202021/3932.pdf HTTP/1.1" 200 439804
52.70.240.171 - - [05/Mar/2024:03:35:29 -0500] "GET /BLA/resoluciones/Notificaciones/RESOLUCIONES%202021/3928.pdf HTTP/1.1" 200 398793
172.22.2.4 - - [05/Mar/2024:03:33:51 -0500] "HEAD /BLA/boletinlegal/ HTTP/1.1" 200 -
23.22.35.162 - - [05/Mar/2024:03:35:34 -0500] "GET /BLA/resoluciones/Notificaciones/RESOLUCIONES%202021/3927.pdf HTTP/1.1" 200 609431
52.70.240.171 - - [05/Mar/2024:03:35:37 -0500] "GET /BLA/resoluciones/Notificaciones/RESOLUCIONES%202021/3923.pdf HTTP/1.1" 200 486567
3.224.220.101 - - [05/Mar/2024:03:35:41 -0500] "GET /BLA/resoluciones/Notificaciones/RESOLUCIONES%202021/3907.pdf HTTP/1.1" 200 480318
3.224.220.101 - - [05/Mar/2024:03:35:45 -0500] "GET /BLA/resoluciones/Notificaciones/RESOLUCIONES%202021/3904.pdf HTTP/1.1" 200 404685
3.224.220.101 - - [05/Mar/2024:03:35:49 -0500] "GET /BLA/resoluciones/Notificaciones/RESOLUCIONES%202021/3903.pdf HTTP/1.1" 200 1123251
52.70.240.171 - - [05/Mar/2024:03:35:54 -0500] "GET /BLA/resoluciones/Notificaciones/RESOLUCIONES%202021/3902.pdf HTTP/1.1" 200 2854479
3.224.220.101 - - [05/Mar/2024:03:35:59 -0500] "GET /BLA/resoluciones/Notificaciones/RESOLUCIONES%202021/3895.pdf HTTP/1.1" 200 399901
52.70.240.171 - - [05/Mar/2024:03:36:03 -0500] "GET /BLA/resoluciones/Notificaciones/RESOLUCIONES%202021/3894.pdf HTTP/1.1" 200 399347
23.22.35.162 - - [05/Mar/2024:03:36:05 -0500] "GET /BLA/resoluciones/Notificaciones/RESOLUCIONES%202021/3888.pdf HTTP/1.1" 200 915220
23.22.35.162 - - [05/Mar/2024:03:36:09 -0500] "GET /BLA/resoluciones/Notificaciones/RESOLUCIONES%202021/3883.pdf HTTP/1.1" 200 734214
3.224.220.101 - - [05/Mar/2024:03:36:14 -0500] "GET /BLA/resoluciones/Notificaciones/RESOLUCIONES%202021/3882.pdf HTTP/1.1" 200 1563376
3.224.220.101 - - [05/Mar/2024:03:36:17 -0500] "GET /BLA/resoluciones/Notificaciones/RESOLUCIONES%202021/3881.pdf HTTP/1.1" 200 393650
23.22.35.162 - - [05/Mar/2024:03:36:21 -0500] "GET /BLA/resoluciones/Notificaciones/RESOLUCIONES%202021/3876.pdf HTTP/1.1" 200 394678
172.22.2.4 - - [05/Mar/2024:03:34:42 -0500] "GET /BLA/boletinlegal/ HTTP/1.1" 200 53818
3.224.220.101 - - [05/Mar/2024:03:36:25 -0500] "GET /BLA/resoluciones/Notificaciones/RESOLUCIONES%202021/3840.pdf HTTP/1.1" 200 422160
3.224.220.101 - - [05/Mar/2024:03:36:29 -0500] "GET /BLA/resoluciones/Notificaciones/RESOLUCIONES%202021/3839.pdf HTTP/1.1" 200 373645
23.22.35.162 - - [05/Mar/2024:03:36:34 -0500] "GET /BLA/resoluciones/Notificaciones/RESOLUCIONES%202021/3803.pdf HTTP/1.1" 200 357937
52.70.240.171 - - [05/Mar/2024:03:36:37 -0500] "GET /BLA/resoluciones/Notificaciones/RESOLUCIONES%202021/3795.pdf HTTP/1.1" 200 544590
23.22.35.162 - - [05/Mar/2024:03:36:42 -0500] "GET /BLA/resoluciones/Notificaciones/RESOLUCIONES%202021/3787.pdf HTTP/1.1" 200 2595208
23.22.35.162 - - [05/Mar/2024:03:36:46 -0500] "GET /BLA/resoluciones/Notificaciones/RESOLUCIONES%202021/3782.pdf HTTP/1.1" 200 1172205
201.245.192.253 - - [05/Mar/2024:03:36:47 -0500] "POST /kwsrmcab/Wsrmcab  HTTP/1.1" 200 39632
52.70.240.171 - - [05/Mar/2024:03:36:49 -0500] "GET /BLA/resoluciones/Notificaciones/RESOLUCIONES%202021/3781.pdf HTTP/1.1" 200 389258
23.22.35.162 - - [05/Mar/2024:03:36:55 -0500] "GET /BLA/resoluciones/Notificaciones/RESOLUCIONES%202021/3774.pdf HTTP/1.1" 200 472097
3.224.220.101 - - [05/Mar/2024:03:36:57 -0500] "GET /BLA/resoluciones/Notificaciones/RESOLUCIONES%202021/3773.pdf HTTP/1.1" 200 533707
52.70.240.171 - - [05/Mar/2024:03:37:01 -0500] "GET /BLA/resoluciones/Notificaciones/RESOLUCIONES%202021/3749.pdf HTTP/1.1" 200 748815
52.70.240.171 - - [05/Mar/2024:03:37:05 -0500] "GET /BLA/resoluciones/Notificaciones/RESOLUCIONES%202021/3748.pdf HTTP/1.1" 200 388129
3.224.220.101 - - [05/Mar/2024:03:37:09 -0500] "GET /BLA/resoluciones/Notificaciones/RESOLUCIONES%202021/3744.pdf HTTP/1.1" 200 407908
3.224.220.101 - - [05/Mar/2024:03:37:13 -0500] "GET /BLA/resoluciones/Notificaciones/RESOLUCIONES%202021/3732.pdf HTTP/1.1" 200 416824
3.224.220.101 - - [05/Mar/2024:03:37:17 -0500] "GET /BLA/resoluciones/Notificaciones/RESOLUCIONES%202021/3700.pdf HTTP/1.1" 200 516420
52.70.240.171 - - [05/Mar/2024:03:37:22 -0500] "GET /BLA/resoluciones/Notificaciones/RESOLUCIONES%202021/3688.pdf HTTP/1.1" 200 560468
3.224.220.101 - - [05/Mar/2024:03:37:25 -0500] "GET /BLA/resoluciones/Notificaciones/RESOLUCIONES%202021/3675.pdf HTTP/1.1" 200 388847
3.224.220.101 - - [05/Mar/2024:03:37:30 -0500] "GET /BLA/resoluciones/Notificaciones/RESOLUCIONES%202021/3673.pdf HTTP/1.1" 200 390352
23.22.35.162 - - [05/Mar/2024:03:37:33 -0500] "GET /BLA/resoluciones/Notificaciones/RESOLUCIONES%202021/3665.pdf HTTP/1.1" 200 391430
23.22.35.162 - - [05/Mar/2024:03:37:38 -0500] "GET /BLA/resoluciones/Notificaciones/RESOLUCIONES%202021/3664.pdf HTTP/1.1" 200 509423
3.224.220.101 - - [05/Mar/2024:03:37:41 -0500] "GET /BLA/resoluciones/Notificaciones/RESOLUCIONES%202021/3661.pdf HTTP/1.1" 200 516009
3.224.220.101 - - [05/Mar/2024:03:37:45 -0500] "GET /BLA/resoluciones/Notificaciones/RESOLUCIONES%202021/3659.pdf HTTP/1.1" 200 547010
3.224.220.101 - - [05/Mar/2024:03:37:49 -0500] "GET /BLA/resoluciones/Notificaciones/RESOLUCIONES%202021/3657.pdf HTTP/1.1" 200 533504
66.249.66.20 - - [05/Mar/2024:03:37:52 -0500] "GET /Publicaciones/2023EE42432.pdf HTTP/1.1" 404 227
3.224.220.101 - - [05/Mar/2024:03:37:53 -0500] "GET /BLA/resoluciones/Notificaciones/RESOLUCIONES%202021/3656.pdf HTTP/1.1" 200 528289
3.224.220.101 - - [05/Mar/2024:03:37:57 -0500] "GET /BLA/resoluciones/Notificaciones/RESOLUCIONES%202021/3651.pdf HTTP/1.1" 200 402421
23.22.35.162 - - [05/Mar/2024:03:38:02 -0500] "GET /BLA/resoluciones/Notificaciones/RESOLUCIONES%202021/3650.pdf HTTP/1.1" 200 395716
3.224.220.101 - - [05/Mar/2024:03:38:05 -0500] "GET /BLA/resoluciones/Notificaciones/RESOLUCIONES%202021/3649.pdf HTTP/1.1" 200 466729
52.70.240.171 - - [05/Mar/2024:03:38:09 -0500] "GET /BLA/resoluciones/Notificaciones/RESOLUCIONES%202021/3648.pdf HTTP/1.1" 200 398058
23.22.35.162 - - [05/Mar/2024:03:38:13 -0500] "GET /BLA/resoluciones/Notificaciones/RESOLUCIONES%202021/3646.pdf HTTP/1.1" 200 501712
52.70.240.171 - - [05/Mar/2024:03:38:18 -0500] "GET /BLA/resoluciones/Notificaciones/RESOLUCIONES%202021/3631.pdf HTTP/1.1" 200 608732
23.22.35.162 - - [05/Mar/2024:03:38:22 -0500] "GET /BLA/resoluciones/Notificaciones/RESOLUCIONES%202021/3630.pdf HTTP/1.1" 200 593291
52.70.240.171 - - [05/Mar/2024:03:38:25 -0500] "GET /BLA/resoluciones/Notificaciones/RESOLUCIONES%202021/3609.pdf HTTP/1.1" 200 375018
3.224.220.101 - - [05/Mar/2024:03:38:29 -0500] "GET /BLA/resoluciones/Notificaciones/RESOLUCIONES%202021/3606.pdf HTTP/1.1" 200 375411
52.70.240.171 - - [05/Mar/2024:03:38:33 -0500] "GET /BLA/resoluciones/Notificaciones/RESOLUCIONES%202021/3605.pdf HTTP/1.1" 200 346127
3.224.220.101 - - [05/Mar/2024:03:38:37 -0500] "GET /BLA/resoluciones/Notificaciones/RESOLUCIONES%202021/3584.pdf HTTP/1.1" 200 369680
