191.107.131.132 - - [05/Mar/2024:07:22:39 -0500] "GET /sipse/faces/javax.faces.resource/layout/layout.css?ln=primefaces&v=4.0 HTTP/1.1" 304 -
191.107.131.132 - - [05/Mar/2024:07:22:39 -0500] "GET /sipse/faces/javax.faces.resource/primefaces.css?ln=primefaces&v=4.0 HTTP/1.1" 304 -
191.107.131.132 - - [05/Mar/2024:07:22:39 -0500] "GET /sipse/faces/javax.faces.resource/jquery/jquery-plugins.js?ln=primefaces&v=4.0 HTTP/1.1" 304 -
191.107.131.132 - - [05/Mar/2024:07:22:39 -0500] "GET /sipse/faces/javax.faces.resource/layout/layout.js?ln=primefaces&v=4.0 HTTP/1.1" 304 -
191.107.131.132 - - [05/Mar/2024:07:22:38 -0500] "POST /sipse/faces/presentacion/sistema/anexos/cargarAnexoSolicitudProceso.xhtml HTTP/1.1" 200 170115
172.22.2.4 - - [05/Mar/2024:07:22:00 -0500] "GET /BLA/boletinlegal/ HTTP/1.1" 200 24523
52.70.240.171 - - [05/Mar/2024:07:22:42 -0500] "GET /BLA/resoluciones/RESOLUCIONES%202022/5183.pdf HTTP/1.1" 200 447629
23.22.35.162 - - [05/Mar/2024:07:22:45 -0500] "GET /BLA/resoluciones/RESOLUCIONES%202022/5182.pdf HTTP/1.1" 200 366745
191.107.131.132 - - [05/Mar/2024:07:22:46 -0500] "POST /sipse/faces/presentacion/financiero/solicitudProceso/consultarSolicitudProceso.xhtml HTTP/1.1" 200 46146
191.107.131.132 - - [05/Mar/2024:07:22:47 -0500] "GET /sipse/faces/javax.faces.resource/theme.css?ln=primefaces-sipse HTTP/1.1" 304 -
191.107.131.132 - - [05/Mar/2024:07:22:47 -0500] "GET /sipse/faces/javax.faces.resource/layout/layout.css?ln=primefaces&v=4.0 HTTP/1.1" 304 -
191.107.131.132 - - [05/Mar/2024:07:22:47 -0500] "GET /sipse/faces/javax.faces.resource/primefaces.css?ln=primefaces&v=4.0 HTTP/1.1" 304 -
191.107.131.132 - - [05/Mar/2024:07:22:47 -0500] "GET /sipse/faces/javax.faces.resource/jquery/jquery.js?ln=primefaces&v=4.0 HTTP/1.1" 304 -
191.107.131.132 - - [05/Mar/2024:07:22:47 -0500] "GET /sipse/faces/javax.faces.resource/jquery/jquery-plugins.js?ln=primefaces&v=4.0 HTTP/1.1" 304 -
191.107.131.132 - - [05/Mar/2024:07:22:47 -0500] "GET /sipse/faces/javax.faces.resource/primefaces.js?ln=primefaces&v=4.0 HTTP/1.1" 304 -
191.107.131.132 - - [05/Mar/2024:07:22:47 -0500] "GET /sipse/faces/javax.faces.resource/layout/layout.js?ln=primefaces&v=4.0 HTTP/1.1" 304 -
52.70.240.171 - - [05/Mar/2024:07:22:49 -0500] "GET /BLA/resoluciones/RESOLUCIONES%202022/5181.pdf HTTP/1.1" 200 338771
191.107.131.132 - - [05/Mar/2024:07:22:50 -0500] "POST /sipse/faces/presentacion/financiero/estudioPrevio/personalSolicitado/personalSolicitadoSolicitudProceso.xhtml HTTP/1.1" 200 7027
52.70.240.171 - - [05/Mar/2024:07:22:53 -0500] "GET /BLA/resoluciones/RESOLUCIONES%202022/5179.pdf HTTP/1.1" 200 342984
3.224.220.101 - - [05/Mar/2024:07:22:57 -0500] "GET /BLA/resoluciones/RESOLUCIONES%202022/5178.pdf HTTP/1.1" 200 341622
191.107.131.132 - - [05/Mar/2024:07:22:57 -0500] "POST /sipse/faces/presentacion/financiero/estudioPrevio/personalSolicitado/personalSolicitadoSolicitudProceso.xhtml HTTP/1.1" 200 36853
191.107.131.132 - - [05/Mar/2024:07:22:57 -0500] "GET /sipse/faces/javax.faces.resource/theme.css?ln=primefaces-sipse HTTP/1.1" 304 -
191.107.131.132 - - [05/Mar/2024:07:22:57 -0500] "GET /sipse/faces/javax.faces.resource/primefaces.css?ln=primefaces&v=4.0 HTTP/1.1" 304 -
191.107.131.132 - - [05/Mar/2024:07:22:57 -0500] "GET /sipse/faces/javax.faces.resource/layout/layout.css?ln=primefaces&v=4.0 HTTP/1.1" 304 -
191.107.131.132 - - [05/Mar/2024:07:22:57 -0500] "GET /sipse/faces/javax.faces.resource/jquery/jquery.js?ln=primefaces&v=4.0 HTTP/1.1" 304 -
191.107.131.132 - - [05/Mar/2024:07:22:57 -0500] "GET /sipse/faces/javax.faces.resource/jquery/jquery-plugins.js?ln=primefaces&v=4.0 HTTP/1.1" 304 -
191.107.131.132 - - [05/Mar/2024:07:22:57 -0500] "GET /sipse/faces/javax.faces.resource/primefaces.js?ln=primefaces&v=4.0 HTTP/1.1" 304 -
191.107.131.132 - - [05/Mar/2024:07:22:58 -0500] "GET /sipse/faces/javax.faces.resource/layout/layout.js?ln=primefaces&v=4.0 HTTP/1.1" 304 -
52.70.240.171 - - [05/Mar/2024:07:23:01 -0500] "GET /BLA/resoluciones/RESOLUCIONES%202022/5176.pdf HTTP/1.1" 200 925353
23.22.35.162 - - [05/Mar/2024:07:23:06 -0500] "GET /BLA/resoluciones/RESOLUCIONES%202022/5175.pdf HTTP/1.1" 200 428911
23.22.35.162 - - [05/Mar/2024:07:23:09 -0500] "GET /BLA/resoluciones/RESOLUCIONES%202022/5173.pdf HTTP/1.1" 200 380813
52.70.240.171 - - [05/Mar/2024:07:23:13 -0500] "GET /BLA/resoluciones/RESOLUCIONES%202022/5157.pdf HTTP/1.1" 200 1057207
191.107.131.132 - - [05/Mar/2024:07:23:15 -0500] "POST /sipse/faces/presentacion/financiero/estudioPrevio/personalSolicitado/asociarProfesionPersonalSolicitado.xhtml HTTP/1.1" 200 1415
191.107.131.132 - - [05/Mar/2024:07:23:15 -0500] "POST /sipse/faces/presentacion/financiero/estudioPrevio/personalSolicitado/asociarProfesionPersonalSolicitado.xhtml HTTP/1.1" 200 3243
23.22.35.162 - - [05/Mar/2024:07:23:17 -0500] "GET /BLA/resoluciones/RESOLUCIONES%202022/5154.pdf HTTP/1.1" 200 1147070
191.107.131.132 - - [05/Mar/2024:07:23:17 -0500] "POST /sipse/faces/presentacion/financiero/estudioPrevio/personalSolicitado/asociarProfesionPersonalSolicitado.xhtml HTTP/1.1" 200 21141
191.107.131.132 - - [05/Mar/2024:07:23:18 -0500] "POST /sipse/faces/presentacion/financiero/estudioPrevio/personalSolicitado/asociarProfesionPersonalSolicitado.xhtml HTTP/1.1" 200 21137
191.107.131.132 - - [05/Mar/2024:07:23:19 -0500] "POST /sipse/faces/presentacion/financiero/estudioPrevio/personalSolicitado/asociarProfesionPersonalSolicitado.xhtml HTTP/1.1" 200 3243
3.224.220.101 - - [05/Mar/2024:07:23:21 -0500] "GET /BLA/resoluciones/RESOLUCIONES%202022/5153.pdf HTTP/1.1" 200 389898
191.107.131.132 - - [05/Mar/2024:07:23:21 -0500] "POST /sipse/faces/presentacion/financiero/estudioPrevio/personalSolicitado/asociarProfesionPersonalSolicitado.xhtml HTTP/1.1" 200 21137
191.107.131.132 - - [05/Mar/2024:07:23:22 -0500] "POST /sipse/faces/presentacion/financiero/estudioPrevio/personalSolicitado/asociarProfesionPersonalSolicitado.xhtml HTTP/1.1" 200 21145
3.224.220.101 - - [05/Mar/2024:07:23:25 -0500] "GET /BLA/resoluciones/RESOLUCIONES%202022/5150.pdf HTTP/1.1" 200 496593
191.107.131.132 - - [05/Mar/2024:07:23:25 -0500] "POST /sipse/faces/presentacion/financiero/estudioPrevio/personalSolicitado/asociarProfesionPersonalSolicitado.xhtml HTTP/1.1" 200 21141
191.107.131.132 - - [05/Mar/2024:07:23:25 -0500] "POST /sipse/faces/presentacion/financiero/estudioPrevio/personalSolicitado/asociarProfesionPersonalSolicitado.xhtml HTTP/1.1" 200 21145
191.107.131.132 - - [05/Mar/2024:07:23:27 -0500] "POST /sipse/faces/presentacion/financiero/estudioPrevio/personalSolicitado/asociarProfesionPersonalSolicitado.xhtml HTTP/1.1" 200 21173
3.224.220.101 - - [05/Mar/2024:07:23:29 -0500] "GET /BLA/resoluciones/RESOLUCIONES%202022/5148.pdf HTTP/1.1" 200 455014
172.22.2.4 - - [05/Mar/2024:07:23:29 -0500] "GET /BLA/boletinlegal/favicon.ico HTTP/1.1" 404 1043
23.22.35.162 - - [05/Mar/2024:07:23:33 -0500] "GET /BLA/resoluciones/RESOLUCIONES%202022/5147.pdf HTTP/1.1" 200 450017
191.107.131.132 - - [05/Mar/2024:07:23:35 -0500] "POST /sipse/faces/presentacion/financiero/estudioPrevio/personalSolicitado/asociarProfesionPersonalSolicitado.xhtml HTTP/1.1" 200 50845
191.107.131.132 - - [05/Mar/2024:07:23:35 -0500] "GET /sipse/faces/javax.faces.resource/theme.css?ln=primefaces-sipse HTTP/1.1" 304 -
191.107.131.132 - - [05/Mar/2024:07:23:35 -0500] "GET /sipse/faces/javax.faces.resource/primefaces.css?ln=primefaces&v=4.0 HTTP/1.1" 304 -
191.107.131.132 - - [05/Mar/2024:07:23:35 -0500] "GET /sipse/faces/javax.faces.resource/layout/layout.js?ln=primefaces&v=4.0 HTTP/1.1" 304 -
191.107.131.132 - - [05/Mar/2024:07:23:35 -0500] "GET /sipse/faces/javax.faces.resource/jquery/jquery.js?ln=primefaces&v=4.0 HTTP/1.1" 304 -
191.107.131.132 - - [05/Mar/2024:07:23:35 -0500] "GET /sipse/faces/javax.faces.resource/layout/layout.css?ln=primefaces&v=4.0 HTTP/1.1" 304 -
191.107.131.132 - - [05/Mar/2024:07:23:35 -0500] "GET /sipse/faces/javax.faces.resource/jquery/jquery-plugins.js?ln=primefaces&v=4.0 HTTP/1.1" 304 -
191.107.131.132 - - [05/Mar/2024:07:23:35 -0500] "GET /sipse/faces/javax.faces.resource/primefaces.js?ln=primefaces&v=4.0 HTTP/1.1" 304 -
23.22.35.162 - - [05/Mar/2024:07:23:37 -0500] "GET /BLA/resoluciones/RESOLUCIONES%202022/5146.pdf HTTP/1.1" 200 450044
191.107.131.132 - - [05/Mar/2024:07:23:38 -0500] "POST /sipse/faces/presentacion/financiero/estudioPrevio/personalSolicitado/personalSolicitadoSolicitudProceso.xhtml HTTP/1.1" 200 36855
191.107.131.132 - - [05/Mar/2024:07:23:38 -0500] "GET /sipse/faces/javax.faces.resource/layout/layout.css?ln=primefaces&v=4.0 HTTP/1.1" 304 -
191.107.131.132 - - [05/Mar/2024:07:23:38 -0500] "GET /sipse/faces/javax.faces.resource/primefaces.css?ln=primefaces&v=4.0 HTTP/1.1" 304 -
191.107.131.132 - - [05/Mar/2024:07:23:38 -0500] "GET /sipse/faces/javax.faces.resource/theme.css?ln=primefaces-sipse HTTP/1.1" 304 -
191.107.131.132 - - [05/Mar/2024:07:23:38 -0500] "GET /sipse/faces/javax.faces.resource/jquery/jquery.js?ln=primefaces&v=4.0 HTTP/1.1" 304 -
191.107.131.132 - - [05/Mar/2024:07:23:38 -0500] "GET /sipse/faces/javax.faces.resource/jquery/jquery-plugins.js?ln=primefaces&v=4.0 HTTP/1.1" 304 -
191.107.131.132 - - [05/Mar/2024:07:23:39 -0500] "GET /sipse/faces/javax.faces.resource/primefaces.js?ln=primefaces&v=4.0 HTTP/1.1" 304 -
191.107.131.132 - - [05/Mar/2024:07:23:39 -0500] "GET /sipse/faces/javax.faces.resource/layout/layout.js?ln=primefaces&v=4.0 HTTP/1.1" 304 -
23.22.35.162 - - [05/Mar/2024:07:23:41 -0500] "GET /BLA/resoluciones/RESOLUCIONES%202022/5145.pdf HTTP/1.1" 200 452740
191.107.131.132 - - [05/Mar/2024:07:23:42 -0500] "POST /sipse/faces/presentacion/financiero/estudioPrevio/personalSolicitado/asociarProfesionPersonalSolicitado.xhtml HTTP/1.1" 200 21404
23.22.35.162 - - [05/Mar/2024:07:23:45 -0500] "GET /BLA/resoluciones/RESOLUCIONES%202022/5144.pdf HTTP/1.1" 200 469912
191.107.131.132 - - [05/Mar/2024:07:23:52 -0500] "GET /sipse/faces/javax.faces.resource/theme.css?ln=primefaces-sipse HTTP/1.1" 304 -
191.107.131.132 - - [05/Mar/2024:07:23:52 -0500] "GET /sipse/faces/javax.faces.resource/jquery/jquery.js?ln=primefaces&v=4.0 HTTP/1.1" 304 -
191.107.131.132 - - [05/Mar/2024:07:23:52 -0500] "GET /sipse/faces/javax.faces.resource/layout/layout.css?ln=primefaces&v=4.0 HTTP/1.1" 304 -
191.107.131.132 - - [05/Mar/2024:07:23:52 -0500] "GET /sipse/faces/javax.faces.resource/primefaces.js?ln=primefaces&v=4.0 HTTP/1.1" 304 -
191.107.131.132 - - [05/Mar/2024:07:23:52 -0500] "GET /sipse/faces/javax.faces.resource/primefaces.css?ln=primefaces&v=4.0 HTTP/1.1" 304 -
191.107.131.132 - - [05/Mar/2024:07:23:52 -0500] "GET /sipse/faces/javax.faces.resource/jquery/jquery-plugins.js?ln=primefaces&v=4.0 HTTP/1.1" 304 -
191.107.131.132 - - [05/Mar/2024:07:23:51 -0500] "POST /sipse/faces/presentacion/financiero/estudioPrevio/personalSolicitado/asociarProfesionPersonalSolicitado.xhtml HTTP/1.1" 200 52118
191.107.131.132 - - [05/Mar/2024:07:23:52 -0500] "GET /sipse/faces/javax.faces.resource/layout/layout.js?ln=primefaces&v=4.0 HTTP/1.1" 304 -
23.22.35.162 - - [05/Mar/2024:07:23:52 -0500] "GET /BLA/resoluciones/RESOLUCIONES%202022/5143.pdf HTTP/1.1" 200 468686
3.224.220.101 - - [05/Mar/2024:07:23:54 -0500] "GET /BLA/resoluciones/RESOLUCIONES%202022/5140.pdf HTTP/1.1" 200 368387
3.224.220.101 - - [05/Mar/2024:07:23:57 -0500] "GET /BLA/resoluciones/RESOLUCIONES%202022/5139.pdf HTTP/1.1" 200 442778
191.107.131.132 - - [05/Mar/2024:07:24:00 -0500] "GET /sipse/faces/javax.faces.resource/theme.css?ln=primefaces-sipse HTTP/1.1" 304 -
191.107.131.132 - - [05/Mar/2024:07:24:00 -0500] "GET /sipse/faces/javax.faces.resource/primefaces.js?ln=primefaces&v=4.0 HTTP/1.1" 304 -
191.107.131.132 - - [05/Mar/2024:07:24:00 -0500] "GET /sipse/faces/javax.faces.resource/layout/layout.css?ln=primefaces&v=4.0 HTTP/1.1" 304 -
191.107.131.132 - - [05/Mar/2024:07:24:00 -0500] "GET /sipse/faces/javax.faces.resource/jquery/jquery-plugins.js?ln=primefaces&v=4.0 HTTP/1.1" 304 -
191.107.131.132 - - [05/Mar/2024:07:24:00 -0500] "GET /sipse/faces/javax.faces.resource/primefaces.css?ln=primefaces&v=4.0 HTTP/1.1" 304 -
191.107.131.132 - - [05/Mar/2024:07:24:00 -0500] "GET /sipse/faces/javax.faces.resource/jquery/jquery.js?ln=primefaces&v=4.0 HTTP/1.1" 304 -
191.107.131.132 - - [05/Mar/2024:07:24:00 -0500] "GET /sipse/faces/javax.faces.resource/layout/layout.js?ln=primefaces&v=4.0 HTTP/1.1" 304 -
191.107.131.132 - - [05/Mar/2024:07:24:00 -0500] "POST /sipse/faces/presentacion/financiero/estudioPrevio/personalSolicitado/personalSolicitadoSolicitudProceso.xhtml HTTP/1.1" 200 179928
3.224.220.101 - - [05/Mar/2024:07:24:01 -0500] "GET /BLA/resoluciones/RESOLUCIONES%202022/5137.pdf HTTP/1.1" 200 550434
23.22.35.162 - - [05/Mar/2024:07:24:05 -0500] "GET /BLA/resoluciones/RESOLUCIONES%202022/5133.pdf HTTP/1.1" 200 529133
52.70.240.171 - - [05/Mar/2024:07:24:09 -0500] "GET /BLA/resoluciones/RESOLUCIONES%202022/5132.pdf HTTP/1.1" 200 513103
172.22.2.4 - - [05/Mar/2024:07:23:09 -0500] "GET /BLA/boletinlegal/ HTTP/1.1" 200 32715
23.22.35.162 - - [05/Mar/2024:07:24:13 -0500] "GET /BLA/resoluciones/RESOLUCIONES%202022/5124.pdf HTTP/1.1" 200 604380
191.107.131.132 - - [05/Mar/2024:07:24:13 -0500] "POST /sipse/faces/presentacion/financiero/solicitudProceso/consultarSolicitudProceso.xhtml HTTP/1.1" 200 64119
191.107.131.132 - - [05/Mar/2024:07:24:15 -0500] "GET /sipse/faces/javax.faces.resource/theme.css?ln=primefaces-sipse HTTP/1.1" 304 -
191.107.131.132 - - [05/Mar/2024:07:24:15 -0500] "GET /sipse/faces/javax.faces.resource/primefaces.css?ln=primefaces&v=4.0 HTTP/1.1" 304 -
191.107.131.132 - - [05/Mar/2024:07:24:15 -0500] "GET /sipse/faces/javax.faces.resource/layout/layout.css?ln=primefaces&v=4.0 HTTP/1.1" 304 -
191.107.131.132 - - [05/Mar/2024:07:24:15 -0500] "GET /sipse/faces/javax.faces.resource/jquery/jquery.js?ln=primefaces&v=4.0 HTTP/1.1" 304 -
191.107.131.132 - - [05/Mar/2024:07:24:15 -0500] "GET /sipse/faces/javax.faces.resource/jquery/jquery-plugins.js?ln=primefaces&v=4.0 HTTP/1.1" 304 -
191.107.131.132 - - [05/Mar/2024:07:24:15 -0500] "GET /sipse/faces/javax.faces.resource/primefaces.js?ln=primefaces&v=4.0 HTTP/1.1" 304 -
191.107.131.132 - - [05/Mar/2024:07:24:15 -0500] "GET /sipse/faces/javax.faces.resource/layout/layout.js?ln=primefaces&v=4.0 HTTP/1.1" 304 -
191.107.131.132 - - [05/Mar/2024:07:24:15 -0500] "POST /sipse/faces/presentacion/financiero/solicitudProceso/listarSolicitudProceso.xhtml HTTP/1.1" 200 1556
23.22.35.162 - - [05/Mar/2024:07:24:17 -0500] "GET /BLA/resoluciones/RESOLUCIONES%202022/5123.pdf HTTP/1.1" 200 456223
172.22.2.4 - - [05/Mar/2024:07:22:38 -0500] "GET /BLA/boletinlegal/index.php HTTP/1.1" 200 51561
172.22.2.4 - - [05/Mar/2024:07:23:19 -0500] "GET /BLA/boletinlegal/ HTTP/1.1" 200 32715
23.22.35.162 - - [05/Mar/2024:07:24:22 -0500] "GET /BLA/resoluciones/RESOLUCIONES%202022/5120.pdf HTTP/1.1" 200 442704
23.22.35.162 - - [05/Mar/2024:07:24:25 -0500] "GET /BLA/resoluciones/RESOLUCIONES%202022/5118.pdf HTTP/1.1" 200 442613
23.22.35.162 - - [05/Mar/2024:07:24:29 -0500] "GET /BLA/resoluciones/RESOLUCIONES%202022/5117.pdf HTTP/1.1" 200 462270
52.70.240.171 - - [05/Mar/2024:07:24:33 -0500] "GET /BLA/resoluciones/RESOLUCIONES%202022/5116.pdf HTTP/1.1" 200 524205
52.70.240.171 - - [05/Mar/2024:07:24:37 -0500] "GET /BLA/resoluciones/RESOLUCIONES%202022/5115.pdf HTTP/1.1" 200 1110614
52.70.240.171 - - [05/Mar/2024:07:24:41 -0500] "GET /BLA/resoluciones/RESOLUCIONES%202022/5114.pdf HTTP/1.1" 200 493442
3.224.220.101 - - [05/Mar/2024:07:24:45 -0500] "GET /BLA/resoluciones/RESOLUCIONES%202022/5113.pdf HTTP/1.1" 200 530036
52.70.240.171 - - [05/Mar/2024:07:24:49 -0500] "GET /BLA/resoluciones/RESOLUCIONES%202022/5112.pdf HTTP/1.1" 200 516582
3.224.220.101 - - [05/Mar/2024:07:24:53 -0500] "GET /BLA/resoluciones/RESOLUCIONES%202022/5108.pdf HTTP/1.1" 200 324983
52.70.240.171 - - [05/Mar/2024:07:24:58 -0500] "GET /BLA/resoluciones/RESOLUCIONES%202022/5107.pdf HTTP/1.1" 200 381199
23.22.35.162 - - [05/Mar/2024:07:25:01 -0500] "GET /BLA/resoluciones/RESOLUCIONES%202022/5105.pdf HTTP/1.1" 200 483099
52.70.240.171 - - [05/Mar/2024:07:25:05 -0500] "GET /BLA/resoluciones/RESOLUCIONES%202022/5093.pdf HTTP/1.1" 200 441347
52.70.240.171 - - [05/Mar/2024:07:25:09 -0500] "GET /BLA/resoluciones/RESOLUCIONES%202022/5092.pdf HTTP/1.1" 200 436808
3.224.220.101 - - [05/Mar/2024:07:25:14 -0500] "GET /BLA/resoluciones/RESOLUCIONES%202022/5089.pdf HTTP/1.1" 200 366552
23.22.35.162 - - [05/Mar/2024:07:25:17 -0500] "GET /BLA/resoluciones/RESOLUCIONES%202022/5088.pdf HTTP/1.1" 200 369748
52.70.240.171 - - [05/Mar/2024:07:25:21 -0500] "GET /BLA/resoluciones/RESOLUCIONES%202022/5086.pdf HTTP/1.1" 200 427248
3.224.220.101 - - [05/Mar/2024:07:25:25 -0500] "GET /BLA/resoluciones/RESOLUCIONES%202022/5085.pdf HTTP/1.1" 200 1591633
23.22.35.162 - - [05/Mar/2024:07:25:31 -0500] "GET /BLA/resoluciones/RESOLUCIONES%202022/5073.pdf HTTP/1.1" 200 384971
162.55.41.96 - - [05/Mar/2024:07:25:32 -0500] "GET / HTTP/1.1" 200 4720
52.70.240.171 - - [05/Mar/2024:07:25:33 -0500] "GET /BLA/resoluciones/RESOLUCIONES%202022/5072.pdf HTTP/1.1" 200 487628
3.224.220.101 - - [05/Mar/2024:07:25:37 -0500] "GET /BLA/resoluciones/RESOLUCIONES%202022/5040.pdf HTTP/1.1" 200 484551
201.245.192.253 - - [05/Mar/2024:07:25:37 -0500] "POST /kwsrmcab/Wsrmcab  HTTP/1.1" 200 39632
3.224.220.101 - - [05/Mar/2024:07:25:41 -0500] "GET /BLA/resoluciones/RESOLUCIONES%202022/5039.pdf HTTP/1.1" 200 481233
52.70.240.171 - - [05/Mar/2024:07:25:45 -0500] "GET /BLA/resoluciones/RESOLUCIONES%202022/5038.pdf HTTP/1.1" 200 519979
23.22.35.162 - - [05/Mar/2024:07:25:49 -0500] "GET /BLA/resoluciones/RESOLUCIONES%202022/5037.pdf HTTP/1.1" 200 488678
23.22.35.162 - - [05/Mar/2024:07:25:53 -0500] "GET /BLA/resoluciones/RESOLUCIONES%202022/5032.pdf HTTP/1.1" 200 372001
52.70.240.171 - - [05/Mar/2024:07:25:57 -0500] "GET /BLA/resoluciones/RESOLUCIONES%202022/5028.pdf HTTP/1.1" 200 568979
52.70.240.171 - - [05/Mar/2024:07:26:01 -0500] "GET /BLA/resoluciones/RESOLUCIONES%202022/5024.pdf HTTP/1.1" 200 427869
23.22.35.162 - - [05/Mar/2024:07:26:06 -0500] "GET /BLA/resoluciones/RESOLUCIONES%202022/5023.pdf HTTP/1.1" 200 418635
3.224.220.101 - - [05/Mar/2024:07:26:09 -0500] "GET /BLA/resoluciones/RESOLUCIONES%202022/5022.pdf HTTP/1.1" 200 442009
52.70.240.171 - - [05/Mar/2024:07:26:13 -0500] "GET /BLA/resoluciones/RESOLUCIONES%202022/5021.pdf HTTP/1.1" 200 429345
23.22.35.162 - - [05/Mar/2024:07:26:17 -0500] "GET /BLA/resoluciones/RESOLUCIONES%202022/5020.pdf HTTP/1.1" 200 610799
23.22.35.162 - - [05/Mar/2024:07:26:21 -0500] "GET /BLA/resoluciones/RESOLUCIONES%202022/5019.pdf HTTP/1.1" 200 467389
23.22.35.162 - - [05/Mar/2024:07:26:25 -0500] "GET /BLA/resoluciones/RESOLUCIONES%202022/5018.pdf HTTP/1.1" 200 504084
23.22.35.162 - - [05/Mar/2024:07:26:29 -0500] "GET /BLA/resoluciones/RESOLUCIONES%202022/5016.pdf HTTP/1.1" 200 510557
23.22.35.162 - - [05/Mar/2024:07:26:33 -0500] "GET /BLA/resoluciones/RESOLUCIONES%202022/5015.pdf HTTP/1.1" 200 494250
23.22.35.162 - - [05/Mar/2024:07:26:37 -0500] "GET /BLA/resoluciones/RESOLUCIONES%202022/5014.pdf HTTP/1.1" 200 412854
52.70.240.171 - - [05/Mar/2024:07:26:42 -0500] "GET /BLA/resoluciones/RESOLUCIONES%202022/5013.pdf HTTP/1.1" 200 384502
23.22.35.162 - - [05/Mar/2024:07:26:47 -0500] "GET /BLA/resoluciones/RESOLUCIONES%202022/4993.pdf HTTP/1.1" 200 489087
52.70.240.171 - - [05/Mar/2024:07:26:49 -0500] "GET /BLA/resoluciones/RESOLUCIONES%202022/4990.pdf HTTP/1.1" 200 492665
181.63.25.0 - - [05/Mar/2024:07:26:51 -0500] "POST /sipse/faces/presentacion/financiero/solicitudProceso/consultarSolicitudProceso.xhtml HTTP/1.1" 200 2198089
3.224.220.101 - - [05/Mar/2024:07:26:53 -0500] "GET /BLA/resoluciones/RESOLUCIONES%202022/4983.pdf HTTP/1.1" 200 498422
191.107.131.132 - - [05/Mar/2024:07:26:57 -0500] "POST /sipse/faces/presentacion/financiero/solicitudProceso/listarSolicitudProceso.xhtml HTTP/1.1" 200 59173
191.107.131.132 - - [05/Mar/2024:07:26:57 -0500] "GET /sipse/faces/javax.faces.resource/theme.css?ln=primefaces-sipse HTTP/1.1" 304 -
191.107.131.132 - - [05/Mar/2024:07:26:57 -0500] "GET /sipse/faces/javax.faces.resource/layout/layout.css?ln=primefaces&v=4.0 HTTP/1.1" 304 -
191.107.131.132 - - [05/Mar/2024:07:26:57 -0500] "GET /sipse/faces/javax.faces.resource/jquery/jquery.js?ln=primefaces&v=4.0 HTTP/1.1" 304 -
191.107.131.132 - - [05/Mar/2024:07:26:57 -0500] "GET /sipse/faces/javax.faces.resource/primefaces.css?ln=primefaces&v=4.0 HTTP/1.1" 304 -
191.107.131.132 - - [05/Mar/2024:07:26:57 -0500] "GET /sipse/faces/javax.faces.resource/jquery/jquery-plugins.js?ln=primefaces&v=4.0 HTTP/1.1" 304 -
191.107.131.132 - - [05/Mar/2024:07:26:57 -0500] "GET /sipse/faces/javax.faces.resource/primefaces.js?ln=primefaces&v=4.0 HTTP/1.1" 304 -
191.107.131.132 - - [05/Mar/2024:07:26:57 -0500] "GET /sipse/faces/javax.faces.resource/layout/layout.js?ln=primefaces&v=4.0 HTTP/1.1" 304 -
3.224.220.101 - - [05/Mar/2024:07:26:57 -0500] "GET /BLA/resoluciones/RESOLUCIONES%202022/4981.pdf HTTP/1.1" 200 555546
3.224.220.101 - - [05/Mar/2024:07:27:01 -0500] "GET /BLA/resoluciones/RESOLUCIONES%202022/4980.pdf HTTP/1.1" 200 359430
181.63.25.0 - - [05/Mar/2024:07:26:59 -0500] "POST /sipse/faces/presentacion/financiero/solicitudProceso/consultarSolicitudProceso.xhtml HTTP/1.1" 200 2198089
52.70.240.171 - - [05/Mar/2024:07:27:05 -0500] "GET /BLA/resoluciones/RESOLUCIONES%202022/4977.pdf HTTP/1.1" 200 390588
3.224.220.101 - - [05/Mar/2024:07:27:09 -0500] "GET /BLA/resoluciones/RESOLUCIONES%202022/4964.pdf HTTP/1.1" 200 573420
191.107.131.132 - - [05/Mar/2024:07:27:10 -0500] "POST /sipse/faces/presentacion/financiero/solicitudProceso/crearModificarSolicitudProceso.xhtml HTTP/1.1" 200 51773
52.70.240.171 - - [05/Mar/2024:07:27:13 -0500] "GET /BLA/resoluciones/RESOLUCIONES%202022/4961.pdf HTTP/1.1" 200 943209
191.107.131.132 - - [05/Mar/2024:07:27:15 -0500] "POST /sipse/faces/presentacion/financiero/solicitudProceso/crearModificarSolicitudProceso.xhtml HTTP/1.1" 200 25138
52.70.240.171 - - [05/Mar/2024:07:27:17 -0500] "GET /BLA/resoluciones/RESOLUCIONES%202022/4959.pdf HTTP/1.1" 200 396285
3.224.220.101 - - [05/Mar/2024:07:27:21 -0500] "GET /BLA/resoluciones/RESOLUCIONES%202022/4958.pdf HTTP/1.1" 200 396250
191.107.131.132 - - [05/Mar/2024:07:27:24 -0500] "POST /sipse/faces/presentacion/financiero/solicitudProceso/crearModificarSolicitudProceso.xhtml HTTP/1.1" 200 10235
3.224.220.101 - - [05/Mar/2024:07:27:25 -0500] "GET /BLA/resoluciones/RESOLUCIONES%202022/4955.pdf HTTP/1.1" 200 452338
52.70.240.171 - - [05/Mar/2024:07:27:29 -0500] "GET /BLA/resoluciones/RESOLUCIONES%202022/4943.pdf HTTP/1.1" 200 399453
191.107.131.132 - - [05/Mar/2024:07:27:31 -0500] "POST /sipse/faces/presentacion/financiero/solicitudProceso/crearModificarSolicitudProceso.xhtml HTTP/1.1" 200 7378
23.22.35.162 - - [05/Mar/2024:07:27:34 -0500] "GET /BLA/resoluciones/RESOLUCIONES%202022/4894.pdf HTTP/1.1" 200 394184
52.70.240.171 - - [05/Mar/2024:07:27:37 -0500] "GET /BLA/resoluciones/RESOLUCIONES%202022/4893.pdf HTTP/1.1" 200 426553
52.70.240.171 - - [05/Mar/2024:07:27:41 -0500] "GET /BLA/resoluciones/RESOLUCIONES%202022/4892.pdf HTTP/1.1" 200 456187
3.224.220.101 - - [05/Mar/2024:07:27:45 -0500] "GET /BLA/resoluciones/RESOLUCIONES%202022/4891.pdf HTTP/1.1" 200 365867
23.22.35.162 - - [05/Mar/2024:07:27:49 -0500] "GET /BLA/resoluciones/RESOLUCIONES%202022/4890.pdf HTTP/1.1" 200 364967
52.70.240.171 - - [05/Mar/2024:07:27:53 -0500] "GET /BLA/resoluciones/RESOLUCIONES%202022/4889.pdf HTTP/1.1" 200 490548
3.224.220.101 - - [05/Mar/2024:07:27:57 -0500] "GET /BLA/resoluciones/RESOLUCIONES%202022/4886.pdf HTTP/1.1" 200 393969
52.70.240.171 - - [05/Mar/2024:07:28:02 -0500] "GET /BLA/resoluciones/RESOLUCIONES%202022/4883.pdf HTTP/1.1" 200 457773
23.22.35.162 - - [05/Mar/2024:07:28:06 -0500] "GET /BLA/resoluciones/RESOLUCIONES%202022/4880.pdf HTTP/1.1" 200 898888
52.70.240.171 - - [05/Mar/2024:07:28:09 -0500] "GET /BLA/resoluciones/RESOLUCIONES%202022/4877.pdf HTTP/1.1" 200 399249
23.22.35.162 - - [05/Mar/2024:07:28:14 -0500] "GET /BLA/resoluciones/RESOLUCIONES%202022/4873.pdf HTTP/1.1" 200 371376
52.70.240.171 - - [05/Mar/2024:07:28:17 -0500] "GET /BLA/resoluciones/RESOLUCIONES%202022/4835.pdf HTTP/1.1" 200 522421
52.70.240.171 - - [05/Mar/2024:07:28:21 -0500] "GET /BLA/resoluciones/RESOLUCIONES%202022/4815.pdf HTTP/1.1" 200 481823
3.224.220.101 - - [05/Mar/2024:07:28:25 -0500] "GET /BLA/resoluciones/RESOLUCIONES%202022/4814.pdf HTTP/1.1" 200 428921
3.224.220.101 - - [05/Mar/2024:07:28:29 -0500] "GET /BLA/resoluciones/RESOLUCIONES%202022/4812.pdf HTTP/1.1" 200 2880389
191.107.131.132 - - [05/Mar/2024:07:28:30 -0500] "POST /sipse/faces/presentacion/financiero/solicitudProceso/crearModificarSolicitudProceso.xhtml HTTP/1.1" 200 82943
191.107.131.132 - - [05/Mar/2024:07:28:30 -0500] "GET /sipse/faces/javax.faces.resource/theme.css?ln=primefaces-sipse HTTP/1.1" 304 -
191.107.131.132 - - [05/Mar/2024:07:28:30 -0500] "GET /sipse/faces/javax.faces.resource/primefaces.css?ln=primefaces&v=4.0 HTTP/1.1" 304 -
191.107.131.132 - - [05/Mar/2024:07:28:30 -0500] "GET /sipse/faces/javax.faces.resource/layout/layout.css?ln=primefaces&v=4.0 HTTP/1.1" 304 -
191.107.131.132 - - [05/Mar/2024:07:28:30 -0500] "GET /sipse/faces/javax.faces.resource/jquery/jquery-plugins.js?ln=primefaces&v=4.0 HTTP/1.1" 304 -
191.107.131.132 - - [05/Mar/2024:07:28:30 -0500] "GET /sipse/faces/javax.faces.resource/layout/layout.js?ln=primefaces&v=4.0 HTTP/1.1" 304 -
191.107.131.132 - - [05/Mar/2024:07:28:30 -0500] "GET /sipse/faces/javax.faces.resource/primefaces.js?ln=primefaces&v=4.0 HTTP/1.1" 304 -
191.107.131.132 - - [05/Mar/2024:07:28:30 -0500] "GET /sipse/faces/javax.faces.resource/jquery/jquery.js?ln=primefaces&v=4.0 HTTP/1.1" 304 -
74.125.210.170 - - [05/Mar/2024:07:28:32 -0500] "GET /portaldeninos/wp-content/uploads/2020/11/El-Tunjo-B-1024x576.jpg HTTP/1.1" 200 136067
3.224.220.101 - - [05/Mar/2024:07:28:33 -0500] "GET /BLA/resoluciones/RESOLUCIONES%202022/4809.pdf HTTP/1.1" 200 1789372
3.224.220.101 - - [05/Mar/2024:07:28:37 -0500] "GET /BLA/resoluciones/RESOLUCIONES%202022/4807.pdf HTTP/1.1" 200 401070
52.70.240.171 - - [05/Mar/2024:07:28:41 -0500] "GET /BLA/resoluciones/RESOLUCIONES%202022/4780.pdf HTTP/1.1" 200 400925
191.107.131.132 - - [05/Mar/2024:07:28:46 -0500] "POST /sipse/faces/presentacion/financiero/solicitudProceso/crearModificarSolicitudProceso.xhtml HTTP/1.1" 200 6746
23.22.35.162 - - [05/Mar/2024:07:28:47 -0500] "GET /BLA/resoluciones/RESOLUCIONES%202022/4770.pdf HTTP/1.1" 200 506883
3.224.220.101 - - [05/Mar/2024:07:28:49 -0500] "GET /BLA/resoluciones/RESOLUCIONES%202022/4768.pdf HTTP/1.1" 200 468197
191.107.131.132 - - [05/Mar/2024:07:28:51 -0500] "POST /sipse/faces/presentacion/financiero/solicitudProceso/crearModificarSolicitudProceso.xhtml HTTP/1.1" 200 24669
191.107.131.132 - - [05/Mar/2024:07:28:51 -0500] "GET /sipse/faces/javax.faces.resource/theme.css?ln=primefaces-sipse HTTP/1.1" 304 -
191.107.131.132 - - [05/Mar/2024:07:28:51 -0500] "GET /sipse/faces/javax.faces.resource/primefaces.css?ln=primefaces&v=4.0 HTTP/1.1" 304 -
191.107.131.132 - - [05/Mar/2024:07:28:51 -0500] "GET /sipse/faces/javax.faces.resource/primefaces.js?ln=primefaces&v=4.0 HTTP/1.1" 304 -
191.107.131.132 - - [05/Mar/2024:07:28:51 -0500] "GET /sipse/faces/javax.faces.resource/jquery/jquery.js?ln=primefaces&v=4.0 HTTP/1.1" 304 -
191.107.131.132 - - [05/Mar/2024:07:28:51 -0500] "GET /sipse/faces/javax.faces.resource/layout/layout.css?ln=primefaces&v=4.0 HTTP/1.1" 304 -
191.107.131.132 - - [05/Mar/2024:07:28:51 -0500] "GET /sipse/faces/javax.faces.resource/jquery/jquery-plugins.js?ln=primefaces&v=4.0 HTTP/1.1" 304 -
191.107.131.132 - - [05/Mar/2024:07:28:51 -0500] "GET /sipse/faces/javax.faces.resource/layout/layout.js?ln=primefaces&v=4.0 HTTP/1.1" 304 -
23.22.35.162 - - [05/Mar/2024:07:28:53 -0500] "GET /BLA/resoluciones/RESOLUCIONES%202022/4767.pdf HTTP/1.1" 200 500322
3.224.220.101 - - [05/Mar/2024:07:28:57 -0500] "GET /BLA/resoluciones/RESOLUCIONES%202022/4766.pdf HTTP/1.1" 200 370078
23.22.35.162 - - [05/Mar/2024:07:29:01 -0500] "GET /BLA/resoluciones/RESOLUCIONES%202022/4765.pdf HTTP/1.1" 200 385488
3.224.220.101 - - [05/Mar/2024:07:29:06 -0500] "GET /BLA/resoluciones/RESOLUCIONES%202022/4763.pdf HTTP/1.1" 200 501732
23.22.35.162 - - [05/Mar/2024:07:29:09 -0500] "GET /BLA/resoluciones/RESOLUCIONES%202022/4761.pdf HTTP/1.1" 200 680521
3.224.220.101 - - [05/Mar/2024:07:29:13 -0500] "GET /BLA/resoluciones/RESOLUCIONES%202022/4760.pdf HTTP/1.1" 200 503595
191.107.131.132 - - [05/Mar/2024:07:29:14 -0500] "POST /sipse/faces/presentacion/financiero/solicitudProyectoActividad/asociarProyectoSolicitud.xhtml HTTP/1.1" 200 6543
191.107.131.132 - - [05/Mar/2024:07:29:16 -0500] "POST /sipse/faces/presentacion/financiero/solicitudProyectoActividad/asociarProyectoSolicitud.xhtml HTTP/1.1" 200 1696
201.245.192.253 - - [05/Mar/2024:07:29:16 -0500] "POST /kwsrmcab/Wsrmcab HTTP/1.1" 200 38883
191.107.131.132 - - [05/Mar/2024:07:29:17 -0500] "POST /sipse/faces/presentacion/financiero/solicitudProyectoActividad/asociarProyectoSolicitud.xhtml HTTP/1.1" 200 75075
191.107.131.132 - - [05/Mar/2024:07:29:18 -0500] "GET /sipse/faces/javax.faces.resource/theme.css?ln=primefaces-sipse HTTP/1.1" 304 -
191.107.131.132 - - [05/Mar/2024:07:29:18 -0500] "GET /sipse/faces/javax.faces.resource/layout/layout.css?ln=primefaces&v=4.0 HTTP/1.1" 304 -
191.107.131.132 - - [05/Mar/2024:07:29:18 -0500] "GET /sipse/faces/javax.faces.resource/primefaces.css?ln=primefaces&v=4.0 HTTP/1.1" 304 -
191.107.131.132 - - [05/Mar/2024:07:29:18 -0500] "GET /sipse/faces/javax.faces.resource/jquery/jquery.js?ln=primefaces&v=4.0 HTTP/1.1" 304 -
191.107.131.132 - - [05/Mar/2024:07:29:18 -0500] "GET /sipse/faces/javax.faces.resource/jquery/jquery-plugins.js?ln=primefaces&v=4.0 HTTP/1.1" 304 -
23.22.35.162 - - [05/Mar/2024:07:29:18 -0500] "GET /BLA/resoluciones/RESOLUCIONES%202022/4758.pdf HTTP/1.1" 200 520784
191.107.131.132 - - [05/Mar/2024:07:29:18 -0500] "GET /sipse/faces/javax.faces.resource/primefaces.js?ln=primefaces&v=4.0 HTTP/1.1" 304 -
191.107.131.132 - - [05/Mar/2024:07:29:18 -0500] "GET /sipse/faces/javax.faces.resource/layout/layout.js?ln=primefaces&v=4.0 HTTP/1.1" 304 -
201.245.192.253 - - [05/Mar/2024:07:29:17 -0500] "POST /kwsrmcab/Wsrmcab HTTP/1.1" 200 38918
52.70.240.171 - - [05/Mar/2024:07:29:21 -0500] "GET /BLA/resoluciones/RESOLUCIONES%202022/4757.pdf HTTP/1.1" 200 372255
3.224.220.101 - - [05/Mar/2024:07:29:25 -0500] "GET /BLA/resoluciones/RESOLUCIONES%202022/4752.pdf HTTP/1.1" 200 415242
40.77.202.72 - - [05/Mar/2024:07:29:30 -0500] "GET /galeria/galeria/jquery.fancybox.js?v=2.1.5 HTTP/1.1" 200 48706
40.77.202.133 - - [05/Mar/2024:07:29:30 -0500] "GET /galeria/galeria/jquery.fancybox.css?v=2.1.5 HTTP/1.1" 200 4895
23.22.35.162 - - [05/Mar/2024:07:29:31 -0500] "GET /BLA/resoluciones/RESOLUCIONES%202022/4744.pdf HTTP/1.1" 200 629303
3.224.220.101 - - [05/Mar/2024:07:29:33 -0500] "GET /BLA/resoluciones/RESOLUCIONES%202022/4742.pdf HTTP/1.1" 200 430813
201.245.192.253 - - [05/Mar/2024:07:29:34 -0500] "POST /kwsrmcab/Wsrmcab HTTP/1.1" 200 37531
23.22.35.162 - - [05/Mar/2024:07:29:37 -0500] "GET /BLA/resoluciones/RESOLUCIONES%202022/4737.pdf HTTP/1.1" 200 486837
201.245.192.253 - - [05/Mar/2024:07:29:38 -0500] "POST /kwsrmcab/Wsrmcab HTTP/1.1" 200 38918
52.70.240.171 - - [05/Mar/2024:07:29:41 -0500] "GET /BLA/resoluciones/RESOLUCIONES%202022/4736.pdf HTTP/1.1" 200 582258
52.70.240.171 - - [05/Mar/2024:07:29:45 -0500] "GET /BLA/resoluciones/RESOLUCIONES%202022/4735.pdf HTTP/1.1" 200 332411
52.70.240.171 - - [05/Mar/2024:07:29:49 -0500] "GET /BLA/resoluciones/RESOLUCIONES%202022/4734.pdf HTTP/1.1" 200 376027
23.22.35.162 - - [05/Mar/2024:07:29:53 -0500] "GET /BLA/resoluciones/RESOLUCIONES%202022/4733.pdf HTTP/1.1" 200 380461
23.22.35.162 - - [05/Mar/2024:07:29:58 -0500] "GET /BLA/resoluciones/RESOLUCIONES%202022/4732.pdf HTTP/1.1" 200 353944
191.107.131.132 - - [05/Mar/2024:07:30:00 -0500] "POST /sipse/faces/presentacion/financiero/solicitudProyectoActividad/asociarActividadSolicitud.xhtml HTTP/1.1" 200 20183
191.107.131.132 - - [05/Mar/2024:07:30:00 -0500] "GET /sipse/faces/javax.faces.resource/theme.css?ln=primefaces-sipse HTTP/1.1" 304 -
191.107.131.132 - - [05/Mar/2024:07:30:00 -0500] "GET /sipse/faces/javax.faces.resource/primefaces.css?ln=primefaces&v=4.0 HTTP/1.1" 304 -
191.107.131.132 - - [05/Mar/2024:07:30:00 -0500] "GET /sipse/faces/javax.faces.resource/layout/layout.css?ln=primefaces&v=4.0 HTTP/1.1" 304 -
191.107.131.132 - - [05/Mar/2024:07:30:00 -0500] "GET /sipse/faces/javax.faces.resource/jquery/jquery.js?ln=primefaces&v=4.0 HTTP/1.1" 304 -
191.107.131.132 - - [05/Mar/2024:07:30:00 -0500] "GET /sipse/faces/javax.faces.resource/jquery/jquery-plugins.js?ln=primefaces&v=4.0 HTTP/1.1" 304 -
191.107.131.132 - - [05/Mar/2024:07:30:00 -0500] "GET /sipse/faces/javax.faces.resource/primefaces.js?ln=primefaces&v=4.0 HTTP/1.1" 304 -
191.107.131.132 - - [05/Mar/2024:07:30:00 -0500] "GET /sipse/faces/javax.faces.resource/layout/layout.js?ln=primefaces&v=4.0 HTTP/1.1" 304 -
3.224.220.101 - - [05/Mar/2024:07:30:01 -0500] "GET /BLA/resoluciones/RESOLUCIONES%202022/4731.pdf HTTP/1.1" 200 721244
23.22.35.162 - - [05/Mar/2024:07:30:05 -0500] "GET /BLA/resoluciones/RESOLUCIONES%202022/4730.pdf HTTP/1.1" 200 695503
3.224.220.101 - - [05/Mar/2024:07:30:09 -0500] "GET /BLA/resoluciones/RESOLUCIONES%202022/4724.pdf HTTP/1.1" 200 484551
23.22.35.162 - - [05/Mar/2024:07:30:14 -0500] "GET /BLA/resoluciones/RESOLUCIONES%202022/4722.pdf HTTP/1.1" 200 408416
52.70.240.171 - - [05/Mar/2024:07:30:17 -0500] "GET /BLA/resoluciones/RESOLUCIONES%202022/4721.pdf HTTP/1.1" 200 528616
3.224.220.101 - - [05/Mar/2024:07:30:21 -0500] "GET /BLA/resoluciones/RESOLUCIONES%202022/4720.pdf HTTP/1.1" 200 490301
52.70.240.171 - - [05/Mar/2024:07:30:25 -0500] "GET /BLA/resoluciones/RESOLUCIONES%202022/4719.pdf HTTP/1.1" 200 465600
191.107.131.132 - - [05/Mar/2024:07:30:28 -0500] "GET /sipse/faces/javax.faces.resource/theme.css?ln=primefaces-sipse HTTP/1.1" 304 -
191.107.131.132 - - [05/Mar/2024:07:30:28 -0500] "POST /sipse/faces/presentacion/financiero/solicitudProyectoActividad/asociarFuentesSolicitud.xhtml HTTP/1.1" 200 83147
191.107.131.132 - - [05/Mar/2024:07:30:28 -0500] "GET /sipse/faces/javax.faces.resource/primefaces.css?ln=primefaces&v=4.0 HTTP/1.1" 304 -
191.107.131.132 - - [05/Mar/2024:07:30:28 -0500] "GET /sipse/faces/javax.faces.resource/layout/layout.css?ln=primefaces&v=4.0 HTTP/1.1" 304 -
191.107.131.132 - - [05/Mar/2024:07:30:28 -0500] "GET /sipse/faces/javax.faces.resource/primefaces.js?ln=primefaces&v=4.0 HTTP/1.1" 304 -
191.107.131.132 - - [05/Mar/2024:07:30:28 -0500] "GET /sipse/faces/javax.faces.resource/jquery/jquery.js?ln=primefaces&v=4.0 HTTP/1.1" 304 -
191.107.131.132 - - [05/Mar/2024:07:30:28 -0500] "GET /sipse/faces/javax.faces.resource/jquery/jquery-plugins.js?ln=primefaces&v=4.0 HTTP/1.1" 304 -
191.107.131.132 - - [05/Mar/2024:07:30:28 -0500] "GET /sipse/faces/javax.faces.resource/layout/layout.js?ln=primefaces&v=4.0 HTTP/1.1" 304 -
52.70.240.171 - - [05/Mar/2024:07:30:29 -0500] "GET /BLA/resoluciones/RESOLUCIONES%202022/4693.pdf HTTP/1.1" 200 489847
3.224.220.101 - - [05/Mar/2024:07:30:33 -0500] "GET /BLA/resoluciones/RESOLUCIONES%202022/4685.pdf HTTP/1.1" 200 1438617
201.245.192.253 - - [05/Mar/2024:07:30:36 -0500] "POST /kwsrmcab/Wsrmcab  HTTP/1.1" 200 39632
52.70.240.171 - - [05/Mar/2024:07:30:37 -0500] "GET /BLA/resoluciones/RESOLUCIONES%202022/4682.pdf HTTP/1.1" 200 586911
23.22.35.162 - - [05/Mar/2024:07:30:41 -0500] "GET /BLA/resoluciones/RESOLUCIONES%202022/4669.pdf HTTP/1.1" 200 393555
191.107.131.132 - - [05/Mar/2024:07:30:32 -0500] "POST /sipse/faces/presentacion/financiero/solicitudProceso/crearModificarSolicitudProceso.xhtml HTTP/1.1" 200 45622
191.107.131.132 - - [05/Mar/2024:07:30:41 -0500] "GET /sipse/faces/javax.faces.resource/theme.css?ln=primefaces-sipse HTTP/1.1" 304 -
191.107.131.132 - - [05/Mar/2024:07:30:41 -0500] "GET /sipse/faces/javax.faces.resource/layout/layout.css?ln=primefaces&v=4.0 HTTP/1.1" 304 -
191.107.131.132 - - [05/Mar/2024:07:30:41 -0500] "GET /sipse/faces/javax.faces.resource/primefaces.css?ln=primefaces&v=4.0 HTTP/1.1" 304 -
191.107.131.132 - - [05/Mar/2024:07:30:41 -0500] "GET /sipse/faces/javax.faces.resource/primefaces.js?ln=primefaces&v=4.0 HTTP/1.1" 304 -
191.107.131.132 - - [05/Mar/2024:07:30:41 -0500] "GET /sipse/faces/javax.faces.resource/jquery/jquery.js?ln=primefaces&v=4.0 HTTP/1.1" 304 -
191.107.131.132 - - [05/Mar/2024:07:30:41 -0500] "GET /sipse/faces/javax.faces.resource/jquery/jquery-plugins.js?ln=primefaces&v=4.0 HTTP/1.1" 304 -
191.107.131.132 - - [05/Mar/2024:07:30:41 -0500] "GET /sipse/faces/javax.faces.resource/layout/layout.js?ln=primefaces&v=4.0 HTTP/1.1" 304 -
3.224.220.101 - - [05/Mar/2024:07:30:46 -0500] "GET /BLA/resoluciones/RESOLUCIONES%202022/4668.pdf HTTP/1.1" 200 456365
3.224.220.101 - - [05/Mar/2024:07:30:49 -0500] "GET /BLA/resoluciones/RESOLUCIONES%202022/4667.pdf HTTP/1.1" 200 410279
23.22.35.162 - - [05/Mar/2024:07:30:53 -0500] "GET /BLA/resoluciones/RESOLUCIONES%202022/4666.pdf HTTP/1.1" 200 478358
3.224.220.101 - - [05/Mar/2024:07:30:57 -0500] "GET /BLA/resoluciones/RESOLUCIONES%202022/4665.pdf HTTP/1.1" 200 398449
52.70.240.171 - - [05/Mar/2024:07:31:01 -0500] "GET /BLA/resoluciones/RESOLUCIONES%202022/4664.pdf HTTP/1.1" 200 372249
191.107.131.132 - - [05/Mar/2024:07:30:48 -0500] "POST /sipse/faces/presentacion/financiero/solicitudBienServicio/asociarBienServicioSolicitud.xhtml HTTP/1.1" 200 2720
3.224.220.101 - - [05/Mar/2024:07:31:05 -0500] "GET /BLA/resoluciones/RESOLUCIONES%202022/4663.pdf HTTP/1.1" 200 484062
23.22.35.162 - - [05/Mar/2024:07:31:09 -0500] "GET /BLA/resoluciones/RESOLUCIONES%202022/4662.pdf HTTP/1.1" 200 446026
191.107.131.132 - - [05/Mar/2024:07:31:11 -0500] "POST /sipse/faces/presentacion/financiero/solicitudBienServicio/asociarBienServicioSolicitud.xhtml HTTP/1.1" 200 78847
191.107.131.132 - - [05/Mar/2024:07:31:12 -0500] "GET /sipse/faces/javax.faces.resource/theme.css?ln=primefaces-sipse HTTP/1.1" 304 -
191.107.131.132 - - [05/Mar/2024:07:31:12 -0500] "GET /sipse/faces/javax.faces.resource/primefaces.css?ln=primefaces&v=4.0 HTTP/1.1" 304 -
191.107.131.132 - - [05/Mar/2024:07:31:12 -0500] "GET /sipse/faces/javax.faces.resource/layout/layout.css?ln=primefaces&v=4.0 HTTP/1.1" 304 -
191.107.131.132 - - [05/Mar/2024:07:31:12 -0500] "GET /sipse/faces/javax.faces.resource/jquery/jquery.js?ln=primefaces&v=4.0 HTTP/1.1" 304 -
191.107.131.132 - - [05/Mar/2024:07:31:12 -0500] "GET /sipse/faces/javax.faces.resource/jquery/jquery-plugins.js?ln=primefaces&v=4.0 HTTP/1.1" 304 -
191.107.131.132 - - [05/Mar/2024:07:31:12 -0500] "GET /sipse/faces/javax.faces.resource/primefaces.js?ln=primefaces&v=4.0 HTTP/1.1" 304 -
191.107.131.132 - - [05/Mar/2024:07:31:12 -0500] "GET /sipse/faces/javax.faces.resource/layout/layout.js?ln=primefaces&v=4.0 HTTP/1.1" 304 -
52.70.240.171 - - [05/Mar/2024:07:31:13 -0500] "GET /BLA/resoluciones/RESOLUCIONES%202022/4661.pdf HTTP/1.1" 200 452323
52.70.240.171 - - [05/Mar/2024:07:31:17 -0500] "GET /BLA/resoluciones/RESOLUCIONES%202022/4660.pdf HTTP/1.1" 200 478329
172.22.2.4 - - [05/Mar/2024:07:31:18 -0500] "GET /BLA/boletinlegal/favicon.ico HTTP/1.1" 404 1037
3.224.220.101 - - [05/Mar/2024:07:31:21 -0500] "GET /BLA/resoluciones/RESOLUCIONES%202022/4659.pdf HTTP/1.1" 200 451404
3.224.220.101 - - [05/Mar/2024:07:31:25 -0500] "GET /BLA/resoluciones/RESOLUCIONES%202022/4658.pdf HTTP/1.1" 200 564787
191.107.131.132 - - [05/Mar/2024:07:31:28 -0500] "POST /sipse/faces/presentacion/financiero/solicitudProceso/crearModificarSolicitudProceso.xhtml HTTP/1.1" 200 64073
191.107.131.132 - - [05/Mar/2024:07:31:30 -0500] "GET /sipse/faces/javax.faces.resource/theme.css?ln=primefaces-sipse HTTP/1.1" 304 -
191.107.131.132 - - [05/Mar/2024:07:31:30 -0500] "GET /sipse/faces/javax.faces.resource/layout/layout.css?ln=primefaces&v=4.0 HTTP/1.1" 304 -
191.107.131.132 - - [05/Mar/2024:07:31:30 -0500] "GET /sipse/faces/javax.faces.resource/primefaces.css?ln=primefaces&v=4.0 HTTP/1.1" 304 -
191.107.131.132 - - [05/Mar/2024:07:31:30 -0500] "GET /sipse/faces/javax.faces.resource/jquery/jquery.js?ln=primefaces&v=4.0 HTTP/1.1" 304 -
191.107.131.132 - - [05/Mar/2024:07:31:30 -0500] "GET /sipse/faces/javax.faces.resource/jquery/jquery-plugins.js?ln=primefaces&v=4.0 HTTP/1.1" 304 -
191.107.131.132 - - [05/Mar/2024:07:31:30 -0500] "GET /sipse/faces/javax.faces.resource/primefaces.js?ln=primefaces&v=4.0 HTTP/1.1" 304 -
191.107.131.132 - - [05/Mar/2024:07:31:30 -0500] "GET /sipse/faces/javax.faces.resource/layout/layout.js?ln=primefaces&v=4.0 HTTP/1.1" 304 -
23.22.35.162 - - [05/Mar/2024:07:31:30 -0500] "GET /BLA/resoluciones/RESOLUCIONES%202022/4631.pdf HTTP/1.1" 200 383861
191.107.131.132 - - [05/Mar/2024:07:31:30 -0500] "POST /sipse/faces/presentacion/financiero/solicitudProceso/listarSolicitudProceso.xhtml HTTP/1.1" 200 1556
172.22.2.4 - - [05/Mar/2024:07:30:57 -0500] "GET /BLA/boletinlegal/ HTTP/1.1" 200 24523
191.107.131.132 - - [05/Mar/2024:07:31:32 -0500] "POST /sipse/faces/presentacion/financiero/solicitudProceso/listarSolicitudProceso.xhtml HTTP/1.1" 200 60704
3.224.220.101 - - [05/Mar/2024:07:31:33 -0500] "GET /BLA/resoluciones/RESOLUCIONES%202022/4625.pdf HTTP/1.1" 200 406152
52.70.240.171 - - [05/Mar/2024:07:31:37 -0500] "GET /BLA/resoluciones/RESOLUCIONES%202022/4616.pdf HTTP/1.1" 200 400828
23.22.35.162 - - [05/Mar/2024:07:31:41 -0500] "GET /BLA/resoluciones/RESOLUCIONES%202022/4610.pdf HTTP/1.1" 200 406059
191.107.131.132 - - [05/Mar/2024:07:31:41 -0500] "POST /sipse/faces/presentacion/financiero/solicitudProceso/listarSolicitudProceso.xhtml HTTP/1.1" 200 63724
191.107.131.132 - - [05/Mar/2024:07:31:41 -0500] "POST /sipse/faces/presentacion/financiero/solicitudProceso/listarSolicitudProceso.xhtml HTTP/1.1" 200 76057
3.224.220.101 - - [05/Mar/2024:07:31:45 -0500] "GET /BLA/resoluciones/RESOLUCIONES%202022/4609.pdf HTTP/1.1" 200 1805225
52.70.240.171 - - [05/Mar/2024:07:31:49 -0500] "GET /BLA/resoluciones/RESOLUCIONES%202022/4608.pdf HTTP/1.1" 200 480626
191.107.131.132 - - [05/Mar/2024:07:31:51 -0500] "POST /sipse/faces/presentacion/financiero/solicitudProceso/listarSolicitudProceso.xhtml HTTP/1.1" 200 120599
191.107.131.132 - - [05/Mar/2024:07:31:52 -0500] "GET /sipse/faces/javax.faces.resource/theme.css?ln=primefaces-sipse HTTP/1.1" 304 -
191.107.131.132 - - [05/Mar/2024:07:31:52 -0500] "GET /sipse/faces/javax.faces.resource/primefaces.css?ln=primefaces&v=4.0 HTTP/1.1" 304 -
191.107.131.132 - - [05/Mar/2024:07:31:52 -0500] "GET /sipse/faces/javax.faces.resource/layout/layout.css?ln=primefaces&v=4.0 HTTP/1.1" 304 -
191.107.131.132 - - [05/Mar/2024:07:31:52 -0500] "GET /sipse/faces/javax.faces.resource/jquery/jquery.js?ln=primefaces&v=4.0 HTTP/1.1" 304 -
191.107.131.132 - - [05/Mar/2024:07:31:52 -0500] "GET /sipse/faces/javax.faces.resource/jquery/jquery-plugins.js?ln=primefaces&v=4.0 HTTP/1.1" 304 -
191.107.131.132 - - [05/Mar/2024:07:31:52 -0500] "GET /sipse/faces/javax.faces.resource/primefaces.js?ln=primefaces&v=4.0 HTTP/1.1" 304 -
191.107.131.132 - - [05/Mar/2024:07:31:52 -0500] "GET /sipse/faces/javax.faces.resource/layout/layout.js?ln=primefaces&v=4.0 HTTP/1.1" 304 -
52.70.240.171 - - [05/Mar/2024:07:31:53 -0500] "GET /BLA/resoluciones/RESOLUCIONES%202022/4607.pdf HTTP/1.1" 200 401390
3.224.220.101 - - [05/Mar/2024:07:31:57 -0500] "GET /BLA/resoluciones/RESOLUCIONES%202022/4602.pdf HTTP/1.1" 200 386968
52.70.240.171 - - [05/Mar/2024:07:32:01 -0500] "GET /BLA/resoluciones/RESOLUCIONES%202022/4599.pdf HTTP/1.1" 200 427769
3.224.220.101 - - [05/Mar/2024:07:32:05 -0500] "GET /BLA/resoluciones/RESOLUCIONES%202022/4598.pdf HTTP/1.1" 200 400680
23.22.35.162 - - [05/Mar/2024:07:32:09 -0500] "GET /BLA/resoluciones/RESOLUCIONES%202022/4596.pdf HTTP/1.1" 200 395729
191.107.131.132 - - [05/Mar/2024:07:32:12 -0500] "POST /sipse/faces/presentacion/financiero/solicitudProceso/consultarSolicitudProceso.xhtml HTTP/1.1" 200 21239
191.107.131.132 - - [05/Mar/2024:07:32:12 -0500] "GET /sipse/faces/javax.faces.resource/theme.css?ln=primefaces-sipse HTTP/1.1" 304 -
191.107.131.132 - - [05/Mar/2024:07:32:12 -0500] "GET /sipse/faces/javax.faces.resource/primefaces.css?ln=primefaces&v=4.0 HTTP/1.1" 304 -
191.107.131.132 - - [05/Mar/2024:07:32:12 -0500] "GET /sipse/faces/javax.faces.resource/fileupload/fileupload.css?ln=primefaces&v=4.0 HTTP/1.1" 304 -
191.107.131.132 - - [05/Mar/2024:07:32:12 -0500] "GET /sipse/faces/javax.faces.resource/jquery/jquery-plugins.js?ln=primefaces&v=4.0 HTTP/1.1" 304 -
191.107.131.132 - - [05/Mar/2024:07:32:12 -0500] "GET /sipse/faces/javax.faces.resource/primefaces.js?ln=primefaces&v=4.0 HTTP/1.1" 304 -
191.107.131.132 - - [05/Mar/2024:07:32:12 -0500] "GET /sipse/faces/javax.faces.resource/layout/layout.css?ln=primefaces&v=4.0 HTTP/1.1" 304 -
191.107.131.132 - - [05/Mar/2024:07:32:12 -0500] "GET /sipse/faces/javax.faces.resource/layout/layout.js?ln=primefaces&v=4.0 HTTP/1.1" 304 -
191.107.131.132 - - [05/Mar/2024:07:32:12 -0500] "GET /sipse/faces/javax.faces.resource/jquery/jquery.js?ln=primefaces&v=4.0 HTTP/1.1" 304 -
191.107.131.132 - - [05/Mar/2024:07:32:12 -0500] "GET /sipse/faces/javax.faces.resource/fileupload/fileupload.js?ln=primefaces&v=4.0 HTTP/1.1" 304 -
23.22.35.162 - - [05/Mar/2024:07:32:14 -0500] "GET /BLA/resoluciones/RESOLUCIONES%202022/4594.pdf HTTP/1.1" 200 757352
3.224.220.101 - - [05/Mar/2024:07:32:17 -0500] "GET /BLA/resoluciones/RESOLUCIONES%202022/4562.pdf HTTP/1.1" 200 503956
3.224.220.101 - - [05/Mar/2024:07:32:21 -0500] "GET /BLA/resoluciones/RESOLUCIONES%202022/4519.pdf HTTP/1.1" 200 941131
3.224.220.101 - - [05/Mar/2024:07:32:25 -0500] "GET /BLA/resoluciones/RESOLUCIONES%202022/4488.pdf HTTP/1.1" 200 1626201
52.70.240.171 - - [05/Mar/2024:07:32:29 -0500] "GET /BLA/resoluciones/RESOLUCIONES%202022/4480.pdf HTTP/1.1" 200 399501
23.22.35.162 - - [05/Mar/2024:07:32:33 -0500] "GET /BLA/resoluciones/RESOLUCIONES%202022/4479.pdf HTTP/1.1" 200 1734450
3.224.220.101 - - [05/Mar/2024:07:32:37 -0500] "GET /BLA/resoluciones/RESOLUCIONES%202022/4478.pdf HTTP/1.1" 200 1625951
3.224.220.101 - - [05/Mar/2024:07:32:41 -0500] "GET /BLA/resoluciones/RESOLUCIONES%202022/4477.pdf HTTP/1.1" 200 1625214
23.22.35.162 - - [05/Mar/2024:07:32:46 -0500] "GET /BLA/resoluciones/RESOLUCIONES%202022/4476.pdf HTTP/1.1" 200 936908
191.107.131.132 - - [05/Mar/2024:07:32:47 -0500] "GET /sipse/faces/javax.faces.resource/theme.css?ln=primefaces-sipse HTTP/1.1" 304 -
191.107.131.132 - - [05/Mar/2024:07:32:47 -0500] "GET /sipse/faces/javax.faces.resource/primefaces.css?ln=primefaces&v=4.0 HTTP/1.1" 304 -
191.107.131.132 - - [05/Mar/2024:07:32:47 -0500] "GET /sipse/faces/javax.faces.resource/layout/layout.css?ln=primefaces&v=4.0 HTTP/1.1" 304 -
191.107.131.132 - - [05/Mar/2024:07:32:47 -0500] "GET /sipse/faces/javax.faces.resource/primefaces.js?ln=primefaces&v=4.0 HTTP/1.1" 304 -
191.107.131.132 - - [05/Mar/2024:07:32:47 -0500] "GET /sipse/faces/javax.faces.resource/jquery/jquery-plugins.js?ln=primefaces&v=4.0 HTTP/1.1" 304 -
191.107.131.132 - - [05/Mar/2024:07:32:47 -0500] "GET /sipse/faces/javax.faces.resource/jquery/jquery.js?ln=primefaces&v=4.0 HTTP/1.1" 304 -
191.107.131.132 - - [05/Mar/2024:07:32:47 -0500] "GET /sipse/faces/javax.faces.resource/layout/layout.js?ln=primefaces&v=4.0 HTTP/1.1" 304 -
191.107.131.132 - - [05/Mar/2024:07:32:46 -0500] "POST /sipse/faces/presentacion/sistema/anexos/cargarAnexoSolicitudProceso.xhtml HTTP/1.1" 200 168319
23.22.35.162 - - [05/Mar/2024:07:32:49 -0500] "GET /BLA/resoluciones/RESOLUCIONES%202022/4472.pdf HTTP/1.1" 200 409845
191.107.131.132 - - [05/Mar/2024:07:32:52 -0500] "POST /sipse/faces/presentacion/financiero/solicitudProceso/consultarSolicitudProceso.xhtml HTTP/1.1" 200 21239
191.107.131.132 - - [05/Mar/2024:07:32:52 -0500] "GET /sipse/faces/javax.faces.resource/theme.css?ln=primefaces-sipse HTTP/1.1" 304 -
191.107.131.132 - - [05/Mar/2024:07:32:52 -0500] "GET /sipse/faces/javax.faces.resource/primefaces.css?ln=primefaces&v=4.0 HTTP/1.1" 304 -
191.107.131.132 - - [05/Mar/2024:07:32:52 -0500] "GET /sipse/faces/javax.faces.resource/layout/layout.css?ln=primefaces&v=4.0 HTTP/1.1" 304 -
191.107.131.132 - - [05/Mar/2024:07:32:52 -0500] "GET /sipse/faces/javax.faces.resource/primefaces.js?ln=primefaces&v=4.0 HTTP/1.1" 304 -
191.107.131.132 - - [05/Mar/2024:07:32:52 -0500] "GET /sipse/faces/javax.faces.resource/fileupload/fileupload.css?ln=primefaces&v=4.0 HTTP/1.1" 304 -
191.107.131.132 - - [05/Mar/2024:07:32:52 -0500] "GET /sipse/faces/javax.faces.resource/jquery/jquery.js?ln=primefaces&v=4.0 HTTP/1.1" 304 -
191.107.131.132 - - [05/Mar/2024:07:32:52 -0500] "GET /sipse/faces/javax.faces.resource/jquery/jquery-plugins.js?ln=primefaces&v=4.0 HTTP/1.1" 304 -
191.107.131.132 - - [05/Mar/2024:07:32:52 -0500] "GET /sipse/faces/javax.faces.resource/layout/layout.js?ln=primefaces&v=4.0 HTTP/1.1" 304 -
191.107.131.132 - - [05/Mar/2024:07:32:52 -0500] "GET /sipse/faces/javax.faces.resource/fileupload/fileupload.js?ln=primefaces&v=4.0 HTTP/1.1" 304 -
52.70.240.171 - - [05/Mar/2024:07:32:53 -0500] "GET /BLA/resoluciones/RESOLUCIONES%202022/4469.pdf HTTP/1.1" 200 1649247
3.224.220.101 - - [05/Mar/2024:07:32:57 -0500] "GET /BLA/resoluciones/RESOLUCIONES%202022/4468.pdf HTTP/1.1" 200 1626202
52.70.240.171 - - [05/Mar/2024:07:33:01 -0500] "GET /BLA/resoluciones/RESOLUCIONES%202022/4466.pdf HTTP/1.1" 200 386830
173.252.107.6 - - [05/Mar/2024:07:33:03 -0500] "GET /secretaria-de-ambiente-acompanara-socializaciones-de-plan-de-manejo-restauracion-y-recuperacion-ambiental-de-antigua-cantera-en-el-norte-de-bogota.html HTTP/1.1" 200 1030
173.252.107.118 - - [05/Mar/2024:07:33:03 -0500] "GET /secretaria-de-ambiente-acompanara-socializaciones-de-plan-de-manejo-restauracion-y-recuperacion-ambiental-de-antigua-cantera-en-el-norte-de-bogota.html HTTP/1.1" 200 1030
3.224.220.101 - - [05/Mar/2024:07:33:05 -0500] "GET /BLA/resoluciones/RESOLUCIONES%202022/4463.pdf HTTP/1.1" 200 1625015
