186.102.45.138 - - [05/Mar/2024:09:12:40 -0500] "GET /kwssiamovil/sm/acme/a?s=U2FsdGVkX1+cU4X9bgwJ5tVK0qbEnrGnPYTKptAOcvnxNme3tHzDGaPwDVVeSW1t7UKMg/E5+39nOBPAFCRgwlxt5+PGhYUagSVSTA35biad3fVv2jKYIh/fHakIa/i5pqOw+GA9z6s0nobEP7ltFx1ePzOK6ZJtxx0ZiLMgsFj8rirYBRwxGImsy8dspDwkHSZqJOekhUvcKLi/Aylf0TVbXmd6ZKW+ICIi7wSIl/MYODSkEznPCnc3bD5BQ3a2Qe2wBFYaA8cIRnSxzluSPSFgf8ORpbnyCahiJU4Le9ZsnqAx1UcUSW1gdJqDZIHNOdiSYQhbAyDDHZBkXTCF4AzMZpzptp8fMiMMTWy+ASSY5Cc59KQEXKvWx52V6pTWTUBOn4WSa6hKZ+5bdtnXUDmhW1RjpycxlRhy9J3pCFdmLVKx+45cd8MgL6PSAUKf+gi4n/CPv4rx9soSB1ASuzfMXU3W3A0+F7W0fOREpnkt/+BrGqXKlMFIAHTFJbCYGfenx0ejnTBDIbQwjv2Ac6jIP0uoZ+SGVcG0cTSgQp//N4aK24S4yWF72YLplXiI6hSL+aX92C+iuSKl6h4oqECCAa2/M1syS++39Fn6W9xgWYmL12rfZFuH3NX0bFpn+6XrbEIWLBJR9eywlRbst9T+hkv4RweIV9arFM6WFpCtYrZl0qNk8/JKKigpDG+SgEhmZ84UBYFjF/IAleetaQhAYDY8f7SC7QGkNqUTGDbZ1S42LqU+PdQQLwoshMCtogsxo71mWDEoMLdBh+hoXewOJFFpqABBIGM9XPgCc18KX+MsDpyFleryizR4AXbXW8bGsopIf196NCwI+smVr8nnBQiYBDK9nRSDaT4IOCL59wR2D6W52ShMd1gZ3D5ZA5oQmw0POor0w9Ddo6gbLWUODq9ihSKf7nZGLbPvl82wariknQSVLXf41WiBCbNpqn8KxOBzEL6EXx2pI3efA/TMsCdoUoLKxj2gyGPaUWIIjPRopbeV6cG1Hft7CxVE5oYK9V7QmcPGlNOa94eMC5IoADJqFvlCAjX3JQZeEsEK4xL4iJfc3fXWDsb0qMEWz5Tl2RH/kGQK45j1v7uwpiUoDrelMCSldkxbjfqsACgqgYpkRMX32D0fZz45Iyue9s9ul6YXuVmzTGD5eoyvI4bVK5KWOevg9/1Y1mlkh0LIOL09/QAHVDkVDUiELjLAU7nnkqybvzMQuEXLAtOTsDAzSs1xeS7/WoZpSK7+q23MchUGsK0COJm9TSEPwn/dbTyM8A0tNTUFOZitB6YPkA==&u=U2FsdGVkX1/2ByX91lMUGJpy0PhdEt/iFbIZWl9n9sU=&y=U2FsdGVkX1/qDxsTYXPa1FQws9CFQITG1FcjFXfE+uciMJrXUWymOCLzJsLVzaPW HTTP/1.1" 200 26
52.70.240.171 - - [05/Mar/2024:09:12:40 -0500] "GET /BLA/resoluciones/RESOLUCIONES%202022/1304.pdf HTTP/1.1" 200 1052669
186.102.45.138 - - [05/Mar/2024:09:12:41 -0500] "GET /kwssiamovil/sm/acme/a?s=U2FsdGVkX19Ix+8gGAazE0Te+zaBorPKKI2Hjt2q+V3QZlTUsh3S9G5fCANk5pE6AygzGkTGxRintH+T5qXYUuKbmw034/4S2OeSiKwG36hB4d9Co0vM4GoXYgPUV6XBpzygShGrqsl0uBUTrJD0TG8edoYcojLQr1JF081ro10=&u=U2FsdGVkX1/2ByX91lMUGJpy0PhdEt/iFbIZWl9n9sU=&y=U2FsdGVkX1/qDxsTYXPa1FQws9CFQITG1FcjFXfE+uciMJrXUWymOCLzJsLVzaPW HTTP/1.1" 200 26
186.102.45.138 - - [05/Mar/2024:09:12:41 -0500] "GET /kwssiamovil/sm/acme/a?s=U2FsdGVkX19HXCYTzC7cW0iyo5lrVSptObjDtRsmSS0Kv9EjW4ZMw/Qp8cJ7oPioVjS4Mw2G+nz2wXLnAPFG/QVy+9VsAkseGoEdUa61O03G1nfhLHSWF58iUry2rIvPe6TB+CaRi8gZkyrTD2pkkb+S9ukaoE7MXhh5wdFkvaY=&u=U2FsdGVkX1/2ByX91lMUGJpy0PhdEt/iFbIZWl9n9sU=&y=U2FsdGVkX1/qDxsTYXPa1FQws9CFQITG1FcjFXfE+uciMJrXUWymOCLzJsLVzaPW HTTP/1.1" 200 26
186.102.45.138 - - [05/Mar/2024:09:12:41 -0500] "GET /kwssiamovil/sm/acme/a?s=U2FsdGVkX18ryItopnyK0njbbqj/vtoplqlwJu8aW/57tbKPKplNrusl5xaz/GwYreRUT/vcz5eBbEw61hje+xlpQfZP8cRSsp7iWjkTbvrQAZkGegXRjs5CHKLoz7n/VCjEUrDQ3wQQZrYDgMr2Zw+Yz10CwxETaC2i5qBXoFs=&u=U2FsdGVkX1/2ByX91lMUGJpy0PhdEt/iFbIZWl9n9sU=&y=U2FsdGVkX1/qDxsTYXPa1FQws9CFQITG1FcjFXfE+uciMJrXUWymOCLzJsLVzaPW HTTP/1.1" 200 26
186.102.45.138 - - [05/Mar/2024:09:12:41 -0500] "GET /kwssiamovil/sm/acme/a?s=U2FsdGVkX1+1LS3HsQfs417XV3veRNa1qYkRK8ZtH56vxXg1IBWn46ZqpGP9CkU/n7m9lxOTacan1CwNqQycYVFxdhHWR3YxrBk5uNidwVxL6nfmaKCJ4kfMeXXnfVxcWZx5BoXb4HuNe/k1zniYabe0/BW8ZVxm7CEeVS0dznjqwFeHPEcwjNqDsi6xgrmt&u=U2FsdGVkX1/2ByX91lMUGJpy0PhdEt/iFbIZWl9n9sU=&y=U2FsdGVkX1/qDxsTYXPa1FQws9CFQITG1FcjFXfE+uciMJrXUWymOCLzJsLVzaPW HTTP/1.1" 200 26
3.224.220.101 - - [05/Mar/2024:09:12:45 -0500] "GET /BLA/resoluciones/RESOLUCIONES%202018/3027.PDF HTTP/1.1" 200 16255758
52.70.240.171 - - [05/Mar/2024:09:12:50 -0500] "GET /BLA/resoluciones/RESOLUCIONES%202022/1303.pdf HTTP/1.1" 200 1050843
52.70.240.171 - - [05/Mar/2024:09:12:53 -0500] "GET /BLA/resoluciones/RESOLUCIONES%202018/3026.PDF HTTP/1.1" 200 3612655
190.159.184.39 - - [05/Mar/2024:09:12:53 -0500] "GET /BLA/resoluciones/ HTTP/1.1" 200 14105
201.245.192.253 - - [05/Mar/2024:09:12:54 -0500] "GET /sipse/faces/index.xhtml HTTP/1.1" 200 677
201.245.192.253 - - [05/Mar/2024:09:12:54 -0500] "GET /sipse/faces/javax.faces.resource/theme.css?ln=primefaces-sipse HTTP/1.1" 304 -
201.245.192.253 - - [05/Mar/2024:09:12:54 -0500] "GET /sipse/faces/faces/autenticacion.xhtml HTTP/1.1" 200 12401
201.245.192.253 - - [05/Mar/2024:09:12:54 -0500] "GET /sipse/faces/javax.faces.resource/theme.css?ln=primefaces-sipse HTTP/1.1" 304 -
201.245.192.253 - - [05/Mar/2024:09:12:54 -0500] "GET /sipse/faces/javax.faces.resource/layout/layout.css?ln=primefaces&v=4.0 HTTP/1.1" 304 -
201.245.192.253 - - [05/Mar/2024:09:12:54 -0500] "GET /sipse/faces/javax.faces.resource/primefaces.css?ln=primefaces&v=4.0 HTTP/1.1" 304 -
201.245.192.253 - - [05/Mar/2024:09:12:54 -0500] "GET /sipse/faces/javax.faces.resource/jquery/jquery.js?ln=primefaces&v=4.0 HTTP/1.1" 304 -
201.245.192.253 - - [05/Mar/2024:09:12:54 -0500] "GET /sipse/faces/javax.faces.resource/primefaces.js?ln=primefaces&v=4.0 HTTP/1.1" 304 -
201.245.192.253 - - [05/Mar/2024:09:12:54 -0500] "GET /sipse/faces/javax.faces.resource/jquery/jquery-plugins.js?ln=primefaces&v=4.0 HTTP/1.1" 304 -
201.245.192.253 - - [05/Mar/2024:09:12:54 -0500] "GET /sipse/faces/javax.faces.resource/layout/layout.js?ln=primefaces&v=4.0 HTTP/1.1" 304 -
201.245.192.253 - - [05/Mar/2024:09:12:54 -0500] "GET /sipse/faces/javax.faces.resource/images/ui-icons_898989_256x240.png?ln=primefaces-aristo HTTP/1.1" 304 -
181.53.12.90 - - [05/Mar/2024:09:12:55 -0500] "POST /sipse/faces/presentacion/financiero/solicitudProceso/listarSolicitudProceso.xhtml HTTP/1.1" 200 5534
200.118.16.147 - - [05/Mar/2024:09:12:56 -0500] "POST /sipse/faces/presentacion/financiero/solicitudProceso/consultarSolicitudProceso.xhtml HTTP/1.1" 200 34488
200.118.16.147 - - [05/Mar/2024:09:12:56 -0500] "GET /sipse/faces/javax.faces.resource/jquery/jquery.js?ln=primefaces&v=4.0 HTTP/1.1" 304 -
200.118.16.147 - - [05/Mar/2024:09:12:56 -0500] "GET /sipse/faces/javax.faces.resource/jquery/jquery-plugins.js?ln=primefaces&v=4.0 HTTP/1.1" 304 -
200.118.16.147 - - [05/Mar/2024:09:12:56 -0500] "GET /sipse/faces/javax.faces.resource/primefaces.js?ln=primefaces&v=4.0 HTTP/1.1" 304 -
200.118.16.147 - - [05/Mar/2024:09:12:56 -0500] "GET /sipse/faces/javax.faces.resource/layout/layout.js?ln=primefaces&v=4.0 HTTP/1.1" 304 -
200.118.16.147 - - [05/Mar/2024:09:12:56 -0500] "POST /sipse/faces/presentacion/financiero/solicitudProceso/listarSolicitudProceso.xhtml HTTP/1.1" 200 27766
200.118.16.147 - - [05/Mar/2024:09:12:57 -0500] "POST /sipse/faces/presentacion/financiero/solicitudProceso/listarSolicitudProceso.xhtml HTTP/1.1" 200 27766
200.118.16.147 - - [05/Mar/2024:09:12:57 -0500] "POST /sipse/faces/presentacion/financiero/solicitudProceso/listarSolicitudProceso.xhtml HTTP/1.1" 200 1392
200.118.16.147 - - [05/Mar/2024:09:12:57 -0500] "POST /sipse/faces/presentacion/financiero/solicitudProceso/listarSolicitudProceso.xhtml HTTP/1.1" 200 1388
200.118.16.147 - - [05/Mar/2024:09:12:57 -0500] "POST /sipse/faces/presentacion/financiero/solicitudProceso/listarSolicitudProceso.xhtml HTTP/1.1" 200 1400
23.22.35.162 - - [05/Mar/2024:09:12:57 -0500] "GET /BLA/resoluciones/RESOLUCIONES%202022/1302.pdf HTTP/1.1" 200 368903
181.53.12.90 - - [05/Mar/2024:09:12:57 -0500] "POST /sipse/faces/presentacion/financiero/solicitudProceso/listarSolicitudProceso.xhtml HTTP/1.1" 200 140001
181.53.12.90 - - [05/Mar/2024:09:12:58 -0500] "GET /sipse/faces/javax.faces.resource/theme.css?ln=primefaces-sipse HTTP/1.1" 304 -
181.53.12.90 - - [05/Mar/2024:09:12:58 -0500] "GET /sipse/faces/javax.faces.resource/jquery/jquery.js?ln=primefaces&v=4.0 HTTP/1.1" 304 -
181.53.12.90 - - [05/Mar/2024:09:12:58 -0500] "GET /sipse/faces/javax.faces.resource/primefaces.css?ln=primefaces&v=4.0 HTTP/1.1" 304 -
181.53.12.90 - - [05/Mar/2024:09:12:58 -0500] "GET /sipse/faces/javax.faces.resource/layout/layout.css?ln=primefaces&v=4.0 HTTP/1.1" 304 -
181.53.12.90 - - [05/Mar/2024:09:12:58 -0500] "GET /sipse/faces/javax.faces.resource/jquery/jquery-plugins.js?ln=primefaces&v=4.0 HTTP/1.1" 304 -
181.53.12.90 - - [05/Mar/2024:09:12:58 -0500] "GET /sipse/faces/javax.faces.resource/primefaces.js?ln=primefaces&v=4.0 HTTP/1.1" 304 -
181.53.12.90 - - [05/Mar/2024:09:12:58 -0500] "GET /sipse/faces/javax.faces.resource/layout/layout.js?ln=primefaces&v=4.0 HTTP/1.1" 304 -
201.245.192.253 - - [05/Mar/2024:09:13:00 -0500] "POST /sipse/faces/autenticacion.xhtml HTTP/1.1" 200 11385
201.245.192.253 - - [05/Mar/2024:09:13:00 -0500] "GET /sipse/faces/javax.faces.resource/theme.css?ln=primefaces-sipse HTTP/1.1" 304 -
201.245.192.253 - - [05/Mar/2024:09:13:00 -0500] "GET /sipse/faces/javax.faces.resource/primefaces.css?ln=primefaces&v=4.0 HTTP/1.1" 304 -
201.245.192.253 - - [05/Mar/2024:09:13:00 -0500] "GET /sipse/faces/javax.faces.resource/layout/layout.css?ln=primefaces&v=4.0 HTTP/1.1" 304 -
201.245.192.253 - - [05/Mar/2024:09:13:00 -0500] "GET /sipse/faces/javax.faces.resource/jquery/jquery.js?ln=primefaces&v=4.0 HTTP/1.1" 304 -
201.245.192.253 - - [05/Mar/2024:09:13:00 -0500] "GET /sipse/faces/javax.faces.resource/jquery/jquery-plugins.js?ln=primefaces&v=4.0 HTTP/1.1" 304 -
201.245.192.253 - - [05/Mar/2024:09:13:00 -0500] "GET /sipse/faces/javax.faces.resource/primefaces.js?ln=primefaces&v=4.0 HTTP/1.1" 304 -
201.245.192.253 - - [05/Mar/2024:09:13:00 -0500] "GET /sipse/faces/javax.faces.resource/layout/layout.js?ln=primefaces&v=4.0 HTTP/1.1" 304 -
201.245.192.253 - - [05/Mar/2024:09:13:00 -0500] "GET /sipse/faces/javax.faces.resource/messages/messages.png?ln=primefaces&v=4.0 HTTP/1.1" 304 -
200.118.16.147 - - [05/Mar/2024:09:12:59 -0500] "POST /sipse/faces/presentacion/financiero/solicitudProceso/listarSolicitudProceso.xhtml HTTP/1.1" 200 147548
200.118.16.147 - - [05/Mar/2024:09:13:00 -0500] "GET /sipse/faces/javax.faces.resource/jquery/jquery.js?ln=primefaces&v=4.0 HTTP/1.1" 304 -
200.118.16.147 - - [05/Mar/2024:09:13:00 -0500] "GET /sipse/faces/javax.faces.resource/jquery/jquery-plugins.js?ln=primefaces&v=4.0 HTTP/1.1" 304 -
200.118.16.147 - - [05/Mar/2024:09:13:00 -0500] "GET /sipse/faces/javax.faces.resource/primefaces.js?ln=primefaces&v=4.0 HTTP/1.1" 304 -
200.118.16.147 - - [05/Mar/2024:09:13:00 -0500] "GET /sipse/faces/javax.faces.resource/layout/layout.js?ln=primefaces&v=4.0 HTTP/1.1" 304 -
3.224.220.101 - - [05/Mar/2024:09:13:00 -0500] "GET /BLA/resoluciones/RESOLUCIONES%202018/3024.PDF HTTP/1.1" 200 10389220
201.245.192.253 - - [05/Mar/2024:09:13:02 -0500] "POST /sipse/faces/presentacion/sistema/seguridad/seleccionRol.xhtml HTTP/1.1" 200 5757
190.159.184.39 - - [05/Mar/2024:09:13:02 -0500] "GET /BLA/resoluciones/index.php?dir=RESOLUCIONES+2011%2F HTTP/1.1" 200 747162
201.245.192.253 - - [05/Mar/2024:09:13:03 -0500] "POST /sipse/faces/presentacion/sistema/seguridad/seleccionRol.xhtml HTTP/1.1" 200 16457
201.245.192.253 - - [05/Mar/2024:09:13:03 -0500] "GET /sipse/faces/javax.faces.resource/primefaces.css?ln=primefaces&v=4.0 HTTP/1.1" 304 -
201.245.192.253 - - [05/Mar/2024:09:13:03 -0500] "GET /sipse/faces/javax.faces.resource/layout/layout.css?ln=primefaces&v=4.0 HTTP/1.1" 304 -
201.245.192.253 - - [05/Mar/2024:09:13:03 -0500] "GET /sipse/faces/javax.faces.resource/theme.css?ln=primefaces-sipse HTTP/1.1" 304 -
201.245.192.253 - - [05/Mar/2024:09:13:03 -0500] "GET /sipse/faces/javax.faces.resource/jquery/jquery.js?ln=primefaces&v=4.0 HTTP/1.1" 304 -
201.245.192.253 - - [05/Mar/2024:09:13:03 -0500] "GET /sipse/faces/javax.faces.resource/jquery/jquery-plugins.js?ln=primefaces&v=4.0 HTTP/1.1" 304 -
201.245.192.253 - - [05/Mar/2024:09:13:03 -0500] "GET /sipse/faces/javax.faces.resource/primefaces.js?ln=primefaces&v=4.0 HTTP/1.1" 304 -
201.245.192.253 - - [05/Mar/2024:09:13:03 -0500] "GET /sipse/faces/javax.faces.resource/layout/layout.js?ln=primefaces&v=4.0 HTTP/1.1" 304 -
201.245.192.253 - - [05/Mar/2024:09:13:03 -0500] "GET /sipse/css/imagen/contrasena.png HTTP/1.1" 404 383
52.70.240.171 - - [05/Mar/2024:09:13:05 -0500] "GET /BLA/resoluciones/RESOLUCIONES%202022/1301.pdf HTTP/1.1" 200 352434
200.118.16.147 - - [05/Mar/2024:09:13:06 -0500] "POST /sipse/faces/presentacion/financiero/solicitudProceso/consultarSolicitudProceso.xhtml HTTP/1.1" 200 19418
200.118.16.147 - - [05/Mar/2024:09:13:06 -0500] "GET /sipse/faces/javax.faces.resource/theme.css?ln=primefaces-sipse HTTP/1.1" 304 -
200.118.16.147 - - [05/Mar/2024:09:13:06 -0500] "GET /sipse/faces/javax.faces.resource/primefaces.css?ln=primefaces&v=4.0 HTTP/1.1" 304 -
200.118.16.147 - - [05/Mar/2024:09:13:06 -0500] "GET /sipse/faces/javax.faces.resource/layout/layout.js?ln=primefaces&v=4.0 HTTP/1.1" 304 -
200.118.16.147 - - [05/Mar/2024:09:13:06 -0500] "GET /sipse/faces/javax.faces.resource/layout/layout.css?ln=primefaces&v=4.0 HTTP/1.1" 304 -
200.118.16.147 - - [05/Mar/2024:09:13:06 -0500] "GET /sipse/faces/javax.faces.resource/jquery/jquery.js?ln=primefaces&v=4.0 HTTP/1.1" 304 -
200.118.16.147 - - [05/Mar/2024:09:13:06 -0500] "GET /sipse/faces/javax.faces.resource/jquery/jquery-plugins.js?ln=primefaces&v=4.0 HTTP/1.1" 304 -
200.118.16.147 - - [05/Mar/2024:09:13:06 -0500] "GET /sipse/faces/javax.faces.resource/primefaces.js?ln=primefaces&v=4.0 HTTP/1.1" 304 -
200.118.16.147 - - [05/Mar/2024:09:13:06 -0500] "GET /sipse/faces/javax.faces.resource/fileupload/fileupload.js?ln=primefaces&v=4.0 HTTP/1.1" 304 -
200.118.16.147 - - [05/Mar/2024:09:13:06 -0500] "GET /sipse/faces/javax.faces.resource/fileupload/fileupload.css?ln=primefaces&v=4.0 HTTP/1.1" 304 -
200.118.16.147 - - [05/Mar/2024:09:13:06 -0500] "GET /sipse/css/imagen/contrasena.png HTTP/1.1" 404 383
200.118.16.147 - - [05/Mar/2024:09:13:06 -0500] "GET /sipse/faces/javax.faces.resource/images/ui-icons_898989_256x240.png?ln=primefaces-aristo HTTP/1.1" 304 -
190.159.184.39 - - [05/Mar/2024:09:13:07 -0500] "GET /BLA/resoluciones/RESOLUCIONES%202011/5589.pdf HTTP/1.1" 200 11615681
200.118.16.147 - - [05/Mar/2024:09:13:08 -0500] "GET /sipse/faces/javax.faces.resource/images/ui-bg_flat_0_2d5972_40x100.png?ln=primefaces-aristo HTTP/1.1" 304 -
200.118.16.147 - - [05/Mar/2024:09:13:08 -0500] "POST /sipse/faces/presentacion/sistema/anexos/cargarAnexoSolicitudProceso.xhtml HTTP/1.1" 200 147548
200.118.16.147 - - [05/Mar/2024:09:13:09 -0500] "GET /sipse/faces/javax.faces.resource/jquery/jquery.js?ln=primefaces&v=4.0 HTTP/1.1" 304 -
200.118.16.147 - - [05/Mar/2024:09:13:09 -0500] "GET /sipse/faces/javax.faces.resource/jquery/jquery-plugins.js?ln=primefaces&v=4.0 HTTP/1.1" 304 -
200.118.16.147 - - [05/Mar/2024:09:13:09 -0500] "GET /sipse/faces/javax.faces.resource/primefaces.js?ln=primefaces&v=4.0 HTTP/1.1" 304 -
200.118.16.147 - - [05/Mar/2024:09:13:09 -0500] "GET /sipse/faces/javax.faces.resource/layout/layout.js?ln=primefaces&v=4.0 HTTP/1.1" 304 -
181.53.12.90 - - [05/Mar/2024:09:13:09 -0500] "POST /sipse/faces/presentacion/financiero/solicitudProceso/consultarSolicitudProceso.xhtml HTTP/1.1" 200 79022
52.70.240.171 - - [05/Mar/2024:09:13:09 -0500] "GET /BLA/resoluciones/RESOLUCIONES%202018/3022.PDF HTTP/1.1" 200 8673206
23.22.35.162 - - [05/Mar/2024:09:13:13 -0500] "GET /BLA/resoluciones/RESOLUCIONES%202022/1300.pdf HTTP/1.1" 200 360622
23.22.35.162 - - [05/Mar/2024:09:13:18 -0500] "GET /BLA/resoluciones/RESOLUCIONES%202018/3021.PDF HTTP/1.1" 200 6958460
52.70.240.171 - - [05/Mar/2024:09:13:21 -0500] "GET /BLA/resoluciones/RESOLUCIONES%202022/1299.pdf HTTP/1.1" 200 342033
172.22.2.4 - - [05/Mar/2024:09:13:21 -0500] "GET /BLA/boletinlegal/actos.php HTTP/1.1" 200 9738
172.22.2.4 - - [05/Mar/2024:09:13:21 -0500] "GET /BLA/boletinlegal/styles2.css HTTP/1.1" 200 1838
172.22.2.4 - - [05/Mar/2024:09:13:21 -0500] "GET /BLA/boletinlegal/js/ajax_actos.js HTTP/1.1" 200 1322
172.22.2.4 - - [05/Mar/2024:09:13:21 -0500] "GET /BLA/boletinlegal/niceforms.js HTTP/1.1" 200 22876
172.22.2.4 - - [05/Mar/2024:09:13:21 -0500] "GET /BLA/boletinlegal/niceforms-default.css HTTP/1.1" 200 6694
172.22.2.4 - - [05/Mar/2024:09:13:21 -0500] "GET /BLA/boletinlegal/style.css HTTP/1.1" 200 9406
172.22.2.4 - - [05/Mar/2024:09:13:21 -0500] "GET /BLA/boletinlegal/js/lib.js HTTP/1.1" 200 6474
172.22.2.4 - - [05/Mar/2024:09:13:21 -0500] "GET /BLA/boletinlegal/js/popup.js HTTP/1.1" 200 1270
172.22.2.4 - - [05/Mar/2024:09:13:21 -0500] "GET /BLA/boletinlegal/js/jquery1.js HTTP/1.1" 200 29846
172.22.2.4 - - [05/Mar/2024:09:13:21 -0500] "GET /BLA/boletinlegal/images/cabezote%20BLEGAL.jpg HTTP/1.1" 200 118164
172.22.2.4 - - [05/Mar/2024:09:13:21 -0500] "GET /BLA/boletinlegal/images/subscribe-icon-big.png HTTP/1.1" 200 47702
172.22.2.4 - - [05/Mar/2024:09:13:21 -0500] "GET /BLA/boletinlegal/images/historia.png HTTP/1.1" 200 52775
172.22.2.4 - - [05/Mar/2024:09:13:21 -0500] "GET /BLA/boletinlegal/images/body_bg.jpg HTTP/1.1" 200 1601
172.22.2.4 - - [05/Mar/2024:09:13:21 -0500] "GET /BLA/boletinlegal/images/footer_bg.jpg HTTP/1.1" 200 586
172.22.2.4 - - [05/Mar/2024:09:13:21 -0500] "GET /BLA/boletinlegal/images/menu_lft.gif HTTP/1.1" 200 1713
172.22.2.4 - - [05/Mar/2024:09:13:21 -0500] "GET /BLA/boletinlegal/images/menu_rght.gif HTTP/1.1" 200 1627
172.22.2.4 - - [05/Mar/2024:09:13:21 -0500] "GET /BLA/boletinlegal/images/menu_bg.jpg HTTP/1.1" 200 620
172.22.2.4 - - [05/Mar/2024:09:13:21 -0500] "GET /BLA/boletinlegal/images/bg_top.jpg HTTP/1.1" 200 522
172.22.2.4 - - [05/Mar/2024:09:13:21 -0500] "GET /BLA/boletinlegal/images/text.jpg HTTP/1.1" 200 568
172.22.2.4 - - [05/Mar/2024:09:13:21 -0500] "GET /BLA/boletinlegal/images/hover.jpg HTTP/1.1" 200 640
172.22.2.4 - - [05/Mar/2024:09:13:21 -0500] "GET /BLA/boletinlegal/images/footer_bg_l.jpg HTTP/1.1" 200 776
172.22.2.4 - - [05/Mar/2024:09:13:21 -0500] "GET /BLA/boletinlegal/images/green-yellow-blue-pink-th.png HTTP/1.1" 200 7394
172.22.2.4 - - [05/Mar/2024:09:13:21 -0500] "GET /BLA/boletinlegal/images/tel.png HTTP/1.1" 200 14477
172.22.2.4 - - [05/Mar/2024:09:13:21 -0500] "GET /BLA/boletinlegal/images/registro-usuarios.png HTTP/1.1" 200 8106
172.22.2.4 - - [05/Mar/2024:09:13:21 -0500] "GET /BLA/boletinlegal/images/icono-email.png HTTP/1.1" 200 5544
172.22.2.4 - - [05/Mar/2024:09:13:21 -0500] "GET /BLA/boletinlegal/img/0.png HTTP/1.1" 200 110
172.22.2.4 - - [05/Mar/2024:09:13:21 -0500] "GET /BLA/boletinlegal/img/select-right.png HTTP/1.1" 200 44019
172.22.2.4 - - [05/Mar/2024:09:13:21 -0500] "GET /BLA/boletinlegal/img/select-left.png HTTP/1.1" 200 263
172.22.2.4 - - [05/Mar/2024:09:13:21 -0500] "GET /BLA/boletinlegal/img/button.png HTTP/1.1" 200 43241
172.22.2.4 - - [05/Mar/2024:09:13:21 -0500] "GET /BLA/boletinlegal/img/button-left.png HTTP/1.1" 200 57071
172.22.2.4 - - [05/Mar/2024:09:13:21 -0500] "GET /BLA/boletinlegal/img/button-right.png HTTP/1.1" 200 57878
186.155.18.60 - - [05/Mar/2024:09:13:22 -0500] "GET /sipse/faces/index.xhtml HTTP/1.1" 200 677
186.155.18.60 - - [05/Mar/2024:09:13:22 -0500] "GET /sipse/faces/javax.faces.resource/theme.css?ln=primefaces-sipse HTTP/1.1" 304 -
172.22.2.4 - - [05/Mar/2024:09:13:22 -0500] "GET /BLA/boletinlegal/favicon.ico HTTP/1.1" 404 1326
186.155.18.60 - - [05/Mar/2024:09:13:22 -0500] "GET /sipse/faces/faces/autenticacion.xhtml HTTP/1.1" 200 12401
186.155.18.60 - - [05/Mar/2024:09:13:22 -0500] "GET /sipse/faces/javax.faces.resource/theme.css?ln=primefaces-sipse HTTP/1.1" 304 -
186.155.18.60 - - [05/Mar/2024:09:13:22 -0500] "GET /sipse/faces/javax.faces.resource/primefaces.css?ln=primefaces&v=4.0 HTTP/1.1" 304 -
186.155.18.60 - - [05/Mar/2024:09:13:22 -0500] "GET /sipse/faces/javax.faces.resource/layout/layout.css?ln=primefaces&v=4.0 HTTP/1.1" 304 -
186.155.18.60 - - [05/Mar/2024:09:13:22 -0500] "GET /sipse/faces/javax.faces.resource/jquery/jquery.js?ln=primefaces&v=4.0 HTTP/1.1" 304 -
186.155.18.60 - - [05/Mar/2024:09:13:22 -0500] "GET /sipse/faces/javax.faces.resource/jquery/jquery-plugins.js?ln=primefaces&v=4.0 HTTP/1.1" 304 -
186.155.18.60 - - [05/Mar/2024:09:13:22 -0500] "GET /sipse/faces/javax.faces.resource/layout/layout.js?ln=primefaces&v=4.0 HTTP/1.1" 304 -
186.155.18.60 - - [05/Mar/2024:09:13:22 -0500] "GET /sipse/faces/javax.faces.resource/primefaces.js?ln=primefaces&v=4.0 HTTP/1.1" 304 -
186.155.18.60 - - [05/Mar/2024:09:13:23 -0500] "GET /sipse/faces/javax.faces.resource/images/ui-icons_898989_256x240.png?ln=primefaces-aristo HTTP/1.1" 304 -
52.70.240.171 - - [05/Mar/2024:09:13:25 -0500] "GET /BLA/resoluciones/RESOLUCIONES%202018/3020.PDF HTTP/1.1" 200 8872815
186.155.18.60 - - [05/Mar/2024:09:13:26 -0500] "POST /sipse/faces/autenticacion.xhtml HTTP/1.1" 200 2218
186.155.18.60 - - [05/Mar/2024:09:13:26 -0500] "GET /sipse/faces/javax.faces.resource/messages/messages.png?ln=primefaces&v=4.0 HTTP/1.1" 304 -
186.155.18.60 - - [05/Mar/2024:09:13:27 -0500] "POST /sipse/faces/autenticacion.xhtml HTTP/1.1" 200 16461
186.155.18.60 - - [05/Mar/2024:09:13:27 -0500] "GET /sipse/faces/javax.faces.resource/primefaces.css?ln=primefaces&v=4.0 HTTP/1.1" 304 -
186.155.18.60 - - [05/Mar/2024:09:13:27 -0500] "GET /sipse/faces/javax.faces.resource/theme.css?ln=primefaces-sipse HTTP/1.1" 304 -
186.155.18.60 - - [05/Mar/2024:09:13:27 -0500] "GET /sipse/faces/javax.faces.resource/layout/layout.css?ln=primefaces&v=4.0 HTTP/1.1" 304 -
186.155.18.60 - - [05/Mar/2024:09:13:27 -0500] "GET /sipse/faces/javax.faces.resource/jquery/jquery.js?ln=primefaces&v=4.0 HTTP/1.1" 304 -
186.155.18.60 - - [05/Mar/2024:09:13:27 -0500] "GET /sipse/faces/javax.faces.resource/jquery/jquery-plugins.js?ln=primefaces&v=4.0 HTTP/1.1" 304 -
186.155.18.60 - - [05/Mar/2024:09:13:27 -0500] "GET /sipse/faces/javax.faces.resource/primefaces.js?ln=primefaces&v=4.0 HTTP/1.1" 304 -
186.155.18.60 - - [05/Mar/2024:09:13:27 -0500] "GET /sipse/faces/javax.faces.resource/layout/layout.js?ln=primefaces&v=4.0 HTTP/1.1" 304 -
186.155.18.60 - - [05/Mar/2024:09:13:27 -0500] "GET /sipse/css/imagen/contrasena.png HTTP/1.1" 404 383
52.70.240.171 - - [05/Mar/2024:09:13:28 -0500] "GET /BLA/resoluciones/RESOLUCIONES%202022/1298.pdf HTTP/1.1" 200 339892
186.155.18.60 - - [05/Mar/2024:09:13:29 -0500] "GET /sipse/faces/javax.faces.resource/images/ui-bg_flat_0_2d5972_40x100.png?ln=primefaces-aristo HTTP/1.1" 304 -
186.155.18.60 - - [05/Mar/2024:09:13:29 -0500] "POST /sipse/faces/bienvenido.xhtml HTTP/1.1" 200 2060
172.22.2.4 - - [05/Mar/2024:09:13:28 -0500] "GET /BLA/boletinlegal/consulta_actos.php?tipo=autos&no=&usuario=&sector=&fecha=2023&resuelve= HTTP/1.1" 200 1461593
172.22.2.4 - - [05/Mar/2024:09:13:29 -0500] "GET /BLA/boletinlegal/images/pdf.gif HTTP/1.1" 200 567
172.22.2.4 - - [05/Mar/2024:09:13:29 -0500] "GET /BLA/boletinlegal/images/background.gif HTTP/1.1" 200 -
186.155.18.60 - - [05/Mar/2024:09:13:29 -0500] "POST /sipse/faces/bienvenido.xhtml HTTP/1.1" 200 32555
186.155.18.60 - - [05/Mar/2024:09:13:29 -0500] "GET /sipse/faces/javax.faces.resource/theme.css?ln=primefaces-sipse HTTP/1.1" 304 -
186.155.18.60 - - [05/Mar/2024:09:13:29 -0500] "GET /sipse/faces/javax.faces.resource/primefaces.css?ln=primefaces&v=4.0 HTTP/1.1" 304 -
186.155.18.60 - - [05/Mar/2024:09:13:29 -0500] "GET /sipse/faces/javax.faces.resource/layout/layout.css?ln=primefaces&v=4.0 HTTP/1.1" 304 -
186.155.18.60 - - [05/Mar/2024:09:13:29 -0500] "GET /sipse/faces/javax.faces.resource/jquery/jquery.js?ln=primefaces&v=4.0 HTTP/1.1" 304 -
186.155.18.60 - - [05/Mar/2024:09:13:29 -0500] "GET /sipse/faces/javax.faces.resource/jquery/jquery-plugins.js?ln=primefaces&v=4.0 HTTP/1.1" 304 -
186.155.18.60 - - [05/Mar/2024:09:13:29 -0500] "GET /sipse/faces/javax.faces.resource/primefaces.js?ln=primefaces&v=4.0 HTTP/1.1" 304 -
186.155.18.60 - - [05/Mar/2024:09:13:30 -0500] "GET /sipse/faces/javax.faces.resource/layout/layout.js?ln=primefaces&v=4.0 HTTP/1.1" 304 -
186.155.18.60 - - [05/Mar/2024:09:13:30 -0500] "POST /sipse/faces/presentacion/financiero/solicitudProceso/listarSolicitudProceso.xhtml HTTP/1.1" 200 1372
172.22.2.4 - - [05/Mar/2024:09:13:30 -0500] "GET /BLA/boletinlegal/consulta_actos.php?tipo=autos&no=&usuario=&sector=&fecha=2023&resuelve= HTTP/1.1" 200 1461593
186.155.18.60 - - [05/Mar/2024:09:13:33 -0500] "POST /sipse/faces/presentacion/financiero/solicitudProceso/listarSolicitudProceso.xhtml HTTP/1.1" 200 911
52.70.240.171 - - [05/Mar/2024:09:13:34 -0500] "GET /BLA/resoluciones/RESOLUCIONES%202018/3017.pdf HTTP/1.1" 200 249869
200.118.16.147 - - [05/Mar/2024:09:13:34 -0500] "POST /sipse/faces/presentacion/financiero/solicitudProceso/consultarSolicitudProceso.xhtml HTTP/1.1" 200 19418
200.118.16.147 - - [05/Mar/2024:09:13:35 -0500] "GET /sipse/faces/javax.faces.resource/theme.css?ln=primefaces-sipse HTTP/1.1" 304 -
200.118.16.147 - - [05/Mar/2024:09:13:35 -0500] "GET /sipse/faces/javax.faces.resource/primefaces.css?ln=primefaces&v=4.0 HTTP/1.1" 304 -
200.118.16.147 - - [05/Mar/2024:09:13:35 -0500] "GET /sipse/faces/javax.faces.resource/layout/layout.css?ln=primefaces&v=4.0 HTTP/1.1" 304 -
200.118.16.147 - - [05/Mar/2024:09:13:35 -0500] "GET /sipse/faces/javax.faces.resource/primefaces.js?ln=primefaces&v=4.0 HTTP/1.1" 304 -
200.118.16.147 - - [05/Mar/2024:09:13:35 -0500] "GET /sipse/faces/javax.faces.resource/layout/layout.js?ln=primefaces&v=4.0 HTTP/1.1" 304 -
200.118.16.147 - - [05/Mar/2024:09:13:35 -0500] "GET /sipse/faces/javax.faces.resource/fileupload/fileupload.css?ln=primefaces&v=4.0 HTTP/1.1" 304 -
200.118.16.147 - - [05/Mar/2024:09:13:35 -0500] "GET /sipse/faces/javax.faces.resource/jquery/jquery-plugins.js?ln=primefaces&v=4.0 HTTP/1.1" 304 -
200.118.16.147 - - [05/Mar/2024:09:13:35 -0500] "GET /sipse/faces/javax.faces.resource/jquery/jquery.js?ln=primefaces&v=4.0 HTTP/1.1" 304 -
200.118.16.147 - - [05/Mar/2024:09:13:35 -0500] "GET /sipse/faces/javax.faces.resource/fileupload/fileupload.js?ln=primefaces&v=4.0 HTTP/1.1" 304 -
200.118.16.147 - - [05/Mar/2024:09:13:35 -0500] "GET /sipse/css/imagen/contrasena.png HTTP/1.1" 404 383
200.118.16.147 - - [05/Mar/2024:09:13:35 -0500] "GET /sipse/faces/javax.faces.resource/images/ui-icons_898989_256x240.png?ln=primefaces-aristo HTTP/1.1" 304 -
3.224.220.101 - - [05/Mar/2024:09:13:37 -0500] "GET /BLA/resoluciones/RESOLUCIONES%202022/1297.pdf HTTP/1.1" 200 340899
23.22.35.162 - - [05/Mar/2024:09:13:41 -0500] "GET /BLA/resoluciones/RESOLUCIONES%202018/3012.pdf HTTP/1.1" 200 281330
23.22.35.162 - - [05/Mar/2024:09:13:45 -0500] "GET /BLA/resoluciones/RESOLUCIONES%202022/1296.pdf HTTP/1.1" 200 343851
172.22.2.4 - - [05/Mar/2024:09:13:45 -0500] "GET /BLA/boletinlegal/consulta_actos.php?tipo=autos&no=&usuario=&sector=&fecha=2023&resuelve=archivo HTTP/1.1" 200 28404
200.118.16.147 - - [05/Mar/2024:09:13:47 -0500] "POST /sipse/faces/presentacion/sistema/anexos/cargarAnexoSolicitudProceso.xhtml HTTP/1.1" 200 195109
200.118.16.147 - - [05/Mar/2024:09:13:48 -0500] "GET /sipse/faces/javax.faces.resource/theme.css?ln=primefaces-sipse HTTP/1.1" 304 -
200.118.16.147 - - [05/Mar/2024:09:13:48 -0500] "GET /sipse/faces/javax.faces.resource/primefaces.css?ln=primefaces&v=4.0 HTTP/1.1" 304 -
200.118.16.147 - - [05/Mar/2024:09:13:48 -0500] "GET /sipse/faces/javax.faces.resource/layout/layout.css?ln=primefaces&v=4.0 HTTP/1.1" 304 -
200.118.16.147 - - [05/Mar/2024:09:13:48 -0500] "GET /sipse/faces/javax.faces.resource/jquery/jquery.js?ln=primefaces&v=4.0 HTTP/1.1" 304 -
200.118.16.147 - - [05/Mar/2024:09:13:48 -0500] "GET /sipse/faces/javax.faces.resource/jquery/jquery-plugins.js?ln=primefaces&v=4.0 HTTP/1.1" 304 -
200.118.16.147 - - [05/Mar/2024:09:13:48 -0500] "GET /sipse/faces/javax.faces.resource/primefaces.js?ln=primefaces&v=4.0 HTTP/1.1" 304 -
200.118.16.147 - - [05/Mar/2024:09:13:48 -0500] "GET /sipse/faces/javax.faces.resource/layout/layout.js?ln=primefaces&v=4.0 HTTP/1.1" 304 -
200.118.16.147 - - [05/Mar/2024:09:13:48 -0500] "GET /sipse/css/imagen/contrasena.png HTTP/1.1" 404 383
200.118.16.147 - - [05/Mar/2024:09:13:48 -0500] "GET /sipse/faces/javax.faces.resource/images/ui-icons_898989_256x240.png?ln=primefaces-aristo HTTP/1.1" 304 -
3.224.220.101 - - [05/Mar/2024:09:13:49 -0500] "GET /BLA/resoluciones/RESOLUCIONES%202018/3006.pdf HTTP/1.1" 200 391808
52.70.240.171 - - [05/Mar/2024:09:13:53 -0500] "GET /BLA/resoluciones/RESOLUCIONES%202022/1295.pdf HTTP/1.1" 200 352622
52.70.240.171 - - [05/Mar/2024:09:13:57 -0500] "GET /BLA/resoluciones/RESOLUCIONES%202018/3004.pdf HTTP/1.1" 200 478000
200.118.16.147 - - [05/Mar/2024:09:13:57 -0500] "GET /sipse/faces/javax.faces.resource/images/ui-bg_flat_0_2d5972_40x100.png?ln=primefaces-aristo HTTP/1.1" 304 -
200.118.16.147 - - [05/Mar/2024:09:13:57 -0500] "POST /sipse/faces/presentacion/financiero/solicitudProceso/consultarSolicitudProceso.xhtml HTTP/1.1" 200 34981
200.118.16.147 - - [05/Mar/2024:09:13:59 -0500] "GET /sipse/faces/javax.faces.resource/jquery/jquery.js?ln=primefaces&v=4.0 HTTP/1.1" 304 -
200.118.16.147 - - [05/Mar/2024:09:13:59 -0500] "GET /sipse/faces/javax.faces.resource/jquery/jquery-plugins.js?ln=primefaces&v=4.0 HTTP/1.1" 304 -
200.118.16.147 - - [05/Mar/2024:09:13:59 -0500] "GET /sipse/faces/javax.faces.resource/primefaces.js?ln=primefaces&v=4.0 HTTP/1.1" 304 -
200.118.16.147 - - [05/Mar/2024:09:13:59 -0500] "GET /sipse/faces/javax.faces.resource/layout/layout.js?ln=primefaces&v=4.0 HTTP/1.1" 304 -
200.118.16.147 - - [05/Mar/2024:09:13:59 -0500] "GET /sipse/faces/javax.faces.resource/messages/messages.png?ln=primefaces&v=4.0 HTTP/1.1" 304 -
200.118.16.147 - - [05/Mar/2024:09:13:59 -0500] "POST /sipse/faces/presentacion/financiero/solicitudProceso/listarSolicitudProceso.xhtml HTTP/1.1" 200 1392
52.70.240.171 - - [05/Mar/2024:09:14:01 -0500] "GET /BLA/resoluciones/RESOLUCIONES%202022/1294.pdf HTTP/1.1" 200 345603
200.118.16.147 - - [05/Mar/2024:09:14:02 -0500] "POST /sipse/faces/presentacion/financiero/solicitudProceso/listarSolicitudProceso.xhtml HTTP/1.1" 200 146449
200.118.16.147 - - [05/Mar/2024:09:14:03 -0500] "GET /sipse/faces/javax.faces.resource/jquery/jquery.js?ln=primefaces&v=4.0 HTTP/1.1" 304 -
200.118.16.147 - - [05/Mar/2024:09:14:03 -0500] "GET /sipse/faces/javax.faces.resource/jquery/jquery-plugins.js?ln=primefaces&v=4.0 HTTP/1.1" 304 -
200.118.16.147 - - [05/Mar/2024:09:14:03 -0500] "GET /sipse/faces/javax.faces.resource/primefaces.js?ln=primefaces&v=4.0 HTTP/1.1" 304 -
200.118.16.147 - - [05/Mar/2024:09:14:03 -0500] "GET /sipse/faces/javax.faces.resource/layout/layout.js?ln=primefaces&v=4.0 HTTP/1.1" 304 -
23.22.35.162 - - [05/Mar/2024:09:14:05 -0500] "GET /BLA/resoluciones/RESOLUCIONES%202018/3002.pdf HTTP/1.1" 200 513256
200.118.16.147 - - [05/Mar/2024:09:14:06 -0500] "POST /sipse/faces/presentacion/financiero/solicitudProceso/consultarSolicitudProceso.xhtml HTTP/1.1" 200 40655
200.118.16.147 - - [05/Mar/2024:09:14:07 -0500] "GET /sipse/faces/javax.faces.resource/primefaces.css?ln=primefaces&v=4.0 HTTP/1.1" 304 -
200.118.16.147 - - [05/Mar/2024:09:14:07 -0500] "GET /sipse/faces/javax.faces.resource/theme.css?ln=primefaces-sipse HTTP/1.1" 304 -
200.118.16.147 - - [05/Mar/2024:09:14:07 -0500] "GET /sipse/faces/javax.faces.resource/layout/layout.css?ln=primefaces&v=4.0 HTTP/1.1" 304 -
200.118.16.147 - - [05/Mar/2024:09:14:07 -0500] "GET /sipse/faces/javax.faces.resource/jquery/jquery.js?ln=primefaces&v=4.0 HTTP/1.1" 304 -
200.118.16.147 - - [05/Mar/2024:09:14:07 -0500] "GET /sipse/faces/javax.faces.resource/jquery/jquery-plugins.js?ln=primefaces&v=4.0 HTTP/1.1" 304 -
200.118.16.147 - - [05/Mar/2024:09:14:07 -0500] "GET /sipse/faces/javax.faces.resource/primefaces.js?ln=primefaces&v=4.0 HTTP/1.1" 304 -
200.118.16.147 - - [05/Mar/2024:09:14:07 -0500] "GET /sipse/faces/javax.faces.resource/layout/layout.js?ln=primefaces&v=4.0 HTTP/1.1" 304 -
200.118.16.147 - - [05/Mar/2024:09:14:07 -0500] "GET /sipse/css/imagen/contrasena.png HTTP/1.1" 404 383
200.118.16.147 - - [05/Mar/2024:09:14:07 -0500] "GET /sipse/faces/javax.faces.resource/images/ui-icons_898989_256x240.png?ln=primefaces-aristo HTTP/1.1" 304 -
3.224.220.101 - - [05/Mar/2024:09:14:09 -0500] "GET /BLA/resoluciones/RESOLUCIONES%202022/1293.pdf HTTP/1.1" 200 347536
191.156.145.223 - - [05/Mar/2024:09:14:12 -0500] "GET /sipse/faces/index.xhtml HTTP/1.1" 200 677
191.156.145.223 - - [05/Mar/2024:09:14:13 -0500] "GET /sipse/faces/javax.faces.resource/theme.css?ln=primefaces-sipse HTTP/1.1" 304 -
191.156.145.223 - - [05/Mar/2024:09:14:13 -0500] "GET /sipse/faces/faces/autenticacion.xhtml HTTP/1.1" 200 12401
191.156.149.43 - - [05/Mar/2024:09:14:13 -0500] "GET /sipse/js/disable_browser_buttons.js HTTP/1.1" 304 -
191.156.151.73 - - [05/Mar/2024:09:14:13 -0500] "GET /sipse/css/custom_css_sg.css HTTP/1.1" 304 -
191.156.145.53 - - [05/Mar/2024:09:14:13 -0500] "GET /sipse/css/custom_css_sg_prime_login.css HTTP/1.1" 304 -
191.156.156.202 - - [05/Mar/2024:09:14:13 -0500] "GET /sipse/faces/javax.faces.resource/theme.css?ln=primefaces-sipse HTTP/1.1" 304 -
191.156.158.132 - - [05/Mar/2024:09:14:13 -0500] "GET /sipse/faces/javax.faces.resource/primefaces.css?ln=primefaces&v=4.0 HTTP/1.1" 304 -
191.156.149.43 - - [05/Mar/2024:09:14:13 -0500] "GET /sipse/faces/javax.faces.resource/layout/layout.css?ln=primefaces&v=4.0 HTTP/1.1" 304 -
191.156.145.223 - - [05/Mar/2024:09:14:13 -0500] "GET /sipse/js/funciones.js HTTP/1.1" 304 -
23.22.35.162 - - [05/Mar/2024:09:14:13 -0500] "GET /BLA/resoluciones/RESOLUCIONES%202018/3001.pdf HTTP/1.1" 200 299704
191.156.158.132 - - [05/Mar/2024:09:14:13 -0500] "GET /sipse/faces/javax.faces.resource/jquery/jquery-plugins.js?ln=primefaces&v=4.0 HTTP/1.1" 304 -
191.156.151.73 - - [05/Mar/2024:09:14:13 -0500] "GET /sipse/faces/javax.faces.resource/jquery/jquery.js?ln=primefaces&v=4.0 HTTP/1.1" 304 -
191.156.145.53 - - [05/Mar/2024:09:14:13 -0500] "GET /sipse/faces/javax.faces.resource/layout/layout.js?ln=primefaces&v=4.0 HTTP/1.1" 304 -
191.156.149.43 - - [05/Mar/2024:09:14:13 -0500] "GET /sipse/faces/javax.faces.resource/primefaces.js?ln=primefaces&v=4.0 HTTP/1.1" 304 -
191.156.145.53 - - [05/Mar/2024:09:14:13 -0500] "GET /sipse/css/imagen/logoSDG.png HTTP/1.1" 304 -
191.156.151.73 - - [05/Mar/2024:09:14:13 -0500] "GET /sipse/css/imagen/loginimg.png HTTP/1.1" 304 -
191.156.158.132 - - [05/Mar/2024:09:14:13 -0500] "GET /sipse/faces/javax.faces.resource/images/ui-icons_898989_256x240.png?ln=primefaces-aristo HTTP/1.1" 304 -
23.22.35.162 - - [05/Mar/2024:09:14:17 -0500] "GET /BLA/resoluciones/RESOLUCIONES%202022/1292.pdf HTTP/1.1" 200 341099
52.70.240.171 - - [05/Mar/2024:09:14:21 -0500] "GET /BLA/resoluciones/RESOLUCIONES%202022/1291.pdf HTTP/1.1" 200 342577
52.70.240.171 - - [05/Mar/2024:09:14:25 -0500] "GET /BLA/resoluciones/RESOLUCIONES%202018/2996.pdf HTTP/1.1" 200 263616
201.245.192.253 - - [05/Mar/2024:09:14:28 -0500] "POST /sipse/faces/presentacion/financiero/solicitudProceso/consultarSolicitudProceso.xhtml HTTP/1.1" 200 58135
201.245.192.253 - - [05/Mar/2024:09:14:28 -0500] "GET /sipse/faces/javax.faces.resource/theme.css?ln=primefaces-sipse HTTP/1.1" 304 -
201.245.192.253 - - [05/Mar/2024:09:14:28 -0500] "GET /sipse/faces/javax.faces.resource/layout/layout.css?ln=primefaces&v=4.0 HTTP/1.1" 304 -
201.245.192.253 - - [05/Mar/2024:09:14:28 -0500] "GET /sipse/faces/javax.faces.resource/primefaces.css?ln=primefaces&v=4.0 HTTP/1.1" 304 -
201.245.192.253 - - [05/Mar/2024:09:14:28 -0500] "GET /sipse/faces/javax.faces.resource/jquery/jquery.js?ln=primefaces&v=4.0 HTTP/1.1" 304 -
201.245.192.253 - - [05/Mar/2024:09:14:28 -0500] "GET /sipse/faces/javax.faces.resource/jquery/jquery-plugins.js?ln=primefaces&v=4.0 HTTP/1.1" 304 -
201.245.192.253 - - [05/Mar/2024:09:14:28 -0500] "GET /sipse/faces/javax.faces.resource/primefaces.js?ln=primefaces&v=4.0 HTTP/1.1" 304 -
201.245.192.253 - - [05/Mar/2024:09:14:28 -0500] "GET /sipse/faces/javax.faces.resource/layout/layout.js?ln=primefaces&v=4.0 HTTP/1.1" 304 -
201.245.192.253 - - [05/Mar/2024:09:14:29 -0500] "GET /sipse/css/imagen/contrasena.png HTTP/1.1" 404 383
201.245.192.253 - - [05/Mar/2024:09:14:29 -0500] "POST /sipse/faces/presentacion/financiero/solicitudProceso/listarSolicitudProceso.xhtml HTTP/1.1" 200 51412
201.245.192.253 - - [05/Mar/2024:09:14:29 -0500] "POST /sipse/faces/presentacion/financiero/solicitudProceso/listarSolicitudProceso.xhtml HTTP/1.1" 200 51412
201.245.192.253 - - [05/Mar/2024:09:14:29 -0500] "POST /sipse/faces/presentacion/financiero/solicitudProceso/listarSolicitudProceso.xhtml HTTP/1.1" 200 51412
201.245.192.253 - - [05/Mar/2024:09:14:29 -0500] "POST /sipse/faces/presentacion/financiero/solicitudProceso/listarSolicitudProceso.xhtml HTTP/1.1" 200 51412
201.245.192.253 - - [05/Mar/2024:09:14:30 -0500] "POST /sipse/faces/presentacion/financiero/solicitudProceso/listarSolicitudProceso.xhtml HTTP/1.1" 200 51412
201.245.192.253 - - [05/Mar/2024:09:14:30 -0500] "POST /sipse/faces/presentacion/financiero/solicitudProceso/listarSolicitudProceso.xhtml HTTP/1.1" 200 51412
201.245.192.253 - - [05/Mar/2024:09:14:30 -0500] "POST /sipse/faces/presentacion/financiero/solicitudProceso/listarSolicitudProceso.xhtml HTTP/1.1" 200 51412
201.245.192.253 - - [05/Mar/2024:09:14:30 -0500] "POST /sipse/faces/presentacion/financiero/solicitudProceso/listarSolicitudProceso.xhtml HTTP/1.1" 200 51412
201.245.192.253 - - [05/Mar/2024:09:14:31 -0500] "POST /sipse/faces/presentacion/financiero/solicitudProceso/listarSolicitudProceso.xhtml HTTP/1.1" 200 1556
201.245.192.253 - - [05/Mar/2024:09:14:31 -0500] "POST /sipse/faces/presentacion/financiero/solicitudProceso/listarSolicitudProceso.xhtml HTTP/1.1" 200 1552
201.245.192.253 - - [05/Mar/2024:09:14:31 -0500] "POST /sipse/faces/presentacion/financiero/solicitudProceso/listarSolicitudProceso.xhtml HTTP/1.1" 200 1564
201.245.192.253 - - [05/Mar/2024:09:14:31 -0500] "POST /sipse/faces/presentacion/financiero/solicitudProceso/listarSolicitudProceso.xhtml HTTP/1.1" 200 1552
201.245.192.253 - - [05/Mar/2024:09:14:31 -0500] "POST /sipse/faces/presentacion/financiero/solicitudProceso/listarSolicitudProceso.xhtml HTTP/1.1" 200 1564
201.245.192.253 - - [05/Mar/2024:09:14:31 -0500] "POST /sipse/faces/presentacion/financiero/solicitudProceso/listarSolicitudProceso.xhtml HTTP/1.1" 200 1552
201.245.192.253 - - [05/Mar/2024:09:14:32 -0500] "POST /sipse/faces/presentacion/financiero/solicitudProceso/listarSolicitudProceso.xhtml HTTP/1.1" 200 1564
201.245.192.253 - - [05/Mar/2024:09:14:32 -0500] "POST /sipse/faces/presentacion/financiero/solicitudProceso/listarSolicitudProceso.xhtml HTTP/1.1" 200 1552
201.245.192.253 - - [05/Mar/2024:09:14:32 -0500] "POST /sipse/faces/presentacion/financiero/solicitudProceso/listarSolicitudProceso.xhtml HTTP/1.1" 200 1564
3.224.220.101 - - [05/Mar/2024:09:14:35 -0500] "GET /BLA/resoluciones/RESOLUCIONES%202018/2987.pdf HTTP/1.1" 200 276019
23.22.35.162 - - [05/Mar/2024:09:14:36 -0500] "GET /BLA/resoluciones/RESOLUCIONES%202018/2986.pdf HTTP/1.1" 200 275824
23.22.35.162 - - [05/Mar/2024:09:14:41 -0500] "GET /BLA/resoluciones/RESOLUCIONES%202022/1290.pdf HTTP/1.1" 200 339319
201.245.192.253 - - [05/Mar/2024:09:14:41 -0500] "POST /sipse/faces/presentacion/financiero/solicitudProceso/listarSolicitudProceso.xhtml HTTP/1.1" 200 150523
201.245.192.253 - - [05/Mar/2024:09:14:42 -0500] "GET /sipse/faces/javax.faces.resource/theme.css?ln=primefaces-sipse HTTP/1.1" 304 -
201.245.192.253 - - [05/Mar/2024:09:14:42 -0500] "GET /sipse/faces/javax.faces.resource/primefaces.css?ln=primefaces&v=4.0 HTTP/1.1" 304 -
201.245.192.253 - - [05/Mar/2024:09:14:42 -0500] "GET /sipse/faces/javax.faces.resource/layout/layout.css?ln=primefaces&v=4.0 HTTP/1.1" 304 -
201.245.192.253 - - [05/Mar/2024:09:14:42 -0500] "GET /sipse/faces/javax.faces.resource/jquery/jquery.js?ln=primefaces&v=4.0 HTTP/1.1" 304 -
201.245.192.253 - - [05/Mar/2024:09:14:42 -0500] "GET /sipse/faces/javax.faces.resource/jquery/jquery-plugins.js?ln=primefaces&v=4.0 HTTP/1.1" 304 -
201.245.192.253 - - [05/Mar/2024:09:14:42 -0500] "GET /sipse/faces/javax.faces.resource/primefaces.js?ln=primefaces&v=4.0 HTTP/1.1" 304 -
201.245.192.253 - - [05/Mar/2024:09:14:42 -0500] "GET /sipse/faces/javax.faces.resource/layout/layout.js?ln=primefaces&v=4.0 HTTP/1.1" 304 -
201.245.192.253 - - [05/Mar/2024:09:14:42 -0500] "GET /sipse/css/imagen/contrasena.png HTTP/1.1" 404 383
52.70.240.171 - - [05/Mar/2024:09:14:45 -0500] "GET /BLA/resoluciones/RESOLUCIONES%202018/2985.pdf HTTP/1.1" 200 276008
201.245.192.253 - - [05/Mar/2024:09:14:46 -0500] "POST /appsia/controlador HTTP/1.1" 200 7785
201.245.192.253 - - [05/Mar/2024:09:14:47 -0500] "POST /appsia/controlador HTTP/1.1" 200 5437
201.245.192.253 - - [05/Mar/2024:09:14:48 -0500] "POST /appsia/controlador HTTP/1.1" 200 4799
201.245.192.253 - - [05/Mar/2024:09:14:48 -0500] "POST /sipse/faces/presentacion/financiero/solicitudProceso/consultarSolicitudProceso.xhtml HTTP/1.1" 200 5562
172.22.2.4 - - [05/Mar/2024:09:13:08 -0500] "HEAD /BLA/boletinlegal/ HTTP/1.1" 200 -
23.22.35.162 - - [05/Mar/2024:09:14:49 -0500] "GET /BLA/resoluciones/RESOLUCIONES%202022/1289.pdf HTTP/1.1" 200 352695
3.224.220.101 - - [05/Mar/2024:09:14:53 -0500] "GET /BLA/resoluciones/RESOLUCIONES%202018/2984.pdf HTTP/1.1" 200 6501367
186.102.60.43 - - [05/Mar/2024:09:14:55 -0500] "GET /kwssiamovil/sm/ldap/au?x=U2FsdGVkX18ug2UnuuJCoR3SF623vUx012jUVcO0UMrHQz/YnJmvn7rADNBKDddH&y=U2FsdGVkX19gVahG+tNBlA6fs/gGtf36EUiogMCKmyR2Dn1YWYhJSriWXWFKmZVZ HTTP/1.1" 200 30
186.102.60.43 - - [05/Mar/2024:09:14:56 -0500] "GET /kwssiamovil/sm/acme/s?s=U2FsdGVkX1/McnVEOuoloPgK5crJ4/mkYh1f0yRATAkwCh0TBLpYj04Ajs/aVhqzqgNg4kKiFOt41sC7gnFLVNMi2pt2/DzpB87wqpaQ2aQ=&u=U2FsdGVkX193W1ktozo4UUzIAEuKqtvdQj4h3Bj2UEk=&y=U2FsdGVkX19gVahG+tNBlA6fs/gGtf36EUiogMCKmyR2Dn1YWYhJSriWXWFKmZVZ HTTP/1.1" 200 97
186.102.60.43 - - [05/Mar/2024:09:14:56 -0500] "GET /kwssiamovil/sm/acme/s?s=U2FsdGVkX19hBbp4a49ROAUplwLPlie8a45bUVKP9PmO8O6V6AYS4mwH4lLh7VBlCe+USypGCbwuB4HloxAp80kVIJ21eubvJaPOwIMYj9iskPomaYDhJ6nlMxuJEtz0xMbDPLWYiyALkido88vcNzX3aipSyWMUZNzFbCyF736zIoTVWjpH1kqpZBs/QZiRmKrTncrHBOmijRGMNsk9YxOkD5vAJzdNIeZZgHf+/sOXXgIZEmjqgszxN0wN0qigbopIBZGk8eiBbpLNmyPqcL1vXbTr96E/jpwFJqAMOgPxUgZO68AtwAiHforS3dT0rGrYVmJUwII01hQYaZYKPNemTTZrQLWOROfmG+wRHxFsUw5bmi/SgOJmPqC0Og4EuC1MXfb6KlFEjbacvNDf3mUkkGOm6nOQesw8gu2AIo9vTn6YGmS/vEs50kdzJ9SS0WRqXHfSoxFtG7SIizHeXblIFLracddwbvqZV73q8diWHoCeN+QgWTe+fQAjRkliVx6PV1PsfnGGdkI7hj3DaqTj1t+APok5djlLqmhCJzXrd3Oyw56ZisvGUqZhTbY9ord/6BBgLEo6kcDD+pTT4L/QYshlTaz4JGkQnWHUTBPfTedBQDLVr+yDT16uRYGUSL1VO9cZ6T4Gikx7gwbPloPaLZDoX12zbU5WSLa3+rkaUibB3JUGXwDQUI18eVv8u6QaUC1JkayTlSaxeE+gBDXME5NxfPBy6WwJl2M/M2mmI3maSlSqpI+TdhSuUPbXXUMrOt15Snm9mUC5OQe7sGrxlBQ1T6WhaSXiPzpyquT/fuqXvj28El5gabP7kxoWhtJUBCL1iqgJrtCGIJf118uPyrezQeZpnkI9xzP0c6sEvPiizjv2RCDx5eJ5GrO6ok53igOopDVSQwoFjpOBwHNx7KYUUt0Cvp1iaAI0FZ9oz9PuRBqYI873GgUavii1rdJ9NDyspI0PIMoxtLh6ikXWCnR6188mdP5djNobAK6hnwZoaRc5x+DnyuxGSo7CYVq8yWZMR+ZZpb+2d7SHzzMQJUw9dr9Ik4NPcsyDDVnf2I0LHn77k35JvbsPAv78AvgdAjCW2dh3YRl3v/ZgKwKcsNZdkK4oOy98xMUAHlCLBT8ZwnhhAniKeESW66qrOUdV4EzwHyNt8VlGeyYMaA/HlcmUtUggzQ+HXx1pCFUYVeqBtRSawCbWH1/rxQfG2snZvzVLjNomOJFTdSows4HGtE4TOB3JBhcTefS6yfMPTUFhEB/ehCrCTl7yH4hiKxrDVfoPRPMuRkB/VEH5QMkoSnveJbcP1h7NE/xGqaOhM2w2TSjCWNnhrzc/UhMmMMEAVHSFj6U3/a9k929zOTAqdTjVVA80XakLi4Cty/cJbxSnv0tGwWSFalEQbeys+HI3utigRKCHzYKCvK0W82QACPQeg4MJzOarsHszO0kSwHwutAkYxLGzFqnD0JSTLvJEbyTAAvZu346oDdD/gSq1CpoxqOQP44yOu4+aCSaBS7hVwxQL7Wsb9u1BjvH1fBmfptNSaTGsJPkkEkR+YUgwiTfVPOlpABIbrlkA06pihMxWHHYQ7nJJR4D6G+hXjToI+PdMSn3xV0FbT7YxtFJ769bJFVrbyVFizoTlE4emyoB6O8+ooAi8nlXhPNqz5+l0A8C8fXOTnKwy3yzYL69j66B4ML1fiVgwKIRERjjpAAQ1TVm9YS6tTdHchf1iM8gLnANeQbLhTeccjOES+5Voc4AImKqB8U+wVwYr4wM=&u=U2FsdGVkX193W1ktozo4UUzIAEuKqtvdQj4h3Bj2UEk=&y=U2FsdGVkX19gVahG+tNBlA6fs/gGtf36EUiogMCKmyR2Dn1YWYhJSriWXWFKmZVZ HTTP/1.1" 200 601
186.102.60.43 - - [05/Mar/2024:09:14:56 -0500] "GET /kwssiamovil/sm/acme/s?s=U2FsdGVkX18Hw2AO10kn8LNse1k02N1OgswPgpaiTG3jHargh6RAPEfa5DB8bgNJBhbbWuPg1JqySgwxjZ2nYbMXAqDYO47V4XwyLgE/0U/dbIOogq2eDyMDTFUQ7wvEygcsuEBZGzBPJf4eoKDcESe9YlwqL+i8I+n4F6fZTwSGWBwCkQt97jQIw3ROnhkvMOSx1R5Q/7SmRih9WYROxDu0Yxp+s0ZBZVSVTpEOTzMHqtuIeHl/8WF04MYfvVWFUpJfBDhcejSWOX8kuRDH/3nBI4t9xkLQBg52fQXXKDDoUAOb37MzMrk0fSkcA0+kgoAuzbLJdAgtBp4tzf4QI6s5Wv4JRLJqDOwz2alp21w63FgttGeMJh6k7Wgjxwn17Joqk8gBL+AxItV2AqCZJ9MXQCud/l1d67z6pb5Pw8+Vx+m9IIXSaMa4QF9N9SrSW7l0ZwsPNsXzAMZ2QGneibAIzLOGXLaYpphfjKAvPGnN9eO0Lv1loKIdsizAyyl8FvKPwqEN0CBGjV1pIjmQemJ1au/OMLJry0i9SNTpgyiUGU3yh8x8InMR9nKD+lIU00ZghgflBRmmjoWCo3fImMGa+YZX0w2CjmT6BNeQYF76ut7Eq+l5ij5CyB73eubc9WS96VPlwvW9m5zCo+DyJCdt92A8PoBSgADEgwqv9mO9fokgZGibFuNX/JChDUqwJ2fSB4JR7UrKpEcMIQx7g1UBF127VLSR3btmn9TZhDdvztuInqyGo50gS4Tw4G9V&u=U2FsdGVkX193W1ktozo4UUzIAEuKqtvdQj4h3Bj2UEk=&y=U2FsdGVkX19gVahG+tNBlA6fs/gGtf36EUiogMCKmyR2Dn1YWYhJSriWXWFKmZVZ HTTP/1.1" 200 208
23.22.35.162 - - [05/Mar/2024:09:14:57 -0500] "GET /BLA/resoluciones/RESOLUCIONES%202022/1288.pdf HTTP/1.1" 200 344056
186.102.60.43 - - [05/Mar/2024:09:14:56 -0500] "GET /kwssiamovil/sm/cjson/pre?f=1&x=U2FsdGVkX18ug2UnuuJCoR3SF623vUx012jUVcO0UMrHQz/YnJmvn7rADNBKDddH HTTP/1.1" 200 30244
23.22.35.162 - - [05/Mar/2024:09:15:02 -0500] "GET /BLA/resoluciones/RESOLUCIONES%202018/2982.PDF HTTP/1.1" 200 7895820
201.245.192.253 - - [05/Mar/2024:09:15:03 -0500] "POST /kwsrmcab/Wsrmcab  HTTP/1.1" 200 39632
23.22.35.162 - - [05/Mar/2024:09:15:05 -0500] "GET /BLA/resoluciones/RESOLUCIONES%202022/1287.pdf HTTP/1.1" 200 337594
191.156.145.223 - - [05/Mar/2024:09:15:06 -0500] "POST /sipse/faces/autenticacion.xhtml HTTP/1.1" 200 11245
191.156.145.223 - - [05/Mar/2024:09:15:07 -0500] "GET /sipse/faces/javax.faces.resource/theme.css?ln=primefaces-sipse HTTP/1.1" 304 -
191.156.145.223 - - [05/Mar/2024:09:15:07 -0500] "GET /sipse/faces/javax.faces.resource/primefaces.css?ln=primefaces&v=4.0 HTTP/1.1" 304 -
191.156.151.73 - - [05/Mar/2024:09:15:07 -0500] "GET /sipse/faces/javax.faces.resource/jquery/jquery.js?ln=primefaces&v=4.0 HTTP/1.1" 304 -
191.156.156.202 - - [05/Mar/2024:09:15:07 -0500] "GET /sipse/faces/javax.faces.resource/layout/layout.css?ln=primefaces&v=4.0 HTTP/1.1" 304 -
191.156.153.4 - - [05/Mar/2024:09:15:07 -0500] "GET /sipse/css/custom_css_sg_prime.css HTTP/1.1" 304 -
191.156.153.4 - - [05/Mar/2024:09:15:07 -0500] "GET /sipse/faces/javax.faces.resource/jquery/jquery-plugins.js?ln=primefaces&v=4.0 HTTP/1.1" 304 -
191.156.153.4 - - [05/Mar/2024:09:15:07 -0500] "GET /sipse/faces/javax.faces.resource/primefaces.js?ln=primefaces&v=4.0 HTTP/1.1" 304 -
201.245.192.253 - - [05/Mar/2024:09:15:07 -0500] "GET /sipse/faces/javax.faces.resource/images/ui-bg_flat_0_2d5972_40x100.png?ln=primefaces-aristo HTTP/1.1" 304 -
201.245.192.253 - - [05/Mar/2024:09:15:07 -0500] "POST /sipse/faces/bienvenido.xhtml HTTP/1.1" 200 2658
191.156.153.4 - - [05/Mar/2024:09:15:07 -0500] "GET /sipse/faces/javax.faces.resource/layout/layout.js?ln=primefaces&v=4.0 HTTP/1.1" 304 -
191.156.153.4 - - [05/Mar/2024:09:15:07 -0500] "GET /sipse/faces/javax.faces.resource/messages/messages.png?ln=primefaces&v=4.0 HTTP/1.1" 304 -
3.224.220.101 - - [05/Mar/2024:09:15:09 -0500] "GET /BLA/resoluciones/RESOLUCIONES%202018/2978.pdf HTTP/1.1" 200 3232973
216.245.221.92 - - [05/Mar/2024:09:15:11 -0500] "HEAD / HTTP/1.1" 200 -
201.245.192.253 - - [05/Mar/2024:09:15:12 -0500] "POST /sipse/faces/bienvenido.xhtml HTTP/1.1" 200 63075
201.245.192.253 - - [05/Mar/2024:09:15:12 -0500] "GET /sipse/faces/javax.faces.resource/theme.css?ln=primefaces-sipse HTTP/1.1" 304 -
201.245.192.253 - - [05/Mar/2024:09:15:12 -0500] "GET /sipse/faces/javax.faces.resource/primefaces.css?ln=primefaces&v=4.0 HTTP/1.1" 304 -
201.245.192.253 - - [05/Mar/2024:09:15:12 -0500] "GET /sipse/faces/javax.faces.resource/layout/layout.css?ln=primefaces&v=4.0 HTTP/1.1" 304 -
201.245.192.253 - - [05/Mar/2024:09:15:12 -0500] "GET /sipse/faces/javax.faces.resource/jquery/jquery.js?ln=primefaces&v=4.0 HTTP/1.1" 304 -
201.245.192.253 - - [05/Mar/2024:09:15:12 -0500] "GET /sipse/faces/javax.faces.resource/jquery/jquery-plugins.js?ln=primefaces&v=4.0 HTTP/1.1" 304 -
201.245.192.253 - - [05/Mar/2024:09:15:12 -0500] "GET /sipse/faces/javax.faces.resource/primefaces.js?ln=primefaces&v=4.0 HTTP/1.1" 304 -
201.245.192.253 - - [05/Mar/2024:09:15:12 -0500] "GET /sipse/faces/javax.faces.resource/layout/layout.js?ln=primefaces&v=4.0 HTTP/1.1" 304 -
201.245.192.253 - - [05/Mar/2024:09:15:12 -0500] "POST /sipse/faces/presentacion/financiero/solicitudProceso/listarSolicitudProceso.xhtml HTTP/1.1" 200 1556
52.70.240.171 - - [05/Mar/2024:09:15:13 -0500] "GET /BLA/resoluciones/RESOLUCIONES%202022/1286.pdf HTTP/1.1" 200 339977
201.245.192.253 - - [05/Mar/2024:09:15:17 -0500] "POST /sipse/faces/presentacion/financiero/solicitudProceso/listarSolicitudProceso.xhtml HTTP/1.1" 200 31384
52.70.240.171 - - [05/Mar/2024:09:15:17 -0500] "GET /BLA/resoluciones/RESOLUCIONES%202018/2973.PDF HTTP/1.1" 200 6855764
52.70.240.171 - - [05/Mar/2024:09:15:21 -0500] "GET /BLA/resoluciones/RESOLUCIONES%202018/2972.PDF HTTP/1.1" 200 7926480
3.224.220.101 - - [05/Mar/2024:09:15:25 -0500] "GET /BLA/resoluciones/RESOLUCIONES%202022/1285.pdf HTTP/1.1" 200 357904
23.22.35.162 - - [05/Mar/2024:09:15:29 -0500] "GET /BLA/resoluciones/RESOLUCIONES%202018/2968.pdf HTTP/1.1" 200 269008
3.224.220.101 - - [05/Mar/2024:09:15:33 -0500] "GET /BLA/resoluciones/RESOLUCIONES%202022/1284.pdf HTTP/1.1" 200 463094
201.245.192.253 - - [05/Mar/2024:09:15:33 -0500] "POST /sipse/faces/presentacion/financiero/solicitudProceso/consultarSolicitudProceso.xhtml HTTP/1.1" 302 -
201.245.192.253 - - [05/Mar/2024:09:15:33 -0500] "GET /sipse/faces/javax.faces.resource/images/ui-bg_flat_0_2d5972_40x100.png?ln=primefaces-aristo HTTP/1.1" 304 -
201.245.192.253 - - [05/Mar/2024:09:15:33 -0500] "GET /sipse/faces/autenticacion.xhtml HTTP/1.1" 200 1099
52.70.240.171 - - [05/Mar/2024:09:15:37 -0500] "GET /BLA/resoluciones/RESOLUCIONES%202018/2960.pdf HTTP/1.1" 200 292838
172.22.2.4 - - [05/Mar/2024:09:13:59 -0500] "GET /BLA/boletinlegal/ HTTP/1.1" 200 59967
201.245.192.253 - - [05/Mar/2024:09:15:41 -0500] "GET /sipse/faces/presentacion/financiero/solicitudProceso/consultarHistorialSolProceso.xhtml HTTP/1.1" 302 -
201.245.192.253 - - [05/Mar/2024:09:15:41 -0500] "GET /sipse/faces/autenticacion.xhtml HTTP/1.1" 200 12401
201.245.192.253 - - [05/Mar/2024:09:15:41 -0500] "GET /sipse/faces/javax.faces.resource/theme.css?ln=primefaces-sipse HTTP/1.1" 304 -
201.245.192.253 - - [05/Mar/2024:09:15:41 -0500] "GET /sipse/faces/javax.faces.resource/primefaces.css?ln=primefaces&v=4.0 HTTP/1.1" 304 -
201.245.192.253 - - [05/Mar/2024:09:15:41 -0500] "GET /sipse/faces/javax.faces.resource/layout/layout.css?ln=primefaces&v=4.0 HTTP/1.1" 304 -
201.245.192.253 - - [05/Mar/2024:09:15:41 -0500] "GET /sipse/faces/javax.faces.resource/jquery/jquery.js?ln=primefaces&v=4.0 HTTP/1.1" 304 -
