52.70.240.171 - - [05/Mar/2024:06:03:17 -0500] "GET /BLA/resoluciones/RESOLUCIONES%202019/2488.pdf HTTP/1.1" 200 333291
52.70.240.171 - - [05/Mar/2024:06:03:21 -0500] "GET /BLA/resoluciones/RESOLUCIONES%202019/2487.pdf HTTP/1.1" 200 606934
3.224.220.101 - - [05/Mar/2024:06:03:25 -0500] "GET /BLA/resoluciones/RESOLUCIONES%202019/2484.pdf HTTP/1.1" 200 287904
3.224.220.101 - - [05/Mar/2024:06:03:29 -0500] "GET /BLA/resoluciones/RESOLUCIONES%202019/2479.pdf HTTP/1.1" 200 325928
3.224.220.101 - - [05/Mar/2024:06:03:33 -0500] "GET /BLA/resoluciones/RESOLUCIONES%202019/2478.pdf HTTP/1.1" 200 373946
23.22.35.162 - - [05/Mar/2024:06:03:37 -0500] "GET /BLA/resoluciones/RESOLUCIONES%202019/2477.pdf HTTP/1.1" 200 325825
3.224.220.101 - - [05/Mar/2024:06:03:41 -0500] "GET /BLA/resoluciones/RESOLUCIONES%202019/2472.pdf HTTP/1.1" 200 1534196
3.224.220.101 - - [05/Mar/2024:06:03:45 -0500] "GET /BLA/resoluciones/RESOLUCIONES%202019/2471.pdf HTTP/1.1" 200 368523
52.70.240.171 - - [05/Mar/2024:06:03:49 -0500] "GET /BLA/resoluciones/RESOLUCIONES%202019/2470.pdf HTTP/1.1" 200 362301
23.22.35.162 - - [05/Mar/2024:06:03:53 -0500] "GET /BLA/resoluciones/RESOLUCIONES%202019/2468.pdf HTTP/1.1" 200 6816582
3.224.220.101 - - [05/Mar/2024:06:03:57 -0500] "GET /BLA/resoluciones/RESOLUCIONES%202019/2463.pdf HTTP/1.1" 200 397580
3.224.220.101 - - [05/Mar/2024:06:04:01 -0500] "GET /BLA/resoluciones/RESOLUCIONES%202019/2462.pdf HTTP/1.1" 200 286188
172.22.2.4 - - [05/Mar/2024:06:02:25 -0500] "HEAD /BLA/boletinlegal/ HTTP/1.1" 200 -
52.70.240.171 - - [05/Mar/2024:06:04:05 -0500] "GET /BLA/resoluciones/RESOLUCIONES%202019/2461.pdf HTTP/1.1" 200 282167
52.70.240.171 - - [05/Mar/2024:06:04:09 -0500] "GET /BLA/resoluciones/RESOLUCIONES%202019/2457.pdf HTTP/1.1" 200 373610
52.70.240.171 - - [05/Mar/2024:06:04:13 -0500] "GET /BLA/resoluciones/RESOLUCIONES%202019/2454.pdf HTTP/1.1" 200 406028
23.22.35.162 - - [05/Mar/2024:06:04:17 -0500] "GET /BLA/resoluciones/RESOLUCIONES%202019/2436.pdf HTTP/1.1" 200 408612
186.80.108.8 - - [05/Mar/2024:06:04:21 -0500] "POST /sipse/faces/presentacion/financiero/solicitudProceso/consultarSolicitudProceso.xhtml HTTP/1.1" 200 66869
186.80.108.8 - - [05/Mar/2024:06:04:22 -0500] "GET /sipse/faces/javax.faces.resource/theme.css?ln=primefaces-sipse HTTP/1.1" 304 -
186.80.108.8 - - [05/Mar/2024:06:04:22 -0500] "GET /sipse/faces/javax.faces.resource/primefaces.css?ln=primefaces&v=4.0 HTTP/1.1" 304 -
186.80.108.8 - - [05/Mar/2024:06:04:22 -0500] "GET /sipse/faces/javax.faces.resource/layout/layout.css?ln=primefaces&v=4.0 HTTP/1.1" 304 -
186.80.108.8 - - [05/Mar/2024:06:04:22 -0500] "GET /sipse/faces/javax.faces.resource/jquery/jquery-plugins.js?ln=primefaces&v=4.0 HTTP/1.1" 304 -
186.80.108.8 - - [05/Mar/2024:06:04:22 -0500] "GET /sipse/faces/javax.faces.resource/primefaces.js?ln=primefaces&v=4.0 HTTP/1.1" 304 -
186.80.108.8 - - [05/Mar/2024:06:04:22 -0500] "GET /sipse/faces/javax.faces.resource/jquery/jquery.js?ln=primefaces&v=4.0 HTTP/1.1" 304 -
186.80.108.8 - - [05/Mar/2024:06:04:22 -0500] "GET /sipse/faces/javax.faces.resource/layout/layout.js?ln=primefaces&v=4.0 HTTP/1.1" 304 -
186.80.108.8 - - [05/Mar/2024:06:04:22 -0500] "POST /sipse/faces/presentacion/financiero/solicitudProceso/listarSolicitudProceso.xhtml HTTP/1.1" 200 1556
186.80.108.8 - - [05/Mar/2024:06:04:22 -0500] "POST /sipse/faces/presentacion/financiero/solicitudProceso/listarSolicitudProceso.xhtml HTTP/1.1" 200 1552
52.70.240.171 - - [05/Mar/2024:06:04:23 -0500] "GET /BLA/resoluciones/RESOLUCIONES%202019/2425.pdf HTTP/1.1" 200 369837
3.224.220.101 - - [05/Mar/2024:06:04:25 -0500] "GET /BLA/resoluciones/RESOLUCIONES%202019/2420.pdf HTTP/1.1" 200 273641
52.70.240.171 - - [05/Mar/2024:06:04:29 -0500] "GET /BLA/resoluciones/RESOLUCIONES%202019/2419.pdf HTTP/1.1" 200 358426
23.22.35.162 - - [05/Mar/2024:06:04:33 -0500] "GET /BLA/resoluciones/RESOLUCIONES%202019/2417.pdf HTTP/1.1" 200 425541
3.224.220.101 - - [05/Mar/2024:06:04:37 -0500] "GET /BLA/resoluciones/RESOLUCIONES%202019/2416.pdf HTTP/1.1" 200 444182
52.70.240.171 - - [05/Mar/2024:06:04:41 -0500] "GET /BLA/resoluciones/RESOLUCIONES%202019/2415.pdf HTTP/1.1" 200 318373
3.224.220.101 - - [05/Mar/2024:06:04:45 -0500] "GET /BLA/resoluciones/RESOLUCIONES%202019/2414.pdf HTTP/1.1" 200 286249
186.80.108.8 - - [05/Mar/2024:06:04:45 -0500] "POST /sipse/faces/presentacion/financiero/solicitudProceso/listarSolicitudProceso.xhtml HTTP/1.1" 200 151926
186.80.108.8 - - [05/Mar/2024:06:04:46 -0500] "GET /sipse/faces/javax.faces.resource/theme.css?ln=primefaces-sipse HTTP/1.1" 304 -
186.80.108.8 - - [05/Mar/2024:06:04:46 -0500] "GET /sipse/faces/javax.faces.resource/primefaces.css?ln=primefaces&v=4.0 HTTP/1.1" 304 -
186.80.108.8 - - [05/Mar/2024:06:04:46 -0500] "GET /sipse/faces/javax.faces.resource/layout/layout.css?ln=primefaces&v=4.0 HTTP/1.1" 304 -
186.80.108.8 - - [05/Mar/2024:06:04:46 -0500] "GET /sipse/faces/javax.faces.resource/jquery/jquery.js?ln=primefaces&v=4.0 HTTP/1.1" 304 -
186.80.108.8 - - [05/Mar/2024:06:04:46 -0500] "GET /sipse/faces/javax.faces.resource/jquery/jquery-plugins.js?ln=primefaces&v=4.0 HTTP/1.1" 304 -
186.80.108.8 - - [05/Mar/2024:06:04:46 -0500] "GET /sipse/faces/javax.faces.resource/primefaces.js?ln=primefaces&v=4.0 HTTP/1.1" 304 -
186.80.108.8 - - [05/Mar/2024:06:04:46 -0500] "GET /sipse/faces/javax.faces.resource/layout/layout.js?ln=primefaces&v=4.0 HTTP/1.1" 304 -
3.224.220.101 - - [05/Mar/2024:06:04:49 -0500] "GET /BLA/resoluciones/RESOLUCIONES%202019/2413.pdf HTTP/1.1" 200 285660
186.80.108.8 - - [05/Mar/2024:06:04:49 -0500] "POST /sipse/faces/presentacion/financiero/solicitudProceso/consultarSolicitudProceso.xhtml HTTP/1.1" 200 86767
3.224.220.101 - - [05/Mar/2024:06:04:55 -0500] "GET /BLA/resoluciones/RESOLUCIONES%202019/2412.pdf HTTP/1.1" 200 283634
172.22.2.4 - - [05/Mar/2024:06:03:16 -0500] "GET /BLA/boletinlegal/ HTTP/1.1" 200 58720
52.70.240.171 - - [05/Mar/2024:06:04:57 -0500] "GET /BLA/resoluciones/RESOLUCIONES%202019/2410.pdf HTTP/1.1" 200 261608
3.224.220.101 - - [05/Mar/2024:06:05:01 -0500] "GET /BLA/resoluciones/RESOLUCIONES%202019/2409.pdf HTTP/1.1" 200 287119
3.224.220.101 - - [05/Mar/2024:06:05:05 -0500] "GET /BLA/resoluciones/RESOLUCIONES%202019/2405.pdf HTTP/1.1" 200 287989
52.70.240.171 - - [05/Mar/2024:06:05:09 -0500] "GET /BLA/resoluciones/RESOLUCIONES%202019/2404.pdf HTTP/1.1" 200 287204
3.224.220.101 - - [05/Mar/2024:06:05:13 -0500] "GET /BLA/resoluciones/RESOLUCIONES%202019/2380.pdf HTTP/1.1" 200 356167
23.22.35.162 - - [05/Mar/2024:06:05:17 -0500] "GET /BLA/resoluciones/RESOLUCIONES%202019/2374.pdf HTTP/1.1" 200 287919
52.70.240.171 - - [05/Mar/2024:06:05:21 -0500] "GET /BLA/resoluciones/RESOLUCIONES%202019/2373.pdf HTTP/1.1" 200 285065
23.22.35.162 - - [05/Mar/2024:06:05:25 -0500] "GET /BLA/resoluciones/RESOLUCIONES%202019/2367.pdf HTTP/1.1" 200 292369
52.70.240.171 - - [05/Mar/2024:06:05:29 -0500] "GET /BLA/resoluciones/RESOLUCIONES%202019/2366.pdf HTTP/1.1" 200 285782
52.70.240.171 - - [05/Mar/2024:06:05:33 -0500] "GET /BLA/resoluciones/RESOLUCIONES%202019/2362.pdf HTTP/1.1" 200 225496
3.224.220.101 - - [05/Mar/2024:06:05:37 -0500] "GET /BLA/resoluciones/RESOLUCIONES%202019/2355.pdf HTTP/1.1" 200 291399
3.224.220.101 - - [05/Mar/2024:06:05:41 -0500] "GET /BLA/resoluciones/RESOLUCIONES%202019/2354.pdf HTTP/1.1" 200 225440
52.70.240.171 - - [05/Mar/2024:06:05:46 -0500] "GET /BLA/resoluciones/RESOLUCIONES%202019/2352.pdf HTTP/1.1" 200 261395
23.22.35.162 - - [05/Mar/2024:06:05:49 -0500] "GET /BLA/resoluciones/RESOLUCIONES%202019/2351.pdf HTTP/1.1" 200 214925
52.70.240.171 - - [05/Mar/2024:06:05:54 -0500] "GET /BLA/resoluciones/RESOLUCIONES%202019/2350.pdf HTTP/1.1" 200 332952
3.224.220.101 - - [05/Mar/2024:06:05:57 -0500] "GET /BLA/resoluciones/RESOLUCIONES%202019/2349.pdf HTTP/1.1" 200 332418
201.245.192.253 - - [05/Mar/2024:06:05:58 -0500] "POST /kwsrmcab/Wsrmcab  HTTP/1.1" 200 39632
3.224.220.101 - - [05/Mar/2024:06:06:01 -0500] "GET /BLA/resoluciones/RESOLUCIONES%202019/2346.pdf HTTP/1.1" 200 256611
186.80.108.8 - - [05/Mar/2024:06:06:01 -0500] "POST /sipse/faces/presentacion/financiero/solicitudProceso/consultarSolicitudProceso.xhtml HTTP/1.1" 200 66869
186.80.108.8 - - [05/Mar/2024:06:06:02 -0500] "GET /sipse/faces/javax.faces.resource/theme.css?ln=primefaces-sipse HTTP/1.1" 304 -
186.80.108.8 - - [05/Mar/2024:06:06:02 -0500] "GET /sipse/faces/javax.faces.resource/primefaces.css?ln=primefaces&v=4.0 HTTP/1.1" 304 -
186.80.108.8 - - [05/Mar/2024:06:06:02 -0500] "GET /sipse/faces/javax.faces.resource/layout/layout.css?ln=primefaces&v=4.0 HTTP/1.1" 304 -
186.80.108.8 - - [05/Mar/2024:06:06:02 -0500] "GET /sipse/faces/javax.faces.resource/jquery/jquery.js?ln=primefaces&v=4.0 HTTP/1.1" 304 -
186.80.108.8 - - [05/Mar/2024:06:06:02 -0500] "GET /sipse/faces/javax.faces.resource/jquery/jquery-plugins.js?ln=primefaces&v=4.0 HTTP/1.1" 304 -
186.80.108.8 - - [05/Mar/2024:06:06:02 -0500] "GET /sipse/faces/javax.faces.resource/layout/layout.js?ln=primefaces&v=4.0 HTTP/1.1" 304 -
186.80.108.8 - - [05/Mar/2024:06:06:02 -0500] "GET /sipse/faces/javax.faces.resource/primefaces.js?ln=primefaces&v=4.0 HTTP/1.1" 304 -
186.80.108.8 - - [05/Mar/2024:06:06:02 -0500] "POST /sipse/faces/presentacion/financiero/solicitudProceso/listarSolicitudProceso.xhtml HTTP/1.1" 200 1556
186.80.108.8 - - [05/Mar/2024:06:06:02 -0500] "POST /sipse/faces/presentacion/financiero/solicitudProceso/listarSolicitudProceso.xhtml HTTP/1.1" 200 1552
52.70.240.171 - - [05/Mar/2024:06:06:05 -0500] "GET /BLA/resoluciones/RESOLUCIONES%202019/2345.pdf HTTP/1.1" 200 249500
3.224.220.101 - - [05/Mar/2024:06:06:09 -0500] "GET /BLA/resoluciones/RESOLUCIONES%202019/2344.pdf HTTP/1.1" 200 250577
52.70.240.171 - - [05/Mar/2024:06:06:14 -0500] "GET /BLA/resoluciones/RESOLUCIONES%202019/2343.pdf HTTP/1.1" 200 261218
3.224.220.101 - - [05/Mar/2024:06:06:17 -0500] "GET /BLA/resoluciones/RESOLUCIONES%202019/2342.pdf HTTP/1.1" 200 329665
52.70.240.171 - - [05/Mar/2024:06:06:21 -0500] "GET /BLA/resoluciones/RESOLUCIONES%202019/2341.pdf HTTP/1.1" 200 339877
186.80.108.8 - - [05/Mar/2024:06:06:23 -0500] "POST /sipse/faces/presentacion/financiero/solicitudProceso/listarSolicitudProceso.xhtml HTTP/1.1" 200 150091
186.80.108.8 - - [05/Mar/2024:06:06:24 -0500] "GET /sipse/faces/javax.faces.resource/theme.css?ln=primefaces-sipse HTTP/1.1" 304 -
186.80.108.8 - - [05/Mar/2024:06:06:24 -0500] "GET /sipse/faces/javax.faces.resource/layout/layout.css?ln=primefaces&v=4.0 HTTP/1.1" 304 -
186.80.108.8 - - [05/Mar/2024:06:06:24 -0500] "GET /sipse/faces/javax.faces.resource/primefaces.css?ln=primefaces&v=4.0 HTTP/1.1" 304 -
186.80.108.8 - - [05/Mar/2024:06:06:24 -0500] "GET /sipse/faces/javax.faces.resource/jquery/jquery.js?ln=primefaces&v=4.0 HTTP/1.1" 304 -
186.80.108.8 - - [05/Mar/2024:06:06:24 -0500] "GET /sipse/faces/javax.faces.resource/jquery/jquery-plugins.js?ln=primefaces&v=4.0 HTTP/1.1" 304 -
186.80.108.8 - - [05/Mar/2024:06:06:24 -0500] "GET /sipse/faces/javax.faces.resource/primefaces.js?ln=primefaces&v=4.0 HTTP/1.1" 304 -
186.80.108.8 - - [05/Mar/2024:06:06:24 -0500] "GET /sipse/faces/javax.faces.resource/layout/layout.js?ln=primefaces&v=4.0 HTTP/1.1" 304 -
23.22.35.162 - - [05/Mar/2024:06:06:25 -0500] "GET /BLA/resoluciones/RESOLUCIONES%202019/2340.pdf HTTP/1.1" 200 337162
186.80.108.8 - - [05/Mar/2024:06:06:27 -0500] "POST /sipse/faces/presentacion/financiero/solicitudProceso/consultarSolicitudProceso.xhtml HTTP/1.1" 200 277819
3.224.220.101 - - [05/Mar/2024:06:06:29 -0500] "GET /BLA/resoluciones/RESOLUCIONES%202019/2339.pdf HTTP/1.1" 200 344295
3.224.220.101 - - [05/Mar/2024:06:06:33 -0500] "GET /BLA/resoluciones/RESOLUCIONES%202019/2338.pdf HTTP/1.1" 200 333383
23.22.35.162 - - [05/Mar/2024:06:06:37 -0500] "GET /BLA/resoluciones/RESOLUCIONES%202019/2337.pdf HTTP/1.1" 200 273777
216.245.221.92 - - [05/Mar/2024:06:06:38 -0500] "HEAD / HTTP/1.1" 200 -
52.70.240.171 - - [05/Mar/2024:06:06:41 -0500] "GET /BLA/resoluciones/RESOLUCIONES%202019/2334.pdf HTTP/1.1" 200 351924
52.70.240.171 - - [05/Mar/2024:06:06:45 -0500] "GET /BLA/resoluciones/RESOLUCIONES%202019/2333.pdf HTTP/1.1" 200 283522
3.224.220.101 - - [05/Mar/2024:06:06:49 -0500] "GET /BLA/resoluciones/RESOLUCIONES%202019/2332.pdf HTTP/1.1" 200 334909
3.224.220.101 - - [05/Mar/2024:06:06:53 -0500] "GET /BLA/resoluciones/RESOLUCIONES%202019/2331.pdf HTTP/1.1" 200 366917
52.70.240.171 - - [05/Mar/2024:06:06:57 -0500] "GET /BLA/resoluciones/RESOLUCIONES%202019/2330.pdf HTTP/1.1" 200 360913
3.224.220.101 - - [05/Mar/2024:06:07:01 -0500] "GET /BLA/resoluciones/RESOLUCIONES%202019/2329.pdf HTTP/1.1" 200 277026
23.22.35.162 - - [05/Mar/2024:06:07:05 -0500] "GET /BLA/resoluciones/RESOLUCIONES%202019/2328.pdf HTTP/1.1" 200 279050
52.70.240.171 - - [05/Mar/2024:06:07:09 -0500] "GET /BLA/resoluciones/RESOLUCIONES%202019/2327.pdf HTTP/1.1" 200 281451
3.224.220.101 - - [05/Mar/2024:06:07:13 -0500] "GET /BLA/resoluciones/RESOLUCIONES%202019/2326.pdf HTTP/1.1" 200 271903
52.70.240.171 - - [05/Mar/2024:06:07:17 -0500] "GET /BLA/resoluciones/RESOLUCIONES%202019/2325.pdf HTTP/1.1" 200 278475
52.70.240.171 - - [05/Mar/2024:06:07:21 -0500] "GET /BLA/resoluciones/RESOLUCIONES%202019/02324.pdf HTTP/1.1" 200 284295
52.70.240.171 - - [05/Mar/2024:06:07:25 -0500] "GET /BLA/resoluciones/RESOLUCIONES%202019/02323.pdf HTTP/1.1" 200 349654
3.224.220.101 - - [05/Mar/2024:06:07:29 -0500] "GET /BLA/resoluciones/RESOLUCIONES%202019/2322.pdf HTTP/1.1" 200 264591
52.70.240.171 - - [05/Mar/2024:06:07:33 -0500] "GET /BLA/resoluciones/RESOLUCIONES%202019/2321.pdf HTTP/1.1" 200 292322
186.155.12.195 - - [05/Mar/2024:06:07:33 -0500] "GET /kwssiamovil/sm/acme/a?s=U2FsdGVkX1+ZFn5Ie/T06e+f6+MEK2xZCaOi97APeT+BKbW4StO18Byh25xftSxzmICdkTSR4JPzYK7KtNsEBTE5KVwsSSLR1fej7XiTzdQjIRO71pvHYRjSub0Z0K2xRMD0BCNpjYGqhy1cP7RZw0kdySLgbGL6nQEF4R3h8mwJyVbPxLC0nH8KFTTZTT6JtL/eTMDIuMmSEO4SiPRuAxZlOQuuHvLSKF5BVkdqKGWqy5AdlNcCmZj9r16E9pdOWNJEHO9yIAfWlaRJDdrD0g==&u=U2FsdGVkX1920+3EqwrbQsALnj9uAvgAl+r8OpcsyEA=&y=U2FsdGVkX1+erHjg6H2jtzOsKA5z/lD6XJP8KVF9G2A= HTTP/1.1" 200 26
186.155.12.195 - - [05/Mar/2024:06:07:33 -0500] "GET /kwssiamovil/sm/acme/a?s=U2FsdGVkX19K1qX9UIYHkmmQFg+A62sPVi0SclCwyANe5eDH6CNAH+8iMi+lhnuDHdsaR5n9doasQl8TuTzI1EfgR/l9O7J5s+FpyT3FqytcMGkVqRae39+y5mkquQJoxl8d/mmueugAHXlH7Udk3z1kT8zdPM/KoS4E8qUojmKoHxhEjSCw6pjIaYNpSaUlArhkOlwkCa3grMO1zZ+36mcUmEttfTZh/MlgGgDTzpXE3yJsYWmlbyO4Z7KVyBrX5RcbFoCbtiPfq053uuIbRyKNWXI6sYI4Vj9Zkhuy4OO0tVKIybv0eNfa3agrc2rV76N+dK0tP77KifCiBMpj+rU1Q/BRXrr6iZnZ7RnWuzMRoqUvAWhzvAAyeJjwJKr0PG0S2nszLsV4k+WTq+JqTWAegAB47C7Caoc8IQlACdLSDbeLJY3O8mhoxYV2T6dwHxywALBaDWQQI0a6YbnK7vQbQZZwVX/G15uG+vRdml9av7fw+577sJquiVS7z6SDVLc7BZ4lrnXg9Xw4bE/xAXbw0PK9IbRl0+62YXz0kONLshTY6DXBQRSKVz4hC6Mp4D1WQ2FtB6TfDwFIcSeXISeoVRtd2tewSlktIx/2n9VxpJj+EDVEdb5wvP9hzxa5btBqZOH52Aneebgir+99jvh0wiN3g3aHFx+5fIZHxus2/8ikY4zQyvCmh32DkZf4bDdBSlXHw5TSZ8CMvr128HjoSo0gOCUoggkDQfAQzdxRRrdh4I5LTYhRmXLG+4ESsSvVSwqEmYVQH6K9IX1lTJQC8ac/w6MwcJY7Sgdr8ST/zMCvysl1Qjaxso8VFl5WZlYYu2tUyUEWEDTfaF2ox24SLK5F7Zsxy5Vq4qOSMplYr8LRWeW5jDESRUsQxBubASDsMG7QEItX+yFHFQdune/VgCsDv9vCmpm4M/ufucqQc35Aek0viYvA7bHQXMHh0447EqHeyGw3U6kYWfw7EMgA7fFxkUEN+hOUndL6XxUFITrituywUuEireOgr8qxU01laXGfIVSYFURdwP1zfgwuwpDMQZaD++Shwy64fm16BPZ7vlw1BNZoymKxZvCmxxOdCvLqug/ekcqiKh84UA1XFl4dIovHKHBoEQQfXUaAMHWqR9l7ObGU4GxALYTW53RFELY/QFpfSnOJPv/C2cCLIulzX2YKIok76cU2vxrN7lDDximWK2AobofQvoBEALSe3nkws9i+ImR3b5uInpA0NcVgtgL+5bA4+G2udGdK8kRcI4QPaAyOJ+jfiICDjfFu7MRY3KjUQK+Ju+vH722jUPAhRbVWmR175Cw6lAvbnozzpSPlLo4jfuZywacSUaQO8rBVntbFcg46VCY2gPcGdfaNoo/K+aOmX1HQXfmmWIzEKUXNkrIKXj9k+f+TJEPQs5WJhx/D5fh9Z6CArET4KxEoCepKhDboPs1vovLNIBjE1gpZUUJHl42bNOdGRO/j4+D1F8b457wzjEDvx9Iofvfsu3dM3aNUnJDp3wDIpc2R0D/V2wzYxsR77yVejGxuned3lmkOPfbzBHhP65OjrS7kOvzwaTfRg0JirFNugBVZWBWnrsd0iQ1aDDMwmeiGf6lQWZl1mHs6qaLvXd6sSyfUxjGC57cDs06w7ev09QRwscuE8zinIFk4lDOF5codlolmS1WYqLSOSv6+qXVI3o/bfMRybaNQrz/jhlD3VcRD3fPgd3MSOkgjYQRHM9kyjzZPMY1yffHgf1ZqU2wfm6+lgTOfo+xOrIk1uizPXnOYnLe3SnXwYzZ9Z3OptqaAoMu9NDzNN4pRrCXqsNNz7/rDcvToNVA00zJfVMn+uOH08vOmQ7j4CrlG+xBU1hlWhSEBJwTdgHjRnKVKFVuaHf6basQ2MCqNmGbf0bdAvX+H+tJGv+ygeElrwImqUegTH0kbQcJJglv+yRdb5BsHnUcvFyoJk8eHoXm5oy5mfQw6D9Lj0BlTwbyu/bTelMBCsfnXe8NfbAapTTikx3CmZVGyCN510TduNezA2Fymm4WFSG9/HmoIiakq+y70vZtlzaXVxTUPKmaVa1uRiiVX9h8C+xktQvGrc+odyxFE9EzrPANiXFQCuY7qWToJWyXrWf7cQonj6vUU4Rn23xH/4KMReB5XxDrc3sMl0MEri/m8EDYzXJNFHtt1/4vuhduZbVRB2FmD/JCs2iUC89rCj++ceOJI+CnlVzu4raVASyV6sjDZR1R/ae2SyMsvCJaFguzMFzGzE1M5BbXFOEVP/X02h+4uycTNqEHzL4aQrQsyjSRIZTO1aXhCEo7kI6TIXVJExOTIR1YRocyr/dMpCvpG/5wUQvENTyW1Lf4GVbMbFX4t+0icV01zX3I2dmdvsYrfkjshODAnC3S0S0KmSlvlGk+0KddzidqsuyPBy+Okqp9FfrR93LIFc6xlRJKlxPv9I3Krhgw2mc14ZNg4RpBMr3lZMCN3weRtrn3UiFPrXQXJ0bcSRMCpSPE9IxWAJ+RAI6KzF9PFW/KK0WdhuCX8zYBxtAsg1PDrgHqetYVuBCr4pmT0EvZ4AkpJGACqAmpwxRXfwVJwn5tuLgfIJqzy9DvqCcfSYxiAkOWz0t4vBmQCFwJ/bwzENBVA+MXvjdOzw/eSlGXYx6ZKZN/h2NZch/ik+hEJjMc+i5Mtd0Twyhn5P5A6deI1HOG3bgYukrxC9boSoUwpG+l0GJby6wYmUo4AkDR6KNorPeJdlyhmkBq1Fjp56OpwumM+&u=U2FsdGVkX1920+3EqwrbQsALnj9uAvgAl+r8OpcsyEA=&y=U2FsdGVkX1+erHjg6H2jtzOsKA5z/lD6XJP8KVF9G2A= HTTP/1.1" 200 26
186.155.12.195 - - [05/Mar/2024:06:07:34 -0500] "GET /kwssiamovil/sm/acme/a?s=U2FsdGVkX1+GajmBsWvuc82YMzCQZ1ci433gm8xCwystVZFFXLfEJCDkBBtySBswDwLkxjwPUSha3qgCYOggnmqdD5ue5R0Ncsz2EWboPerItefrR/6cEpByayo2SoQgUJdXLbxsGJNTImp9cLb4jmVXQZ2zfLTMLjjDZNkvFLs=&u=U2FsdGVkX1920+3EqwrbQsALnj9uAvgAl+r8OpcsyEA=&y=U2FsdGVkX1+erHjg6H2jtzOsKA5z/lD6XJP8KVF9G2A= HTTP/1.1" 200 26
186.155.12.195 - - [05/Mar/2024:06:07:34 -0500] "GET /kwssiamovil/sm/acme/a?s=U2FsdGVkX1/IuWIGKREJjqQhTtbK334YTk5UxpIUG3nYhkHsOPqrIVngcrdeVH6Xpl4+ec2sbLH6PPxcEJHy5naD+GjoWDPxe4K47pZo5bOoNrfvEpUchxaIWdUjrIsmn85N26kBTttmiSuCHIE+4NTa76Dd7zgiK2EAsB1tlt0=&u=U2FsdGVkX1920+3EqwrbQsALnj9uAvgAl+r8OpcsyEA=&y=U2FsdGVkX1+erHjg6H2jtzOsKA5z/lD6XJP8KVF9G2A= HTTP/1.1" 200 26
186.155.12.195 - - [05/Mar/2024:06:07:34 -0500] "GET /kwssiamovil/sm/acme/a?s=U2FsdGVkX1/Hw5eI+LLMU8QjETqP9VeGe7/nxqGxL3w+4yBCo/XtGxOsheBlhM0rvzblivEAffukWE0JvWgpB7WNlELz+ACTwkK23oeBAOHZlEyR49Y+o0HoPR99azxpZNtlsjrK2YFN0zn6ZFm3margZOWmDGc2NYWHj9WTW5Q=&u=U2FsdGVkX1920+3EqwrbQsALnj9uAvgAl+r8OpcsyEA=&y=U2FsdGVkX1+erHjg6H2jtzOsKA5z/lD6XJP8KVF9G2A= HTTP/1.1" 200 26
186.155.12.195 - - [05/Mar/2024:06:07:34 -0500] "GET /kwssiamovil/sm/acme/a?s=U2FsdGVkX18EoIpYt9HcU1dB4IqKUoIOe7AC4IYLJOKann1M+CZaNMnd4vZFwm5aJZLeEQS6S2DeoNfQv67IVrMgFBeiTLWnTHw6zEm6z+NT7cxJz2OQ4exLzN0vswM2NEHFjArbA6Gbh0fctFURooeYINYoCCgXCopmg6K8vbq2J4L7WjevEiNsM3/eod1V&u=U2FsdGVkX1920+3EqwrbQsALnj9uAvgAl+r8OpcsyEA=&y=U2FsdGVkX1+erHjg6H2jtzOsKA5z/lD6XJP8KVF9G2A= HTTP/1.1" 200 26
186.80.108.8 - - [05/Mar/2024:06:07:35 -0500] "POST /sipse/faces/presentacion/financiero/solicitudProceso/consultarSolicitudProceso.xhtml HTTP/1.1" 200 66869
186.80.108.8 - - [05/Mar/2024:06:07:36 -0500] "GET /sipse/faces/javax.faces.resource/theme.css?ln=primefaces-sipse HTTP/1.1" 304 -
186.80.108.8 - - [05/Mar/2024:06:07:36 -0500] "GET /sipse/faces/javax.faces.resource/primefaces.css?ln=primefaces&v=4.0 HTTP/1.1" 304 -
186.80.108.8 - - [05/Mar/2024:06:07:36 -0500] "GET /sipse/faces/javax.faces.resource/layout/layout.css?ln=primefaces&v=4.0 HTTP/1.1" 304 -
186.80.108.8 - - [05/Mar/2024:06:07:36 -0500] "GET /sipse/faces/javax.faces.resource/jquery/jquery.js?ln=primefaces&v=4.0 HTTP/1.1" 304 -
186.80.108.8 - - [05/Mar/2024:06:07:36 -0500] "GET /sipse/faces/javax.faces.resource/jquery/jquery-plugins.js?ln=primefaces&v=4.0 HTTP/1.1" 304 -
186.80.108.8 - - [05/Mar/2024:06:07:36 -0500] "GET /sipse/faces/javax.faces.resource/layout/layout.js?ln=primefaces&v=4.0 HTTP/1.1" 304 -
186.80.108.8 - - [05/Mar/2024:06:07:36 -0500] "GET /sipse/faces/javax.faces.resource/primefaces.js?ln=primefaces&v=4.0 HTTP/1.1" 304 -
186.80.108.8 - - [05/Mar/2024:06:07:36 -0500] "POST /sipse/faces/presentacion/financiero/solicitudProceso/listarSolicitudProceso.xhtml HTTP/1.1" 200 1556
186.80.108.8 - - [05/Mar/2024:06:07:37 -0500] "POST /sipse/faces/presentacion/financiero/solicitudProceso/listarSolicitudProceso.xhtml HTTP/1.1" 200 1552
3.224.220.101 - - [05/Mar/2024:06:07:37 -0500] "GET /BLA/resoluciones/RESOLUCIONES%202019/2320.pdf HTTP/1.1" 200 282170
52.70.240.171 - - [05/Mar/2024:06:07:41 -0500] "GET /BLA/resoluciones/RESOLUCIONES%202019/2319.pdf HTTP/1.1" 200 653670
52.70.240.171 - - [05/Mar/2024:06:07:45 -0500] "GET /BLA/resoluciones/RESOLUCIONES%202019/2318.pdf HTTP/1.1" 200 375100
52.70.240.171 - - [05/Mar/2024:06:07:49 -0500] "GET /BLA/resoluciones/RESOLUCIONES%202019/2317.pdf HTTP/1.1" 200 366879
3.224.220.101 - - [05/Mar/2024:06:07:53 -0500] "GET /BLA/resoluciones/RESOLUCIONES%202019/2315.pdf HTTP/1.1" 200 275102
3.224.220.101 - - [05/Mar/2024:06:07:57 -0500] "GET /BLA/resoluciones/RESOLUCIONES%202019/2314.pdf HTTP/1.1" 200 276739
186.80.108.8 - - [05/Mar/2024:06:07:56 -0500] "POST /sipse/faces/presentacion/financiero/solicitudProceso/listarSolicitudProceso.xhtml HTTP/1.1" 200 148187
186.80.108.8 - - [05/Mar/2024:06:07:57 -0500] "GET /sipse/faces/javax.faces.resource/theme.css?ln=primefaces-sipse HTTP/1.1" 304 -
186.80.108.8 - - [05/Mar/2024:06:07:57 -0500] "GET /sipse/faces/javax.faces.resource/primefaces.css?ln=primefaces&v=4.0 HTTP/1.1" 304 -
186.80.108.8 - - [05/Mar/2024:06:07:57 -0500] "GET /sipse/faces/javax.faces.resource/layout/layout.css?ln=primefaces&v=4.0 HTTP/1.1" 304 -
186.80.108.8 - - [05/Mar/2024:06:07:57 -0500] "GET /sipse/faces/javax.faces.resource/jquery/jquery.js?ln=primefaces&v=4.0 HTTP/1.1" 304 -
186.80.108.8 - - [05/Mar/2024:06:07:57 -0500] "GET /sipse/faces/javax.faces.resource/jquery/jquery-plugins.js?ln=primefaces&v=4.0 HTTP/1.1" 304 -
186.80.108.8 - - [05/Mar/2024:06:07:57 -0500] "GET /sipse/faces/javax.faces.resource/primefaces.js?ln=primefaces&v=4.0 HTTP/1.1" 304 -
186.80.108.8 - - [05/Mar/2024:06:07:57 -0500] "GET /sipse/faces/javax.faces.resource/layout/layout.js?ln=primefaces&v=4.0 HTTP/1.1" 304 -
186.80.108.8 - - [05/Mar/2024:06:08:00 -0500] "POST /sipse/faces/presentacion/financiero/solicitudProceso/consultarSolicitudProceso.xhtml HTTP/1.1" 200 274082
52.70.240.171 - - [05/Mar/2024:06:08:01 -0500] "GET /BLA/resoluciones/RESOLUCIONES%202019/2313.pdf HTTP/1.1" 200 276226
52.70.240.171 - - [05/Mar/2024:06:08:05 -0500] "GET /BLA/resoluciones/RESOLUCIONES%202019/2312.pdf HTTP/1.1" 200 282598
52.167.144.222 - - [05/Mar/2024:06:08:06 -0500] "GET /sipse/css/custom_css_sg_prime_login.css HTTP/1.1" 200 443
52.167.144.222 - - [05/Mar/2024:06:08:06 -0500] "GET /sipse/faces/javax.faces.resource/jquery/jquery.js;jsessionid=vGTymrUP0jFmPu+8CAmFFShx.undefined?ln=primefaces&v=4.0 HTTP/1.1" 200 105384
52.167.144.222 - - [05/Mar/2024:06:08:06 -0500] "GET /sipse/faces/javax.faces.resource/primefaces.css;jsessionid=vGTymrUP0jFmPu+8CAmFFShx.undefined?ln=primefaces&v=4.0 HTTP/1.1" 200 53295
3.224.220.101 - - [05/Mar/2024:06:08:09 -0500] "GET /BLA/resoluciones/RESOLUCIONES%202019/2311.pdf HTTP/1.1" 200 301550
52.167.144.17 - - [05/Mar/2024:06:08:11 -0500] "GET /sipse/css/custom_css_sg.css HTTP/1.1" 200 9694
157.55.39.58 - - [05/Mar/2024:06:08:11 -0500] "GET /sipse/faces/javax.faces.resource/jquery/jquery-plugins.js;jsessionid=vGTymrUP0jFmPu+8CAmFFShx.undefined?ln=primefaces&v=4.0 HTTP/1.1" 200 220526
157.55.39.58 - - [05/Mar/2024:06:08:12 -0500] "GET /sipse/faces/javax.faces.resource/primefaces.js;jsessionid=vGTymrUP0jFmPu+8CAmFFShx.undefined?ln=primefaces&v=4.0 HTTP/1.1" 200 276924
157.55.39.58 - - [05/Mar/2024:06:08:13 -0500] "GET /sipse/js/funciones.js HTTP/1.1" 200 12592
23.22.35.162 - - [05/Mar/2024:06:08:13 -0500] "GET /BLA/resoluciones/RESOLUCIONES%202019/2309.pdf HTTP/1.1" 200 289012
3.224.220.101 - - [05/Mar/2024:06:08:17 -0500] "GET /BLA/resoluciones/RESOLUCIONES%202019/2307.pdf HTTP/1.1" 200 689405
52.167.144.17 - - [05/Mar/2024:06:08:21 -0500] "GET /sipse/faces/javax.faces.resource/layout/layout.css;jsessionid=vGTymrUP0jFmPu+8CAmFFShx.undefined?ln=primefaces&v=4.0 HTTP/1.1" 200 542
52.167.144.17 - - [05/Mar/2024:06:08:21 -0500] "GET /sipse/faces/javax.faces.resource/layout/layout.js;jsessionid=vGTymrUP0jFmPu+8CAmFFShx.undefined?ln=primefaces&v=4.0 HTTP/1.1" 200 87560
23.22.35.162 - - [05/Mar/2024:06:08:21 -0500] "GET /BLA/resoluciones/RESOLUCIONES%202019/2306.pdf HTTP/1.1" 200 301020
52.167.144.17 - - [05/Mar/2024:06:08:21 -0500] "GET /sipse/faces/javax.faces.resource/theme.css?ln=primefaces-sipse HTTP/1.1" 200 50058
52.167.144.17 - - [05/Mar/2024:06:08:22 -0500] "GET /sipse/js/disable_browser_buttons.js HTTP/1.1" 200 3230
3.224.220.101 - - [05/Mar/2024:06:08:25 -0500] "GET /BLA/resoluciones/RESOLUCIONES%202019/2305.pdf HTTP/1.1" 200 293282
3.224.220.101 - - [05/Mar/2024:06:08:29 -0500] "GET /BLA/resoluciones/RESOLUCIONES%202019/2304.pdf HTTP/1.1" 200 4328597
172.22.2.4 - - [05/Mar/2024:06:08:31 -0500] "GET /BLA/boletinlegal/Circulares/2023/CIRCULAR%20No.%2000002%20DEL%2020%20DE%20FEBRERO%20DEL%202023.pdf HTTP/1.1" 304 -
3.224.220.101 - - [05/Mar/2024:06:08:33 -0500] "GET /BLA/resoluciones/RESOLUCIONES%202019/2303.pdf HTTP/1.1" 200 1787940
3.224.220.101 - - [05/Mar/2024:06:08:37 -0500] "GET /BLA/resoluciones/RESOLUCIONES%202019/2301.pdf HTTP/1.1" 200 389495
52.70.240.171 - - [05/Mar/2024:06:08:41 -0500] "GET /BLA/resoluciones/RESOLUCIONES%202019/2299.pdf HTTP/1.1" 200 349133
3.224.220.101 - - [05/Mar/2024:06:08:45 -0500] "GET /BLA/resoluciones/RESOLUCIONES%202019/2298.pdf HTTP/1.1" 200 329203
52.70.240.171 - - [05/Mar/2024:06:08:49 -0500] "GET /BLA/resoluciones/RESOLUCIONES%202019/2296.pdf HTTP/1.1" 200 339950
23.22.35.162 - - [05/Mar/2024:06:08:57 -0500] "GET /BLA/resoluciones/RESOLUCIONES%202019/2295.pdf HTTP/1.1" 200 320895
3.224.220.101 - - [05/Mar/2024:06:08:57 -0500] "GET /BLA/resoluciones/RESOLUCIONES%202019/2291.pdf HTTP/1.1" 200 234475
52.70.240.171 - - [05/Mar/2024:06:09:01 -0500] "GET /BLA/resoluciones/RESOLUCIONES%202019/2290.pdf HTTP/1.1" 200 319277
52.70.240.171 - - [05/Mar/2024:06:09:05 -0500] "GET /BLA/resoluciones/RESOLUCIONES%202019/2289.pdf HTTP/1.1" 200 258249
23.22.35.162 - - [05/Mar/2024:06:09:10 -0500] "GET /BLA/resoluciones/RESOLUCIONES%202019/2287.pdf HTTP/1.1" 200 359383
52.70.240.171 - - [05/Mar/2024:06:09:13 -0500] "GET /BLA/resoluciones/RESOLUCIONES%202019/2284.pdf HTTP/1.1" 200 991786
186.80.108.8 - - [05/Mar/2024:06:09:15 -0500] "POST /sipse/faces/presentacion/financiero/solicitudProceso/consultarSolicitudProceso.xhtml HTTP/1.1" 200 66869
186.80.108.8 - - [05/Mar/2024:06:09:16 -0500] "GET /sipse/faces/javax.faces.resource/theme.css?ln=primefaces-sipse HTTP/1.1" 304 -
186.80.108.8 - - [05/Mar/2024:06:09:16 -0500] "GET /sipse/faces/javax.faces.resource/primefaces.css?ln=primefaces&v=4.0 HTTP/1.1" 304 -
186.80.108.8 - - [05/Mar/2024:06:09:16 -0500] "GET /sipse/faces/javax.faces.resource/layout/layout.css?ln=primefaces&v=4.0 HTTP/1.1" 304 -
186.80.108.8 - - [05/Mar/2024:06:09:16 -0500] "GET /sipse/faces/javax.faces.resource/jquery/jquery.js?ln=primefaces&v=4.0 HTTP/1.1" 304 -
186.80.108.8 - - [05/Mar/2024:06:09:16 -0500] "GET /sipse/faces/javax.faces.resource/primefaces.js?ln=primefaces&v=4.0 HTTP/1.1" 304 -
186.80.108.8 - - [05/Mar/2024:06:09:16 -0500] "GET /sipse/faces/javax.faces.resource/jquery/jquery-plugins.js?ln=primefaces&v=4.0 HTTP/1.1" 304 -
186.80.108.8 - - [05/Mar/2024:06:09:16 -0500] "GET /sipse/faces/javax.faces.resource/layout/layout.js?ln=primefaces&v=4.0 HTTP/1.1" 304 -
186.80.108.8 - - [05/Mar/2024:06:09:16 -0500] "POST /sipse/faces/presentacion/financiero/solicitudProceso/listarSolicitudProceso.xhtml HTTP/1.1" 200 1556
186.80.108.8 - - [05/Mar/2024:06:09:16 -0500] "POST /sipse/faces/presentacion/financiero/solicitudProceso/listarSolicitudProceso.xhtml HTTP/1.1" 200 1552
52.70.240.171 - - [05/Mar/2024:06:09:17 -0500] "GET /BLA/resoluciones/RESOLUCIONES%202019/2281.pdf HTTP/1.1" 200 385892
3.224.220.101 - - [05/Mar/2024:06:09:21 -0500] "GET /BLA/resoluciones/RESOLUCIONES%202019/2280.pdf HTTP/1.1" 200 338587
52.70.240.171 - - [05/Mar/2024:06:09:25 -0500] "GET /BLA/resoluciones/RESOLUCIONES%202019/2279.pdf HTTP/1.1" 200 988597
52.70.240.171 - - [05/Mar/2024:06:09:29 -0500] "GET /BLA/resoluciones/RESOLUCIONES%202019/2276.pdf HTTP/1.1" 200 336229
52.70.240.171 - - [05/Mar/2024:06:09:34 -0500] "GET /BLA/resoluciones/RESOLUCIONES%202019/2275.pdf HTTP/1.1" 200 332604
23.22.35.162 - - [05/Mar/2024:06:09:38 -0500] "GET /BLA/resoluciones/RESOLUCIONES%202019/2268.pdf HTTP/1.1" 200 239701
52.70.240.171 - - [05/Mar/2024:06:09:41 -0500] "GET /BLA/resoluciones/RESOLUCIONES%202019/2267.pdf HTTP/1.1" 200 335155
186.80.108.8 - - [05/Mar/2024:06:09:41 -0500] "POST /sipse/faces/presentacion/financiero/solicitudProceso/listarSolicitudProceso.xhtml HTTP/1.1" 200 148291
186.80.108.8 - - [05/Mar/2024:06:09:42 -0500] "GET /sipse/faces/javax.faces.resource/theme.css?ln=primefaces-sipse HTTP/1.1" 304 -
186.80.108.8 - - [05/Mar/2024:06:09:42 -0500] "GET /sipse/faces/javax.faces.resource/primefaces.css?ln=primefaces&v=4.0 HTTP/1.1" 304 -
186.80.108.8 - - [05/Mar/2024:06:09:42 -0500] "GET /sipse/faces/javax.faces.resource/layout/layout.css?ln=primefaces&v=4.0 HTTP/1.1" 304 -
186.80.108.8 - - [05/Mar/2024:06:09:42 -0500] "GET /sipse/faces/javax.faces.resource/jquery/jquery.js?ln=primefaces&v=4.0 HTTP/1.1" 304 -
186.80.108.8 - - [05/Mar/2024:06:09:42 -0500] "GET /sipse/faces/javax.faces.resource/jquery/jquery-plugins.js?ln=primefaces&v=4.0 HTTP/1.1" 304 -
186.80.108.8 - - [05/Mar/2024:06:09:42 -0500] "GET /sipse/faces/javax.faces.resource/primefaces.js?ln=primefaces&v=4.0 HTTP/1.1" 304 -
186.80.108.8 - - [05/Mar/2024:06:09:42 -0500] "GET /sipse/faces/javax.faces.resource/layout/layout.js?ln=primefaces&v=4.0 HTTP/1.1" 304 -
186.80.108.8 - - [05/Mar/2024:06:09:44 -0500] "POST /sipse/faces/presentacion/financiero/solicitudProceso/consultarSolicitudProceso.xhtml HTTP/1.1" 200 274075
52.70.240.171 - - [05/Mar/2024:06:09:46 -0500] "GET /BLA/resoluciones/RESOLUCIONES%202019/2266.pdf HTTP/1.1" 200 255299
3.224.220.101 - - [05/Mar/2024:06:09:49 -0500] "GET /BLA/resoluciones/RESOLUCIONES%202019/2265.pdf HTTP/1.1" 200 248672
52.70.240.171 - - [05/Mar/2024:06:09:53 -0500] "GET /BLA/resoluciones/RESOLUCIONES%202019/2264.pdf HTTP/1.1" 200 249521
172.22.2.4 - - [05/Mar/2024:06:08:15 -0500] "HEAD /BLA/boletinlegal/ HTTP/1.1" 200 -
52.70.240.171 - - [05/Mar/2024:06:09:57 -0500] "GET /BLA/resoluciones/RESOLUCIONES%202019/2263.pdf HTTP/1.1" 200 255743
23.22.35.162 - - [05/Mar/2024:06:10:02 -0500] "GET /BLA/resoluciones/RESOLUCIONES%202019/2262.pdf HTTP/1.1" 200 256885
52.70.240.171 - - [05/Mar/2024:06:10:06 -0500] "GET /BLA/resoluciones/RESOLUCIONES%202019/2261.pdf HTTP/1.1" 200 250222
52.70.240.171 - - [05/Mar/2024:06:10:09 -0500] "GET /BLA/resoluciones/RESOLUCIONES%202019/2260.pdf HTTP/1.1" 200 234301
3.224.220.101 - - [05/Mar/2024:06:10:13 -0500] "GET /BLA/resoluciones/RESOLUCIONES%202019/2259.pdf HTTP/1.1" 200 238184
23.22.35.162 - - [05/Mar/2024:06:10:17 -0500] "GET /BLA/resoluciones/RESOLUCIONES%202019/2258.pdf HTTP/1.1" 200 320592
52.70.240.171 - - [05/Mar/2024:06:10:21 -0500] "GET /BLA/resoluciones/RESOLUCIONES%202019/2257.pdf HTTP/1.1" 200 326254
3.224.220.101 - - [05/Mar/2024:06:10:25 -0500] "GET /BLA/resoluciones/RESOLUCIONES%202019/2256.pdf HTTP/1.1" 200 231890
52.70.240.171 - - [05/Mar/2024:06:10:29 -0500] "GET /BLA/resoluciones/RESOLUCIONES%202019/2255.pdf HTTP/1.1" 200 248854
3.224.220.101 - - [05/Mar/2024:06:10:33 -0500] "GET /BLA/resoluciones/RESOLUCIONES%202019/2254.pdf HTTP/1.1" 200 323992
3.224.220.101 - - [05/Mar/2024:06:10:39 -0500] "GET /BLA/resoluciones/RESOLUCIONES%202019/2253.pdf HTTP/1.1" 200 254661
3.224.220.101 - - [05/Mar/2024:06:10:41 -0500] "GET /BLA/resoluciones/RESOLUCIONES%202019/2252.pdf HTTP/1.1" 200 233886
52.70.240.171 - - [05/Mar/2024:06:10:45 -0500] "GET /BLA/resoluciones/RESOLUCIONES%202019/2251.pdf HTTP/1.1" 200 322348
172.22.2.4 - - [05/Mar/2024:06:09:06 -0500] "GET /BLA/boletinlegal/ HTTP/1.1" 200 58273
186.80.108.8 - - [05/Mar/2024:06:10:46 -0500] "POST /sipse/faces/presentacion/financiero/solicitudProceso/consultarSolicitudProceso.xhtml HTTP/1.1" 200 66869
186.80.108.8 - - [05/Mar/2024:06:10:47 -0500] "GET /sipse/faces/javax.faces.resource/theme.css?ln=primefaces-sipse HTTP/1.1" 304 -
186.80.108.8 - - [05/Mar/2024:06:10:47 -0500] "GET /sipse/faces/javax.faces.resource/primefaces.css?ln=primefaces&v=4.0 HTTP/1.1" 304 -
186.80.108.8 - - [05/Mar/2024:06:10:47 -0500] "GET /sipse/faces/javax.faces.resource/layout/layout.css?ln=primefaces&v=4.0 HTTP/1.1" 304 -
186.80.108.8 - - [05/Mar/2024:06:10:47 -0500] "GET /sipse/faces/javax.faces.resource/jquery/jquery-plugins.js?ln=primefaces&v=4.0 HTTP/1.1" 304 -
186.80.108.8 - - [05/Mar/2024:06:10:47 -0500] "GET /sipse/faces/javax.faces.resource/primefaces.js?ln=primefaces&v=4.0 HTTP/1.1" 304 -
186.80.108.8 - - [05/Mar/2024:06:10:47 -0500] "GET /sipse/faces/javax.faces.resource/layout/layout.js?ln=primefaces&v=4.0 HTTP/1.1" 304 -
186.80.108.8 - - [05/Mar/2024:06:10:47 -0500] "GET /sipse/faces/javax.faces.resource/jquery/jquery.js?ln=primefaces&v=4.0 HTTP/1.1" 304 -
186.80.108.8 - - [05/Mar/2024:06:10:47 -0500] "POST /sipse/faces/presentacion/financiero/solicitudProceso/listarSolicitudProceso.xhtml HTTP/1.1" 200 1556
186.80.108.8 - - [05/Mar/2024:06:10:47 -0500] "POST /sipse/faces/presentacion/financiero/solicitudProceso/listarSolicitudProceso.xhtml HTTP/1.1" 200 1552
52.70.240.171 - - [05/Mar/2024:06:10:49 -0500] "GET /BLA/resoluciones/RESOLUCIONES%202019/2250.pdf HTTP/1.1" 200 327242
23.22.35.162 - - [05/Mar/2024:06:10:53 -0500] "GET /BLA/resoluciones/RESOLUCIONES%202019/2249.pdf HTTP/1.1" 200 251658
52.70.240.171 - - [05/Mar/2024:06:10:57 -0500] "GET /BLA/resoluciones/RESOLUCIONES%202019/2248.pdf HTTP/1.1" 200 319651
201.245.192.253 - - [05/Mar/2024:06:10:57 -0500] "POST /kwsrmcab/Wsrmcab  HTTP/1.1" 200 39632
23.22.35.162 - - [05/Mar/2024:06:11:01 -0500] "GET /BLA/resoluciones/RESOLUCIONES%202019/2246.pdf HTTP/1.1" 200 284315
23.22.35.162 - - [05/Mar/2024:06:11:05 -0500] "GET /BLA/resoluciones/RESOLUCIONES%202019/2241.pdf HTTP/1.1" 200 295355
186.80.108.8 - - [05/Mar/2024:06:11:04 -0500] "POST /sipse/faces/presentacion/financiero/solicitudProceso/listarSolicitudProceso.xhtml HTTP/1.1" 200 144804
186.80.108.8 - - [05/Mar/2024:06:11:05 -0500] "GET /sipse/faces/javax.faces.resource/theme.css?ln=primefaces-sipse HTTP/1.1" 304 -
186.80.108.8 - - [05/Mar/2024:06:11:05 -0500] "GET /sipse/faces/javax.faces.resource/primefaces.css?ln=primefaces&v=4.0 HTTP/1.1" 304 -
186.80.108.8 - - [05/Mar/2024:06:11:05 -0500] "GET /sipse/faces/javax.faces.resource/layout/layout.css?ln=primefaces&v=4.0 HTTP/1.1" 304 -
186.80.108.8 - - [05/Mar/2024:06:11:05 -0500] "GET /sipse/faces/javax.faces.resource/jquery/jquery.js?ln=primefaces&v=4.0 HTTP/1.1" 304 -
186.80.108.8 - - [05/Mar/2024:06:11:05 -0500] "GET /sipse/faces/javax.faces.resource/jquery/jquery-plugins.js?ln=primefaces&v=4.0 HTTP/1.1" 304 -
186.80.108.8 - - [05/Mar/2024:06:11:05 -0500] "GET /sipse/faces/javax.faces.resource/primefaces.js?ln=primefaces&v=4.0 HTTP/1.1" 304 -
186.80.108.8 - - [05/Mar/2024:06:11:05 -0500] "GET /sipse/faces/javax.faces.resource/layout/layout.js?ln=primefaces&v=4.0 HTTP/1.1" 304 -
186.80.108.8 - - [05/Mar/2024:06:11:09 -0500] "POST /sipse/faces/presentacion/financiero/solicitudProceso/consultarSolicitudProceso.xhtml HTTP/1.1" 200 274703
52.70.240.171 - - [05/Mar/2024:06:11:09 -0500] "GET /BLA/resoluciones/RESOLUCIONES%202019/2240.pdf HTTP/1.1" 200 292766
23.22.35.162 - - [05/Mar/2024:06:11:13 -0500] "GET /BLA/resoluciones/RESOLUCIONES%202019/2228.pdf HTTP/1.1" 200 390062
52.70.240.171 - - [05/Mar/2024:06:11:17 -0500] "GET /BLA/resoluciones/RESOLUCIONES%202019/2227.pdf HTTP/1.1" 200 337004
3.224.220.101 - - [05/Mar/2024:06:11:21 -0500] "GET /BLA/resoluciones/RESOLUCIONES%202019/2224.pdf HTTP/1.1" 200 443364
52.70.240.171 - - [05/Mar/2024:06:11:25 -0500] "GET /BLA/resoluciones/RESOLUCIONES%202019/2223.pdf HTTP/1.1" 200 287222
3.224.220.101 - - [05/Mar/2024:06:11:29 -0500] "GET /BLA/resoluciones/RESOLUCIONES%202019/2220.pdf HTTP/1.1" 200 378153
52.70.240.171 - - [05/Mar/2024:06:11:33 -0500] "GET /BLA/resoluciones/RESOLUCIONES%202019/2217.pdf HTTP/1.1" 200 367037
23.22.35.162 - - [05/Mar/2024:06:11:38 -0500] "GET /BLA/resoluciones/RESOLUCIONES%202019/2216.pdf HTTP/1.1" 200 466397
216.245.221.92 - - [05/Mar/2024:06:11:38 -0500] "HEAD / HTTP/1.1" 200 -
3.224.220.101 - - [05/Mar/2024:06:11:41 -0500] "GET /BLA/resoluciones/RESOLUCIONES%202019/2215.pdf HTTP/1.1" 200 317534
23.22.35.162 - - [05/Mar/2024:06:11:47 -0500] "GET /BLA/resoluciones/RESOLUCIONES%202019/2214.pdf HTTP/1.1" 200 622032
52.70.240.171 - - [05/Mar/2024:06:11:51 -0500] "GET /BLA/resoluciones/RESOLUCIONES%202019/2196.pdf HTTP/1.1" 200 443122
23.22.35.162 - - [05/Mar/2024:06:11:53 -0500] "GET /BLA/resoluciones/RESOLUCIONES%202019/2195.pdf HTTP/1.1" 200 519139
152.203.135.97 - - [05/Mar/2024:06:11:54 -0500] "POST /sipse/faces/presentacion/financiero/solicitudProceso/listarSolicitudProceso.xhtml HTTP/1.1" 200 30010
152.203.135.97 - - [05/Mar/2024:06:11:54 -0500] "POST /sipse/faces/presentacion/financiero/solicitudProceso/listarSolicitudProceso.xhtml HTTP/1.1" 200 30010
152.203.135.97 - - [05/Mar/2024:06:11:54 -0500] "POST /sipse/faces/presentacion/financiero/solicitudProceso/listarSolicitudProceso.xhtml HTTP/1.1" 200 1372
152.203.135.97 - - [05/Mar/2024:06:11:54 -0500] "POST /sipse/faces/presentacion/financiero/solicitudProceso/listarSolicitudProceso.xhtml HTTP/1.1" 200 1376
23.22.35.162 - - [05/Mar/2024:06:11:57 -0500] "GET /BLA/resoluciones/RESOLUCIONES%202019/2194.pdf HTTP/1.1" 200 284094
152.203.135.97 - - [05/Mar/2024:06:11:59 -0500] "POST /sipse/faces/presentacion/financiero/solicitudProceso/listarSolicitudProceso.xhtml HTTP/1.1" 200 10883
3.224.220.101 - - [05/Mar/2024:06:12:01 -0500] "GET /BLA/resoluciones/RESOLUCIONES%202019/2193.pdf HTTP/1.1" 200 283678
23.22.35.162 - - [05/Mar/2024:06:12:06 -0500] "GET /BLA/resoluciones/RESOLUCIONES%202019/2191.pdf HTTP/1.1" 200 282847
52.70.240.171 - - [05/Mar/2024:06:12:10 -0500] "GET /BLA/resoluciones/RESOLUCIONES%202019/2190.pdf HTTP/1.1" 200 229184
23.22.35.162 - - [05/Mar/2024:06:12:13 -0500] "GET /BLA/resoluciones/RESOLUCIONES%202019/2189.pdf HTTP/1.1" 200 238070
3.224.220.101 - - [05/Mar/2024:06:12:17 -0500] "GET /BLA/resoluciones/RESOLUCIONES%202019/2188.pdf HTTP/1.1" 200 397648
23.22.35.162 - - [05/Mar/2024:06:12:21 -0500] "GET /BLA/resoluciones/RESOLUCIONES%202019/2185.pdf HTTP/1.1" 200 259949
23.22.35.162 - - [05/Mar/2024:06:12:27 -0500] "GET /BLA/resoluciones/RESOLUCIONES%202019/2183.pdf HTTP/1.1" 200 496857
3.224.220.101 - - [05/Mar/2024:06:12:29 -0500] "GET /BLA/resoluciones/RESOLUCIONES%202019/2177.pdf HTTP/1.1" 200 275305
52.70.240.171 - - [05/Mar/2024:06:12:33 -0500] "GET /BLA/resoluciones/RESOLUCIONES%202019/2171.pdf HTTP/1.1" 200 264238
3.224.220.101 - - [05/Mar/2024:06:12:37 -0500] "GET /BLA/resoluciones/RESOLUCIONES%202019/2170.pdf HTTP/1.1" 200 291664
23.22.35.162 - - [05/Mar/2024:06:12:41 -0500] "GET /BLA/resoluciones/RESOLUCIONES%202019/2169.pdf HTTP/1.1" 200 283720
52.70.240.171 - - [05/Mar/2024:06:12:45 -0500] "GET /BLA/resoluciones/RESOLUCIONES%202019/2167.pdf HTTP/1.1" 200 320036
186.80.108.8 - - [05/Mar/2024:06:12:45 -0500] "POST /sipse/faces/presentacion/financiero/solicitudProceso/consultarSolicitudProceso.xhtml HTTP/1.1" 200 66869
186.80.108.8 - - [05/Mar/2024:06:12:46 -0500] "GET /sipse/faces/javax.faces.resource/theme.css?ln=primefaces-sipse HTTP/1.1" 304 -
186.80.108.8 - - [05/Mar/2024:06:12:46 -0500] "GET /sipse/faces/javax.faces.resource/primefaces.css?ln=primefaces&v=4.0 HTTP/1.1" 304 -
186.80.108.8 - - [05/Mar/2024:06:12:46 -0500] "GET /sipse/faces/javax.faces.resource/layout/layout.css?ln=primefaces&v=4.0 HTTP/1.1" 304 -
186.80.108.8 - - [05/Mar/2024:06:12:46 -0500] "GET /sipse/faces/javax.faces.resource/jquery/jquery-plugins.js?ln=primefaces&v=4.0 HTTP/1.1" 304 -
186.80.108.8 - - [05/Mar/2024:06:12:46 -0500] "GET /sipse/faces/javax.faces.resource/jquery/jquery.js?ln=primefaces&v=4.0 HTTP/1.1" 304 -
186.80.108.8 - - [05/Mar/2024:06:12:46 -0500] "GET /sipse/faces/javax.faces.resource/primefaces.js?ln=primefaces&v=4.0 HTTP/1.1" 304 -
186.80.108.8 - - [05/Mar/2024:06:12:46 -0500] "GET /sipse/faces/javax.faces.resource/layout/layout.js?ln=primefaces&v=4.0 HTTP/1.1" 304 -
186.80.108.8 - - [05/Mar/2024:06:12:46 -0500] "POST /sipse/faces/presentacion/financiero/solicitudProceso/listarSolicitudProceso.xhtml HTTP/1.1" 200 1556
186.80.108.8 - - [05/Mar/2024:06:12:46 -0500] "POST /sipse/faces/presentacion/financiero/solicitudProceso/listarSolicitudProceso.xhtml HTTP/1.1" 200 1552
23.22.35.162 - - [05/Mar/2024:06:12:50 -0500] "GET /BLA/resoluciones/RESOLUCIONES%202019/2166.pdf HTTP/1.1" 200 429829
23.22.35.162 - - [05/Mar/2024:06:12:53 -0500] "GET /BLA/resoluciones/RESOLUCIONES%202019/2165.pdf HTTP/1.1" 200 3035629
52.70.240.171 - - [05/Mar/2024:06:12:57 -0500] "GET /BLA/resoluciones/RESOLUCIONES%202019/2161.pdf HTTP/1.1" 200 389692
23.22.35.162 - - [05/Mar/2024:06:13:02 -0500] "GET /BLA/resoluciones/RESOLUCIONES%202019/2159.pdf HTTP/1.1" 200 284362
3.224.220.101 - - [05/Mar/2024:06:13:05 -0500] "GET /BLA/resoluciones/RESOLUCIONES%202019/2155.pdf HTTP/1.1" 200 330994
23.22.35.162 - - [05/Mar/2024:06:13:09 -0500] "GET /BLA/resoluciones/RESOLUCIONES%202019/2154.pdf HTTP/1.1" 200 311682
3.224.220.101 - - [05/Mar/2024:06:13:13 -0500] "GET /BLA/resoluciones/RESOLUCIONES%202019/2152.pdf HTTP/1.1" 200 317767
52.70.240.171 - - [05/Mar/2024:06:13:17 -0500] "GET /BLA/resoluciones/RESOLUCIONES%202019/2151.pdf HTTP/1.1" 200 322701
186.80.108.8 - - [05/Mar/2024:06:13:18 -0500] "POST /sipse/faces/presentacion/financiero/solicitudProceso/listarSolicitudProceso.xhtml HTTP/1.1" 200 155497
186.80.108.8 - - [05/Mar/2024:06:13:19 -0500] "GET /sipse/faces/javax.faces.resource/theme.css?ln=primefaces-sipse HTTP/1.1" 304 -
186.80.108.8 - - [05/Mar/2024:06:13:19 -0500] "GET /sipse/faces/javax.faces.resource/primefaces.css?ln=primefaces&v=4.0 HTTP/1.1" 304 -
186.80.108.8 - - [05/Mar/2024:06:13:19 -0500] "GET /sipse/faces/javax.faces.resource/layout/layout.css?ln=primefaces&v=4.0 HTTP/1.1" 304 -
186.80.108.8 - - [05/Mar/2024:06:13:19 -0500] "GET /sipse/faces/javax.faces.resource/jquery/jquery.js?ln=primefaces&v=4.0 HTTP/1.1" 304 -
186.80.108.8 - - [05/Mar/2024:06:13:19 -0500] "GET /sipse/faces/javax.faces.resource/jquery/jquery-plugins.js?ln=primefaces&v=4.0 HTTP/1.1" 304 -
186.80.108.8 - - [05/Mar/2024:06:13:19 -0500] "GET /sipse/faces/javax.faces.resource/primefaces.js?ln=primefaces&v=4.0 HTTP/1.1" 304 -
186.80.108.8 - - [05/Mar/2024:06:13:19 -0500] "GET /sipse/faces/javax.faces.resource/layout/layout.js?ln=primefaces&v=4.0 HTTP/1.1" 304 -
52.70.240.171 - - [05/Mar/2024:06:13:21 -0500] "GET /BLA/resoluciones/RESOLUCIONES%202019/2149.pdf HTTP/1.1" 200 316000
186.80.108.8 - - [05/Mar/2024:06:13:23 -0500] "POST /sipse/faces/presentacion/financiero/solicitudProceso/consultarSolicitudProceso.xhtml HTTP/1.1" 200 86125
3.224.220.101 - - [05/Mar/2024:06:13:25 -0500] "GET /BLA/resoluciones/RESOLUCIONES%202019/2148.pdf HTTP/1.1" 200 319896
3.224.220.101 - - [05/Mar/2024:06:13:29 -0500] "GET /BLA/resoluciones/RESOLUCIONES%202019/2147.pdf HTTP/1.1" 200 317665
23.22.35.162 - - [05/Mar/2024:06:13:33 -0500] "GET /BLA/resoluciones/RESOLUCIONES%202019/2146.pdf HTTP/1.1" 200 312425
23.22.35.162 - - [05/Mar/2024:06:13:38 -0500] "GET /BLA/resoluciones/RESOLUCIONES%202019/2144.pdf HTTP/1.1" 200 291769
3.224.220.101 - - [05/Mar/2024:06:13:41 -0500] "GET /BLA/resoluciones/RESOLUCIONES%202019/2143.pdf HTTP/1.1" 200 283469
3.224.220.101 - - [05/Mar/2024:06:13:45 -0500] "GET /BLA/resoluciones/RESOLUCIONES%202019/2141.pdf HTTP/1.1" 200 283611
52.70.240.171 - - [05/Mar/2024:06:13:49 -0500] "GET /BLA/resoluciones/RESOLUCIONES%202019/2140.pdf HTTP/1.1" 200 289944
3.224.220.101 - - [05/Mar/2024:06:13:53 -0500] "GET /BLA/resoluciones/RESOLUCIONES%202019/2139.pdf HTTP/1.1" 200 306970
3.224.220.101 - - [05/Mar/2024:06:13:57 -0500] "GET /BLA/resoluciones/RESOLUCIONES%202019/2138.pdf HTTP/1.1" 200 282690
23.22.35.162 - - [05/Mar/2024:06:14:01 -0500] "GET /BLA/resoluciones/RESOLUCIONES%202019/2137.pdf HTTP/1.1" 200 530301
3.224.220.101 - - [05/Mar/2024:06:14:05 -0500] "GET /BLA/resoluciones/RESOLUCIONES%202019/2136.pdf HTTP/1.1" 200 293665
52.70.240.171 - - [05/Mar/2024:06:14:09 -0500] "GET /BLA/resoluciones/RESOLUCIONES%202019/2135.pdf HTTP/1.1" 200 288970
52.70.240.171 - - [05/Mar/2024:06:14:13 -0500] "GET /BLA/resoluciones/RESOLUCIONES%202019/2134.pdf HTTP/1.1" 200 283825
52.70.240.171 - - [05/Mar/2024:06:14:17 -0500] "GET /BLA/resoluciones/RESOLUCIONES%202019/2133.pdf HTTP/1.1" 200 292734
3.224.220.101 - - [05/Mar/2024:06:14:21 -0500] "GET /BLA/resoluciones/RESOLUCIONES%202019/2131.pdf HTTP/1.1" 200 291414
52.70.240.171 - - [05/Mar/2024:06:14:25 -0500] "GET /BLA/resoluciones/RESOLUCIONES%202019/2130.pdf HTTP/1.1" 200 289588
3.224.220.101 - - [05/Mar/2024:06:14:29 -0500] "GET /BLA/resoluciones/RESOLUCIONES%202019/2129.pdf HTTP/1.1" 200 328813
114.119.132.170 - - [05/Mar/2024:06:14:29 -0500] "GET /BLA/resoluciones/index.php?dir=RESOLUCIONES%2B2017/&sort=date&order=asc HTTP/1.1" 200 14312
3.224.220.101 - - [05/Mar/2024:06:14:33 -0500] "GET /BLA/resoluciones/RESOLUCIONES%202019/2128.pdf HTTP/1.1" 200 290115
23.22.35.162 - - [05/Mar/2024:06:14:38 -0500] "GET /BLA/resoluciones/RESOLUCIONES%202019/2127.pdf HTTP/1.1" 200 283279
3.224.220.101 - - [05/Mar/2024:06:14:41 -0500] "GET /BLA/resoluciones/RESOLUCIONES%202019/2126.pdf HTTP/1.1" 200 291269
52.70.240.171 - - [05/Mar/2024:06:14:45 -0500] "GET /BLA/resoluciones/RESOLUCIONES%202019/2125.pdf HTTP/1.1" 200 289648
23.22.35.162 - - [05/Mar/2024:06:14:49 -0500] "GET /BLA/resoluciones/RESOLUCIONES%202019/2124.pdf HTTP/1.1" 200 289733
23.22.35.162 - - [05/Mar/2024:06:14:53 -0500] "GET /BLA/resoluciones/RESOLUCIONES%202019/2119.pdf HTTP/1.1" 200 299409
186.155.12.195 - - [05/Mar/2024:06:14:56 -0500] "GET /kwssiamovil/sm/acme/a?s=U2FsdGVkX19TN++Pdr712wNwvVY9yAF1nBPhgtAIAkjuQRW61IxNSEK6U+4bAzosGVnkrBCcPk3N8B0TlOzTR2iHwNNgPDZ8/+r/JIrsmz4M7PeiBqB8iFtuGVIP9v/9IuITdkzlH/UnxyZmPxUA95ggh0JJcHEYDHbE2xbTIZBkUcm6atyLjV7guicm/S5YGiBIgnGGSb9XAOkmKS1m8mqpslUKl2EUTNNR3bVmjBbGxeY2GD0bOR2eGH+oHeL6C6KDy7Y157mNdvGq0xi1LA==&u=U2FsdGVkX1920+3EqwrbQsALnj9uAvgAl+r8OpcsyEA=&y=U2FsdGVkX1+erHjg6H2jtzOsKA5z/lD6XJP8KVF9G2A= HTTP/1.1" 200 26
186.155.12.195 - - [05/Mar/2024:06:14:56 -0500] "GET /kwssiamovil/sm/acme/a?s=U2FsdGVkX1+29uzTUqBiOBSiEVMyTI+hWS7SXU4zvKoqDkRsjEnjyxZAOQvlYJpobrwf0JVj9t8S+XGA7cFaaLgJqZG/BWnNL+Wl4CtjgHDgqEnc9WEPDE8KCUnanDrTVuSo30Xily/Kw4I64HwO34sSXShC2RwT/7ua/OQmCiz4yU2SQqzmtin2RWwhtdb7SromY836uyYl1EmwNZiiqqOujq+yUcv+whDzHiydXTiSUzYdyE35gEP/glMgC+qy6G8fu09ldK1jXIVzj8RtIYbg+XNh3TO4ywGFm4mvH6BLiDRjX+/ybMFXCCP31Q5zW6bJ1aWZkdGbJg6Z9h/IcvlWy2bxSuuru1nNFge/61NinruyBn417LVbGpE7kN9dey8V2GDpqZrUugsOSSnlno3yUc2LNcwbnclDKbmYdV4VHSmRpQne8Sn/Zx4B5Uxmvj0g0zGct91XEthyt377ypt+f2OnsZeb6hGZZ2Oly+k4a3svW9xo9+UdM2qP7rArBFDI4E2uCe8Y5rKUtfP7ZImtBwOofdC/CYXIUFeInFI2mMO7m/pkS3pi2nJs3qIX8q0jxStaTiGb9LRv/ceZ37n+90VYsdKwhBLfIrX+0Mr6rpln4u4VafyWJm3TgmxNdqkDQ2ZE4xjSVmRS5a//TA7DVLP6rBfapCYhNgYRI9OwK0wuvptNWrD8pkaiHPs8ese+PTeCec4tbZTcB59Yr/hBifVV3c6IbJHPGCIpZR6MR8jK89XiHoDAMEEr6l0WKDY+iHRF+mXIAfXcGIftNcYvm1+RJrkfYb1sW40AFl+lPWjh1bD8zmSf84jQvxiQnj3GT5V0Hmi3L4EZOMGYom9AdrjR9C2ThM7AJFVj5fXb46fblsZ+TEiU6YRkmEeBQrCJ6SJZrXOFRWCpZrltdTnLmFxjMNnm61zKeWjiJJDGn7AyGA/WnJwJItWexDDP4esyQXpzTQkCAaJ3n0SdriYqM4AJQsSP3euHRrekMgTrW7qJ5cGOXuaCk8C2FQdAnZRWyMw57cqc8tYXoRfRVHJmZ8rgn/fmfit6fZPMDS4t0Ho3kzNP9c5I6fHRT8S8vWj8y2cu6K5WuFmR+Vbnv3d/ZiGQEXuJIW1hISkb6XX2UQ5KBq36zRJhfLAii/ebGRzQwTpNhffkYTU4j9OVcEEP664AQXG6xEUcdtjvSYtkuTZ2PJqEgdlvjPRfate2VGdJLwbFlzzhukGeLhR2N/UIPvqgUAu1A6eNgkiVeQB+LtagbQmdaHcvQXIh/F1oQXjtSPOx8mXyBqs8R2vxmKw+w8D6NLERVl4FF9k1hDWVM++jYrR04hWKJ1WRdT7CO8535XB8lZ3dpPDX/CA80YK8hKznaaRY4y9hlas0Ko8uJLPHbgUMoERlPuMOEe6XVLEBzpWIq80RvwN1GdGxK/XEUYMuEz91eur7zt/aaWi/f4Sf6AkJw7SdklNBDD+8VR3eXIcTY5txtGSeTxcpWwsT8qQneQEkczKDNXjgKGy2pTPo+NAkt+4jtH1NZeJL1QAjjHqDjp4AUZuJ21+FEqytscmHM54uPeJwQV5CZsjrk2XKZ6tH1X/yFIrzzhh8E3Yru5fw5LBRSMop4aRVH57nwPt22c2ojmjQdBxlFhXpka+XUU93daAtbqNk+MGnYnaqG9SQEkiToUyo/xw8jwFHm64ekNp6ibMFzp+gw87IsCzwE7eTHtaiQV7bGfTVKXPZoLOL//gtOMCOtsV8TbGtYWkQIfgHWcBFgSElhk1YuqoCmPAsI0hGnjlpJZUfQKa2pHlJLvRVTv1B0vQ73nIJ81J1ib5mur0hGlyHpoK8BKBhv7V2ut6yFUbzDPa+b0nj+TOsMvfY66utvd1xwQ==&u=U2FsdGVkX1920+3EqwrbQsALnj9uAvgAl+r8OpcsyEA=&y=U2FsdGVkX1+erHjg6H2jtzOsKA5z/lD6XJP8KVF9G2A= HTTP/1.1" 200 26
186.155.12.195 - - [05/Mar/2024:06:14:56 -0500] "GET /kwssiamovil/sm/acme/a?s=U2FsdGVkX193vhJ4FE9gBNKG0LJGjlOFudvBFLulaLCPpWFC5hbuHK90+CBCku3gf1QNFbI0vfKn+NxdvHUerg8QgE75GQ6hjyZR7f+Y+/99JXPtQz1xSPVuTq5NBAWs+SnfCIUKE3CBvaWcpD2M1Bb9525tx/lCqBB22DyVRK8=&u=U2FsdGVkX1920+3EqwrbQsALnj9uAvgAl+r8OpcsyEA=&y=U2FsdGVkX1+erHjg6H2jtzOsKA5z/lD6XJP8KVF9G2A= HTTP/1.1" 200 26
186.155.12.195 - - [05/Mar/2024:06:14:56 -0500] "GET /kwssiamovil/sm/acme/a?s=U2FsdGVkX1/Dvo5rWjjX5rye4GlB/Pbsf1Bw8rcLTZRmY9Q9+BpIw7018zFJNA69Sjz4PcEkOqF75fBfSNupfx4svXCVwXcUZ0omFEQSQ+NpipVoLwGKQooFaU3JWNjBFxt3GK2yA2DDKhOdS19eXlMac9N9THvgHS8t/kPCJrQ=&u=U2FsdGVkX1920+3EqwrbQsALnj9uAvgAl+r8OpcsyEA=&y=U2FsdGVkX1+erHjg6H2jtzOsKA5z/lD6XJP8KVF9G2A= HTTP/1.1" 200 26
186.155.12.195 - - [05/Mar/2024:06:14:56 -0500] "GET /kwssiamovil/sm/acme/a?s=U2FsdGVkX18w0n/pabRk8PzdbMAgIPEiuE4HhvxmRurNj6runOPisN2V0Ku5KUU+i6m+YoIRAmKB5A3Te+0F155XecT5dntZZmh+fkuTbrvlVMHmEQm3cLHwIW5LvBkHAsKmGR+3xD9xroYmgM9UWJ/nnzI9wiK1pB+KXBsGLtQ=&u=U2FsdGVkX1920+3EqwrbQsALnj9uAvgAl+r8OpcsyEA=&y=U2FsdGVkX1+erHjg6H2jtzOsKA5z/lD6XJP8KVF9G2A= HTTP/1.1" 200 26
186.155.12.195 - - [05/Mar/2024:06:14:56 -0500] "GET /kwssiamovil/sm/acme/a?s=U2FsdGVkX18/1VR2/1c8GNktM7Xqc0laCBWXmCAJapXZOixH4KCs0G54F0qp1kwmRAOOOG/Xzfgq1i19MgrOwvuVRDeBJ5C8pL7f5GhzYVUZWPDuJNyJMJTfW0VM9rVmoDotyi5ZIusg0stgQo8Boa8wl4JXqrqJmPzzw4nc8+f1AuauTTHxBH5coZB60j5a&u=U2FsdGVkX1920+3EqwrbQsALnj9uAvgAl+r8OpcsyEA=&y=U2FsdGVkX1+erHjg6H2jtzOsKA5z/lD6XJP8KVF9G2A= HTTP/1.1" 200 26
3.224.220.101 - - [05/Mar/2024:06:14:57 -0500] "GET /BLA/resoluciones/RESOLUCIONES%202019/2118.pdf HTTP/1.1" 200 291871
23.22.35.162 - - [05/Mar/2024:06:15:01 -0500] "GET /BLA/resoluciones/RESOLUCIONES%202019/2117.pdf HTTP/1.1" 200 290989
23.22.35.162 - - [05/Mar/2024:06:15:05 -0500] "GET /BLA/resoluciones/RESOLUCIONES%202019/2116.pdf HTTP/1.1" 200 283376
