186.29.214.58 - - [05/Mar/2024:08:16:43 -0500] "GET /sipse/faces/javax.faces.resource/primefaces.css?ln=primefaces&v=4.0 HTTP/1.1" 304 -
186.29.214.58 - - [05/Mar/2024:08:16:43 -0500] "GET /sipse/faces/javax.faces.resource/jquery/jquery.js?ln=primefaces&v=4.0 HTTP/1.1" 304 -
186.29.214.58 - - [05/Mar/2024:08:16:43 -0500] "GET /sipse/faces/javax.faces.resource/jquery/jquery-plugins.js?ln=primefaces&v=4.0 HTTP/1.1" 304 -
186.29.214.58 - - [05/Mar/2024:08:16:43 -0500] "GET /sipse/faces/javax.faces.resource/primefaces.js?ln=primefaces&v=4.0 HTTP/1.1" 304 -
186.29.214.58 - - [05/Mar/2024:08:16:43 -0500] "GET /sipse/faces/javax.faces.resource/layout/layout.js?ln=primefaces&v=4.0 HTTP/1.1" 304 -
23.22.35.162 - - [05/Mar/2024:08:16:45 -0500] "GET /BLA/resoluciones/RESOLUCIONES%202018/4323.pdf HTTP/1.1" 200 307451
3.224.220.101 - - [05/Mar/2024:08:16:49 -0500] "GET /BLA/resoluciones/RESOLUCIONES%202022/2751.pdf HTTP/1.1" 200 383771
186.29.214.58 - - [05/Mar/2024:08:16:50 -0500] "POST /sipse/faces/presentacion/financiero/solicitudProceso/consultarSolicitudProceso.xhtml HTTP/1.1" 200 33633
186.29.214.58 - - [05/Mar/2024:08:16:52 -0500] "GET /sipse/faces/javax.faces.resource/theme.css?ln=primefaces-sipse HTTP/1.1" 304 -
186.29.214.58 - - [05/Mar/2024:08:16:52 -0500] "GET /sipse/faces/javax.faces.resource/primefaces.css?ln=primefaces&v=4.0 HTTP/1.1" 304 -
186.29.214.58 - - [05/Mar/2024:08:16:52 -0500] "GET /sipse/faces/javax.faces.resource/layout/layout.css?ln=primefaces&v=4.0 HTTP/1.1" 304 -
186.29.214.58 - - [05/Mar/2024:08:16:52 -0500] "GET /sipse/faces/javax.faces.resource/jquery/jquery.js?ln=primefaces&v=4.0 HTTP/1.1" 304 -
186.29.214.58 - - [05/Mar/2024:08:16:52 -0500] "GET /sipse/faces/javax.faces.resource/jquery/jquery-plugins.js?ln=primefaces&v=4.0 HTTP/1.1" 304 -
186.29.214.58 - - [05/Mar/2024:08:16:52 -0500] "GET /sipse/faces/javax.faces.resource/primefaces.js?ln=primefaces&v=4.0 HTTP/1.1" 304 -
186.29.214.58 - - [05/Mar/2024:08:16:52 -0500] "GET /sipse/faces/javax.faces.resource/layout/layout.js?ln=primefaces&v=4.0 HTTP/1.1" 304 -
186.29.214.58 - - [05/Mar/2024:08:16:52 -0500] "POST /sipse/faces/presentacion/financiero/solicitudProceso/listarSolicitudProceso.xhtml HTTP/1.1" 200 1372
3.224.220.101 - - [05/Mar/2024:08:16:53 -0500] "GET /BLA/resoluciones/RESOLUCIONES%202018/4322.pdf HTTP/1.1" 200 2744294
23.22.35.162 - - [05/Mar/2024:08:16:57 -0500] "GET /BLA/resoluciones/RESOLUCIONES%202022/2750.pdf HTTP/1.1" 200 385449
52.70.240.171 - - [05/Mar/2024:08:17:01 -0500] "GET /BLA/resoluciones/RESOLUCIONES%202022/2733.pdf HTTP/1.1" 200 416665
3.224.220.101 - - [05/Mar/2024:08:17:05 -0500] "GET /BLA/resoluciones/RESOLUCIONES%202018/4321.pdf HTTP/1.1" 200 301925
23.22.35.162 - - [05/Mar/2024:08:17:10 -0500] "GET /BLA/resoluciones/RESOLUCIONES%202022/2723.pdf HTTP/1.1" 200 339386
23.22.35.162 - - [05/Mar/2024:08:17:14 -0500] "GET /BLA/resoluciones/RESOLUCIONES%202018/4319.pdf HTTP/1.1" 200 302727
3.224.220.101 - - [05/Mar/2024:08:17:17 -0500] "GET /BLA/resoluciones/RESOLUCIONES%202022/2722.pdf HTTP/1.1" 200 406243
23.22.35.162 - - [05/Mar/2024:08:17:21 -0500] "GET /BLA/resoluciones/RESOLUCIONES%202018/4317.pdf HTTP/1.1" 200 306013
3.224.220.101 - - [05/Mar/2024:08:17:25 -0500] "GET /BLA/resoluciones/RESOLUCIONES%202022/2699.pdf HTTP/1.1" 200 387353
23.22.35.162 - - [05/Mar/2024:08:17:30 -0500] "GET /BLA/resoluciones/RESOLUCIONES%202018/4315.pdf HTTP/1.1" 200 295406
3.224.220.101 - - [05/Mar/2024:08:17:33 -0500] "GET /BLA/resoluciones/RESOLUCIONES%202022/2689.pdf HTTP/1.1" 200 395365
186.116.218.244 - - [05/Mar/2024:08:17:37 -0500] "POST /sipse/faces/presentacion/financiero/solicitudProceso/consultarSolicitudProceso.xhtml HTTP/1.1" 200 5531
23.22.35.162 - - [05/Mar/2024:08:17:38 -0500] "GET /BLA/resoluciones/RESOLUCIONES%202018/4314.pdf HTTP/1.1" 200 301352
52.70.240.171 - - [05/Mar/2024:08:17:41 -0500] "GET /BLA/resoluciones/RESOLUCIONES%202022/2665.pdf HTTP/1.1" 200 409388
3.224.220.101 - - [05/Mar/2024:08:17:45 -0500] "GET /BLA/resoluciones/RESOLUCIONES%202018/4313.pdf HTTP/1.1" 200 322442
3.224.220.101 - - [05/Mar/2024:08:17:49 -0500] "GET /BLA/resoluciones/RESOLUCIONES%202022/2655.pdf HTTP/1.1" 200 391827
23.22.35.162 - - [05/Mar/2024:08:17:53 -0500] "GET /BLA/resoluciones/RESOLUCIONES%202018/4307.pdf HTTP/1.1" 200 279482
23.22.35.162 - - [05/Mar/2024:08:17:57 -0500] "GET /BLA/resoluciones/RESOLUCIONES%202022/2653.pdf HTTP/1.1" 200 450218
52.70.240.171 - - [05/Mar/2024:08:18:01 -0500] "GET /BLA/resoluciones/RESOLUCIONES%202018/4305.pdf HTTP/1.1" 200 274677
181.63.25.0 - - [05/Mar/2024:08:18:03 -0500] "GET /sipse/faces/javax.faces.resource/images/ui-bg_flat_0_2d5972_40x100.png?ln=primefaces-aristo HTTP/1.1" 304 -
181.63.25.0 - - [05/Mar/2024:08:18:03 -0500] "POST /sipse/faces/presentacion/financiero/solicitudProceso/consultarSolicitudProceso.xhtml HTTP/1.1" 200 37165
181.63.25.0 - - [05/Mar/2024:08:18:04 -0500] "GET /sipse/faces/javax.faces.resource/theme.css?ln=primefaces-sipse HTTP/1.1" 304 -
181.63.25.0 - - [05/Mar/2024:08:18:04 -0500] "GET /sipse/faces/javax.faces.resource/primefaces.css?ln=primefaces&v=4.0 HTTP/1.1" 304 -
181.63.25.0 - - [05/Mar/2024:08:18:04 -0500] "GET /sipse/faces/javax.faces.resource/layout/layout.css?ln=primefaces&v=4.0 HTTP/1.1" 304 -
181.63.25.0 - - [05/Mar/2024:08:18:04 -0500] "GET /sipse/faces/javax.faces.resource/jquery/jquery.js?ln=primefaces&v=4.0 HTTP/1.1" 304 -
181.63.25.0 - - [05/Mar/2024:08:18:04 -0500] "GET /sipse/faces/javax.faces.resource/jquery/jquery-plugins.js?ln=primefaces&v=4.0 HTTP/1.1" 304 -
181.63.25.0 - - [05/Mar/2024:08:18:04 -0500] "GET /sipse/faces/javax.faces.resource/primefaces.js?ln=primefaces&v=4.0 HTTP/1.1" 304 -
181.63.25.0 - - [05/Mar/2024:08:18:04 -0500] "GET /sipse/faces/javax.faces.resource/layout/layout.js?ln=primefaces&v=4.0 HTTP/1.1" 304 -
181.63.25.0 - - [05/Mar/2024:08:18:05 -0500] "GET /sipse/css/imagen/contrasena.png HTTP/1.1" 404 383
23.22.35.162 - - [05/Mar/2024:08:18:05 -0500] "GET /BLA/resoluciones/RESOLUCIONES%202022/2642.pdf HTTP/1.1" 200 413408
181.63.25.0 - - [05/Mar/2024:08:18:05 -0500] "POST /sipse/faces/presentacion/financiero/solicitudProceso/listarSolicitudProceso.xhtml HTTP/1.1" 200 30433
181.63.25.0 - - [05/Mar/2024:08:18:05 -0500] "POST /sipse/faces/presentacion/financiero/solicitudProceso/listarSolicitudProceso.xhtml HTTP/1.1" 200 30433
181.63.25.0 - - [05/Mar/2024:08:18:05 -0500] "POST /sipse/faces/presentacion/financiero/solicitudProceso/listarSolicitudProceso.xhtml HTTP/1.1" 200 30433
181.63.25.0 - - [05/Mar/2024:08:18:06 -0500] "POST /sipse/faces/presentacion/financiero/solicitudProceso/listarSolicitudProceso.xhtml HTTP/1.1" 200 30433
181.63.25.0 - - [05/Mar/2024:08:18:06 -0500] "POST /sipse/faces/presentacion/financiero/solicitudProceso/listarSolicitudProceso.xhtml HTTP/1.1" 200 1392
181.63.25.0 - - [05/Mar/2024:08:18:08 -0500] "POST /sipse/faces/presentacion/financiero/solicitudProceso/listarSolicitudProceso.xhtml HTTP/1.1" 200 1388
3.224.220.101 - - [05/Mar/2024:08:18:09 -0500] "GET /BLA/resoluciones/RESOLUCIONES%202018/04304.pdf HTTP/1.1" 200 263073
181.63.25.0 - - [05/Mar/2024:08:18:09 -0500] "POST /sipse/faces/presentacion/financiero/solicitudProceso/listarSolicitudProceso.xhtml HTTP/1.1" 200 1400
181.63.25.0 - - [05/Mar/2024:08:18:10 -0500] "POST /sipse/faces/presentacion/financiero/solicitudProceso/listarSolicitudProceso.xhtml HTTP/1.1" 200 1388
181.63.25.0 - - [05/Mar/2024:08:18:11 -0500] "POST /sipse/faces/presentacion/financiero/solicitudProceso/listarSolicitudProceso.xhtml HTTP/1.1" 200 1400
3.224.220.101 - - [05/Mar/2024:08:18:13 -0500] "GET /BLA/resoluciones/RESOLUCIONES%202022/2641.pdf HTTP/1.1" 200 410803
181.63.25.0 - - [05/Mar/2024:08:18:14 -0500] "POST /sipse/faces/presentacion/financiero/solicitudProceso/listarSolicitudProceso.xhtml HTTP/1.1" 200 10092
23.22.35.162 - - [05/Mar/2024:08:18:17 -0500] "GET /BLA/resoluciones/RESOLUCIONES%202018/4303.pdf HTTP/1.1" 200 410813
181.63.25.0 - - [05/Mar/2024:08:18:19 -0500] "POST /sipse/faces/presentacion/financiero/solicitudProceso/listarSolicitudProceso.xhtml HTTP/1.1" 200 155303
181.63.25.0 - - [05/Mar/2024:08:18:21 -0500] "GET /sipse/faces/javax.faces.resource/theme.css?ln=primefaces-sipse HTTP/1.1" 304 -
181.63.25.0 - - [05/Mar/2024:08:18:21 -0500] "GET /sipse/faces/javax.faces.resource/primefaces.css?ln=primefaces&v=4.0 HTTP/1.1" 304 -
181.63.25.0 - - [05/Mar/2024:08:18:21 -0500] "GET /sipse/faces/javax.faces.resource/layout/layout.css?ln=primefaces&v=4.0 HTTP/1.1" 304 -
181.63.25.0 - - [05/Mar/2024:08:18:21 -0500] "GET /sipse/faces/javax.faces.resource/jquery/jquery.js?ln=primefaces&v=4.0 HTTP/1.1" 304 -
181.63.25.0 - - [05/Mar/2024:08:18:21 -0500] "GET /sipse/faces/javax.faces.resource/jquery/jquery-plugins.js?ln=primefaces&v=4.0 HTTP/1.1" 304 -
181.63.25.0 - - [05/Mar/2024:08:18:21 -0500] "GET /sipse/faces/javax.faces.resource/primefaces.js?ln=primefaces&v=4.0 HTTP/1.1" 304 -
181.63.25.0 - - [05/Mar/2024:08:18:21 -0500] "GET /sipse/faces/javax.faces.resource/layout/layout.js?ln=primefaces&v=4.0 HTTP/1.1" 304 -
181.63.25.0 - - [05/Mar/2024:08:18:21 -0500] "GET /sipse/css/imagen/contrasena.png HTTP/1.1" 404 383
23.22.35.162 - - [05/Mar/2024:08:18:21 -0500] "GET /BLA/resoluciones/RESOLUCIONES%202022/2640.pdf HTTP/1.1" 200 421476
52.70.240.171 - - [05/Mar/2024:08:18:25 -0500] "GET /BLA/resoluciones/RESOLUCIONES%202018/4300.pdf HTTP/1.1" 200 348510
3.224.220.101 - - [05/Mar/2024:08:18:29 -0500] "GET /BLA/resoluciones/RESOLUCIONES%202022/2639.pdf HTTP/1.1" 200 400842
181.63.25.0 - - [05/Mar/2024:08:18:29 -0500] "POST /sipse/faces/presentacion/financiero/solicitudProceso/consultarSolicitudProceso.xhtml HTTP/1.1" 200 2141745
186.29.148.92 - - [05/Mar/2024:08:18:31 -0500] "GET /distrito-exalto-a-246-empresas-de-bogota-por-su-alto-desempeno-y-responsabilidad-ambiental-durante-2023.html HTTP/1.1" 200 1039
52.70.240.171 - - [05/Mar/2024:08:18:33 -0500] "GET /BLA/resoluciones/RESOLUCIONES%202018/4299.pdf HTTP/1.1" 200 363001
201.245.192.253 - - [05/Mar/2024:08:18:34 -0500] "POST /forms/lservlet;jsessionid=ac16012b30d626f26d2b1c2d4f41939eaa2119c3b879.e3iSbxaKaheRe3iNc3uNbNmQay1ynknvrkLOlQzNp65In0 HTTP/1.1" 200 2
201.245.192.253 - - [05/Mar/2024:08:18:35 -0500] "POST /forms/lservlet;jsessionid=ac16012b30d6f4ea1d4888f54de9a75ed378af0a0d6e.e3iSbxaKaheRe3iNc3uNbNmQay1ynknvrkLOlQzNp65In0 HTTP/1.1" 200 2
3.224.220.101 - - [05/Mar/2024:08:18:37 -0500] "GET /BLA/resoluciones/RESOLUCIONES%202022/2638.pdf HTTP/1.1" 200 407349
3.224.220.101 - - [05/Mar/2024:08:18:41 -0500] "GET /BLA/resoluciones/RESOLUCIONES%202018/4298.pdf HTTP/1.1" 200 265049
201.245.192.253 - - [05/Mar/2024:08:18:43 -0500] "GET /appsia/controlador HTTP/1.1" 200 4799
3.224.220.101 - - [05/Mar/2024:08:18:46 -0500] "GET /BLA/resoluciones/RESOLUCIONES%202022/2637.pdf HTTP/1.1" 200 393269
3.224.220.101 - - [05/Mar/2024:08:18:49 -0500] "GET /BLA/resoluciones/RESOLUCIONES%202018/4297.pdf HTTP/1.1" 200 358003
23.22.35.162 - - [05/Mar/2024:08:18:53 -0500] "GET /BLA/resoluciones/RESOLUCIONES%202022/2636.pdf HTTP/1.1" 200 406568
201.245.192.253 - - [05/Mar/2024:08:18:53 -0500] "POST /appsia/controlador HTTP/1.1" 200 3589
201.245.192.253 - - [05/Mar/2024:08:18:53 -0500] "GET /appsia/jscripts/validarSolicitud.js HTTP/1.1" 404 68
3.224.220.101 - - [05/Mar/2024:08:18:57 -0500] "GET /BLA/resoluciones/RESOLUCIONES%202018/4287.pdf HTTP/1.1" 200 355431
23.22.35.162 - - [05/Mar/2024:08:19:01 -0500] "GET /BLA/resoluciones/RESOLUCIONES%202022/2634.pdf HTTP/1.1" 200 403698
201.245.192.253 - - [05/Mar/2024:08:19:02 -0500] "GET /appsia/controlador HTTP/1.1" 200 4799
3.224.220.101 - - [05/Mar/2024:08:19:05 -0500] "GET /BLA/resoluciones/RESOLUCIONES%202018/4286.pdf HTTP/1.1" 200 364234
52.70.240.171 - - [05/Mar/2024:08:19:10 -0500] "GET /BLA/resoluciones/RESOLUCIONES%202022/2630.pdf HTTP/1.1" 200 436479
23.22.35.162 - - [05/Mar/2024:08:19:13 -0500] "GET /BLA/resoluciones/RESOLUCIONES%202018/4280.pdf HTTP/1.1" 200 328410
23.22.35.162 - - [05/Mar/2024:08:19:17 -0500] "GET /BLA/resoluciones/RESOLUCIONES%202022/2627.pdf HTTP/1.1" 200 333932
201.245.192.253 - - [05/Mar/2024:08:19:17 -0500] "POST /appsia/controlador HTTP/1.1" 200 3589
201.245.192.253 - - [05/Mar/2024:08:19:17 -0500] "GET /appsia/jscripts/validarSolicitud.js HTTP/1.1" 404 68
201.245.192.253 - - [05/Mar/2024:08:19:16 -0500] "POST /kwsrmcab/Wsrmcab HTTP/1.1" 200 38746
201.245.192.253 - - [05/Mar/2024:08:19:18 -0500] "POST /kwsrmcab/Wsrmcab HTTP/1.1" 200 38905
23.22.35.162 - - [05/Mar/2024:08:19:21 -0500] "GET /BLA/resoluciones/RESOLUCIONES%202018/4279.pdf HTTP/1.1" 200 316367
23.22.35.162 - - [05/Mar/2024:08:19:25 -0500] "GET /BLA/resoluciones/RESOLUCIONES%202022/2626.pdf HTTP/1.1" 200 336592
201.245.192.253 - - [05/Mar/2024:08:19:25 -0500] "GET /appsia/controlador HTTP/1.1" 200 4799
23.22.35.162 - - [05/Mar/2024:08:19:29 -0500] "GET /BLA/resoluciones/RESOLUCIONES%202022/2621.pdf HTTP/1.1" 200 368308
173.252.107.116 - - [05/Mar/2024:08:19:31 -0500] "GET /images/27%20de%20enero%20Soratama.jpg HTTP/1.1" 200 63397
3.224.220.101 - - [05/Mar/2024:08:19:33 -0500] "GET /BLA/resoluciones/RESOLUCIONES%202022/2569.pdf HTTP/1.1" 200 346676
201.245.192.253 - - [05/Mar/2024:08:19:33 -0500] "POST /kwsrmcab/Wsrmcab HTTP/1.1" 200 37678
181.63.25.0 - - [05/Mar/2024:08:19:37 -0500] "POST /sipse/faces/presentacion/financiero/solicitudProceso/consultarSolicitudProceso.xhtml HTTP/1.1" 200 2116488
201.245.192.253 - - [05/Mar/2024:08:19:37 -0500] "POST /kwsrmcab/Wsrmcab HTTP/1.1" 200 38905
52.70.240.171 - - [05/Mar/2024:08:19:40 -0500] "GET /BLA/resoluciones/RESOLUCIONES%202018/4278.pdf HTTP/1.1" 200 432043
23.22.35.162 - - [05/Mar/2024:08:19:41 -0500] "GET /BLA/resoluciones/RESOLUCIONES%202022/2567.pdf HTTP/1.1" 200 1445779
3.224.220.101 - - [05/Mar/2024:08:19:45 -0500] "GET /BLA/resoluciones/RESOLUCIONES%202022/2563.pdf HTTP/1.1" 200 399020
201.245.192.253 - - [05/Mar/2024:08:19:45 -0500] "POST /appsia/controlador HTTP/1.1" 200 3603
201.245.192.253 - - [05/Mar/2024:08:19:45 -0500] "GET /appsia/jscripts/validarSolicitud.js HTTP/1.1" 404 68
3.224.220.101 - - [05/Mar/2024:08:19:49 -0500] "GET /BLA/resoluciones/RESOLUCIONES%202018/4277.pdf HTTP/1.1" 200 2214578
201.245.192.253 - - [05/Mar/2024:08:19:51 -0500] "POST /appsia/controlador HTTP/1.1" 200 4799
23.22.35.162 - - [05/Mar/2024:08:19:53 -0500] "GET /BLA/resoluciones/RESOLUCIONES%202022/2562.pdf HTTP/1.1" 200 488377
201.245.192.253 - - [05/Mar/2024:08:19:56 -0500] "POST /appsia/controlador HTTP/1.1" 200 4621
3.224.220.101 - - [05/Mar/2024:08:19:57 -0500] "GET /BLA/resoluciones/RESOLUCIONES%202018/4276.pdf HTTP/1.1" 200 592190
3.224.220.101 - - [05/Mar/2024:08:20:01 -0500] "GET /BLA/resoluciones/RESOLUCIONES%202022/2561.pdf HTTP/1.1" 200 444878
201.245.192.253 - - [05/Mar/2024:08:20:03 -0500] "POST /appsia/controlador HTTP/1.1" 200 13460
52.70.240.171 - - [05/Mar/2024:08:20:06 -0500] "GET /BLA/resoluciones/RESOLUCIONES%202022/2559.pdf HTTP/1.1" 200 311274
23.22.35.162 - - [05/Mar/2024:08:20:09 -0500] "GET /BLA/resoluciones/RESOLUCIONES%202018/4275.pdf HTTP/1.1" 200 703231
3.224.220.101 - - [05/Mar/2024:08:20:13 -0500] "GET /BLA/resoluciones/RESOLUCIONES%202018/4265.pdf HTTP/1.1" 200 345042
23.22.35.162 - - [05/Mar/2024:08:20:17 -0500] "GET /BLA/resoluciones/RESOLUCIONES%202022/2543.pdf HTTP/1.1" 200 1246484
3.224.220.101 - - [05/Mar/2024:08:20:21 -0500] "GET /BLA/resoluciones/RESOLUCIONES%202018/4262.pdf HTTP/1.1" 200 292879
201.245.192.253 - - [05/Mar/2024:08:20:20 -0500] "POST /kwsrmcab/Wsrmcab  HTTP/1.1" 200 39632
52.70.240.171 - - [05/Mar/2024:08:20:25 -0500] "GET /BLA/resoluciones/RESOLUCIONES%202022/2537.pdf HTTP/1.1" 200 510789
52.70.240.171 - - [05/Mar/2024:08:20:29 -0500] "GET /BLA/resoluciones/RESOLUCIONES%202018/4261.pdf HTTP/1.1" 200 293097
52.70.240.171 - - [05/Mar/2024:08:20:34 -0500] "GET /BLA/resoluciones/RESOLUCIONES%202022/2530.pdf HTTP/1.1" 200 728926
201.245.192.253 - - [05/Mar/2024:08:20:34 -0500] "POST /forms/lservlet;jsessionid=ac16012b30d626f26d2b1c2d4f41939eaa2119c3b879.e3iSbxaKaheRe3iNc3uNbNmQay1ynknvrkLOlQzNp65In0 HTTP/1.1" 200 2
201.245.192.253 - - [05/Mar/2024:08:20:35 -0500] "POST /forms/lservlet;jsessionid=ac16012b30d6f4ea1d4888f54de9a75ed378af0a0d6e.e3iSbxaKaheRe3iNc3uNbNmQay1ynknvrkLOlQzNp65In0 HTTP/1.1" 200 2
52.70.240.171 - - [05/Mar/2024:08:20:37 -0500] "GET /BLA/resoluciones/RESOLUCIONES%202018/4259.pdf HTTP/1.1" 200 2639010
23.22.35.162 - - [05/Mar/2024:08:20:42 -0500] "GET /BLA/resoluciones/RESOLUCIONES%202022/2529.pdf HTTP/1.1" 200 571183
3.224.220.101 - - [05/Mar/2024:08:20:45 -0500] "GET /BLA/resoluciones/RESOLUCIONES%202018/4258.PDF HTTP/1.1" 200 18249178
52.70.240.171 - - [05/Mar/2024:08:20:49 -0500] "GET /BLA/resoluciones/RESOLUCIONES%202022/2528.pdf HTTP/1.1" 200 364314
23.22.35.162 - - [05/Mar/2024:08:20:53 -0500] "GET /BLA/resoluciones/RESOLUCIONES%202018/4256.pdf HTTP/1.1" 200 307380
201.245.192.253 - - [05/Mar/2024:08:20:56 -0500] "GET /sipse/faces/index.xhtml HTTP/1.1" 200 677
201.245.192.253 - - [05/Mar/2024:08:20:56 -0500] "GET /sipse/faces/javax.faces.resource/theme.css?ln=primefaces-sipse HTTP/1.1" 200 50058
52.70.240.171 - - [05/Mar/2024:08:20:57 -0500] "GET /BLA/resoluciones/RESOLUCIONES%202022/2527.pdf HTTP/1.1" 200 2099615
3.224.220.101 - - [05/Mar/2024:08:21:01 -0500] "GET /BLA/resoluciones/RESOLUCIONES%202018/4252.pdf HTTP/1.1" 200 309654
52.70.240.171 - - [05/Mar/2024:08:21:05 -0500] "GET /BLA/resoluciones/RESOLUCIONES%202022/2515.pdf HTTP/1.1" 200 311528
23.22.35.162 - - [05/Mar/2024:08:21:10 -0500] "GET /BLA/resoluciones/RESOLUCIONES%202018/4223.pdf HTTP/1.1" 200 651591
3.224.220.101 - - [05/Mar/2024:08:21:13 -0500] "GET /BLA/resoluciones/RESOLUCIONES%202022/2508.pdf HTTP/1.1" 200 1454854
23.22.35.162 - - [05/Mar/2024:08:21:17 -0500] "GET /BLA/resoluciones/RESOLUCIONES%202018/4222.pdf HTTP/1.1" 200 277075
23.22.35.162 - - [05/Mar/2024:08:21:21 -0500] "GET /BLA/resoluciones/RESOLUCIONES%202022/2500.pdf HTTP/1.1" 200 363918
3.224.220.101 - - [05/Mar/2024:08:21:25 -0500] "GET /BLA/resoluciones/RESOLUCIONES%202018/4221.PDF HTTP/1.1" 200 19607651
52.70.240.171 - - [05/Mar/2024:08:21:29 -0500] "GET /BLA/resoluciones/RESOLUCIONES%202022/2499.pdf HTTP/1.1" 200 419236
3.224.220.101 - - [05/Mar/2024:08:21:33 -0500] "GET /BLA/resoluciones/RESOLUCIONES%202018/4217.pdf HTTP/1.1" 200 315427
23.22.35.162 - - [05/Mar/2024:08:21:37 -0500] "GET /BLA/resoluciones/RESOLUCIONES%202018/4216.pdf HTTP/1.1" 200 290334
3.224.220.101 - - [05/Mar/2024:08:21:41 -0500] "GET /BLA/resoluciones/RESOLUCIONES%202022/2498.pdf HTTP/1.1" 200 423387
52.70.240.171 - - [05/Mar/2024:08:21:45 -0500] "GET /BLA/resoluciones/RESOLUCIONES%202018/4214.pdf HTTP/1.1" 200 406771
23.22.35.162 - - [05/Mar/2024:08:21:49 -0500] "GET /BLA/resoluciones/RESOLUCIONES%202022/2494.pdf HTTP/1.1" 200 406428
3.224.220.101 - - [05/Mar/2024:08:21:53 -0500] "GET /BLA/resoluciones/RESOLUCIONES%202018/4204.pdf HTTP/1.1" 200 292216
204.199.119.101 - - [05/Mar/2024:08:21:56 -0500] "GET /appsia/controlador HTTP/1.1" 200 4799
204.199.119.101 - - [05/Mar/2024:08:21:56 -0500] "GET /appsia/css/estilos.css HTTP/1.1" 200 4804
204.199.119.101 - - [05/Mar/2024:08:21:56 -0500] "GET /appsia/scripts/validarIngreso.js HTTP/1.1" 200 851
204.199.119.101 - - [05/Mar/2024:08:21:56 -0500] "GET /appsia/images/logo_bogota_p.png HTTP/1.1" 200 14951
204.199.119.101 - - [05/Mar/2024:08:21:56 -0500] "GET /appsia/images/cabezoteHojaVida.png HTTP/1.1" 200 32493
52.70.240.171 - - [05/Mar/2024:08:21:58 -0500] "GET /BLA/resoluciones/RESOLUCIONES%202022/2492.pdf HTTP/1.1" 200 335943
52.70.240.171 - - [05/Mar/2024:08:22:01 -0500] "GET /BLA/resoluciones/RESOLUCIONES%202018/4200.PDF HTTP/1.1" 200 15151442
204.199.119.101 - - [05/Mar/2024:08:22:03 -0500] "POST /appsia/controlador HTTP/1.1" 200 3603
204.199.119.101 - - [05/Mar/2024:08:22:03 -0500] "GET /appsia/jscripts/validarSolicitud.js HTTP/1.1" 404 68
3.224.220.101 - - [05/Mar/2024:08:22:05 -0500] "GET /BLA/resoluciones/RESOLUCIONES%202022/2489.pdf HTTP/1.1" 200 429726
204.199.119.101 - - [05/Mar/2024:08:22:05 -0500] "POST /appsia/controlador HTTP/1.1" 200 4799
52.70.240.171 - - [05/Mar/2024:08:22:09 -0500] "GET /BLA/resoluciones/RESOLUCIONES%202018/4197.pdf HTTP/1.1" 200 266516
3.224.220.101 - - [05/Mar/2024:08:22:13 -0500] "GET /BLA/resoluciones/RESOLUCIONES%202022/2488.pdf HTTP/1.1" 200 430424
204.199.119.101 - - [05/Mar/2024:08:22:15 -0500] "POST /appsia/controlador HTTP/1.1" 200 5437
52.70.240.171 - - [05/Mar/2024:08:22:17 -0500] "GET /BLA/resoluciones/RESOLUCIONES%202018/4195.pdf HTTP/1.1" 200 267528
191.92.188.128 - - [05/Mar/2024:08:22:18 -0500] "GET /sipse/faces/index.xhtml HTTP/1.1" 200 677
191.92.188.128 - - [05/Mar/2024:08:22:18 -0500] "GET /sipse/faces/javax.faces.resource/theme.css?ln=primefaces-sipse HTTP/1.1" 304 -
191.92.188.128 - - [05/Mar/2024:08:22:18 -0500] "GET /sipse/faces/faces/autenticacion.xhtml HTTP/1.1" 200 12401
191.92.188.128 - - [05/Mar/2024:08:22:18 -0500] "GET /sipse/js/disable_browser_buttons.js HTTP/1.1" 304 -
191.92.188.128 - - [05/Mar/2024:08:22:18 -0500] "GET /sipse/css/custom_css_sg.css HTTP/1.1" 304 -
191.92.188.128 - - [05/Mar/2024:08:22:18 -0500] "GET /sipse/css/custom_css_sg_prime_login.css HTTP/1.1" 304 -
191.92.188.128 - - [05/Mar/2024:08:22:18 -0500] "GET /sipse/faces/javax.faces.resource/primefaces.css?ln=primefaces&v=4.0 HTTP/1.1" 304 -
191.92.188.128 - - [05/Mar/2024:08:22:18 -0500] "GET /sipse/faces/javax.faces.resource/theme.css?ln=primefaces-sipse HTTP/1.1" 304 -
191.92.188.128 - - [05/Mar/2024:08:22:18 -0500] "GET /sipse/faces/javax.faces.resource/layout/layout.css?ln=primefaces&v=4.0 HTTP/1.1" 304 -
191.92.188.128 - - [05/Mar/2024:08:22:18 -0500] "GET /sipse/faces/javax.faces.resource/jquery/jquery.js?ln=primefaces&v=4.0 HTTP/1.1" 304 -
191.92.188.128 - - [05/Mar/2024:08:22:18 -0500] "GET /sipse/faces/javax.faces.resource/jquery/jquery-plugins.js?ln=primefaces&v=4.0 HTTP/1.1" 304 -
191.92.188.128 - - [05/Mar/2024:08:22:18 -0500] "GET /sipse/faces/javax.faces.resource/primefaces.js?ln=primefaces&v=4.0 HTTP/1.1" 304 -
191.92.188.128 - - [05/Mar/2024:08:22:18 -0500] "GET /sipse/js/funciones.js HTTP/1.1" 304 -
191.92.188.128 - - [05/Mar/2024:08:22:18 -0500] "GET /sipse/faces/javax.faces.resource/layout/layout.js?ln=primefaces&v=4.0 HTTP/1.1" 304 -
191.92.188.128 - - [05/Mar/2024:08:22:18 -0500] "GET /sipse/css/imagen/logoSDG.png HTTP/1.1" 304 -
191.92.188.128 - - [05/Mar/2024:08:22:18 -0500] "GET /sipse/css/imagen/loginimg.png HTTP/1.1" 304 -
191.92.188.128 - - [05/Mar/2024:08:22:18 -0500] "GET /sipse/faces/javax.faces.resource/images/ui-icons_898989_256x240.png?ln=primefaces-aristo HTTP/1.1" 304 -
204.199.119.101 - - [05/Mar/2024:08:22:19 -0500] "POST /appsia/controlador HTTP/1.1" 200 25725
204.199.119.101 - - [05/Mar/2024:08:22:19 -0500] "GET /appsia/images/logo_escudo.png HTTP/1.1" 200 36965
191.92.188.128 - - [05/Mar/2024:08:22:21 -0500] "POST /sipse/faces/autenticacion.xhtml HTTP/1.1" 200 2217
191.92.188.128 - - [05/Mar/2024:08:22:21 -0500] "GET /sipse/faces/javax.faces.resource/messages/messages.png?ln=primefaces&v=4.0 HTTP/1.1" 304 -
3.224.220.101 - - [05/Mar/2024:08:22:21 -0500] "GET /BLA/resoluciones/RESOLUCIONES%202018/4194.PDF HTTP/1.1" 200 7618466
191.92.188.128 - - [05/Mar/2024:08:22:23 -0500] "POST /sipse/faces/autenticacion.xhtml HTTP/1.1" 200 16458
191.92.188.128 - - [05/Mar/2024:08:22:23 -0500] "GET /sipse/css/custom_css_sg_prime.css HTTP/1.1" 304 -
191.92.188.128 - - [05/Mar/2024:08:22:23 -0500] "GET /sipse/faces/javax.faces.resource/layout/layout.css?ln=primefaces&v=4.0 HTTP/1.1" 304 -
191.92.188.128 - - [05/Mar/2024:08:22:23 -0500] "GET /sipse/faces/javax.faces.resource/primefaces.css?ln=primefaces&v=4.0 HTTP/1.1" 304 -
191.92.188.128 - - [05/Mar/2024:08:22:23 -0500] "GET /sipse/faces/javax.faces.resource/theme.css?ln=primefaces-sipse HTTP/1.1" 304 -
191.92.188.128 - - [05/Mar/2024:08:22:23 -0500] "GET /sipse/js/jquery.min.js HTTP/1.1" 304 -
191.92.188.128 - - [05/Mar/2024:08:22:23 -0500] "GET /sipse/faces/javax.faces.resource/jquery/jquery.js?ln=primefaces&v=4.0 HTTP/1.1" 304 -
191.92.188.128 - - [05/Mar/2024:08:22:23 -0500] "GET /sipse/faces/javax.faces.resource/jquery/jquery-plugins.js?ln=primefaces&v=4.0 HTTP/1.1" 304 -
191.92.188.128 - - [05/Mar/2024:08:22:23 -0500] "GET /sipse/faces/javax.faces.resource/primefaces.js?ln=primefaces&v=4.0 HTTP/1.1" 304 -
191.92.188.128 - - [05/Mar/2024:08:22:23 -0500] "GET /sipse/faces/javax.faces.resource/layout/layout.js?ln=primefaces&v=4.0 HTTP/1.1" 304 -
191.92.188.128 - - [05/Mar/2024:08:22:23 -0500] "GET /sipse/css/v_mergente.css HTTP/1.1" 304 -
191.92.188.128 - - [05/Mar/2024:08:22:23 -0500] "GET /sipse/imagenes/cargando.gif HTTP/1.1" 304 -
191.92.188.128 - - [05/Mar/2024:08:22:23 -0500] "GET /sipse/imagenes/logoAplicacion.jpg HTTP/1.1" 304 -
191.92.188.128 - - [05/Mar/2024:08:22:23 -0500] "GET /sipse/css/imagen/contrasena.png HTTP/1.1" 404 383
191.92.188.128 - - [05/Mar/2024:08:22:24 -0500] "GET /sipse/faces/javax.faces.resource/images/ui-bg_flat_0_2d5972_40x100.png?ln=primefaces-aristo HTTP/1.1" 304 -
191.92.188.128 - - [05/Mar/2024:08:22:24 -0500] "POST /sipse/faces/bienvenido.xhtml HTTP/1.1" 200 2073
23.22.35.162 - - [05/Mar/2024:08:22:26 -0500] "GET /BLA/resoluciones/RESOLUCIONES%202022/2486.pdf HTTP/1.1" 200 408808
191.92.188.128 - - [05/Mar/2024:08:22:25 -0500] "POST /sipse/faces/bienvenido.xhtml HTTP/1.1" 200 39085
191.92.188.128 - - [05/Mar/2024:08:22:26 -0500] "GET /sipse/faces/javax.faces.resource/theme.css?ln=primefaces-sipse HTTP/1.1" 304 -
191.92.188.128 - - [05/Mar/2024:08:22:26 -0500] "GET /sipse/faces/javax.faces.resource/primefaces.css?ln=primefaces&v=4.0 HTTP/1.1" 304 -
191.92.188.128 - - [05/Mar/2024:08:22:26 -0500] "GET /sipse/faces/javax.faces.resource/layout/layout.css?ln=primefaces&v=4.0 HTTP/1.1" 304 -
191.92.188.128 - - [05/Mar/2024:08:22:26 -0500] "GET /sipse/faces/javax.faces.resource/jquery/jquery.js?ln=primefaces&v=4.0 HTTP/1.1" 304 -
191.92.188.128 - - [05/Mar/2024:08:22:26 -0500] "GET /sipse/faces/javax.faces.resource/jquery/jquery-plugins.js?ln=primefaces&v=4.0 HTTP/1.1" 304 -
191.92.188.128 - - [05/Mar/2024:08:22:26 -0500] "GET /sipse/faces/javax.faces.resource/primefaces.js?ln=primefaces&v=4.0 HTTP/1.1" 304 -
191.92.188.128 - - [05/Mar/2024:08:22:26 -0500] "GET /sipse/faces/javax.faces.resource/layout/layout.js?ln=primefaces&v=4.0 HTTP/1.1" 304 -
52.70.240.171 - - [05/Mar/2024:08:22:29 -0500] "GET /BLA/resoluciones/RESOLUCIONES%202018/4193.pdf HTTP/1.1" 200 600586
23.22.35.162 - - [05/Mar/2024:08:22:33 -0500] "GET /BLA/resoluciones/RESOLUCIONES%202022/2485.pdf HTTP/1.1" 200 429862
201.245.192.253 - - [05/Mar/2024:08:22:34 -0500] "POST /forms/lservlet;jsessionid=ac16012b30d626f26d2b1c2d4f41939eaa2119c3b879.e3iSbxaKaheRe3iNc3uNbNmQay1ynknvrkLOlQzNp65In0 HTTP/1.1" 200 2
201.245.192.253 - - [05/Mar/2024:08:22:35 -0500] "POST /forms/lservlet;jsessionid=ac16012b30d6f4ea1d4888f54de9a75ed378af0a0d6e.e3iSbxaKaheRe3iNc3uNbNmQay1ynknvrkLOlQzNp65In0 HTTP/1.1" 200 2
23.22.35.162 - - [05/Mar/2024:08:22:38 -0500] "GET /BLA/resoluciones/RESOLUCIONES%202018/4187.pdf HTTP/1.1" 200 300879
52.70.240.171 - - [05/Mar/2024:08:22:41 -0500] "GET /BLA/resoluciones/RESOLUCIONES%202022/2484.pdf HTTP/1.1" 200 406984
23.22.35.162 - - [05/Mar/2024:08:22:45 -0500] "GET /BLA/resoluciones/RESOLUCIONES%202018/4183.pdf HTTP/1.1" 200 700939
204.199.119.101 - - [05/Mar/2024:08:22:47 -0500] "POST /appsia/controlador HTTP/1.1" 200 5437
52.70.240.171 - - [05/Mar/2024:08:22:49 -0500] "GET /BLA/resoluciones/RESOLUCIONES%202022/2482.pdf HTTP/1.1" 200 412815
204.199.119.101 - - [05/Mar/2024:08:22:50 -0500] "POST /appsia/controlador HTTP/1.1" 200 7793
23.22.35.162 - - [05/Mar/2024:08:22:53 -0500] "GET /BLA/resoluciones/RESOLUCIONES%202018/4164.pdf HTTP/1.1" 200 8395027
204.199.119.101 - - [05/Mar/2024:08:22:55 -0500] "POST /appsia/controlador HTTP/1.1" 200 6658
3.224.220.101 - - [05/Mar/2024:08:22:57 -0500] "GET /BLA/resoluciones/RESOLUCIONES%202018/4163.pdf HTTP/1.1" 200 419229
204.199.119.101 - - [05/Mar/2024:08:22:57 -0500] "POST /appsia/controlador HTTP/1.1" 200 13171
23.22.35.162 - - [05/Mar/2024:08:23:01 -0500] "GET /BLA/resoluciones/RESOLUCIONES%202022/2481.pdf HTTP/1.1" 200 379181
52.70.240.171 - - [05/Mar/2024:08:23:05 -0500] "GET /BLA/resoluciones/RESOLUCIONES%202018/4161.pdf HTTP/1.1" 200 446533
52.70.240.171 - - [05/Mar/2024:08:23:09 -0500] "GET /BLA/resoluciones/RESOLUCIONES%202022/2477.pdf HTTP/1.1" 200 527449
172.22.2.4 - - [05/Mar/2024:08:21:31 -0500] "GET /BLA/boletinlegal/ HTTP/1.1" 200 62720
3.224.220.101 - - [05/Mar/2024:08:23:13 -0500] "GET /BLA/resoluciones/RESOLUCIONES%202022/2476.pdf HTTP/1.1" 200 354816
23.22.35.162 - - [05/Mar/2024:08:23:18 -0500] "GET /BLA/resoluciones/RESOLUCIONES%202018/4160.PDF HTTP/1.1" 200 1227555
52.70.240.171 - - [05/Mar/2024:08:23:21 -0500] "GET /BLA/resoluciones/RESOLUCIONES%202022/2474.pdf HTTP/1.1" 200 413206
181.63.25.0 - - [05/Mar/2024:08:23:23 -0500] "GET /sipse/faces/javax.faces.resource/images/ui-bg_flat_0_2d5972_40x100.png?ln=primefaces-aristo HTTP/1.1" 304 -
181.63.25.0 - - [05/Mar/2024:08:23:23 -0500] "POST /sipse/faces/presentacion/financiero/solicitudProceso/consultarSolicitudProceso.xhtml HTTP/1.1" 200 37134
181.63.25.0 - - [05/Mar/2024:08:23:24 -0500] "GET /sipse/faces/javax.faces.resource/primefaces.css?ln=primefaces&v=4.0 HTTP/1.1" 304 -
181.63.25.0 - - [05/Mar/2024:08:23:24 -0500] "GET /sipse/faces/javax.faces.resource/theme.css?ln=primefaces-sipse HTTP/1.1" 304 -
181.63.25.0 - - [05/Mar/2024:08:23:24 -0500] "GET /sipse/faces/javax.faces.resource/layout/layout.css?ln=primefaces&v=4.0 HTTP/1.1" 304 -
181.63.25.0 - - [05/Mar/2024:08:23:24 -0500] "GET /sipse/faces/javax.faces.resource/jquery/jquery.js?ln=primefaces&v=4.0 HTTP/1.1" 304 -
181.63.25.0 - - [05/Mar/2024:08:23:24 -0500] "GET /sipse/faces/javax.faces.resource/jquery/jquery-plugins.js?ln=primefaces&v=4.0 HTTP/1.1" 304 -
181.63.25.0 - - [05/Mar/2024:08:23:24 -0500] "GET /sipse/faces/javax.faces.resource/primefaces.js?ln=primefaces&v=4.0 HTTP/1.1" 304 -
181.63.25.0 - - [05/Mar/2024:08:23:24 -0500] "GET /sipse/faces/javax.faces.resource/layout/layout.js?ln=primefaces&v=4.0 HTTP/1.1" 304 -
181.63.25.0 - - [05/Mar/2024:08:23:25 -0500] "GET /sipse/css/imagen/contrasena.png HTTP/1.1" 404 383
181.63.25.0 - - [05/Mar/2024:08:23:25 -0500] "POST /sipse/faces/presentacion/financiero/solicitudProceso/listarSolicitudProceso.xhtml HTTP/1.1" 200 30402
52.70.240.171 - - [05/Mar/2024:08:23:25 -0500] "GET /BLA/resoluciones/RESOLUCIONES%202018/4158.pdf HTTP/1.1" 200 269903
181.63.25.0 - - [05/Mar/2024:08:23:25 -0500] "POST /sipse/faces/presentacion/financiero/solicitudProceso/listarSolicitudProceso.xhtml HTTP/1.1" 200 30402
181.63.25.0 - - [05/Mar/2024:08:23:25 -0500] "POST /sipse/faces/presentacion/financiero/solicitudProceso/listarSolicitudProceso.xhtml HTTP/1.1" 200 30402
181.63.25.0 - - [05/Mar/2024:08:23:26 -0500] "POST /sipse/faces/presentacion/financiero/solicitudProceso/listarSolicitudProceso.xhtml HTTP/1.1" 200 30402
181.63.25.0 - - [05/Mar/2024:08:23:26 -0500] "POST /sipse/faces/presentacion/financiero/solicitudProceso/listarSolicitudProceso.xhtml HTTP/1.1" 200 30402
181.63.25.0 - - [05/Mar/2024:08:23:27 -0500] "POST /sipse/faces/presentacion/financiero/solicitudProceso/listarSolicitudProceso.xhtml HTTP/1.1" 200 30402
181.63.25.0 - - [05/Mar/2024:08:23:27 -0500] "POST /sipse/faces/presentacion/financiero/solicitudProceso/listarSolicitudProceso.xhtml HTTP/1.1" 200 1392
52.70.240.171 - - [05/Mar/2024:08:23:29 -0500] "GET /BLA/resoluciones/RESOLUCIONES%202022/2471.pdf HTTP/1.1" 200 480850
181.63.25.0 - - [05/Mar/2024:08:23:28 -0500] "POST /sipse/faces/presentacion/financiero/solicitudProceso/listarSolicitudProceso.xhtml HTTP/1.1" 200 1388
181.63.25.0 - - [05/Mar/2024:08:23:29 -0500] "POST /sipse/faces/presentacion/financiero/solicitudProceso/listarSolicitudProceso.xhtml HTTP/1.1" 200 1400
181.63.25.0 - - [05/Mar/2024:08:23:30 -0500] "POST /sipse/faces/presentacion/financiero/solicitudProceso/listarSolicitudProceso.xhtml HTTP/1.1" 200 1388
181.63.25.0 - - [05/Mar/2024:08:23:31 -0500] "POST /sipse/faces/presentacion/financiero/solicitudProceso/listarSolicitudProceso.xhtml HTTP/1.1" 200 1400
181.63.25.0 - - [05/Mar/2024:08:23:33 -0500] "POST /sipse/faces/presentacion/financiero/solicitudProceso/listarSolicitudProceso.xhtml HTTP/1.1" 200 1384
52.70.240.171 - - [05/Mar/2024:08:23:34 -0500] "GET /BLA/resoluciones/RESOLUCIONES%202018/4157.pdf HTTP/1.1" 200 386140
181.63.25.0 - - [05/Mar/2024:08:23:34 -0500] "POST /sipse/faces/presentacion/financiero/solicitudProceso/listarSolicitudProceso.xhtml HTTP/1.1" 200 1400
3.224.220.101 - - [05/Mar/2024:08:23:37 -0500] "GET /BLA/resoluciones/RESOLUCIONES%202022/2470.pdf HTTP/1.1" 200 2366523
181.63.25.0 - - [05/Mar/2024:08:23:37 -0500] "POST /sipse/faces/presentacion/financiero/solicitudProceso/listarSolicitudProceso.xhtml HTTP/1.1" 200 10092
52.70.240.171 - - [05/Mar/2024:08:23:41 -0500] "GET /BLA/resoluciones/RESOLUCIONES%202018/4156.pdf HTTP/1.1" 200 282563
181.63.25.0 - - [05/Mar/2024:08:23:41 -0500] "POST /sipse/faces/presentacion/financiero/solicitudProceso/listarSolicitudProceso.xhtml HTTP/1.1" 200 151729
181.63.25.0 - - [05/Mar/2024:08:23:42 -0500] "GET /sipse/faces/javax.faces.resource/theme.css?ln=primefaces-sipse HTTP/1.1" 304 -
181.63.25.0 - - [05/Mar/2024:08:23:42 -0500] "GET /sipse/faces/javax.faces.resource/layout/layout.css?ln=primefaces&v=4.0 HTTP/1.1" 304 -
181.63.25.0 - - [05/Mar/2024:08:23:42 -0500] "GET /sipse/faces/javax.faces.resource/primefaces.css?ln=primefaces&v=4.0 HTTP/1.1" 304 -
181.63.25.0 - - [05/Mar/2024:08:23:42 -0500] "GET /sipse/faces/javax.faces.resource/jquery/jquery.js?ln=primefaces&v=4.0 HTTP/1.1" 304 -
181.63.25.0 - - [05/Mar/2024:08:23:42 -0500] "GET /sipse/faces/javax.faces.resource/jquery/jquery-plugins.js?ln=primefaces&v=4.0 HTTP/1.1" 304 -
181.63.25.0 - - [05/Mar/2024:08:23:42 -0500] "GET /sipse/faces/javax.faces.resource/primefaces.js?ln=primefaces&v=4.0 HTTP/1.1" 304 -
181.63.25.0 - - [05/Mar/2024:08:23:42 -0500] "GET /sipse/faces/javax.faces.resource/layout/layout.js?ln=primefaces&v=4.0 HTTP/1.1" 304 -
181.63.25.0 - - [05/Mar/2024:08:23:43 -0500] "GET /sipse/css/imagen/contrasena.png HTTP/1.1" 404 383
3.224.220.101 - - [05/Mar/2024:08:23:45 -0500] "GET /BLA/resoluciones/RESOLUCIONES%202018/4151.pdf HTTP/1.1" 200 320922
52.70.240.171 - - [05/Mar/2024:08:23:49 -0500] "GET /BLA/resoluciones/RESOLUCIONES%202022/2469.pdf HTTP/1.1" 200 391125
3.224.220.101 - - [05/Mar/2024:08:23:54 -0500] "GET /BLA/resoluciones/RESOLUCIONES%202018/4148.pdf HTTP/1.1" 200 270911
52.70.240.171 - - [05/Mar/2024:08:23:57 -0500] "GET /BLA/resoluciones/RESOLUCIONES%202022/2466.pdf HTTP/1.1" 200 378441
23.22.35.162 - - [05/Mar/2024:08:24:01 -0500] "GET /BLA/resoluciones/RESOLUCIONES%202018/4147.pdf HTTP/1.1" 200 271304
3.224.220.101 - - [05/Mar/2024:08:24:05 -0500] "GET /BLA/resoluciones/RESOLUCIONES%202022/2465.pdf HTTP/1.1" 200 332205
186.84.21.216 - - [05/Mar/2024:08:24:07 -0500] "GET /sipse/faces/index.xhtml HTTP/1.1" 200 677
186.84.21.216 - - [05/Mar/2024:08:24:07 -0500] "GET /sipse/faces/javax.faces.resource/theme.css?ln=primefaces-sipse HTTP/1.1" 304 -
186.84.21.216 - - [05/Mar/2024:08:24:07 -0500] "GET /sipse/faces/faces/autenticacion.xhtml HTTP/1.1" 200 12401
186.84.21.216 - - [05/Mar/2024:08:24:07 -0500] "GET /sipse/faces/javax.faces.resource/primefaces.css?ln=primefaces&v=4.0 HTTP/1.1" 304 -
186.84.21.216 - - [05/Mar/2024:08:24:07 -0500] "GET /sipse/faces/javax.faces.resource/theme.css?ln=primefaces-sipse HTTP/1.1" 304 -
186.84.21.216 - - [05/Mar/2024:08:24:07 -0500] "GET /sipse/faces/javax.faces.resource/layout/layout.css?ln=primefaces&v=4.0 HTTP/1.1" 304 -
186.84.21.216 - - [05/Mar/2024:08:24:07 -0500] "GET /sipse/faces/javax.faces.resource/primefaces.js?ln=primefaces&v=4.0 HTTP/1.1" 304 -
186.84.21.216 - - [05/Mar/2024:08:24:07 -0500] "GET /sipse/faces/javax.faces.resource/jquery/jquery.js?ln=primefaces&v=4.0 HTTP/1.1" 304 -
186.84.21.216 - - [05/Mar/2024:08:24:07 -0500] "GET /sipse/faces/javax.faces.resource/jquery/jquery-plugins.js?ln=primefaces&v=4.0 HTTP/1.1" 304 -
186.84.21.216 - - [05/Mar/2024:08:24:07 -0500] "GET /sipse/faces/javax.faces.resource/layout/layout.js?ln=primefaces&v=4.0 HTTP/1.1" 304 -
186.84.21.216 - - [05/Mar/2024:08:24:07 -0500] "GET /sipse/faces/javax.faces.resource/images/ui-icons_898989_256x240.png?ln=primefaces-aristo HTTP/1.1" 304 -
23.22.35.162 - - [05/Mar/2024:08:24:09 -0500] "GET /BLA/resoluciones/RESOLUCIONES%202018/4146.pdf HTTP/1.1" 200 272542
186.84.21.216 - - [05/Mar/2024:08:24:11 -0500] "POST /sipse/faces/autenticacion.xhtml HTTP/1.1" 200 2219
186.84.21.216 - - [05/Mar/2024:08:24:11 -0500] "GET /sipse/faces/javax.faces.resource/messages/messages.png?ln=primefaces&v=4.0 HTTP/1.1" 304 -
186.84.21.216 - - [05/Mar/2024:08:24:12 -0500] "POST /sipse/faces/autenticacion.xhtml HTTP/1.1" 200 16458
186.84.21.216 - - [05/Mar/2024:08:24:12 -0500] "GET /sipse/faces/javax.faces.resource/theme.css?ln=primefaces-sipse HTTP/1.1" 304 -
186.84.21.216 - - [05/Mar/2024:08:24:12 -0500] "GET /sipse/faces/javax.faces.resource/primefaces.css?ln=primefaces&v=4.0 HTTP/1.1" 304 -
186.84.21.216 - - [05/Mar/2024:08:24:12 -0500] "GET /sipse/faces/javax.faces.resource/layout/layout.css?ln=primefaces&v=4.0 HTTP/1.1" 304 -
186.84.21.216 - - [05/Mar/2024:08:24:12 -0500] "GET /sipse/faces/javax.faces.resource/jquery/jquery.js?ln=primefaces&v=4.0 HTTP/1.1" 304 -
186.84.21.216 - - [05/Mar/2024:08:24:12 -0500] "GET /sipse/faces/javax.faces.resource/jquery/jquery-plugins.js?ln=primefaces&v=4.0 HTTP/1.1" 304 -
186.84.21.216 - - [05/Mar/2024:08:24:12 -0500] "GET /sipse/faces/javax.faces.resource/primefaces.js?ln=primefaces&v=4.0 HTTP/1.1" 304 -
186.84.21.216 - - [05/Mar/2024:08:24:12 -0500] "GET /sipse/faces/javax.faces.resource/layout/layout.js?ln=primefaces&v=4.0 HTTP/1.1" 304 -
186.84.21.216 - - [05/Mar/2024:08:24:12 -0500] "GET /sipse/css/imagen/contrasena.png HTTP/1.1" 404 383
52.70.240.171 - - [05/Mar/2024:08:24:15 -0500] "GET /BLA/resoluciones/RESOLUCIONES%202022/2464.pdf HTTP/1.1" 200 364902
186.84.21.216 - - [05/Mar/2024:08:24:15 -0500] "GET /sipse/faces/javax.faces.resource/images/ui-bg_flat_0_2d5972_40x100.png?ln=primefaces-aristo HTTP/1.1" 304 -
186.84.21.216 - - [05/Mar/2024:08:24:15 -0500] "POST /sipse/faces/bienvenido.xhtml HTTP/1.1" 200 2658
3.224.220.101 - - [05/Mar/2024:08:24:17 -0500] "GET /BLA/resoluciones/RESOLUCIONES%202018/4144.pdf HTTP/1.1" 200 289930
186.84.21.216 - - [05/Mar/2024:08:24:16 -0500] "POST /sipse/faces/bienvenido.xhtml HTTP/1.1" 200 64328
186.84.21.216 - - [05/Mar/2024:08:24:17 -0500] "GET /sipse/faces/javax.faces.resource/theme.css?ln=primefaces-sipse HTTP/1.1" 304 -
186.84.21.216 - - [05/Mar/2024:08:24:17 -0500] "GET /sipse/faces/javax.faces.resource/primefaces.css?ln=primefaces&v=4.0 HTTP/1.1" 304 -
186.84.21.216 - - [05/Mar/2024:08:24:17 -0500] "GET /sipse/faces/javax.faces.resource/layout/layout.css?ln=primefaces&v=4.0 HTTP/1.1" 304 -
186.84.21.216 - - [05/Mar/2024:08:24:17 -0500] "GET /sipse/faces/javax.faces.resource/jquery/jquery.js?ln=primefaces&v=4.0 HTTP/1.1" 304 -
186.84.21.216 - - [05/Mar/2024:08:24:17 -0500] "GET /sipse/faces/javax.faces.resource/jquery/jquery-plugins.js?ln=primefaces&v=4.0 HTTP/1.1" 304 -
186.84.21.216 - - [05/Mar/2024:08:24:17 -0500] "GET /sipse/faces/javax.faces.resource/primefaces.js?ln=primefaces&v=4.0 HTTP/1.1" 304 -
186.84.21.216 - - [05/Mar/2024:08:24:17 -0500] "GET /sipse/faces/javax.faces.resource/layout/layout.js?ln=primefaces&v=4.0 HTTP/1.1" 304 -
186.84.21.216 - - [05/Mar/2024:08:24:17 -0500] "POST /sipse/faces/presentacion/financiero/solicitudProceso/listarSolicitudProceso.xhtml HTTP/1.1" 200 1556
181.63.25.0 - - [05/Mar/2024:08:24:17 -0500] "POST /sipse/faces/presentacion/financiero/solicitudProceso/consultarSolicitudProceso.xhtml HTTP/1.1" 200 2141745
23.22.35.162 - - [05/Mar/2024:08:24:21 -0500] "GET /BLA/resoluciones/RESOLUCIONES%202022/2461.pdf HTTP/1.1" 200 403812
52.70.240.171 - - [05/Mar/2024:08:24:25 -0500] "GET /BLA/resoluciones/RESOLUCIONES%202018/4143.pdf HTTP/1.1" 200 285760
3.224.220.101 - - [05/Mar/2024:08:24:29 -0500] "GET /BLA/resoluciones/RESOLUCIONES%202022/2460.pdf HTTP/1.1" 200 363587
23.22.35.162 - - [05/Mar/2024:08:24:33 -0500] "GET /BLA/resoluciones/RESOLUCIONES%202018/4138.pdf HTTP/1.1" 200 349444
201.245.192.253 - - [05/Mar/2024:08:24:34 -0500] "POST /forms/lservlet;jsessionid=ac16012b30d626f26d2b1c2d4f41939eaa2119c3b879.e3iSbxaKaheRe3iNc3uNbNmQay1ynknvrkLOlQzNp65In0 HTTP/1.1" 200 2
201.245.192.253 - - [05/Mar/2024:08:24:35 -0500] "POST /forms/lservlet;jsessionid=ac16012b30d6f4ea1d4888f54de9a75ed378af0a0d6e.e3iSbxaKaheRe3iNc3uNbNmQay1ynknvrkLOlQzNp65In0 HTTP/1.1" 200 2
52.70.240.171 - - [05/Mar/2024:08:24:37 -0500] "GET /BLA/resoluciones/RESOLUCIONES%202022/2451.pdf HTTP/1.1" 200 488699
52.70.240.171 - - [05/Mar/2024:08:24:41 -0500] "GET /BLA/resoluciones/RESOLUCIONES%202018/4134.pdf HTTP/1.1" 200 232619
186.84.21.216 - - [05/Mar/2024:08:24:44 -0500] "POST /sipse/faces/presentacion/financiero/solicitudProceso/listarSolicitudProceso.xhtml HTTP/1.1" 200 10106
52.70.240.171 - - [05/Mar/2024:08:24:45 -0500] "GET /BLA/resoluciones/RESOLUCIONES%202022/2443.pdf HTTP/1.1" 200 438764
23.22.35.162 - - [05/Mar/2024:08:24:49 -0500] "GET /BLA/resoluciones/RESOLUCIONES%202018/4133.pdf HTTP/1.1" 200 256460
186.84.21.216 - - [05/Mar/2024:08:24:48 -0500] "POST /sipse/faces/presentacion/financiero/solicitudProceso/listarSolicitudProceso.xhtml HTTP/1.1" 200 129632
186.84.21.216 - - [05/Mar/2024:08:24:49 -0500] "GET /sipse/faces/javax.faces.resource/theme.css?ln=primefaces-sipse HTTP/1.1" 304 -
186.84.21.216 - - [05/Mar/2024:08:24:49 -0500] "GET /sipse/faces/javax.faces.resource/primefaces.css?ln=primefaces&v=4.0 HTTP/1.1" 304 -
186.84.21.216 - - [05/Mar/2024:08:24:49 -0500] "GET /sipse/faces/javax.faces.resource/layout/layout.css?ln=primefaces&v=4.0 HTTP/1.1" 304 -
186.84.21.216 - - [05/Mar/2024:08:24:49 -0500] "GET /sipse/faces/javax.faces.resource/jquery/jquery.js?ln=primefaces&v=4.0 HTTP/1.1" 304 -
186.84.21.216 - - [05/Mar/2024:08:24:49 -0500] "GET /sipse/faces/javax.faces.resource/jquery/jquery-plugins.js?ln=primefaces&v=4.0 HTTP/1.1" 304 -
186.84.21.216 - - [05/Mar/2024:08:24:49 -0500] "GET /sipse/faces/javax.faces.resource/primefaces.js?ln=primefaces&v=4.0 HTTP/1.1" 304 -
186.84.21.216 - - [05/Mar/2024:08:24:49 -0500] "GET /sipse/faces/javax.faces.resource/layout/layout.js?ln=primefaces&v=4.0 HTTP/1.1" 304 -
52.70.240.171 - - [05/Mar/2024:08:24:53 -0500] "GET /BLA/resoluciones/RESOLUCIONES%202022/2442.pdf HTTP/1.1" 200 362404
181.63.25.0 - - [05/Mar/2024:08:24:51 -0500] "POST /sipse/faces/presentacion/financiero/solicitudProceso/consultarSolicitudProceso.xhtml HTTP/1.1" 200 2141690
186.84.21.216 - - [05/Mar/2024:08:24:53 -0500] "POST /sipse/faces/presentacion/financiero/solicitudProceso/consultarSolicitudProceso.xhtml HTTP/1.1" 200 37148
186.84.21.216 - - [05/Mar/2024:08:24:54 -0500] "GET /sipse/faces/javax.faces.resource/layout/layout.css?ln=primefaces&v=4.0 HTTP/1.1" 304 -
186.84.21.216 - - [05/Mar/2024:08:24:54 -0500] "GET /sipse/faces/javax.faces.resource/theme.css?ln=primefaces-sipse HTTP/1.1" 304 -
186.84.21.216 - - [05/Mar/2024:08:24:54 -0500] "GET /sipse/faces/javax.faces.resource/primefaces.css?ln=primefaces&v=4.0 HTTP/1.1" 304 -
186.84.21.216 - - [05/Mar/2024:08:24:54 -0500] "GET /sipse/faces/javax.faces.resource/jquery/jquery.js?ln=primefaces&v=4.0 HTTP/1.1" 304 -
186.84.21.216 - - [05/Mar/2024:08:24:54 -0500] "GET /sipse/faces/javax.faces.resource/jquery/jquery-plugins.js?ln=primefaces&v=4.0 HTTP/1.1" 304 -
186.84.21.216 - - [05/Mar/2024:08:24:54 -0500] "GET /sipse/faces/javax.faces.resource/primefaces.js?ln=primefaces&v=4.0 HTTP/1.1" 304 -
186.84.21.216 - - [05/Mar/2024:08:24:54 -0500] "GET /sipse/faces/javax.faces.resource/layout/layout.js?ln=primefaces&v=4.0 HTTP/1.1" 304 -
186.84.21.216 - - [05/Mar/2024:08:24:54 -0500] "POST /sipse/faces/presentacion/financiero/solicitudProceso/listarSolicitudProceso.xhtml HTTP/1.1" 200 30416
186.84.21.216 - - [05/Mar/2024:08:24:54 -0500] "POST /sipse/faces/presentacion/financiero/solicitudProceso/listarSolicitudProceso.xhtml HTTP/1.1" 200 30416
186.84.21.216 - - [05/Mar/2024:08:24:55 -0500] "POST /sipse/faces/presentacion/financiero/solicitudProceso/listarSolicitudProceso.xhtml HTTP/1.1" 200 1392
186.84.21.216 - - [05/Mar/2024:08:24:56 -0500] "POST /sipse/faces/presentacion/financiero/solicitudProceso/listarSolicitudProceso.xhtml HTTP/1.1" 200 1388
23.22.35.162 - - [05/Mar/2024:08:24:57 -0500] "GET /BLA/resoluciones/RESOLUCIONES%202018/4127.pdf HTTP/1.1" 200 385499
186.84.21.216 - - [05/Mar/2024:08:24:57 -0500] "POST /sipse/faces/presentacion/financiero/solicitudProceso/listarSolicitudProceso.xhtml HTTP/1.1" 200 1400
23.22.35.162 - - [05/Mar/2024:08:25:01 -0500] "GET /BLA/resoluciones/RESOLUCIONES%202022/2436.pdf HTTP/1.1" 200 432243
186.84.21.216 - - [05/Mar/2024:08:25:01 -0500] "POST /sipse/faces/presentacion/financiero/solicitudProceso/listarSolicitudProceso.xhtml HTTP/1.1" 200 10235
52.70.240.171 - - [05/Mar/2024:08:25:05 -0500] "GET /BLA/resoluciones/RESOLUCIONES%202018/4126.pdf HTTP/1.1" 200 375214
186.84.21.216 - - [05/Mar/2024:08:25:04 -0500] "POST /sipse/faces/presentacion/financiero/solicitudProceso/listarSolicitudProceso.xhtml HTTP/1.1" 200 135097
186.84.21.216 - - [05/Mar/2024:08:25:05 -0500] "GET /sipse/faces/javax.faces.resource/layout/layout.css?ln=primefaces&v=4.0 HTTP/1.1" 304 -
186.84.21.216 - - [05/Mar/2024:08:25:05 -0500] "GET /sipse/faces/javax.faces.resource/primefaces.css?ln=primefaces&v=4.0 HTTP/1.1" 304 -
186.84.21.216 - - [05/Mar/2024:08:25:05 -0500] "GET /sipse/faces/javax.faces.resource/theme.css?ln=primefaces-sipse HTTP/1.1" 304 -
186.84.21.216 - - [05/Mar/2024:08:25:05 -0500] "GET /sipse/faces/javax.faces.resource/jquery/jquery.js?ln=primefaces&v=4.0 HTTP/1.1" 304 -
186.84.21.216 - - [05/Mar/2024:08:25:05 -0500] "GET /sipse/faces/javax.faces.resource/jquery/jquery-plugins.js?ln=primefaces&v=4.0 HTTP/1.1" 304 -
186.84.21.216 - - [05/Mar/2024:08:25:05 -0500] "GET /sipse/faces/javax.faces.resource/primefaces.js?ln=primefaces&v=4.0 HTTP/1.1" 304 -
186.84.21.216 - - [05/Mar/2024:08:25:05 -0500] "GET /sipse/faces/javax.faces.resource/layout/layout.js?ln=primefaces&v=4.0 HTTP/1.1" 304 -
52.70.240.171 - - [05/Mar/2024:08:25:09 -0500] "GET /BLA/resoluciones/RESOLUCIONES%202018/4124.pdf HTTP/1.1" 200 271306
152.203.150.86 - - [05/Mar/2024:08:25:10 -0500] "GET /sipse/faces/index.xhtml HTTP/1.1" 200 677
152.203.150.86 - - [05/Mar/2024:08:25:10 -0500] "GET /sipse/faces/javax.faces.resource/theme.css?ln=primefaces-sipse HTTP/1.1" 304 -
152.203.150.86 - - [05/Mar/2024:08:25:10 -0500] "GET /sipse/faces/faces/autenticacion.xhtml HTTP/1.1" 200 12401
152.203.150.86 - - [05/Mar/2024:08:25:10 -0500] "GET /sipse/faces/javax.faces.resource/theme.css?ln=primefaces-sipse HTTP/1.1" 304 -
152.203.150.86 - - [05/Mar/2024:08:25:10 -0500] "GET /sipse/faces/javax.faces.resource/layout/layout.css?ln=primefaces&v=4.0 HTTP/1.1" 304 -
152.203.150.86 - - [05/Mar/2024:08:25:10 -0500] "GET /sipse/faces/javax.faces.resource/primefaces.css?ln=primefaces&v=4.0 HTTP/1.1" 304 -
152.203.150.86 - - [05/Mar/2024:08:25:10 -0500] "GET /sipse/faces/javax.faces.resource/jquery/jquery.js?ln=primefaces&v=4.0 HTTP/1.1" 304 -
152.203.150.86 - - [05/Mar/2024:08:25:10 -0500] "GET /sipse/faces/javax.faces.resource/jquery/jquery-plugins.js?ln=primefaces&v=4.0 HTTP/1.1" 304 -
152.203.150.86 - - [05/Mar/2024:08:25:10 -0500] "GET /sipse/faces/javax.faces.resource/primefaces.js?ln=primefaces&v=4.0 HTTP/1.1" 304 -
152.203.150.86 - - [05/Mar/2024:08:25:10 -0500] "GET /sipse/faces/javax.faces.resource/layout/layout.js?ln=primefaces&v=4.0 HTTP/1.1" 304 -
152.203.150.86 - - [05/Mar/2024:08:25:11 -0500] "GET /sipse/faces/javax.faces.resource/images/ui-icons_898989_256x240.png?ln=primefaces-aristo HTTP/1.1" 304 -
152.203.150.86 - - [05/Mar/2024:08:25:13 -0500] "POST /sipse/faces/autenticacion.xhtml HTTP/1.1" 200 16911
152.203.150.86 - - [05/Mar/2024:08:25:14 -0500] "GET /sipse/faces/javax.faces.resource/primefaces.css?ln=primefaces&v=4.0 HTTP/1.1" 304 -
152.203.150.86 - - [05/Mar/2024:08:25:14 -0500] "GET /sipse/faces/javax.faces.resource/theme.css?ln=primefaces-sipse HTTP/1.1" 304 -
152.203.150.86 - - [05/Mar/2024:08:25:14 -0500] "GET /sipse/faces/javax.faces.resource/layout/layout.css?ln=primefaces&v=4.0 HTTP/1.1" 304 -
152.203.150.86 - - [05/Mar/2024:08:25:14 -0500] "GET /sipse/faces/javax.faces.resource/jquery/jquery.js?ln=primefaces&v=4.0 HTTP/1.1" 304 -
152.203.150.86 - - [05/Mar/2024:08:25:14 -0500] "GET /sipse/faces/javax.faces.resource/jquery/jquery-plugins.js?ln=primefaces&v=4.0 HTTP/1.1" 304 -
152.203.150.86 - - [05/Mar/2024:08:25:14 -0500] "GET /sipse/faces/javax.faces.resource/primefaces.js?ln=primefaces&v=4.0 HTTP/1.1" 304 -
152.203.150.86 - - [05/Mar/2024:08:25:14 -0500] "GET /sipse/faces/javax.faces.resource/layout/layout.js?ln=primefaces&v=4.0 HTTP/1.1" 304 -
152.203.150.86 - - [05/Mar/2024:08:25:14 -0500] "GET /sipse/css/imagen/contrasena.png HTTP/1.1" 404 383
152.203.150.86 - - [05/Mar/2024:08:25:14 -0500] "GET /sipse/faces/javax.faces.resource/messages/messages.png?ln=primefaces&v=4.0 HTTP/1.1" 304 -
23.22.35.162 - - [05/Mar/2024:08:25:15 -0500] "GET /BLA/resoluciones/RESOLUCIONES%202022/2435.pdf HTTP/1.1" 200 391191
152.203.150.86 - - [05/Mar/2024:08:25:15 -0500] "GET /sipse/faces/javax.faces.resource/images/ui-bg_flat_0_2d5972_40x100.png?ln=primefaces-aristo HTTP/1.1" 304 -
152.203.150.86 - - [05/Mar/2024:08:25:15 -0500] "POST /sipse/faces/bienvenido.xhtml HTTP/1.1" 200 2658
152.203.150.86 - - [05/Mar/2024:08:25:16 -0500] "POST /sipse/faces/bienvenido.xhtml HTTP/1.1" 200 36197
152.203.150.86 - - [05/Mar/2024:08:25:16 -0500] "GET /sipse/faces/javax.faces.resource/layout/layout.css?ln=primefaces&v=4.0 HTTP/1.1" 304 -
152.203.150.86 - - [05/Mar/2024:08:25:16 -0500] "GET /sipse/faces/javax.faces.resource/primefaces.css?ln=primefaces&v=4.0 HTTP/1.1" 304 -
