52.70.240.171 - - [05/Mar/2024:08:48:09 -0500] "GET /BLA/resoluciones/RESOLUCIONES%202022/1974.pdf HTTP/1.1" 200 377224
3.224.220.101 - - [05/Mar/2024:08:48:13 -0500] "GET /BLA/resoluciones/RESOLUCIONES%202018/3542.pdf HTTP/1.1" 200 255130
23.22.35.162 - - [05/Mar/2024:08:48:17 -0500] "GET /BLA/resoluciones/RESOLUCIONES%202022/1948.pdf HTTP/1.1" 200 502947
3.224.220.101 - - [05/Mar/2024:08:48:21 -0500] "GET /BLA/resoluciones/RESOLUCIONES%202018/3541.pdf HTTP/1.1" 200 248586
3.224.220.101 - - [05/Mar/2024:08:48:25 -0500] "GET /BLA/resoluciones/RESOLUCIONES%202022/1947.pdf HTTP/1.1" 200 493974
23.22.35.162 - - [05/Mar/2024:08:48:29 -0500] "GET /BLA/resoluciones/RESOLUCIONES%202018/3539.pdf HTTP/1.1" 200 275075
52.70.240.171 - - [05/Mar/2024:08:48:33 -0500] "GET /BLA/resoluciones/RESOLUCIONES%202018/3538.pdf HTTP/1.1" 200 273550
201.245.192.253 - - [05/Mar/2024:08:48:34 -0500] "POST /forms/lservlet;jsessionid=ac16012b30d626f26d2b1c2d4f41939eaa2119c3b879.e3iSbxaKaheRe3iNc3uNbNmQay1ynknvrkLOlQzNp65In0 HTTP/1.1" 200 2
201.245.192.253 - - [05/Mar/2024:08:48:35 -0500] "POST /forms/lservlet;jsessionid=ac16012b30d6f4ea1d4888f54de9a75ed378af0a0d6e.e3iSbxaKaheRe3iNc3uNbNmQay1ynknvrkLOlQzNp65In0 HTTP/1.1" 200 2
52.70.240.171 - - [05/Mar/2024:08:48:37 -0500] "GET /BLA/resoluciones/RESOLUCIONES%202018/3537.pdf HTTP/1.1" 200 274010
52.70.240.171 - - [05/Mar/2024:08:48:41 -0500] "GET /BLA/resoluciones/RESOLUCIONES%202018/3536.pdf HTTP/1.1" 200 275224
3.224.220.101 - - [05/Mar/2024:08:48:45 -0500] "GET /BLA/resoluciones/RESOLUCIONES%202018/3535.pdf HTTP/1.1" 200 273253
3.224.220.101 - - [05/Mar/2024:08:48:49 -0500] "GET /BLA/resoluciones/RESOLUCIONES%202018/3532.pdf HTTP/1.1" 200 322478
207.46.13.125 - - [05/Mar/2024:08:48:52 -0500] "GET /BLA/resoluciones/AUTOS%202019/1732.pdf HTTP/1.1" 304 -
3.224.220.101 - - [05/Mar/2024:08:48:53 -0500] "GET /BLA/resoluciones/RESOLUCIONES%202022/1945.pdf HTTP/1.1" 200 500352
52.70.240.171 - - [05/Mar/2024:08:48:58 -0500] "GET /BLA/resoluciones/RESOLUCIONES%202022/1920.pdf HTTP/1.1" 200 389386
23.22.35.162 - - [05/Mar/2024:08:49:02 -0500] "GET /BLA/resoluciones/RESOLUCIONES%202018/3531.pdf HTTP/1.1" 200 273872
52.70.240.171 - - [05/Mar/2024:08:49:05 -0500] "GET /BLA/resoluciones/RESOLUCIONES%202018/3525.pdf HTTP/1.1" 200 364754
3.224.220.101 - - [05/Mar/2024:08:49:09 -0500] "GET /BLA/resoluciones/RESOLUCIONES%202018/3517.pdf HTTP/1.1" 200 248994
3.224.220.101 - - [05/Mar/2024:08:49:13 -0500] "GET /BLA/resoluciones/RESOLUCIONES%202022/1917.pdf HTTP/1.1" 200 352035
23.22.35.162 - - [05/Mar/2024:08:49:17 -0500] "GET /BLA/resoluciones/RESOLUCIONES%202018/3516.pdf HTTP/1.1" 200 249550
3.224.220.101 - - [05/Mar/2024:08:49:21 -0500] "GET /BLA/resoluciones/RESOLUCIONES%202022/1903.pdf HTTP/1.1" 200 402211
3.224.220.101 - - [05/Mar/2024:08:49:25 -0500] "GET /BLA/resoluciones/RESOLUCIONES%202018/3514.pdf HTTP/1.1" 200 365963
52.70.240.171 - - [05/Mar/2024:08:49:29 -0500] "GET /BLA/resoluciones/RESOLUCIONES%202022/1902.pdf HTTP/1.1" 200 381871
23.22.35.162 - - [05/Mar/2024:08:49:33 -0500] "GET /BLA/resoluciones/RESOLUCIONES%202018/3513.pdf HTTP/1.1" 200 340657
186.29.35.16 - - [05/Mar/2024:08:49:37 -0500] "GET /appsia/controlador HTTP/1.1" 200 4799
186.29.35.16 - - [05/Mar/2024:08:49:37 -0500] "GET /appsia/scripts/validarIngreso.js HTTP/1.1" 200 851
186.29.35.16 - - [05/Mar/2024:08:49:37 -0500] "GET /appsia/css/estilos.css HTTP/1.1" 200 4804
186.29.35.16 - - [05/Mar/2024:08:49:37 -0500] "GET /appsia/images/cabezoteHojaVida.png HTTP/1.1" 200 32493
186.29.35.16 - - [05/Mar/2024:08:49:37 -0500] "GET /appsia/images/logo_bogota_p.png HTTP/1.1" 200 14951
52.70.240.171 - - [05/Mar/2024:08:49:37 -0500] "GET /BLA/resoluciones/RESOLUCIONES%202022/1901.pdf HTTP/1.1" 200 1262284
186.29.35.16 - - [05/Mar/2024:08:49:41 -0500] "POST /appsia/controlador HTTP/1.1" 200 5437
23.22.35.162 - - [05/Mar/2024:08:49:41 -0500] "GET /BLA/resoluciones/RESOLUCIONES%202018/3511.pdf HTTP/1.1" 200 270488
186.29.35.16 - - [05/Mar/2024:08:49:44 -0500] "POST /appsia/controlador HTTP/1.1" 200 8672
186.29.35.16 - - [05/Mar/2024:08:49:44 -0500] "GET /appsia/images/logo_escudo.png HTTP/1.1" 200 36965
23.22.35.162 - - [05/Mar/2024:08:49:45 -0500] "GET /BLA/resoluciones/RESOLUCIONES%202022/1897.pdf HTTP/1.1" 200 586081
23.22.35.162 - - [05/Mar/2024:08:49:49 -0500] "GET /BLA/resoluciones/RESOLUCIONES%202018/3505.pdf HTTP/1.1" 200 281584
3.224.220.101 - - [05/Mar/2024:08:49:53 -0500] "GET /BLA/resoluciones/RESOLUCIONES%202018/3498.pdf HTTP/1.1" 200 294433
3.224.220.101 - - [05/Mar/2024:08:49:57 -0500] "GET /BLA/resoluciones/RESOLUCIONES%202022/1890.pdf HTTP/1.1" 200 361628
23.22.35.162 - - [05/Mar/2024:08:50:01 -0500] "GET /BLA/resoluciones/RESOLUCIONES%202018/3497.pdf HTTP/1.1" 200 270980
3.224.220.101 - - [05/Mar/2024:08:50:05 -0500] "GET /BLA/resoluciones/RESOLUCIONES%202022/1890-.pdf HTTP/1.1" 200 290236
52.70.240.171 - - [05/Mar/2024:08:50:09 -0500] "GET /BLA/resoluciones/RESOLUCIONES%202018/3496.pdf HTTP/1.1" 200 360720
201.245.192.253 - - [05/Mar/2024:08:50:10 -0500] "POST /kwsrmcab/Wsrmcab  HTTP/1.1" 200 39632
23.22.35.162 - - [05/Mar/2024:08:50:13 -0500] "GET /BLA/resoluciones/RESOLUCIONES%202022/1889.pdf HTTP/1.1" 200 584748
23.22.35.162 - - [05/Mar/2024:08:50:17 -0500] "GET /BLA/resoluciones/RESOLUCIONES%202018/3493.pdf HTTP/1.1" 200 365564
52.70.240.171 - - [05/Mar/2024:08:50:21 -0500] "GET /BLA/resoluciones/RESOLUCIONES%202022/1882.pdf HTTP/1.1" 200 403184
186.102.50.81 - - [05/Mar/2024:08:50:25 -0500] "GET /kwssiamovil/sm/ldap/au?x=U2FsdGVkX1+trhZoAKiB10IFLXKg5vVHv8xexNPOEzpiQZtDdLr2DOtn5jGAOH3k&y=U2FsdGVkX1+geCwMyMb0yQ2XXDdKZ2ip+HEuaHkkgDQ= HTTP/1.1" 200 30
3.224.220.101 - - [05/Mar/2024:08:50:25 -0500] "GET /BLA/resoluciones/RESOLUCIONES%202018/3488.pdf HTTP/1.1" 200 371037
186.102.50.81 - - [05/Mar/2024:08:50:25 -0500] "GET /kwssiamovil/sm/acme/s?s=U2FsdGVkX1/cpj9BXEMJLwVx2x+9S6T5IitziOkv7YvuoyNFLeEqb0PruQ+5GVivSj2mQDEHqMCtV7BNzeYHuLpyFoBB3Ydlr92k5Emc+5w=&u=U2FsdGVkX18BDgAmQHIFTrmgZ41vcfDyhxMqXIOS+Tc=&y=U2FsdGVkX1+geCwMyMb0yQ2XXDdKZ2ip+HEuaHkkgDQ= HTTP/1.1" 200 97
186.102.50.81 - - [05/Mar/2024:08:50:25 -0500] "GET /kwssiamovil/sm/acme/s?s=U2FsdGVkX18435R37GSv7eXX/v0AnK81NUqIIPztXyfHSXsmO63Vg/r8mAv+GVCXraUGw84H9LC8+9z2rYlLIJH0DEMajWW4ABtkFnuxrLC1tpG9KuZWSqo0w/tDzgtf6qRaA50xXlDIRd//yPch+d6v/YVnpjrFLYQUW93VBMpq8MeyBg42SZ9cLMJierlX/5xYjyC3yR5nqGgWV58HrffOwFaMHH2nAmXVXH05pYyGZB/0GaQjYnogXrOmK47CFFYXDqyDSVCGMakECxuik8PBuziVFFptGqya8k/oozGmpXSqKRZ53zwvuQeTa5M3wyVdoobaXsvFG591FyvOT2J4URVsPhJdI33A3iv4gNS5UgBEdjBBo94MfxIVXbSQQXNXIBQdPabm4AXPQpzG03ekgQhyqwfsKWqiv48XAA4Bg5GblgaZnLb2RElEYfCvyBtdxR+MuKPIuQfsGCUKncCFeQRWA0itItDav0UJpCsPb4J639lw1vEbGBzQ00a5uuXrySICrVz5KGk3UjI2+//pPqat5Fl0aY7kk92Ta4yvFqVUh+kc7WfqW0fln2AC371CyJ97ug0KWp0NvYhptQt1+dSsV8s6ToMcp6rhgRC+Wz72mr+WFu97VITZvWSSkOLGltvz3xbj16nVneOZtUdiq1YvOnMagdCLOLMDcp0uHFK09xDD6CAVAQsoF0XGVF5h08frlNVOWLsU+PqFHo388qG2pdLiGXHL7EsV/FlkFTv2w4EIlC33wHLyYTgB5NGuPQ9vdl2+K8N0ZnucGaIK8Z07ocNrXYXTBH5+c8i/UC/E9F8/dU1a2j7RZF/XztR3wWNg+ace1SB66rVTdfsrMbeI3ThV+UBkd6qfsmptYplMOdtXqCKS8dfR1B+3MxOVD64vO8vdfnpnJJl2D8Q2Y98b7og8riJ7tu0+iTezWVEid4Hp04yW0+qMOguemD+j5uURYS/AoNavHIXtLAmoUWID8QAF3QGbPwNWDs5N9nAhDOLFB+VLt8SHDG7QxFip2967ZKe6KZP+6FiB5DxoqMeVB7GhCKK1xKKFSif+pIDMPJPO9WKWQxvfq2t+mGBZmW0/AqMgUczOpNuIrXSHEWOHohGMp1gsQUhvxSXVZdvgQdJ1xnydhCMY++JOIuYfw2lEgy095W5uR3N7z9kXMDXOD84F3LUMw+cquAmQKSTdzqKzWFbNgkrylC3oBDVmjkFaDtaKp7JFeTK7lhCf8azZpiCQxPDy0HAeGZmpWN7ThqgggTB7pQ5tPPklT20/Mw58EI6y8hJo/lutHHDzrfhQ1EfuP7tEKvcml/Icasl6Q7wg2gXl4mOc1GauSCuFLvnEEtR0msud54IwbyflMwq9Xz3ItxXieHc3ZzmM2sv8BDCSBrJJuizsarIp29FKozxa1jh83RZro5IT4jnK0h8atWVdzqBjfpUPCcYRoo2qpcwHdqS1WEB28k8vGZw4e8Z5NZFmki4WryapOtRHtPhgLoeb67Q7DOkYJxsy4CBkjhU7gKlHRh/Cka7//KpHD8GUlGeUW+j2KNz2j70c/Gvz7bgJ2RTytFr4kw2IRl8QLboeBoIjnh10TyWAHAIj+4j8aZSnk3dc06MkCLLPhf8jr/fGRQe6dgb62RQjp1KqhTkiOoTzcAWWlzyfmw2n4ig1+28JR2kRjxehK3vrK700EKgLblTnI+fht+RVQDyy0wNrkkwGK5vOvmCS/L7FjmSh8Q2iHfZsUfw7Wjgy42+nAix2FmZS4SA6rHU=&u=U2FsdGVkX18BDgAmQHIFTrmgZ41vcfDyhxMqXIOS+Tc=&y=U2FsdGVkX1+geCwMyMb0yQ2XXDdKZ2ip+HEuaHkkgDQ= HTTP/1.1" 200 2379
186.102.50.81 - - [05/Mar/2024:08:50:25 -0500] "GET /kwssiamovil/sm/acme/s?s=U2FsdGVkX19LXRLPt3kaXcUd9b2320Y+mYUB0IoHz8wr7odgjzN8jCNEIKvZSZaiwB+FfyBI30Utu5Vu2T4MfAXCGThHGSCNwbDt3OHMNphfTR0gi8HpGm2g4tafvrtLgBfuiTOdzhpTZMj5FIREEP5dYfQAvBGR9DdXGnzRD0na0hA8hC9ccJLrQlsuCrZ3j9n8ny/wHpGfg5X+IxKi2uLWfsFCC8mEsaqQ7KCOA4azqjyPjLlNt82Mvh2yt1psQqh/eUqEmGp3o4nOZyRYx8a02QwM81dS41udpgdoi9FciA1icBv1wTin9/bXkMKi5SsFr8ppjpXalIcEvnJPnOXJ4xi/T3V9RSB8n2kkFaXyC4HGhFEa/QjQq2gM+vU1ZlISW2C2pF79wzA//cpSPzS2Z4z1S/er2KNV8yi/FDiTD7MbmkR3GOlsWQifsF1L+8L/NvJ36Ocrl5zyOJrHfNbCKpkf+AkxBWOPOFiGu7HAzFRS6x7DJdnu48UVnIbizj6+++LHZSHGM7/234dPUCMwexbj4tCMv6yziIdByCWgHyn1MIaWzQc4oHsco5Yt76u/7R4o0zzuJ4aG9TCVnBn6JUKEDf6gyvQNnjgmqXEKnqhLGCTINx1vi9ZI61dSWyqeAv4tcZrBB+3FAAivDmNoYqFNY2YjlrEd/9XzqF33go222mAWxgbnGv4r1WqnkH3bEA1qY4D9tJyokA/vmFz6YXallX8wKVedrTPSy08vSPZD+3D3l48Ef224B2rv&u=U2FsdGVkX18BDgAmQHIFTrmgZ41vcfDyhxMqXIOS+Tc=&y=U2FsdGVkX1+geCwMyMb0yQ2XXDdKZ2ip+HEuaHkkgDQ= HTTP/1.1" 200 352
186.102.50.81 - - [05/Mar/2024:08:50:25 -0500] "GET /kwssiamovil/sm/cjson/pre?f=9&x=U2FsdGVkX1+trhZoAKiB10IFLXKg5vVHv8xexNPOEzpiQZtDdLr2DOtn5jGAOH3k HTTP/1.1" 200 23812
186.102.50.81 - - [05/Mar/2024:08:50:25 -0500] "GET /kwssiamovil/sm/cjson/pre?f=18&x=U2FsdGVkX1+trhZoAKiB10IFLXKg5vVHv8xexNPOEzpiQZtDdLr2DOtn5jGAOH3k HTTP/1.1" 200 32013
3.224.220.101 - - [05/Mar/2024:08:50:29 -0500] "GET /BLA/resoluciones/RESOLUCIONES%202022/1853.pdf HTTP/1.1" 200 407553
23.22.35.162 - - [05/Mar/2024:08:50:33 -0500] "GET /BLA/resoluciones/RESOLUCIONES%202018/3482.pdf HTTP/1.1" 200 416138
201.245.192.253 - - [05/Mar/2024:08:50:34 -0500] "POST /forms/lservlet;jsessionid=ac16012b30d626f26d2b1c2d4f41939eaa2119c3b879.e3iSbxaKaheRe3iNc3uNbNmQay1ynknvrkLOlQzNp65In0 HTTP/1.1" 200 2
201.245.192.253 - - [05/Mar/2024:08:50:35 -0500] "POST /forms/lservlet;jsessionid=ac16012b30d6f4ea1d4888f54de9a75ed378af0a0d6e.e3iSbxaKaheRe3iNc3uNbNmQay1ynknvrkLOlQzNp65In0 HTTP/1.1" 200 2
172.22.2.4 - - [05/Mar/2024:08:50:36 -0500] "GET /BLA/boletinlegal/images/screen_1.png HTTP/1.1" 200 202547
52.70.240.171 - - [05/Mar/2024:08:50:37 -0500] "GET /BLA/resoluciones/RESOLUCIONES%202022/1852.pdf HTTP/1.1" 200 444758
23.22.35.162 - - [05/Mar/2024:08:50:41 -0500] "GET /BLA/resoluciones/RESOLUCIONES%202018/3481.pdf HTTP/1.1" 200 379334
20.26.44.160 - - [05/Mar/2024:08:50:40 -0500] "GET /portaldeninos/humedal-jaboque-2/ HTTP/1.1" 200 87846
52.70.240.171 - - [05/Mar/2024:08:50:45 -0500] "GET /BLA/resoluciones/RESOLUCIONES%202018/3475.pdf HTTP/1.1" 200 1445560
23.22.35.162 - - [05/Mar/2024:08:50:52 -0500] "GET /BLA/resoluciones/RESOLUCIONES%202022/1851.pdf HTTP/1.1" 200 433390
52.70.240.171 - - [05/Mar/2024:08:50:53 -0500] "GET /BLA/resoluciones/RESOLUCIONES%202018/3473.pdf HTTP/1.1" 200 240863
3.224.220.101 - - [05/Mar/2024:08:50:57 -0500] "GET /BLA/resoluciones/RESOLUCIONES%202022/1836.pdf HTTP/1.1" 200 407234
52.70.240.171 - - [05/Mar/2024:08:51:01 -0500] "GET /BLA/resoluciones/RESOLUCIONES%202018/3466.pdf HTTP/1.1" 200 339791
3.224.220.101 - - [05/Mar/2024:08:51:05 -0500] "GET /BLA/resoluciones/RESOLUCIONES%202022/1789.pdf HTTP/1.1" 200 349316
52.70.240.171 - - [05/Mar/2024:08:51:09 -0500] "GET /BLA/resoluciones/RESOLUCIONES%202018/3462.pdf HTTP/1.1" 200 234812
52.70.240.171 - - [05/Mar/2024:08:51:15 -0500] "GET /BLA/resoluciones/RESOLUCIONES%202022/1782.pdf HTTP/1.1" 200 354364
52.70.240.171 - - [05/Mar/2024:08:51:18 -0500] "GET /BLA/resoluciones/RESOLUCIONES%202018/3461.pdf HTTP/1.1" 200 241363
23.22.35.162 - - [05/Mar/2024:08:51:21 -0500] "GET /BLA/resoluciones/RESOLUCIONES%202022/1781.pdf HTTP/1.1" 200 332238
52.70.240.171 - - [05/Mar/2024:08:51:25 -0500] "GET /BLA/resoluciones/RESOLUCIONES%202018/3460.pdf HTTP/1.1" 200 234027
52.70.240.171 - - [05/Mar/2024:08:51:29 -0500] "GET /BLA/resoluciones/RESOLUCIONES%202022/1778.pdf HTTP/1.1" 200 426539
3.224.220.101 - - [05/Mar/2024:08:51:33 -0500] "GET /BLA/resoluciones/RESOLUCIONES%202018/3459.pdf HTTP/1.1" 200 216706
23.22.35.162 - - [05/Mar/2024:08:51:39 -0500] "GET /BLA/resoluciones/RESOLUCIONES%202022/1775.pdf HTTP/1.1" 200 466404
23.22.35.162 - - [05/Mar/2024:08:51:41 -0500] "GET /BLA/resoluciones/RESOLUCIONES%202018/3457.pdf HTTP/1.1" 200 219157
3.224.220.101 - - [05/Mar/2024:08:51:45 -0500] "GET /BLA/resoluciones/RESOLUCIONES%202022/1748.pdf HTTP/1.1" 200 348449
52.70.240.171 - - [05/Mar/2024:08:51:49 -0500] "GET /BLA/resoluciones/RESOLUCIONES%202018/3456.pdf HTTP/1.1" 200 219973
40.77.167.79 - - [05/Mar/2024:08:51:53 -0500] "GET /BLA/resoluciones/AUTOS%202020/2226.pdf HTTP/1.1" 200 350186
52.70.240.171 - - [05/Mar/2024:08:51:53 -0500] "GET /BLA/resoluciones/RESOLUCIONES%202022/1738.pdf HTTP/1.1" 200 4404010
23.22.35.162 - - [05/Mar/2024:08:51:57 -0500] "GET /BLA/resoluciones/RESOLUCIONES%202018/3455.pdf HTTP/1.1" 200 215619
3.224.220.101 - - [05/Mar/2024:08:52:01 -0500] "GET /BLA/resoluciones/RESOLUCIONES%202022/1735.pdf HTTP/1.1" 200 403272
23.22.35.162 - - [05/Mar/2024:08:52:06 -0500] "GET /BLA/resoluciones/RESOLUCIONES%202018/3454.pdf HTTP/1.1" 200 215731
52.70.240.171 - - [05/Mar/2024:08:52:10 -0500] "GET /BLA/resoluciones/RESOLUCIONES%202022/1717.pdf HTTP/1.1" 200 418697
3.224.220.101 - - [05/Mar/2024:08:52:13 -0500] "GET /BLA/resoluciones/RESOLUCIONES%202018/3453.pdf HTTP/1.1" 200 215389
23.22.35.162 - - [05/Mar/2024:08:52:18 -0500] "GET /BLA/resoluciones/RESOLUCIONES%202022/1715.pdf HTTP/1.1" 200 1256443
172.22.2.4 - - [05/Mar/2024:08:52:19 -0500] "GET /BLA/boletinlegal/Circulares/2013/Circular%20No.%201%20del%2014%20de%20enero%20de%202013.pdf HTTP/1.1" 200 1298384
3.224.220.101 - - [05/Mar/2024:08:52:21 -0500] "GET /BLA/resoluciones/RESOLUCIONES%202018/3451.pdf HTTP/1.1" 200 217665
3.224.220.101 - - [05/Mar/2024:08:52:25 -0500] "GET /BLA/resoluciones/RESOLUCIONES%202022/1714.pdf HTTP/1.1" 200 586492
23.22.35.162 - - [05/Mar/2024:08:52:29 -0500] "GET /BLA/resoluciones/RESOLUCIONES%202018/3450.pdf HTTP/1.1" 200 216044
52.70.240.171 - - [05/Mar/2024:08:52:33 -0500] "GET /BLA/resoluciones/RESOLUCIONES%202022/1712.pdf HTTP/1.1" 200 583558
201.245.192.253 - - [05/Mar/2024:08:52:34 -0500] "POST /forms/lservlet;jsessionid=ac16012b30d626f26d2b1c2d4f41939eaa2119c3b879.e3iSbxaKaheRe3iNc3uNbNmQay1ynknvrkLOlQzNp65In0 HTTP/1.1" 200 2
201.245.192.253 - - [05/Mar/2024:08:52:35 -0500] "POST /forms/lservlet;jsessionid=ac16012b30d6f4ea1d4888f54de9a75ed378af0a0d6e.e3iSbxaKaheRe3iNc3uNbNmQay1ynknvrkLOlQzNp65In0 HTTP/1.1" 200 2
3.224.220.101 - - [05/Mar/2024:08:52:37 -0500] "GET /BLA/resoluciones/RESOLUCIONES%202018/3449.pdf HTTP/1.1" 200 216634
52.70.240.171 - - [05/Mar/2024:08:52:41 -0500] "GET /BLA/resoluciones/RESOLUCIONES%202022/1704.pdf HTTP/1.1" 200 598534
52.70.240.171 - - [05/Mar/2024:08:52:45 -0500] "GET /BLA/resoluciones/RESOLUCIONES%202018/3447.pdf HTTP/1.1" 200 230100
23.22.35.162 - - [05/Mar/2024:08:52:49 -0500] "GET /BLA/resoluciones/RESOLUCIONES%202022/1703.pdf HTTP/1.1" 200 341312
52.70.240.171 - - [05/Mar/2024:08:52:53 -0500] "GET /BLA/resoluciones/RESOLUCIONES%202018/3445.pdf HTTP/1.1" 200 238630
52.70.240.171 - - [05/Mar/2024:08:52:57 -0500] "GET /BLA/resoluciones/RESOLUCIONES%202022/1702.pdf HTTP/1.1" 200 583117
52.70.240.171 - - [05/Mar/2024:08:53:01 -0500] "GET /BLA/resoluciones/RESOLUCIONES%202018/3444.pdf HTTP/1.1" 200 935129
23.22.35.162 - - [05/Mar/2024:08:53:05 -0500] "GET /BLA/resoluciones/RESOLUCIONES%202022/1700.pdf HTTP/1.1" 200 590070
52.70.240.171 - - [05/Mar/2024:08:53:09 -0500] "GET /BLA/resoluciones/RESOLUCIONES%202018/3443.pdf HTTP/1.1" 200 276423
23.22.35.162 - - [05/Mar/2024:08:53:12 -0500] "GET /BLA/resoluciones/RESOLUCIONES%202022/1699.pdf HTTP/1.1" 200 585527
23.22.35.162 - - [05/Mar/2024:08:53:17 -0500] "GET /BLA/resoluciones/RESOLUCIONES%202018/3442.pdf HTTP/1.1" 200 275835
23.22.35.162 - - [05/Mar/2024:08:53:21 -0500] "GET /BLA/resoluciones/RESOLUCIONES%202022/1696.pdf HTTP/1.1" 200 590408
3.224.220.101 - - [05/Mar/2024:08:53:25 -0500] "GET /BLA/resoluciones/RESOLUCIONES%202018/3441.pdf HTTP/1.1" 200 282310
23.22.35.162 - - [05/Mar/2024:08:53:29 -0500] "GET /BLA/resoluciones/RESOLUCIONES%202022/1695.pdf HTTP/1.1" 200 589765
201.245.192.253 - - [05/Mar/2024:08:53:32 -0500] "POST /sipse/faces/presentacion/financiero/solicitudProceso/consultarSolicitudProceso.xhtml HTTP/1.1" 200 58135
201.245.192.253 - - [05/Mar/2024:08:53:32 -0500] "GET /sipse/faces/javax.faces.resource/theme.css?ln=primefaces-sipse HTTP/1.1" 304 -
201.245.192.253 - - [05/Mar/2024:08:53:32 -0500] "GET /sipse/faces/javax.faces.resource/layout/layout.css?ln=primefaces&v=4.0 HTTP/1.1" 304 -
201.245.192.253 - - [05/Mar/2024:08:53:32 -0500] "GET /sipse/faces/javax.faces.resource/primefaces.css?ln=primefaces&v=4.0 HTTP/1.1" 304 -
201.245.192.253 - - [05/Mar/2024:08:53:32 -0500] "GET /sipse/faces/javax.faces.resource/jquery/jquery.js?ln=primefaces&v=4.0 HTTP/1.1" 304 -
201.245.192.253 - - [05/Mar/2024:08:53:32 -0500] "GET /sipse/faces/javax.faces.resource/jquery/jquery-plugins.js?ln=primefaces&v=4.0 HTTP/1.1" 304 -
201.245.192.253 - - [05/Mar/2024:08:53:32 -0500] "GET /sipse/css/imagen/contrasena.png HTTP/1.1" 404 383
201.245.192.253 - - [05/Mar/2024:08:53:32 -0500] "GET /sipse/faces/javax.faces.resource/primefaces.js?ln=primefaces&v=4.0 HTTP/1.1" 304 -
201.245.192.253 - - [05/Mar/2024:08:53:32 -0500] "GET /sipse/faces/javax.faces.resource/layout/layout.js?ln=primefaces&v=4.0 HTTP/1.1" 304 -
201.245.192.253 - - [05/Mar/2024:08:53:32 -0500] "POST /sipse/faces/presentacion/financiero/solicitudProceso/listarSolicitudProceso.xhtml HTTP/1.1" 200 51412
3.224.220.101 - - [05/Mar/2024:08:53:33 -0500] "GET /BLA/resoluciones/RESOLUCIONES%202018/3440.pdf HTTP/1.1" 200 278180
201.245.192.253 - - [05/Mar/2024:08:53:33 -0500] "POST /sipse/faces/presentacion/financiero/solicitudProceso/listarSolicitudProceso.xhtml HTTP/1.1" 200 51412
201.245.192.253 - - [05/Mar/2024:08:53:33 -0500] "POST /sipse/faces/presentacion/financiero/solicitudProceso/listarSolicitudProceso.xhtml HTTP/1.1" 200 51412
201.245.192.253 - - [05/Mar/2024:08:53:33 -0500] "POST /sipse/faces/presentacion/financiero/solicitudProceso/listarSolicitudProceso.xhtml HTTP/1.1" 200 51412
201.245.192.253 - - [05/Mar/2024:08:53:33 -0500] "POST /sipse/faces/presentacion/financiero/solicitudProceso/listarSolicitudProceso.xhtml HTTP/1.1" 200 51412
201.245.192.253 - - [05/Mar/2024:08:53:34 -0500] "POST /sipse/faces/presentacion/financiero/solicitudProceso/listarSolicitudProceso.xhtml HTTP/1.1" 200 51412
201.245.192.253 - - [05/Mar/2024:08:53:34 -0500] "POST /sipse/faces/presentacion/financiero/solicitudProceso/listarSolicitudProceso.xhtml HTTP/1.1" 200 1556
201.245.192.253 - - [05/Mar/2024:08:53:34 -0500] "POST /sipse/faces/presentacion/financiero/solicitudProceso/listarSolicitudProceso.xhtml HTTP/1.1" 200 1552
201.245.192.253 - - [05/Mar/2024:08:53:34 -0500] "POST /sipse/faces/presentacion/financiero/solicitudProceso/listarSolicitudProceso.xhtml HTTP/1.1" 200 1564
201.245.192.253 - - [05/Mar/2024:08:53:34 -0500] "POST /sipse/faces/presentacion/financiero/solicitudProceso/listarSolicitudProceso.xhtml HTTP/1.1" 200 1552
201.245.192.253 - - [05/Mar/2024:08:53:35 -0500] "POST /sipse/faces/presentacion/financiero/solicitudProceso/listarSolicitudProceso.xhtml HTTP/1.1" 200 1564
201.245.192.253 - - [05/Mar/2024:08:53:35 -0500] "POST /sipse/faces/presentacion/financiero/solicitudProceso/listarSolicitudProceso.xhtml HTTP/1.1" 200 1552
201.245.192.253 - - [05/Mar/2024:08:53:35 -0500] "POST /sipse/faces/presentacion/financiero/solicitudProceso/listarSolicitudProceso.xhtml HTTP/1.1" 200 1564
3.224.220.101 - - [05/Mar/2024:08:53:37 -0500] "GET /BLA/resoluciones/RESOLUCIONES%202022/1693.pdf HTTP/1.1" 200 340443
23.22.35.162 - - [05/Mar/2024:08:53:41 -0500] "GET /BLA/resoluciones/RESOLUCIONES%202018/3439.pdf HTTP/1.1" 200 278717
52.167.144.211 - - [05/Mar/2024:08:53:41 -0500] "GET /images/prendas-1_optimized.jpeg HTTP/1.1" 200 65869
186.29.33.136 - - [05/Mar/2024:08:53:43 -0500] "GET /sipse/faces/faces/autenticacion.xhtml HTTP/1.1" 200 12723
186.29.33.136 - - [05/Mar/2024:08:53:43 -0500] "GET /sipse/faces/javax.faces.resource/layout/layout.css;jsessionid=YhZF5+XPnjVFyYnXrYyf8fhX.undefined?ln=primefaces&v=4.0 HTTP/1.1" 200 542
186.29.33.136 - - [05/Mar/2024:08:53:43 -0500] "GET /sipse/faces/javax.faces.resource/primefaces.css;jsessionid=YhZF5+XPnjVFyYnXrYyf8fhX.undefined?ln=primefaces&v=4.0 HTTP/1.1" 200 53295
186.29.33.136 - - [05/Mar/2024:08:53:43 -0500] "GET /sipse/faces/javax.faces.resource/theme.css?ln=primefaces-sipse HTTP/1.1" 200 50058
186.29.33.136 - - [05/Mar/2024:08:53:43 -0500] "GET /sipse/faces/javax.faces.resource/layout/layout.js;jsessionid=YhZF5+XPnjVFyYnXrYyf8fhX.undefined?ln=primefaces&v=4.0 HTTP/1.1" 200 87560
186.29.33.136 - - [05/Mar/2024:08:53:43 -0500] "GET /sipse/faces/javax.faces.resource/jquery/jquery.js;jsessionid=YhZF5+XPnjVFyYnXrYyf8fhX.undefined?ln=primefaces&v=4.0 HTTP/1.1" 200 105384
186.29.33.136 - - [05/Mar/2024:08:53:43 -0500] "GET /sipse/faces/javax.faces.resource/jquery/jquery-plugins.js;jsessionid=YhZF5+XPnjVFyYnXrYyf8fhX.undefined?ln=primefaces&v=4.0 HTTP/1.1" 200 220526
186.29.33.136 - - [05/Mar/2024:08:53:43 -0500] "GET /sipse/faces/javax.faces.resource/primefaces.js;jsessionid=YhZF5+XPnjVFyYnXrYyf8fhX.undefined?ln=primefaces&v=4.0 HTTP/1.1" 200 276924
3.224.220.101 - - [05/Mar/2024:08:53:45 -0500] "GET /BLA/resoluciones/RESOLUCIONES%202022/1692.pdf HTTP/1.1" 200 588224
186.29.33.136 - - [05/Mar/2024:08:53:46 -0500] "GET /sipse/faces/javax.faces.resource/images/ui-icons_898989_256x240.png?ln=primefaces-aristo HTTP/1.1" 304 -
186.29.33.136 - - [05/Mar/2024:08:53:46 -0500] "GET /sipse/faces/faces/index.xhtml HTTP/1.1" 200 677
186.29.33.136 - - [05/Mar/2024:08:53:46 -0500] "GET /sipse/faces/javax.faces.resource/theme.css?ln=primefaces-sipse HTTP/1.1" 304 -
186.29.33.136 - - [05/Mar/2024:08:53:47 -0500] "GET /sipse/faces/faces/faces/autenticacion.xhtml HTTP/1.1" 200 12401
186.29.33.136 - - [05/Mar/2024:08:53:47 -0500] "GET /sipse/faces/javax.faces.resource/theme.css?ln=primefaces-sipse HTTP/1.1" 304 -
186.29.33.136 - - [05/Mar/2024:08:53:47 -0500] "GET /sipse/faces/javax.faces.resource/primefaces.css?ln=primefaces&v=4.0 HTTP/1.1" 304 -
186.29.33.136 - - [05/Mar/2024:08:53:47 -0500] "GET /sipse/faces/javax.faces.resource/layout/layout.css?ln=primefaces&v=4.0 HTTP/1.1" 304 -
186.29.33.136 - - [05/Mar/2024:08:53:47 -0500] "GET /sipse/faces/javax.faces.resource/jquery/jquery.js?ln=primefaces&v=4.0 HTTP/1.1" 304 -
186.29.33.136 - - [05/Mar/2024:08:53:47 -0500] "GET /sipse/faces/javax.faces.resource/jquery/jquery-plugins.js?ln=primefaces&v=4.0 HTTP/1.1" 304 -
186.29.33.136 - - [05/Mar/2024:08:53:47 -0500] "GET /sipse/faces/javax.faces.resource/primefaces.js?ln=primefaces&v=4.0 HTTP/1.1" 304 -
186.29.33.136 - - [05/Mar/2024:08:53:47 -0500] "GET /sipse/faces/javax.faces.resource/layout/layout.js?ln=primefaces&v=4.0 HTTP/1.1" 304 -
186.29.33.136 - - [05/Mar/2024:08:53:48 -0500] "GET /sipse/faces/javax.faces.resource/images/ui-icons_898989_256x240.png?ln=primefaces-aristo HTTP/1.1" 304 -
186.29.33.136 - - [05/Mar/2024:08:53:50 -0500] "POST /sipse/faces/autenticacion.xhtml HTTP/1.1" 200 2220
186.29.33.136 - - [05/Mar/2024:08:53:50 -0500] "GET /sipse/faces/javax.faces.resource/messages/messages.png?ln=primefaces&v=4.0 HTTP/1.1" 304 -
23.22.35.162 - - [05/Mar/2024:08:53:51 -0500] "GET /BLA/resoluciones/RESOLUCIONES%202018/3438.pdf HTTP/1.1" 200 428788
201.245.192.253 - - [05/Mar/2024:08:53:50 -0500] "POST /sipse/faces/presentacion/financiero/solicitudProceso/listarSolicitudProceso.xhtml HTTP/1.1" 200 143534
201.245.192.253 - - [05/Mar/2024:08:53:51 -0500] "GET /sipse/faces/javax.faces.resource/theme.css?ln=primefaces-sipse HTTP/1.1" 304 -
201.245.192.253 - - [05/Mar/2024:08:53:51 -0500] "GET /sipse/faces/javax.faces.resource/primefaces.css?ln=primefaces&v=4.0 HTTP/1.1" 304 -
201.245.192.253 - - [05/Mar/2024:08:53:51 -0500] "GET /sipse/faces/javax.faces.resource/layout/layout.css?ln=primefaces&v=4.0 HTTP/1.1" 304 -
201.245.192.253 - - [05/Mar/2024:08:53:51 -0500] "GET /sipse/faces/javax.faces.resource/jquery/jquery.js?ln=primefaces&v=4.0 HTTP/1.1" 304 -
201.245.192.253 - - [05/Mar/2024:08:53:51 -0500] "GET /sipse/faces/javax.faces.resource/jquery/jquery-plugins.js?ln=primefaces&v=4.0 HTTP/1.1" 304 -
201.245.192.253 - - [05/Mar/2024:08:53:51 -0500] "GET /sipse/faces/javax.faces.resource/primefaces.js?ln=primefaces&v=4.0 HTTP/1.1" 304 -
201.245.192.253 - - [05/Mar/2024:08:53:51 -0500] "GET /sipse/faces/javax.faces.resource/layout/layout.js?ln=primefaces&v=4.0 HTTP/1.1" 304 -
201.245.192.253 - - [05/Mar/2024:08:53:51 -0500] "GET /sipse/css/imagen/contrasena.png HTTP/1.1" 404 383
186.29.33.136 - - [05/Mar/2024:08:53:51 -0500] "POST /sipse/faces/autenticacion.xhtml HTTP/1.1" 200 16471
186.29.33.136 - - [05/Mar/2024:08:53:51 -0500] "GET /sipse/faces/javax.faces.resource/jquery/jquery.js?ln=primefaces&v=4.0 HTTP/1.1" 304 -
186.29.33.136 - - [05/Mar/2024:08:53:52 -0500] "GET /sipse/faces/javax.faces.resource/jquery/jquery-plugins.js?ln=primefaces&v=4.0 HTTP/1.1" 304 -
186.29.33.136 - - [05/Mar/2024:08:53:52 -0500] "GET /sipse/faces/javax.faces.resource/primefaces.js?ln=primefaces&v=4.0 HTTP/1.1" 304 -
186.29.33.136 - - [05/Mar/2024:08:53:52 -0500] "GET /sipse/faces/javax.faces.resource/layout/layout.js?ln=primefaces&v=4.0 HTTP/1.1" 304 -
186.29.33.136 - - [05/Mar/2024:08:53:52 -0500] "GET /sipse/css/imagen/contrasena.png HTTP/1.1" 404 383
23.22.35.162 - - [05/Mar/2024:08:53:53 -0500] "GET /BLA/resoluciones/RESOLUCIONES%202018/3437.pdf HTTP/1.1" 200 466911
186.29.33.136 - - [05/Mar/2024:08:53:54 -0500] "GET /sipse/faces/javax.faces.resource/images/ui-bg_flat_0_2d5972_40x100.png?ln=primefaces-aristo HTTP/1.1" 304 -
186.29.33.136 - - [05/Mar/2024:08:53:54 -0500] "POST /sipse/faces/bienvenido.xhtml HTTP/1.1" 200 2658
186.29.33.136 - - [05/Mar/2024:08:53:55 -0500] "POST /sipse/faces/bienvenido.xhtml HTTP/1.1" 200 33969
186.29.33.136 - - [05/Mar/2024:08:53:55 -0500] "GET /sipse/faces/javax.faces.resource/jquery/jquery.js?ln=primefaces&v=4.0 HTTP/1.1" 304 -
186.29.33.136 - - [05/Mar/2024:08:53:55 -0500] "GET /sipse/faces/javax.faces.resource/jquery/jquery-plugins.js?ln=primefaces&v=4.0 HTTP/1.1" 304 -
186.29.33.136 - - [05/Mar/2024:08:53:56 -0500] "GET /sipse/faces/javax.faces.resource/primefaces.js?ln=primefaces&v=4.0 HTTP/1.1" 304 -
186.29.33.136 - - [05/Mar/2024:08:53:56 -0500] "GET /sipse/faces/javax.faces.resource/layout/layout.js?ln=primefaces&v=4.0 HTTP/1.1" 304 -
201.245.192.253 - - [05/Mar/2024:08:53:56 -0500] "POST /sipse/faces/presentacion/financiero/solicitudProceso/consultarSolicitudProceso.xhtml HTTP/1.1" 200 5562
3.224.220.101 - - [05/Mar/2024:08:53:57 -0500] "GET /BLA/resoluciones/RESOLUCIONES%202022/1691.pdf HTTP/1.1" 200 902532
3.224.220.101 - - [05/Mar/2024:08:54:01 -0500] "GET /BLA/resoluciones/RESOLUCIONES%202018/3436.pdf HTTP/1.1" 200 14710870
186.29.33.136 - - [05/Mar/2024:08:54:01 -0500] "POST /sipse/faces/presentacion/financiero/solicitudProceso/solicitudProcesoOtrosPagos.xhtml HTTP/1.1" 200 51389
186.29.33.136 - - [05/Mar/2024:08:54:02 -0500] "GET /sipse/faces/javax.faces.resource/fileupload/fileupload.css?ln=primefaces&v=4.0 HTTP/1.1" 304 -
186.29.33.136 - - [05/Mar/2024:08:54:02 -0500] "GET /sipse/faces/javax.faces.resource/jquery/jquery.js?ln=primefaces&v=4.0 HTTP/1.1" 304 -
186.29.33.136 - - [05/Mar/2024:08:54:02 -0500] "GET /sipse/faces/javax.faces.resource/jquery/jquery-plugins.js?ln=primefaces&v=4.0 HTTP/1.1" 304 -
186.29.33.136 - - [05/Mar/2024:08:54:02 -0500] "GET /sipse/faces/javax.faces.resource/primefaces.js?ln=primefaces&v=4.0 HTTP/1.1" 304 -
186.29.33.136 - - [05/Mar/2024:08:54:02 -0500] "GET /sipse/faces/javax.faces.resource/layout/layout.js?ln=primefaces&v=4.0 HTTP/1.1" 304 -
186.29.33.136 - - [05/Mar/2024:08:54:02 -0500] "GET /sipse/faces/javax.faces.resource/fileupload/fileupload.js?ln=primefaces&v=4.0 HTTP/1.1" 304 -
52.70.240.171 - - [05/Mar/2024:08:54:05 -0500] "GET /BLA/resoluciones/RESOLUCIONES%202018/3435.pdf HTTP/1.1" 200 482764
186.29.33.136 - - [05/Mar/2024:08:54:08 -0500] "POST /sipse/faces/presentacion/financiero/solicitudProceso/detalleSolicitudProcesoOtrosPagos.xhtml HTTP/1.1" 200 29071
186.29.33.136 - - [05/Mar/2024:08:54:09 -0500] "GET /sipse/faces/javax.faces.resource/jquery/jquery.js?ln=primefaces&v=4.0 HTTP/1.1" 304 -
186.29.33.136 - - [05/Mar/2024:08:54:09 -0500] "GET /sipse/faces/javax.faces.resource/jquery/jquery-plugins.js?ln=primefaces&v=4.0 HTTP/1.1" 304 -
186.29.33.136 - - [05/Mar/2024:08:54:09 -0500] "GET /sipse/faces/javax.faces.resource/primefaces.js?ln=primefaces&v=4.0 HTTP/1.1" 304 -
186.29.33.136 - - [05/Mar/2024:08:54:09 -0500] "GET /sipse/faces/javax.faces.resource/layout/layout.js?ln=primefaces&v=4.0 HTTP/1.1" 304 -
52.70.240.171 - - [05/Mar/2024:08:54:09 -0500] "GET /BLA/resoluciones/RESOLUCIONES%202018/3434.pdf HTTP/1.1" 200 2446571
152.203.150.86 - - [05/Mar/2024:08:54:09 -0500] "POST /sipse/faces/presentacion/financiero/solicitudProceso/listarSolicitudProceso.xhtml HTTP/1.1" 200 23133
52.70.240.171 - - [05/Mar/2024:08:54:13 -0500] "GET /BLA/resoluciones/RESOLUCIONES%202018/3433.pdf HTTP/1.1" 200 266507
23.22.35.162 - - [05/Mar/2024:08:54:17 -0500] "GET /BLA/resoluciones/RESOLUCIONES%202018/3431.pdf HTTP/1.1" 200 242017
52.70.240.171 - - [05/Mar/2024:08:54:21 -0500] "GET /BLA/resoluciones/RESOLUCIONES%202018/3430.pdf HTTP/1.1" 200 262774
23.22.35.162 - - [05/Mar/2024:08:54:25 -0500] "GET /BLA/resoluciones/RESOLUCIONES%202018/3428.pdf HTTP/1.1" 200 236272
23.22.35.162 - - [05/Mar/2024:08:54:29 -0500] "GET /BLA/resoluciones/RESOLUCIONES%202018/3426.pdf HTTP/1.1" 200 358419
52.70.240.171 - - [05/Mar/2024:08:54:33 -0500] "GET /BLA/resoluciones/RESOLUCIONES%202018/3425.pdf HTTP/1.1" 200 286507
201.245.192.253 - - [05/Mar/2024:08:54:34 -0500] "POST /forms/lservlet;jsessionid=ac16012b30d626f26d2b1c2d4f41939eaa2119c3b879.e3iSbxaKaheRe3iNc3uNbNmQay1ynknvrkLOlQzNp65In0 HTTP/1.1" 200 2
201.245.192.253 - - [05/Mar/2024:08:54:35 -0500] "POST /forms/lservlet;jsessionid=ac16012b30d6f4ea1d4888f54de9a75ed378af0a0d6e.e3iSbxaKaheRe3iNc3uNbNmQay1ynknvrkLOlQzNp65In0 HTTP/1.1" 200 2
3.224.220.101 - - [05/Mar/2024:08:54:37 -0500] "GET /BLA/resoluciones/RESOLUCIONES%202018/3423.pdf HTTP/1.1" 200 370190
201.245.192.253 - - [05/Mar/2024:08:54:39 -0500] "POST /sipse/faces/presentacion/financiero/solicitudProceso/consultarSolicitudProceso.xhtml HTTP/1.1" 200 75959
3.224.220.101 - - [05/Mar/2024:08:54:41 -0500] "GET /BLA/resoluciones/RESOLUCIONES%202018/3422.pdf HTTP/1.1" 200 369847
3.224.220.101 - - [05/Mar/2024:08:54:45 -0500] "GET /BLA/resoluciones/RESOLUCIONES%202022/1690.pdf HTTP/1.1" 200 1019726
186.102.34.85 - - [05/Mar/2024:08:54:45 -0500] "GET /sipse/faces/index.xhtml HTTP/1.1" 200 677
186.102.34.85 - - [05/Mar/2024:08:54:45 -0500] "GET /sipse/faces/javax.faces.resource/theme.css?ln=primefaces-sipse HTTP/1.1" 304 -
186.102.34.85 - - [05/Mar/2024:08:54:46 -0500] "GET /sipse/faces/faces/autenticacion.xhtml HTTP/1.1" 200 12401
186.102.34.85 - - [05/Mar/2024:08:54:46 -0500] "GET /sipse/faces/javax.faces.resource/theme.css?ln=primefaces-sipse HTTP/1.1" 304 -
186.102.34.85 - - [05/Mar/2024:08:54:46 -0500] "GET /sipse/faces/javax.faces.resource/primefaces.css?ln=primefaces&v=4.0 HTTP/1.1" 304 -
186.102.34.85 - - [05/Mar/2024:08:54:46 -0500] "GET /sipse/faces/javax.faces.resource/layout/layout.css?ln=primefaces&v=4.0 HTTP/1.1" 304 -
186.102.34.85 - - [05/Mar/2024:08:54:46 -0500] "GET /sipse/faces/javax.faces.resource/primefaces.js?ln=primefaces&v=4.0 HTTP/1.1" 304 -
186.102.34.85 - - [05/Mar/2024:08:54:46 -0500] "GET /sipse/faces/javax.faces.resource/jquery/jquery-plugins.js?ln=primefaces&v=4.0 HTTP/1.1" 304 -
186.102.34.85 - - [05/Mar/2024:08:54:46 -0500] "GET /sipse/faces/javax.faces.resource/jquery/jquery.js?ln=primefaces&v=4.0 HTTP/1.1" 304 -
186.102.34.85 - - [05/Mar/2024:08:54:46 -0500] "GET /sipse/faces/javax.faces.resource/layout/layout.js?ln=primefaces&v=4.0 HTTP/1.1" 304 -
186.102.34.85 - - [05/Mar/2024:08:54:47 -0500] "GET /sipse/faces/javax.faces.resource/images/ui-icons_898989_256x240.png?ln=primefaces-aristo HTTP/1.1" 304 -
23.22.35.162 - - [05/Mar/2024:08:54:49 -0500] "GET /BLA/resoluciones/RESOLUCIONES%202022/1660.pdf HTTP/1.1" 200 431719
23.22.35.162 - - [05/Mar/2024:08:54:53 -0500] "GET /BLA/resoluciones/RESOLUCIONES%202018/3421.pdf HTTP/1.1" 200 368867
23.22.35.162 - - [05/Mar/2024:08:54:57 -0500] "GET /BLA/resoluciones/RESOLUCIONES%202018/03420.pdf HTTP/1.1" 200 371007
186.102.34.85 - - [05/Mar/2024:08:54:59 -0500] "POST /sipse/faces/autenticacion.xhtml HTTP/1.1" 200 16904
186.102.34.85 - - [05/Mar/2024:08:55:00 -0500] "GET /sipse/faces/javax.faces.resource/theme.css?ln=primefaces-sipse HTTP/1.1" 304 -
186.102.34.85 - - [05/Mar/2024:08:55:00 -0500] "GET /sipse/faces/javax.faces.resource/primefaces.css?ln=primefaces&v=4.0 HTTP/1.1" 304 -
186.102.34.85 - - [05/Mar/2024:08:55:00 -0500] "GET /sipse/faces/javax.faces.resource/layout/layout.css?ln=primefaces&v=4.0 HTTP/1.1" 304 -
186.102.34.85 - - [05/Mar/2024:08:55:00 -0500] "GET /sipse/faces/javax.faces.resource/jquery/jquery.js?ln=primefaces&v=4.0 HTTP/1.1" 304 -
186.102.34.85 - - [05/Mar/2024:08:55:00 -0500] "GET /sipse/faces/javax.faces.resource/jquery/jquery-plugins.js?ln=primefaces&v=4.0 HTTP/1.1" 304 -
186.102.34.85 - - [05/Mar/2024:08:55:00 -0500] "GET /sipse/faces/javax.faces.resource/primefaces.js?ln=primefaces&v=4.0 HTTP/1.1" 304 -
186.102.34.85 - - [05/Mar/2024:08:55:00 -0500] "GET /sipse/faces/javax.faces.resource/layout/layout.js?ln=primefaces&v=4.0 HTTP/1.1" 304 -
186.102.34.85 - - [05/Mar/2024:08:55:00 -0500] "GET /sipse/css/imagen/contrasena.png HTTP/1.1" 404 383
186.102.34.85 - - [05/Mar/2024:08:55:00 -0500] "GET /sipse/faces/javax.faces.resource/messages/messages.png?ln=primefaces&v=4.0 HTTP/1.1" 304 -
152.203.150.86 - - [05/Mar/2024:08:54:59 -0500] "POST /sipse/faces/presentacion/financiero/solicitudProceso/listarSolicitudProceso.xhtml HTTP/1.1" 200 155057
152.203.150.86 - - [05/Mar/2024:08:55:00 -0500] "GET /sipse/faces/javax.faces.resource/theme.css?ln=primefaces-sipse HTTP/1.1" 304 -
152.203.150.86 - - [05/Mar/2024:08:55:00 -0500] "GET /sipse/faces/javax.faces.resource/primefaces.css?ln=primefaces&v=4.0 HTTP/1.1" 304 -
152.203.150.86 - - [05/Mar/2024:08:55:00 -0500] "GET /sipse/faces/javax.faces.resource/layout/layout.css?ln=primefaces&v=4.0 HTTP/1.1" 304 -
152.203.150.86 - - [05/Mar/2024:08:55:00 -0500] "GET /sipse/css/imagen/contrasena.png HTTP/1.1" 404 383
152.203.150.86 - - [05/Mar/2024:08:55:00 -0500] "GET /sipse/faces/javax.faces.resource/jquery/jquery.js?ln=primefaces&v=4.0 HTTP/1.1" 304 -
152.203.150.86 - - [05/Mar/2024:08:55:00 -0500] "GET /sipse/faces/javax.faces.resource/jquery/jquery-plugins.js?ln=primefaces&v=4.0 HTTP/1.1" 304 -
152.203.150.86 - - [05/Mar/2024:08:55:01 -0500] "GET /sipse/faces/javax.faces.resource/primefaces.js?ln=primefaces&v=4.0 HTTP/1.1" 304 -
152.203.150.86 - - [05/Mar/2024:08:55:01 -0500] "GET /sipse/faces/javax.faces.resource/layout/layout.js?ln=primefaces&v=4.0 HTTP/1.1" 304 -
152.203.150.86 - - [05/Mar/2024:08:55:01 -0500] "GET /sipse/faces/javax.faces.resource/images/ui-icons_898989_256x240.png?ln=primefaces-aristo HTTP/1.1" 304 -
23.22.35.162 - - [05/Mar/2024:08:55:01 -0500] "GET /BLA/resoluciones/RESOLUCIONES%202022/1657.pdf HTTP/1.1" 200 438209
186.102.34.85 - - [05/Mar/2024:08:55:03 -0500] "GET /sipse/faces/javax.faces.resource/images/ui-bg_flat_0_2d5972_40x100.png?ln=primefaces-aristo HTTP/1.1" 304 -
186.102.34.85 - - [05/Mar/2024:08:55:03 -0500] "POST /sipse/faces/bienvenido.xhtml HTTP/1.1" 200 9852
152.203.150.86 - - [05/Mar/2024:08:55:03 -0500] "POST /sipse/faces/presentacion/financiero/solicitudProceso/consultarSolicitudProceso.xhtml HTTP/1.1" 200 275638
52.70.240.171 - - [05/Mar/2024:08:55:05 -0500] "GET /BLA/resoluciones/RESOLUCIONES%202022/1634.pdf HTTP/1.1" 200 401068
186.102.34.85 - - [05/Mar/2024:08:55:06 -0500] "POST /sipse/faces/bienvenido.xhtml HTTP/1.1" 200 2658
186.102.34.85 - - [05/Mar/2024:08:55:07 -0500] "POST /sipse/faces/bienvenido.xhtml HTTP/1.1" 200 33153
186.102.34.85 - - [05/Mar/2024:08:55:08 -0500] "GET /sipse/faces/javax.faces.resource/theme.css?ln=primefaces-sipse HTTP/1.1" 304 -
186.102.34.85 - - [05/Mar/2024:08:55:08 -0500] "GET /sipse/faces/javax.faces.resource/primefaces.css?ln=primefaces&v=4.0 HTTP/1.1" 304 -
186.102.34.85 - - [05/Mar/2024:08:55:08 -0500] "GET /sipse/faces/javax.faces.resource/layout/layout.css?ln=primefaces&v=4.0 HTTP/1.1" 304 -
186.102.34.85 - - [05/Mar/2024:08:55:08 -0500] "GET /sipse/faces/javax.faces.resource/jquery/jquery.js?ln=primefaces&v=4.0 HTTP/1.1" 304 -
186.102.34.85 - - [05/Mar/2024:08:55:08 -0500] "GET /sipse/faces/javax.faces.resource/jquery/jquery-plugins.js?ln=primefaces&v=4.0 HTTP/1.1" 304 -
186.102.34.85 - - [05/Mar/2024:08:55:08 -0500] "GET /sipse/faces/javax.faces.resource/primefaces.js?ln=primefaces&v=4.0 HTTP/1.1" 304 -
186.102.34.85 - - [05/Mar/2024:08:55:08 -0500] "GET /sipse/faces/javax.faces.resource/layout/layout.js?ln=primefaces&v=4.0 HTTP/1.1" 304 -
186.102.34.85 - - [05/Mar/2024:08:55:08 -0500] "POST /sipse/faces/presentacion/financiero/solicitudProceso/listarSolicitudProceso.xhtml HTTP/1.1" 200 1372
3.224.220.101 - - [05/Mar/2024:08:55:08 -0500] "GET /BLA/resoluciones/RESOLUCIONES%202022/1633.pdf HTTP/1.1" 200 366032
201.245.192.253 - - [05/Mar/2024:08:55:09 -0500] "POST /kwsrmcab/Wsrmcab  HTTP/1.1" 200 39632
52.70.240.171 - - [05/Mar/2024:08:55:14 -0500] "GET /BLA/resoluciones/RESOLUCIONES%202022/1619.pdf HTTP/1.1" 200 1000504
52.70.240.171 - - [05/Mar/2024:08:55:17 -0500] "GET /BLA/resoluciones/RESOLUCIONES%202022/1613.pdf HTTP/1.1" 200 2648477
3.224.220.101 - - [05/Mar/2024:08:55:21 -0500] "GET /BLA/resoluciones/RESOLUCIONES%202018/3419.pdf HTTP/1.1" 200 368167
23.22.35.162 - - [05/Mar/2024:08:55:25 -0500] "GET /BLA/resoluciones/RESOLUCIONES%202022/1612.pdf HTTP/1.1" 200 538009
3.224.220.101 - - [05/Mar/2024:08:55:29 -0500] "GET /BLA/resoluciones/RESOLUCIONES%202018/3418.pdf HTTP/1.1" 200 366059
23.22.35.162 - - [05/Mar/2024:08:55:34 -0500] "GET /BLA/resoluciones/RESOLUCIONES%202018/3413.pdf HTTP/1.1" 200 417219
152.203.150.86 - - [05/Mar/2024:08:55:35 -0500] "POST /sipse/faces/presentacion/financiero/solicitudProceso/consultarSolicitudProceso.xhtml HTTP/1.1" 200 21224
152.203.150.86 - - [05/Mar/2024:08:55:35 -0500] "GET /sipse/faces/javax.faces.resource/theme.css?ln=primefaces-sipse HTTP/1.1" 304 -
152.203.150.86 - - [05/Mar/2024:08:55:35 -0500] "GET /sipse/faces/javax.faces.resource/fileupload/fileupload.css?ln=primefaces&v=4.0 HTTP/1.1" 304 -
152.203.150.86 - - [05/Mar/2024:08:55:35 -0500] "GET /sipse/faces/javax.faces.resource/jquery/jquery-plugins.js?ln=primefaces&v=4.0 HTTP/1.1" 304 -
152.203.150.86 - - [05/Mar/2024:08:55:35 -0500] "GET /sipse/faces/javax.faces.resource/primefaces.js?ln=primefaces&v=4.0 HTTP/1.1" 304 -
152.203.150.86 - - [05/Mar/2024:08:55:35 -0500] "GET /sipse/faces/javax.faces.resource/layout/layout.js?ln=primefaces&v=4.0 HTTP/1.1" 304 -
152.203.150.86 - - [05/Mar/2024:08:55:36 -0500] "GET /sipse/faces/javax.faces.resource/jquery/jquery.js?ln=primefaces&v=4.0 HTTP/1.1" 304 -
152.203.150.86 - - [05/Mar/2024:08:55:36 -0500] "GET /sipse/faces/javax.faces.resource/layout/layout.css?ln=primefaces&v=4.0 HTTP/1.1" 304 -
152.203.150.86 - - [05/Mar/2024:08:55:36 -0500] "GET /sipse/faces/javax.faces.resource/primefaces.css?ln=primefaces&v=4.0 HTTP/1.1" 304 -
152.203.150.86 - - [05/Mar/2024:08:55:36 -0500] "GET /sipse/faces/javax.faces.resource/fileupload/fileupload.js?ln=primefaces&v=4.0 HTTP/1.1" 304 -
152.203.150.86 - - [05/Mar/2024:08:55:36 -0500] "GET /sipse/css/imagen/contrasena.png HTTP/1.1" 404 383
152.203.150.86 - - [05/Mar/2024:08:55:36 -0500] "GET /sipse/faces/javax.faces.resource/images/ui-icons_898989_256x240.png?ln=primefaces-aristo HTTP/1.1" 304 -
23.22.35.162 - - [05/Mar/2024:08:55:38 -0500] "GET /BLA/resoluciones/RESOLUCIONES%202022/1607.pdf HTTP/1.1" 200 386856
152.203.150.86 - - [05/Mar/2024:08:55:41 -0500] "GET /sipse/faces/javax.faces.resource/theme.css?ln=primefaces-sipse HTTP/1.1" 304 -
152.203.150.86 - - [05/Mar/2024:08:55:41 -0500] "GET /sipse/faces/javax.faces.resource/jquery/jquery-plugins.js?ln=primefaces&v=4.0 HTTP/1.1" 304 -
152.203.150.86 - - [05/Mar/2024:08:55:41 -0500] "GET /sipse/faces/javax.faces.resource/jquery/jquery.js?ln=primefaces&v=4.0 HTTP/1.1" 304 -
152.203.150.86 - - [05/Mar/2024:08:55:41 -0500] "GET /sipse/faces/javax.faces.resource/primefaces.css?ln=primefaces&v=4.0 HTTP/1.1" 304 -
152.203.150.86 - - [05/Mar/2024:08:55:41 -0500] "GET /sipse/faces/javax.faces.resource/layout/layout.css?ln=primefaces&v=4.0 HTTP/1.1" 304 -
152.203.150.86 - - [05/Mar/2024:08:55:41 -0500] "GET /sipse/faces/javax.faces.resource/primefaces.js?ln=primefaces&v=4.0 HTTP/1.1" 304 -
152.203.150.86 - - [05/Mar/2024:08:55:41 -0500] "GET /sipse/faces/javax.faces.resource/layout/layout.js?ln=primefaces&v=4.0 HTTP/1.1" 304 -
152.203.150.86 - - [05/Mar/2024:08:55:41 -0500] "POST /sipse/faces/presentacion/sistema/anexos/cargarAnexoSolicitudProceso.xhtml HTTP/1.1" 200 203284
152.203.150.86 - - [05/Mar/2024:08:55:41 -0500] "GET /sipse/faces/javax.faces.resource/images/ui-icons_898989_256x240.png?ln=primefaces-aristo HTTP/1.1" 304 -
3.224.220.101 - - [05/Mar/2024:08:55:42 -0500] "GET /BLA/resoluciones/RESOLUCIONES%202022/1606.pdf HTTP/1.1" 200 346560
152.203.150.86 - - [05/Mar/2024:08:55:44 -0500] "POST /sipse/faces/presentacion/financiero/solicitudProceso/consultarSolicitudProceso.xhtml HTTP/1.1" 200 21224
152.203.150.86 - - [05/Mar/2024:08:55:44 -0500] "GET /sipse/faces/javax.faces.resource/theme.css?ln=primefaces-sipse HTTP/1.1" 304 -
152.203.150.86 - - [05/Mar/2024:08:55:44 -0500] "GET /sipse/faces/javax.faces.resource/primefaces.js?ln=primefaces&v=4.0 HTTP/1.1" 304 -
152.203.150.86 - - [05/Mar/2024:08:55:44 -0500] "GET /sipse/faces/javax.faces.resource/layout/layout.css?ln=primefaces&v=4.0 HTTP/1.1" 304 -
152.203.150.86 - - [05/Mar/2024:08:55:44 -0500] "GET /sipse/faces/javax.faces.resource/primefaces.css?ln=primefaces&v=4.0 HTTP/1.1" 304 -
152.203.150.86 - - [05/Mar/2024:08:55:44 -0500] "GET /sipse/faces/javax.faces.resource/jquery/jquery.js?ln=primefaces&v=4.0 HTTP/1.1" 304 -
152.203.150.86 - - [05/Mar/2024:08:55:44 -0500] "GET /sipse/faces/javax.faces.resource/jquery/jquery-plugins.js?ln=primefaces&v=4.0 HTTP/1.1" 304 -
152.203.150.86 - - [05/Mar/2024:08:55:44 -0500] "GET /sipse/faces/javax.faces.resource/fileupload/fileupload.css?ln=primefaces&v=4.0 HTTP/1.1" 304 -
152.203.150.86 - - [05/Mar/2024:08:55:44 -0500] "GET /sipse/faces/javax.faces.resource/layout/layout.js?ln=primefaces&v=4.0 HTTP/1.1" 304 -
152.203.150.86 - - [05/Mar/2024:08:55:44 -0500] "GET /sipse/faces/javax.faces.resource/fileupload/fileupload.js?ln=primefaces&v=4.0 HTTP/1.1" 304 -
3.224.220.101 - - [05/Mar/2024:08:55:45 -0500] "GET /BLA/resoluciones/RESOLUCIONES%202018/3410.pdf HTTP/1.1" 200 277897
23.22.35.162 - - [05/Mar/2024:08:55:50 -0500] "GET /BLA/resoluciones/RESOLUCIONES%202022/1601.pdf HTTP/1.1" 200 670963
23.22.35.162 - - [05/Mar/2024:08:55:54 -0500] "GET /BLA/resoluciones/RESOLUCIONES%202018/3406.pdf HTTP/1.1" 200 295317
3.224.220.101 - - [05/Mar/2024:08:55:57 -0500] "GET /BLA/resoluciones/RESOLUCIONES%202022/1600.pdf HTTP/1.1" 200 892532
152.203.150.86 - - [05/Mar/2024:08:55:58 -0500] "GET /sipse/faces/javax.faces.resource/primefaces.css?ln=primefaces&v=4.0 HTTP/1.1" 304 -
152.203.150.86 - - [05/Mar/2024:08:55:58 -0500] "GET /sipse/faces/javax.faces.resource/layout/layout.css?ln=primefaces&v=4.0 HTTP/1.1" 304 -
152.203.150.86 - - [05/Mar/2024:08:55:58 -0500] "GET /sipse/faces/javax.faces.resource/theme.css?ln=primefaces-sipse HTTP/1.1" 304 -
152.203.150.86 - - [05/Mar/2024:08:55:58 -0500] "GET /sipse/faces/javax.faces.resource/jquery/jquery-plugins.js?ln=primefaces&v=4.0 HTTP/1.1" 304 -
152.203.150.86 - - [05/Mar/2024:08:55:58 -0500] "GET /sipse/faces/javax.faces.resource/jquery/jquery.js?ln=primefaces&v=4.0 HTTP/1.1" 304 -
152.203.150.86 - - [05/Mar/2024:08:55:58 -0500] "GET /sipse/faces/javax.faces.resource/primefaces.js?ln=primefaces&v=4.0 HTTP/1.1" 304 -
152.203.150.86 - - [05/Mar/2024:08:55:58 -0500] "GET /sipse/faces/javax.faces.resource/layout/layout.js?ln=primefaces&v=4.0 HTTP/1.1" 304 -
152.203.150.86 - - [05/Mar/2024:08:55:56 -0500] "POST /sipse/faces/presentacion/sistema/anexos/cargarAnexoSolicitudProceso.xhtml HTTP/1.1" 200 205068
152.203.150.86 - - [05/Mar/2024:08:56:00 -0500] "GET /sipse/faces/javax.faces.resource/images/ui-icons_898989_256x240.png?ln=primefaces-aristo HTTP/1.1" 304 -
186.29.33.136 - - [05/Mar/2024:08:56:02 -0500] "POST /sipse/faces/presentacion/financiero/solicitudProceso/consultarHistorialSolProceso.xhtml HTTP/1.1" 200 57136
52.70.240.171 - - [05/Mar/2024:08:56:03 -0500] "GET /BLA/resoluciones/RESOLUCIONES%202018/3405.pdf HTTP/1.1" 200 274168
186.29.33.136 - - [05/Mar/2024:08:56:03 -0500] "GET /sipse/faces/javax.faces.resource/theme.css?ln=primefaces-sipse HTTP/1.1" 304 -
186.29.33.136 - - [05/Mar/2024:08:56:03 -0500] "GET /sipse/faces/javax.faces.resource/primefaces.css?ln=primefaces&v=4.0 HTTP/1.1" 304 -
186.29.33.136 - - [05/Mar/2024:08:56:03 -0500] "GET /sipse/faces/javax.faces.resource/layout/layout.css?ln=primefaces&v=4.0 HTTP/1.1" 304 -
186.29.33.136 - - [05/Mar/2024:08:56:03 -0500] "GET /sipse/faces/javax.faces.resource/jquery/jquery-plugins.js?ln=primefaces&v=4.0 HTTP/1.1" 304 -
186.29.33.136 - - [05/Mar/2024:08:56:03 -0500] "GET /sipse/faces/javax.faces.resource/jquery/jquery.js?ln=primefaces&v=4.0 HTTP/1.1" 304 -
186.29.33.136 - - [05/Mar/2024:08:56:03 -0500] "GET /sipse/faces/javax.faces.resource/primefaces.js?ln=primefaces&v=4.0 HTTP/1.1" 304 -
186.29.33.136 - - [05/Mar/2024:08:56:03 -0500] "GET /sipse/faces/javax.faces.resource/fileupload/fileupload.js?ln=primefaces&v=4.0 HTTP/1.1" 304 -
186.29.33.136 - - [05/Mar/2024:08:56:03 -0500] "GET /sipse/faces/javax.faces.resource/layout/layout.js?ln=primefaces&v=4.0 HTTP/1.1" 304 -
186.29.33.136 - - [05/Mar/2024:08:56:03 -0500] "GET /sipse/faces/javax.faces.resource/fileupload/fileupload.css?ln=primefaces&v=4.0 HTTP/1.1" 304 -
152.203.150.86 - - [05/Mar/2024:08:56:03 -0500] "GET /sipse/faces/javax.faces.resource/images/ui-bg_flat_0_2d5972_40x100.png?ln=primefaces-aristo HTTP/1.1" 304 -
186.29.33.136 - - [05/Mar/2024:08:56:03 -0500] "GET /sipse/faces/javax.faces.resource/images/ui-icons_898989_256x240.png?ln=primefaces-aristo HTTP/1.1" 304 -
152.203.150.86 - - [05/Mar/2024:08:56:03 -0500] "POST /sipse/faces/presentacion/financiero/solicitudProceso/consultarSolicitudProceso.xhtml HTTP/1.1" 200 6188
152.203.150.86 - - [05/Mar/2024:08:56:04 -0500] "GET /sipse/faces/javax.faces.resource/messages/messages.png?ln=primefaces&v=4.0 HTTP/1.1" 304 -
3.224.220.101 - - [05/Mar/2024:08:56:05 -0500] "GET /BLA/resoluciones/RESOLUCIONES%202022/1599.pdf HTTP/1.1" 200 351030
3.224.220.101 - - [05/Mar/2024:08:56:09 -0500] "GET /BLA/resoluciones/RESOLUCIONES%202018/3398.pdf HTTP/1.1" 200 353183
152.203.150.86 - - [05/Mar/2024:08:56:04 -0500] "POST /sipse/faces/presentacion/financiero/solicitudProceso/consultarSolicitudProceso.xhtml HTTP/1.1" 200 37346
152.203.150.86 - - [05/Mar/2024:08:56:12 -0500] "GET /sipse/faces/javax.faces.resource/theme.css?ln=primefaces-sipse HTTP/1.1" 304 -
152.203.150.86 - - [05/Mar/2024:08:56:12 -0500] "GET /sipse/faces/javax.faces.resource/primefaces.css?ln=primefaces&v=4.0 HTTP/1.1" 304 -
152.203.150.86 - - [05/Mar/2024:08:56:12 -0500] "GET /sipse/faces/javax.faces.resource/layout/layout.css?ln=primefaces&v=4.0 HTTP/1.1" 304 -
152.203.150.86 - - [05/Mar/2024:08:56:12 -0500] "GET /sipse/faces/javax.faces.resource/jquery/jquery.js?ln=primefaces&v=4.0 HTTP/1.1" 304 -
152.203.150.86 - - [05/Mar/2024:08:56:12 -0500] "GET /sipse/faces/javax.faces.resource/jquery/jquery-plugins.js?ln=primefaces&v=4.0 HTTP/1.1" 304 -
152.203.150.86 - - [05/Mar/2024:08:56:12 -0500] "GET /sipse/faces/javax.faces.resource/primefaces.js?ln=primefaces&v=4.0 HTTP/1.1" 304 -
152.203.150.86 - - [05/Mar/2024:08:56:12 -0500] "GET /sipse/faces/javax.faces.resource/layout/layout.js?ln=primefaces&v=4.0 HTTP/1.1" 304 -
23.22.35.162 - - [05/Mar/2024:08:56:13 -0500] "GET /BLA/resoluciones/RESOLUCIONES%202018/3397.pdf HTTP/1.1" 200 290103
152.203.150.86 - - [05/Mar/2024:08:56:12 -0500] "POST /sipse/faces/presentacion/financiero/solicitudProceso/listarSolicitudProceso.xhtml HTTP/1.1" 200 1392
52.70.240.171 - - [05/Mar/2024:08:56:17 -0500] "GET /BLA/resoluciones/RESOLUCIONES%202022/1598.pdf HTTP/1.1" 200 345691
186.29.33.136 - - [05/Mar/2024:08:56:19 -0500] "GET /sipse/faces/javax.faces.resource/images/ui-bg_flat_0_2d5972_40x100.png?ln=primefaces-aristo HTTP/1.1" 304 -
186.29.33.136 - - [05/Mar/2024:08:56:19 -0500] "POST /sipse/faces/presentacion/financiero/solicitudProceso/detalleSolicitudProcesoOtrosPagos.xhtml HTTP/1.1" 200 190
186.29.33.136 - - [05/Mar/2024:08:56:19 -0500] "GET /sipse/faces/presentacion/financiero/solicitudProceso/solicitudProcesoOtrosPagos.xhtml HTTP/1.1" 200 36253
186.29.33.136 - - [05/Mar/2024:08:56:20 -0500] "GET /sipse/faces/javax.faces.resource/theme.css?ln=primefaces-sipse HTTP/1.1" 304 -
186.29.33.136 - - [05/Mar/2024:08:56:20 -0500] "GET /sipse/faces/javax.faces.resource/primefaces.css?ln=primefaces&v=4.0 HTTP/1.1" 304 -
186.29.33.136 - - [05/Mar/2024:08:56:20 -0500] "GET /sipse/faces/javax.faces.resource/layout/layout.css?ln=primefaces&v=4.0 HTTP/1.1" 304 -
186.29.33.136 - - [05/Mar/2024:08:56:20 -0500] "GET /sipse/faces/javax.faces.resource/jquery/jquery-plugins.js?ln=primefaces&v=4.0 HTTP/1.1" 304 -
186.29.33.136 - - [05/Mar/2024:08:56:20 -0500] "GET /sipse/faces/javax.faces.resource/jquery/jquery.js?ln=primefaces&v=4.0 HTTP/1.1" 304 -
186.29.33.136 - - [05/Mar/2024:08:56:20 -0500] "GET /sipse/faces/javax.faces.resource/layout/layout.js?ln=primefaces&v=4.0 HTTP/1.1" 304 -
186.29.33.136 - - [05/Mar/2024:08:56:20 -0500] "GET /sipse/faces/javax.faces.resource/primefaces.js?ln=primefaces&v=4.0 HTTP/1.1" 304 -
