186.80.108.8 - - [05/Mar/2024:05:55:53 -0500] "GET /sipse/faces/javax.faces.resource/layout/layout.js?ln=primefaces&v=4.0 HTTP/1.1" 304 -
52.70.240.171 - - [05/Mar/2024:05:55:58 -0500] "GET /BLA/resoluciones/RESOLUCIONES%202019/2828.pdf HTTP/1.1" 200 794083
66.249.66.21 - - [05/Mar/2024:05:55:59 -0500] "GET /BLA/resoluciones/RESOLUCIONES%202010/3894.pdf HTTP/1.1" 200 700616
186.80.108.8 - - [05/Mar/2024:05:56:00 -0500] "POST /sipse/faces/presentacion/financiero/solicitudProceso/consultarSolicitudProceso.xhtml HTTP/1.1" 200 36815
186.80.108.8 - - [05/Mar/2024:05:56:00 -0500] "GET /sipse/faces/javax.faces.resource/theme.css?ln=primefaces-sipse HTTP/1.1" 304 -
186.80.108.8 - - [05/Mar/2024:05:56:00 -0500] "GET /sipse/faces/javax.faces.resource/primefaces.css?ln=primefaces&v=4.0 HTTP/1.1" 304 -
186.80.108.8 - - [05/Mar/2024:05:56:00 -0500] "GET /sipse/faces/javax.faces.resource/layout/layout.css?ln=primefaces&v=4.0 HTTP/1.1" 304 -
186.80.108.8 - - [05/Mar/2024:05:56:01 -0500] "GET /sipse/faces/javax.faces.resource/jquery/jquery.js?ln=primefaces&v=4.0 HTTP/1.1" 304 -
186.80.108.8 - - [05/Mar/2024:05:56:01 -0500] "GET /sipse/faces/javax.faces.resource/jquery/jquery-plugins.js?ln=primefaces&v=4.0 HTTP/1.1" 304 -
186.80.108.8 - - [05/Mar/2024:05:56:01 -0500] "GET /sipse/faces/javax.faces.resource/primefaces.js?ln=primefaces&v=4.0 HTTP/1.1" 304 -
186.80.108.8 - - [05/Mar/2024:05:56:01 -0500] "GET /sipse/faces/javax.faces.resource/layout/layout.js?ln=primefaces&v=4.0 HTTP/1.1" 304 -
23.22.35.162 - - [05/Mar/2024:05:56:01 -0500] "GET /BLA/resoluciones/RESOLUCIONES%202019/2826.pdf HTTP/1.1" 200 411118
201.245.192.253 - - [05/Mar/2024:05:56:01 -0500] "POST /kwsrmcab/Wsrmcab  HTTP/1.1" 200 39632
186.80.108.8 - - [05/Mar/2024:05:56:05 -0500] "POST /sipse/faces/presentacion/contratacion/contrato/registroPresupuestal/expedirRP.xhtml HTTP/1.1" 200 2240
23.22.35.162 - - [05/Mar/2024:05:56:05 -0500] "GET /BLA/resoluciones/RESOLUCIONES%202019/2825.pdf HTTP/1.1" 200 326907
186.80.108.8 - - [05/Mar/2024:05:56:08 -0500] "POST /sipse/faces/presentacion/contratacion/contrato/registroPresupuestal/expedirRP.xhtml HTTP/1.1" 200 20857
186.80.108.8 - - [05/Mar/2024:05:56:08 -0500] "GET /sipse/faces/javax.faces.resource/theme.css?ln=primefaces-sipse HTTP/1.1" 304 -
186.80.108.8 - - [05/Mar/2024:05:56:08 -0500] "GET /sipse/faces/javax.faces.resource/layout/layout.css?ln=primefaces&v=4.0 HTTP/1.1" 304 -
186.80.108.8 - - [05/Mar/2024:05:56:08 -0500] "GET /sipse/faces/javax.faces.resource/primefaces.css?ln=primefaces&v=4.0 HTTP/1.1" 304 -
186.80.108.8 - - [05/Mar/2024:05:56:08 -0500] "GET /sipse/faces/javax.faces.resource/jquery/jquery.js?ln=primefaces&v=4.0 HTTP/1.1" 304 -
186.80.108.8 - - [05/Mar/2024:05:56:08 -0500] "GET /sipse/faces/javax.faces.resource/primefaces.js?ln=primefaces&v=4.0 HTTP/1.1" 304 -
186.80.108.8 - - [05/Mar/2024:05:56:08 -0500] "GET /sipse/faces/javax.faces.resource/jquery/jquery-plugins.js?ln=primefaces&v=4.0 HTTP/1.1" 304 -
186.80.108.8 - - [05/Mar/2024:05:56:08 -0500] "GET /sipse/faces/javax.faces.resource/layout/layout.js?ln=primefaces&v=4.0 HTTP/1.1" 304 -
186.80.108.8 - - [05/Mar/2024:05:56:10 -0500] "POST /sipse/faces/presentacion/contratacion/contrato/registroPresupuestal/consultarActividadesRP.xhtml HTTP/1.1" 200 23037
23.22.35.162 - - [05/Mar/2024:05:56:10 -0500] "GET /BLA/resoluciones/RESOLUCIONES%202019/2824.pdf HTTP/1.1" 200 433688
186.80.108.8 - - [05/Mar/2024:05:56:10 -0500] "GET /sipse/faces/javax.faces.resource/primefaces.css?ln=primefaces&v=4.0 HTTP/1.1" 304 -
186.80.108.8 - - [05/Mar/2024:05:56:10 -0500] "GET /sipse/faces/javax.faces.resource/theme.css?ln=primefaces-sipse HTTP/1.1" 304 -
186.80.108.8 - - [05/Mar/2024:05:56:10 -0500] "GET /sipse/faces/javax.faces.resource/layout/layout.css?ln=primefaces&v=4.0 HTTP/1.1" 304 -
186.80.108.8 - - [05/Mar/2024:05:56:10 -0500] "GET /sipse/faces/javax.faces.resource/jquery/jquery.js?ln=primefaces&v=4.0 HTTP/1.1" 304 -
186.80.108.8 - - [05/Mar/2024:05:56:10 -0500] "GET /sipse/faces/javax.faces.resource/primefaces.js?ln=primefaces&v=4.0 HTTP/1.1" 304 -
186.80.108.8 - - [05/Mar/2024:05:56:10 -0500] "GET /sipse/faces/javax.faces.resource/jquery/jquery-plugins.js?ln=primefaces&v=4.0 HTTP/1.1" 304 -
186.80.108.8 - - [05/Mar/2024:05:56:10 -0500] "GET /sipse/faces/javax.faces.resource/layout/layout.js?ln=primefaces&v=4.0 HTTP/1.1" 304 -
52.70.240.171 - - [05/Mar/2024:05:56:13 -0500] "GET /BLA/resoluciones/RESOLUCIONES%202019/2823.pdf HTTP/1.1" 200 1341094
186.80.108.8 - - [05/Mar/2024:05:56:14 -0500] "POST /sipse/faces/presentacion/contratacion/contrato/registroPresupuestal/asociarPresupuestoActividadesRP.xhtml HTTP/1.1" 200 36892
186.80.108.8 - - [05/Mar/2024:05:56:14 -0500] "GET /sipse/faces/javax.faces.resource/theme.css?ln=primefaces-sipse HTTP/1.1" 304 -
186.80.108.8 - - [05/Mar/2024:05:56:14 -0500] "GET /sipse/faces/javax.faces.resource/layout/layout.css?ln=primefaces&v=4.0 HTTP/1.1" 304 -
186.80.108.8 - - [05/Mar/2024:05:56:14 -0500] "GET /sipse/faces/javax.faces.resource/primefaces.css?ln=primefaces&v=4.0 HTTP/1.1" 304 -
186.80.108.8 - - [05/Mar/2024:05:56:14 -0500] "GET /sipse/faces/javax.faces.resource/jquery/jquery.js?ln=primefaces&v=4.0 HTTP/1.1" 304 -
186.80.108.8 - - [05/Mar/2024:05:56:14 -0500] "GET /sipse/faces/javax.faces.resource/jquery/jquery-plugins.js?ln=primefaces&v=4.0 HTTP/1.1" 304 -
186.80.108.8 - - [05/Mar/2024:05:56:15 -0500] "GET /sipse/faces/javax.faces.resource/primefaces.js?ln=primefaces&v=4.0 HTTP/1.1" 304 -
186.80.108.8 - - [05/Mar/2024:05:56:15 -0500] "GET /sipse/faces/javax.faces.resource/layout/layout.js?ln=primefaces&v=4.0 HTTP/1.1" 304 -
52.70.240.171 - - [05/Mar/2024:05:56:17 -0500] "GET /BLA/resoluciones/RESOLUCIONES%202019/2820.pdf HTTP/1.1" 200 404778
52.70.240.171 - - [05/Mar/2024:05:56:21 -0500] "GET /BLA/resoluciones/RESOLUCIONES%202019/2819.pdf HTTP/1.1" 200 291050
186.80.108.8 - - [05/Mar/2024:05:56:24 -0500] "POST /sipse/faces/presentacion/contratacion/contrato/registroPresupuestal/expedirRP.xhtml HTTP/1.1" 200 146473
186.80.108.8 - - [05/Mar/2024:05:56:24 -0500] "GET /sipse/faces/javax.faces.resource/theme.css?ln=primefaces-sipse HTTP/1.1" 304 -
186.80.108.8 - - [05/Mar/2024:05:56:24 -0500] "GET /sipse/faces/javax.faces.resource/primefaces.css?ln=primefaces&v=4.0 HTTP/1.1" 304 -
186.80.108.8 - - [05/Mar/2024:05:56:24 -0500] "GET /sipse/faces/javax.faces.resource/layout/layout.css?ln=primefaces&v=4.0 HTTP/1.1" 304 -
186.80.108.8 - - [05/Mar/2024:05:56:24 -0500] "GET /sipse/faces/javax.faces.resource/jquery/jquery.js?ln=primefaces&v=4.0 HTTP/1.1" 304 -
186.80.108.8 - - [05/Mar/2024:05:56:24 -0500] "GET /sipse/faces/javax.faces.resource/jquery/jquery-plugins.js?ln=primefaces&v=4.0 HTTP/1.1" 304 -
186.80.108.8 - - [05/Mar/2024:05:56:24 -0500] "GET /sipse/faces/javax.faces.resource/primefaces.js?ln=primefaces&v=4.0 HTTP/1.1" 304 -
186.80.108.8 - - [05/Mar/2024:05:56:24 -0500] "GET /sipse/faces/javax.faces.resource/layout/layout.js?ln=primefaces&v=4.0 HTTP/1.1" 304 -
52.70.240.171 - - [05/Mar/2024:05:56:25 -0500] "GET /BLA/resoluciones/RESOLUCIONES%202019/2817.pdf HTTP/1.1" 200 286311
186.80.108.8 - - [05/Mar/2024:05:56:27 -0500] "POST /sipse/faces/presentacion/financiero/solicitudProceso/consultarSolicitudProceso.xhtml HTTP/1.1" 200 20591
186.80.108.8 - - [05/Mar/2024:05:56:28 -0500] "GET /sipse/faces/javax.faces.resource/theme.css?ln=primefaces-sipse HTTP/1.1" 304 -
186.80.108.8 - - [05/Mar/2024:05:56:28 -0500] "GET /sipse/faces/javax.faces.resource/primefaces.css?ln=primefaces&v=4.0 HTTP/1.1" 304 -
186.80.108.8 - - [05/Mar/2024:05:56:28 -0500] "GET /sipse/faces/javax.faces.resource/layout/layout.css?ln=primefaces&v=4.0 HTTP/1.1" 304 -
186.80.108.8 - - [05/Mar/2024:05:56:28 -0500] "GET /sipse/faces/javax.faces.resource/jquery/jquery.js?ln=primefaces&v=4.0 HTTP/1.1" 304 -
186.80.108.8 - - [05/Mar/2024:05:56:28 -0500] "GET /sipse/faces/javax.faces.resource/fileupload/fileupload.css?ln=primefaces&v=4.0 HTTP/1.1" 304 -
186.80.108.8 - - [05/Mar/2024:05:56:28 -0500] "GET /sipse/faces/javax.faces.resource/primefaces.js?ln=primefaces&v=4.0 HTTP/1.1" 304 -
186.80.108.8 - - [05/Mar/2024:05:56:28 -0500] "GET /sipse/faces/javax.faces.resource/jquery/jquery-plugins.js?ln=primefaces&v=4.0 HTTP/1.1" 304 -
186.80.108.8 - - [05/Mar/2024:05:56:28 -0500] "GET /sipse/faces/javax.faces.resource/layout/layout.js?ln=primefaces&v=4.0 HTTP/1.1" 304 -
186.80.108.8 - - [05/Mar/2024:05:56:28 -0500] "GET /sipse/faces/javax.faces.resource/fileupload/fileupload.js?ln=primefaces&v=4.0 HTTP/1.1" 304 -
52.70.240.171 - - [05/Mar/2024:05:56:29 -0500] "GET /BLA/resoluciones/RESOLUCIONES%202019/2788.pdf HTTP/1.1" 200 306835
186.80.108.8 - - [05/Mar/2024:05:56:33 -0500] "GET /sipse/faces/javax.faces.resource/theme.css?ln=primefaces-sipse HTTP/1.1" 304 -
186.80.108.8 - - [05/Mar/2024:05:56:33 -0500] "GET /sipse/faces/javax.faces.resource/layout/layout.css?ln=primefaces&v=4.0 HTTP/1.1" 304 -
186.80.108.8 - - [05/Mar/2024:05:56:33 -0500] "GET /sipse/faces/javax.faces.resource/jquery/jquery.js?ln=primefaces&v=4.0 HTTP/1.1" 304 -
186.80.108.8 - - [05/Mar/2024:05:56:33 -0500] "GET /sipse/faces/javax.faces.resource/primefaces.css?ln=primefaces&v=4.0 HTTP/1.1" 304 -
186.80.108.8 - - [05/Mar/2024:05:56:33 -0500] "GET /sipse/faces/javax.faces.resource/jquery/jquery-plugins.js?ln=primefaces&v=4.0 HTTP/1.1" 304 -
186.80.108.8 - - [05/Mar/2024:05:56:33 -0500] "GET /sipse/faces/javax.faces.resource/primefaces.js?ln=primefaces&v=4.0 HTTP/1.1" 304 -
186.80.108.8 - - [05/Mar/2024:05:56:33 -0500] "GET /sipse/faces/javax.faces.resource/layout/layout.js?ln=primefaces&v=4.0 HTTP/1.1" 304 -
186.80.108.8 - - [05/Mar/2024:05:56:32 -0500] "POST /sipse/faces/presentacion/sistema/anexos/cargarAnexoSolicitudProceso.xhtml HTTP/1.1" 200 193566
23.22.35.162 - - [05/Mar/2024:05:56:33 -0500] "GET /BLA/resoluciones/RESOLUCIONES%202019/2786.pdf HTTP/1.1" 200 294744
3.224.220.101 - - [05/Mar/2024:05:56:37 -0500] "GET /BLA/resoluciones/RESOLUCIONES%202019/2785.pdf HTTP/1.1" 200 266037
216.245.221.92 - - [05/Mar/2024:05:56:38 -0500] "HEAD / HTTP/1.1" 200 -
186.80.108.8 - - [05/Mar/2024:05:56:36 -0500] "POST /sipse/faces/presentacion/financiero/solicitudProceso/consultarSolicitudProceso.xhtml HTTP/1.1" 200 63458
186.80.108.8 - - [05/Mar/2024:05:56:38 -0500] "GET /sipse/faces/javax.faces.resource/theme.css?ln=primefaces-sipse HTTP/1.1" 304 -
186.80.108.8 - - [05/Mar/2024:05:56:38 -0500] "GET /sipse/faces/javax.faces.resource/layout/layout.css?ln=primefaces&v=4.0 HTTP/1.1" 304 -
186.80.108.8 - - [05/Mar/2024:05:56:38 -0500] "GET /sipse/faces/javax.faces.resource/primefaces.css?ln=primefaces&v=4.0 HTTP/1.1" 304 -
186.80.108.8 - - [05/Mar/2024:05:56:38 -0500] "GET /sipse/faces/javax.faces.resource/jquery/jquery.js?ln=primefaces&v=4.0 HTTP/1.1" 304 -
186.80.108.8 - - [05/Mar/2024:05:56:38 -0500] "GET /sipse/faces/javax.faces.resource/jquery/jquery-plugins.js?ln=primefaces&v=4.0 HTTP/1.1" 304 -
186.80.108.8 - - [05/Mar/2024:05:56:39 -0500] "GET /sipse/faces/javax.faces.resource/primefaces.js?ln=primefaces&v=4.0 HTTP/1.1" 304 -
186.80.108.8 - - [05/Mar/2024:05:56:39 -0500] "GET /sipse/faces/javax.faces.resource/layout/layout.js?ln=primefaces&v=4.0 HTTP/1.1" 304 -
186.80.108.8 - - [05/Mar/2024:05:56:39 -0500] "POST /sipse/faces/presentacion/financiero/solicitudProceso/listarSolicitudProceso.xhtml HTTP/1.1" 200 1556
52.70.240.171 - - [05/Mar/2024:05:56:42 -0500] "GET /BLA/resoluciones/RESOLUCIONES%202019/2784.pdf HTTP/1.1" 200 254406
186.80.108.8 - - [05/Mar/2024:05:56:43 -0500] "POST /sipse/faces/presentacion/financiero/solicitudProceso/listarSolicitudProceso.xhtml HTTP/1.1" 200 141102
186.80.108.8 - - [05/Mar/2024:05:56:44 -0500] "GET /sipse/faces/javax.faces.resource/primefaces.css?ln=primefaces&v=4.0 HTTP/1.1" 304 -
186.80.108.8 - - [05/Mar/2024:05:56:44 -0500] "GET /sipse/faces/javax.faces.resource/theme.css?ln=primefaces-sipse HTTP/1.1" 304 -
186.80.108.8 - - [05/Mar/2024:05:56:44 -0500] "GET /sipse/faces/javax.faces.resource/layout/layout.css?ln=primefaces&v=4.0 HTTP/1.1" 304 -
186.80.108.8 - - [05/Mar/2024:05:56:44 -0500] "GET /sipse/faces/javax.faces.resource/jquery/jquery.js?ln=primefaces&v=4.0 HTTP/1.1" 304 -
186.80.108.8 - - [05/Mar/2024:05:56:44 -0500] "GET /sipse/faces/javax.faces.resource/jquery/jquery-plugins.js?ln=primefaces&v=4.0 HTTP/1.1" 304 -
186.80.108.8 - - [05/Mar/2024:05:56:44 -0500] "GET /sipse/faces/javax.faces.resource/primefaces.js?ln=primefaces&v=4.0 HTTP/1.1" 304 -
186.80.108.8 - - [05/Mar/2024:05:56:44 -0500] "GET /sipse/faces/javax.faces.resource/layout/layout.js?ln=primefaces&v=4.0 HTTP/1.1" 304 -
52.70.240.171 - - [05/Mar/2024:05:56:45 -0500] "GET /BLA/resoluciones/RESOLUCIONES%202019/2782.pdf HTTP/1.1" 200 346311
52.70.240.171 - - [05/Mar/2024:05:56:49 -0500] "GET /BLA/resoluciones/RESOLUCIONES%202019/2769.pdf HTTP/1.1" 200 545705
186.80.108.8 - - [05/Mar/2024:05:56:51 -0500] "POST /sipse/faces/presentacion/financiero/solicitudProceso/consultarSolicitudProceso.xhtml HTTP/1.1" 200 36815
186.80.108.8 - - [05/Mar/2024:05:56:52 -0500] "GET /sipse/faces/javax.faces.resource/theme.css?ln=primefaces-sipse HTTP/1.1" 304 -
186.80.108.8 - - [05/Mar/2024:05:56:52 -0500] "GET /sipse/faces/javax.faces.resource/primefaces.css?ln=primefaces&v=4.0 HTTP/1.1" 304 -
186.80.108.8 - - [05/Mar/2024:05:56:52 -0500] "GET /sipse/faces/javax.faces.resource/layout/layout.css?ln=primefaces&v=4.0 HTTP/1.1" 304 -
186.80.108.8 - - [05/Mar/2024:05:56:52 -0500] "GET /sipse/faces/javax.faces.resource/jquery/jquery.js?ln=primefaces&v=4.0 HTTP/1.1" 304 -
186.80.108.8 - - [05/Mar/2024:05:56:52 -0500] "GET /sipse/faces/javax.faces.resource/jquery/jquery-plugins.js?ln=primefaces&v=4.0 HTTP/1.1" 304 -
186.80.108.8 - - [05/Mar/2024:05:56:52 -0500] "GET /sipse/faces/javax.faces.resource/primefaces.js?ln=primefaces&v=4.0 HTTP/1.1" 304 -
186.80.108.8 - - [05/Mar/2024:05:56:52 -0500] "GET /sipse/faces/javax.faces.resource/layout/layout.js?ln=primefaces&v=4.0 HTTP/1.1" 304 -
3.224.220.101 - - [05/Mar/2024:05:56:53 -0500] "GET /BLA/resoluciones/RESOLUCIONES%202019/2768.pdf HTTP/1.1" 200 350217
186.80.108.8 - - [05/Mar/2024:05:56:56 -0500] "POST /sipse/faces/presentacion/contratacion/contrato/registroPresupuestal/expedirRP.xhtml HTTP/1.1" 200 2240
3.224.220.101 - - [05/Mar/2024:05:56:57 -0500] "GET /BLA/resoluciones/RESOLUCIONES%202019/2762.pdf HTTP/1.1" 200 348762
186.80.108.8 - - [05/Mar/2024:05:57:00 -0500] "POST /sipse/faces/presentacion/contratacion/contrato/registroPresupuestal/expedirRP.xhtml HTTP/1.1" 200 20662
186.80.108.8 - - [05/Mar/2024:05:57:00 -0500] "GET /sipse/faces/javax.faces.resource/theme.css?ln=primefaces-sipse HTTP/1.1" 304 -
186.80.108.8 - - [05/Mar/2024:05:57:00 -0500] "GET /sipse/faces/javax.faces.resource/primefaces.css?ln=primefaces&v=4.0 HTTP/1.1" 304 -
186.80.108.8 - - [05/Mar/2024:05:57:00 -0500] "GET /sipse/faces/javax.faces.resource/layout/layout.css?ln=primefaces&v=4.0 HTTP/1.1" 304 -
186.80.108.8 - - [05/Mar/2024:05:57:00 -0500] "GET /sipse/faces/javax.faces.resource/jquery/jquery.js?ln=primefaces&v=4.0 HTTP/1.1" 304 -
186.80.108.8 - - [05/Mar/2024:05:57:00 -0500] "GET /sipse/faces/javax.faces.resource/jquery/jquery-plugins.js?ln=primefaces&v=4.0 HTTP/1.1" 304 -
186.80.108.8 - - [05/Mar/2024:05:57:00 -0500] "GET /sipse/faces/javax.faces.resource/primefaces.js?ln=primefaces&v=4.0 HTTP/1.1" 304 -
186.80.108.8 - - [05/Mar/2024:05:57:00 -0500] "GET /sipse/faces/javax.faces.resource/layout/layout.js?ln=primefaces&v=4.0 HTTP/1.1" 304 -
52.70.240.171 - - [05/Mar/2024:05:57:01 -0500] "GET /BLA/resoluciones/RESOLUCIONES%202019/2759.pdf HTTP/1.1" 200 273036
186.80.108.8 - - [05/Mar/2024:05:57:02 -0500] "POST /sipse/faces/presentacion/contratacion/contrato/registroPresupuestal/consultarActividadesRP.xhtml HTTP/1.1" 200 22922
186.80.108.8 - - [05/Mar/2024:05:57:02 -0500] "GET /sipse/faces/javax.faces.resource/theme.css?ln=primefaces-sipse HTTP/1.1" 304 -
186.80.108.8 - - [05/Mar/2024:05:57:02 -0500] "GET /sipse/faces/javax.faces.resource/layout/layout.css?ln=primefaces&v=4.0 HTTP/1.1" 304 -
186.80.108.8 - - [05/Mar/2024:05:57:02 -0500] "GET /sipse/faces/javax.faces.resource/primefaces.css?ln=primefaces&v=4.0 HTTP/1.1" 304 -
186.80.108.8 - - [05/Mar/2024:05:57:02 -0500] "GET /sipse/faces/javax.faces.resource/jquery/jquery-plugins.js?ln=primefaces&v=4.0 HTTP/1.1" 304 -
186.80.108.8 - - [05/Mar/2024:05:57:02 -0500] "GET /sipse/faces/javax.faces.resource/jquery/jquery.js?ln=primefaces&v=4.0 HTTP/1.1" 304 -
186.80.108.8 - - [05/Mar/2024:05:57:02 -0500] "GET /sipse/faces/javax.faces.resource/primefaces.js?ln=primefaces&v=4.0 HTTP/1.1" 304 -
186.80.108.8 - - [05/Mar/2024:05:57:02 -0500] "GET /sipse/faces/javax.faces.resource/layout/layout.js?ln=primefaces&v=4.0 HTTP/1.1" 304 -
23.22.35.162 - - [05/Mar/2024:05:57:05 -0500] "GET /BLA/resoluciones/RESOLUCIONES%202019/2758.pdf HTTP/1.1" 200 372776
186.80.108.8 - - [05/Mar/2024:05:57:06 -0500] "POST /sipse/faces/presentacion/contratacion/contrato/registroPresupuestal/asociarPresupuestoActividadesRP.xhtml HTTP/1.1" 200 36893
186.80.108.8 - - [05/Mar/2024:05:57:06 -0500] "GET /sipse/faces/javax.faces.resource/theme.css?ln=primefaces-sipse HTTP/1.1" 304 -
186.80.108.8 - - [05/Mar/2024:05:57:06 -0500] "GET /sipse/faces/javax.faces.resource/layout/layout.css?ln=primefaces&v=4.0 HTTP/1.1" 304 -
186.80.108.8 - - [05/Mar/2024:05:57:06 -0500] "GET /sipse/faces/javax.faces.resource/primefaces.css?ln=primefaces&v=4.0 HTTP/1.1" 304 -
186.80.108.8 - - [05/Mar/2024:05:57:06 -0500] "GET /sipse/faces/javax.faces.resource/jquery/jquery.js?ln=primefaces&v=4.0 HTTP/1.1" 304 -
186.80.108.8 - - [05/Mar/2024:05:57:06 -0500] "GET /sipse/faces/javax.faces.resource/jquery/jquery-plugins.js?ln=primefaces&v=4.0 HTTP/1.1" 304 -
186.80.108.8 - - [05/Mar/2024:05:57:06 -0500] "GET /sipse/faces/javax.faces.resource/primefaces.js?ln=primefaces&v=4.0 HTTP/1.1" 304 -
186.80.108.8 - - [05/Mar/2024:05:57:06 -0500] "GET /sipse/faces/javax.faces.resource/layout/layout.js?ln=primefaces&v=4.0 HTTP/1.1" 304 -
23.22.35.162 - - [05/Mar/2024:05:57:09 -0500] "GET /BLA/resoluciones/RESOLUCIONES%202019/2757.pdf HTTP/1.1" 200 385176
186.80.108.8 - - [05/Mar/2024:05:57:11 -0500] "POST /sipse/faces/presentacion/contratacion/contrato/registroPresupuestal/expedirRP.xhtml HTTP/1.1" 200 142829
186.80.108.8 - - [05/Mar/2024:05:57:11 -0500] "GET /sipse/faces/javax.faces.resource/theme.css?ln=primefaces-sipse HTTP/1.1" 304 -
186.80.108.8 - - [05/Mar/2024:05:57:11 -0500] "GET /sipse/faces/javax.faces.resource/primefaces.css?ln=primefaces&v=4.0 HTTP/1.1" 304 -
186.80.108.8 - - [05/Mar/2024:05:57:11 -0500] "GET /sipse/faces/javax.faces.resource/layout/layout.css?ln=primefaces&v=4.0 HTTP/1.1" 304 -
186.80.108.8 - - [05/Mar/2024:05:57:11 -0500] "GET /sipse/faces/javax.faces.resource/jquery/jquery.js?ln=primefaces&v=4.0 HTTP/1.1" 304 -
186.80.108.8 - - [05/Mar/2024:05:57:11 -0500] "GET /sipse/faces/javax.faces.resource/jquery/jquery-plugins.js?ln=primefaces&v=4.0 HTTP/1.1" 304 -
186.80.108.8 - - [05/Mar/2024:05:57:12 -0500] "GET /sipse/faces/javax.faces.resource/primefaces.js?ln=primefaces&v=4.0 HTTP/1.1" 304 -
186.80.108.8 - - [05/Mar/2024:05:57:12 -0500] "GET /sipse/faces/javax.faces.resource/layout/layout.js?ln=primefaces&v=4.0 HTTP/1.1" 304 -
23.22.35.162 - - [05/Mar/2024:05:57:13 -0500] "GET /BLA/resoluciones/RESOLUCIONES%202019/2748.pdf HTTP/1.1" 200 361790
186.80.108.8 - - [05/Mar/2024:05:57:14 -0500] "POST /sipse/faces/presentacion/financiero/solicitudProceso/consultarSolicitudProceso.xhtml HTTP/1.1" 200 20591
186.80.108.8 - - [05/Mar/2024:05:57:14 -0500] "GET /sipse/faces/javax.faces.resource/theme.css?ln=primefaces-sipse HTTP/1.1" 304 -
186.80.108.8 - - [05/Mar/2024:05:57:14 -0500] "GET /sipse/faces/javax.faces.resource/layout/layout.css?ln=primefaces&v=4.0 HTTP/1.1" 304 -
186.80.108.8 - - [05/Mar/2024:05:57:14 -0500] "GET /sipse/faces/javax.faces.resource/primefaces.css?ln=primefaces&v=4.0 HTTP/1.1" 304 -
186.80.108.8 - - [05/Mar/2024:05:57:14 -0500] "GET /sipse/faces/javax.faces.resource/primefaces.js?ln=primefaces&v=4.0 HTTP/1.1" 304 -
186.80.108.8 - - [05/Mar/2024:05:57:14 -0500] "GET /sipse/faces/javax.faces.resource/jquery/jquery.js?ln=primefaces&v=4.0 HTTP/1.1" 304 -
186.80.108.8 - - [05/Mar/2024:05:57:14 -0500] "GET /sipse/faces/javax.faces.resource/jquery/jquery-plugins.js?ln=primefaces&v=4.0 HTTP/1.1" 304 -
186.80.108.8 - - [05/Mar/2024:05:57:14 -0500] "GET /sipse/faces/javax.faces.resource/fileupload/fileupload.css?ln=primefaces&v=4.0 HTTP/1.1" 304 -
186.80.108.8 - - [05/Mar/2024:05:57:14 -0500] "GET /sipse/faces/javax.faces.resource/layout/layout.js?ln=primefaces&v=4.0 HTTP/1.1" 304 -
186.80.108.8 - - [05/Mar/2024:05:57:14 -0500] "GET /sipse/faces/javax.faces.resource/fileupload/fileupload.js?ln=primefaces&v=4.0 HTTP/1.1" 304 -
3.224.220.101 - - [05/Mar/2024:05:57:17 -0500] "GET /BLA/resoluciones/RESOLUCIONES%202019/2747.pdf HTTP/1.1" 200 526238
52.70.240.171 - - [05/Mar/2024:05:57:22 -0500] "GET /BLA/resoluciones/RESOLUCIONES%202019/2746.pdf HTTP/1.1" 200 356642
186.80.108.8 - - [05/Mar/2024:05:57:21 -0500] "POST /sipse/faces/presentacion/sistema/anexos/cargarAnexoSolicitudProceso.xhtml HTTP/1.1" 200 189910
186.80.108.8 - - [05/Mar/2024:05:57:22 -0500] "GET /sipse/faces/javax.faces.resource/theme.css?ln=primefaces-sipse HTTP/1.1" 304 -
186.80.108.8 - - [05/Mar/2024:05:57:22 -0500] "GET /sipse/faces/javax.faces.resource/primefaces.css?ln=primefaces&v=4.0 HTTP/1.1" 304 -
186.80.108.8 - - [05/Mar/2024:05:57:22 -0500] "GET /sipse/faces/javax.faces.resource/jquery/jquery-plugins.js?ln=primefaces&v=4.0 HTTP/1.1" 304 -
186.80.108.8 - - [05/Mar/2024:05:57:22 -0500] "GET /sipse/faces/javax.faces.resource/layout/layout.css?ln=primefaces&v=4.0 HTTP/1.1" 304 -
186.80.108.8 - - [05/Mar/2024:05:57:22 -0500] "GET /sipse/faces/javax.faces.resource/jquery/jquery.js?ln=primefaces&v=4.0 HTTP/1.1" 304 -
186.80.108.8 - - [05/Mar/2024:05:57:22 -0500] "GET /sipse/faces/javax.faces.resource/primefaces.js?ln=primefaces&v=4.0 HTTP/1.1" 304 -
186.80.108.8 - - [05/Mar/2024:05:57:22 -0500] "GET /sipse/faces/javax.faces.resource/layout/layout.js?ln=primefaces&v=4.0 HTTP/1.1" 304 -
3.224.220.101 - - [05/Mar/2024:05:57:25 -0500] "GET /BLA/resoluciones/RESOLUCIONES%202019/2742.pdf HTTP/1.1" 200 389155
23.22.35.162 - - [05/Mar/2024:05:57:29 -0500] "GET /BLA/resoluciones/RESOLUCIONES%202019/2741.pdf HTTP/1.1" 200 467747
23.22.35.162 - - [05/Mar/2024:05:57:33 -0500] "GET /BLA/resoluciones/RESOLUCIONES%202019/2740.pdf HTTP/1.1" 200 702744
3.224.220.101 - - [05/Mar/2024:05:57:37 -0500] "GET /BLA/resoluciones/RESOLUCIONES%202019/2738.pdf HTTP/1.1" 200 442292
52.70.240.171 - - [05/Mar/2024:05:57:41 -0500] "GET /BLA/resoluciones/RESOLUCIONES%202019/2737.pdf HTTP/1.1" 200 393726
3.224.220.101 - - [05/Mar/2024:05:57:45 -0500] "GET /BLA/resoluciones/RESOLUCIONES%202019/2731.pdf HTTP/1.1" 200 305873
52.70.240.171 - - [05/Mar/2024:05:57:50 -0500] "GET /BLA/resoluciones/RESOLUCIONES%202019/2730.pdf HTTP/1.1" 200 283497
186.80.108.8 - - [05/Mar/2024:05:57:49 -0500] "POST /sipse/faces/presentacion/financiero/solicitudProceso/consultarSolicitudProceso.xhtml HTTP/1.1" 200 63458
186.80.108.8 - - [05/Mar/2024:05:57:51 -0500] "GET /sipse/faces/javax.faces.resource/theme.css?ln=primefaces-sipse HTTP/1.1" 304 -
186.80.108.8 - - [05/Mar/2024:05:57:51 -0500] "GET /sipse/faces/javax.faces.resource/jquery/jquery.js?ln=primefaces&v=4.0 HTTP/1.1" 304 -
186.80.108.8 - - [05/Mar/2024:05:57:51 -0500] "GET /sipse/faces/javax.faces.resource/layout/layout.css?ln=primefaces&v=4.0 HTTP/1.1" 304 -
186.80.108.8 - - [05/Mar/2024:05:57:51 -0500] "GET /sipse/faces/javax.faces.resource/primefaces.css?ln=primefaces&v=4.0 HTTP/1.1" 304 -
186.80.108.8 - - [05/Mar/2024:05:57:51 -0500] "GET /sipse/faces/javax.faces.resource/jquery/jquery-plugins.js?ln=primefaces&v=4.0 HTTP/1.1" 304 -
186.80.108.8 - - [05/Mar/2024:05:57:51 -0500] "GET /sipse/faces/javax.faces.resource/primefaces.js?ln=primefaces&v=4.0 HTTP/1.1" 304 -
186.80.108.8 - - [05/Mar/2024:05:57:51 -0500] "GET /sipse/faces/javax.faces.resource/layout/layout.js?ln=primefaces&v=4.0 HTTP/1.1" 304 -
186.80.108.8 - - [05/Mar/2024:05:57:51 -0500] "POST /sipse/faces/presentacion/financiero/solicitudProceso/listarSolicitudProceso.xhtml HTTP/1.1" 200 1556
52.70.240.171 - - [05/Mar/2024:05:57:53 -0500] "GET /BLA/resoluciones/RESOLUCIONES%202019/2726.pdf HTTP/1.1" 200 424655
52.70.240.171 - - [05/Mar/2024:05:57:57 -0500] "GET /BLA/resoluciones/RESOLUCIONES%202019/2725.pdf HTTP/1.1" 200 412431
186.80.108.8 - - [05/Mar/2024:05:57:58 -0500] "POST /sipse/faces/presentacion/financiero/solicitudProceso/listarSolicitudProceso.xhtml HTTP/1.1" 200 32501
186.80.108.8 - - [05/Mar/2024:05:58:00 -0500] "POST /sipse/faces/presentacion/financiero/solicitudProceso/listarSolicitudProceso.xhtml HTTP/1.1" 200 21174
52.70.240.171 - - [05/Mar/2024:05:58:01 -0500] "GET /BLA/resoluciones/RESOLUCIONES%202019/2714.pdf HTTP/1.1" 200 590731
23.22.35.162 - - [05/Mar/2024:05:58:05 -0500] "GET /BLA/resoluciones/RESOLUCIONES%202019/2713.pdf HTTP/1.1" 200 369626
52.70.240.171 - - [05/Mar/2024:05:58:09 -0500] "GET /BLA/resoluciones/RESOLUCIONES%202019/2712.pdf HTTP/1.1" 200 368506
3.224.220.101 - - [05/Mar/2024:05:58:13 -0500] "GET /BLA/resoluciones/RESOLUCIONES%202019/2709.pdf HTTP/1.1" 200 467698
172.22.2.4 - - [05/Mar/2024:05:56:35 -0500] "HEAD /BLA/boletinlegal/ HTTP/1.1" 200 -
23.22.35.162 - - [05/Mar/2024:05:58:18 -0500] "GET /BLA/resoluciones/RESOLUCIONES%202019/2706.pdf HTTP/1.1" 200 340920
52.70.240.171 - - [05/Mar/2024:05:58:21 -0500] "GET /BLA/resoluciones/RESOLUCIONES%202019/2703.pdf HTTP/1.1" 200 355923
186.80.108.8 - - [05/Mar/2024:05:58:23 -0500] "POST /sipse/faces/presentacion/financiero/solicitudProceso/listarSolicitudProceso.xhtml HTTP/1.1" 200 32762
3.224.220.101 - - [05/Mar/2024:05:58:25 -0500] "GET /BLA/resoluciones/RESOLUCIONES%202019/2694.pdf HTTP/1.1" 200 384988
52.70.240.171 - - [05/Mar/2024:05:58:30 -0500] "GET /BLA/resoluciones/RESOLUCIONES%202019/2693.pdf HTTP/1.1" 200 386076
52.70.240.171 - - [05/Mar/2024:05:58:33 -0500] "GET /BLA/resoluciones/RESOLUCIONES%202019/2692.pdf HTTP/1.1" 200 310177
3.224.220.101 - - [05/Mar/2024:05:58:37 -0500] "GET /BLA/resoluciones/RESOLUCIONES%202019/2691.pdf HTTP/1.1" 200 265877
3.224.220.101 - - [05/Mar/2024:05:58:41 -0500] "GET /BLA/resoluciones/RESOLUCIONES%202019/2690.pdf HTTP/1.1" 200 352478
3.224.220.101 - - [05/Mar/2024:05:58:45 -0500] "GET /BLA/resoluciones/RESOLUCIONES%202019/2689.pdf HTTP/1.1" 200 435238
52.70.240.171 - - [05/Mar/2024:05:58:49 -0500] "GET /BLA/resoluciones/RESOLUCIONES%202019/2686.pdf HTTP/1.1" 200 386159
52.70.240.171 - - [05/Mar/2024:05:58:53 -0500] "GET /BLA/resoluciones/RESOLUCIONES%202019/2684.pdf HTTP/1.1" 200 487375
186.80.108.8 - - [05/Mar/2024:05:58:56 -0500] "POST /sipse/faces/presentacion/financiero/solicitudProceso/listarSolicitudProceso.xhtml HTTP/1.1" 200 146493
186.80.108.8 - - [05/Mar/2024:05:58:57 -0500] "GET /sipse/faces/javax.faces.resource/theme.css?ln=primefaces-sipse HTTP/1.1" 304 -
186.80.108.8 - - [05/Mar/2024:05:58:57 -0500] "GET /sipse/faces/javax.faces.resource/primefaces.css?ln=primefaces&v=4.0 HTTP/1.1" 304 -
186.80.108.8 - - [05/Mar/2024:05:58:57 -0500] "GET /sipse/faces/javax.faces.resource/layout/layout.css?ln=primefaces&v=4.0 HTTP/1.1" 304 -
186.80.108.8 - - [05/Mar/2024:05:58:57 -0500] "GET /sipse/faces/javax.faces.resource/jquery/jquery.js?ln=primefaces&v=4.0 HTTP/1.1" 304 -
3.224.220.101 - - [05/Mar/2024:05:58:57 -0500] "GET /BLA/resoluciones/RESOLUCIONES%202019/2682.pdf HTTP/1.1" 200 359415
186.80.108.8 - - [05/Mar/2024:05:58:57 -0500] "GET /sipse/faces/javax.faces.resource/jquery/jquery-plugins.js?ln=primefaces&v=4.0 HTTP/1.1" 304 -
186.80.108.8 - - [05/Mar/2024:05:58:57 -0500] "GET /sipse/faces/javax.faces.resource/primefaces.js?ln=primefaces&v=4.0 HTTP/1.1" 304 -
186.80.108.8 - - [05/Mar/2024:05:58:57 -0500] "GET /sipse/faces/javax.faces.resource/layout/layout.js?ln=primefaces&v=4.0 HTTP/1.1" 304 -
186.80.108.8 - - [05/Mar/2024:05:59:01 -0500] "POST /sipse/faces/presentacion/financiero/solicitudProceso/consultarSolicitudProceso.xhtml HTTP/1.1" 200 403900
23.22.35.162 - - [05/Mar/2024:05:59:04 -0500] "GET /BLA/resoluciones/RESOLUCIONES%202019/2679.pdf HTTP/1.1" 200 1158440
23.22.35.162 - - [05/Mar/2024:05:59:05 -0500] "GET /BLA/resoluciones/RESOLUCIONES%202019/2677.pdf HTTP/1.1" 200 298935
172.22.2.4 - - [05/Mar/2024:05:57:26 -0500] "GET /BLA/boletinlegal/ HTTP/1.1" 200 58720
3.224.220.101 - - [05/Mar/2024:05:59:09 -0500] "GET /BLA/resoluciones/RESOLUCIONES%202019/2674.pdf HTTP/1.1" 200 283653
3.224.220.101 - - [05/Mar/2024:05:59:13 -0500] "GET /BLA/resoluciones/RESOLUCIONES%202019/2666.pdf HTTP/1.1" 200 295675
23.22.35.162 - - [05/Mar/2024:05:59:18 -0500] "GET /BLA/resoluciones/RESOLUCIONES%202019/2663.pdf HTTP/1.1" 200 201545
52.70.240.171 - - [05/Mar/2024:05:59:21 -0500] "GET /BLA/resoluciones/RESOLUCIONES%202019/2660.pdf HTTP/1.1" 200 2039582
3.224.220.101 - - [05/Mar/2024:05:59:25 -0500] "GET /BLA/resoluciones/RESOLUCIONES%202019/2656.pdf HTTP/1.1" 200 290808
52.70.240.171 - - [05/Mar/2024:05:59:29 -0500] "GET /BLA/resoluciones/RESOLUCIONES%202019/2654.pdf HTTP/1.1" 200 414558
52.70.240.171 - - [05/Mar/2024:05:59:34 -0500] "GET /BLA/resoluciones/RESOLUCIONES%202019/2651.pdf HTTP/1.1" 200 335800
23.22.35.162 - - [05/Mar/2024:05:59:38 -0500] "GET /BLA/resoluciones/RESOLUCIONES%202019/2650.pdf HTTP/1.1" 200 320265
52.70.240.171 - - [05/Mar/2024:05:59:41 -0500] "GET /BLA/resoluciones/RESOLUCIONES%202019/2649.pdf HTTP/1.1" 200 319717
52.70.240.171 - - [05/Mar/2024:05:59:45 -0500] "GET /BLA/resoluciones/RESOLUCIONES%202019/2641.pdf HTTP/1.1" 200 286288
52.70.240.171 - - [05/Mar/2024:05:59:49 -0500] "GET /BLA/resoluciones/RESOLUCIONES%202019/2640.pdf HTTP/1.1" 200 312286
52.70.240.171 - - [05/Mar/2024:05:59:54 -0500] "GET /BLA/resoluciones/RESOLUCIONES%202019/2639.pdf HTTP/1.1" 200 418204
3.224.220.101 - - [05/Mar/2024:05:59:57 -0500] "GET /BLA/resoluciones/RESOLUCIONES%202019/2635.pdf HTTP/1.1" 200 4363807
23.22.35.162 - - [05/Mar/2024:06:00:01 -0500] "GET /BLA/resoluciones/RESOLUCIONES%202019/2634.pdf HTTP/1.1" 200 301174
3.224.220.101 - - [05/Mar/2024:06:00:05 -0500] "GET /BLA/resoluciones/RESOLUCIONES%202019/2629.pdf HTTP/1.1" 200 395868
23.22.35.162 - - [05/Mar/2024:06:00:09 -0500] "GET /BLA/resoluciones/RESOLUCIONES%202019/2627.pdf HTTP/1.1" 200 1348009
3.224.220.101 - - [05/Mar/2024:06:00:13 -0500] "GET /BLA/resoluciones/RESOLUCIONES%202019/2625.pdf HTTP/1.1" 200 368248
23.22.35.162 - - [05/Mar/2024:06:00:18 -0500] "GET /BLA/resoluciones/RESOLUCIONES%202019/2624.pdf HTTP/1.1" 200 509612
191.107.131.132 - - [05/Mar/2024:06:00:20 -0500] "POST /sipse/faces/presentacion/financiero/solicitudProceso/consultarSolicitudProceso.xhtml HTTP/1.1" 200 36862
191.107.131.132 - - [05/Mar/2024:06:00:20 -0500] "GET /sipse/faces/javax.faces.resource/primefaces.css?ln=primefaces&v=4.0 HTTP/1.1" 304 -
191.107.131.132 - - [05/Mar/2024:06:00:20 -0500] "GET /sipse/faces/javax.faces.resource/theme.css?ln=primefaces-sipse HTTP/1.1" 304 -
191.107.131.132 - - [05/Mar/2024:06:00:20 -0500] "GET /sipse/faces/javax.faces.resource/layout/layout.css?ln=primefaces&v=4.0 HTTP/1.1" 304 -
191.107.131.132 - - [05/Mar/2024:06:00:20 -0500] "GET /sipse/faces/javax.faces.resource/jquery/jquery.js?ln=primefaces&v=4.0 HTTP/1.1" 304 -
191.107.131.132 - - [05/Mar/2024:06:00:20 -0500] "GET /sipse/faces/javax.faces.resource/jquery/jquery-plugins.js?ln=primefaces&v=4.0 HTTP/1.1" 304 -
191.107.131.132 - - [05/Mar/2024:06:00:20 -0500] "GET /sipse/css/imagen/contrasena.png HTTP/1.1" 404 383
191.107.131.132 - - [05/Mar/2024:06:00:20 -0500] "GET /sipse/faces/javax.faces.resource/primefaces.js?ln=primefaces&v=4.0 HTTP/1.1" 304 -
191.107.131.132 - - [05/Mar/2024:06:00:20 -0500] "GET /sipse/faces/javax.faces.resource/layout/layout.js?ln=primefaces&v=4.0 HTTP/1.1" 304 -
191.107.131.132 - - [05/Mar/2024:06:00:20 -0500] "GET /sipse/faces/javax.faces.resource/images/ui-icons_898989_256x240.png?ln=primefaces-aristo HTTP/1.1" 304 -
191.107.131.132 - - [05/Mar/2024:06:00:20 -0500] "GET /sipse/faces/javax.faces.resource/images/ui-bg_flat_0_2d5972_40x100.png?ln=primefaces-aristo HTTP/1.1" 304 -
186.155.12.195 - - [05/Mar/2024:06:00:21 -0500] "GET /kwssiamovil/sm/ldap/au?x=U2FsdGVkX1+MhD9sXDs7Lh6mZxrpk/qge5Bn8GFsFncoJ/vM053/viXv8x7Af8Y2&y=U2FsdGVkX1+erHjg6H2jtzOsKA5z/lD6XJP8KVF9G2A= HTTP/1.1" 200 30
186.155.12.195 - - [05/Mar/2024:06:00:21 -0500] "GET /kwssiamovil/sm/acme/s?s=U2FsdGVkX1+OACe13/M/L82UnQdI5uhLD4xU5+wvhbxt6kRbsLeSUvnNp0bth3tI7+Ud+LQJIFmJPMVvBFmaA4SnOs1mHa+jOdEyBk1A3yI=&u=U2FsdGVkX1920+3EqwrbQsALnj9uAvgAl+r8OpcsyEA=&y=U2FsdGVkX1+erHjg6H2jtzOsKA5z/lD6XJP8KVF9G2A= HTTP/1.1" 200 97
186.155.12.195 - - [05/Mar/2024:06:00:21 -0500] "GET /kwssiamovil/sm/acme/s?s=U2FsdGVkX1/vurzxP0Y/QX0rPouCXjvuYBjJnaDJ8wJ232eS3Rrdrreu1qbJU2iylH0e1O9ygYn4DgVpFyL3++DIuYCUmUR/JC/hau7kivOxtF4LICtJravbMt50AmrOfTlR0BCuWlFrZPDfL7nleR/fN092RiyYuKAzxii3AU6GBrm1GTZbT2C8lI5c2D5QGa3sf7LOJo5Tw7U/Juqb42DK/ZEmXNRR5kHMi5lfjDWk2Y6QjcaoV7joIMYRNHQyQTre+jSyisCdlKsTFAU3SvFHZTEpUjpzsqwXOMWQxJCmKBJ1YE2wU903yEQNkjkej8eiv63+6Oc340nzS6jHFsRxayJDKQrHOuwZwcvBOIT9Xh6n+mkr1E8/np7ta4KgP9DKGAhcmwktGFjIv6WsRZUER46K3dgD8MMFMrVKCmKb9lrQ0s5igaqMnx8EwS/WShu10YU3dN/lGjzEUw/ldM8FkPtb16TGIK+X+v3FDEOE200FbUXXJ7ASUpM5MzGn7Erh3UUc4C4u4izMrJPI7GVnbdzrB5IegK6O/uqSMCzY/u2CXWlX/4u4bJo5ZzE9yGpyfl8ECLk86YTEH8/iP5/WP1687/ZkKL6QT6qR/R+o6k+/NtNQBp/yN3zVGLuIVHQfdiZHdvu17Ppytc3Kks6iGZZrnCHyLxQDU/GDhemdahpxcf9Q6IPYyUm+VYwuU2RAVHKONkM2IrJfkAbqEEgkfvd9e/oKE3zEDiGB8/XvZpWR9XBRpZW9OfbSdO4iZhC2MOvlYKgdI9s8SnEL4jXQnMIBIAxESsv6fHh4Z+9HujanTaFd9JjI6z00phnUFwtLi/hDZUhE1EOZ71yFhX5QTijMro3u1EQ0h5aD5wLPTd8aRG7P9meN23CMod+aWYPavvvm+IerPrr3XYGUgA3ycHxI7O3PDt3XJxmJE9p5J4/1fTuDXyS64URqm2oP66Q4IQ3ezH/qqLsetQxbKe/dZ0KYx2wnpxU8CtrwDIo1Xm96hJQuxXbL8zpIpNAspLdsYquCKRwH6F5RchYATov/p1aFQy45sRXA9iinv8M1qwjL2SjVrx8c2L5q2tIfY+lKutnqAO5fmfJhGo48yXZBUQUx4QZFF2bpOaQFcQYYCrFCPDl7OQbZJXVvzXdfPGXcojgSmekl9JXz3hd1qpiHWLjGaTfDp546gmLwFYmqemE5ejyk6BRRBKN5q5ICtxfjOd6iapmW+txNN8oPmRMSQ7NfpX5v3wsebASsds1T37BgSKaAgZdvNy5Y07E/GGHoXtgBwnsbrrGkRAL2r8Xq+hrUR9uGc03VFCAK73mLOXftwy5lFH5hqt727W/gzVsnB1dU6nPZBFal5sJcVn2RufG63VP0AT9YPG9tfwNqa68CWQHFbiUmzYXoU46q8dyIjDUYAHwpYnBdurVp6tVoy2DHV/rHGlvODo+bcnxksOeqUC8YWISJ3j7O91YULkHEpsgMRBqkkvbKXZjPCIhRdpYFpDvDEwH34v64bI3RRMJ56e+GBvOGJaTbwXK/gcAILDiNUxebeB6ByNNqjvC4TlVT+F02wieVxnifyLn8r+PPQOSOcv30wUJpr6le75pnBhE5TlYyEhvg8GY7JmsPZT2jTOA3nqwikIiEIlbYKGbO+ECpOrAcXROY2IbT+J4cA74PHaTDPCLTpkZ+OkBOfA6wNQ97hXhWHGD49fHW4FiTP6iZLeh1l81B+gtT3HxCTYIBavE42imcGwYv0MfwGmUx0qRPoE1Oz2F4cVw=&u=U2FsdGVkX1920+3EqwrbQsALnj9uAvgAl+r8OpcsyEA=&y=U2FsdGVkX1+erHjg6H2jtzOsKA5z/lD6XJP8KVF9G2A= HTTP/1.1" 200 950
3.224.220.101 - - [05/Mar/2024:06:00:21 -0500] "GET /BLA/resoluciones/RESOLUCIONES%202019/2623.pdf HTTP/1.1" 200 283864
186.155.12.195 - - [05/Mar/2024:06:00:21 -0500] "GET /kwssiamovil/sm/acme/s?s=U2FsdGVkX1+YdhYTbXfd4thl8i71U/rsSP3Qeu/ovGIS3a6CEng4RBRhR+j5vWO378Wquvg2Ek9hv35B23GuymbFoLikpVRzTzfStKDcDF9upzLEDTdGg0bhmfnMbxrekksqCUM5BJOLY3ky3T4/Agbnn2K98DGmVy5/xSU5s4hfrNooydC9IMjg00mh9G7RWT7OdVkakF92Fq2pQTQ8ZtS0PTHBXP7V8Acxp5SKSFUyu4wRuIgwx+ceitWxrfeut8qx7u13RkkVNFyyVmg4ng6OemvNcFajgY3pmEuBnS5a0M2kx160ZGK2jO5YKQyN4YFwNSvmXmREgiHfaoEnQqzecqn7wnFv1NtKSYqGhYLex4vyqn7DE0V5p3tzNOuWVWJbPcOvxuzuCBfPtlrMrU1opRxgW0WfWYhK9PUA+GhavLGvvH3VjfbbfUlbq6N7QhNcXe8r3uKG4aBN1n0Is7qlKkbt0ABEHF24u0gfncbhc83uHjFOBKmdJE2d8afIFlRgAjcZpBb4Q2uGU6JlmGYaDnG5Oc1/pGWfxsUYoapfYhyXmV+mRvaP82MWZyQsvkbij+/lDKI7CJx/qurMHCsm5Xm/N7TEJAgTYDbxxrTf5Whp1wWmm0r7ZbuA3+DQVSx+GdTQpUxs8/Ch3ZceatPx6/jmmv5nPMi/jyvPUrsfOeZKXygmL+M/9DukCOw8K672SuSQ2IbxzK/ILcS/WnNQmvbHPNyL8fOfSnXizvZJggrj/eiahrndprWIrH5Q&u=U2FsdGVkX1920+3EqwrbQsALnj9uAvgAl+r8OpcsyEA=&y=U2FsdGVkX1+erHjg6H2jtzOsKA5z/lD6XJP8KVF9G2A= HTTP/1.1" 200 208
186.155.12.195 - - [05/Mar/2024:06:00:21 -0500] "GET /kwssiamovil/sm/cjson/pre?f=1&x=U2FsdGVkX1+MhD9sXDs7Lh6mZxrpk/qge5Bn8GFsFncoJ/vM053/viXv8x7Af8Y2 HTTP/1.1" 200 30244
191.107.131.132 - - [05/Mar/2024:06:00:20 -0500] "POST /sipse/faces/presentacion/financiero/solicitudProceso/listarSolicitudProceso.xhtml HTTP/1.1" 200 1392
191.107.131.132 - - [05/Mar/2024:06:00:25 -0500] "POST /sipse/faces/presentacion/financiero/solicitudProceso/listarSolicitudProceso.xhtml HTTP/1.1" 200 9897
23.22.35.162 - - [05/Mar/2024:06:00:25 -0500] "GET /BLA/resoluciones/RESOLUCIONES%202019/2622.pdf HTTP/1.1" 200 256326
191.107.131.132 - - [05/Mar/2024:06:00:28 -0500] "POST /sipse/faces/presentacion/financiero/solicitudProceso/listarSolicitudProceso.xhtml HTTP/1.1" 200 12716
23.22.35.162 - - [05/Mar/2024:06:00:29 -0500] "GET /BLA/resoluciones/RESOLUCIONES%202019/2620.pdf HTTP/1.1" 200 361664
23.22.35.162 - - [05/Mar/2024:06:00:33 -0500] "GET /BLA/resoluciones/RESOLUCIONES%202019/2617.pdf HTTP/1.1" 200 299367
52.70.240.171 - - [05/Mar/2024:06:00:37 -0500] "GET /BLA/resoluciones/RESOLUCIONES%202019/2615.pdf HTTP/1.1" 200 825398
191.107.131.132 - - [05/Mar/2024:06:00:38 -0500] "POST /sipse/faces/presentacion/financiero/solicitudProceso/listarSolicitudProceso.xhtml HTTP/1.1" 200 141499
191.107.131.132 - - [05/Mar/2024:06:00:39 -0500] "GET /sipse/faces/javax.faces.resource/theme.css?ln=primefaces-sipse HTTP/1.1" 304 -
191.107.131.132 - - [05/Mar/2024:06:00:39 -0500] "GET /sipse/faces/javax.faces.resource/primefaces.css?ln=primefaces&v=4.0 HTTP/1.1" 304 -
191.107.131.132 - - [05/Mar/2024:06:00:39 -0500] "GET /sipse/faces/javax.faces.resource/layout/layout.css?ln=primefaces&v=4.0 HTTP/1.1" 304 -
191.107.131.132 - - [05/Mar/2024:06:00:39 -0500] "GET /sipse/faces/javax.faces.resource/jquery/jquery.js?ln=primefaces&v=4.0 HTTP/1.1" 304 -
191.107.131.132 - - [05/Mar/2024:06:00:39 -0500] "GET /sipse/faces/javax.faces.resource/jquery/jquery-plugins.js?ln=primefaces&v=4.0 HTTP/1.1" 304 -
191.107.131.132 - - [05/Mar/2024:06:00:39 -0500] "GET /sipse/faces/javax.faces.resource/primefaces.js?ln=primefaces&v=4.0 HTTP/1.1" 304 -
191.107.131.132 - - [05/Mar/2024:06:00:39 -0500] "GET /sipse/faces/javax.faces.resource/layout/layout.js?ln=primefaces&v=4.0 HTTP/1.1" 304 -
191.107.131.132 - - [05/Mar/2024:06:00:39 -0500] "GET /sipse/css/imagen/contrasena.png HTTP/1.1" 404 383
52.70.240.171 - - [05/Mar/2024:06:00:42 -0500] "GET /BLA/resoluciones/RESOLUCIONES%202019/2614.pdf HTTP/1.1" 200 337729
52.70.240.171 - - [05/Mar/2024:06:00:46 -0500] "GET /BLA/resoluciones/RESOLUCIONES%202019/2613.pdf HTTP/1.1" 200 351074
23.22.35.162 - - [05/Mar/2024:06:00:51 -0500] "GET /BLA/resoluciones/RESOLUCIONES%202019/2612.pdf HTTP/1.1" 200 612987
3.224.220.101 - - [05/Mar/2024:06:00:53 -0500] "GET /BLA/resoluciones/RESOLUCIONES%202019/2611.pdf HTTP/1.1" 200 1041221
3.224.220.101 - - [05/Mar/2024:06:00:57 -0500] "GET /BLA/resoluciones/RESOLUCIONES%202019/2610.pdf HTTP/1.1" 200 1029201
201.245.192.253 - - [05/Mar/2024:06:01:00 -0500] "POST /kwsrmcab/Wsrmcab  HTTP/1.1" 200 39632
23.22.35.162 - - [05/Mar/2024:06:01:02 -0500] "GET /BLA/resoluciones/RESOLUCIONES%202019/2608.pdf HTTP/1.1" 200 2843913
152.203.135.97 - - [05/Mar/2024:06:01:03 -0500] "POST /sipse/faces/presentacion/financiero/solicitudProceso/consultarSolicitudProceso.xhtml HTTP/1.1" 200 39846
152.203.135.97 - - [05/Mar/2024:06:01:03 -0500] "GET /sipse/faces/javax.faces.resource/jquery/jquery.js?ln=primefaces&v=4.0 HTTP/1.1" 304 -
152.203.135.97 - - [05/Mar/2024:06:01:03 -0500] "GET /sipse/faces/javax.faces.resource/jquery/jquery-plugins.js?ln=primefaces&v=4.0 HTTP/1.1" 304 -
152.203.135.97 - - [05/Mar/2024:06:01:03 -0500] "GET /sipse/faces/javax.faces.resource/primefaces.js?ln=primefaces&v=4.0 HTTP/1.1" 304 -
152.203.135.97 - - [05/Mar/2024:06:01:03 -0500] "GET /sipse/faces/javax.faces.resource/layout/layout.js?ln=primefaces&v=4.0 HTTP/1.1" 304 -
152.203.135.97 - - [05/Mar/2024:06:01:03 -0500] "POST /sipse/faces/presentacion/financiero/solicitudProceso/listarSolicitudProceso.xhtml HTTP/1.1" 200 1392
52.70.240.171 - - [05/Mar/2024:06:01:05 -0500] "GET /BLA/resoluciones/RESOLUCIONES%202019/2605.pdf HTTP/1.1" 200 286433
152.203.135.97 - - [05/Mar/2024:06:01:06 -0500] "POST /sipse/faces/presentacion/financiero/solicitudProceso/listarSolicitudProceso.xhtml HTTP/1.1" 200 31684
152.203.135.97 - - [05/Mar/2024:06:01:06 -0500] "POST /sipse/faces/presentacion/financiero/solicitudProceso/listarSolicitudProceso.xhtml HTTP/1.1" 200 13882
152.203.135.97 - - [05/Mar/2024:06:01:07 -0500] "POST /sipse/faces/presentacion/financiero/solicitudProceso/listarSolicitudProceso.xhtml HTTP/1.1" 200 2145
152.203.135.97 - - [05/Mar/2024:06:01:08 -0500] "POST /sipse/faces/presentacion/financiero/solicitudProceso/listarSolicitudProceso.xhtml HTTP/1.1" 200 2153
23.22.35.162 - - [05/Mar/2024:06:01:09 -0500] "GET /BLA/resoluciones/RESOLUCIONES%202019/2604.pdf HTTP/1.1" 200 282865
3.224.220.101 - - [05/Mar/2024:06:01:13 -0500] "GET /BLA/resoluciones/RESOLUCIONES%202019/2603.pdf HTTP/1.1" 200 281688
3.224.220.101 - - [05/Mar/2024:06:01:17 -0500] "GET /BLA/resoluciones/RESOLUCIONES%202019/2601.pdf HTTP/1.1" 200 282638
23.22.35.162 - - [05/Mar/2024:06:01:21 -0500] "GET /BLA/resoluciones/RESOLUCIONES%202019/2597.pdf HTTP/1.1" 200 286269
52.70.240.171 - - [05/Mar/2024:06:01:27 -0500] "GET /BLA/resoluciones/RESOLUCIONES%202019/2592.pdf HTTP/1.1" 200 321977
3.224.220.101 - - [05/Mar/2024:06:01:29 -0500] "GET /BLA/resoluciones/RESOLUCIONES%202019/2589.pdf HTTP/1.1" 200 250827
52.70.240.171 - - [05/Mar/2024:06:01:33 -0500] "GET /BLA/resoluciones/RESOLUCIONES%202019/2587.pdf HTTP/1.1" 200 357195
3.224.220.101 - - [05/Mar/2024:06:01:37 -0500] "GET /BLA/resoluciones/RESOLUCIONES%202019/2584.pdf HTTP/1.1" 200 461178
216.245.221.92 - - [05/Mar/2024:06:01:38 -0500] "HEAD / HTTP/1.1" 200 -
3.224.220.101 - - [05/Mar/2024:06:01:41 -0500] "GET /BLA/resoluciones/RESOLUCIONES%202019/2582.pdf HTTP/1.1" 200 496583
191.107.131.132 - - [05/Mar/2024:06:01:41 -0500] "POST /sipse/faces/presentacion/financiero/solicitudProceso/consultarSolicitudProceso.xhtml HTTP/1.1" 200 52807
191.107.131.132 - - [05/Mar/2024:06:01:42 -0500] "GET /sipse/faces/javax.faces.resource/theme.css?ln=primefaces-sipse HTTP/1.1" 304 -
191.107.131.132 - - [05/Mar/2024:06:01:42 -0500] "GET /sipse/faces/javax.faces.resource/primefaces.css?ln=primefaces&v=4.0 HTTP/1.1" 304 -
191.107.131.132 - - [05/Mar/2024:06:01:42 -0500] "GET /sipse/faces/javax.faces.resource/layout/layout.css?ln=primefaces&v=4.0 HTTP/1.1" 304 -
191.107.131.132 - - [05/Mar/2024:06:01:42 -0500] "GET /sipse/faces/javax.faces.resource/jquery/jquery.js?ln=primefaces&v=4.0 HTTP/1.1" 304 -
191.107.131.132 - - [05/Mar/2024:06:01:42 -0500] "GET /sipse/faces/javax.faces.resource/jquery/jquery-plugins.js?ln=primefaces&v=4.0 HTTP/1.1" 304 -
191.107.131.132 - - [05/Mar/2024:06:01:42 -0500] "GET /sipse/faces/javax.faces.resource/primefaces.js?ln=primefaces&v=4.0 HTTP/1.1" 304 -
191.107.131.132 - - [05/Mar/2024:06:01:42 -0500] "GET /sipse/faces/javax.faces.resource/layout/layout.js?ln=primefaces&v=4.0 HTTP/1.1" 304 -
191.107.131.132 - - [05/Mar/2024:06:01:42 -0500] "GET /sipse/faces/javax.faces.resource/images/ui-icons_898989_256x240.png?ln=primefaces-aristo HTTP/1.1" 304 -
191.107.131.132 - - [05/Mar/2024:06:01:42 -0500] "GET /sipse/css/imagen/contrasena.png HTTP/1.1" 404 383
3.224.220.101 - - [05/Mar/2024:06:01:45 -0500] "GET /BLA/resoluciones/RESOLUCIONES%202019/2578.pdf HTTP/1.1" 200 286413
23.22.35.162 - - [05/Mar/2024:06:01:49 -0500] "GET /BLA/resoluciones/RESOLUCIONES%202019/2576.pdf HTTP/1.1" 200 252257
52.70.240.171 - - [05/Mar/2024:06:01:53 -0500] "GET /BLA/resoluciones/RESOLUCIONES%202019/2571.pdf HTTP/1.1" 200 287827
52.70.240.171 - - [05/Mar/2024:06:01:57 -0500] "GET /BLA/resoluciones/RESOLUCIONES%202019/2570.pdf HTTP/1.1" 200 280755
23.22.35.162 - - [05/Mar/2024:06:02:01 -0500] "GET /BLA/resoluciones/RESOLUCIONES%202019/2556.pdf HTTP/1.1" 200 456530
186.80.108.8 - - [05/Mar/2024:06:02:02 -0500] "POST /sipse/faces/presentacion/financiero/solicitudProceso/consultarSolicitudProceso.xhtml HTTP/1.1" 200 66869
186.80.108.8 - - [05/Mar/2024:06:02:03 -0500] "GET /sipse/faces/javax.faces.resource/theme.css?ln=primefaces-sipse HTTP/1.1" 304 -
186.80.108.8 - - [05/Mar/2024:06:02:03 -0500] "GET /sipse/faces/javax.faces.resource/primefaces.css?ln=primefaces&v=4.0 HTTP/1.1" 304 -
186.80.108.8 - - [05/Mar/2024:06:02:03 -0500] "GET /sipse/faces/javax.faces.resource/primefaces.js?ln=primefaces&v=4.0 HTTP/1.1" 304 -
186.80.108.8 - - [05/Mar/2024:06:02:03 -0500] "GET /sipse/faces/javax.faces.resource/jquery/jquery-plugins.js?ln=primefaces&v=4.0 HTTP/1.1" 304 -
186.80.108.8 - - [05/Mar/2024:06:02:03 -0500] "GET /sipse/faces/javax.faces.resource/jquery/jquery.js?ln=primefaces&v=4.0 HTTP/1.1" 304 -
186.80.108.8 - - [05/Mar/2024:06:02:03 -0500] "GET /sipse/faces/javax.faces.resource/layout/layout.css?ln=primefaces&v=4.0 HTTP/1.1" 304 -
186.80.108.8 - - [05/Mar/2024:06:02:03 -0500] "GET /sipse/faces/javax.faces.resource/layout/layout.js?ln=primefaces&v=4.0 HTTP/1.1" 304 -
186.80.108.8 - - [05/Mar/2024:06:02:03 -0500] "POST /sipse/faces/presentacion/financiero/solicitudProceso/listarSolicitudProceso.xhtml HTTP/1.1" 200 1556
186.80.108.8 - - [05/Mar/2024:06:02:04 -0500] "POST /sipse/faces/presentacion/financiero/solicitudProceso/listarSolicitudProceso.xhtml HTTP/1.1" 200 1552
3.224.220.101 - - [05/Mar/2024:06:02:05 -0500] "GET /BLA/resoluciones/RESOLUCIONES%202019/2550.pdf HTTP/1.1" 200 287984
3.224.220.101 - - [05/Mar/2024:06:02:09 -0500] "GET /BLA/resoluciones/RESOLUCIONES%202019/2547.pdf HTTP/1.1" 200 289731
23.22.35.162 - - [05/Mar/2024:06:02:13 -0500] "GET /BLA/resoluciones/RESOLUCIONES%202019/2541.pdf HTTP/1.1" 200 493273
23.22.35.162 - - [05/Mar/2024:06:02:17 -0500] "GET /BLA/resoluciones/RESOLUCIONES%202019/2540.pdf HTTP/1.1" 200 381644
3.224.220.101 - - [05/Mar/2024:06:02:21 -0500] "GET /BLA/resoluciones/RESOLUCIONES%202019/2539.pdf HTTP/1.1" 200 543669
191.107.131.132 - - [05/Mar/2024:06:02:21 -0500] "GET /sipse/faces/javax.faces.resource/theme.css?ln=primefaces-sipse HTTP/1.1" 304 -
191.107.131.132 - - [05/Mar/2024:06:02:21 -0500] "GET /sipse/faces/javax.faces.resource/primefaces.css?ln=primefaces&v=4.0 HTTP/1.1" 304 -
191.107.131.132 - - [05/Mar/2024:06:02:21 -0500] "GET /sipse/faces/javax.faces.resource/layout/layout.css?ln=primefaces&v=4.0 HTTP/1.1" 304 -
191.107.131.132 - - [05/Mar/2024:06:02:21 -0500] "GET /sipse/faces/javax.faces.resource/jquery/jquery.js?ln=primefaces&v=4.0 HTTP/1.1" 304 -
191.107.131.132 - - [05/Mar/2024:06:02:21 -0500] "GET /sipse/faces/javax.faces.resource/jquery/jquery-plugins.js?ln=primefaces&v=4.0 HTTP/1.1" 304 -
191.107.131.132 - - [05/Mar/2024:06:02:21 -0500] "GET /sipse/faces/javax.faces.resource/primefaces.js?ln=primefaces&v=4.0 HTTP/1.1" 304 -
191.107.131.132 - - [05/Mar/2024:06:02:21 -0500] "GET /sipse/faces/javax.faces.resource/layout/layout.js?ln=primefaces&v=4.0 HTTP/1.1" 304 -
191.107.131.132 - - [05/Mar/2024:06:02:21 -0500] "POST /sipse/faces/presentacion/financiero/solicitudProceso/consultarHistorialSolProceso.xhtml HTTP/1.1" 200 187245
191.107.131.132 - - [05/Mar/2024:06:02:21 -0500] "GET /sipse/css/imagen/contrasena.png HTTP/1.1" 404 383
191.107.131.132 - - [05/Mar/2024:06:02:21 -0500] "GET /sipse/faces/javax.faces.resource/images/ui-icons_898989_256x240.png?ln=primefaces-aristo HTTP/1.1" 304 -
52.70.240.171 - - [05/Mar/2024:06:02:25 -0500] "GET /BLA/resoluciones/RESOLUCIONES%202019/2538.pdf HTTP/1.1" 200 1615858
3.224.220.101 - - [05/Mar/2024:06:02:29 -0500] "GET /BLA/resoluciones/RESOLUCIONES%202019/2536.pdf HTTP/1.1" 200 1334837
23.22.35.162 - - [05/Mar/2024:06:02:33 -0500] "GET /BLA/resoluciones/RESOLUCIONES%202019/2535.pdf HTTP/1.1" 200 562317
186.80.108.8 - - [05/Mar/2024:06:02:34 -0500] "POST /sipse/faces/presentacion/financiero/solicitudProceso/listarSolicitudProceso.xhtml HTTP/1.1" 200 150385
186.80.108.8 - - [05/Mar/2024:06:02:35 -0500] "GET /sipse/faces/javax.faces.resource/theme.css?ln=primefaces-sipse HTTP/1.1" 304 -
186.80.108.8 - - [05/Mar/2024:06:02:35 -0500] "GET /sipse/faces/javax.faces.resource/primefaces.css?ln=primefaces&v=4.0 HTTP/1.1" 304 -
186.80.108.8 - - [05/Mar/2024:06:02:35 -0500] "GET /sipse/faces/javax.faces.resource/layout/layout.css?ln=primefaces&v=4.0 HTTP/1.1" 304 -
186.80.108.8 - - [05/Mar/2024:06:02:35 -0500] "GET /sipse/faces/javax.faces.resource/jquery/jquery.js?ln=primefaces&v=4.0 HTTP/1.1" 304 -
186.80.108.8 - - [05/Mar/2024:06:02:35 -0500] "GET /sipse/faces/javax.faces.resource/jquery/jquery-plugins.js?ln=primefaces&v=4.0 HTTP/1.1" 304 -
186.80.108.8 - - [05/Mar/2024:06:02:35 -0500] "GET /sipse/faces/javax.faces.resource/primefaces.js?ln=primefaces&v=4.0 HTTP/1.1" 304 -
186.80.108.8 - - [05/Mar/2024:06:02:35 -0500] "GET /sipse/faces/javax.faces.resource/layout/layout.js?ln=primefaces&v=4.0 HTTP/1.1" 304 -
3.224.220.101 - - [05/Mar/2024:06:02:37 -0500] "GET /BLA/resoluciones/RESOLUCIONES%202019/2534.pdf HTTP/1.1" 200 469835
186.80.108.8 - - [05/Mar/2024:06:02:38 -0500] "POST /sipse/faces/presentacion/financiero/solicitudProceso/consultarSolicitudProceso.xhtml HTTP/1.1" 200 434761
23.22.35.162 - - [05/Mar/2024:06:02:41 -0500] "GET /BLA/resoluciones/RESOLUCIONES%202019/2527.pdf HTTP/1.1" 200 291469
52.70.240.171 - - [05/Mar/2024:06:02:45 -0500] "GET /BLA/resoluciones/RESOLUCIONES%202019/2526.pdf HTTP/1.1" 200 3207042
52.70.240.171 - - [05/Mar/2024:06:02:50 -0500] "GET /BLA/resoluciones/RESOLUCIONES%202019/2525.pdf HTTP/1.1" 200 290665
23.22.35.162 - - [05/Mar/2024:06:02:53 -0500] "GET /BLA/resoluciones/RESOLUCIONES%202019/2520.pdf HTTP/1.1" 200 261295
52.70.240.171 - - [05/Mar/2024:06:02:57 -0500] "GET /BLA/resoluciones/RESOLUCIONES%202019/2516.pdf HTTP/1.1" 200 291599
3.224.220.101 - - [05/Mar/2024:06:03:01 -0500] "GET /BLA/resoluciones/RESOLUCIONES%202019/2514.pdf HTTP/1.1" 200 291658
3.224.220.101 - - [05/Mar/2024:06:03:05 -0500] "GET /BLA/resoluciones/RESOLUCIONES%202019/2510.pdf HTTP/1.1" 200 696829
3.224.220.101 - - [05/Mar/2024:06:03:09 -0500] "GET /BLA/resoluciones/RESOLUCIONES%202019/2507.pdf HTTP/1.1" 200 1239470
3.224.220.101 - - [05/Mar/2024:06:03:13 -0500] "GET /BLA/resoluciones/RESOLUCIONES%202019/2492.pdf HTTP/1.1" 200 209475
