181.59.6.155 - - [05/Mar/2024:08:40:14 -0500] "GET /sipse/faces/javax.faces.resource/theme.css?ln=primefaces-sipse HTTP/1.1" 304 -
181.59.6.155 - - [05/Mar/2024:08:40:14 -0500] "GET /sipse/faces/javax.faces.resource/jquery/jquery.js?ln=primefaces&v=4.0 HTTP/1.1" 304 -
181.59.6.155 - - [05/Mar/2024:08:40:14 -0500] "GET /sipse/faces/javax.faces.resource/fileupload/fileupload.css?ln=primefaces&v=4.0 HTTP/1.1" 304 -
181.59.6.155 - - [05/Mar/2024:08:40:14 -0500] "GET /sipse/faces/javax.faces.resource/layout/layout.css?ln=primefaces&v=4.0 HTTP/1.1" 304 -
181.59.6.155 - - [05/Mar/2024:08:40:14 -0500] "GET /sipse/faces/javax.faces.resource/primefaces.css?ln=primefaces&v=4.0 HTTP/1.1" 304 -
181.59.6.155 - - [05/Mar/2024:08:40:14 -0500] "GET /sipse/faces/javax.faces.resource/jquery/jquery-plugins.js?ln=primefaces&v=4.0 HTTP/1.1" 304 -
181.59.6.155 - - [05/Mar/2024:08:40:14 -0500] "GET /sipse/faces/javax.faces.resource/primefaces.js?ln=primefaces&v=4.0 HTTP/1.1" 304 -
181.59.6.155 - - [05/Mar/2024:08:40:14 -0500] "GET /sipse/faces/javax.faces.resource/layout/layout.js?ln=primefaces&v=4.0 HTTP/1.1" 304 -
181.59.6.155 - - [05/Mar/2024:08:40:14 -0500] "GET /sipse/faces/javax.faces.resource/fileupload/fileupload.js?ln=primefaces&v=4.0 HTTP/1.1" 304 -
52.70.240.171 - - [05/Mar/2024:08:40:17 -0500] "GET /BLA/resoluciones/RESOLUCIONES%202018/3776.pdf HTTP/1.1" 200 371890
3.224.220.101 - - [05/Mar/2024:08:40:21 -0500] "GET /BLA/resoluciones/RESOLUCIONES%202018/3775.pdf HTTP/1.1" 200 381092
52.70.240.171 - - [05/Mar/2024:08:40:26 -0500] "GET /BLA/resoluciones/RESOLUCIONES%202018/3772.pdf HTTP/1.1" 200 777305
3.224.220.101 - - [05/Mar/2024:08:40:29 -0500] "GET /BLA/resoluciones/RESOLUCIONES%202022/2183.pdf HTTP/1.1" 200 376542
3.224.220.101 - - [05/Mar/2024:08:40:33 -0500] "GET /BLA/resoluciones/RESOLUCIONES%202018/3771.pdf HTTP/1.1" 200 568940
201.245.192.253 - - [05/Mar/2024:08:40:34 -0500] "POST /forms/lservlet;jsessionid=ac16012b30d626f26d2b1c2d4f41939eaa2119c3b879.e3iSbxaKaheRe3iNc3uNbNmQay1ynknvrkLOlQzNp65In0 HTTP/1.1" 200 2
201.245.192.253 - - [05/Mar/2024:08:40:35 -0500] "POST /forms/lservlet;jsessionid=ac16012b30d6f4ea1d4888f54de9a75ed378af0a0d6e.e3iSbxaKaheRe3iNc3uNbNmQay1ynknvrkLOlQzNp65In0 HTTP/1.1" 200 2
3.224.220.101 - - [05/Mar/2024:08:40:37 -0500] "GET /BLA/resoluciones/RESOLUCIONES%202022/2175.pdf HTTP/1.1" 200 348197
23.22.35.162 - - [05/Mar/2024:08:40:41 -0500] "GET /BLA/resoluciones/RESOLUCIONES%202018/3770.pdf HTTP/1.1" 200 356602
172.22.2.4 - - [05/Mar/2024:08:40:44 -0500] "GET /BLA/boletinlegal/actos.php HTTP/1.1" 200 9738
172.22.2.4 - - [05/Mar/2024:08:40:44 -0500] "GET /BLA/boletinlegal/styles2.css HTTP/1.1" 200 1838
172.22.2.4 - - [05/Mar/2024:08:40:44 -0500] "GET /BLA/boletinlegal/niceforms-default.css HTTP/1.1" 200 6694
172.22.2.4 - - [05/Mar/2024:08:40:44 -0500] "GET /BLA/boletinlegal/style.css HTTP/1.1" 200 9406
172.22.2.4 - - [05/Mar/2024:08:40:44 -0500] "GET /BLA/boletinlegal/js/ajax_actos.js HTTP/1.1" 200 1322
172.22.2.4 - - [05/Mar/2024:08:40:44 -0500] "GET /BLA/boletinlegal/niceforms.js HTTP/1.1" 200 22876
172.22.2.4 - - [05/Mar/2024:08:40:44 -0500] "GET /BLA/boletinlegal/js/lib.js HTTP/1.1" 200 6474
172.22.2.4 - - [05/Mar/2024:08:40:44 -0500] "GET /BLA/boletinlegal/js/popup.js HTTP/1.1" 200 1270
172.22.2.4 - - [05/Mar/2024:08:40:44 -0500] "GET /BLA/boletinlegal/js/jquery1.js HTTP/1.1" 200 29846
172.22.2.4 - - [05/Mar/2024:08:40:44 -0500] "GET /BLA/boletinlegal/images/cabezote%20BLEGAL.jpg HTTP/1.1" 200 118164
172.22.2.4 - - [05/Mar/2024:08:40:44 -0500] "GET /BLA/boletinlegal/images/subscribe-icon-big.png HTTP/1.1" 200 47702
172.22.2.4 - - [05/Mar/2024:08:40:44 -0500] "GET /BLA/boletinlegal/images/historia.png HTTP/1.1" 200 52775
172.22.2.4 - - [05/Mar/2024:08:40:44 -0500] "GET /BLA/boletinlegal/images/registro-usuarios.png HTTP/1.1" 200 8106
172.22.2.4 - - [05/Mar/2024:08:40:44 -0500] "GET /BLA/boletinlegal/images/icono-email.png HTTP/1.1" 200 5544
172.22.2.4 - - [05/Mar/2024:08:40:44 -0500] "GET /BLA/boletinlegal/images/green-yellow-blue-pink-th.png HTTP/1.1" 200 7394
172.22.2.4 - - [05/Mar/2024:08:40:44 -0500] "GET /BLA/boletinlegal/images/tel.png HTTP/1.1" 200 14477
172.22.2.4 - - [05/Mar/2024:08:40:44 -0500] "GET /BLA/boletinlegal/images/body_bg.jpg HTTP/1.1" 200 1601
172.22.2.4 - - [05/Mar/2024:08:40:44 -0500] "GET /BLA/boletinlegal/images/menu_lft.gif HTTP/1.1" 200 1713
172.22.2.4 - - [05/Mar/2024:08:40:44 -0500] "GET /BLA/boletinlegal/images/menu_rght.gif HTTP/1.1" 200 1627
172.22.2.4 - - [05/Mar/2024:08:40:44 -0500] "GET /BLA/boletinlegal/images/footer_bg.jpg HTTP/1.1" 200 586
172.22.2.4 - - [05/Mar/2024:08:40:44 -0500] "GET /BLA/boletinlegal/images/bg_top.jpg HTTP/1.1" 200 522
172.22.2.4 - - [05/Mar/2024:08:40:44 -0500] "GET /BLA/boletinlegal/images/menu_bg.jpg HTTP/1.1" 200 620
172.22.2.4 - - [05/Mar/2024:08:40:44 -0500] "GET /BLA/boletinlegal/images/text.jpg HTTP/1.1" 200 568
172.22.2.4 - - [05/Mar/2024:08:40:44 -0500] "GET /BLA/boletinlegal/images/footer_bg_l.jpg HTTP/1.1" 200 776
172.22.2.4 - - [05/Mar/2024:08:40:44 -0500] "GET /BLA/boletinlegal/images/hover.jpg HTTP/1.1" 200 640
172.22.2.4 - - [05/Mar/2024:08:40:44 -0500] "GET /BLA/boletinlegal/img/0.png HTTP/1.1" 200 110
172.22.2.4 - - [05/Mar/2024:08:40:44 -0500] "GET /BLA/boletinlegal/img/select-left.png HTTP/1.1" 200 263
172.22.2.4 - - [05/Mar/2024:08:40:44 -0500] "GET /BLA/boletinlegal/img/select-right.png HTTP/1.1" 200 44019
172.22.2.4 - - [05/Mar/2024:08:40:44 -0500] "GET /BLA/boletinlegal/img/button-left.png HTTP/1.1" 200 57071
172.22.2.4 - - [05/Mar/2024:08:40:44 -0500] "GET /BLA/boletinlegal/img/button.png HTTP/1.1" 200 43241
172.22.2.4 - - [05/Mar/2024:08:40:44 -0500] "GET /BLA/boletinlegal/img/button-right.png HTTP/1.1" 200 57878
172.22.2.4 - - [05/Mar/2024:08:40:44 -0500] "GET /BLA/boletinlegal/favicon.ico HTTP/1.1" 404 1326
52.70.240.171 - - [05/Mar/2024:08:40:45 -0500] "GET /BLA/resoluciones/RESOLUCIONES%202018/3767.pdf HTTP/1.1" 200 361184
3.224.220.101 - - [05/Mar/2024:08:40:49 -0500] "GET /BLA/resoluciones/RESOLUCIONES%202022/2170.pdf HTTP/1.1" 200 740759
3.224.220.101 - - [05/Mar/2024:08:40:53 -0500] "GET /BLA/resoluciones/RESOLUCIONES%202018/3764.pdf HTTP/1.1" 200 356774
52.70.240.171 - - [05/Mar/2024:08:40:57 -0500] "GET /BLA/resoluciones/RESOLUCIONES%202022/2169.pdf HTTP/1.1" 200 1333479
52.70.240.171 - - [05/Mar/2024:08:41:01 -0500] "GET /BLA/resoluciones/RESOLUCIONES%202018/3763.pdf HTTP/1.1" 200 274193
52.70.240.171 - - [05/Mar/2024:08:41:05 -0500] "GET /BLA/resoluciones/RESOLUCIONES%202022/2168.pdf HTTP/1.1" 200 586088
52.70.240.171 - - [05/Mar/2024:08:41:09 -0500] "GET /BLA/resoluciones/RESOLUCIONES%202018/3750.PDF HTTP/1.1" 200 28858906
52.70.240.171 - - [05/Mar/2024:08:41:13 -0500] "GET /BLA/resoluciones/RESOLUCIONES%202018/3749.PDF HTTP/1.1" 200 17145708
23.22.35.162 - - [05/Mar/2024:08:41:17 -0500] "GET /BLA/resoluciones/RESOLUCIONES%202022/2167.pdf HTTP/1.1" 200 709193
52.70.240.171 - - [05/Mar/2024:08:41:21 -0500] "GET /BLA/resoluciones/RESOLUCIONES%202018/3745.pdf HTTP/1.1" 200 301674
3.224.220.101 - - [05/Mar/2024:08:41:25 -0500] "GET /BLA/resoluciones/RESOLUCIONES%202022/2162.pdf HTTP/1.1" 200 379930
23.22.35.162 - - [05/Mar/2024:08:41:29 -0500] "GET /BLA/resoluciones/RESOLUCIONES%202018/3742.pdf HTTP/1.1" 200 365059
3.224.220.101 - - [05/Mar/2024:08:41:33 -0500] "GET /BLA/resoluciones/RESOLUCIONES%202022/2161.pdf HTTP/1.1" 200 392421
3.224.220.101 - - [05/Mar/2024:08:41:37 -0500] "GET /BLA/resoluciones/RESOLUCIONES%202018/3722.pdf HTTP/1.1" 200 349592
52.70.240.171 - - [05/Mar/2024:08:41:41 -0500] "GET /BLA/resoluciones/RESOLUCIONES%202022/2160.pdf HTTP/1.1" 200 408060
3.224.220.101 - - [05/Mar/2024:08:41:45 -0500] "GET /BLA/resoluciones/RESOLUCIONES%202018/3718.pdf HTTP/1.1" 200 275430
52.70.240.171 - - [05/Mar/2024:08:41:49 -0500] "GET /BLA/resoluciones/RESOLUCIONES%202022/2155.pdf HTTP/1.1" 200 367830
52.167.144.224 - - [05/Mar/2024:08:41:49 -0500] "GET /forest/ HTTP/1.1" 200 12041
52.70.240.171 - - [05/Mar/2024:08:41:53 -0500] "GET /BLA/resoluciones/RESOLUCIONES%202018/3715.pdf HTTP/1.1" 200 292509
3.224.220.101 - - [05/Mar/2024:08:41:57 -0500] "GET /BLA/resoluciones/RESOLUCIONES%202022/2152.pdf HTTP/1.1" 200 1456566
23.22.35.162 - - [05/Mar/2024:08:42:01 -0500] "GET /BLA/resoluciones/RESOLUCIONES%202018/3713.pdf HTTP/1.1" 200 255926
181.59.6.155 - - [05/Mar/2024:08:42:00 -0500] "POST /sipse/faces/presentacion/financiero/solicitudProceso/detalleSolicitudProcesoOtrosPagos.xhtml HTTP/1.1" 200 2141490
23.22.35.162 - - [05/Mar/2024:08:42:05 -0500] "GET /BLA/resoluciones/RESOLUCIONES%202022/2151.pdf HTTP/1.1" 200 584638
23.22.35.162 - - [05/Mar/2024:08:42:09 -0500] "GET /BLA/resoluciones/RESOLUCIONES%202018/3712.pdf HTTP/1.1" 200 254056
3.224.220.101 - - [05/Mar/2024:08:42:13 -0500] "GET /BLA/resoluciones/RESOLUCIONES%202018/3705.pdf HTTP/1.1" 200 353028
186.28.73.61 - - [05/Mar/2024:08:42:16 -0500] "OPTIONS /kwssiamovil/sm/setfile/f? HTTP/1.1" 200 13
186.28.73.61 - - [05/Mar/2024:08:42:16 -0500] "POST /kwssiamovil/sm/setfile/f? HTTP/1.1" 200 381
52.70.240.171 - - [05/Mar/2024:08:42:17 -0500] "GET /BLA/resoluciones/RESOLUCIONES%202022/2150.pdf HTTP/1.1" 200 2037018
52.70.240.171 - - [05/Mar/2024:08:42:21 -0500] "GET /BLA/resoluciones/RESOLUCIONES%202018/3683.pdf HTTP/1.1" 200 224790
3.224.220.101 - - [05/Mar/2024:08:42:25 -0500] "GET /BLA/resoluciones/RESOLUCIONES%202022/2143.pdf HTTP/1.1" 200 347075
186.28.73.61 - - [05/Mar/2024:08:42:26 -0500] "GET /kwssiamovil/sm/acme/a?s=U2FsdGVkX1+J76lfdRcVrguuMRmVRn53ThdWYUe61kmiLJ4OM3UBuQi0EodfxgV/2+mf+TlcrHRxuJJ6u6uIPleJDq97A/SUYdav17+FySfHT53IV0lhIpE8ff24pBlttOrJi7Ti5L5INnvtepH9VN1mMYCkMXDI5sL6mmy3KQhdpiy2bm23vzKN9nVdBznmlCqSdM/xC6zz/s97oZm0uYZ1PwuI6NqFxRtbYUvhO7AC42qLvk6d9TSQm8FSkszNxvDt4/mjNQADBZ/hb8IDtg==&u=U2FsdGVkX18nR7/Daxt0LUt1GKF4CROlqaxUUttji1kPt8rB/hPTQjo9YKiiueyd&y=U2FsdGVkX187BIYBVAzYUQ1jHiBDKN+A7OX/OPC/6TNEsciqh1nEslwf31zWHSb8 HTTP/1.1" 200 26
186.28.73.61 - - [05/Mar/2024:08:42:26 -0500] "GET /kwssiamovil/sm/acme/a?s=U2FsdGVkX18RzuuvikE/vyTtHaI9TLUs/0gyQHkdP8XIc4X9CjmdFP+SGdnEoDK7Oec1dXJZrAwF2Hc0l9ftRUukVg0CArU+ibxU5SiRIMUG9AFHQvzyPwyVACePGDdOHWv09pnZ9QHhZkMWiEsiJuvCY+C0kMCfgB54+bgjshJ54LKxADZPaZW4ezCd/+kA4HglgG5i8nSLOpTSg1kriE1kSmCJHwaheJRkXmDh/Sby4Wtlii2weB0ZWDybWjtkXIJXE2SWoASCDDZ90KHa0cKFnr3yC/OLow9oJqAb2jKGH7QWsFgdFcO9F9jgQh8U/FEJ1pT5Ots/tHJaXzyv4AlJRCQ66Zg+yu6CJKWLd+voRYHGxBHUaCXDq7TPBc5FvpLmHOKtCNqVxWtuoVPLPeF02+e1bZDZN+5N+X4pKuMP5uplGr9LyXMtZ7Y2kyc3788yJv5X0J0uKHj8HBjEJS9lXecxqZGbqhkEvf3/LD035qHNi/sjTrVOgMpXsgFLNbf6y6k/hU16T8qchT+mf7f15efFjzFgUEzFDVvPVxJb/xTccEXhkN/O/r/c/FR4NJuWxwYDsWgq/2TPVi0RTN/ZGvJeulqwTtgwesA4q8JnC650sYqfYWBb27AHehYCGXbxVc76KUxv4y9m2LLfIxGoSgTeFro1XGhbJP/crn153P29movn0YQDY2lWRiEDtd3Iqa0EpQeV57gfRugdx0Ir+D2W23vCiMIa6qhjwGoRrB5U4jsyiTuAV6sZKkY0YfSHdN8ysDYUMGJSf6w4MmUfdqvelazCO7pSBHuRhV+ezj/RhAfQWdt+sCBtvjdXp4iUb5pMF/9u7ZI1K0Q5BEJN0fDSmifg7ccAAD26hu9sV+A8yoQeZxOHuoEepztIeIc2MCO3PIKxdN4PeTGvWxyhIPKxmiSfFVRhD4xHtIueu955nvUwhLhGnagT4M1sdsYlAfHrmR9P8tKPVh2QPanl2YtbKtSpdskFdHuSB8RODvp3vjs8xC5tiR4mI8ohpzk6ipHminU7h1V+a1I7G/UPn2TDX+k3HvD++lhppjV75nSQyBtzQnn5NF2RneDfUrKtNjdgd1ZeAvcNUbrW7GZsxXeLombAIQqdKg7swpbVirmBOqGhnpQldmeqy/MYxN8UcJY46Uk89el1+v+pmQ7CQ+7DD6DuW0aZbqbymcqlbPeHt6w061UuPBj98qMUbfccsFxo+d5ooGAlF30vckdZKemrsMFxtYOywNbCln4BOB2vYdkx+yVKSq5KlLj+vJqZalgLRHpob1MOif8pD4x0VkD6q2MOPoU3n3wCw8iOVCqMEnCk4UKft+j2FlN+QsVDJK7qKivO8dJ/pTptyEvhwRmJoRHEkscNBphzCop1L3qwwxcH2ubfBOJ+j0oe95ICYX6O+sc4ddzJYQKkbFGA1HNFcVl5TI/6PJPUCT6hnb53VhfhFXcY+0AdB4+BdKyIb3lfHzPE2zFlexND+/SHIAgPh0tuFQFATRAVXmnbGbBsWNq7xl4/2PkC1iTzCdruyZAvLzsy/AwR82qM39jx6ZZKIsdADv0eGgLEyAPFWF9I1UQvPBQ4as0N2znDCki798DfJeBHvpVveGzOcETkFvxqdH2uEfFir1JmJHLWD5ife3XUjMOS0gRPSo/9BVqarkBJKXMXrJkn8+OZ0s+LJoH77cc9gkxFPFvPQl0buE1hJsFPTEScclsaBlliRD6AJrE8rvngMTPBlY637ea0QCt2KT0xrCD66JspqqKse73bYwZDo6MBJWk0QHW+n5FqDrWgols4O663Q0UhbnwxD8yLjUa0A/uSbXC8jKxvIoTBJiiKbPgkTptmXzT10kM3uISITQ0nG4VJC9OlzFJz4Z4honrk6bdE5HSg5Q0stUaBm7dtim1MsiLoFQ1L&u=U2FsdGVkX18nR7/Daxt0LUt1GKF4CROlqaxUUttji1kPt8rB/hPTQjo9YKiiueyd&y=U2FsdGVkX187BIYBVAzYUQ1jHiBDKN+A7OX/OPC/6TNEsciqh1nEslwf31zWHSb8 HTTP/1.1" 200 26
186.28.73.61 - - [05/Mar/2024:08:42:27 -0500] "GET /kwssiamovil/sm/acme/a?s=U2FsdGVkX19e6uQ3A8evRlVI9rk7HRE2t+Q30YGeaYRiRYypaN8CNnaxcrcFPvWNfbBSy0qRky4fIGEIrtgE9ytmE0DYGl5nIQF4MTbukEUaeO+KOevid8h4Cy3Zc/q6+Nahnysqe4XoBUiET7lB+gTOgPKFh/MlLvhEP+crMpM=&u=U2FsdGVkX18nR7/Daxt0LUt1GKF4CROlqaxUUttji1kPt8rB/hPTQjo9YKiiueyd&y=U2FsdGVkX187BIYBVAzYUQ1jHiBDKN+A7OX/OPC/6TNEsciqh1nEslwf31zWHSb8 HTTP/1.1" 200 26
181.59.6.155 - - [05/Mar/2024:08:42:26 -0500] "POST /sipse/faces/presentacion/financiero/solicitudProceso/detalleSolicitudProcesoOtrosPagos.xhtml HTTP/1.1" 200 14387
186.28.73.61 - - [05/Mar/2024:08:42:27 -0500] "GET /kwssiamovil/sm/acme/a?s=U2FsdGVkX1/cTKsy3lcohOJK5ypRxfTY19uRh2u3uzadSuE/vm0tz1MoNLliMkOesC3Bb44Ae3PCs0d4ngR3bC9I1FHCmA9pIr6VW+XgUWyTqkHdVMZuekB2/88Fo7Un0ga4OJk0m5cAqqWF5OzmFydr/og2+qTxBWCTNQ2DCFg=&u=U2FsdGVkX18nR7/Daxt0LUt1GKF4CROlqaxUUttji1kPt8rB/hPTQjo9YKiiueyd&y=U2FsdGVkX187BIYBVAzYUQ1jHiBDKN+A7OX/OPC/6TNEsciqh1nEslwf31zWHSb8 HTTP/1.1" 200 26
186.28.73.61 - - [05/Mar/2024:08:42:27 -0500] "GET /kwssiamovil/sm/acme/a?s=U2FsdGVkX18vr2VfkroxcmQbFevQKReV3fPmWXcFJ5/2HrBQs73Y6DwcUw7TElMwo5irzuQElx58/6tr1ciWANz6SE4Q4wTkedcHHFfjxKgCL1rj9N/22JFAp3VxoNkHhlty0UC8eFLC+jCD1vMqQQnVlLApwhTog3Y3fXbM3NI=&u=U2FsdGVkX18nR7/Daxt0LUt1GKF4CROlqaxUUttji1kPt8rB/hPTQjo9YKiiueyd&y=U2FsdGVkX187BIYBVAzYUQ1jHiBDKN+A7OX/OPC/6TNEsciqh1nEslwf31zWHSb8 HTTP/1.1" 200 26
186.28.73.61 - - [05/Mar/2024:08:42:27 -0500] "GET /kwssiamovil/sm/acme/a?s=U2FsdGVkX1+oTaz23c8DUN6XqbR0AXmyP0djZL61f5xaHNw37rVd8quO+yBlssCbFNs2p1UkDYQ2gIW/K/j1peeG+uL4YiQE2kkhYTiq5JtLlFdHHn04+Nv9rsfytbfndB2XbCeb9d9CiRY9Zvupnab6VtW6rftyI2yInBtfk1KnegI/ry1uzzatfouLLdKvRSo/Pp9aKbnY0nqphZc27g==&u=U2FsdGVkX18nR7/Daxt0LUt1GKF4CROlqaxUUttji1kPt8rB/hPTQjo9YKiiueyd&y=U2FsdGVkX187BIYBVAzYUQ1jHiBDKN+A7OX/OPC/6TNEsciqh1nEslwf31zWHSb8 HTTP/1.1" 200 26
186.28.73.61 - - [05/Mar/2024:08:42:27 -0500] "GET /kwssiamovil/sm/acme/a?s=U2FsdGVkX185O9KMtNGQLGquOYBzUGuFPothXDYd4n4eitPA8Hg3f6TkTT9sgyRaKNCUc3lQqAX+Wp9qrMEHOARqatzSUT7P3Z8YsfdFT98zetAvNt9wkXvUfoFvOmqM0agAPMtuR8LcUVN44wqvzHMNnIsmMz5BTrMudEm0FGPKcF9GNz9tAgOZo0mOz684Ceml3mTpFVBvkdt9FdCMz33U6xu4/KV0ztEsIfboRLPJdjTOcwq63w42APYSunkOpvAp2HExYCrMbVfz0MvwCn0OAtUF4u0PHK9EmRYTKo6jbndLlfjkUrkkYcnAHXKuWhl44b9sDnDPAoLcOOw90cxBLrO8KqHHzfksuGHBZU3T0fk9c1LPgtK3ON+Qu/1km3BexFza2HT7nTxjnAX2NImTz3iHIOFgRA9ORffV+8SH8HfWcqOYOe5xC84ZPSOayleMzJlW6rRlqmNtG0LwtA==&u=U2FsdGVkX18nR7/Daxt0LUt1GKF4CROlqaxUUttji1kPt8rB/hPTQjo9YKiiueyd&y=U2FsdGVkX187BIYBVAzYUQ1jHiBDKN+A7OX/OPC/6TNEsciqh1nEslwf31zWHSb8 HTTP/1.1" 200 26
186.28.73.61 - - [05/Mar/2024:08:42:27 -0500] "GET /kwssiamovil/sm/acme/a?s=U2FsdGVkX187I4RIUVh8OS7d3VCgfLpKSaf8niZUnFx2aWzqxFu4NR5eiDS7UUGMHHmJras7uLCkK9jBY5UJnAMar6Be7O/I8qltsVcW4B7OslZbtRsBHumgE6CuQ/j+tW9nQD08NoaRviqi5f8O+S3Wd9TF/iL5VuZjUww/WAyzstlgkh6bqN/p4+ePZlANlUUVGJTz7koZzskNkcldKtyjG3rBR6HgmV9Hy+RNNLrim4Cv7oJHWKYqDRjuMCIuhIhj/CJGzjHo3UQaqrgsHzPeOUnRxD0++JM5dgUCaxX+Hfn1KQtV7APPV8gULJkXkh+QdarCE2dXQnc+ymKb81PHtHcHobnZsSFM0bV8EFdbrm3WUK7andXescm39SmM0ss9EXRholmPKV2jwoAYwIbTt7ju/o6ZXcTvbUUDhm8/ux1JYC7ru5Zmx8NvsyQh&u=U2FsdGVkX18nR7/Daxt0LUt1GKF4CROlqaxUUttji1kPt8rB/hPTQjo9YKiiueyd&y=U2FsdGVkX187BIYBVAzYUQ1jHiBDKN+A7OX/OPC/6TNEsciqh1nEslwf31zWHSb8 HTTP/1.1" 200 26
200.118.16.147 - - [05/Mar/2024:08:42:29 -0500] "POST /sipse/faces/presentacion/financiero/solicitudProceso/listarSolicitudProceso.xhtml HTTP/1.1" 200 55191
3.224.220.101 - - [05/Mar/2024:08:42:29 -0500] "GET /BLA/resoluciones/RESOLUCIONES%202018/3682.PDF HTTP/1.1" 200 14831013
200.118.16.147 - - [05/Mar/2024:08:42:29 -0500] "POST /sipse/faces/presentacion/financiero/solicitudProceso/listarSolicitudProceso.xhtml HTTP/1.1" 200 55191
200.118.16.147 - - [05/Mar/2024:08:42:30 -0500] "POST /sipse/faces/presentacion/financiero/solicitudProceso/listarSolicitudProceso.xhtml HTTP/1.1" 200 1556
200.118.16.147 - - [05/Mar/2024:08:42:30 -0500] "POST /sipse/faces/presentacion/financiero/solicitudProceso/listarSolicitudProceso.xhtml HTTP/1.1" 200 1552
3.224.220.101 - - [05/Mar/2024:08:42:33 -0500] "GET /BLA/resoluciones/RESOLUCIONES%202022/2142.pdf HTTP/1.1" 200 373165
200.118.16.147 - - [05/Mar/2024:08:42:34 -0500] "POST /sipse/faces/presentacion/financiero/solicitudProceso/listarSolicitudProceso.xhtml HTTP/1.1" 200 31912
201.245.192.253 - - [05/Mar/2024:08:42:34 -0500] "POST /forms/lservlet;jsessionid=ac16012b30d626f26d2b1c2d4f41939eaa2119c3b879.e3iSbxaKaheRe3iNc3uNbNmQay1ynknvrkLOlQzNp65In0 HTTP/1.1" 200 2
200.118.16.147 - - [05/Mar/2024:08:42:35 -0500] "POST /sipse/faces/presentacion/financiero/solicitudProceso/listarSolicitudProceso.xhtml HTTP/1.1" 200 4941
200.118.16.147 - - [05/Mar/2024:08:42:35 -0500] "POST /sipse/faces/presentacion/financiero/solicitudProceso/listarSolicitudProceso.xhtml HTTP/1.1" 200 4945
201.245.192.253 - - [05/Mar/2024:08:42:35 -0500] "POST /forms/lservlet;jsessionid=ac16012b30d6f4ea1d4888f54de9a75ed378af0a0d6e.e3iSbxaKaheRe3iNc3uNbNmQay1ynknvrkLOlQzNp65In0 HTTP/1.1" 200 2
200.118.16.147 - - [05/Mar/2024:08:42:36 -0500] "POST /sipse/faces/presentacion/financiero/solicitudProceso/listarSolicitudProceso.xhtml HTTP/1.1" 200 4941
52.70.240.171 - - [05/Mar/2024:08:42:37 -0500] "GET /BLA/resoluciones/RESOLUCIONES%202018/3681.pdf HTTP/1.1" 200 238921
200.118.16.147 - - [05/Mar/2024:08:42:37 -0500] "POST /sipse/faces/presentacion/financiero/solicitudProceso/listarSolicitudProceso.xhtml HTTP/1.1" 200 147541
200.118.16.147 - - [05/Mar/2024:08:42:38 -0500] "GET /sipse/faces/javax.faces.resource/jquery/jquery.js?ln=primefaces&v=4.0 HTTP/1.1" 304 -
200.118.16.147 - - [05/Mar/2024:08:42:38 -0500] "GET /sipse/faces/javax.faces.resource/jquery/jquery-plugins.js?ln=primefaces&v=4.0 HTTP/1.1" 304 -
200.118.16.147 - - [05/Mar/2024:08:42:38 -0500] "GET /sipse/faces/javax.faces.resource/primefaces.js?ln=primefaces&v=4.0 HTTP/1.1" 304 -
200.118.16.147 - - [05/Mar/2024:08:42:38 -0500] "GET /sipse/faces/javax.faces.resource/layout/layout.js?ln=primefaces&v=4.0 HTTP/1.1" 304 -
52.70.240.171 - - [05/Mar/2024:08:42:41 -0500] "GET /BLA/resoluciones/RESOLUCIONES%202022/2140.pdf HTTP/1.1" 200 357429
181.59.6.155 - - [05/Mar/2024:08:42:41 -0500] "POST /sipse/faces/presentacion/financiero/solicitudProceso/detalleSolicitudProcesoOtrosPagos.xhtml HTTP/1.1" 200 15991
23.22.35.162 - - [05/Mar/2024:08:42:45 -0500] "GET /BLA/resoluciones/RESOLUCIONES%202018/3667.pdf HTTP/1.1" 200 298237
3.224.220.101 - - [05/Mar/2024:08:42:49 -0500] "GET /BLA/resoluciones/RESOLUCIONES%202022/2133.pdf HTTP/1.1" 200 352137
3.224.220.101 - - [05/Mar/2024:08:42:53 -0500] "GET /BLA/resoluciones/RESOLUCIONES%202018/3663.pdf HTTP/1.1" 200 290005
52.70.240.171 - - [05/Mar/2024:08:42:57 -0500] "GET /BLA/resoluciones/RESOLUCIONES%202018/3662.pdf HTTP/1.1" 200 221539
23.22.35.162 - - [05/Mar/2024:08:43:01 -0500] "GET /BLA/resoluciones/RESOLUCIONES%202022/2129.pdf HTTP/1.1" 200 400882
23.22.35.162 - - [05/Mar/2024:08:43:05 -0500] "GET /BLA/resoluciones/RESOLUCIONES%202018/3661.pdf HTTP/1.1" 200 242777
23.22.35.162 - - [05/Mar/2024:08:43:09 -0500] "GET /BLA/resoluciones/RESOLUCIONES%202022/2121.pdf HTTP/1.1" 200 3104257
3.224.220.101 - - [05/Mar/2024:08:43:13 -0500] "GET /BLA/resoluciones/RESOLUCIONES%202018/3658.PDF HTTP/1.1" 200 14688608
52.70.240.171 - - [05/Mar/2024:08:43:17 -0500] "GET /BLA/resoluciones/RESOLUCIONES%202022/2106.pdf HTTP/1.1" 200 562559
52.70.240.171 - - [05/Mar/2024:08:43:21 -0500] "GET /BLA/resoluciones/RESOLUCIONES%202018/3650.pdf HTTP/1.1" 200 428921
3.224.220.101 - - [05/Mar/2024:08:43:25 -0500] "GET /BLA/resoluciones/RESOLUCIONES%202022/2102.pdf HTTP/1.1" 200 1393502
23.22.35.162 - - [05/Mar/2024:08:43:29 -0500] "GET /BLA/resoluciones/RESOLUCIONES%202018/3649.pdf HTTP/1.1" 200 396168
3.224.220.101 - - [05/Mar/2024:08:43:33 -0500] "GET /BLA/resoluciones/RESOLUCIONES%202022/2100.pdf HTTP/1.1" 200 369751
23.22.35.162 - - [05/Mar/2024:08:43:37 -0500] "GET /BLA/resoluciones/RESOLUCIONES%202018/3644.pdf HTTP/1.1" 200 2401687
23.22.35.162 - - [05/Mar/2024:08:43:41 -0500] "GET /BLA/resoluciones/RESOLUCIONES%202022/2099.pdf HTTP/1.1" 200 372694
3.224.220.101 - - [05/Mar/2024:08:43:45 -0500] "GET /BLA/resoluciones/RESOLUCIONES%202022/2097.pdf HTTP/1.1" 200 380538
52.70.240.171 - - [05/Mar/2024:08:43:51 -0500] "GET /BLA/resoluciones/RESOLUCIONES%202022/2096.pdf HTTP/1.1" 200 380047
23.22.35.162 - - [05/Mar/2024:08:43:53 -0500] "GET /BLA/resoluciones/RESOLUCIONES%202022/2095.pdf HTTP/1.1" 200 384923
52.70.240.171 - - [05/Mar/2024:08:43:57 -0500] "GET /BLA/resoluciones/RESOLUCIONES%202022/2094.pdf HTTP/1.1" 200 369938
23.22.35.162 - - [05/Mar/2024:08:44:01 -0500] "GET /BLA/resoluciones/RESOLUCIONES%202022/2090.pdf HTTP/1.1" 200 405575
3.224.220.101 - - [05/Mar/2024:08:44:05 -0500] "GET /BLA/resoluciones/RESOLUCIONES%202022/2089.pdf HTTP/1.1" 200 400562
181.59.6.155 - - [05/Mar/2024:08:44:07 -0500] "POST /sipse/faces/presentacion/financiero/solicitudProceso/detalleSolicitudProcesoOtrosPagos.xhtml HTTP/1.1" 200 190
181.59.6.155 - - [05/Mar/2024:08:44:08 -0500] "GET /sipse/faces/javax.faces.resource/theme.css?ln=primefaces-sipse HTTP/1.1" 304 -
181.59.6.155 - - [05/Mar/2024:08:44:08 -0500] "GET /sipse/faces/javax.faces.resource/primefaces.css?ln=primefaces&v=4.0 HTTP/1.1" 304 -
181.59.6.155 - - [05/Mar/2024:08:44:08 -0500] "GET /sipse/faces/javax.faces.resource/jquery/jquery.js?ln=primefaces&v=4.0 HTTP/1.1" 304 -
181.59.6.155 - - [05/Mar/2024:08:44:08 -0500] "GET /sipse/faces/javax.faces.resource/layout/layout.css?ln=primefaces&v=4.0 HTTP/1.1" 304 -
181.59.6.155 - - [05/Mar/2024:08:44:08 -0500] "GET /sipse/faces/javax.faces.resource/jquery/jquery-plugins.js?ln=primefaces&v=4.0 HTTP/1.1" 304 -
181.59.6.155 - - [05/Mar/2024:08:44:07 -0500] "GET /sipse/faces/presentacion/financiero/solicitudProceso/solicitudProcesoOtrosPagos.xhtml HTTP/1.1" 200 36156
181.59.6.155 - - [05/Mar/2024:08:44:08 -0500] "GET /sipse/faces/javax.faces.resource/layout/layout.js?ln=primefaces&v=4.0 HTTP/1.1" 304 -
181.59.6.155 - - [05/Mar/2024:08:44:08 -0500] "GET /sipse/faces/javax.faces.resource/primefaces.js?ln=primefaces&v=4.0 HTTP/1.1" 304 -
52.70.240.171 - - [05/Mar/2024:08:44:09 -0500] "GET /BLA/resoluciones/RESOLUCIONES%202022/2088.pdf HTTP/1.1" 200 410943
23.22.35.162 - - [05/Mar/2024:08:44:13 -0500] "GET /BLA/resoluciones/RESOLUCIONES%202022/2085.pdf HTTP/1.1" 200 495219
52.70.240.171 - - [05/Mar/2024:08:44:17 -0500] "GET /BLA/resoluciones/RESOLUCIONES%202022/2070.pdf HTTP/1.1" 200 397251
181.59.6.155 - - [05/Mar/2024:08:44:19 -0500] "POST /sipse/faces/presentacion/financiero/solicitudProceso/solicitudProcesoOtrosPagos.xhtml HTTP/1.1" 200 57042
181.59.6.155 - - [05/Mar/2024:08:44:19 -0500] "GET /sipse/faces/javax.faces.resource/primefaces.css?ln=primefaces&v=4.0 HTTP/1.1" 304 -
181.59.6.155 - - [05/Mar/2024:08:44:19 -0500] "GET /sipse/faces/javax.faces.resource/theme.css?ln=primefaces-sipse HTTP/1.1" 304 -
181.59.6.155 - - [05/Mar/2024:08:44:19 -0500] "GET /sipse/faces/javax.faces.resource/layout/layout.css?ln=primefaces&v=4.0 HTTP/1.1" 304 -
181.59.6.155 - - [05/Mar/2024:08:44:19 -0500] "GET /sipse/faces/javax.faces.resource/fileupload/fileupload.css?ln=primefaces&v=4.0 HTTP/1.1" 304 -
181.59.6.155 - - [05/Mar/2024:08:44:19 -0500] "GET /sipse/faces/javax.faces.resource/jquery/jquery.js?ln=primefaces&v=4.0 HTTP/1.1" 304 -
181.59.6.155 - - [05/Mar/2024:08:44:19 -0500] "GET /sipse/faces/javax.faces.resource/jquery/jquery-plugins.js?ln=primefaces&v=4.0 HTTP/1.1" 304 -
181.59.6.155 - - [05/Mar/2024:08:44:19 -0500] "GET /sipse/faces/javax.faces.resource/primefaces.js?ln=primefaces&v=4.0 HTTP/1.1" 304 -
181.59.6.155 - - [05/Mar/2024:08:44:19 -0500] "GET /sipse/faces/javax.faces.resource/layout/layout.js?ln=primefaces&v=4.0 HTTP/1.1" 304 -
181.59.6.155 - - [05/Mar/2024:08:44:19 -0500] "GET /sipse/faces/javax.faces.resource/fileupload/fileupload.js?ln=primefaces&v=4.0 HTTP/1.1" 304 -
23.22.35.162 - - [05/Mar/2024:08:44:21 -0500] "GET /BLA/resoluciones/RESOLUCIONES%202022/2069.pdf HTTP/1.1" 200 395136
23.22.35.162 - - [05/Mar/2024:08:44:25 -0500] "GET /BLA/resoluciones/RESOLUCIONES%202022/2067.pdf HTTP/1.1" 200 337510
186.102.16.38 - - [05/Mar/2024:08:44:25 -0500] "GET /kwssiamovil/sm/acme/u?s=U2FsdGVkX1+Z1FEQvfKb/BvGDPTq/TUOv5LvFdvHgF1ffEzwANG3OjQBdAA4IAecFU6oFu59trqzyEJWslCYy+cyqgY9N0Y7TrZFBDH9enrv6a8zsq6FRKBE0nx8M+6ayiJyJgUnVuiLUbLYT3oGoJTSOFcTvHpZOc+Sg/SFehw=&u=U2FsdGVkX183WS3YLd/QBiphw98X6/5EPhJe89GucBA=&y=U2FsdGVkX1/c6nFKvJN5ow/cfnPIqIsv7KUautokhLxghndrX/O6rR61pTMnNfuN HTTP/1.1" 200 60
52.70.240.171 - - [05/Mar/2024:08:44:29 -0500] "GET /BLA/resoluciones/RESOLUCIONES%202018/3638.pdf HTTP/1.1" 200 264364
3.224.220.101 - - [05/Mar/2024:08:44:33 -0500] "GET /BLA/resoluciones/RESOLUCIONES%202022/2063.pdf HTTP/1.1" 200 417213
201.245.192.253 - - [05/Mar/2024:08:44:34 -0500] "POST /forms/lservlet;jsessionid=ac16012b30d626f26d2b1c2d4f41939eaa2119c3b879.e3iSbxaKaheRe3iNc3uNbNmQay1ynknvrkLOlQzNp65In0 HTTP/1.1" 200 2
201.245.192.253 - - [05/Mar/2024:08:44:35 -0500] "POST /forms/lservlet;jsessionid=ac16012b30d6f4ea1d4888f54de9a75ed378af0a0d6e.e3iSbxaKaheRe3iNc3uNbNmQay1ynknvrkLOlQzNp65In0 HTTP/1.1" 200 2
23.22.35.162 - - [05/Mar/2024:08:44:38 -0500] "GET /BLA/resoluciones/RESOLUCIONES%202018/03629.pdf HTTP/1.1" 200 282319
52.70.240.171 - - [05/Mar/2024:08:44:41 -0500] "GET /BLA/resoluciones/RESOLUCIONES%202022/2062.pdf HTTP/1.1" 200 416360
23.22.35.162 - - [05/Mar/2024:08:44:46 -0500] "GET /BLA/resoluciones/RESOLUCIONES%202018/3627.pdf HTTP/1.1" 200 282571
23.22.35.162 - - [05/Mar/2024:08:44:49 -0500] "GET /BLA/resoluciones/RESOLUCIONES%202022/2060.pdf HTTP/1.1" 200 366311
3.224.220.101 - - [05/Mar/2024:08:44:53 -0500] "GET /BLA/resoluciones/RESOLUCIONES%202018/3626.pdf HTTP/1.1" 200 220818
3.224.220.101 - - [05/Mar/2024:08:44:57 -0500] "GET /BLA/resoluciones/RESOLUCIONES%202022/2051.pdf HTTP/1.1" 200 412856
23.22.35.162 - - [05/Mar/2024:08:45:01 -0500] "GET /BLA/resoluciones/RESOLUCIONES%202018/3620.pdf HTTP/1.1" 200 284730
23.22.35.162 - - [05/Mar/2024:08:45:05 -0500] "GET /BLA/resoluciones/RESOLUCIONES%202022/2050.pdf HTTP/1.1" 200 383915
23.22.35.162 - - [05/Mar/2024:08:45:09 -0500] "GET /BLA/resoluciones/RESOLUCIONES%202018/3619.pdf HTTP/1.1" 200 282252
201.245.192.253 - - [05/Mar/2024:08:45:11 -0500] "POST /kwsrmcab/Wsrmcab  HTTP/1.1" 200 39632
52.70.240.171 - - [05/Mar/2024:08:45:13 -0500] "GET /BLA/resoluciones/RESOLUCIONES%202018/3618.pdf HTTP/1.1" 200 385373
52.70.240.171 - - [05/Mar/2024:08:45:17 -0500] "GET /BLA/resoluciones/RESOLUCIONES%202022/2048.pdf HTTP/1.1" 200 380947
52.70.240.171 - - [05/Mar/2024:08:45:21 -0500] "GET /BLA/resoluciones/RESOLUCIONES%202018/3614.pdf HTTP/1.1" 200 218107
3.224.220.101 - - [05/Mar/2024:08:45:25 -0500] "GET /BLA/resoluciones/RESOLUCIONES%202022/2035.pdf HTTP/1.1" 200 419545
23.22.35.162 - - [05/Mar/2024:08:45:29 -0500] "GET /BLA/resoluciones/RESOLUCIONES%202018/3613.pdf HTTP/1.1" 200 280256
52.70.240.171 - - [05/Mar/2024:08:45:33 -0500] "GET /BLA/resoluciones/RESOLUCIONES%202018/3607.pdf HTTP/1.1" 200 252782
3.224.220.101 - - [05/Mar/2024:08:45:37 -0500] "GET /BLA/resoluciones/RESOLUCIONES%202022/2032.pdf HTTP/1.1" 200 346986
186.102.34.85 - - [05/Mar/2024:08:45:37 -0500] "GET /sipse/faces/javax.faces.resource/primefaces.css?ln=primefaces&v=4.0 HTTP/1.1" 304 -
186.102.34.85 - - [05/Mar/2024:08:45:37 -0500] "GET /sipse/faces/javax.faces.resource/theme.css?ln=primefaces-sipse HTTP/1.1" 304 -
186.102.34.85 - - [05/Mar/2024:08:45:37 -0500] "GET /sipse/faces/javax.faces.resource/layout/layout.css?ln=primefaces&v=4.0 HTTP/1.1" 304 -
186.102.34.85 - - [05/Mar/2024:08:45:37 -0500] "GET /sipse/faces/javax.faces.resource/jquery/jquery.js?ln=primefaces&v=4.0 HTTP/1.1" 304 -
186.102.34.85 - - [05/Mar/2024:08:45:37 -0500] "GET /sipse/faces/javax.faces.resource/jquery/jquery-plugins.js?ln=primefaces&v=4.0 HTTP/1.1" 304 -
186.102.34.85 - - [05/Mar/2024:08:45:37 -0500] "GET /sipse/faces/javax.faces.resource/primefaces.js?ln=primefaces&v=4.0 HTTP/1.1" 304 -
186.102.34.85 - - [05/Mar/2024:08:45:37 -0500] "GET /sipse/faces/javax.faces.resource/layout/layout.js?ln=primefaces&v=4.0 HTTP/1.1" 304 -
186.102.34.85 - - [05/Mar/2024:08:45:37 -0500] "GET /sipse/faces/javax.faces.resource/images/ui-icons_898989_256x240.png?ln=primefaces-aristo HTTP/1.1" 304 -
186.102.34.85 - - [05/Mar/2024:08:45:37 -0500] "GET /sipse/faces/faces/index.xhtml HTTP/1.1" 200 677
186.102.34.85 - - [05/Mar/2024:08:45:37 -0500] "GET /sipse/faces/javax.faces.resource/theme.css?ln=primefaces-sipse HTTP/1.1" 304 -
186.102.34.85 - - [05/Mar/2024:08:45:38 -0500] "GET /sipse/faces/faces/faces/autenticacion.xhtml HTTP/1.1" 200 12401
186.102.34.85 - - [05/Mar/2024:08:45:38 -0500] "GET /sipse/faces/javax.faces.resource/theme.css?ln=primefaces-sipse HTTP/1.1" 304 -
186.102.34.85 - - [05/Mar/2024:08:45:38 -0500] "GET /sipse/faces/javax.faces.resource/primefaces.css?ln=primefaces&v=4.0 HTTP/1.1" 304 -
186.102.34.85 - - [05/Mar/2024:08:45:38 -0500] "GET /sipse/faces/javax.faces.resource/layout/layout.css?ln=primefaces&v=4.0 HTTP/1.1" 304 -
186.102.34.85 - - [05/Mar/2024:08:45:38 -0500] "GET /sipse/faces/javax.faces.resource/jquery/jquery.js?ln=primefaces&v=4.0 HTTP/1.1" 304 -
186.102.34.85 - - [05/Mar/2024:08:45:38 -0500] "GET /sipse/faces/javax.faces.resource/jquery/jquery-plugins.js?ln=primefaces&v=4.0 HTTP/1.1" 304 -
186.102.34.85 - - [05/Mar/2024:08:45:38 -0500] "GET /sipse/faces/javax.faces.resource/primefaces.js?ln=primefaces&v=4.0 HTTP/1.1" 304 -
186.102.34.85 - - [05/Mar/2024:08:45:38 -0500] "GET /sipse/faces/javax.faces.resource/layout/layout.js?ln=primefaces&v=4.0 HTTP/1.1" 304 -
52.70.240.171 - - [05/Mar/2024:08:45:41 -0500] "GET /BLA/resoluciones/RESOLUCIONES%202018/3601.pdf HTTP/1.1" 200 252790
52.70.240.171 - - [05/Mar/2024:08:45:49 -0500] "GET /BLA/resoluciones/RESOLUCIONES%202018/3600.pdf HTTP/1.1" 200 262770
52.70.240.171 - - [05/Mar/2024:08:45:50 -0500] "GET /BLA/resoluciones/RESOLUCIONES%202022/2029.pdf HTTP/1.1" 200 352013
23.22.35.162 - - [05/Mar/2024:08:45:54 -0500] "GET /BLA/resoluciones/RESOLUCIONES%202022/02001.pdf HTTP/1.1" 200 1781151
3.224.220.101 - - [05/Mar/2024:08:45:57 -0500] "GET /BLA/resoluciones/RESOLUCIONES%202018/3594.pdf HTTP/1.1" 200 278564
52.70.240.171 - - [05/Mar/2024:08:46:01 -0500] "GET /BLA/resoluciones/RESOLUCIONES%202022/2000.pdf HTTP/1.1" 200 400832
23.22.35.162 - - [05/Mar/2024:08:46:05 -0500] "GET /BLA/resoluciones/RESOLUCIONES%202018/3593.pdf HTTP/1.1" 200 278169
3.224.220.101 - - [05/Mar/2024:08:46:09 -0500] "GET /BLA/resoluciones/RESOLUCIONES%202022/1993.pdf HTTP/1.1" 200 975738
52.70.240.171 - - [05/Mar/2024:08:46:13 -0500] "GET /BLA/resoluciones/RESOLUCIONES%202018/3590.pdf HTTP/1.1" 200 281331
181.59.6.155 - - [05/Mar/2024:08:46:14 -0500] "POST /sipse/faces/presentacion/financiero/solicitudProceso/detalleSolicitudProcesoOtrosPagos.xhtml HTTP/1.1" 200 33371
181.59.6.155 - - [05/Mar/2024:08:46:14 -0500] "GET /sipse/faces/javax.faces.resource/theme.css?ln=primefaces-sipse HTTP/1.1" 304 -
181.59.6.155 - - [05/Mar/2024:08:46:14 -0500] "GET /sipse/faces/javax.faces.resource/jquery/jquery.js?ln=primefaces&v=4.0 HTTP/1.1" 304 -
181.59.6.155 - - [05/Mar/2024:08:46:14 -0500] "GET /sipse/faces/javax.faces.resource/layout/layout.css?ln=primefaces&v=4.0 HTTP/1.1" 304 -
181.59.6.155 - - [05/Mar/2024:08:46:14 -0500] "GET /sipse/faces/javax.faces.resource/primefaces.css?ln=primefaces&v=4.0 HTTP/1.1" 304 -
181.59.6.155 - - [05/Mar/2024:08:46:14 -0500] "GET /sipse/faces/javax.faces.resource/jquery/jquery-plugins.js?ln=primefaces&v=4.0 HTTP/1.1" 304 -
181.59.6.155 - - [05/Mar/2024:08:46:14 -0500] "GET /sipse/faces/javax.faces.resource/primefaces.js?ln=primefaces&v=4.0 HTTP/1.1" 304 -
181.59.6.155 - - [05/Mar/2024:08:46:15 -0500] "GET /sipse/faces/javax.faces.resource/layout/layout.js?ln=primefaces&v=4.0 HTTP/1.1" 304 -
181.59.6.155 - - [05/Mar/2024:08:46:15 -0500] "POST /sipse/faces/presentacion/financiero/solicitudProceso/solicitudProcesoOtrosPagos.xhtml HTTP/1.1" 200 26618
52.70.240.171 - - [05/Mar/2024:08:46:17 -0500] "GET /BLA/resoluciones/RESOLUCIONES%202022/1992.pdf HTTP/1.1" 200 328492
201.245.192.253 - - [05/Mar/2024:08:46:18 -0500] "GET /sipse/faces/index.xhtml HTTP/1.1" 200 677
201.245.192.253 - - [05/Mar/2024:08:46:18 -0500] "GET /sipse/faces/javax.faces.resource/theme.css?ln=primefaces-sipse HTTP/1.1" 304 -
201.245.192.253 - - [05/Mar/2024:08:46:18 -0500] "GET /sipse/faces/faces/autenticacion.xhtml HTTP/1.1" 200 12408
201.245.192.253 - - [05/Mar/2024:08:46:18 -0500] "GET /sipse/faces/javax.faces.resource/theme.css?ln=primefaces-sipse HTTP/1.1" 304 -
201.245.192.253 - - [05/Mar/2024:08:46:18 -0500] "GET /sipse/faces/javax.faces.resource/primefaces.css?ln=primefaces&v=4.0 HTTP/1.1" 304 -
201.245.192.253 - - [05/Mar/2024:08:46:18 -0500] "GET /sipse/faces/javax.faces.resource/jquery/jquery-plugins.js?ln=primefaces&v=4.0 HTTP/1.1" 304 -
201.245.192.253 - - [05/Mar/2024:08:46:18 -0500] "GET /sipse/faces/javax.faces.resource/layout/layout.js?ln=primefaces&v=4.0 HTTP/1.1" 304 -
201.245.192.253 - - [05/Mar/2024:08:46:18 -0500] "GET /sipse/faces/javax.faces.resource/jquery/jquery.js?ln=primefaces&v=4.0 HTTP/1.1" 304 -
201.245.192.253 - - [05/Mar/2024:08:46:18 -0500] "GET /sipse/faces/javax.faces.resource/primefaces.js?ln=primefaces&v=4.0 HTTP/1.1" 304 -
201.245.192.253 - - [05/Mar/2024:08:46:18 -0500] "GET /sipse/faces/javax.faces.resource/layout/layout.css?ln=primefaces&v=4.0 HTTP/1.1" 304 -
201.245.192.253 - - [05/Mar/2024:08:46:18 -0500] "GET /sipse/faces/javax.faces.resource/images/ui-icons_898989_256x240.png?ln=primefaces-aristo HTTP/1.1" 304 -
181.59.6.155 - - [05/Mar/2024:08:46:20 -0500] "POST /sipse/faces/presentacion/financiero/solicitudProceso/solicitudProcesoOtrosPagos.xhtml HTTP/1.1" 200 57042
181.59.6.155 - - [05/Mar/2024:08:46:21 -0500] "GET /sipse/faces/javax.faces.resource/theme.css?ln=primefaces-sipse HTTP/1.1" 304 -
181.59.6.155 - - [05/Mar/2024:08:46:21 -0500] "GET /sipse/faces/javax.faces.resource/primefaces.css?ln=primefaces&v=4.0 HTTP/1.1" 304 -
181.59.6.155 - - [05/Mar/2024:08:46:21 -0500] "GET /sipse/faces/javax.faces.resource/layout/layout.css?ln=primefaces&v=4.0 HTTP/1.1" 304 -
181.59.6.155 - - [05/Mar/2024:08:46:21 -0500] "GET /sipse/faces/javax.faces.resource/fileupload/fileupload.css?ln=primefaces&v=4.0 HTTP/1.1" 304 -
181.59.6.155 - - [05/Mar/2024:08:46:21 -0500] "GET /sipse/faces/javax.faces.resource/jquery/jquery.js?ln=primefaces&v=4.0 HTTP/1.1" 304 -
181.59.6.155 - - [05/Mar/2024:08:46:21 -0500] "GET /sipse/faces/javax.faces.resource/jquery/jquery-plugins.js?ln=primefaces&v=4.0 HTTP/1.1" 304 -
181.59.6.155 - - [05/Mar/2024:08:46:21 -0500] "GET /sipse/faces/javax.faces.resource/primefaces.js?ln=primefaces&v=4.0 HTTP/1.1" 304 -
181.59.6.155 - - [05/Mar/2024:08:46:21 -0500] "GET /sipse/faces/javax.faces.resource/layout/layout.js?ln=primefaces&v=4.0 HTTP/1.1" 304 -
181.59.6.155 - - [05/Mar/2024:08:46:21 -0500] "GET /sipse/faces/javax.faces.resource/fileupload/fileupload.js?ln=primefaces&v=4.0 HTTP/1.1" 304 -
201.245.192.253 - - [05/Mar/2024:08:46:21 -0500] "POST /sipse/faces/autenticacion.xhtml HTTP/1.1" 200 16936
201.245.192.253 - - [05/Mar/2024:08:46:22 -0500] "GET /sipse/faces/javax.faces.resource/primefaces.css?ln=primefaces&v=4.0 HTTP/1.1" 304 -
201.245.192.253 - - [05/Mar/2024:08:46:22 -0500] "GET /sipse/faces/javax.faces.resource/layout/layout.css?ln=primefaces&v=4.0 HTTP/1.1" 304 -
201.245.192.253 - - [05/Mar/2024:08:46:22 -0500] "GET /sipse/faces/javax.faces.resource/theme.css?ln=primefaces-sipse HTTP/1.1" 304 -
201.245.192.253 - - [05/Mar/2024:08:46:22 -0500] "GET /sipse/faces/javax.faces.resource/jquery/jquery.js?ln=primefaces&v=4.0 HTTP/1.1" 304 -
201.245.192.253 - - [05/Mar/2024:08:46:22 -0500] "GET /sipse/faces/javax.faces.resource/jquery/jquery-plugins.js?ln=primefaces&v=4.0 HTTP/1.1" 304 -
201.245.192.253 - - [05/Mar/2024:08:46:22 -0500] "GET /sipse/faces/javax.faces.resource/primefaces.js?ln=primefaces&v=4.0 HTTP/1.1" 304 -
201.245.192.253 - - [05/Mar/2024:08:46:22 -0500] "GET /sipse/faces/javax.faces.resource/layout/layout.js?ln=primefaces&v=4.0 HTTP/1.1" 304 -
52.70.240.171 - - [05/Mar/2024:08:46:22 -0500] "GET /BLA/resoluciones/RESOLUCIONES%202018/3585.pdf HTTP/1.1" 200 366834
201.245.192.253 - - [05/Mar/2024:08:46:22 -0500] "GET /sipse/css/imagen/contrasena.png HTTP/1.1" 404 383
201.245.192.253 - - [05/Mar/2024:08:46:22 -0500] "GET /sipse/faces/javax.faces.resource/messages/messages.png?ln=primefaces&v=4.0 HTTP/1.1" 304 -
23.22.35.162 - - [05/Mar/2024:08:46:25 -0500] "GET /BLA/resoluciones/RESOLUCIONES%202022/1990.pdf HTTP/1.1" 200 481162
201.245.192.253 - - [05/Mar/2024:08:46:26 -0500] "GET /sipse/faces/javax.faces.resource/images/ui-bg_flat_0_2d5972_40x100.png?ln=primefaces-aristo HTTP/1.1" 304 -
201.245.192.253 - - [05/Mar/2024:08:46:26 -0500] "POST /sipse/faces/bienvenido.xhtml HTTP/1.1" 200 2658
201.245.192.253 - - [05/Mar/2024:08:46:27 -0500] "POST /sipse/faces/bienvenido.xhtml HTTP/1.1" 200 33155
201.245.192.253 - - [05/Mar/2024:08:46:28 -0500] "GET /sipse/faces/javax.faces.resource/theme.css?ln=primefaces-sipse HTTP/1.1" 304 -
201.245.192.253 - - [05/Mar/2024:08:46:28 -0500] "GET /sipse/faces/javax.faces.resource/layout/layout.css?ln=primefaces&v=4.0 HTTP/1.1" 304 -
201.245.192.253 - - [05/Mar/2024:08:46:28 -0500] "GET /sipse/faces/javax.faces.resource/primefaces.css?ln=primefaces&v=4.0 HTTP/1.1" 304 -
201.245.192.253 - - [05/Mar/2024:08:46:28 -0500] "GET /sipse/faces/javax.faces.resource/jquery/jquery.js?ln=primefaces&v=4.0 HTTP/1.1" 304 -
201.245.192.253 - - [05/Mar/2024:08:46:28 -0500] "GET /sipse/faces/javax.faces.resource/jquery/jquery-plugins.js?ln=primefaces&v=4.0 HTTP/1.1" 304 -
201.245.192.253 - - [05/Mar/2024:08:46:28 -0500] "GET /sipse/faces/javax.faces.resource/primefaces.js?ln=primefaces&v=4.0 HTTP/1.1" 304 -
201.245.192.253 - - [05/Mar/2024:08:46:28 -0500] "GET /sipse/faces/javax.faces.resource/layout/layout.js?ln=primefaces&v=4.0 HTTP/1.1" 304 -
201.245.192.253 - - [05/Mar/2024:08:46:28 -0500] "POST /sipse/faces/presentacion/financiero/solicitudProceso/listarSolicitudProceso.xhtml HTTP/1.1" 200 1372
52.70.240.171 - - [05/Mar/2024:08:46:29 -0500] "GET /BLA/resoluciones/RESOLUCIONES%202018/3584.pdf HTTP/1.1" 200 369834
3.224.220.101 - - [05/Mar/2024:08:46:33 -0500] "GET /BLA/resoluciones/RESOLUCIONES%202022/1989.pdf HTTP/1.1" 200 428142
201.245.192.253 - - [05/Mar/2024:08:46:34 -0500] "POST /forms/lservlet;jsessionid=ac16012b30d626f26d2b1c2d4f41939eaa2119c3b879.e3iSbxaKaheRe3iNc3uNbNmQay1ynknvrkLOlQzNp65In0 HTTP/1.1" 200 2
201.245.192.253 - - [05/Mar/2024:08:46:35 -0500] "POST /forms/lservlet;jsessionid=ac16012b30d6f4ea1d4888f54de9a75ed378af0a0d6e.e3iSbxaKaheRe3iNc3uNbNmQay1ynknvrkLOlQzNp65In0 HTTP/1.1" 200 2
3.224.220.101 - - [05/Mar/2024:08:46:37 -0500] "GET /BLA/resoluciones/RESOLUCIONES%202018/3577.pdf HTTP/1.1" 200 9843173
181.53.13.222 - - [05/Mar/2024:08:46:37 -0500] "GET /sipse/faces/javax.faces.resource/images/ui-bg_flat_0_2d5972_40x100.png?ln=primefaces-aristo HTTP/1.1" 200 183
201.245.192.253 - - [05/Mar/2024:08:46:38 -0500] "GET /sipse/faces/index.xhtml HTTP/1.1" 200 677
201.245.192.253 - - [05/Mar/2024:08:46:38 -0500] "GET /sipse/faces/javax.faces.resource/theme.css?ln=primefaces-sipse HTTP/1.1" 304 -
201.245.192.253 - - [05/Mar/2024:08:46:38 -0500] "GET /sipse/faces/faces/autenticacion.xhtml HTTP/1.1" 200 12408
201.245.192.253 - - [05/Mar/2024:08:46:38 -0500] "GET /sipse/faces/javax.faces.resource/theme.css?ln=primefaces-sipse HTTP/1.1" 304 -
201.245.192.253 - - [05/Mar/2024:08:46:38 -0500] "GET /sipse/faces/javax.faces.resource/primefaces.css?ln=primefaces&v=4.0 HTTP/1.1" 304 -
201.245.192.253 - - [05/Mar/2024:08:46:38 -0500] "GET /sipse/faces/javax.faces.resource/layout/layout.css?ln=primefaces&v=4.0 HTTP/1.1" 304 -
201.245.192.253 - - [05/Mar/2024:08:46:38 -0500] "GET /sipse/faces/javax.faces.resource/jquery/jquery-plugins.js?ln=primefaces&v=4.0 HTTP/1.1" 304 -
201.245.192.253 - - [05/Mar/2024:08:46:38 -0500] "GET /sipse/faces/javax.faces.resource/jquery/jquery.js?ln=primefaces&v=4.0 HTTP/1.1" 304 -
201.245.192.253 - - [05/Mar/2024:08:46:38 -0500] "GET /sipse/faces/javax.faces.resource/primefaces.js?ln=primefaces&v=4.0 HTTP/1.1" 304 -
201.245.192.253 - - [05/Mar/2024:08:46:38 -0500] "GET /sipse/faces/javax.faces.resource/layout/layout.js?ln=primefaces&v=4.0 HTTP/1.1" 304 -
201.245.192.253 - - [05/Mar/2024:08:46:38 -0500] "GET /sipse/faces/javax.faces.resource/images/ui-icons_898989_256x240.png?ln=primefaces-aristo HTTP/1.1" 304 -
181.53.13.222 - - [05/Mar/2024:08:46:38 -0500] "POST /sipse/faces/presentacion/financiero/solicitudProceso/consultarSolicitudProceso.xhtml HTTP/1.1" 200 37365
181.53.13.222 - - [05/Mar/2024:08:46:39 -0500] "GET /sipse/faces/javax.faces.resource/jquery/jquery.js?ln=primefaces&v=4.0 HTTP/1.1" 304 -
181.53.13.222 - - [05/Mar/2024:08:46:39 -0500] "GET /sipse/faces/javax.faces.resource/jquery/jquery-plugins.js?ln=primefaces&v=4.0 HTTP/1.1" 304 -
172.22.2.4 - - [05/Mar/2024:08:46:39 -0500] "GET /BLA/boletinlegal/robots.txt HTTP/1.1" 404 1038
181.53.13.222 - - [05/Mar/2024:08:46:39 -0500] "GET /sipse/faces/javax.faces.resource/primefaces.js?ln=primefaces&v=4.0 HTTP/1.1" 304 -
181.53.13.222 - - [05/Mar/2024:08:46:39 -0500] "GET /sipse/faces/javax.faces.resource/layout/layout.js?ln=primefaces&v=4.0 HTTP/1.1" 304 -
3.224.220.101 - - [05/Mar/2024:08:46:41 -0500] "GET /BLA/resoluciones/RESOLUCIONES%202022/1988.pdf HTTP/1.1" 200 467944
181.53.13.222 - - [05/Mar/2024:08:46:40 -0500] "POST /sipse/faces/presentacion/financiero/solicitudProceso/listarSolicitudProceso.xhtml HTTP/1.1" 200 1392
3.224.220.101 - - [05/Mar/2024:08:46:45 -0500] "GET /BLA/resoluciones/RESOLUCIONES%202018/3576.pdf HTTP/1.1" 200 350972
201.245.192.253 - - [05/Mar/2024:08:46:45 -0500] "POST /sipse/faces/autenticacion.xhtml HTTP/1.1" 200 16936
201.245.192.253 - - [05/Mar/2024:08:46:45 -0500] "GET /sipse/faces/javax.faces.resource/layout/layout.css?ln=primefaces&v=4.0 HTTP/1.1" 304 -
201.245.192.253 - - [05/Mar/2024:08:46:45 -0500] "GET /sipse/faces/javax.faces.resource/theme.css?ln=primefaces-sipse HTTP/1.1" 304 -
201.245.192.253 - - [05/Mar/2024:08:46:45 -0500] "GET /sipse/faces/javax.faces.resource/primefaces.css?ln=primefaces&v=4.0 HTTP/1.1" 304 -
201.245.192.253 - - [05/Mar/2024:08:46:45 -0500] "GET /sipse/faces/javax.faces.resource/jquery/jquery.js?ln=primefaces&v=4.0 HTTP/1.1" 304 -
201.245.192.253 - - [05/Mar/2024:08:46:45 -0500] "GET /sipse/faces/javax.faces.resource/jquery/jquery-plugins.js?ln=primefaces&v=4.0 HTTP/1.1" 304 -
201.245.192.253 - - [05/Mar/2024:08:46:45 -0500] "GET /sipse/faces/javax.faces.resource/primefaces.js?ln=primefaces&v=4.0 HTTP/1.1" 304 -
201.245.192.253 - - [05/Mar/2024:08:46:45 -0500] "GET /sipse/faces/javax.faces.resource/layout/layout.js?ln=primefaces&v=4.0 HTTP/1.1" 304 -
201.245.192.253 - - [05/Mar/2024:08:46:45 -0500] "GET /sipse/css/imagen/contrasena.png HTTP/1.1" 404 383
201.245.192.253 - - [05/Mar/2024:08:46:45 -0500] "GET /sipse/faces/javax.faces.resource/messages/messages.png?ln=primefaces&v=4.0 HTTP/1.1" 304 -
201.245.192.253 - - [05/Mar/2024:08:46:47 -0500] "GET /sipse/faces/javax.faces.resource/images/ui-bg_flat_0_2d5972_40x100.png?ln=primefaces-aristo HTTP/1.1" 304 -
201.245.192.253 - - [05/Mar/2024:08:46:47 -0500] "POST /sipse/faces/bienvenido.xhtml HTTP/1.1" 200 2658
52.70.240.171 - - [05/Mar/2024:08:46:49 -0500] "GET /BLA/resoluciones/RESOLUCIONES%202022/1987.pdf HTTP/1.1" 200 572014
201.245.192.253 - - [05/Mar/2024:08:46:48 -0500] "POST /sipse/faces/bienvenido.xhtml HTTP/1.1" 200 30709
201.245.192.253 - - [05/Mar/2024:08:46:49 -0500] "GET /sipse/faces/javax.faces.resource/layout/layout.css?ln=primefaces&v=4.0 HTTP/1.1" 304 -
201.245.192.253 - - [05/Mar/2024:08:46:49 -0500] "GET /sipse/faces/javax.faces.resource/primefaces.css?ln=primefaces&v=4.0 HTTP/1.1" 304 -
201.245.192.253 - - [05/Mar/2024:08:46:49 -0500] "GET /sipse/faces/javax.faces.resource/theme.css?ln=primefaces-sipse HTTP/1.1" 304 -
201.245.192.253 - - [05/Mar/2024:08:46:49 -0500] "GET /sipse/faces/javax.faces.resource/jquery/jquery.js?ln=primefaces&v=4.0 HTTP/1.1" 304 -
201.245.192.253 - - [05/Mar/2024:08:46:49 -0500] "GET /sipse/faces/javax.faces.resource/jquery/jquery-plugins.js?ln=primefaces&v=4.0 HTTP/1.1" 304 -
201.245.192.253 - - [05/Mar/2024:08:46:49 -0500] "GET /sipse/faces/javax.faces.resource/primefaces.js?ln=primefaces&v=4.0 HTTP/1.1" 304 -
201.245.192.253 - - [05/Mar/2024:08:46:49 -0500] "GET /sipse/faces/javax.faces.resource/layout/layout.js?ln=primefaces&v=4.0 HTTP/1.1" 304 -
172.22.2.4 - - [05/Mar/2024:08:46:50 -0500] "GET /BLA/boletinlegal/normativa.php HTTP/1.1" 200 8397
201.245.192.253 - - [05/Mar/2024:08:46:52 -0500] "POST /sipse/faces/presentacion/financiero/solicitudProceso/solicitudProcesoOtrosPagos.xhtml HTTP/1.1" 200 60138
201.245.192.253 - - [05/Mar/2024:08:46:52 -0500] "GET /sipse/faces/javax.faces.resource/theme.css?ln=primefaces-sipse HTTP/1.1" 304 -
201.245.192.253 - - [05/Mar/2024:08:46:52 -0500] "GET /sipse/faces/javax.faces.resource/primefaces.css?ln=primefaces&v=4.0 HTTP/1.1" 304 -
201.245.192.253 - - [05/Mar/2024:08:46:52 -0500] "GET /sipse/faces/javax.faces.resource/layout/layout.css?ln=primefaces&v=4.0 HTTP/1.1" 304 -
201.245.192.253 - - [05/Mar/2024:08:46:52 -0500] "GET /sipse/faces/javax.faces.resource/fileupload/fileupload.css?ln=primefaces&v=4.0 HTTP/1.1" 200 1330
201.245.192.253 - - [05/Mar/2024:08:46:52 -0500] "GET /sipse/faces/javax.faces.resource/jquery/jquery.js?ln=primefaces&v=4.0 HTTP/1.1" 304 -
201.245.192.253 - - [05/Mar/2024:08:46:52 -0500] "GET /sipse/faces/javax.faces.resource/jquery/jquery-plugins.js?ln=primefaces&v=4.0 HTTP/1.1" 304 -
201.245.192.253 - - [05/Mar/2024:08:46:52 -0500] "GET /sipse/faces/javax.faces.resource/primefaces.js?ln=primefaces&v=4.0 HTTP/1.1" 304 -
201.245.192.253 - - [05/Mar/2024:08:46:52 -0500] "GET /sipse/faces/javax.faces.resource/layout/layout.js?ln=primefaces&v=4.0 HTTP/1.1" 304 -
201.245.192.253 - - [05/Mar/2024:08:46:52 -0500] "GET /sipse/faces/javax.faces.resource/fileupload/fileupload.js?ln=primefaces&v=4.0 HTTP/1.1" 200 28091
52.70.240.171 - - [05/Mar/2024:08:46:53 -0500] "GET /BLA/resoluciones/RESOLUCIONES%202018/3573.pdf HTTP/1.1" 200 273827
23.22.35.162 - - [05/Mar/2024:08:46:57 -0500] "GET /BLA/resoluciones/RESOLUCIONES%202018/3572.pdf HTTP/1.1" 200 247895
52.70.240.171 - - [05/Mar/2024:08:47:02 -0500] "GET /BLA/resoluciones/RESOLUCIONES%202022/1985.pdf HTTP/1.1" 200 394502
3.224.220.101 - - [05/Mar/2024:08:47:05 -0500] "GET /BLA/resoluciones/RESOLUCIONES%202018/3570.pdf HTTP/1.1" 200 309348
186.116.218.244 - - [05/Mar/2024:08:47:06 -0500] "POST /sipse/faces/presentacion/financiero/solicitudProceso/consultarSolicitudProceso.xhtml HTTP/1.1" 200 5527
3.224.220.101 - - [05/Mar/2024:08:47:09 -0500] "GET /BLA/resoluciones/RESOLUCIONES%202022/1984.pdf HTTP/1.1" 200 350926
3.224.220.101 - - [05/Mar/2024:08:47:13 -0500] "GET /BLA/resoluciones/RESOLUCIONES%202018/3566.pdf HTTP/1.1" 200 275957
201.245.192.253 - - [05/Mar/2024:08:47:14 -0500] "POST /sipse/faces/presentacion/financiero/solicitudProceso/detalleSolicitudProcesoOtrosPagos.xhtml HTTP/1.1" 200 190
201.245.192.253 - - [05/Mar/2024:08:47:14 -0500] "GET /sipse/faces/presentacion/financiero/solicitudProceso/solicitudProcesoOtrosPagos.xhtml HTTP/1.1" 200 30618
201.245.192.253 - - [05/Mar/2024:08:47:14 -0500] "GET /sipse/faces/javax.faces.resource/theme.css?ln=primefaces-sipse HTTP/1.1" 304 -
201.245.192.253 - - [05/Mar/2024:08:47:14 -0500] "GET /sipse/faces/javax.faces.resource/primefaces.css?ln=primefaces&v=4.0 HTTP/1.1" 304 -
201.245.192.253 - - [05/Mar/2024:08:47:14 -0500] "GET /sipse/faces/javax.faces.resource/jquery/jquery-plugins.js?ln=primefaces&v=4.0 HTTP/1.1" 304 -
201.245.192.253 - - [05/Mar/2024:08:47:14 -0500] "GET /sipse/faces/javax.faces.resource/layout/layout.js?ln=primefaces&v=4.0 HTTP/1.1" 304 -
201.245.192.253 - - [05/Mar/2024:08:47:14 -0500] "GET /sipse/faces/javax.faces.resource/layout/layout.css?ln=primefaces&v=4.0 HTTP/1.1" 304 -
201.245.192.253 - - [05/Mar/2024:08:47:14 -0500] "GET /sipse/faces/javax.faces.resource/primefaces.js?ln=primefaces&v=4.0 HTTP/1.1" 304 -
201.245.192.253 - - [05/Mar/2024:08:47:14 -0500] "GET /sipse/faces/javax.faces.resource/jquery/jquery.js?ln=primefaces&v=4.0 HTTP/1.1" 304 -
23.22.35.162 - - [05/Mar/2024:08:47:17 -0500] "GET /BLA/resoluciones/RESOLUCIONES%202022/1982.pdf HTTP/1.1" 200 443013
3.224.220.101 - - [05/Mar/2024:08:47:21 -0500] "GET /BLA/resoluciones/RESOLUCIONES%202018/3564.pdf HTTP/1.1" 200 274406
52.70.240.171 - - [05/Mar/2024:08:47:25 -0500] "GET /BLA/resoluciones/RESOLUCIONES%202022/1980.pdf HTTP/1.1" 200 406828
52.70.240.171 - - [05/Mar/2024:08:47:29 -0500] "GET /BLA/resoluciones/RESOLUCIONES%202018/3563.pdf HTTP/1.1" 200 315066
3.224.220.101 - - [05/Mar/2024:08:47:33 -0500] "GET /BLA/resoluciones/RESOLUCIONES%202018/3561.pdf HTTP/1.1" 200 255744
52.70.240.171 - - [05/Mar/2024:08:47:37 -0500] "GET /BLA/resoluciones/RESOLUCIONES%202022/1979.pdf HTTP/1.1" 200 406459
52.70.240.171 - - [05/Mar/2024:08:47:41 -0500] "GET /BLA/resoluciones/RESOLUCIONES%202018/3558.pdf HTTP/1.1" 200 307770
3.224.220.101 - - [05/Mar/2024:08:47:45 -0500] "GET /BLA/resoluciones/RESOLUCIONES%202022/1978.pdf HTTP/1.1" 200 350926
52.70.240.171 - - [05/Mar/2024:08:47:49 -0500] "GET /BLA/resoluciones/RESOLUCIONES%202022/1976.pdf HTTP/1.1" 200 408837
3.224.220.101 - - [05/Mar/2024:08:47:53 -0500] "GET /BLA/resoluciones/RESOLUCIONES%202018/3557.pdf HTTP/1.1" 200 307580
194.247.173.99 - - [05/Mar/2024:08:47:54 -0500] "GET /robots.txt HTTP/1.1" 404 1034
194.247.173.99 - - [05/Mar/2024:08:47:56 -0500] "GET /mejora-tu-bienestar-con-las-caminatas-ecologicas-%C3%82%C2%A1conoce-la-programacion-de-agosto.html HTTP/1.1" 200 873
52.70.240.171 - - [05/Mar/2024:08:47:57 -0500] "GET /BLA/resoluciones/RESOLUCIONES%202022/1975.pdf HTTP/1.1" 200 416524
23.22.35.162 - - [05/Mar/2024:08:48:01 -0500] "GET /BLA/resoluciones/RESOLUCIONES%202018/3556.pdf HTTP/1.1" 200 278908
23.22.35.162 - - [05/Mar/2024:08:48:05 -0500] "GET /BLA/resoluciones/RESOLUCIONES%202018/3548.pdf HTTP/1.1" 200 274019
