23.22.35.162 - - [05/Mar/2024:05:49:05 -0500] "GET /BLA/resoluciones/RESOLUCIONES%202019/3054.pdf HTTP/1.1" 200 292942
52.70.240.171 - - [05/Mar/2024:05:49:09 -0500] "GET /BLA/resoluciones/RESOLUCIONES%202019/3047.pdf HTTP/1.1" 200 574319
52.70.240.171 - - [05/Mar/2024:05:49:13 -0500] "GET /BLA/resoluciones/RESOLUCIONES%202019/3044.pdf HTTP/1.1" 200 294293
23.22.35.162 - - [05/Mar/2024:05:49:17 -0500] "GET /BLA/resoluciones/RESOLUCIONES%202019/3040.pdf HTTP/1.1" 200 2974644
52.70.240.171 - - [05/Mar/2024:05:49:22 -0500] "GET /BLA/resoluciones/RESOLUCIONES%202019/3039.pdf HTTP/1.1" 200 5174176
3.224.220.101 - - [05/Mar/2024:05:49:25 -0500] "GET /BLA/resoluciones/RESOLUCIONES%202019/3037.pdf HTTP/1.1" 200 5412932
23.22.35.162 - - [05/Mar/2024:05:49:29 -0500] "GET /BLA/resoluciones/RESOLUCIONES%202019/3031.pdf HTTP/1.1" 200 368500
23.22.35.162 - - [05/Mar/2024:05:49:33 -0500] "GET /BLA/resoluciones/RESOLUCIONES%202019/3026.pdf HTTP/1.1" 200 394301
52.70.240.171 - - [05/Mar/2024:05:49:38 -0500] "GET /BLA/resoluciones/RESOLUCIONES%202019/3024.pdf HTTP/1.1" 200 650609
52.70.240.171 - - [05/Mar/2024:05:49:41 -0500] "GET /BLA/resoluciones/RESOLUCIONES%202019/3021.pdf HTTP/1.1" 200 267130
52.70.240.171 - - [05/Mar/2024:05:49:46 -0500] "GET /BLA/resoluciones/RESOLUCIONES%202019/3020.pdf HTTP/1.1" 200 307171
23.22.35.162 - - [05/Mar/2024:05:49:50 -0500] "GET /BLA/resoluciones/RESOLUCIONES%202019/3017.pdf HTTP/1.1" 200 330307
23.22.35.162 - - [05/Mar/2024:05:49:53 -0500] "GET /BLA/resoluciones/RESOLUCIONES%202019/3010.pdf HTTP/1.1" 200 368392
23.22.35.162 - - [05/Mar/2024:05:49:57 -0500] "GET /BLA/resoluciones/RESOLUCIONES%202019/3009.pdf HTTP/1.1" 200 327611
52.70.240.171 - - [05/Mar/2024:05:50:01 -0500] "GET /BLA/resoluciones/RESOLUCIONES%202019/3008.pdf HTTP/1.1" 200 263908
3.224.220.101 - - [05/Mar/2024:05:50:05 -0500] "GET /BLA/resoluciones/RESOLUCIONES%202019/3007.pdf HTTP/1.1" 200 385229
23.22.35.162 - - [05/Mar/2024:05:50:10 -0500] "GET /BLA/resoluciones/RESOLUCIONES%202019/3006.pdf HTTP/1.1" 200 385623
23.22.35.162 - - [05/Mar/2024:05:50:13 -0500] "GET /BLA/resoluciones/RESOLUCIONES%202019/3005.pdf HTTP/1.1" 200 620469
186.80.108.8 - - [05/Mar/2024:05:50:14 -0500] "POST /sipse/faces/presentacion/financiero/solicitudProceso/listarSolicitudProceso.xhtml HTTP/1.1" 200 124836
186.80.108.8 - - [05/Mar/2024:05:50:15 -0500] "GET /sipse/faces/javax.faces.resource/theme.css?ln=primefaces-sipse HTTP/1.1" 304 -
186.80.108.8 - - [05/Mar/2024:05:50:15 -0500] "GET /sipse/faces/javax.faces.resource/primefaces.css?ln=primefaces&v=4.0 HTTP/1.1" 304 -
186.80.108.8 - - [05/Mar/2024:05:50:15 -0500] "GET /sipse/faces/javax.faces.resource/layout/layout.css?ln=primefaces&v=4.0 HTTP/1.1" 304 -
186.80.108.8 - - [05/Mar/2024:05:50:15 -0500] "GET /sipse/faces/javax.faces.resource/jquery/jquery.js?ln=primefaces&v=4.0 HTTP/1.1" 304 -
186.80.108.8 - - [05/Mar/2024:05:50:15 -0500] "GET /sipse/faces/javax.faces.resource/jquery/jquery-plugins.js?ln=primefaces&v=4.0 HTTP/1.1" 304 -
186.80.108.8 - - [05/Mar/2024:05:50:15 -0500] "GET /sipse/faces/javax.faces.resource/primefaces.js?ln=primefaces&v=4.0 HTTP/1.1" 304 -
186.80.108.8 - - [05/Mar/2024:05:50:15 -0500] "GET /sipse/faces/javax.faces.resource/layout/layout.js?ln=primefaces&v=4.0 HTTP/1.1" 304 -
186.80.108.8 - - [05/Mar/2024:05:50:17 -0500] "POST /sipse/faces/presentacion/financiero/solicitudProceso/consultarSolicitudProceso.xhtml HTTP/1.1" 200 5503
23.22.35.162 - - [05/Mar/2024:05:50:18 -0500] "GET /BLA/resoluciones/RESOLUCIONES%202019/3004.pdf HTTP/1.1" 200 490203
52.70.240.171 - - [05/Mar/2024:05:50:21 -0500] "GET /BLA/resoluciones/RESOLUCIONES%202019/3003.pdf HTTP/1.1" 200 1434074
23.22.35.162 - - [05/Mar/2024:05:50:26 -0500] "GET /BLA/resoluciones/RESOLUCIONES%202019/3002.pdf HTTP/1.1" 200 992067
52.70.240.171 - - [05/Mar/2024:05:50:29 -0500] "GET /BLA/resoluciones/RESOLUCIONES%202019/2995.pdf HTTP/1.1" 200 443773
3.224.220.101 - - [05/Mar/2024:05:50:33 -0500] "GET /BLA/resoluciones/RESOLUCIONES%202019/2990.pdf HTTP/1.1" 200 449774
3.224.220.101 - - [05/Mar/2024:05:50:38 -0500] "GET /BLA/resoluciones/RESOLUCIONES%202019/2988.pdf HTTP/1.1" 200 359428
52.70.240.171 - - [05/Mar/2024:05:50:41 -0500] "GET /BLA/resoluciones/RESOLUCIONES%202019/2984.pdf HTTP/1.1" 200 266379
52.70.240.171 - - [05/Mar/2024:05:50:45 -0500] "GET /BLA/resoluciones/RESOLUCIONES%202019/2974.pdf HTTP/1.1" 200 316478
3.224.220.101 - - [05/Mar/2024:05:50:49 -0500] "GET /BLA/resoluciones/RESOLUCIONES%202019/2973.pdf HTTP/1.1" 200 295363
52.70.240.171 - - [05/Mar/2024:05:50:53 -0500] "GET /BLA/resoluciones/RESOLUCIONES%202019/2972.pdf HTTP/1.1" 200 1881664
52.70.240.171 - - [05/Mar/2024:05:50:57 -0500] "GET /BLA/resoluciones/RESOLUCIONES%202019/2971.pdf HTTP/1.1" 200 294797
3.224.220.101 - - [05/Mar/2024:05:51:01 -0500] "GET /BLA/resoluciones/RESOLUCIONES%202019/2970.pdf HTTP/1.1" 200 294399
201.245.192.253 - - [05/Mar/2024:05:51:03 -0500] "POST /kwsrmcab/Wsrmcab  HTTP/1.1" 200 39632
3.224.220.101 - - [05/Mar/2024:05:51:05 -0500] "GET /BLA/resoluciones/RESOLUCIONES%202019/2969.pdf HTTP/1.1" 200 295313
23.22.35.162 - - [05/Mar/2024:05:51:09 -0500] "GET /BLA/resoluciones/RESOLUCIONES%202019/2967.pdf HTTP/1.1" 200 296269
23.22.35.162 - - [05/Mar/2024:05:51:13 -0500] "GET /BLA/resoluciones/RESOLUCIONES%202019/2963.pdf HTTP/1.1" 200 3452594
186.80.108.8 - - [05/Mar/2024:05:51:17 -0500] "POST /sipse/faces/presentacion/financiero/solicitudProceso/consultarSolicitudProceso.xhtml HTTP/1.1" 200 55049
186.80.108.8 - - [05/Mar/2024:05:51:17 -0500] "GET /sipse/faces/javax.faces.resource/theme.css?ln=primefaces-sipse HTTP/1.1" 304 -
186.80.108.8 - - [05/Mar/2024:05:51:17 -0500] "GET /sipse/faces/javax.faces.resource/primefaces.css?ln=primefaces&v=4.0 HTTP/1.1" 304 -
186.80.108.8 - - [05/Mar/2024:05:51:17 -0500] "GET /sipse/faces/javax.faces.resource/layout/layout.css?ln=primefaces&v=4.0 HTTP/1.1" 304 -
186.80.108.8 - - [05/Mar/2024:05:51:17 -0500] "GET /sipse/faces/javax.faces.resource/jquery/jquery-plugins.js?ln=primefaces&v=4.0 HTTP/1.1" 304 -
186.80.108.8 - - [05/Mar/2024:05:51:17 -0500] "GET /sipse/faces/javax.faces.resource/jquery/jquery.js?ln=primefaces&v=4.0 HTTP/1.1" 304 -
186.80.108.8 - - [05/Mar/2024:05:51:17 -0500] "GET /sipse/faces/javax.faces.resource/layout/layout.js?ln=primefaces&v=4.0 HTTP/1.1" 304 -
186.80.108.8 - - [05/Mar/2024:05:51:17 -0500] "GET /sipse/faces/javax.faces.resource/primefaces.js?ln=primefaces&v=4.0 HTTP/1.1" 304 -
52.70.240.171 - - [05/Mar/2024:05:51:17 -0500] "GET /BLA/resoluciones/RESOLUCIONES%202019/2961.pdf HTTP/1.1" 200 296151
186.80.108.8 - - [05/Mar/2024:05:51:17 -0500] "POST /sipse/faces/presentacion/financiero/solicitudProceso/listarSolicitudProceso.xhtml HTTP/1.1" 200 1492
186.80.108.8 - - [05/Mar/2024:05:51:18 -0500] "POST /sipse/faces/presentacion/financiero/solicitudProceso/listarSolicitudProceso.xhtml HTTP/1.1" 200 1496
66.249.66.21 - - [05/Mar/2024:05:51:18 -0500] "GET /resoluciones/RESOLUCIONES%202009/0916.pdf HTTP/1.1" 404 1018
186.80.108.8 - - [05/Mar/2024:05:51:19 -0500] "POST /sipse/faces/presentacion/financiero/solicitudProceso/listarSolicitudProceso.xhtml HTTP/1.1" 200 32845
23.22.35.162 - - [05/Mar/2024:05:51:22 -0500] "GET /BLA/resoluciones/RESOLUCIONES%202019/2960.pdf HTTP/1.1" 200 309585
3.224.220.101 - - [05/Mar/2024:05:51:25 -0500] "GET /BLA/resoluciones/RESOLUCIONES%202019/2959.pdf HTTP/1.1" 200 335482
23.22.35.162 - - [05/Mar/2024:05:51:29 -0500] "GET /BLA/resoluciones/RESOLUCIONES%202019/2954.pdf HTTP/1.1" 200 484120
172.22.2.4 - - [05/Mar/2024:05:50:47 -0500] "GET /BLA/boletinlegal/ HTTP/1.1" 200 24523
52.70.240.171 - - [05/Mar/2024:05:51:33 -0500] "GET /BLA/resoluciones/RESOLUCIONES%202019/2952.pdf HTTP/1.1" 200 221636
3.224.220.101 - - [05/Mar/2024:05:51:37 -0500] "GET /BLA/resoluciones/RESOLUCIONES%202019/2951.pdf HTTP/1.1" 200 355336
216.245.221.92 - - [05/Mar/2024:05:51:38 -0500] "HEAD / HTTP/1.1" 200 -
23.22.35.162 - - [05/Mar/2024:05:51:42 -0500] "GET /BLA/resoluciones/RESOLUCIONES%202019/2950.pdf HTTP/1.1" 200 412665
23.22.35.162 - - [05/Mar/2024:05:51:45 -0500] "GET /BLA/resoluciones/RESOLUCIONES%202019/2949.pdf HTTP/1.1" 200 324454
23.22.35.162 - - [05/Mar/2024:05:51:49 -0500] "GET /BLA/resoluciones/RESOLUCIONES%202019/2948.pdf HTTP/1.1" 200 614817
23.22.35.162 - - [05/Mar/2024:05:51:53 -0500] "GET /BLA/resoluciones/RESOLUCIONES%202019/2946.pdf HTTP/1.1" 200 5604632
52.70.240.171 - - [05/Mar/2024:05:51:57 -0500] "GET /BLA/resoluciones/RESOLUCIONES%202019/2939.pdf HTTP/1.1" 200 232834
186.80.108.8 - - [05/Mar/2024:05:51:58 -0500] "POST /sipse/faces/presentacion/financiero/solicitudProceso/listarSolicitudProceso.xhtml HTTP/1.1" 200 142820
186.80.108.8 - - [05/Mar/2024:05:51:59 -0500] "GET /sipse/faces/javax.faces.resource/theme.css?ln=primefaces-sipse HTTP/1.1" 304 -
186.80.108.8 - - [05/Mar/2024:05:51:59 -0500] "GET /sipse/faces/javax.faces.resource/layout/layout.css?ln=primefaces&v=4.0 HTTP/1.1" 304 -
186.80.108.8 - - [05/Mar/2024:05:51:59 -0500] "GET /sipse/faces/javax.faces.resource/primefaces.css?ln=primefaces&v=4.0 HTTP/1.1" 304 -
186.80.108.8 - - [05/Mar/2024:05:51:59 -0500] "GET /sipse/faces/javax.faces.resource/jquery/jquery.js?ln=primefaces&v=4.0 HTTP/1.1" 304 -
186.80.108.8 - - [05/Mar/2024:05:51:59 -0500] "GET /sipse/faces/javax.faces.resource/jquery/jquery-plugins.js?ln=primefaces&v=4.0 HTTP/1.1" 304 -
186.80.108.8 - - [05/Mar/2024:05:51:59 -0500] "GET /sipse/faces/javax.faces.resource/primefaces.js?ln=primefaces&v=4.0 HTTP/1.1" 304 -
186.80.108.8 - - [05/Mar/2024:05:51:59 -0500] "GET /sipse/faces/javax.faces.resource/layout/layout.js?ln=primefaces&v=4.0 HTTP/1.1" 304 -
186.80.108.8 - - [05/Mar/2024:05:52:02 -0500] "POST /sipse/faces/presentacion/financiero/solicitudProceso/consultarSolicitudProceso.xhtml HTTP/1.1" 200 36815
186.80.108.8 - - [05/Mar/2024:05:52:02 -0500] "GET /sipse/faces/javax.faces.resource/theme.css?ln=primefaces-sipse HTTP/1.1" 304 -
23.22.35.162 - - [05/Mar/2024:05:52:02 -0500] "GET /BLA/resoluciones/RESOLUCIONES%202019/2934.pdf HTTP/1.1" 200 795046
186.80.108.8 - - [05/Mar/2024:05:52:02 -0500] "GET /sipse/faces/javax.faces.resource/layout/layout.css?ln=primefaces&v=4.0 HTTP/1.1" 304 -
186.80.108.8 - - [05/Mar/2024:05:52:02 -0500] "GET /sipse/faces/javax.faces.resource/primefaces.css?ln=primefaces&v=4.0 HTTP/1.1" 304 -
186.80.108.8 - - [05/Mar/2024:05:52:02 -0500] "GET /sipse/faces/javax.faces.resource/jquery/jquery.js?ln=primefaces&v=4.0 HTTP/1.1" 304 -
186.80.108.8 - - [05/Mar/2024:05:52:02 -0500] "GET /sipse/faces/javax.faces.resource/jquery/jquery-plugins.js?ln=primefaces&v=4.0 HTTP/1.1" 304 -
186.80.108.8 - - [05/Mar/2024:05:52:03 -0500] "GET /sipse/faces/javax.faces.resource/primefaces.js?ln=primefaces&v=4.0 HTTP/1.1" 304 -
186.80.108.8 - - [05/Mar/2024:05:52:03 -0500] "GET /sipse/faces/javax.faces.resource/layout/layout.js?ln=primefaces&v=4.0 HTTP/1.1" 304 -
3.224.220.101 - - [05/Mar/2024:05:52:05 -0500] "GET /BLA/resoluciones/RESOLUCIONES%202019/2933.pdf HTTP/1.1" 200 295487
3.224.220.101 - - [05/Mar/2024:05:52:09 -0500] "GET /BLA/resoluciones/RESOLUCIONES%202019/2927.pdf HTTP/1.1" 200 352247
186.80.108.8 - - [05/Mar/2024:05:52:09 -0500] "POST /sipse/faces/presentacion/contratacion/contrato/registroPresupuestal/expedirRP.xhtml HTTP/1.1" 200 2240
66.249.66.20 - - [05/Mar/2024:05:52:11 -0500] "GET /BLA/resoluciones/AUTOS%202013/3506.pdf HTTP/1.1" 200 413585
186.80.108.8 - - [05/Mar/2024:05:52:13 -0500] "POST /sipse/faces/presentacion/contratacion/contrato/registroPresupuestal/expedirRP.xhtml HTTP/1.1" 200 20662
186.80.108.8 - - [05/Mar/2024:05:52:13 -0500] "GET /sipse/faces/javax.faces.resource/theme.css?ln=primefaces-sipse HTTP/1.1" 304 -
186.80.108.8 - - [05/Mar/2024:05:52:13 -0500] "GET /sipse/faces/javax.faces.resource/layout/layout.css?ln=primefaces&v=4.0 HTTP/1.1" 304 -
186.80.108.8 - - [05/Mar/2024:05:52:13 -0500] "GET /sipse/faces/javax.faces.resource/primefaces.css?ln=primefaces&v=4.0 HTTP/1.1" 304 -
186.80.108.8 - - [05/Mar/2024:05:52:13 -0500] "GET /sipse/faces/javax.faces.resource/jquery/jquery.js?ln=primefaces&v=4.0 HTTP/1.1" 304 -
186.80.108.8 - - [05/Mar/2024:05:52:13 -0500] "GET /sipse/faces/javax.faces.resource/layout/layout.js?ln=primefaces&v=4.0 HTTP/1.1" 304 -
186.80.108.8 - - [05/Mar/2024:05:52:13 -0500] "GET /sipse/faces/javax.faces.resource/jquery/jquery-plugins.js?ln=primefaces&v=4.0 HTTP/1.1" 304 -
186.80.108.8 - - [05/Mar/2024:05:52:13 -0500] "GET /sipse/faces/javax.faces.resource/primefaces.js?ln=primefaces&v=4.0 HTTP/1.1" 304 -
3.224.220.101 - - [05/Mar/2024:05:52:13 -0500] "GET /BLA/resoluciones/RESOLUCIONES%202019/2911.pdf HTTP/1.1" 200 262243
186.80.108.8 - - [05/Mar/2024:05:52:14 -0500] "POST /sipse/faces/presentacion/contratacion/contrato/registroPresupuestal/consultarActividadesRP.xhtml HTTP/1.1" 200 22922
186.80.108.8 - - [05/Mar/2024:05:52:14 -0500] "GET /sipse/faces/javax.faces.resource/layout/layout.css?ln=primefaces&v=4.0 HTTP/1.1" 304 -
186.80.108.8 - - [05/Mar/2024:05:52:14 -0500] "GET /sipse/faces/javax.faces.resource/jquery/jquery.js?ln=primefaces&v=4.0 HTTP/1.1" 304 -
186.80.108.8 - - [05/Mar/2024:05:52:14 -0500] "GET /sipse/faces/javax.faces.resource/jquery/jquery-plugins.js?ln=primefaces&v=4.0 HTTP/1.1" 304 -
186.80.108.8 - - [05/Mar/2024:05:52:14 -0500] "GET /sipse/faces/javax.faces.resource/primefaces.js?ln=primefaces&v=4.0 HTTP/1.1" 304 -
186.80.108.8 - - [05/Mar/2024:05:52:14 -0500] "GET /sipse/faces/javax.faces.resource/theme.css?ln=primefaces-sipse HTTP/1.1" 304 -
186.80.108.8 - - [05/Mar/2024:05:52:14 -0500] "GET /sipse/faces/javax.faces.resource/primefaces.css?ln=primefaces&v=4.0 HTTP/1.1" 304 -
186.80.108.8 - - [05/Mar/2024:05:52:14 -0500] "GET /sipse/faces/javax.faces.resource/layout/layout.js?ln=primefaces&v=4.0 HTTP/1.1" 304 -
3.224.220.101 - - [05/Mar/2024:05:52:17 -0500] "GET /BLA/resoluciones/RESOLUCIONES%202019/2906.pdf HTTP/1.1" 200 328206
186.80.108.8 - - [05/Mar/2024:05:52:19 -0500] "POST /sipse/faces/presentacion/contratacion/contrato/registroPresupuestal/asociarPresupuestoActividadesRP.xhtml HTTP/1.1" 200 36893
186.80.108.8 - - [05/Mar/2024:05:52:19 -0500] "GET /sipse/faces/javax.faces.resource/theme.css?ln=primefaces-sipse HTTP/1.1" 304 -
186.80.108.8 - - [05/Mar/2024:05:52:19 -0500] "GET /sipse/faces/javax.faces.resource/layout/layout.css?ln=primefaces&v=4.0 HTTP/1.1" 304 -
186.80.108.8 - - [05/Mar/2024:05:52:19 -0500] "GET /sipse/faces/javax.faces.resource/primefaces.css?ln=primefaces&v=4.0 HTTP/1.1" 304 -
186.80.108.8 - - [05/Mar/2024:05:52:19 -0500] "GET /sipse/faces/javax.faces.resource/jquery/jquery.js?ln=primefaces&v=4.0 HTTP/1.1" 304 -
186.80.108.8 - - [05/Mar/2024:05:52:19 -0500] "GET /sipse/faces/javax.faces.resource/jquery/jquery-plugins.js?ln=primefaces&v=4.0 HTTP/1.1" 304 -
186.80.108.8 - - [05/Mar/2024:05:52:19 -0500] "GET /sipse/faces/javax.faces.resource/primefaces.js?ln=primefaces&v=4.0 HTTP/1.1" 304 -
186.80.108.8 - - [05/Mar/2024:05:52:19 -0500] "GET /sipse/faces/javax.faces.resource/layout/layout.js?ln=primefaces&v=4.0 HTTP/1.1" 304 -
23.22.35.162 - - [05/Mar/2024:05:52:22 -0500] "GET /BLA/resoluciones/RESOLUCIONES%202019/2905.pdf HTTP/1.1" 200 438708
186.80.108.8 - - [05/Mar/2024:05:52:23 -0500] "POST /sipse/faces/presentacion/contratacion/contrato/registroPresupuestal/expedirRP.xhtml HTTP/1.1" 200 144547
186.80.108.8 - - [05/Mar/2024:05:52:23 -0500] "GET /sipse/faces/javax.faces.resource/primefaces.css?ln=primefaces&v=4.0 HTTP/1.1" 304 -
186.80.108.8 - - [05/Mar/2024:05:52:23 -0500] "GET /sipse/faces/javax.faces.resource/theme.css?ln=primefaces-sipse HTTP/1.1" 304 -
186.80.108.8 - - [05/Mar/2024:05:52:23 -0500] "GET /sipse/faces/javax.faces.resource/layout/layout.css?ln=primefaces&v=4.0 HTTP/1.1" 304 -
186.80.108.8 - - [05/Mar/2024:05:52:23 -0500] "GET /sipse/faces/javax.faces.resource/jquery/jquery.js?ln=primefaces&v=4.0 HTTP/1.1" 304 -
186.80.108.8 - - [05/Mar/2024:05:52:23 -0500] "GET /sipse/faces/javax.faces.resource/jquery/jquery-plugins.js?ln=primefaces&v=4.0 HTTP/1.1" 304 -
186.80.108.8 - - [05/Mar/2024:05:52:23 -0500] "GET /sipse/faces/javax.faces.resource/primefaces.js?ln=primefaces&v=4.0 HTTP/1.1" 304 -
186.80.108.8 - - [05/Mar/2024:05:52:23 -0500] "GET /sipse/faces/javax.faces.resource/layout/layout.js?ln=primefaces&v=4.0 HTTP/1.1" 304 -
52.70.240.171 - - [05/Mar/2024:05:52:25 -0500] "GET /BLA/resoluciones/RESOLUCIONES%202019/2898.pdf HTTP/1.1" 200 303915
172.22.2.4 - - [05/Mar/2024:05:50:45 -0500] "HEAD /BLA/boletinlegal/ HTTP/1.1" 200 -
186.80.108.8 - - [05/Mar/2024:05:52:26 -0500] "POST /sipse/faces/presentacion/financiero/solicitudProceso/consultarSolicitudProceso.xhtml HTTP/1.1" 200 20591
186.80.108.8 - - [05/Mar/2024:05:52:26 -0500] "GET /sipse/faces/javax.faces.resource/theme.css?ln=primefaces-sipse HTTP/1.1" 304 -
186.80.108.8 - - [05/Mar/2024:05:52:27 -0500] "GET /sipse/faces/javax.faces.resource/primefaces.css?ln=primefaces&v=4.0 HTTP/1.1" 304 -
186.80.108.8 - - [05/Mar/2024:05:52:27 -0500] "GET /sipse/faces/javax.faces.resource/jquery/jquery.js?ln=primefaces&v=4.0 HTTP/1.1" 304 -
186.80.108.8 - - [05/Mar/2024:05:52:27 -0500] "GET /sipse/faces/javax.faces.resource/layout/layout.css?ln=primefaces&v=4.0 HTTP/1.1" 304 -
186.80.108.8 - - [05/Mar/2024:05:52:27 -0500] "GET /sipse/faces/javax.faces.resource/jquery/jquery-plugins.js?ln=primefaces&v=4.0 HTTP/1.1" 304 -
186.80.108.8 - - [05/Mar/2024:05:52:27 -0500] "GET /sipse/faces/javax.faces.resource/primefaces.js?ln=primefaces&v=4.0 HTTP/1.1" 304 -
186.80.108.8 - - [05/Mar/2024:05:52:27 -0500] "GET /sipse/faces/javax.faces.resource/fileupload/fileupload.css?ln=primefaces&v=4.0 HTTP/1.1" 304 -
186.80.108.8 - - [05/Mar/2024:05:52:27 -0500] "GET /sipse/faces/javax.faces.resource/layout/layout.js?ln=primefaces&v=4.0 HTTP/1.1" 304 -
186.80.108.8 - - [05/Mar/2024:05:52:27 -0500] "GET /sipse/faces/javax.faces.resource/fileupload/fileupload.js?ln=primefaces&v=4.0 HTTP/1.1" 304 -
23.22.35.162 - - [05/Mar/2024:05:52:29 -0500] "GET /BLA/resoluciones/RESOLUCIONES%202019/2897.pdf HTTP/1.1" 200 884087
23.22.35.162 - - [05/Mar/2024:05:52:33 -0500] "GET /BLA/resoluciones/RESOLUCIONES%202019/2896.pdf HTTP/1.1" 200 346614
186.80.108.8 - - [05/Mar/2024:05:52:33 -0500] "POST /sipse/faces/presentacion/sistema/anexos/cargarAnexoSolicitudProceso.xhtml HTTP/1.1" 200 191627
186.80.108.8 - - [05/Mar/2024:05:52:34 -0500] "GET /sipse/faces/javax.faces.resource/theme.css?ln=primefaces-sipse HTTP/1.1" 304 -
186.80.108.8 - - [05/Mar/2024:05:52:34 -0500] "GET /sipse/faces/javax.faces.resource/primefaces.css?ln=primefaces&v=4.0 HTTP/1.1" 304 -
186.80.108.8 - - [05/Mar/2024:05:52:34 -0500] "GET /sipse/faces/javax.faces.resource/layout/layout.css?ln=primefaces&v=4.0 HTTP/1.1" 304 -
186.80.108.8 - - [05/Mar/2024:05:52:34 -0500] "GET /sipse/faces/javax.faces.resource/jquery/jquery.js?ln=primefaces&v=4.0 HTTP/1.1" 304 -
186.80.108.8 - - [05/Mar/2024:05:52:34 -0500] "GET /sipse/faces/javax.faces.resource/jquery/jquery-plugins.js?ln=primefaces&v=4.0 HTTP/1.1" 304 -
186.80.108.8 - - [05/Mar/2024:05:52:34 -0500] "GET /sipse/faces/javax.faces.resource/primefaces.js?ln=primefaces&v=4.0 HTTP/1.1" 304 -
186.80.108.8 - - [05/Mar/2024:05:52:34 -0500] "GET /sipse/faces/javax.faces.resource/layout/layout.js?ln=primefaces&v=4.0 HTTP/1.1" 304 -
23.22.35.162 - - [05/Mar/2024:05:52:37 -0500] "GET /BLA/resoluciones/RESOLUCIONES%202019/2895.pdf HTTP/1.1" 200 445357
186.80.108.8 - - [05/Mar/2024:05:52:37 -0500] "POST /sipse/faces/presentacion/financiero/solicitudProceso/consultarSolicitudProceso.xhtml HTTP/1.1" 200 63491
186.80.108.8 - - [05/Mar/2024:05:52:39 -0500] "GET /sipse/faces/javax.faces.resource/theme.css?ln=primefaces-sipse HTTP/1.1" 304 -
186.80.108.8 - - [05/Mar/2024:05:52:39 -0500] "GET /sipse/faces/javax.faces.resource/layout/layout.css?ln=primefaces&v=4.0 HTTP/1.1" 304 -
186.80.108.8 - - [05/Mar/2024:05:52:39 -0500] "GET /sipse/faces/javax.faces.resource/primefaces.css?ln=primefaces&v=4.0 HTTP/1.1" 304 -
186.80.108.8 - - [05/Mar/2024:05:52:39 -0500] "GET /sipse/faces/javax.faces.resource/jquery/jquery.js?ln=primefaces&v=4.0 HTTP/1.1" 304 -
186.80.108.8 - - [05/Mar/2024:05:52:39 -0500] "GET /sipse/faces/javax.faces.resource/jquery/jquery-plugins.js?ln=primefaces&v=4.0 HTTP/1.1" 304 -
186.80.108.8 - - [05/Mar/2024:05:52:39 -0500] "GET /sipse/faces/javax.faces.resource/primefaces.js?ln=primefaces&v=4.0 HTTP/1.1" 304 -
186.80.108.8 - - [05/Mar/2024:05:52:39 -0500] "GET /sipse/faces/javax.faces.resource/layout/layout.js?ln=primefaces&v=4.0 HTTP/1.1" 304 -
186.80.108.8 - - [05/Mar/2024:05:52:40 -0500] "POST /sipse/faces/presentacion/financiero/solicitudProceso/listarSolicitudProceso.xhtml HTTP/1.1" 200 1556
23.22.35.162 - - [05/Mar/2024:05:52:41 -0500] "GET /BLA/resoluciones/RESOLUCIONES%202019/2893.pdf HTTP/1.1" 200 300149
186.80.108.8 - - [05/Mar/2024:05:52:42 -0500] "POST /sipse/faces/presentacion/financiero/solicitudProceso/listarSolicitudProceso.xhtml HTTP/1.1" 200 32569
186.80.108.8 - - [05/Mar/2024:05:52:45 -0500] "POST /sipse/faces/presentacion/financiero/solicitudProceso/listarSolicitudProceso.xhtml HTTP/1.1" 200 32792
52.70.240.171 - - [05/Mar/2024:05:52:45 -0500] "GET /BLA/resoluciones/RESOLUCIONES%202019/2886.pdf HTTP/1.1" 200 1486147
3.224.220.101 - - [05/Mar/2024:05:52:49 -0500] "GET /BLA/resoluciones/RESOLUCIONES%202019/2885.pdf HTTP/1.1" 200 1465050
23.22.35.162 - - [05/Mar/2024:05:52:53 -0500] "GET /BLA/resoluciones/RESOLUCIONES%202019/2883.pdf HTTP/1.1" 200 295462
23.22.35.162 - - [05/Mar/2024:05:52:57 -0500] "GET /BLA/resoluciones/RESOLUCIONES%202019/2881.pdf HTTP/1.1" 200 377478
52.70.240.171 - - [05/Mar/2024:05:53:01 -0500] "GET /BLA/resoluciones/RESOLUCIONES%202019/2880.pdf HTTP/1.1" 200 654843
23.22.35.162 - - [05/Mar/2024:05:53:05 -0500] "GET /BLA/resoluciones/RESOLUCIONES%202019/2879.pdf HTTP/1.1" 200 619779
23.22.35.162 - - [05/Mar/2024:05:53:09 -0500] "GET /BLA/resoluciones/RESOLUCIONES%202019/2878.pdf HTTP/1.1" 200 411564
23.22.35.162 - - [05/Mar/2024:05:53:13 -0500] "GET /BLA/resoluciones/RESOLUCIONES%202019/2877.pdf HTTP/1.1" 200 304917
172.22.2.4 - - [05/Mar/2024:05:51:36 -0500] "GET /BLA/boletinlegal/ HTTP/1.1" 200 58273
52.70.240.171 - - [05/Mar/2024:05:53:18 -0500] "GET /BLA/resoluciones/RESOLUCIONES%202019/2875.pdf HTTP/1.1" 200 277059
3.224.220.101 - - [05/Mar/2024:05:53:21 -0500] "GET /BLA/resoluciones/RESOLUCIONES%202019/2874.pdf HTTP/1.1" 200 533779
23.22.35.162 - - [05/Mar/2024:05:53:26 -0500] "GET /BLA/resoluciones/RESOLUCIONES%202019/2873.pdf HTTP/1.1" 200 522399
23.22.35.162 - - [05/Mar/2024:05:53:29 -0500] "GET /BLA/resoluciones/RESOLUCIONES%202019/2872.pdf HTTP/1.1" 200 525437
23.22.35.162 - - [05/Mar/2024:05:53:34 -0500] "GET /BLA/resoluciones/RESOLUCIONES%202019/2871.pdf HTTP/1.1" 200 776799
52.70.240.171 - - [05/Mar/2024:05:53:37 -0500] "GET /BLA/resoluciones/RESOLUCIONES%202019/2870.pdf HTTP/1.1" 200 575789
52.70.240.171 - - [05/Mar/2024:05:53:41 -0500] "GET /BLA/resoluciones/RESOLUCIONES%202019/2869.pdf HTTP/1.1" 200 427847
52.70.240.171 - - [05/Mar/2024:05:53:45 -0500] "GET /BLA/resoluciones/RESOLUCIONES%202019/2868.pdf HTTP/1.1" 200 269421
3.224.220.101 - - [05/Mar/2024:05:53:49 -0500] "GET /BLA/resoluciones/RESOLUCIONES%202019/2867.pdf HTTP/1.1" 200 487903
3.224.220.101 - - [05/Mar/2024:05:53:53 -0500] "GET /BLA/resoluciones/RESOLUCIONES%202019/2866.pdf HTTP/1.1" 200 359064
3.224.220.101 - - [05/Mar/2024:05:53:57 -0500] "GET /BLA/resoluciones/RESOLUCIONES%202019/2865.pdf HTTP/1.1" 200 511982
52.70.240.171 - - [05/Mar/2024:05:54:01 -0500] "GET /BLA/resoluciones/RESOLUCIONES%202019/2864.pdf HTTP/1.1" 200 246127
3.224.220.101 - - [05/Mar/2024:05:54:05 -0500] "GET /BLA/resoluciones/RESOLUCIONES%202019/2863.pdf HTTP/1.1" 200 231020
186.80.108.8 - - [05/Mar/2024:05:54:07 -0500] "POST /sipse/faces/presentacion/financiero/solicitudProceso/listarSolicitudProceso.xhtml HTTP/1.1" 200 146634
186.80.108.8 - - [05/Mar/2024:05:54:08 -0500] "GET /sipse/faces/javax.faces.resource/theme.css?ln=primefaces-sipse HTTP/1.1" 304 -
186.80.108.8 - - [05/Mar/2024:05:54:08 -0500] "GET /sipse/faces/javax.faces.resource/primefaces.css?ln=primefaces&v=4.0 HTTP/1.1" 304 -
186.80.108.8 - - [05/Mar/2024:05:54:08 -0500] "GET /sipse/faces/javax.faces.resource/layout/layout.css?ln=primefaces&v=4.0 HTTP/1.1" 304 -
186.80.108.8 - - [05/Mar/2024:05:54:08 -0500] "GET /sipse/faces/javax.faces.resource/jquery/jquery.js?ln=primefaces&v=4.0 HTTP/1.1" 304 -
186.80.108.8 - - [05/Mar/2024:05:54:08 -0500] "GET /sipse/faces/javax.faces.resource/jquery/jquery-plugins.js?ln=primefaces&v=4.0 HTTP/1.1" 304 -
186.80.108.8 - - [05/Mar/2024:05:54:08 -0500] "GET /sipse/faces/javax.faces.resource/primefaces.js?ln=primefaces&v=4.0 HTTP/1.1" 304 -
186.80.108.8 - - [05/Mar/2024:05:54:08 -0500] "GET /sipse/faces/javax.faces.resource/layout/layout.js?ln=primefaces&v=4.0 HTTP/1.1" 304 -
3.224.220.101 - - [05/Mar/2024:05:54:10 -0500] "GET /BLA/resoluciones/RESOLUCIONES%202019/2861.pdf HTTP/1.1" 200 231341
3.224.220.101 - - [05/Mar/2024:05:54:13 -0500] "GET /BLA/resoluciones/RESOLUCIONES%202019/2860.pdf HTTP/1.1" 200 297732
52.70.240.171 - - [05/Mar/2024:05:54:17 -0500] "GET /BLA/resoluciones/RESOLUCIONES%202019/2859.pdf HTTP/1.1" 200 1433088
186.80.108.8 - - [05/Mar/2024:05:54:20 -0500] "POST /sipse/faces/presentacion/financiero/solicitudProceso/consultarSolicitudProceso.xhtml HTTP/1.1" 200 36815
186.80.108.8 - - [05/Mar/2024:05:54:20 -0500] "GET /sipse/faces/javax.faces.resource/theme.css?ln=primefaces-sipse HTTP/1.1" 304 -
186.80.108.8 - - [05/Mar/2024:05:54:20 -0500] "GET /sipse/faces/javax.faces.resource/primefaces.css?ln=primefaces&v=4.0 HTTP/1.1" 304 -
186.80.108.8 - - [05/Mar/2024:05:54:20 -0500] "GET /sipse/faces/javax.faces.resource/layout/layout.css?ln=primefaces&v=4.0 HTTP/1.1" 304 -
186.80.108.8 - - [05/Mar/2024:05:54:20 -0500] "GET /sipse/faces/javax.faces.resource/jquery/jquery.js?ln=primefaces&v=4.0 HTTP/1.1" 304 -
186.80.108.8 - - [05/Mar/2024:05:54:20 -0500] "GET /sipse/faces/javax.faces.resource/jquery/jquery-plugins.js?ln=primefaces&v=4.0 HTTP/1.1" 304 -
186.80.108.8 - - [05/Mar/2024:05:54:20 -0500] "GET /sipse/faces/javax.faces.resource/primefaces.js?ln=primefaces&v=4.0 HTTP/1.1" 304 -
186.80.108.8 - - [05/Mar/2024:05:54:20 -0500] "GET /sipse/faces/javax.faces.resource/layout/layout.js?ln=primefaces&v=4.0 HTTP/1.1" 304 -
52.70.240.171 - - [05/Mar/2024:05:54:21 -0500] "GET /BLA/resoluciones/RESOLUCIONES%202019/2858.pdf HTTP/1.1" 200 472451
186.80.108.8 - - [05/Mar/2024:05:54:25 -0500] "POST /sipse/faces/presentacion/contratacion/contrato/registroPresupuestal/expedirRP.xhtml HTTP/1.1" 200 2240
3.224.220.101 - - [05/Mar/2024:05:54:25 -0500] "GET /BLA/resoluciones/RESOLUCIONES%202019/2857.pdf HTTP/1.1" 200 521052
186.80.108.8 - - [05/Mar/2024:05:54:28 -0500] "POST /sipse/faces/presentacion/contratacion/contrato/registroPresupuestal/expedirRP.xhtml HTTP/1.1" 200 20767
186.80.108.8 - - [05/Mar/2024:05:54:28 -0500] "GET /sipse/faces/javax.faces.resource/theme.css?ln=primefaces-sipse HTTP/1.1" 304 -
186.80.108.8 - - [05/Mar/2024:05:54:28 -0500] "GET /sipse/faces/javax.faces.resource/layout/layout.css?ln=primefaces&v=4.0 HTTP/1.1" 304 -
186.80.108.8 - - [05/Mar/2024:05:54:28 -0500] "GET /sipse/faces/javax.faces.resource/primefaces.css?ln=primefaces&v=4.0 HTTP/1.1" 304 -
186.80.108.8 - - [05/Mar/2024:05:54:28 -0500] "GET /sipse/faces/javax.faces.resource/jquery/jquery.js?ln=primefaces&v=4.0 HTTP/1.1" 304 -
186.80.108.8 - - [05/Mar/2024:05:54:28 -0500] "GET /sipse/faces/javax.faces.resource/primefaces.js?ln=primefaces&v=4.0 HTTP/1.1" 304 -
186.80.108.8 - - [05/Mar/2024:05:54:28 -0500] "GET /sipse/faces/javax.faces.resource/jquery/jquery-plugins.js?ln=primefaces&v=4.0 HTTP/1.1" 304 -
186.80.108.8 - - [05/Mar/2024:05:54:28 -0500] "GET /sipse/faces/javax.faces.resource/layout/layout.js?ln=primefaces&v=4.0 HTTP/1.1" 304 -
186.80.108.8 - - [05/Mar/2024:05:54:29 -0500] "POST /sipse/faces/presentacion/contratacion/contrato/registroPresupuestal/consultarActividadesRP.xhtml HTTP/1.1" 200 22929
23.22.35.162 - - [05/Mar/2024:05:54:29 -0500] "GET /BLA/resoluciones/RESOLUCIONES%202019/2856.pdf HTTP/1.1" 200 455685
186.80.108.8 - - [05/Mar/2024:05:54:29 -0500] "GET /sipse/faces/javax.faces.resource/theme.css?ln=primefaces-sipse HTTP/1.1" 304 -
186.80.108.8 - - [05/Mar/2024:05:54:29 -0500] "GET /sipse/faces/javax.faces.resource/jquery/jquery-plugins.js?ln=primefaces&v=4.0 HTTP/1.1" 304 -
186.80.108.8 - - [05/Mar/2024:05:54:29 -0500] "GET /sipse/faces/javax.faces.resource/primefaces.js?ln=primefaces&v=4.0 HTTP/1.1" 304 -
186.80.108.8 - - [05/Mar/2024:05:54:29 -0500] "GET /sipse/faces/javax.faces.resource/primefaces.css?ln=primefaces&v=4.0 HTTP/1.1" 304 -
186.80.108.8 - - [05/Mar/2024:05:54:29 -0500] "GET /sipse/faces/javax.faces.resource/layout/layout.css?ln=primefaces&v=4.0 HTTP/1.1" 304 -
186.80.108.8 - - [05/Mar/2024:05:54:29 -0500] "GET /sipse/faces/javax.faces.resource/jquery/jquery.js?ln=primefaces&v=4.0 HTTP/1.1" 304 -
186.80.108.8 - - [05/Mar/2024:05:54:29 -0500] "GET /sipse/faces/javax.faces.resource/layout/layout.js?ln=primefaces&v=4.0 HTTP/1.1" 304 -
3.224.220.101 - - [05/Mar/2024:05:54:33 -0500] "GET /BLA/resoluciones/RESOLUCIONES%202019/2855.pdf HTTP/1.1" 200 279469
186.80.108.8 - - [05/Mar/2024:05:54:34 -0500] "POST /sipse/faces/presentacion/contratacion/contrato/registroPresupuestal/asociarPresupuestoActividadesRP.xhtml HTTP/1.1" 200 36893
186.80.108.8 - - [05/Mar/2024:05:54:34 -0500] "GET /sipse/faces/javax.faces.resource/theme.css?ln=primefaces-sipse HTTP/1.1" 304 -
186.80.108.8 - - [05/Mar/2024:05:54:34 -0500] "GET /sipse/faces/javax.faces.resource/layout/layout.css?ln=primefaces&v=4.0 HTTP/1.1" 304 -
186.80.108.8 - - [05/Mar/2024:05:54:34 -0500] "GET /sipse/faces/javax.faces.resource/primefaces.css?ln=primefaces&v=4.0 HTTP/1.1" 304 -
186.80.108.8 - - [05/Mar/2024:05:54:34 -0500] "GET /sipse/faces/javax.faces.resource/jquery/jquery.js?ln=primefaces&v=4.0 HTTP/1.1" 304 -
186.80.108.8 - - [05/Mar/2024:05:54:34 -0500] "GET /sipse/faces/javax.faces.resource/jquery/jquery-plugins.js?ln=primefaces&v=4.0 HTTP/1.1" 304 -
186.80.108.8 - - [05/Mar/2024:05:54:34 -0500] "GET /sipse/faces/javax.faces.resource/primefaces.js?ln=primefaces&v=4.0 HTTP/1.1" 304 -
186.80.108.8 - - [05/Mar/2024:05:54:34 -0500] "GET /sipse/faces/javax.faces.resource/layout/layout.js?ln=primefaces&v=4.0 HTTP/1.1" 304 -
186.80.108.8 - - [05/Mar/2024:05:54:36 -0500] "POST /sipse/faces/presentacion/contratacion/contrato/registroPresupuestal/expedirRP.xhtml HTTP/1.1" 200 148360
186.80.108.8 - - [05/Mar/2024:05:54:37 -0500] "GET /sipse/faces/javax.faces.resource/theme.css?ln=primefaces-sipse HTTP/1.1" 304 -
186.80.108.8 - - [05/Mar/2024:05:54:37 -0500] "GET /sipse/faces/javax.faces.resource/layout/layout.css?ln=primefaces&v=4.0 HTTP/1.1" 304 -
186.80.108.8 - - [05/Mar/2024:05:54:37 -0500] "GET /sipse/faces/javax.faces.resource/primefaces.css?ln=primefaces&v=4.0 HTTP/1.1" 304 -
186.80.108.8 - - [05/Mar/2024:05:54:37 -0500] "GET /sipse/faces/javax.faces.resource/jquery/jquery.js?ln=primefaces&v=4.0 HTTP/1.1" 304 -
186.80.108.8 - - [05/Mar/2024:05:54:37 -0500] "GET /sipse/faces/javax.faces.resource/jquery/jquery-plugins.js?ln=primefaces&v=4.0 HTTP/1.1" 304 -
186.80.108.8 - - [05/Mar/2024:05:54:37 -0500] "GET /sipse/faces/javax.faces.resource/primefaces.js?ln=primefaces&v=4.0 HTTP/1.1" 304 -
186.80.108.8 - - [05/Mar/2024:05:54:37 -0500] "GET /sipse/faces/javax.faces.resource/layout/layout.js?ln=primefaces&v=4.0 HTTP/1.1" 304 -
3.224.220.101 - - [05/Mar/2024:05:54:37 -0500] "GET /BLA/resoluciones/RESOLUCIONES%202019/2853.pdf HTTP/1.1" 200 276630
186.80.108.8 - - [05/Mar/2024:05:54:39 -0500] "POST /sipse/faces/presentacion/financiero/solicitudProceso/consultarSolicitudProceso.xhtml HTTP/1.1" 200 20591
186.80.108.8 - - [05/Mar/2024:05:54:39 -0500] "GET /sipse/faces/javax.faces.resource/theme.css?ln=primefaces-sipse HTTP/1.1" 304 -
186.80.108.8 - - [05/Mar/2024:05:54:39 -0500] "GET /sipse/faces/javax.faces.resource/layout/layout.css?ln=primefaces&v=4.0 HTTP/1.1" 304 -
186.80.108.8 - - [05/Mar/2024:05:54:39 -0500] "GET /sipse/faces/javax.faces.resource/primefaces.css?ln=primefaces&v=4.0 HTTP/1.1" 304 -
186.80.108.8 - - [05/Mar/2024:05:54:39 -0500] "GET /sipse/faces/javax.faces.resource/jquery/jquery.js?ln=primefaces&v=4.0 HTTP/1.1" 304 -
186.80.108.8 - - [05/Mar/2024:05:54:39 -0500] "GET /sipse/faces/javax.faces.resource/jquery/jquery-plugins.js?ln=primefaces&v=4.0 HTTP/1.1" 304 -
186.80.108.8 - - [05/Mar/2024:05:54:39 -0500] "GET /sipse/faces/javax.faces.resource/primefaces.js?ln=primefaces&v=4.0 HTTP/1.1" 304 -
186.80.108.8 - - [05/Mar/2024:05:54:39 -0500] "GET /sipse/faces/javax.faces.resource/fileupload/fileupload.css?ln=primefaces&v=4.0 HTTP/1.1" 304 -
186.80.108.8 - - [05/Mar/2024:05:54:39 -0500] "GET /sipse/faces/javax.faces.resource/layout/layout.js?ln=primefaces&v=4.0 HTTP/1.1" 304 -
186.80.108.8 - - [05/Mar/2024:05:54:39 -0500] "GET /sipse/faces/javax.faces.resource/fileupload/fileupload.js?ln=primefaces&v=4.0 HTTP/1.1" 304 -
23.22.35.162 - - [05/Mar/2024:05:54:42 -0500] "GET /BLA/resoluciones/RESOLUCIONES%202019/2852.pdf HTTP/1.1" 200 287418
52.70.240.171 - - [05/Mar/2024:05:54:45 -0500] "GET /BLA/resoluciones/RESOLUCIONES%202019/2851.pdf HTTP/1.1" 200 287666
186.80.108.8 - - [05/Mar/2024:05:54:46 -0500] "GET /sipse/faces/javax.faces.resource/theme.css?ln=primefaces-sipse HTTP/1.1" 304 -
186.80.108.8 - - [05/Mar/2024:05:54:46 -0500] "GET /sipse/faces/javax.faces.resource/jquery/jquery.js?ln=primefaces&v=4.0 HTTP/1.1" 304 -
186.80.108.8 - - [05/Mar/2024:05:54:46 -0500] "GET /sipse/faces/javax.faces.resource/layout/layout.css?ln=primefaces&v=4.0 HTTP/1.1" 304 -
186.80.108.8 - - [05/Mar/2024:05:54:46 -0500] "GET /sipse/faces/javax.faces.resource/jquery/jquery-plugins.js?ln=primefaces&v=4.0 HTTP/1.1" 304 -
186.80.108.8 - - [05/Mar/2024:05:54:46 -0500] "GET /sipse/faces/javax.faces.resource/primefaces.css?ln=primefaces&v=4.0 HTTP/1.1" 304 -
186.80.108.8 - - [05/Mar/2024:05:54:46 -0500] "GET /sipse/faces/javax.faces.resource/primefaces.js?ln=primefaces&v=4.0 HTTP/1.1" 304 -
186.80.108.8 - - [05/Mar/2024:05:54:46 -0500] "GET /sipse/faces/javax.faces.resource/layout/layout.js?ln=primefaces&v=4.0 HTTP/1.1" 304 -
186.80.108.8 - - [05/Mar/2024:05:54:45 -0500] "POST /sipse/faces/presentacion/sistema/anexos/cargarAnexoSolicitudProceso.xhtml HTTP/1.1" 200 195452
52.70.240.171 - - [05/Mar/2024:05:54:49 -0500] "GET /BLA/resoluciones/RESOLUCIONES%202019/2847.pdf HTTP/1.1" 200 1113826
186.80.108.8 - - [05/Mar/2024:05:54:48 -0500] "POST /sipse/faces/presentacion/financiero/solicitudProceso/consultarSolicitudProceso.xhtml HTTP/1.1" 200 63458
186.80.108.8 - - [05/Mar/2024:05:54:50 -0500] "GET /sipse/faces/javax.faces.resource/theme.css?ln=primefaces-sipse HTTP/1.1" 304 -
186.80.108.8 - - [05/Mar/2024:05:54:50 -0500] "GET /sipse/faces/javax.faces.resource/primefaces.css?ln=primefaces&v=4.0 HTTP/1.1" 304 -
186.80.108.8 - - [05/Mar/2024:05:54:50 -0500] "GET /sipse/faces/javax.faces.resource/layout/layout.css?ln=primefaces&v=4.0 HTTP/1.1" 304 -
186.80.108.8 - - [05/Mar/2024:05:54:50 -0500] "GET /sipse/faces/javax.faces.resource/jquery/jquery.js?ln=primefaces&v=4.0 HTTP/1.1" 304 -
186.80.108.8 - - [05/Mar/2024:05:54:50 -0500] "GET /sipse/faces/javax.faces.resource/jquery/jquery-plugins.js?ln=primefaces&v=4.0 HTTP/1.1" 304 -
186.80.108.8 - - [05/Mar/2024:05:54:50 -0500] "GET /sipse/faces/javax.faces.resource/primefaces.js?ln=primefaces&v=4.0 HTTP/1.1" 304 -
186.80.108.8 - - [05/Mar/2024:05:54:50 -0500] "GET /sipse/faces/javax.faces.resource/layout/layout.js?ln=primefaces&v=4.0 HTTP/1.1" 304 -
186.80.108.8 - - [05/Mar/2024:05:54:51 -0500] "POST /sipse/faces/presentacion/financiero/solicitudProceso/listarSolicitudProceso.xhtml HTTP/1.1" 200 1556
23.22.35.162 - - [05/Mar/2024:05:54:53 -0500] "GET /BLA/resoluciones/RESOLUCIONES%202019/2846.pdf HTTP/1.1" 200 627891
52.70.240.171 - - [05/Mar/2024:05:54:57 -0500] "GET /BLA/resoluciones/RESOLUCIONES%202019/2845.pdf HTTP/1.1" 200 1778666
186.80.108.8 - - [05/Mar/2024:05:54:58 -0500] "POST /sipse/faces/presentacion/financiero/solicitudProceso/listarSolicitudProceso.xhtml HTTP/1.1" 200 141026
186.80.108.8 - - [05/Mar/2024:05:54:59 -0500] "GET /sipse/faces/javax.faces.resource/theme.css?ln=primefaces-sipse HTTP/1.1" 304 -
186.80.108.8 - - [05/Mar/2024:05:54:59 -0500] "GET /sipse/faces/javax.faces.resource/primefaces.css?ln=primefaces&v=4.0 HTTP/1.1" 304 -
186.80.108.8 - - [05/Mar/2024:05:54:59 -0500] "GET /sipse/faces/javax.faces.resource/layout/layout.css?ln=primefaces&v=4.0 HTTP/1.1" 304 -
186.80.108.8 - - [05/Mar/2024:05:54:59 -0500] "GET /sipse/faces/javax.faces.resource/jquery/jquery.js?ln=primefaces&v=4.0 HTTP/1.1" 304 -
186.80.108.8 - - [05/Mar/2024:05:54:59 -0500] "GET /sipse/faces/javax.faces.resource/jquery/jquery-plugins.js?ln=primefaces&v=4.0 HTTP/1.1" 304 -
186.80.108.8 - - [05/Mar/2024:05:54:59 -0500] "GET /sipse/faces/javax.faces.resource/primefaces.js?ln=primefaces&v=4.0 HTTP/1.1" 304 -
186.80.108.8 - - [05/Mar/2024:05:54:59 -0500] "GET /sipse/faces/javax.faces.resource/layout/layout.js?ln=primefaces&v=4.0 HTTP/1.1" 304 -
52.70.240.171 - - [05/Mar/2024:05:55:01 -0500] "GET /BLA/resoluciones/RESOLUCIONES%202019/2844.pdf HTTP/1.1" 200 1162935
17.241.219.58 - - [05/Mar/2024:05:55:02 -0500] "GET /regresa-la-exposicion-nacional-de-orquideas-en-su-vigesima-edicion-y-primera-version-internacional.html HTTP/1.1" 200 848
52.70.240.171 - - [05/Mar/2024:05:55:05 -0500] "GET /BLA/resoluciones/RESOLUCIONES%202019/2843.pdf HTTP/1.1" 200 447309
186.80.108.8 - - [05/Mar/2024:05:55:07 -0500] "POST /sipse/faces/presentacion/financiero/solicitudProceso/consultarSolicitudProceso.xhtml HTTP/1.1" 200 36815
186.80.108.8 - - [05/Mar/2024:05:55:07 -0500] "GET /sipse/faces/javax.faces.resource/theme.css?ln=primefaces-sipse HTTP/1.1" 304 -
186.80.108.8 - - [05/Mar/2024:05:55:07 -0500] "GET /sipse/faces/javax.faces.resource/primefaces.css?ln=primefaces&v=4.0 HTTP/1.1" 304 -
186.80.108.8 - - [05/Mar/2024:05:55:07 -0500] "GET /sipse/faces/javax.faces.resource/layout/layout.css?ln=primefaces&v=4.0 HTTP/1.1" 304 -
186.80.108.8 - - [05/Mar/2024:05:55:07 -0500] "GET /sipse/faces/javax.faces.resource/jquery/jquery.js?ln=primefaces&v=4.0 HTTP/1.1" 304 -
186.80.108.8 - - [05/Mar/2024:05:55:07 -0500] "GET /sipse/faces/javax.faces.resource/jquery/jquery-plugins.js?ln=primefaces&v=4.0 HTTP/1.1" 304 -
186.80.108.8 - - [05/Mar/2024:05:55:07 -0500] "GET /sipse/faces/javax.faces.resource/primefaces.js?ln=primefaces&v=4.0 HTTP/1.1" 304 -
186.80.108.8 - - [05/Mar/2024:05:55:07 -0500] "GET /sipse/faces/javax.faces.resource/layout/layout.js?ln=primefaces&v=4.0 HTTP/1.1" 304 -
3.224.220.101 - - [05/Mar/2024:05:55:09 -0500] "GET /BLA/resoluciones/RESOLUCIONES%202019/2840.pdf HTTP/1.1" 200 612362
186.80.108.8 - - [05/Mar/2024:05:55:13 -0500] "POST /sipse/faces/presentacion/contratacion/contrato/registroPresupuestal/expedirRP.xhtml HTTP/1.1" 200 2240
23.22.35.162 - - [05/Mar/2024:05:55:13 -0500] "GET /BLA/resoluciones/RESOLUCIONES%202019/2839.pdf HTTP/1.1" 200 764107
23.22.35.162 - - [05/Mar/2024:05:55:17 -0500] "GET /BLA/resoluciones/RESOLUCIONES%202019/2838.pdf HTTP/1.1" 200 556426
186.80.108.8 - - [05/Mar/2024:05:55:18 -0500] "POST /sipse/faces/presentacion/contratacion/contrato/registroPresupuestal/expedirRP.xhtml HTTP/1.1" 200 20711
186.80.108.8 - - [05/Mar/2024:05:55:19 -0500] "GET /sipse/faces/javax.faces.resource/theme.css?ln=primefaces-sipse HTTP/1.1" 304 -
186.80.108.8 - - [05/Mar/2024:05:55:19 -0500] "GET /sipse/faces/javax.faces.resource/primefaces.css?ln=primefaces&v=4.0 HTTP/1.1" 304 -
186.80.108.8 - - [05/Mar/2024:05:55:19 -0500] "GET /sipse/faces/javax.faces.resource/layout/layout.css?ln=primefaces&v=4.0 HTTP/1.1" 304 -
186.80.108.8 - - [05/Mar/2024:05:55:19 -0500] "GET /sipse/faces/javax.faces.resource/jquery/jquery.js?ln=primefaces&v=4.0 HTTP/1.1" 304 -
186.80.108.8 - - [05/Mar/2024:05:55:19 -0500] "GET /sipse/faces/javax.faces.resource/jquery/jquery-plugins.js?ln=primefaces&v=4.0 HTTP/1.1" 304 -
186.80.108.8 - - [05/Mar/2024:05:55:19 -0500] "GET /sipse/faces/javax.faces.resource/layout/layout.js?ln=primefaces&v=4.0 HTTP/1.1" 304 -
186.80.108.8 - - [05/Mar/2024:05:55:19 -0500] "GET /sipse/faces/javax.faces.resource/primefaces.js?ln=primefaces&v=4.0 HTTP/1.1" 304 -
186.80.108.8 - - [05/Mar/2024:05:55:20 -0500] "POST /sipse/faces/presentacion/contratacion/contrato/registroPresupuestal/consultarActividadesRP.xhtml HTTP/1.1" 200 22923
186.80.108.8 - - [05/Mar/2024:05:55:20 -0500] "GET /sipse/faces/javax.faces.resource/theme.css?ln=primefaces-sipse HTTP/1.1" 304 -
186.80.108.8 - - [05/Mar/2024:05:55:20 -0500] "GET /sipse/faces/javax.faces.resource/layout/layout.css?ln=primefaces&v=4.0 HTTP/1.1" 304 -
186.80.108.8 - - [05/Mar/2024:05:55:20 -0500] "GET /sipse/faces/javax.faces.resource/primefaces.css?ln=primefaces&v=4.0 HTTP/1.1" 304 -
186.80.108.8 - - [05/Mar/2024:05:55:20 -0500] "GET /sipse/faces/javax.faces.resource/jquery/jquery.js?ln=primefaces&v=4.0 HTTP/1.1" 304 -
186.80.108.8 - - [05/Mar/2024:05:55:20 -0500] "GET /sipse/faces/javax.faces.resource/jquery/jquery-plugins.js?ln=primefaces&v=4.0 HTTP/1.1" 304 -
186.80.108.8 - - [05/Mar/2024:05:55:20 -0500] "GET /sipse/faces/javax.faces.resource/primefaces.js?ln=primefaces&v=4.0 HTTP/1.1" 304 -
186.80.108.8 - - [05/Mar/2024:05:55:20 -0500] "GET /sipse/faces/javax.faces.resource/layout/layout.js?ln=primefaces&v=4.0 HTTP/1.1" 304 -
23.22.35.162 - - [05/Mar/2024:05:55:22 -0500] "GET /BLA/resoluciones/RESOLUCIONES%202019/2837.pdf HTTP/1.1" 200 277489
23.22.35.162 - - [05/Mar/2024:05:55:26 -0500] "GET /BLA/resoluciones/RESOLUCIONES%202019/2836.pdf HTTP/1.1" 200 317226
85.208.96.193 - - [05/Mar/2024:05:55:27 -0500] "GET /robots.txt HTTP/1.1" 404 1034
85.208.96.212 - - [05/Mar/2024:05:55:27 -0500] "GET /como-obtener-el-certificado-de-estado-de-conservacion-ambiental-ceca.html HTTP/1.1" 200 873
186.80.108.8 - - [05/Mar/2024:05:55:28 -0500] "POST /sipse/faces/presentacion/contratacion/contrato/registroPresupuestal/asociarPresupuestoActividadesRP.xhtml HTTP/1.1" 200 36893
186.80.108.8 - - [05/Mar/2024:05:55:28 -0500] "GET /sipse/faces/javax.faces.resource/theme.css?ln=primefaces-sipse HTTP/1.1" 304 -
186.80.108.8 - - [05/Mar/2024:05:55:28 -0500] "GET /sipse/faces/javax.faces.resource/primefaces.css?ln=primefaces&v=4.0 HTTP/1.1" 304 -
186.80.108.8 - - [05/Mar/2024:05:55:28 -0500] "GET /sipse/faces/javax.faces.resource/layout/layout.css?ln=primefaces&v=4.0 HTTP/1.1" 304 -
186.80.108.8 - - [05/Mar/2024:05:55:28 -0500] "GET /sipse/faces/javax.faces.resource/jquery/jquery.js?ln=primefaces&v=4.0 HTTP/1.1" 304 -
186.80.108.8 - - [05/Mar/2024:05:55:28 -0500] "GET /sipse/faces/javax.faces.resource/jquery/jquery-plugins.js?ln=primefaces&v=4.0 HTTP/1.1" 304 -
186.80.108.8 - - [05/Mar/2024:05:55:28 -0500] "GET /sipse/faces/javax.faces.resource/primefaces.js?ln=primefaces&v=4.0 HTTP/1.1" 304 -
186.80.108.8 - - [05/Mar/2024:05:55:28 -0500] "GET /sipse/faces/javax.faces.resource/layout/layout.js?ln=primefaces&v=4.0 HTTP/1.1" 304 -
23.22.35.162 - - [05/Mar/2024:05:55:29 -0500] "GET /BLA/resoluciones/RESOLUCIONES%202019/2835.pdf HTTP/1.1" 200 476253
186.80.108.8 - - [05/Mar/2024:05:55:31 -0500] "POST /sipse/faces/presentacion/contratacion/contrato/registroPresupuestal/expedirRP.xhtml HTTP/1.1" 200 142753
186.80.108.8 - - [05/Mar/2024:05:55:31 -0500] "GET /sipse/faces/javax.faces.resource/theme.css?ln=primefaces-sipse HTTP/1.1" 304 -
186.80.108.8 - - [05/Mar/2024:05:55:31 -0500] "GET /sipse/faces/javax.faces.resource/primefaces.css?ln=primefaces&v=4.0 HTTP/1.1" 304 -
186.80.108.8 - - [05/Mar/2024:05:55:31 -0500] "GET /sipse/faces/javax.faces.resource/layout/layout.css?ln=primefaces&v=4.0 HTTP/1.1" 304 -
186.80.108.8 - - [05/Mar/2024:05:55:32 -0500] "GET /sipse/faces/javax.faces.resource/jquery/jquery.js?ln=primefaces&v=4.0 HTTP/1.1" 304 -
186.80.108.8 - - [05/Mar/2024:05:55:32 -0500] "GET /sipse/faces/javax.faces.resource/jquery/jquery-plugins.js?ln=primefaces&v=4.0 HTTP/1.1" 304 -
186.80.108.8 - - [05/Mar/2024:05:55:32 -0500] "GET /sipse/faces/javax.faces.resource/primefaces.js?ln=primefaces&v=4.0 HTTP/1.1" 304 -
186.80.108.8 - - [05/Mar/2024:05:55:32 -0500] "GET /sipse/faces/javax.faces.resource/layout/layout.js?ln=primefaces&v=4.0 HTTP/1.1" 304 -
3.224.220.101 - - [05/Mar/2024:05:55:33 -0500] "GET /BLA/resoluciones/RESOLUCIONES%202019/2834.pdf HTTP/1.1" 200 256925
186.80.108.8 - - [05/Mar/2024:05:55:35 -0500] "POST /sipse/faces/presentacion/financiero/solicitudProceso/consultarSolicitudProceso.xhtml HTTP/1.1" 200 20591
186.80.108.8 - - [05/Mar/2024:05:55:35 -0500] "GET /sipse/faces/javax.faces.resource/theme.css?ln=primefaces-sipse HTTP/1.1" 304 -
186.80.108.8 - - [05/Mar/2024:05:55:35 -0500] "GET /sipse/faces/javax.faces.resource/primefaces.css?ln=primefaces&v=4.0 HTTP/1.1" 304 -
186.80.108.8 - - [05/Mar/2024:05:55:35 -0500] "GET /sipse/faces/javax.faces.resource/jquery/jquery.js?ln=primefaces&v=4.0 HTTP/1.1" 304 -
186.80.108.8 - - [05/Mar/2024:05:55:35 -0500] "GET /sipse/faces/javax.faces.resource/layout/layout.css?ln=primefaces&v=4.0 HTTP/1.1" 304 -
186.80.108.8 - - [05/Mar/2024:05:55:35 -0500] "GET /sipse/faces/javax.faces.resource/jquery/jquery-plugins.js?ln=primefaces&v=4.0 HTTP/1.1" 304 -
186.80.108.8 - - [05/Mar/2024:05:55:35 -0500] "GET /sipse/faces/javax.faces.resource/primefaces.js?ln=primefaces&v=4.0 HTTP/1.1" 304 -
186.80.108.8 - - [05/Mar/2024:05:55:35 -0500] "GET /sipse/faces/javax.faces.resource/fileupload/fileupload.css?ln=primefaces&v=4.0 HTTP/1.1" 304 -
186.80.108.8 - - [05/Mar/2024:05:55:35 -0500] "GET /sipse/faces/javax.faces.resource/layout/layout.js?ln=primefaces&v=4.0 HTTP/1.1" 304 -
186.80.108.8 - - [05/Mar/2024:05:55:35 -0500] "GET /sipse/faces/javax.faces.resource/fileupload/fileupload.js?ln=primefaces&v=4.0 HTTP/1.1" 304 -
3.224.220.101 - - [05/Mar/2024:05:55:37 -0500] "GET /BLA/resoluciones/RESOLUCIONES%202019/2833.pdf HTTP/1.1" 200 429216
186.80.108.8 - - [05/Mar/2024:05:55:41 -0500] "GET /sipse/faces/javax.faces.resource/theme.css?ln=primefaces-sipse HTTP/1.1" 304 -
186.80.108.8 - - [05/Mar/2024:05:55:41 -0500] "GET /sipse/faces/javax.faces.resource/primefaces.css?ln=primefaces&v=4.0 HTTP/1.1" 304 -
186.80.108.8 - - [05/Mar/2024:05:55:41 -0500] "GET /sipse/faces/javax.faces.resource/jquery/jquery.js?ln=primefaces&v=4.0 HTTP/1.1" 304 -
186.80.108.8 - - [05/Mar/2024:05:55:41 -0500] "GET /sipse/faces/javax.faces.resource/layout/layout.css?ln=primefaces&v=4.0 HTTP/1.1" 304 -
186.80.108.8 - - [05/Mar/2024:05:55:41 -0500] "GET /sipse/faces/javax.faces.resource/jquery/jquery-plugins.js?ln=primefaces&v=4.0 HTTP/1.1" 304 -
186.80.108.8 - - [05/Mar/2024:05:55:40 -0500] "POST /sipse/faces/presentacion/sistema/anexos/cargarAnexoSolicitudProceso.xhtml HTTP/1.1" 200 189834
186.80.108.8 - - [05/Mar/2024:05:55:41 -0500] "GET /sipse/faces/javax.faces.resource/primefaces.js?ln=primefaces&v=4.0 HTTP/1.1" 304 -
186.80.108.8 - - [05/Mar/2024:05:55:41 -0500] "GET /sipse/faces/javax.faces.resource/layout/layout.js?ln=primefaces&v=4.0 HTTP/1.1" 304 -
52.70.240.171 - - [05/Mar/2024:05:55:41 -0500] "GET /BLA/resoluciones/RESOLUCIONES%202019/2832.pdf HTTP/1.1" 200 685591
207.46.13.168 - - [05/Mar/2024:05:55:42 -0500] "GET /portaldeninos/2021/06/10/ganadores-del-concurso-a-vuelo-de-pajaro-recibieron-reconocimientos-de-la-secretaria-de-ambiente/ HTTP/1.1" 200 109578
3.224.220.101 - - [05/Mar/2024:05:55:45 -0500] "GET /BLA/resoluciones/RESOLUCIONES%202019/2831.pdf HTTP/1.1" 200 610120
186.80.108.8 - - [05/Mar/2024:05:55:44 -0500] "POST /sipse/faces/presentacion/financiero/solicitudProceso/consultarSolicitudProceso.xhtml HTTP/1.1" 200 63458
186.80.108.8 - - [05/Mar/2024:05:55:47 -0500] "GET /sipse/faces/javax.faces.resource/theme.css?ln=primefaces-sipse HTTP/1.1" 304 -
186.80.108.8 - - [05/Mar/2024:05:55:47 -0500] "GET /sipse/faces/javax.faces.resource/layout/layout.css?ln=primefaces&v=4.0 HTTP/1.1" 304 -
186.80.108.8 - - [05/Mar/2024:05:55:47 -0500] "GET /sipse/faces/javax.faces.resource/primefaces.css?ln=primefaces&v=4.0 HTTP/1.1" 304 -
186.80.108.8 - - [05/Mar/2024:05:55:47 -0500] "GET /sipse/faces/javax.faces.resource/jquery/jquery.js?ln=primefaces&v=4.0 HTTP/1.1" 304 -
186.80.108.8 - - [05/Mar/2024:05:55:47 -0500] "GET /sipse/faces/javax.faces.resource/jquery/jquery-plugins.js?ln=primefaces&v=4.0 HTTP/1.1" 304 -
186.80.108.8 - - [05/Mar/2024:05:55:48 -0500] "GET /sipse/faces/javax.faces.resource/primefaces.js?ln=primefaces&v=4.0 HTTP/1.1" 304 -
186.80.108.8 - - [05/Mar/2024:05:55:48 -0500] "GET /sipse/faces/javax.faces.resource/layout/layout.js?ln=primefaces&v=4.0 HTTP/1.1" 304 -
186.80.108.8 - - [05/Mar/2024:05:55:48 -0500] "POST /sipse/faces/presentacion/financiero/solicitudProceso/listarSolicitudProceso.xhtml HTTP/1.1" 200 1556
3.224.220.101 - - [05/Mar/2024:05:55:49 -0500] "GET /BLA/resoluciones/RESOLUCIONES%202019/2830.pdf HTTP/1.1" 200 752284
52.70.240.171 - - [05/Mar/2024:05:55:53 -0500] "GET /BLA/resoluciones/RESOLUCIONES%202019/2829.pdf HTTP/1.1" 200 527902
186.80.108.8 - - [05/Mar/2024:05:55:52 -0500] "POST /sipse/faces/presentacion/financiero/solicitudProceso/listarSolicitudProceso.xhtml HTTP/1.1" 200 144747
186.80.108.8 - - [05/Mar/2024:05:55:53 -0500] "GET /sipse/faces/javax.faces.resource/theme.css?ln=primefaces-sipse HTTP/1.1" 304 -
186.80.108.8 - - [05/Mar/2024:05:55:53 -0500] "GET /sipse/faces/javax.faces.resource/layout/layout.css?ln=primefaces&v=4.0 HTTP/1.1" 304 -
186.80.108.8 - - [05/Mar/2024:05:55:53 -0500] "GET /sipse/faces/javax.faces.resource/primefaces.css?ln=primefaces&v=4.0 HTTP/1.1" 304 -
186.80.108.8 - - [05/Mar/2024:05:55:53 -0500] "GET /sipse/faces/javax.faces.resource/jquery/jquery.js?ln=primefaces&v=4.0 HTTP/1.1" 304 -
186.80.108.8 - - [05/Mar/2024:05:55:53 -0500] "GET /sipse/faces/javax.faces.resource/jquery/jquery-plugins.js?ln=primefaces&v=4.0 HTTP/1.1" 304 -
186.80.108.8 - - [05/Mar/2024:05:55:53 -0500] "GET /sipse/faces/javax.faces.resource/primefaces.js?ln=primefaces&v=4.0 HTTP/1.1" 304 -
