152.203.150.86 - - [05/Mar/2024:08:25:16 -0500] "GET /sipse/faces/javax.faces.resource/theme.css?ln=primefaces-sipse HTTP/1.1" 304 -
152.203.150.86 - - [05/Mar/2024:08:25:16 -0500] "GET /sipse/faces/javax.faces.resource/jquery/jquery.js?ln=primefaces&v=4.0 HTTP/1.1" 304 -
152.203.150.86 - - [05/Mar/2024:08:25:16 -0500] "GET /sipse/faces/javax.faces.resource/jquery/jquery-plugins.js?ln=primefaces&v=4.0 HTTP/1.1" 304 -
152.203.150.86 - - [05/Mar/2024:08:25:16 -0500] "GET /sipse/faces/javax.faces.resource/primefaces.js?ln=primefaces&v=4.0 HTTP/1.1" 304 -
152.203.150.86 - - [05/Mar/2024:08:25:16 -0500] "GET /sipse/faces/javax.faces.resource/layout/layout.js?ln=primefaces&v=4.0 HTTP/1.1" 304 -
152.203.150.86 - - [05/Mar/2024:08:25:16 -0500] "POST /sipse/faces/presentacion/financiero/solicitudProceso/listarSolicitudProceso.xhtml HTTP/1.1" 200 1392
52.70.240.171 - - [05/Mar/2024:08:25:17 -0500] "GET /BLA/resoluciones/RESOLUCIONES%202018/4123.pdf HTTP/1.1" 200 397816
152.203.150.86 - - [05/Mar/2024:08:25:18 -0500] "POST /sipse/faces/presentacion/financiero/solicitudProceso/listarSolicitudProceso.xhtml HTTP/1.1" 200 911
152.203.150.86 - - [05/Mar/2024:08:25:18 -0500] "GET /sipse/faces/faces/faces/autenticacion HTTP/1.1" 302 -
152.203.150.86 - - [05/Mar/2024:08:25:18 -0500] "GET /sipse/faces/autenticacion.xhtml HTTP/1.1" 200 12401
152.203.150.86 - - [05/Mar/2024:08:25:19 -0500] "GET /sipse/faces/javax.faces.resource/theme.css?ln=primefaces-sipse HTTP/1.1" 304 -
152.203.150.86 - - [05/Mar/2024:08:25:19 -0500] "GET /sipse/faces/javax.faces.resource/primefaces.css?ln=primefaces&v=4.0 HTTP/1.1" 304 -
152.203.150.86 - - [05/Mar/2024:08:25:19 -0500] "GET /sipse/faces/javax.faces.resource/layout/layout.css?ln=primefaces&v=4.0 HTTP/1.1" 304 -
152.203.150.86 - - [05/Mar/2024:08:25:19 -0500] "GET /sipse/faces/javax.faces.resource/jquery/jquery.js?ln=primefaces&v=4.0 HTTP/1.1" 304 -
152.203.150.86 - - [05/Mar/2024:08:25:19 -0500] "GET /sipse/faces/javax.faces.resource/jquery/jquery-plugins.js?ln=primefaces&v=4.0 HTTP/1.1" 304 -
152.203.150.86 - - [05/Mar/2024:08:25:19 -0500] "GET /sipse/faces/javax.faces.resource/primefaces.js?ln=primefaces&v=4.0 HTTP/1.1" 304 -
152.203.150.86 - - [05/Mar/2024:08:25:19 -0500] "GET /sipse/faces/javax.faces.resource/layout/layout.js?ln=primefaces&v=4.0 HTTP/1.1" 304 -
201.245.192.253 - - [05/Mar/2024:08:25:18 -0500] "POST /kwsrmcab/Wsrmcab  HTTP/1.1" 200 39632
152.203.150.86 - - [05/Mar/2024:08:25:20 -0500] "POST /sipse/faces/autenticacion.xhtml HTTP/1.1" 200 2217
3.224.220.101 - - [05/Mar/2024:08:25:21 -0500] "GET /BLA/resoluciones/RESOLUCIONES%202018/4120.pdf HTTP/1.1" 200 281017
186.84.21.216 - - [05/Mar/2024:08:25:21 -0500] "POST /sipse/faces/presentacion/financiero/solicitudProceso/consultarSolicitudProceso.xhtml HTTP/1.1" 200 37277
186.84.21.216 - - [05/Mar/2024:08:25:21 -0500] "GET /sipse/faces/javax.faces.resource/theme.css?ln=primefaces-sipse HTTP/1.1" 304 -
186.84.21.216 - - [05/Mar/2024:08:25:21 -0500] "GET /sipse/faces/javax.faces.resource/primefaces.css?ln=primefaces&v=4.0 HTTP/1.1" 304 -
186.84.21.216 - - [05/Mar/2024:08:25:21 -0500] "GET /sipse/faces/javax.faces.resource/layout/layout.css?ln=primefaces&v=4.0 HTTP/1.1" 304 -
186.84.21.216 - - [05/Mar/2024:08:25:21 -0500] "GET /sipse/faces/javax.faces.resource/jquery/jquery.js?ln=primefaces&v=4.0 HTTP/1.1" 304 -
186.84.21.216 - - [05/Mar/2024:08:25:21 -0500] "GET /sipse/faces/javax.faces.resource/jquery/jquery-plugins.js?ln=primefaces&v=4.0 HTTP/1.1" 304 -
186.84.21.216 - - [05/Mar/2024:08:25:21 -0500] "GET /sipse/faces/javax.faces.resource/primefaces.js?ln=primefaces&v=4.0 HTTP/1.1" 304 -
186.84.21.216 - - [05/Mar/2024:08:25:21 -0500] "GET /sipse/faces/javax.faces.resource/layout/layout.js?ln=primefaces&v=4.0 HTTP/1.1" 304 -
152.203.150.86 - - [05/Mar/2024:08:25:21 -0500] "POST /sipse/faces/autenticacion.xhtml HTTP/1.1" 200 16458
186.84.21.216 - - [05/Mar/2024:08:25:21 -0500] "POST /sipse/faces/presentacion/financiero/solicitudProceso/listarSolicitudProceso.xhtml HTTP/1.1" 200 30545
152.203.150.86 - - [05/Mar/2024:08:25:22 -0500] "GET /sipse/faces/javax.faces.resource/layout/layout.css?ln=primefaces&v=4.0 HTTP/1.1" 304 -
152.203.150.86 - - [05/Mar/2024:08:25:22 -0500] "GET /sipse/faces/javax.faces.resource/theme.css?ln=primefaces-sipse HTTP/1.1" 304 -
152.203.150.86 - - [05/Mar/2024:08:25:22 -0500] "GET /sipse/faces/javax.faces.resource/primefaces.css?ln=primefaces&v=4.0 HTTP/1.1" 304 -
152.203.150.86 - - [05/Mar/2024:08:25:22 -0500] "GET /sipse/faces/javax.faces.resource/jquery/jquery.js?ln=primefaces&v=4.0 HTTP/1.1" 304 -
152.203.150.86 - - [05/Mar/2024:08:25:22 -0500] "GET /sipse/faces/javax.faces.resource/jquery/jquery-plugins.js?ln=primefaces&v=4.0 HTTP/1.1" 304 -
152.203.150.86 - - [05/Mar/2024:08:25:22 -0500] "GET /sipse/faces/javax.faces.resource/primefaces.js?ln=primefaces&v=4.0 HTTP/1.1" 304 -
152.203.150.86 - - [05/Mar/2024:08:25:22 -0500] "GET /sipse/faces/javax.faces.resource/layout/layout.js?ln=primefaces&v=4.0 HTTP/1.1" 304 -
186.84.21.216 - - [05/Mar/2024:08:25:22 -0500] "POST /sipse/faces/presentacion/financiero/solicitudProceso/listarSolicitudProceso.xhtml HTTP/1.1" 200 30545
186.84.21.216 - - [05/Mar/2024:08:25:22 -0500] "POST /sipse/faces/presentacion/financiero/solicitudProceso/listarSolicitudProceso.xhtml HTTP/1.1" 200 30545
186.84.21.216 - - [05/Mar/2024:08:25:22 -0500] "POST /sipse/faces/presentacion/financiero/solicitudProceso/listarSolicitudProceso.xhtml HTTP/1.1" 200 30545
152.203.150.86 - - [05/Mar/2024:08:25:23 -0500] "POST /sipse/faces/bienvenido.xhtml HTTP/1.1" 200 2658
186.84.21.216 - - [05/Mar/2024:08:25:22 -0500] "POST /sipse/faces/presentacion/financiero/solicitudProceso/listarSolicitudProceso.xhtml HTTP/1.1" 200 1392
186.84.21.216 - - [05/Mar/2024:08:25:23 -0500] "POST /sipse/faces/presentacion/financiero/solicitudProceso/listarSolicitudProceso.xhtml HTTP/1.1" 200 1388
23.22.35.162 - - [05/Mar/2024:08:25:25 -0500] "GET /BLA/resoluciones/RESOLUCIONES%202018/4119.pdf HTTP/1.1" 200 276235
186.84.21.216 - - [05/Mar/2024:08:25:25 -0500] "POST /sipse/faces/presentacion/financiero/solicitudProceso/listarSolicitudProceso.xhtml HTTP/1.1" 200 1400
186.84.21.216 - - [05/Mar/2024:08:25:27 -0500] "POST /sipse/faces/presentacion/financiero/solicitudProceso/listarSolicitudProceso.xhtml HTTP/1.1" 200 1388
52.70.240.171 - - [05/Mar/2024:08:25:29 -0500] "GET /BLA/resoluciones/RESOLUCIONES%202018/4116.pdf HTTP/1.1" 200 283266
186.84.21.216 - - [05/Mar/2024:08:25:29 -0500] "POST /sipse/faces/presentacion/financiero/solicitudProceso/listarSolicitudProceso.xhtml HTTP/1.1" 200 1400
152.203.150.86 - - [05/Mar/2024:08:25:23 -0500] "POST /sipse/faces/bienvenido.xhtml HTTP/1.1" 200 64505
152.203.150.86 - - [05/Mar/2024:08:25:31 -0500] "GET /sipse/faces/javax.faces.resource/primefaces.css?ln=primefaces&v=4.0 HTTP/1.1" 304 -
152.203.150.86 - - [05/Mar/2024:08:25:31 -0500] "GET /sipse/faces/javax.faces.resource/theme.css?ln=primefaces-sipse HTTP/1.1" 304 -
152.203.150.86 - - [05/Mar/2024:08:25:31 -0500] "GET /sipse/faces/javax.faces.resource/layout/layout.css?ln=primefaces&v=4.0 HTTP/1.1" 304 -
152.203.150.86 - - [05/Mar/2024:08:25:31 -0500] "GET /sipse/faces/javax.faces.resource/jquery/jquery.js?ln=primefaces&v=4.0 HTTP/1.1" 304 -
152.203.150.86 - - [05/Mar/2024:08:25:31 -0500] "GET /sipse/faces/javax.faces.resource/jquery/jquery-plugins.js?ln=primefaces&v=4.0 HTTP/1.1" 304 -
152.203.150.86 - - [05/Mar/2024:08:25:31 -0500] "GET /sipse/faces/javax.faces.resource/primefaces.js?ln=primefaces&v=4.0 HTTP/1.1" 304 -
152.203.150.86 - - [05/Mar/2024:08:25:31 -0500] "GET /sipse/faces/javax.faces.resource/layout/layout.js?ln=primefaces&v=4.0 HTTP/1.1" 304 -
3.224.220.101 - - [05/Mar/2024:08:25:33 -0500] "GET /BLA/resoluciones/RESOLUCIONES%202018/4115.pdf HTTP/1.1" 200 287260
186.84.21.216 - - [05/Mar/2024:08:25:32 -0500] "POST /sipse/faces/presentacion/financiero/solicitudProceso/listarSolicitudProceso.xhtml HTTP/1.1" 200 10237
152.203.150.86 - - [05/Mar/2024:08:25:31 -0500] "POST /sipse/faces/presentacion/financiero/solicitudProceso/listarSolicitudProceso.xhtml HTTP/1.1" 200 1556
152.203.150.86 - - [05/Mar/2024:08:25:36 -0500] "POST /sipse/faces/presentacion/financiero/solicitudProceso/listarSolicitudProceso.xhtml HTTP/1.1" 200 23046
186.84.21.216 - - [05/Mar/2024:08:25:35 -0500] "POST /sipse/faces/presentacion/financiero/solicitudProceso/listarSolicitudProceso.xhtml HTTP/1.1" 200 140263
186.84.21.216 - - [05/Mar/2024:08:25:36 -0500] "GET /sipse/faces/javax.faces.resource/theme.css?ln=primefaces-sipse HTTP/1.1" 304 -
186.84.21.216 - - [05/Mar/2024:08:25:36 -0500] "GET /sipse/faces/javax.faces.resource/layout/layout.css?ln=primefaces&v=4.0 HTTP/1.1" 304 -
186.84.21.216 - - [05/Mar/2024:08:25:36 -0500] "GET /sipse/faces/javax.faces.resource/primefaces.css?ln=primefaces&v=4.0 HTTP/1.1" 304 -
186.84.21.216 - - [05/Mar/2024:08:25:36 -0500] "GET /sipse/faces/javax.faces.resource/jquery/jquery.js?ln=primefaces&v=4.0 HTTP/1.1" 304 -
186.84.21.216 - - [05/Mar/2024:08:25:36 -0500] "GET /sipse/faces/javax.faces.resource/jquery/jquery-plugins.js?ln=primefaces&v=4.0 HTTP/1.1" 304 -
186.84.21.216 - - [05/Mar/2024:08:25:37 -0500] "GET /sipse/faces/javax.faces.resource/primefaces.js?ln=primefaces&v=4.0 HTTP/1.1" 304 -
186.84.21.216 - - [05/Mar/2024:08:25:37 -0500] "GET /sipse/faces/javax.faces.resource/layout/layout.js?ln=primefaces&v=4.0 HTTP/1.1" 304 -
52.70.240.171 - - [05/Mar/2024:08:25:37 -0500] "GET /BLA/resoluciones/RESOLUCIONES%202018/4113.pdf HTTP/1.1" 200 267525
40.77.167.78 - - [05/Mar/2024:08:25:41 -0500] "GET /BLA/resoluciones/RESOLUCIONES%202021/0776.pdf HTTP/1.1" 304 -
23.22.35.162 - - [05/Mar/2024:08:25:41 -0500] "GET /BLA/resoluciones/RESOLUCIONES%202018/4112.pdf HTTP/1.1" 200 268180
52.70.240.171 - - [05/Mar/2024:08:25:45 -0500] "GET /BLA/resoluciones/RESOLUCIONES%202018/4111.pdf HTTP/1.1" 200 268766
186.84.21.216 - - [05/Mar/2024:08:25:45 -0500] "POST /sipse/faces/presentacion/financiero/solicitudProceso/consultarSolicitudProceso.xhtml HTTP/1.1" 200 37279
186.84.21.216 - - [05/Mar/2024:08:25:46 -0500] "GET /sipse/faces/javax.faces.resource/layout/layout.css?ln=primefaces&v=4.0 HTTP/1.1" 304 -
186.84.21.216 - - [05/Mar/2024:08:25:46 -0500] "GET /sipse/faces/javax.faces.resource/primefaces.css?ln=primefaces&v=4.0 HTTP/1.1" 304 -
186.84.21.216 - - [05/Mar/2024:08:25:46 -0500] "GET /sipse/faces/javax.faces.resource/theme.css?ln=primefaces-sipse HTTP/1.1" 304 -
186.84.21.216 - - [05/Mar/2024:08:25:46 -0500] "GET /sipse/faces/javax.faces.resource/jquery/jquery.js?ln=primefaces&v=4.0 HTTP/1.1" 304 -
186.84.21.216 - - [05/Mar/2024:08:25:46 -0500] "GET /sipse/faces/javax.faces.resource/jquery/jquery-plugins.js?ln=primefaces&v=4.0 HTTP/1.1" 304 -
186.84.21.216 - - [05/Mar/2024:08:25:46 -0500] "GET /sipse/faces/javax.faces.resource/primefaces.js?ln=primefaces&v=4.0 HTTP/1.1" 304 -
186.84.21.216 - - [05/Mar/2024:08:25:46 -0500] "GET /sipse/faces/javax.faces.resource/layout/layout.js?ln=primefaces&v=4.0 HTTP/1.1" 304 -
186.84.21.216 - - [05/Mar/2024:08:25:46 -0500] "POST /sipse/faces/presentacion/financiero/solicitudProceso/listarSolicitudProceso.xhtml HTTP/1.1" 200 30547
186.84.21.216 - - [05/Mar/2024:08:25:46 -0500] "POST /sipse/faces/presentacion/financiero/solicitudProceso/listarSolicitudProceso.xhtml HTTP/1.1" 200 30547
186.84.21.216 - - [05/Mar/2024:08:25:46 -0500] "POST /sipse/faces/presentacion/financiero/solicitudProceso/listarSolicitudProceso.xhtml HTTP/1.1" 200 30547
186.84.21.216 - - [05/Mar/2024:08:25:47 -0500] "POST /sipse/faces/presentacion/financiero/solicitudProceso/listarSolicitudProceso.xhtml HTTP/1.1" 200 30547
186.84.21.216 - - [05/Mar/2024:08:25:47 -0500] "POST /sipse/faces/presentacion/financiero/solicitudProceso/listarSolicitudProceso.xhtml HTTP/1.1" 200 30547
186.84.21.216 - - [05/Mar/2024:08:25:47 -0500] "POST /sipse/faces/presentacion/financiero/solicitudProceso/listarSolicitudProceso.xhtml HTTP/1.1" 200 30547
52.70.240.171 - - [05/Mar/2024:08:25:49 -0500] "GET /BLA/resoluciones/RESOLUCIONES%202018/4110.pdf HTTP/1.1" 200 266331
186.84.21.216 - - [05/Mar/2024:08:25:48 -0500] "POST /sipse/faces/presentacion/financiero/solicitudProceso/listarSolicitudProceso.xhtml HTTP/1.1" 200 1392
186.84.21.216 - - [05/Mar/2024:08:25:49 -0500] "POST /sipse/faces/presentacion/financiero/solicitudProceso/listarSolicitudProceso.xhtml HTTP/1.1" 200 1388
186.84.21.216 - - [05/Mar/2024:08:25:50 -0500] "POST /sipse/faces/presentacion/financiero/solicitudProceso/listarSolicitudProceso.xhtml HTTP/1.1" 200 1400
186.84.21.216 - - [05/Mar/2024:08:25:51 -0500] "POST /sipse/faces/presentacion/financiero/solicitudProceso/listarSolicitudProceso.xhtml HTTP/1.1" 200 1388
3.224.220.101 - - [05/Mar/2024:08:25:53 -0500] "GET /BLA/resoluciones/RESOLUCIONES%202018/4109.pdf HTTP/1.1" 200 722329
186.84.21.216 - - [05/Mar/2024:08:25:52 -0500] "POST /sipse/faces/presentacion/financiero/solicitudProceso/listarSolicitudProceso.xhtml HTTP/1.1" 200 1400
186.84.21.216 - - [05/Mar/2024:08:25:53 -0500] "POST /sipse/faces/presentacion/financiero/solicitudProceso/listarSolicitudProceso.xhtml HTTP/1.1" 200 1384
186.84.21.216 - - [05/Mar/2024:08:25:54 -0500] "POST /sipse/faces/presentacion/financiero/solicitudProceso/listarSolicitudProceso.xhtml HTTP/1.1" 200 1400
3.224.220.101 - - [05/Mar/2024:08:25:57 -0500] "GET /BLA/resoluciones/RESOLUCIONES%202018/4107.pdf HTTP/1.1" 200 332527
186.84.21.216 - - [05/Mar/2024:08:25:57 -0500] "POST /sipse/faces/presentacion/financiero/solicitudProceso/listarSolicitudProceso.xhtml HTTP/1.1" 200 10054
186.84.21.216 - - [05/Mar/2024:08:26:00 -0500] "POST /sipse/faces/presentacion/financiero/solicitudProceso/listarSolicitudProceso.xhtml HTTP/1.1" 200 132790
186.84.21.216 - - [05/Mar/2024:08:26:01 -0500] "GET /sipse/faces/javax.faces.resource/theme.css?ln=primefaces-sipse HTTP/1.1" 304 -
186.84.21.216 - - [05/Mar/2024:08:26:01 -0500] "GET /sipse/faces/javax.faces.resource/layout/layout.css?ln=primefaces&v=4.0 HTTP/1.1" 304 -
186.84.21.216 - - [05/Mar/2024:08:26:01 -0500] "GET /sipse/faces/javax.faces.resource/primefaces.css?ln=primefaces&v=4.0 HTTP/1.1" 304 -
186.84.21.216 - - [05/Mar/2024:08:26:01 -0500] "GET /sipse/faces/javax.faces.resource/jquery/jquery.js?ln=primefaces&v=4.0 HTTP/1.1" 304 -
186.84.21.216 - - [05/Mar/2024:08:26:01 -0500] "GET /sipse/faces/javax.faces.resource/jquery/jquery-plugins.js?ln=primefaces&v=4.0 HTTP/1.1" 304 -
186.84.21.216 - - [05/Mar/2024:08:26:01 -0500] "GET /sipse/faces/javax.faces.resource/primefaces.js?ln=primefaces&v=4.0 HTTP/1.1" 304 -
186.84.21.216 - - [05/Mar/2024:08:26:01 -0500] "GET /sipse/faces/javax.faces.resource/layout/layout.js?ln=primefaces&v=4.0 HTTP/1.1" 304 -
23.22.35.162 - - [05/Mar/2024:08:26:02 -0500] "GET /BLA/resoluciones/RESOLUCIONES%202018/4106.pdf HTTP/1.1" 200 589678
52.70.240.171 - - [05/Mar/2024:08:26:05 -0500] "GET /BLA/resoluciones/RESOLUCIONES%202022/2432.pdf HTTP/1.1" 200 375553
3.224.220.101 - - [05/Mar/2024:08:26:09 -0500] "GET /BLA/resoluciones/RESOLUCIONES%202018/4104.pdf HTTP/1.1" 200 341889
23.22.35.162 - - [05/Mar/2024:08:26:13 -0500] "GET /BLA/resoluciones/RESOLUCIONES%202018/4100.pdf HTTP/1.1" 200 270337
23.22.35.162 - - [05/Mar/2024:08:26:17 -0500] "GET /BLA/resoluciones/RESOLUCIONES%202022/2428.pdf HTTP/1.1" 200 463970
3.224.220.101 - - [05/Mar/2024:08:26:21 -0500] "GET /BLA/resoluciones/RESOLUCIONES%202018/4099.pdf HTTP/1.1" 200 258195
52.70.240.171 - - [05/Mar/2024:08:26:25 -0500] "GET /BLA/resoluciones/RESOLUCIONES%202022/2424.pdf HTTP/1.1" 200 433132
186.84.21.216 - - [05/Mar/2024:08:26:28 -0500] "POST /sipse/faces/presentacion/financiero/solicitudProceso/consultarSolicitudProceso.xhtml HTTP/1.1" 200 37096
186.84.21.216 - - [05/Mar/2024:08:26:28 -0500] "GET /sipse/faces/javax.faces.resource/theme.css?ln=primefaces-sipse HTTP/1.1" 304 -
186.84.21.216 - - [05/Mar/2024:08:26:28 -0500] "GET /sipse/faces/javax.faces.resource/primefaces.css?ln=primefaces&v=4.0 HTTP/1.1" 304 -
186.84.21.216 - - [05/Mar/2024:08:26:28 -0500] "GET /sipse/faces/javax.faces.resource/layout/layout.css?ln=primefaces&v=4.0 HTTP/1.1" 304 -
186.84.21.216 - - [05/Mar/2024:08:26:28 -0500] "GET /sipse/faces/javax.faces.resource/jquery/jquery.js?ln=primefaces&v=4.0 HTTP/1.1" 304 -
186.84.21.216 - - [05/Mar/2024:08:26:28 -0500] "GET /sipse/faces/javax.faces.resource/jquery/jquery-plugins.js?ln=primefaces&v=4.0 HTTP/1.1" 304 -
186.84.21.216 - - [05/Mar/2024:08:26:28 -0500] "GET /sipse/faces/javax.faces.resource/primefaces.js?ln=primefaces&v=4.0 HTTP/1.1" 304 -
186.84.21.216 - - [05/Mar/2024:08:26:28 -0500] "GET /sipse/faces/javax.faces.resource/layout/layout.js?ln=primefaces&v=4.0 HTTP/1.1" 304 -
52.70.240.171 - - [05/Mar/2024:08:26:29 -0500] "GET /BLA/resoluciones/RESOLUCIONES%202018/4098.pdf HTTP/1.1" 200 273226
186.84.21.216 - - [05/Mar/2024:08:26:29 -0500] "POST /sipse/faces/presentacion/financiero/solicitudProceso/listarSolicitudProceso.xhtml HTTP/1.1" 200 30364
186.84.21.216 - - [05/Mar/2024:08:26:29 -0500] "POST /sipse/faces/presentacion/financiero/solicitudProceso/listarSolicitudProceso.xhtml HTTP/1.1" 200 30364
186.84.21.216 - - [05/Mar/2024:08:26:29 -0500] "POST /sipse/faces/presentacion/financiero/solicitudProceso/listarSolicitudProceso.xhtml HTTP/1.1" 200 30364
186.84.21.216 - - [05/Mar/2024:08:26:29 -0500] "POST /sipse/faces/presentacion/financiero/solicitudProceso/listarSolicitudProceso.xhtml HTTP/1.1" 200 30364
186.84.21.216 - - [05/Mar/2024:08:26:30 -0500] "POST /sipse/faces/presentacion/financiero/solicitudProceso/listarSolicitudProceso.xhtml HTTP/1.1" 200 30364
186.84.21.216 - - [05/Mar/2024:08:26:30 -0500] "POST /sipse/faces/presentacion/financiero/solicitudProceso/listarSolicitudProceso.xhtml HTTP/1.1" 200 30364
186.84.21.216 - - [05/Mar/2024:08:26:30 -0500] "POST /sipse/faces/presentacion/financiero/solicitudProceso/listarSolicitudProceso.xhtml HTTP/1.1" 200 30364
186.84.21.216 - - [05/Mar/2024:08:26:31 -0500] "POST /sipse/faces/presentacion/financiero/solicitudProceso/listarSolicitudProceso.xhtml HTTP/1.1" 200 30364
186.84.21.216 - - [05/Mar/2024:08:26:31 -0500] "POST /sipse/faces/presentacion/financiero/solicitudProceso/listarSolicitudProceso.xhtml HTTP/1.1" 200 1392
23.22.35.162 - - [05/Mar/2024:08:26:33 -0500] "GET /BLA/resoluciones/RESOLUCIONES%202022/2423.pdf HTTP/1.1" 200 447006
186.84.21.216 - - [05/Mar/2024:08:26:32 -0500] "POST /sipse/faces/presentacion/financiero/solicitudProceso/listarSolicitudProceso.xhtml HTTP/1.1" 200 1388
186.84.21.216 - - [05/Mar/2024:08:26:33 -0500] "POST /sipse/faces/presentacion/financiero/solicitudProceso/listarSolicitudProceso.xhtml HTTP/1.1" 200 1400
201.245.192.253 - - [05/Mar/2024:08:26:34 -0500] "POST /forms/lservlet;jsessionid=ac16012b30d626f26d2b1c2d4f41939eaa2119c3b879.e3iSbxaKaheRe3iNc3uNbNmQay1ynknvrkLOlQzNp65In0 HTTP/1.1" 200 2
186.84.21.216 - - [05/Mar/2024:08:26:34 -0500] "POST /sipse/faces/presentacion/financiero/solicitudProceso/listarSolicitudProceso.xhtml HTTP/1.1" 200 1388
201.245.192.253 - - [05/Mar/2024:08:26:35 -0500] "POST /forms/lservlet;jsessionid=ac16012b30d6f4ea1d4888f54de9a75ed378af0a0d6e.e3iSbxaKaheRe3iNc3uNbNmQay1ynknvrkLOlQzNp65In0 HTTP/1.1" 200 2
186.84.21.216 - - [05/Mar/2024:08:26:35 -0500] "POST /sipse/faces/presentacion/financiero/solicitudProceso/listarSolicitudProceso.xhtml HTTP/1.1" 200 1400
52.70.240.171 - - [05/Mar/2024:08:26:37 -0500] "GET /BLA/resoluciones/RESOLUCIONES%202018/4096.pdf HTTP/1.1" 200 267935
186.84.21.216 - - [05/Mar/2024:08:26:36 -0500] "POST /sipse/faces/presentacion/financiero/solicitudProceso/listarSolicitudProceso.xhtml HTTP/1.1" 200 1384
186.84.21.216 - - [05/Mar/2024:08:26:37 -0500] "POST /sipse/faces/presentacion/financiero/solicitudProceso/listarSolicitudProceso.xhtml HTTP/1.1" 200 1400
186.84.21.216 - - [05/Mar/2024:08:26:38 -0500] "POST /sipse/faces/presentacion/financiero/solicitudProceso/listarSolicitudProceso.xhtml HTTP/1.1" 200 1388
186.84.21.216 - - [05/Mar/2024:08:26:39 -0500] "POST /sipse/faces/presentacion/financiero/solicitudProceso/listarSolicitudProceso.xhtml HTTP/1.1" 200 1400
23.22.35.162 - - [05/Mar/2024:08:26:41 -0500] "GET /BLA/resoluciones/RESOLUCIONES%202022/2422.pdf HTTP/1.1" 200 408891
186.84.21.216 - - [05/Mar/2024:08:26:42 -0500] "POST /sipse/faces/presentacion/financiero/solicitudProceso/listarSolicitudProceso.xhtml HTTP/1.1" 200 10147
152.203.150.86 - - [05/Mar/2024:08:26:43 -0500] "POST /sipse/faces/presentacion/financiero/solicitudProceso/listarSolicitudProceso.xhtml HTTP/1.1" 200 23058
23.22.35.162 - - [05/Mar/2024:08:26:45 -0500] "GET /BLA/resoluciones/RESOLUCIONES%202018/4095.pdf HTTP/1.1" 200 267396
186.84.21.216 - - [05/Mar/2024:08:26:45 -0500] "POST /sipse/faces/presentacion/financiero/solicitudProceso/listarSolicitudProceso.xhtml HTTP/1.1" 200 140145
186.84.21.216 - - [05/Mar/2024:08:26:46 -0500] "GET /sipse/faces/javax.faces.resource/theme.css?ln=primefaces-sipse HTTP/1.1" 304 -
186.84.21.216 - - [05/Mar/2024:08:26:46 -0500] "GET /sipse/faces/javax.faces.resource/primefaces.css?ln=primefaces&v=4.0 HTTP/1.1" 304 -
186.84.21.216 - - [05/Mar/2024:08:26:46 -0500] "GET /sipse/faces/javax.faces.resource/layout/layout.css?ln=primefaces&v=4.0 HTTP/1.1" 304 -
186.84.21.216 - - [05/Mar/2024:08:26:46 -0500] "GET /sipse/faces/javax.faces.resource/jquery/jquery.js?ln=primefaces&v=4.0 HTTP/1.1" 304 -
186.84.21.216 - - [05/Mar/2024:08:26:46 -0500] "GET /sipse/faces/javax.faces.resource/jquery/jquery-plugins.js?ln=primefaces&v=4.0 HTTP/1.1" 304 -
186.84.21.216 - - [05/Mar/2024:08:26:46 -0500] "GET /sipse/faces/javax.faces.resource/primefaces.js?ln=primefaces&v=4.0 HTTP/1.1" 304 -
186.84.21.216 - - [05/Mar/2024:08:26:46 -0500] "GET /sipse/faces/javax.faces.resource/layout/layout.js?ln=primefaces&v=4.0 HTTP/1.1" 304 -
52.70.240.171 - - [05/Mar/2024:08:26:49 -0500] "GET /BLA/resoluciones/RESOLUCIONES%202022/2420.pdf HTTP/1.1" 200 442903
3.224.220.101 - - [05/Mar/2024:08:26:53 -0500] "GET /BLA/resoluciones/RESOLUCIONES%202018/4094.pdf HTTP/1.1" 200 286580
186.84.21.216 - - [05/Mar/2024:08:26:55 -0500] "POST /sipse/faces/presentacion/financiero/solicitudProceso/consultarSolicitudProceso.xhtml HTTP/1.1" 200 37189
186.84.21.216 - - [05/Mar/2024:08:26:56 -0500] "GET /sipse/faces/javax.faces.resource/layout/layout.css?ln=primefaces&v=4.0 HTTP/1.1" 304 -
186.84.21.216 - - [05/Mar/2024:08:26:56 -0500] "GET /sipse/faces/javax.faces.resource/theme.css?ln=primefaces-sipse HTTP/1.1" 304 -
186.84.21.216 - - [05/Mar/2024:08:26:56 -0500] "GET /sipse/faces/javax.faces.resource/primefaces.css?ln=primefaces&v=4.0 HTTP/1.1" 304 -
186.84.21.216 - - [05/Mar/2024:08:26:56 -0500] "GET /sipse/faces/javax.faces.resource/jquery/jquery.js?ln=primefaces&v=4.0 HTTP/1.1" 304 -
186.84.21.216 - - [05/Mar/2024:08:26:56 -0500] "GET /sipse/faces/javax.faces.resource/jquery/jquery-plugins.js?ln=primefaces&v=4.0 HTTP/1.1" 304 -
186.84.21.216 - - [05/Mar/2024:08:26:56 -0500] "GET /sipse/faces/javax.faces.resource/primefaces.js?ln=primefaces&v=4.0 HTTP/1.1" 304 -
186.84.21.216 - - [05/Mar/2024:08:26:56 -0500] "GET /sipse/faces/javax.faces.resource/layout/layout.js?ln=primefaces&v=4.0 HTTP/1.1" 304 -
186.84.21.216 - - [05/Mar/2024:08:26:56 -0500] "POST /sipse/faces/presentacion/financiero/solicitudProceso/listarSolicitudProceso.xhtml HTTP/1.1" 200 30457
186.84.21.216 - - [05/Mar/2024:08:26:56 -0500] "POST /sipse/faces/presentacion/financiero/solicitudProceso/listarSolicitudProceso.xhtml HTTP/1.1" 200 30457
186.84.21.216 - - [05/Mar/2024:08:26:56 -0500] "POST /sipse/faces/presentacion/financiero/solicitudProceso/listarSolicitudProceso.xhtml HTTP/1.1" 200 30457
3.224.220.101 - - [05/Mar/2024:08:26:57 -0500] "GET /BLA/resoluciones/RESOLUCIONES%202022/2402.pdf HTTP/1.1" 200 471748
186.84.21.216 - - [05/Mar/2024:08:26:57 -0500] "POST /sipse/faces/presentacion/financiero/solicitudProceso/listarSolicitudProceso.xhtml HTTP/1.1" 200 30457
186.84.21.216 - - [05/Mar/2024:08:26:57 -0500] "POST /sipse/faces/presentacion/financiero/solicitudProceso/listarSolicitudProceso.xhtml HTTP/1.1" 200 30457
186.84.21.216 - - [05/Mar/2024:08:26:57 -0500] "POST /sipse/faces/presentacion/financiero/solicitudProceso/listarSolicitudProceso.xhtml HTTP/1.1" 200 30457
186.84.21.216 - - [05/Mar/2024:08:26:58 -0500] "POST /sipse/faces/presentacion/financiero/solicitudProceso/listarSolicitudProceso.xhtml HTTP/1.1" 200 30457
186.84.21.216 - - [05/Mar/2024:08:26:58 -0500] "POST /sipse/faces/presentacion/financiero/solicitudProceso/listarSolicitudProceso.xhtml HTTP/1.1" 200 30457
186.84.21.216 - - [05/Mar/2024:08:26:58 -0500] "POST /sipse/faces/presentacion/financiero/solicitudProceso/listarSolicitudProceso.xhtml HTTP/1.1" 200 30457
186.84.21.216 - - [05/Mar/2024:08:26:58 -0500] "POST /sipse/faces/presentacion/financiero/solicitudProceso/listarSolicitudProceso.xhtml HTTP/1.1" 200 30457
186.84.21.216 - - [05/Mar/2024:08:26:59 -0500] "POST /sipse/faces/presentacion/financiero/solicitudProceso/listarSolicitudProceso.xhtml HTTP/1.1" 200 1392
186.84.21.216 - - [05/Mar/2024:08:27:00 -0500] "POST /sipse/faces/presentacion/financiero/solicitudProceso/listarSolicitudProceso.xhtml HTTP/1.1" 200 1388
3.224.220.101 - - [05/Mar/2024:08:27:01 -0500] "GET /BLA/resoluciones/RESOLUCIONES%202018/4091.pdf HTTP/1.1" 200 385904
152.203.150.86 - - [05/Mar/2024:08:27:01 -0500] "POST /sipse/faces/presentacion/financiero/solicitudProceso/listarSolicitudProceso.xhtml HTTP/1.1" 200 23042
186.84.21.216 - - [05/Mar/2024:08:27:01 -0500] "POST /sipse/faces/presentacion/financiero/solicitudProceso/listarSolicitudProceso.xhtml HTTP/1.1" 200 1400
186.84.21.216 - - [05/Mar/2024:08:27:02 -0500] "POST /sipse/faces/presentacion/financiero/solicitudProceso/listarSolicitudProceso.xhtml HTTP/1.1" 200 1388
186.84.21.216 - - [05/Mar/2024:08:27:03 -0500] "POST /sipse/faces/presentacion/financiero/solicitudProceso/listarSolicitudProceso.xhtml HTTP/1.1" 200 1400
186.84.21.216 - - [05/Mar/2024:08:27:04 -0500] "POST /sipse/faces/presentacion/financiero/solicitudProceso/listarSolicitudProceso.xhtml HTTP/1.1" 200 1384
52.70.240.171 - - [05/Mar/2024:08:27:05 -0500] "GET /BLA/resoluciones/RESOLUCIONES%202022/2399.pdf HTTP/1.1" 200 406932
186.84.21.216 - - [05/Mar/2024:08:27:05 -0500] "POST /sipse/faces/presentacion/financiero/solicitudProceso/listarSolicitudProceso.xhtml HTTP/1.1" 200 1400
186.84.21.216 - - [05/Mar/2024:08:27:06 -0500] "POST /sipse/faces/presentacion/financiero/solicitudProceso/listarSolicitudProceso.xhtml HTTP/1.1" 200 1388
186.84.21.216 - - [05/Mar/2024:08:27:07 -0500] "POST /sipse/faces/presentacion/financiero/solicitudProceso/listarSolicitudProceso.xhtml HTTP/1.1" 200 1400
186.84.21.216 - - [05/Mar/2024:08:27:08 -0500] "POST /sipse/faces/presentacion/financiero/solicitudProceso/listarSolicitudProceso.xhtml HTTP/1.1" 200 1388
52.70.240.171 - - [05/Mar/2024:08:27:09 -0500] "GET /BLA/resoluciones/RESOLUCIONES%202018/4090.pdf HTTP/1.1" 200 367476
186.84.21.216 - - [05/Mar/2024:08:27:09 -0500] "POST /sipse/faces/presentacion/financiero/solicitudProceso/listarSolicitudProceso.xhtml HTTP/1.1" 200 1400
3.224.220.101 - - [05/Mar/2024:08:27:13 -0500] "GET /BLA/resoluciones/RESOLUCIONES%202022/2393.pdf HTTP/1.1" 200 1890850
52.70.240.171 - - [05/Mar/2024:08:27:17 -0500] "GET /BLA/resoluciones/RESOLUCIONES%202018/4089.pdf HTTP/1.1" 200 37041799
52.70.240.171 - - [05/Mar/2024:08:27:21 -0500] "GET /BLA/resoluciones/RESOLUCIONES%202018/4086.pdf HTTP/1.1" 200 363540
152.203.150.86 - - [05/Mar/2024:08:27:21 -0500] "POST /sipse/faces/presentacion/financiero/solicitudProceso/listarSolicitudProceso.xhtml HTTP/1.1" 200 23058
3.224.220.101 - - [05/Mar/2024:08:27:25 -0500] "GET /BLA/resoluciones/RESOLUCIONES%202022/2392.pdf HTTP/1.1" 200 528310
152.203.150.86 - - [05/Mar/2024:08:27:25 -0500] "POST /sipse/faces/presentacion/financiero/solicitudProceso/listarSolicitudProceso.xhtml HTTP/1.1" 200 23172
52.70.240.171 - - [05/Mar/2024:08:27:29 -0500] "GET /BLA/resoluciones/RESOLUCIONES%202018/4085.pdf HTTP/1.1" 200 365826
23.22.35.162 - - [05/Mar/2024:08:27:33 -0500] "GET /BLA/resoluciones/RESOLUCIONES%202022/2391.pdf HTTP/1.1" 200 1245147
52.70.240.171 - - [05/Mar/2024:08:27:37 -0500] "GET /BLA/resoluciones/RESOLUCIONES%202018/4084.pdf HTTP/1.1" 200 374153
3.224.220.101 - - [05/Mar/2024:08:27:41 -0500] "GET /BLA/resoluciones/RESOLUCIONES%202022/2390.pdf HTTP/1.1" 200 604161
23.22.35.162 - - [05/Mar/2024:08:27:45 -0500] "GET /BLA/resoluciones/RESOLUCIONES%202018/4083.pdf HTTP/1.1" 200 378883
23.22.35.162 - - [05/Mar/2024:08:27:49 -0500] "GET /BLA/resoluciones/RESOLUCIONES%202022/2389.pdf HTTP/1.1" 200 543446
3.224.220.101 - - [05/Mar/2024:08:27:53 -0500] "GET /BLA/resoluciones/RESOLUCIONES%202018/4082.pdf HTTP/1.1" 200 362350
3.224.220.101 - - [05/Mar/2024:08:27:57 -0500] "GET /BLA/resoluciones/RESOLUCIONES%202022/2388.pdf HTTP/1.1" 200 948752
23.22.35.162 - - [05/Mar/2024:08:28:01 -0500] "GET /BLA/resoluciones/RESOLUCIONES%202018/4079.pdf HTTP/1.1" 200 380831
52.70.240.171 - - [05/Mar/2024:08:28:05 -0500] "GET /BLA/resoluciones/RESOLUCIONES%202022/2387.pdf HTTP/1.1" 200 451987
181.53.13.222 - - [05/Mar/2024:08:28:08 -0500] "GET /sipse/faces/javax.faces.resource/theme.css?ln=primefaces-sipse HTTP/1.1" 304 -
181.53.13.222 - - [05/Mar/2024:08:28:08 -0500] "GET /sipse/faces/javax.faces.resource/primefaces.css?ln=primefaces&v=4.0 HTTP/1.1" 304 -
181.53.13.222 - - [05/Mar/2024:08:28:08 -0500] "GET /sipse/faces/javax.faces.resource/layout/layout.css?ln=primefaces&v=4.0 HTTP/1.1" 304 -
181.53.13.222 - - [05/Mar/2024:08:28:08 -0500] "GET /sipse/faces/javax.faces.resource/jquery/jquery-plugins.js?ln=primefaces&v=4.0 HTTP/1.1" 304 -
181.53.13.222 - - [05/Mar/2024:08:28:08 -0500] "GET /sipse/faces/javax.faces.resource/jquery/jquery.js?ln=primefaces&v=4.0 HTTP/1.1" 304 -
181.53.13.222 - - [05/Mar/2024:08:28:08 -0500] "GET /sipse/faces/javax.faces.resource/primefaces.js?ln=primefaces&v=4.0 HTTP/1.1" 304 -
181.53.13.222 - - [05/Mar/2024:08:28:08 -0500] "GET /sipse/faces/javax.faces.resource/layout/layout.js?ln=primefaces&v=4.0 HTTP/1.1" 304 -
181.53.13.222 - - [05/Mar/2024:08:28:08 -0500] "POST /sipse/faces/presentacion/financiero/solicitudProceso/consultarHistorialSolProceso.xhtml HTTP/1.1" 200 189081
181.53.13.222 - - [05/Mar/2024:08:28:09 -0500] "GET /sipse/faces/javax.faces.resource/images/ui-icons_898989_256x240.png?ln=primefaces-aristo HTTP/1.1" 304 -
3.224.220.101 - - [05/Mar/2024:08:28:09 -0500] "GET /BLA/resoluciones/RESOLUCIONES%202018/4078.pdf HTTP/1.1" 200 365751
23.22.35.162 - - [05/Mar/2024:08:28:13 -0500] "GET /BLA/resoluciones/RESOLUCIONES%202022/2385.pdf HTTP/1.1" 200 505676
3.224.220.101 - - [05/Mar/2024:08:28:17 -0500] "GET /BLA/resoluciones/RESOLUCIONES%202018/4077.pdf HTTP/1.1" 200 379666
23.22.35.162 - - [05/Mar/2024:08:28:22 -0500] "GET /BLA/resoluciones/RESOLUCIONES%202022/2381.pdf HTTP/1.1" 200 1138864
23.22.35.162 - - [05/Mar/2024:08:28:25 -0500] "GET /BLA/resoluciones/RESOLUCIONES%202018/4073.pdf HTTP/1.1" 200 373289
152.203.150.86 - - [05/Mar/2024:08:28:25 -0500] "POST /sipse/faces/presentacion/financiero/solicitudProceso/listarSolicitudProceso.xhtml HTTP/1.1" 200 20405
3.224.220.101 - - [05/Mar/2024:08:28:29 -0500] "GET /BLA/resoluciones/RESOLUCIONES%202022/2380.pdf HTTP/1.1" 200 1779659
152.203.150.86 - - [05/Mar/2024:08:28:28 -0500] "POST /sipse/faces/presentacion/financiero/solicitudProceso/listarSolicitudProceso.xhtml HTTP/1.1" 200 34556
23.22.35.162 - - [05/Mar/2024:08:28:33 -0500] "GET /BLA/resoluciones/RESOLUCIONES%202022/2378.pdf HTTP/1.1" 200 864413
201.245.192.253 - - [05/Mar/2024:08:28:34 -0500] "POST /forms/lservlet;jsessionid=ac16012b30d626f26d2b1c2d4f41939eaa2119c3b879.e3iSbxaKaheRe3iNc3uNbNmQay1ynknvrkLOlQzNp65In0 HTTP/1.1" 200 2
201.245.192.253 - - [05/Mar/2024:08:28:35 -0500] "POST /forms/lservlet;jsessionid=ac16012b30d6f4ea1d4888f54de9a75ed378af0a0d6e.e3iSbxaKaheRe3iNc3uNbNmQay1ynknvrkLOlQzNp65In0 HTTP/1.1" 200 2
23.22.35.162 - - [05/Mar/2024:08:28:37 -0500] "GET /BLA/resoluciones/RESOLUCIONES%202018/4072.pdf HTTP/1.1" 200 359053
3.224.220.101 - - [05/Mar/2024:08:28:41 -0500] "GET /BLA/resoluciones/RESOLUCIONES%202018/4071.pdf HTTP/1.1" 200 380783
152.203.150.86 - - [05/Mar/2024:08:28:41 -0500] "POST /sipse/faces/presentacion/financiero/solicitudProceso/listarSolicitudProceso.xhtml HTTP/1.1" 200 34572
23.22.35.162 - - [05/Mar/2024:08:28:46 -0500] "GET /BLA/resoluciones/RESOLUCIONES%202022/2374.pdf HTTP/1.1" 200 445106
52.70.240.171 - - [05/Mar/2024:08:28:49 -0500] "GET /BLA/resoluciones/RESOLUCIONES%202018/4069.pdf HTTP/1.1" 200 363441
52.70.240.171 - - [05/Mar/2024:08:28:53 -0500] "GET /BLA/resoluciones/RESOLUCIONES%202022/2373.pdf HTTP/1.1" 200 452864
3.224.220.101 - - [05/Mar/2024:08:28:57 -0500] "GET /BLA/resoluciones/RESOLUCIONES%202018/4066.pdf HTTP/1.1" 200 448967
3.224.220.101 - - [05/Mar/2024:08:29:01 -0500] "GET /BLA/resoluciones/RESOLUCIONES%202018/4058.pdf HTTP/1.1" 200 2448767
23.22.35.162 - - [05/Mar/2024:08:29:05 -0500] "GET /BLA/resoluciones/RESOLUCIONES%202022/2372.pdf HTTP/1.1" 200 391910
23.22.35.162 - - [05/Mar/2024:08:29:09 -0500] "GET /BLA/resoluciones/RESOLUCIONES%202022/2371.pdf HTTP/1.1" 200 960326
186.102.12.25 - - [05/Mar/2024:08:29:11 -0500] "GET /kwssiamovil/sm/ldap/au?x=U2FsdGVkX18IEAPGDixfQL6ij8KXyYuKbdsZZob33obCsd1YDZwUrnL5uC9Bmww6&y=U2FsdGVkX1+0E9LyKSLrVhSrje5AEheAu8DIOsQeZ7g= HTTP/1.1" 200 30
186.102.12.25 - - [05/Mar/2024:08:29:11 -0500] "GET /kwssiamovil/sm/ldap/au?x=U2FsdGVkX19AAy/doRcAqPj4Kv7J68sZ4+ahJE1JqhPDJYAZZYnFbCMIbAS0n4LJ&y=U2FsdGVkX1+Lqw0vdZDqMB76Ll0E/mooA/7zoW7e/VM= HTTP/1.1" 200 30
186.102.12.25 - - [05/Mar/2024:08:29:13 -0500] "GET /kwssiamovil/sm/acme/s?s=U2FsdGVkX18kFaKA3AE8Hjm68FBTD/dxAn80AzLVD0wrJbrwBov6oMPMW3zGTxSBp+dceQH9KFt3zx0oojq/joxjKoZKei+jZbT7y1zu4Ww=&u=U2FsdGVkX1/vtqH/LmvnljEP1rrzrN5usel9naEtv+Y=&y=U2FsdGVkX1+Lqw0vdZDqMB76Ll0E/mooA/7zoW7e/VM= HTTP/1.1" 200 97
23.22.35.162 - - [05/Mar/2024:08:29:13 -0500] "GET /BLA/resoluciones/RESOLUCIONES%202018/4057.pdf HTTP/1.1" 200 278381
186.102.12.25 - - [05/Mar/2024:08:29:14 -0500] "GET /kwssiamovil/sm/acme/s?s=U2FsdGVkX1+iEsKFhwJA2DCQZaJy7gFQRrygsp4YvQvexNgHdf7ujVw3qCxB14xRAm5BDamY+o0A/DZjLGwqaCa+VVa88Q8exLsPYYULAAc=&u=U2FsdGVkX194XuwqTwv/TwFTAbxIcf84pBRUHo9m4BU=&y=U2FsdGVkX1+0E9LyKSLrVhSrje5AEheAu8DIOsQeZ7g= HTTP/1.1" 200 97
186.102.12.25 - - [05/Mar/2024:08:29:15 -0500] "GET /kwssiamovil/sm/ldap/au?x=U2FsdGVkX19Ffr6YFeZVluuogfN/tmvVFVVsKBtYZcKFXTn9FbZE/h4GmZMgFw7J&y=U2FsdGVkX1+yYPuhusGAcAfYv0aBeL7MJkrwOcTHblQ= HTTP/1.1" 200 30
201.245.192.253 - - [05/Mar/2024:08:29:15 -0500] "POST /kwsrmcab/Wsrmcab HTTP/1.1" 200 38746
23.22.35.162 - - [05/Mar/2024:08:29:17 -0500] "GET /BLA/resoluciones/RESOLUCIONES%202022/2368.pdf HTTP/1.1" 200 387764
201.245.192.253 - - [05/Mar/2024:08:29:17 -0500] "POST /kwsrmcab/Wsrmcab HTTP/1.1" 200 38905
186.102.12.25 - - [05/Mar/2024:08:29:18 -0500] "GET /kwssiamovil/sm/acme/s?s=U2FsdGVkX19G7Op3P+Pq55ZHmHDyjRwaaZcRmdDxFfA96Rn2VpM+RrDTr0OxzZNVdSHeXRRGyuCkD1J2dhoL/dU0exhlicke/5Z9KvQbL3Q=&u=U2FsdGVkX18/fpR4NqMrHiSkaYRlrc0iu60vJaTKSnE=&y=U2FsdGVkX1+yYPuhusGAcAfYv0aBeL7MJkrwOcTHblQ= HTTP/1.1" 200 97
186.102.12.25 - - [05/Mar/2024:08:29:19 -0500] "GET /kwssiamovil/sm/acme/s?s=U2FsdGVkX18cvLWJVrW+Cgy1PrUb6VYWelSNyRoXYOytGJRJdWZgUlQfnUhwAsMPqbAbDsZH5e4EmuE18sRXzX9dRJphiofDruu8u9HdiluaxrAvgP6DyG/HMIp0Fw5M9a7FYcFk+uj1c3r2h+eLcMBc4rHFDJsa95LLjB8B2tNlVJEzKZgqOlUXrh856AhBcfQ1GpKavK+yvGlhevCiy1d590XLsEBJXOl0ALLZQjoOgkrohDk2H5KNF1E1Uxtx+4lNHQlI5ezB8TO7SoSuQUG2j2Qxg9fj3EOPKfY3aIUhqhvlw/s/Nk0qYROTrNKQsIrNgwRB++kn+doaEoA5+L2RwmO0yuPAiSfYnx/p1d9VFmJGDaX0eJHWcmA5H3IanYED6SIhx/ZTcOx4wGkSgdf9XU/CzoRHQmCvDFCbB6aQOiFtriOYIrYWGtRj402pmRJngZ44IDQV7aEqEoWlPmZem6I+mUcDrCMb80qlMymqwaoNwohfEsx9JXueyRAj7R1mtR5QsnggJk9HsdKraUtNlQ6GXJxqviwllofyBU8ZLac2l3lb1o5Q+w3pkDS8AnfJu6jaU1MZ+Red6i6uwZyTSgkSSMmLHeJASRpifr4czo00ItWvTJ3UqhbHUodCfc53tOga0sIe0cYY7uM1Q0KHLt47+vAmspW9nbHMZRf/4sx0yFLepY1DBK3ybGf9bL5+p0pjqEotOcxT8DBmKkaAsm89rD0EN5AqATVLXNsGx8/SPtFZYWcCGw6OJ7AhyRLYgduVNlBfwA36IZZQtL8d1s7tg37EHtoST55XP7AftLUtz+vcjufgvGixqGHDE6kEZondptMB5Fp8e6wlRjh+XCI5t5TfCmrfwLGkMKyBiLEKrhpBK8FwkM31gyZ/eTyE0h63ByqnKEnlYiP7bx4qs5V7arfxCXZqwXEFbavSTjjout9AvMzgiprovCy9W0yGNR/Isbbtg63v+ceN3Xwi/WNzEreEPYla9B3Dz8MrLd1A8fxTNDNtzaB3kKsu/CUU7LemIJsDFE2oluX1DZcIeqjQtyZ9oWUPVKCmJGbojrs7b1l9zSL7ZCdCl7eGj7+EU5khvE4RIBq734zdXuqKB20ThR1M+ZVTAGETChqmgXkoPeKfEeBwSKWvAKKOyVsDVliCr4EEQtub9KGeIjb3zKUZAqVL1l6SzEERjTYAC0Nv6pzEGBfOe9kmC1qucjzGQctwBf2P8Q/bchb6B8BxtDugasHEh1iC6SDI6QfrqNbBMdFvEclAtVdYUxgwChbsuCGJJN67LaFhjDMd07kYYI77APmH/lAyMGlzLOrIBXGFYWkgMajMSp6Lr8i4rwdbTWKr6eL9lPd2E2RRb9Y5tgr/uY4JBuBPwivnuSBBGyePZ2qnAKbxWA30egVo6cikdSzMHX17NX7D+COjV3sVkKKTqZcTc343EtQ+tS5Z/LxO6PV1vv9uoLQdR5kPa2ExXYEmCzRRDr2YA25nd/+8Eme3U4M5FAmfS4IRHsryQG3OpvppO9fXyUCCMtNou0gNLGZeMISIlJSN9PUZCkgZopxRmH9UdW0Y/G/TZL0TmSldYtHX5PyAbODZpqBuofeN94r9zhyNxmb4nBzicw3BJl6ODQtYDseF/ZnxwTNDmjM+RoMO9C2FVe88sTj/RQa5kqSzgenywCEQh5uS8UGFMch/9QmHdI8smgWoD8pmdJytu21+e2iVMwGGqN2vkRysrdAgk+IaW/438YzZvp0HFf7k1eskNGzWAxAMy94=&u=U2FsdGVkX18/fpR4NqMrHiSkaYRlrc0iu60vJaTKSnE=&y=U2FsdGVkX1+yYPuhusGAcAfYv0aBeL7MJkrwOcTHblQ= HTTP/1.1" 200 1243
186.102.12.25 - - [05/Mar/2024:08:29:19 -0500] "GET /kwssiamovil/sm/acme/s?s=U2FsdGVkX1/1gaJ5jvbVeTKWn2HfIRaI7cSHWs+iMPJCK3bJjgj2HDID/k88px8HUgnaM9YhuwB+LB6+JiGIidaLMSBPrje2jscPL8Op8TzCA/9c1Omknyo4y+8KjjgHqlvB0CiEkX47mrJZlDhTYH1iBY6FYkvg7BgVgnJY/V3zbSlC4H4p6X1g5cU+X7np2zFXO2sRJY/EaWPxqHQPRltzvmd1Ndj8gISi+hL0MPYwjoNetHuDiNlbt0B/som/oJbmhzEmh6/hwben0FeFP7scKEvwktG++IZs3sJdwkAP1yDiBnw6ryE8WpXnFVaOE9XsbjVX0Vc4D8bI7NAiXvXyrVeQpJyahMn84Q/enROFP23Jdhrv6fEP1o6Cp+2T1JytT2ZMmZoGuyE6MYMZdJsfIcIU2NqonXG9AJVO+yQsFxio0+hDNIBGBgulshH52MSzsA97x+W1UWSmikJ4f/zYhRqVT9iERZKclGGhJPeLUFSlrxLaVYflrVdSIqzMINSSZ0bu9R6uhuoyM0iPE/f8KHxRzyy1dusIq+TcQFgJRSTWxulYGqwZlODOWKkl2RwlaIq/JlVI9Qnl4LbZkTR571koKoWTgR9b4ezeQq4lsdgnMWLsOs4ej+hP/PVzgpiPLf2CZy5DSGGS8kp+YBoindmfH+b+p698xtRzNqRDKChhz0vC00n6Il1QoGHOx+qVEbk9/S59RMm/4fqJ2B7DOGZUspLgWH8wGLmf6QF137IzGBBTF9aRTsZRhuIN&u=U2FsdGVkX18/fpR4NqMrHiSkaYRlrc0iu60vJaTKSnE=&y=U2FsdGVkX1+yYPuhusGAcAfYv0aBeL7MJkrwOcTHblQ= HTTP/1.1" 200 208
52.70.240.171 - - [05/Mar/2024:08:29:21 -0500] "GET /BLA/resoluciones/RESOLUCIONES%202018/4056.pdf HTTP/1.1" 200 278538
186.102.12.25 - - [05/Mar/2024:08:29:19 -0500] "GET /kwssiamovil/sm/cjson/pre?f=1&x=U2FsdGVkX19Ffr6YFeZVluuogfN/tmvVFVVsKBtYZcKFXTn9FbZE/h4GmZMgFw7J HTTP/1.1" 200 30244
186.102.12.25 - - [05/Mar/2024:08:29:23 -0500] "GET /kwssiamovil/sm/acme/s?s=U2FsdGVkX18i6ajvyo4vYVdJtyPX2Qd/fOsNn+JjMR2XSM8HYzHIE91IT+SS6WaIUFO23GDPoDLbPUYrzpTLKT67g48iSbxX6C368GEHZyppPy/Ssm299TDSpCGZJHuLFbqVKjhJRF1ozNsSPhvjblidCu2AcMkP9zejhjdg69YeT+6hgVYktPooRgCV6/Nn7cQa152uLN4huc5ze/k9K/7srqSukMQdjL5J3JiIRtCjeklnTYmrgSANuKm88XsTrCyys9x78WvgL6Yt+xmB0bfuOccYX2qyQc/2mF5uaR5mDc7RY7wTNEcueG/jCZhI7VZNCsKeNKhMRuw0ZDHByJXR/rlsCAl++zcaH6/IRc6KS+A4RyoCJCz1Kc45ASwnvwoZPtKcNObrAvAyhEhIZRADT2P++VfkPgcUjsVecZ/azvvJJW98QXC7jw5f602WvBPWCtqgzRbzJ6oZVNDogAvdZmwdh93qj/0xnO7WFyu1bdGPGPER9/6KOrIJNHu0KqOZTwIuvm5E8kB8/S6LfzSMmV62AwZ8sqOacbR1GfprsaDuiRRvqpZOLjgiNgAX3d9gFlyiV9qaMtzr3dvBKp/hQBj/9diiPu5FI+YR0geCJp9XC+ioK2WesUb+55Yb/ueQcpH4rOfLZ6K2OOkne5ETqAh8BH9z3C0GIWKzfRQJhKDwdf+2nHBGdrPcCU1TGplMw9YOhFWQTagWU47RvJsAvhpLlNa4LoKv2wgytgh5gNMfWAyCRct/BQH5on8nm6EhcXlzutTO2OIVeh66gh9PmBtFdjWBWeM0/TkWbFmBmcvrsqvh/O5b6B+GhuZvq0c9yZOUeLOJmo2asxz0twbZUd/AZzhwG2XzGWk4qdMjgGvI6Au1eNqJnGFmTQHEbR8b8JY218wUxPeh+gZuI1ssjhu6AgMarZ9IiFk168KQMb/GeKbAErOPncy1pNTJJdqzOBM5bqR2Lp5w00SvMx8SknDXeo89etzOZwUp9O0O0JF87Gv2OMmjy7WBzIXMfJbgUzgKHzddPjPtk4VY+k14rmKugCNBPzEYo/mA1IBAbiM+V1+C94AEZuLK3HrUGU02rFaXEqTU/5l0c9nCXexRHWndVkjsy9vaKI3OlA2UTsEWSD4x/rVx+PQwOKFvOROQlR70c0t8KHe5uwYsUZGeeXYGy8S7zOddA8d68PF/DKrndweADSeylooeXGzIfVWZwsB2PAhP3YEzFwAx3tdg5BPg4HxUau4c0/rclfYp59C1mrWebPFaDpCcrNwOEXDIx6hyaqhnCkRedzbg3GOmCOLUkzxat6HY7iJFm+ISveaAbSnWTvcL6Fzw2ykF8+ehJJV4Br0ohNq5nuZV3ZNMigR+tu4ylA6qdQoZI3rGHEv57F/iKd7IYcKZHy6V3icFohCHzkO2z7ukrno6Fq81VF4JyVhCjL2zfEKuw0TMCynhGjHiJl1zuEW3P8d9iAK/kAHR7DG3qgdL/vwxElrTJWBg0MdYd1IF0Tx83cF6bhfYmY0Kp8FT4SzFgdwlswv9q/hB9tR4dezsSj7xx6n6fkGjdsHYGpZMOGI2J09pPI1AiHvF2O3vCeVAxast+Mar5bTmHXStKVDryn0eC+AssDvFiN+/yeEUQUelm/X5EDzADVN/bf420D0jYcYOsMa7kRDY8yVtXdlw2FJVabhstH9twXTPObu2jXKeyxjCIqfWS8JqlLqX0PDT6mBZ+LVxqCHKFP3hHHk/VwvaEGVLPA1KqF10FKqToM/uflQ=&u=U2FsdGVkX1/vtqH/LmvnljEP1rrzrN5usel9naEtv+Y=&y=U2FsdGVkX1+Lqw0vdZDqMB76Ll0E/mooA/7zoW7e/VM= HTTP/1.1" 200 1243
186.102.12.25 - - [05/Mar/2024:08:29:23 -0500] "GET /kwssiamovil/sm/acme/s?s=U2FsdGVkX1+ZqCCvQlEOfq0CCT1fGC1jcbPDByOffS/dp5ZXNhQMifsdlyDryJNxH2S98uC/oR+RsO71oHJGJtkuWZoqsk+9Ji8qGzsNG5nzTShLiLzdFOr5uqwnmyGDiZsvj8MwEjcjImD2+kAcSbN9KWHxWfjR2TfElXJ+N2bAMh7CH6oYPEM4bBjx3uvGgYP/966bpgeCEmQC1c5ubo6aNfkW8IeIcBC4uw6WTQWiLL+yYPBhs7Zvu6KQNMoUlZWa3dBo6izKBpYjmN412BXBevW29WTNirtCa6DVA2sdmbsHQS0zrb98eyiMR12NgJyvKYnOKEwZomqkC0B1BQoCJLCOmH8vcJzolKHt4OOX0RWQ67dARSQmQBvQ7Op13TGOVCtMMxXHi3Bq4BC/08mZmDgeQwHy8uhyyM/ezJgxYBP+PxTeqj4UQYsbj6kLFYXN9Lzo0flYoIJuZW7Ir0Wn01BZlseCvJ86JBZjhi7yAGYYcKaHhHIjZlmVHbZJxQVmylBpTuHK8bKOgNPibfFFR+nhOFfZYFvRmgcKvyDRSWuU1gUQFz6grujHaEp9RevJq6QRQn5Xflw/MXlD1LR+sIvugriPuf6CzI7KXj6eoxJhJsgP1rrP08l7PA9xjIuEkMCzHo8S2HNKOfXeaP+LB1xfLn4eWvAb5045hicT+nrBP5iBORr5Vxnz08MWVI9zxG3TraDjJhLo89/wJmCE4iepKNh5nid895l3+k+h/ldOpHMr0/HvH2PnpXYFUopnnnh+I2ooDIQWKV5BW/ch30bjU0QfzI7Zmf+G9nS6XVA9zeOIHK4YId464U1BjN1CyBxccjHTW3vfZDEiH05WjNnCA1Th2gzdV1QugkeRzPbXMWCZHeySxwj69nOhO6XLz0J8gHNnlUjsDQKiC9TzBO1PQRoXVGDHtDTXIf3ZP37Uoo+WFsSQMcrur5bdvNi4p4DhNAXR3h8qE/9tWPMeGWr1vX0QRsoaAGS4AmKLvFuIp0W+r0rnZ1GbxEPcM/op1slJ41RV37q9fTPbce8eoncr//rLUTc5L667m8JLAalptM+ff6Xpvfy3bvp3WGaazgFXn/3eV0MnHQ4tvff3QjlKu34JCBEOMuzy9cBijNBrnGbExaY2lK7V+90jLC6fb3mSVyVrzv9lLpXcotGx9nkiFDnK0rRaJO7p5qoeJuUQJd3b9ab1hvRZpHQwgsFyYlZAET2lbGCbeEwl/hO6WsNcvF2Da90sFyCAAcENCgTaCKwUZHGdlvLPVGQz+Za6ZBcXEaCU0prPyhV+aZpQKCZJAJU031lvUZK3uuMKood1lW6TJJOExct2f/zMKieSPEn1BHYxKOLinQ7hkCRbVapn59G8wDVNBSQAba+KrqbObdQSvtTk2Too4x+CyYUtLHyAcNPS6xwNzSo3bRG4f+n9VU9N0FAHZupF5+WcuDRlGUT+vnGEsobsc0Lq/NURwoYEsidyU/6gvdQS9LTyqWU26nZBLmZnOGnd/eCP7QWAktoE7utLL4gI7YLjjgGYMt2rBkS45aIoXEjIRmd/deZfe7thE9N7jIDEAbEdDLOnKhs3RBzicYBpNAcSZ48u7kAnoUn9NPHRN/0jKaBjUZ2IHqrZvH8lgTwHs+9R0h14EInLzG/ArFcZbj4bLe77QpoYdjAzp0EnVxo38uYw3SIQjJCEcPXGc3yqWQ2pV44nL/6+TDeTiB7TTQDRawmwrY4Mov7PoktIis3X+dCy71GHwDIHRWDIHJLLovU=&u=U2FsdGVkX194XuwqTwv/TwFTAbxIcf84pBRUHo9m4BU=&y=U2FsdGVkX1+0E9LyKSLrVhSrje5AEheAu8DIOsQeZ7g= HTTP/1.1" 200 1243
186.102.12.25 - - [05/Mar/2024:08:29:23 -0500] "GET /kwssiamovil/sm/acme/s?s=U2FsdGVkX1+hjOxWhde0Alz3asJIRaLV4XRGOWlWxFmHTS3cvbcrTc0QikWLbIp3idqStnNXinLZm6gf4PPFCk9pM07AO3AmGLFic/6xQjjEdx7luxnuGceQQHF+9LgO2s66Jynmep4omi618uPlcIM9Vqeu0xD/kGovWsaV1VvuGkaquO5ToN8FGtwF3MXBMAZ69gJDdFRf0a7lQCRWvkBosp2vdgXFmnDBhp/l1cscwybYr46y5rv43vURx9C1lQC3hxcthh2qWvRVgYn29gS7d+FvJi3F+Vyx2VHGr5ie1dGDqTI3oaoX0agiFurCTGx5qkJ/DrXDtMCPb3UQsx4WCFtTGRvBcIdACyzOElKXJIjWz3YLvioGNkS6Lmk37ZSPGb5Vo8C7oJYO8TMA7ZBwoe/vuyq71IAGz2VxPmc9dbcBbiLcbJng265RL5R5S+BYWrsQhaL8ltZB5A8SSiln4LYpTX0N+YxFCOpmPXMbsNC2hMG9bLcyQ4SU9DLRfkTS6kFUpiGq0lKL8pod9h4hTj/l3PGDP9hpnBS6doGbNNX3CbjTDQVWHelq0brEYD/wBOJ5PBkEQJXXkUtZ9juFGBToFWwlbqQjseXeKQ0jWijC+62xdTtcddnPDTRBaLAqO8/gDhcKv902OOmOLNWrK9EZGnH1S1RmLECESAbn8f1+7uQ6+e479Igsr1wO2/HbPK0MypXJ4cK65+L3WU1gGHNhfkdSXWw6hyGWNZOeVTULwhSCMMxXb69r03t4&u=U2FsdGVkX1/vtqH/LmvnljEP1rrzrN5usel9naEtv+Y=&y=U2FsdGVkX1+Lqw0vdZDqMB76Ll0E/mooA/7zoW7e/VM= HTTP/1.1" 200 208
186.102.12.25 - - [05/Mar/2024:08:29:23 -0500] "GET /kwssiamovil/sm/acme/s?s=U2FsdGVkX1+ScFeHNP+86L3eqXEwe4izEaWPfSiuk0br70cgmZxN+gZYD3BlmdbRXDgfs/q3AIg1++ZsmU/hIlSsfoVDsXfGlJrLKPokQgdxsBrw0WUL3gLiV9YvYqFkkMGGDe8WXk0oDfD3b8tj/Zt6TcrZxBDzXgPpxfXspH/excsWgfs5V0aRg7SH54htAbWNy2FehEgNkDprS2wx3ZyvigGDwksWIE2qvAVpwKxhcMKhVF9agg+/fNR0+Z0orYqZRG3RbU3m5T8vNTcG9FHug2EUQpbWTiykC65TomMu34yP2wz067u+HX7OXG39ZpjefBu5lQ5sok75x0LBfqGiWeCkO9vIP0up/alFHyW/F0aLqSg4PlhG4Fj7CRQRcgtICNbKIn3ZZYKB1sdtRGg0RsOiAxJD6JmQTeIpCH7QSl75RdnDqKZWSu7xAg4GXVmzg9vptm+hCZclNDvNuAbNr85rJxoUy9PaTwi7w4BS59sgkbWW7XtMTJjyLdAIUNwfbZd7EUNuZEvLTASP3aV69UUocopswqjVVHiZr4pKgi0xCMn6xZuhYUAcOpWJsyzioR78wrqiql0x8yyxD8K42BT5Q7BEQdPbEqzAugcGVpqOUfHTQ252veF0g+pPMSVuyoJEHF66FMG92ioixKurp/qokPyY3d52+xNZsB5QfHzgvUfsWxdVRN4ZrA9iFSbefAxCW+KoIirKoM5UaoquXDBGu7FF5E1h2htjicsiN142QnL5p07vaPPhjURU&u=U2FsdGVkX194XuwqTwv/TwFTAbxIcf84pBRUHo9m4BU=&y=U2FsdGVkX1+0E9LyKSLrVhSrje5AEheAu8DIOsQeZ7g= HTTP/1.1" 200 208
186.102.12.25 - - [05/Mar/2024:08:29:23 -0500] "GET /kwssiamovil/sm/cjson/pre?f=1&x=U2FsdGVkX19AAy/doRcAqPj4Kv7J68sZ4+ahJE1JqhPDJYAZZYnFbCMIbAS0n4LJ HTTP/1.1" 200 30244
186.102.12.25 - - [05/Mar/2024:08:29:23 -0500] "GET /kwssiamovil/sm/cjson/pre?f=1&x=U2FsdGVkX18IEAPGDixfQL6ij8KXyYuKbdsZZob33obCsd1YDZwUrnL5uC9Bmww6 HTTP/1.1" 200 30244
3.224.220.101 - - [05/Mar/2024:08:29:25 -0500] "GET /BLA/resoluciones/RESOLUCIONES%202022/2367.pdf HTTP/1.1" 200 385192
52.70.240.171 - - [05/Mar/2024:08:29:29 -0500] "GET /BLA/resoluciones/RESOLUCIONES%202018/4053.pdf HTTP/1.1" 200 328077
23.22.35.162 - - [05/Mar/2024:08:29:33 -0500] "GET /BLA/resoluciones/RESOLUCIONES%202022/2366.pdf HTTP/1.1" 200 547661
201.245.192.253 - - [05/Mar/2024:08:29:33 -0500] "POST /kwsrmcab/Wsrmcab HTTP/1.1" 200 37678
23.22.35.162 - - [05/Mar/2024:08:29:37 -0500] "GET /BLA/resoluciones/RESOLUCIONES%202018/4051.pdf HTTP/1.1" 200 2633044
201.245.192.253 - - [05/Mar/2024:08:29:37 -0500] "POST /kwsrmcab/Wsrmcab HTTP/1.1" 200 38905
23.22.35.162 - - [05/Mar/2024:08:29:41 -0500] "GET /BLA/resoluciones/RESOLUCIONES%202022/2364.pdf HTTP/1.1" 200 381789
23.22.35.162 - - [05/Mar/2024:08:29:46 -0500] "GET /BLA/resoluciones/RESOLUCIONES%202018/4050.pdf HTTP/1.1" 200 294506
52.70.240.171 - - [05/Mar/2024:08:29:49 -0500] "GET /BLA/resoluciones/RESOLUCIONES%202022/2363.pdf HTTP/1.1" 200 435597
52.70.240.171 - - [05/Mar/2024:08:29:54 -0500] "GET /BLA/resoluciones/RESOLUCIONES%202018/4049.pdf HTTP/1.1" 200 381049
3.224.220.101 - - [05/Mar/2024:08:29:57 -0500] "GET /BLA/resoluciones/RESOLUCIONES%202022/2362.pdf HTTP/1.1" 200 416384
23.22.35.162 - - [05/Mar/2024:08:30:01 -0500] "GET /BLA/resoluciones/RESOLUCIONES%202018/4048.pdf HTTP/1.1" 200 373282
52.70.240.171 - - [05/Mar/2024:08:30:05 -0500] "GET /BLA/resoluciones/RESOLUCIONES%202022/2361.pdf HTTP/1.1" 200 380292
52.70.240.171 - - [05/Mar/2024:08:30:10 -0500] "GET /BLA/resoluciones/RESOLUCIONES%202018/4046.pdf HTTP/1.1" 200 372542
52.70.240.171 - - [05/Mar/2024:08:30:13 -0500] "GET /BLA/resoluciones/RESOLUCIONES%202022/2360.pdf HTTP/1.1" 200 347711
201.245.192.253 - - [05/Mar/2024:08:30:15 -0500] "GET /sipse/faces/faces/ HTTP/1.1" 302 -
201.245.192.253 - - [05/Mar/2024:08:30:15 -0500] "GET /sipse/faces/autenticacion.xhtml HTTP/1.1" 200 12401
201.245.192.253 - - [05/Mar/2024:08:30:16 -0500] "GET /sipse/faces/javax.faces.resource/theme.css?ln=primefaces-sipse HTTP/1.1" 304 -
201.245.192.253 - - [05/Mar/2024:08:30:16 -0500] "GET /sipse/faces/javax.faces.resource/layout/layout.css?ln=primefaces&v=4.0 HTTP/1.1" 304 -
201.245.192.253 - - [05/Mar/2024:08:30:16 -0500] "GET /sipse/faces/javax.faces.resource/jquery/jquery-plugins.js?ln=primefaces&v=4.0 HTTP/1.1" 304 -
201.245.192.253 - - [05/Mar/2024:08:30:16 -0500] "GET /sipse/faces/javax.faces.resource/jquery/jquery.js?ln=primefaces&v=4.0 HTTP/1.1" 304 -
201.245.192.253 - - [05/Mar/2024:08:30:16 -0500] "GET /sipse/faces/javax.faces.resource/layout/layout.js?ln=primefaces&v=4.0 HTTP/1.1" 304 -
201.245.192.253 - - [05/Mar/2024:08:30:16 -0500] "GET /sipse/faces/javax.faces.resource/primefaces.js?ln=primefaces&v=4.0 HTTP/1.1" 304 -
201.245.192.253 - - [05/Mar/2024:08:30:16 -0500] "GET /sipse/faces/javax.faces.resource/primefaces.css?ln=primefaces&v=4.0 HTTP/1.1" 304 -
201.245.192.253 - - [05/Mar/2024:08:30:16 -0500] "GET /sipse/faces/javax.faces.resource/images/ui-icons_898989_256x240.png?ln=primefaces-aristo HTTP/1.1" 304 -
201.245.192.253 - - [05/Mar/2024:08:30:16 -0500] "GET /sipse/faces/index.xhtml HTTP/1.1" 200 677
201.245.192.253 - - [05/Mar/2024:08:30:16 -0500] "GET /sipse/faces/javax.faces.resource/theme.css?ln=primefaces-sipse HTTP/1.1" 304 -
201.245.192.253 - - [05/Mar/2024:08:30:16 -0500] "GET /sipse/faces/faces/autenticacion.xhtml HTTP/1.1" 200 12401
201.245.192.253 - - [05/Mar/2024:08:30:16 -0500] "GET /sipse/faces/javax.faces.resource/theme.css?ln=primefaces-sipse HTTP/1.1" 304 -
201.245.192.253 - - [05/Mar/2024:08:30:16 -0500] "GET /sipse/faces/javax.faces.resource/primefaces.css?ln=primefaces&v=4.0 HTTP/1.1" 304 -
201.245.192.253 - - [05/Mar/2024:08:30:16 -0500] "GET /sipse/faces/javax.faces.resource/layout/layout.css?ln=primefaces&v=4.0 HTTP/1.1" 304 -
201.245.192.253 - - [05/Mar/2024:08:30:16 -0500] "GET /sipse/faces/javax.faces.resource/jquery/jquery-plugins.js?ln=primefaces&v=4.0 HTTP/1.1" 304 -
201.245.192.253 - - [05/Mar/2024:08:30:16 -0500] "GET /sipse/faces/javax.faces.resource/primefaces.js?ln=primefaces&v=4.0 HTTP/1.1" 304 -
201.245.192.253 - - [05/Mar/2024:08:30:16 -0500] "GET /sipse/faces/javax.faces.resource/jquery/jquery.js?ln=primefaces&v=4.0 HTTP/1.1" 304 -
201.245.192.253 - - [05/Mar/2024:08:30:16 -0500] "GET /sipse/faces/javax.faces.resource/layout/layout.js?ln=primefaces&v=4.0 HTTP/1.1" 304 -
3.224.220.101 - - [05/Mar/2024:08:30:17 -0500] "GET /BLA/resoluciones/RESOLUCIONES%202018/4043.pdf HTTP/1.1" 200 272645
201.245.192.253 - - [05/Mar/2024:08:30:15 -0500] "POST /kwsrmcab/Wsrmcab  HTTP/1.1" 200 39632
3.224.220.101 - - [05/Mar/2024:08:30:21 -0500] "GET /BLA/resoluciones/RESOLUCIONES%202022/2358.pdf HTTP/1.1" 200 412385
157.55.39.60 - - [05/Mar/2024:08:30:20 -0500] "GET /requerimientos/consulta.php HTTP/1.1" 200 1541357
3.224.220.101 - - [05/Mar/2024:08:30:25 -0500] "GET /BLA/resoluciones/RESOLUCIONES%202018/4042.pdf HTTP/1.1" 200 272069
201.245.192.253 - - [05/Mar/2024:08:30:28 -0500] "POST /sipse/faces/autenticacion.xhtml HTTP/1.1" 200 16281
201.245.192.253 - - [05/Mar/2024:08:30:28 -0500] "GET /sipse/faces/javax.faces.resource/theme.css?ln=primefaces-sipse HTTP/1.1" 304 -
201.245.192.253 - - [05/Mar/2024:08:30:28 -0500] "GET /sipse/faces/javax.faces.resource/primefaces.css?ln=primefaces&v=4.0 HTTP/1.1" 304 -
201.245.192.253 - - [05/Mar/2024:08:30:28 -0500] "GET /sipse/faces/javax.faces.resource/layout/layout.css?ln=primefaces&v=4.0 HTTP/1.1" 304 -
201.245.192.253 - - [05/Mar/2024:08:30:28 -0500] "GET /sipse/faces/javax.faces.resource/jquery/jquery.js?ln=primefaces&v=4.0 HTTP/1.1" 304 -
