201.245.192.253 - - [05/Mar/2024:09:25:45 -0500] "GET /sipse/faces/javax.faces.resource/layout/layout.js?ln=primefaces&v=4.0 HTTP/1.1" 304 -
201.245.192.253 - - [05/Mar/2024:09:25:45 -0500] "POST /sipse/faces/presentacion/financiero/solicitudProceso/listarSolicitudProceso.xhtml HTTP/1.1" 200 1556
52.70.240.171 - - [05/Mar/2024:09:25:46 -0500] "GET /Autoliquidacion/index.php?dir=TR%EF%BF%BDMITES%20MINER%EF%BF%BDA/ HTTP/1.1" 200 7313
52.70.240.171 - - [05/Mar/2024:09:25:49 -0500] "GET /Autoliquidacion/index.php?dir= HTTP/1.1" 200 7098
3.224.220.101 - - [05/Mar/2024:09:25:53 -0500] "GET /Autoliquidacion/index.php?dir=Fauna%20Silvestre/ HTTP/1.1" 200 3033
23.22.35.162 - - [05/Mar/2024:09:25:57 -0500] "GET /Autoliquidacion/index.php?dir=TR%EF%BF%BDMITES%20VERTIMIENTOS/ HTTP/1.1" 200 7322
3.224.220.101 - - [05/Mar/2024:09:26:00 -0500] "GET /Autoliquidacion/index.php?dir=&order=asc&sort=date HTTP/1.1" 200 7098
201.245.192.253 - - [05/Mar/2024:09:26:05 -0500] "POST /sipse/faces/presentacion/financiero/solicitudProceso/listarSolicitudProceso.xhtml HTTP/1.1" 200 63623
3.224.220.101 - - [05/Mar/2024:09:26:05 -0500] "GET /Autoliquidacion/index.php?dir=&order=desc&sort=date HTTP/1.1" 200 7097
168.119.253.13 - - [05/Mar/2024:09:26:07 -0500] "GET / HTTP/1.1" 200 4720
201.245.192.253 - - [05/Mar/2024:09:26:08 -0500] "POST /sipse/faces/presentacion/financiero/solicitudProceso/listarSolicitudProceso.xhtml HTTP/1.1" 200 63795
201.245.192.253 - - [05/Mar/2024:09:26:08 -0500] "POST /sipse/faces/presentacion/financiero/solicitudProceso/listarSolicitudProceso.xhtml HTTP/1.1" 200 76135
23.22.35.162 - - [05/Mar/2024:09:26:09 -0500] "GET /Autoliquidacion/index.php?dir=&order=asc&sort=name HTTP/1.1" 200 7098
23.22.35.162 - - [05/Mar/2024:09:26:13 -0500] "GET /Autoliquidacion/index.php?dir=&order=asc&sort=size HTTP/1.1" 200 7098
3.224.220.101 - - [05/Mar/2024:09:25:41 -0500] "GET /BLA/boletinlegal/ HTTP/1.1" 200 20427
52.70.240.171 - - [05/Mar/2024:09:26:17 -0500] "GET /Autoliquidacion/index.php?dir=&order=desc&sort=size HTTP/1.1" 200 7097
23.22.35.162 - - [05/Mar/2024:09:26:20 -0500] "GET /Autoliquidacion/index.php?dir=&order=desc&sort=name HTTP/1.1" 200 7097
3.224.220.101 - - [05/Mar/2024:09:26:25 -0500] "GET /Autoliquidacion/index.php?dir=Fauna%20Silvestre/&order=asc&sort=date HTTP/1.1" 200 3033
172.22.2.4 - - [05/Mar/2024:09:24:48 -0500] "HEAD /BLA/boletinlegal/ HTTP/1.1" 200 -
52.70.240.171 - - [05/Mar/2024:09:26:28 -0500] "GET /Autoliquidacion/index.php?dir=Fauna%20Silvestre/&order=asc&sort=name HTTP/1.1" 200 3033
201.245.192.253 - - [05/Mar/2024:09:26:31 -0500] "POST /sipse/faces/presentacion/financiero/solicitudProceso/listarSolicitudProceso.xhtml HTTP/1.1" 200 120916
201.245.192.253 - - [05/Mar/2024:09:26:31 -0500] "GET /sipse/faces/javax.faces.resource/theme.css?ln=primefaces-sipse HTTP/1.1" 304 -
201.245.192.253 - - [05/Mar/2024:09:26:31 -0500] "GET /sipse/faces/javax.faces.resource/layout/layout.css?ln=primefaces&v=4.0 HTTP/1.1" 304 -
201.245.192.253 - - [05/Mar/2024:09:26:31 -0500] "GET /sipse/faces/javax.faces.resource/primefaces.css?ln=primefaces&v=4.0 HTTP/1.1" 304 -
201.245.192.253 - - [05/Mar/2024:09:26:31 -0500] "GET /sipse/faces/javax.faces.resource/jquery/jquery.js?ln=primefaces&v=4.0 HTTP/1.1" 304 -
201.245.192.253 - - [05/Mar/2024:09:26:31 -0500] "GET /sipse/faces/javax.faces.resource/jquery/jquery-plugins.js?ln=primefaces&v=4.0 HTTP/1.1" 304 -
201.245.192.253 - - [05/Mar/2024:09:26:31 -0500] "GET /sipse/faces/javax.faces.resource/primefaces.js?ln=primefaces&v=4.0 HTTP/1.1" 304 -
201.245.192.253 - - [05/Mar/2024:09:26:31 -0500] "GET /sipse/faces/javax.faces.resource/layout/layout.js?ln=primefaces&v=4.0 HTTP/1.1" 304 -
3.224.220.101 - - [05/Mar/2024:09:26:32 -0500] "GET /Autoliquidacion/index.php?dir=Fauna%20Silvestre/&order=asc&sort=size HTTP/1.1" 200 3033
186.102.45.138 - - [05/Mar/2024:09:26:35 -0500] "GET /kwssiamovil/sm/acme/a?s=U2FsdGVkX19vtokzBVaySJUPa1ZlwpXaOjARMe4oFfGkkZb+YONxRQwJigXbGbQO8enl01bvLkPGB7bKBDcweb4l0NhaatDL7RIAlXvSBHMpGgcM0jOPzBzu5R6rThOm31PZalRIPUMGylK+iwjYfOp8w1lVA4/1LDHEY+TLFRb93onZ3Tbg+bCbz5Uhagi3HlAbJt/ERLgEDDRq9uPZI5MFVKHCtIl+hMxfxdmzgRk2RNGdSuVesAMoUeLv60bHUjcAvnsyRid5glmv/4A1SA==&u=U2FsdGVkX1/2ByX91lMUGJpy0PhdEt/iFbIZWl9n9sU=&y=U2FsdGVkX1/qDxsTYXPa1FQws9CFQITG1FcjFXfE+uciMJrXUWymOCLzJsLVzaPW HTTP/1.1" 200 26
186.102.45.138 - - [05/Mar/2024:09:26:36 -0500] "GET /kwssiamovil/sm/acme/a?s=U2FsdGVkX1+kpBA3mHrld04wWGITNdVXKlTdm8KQS8J0n3zKkziK/AtHrwdXQFqu3N8m3/7kxR9bHSnuuHoHwnAnWwfRzICRJFRJrZ5qchREmQVcaOvWaQtfCgz72XWghiI7xN95KgeUEFd7w0nlWhKPshpzvPzfmPE/kPXUpiacCVesOqgibWZr4s37mOHmOXmH7951Ob46Uq5d7QfoR5QvhpvQ70Jew3uijuwMmax9ca1t2gU+gjeiJ08Ax13Ke/xY2cGqd+Y9lENddMLkkIxvrQqvTMPDOwJG0Z5N5qmEk3QoFxtubofiLEPVApPlMbieQpeGGINIvZgS/KqisQbyLIORI83zdbVjfRKUGxWonqC1WTF6uZfWFrK47YbcfSqxjuIdWT6BtXxEjC4X07R+W+LTjqzMEy76nJrMcAraItpayRbzpQxvtywrJad4QDvQ763xY0x61hzxNC8MRSE9R2DZspBa/cvgergimKTK3Sgh0GTn1SgQqKDjKGawpJwGKsDPA7xK3yZxH4eE89muwFpFDfodKPAMb6aGABi2mERpjj+FfPYgQGT3zoYFnwwBOhOY6JwYrFMbTTuBP/Z1rQ/uOjjhNWuxe7iSYc5J/xIBHHZzXbMKz1LEoiknZWFzCILxqnyLK3wkpIsbP5cAOh5okiNGjDSEx0nc0yLWTrcST1XcCW202Y0++CEzV6qhNlVZVkJNLsphSEStbxQgU6WuCNFoK2BMSxKV3p3RwjyVnlBunCrZbrPBV4kNXt8CoUUBGWk9XmOKOWeRP5YF95gPoGH+RMT2MV8bAhZ6LKqOMkkSDqNL8YK/5lnwPBx+3u+V2cO8g2DBFLA0NFq5qFEZWeVBAxw47ZuU6i9x6VjLY5JKFIafq6JdeEKdGmUL8y4tfmzShYppHWrNcYpRA3kntWqxXyOo3bj+PLPHRHYZ4tfmFAVMNco53LdKwX2AJ+5fSBL5jUIWaEVGkJcNe8A4cgT4npt7Vyexx6LVwi0Bd4F7keRUk4yOi5mn3fNAsfI0HNfftDRwCvXqWBf83JItaJ10jDScqDeV2dZTuC12XKmA3SBDcf2uxV9KlAX1gho9msv6Y2Qhn2Z94r57miQj7Z9QfBjt3XSrMxCS9pS17X+QbQw7gXALPjIrqsom4RBqgOUpcoQrlQ2z9wf1LYWvF1dJCLTTgNFPygVkWb0d1iopjTL88+Ey643LUJIzFeucf+/VYYzrq8P9GjEH/cmt3gVz8gOdyT9ICojH5tsl3gWSckyXWfOckUzVeFvLgYRsCcw2RPYXH+cK4yXVXgpSIcwWuOpGc9omo5rVLqThE7ehGueatnhRnT5fuGz/X5+o8MJsGQBZ0IFfFyhsIGX82yMhPu31PStXjEeNxWj+R4zbGKjK+pgOoTf4tie0APycyhMt70+rVrons6j9lAOKMwvD7+nlDmkA1O89KAsIPzXzRW2bFJ2WrgHdLIE4j0N+b2LcQbpqQ+cgSNmR+/e6NzwOyF7RNaZGkQ1E1UluFnYr+cI2aa6h+WSuCHp6zEAaha8b0k+EfcmY8iNUQ4sKINCntXx2j4M3XNVSGeXBJfLSP7StAMN7BHUQMOzRM/JELXtMbtLcNKeliVrrsXuA9Wk5Y0c/VKPHxkD6bIh5nlOPCzeIfAcOcgJvMQuP0N6U2VA8t4eowHJkfA==&u=U2FsdGVkX1/2ByX91lMUGJpy0PhdEt/iFbIZWl9n9sU=&y=U2FsdGVkX1/qDxsTYXPa1FQws9CFQITG1FcjFXfE+uciMJrXUWymOCLzJsLVzaPW HTTP/1.1" 200 26
186.102.45.138 - - [05/Mar/2024:09:26:36 -0500] "GET /kwssiamovil/sm/acme/a?s=U2FsdGVkX18gFQyOJzBaAjLg8hHHARvwf4MDKcDkjEvwXNy9oJyMXVaaKB9rI+qaQZEsf1DURz5lFRPuyzW/amaYecfVbpnsNMHBgL/EcxmkJJ7horXNr0ySDwJQpi6ckwmVaWb8VLqgPidluRfnvSvuKmxsm1twUJYMpfljUU8=&u=U2FsdGVkX1/2ByX91lMUGJpy0PhdEt/iFbIZWl9n9sU=&y=U2FsdGVkX1/qDxsTYXPa1FQws9CFQITG1FcjFXfE+uciMJrXUWymOCLzJsLVzaPW HTTP/1.1" 200 26
186.102.45.138 - - [05/Mar/2024:09:26:36 -0500] "GET /kwssiamovil/sm/acme/a?s=U2FsdGVkX1/I8zgxRQD+SNFJqJtcV8y6IFccUR4kY40X4txzHzA9DESWr+ftFMEx6EKEDKYWoy7iKUejNYq4niRrNOiTw4jAjEZ3y+bCdHFegGHFY7R7vHw9qB4MW7ftLWHZslnHRY7MFQKV0Fs/V/htS/hNU1xeuibMqO/9gy0=&u=U2FsdGVkX1/2ByX91lMUGJpy0PhdEt/iFbIZWl9n9sU=&y=U2FsdGVkX1/qDxsTYXPa1FQws9CFQITG1FcjFXfE+uciMJrXUWymOCLzJsLVzaPW HTTP/1.1" 200 26
186.102.45.138 - - [05/Mar/2024:09:26:36 -0500] "GET /kwssiamovil/sm/acme/a?s=U2FsdGVkX1/c20V9dU/eT4hKTMCdR2OwkFGIb5SKUPvaUm48mEmOagAPdzkk8N0boVC/5RozgK10PXSbomvCKuhYE8umdJCeak11mzUD2FuBmIomBTNvDeSbWW5OsOqCj/1ubd7VJDqpb9dlBXtKJbqOVg6LNKIOT9U+bvptLwQ=&u=U2FsdGVkX1/2ByX91lMUGJpy0PhdEt/iFbIZWl9n9sU=&y=U2FsdGVkX1/qDxsTYXPa1FQws9CFQITG1FcjFXfE+uciMJrXUWymOCLzJsLVzaPW HTTP/1.1" 200 26
3.224.220.101 - - [05/Mar/2024:09:26:37 -0500] "GET /Autoliquidacion/index.php?dir=TR%EF%BF%BDMITES%20AGUAS%20SUPERFICIALES/ HTTP/1.1" 200 7343
186.102.45.138 - - [05/Mar/2024:09:26:37 -0500] "GET /kwssiamovil/sm/acme/a?s=U2FsdGVkX1+4Hygz6XxNFSZPNOzFCp/bXjaAMyrsV2tQJ2hQdIF0gs2tf7hfcxcEur1F53QWfercWn8pZAVljScEPuyj+H3hseVGlgTbt9J0MOPrsbXi8gnQJ6+6kUJYcuje37hfwosBiTr/wZnywsjPAeC2e+ZZ6u3mpYt0+XdZavVeEP76DP6zdlKjwWi0&u=U2FsdGVkX1/2ByX91lMUGJpy0PhdEt/iFbIZWl9n9sU=&y=U2FsdGVkX1/qDxsTYXPa1FQws9CFQITG1FcjFXfE+uciMJrXUWymOCLzJsLVzaPW HTTP/1.1" 200 26
3.224.220.101 - - [05/Mar/2024:09:26:40 -0500] "GET /Autoliquidacion/index.php?dir=TR%EF%BF%BDMITES%20AGUAS%20SUBTERR%EF%BF%BDNEAS/ HTTP/1.1" 200 7346
52.70.240.171 - - [05/Mar/2024:09:26:45 -0500] "GET /Autoliquidacion/index.php?dir=Solicitud%20de%20Licencia%20Ambiental/ HTTP/1.1" 200 2558
3.224.220.101 - - [05/Mar/2024:09:26:49 -0500] "GET /Autoliquidacion/Solicitud%20de%20Licencia%20Ambiental/Aplicativo.html HTTP/1.1" 200 359
23.22.35.162 - - [05/Mar/2024:09:26:54 -0500] "GET /Autoliquidacion/Solicitud%20de%20Licencia%20Ambiental/Solicitud%20de%20licencia%20ambiental.....pdf HTTP/1.1" 200 99744
23.22.35.162 - - [05/Mar/2024:09:26:58 -0500] "GET /Autoliquidacion/index.php?dir=RECEPCI%EF%BF%BDN%20DE%20PETICIONES%20PQRSF/ HTTP/1.1" 200 7346
52.70.240.171 - - [05/Mar/2024:09:27:01 -0500] "GET /Autoliquidacion/index.php?dir=Permiso%20de%20ocupaci%EF%BF%BDn%20de%20cauce/ HTTP/1.1" 200 7346
52.70.240.171 - - [05/Mar/2024:09:27:05 -0500] "GET /Autoliquidacion/index.php?dir=Grupo%20Forestal%20-%20Silvicultura/ HTTP/1.1" 200 2759
52.70.240.171 - - [05/Mar/2024:09:27:08 -0500] "GET /Autoliquidacion/Grupo%20Forestal%20-%20Silvicultura/Aplicativo.html HTTP/1.1" 200 359
3.224.220.101 - - [05/Mar/2024:09:27:13 -0500] "GET /Autoliquidacion/index.php?dir=Grupo%20Forestal%20-%20Silvicultura/Permiso%20o%20autorizaci%EF%BF%BDn%20para%20aprovechamiento%20forestal%20de%20%EF%BF%BDrboles%20aislados/ HTTP/1.1" 200 7603
3.224.220.101 - - [05/Mar/2024:09:27:17 -0500] "GET /Autoliquidacion/index.php?dir=Grupo%20Forestal%20-%20Silvicultura/Permiso%20o%20autorizaci%EF%BF%BDn%20para%20aprovechamiento%20forestal%20de%20%EF%BF%BDrboles%20aislados/&order=asc&sort=date HTTP/1.1" 200 7603
190.147.104.121 - - [05/Mar/2024:09:27:18 -0500] "GET /sipse/faces/index.xhtml HTTP/1.1" 200 677
190.147.104.121 - - [05/Mar/2024:09:27:19 -0500] "GET /sipse/faces/javax.faces.resource/theme.css?ln=primefaces-sipse HTTP/1.1" 200 50058
172.22.2.4 - - [05/Mar/2024:09:25:39 -0500] "GET /BLA/boletinlegal/ HTTP/1.1" 200 57485
190.147.104.121 - - [05/Mar/2024:09:27:19 -0500] "GET /sipse/faces/faces/autenticacion.xhtml HTTP/1.1" 200 12401
190.147.104.121 - - [05/Mar/2024:09:27:19 -0500] "GET /sipse/faces/javax.faces.resource/theme.css?ln=primefaces-sipse HTTP/1.1" 304 -
190.147.104.121 - - [05/Mar/2024:09:27:19 -0500] "GET /sipse/faces/javax.faces.resource/jquery/jquery.js?ln=primefaces&v=4.0 HTTP/1.1" 304 -
190.147.104.121 - - [05/Mar/2024:09:27:19 -0500] "GET /sipse/faces/javax.faces.resource/jquery/jquery-plugins.js?ln=primefaces&v=4.0 HTTP/1.1" 304 -
190.147.104.121 - - [05/Mar/2024:09:27:19 -0500] "GET /sipse/faces/javax.faces.resource/primefaces.css?ln=primefaces&v=4.0 HTTP/1.1" 304 -
190.147.104.121 - - [05/Mar/2024:09:27:19 -0500] "GET /sipse/faces/javax.faces.resource/layout/layout.css?ln=primefaces&v=4.0 HTTP/1.1" 304 -
190.147.104.121 - - [05/Mar/2024:09:27:20 -0500] "GET /sipse/faces/javax.faces.resource/layout/layout.js?ln=primefaces&v=4.0 HTTP/1.1" 304 -
190.147.104.121 - - [05/Mar/2024:09:27:20 -0500] "GET /sipse/faces/javax.faces.resource/primefaces.js?ln=primefaces&v=4.0 HTTP/1.1" 304 -
190.147.104.121 - - [05/Mar/2024:09:27:20 -0500] "GET /sipse/faces/javax.faces.resource/images/ui-icons_898989_256x240.png?ln=primefaces-aristo HTTP/1.1" 200 5355
190.147.104.121 - - [05/Mar/2024:09:27:20 -0500] "GET /sipse/css/imagen/logoSDG.png HTTP/1.1" 200 22658
190.147.104.121 - - [05/Mar/2024:09:27:20 -0500] "GET /sipse/css/imagen/loginimg.png HTTP/1.1" 200 71635
190.147.104.121 - - [05/Mar/2024:09:27:22 -0500] "POST /sipse/faces/autenticacion.xhtml HTTP/1.1" 200 11848
190.147.104.121 - - [05/Mar/2024:09:27:22 -0500] "GET /sipse/css/custom_css_sg_prime.css HTTP/1.1" 200 5201
190.147.104.121 - - [05/Mar/2024:09:27:22 -0500] "GET /sipse/faces/javax.faces.resource/jquery/jquery.js?ln=primefaces&v=4.0 HTTP/1.1" 304 -
190.147.104.121 - - [05/Mar/2024:09:27:22 -0500] "GET /sipse/faces/javax.faces.resource/jquery/jquery-plugins.js?ln=primefaces&v=4.0 HTTP/1.1" 304 -
190.147.104.121 - - [05/Mar/2024:09:27:22 -0500] "GET /sipse/faces/javax.faces.resource/primefaces.js?ln=primefaces&v=4.0 HTTP/1.1" 304 -
190.147.104.121 - - [05/Mar/2024:09:27:22 -0500] "GET /sipse/faces/javax.faces.resource/layout/layout.js?ln=primefaces&v=4.0 HTTP/1.1" 304 -
190.147.104.121 - - [05/Mar/2024:09:27:22 -0500] "GET /sipse/faces/javax.faces.resource/messages/messages.png?ln=primefaces&v=4.0 HTTP/1.1" 200 27209
190.147.104.121 - - [05/Mar/2024:09:27:24 -0500] "POST /sipse/faces/presentacion/sistema/seguridad/seleccionRol.xhtml HTTP/1.1" 200 6214
3.224.220.101 - - [05/Mar/2024:09:27:25 -0500] "GET /Autoliquidacion/index.php?dir=Grupo%20Forestal%20-%20Silvicultura/Permiso%20o%20autorizaci%EF%BF%BDn%20para%20aprovechamiento%20forestal%20de%20%EF%BF%BDrboles%20aislados/&order=desc&sort=date HTTP/1.1" 200 7602
190.147.104.121 - - [05/Mar/2024:09:27:25 -0500] "POST /sipse/faces/presentacion/sistema/seguridad/seleccionRol.xhtml HTTP/1.1" 200 18900
190.147.104.121 - - [05/Mar/2024:09:27:25 -0500] "GET /sipse/faces/javax.faces.resource/jquery/jquery.js?ln=primefaces&v=4.0 HTTP/1.1" 304 -
190.147.104.121 - - [05/Mar/2024:09:27:25 -0500] "GET /sipse/faces/javax.faces.resource/jquery/jquery-plugins.js?ln=primefaces&v=4.0 HTTP/1.1" 304 -
190.147.104.121 - - [05/Mar/2024:09:27:25 -0500] "GET /sipse/faces/javax.faces.resource/primefaces.js?ln=primefaces&v=4.0 HTTP/1.1" 304 -
190.147.104.121 - - [05/Mar/2024:09:27:25 -0500] "GET /sipse/faces/javax.faces.resource/layout/layout.js?ln=primefaces&v=4.0 HTTP/1.1" 304 -
190.147.104.121 - - [05/Mar/2024:09:27:25 -0500] "GET /sipse/css/imagen/contrasena.png HTTP/1.1" 404 383
190.147.104.121 - - [05/Mar/2024:09:27:27 -0500] "GET /sipse/faces/javax.faces.resource/images/ui-bg_flat_0_2d5972_40x100.png?ln=primefaces-aristo HTTP/1.1" 304 -
190.147.104.121 - - [05/Mar/2024:09:27:27 -0500] "POST /sipse/faces/bienvenido.xhtml HTTP/1.1" 200 5002
190.147.104.121 - - [05/Mar/2024:09:27:28 -0500] "POST /sipse/faces/bienvenido.xhtml HTTP/1.1" 200 36525
190.147.104.121 - - [05/Mar/2024:09:27:29 -0500] "GET /sipse/faces/javax.faces.resource/jquery/jquery.js?ln=primefaces&v=4.0 HTTP/1.1" 304 -
190.147.104.121 - - [05/Mar/2024:09:27:29 -0500] "GET /sipse/faces/javax.faces.resource/jquery/jquery-plugins.js?ln=primefaces&v=4.0 HTTP/1.1" 304 -
190.147.104.121 - - [05/Mar/2024:09:27:29 -0500] "GET /sipse/faces/javax.faces.resource/primefaces.js?ln=primefaces&v=4.0 HTTP/1.1" 304 -
23.22.35.162 - - [05/Mar/2024:09:27:29 -0500] "GET /Autoliquidacion/index.php?dir=Grupo%20Forestal%20-%20Silvicultura/Permiso%20o%20autorizaci%EF%BF%BDn%20para%20aprovechamiento%20forestal%20de%20%EF%BF%BDrboles%20aislados/&order=asc&sort=name HTTP/1.1" 200 7603
190.147.104.121 - - [05/Mar/2024:09:27:30 -0500] "GET /sipse/faces/javax.faces.resource/layout/layout.js?ln=primefaces&v=4.0 HTTP/1.1" 304 -
201.245.192.253 - - [05/Mar/2024:09:27:29 -0500] "GET /sipsepre/faces/faces/autenticacion.xhtml HTTP/1.1" 200 12759
201.245.192.253 - - [05/Mar/2024:09:27:30 -0500] "GET /sipsepre/css/custom_css_sg.css HTTP/1.1" 200 9692
201.245.192.253 - - [05/Mar/2024:09:27:30 -0500] "GET /sipsepre/css/custom_css_sg_prime_login.css HTTP/1.1" 200 443
201.245.192.253 - - [05/Mar/2024:09:27:30 -0500] "GET /sipsepre/faces/javax.faces.resource/layout/layout.css;jsessionid=JiEerMX7a-sgUwSpZggRm00-.undefined?ln=primefaces&v=4.0 HTTP/1.1" 200 542
201.245.192.253 - - [05/Mar/2024:09:27:30 -0500] "GET /sipsepre/faces/javax.faces.resource/jquery/jquery.js;jsessionid=JiEerMX7a-sgUwSpZggRm00-.undefined?ln=primefaces&v=4.0 HTTP/1.1" 200 105384
201.245.192.253 - - [05/Mar/2024:09:27:30 -0500] "GET /sipsepre/js/disable_browser_buttons.js HTTP/1.1" 304 -
201.245.192.253 - - [05/Mar/2024:09:27:30 -0500] "GET /sipsepre/faces/javax.faces.resource/jquery/jquery-plugins.js;jsessionid=JiEerMX7a-sgUwSpZggRm00-.undefined?ln=primefaces&v=4.0 HTTP/1.1" 200 220526
201.245.192.253 - - [05/Mar/2024:09:27:30 -0500] "GET /sipsepre/faces/javax.faces.resource/layout/layout.js;jsessionid=JiEerMX7a-sgUwSpZggRm00-.undefined?ln=primefaces&v=4.0 HTTP/1.1" 200 87560
201.245.192.253 - - [05/Mar/2024:09:27:30 -0500] "GET /sipsepre/js/funciones.js HTTP/1.1" 304 -
201.245.192.253 - - [05/Mar/2024:09:27:30 -0500] "GET /sipsepre/faces/javax.faces.resource/primefaces.css;jsessionid=JiEerMX7a-sgUwSpZggRm00-.undefined?ln=primefaces&v=4.0 HTTP/1.1" 200 53325
201.245.192.253 - - [05/Mar/2024:09:27:30 -0500] "GET /sipsepre/faces/javax.faces.resource/theme.css?ln=primefaces-sipse HTTP/1.1" 200 50106
201.245.192.253 - - [05/Mar/2024:09:27:30 -0500] "GET /sipsepre/faces/javax.faces.resource/primefaces.js;jsessionid=JiEerMX7a-sgUwSpZggRm00-.undefined?ln=primefaces&v=4.0 HTTP/1.1" 200 276924
201.245.192.253 - - [05/Mar/2024:09:27:30 -0500] "GET /sipsepre/faces/javax.faces.resource/images/ui-icons_898989_256x240.png?ln=primefaces-aristo HTTP/1.1" 200 5355
201.245.192.253 - - [05/Mar/2024:09:27:30 -0500] "GET /sipsepre/css/imagen/logoSDG.png HTTP/1.1" 200 53064
201.245.192.253 - - [05/Mar/2024:09:27:30 -0500] "GET /sipsepre/css/imagen/loginimg.png HTTP/1.1" 200 71635
201.245.192.253 - - [05/Mar/2024:09:27:30 -0500] "GET /sipsepre/faces/faces/index.xhtml HTTP/1.1" 200 680
201.245.192.253 - - [05/Mar/2024:09:27:30 -0500] "GET /sipsepre/faces/javax.faces.resource/theme.css?ln=primefaces-sipse HTTP/1.1" 304 -
201.245.192.253 - - [05/Mar/2024:09:27:30 -0500] "GET /sipsepre/faces/faces/faces/autenticacion.xhtml HTTP/1.1" 200 12437
201.245.192.253 - - [05/Mar/2024:09:27:30 -0500] "GET /sipsepre/faces/javax.faces.resource/theme.css?ln=primefaces-sipse HTTP/1.1" 304 -
201.245.192.253 - - [05/Mar/2024:09:27:30 -0500] "GET /sipsepre/faces/javax.faces.resource/layout/layout.css?ln=primefaces&v=4.0 HTTP/1.1" 200 542
201.245.192.253 - - [05/Mar/2024:09:27:30 -0500] "GET /sipsepre/faces/javax.faces.resource/primefaces.css?ln=primefaces&v=4.0 HTTP/1.1" 200 53325
201.245.192.253 - - [05/Mar/2024:09:27:30 -0500] "GET /sipsepre/faces/javax.faces.resource/jquery/jquery.js?ln=primefaces&v=4.0 HTTP/1.1" 304 -
201.245.192.253 - - [05/Mar/2024:09:27:30 -0500] "GET /sipsepre/faces/javax.faces.resource/jquery/jquery-plugins.js?ln=primefaces&v=4.0 HTTP/1.1" 304 -
201.245.192.253 - - [05/Mar/2024:09:27:31 -0500] "GET /sipsepre/faces/javax.faces.resource/primefaces.js?ln=primefaces&v=4.0 HTTP/1.1" 304 -
201.245.192.253 - - [05/Mar/2024:09:27:31 -0500] "GET /sipsepre/faces/javax.faces.resource/layout/layout.js?ln=primefaces&v=4.0 HTTP/1.1" 304 -
201.245.192.253 - - [05/Mar/2024:09:27:31 -0500] "GET /sipsepre/faces/javax.faces.resource/images/ui-icons_898989_256x240.png?ln=primefaces-aristo HTTP/1.1" 304 -
201.245.192.253 - - [05/Mar/2024:09:27:35 -0500] "POST /sipsepre/faces/autenticacion.xhtml HTTP/1.1" 200 11725
201.245.192.253 - - [05/Mar/2024:09:27:35 -0500] "GET /sipsepre/css/custom_css_sg_prime.css HTTP/1.1" 200 5201
201.245.192.253 - - [05/Mar/2024:09:27:35 -0500] "GET /sipsepre/faces/javax.faces.resource/jquery/jquery.js?ln=primefaces&v=4.0 HTTP/1.1" 304 -
201.245.192.253 - - [05/Mar/2024:09:27:35 -0500] "GET /sipsepre/faces/javax.faces.resource/jquery/jquery-plugins.js?ln=primefaces&v=4.0 HTTP/1.1" 304 -
201.245.192.253 - - [05/Mar/2024:09:27:35 -0500] "GET /sipsepre/faces/javax.faces.resource/primefaces.js?ln=primefaces&v=4.0 HTTP/1.1" 304 -
201.245.192.253 - - [05/Mar/2024:09:27:35 -0500] "GET /sipsepre/faces/javax.faces.resource/layout/layout.js?ln=primefaces&v=4.0 HTTP/1.1" 304 -
201.245.192.253 - - [05/Mar/2024:09:27:37 -0500] "GET /sipsepre/faces/javax.faces.resource/messages/messages.png?ln=primefaces&v=4.0 HTTP/1.1" 200 27209
201.245.192.253 - - [05/Mar/2024:09:27:40 -0500] "POST /sipsepre/faces/presentacion/sistema/seguridad/seleccionRol.xhtml HTTP/1.1" 200 6074
201.245.192.253 - - [05/Mar/2024:09:27:40 -0500] "GET /sipsepre/faces/javax.faces.resource/images/ui-bg_flat_0_2d5972_40x100.png?ln=primefaces-aristo HTTP/1.1" 200 183
201.245.192.253 - - [05/Mar/2024:09:27:41 -0500] "POST /sipsepre/faces/presentacion/sistema/seguridad/seleccionRol.xhtml HTTP/1.1" 200 17200
201.245.192.253 - - [05/Mar/2024:09:27:42 -0500] "GET /sipsepre/js/jquery.min.js HTTP/1.1" 200 85582
201.245.192.253 - - [05/Mar/2024:09:27:42 -0500] "GET /sipsepre/faces/javax.faces.resource/jquery/jquery.js?ln=primefaces&v=4.0 HTTP/1.1" 304 -
201.245.192.253 - - [05/Mar/2024:09:27:42 -0500] "GET /sipsepre/faces/javax.faces.resource/jquery/jquery-plugins.js?ln=primefaces&v=4.0 HTTP/1.1" 304 -
201.245.192.253 - - [05/Mar/2024:09:27:42 -0500] "GET /sipsepre/faces/javax.faces.resource/primefaces.js?ln=primefaces&v=4.0 HTTP/1.1" 304 -
201.245.192.253 - - [05/Mar/2024:09:27:42 -0500] "GET /sipsepre/faces/javax.faces.resource/layout/layout.js?ln=primefaces&v=4.0 HTTP/1.1" 304 -
201.245.192.253 - - [05/Mar/2024:09:27:42 -0500] "GET /sipsepre/imagenes/cargando.gif HTTP/1.1" 200 36959
201.245.192.253 - - [05/Mar/2024:09:27:42 -0500] "GET /sipsepre/css/v_mergente.css HTTP/1.1" 200 1508
201.245.192.253 - - [05/Mar/2024:09:27:42 -0500] "GET /sipsepre/css/imagen/contrasena.png HTTP/1.1" 404 383
201.245.192.253 - - [05/Mar/2024:09:27:42 -0500] "GET /sipsepre/imagenes/logoAplicacion.jpg HTTP/1.1" 200 155084
201.245.192.253 - - [05/Mar/2024:09:27:44 -0500] "POST /sipsepre/faces/bienvenido.xhtml HTTP/1.1" 200 2658
52.70.240.171 - - [05/Mar/2024:09:27:45 -0500] "GET /Autoliquidacion/index.php?dir=Grupo%20Forestal%20-%20Silvicultura/Permiso%20o%20autorizaci%EF%BF%BDn%20para%20aprovechamiento%20forestal%20de%20%EF%BF%BDrboles%20aislados/&order=asc&sort=size HTTP/1.1" 200 7603
201.245.192.253 - - [05/Mar/2024:09:27:46 -0500] "POST /sipsepre/faces/bienvenido.xhtml HTTP/1.1" 200 64171
201.245.192.253 - - [05/Mar/2024:09:27:46 -0500] "GET /sipsepre/faces/javax.faces.resource/jquery/jquery.js?ln=primefaces&v=4.0 HTTP/1.1" 304 -
201.245.192.253 - - [05/Mar/2024:09:27:46 -0500] "GET /sipsepre/faces/javax.faces.resource/jquery/jquery-plugins.js?ln=primefaces&v=4.0 HTTP/1.1" 304 -
201.245.192.253 - - [05/Mar/2024:09:27:46 -0500] "GET /sipsepre/faces/javax.faces.resource/primefaces.js?ln=primefaces&v=4.0 HTTP/1.1" 304 -
201.245.192.253 - - [05/Mar/2024:09:27:47 -0500] "GET /sipsepre/faces/javax.faces.resource/layout/layout.js?ln=primefaces&v=4.0 HTTP/1.1" 304 -
201.245.192.253 - - [05/Mar/2024:09:27:47 -0500] "POST /sipsepre/faces/presentacion/financiero/solicitudProceso/listarSolicitudProceso.xhtml HTTP/1.1" 200 1556
3.224.220.101 - - [05/Mar/2024:09:27:52 -0500] "GET /Autoliquidacion/index.php?dir=Grupo%20Forestal%20-%20Silvicultura/Permiso%20o%20autorizaci%EF%BF%BDn%20para%20aprovechamiento%20forestal%20de%20%EF%BF%BDrboles%20aislados/&order=desc&sort=size HTTP/1.1" 200 7602
190.147.104.121 - - [05/Mar/2024:09:27:53 -0500] "POST /sipse/faces/presentacion/workflow/reasignarReenrutar.xhtml HTTP/1.1" 200 15474
190.147.104.121 - - [05/Mar/2024:09:27:53 -0500] "POST /sipse/faces/presentacion/workflow/reasignarReenrutar.xhtml HTTP/1.1" 200 15945
201.245.192.253 - - [05/Mar/2024:09:27:54 -0500] "GET /sipse/faces/faces/autenticacion.xhtml HTTP/1.1" 200 12401
201.245.192.253 - - [05/Mar/2024:09:27:55 -0500] "GET /sipse/faces/javax.faces.resource/theme.css?ln=primefaces-sipse HTTP/1.1" 304 -
201.245.192.253 - - [05/Mar/2024:09:27:55 -0500] "GET /sipse/faces/javax.faces.resource/primefaces.css?ln=primefaces&v=4.0 HTTP/1.1" 304 -
201.245.192.253 - - [05/Mar/2024:09:27:55 -0500] "GET /sipse/faces/javax.faces.resource/layout/layout.css?ln=primefaces&v=4.0 HTTP/1.1" 304 -
201.245.192.253 - - [05/Mar/2024:09:27:55 -0500] "GET /sipse/faces/javax.faces.resource/jquery/jquery.js?ln=primefaces&v=4.0 HTTP/1.1" 304 -
201.245.192.253 - - [05/Mar/2024:09:27:55 -0500] "GET /sipse/faces/javax.faces.resource/primefaces.js?ln=primefaces&v=4.0 HTTP/1.1" 304 -
201.245.192.253 - - [05/Mar/2024:09:27:55 -0500] "GET /sipse/faces/javax.faces.resource/jquery/jquery-plugins.js?ln=primefaces&v=4.0 HTTP/1.1" 304 -
201.245.192.253 - - [05/Mar/2024:09:27:55 -0500] "GET /sipse/faces/javax.faces.resource/layout/layout.js?ln=primefaces&v=4.0 HTTP/1.1" 304 -
190.147.104.121 - - [05/Mar/2024:09:27:55 -0500] "POST /sipse/faces/presentacion/workflow/reasignarReenrutar.xhtml HTTP/1.1" 200 18055
201.245.192.253 - - [05/Mar/2024:09:27:55 -0500] "GET /sipse/faces/javax.faces.resource/images/ui-icons_898989_256x240.png?ln=primefaces-aristo HTTP/1.1" 304 -
201.245.192.253 - - [05/Mar/2024:09:27:56 -0500] "GET /sipse/faces/faces/index.xhtml HTTP/1.1" 200 677
201.245.192.253 - - [05/Mar/2024:09:27:56 -0500] "GET /sipse/faces/javax.faces.resource/theme.css?ln=primefaces-sipse HTTP/1.1" 304 -
201.245.192.253 - - [05/Mar/2024:09:27:57 -0500] "GET /sipse/faces/faces/faces/autenticacion.xhtml HTTP/1.1" 200 12401
190.147.104.121 - - [05/Mar/2024:09:27:56 -0500] "POST /sipse/faces/presentacion/workflow/reasignarReenrutar.xhtml HTTP/1.1" 200 165439
201.245.192.253 - - [05/Mar/2024:09:27:57 -0500] "GET /sipse/faces/javax.faces.resource/theme.css?ln=primefaces-sipse HTTP/1.1" 304 -
201.245.192.253 - - [05/Mar/2024:09:27:57 -0500] "GET /sipse/faces/javax.faces.resource/primefaces.css?ln=primefaces&v=4.0 HTTP/1.1" 304 -
201.245.192.253 - - [05/Mar/2024:09:27:57 -0500] "GET /sipse/faces/javax.faces.resource/layout/layout.css?ln=primefaces&v=4.0 HTTP/1.1" 304 -
201.245.192.253 - - [05/Mar/2024:09:27:57 -0500] "GET /sipse/faces/javax.faces.resource/jquery/jquery.js?ln=primefaces&v=4.0 HTTP/1.1" 304 -
201.245.192.253 - - [05/Mar/2024:09:27:57 -0500] "GET /sipse/faces/javax.faces.resource/jquery/jquery-plugins.js?ln=primefaces&v=4.0 HTTP/1.1" 304 -
201.245.192.253 - - [05/Mar/2024:09:27:57 -0500] "GET /sipse/faces/javax.faces.resource/layout/layout.js?ln=primefaces&v=4.0 HTTP/1.1" 304 -
201.245.192.253 - - [05/Mar/2024:09:27:57 -0500] "GET /sipse/faces/javax.faces.resource/primefaces.js?ln=primefaces&v=4.0 HTTP/1.1" 304 -
190.147.104.121 - - [05/Mar/2024:09:27:57 -0500] "GET /sipse/faces/javax.faces.resource/jquery/jquery.js?ln=primefaces&v=4.0 HTTP/1.1" 304 -
190.147.104.121 - - [05/Mar/2024:09:27:57 -0500] "GET /sipse/faces/javax.faces.resource/jquery/jquery-plugins.js?ln=primefaces&v=4.0 HTTP/1.1" 304 -
190.147.104.121 - - [05/Mar/2024:09:27:57 -0500] "GET /sipse/faces/javax.faces.resource/primefaces.js?ln=primefaces&v=4.0 HTTP/1.1" 304 -
190.147.104.121 - - [05/Mar/2024:09:27:57 -0500] "GET /sipse/faces/javax.faces.resource/layout/layout.js?ln=primefaces&v=4.0 HTTP/1.1" 304 -
201.245.192.253 - - [05/Mar/2024:09:27:57 -0500] "POST /sipse/faces/presentacion/financiero/solicitudProceso/consultarSolicitudProceso.xhtml HTTP/1.1" 200 63767
201.245.192.253 - - [05/Mar/2024:09:27:58 -0500] "GET /sipse/faces/javax.faces.resource/theme.css?ln=primefaces-sipse HTTP/1.1" 304 -
201.245.192.253 - - [05/Mar/2024:09:27:58 -0500] "GET /sipse/faces/javax.faces.resource/primefaces.css?ln=primefaces&v=4.0 HTTP/1.1" 304 -
201.245.192.253 - - [05/Mar/2024:09:27:58 -0500] "GET /sipse/faces/javax.faces.resource/layout/layout.css?ln=primefaces&v=4.0 HTTP/1.1" 304 -
201.245.192.253 - - [05/Mar/2024:09:27:58 -0500] "GET /sipse/faces/javax.faces.resource/jquery/jquery.js?ln=primefaces&v=4.0 HTTP/1.1" 304 -
201.245.192.253 - - [05/Mar/2024:09:27:58 -0500] "GET /sipse/faces/javax.faces.resource/jquery/jquery-plugins.js?ln=primefaces&v=4.0 HTTP/1.1" 304 -
201.245.192.253 - - [05/Mar/2024:09:27:58 -0500] "GET /sipse/faces/javax.faces.resource/primefaces.js?ln=primefaces&v=4.0 HTTP/1.1" 304 -
201.245.192.253 - - [05/Mar/2024:09:27:58 -0500] "GET /sipse/faces/javax.faces.resource/layout/layout.js?ln=primefaces&v=4.0 HTTP/1.1" 304 -
201.245.192.253 - - [05/Mar/2024:09:27:58 -0500] "POST /sipse/faces/presentacion/financiero/solicitudProceso/listarSolicitudProceso.xhtml HTTP/1.1" 200 57020
201.245.192.253 - - [05/Mar/2024:09:27:58 -0500] "POST /sipse/faces/presentacion/financiero/solicitudProceso/listarSolicitudProceso.xhtml HTTP/1.1" 200 57020
201.245.192.253 - - [05/Mar/2024:09:27:58 -0500] "POST /sipse/faces/presentacion/financiero/solicitudProceso/listarSolicitudProceso.xhtml HTTP/1.1" 200 57020
201.245.192.253 - - [05/Mar/2024:09:27:59 -0500] "POST /sipse/faces/presentacion/financiero/solicitudProceso/listarSolicitudProceso.xhtml HTTP/1.1" 200 1556
201.245.192.253 - - [05/Mar/2024:09:27:59 -0500] "POST /sipse/faces/presentacion/financiero/solicitudProceso/listarSolicitudProceso.xhtml HTTP/1.1" 200 1552
201.245.192.253 - - [05/Mar/2024:09:27:59 -0500] "POST /sipse/faces/presentacion/financiero/solicitudProceso/listarSolicitudProceso.xhtml HTTP/1.1" 200 1564
201.245.192.253 - - [05/Mar/2024:09:27:59 -0500] "POST /sipse/faces/presentacion/financiero/solicitudProceso/listarSolicitudProceso.xhtml HTTP/1.1" 200 1552
201.245.192.253 - - [05/Mar/2024:09:28:02 -0500] "POST /sipse/faces/autenticacion.xhtml HTTP/1.1" 200 2219
201.245.192.253 - - [05/Mar/2024:09:28:02 -0500] "GET /sipse/faces/javax.faces.resource/messages/messages.png?ln=primefaces&v=4.0 HTTP/1.1" 304 -
190.147.104.121 - - [05/Mar/2024:09:28:02 -0500] "POST /sipse/faces/presentacion/financiero/solicitudProceso/consultarSolicitudProceso.xhtml HTTP/1.1" 200 54096
190.147.104.121 - - [05/Mar/2024:09:28:03 -0500] "GET /sipse/faces/javax.faces.resource/primefaces.css?ln=primefaces&v=4.0 HTTP/1.1" 304 -
190.147.104.121 - - [05/Mar/2024:09:28:03 -0500] "GET /sipse/faces/javax.faces.resource/primefaces.js?ln=primefaces&v=4.0 HTTP/1.1" 304 -
190.147.104.121 - - [05/Mar/2024:09:28:03 -0500] "GET /sipse/faces/javax.faces.resource/jquery/jquery.js?ln=primefaces&v=4.0 HTTP/1.1" 304 -
190.147.104.121 - - [05/Mar/2024:09:28:03 -0500] "GET /sipse/faces/javax.faces.resource/jquery/jquery-plugins.js?ln=primefaces&v=4.0 HTTP/1.1" 304 -
190.147.104.121 - - [05/Mar/2024:09:28:03 -0500] "GET /sipse/faces/javax.faces.resource/theme.css?ln=primefaces-sipse HTTP/1.1" 304 -
190.147.104.121 - - [05/Mar/2024:09:28:03 -0500] "GET /sipse/faces/javax.faces.resource/layout/layout.js?ln=primefaces&v=4.0 HTTP/1.1" 304 -
190.147.104.121 - - [05/Mar/2024:09:28:03 -0500] "GET /sipse/faces/javax.faces.resource/layout/layout.css?ln=primefaces&v=4.0 HTTP/1.1" 304 -
190.147.104.121 - - [05/Mar/2024:09:28:03 -0500] "GET /sipse/faces/javax.faces.resource/images/ui-icons_898989_256x240.png?ln=primefaces-aristo HTTP/1.1" 200 5355
190.147.104.121 - - [05/Mar/2024:09:28:03 -0500] "GET /favicon.ico HTTP/1.1" 200 7782
201.245.192.253 - - [05/Mar/2024:09:28:03 -0500] "GET /sipse/faces/javax.faces.resource/images/ui-icons_898989_256x240.png?ln=primefaces-aristo HTTP/1.1" 304 -
201.245.192.253 - - [05/Mar/2024:09:28:03 -0500] "POST /sipse/faces/autenticacion.xhtml HTTP/1.1" 200 16451
201.245.192.253 - - [05/Mar/2024:09:28:03 -0500] "GET /sipse/faces/javax.faces.resource/theme.css?ln=primefaces-sipse HTTP/1.1" 304 -
201.245.192.253 - - [05/Mar/2024:09:28:04 -0500] "GET /sipse/faces/javax.faces.resource/primefaces.css?ln=primefaces&v=4.0 HTTP/1.1" 304 -
201.245.192.253 - - [05/Mar/2024:09:28:04 -0500] "GET /sipse/faces/javax.faces.resource/layout/layout.css?ln=primefaces&v=4.0 HTTP/1.1" 304 -
201.245.192.253 - - [05/Mar/2024:09:28:04 -0500] "GET /sipse/faces/javax.faces.resource/jquery/jquery.js?ln=primefaces&v=4.0 HTTP/1.1" 304 -
201.245.192.253 - - [05/Mar/2024:09:28:04 -0500] "GET /sipse/faces/javax.faces.resource/jquery/jquery-plugins.js?ln=primefaces&v=4.0 HTTP/1.1" 304 -
201.245.192.253 - - [05/Mar/2024:09:28:04 -0500] "GET /sipse/faces/javax.faces.resource/primefaces.js?ln=primefaces&v=4.0 HTTP/1.1" 304 -
201.245.192.253 - - [05/Mar/2024:09:28:04 -0500] "GET /sipse/faces/javax.faces.resource/layout/layout.js?ln=primefaces&v=4.0 HTTP/1.1" 304 -
201.245.192.253 - - [05/Mar/2024:09:28:04 -0500] "GET /sipse/css/imagen/contrasena.png HTTP/1.1" 404 383
23.22.35.162 - - [05/Mar/2024:09:28:05 -0500] "GET /Autoliquidacion/index.php?dir=Grupo%20Forestal%20-%20Silvicultura/Permiso%20o%20autorizaci%EF%BF%BDn%20para%20aprovechamiento%20forestal%20de%20%EF%BF%BDrboles%20aislados/&order=desc&sort=name HTTP/1.1" 200 7602
201.245.192.253 - - [05/Mar/2024:09:28:06 -0500] "GET /sipse/faces/javax.faces.resource/images/ui-bg_flat_0_2d5972_40x100.png?ln=primefaces-aristo HTTP/1.1" 304 -
201.245.192.253 - - [05/Mar/2024:09:28:06 -0500] "POST /sipse/faces/bienvenido.xhtml HTTP/1.1" 200 2073
201.245.192.253 - - [05/Mar/2024:09:28:06 -0500] "POST /sipse/faces/bienvenido.xhtml HTTP/1.1" 200 39078
201.245.192.253 - - [05/Mar/2024:09:28:07 -0500] "GET /sipse/faces/javax.faces.resource/theme.css?ln=primefaces-sipse HTTP/1.1" 304 -
201.245.192.253 - - [05/Mar/2024:09:28:07 -0500] "GET /sipse/faces/javax.faces.resource/primefaces.css?ln=primefaces&v=4.0 HTTP/1.1" 304 -
201.245.192.253 - - [05/Mar/2024:09:28:07 -0500] "GET /sipse/faces/javax.faces.resource/layout/layout.css?ln=primefaces&v=4.0 HTTP/1.1" 304 -
201.245.192.253 - - [05/Mar/2024:09:28:07 -0500] "GET /sipse/faces/javax.faces.resource/jquery/jquery.js?ln=primefaces&v=4.0 HTTP/1.1" 304 -
201.245.192.253 - - [05/Mar/2024:09:28:07 -0500] "GET /sipse/faces/javax.faces.resource/jquery/jquery-plugins.js?ln=primefaces&v=4.0 HTTP/1.1" 304 -
201.245.192.253 - - [05/Mar/2024:09:28:07 -0500] "GET /sipse/faces/javax.faces.resource/primefaces.js?ln=primefaces&v=4.0 HTTP/1.1" 304 -
201.245.192.253 - - [05/Mar/2024:09:28:07 -0500] "GET /sipse/faces/javax.faces.resource/layout/layout.js?ln=primefaces&v=4.0 HTTP/1.1" 304 -
201.245.192.253 - - [05/Mar/2024:09:28:09 -0500] "POST /sipse/faces/presentacion/financiero/solicitudProceso/consultar.xhtml HTTP/1.1" 200 12813
23.22.35.162 - - [05/Mar/2024:09:28:18 -0500] "GET /Autoliquidacion/index.php?dir=Grupo%20Forestal%20-%20Silvicultura/Control%20y%20Seguimiento%20a%20las%20Actividades%20Silviculturales/ HTTP/1.1" 200 3503
23.22.35.162 - - [05/Mar/2024:09:28:21 -0500] "GET /Autoliquidacion/Grupo%20Forestal%20-%20Silvicultura/Control%20y%20Seguimiento%20a%20las%20Actividades%20Silviculturales/PM04-PR29-F7%20Ficha%20tecnica%20de%20registro%20de%20poda.xlsm HTTP/1.1" 200 60449
201.245.192.253 - - [05/Mar/2024:09:28:23 -0500] "POST /sipse/faces/presentacion/financiero/solicitudProceso/listarSolicitudProceso.xhtml HTTP/1.1" 200 63685
3.224.220.101 - - [05/Mar/2024:09:28:25 -0500] "GET /Autoliquidacion/index.php?dir=Grupo%20Forestal%20-%20Silvicultura/Control%20y%20Seguimiento%20a%20las%20Actividades%20Silviculturales/&order=asc&sort=date HTTP/1.1" 200 3503
201.245.192.253 - - [05/Mar/2024:09:28:28 -0500] "POST /sipse/faces/presentacion/financiero/solicitudProceso/listarSolicitudProceso.xhtml HTTP/1.1" 200 63783
201.245.192.253 - - [05/Mar/2024:09:28:28 -0500] "POST /sipse/faces/presentacion/financiero/solicitudProceso/listarSolicitudProceso.xhtml HTTP/1.1" 200 76131
3.224.220.101 - - [05/Mar/2024:09:28:29 -0500] "GET /Autoliquidacion/index.php?dir=Grupo%20Forestal%20-%20Silvicultura/Control%20y%20Seguimiento%20a%20las%20Actividades%20Silviculturales/&order=desc&sort=date HTTP/1.1" 200 3502
201.245.192.253 - - [05/Mar/2024:09:28:38 -0500] "POST /sipse/faces/presentacion/financiero/solicitudProceso/consultar.xhtml HTTP/1.1" 200 12785
201.245.192.253 - - [05/Mar/2024:09:28:47 -0500] "POST /sipse/faces/presentacion/financiero/solicitudProceso/listarSolicitudProceso.xhtml HTTP/1.1" 200 125864
201.245.192.253 - - [05/Mar/2024:09:28:48 -0500] "GET /sipse/faces/javax.faces.resource/theme.css?ln=primefaces-sipse HTTP/1.1" 304 -
201.245.192.253 - - [05/Mar/2024:09:28:48 -0500] "GET /sipse/faces/javax.faces.resource/primefaces.css?ln=primefaces&v=4.0 HTTP/1.1" 304 -
201.245.192.253 - - [05/Mar/2024:09:28:48 -0500] "GET /sipse/faces/javax.faces.resource/layout/layout.css?ln=primefaces&v=4.0 HTTP/1.1" 304 -
201.245.192.253 - - [05/Mar/2024:09:28:48 -0500] "GET /sipse/faces/javax.faces.resource/jquery/jquery.js?ln=primefaces&v=4.0 HTTP/1.1" 304 -
201.245.192.253 - - [05/Mar/2024:09:28:48 -0500] "GET /sipse/faces/javax.faces.resource/jquery/jquery-plugins.js?ln=primefaces&v=4.0 HTTP/1.1" 304 -
201.245.192.253 - - [05/Mar/2024:09:28:48 -0500] "GET /sipse/faces/javax.faces.resource/primefaces.js?ln=primefaces&v=4.0 HTTP/1.1" 304 -
201.245.192.253 - - [05/Mar/2024:09:28:48 -0500] "GET /sipse/faces/javax.faces.resource/layout/layout.js?ln=primefaces&v=4.0 HTTP/1.1" 304 -
201.245.192.253 - - [05/Mar/2024:09:28:50 -0500] "POST /sipse/faces/presentacion/financiero/solicitudProceso/consultar.xhtml HTTP/1.1" 200 12831
23.22.35.162 - - [05/Mar/2024:09:28:53 -0500] "GET /Autoliquidacion/index.php?dir=Grupo%20Forestal%20-%20Silvicultura/Control%20y%20Seguimiento%20a%20las%20Actividades%20Silviculturales/&order=asc&sort=name HTTP/1.1" 200 3503
201.245.192.253 - - [05/Mar/2024:09:28:54 -0500] "POST /sipse/faces/presentacion/financiero/solicitudProceso/consultar.xhtml HTTP/1.1" 200 133926
201.245.192.253 - - [05/Mar/2024:09:28:55 -0500] "GET /sipse/faces/javax.faces.resource/theme.css?ln=primefaces-sipse HTTP/1.1" 304 -
201.245.192.253 - - [05/Mar/2024:09:28:55 -0500] "GET /sipse/faces/javax.faces.resource/primefaces.css?ln=primefaces&v=4.0 HTTP/1.1" 304 -
201.245.192.253 - - [05/Mar/2024:09:28:55 -0500] "GET /sipse/faces/javax.faces.resource/layout/layout.css?ln=primefaces&v=4.0 HTTP/1.1" 304 -
201.245.192.253 - - [05/Mar/2024:09:28:55 -0500] "GET /sipse/faces/javax.faces.resource/jquery/jquery.js?ln=primefaces&v=4.0 HTTP/1.1" 304 -
201.245.192.253 - - [05/Mar/2024:09:28:55 -0500] "GET /sipse/faces/javax.faces.resource/jquery/jquery-plugins.js?ln=primefaces&v=4.0 HTTP/1.1" 304 -
201.245.192.253 - - [05/Mar/2024:09:28:55 -0500] "GET /sipse/faces/javax.faces.resource/primefaces.js?ln=primefaces&v=4.0 HTTP/1.1" 304 -
201.245.192.253 - - [05/Mar/2024:09:28:55 -0500] "GET /sipse/faces/javax.faces.resource/layout/layout.js?ln=primefaces&v=4.0 HTTP/1.1" 304 -
201.245.192.253 - - [05/Mar/2024:09:28:59 -0500] "POST /sipse/faces/presentacion/financiero/solicitudProceso/consultarSolicitudProceso.xhtml HTTP/1.1" 200 34534
201.245.192.253 - - [05/Mar/2024:09:28:59 -0500] "GET /sipse/faces/javax.faces.resource/primefaces.css?ln=primefaces&v=4.0 HTTP/1.1" 304 -
201.245.192.253 - - [05/Mar/2024:09:28:59 -0500] "GET /sipse/faces/javax.faces.resource/layout/layout.css?ln=primefaces&v=4.0 HTTP/1.1" 304 -
201.245.192.253 - - [05/Mar/2024:09:28:59 -0500] "GET /sipse/faces/javax.faces.resource/theme.css?ln=primefaces-sipse HTTP/1.1" 304 -
201.245.192.253 - - [05/Mar/2024:09:28:59 -0500] "GET /sipse/faces/javax.faces.resource/jquery/jquery.js?ln=primefaces&v=4.0 HTTP/1.1" 304 -
201.245.192.253 - - [05/Mar/2024:09:28:59 -0500] "GET /sipse/faces/javax.faces.resource/jquery/jquery-plugins.js?ln=primefaces&v=4.0 HTTP/1.1" 304 -
201.245.192.253 - - [05/Mar/2024:09:28:59 -0500] "GET /sipse/faces/javax.faces.resource/layout/layout.js?ln=primefaces&v=4.0 HTTP/1.1" 304 -
201.245.192.253 - - [05/Mar/2024:09:28:59 -0500] "GET /sipse/faces/javax.faces.resource/primefaces.js?ln=primefaces&v=4.0 HTTP/1.1" 304 -
52.70.240.171 - - [05/Mar/2024:09:29:01 -0500] "GET /Autoliquidacion/index.php?dir=Grupo%20Forestal%20-%20Silvicultura/Control%20y%20Seguimiento%20a%20las%20Actividades%20Silviculturales/&order=asc&sort=size HTTP/1.1" 200 3503
52.70.240.171 - - [05/Mar/2024:09:29:09 -0500] "GET /Autoliquidacion/index.php?dir=Grupo%20Forestal%20-%20Silvicultura/Control%20y%20Seguimiento%20a%20las%20Actividades%20Silviculturales/&order=desc&sort=size HTTP/1.1" 200 3502
201.245.192.253 - - [05/Mar/2024:09:29:15 -0500] "POST /kwsrmcab/Wsrmcab HTTP/1.1" 200 39043
201.245.192.253 - - [05/Mar/2024:09:29:17 -0500] "POST /kwsrmcab/Wsrmcab HTTP/1.1" 200 37421
190.147.104.121 - - [05/Mar/2024:09:29:20 -0500] "GET /sipse/faces/javax.faces.resource/images/ui-bg_flat_0_2d5972_40x100.png?ln=primefaces-aristo HTTP/1.1" 200 183
190.147.104.121 - - [05/Mar/2024:09:29:20 -0500] "POST /sipse/faces/presentacion/financiero/solicitudProceso/consultarHistorialSolProceso.xhtml HTTP/1.1" 200 36525
190.147.104.121 - - [05/Mar/2024:09:29:20 -0500] "GET /sipse/faces/javax.faces.resource/jquery/jquery.js?ln=primefaces&v=4.0 HTTP/1.1" 304 -
190.147.104.121 - - [05/Mar/2024:09:29:20 -0500] "GET /sipse/faces/javax.faces.resource/jquery/jquery-plugins.js?ln=primefaces&v=4.0 HTTP/1.1" 304 -
190.147.104.121 - - [05/Mar/2024:09:29:20 -0500] "GET /sipse/faces/javax.faces.resource/primefaces.js?ln=primefaces&v=4.0 HTTP/1.1" 304 -
190.147.104.121 - - [05/Mar/2024:09:29:20 -0500] "GET /sipse/faces/javax.faces.resource/layout/layout.js?ln=primefaces&v=4.0 HTTP/1.1" 304 -
23.22.35.162 - - [05/Mar/2024:09:29:21 -0500] "GET /Autoliquidacion/index.php?dir=Grupo%20Forestal%20-%20Silvicultura/Control%20y%20Seguimiento%20a%20las%20Actividades%20Silviculturales/&order=desc&sort=name HTTP/1.1" 200 3502
190.147.104.121 - - [05/Mar/2024:09:29:22 -0500] "POST /sipse/faces/presentacion/workflow/reasignarReenrutar.xhtml HTTP/1.1" 200 15474
190.147.104.121 - - [05/Mar/2024:09:29:23 -0500] "POST /sipse/faces/presentacion/workflow/reasignarReenrutar.xhtml HTTP/1.1" 200 15563
23.22.35.162 - - [05/Mar/2024:09:29:26 -0500] "GET /Autoliquidacion/index.php?dir=Grupo%20Forestal%20-%20Silvicultura/&order=asc&sort=date HTTP/1.1" 200 2759
190.147.104.121 - - [05/Mar/2024:09:29:23 -0500] "POST /sipse/faces/presentacion/workflow/reasignarReenrutar.xhtml HTTP/1.1" 200 19634
52.70.240.171 - - [05/Mar/2024:09:29:28 -0500] "GET /Autoliquidacion/index.php?dir=Grupo%20Forestal%20-%20Silvicultura/&order=desc&sort=date HTTP/1.1" 200 2758
52.70.240.171 - - [05/Mar/2024:09:29:33 -0500] "GET /Autoliquidacion/index.php?dir=Grupo%20Forestal%20-%20Silvicultura/&order=asc&sort=name HTTP/1.1" 200 2759
190.147.104.121 - - [05/Mar/2024:09:29:29 -0500] "POST /sipse/faces/presentacion/workflow/reasignarReenrutar.xhtml HTTP/1.1" 200 160957
201.245.192.253 - - [05/Mar/2024:09:29:33 -0500] "POST /kwsrmcab/Wsrmcab HTTP/1.1" 200 35860
23.22.35.162 - - [05/Mar/2024:09:29:36 -0500] "GET /Autoliquidacion/index.php?dir=Grupo%20Forestal%20-%20Silvicultura/&order=asc&sort=size HTTP/1.1" 200 2759
190.147.104.121 - - [05/Mar/2024:09:29:36 -0500] "POST /sipse/faces/presentacion/workflow/reasignarReenrutar.xhtml HTTP/1.1" 200 161137
190.147.104.121 - - [05/Mar/2024:09:29:38 -0500] "POST /sipse/faces/presentacion/workflow/reasignarReenrutar.xhtml HTTP/1.1" 200 161599
201.245.192.253 - - [05/Mar/2024:09:29:37 -0500] "POST /kwsrmcab/Wsrmcab HTTP/1.1" 200 37421
190.147.104.121 - - [05/Mar/2024:09:29:38 -0500] "GET /sipse/faces/javax.faces.resource/messages/messages.png?ln=primefaces&v=4.0 HTTP/1.1" 200 27209
3.224.220.101 - - [05/Mar/2024:09:29:41 -0500] "GET /Autoliquidacion/index.php?dir=Grupo%20Forestal%20-%20Silvicultura/&order=desc&sort=size HTTP/1.1" 200 2758
52.70.240.171 - - [05/Mar/2024:09:29:45 -0500] "GET /Autoliquidacion/index.php?dir=Grupo%20Forestal%20-%20Silvicultura/&order=desc&sort=name HTTP/1.1" 200 2758
190.147.104.121 - - [05/Mar/2024:09:29:45 -0500] "POST /sipse/faces/presentacion/workflow/reasignarReenrutar.xhtml HTTP/1.1" 200 161731
3.224.220.101 - - [05/Mar/2024:09:29:49 -0500] "GET /Autoliquidacion/index.php?dir=Permiso%20de%20ocupaci%EF%BF%BDn%20de%20cauce/&order=asc&sort=date HTTP/1.1" 200 7346
190.147.104.121 - - [05/Mar/2024:09:29:48 -0500] "POST /sipse/faces/presentacion/workflow/reasignarReenrutar.xhtml HTTP/1.1" 200 161742
190.147.104.121 - - [05/Mar/2024:09:29:50 -0500] "POST /sipse/faces/presentacion/workflow/reasignarReenrutar.xhtml HTTP/1.1" 200 4957
3.224.220.101 - - [05/Mar/2024:09:29:56 -0500] "GET /Autoliquidacion/index.php?dir=Permiso%20de%20ocupaci%EF%BF%BDn%20de%20cauce/&order=desc&sort=date HTTP/1.1" 200 7345
201.245.192.253 - - [05/Mar/2024:09:29:57 -0500] "GET /sipse/faces/index.xhtml HTTP/1.1" 200 677
201.245.192.253 - - [05/Mar/2024:09:29:57 -0500] "POST /kwsrmcab/Wsrmcab  HTTP/1.1" 200 39632
201.245.192.253 - - [05/Mar/2024:09:30:00 -0500] "GET /sipse/faces/javax.faces.resource/theme.css?ln=primefaces-sipse HTTP/1.1" 304 -
201.245.192.253 - - [05/Mar/2024:09:30:00 -0500] "GET /sipse/faces/faces/autenticacion.xhtml HTTP/1.1" 200 12401
3.224.220.101 - - [05/Mar/2024:09:30:01 -0500] "GET /Autoliquidacion/index.php?dir=Permiso%20de%20ocupaci%EF%BF%BDn%20de%20cauce/&order=asc&sort=name HTTP/1.1" 200 7346
201.245.192.253 - - [05/Mar/2024:09:30:01 -0500] "GET /sipse/js/disable_browser_buttons.js HTTP/1.1" 304 -
201.245.192.253 - - [05/Mar/2024:09:30:01 -0500] "GET /sipse/css/custom_css_sg_prime_login.css HTTP/1.1" 200 443
201.245.192.253 - - [05/Mar/2024:09:30:01 -0500] "GET /sipse/css/custom_css_sg.css HTTP/1.1" 304 -
201.245.192.253 - - [05/Mar/2024:09:30:01 -0500] "GET /sipse/faces/javax.faces.resource/primefaces.css?ln=primefaces&v=4.0 HTTP/1.1" 304 -
201.245.192.253 - - [05/Mar/2024:09:30:01 -0500] "GET /sipse/js/funciones.js HTTP/1.1" 304 -
201.245.192.253 - - [05/Mar/2024:09:30:01 -0500] "GET /sipse/faces/javax.faces.resource/jquery/jquery.js?ln=primefaces&v=4.0 HTTP/1.1" 304 -
201.245.192.253 - - [05/Mar/2024:09:30:01 -0500] "GET /sipse/faces/javax.faces.resource/theme.css?ln=primefaces-sipse HTTP/1.1" 304 -
201.245.192.253 - - [05/Mar/2024:09:30:01 -0500] "GET /sipse/faces/javax.faces.resource/layout/layout.css?ln=primefaces&v=4.0 HTTP/1.1" 304 -
201.245.192.253 - - [05/Mar/2024:09:30:01 -0500] "GET /sipse/faces/javax.faces.resource/jquery/jquery-plugins.js?ln=primefaces&v=4.0 HTTP/1.1" 304 -
201.245.192.253 - - [05/Mar/2024:09:30:01 -0500] "GET /sipse/faces/javax.faces.resource/layout/layout.js?ln=primefaces&v=4.0 HTTP/1.1" 304 -
201.245.192.253 - - [05/Mar/2024:09:30:01 -0500] "GET /sipse/faces/javax.faces.resource/primefaces.js?ln=primefaces&v=4.0 HTTP/1.1" 304 -
201.245.192.253 - - [05/Mar/2024:09:30:02 -0500] "GET /sipse/faces/javax.faces.resource/images/ui-icons_898989_256x240.png?ln=primefaces-aristo HTTP/1.1" 304 -
201.245.192.253 - - [05/Mar/2024:09:30:02 -0500] "GET /sipse/css/imagen/logoSDG.png HTTP/1.1" 200 53064
201.245.192.253 - - [05/Mar/2024:09:30:02 -0500] "GET /sipse/css/imagen/loginimg.png HTTP/1.1" 200 71635
52.70.240.171 - - [05/Mar/2024:09:30:05 -0500] "GET /Autoliquidacion/index.php?dir=Permiso%20de%20ocupaci%EF%BF%BDn%20de%20cauce/&order=asc&sort=size HTTP/1.1" 200 7346
23.22.35.162 - - [05/Mar/2024:09:30:09 -0500] "GET /Autoliquidacion/index.php?dir=Permiso%20de%20ocupaci%EF%BF%BDn%20de%20cauce/&order=desc&sort=size HTTP/1.1" 200 7345
201.245.192.253 - - [05/Mar/2024:09:30:09 -0500] "POST /sipse/faces/autenticacion.xhtml HTTP/1.1" 200 2179
201.245.192.253 - - [05/Mar/2024:09:30:09 -0500] "GET /sipse/faces/javax.faces.resource/messages/messages.png?ln=primefaces&v=4.0 HTTP/1.1" 304 -
216.245.221.92 - - [05/Mar/2024:09:30:11 -0500] "HEAD / HTTP/1.1" 200 -
3.224.220.101 - - [05/Mar/2024:09:30:16 -0500] "GET /Autoliquidacion/index.php?dir=Permiso%20de%20ocupaci%EF%BF%BDn%20de%20cauce/&order=desc&sort=name HTTP/1.1" 200 7345
201.245.192.253 - - [05/Mar/2024:09:30:17 -0500] "POST /sipse/faces/autenticacion.xhtml HTTP/1.1" 200 2183
3.224.220.101 - - [05/Mar/2024:09:30:25 -0500] "GET /Autoliquidacion/index.php?dir=RECEPCI%EF%BF%BDN%20DE%20PETICIONES%20PQRSF/&order=asc&sort=date HTTP/1.1" 200 7346
3.224.220.101 - - [05/Mar/2024:09:30:29 -0500] "GET /Autoliquidacion/index.php?dir=RECEPCI%EF%BF%BDN%20DE%20PETICIONES%20PQRSF/&order=desc&sort=date HTTP/1.1" 200 7345
201.245.192.253 - - [05/Mar/2024:09:30:38 -0500] "POST /sipse/faces/presentacion/financiero/solicitudProceso/consultarHistorialSolProceso.xhtml HTTP/1.1" 200 42138
201.245.192.253 - - [05/Mar/2024:09:30:39 -0500] "GET /sipse/faces/javax.faces.resource/theme.css?ln=primefaces-sipse HTTP/1.1" 304 -
201.245.192.253 - - [05/Mar/2024:09:30:39 -0500] "GET /sipse/faces/javax.faces.resource/primefaces.css?ln=primefaces&v=4.0 HTTP/1.1" 304 -
201.245.192.253 - - [05/Mar/2024:09:30:39 -0500] "GET /sipse/faces/javax.faces.resource/layout/layout.css?ln=primefaces&v=4.0 HTTP/1.1" 304 -
201.245.192.253 - - [05/Mar/2024:09:30:39 -0500] "GET /sipse/faces/javax.faces.resource/jquery/jquery.js?ln=primefaces&v=4.0 HTTP/1.1" 304 -
201.245.192.253 - - [05/Mar/2024:09:30:39 -0500] "GET /sipse/faces/javax.faces.resource/jquery/jquery-plugins.js?ln=primefaces&v=4.0 HTTP/1.1" 304 -
201.245.192.253 - - [05/Mar/2024:09:30:39 -0500] "GET /sipse/faces/javax.faces.resource/primefaces.js?ln=primefaces&v=4.0 HTTP/1.1" 304 -
201.245.192.253 - - [05/Mar/2024:09:30:39 -0500] "GET /sipse/faces/javax.faces.resource/layout/layout.js?ln=primefaces&v=4.0 HTTP/1.1" 304 -
201.245.192.253 - - [05/Mar/2024:09:30:41 -0500] "POST /sipse/faces/presentacion/financiero/solicitudProceso/consultar.xhtml HTTP/1.1" 200 12779
201.245.192.253 - - [05/Mar/2024:09:30:44 -0500] "POST /sipse/faces/presentacion/financiero/solicitudProceso/consultar.xhtml HTTP/1.1" 200 12787
23.22.35.162 - - [05/Mar/2024:09:30:49 -0500] "GET /Autoliquidacion/index.php?dir=RECEPCI%EF%BF%BDN%20DE%20PETICIONES%20PQRSF/&order=asc&sort=name HTTP/1.1" 200 7346
3.224.220.101 - - [05/Mar/2024:09:31:01 -0500] "GET /Autoliquidacion/index.php?dir=RECEPCI%EF%BF%BDN%20DE%20PETICIONES%20PQRSF/&order=asc&sort=size HTTP/1.1" 200 7346
52.70.240.171 - - [05/Mar/2024:09:31:04 -0500] "GET /Autoliquidacion/index.php?dir=RECEPCI%EF%BF%BDN%20DE%20PETICIONES%20PQRSF/&order=desc&sort=size HTTP/1.1" 200 7345
52.70.240.171 - - [05/Mar/2024:09:31:25 -0500] "GET /Autoliquidacion/index.php?dir=RECEPCI%EF%BF%BDN%20DE%20PETICIONES%20PQRSF/&order=desc&sort=name HTTP/1.1" 200 7345
3.224.220.101 - - [05/Mar/2024:09:31:28 -0500] "GET /Autoliquidacion/index.php?dir=Solicitud%20de%20Licencia%20Ambiental/&order=asc&sort=date HTTP/1.1" 200 2558
201.245.192.253 - - [05/Mar/2024:09:31:28 -0500] "GET /sipse/faces/index.xhtml HTTP/1.1" 200 677
201.245.192.253 - - [05/Mar/2024:09:31:28 -0500] "GET /sipse/faces/javax.faces.resource/theme.css?ln=primefaces-sipse HTTP/1.1" 200 50058
201.245.192.253 - - [05/Mar/2024:09:31:29 -0500] "GET /favicon.ico HTTP/1.1" 200 7782
201.245.192.253 - - [05/Mar/2024:09:31:29 -0500] "GET /sipse/faces/faces/autenticacion.xhtml HTTP/1.1" 200 12401
201.245.192.253 - - [05/Mar/2024:09:31:29 -0500] "GET /sipse/js/disable_browser_buttons.js HTTP/1.1" 200 3230
201.245.192.253 - - [05/Mar/2024:09:31:29 -0500] "GET /sipse/js/funciones.js HTTP/1.1" 200 12592
201.245.192.253 - - [05/Mar/2024:09:31:29 -0500] "GET /sipse/css/custom_css_sg.css HTTP/1.1" 200 9694
201.245.192.253 - - [05/Mar/2024:09:31:29 -0500] "GET /sipse/css/custom_css_sg_prime_login.css HTTP/1.1" 200 443
