201.245.192.253 - - [05/Mar/2024:08:30:28 -0500] "GET /sipse/faces/javax.faces.resource/jquery/jquery-plugins.js?ln=primefaces&v=4.0 HTTP/1.1" 304 -
201.245.192.253 - - [05/Mar/2024:08:30:28 -0500] "GET /sipse/faces/javax.faces.resource/primefaces.js?ln=primefaces&v=4.0 HTTP/1.1" 304 -
201.245.192.253 - - [05/Mar/2024:08:30:29 -0500] "GET /sipse/faces/javax.faces.resource/layout/layout.js?ln=primefaces&v=4.0 HTTP/1.1" 304 -
201.245.192.253 - - [05/Mar/2024:08:30:29 -0500] "GET /sipse/css/imagen/contrasena.png HTTP/1.1" 404 383
201.245.192.253 - - [05/Mar/2024:08:30:29 -0500] "GET /sipse/faces/javax.faces.resource/messages/messages.png?ln=primefaces&v=4.0 HTTP/1.1" 304 -
52.70.240.171 - - [05/Mar/2024:08:30:29 -0500] "GET /BLA/resoluciones/RESOLUCIONES%202022/2355.pdf HTTP/1.1" 200 410015
201.245.192.253 - - [05/Mar/2024:08:30:30 -0500] "GET /sipse/faces/javax.faces.resource/images/ui-bg_flat_0_2d5972_40x100.png?ln=primefaces-aristo HTTP/1.1" 304 -
201.245.192.253 - - [05/Mar/2024:08:30:30 -0500] "POST /sipse/faces/bienvenido.xhtml HTTP/1.1" 200 1471
201.245.192.253 - - [05/Mar/2024:08:30:31 -0500] "POST /sipse/faces/bienvenido.xhtml HTTP/1.1" 200 61905
201.245.192.253 - - [05/Mar/2024:08:30:31 -0500] "GET /sipse/faces/javax.faces.resource/theme.css?ln=primefaces-sipse HTTP/1.1" 304 -
201.245.192.253 - - [05/Mar/2024:08:30:31 -0500] "GET /sipse/faces/javax.faces.resource/layout/layout.css?ln=primefaces&v=4.0 HTTP/1.1" 304 -
201.245.192.253 - - [05/Mar/2024:08:30:31 -0500] "GET /sipse/faces/javax.faces.resource/primefaces.css?ln=primefaces&v=4.0 HTTP/1.1" 304 -
201.245.192.253 - - [05/Mar/2024:08:30:31 -0500] "GET /sipse/faces/javax.faces.resource/jquery/jquery.js?ln=primefaces&v=4.0 HTTP/1.1" 304 -
201.245.192.253 - - [05/Mar/2024:08:30:31 -0500] "GET /sipse/faces/javax.faces.resource/jquery/jquery-plugins.js?ln=primefaces&v=4.0 HTTP/1.1" 304 -
201.245.192.253 - - [05/Mar/2024:08:30:31 -0500] "GET /sipse/faces/javax.faces.resource/primefaces.js?ln=primefaces&v=4.0 HTTP/1.1" 304 -
201.245.192.253 - - [05/Mar/2024:08:30:31 -0500] "GET /sipse/faces/javax.faces.resource/layout/layout.js?ln=primefaces&v=4.0 HTTP/1.1" 304 -
201.245.192.253 - - [05/Mar/2024:08:30:31 -0500] "POST /sipse/faces/presentacion/financiero/solicitudProceso/listarSolicitudProceso.xhtml HTTP/1.1" 200 1556
201.245.192.253 - - [05/Mar/2024:08:30:33 -0500] "GET /sipse/faces/javax.faces.resource/images/ui-icons_898989_256x240.png?ln=primefaces-aristo HTTP/1.1" 304 -
3.224.220.101 - - [05/Mar/2024:08:30:33 -0500] "GET /BLA/resoluciones/RESOLUCIONES%202018/4041.pdf HTTP/1.1" 200 273028
201.245.192.253 - - [05/Mar/2024:08:30:34 -0500] "POST /forms/lservlet;jsessionid=ac16012b30d626f26d2b1c2d4f41939eaa2119c3b879.e3iSbxaKaheRe3iNc3uNbNmQay1ynknvrkLOlQzNp65In0 HTTP/1.1" 200 2
201.245.192.253 - - [05/Mar/2024:08:30:35 -0500] "POST /forms/lservlet;jsessionid=ac16012b30d6f4ea1d4888f54de9a75ed378af0a0d6e.e3iSbxaKaheRe3iNc3uNbNmQay1ynknvrkLOlQzNp65In0 HTTP/1.1" 200 2
201.245.192.253 - - [05/Mar/2024:08:30:35 -0500] "POST /sipse/faces/presentacion/financiero/solicitudProceso/listarSolicitudProceso.xhtml HTTP/1.1" 200 145320
201.245.192.253 - - [05/Mar/2024:08:30:36 -0500] "GET /sipse/faces/javax.faces.resource/theme.css?ln=primefaces-sipse HTTP/1.1" 304 -
201.245.192.253 - - [05/Mar/2024:08:30:36 -0500] "GET /sipse/faces/javax.faces.resource/layout/layout.css?ln=primefaces&v=4.0 HTTP/1.1" 304 -
201.245.192.253 - - [05/Mar/2024:08:30:36 -0500] "GET /sipse/faces/javax.faces.resource/primefaces.css?ln=primefaces&v=4.0 HTTP/1.1" 304 -
201.245.192.253 - - [05/Mar/2024:08:30:36 -0500] "GET /sipse/faces/javax.faces.resource/jquery/jquery.js?ln=primefaces&v=4.0 HTTP/1.1" 304 -
201.245.192.253 - - [05/Mar/2024:08:30:36 -0500] "GET /sipse/faces/javax.faces.resource/jquery/jquery-plugins.js?ln=primefaces&v=4.0 HTTP/1.1" 304 -
201.245.192.253 - - [05/Mar/2024:08:30:36 -0500] "GET /sipse/faces/javax.faces.resource/primefaces.js?ln=primefaces&v=4.0 HTTP/1.1" 304 -
201.245.192.253 - - [05/Mar/2024:08:30:36 -0500] "GET /sipse/faces/javax.faces.resource/layout/layout.js?ln=primefaces&v=4.0 HTTP/1.1" 304 -
52.70.240.171 - - [05/Mar/2024:08:30:37 -0500] "GET /BLA/resoluciones/RESOLUCIONES%202022/2354.pdf HTTP/1.1" 200 412381
3.224.220.101 - - [05/Mar/2024:08:30:41 -0500] "GET /BLA/resoluciones/RESOLUCIONES%202018/4039.pdf HTTP/1.1" 200 272286
52.70.240.171 - - [05/Mar/2024:08:30:45 -0500] "GET /BLA/resoluciones/RESOLUCIONES%202022/2353.pdf HTTP/1.1" 200 415772
23.22.35.162 - - [05/Mar/2024:08:30:49 -0500] "GET /BLA/resoluciones/RESOLUCIONES%202018/4038.pdf HTTP/1.1" 200 271731
52.70.240.171 - - [05/Mar/2024:08:30:53 -0500] "GET /BLA/resoluciones/RESOLUCIONES%202022/2352.pdf HTTP/1.1" 200 417557
3.224.220.101 - - [05/Mar/2024:08:30:57 -0500] "GET /BLA/resoluciones/RESOLUCIONES%202018/4037.pdf HTTP/1.1" 200 271569
52.70.240.171 - - [05/Mar/2024:08:31:01 -0500] "GET /BLA/resoluciones/RESOLUCIONES%202022/2351.pdf HTTP/1.1" 200 408607
23.22.35.162 - - [05/Mar/2024:08:31:05 -0500] "GET /BLA/resoluciones/RESOLUCIONES%202018/4036.pdf HTTP/1.1" 200 273104
3.224.220.101 - - [05/Mar/2024:08:31:09 -0500] "GET /BLA/resoluciones/RESOLUCIONES%202018/4035.pdf HTTP/1.1" 200 272452
23.22.35.162 - - [05/Mar/2024:08:31:13 -0500] "GET /BLA/resoluciones/RESOLUCIONES%202022/2350.pdf HTTP/1.1" 200 421724
157.55.39.60 - - [05/Mar/2024:08:31:14 -0500] "GET /portaldeninos/aulas-ambientales/aula-ambiental-sorotama/ HTTP/1.1" 200 89596
3.224.220.101 - - [05/Mar/2024:08:31:17 -0500] "GET /BLA/resoluciones/RESOLUCIONES%202018/4034.pdf HTTP/1.1" 200 274304
23.22.35.162 - - [05/Mar/2024:08:31:21 -0500] "GET /BLA/resoluciones/RESOLUCIONES%202022/2349.pdf HTTP/1.1" 200 420383
3.224.220.101 - - [05/Mar/2024:08:31:25 -0500] "GET /BLA/resoluciones/RESOLUCIONES%202018/4029.pdf HTTP/1.1" 200 7121381
52.70.240.171 - - [05/Mar/2024:08:31:29 -0500] "GET /BLA/resoluciones/RESOLUCIONES%202022/2348.pdf HTTP/1.1" 200 3360615
152.203.150.86 - - [05/Mar/2024:08:31:30 -0500] "POST /sipse/faces/presentacion/financiero/solicitudProceso/listarSolicitudProceso.xhtml HTTP/1.1" 200 34560
3.224.220.101 - - [05/Mar/2024:08:31:33 -0500] "GET /BLA/resoluciones/RESOLUCIONES%202018/4026.pdf HTTP/1.1" 200 338006
152.203.150.86 - - [05/Mar/2024:08:31:32 -0500] "POST /sipse/faces/presentacion/financiero/solicitudProceso/listarSolicitudProceso.xhtml HTTP/1.1" 200 49427
152.203.150.86 - - [05/Mar/2024:08:31:35 -0500] "POST /sipse/faces/presentacion/financiero/solicitudProceso/listarSolicitudProceso.xhtml HTTP/1.1" 200 49411
52.70.240.171 - - [05/Mar/2024:08:31:37 -0500] "GET /BLA/resoluciones/RESOLUCIONES%202022/2347.pdf HTTP/1.1" 200 475968
152.203.150.86 - - [05/Mar/2024:08:31:39 -0500] "POST /sipse/faces/presentacion/financiero/solicitudProceso/listarSolicitudProceso.xhtml HTTP/1.1" 200 49427
23.22.35.162 - - [05/Mar/2024:08:31:41 -0500] "GET /BLA/resoluciones/RESOLUCIONES%202018/4019.pdf HTTP/1.1" 200 621258
152.203.150.86 - - [05/Mar/2024:08:31:40 -0500] "POST /sipse/faces/presentacion/financiero/solicitudProceso/listarSolicitudProceso.xhtml HTTP/1.1" 200 49411
3.224.220.101 - - [05/Mar/2024:08:31:45 -0500] "GET /BLA/resoluciones/RESOLUCIONES%202022/2344.pdf HTTP/1.1" 200 421564
152.203.150.86 - - [05/Mar/2024:08:31:44 -0500] "POST /sipse/faces/presentacion/financiero/solicitudProceso/listarSolicitudProceso.xhtml HTTP/1.1" 200 49427
152.203.150.86 - - [05/Mar/2024:08:31:46 -0500] "POST /sipse/faces/presentacion/financiero/solicitudProceso/listarSolicitudProceso.xhtml HTTP/1.1" 200 48918
52.70.240.171 - - [05/Mar/2024:08:31:49 -0500] "GET /BLA/resoluciones/RESOLUCIONES%202018/4016.pdf HTTP/1.1" 200 300421
152.203.150.86 - - [05/Mar/2024:08:31:49 -0500] "POST /sipse/faces/presentacion/financiero/solicitudProceso/listarSolicitudProceso.xhtml HTTP/1.1" 200 49427
152.203.150.86 - - [05/Mar/2024:08:31:52 -0500] "POST /sipse/faces/presentacion/financiero/solicitudProceso/listarSolicitudProceso.xhtml HTTP/1.1" 200 49427
52.70.240.171 - - [05/Mar/2024:08:31:53 -0500] "GET /BLA/resoluciones/RESOLUCIONES%202022/2343.pdf HTTP/1.1" 200 354396
40.77.167.75 - - [05/Mar/2024:08:31:53 -0500] "GET /requerimientos/css/bootstrap.min.css HTTP/1.1" 200 113506
40.77.167.75 - - [05/Mar/2024:08:31:54 -0500] "GET /requerimientos/css/dataTables.bootstrap.css HTTP/1.1" 200 7721
152.203.150.86 - - [05/Mar/2024:08:31:54 -0500] "POST /sipse/faces/presentacion/financiero/solicitudProceso/listarSolicitudProceso.xhtml HTTP/1.1" 200 23073
23.22.35.162 - - [05/Mar/2024:08:31:57 -0500] "GET /BLA/resoluciones/RESOLUCIONES%202018/4015.pdf HTTP/1.1" 200 353189
3.224.220.101 - - [05/Mar/2024:08:32:00 -0500] "GET /BLA/resoluciones/RESOLUCIONES%202022/2342.pdf HTTP/1.1" 200 472709
186.102.16.38 - - [05/Mar/2024:08:32:02 -0500] "GET /kwssiamovil/sm/acme/a?s=U2FsdGVkX1+46M8fX+EQPLkAJcHa+q3O37KvhwVwL2FNheI/cmLVdh4/RhGWSpwNWjU1HpxBlzDPE7I76iAnCxe1e5nPtXwHA6o7axUGa7eLJ5QC9dRPi05al2SWLYbsosKlDLw/ZEKP9wa6b+2f2j8G4vIFh9CLdGntfon+J7fO24iPPznjzQNrZ4zFfROxDJ05cd0GPGLkJxYfFo6hj6+GSglp83/ciK1qvO1Om9PFhRFtiih9I77l/lJoOgZiUEUG2Y4H81IafUgCmpUrwA==&u=U2FsdGVkX183WS3YLd/QBiphw98X6/5EPhJe89GucBA=&y=U2FsdGVkX1/c6nFKvJN5ow/cfnPIqIsv7KUautokhLxghndrX/O6rR61pTMnNfuN HTTP/1.1" 200 26
186.102.16.38 - - [05/Mar/2024:08:32:02 -0500] "GET /kwssiamovil/sm/acme/a?s=U2FsdGVkX1+LSUzVTcL7uh3JAgM/yFBcGtq/E0/TfBGBvBKg6GwIN+6Zpz38mDQzp5nUac4iWBx/Sh0TQjqvqTsb2XFcSzyeEB1jT019smdNTImff38RaSZFKI8o9tSohbLnc3lxImaZQcDNpfOdg9LEm8hud0TfYb1IUUqB9ZyCPvBPQ+gPcsUwu6cosdbv03KkNxjHEHpfYx4ut7O8dP0B9tt2a5pkyS+XT8zJxoLfWEABm4PqIGJzImqBbijvaOGJqVYATx3fqtTN65EPNM6nciaD0AZTEnzvnLwxzJQscUR1pSA/E45xZNLZpz4N9XYK/gnM+Dw4ddMJzKGCD/Jvx6NX40KcytHXs+bYtrxbm+L54mhUmUrTWi/+a1SXdrT0j0hJF1VfB/hlc9AEp50/z6IYiCDq/qtTIBy/aYV+N/G/Q/WT6Sy7ulCL7Z9OZ6nBhIGlvY00//+flArp0dloPeiLICUGE0qub0TqqxqsXJq4WSG5OPMG70kVkSvm8N3zEFaIsm+2gXiM5X1asGuMrIYiC3TCkYehJsCzN8zaJ7k63g/rXjizm9tHZsWyFX18U1LVOBfMaBuwqW20pOicdIo5ibWoxUKLGlFC0iBTcEXMBiMkFoFaBcXz8CBKOFzloElvXOw5BDpjBDFARhqWKfgmEnrohB4ThVvkFnSvYPksYuSuk5Sydw6QHoRL7ej04U2qry6TfdYvE7WLNV3nB/N8NVOBRjsZR8kdjh4PLtSagz2C9uGMvPSzfuT6pi+xa80sE7tSYt2IR8PyoE7Dwzope9mOEjO39sA3ZfyHBgSV+WMShvHXN+wKhq1ts3/ScT7GTuqucHyIfS+ZKKDQRguagrQKqGUjWKJYzGP1ho5rvZg0t+4XC5pbUWQWrgZ4crtibAm6/PJj2YQgnD8WYoFKg8c2AS+n3lRzSBOObrYGQQLTKeGgqIcEXV5718i5NaUdaiAs1nUuNA71kLGs+9wtj6JnU8M5Q0J5hyvvVS8Vn4YAZibPCn2GhY7nwlAuxhBvMXsF9O1XnhHj5vlNnSdVnZ+7mXtPb++Pbr9K/hEoIv7iMi3j8xFC9fZH26jN3nSJdhb/e6tkbabiqkLs6Pq6Itw+sc5ODb2D0Gm42+aV8HZ4PDBEv9e0ljgUuLEigM34riEYkfA8bbSrIgdGIuPC6DDNXjqM3v07b7GwtvK/9T2XQsxX7dZIiXWsVep2jaU4l/a4/VpiJhF5nh3wWmtgssjqCYf2CMg9FxLILcWWzr8Nyn4N9rO+V0q8sDFELG7NB3jEokKQgX9Gj7YjRuB4fnNOJ8GqMcrJyEwMRNpwU4mzLx3zgIAICVk5ZpIBUYtpaLnWfFCVtjrk568WuuD0CDdSeYt4v5O2MFpL4vCoZ4mM1tzGaM+0SEooh8+IAFc/wKyZfann/XbckbXbrvUwekngbuQTz2e4pvDMFCbxkdVTdwUNyjlaZKzu/74s5g2dNekkFIM+L2IR3zN+9QpSQWUwCb39kL5EV1k9bpQPDQT8YYcf3RF5liig6pATNy6LJZKZCBkuOV75Idys5eIbD9OF+T2Q3G3Xio/aLraZkoqg0t7QWmHySS6l&u=U2FsdGVkX183WS3YLd/QBiphw98X6/5EPhJe89GucBA=&y=U2FsdGVkX1/c6nFKvJN5ow/cfnPIqIsv7KUautokhLxghndrX/O6rR61pTMnNfuN HTTP/1.1" 200 26
186.102.16.38 - - [05/Mar/2024:08:32:03 -0500] "GET /kwssiamovil/sm/acme/a?s=U2FsdGVkX1+6w/yWwuutdRyVVr4Du7X0G3TR057yi2hMigdX1dpuVl7TFuSpnr4qC9eB7UHXxn7m+dQsbgDIKAXLeEbWRLyIP0+bS2EHsKv9GKvrB0XB7M6aIPM3bWoZyVmeg1lJGET5Zie6nQe2A41Z3hi6MVAY9t5O6BltfsQ=&u=U2FsdGVkX183WS3YLd/QBiphw98X6/5EPhJe89GucBA=&y=U2FsdGVkX1/c6nFKvJN5ow/cfnPIqIsv7KUautokhLxghndrX/O6rR61pTMnNfuN HTTP/1.1" 200 26
186.102.16.38 - - [05/Mar/2024:08:32:03 -0500] "GET /kwssiamovil/sm/acme/a?s=U2FsdGVkX1+ByM7NQLFgprRLn81xVlGM1nPsB6JwOX8pI0r2LroCPQ5voy8Pq3jgQ8wUrZhDq77jxmtjCW7ILmWeLiRlIlYbAtzXrpc4gWhxky1lMslgEzPKpbgtWEBVE3G10iLkd+YTtrmBr+GdtMJQpyBoCicGiMTlWZysfg0=&u=U2FsdGVkX183WS3YLd/QBiphw98X6/5EPhJe89GucBA=&y=U2FsdGVkX1/c6nFKvJN5ow/cfnPIqIsv7KUautokhLxghndrX/O6rR61pTMnNfuN HTTP/1.1" 200 26
186.102.16.38 - - [05/Mar/2024:08:32:03 -0500] "GET /kwssiamovil/sm/acme/a?s=U2FsdGVkX19fMWKnnkeXszVSAbLHmYYqYeSds+MLwJ3Vh9M4Xxp/IXYayfqf0Ik9PZmmMutnswsepa+ljEJwAN7JxyxCvMviYw5qP2SbyJy5/WDfsZvQ1NKUEaqVXQZUmz6QRFcvObTk5lduYujQ1D4sfAwYh97pc5uPiKGKSh8=&u=U2FsdGVkX183WS3YLd/QBiphw98X6/5EPhJe89GucBA=&y=U2FsdGVkX1/c6nFKvJN5ow/cfnPIqIsv7KUautokhLxghndrX/O6rR61pTMnNfuN HTTP/1.1" 200 26
186.102.16.38 - - [05/Mar/2024:08:32:04 -0500] "GET /kwssiamovil/sm/acme/a?s=U2FsdGVkX1+NlLqYRnPHdjIKBeDrxVziRaEY2KlynXhAl94TggN053zEfxqpgAeOXoiGPMH4ythf9cCkpdcLq/DDEtBXNSvHf86dcWrhb973DfXUL5rHioEVXJNuTzCKYCJkctkpXUsJpYM9KxgCUpEEgLdF0CjkUqloZx1o6J9CJIvDKJ3p94qn0jOM3AQ0&u=U2FsdGVkX183WS3YLd/QBiphw98X6/5EPhJe89GucBA=&y=U2FsdGVkX1/c6nFKvJN5ow/cfnPIqIsv7KUautokhLxghndrX/O6rR61pTMnNfuN HTTP/1.1" 200 26
52.70.240.171 - - [05/Mar/2024:08:32:05 -0500] "GET /BLA/resoluciones/RESOLUCIONES%202018/4014.pdf HTTP/1.1" 200 261694
23.22.35.162 - - [05/Mar/2024:08:32:09 -0500] "GET /BLA/resoluciones/RESOLUCIONES%202022/2340.pdf HTTP/1.1" 200 418017
23.22.35.162 - - [05/Mar/2024:08:32:13 -0500] "GET /BLA/resoluciones/RESOLUCIONES%202018/4012.pdf HTTP/1.1" 200 457721
52.70.240.171 - - [05/Mar/2024:08:32:17 -0500] "GET /BLA/resoluciones/RESOLUCIONES%202022/2339.pdf HTTP/1.1" 200 346866
52.70.240.171 - - [05/Mar/2024:08:32:21 -0500] "GET /BLA/resoluciones/RESOLUCIONES%202018/4011.pdf HTTP/1.1" 200 231165
3.224.220.101 - - [05/Mar/2024:08:32:25 -0500] "GET /BLA/resoluciones/RESOLUCIONES%202022/2330.pdf HTTP/1.1" 200 372133
23.22.35.162 - - [05/Mar/2024:08:32:29 -0500] "GET /BLA/resoluciones/RESOLUCIONES%202018/3999.pdf HTTP/1.1" 200 277995
23.22.35.162 - - [05/Mar/2024:08:32:33 -0500] "GET /BLA/resoluciones/RESOLUCIONES%202022/2329.pdf HTTP/1.1" 200 358263
201.245.192.253 - - [05/Mar/2024:08:32:34 -0500] "POST /forms/lservlet;jsessionid=ac16012b30d626f26d2b1c2d4f41939eaa2119c3b879.e3iSbxaKaheRe3iNc3uNbNmQay1ynknvrkLOlQzNp65In0 HTTP/1.1" 200 2
201.245.192.253 - - [05/Mar/2024:08:32:35 -0500] "POST /forms/lservlet;jsessionid=ac16012b30d6f4ea1d4888f54de9a75ed378af0a0d6e.e3iSbxaKaheRe3iNc3uNbNmQay1ynknvrkLOlQzNp65In0 HTTP/1.1" 200 2
52.70.240.171 - - [05/Mar/2024:08:32:37 -0500] "GET /BLA/resoluciones/RESOLUCIONES%202018/3995.pdf HTTP/1.1" 200 672335
152.203.150.86 - - [05/Mar/2024:08:32:39 -0500] "POST /sipse/faces/presentacion/financiero/solicitudProceso/listarSolicitudProceso.xhtml HTTP/1.1" 200 23057
23.22.35.162 - - [05/Mar/2024:08:32:41 -0500] "GET /BLA/resoluciones/RESOLUCIONES%202022/2328.pdf HTTP/1.1" 200 566649
3.224.220.101 - - [05/Mar/2024:08:32:45 -0500] "GET /BLA/resoluciones/RESOLUCIONES%202018/3991.pdf HTTP/1.1" 200 6041047
23.22.35.162 - - [05/Mar/2024:08:32:49 -0500] "GET /BLA/resoluciones/RESOLUCIONES%202022/2326.pdf HTTP/1.1" 200 389434
23.22.35.162 - - [05/Mar/2024:08:32:53 -0500] "GET /BLA/resoluciones/RESOLUCIONES%202018/3990.pdf HTTP/1.1" 200 282617
23.22.35.162 - - [05/Mar/2024:08:32:57 -0500] "GET /BLA/resoluciones/RESOLUCIONES%202022/2325.pdf HTTP/1.1" 200 452060
201.245.192.253 - - [05/Mar/2024:08:32:58 -0500] "GET /sipse/faces/index.xhtml HTTP/1.1" 200 677
201.245.192.253 - - [05/Mar/2024:08:32:58 -0500] "GET /sipse/faces/javax.faces.resource/theme.css?ln=primefaces-sipse HTTP/1.1" 304 -
201.245.192.253 - - [05/Mar/2024:08:32:58 -0500] "GET /sipse/faces/faces/autenticacion.xhtml HTTP/1.1" 200 12401
201.245.192.253 - - [05/Mar/2024:08:32:58 -0500] "GET /sipse/js/disable_browser_buttons.js HTTP/1.1" 304 -
201.245.192.253 - - [05/Mar/2024:08:32:58 -0500] "GET /sipse/js/funciones.js HTTP/1.1" 304 -
201.245.192.253 - - [05/Mar/2024:08:32:58 -0500] "GET /sipse/css/custom_css_sg_prime_login.css HTTP/1.1" 304 -
201.245.192.253 - - [05/Mar/2024:08:32:58 -0500] "GET /sipse/faces/javax.faces.resource/theme.css?ln=primefaces-sipse HTTP/1.1" 304 -
201.245.192.253 - - [05/Mar/2024:08:32:58 -0500] "GET /sipse/css/custom_css_sg.css HTTP/1.1" 304 -
201.245.192.253 - - [05/Mar/2024:08:32:58 -0500] "GET /sipse/faces/javax.faces.resource/primefaces.css?ln=primefaces&v=4.0 HTTP/1.1" 304 -
201.245.192.253 - - [05/Mar/2024:08:32:58 -0500] "GET /sipse/faces/javax.faces.resource/layout/layout.css?ln=primefaces&v=4.0 HTTP/1.1" 304 -
201.245.192.253 - - [05/Mar/2024:08:32:58 -0500] "GET /sipse/faces/javax.faces.resource/jquery/jquery.js?ln=primefaces&v=4.0 HTTP/1.1" 304 -
201.245.192.253 - - [05/Mar/2024:08:32:58 -0500] "GET /sipse/faces/javax.faces.resource/primefaces.js?ln=primefaces&v=4.0 HTTP/1.1" 304 -
201.245.192.253 - - [05/Mar/2024:08:32:58 -0500] "GET /sipse/faces/javax.faces.resource/jquery/jquery-plugins.js?ln=primefaces&v=4.0 HTTP/1.1" 304 -
201.245.192.253 - - [05/Mar/2024:08:32:58 -0500] "GET /sipse/faces/javax.faces.resource/layout/layout.js?ln=primefaces&v=4.0 HTTP/1.1" 304 -
201.245.192.253 - - [05/Mar/2024:08:32:59 -0500] "GET /sipse/css/imagen/logoSDG.png HTTP/1.1" 304 -
201.245.192.253 - - [05/Mar/2024:08:32:59 -0500] "GET /sipse/css/imagen/loginimg.png HTTP/1.1" 304 -
201.245.192.253 - - [05/Mar/2024:08:32:59 -0500] "GET /sipse/faces/javax.faces.resource/images/ui-icons_898989_256x240.png?ln=primefaces-aristo HTTP/1.1" 304 -
201.245.192.253 - - [05/Mar/2024:08:33:02 -0500] "POST /sipse/faces/presentacion/financiero/solicitudProceso/consultarSolicitudProceso.xhtml HTTP/1.1" 200 61905
201.245.192.253 - - [05/Mar/2024:08:33:02 -0500] "GET /sipse/faces/javax.faces.resource/theme.css?ln=primefaces-sipse HTTP/1.1" 304 -
201.245.192.253 - - [05/Mar/2024:08:33:02 -0500] "GET /sipse/faces/javax.faces.resource/primefaces.css?ln=primefaces&v=4.0 HTTP/1.1" 304 -
201.245.192.253 - - [05/Mar/2024:08:33:02 -0500] "GET /sipse/faces/javax.faces.resource/layout/layout.css?ln=primefaces&v=4.0 HTTP/1.1" 304 -
201.245.192.253 - - [05/Mar/2024:08:33:02 -0500] "GET /sipse/faces/javax.faces.resource/jquery/jquery.js?ln=primefaces&v=4.0 HTTP/1.1" 304 -
201.245.192.253 - - [05/Mar/2024:08:33:02 -0500] "GET /sipse/faces/javax.faces.resource/jquery/jquery-plugins.js?ln=primefaces&v=4.0 HTTP/1.1" 304 -
201.245.192.253 - - [05/Mar/2024:08:33:02 -0500] "GET /sipse/faces/javax.faces.resource/primefaces.js?ln=primefaces&v=4.0 HTTP/1.1" 304 -
201.245.192.253 - - [05/Mar/2024:08:33:02 -0500] "GET /sipse/faces/javax.faces.resource/layout/layout.js?ln=primefaces&v=4.0 HTTP/1.1" 304 -
201.245.192.253 - - [05/Mar/2024:08:33:02 -0500] "POST /sipse/faces/presentacion/financiero/solicitudProceso/listarSolicitudProceso.xhtml HTTP/1.1" 200 55182
201.245.192.253 - - [05/Mar/2024:08:33:02 -0500] "POST /sipse/faces/presentacion/financiero/solicitudProceso/listarSolicitudProceso.xhtml HTTP/1.1" 200 55182
201.245.192.253 - - [05/Mar/2024:08:33:03 -0500] "POST /sipse/faces/autenticacion.xhtml HTTP/1.1" 200 16897
201.245.192.253 - - [05/Mar/2024:08:33:03 -0500] "GET /sipse/css/custom_css_sg_prime.css HTTP/1.1" 304 -
201.245.192.253 - - [05/Mar/2024:08:33:03 -0500] "GET /sipse/faces/javax.faces.resource/theme.css?ln=primefaces-sipse HTTP/1.1" 304 -
201.245.192.253 - - [05/Mar/2024:08:33:03 -0500] "GET /sipse/faces/javax.faces.resource/primefaces.css?ln=primefaces&v=4.0 HTTP/1.1" 304 -
201.245.192.253 - - [05/Mar/2024:08:33:03 -0500] "GET /sipse/faces/javax.faces.resource/layout/layout.css?ln=primefaces&v=4.0 HTTP/1.1" 304 -
201.245.192.253 - - [05/Mar/2024:08:33:03 -0500] "GET /sipse/js/jquery.min.js HTTP/1.1" 304 -
201.245.192.253 - - [05/Mar/2024:08:33:03 -0500] "POST /sipse/faces/presentacion/financiero/solicitudProceso/listarSolicitudProceso.xhtml HTTP/1.1" 200 1556
52.70.240.171 - - [05/Mar/2024:08:33:03 -0500] "GET /BLA/resoluciones/RESOLUCIONES%202018/3971.pdf HTTP/1.1" 200 3334526
201.245.192.253 - - [05/Mar/2024:08:33:03 -0500] "GET /sipse/faces/javax.faces.resource/jquery/jquery.js?ln=primefaces&v=4.0 HTTP/1.1" 304 -
201.245.192.253 - - [05/Mar/2024:08:33:03 -0500] "GET /sipse/faces/javax.faces.resource/jquery/jquery-plugins.js?ln=primefaces&v=4.0 HTTP/1.1" 304 -
201.245.192.253 - - [05/Mar/2024:08:33:03 -0500] "GET /sipse/faces/javax.faces.resource/primefaces.js?ln=primefaces&v=4.0 HTTP/1.1" 304 -
201.245.192.253 - - [05/Mar/2024:08:33:03 -0500] "GET /sipse/faces/javax.faces.resource/layout/layout.js?ln=primefaces&v=4.0 HTTP/1.1" 304 -
201.245.192.253 - - [05/Mar/2024:08:33:03 -0500] "GET /sipse/css/v_mergente.css HTTP/1.1" 304 -
201.245.192.253 - - [05/Mar/2024:08:33:03 -0500] "GET /sipse/imagenes/cargando.gif HTTP/1.1" 304 -
201.245.192.253 - - [05/Mar/2024:08:33:03 -0500] "GET /sipse/imagenes/logoAplicacion.jpg HTTP/1.1" 304 -
201.245.192.253 - - [05/Mar/2024:08:33:03 -0500] "GET /sipse/css/imagen/contrasena.png HTTP/1.1" 404 383
201.245.192.253 - - [05/Mar/2024:08:33:03 -0500] "GET /sipse/faces/javax.faces.resource/messages/messages.png?ln=primefaces&v=4.0 HTTP/1.1" 304 -
201.245.192.253 - - [05/Mar/2024:08:33:03 -0500] "POST /sipse/faces/presentacion/financiero/solicitudProceso/listarSolicitudProceso.xhtml HTTP/1.1" 200 1552
201.245.192.253 - - [05/Mar/2024:08:33:03 -0500] "POST /sipse/faces/presentacion/financiero/solicitudProceso/listarSolicitudProceso.xhtml HTTP/1.1" 200 1564
52.70.240.171 - - [05/Mar/2024:08:33:05 -0500] "GET /BLA/resoluciones/RESOLUCIONES%202018/3965.pdf HTTP/1.1" 200 313588
201.245.192.253 - - [05/Mar/2024:08:33:05 -0500] "GET /sipse/faces/javax.faces.resource/images/ui-bg_flat_0_2d5972_40x100.png?ln=primefaces-aristo HTTP/1.1" 304 -
201.245.192.253 - - [05/Mar/2024:08:33:05 -0500] "POST /sipse/faces/bienvenido.xhtml HTTP/1.1" 200 1471
201.245.192.253 - - [05/Mar/2024:08:33:06 -0500] "POST /sipse/faces/bienvenido.xhtml HTTP/1.1" 200 62195
201.245.192.253 - - [05/Mar/2024:08:33:06 -0500] "GET /sipse/faces/javax.faces.resource/theme.css?ln=primefaces-sipse HTTP/1.1" 304 -
201.245.192.253 - - [05/Mar/2024:08:33:06 -0500] "GET /sipse/faces/javax.faces.resource/layout/layout.css?ln=primefaces&v=4.0 HTTP/1.1" 304 -
201.245.192.253 - - [05/Mar/2024:08:33:06 -0500] "GET /sipse/faces/javax.faces.resource/primefaces.css?ln=primefaces&v=4.0 HTTP/1.1" 304 -
201.245.192.253 - - [05/Mar/2024:08:33:07 -0500] "GET /sipse/faces/javax.faces.resource/jquery/jquery.js?ln=primefaces&v=4.0 HTTP/1.1" 304 -
201.245.192.253 - - [05/Mar/2024:08:33:07 -0500] "GET /sipse/faces/javax.faces.resource/jquery/jquery-plugins.js?ln=primefaces&v=4.0 HTTP/1.1" 304 -
201.245.192.253 - - [05/Mar/2024:08:33:07 -0500] "GET /sipse/faces/javax.faces.resource/primefaces.js?ln=primefaces&v=4.0 HTTP/1.1" 304 -
201.245.192.253 - - [05/Mar/2024:08:33:07 -0500] "GET /sipse/faces/javax.faces.resource/layout/layout.js?ln=primefaces&v=4.0 HTTP/1.1" 304 -
201.245.192.253 - - [05/Mar/2024:08:33:07 -0500] "POST /sipse/faces/presentacion/financiero/solicitudProceso/listarSolicitudProceso.xhtml HTTP/1.1" 200 1556
201.245.192.253 - - [05/Mar/2024:08:33:07 -0500] "POST /sipse/faces/presentacion/financiero/solicitudProceso/listarSolicitudProceso.xhtml HTTP/1.1" 200 4890
52.70.240.171 - - [05/Mar/2024:08:33:09 -0500] "GET /BLA/resoluciones/RESOLUCIONES%202022/2324.pdf HTTP/1.1" 200 539109
201.245.192.253 - - [05/Mar/2024:08:33:10 -0500] "POST /sipse/faces/presentacion/financiero/solicitudProceso/listarSolicitudProceso.xhtml HTTP/1.1" 200 126394
201.245.192.253 - - [05/Mar/2024:08:33:11 -0500] "GET /sipse/faces/javax.faces.resource/layout/layout.css?ln=primefaces&v=4.0 HTTP/1.1" 304 -
201.245.192.253 - - [05/Mar/2024:08:33:11 -0500] "GET /sipse/faces/javax.faces.resource/theme.css?ln=primefaces-sipse HTTP/1.1" 304 -
201.245.192.253 - - [05/Mar/2024:08:33:11 -0500] "GET /sipse/faces/javax.faces.resource/primefaces.css?ln=primefaces&v=4.0 HTTP/1.1" 304 -
201.245.192.253 - - [05/Mar/2024:08:33:11 -0500] "GET /sipse/faces/javax.faces.resource/jquery/jquery.js?ln=primefaces&v=4.0 HTTP/1.1" 304 -
201.245.192.253 - - [05/Mar/2024:08:33:11 -0500] "GET /sipse/faces/javax.faces.resource/jquery/jquery-plugins.js?ln=primefaces&v=4.0 HTTP/1.1" 304 -
201.245.192.253 - - [05/Mar/2024:08:33:11 -0500] "GET /sipse/faces/javax.faces.resource/primefaces.js?ln=primefaces&v=4.0 HTTP/1.1" 304 -
201.245.192.253 - - [05/Mar/2024:08:33:11 -0500] "GET /sipse/faces/javax.faces.resource/layout/layout.js?ln=primefaces&v=4.0 HTTP/1.1" 304 -
23.22.35.162 - - [05/Mar/2024:08:33:14 -0500] "GET /BLA/resoluciones/RESOLUCIONES%202018/3960.pdf HTTP/1.1" 200 10048542
201.245.192.253 - - [05/Mar/2024:08:33:14 -0500] "POST /sipse/faces/presentacion/financiero/solicitudProceso/consultarSolicitudProceso.xhtml HTTP/1.1" 200 35000
201.245.192.253 - - [05/Mar/2024:08:33:16 -0500] "GET /sipse/faces/javax.faces.resource/layout/layout.css?ln=primefaces&v=4.0 HTTP/1.1" 304 -
201.245.192.253 - - [05/Mar/2024:08:33:16 -0500] "GET /sipse/faces/javax.faces.resource/theme.css?ln=primefaces-sipse HTTP/1.1" 304 -
201.245.192.253 - - [05/Mar/2024:08:33:16 -0500] "GET /sipse/faces/javax.faces.resource/primefaces.css?ln=primefaces&v=4.0 HTTP/1.1" 304 -
201.245.192.253 - - [05/Mar/2024:08:33:16 -0500] "GET /sipse/faces/javax.faces.resource/jquery/jquery.js?ln=primefaces&v=4.0 HTTP/1.1" 304 -
201.245.192.253 - - [05/Mar/2024:08:33:17 -0500] "GET /sipse/faces/javax.faces.resource/jquery/jquery-plugins.js?ln=primefaces&v=4.0 HTTP/1.1" 304 -
201.245.192.253 - - [05/Mar/2024:08:33:17 -0500] "GET /sipse/faces/javax.faces.resource/primefaces.js?ln=primefaces&v=4.0 HTTP/1.1" 304 -
201.245.192.253 - - [05/Mar/2024:08:33:17 -0500] "GET /sipse/faces/javax.faces.resource/layout/layout.js?ln=primefaces&v=4.0 HTTP/1.1" 304 -
52.70.240.171 - - [05/Mar/2024:08:33:17 -0500] "GET /BLA/resoluciones/RESOLUCIONES%202022/2323.pdf HTTP/1.1" 200 469806
201.245.192.253 - - [05/Mar/2024:08:33:17 -0500] "POST /sipse/faces/presentacion/financiero/solicitudProceso/listarSolicitudProceso.xhtml HTTP/1.1" 200 1392
52.70.240.171 - - [05/Mar/2024:08:33:21 -0500] "GET /BLA/resoluciones/RESOLUCIONES%202018/3958.pdf HTTP/1.1" 200 340268
201.245.192.253 - - [05/Mar/2024:08:33:21 -0500] "POST /sipse/faces/presentacion/financiero/solicitudProceso/listarSolicitudProceso.xhtml HTTP/1.1" 200 28371
52.70.240.171 - - [05/Mar/2024:08:33:25 -0500] "GET /BLA/resoluciones/RESOLUCIONES%202018/3955.pdf HTTP/1.1" 200 284791
23.22.35.162 - - [05/Mar/2024:08:33:29 -0500] "GET /BLA/resoluciones/RESOLUCIONES%202022/2322.pdf HTTP/1.1" 200 467613
3.224.220.101 - - [05/Mar/2024:08:33:33 -0500] "GET /BLA/resoluciones/RESOLUCIONES%202018/3944.pdf HTTP/1.1" 200 270284
3.224.220.101 - - [05/Mar/2024:08:33:37 -0500] "GET /BLA/resoluciones/RESOLUCIONES%202022/2321.pdf HTTP/1.1" 200 415479
3.224.220.101 - - [05/Mar/2024:08:33:41 -0500] "GET /BLA/resoluciones/RESOLUCIONES%202018/3940.pdf HTTP/1.1" 200 267115
201.245.192.253 - - [05/Mar/2024:08:33:41 -0500] "POST /sipse/faces/presentacion/financiero/solicitudProceso/listarSolicitudProceso.xhtml HTTP/1.1" 200 145218
201.245.192.253 - - [05/Mar/2024:08:33:42 -0500] "GET /sipse/faces/javax.faces.resource/theme.css?ln=primefaces-sipse HTTP/1.1" 304 -
201.245.192.253 - - [05/Mar/2024:08:33:42 -0500] "GET /sipse/faces/javax.faces.resource/primefaces.css?ln=primefaces&v=4.0 HTTP/1.1" 304 -
201.245.192.253 - - [05/Mar/2024:08:33:42 -0500] "GET /sipse/faces/javax.faces.resource/layout/layout.css?ln=primefaces&v=4.0 HTTP/1.1" 304 -
201.245.192.253 - - [05/Mar/2024:08:33:42 -0500] "GET /sipse/faces/javax.faces.resource/jquery/jquery.js?ln=primefaces&v=4.0 HTTP/1.1" 304 -
201.245.192.253 - - [05/Mar/2024:08:33:42 -0500] "GET /sipse/faces/javax.faces.resource/jquery/jquery-plugins.js?ln=primefaces&v=4.0 HTTP/1.1" 304 -
201.245.192.253 - - [05/Mar/2024:08:33:42 -0500] "GET /sipse/faces/javax.faces.resource/primefaces.js?ln=primefaces&v=4.0 HTTP/1.1" 304 -
201.245.192.253 - - [05/Mar/2024:08:33:42 -0500] "GET /sipse/faces/javax.faces.resource/layout/layout.js?ln=primefaces&v=4.0 HTTP/1.1" 304 -
23.22.35.162 - - [05/Mar/2024:08:33:45 -0500] "GET /BLA/resoluciones/RESOLUCIONES%202022/2320.pdf HTTP/1.1" 200 502035
201.245.192.253 - - [05/Mar/2024:08:33:48 -0500] "POST /sipse/faces/presentacion/financiero/solicitudProceso/consultarSolicitudProceso.xhtml HTTP/1.1" 200 5562
52.70.240.171 - - [05/Mar/2024:08:33:49 -0500] "GET /BLA/resoluciones/RESOLUCIONES%202018/3933.pdf HTTP/1.1" 200 257783
23.22.35.162 - - [05/Mar/2024:08:33:53 -0500] "GET /BLA/resoluciones/RESOLUCIONES%202022/2319.pdf HTTP/1.1" 200 488618
3.224.220.101 - - [05/Mar/2024:08:33:57 -0500] "GET /BLA/resoluciones/RESOLUCIONES%202018/3931.pdf HTTP/1.1" 200 250379
52.70.240.171 - - [05/Mar/2024:08:34:01 -0500] "GET /BLA/resoluciones/RESOLUCIONES%202022/2318.pdf HTTP/1.1" 200 379892
3.224.220.101 - - [05/Mar/2024:08:34:05 -0500] "GET /BLA/resoluciones/RESOLUCIONES%202018/3927.pdf HTTP/1.1" 200 310774
23.22.35.162 - - [05/Mar/2024:08:34:10 -0500] "GET /BLA/resoluciones/RESOLUCIONES%202022/2317.pdf HTTP/1.1" 200 460171
3.224.220.101 - - [05/Mar/2024:08:34:13 -0500] "GET /BLA/resoluciones/RESOLUCIONES%202018/3910.pdf HTTP/1.1" 200 268038
23.22.35.162 - - [05/Mar/2024:08:34:17 -0500] "GET /BLA/resoluciones/RESOLUCIONES%202022/2316.pdf HTTP/1.1" 200 451649
23.22.35.162 - - [05/Mar/2024:08:34:21 -0500] "GET /BLA/resoluciones/RESOLUCIONES%202018/3888.pdf HTTP/1.1" 200 350689
201.245.192.253 - - [05/Mar/2024:08:34:21 -0500] "POST /sipse/faces/presentacion/financiero/solicitudProceso/consultarSolicitudProceso.xhtml HTTP/1.1" 200 94793
186.116.218.244 - - [05/Mar/2024:08:34:20 -0500] "POST /sipse/faces/presentacion/financiero/solicitudProceso/consultarSolicitudProceso.xhtml HTTP/1.1" 200 36044
186.116.218.244 - - [05/Mar/2024:08:34:24 -0500] "GET /sipse/faces/javax.faces.resource/jquery/jquery.js?ln=primefaces&v=4.0 HTTP/1.1" 304 -
186.116.218.244 - - [05/Mar/2024:08:34:24 -0500] "GET /sipse/faces/javax.faces.resource/jquery/jquery-plugins.js?ln=primefaces&v=4.0 HTTP/1.1" 304 -
186.116.218.244 - - [05/Mar/2024:08:34:24 -0500] "GET /sipse/faces/javax.faces.resource/primefaces.js?ln=primefaces&v=4.0 HTTP/1.1" 304 -
186.116.218.244 - - [05/Mar/2024:08:34:24 -0500] "GET /sipse/faces/javax.faces.resource/layout/layout.js?ln=primefaces&v=4.0 HTTP/1.1" 304 -
186.116.218.244 - - [05/Mar/2024:08:34:24 -0500] "POST /sipse/faces/presentacion/financiero/solicitudProceso/listarSolicitudProceso.xhtml HTTP/1.1" 200 1392
23.22.35.162 - - [05/Mar/2024:08:34:25 -0500] "GET /BLA/resoluciones/RESOLUCIONES%202022/2315.pdf HTTP/1.1" 200 474957
3.224.220.101 - - [05/Mar/2024:08:34:29 -0500] "GET /BLA/resoluciones/RESOLUCIONES%202018/03874.pdf HTTP/1.1" 200 295044
186.116.218.244 - - [05/Mar/2024:08:34:30 -0500] "POST /sipse/faces/presentacion/financiero/solicitudProceso/listarSolicitudProceso.xhtml HTTP/1.1" 200 124266
186.116.218.244 - - [05/Mar/2024:08:34:31 -0500] "GET /sipse/faces/javax.faces.resource/jquery/jquery.js?ln=primefaces&v=4.0 HTTP/1.1" 304 -
186.116.218.244 - - [05/Mar/2024:08:34:31 -0500] "GET /sipse/faces/javax.faces.resource/jquery/jquery-plugins.js?ln=primefaces&v=4.0 HTTP/1.1" 304 -
186.116.218.244 - - [05/Mar/2024:08:34:31 -0500] "GET /sipse/faces/javax.faces.resource/primefaces.js?ln=primefaces&v=4.0 HTTP/1.1" 304 -
186.116.218.244 - - [05/Mar/2024:08:34:31 -0500] "GET /sipse/faces/javax.faces.resource/layout/layout.js?ln=primefaces&v=4.0 HTTP/1.1" 304 -
52.70.240.171 - - [05/Mar/2024:08:34:33 -0500] "GET /BLA/resoluciones/RESOLUCIONES%202022/2308.pdf HTTP/1.1" 200 377443
201.245.192.253 - - [05/Mar/2024:08:34:34 -0500] "POST /forms/lservlet;jsessionid=ac16012b30d626f26d2b1c2d4f41939eaa2119c3b879.e3iSbxaKaheRe3iNc3uNbNmQay1ynknvrkLOlQzNp65In0 HTTP/1.1" 200 2
201.245.192.253 - - [05/Mar/2024:08:34:35 -0500] "POST /forms/lservlet;jsessionid=ac16012b30d6f4ea1d4888f54de9a75ed378af0a0d6e.e3iSbxaKaheRe3iNc3uNbNmQay1ynknvrkLOlQzNp65In0 HTTP/1.1" 200 2
23.22.35.162 - - [05/Mar/2024:08:34:37 -0500] "GET /BLA/resoluciones/RESOLUCIONES%202018/03873.pdf HTTP/1.1" 200 295466
23.22.35.162 - - [05/Mar/2024:08:34:41 -0500] "GET /BLA/resoluciones/RESOLUCIONES%202022/2298.pdf HTTP/1.1" 200 416144
23.22.35.162 - - [05/Mar/2024:08:34:45 -0500] "GET /BLA/resoluciones/RESOLUCIONES%202018/03872.pdf HTTP/1.1" 200 294792
23.22.35.162 - - [05/Mar/2024:08:34:49 -0500] "GET /BLA/resoluciones/RESOLUCIONES%202022/2297.pdf HTTP/1.1" 200 398158
3.224.220.101 - - [05/Mar/2024:08:34:53 -0500] "GET /BLA/resoluciones/RESOLUCIONES%202018/3871.pdf HTTP/1.1" 200 279413
3.224.220.101 - - [05/Mar/2024:08:34:57 -0500] "GET /BLA/resoluciones/RESOLUCIONES%202022/2296.pdf HTTP/1.1" 200 407203
52.70.240.171 - - [05/Mar/2024:08:35:01 -0500] "GET /BLA/resoluciones/RESOLUCIONES%202018/3855.pdf HTTP/1.1" 200 331824
152.203.150.86 - - [05/Mar/2024:08:35:01 -0500] "POST /sipse/faces/presentacion/financiero/solicitudProceso/listarSolicitudProceso.xhtml HTTP/1.1" 200 20405
3.224.220.101 - - [05/Mar/2024:08:35:05 -0500] "GET /BLA/resoluciones/RESOLUCIONES%202022/2295.pdf HTTP/1.1" 200 403527
152.203.150.86 - - [05/Mar/2024:08:35:05 -0500] "POST /sipse/faces/presentacion/financiero/solicitudProceso/listarSolicitudProceso.xhtml HTTP/1.1" 200 23078
23.22.35.162 - - [05/Mar/2024:08:35:09 -0500] "GET /BLA/resoluciones/RESOLUCIONES%202018/3850.pdf HTTP/1.1" 200 530687
23.22.35.162 - - [05/Mar/2024:08:35:14 -0500] "GET /BLA/resoluciones/RESOLUCIONES%202022/2292.pdf HTTP/1.1" 200 354535
201.245.192.253 - - [05/Mar/2024:08:35:14 -0500] "POST /kwsrmcab/Wsrmcab  HTTP/1.1" 200 39632
23.22.35.162 - - [05/Mar/2024:08:35:17 -0500] "GET /BLA/resoluciones/RESOLUCIONES%202018/3849.pdf HTTP/1.1" 200 367148
3.224.220.101 - - [05/Mar/2024:08:35:21 -0500] "GET /BLA/resoluciones/RESOLUCIONES%202022/2285.pdf HTTP/1.1" 200 1141422
23.22.35.162 - - [05/Mar/2024:08:35:25 -0500] "GET /BLA/resoluciones/RESOLUCIONES%202018/3848.pdf HTTP/1.1" 200 271385
3.224.220.101 - - [05/Mar/2024:08:35:29 -0500] "GET /BLA/resoluciones/RESOLUCIONES%202018/3847.pdf HTTP/1.1" 200 274682
3.224.220.101 - - [05/Mar/2024:08:35:33 -0500] "GET /BLA/resoluciones/RESOLUCIONES%202022/2278.pdf HTTP/1.1" 200 415800
23.22.35.162 - - [05/Mar/2024:08:35:38 -0500] "GET /BLA/resoluciones/RESOLUCIONES%202018/3846.pdf HTTP/1.1" 200 365144
23.22.35.162 - - [05/Mar/2024:08:35:41 -0500] "GET /BLA/resoluciones/RESOLUCIONES%202022/2268.pdf HTTP/1.1" 200 352402
23.22.35.162 - - [05/Mar/2024:08:35:45 -0500] "GET /BLA/resoluciones/RESOLUCIONES%202018/3845.pdf HTTP/1.1" 200 272541
23.22.35.162 - - [05/Mar/2024:08:35:49 -0500] "GET /BLA/resoluciones/RESOLUCIONES%202022/2262.pdf HTTP/1.1" 200 334186
23.22.35.162 - - [05/Mar/2024:08:35:55 -0500] "GET /BLA/resoluciones/RESOLUCIONES%202018/03844.pdf HTTP/1.1" 200 274658
186.116.218.244 - - [05/Mar/2024:08:35:56 -0500] "POST /sipse/faces/presentacion/financiero/solicitudProceso/consultarSolicitudProceso.xhtml HTTP/1.1" 200 5531
52.70.240.171 - - [05/Mar/2024:08:35:57 -0500] "GET /BLA/resoluciones/RESOLUCIONES%202022/2260.pdf HTTP/1.1" 200 401571
3.224.220.101 - - [05/Mar/2024:08:36:01 -0500] "GET /BLA/resoluciones/RESOLUCIONES%202018/3843.pdf HTTP/1.1" 200 273327
52.70.240.171 - - [05/Mar/2024:08:36:05 -0500] "GET /BLA/resoluciones/RESOLUCIONES%202022/2259.pdf HTTP/1.1" 200 462507
23.22.35.162 - - [05/Mar/2024:08:36:09 -0500] "GET /BLA/resoluciones/RESOLUCIONES%202018/3842.pdf HTTP/1.1" 200 378158
23.22.35.162 - - [05/Mar/2024:08:36:13 -0500] "GET /BLA/resoluciones/RESOLUCIONES%202018/3841.pdf HTTP/1.1" 200 271317
3.224.220.101 - - [05/Mar/2024:08:36:17 -0500] "GET /BLA/resoluciones/RESOLUCIONES%202022/2254.pdf HTTP/1.1" 200 429319
201.245.192.253 - - [05/Mar/2024:08:36:19 -0500] "POST /sipse/faces/presentacion/financiero/solicitudProceso/consultarSolicitudProceso.xhtml HTTP/1.1" 200 724355
3.224.220.101 - - [05/Mar/2024:08:36:21 -0500] "GET /BLA/resoluciones/RESOLUCIONES%202018/3840.pdf HTTP/1.1" 200 370428
3.224.220.101 - - [05/Mar/2024:08:36:25 -0500] "GET /BLA/resoluciones/RESOLUCIONES%202022/2253.pdf HTTP/1.1" 200 412317
23.22.35.162 - - [05/Mar/2024:08:36:30 -0500] "GET /BLA/resoluciones/RESOLUCIONES%202018/3838.pdf HTTP/1.1" 200 273986
3.224.220.101 - - [05/Mar/2024:08:36:33 -0500] "GET /BLA/resoluciones/RESOLUCIONES%202022/2252.pdf HTTP/1.1" 200 436154
201.245.192.253 - - [05/Mar/2024:08:36:34 -0500] "POST /forms/lservlet;jsessionid=ac16012b30d626f26d2b1c2d4f41939eaa2119c3b879.e3iSbxaKaheRe3iNc3uNbNmQay1ynknvrkLOlQzNp65In0 HTTP/1.1" 200 2
201.245.192.253 - - [05/Mar/2024:08:36:35 -0500] "POST /forms/lservlet;jsessionid=ac16012b30d6f4ea1d4888f54de9a75ed378af0a0d6e.e3iSbxaKaheRe3iNc3uNbNmQay1ynknvrkLOlQzNp65In0 HTTP/1.1" 200 2
23.22.35.162 - - [05/Mar/2024:08:36:37 -0500] "GET /BLA/resoluciones/RESOLUCIONES%202018/3834.pdf HTTP/1.1" 200 489573
52.70.240.171 - - [05/Mar/2024:08:36:41 -0500] "GET /BLA/resoluciones/RESOLUCIONES%202022/2251.pdf HTTP/1.1" 200 340800
23.22.35.162 - - [05/Mar/2024:08:36:46 -0500] "GET /BLA/resoluciones/RESOLUCIONES%202018/03832.pdf HTTP/1.1" 200 295994
3.224.220.101 - - [05/Mar/2024:08:36:49 -0500] "GET /BLA/resoluciones/RESOLUCIONES%202022/2250.pdf HTTP/1.1" 200 434824
52.70.240.171 - - [05/Mar/2024:08:36:53 -0500] "GET /BLA/resoluciones/RESOLUCIONES%202018/03831.pdf HTTP/1.1" 200 294228
3.224.220.101 - - [05/Mar/2024:08:36:57 -0500] "GET /BLA/resoluciones/RESOLUCIONES%202022/2235.pdf HTTP/1.1" 200 563456
3.224.220.101 - - [05/Mar/2024:08:37:03 -0500] "GET /BLA/resoluciones/RESOLUCIONES%202018/3826.pdf HTTP/1.1" 200 406165
3.224.220.101 - - [05/Mar/2024:08:37:05 -0500] "GET /BLA/resoluciones/RESOLUCIONES%202022/2233.pdf HTTP/1.1" 200 414997
23.22.35.162 - - [05/Mar/2024:08:37:09 -0500] "GET /BLA/resoluciones/RESOLUCIONES%202018/03825.pdf HTTP/1.1" 200 283619
23.22.35.162 - - [05/Mar/2024:08:37:13 -0500] "GET /BLA/resoluciones/RESOLUCIONES%202022/2229.pdf HTTP/1.1" 200 449876
52.70.240.171 - - [05/Mar/2024:08:37:17 -0500] "GET /BLA/resoluciones/RESOLUCIONES%202018/03824.pdf HTTP/1.1" 200 284779
52.70.240.171 - - [05/Mar/2024:08:37:21 -0500] "GET /BLA/resoluciones/RESOLUCIONES%202018/03823.pdf HTTP/1.1" 200 283769
52.70.240.171 - - [05/Mar/2024:08:37:25 -0500] "GET /BLA/resoluciones/RESOLUCIONES%202022/2228.pdf HTTP/1.1" 200 391410
186.116.218.244 - - [05/Mar/2024:08:37:26 -0500] "POST /sipse/faces/presentacion/financiero/solicitudProceso/consultarSolicitudProceso.xhtml HTTP/1.1" 200 76301
52.70.240.171 - - [05/Mar/2024:08:37:29 -0500] "GET /BLA/resoluciones/RESOLUCIONES%202018/03822.pdf HTTP/1.1" 200 293532
23.22.35.162 - - [05/Mar/2024:08:37:34 -0500] "GET /BLA/resoluciones/RESOLUCIONES%202022/2227.pdf HTTP/1.1" 200 1315310
52.70.240.171 - - [05/Mar/2024:08:37:37 -0500] "GET /BLA/resoluciones/RESOLUCIONES%202018/3819.pdf HTTP/1.1" 200 374637
23.22.35.162 - - [05/Mar/2024:08:37:43 -0500] "GET /BLA/resoluciones/RESOLUCIONES%202022/2226.pdf HTTP/1.1" 200 2540236
3.224.220.101 - - [05/Mar/2024:08:37:45 -0500] "GET /BLA/resoluciones/RESOLUCIONES%202018/3818.pdf HTTP/1.1" 200 374672
23.22.35.162 - - [05/Mar/2024:08:37:49 -0500] "GET /BLA/resoluciones/RESOLUCIONES%202018/3817.pdf HTTP/1.1" 200 368432
52.70.240.171 - - [05/Mar/2024:08:37:53 -0500] "GET /BLA/resoluciones/RESOLUCIONES%202022/2225.pdf HTTP/1.1" 200 634177
52.70.240.171 - - [05/Mar/2024:08:37:57 -0500] "GET /BLA/resoluciones/RESOLUCIONES%202018/3816.pdf HTTP/1.1" 200 371679
52.70.240.171 - - [05/Mar/2024:08:38:01 -0500] "GET /BLA/resoluciones/RESOLUCIONES%202022/2224.pdf HTTP/1.1" 200 1884941
3.224.220.101 - - [05/Mar/2024:08:38:05 -0500] "GET /BLA/resoluciones/RESOLUCIONES%202018/3805.pdf HTTP/1.1" 200 466885
3.224.220.101 - - [05/Mar/2024:08:38:09 -0500] "GET /BLA/resoluciones/RESOLUCIONES%202018/3804.pdf HTTP/1.1" 200 273154
172.22.2.4 - - [05/Mar/2024:08:37:44 -0500] "GET /BLA/boletinlegal/ HTTP/1.1" 200 20427
3.224.220.101 - - [05/Mar/2024:08:38:13 -0500] "GET /BLA/resoluciones/RESOLUCIONES%202022/2223.pdf HTTP/1.1" 200 1293906
23.22.35.162 - - [05/Mar/2024:08:38:17 -0500] "GET /BLA/resoluciones/RESOLUCIONES%202022/2222.pdf HTTP/1.1" 200 1482404
3.224.220.101 - - [05/Mar/2024:08:38:21 -0500] "GET /BLA/resoluciones/RESOLUCIONES%202018/3802.pdf HTTP/1.1" 200 274106
52.70.240.171 - - [05/Mar/2024:08:38:27 -0500] "GET /BLA/resoluciones/RESOLUCIONES%202018/3801.pdf HTTP/1.1" 200 365389
3.224.220.101 - - [05/Mar/2024:08:38:29 -0500] "GET /BLA/resoluciones/RESOLUCIONES%202022/2221.pdf HTTP/1.1" 200 390706
23.22.35.162 - - [05/Mar/2024:08:38:33 -0500] "GET /BLA/resoluciones/RESOLUCIONES%202018/3800.pdf HTTP/1.1" 200 273500
201.245.192.253 - - [05/Mar/2024:08:38:34 -0500] "POST /forms/lservlet;jsessionid=ac16012b30d626f26d2b1c2d4f41939eaa2119c3b879.e3iSbxaKaheRe3iNc3uNbNmQay1ynknvrkLOlQzNp65In0 HTTP/1.1" 200 2
201.245.192.253 - - [05/Mar/2024:08:38:35 -0500] "POST /forms/lservlet;jsessionid=ac16012b30d6f4ea1d4888f54de9a75ed378af0a0d6e.e3iSbxaKaheRe3iNc3uNbNmQay1ynknvrkLOlQzNp65In0 HTTP/1.1" 200 2
3.224.220.101 - - [05/Mar/2024:08:38:37 -0500] "GET /BLA/resoluciones/RESOLUCIONES%202022/2218.pdf HTTP/1.1" 200 376550
3.224.220.101 - - [05/Mar/2024:08:38:41 -0500] "GET /BLA/resoluciones/RESOLUCIONES%202018/3799.pdf HTTP/1.1" 200 272652
23.22.35.162 - - [05/Mar/2024:08:38:45 -0500] "GET /BLA/resoluciones/RESOLUCIONES%202018/3798.pdf HTTP/1.1" 200 304259
3.224.220.101 - - [05/Mar/2024:08:38:49 -0500] "GET /BLA/resoluciones/RESOLUCIONES%202018/3796.pdf HTTP/1.1" 200 302203
23.22.35.162 - - [05/Mar/2024:08:38:53 -0500] "GET /BLA/resoluciones/RESOLUCIONES%202018/3795.pdf HTTP/1.1" 200 369671
52.70.240.171 - - [05/Mar/2024:08:38:57 -0500] "GET /BLA/resoluciones/RESOLUCIONES%202018/3793.pdf HTTP/1.1" 200 361249
3.224.220.101 - - [05/Mar/2024:08:39:01 -0500] "GET /BLA/resoluciones/RESOLUCIONES%202018/3792.pdf HTTP/1.1" 200 274212
152.203.150.86 - - [05/Mar/2024:08:39:03 -0500] "POST /sipse/faces/presentacion/financiero/solicitudProceso/listarSolicitudProceso.xhtml HTTP/1.1" 200 20405
23.22.35.162 - - [05/Mar/2024:08:39:05 -0500] "GET /BLA/resoluciones/RESOLUCIONES%202018/3791.pdf HTTP/1.1" 200 356584
152.203.150.86 - - [05/Mar/2024:08:39:07 -0500] "POST /sipse/faces/presentacion/financiero/solicitudProceso/listarSolicitudProceso.xhtml HTTP/1.1" 200 23172
52.70.240.171 - - [05/Mar/2024:08:39:09 -0500] "GET /BLA/resoluciones/RESOLUCIONES%202022/2209.pdf HTTP/1.1" 200 423517
52.70.240.171 - - [05/Mar/2024:08:39:13 -0500] "GET /BLA/resoluciones/RESOLUCIONES%202018/3790.pdf HTTP/1.1" 200 358506
201.245.192.253 - - [05/Mar/2024:08:39:16 -0500] "POST /kwsrmcab/Wsrmcab HTTP/1.1" 200 38746
23.22.35.162 - - [05/Mar/2024:08:39:18 -0500] "GET /BLA/resoluciones/RESOLUCIONES%202022/2206.pdf HTTP/1.1" 200 740227
201.245.192.253 - - [05/Mar/2024:08:39:17 -0500] "POST /kwsrmcab/Wsrmcab HTTP/1.1" 200 38905
23.22.35.162 - - [05/Mar/2024:08:39:22 -0500] "GET /BLA/resoluciones/RESOLUCIONES%202018/3789.pdf HTTP/1.1" 200 366471
23.22.35.162 - - [05/Mar/2024:08:39:25 -0500] "GET /BLA/resoluciones/RESOLUCIONES%202022/2205.pdf HTTP/1.1" 200 1460363
23.22.35.162 - - [05/Mar/2024:08:39:30 -0500] "GET /BLA/resoluciones/RESOLUCIONES%202018/3788.pdf HTTP/1.1" 200 365864
23.22.35.162 - - [05/Mar/2024:08:39:33 -0500] "GET /BLA/resoluciones/RESOLUCIONES%202022/2191.pdf HTTP/1.1" 200 2075881
201.245.192.253 - - [05/Mar/2024:08:39:33 -0500] "POST /kwsrmcab/Wsrmcab HTTP/1.1" 200 37678
23.22.35.162 - - [05/Mar/2024:08:39:37 -0500] "GET /BLA/resoluciones/RESOLUCIONES%202018/3787.pdf HTTP/1.1" 200 358061
66.249.66.20 - - [05/Mar/2024:08:39:38 -0500] "GET /BLA/boletinlegal/Directivas/2009/Directiva%20No.%20del%2023%20de%20Diciembre%20de%202009.pdf HTTP/1.1" 304 -
201.245.192.253 - - [05/Mar/2024:08:39:38 -0500] "POST /kwsrmcab/Wsrmcab HTTP/1.1" 200 38905
3.224.220.101 - - [05/Mar/2024:08:39:41 -0500] "GET /BLA/resoluciones/RESOLUCIONES%202018/3786.pdf HTTP/1.1" 200 1167439
23.22.35.162 - - [05/Mar/2024:08:39:45 -0500] "GET /BLA/resoluciones/RESOLUCIONES%202018/3785.pdf HTTP/1.1" 200 412690
23.22.35.162 - - [05/Mar/2024:08:39:49 -0500] "GET /BLA/resoluciones/RESOLUCIONES%202018/3783.pdf HTTP/1.1" 200 272982
3.224.220.101 - - [05/Mar/2024:08:39:53 -0500] "GET /BLA/resoluciones/RESOLUCIONES%202018/3782.pdf HTTP/1.1" 200 456736
23.22.35.162 - - [05/Mar/2024:08:39:57 -0500] "GET /BLA/resoluciones/RESOLUCIONES%202018/3781.pdf HTTP/1.1" 200 279729
181.59.6.155 - - [05/Mar/2024:08:39:59 -0500] "GET /sipse/faces/faces/autenticacion.xhtml HTTP/1.1" 200 12723
181.59.6.155 - - [05/Mar/2024:08:39:59 -0500] "GET /sipse/faces/javax.faces.resource/layout/layout.css;jsessionid=aqJyRsxfy6owQVibkGaKb1Ni.undefined?ln=primefaces&v=4.0 HTTP/1.1" 200 542
181.59.6.155 - - [05/Mar/2024:08:39:59 -0500] "GET /sipse/faces/javax.faces.resource/theme.css?ln=primefaces-sipse HTTP/1.1" 304 -
181.59.6.155 - - [05/Mar/2024:08:39:59 -0500] "GET /sipse/faces/javax.faces.resource/layout/layout.js;jsessionid=aqJyRsxfy6owQVibkGaKb1Ni.undefined?ln=primefaces&v=4.0 HTTP/1.1" 200 87560
181.59.6.155 - - [05/Mar/2024:08:39:59 -0500] "GET /sipse/faces/javax.faces.resource/primefaces.css;jsessionid=aqJyRsxfy6owQVibkGaKb1Ni.undefined?ln=primefaces&v=4.0 HTTP/1.1" 200 53295
181.59.6.155 - - [05/Mar/2024:08:39:59 -0500] "GET /sipse/faces/javax.faces.resource/jquery/jquery.js;jsessionid=aqJyRsxfy6owQVibkGaKb1Ni.undefined?ln=primefaces&v=4.0 HTTP/1.1" 200 105384
181.59.6.155 - - [05/Mar/2024:08:39:59 -0500] "GET /sipse/faces/javax.faces.resource/jquery/jquery-plugins.js;jsessionid=aqJyRsxfy6owQVibkGaKb1Ni.undefined?ln=primefaces&v=4.0 HTTP/1.1" 200 220526
181.59.6.155 - - [05/Mar/2024:08:39:59 -0500] "GET /sipse/faces/javax.faces.resource/primefaces.js;jsessionid=aqJyRsxfy6owQVibkGaKb1Ni.undefined?ln=primefaces&v=4.0 HTTP/1.1" 200 276924
181.59.6.155 - - [05/Mar/2024:08:39:59 -0500] "GET /sipse/faces/javax.faces.resource/images/ui-icons_898989_256x240.png?ln=primefaces-aristo HTTP/1.1" 304 -
181.59.6.155 - - [05/Mar/2024:08:39:59 -0500] "GET /sipse/faces/faces/index.xhtml HTTP/1.1" 200 677
181.59.6.155 - - [05/Mar/2024:08:39:59 -0500] "GET /sipse/faces/javax.faces.resource/theme.css?ln=primefaces-sipse HTTP/1.1" 304 -
181.59.6.155 - - [05/Mar/2024:08:39:59 -0500] "GET /sipse/faces/faces/faces/autenticacion.xhtml HTTP/1.1" 200 12401
181.59.6.155 - - [05/Mar/2024:08:39:59 -0500] "GET /sipse/faces/javax.faces.resource/primefaces.css?ln=primefaces&v=4.0 HTTP/1.1" 304 -
181.59.6.155 - - [05/Mar/2024:08:39:59 -0500] "GET /sipse/faces/javax.faces.resource/theme.css?ln=primefaces-sipse HTTP/1.1" 304 -
181.59.6.155 - - [05/Mar/2024:08:39:59 -0500] "GET /sipse/faces/javax.faces.resource/jquery/jquery-plugins.js?ln=primefaces&v=4.0 HTTP/1.1" 304 -
181.59.6.155 - - [05/Mar/2024:08:39:59 -0500] "GET /sipse/faces/javax.faces.resource/jquery/jquery.js?ln=primefaces&v=4.0 HTTP/1.1" 304 -
181.59.6.155 - - [05/Mar/2024:08:39:59 -0500] "GET /sipse/faces/javax.faces.resource/primefaces.js?ln=primefaces&v=4.0 HTTP/1.1" 304 -
181.59.6.155 - - [05/Mar/2024:08:39:59 -0500] "GET /sipse/faces/javax.faces.resource/layout/layout.css?ln=primefaces&v=4.0 HTTP/1.1" 304 -
181.59.6.155 - - [05/Mar/2024:08:40:00 -0500] "GET /sipse/faces/javax.faces.resource/layout/layout.js?ln=primefaces&v=4.0 HTTP/1.1" 304 -
52.70.240.171 - - [05/Mar/2024:08:40:01 -0500] "GET /BLA/resoluciones/RESOLUCIONES%202018/3780.pdf HTTP/1.1" 200 270713
181.59.6.155 - - [05/Mar/2024:08:40:03 -0500] "POST /sipse/faces/autenticacion.xhtml HTTP/1.1" 200 2217
181.59.6.155 - - [05/Mar/2024:08:40:03 -0500] "GET /sipse/faces/javax.faces.resource/messages/messages.png?ln=primefaces&v=4.0 HTTP/1.1" 304 -
181.59.6.155 - - [05/Mar/2024:08:40:04 -0500] "GET /sipse/faces/javax.faces.resource/images/ui-icons_898989_256x240.png?ln=primefaces-aristo HTTP/1.1" 304 -
181.59.6.155 - - [05/Mar/2024:08:40:04 -0500] "POST /sipse/faces/autenticacion.xhtml HTTP/1.1" 200 16471
181.59.6.155 - - [05/Mar/2024:08:40:05 -0500] "GET /sipse/faces/javax.faces.resource/primefaces.css?ln=primefaces&v=4.0 HTTP/1.1" 304 -
181.59.6.155 - - [05/Mar/2024:08:40:05 -0500] "GET /sipse/faces/javax.faces.resource/theme.css?ln=primefaces-sipse HTTP/1.1" 304 -
181.59.6.155 - - [05/Mar/2024:08:40:05 -0500] "GET /sipse/faces/javax.faces.resource/layout/layout.css?ln=primefaces&v=4.0 HTTP/1.1" 304 -
181.59.6.155 - - [05/Mar/2024:08:40:05 -0500] "GET /sipse/faces/javax.faces.resource/jquery/jquery.js?ln=primefaces&v=4.0 HTTP/1.1" 304 -
181.59.6.155 - - [05/Mar/2024:08:40:05 -0500] "GET /sipse/faces/javax.faces.resource/jquery/jquery-plugins.js?ln=primefaces&v=4.0 HTTP/1.1" 304 -
52.70.240.171 - - [05/Mar/2024:08:40:05 -0500] "GET /BLA/resoluciones/RESOLUCIONES%202018/3779.pdf HTTP/1.1" 200 360522
181.59.6.155 - - [05/Mar/2024:08:40:05 -0500] "GET /sipse/faces/javax.faces.resource/primefaces.js?ln=primefaces&v=4.0 HTTP/1.1" 304 -
181.59.6.155 - - [05/Mar/2024:08:40:05 -0500] "GET /sipse/faces/javax.faces.resource/layout/layout.js?ln=primefaces&v=4.0 HTTP/1.1" 304 -
181.59.6.155 - - [05/Mar/2024:08:40:05 -0500] "GET /sipse/css/imagen/contrasena.png HTTP/1.1" 404 383
181.59.6.155 - - [05/Mar/2024:08:40:07 -0500] "GET /sipse/faces/javax.faces.resource/images/ui-bg_flat_0_2d5972_40x100.png?ln=primefaces-aristo HTTP/1.1" 304 -
181.59.6.155 - - [05/Mar/2024:08:40:07 -0500] "POST /sipse/faces/bienvenido.xhtml HTTP/1.1" 200 2658
181.59.6.155 - - [05/Mar/2024:08:40:08 -0500] "POST /sipse/faces/bienvenido.xhtml HTTP/1.1" 200 33377
181.59.6.155 - - [05/Mar/2024:08:40:08 -0500] "GET /sipse/faces/javax.faces.resource/primefaces.css?ln=primefaces&v=4.0 HTTP/1.1" 304 -
181.59.6.155 - - [05/Mar/2024:08:40:08 -0500] "GET /sipse/faces/javax.faces.resource/layout/layout.css?ln=primefaces&v=4.0 HTTP/1.1" 304 -
181.59.6.155 - - [05/Mar/2024:08:40:08 -0500] "GET /sipse/faces/javax.faces.resource/theme.css?ln=primefaces-sipse HTTP/1.1" 304 -
181.59.6.155 - - [05/Mar/2024:08:40:08 -0500] "GET /sipse/faces/javax.faces.resource/jquery/jquery.js?ln=primefaces&v=4.0 HTTP/1.1" 304 -
181.59.6.155 - - [05/Mar/2024:08:40:08 -0500] "GET /sipse/faces/javax.faces.resource/jquery/jquery-plugins.js?ln=primefaces&v=4.0 HTTP/1.1" 304 -
181.59.6.155 - - [05/Mar/2024:08:40:08 -0500] "GET /sipse/faces/javax.faces.resource/primefaces.js?ln=primefaces&v=4.0 HTTP/1.1" 304 -
181.59.6.155 - - [05/Mar/2024:08:40:08 -0500] "GET /sipse/faces/javax.faces.resource/layout/layout.js?ln=primefaces&v=4.0 HTTP/1.1" 304 -
3.224.220.101 - - [05/Mar/2024:08:40:10 -0500] "GET /BLA/resoluciones/RESOLUCIONES%202018/3778.pdf HTTP/1.1" 200 363858
23.22.35.162 - - [05/Mar/2024:08:40:14 -0500] "GET /BLA/resoluciones/RESOLUCIONES%202018/3777.pdf HTTP/1.1" 200 360689
201.245.192.253 - - [05/Mar/2024:08:40:13 -0500] "POST /kwsrmcab/Wsrmcab  HTTP/1.1" 200 39632
181.59.6.155 - - [05/Mar/2024:08:40:13 -0500] "POST /sipse/faces/presentacion/financiero/solicitudProceso/solicitudProcesoOtrosPagos.xhtml HTTP/1.1" 200 62113
