201.245.192.253 - - [05/Mar/2024:09:15:41 -0500] "GET /sipse/faces/javax.faces.resource/primefaces.js?ln=primefaces&v=4.0 HTTP/1.1" 304 -
201.245.192.253 - - [05/Mar/2024:09:15:41 -0500] "GET /sipse/faces/javax.faces.resource/jquery/jquery-plugins.js?ln=primefaces&v=4.0 HTTP/1.1" 304 -
201.245.192.253 - - [05/Mar/2024:09:15:41 -0500] "GET /sipse/faces/javax.faces.resource/layout/layout.js?ln=primefaces&v=4.0 HTTP/1.1" 304 -
201.245.192.253 - - [05/Mar/2024:09:15:41 -0500] "GET /sipse/faces/javax.faces.resource/images/ui-icons_898989_256x240.png?ln=primefaces-aristo HTTP/1.1" 304 -
201.245.192.253 - - [05/Mar/2024:09:15:41 -0500] "GET /sipse/faces/index.xhtml HTTP/1.1" 200 677
201.245.192.253 - - [05/Mar/2024:09:15:41 -0500] "GET /sipse/faces/javax.faces.resource/theme.css?ln=primefaces-sipse HTTP/1.1" 304 -
201.245.192.253 - - [05/Mar/2024:09:15:41 -0500] "GET /sipse/faces/faces/autenticacion.xhtml HTTP/1.1" 200 12401
201.245.192.253 - - [05/Mar/2024:09:15:41 -0500] "GET /sipse/faces/javax.faces.resource/theme.css?ln=primefaces-sipse HTTP/1.1" 304 -
201.245.192.253 - - [05/Mar/2024:09:15:41 -0500] "GET /sipse/faces/javax.faces.resource/jquery/jquery.js?ln=primefaces&v=4.0 HTTP/1.1" 304 -
201.245.192.253 - - [05/Mar/2024:09:15:41 -0500] "GET /sipse/faces/javax.faces.resource/jquery/jquery-plugins.js?ln=primefaces&v=4.0 HTTP/1.1" 304 -
201.245.192.253 - - [05/Mar/2024:09:15:41 -0500] "GET /sipse/faces/javax.faces.resource/primefaces.css?ln=primefaces&v=4.0 HTTP/1.1" 304 -
201.245.192.253 - - [05/Mar/2024:09:15:41 -0500] "GET /sipse/faces/javax.faces.resource/layout/layout.css?ln=primefaces&v=4.0 HTTP/1.1" 304 -
201.245.192.253 - - [05/Mar/2024:09:15:41 -0500] "GET /sipse/faces/javax.faces.resource/primefaces.js?ln=primefaces&v=4.0 HTTP/1.1" 304 -
201.245.192.253 - - [05/Mar/2024:09:15:41 -0500] "GET /sipse/faces/javax.faces.resource/layout/layout.js?ln=primefaces&v=4.0 HTTP/1.1" 304 -
3.224.220.101 - - [05/Mar/2024:09:15:42 -0500] "GET /BLA/resoluciones/RESOLUCIONES%202022/1282.pdf HTTP/1.1" 200 391199
201.245.192.253 - - [05/Mar/2024:09:15:44 -0500] "POST /sipse/faces/autenticacion.xhtml HTTP/1.1" 200 2220
201.245.192.253 - - [05/Mar/2024:09:15:44 -0500] "GET /sipse/faces/javax.faces.resource/messages/messages.png?ln=primefaces&v=4.0 HTTP/1.1" 304 -
52.70.240.171 - - [05/Mar/2024:09:15:45 -0500] "GET /BLA/resoluciones/RESOLUCIONES%202018/2959.pdf HTTP/1.1" 200 290066
201.245.192.253 - - [05/Mar/2024:09:15:45 -0500] "GET /sipse/faces/javax.faces.resource/images/ui-icons_898989_256x240.png?ln=primefaces-aristo HTTP/1.1" 304 -
201.245.192.253 - - [05/Mar/2024:09:15:45 -0500] "POST /sipse/faces/autenticacion.xhtml HTTP/1.1" 200 16473
201.245.192.253 - - [05/Mar/2024:09:15:45 -0500] "GET /sipse/faces/javax.faces.resource/theme.css?ln=primefaces-sipse HTTP/1.1" 304 -
201.245.192.253 - - [05/Mar/2024:09:15:45 -0500] "GET /sipse/faces/javax.faces.resource/primefaces.css?ln=primefaces&v=4.0 HTTP/1.1" 304 -
201.245.192.253 - - [05/Mar/2024:09:15:45 -0500] "GET /sipse/faces/javax.faces.resource/layout/layout.css?ln=primefaces&v=4.0 HTTP/1.1" 304 -
201.245.192.253 - - [05/Mar/2024:09:15:45 -0500] "GET /sipse/faces/javax.faces.resource/jquery/jquery.js?ln=primefaces&v=4.0 HTTP/1.1" 304 -
201.245.192.253 - - [05/Mar/2024:09:15:45 -0500] "GET /sipse/faces/javax.faces.resource/jquery/jquery-plugins.js?ln=primefaces&v=4.0 HTTP/1.1" 304 -
201.245.192.253 - - [05/Mar/2024:09:15:45 -0500] "GET /sipse/faces/javax.faces.resource/primefaces.js?ln=primefaces&v=4.0 HTTP/1.1" 304 -
201.245.192.253 - - [05/Mar/2024:09:15:45 -0500] "GET /sipse/faces/javax.faces.resource/layout/layout.js?ln=primefaces&v=4.0 HTTP/1.1" 304 -
201.245.192.253 - - [05/Mar/2024:09:15:45 -0500] "GET /sipse/css/imagen/contrasena.png HTTP/1.1" 404 383
201.245.192.253 - - [05/Mar/2024:09:15:47 -0500] "GET /sipse/faces/javax.faces.resource/images/ui-bg_flat_0_2d5972_40x100.png?ln=primefaces-aristo HTTP/1.1" 304 -
201.245.192.253 - - [05/Mar/2024:09:15:47 -0500] "POST /sipse/faces/bienvenido.xhtml HTTP/1.1" 200 2658
3.224.220.101 - - [05/Mar/2024:09:15:49 -0500] "GET /BLA/resoluciones/RESOLUCIONES%202022/1280.pdf HTTP/1.1" 200 405919
201.245.192.253 - - [05/Mar/2024:09:15:48 -0500] "POST /sipse/faces/bienvenido.xhtml HTTP/1.1" 200 64336
201.245.192.253 - - [05/Mar/2024:09:15:50 -0500] "GET /sipse/faces/javax.faces.resource/theme.css?ln=primefaces-sipse HTTP/1.1" 304 -
201.245.192.253 - - [05/Mar/2024:09:15:50 -0500] "GET /sipse/faces/javax.faces.resource/primefaces.css?ln=primefaces&v=4.0 HTTP/1.1" 304 -
201.245.192.253 - - [05/Mar/2024:09:15:50 -0500] "GET /sipse/faces/javax.faces.resource/layout/layout.css?ln=primefaces&v=4.0 HTTP/1.1" 304 -
201.245.192.253 - - [05/Mar/2024:09:15:50 -0500] "GET /sipse/faces/javax.faces.resource/jquery/jquery.js?ln=primefaces&v=4.0 HTTP/1.1" 304 -
201.245.192.253 - - [05/Mar/2024:09:15:50 -0500] "GET /sipse/faces/javax.faces.resource/jquery/jquery-plugins.js?ln=primefaces&v=4.0 HTTP/1.1" 304 -
201.245.192.253 - - [05/Mar/2024:09:15:50 -0500] "GET /sipse/faces/javax.faces.resource/primefaces.js?ln=primefaces&v=4.0 HTTP/1.1" 304 -
201.245.192.253 - - [05/Mar/2024:09:15:50 -0500] "GET /sipse/faces/javax.faces.resource/layout/layout.js?ln=primefaces&v=4.0 HTTP/1.1" 304 -
201.245.192.253 - - [05/Mar/2024:09:15:50 -0500] "POST /sipse/faces/presentacion/financiero/solicitudProceso/listarSolicitudProceso.xhtml HTTP/1.1" 200 1556
52.70.240.171 - - [05/Mar/2024:09:15:53 -0500] "GET /BLA/resoluciones/RESOLUCIONES%202018/2958.pdf HTTP/1.1" 200 291775
3.224.220.101 - - [05/Mar/2024:09:15:57 -0500] "GET /BLA/resoluciones/RESOLUCIONES%202022/1279.pdf HTTP/1.1" 200 379819
201.245.192.253 - - [05/Mar/2024:09:15:58 -0500] "POST /sipse/faces/presentacion/financiero/solicitudProceso/listarSolicitudProceso.xhtml HTTP/1.1" 200 132523
201.245.192.253 - - [05/Mar/2024:09:15:59 -0500] "GET /sipse/faces/javax.faces.resource/theme.css?ln=primefaces-sipse HTTP/1.1" 304 -
201.245.192.253 - - [05/Mar/2024:09:15:59 -0500] "GET /sipse/faces/javax.faces.resource/layout/layout.css?ln=primefaces&v=4.0 HTTP/1.1" 304 -
201.245.192.253 - - [05/Mar/2024:09:15:59 -0500] "GET /sipse/faces/javax.faces.resource/primefaces.css?ln=primefaces&v=4.0 HTTP/1.1" 304 -
201.245.192.253 - - [05/Mar/2024:09:15:59 -0500] "GET /sipse/faces/javax.faces.resource/jquery/jquery.js?ln=primefaces&v=4.0 HTTP/1.1" 304 -
201.245.192.253 - - [05/Mar/2024:09:15:59 -0500] "GET /sipse/faces/javax.faces.resource/jquery/jquery-plugins.js?ln=primefaces&v=4.0 HTTP/1.1" 304 -
201.245.192.253 - - [05/Mar/2024:09:15:59 -0500] "GET /sipse/faces/javax.faces.resource/primefaces.js?ln=primefaces&v=4.0 HTTP/1.1" 304 -
201.245.192.253 - - [05/Mar/2024:09:15:59 -0500] "GET /sipse/faces/javax.faces.resource/layout/layout.js?ln=primefaces&v=4.0 HTTP/1.1" 304 -
3.224.220.101 - - [05/Mar/2024:09:16:01 -0500] "GET /BLA/resoluciones/RESOLUCIONES%202018/2957.pdf HTTP/1.1" 200 365527
3.224.220.101 - - [05/Mar/2024:09:16:05 -0500] "GET /BLA/resoluciones/RESOLUCIONES%202022/1278.pdf HTTP/1.1" 200 377190
52.70.240.171 - - [05/Mar/2024:09:16:09 -0500] "GET /BLA/resoluciones/RESOLUCIONES%202018/2956.pdf HTTP/1.1" 200 364571
23.22.35.162 - - [05/Mar/2024:09:16:13 -0500] "GET /BLA/resoluciones/RESOLUCIONES%202022/1271.pdf HTTP/1.1" 200 390711
23.22.35.162 - - [05/Mar/2024:09:16:17 -0500] "GET /BLA/resoluciones/RESOLUCIONES%202018/2955.PDF HTTP/1.1" 200 10962642
201.245.192.253 - - [05/Mar/2024:09:16:20 -0500] "POST /sipse/faces/presentacion/financiero/solicitudProceso/listarSolicitudProceso.xhtml HTTP/1.1" 200 295493
52.70.240.171 - - [05/Mar/2024:09:16:21 -0500] "GET /BLA/resoluciones/RESOLUCIONES%202022/1270.pdf HTTP/1.1" 200 343483
201.245.192.253 - - [05/Mar/2024:09:16:22 -0500] "POST /sipse/faces/presentacion/financiero/solicitudProceso/listarSolicitudProceso.xhtml HTTP/1.1" 200 310723
201.245.192.253 - - [05/Mar/2024:09:16:23 -0500] "POST /sipse/faces/presentacion/financiero/solicitudProceso/listarSolicitudProceso.xhtml HTTP/1.1" 200 3028
201.245.192.253 - - [05/Mar/2024:09:16:24 -0500] "POST /sipse/faces/presentacion/financiero/solicitudProceso/listarSolicitudProceso.xhtml HTTP/1.1" 200 64945
201.245.192.253 - - [05/Mar/2024:09:16:24 -0500] "POST /sipse/faces/presentacion/financiero/solicitudProceso/listarSolicitudProceso.xhtml HTTP/1.1" 200 77220
23.22.35.162 - - [05/Mar/2024:09:16:27 -0500] "GET /BLA/resoluciones/RESOLUCIONES%202018/2954.PDF HTTP/1.1" 200 15242103
23.22.35.162 - - [05/Mar/2024:09:16:28 -0500] "GET /BLA/resoluciones/RESOLUCIONES%202022/1269.pdf HTTP/1.1" 200 395134
201.245.192.253 - - [05/Mar/2024:09:16:30 -0500] "POST /sipse/faces/presentacion/financiero/solicitudProceso/listarSolicitudProceso.xhtml HTTP/1.1" 200 64945
201.245.192.253 - - [05/Mar/2024:09:16:31 -0500] "POST /sipse/faces/presentacion/financiero/solicitudProceso/listarSolicitudProceso.xhtml HTTP/1.1" 200 77220
3.224.220.101 - - [05/Mar/2024:09:16:33 -0500] "GET /BLA/resoluciones/RESOLUCIONES%202018/2952.PDF HTTP/1.1" 200 21537687
23.22.35.162 - - [05/Mar/2024:09:16:37 -0500] "GET /BLA/resoluciones/RESOLUCIONES%202022/1268.pdf HTTP/1.1" 200 348914
52.70.240.171 - - [05/Mar/2024:09:16:41 -0500] "GET /BLA/resoluciones/RESOLUCIONES%202018/2951.pdf HTTP/1.1" 200 357075
201.245.192.253 - - [05/Mar/2024:09:16:44 -0500] "POST /sipse/faces/presentacion/financiero/solicitudProceso/listarSolicitudProceso.xhtml HTTP/1.1" 200 124748
201.245.192.253 - - [05/Mar/2024:09:16:45 -0500] "GET /sipse/faces/javax.faces.resource/theme.css?ln=primefaces-sipse HTTP/1.1" 304 -
201.245.192.253 - - [05/Mar/2024:09:16:45 -0500] "GET /sipse/faces/javax.faces.resource/primefaces.css?ln=primefaces&v=4.0 HTTP/1.1" 304 -
201.245.192.253 - - [05/Mar/2024:09:16:45 -0500] "GET /sipse/faces/javax.faces.resource/layout/layout.css?ln=primefaces&v=4.0 HTTP/1.1" 304 -
201.245.192.253 - - [05/Mar/2024:09:16:45 -0500] "GET /sipse/faces/javax.faces.resource/jquery/jquery.js?ln=primefaces&v=4.0 HTTP/1.1" 304 -
201.245.192.253 - - [05/Mar/2024:09:16:45 -0500] "GET /sipse/faces/javax.faces.resource/jquery/jquery-plugins.js?ln=primefaces&v=4.0 HTTP/1.1" 304 -
201.245.192.253 - - [05/Mar/2024:09:16:45 -0500] "GET /sipse/faces/javax.faces.resource/primefaces.js?ln=primefaces&v=4.0 HTTP/1.1" 304 -
201.245.192.253 - - [05/Mar/2024:09:16:45 -0500] "GET /sipse/faces/javax.faces.resource/layout/layout.js?ln=primefaces&v=4.0 HTTP/1.1" 304 -
3.224.220.101 - - [05/Mar/2024:09:16:47 -0500] "GET /BLA/resoluciones/RESOLUCIONES%202022/1174.pdf HTTP/1.1" 200 407506
3.224.220.101 - - [05/Mar/2024:09:16:49 -0500] "GET /BLA/resoluciones/RESOLUCIONES%202018/2950.pdf HTTP/1.1" 200 369673
66.249.66.20 - - [05/Mar/2024:09:16:49 -0500] "GET /BLA/resoluciones/RESOLUCIONES%202020/0769.pdf HTTP/1.1" 200 305989
23.22.35.162 - - [05/Mar/2024:09:16:53 -0500] "GET /BLA/resoluciones/RESOLUCIONES%202022/1173.pdf HTTP/1.1" 200 387887
52.70.240.171 - - [05/Mar/2024:09:16:57 -0500] "GET /BLA/resoluciones/RESOLUCIONES%202018/2949.pdf HTTP/1.1" 200 364022
172.22.2.4 - - [05/Mar/2024:09:16:57 -0500] "GET /BLA/boletinlegal/style.css HTTP/1.1" 200 9406
172.22.2.4 - - [05/Mar/2024:09:16:57 -0500] "GET /BLA/boletinlegal/styles2.css HTTP/1.1" 200 1838
172.22.2.4 - - [05/Mar/2024:09:16:57 -0500] "GET /BLA/boletinlegal/js/jquery.js HTTP/1.1" 200 57254
172.22.2.4 - - [05/Mar/2024:09:16:58 -0500] "GET /BLA/boletinlegal/js/jquery.scrollTo-min.js HTTP/1.1" 200 1150
172.22.2.4 - - [05/Mar/2024:09:16:58 -0500] "GET /BLA/boletinlegal/js/jquery.scrollShow.js HTTP/1.1" 200 4586
172.22.2.4 - - [05/Mar/2024:09:16:58 -0500] "GET /BLA/boletinlegal/images/cabezote%20BLEGAL.jpg HTTP/1.1" 200 118164
172.22.2.4 - - [05/Mar/2024:09:16:58 -0500] "GET /BLA/boletinlegal/images/screen_1.png HTTP/1.1" 200 202547
172.22.2.4 - - [05/Mar/2024:09:16:58 -0500] "GET /BLA/boletinlegal/images/screen_2.png HTTP/1.1" 200 362502
172.22.2.4 - - [05/Mar/2024:09:16:58 -0500] "GET /BLA/boletinlegal/images/screen_3.png HTTP/1.1" 200 210620
172.22.2.4 - - [05/Mar/2024:09:16:58 -0500] "GET /BLA/boletinlegal/images/historia.png HTTP/1.1" 200 52775
172.22.2.4 - - [05/Mar/2024:09:16:58 -0500] "GET /BLA/boletinlegal/images/subscribe-icon-big.png HTTP/1.1" 200 47702
172.22.2.4 - - [05/Mar/2024:09:16:58 -0500] "GET /BLA/boletinlegal/images/registro-usuarios.png HTTP/1.1" 200 8106
172.22.2.4 - - [05/Mar/2024:09:16:58 -0500] "GET /BLA/boletinlegal/images/arr_l.jpg HTTP/1.1" 200 1979
172.22.2.4 - - [05/Mar/2024:09:16:58 -0500] "GET /BLA/boletinlegal/images/screen_5.png HTTP/1.1" 200 368876
172.22.2.4 - - [05/Mar/2024:09:16:58 -0500] "GET /BLA/boletinlegal/images/body_bg.jpg HTTP/1.1" 200 1601
172.22.2.4 - - [05/Mar/2024:09:16:58 -0500] "GET /BLA/boletinlegal/images/launch.jpg HTTP/1.1" 200 14577
172.22.2.4 - - [05/Mar/2024:09:16:58 -0500] "GET /BLA/boletinlegal/images/arr_r.jpg HTTP/1.1" 200 1998
172.22.2.4 - - [05/Mar/2024:09:16:58 -0500] "GET /BLA/boletinlegal/images/menu_lft.gif HTTP/1.1" 200 1713
172.22.2.4 - - [05/Mar/2024:09:16:58 -0500] "GET /BLA/boletinlegal/images/menu_rght.gif HTTP/1.1" 200 1627
172.22.2.4 - - [05/Mar/2024:09:16:58 -0500] "GET /BLA/boletinlegal/images/bg_top.jpg HTTP/1.1" 200 522
172.22.2.4 - - [05/Mar/2024:09:16:58 -0500] "GET /BLA/boletinlegal/images/menu_bg.jpg HTTP/1.1" 200 620
172.22.2.4 - - [05/Mar/2024:09:16:58 -0500] "GET /BLA/boletinlegal/images/hover.jpg HTTP/1.1" 200 640
172.22.2.4 - - [05/Mar/2024:09:16:58 -0500] "GET /BLA/boletinlegal/images/text.jpg HTTP/1.1" 200 568
172.22.2.4 - - [05/Mar/2024:09:16:58 -0500] "GET /BLA/boletinlegal/images/footer_bg.jpg HTTP/1.1" 200 586
201.245.192.253 - - [05/Mar/2024:09:16:59 -0500] "POST /sipse/faces/presentacion/financiero/solicitudProceso/consultarSolicitudProceso.xhtml HTTP/1.1" 200 27890
201.245.192.253 - - [05/Mar/2024:09:16:59 -0500] "GET /sipse/faces/javax.faces.resource/layout/layout.css?ln=primefaces&v=4.0 HTTP/1.1" 304 -
201.245.192.253 - - [05/Mar/2024:09:16:59 -0500] "GET /sipse/faces/javax.faces.resource/theme.css?ln=primefaces-sipse HTTP/1.1" 304 -
201.245.192.253 - - [05/Mar/2024:09:16:59 -0500] "GET /sipse/faces/javax.faces.resource/primefaces.css?ln=primefaces&v=4.0 HTTP/1.1" 304 -
201.245.192.253 - - [05/Mar/2024:09:16:59 -0500] "GET /sipse/faces/javax.faces.resource/jquery/jquery-plugins.js?ln=primefaces&v=4.0 HTTP/1.1" 304 -
201.245.192.253 - - [05/Mar/2024:09:16:59 -0500] "GET /sipse/faces/javax.faces.resource/jquery/jquery.js?ln=primefaces&v=4.0 HTTP/1.1" 304 -
201.245.192.253 - - [05/Mar/2024:09:16:59 -0500] "GET /sipse/faces/javax.faces.resource/primefaces.js?ln=primefaces&v=4.0 HTTP/1.1" 304 -
201.245.192.253 - - [05/Mar/2024:09:16:59 -0500] "GET /sipse/faces/javax.faces.resource/layout/layout.js?ln=primefaces&v=4.0 HTTP/1.1" 304 -
181.53.12.90 - - [05/Mar/2024:09:17:00 -0500] "POST /sipse/faces/presentacion/financiero/solicitudProceso/consultarSolicitudProceso.xhtml HTTP/1.1" 200 35059
181.53.12.90 - - [05/Mar/2024:09:17:01 -0500] "GET /sipse/faces/javax.faces.resource/primefaces.css?ln=primefaces&v=4.0 HTTP/1.1" 304 -
181.53.12.90 - - [05/Mar/2024:09:17:01 -0500] "GET /sipse/faces/javax.faces.resource/jquery/jquery.js?ln=primefaces&v=4.0 HTTP/1.1" 304 -
181.53.12.90 - - [05/Mar/2024:09:17:01 -0500] "GET /sipse/faces/javax.faces.resource/theme.css?ln=primefaces-sipse HTTP/1.1" 304 -
181.53.12.90 - - [05/Mar/2024:09:17:01 -0500] "GET /sipse/faces/javax.faces.resource/layout/layout.css?ln=primefaces&v=4.0 HTTP/1.1" 304 -
181.53.12.90 - - [05/Mar/2024:09:17:01 -0500] "GET /sipse/faces/javax.faces.resource/jquery/jquery-plugins.js?ln=primefaces&v=4.0 HTTP/1.1" 304 -
181.53.12.90 - - [05/Mar/2024:09:17:01 -0500] "GET /sipse/faces/javax.faces.resource/primefaces.js?ln=primefaces&v=4.0 HTTP/1.1" 304 -
181.53.12.90 - - [05/Mar/2024:09:17:01 -0500] "GET /sipse/faces/javax.faces.resource/layout/layout.js?ln=primefaces&v=4.0 HTTP/1.1" 304 -
23.22.35.162 - - [05/Mar/2024:09:17:01 -0500] "GET /BLA/resoluciones/RESOLUCIONES%202022/1172.pdf HTTP/1.1" 200 399318
181.53.12.90 - - [05/Mar/2024:09:17:01 -0500] "POST /sipse/faces/presentacion/financiero/solicitudProceso/listarSolicitudProceso.xhtml HTTP/1.1" 200 28325
181.53.12.90 - - [05/Mar/2024:09:17:01 -0500] "POST /sipse/faces/presentacion/financiero/solicitudProceso/listarSolicitudProceso.xhtml HTTP/1.1" 200 28325
181.53.12.90 - - [05/Mar/2024:09:17:01 -0500] "POST /sipse/faces/presentacion/financiero/solicitudProceso/listarSolicitudProceso.xhtml HTTP/1.1" 200 1392
181.53.12.90 - - [05/Mar/2024:09:17:02 -0500] "POST /sipse/faces/presentacion/financiero/solicitudProceso/listarSolicitudProceso.xhtml HTTP/1.1" 200 1388
181.53.12.90 - - [05/Mar/2024:09:17:02 -0500] "POST /sipse/faces/presentacion/financiero/solicitudProceso/listarSolicitudProceso.xhtml HTTP/1.1" 200 1400
201.245.192.253 - - [05/Mar/2024:09:17:03 -0500] "POST /sipse/faces/presentacion/financiero/solicitudProceso/consultarSolicitudProceso.xhtml HTTP/1.1" 200 87400
181.53.12.90 - - [05/Mar/2024:09:17:04 -0500] "POST /sipse/faces/presentacion/financiero/solicitudProceso/listarSolicitudProceso.xhtml HTTP/1.1" 200 57359
181.53.12.90 - - [05/Mar/2024:09:17:04 -0500] "GET /sipse/faces/javax.faces.resource/theme.css?ln=primefaces-sipse HTTP/1.1" 304 -
181.53.12.90 - - [05/Mar/2024:09:17:04 -0500] "GET /sipse/faces/javax.faces.resource/primefaces.css?ln=primefaces&v=4.0 HTTP/1.1" 304 -
181.53.12.90 - - [05/Mar/2024:09:17:04 -0500] "GET /sipse/faces/javax.faces.resource/layout/layout.css?ln=primefaces&v=4.0 HTTP/1.1" 304 -
181.53.12.90 - - [05/Mar/2024:09:17:04 -0500] "GET /sipse/faces/javax.faces.resource/jquery/jquery.js?ln=primefaces&v=4.0 HTTP/1.1" 304 -
181.53.12.90 - - [05/Mar/2024:09:17:04 -0500] "GET /sipse/faces/javax.faces.resource/jquery/jquery-plugins.js?ln=primefaces&v=4.0 HTTP/1.1" 304 -
181.53.12.90 - - [05/Mar/2024:09:17:04 -0500] "GET /sipse/faces/javax.faces.resource/primefaces.js?ln=primefaces&v=4.0 HTTP/1.1" 304 -
181.53.12.90 - - [05/Mar/2024:09:17:04 -0500] "GET /sipse/faces/javax.faces.resource/layout/layout.js?ln=primefaces&v=4.0 HTTP/1.1" 304 -
52.70.240.171 - - [05/Mar/2024:09:17:05 -0500] "GET /BLA/resoluciones/RESOLUCIONES%202018/2948.pdf HTTP/1.1" 200 228996
172.22.2.4 - - [05/Mar/2024:09:17:05 -0500] "GET /BLA/boletinlegal/images/pdf.gif HTTP/1.1" 200 567
181.53.12.90 - - [05/Mar/2024:09:17:08 -0500] "POST /sipse/faces/presentacion/financiero/solicitudProceso/crearModificarSolicitudProceso.xhtml HTTP/1.1" 200 3469
23.22.35.162 - - [05/Mar/2024:09:17:09 -0500] "GET /BLA/resoluciones/RESOLUCIONES%202022/1171.pdf HTTP/1.1" 200 401620
181.53.12.90 - - [05/Mar/2024:09:17:09 -0500] "POST /sipse/faces/presentacion/financiero/solicitudProceso/crearModificarSolicitudProceso.xhtml HTTP/1.1" 200 38449
181.53.12.90 - - [05/Mar/2024:09:17:09 -0500] "GET /sipse/faces/javax.faces.resource/primefaces.css?ln=primefaces&v=4.0 HTTP/1.1" 304 -
181.53.12.90 - - [05/Mar/2024:09:17:09 -0500] "GET /sipse/faces/javax.faces.resource/theme.css?ln=primefaces-sipse HTTP/1.1" 304 -
181.53.12.90 - - [05/Mar/2024:09:17:09 -0500] "GET /sipse/faces/javax.faces.resource/layout/layout.css?ln=primefaces&v=4.0 HTTP/1.1" 304 -
181.53.12.90 - - [05/Mar/2024:09:17:09 -0500] "GET /sipse/faces/javax.faces.resource/jquery/jquery.js?ln=primefaces&v=4.0 HTTP/1.1" 304 -
181.53.12.90 - - [05/Mar/2024:09:17:09 -0500] "GET /sipse/faces/javax.faces.resource/jquery/jquery-plugins.js?ln=primefaces&v=4.0 HTTP/1.1" 304 -
181.53.12.90 - - [05/Mar/2024:09:17:09 -0500] "GET /sipse/faces/javax.faces.resource/primefaces.js?ln=primefaces&v=4.0 HTTP/1.1" 304 -
181.53.12.90 - - [05/Mar/2024:09:17:09 -0500] "GET /sipse/faces/javax.faces.resource/layout/layout.js?ln=primefaces&v=4.0 HTTP/1.1" 304 -
181.53.12.90 - - [05/Mar/2024:09:17:09 -0500] "POST /sipse/faces/presentacion/financiero/solicitudProceso/consultar.xhtml HTTP/1.1" 200 31741
181.53.12.90 - - [05/Mar/2024:09:17:09 -0500] "POST /sipse/faces/presentacion/financiero/solicitudProceso/consultar.xhtml HTTP/1.1" 200 31741
181.53.12.90 - - [05/Mar/2024:09:17:10 -0500] "POST /sipse/faces/presentacion/financiero/solicitudProceso/consultar.xhtml HTTP/1.1" 200 31741
181.53.12.90 - - [05/Mar/2024:09:17:10 -0500] "POST /sipse/faces/presentacion/financiero/solicitudProceso/consultar.xhtml HTTP/1.1" 200 31741
181.53.12.90 - - [05/Mar/2024:09:17:12 -0500] "POST /sipse/faces/presentacion/financiero/solicitudProceso/consultar.xhtml HTTP/1.1" 200 2250
3.224.220.101 - - [05/Mar/2024:09:17:12 -0500] "GET /BLA/resoluciones/RESOLUCIONES%202018/2940.pdf HTTP/1.1" 200 4613036
181.53.12.90 - - [05/Mar/2024:09:17:16 -0500] "POST /sipse/faces/presentacion/financiero/solicitudProceso/consultar.xhtml HTTP/1.1" 200 35632
181.53.12.90 - - [05/Mar/2024:09:17:16 -0500] "GET /sipse/faces/javax.faces.resource/layout/layout.css?ln=primefaces&v=4.0 HTTP/1.1" 304 -
181.53.12.90 - - [05/Mar/2024:09:17:16 -0500] "GET /sipse/faces/javax.faces.resource/theme.css?ln=primefaces-sipse HTTP/1.1" 304 -
181.53.12.90 - - [05/Mar/2024:09:17:16 -0500] "GET /sipse/faces/javax.faces.resource/primefaces.css?ln=primefaces&v=4.0 HTTP/1.1" 304 -
181.53.12.90 - - [05/Mar/2024:09:17:16 -0500] "GET /sipse/faces/javax.faces.resource/jquery/jquery.js?ln=primefaces&v=4.0 HTTP/1.1" 304 -
181.53.12.90 - - [05/Mar/2024:09:17:16 -0500] "GET /sipse/faces/javax.faces.resource/jquery/jquery-plugins.js?ln=primefaces&v=4.0 HTTP/1.1" 304 -
181.53.12.90 - - [05/Mar/2024:09:17:16 -0500] "GET /sipse/faces/javax.faces.resource/primefaces.js?ln=primefaces&v=4.0 HTTP/1.1" 304 -
181.53.12.90 - - [05/Mar/2024:09:17:16 -0500] "GET /sipse/faces/javax.faces.resource/layout/layout.js?ln=primefaces&v=4.0 HTTP/1.1" 304 -
181.53.12.90 - - [05/Mar/2024:09:17:16 -0500] "POST /sipse/faces/presentacion/financiero/solicitudProceso/listarSolicitudProceso.xhtml HTTP/1.1" 200 28898
181.53.12.90 - - [05/Mar/2024:09:17:16 -0500] "POST /sipse/faces/presentacion/financiero/solicitudProceso/listarSolicitudProceso.xhtml HTTP/1.1" 200 28898
181.53.12.90 - - [05/Mar/2024:09:17:17 -0500] "POST /sipse/faces/presentacion/financiero/solicitudProceso/listarSolicitudProceso.xhtml HTTP/1.1" 200 28898
23.22.35.162 - - [05/Mar/2024:09:17:17 -0500] "GET /BLA/resoluciones/RESOLUCIONES%202022/1169.pdf HTTP/1.1" 200 365266
181.53.12.90 - - [05/Mar/2024:09:17:17 -0500] "POST /sipse/faces/presentacion/financiero/solicitudProceso/listarSolicitudProceso.xhtml HTTP/1.1" 200 28898
181.53.12.90 - - [05/Mar/2024:09:17:17 -0500] "POST /sipse/faces/presentacion/financiero/solicitudProceso/listarSolicitudProceso.xhtml HTTP/1.1" 200 28898
181.53.12.90 - - [05/Mar/2024:09:17:17 -0500] "POST /sipse/faces/presentacion/financiero/solicitudProceso/listarSolicitudProceso.xhtml HTTP/1.1" 200 1392
52.167.144.230 - - [05/Mar/2024:09:17:18 -0500] "GET /Publicaciones/2023EE57120.pdf HTTP/1.1" 404 227
181.53.12.90 - - [05/Mar/2024:09:17:18 -0500] "POST /sipse/faces/presentacion/financiero/solicitudProceso/listarSolicitudProceso.xhtml HTTP/1.1" 200 1388
181.53.12.90 - - [05/Mar/2024:09:17:18 -0500] "POST /sipse/faces/presentacion/financiero/solicitudProceso/listarSolicitudProceso.xhtml HTTP/1.1" 200 1400
181.53.12.90 - - [05/Mar/2024:09:17:19 -0500] "POST /sipse/faces/presentacion/financiero/solicitudProceso/listarSolicitudProceso.xhtml HTTP/1.1" 200 1388
181.53.12.90 - - [05/Mar/2024:09:17:19 -0500] "POST /sipse/faces/presentacion/financiero/solicitudProceso/listarSolicitudProceso.xhtml HTTP/1.1" 200 1400
181.53.12.90 - - [05/Mar/2024:09:17:19 -0500] "POST /sipse/faces/presentacion/financiero/solicitudProceso/listarSolicitudProceso.xhtml HTTP/1.1" 200 1384
181.53.12.90 - - [05/Mar/2024:09:17:20 -0500] "POST /sipse/faces/presentacion/financiero/solicitudProceso/listarSolicitudProceso.xhtml HTTP/1.1" 200 57932
3.224.220.101 - - [05/Mar/2024:09:17:21 -0500] "GET /BLA/resoluciones/RESOLUCIONES%202018/2938.pdf HTTP/1.1" 200 2900843
181.53.12.90 - - [05/Mar/2024:09:17:21 -0500] "GET /sipse/faces/javax.faces.resource/layout/layout.css?ln=primefaces&v=4.0 HTTP/1.1" 304 -
181.53.12.90 - - [05/Mar/2024:09:17:21 -0500] "GET /sipse/faces/javax.faces.resource/primefaces.css?ln=primefaces&v=4.0 HTTP/1.1" 304 -
181.53.12.90 - - [05/Mar/2024:09:17:21 -0500] "GET /sipse/faces/javax.faces.resource/theme.css?ln=primefaces-sipse HTTP/1.1" 304 -
181.53.12.90 - - [05/Mar/2024:09:17:21 -0500] "GET /sipse/faces/javax.faces.resource/jquery/jquery.js?ln=primefaces&v=4.0 HTTP/1.1" 304 -
181.53.12.90 - - [05/Mar/2024:09:17:21 -0500] "GET /sipse/faces/javax.faces.resource/jquery/jquery-plugins.js?ln=primefaces&v=4.0 HTTP/1.1" 304 -
181.53.12.90 - - [05/Mar/2024:09:17:21 -0500] "GET /sipse/faces/javax.faces.resource/primefaces.js?ln=primefaces&v=4.0 HTTP/1.1" 304 -
181.53.12.90 - - [05/Mar/2024:09:17:21 -0500] "GET /sipse/faces/javax.faces.resource/layout/layout.js?ln=primefaces&v=4.0 HTTP/1.1" 304 -
201.245.192.253 - - [05/Mar/2024:09:17:21 -0500] "POST /sipse/faces/presentacion/financiero/solicitudProceso/consultarHistorialSolProceso.xhtml HTTP/1.1" 200 170782
201.245.192.253 - - [05/Mar/2024:09:17:22 -0500] "GET /sipse/faces/javax.faces.resource/primefaces.css?ln=primefaces&v=4.0 HTTP/1.1" 304 -
201.245.192.253 - - [05/Mar/2024:09:17:22 -0500] "GET /sipse/faces/javax.faces.resource/theme.css?ln=primefaces-sipse HTTP/1.1" 304 -
201.245.192.253 - - [05/Mar/2024:09:17:22 -0500] "GET /sipse/faces/javax.faces.resource/layout/layout.css?ln=primefaces&v=4.0 HTTP/1.1" 304 -
201.245.192.253 - - [05/Mar/2024:09:17:22 -0500] "GET /sipse/faces/javax.faces.resource/primefaces.js?ln=primefaces&v=4.0 HTTP/1.1" 304 -
201.245.192.253 - - [05/Mar/2024:09:17:22 -0500] "GET /sipse/faces/javax.faces.resource/jquery/jquery-plugins.js?ln=primefaces&v=4.0 HTTP/1.1" 304 -
201.245.192.253 - - [05/Mar/2024:09:17:22 -0500] "GET /sipse/faces/javax.faces.resource/jquery/jquery.js?ln=primefaces&v=4.0 HTTP/1.1" 304 -
201.245.192.253 - - [05/Mar/2024:09:17:22 -0500] "GET /sipse/faces/javax.faces.resource/layout/layout.js?ln=primefaces&v=4.0 HTTP/1.1" 304 -
181.53.12.90 - - [05/Mar/2024:09:17:24 -0500] "POST /sipse/faces/presentacion/financiero/solicitudProceso/crearModificarSolicitudProceso.xhtml HTTP/1.1" 200 38449
181.53.12.90 - - [05/Mar/2024:09:17:24 -0500] "GET /sipse/faces/javax.faces.resource/theme.css?ln=primefaces-sipse HTTP/1.1" 304 -
181.53.12.90 - - [05/Mar/2024:09:17:24 -0500] "GET /sipse/faces/javax.faces.resource/layout/layout.css?ln=primefaces&v=4.0 HTTP/1.1" 304 -
181.53.12.90 - - [05/Mar/2024:09:17:24 -0500] "GET /sipse/faces/javax.faces.resource/primefaces.css?ln=primefaces&v=4.0 HTTP/1.1" 304 -
181.53.12.90 - - [05/Mar/2024:09:17:24 -0500] "GET /sipse/faces/javax.faces.resource/jquery/jquery.js?ln=primefaces&v=4.0 HTTP/1.1" 304 -
181.53.12.90 - - [05/Mar/2024:09:17:24 -0500] "GET /sipse/faces/javax.faces.resource/jquery/jquery-plugins.js?ln=primefaces&v=4.0 HTTP/1.1" 304 -
181.53.12.90 - - [05/Mar/2024:09:17:24 -0500] "GET /sipse/faces/javax.faces.resource/primefaces.js?ln=primefaces&v=4.0 HTTP/1.1" 304 -
181.53.12.90 - - [05/Mar/2024:09:17:24 -0500] "GET /sipse/faces/javax.faces.resource/layout/layout.js?ln=primefaces&v=4.0 HTTP/1.1" 304 -
181.53.12.90 - - [05/Mar/2024:09:17:24 -0500] "POST /sipse/faces/presentacion/financiero/solicitudProceso/consultar.xhtml HTTP/1.1" 200 31741
181.53.12.90 - - [05/Mar/2024:09:17:25 -0500] "POST /sipse/faces/presentacion/financiero/solicitudProceso/consultar.xhtml HTTP/1.1" 200 31741
181.53.12.90 - - [05/Mar/2024:09:17:25 -0500] "POST /sipse/faces/presentacion/financiero/solicitudProceso/consultar.xhtml HTTP/1.1" 200 31741
181.53.12.90 - - [05/Mar/2024:09:17:25 -0500] "POST /sipse/faces/presentacion/financiero/solicitudProceso/consultar.xhtml HTTP/1.1" 200 31741
181.53.12.90 - - [05/Mar/2024:09:17:25 -0500] "POST /sipse/faces/presentacion/financiero/solicitudProceso/consultar.xhtml HTTP/1.1" 200 31741
23.22.35.162 - - [05/Mar/2024:09:17:25 -0500] "GET /BLA/resoluciones/RESOLUCIONES%202018/2934.pdf HTTP/1.1" 200 336142
181.53.12.90 - - [05/Mar/2024:09:17:25 -0500] "POST /sipse/faces/presentacion/financiero/solicitudProceso/consultar.xhtml HTTP/1.1" 200 31741
181.53.12.90 - - [05/Mar/2024:09:17:26 -0500] "POST /sipse/faces/presentacion/financiero/solicitudProceso/consultar.xhtml HTTP/1.1" 200 31741
23.22.35.162 - - [05/Mar/2024:09:17:29 -0500] "GET /BLA/resoluciones/RESOLUCIONES%202022/1130.pdf HTTP/1.1" 200 464433
181.53.12.90 - - [05/Mar/2024:09:17:29 -0500] "POST /sipse/faces/presentacion/financiero/solicitudProceso/consultar.xhtml HTTP/1.1" 200 911
181.53.12.90 - - [05/Mar/2024:09:17:31 -0500] "GET /sipse/faces/faces/autenticacion HTTP/1.1" 302 -
181.53.12.90 - - [05/Mar/2024:09:17:31 -0500] "GET /sipse/faces/autenticacion.xhtml HTTP/1.1" 200 12401
181.53.12.90 - - [05/Mar/2024:09:17:31 -0500] "GET /sipse/faces/javax.faces.resource/jquery/jquery.js?ln=primefaces&v=4.0 HTTP/1.1" 304 -
181.53.12.90 - - [05/Mar/2024:09:17:31 -0500] "GET /sipse/faces/javax.faces.resource/theme.css?ln=primefaces-sipse HTTP/1.1" 304 -
181.53.12.90 - - [05/Mar/2024:09:17:31 -0500] "GET /sipse/faces/javax.faces.resource/layout/layout.css?ln=primefaces&v=4.0 HTTP/1.1" 304 -
181.53.12.90 - - [05/Mar/2024:09:17:31 -0500] "GET /sipse/faces/javax.faces.resource/primefaces.css?ln=primefaces&v=4.0 HTTP/1.1" 304 -
181.53.12.90 - - [05/Mar/2024:09:17:31 -0500] "GET /sipse/faces/javax.faces.resource/jquery/jquery-plugins.js?ln=primefaces&v=4.0 HTTP/1.1" 304 -
181.53.12.90 - - [05/Mar/2024:09:17:31 -0500] "GET /sipse/faces/javax.faces.resource/primefaces.js?ln=primefaces&v=4.0 HTTP/1.1" 304 -
181.53.12.90 - - [05/Mar/2024:09:17:31 -0500] "GET /sipse/faces/javax.faces.resource/layout/layout.js?ln=primefaces&v=4.0 HTTP/1.1" 304 -
23.22.35.162 - - [05/Mar/2024:09:17:33 -0500] "GET /BLA/resoluciones/RESOLUCIONES%202018/2932.pdf HTTP/1.1" 200 258966
181.53.12.90 - - [05/Mar/2024:09:17:34 -0500] "POST /sipse/faces/autenticacion.xhtml HTTP/1.1" 200 16291
181.53.12.90 - - [05/Mar/2024:09:17:34 -0500] "GET /sipse/faces/javax.faces.resource/layout/layout.css?ln=primefaces&v=4.0 HTTP/1.1" 304 -
181.53.12.90 - - [05/Mar/2024:09:17:34 -0500] "GET /sipse/faces/javax.faces.resource/primefaces.css?ln=primefaces&v=4.0 HTTP/1.1" 304 -
181.53.12.90 - - [05/Mar/2024:09:17:34 -0500] "GET /sipse/faces/javax.faces.resource/theme.css?ln=primefaces-sipse HTTP/1.1" 304 -
181.53.12.90 - - [05/Mar/2024:09:17:34 -0500] "GET /sipse/faces/javax.faces.resource/jquery/jquery.js?ln=primefaces&v=4.0 HTTP/1.1" 304 -
181.53.12.90 - - [05/Mar/2024:09:17:34 -0500] "GET /sipse/faces/javax.faces.resource/jquery/jquery-plugins.js?ln=primefaces&v=4.0 HTTP/1.1" 304 -
181.53.12.90 - - [05/Mar/2024:09:17:34 -0500] "GET /sipse/faces/javax.faces.resource/primefaces.js?ln=primefaces&v=4.0 HTTP/1.1" 304 -
181.53.12.90 - - [05/Mar/2024:09:17:34 -0500] "GET /sipse/faces/javax.faces.resource/layout/layout.js?ln=primefaces&v=4.0 HTTP/1.1" 304 -
201.245.192.253 - - [05/Mar/2024:09:17:35 -0500] "POST /sipse/faces/presentacion/financiero/solicitudProceso/consultarSolicitudProceso.xhtml HTTP/1.1" 200 84225
201.245.192.253 - - [05/Mar/2024:09:17:35 -0500] "GET /sipse/faces/javax.faces.resource/theme.css?ln=primefaces-sipse HTTP/1.1" 304 -
201.245.192.253 - - [05/Mar/2024:09:17:35 -0500] "GET /sipse/faces/javax.faces.resource/layout/layout.css?ln=primefaces&v=4.0 HTTP/1.1" 304 -
201.245.192.253 - - [05/Mar/2024:09:17:35 -0500] "GET /sipse/faces/javax.faces.resource/primefaces.css?ln=primefaces&v=4.0 HTTP/1.1" 304 -
201.245.192.253 - - [05/Mar/2024:09:17:35 -0500] "GET /sipse/faces/javax.faces.resource/jquery/jquery.js?ln=primefaces&v=4.0 HTTP/1.1" 304 -
201.245.192.253 - - [05/Mar/2024:09:17:35 -0500] "GET /sipse/faces/javax.faces.resource/jquery/jquery-plugins.js?ln=primefaces&v=4.0 HTTP/1.1" 304 -
201.245.192.253 - - [05/Mar/2024:09:17:35 -0500] "GET /sipse/faces/javax.faces.resource/primefaces.js?ln=primefaces&v=4.0 HTTP/1.1" 304 -
201.245.192.253 - - [05/Mar/2024:09:17:35 -0500] "GET /sipse/faces/javax.faces.resource/layout/layout.js?ln=primefaces&v=4.0 HTTP/1.1" 304 -
201.245.192.253 - - [05/Mar/2024:09:17:36 -0500] "POST /sipse/faces/presentacion/financiero/solicitudProceso/consultarSolicitudProceso.xhtml HTTP/1.1" 200 83910
181.53.12.90 - - [05/Mar/2024:09:17:36 -0500] "POST /sipse/faces/bienvenido.xhtml HTTP/1.1" 200 1471
52.70.240.171 - - [05/Mar/2024:09:17:36 -0500] "GET /BLA/resoluciones/RESOLUCIONES%202022/1121.pdf HTTP/1.1" 200 396723
181.53.12.90 - - [05/Mar/2024:09:17:37 -0500] "POST /sipse/faces/bienvenido.xhtml HTTP/1.1" 200 64002
181.53.12.90 - - [05/Mar/2024:09:17:38 -0500] "GET /sipse/faces/javax.faces.resource/theme.css?ln=primefaces-sipse HTTP/1.1" 304 -
181.53.12.90 - - [05/Mar/2024:09:17:38 -0500] "GET /sipse/faces/javax.faces.resource/primefaces.css?ln=primefaces&v=4.0 HTTP/1.1" 304 -
181.53.12.90 - - [05/Mar/2024:09:17:38 -0500] "GET /sipse/faces/javax.faces.resource/layout/layout.css?ln=primefaces&v=4.0 HTTP/1.1" 304 -
181.53.12.90 - - [05/Mar/2024:09:17:38 -0500] "GET /sipse/faces/javax.faces.resource/jquery/jquery.js?ln=primefaces&v=4.0 HTTP/1.1" 304 -
181.53.12.90 - - [05/Mar/2024:09:17:38 -0500] "GET /sipse/faces/javax.faces.resource/jquery/jquery-plugins.js?ln=primefaces&v=4.0 HTTP/1.1" 304 -
181.53.12.90 - - [05/Mar/2024:09:17:38 -0500] "GET /sipse/faces/javax.faces.resource/primefaces.js?ln=primefaces&v=4.0 HTTP/1.1" 304 -
181.53.12.90 - - [05/Mar/2024:09:17:38 -0500] "GET /sipse/faces/javax.faces.resource/layout/layout.js?ln=primefaces&v=4.0 HTTP/1.1" 304 -
181.53.12.90 - - [05/Mar/2024:09:17:38 -0500] "POST /sipse/faces/presentacion/financiero/solicitudProceso/listarSolicitudProceso.xhtml HTTP/1.1" 200 1556
181.53.12.90 - - [05/Mar/2024:09:17:41 -0500] "POST /sipse/faces/presentacion/financiero/solicitudProceso/listarSolicitudProceso.xhtml HTTP/1.1" 200 5457
23.22.35.162 - - [05/Mar/2024:09:17:41 -0500] "GET /BLA/resoluciones/RESOLUCIONES%202018/2931.pdf HTTP/1.1" 200 273839
201.245.192.253 - - [05/Mar/2024:09:17:42 -0500] "POST /sipse/faces/presentacion/financiero/solicitudProceso/crearModificarSolicitudProceso.xhtml HTTP/1.1" 200 84082
52.70.240.171 - - [05/Mar/2024:09:17:46 -0500] "GET /BLA/resoluciones/RESOLUCIONES%202022/1120.pdf HTTP/1.1" 200 692848
23.22.35.162 - - [05/Mar/2024:09:17:49 -0500] "GET /BLA/resoluciones/RESOLUCIONES%202018/2926.pdf HTTP/1.1" 200 364214
52.70.240.171 - - [05/Mar/2024:09:17:53 -0500] "GET /BLA/resoluciones/RESOLUCIONES%202022/1113.pdf HTTP/1.1" 200 1056538
52.70.240.171 - - [05/Mar/2024:09:17:59 -0500] "GET /BLA/resoluciones/RESOLUCIONES%202018/2925.pdf HTTP/1.1" 200 262131
152.203.150.86 - - [05/Mar/2024:09:18:00 -0500] "POST /sipse/faces/presentacion/financiero/solicitudProceso/consultarSolicitudProceso.xhtml HTTP/1.1" 200 911
3.224.220.101 - - [05/Mar/2024:09:18:00 -0500] "GET /BLA/resoluciones/RESOLUCIONES%202022/1112.pdf HTTP/1.1" 200 1129296
152.203.150.86 - - [05/Mar/2024:09:18:01 -0500] "GET /sipse/faces/presentacion/sistema/anexos/faces/autenticacion HTTP/1.1" 302 -
152.203.150.86 - - [05/Mar/2024:09:18:01 -0500] "GET /sipse/faces/autenticacion.xhtml HTTP/1.1" 200 12401
152.203.150.86 - - [05/Mar/2024:09:18:02 -0500] "GET /sipse/faces/javax.faces.resource/theme.css?ln=primefaces-sipse HTTP/1.1" 304 -
152.203.150.86 - - [05/Mar/2024:09:18:02 -0500] "GET /sipse/faces/javax.faces.resource/primefaces.js?ln=primefaces&v=4.0 HTTP/1.1" 304 -
152.203.150.86 - - [05/Mar/2024:09:18:02 -0500] "GET /sipse/faces/javax.faces.resource/primefaces.css?ln=primefaces&v=4.0 HTTP/1.1" 304 -
152.203.150.86 - - [05/Mar/2024:09:18:02 -0500] "GET /sipse/faces/javax.faces.resource/jquery/jquery-plugins.js?ln=primefaces&v=4.0 HTTP/1.1" 304 -
152.203.150.86 - - [05/Mar/2024:09:18:02 -0500] "GET /sipse/faces/javax.faces.resource/layout/layout.css?ln=primefaces&v=4.0 HTTP/1.1" 304 -
152.203.150.86 - - [05/Mar/2024:09:18:02 -0500] "GET /sipse/faces/javax.faces.resource/jquery/jquery.js?ln=primefaces&v=4.0 HTTP/1.1" 304 -
152.203.150.86 - - [05/Mar/2024:09:18:02 -0500] "GET /sipse/faces/javax.faces.resource/layout/layout.js?ln=primefaces&v=4.0 HTTP/1.1" 304 -
152.203.150.86 - - [05/Mar/2024:09:18:02 -0500] "GET /sipse/faces/javax.faces.resource/images/ui-icons_898989_256x240.png?ln=primefaces-aristo HTTP/1.1" 304 -
152.203.150.86 - - [05/Mar/2024:09:18:04 -0500] "POST /sipse/faces/autenticacion.xhtml HTTP/1.1" 200 16911
152.203.150.86 - - [05/Mar/2024:09:18:04 -0500] "GET /sipse/faces/javax.faces.resource/theme.css?ln=primefaces-sipse HTTP/1.1" 304 -
152.203.150.86 - - [05/Mar/2024:09:18:04 -0500] "GET /sipse/faces/javax.faces.resource/primefaces.css?ln=primefaces&v=4.0 HTTP/1.1" 304 -
152.203.150.86 - - [05/Mar/2024:09:18:04 -0500] "GET /sipse/faces/javax.faces.resource/layout/layout.css?ln=primefaces&v=4.0 HTTP/1.1" 304 -
152.203.150.86 - - [05/Mar/2024:09:18:04 -0500] "GET /sipse/faces/javax.faces.resource/jquery/jquery.js?ln=primefaces&v=4.0 HTTP/1.1" 304 -
152.203.150.86 - - [05/Mar/2024:09:18:04 -0500] "GET /sipse/faces/javax.faces.resource/jquery/jquery-plugins.js?ln=primefaces&v=4.0 HTTP/1.1" 304 -
152.203.150.86 - - [05/Mar/2024:09:18:04 -0500] "GET /sipse/faces/javax.faces.resource/primefaces.js?ln=primefaces&v=4.0 HTTP/1.1" 304 -
152.203.150.86 - - [05/Mar/2024:09:18:04 -0500] "GET /sipse/faces/javax.faces.resource/layout/layout.js?ln=primefaces&v=4.0 HTTP/1.1" 304 -
152.203.150.86 - - [05/Mar/2024:09:18:04 -0500] "GET /sipse/css/imagen/contrasena.png HTTP/1.1" 404 383
152.203.150.86 - - [05/Mar/2024:09:18:04 -0500] "GET /sipse/faces/javax.faces.resource/messages/messages.png?ln=primefaces&v=4.0 HTTP/1.1" 304 -
3.224.220.101 - - [05/Mar/2024:09:18:04 -0500] "GET /BLA/resoluciones/RESOLUCIONES%202018/2914.pdf HTTP/1.1" 200 315589
152.203.150.86 - - [05/Mar/2024:09:18:05 -0500] "GET /sipse/faces/javax.faces.resource/images/ui-bg_flat_0_2d5972_40x100.png?ln=primefaces-aristo HTTP/1.1" 304 -
152.203.150.86 - - [05/Mar/2024:09:18:05 -0500] "POST /sipse/faces/bienvenido.xhtml HTTP/1.1" 200 2658
152.203.150.86 - - [05/Mar/2024:09:18:06 -0500] "POST /sipse/faces/bienvenido.xhtml HTTP/1.1" 200 36197
152.203.150.86 - - [05/Mar/2024:09:18:06 -0500] "GET /sipse/faces/javax.faces.resource/theme.css?ln=primefaces-sipse HTTP/1.1" 304 -
152.203.150.86 - - [05/Mar/2024:09:18:06 -0500] "GET /sipse/faces/javax.faces.resource/layout/layout.css?ln=primefaces&v=4.0 HTTP/1.1" 304 -
152.203.150.86 - - [05/Mar/2024:09:18:06 -0500] "GET /sipse/faces/javax.faces.resource/primefaces.css?ln=primefaces&v=4.0 HTTP/1.1" 304 -
152.203.150.86 - - [05/Mar/2024:09:18:06 -0500] "GET /sipse/faces/javax.faces.resource/jquery/jquery.js?ln=primefaces&v=4.0 HTTP/1.1" 304 -
152.203.150.86 - - [05/Mar/2024:09:18:06 -0500] "GET /sipse/faces/javax.faces.resource/jquery/jquery-plugins.js?ln=primefaces&v=4.0 HTTP/1.1" 304 -
152.203.150.86 - - [05/Mar/2024:09:18:06 -0500] "GET /sipse/faces/javax.faces.resource/primefaces.js?ln=primefaces&v=4.0 HTTP/1.1" 304 -
152.203.150.86 - - [05/Mar/2024:09:18:06 -0500] "GET /sipse/faces/javax.faces.resource/layout/layout.js?ln=primefaces&v=4.0 HTTP/1.1" 304 -
152.203.150.86 - - [05/Mar/2024:09:18:06 -0500] "POST /sipse/faces/presentacion/financiero/solicitudProceso/listarSolicitudProceso.xhtml HTTP/1.1" 200 1392
201.245.192.253 - - [05/Mar/2024:09:18:07 -0500] "POST /sipse/faces/presentacion/financiero/solicitudProceso/consultarSolicitudProceso.xhtml HTTP/1.1" 200 583682
52.70.240.171 - - [05/Mar/2024:09:18:09 -0500] "GET /BLA/resoluciones/RESOLUCIONES%202022/1111.pdf HTTP/1.1" 200 494354
152.203.150.86 - - [05/Mar/2024:09:18:10 -0500] "POST /sipse/faces/presentacion/financiero/solicitudProceso/listarSolicitudProceso.xhtml HTTP/1.1" 200 911
3.224.220.101 - - [05/Mar/2024:09:18:13 -0500] "GET /BLA/resoluciones/RESOLUCIONES%202018/2911.pdf HTTP/1.1" 200 266153
52.70.240.171 - - [05/Mar/2024:09:18:17 -0500] "GET /BLA/resoluciones/RESOLUCIONES%202022/1080.pdf HTTP/1.1" 200 5868462
3.224.220.101 - - [05/Mar/2024:09:18:20 -0500] "GET /BLA/resoluciones/RESOLUCIONES%202022/1078.pdf HTTP/1.1" 200 1402296
3.224.220.101 - - [05/Mar/2024:09:18:25 -0500] "GET /BLA/resoluciones/RESOLUCIONES%202018/2908.pdf HTTP/1.1" 200 351003
23.22.35.162 - - [05/Mar/2024:09:18:29 -0500] "GET /BLA/resoluciones/RESOLUCIONES%202022/1077.pdf HTTP/1.1" 200 981209
172.22.2.4 - - [05/Mar/2024:09:16:50 -0500] "GET /BLA/boletinlegal/ HTTP/1.1" 200 62310
52.70.240.171 - - [05/Mar/2024:09:18:33 -0500] "GET /BLA/resoluciones/RESOLUCIONES%202018/2897.PDF HTTP/1.1" 200 7986033
23.22.35.162 - - [05/Mar/2024:09:18:37 -0500] "GET /BLA/resoluciones/RESOLUCIONES%202022/1076.pdf HTTP/1.1" 200 456075
23.22.35.162 - - [05/Mar/2024:09:18:41 -0500] "GET /BLA/resoluciones/RESOLUCIONES%202018/2896.PDF HTTP/1.1" 200 13152792
52.70.240.171 - - [05/Mar/2024:09:18:45 -0500] "GET /BLA/resoluciones/RESOLUCIONES%202022/1075.pdf HTTP/1.1" 200 367944
52.70.240.171 - - [05/Mar/2024:09:18:49 -0500] "GET /BLA/resoluciones/RESOLUCIONES%202018/2895.PDF HTTP/1.1" 200 19877481
23.22.35.162 - - [05/Mar/2024:09:18:53 -0500] "GET /BLA/resoluciones/RESOLUCIONES%202022/1074.pdf HTTP/1.1" 200 381321
23.22.35.162 - - [05/Mar/2024:09:18:57 -0500] "GET /BLA/resoluciones/RESOLUCIONES%202018/2893.PDF HTTP/1.1" 200 7704281
3.224.220.101 - - [05/Mar/2024:09:19:01 -0500] "GET /BLA/resoluciones/RESOLUCIONES%202022/1073.pdf HTTP/1.1" 200 383630
23.22.35.162 - - [05/Mar/2024:09:19:05 -0500] "GET /BLA/resoluciones/RESOLUCIONES%202018/2889.pdf HTTP/1.1" 200 956210
23.22.35.162 - - [05/Mar/2024:09:19:09 -0500] "GET /BLA/resoluciones/RESOLUCIONES%202022/1072.pdf HTTP/1.1" 200 400364
52.70.240.171 - - [05/Mar/2024:09:19:12 -0500] "GET /BLA/resoluciones/RESOLUCIONES%202018/2880.pdf HTTP/1.1" 200 347318
191.156.156.202 - - [05/Mar/2024:09:19:15 -0500] "POST /sipse/faces/presentacion/sistema/seguridad/seleccionRol.xhtml HTTP/1.1" 200 5612
191.156.156.202 - - [05/Mar/2024:09:19:16 -0500] "POST /sipse/faces/presentacion/sistema/seguridad/seleccionRol.xhtml HTTP/1.1" 200 16458
191.156.156.202 - - [05/Mar/2024:09:19:16 -0500] "GET /sipse/faces/javax.faces.resource/theme.css?ln=primefaces-sipse HTTP/1.1" 304 -
191.156.154.176 - - [05/Mar/2024:09:19:16 -0500] "GET /sipse/js/jquery.min.js HTTP/1.1" 304 -
191.156.145.53 - - [05/Mar/2024:09:19:16 -0500] "GET /sipse/faces/javax.faces.resource/primefaces.css?ln=primefaces&v=4.0 HTTP/1.1" 304 -
191.156.149.43 - - [05/Mar/2024:09:19:16 -0500] "GET /sipse/faces/javax.faces.resource/layout/layout.css?ln=primefaces&v=4.0 HTTP/1.1" 304 -
191.156.145.53 - - [05/Mar/2024:09:19:16 -0500] "GET /sipse/faces/javax.faces.resource/jquery/jquery.js?ln=primefaces&v=4.0 HTTP/1.1" 304 -
191.156.145.53 - - [05/Mar/2024:09:19:16 -0500] "GET /sipse/faces/javax.faces.resource/jquery/jquery-plugins.js?ln=primefaces&v=4.0 HTTP/1.1" 304 -
201.245.192.253 - - [05/Mar/2024:09:19:15 -0500] "POST /kwsrmcab/Wsrmcab HTTP/1.1" 200 39043
191.156.145.53 - - [05/Mar/2024:09:19:17 -0500] "GET /sipse/faces/javax.faces.resource/primefaces.js?ln=primefaces&v=4.0 HTTP/1.1" 304 -
3.224.220.101 - - [05/Mar/2024:09:19:17 -0500] "GET /BLA/resoluciones/RESOLUCIONES%202022/1071.pdf HTTP/1.1" 200 563265
191.156.145.53 - - [05/Mar/2024:09:19:17 -0500] "GET /sipse/faces/javax.faces.resource/layout/layout.js?ln=primefaces&v=4.0 HTTP/1.1" 304 -
191.156.145.53 - - [05/Mar/2024:09:19:17 -0500] "GET /sipse/css/v_mergente.css HTTP/1.1" 304 -
191.156.149.43 - - [05/Mar/2024:09:19:17 -0500] "GET /sipse/imagenes/cargando.gif HTTP/1.1" 304 -
191.156.154.176 - - [05/Mar/2024:09:19:17 -0500] "GET /sipse/imagenes/logoAplicacion.jpg HTTP/1.1" 304 -
191.156.156.202 - - [05/Mar/2024:09:19:17 -0500] "GET /sipse/css/imagen/contrasena.png HTTP/1.1" 404 383
201.245.192.253 - - [05/Mar/2024:09:19:17 -0500] "POST /kwsrmcab/Wsrmcab HTTP/1.1" 200 37421
191.156.145.53 - - [05/Mar/2024:09:19:18 -0500] "GET /sipse/faces/javax.faces.resource/images/ui-bg_flat_0_2d5972_40x100.png?ln=primefaces-aristo HTTP/1.1" 304 -
191.156.149.43 - - [05/Mar/2024:09:19:18 -0500] "POST /sipse/faces/bienvenido.xhtml HTTP/1.1" 200 2658
191.156.149.43 - - [05/Mar/2024:09:19:19 -0500] "POST /sipse/faces/bienvenido.xhtml HTTP/1.1" 200 36179
191.156.156.202 - - [05/Mar/2024:09:19:20 -0500] "GET /sipse/faces/javax.faces.resource/layout/layout.css?ln=primefaces&v=4.0 HTTP/1.1" 304 -
191.156.149.43 - - [05/Mar/2024:09:19:20 -0500] "GET /sipse/faces/javax.faces.resource/theme.css?ln=primefaces-sipse HTTP/1.1" 304 -
191.156.145.53 - - [05/Mar/2024:09:19:20 -0500] "GET /sipse/faces/javax.faces.resource/primefaces.css?ln=primefaces&v=4.0 HTTP/1.1" 304 -
191.156.154.176 - - [05/Mar/2024:09:19:20 -0500] "GET /sipse/faces/javax.faces.resource/jquery/jquery.js?ln=primefaces&v=4.0 HTTP/1.1" 304 -
191.156.154.176 - - [05/Mar/2024:09:19:20 -0500] "GET /sipse/faces/javax.faces.resource/jquery/jquery-plugins.js?ln=primefaces&v=4.0 HTTP/1.1" 304 -
191.156.154.176 - - [05/Mar/2024:09:19:20 -0500] "GET /sipse/faces/javax.faces.resource/primefaces.js?ln=primefaces&v=4.0 HTTP/1.1" 304 -
191.156.154.176 - - [05/Mar/2024:09:19:20 -0500] "GET /sipse/faces/javax.faces.resource/layout/layout.js?ln=primefaces&v=4.0 HTTP/1.1" 304 -
3.224.220.101 - - [05/Mar/2024:09:19:21 -0500] "GET /BLA/resoluciones/RESOLUCIONES%202022/1070.pdf HTTP/1.1" 200 539358
191.156.154.176 - - [05/Mar/2024:09:19:21 -0500] "POST /sipse/faces/presentacion/financiero/solicitudProceso/listarSolicitudProceso.xhtml HTTP/1.1" 200 1392
52.70.240.171 - - [05/Mar/2024:09:19:24 -0500] "GET /BLA/resoluciones/RESOLUCIONES%202018/2879.pdf HTTP/1.1" 200 269849
191.156.154.176 - - [05/Mar/2024:09:19:24 -0500] "POST /sipse/faces/presentacion/financiero/solicitudProceso/listarSolicitudProceso.xhtml HTTP/1.1" 200 126805
191.156.145.53 - - [05/Mar/2024:09:19:25 -0500] "GET /sipse/faces/javax.faces.resource/layout/layout.css?ln=primefaces&v=4.0 HTTP/1.1" 304 -
191.156.154.176 - - [05/Mar/2024:09:19:25 -0500] "GET /sipse/faces/javax.faces.resource/theme.css?ln=primefaces-sipse HTTP/1.1" 304 -
191.156.156.202 - - [05/Mar/2024:09:19:25 -0500] "GET /sipse/faces/javax.faces.resource/primefaces.css?ln=primefaces&v=4.0 HTTP/1.1" 304 -
191.156.149.43 - - [05/Mar/2024:09:19:25 -0500] "GET /sipse/faces/javax.faces.resource/jquery/jquery.js?ln=primefaces&v=4.0 HTTP/1.1" 304 -
191.156.145.53 - - [05/Mar/2024:09:19:26 -0500] "GET /sipse/faces/javax.faces.resource/jquery/jquery-plugins.js?ln=primefaces&v=4.0 HTTP/1.1" 304 -
191.156.145.53 - - [05/Mar/2024:09:19:26 -0500] "GET /sipse/faces/javax.faces.resource/primefaces.js?ln=primefaces&v=4.0 HTTP/1.1" 304 -
191.156.145.53 - - [05/Mar/2024:09:19:27 -0500] "GET /sipse/faces/javax.faces.resource/layout/layout.js?ln=primefaces&v=4.0 HTTP/1.1" 304 -
52.70.240.171 - - [05/Mar/2024:09:19:31 -0500] "GET /BLA/resoluciones/RESOLUCIONES%202018/2878.pdf HTTP/1.1" 200 366757
172.22.1.61 - - [05/Mar/2024:09:19:31 -0500] "GET /reportes_sipse/sdg/ServletViabilidad?reporte=memo_viabilidad&solicitud=25104 HTTP/1.1" 200 1538
23.22.35.162 - - [05/Mar/2024:09:19:33 -0500] "GET /BLA/resoluciones/RESOLUCIONES%202022/1069.pdf HTTP/1.1" 200 362606
191.156.149.43 - - [05/Mar/2024:09:19:33 -0500] "GET /sipse/faces/javax.faces.resource/theme.css?ln=primefaces-sipse HTTP/1.1" 304 -
191.156.154.176 - - [05/Mar/2024:09:19:33 -0500] "GET /sipse/faces/javax.faces.resource/primefaces.css?ln=primefaces&v=4.0 HTTP/1.1" 304 -
191.156.156.202 - - [05/Mar/2024:09:19:33 -0500] "GET /sipse/faces/javax.faces.resource/layout/layout.css?ln=primefaces&v=4.0 HTTP/1.1" 304 -
191.156.153.4 - - [05/Mar/2024:09:19:33 -0500] "GET /sipse/faces/javax.faces.resource/layout/layout.js?ln=primefaces&v=4.0 HTTP/1.1" 304 -
191.156.154.176 - - [05/Mar/2024:09:19:33 -0500] "GET /sipse/faces/javax.faces.resource/primefaces.js?ln=primefaces&v=4.0 HTTP/1.1" 304 -
191.156.151.73 - - [05/Mar/2024:09:19:33 -0500] "GET /sipse/faces/javax.faces.resource/jquery/jquery-plugins.js?ln=primefaces&v=4.0 HTTP/1.1" 304 -
191.156.149.43 - - [05/Mar/2024:09:19:33 -0500] "GET /sipse/faces/javax.faces.resource/jquery/jquery.js?ln=primefaces&v=4.0 HTTP/1.1" 304 -
191.156.145.53 - - [05/Mar/2024:09:19:31 -0500] "POST /sipse/faces/presentacion/financiero/solicitudProceso/consultarSolicitudProceso.xhtml HTTP/1.1" 200 37009
191.156.145.53 - - [05/Mar/2024:09:19:34 -0500] "POST /sipse/faces/presentacion/financiero/solicitudProceso/listarSolicitudProceso.xhtml HTTP/1.1" 200 1372
191.156.145.53 - - [05/Mar/2024:09:19:34 -0500] "POST /sipse/faces/presentacion/financiero/solicitudProceso/listarSolicitudProceso.xhtml HTTP/1.1" 200 1376
201.245.192.253 - - [05/Mar/2024:09:19:33 -0500] "POST /kwsrmcab/Wsrmcab HTTP/1.1" 200 35860
23.22.35.162 - - [05/Mar/2024:09:19:38 -0500] "GET /BLA/resoluciones/RESOLUCIONES%202022/1067.pdf HTTP/1.1" 200 2335164
201.245.192.253 - - [05/Mar/2024:09:19:38 -0500] "POST /kwsrmcab/Wsrmcab HTTP/1.1" 200 37421
52.70.240.171 - - [05/Mar/2024:09:19:41 -0500] "GET /BLA/resoluciones/RESOLUCIONES%202018/2877.pdf HTTP/1.1" 200 467521
3.224.220.101 - - [05/Mar/2024:09:19:45 -0500] "GET /BLA/resoluciones/RESOLUCIONES%202022/1066.pdf HTTP/1.1" 200 529558
52.70.240.171 - - [05/Mar/2024:09:19:49 -0500] "GET /BLA/resoluciones/RESOLUCIONES%202018/2867.pdf HTTP/1.1" 200 1850191
3.224.220.101 - - [05/Mar/2024:09:19:53 -0500] "GET /BLA/resoluciones/RESOLUCIONES%202022/1065.pdf HTTP/1.1" 200 331812
52.70.240.171 - - [05/Mar/2024:09:19:56 -0500] "GET /BLA/resoluciones/RESOLUCIONES%202018/2866.PDF HTTP/1.1" 200 21880291
201.245.192.253 - - [05/Mar/2024:09:19:58 -0500] "POST /sipse/faces/presentacion/financiero/solicitudProceso/consultarSolicitudProceso.xhtml HTTP/1.1" 200 83910
52.70.240.171 - - [05/Mar/2024:09:20:00 -0500] "GET /BLA/resoluciones/RESOLUCIONES%202022/1064.pdf HTTP/1.1" 200 526271
201.245.192.253 - - [05/Mar/2024:09:20:01 -0500] "POST /kwsrmcab/Wsrmcab  HTTP/1.1" 200 39632
40.77.167.19 - - [05/Mar/2024:09:20:03 -0500] "GET /portaldeninos/aula-ambiental-artistica-itinerante-auambari/ HTTP/1.1" 200 89306
3.224.220.101 - - [05/Mar/2024:09:20:05 -0500] "GET /BLA/resoluciones/RESOLUCIONES%202018/2860.pdf HTTP/1.1" 200 281578
23.22.35.162 - - [05/Mar/2024:09:20:08 -0500] "GET /BLA/resoluciones/RESOLUCIONES%202022/1063.pdf HTTP/1.1" 200 480514
216.245.221.92 - - [05/Mar/2024:09:20:11 -0500] "HEAD / HTTP/1.1" 200 -
