3.224.220.101 - - [05/Mar/2024:03:38:41 -0500] "GET /BLA/resoluciones/Notificaciones/RESOLUCIONES%202021/3579.pdf HTTP/1.1" 200 378047
52.70.240.171 - - [05/Mar/2024:03:38:45 -0500] "GET /BLA/resoluciones/Notificaciones/RESOLUCIONES%202021/3577.pdf HTTP/1.1" 200 377842
216.245.221.92 - - [05/Mar/2024:03:38:46 -0500] "HEAD / HTTP/1.1" 200 -
3.224.220.101 - - [05/Mar/2024:03:38:49 -0500] "GET /BLA/resoluciones/Notificaciones/RESOLUCIONES%202021/3575.pdf HTTP/1.1" 200 371076
3.224.220.101 - - [05/Mar/2024:03:38:54 -0500] "GET /BLA/resoluciones/Notificaciones/RESOLUCIONES%202021/3573.pdf HTTP/1.1" 200 343676
52.70.240.171 - - [05/Mar/2024:03:38:57 -0500] "GET /BLA/resoluciones/Notificaciones/RESOLUCIONES%202021/3544.pdf HTTP/1.1" 200 403405
3.224.220.101 - - [05/Mar/2024:03:39:01 -0500] "GET /BLA/resoluciones/Notificaciones/RESOLUCIONES%202021/3543.pdf HTTP/1.1" 200 399658
3.224.220.101 - - [05/Mar/2024:03:39:05 -0500] "GET /BLA/resoluciones/Notificaciones/RESOLUCIONES%202021/3516.pdf HTTP/1.1" 200 846225
3.224.220.101 - - [05/Mar/2024:03:39:09 -0500] "GET /BLA/resoluciones/Notificaciones/RESOLUCIONES%202021/3513.pdf HTTP/1.1" 200 1254297
3.224.220.101 - - [05/Mar/2024:03:39:14 -0500] "GET /BLA/resoluciones/Notificaciones/RESOLUCIONES%202021/3505.pdf HTTP/1.1" 200 440468
201.245.192.253 - - [05/Mar/2024:03:39:17 -0500] "POST /kwsrmcab/Wsrmcab HTTP/1.1" 200 39013
3.224.220.101 - - [05/Mar/2024:03:39:18 -0500] "GET /BLA/resoluciones/Notificaciones/RESOLUCIONES%202021/3498.pdf HTTP/1.1" 200 9132572
201.245.192.253 - - [05/Mar/2024:03:39:19 -0500] "POST /kwsrmcab/Wsrmcab HTTP/1.1" 200 38891
52.70.240.171 - - [05/Mar/2024:03:39:22 -0500] "GET /BLA/resoluciones/Notificaciones/RESOLUCIONES%202021/3497.pdf HTTP/1.1" 200 6497797
23.22.35.162 - - [05/Mar/2024:03:39:26 -0500] "GET /BLA/resoluciones/Notificaciones/RESOLUCIONES%202021/3492.pdf HTTP/1.1" 200 451790
52.70.240.171 - - [05/Mar/2024:03:39:29 -0500] "GET /BLA/resoluciones/Notificaciones/RESOLUCIONES%202021/3484.pdf HTTP/1.1" 200 449124
3.224.220.101 - - [05/Mar/2024:03:39:33 -0500] "GET /BLA/resoluciones/Notificaciones/RESOLUCIONES%202021/3475.pdf HTTP/1.1" 200 458432
201.245.192.253 - - [05/Mar/2024:03:39:34 -0500] "POST /kwsrmcab/Wsrmcab HTTP/1.1" 200 37528
23.22.35.162 - - [05/Mar/2024:03:39:38 -0500] "GET /BLA/resoluciones/Notificaciones/RESOLUCIONES%202021/3461.pdf HTTP/1.1" 200 463115
201.245.192.253 - - [05/Mar/2024:03:39:39 -0500] "POST /kwsrmcab/Wsrmcab HTTP/1.1" 200 38891
158.169.40.24 - - [05/Mar/2024:03:39:40 -0500] "HEAD /BLA/resoluciones/RESOLUCIONES%202013/0807.pdf HTTP/1.1" 200 -
52.70.240.171 - - [05/Mar/2024:03:39:41 -0500] "GET /BLA/resoluciones/Notificaciones/RESOLUCIONES%202021/3458.pdf HTTP/1.1" 200 470920
3.224.220.101 - - [05/Mar/2024:03:39:45 -0500] "GET /BLA/resoluciones/Notificaciones/RESOLUCIONES%202021/3456.pdf HTTP/1.1" 200 1292463
23.22.35.162 - - [05/Mar/2024:03:39:50 -0500] "GET /BLA/resoluciones/Notificaciones/RESOLUCIONES%202021/3449.pdf HTTP/1.1" 200 1799831
23.22.35.162 - - [05/Mar/2024:03:39:53 -0500] "GET /BLA/resoluciones/Notificaciones/RESOLUCIONES%202021/3441.pdf HTTP/1.1" 200 1105806
52.70.240.171 - - [05/Mar/2024:03:39:57 -0500] "GET /BLA/resoluciones/Notificaciones/RESOLUCIONES%202021/3431.pdf HTTP/1.1" 200 443062
52.70.240.171 - - [05/Mar/2024:03:40:02 -0500] "GET /BLA/resoluciones/Notificaciones/RESOLUCIONES%202021/3430.pdf HTTP/1.1" 200 374383
52.70.240.171 - - [05/Mar/2024:03:40:06 -0500] "GET /BLA/resoluciones/Notificaciones/RESOLUCIONES%202021/3425.pdf HTTP/1.1" 200 400214
3.224.220.101 - - [05/Mar/2024:03:40:09 -0500] "GET /BLA/resoluciones/Notificaciones/RESOLUCIONES%202021/3422.pdf HTTP/1.1" 200 342706
3.224.220.101 - - [05/Mar/2024:03:40:14 -0500] "GET /BLA/resoluciones/Notificaciones/RESOLUCIONES%202021/3421.pdf HTTP/1.1" 200 345525
3.224.220.101 - - [05/Mar/2024:03:40:17 -0500] "GET /BLA/resoluciones/Notificaciones/RESOLUCIONES%202021/3420.pdf HTTP/1.1" 200 346003
23.22.35.162 - - [05/Mar/2024:03:40:21 -0500] "GET /BLA/resoluciones/Notificaciones/RESOLUCIONES%202021/3419.pdf HTTP/1.1" 200 342241
52.70.240.171 - - [05/Mar/2024:03:40:25 -0500] "GET /BLA/resoluciones/Notificaciones/RESOLUCIONES%202021/3416.pdf HTTP/1.1" 200 411453
23.22.35.162 - - [05/Mar/2024:03:40:30 -0500] "GET /BLA/resoluciones/Notificaciones/RESOLUCIONES%202021/3406.pdf HTTP/1.1" 200 408807
3.224.220.101 - - [05/Mar/2024:03:40:35 -0500] "GET /BLA/resoluciones/Notificaciones/RESOLUCIONES%202021/3392.pdf HTTP/1.1" 200 568165
23.22.35.162 - - [05/Mar/2024:03:40:38 -0500] "GET /BLA/resoluciones/Notificaciones/RESOLUCIONES%202021/3386.pdf HTTP/1.1" 200 418597
23.22.35.162 - - [05/Mar/2024:03:40:41 -0500] "GET /BLA/resoluciones/Notificaciones/RESOLUCIONES%202021/3375.pdf HTTP/1.1" 200 2195387
3.224.220.101 - - [05/Mar/2024:03:40:45 -0500] "GET /BLA/resoluciones/Notificaciones/RESOLUCIONES%202021/3367.pdf HTTP/1.1" 200 402774
52.70.240.171 - - [05/Mar/2024:03:40:49 -0500] "GET /BLA/resoluciones/Notificaciones/RESOLUCIONES%202021/3366.pdf HTTP/1.1" 200 352950
23.22.35.162 - - [05/Mar/2024:03:40:53 -0500] "GET /BLA/resoluciones/Notificaciones/RESOLUCIONES%202021/3365.pdf HTTP/1.1" 200 406733
3.224.220.101 - - [05/Mar/2024:03:40:57 -0500] "GET /BLA/resoluciones/Notificaciones/RESOLUCIONES%202021/3364.pdf HTTP/1.1" 200 411805
52.70.240.171 - - [05/Mar/2024:03:41:01 -0500] "GET /BLA/resoluciones/Notificaciones/RESOLUCIONES%202021/3363.pdf HTTP/1.1" 200 346334
23.22.35.162 - - [05/Mar/2024:03:41:06 -0500] "GET /BLA/resoluciones/Notificaciones/RESOLUCIONES%202021/3360.pdf HTTP/1.1" 200 382985
52.70.240.171 - - [05/Mar/2024:03:41:09 -0500] "GET /BLA/resoluciones/Notificaciones/RESOLUCIONES%202021/3359.pdf HTTP/1.1" 200 401843
3.224.220.101 - - [05/Mar/2024:03:41:13 -0500] "GET /BLA/resoluciones/Notificaciones/RESOLUCIONES%202021/3358.pdf HTTP/1.1" 200 398123
3.224.220.101 - - [05/Mar/2024:03:41:17 -0500] "GET /BLA/resoluciones/Notificaciones/RESOLUCIONES%202021/3357.pdf HTTP/1.1" 200 386597
172.22.2.4 - - [05/Mar/2024:03:39:41 -0500] "HEAD /BLA/boletinlegal/ HTTP/1.1" 200 -
3.224.220.101 - - [05/Mar/2024:03:41:21 -0500] "GET /BLA/resoluciones/Notificaciones/RESOLUCIONES%202021/3356.pdf HTTP/1.1" 200 1069964
23.22.35.162 - - [05/Mar/2024:03:41:26 -0500] "GET /BLA/resoluciones/Notificaciones/RESOLUCIONES%202021/3345.pdf HTTP/1.1" 200 349181
23.22.35.162 - - [05/Mar/2024:03:41:30 -0500] "GET /BLA/resoluciones/Notificaciones/RESOLUCIONES%202021/3344.pdf HTTP/1.1" 200 377496
3.224.220.101 - - [05/Mar/2024:03:41:33 -0500] "GET /BLA/resoluciones/Notificaciones/RESOLUCIONES%202021/3340.pdf HTTP/1.1" 200 389749
3.224.220.101 - - [05/Mar/2024:03:41:38 -0500] "GET /BLA/resoluciones/Notificaciones/RESOLUCIONES%202021/3335.pdf HTTP/1.1" 200 393653
23.22.35.162 - - [05/Mar/2024:03:41:42 -0500] "GET /BLA/resoluciones/Notificaciones/RESOLUCIONES%202021/3334.pdf HTTP/1.1" 200 412504
52.70.240.171 - - [05/Mar/2024:03:41:45 -0500] "GET /BLA/resoluciones/Notificaciones/RESOLUCIONES%202021/3331.pdf HTTP/1.1" 200 395778
201.245.192.253 - - [05/Mar/2024:03:41:45 -0500] "POST /kwsrmcab/Wsrmcab  HTTP/1.1" 200 39632
3.224.220.101 - - [05/Mar/2024:03:41:49 -0500] "GET /BLA/resoluciones/Notificaciones/RESOLUCIONES%202021/3324.pdf HTTP/1.1" 200 379573
23.22.35.162 - - [05/Mar/2024:03:41:53 -0500] "GET /BLA/resoluciones/Notificaciones/RESOLUCIONES%202021/3322.pdf HTTP/1.1" 200 350492
3.224.220.101 - - [05/Mar/2024:03:41:57 -0500] "GET /BLA/resoluciones/Notificaciones/RESOLUCIONES%202021/3310.pdf HTTP/1.1" 200 703219
3.224.220.101 - - [05/Mar/2024:03:42:01 -0500] "GET /BLA/resoluciones/Notificaciones/RESOLUCIONES%202021/3308.pdf HTTP/1.1" 200 868301
52.70.240.171 - - [05/Mar/2024:03:42:05 -0500] "GET /BLA/resoluciones/Notificaciones/RESOLUCIONES%202021/3306.pdf HTTP/1.1" 200 1704094
172.22.2.4 - - [05/Mar/2024:03:41:25 -0500] "GET /BLA/boletinlegal/ HTTP/1.1" 200 20427
52.70.240.171 - - [05/Mar/2024:03:42:09 -0500] "GET /BLA/resoluciones/Notificaciones/RESOLUCIONES%202021/3294.pdf HTTP/1.1" 200 1200438
172.22.2.4 - - [05/Mar/2024:03:40:32 -0500] "GET /BLA/boletinlegal/ HTTP/1.1" 200 49794
3.224.220.101 - - [05/Mar/2024:03:42:13 -0500] "GET /BLA/resoluciones/Notificaciones/RESOLUCIONES%202021/3293.pdf HTTP/1.1" 200 2775242
23.22.35.162 - - [05/Mar/2024:03:42:18 -0500] "GET /BLA/resoluciones/Notificaciones/RESOLUCIONES%202021/3289.pdf HTTP/1.1" 200 756874
23.22.35.162 - - [05/Mar/2024:03:42:22 -0500] "GET /BLA/resoluciones/Notificaciones/RESOLUCIONES%202021/3287.pdf HTTP/1.1" 200 754483
3.224.220.101 - - [05/Mar/2024:03:42:25 -0500] "GET /BLA/resoluciones/Notificaciones/RESOLUCIONES%202021/3286.pdf HTTP/1.1" 200 439853
52.70.240.171 - - [05/Mar/2024:03:42:30 -0500] "GET /BLA/resoluciones/Notificaciones/RESOLUCIONES%202021/3285.pdf HTTP/1.1" 200 377194
23.22.35.162 - - [05/Mar/2024:03:42:33 -0500] "GET /BLA/resoluciones/Notificaciones/RESOLUCIONES%202021/3282.pdf HTTP/1.1" 200 428825
23.22.35.162 - - [05/Mar/2024:03:42:37 -0500] "GET /BLA/resoluciones/Notificaciones/RESOLUCIONES%202021/3276.pdf HTTP/1.1" 200 488274
3.224.220.101 - - [05/Mar/2024:03:42:41 -0500] "GET /BLA/resoluciones/Notificaciones/RESOLUCIONES%202021/3275.pdf HTTP/1.1" 200 391108
66.249.66.21 - - [05/Mar/2024:03:42:42 -0500] "GET /BLA/resoluciones/Notificaciones/RESOLUCIONES%202022/3586.pdf HTTP/1.1" 304 -
52.70.240.171 - - [05/Mar/2024:03:42:45 -0500] "GET /BLA/resoluciones/Notificaciones/RESOLUCIONES%202021/3274.pdf HTTP/1.1" 200 411919
3.224.220.101 - - [05/Mar/2024:03:42:50 -0500] "GET /BLA/resoluciones/Notificaciones/RESOLUCIONES%202021/3269.pdf HTTP/1.1" 200 409272
3.224.220.101 - - [05/Mar/2024:03:42:54 -0500] "GET /BLA/resoluciones/Notificaciones/RESOLUCIONES%202021/3261.pdf HTTP/1.1" 200 983572
3.224.220.101 - - [05/Mar/2024:03:42:57 -0500] "GET /BLA/resoluciones/Notificaciones/RESOLUCIONES%202021/3227.pdf HTTP/1.1" 200 452502
23.22.35.162 - - [05/Mar/2024:03:43:01 -0500] "GET /BLA/resoluciones/Notificaciones/RESOLUCIONES%202021/3225.pdf HTTP/1.1" 200 382058
52.70.240.171 - - [05/Mar/2024:03:43:05 -0500] "GET /BLA/resoluciones/Notificaciones/RESOLUCIONES%202021/3212.pdf HTTP/1.1" 200 517049
52.70.240.171 - - [05/Mar/2024:03:43:09 -0500] "GET /BLA/resoluciones/Notificaciones/RESOLUCIONES%202021/3205.pdf HTTP/1.1" 200 422160
3.224.220.101 - - [05/Mar/2024:03:43:14 -0500] "GET /BLA/resoluciones/Notificaciones/RESOLUCIONES%202021/3203.pdf HTTP/1.1" 200 392834
52.70.240.171 - - [05/Mar/2024:03:43:18 -0500] "GET /BLA/resoluciones/Notificaciones/RESOLUCIONES%202021/3198.pdf HTTP/1.1" 200 386743
52.70.240.171 - - [05/Mar/2024:03:43:21 -0500] "GET /BLA/resoluciones/Notificaciones/RESOLUCIONES%202021/3191.pdf HTTP/1.1" 200 397090
172.22.2.4 - - [05/Mar/2024:03:43:23 -0500] "GET /BLA/boletinlegal/favicon.ico HTTP/1.1" 404 1037
52.70.240.171 - - [05/Mar/2024:03:43:28 -0500] "GET /BLA/resoluciones/Notificaciones/RESOLUCIONES%202021/3185.pdf HTTP/1.1" 200 359620
52.70.240.171 - - [05/Mar/2024:03:43:29 -0500] "GET /BLA/resoluciones/Notificaciones/RESOLUCIONES%202021/3183.pdf HTTP/1.1" 200 386692
52.70.240.171 - - [05/Mar/2024:03:43:33 -0500] "GET /BLA/resoluciones/Notificaciones/RESOLUCIONES%202021/3178.pdf HTTP/1.1" 200 390903
23.22.35.162 - - [05/Mar/2024:03:43:38 -0500] "GET /BLA/resoluciones/Notificaciones/RESOLUCIONES%202021/3176.pdf HTTP/1.1" 200 391836
52.70.240.171 - - [05/Mar/2024:03:43:41 -0500] "GET /BLA/resoluciones/Notificaciones/RESOLUCIONES%202021/3160.pdf HTTP/1.1" 200 379216
3.224.220.101 - - [05/Mar/2024:03:43:46 -0500] "GET /BLA/resoluciones/Notificaciones/RESOLUCIONES%202021/3157.pdf HTTP/1.1" 200 373056
216.245.221.92 - - [05/Mar/2024:03:43:46 -0500] "HEAD / HTTP/1.1" 200 -
52.70.240.171 - - [05/Mar/2024:03:43:49 -0500] "GET /BLA/resoluciones/Notificaciones/RESOLUCIONES%202021/3151.pdf HTTP/1.1" 200 1126988
23.22.35.162 - - [05/Mar/2024:03:43:54 -0500] "GET /BLA/resoluciones/Notificaciones/RESOLUCIONES%202021/3148.pdf HTTP/1.1" 200 374657
23.22.35.162 - - [05/Mar/2024:03:43:58 -0500] "GET /BLA/resoluciones/Notificaciones/RESOLUCIONES%202021/3142.pdf HTTP/1.1" 200 560555
23.22.35.162 - - [05/Mar/2024:03:44:02 -0500] "GET /BLA/resoluciones/Notificaciones/RESOLUCIONES%202021/3138.pdf HTTP/1.1" 200 351404
172.22.2.4 - - [05/Mar/2024:03:43:13 -0500] "GET /BLA/boletinlegal/ HTTP/1.1" 200 32715
52.70.240.171 - - [05/Mar/2024:03:44:05 -0500] "GET /BLA/resoluciones/Notificaciones/RESOLUCIONES%202021/3135.pdf HTTP/1.1" 200 388955
52.70.240.171 - - [05/Mar/2024:03:44:10 -0500] "GET /BLA/resoluciones/Notificaciones/RESOLUCIONES%202021/3134.pdf HTTP/1.1" 200 401617
52.70.240.171 - - [05/Mar/2024:03:44:14 -0500] "GET /BLA/resoluciones/Notificaciones/RESOLUCIONES%202021/3131.pdf HTTP/1.1" 200 399785
3.224.220.101 - - [05/Mar/2024:03:44:17 -0500] "GET /BLA/resoluciones/Notificaciones/RESOLUCIONES%202021/3130.pdf HTTP/1.1" 200 398397
52.70.240.171 - - [05/Mar/2024:03:44:21 -0500] "GET /BLA/resoluciones/Notificaciones/RESOLUCIONES%202021/3129.pdf HTTP/1.1" 200 1211431
52.70.240.171 - - [05/Mar/2024:03:44:25 -0500] "GET /BLA/resoluciones/Notificaciones/RESOLUCIONES%202021/3128.pdf HTTP/1.1" 200 405298
3.224.220.101 - - [05/Mar/2024:03:44:29 -0500] "GET /BLA/resoluciones/Notificaciones/RESOLUCIONES%202021/3122.pdf HTTP/1.1" 200 370651
52.70.240.171 - - [05/Mar/2024:03:44:34 -0500] "GET /BLA/resoluciones/Notificaciones/RESOLUCIONES%202021/3083.pdf HTTP/1.1" 200 494540
52.70.240.171 - - [05/Mar/2024:03:44:37 -0500] "GET /BLA/resoluciones/Notificaciones/RESOLUCIONES%202021/3072.pdf HTTP/1.1" 200 346039
3.224.220.101 - - [05/Mar/2024:03:44:41 -0500] "GET /BLA/resoluciones/Notificaciones/RESOLUCIONES%202021/3071.pdf HTTP/1.1" 200 346549
172.22.2.4 - - [05/Mar/2024:03:43:04 -0500] "GET /BLA/boletinlegal/ HTTP/1.1" 200 58720
3.224.220.101 - - [05/Mar/2024:03:44:45 -0500] "GET /BLA/resoluciones/Notificaciones/RESOLUCIONES%202021/3069.pdf HTTP/1.1" 200 350607
52.70.240.171 - - [05/Mar/2024:03:44:49 -0500] "GET /BLA/resoluciones/Notificaciones/RESOLUCIONES%202021/3061.pdf HTTP/1.1" 200 381473
23.22.35.162 - - [05/Mar/2024:03:44:54 -0500] "GET /BLA/resoluciones/Notificaciones/RESOLUCIONES%202021/3038.pdf HTTP/1.1" 200 420817
23.22.35.162 - - [05/Mar/2024:03:44:58 -0500] "GET /BLA/resoluciones/Notificaciones/RESOLUCIONES%202021/3034.pdf HTTP/1.1" 200 406353
3.224.220.101 - - [05/Mar/2024:03:45:01 -0500] "GET /BLA/resoluciones/Notificaciones/RESOLUCIONES%202021/3031.pdf HTTP/1.1" 200 404528
23.22.35.162 - - [05/Mar/2024:03:45:05 -0500] "GET /BLA/resoluciones/Notificaciones/RESOLUCIONES%202021/3030.pdf HTTP/1.1" 200 407462
3.224.220.101 - - [05/Mar/2024:03:45:09 -0500] "GET /BLA/resoluciones/Notificaciones/RESOLUCIONES%202021/3020.pdf HTTP/1.1" 200 383073
3.224.220.101 - - [05/Mar/2024:03:45:14 -0500] "GET /BLA/resoluciones/Notificaciones/RESOLUCIONES%202021/3013.pdf HTTP/1.1" 200 345588
23.22.35.162 - - [05/Mar/2024:03:45:18 -0500] "GET /BLA/resoluciones/Notificaciones/RESOLUCIONES%202021/3008.pdf HTTP/1.1" 200 378859
23.22.35.162 - - [05/Mar/2024:03:45:21 -0500] "GET /BLA/resoluciones/Notificaciones/RESOLUCIONES%202021/2997.pdf HTTP/1.1" 200 383752
52.70.240.171 - - [05/Mar/2024:03:45:25 -0500] "GET /BLA/resoluciones/Notificaciones/RESOLUCIONES%202021/2948.pdf HTTP/1.1" 200 355997
52.70.240.171 - - [05/Mar/2024:03:45:30 -0500] "GET /BLA/resoluciones/Notificaciones/RESOLUCIONES%202021/2946.pdf HTTP/1.1" 200 344322
3.224.220.101 - - [05/Mar/2024:03:45:34 -0500] "GET /BLA/resoluciones/Notificaciones/RESOLUCIONES%202021/2941.pdf HTTP/1.1" 200 373730
3.224.220.101 - - [05/Mar/2024:03:45:37 -0500] "GET /BLA/resoluciones/Notificaciones/RESOLUCIONES%202021/2939.pdf HTTP/1.1" 200 379541
3.224.220.101 - - [05/Mar/2024:03:45:41 -0500] "GET /BLA/resoluciones/Notificaciones/RESOLUCIONES%202021/2938.pdf HTTP/1.1" 200 398424
52.70.240.171 - - [05/Mar/2024:03:45:47 -0500] "GET /BLA/resoluciones/Notificaciones/RESOLUCIONES%202021/2936.pdf HTTP/1.1" 200 483766
3.224.220.101 - - [05/Mar/2024:03:45:49 -0500] "GET /BLA/resoluciones/Notificaciones/RESOLUCIONES%202021/2935.pdf HTTP/1.1" 200 735570
23.22.35.162 - - [05/Mar/2024:03:45:54 -0500] "GET /BLA/resoluciones/Notificaciones/RESOLUCIONES%202021/2930.pdf HTTP/1.1" 200 396894
157.55.39.8 - - [05/Mar/2024:03:45:56 -0500] "GET /sipse/faces/presentacion/sistema/anexos/cargarAnexoSolicitudProceso.xhtml HTTP/1.1" 302 -
157.55.39.8 - - [05/Mar/2024:03:45:57 -0500] "GET /sipse/faces/autenticacion.xhtml HTTP/1.1" 200 12401
52.70.240.171 - - [05/Mar/2024:03:45:57 -0500] "GET /BLA/resoluciones/Notificaciones/RESOLUCIONES%202021/2925.pdf HTTP/1.1" 200 398373
3.224.220.101 - - [05/Mar/2024:03:46:01 -0500] "GET /BLA/resoluciones/Notificaciones/RESOLUCIONES%202021/2924.pdf HTTP/1.1" 200 3068639
3.224.220.101 - - [05/Mar/2024:03:46:06 -0500] "GET /BLA/resoluciones/Notificaciones/RESOLUCIONES%202021/2918.pdf HTTP/1.1" 200 371700
52.70.240.171 - - [05/Mar/2024:03:46:09 -0500] "GET /BLA/resoluciones/Notificaciones/RESOLUCIONES%202021/2916.pdf HTTP/1.1" 200 349689
3.224.220.101 - - [05/Mar/2024:03:46:13 -0500] "GET /BLA/resoluciones/Notificaciones/RESOLUCIONES%202021/2915.pdf HTTP/1.1" 200 349731
172.22.2.4 - - [05/Mar/2024:03:46:16 -0500] "GET /BLA/boletinlegal/actos.php HTTP/1.1" 200 9738
23.22.35.162 - - [05/Mar/2024:03:46:19 -0500] "GET /BLA/resoluciones/Notificaciones/RESOLUCIONES%202021/2904.pdf HTTP/1.1" 200 3208499
23.22.35.162 - - [05/Mar/2024:03:46:21 -0500] "GET /BLA/resoluciones/Notificaciones/RESOLUCIONES%202021/2897.pdf HTTP/1.1" 200 350157
52.70.240.171 - - [05/Mar/2024:03:46:26 -0500] "GET /BLA/resoluciones/Notificaciones/RESOLUCIONES%202021/2895.pdf HTTP/1.1" 200 391196
23.22.35.162 - - [05/Mar/2024:03:46:29 -0500] "GET /BLA/resoluciones/Notificaciones/RESOLUCIONES%202021/2863.pdf HTTP/1.1" 200 568456
52.70.240.171 - - [05/Mar/2024:03:46:33 -0500] "GET /BLA/resoluciones/Notificaciones/RESOLUCIONES%202021/2860.pdf HTTP/1.1" 200 1373285
3.224.220.101 - - [05/Mar/2024:03:46:37 -0500] "GET /BLA/resoluciones/Notificaciones/RESOLUCIONES%202021/2847.pdf HTTP/1.1" 200 479117
52.70.240.171 - - [05/Mar/2024:03:46:42 -0500] "GET /BLA/resoluciones/Notificaciones/RESOLUCIONES%202021/2846.pdf HTTP/1.1" 200 164000
201.245.192.253 - - [05/Mar/2024:03:46:42 -0500] "POST /kwsrmcab/Wsrmcab  HTTP/1.1" 200 39632
3.224.220.101 - - [05/Mar/2024:03:46:45 -0500] "GET /BLA/resoluciones/Notificaciones/RESOLUCIONES%202021/2831.pdf HTTP/1.1" 200 387502
3.224.220.101 - - [05/Mar/2024:03:46:49 -0500] "GET /BLA/resoluciones/Notificaciones/RESOLUCIONES%202021/2826.pdf HTTP/1.1" 200 345706
52.70.240.171 - - [05/Mar/2024:03:46:53 -0500] "GET /BLA/resoluciones/Notificaciones/RESOLUCIONES%202021/2825.pdf HTTP/1.1" 200 343032
3.224.220.101 - - [05/Mar/2024:03:46:57 -0500] "GET /BLA/resoluciones/Notificaciones/RESOLUCIONES%202018/23888.pdf HTTP/1.1" 200 436943
23.22.35.162 - - [05/Mar/2024:03:47:03 -0500] "GET /BLA/resoluciones/Notificaciones/RESOLUCIONES%202018/06106.pdf HTTP/1.1" 200 295197
52.70.240.171 - - [05/Mar/2024:03:47:05 -0500] "GET /BLA/resoluciones/Notificaciones/RESOLUCIONES%202018/04084.pdf HTTP/1.1" 200 374153
23.22.35.162 - - [05/Mar/2024:03:47:09 -0500] "GET /BLA/resoluciones/Notificaciones/RESOLUCIONES%202018/03839.pdf HTTP/1.1" 200 271174
172.22.2.4 - - [05/Mar/2024:03:45:31 -0500] "HEAD /BLA/boletinlegal/ HTTP/1.1" 200 -
23.22.35.162 - - [05/Mar/2024:03:47:14 -0500] "GET /BLA/resoluciones/Notificaciones/RESOLUCIONES%202018/03804.pdf HTTP/1.1" 200 273154
23.22.35.162 - - [05/Mar/2024:03:47:18 -0500] "GET /BLA/resoluciones/Notificaciones/RESOLUCIONES%202018/03802.pdf HTTP/1.1" 200 274106
3.224.220.101 - - [05/Mar/2024:03:47:22 -0500] "GET /BLA/resoluciones/Notificaciones/RESOLUCIONES%202018/03800.pdf HTTP/1.1" 200 273500
3.224.220.101 - - [05/Mar/2024:03:47:25 -0500] "GET /BLA/resoluciones/Notificaciones/RESOLUCIONES%202018/03768.pdf HTTP/1.1" 200 263162
3.224.220.101 - - [05/Mar/2024:03:47:29 -0500] "GET /BLA/resoluciones/Notificaciones/RESOLUCIONES%202018/03441.pdf HTTP/1.1" 200 282310
23.22.35.162 - - [05/Mar/2024:03:47:34 -0500] "GET /BLA/resoluciones/Notificaciones/RESOLUCIONES%202018/03429.pdf HTTP/1.1" 200 281198
23.22.35.162 - - [05/Mar/2024:03:47:38 -0500] "GET /BLA/resoluciones/Notificaciones/RESOLUCIONES%202018/03231.pdf HTTP/1.1" 200 290106
52.70.240.171 - - [05/Mar/2024:03:47:41 -0500] "GET /BLA/resoluciones/Notificaciones/RESOLUCIONES%202018/03069.pdf HTTP/1.1" 200 287743
52.70.240.171 - - [05/Mar/2024:03:47:45 -0500] "GET /BLA/resoluciones/Notificaciones/RESOLUCIONES%202018/03000.pdf HTTP/1.1" 200 297715
3.224.220.101 - - [05/Mar/2024:03:47:49 -0500] "GET /BLA/resoluciones/Notificaciones/RESOLUCIONES%202018/02483.pdf HTTP/1.1" 200 5634008
52.70.240.171 - - [05/Mar/2024:03:47:53 -0500] "GET /BLA/resoluciones/Notificaciones/RESOLUCIONES%202018/02378.pdf HTTP/1.1" 200 1105017
52.70.240.171 - - [05/Mar/2024:03:47:58 -0500] "GET /BLA/resoluciones/Notificaciones/RESOLUCIONES%202017/04996.pdf HTTP/1.1" 200 284166
23.22.35.162 - - [05/Mar/2024:03:48:02 -0500] "GET /BLA/resoluciones/Notificaciones/RESOLUCIONES%202017/04029.pdf HTTP/1.1" 200 278987
172.22.2.4 - - [05/Mar/2024:03:46:22 -0500] "GET /BLA/boletinlegal/ HTTP/1.1" 200 58720
3.224.220.101 - - [05/Mar/2024:03:48:05 -0500] "GET /BLA/resoluciones/Notificaciones/RESOLUCIONES%202017/03974.pdf HTTP/1.1" 200 290157
23.22.35.162 - - [05/Mar/2024:03:48:09 -0500] "GET /BLA/resoluciones/Notificaciones/RESOLUCIONES%202017/03827.pdf HTTP/1.1" 200 346136
52.70.240.171 - - [05/Mar/2024:03:48:13 -0500] "GET /BLA/resoluciones/Notificaciones/RESOLUCIONES%202017/03574.pdf HTTP/1.1" 200 280814
52.70.240.171 - - [05/Mar/2024:03:48:17 -0500] "GET /BLA/resoluciones/Notificaciones/RESOLUCIONES%202017/03514.pdf HTTP/1.1" 200 329432
52.70.240.171 - - [05/Mar/2024:03:48:22 -0500] "GET /BLA/resoluciones/Notificaciones/RESOLUCIONES%202017/03508.pdf HTTP/1.1" 200 297646
3.224.220.101 - - [05/Mar/2024:03:48:25 -0500] "GET /BLA/resoluciones/Notificaciones/RESOLUCIONES%202018/02159.pdf HTTP/1.1" 200 413890
52.70.240.171 - - [05/Mar/2024:03:48:29 -0500] "GET /BLA/resoluciones/Notificaciones/RESOLUCIONES%202018/02040.pdf HTTP/1.1" 200 329630
23.22.35.162 - - [05/Mar/2024:03:48:34 -0500] "GET /BLA/resoluciones/Notificaciones/RESOLUCIONES%202017/03506.pdf HTTP/1.1" 200 301537
3.224.220.101 - - [05/Mar/2024:03:48:37 -0500] "GET /BLA/resoluciones/Notificaciones/RESOLUCIONES%202017/03410.pdf HTTP/1.1" 200 349547
52.70.240.171 - - [05/Mar/2024:03:48:42 -0500] "GET /BLA/resoluciones/Notificaciones/RESOLUCIONES%202017/03243.pdf HTTP/1.1" 200 301080
3.224.220.101 - - [05/Mar/2024:03:48:45 -0500] "GET /BLA/resoluciones/Notificaciones/RESOLUCIONES%202018/01912.pdf HTTP/1.1" 200 1577100
216.245.221.92 - - [05/Mar/2024:03:48:46 -0500] "HEAD / HTTP/1.1" 200 -
3.224.220.101 - - [05/Mar/2024:03:48:49 -0500] "GET /BLA/resoluciones/Notificaciones/RESOLUCIONES%202018/01398.pdf HTTP/1.1" 200 294405
52.70.240.171 - - [05/Mar/2024:03:48:55 -0500] "GET /BLA/resoluciones/Notificaciones/RESOLUCIONES%202018/01304.pdf HTTP/1.1" 200 239329
52.70.240.171 - - [05/Mar/2024:03:48:57 -0500] "GET /BLA/resoluciones/Notificaciones/RESOLUCIONES%202018/01238.pdf HTTP/1.1" 200 323438
52.70.240.171 - - [05/Mar/2024:03:49:01 -0500] "GET /BLA/resoluciones/Notificaciones/RESOLUCIONES%202018/01195.pdf HTTP/1.1" 200 986879
3.224.220.101 - - [05/Mar/2024:03:49:05 -0500] "GET /BLA/resoluciones/Notificaciones/RESOLUCIONES%202017/02932.pdf HTTP/1.1" 200 950808
3.224.220.101 - - [05/Mar/2024:03:49:09 -0500] "GET /BLA/resoluciones/Notificaciones/RESOLUCIONES%202017/02883.pdf HTTP/1.1" 200 329871
52.70.240.171 - - [05/Mar/2024:03:49:14 -0500] "GET /BLA/resoluciones/Notificaciones/RESOLUCIONES%202017/02669.pdf HTTP/1.1" 200 2326174
52.70.240.171 - - [05/Mar/2024:03:49:17 -0500] "GET /BLA/resoluciones/Notificaciones/RESOLUCIONES%202018/00876.pdf HTTP/1.1" 200 304274
157.55.39.58 - - [05/Mar/2024:03:49:21 -0500] "GET /sitemaps.xml HTTP/1.1" 404 1035
52.70.240.171 - - [05/Mar/2024:03:49:22 -0500] "GET /BLA/resoluciones/Notificaciones/RESOLUCIONES%202017/02621.pdf HTTP/1.1" 200 291332
23.22.35.162 - - [05/Mar/2024:03:49:27 -0500] "GET /BLA/resoluciones/Notificaciones/RESOLUCIONES%202018/00826.pdf HTTP/1.1" 200 390640
23.22.35.162 - - [05/Mar/2024:03:49:29 -0500] "GET /BLA/resoluciones/Notificaciones/RESOLUCIONES%202017/02537.pdf HTTP/1.1" 200 277281
3.224.220.101 - - [05/Mar/2024:03:49:33 -0500] "GET /BLA/resoluciones/Notificaciones/RESOLUCIONES%202018/00709.pdf HTTP/1.1" 200 376882
52.70.240.171 - - [05/Mar/2024:03:49:37 -0500] "GET /BLA/resoluciones/Notificaciones/RESOLUCIONES%202018/00284.pdf HTTP/1.1" 200 1826914
3.224.220.101 - - [05/Mar/2024:03:49:41 -0500] "GET /BLA/resoluciones/Notificaciones/RESOLUCIONES%202017/01831.pdf HTTP/1.1" 200 325223
3.224.220.101 - - [05/Mar/2024:03:49:45 -0500] "GET /BLA/resoluciones/Notificaciones/RESOLUCIONES%202017/01827.pdf HTTP/1.1" 200 372426
52.70.240.171 - - [05/Mar/2024:03:49:50 -0500] "GET /BLA/resoluciones/Notificaciones/RESOLUCIONES%202017/01823.pdf HTTP/1.1" 200 343070
3.224.220.101 - - [05/Mar/2024:03:49:53 -0500] "GET /BLA/resoluciones/Notificaciones/RESOLUCIONES%202017/01813.pdf HTTP/1.1" 200 591094
52.70.240.171 - - [05/Mar/2024:03:49:58 -0500] "GET /BLA/resoluciones/Notificaciones/RESOLUCIONES%202017/01803.pdf HTTP/1.1" 200 304903
52.70.240.171 - - [05/Mar/2024:03:50:01 -0500] "GET /BLA/resoluciones/Notificaciones/RESOLUCIONES%202017/01625.pdf HTTP/1.1" 200 403928
52.70.240.171 - - [05/Mar/2024:03:50:05 -0500] "GET /BLA/resoluciones/Notificaciones/RESOLUCIONES%202017/01317.pdf HTTP/1.1" 200 277240
52.70.240.171 - - [05/Mar/2024:03:50:09 -0500] "GET /BLA/resoluciones/Notificaciones/RESOLUCIONES%202017/01308.pdf HTTP/1.1" 200 880866
23.22.35.162 - - [05/Mar/2024:03:50:13 -0500] "GET /BLA/resoluciones/Notificaciones/RESOLUCIONES%202017/00760.pdf HTTP/1.1" 200 432133
3.224.220.101 - - [05/Mar/2024:03:50:17 -0500] "GET /BLA/resoluciones/Notificaciones/RESOLUCIONES%202017/00218.pdf HTTP/1.1" 200 324036
3.224.220.101 - - [05/Mar/2024:03:50:22 -0500] "GET /BLA/resoluciones/Notificaciones/RESOLUCIONES%202017/00164.pdf HTTP/1.1" 200 350828
23.22.35.162 - - [05/Mar/2024:03:50:25 -0500] "GET /BLA/resoluciones/Notificaciones/RESOLUCIONES%202017/00018.pdf HTTP/1.1" 200 664287
23.22.35.162 - - [05/Mar/2024:03:50:29 -0500] "GET /BLA/resoluciones/Notificaciones/RESOLUCIONES%202015/02346.pdf HTTP/1.1" 200 114217
52.70.240.171 - - [05/Mar/2024:03:50:33 -0500] "GET /BLA/resoluciones/Notificaciones/RESOLUCIONES%202015/00756.pdf HTTP/1.1" 200 458066
23.22.35.162 - - [05/Mar/2024:03:50:38 -0500] "GET /BLA/resoluciones/Notificaciones/RESOLUCIONES%202023/03233.pdf HTTP/1.1" 200 5166071
3.224.220.101 - - [05/Mar/2024:03:50:41 -0500] "GET /BLA/resoluciones/Notificaciones/RESOLUCIONES%202023/02075.pdf HTTP/1.1" 200 841920
23.22.35.162 - - [05/Mar/2024:03:50:46 -0500] "GET /BLA/resoluciones/Notificaciones/RESOLUCIONES%202023/01931.pdf HTTP/1.1" 200 365482
23.22.35.162 - - [05/Mar/2024:03:50:50 -0500] "GET /BLA/resoluciones/Notificaciones/RESOLUCIONES%202023/01714.pdf HTTP/1.1" 200 356935
3.224.220.101 - - [05/Mar/2024:03:50:54 -0500] "GET /BLA/resoluciones/Notificaciones/RESOLUCIONES%202023/01698.pdf HTTP/1.1" 200 1401653
3.224.220.101 - - [05/Mar/2024:03:50:57 -0500] "GET /BLA/resoluciones/Notificaciones/RESOLUCIONES%202023/01697.pdf HTTP/1.1" 200 770646
52.70.240.171 - - [05/Mar/2024:03:51:01 -0500] "GET /BLA/resoluciones/Notificaciones/RESOLUCIONES%202023/01502.pdf HTTP/1.1" 200 781405
3.224.220.101 - - [05/Mar/2024:03:51:05 -0500] "GET /BLA/resoluciones/Notificaciones/RESOLUCIONES%202023/01500.pdf HTTP/1.1" 200 493108
172.22.2.4 - - [05/Mar/2024:03:51:09 -0500] "GET /BLA/boletinlegal/favicon.ico HTTP/1.1" 404 1018
52.70.240.171 - - [05/Mar/2024:03:51:10 -0500] "GET /BLA/resoluciones/Notificaciones/RESOLUCIONES%202023/01473.pdf HTTP/1.1" 200 484825
52.70.240.171 - - [05/Mar/2024:03:51:13 -0500] "GET /BLA/resoluciones/Notificaciones/RESOLUCIONES%202023/01472.pdf HTTP/1.1" 200 764403
23.22.35.162 - - [05/Mar/2024:03:51:19 -0500] "GET /BLA/resoluciones/Notificaciones/RESOLUCIONES%202023/01471.pdf HTTP/1.1" 200 1009580
52.70.240.171 - - [05/Mar/2024:03:51:21 -0500] "GET /BLA/resoluciones/Notificaciones/RESOLUCIONES%202023/01470.pdf HTTP/1.1" 200 484467
3.224.220.101 - - [05/Mar/2024:03:51:25 -0500] "GET /BLA/resoluciones/Notificaciones/RESOLUCIONES%202023/01469.pdf HTTP/1.1" 200 498000
3.224.220.101 - - [05/Mar/2024:03:51:29 -0500] "GET /BLA/resoluciones/Notificaciones/RESOLUCIONES%202023/01373.pdf HTTP/1.1" 200 376385
52.70.240.171 - - [05/Mar/2024:03:51:33 -0500] "GET /BLA/resoluciones/Notificaciones/RESOLUCIONES%202023/01302.pdf HTTP/1.1" 200 1210462
52.70.240.171 - - [05/Mar/2024:03:51:37 -0500] "GET /BLA/resoluciones/Notificaciones/RESOLUCIONES%202023/01301.pdf HTTP/1.1" 200 487143
201.245.192.253 - - [05/Mar/2024:03:51:40 -0500] "POST /kwsrmcab/Wsrmcab  HTTP/1.1" 200 39632
3.224.220.101 - - [05/Mar/2024:03:51:41 -0500] "GET /BLA/resoluciones/Notificaciones/RESOLUCIONES%202023/01300.pdf HTTP/1.1" 200 487797
52.70.240.171 - - [05/Mar/2024:03:51:45 -0500] "GET /BLA/resoluciones/Notificaciones/RESOLUCIONES%202023/01242.pdf HTTP/1.1" 200 481303
23.22.35.162 - - [05/Mar/2024:03:51:49 -0500] "GET /BLA/resoluciones/Notificaciones/RESOLUCIONES%202023/01212.pdf HTTP/1.1" 200 1268132
52.70.240.171 - - [05/Mar/2024:03:51:54 -0500] "GET /BLA/resoluciones/Notificaciones/RESOLUCIONES%202023/01205.pdf HTTP/1.1" 200 460654
23.22.35.162 - - [05/Mar/2024:03:51:57 -0500] "GET /BLA/resoluciones/Notificaciones/RESOLUCIONES%202023/01202.pdf HTTP/1.1" 200 358488
172.22.2.4 - - [05/Mar/2024:03:50:59 -0500] "GET /BLA/boletinlegal/ HTTP/1.1" 200 32715
3.224.220.101 - - [05/Mar/2024:03:52:02 -0500] "GET /BLA/resoluciones/Notificaciones/RESOLUCIONES%202023/01147.pdf HTTP/1.1" 200 370706
23.22.35.162 - - [05/Mar/2024:03:52:06 -0500] "GET /BLA/resoluciones/Notificaciones/RESOLUCIONES%202023/01071.pdf HTTP/1.1" 200 333605
52.70.240.171 - - [05/Mar/2024:03:52:09 -0500] "GET /BLA/resoluciones/Notificaciones/RESOLUCIONES%202023/00935.pdf HTTP/1.1" 200 449696
52.70.240.171 - - [05/Mar/2024:03:52:13 -0500] "GET /BLA/resoluciones/Notificaciones/RESOLUCIONES%202023/00666.pdf HTTP/1.1" 200 494907
3.224.220.101 - - [05/Mar/2024:03:52:17 -0500] "GET /BLA/resoluciones/Notificaciones/RESOLUCIONES%202023/00665.pdf HTTP/1.1" 200 494600
3.224.220.101 - - [05/Mar/2024:03:52:21 -0500] "GET /BLA/resoluciones/Notificaciones/RESOLUCIONES%202023/00585.pdf HTTP/1.1" 200 650994
52.70.240.171 - - [05/Mar/2024:03:52:25 -0500] "GET /BLA/resoluciones/Notificaciones/RESOLUCIONES%202023/00511.pdf HTTP/1.1" 200 342343
172.22.2.4 - - [05/Mar/2024:03:50:49 -0500] "GET /BLA/boletinlegal/ HTTP/1.1" 200 47256
23.22.35.162 - - [05/Mar/2024:03:52:29 -0500] "GET /BLA/resoluciones/Notificaciones/RESOLUCIONES%202023/00350.pdf HTTP/1.1" 200 488659
23.22.35.162 - - [05/Mar/2024:03:52:33 -0500] "GET /BLA/resoluciones/Notificaciones/RESOLUCIONES%202023/00348.pdf HTTP/1.1" 200 499399
52.70.240.171 - - [05/Mar/2024:03:52:37 -0500] "GET /BLA/resoluciones/Notificaciones/RESOLUCIONES%202023/00347.pdf HTTP/1.1" 200 508799
52.70.240.171 - - [05/Mar/2024:03:52:41 -0500] "GET /BLA/resoluciones/Notificaciones/RESOLUCIONES%202023/00346.pdf HTTP/1.1" 200 500115
52.70.240.171 - - [05/Mar/2024:03:52:45 -0500] "GET /BLA/resoluciones/Notificaciones/RESOLUCIONES%202023/00345.pdf HTTP/1.1" 200 500260
3.224.220.101 - - [05/Mar/2024:03:52:50 -0500] "GET /BLA/resoluciones/Notificaciones/RESOLUCIONES%202023/00343.pdf HTTP/1.1" 200 1115286
162.216.150.176 - - [05/Mar/2024:03:52:50 -0500] "GET / HTTP/1.1" 200 319
168.119.61.24 - - [05/Mar/2024:03:52:52 -0500] "GET / HTTP/1.1" 200 4720
23.22.35.162 - - [05/Mar/2024:03:52:53 -0500] "GET /BLA/resoluciones/Notificaciones/RESOLUCIONES%202023/00342.pdf HTTP/1.1" 200 472547
3.224.220.101 - - [05/Mar/2024:03:52:57 -0500] "GET /BLA/resoluciones/Notificaciones/RESOLUCIONES%202023/00341.pdf HTTP/1.1" 200 6045571
172.22.2.4 - - [05/Mar/2024:03:51:21 -0500] "HEAD /BLA/boletinlegal/ HTTP/1.1" 200 -
3.224.220.101 - - [05/Mar/2024:03:53:01 -0500] "GET /BLA/resoluciones/Notificaciones/RESOLUCIONES%202023/00339.pdf HTTP/1.1" 200 471784
3.224.220.101 - - [05/Mar/2024:03:53:06 -0500] "GET /BLA/resoluciones/Notificaciones/RESOLUCIONES%202023/00329.pdf HTTP/1.1" 200 501301
52.70.240.171 - - [05/Mar/2024:03:53:10 -0500] "GET /BLA/resoluciones/Notificaciones/RESOLUCIONES%202023/00328.pdf HTTP/1.1" 200 824842
157.55.39.54 - - [05/Mar/2024:03:53:13 -0500] "GET /sitemap.xml.gz HTTP/1.1" 404 1034
23.22.35.162 - - [05/Mar/2024:03:53:14 -0500] "GET /BLA/resoluciones/Notificaciones/RESOLUCIONES%202023/00327.pdf HTTP/1.1" 200 504328
52.70.240.171 - - [05/Mar/2024:03:53:17 -0500] "GET /BLA/resoluciones/Notificaciones/RESOLUCIONES%202023/00326.pdf HTTP/1.1" 200 900853
52.70.240.171 - - [05/Mar/2024:03:53:22 -0500] "GET /BLA/resoluciones/Notificaciones/RESOLUCIONES%202023/00324.pdf HTTP/1.1" 200 816341
3.224.220.101 - - [05/Mar/2024:03:53:26 -0500] "GET /BLA/resoluciones/Notificaciones/RESOLUCIONES%202023/00323.pdf HTTP/1.1" 200 500108
3.224.220.101 - - [05/Mar/2024:03:53:30 -0500] "GET /BLA/resoluciones/Notificaciones/RESOLUCIONES%202023/00322.pdf HTTP/1.1" 200 499406
52.70.240.171 - - [05/Mar/2024:03:53:33 -0500] "GET /BLA/resoluciones/Notificaciones/RESOLUCIONES%202023/00319.pdf HTTP/1.1" 200 502062
52.70.240.171 - - [05/Mar/2024:03:53:37 -0500] "GET /BLA/resoluciones/Notificaciones/RESOLUCIONES%202023/00300.pdf HTTP/1.1" 200 476168
23.22.35.162 - - [05/Mar/2024:03:53:41 -0500] "GET /BLA/resoluciones/Notificaciones/RESOLUCIONES%202023/00299.pdf HTTP/1.1" 200 612276
23.22.35.162 - - [05/Mar/2024:03:53:46 -0500] "GET /BLA/resoluciones/Notificaciones/RESOLUCIONES%202023/00296.pdf HTTP/1.1" 200 444341
216.245.221.92 - - [05/Mar/2024:03:53:46 -0500] "HEAD / HTTP/1.1" 200 -
3.224.220.101 - - [05/Mar/2024:03:53:49 -0500] "GET /BLA/resoluciones/Notificaciones/RESOLUCIONES%202023/00258.pdf HTTP/1.1" 200 650994
172.22.2.4 - - [05/Mar/2024:03:52:12 -0500] "GET /BLA/boletinlegal/ HTTP/1.1" 200 57136
3.224.220.101 - - [05/Mar/2024:03:53:54 -0500] "GET /BLA/resoluciones/Notificaciones/RESOLUCIONES%202023/00251.pdf HTTP/1.1" 200 897197
3.224.220.101 - - [05/Mar/2024:03:53:57 -0500] "GET /BLA/resoluciones/Notificaciones/RESOLUCIONES%202023/00170.pdf HTTP/1.1" 200 398361
23.22.35.162 - - [05/Mar/2024:03:54:01 -0500] "GET /BLA/resoluciones/Notificaciones/RESOLUCIONES%202023/00153.pdf HTTP/1.1" 200 514220
23.22.35.162 - - [05/Mar/2024:03:54:06 -0500] "GET /BLA/resoluciones/Notificaciones/RESOLUCIONES%202023/00151.pdf HTTP/1.1" 200 400266
23.22.35.162 - - [05/Mar/2024:03:54:10 -0500] "GET /BLA/resoluciones/Notificaciones/RESOLUCIONES%202023/00149.pdf HTTP/1.1" 200 399505
23.22.35.162 - - [05/Mar/2024:03:54:14 -0500] "GET /BLA/resoluciones/Notificaciones/RESOLUCIONES%202023/00148.pdf HTTP/1.1" 200 404599
52.70.240.171 - - [05/Mar/2024:03:54:18 -0500] "GET /BLA/resoluciones/Notificaciones/RESOLUCIONES%202023/00147.pdf HTTP/1.1" 200 413187
3.224.220.101 - - [05/Mar/2024:03:54:21 -0500] "GET /BLA/resoluciones/Notificaciones/RESOLUCIONES%202023/00145.pdf HTTP/1.1" 200 402315
52.70.240.171 - - [05/Mar/2024:03:54:25 -0500] "GET /BLA/resoluciones/Notificaciones/RESOLUCIONES%202023/00144.pdf HTTP/1.1" 200 401955
23.22.35.162 - - [05/Mar/2024:03:54:29 -0500] "GET /BLA/resoluciones/Notificaciones/RESOLUCIONES%202023/00142.pdf HTTP/1.1" 200 406761
3.224.220.101 - - [05/Mar/2024:03:54:33 -0500] "GET /BLA/resoluciones/Notificaciones/RESOLUCIONES%202023/00141.pdf HTTP/1.1" 200 402590
3.224.220.101 - - [05/Mar/2024:03:54:37 -0500] "GET /BLA/resoluciones/Notificaciones/RESOLUCIONES%202023/00132.pdf HTTP/1.1" 200 1064156
66.249.66.20 - - [05/Mar/2024:03:54:40 -0500] "GET /BLA/resoluciones/RESOLUCIONES%202010/7772.pdf HTTP/1.1" 304 -
52.70.240.171 - - [05/Mar/2024:03:54:41 -0500] "GET /BLA/resoluciones/Notificaciones/RESOLUCIONES%202023/00090.pdf HTTP/1.1" 200 376385
23.22.35.162 - - [05/Mar/2024:03:54:46 -0500] "GET /BLA/resoluciones/Notificaciones/RESOLUCIONES%202023/00081.pdf HTTP/1.1" 200 6647886
23.22.35.162 - - [05/Mar/2024:03:54:49 -0500] "GET /BLA/resoluciones/Notificaciones/RESOLUCIONES%202023/00080.pdf HTTP/1.1" 200 6130807
23.22.35.162 - - [05/Mar/2024:03:54:53 -0500] "GET /BLA/resoluciones/Notificaciones/RESOLUCIONES%202023/00041.pdf HTTP/1.1" 200 565315
52.70.240.171 - - [05/Mar/2024:03:54:59 -0500] "GET /BLA/resoluciones/Notificaciones/RESOLUCIONES%202023/00013.pdf HTTP/1.1" 200 393987
23.22.35.162 - - [05/Mar/2024:03:55:01 -0500] "GET /BLA/resoluciones/Notificaciones/RESOLUCIONES%202020/99999.pdf HTTP/1.1" 200 682634
52.70.240.171 - - [05/Mar/2024:03:55:05 -0500] "GET /BLA/resoluciones/Notificaciones/RESOLUCIONES%202020/02613.pdf HTTP/1.1" 200 343875
52.70.240.171 - - [05/Mar/2024:03:55:10 -0500] "GET /BLA/resoluciones/Notificaciones/RESOLUCIONES%202020/02399.pdf HTTP/1.1" 200 333338
23.22.35.162 - - [05/Mar/2024:03:55:13 -0500] "GET /BLA/resoluciones/Notificaciones/RESOLUCIONES%202020/02382.pdf HTTP/1.1" 200 351234
52.70.240.171 - - [05/Mar/2024:03:55:17 -0500] "GET /BLA/resoluciones/Notificaciones/RESOLUCIONES%202020/02376.pdf HTTP/1.1" 200 354840
23.22.35.162 - - [05/Mar/2024:03:55:21 -0500] "GET /BLA/resoluciones/Notificaciones/RESOLUCIONES%202020/01758.pdf HTTP/1.1" 200 514375
3.224.220.101 - - [05/Mar/2024:03:55:25 -0500] "GET /BLA/resoluciones/Notificaciones/RESOLUCIONES%202020/01537.pdf HTTP/1.1" 200 362351
3.224.220.101 - - [05/Mar/2024:03:55:29 -0500] "GET /BLA/resoluciones/Notificaciones/RESOLUCIONES%202020/00285.pdf HTTP/1.1" 200 397813
52.70.240.171 - - [05/Mar/2024:03:55:35 -0500] "GET /BLA/resoluciones/Notificaciones/RESOLUCIONES%202020/00206.pdf HTTP/1.1" 200 342648
52.70.240.171 - - [05/Mar/2024:03:55:37 -0500] "GET /BLA/resoluciones/RESOLUCIONES%202005/RES%202005%2051-100/INDEX.DAT HTTP/1.1" 200 2000
52.70.240.171 - - [05/Mar/2024:03:55:41 -0500] "GET /BLA/resoluciones/Notificaciones/RESOLUCIONES%202022/55850.pdf HTTP/1.1" 200 357489
23.22.35.162 - - [05/Mar/2024:03:55:45 -0500] "GET /BLA/resoluciones/Notificaciones/RESOLUCIONES%202022/05642.pdf HTTP/1.1" 200 1079055
3.224.220.101 - - [05/Mar/2024:03:55:49 -0500] "GET /BLA/resoluciones/Notificaciones/RESOLUCIONES%202022/05511.pdf HTTP/1.1" 200 2393976
23.22.35.162 - - [05/Mar/2024:03:55:53 -0500] "GET /BLA/resoluciones/Notificaciones/RESOLUCIONES%202022/04618.pdf HTTP/1.1" 200 469423
66.249.72.33 - - [05/Mar/2024:03:55:54 -0500] "GET /portaldeninos/los-arboles/tips/ HTTP/1.1" 200 87677
3.224.220.101 - - [05/Mar/2024:03:55:57 -0500] "GET /BLA/resoluciones/Notificaciones/RESOLUCIONES%202022/04233.pdf HTTP/1.1" 200 809620
52.70.240.171 - - [05/Mar/2024:03:56:01 -0500] "GET /BLA/resoluciones/Notificaciones/RESOLUCIONES%202022/04226.pdf HTTP/1.1" 200 5870510
52.70.240.171 - - [05/Mar/2024:03:56:06 -0500] "GET /BLA/resoluciones/Notificaciones/RESOLUCIONES%202022/04215.pdf HTTP/1.1" 200 442020
52.70.240.171 - - [05/Mar/2024:03:56:09 -0500] "GET /BLA/resoluciones/Notificaciones/RESOLUCIONES%202022/4061q.pdf HTTP/1.1" 200 493001
23.22.35.162 - - [05/Mar/2024:03:56:14 -0500] "GET /BLA/resoluciones/Notificaciones/RESOLUCIONES%202022/03840.pdf HTTP/1.1" 200 642128
3.224.220.101 - - [05/Mar/2024:03:56:18 -0500] "GET /BLA/resoluciones/Notificaciones/RESOLUCIONES%202022/03611.pdf HTTP/1.1" 200 914356
23.22.35.162 - - [05/Mar/2024:03:56:22 -0500] "GET /BLA/resoluciones/Notificaciones/RESOLUCIONES%202022/03608.pdf HTTP/1.1" 200 916454
23.22.35.162 - - [05/Mar/2024:03:56:25 -0500] "GET /BLA/resoluciones/Notificaciones/RESOLUCIONES%202022/03607.pdf HTTP/1.1" 200 912666
172.22.2.4 - - [05/Mar/2024:03:56:28 -0500] "GET /BLA/boletinlegal/favicon.ico HTTP/1.1" 404 1043
3.224.220.101 - - [05/Mar/2024:03:56:29 -0500] "GET /BLA/resoluciones/Notificaciones/RESOLUCIONES%202022/03327.pdf HTTP/1.1" 200 461035
52.70.240.171 - - [05/Mar/2024:03:56:33 -0500] "GET /BLA/resoluciones/Notificaciones/RESOLUCIONES%202022/%202759.pdf HTTP/1.1" 200 420367
3.224.220.101 - - [05/Mar/2024:03:56:37 -0500] "GET /BLA/resoluciones/Notificaciones/RESOLUCIONES%202022/01076.pdf HTTP/1.1" 200 456075
201.245.192.253 - - [05/Mar/2024:03:56:38 -0500] "POST /kwsrmcab/Wsrmcab  HTTP/1.1" 200 39632
23.22.35.162 - - [05/Mar/2024:03:56:42 -0500] "GET /BLA/resoluciones/Notificaciones/RESOLUCIONES%202022/01057.pdf HTTP/1.1" 200 1862023
3.224.220.101 - - [05/Mar/2024:03:56:45 -0500] "GET /BLA/resoluciones/Notificaciones/RESOLUCIONES%202022/00678.pdf HTTP/1.1" 200 433520
3.224.220.101 - - [05/Mar/2024:03:56:50 -0500] "GET /BLA/resoluciones/Notificaciones/RESOLUCIONES%202022/00677.pdf HTTP/1.1" 200 425498
3.224.220.101 - - [05/Mar/2024:03:56:53 -0500] "GET /BLA/resoluciones/Notificaciones/RESOLUCIONES%202022/00472.pdf HTTP/1.1" 200 425072
66.249.72.32 - - [05/Mar/2024:03:56:53 -0500] "GET /portaldeninos/2021/06/01/agroecologia-tips-para-germinar-semillas-en-casa/ HTTP/1.1" 200 105801
52.70.240.171 - - [05/Mar/2024:03:56:58 -0500] "GET /BLA/resoluciones/Notificaciones/RESOLUCIONES%202022/00283.pdf HTTP/1.1" 200 427026
52.70.240.171 - - [05/Mar/2024:03:57:01 -0500] "GET /BLA/resoluciones/Notificaciones/RESOLUCIONES%202022/00280.pdf HTTP/1.1" 200 425066
66.249.72.32 - - [05/Mar/2024:03:57:02 -0500] "GET /portaldeninos/wp-content/plugins/gallery-videos/JS/Total-Soft-Gallery-Video-Widget.js?ver=4.9.8 HTTP/1.1" 200 80264
66.249.72.40 - - [05/Mar/2024:03:57:03 -0500] "GET /portaldeninos/wp-includes/js/jquery/jquery.js?ver=1.12.4 HTTP/1.1" 200 97184
66.249.72.32 - - [05/Mar/2024:03:57:04 -0500] "GET /portaldeninos/wp-includes/js/comment-reply.min.js?ver=4.9.8 HTTP/1.1" 200 1078
52.70.240.171 - - [05/Mar/2024:03:57:06 -0500] "GET /BLA/resoluciones/Notificaciones/RESOLUCIONES%202022/00277.pdf HTTP/1.1" 200 908542
52.70.240.171 - - [05/Mar/2024:03:57:09 -0500] "GET /BLA/resoluciones/Notificaciones/RESOLUCIONES%202022/00194.pdf HTTP/1.1" 200 423544
23.22.35.162 - - [05/Mar/2024:03:57:13 -0500] "GET /BLA/resoluciones/Notificaciones/RESOLUCIONES%202022/00012.pdf HTTP/1.1" 200 370611
23.22.35.162 - - [05/Mar/2024:03:57:18 -0500] "GET /BLA/resoluciones/Notificaciones/RESOLUCIONES%202022/00011.pdf HTTP/1.1" 200 370589
52.70.240.171 - - [05/Mar/2024:03:57:21 -0500] "GET /BLA/resoluciones/Notificaciones/RESOLUCIONES%202022/00010.pdf HTTP/1.1" 200 400350
23.22.35.162 - - [05/Mar/2024:03:57:25 -0500] "GET /BLA/resoluciones/Notificaciones/RESOLUCIONES%202021/05313.pdf HTTP/1.1" 200 402404
52.70.240.171 - - [05/Mar/2024:03:57:29 -0500] "GET /BLA/resoluciones/Notificaciones/RESOLUCIONES%202021/05311.pdf HTTP/1.1" 200 434585
3.224.220.101 - - [05/Mar/2024:03:57:33 -0500] "GET /BLA/resoluciones/Notificaciones/RESOLUCIONES%202021/05245.pdf HTTP/1.1" 200 383371
3.224.220.101 - - [05/Mar/2024:03:57:37 -0500] "GET /BLA/resoluciones/Notificaciones/RESOLUCIONES%202021/04227.pdf HTTP/1.1" 200 407994
3.224.220.101 - - [05/Mar/2024:03:57:41 -0500] "GET /BLA/resoluciones/Notificaciones/RESOLUCIONES%202021/02762.pdf HTTP/1.1" 200 1079877
23.22.35.162 - - [05/Mar/2024:03:57:45 -0500] "GET /BLA/resoluciones/Notificaciones/RESOLUCIONES%202021/02737.pdf HTTP/1.1" 200 598311
172.22.2.4 - - [05/Mar/2024:03:56:06 -0500] "GET /BLA/boletinlegal/ HTTP/1.1" 200 53818
3.224.220.101 - - [05/Mar/2024:03:57:49 -0500] "GET /BLA/resoluciones/Notificaciones/RESOLUCIONES%202021/02717.pdf HTTP/1.1" 200 1632096
23.22.35.162 - - [05/Mar/2024:03:57:54 -0500] "GET /BLA/resoluciones/Notificaciones/RESOLUCIONES%202021/02437.pdf HTTP/1.1" 200 569868
172.22.2.4 - - [05/Mar/2024:03:56:15 -0500] "GET /BLA/boletinlegal/ HTTP/1.1" 200 52358
3.224.220.101 - - [05/Mar/2024:03:57:58 -0500] "GET /BLA/resoluciones/Notificaciones/RESOLUCIONES%202021/02153.pdf HTTP/1.1" 200 1050867
66.249.66.19 - - [05/Mar/2024:03:58:00 -0500] "GET /Publicaciones/2023EE44981.pdf HTTP/1.1" 404 227
52.70.240.171 - - [05/Mar/2024:03:58:02 -0500] "GET /BLA/resoluciones/Notificaciones/RESOLUCIONES%202021/01555.pdf HTTP/1.1" 200 402165
52.70.240.171 - - [05/Mar/2024:03:58:06 -0500] "GET /BLA/resoluciones/Notificaciones/RESOLUCIONES%202021/01264.pdf HTTP/1.1" 200 428571
23.22.35.162 - - [05/Mar/2024:03:58:11 -0500] "GET /BLA/resoluciones/Notificaciones/RESOLUCIONES%202021/00958.pdf HTTP/1.1" 200 679663
23.22.35.162 - - [05/Mar/2024:03:58:13 -0500] "GET /BLA/resoluciones/Notificaciones/RESOLUCIONES%202021/00912.pdf HTTP/1.1" 200 2110215
172.22.2.4 - - [05/Mar/2024:03:57:30 -0500] "GET /BLA/boletinlegal/ HTTP/1.1" 200 24523
52.70.240.171 - - [05/Mar/2024:03:58:17 -0500] "GET /BLA/resoluciones/Notificaciones/RESOLUCIONES%202021/00865.pdf HTTP/1.1" 200 3328934
23.22.35.162 - - [05/Mar/2024:03:58:21 -0500] "GET /BLA/resoluciones/Notificaciones/RESOLUCIONES%202021/00839.pdf HTTP/1.1" 200 519883
3.224.220.101 - - [05/Mar/2024:03:58:25 -0500] "GET /BLA/resoluciones/Notificaciones/RESOLUCIONES%202021/00496.pdf HTTP/1.1" 200 929928
3.224.220.101 - - [05/Mar/2024:03:58:29 -0500] "GET /BLA/resoluciones/Notificaciones/RESOLUCIONES%202021/00461.pdf HTTP/1.1" 200 424707
52.70.240.171 - - [05/Mar/2024:03:58:34 -0500] "GET /BLA/resoluciones/Notificaciones/RESOLUCIONES%202021/00451.pdf HTTP/1.1" 200 680991
23.22.35.162 - - [05/Mar/2024:03:58:37 -0500] "GET /BLA/resoluciones/Notificaciones/RESOLUCIONES%202021/00392.pdf HTTP/1.1" 200 505016
23.22.35.162 - - [05/Mar/2024:03:58:42 -0500] "GET /BLA/resoluciones/Notificaciones/RESOLUCIONES%202021/00389.pdf HTTP/1.1" 200 491177
3.224.220.101 - - [05/Mar/2024:03:58:45 -0500] "GET /BLA/resoluciones/Notificaciones/RESOLUCIONES%202021/00294.pdf HTTP/1.1" 200 967481
216.245.221.92 - - [05/Mar/2024:03:58:46 -0500] "HEAD / HTTP/1.1" 200 -
52.70.240.171 - - [05/Mar/2024:03:58:51 -0500] "GET /BLA/resoluciones/Notificaciones/RESOLUCIONES%202021/00277.pdf HTTP/1.1" 200 908543
172.22.2.4 - - [05/Mar/2024:03:57:11 -0500] "HEAD /BLA/boletinlegal/ HTTP/1.1" 200 -
3.224.220.101 - - [05/Mar/2024:03:58:53 -0500] "GET /BLA/resoluciones/Notificaciones/RESOLUCIONES%202021/00262.pdf HTTP/1.1" 200 334948
23.22.35.162 - - [05/Mar/2024:03:58:57 -0500] "GET /BLA/resoluciones/Notificaciones/RESOLUCIONES%202021/00255.pdf HTTP/1.1" 200 350233
52.70.240.171 - - [05/Mar/2024:03:59:01 -0500] "GET /BLA/resoluciones/Notificaciones/RESOLUCIONES%202021/00177.pdf HTTP/1.1" 200 342455
23.22.35.162 - - [05/Mar/2024:03:59:05 -0500] "GET /BLA/resoluciones/RESOLUCIONES%202005/ANEXO%20RES%202643-2005/INDEX.DAT HTTP/1.1" 200 40
3.224.220.101 - - [05/Mar/2024:03:59:09 -0500] "GET /BLA/resoluciones/index.php?dir=Notificaciones/RESOLUCIONES%200217/&order=desc&sort=name HTTP/1.1" 200 2267
114.119.132.170 - - [05/Mar/2024:03:59:30 -0500] "GET /BLA/resoluciones/index.php?dir=Notificaciones/AUTOS%2B2015/&sort=date&order=asc HTTP/1.1" 200 14353
172.22.2.4 - - [05/Mar/2024:03:58:02 -0500] "GET /BLA/boletinlegal/ HTTP/1.1" 200 54300
87.236.176.144 - - [05/Mar/2024:04:00:03 -0500] "GET / HTTP/1.1" 200 319
52.70.240.171 - - [05/Mar/2024:04:00:13 -0500] "GET /BLA/resoluciones/index.php?dir=Notificaciones/RESOLUCIONES%202016/&order=asc&sort=date HTTP/1.1" 200 18211
23.22.35.162 - - [05/Mar/2024:04:00:29 -0500] "GET /BLA/resoluciones/index.php?dir=Notificaciones/RESOLUCIONES%202016/&order=desc&sort=date HTTP/1.1" 200 18210
52.70.240.171 - - [05/Mar/2024:04:00:34 -0500] "GET /BLA/resoluciones/index.php?dir=Notificaciones/RESOLUCIONES%202016/&order=asc&sort=name HTTP/1.1" 200 18211
3.224.220.101 - - [05/Mar/2024:04:00:37 -0500] "GET /BLA/resoluciones/index.php?dir=Notificaciones/RESOLUCIONES%202016/&order=asc&sort=size HTTP/1.1" 200 18211
3.224.220.101 - - [05/Mar/2024:04:00:57 -0500] "GET /BLA/resoluciones/index.php?dir=Notificaciones/RESOLUCIONES%202016/&order=desc&sort=size HTTP/1.1" 200 18210
3.224.220.101 - - [05/Mar/2024:04:01:01 -0500] "GET /BLA/resoluciones/index.php?dir=Notificaciones/RESOLUCIONES%202016/&order=desc&sort=name HTTP/1.1" 200 18210
52.70.240.171 - - [05/Mar/2024:04:01:10 -0500] "GET /BLA/resoluciones/index.php?dir=Notificaciones/RESOLUCIONES%202019/&order=asc&sort=date HTTP/1.1" 200 40945
52.70.240.171 - - [05/Mar/2024:04:01:13 -0500] "GET /BLA/resoluciones/index.php?dir=Notificaciones/RESOLUCIONES%202019/&order=desc&sort=date HTTP/1.1" 200 40944
23.22.35.162 - - [05/Mar/2024:04:01:17 -0500] "GET /BLA/resoluciones/index.php?dir=Notificaciones/RESOLUCIONES%202019/&order=asc&sort=name HTTP/1.1" 200 40945
52.70.240.171 - - [05/Mar/2024:04:01:30 -0500] "GET /BLA/resoluciones/index.php?dir=Notificaciones/RESOLUCIONES%202019/&order=asc&sort=size HTTP/1.1" 200 40945
201.245.192.253 - - [05/Mar/2024:04:01:37 -0500] "POST /kwsrmcab/Wsrmcab  HTTP/1.1" 200 39632
52.70.240.171 - - [05/Mar/2024:04:01:53 -0500] "GET /BLA/resoluciones/index.php?dir=Notificaciones/RESOLUCIONES%202019/&order=desc&sort=size HTTP/1.1" 200 40944
52.70.240.171 - - [05/Mar/2024:04:01:59 -0500] "GET /BLA/resoluciones/index.php?dir=Notificaciones/RESOLUCIONES%202019/&order=desc&sort=name HTTP/1.1" 200 40944
3.224.220.101 - - [05/Mar/2024:04:02:01 -0500] "GET /BLA/resoluciones/index.php?dir=Notificaciones/RESOLUCIONES%202014/&order=asc&sort=date HTTP/1.1" 200 13932
52.70.240.171 - - [05/Mar/2024:04:02:13 -0500] "GET /BLA/resoluciones/index.php?dir=Notificaciones/RESOLUCIONES%202014/&order=desc&sort=date HTTP/1.1" 200 13931
3.224.220.101 - - [05/Mar/2024:04:02:21 -0500] "GET /BLA/resoluciones/index.php?dir=Notificaciones/RESOLUCIONES%202014/&order=asc&sort=name HTTP/1.1" 200 13932
52.70.240.171 - - [05/Mar/2024:04:02:25 -0500] "GET /BLA/resoluciones/index.php?dir=Notificaciones/RESOLUCIONES%202014/&order=asc&sort=size HTTP/1.1" 200 13932
23.22.35.162 - - [05/Mar/2024:04:02:30 -0500] "GET /BLA/resoluciones/index.php?dir=Notificaciones/RESOLUCIONES%202014/&order=desc&sort=size HTTP/1.1" 200 13931
3.224.220.101 - - [05/Mar/2024:04:02:37 -0500] "GET /BLA/resoluciones/index.php?dir=Notificaciones/RESOLUCIONES%202014/&order=desc&sort=name HTTP/1.1" 200 13931
3.224.220.101 - - [05/Mar/2024:04:02:49 -0500] "GET /BLA/resoluciones/index.php?dir=Notificaciones/RESOLUCIONES%202018/&order=asc&sort=date HTTP/1.1" 200 19727
23.22.35.162 - - [05/Mar/2024:04:03:02 -0500] "GET /BLA/resoluciones/index.php?dir=Notificaciones/RESOLUCIONES%202018/&order=desc&sort=date HTTP/1.1" 200 19726
