3.224.220.101 - - [05/Mar/2024:04:48:21 -0500] "GET /BLA/resoluciones/index.php?dir=AUTOS%202006/AUTOS%202006%201701%20-%201800/&order=asc&sort=name HTTP/1.1" 200 22247
23.22.35.162 - - [05/Mar/2024:04:48:26 -0500] "GET /BLA/resoluciones/index.php?dir=AUTOS%202006/AUTOS%202006%201701%20-%201800/&order=asc&sort=size HTTP/1.1" 200 22247
3.224.220.101 - - [05/Mar/2024:04:48:45 -0500] "GET /BLA/resoluciones/index.php?dir=AUTOS%202006/AUTOS%202006%201701%20-%201800/&order=desc&sort=size HTTP/1.1" 200 22246
216.245.221.92 - - [05/Mar/2024:04:48:46 -0500] "HEAD / HTTP/1.1" 200 -
172.22.2.4 - - [05/Mar/2024:04:48:52 -0500] "GET /BLA/boletinlegal/actos.php HTTP/1.1" 200 9738
3.224.220.101 - - [05/Mar/2024:04:49:05 -0500] "GET /BLA/resoluciones/index.php?dir=AUTOS%202006/AUTOS%202006%201701%20-%201800/&order=desc&sort=name HTTP/1.1" 200 22246
23.22.35.162 - - [05/Mar/2024:04:49:09 -0500] "GET /BLA/resoluciones/index.php?dir=AUTOS%202006/AUTOS%202006%201601%20-%201700/ HTTP/1.1" 200 22248
52.70.240.171 - - [05/Mar/2024:04:49:13 -0500] "GET /BLA/resoluciones/AUTOS%202006/AUTOS%202006%201601%20-%201700/INDEX.DAT HTTP/1.1" 200 4000
52.70.240.171 - - [05/Mar/2024:04:49:18 -0500] "GET /BLA/resoluciones/index.php?dir=AUTOS%202006/AUTOS%202006%201601%20-%201700/&order=asc&sort=date HTTP/1.1" 200 22248
172.22.2.4 - - [05/Mar/2024:04:49:25 -0500] "GET /BLA/boletinlegal/Directivas/2014/Directiva%20No.%202%20del%205%20de%20Mayo%20de%202014.pdf HTTP/1.1" 304 -
23.22.35.162 - - [05/Mar/2024:04:49:26 -0500] "GET /BLA/resoluciones/index.php?dir=AUTOS%202006/AUTOS%202006%201601%20-%201700/&order=desc&sort=date HTTP/1.1" 200 22247
52.70.240.171 - - [05/Mar/2024:04:49:53 -0500] "GET /BLA/resoluciones/index.php?dir=AUTOS%202006/AUTOS%202006%201601%20-%201700/&order=asc&sort=name HTTP/1.1" 200 22248
23.22.35.162 - - [05/Mar/2024:04:50:00 -0500] "GET /BLA/resoluciones/index.php?dir=AUTOS%202006/AUTOS%202006%201601%20-%201700/&order=asc&sort=size HTTP/1.1" 200 22248
52.70.240.171 - - [05/Mar/2024:04:50:01 -0500] "GET /BLA/resoluciones/index.php?dir=AUTOS%202006/AUTOS%202006%201601%20-%201700/&order=desc&sort=name HTTP/1.1" 200 22247
23.22.35.162 - - [05/Mar/2024:04:50:17 -0500] "GET /BLA/resoluciones/index.php?dir=AUTOS%202006/AUTOS%202006%201601%20-%201700/&order=desc&sort=size HTTP/1.1" 200 22247
52.70.240.171 - - [05/Mar/2024:04:50:25 -0500] "GET /BLA/resoluciones/index.php?dir=AUTOS%202006/AUTOS%202006%201501%20-%201600/ HTTP/1.1" 200 22232
23.22.35.162 - - [05/Mar/2024:04:50:30 -0500] "GET /BLA/resoluciones/AUTOS%202006/AUTOS%202006%201501%20-%201600/INDEX.DAT HTTP/1.1" 200 4000
23.22.35.162 - - [05/Mar/2024:04:50:33 -0500] "GET /BLA/resoluciones/index.php?dir=AUTOS%202006/AUTOS%202006%201501%20-%201600/&order=asc&sort=date HTTP/1.1" 200 22232
23.22.35.162 - - [05/Mar/2024:04:50:49 -0500] "GET /BLA/resoluciones/index.php?dir=AUTOS%202006/AUTOS%202006%201501%20-%201600/&order=desc&sort=date HTTP/1.1" 200 22231
52.70.240.171 - - [05/Mar/2024:04:50:53 -0500] "GET /BLA/resoluciones/index.php?dir=AUTOS%202006/AUTOS%202006%201501%20-%201600/&order=asc&sort=name HTTP/1.1" 200 22232
191.107.131.132 - - [05/Mar/2024:04:50:57 -0500] "GET /sipse/faces/index.xhtml HTTP/1.1" 200 677
191.107.131.132 - - [05/Mar/2024:04:50:57 -0500] "GET /sipse/faces/javax.faces.resource/theme.css?ln=primefaces-sipse HTTP/1.1" 304 -
191.107.131.132 - - [05/Mar/2024:04:50:57 -0500] "GET /sipse/faces/faces/autenticacion.xhtml HTTP/1.1" 200 12401
191.107.131.132 - - [05/Mar/2024:04:50:58 -0500] "GET /sipse/faces/javax.faces.resource/layout/layout.css?ln=primefaces&v=4.0 HTTP/1.1" 304 -
191.107.131.132 - - [05/Mar/2024:04:50:58 -0500] "GET /sipse/faces/javax.faces.resource/theme.css?ln=primefaces-sipse HTTP/1.1" 304 -
191.107.131.132 - - [05/Mar/2024:04:50:58 -0500] "GET /sipse/faces/javax.faces.resource/primefaces.css?ln=primefaces&v=4.0 HTTP/1.1" 304 -
191.107.131.132 - - [05/Mar/2024:04:50:58 -0500] "GET /sipse/faces/javax.faces.resource/jquery/jquery.js?ln=primefaces&v=4.0 HTTP/1.1" 304 -
191.107.131.132 - - [05/Mar/2024:04:50:58 -0500] "GET /sipse/faces/javax.faces.resource/layout/layout.js?ln=primefaces&v=4.0 HTTP/1.1" 304 -
191.107.131.132 - - [05/Mar/2024:04:50:58 -0500] "GET /sipse/faces/javax.faces.resource/jquery/jquery-plugins.js?ln=primefaces&v=4.0 HTTP/1.1" 304 -
191.107.131.132 - - [05/Mar/2024:04:50:58 -0500] "GET /sipse/faces/javax.faces.resource/primefaces.js?ln=primefaces&v=4.0 HTTP/1.1" 304 -
23.22.35.162 - - [05/Mar/2024:04:50:57 -0500] "GET /BLA/resoluciones/index.php?dir=AUTOS%202006/AUTOS%202006%201501%20-%201600/&order=asc&sort=size HTTP/1.1" 200 22232
191.107.131.132 - - [05/Mar/2024:04:50:58 -0500] "GET /sipse/faces/javax.faces.resource/images/ui-icons_898989_256x240.png?ln=primefaces-aristo HTTP/1.1" 304 -
191.107.131.132 - - [05/Mar/2024:04:51:00 -0500] "POST /sipse/faces/autenticacion.xhtml HTTP/1.1" 200 2220
191.107.131.132 - - [05/Mar/2024:04:51:01 -0500] "GET /sipse/faces/javax.faces.resource/messages/messages.png?ln=primefaces&v=4.0 HTTP/1.1" 304 -
191.107.131.132 - - [05/Mar/2024:04:51:02 -0500] "POST /sipse/faces/autenticacion.xhtml HTTP/1.1" 200 16473
191.107.131.132 - - [05/Mar/2024:04:51:02 -0500] "GET /sipse/faces/javax.faces.resource/theme.css?ln=primefaces-sipse HTTP/1.1" 304 -
191.107.131.132 - - [05/Mar/2024:04:51:02 -0500] "GET /sipse/faces/javax.faces.resource/layout/layout.css?ln=primefaces&v=4.0 HTTP/1.1" 304 -
191.107.131.132 - - [05/Mar/2024:04:51:02 -0500] "GET /sipse/faces/javax.faces.resource/primefaces.css?ln=primefaces&v=4.0 HTTP/1.1" 304 -
191.107.131.132 - - [05/Mar/2024:04:51:02 -0500] "GET /sipse/faces/javax.faces.resource/jquery/jquery.js?ln=primefaces&v=4.0 HTTP/1.1" 304 -
191.107.131.132 - - [05/Mar/2024:04:51:02 -0500] "GET /sipse/faces/javax.faces.resource/jquery/jquery-plugins.js?ln=primefaces&v=4.0 HTTP/1.1" 304 -
3.224.220.101 - - [05/Mar/2024:04:51:02 -0500] "GET /BLA/resoluciones/index.php?dir=AUTOS%202006/AUTOS%202006%201501%20-%201600/&order=desc&sort=size HTTP/1.1" 200 22231
191.107.131.132 - - [05/Mar/2024:04:51:02 -0500] "GET /sipse/faces/javax.faces.resource/primefaces.js?ln=primefaces&v=4.0 HTTP/1.1" 304 -
191.107.131.132 - - [05/Mar/2024:04:51:02 -0500] "GET /sipse/faces/javax.faces.resource/layout/layout.js?ln=primefaces&v=4.0 HTTP/1.1" 304 -
191.107.131.132 - - [05/Mar/2024:04:51:02 -0500] "GET /sipse/css/imagen/contrasena.png HTTP/1.1" 404 383
191.107.131.132 - - [05/Mar/2024:04:51:03 -0500] "POST /sipse/faces/bienvenido.xhtml HTTP/1.1" 200 2658
191.107.131.132 - - [05/Mar/2024:04:51:03 -0500] "GET /sipse/faces/javax.faces.resource/images/ui-bg_flat_0_2d5972_40x100.png?ln=primefaces-aristo HTTP/1.1" 304 -
191.107.131.132 - - [05/Mar/2024:04:51:04 -0500] "POST /sipse/faces/bienvenido.xhtml HTTP/1.1" 200 64340
191.107.131.132 - - [05/Mar/2024:04:51:06 -0500] "GET /sipse/faces/javax.faces.resource/primefaces.css?ln=primefaces&v=4.0 HTTP/1.1" 304 -
191.107.131.132 - - [05/Mar/2024:04:51:06 -0500] "GET /sipse/faces/javax.faces.resource/theme.css?ln=primefaces-sipse HTTP/1.1" 304 -
191.107.131.132 - - [05/Mar/2024:04:51:06 -0500] "GET /sipse/faces/javax.faces.resource/layout/layout.css?ln=primefaces&v=4.0 HTTP/1.1" 304 -
191.107.131.132 - - [05/Mar/2024:04:51:06 -0500] "GET /sipse/faces/javax.faces.resource/jquery/jquery.js?ln=primefaces&v=4.0 HTTP/1.1" 304 -
191.107.131.132 - - [05/Mar/2024:04:51:06 -0500] "GET /sipse/faces/javax.faces.resource/jquery/jquery-plugins.js?ln=primefaces&v=4.0 HTTP/1.1" 304 -
191.107.131.132 - - [05/Mar/2024:04:51:06 -0500] "GET /sipse/faces/javax.faces.resource/primefaces.js?ln=primefaces&v=4.0 HTTP/1.1" 304 -
191.107.131.132 - - [05/Mar/2024:04:51:06 -0500] "GET /sipse/faces/javax.faces.resource/layout/layout.js?ln=primefaces&v=4.0 HTTP/1.1" 304 -
191.107.131.132 - - [05/Mar/2024:04:51:06 -0500] "POST /sipse/faces/presentacion/financiero/solicitudProceso/listarSolicitudProceso.xhtml HTTP/1.1" 200 1556
191.107.131.132 - - [05/Mar/2024:04:51:10 -0500] "POST /sipse/faces/presentacion/financiero/solicitudProceso/listarSolicitudProceso.xhtml HTTP/1.1" 200 12753
23.22.35.162 - - [05/Mar/2024:04:51:13 -0500] "GET /BLA/resoluciones/index.php?dir=AUTOS%202006/AUTOS%202006%201501%20-%201600/&order=desc&sort=name HTTP/1.1" 200 22231
191.107.131.132 - - [05/Mar/2024:04:51:17 -0500] "POST /sipse/faces/presentacion/financiero/solicitudProceso/listarSolicitudProceso.xhtml HTTP/1.1" 200 145256
191.107.131.132 - - [05/Mar/2024:04:51:18 -0500] "GET /sipse/faces/javax.faces.resource/theme.css?ln=primefaces-sipse HTTP/1.1" 304 -
191.107.131.132 - - [05/Mar/2024:04:51:18 -0500] "GET /sipse/faces/javax.faces.resource/layout/layout.css?ln=primefaces&v=4.0 HTTP/1.1" 304 -
191.107.131.132 - - [05/Mar/2024:04:51:18 -0500] "GET /sipse/faces/javax.faces.resource/primefaces.css?ln=primefaces&v=4.0 HTTP/1.1" 304 -
191.107.131.132 - - [05/Mar/2024:04:51:18 -0500] "GET /sipse/faces/javax.faces.resource/jquery/jquery.js?ln=primefaces&v=4.0 HTTP/1.1" 304 -
191.107.131.132 - - [05/Mar/2024:04:51:18 -0500] "GET /sipse/faces/javax.faces.resource/jquery/jquery-plugins.js?ln=primefaces&v=4.0 HTTP/1.1" 304 -
191.107.131.132 - - [05/Mar/2024:04:51:18 -0500] "GET /sipse/faces/javax.faces.resource/primefaces.js?ln=primefaces&v=4.0 HTTP/1.1" 304 -
191.107.131.132 - - [05/Mar/2024:04:51:18 -0500] "GET /sipse/faces/javax.faces.resource/layout/layout.js?ln=primefaces&v=4.0 HTTP/1.1" 304 -
172.22.2.4 - - [05/Mar/2024:04:49:41 -0500] "HEAD /BLA/boletinlegal/ HTTP/1.1" 200 -
52.70.240.171 - - [05/Mar/2024:04:51:21 -0500] "GET /BLA/resoluciones/index.php?dir=AUTOS%202006/AUTOS%202006%201401%20-%201500/ HTTP/1.1" 200 13545
201.245.192.253 - - [05/Mar/2024:04:51:22 -0500] "POST /kwsrmcab/Wsrmcab  HTTP/1.1" 200 39632
3.224.220.101 - - [05/Mar/2024:04:51:26 -0500] "GET /BLA/resoluciones/AUTOS%202006/AUTOS%202006%201401%20-%201500/INDEX.DAT HTTP/1.1" 200 4000
3.224.220.101 - - [05/Mar/2024:04:51:29 -0500] "GET /BLA/resoluciones/index.php?dir=AUTOS%202006/AUTOS%202006%201401%20-%201500/&order=asc&sort=date HTTP/1.1" 200 13545
191.107.131.132 - - [05/Mar/2024:04:51:40 -0500] "POST /sipse/faces/presentacion/financiero/solicitudProceso/consultarSolicitudProceso.xhtml HTTP/1.1" 200 47224
191.107.131.132 - - [05/Mar/2024:04:51:41 -0500] "GET /sipse/faces/javax.faces.resource/theme.css?ln=primefaces-sipse HTTP/1.1" 304 -
191.107.131.132 - - [05/Mar/2024:04:51:41 -0500] "GET /sipse/faces/javax.faces.resource/jquery/jquery.js?ln=primefaces&v=4.0 HTTP/1.1" 304 -
191.107.131.132 - - [05/Mar/2024:04:51:41 -0500] "GET /sipse/faces/javax.faces.resource/primefaces.css?ln=primefaces&v=4.0 HTTP/1.1" 304 -
191.107.131.132 - - [05/Mar/2024:04:51:41 -0500] "GET /sipse/faces/javax.faces.resource/jquery/jquery-plugins.js?ln=primefaces&v=4.0 HTTP/1.1" 304 -
191.107.131.132 - - [05/Mar/2024:04:51:41 -0500] "GET /sipse/faces/javax.faces.resource/layout/layout.css?ln=primefaces&v=4.0 HTTP/1.1" 304 -
191.107.131.132 - - [05/Mar/2024:04:51:41 -0500] "GET /sipse/faces/javax.faces.resource/primefaces.js?ln=primefaces&v=4.0 HTTP/1.1" 304 -
191.107.131.132 - - [05/Mar/2024:04:51:41 -0500] "GET /sipse/faces/javax.faces.resource/layout/layout.js?ln=primefaces&v=4.0 HTTP/1.1" 304 -
52.70.240.171 - - [05/Mar/2024:04:51:41 -0500] "GET /BLA/resoluciones/index.php?dir=AUTOS%202006/AUTOS%202006%201401%20-%201500/&order=desc&sort=date HTTP/1.1" 200 13544
191.107.131.132 - - [05/Mar/2024:04:51:48 -0500] "GET /sipse/faces/javax.faces.resource/jquery/jquery-plugins.js?ln=primefaces&v=4.0 HTTP/1.1" 304 -
191.107.131.132 - - [05/Mar/2024:04:51:48 -0500] "GET /sipse/faces/javax.faces.resource/theme.css?ln=primefaces-sipse HTTP/1.1" 304 -
191.107.131.132 - - [05/Mar/2024:04:51:48 -0500] "GET /sipse/faces/javax.faces.resource/primefaces.css?ln=primefaces&v=4.0 HTTP/1.1" 304 -
191.107.131.132 - - [05/Mar/2024:04:51:48 -0500] "GET /sipse/faces/javax.faces.resource/layout/layout.css?ln=primefaces&v=4.0 HTTP/1.1" 304 -
191.107.131.132 - - [05/Mar/2024:04:51:48 -0500] "GET /sipse/faces/javax.faces.resource/jquery/jquery.js?ln=primefaces&v=4.0 HTTP/1.1" 304 -
191.107.131.132 - - [05/Mar/2024:04:51:48 -0500] "GET /sipse/faces/javax.faces.resource/primefaces.js?ln=primefaces&v=4.0 HTTP/1.1" 304 -
191.107.131.132 - - [05/Mar/2024:04:51:48 -0500] "GET /sipse/faces/javax.faces.resource/layout/layout.js?ln=primefaces&v=4.0 HTTP/1.1" 304 -
191.107.131.132 - - [05/Mar/2024:04:51:47 -0500] "POST /sipse/faces/presentacion/financiero/solicitudProceso/consultarHistorialSolProceso.xhtml HTTP/1.1" 200 191866
52.70.240.171 - - [05/Mar/2024:04:51:49 -0500] "GET /BLA/resoluciones/index.php?dir=AUTOS%202006/AUTOS%202006%201401%20-%201500/&order=asc&sort=name HTTP/1.1" 200 13545
191.107.131.132 - - [05/Mar/2024:04:51:52 -0500] "POST /sipse/faces/presentacion/financiero/solicitudProceso/consultarSolicitudProceso.xhtml HTTP/1.1" 200 86987
3.224.220.101 - - [05/Mar/2024:04:51:53 -0500] "GET /BLA/resoluciones/index.php?dir=AUTOS%202006/AUTOS%202006%201401%20-%201500/&order=asc&sort=size HTTP/1.1" 200 13545
23.22.35.162 - - [05/Mar/2024:04:52:05 -0500] "GET /BLA/resoluciones/index.php?dir=AUTOS%202006/AUTOS%202006%201401%20-%201500/&order=desc&sort=size HTTP/1.1" 200 13544
172.22.2.4 - - [05/Mar/2024:04:50:32 -0500] "GET /BLA/boletinlegal/ HTTP/1.1" 200 58720
23.22.35.162 - - [05/Mar/2024:04:52:13 -0500] "GET /BLA/resoluciones/index.php?dir=AUTOS%202006/AUTOS%202006%201401%20-%201500/&order=desc&sort=name HTTP/1.1" 200 13544
52.70.240.171 - - [05/Mar/2024:04:52:17 -0500] "GET /BLA/resoluciones/index.php?dir=AUTOS%202006/AUTOS%202006%201301-1400/ HTTP/1.1" 200 22002
23.22.35.162 - - [05/Mar/2024:04:52:21 -0500] "GET /BLA/resoluciones/AUTOS%202006/AUTOS%202006%201301-1400/INDEX.DAT HTTP/1.1" 200 4000
3.224.220.101 - - [05/Mar/2024:04:52:25 -0500] "GET /BLA/resoluciones/index.php?dir=AUTOS%202006/AUTOS%202006%201301-1400/&order=asc&sort=date HTTP/1.1" 200 22002
23.22.35.162 - - [05/Mar/2024:04:52:29 -0500] "GET /BLA/resoluciones/index.php?dir=AUTOS%202006/AUTOS%202006%201301-1400/&order=desc&sort=date HTTP/1.1" 200 22001
52.70.240.171 - - [05/Mar/2024:04:52:34 -0500] "GET /BLA/resoluciones/index.php?dir=AUTOS%202006/AUTOS%202006%201301-1400/&order=asc&sort=name HTTP/1.1" 200 22002
66.249.72.40 - - [05/Mar/2024:04:52:39 -0500] "GET /portaldeninos/wp-includes/js/jquery/ui/core.min.js?ver=1.11.4 HTTP/1.1" 200 4000
66.249.72.40 - - [05/Mar/2024:04:52:40 -0500] "GET /portaldeninos/wp-content/plugins/gallery-videos/JS/modernizr.custom.js?ver=4.9.8 HTTP/1.1" 200 9019
66.249.72.40 - - [05/Mar/2024:04:52:40 -0500] "GET /portaldeninos/wp-content/plugins/google-analytics-for-wordpress/assets/js/frontend-gtag.min.js?ver=8.5.0 HTTP/1.1" 200 11801
66.249.72.33 - - [05/Mar/2024:04:52:41 -0500] "GET /portaldeninos/wp-content/plugins/gallery-videos/CSS/totalsoft.css?ver=4.9.8 HTTP/1.1" 200 40622
66.249.72.40 - - [05/Mar/2024:04:52:41 -0500] "GET /portaldeninos/wp-includes/js/jquery/ui/widget.min.js?ver=1.11.4 HTTP/1.1" 200 6908
23.22.35.162 - - [05/Mar/2024:04:52:53 -0500] "GET /BLA/resoluciones/index.php?dir=AUTOS%202006/AUTOS%202006%201301-1400/&order=asc&sort=size HTTP/1.1" 200 22002
3.224.220.101 - - [05/Mar/2024:04:53:29 -0500] "GET /BLA/resoluciones/index.php?dir=AUTOS%202006/AUTOS%202006%201301-1400/&order=desc&sort=size HTTP/1.1" 200 22001
52.70.240.171 - - [05/Mar/2024:04:53:33 -0500] "GET /BLA/resoluciones/index.php?dir=AUTOS%202006/AUTOS%202006%201301-1400/&order=desc&sort=name HTTP/1.1" 200 22001
23.22.35.162 - - [05/Mar/2024:04:53:37 -0500] "GET /BLA/resoluciones/index.php?dir=AUTOS%202006/AUTOS%202006%201201-1300/ HTTP/1.1" 200 22013
3.224.220.101 - - [05/Mar/2024:04:53:41 -0500] "GET /BLA/resoluciones/AUTOS%202006/AUTOS%202006%201201-1300/INDEX.DAT HTTP/1.1" 200 4000
216.245.221.92 - - [05/Mar/2024:04:53:46 -0500] "HEAD / HTTP/1.1" 200 -
52.70.240.171 - - [05/Mar/2024:04:53:49 -0500] "GET /BLA/resoluciones/index.php?dir=AUTOS%202006/AUTOS%202006%201201-1300/&order=asc&sort=date HTTP/1.1" 200 22013
3.224.220.101 - - [05/Mar/2024:04:53:53 -0500] "GET /BLA/resoluciones/index.php?dir=AUTOS%202006/AUTOS%202006%201201-1300/&order=desc&sort=date HTTP/1.1" 200 22012
52.70.240.171 - - [05/Mar/2024:04:53:57 -0500] "GET /BLA/resoluciones/index.php?dir=AUTOS%202006/AUTOS%202006%201201-1300/&order=asc&sort=name HTTP/1.1" 200 22013
52.70.240.171 - - [05/Mar/2024:04:54:02 -0500] "GET /BLA/resoluciones/index.php?dir=AUTOS%202006/AUTOS%202006%201201-1300/&order=asc&sort=size HTTP/1.1" 200 22013
52.70.240.171 - - [05/Mar/2024:04:54:22 -0500] "GET /BLA/resoluciones/index.php?dir=AUTOS%202006/AUTOS%202006%201201-1300/&order=desc&sort=size HTTP/1.1" 200 22012
3.224.220.101 - - [05/Mar/2024:04:54:37 -0500] "GET /BLA/resoluciones/index.php?dir=AUTOS%202006/AUTOS%202006%201201-1300/&order=desc&sort=name HTTP/1.1" 200 22012
23.22.35.162 - - [05/Mar/2024:04:54:49 -0500] "GET /BLA/resoluciones/index.php?dir=AUTOS%202006/AUTOS%202006%201101-1200/ HTTP/1.1" 200 21976
3.224.220.101 - - [05/Mar/2024:04:54:53 -0500] "GET /BLA/resoluciones/AUTOS%202006/AUTOS%202006%201101-1200/INDEX.DAT HTTP/1.1" 200 4000
3.224.220.101 - - [05/Mar/2024:04:55:01 -0500] "GET /BLA/resoluciones/index.php?dir=AUTOS%202006/AUTOS%202006%201101-1200/&order=asc&sort=date HTTP/1.1" 200 21976
52.70.240.171 - - [05/Mar/2024:04:55:05 -0500] "GET /BLA/resoluciones/index.php?dir=AUTOS%202006/AUTOS%202006%201101-1200/&order=desc&sort=date HTTP/1.1" 200 21975
3.224.220.101 - - [05/Mar/2024:04:55:09 -0500] "GET /BLA/resoluciones/index.php?dir=AUTOS%202006/AUTOS%202006%201101-1200/&order=asc&sort=name HTTP/1.1" 200 21976
3.224.220.101 - - [05/Mar/2024:04:55:25 -0500] "GET /BLA/resoluciones/index.php?dir=AUTOS%202006/AUTOS%202006%201101-1200/&order=asc&sort=size HTTP/1.1" 200 21976
3.224.220.101 - - [05/Mar/2024:04:55:29 -0500] "GET /BLA/resoluciones/index.php?dir=AUTOS%202006/AUTOS%202006%201101-1200/&order=desc&sort=size HTTP/1.1" 200 21975
3.224.220.101 - - [05/Mar/2024:04:55:33 -0500] "GET /BLA/resoluciones/index.php?dir=AUTOS%202006/AUTOS%202006%201101-1200/&order=desc&sort=name HTTP/1.1" 200 21975
3.224.220.101 - - [05/Mar/2024:04:55:37 -0500] "GET /BLA/resoluciones/index.php?dir=AUTOS%202006/AUTOS%202006%201001-1100/ HTTP/1.1" 200 21966
52.70.240.171 - - [05/Mar/2024:04:55:41 -0500] "GET /BLA/resoluciones/AUTOS%202006/AUTOS%202006%201001-1100/INDEX.DAT HTTP/1.1" 200 4000
3.224.220.101 - - [05/Mar/2024:04:55:45 -0500] "GET /BLA/resoluciones/index.php?dir=AUTOS%202006/AUTOS%202006%201001-1100/&order=asc&sort=date HTTP/1.1" 200 21966
52.70.240.171 - - [05/Mar/2024:04:56:01 -0500] "GET /BLA/resoluciones/index.php?dir=AUTOS%202006/AUTOS%202006%201001-1100/&order=desc&sort=date HTTP/1.1" 200 21965
3.224.220.101 - - [05/Mar/2024:04:56:09 -0500] "GET /BLA/resoluciones/index.php?dir=AUTOS%202006/AUTOS%202006%201001-1100/&order=asc&sort=name HTTP/1.1" 200 21966
23.22.35.162 - - [05/Mar/2024:04:56:13 -0500] "GET /BLA/resoluciones/index.php?dir=AUTOS%202006/AUTOS%202006%201001-1100/&order=asc&sort=size HTTP/1.1" 200 21966
201.245.192.253 - - [05/Mar/2024:04:56:20 -0500] "POST /kwsrmcab/Wsrmcab  HTTP/1.1" 200 39632
23.22.35.162 - - [05/Mar/2024:04:56:29 -0500] "GET /BLA/resoluciones/index.php?dir=AUTOS%202006/AUTOS%202006%201001-1100/&order=desc&sort=size HTTP/1.1" 200 21965
23.22.35.162 - - [05/Mar/2024:04:56:33 -0500] "GET /BLA/resoluciones/index.php?dir=AUTOS%202006/AUTOS%202006%201001-1100/&order=desc&sort=name HTTP/1.1" 200 21965
52.70.240.171 - - [05/Mar/2024:04:56:37 -0500] "GET /BLA/resoluciones/index.php?dir=AUTOS%202006/AUTOS%202006%20901-1000/ HTTP/1.1" 200 21877
3.224.220.101 - - [05/Mar/2024:04:56:41 -0500] "GET /BLA/resoluciones/AUTOS%202006/AUTOS%202006%20901-1000/INDEX.DAT HTTP/1.1" 200 4000
3.224.220.101 - - [05/Mar/2024:04:56:45 -0500] "GET /BLA/resoluciones/index.php?dir=AUTOS%202006/AUTOS%202006%20901-1000/&order=asc&sort=date HTTP/1.1" 200 21877
23.22.35.162 - - [05/Mar/2024:04:57:05 -0500] "GET /BLA/resoluciones/index.php?dir=AUTOS%202006/AUTOS%202006%20901-1000/&order=desc&sort=date HTTP/1.1" 200 21876
172.22.2.4 - - [05/Mar/2024:04:55:31 -0500] "HEAD /BLA/boletinlegal/ HTTP/1.1" 200 -
23.22.35.162 - - [05/Mar/2024:04:57:25 -0500] "GET /BLA/resoluciones/index.php?dir=AUTOS%202006/AUTOS%202006%20901-1000/&order=asc&sort=name HTTP/1.1" 200 21877
3.224.220.101 - - [05/Mar/2024:04:57:29 -0500] "GET /BLA/resoluciones/index.php?dir=AUTOS%202006/AUTOS%202006%20901-1000/&order=asc&sort=size HTTP/1.1" 200 21877
23.22.35.162 - - [05/Mar/2024:04:57:38 -0500] "GET /BLA/resoluciones/index.php?dir=AUTOS%202006/AUTOS%202006%20901-1000/&order=desc&sort=size HTTP/1.1" 200 21876
3.224.220.101 - - [05/Mar/2024:04:57:41 -0500] "GET /BLA/resoluciones/index.php?dir=AUTOS%202006/AUTOS%202006%20901-1000/&order=desc&sort=name HTTP/1.1" 200 21876
23.22.35.162 - - [05/Mar/2024:04:58:01 -0500] "GET /BLA/resoluciones/index.php?dir=AUTOS%202006/&order=asc&sort=date HTTP/1.1" 200 9681
172.22.2.4 - - [05/Mar/2024:04:56:22 -0500] "GET /BLA/boletinlegal/ HTTP/1.1" 200 55442
23.22.35.162 - - [05/Mar/2024:04:58:06 -0500] "GET /BLA/resoluciones/index.php?dir=AUTOS%202006/&order=desc&sort=date HTTP/1.1" 200 9680
3.224.220.101 - - [05/Mar/2024:04:58:25 -0500] "GET /BLA/resoluciones/index.php?dir=AUTOS%202006/&order=asc&sort=name HTTP/1.1" 200 9681
66.249.66.21 - - [05/Mar/2024:04:58:31 -0500] "GET /BLA/resoluciones/Notificaciones/AUTOS%202021/1952.pdf HTTP/1.1" 200 377608
52.70.240.171 - - [05/Mar/2024:04:58:37 -0500] "GET /BLA/resoluciones/index.php?dir=AUTOS%202006/&order=asc&sort=size HTTP/1.1" 200 9681
23.22.35.162 - - [05/Mar/2024:04:58:41 -0500] "GET /BLA/resoluciones/index.php?dir=AUTOS%202006/&order=desc&sort=size HTTP/1.1" 200 9680
216.245.221.92 - - [05/Mar/2024:04:58:46 -0500] "HEAD / HTTP/1.1" 200 -
52.70.240.171 - - [05/Mar/2024:04:58:49 -0500] "GET /BLA/resoluciones/index.php?dir=AUTOS%202006/&order=desc&sort=name HTTP/1.1" 200 9680
52.70.240.171 - - [05/Mar/2024:04:58:53 -0500] "GET /BLA/resoluciones/RESOLUCIONES%202011/0543.pdf HTTP/1.1" 200 71405
66.249.66.20 - - [05/Mar/2024:04:58:55 -0500] "GET /Publicaciones/2023EE43445.pdf HTTP/1.1" 404 227
23.22.35.162 - - [05/Mar/2024:04:58:57 -0500] "GET /BLA/resoluciones/RESOLUCIONES%202011/0199.pdf HTTP/1.1" 200 67243
3.224.220.101 - - [05/Mar/2024:04:59:01 -0500] "GET /BLA/resoluciones/RESOLUCIONES%202011/0542.pdf HTTP/1.1" 200 70559
3.224.220.101 - - [05/Mar/2024:04:59:06 -0500] "GET /BLA/resoluciones/RESOLUCIONES%202011/0198.pdf HTTP/1.1" 200 69405
52.70.240.171 - - [05/Mar/2024:04:59:09 -0500] "GET /BLA/resoluciones/RESOLUCIONES%202011/0541.pdf HTTP/1.1" 200 71373
23.22.35.162 - - [05/Mar/2024:04:59:13 -0500] "GET /BLA/resoluciones/RESOLUCIONES%202011/0197.pdf HTTP/1.1" 200 70025
23.22.35.162 - - [05/Mar/2024:04:59:17 -0500] "GET /BLA/resoluciones/RESOLUCIONES%202011/0540.pdf HTTP/1.1" 200 71107
52.70.240.171 - - [05/Mar/2024:04:59:21 -0500] "GET /BLA/resoluciones/RESOLUCIONES%202011/0196.pdf HTTP/1.1" 200 70799
52.70.240.171 - - [05/Mar/2024:04:59:25 -0500] "GET /BLA/resoluciones/RESOLUCIONES%202011/0538.pdf HTTP/1.1" 200 525646
23.22.35.162 - - [05/Mar/2024:04:59:30 -0500] "GET /BLA/resoluciones/RESOLUCIONES%202011/0195.pdf HTTP/1.1" 200 68407
52.70.240.171 - - [05/Mar/2024:04:59:34 -0500] "GET /BLA/resoluciones/RESOLUCIONES%202011/0537.pdf HTTP/1.1" 200 801710
23.22.35.162 - - [05/Mar/2024:04:59:37 -0500] "GET /BLA/resoluciones/RESOLUCIONES%202011/0194.pdf HTTP/1.1" 200 84111
52.70.240.171 - - [05/Mar/2024:04:59:41 -0500] "GET /BLA/resoluciones/RESOLUCIONES%202011/0536.pdf HTTP/1.1" 200 807854
52.70.240.171 - - [05/Mar/2024:04:59:45 -0500] "GET /BLA/resoluciones/RESOLUCIONES%202011/0193.pdf HTTP/1.1" 200 67275
3.224.220.101 - - [05/Mar/2024:04:59:49 -0500] "GET /BLA/resoluciones/RESOLUCIONES%202011/0192.pdf HTTP/1.1" 200 71311
152.203.135.97 - - [05/Mar/2024:04:59:52 -0500] "GET /sipse/faces/faces/autenticacion.xhtml HTTP/1.1" 200 12723
152.203.135.97 - - [05/Mar/2024:04:59:52 -0500] "GET /sipse/faces/javax.faces.resource/layout/layout.css;jsessionid=HZ0+BusxkYYtaH+0hUpSWdMM.undefined?ln=primefaces&v=4.0 HTTP/1.1" 200 542
152.203.135.97 - - [05/Mar/2024:04:59:52 -0500] "GET /sipse/faces/javax.faces.resource/theme.css?ln=primefaces-sipse HTTP/1.1" 304 -
152.203.135.97 - - [05/Mar/2024:04:59:52 -0500] "GET /sipse/faces/javax.faces.resource/layout/layout.js;jsessionid=HZ0+BusxkYYtaH+0hUpSWdMM.undefined?ln=primefaces&v=4.0 HTTP/1.1" 200 87560
152.203.135.97 - - [05/Mar/2024:04:59:52 -0500] "GET /sipse/faces/javax.faces.resource/primefaces.css;jsessionid=HZ0+BusxkYYtaH+0hUpSWdMM.undefined?ln=primefaces&v=4.0 HTTP/1.1" 200 53295
152.203.135.97 - - [05/Mar/2024:04:59:52 -0500] "GET /sipse/faces/javax.faces.resource/jquery/jquery-plugins.js;jsessionid=HZ0+BusxkYYtaH+0hUpSWdMM.undefined?ln=primefaces&v=4.0 HTTP/1.1" 200 220526
152.203.135.97 - - [05/Mar/2024:04:59:52 -0500] "GET /sipse/faces/javax.faces.resource/primefaces.js;jsessionid=HZ0+BusxkYYtaH+0hUpSWdMM.undefined?ln=primefaces&v=4.0 HTTP/1.1" 200 276924
152.203.135.97 - - [05/Mar/2024:04:59:52 -0500] "GET /sipse/faces/javax.faces.resource/jquery/jquery.js;jsessionid=HZ0+BusxkYYtaH+0hUpSWdMM.undefined?ln=primefaces&v=4.0 HTTP/1.1" 200 105384
152.203.135.97 - - [05/Mar/2024:04:59:52 -0500] "GET /sipse/faces/javax.faces.resource/images/ui-icons_898989_256x240.png?ln=primefaces-aristo HTTP/1.1" 200 5355
152.203.135.97 - - [05/Mar/2024:04:59:52 -0500] "GET /sipse/css/imagen/logoSDG.png HTTP/1.1" 200 29602
152.203.135.97 - - [05/Mar/2024:04:59:52 -0500] "GET /sipse/css/imagen/loginimg.png HTTP/1.1" 200 21242
152.203.135.97 - - [05/Mar/2024:04:59:52 -0500] "GET /favicon.ico HTTP/1.1" 200 7782
152.203.135.97 - - [05/Mar/2024:04:59:52 -0500] "GET /sipse/faces/faces/index.xhtml HTTP/1.1" 200 677
152.203.135.97 - - [05/Mar/2024:04:59:52 -0500] "GET /sipse/faces/javax.faces.resource/theme.css?ln=primefaces-sipse HTTP/1.1" 304 -
152.203.135.97 - - [05/Mar/2024:04:59:52 -0500] "GET /sipse/faces/faces/faces/autenticacion.xhtml HTTP/1.1" 200 12401
152.203.135.97 - - [05/Mar/2024:04:59:52 -0500] "GET /sipse/faces/javax.faces.resource/theme.css?ln=primefaces-sipse HTTP/1.1" 304 -
152.203.135.97 - - [05/Mar/2024:04:59:52 -0500] "GET /sipse/faces/javax.faces.resource/primefaces.css?ln=primefaces&v=4.0 HTTP/1.1" 304 -
152.203.135.97 - - [05/Mar/2024:04:59:52 -0500] "GET /sipse/faces/javax.faces.resource/layout/layout.css?ln=primefaces&v=4.0 HTTP/1.1" 304 -
152.203.135.97 - - [05/Mar/2024:04:59:52 -0500] "GET /sipse/faces/javax.faces.resource/jquery/jquery.js?ln=primefaces&v=4.0 HTTP/1.1" 304 -
152.203.135.97 - - [05/Mar/2024:04:59:52 -0500] "GET /sipse/faces/javax.faces.resource/jquery/jquery-plugins.js?ln=primefaces&v=4.0 HTTP/1.1" 304 -
152.203.135.97 - - [05/Mar/2024:04:59:52 -0500] "GET /sipse/faces/javax.faces.resource/primefaces.js?ln=primefaces&v=4.0 HTTP/1.1" 304 -
152.203.135.97 - - [05/Mar/2024:04:59:52 -0500] "GET /sipse/faces/javax.faces.resource/layout/layout.js?ln=primefaces&v=4.0 HTTP/1.1" 304 -
52.70.240.171 - - [05/Mar/2024:04:59:53 -0500] "GET /BLA/resoluciones/RESOLUCIONES%202011/0190.pdf HTTP/1.1" 200 363330
152.203.135.97 - - [05/Mar/2024:04:59:55 -0500] "POST /sipse/faces/autenticacion.xhtml HTTP/1.1" 200 16279
152.203.135.97 - - [05/Mar/2024:04:59:55 -0500] "GET /sipse/css/custom_css_sg_prime.css HTTP/1.1" 200 5201
152.203.135.97 - - [05/Mar/2024:04:59:55 -0500] "GET /sipse/faces/javax.faces.resource/jquery/jquery.js?ln=primefaces&v=4.0 HTTP/1.1" 304 -
152.203.135.97 - - [05/Mar/2024:04:59:55 -0500] "GET /sipse/faces/javax.faces.resource/jquery/jquery-plugins.js?ln=primefaces&v=4.0 HTTP/1.1" 304 -
152.203.135.97 - - [05/Mar/2024:04:59:55 -0500] "GET /sipse/faces/javax.faces.resource/primefaces.js?ln=primefaces&v=4.0 HTTP/1.1" 304 -
152.203.135.97 - - [05/Mar/2024:04:59:55 -0500] "GET /sipse/faces/javax.faces.resource/layout/layout.js?ln=primefaces&v=4.0 HTTP/1.1" 304 -
152.203.135.97 - - [05/Mar/2024:04:59:55 -0500] "GET /sipse/css/imagen/contrasena.png HTTP/1.1" 404 383
152.203.135.97 - - [05/Mar/2024:04:59:55 -0500] "GET /sipse/faces/javax.faces.resource/messages/messages.png?ln=primefaces&v=4.0 HTTP/1.1" 304 -
23.22.35.162 - - [05/Mar/2024:04:59:57 -0500] "GET /BLA/resoluciones/RESOLUCIONES%202011/0187.pdf HTTP/1.1" 200 71453
152.203.135.97 - - [05/Mar/2024:04:59:59 -0500] "GET /sipse/faces/javax.faces.resource/images/ui-bg_flat_0_2d5972_40x100.png?ln=primefaces-aristo HTTP/1.1" 304 -
152.203.135.97 - - [05/Mar/2024:04:59:59 -0500] "POST /sipse/faces/bienvenido.xhtml HTTP/1.1" 200 1471
152.203.135.97 - - [05/Mar/2024:05:00:00 -0500] "POST /sipse/faces/bienvenido.xhtml HTTP/1.1" 200 61578
152.203.135.97 - - [05/Mar/2024:05:00:00 -0500] "GET /sipse/faces/javax.faces.resource/jquery/jquery.js?ln=primefaces&v=4.0 HTTP/1.1" 304 -
152.203.135.97 - - [05/Mar/2024:05:00:00 -0500] "GET /sipse/faces/javax.faces.resource/jquery/jquery-plugins.js?ln=primefaces&v=4.0 HTTP/1.1" 304 -
152.203.135.97 - - [05/Mar/2024:05:00:00 -0500] "GET /sipse/faces/javax.faces.resource/primefaces.js?ln=primefaces&v=4.0 HTTP/1.1" 304 -
152.203.135.97 - - [05/Mar/2024:05:00:00 -0500] "GET /sipse/faces/javax.faces.resource/layout/layout.js?ln=primefaces&v=4.0 HTTP/1.1" 304 -
152.203.135.97 - - [05/Mar/2024:05:00:00 -0500] "POST /sipse/faces/presentacion/financiero/solicitudProceso/listarSolicitudProceso.xhtml HTTP/1.1" 200 1556
52.70.240.171 - - [05/Mar/2024:05:00:01 -0500] "GET /BLA/resoluciones/RESOLUCIONES%202011/0185.pdf HTTP/1.1" 200 285634
152.203.135.97 - - [05/Mar/2024:05:00:03 -0500] "POST /sipse/faces/presentacion/financiero/solicitudProceso/listarSolicitudProceso.xhtml HTTP/1.1" 200 31684
152.203.135.97 - - [05/Mar/2024:05:00:03 -0500] "POST /sipse/faces/presentacion/financiero/solicitudProceso/listarSolicitudProceso.xhtml HTTP/1.1" 200 5045
152.203.135.97 - - [05/Mar/2024:05:00:05 -0500] "GET /sipse/faces/javax.faces.resource/images/ui-icons_898989_256x240.png?ln=primefaces-aristo HTTP/1.1" 304 -
3.224.220.101 - - [05/Mar/2024:05:00:05 -0500] "GET /BLA/resoluciones/RESOLUCIONES%202011/0183.pdf HTTP/1.1" 200 244979
152.203.135.97 - - [05/Mar/2024:05:00:05 -0500] "POST /sipse/faces/presentacion/financiero/solicitudProceso/listarSolicitudProceso.xhtml HTTP/1.1" 200 147072
152.203.135.97 - - [05/Mar/2024:05:00:06 -0500] "GET /sipse/faces/javax.faces.resource/jquery/jquery.js?ln=primefaces&v=4.0 HTTP/1.1" 304 -
152.203.135.97 - - [05/Mar/2024:05:00:06 -0500] "GET /sipse/faces/javax.faces.resource/jquery/jquery-plugins.js?ln=primefaces&v=4.0 HTTP/1.1" 304 -
152.203.135.97 - - [05/Mar/2024:05:00:06 -0500] "GET /sipse/faces/javax.faces.resource/primefaces.js?ln=primefaces&v=4.0 HTTP/1.1" 304 -
152.203.135.97 - - [05/Mar/2024:05:00:06 -0500] "GET /sipse/faces/javax.faces.resource/layout/layout.js?ln=primefaces&v=4.0 HTTP/1.1" 304 -
3.224.220.101 - - [05/Mar/2024:05:00:09 -0500] "GET /BLA/resoluciones/RESOLUCIONES%202011/0182.pdf HTTP/1.1" 200 899867
152.203.135.97 - - [05/Mar/2024:05:00:10 -0500] "POST /sipse/faces/presentacion/financiero/solicitudProceso/consultarSolicitudProceso.xhtml HTTP/1.1" 200 96108
52.70.240.171 - - [05/Mar/2024:05:00:15 -0500] "GET /BLA/resoluciones/RESOLUCIONES%202011/0180.pdf HTTP/1.1" 200 471258
3.224.220.101 - - [05/Mar/2024:05:00:17 -0500] "GET /BLA/resoluciones/RESOLUCIONES%202011/0178.pdf HTTP/1.1" 200 370341
3.224.220.101 - - [05/Mar/2024:05:00:21 -0500] "GET /BLA/resoluciones/RESOLUCIONES%202011/0177.pdf HTTP/1.1" 200 386325
52.70.240.171 - - [05/Mar/2024:05:00:26 -0500] "GET /BLA/resoluciones/RESOLUCIONES%202011/0173.pdf HTTP/1.1" 200 166669
23.22.35.162 - - [05/Mar/2024:05:00:29 -0500] "GET /BLA/resoluciones/RESOLUCIONES%202011/0535.pdf HTTP/1.1" 200 803242
52.70.240.171 - - [05/Mar/2024:05:00:33 -0500] "GET /BLA/resoluciones/RESOLUCIONES%202011/0170.pdf HTTP/1.1" 200 778562
23.22.35.162 - - [05/Mar/2024:05:00:37 -0500] "GET /BLA/resoluciones/RESOLUCIONES%202011/0534.pdf HTTP/1.1" 200 806498
152.203.135.97 - - [05/Mar/2024:05:00:40 -0500] "POST /sipse/faces/presentacion/financiero/solicitudProceso/consultarSolicitudProceso.xhtml HTTP/1.1" 200 257432
3.224.220.101 - - [05/Mar/2024:05:00:41 -0500] "GET /BLA/resoluciones/RESOLUCIONES%202011/0169.pdf HTTP/1.1" 200 75173
3.224.220.101 - - [05/Mar/2024:05:00:45 -0500] "GET /BLA/resoluciones/RESOLUCIONES%202011/0168.pdf HTTP/1.1" 200 720268
3.224.220.101 - - [05/Mar/2024:05:00:49 -0500] "GET /BLA/resoluciones/RESOLUCIONES%202011/0533.pdf HTTP/1.1" 200 805060
152.203.135.97 - - [05/Mar/2024:05:00:52 -0500] "POST /sipse/faces/presentacion/financiero/solicitudProceso/consultarSolicitudProceso.xhtml HTTP/1.1" 200 72723
3.224.220.101 - - [05/Mar/2024:05:00:53 -0500] "GET /BLA/resoluciones/RESOLUCIONES%202011/0167.pdf HTTP/1.1" 200 604972
52.70.240.171 - - [05/Mar/2024:05:00:57 -0500] "GET /BLA/resoluciones/RESOLUCIONES%202011/0532.pdf HTTP/1.1" 200 801442
23.22.35.162 - - [05/Mar/2024:05:01:01 -0500] "GET /BLA/resoluciones/RESOLUCIONES%202011/0166.pdf HTTP/1.1" 200 583304
152.203.135.97 - - [05/Mar/2024:05:01:05 -0500] "POST /sipse/faces/presentacion/financiero/solicitudProceso/consultarSolicitudProceso.xhtml HTTP/1.1" 200 935929
23.22.35.162 - - [05/Mar/2024:05:01:05 -0500] "GET /BLA/resoluciones/RESOLUCIONES%202011/0531.pdf HTTP/1.1" 200 799018
23.22.35.162 - - [05/Mar/2024:05:01:09 -0500] "GET /BLA/resoluciones/RESOLUCIONES%202011/0165.pdf HTTP/1.1" 200 323387
52.70.240.171 - - [05/Mar/2024:05:01:13 -0500] "GET /BLA/resoluciones/RESOLUCIONES%202011/0530.pdf HTTP/1.1" 200 800814
152.203.135.97 - - [05/Mar/2024:05:01:15 -0500] "POST /sipse/faces/presentacion/financiero/solicitudProceso/consultarSolicitudProceso.xhtml HTTP/1.1" 200 5577
152.203.135.97 - - [05/Mar/2024:05:01:15 -0500] "GET /sipse/faces/javax.faces.resource/dynamiccontent.properties?ln=primefaces&pfdrid=XjOR5%2F%2FfPAZAuY9TpWQeCiM0BhlXxYRBGKi%2FQcXXfeA%3D&pfdrid_c=false HTTP/1.1" 200 120574
23.22.35.162 - - [05/Mar/2024:05:01:18 -0500] "GET /BLA/resoluciones/RESOLUCIONES%202011/0164.pdf HTTP/1.1" 200 252772
201.245.192.253 - - [05/Mar/2024:05:01:19 -0500] "POST /kwsrmcab/Wsrmcab  HTTP/1.1" 200 39632
23.22.35.162 - - [05/Mar/2024:05:01:21 -0500] "GET /BLA/resoluciones/RESOLUCIONES%202011/0529.pdf HTTP/1.1" 200 478854
52.70.240.171 - - [05/Mar/2024:05:01:25 -0500] "GET /BLA/resoluciones/RESOLUCIONES%202011/0161.pdf HTTP/1.1" 200 250295
23.22.35.162 - - [05/Mar/2024:05:01:30 -0500] "GET /BLA/resoluciones/RESOLUCIONES%202011/0527.pdf HTTP/1.1" 200 804606
152.203.135.97 - - [05/Mar/2024:05:01:33 -0500] "POST /sipse/faces/presentacion/financiero/solicitudProceso/consultarSolicitudProceso.xhtml HTTP/1.1" 200 5566
23.22.35.162 - - [05/Mar/2024:05:01:33 -0500] "GET /BLA/resoluciones/RESOLUCIONES%202011/0160.pdf HTTP/1.1" 200 341600
52.167.144.238 - - [05/Mar/2024:05:01:35 -0500] "GET /portaldeninos/?s=2024 HTTP/1.1" 200 85855
52.70.240.171 - - [05/Mar/2024:05:01:37 -0500] "GET /BLA/resoluciones/RESOLUCIONES%202011/0526.pdf HTTP/1.1" 200 161047
23.22.35.162 - - [05/Mar/2024:05:01:41 -0500] "GET /BLA/resoluciones/RESOLUCIONES%202011/0159.pdf HTTP/1.1" 200 322669
23.22.35.162 - - [05/Mar/2024:05:01:46 -0500] "GET /BLA/resoluciones/RESOLUCIONES%202011/0525.pdf HTTP/1.1" 200 363775
152.203.135.97 - - [05/Mar/2024:05:01:49 -0500] "POST /sipse/faces/presentacion/financiero/solicitudProceso/consultarSolicitudProceso.xhtml HTTP/1.1" 200 9593
52.70.240.171 - - [05/Mar/2024:05:01:49 -0500] "GET /BLA/resoluciones/RESOLUCIONES%202011/0158.pdf HTTP/1.1" 200 433955
23.22.35.162 - - [05/Mar/2024:05:01:54 -0500] "GET /BLA/resoluciones/RESOLUCIONES%202011/0523.pdf HTTP/1.1" 200 311090
152.203.135.97 - - [05/Mar/2024:05:01:54 -0500] "POST /sipse/faces/presentacion/financiero/solicitudProceso/consultarSolicitudProceso.xhtml HTTP/1.1" 200 33728
152.203.135.97 - - [05/Mar/2024:05:01:54 -0500] "GET /sipse/faces/javax.faces.resource/jquery/jquery.js?ln=primefaces&v=4.0 HTTP/1.1" 304 -
152.203.135.97 - - [05/Mar/2024:05:01:54 -0500] "GET /sipse/faces/javax.faces.resource/jquery/jquery-plugins.js?ln=primefaces&v=4.0 HTTP/1.1" 304 -
152.203.135.97 - - [05/Mar/2024:05:01:54 -0500] "GET /sipse/faces/javax.faces.resource/primefaces.js?ln=primefaces&v=4.0 HTTP/1.1" 304 -
152.203.135.97 - - [05/Mar/2024:05:01:54 -0500] "GET /sipse/faces/javax.faces.resource/layout/layout.js?ln=primefaces&v=4.0 HTTP/1.1" 304 -
152.203.135.97 - - [05/Mar/2024:05:01:54 -0500] "POST /sipse/faces/presentacion/sistema/reporte/listarReportes.xhtml HTTP/1.1" 200 27046
152.203.135.97 - - [05/Mar/2024:05:01:54 -0500] "POST /sipse/faces/presentacion/sistema/reporte/listarReportes.xhtml HTTP/1.1" 200 27046
152.203.135.97 - - [05/Mar/2024:05:01:56 -0500] "POST /sipse/faces/presentacion/sistema/reporte/listarReportes.xhtml HTTP/1.1" 200 22356
152.203.135.97 - - [05/Mar/2024:05:01:56 -0500] "GET /sipse/faces/javax.faces.resource/jquery/jquery.js?ln=primefaces&v=4.0 HTTP/1.1" 304 -
152.203.135.97 - - [05/Mar/2024:05:01:56 -0500] "GET /sipse/faces/javax.faces.resource/jquery/jquery-plugins.js?ln=primefaces&v=4.0 HTTP/1.1" 304 -
152.203.135.97 - - [05/Mar/2024:05:01:56 -0500] "GET /sipse/faces/javax.faces.resource/primefaces.css?ln=primefaces&v=4.0 HTTP/1.1" 304 -
152.203.135.97 - - [05/Mar/2024:05:01:56 -0500] "GET /sipse/faces/javax.faces.resource/primefaces.js?ln=primefaces&v=4.0 HTTP/1.1" 304 -
152.203.135.97 - - [05/Mar/2024:05:01:56 -0500] "GET /sipse/faces/javax.faces.resource/theme.css?ln=primefaces-sipse HTTP/1.1" 304 -
152.203.135.97 - - [05/Mar/2024:05:01:56 -0500] "GET /sipse/faces/javax.faces.resource/layout/layout.js?ln=primefaces&v=4.0 HTTP/1.1" 304 -
152.203.135.97 - - [05/Mar/2024:05:01:56 -0500] "GET /sipse/faces/javax.faces.resource/layout/layout.css?ln=primefaces&v=4.0 HTTP/1.1" 304 -
152.203.135.97 - - [05/Mar/2024:05:01:56 -0500] "GET /sipse/faces/javax.faces.resource/images/ui-icons_898989_256x240.png?ln=primefaces-aristo HTTP/1.1" 304 -
52.70.240.171 - - [05/Mar/2024:05:01:57 -0500] "GET /BLA/resoluciones/RESOLUCIONES%202011/0157.pdf HTTP/1.1" 200 275643
23.22.35.162 - - [05/Mar/2024:05:02:01 -0500] "GET /BLA/resoluciones/RESOLUCIONES%202011/0522.pdf HTTP/1.1" 200 341446
3.224.220.101 - - [05/Mar/2024:05:02:05 -0500] "GET /BLA/resoluciones/RESOLUCIONES%202011/0156.pdf HTTP/1.1" 200 233747
23.22.35.162 - - [05/Mar/2024:05:02:09 -0500] "GET /BLA/resoluciones/RESOLUCIONES%202011/0521.pdf HTTP/1.1" 200 341518
23.22.35.162 - - [05/Mar/2024:05:02:13 -0500] "GET /BLA/resoluciones/RESOLUCIONES%202011/0520.pdf HTTP/1.1" 200 339724
52.70.240.171 - - [05/Mar/2024:05:02:17 -0500] "GET /BLA/resoluciones/RESOLUCIONES%202011/0155.pdf HTTP/1.1" 200 269605
52.70.240.171 - - [05/Mar/2024:05:02:21 -0500] "GET /BLA/resoluciones/RESOLUCIONES%202011/0519.pdf HTTP/1.1" 200 338822
23.22.35.162 - - [05/Mar/2024:05:02:27 -0500] "GET /BLA/resoluciones/RESOLUCIONES%202011/0154.pdf HTTP/1.1" 200 246649
23.22.35.162 - - [05/Mar/2024:05:02:30 -0500] "GET /BLA/resoluciones/RESOLUCIONES%202011/0518.pdf HTTP/1.1" 200 342258
3.224.220.101 - - [05/Mar/2024:05:02:33 -0500] "GET /BLA/resoluciones/RESOLUCIONES%202011/0153.pdf HTTP/1.1" 200 258311
23.22.35.162 - - [05/Mar/2024:05:02:38 -0500] "GET /BLA/resoluciones/RESOLUCIONES%202011/0512.pdf HTTP/1.1" 200 427834
3.224.220.101 - - [05/Mar/2024:05:02:41 -0500] "GET /BLA/resoluciones/RESOLUCIONES%202011/0149.pdf HTTP/1.1" 200 360960
23.22.35.162 - - [05/Mar/2024:05:02:45 -0500] "GET /BLA/resoluciones/RESOLUCIONES%202011/0511.pdf HTTP/1.1" 200 529272
52.70.240.171 - - [05/Mar/2024:05:02:50 -0500] "GET /BLA/resoluciones/RESOLUCIONES%202011/0148.pdf HTTP/1.1" 200 356009
23.22.35.162 - - [05/Mar/2024:05:02:53 -0500] "GET /BLA/resoluciones/RESOLUCIONES%202011/0510.pdf HTTP/1.1" 200 422888
3.224.220.101 - - [05/Mar/2024:05:02:57 -0500] "GET /BLA/resoluciones/RESOLUCIONES%202011/0147.pdf HTTP/1.1" 200 359432
172.22.2.4 - - [05/Mar/2024:05:01:21 -0500] "HEAD /BLA/boletinlegal/ HTTP/1.1" 200 -
52.70.240.171 - - [05/Mar/2024:05:03:01 -0500] "GET /BLA/resoluciones/RESOLUCIONES%202011/0509.pdf HTTP/1.1" 200 368708
23.22.35.162 - - [05/Mar/2024:05:03:05 -0500] "GET /BLA/resoluciones/RESOLUCIONES%202011/0143.pdf HTTP/1.1" 200 361250
52.70.240.171 - - [05/Mar/2024:05:03:09 -0500] "GET /BLA/resoluciones/RESOLUCIONES%202011/0508.pdf HTTP/1.1" 200 507896
52.70.240.171 - - [05/Mar/2024:05:03:13 -0500] "GET /BLA/resoluciones/RESOLUCIONES%202011/0142.pdf HTTP/1.1" 200 353645
3.224.220.101 - - [05/Mar/2024:05:03:17 -0500] "GET /BLA/resoluciones/RESOLUCIONES%202011/0507.pdf HTTP/1.1" 200 71269
23.22.35.162 - - [05/Mar/2024:05:03:21 -0500] "GET /BLA/resoluciones/RESOLUCIONES%202011/0141.pdf HTTP/1.1" 200 379658
152.203.135.97 - - [05/Mar/2024:05:03:23 -0500] "POST /sipse/faces/presentacion/sistema/reporte/listarReportes.xhtml HTTP/1.1" 200 22356
152.203.135.97 - - [05/Mar/2024:05:03:23 -0500] "GET /sipse/faces/javax.faces.resource/theme.css?ln=primefaces-sipse HTTP/1.1" 304 -
152.203.135.97 - - [05/Mar/2024:05:03:23 -0500] "GET /sipse/faces/javax.faces.resource/primefaces.css?ln=primefaces&v=4.0 HTTP/1.1" 304 -
152.203.135.97 - - [05/Mar/2024:05:03:23 -0500] "GET /sipse/faces/javax.faces.resource/primefaces.js?ln=primefaces&v=4.0 HTTP/1.1" 304 -
152.203.135.97 - - [05/Mar/2024:05:03:23 -0500] "GET /sipse/faces/javax.faces.resource/jquery/jquery-plugins.js?ln=primefaces&v=4.0 HTTP/1.1" 304 -
152.203.135.97 - - [05/Mar/2024:05:03:23 -0500] "GET /sipse/faces/javax.faces.resource/jquery/jquery.js?ln=primefaces&v=4.0 HTTP/1.1" 304 -
152.203.135.97 - - [05/Mar/2024:05:03:23 -0500] "GET /sipse/faces/javax.faces.resource/layout/layout.css?ln=primefaces&v=4.0 HTTP/1.1" 304 -
152.203.135.97 - - [05/Mar/2024:05:03:23 -0500] "GET /sipse/faces/javax.faces.resource/layout/layout.js?ln=primefaces&v=4.0 HTTP/1.1" 304 -
152.203.135.97 - - [05/Mar/2024:05:03:23 -0500] "GET /sipse/faces/javax.faces.resource/images/ui-icons_898989_256x240.png?ln=primefaces-aristo HTTP/1.1" 304 -
52.70.240.171 - - [05/Mar/2024:05:03:25 -0500] "GET /BLA/resoluciones/RESOLUCIONES%202011/0506.pdf HTTP/1.1" 200 68437
52.70.240.171 - - [05/Mar/2024:05:03:29 -0500] "GET /BLA/resoluciones/RESOLUCIONES%202011/0140.pdf HTTP/1.1" 200 363766
52.70.240.171 - - [05/Mar/2024:05:03:33 -0500] "GET /BLA/resoluciones/RESOLUCIONES%202011/0505.pdf HTTP/1.1" 200 89815
52.70.240.171 - - [05/Mar/2024:05:03:38 -0500] "GET /BLA/resoluciones/RESOLUCIONES%202011/0136.pdf HTTP/1.1" 200 352121
23.22.35.162 - - [05/Mar/2024:05:03:41 -0500] "GET /BLA/resoluciones/RESOLUCIONES%202011/0504.pdf HTTP/1.1" 200 158325
3.224.220.101 - - [05/Mar/2024:05:03:45 -0500] "GET /BLA/resoluciones/RESOLUCIONES%202011/0135.pdf HTTP/1.1" 200 361350
216.245.221.92 - - [05/Mar/2024:05:03:46 -0500] "HEAD / HTTP/1.1" 200 -
52.70.240.171 - - [05/Mar/2024:05:03:49 -0500] "GET /BLA/resoluciones/RESOLUCIONES%202011/0503.pdf HTTP/1.1" 200 795552
172.22.2.4 - - [05/Mar/2024:05:02:12 -0500] "GET /BLA/boletinlegal/ HTTP/1.1" 200 58273
52.70.240.171 - - [05/Mar/2024:05:03:53 -0500] "GET /BLA/resoluciones/RESOLUCIONES%202011/0134.pdf HTTP/1.1" 200 385472
3.224.220.101 - - [05/Mar/2024:05:03:57 -0500] "GET /BLA/resoluciones/RESOLUCIONES%202011/0501.pdf HTTP/1.1" 200 414332
3.224.220.101 - - [05/Mar/2024:05:04:02 -0500] "GET /BLA/resoluciones/RESOLUCIONES%202011/0129.pdf HTTP/1.1" 200 353001
52.70.240.171 - - [05/Mar/2024:05:04:05 -0500] "GET /BLA/resoluciones/RESOLUCIONES%202011/0498.pdf HTTP/1.1" 200 83059
52.70.240.171 - - [05/Mar/2024:05:04:09 -0500] "GET /BLA/resoluciones/RESOLUCIONES%202011/0127.pdf HTTP/1.1" 200 520694
3.224.220.101 - - [05/Mar/2024:05:04:13 -0500] "GET /BLA/resoluciones/RESOLUCIONES%202011/0497.pdf HTTP/1.1" 200 92861
3.224.220.101 - - [05/Mar/2024:05:04:17 -0500] "GET /BLA/resoluciones/RESOLUCIONES%202011/0126.pdf HTTP/1.1" 200 514703
23.22.35.162 - - [05/Mar/2024:05:04:21 -0500] "GET /BLA/resoluciones/RESOLUCIONES%202011/0496.pdf HTTP/1.1" 200 76413
3.224.220.101 - - [05/Mar/2024:05:04:25 -0500] "GET /BLA/resoluciones/RESOLUCIONES%202011/0125.pdf HTTP/1.1" 200 512687
52.70.240.171 - - [05/Mar/2024:05:04:30 -0500] "GET /BLA/resoluciones/RESOLUCIONES%202011/0495.pdf HTTP/1.1" 200 79377
23.22.35.162 - - [05/Mar/2024:05:04:34 -0500] "GET /BLA/resoluciones/RESOLUCIONES%202011/0124.pdf HTTP/1.1" 200 515931
23.22.35.162 - - [05/Mar/2024:05:04:37 -0500] "GET /BLA/resoluciones/RESOLUCIONES%202011/0494.pdf HTTP/1.1" 200 71489
152.203.135.97 - - [05/Mar/2024:05:04:40 -0500] "POST /sipse/faces/presentacion/sistema/reporte/ventanaVerReporteParametros.xhtml HTTP/1.1" 302 -
152.203.135.97 - - [05/Mar/2024:05:04:40 -0500] "GET /sipse/faces/javax.faces.resource/images/ui-bg_flat_0_2d5972_40x100.png?ln=primefaces-aristo HTTP/1.1" 304 -
152.203.135.97 - - [05/Mar/2024:05:04:40 -0500] "GET /sipse/faces/autenticacion.xhtml HTTP/1.1" 200 1099
52.70.240.171 - - [05/Mar/2024:05:04:41 -0500] "GET /BLA/resoluciones/RESOLUCIONES%202011/0123.pdf HTTP/1.1" 200 319365
52.70.240.171 - - [05/Mar/2024:05:04:45 -0500] "GET /BLA/resoluciones/RESOLUCIONES%202011/0493.pdf HTTP/1.1" 200 73257
23.22.35.162 - - [05/Mar/2024:05:04:50 -0500] "GET /BLA/resoluciones/RESOLUCIONES%202011/0122.pdf HTTP/1.1" 200 271319
152.203.135.97 - - [05/Mar/2024:05:04:51 -0500] "GET /sipse/faces/index.xhtml HTTP/1.1" 200 677
152.203.135.97 - - [05/Mar/2024:05:04:51 -0500] "GET /sipse/faces/javax.faces.resource/theme.css?ln=primefaces-sipse HTTP/1.1" 304 -
152.203.135.97 - - [05/Mar/2024:05:04:52 -0500] "GET /sipse/faces/faces/autenticacion.xhtml HTTP/1.1" 200 12401
152.203.135.97 - - [05/Mar/2024:05:04:52 -0500] "GET /sipse/faces/javax.faces.resource/theme.css?ln=primefaces-sipse HTTP/1.1" 304 -
152.203.135.97 - - [05/Mar/2024:05:04:52 -0500] "GET /sipse/faces/javax.faces.resource/primefaces.css?ln=primefaces&v=4.0 HTTP/1.1" 304 -
152.203.135.97 - - [05/Mar/2024:05:04:52 -0500] "GET /sipse/faces/javax.faces.resource/layout/layout.css?ln=primefaces&v=4.0 HTTP/1.1" 304 -
152.203.135.97 - - [05/Mar/2024:05:04:52 -0500] "GET /sipse/faces/javax.faces.resource/primefaces.js?ln=primefaces&v=4.0 HTTP/1.1" 304 -
152.203.135.97 - - [05/Mar/2024:05:04:52 -0500] "GET /sipse/faces/javax.faces.resource/jquery/jquery-plugins.js?ln=primefaces&v=4.0 HTTP/1.1" 304 -
152.203.135.97 - - [05/Mar/2024:05:04:52 -0500] "GET /sipse/faces/javax.faces.resource/jquery/jquery.js?ln=primefaces&v=4.0 HTTP/1.1" 304 -
152.203.135.97 - - [05/Mar/2024:05:04:52 -0500] "GET /sipse/faces/javax.faces.resource/layout/layout.js?ln=primefaces&v=4.0 HTTP/1.1" 304 -
152.203.135.97 - - [05/Mar/2024:05:04:52 -0500] "GET /sipse/faces/javax.faces.resource/images/ui-icons_898989_256x240.png?ln=primefaces-aristo HTTP/1.1" 304 -
3.224.220.101 - - [05/Mar/2024:05:04:54 -0500] "GET /BLA/resoluciones/RESOLUCIONES%202011/0492.pdf HTTP/1.1" 200 68537
152.203.135.97 - - [05/Mar/2024:05:04:56 -0500] "POST /sipse/faces/autenticacion.xhtml HTTP/1.1" 200 16279
152.203.135.97 - - [05/Mar/2024:05:04:56 -0500] "GET /sipse/faces/javax.faces.resource/jquery/jquery.js?ln=primefaces&v=4.0 HTTP/1.1" 304 -
152.203.135.97 - - [05/Mar/2024:05:04:56 -0500] "GET /sipse/faces/javax.faces.resource/jquery/jquery-plugins.js?ln=primefaces&v=4.0 HTTP/1.1" 304 -
152.203.135.97 - - [05/Mar/2024:05:04:56 -0500] "GET /sipse/faces/javax.faces.resource/primefaces.js?ln=primefaces&v=4.0 HTTP/1.1" 304 -
152.203.135.97 - - [05/Mar/2024:05:04:56 -0500] "GET /sipse/faces/javax.faces.resource/layout/layout.js?ln=primefaces&v=4.0 HTTP/1.1" 304 -
152.203.135.97 - - [05/Mar/2024:05:04:56 -0500] "GET /sipse/faces/javax.faces.resource/messages/messages.png?ln=primefaces&v=4.0 HTTP/1.1" 304 -
52.70.240.171 - - [05/Mar/2024:05:04:57 -0500] "GET /BLA/resoluciones/RESOLUCIONES%202011/0120.pdf HTTP/1.1" 200 218771
152.203.135.97 - - [05/Mar/2024:05:04:59 -0500] "GET /sipse/faces/javax.faces.resource/images/ui-bg_flat_0_2d5972_40x100.png?ln=primefaces-aristo HTTP/1.1" 304 -
152.203.135.97 - - [05/Mar/2024:05:04:59 -0500] "POST /sipse/faces/bienvenido.xhtml HTTP/1.1" 200 6185
52.70.240.171 - - [05/Mar/2024:05:05:01 -0500] "GET /BLA/resoluciones/RESOLUCIONES%202011/0119.pdf HTTP/1.1" 200 309936
152.203.135.97 - - [05/Mar/2024:05:05:01 -0500] "POST /sipse/faces/bienvenido.xhtml HTTP/1.1" 200 33157
152.203.135.97 - - [05/Mar/2024:05:05:01 -0500] "GET /sipse/faces/javax.faces.resource/jquery/jquery.js?ln=primefaces&v=4.0 HTTP/1.1" 304 -
152.203.135.97 - - [05/Mar/2024:05:05:01 -0500] "GET /sipse/faces/javax.faces.resource/jquery/jquery-plugins.js?ln=primefaces&v=4.0 HTTP/1.1" 304 -
152.203.135.97 - - [05/Mar/2024:05:05:01 -0500] "GET /sipse/faces/javax.faces.resource/primefaces.js?ln=primefaces&v=4.0 HTTP/1.1" 304 -
152.203.135.97 - - [05/Mar/2024:05:05:01 -0500] "GET /sipse/faces/javax.faces.resource/layout/layout.js?ln=primefaces&v=4.0 HTTP/1.1" 304 -
152.203.135.97 - - [05/Mar/2024:05:05:03 -0500] "POST /sipse/faces/presentacion/sistema/reporte/listarReportes.xhtml HTTP/1.1" 200 21785
152.203.135.97 - - [05/Mar/2024:05:05:04 -0500] "GET /sipse/faces/javax.faces.resource/theme.css?ln=primefaces-sipse HTTP/1.1" 304 -
152.203.135.97 - - [05/Mar/2024:05:05:04 -0500] "GET /sipse/faces/javax.faces.resource/primefaces.css?ln=primefaces&v=4.0 HTTP/1.1" 304 -
152.203.135.97 - - [05/Mar/2024:05:05:04 -0500] "GET /sipse/faces/javax.faces.resource/layout/layout.css?ln=primefaces&v=4.0 HTTP/1.1" 304 -
152.203.135.97 - - [05/Mar/2024:05:05:04 -0500] "GET /sipse/faces/javax.faces.resource/jquery/jquery.js?ln=primefaces&v=4.0 HTTP/1.1" 304 -
152.203.135.97 - - [05/Mar/2024:05:05:04 -0500] "GET /sipse/faces/javax.faces.resource/jquery/jquery-plugins.js?ln=primefaces&v=4.0 HTTP/1.1" 304 -
152.203.135.97 - - [05/Mar/2024:05:05:04 -0500] "GET /sipse/faces/javax.faces.resource/primefaces.js?ln=primefaces&v=4.0 HTTP/1.1" 304 -
152.203.135.97 - - [05/Mar/2024:05:05:04 -0500] "GET /sipse/faces/javax.faces.resource/layout/layout.js?ln=primefaces&v=4.0 HTTP/1.1" 304 -
152.203.135.97 - - [05/Mar/2024:05:05:04 -0500] "GET /sipse/faces/javax.faces.resource/images/ui-icons_898989_256x240.png?ln=primefaces-aristo HTTP/1.1" 304 -
3.224.220.101 - - [05/Mar/2024:05:05:06 -0500] "GET /BLA/resoluciones/RESOLUCIONES%202011/0491.pdf HTTP/1.1" 200 71009
3.224.220.101 - - [05/Mar/2024:05:05:09 -0500] "GET /BLA/resoluciones/RESOLUCIONES%202011/0113.pdf HTTP/1.1" 200 461270
