52.70.240.171 - - [05/Mar/2024:07:59:57 -0500] "GET /BLA/resoluciones/RESOLUCIONES%202022/3289.pdf HTTP/1.1" 200 409907
52.70.240.171 - - [05/Mar/2024:08:00:01 -0500] "GET /BLA/resoluciones/RESOLUCIONES%202022/3287.pdf HTTP/1.1" 200 384096
52.70.240.171 - - [05/Mar/2024:08:00:05 -0500] "GET /BLA/resoluciones/RESOLUCIONES%202022/3276.pdf HTTP/1.1" 200 1228657
52.70.240.171 - - [05/Mar/2024:08:00:09 -0500] "GET /BLA/resoluciones/RESOLUCIONES%202022/3274.pdf HTTP/1.1" 200 1101812
52.70.240.171 - - [05/Mar/2024:08:00:13 -0500] "GET /BLA/resoluciones/RESOLUCIONES%202022/3273.pdf HTTP/1.1" 200 471311
187.171.165.164 - - [05/Mar/2024:08:00:13 -0500] "GET /portaldeninos/wp-content/uploads/2019/08/Incendios-forestales-ajustada.gif HTTP/1.1" 200 764832
52.70.240.171 - - [05/Mar/2024:08:00:17 -0500] "GET /BLA/resoluciones/RESOLUCIONES%202022/3272.pdf HTTP/1.1" 200 379914
3.224.220.101 - - [05/Mar/2024:08:00:22 -0500] "GET /BLA/resoluciones/RESOLUCIONES%202022/3271.pdf HTTP/1.1" 200 411674
52.70.240.171 - - [05/Mar/2024:08:00:25 -0500] "GET /BLA/resoluciones/RESOLUCIONES%202022/3270.pdf HTTP/1.1" 200 882682
201.245.192.253 - - [05/Mar/2024:08:00:26 -0500] "POST /kwsrmcab/Wsrmcab  HTTP/1.1" 200 39632
23.22.35.162 - - [05/Mar/2024:08:00:29 -0500] "GET /BLA/resoluciones/RESOLUCIONES%202022/3267.pdf HTTP/1.1" 200 469502
23.22.35.162 - - [05/Mar/2024:08:00:33 -0500] "GET /BLA/resoluciones/RESOLUCIONES%202022/3262.pdf HTTP/1.1" 200 338569
201.245.192.253 - - [05/Mar/2024:08:00:34 -0500] "POST /forms/lservlet;jsessionid=ac16012b30d626f26d2b1c2d4f41939eaa2119c3b879.e3iSbxaKaheRe3iNc3uNbNmQay1ynknvrkLOlQzNp65In0 HTTP/1.1" 200 2
201.245.192.253 - - [05/Mar/2024:08:00:35 -0500] "POST /forms/lservlet;jsessionid=ac16012b30d6f4ea1d4888f54de9a75ed378af0a0d6e.e3iSbxaKaheRe3iNc3uNbNmQay1ynknvrkLOlQzNp65In0 HTTP/1.1" 200 2
23.22.35.162 - - [05/Mar/2024:08:00:37 -0500] "GET /BLA/resoluciones/RESOLUCIONES%202022/3261.pdf HTTP/1.1" 200 474743
23.22.35.162 - - [05/Mar/2024:08:00:41 -0500] "GET /BLA/resoluciones/RESOLUCIONES%202022/3260.pdf HTTP/1.1" 200 419427
23.22.35.162 - - [05/Mar/2024:08:00:45 -0500] "GET /BLA/resoluciones/RESOLUCIONES%202022/3258.pdf HTTP/1.1" 200 485816
52.70.240.171 - - [05/Mar/2024:08:00:49 -0500] "GET /BLA/resoluciones/RESOLUCIONES%202022/3257.pdf HTTP/1.1" 200 525915
52.70.240.171 - - [05/Mar/2024:08:00:53 -0500] "GET /BLA/resoluciones/RESOLUCIONES%202022/3256.pdf HTTP/1.1" 200 380435
23.22.35.162 - - [05/Mar/2024:08:00:57 -0500] "GET /BLA/resoluciones/RESOLUCIONES%202022/3255.pdf HTTP/1.1" 200 416741
52.70.240.171 - - [05/Mar/2024:08:01:01 -0500] "GET /BLA/resoluciones/RESOLUCIONES%202022/3254.pdf HTTP/1.1" 200 436739
23.22.35.162 - - [05/Mar/2024:08:01:05 -0500] "GET /BLA/resoluciones/RESOLUCIONES%202022/3253.pdf HTTP/1.1" 200 476384
23.22.35.162 - - [05/Mar/2024:08:01:09 -0500] "GET /BLA/resoluciones/RESOLUCIONES%202022/3247.pdf HTTP/1.1" 200 427477
23.22.35.162 - - [05/Mar/2024:08:01:13 -0500] "GET /BLA/resoluciones/RESOLUCIONES%202022/3246.pdf HTTP/1.1" 200 423367
200.118.16.147 - - [05/Mar/2024:08:01:16 -0500] "GET /sipse/faces/faces/autenticacion.xhtml HTTP/1.1" 200 12408
200.118.16.147 - - [05/Mar/2024:08:01:16 -0500] "GET /sipse/faces/javax.faces.resource/theme.css?ln=primefaces-sipse HTTP/1.1" 304 -
200.118.16.147 - - [05/Mar/2024:08:01:16 -0500] "GET /sipse/faces/javax.faces.resource/primefaces.css?ln=primefaces&v=4.0 HTTP/1.1" 304 -
200.118.16.147 - - [05/Mar/2024:08:01:16 -0500] "GET /sipse/faces/javax.faces.resource/layout/layout.css?ln=primefaces&v=4.0 HTTP/1.1" 304 -
200.118.16.147 - - [05/Mar/2024:08:01:16 -0500] "GET /sipse/faces/javax.faces.resource/jquery/jquery.js?ln=primefaces&v=4.0 HTTP/1.1" 304 -
200.118.16.147 - - [05/Mar/2024:08:01:16 -0500] "GET /sipse/faces/javax.faces.resource/jquery/jquery-plugins.js?ln=primefaces&v=4.0 HTTP/1.1" 304 -
200.118.16.147 - - [05/Mar/2024:08:01:16 -0500] "GET /sipse/faces/javax.faces.resource/layout/layout.js?ln=primefaces&v=4.0 HTTP/1.1" 304 -
200.118.16.147 - - [05/Mar/2024:08:01:16 -0500] "GET /sipse/faces/javax.faces.resource/primefaces.js?ln=primefaces&v=4.0 HTTP/1.1" 304 -
200.118.16.147 - - [05/Mar/2024:08:01:16 -0500] "GET /sipse/faces/javax.faces.resource/images/ui-icons_898989_256x240.png?ln=primefaces-aristo HTTP/1.1" 304 -
200.118.16.147 - - [05/Mar/2024:08:01:17 -0500] "GET /sipse/faces/faces/index.xhtml HTTP/1.1" 200 677
200.118.16.147 - - [05/Mar/2024:08:01:17 -0500] "GET /sipse/faces/javax.faces.resource/theme.css?ln=primefaces-sipse HTTP/1.1" 304 -
23.22.35.162 - - [05/Mar/2024:08:01:17 -0500] "GET /BLA/resoluciones/RESOLUCIONES%202022/3245.pdf HTTP/1.1" 200 358494
200.118.16.147 - - [05/Mar/2024:08:01:17 -0500] "GET /sipse/faces/faces/faces/autenticacion.xhtml HTTP/1.1" 200 12408
200.118.16.147 - - [05/Mar/2024:08:01:17 -0500] "GET /sipse/faces/javax.faces.resource/theme.css?ln=primefaces-sipse HTTP/1.1" 304 -
200.118.16.147 - - [05/Mar/2024:08:01:17 -0500] "GET /sipse/faces/javax.faces.resource/layout/layout.css?ln=primefaces&v=4.0 HTTP/1.1" 304 -
200.118.16.147 - - [05/Mar/2024:08:01:17 -0500] "GET /sipse/faces/javax.faces.resource/primefaces.js?ln=primefaces&v=4.0 HTTP/1.1" 304 -
200.118.16.147 - - [05/Mar/2024:08:01:17 -0500] "GET /sipse/faces/javax.faces.resource/primefaces.css?ln=primefaces&v=4.0 HTTP/1.1" 304 -
200.118.16.147 - - [05/Mar/2024:08:01:17 -0500] "GET /sipse/faces/javax.faces.resource/jquery/jquery.js?ln=primefaces&v=4.0 HTTP/1.1" 304 -
200.118.16.147 - - [05/Mar/2024:08:01:17 -0500] "GET /sipse/faces/javax.faces.resource/jquery/jquery-plugins.js?ln=primefaces&v=4.0 HTTP/1.1" 304 -
200.118.16.147 - - [05/Mar/2024:08:01:17 -0500] "GET /sipse/faces/javax.faces.resource/layout/layout.js?ln=primefaces&v=4.0 HTTP/1.1" 304 -
200.118.16.147 - - [05/Mar/2024:08:01:17 -0500] "GET /sipse/faces/javax.faces.resource/images/ui-icons_898989_256x240.png?ln=primefaces-aristo HTTP/1.1" 304 -
186.116.218.244 - - [05/Mar/2024:08:01:18 -0500] "GET /sipse/faces/faces/autenticacion.xhtml HTTP/1.1" 200 12723
186.116.218.244 - - [05/Mar/2024:08:01:19 -0500] "GET /sipse/faces/javax.faces.resource/layout/layout.css;jsessionid=nNTzuyuOU5rwKz67p7j1Uorq.undefined?ln=primefaces&v=4.0 HTTP/1.1" 200 542
186.116.218.244 - - [05/Mar/2024:08:01:19 -0500] "GET /sipse/faces/javax.faces.resource/theme.css?ln=primefaces-sipse HTTP/1.1" 304 -
186.116.218.244 - - [05/Mar/2024:08:01:19 -0500] "GET /sipse/faces/javax.faces.resource/primefaces.css;jsessionid=nNTzuyuOU5rwKz67p7j1Uorq.undefined?ln=primefaces&v=4.0 HTTP/1.1" 200 53295
186.116.218.244 - - [05/Mar/2024:08:01:19 -0500] "GET /sipse/faces/javax.faces.resource/layout/layout.js;jsessionid=nNTzuyuOU5rwKz67p7j1Uorq.undefined?ln=primefaces&v=4.0 HTTP/1.1" 200 87560
186.116.218.244 - - [05/Mar/2024:08:01:19 -0500] "GET /sipse/faces/javax.faces.resource/jquery/jquery.js;jsessionid=nNTzuyuOU5rwKz67p7j1Uorq.undefined?ln=primefaces&v=4.0 HTTP/1.1" 200 105384
186.116.218.244 - - [05/Mar/2024:08:01:19 -0500] "GET /sipse/faces/javax.faces.resource/jquery/jquery-plugins.js;jsessionid=nNTzuyuOU5rwKz67p7j1Uorq.undefined?ln=primefaces&v=4.0 HTTP/1.1" 200 220526
186.116.218.244 - - [05/Mar/2024:08:01:19 -0500] "GET /sipse/faces/javax.faces.resource/primefaces.js;jsessionid=nNTzuyuOU5rwKz67p7j1Uorq.undefined?ln=primefaces&v=4.0 HTTP/1.1" 200 276924
186.116.218.244 - - [05/Mar/2024:08:01:19 -0500] "GET /sipse/faces/javax.faces.resource/images/ui-icons_898989_256x240.png?ln=primefaces-aristo HTTP/1.1" 200 5355
186.116.218.244 - - [05/Mar/2024:08:01:19 -0500] "GET /sipse/css/imagen/logoSDG.png HTTP/1.1" 200 53064
186.116.218.244 - - [05/Mar/2024:08:01:19 -0500] "GET /sipse/css/imagen/loginimg.png HTTP/1.1" 200 71635
186.116.218.244 - - [05/Mar/2024:08:01:19 -0500] "GET /favicon.ico HTTP/1.1" 200 7782
186.116.218.244 - - [05/Mar/2024:08:01:19 -0500] "GET /sipse/faces/faces/index.xhtml HTTP/1.1" 200 677
186.116.218.244 - - [05/Mar/2024:08:01:19 -0500] "GET /sipse/faces/javax.faces.resource/theme.css?ln=primefaces-sipse HTTP/1.1" 304 -
186.116.218.244 - - [05/Mar/2024:08:01:19 -0500] "GET /sipse/faces/faces/faces/autenticacion.xhtml HTTP/1.1" 200 12401
186.116.218.244 - - [05/Mar/2024:08:01:19 -0500] "GET /sipse/faces/javax.faces.resource/theme.css?ln=primefaces-sipse HTTP/1.1" 304 -
186.116.218.244 - - [05/Mar/2024:08:01:19 -0500] "GET /sipse/faces/javax.faces.resource/layout/layout.css?ln=primefaces&v=4.0 HTTP/1.1" 304 -
186.116.218.244 - - [05/Mar/2024:08:01:19 -0500] "GET /sipse/faces/javax.faces.resource/primefaces.css?ln=primefaces&v=4.0 HTTP/1.1" 304 -
186.116.218.244 - - [05/Mar/2024:08:01:19 -0500] "GET /sipse/faces/javax.faces.resource/jquery/jquery.js?ln=primefaces&v=4.0 HTTP/1.1" 304 -
186.116.218.244 - - [05/Mar/2024:08:01:19 -0500] "GET /sipse/faces/javax.faces.resource/primefaces.js?ln=primefaces&v=4.0 HTTP/1.1" 304 -
186.116.218.244 - - [05/Mar/2024:08:01:19 -0500] "GET /sipse/faces/javax.faces.resource/layout/layout.js?ln=primefaces&v=4.0 HTTP/1.1" 304 -
186.116.218.244 - - [05/Mar/2024:08:01:19 -0500] "GET /sipse/faces/javax.faces.resource/jquery/jquery-plugins.js?ln=primefaces&v=4.0 HTTP/1.1" 304 -
186.116.218.244 - - [05/Mar/2024:08:01:19 -0500] "GET /sipse/faces/javax.faces.resource/images/ui-icons_898989_256x240.png?ln=primefaces-aristo HTTP/1.1" 304 -
23.22.35.162 - - [05/Mar/2024:08:01:21 -0500] "GET /BLA/resoluciones/RESOLUCIONES%202022/3244.pdf HTTP/1.1" 200 361617
186.116.218.244 - - [05/Mar/2024:08:01:23 -0500] "POST /sipse/faces/autenticacion.xhtml HTTP/1.1" 200 2219
186.116.218.244 - - [05/Mar/2024:08:01:23 -0500] "GET /sipse/faces/javax.faces.resource/messages/messages.png?ln=primefaces&v=4.0 HTTP/1.1" 200 27209
186.116.218.244 - - [05/Mar/2024:08:01:25 -0500] "POST /sipse/faces/autenticacion.xhtml HTTP/1.1" 200 16463
186.116.218.244 - - [05/Mar/2024:08:01:25 -0500] "GET /sipse/css/custom_css_sg_prime.css HTTP/1.1" 200 5201
186.116.218.244 - - [05/Mar/2024:08:01:25 -0500] "GET /sipse/faces/javax.faces.resource/jquery/jquery.js?ln=primefaces&v=4.0 HTTP/1.1" 304 -
52.70.240.171 - - [05/Mar/2024:08:01:25 -0500] "GET /BLA/resoluciones/RESOLUCIONES%202022/3241.pdf HTTP/1.1" 200 344823
186.116.218.244 - - [05/Mar/2024:08:01:25 -0500] "GET /sipse/faces/javax.faces.resource/jquery/jquery-plugins.js?ln=primefaces&v=4.0 HTTP/1.1" 304 -
186.116.218.244 - - [05/Mar/2024:08:01:25 -0500] "GET /sipse/faces/javax.faces.resource/primefaces.js?ln=primefaces&v=4.0 HTTP/1.1" 304 -
186.116.218.244 - - [05/Mar/2024:08:01:25 -0500] "GET /sipse/faces/javax.faces.resource/layout/layout.js?ln=primefaces&v=4.0 HTTP/1.1" 304 -
186.116.218.244 - - [05/Mar/2024:08:01:25 -0500] "GET /sipse/css/imagen/contrasena.png HTTP/1.1" 404 383
186.116.218.244 - - [05/Mar/2024:08:01:27 -0500] "GET /sipse/faces/javax.faces.resource/images/ui-bg_flat_0_2d5972_40x100.png?ln=primefaces-aristo HTTP/1.1" 200 183
186.116.218.244 - - [05/Mar/2024:08:01:27 -0500] "POST /sipse/faces/bienvenido.xhtml HTTP/1.1" 200 2060
52.70.240.171 - - [05/Mar/2024:08:01:29 -0500] "GET /BLA/resoluciones/RESOLUCIONES%202022/3240.pdf HTTP/1.1" 200 389753
186.116.218.244 - - [05/Mar/2024:08:01:29 -0500] "POST /sipse/faces/bienvenido.xhtml HTTP/1.1" 200 38533
186.116.218.244 - - [05/Mar/2024:08:01:29 -0500] "GET /sipse/faces/javax.faces.resource/jquery/jquery.js?ln=primefaces&v=4.0 HTTP/1.1" 304 -
186.116.218.244 - - [05/Mar/2024:08:01:29 -0500] "GET /sipse/faces/javax.faces.resource/jquery/jquery-plugins.js?ln=primefaces&v=4.0 HTTP/1.1" 304 -
186.116.218.244 - - [05/Mar/2024:08:01:29 -0500] "GET /sipse/faces/javax.faces.resource/primefaces.js?ln=primefaces&v=4.0 HTTP/1.1" 304 -
186.116.218.244 - - [05/Mar/2024:08:01:30 -0500] "GET /sipse/faces/javax.faces.resource/layout/layout.js?ln=primefaces&v=4.0 HTTP/1.1" 304 -
186.116.218.244 - - [05/Mar/2024:08:01:30 -0500] "POST /sipse/faces/presentacion/financiero/solicitudProceso/listarSolicitudProceso.xhtml HTTP/1.1" 200 1420
200.118.16.147 - - [05/Mar/2024:08:01:30 -0500] "POST /sipse/faces/autenticacion.xhtml HTTP/1.1" 200 16312
200.118.16.147 - - [05/Mar/2024:08:01:30 -0500] "GET /sipse/faces/javax.faces.resource/jquery/jquery.js?ln=primefaces&v=4.0 HTTP/1.1" 304 -
200.118.16.147 - - [05/Mar/2024:08:01:30 -0500] "GET /sipse/faces/javax.faces.resource/jquery/jquery-plugins.js?ln=primefaces&v=4.0 HTTP/1.1" 304 -
200.118.16.147 - - [05/Mar/2024:08:01:30 -0500] "GET /sipse/faces/javax.faces.resource/primefaces.js?ln=primefaces&v=4.0 HTTP/1.1" 304 -
200.118.16.147 - - [05/Mar/2024:08:01:30 -0500] "GET /sipse/faces/javax.faces.resource/layout/layout.js?ln=primefaces&v=4.0 HTTP/1.1" 304 -
200.118.16.147 - - [05/Mar/2024:08:01:30 -0500] "GET /sipse/css/imagen/contrasena.png HTTP/1.1" 404 383
200.118.16.147 - - [05/Mar/2024:08:01:30 -0500] "GET /sipse/faces/javax.faces.resource/messages/messages.png?ln=primefaces&v=4.0 HTTP/1.1" 304 -
200.118.16.147 - - [05/Mar/2024:08:01:32 -0500] "GET /sipse/faces/javax.faces.resource/images/ui-bg_flat_0_2d5972_40x100.png?ln=primefaces-aristo HTTP/1.1" 304 -
200.118.16.147 - - [05/Mar/2024:08:01:32 -0500] "POST /sipse/faces/bienvenido.xhtml HTTP/1.1" 200 1471
52.70.240.171 - - [05/Mar/2024:08:01:33 -0500] "GET /BLA/resoluciones/RESOLUCIONES%202022/3239.pdf HTTP/1.1" 200 424317
200.118.16.147 - - [05/Mar/2024:08:01:32 -0500] "POST /sipse/faces/bienvenido.xhtml HTTP/1.1" 200 61913
200.118.16.147 - - [05/Mar/2024:08:01:33 -0500] "GET /sipse/faces/javax.faces.resource/jquery/jquery.js?ln=primefaces&v=4.0 HTTP/1.1" 304 -
200.118.16.147 - - [05/Mar/2024:08:01:33 -0500] "GET /sipse/faces/javax.faces.resource/jquery/jquery-plugins.js?ln=primefaces&v=4.0 HTTP/1.1" 304 -
200.118.16.147 - - [05/Mar/2024:08:01:33 -0500] "GET /sipse/faces/javax.faces.resource/primefaces.js?ln=primefaces&v=4.0 HTTP/1.1" 304 -
200.118.16.147 - - [05/Mar/2024:08:01:33 -0500] "GET /sipse/faces/javax.faces.resource/layout/layout.js?ln=primefaces&v=4.0 HTTP/1.1" 304 -
200.118.16.147 - - [05/Mar/2024:08:01:33 -0500] "POST /sipse/faces/presentacion/financiero/solicitudProceso/listarSolicitudProceso.xhtml HTTP/1.1" 200 1556
200.118.16.147 - - [05/Mar/2024:08:01:35 -0500] "POST /sipse/faces/presentacion/financiero/solicitudProceso/listarSolicitudProceso.xhtml HTTP/1.1" 200 31954
200.118.16.147 - - [05/Mar/2024:08:01:35 -0500] "POST /sipse/faces/presentacion/financiero/solicitudProceso/listarSolicitudProceso.xhtml HTTP/1.1" 200 43960
3.224.220.101 - - [05/Mar/2024:08:01:37 -0500] "GET /BLA/resoluciones/RESOLUCIONES%202022/3238.pdf HTTP/1.1" 200 465903
200.118.16.147 - - [05/Mar/2024:08:01:39 -0500] "POST /sipse/faces/presentacion/financiero/solicitudProceso/listarSolicitudProceso.xhtml HTTP/1.1" 200 32052
200.118.16.147 - - [05/Mar/2024:08:01:40 -0500] "POST /sipse/faces/presentacion/financiero/solicitudProceso/listarSolicitudProceso.xhtml HTTP/1.1" 200 19669
186.116.218.244 - - [05/Mar/2024:08:01:39 -0500] "POST /sipse/faces/presentacion/financiero/solicitudProceso/listarSolicitudProceso.xhtml HTTP/1.1" 200 124248
186.116.218.244 - - [05/Mar/2024:08:01:40 -0500] "GET /sipse/faces/javax.faces.resource/jquery/jquery.js?ln=primefaces&v=4.0 HTTP/1.1" 304 -
186.116.218.244 - - [05/Mar/2024:08:01:40 -0500] "GET /sipse/faces/javax.faces.resource/jquery/jquery-plugins.js?ln=primefaces&v=4.0 HTTP/1.1" 304 -
186.116.218.244 - - [05/Mar/2024:08:01:40 -0500] "GET /sipse/faces/javax.faces.resource/primefaces.js?ln=primefaces&v=4.0 HTTP/1.1" 304 -
186.116.218.244 - - [05/Mar/2024:08:01:40 -0500] "GET /sipse/faces/javax.faces.resource/layout/layout.js?ln=primefaces&v=4.0 HTTP/1.1" 304 -
52.70.240.171 - - [05/Mar/2024:08:01:41 -0500] "GET /BLA/resoluciones/RESOLUCIONES%202022/3237.pdf HTTP/1.1" 200 479520
200.118.16.147 - - [05/Mar/2024:08:01:42 -0500] "POST /sipse/faces/presentacion/financiero/solicitudProceso/listarSolicitudProceso.xhtml HTTP/1.1" 200 32076
200.118.16.147 - - [05/Mar/2024:08:01:44 -0500] "POST /sipse/faces/presentacion/financiero/solicitudProceso/listarSolicitudProceso.xhtml HTTP/1.1" 200 31924
52.70.240.171 - - [05/Mar/2024:08:01:45 -0500] "GET /BLA/resoluciones/RESOLUCIONES%202022/3236.pdf HTTP/1.1" 200 342054
23.22.35.162 - - [05/Mar/2024:08:01:49 -0500] "GET /BLA/resoluciones/RESOLUCIONES%202022/3235.pdf HTTP/1.1" 200 429042
52.70.240.171 - - [05/Mar/2024:08:01:53 -0500] "GET /BLA/resoluciones/RESOLUCIONES%202022/3234.pdf HTTP/1.1" 200 420711
23.22.35.162 - - [05/Mar/2024:08:01:57 -0500] "GET /BLA/resoluciones/RESOLUCIONES%202022/3232.pdf HTTP/1.1" 200 420407
23.22.35.162 - - [05/Mar/2024:08:02:01 -0500] "GET /BLA/resoluciones/RESOLUCIONES%202022/3226.pdf HTTP/1.1" 200 373631
3.224.220.101 - - [05/Mar/2024:08:02:05 -0500] "GET /BLA/resoluciones/RESOLUCIONES%202022/3225.pdf HTTP/1.1" 200 504781
23.22.35.162 - - [05/Mar/2024:08:02:09 -0500] "GET /BLA/resoluciones/RESOLUCIONES%202022/3224.pdf HTTP/1.1" 200 412992
52.70.240.171 - - [05/Mar/2024:08:02:13 -0500] "GET /BLA/resoluciones/RESOLUCIONES%202022/3223.pdf HTTP/1.1" 200 435810
3.224.220.101 - - [05/Mar/2024:08:02:18 -0500] "GET /BLA/resoluciones/RESOLUCIONES%202022/3222.pdf HTTP/1.1" 200 434729
23.22.35.162 - - [05/Mar/2024:08:02:23 -0500] "GET /BLA/resoluciones/RESOLUCIONES%202022/3221.pdf HTTP/1.1" 200 433255
3.224.220.101 - - [05/Mar/2024:08:02:27 -0500] "GET /BLA/resoluciones/RESOLUCIONES%202022/3216.pdf HTTP/1.1" 200 350218
3.224.220.101 - - [05/Mar/2024:08:02:32 -0500] "GET /BLA/resoluciones/RESOLUCIONES%202022/3204.pdf HTTP/1.1" 200 456552
201.245.192.253 - - [05/Mar/2024:08:02:34 -0500] "POST /forms/lservlet;jsessionid=ac16012b30d626f26d2b1c2d4f41939eaa2119c3b879.e3iSbxaKaheRe3iNc3uNbNmQay1ynknvrkLOlQzNp65In0 HTTP/1.1" 200 2
201.245.192.253 - - [05/Mar/2024:08:02:35 -0500] "POST /forms/lservlet;jsessionid=ac16012b30d6f4ea1d4888f54de9a75ed378af0a0d6e.e3iSbxaKaheRe3iNc3uNbNmQay1ynknvrkLOlQzNp65In0 HTTP/1.1" 200 2
3.224.220.101 - - [05/Mar/2024:08:02:38 -0500] "GET /BLA/resoluciones/RESOLUCIONES%202022/3202.pdf HTTP/1.1" 200 396448
3.224.220.101 - - [05/Mar/2024:08:02:46 -0500] "GET /BLA/resoluciones/RESOLUCIONES%202022/3184.pdf HTTP/1.1" 200 395304
23.22.35.162 - - [05/Mar/2024:08:02:46 -0500] "GET /BLA/resoluciones/RESOLUCIONES%202022/3185.pdf HTTP/1.1" 200 388776
23.22.35.162 - - [05/Mar/2024:08:02:48 -0500] "GET /BLA/resoluciones/RESOLUCIONES%202022/3183.pdf HTTP/1.1" 200 343624
23.22.35.162 - - [05/Mar/2024:08:03:02 -0500] "GET /BLA/resoluciones/RESOLUCIONES%202022/3180.pdf HTTP/1.1" 200 427065
52.70.240.171 - - [05/Mar/2024:08:03:03 -0500] "GET /BLA/resoluciones/RESOLUCIONES%202022/3179.pdf HTTP/1.1" 200 389023
52.70.240.171 - - [05/Mar/2024:08:03:06 -0500] "GET /BLA/resoluciones/RESOLUCIONES%202022/3182.pdf HTTP/1.1" 200 362832
3.224.220.101 - - [05/Mar/2024:08:03:07 -0500] "GET /BLA/resoluciones/RESOLUCIONES%202022/3178.pdf HTTP/1.1" 200 394358
3.224.220.101 - - [05/Mar/2024:08:03:11 -0500] "GET /BLA/resoluciones/RESOLUCIONES%202022/3177.pdf HTTP/1.1" 200 335730
52.70.240.171 - - [05/Mar/2024:08:03:15 -0500] "GET /BLA/resoluciones/RESOLUCIONES%202022/3176.pdf HTTP/1.1" 200 341204
23.22.35.162 - - [05/Mar/2024:08:03:17 -0500] "GET /BLA/resoluciones/RESOLUCIONES%202022/3175.pdf HTTP/1.1" 200 334322
3.224.220.101 - - [05/Mar/2024:08:03:23 -0500] "GET /BLA/resoluciones/RESOLUCIONES%202022/3174.pdf HTTP/1.1" 200 360972
3.224.220.101 - - [05/Mar/2024:08:03:27 -0500] "GET /BLA/resoluciones/RESOLUCIONES%202022/3171.pdf HTTP/1.1" 200 358496
3.224.220.101 - - [05/Mar/2024:08:03:28 -0500] "GET /BLA/resoluciones/RESOLUCIONES%202022/3170.pdf HTTP/1.1" 200 769049
52.70.240.171 - - [05/Mar/2024:08:03:31 -0500] "GET /BLA/resoluciones/RESOLUCIONES%202022/3161.pdf HTTP/1.1" 200 459792
23.22.35.162 - - [05/Mar/2024:08:03:37 -0500] "GET /BLA/resoluciones/RESOLUCIONES%202022/3160.pdf HTTP/1.1" 200 396725
23.22.35.162 - - [05/Mar/2024:08:03:42 -0500] "GET /BLA/resoluciones/RESOLUCIONES%202022/3159.pdf HTTP/1.1" 200 416073
3.224.220.101 - - [05/Mar/2024:08:03:44 -0500] "GET /BLA/resoluciones/RESOLUCIONES%202022/3158.pdf HTTP/1.1" 200 646769
23.22.35.162 - - [05/Mar/2024:08:03:49 -0500] "GET /BLA/resoluciones/RESOLUCIONES%202022/3157.pdf HTTP/1.1" 200 711594
3.224.220.101 - - [05/Mar/2024:08:03:50 -0500] "GET /BLA/resoluciones/RESOLUCIONES%202022/3156.pdf HTTP/1.1" 200 1532644
52.70.240.171 - - [05/Mar/2024:08:03:54 -0500] "GET /BLA/resoluciones/RESOLUCIONES%202022/3149.pdf HTTP/1.1" 200 443804
23.22.35.162 - - [05/Mar/2024:08:03:57 -0500] "GET /BLA/resoluciones/RESOLUCIONES%202022/3148.pdf HTTP/1.1" 200 404665
3.224.220.101 - - [05/Mar/2024:08:04:02 -0500] "GET /BLA/resoluciones/RESOLUCIONES%202022/3147.pdf HTTP/1.1" 200 348524
3.224.220.101 - - [05/Mar/2024:08:04:05 -0500] "GET /BLA/resoluciones/RESOLUCIONES%202022/3145.pdf HTTP/1.1" 200 407831
23.22.35.162 - - [05/Mar/2024:08:04:11 -0500] "GET /BLA/resoluciones/RESOLUCIONES%202022/3143.pdf HTTP/1.1" 200 381434
3.224.220.101 - - [05/Mar/2024:08:04:13 -0500] "GET /BLA/resoluciones/RESOLUCIONES%202022/3139.pdf HTTP/1.1" 200 345050
3.224.220.101 - - [05/Mar/2024:08:04:17 -0500] "GET /BLA/resoluciones/RESOLUCIONES%202022/3138.pdf HTTP/1.1" 200 400489
52.70.240.171 - - [05/Mar/2024:08:04:21 -0500] "GET /BLA/resoluciones/RESOLUCIONES%202022/3135.pdf HTTP/1.1" 200 428872
66.249.66.20 - - [05/Mar/2024:08:04:22 -0500] "GET /BLA/resoluciones/RESOLUCIONES%202009/7465.pdf HTTP/1.1" 200 712194
66.249.66.20 - - [05/Mar/2024:08:04:24 -0500] "GET /Publicaciones/2023EE43458.pdf HTTP/1.1" 404 227
3.224.220.101 - - [05/Mar/2024:08:04:25 -0500] "GET /BLA/resoluciones/RESOLUCIONES%202022/3133.pdf HTTP/1.1" 200 359208
52.70.240.171 - - [05/Mar/2024:08:04:30 -0500] "GET /BLA/resoluciones/RESOLUCIONES%202022/3132.pdf HTTP/1.1" 200 420384
52.70.240.171 - - [05/Mar/2024:08:04:34 -0500] "GET /BLA/resoluciones/RESOLUCIONES%202022/3130.pdf HTTP/1.1" 200 346031
201.245.192.253 - - [05/Mar/2024:08:04:34 -0500] "POST /forms/lservlet;jsessionid=ac16012b30d626f26d2b1c2d4f41939eaa2119c3b879.e3iSbxaKaheRe3iNc3uNbNmQay1ynknvrkLOlQzNp65In0 HTTP/1.1" 200 2
201.245.192.253 - - [05/Mar/2024:08:04:35 -0500] "POST /forms/lservlet;jsessionid=ac16012b30d6f4ea1d4888f54de9a75ed378af0a0d6e.e3iSbxaKaheRe3iNc3uNbNmQay1ynknvrkLOlQzNp65In0 HTTP/1.1" 200 2
23.22.35.162 - - [05/Mar/2024:08:04:37 -0500] "GET /BLA/resoluciones/RESOLUCIONES%202022/3128.pdf HTTP/1.1" 200 405433
23.22.35.162 - - [05/Mar/2024:08:04:41 -0500] "GET /BLA/resoluciones/RESOLUCIONES%202022/3123.pdf HTTP/1.1" 200 383514
23.22.35.162 - - [05/Mar/2024:08:04:45 -0500] "GET /BLA/resoluciones/RESOLUCIONES%202022/3122.pdf HTTP/1.1" 200 369474
52.70.240.171 - - [05/Mar/2024:08:04:50 -0500] "GET /BLA/resoluciones/RESOLUCIONES%202022/3121.pdf HTTP/1.1" 200 369968
52.70.240.171 - - [05/Mar/2024:08:04:53 -0500] "GET /BLA/resoluciones/RESOLUCIONES%202022/3120.pdf HTTP/1.1" 200 394900
52.70.240.171 - - [05/Mar/2024:08:04:58 -0500] "GET /BLA/resoluciones/RESOLUCIONES%202022/3118.pdf HTTP/1.1" 200 419852
66.249.66.20 - - [05/Mar/2024:08:04:59 -0500] "GET /BLA/resoluciones/Autos%202008/3180.pdf HTTP/1.1" 200 205045
23.22.35.162 - - [05/Mar/2024:08:05:01 -0500] "GET /BLA/resoluciones/RESOLUCIONES%202022/3117.pdf HTTP/1.1" 200 387245
201.245.192.253 - - [05/Mar/2024:08:05:02 -0500] "GET /sipse/faces/index.xhtml HTTP/1.1" 200 677
201.245.192.253 - - [05/Mar/2024:08:05:02 -0500] "GET /sipse/faces/javax.faces.resource/theme.css?ln=primefaces-sipse HTTP/1.1" 304 -
201.245.192.253 - - [05/Mar/2024:08:05:02 -0500] "GET /sipse/faces/faces/autenticacion.xhtml HTTP/1.1" 200 12401
201.245.192.253 - - [05/Mar/2024:08:05:03 -0500] "GET /sipse/faces/javax.faces.resource/primefaces.css?ln=primefaces&v=4.0 HTTP/1.1" 304 -
201.245.192.253 - - [05/Mar/2024:08:05:03 -0500] "GET /sipse/faces/javax.faces.resource/theme.css?ln=primefaces-sipse HTTP/1.1" 304 -
201.245.192.253 - - [05/Mar/2024:08:05:03 -0500] "GET /sipse/faces/javax.faces.resource/jquery/jquery.js?ln=primefaces&v=4.0 HTTP/1.1" 304 -
201.245.192.253 - - [05/Mar/2024:08:05:03 -0500] "GET /sipse/faces/javax.faces.resource/layout/layout.css?ln=primefaces&v=4.0 HTTP/1.1" 304 -
201.245.192.253 - - [05/Mar/2024:08:05:03 -0500] "GET /sipse/faces/javax.faces.resource/layout/layout.js?ln=primefaces&v=4.0 HTTP/1.1" 304 -
201.245.192.253 - - [05/Mar/2024:08:05:03 -0500] "GET /sipse/faces/javax.faces.resource/primefaces.js?ln=primefaces&v=4.0 HTTP/1.1" 304 -
201.245.192.253 - - [05/Mar/2024:08:05:03 -0500] "GET /sipse/faces/javax.faces.resource/jquery/jquery-plugins.js?ln=primefaces&v=4.0 HTTP/1.1" 304 -
201.245.192.253 - - [05/Mar/2024:08:05:03 -0500] "GET /sipse/faces/javax.faces.resource/images/ui-icons_898989_256x240.png?ln=primefaces-aristo HTTP/1.1" 304 -
3.224.220.101 - - [05/Mar/2024:08:05:05 -0500] "GET /BLA/resoluciones/RESOLUCIONES%202022/3115.pdf HTTP/1.1" 200 405069
201.245.192.253 - - [05/Mar/2024:08:05:07 -0500] "POST /sipse/faces/autenticacion.xhtml HTTP/1.1" 200 16904
201.245.192.253 - - [05/Mar/2024:08:05:07 -0500] "GET /sipse/faces/javax.faces.resource/layout/layout.css?ln=primefaces&v=4.0 HTTP/1.1" 304 -
201.245.192.253 - - [05/Mar/2024:08:05:07 -0500] "GET /sipse/faces/javax.faces.resource/primefaces.css?ln=primefaces&v=4.0 HTTP/1.1" 304 -
201.245.192.253 - - [05/Mar/2024:08:05:07 -0500] "GET /sipse/faces/javax.faces.resource/theme.css?ln=primefaces-sipse HTTP/1.1" 304 -
201.245.192.253 - - [05/Mar/2024:08:05:07 -0500] "GET /sipse/faces/javax.faces.resource/jquery/jquery.js?ln=primefaces&v=4.0 HTTP/1.1" 304 -
201.245.192.253 - - [05/Mar/2024:08:05:08 -0500] "GET /sipse/faces/javax.faces.resource/jquery/jquery-plugins.js?ln=primefaces&v=4.0 HTTP/1.1" 304 -
201.245.192.253 - - [05/Mar/2024:08:05:08 -0500] "GET /sipse/faces/javax.faces.resource/primefaces.js?ln=primefaces&v=4.0 HTTP/1.1" 304 -
201.245.192.253 - - [05/Mar/2024:08:05:08 -0500] "GET /sipse/faces/javax.faces.resource/layout/layout.js?ln=primefaces&v=4.0 HTTP/1.1" 304 -
201.245.192.253 - - [05/Mar/2024:08:05:08 -0500] "GET /sipse/css/imagen/contrasena.png HTTP/1.1" 404 383
201.245.192.253 - - [05/Mar/2024:08:05:08 -0500] "GET /sipse/faces/javax.faces.resource/messages/messages.png?ln=primefaces&v=4.0 HTTP/1.1" 304 -
52.70.240.171 - - [05/Mar/2024:08:05:09 -0500] "GET /BLA/resoluciones/RESOLUCIONES%202022/3114.pdf HTTP/1.1" 200 650308
201.245.192.253 - - [05/Mar/2024:08:05:10 -0500] "GET /sipse/faces/javax.faces.resource/images/ui-bg_flat_0_2d5972_40x100.png?ln=primefaces-aristo HTTP/1.1" 304 -
201.245.192.253 - - [05/Mar/2024:08:05:10 -0500] "POST /sipse/faces/bienvenido.xhtml HTTP/1.1" 200 2658
201.245.192.253 - - [05/Mar/2024:08:05:11 -0500] "POST /sipse/faces/bienvenido.xhtml HTTP/1.1" 200 33155
201.245.192.253 - - [05/Mar/2024:08:05:11 -0500] "GET /sipse/faces/javax.faces.resource/theme.css?ln=primefaces-sipse HTTP/1.1" 304 -
201.245.192.253 - - [05/Mar/2024:08:05:11 -0500] "GET /sipse/faces/javax.faces.resource/layout/layout.css?ln=primefaces&v=4.0 HTTP/1.1" 304 -
201.245.192.253 - - [05/Mar/2024:08:05:11 -0500] "GET /sipse/faces/javax.faces.resource/primefaces.css?ln=primefaces&v=4.0 HTTP/1.1" 304 -
201.245.192.253 - - [05/Mar/2024:08:05:11 -0500] "GET /sipse/faces/javax.faces.resource/jquery/jquery.js?ln=primefaces&v=4.0 HTTP/1.1" 304 -
201.245.192.253 - - [05/Mar/2024:08:05:11 -0500] "GET /sipse/faces/javax.faces.resource/jquery/jquery-plugins.js?ln=primefaces&v=4.0 HTTP/1.1" 304 -
201.245.192.253 - - [05/Mar/2024:08:05:11 -0500] "GET /sipse/faces/javax.faces.resource/primefaces.js?ln=primefaces&v=4.0 HTTP/1.1" 304 -
201.245.192.253 - - [05/Mar/2024:08:05:12 -0500] "GET /sipse/faces/javax.faces.resource/layout/layout.js?ln=primefaces&v=4.0 HTTP/1.1" 304 -
201.245.192.253 - - [05/Mar/2024:08:05:12 -0500] "POST /sipse/faces/presentacion/financiero/solicitudProceso/listarSolicitudProceso.xhtml HTTP/1.1" 200 1372
52.70.240.171 - - [05/Mar/2024:08:05:13 -0500] "GET /BLA/resoluciones/RESOLUCIONES%202022/3113.pdf HTTP/1.1" 200 781986
52.70.240.171 - - [05/Mar/2024:08:05:19 -0500] "GET /BLA/resoluciones/RESOLUCIONES%202022/3084.pdf HTTP/1.1" 200 787852
52.70.240.171 - - [05/Mar/2024:08:05:21 -0500] "GET /BLA/resoluciones/RESOLUCIONES%202022/3079.pdf HTTP/1.1" 200 355845
201.245.192.253 - - [05/Mar/2024:08:05:24 -0500] "POST /kwsrmcab/Wsrmcab  HTTP/1.1" 200 39632
52.70.240.171 - - [05/Mar/2024:08:05:25 -0500] "GET /BLA/resoluciones/RESOLUCIONES%202022/3076.pdf HTTP/1.1" 200 854869
52.70.240.171 - - [05/Mar/2024:08:05:29 -0500] "GET /BLA/resoluciones/RESOLUCIONES%202022/3075.pdf HTTP/1.1" 200 6505949
3.224.220.101 - - [05/Mar/2024:08:05:33 -0500] "GET /BLA/resoluciones/RESOLUCIONES%202022/3071.pdf HTTP/1.1" 200 365986
52.70.240.171 - - [05/Mar/2024:08:05:37 -0500] "GET /BLA/resoluciones/RESOLUCIONES%202022/3045.pdf HTTP/1.1" 200 405341
52.70.240.171 - - [05/Mar/2024:08:05:42 -0500] "GET /BLA/resoluciones/RESOLUCIONES%202022/3043.pdf HTTP/1.1" 200 359758
3.224.220.101 - - [05/Mar/2024:08:05:45 -0500] "GET /BLA/resoluciones/RESOLUCIONES%202022/3022.pdf HTTP/1.1" 200 8578680
52.70.240.171 - - [05/Mar/2024:08:05:49 -0500] "GET /BLA/resoluciones/RESOLUCIONES%202022/3018.pdf HTTP/1.1" 200 1090009
23.22.35.162 - - [05/Mar/2024:08:05:53 -0500] "GET /BLA/resoluciones/RESOLUCIONES%202022/3013.pdf HTTP/1.1" 200 335776
52.70.240.171 - - [05/Mar/2024:08:05:57 -0500] "GET /BLA/resoluciones/RESOLUCIONES%202022/3009.pdf HTTP/1.1" 200 477803
52.70.240.171 - - [05/Mar/2024:08:06:01 -0500] "GET /BLA/resoluciones/RESOLUCIONES%202022/3007.pdf HTTP/1.1" 200 458268
3.224.220.101 - - [05/Mar/2024:08:06:05 -0500] "GET /BLA/resoluciones/RESOLUCIONES%202022/3006.pdf HTTP/1.1" 200 471813
52.70.240.171 - - [05/Mar/2024:08:06:09 -0500] "GET /BLA/resoluciones/RESOLUCIONES%202022/3005.pdf HTTP/1.1" 200 461312
181.53.12.90 - - [05/Mar/2024:08:06:09 -0500] "GET /sipse/faces/index.xhtml HTTP/1.1" 200 677
181.53.12.90 - - [05/Mar/2024:08:06:09 -0500] "GET /sipse/faces/javax.faces.resource/theme.css?ln=primefaces-sipse HTTP/1.1" 304 -
181.53.12.90 - - [05/Mar/2024:08:06:10 -0500] "GET /sipse/faces/faces/autenticacion.xhtml HTTP/1.1" 200 12401
181.53.12.90 - - [05/Mar/2024:08:06:10 -0500] "GET /sipse/faces/javax.faces.resource/primefaces.css?ln=primefaces&v=4.0 HTTP/1.1" 304 -
181.53.12.90 - - [05/Mar/2024:08:06:10 -0500] "GET /sipse/faces/javax.faces.resource/theme.css?ln=primefaces-sipse HTTP/1.1" 304 -
181.53.12.90 - - [05/Mar/2024:08:06:10 -0500] "GET /sipse/faces/javax.faces.resource/layout/layout.css?ln=primefaces&v=4.0 HTTP/1.1" 304 -
181.53.12.90 - - [05/Mar/2024:08:06:10 -0500] "GET /sipse/faces/javax.faces.resource/jquery/jquery.js?ln=primefaces&v=4.0 HTTP/1.1" 304 -
181.53.12.90 - - [05/Mar/2024:08:06:10 -0500] "GET /sipse/faces/javax.faces.resource/jquery/jquery-plugins.js?ln=primefaces&v=4.0 HTTP/1.1" 304 -
181.53.12.90 - - [05/Mar/2024:08:06:10 -0500] "GET /sipse/faces/javax.faces.resource/layout/layout.js?ln=primefaces&v=4.0 HTTP/1.1" 304 -
181.53.12.90 - - [05/Mar/2024:08:06:10 -0500] "GET /sipse/faces/javax.faces.resource/primefaces.js?ln=primefaces&v=4.0 HTTP/1.1" 304 -
181.53.12.90 - - [05/Mar/2024:08:06:10 -0500] "GET /sipse/faces/javax.faces.resource/images/ui-icons_898989_256x240.png?ln=primefaces-aristo HTTP/1.1" 304 -
3.224.220.101 - - [05/Mar/2024:08:06:13 -0500] "GET /BLA/resoluciones/RESOLUCIONES%202022/3004.pdf HTTP/1.1" 200 460799
181.53.12.90 - - [05/Mar/2024:08:06:14 -0500] "POST /sipse/faces/autenticacion.xhtml HTTP/1.1" 200 16291
181.53.12.90 - - [05/Mar/2024:08:06:14 -0500] "GET /sipse/faces/javax.faces.resource/primefaces.css?ln=primefaces&v=4.0 HTTP/1.1" 304 -
181.53.12.90 - - [05/Mar/2024:08:06:14 -0500] "GET /sipse/faces/javax.faces.resource/theme.css?ln=primefaces-sipse HTTP/1.1" 304 -
181.53.12.90 - - [05/Mar/2024:08:06:14 -0500] "GET /sipse/faces/javax.faces.resource/layout/layout.css?ln=primefaces&v=4.0 HTTP/1.1" 304 -
181.53.12.90 - - [05/Mar/2024:08:06:14 -0500] "GET /sipse/faces/javax.faces.resource/jquery/jquery.js?ln=primefaces&v=4.0 HTTP/1.1" 304 -
181.53.12.90 - - [05/Mar/2024:08:06:14 -0500] "GET /sipse/faces/javax.faces.resource/jquery/jquery-plugins.js?ln=primefaces&v=4.0 HTTP/1.1" 304 -
181.53.12.90 - - [05/Mar/2024:08:06:14 -0500] "GET /sipse/faces/javax.faces.resource/primefaces.js?ln=primefaces&v=4.0 HTTP/1.1" 304 -
181.53.12.90 - - [05/Mar/2024:08:06:14 -0500] "GET /sipse/faces/javax.faces.resource/layout/layout.js?ln=primefaces&v=4.0 HTTP/1.1" 304 -
181.53.12.90 - - [05/Mar/2024:08:06:14 -0500] "GET /sipse/css/imagen/contrasena.png HTTP/1.1" 404 383
181.53.12.90 - - [05/Mar/2024:08:06:14 -0500] "GET /sipse/faces/javax.faces.resource/messages/messages.png?ln=primefaces&v=4.0 HTTP/1.1" 304 -
181.53.12.90 - - [05/Mar/2024:08:06:16 -0500] "GET /sipse/faces/javax.faces.resource/images/ui-bg_flat_0_2d5972_40x100.png?ln=primefaces-aristo HTTP/1.1" 304 -
181.53.12.90 - - [05/Mar/2024:08:06:16 -0500] "POST /sipse/faces/bienvenido.xhtml HTTP/1.1" 200 1471
52.70.240.171 - - [05/Mar/2024:08:06:17 -0500] "GET /BLA/resoluciones/RESOLUCIONES%202022/3003.pdf HTTP/1.1" 200 463892
181.53.12.90 - - [05/Mar/2024:08:06:17 -0500] "POST /sipse/faces/bienvenido.xhtml HTTP/1.1" 200 64062
181.53.12.90 - - [05/Mar/2024:08:06:18 -0500] "GET /sipse/faces/javax.faces.resource/layout/layout.css?ln=primefaces&v=4.0 HTTP/1.1" 304 -
181.53.12.90 - - [05/Mar/2024:08:06:18 -0500] "GET /sipse/faces/javax.faces.resource/primefaces.css?ln=primefaces&v=4.0 HTTP/1.1" 304 -
181.53.12.90 - - [05/Mar/2024:08:06:18 -0500] "GET /sipse/faces/javax.faces.resource/theme.css?ln=primefaces-sipse HTTP/1.1" 304 -
181.53.12.90 - - [05/Mar/2024:08:06:18 -0500] "GET /sipse/faces/javax.faces.resource/jquery/jquery.js?ln=primefaces&v=4.0 HTTP/1.1" 304 -
181.53.12.90 - - [05/Mar/2024:08:06:18 -0500] "GET /sipse/faces/javax.faces.resource/jquery/jquery-plugins.js?ln=primefaces&v=4.0 HTTP/1.1" 304 -
181.53.12.90 - - [05/Mar/2024:08:06:18 -0500] "GET /sipse/faces/javax.faces.resource/primefaces.js?ln=primefaces&v=4.0 HTTP/1.1" 304 -
181.53.12.90 - - [05/Mar/2024:08:06:18 -0500] "GET /sipse/faces/javax.faces.resource/layout/layout.js?ln=primefaces&v=4.0 HTTP/1.1" 304 -
181.53.12.90 - - [05/Mar/2024:08:06:18 -0500] "POST /sipse/faces/presentacion/financiero/solicitudProceso/listarSolicitudProceso.xhtml HTTP/1.1" 200 1556
3.224.220.101 - - [05/Mar/2024:08:06:21 -0500] "GET /BLA/resoluciones/RESOLUCIONES%202022/3002.pdf HTTP/1.1" 200 402592
181.53.12.90 - - [05/Mar/2024:08:06:21 -0500] "POST /sipse/faces/presentacion/financiero/solicitudProceso/listarSolicitudProceso.xhtml HTTP/1.1" 200 4865
3.224.220.101 - - [05/Mar/2024:08:06:25 -0500] "GET /BLA/resoluciones/RESOLUCIONES%202022/3001.pdf HTTP/1.1" 200 398962
181.53.12.90 - - [05/Mar/2024:08:06:28 -0500] "POST /sipse/faces/presentacion/financiero/solicitudProceso/listarSolicitudProceso.xhtml HTTP/1.1" 200 32002
3.224.220.101 - - [05/Mar/2024:08:06:29 -0500] "GET /BLA/resoluciones/RESOLUCIONES%202022/3000.pdf HTTP/1.1" 200 384784
3.224.220.101 - - [05/Mar/2024:08:06:33 -0500] "GET /BLA/resoluciones/RESOLUCIONES%202022/2999.pdf HTTP/1.1" 200 383649
201.245.192.253 - - [05/Mar/2024:08:06:34 -0500] "POST /forms/lservlet;jsessionid=ac16012b30d626f26d2b1c2d4f41939eaa2119c3b879.e3iSbxaKaheRe3iNc3uNbNmQay1ynknvrkLOlQzNp65In0 HTTP/1.1" 200 2
201.245.192.253 - - [05/Mar/2024:08:06:35 -0500] "POST /forms/lservlet;jsessionid=ac16012b30d6f4ea1d4888f54de9a75ed378af0a0d6e.e3iSbxaKaheRe3iNc3uNbNmQay1ynknvrkLOlQzNp65In0 HTTP/1.1" 200 2
23.22.35.162 - - [05/Mar/2024:08:06:37 -0500] "GET /BLA/resoluciones/RESOLUCIONES%202022/2998.pdf HTTP/1.1" 200 385125
3.224.220.101 - - [05/Mar/2024:08:06:41 -0500] "GET /BLA/resoluciones/RESOLUCIONES%202022/2996.pdf HTTP/1.1" 200 386973
181.53.12.90 - - [05/Mar/2024:08:06:44 -0500] "POST /sipse/faces/presentacion/financiero/solicitudProceso/listarSolicitudProceso.xhtml HTTP/1.1" 200 911
52.70.240.171 - - [05/Mar/2024:08:06:45 -0500] "GET /BLA/resoluciones/RESOLUCIONES%202022/2991.pdf HTTP/1.1" 200 596346
181.53.12.90 - - [05/Mar/2024:08:06:46 -0500] "GET /sipse/faces/faces/faces/autenticacion HTTP/1.1" 302 -
181.53.12.90 - - [05/Mar/2024:08:06:46 -0500] "GET /sipse/faces/autenticacion.xhtml HTTP/1.1" 200 12401
181.53.12.90 - - [05/Mar/2024:08:06:46 -0500] "GET /sipse/faces/javax.faces.resource/theme.css?ln=primefaces-sipse HTTP/1.1" 304 -
181.53.12.90 - - [05/Mar/2024:08:06:46 -0500] "GET /sipse/faces/javax.faces.resource/primefaces.css?ln=primefaces&v=4.0 HTTP/1.1" 304 -
181.53.12.90 - - [05/Mar/2024:08:06:46 -0500] "GET /sipse/faces/javax.faces.resource/jquery/jquery.js?ln=primefaces&v=4.0 HTTP/1.1" 304 -
181.53.12.90 - - [05/Mar/2024:08:06:46 -0500] "GET /sipse/faces/javax.faces.resource/jquery/jquery-plugins.js?ln=primefaces&v=4.0 HTTP/1.1" 304 -
181.53.12.90 - - [05/Mar/2024:08:06:46 -0500] "GET /sipse/faces/javax.faces.resource/layout/layout.css?ln=primefaces&v=4.0 HTTP/1.1" 304 -
181.53.12.90 - - [05/Mar/2024:08:06:46 -0500] "GET /sipse/faces/javax.faces.resource/layout/layout.js?ln=primefaces&v=4.0 HTTP/1.1" 304 -
181.53.12.90 - - [05/Mar/2024:08:06:46 -0500] "GET /sipse/faces/javax.faces.resource/primefaces.js?ln=primefaces&v=4.0 HTTP/1.1" 304 -
3.224.220.101 - - [05/Mar/2024:08:06:49 -0500] "GET /BLA/resoluciones/RESOLUCIONES%202022/2989.pdf HTTP/1.1" 200 2040321
181.53.12.90 - - [05/Mar/2024:08:06:50 -0500] "POST /sipse/faces/autenticacion.xhtml HTTP/1.1" 200 16908
181.53.12.90 - - [05/Mar/2024:08:06:50 -0500] "GET /sipse/faces/javax.faces.resource/theme.css?ln=primefaces-sipse HTTP/1.1" 304 -
181.53.12.90 - - [05/Mar/2024:08:06:50 -0500] "GET /sipse/faces/javax.faces.resource/layout/layout.css?ln=primefaces&v=4.0 HTTP/1.1" 304 -
181.53.12.90 - - [05/Mar/2024:08:06:50 -0500] "GET /sipse/faces/javax.faces.resource/primefaces.css?ln=primefaces&v=4.0 HTTP/1.1" 304 -
181.53.12.90 - - [05/Mar/2024:08:06:50 -0500] "GET /sipse/faces/javax.faces.resource/jquery/jquery.js?ln=primefaces&v=4.0 HTTP/1.1" 304 -
181.53.12.90 - - [05/Mar/2024:08:06:50 -0500] "GET /sipse/faces/javax.faces.resource/jquery/jquery-plugins.js?ln=primefaces&v=4.0 HTTP/1.1" 304 -
181.53.12.90 - - [05/Mar/2024:08:06:50 -0500] "GET /sipse/faces/javax.faces.resource/primefaces.js?ln=primefaces&v=4.0 HTTP/1.1" 304 -
181.53.12.90 - - [05/Mar/2024:08:06:50 -0500] "GET /sipse/faces/javax.faces.resource/layout/layout.js?ln=primefaces&v=4.0 HTTP/1.1" 304 -
181.53.12.90 - - [05/Mar/2024:08:06:52 -0500] "POST /sipse/faces/bienvenido.xhtml HTTP/1.1" 200 2658
3.224.220.101 - - [05/Mar/2024:08:06:53 -0500] "GET /BLA/resoluciones/RESOLUCIONES%202022/2988.pdf HTTP/1.1" 200 674793
181.53.12.90 - - [05/Mar/2024:08:06:53 -0500] "POST /sipse/faces/bienvenido.xhtml HTTP/1.1" 200 42514
181.53.12.90 - - [05/Mar/2024:08:06:54 -0500] "GET /sipse/faces/javax.faces.resource/primefaces.css?ln=primefaces&v=4.0 HTTP/1.1" 304 -
181.53.12.90 - - [05/Mar/2024:08:06:54 -0500] "GET /sipse/faces/javax.faces.resource/theme.css?ln=primefaces-sipse HTTP/1.1" 304 -
181.53.12.90 - - [05/Mar/2024:08:06:54 -0500] "GET /sipse/faces/javax.faces.resource/layout/layout.css?ln=primefaces&v=4.0 HTTP/1.1" 304 -
181.53.12.90 - - [05/Mar/2024:08:06:54 -0500] "GET /sipse/faces/javax.faces.resource/jquery/jquery.js?ln=primefaces&v=4.0 HTTP/1.1" 304 -
181.53.12.90 - - [05/Mar/2024:08:06:54 -0500] "GET /sipse/faces/javax.faces.resource/jquery/jquery-plugins.js?ln=primefaces&v=4.0 HTTP/1.1" 304 -
181.53.12.90 - - [05/Mar/2024:08:06:54 -0500] "GET /sipse/faces/javax.faces.resource/primefaces.js?ln=primefaces&v=4.0 HTTP/1.1" 304 -
181.53.12.90 - - [05/Mar/2024:08:06:54 -0500] "GET /sipse/faces/javax.faces.resource/layout/layout.js?ln=primefaces&v=4.0 HTTP/1.1" 304 -
181.53.12.90 - - [05/Mar/2024:08:06:54 -0500] "POST /sipse/faces/presentacion/financiero/solicitudProceso/listarSolicitudProceso.xhtml HTTP/1.1" 200 1436
3.224.220.101 - - [05/Mar/2024:08:06:57 -0500] "GET /BLA/resoluciones/RESOLUCIONES%202022/2987.pdf HTTP/1.1" 200 473000
181.53.12.90 - - [05/Mar/2024:08:06:58 -0500] "POST /sipse/faces/presentacion/financiero/solicitudProceso/listarSolicitudProceso.xhtml HTTP/1.1" 200 144589
181.53.12.90 - - [05/Mar/2024:08:06:59 -0500] "GET /sipse/faces/javax.faces.resource/jquery/jquery.js?ln=primefaces&v=4.0 HTTP/1.1" 304 -
181.53.12.90 - - [05/Mar/2024:08:06:59 -0500] "GET /sipse/faces/javax.faces.resource/theme.css?ln=primefaces-sipse HTTP/1.1" 304 -
181.53.12.90 - - [05/Mar/2024:08:06:59 -0500] "GET /sipse/faces/javax.faces.resource/primefaces.css?ln=primefaces&v=4.0 HTTP/1.1" 304 -
181.53.12.90 - - [05/Mar/2024:08:06:59 -0500] "GET /sipse/faces/javax.faces.resource/layout/layout.css?ln=primefaces&v=4.0 HTTP/1.1" 304 -
181.53.12.90 - - [05/Mar/2024:08:06:59 -0500] "GET /sipse/faces/javax.faces.resource/jquery/jquery-plugins.js?ln=primefaces&v=4.0 HTTP/1.1" 304 -
181.53.12.90 - - [05/Mar/2024:08:06:59 -0500] "GET /sipse/faces/javax.faces.resource/primefaces.js?ln=primefaces&v=4.0 HTTP/1.1" 304 -
181.53.12.90 - - [05/Mar/2024:08:06:59 -0500] "GET /sipse/faces/javax.faces.resource/layout/layout.js?ln=primefaces&v=4.0 HTTP/1.1" 304 -
3.224.220.101 - - [05/Mar/2024:08:07:01 -0500] "GET /BLA/resoluciones/RESOLUCIONES%202022/2985.pdf HTTP/1.1" 200 510515
52.70.240.171 - - [05/Mar/2024:08:07:05 -0500] "GET /BLA/resoluciones/RESOLUCIONES%202022/2984.pdf HTTP/1.1" 200 336000
172.22.1.61 - - [05/Mar/2024:08:07:06 -0500] "GET /reportes_sipse/sdg/ServletFirma?solicitud=24938 HTTP/1.1" 200 -
52.70.240.171 - - [05/Mar/2024:08:07:09 -0500] "GET /BLA/resoluciones/RESOLUCIONES%202022/2980.pdf HTTP/1.1" 200 490105
186.102.66.217 - - [05/Mar/2024:08:07:10 -0500] "GET /kwssiamovil/sm/ldap/au?x=U2FsdGVkX1/hJLt+/p99vbnnn1VXXx4T/1bozG+8R2+a6f6xLnrDXETJ1tP7sytGnaXm2eFYmwEjMOUdDJ/0mA==&y=U2FsdGVkX1+8sEa2OCryS9RFFsiTEd94Ex5nbnTd3BcrjJOtUjBUt/ewJBbJ/g2l HTTP/1.1" 200 30
186.102.66.217 - - [05/Mar/2024:08:07:10 -0500] "GET /kwssiamovil/sm/acme/s?s=U2FsdGVkX1+YU5ouij/5y5W5rHYnjW+lzTPnbgsTS0LbR3RA1+XzV7dP4i+ogVutE+mdSM0ezav8xiSX1N4+lSyp0q7OOM7XmbHABu/U4Is=&u=U2FsdGVkX19lNSmOFdf83QAnlj1oyoBV0e8IlLz6hFj1cXHyhr4k4LXeFVnpm4F1&y=U2FsdGVkX1+8sEa2OCryS9RFFsiTEd94Ex5nbnTd3BcrjJOtUjBUt/ewJBbJ/g2l HTTP/1.1" 200 97
186.102.66.217 - - [05/Mar/2024:08:07:10 -0500] "GET /kwssiamovil/sm/acme/s?s=U2FsdGVkX18YgKACnBJJN/YPkn8QP4W9pjVOtbTBM+uFv1erbh7tyNPFcbQ3PlQKuvzDR+/Sc31EdXQheqCObHGg3vFnmg6vjZfxxD5fLhfSOLCeIsVFNTE7+aaR3J1Ldt39alnSDu8z4g8PvaCf0kAj9xpBY57sQxPn1c8ydFL4G4n4x69zWpA7UQVL2Xa7xrrF0bQ1gB46jKiFUXud26ZBxRp2+vGLylJPq46k5dIKSG7kuDG5B2SJzKI6C2Dg/HYs52X3QMMHM8IvIXfSe+a2X3UTWL4AXSYQQ5CCIB6YmzRTKsbLRhGfe0ntOGybiRTxGSyk7772GL74kPRYkOY2KUJ5v8M4xDRWnSA3NgRa6xbNvdrVWoRDsCIluKMlamUfSPU9Xr8jnoCypfs3BF7z03Ako+hWveAVDQopK59OginSNTGoHfkM6hDRBFXgiTCoNJIIEEYyg6QIU7yQcznlFW03nhRrNAZlaPEj/9BwbBayDmJdKePZeT465XT/IGDpOQ3WP1YhfdwVmF3X5Rc/fRYRQPXT/kZcTPVJa0V5gB7AYt5UwIMmu7hm/VfNhOyzl3J1s3GuYuay7pE4qUgFlN5+0O7M4o7vQeBnMqL0FZssXjIRSk8m3wUeGn9ypHM9mt6KQX65OUGqmyep+IySr+VyV0MGGrJ91HpJhO5tGTdElbyMpCwfTgUGq1tEvzrZBJVPScws8NedRWMuksLxcAd91rOGy71qP8XucA7ri7l2WJC0UrP+qfxnQBOkXY1Boxe6jSzLRPpeSk/3BClYs7U9Er9EaWjYSxwJyhSyqb0xFEG4bosI5AItw1DpIwCgExZLvblcC1W1jTevyzKCc1PF3UzmEE8sT0eKFqO9b2OD8AOLN8P0fGgkJx3ODO2mnKfL79Ln6mI/HfcCtwNgLq0m0mSCzJqYrizFeZ3ihWkAGAh5hWYmYVmiIiIG/YHRJ7yiW8su6bI+c9y0h2oFTZSr10qqnMWHq86MPKS+7vOyAHFm08a1sno1364FH86DM/HarzXyl5MMupqjHwFTgqBQosGdViNQTjrrw+WAZpi38IfFu7IZQthvRXgveliroVQjW/DMmk1UPV3XMjfe2t72tDHCpH4D0wrQeNST53cXg7MYx2oHCVUHYVdq72cDKzIO260egDlbFdNzO6z/V8uKJdgZKp1uPNo4HFjtmKccYe9qZwqNYkAuhLfDa4DYV8vEWQMFWc4xD6/v0V3Q3xToE2yNpJhZ5mWlTLkdsY/I5DLqBUxrh2/TZMqUkdL/ESSI7ty6tLuN+x7wTbloxHRbNVb+V9IY5bZtSpxKIOHjqtyVF4b3rYHxUtV65WeAY2WYB6Z/y9zaPQ6puIgZydjpz3+TwhP/OHg3yOQxNkoxd6FjD6iPRusvP9wQB/Txi4qtGzlbFjyba2zo8xQ17Z3EdSf+7R3qm3DFqHTBDXXC3g8FhFJzHClA7ML/AJpCMERv4fnCScF6huFWHSnCnsP5B2rsBlttcSDTXTGX6XLykeo/133I1U86UcXl5VYPs5ADKFP4NPXULFcPO4jj+L1xnbN22Ja1wluS0QOMw3zZLh+DBzDASfwwa2xqbgatUrs0eMcr0HNQc2KfbnF4noFHmNAvn4zUO1fIIzaz6dUqc2gMzfeXQ9mxHX82Te34xGYP1mWoHJrpPbptVs7mLAlMsIBzHO53VOjP0/Rrxb5F1zMDLc+9omNWLuTuu7sgs2kadUUfnQ3tNjvt4kxaJPw9m4UsJhGRDyDnkl/nk2mw0YAt7QvPuOE5FgW2&u=U2FsdGVkX19lNSmOFdf83QAnlj1oyoBV0e8IlLz6hFj1cXHyhr4k4LXeFVnpm4F1&y=U2FsdGVkX1+8sEa2OCryS9RFFsiTEd94Ex5nbnTd3BcrjJOtUjBUt/ewJBbJ/g2l HTTP/1.1" 200 5871
186.102.66.217 - - [05/Mar/2024:08:07:11 -0500] "GET /kwssiamovil/sm/acme/s?s=U2FsdGVkX18pDTYNVaC4qyW3SmfaD+/qZKPykZxBaCdraZUNRkT5EB4voZtgO9P2l+8r0xqmlHJVz65/jt+sWbRsN9orHO8YCndQ9R+T3PksB/2IhKAk3AJMrESfcDnq2T6o6lID5AybYsdrq9AHH4RV72FEv0bV+Gz6dZ4XXYVT/zBchDkIGTLAINO0M3QWPqUkkDLMX6d66C43K7LU2doJPP3mMFtXZu3zuQ/3PxjjD24KQBhkTA1myLShVmAeydiHT8LRHJhcKDH5wUpgRWU3bO69+4xvah/E46eAtyVdGkDHt7CElt8AuO8q3v46BQQ7EwuS2FMF3wthcHXHupoTzrGKXdBjZqloLIeoeu7wj1KtRGEpTAN6AX0hkAYC7EAQo7KxL91L2fMYFrWsx6Wq9sXBR0YTc/8sgFs6MIR53VqE07FtQPUyn2JxWCUKrIeoOGJyPAmieGBXnYUCPByMoAYeK2tiYWEZcGQyS+W/GII017j/Wl3I1uLsc6fKVDW2eP7DhG6WiW+SohV8lD+5ELYg5BG9IKAUDaGrl3UBC0A1UVEBDV/6uwVpPXTqSsUfihKjwsGUczxXIYHeCVYDn/+OJ+PnFgW/4Y/tqFUc7w3Zllm0s68WN0q+Jp0VM5DZyKGBPyIQwY/ahFlYnPZg4EkGCVGBCP+HwHCiHXWT3ez1BHZPHofF8S/PqBeMExrJdpIyAclZvITpOac6bPJRcVt9OtuvfL8w8ljwnCqI8osVqyfpoD7YgR+DJK7J&u=U2FsdGVkX19lNSmOFdf83QAnlj1oyoBV0e8IlLz6hFj1cXHyhr4k4LXeFVnpm4F1&y=U2FsdGVkX1+8sEa2OCryS9RFFsiTEd94Ex5nbnTd3BcrjJOtUjBUt/ewJBbJ/g2l HTTP/1.1" 200 208
181.53.12.90 - - [05/Mar/2024:08:07:06 -0500] "POST /sipse/faces/presentacion/financiero/solicitudProceso/consultarSolicitudProceso.xhtml HTTP/1.1" 200 40032
181.53.12.90 - - [05/Mar/2024:08:07:11 -0500] "GET /sipse/faces/javax.faces.resource/primefaces.css?ln=primefaces&v=4.0 HTTP/1.1" 304 -
181.53.12.90 - - [05/Mar/2024:08:07:11 -0500] "GET /sipse/faces/javax.faces.resource/jquery/jquery.js?ln=primefaces&v=4.0 HTTP/1.1" 304 -
181.53.12.90 - - [05/Mar/2024:08:07:11 -0500] "GET /sipse/faces/javax.faces.resource/theme.css?ln=primefaces-sipse HTTP/1.1" 304 -
181.53.12.90 - - [05/Mar/2024:08:07:11 -0500] "GET /sipse/faces/javax.faces.resource/layout/layout.css?ln=primefaces&v=4.0 HTTP/1.1" 304 -
181.53.12.90 - - [05/Mar/2024:08:07:11 -0500] "GET /sipse/faces/javax.faces.resource/jquery/jquery-plugins.js?ln=primefaces&v=4.0 HTTP/1.1" 304 -
181.53.12.90 - - [05/Mar/2024:08:07:11 -0500] "GET /sipse/faces/javax.faces.resource/primefaces.js?ln=primefaces&v=4.0 HTTP/1.1" 304 -
181.53.12.90 - - [05/Mar/2024:08:07:11 -0500] "GET /sipse/faces/javax.faces.resource/layout/layout.js?ln=primefaces&v=4.0 HTTP/1.1" 304 -
181.53.12.90 - - [05/Mar/2024:08:07:11 -0500] "POST /sipse/faces/presentacion/financiero/solicitudProceso/listarSolicitudProceso.xhtml HTTP/1.1" 200 1420
186.102.66.217 - - [05/Mar/2024:08:07:11 -0500] "GET /kwssiamovil/sm/cjson/pre?f=1&x=U2FsdGVkX1/hJLt+/p99vbnnn1VXXx4T/1bozG+8R2+a6f6xLnrDXETJ1tP7sytGnaXm2eFYmwEjMOUdDJ/0mA== HTTP/1.1" 200 30244
23.22.35.162 - - [05/Mar/2024:08:07:14 -0500] "GET /BLA/resoluciones/RESOLUCIONES%202022/2977.pdf HTTP/1.1" 200 404827
181.53.12.90 - - [05/Mar/2024:08:07:14 -0500] "POST /sipse/faces/presentacion/financiero/solicitudProceso/listarSolicitudProceso.xhtml HTTP/1.1" 200 146430
181.53.12.90 - - [05/Mar/2024:08:07:15 -0500] "GET /sipse/faces/javax.faces.resource/theme.css?ln=primefaces-sipse HTTP/1.1" 304 -
181.53.12.90 - - [05/Mar/2024:08:07:15 -0500] "GET /sipse/faces/javax.faces.resource/layout/layout.css?ln=primefaces&v=4.0 HTTP/1.1" 304 -
181.53.12.90 - - [05/Mar/2024:08:07:15 -0500] "GET /sipse/faces/javax.faces.resource/primefaces.css?ln=primefaces&v=4.0 HTTP/1.1" 304 -
181.53.12.90 - - [05/Mar/2024:08:07:15 -0500] "GET /sipse/faces/javax.faces.resource/jquery/jquery.js?ln=primefaces&v=4.0 HTTP/1.1" 304 -
181.53.12.90 - - [05/Mar/2024:08:07:15 -0500] "GET /sipse/faces/javax.faces.resource/jquery/jquery-plugins.js?ln=primefaces&v=4.0 HTTP/1.1" 304 -
181.53.12.90 - - [05/Mar/2024:08:07:15 -0500] "GET /sipse/faces/javax.faces.resource/primefaces.js?ln=primefaces&v=4.0 HTTP/1.1" 304 -
181.53.12.90 - - [05/Mar/2024:08:07:15 -0500] "GET /sipse/faces/javax.faces.resource/layout/layout.js?ln=primefaces&v=4.0 HTTP/1.1" 304 -
23.22.35.162 - - [05/Mar/2024:08:07:17 -0500] "GET /BLA/resoluciones/RESOLUCIONES%202022/2976.pdf HTTP/1.1" 200 445962
3.224.220.101 - - [05/Mar/2024:08:07:21 -0500] "GET /BLA/resoluciones/RESOLUCIONES%202022/2974.pdf HTTP/1.1" 200 443497
172.22.1.61 - - [05/Mar/2024:08:07:22 -0500] "GET /reportes_sipse/sdg/ServletFirma?solicitud=24927 HTTP/1.1" 200 -
23.22.35.162 - - [05/Mar/2024:08:07:25 -0500] "GET /BLA/resoluciones/RESOLUCIONES%202022/2973.pdf HTTP/1.1" 200 774800
181.53.12.90 - - [05/Mar/2024:08:07:22 -0500] "POST /sipse/faces/presentacion/financiero/solicitudProceso/consultarSolicitudProceso.xhtml HTTP/1.1" 200 36995
181.53.12.90 - - [05/Mar/2024:08:07:25 -0500] "GET /sipse/faces/javax.faces.resource/theme.css?ln=primefaces-sipse HTTP/1.1" 304 -
181.53.12.90 - - [05/Mar/2024:08:07:25 -0500] "GET /sipse/faces/javax.faces.resource/primefaces.css?ln=primefaces&v=4.0 HTTP/1.1" 304 -
181.53.12.90 - - [05/Mar/2024:08:07:25 -0500] "GET /sipse/faces/javax.faces.resource/layout/layout.css?ln=primefaces&v=4.0 HTTP/1.1" 304 -
181.53.12.90 - - [05/Mar/2024:08:07:25 -0500] "GET /sipse/faces/javax.faces.resource/jquery/jquery.js?ln=primefaces&v=4.0 HTTP/1.1" 304 -
181.53.12.90 - - [05/Mar/2024:08:07:25 -0500] "GET /sipse/faces/javax.faces.resource/jquery/jquery-plugins.js?ln=primefaces&v=4.0 HTTP/1.1" 304 -
181.53.12.90 - - [05/Mar/2024:08:07:25 -0500] "GET /sipse/faces/javax.faces.resource/primefaces.js?ln=primefaces&v=4.0 HTTP/1.1" 304 -
181.53.12.90 - - [05/Mar/2024:08:07:25 -0500] "GET /sipse/faces/javax.faces.resource/layout/layout.js?ln=primefaces&v=4.0 HTTP/1.1" 304 -
181.53.12.90 - - [05/Mar/2024:08:07:26 -0500] "POST /sipse/faces/presentacion/financiero/solicitudProceso/listarSolicitudProceso.xhtml HTTP/1.1" 200 1392
181.53.12.90 - - [05/Mar/2024:08:07:27 -0500] "GET /sipse/faces/autenticacion.xhtml HTTP/1.1" 200 12410
52.70.240.171 - - [05/Mar/2024:08:07:29 -0500] "GET /BLA/resoluciones/RESOLUCIONES%202022/2972.pdf HTTP/1.1" 200 541292
181.53.12.90 - - [05/Mar/2024:08:07:31 -0500] "POST /sipse/faces/autenticacion.xhtml HTTP/1.1" 200 16323
181.53.12.90 - - [05/Mar/2024:08:07:31 -0500] "GET /sipse/faces/javax.faces.resource/theme.css?ln=primefaces-sipse HTTP/1.1" 304 -
181.53.12.90 - - [05/Mar/2024:08:07:31 -0500] "GET /sipse/faces/javax.faces.resource/primefaces.css?ln=primefaces&v=4.0 HTTP/1.1" 304 -
181.53.12.90 - - [05/Mar/2024:08:07:31 -0500] "GET /sipse/faces/javax.faces.resource/layout/layout.css?ln=primefaces&v=4.0 HTTP/1.1" 304 -
