40.77.167.18 - - [05/Mar/2024:06:44:37 -0500] "GET /portaldeninos/wp-content/themes/betheme/assets/jplayer/css/jplayer.blue.monday.css?ver=20.9.6 HTTP/1.1" 200 9834
40.77.167.18 - - [05/Mar/2024:06:44:37 -0500] "GET /portaldeninos/wp-content/themes/betheme/css/base.css?ver=20.9.6 HTTP/1.1" 200 57283
40.77.167.18 - - [05/Mar/2024:06:44:38 -0500] "GET /portaldeninos/wp-content/themes/betheme/css/responsive.css?ver=20.9.6 HTTP/1.1" 200 55740
40.77.167.18 - - [05/Mar/2024:06:44:38 -0500] "GET /portaldeninos/wp-content/themes/betheme/js/scripts.js?ver=20.9.6 HTTP/1.1" 200 77162
40.77.167.18 - - [05/Mar/2024:06:44:38 -0500] "GET /portaldeninos/wp-content/uploads/useanyfont/uaf.css?ver=1589905315 HTTP/1.1" 200 408
40.77.167.18 - - [05/Mar/2024:06:44:39 -0500] "GET /portaldeninos/wp-includes/js/jquery/jquery-migrate.min.js?ver=1.4.1 HTTP/1.1" 200 10056
52.70.240.171 - - [05/Mar/2024:06:44:41 -0500] "GET /BLA/resoluciones/RESOLUCIONES%202019/0529.pdf HTTP/1.1" 200 274229
52.70.240.171 - - [05/Mar/2024:06:44:45 -0500] "GET /BLA/resoluciones/RESOLUCIONES%202019/1402.pdf HTTP/1.1" 200 752925
52.70.240.171 - - [05/Mar/2024:06:44:49 -0500] "GET /BLA/resoluciones/RESOLUCIONES%202019/0525.pdf HTTP/1.1" 200 951027
52.70.240.171 - - [05/Mar/2024:06:44:53 -0500] "GET /BLA/resoluciones/RESOLUCIONES%202019/0520.pdf HTTP/1.1" 200 331765
172.22.2.4 - - [05/Mar/2024:06:43:15 -0500] "HEAD /BLA/boletinlegal/ HTTP/1.1" 200 -
52.70.240.171 - - [05/Mar/2024:06:44:57 -0500] "GET /BLA/resoluciones/RESOLUCIONES%202019/0519.pdf HTTP/1.1" 200 233223
23.22.35.162 - - [05/Mar/2024:06:45:01 -0500] "GET /BLA/resoluciones/RESOLUCIONES%202019/0518.pdf HTTP/1.1" 200 232950
3.224.220.101 - - [05/Mar/2024:06:45:05 -0500] "GET /BLA/resoluciones/RESOLUCIONES%202019/0516.pdf HTTP/1.1" 200 250699
52.70.240.171 - - [05/Mar/2024:06:45:09 -0500] "GET /BLA/resoluciones/RESOLUCIONES%202019/0513.pdf HTTP/1.1" 200 340247
23.22.35.162 - - [05/Mar/2024:06:45:13 -0500] "GET /BLA/resoluciones/RESOLUCIONES%202019/0512.pdf HTTP/1.1" 200 253574
23.22.35.162 - - [05/Mar/2024:06:45:18 -0500] "GET /BLA/resoluciones/RESOLUCIONES%202019/0510.pdf HTTP/1.1" 200 311894
52.70.240.171 - - [05/Mar/2024:06:45:21 -0500] "GET /BLA/resoluciones/RESOLUCIONES%202019/0509.pdf HTTP/1.1" 200 248987
23.22.35.162 - - [05/Mar/2024:06:45:25 -0500] "GET /BLA/resoluciones/RESOLUCIONES%202019/0508.pdf HTTP/1.1" 200 241206
52.70.240.171 - - [05/Mar/2024:06:45:29 -0500] "GET /BLA/resoluciones/RESOLUCIONES%202019/0503.pdf HTTP/1.1" 200 273308
3.224.220.101 - - [05/Mar/2024:06:45:33 -0500] "GET /BLA/resoluciones/RESOLUCIONES%202019/0502.pdf HTTP/1.1" 200 303128
3.224.220.101 - - [05/Mar/2024:06:45:38 -0500] "GET /BLA/resoluciones/RESOLUCIONES%202019/0501.pdf HTTP/1.1" 200 365546
3.224.220.101 - - [05/Mar/2024:06:45:41 -0500] "GET /BLA/resoluciones/RESOLUCIONES%202019/0496.pdf HTTP/1.1" 200 262767
52.70.240.171 - - [05/Mar/2024:06:45:45 -0500] "GET /BLA/resoluciones/RESOLUCIONES%202019/0495.pdf HTTP/1.1" 200 303564
172.22.2.4 - - [05/Mar/2024:06:44:06 -0500] "GET /BLA/boletinlegal/ HTTP/1.1" 200 58273
52.70.240.171 - - [05/Mar/2024:06:45:49 -0500] "GET /BLA/resoluciones/RESOLUCIONES%202019/1399.pdf HTTP/1.1" 200 275795
201.245.192.253 - - [05/Mar/2024:06:45:48 -0500] "POST /kwsrmcab/Wsrmcab  HTTP/1.1" 200 39632
52.70.240.171 - - [05/Mar/2024:06:45:53 -0500] "GET /BLA/resoluciones/RESOLUCIONES%202019/0494.pdf HTTP/1.1" 200 215850
52.70.240.171 - - [05/Mar/2024:06:45:57 -0500] "GET /BLA/resoluciones/RESOLUCIONES%202019/0493.pdf HTTP/1.1" 200 379682
3.224.220.101 - - [05/Mar/2024:06:46:01 -0500] "GET /BLA/resoluciones/RESOLUCIONES%202019/1391.pdf HTTP/1.1" 200 230306
52.70.240.171 - - [05/Mar/2024:06:46:05 -0500] "GET /BLA/resoluciones/RESOLUCIONES%202019/0492.pdf HTTP/1.1" 200 241475
23.22.35.162 - - [05/Mar/2024:06:46:10 -0500] "GET /BLA/resoluciones/RESOLUCIONES%202019/0487.pdf HTTP/1.1" 200 280626
23.22.35.162 - - [05/Mar/2024:06:46:13 -0500] "GET /BLA/resoluciones/RESOLUCIONES%202019/1388.pdf HTTP/1.1" 200 275584
3.224.220.101 - - [05/Mar/2024:06:46:17 -0500] "GET /BLA/resoluciones/RESOLUCIONES%202019/1387.pdf HTTP/1.1" 200 272530
3.224.220.101 - - [05/Mar/2024:06:46:21 -0500] "GET /BLA/resoluciones/RESOLUCIONES%202019/0483.pdf HTTP/1.1" 200 735405
23.22.35.162 - - [05/Mar/2024:06:46:26 -0500] "GET /BLA/resoluciones/RESOLUCIONES%202019/1386.pdf HTTP/1.1" 200 720548
23.22.35.162 - - [05/Mar/2024:06:46:29 -0500] "GET /BLA/resoluciones/RESOLUCIONES%202019/0482.pdf HTTP/1.1" 200 272247
3.224.220.101 - - [05/Mar/2024:06:46:33 -0500] "GET /BLA/resoluciones/RESOLUCIONES%202019/0481.pdf HTTP/1.1" 200 587877
23.22.35.162 - - [05/Mar/2024:06:46:37 -0500] "GET /BLA/resoluciones/RESOLUCIONES%202019/1384.pdf HTTP/1.1" 200 425007
216.245.221.92 - - [05/Mar/2024:06:46:38 -0500] "HEAD / HTTP/1.1" 200 -
3.224.220.101 - - [05/Mar/2024:06:46:41 -0500] "GET /BLA/resoluciones/RESOLUCIONES%202019/0480.pdf HTTP/1.1" 200 418481
52.70.240.171 - - [05/Mar/2024:06:46:45 -0500] "GET /BLA/resoluciones/RESOLUCIONES%202019/1380.pdf HTTP/1.1" 200 301015
23.22.35.162 - - [05/Mar/2024:06:46:49 -0500] "GET /BLA/resoluciones/RESOLUCIONES%202019/0478.pdf HTTP/1.1" 200 3955784
52.70.240.171 - - [05/Mar/2024:06:46:53 -0500] "GET /BLA/resoluciones/RESOLUCIONES%202019/1376.pdf HTTP/1.1" 200 909010
17.241.227.37 - - [05/Mar/2024:06:46:54 -0500] "GET /secretaria-de-ambiente-inicia-campana-de-proteccion-y-conservacion-de-musgo-para-epoca-de-navidad.html HTTP/1.1" 200 876
23.22.35.162 - - [05/Mar/2024:06:46:58 -0500] "GET /BLA/resoluciones/RESOLUCIONES%202019/0474.pdf HTTP/1.1" 200 543786
23.22.35.162 - - [05/Mar/2024:06:47:02 -0500] "GET /BLA/resoluciones/RESOLUCIONES%202019/0473.pdf HTTP/1.1" 200 296300
52.70.240.171 - - [05/Mar/2024:06:47:05 -0500] "GET /BLA/resoluciones/RESOLUCIONES%202019/1375.pdf HTTP/1.1" 200 1184109
52.70.240.171 - - [05/Mar/2024:06:47:09 -0500] "GET /BLA/resoluciones/RESOLUCIONES%202019/0468.pdf HTTP/1.1" 200 261711
23.22.35.162 - - [05/Mar/2024:06:47:13 -0500] "GET /BLA/resoluciones/RESOLUCIONES%202019/1374.pdf HTTP/1.1" 200 278246
3.224.220.101 - - [05/Mar/2024:06:47:17 -0500] "GET /BLA/resoluciones/RESOLUCIONES%202019/0467.pdf HTTP/1.1" 200 379096
3.224.220.101 - - [05/Mar/2024:06:47:21 -0500] "GET /BLA/resoluciones/RESOLUCIONES%202019/1373.pdf HTTP/1.1" 200 960715
3.224.220.101 - - [05/Mar/2024:06:47:25 -0500] "GET /BLA/resoluciones/RESOLUCIONES%202019/0464.pdf HTTP/1.1" 200 233172
52.70.240.171 - - [05/Mar/2024:06:47:29 -0500] "GET /BLA/resoluciones/RESOLUCIONES%202019/1369.pdf HTTP/1.1" 200 258328
199.16.157.182 - - [05/Mar/2024:06:47:30 -0500] "GET /images/pl%C3%A1sticos%20foto%201..jpg HTTP/1.1" 404 1034
157.55.39.15 - - [05/Mar/2024:06:47:32 -0500] "GET /Publicaciones/2024EE29477.pdf HTTP/1.1" 404 227
3.224.220.101 - - [05/Mar/2024:06:47:33 -0500] "GET /BLA/resoluciones/RESOLUCIONES%202019/0462.pdf HTTP/1.1" 200 240860
66.249.66.19 - - [05/Mar/2024:06:47:34 -0500] "GET /Publicaciones/2023EE241549.pdf HTTP/1.1" 404 228
52.70.240.171 - - [05/Mar/2024:06:47:37 -0500] "GET /BLA/resoluciones/RESOLUCIONES%202019/0460.pdf HTTP/1.1" 200 312707
52.70.240.171 - - [05/Mar/2024:06:47:41 -0500] "GET /BLA/resoluciones/RESOLUCIONES%202019/1368.pdf HTTP/1.1" 200 325284
23.22.35.162 - - [05/Mar/2024:06:47:45 -0500] "GET /BLA/resoluciones/RESOLUCIONES%202019/0459.pdf HTTP/1.1" 200 245327
52.70.240.171 - - [05/Mar/2024:06:47:49 -0500] "GET /BLA/resoluciones/RESOLUCIONES%202019/1367.pdf HTTP/1.1" 200 240361
52.70.240.171 - - [05/Mar/2024:06:47:53 -0500] "GET /BLA/resoluciones/RESOLUCIONES%202019/0457.pdf HTTP/1.1" 200 460700
23.22.35.162 - - [05/Mar/2024:06:47:57 -0500] "GET /BLA/resoluciones/RESOLUCIONES%202019/1365.pdf HTTP/1.1" 200 883353
3.224.220.101 - - [05/Mar/2024:06:48:01 -0500] "GET /BLA/resoluciones/RESOLUCIONES%202019/0448.pdf HTTP/1.1" 200 362748
23.22.35.162 - - [05/Mar/2024:06:48:05 -0500] "GET /BLA/resoluciones/RESOLUCIONES%202019/0446.pdf HTTP/1.1" 200 247667
3.224.220.101 - - [05/Mar/2024:06:48:09 -0500] "GET /BLA/resoluciones/RESOLUCIONES%202019/1358.pdf HTTP/1.1" 200 243907
3.224.220.101 - - [05/Mar/2024:06:48:13 -0500] "GET /BLA/resoluciones/RESOLUCIONES%202019/0442.pdf HTTP/1.1" 200 306693
23.22.35.162 - - [05/Mar/2024:06:48:17 -0500] "GET /BLA/resoluciones/RESOLUCIONES%202019/1338.pdf HTTP/1.1" 200 348657
3.224.220.101 - - [05/Mar/2024:06:48:21 -0500] "GET /BLA/resoluciones/RESOLUCIONES%202019/0436.pdf HTTP/1.1" 200 283086
3.224.220.101 - - [05/Mar/2024:06:48:25 -0500] "GET /BLA/resoluciones/RESOLUCIONES%202019/1333.pdf HTTP/1.1" 200 276110
52.70.240.171 - - [05/Mar/2024:06:48:29 -0500] "GET /BLA/resoluciones/RESOLUCIONES%202019/0432.pdf HTTP/1.1" 200 370236
52.70.240.171 - - [05/Mar/2024:06:48:33 -0500] "GET /BLA/resoluciones/RESOLUCIONES%202019/1332.pdf HTTP/1.1" 200 374666
3.224.220.101 - - [05/Mar/2024:06:48:37 -0500] "GET /BLA/resoluciones/RESOLUCIONES%202019/0431.pdf HTTP/1.1" 200 280073
23.22.35.162 - - [05/Mar/2024:06:48:41 -0500] "GET /BLA/resoluciones/RESOLUCIONES%202019/01330.pdf HTTP/1.1" 200 337779
23.22.35.162 - - [05/Mar/2024:06:48:46 -0500] "GET /BLA/resoluciones/RESOLUCIONES%202019/0430.pdf HTTP/1.1" 200 284873
23.22.35.162 - - [05/Mar/2024:06:48:50 -0500] "GET /BLA/resoluciones/RESOLUCIONES%202019/1329.pdf HTTP/1.1" 200 333219
23.22.35.162 - - [05/Mar/2024:06:48:53 -0500] "GET /BLA/resoluciones/RESOLUCIONES%202019/0429.pdf HTTP/1.1" 200 287755
3.224.220.101 - - [05/Mar/2024:06:48:57 -0500] "GET /BLA/resoluciones/RESOLUCIONES%202019/1325.pdf HTTP/1.1" 200 364987
172.22.2.4 - - [05/Mar/2024:06:48:23 -0500] "GET /BLA/boletinlegal/ HTTP/1.1" 200 24523
52.70.240.171 - - [05/Mar/2024:06:49:01 -0500] "GET /BLA/resoluciones/RESOLUCIONES%202019/0428.pdf HTTP/1.1" 200 290723
3.224.220.101 - - [05/Mar/2024:06:49:05 -0500] "GET /BLA/resoluciones/RESOLUCIONES%202019/1324.pdf HTTP/1.1" 200 5103497
23.22.35.162 - - [05/Mar/2024:06:49:09 -0500] "GET /BLA/resoluciones/RESOLUCIONES%202019/1320.pdf HTTP/1.1" 200 1297856
3.224.220.101 - - [05/Mar/2024:06:49:13 -0500] "GET /BLA/resoluciones/RESOLUCIONES%202019/1319.pdf HTTP/1.1" 200 1089769
52.70.240.171 - - [05/Mar/2024:06:49:17 -0500] "GET /BLA/resoluciones/RESOLUCIONES%202019/1316.pdf HTTP/1.1" 200 429872
23.22.35.162 - - [05/Mar/2024:06:49:21 -0500] "GET /BLA/resoluciones/RESOLUCIONES%202019/1315.pdf HTTP/1.1" 200 313106
52.70.240.171 - - [05/Mar/2024:06:49:25 -0500] "GET /BLA/resoluciones/RESOLUCIONES%202019/0427.pdf HTTP/1.1" 200 265237
3.224.220.101 - - [05/Mar/2024:06:49:29 -0500] "GET /BLA/resoluciones/RESOLUCIONES%202019/1314.pdf HTTP/1.1" 200 442007
3.224.220.101 - - [05/Mar/2024:06:49:33 -0500] "GET /BLA/resoluciones/RESOLUCIONES%202019/0424.pdf HTTP/1.1" 200 179653
3.224.220.101 - - [05/Mar/2024:06:49:37 -0500] "GET /BLA/resoluciones/RESOLUCIONES%202019/1313.pdf HTTP/1.1" 200 410563
3.224.220.101 - - [05/Mar/2024:06:49:41 -0500] "GET /BLA/resoluciones/RESOLUCIONES%202019/0421.pdf HTTP/1.1" 200 234080
52.70.240.171 - - [05/Mar/2024:06:49:46 -0500] "GET /BLA/resoluciones/RESOLUCIONES%202019/1307.pdf HTTP/1.1" 200 6741929
3.224.220.101 - - [05/Mar/2024:06:49:50 -0500] "GET /BLA/resoluciones/RESOLUCIONES%202019/0420.pdf HTTP/1.1" 200 229678
52.70.240.171 - - [05/Mar/2024:06:49:53 -0500] "GET /BLA/resoluciones/RESOLUCIONES%202019/0418.pdf HTTP/1.1" 200 255676
23.22.35.162 - - [05/Mar/2024:06:49:57 -0500] "GET /BLA/resoluciones/RESOLUCIONES%202019/1299.pdf HTTP/1.1" 200 337426
23.22.35.162 - - [05/Mar/2024:06:50:01 -0500] "GET /BLA/resoluciones/RESOLUCIONES%202019/0417.pdf HTTP/1.1" 200 233700
23.22.35.162 - - [05/Mar/2024:06:50:06 -0500] "GET /BLA/resoluciones/RESOLUCIONES%202019/1298.pdf HTTP/1.1" 200 348245
3.224.220.101 - - [05/Mar/2024:06:50:09 -0500] "GET /BLA/resoluciones/RESOLUCIONES%202019/0415.pdf HTTP/1.1" 200 260654
147.78.141.91 - - [05/Mar/2024:06:50:12 -0500] "GET / HTTP/1.1" 200 319
52.70.240.171 - - [05/Mar/2024:06:50:13 -0500] "GET /BLA/resoluciones/RESOLUCIONES%202019/1297.pdf HTTP/1.1" 200 253516
23.22.35.162 - - [05/Mar/2024:06:50:18 -0500] "GET /BLA/resoluciones/RESOLUCIONES%202019/0414.pdf HTTP/1.1" 200 260227
52.70.240.171 - - [05/Mar/2024:06:50:21 -0500] "GET /BLA/resoluciones/RESOLUCIONES%202019/0413.pdf HTTP/1.1" 200 216854
52.70.240.171 - - [05/Mar/2024:06:50:25 -0500] "GET /BLA/resoluciones/RESOLUCIONES%202019/1296.pdf HTTP/1.1" 200 374715
17.241.219.4 - - [05/Mar/2024:06:50:26 -0500] "GET /camaras-trampa-de-la-secretaria-de-ambiente-registran-fauna-en-cerros-orientales-en-areas-donde-tenemos-acuerdos-de-conservacion.html HTTP/1.1" 200 982
3.224.220.101 - - [05/Mar/2024:06:50:29 -0500] "GET /BLA/resoluciones/RESOLUCIONES%202019/0410.pdf HTTP/1.1" 200 274447
23.22.35.162 - - [05/Mar/2024:06:50:33 -0500] "GET /BLA/resoluciones/RESOLUCIONES%202019/1289.pdf HTTP/1.1" 200 316567
52.70.240.171 - - [05/Mar/2024:06:50:37 -0500] "GET /BLA/resoluciones/RESOLUCIONES%202019/0409.pdf HTTP/1.1" 200 270972
52.70.240.171 - - [05/Mar/2024:06:50:41 -0500] "GET /BLA/resoluciones/RESOLUCIONES%202019/0408.pdf HTTP/1.1" 200 271147
172.22.2.4 - - [05/Mar/2024:06:49:05 -0500] "HEAD /BLA/boletinlegal/ HTTP/1.1" 200 -
3.224.220.101 - - [05/Mar/2024:06:50:45 -0500] "GET /BLA/resoluciones/RESOLUCIONES%202019/0406.pdf HTTP/1.1" 200 278072
201.245.192.253 - - [05/Mar/2024:06:50:47 -0500] "POST /kwsrmcab/Wsrmcab  HTTP/1.1" 200 39632
52.70.240.171 - - [05/Mar/2024:06:50:49 -0500] "GET /BLA/resoluciones/RESOLUCIONES%202019/0405.pdf HTTP/1.1" 200 273748
23.22.35.162 - - [05/Mar/2024:06:50:53 -0500] "GET /BLA/resoluciones/RESOLUCIONES%202019/1282.pdf HTTP/1.1" 200 926714
23.22.35.162 - - [05/Mar/2024:06:50:57 -0500] "GET /BLA/resoluciones/RESOLUCIONES%202019/1281.pdf HTTP/1.1" 200 562927
3.224.220.101 - - [05/Mar/2024:06:51:01 -0500] "GET /BLA/resoluciones/RESOLUCIONES%202019/0404.pdf HTTP/1.1" 200 274663
3.224.220.101 - - [05/Mar/2024:06:51:05 -0500] "GET /BLA/resoluciones/RESOLUCIONES%202019/1279.pdf HTTP/1.1" 200 438578
52.70.240.171 - - [05/Mar/2024:06:51:10 -0500] "GET /BLA/resoluciones/RESOLUCIONES%202019/0403.pdf HTTP/1.1" 200 274103
17.241.75.201 - - [05/Mar/2024:06:51:12 -0500] "GET /alcaldesa-claudia-lopez-inicio-plantacion-de-300-nuevos-arboles-en-el-humedal-torca-guaymaral-y-libero-49-animales-silvestres.html HTTP/1.1" 200 916
3.224.220.101 - - [05/Mar/2024:06:51:13 -0500] "GET /BLA/resoluciones/RESOLUCIONES%202019/1278.pdf HTTP/1.1" 200 444397
3.224.220.101 - - [05/Mar/2024:06:51:17 -0500] "GET /BLA/resoluciones/RESOLUCIONES%202019/0402.pdf HTTP/1.1" 200 271462
3.224.220.101 - - [05/Mar/2024:06:51:21 -0500] "GET /BLA/resoluciones/RESOLUCIONES%202019/1277.pdf HTTP/1.1" 200 870436
3.224.220.101 - - [05/Mar/2024:06:51:25 -0500] "GET /BLA/resoluciones/RESOLUCIONES%202019/0401.pdf HTTP/1.1" 200 275743
3.224.220.101 - - [05/Mar/2024:06:51:29 -0500] "GET /BLA/resoluciones/RESOLUCIONES%202019/0400.pdf HTTP/1.1" 200 272164
52.70.240.171 - - [05/Mar/2024:06:51:33 -0500] "GET /BLA/resoluciones/RESOLUCIONES%202019/1275.pdf HTTP/1.1" 200 311650
172.22.2.4 - - [05/Mar/2024:06:49:56 -0500] "GET /BLA/boletinlegal/ HTTP/1.1" 200 55823
52.70.240.171 - - [05/Mar/2024:06:51:37 -0500] "GET /BLA/resoluciones/RESOLUCIONES%202019/0399.pdf HTTP/1.1" 200 215423
216.245.221.92 - - [05/Mar/2024:06:51:38 -0500] "HEAD / HTTP/1.1" 200 -
52.70.240.171 - - [05/Mar/2024:06:51:41 -0500] "GET /BLA/resoluciones/RESOLUCIONES%202019/1269.pdf HTTP/1.1" 200 326502
52.70.240.171 - - [05/Mar/2024:06:51:46 -0500] "GET /BLA/resoluciones/RESOLUCIONES%202019/0393.pdf HTTP/1.1" 200 233715
52.70.240.171 - - [05/Mar/2024:06:51:49 -0500] "GET /BLA/resoluciones/RESOLUCIONES%202019/1267.pdf HTTP/1.1" 200 308963
3.224.220.101 - - [05/Mar/2024:06:51:53 -0500] "GET /BLA/resoluciones/RESOLUCIONES%202019/0391.pdf HTTP/1.1" 200 294257
23.22.35.162 - - [05/Mar/2024:06:51:57 -0500] "GET /BLA/resoluciones/RESOLUCIONES%202019/1260.pdf HTTP/1.1" 200 330272
23.22.35.162 - - [05/Mar/2024:06:52:01 -0500] "GET /BLA/resoluciones/RESOLUCIONES%202019/0384.pdf HTTP/1.1" 200 283133
3.224.220.101 - - [05/Mar/2024:06:52:05 -0500] "GET /BLA/resoluciones/RESOLUCIONES%202019/1258.pdf HTTP/1.1" 200 349477
23.22.35.162 - - [05/Mar/2024:06:52:09 -0500] "GET /BLA/resoluciones/RESOLUCIONES%202019/0383.pdf HTTP/1.1" 200 297420
23.22.35.162 - - [05/Mar/2024:06:52:13 -0500] "GET /BLA/resoluciones/RESOLUCIONES%202019/1253.pdf HTTP/1.1" 200 485482
3.224.220.101 - - [05/Mar/2024:06:52:17 -0500] "GET /BLA/resoluciones/RESOLUCIONES%202019/0379.pdf HTTP/1.1" 200 362049
23.22.35.162 - - [05/Mar/2024:06:52:21 -0500] "GET /BLA/resoluciones/RESOLUCIONES%202019/0376.pdf HTTP/1.1" 200 380116
3.224.220.101 - - [05/Mar/2024:06:52:25 -0500] "GET /BLA/resoluciones/RESOLUCIONES%202019/1252.pdf HTTP/1.1" 200 346096
52.70.240.171 - - [05/Mar/2024:06:52:29 -0500] "GET /BLA/resoluciones/RESOLUCIONES%202019/0369.pdf HTTP/1.1" 200 4885066
23.22.35.162 - - [05/Mar/2024:06:52:33 -0500] "GET /BLA/resoluciones/RESOLUCIONES%202019/1244.pdf HTTP/1.1" 200 274273
23.22.35.162 - - [05/Mar/2024:06:52:37 -0500] "GET /BLA/resoluciones/RESOLUCIONES%202019/0368.pdf HTTP/1.1" 200 644671
3.224.220.101 - - [05/Mar/2024:06:52:41 -0500] "GET /BLA/resoluciones/RESOLUCIONES%202019/1239.pdf HTTP/1.1" 200 231851
52.70.240.171 - - [05/Mar/2024:06:52:46 -0500] "GET /BLA/resoluciones/RESOLUCIONES%202019/0367.pdf HTTP/1.1" 200 1025864
3.224.220.101 - - [05/Mar/2024:06:52:49 -0500] "GET /BLA/resoluciones/RESOLUCIONES%202019/1238.pdf HTTP/1.1" 200 444126
52.70.240.171 - - [05/Mar/2024:06:52:53 -0500] "GET /BLA/resoluciones/RESOLUCIONES%202019/0366.pdf HTTP/1.1" 200 289447
181.63.25.0 - - [05/Mar/2024:06:52:57 -0500] "GET /sipse/faces/index.xhtml HTTP/1.1" 200 677
3.224.220.101 - - [05/Mar/2024:06:52:57 -0500] "GET /BLA/resoluciones/RESOLUCIONES%202019/1236.pdf HTTP/1.1" 200 346978
181.63.25.0 - - [05/Mar/2024:06:52:57 -0500] "GET /sipse/faces/javax.faces.resource/theme.css?ln=primefaces-sipse HTTP/1.1" 304 -
181.63.25.0 - - [05/Mar/2024:06:52:58 -0500] "GET /favicon.ico HTTP/1.1" 200 7782
181.63.25.0 - - [05/Mar/2024:06:52:58 -0500] "GET /sipse/faces/faces/autenticacion.xhtml HTTP/1.1" 200 12401
181.63.25.0 - - [05/Mar/2024:06:52:58 -0500] "GET /sipse/js/disable_browser_buttons.js HTTP/1.1" 304 -
181.63.25.0 - - [05/Mar/2024:06:52:58 -0500] "GET /sipse/faces/javax.faces.resource/theme.css?ln=primefaces-sipse HTTP/1.1" 304 -
181.63.25.0 - - [05/Mar/2024:06:52:58 -0500] "GET /sipse/css/custom_css_sg.css HTTP/1.1" 304 -
181.63.25.0 - - [05/Mar/2024:06:52:58 -0500] "GET /sipse/css/custom_css_sg_prime_login.css HTTP/1.1" 304 -
181.63.25.0 - - [05/Mar/2024:06:52:58 -0500] "GET /sipse/faces/javax.faces.resource/layout/layout.css?ln=primefaces&v=4.0 HTTP/1.1" 304 -
181.63.25.0 - - [05/Mar/2024:06:52:58 -0500] "GET /sipse/faces/javax.faces.resource/primefaces.css?ln=primefaces&v=4.0 HTTP/1.1" 304 -
181.63.25.0 - - [05/Mar/2024:06:52:58 -0500] "GET /sipse/js/funciones.js HTTP/1.1" 304 -
181.63.25.0 - - [05/Mar/2024:06:52:58 -0500] "GET /sipse/faces/javax.faces.resource/jquery/jquery.js?ln=primefaces&v=4.0 HTTP/1.1" 304 -
181.63.25.0 - - [05/Mar/2024:06:52:58 -0500] "GET /sipse/faces/javax.faces.resource/jquery/jquery-plugins.js?ln=primefaces&v=4.0 HTTP/1.1" 304 -
181.63.25.0 - - [05/Mar/2024:06:52:58 -0500] "GET /sipse/faces/javax.faces.resource/primefaces.js?ln=primefaces&v=4.0 HTTP/1.1" 304 -
181.63.25.0 - - [05/Mar/2024:06:52:58 -0500] "GET /sipse/faces/javax.faces.resource/layout/layout.js?ln=primefaces&v=4.0 HTTP/1.1" 304 -
181.63.25.0 - - [05/Mar/2024:06:52:58 -0500] "GET /sipse/css/imagen/loginimg.png HTTP/1.1" 304 -
181.63.25.0 - - [05/Mar/2024:06:52:58 -0500] "GET /sipse/css/imagen/logoSDG.png HTTP/1.1" 304 -
181.63.25.0 - - [05/Mar/2024:06:52:58 -0500] "GET /sipse/faces/javax.faces.resource/images/ui-icons_898989_256x240.png?ln=primefaces-aristo HTTP/1.1" 304 -
186.155.12.195 - - [05/Mar/2024:06:52:59 -0500] "OPTIONS /kwssiamovil/sm/setfile/f? HTTP/1.1" 200 13
186.155.12.195 - - [05/Mar/2024:06:52:59 -0500] "POST /kwssiamovil/sm/setfile/f? HTTP/1.1" 200 381
3.224.220.101 - - [05/Mar/2024:06:53:01 -0500] "GET /BLA/resoluciones/RESOLUCIONES%202019/0363.pdf HTTP/1.1" 200 248154
181.63.25.0 - - [05/Mar/2024:06:53:02 -0500] "POST /sipse/faces/autenticacion.xhtml HTTP/1.1" 200 2219
181.63.25.0 - - [05/Mar/2024:06:53:02 -0500] "GET /sipse/faces/javax.faces.resource/messages/messages.png?ln=primefaces&v=4.0 HTTP/1.1" 304 -
181.63.25.0 - - [05/Mar/2024:06:53:04 -0500] "POST /sipse/faces/autenticacion.xhtml HTTP/1.1" 200 16458
181.63.25.0 - - [05/Mar/2024:06:53:04 -0500] "GET /sipse/css/custom_css_sg_prime.css HTTP/1.1" 304 -
181.63.25.0 - - [05/Mar/2024:06:53:04 -0500] "GET /sipse/faces/javax.faces.resource/primefaces.css?ln=primefaces&v=4.0 HTTP/1.1" 304 -
181.63.25.0 - - [05/Mar/2024:06:53:04 -0500] "GET /sipse/faces/javax.faces.resource/theme.css?ln=primefaces-sipse HTTP/1.1" 304 -
181.63.25.0 - - [05/Mar/2024:06:53:04 -0500] "GET /sipse/faces/javax.faces.resource/layout/layout.css?ln=primefaces&v=4.0 HTTP/1.1" 304 -
181.63.25.0 - - [05/Mar/2024:06:53:04 -0500] "GET /sipse/js/jquery.min.js HTTP/1.1" 304 -
181.63.25.0 - - [05/Mar/2024:06:53:04 -0500] "GET /sipse/faces/javax.faces.resource/jquery/jquery.js?ln=primefaces&v=4.0 HTTP/1.1" 304 -
181.63.25.0 - - [05/Mar/2024:06:53:04 -0500] "GET /sipse/faces/javax.faces.resource/jquery/jquery-plugins.js?ln=primefaces&v=4.0 HTTP/1.1" 304 -
181.63.25.0 - - [05/Mar/2024:06:53:04 -0500] "GET /sipse/faces/javax.faces.resource/primefaces.js?ln=primefaces&v=4.0 HTTP/1.1" 304 -
181.63.25.0 - - [05/Mar/2024:06:53:04 -0500] "GET /sipse/faces/javax.faces.resource/layout/layout.js?ln=primefaces&v=4.0 HTTP/1.1" 304 -
181.63.25.0 - - [05/Mar/2024:06:53:04 -0500] "GET /sipse/css/v_mergente.css HTTP/1.1" 304 -
181.63.25.0 - - [05/Mar/2024:06:53:04 -0500] "GET /sipse/imagenes/cargando.gif HTTP/1.1" 304 -
181.63.25.0 - - [05/Mar/2024:06:53:04 -0500] "GET /sipse/imagenes/logoAplicacion.jpg HTTP/1.1" 304 -
181.63.25.0 - - [05/Mar/2024:06:53:04 -0500] "GET /sipse/css/imagen/contrasena.png HTTP/1.1" 404 383
3.224.220.101 - - [05/Mar/2024:06:53:05 -0500] "GET /BLA/resoluciones/RESOLUCIONES%202019/1235.pdf HTTP/1.1" 200 359865
181.63.25.0 - - [05/Mar/2024:06:53:06 -0500] "GET /sipse/faces/javax.faces.resource/images/ui-bg_flat_0_2d5972_40x100.png?ln=primefaces-aristo HTTP/1.1" 304 -
181.63.25.0 - - [05/Mar/2024:06:53:06 -0500] "POST /sipse/faces/bienvenido.xhtml HTTP/1.1" 200 2658
3.224.220.101 - - [05/Mar/2024:06:53:09 -0500] "GET /BLA/resoluciones/RESOLUCIONES%202019/00362.pdf HTTP/1.1" 200 258849
181.63.25.0 - - [05/Mar/2024:06:53:08 -0500] "POST /sipse/faces/bienvenido.xhtml HTTP/1.1" 200 64392
181.63.25.0 - - [05/Mar/2024:06:53:09 -0500] "GET /sipse/faces/javax.faces.resource/theme.css?ln=primefaces-sipse HTTP/1.1" 304 -
181.63.25.0 - - [05/Mar/2024:06:53:09 -0500] "GET /sipse/faces/javax.faces.resource/primefaces.css?ln=primefaces&v=4.0 HTTP/1.1" 304 -
181.63.25.0 - - [05/Mar/2024:06:53:09 -0500] "GET /sipse/faces/javax.faces.resource/jquery/jquery.js?ln=primefaces&v=4.0 HTTP/1.1" 304 -
181.63.25.0 - - [05/Mar/2024:06:53:09 -0500] "GET /sipse/faces/javax.faces.resource/layout/layout.css?ln=primefaces&v=4.0 HTTP/1.1" 304 -
181.63.25.0 - - [05/Mar/2024:06:53:09 -0500] "GET /sipse/faces/javax.faces.resource/jquery/jquery-plugins.js?ln=primefaces&v=4.0 HTTP/1.1" 304 -
181.63.25.0 - - [05/Mar/2024:06:53:09 -0500] "GET /sipse/faces/javax.faces.resource/primefaces.js?ln=primefaces&v=4.0 HTTP/1.1" 304 -
181.63.25.0 - - [05/Mar/2024:06:53:10 -0500] "GET /sipse/faces/javax.faces.resource/layout/layout.js?ln=primefaces&v=4.0 HTTP/1.1" 304 -
181.63.25.0 - - [05/Mar/2024:06:53:10 -0500] "POST /sipse/faces/presentacion/financiero/solicitudProceso/listarSolicitudProceso.xhtml HTTP/1.1" 200 1556
186.155.12.195 - - [05/Mar/2024:06:53:11 -0500] "GET /kwssiamovil/sm/acme/a?s=U2FsdGVkX19PkWS14liNgJgOvYP5NJbcQ5gnweVOQqU2ync7LXPJw3unAktGrAUwB5jGPG5ds2fxLa0G3nKhXRFrK2fDVoLTKEqshph1yAppIwg1wvWE6Io1QDlMeIH6LgoU1BHpYgmm/e0A29ak7QSKUy2O1qdHyRjLr2nru/Vn7b1/U7k779h9gvRw85FRWqjZM4Nug2lndVB/Wr6qBSKfix/ZmmovcmM2KYmWlZYbrC5kczJ+6oHzrGkFkLwvfYJvtQv+2XTjX5gqxPGVug==&u=U2FsdGVkX1920+3EqwrbQsALnj9uAvgAl+r8OpcsyEA=&y=U2FsdGVkX1+erHjg6H2jtzOsKA5z/lD6XJP8KVF9G2A= HTTP/1.1" 200 26
186.155.12.195 - - [05/Mar/2024:06:53:12 -0500] "GET /kwssiamovil/sm/acme/a?s=U2FsdGVkX19h/1AXRmb/qsA6qclJObKZ4TMyM3GWs8PPH6FxVPVO5SINkTyqBEWxd3kSsdNdrHtmEQJT6ld0sOdVrtRQkbKYuzq9h0+Vrbd92f1aIHHT8lkqOErI43j+nPYtMdHj1DitgDnfyFKWGQX5R1QDiLN+sa7dXVwIWgJ7WNlimEPRTU+nI3jSnnsqiE72pHfhbO28X1L68GFFbj0cyw89cWi5UlwgZbb+d9Fqp1oOlqkXcbXmBGRiTpjUHfHRHb7YEIlXnT0U+gDaJ7HivQkQA0EA8voz2ACDHSYTJNXCW78SAp8X5R9MlAjxCTHg+RL5WTJgb1ZTrUGdkzzU36FmtPaXGVm8dVMVhBeqvxwgl7+1d4EnXaIpwXHdRVYWznfniapGJjzcqkQ+gqT5jDr8bmZoBSGVthtrxZr9FZFyKvFkr8BrmI/XVPfzxSU80YziOHEdEPgqlWePTinYXECgfSoO4uAdbeDmmPga4M/bMSu6PX+f/gogy/WrdksDgbXZsicPwNJlCn3AGeFbMTMMqFtUKQvW8MTUctINsZ9XaqgwzKfbrZQSEUEU3Om7C8vJ6q1Udskqa1JAZ7X9GRyrLJifzNF64l74g4Vla5m7J4DSq/zgJG4cxYRiRPhEei4r4+7sF5hB83lS6O2oM2seJM/4B38Yk1eCmKk7IwlaSEn0uxJLXT/OX17bAKw6Qs8M6PV5mBG62tlTRpTSN1fWENb/okSU+CcQAQYJTw5kM+5vG/8Pso9Qt+jUZ3xLcRom7ztlMH2sK7kZ+uRJ9qi4sBvwtLEpaUXhjAwMC3R0TZX52RKungxSu1zcQV0veGsEXqwsYKC7Ub82flUm0ZRTApl0owH8RgwBz1xGtMa5yyhgvsMk0b5VSMElVy8Ak9r7iAyWdW5eoGQn5IdDbW7J0+9+2F+PKlYVNFUFzzfRpi1bmviN+M5U42a2Nt8cQ2Bu18x/f2b/AxWPJVZrOjtdDKSnYVusp3x+afirKAIgCqB9mKn8mtW9Ks7KB6VlVxNJ9+4nkpw0Ex2zZwIvlKY7h0TZ/Bm/pbVH9qEYUO3MDirLqRZBNNlsWMKui+JS1REkRQYdN/3nLN7DcOxa1k28DBS3uB0bOK6pkTYp30lDCVZuviqpT83AO3zSmqxktlE4nlUM64o/JjQi24aI1SSj74XPXcukTMlEK+pV0W81uVwrgiWGpJa5lAwYhxB+tfOwneiWftbLMd6utA6ZI+xRBHJdFYIKFJRd24bXmjTf7x63uwDmXkyDuICIaMT8sIqQ2b4doJtutnR8MBH3ki8hIuXGq4iX7vfVVkNKkf8Y0fsDO+wC+tGr1GjjQQKEANpGIeEGg3P7Q4X4jLS24xWHBi8PmAFpg53zvcEb7n7q4mKYE59hSmQpzD6Le6H+JeSu1yVBEyRFFm6jyP8wa9xkQ7f/aH4EBlkDJtUnb1pYbCeEDJ9FFsL6/YqTUicMRrKmFCcYVH9R/PJfsCIRXrcdFvcMF6EHy3pAB9zQdNNHMlL55w/cBUEE3B7Iy9sajEXgexZAKpG5siFRjfdd1h5JDzeuLIhDkoMXWu8uNZ9LCI48OdLykYhnT8K9pyVdScHXy/hq3GyC6PHZ6Xnge3DkjjcNMRQX8twcIttFnZj1XPzzM/6VTHWTTpqA+GPHAgeNflK41eg+vXPSuwKzcuVcRnU5iFuL4MATPSHMOYtVPY8eFmwon6xY/kImQ4Br7A253PmGPZcY/XlSzpV155WFpuzZEb1U7dLOOjFK+Gk9tDSLVmKDrYBCEirNl8ths4tPXmF0+rFglIpPdlcHkhevKpj2NCLTttwX7tr4IuDweeN9dktQ25dt6KeIgh+NOlx/6D4sx0w664GPANpBLK5o7KD/sjewQ09ShX9E9iboFF7rGs1A/HxIyCNS2vFYumEHYiCpYn4z9mjgaOxrrk08BVA70DNI4coxIgSIT8HOFWhFb3e1E3FD5M7usXfcVgutfbc8E2Yb8tRlI682MdTeZN5NQxa+7/VI29zSTNSqicjTuI1pi3PiRhTa7896MAwOjG3zIOjGQC7J2CCmxaB/ZKPhpWX1EQFPpQKavttD9RI9dT7FemZdTjPcJXZdMeD0XMtrmgLb10HUiJwNtigoLmwBwInQWKkqL7mHCT0vdGQlAqWVNiXTKj/F4Agu6tl4bx33PKKwrUiTknn0xcTD31PwnDWMOJ/7Yk79X3fs2VZpgagJuj+gPsuWkAX0dNh3yHoEil9bob1zRZOyjcCXT63CUE1qcOi4+CYryNH0xA1+B8CTTrOOsGaUMeKw5kND48qADe2GyWXQr80lBcYfp3a6RECaBjr8W0hA+ZPOBr3nvXqWhVa+5HIYm4TkoaBiTzRs8Ki6KUSFkUXKf6KvdPXVPff8CkdwIpycJvUoR0ACqCDaiilIDTGLWaCmo742OzXz+FnUMtwg31pKMSGpIFTDLFNxglcXKZoy5FnvmQO9KQp5f/STLshJGcs2R6h3RAkyhr4k4yVkxxtle+9YA2p5pa6yBXUQRqDSpbmy+csuIvhEzO9FN2iH8hTDBckIadD1SY6QK9N75q9T+oiGGzb0CGiVpParbFY=&u=U2FsdGVkX1920+3EqwrbQsALnj9uAvgAl+r8OpcsyEA=&y=U2FsdGVkX1+erHjg6H2jtzOsKA5z/lD6XJP8KVF9G2A= HTTP/1.1" 200 26
186.155.12.195 - - [05/Mar/2024:06:53:12 -0500] "GET /kwssiamovil/sm/acme/a?s=U2FsdGVkX18cE21hBJ6qVnrxD8k/ngqPP4hN/BVOgb4U7Iy6s4dsaSKi/rQTOKiKUVW0VuC5yotAOYBIP6hk1hnGM+BEovnA+7Gn0heK0MwHkvJihnVEdM0tKp7lAxYc9Dip0xgibeRzKbmtrsTDhHxhoKCB+weMcqIJvPk6VrY=&u=U2FsdGVkX1920+3EqwrbQsALnj9uAvgAl+r8OpcsyEA=&y=U2FsdGVkX1+erHjg6H2jtzOsKA5z/lD6XJP8KVF9G2A= HTTP/1.1" 200 26
186.155.12.195 - - [05/Mar/2024:06:53:12 -0500] "GET /kwssiamovil/sm/acme/a?s=U2FsdGVkX1/iBzhi4bNWoSAJL9bW0wZSc75MA/Y30h1eW9saX943ZRaC87fWpCsYeTFqqemxDB3IPhvfnIqORZPzoOqJ5/MsPPhpqzZAgIbnZJi4L33xb/jQoxlNY6ydOTG7yROwVoRexOxX3Fshob3LKF/KxgCNSCkKe6aNRr8=&u=U2FsdGVkX1920+3EqwrbQsALnj9uAvgAl+r8OpcsyEA=&y=U2FsdGVkX1+erHjg6H2jtzOsKA5z/lD6XJP8KVF9G2A= HTTP/1.1" 200 26
186.155.12.195 - - [05/Mar/2024:06:53:12 -0500] "GET /kwssiamovil/sm/acme/a?s=U2FsdGVkX1/9wOYmVL/2GjWbq3LsoalJRgaB4IIswuEmnVkk7GfAbbC6KoymY7Fj08oI1aGxpCc4iKMJxDvAzDPFotd8gI0ho2UgZRNvsdDXADW6lYKpF139pyiAAxHuMQQ5ubbi9CNueY7GZ3FFKAz3qMvVsop0USiYE3EmTwQ=&u=U2FsdGVkX1920+3EqwrbQsALnj9uAvgAl+r8OpcsyEA=&y=U2FsdGVkX1+erHjg6H2jtzOsKA5z/lD6XJP8KVF9G2A= HTTP/1.1" 200 26
186.155.12.195 - - [05/Mar/2024:06:53:12 -0500] "GET /kwssiamovil/sm/acme/a?s=U2FsdGVkX1+LjnlstyoOS1fjBItDfNOND5VN+nDJt8b8WVk4F/o7V+ThnMdL1OR2PQ6ByLkwcd006+3IW4+6nCSS8OUhWGl/RdHHTNXxCOOgM8fVvGsEuQXL0Obmnot5bi08slpE39GNV5KN0RXz3GHb0ID/qIEh8NCLdI0x552dov0HQDainef5yxtLGfPX&u=U2FsdGVkX1920+3EqwrbQsALnj9uAvgAl+r8OpcsyEA=&y=U2FsdGVkX1+erHjg6H2jtzOsKA5z/lD6XJP8KVF9G2A= HTTP/1.1" 200 26
186.155.12.195 - - [05/Mar/2024:06:53:12 -0500] "GET /kwssiamovil/sm/acme/a?s=U2FsdGVkX18ZGrzWx0XAme7zA88o/hxShO7WPl4yQwvYRRejY05FVbQ5LZjVwb1sIZ7e+7zTuZqWgdSR6j5vKiknceJs1xJJ6xglNVid7Og9JAd8l902kRnSeXL0POJEu6TdzR49Fo92qGqqQiEMAWLO8sPKPtPx4qxFTYUJL7aMWZdkrsGs9ww4JYkDhLHQr5X5d2BwdmO6V7Nra8Qec90xSJC6rSocimn8PWYvxfjGQ9dec1Vr4n+O95ubwxF476zrjRw7w4TDlVKaQvZk7gpUoAFqDbzR7926UVJjWkH+jqet2wroDxzUtaJQcnRVGLoYW0TQMiP81gN5MEQIBHetF1rCcDJs0jpGaFImCS6rVGwgdO2+EUqh79XO+c2YmMgw6P5f1hPrYEQV17b2IGUInVsfVb2UpW7Y1NSd5RoJb9PLc9Ktiux7k4WlbmV2dEp7YdYEJOgsIfg8/WnzROzJmixHufFqJG9gCDkAauI9cLYPEyytzL8Og0tty1LkidFk37XxeHjdB1rECG2eJCRCGmV6OiPjGvAvvLNgbLw=&u=U2FsdGVkX1920+3EqwrbQsALnj9uAvgAl+r8OpcsyEA=&y=U2FsdGVkX1+erHjg6H2jtzOsKA5z/lD6XJP8KVF9G2A= HTTP/1.1" 200 26
186.155.12.195 - - [05/Mar/2024:06:53:13 -0500] "GET /kwssiamovil/sm/acme/a?s=U2FsdGVkX19OHoV/sgS5tJR9zhP8PR7+wzIO2TBGeGBvo2KIBouWPoaS9bHk11Gh34IKRGCq6XLg/Mv9G96ViP4BXG6sNcSbA6Y8GihYp+iV3DY38Xf1J8mZdW58UG/9bF4bnOSdWPKlJTDBACJAFZ38eqBsb0g8IORZY1LumPD9lSgy366OlW6G2J7MGPOE19df/1nC2gmIC0si8HQjRLhiTFyiFWaVIq8OF3MKu6WZHwf9v4V851SNbUOt62cvlIdmwT2b/DBv7jmy2eigZtRxBbv/bou/PiITbe6nBlSfOHYAChbN0yJ/MQvRHRJSWNVFyCZEKtZzA9G67BSZoZZ9+ZcDVInDGc3k0QhIUHPEKc6Uoc4N/hMNzlvCmOKqut1mrHQPJiMQ74AmYEIwED1T/GJRRmDKUw2MYV3ZT3TpRz9UgT/x++hJ8CeEHIEj2WfOFNVtu+i8S5pIYPe8P0POA/mZQQ8Jrx/i7ioXPmn3VdVoJ4yt2yXVJZ+uFuMQ&u=U2FsdGVkX1920+3EqwrbQsALnj9uAvgAl+r8OpcsyEA=&y=U2FsdGVkX1+erHjg6H2jtzOsKA5z/lD6XJP8KVF9G2A= HTTP/1.1" 200 26
52.70.240.171 - - [05/Mar/2024:06:53:13 -0500] "GET /BLA/resoluciones/RESOLUCIONES%202019/0357.pdf HTTP/1.1" 200 297612
52.70.240.171 - - [05/Mar/2024:06:53:17 -0500] "GET /BLA/resoluciones/RESOLUCIONES%202019/1234.pdf HTTP/1.1" 200 779722
198.235.24.161 - - [05/Mar/2024:06:53:21 -0500] "GET / HTTP/1.1" 200 319
52.70.240.171 - - [05/Mar/2024:06:53:21 -0500] "GET /BLA/resoluciones/RESOLUCIONES%202019/0356.pdf HTTP/1.1" 200 253523
23.22.35.162 - - [05/Mar/2024:06:53:25 -0500] "GET /BLA/resoluciones/RESOLUCIONES%202019/1232.pdf HTTP/1.1" 200 411450
52.70.240.171 - - [05/Mar/2024:06:53:29 -0500] "GET /BLA/resoluciones/RESOLUCIONES%202019/0347.pdf HTTP/1.1" 200 311293
52.70.240.171 - - [05/Mar/2024:06:53:33 -0500] "GET /BLA/resoluciones/RESOLUCIONES%202019/1230.pdf HTTP/1.1" 200 410610
23.22.35.162 - - [05/Mar/2024:06:53:37 -0500] "GET /BLA/resoluciones/RESOLUCIONES%202019/0340.pdf HTTP/1.1" 200 296478
52.70.240.171 - - [05/Mar/2024:06:53:41 -0500] "GET /BLA/resoluciones/RESOLUCIONES%202019/0338.pdf HTTP/1.1" 200 368159
3.224.220.101 - - [05/Mar/2024:06:53:45 -0500] "GET /BLA/resoluciones/RESOLUCIONES%202019/1229.pdf HTTP/1.1" 200 710293
52.70.240.171 - - [05/Mar/2024:06:53:49 -0500] "GET /BLA/resoluciones/RESOLUCIONES%202019/1228.pdf HTTP/1.1" 200 358677
52.70.240.171 - - [05/Mar/2024:06:53:53 -0500] "GET /BLA/resoluciones/RESOLUCIONES%202019/1227.pdf HTTP/1.1" 200 373007
52.70.240.171 - - [05/Mar/2024:06:53:58 -0500] "GET /BLA/resoluciones/RESOLUCIONES%202019/1226.pdf HTTP/1.1" 200 341462
3.224.220.101 - - [05/Mar/2024:06:54:01 -0500] "GET /BLA/resoluciones/RESOLUCIONES%202019/1211.pdf HTTP/1.1" 200 354338
23.22.35.162 - - [05/Mar/2024:06:54:08 -0500] "GET /BLA/resoluciones/RESOLUCIONES%202019/1205.pdf HTTP/1.1" 200 351915
3.224.220.101 - - [05/Mar/2024:06:54:09 -0500] "GET /BLA/resoluciones/RESOLUCIONES%202019/1204.pdf HTTP/1.1" 200 352686
23.22.35.162 - - [05/Mar/2024:06:54:14 -0500] "GET /BLA/resoluciones/RESOLUCIONES%202019/1187.pdf HTTP/1.1" 200 285832
172.22.2.4 - - [05/Mar/2024:06:54:16 -0500] "GET /BLA/boletinlegal/js/jquery.js HTTP/1.1" 200 57254
172.22.2.4 - - [05/Mar/2024:06:54:16 -0500] "GET /BLA/boletinlegal/js/jquery.scrollShow.js HTTP/1.1" 200 4586
172.22.2.4 - - [05/Mar/2024:06:54:16 -0500] "GET /BLA/boletinlegal/js/jquery.scrollTo-min.js HTTP/1.1" 200 1150
3.224.220.101 - - [05/Mar/2024:06:54:17 -0500] "GET /BLA/resoluciones/RESOLUCIONES%202019/1184.pdf HTTP/1.1" 200 246708
3.224.220.101 - - [05/Mar/2024:06:54:21 -0500] "GET /BLA/resoluciones/RESOLUCIONES%202019/0332.pdf HTTP/1.1" 200 481499
52.70.240.171 - - [05/Mar/2024:06:54:25 -0500] "GET /BLA/resoluciones/RESOLUCIONES%202019/1183.pdf HTTP/1.1" 200 239597
23.22.35.162 - - [05/Mar/2024:06:54:29 -0500] "GET /BLA/resoluciones/RESOLUCIONES%202019/0313.pdf HTTP/1.1" 200 373082
23.22.35.162 - - [05/Mar/2024:06:54:33 -0500] "GET /BLA/resoluciones/RESOLUCIONES%202019/1156.pdf HTTP/1.1" 200 328378
3.224.220.101 - - [05/Mar/2024:06:54:37 -0500] "GET /BLA/resoluciones/RESOLUCIONES%202019/0312.pdf HTTP/1.1" 200 255896
3.224.220.101 - - [05/Mar/2024:06:54:41 -0500] "GET /BLA/resoluciones/RESOLUCIONES%202019/1152.pdf HTTP/1.1" 200 366219
3.224.220.101 - - [05/Mar/2024:06:54:45 -0500] "GET /BLA/resoluciones/RESOLUCIONES%202019/0311.pdf HTTP/1.1" 200 419407
23.22.35.162 - - [05/Mar/2024:06:54:49 -0500] "GET /BLA/resoluciones/RESOLUCIONES%202019/0306.pdf HTTP/1.1" 200 276110
185.117.225.104 - - [05/Mar/2024:06:54:49 -0500] "GET /robots.txt HTTP/1.1" 404 1035
185.117.225.104 - - [05/Mar/2024:06:54:50 -0500] "GET / HTTP/1.1" 200 319
3.224.220.101 - - [05/Mar/2024:06:54:53 -0500] "GET /BLA/resoluciones/RESOLUCIONES%202019/1151.pdf HTTP/1.1" 200 367333
172.22.2.4 - - [05/Mar/2024:06:54:06 -0500] "GET /BLA/boletinlegal/ HTTP/1.1" 200 36811
3.224.220.101 - - [05/Mar/2024:06:54:58 -0500] "GET /BLA/resoluciones/RESOLUCIONES%202019/0302.pdf HTTP/1.1" 200 306397
23.22.35.162 - - [05/Mar/2024:06:55:01 -0500] "GET /BLA/resoluciones/RESOLUCIONES%202019/0301.pdf HTTP/1.1" 200 399082
3.224.220.101 - - [05/Mar/2024:06:55:05 -0500] "GET /BLA/resoluciones/RESOLUCIONES%202019/1150.pdf HTTP/1.1" 200 384177
3.224.220.101 - - [05/Mar/2024:06:55:09 -0500] "GET /BLA/resoluciones/RESOLUCIONES%202019/0298.pdf HTTP/1.1" 200 291590
52.70.240.171 - - [05/Mar/2024:06:55:13 -0500] "GET /BLA/resoluciones/RESOLUCIONES%202019/1142.pdf HTTP/1.1" 200 343722
52.70.240.171 - - [05/Mar/2024:06:55:17 -0500] "GET /BLA/resoluciones/RESOLUCIONES%202019/0296.pdf HTTP/1.1" 200 243247
23.22.35.162 - - [05/Mar/2024:06:55:22 -0500] "GET /BLA/resoluciones/RESOLUCIONES%202019/1141.pdf HTTP/1.1" 200 263495
181.63.25.0 - - [05/Mar/2024:06:55:23 -0500] "POST /sipse/faces/presentacion/financiero/solicitudProceso/listarSolicitudProceso.xhtml HTTP/1.1" 200 10114
3.224.220.101 - - [05/Mar/2024:06:55:25 -0500] "GET /BLA/resoluciones/RESOLUCIONES%202019/0293.pdf HTTP/1.1" 200 230119
3.224.220.101 - - [05/Mar/2024:06:55:29 -0500] "GET /BLA/resoluciones/RESOLUCIONES%202019/0290.pdf HTTP/1.1" 200 351476
3.224.220.101 - - [05/Mar/2024:06:55:33 -0500] "GET /BLA/resoluciones/RESOLUCIONES%202019/1140.pdf HTTP/1.1" 200 449057
3.224.220.101 - - [05/Mar/2024:06:55:37 -0500] "GET /BLA/resoluciones/RESOLUCIONES%202019/0283.pdf HTTP/1.1" 200 257086
23.22.35.162 - - [05/Mar/2024:06:55:41 -0500] "GET /BLA/resoluciones/RESOLUCIONES%202019/0273.pdf HTTP/1.1" 200 262146
23.22.35.162 - - [05/Mar/2024:06:55:45 -0500] "GET /BLA/resoluciones/RESOLUCIONES%202019/0272.pdf HTTP/1.1" 200 622741
201.245.192.253 - - [05/Mar/2024:06:55:46 -0500] "POST /kwsrmcab/Wsrmcab  HTTP/1.1" 200 39632
52.70.240.171 - - [05/Mar/2024:06:55:49 -0500] "GET /BLA/resoluciones/RESOLUCIONES%202019/00258.pdf HTTP/1.1" 200 294900
23.22.35.162 - - [05/Mar/2024:06:55:53 -0500] "GET /BLA/resoluciones/RESOLUCIONES%202019/0255.pdf HTTP/1.1" 200 346606
52.70.240.171 - - [05/Mar/2024:06:55:57 -0500] "GET /BLA/resoluciones/RESOLUCIONES%202019/0228.pdf HTTP/1.1" 200 285529
52.70.240.171 - - [05/Mar/2024:06:56:01 -0500] "GET /BLA/resoluciones/RESOLUCIONES%202019/0227.pdf HTTP/1.1" 200 284918
23.22.35.162 - - [05/Mar/2024:06:56:05 -0500] "GET /BLA/resoluciones/RESOLUCIONES%202019/0225.pdf HTTP/1.1" 200 271833
3.224.220.101 - - [05/Mar/2024:06:56:09 -0500] "GET /BLA/resoluciones/RESOLUCIONES%202019/0223.pdf HTTP/1.1" 200 260530
3.224.220.101 - - [05/Mar/2024:06:56:13 -0500] "GET /BLA/resoluciones/RESOLUCIONES%202019/0221.pdf HTTP/1.1" 200 2174064
23.22.35.162 - - [05/Mar/2024:06:56:17 -0500] "GET /BLA/resoluciones/RESOLUCIONES%202019/0215.pdf HTTP/1.1" 200 368541
181.63.25.0 - - [05/Mar/2024:06:56:19 -0500] "POST /sipse/faces/presentacion/financiero/solicitudProceso/listarSolicitudProceso.xhtml HTTP/1.1" 200 35904
181.63.25.0 - - [05/Mar/2024:06:56:19 -0500] "POST /sipse/faces/presentacion/financiero/solicitudProceso/listarSolicitudProceso.xhtml HTTP/1.1" 200 35908
3.224.220.101 - - [05/Mar/2024:06:56:21 -0500] "GET /BLA/resoluciones/RESOLUCIONES%202019/0213.pdf HTTP/1.1" 200 280762
181.63.25.0 - - [05/Mar/2024:06:56:21 -0500] "POST /sipse/faces/presentacion/financiero/solicitudProceso/listarSolicitudProceso.xhtml HTTP/1.1" 200 10104
23.22.35.162 - - [05/Mar/2024:06:56:25 -0500] "GET /BLA/resoluciones/RESOLUCIONES%202019/0210.pdf HTTP/1.1" 200 217006
23.22.35.162 - - [05/Mar/2024:06:56:29 -0500] "GET /BLA/resoluciones/RESOLUCIONES%202019/1138.pdf HTTP/1.1" 200 251202
23.22.35.162 - - [05/Mar/2024:06:56:33 -0500] "GET /BLA/resoluciones/RESOLUCIONES%202019/0209.pdf HTTP/1.1" 200 252131
172.22.2.4 - - [05/Mar/2024:06:54:55 -0500] "HEAD /BLA/boletinlegal/ HTTP/1.1" 200 -
52.70.240.171 - - [05/Mar/2024:06:56:37 -0500] "GET /BLA/resoluciones/RESOLUCIONES%202019/1137.pdf HTTP/1.1" 200 278864
216.245.221.92 - - [05/Mar/2024:06:56:38 -0500] "HEAD / HTTP/1.1" 200 -
23.22.35.162 - - [05/Mar/2024:06:56:41 -0500] "GET /BLA/resoluciones/RESOLUCIONES%202019/0204.pdf HTTP/1.1" 200 327608
3.224.220.101 - - [05/Mar/2024:06:56:45 -0500] "GET /BLA/resoluciones/RESOLUCIONES%202019/1135.pdf HTTP/1.1" 200 393505
181.63.25.0 - - [05/Mar/2024:06:56:46 -0500] "POST /sipse/faces/presentacion/financiero/solicitudProceso/listarSolicitudProceso.xhtml HTTP/1.1" 200 35908
181.63.25.0 - - [05/Mar/2024:06:56:49 -0500] "POST /sipse/faces/presentacion/financiero/solicitudProceso/listarSolicitudProceso.xhtml HTTP/1.1" 200 10099
52.70.240.171 - - [05/Mar/2024:06:56:50 -0500] "GET /BLA/resoluciones/RESOLUCIONES%202019/0195.pdf HTTP/1.1" 200 1282199
3.224.220.101 - - [05/Mar/2024:06:56:53 -0500] "GET /BLA/resoluciones/RESOLUCIONES%202019/0194.pdf HTTP/1.1" 200 398521
17.241.75.52 - - [05/Mar/2024:06:56:53 -0500] "GET /alcaldia-de-bogota-y-fundacion-exito-entregaron-en-ciudad-bolivar-la-primera-terraza-verde-de-la-capital.html HTTP/1.1" 200 852
3.224.220.101 - - [05/Mar/2024:06:56:57 -0500] "GET /BLA/resoluciones/RESOLUCIONES%202019/1133.pdf HTTP/1.1" 200 259511
3.224.220.101 - - [05/Mar/2024:06:57:01 -0500] "GET /BLA/resoluciones/RESOLUCIONES%202019/0193.pdf HTTP/1.1" 200 349422
23.22.35.162 - - [05/Mar/2024:06:57:05 -0500] "GET /BLA/resoluciones/RESOLUCIONES%202019/1077.pdf HTTP/1.1" 200 285419
52.70.240.171 - - [05/Mar/2024:06:57:09 -0500] "GET /BLA/resoluciones/RESOLUCIONES%202019/0192.pdf HTTP/1.1" 200 391948
23.22.35.162 - - [05/Mar/2024:06:57:13 -0500] "GET /BLA/resoluciones/RESOLUCIONES%202019/0191.pdf HTTP/1.1" 200 699903
52.70.240.171 - - [05/Mar/2024:06:57:18 -0500] "GET /BLA/resoluciones/RESOLUCIONES%202019/1075.pdf HTTP/1.1" 200 275867
181.63.25.0 - - [05/Mar/2024:06:57:17 -0500] "POST /sipse/faces/presentacion/financiero/solicitudProceso/listarSolicitudProceso.xhtml HTTP/1.1" 200 161504
181.63.25.0 - - [05/Mar/2024:06:57:19 -0500] "GET /sipse/faces/javax.faces.resource/theme.css?ln=primefaces-sipse HTTP/1.1" 304 -
181.63.25.0 - - [05/Mar/2024:06:57:19 -0500] "GET /sipse/faces/javax.faces.resource/primefaces.css?ln=primefaces&v=4.0 HTTP/1.1" 304 -
181.63.25.0 - - [05/Mar/2024:06:57:19 -0500] "GET /sipse/faces/javax.faces.resource/layout/layout.css?ln=primefaces&v=4.0 HTTP/1.1" 304 -
181.63.25.0 - - [05/Mar/2024:06:57:19 -0500] "GET /sipse/faces/javax.faces.resource/jquery/jquery.js?ln=primefaces&v=4.0 HTTP/1.1" 304 -
181.63.25.0 - - [05/Mar/2024:06:57:19 -0500] "GET /sipse/faces/javax.faces.resource/jquery/jquery-plugins.js?ln=primefaces&v=4.0 HTTP/1.1" 304 -
181.63.25.0 - - [05/Mar/2024:06:57:19 -0500] "GET /sipse/faces/javax.faces.resource/primefaces.js?ln=primefaces&v=4.0 HTTP/1.1" 304 -
181.63.25.0 - - [05/Mar/2024:06:57:19 -0500] "GET /sipse/faces/javax.faces.resource/layout/layout.js?ln=primefaces&v=4.0 HTTP/1.1" 304 -
3.224.220.101 - - [05/Mar/2024:06:57:21 -0500] "GET /BLA/resoluciones/RESOLUCIONES%202019/0189.pdf HTTP/1.1" 200 391920
172.22.2.4 - - [05/Mar/2024:06:55:46 -0500] "GET /BLA/boletinlegal/ HTTP/1.1" 200 56191
23.22.35.162 - - [05/Mar/2024:06:57:26 -0500] "GET /BLA/resoluciones/RESOLUCIONES%202019/1070.pdf HTTP/1.1" 200 2897964
52.70.240.171 - - [05/Mar/2024:06:57:30 -0500] "GET /BLA/resoluciones/RESOLUCIONES%202019/0182.pdf HTTP/1.1" 200 281290
23.22.35.162 - - [05/Mar/2024:06:57:33 -0500] "GET /BLA/resoluciones/RESOLUCIONES%202019/0181.pdf HTTP/1.1" 200 5375672
3.224.220.101 - - [05/Mar/2024:06:57:37 -0500] "GET /BLA/resoluciones/RESOLUCIONES%202019/1068.pdf HTTP/1.1" 200 3842701
3.224.220.101 - - [05/Mar/2024:06:57:42 -0500] "GET /BLA/resoluciones/RESOLUCIONES%202019/0177.pdf HTTP/1.1" 200 7556180
3.224.220.101 - - [05/Mar/2024:06:57:45 -0500] "GET /BLA/resoluciones/RESOLUCIONES%202019/1066.pdf HTTP/1.1" 200 758578
52.70.240.171 - - [05/Mar/2024:06:57:49 -0500] "GET /BLA/resoluciones/RESOLUCIONES%202019/0174.pdf HTTP/1.1" 200 608532
3.224.220.101 - - [05/Mar/2024:06:57:53 -0500] "GET /BLA/resoluciones/RESOLUCIONES%202019/1065.pdf HTTP/1.1" 200 329148
23.22.35.162 - - [05/Mar/2024:06:57:57 -0500] "GET /BLA/resoluciones/RESOLUCIONES%202019/0172.pdf HTTP/1.1" 200 383816
181.63.25.0 - - [05/Mar/2024:06:57:57 -0500] "POST /sipse/faces/presentacion/financiero/solicitudProceso/consultarSolicitudProceso.xhtml HTTP/1.1" 200 37209
181.63.25.0 - - [05/Mar/2024:06:57:58 -0500] "GET /sipse/faces/javax.faces.resource/theme.css?ln=primefaces-sipse HTTP/1.1" 304 -
181.63.25.0 - - [05/Mar/2024:06:57:58 -0500] "GET /sipse/faces/javax.faces.resource/primefaces.css?ln=primefaces&v=4.0 HTTP/1.1" 304 -
181.63.25.0 - - [05/Mar/2024:06:57:58 -0500] "GET /sipse/faces/javax.faces.resource/layout/layout.css?ln=primefaces&v=4.0 HTTP/1.1" 304 -
181.63.25.0 - - [05/Mar/2024:06:57:58 -0500] "GET /sipse/faces/javax.faces.resource/jquery/jquery.js?ln=primefaces&v=4.0 HTTP/1.1" 304 -
181.63.25.0 - - [05/Mar/2024:06:57:58 -0500] "GET /sipse/faces/javax.faces.resource/jquery/jquery-plugins.js?ln=primefaces&v=4.0 HTTP/1.1" 304 -
181.63.25.0 - - [05/Mar/2024:06:57:58 -0500] "GET /sipse/faces/javax.faces.resource/primefaces.js?ln=primefaces&v=4.0 HTTP/1.1" 304 -
181.63.25.0 - - [05/Mar/2024:06:57:58 -0500] "GET /sipse/faces/javax.faces.resource/layout/layout.js?ln=primefaces&v=4.0 HTTP/1.1" 304 -
181.63.25.0 - - [05/Mar/2024:06:57:58 -0500] "POST /sipse/faces/presentacion/financiero/solicitudProceso/listarSolicitudProceso.xhtml HTTP/1.1" 200 30477
181.63.25.0 - - [05/Mar/2024:06:57:59 -0500] "POST /sipse/faces/presentacion/financiero/solicitudProceso/listarSolicitudProceso.xhtml HTTP/1.1" 200 30477
52.70.240.171 - - [05/Mar/2024:06:58:01 -0500] "GET /BLA/resoluciones/RESOLUCIONES%202019/1062.pdf HTTP/1.1" 200 479545
181.63.25.0 - - [05/Mar/2024:06:58:00 -0500] "POST /sipse/faces/presentacion/financiero/solicitudProceso/listarSolicitudProceso.xhtml HTTP/1.1" 200 1392
181.63.25.0 - - [05/Mar/2024:06:58:01 -0500] "POST /sipse/faces/presentacion/financiero/solicitudProceso/listarSolicitudProceso.xhtml HTTP/1.1" 200 1388
181.63.25.0 - - [05/Mar/2024:06:58:02 -0500] "POST /sipse/faces/presentacion/financiero/solicitudProceso/listarSolicitudProceso.xhtml HTTP/1.1" 200 1400
3.224.220.101 - - [05/Mar/2024:06:58:05 -0500] "GET /BLA/resoluciones/RESOLUCIONES%202019/0171.pdf HTTP/1.1" 200 288489
181.63.25.0 - - [05/Mar/2024:06:58:05 -0500] "POST /sipse/faces/presentacion/financiero/solicitudProceso/listarSolicitudProceso.xhtml HTTP/1.1" 200 10123
3.224.220.101 - - [05/Mar/2024:06:58:09 -0500] "GET /BLA/resoluciones/RESOLUCIONES%202019/1060.pdf HTTP/1.1" 200 331092
23.22.35.162 - - [05/Mar/2024:06:58:17 -0500] "GET /BLA/resoluciones/RESOLUCIONES%202019/0168.pdf HTTP/1.1" 200 353901
23.22.35.162 - - [05/Mar/2024:06:58:18 -0500] "GET /BLA/resoluciones/RESOLUCIONES%202019/0170.pdf HTTP/1.1" 200 357269
52.70.240.171 - - [05/Mar/2024:06:58:21 -0500] "GET /BLA/resoluciones/RESOLUCIONES%202019/1059.pdf HTTP/1.1" 200 714832
3.224.220.101 - - [05/Mar/2024:06:58:27 -0500] "GET /BLA/resoluciones/RESOLUCIONES%202019/0165.pdf HTTP/1.1" 200 2460908
52.70.240.171 - - [05/Mar/2024:06:58:30 -0500] "GET /BLA/resoluciones/RESOLUCIONES%202019/1048.pdf HTTP/1.1" 200 9036570
3.224.220.101 - - [05/Mar/2024:06:58:33 -0500] "GET /BLA/resoluciones/RESOLUCIONES%202019/0160.pdf HTTP/1.1" 200 284539
3.224.220.101 - - [05/Mar/2024:06:58:37 -0500] "GET /BLA/resoluciones/RESOLUCIONES%202019/1045.pdf HTTP/1.1" 200 320537
52.70.240.171 - - [05/Mar/2024:06:58:41 -0500] "GET /BLA/resoluciones/RESOLUCIONES%202019/0155.pdf HTTP/1.1" 200 320556
52.70.240.171 - - [05/Mar/2024:06:58:46 -0500] "GET /BLA/resoluciones/RESOLUCIONES%202019/0154.pdf HTTP/1.1" 200 330074
3.224.220.101 - - [05/Mar/2024:06:58:49 -0500] "GET /BLA/resoluciones/RESOLUCIONES%202019/1044.pdf HTTP/1.1" 200 329094
52.70.240.171 - - [05/Mar/2024:06:58:53 -0500] "GET /BLA/resoluciones/RESOLUCIONES%202019/0152.pdf HTTP/1.1" 200 310213
23.22.35.162 - - [05/Mar/2024:06:58:57 -0500] "GET /BLA/resoluciones/RESOLUCIONES%202019/1043.pdf HTTP/1.1" 200 340069
181.63.25.0 - - [05/Mar/2024:06:58:56 -0500] "POST /sipse/faces/presentacion/financiero/solicitudProceso/listarSolicitudProceso.xhtml HTTP/1.1" 200 35904
181.63.25.0 - - [05/Mar/2024:06:58:58 -0500] "POST /sipse/faces/presentacion/financiero/solicitudProceso/listarSolicitudProceso.xhtml HTTP/1.1" 200 35908
181.63.25.0 - - [05/Mar/2024:06:58:59 -0500] "POST /sipse/faces/presentacion/financiero/solicitudProceso/listarSolicitudProceso.xhtml HTTP/1.1" 200 10119
52.70.240.171 - - [05/Mar/2024:06:59:01 -0500] "GET /BLA/resoluciones/RESOLUCIONES%202019/0147.pdf HTTP/1.1" 200 359496
52.70.240.171 - - [05/Mar/2024:06:59:05 -0500] "GET /BLA/resoluciones/RESOLUCIONES%202019/1042.pdf HTTP/1.1" 200 1146752
3.224.220.101 - - [05/Mar/2024:06:59:09 -0500] "GET /BLA/resoluciones/RESOLUCIONES%202019/0144.pdf HTTP/1.1" 200 272669
23.22.35.162 - - [05/Mar/2024:06:59:13 -0500] "GET /BLA/resoluciones/RESOLUCIONES%202019/1038.pdf HTTP/1.1" 200 324280
23.22.35.162 - - [05/Mar/2024:06:59:17 -0500] "GET /BLA/resoluciones/RESOLUCIONES%202019/0142.pdf HTTP/1.1" 200 293776
52.70.240.171 - - [05/Mar/2024:06:59:21 -0500] "GET /BLA/resoluciones/RESOLUCIONES%202019/1037.pdf HTTP/1.1" 200 256389
3.224.220.101 - - [05/Mar/2024:06:59:25 -0500] "GET /BLA/resoluciones/RESOLUCIONES%202019/0139.pdf HTTP/1.1" 200 402894
23.22.35.162 - - [05/Mar/2024:06:59:30 -0500] "GET /BLA/resoluciones/RESOLUCIONES%202019/1034.pdf HTTP/1.1" 200 730582
3.224.220.101 - - [05/Mar/2024:06:59:33 -0500] "GET /BLA/resoluciones/RESOLUCIONES%202019/0138.pdf HTTP/1.1" 200 381414
23.22.35.162 - - [05/Mar/2024:06:59:38 -0500] "GET /BLA/resoluciones/RESOLUCIONES%202019/0137.pdf HTTP/1.1" 200 7072993
23.22.35.162 - - [05/Mar/2024:06:59:41 -0500] "GET /BLA/resoluciones/RESOLUCIONES%202019/1033.pdf HTTP/1.1" 200 460536
3.224.220.101 - - [05/Mar/2024:06:59:45 -0500] "GET /BLA/resoluciones/RESOLUCIONES%202019/0134.pdf HTTP/1.1" 200 281718
23.22.35.162 - - [05/Mar/2024:06:59:49 -0500] "GET /BLA/resoluciones/RESOLUCIONES%202019/1032.pdf HTTP/1.1" 200 759348
181.63.25.0 - - [05/Mar/2024:06:59:50 -0500] "POST /sipse/faces/presentacion/financiero/solicitudProceso/listarSolicitudProceso.xhtml HTTP/1.1" 200 36805
181.63.25.0 - - [05/Mar/2024:06:59:51 -0500] "POST /sipse/faces/presentacion/financiero/solicitudProceso/listarSolicitudProceso.xhtml HTTP/1.1" 200 36801
181.63.25.0 - - [05/Mar/2024:06:59:52 -0500] "POST /sipse/faces/presentacion/financiero/solicitudProceso/listarSolicitudProceso.xhtml HTTP/1.1" 200 35908
52.70.240.171 - - [05/Mar/2024:06:59:53 -0500] "GET /BLA/resoluciones/RESOLUCIONES%202019/0132.pdf HTTP/1.1" 200 260661
181.63.25.0 - - [05/Mar/2024:06:59:54 -0500] "POST /sipse/faces/presentacion/financiero/solicitudProceso/listarSolicitudProceso.xhtml HTTP/1.1" 200 10100
52.70.240.171 - - [05/Mar/2024:06:59:57 -0500] "GET /BLA/resoluciones/RESOLUCIONES%202019/1031.pdf HTTP/1.1" 200 498861
3.224.220.101 - - [05/Mar/2024:07:00:01 -0500] "GET /BLA/resoluciones/RESOLUCIONES%202019/0126.pdf HTTP/1.1" 200 302354
52.70.240.171 - - [05/Mar/2024:07:00:06 -0500] "GET /BLA/resoluciones/RESOLUCIONES%202019/1030.pdf HTTP/1.1" 200 358641
23.22.35.162 - - [05/Mar/2024:07:00:09 -0500] "GET /BLA/resoluciones/RESOLUCIONES%202019/0121.pdf HTTP/1.1" 200 291109
40.77.167.73 - - [05/Mar/2024:07:00:12 -0500] "GET /sipse/faces/faces/autenticacion.xhtml HTTP/1.1" 200 12723
3.224.220.101 - - [05/Mar/2024:07:00:13 -0500] "GET /BLA/resoluciones/RESOLUCIONES%202019/0120.pdf HTTP/1.1" 200 278097
3.224.220.101 - - [05/Mar/2024:07:00:17 -0500] "GET /BLA/resoluciones/RESOLUCIONES%202019/1029.pdf HTTP/1.1" 200 477659
3.224.220.101 - - [05/Mar/2024:07:00:21 -0500] "GET /BLA/resoluciones/RESOLUCIONES%202019/0118.pdf HTTP/1.1" 200 365196
23.22.35.162 - - [05/Mar/2024:07:00:25 -0500] "GET /BLA/resoluciones/RESOLUCIONES%202019/0114.pdf HTTP/1.1" 200 318640
40.77.188.192 - - [05/Mar/2024:07:00:28 -0500] "GET /portaldeninos/wp-content/themes/betheme/style.css?ver=20.9.6 HTTP/1.1" 200 287
40.77.188.224 - - [05/Mar/2024:07:00:28 -0500] "GET /portaldeninos/wp-includes/js/jquery/ui/core.min.js?ver=1.11.4 HTTP/1.1" 200 4000
40.77.188.235 - - [05/Mar/2024:07:00:28 -0500] "GET /portaldeninos/wp-content/plugins/gallery-videos/JS/Total-Soft-Gallery-Video-Widget.js?ver=4.9.8 HTTP/1.1" 200 80264
40.77.188.84 - - [05/Mar/2024:07:00:28 -0500] "GET /portaldeninos/wp-includes/js/wp-emoji-release.min.js?ver=4.9.8 HTTP/1.1" 200 12026
40.77.189.161 - - [05/Mar/2024:07:00:28 -0500] "GET /portaldeninos/wp-content/themes/betheme/js/plugins.js?ver=20.9.6 HTTP/1.1" 200 197151
