201.245.192.253 - - [06/Mar/2024:06:45:42 -0500] "GET /sipse/faces/javax.faces.resource/primefaces.css?ln=primefaces&v=4.0 HTTP/1.1" 304 -
201.245.192.253 - - [06/Mar/2024:06:45:42 -0500] "GET /sipse/faces/javax.faces.resource/layout/layout.css?ln=primefaces&v=4.0 HTTP/1.1" 304 -
201.245.192.253 - - [06/Mar/2024:06:45:42 -0500] "GET /sipse/faces/javax.faces.resource/jquery/jquery.js?ln=primefaces&v=4.0 HTTP/1.1" 304 -
201.245.192.253 - - [06/Mar/2024:06:45:42 -0500] "GET /sipse/faces/javax.faces.resource/jquery/jquery-plugins.js?ln=primefaces&v=4.0 HTTP/1.1" 304 -
201.245.192.253 - - [06/Mar/2024:06:45:42 -0500] "GET /sipse/faces/javax.faces.resource/primefaces.js?ln=primefaces&v=4.0 HTTP/1.1" 304 -
201.245.192.253 - - [06/Mar/2024:06:45:42 -0500] "GET /sipse/faces/javax.faces.resource/layout/layout.js?ln=primefaces&v=4.0 HTTP/1.1" 304 -
201.245.192.253 - - [06/Mar/2024:06:45:42 -0500] "POST /sipse/faces/presentacion/financiero/solicitudProceso/listarSolicitudProceso.xhtml HTTP/1.1" 200 57929
201.245.192.253 - - [06/Mar/2024:06:45:43 -0500] "POST /sipse/faces/presentacion/financiero/solicitudProceso/listarSolicitudProceso.xhtml HTTP/1.1" 200 57929
201.245.192.253 - - [06/Mar/2024:06:45:43 -0500] "POST /sipse/faces/presentacion/financiero/solicitudProceso/listarSolicitudProceso.xhtml HTTP/1.1" 200 1556
201.245.192.253 - - [06/Mar/2024:06:45:44 -0500] "POST /sipse/faces/presentacion/financiero/solicitudProceso/listarSolicitudProceso.xhtml HTTP/1.1" 200 1552
201.245.192.253 - - [06/Mar/2024:06:45:44 -0500] "POST /sipse/faces/presentacion/financiero/solicitudProceso/listarSolicitudProceso.xhtml HTTP/1.1" 200 1564
201.245.192.253 - - [06/Mar/2024:06:45:46 -0500] "POST /sipse/faces/presentacion/financiero/solicitudProceso/listarSolicitudProceso.xhtml HTTP/1.1" 200 5537
201.245.192.253 - - [06/Mar/2024:06:45:47 -0500] "POST /sipse/faces/presentacion/financiero/solicitudProceso/listarSolicitudProceso.xhtml HTTP/1.1" 200 146359
201.245.192.253 - - [06/Mar/2024:06:45:48 -0500] "GET /sipse/faces/javax.faces.resource/primefaces.css?ln=primefaces&v=4.0 HTTP/1.1" 304 -
201.245.192.253 - - [06/Mar/2024:06:45:48 -0500] "GET /sipse/faces/javax.faces.resource/theme.css?ln=primefaces-sipse HTTP/1.1" 304 -
201.245.192.253 - - [06/Mar/2024:06:45:48 -0500] "GET /sipse/faces/javax.faces.resource/layout/layout.css?ln=primefaces&v=4.0 HTTP/1.1" 304 -
201.245.192.253 - - [06/Mar/2024:06:45:48 -0500] "GET /sipse/faces/javax.faces.resource/jquery/jquery.js?ln=primefaces&v=4.0 HTTP/1.1" 304 -
201.245.192.253 - - [06/Mar/2024:06:45:48 -0500] "GET /sipse/faces/javax.faces.resource/jquery/jquery-plugins.js?ln=primefaces&v=4.0 HTTP/1.1" 304 -
201.245.192.253 - - [06/Mar/2024:06:45:48 -0500] "GET /sipse/faces/javax.faces.resource/primefaces.js?ln=primefaces&v=4.0 HTTP/1.1" 304 -
201.245.192.253 - - [06/Mar/2024:06:45:48 -0500] "GET /sipse/faces/javax.faces.resource/layout/layout.js?ln=primefaces&v=4.0 HTTP/1.1" 304 -
201.245.192.253 - - [06/Mar/2024:06:45:50 -0500] "POST /sipse/faces/presentacion/financiero/solicitudProceso/consultarSolicitudProceso.xhtml HTTP/1.1" 200 119501
181.53.13.222 - - [06/Mar/2024:06:45:51 -0500] "GET /sipse/faces/javax.faces.resource/theme.css?ln=primefaces-sipse HTTP/1.1" 304 -
181.53.13.222 - - [06/Mar/2024:06:45:51 -0500] "GET /sipse/faces/javax.faces.resource/primefaces.css?ln=primefaces&v=4.0 HTTP/1.1" 304 -
181.53.13.222 - - [06/Mar/2024:06:45:51 -0500] "GET /sipse/faces/javax.faces.resource/layout/layout.css?ln=primefaces&v=4.0 HTTP/1.1" 304 -
181.53.13.222 - - [06/Mar/2024:06:45:51 -0500] "GET /sipse/faces/javax.faces.resource/jquery/jquery-plugins.js?ln=primefaces&v=4.0 HTTP/1.1" 304 -
181.53.13.222 - - [06/Mar/2024:06:45:51 -0500] "GET /sipse/faces/javax.faces.resource/jquery/jquery.js?ln=primefaces&v=4.0 HTTP/1.1" 304 -
181.53.13.222 - - [06/Mar/2024:06:45:51 -0500] "GET /sipse/faces/javax.faces.resource/primefaces.js?ln=primefaces&v=4.0 HTTP/1.1" 304 -
181.53.13.222 - - [06/Mar/2024:06:45:51 -0500] "GET /sipse/faces/javax.faces.resource/layout/layout.js?ln=primefaces&v=4.0 HTTP/1.1" 304 -
181.53.13.222 - - [06/Mar/2024:06:45:50 -0500] "POST /sipse/faces/presentacion/financiero/solicitudProceso/consultarHistorialSolProceso.xhtml HTTP/1.1" 200 194822
52.70.240.171 - - [06/Mar/2024:06:45:52 -0500] "GET /BLA/resoluciones/index.php?dir=RESOLUCIONES%202004/RES%202004%2051-100/&order=desc&sort=date HTTP/1.1" 200 11979
23.22.35.162 - - [06/Mar/2024:06:45:56 -0500] "GET /BLA/resoluciones/index.php?dir=RESOLUCIONES%202004/RES%202004%2051-100/&order=asc&sort=name HTTP/1.1" 200 11980
74.125.210.203 - - [06/Mar/2024:06:46:00 -0500] "GET /galeria/galeria/fotos/Soratama1G.jpg HTTP/1.1" 200 127762
52.70.240.171 - - [06/Mar/2024:06:46:00 -0500] "GET /BLA/resoluciones/index.php?dir=RESOLUCIONES%202004/RES%202004%2051-100/&order=asc&sort=size HTTP/1.1" 200 11980
181.53.13.222 - - [06/Mar/2024:06:45:59 -0500] "POST /sipse/faces/presentacion/financiero/solicitudProceso/consultarSolicitudProceso.xhtml HTTP/1.1" 200 2561663
3.224.220.101 - - [06/Mar/2024:06:46:12 -0500] "GET /BLA/resoluciones/index.php?dir=RESOLUCIONES%202004/RES%202004%2051-100/&order=desc&sort=size HTTP/1.1" 200 11979
52.70.240.171 - - [06/Mar/2024:06:46:16 -0500] "GET /BLA/resoluciones/index.php?dir=RESOLUCIONES%202004/RES%202004%2051-100/&order=desc&sort=name HTTP/1.1" 200 11979
3.224.220.101 - - [06/Mar/2024:06:46:28 -0500] "GET /BLA/resoluciones/index.php?dir=RESOLUCIONES%202004/RES%202004%2001-%2050/ HTTP/1.1" 200 11966
181.53.13.222 - - [06/Mar/2024:06:46:29 -0500] "POST /sipse/faces/presentacion/financiero/solicitudProceso/consultarSolicitudProceso.xhtml HTTP/1.1" 200 5361
52.70.240.171 - - [06/Mar/2024:06:46:37 -0500] "GET /BLA/resoluciones/index.php?dir=RESOLUCIONES%202004/RES%202004%2001-%2050/&order=asc&sort=date HTTP/1.1" 200 11966
181.53.13.222 - - [06/Mar/2024:06:46:44 -0500] "POST /sipse/faces/presentacion/financiero/solicitudProceso/consultarSolicitudProceso.xhtml HTTP/1.1" 200 5336
181.53.13.222 - - [06/Mar/2024:06:46:47 -0500] "POST /sipse/faces/presentacion/financiero/solicitudProceso/consultarSolicitudProceso.xhtml HTTP/1.1" 200 29476
181.53.13.222 - - [06/Mar/2024:06:46:47 -0500] "GET /sipse/faces/javax.faces.resource/layout/layout.css?ln=primefaces&v=4.0 HTTP/1.1" 304 -
181.53.13.222 - - [06/Mar/2024:06:46:47 -0500] "GET /sipse/faces/javax.faces.resource/primefaces.css?ln=primefaces&v=4.0 HTTP/1.1" 304 -
181.53.13.222 - - [06/Mar/2024:06:46:47 -0500] "GET /sipse/faces/javax.faces.resource/jquery/jquery.js?ln=primefaces&v=4.0 HTTP/1.1" 304 -
181.53.13.222 - - [06/Mar/2024:06:46:47 -0500] "GET /sipse/faces/javax.faces.resource/theme.css?ln=primefaces-sipse HTTP/1.1" 304 -
181.53.13.222 - - [06/Mar/2024:06:46:47 -0500] "GET /sipse/faces/javax.faces.resource/jquery/jquery-plugins.js?ln=primefaces&v=4.0 HTTP/1.1" 304 -
181.53.13.222 - - [06/Mar/2024:06:46:47 -0500] "GET /sipse/faces/javax.faces.resource/primefaces.js?ln=primefaces&v=4.0 HTTP/1.1" 304 -
181.53.13.222 - - [06/Mar/2024:06:46:47 -0500] "GET /sipse/faces/javax.faces.resource/layout/layout.js?ln=primefaces&v=4.0 HTTP/1.1" 304 -
181.53.13.222 - - [06/Mar/2024:06:46:51 -0500] "POST /sipse/faces/presentacion/contratacion/contratista/listarContratista.xhtml HTTP/1.1" 200 7806
52.70.240.171 - - [06/Mar/2024:06:46:52 -0500] "GET /BLA/resoluciones/index.php?dir=RESOLUCIONES%202004/RES%202004%2001-%2050/&order=desc&sort=date HTTP/1.1" 200 11965
3.224.220.101 - - [06/Mar/2024:06:46:56 -0500] "GET /BLA/resoluciones/index.php?dir=RESOLUCIONES%202004/RES%202004%2001-%2050/&order=asc&sort=name HTTP/1.1" 200 11966
52.70.240.171 - - [06/Mar/2024:06:47:00 -0500] "GET /BLA/resoluciones/index.php?dir=RESOLUCIONES%202004/RES%202004%2001-%2050/&order=asc&sort=size HTTP/1.1" 200 11966
66.249.66.21 - - [06/Mar/2024:06:47:04 -0500] "GET /BLA/resoluciones/RESOLUCIONES%202009/4759.pdf HTTP/1.1" 200 604855
23.22.35.162 - - [06/Mar/2024:06:47:09 -0500] "GET /BLA/resoluciones/index.php?dir=RESOLUCIONES%202004/RES%202004%2001-%2050/&order=desc&sort=size HTTP/1.1" 200 11965
172.22.2.4 - - [06/Mar/2024:06:45:31 -0500] "GET /BLA/boletinlegal/ HTTP/1.1" 200 62720
52.70.240.171 - - [06/Mar/2024:06:47:12 -0500] "GET /BLA/resoluciones/index.php?dir=RESOLUCIONES%202004/RES%202004%2001-%2050/&order=desc&sort=name HTTP/1.1" 200 11965
66.249.66.20 - - [06/Mar/2024:06:47:18 -0500] "GET /BLA/resoluciones/Autos%202008/3176.pdf HTTP/1.1" 200 197883
52.70.240.171 - - [06/Mar/2024:06:47:25 -0500] "GET /BLA/resoluciones/index.php?dir=RESOLUCIONES%202004/&order=asc&sort=date HTTP/1.1" 200 33860
52.70.240.171 - - [06/Mar/2024:06:47:28 -0500] "GET /BLA/resoluciones/index.php?dir=RESOLUCIONES%202004/&order=desc&sort=date HTTP/1.1" 200 33859
181.53.13.222 - - [06/Mar/2024:06:47:35 -0500] "POST /sipse/faces/presentacion/contratacion/contratista/listarContratista.xhtml HTTP/1.1" 200 8732
23.22.35.162 - - [06/Mar/2024:06:47:36 -0500] "GET /BLA/resoluciones/index.php?dir=RESOLUCIONES%202004/&order=asc&sort=name HTTP/1.1" 200 33860
52.70.240.171 - - [06/Mar/2024:06:47:40 -0500] "GET /BLA/resoluciones/index.php?dir=RESOLUCIONES%202004/&order=asc&sort=size HTTP/1.1" 200 33860
181.53.13.222 - - [06/Mar/2024:06:47:38 -0500] "POST /sipse/faces/presentacion/contratacion/contratista/listarContratista.xhtml HTTP/1.1" 200 64375
181.53.13.222 - - [06/Mar/2024:06:47:40 -0500] "GET /sipse/faces/javax.faces.resource/theme.css?ln=primefaces-sipse HTTP/1.1" 304 -
181.53.13.222 - - [06/Mar/2024:06:47:41 -0500] "GET /sipse/faces/javax.faces.resource/primefaces.css?ln=primefaces&v=4.0 HTTP/1.1" 304 -
181.53.13.222 - - [06/Mar/2024:06:47:41 -0500] "GET /sipse/faces/javax.faces.resource/layout/layout.css?ln=primefaces&v=4.0 HTTP/1.1" 304 -
181.53.13.222 - - [06/Mar/2024:06:47:41 -0500] "GET /sipse/faces/javax.faces.resource/jquery/jquery.js?ln=primefaces&v=4.0 HTTP/1.1" 304 -
181.53.13.222 - - [06/Mar/2024:06:47:41 -0500] "GET /sipse/faces/javax.faces.resource/jquery/jquery-plugins.js?ln=primefaces&v=4.0 HTTP/1.1" 304 -
181.53.13.222 - - [06/Mar/2024:06:47:41 -0500] "GET /sipse/faces/javax.faces.resource/primefaces.js?ln=primefaces&v=4.0 HTTP/1.1" 304 -
181.53.13.222 - - [06/Mar/2024:06:47:41 -0500] "GET /sipse/faces/javax.faces.resource/layout/layout.js?ln=primefaces&v=4.0 HTTP/1.1" 304 -
181.53.13.222 - - [06/Mar/2024:06:47:41 -0500] "GET /sipse/faces/javax.faces.resource/spacer/dot_clear.gif?ln=primefaces&v=4.0 HTTP/1.1" 200 42
3.224.220.101 - - [06/Mar/2024:06:47:48 -0500] "GET /BLA/resoluciones/index.php?dir=RESOLUCIONES%202004/&order=desc&sort=size HTTP/1.1" 200 33859
3.224.220.101 - - [06/Mar/2024:06:47:52 -0500] "GET /BLA/resoluciones/index.php?dir=RESOLUCIONES%202004/&order=desc&sort=name HTTP/1.1" 200 33859
52.70.240.171 - - [06/Mar/2024:06:48:04 -0500] "GET /BLA/resoluciones/index.php?dir=RESOLUCIONES%202021/&order=asc&sort=date HTTP/1.1" 200 445623
52.70.240.171 - - [06/Mar/2024:06:48:08 -0500] "GET /BLA/resoluciones/index.php?dir=RESOLUCIONES%202021/&order=asc&sort=size HTTP/1.1" 200 445623
52.70.240.171 - - [06/Mar/2024:06:48:12 -0500] "GET /BLA/resoluciones/index.php?dir=RESOLUCIONES%202021/&order=desc&sort=name HTTP/1.1" 200 445622
181.53.13.222 - - [06/Mar/2024:06:48:15 -0500] "POST /sipse/faces/presentacion/contratacion/contratista/consultarContratista.xhtml HTTP/1.1" 200 34160
181.53.13.222 - - [06/Mar/2024:06:48:15 -0500] "GET /sipse/faces/javax.faces.resource/theme.css?ln=primefaces-sipse HTTP/1.1" 304 -
181.53.13.222 - - [06/Mar/2024:06:48:15 -0500] "GET /sipse/faces/javax.faces.resource/primefaces.css?ln=primefaces&v=4.0 HTTP/1.1" 304 -
181.53.13.222 - - [06/Mar/2024:06:48:15 -0500] "GET /sipse/faces/javax.faces.resource/layout/layout.css?ln=primefaces&v=4.0 HTTP/1.1" 304 -
181.53.13.222 - - [06/Mar/2024:06:48:15 -0500] "GET /sipse/faces/javax.faces.resource/jquery/jquery.js?ln=primefaces&v=4.0 HTTP/1.1" 304 -
181.53.13.222 - - [06/Mar/2024:06:48:15 -0500] "GET /sipse/faces/javax.faces.resource/jquery/jquery-plugins.js?ln=primefaces&v=4.0 HTTP/1.1" 304 -
181.53.13.222 - - [06/Mar/2024:06:48:15 -0500] "GET /sipse/faces/javax.faces.resource/primefaces.js?ln=primefaces&v=4.0 HTTP/1.1" 304 -
181.53.13.222 - - [06/Mar/2024:06:48:15 -0500] "GET /sipse/faces/javax.faces.resource/layout/layout.js?ln=primefaces&v=4.0 HTTP/1.1" 304 -
181.53.13.222 - - [06/Mar/2024:06:48:16 -0500] "GET /sipse/faces/javax.faces.resource/messages/messages.png?ln=primefaces&v=4.0 HTTP/1.1" 304 -
23.22.35.162 - - [06/Mar/2024:06:48:16 -0500] "GET /BLA/resoluciones/RESOLUCIONES%202021/00294.pdf HTTP/1.1" 200 967481
181.53.13.222 - - [06/Mar/2024:06:48:18 -0500] "POST /sipse/faces/presentacion/contratacion/contratista/listarContratista.xhtml HTTP/1.1" 200 39941
181.53.13.222 - - [06/Mar/2024:06:48:19 -0500] "GET /sipse/faces/javax.faces.resource/theme.css?ln=primefaces-sipse HTTP/1.1" 304 -
181.53.13.222 - - [06/Mar/2024:06:48:19 -0500] "GET /sipse/faces/javax.faces.resource/primefaces.css?ln=primefaces&v=4.0 HTTP/1.1" 304 -
181.53.13.222 - - [06/Mar/2024:06:48:19 -0500] "GET /sipse/faces/javax.faces.resource/layout/layout.css?ln=primefaces&v=4.0 HTTP/1.1" 304 -
181.53.13.222 - - [06/Mar/2024:06:48:19 -0500] "GET /sipse/faces/javax.faces.resource/jquery/jquery.js?ln=primefaces&v=4.0 HTTP/1.1" 304 -
181.53.13.222 - - [06/Mar/2024:06:48:19 -0500] "GET /sipse/faces/javax.faces.resource/jquery/jquery-plugins.js?ln=primefaces&v=4.0 HTTP/1.1" 304 -
181.53.13.222 - - [06/Mar/2024:06:48:19 -0500] "GET /sipse/faces/javax.faces.resource/primefaces.js?ln=primefaces&v=4.0 HTTP/1.1" 304 -
181.53.13.222 - - [06/Mar/2024:06:48:19 -0500] "GET /sipse/faces/javax.faces.resource/layout/layout.js?ln=primefaces&v=4.0 HTTP/1.1" 304 -
181.53.13.222 - - [06/Mar/2024:06:48:19 -0500] "POST /sipse/faces/presentacion/financiero/solicitudProceso/listarSolicitudProceso.xhtml HTTP/1.1" 200 33194
181.53.13.222 - - [06/Mar/2024:06:48:20 -0500] "POST /sipse/faces/presentacion/financiero/solicitudProceso/listarSolicitudProceso.xhtml HTTP/1.1" 200 33194
181.53.13.222 - - [06/Mar/2024:06:48:20 -0500] "POST /sipse/faces/presentacion/financiero/solicitudProceso/listarSolicitudProceso.xhtml HTTP/1.1" 200 33194
181.53.13.222 - - [06/Mar/2024:06:48:21 -0500] "POST /sipse/faces/presentacion/financiero/solicitudProceso/listarSolicitudProceso.xhtml HTTP/1.1" 200 1392
181.53.13.222 - - [06/Mar/2024:06:48:24 -0500] "POST /sipse/faces/presentacion/financiero/solicitudProceso/listarSolicitudProceso.xhtml HTTP/1.1" 200 1388
181.53.13.222 - - [06/Mar/2024:06:48:26 -0500] "POST /sipse/faces/presentacion/financiero/solicitudProceso/listarSolicitudProceso.xhtml HTTP/1.1" 200 1400
181.53.13.222 - - [06/Mar/2024:06:48:29 -0500] "POST /sipse/faces/presentacion/financiero/solicitudProceso/listarSolicitudProceso.xhtml HTTP/1.1" 200 1388
181.53.13.222 - - [06/Mar/2024:06:48:36 -0500] "POST /sipse/faces/presentacion/financiero/solicitudProceso/listarSolicitudProceso.xhtml HTTP/1.1" 200 21964
52.70.240.171 - - [06/Mar/2024:06:48:36 -0500] "GET /BLA/resoluciones/index.php?dir=RESOLUCIONES%202021/&order=desc&sort=size HTTP/1.1" 200 445622
3.224.220.101 - - [06/Mar/2024:06:48:40 -0500] "GET /BLA/resoluciones/index.php?dir=RESOLUCIONES%202021/&order=desc&sort=date HTTP/1.1" 200 445622
181.53.13.222 - - [06/Mar/2024:06:48:41 -0500] "POST /sipse/faces/presentacion/financiero/solicitudProceso/listarSolicitudProceso.xhtml HTTP/1.1" 200 150389
181.53.13.222 - - [06/Mar/2024:06:48:42 -0500] "GET /sipse/faces/javax.faces.resource/theme.css?ln=primefaces-sipse HTTP/1.1" 304 -
181.53.13.222 - - [06/Mar/2024:06:48:42 -0500] "GET /sipse/faces/javax.faces.resource/primefaces.css?ln=primefaces&v=4.0 HTTP/1.1" 304 -
181.53.13.222 - - [06/Mar/2024:06:48:42 -0500] "GET /sipse/faces/javax.faces.resource/layout/layout.css?ln=primefaces&v=4.0 HTTP/1.1" 304 -
181.53.13.222 - - [06/Mar/2024:06:48:42 -0500] "GET /sipse/faces/javax.faces.resource/jquery/jquery.js?ln=primefaces&v=4.0 HTTP/1.1" 304 -
181.53.13.222 - - [06/Mar/2024:06:48:42 -0500] "GET /sipse/faces/javax.faces.resource/jquery/jquery-plugins.js?ln=primefaces&v=4.0 HTTP/1.1" 304 -
181.53.13.222 - - [06/Mar/2024:06:48:42 -0500] "GET /sipse/faces/javax.faces.resource/primefaces.js?ln=primefaces&v=4.0 HTTP/1.1" 304 -
181.53.13.222 - - [06/Mar/2024:06:48:42 -0500] "GET /sipse/faces/javax.faces.resource/layout/layout.js?ln=primefaces&v=4.0 HTTP/1.1" 304 -
181.53.13.222 - - [06/Mar/2024:06:48:51 -0500] "POST /sipse/faces/presentacion/financiero/solicitudProceso/consultarSolicitudProceso.xhtml HTTP/1.1" 200 5598
23.22.35.162 - - [06/Mar/2024:06:48:53 -0500] "GET /BLA/resoluciones/index.php?dir=RESOLUCIONES%202021/&order=asc&sort=name HTTP/1.1" 200 445623
52.70.240.171 - - [06/Mar/2024:06:48:56 -0500] "GET /BLA/resoluciones/index.php?dir=RESOLUCIONES%201994/&order=asc&sort=date HTTP/1.1" 200 2479
181.53.13.222 - - [06/Mar/2024:06:49:05 -0500] "POST /sipse/faces/presentacion/financiero/solicitudProceso/consultarSolicitudProceso.xhtml HTTP/1.1" 200 33673
181.53.13.222 - - [06/Mar/2024:06:49:06 -0500] "GET /sipse/faces/javax.faces.resource/theme.css?ln=primefaces-sipse HTTP/1.1" 304 -
181.53.13.222 - - [06/Mar/2024:06:49:06 -0500] "GET /sipse/faces/javax.faces.resource/layout/layout.css?ln=primefaces&v=4.0 HTTP/1.1" 304 -
181.53.13.222 - - [06/Mar/2024:06:49:06 -0500] "GET /sipse/faces/javax.faces.resource/primefaces.css?ln=primefaces&v=4.0 HTTP/1.1" 304 -
181.53.13.222 - - [06/Mar/2024:06:49:06 -0500] "GET /sipse/faces/javax.faces.resource/jquery/jquery.js?ln=primefaces&v=4.0 HTTP/1.1" 304 -
181.53.13.222 - - [06/Mar/2024:06:49:06 -0500] "GET /sipse/faces/javax.faces.resource/jquery/jquery-plugins.js?ln=primefaces&v=4.0 HTTP/1.1" 304 -
181.53.13.222 - - [06/Mar/2024:06:49:06 -0500] "GET /sipse/faces/javax.faces.resource/primefaces.js?ln=primefaces&v=4.0 HTTP/1.1" 304 -
181.53.13.222 - - [06/Mar/2024:06:49:06 -0500] "GET /sipse/faces/javax.faces.resource/layout/layout.js?ln=primefaces&v=4.0 HTTP/1.1" 304 -
181.53.13.222 - - [06/Mar/2024:06:49:06 -0500] "POST /sipse/faces/presentacion/contratacion/contratista/listarContratista.xhtml HTTP/1.1" 200 26942
181.53.13.222 - - [06/Mar/2024:06:49:07 -0500] "POST /sipse/faces/presentacion/contratacion/contratista/listarContratista.xhtml HTTP/1.1" 200 26942
181.53.13.222 - - [06/Mar/2024:06:49:07 -0500] "POST /sipse/faces/presentacion/contratacion/contratista/listarContratista.xhtml HTTP/1.1" 200 26942
181.53.13.222 - - [06/Mar/2024:06:49:07 -0500] "POST /sipse/faces/presentacion/contratacion/contratista/listarContratista.xhtml HTTP/1.1" 200 26942
181.53.13.222 - - [06/Mar/2024:06:49:07 -0500] "POST /sipse/faces/presentacion/contratacion/contratista/listarContratista.xhtml HTTP/1.1" 200 26942
3.224.220.101 - - [06/Mar/2024:06:49:08 -0500] "GET /BLA/resoluciones/index.php?dir=RESOLUCIONES%201994/&order=desc&sort=date HTTP/1.1" 200 2478
181.53.13.222 - - [06/Mar/2024:06:49:09 -0500] "POST /sipse/faces/presentacion/contratacion/contratista/listarContratista.xhtml HTTP/1.1" 200 8708
52.70.240.171 - - [06/Mar/2024:06:49:12 -0500] "GET /BLA/resoluciones/index.php?dir=RESOLUCIONES%201994/&order=asc&sort=name HTTP/1.1" 200 2479
181.53.13.222 - - [06/Mar/2024:06:49:12 -0500] "POST /sipse/faces/presentacion/contratacion/contratista/listarContratista.xhtml HTTP/1.1" 200 64419
181.53.13.222 - - [06/Mar/2024:06:49:14 -0500] "GET /sipse/faces/javax.faces.resource/theme.css?ln=primefaces-sipse HTTP/1.1" 304 -
181.53.13.222 - - [06/Mar/2024:06:49:14 -0500] "GET /sipse/faces/javax.faces.resource/jquery/jquery.js?ln=primefaces&v=4.0 HTTP/1.1" 304 -
181.53.13.222 - - [06/Mar/2024:06:49:14 -0500] "GET /sipse/faces/javax.faces.resource/layout/layout.css?ln=primefaces&v=4.0 HTTP/1.1" 304 -
181.53.13.222 - - [06/Mar/2024:06:49:14 -0500] "GET /sipse/faces/javax.faces.resource/primefaces.css?ln=primefaces&v=4.0 HTTP/1.1" 304 -
181.53.13.222 - - [06/Mar/2024:06:49:14 -0500] "GET /sipse/faces/javax.faces.resource/jquery/jquery-plugins.js?ln=primefaces&v=4.0 HTTP/1.1" 304 -
181.53.13.222 - - [06/Mar/2024:06:49:14 -0500] "GET /sipse/faces/javax.faces.resource/primefaces.js?ln=primefaces&v=4.0 HTTP/1.1" 304 -
181.53.13.222 - - [06/Mar/2024:06:49:14 -0500] "GET /sipse/faces/javax.faces.resource/layout/layout.js?ln=primefaces&v=4.0 HTTP/1.1" 304 -
23.22.35.162 - - [06/Mar/2024:06:49:16 -0500] "GET /BLA/resoluciones/index.php?dir=RESOLUCIONES%201994/&order=asc&sort=size HTTP/1.1" 200 2479
181.53.13.222 - - [06/Mar/2024:06:49:19 -0500] "POST /sipse/faces/presentacion/contratacion/contratista/consultarContratista.xhtml HTTP/1.1" 200 34160
181.53.13.222 - - [06/Mar/2024:06:49:20 -0500] "GET /sipse/faces/javax.faces.resource/theme.css?ln=primefaces-sipse HTTP/1.1" 304 -
181.53.13.222 - - [06/Mar/2024:06:49:20 -0500] "GET /sipse/faces/javax.faces.resource/primefaces.css?ln=primefaces&v=4.0 HTTP/1.1" 304 -
181.53.13.222 - - [06/Mar/2024:06:49:20 -0500] "GET /sipse/faces/javax.faces.resource/layout/layout.css?ln=primefaces&v=4.0 HTTP/1.1" 304 -
181.53.13.222 - - [06/Mar/2024:06:49:20 -0500] "GET /sipse/faces/javax.faces.resource/jquery/jquery.js?ln=primefaces&v=4.0 HTTP/1.1" 304 -
181.53.13.222 - - [06/Mar/2024:06:49:20 -0500] "GET /sipse/faces/javax.faces.resource/jquery/jquery-plugins.js?ln=primefaces&v=4.0 HTTP/1.1" 304 -
181.53.13.222 - - [06/Mar/2024:06:49:20 -0500] "GET /sipse/faces/javax.faces.resource/primefaces.js?ln=primefaces&v=4.0 HTTP/1.1" 304 -
181.53.13.222 - - [06/Mar/2024:06:49:20 -0500] "GET /sipse/faces/javax.faces.resource/layout/layout.js?ln=primefaces&v=4.0 HTTP/1.1" 304 -
181.53.13.222 - - [06/Mar/2024:06:49:25 -0500] "POST /sipse/faces/presentacion/contratacion/contratista/listarContratista.xhtml HTTP/1.1" 200 8708
181.53.13.222 - - [06/Mar/2024:06:49:29 -0500] "POST /sipse/faces/presentacion/contratacion/contratista/listarContratista.xhtml HTTP/1.1" 200 64419
181.53.13.222 - - [06/Mar/2024:06:49:31 -0500] "GET /sipse/faces/javax.faces.resource/theme.css?ln=primefaces-sipse HTTP/1.1" 304 -
181.53.13.222 - - [06/Mar/2024:06:49:31 -0500] "GET /sipse/faces/javax.faces.resource/primefaces.css?ln=primefaces&v=4.0 HTTP/1.1" 304 -
181.53.13.222 - - [06/Mar/2024:06:49:31 -0500] "GET /sipse/faces/javax.faces.resource/layout/layout.css?ln=primefaces&v=4.0 HTTP/1.1" 304 -
181.53.13.222 - - [06/Mar/2024:06:49:31 -0500] "GET /sipse/faces/javax.faces.resource/jquery/jquery.js?ln=primefaces&v=4.0 HTTP/1.1" 304 -
181.53.13.222 - - [06/Mar/2024:06:49:31 -0500] "GET /sipse/faces/javax.faces.resource/jquery/jquery-plugins.js?ln=primefaces&v=4.0 HTTP/1.1" 304 -
181.53.13.222 - - [06/Mar/2024:06:49:31 -0500] "GET /sipse/faces/javax.faces.resource/primefaces.js?ln=primefaces&v=4.0 HTTP/1.1" 304 -
181.53.13.222 - - [06/Mar/2024:06:49:31 -0500] "GET /sipse/faces/javax.faces.resource/layout/layout.js?ln=primefaces&v=4.0 HTTP/1.1" 304 -
52.70.240.171 - - [06/Mar/2024:06:49:32 -0500] "GET /BLA/resoluciones/index.php?dir=RESOLUCIONES%201994/&order=desc&sort=size HTTP/1.1" 200 2478
52.70.240.171 - - [06/Mar/2024:06:49:40 -0500] "GET /BLA/resoluciones/index.php?dir=RESOLUCIONES%201994/&order=desc&sort=name HTTP/1.1" 200 2478
201.245.192.253 - - [06/Mar/2024:06:49:40 -0500] "POST /sipse/faces/presentacion/financiero/solicitudProceso/consultarSolicitudProceso.xhtml HTTP/1.1" 200 36911
201.245.192.253 - - [06/Mar/2024:06:49:41 -0500] "GET /sipse/faces/javax.faces.resource/theme.css?ln=primefaces-sipse HTTP/1.1" 304 -
201.245.192.253 - - [06/Mar/2024:06:49:41 -0500] "GET /sipse/faces/javax.faces.resource/primefaces.css?ln=primefaces&v=4.0 HTTP/1.1" 304 -
201.245.192.253 - - [06/Mar/2024:06:49:41 -0500] "GET /sipse/faces/javax.faces.resource/layout/layout.css?ln=primefaces&v=4.0 HTTP/1.1" 304 -
201.245.192.253 - - [06/Mar/2024:06:49:41 -0500] "GET /sipse/faces/javax.faces.resource/jquery/jquery.js?ln=primefaces&v=4.0 HTTP/1.1" 304 -
201.245.192.253 - - [06/Mar/2024:06:49:41 -0500] "GET /sipse/faces/javax.faces.resource/jquery/jquery-plugins.js?ln=primefaces&v=4.0 HTTP/1.1" 304 -
201.245.192.253 - - [06/Mar/2024:06:49:41 -0500] "GET /sipse/faces/javax.faces.resource/primefaces.js?ln=primefaces&v=4.0 HTTP/1.1" 304 -
201.245.192.253 - - [06/Mar/2024:06:49:41 -0500] "GET /sipse/faces/javax.faces.resource/layout/layout.js?ln=primefaces&v=4.0 HTTP/1.1" 304 -
201.245.192.253 - - [06/Mar/2024:06:49:41 -0500] "POST /sipse/faces/presentacion/financiero/solicitudProceso/listarSolicitudProceso.xhtml HTTP/1.1" 200 30188
201.245.192.253 - - [06/Mar/2024:06:49:42 -0500] "POST /sipse/faces/presentacion/financiero/solicitudProceso/listarSolicitudProceso.xhtml HTTP/1.1" 200 30188
201.245.192.253 - - [06/Mar/2024:06:49:42 -0500] "POST /sipse/faces/presentacion/financiero/solicitudProceso/listarSolicitudProceso.xhtml HTTP/1.1" 200 30188
181.53.13.222 - - [06/Mar/2024:06:49:43 -0500] "POST /sipse/faces/presentacion/contratacion/contratista/consultarContratista.xhtml HTTP/1.1" 200 34160
201.245.192.253 - - [06/Mar/2024:06:49:43 -0500] "POST /sipse/faces/presentacion/financiero/solicitudProceso/listarSolicitudProceso.xhtml HTTP/1.1" 200 30188
181.53.13.222 - - [06/Mar/2024:06:49:43 -0500] "GET /sipse/faces/javax.faces.resource/theme.css?ln=primefaces-sipse HTTP/1.1" 304 -
181.53.13.222 - - [06/Mar/2024:06:49:43 -0500] "GET /sipse/faces/javax.faces.resource/primefaces.css?ln=primefaces&v=4.0 HTTP/1.1" 304 -
181.53.13.222 - - [06/Mar/2024:06:49:43 -0500] "GET /sipse/faces/javax.faces.resource/layout/layout.css?ln=primefaces&v=4.0 HTTP/1.1" 304 -
181.53.13.222 - - [06/Mar/2024:06:49:43 -0500] "GET /sipse/faces/javax.faces.resource/jquery/jquery.js?ln=primefaces&v=4.0 HTTP/1.1" 304 -
181.53.13.222 - - [06/Mar/2024:06:49:43 -0500] "GET /sipse/faces/javax.faces.resource/jquery/jquery-plugins.js?ln=primefaces&v=4.0 HTTP/1.1" 304 -
181.53.13.222 - - [06/Mar/2024:06:49:43 -0500] "GET /sipse/faces/javax.faces.resource/primefaces.js?ln=primefaces&v=4.0 HTTP/1.1" 304 -
181.53.13.222 - - [06/Mar/2024:06:49:43 -0500] "GET /sipse/faces/javax.faces.resource/layout/layout.js?ln=primefaces&v=4.0 HTTP/1.1" 304 -
201.245.192.253 - - [06/Mar/2024:06:49:43 -0500] "POST /sipse/faces/presentacion/financiero/solicitudProceso/listarSolicitudProceso.xhtml HTTP/1.1" 200 1392
201.245.192.253 - - [06/Mar/2024:06:49:44 -0500] "POST /sipse/faces/presentacion/financiero/solicitudProceso/listarSolicitudProceso.xhtml HTTP/1.1" 200 1388
201.245.192.253 - - [06/Mar/2024:06:49:44 -0500] "POST /sipse/faces/presentacion/financiero/solicitudProceso/listarSolicitudProceso.xhtml HTTP/1.1" 200 1400
201.245.192.253 - - [06/Mar/2024:06:49:44 -0500] "POST /sipse/faces/presentacion/financiero/solicitudProceso/listarSolicitudProceso.xhtml HTTP/1.1" 200 1388
201.245.192.253 - - [06/Mar/2024:06:49:45 -0500] "POST /sipse/faces/presentacion/financiero/solicitudProceso/listarSolicitudProceso.xhtml HTTP/1.1" 200 1400
172.22.2.4 - - [06/Mar/2024:06:48:05 -0500] "HEAD /BLA/boletinlegal/ HTTP/1.1" 200 -
181.53.13.222 - - [06/Mar/2024:06:49:45 -0500] "POST /sipse/faces/presentacion/contratacion/contratista/listarContratista.xhtml HTTP/1.1" 200 39941
181.53.13.222 - - [06/Mar/2024:06:49:46 -0500] "GET /sipse/faces/javax.faces.resource/primefaces.css?ln=primefaces&v=4.0 HTTP/1.1" 304 -
181.53.13.222 - - [06/Mar/2024:06:49:46 -0500] "GET /sipse/faces/javax.faces.resource/theme.css?ln=primefaces-sipse HTTP/1.1" 304 -
181.53.13.222 - - [06/Mar/2024:06:49:46 -0500] "GET /sipse/faces/javax.faces.resource/layout/layout.css?ln=primefaces&v=4.0 HTTP/1.1" 304 -
181.53.13.222 - - [06/Mar/2024:06:49:46 -0500] "GET /sipse/faces/javax.faces.resource/jquery/jquery.js?ln=primefaces&v=4.0 HTTP/1.1" 304 -
181.53.13.222 - - [06/Mar/2024:06:49:46 -0500] "GET /sipse/faces/javax.faces.resource/jquery/jquery-plugins.js?ln=primefaces&v=4.0 HTTP/1.1" 304 -
181.53.13.222 - - [06/Mar/2024:06:49:46 -0500] "GET /sipse/faces/javax.faces.resource/primefaces.js?ln=primefaces&v=4.0 HTTP/1.1" 304 -
181.53.13.222 - - [06/Mar/2024:06:49:46 -0500] "GET /sipse/faces/javax.faces.resource/layout/layout.js?ln=primefaces&v=4.0 HTTP/1.1" 304 -
181.53.13.222 - - [06/Mar/2024:06:49:46 -0500] "POST /sipse/faces/presentacion/financiero/solicitudProceso/listarSolicitudProceso.xhtml HTTP/1.1" 200 33194
181.53.13.222 - - [06/Mar/2024:06:49:47 -0500] "POST /sipse/faces/presentacion/financiero/solicitudProceso/listarSolicitudProceso.xhtml HTTP/1.1" 200 33194
181.53.13.222 - - [06/Mar/2024:06:49:48 -0500] "POST /sipse/faces/presentacion/financiero/solicitudProceso/listarSolicitudProceso.xhtml HTTP/1.1" 200 33194
181.53.13.222 - - [06/Mar/2024:06:49:49 -0500] "POST /sipse/faces/presentacion/financiero/solicitudProceso/listarSolicitudProceso.xhtml HTTP/1.1" 200 33194
181.53.13.222 - - [06/Mar/2024:06:49:49 -0500] "POST /sipse/faces/presentacion/financiero/solicitudProceso/listarSolicitudProceso.xhtml HTTP/1.1" 200 33194
181.53.13.222 - - [06/Mar/2024:06:49:50 -0500] "POST /sipse/faces/presentacion/financiero/solicitudProceso/listarSolicitudProceso.xhtml HTTP/1.1" 200 33194
181.53.13.222 - - [06/Mar/2024:06:49:51 -0500] "POST /sipse/faces/presentacion/financiero/solicitudProceso/listarSolicitudProceso.xhtml HTTP/1.1" 200 33194
181.53.13.222 - - [06/Mar/2024:06:49:52 -0500] "POST /sipse/faces/presentacion/financiero/solicitudProceso/listarSolicitudProceso.xhtml HTTP/1.1" 200 33194
23.22.35.162 - - [06/Mar/2024:06:49:52 -0500] "GET /BLA/resoluciones/index.php?dir=RESOLUCIONES%201998/&order=asc&sort=date HTTP/1.1" 200 14920
181.53.13.222 - - [06/Mar/2024:06:49:52 -0500] "POST /sipse/faces/presentacion/financiero/solicitudProceso/listarSolicitudProceso.xhtml HTTP/1.1" 200 33194
181.53.13.222 - - [06/Mar/2024:06:49:53 -0500] "POST /sipse/faces/presentacion/financiero/solicitudProceso/listarSolicitudProceso.xhtml HTTP/1.1" 200 33194
181.53.13.222 - - [06/Mar/2024:06:49:54 -0500] "POST /sipse/faces/presentacion/financiero/solicitudProceso/listarSolicitudProceso.xhtml HTTP/1.1" 200 1392
181.53.13.222 - - [06/Mar/2024:06:49:56 -0500] "POST /sipse/faces/presentacion/financiero/solicitudProceso/listarSolicitudProceso.xhtml HTTP/1.1" 200 1388
181.53.13.222 - - [06/Mar/2024:06:50:00 -0500] "POST /sipse/faces/presentacion/financiero/solicitudProceso/listarSolicitudProceso.xhtml HTTP/1.1" 200 1400
23.22.35.162 - - [06/Mar/2024:06:50:04 -0500] "GET /BLA/resoluciones/index.php?dir=RESOLUCIONES%201998/&order=desc&sort=date HTTP/1.1" 200 14919
181.53.13.222 - - [06/Mar/2024:06:50:03 -0500] "POST /sipse/faces/presentacion/financiero/solicitudProceso/listarSolicitudProceso.xhtml HTTP/1.1" 200 1388
216.245.221.92 - - [06/Mar/2024:06:50:08 -0500] "HEAD / HTTP/1.1" 200 -
181.53.13.222 - - [06/Mar/2024:06:50:06 -0500] "POST /sipse/faces/presentacion/financiero/solicitudProceso/listarSolicitudProceso.xhtml HTTP/1.1" 200 1400
23.22.35.162 - - [06/Mar/2024:06:50:09 -0500] "GET /BLA/resoluciones/index.php?dir=RESOLUCIONES%201998/&order=asc&sort=name HTTP/1.1" 200 14920
181.53.13.222 - - [06/Mar/2024:06:50:08 -0500] "POST /sipse/faces/presentacion/financiero/solicitudProceso/listarSolicitudProceso.xhtml HTTP/1.1" 200 1384
201.245.192.253 - - [06/Mar/2024:06:50:09 -0500] "POST /kwsrmcab/Wsrmcab  HTTP/1.1" 200 39632
181.53.13.222 - - [06/Mar/2024:06:50:11 -0500] "POST /sipse/faces/presentacion/financiero/solicitudProceso/listarSolicitudProceso.xhtml HTTP/1.1" 200 1400
181.53.13.222 - - [06/Mar/2024:06:50:14 -0500] "POST /sipse/faces/presentacion/financiero/solicitudProceso/listarSolicitudProceso.xhtml HTTP/1.1" 200 1388
181.53.13.222 - - [06/Mar/2024:06:50:17 -0500] "POST /sipse/faces/presentacion/financiero/solicitudProceso/listarSolicitudProceso.xhtml HTTP/1.1" 200 1400
181.53.13.222 - - [06/Mar/2024:06:50:20 -0500] "POST /sipse/faces/presentacion/financiero/solicitudProceso/listarSolicitudProceso.xhtml HTTP/1.1" 200 1388
3.224.220.101 - - [06/Mar/2024:06:50:24 -0500] "GET /BLA/resoluciones/index.php?dir=RESOLUCIONES%201998/&order=asc&sort=size HTTP/1.1" 200 14920
181.53.13.222 - - [06/Mar/2024:06:50:23 -0500] "POST /sipse/faces/presentacion/financiero/solicitudProceso/listarSolicitudProceso.xhtml HTTP/1.1" 200 1400
52.70.240.171 - - [06/Mar/2024:06:50:28 -0500] "GET /BLA/resoluciones/index.php?dir=RESOLUCIONES%201998/&order=desc&sort=size HTTP/1.1" 200 14919
181.53.13.222 - - [06/Mar/2024:06:50:28 -0500] "POST /sipse/faces/presentacion/financiero/solicitudProceso/listarSolicitudProceso.xhtml HTTP/1.1" 200 21964
23.22.35.162 - - [06/Mar/2024:06:50:32 -0500] "GET /BLA/resoluciones/index.php?dir=RESOLUCIONES%201998/&order=desc&sort=name HTTP/1.1" 200 14919
181.53.13.222 - - [06/Mar/2024:06:50:33 -0500] "POST /sipse/faces/presentacion/financiero/solicitudProceso/listarSolicitudProceso.xhtml HTTP/1.1" 200 150389
181.53.13.222 - - [06/Mar/2024:06:50:35 -0500] "GET /sipse/faces/javax.faces.resource/primefaces.css?ln=primefaces&v=4.0 HTTP/1.1" 304 -
181.53.13.222 - - [06/Mar/2024:06:50:35 -0500] "GET /sipse/faces/javax.faces.resource/layout/layout.css?ln=primefaces&v=4.0 HTTP/1.1" 304 -
181.53.13.222 - - [06/Mar/2024:06:50:35 -0500] "GET /sipse/faces/javax.faces.resource/theme.css?ln=primefaces-sipse HTTP/1.1" 304 -
181.53.13.222 - - [06/Mar/2024:06:50:35 -0500] "GET /sipse/faces/javax.faces.resource/jquery/jquery.js?ln=primefaces&v=4.0 HTTP/1.1" 304 -
181.53.13.222 - - [06/Mar/2024:06:50:35 -0500] "GET /sipse/faces/javax.faces.resource/jquery/jquery-plugins.js?ln=primefaces&v=4.0 HTTP/1.1" 304 -
181.53.13.222 - - [06/Mar/2024:06:50:35 -0500] "GET /sipse/faces/javax.faces.resource/primefaces.js?ln=primefaces&v=4.0 HTTP/1.1" 304 -
181.53.13.222 - - [06/Mar/2024:06:50:35 -0500] "GET /sipse/faces/javax.faces.resource/layout/layout.js?ln=primefaces&v=4.0 HTTP/1.1" 304 -
172.22.2.4 - - [06/Mar/2024:06:48:56 -0500] "GET /BLA/boletinlegal/ HTTP/1.1" 200 58273
52.70.240.171 - - [06/Mar/2024:06:50:36 -0500] "GET /BLA/resoluciones/index.php?dir=RESOLUCIONES%202013/&order=asc&sort=date HTTP/1.1" 200 238278
181.53.13.222 - - [06/Mar/2024:06:50:43 -0500] "POST /sipse/faces/presentacion/financiero/solicitudProceso/consultarSolicitudProceso.xhtml HTTP/1.1" 200 5598
52.70.240.171 - - [06/Mar/2024:06:50:52 -0500] "GET /BLA/resoluciones/index.php?dir=RESOLUCIONES%202013/&order=desc&sort=date HTTP/1.1" 200 238277
23.22.35.162 - - [06/Mar/2024:06:50:56 -0500] "GET /BLA/resoluciones/index.php?dir=RESOLUCIONES%202013/&order=asc&sort=name HTTP/1.1" 200 238278
181.53.13.222 - - [06/Mar/2024:06:50:59 -0500] "POST /sipse/faces/presentacion/financiero/solicitudProceso/consultarSolicitudProceso.xhtml HTTP/1.1" 200 52925
181.53.13.222 - - [06/Mar/2024:06:51:01 -0500] "GET /sipse/faces/javax.faces.resource/theme.css?ln=primefaces-sipse HTTP/1.1" 304 -
181.53.13.222 - - [06/Mar/2024:06:51:01 -0500] "GET /sipse/faces/javax.faces.resource/primefaces.css?ln=primefaces&v=4.0 HTTP/1.1" 304 -
181.53.13.222 - - [06/Mar/2024:06:51:01 -0500] "GET /sipse/faces/javax.faces.resource/layout/layout.css?ln=primefaces&v=4.0 HTTP/1.1" 304 -
181.53.13.222 - - [06/Mar/2024:06:51:01 -0500] "GET /sipse/faces/javax.faces.resource/jquery/jquery.js?ln=primefaces&v=4.0 HTTP/1.1" 304 -
181.53.13.222 - - [06/Mar/2024:06:51:01 -0500] "GET /sipse/faces/javax.faces.resource/jquery/jquery-plugins.js?ln=primefaces&v=4.0 HTTP/1.1" 304 -
181.53.13.222 - - [06/Mar/2024:06:51:01 -0500] "GET /sipse/faces/javax.faces.resource/primefaces.js?ln=primefaces&v=4.0 HTTP/1.1" 304 -
181.53.13.222 - - [06/Mar/2024:06:51:01 -0500] "GET /sipse/faces/javax.faces.resource/layout/layout.js?ln=primefaces&v=4.0 HTTP/1.1" 304 -
3.224.220.101 - - [06/Mar/2024:06:51:04 -0500] "GET /BLA/resoluciones/index.php?dir=RESOLUCIONES%202013/&order=asc&sort=size HTTP/1.1" 200 238278
181.53.13.222 - - [06/Mar/2024:06:51:07 -0500] "POST /sipse/faces/presentacion/financiero/estudioPrevio/personalSolicitado/expedirExperienciaIdoneidad.xhtml HTTP/1.1" 200 150389
181.53.13.222 - - [06/Mar/2024:06:51:10 -0500] "GET /sipse/faces/javax.faces.resource/theme.css?ln=primefaces-sipse HTTP/1.1" 304 -
181.53.13.222 - - [06/Mar/2024:06:51:10 -0500] "GET /sipse/faces/javax.faces.resource/primefaces.css?ln=primefaces&v=4.0 HTTP/1.1" 304 -
181.53.13.222 - - [06/Mar/2024:06:51:10 -0500] "GET /sipse/faces/javax.faces.resource/jquery/jquery.js?ln=primefaces&v=4.0 HTTP/1.1" 304 -
181.53.13.222 - - [06/Mar/2024:06:51:10 -0500] "GET /sipse/faces/javax.faces.resource/layout/layout.css?ln=primefaces&v=4.0 HTTP/1.1" 304 -
181.53.13.222 - - [06/Mar/2024:06:51:10 -0500] "GET /sipse/faces/javax.faces.resource/jquery/jquery-plugins.js?ln=primefaces&v=4.0 HTTP/1.1" 304 -
181.53.13.222 - - [06/Mar/2024:06:51:10 -0500] "GET /sipse/faces/javax.faces.resource/primefaces.js?ln=primefaces&v=4.0 HTTP/1.1" 304 -
181.53.13.222 - - [06/Mar/2024:06:51:10 -0500] "GET /sipse/faces/javax.faces.resource/layout/layout.js?ln=primefaces&v=4.0 HTTP/1.1" 304 -
181.53.13.222 - - [06/Mar/2024:06:51:17 -0500] "POST /sipse/faces/presentacion/financiero/solicitudProceso/consultarSolicitudProceso.xhtml HTTP/1.1" 200 5598
3.224.220.101 - - [06/Mar/2024:06:51:24 -0500] "GET /BLA/resoluciones/index.php?dir=RESOLUCIONES%202013/&order=desc&sort=size HTTP/1.1" 200 238277
3.224.220.101 - - [06/Mar/2024:06:51:32 -0500] "GET /BLA/resoluciones/index.php?dir=RESOLUCIONES%202013/&order=desc&sort=name HTTP/1.1" 200 238277
3.224.220.101 - - [06/Mar/2024:06:51:40 -0500] "GET /BLA/resoluciones/index.php?dir=RESOLUCIONES%202017/&order=asc&sort=date HTTP/1.1" 200 290461
3.224.220.101 - - [06/Mar/2024:06:51:49 -0500] "GET /BLA/resoluciones/index.php?dir=RESOLUCIONES%202017/&order=asc&sort=size HTTP/1.1" 200 290461
3.224.220.101 - - [06/Mar/2024:06:51:56 -0500] "GET /BLA/resoluciones/index.php?dir=RESOLUCIONES%202017/&order=desc&sort=size HTTP/1.1" 200 290460
181.53.13.222 - - [06/Mar/2024:06:52:00 -0500] "POST /sipse/faces/presentacion/financiero/solicitudProceso/consultarSolicitudProceso.xhtml HTTP/1.1" 200 6984
3.224.220.101 - - [06/Mar/2024:06:52:08 -0500] "GET /BLA/resoluciones/index.php?dir=RESOLUCIONES%202017/&order=desc&sort=date HTTP/1.1" 200 290460
23.22.35.162 - - [06/Mar/2024:06:52:12 -0500] "GET /BLA/resoluciones/index.php?dir=RESOLUCIONES%202017/&order=asc&sort=name HTTP/1.1" 200 290461
66.249.66.20 - - [06/Mar/2024:06:52:19 -0500] "GET /BLA/resoluciones/RESOLUCIONES%202012/1356.pdf HTTP/1.1" 200 282950
52.70.240.171 - - [06/Mar/2024:06:52:20 -0500] "GET /BLA/resoluciones/index.php?dir=RESOLUCIONES%202017/&order=desc&sort=name HTTP/1.1" 200 290460
52.70.240.171 - - [06/Mar/2024:06:52:24 -0500] "GET /BLA/resoluciones/index.php?dir=RESOLUCIONES%202001/&order=asc&sort=date HTTP/1.1" 200 25492
23.22.35.162 - - [06/Mar/2024:06:52:28 -0500] "GET /BLA/resoluciones/index.php?dir=RESOLUCIONES%202001/&order=desc&sort=date HTTP/1.1" 200 25491
23.22.35.162 - - [06/Mar/2024:06:52:32 -0500] "GET /BLA/resoluciones/index.php?dir=RESOLUCIONES%202001/&order=asc&sort=name HTTP/1.1" 200 25492
3.224.220.101 - - [06/Mar/2024:06:52:48 -0500] "GET /BLA/resoluciones/index.php?dir=RESOLUCIONES%202001/&order=asc&sort=size HTTP/1.1" 200 25492
3.224.220.101 - - [06/Mar/2024:06:52:52 -0500] "GET /BLA/resoluciones/index.php?dir=RESOLUCIONES%202001/&order=desc&sort=size HTTP/1.1" 200 25491
3.224.220.101 - - [06/Mar/2024:06:53:00 -0500] "GET /BLA/resoluciones/index.php?dir=RESOLUCIONES%202001/&order=desc&sort=name HTTP/1.1" 200 25491
23.22.35.162 - - [06/Mar/2024:06:53:17 -0500] "GET /BLA/resoluciones/index.php?dir=RESOLUCIONES%202005/RES%202005%203151-3180/ HTTP/1.1" 200 8263
52.70.240.171 - - [06/Mar/2024:06:53:20 -0500] "GET /BLA/resoluciones/RESOLUCIONES%202005/RES%202005%203151-3180/INDEX.DAT HTTP/1.1" 200 1200
23.22.35.162 - - [06/Mar/2024:06:53:24 -0500] "GET /BLA/resoluciones/index.php?dir=RESOLUCIONES%202005/RES%202005%203151-3180/&order=asc&sort=date HTTP/1.1" 200 8263
181.53.13.222 - - [06/Mar/2024:06:53:36 -0500] "GET /sipse/faces/javax.faces.resource/primefaces.css?ln=primefaces&v=4.0 HTTP/1.1" 304 -
181.53.13.222 - - [06/Mar/2024:06:53:35 -0500] "POST /sipse/faces/presentacion/financiero/solicitudProceso/consultarSolicitudProceso.xhtml HTTP/1.1" 200 38187
181.53.13.222 - - [06/Mar/2024:06:53:36 -0500] "GET /sipse/faces/javax.faces.resource/theme.css?ln=primefaces-sipse HTTP/1.1" 304 -
181.53.13.222 - - [06/Mar/2024:06:53:36 -0500] "GET /sipse/faces/javax.faces.resource/layout/layout.css?ln=primefaces&v=4.0 HTTP/1.1" 304 -
181.53.13.222 - - [06/Mar/2024:06:53:36 -0500] "GET /sipse/faces/javax.faces.resource/jquery/jquery-plugins.js?ln=primefaces&v=4.0 HTTP/1.1" 304 -
181.53.13.222 - - [06/Mar/2024:06:53:36 -0500] "GET /sipse/faces/javax.faces.resource/primefaces.js?ln=primefaces&v=4.0 HTTP/1.1" 304 -
181.53.13.222 - - [06/Mar/2024:06:53:36 -0500] "GET /sipse/faces/javax.faces.resource/jquery/jquery.js?ln=primefaces&v=4.0 HTTP/1.1" 304 -
181.53.13.222 - - [06/Mar/2024:06:53:36 -0500] "GET /sipse/faces/javax.faces.resource/layout/layout.js?ln=primefaces&v=4.0 HTTP/1.1" 304 -
52.70.240.171 - - [06/Mar/2024:06:53:36 -0500] "GET /BLA/resoluciones/index.php?dir=RESOLUCIONES%202005/RES%202005%203151-3180/&order=desc&sort=date HTTP/1.1" 200 8262
23.22.35.162 - - [06/Mar/2024:06:53:44 -0500] "GET /BLA/resoluciones/index.php?dir=RESOLUCIONES%202005/RES%202005%203151-3180/&order=asc&sort=name HTTP/1.1" 200 8263
3.224.220.101 - - [06/Mar/2024:06:53:48 -0500] "GET /BLA/resoluciones/index.php?dir=RESOLUCIONES%202005/RES%202005%203151-3180/&order=asc&sort=size HTTP/1.1" 200 8263
3.224.220.101 - - [06/Mar/2024:06:53:56 -0500] "GET /BLA/resoluciones/index.php?dir=RESOLUCIONES%202005/RES%202005%203151-3180/&order=desc&sort=size HTTP/1.1" 200 8262
201.245.192.253 - - [06/Mar/2024:06:54:16 -0500] "POST /sipse/faces/presentacion/financiero/solicitudProceso/listarSolicitudProceso.xhtml HTTP/1.1" 200 5591
201.245.192.253 - - [06/Mar/2024:06:54:18 -0500] "POST /sipse/faces/presentacion/financiero/solicitudProceso/listarSolicitudProceso.xhtml HTTP/1.1" 200 5595
52.70.240.171 - - [06/Mar/2024:06:54:20 -0500] "GET /BLA/resoluciones/index.php?dir=RESOLUCIONES%202005/RES%202005%203151-3180/&order=desc&sort=name HTTP/1.1" 200 8262
201.245.192.253 - - [06/Mar/2024:06:54:22 -0500] "POST /sipse/faces/presentacion/financiero/solicitudProceso/listarSolicitudProceso.xhtml HTTP/1.1" 200 5591
201.245.192.253 - - [06/Mar/2024:06:54:25 -0500] "POST /sipse/faces/presentacion/financiero/solicitudProceso/listarSolicitudProceso.xhtml HTTP/1.1" 200 5595
201.245.192.253 - - [06/Mar/2024:06:54:26 -0500] "POST /sipse/faces/presentacion/financiero/solicitudProceso/listarSolicitudProceso.xhtml HTTP/1.1" 200 5552
52.70.240.171 - - [06/Mar/2024:06:54:28 -0500] "GET /BLA/resoluciones/index.php?dir=RESOLUCIONES%202005/RES%202005%203101-3150/ HTTP/1.1" 200 12367
3.224.220.101 - - [06/Mar/2024:06:54:32 -0500] "GET /BLA/resoluciones/RESOLUCIONES%202005/RES%202005%203101-3150/INDEX.DAT HTTP/1.1" 200 2000
3.224.220.101 - - [06/Mar/2024:06:54:36 -0500] "GET /BLA/resoluciones/index.php?dir=RESOLUCIONES%202005/RES%202005%203101-3150/&order=asc&sort=date HTTP/1.1" 200 12367
52.70.240.171 - - [06/Mar/2024:06:54:44 -0500] "GET /BLA/resoluciones/index.php?dir=RESOLUCIONES%202005/RES%202005%203101-3150/&order=desc&sort=date HTTP/1.1" 200 12366
23.22.35.162 - - [06/Mar/2024:06:54:52 -0500] "GET /BLA/resoluciones/index.php?dir=RESOLUCIONES%202005/RES%202005%203101-3150/&order=asc&sort=name HTTP/1.1" 200 12367
3.224.220.101 - - [06/Mar/2024:06:54:56 -0500] "GET /BLA/resoluciones/index.php?dir=RESOLUCIONES%202005/RES%202005%203101-3150/&order=asc&sort=size HTTP/1.1" 200 12367
181.53.13.222 - - [06/Mar/2024:06:55:07 -0500] "POST /sipse/faces/presentacion/financiero/solicitudProceso/consultarHistorialSolProceso.xhtml HTTP/1.1" 200 39941
216.245.221.92 - - [06/Mar/2024:06:55:08 -0500] "HEAD / HTTP/1.1" 200 -
181.53.13.222 - - [06/Mar/2024:06:55:08 -0500] "GET /sipse/faces/javax.faces.resource/theme.css?ln=primefaces-sipse HTTP/1.1" 304 -
181.53.13.222 - - [06/Mar/2024:06:55:08 -0500] "GET /sipse/faces/javax.faces.resource/layout/layout.css?ln=primefaces&v=4.0 HTTP/1.1" 304 -
181.53.13.222 - - [06/Mar/2024:06:55:08 -0500] "GET /sipse/faces/javax.faces.resource/primefaces.css?ln=primefaces&v=4.0 HTTP/1.1" 304 -
181.53.13.222 - - [06/Mar/2024:06:55:08 -0500] "GET /sipse/faces/javax.faces.resource/jquery/jquery.js?ln=primefaces&v=4.0 HTTP/1.1" 304 -
23.22.35.162 - - [06/Mar/2024:06:55:08 -0500] "GET /BLA/resoluciones/index.php?dir=RESOLUCIONES%202005/RES%202005%203101-3150/&order=desc&sort=size HTTP/1.1" 200 12366
181.53.13.222 - - [06/Mar/2024:06:55:09 -0500] "GET /sipse/faces/javax.faces.resource/jquery/jquery-plugins.js?ln=primefaces&v=4.0 HTTP/1.1" 304 -
181.53.13.222 - - [06/Mar/2024:06:55:09 -0500] "GET /sipse/faces/javax.faces.resource/primefaces.js?ln=primefaces&v=4.0 HTTP/1.1" 304 -
181.53.13.222 - - [06/Mar/2024:06:55:09 -0500] "GET /sipse/faces/javax.faces.resource/layout/layout.js?ln=primefaces&v=4.0 HTTP/1.1" 304 -
181.53.13.222 - - [06/Mar/2024:06:55:09 -0500] "POST /sipse/faces/presentacion/financiero/solicitudProceso/listarSolicitudProceso.xhtml HTTP/1.1" 200 1392
201.245.192.253 - - [06/Mar/2024:06:55:08 -0500] "POST /kwsrmcab/Wsrmcab  HTTP/1.1" 200 39632
181.53.13.222 - - [06/Mar/2024:06:55:14 -0500] "POST /sipse/faces/presentacion/financiero/solicitudProceso/listarSolicitudProceso.xhtml HTTP/1.1" 200 21964
181.53.13.222 - - [06/Mar/2024:06:55:18 -0500] "POST /sipse/faces/presentacion/financiero/solicitudProceso/listarSolicitudProceso.xhtml HTTP/1.1" 200 132777
181.53.13.222 - - [06/Mar/2024:06:55:20 -0500] "GET /sipse/faces/javax.faces.resource/theme.css?ln=primefaces-sipse HTTP/1.1" 304 -
181.53.13.222 - - [06/Mar/2024:06:55:20 -0500] "GET /sipse/faces/javax.faces.resource/layout/layout.css?ln=primefaces&v=4.0 HTTP/1.1" 304 -
181.53.13.222 - - [06/Mar/2024:06:55:20 -0500] "GET /sipse/faces/javax.faces.resource/jquery/jquery.js?ln=primefaces&v=4.0 HTTP/1.1" 304 -
181.53.13.222 - - [06/Mar/2024:06:55:20 -0500] "GET /sipse/faces/javax.faces.resource/primefaces.css?ln=primefaces&v=4.0 HTTP/1.1" 304 -
181.53.13.222 - - [06/Mar/2024:06:55:20 -0500] "GET /sipse/faces/javax.faces.resource/jquery/jquery-plugins.js?ln=primefaces&v=4.0 HTTP/1.1" 304 -
181.53.13.222 - - [06/Mar/2024:06:55:20 -0500] "GET /sipse/faces/javax.faces.resource/primefaces.js?ln=primefaces&v=4.0 HTTP/1.1" 304 -
181.53.13.222 - - [06/Mar/2024:06:55:20 -0500] "GET /sipse/faces/javax.faces.resource/layout/layout.js?ln=primefaces&v=4.0 HTTP/1.1" 304 -
52.70.240.171 - - [06/Mar/2024:06:55:20 -0500] "GET /BLA/resoluciones/index.php?dir=RESOLUCIONES%202005/RES%202005%203101-3150/&order=desc&sort=name HTTP/1.1" 200 12366
23.22.35.162 - - [06/Mar/2024:06:55:24 -0500] "GET /BLA/resoluciones/index.php?dir=RESOLUCIONES%202005/RES%202005%203051-3100/ HTTP/1.1" 200 12360
23.22.35.162 - - [06/Mar/2024:06:55:28 -0500] "GET /BLA/resoluciones/RESOLUCIONES%202005/RES%202005%203051-3100/INDEX.DAT HTTP/1.1" 200 2000
181.61.157.160 - - [06/Mar/2024:06:55:32 -0500] "GET /sipse/faces/javax.faces.resource/images/ui-bg_flat_0_2d5972_40x100.png?ln=primefaces-aristo HTTP/1.1" 304 -
181.61.157.160 - - [06/Mar/2024:06:55:32 -0500] "POST /sipse/faces/presentacion/sistema/reporte/ventanaVerReporteParametros.xhtml HTTP/1.1" 200 33162
181.61.157.160 - - [06/Mar/2024:06:55:32 -0500] "GET /sipse/faces/javax.faces.resource/jquery/jquery.js?ln=primefaces&v=4.0 HTTP/1.1" 304 -
52.70.240.171 - - [06/Mar/2024:06:55:32 -0500] "GET /BLA/resoluciones/index.php?dir=RESOLUCIONES%202005/RES%202005%203051-3100/&order=asc&sort=date HTTP/1.1" 200 12360
181.61.157.160 - - [06/Mar/2024:06:55:32 -0500] "GET /sipse/faces/javax.faces.resource/jquery/jquery-plugins.js?ln=primefaces&v=4.0 HTTP/1.1" 304 -
181.61.157.160 - - [06/Mar/2024:06:55:32 -0500] "GET /sipse/faces/javax.faces.resource/primefaces.js?ln=primefaces&v=4.0 HTTP/1.1" 304 -
181.61.157.160 - - [06/Mar/2024:06:55:32 -0500] "GET /sipse/faces/javax.faces.resource/layout/layout.js?ln=primefaces&v=4.0 HTTP/1.1" 304 -
172.22.2.4 - - [06/Mar/2024:06:53:55 -0500] "HEAD /BLA/boletinlegal/ HTTP/1.1" 200 -
181.61.157.160 - - [06/Mar/2024:06:55:35 -0500] "POST /sipse/faces/presentacion/sistema/reporte/listarReportes.xhtml HTTP/1.1" 200 21790
181.61.157.160 - - [06/Mar/2024:06:55:36 -0500] "GET /sipse/faces/javax.faces.resource/theme.css?ln=primefaces-sipse HTTP/1.1" 304 -
181.61.157.160 - - [06/Mar/2024:06:55:36 -0500] "GET /sipse/faces/javax.faces.resource/primefaces.css?ln=primefaces&v=4.0 HTTP/1.1" 304 -
181.61.157.160 - - [06/Mar/2024:06:55:36 -0500] "GET /sipse/faces/javax.faces.resource/layout/layout.css?ln=primefaces&v=4.0 HTTP/1.1" 304 -
181.61.157.160 - - [06/Mar/2024:06:55:36 -0500] "GET /sipse/faces/javax.faces.resource/primefaces.js?ln=primefaces&v=4.0 HTTP/1.1" 304 -
181.61.157.160 - - [06/Mar/2024:06:55:36 -0500] "GET /sipse/faces/javax.faces.resource/jquery/jquery-plugins.js?ln=primefaces&v=4.0 HTTP/1.1" 304 -
181.61.157.160 - - [06/Mar/2024:06:55:36 -0500] "GET /sipse/faces/javax.faces.resource/jquery/jquery.js?ln=primefaces&v=4.0 HTTP/1.1" 304 -
181.61.157.160 - - [06/Mar/2024:06:55:36 -0500] "GET /sipse/faces/javax.faces.resource/layout/layout.js?ln=primefaces&v=4.0 HTTP/1.1" 304 -
181.61.157.160 - - [06/Mar/2024:06:55:36 -0500] "GET /sipse/faces/javax.faces.resource/images/ui-icons_898989_256x240.png?ln=primefaces-aristo HTTP/1.1" 304 -
23.22.35.162 - - [06/Mar/2024:06:55:41 -0500] "GET /BLA/resoluciones/index.php?dir=RESOLUCIONES%202005/RES%202005%203051-3100/&order=desc&sort=date HTTP/1.1" 200 12359
3.224.220.101 - - [06/Mar/2024:06:55:44 -0500] "GET /BLA/resoluciones/index.php?dir=RESOLUCIONES%202005/RES%202005%203051-3100/&order=asc&sort=name HTTP/1.1" 200 12360
52.70.240.171 - - [06/Mar/2024:06:55:52 -0500] "GET /BLA/resoluciones/index.php?dir=RESOLUCIONES%202005/RES%202005%203051-3100/&order=asc&sort=size HTTP/1.1" 200 12360
66.249.66.19 - - [06/Mar/2024:06:55:59 -0500] "GET /resoluciones/RESOLUCIONES%202008/1712.pdf HTTP/1.1" 404 1018
3.224.220.101 - - [06/Mar/2024:06:56:00 -0500] "GET /BLA/resoluciones/index.php?dir=RESOLUCIONES%202005/RES%202005%203051-3100/&order=desc&sort=size HTTP/1.1" 200 12359
3.224.220.101 - - [06/Mar/2024:06:56:04 -0500] "GET /BLA/resoluciones/index.php?dir=RESOLUCIONES%202005/RES%202005%203051-3100/&order=desc&sort=name HTTP/1.1" 200 12359
