3.224.220.101 - - [06/Mar/2024:00:50:21 -0500] "GET /BLA/resoluciones/RESOLUCIONES%202007/RES%202007%204001%20AL%204100/RESOLUCION%204066%20DE%202007.pdf HTTP/1.1" 200 322205
23.22.35.162 - - [06/Mar/2024:00:50:25 -0500] "GET /BLA/resoluciones/RESOLUCIONES%202007/RES%202007%204001%20AL%204100/RESOLUCION%204065%20DE%202007.pdf HTTP/1.1" 200 248019
52.70.240.171 - - [06/Mar/2024:00:50:30 -0500] "GET /BLA/resoluciones/RESOLUCIONES%202007/RES%202007%204001%20AL%204100/RESOLUCION%204064%20DE%202007.pdf HTTP/1.1" 200 356967
3.224.220.101 - - [06/Mar/2024:00:50:34 -0500] "GET /BLA/resoluciones/RESOLUCIONES%202007/RES%202007%204001%20AL%204100/RESOLUCION%204063%20DE%202007.pdf HTTP/1.1" 200 402376
191.107.131.132 - - [06/Mar/2024:00:50:36 -0500] "POST /sipse/faces/presentacion/financiero/solicitudProyectoActividad/asociarActividadSolicitud.xhtml HTTP/1.1" 200 20187
191.107.131.132 - - [06/Mar/2024:00:50:36 -0500] "GET /sipse/faces/javax.faces.resource/theme.css?ln=primefaces-sipse HTTP/1.1" 304 -
191.107.131.132 - - [06/Mar/2024:00:50:37 -0500] "GET /sipse/faces/javax.faces.resource/primefaces.css?ln=primefaces&v=4.0 HTTP/1.1" 304 -
191.107.131.132 - - [06/Mar/2024:00:50:37 -0500] "GET /sipse/faces/javax.faces.resource/layout/layout.css?ln=primefaces&v=4.0 HTTP/1.1" 304 -
191.107.131.132 - - [06/Mar/2024:00:50:37 -0500] "GET /sipse/faces/javax.faces.resource/jquery/jquery.js?ln=primefaces&v=4.0 HTTP/1.1" 304 -
191.107.131.132 - - [06/Mar/2024:00:50:37 -0500] "GET /sipse/faces/javax.faces.resource/jquery/jquery-plugins.js?ln=primefaces&v=4.0 HTTP/1.1" 304 -
191.107.131.132 - - [06/Mar/2024:00:50:37 -0500] "GET /sipse/faces/javax.faces.resource/primefaces.js?ln=primefaces&v=4.0 HTTP/1.1" 304 -
191.107.131.132 - - [06/Mar/2024:00:50:37 -0500] "GET /sipse/faces/javax.faces.resource/layout/layout.js?ln=primefaces&v=4.0 HTTP/1.1" 304 -
23.22.35.162 - - [06/Mar/2024:00:50:37 -0500] "GET /BLA/resoluciones/RESOLUCIONES%202007/RES%202007%204001%20AL%204100/RESOLUCION%204062%20DE%202007.pdf HTTP/1.1" 200 303024
23.22.35.162 - - [06/Mar/2024:00:50:41 -0500] "GET /BLA/resoluciones/RESOLUCIONES%202007/RES%202007%204001%20AL%204100/RESOLUCION%204061%20DE%202007.pdf HTTP/1.1" 200 272173
52.70.240.171 - - [06/Mar/2024:00:50:45 -0500] "GET /BLA/resoluciones/RESOLUCIONES%202007/RES%202007%204001%20AL%204100/RESOLUCION%204060%20DE%202007.pdf HTTP/1.1" 200 461977
23.22.35.162 - - [06/Mar/2024:00:50:50 -0500] "GET /BLA/resoluciones/RESOLUCIONES%202007/RES%202007%204001%20AL%204100/RESOLUCION%204059%20DE%202007.pdf HTTP/1.1" 200 972236
52.70.240.171 - - [06/Mar/2024:00:50:53 -0500] "GET /BLA/resoluciones/RESOLUCIONES%202007/RES%202007%204001%20AL%204100/RESOLUCION%204058%20DE%202007.pdf HTTP/1.1" 200 249580
23.22.35.162 - - [06/Mar/2024:00:50:57 -0500] "GET /BLA/resoluciones/RESOLUCIONES%202007/RES%202007%204001%20AL%204100/RESOLUCION%204057%20DE%202007.pdf HTTP/1.1" 200 228579
52.70.240.171 - - [06/Mar/2024:00:51:01 -0500] "GET /BLA/resoluciones/RESOLUCIONES%202007/RES%202007%204001%20AL%204100/RESOLUCION%204056%20DE%202007.pdf HTTP/1.1" 200 393892
23.22.35.162 - - [06/Mar/2024:00:51:05 -0500] "GET /BLA/resoluciones/RESOLUCIONES%202007/RES%202007%204001%20AL%204100/RESOLUCION%204055%20DE%202007.pdf HTTP/1.1" 200 381625
23.22.35.162 - - [06/Mar/2024:00:51:09 -0500] "GET /BLA/resoluciones/RESOLUCIONES%202007/RES%202007%204001%20AL%204100/RESOLUCION%204054%20DE%202007.pdf HTTP/1.1" 200 312326
23.22.35.162 - - [06/Mar/2024:00:51:13 -0500] "GET /BLA/resoluciones/RESOLUCIONES%202007/RES%202007%204001%20AL%204100/RESOLUCION%204053%20DE%202007.pdf HTTP/1.1" 200 570812
3.224.220.101 - - [06/Mar/2024:00:51:17 -0500] "GET /BLA/resoluciones/RESOLUCIONES%202007/RES%202007%204001%20AL%204100/RESOLUCION%204052%20DE%202007.pdf HTTP/1.1" 200 520206
52.70.240.171 - - [06/Mar/2024:00:51:21 -0500] "GET /BLA/resoluciones/RESOLUCIONES%202007/RES%202007%204001%20AL%204100/RESOLUCION%204051%20DE%202007.pdf HTTP/1.1" 200 460486
23.22.35.162 - - [06/Mar/2024:00:51:25 -0500] "GET /BLA/resoluciones/RESOLUCIONES%202007/RES%202007%204001%20AL%204100/RESOLUCION%204050%20DE%202007.pdf HTTP/1.1" 200 281001
23.22.35.162 - - [06/Mar/2024:00:51:29 -0500] "GET /BLA/resoluciones/RESOLUCIONES%202007/RES%202007%204001%20AL%204100/RESOLUCION%204049%20DE%202007.pdf HTTP/1.1" 200 120513
3.224.220.101 - - [06/Mar/2024:00:51:33 -0500] "GET /BLA/resoluciones/RESOLUCIONES%202007/RES%202007%204001%20AL%204100/RESOLUCION%204048%20DE%202007.pdf HTTP/1.1" 200 1085886
3.224.220.101 - - [06/Mar/2024:00:51:37 -0500] "GET /BLA/resoluciones/RESOLUCIONES%202007/RES%202007%204001%20AL%204100/RESOLUCION%204047%20DE%202007.pdf HTTP/1.1" 200 839491
52.70.240.171 - - [06/Mar/2024:00:51:41 -0500] "GET /BLA/resoluciones/RESOLUCIONES%202007/RES%202007%204001%20AL%204100/RESOLUCION%204046%20DE%202007.pdf HTTP/1.1" 200 402730
3.224.220.101 - - [06/Mar/2024:00:51:45 -0500] "GET /BLA/resoluciones/RESOLUCIONES%202007/RES%202007%204001%20AL%204100/RESOLUCION%204045%20DE%202007.pdf HTTP/1.1" 200 311220
52.70.240.171 - - [06/Mar/2024:00:51:49 -0500] "GET /BLA/resoluciones/RESOLUCIONES%202007/RES%202007%204001%20AL%204100/RESOLUCION%204044%20DE%202007.pdf HTTP/1.1" 200 632667
191.107.131.132 - - [06/Mar/2024:00:51:50 -0500] "POST /sipse/faces/presentacion/financiero/solicitudProyectoActividad/asociarFuentesSolicitud.xhtml HTTP/1.1" 200 83239
191.107.131.132 - - [06/Mar/2024:00:51:50 -0500] "GET /sipse/faces/javax.faces.resource/theme.css?ln=primefaces-sipse HTTP/1.1" 304 -
191.107.131.132 - - [06/Mar/2024:00:51:50 -0500] "GET /sipse/faces/javax.faces.resource/layout/layout.css?ln=primefaces&v=4.0 HTTP/1.1" 304 -
191.107.131.132 - - [06/Mar/2024:00:51:50 -0500] "GET /sipse/faces/javax.faces.resource/primefaces.css?ln=primefaces&v=4.0 HTTP/1.1" 304 -
191.107.131.132 - - [06/Mar/2024:00:51:50 -0500] "GET /sipse/faces/javax.faces.resource/jquery/jquery.js?ln=primefaces&v=4.0 HTTP/1.1" 304 -
191.107.131.132 - - [06/Mar/2024:00:51:50 -0500] "GET /sipse/faces/javax.faces.resource/primefaces.js?ln=primefaces&v=4.0 HTTP/1.1" 304 -
191.107.131.132 - - [06/Mar/2024:00:51:50 -0500] "GET /sipse/faces/javax.faces.resource/layout/layout.js?ln=primefaces&v=4.0 HTTP/1.1" 304 -
191.107.131.132 - - [06/Mar/2024:00:51:50 -0500] "GET /sipse/faces/javax.faces.resource/jquery/jquery-plugins.js?ln=primefaces&v=4.0 HTTP/1.1" 304 -
23.22.35.162 - - [06/Mar/2024:00:51:53 -0500] "GET /BLA/resoluciones/RESOLUCIONES%202007/RES%202007%204001%20AL%204100/RESOLUCION%204043%20DE%202007.pdf HTTP/1.1" 200 227024
3.224.220.101 - - [06/Mar/2024:00:51:57 -0500] "GET /BLA/resoluciones/RESOLUCIONES%202007/RES%202007%204001%20AL%204100/RESOLUCION%204042%20DE%202007.pdf HTTP/1.1" 200 218714
52.70.240.171 - - [06/Mar/2024:00:52:01 -0500] "GET /BLA/resoluciones/RESOLUCIONES%202007/RES%202007%204001%20AL%204100/RESOLUCION%204041%20DE%202007.pdf HTTP/1.1" 200 812721
52.70.240.171 - - [06/Mar/2024:00:52:05 -0500] "GET /BLA/resoluciones/RESOLUCIONES%202007/RES%202007%204001%20AL%204100/RESOLUCION%204040%20DE%202007.pdf HTTP/1.1" 200 43591
191.107.131.132 - - [06/Mar/2024:00:52:09 -0500] "GET /sipse/faces/javax.faces.resource/theme.css?ln=primefaces-sipse HTTP/1.1" 304 -
191.107.131.132 - - [06/Mar/2024:00:52:09 -0500] "GET /sipse/faces/javax.faces.resource/primefaces.css?ln=primefaces&v=4.0 HTTP/1.1" 304 -
191.107.131.132 - - [06/Mar/2024:00:52:09 -0500] "GET /sipse/faces/javax.faces.resource/layout/layout.css?ln=primefaces&v=4.0 HTTP/1.1" 304 -
191.107.131.132 - - [06/Mar/2024:00:52:09 -0500] "GET /sipse/faces/javax.faces.resource/jquery/jquery.js?ln=primefaces&v=4.0 HTTP/1.1" 304 -
191.107.131.132 - - [06/Mar/2024:00:52:09 -0500] "GET /sipse/faces/javax.faces.resource/jquery/jquery-plugins.js?ln=primefaces&v=4.0 HTTP/1.1" 304 -
191.107.131.132 - - [06/Mar/2024:00:52:09 -0500] "GET /sipse/faces/javax.faces.resource/primefaces.js?ln=primefaces&v=4.0 HTTP/1.1" 304 -
191.107.131.132 - - [06/Mar/2024:00:52:09 -0500] "GET /sipse/faces/javax.faces.resource/layout/layout.js?ln=primefaces&v=4.0 HTTP/1.1" 304 -
191.107.131.132 - - [06/Mar/2024:00:51:59 -0500] "POST /sipse/faces/presentacion/financiero/solicitudProceso/crearModificarSolicitudProceso.xhtml HTTP/1.1" 200 45626
52.70.240.171 - - [06/Mar/2024:00:52:09 -0500] "GET /BLA/resoluciones/RESOLUCIONES%202007/RES%202007%204001%20AL%204100/RESOLUCION%204039%20DE%202007.pdf HTTP/1.1" 200 292845
3.224.220.101 - - [06/Mar/2024:00:52:13 -0500] "GET /BLA/resoluciones/RESOLUCIONES%202007/RES%202007%204001%20AL%204100/RESOLUCION%204038%20DE%202007.pdf HTTP/1.1" 200 314975
3.224.220.101 - - [06/Mar/2024:00:52:17 -0500] "GET /BLA/resoluciones/RESOLUCIONES%202007/RES%202007%204001%20AL%204100/RESOLUCION%204037%20DE%202007.pdf HTTP/1.1" 200 667843
52.70.240.171 - - [06/Mar/2024:00:52:21 -0500] "GET /BLA/resoluciones/RESOLUCIONES%202007/RES%202007%204001%20AL%204100/RESOLUCION%204036%20DE%202007.pdf HTTP/1.1" 200 789251
3.224.220.101 - - [06/Mar/2024:00:52:25 -0500] "GET /BLA/resoluciones/RESOLUCIONES%202007/RES%202007%204001%20AL%204100/RESOLUCION%204035%20DE%202007.pdf HTTP/1.1" 200 617668
191.107.131.132 - - [06/Mar/2024:00:52:12 -0500] "POST /sipse/faces/presentacion/financiero/solicitudBienServicio/asociarBienServicioSolicitud.xhtml HTTP/1.1" 200 2720
3.224.220.101 - - [06/Mar/2024:00:52:29 -0500] "GET /BLA/resoluciones/RESOLUCIONES%202007/RES%202007%204001%20AL%204100/RESOLUCION%204034%20DE%202007.pdf HTTP/1.1" 200 614759
201.245.192.253 - - [06/Mar/2024:00:52:29 -0500] "POST /kwsrmcab/Wsrmcab  HTTP/1.1" 200 39632
52.70.240.171 - - [06/Mar/2024:00:52:33 -0500] "GET /BLA/resoluciones/RESOLUCIONES%202007/RES%202007%204001%20AL%204100/RESOLUCION%204033%20DE%202007.pdf HTTP/1.1" 200 562524
52.70.240.171 - - [06/Mar/2024:00:52:41 -0500] "GET /BLA/resoluciones/RESOLUCIONES%202007/RES%202007%204001%20AL%204100/RESOLUCION%204031%20DE%202007.pdf HTTP/1.1" 200 186075
191.107.131.132 - - [06/Mar/2024:00:52:41 -0500] "POST /sipse/faces/presentacion/financiero/solicitudBienServicio/asociarBienServicioSolicitud.xhtml HTTP/1.1" 200 78939
191.107.131.132 - - [06/Mar/2024:00:52:41 -0500] "GET /sipse/faces/javax.faces.resource/theme.css?ln=primefaces-sipse HTTP/1.1" 304 -
191.107.131.132 - - [06/Mar/2024:00:52:41 -0500] "GET /sipse/faces/javax.faces.resource/layout/layout.css?ln=primefaces&v=4.0 HTTP/1.1" 304 -
191.107.131.132 - - [06/Mar/2024:00:52:41 -0500] "GET /sipse/faces/javax.faces.resource/primefaces.css?ln=primefaces&v=4.0 HTTP/1.1" 304 -
191.107.131.132 - - [06/Mar/2024:00:52:41 -0500] "GET /sipse/faces/javax.faces.resource/jquery/jquery.js?ln=primefaces&v=4.0 HTTP/1.1" 304 -
191.107.131.132 - - [06/Mar/2024:00:52:41 -0500] "GET /sipse/faces/javax.faces.resource/jquery/jquery-plugins.js?ln=primefaces&v=4.0 HTTP/1.1" 304 -
191.107.131.132 - - [06/Mar/2024:00:52:41 -0500] "GET /sipse/faces/javax.faces.resource/primefaces.js?ln=primefaces&v=4.0 HTTP/1.1" 304 -
191.107.131.132 - - [06/Mar/2024:00:52:41 -0500] "GET /sipse/faces/javax.faces.resource/layout/layout.js?ln=primefaces&v=4.0 HTTP/1.1" 304 -
3.224.220.101 - - [06/Mar/2024:00:52:45 -0500] "GET /BLA/resoluciones/RESOLUCIONES%202007/RES%202007%204001%20AL%204100/RESOLUCION%204030%20DE%202007.pdf HTTP/1.1" 200 131183
3.224.220.101 - - [06/Mar/2024:00:52:45 -0500] "GET /BLA/resoluciones/RESOLUCIONES%202007/RES%202007%204001%20AL%204100/RESOLUCION%204032%20DE%202007.pdf HTTP/1.1" 200 713379
3.224.220.101 - - [06/Mar/2024:00:52:49 -0500] "GET /BLA/resoluciones/RESOLUCIONES%202007/RES%202007%204001%20AL%204100/RESOLUCION%204029%20DE%202007.pdf HTTP/1.1" 200 929218
52.70.240.171 - - [06/Mar/2024:00:52:53 -0500] "GET /BLA/resoluciones/RESOLUCIONES%202007/RES%202007%204001%20AL%204100/RESOLUCION%204028%20DE%202007.pdf HTTP/1.1" 200 639324
3.224.220.101 - - [06/Mar/2024:00:52:57 -0500] "GET /BLA/resoluciones/RESOLUCIONES%202007/RES%202007%204001%20AL%204100/RESOLUCION%204027%20DE%202007.pdf HTTP/1.1" 200 792243
3.224.220.101 - - [06/Mar/2024:00:53:01 -0500] "GET /BLA/resoluciones/RESOLUCIONES%202007/RES%202007%204001%20AL%204100/RESOLUCION%204026%20DE%202007.pdf HTTP/1.1" 200 333968
23.22.35.162 - - [06/Mar/2024:00:53:05 -0500] "GET /BLA/resoluciones/RESOLUCIONES%202007/RES%202007%204001%20AL%204100/RESOLUCION%204025%20DE%202007.pdf HTTP/1.1" 200 659963
3.224.220.101 - - [06/Mar/2024:00:53:09 -0500] "GET /BLA/resoluciones/RESOLUCIONES%202007/RES%202007%204001%20AL%204100/RESOLUCION%204024%20DE%202007.pdf HTTP/1.1" 200 671618
23.22.35.162 - - [06/Mar/2024:00:53:13 -0500] "GET /BLA/resoluciones/RESOLUCIONES%202007/RES%202007%204001%20AL%204100/RESOLUCION%204023%20DE%202007.pdf HTTP/1.1" 200 1163759
23.22.35.162 - - [06/Mar/2024:00:53:18 -0500] "GET /BLA/resoluciones/RESOLUCIONES%202007/RES%202007%204001%20AL%204100/RESOLUCION%204022%20DE%202007.pdf HTTP/1.1" 200 570093
66.249.73.130 - - [06/Mar/2024:00:53:20 -0500] "GET /portaldeninos/2021/06/05/celebracion-del-dia-mundial-del-medio-ambiente-comenzo-desde-uno-de-los-pulmones-de-bogota/ HTTP/1.1" 200 104357
52.70.240.171 - - [06/Mar/2024:00:53:21 -0500] "GET /BLA/resoluciones/RESOLUCIONES%202007/RES%202007%204001%20AL%204100/RESOLUCION%204020%20DE%202007.pdf HTTP/1.1" 200 1737441
3.224.220.101 - - [06/Mar/2024:00:53:25 -0500] "GET /BLA/resoluciones/RESOLUCIONES%202007/RES%202007%204001%20AL%204100/RESOLUCION%204019%20DE%202007.pdf HTTP/1.1" 200 784242
52.70.240.171 - - [06/Mar/2024:00:53:29 -0500] "GET /BLA/resoluciones/RESOLUCIONES%202007/RES%202007%204001%20AL%204100/RESOLUCION%204018%20DE%202007.pdf HTTP/1.1" 200 1947919
52.70.240.171 - - [06/Mar/2024:00:53:33 -0500] "GET /BLA/resoluciones/RESOLUCIONES%202007/RES%202007%204001%20AL%204100/RESOLUCION%204017%20DE%202007.pdf HTTP/1.1" 200 843795
172.22.2.4 - - [06/Mar/2024:00:53:37 -0500] "GET /BLA/boletinlegal/style.css HTTP/1.1" 200 9406
172.22.2.4 - - [06/Mar/2024:00:53:37 -0500] "GET /BLA/boletinlegal/styles2.css HTTP/1.1" 200 1838
172.22.2.4 - - [06/Mar/2024:00:53:37 -0500] "GET /BLA/boletinlegal/js/jquery.js HTTP/1.1" 200 57254
172.22.2.4 - - [06/Mar/2024:00:53:37 -0500] "GET /BLA/boletinlegal/js/jquery.scrollTo-min.js HTTP/1.1" 200 1150
172.22.2.4 - - [06/Mar/2024:00:53:37 -0500] "GET /BLA/boletinlegal/js/jquery.scrollShow.js HTTP/1.1" 200 4586
172.22.2.4 - - [06/Mar/2024:00:53:37 -0500] "GET /BLA/boletinlegal/images/cabezote%20BLEGAL.jpg HTTP/1.1" 200 118164
172.22.2.4 - - [06/Mar/2024:00:53:37 -0500] "GET /BLA/boletinlegal/images/screen_1.png HTTP/1.1" 200 202547
172.22.2.4 - - [06/Mar/2024:00:53:37 -0500] "GET /BLA/boletinlegal/images/subscribe-icon-big.png HTTP/1.1" 200 47702
172.22.2.4 - - [06/Mar/2024:00:53:37 -0500] "GET /BLA/boletinlegal/images/historia.png HTTP/1.1" 200 52775
172.22.2.4 - - [06/Mar/2024:00:53:37 -0500] "GET /BLA/boletinlegal/images/registro-usuarios.png HTTP/1.1" 200 8106
172.22.2.4 - - [06/Mar/2024:00:53:37 -0500] "GET /BLA/boletinlegal/images/arr_l.jpg HTTP/1.1" 200 1979
172.22.2.4 - - [06/Mar/2024:00:53:37 -0500] "GET /BLA/boletinlegal/images/launch.jpg HTTP/1.1" 200 14577
172.22.2.4 - - [06/Mar/2024:00:53:37 -0500] "GET /BLA/boletinlegal/images/menu_rght.gif HTTP/1.1" 200 1627
172.22.2.4 - - [06/Mar/2024:00:53:37 -0500] "GET /BLA/boletinlegal/images/menu_lft.gif HTTP/1.1" 200 1713
172.22.2.4 - - [06/Mar/2024:00:53:37 -0500] "GET /BLA/boletinlegal/images/bg_top.jpg HTTP/1.1" 200 522
172.22.2.4 - - [06/Mar/2024:00:53:37 -0500] "GET /BLA/boletinlegal/images/menu_bg.jpg HTTP/1.1" 200 620
172.22.2.4 - - [06/Mar/2024:00:53:37 -0500] "GET /BLA/boletinlegal/images/text.jpg HTTP/1.1" 200 568
172.22.2.4 - - [06/Mar/2024:00:53:37 -0500] "GET /BLA/boletinlegal/images/body_bg.jpg HTTP/1.1" 200 1601
172.22.2.4 - - [06/Mar/2024:00:53:37 -0500] "GET /BLA/boletinlegal/images/hover.jpg HTTP/1.1" 200 640
23.22.35.162 - - [06/Mar/2024:00:53:37 -0500] "GET /BLA/resoluciones/RESOLUCIONES%202007/RES%202007%204001%20AL%204100/RESOLUCION%204016%20DE%202007.pdf HTTP/1.1" 200 745679
172.22.2.4 - - [06/Mar/2024:00:53:40 -0500] "GET /BLA/boletinlegal/normativa.php HTTP/1.1" 200 8397
172.22.2.4 - - [06/Mar/2024:00:53:40 -0500] "GET /BLA/boletinlegal/js/ajax_normativa.js HTTP/1.1" 200 1154
172.22.2.4 - - [06/Mar/2024:00:53:40 -0500] "GET /BLA/boletinlegal/niceforms.js HTTP/1.1" 200 22876
172.22.2.4 - - [06/Mar/2024:00:53:40 -0500] "GET /BLA/boletinlegal/niceforms-default.css HTTP/1.1" 200 6694
172.22.2.4 - - [06/Mar/2024:00:53:40 -0500] "GET /BLA/boletinlegal/images/tel.png HTTP/1.1" 200 14477
172.22.2.4 - - [06/Mar/2024:00:53:40 -0500] "GET /BLA/boletinlegal/images/icono-email.png HTTP/1.1" 200 5544
172.22.2.4 - - [06/Mar/2024:00:53:40 -0500] "GET /BLA/boletinlegal/images/footer_bg.jpg HTTP/1.1" 200 586
172.22.2.4 - - [06/Mar/2024:00:53:40 -0500] "GET /BLA/boletinlegal/images/footer_bg_l.jpg HTTP/1.1" 200 776
172.22.2.4 - - [06/Mar/2024:00:53:40 -0500] "GET /BLA/boletinlegal/img/0.png HTTP/1.1" 200 110
172.22.2.4 - - [06/Mar/2024:00:53:40 -0500] "GET /BLA/boletinlegal/img/select-left.png HTTP/1.1" 200 263
172.22.2.4 - - [06/Mar/2024:00:53:40 -0500] "GET /BLA/boletinlegal/img/select-right.png HTTP/1.1" 200 44019
172.22.2.4 - - [06/Mar/2024:00:53:40 -0500] "GET /BLA/boletinlegal/img/button.png HTTP/1.1" 200 43241
172.22.2.4 - - [06/Mar/2024:00:53:40 -0500] "GET /BLA/boletinlegal/img/button-left.png HTTP/1.1" 200 57071
172.22.2.4 - - [06/Mar/2024:00:53:40 -0500] "GET /BLA/boletinlegal/img/button-right.png HTTP/1.1" 200 57878
172.22.2.4 - - [06/Mar/2024:00:53:40 -0500] "GET /BLA/boletinlegal/favicon.ico HTTP/1.1" 404 1334
3.224.220.101 - - [06/Mar/2024:00:53:41 -0500] "GET /BLA/resoluciones/RESOLUCIONES%202007/RES%202007%204001%20AL%204100/RESOLUCION%204015%20DE%202007.pdf HTTP/1.1" 200 390829
23.22.35.162 - - [06/Mar/2024:00:53:45 -0500] "GET /BLA/resoluciones/RESOLUCIONES%202007/RES%202007%204001%20AL%204100/RESOLUCION%204014%20DE%202007.pdf HTTP/1.1" 200 692816
172.22.2.4 - - [06/Mar/2024:00:53:47 -0500] "GET /BLA/boletinlegal/consulta_normativa.php?tipo=&sector=Aire&ano=&resuelve= HTTP/1.1" 200 949
172.22.2.4 - - [06/Mar/2024:00:53:47 -0500] "GET /BLA/boletinlegal/images/docs.png HTTP/1.1" 200 10288
3.224.220.101 - - [06/Mar/2024:00:53:49 -0500] "GET /BLA/resoluciones/RESOLUCIONES%202007/RES%202007%204001%20AL%204100/RESOLUCION%204013%20DE%202007.pdf HTTP/1.1" 200 167382
52.70.240.171 - - [06/Mar/2024:00:53:53 -0500] "GET /BLA/resoluciones/RESOLUCIONES%202007/RES%202007%204001%20AL%204100/RESOLUCION%204012%20DE%202007.pdf HTTP/1.1" 200 393859
172.22.2.4 - - [06/Mar/2024:00:52:16 -0500] "HEAD /BLA/boletinlegal/ HTTP/1.1" 200 -
23.22.35.162 - - [06/Mar/2024:00:53:57 -0500] "GET /BLA/resoluciones/RESOLUCIONES%202007/RES%202007%204001%20AL%204100/RESOLUCION%204011%20DE%202007.pdf HTTP/1.1" 200 942453
172.22.2.4 - - [06/Mar/2024:00:54:00 -0500] "GET /BLA/boletinlegal/consulta_normativa.php?tipo=&sector=residuos&ano=&resuelve= HTTP/1.1" 200 20100
172.22.2.4 - - [06/Mar/2024:00:54:00 -0500] "GET /BLA/boletinlegal/images/background.gif HTTP/1.1" 200 -
52.70.240.171 - - [06/Mar/2024:00:54:01 -0500] "GET /BLA/resoluciones/RESOLUCIONES%202007/RES%202007%204001%20AL%204100/RESOLUCION%204010%20DE%202007.pdf HTTP/1.1" 200 313440
66.249.66.20 - - [06/Mar/2024:00:54:02 -0500] "GET /resoluciones/RESOLUCIONES%202008/2956.pdf HTTP/1.1" 404 1018
23.22.35.162 - - [06/Mar/2024:00:54:07 -0500] "GET /BLA/resoluciones/RESOLUCIONES%202007/RES%202007%204001%20AL%204100/RESOLUCION%204009%20DE%202007.pdf HTTP/1.1" 200 437407
52.70.240.171 - - [06/Mar/2024:00:54:10 -0500] "GET /BLA/resoluciones/RESOLUCIONES%202007/RES%202007%204001%20AL%204100/RESOLUCION%204008%20DE%202007.pdf HTTP/1.1" 200 498511
23.22.35.162 - - [06/Mar/2024:00:54:13 -0500] "GET /BLA/resoluciones/RESOLUCIONES%202007/RES%202007%204001%20AL%204100/RESOLUCION%204007%20DE%202007.pdf HTTP/1.1" 200 490376
3.224.220.101 - - [06/Mar/2024:00:54:17 -0500] "GET /BLA/resoluciones/RESOLUCIONES%202007/RES%202007%204001%20AL%204100/RESOLUCION%204006%20DE%202007.pdf HTTP/1.1" 200 646663
52.70.240.171 - - [06/Mar/2024:00:54:21 -0500] "GET /BLA/resoluciones/RESOLUCIONES%202007/RES%202007%204001%20AL%204100/RESOLUCION%204005%20DE%202007.pdf HTTP/1.1" 200 518469
52.70.240.171 - - [06/Mar/2024:00:54:25 -0500] "GET /BLA/resoluciones/RESOLUCIONES%202007/RES%202007%204001%20AL%204100/RESOLUCION%204004%20DE%202007.pdf HTTP/1.1" 200 813978
3.224.220.101 - - [06/Mar/2024:00:54:29 -0500] "GET /BLA/resoluciones/RESOLUCIONES%202007/RES%202007%204001%20AL%204100/RESOLUCION%204003%20DE%202007.pdf HTTP/1.1" 200 944643
172.22.2.4 - - [06/Mar/2024:00:53:37 -0500] "GET /BLA/boletinlegal/ HTTP/1.1" 200 24523
52.70.240.171 - - [06/Mar/2024:00:54:33 -0500] "GET /BLA/resoluciones/RESOLUCIONES%202007/RES%202007%204001%20AL%204100/RESOLUCION%204002%20DE%202007.pdf HTTP/1.1" 200 312350
3.224.220.101 - - [06/Mar/2024:00:54:37 -0500] "GET /BLA/resoluciones/RESOLUCIONES%202007/RES%202007%204001%20AL%204100/RESOLUCION%204001%20DE%202007.pdf HTTP/1.1" 200 838674
23.22.35.162 - - [06/Mar/2024:00:54:41 -0500] "GET /BLA/resoluciones/RESOLUCIONES%202007/RES%202007%204001%20AL%204100/RESOLUCION%204073%20%20DE%202007.pdf HTTP/1.1" 200 220846
23.22.35.162 - - [06/Mar/2024:00:54:46 -0500] "GET /BLA/resoluciones/RESOLUCIONES%202007/RES%202007%204001%20AL%204100/RESOLUCION%204021%20%20%20DE%202007.pdf HTTP/1.1" 200 668318
172.22.2.4 - - [06/Mar/2024:00:53:07 -0500] "GET /BLA/boletinlegal/ HTTP/1.1" 200 49224
52.70.240.171 - - [06/Mar/2024:00:54:57 -0500] "GET /BLA/resoluciones/index.php?dir=RESOLUCIONES%202007/RES%202007%204001%20AL%204100/&order=asc&sort=date HTTP/1.1" 200 26864
3.224.220.101 - - [06/Mar/2024:00:55:05 -0500] "GET /BLA/resoluciones/index.php?dir=RESOLUCIONES%202007/RES%202007%204001%20AL%204100/&order=desc&sort=date HTTP/1.1" 200 26863
3.224.220.101 - - [06/Mar/2024:00:55:09 -0500] "GET /BLA/resoluciones/index.php?dir=RESOLUCIONES%202007/RES%202007%204001%20AL%204100/&order=asc&sort=name HTTP/1.1" 200 26864
216.245.221.92 - - [06/Mar/2024:00:55:09 -0500] "HEAD / HTTP/1.1" 200 -
23.22.35.162 - - [06/Mar/2024:00:55:14 -0500] "GET /BLA/resoluciones/index.php?dir=RESOLUCIONES%202007/RES%202007%204001%20AL%204100/&order=asc&sort=size HTTP/1.1" 200 26864
66.249.66.20 - - [06/Mar/2024:00:55:22 -0500] "GET /BLA/resoluciones/RESOLUCIONES%202010/5994.pdf HTTP/1.1" 200 433215
191.107.131.132 - - [06/Mar/2024:00:55:26 -0500] "POST /sipse/faces/presentacion/financiero/solicitudProceso/crearModificarSolicitudProceso.xhtml HTTP/1.1" 200 21243
191.107.131.132 - - [06/Mar/2024:00:55:26 -0500] "GET /sipse/faces/javax.faces.resource/theme.css?ln=primefaces-sipse HTTP/1.1" 304 -
191.107.131.132 - - [06/Mar/2024:00:55:26 -0500] "GET /sipse/faces/javax.faces.resource/primefaces.css?ln=primefaces&v=4.0 HTTP/1.1" 304 -
191.107.131.132 - - [06/Mar/2024:00:55:26 -0500] "GET /sipse/faces/javax.faces.resource/fileupload/fileupload.css?ln=primefaces&v=4.0 HTTP/1.1" 304 -
191.107.131.132 - - [06/Mar/2024:00:55:26 -0500] "GET /sipse/faces/javax.faces.resource/layout/layout.css?ln=primefaces&v=4.0 HTTP/1.1" 304 -
191.107.131.132 - - [06/Mar/2024:00:55:26 -0500] "GET /sipse/faces/javax.faces.resource/jquery/jquery.js?ln=primefaces&v=4.0 HTTP/1.1" 304 -
191.107.131.132 - - [06/Mar/2024:00:55:26 -0500] "GET /sipse/faces/javax.faces.resource/primefaces.js?ln=primefaces&v=4.0 HTTP/1.1" 304 -
191.107.131.132 - - [06/Mar/2024:00:55:26 -0500] "GET /sipse/faces/javax.faces.resource/jquery/jquery-plugins.js?ln=primefaces&v=4.0 HTTP/1.1" 304 -
191.107.131.132 - - [06/Mar/2024:00:55:26 -0500] "GET /sipse/faces/javax.faces.resource/layout/layout.js?ln=primefaces&v=4.0 HTTP/1.1" 304 -
191.107.131.132 - - [06/Mar/2024:00:55:26 -0500] "GET /sipse/faces/javax.faces.resource/fileupload/fileupload.js?ln=primefaces&v=4.0 HTTP/1.1" 304 -
52.70.240.171 - - [06/Mar/2024:00:55:29 -0500] "GET /BLA/resoluciones/index.php?dir=RESOLUCIONES%202007/RES%202007%204001%20AL%204100/&order=desc&sort=size HTTP/1.1" 200 26863
52.70.240.171 - - [06/Mar/2024:00:55:41 -0500] "GET /BLA/resoluciones/index.php?dir=RESOLUCIONES%202007/RES%202007%204001%20AL%204100/&order=desc&sort=name HTTP/1.1" 200 26863
191.107.131.132 - - [06/Mar/2024:00:55:42 -0500] "POST /sipse/faces/presentacion/sistema/anexos/cargarAnexoSolicitudProceso.xhtml HTTP/1.1" 200 85038
191.107.131.132 - - [06/Mar/2024:00:55:42 -0500] "GET /sipse/faces/javax.faces.resource/primefaces.css?ln=primefaces&v=4.0 HTTP/1.1" 304 -
191.107.131.132 - - [06/Mar/2024:00:55:42 -0500] "GET /sipse/faces/javax.faces.resource/theme.css?ln=primefaces-sipse HTTP/1.1" 304 -
191.107.131.132 - - [06/Mar/2024:00:55:42 -0500] "GET /sipse/faces/javax.faces.resource/layout/layout.css?ln=primefaces&v=4.0 HTTP/1.1" 304 -
191.107.131.132 - - [06/Mar/2024:00:55:42 -0500] "GET /sipse/faces/javax.faces.resource/jquery/jquery.js?ln=primefaces&v=4.0 HTTP/1.1" 304 -
191.107.131.132 - - [06/Mar/2024:00:55:42 -0500] "GET /sipse/faces/javax.faces.resource/jquery/jquery-plugins.js?ln=primefaces&v=4.0 HTTP/1.1" 304 -
191.107.131.132 - - [06/Mar/2024:00:55:42 -0500] "GET /sipse/faces/javax.faces.resource/layout/layout.js?ln=primefaces&v=4.0 HTTP/1.1" 304 -
191.107.131.132 - - [06/Mar/2024:00:55:42 -0500] "GET /sipse/faces/javax.faces.resource/primefaces.js?ln=primefaces&v=4.0 HTTP/1.1" 304 -
52.70.240.171 - - [06/Mar/2024:00:55:49 -0500] "GET /BLA/resoluciones/index.php?dir=RESOLUCIONES%202007/RES%202007%203901%20AL%204000/ HTTP/1.1" 200 26851
191.107.131.132 - - [06/Mar/2024:00:55:49 -0500] "POST /sipse/faces/presentacion/financiero/solicitudProceso/crearModificarSolicitudProceso.xhtml HTTP/1.1" 200 63972
191.107.131.132 - - [06/Mar/2024:00:55:52 -0500] "GET /sipse/faces/javax.faces.resource/layout/layout.css?ln=primefaces&v=4.0 HTTP/1.1" 304 -
191.107.131.132 - - [06/Mar/2024:00:55:52 -0500] "GET /sipse/faces/javax.faces.resource/primefaces.css?ln=primefaces&v=4.0 HTTP/1.1" 304 -
191.107.131.132 - - [06/Mar/2024:00:55:52 -0500] "GET /sipse/faces/javax.faces.resource/theme.css?ln=primefaces-sipse HTTP/1.1" 304 -
191.107.131.132 - - [06/Mar/2024:00:55:52 -0500] "GET /sipse/faces/javax.faces.resource/jquery/jquery.js?ln=primefaces&v=4.0 HTTP/1.1" 304 -
191.107.131.132 - - [06/Mar/2024:00:55:52 -0500] "GET /sipse/faces/javax.faces.resource/jquery/jquery-plugins.js?ln=primefaces&v=4.0 HTTP/1.1" 304 -
191.107.131.132 - - [06/Mar/2024:00:55:52 -0500] "GET /sipse/faces/javax.faces.resource/primefaces.js?ln=primefaces&v=4.0 HTTP/1.1" 304 -
191.107.131.132 - - [06/Mar/2024:00:55:52 -0500] "GET /sipse/faces/javax.faces.resource/layout/layout.js?ln=primefaces&v=4.0 HTTP/1.1" 304 -
191.107.131.132 - - [06/Mar/2024:00:55:52 -0500] "POST /sipse/faces/presentacion/financiero/solicitudProceso/listarSolicitudProceso.xhtml HTTP/1.1" 200 1556
3.224.220.101 - - [06/Mar/2024:00:55:53 -0500] "GET /BLA/resoluciones/RESOLUCIONES%202007/RES%202007%203901%20AL%204000/RESOLUCION%204000%20DE%202007.pdf HTTP/1.1" 200 152164
191.107.131.132 - - [06/Mar/2024:00:55:56 -0500] "POST /sipse/faces/presentacion/financiero/solicitudProceso/listarSolicitudProceso.xhtml HTTP/1.1" 200 66678
23.22.35.162 - - [06/Mar/2024:00:55:58 -0500] "GET /BLA/resoluciones/RESOLUCIONES%202007/RES%202007%203901%20AL%204000/RESOLUCION%203999%20DE%202007.pdf HTTP/1.1" 200 187041
191.107.131.132 - - [06/Mar/2024:00:55:58 -0500] "POST /sipse/faces/presentacion/financiero/solicitudProceso/listarSolicitudProceso.xhtml HTTP/1.1" 200 69827
191.107.131.132 - - [06/Mar/2024:00:55:58 -0500] "POST /sipse/faces/presentacion/financiero/solicitudProceso/listarSolicitudProceso.xhtml HTTP/1.1" 200 82096
52.70.240.171 - - [06/Mar/2024:00:56:01 -0500] "GET /BLA/resoluciones/RESOLUCIONES%202007/RES%202007%203901%20AL%204000/RESOLUCION%203997%20DE%202007.pdf HTTP/1.1" 200 256780
52.70.240.171 - - [06/Mar/2024:00:56:05 -0500] "GET /BLA/resoluciones/RESOLUCIONES%202007/RES%202007%203901%20AL%204000/RESOLUCION%203996%20DE%202007.pdf HTTP/1.1" 200 667907
23.22.35.162 - - [06/Mar/2024:00:56:09 -0500] "GET /BLA/resoluciones/RESOLUCIONES%202007/RES%202007%203901%20AL%204000/RESOLUCION%203995%20DE%202007.pdf HTTP/1.1" 200 730204
191.107.131.132 - - [06/Mar/2024:00:56:10 -0500] "POST /sipse/faces/presentacion/financiero/solicitudProceso/listarSolicitudProceso.xhtml HTTP/1.1" 200 122351
191.107.131.132 - - [06/Mar/2024:00:56:11 -0500] "GET /sipse/faces/javax.faces.resource/theme.css?ln=primefaces-sipse HTTP/1.1" 304 -
191.107.131.132 - - [06/Mar/2024:00:56:11 -0500] "GET /sipse/faces/javax.faces.resource/layout/layout.css?ln=primefaces&v=4.0 HTTP/1.1" 304 -
191.107.131.132 - - [06/Mar/2024:00:56:11 -0500] "GET /sipse/faces/javax.faces.resource/primefaces.css?ln=primefaces&v=4.0 HTTP/1.1" 304 -
191.107.131.132 - - [06/Mar/2024:00:56:11 -0500] "GET /sipse/faces/javax.faces.resource/jquery/jquery.js?ln=primefaces&v=4.0 HTTP/1.1" 304 -
191.107.131.132 - - [06/Mar/2024:00:56:11 -0500] "GET /sipse/faces/javax.faces.resource/jquery/jquery-plugins.js?ln=primefaces&v=4.0 HTTP/1.1" 304 -
191.107.131.132 - - [06/Mar/2024:00:56:11 -0500] "GET /sipse/faces/javax.faces.resource/primefaces.js?ln=primefaces&v=4.0 HTTP/1.1" 304 -
191.107.131.132 - - [06/Mar/2024:00:56:11 -0500] "GET /sipse/faces/javax.faces.resource/layout/layout.js?ln=primefaces&v=4.0 HTTP/1.1" 304 -
191.107.131.132 - - [06/Mar/2024:00:56:12 -0500] "GET /sipse/faces/javax.faces.resource/dynamiccontent.properties?ln=primefaces&pfdrid=XjOR5%2F%2FfPAZAuY9TpWQeCiM0BhlXxYRBGKi%2FQcXXfeA%3D&pfdrid_c=false HTTP/1.1" 500 383
23.22.35.162 - - [06/Mar/2024:00:56:13 -0500] "GET /BLA/resoluciones/RESOLUCIONES%202007/RES%202007%203901%20AL%204000/RESOLUCION%203994%20DE%202007.pdf HTTP/1.1" 200 595417
52.70.240.171 - - [06/Mar/2024:00:56:17 -0500] "GET /BLA/resoluciones/RESOLUCIONES%202007/RES%202007%203901%20AL%204000/RESOLUCION%203993%20DE%202007.pdf HTTP/1.1" 200 464912
52.70.240.171 - - [06/Mar/2024:00:56:21 -0500] "GET /BLA/resoluciones/RESOLUCIONES%202007/RES%202007%203901%20AL%204000/RESOLUCION%203992%20DE%202007.pdf HTTP/1.1" 200 388584
23.22.35.162 - - [06/Mar/2024:00:56:27 -0500] "GET /BLA/resoluciones/RESOLUCIONES%202007/RES%202007%203901%20AL%204000/RESOLUCION%203991%20DE%202007.pdf HTTP/1.1" 200 250950
52.70.240.171 - - [06/Mar/2024:00:56:29 -0500] "GET /BLA/resoluciones/RESOLUCIONES%202007/RES%202007%203901%20AL%204000/RESOLUCION%203990%20DE%202007.pdf HTTP/1.1" 200 240508
23.22.35.162 - - [06/Mar/2024:00:56:33 -0500] "GET /BLA/resoluciones/RESOLUCIONES%202007/RES%202007%203901%20AL%204000/RESOLUCION%203989%20DE%202007.pdf HTTP/1.1" 200 695627
52.70.240.171 - - [06/Mar/2024:00:56:37 -0500] "GET /BLA/resoluciones/RESOLUCIONES%202007/RES%202007%203901%20AL%204000/RESOLUCION%203988%20DE%202007.pdf HTTP/1.1" 200 770902
52.70.240.171 - - [06/Mar/2024:00:56:41 -0500] "GET /BLA/resoluciones/RESOLUCIONES%202007/RES%202007%203901%20AL%204000/RESOLUCION%203987%20DE%202007.pdf HTTP/1.1" 200 409818
52.70.240.171 - - [06/Mar/2024:00:56:45 -0500] "GET /BLA/resoluciones/RESOLUCIONES%202007/RES%202007%203901%20AL%204000/RESOLUCION%203986%20DE%202007.pdf HTTP/1.1" 200 563517
168.119.51.200 - - [06/Mar/2024:00:56:45 -0500] "GET / HTTP/1.1" 200 4720
191.107.131.132 - - [06/Mar/2024:00:56:48 -0500] "POST /sipse/faces/presentacion/financiero/solicitudProceso/consultarSolicitudProceso.xhtml HTTP/1.1" 200 21243
191.107.131.132 - - [06/Mar/2024:00:56:49 -0500] "GET /sipse/faces/javax.faces.resource/theme.css?ln=primefaces-sipse HTTP/1.1" 304 -
191.107.131.132 - - [06/Mar/2024:00:56:49 -0500] "GET /sipse/faces/javax.faces.resource/primefaces.css?ln=primefaces&v=4.0 HTTP/1.1" 304 -
191.107.131.132 - - [06/Mar/2024:00:56:49 -0500] "GET /sipse/faces/javax.faces.resource/layout/layout.css?ln=primefaces&v=4.0 HTTP/1.1" 304 -
191.107.131.132 - - [06/Mar/2024:00:56:49 -0500] "GET /sipse/faces/javax.faces.resource/jquery/jquery.js?ln=primefaces&v=4.0 HTTP/1.1" 304 -
191.107.131.132 - - [06/Mar/2024:00:56:49 -0500] "GET /sipse/faces/javax.faces.resource/jquery/jquery-plugins.js?ln=primefaces&v=4.0 HTTP/1.1" 304 -
191.107.131.132 - - [06/Mar/2024:00:56:49 -0500] "GET /sipse/faces/javax.faces.resource/primefaces.js?ln=primefaces&v=4.0 HTTP/1.1" 304 -
191.107.131.132 - - [06/Mar/2024:00:56:49 -0500] "GET /sipse/faces/javax.faces.resource/fileupload/fileupload.css?ln=primefaces&v=4.0 HTTP/1.1" 304 -
191.107.131.132 - - [06/Mar/2024:00:56:49 -0500] "GET /sipse/faces/javax.faces.resource/layout/layout.js?ln=primefaces&v=4.0 HTTP/1.1" 304 -
191.107.131.132 - - [06/Mar/2024:00:56:49 -0500] "GET /sipse/faces/javax.faces.resource/fileupload/fileupload.js?ln=primefaces&v=4.0 HTTP/1.1" 304 -
23.22.35.162 - - [06/Mar/2024:00:56:49 -0500] "GET /BLA/resoluciones/RESOLUCIONES%202007/RES%202007%203901%20AL%204000/RESOLUCION%203985%20DE%202007.pdf HTTP/1.1" 200 421074
52.70.240.171 - - [06/Mar/2024:00:56:53 -0500] "GET /BLA/resoluciones/RESOLUCIONES%202007/RES%202007%203901%20AL%204000/RESOLUCION%203984%20DE%202007.pdf HTTP/1.1" 200 466211
52.70.240.171 - - [06/Mar/2024:00:56:57 -0500] "GET /BLA/resoluciones/RESOLUCIONES%202007/RES%202007%203901%20AL%204000/RESOLUCION%203983%20DE%202007.pdf HTTP/1.1" 200 246772
3.224.220.101 - - [06/Mar/2024:00:57:01 -0500] "GET /BLA/resoluciones/RESOLUCIONES%202007/RES%202007%203901%20AL%204000/RESOLUCION%203982%20DE%202007.pdf HTTP/1.1" 200 247896
3.224.220.101 - - [06/Mar/2024:00:57:05 -0500] "GET /BLA/resoluciones/RESOLUCIONES%202007/RES%202007%203901%20AL%204000/RESOLUCION%203981%20DE%202007.pdf HTTP/1.1" 200 753685
52.70.240.171 - - [06/Mar/2024:00:57:09 -0500] "GET /BLA/resoluciones/RESOLUCIONES%202007/RES%202007%203901%20AL%204000/RESOLUCION%203980%20DE%202007.pdf HTTP/1.1" 200 2311339
52.70.240.171 - - [06/Mar/2024:00:57:13 -0500] "GET /BLA/resoluciones/RESOLUCIONES%202007/RES%202007%203901%20AL%204000/RESOLUCION%203979%20DE%202007.pdf HTTP/1.1" 200 313680
23.22.35.162 - - [06/Mar/2024:00:57:17 -0500] "GET /BLA/resoluciones/RESOLUCIONES%202007/RES%202007%203901%20AL%204000/RESOLUCION%203978%20DE%202007.pdf HTTP/1.1" 200 1657655
52.70.240.171 - - [06/Mar/2024:00:57:21 -0500] "GET /BLA/resoluciones/RESOLUCIONES%202007/RES%202007%203901%20AL%204000/RESOLUCION%203977%20DE%202007.pdf HTTP/1.1" 200 639954
191.107.131.132 - - [06/Mar/2024:00:57:21 -0500] "GET /sipse/faces/javax.faces.resource/theme.css?ln=primefaces-sipse HTTP/1.1" 304 -
191.107.131.132 - - [06/Mar/2024:00:57:21 -0500] "GET /sipse/faces/javax.faces.resource/primefaces.css?ln=primefaces&v=4.0 HTTP/1.1" 304 -
191.107.131.132 - - [06/Mar/2024:00:57:21 -0500] "GET /sipse/faces/javax.faces.resource/primefaces.js?ln=primefaces&v=4.0 HTTP/1.1" 304 -
191.107.131.132 - - [06/Mar/2024:00:57:21 -0500] "GET /sipse/faces/javax.faces.resource/jquery/jquery.js?ln=primefaces&v=4.0 HTTP/1.1" 304 -
191.107.131.132 - - [06/Mar/2024:00:57:21 -0500] "GET /sipse/faces/javax.faces.resource/layout/layout.css?ln=primefaces&v=4.0 HTTP/1.1" 304 -
191.107.131.132 - - [06/Mar/2024:00:57:21 -0500] "GET /sipse/faces/javax.faces.resource/jquery/jquery-plugins.js?ln=primefaces&v=4.0 HTTP/1.1" 304 -
191.107.131.132 - - [06/Mar/2024:00:57:21 -0500] "GET /sipse/faces/javax.faces.resource/layout/layout.js?ln=primefaces&v=4.0 HTTP/1.1" 304 -
191.107.131.132 - - [06/Mar/2024:00:57:20 -0500] "POST /sipse/faces/presentacion/sistema/anexos/cargarAnexoSolicitudProceso.xhtml HTTP/1.1" 200 170199
191.107.131.132 - - [06/Mar/2024:00:57:21 -0500] "GET /sipse/faces/javax.faces.resource/dynamiccontent.properties?ln=primefaces&pfdrid=XjOR5%2F%2FfPAZAuY9TpWQeCiM0BhlXxYRBGKi%2FQcXXfeA%3D&pfdrid_c=false HTTP/1.1" 500 383
23.22.35.162 - - [06/Mar/2024:00:57:25 -0500] "GET /BLA/resoluciones/RESOLUCIONES%202007/RES%202007%203901%20AL%204000/RESOLUCION%203975%20DE%202007.pdf HTTP/1.1" 200 703950
201.245.192.253 - - [06/Mar/2024:00:57:27 -0500] "POST /kwsrmcab/Wsrmcab  HTTP/1.1" 200 39632
52.70.240.171 - - [06/Mar/2024:00:57:29 -0500] "GET /BLA/resoluciones/RESOLUCIONES%202007/RES%202007%203901%20AL%204000/RESOLUCION%203974%20DE%202007.pdf HTTP/1.1" 200 418936
3.224.220.101 - - [06/Mar/2024:00:57:33 -0500] "GET /BLA/resoluciones/RESOLUCIONES%202007/RES%202007%203901%20AL%204000/RESOLUCION%203973%20DE%202007.pdf HTTP/1.1" 200 582610
52.70.240.171 - - [06/Mar/2024:00:57:37 -0500] "GET /BLA/resoluciones/RESOLUCIONES%202007/RES%202007%203901%20AL%204000/RESOLUCION%203972%20DE%202007.pdf HTTP/1.1" 200 262182
52.70.240.171 - - [06/Mar/2024:00:57:41 -0500] "GET /BLA/resoluciones/RESOLUCIONES%202007/RES%202007%203901%20AL%204000/RESOLUCION%203971%20DE%202007.pdf HTTP/1.1" 200 206364
23.22.35.162 - - [06/Mar/2024:00:57:45 -0500] "GET /BLA/resoluciones/RESOLUCIONES%202007/RES%202007%203901%20AL%204000/RESOLUCION%203970%20DE%202007.pdf HTTP/1.1" 200 662557
3.224.220.101 - - [06/Mar/2024:00:57:49 -0500] "GET /BLA/resoluciones/RESOLUCIONES%202007/RES%202007%203901%20AL%204000/RESOLUCION%203969%20DE%202007.pdf HTTP/1.1" 200 716930
188.132.150.199 - - [06/Mar/2024:00:57:50 -0500] "GET / HTTP/1.1" 200 319
52.70.240.171 - - [06/Mar/2024:00:57:53 -0500] "GET /BLA/resoluciones/RESOLUCIONES%202007/RES%202007%203901%20AL%204000/RESOLUCION%203968%20DE%202007.pdf HTTP/1.1" 200 249635
3.224.220.101 - - [06/Mar/2024:00:57:57 -0500] "GET /BLA/resoluciones/RESOLUCIONES%202007/RES%202007%203901%20AL%204000/RESOLUCION%203967%20DE%202007.pdf HTTP/1.1" 200 431762
191.107.131.132 - - [06/Mar/2024:00:58:00 -0500] "POST /sipse/faces/presentacion/financiero/solicitudProceso/consultarSolicitudProceso.xhtml HTTP/1.1" 200 46150
191.107.131.132 - - [06/Mar/2024:00:58:01 -0500] "GET /sipse/faces/javax.faces.resource/theme.css?ln=primefaces-sipse HTTP/1.1" 304 -
191.107.131.132 - - [06/Mar/2024:00:58:01 -0500] "GET /sipse/faces/javax.faces.resource/layout/layout.css?ln=primefaces&v=4.0 HTTP/1.1" 304 -
191.107.131.132 - - [06/Mar/2024:00:58:01 -0500] "GET /sipse/faces/javax.faces.resource/primefaces.css?ln=primefaces&v=4.0 HTTP/1.1" 304 -
191.107.131.132 - - [06/Mar/2024:00:58:01 -0500] "GET /sipse/faces/javax.faces.resource/jquery/jquery.js?ln=primefaces&v=4.0 HTTP/1.1" 304 -
191.107.131.132 - - [06/Mar/2024:00:58:01 -0500] "GET /sipse/faces/javax.faces.resource/jquery/jquery-plugins.js?ln=primefaces&v=4.0 HTTP/1.1" 304 -
191.107.131.132 - - [06/Mar/2024:00:58:01 -0500] "GET /sipse/faces/javax.faces.resource/primefaces.js?ln=primefaces&v=4.0 HTTP/1.1" 304 -
191.107.131.132 - - [06/Mar/2024:00:58:01 -0500] "GET /sipse/faces/javax.faces.resource/layout/layout.js?ln=primefaces&v=4.0 HTTP/1.1" 304 -
23.22.35.162 - - [06/Mar/2024:00:58:02 -0500] "GET /BLA/resoluciones/RESOLUCIONES%202007/RES%202007%203901%20AL%204000/RESOLUCION%203966%20DE%202007.pdf HTTP/1.1" 200 723319
3.224.220.101 - - [06/Mar/2024:00:58:05 -0500] "GET /BLA/resoluciones/RESOLUCIONES%202007/RES%202007%203901%20AL%204000/RESOLUCION%203965%20DE%202007.pdf HTTP/1.1" 200 256320
191.107.131.132 - - [06/Mar/2024:00:58:05 -0500] "POST /sipse/faces/presentacion/financiero/estudioPrevio/personalSolicitado/personalSolicitadoSolicitudProceso.xhtml HTTP/1.1" 200 7027
191.107.131.132 - - [06/Mar/2024:00:58:08 -0500] "POST /sipse/faces/presentacion/financiero/estudioPrevio/personalSolicitado/personalSolicitadoSolicitudProceso.xhtml HTTP/1.1" 200 36857
191.107.131.132 - - [06/Mar/2024:00:58:08 -0500] "GET /sipse/faces/javax.faces.resource/primefaces.css?ln=primefaces&v=4.0 HTTP/1.1" 304 -
191.107.131.132 - - [06/Mar/2024:00:58:08 -0500] "GET /sipse/faces/javax.faces.resource/layout/layout.css?ln=primefaces&v=4.0 HTTP/1.1" 304 -
191.107.131.132 - - [06/Mar/2024:00:58:08 -0500] "GET /sipse/faces/javax.faces.resource/theme.css?ln=primefaces-sipse HTTP/1.1" 304 -
191.107.131.132 - - [06/Mar/2024:00:58:08 -0500] "GET /sipse/faces/javax.faces.resource/jquery/jquery.js?ln=primefaces&v=4.0 HTTP/1.1" 304 -
191.107.131.132 - - [06/Mar/2024:00:58:08 -0500] "GET /sipse/faces/javax.faces.resource/jquery/jquery-plugins.js?ln=primefaces&v=4.0 HTTP/1.1" 304 -
191.107.131.132 - - [06/Mar/2024:00:58:08 -0500] "GET /sipse/faces/javax.faces.resource/primefaces.js?ln=primefaces&v=4.0 HTTP/1.1" 304 -
191.107.131.132 - - [06/Mar/2024:00:58:08 -0500] "GET /sipse/faces/javax.faces.resource/layout/layout.js?ln=primefaces&v=4.0 HTTP/1.1" 304 -
52.70.240.171 - - [06/Mar/2024:00:58:11 -0500] "GET /BLA/resoluciones/RESOLUCIONES%202007/RES%202007%203901%20AL%204000/RESOLUCION%203964%20DE%202007.pdf HTTP/1.1" 200 779746
191.107.131.132 - - [06/Mar/2024:00:58:12 -0500] "POST /sipse/faces/presentacion/financiero/estudioPrevio/personalSolicitado/asociarProfesionPersonalSolicitado.xhtml HTTP/1.1" 200 21367
3.224.220.101 - - [06/Mar/2024:00:58:13 -0500] "GET /BLA/resoluciones/RESOLUCIONES%202007/RES%202007%203901%20AL%204000/RESOLUCION%203963%20DE%202007.pdf HTTP/1.1" 200 295247
191.107.131.132 - - [06/Mar/2024:00:58:16 -0500] "POST /sipse/faces/presentacion/financiero/estudioPrevio/personalSolicitado/asociarProfesionPersonalSolicitado.xhtml HTTP/1.1" 200 50832
191.107.131.132 - - [06/Mar/2024:00:58:16 -0500] "GET /sipse/faces/javax.faces.resource/theme.css?ln=primefaces-sipse HTTP/1.1" 304 -
191.107.131.132 - - [06/Mar/2024:00:58:16 -0500] "GET /sipse/faces/javax.faces.resource/primefaces.css?ln=primefaces&v=4.0 HTTP/1.1" 304 -
191.107.131.132 - - [06/Mar/2024:00:58:16 -0500] "GET /sipse/faces/javax.faces.resource/layout/layout.css?ln=primefaces&v=4.0 HTTP/1.1" 304 -
191.107.131.132 - - [06/Mar/2024:00:58:16 -0500] "GET /sipse/faces/javax.faces.resource/jquery/jquery.js?ln=primefaces&v=4.0 HTTP/1.1" 304 -
191.107.131.132 - - [06/Mar/2024:00:58:16 -0500] "GET /sipse/faces/javax.faces.resource/jquery/jquery-plugins.js?ln=primefaces&v=4.0 HTTP/1.1" 304 -
191.107.131.132 - - [06/Mar/2024:00:58:16 -0500] "GET /sipse/faces/javax.faces.resource/primefaces.js?ln=primefaces&v=4.0 HTTP/1.1" 304 -
191.107.131.132 - - [06/Mar/2024:00:58:16 -0500] "GET /sipse/faces/javax.faces.resource/layout/layout.js?ln=primefaces&v=4.0 HTTP/1.1" 304 -
52.70.240.171 - - [06/Mar/2024:00:58:18 -0500] "GET /BLA/resoluciones/RESOLUCIONES%202007/RES%202007%203901%20AL%204000/RESOLUCION%203962%20DE%202007.pdf HTTP/1.1" 200 379847
23.22.35.162 - - [06/Mar/2024:00:58:21 -0500] "GET /BLA/resoluciones/RESOLUCIONES%202007/RES%202007%203901%20AL%204000/RESOLUCION%203961%20DE%202007.pdf HTTP/1.1" 200 212701
186.113.73.243 - - [06/Mar/2024:00:58:23 -0500] "GET /BLA/resoluciones/RESOLUCIONES%202010/6815.pdf HTTP/1.1" 200 1375775
23.22.35.162 - - [06/Mar/2024:00:58:25 -0500] "GET /BLA/resoluciones/RESOLUCIONES%202007/RES%202007%203901%20AL%204000/RESOLUCION%203960%20DE%202007.pdf HTTP/1.1" 200 46203
52.70.240.171 - - [06/Mar/2024:00:58:30 -0500] "GET /BLA/resoluciones/RESOLUCIONES%202007/RES%202007%203901%20AL%204000/RESOLUCION%203959%20DE%202007.pdf HTTP/1.1" 200 160415
23.22.35.162 - - [06/Mar/2024:00:58:33 -0500] "GET /BLA/resoluciones/RESOLUCIONES%202007/RES%202007%203901%20AL%204000/RESOLUCION%203958%20DE%202007.pdf HTTP/1.1" 200 485619
23.22.35.162 - - [06/Mar/2024:00:58:37 -0500] "GET /BLA/resoluciones/RESOLUCIONES%202007/RES%202007%203901%20AL%204000/RESOLUCION%203957%20DE%202007.pdf HTTP/1.1" 200 522966
172.22.2.4 - - [06/Mar/2024:00:57:43 -0500] "GET /BLA/boletinlegal/ HTTP/1.1" 200 36811
52.70.240.171 - - [06/Mar/2024:00:58:41 -0500] "GET /BLA/resoluciones/RESOLUCIONES%202007/RES%202007%203901%20AL%204000/RESOLUCION%203956%20DE%202007.pdf HTTP/1.1" 200 374329
3.224.220.101 - - [06/Mar/2024:00:58:46 -0500] "GET /BLA/resoluciones/RESOLUCIONES%202007/RES%202007%203901%20AL%204000/RESOLUCION%203955%20DE%202007.pdf HTTP/1.1" 200 57976
52.70.240.171 - - [06/Mar/2024:00:58:49 -0500] "GET /BLA/resoluciones/RESOLUCIONES%202007/RES%202007%203901%20AL%204000/RESOLUCION%203954%20DE%202007.pdf HTTP/1.1" 200 397288
3.224.220.101 - - [06/Mar/2024:00:58:53 -0500] "GET /BLA/resoluciones/RESOLUCIONES%202007/RES%202007%203901%20AL%204000/RESOLUCION%203953%20DE%202007.pdf HTTP/1.1" 200 831569
23.22.35.162 - - [06/Mar/2024:00:58:57 -0500] "GET /BLA/resoluciones/RESOLUCIONES%202007/RES%202007%203901%20AL%204000/RESOLUCION%203952%20DE%202007.pdf HTTP/1.1" 200 1060715
23.22.35.162 - - [06/Mar/2024:00:59:01 -0500] "GET /BLA/resoluciones/RESOLUCIONES%202007/RES%202007%203901%20AL%204000/RESOLUCION%203951%20DE%202007.pdf HTTP/1.1" 200 57672
52.70.240.171 - - [06/Mar/2024:00:59:05 -0500] "GET /BLA/resoluciones/RESOLUCIONES%202007/RES%202007%203901%20AL%204000/RESOLUCION%203950%20DE%202007.pdf HTTP/1.1" 200 584420
52.70.240.171 - - [06/Mar/2024:00:59:09 -0500] "GET /BLA/resoluciones/RESOLUCIONES%202007/RES%202007%203901%20AL%204000/RESOLUCION%203949%20DE%202007.pdf HTTP/1.1" 200 438860
23.22.35.162 - - [06/Mar/2024:00:59:13 -0500] "GET /BLA/resoluciones/RESOLUCIONES%202007/RES%202007%203901%20AL%204000/RESOLUCION%203948%20DE%202007.pdf HTTP/1.1" 200 746521
52.167.144.230 - - [06/Mar/2024:00:59:13 -0500] "GET /documents/10184/4405596/servicios-ambientales_optimized.jpeg/b2555334-3d81-4f07-8616-297979dcef81?t=1679675843267 HTTP/1.1" 404 1034
191.107.131.132 - - [06/Mar/2024:00:59:15 -0500] "POST /sipse/faces/presentacion/financiero/estudioPrevio/personalSolicitado/personalSolicitadoSolicitudProceso.xhtml HTTP/1.1" 200 7027
3.224.220.101 - - [06/Mar/2024:00:59:17 -0500] "GET /BLA/resoluciones/RESOLUCIONES%202007/RES%202007%203901%20AL%204000/RESOLUCION%203947%20DE%202007.pdf HTTP/1.1" 200 127298
52.70.240.171 - - [06/Mar/2024:00:59:21 -0500] "GET /BLA/resoluciones/RESOLUCIONES%202007/RES%202007%203901%20AL%204000/RESOLUCION%203946%20DE%202007.pdf HTTP/1.1" 200 281815
52.70.240.171 - - [06/Mar/2024:00:59:25 -0500] "GET /BLA/resoluciones/RESOLUCIONES%202007/RES%202007%203901%20AL%204000/RESOLUCION%203945%20DE%202007.pdf HTTP/1.1" 200 748860
3.224.220.101 - - [06/Mar/2024:00:59:29 -0500] "GET /BLA/resoluciones/RESOLUCIONES%202007/RES%202007%203901%20AL%204000/RESOLUCION%203944%20DE%202007.pdf HTTP/1.1" 200 368132
66.249.66.20 - - [06/Mar/2024:00:59:32 -0500] "GET /BLA/resoluciones/AUTOS%202008/1968.pdf HTTP/1.1" 200 88322
52.70.240.171 - - [06/Mar/2024:00:59:33 -0500] "GET /BLA/resoluciones/RESOLUCIONES%202007/RES%202007%203901%20AL%204000/RESOLUCION%203943%20DE%202007.pdf HTTP/1.1" 200 992885
3.224.220.101 - - [06/Mar/2024:00:59:37 -0500] "GET /BLA/resoluciones/RESOLUCIONES%202007/RES%202007%203901%20AL%204000/RESOLUCION%203942%20DE%202007.pdf HTTP/1.1" 200 544820
23.22.35.162 - - [06/Mar/2024:00:59:41 -0500] "GET /BLA/resoluciones/RESOLUCIONES%202007/RES%202007%203901%20AL%204000/RESOLUCION%203941%20DE%202007.pdf HTTP/1.1" 200 237832
3.224.220.101 - - [06/Mar/2024:00:59:45 -0500] "GET /BLA/resoluciones/RESOLUCIONES%202007/RES%202007%203901%20AL%204000/RESOLUCION%203940%20DE%202007.pdf HTTP/1.1" 200 536377
172.22.2.4 - - [06/Mar/2024:00:58:06 -0500] "HEAD /BLA/boletinlegal/ HTTP/1.1" 200 -
3.224.220.101 - - [06/Mar/2024:00:59:49 -0500] "GET /BLA/resoluciones/RESOLUCIONES%202007/RES%202007%203901%20AL%204000/RESOLUCION%203939%20DE%202007.pdf HTTP/1.1" 200 413296
23.22.35.162 - - [06/Mar/2024:00:59:53 -0500] "GET /BLA/resoluciones/RESOLUCIONES%202007/RES%202007%203901%20AL%204000/RESOLUCION%203938%20DE%202007.pdf HTTP/1.1" 200 283253
23.22.35.162 - - [06/Mar/2024:00:59:58 -0500] "GET /BLA/resoluciones/RESOLUCIONES%202007/RES%202007%203901%20AL%204000/RESOLUCION%203937%20DE%202007.pdf HTTP/1.1" 200 588158
52.70.240.171 - - [06/Mar/2024:01:00:02 -0500] "GET /BLA/resoluciones/RESOLUCIONES%202007/RES%202007%203901%20AL%204000/RESOLUCION%203936%20DE%202007.pdf HTTP/1.1" 200 759674
52.70.240.171 - - [06/Mar/2024:01:00:05 -0500] "GET /BLA/resoluciones/RESOLUCIONES%202007/RES%202007%203901%20AL%204000/RESOLUCION%203935%20DE%202007.pdf HTTP/1.1" 200 290190
23.22.35.162 - - [06/Mar/2024:01:00:09 -0500] "GET /BLA/resoluciones/RESOLUCIONES%202007/RES%202007%203901%20AL%204000/RESOLUCION%203934%20DE%202007.pdf HTTP/1.1" 200 389787
216.245.221.92 - - [06/Mar/2024:01:00:09 -0500] "HEAD / HTTP/1.1" 200 -
3.224.220.101 - - [06/Mar/2024:01:00:13 -0500] "GET /BLA/resoluciones/RESOLUCIONES%202007/RES%202007%203901%20AL%204000/RESOLUCION%203933%20DE%202007.pdf HTTP/1.1" 200 431864
3.224.220.101 - - [06/Mar/2024:01:00:17 -0500] "GET /BLA/resoluciones/RESOLUCIONES%202007/RES%202007%203901%20AL%204000/RESOLUCION%203932%20DE%202007.pdf HTTP/1.1" 200 299022
52.70.240.171 - - [06/Mar/2024:01:00:21 -0500] "GET /BLA/resoluciones/RESOLUCIONES%202007/RES%202007%203901%20AL%204000/RESOLUCION%203931%20DE%202007.pdf HTTP/1.1" 200 425227
23.22.35.162 - - [06/Mar/2024:01:00:25 -0500] "GET /BLA/resoluciones/RESOLUCIONES%202007/RES%202007%203901%20AL%204000/RESOLUCION%203930%20DE%202007.pdf HTTP/1.1" 200 934954
3.224.220.101 - - [06/Mar/2024:01:00:30 -0500] "GET /BLA/resoluciones/RESOLUCIONES%202007/RES%202007%203901%20AL%204000/RESOLUCION%203929%20DE%202007.pdf HTTP/1.1" 200 281834
23.22.35.162 - - [06/Mar/2024:01:00:33 -0500] "GET /BLA/resoluciones/RESOLUCIONES%202007/RES%202007%203901%20AL%204000/RESOLUCION%203928%20DE%202007.pdf HTTP/1.1" 200 711521
66.249.66.21 - - [06/Mar/2024:01:00:36 -0500] "GET /BLA/resoluciones/RESOLUCIONES%202009/8352.pdf HTTP/1.1" 200 481263
172.22.2.4 - - [06/Mar/2024:00:58:57 -0500] "GET /BLA/boletinlegal/ HTTP/1.1" 200 60380
52.70.240.171 - - [06/Mar/2024:01:00:37 -0500] "GET /BLA/resoluciones/RESOLUCIONES%202007/RES%202007%203901%20AL%204000/RESOLUCION%203927%20DE%202007.pdf HTTP/1.1" 200 428905
3.224.220.101 - - [06/Mar/2024:01:00:41 -0500] "GET /BLA/resoluciones/RESOLUCIONES%202007/RES%202007%203901%20AL%204000/RESOLUCION%203926%20DE%202007.pdf HTTP/1.1" 200 398200
52.70.240.171 - - [06/Mar/2024:01:00:45 -0500] "GET /BLA/resoluciones/RESOLUCIONES%202007/RES%202007%203901%20AL%204000/RESOLUCION%203925%20DE%202007.pdf HTTP/1.1" 200 242204
52.70.240.171 - - [06/Mar/2024:01:00:49 -0500] "GET /BLA/resoluciones/RESOLUCIONES%202007/RES%202007%203901%20AL%204000/RESOLUCION%203924%20DE%202007.pdf HTTP/1.1" 200 746334
23.22.35.162 - - [06/Mar/2024:01:00:54 -0500] "GET /BLA/resoluciones/RESOLUCIONES%202007/RES%202007%203901%20AL%204000/RESOLUCION%203923%20DE%202007.pdf HTTP/1.1" 200 280250
23.22.35.162 - - [06/Mar/2024:01:00:57 -0500] "GET /BLA/resoluciones/RESOLUCIONES%202007/RES%202007%203901%20AL%204000/RESOLUCION%203922%20DE%202007.pdf HTTP/1.1" 200 340123
23.22.35.162 - - [06/Mar/2024:01:01:01 -0500] "GET /BLA/resoluciones/RESOLUCIONES%202007/RES%202007%203901%20AL%204000/RESOLUCION%203921%20DE%202007.pdf HTTP/1.1" 200 169607
