181.32.216.15 - - [06/Mar/2024:06:09:21 -0500] "GET /sipse/faces/javax.faces.resource/dynamiccontent.properties?ln=primefaces&pfdrid=XjOR5%2F%2FfPAZAuY9TpWQeCiM0BhlXxYRBGKi%2FQcXXfeA%3D&pfdrid_c=false HTTP/1.1" 500 383
181.61.157.160 - - [06/Mar/2024:06:09:23 -0500] "POST /sipse/faces/presentacion/financiero/solicitudProceso/consultarSolicitudProceso.xhtml HTTP/1.1" 200 5514
52.70.240.171 - - [06/Mar/2024:06:09:32 -0500] "GET /BLA/resoluciones/index.php?dir=RESOLUCIONES%202004/RES%202004%201901-1950/&order=asc&sort=date HTTP/1.1" 200 12350
23.22.35.162 - - [06/Mar/2024:06:09:36 -0500] "GET /BLA/resoluciones/index.php?dir=RESOLUCIONES%202004/RES%202004%201901-1950/&order=desc&sort=date HTTP/1.1" 200 12349
52.70.240.171 - - [06/Mar/2024:06:09:40 -0500] "GET /BLA/resoluciones/index.php?dir=RESOLUCIONES%202004/RES%202004%201901-1950/&order=asc&sort=name HTTP/1.1" 200 12350
172.22.2.4 - - [06/Mar/2024:06:08:06 -0500] "GET /BLA/boletinlegal/ HTTP/1.1" 200 59967
23.22.35.162 - - [06/Mar/2024:06:09:52 -0500] "GET /BLA/resoluciones/index.php?dir=RESOLUCIONES%202004/RES%202004%201901-1950/&order=asc&sort=size HTTP/1.1" 200 12350
52.70.240.171 - - [06/Mar/2024:06:09:56 -0500] "GET /BLA/resoluciones/index.php?dir=RESOLUCIONES%202004/RES%202004%201901-1950/&order=desc&sort=size HTTP/1.1" 200 12349
181.53.13.222 - - [06/Mar/2024:06:09:57 -0500] "GET /sipse/faces/index.xhtml HTTP/1.1" 200 677
3.224.220.101 - - [06/Mar/2024:06:10:00 -0500] "GET /BLA/resoluciones/index.php?dir=RESOLUCIONES%202004/RES%202004%201901-1950/&order=desc&sort=name HTTP/1.1" 200 12349
181.53.13.222 - - [06/Mar/2024:06:10:02 -0500] "GET /sipse/faces/javax.faces.resource/theme.css?ln=primefaces-sipse HTTP/1.1" 304 -
181.53.13.222 - - [06/Mar/2024:06:10:03 -0500] "GET /sipse/faces/faces/autenticacion.xhtml HTTP/1.1" 200 12405
181.53.13.222 - - [06/Mar/2024:06:10:05 -0500] "GET /sipse/css/custom_css_sg_prime_login.css HTTP/1.1" 304 -
181.53.13.222 - - [06/Mar/2024:06:10:05 -0500] "GET /sipse/css/custom_css_sg.css HTTP/1.1" 304 -
181.53.13.222 - - [06/Mar/2024:06:10:05 -0500] "GET /sipse/faces/javax.faces.resource/layout/layout.css?ln=primefaces&v=4.0 HTTP/1.1" 304 -
181.53.13.222 - - [06/Mar/2024:06:10:05 -0500] "GET /sipse/faces/javax.faces.resource/primefaces.css?ln=primefaces&v=4.0 HTTP/1.1" 304 -
181.53.13.222 - - [06/Mar/2024:06:10:05 -0500] "GET /sipse/faces/javax.faces.resource/theme.css?ln=primefaces-sipse HTTP/1.1" 304 -
181.53.13.222 - - [06/Mar/2024:06:10:05 -0500] "GET /sipse/js/disable_browser_buttons.js HTTP/1.1" 304 -
181.53.13.222 - - [06/Mar/2024:06:10:05 -0500] "GET /sipse/faces/javax.faces.resource/jquery/jquery.js?ln=primefaces&v=4.0 HTTP/1.1" 304 -
181.53.13.222 - - [06/Mar/2024:06:10:05 -0500] "GET /sipse/faces/javax.faces.resource/jquery/jquery-plugins.js?ln=primefaces&v=4.0 HTTP/1.1" 304 -
181.53.13.222 - - [06/Mar/2024:06:10:05 -0500] "GET /sipse/faces/javax.faces.resource/primefaces.js?ln=primefaces&v=4.0 HTTP/1.1" 304 -
181.53.13.222 - - [06/Mar/2024:06:10:05 -0500] "GET /sipse/faces/javax.faces.resource/layout/layout.js?ln=primefaces&v=4.0 HTTP/1.1" 304 -
181.53.13.222 - - [06/Mar/2024:06:10:05 -0500] "GET /sipse/js/funciones.js HTTP/1.1" 304 -
181.53.13.222 - - [06/Mar/2024:06:10:05 -0500] "GET /sipse/css/imagen/logoSDG.png HTTP/1.1" 304 -
181.53.13.222 - - [06/Mar/2024:06:10:05 -0500] "GET /sipse/css/imagen/loginimg.png HTTP/1.1" 304 -
181.53.13.222 - - [06/Mar/2024:06:10:05 -0500] "GET /sipse/faces/javax.faces.resource/images/ui-icons_898989_256x240.png?ln=primefaces-aristo HTTP/1.1" 304 -
216.245.221.92 - - [06/Mar/2024:06:10:08 -0500] "HEAD / HTTP/1.1" 200 -
3.224.220.101 - - [06/Mar/2024:06:10:12 -0500] "GET /BLA/resoluciones/index.php?dir=RESOLUCIONES%202004/RES%202004%201851-1900/ HTTP/1.1" 200 12369
3.224.220.101 - - [06/Mar/2024:06:10:16 -0500] "GET /BLA/resoluciones/RESOLUCIONES%202004/RES%202004%201851-1900/INDEX.DAT HTTP/1.1" 200 2000
23.22.35.162 - - [06/Mar/2024:06:10:24 -0500] "GET /BLA/resoluciones/index.php?dir=RESOLUCIONES%202004/RES%202004%201851-1900/&order=asc&sort=date HTTP/1.1" 200 12369
201.245.192.253 - - [06/Mar/2024:06:10:21 -0500] "POST /kwsrmcab/Wsrmcab  HTTP/1.1" 200 39632
3.224.220.101 - - [06/Mar/2024:06:10:28 -0500] "GET /BLA/resoluciones/index.php?dir=RESOLUCIONES%202004/RES%202004%201851-1900/&order=desc&sort=date HTTP/1.1" 200 12368
52.70.240.171 - - [06/Mar/2024:06:10:32 -0500] "GET /BLA/resoluciones/index.php?dir=RESOLUCIONES%202004/RES%202004%201851-1900/&order=asc&sort=name HTTP/1.1" 200 12369
181.61.157.160 - - [06/Mar/2024:06:10:35 -0500] "POST /sipse/faces/presentacion/financiero/solicitudProceso/consultarSolicitudProceso.xhtml HTTP/1.1" 200 5525
181.61.157.160 - - [06/Mar/2024:06:10:35 -0500] "GET /sipse/faces/javax.faces.resource/dynamiccontent.properties?ln=primefaces&pfdrid=XjOR5%2F%2FfPAZAuY9TpWQeCiM0BhlXxYRBGKi%2FQcXXfeA%3D&pfdrid_c=false HTTP/1.1" 200 120492
52.70.240.171 - - [06/Mar/2024:06:10:36 -0500] "GET /BLA/resoluciones/index.php?dir=RESOLUCIONES%202004/RES%202004%201851-1900/&order=asc&sort=size HTTP/1.1" 200 12369
52.70.240.171 - - [06/Mar/2024:06:10:41 -0500] "GET /BLA/resoluciones/index.php?dir=RESOLUCIONES%202004/RES%202004%201851-1900/&order=desc&sort=size HTTP/1.1" 200 12368
172.22.2.4 - - [06/Mar/2024:06:10:46 -0500] "GET /BLA/boletinlegal/normativa.php HTTP/1.1" 200 8397
181.32.216.15 - - [06/Mar/2024:06:10:46 -0500] "POST /sipse/faces/presentacion/financiero/solicitudProceso/consultarSolicitudProceso.xhtml HTTP/1.1" 200 67522
181.32.216.15 - - [06/Mar/2024:06:10:47 -0500] "GET /sipse/faces/javax.faces.resource/theme.css?ln=primefaces-sipse HTTP/1.1" 304 -
181.32.216.15 - - [06/Mar/2024:06:10:47 -0500] "GET /sipse/faces/javax.faces.resource/primefaces.css?ln=primefaces&v=4.0 HTTP/1.1" 304 -
181.32.216.15 - - [06/Mar/2024:06:10:47 -0500] "GET /sipse/faces/javax.faces.resource/jquery/jquery-plugins.js?ln=primefaces&v=4.0 HTTP/1.1" 304 -
181.32.216.15 - - [06/Mar/2024:06:10:47 -0500] "GET /sipse/faces/javax.faces.resource/primefaces.js?ln=primefaces&v=4.0 HTTP/1.1" 304 -
181.32.216.15 - - [06/Mar/2024:06:10:47 -0500] "GET /sipse/faces/javax.faces.resource/jquery/jquery.js?ln=primefaces&v=4.0 HTTP/1.1" 304 -
181.32.216.15 - - [06/Mar/2024:06:10:47 -0500] "GET /sipse/faces/javax.faces.resource/layout/layout.css?ln=primefaces&v=4.0 HTTP/1.1" 304 -
181.32.216.15 - - [06/Mar/2024:06:10:47 -0500] "GET /sipse/faces/javax.faces.resource/layout/layout.js?ln=primefaces&v=4.0 HTTP/1.1" 304 -
181.32.216.15 - - [06/Mar/2024:06:10:47 -0500] "POST /sipse/faces/presentacion/financiero/solicitudProceso/listarSolicitudProceso.xhtml HTTP/1.1" 200 1556
181.32.216.15 - - [06/Mar/2024:06:10:47 -0500] "POST /sipse/faces/presentacion/financiero/solicitudProceso/listarSolicitudProceso.xhtml HTTP/1.1" 200 1552
23.22.35.162 - - [06/Mar/2024:06:10:48 -0500] "GET /BLA/resoluciones/index.php?dir=RESOLUCIONES%202004/RES%202004%201851-1900/&order=desc&sort=name HTTP/1.1" 200 12368
181.61.157.160 - - [06/Mar/2024:06:10:54 -0500] "POST /sipse/faces/presentacion/financiero/solicitudProceso/consultarSolicitudProceso.xhtml HTTP/1.1" 200 546223
181.61.157.160 - - [06/Mar/2024:06:10:56 -0500] "POST /sipse/faces/presentacion/financiero/solicitudProceso/consultarSolicitudProceso.xhtml HTTP/1.1" 200 2141677
181.61.157.160 - - [06/Mar/2024:06:10:57 -0500] "POST /sipse/faces/presentacion/financiero/solicitudProceso/consultarSolicitudProceso.xhtml HTTP/1.1" 200 1316101
181.61.157.160 - - [06/Mar/2024:06:10:59 -0500] "POST /sipse/faces/presentacion/financiero/solicitudProceso/consultarSolicitudProceso.xhtml HTTP/1.1" 200 1904788
3.224.220.101 - - [06/Mar/2024:06:11:00 -0500] "GET /BLA/resoluciones/index.php?dir=RESOLUCIONES%202004/RES%202004%201801-1850/ HTTP/1.1" 200 12358
52.70.240.171 - - [06/Mar/2024:06:11:04 -0500] "GET /BLA/resoluciones/RESOLUCIONES%202004/RES%202004%201801-1850/INDEX.DAT HTTP/1.1" 200 2000
181.61.157.160 - - [06/Mar/2024:06:11:00 -0500] "POST /sipse/faces/presentacion/financiero/solicitudProceso/consultarSolicitudProceso.xhtml HTTP/1.1" 200 3066501
181.61.157.160 - - [06/Mar/2024:06:11:05 -0500] "POST /sipse/faces/presentacion/financiero/solicitudProceso/consultarSolicitudProceso.xhtml HTTP/1.1" 200 82544
181.61.157.160 - - [06/Mar/2024:06:11:03 -0500] "POST /sipse/faces/presentacion/financiero/solicitudProceso/consultarSolicitudProceso.xhtml HTTP/1.1" 200 1928888
181.61.157.160 - - [06/Mar/2024:06:11:06 -0500] "POST /sipse/faces/presentacion/financiero/solicitudProceso/consultarSolicitudProceso.xhtml HTTP/1.1" 200 100504
3.224.220.101 - - [06/Mar/2024:06:11:08 -0500] "GET /BLA/resoluciones/index.php?dir=RESOLUCIONES%202004/RES%202004%201801-1850/&order=asc&sort=date HTTP/1.1" 200 12358
23.22.35.162 - - [06/Mar/2024:06:11:12 -0500] "GET /BLA/resoluciones/index.php?dir=RESOLUCIONES%202004/RES%202004%201801-1850/&order=desc&sort=date HTTP/1.1" 200 12357
3.224.220.101 - - [06/Mar/2024:06:11:20 -0500] "GET /BLA/resoluciones/index.php?dir=RESOLUCIONES%202004/RES%202004%201801-1850/&order=asc&sort=name HTTP/1.1" 200 12358
181.32.216.15 - - [06/Mar/2024:06:11:21 -0500] "POST /sipse/faces/presentacion/financiero/solicitudProceso/listarSolicitudProceso.xhtml HTTP/1.1" 200 59177
181.32.216.15 - - [06/Mar/2024:06:11:21 -0500] "GET /sipse/faces/javax.faces.resource/theme.css?ln=primefaces-sipse HTTP/1.1" 304 -
181.32.216.15 - - [06/Mar/2024:06:11:21 -0500] "GET /sipse/faces/javax.faces.resource/primefaces.css?ln=primefaces&v=4.0 HTTP/1.1" 304 -
181.32.216.15 - - [06/Mar/2024:06:11:21 -0500] "GET /sipse/faces/javax.faces.resource/layout/layout.css?ln=primefaces&v=4.0 HTTP/1.1" 304 -
181.32.216.15 - - [06/Mar/2024:06:11:21 -0500] "GET /sipse/faces/javax.faces.resource/jquery/jquery.js?ln=primefaces&v=4.0 HTTP/1.1" 304 -
181.32.216.15 - - [06/Mar/2024:06:11:21 -0500] "GET /sipse/faces/javax.faces.resource/jquery/jquery-plugins.js?ln=primefaces&v=4.0 HTTP/1.1" 304 -
181.32.216.15 - - [06/Mar/2024:06:11:21 -0500] "GET /sipse/faces/javax.faces.resource/primefaces.js?ln=primefaces&v=4.0 HTTP/1.1" 304 -
181.32.216.15 - - [06/Mar/2024:06:11:21 -0500] "GET /sipse/faces/javax.faces.resource/layout/layout.js?ln=primefaces&v=4.0 HTTP/1.1" 304 -
181.32.216.15 - - [06/Mar/2024:06:11:24 -0500] "POST /sipse/faces/presentacion/financiero/solicitudProceso/crearModificarSolicitudProceso.xhtml HTTP/1.1" 200 51773
3.224.220.101 - - [06/Mar/2024:06:11:24 -0500] "GET /BLA/resoluciones/index.php?dir=RESOLUCIONES%202004/RES%202004%201801-1850/&order=asc&sort=size HTTP/1.1" 200 12358
23.22.35.162 - - [06/Mar/2024:06:11:28 -0500] "GET /BLA/resoluciones/index.php?dir=RESOLUCIONES%202004/RES%202004%201801-1850/&order=desc&sort=size HTTP/1.1" 200 12357
181.32.216.15 - - [06/Mar/2024:06:11:29 -0500] "POST /sipse/faces/presentacion/financiero/solicitudProceso/crearModificarSolicitudProceso.xhtml HTTP/1.1" 200 25138
3.224.220.101 - - [06/Mar/2024:06:11:36 -0500] "GET /BLA/resoluciones/index.php?dir=RESOLUCIONES%202004/RES%202004%201801-1850/&order=desc&sort=name HTTP/1.1" 200 12357
181.32.216.15 - - [06/Mar/2024:06:11:36 -0500] "POST /sipse/faces/presentacion/financiero/solicitudProceso/crearModificarSolicitudProceso.xhtml HTTP/1.1" 200 6307
40.77.167.54 - - [06/Mar/2024:06:11:37 -0500] "GET /BLA/resoluciones/RESOLUCIONES%202021/5114.pdf HTTP/1.1" 304 -
3.224.220.101 - - [06/Mar/2024:06:11:40 -0500] "GET /BLA/resoluciones/index.php?dir=RESOLUCIONES%202004/RES%202004%201751-1800/ HTTP/1.1" 200 12363
23.22.35.162 - - [06/Mar/2024:06:11:44 -0500] "GET /BLA/resoluciones/RESOLUCIONES%202004/RES%202004%201751-1800/INDEX.DAT HTTP/1.1" 200 2000
181.32.216.15 - - [06/Mar/2024:06:11:47 -0500] "POST /sipse/faces/presentacion/financiero/solicitudProceso/crearModificarSolicitudProceso.xhtml HTTP/1.1" 200 10247
52.70.240.171 - - [06/Mar/2024:06:11:48 -0500] "GET /BLA/resoluciones/index.php?dir=RESOLUCIONES%202004/RES%202004%201751-1800/&order=asc&sort=date HTTP/1.1" 200 12363
3.224.220.101 - - [06/Mar/2024:06:11:52 -0500] "GET /BLA/resoluciones/index.php?dir=RESOLUCIONES%202004/RES%202004%201751-1800/&order=desc&sort=date HTTP/1.1" 200 12362
181.32.216.15 - - [06/Mar/2024:06:11:54 -0500] "POST /sipse/faces/presentacion/financiero/solicitudProceso/crearModificarSolicitudProceso.xhtml HTTP/1.1" 200 7378
23.22.35.162 - - [06/Mar/2024:06:12:08 -0500] "GET /BLA/resoluciones/index.php?dir=RESOLUCIONES%202004/RES%202004%201751-1800/&order=asc&sort=name HTTP/1.1" 200 12363
23.22.35.162 - - [06/Mar/2024:06:12:12 -0500] "GET /BLA/resoluciones/index.php?dir=RESOLUCIONES%202004/RES%202004%201751-1800/&order=asc&sort=size HTTP/1.1" 200 12363
181.32.216.15 - - [06/Mar/2024:06:12:13 -0500] "POST /sipse/faces/presentacion/financiero/solicitudProceso/crearModificarSolicitudProceso.xhtml HTTP/1.1" 200 24673
181.32.216.15 - - [06/Mar/2024:06:12:14 -0500] "GET /sipse/faces/javax.faces.resource/theme.css?ln=primefaces-sipse HTTP/1.1" 304 -
181.32.216.15 - - [06/Mar/2024:06:12:14 -0500] "GET /sipse/faces/javax.faces.resource/primefaces.css?ln=primefaces&v=4.0 HTTP/1.1" 304 -
181.32.216.15 - - [06/Mar/2024:06:12:14 -0500] "GET /sipse/faces/javax.faces.resource/jquery/jquery-plugins.js?ln=primefaces&v=4.0 HTTP/1.1" 304 -
181.32.216.15 - - [06/Mar/2024:06:12:14 -0500] "GET /sipse/faces/javax.faces.resource/jquery/jquery.js?ln=primefaces&v=4.0 HTTP/1.1" 304 -
181.32.216.15 - - [06/Mar/2024:06:12:14 -0500] "GET /sipse/faces/javax.faces.resource/primefaces.js?ln=primefaces&v=4.0 HTTP/1.1" 304 -
181.32.216.15 - - [06/Mar/2024:06:12:14 -0500] "GET /sipse/faces/javax.faces.resource/layout/layout.css?ln=primefaces&v=4.0 HTTP/1.1" 304 -
181.32.216.15 - - [06/Mar/2024:06:12:14 -0500] "GET /sipse/faces/javax.faces.resource/layout/layout.js?ln=primefaces&v=4.0 HTTP/1.1" 304 -
181.53.13.222 - - [06/Mar/2024:06:12:14 -0500] "POST /sipse/faces/autenticacion.xhtml HTTP/1.1" 200 2220
181.53.13.222 - - [06/Mar/2024:06:12:14 -0500] "GET /sipse/faces/javax.faces.resource/messages/messages.png?ln=primefaces&v=4.0 HTTP/1.1" 304 -
181.53.13.222 - - [06/Mar/2024:06:12:16 -0500] "POST /sipse/faces/autenticacion.xhtml HTTP/1.1" 200 16473
181.53.13.222 - - [06/Mar/2024:06:12:16 -0500] "GET /sipse/css/custom_css_sg_prime.css HTTP/1.1" 304 -
181.53.13.222 - - [06/Mar/2024:06:12:16 -0500] "GET /sipse/faces/javax.faces.resource/primefaces.css?ln=primefaces&v=4.0 HTTP/1.1" 304 -
181.53.13.222 - - [06/Mar/2024:06:12:16 -0500] "GET /sipse/js/jquery.min.js HTTP/1.1" 304 -
181.53.13.222 - - [06/Mar/2024:06:12:16 -0500] "GET /sipse/faces/javax.faces.resource/theme.css?ln=primefaces-sipse HTTP/1.1" 304 -
181.53.13.222 - - [06/Mar/2024:06:12:16 -0500] "GET /sipse/faces/javax.faces.resource/layout/layout.css?ln=primefaces&v=4.0 HTTP/1.1" 304 -
181.53.13.222 - - [06/Mar/2024:06:12:16 -0500] "GET /sipse/faces/javax.faces.resource/jquery/jquery.js?ln=primefaces&v=4.0 HTTP/1.1" 304 -
181.53.13.222 - - [06/Mar/2024:06:12:16 -0500] "GET /sipse/faces/javax.faces.resource/jquery/jquery-plugins.js?ln=primefaces&v=4.0 HTTP/1.1" 304 -
181.53.13.222 - - [06/Mar/2024:06:12:16 -0500] "GET /sipse/faces/javax.faces.resource/primefaces.js?ln=primefaces&v=4.0 HTTP/1.1" 304 -
181.53.13.222 - - [06/Mar/2024:06:12:16 -0500] "GET /sipse/faces/javax.faces.resource/layout/layout.js?ln=primefaces&v=4.0 HTTP/1.1" 304 -
181.53.13.222 - - [06/Mar/2024:06:12:16 -0500] "GET /sipse/css/v_mergente.css HTTP/1.1" 304 -
181.53.13.222 - - [06/Mar/2024:06:12:16 -0500] "GET /sipse/imagenes/cargando.gif HTTP/1.1" 304 -
181.53.13.222 - - [06/Mar/2024:06:12:16 -0500] "GET /sipse/imagenes/logoAplicacion.jpg HTTP/1.1" 304 -
181.53.13.222 - - [06/Mar/2024:06:12:16 -0500] "GET /sipse/css/imagen/contrasena.png HTTP/1.1" 404 383
181.53.13.222 - - [06/Mar/2024:06:12:19 -0500] "GET /sipse/faces/javax.faces.resource/images/ui-bg_flat_0_2d5972_40x100.png?ln=primefaces-aristo HTTP/1.1" 304 -
181.53.13.222 - - [06/Mar/2024:06:12:19 -0500] "POST /sipse/faces/bienvenido.xhtml HTTP/1.1" 200 2658
181.32.216.15 - - [06/Mar/2024:06:12:21 -0500] "POST /sipse/faces/presentacion/financiero/solicitudProyectoActividad/asociarProyectoSolicitud.xhtml HTTP/1.1" 200 6543
23.22.35.162 - - [06/Mar/2024:06:12:24 -0500] "GET /BLA/resoluciones/index.php?dir=RESOLUCIONES%202004/RES%202004%201751-1800/&order=desc&sort=size HTTP/1.1" 200 12362
181.53.13.222 - - [06/Mar/2024:06:12:20 -0500] "POST /sipse/faces/bienvenido.xhtml HTTP/1.1" 200 65561
181.53.13.222 - - [06/Mar/2024:06:12:25 -0500] "GET /sipse/faces/javax.faces.resource/theme.css?ln=primefaces-sipse HTTP/1.1" 304 -
181.53.13.222 - - [06/Mar/2024:06:12:25 -0500] "GET /sipse/faces/javax.faces.resource/primefaces.css?ln=primefaces&v=4.0 HTTP/1.1" 304 -
181.53.13.222 - - [06/Mar/2024:06:12:25 -0500] "GET /sipse/faces/javax.faces.resource/layout/layout.css?ln=primefaces&v=4.0 HTTP/1.1" 304 -
181.53.13.222 - - [06/Mar/2024:06:12:25 -0500] "GET /sipse/faces/javax.faces.resource/jquery/jquery.js?ln=primefaces&v=4.0 HTTP/1.1" 304 -
181.53.13.222 - - [06/Mar/2024:06:12:25 -0500] "GET /sipse/faces/javax.faces.resource/jquery/jquery-plugins.js?ln=primefaces&v=4.0 HTTP/1.1" 304 -
181.53.13.222 - - [06/Mar/2024:06:12:25 -0500] "GET /sipse/faces/javax.faces.resource/primefaces.js?ln=primefaces&v=4.0 HTTP/1.1" 304 -
181.53.13.222 - - [06/Mar/2024:06:12:25 -0500] "GET /sipse/faces/javax.faces.resource/layout/layout.js?ln=primefaces&v=4.0 HTTP/1.1" 304 -
181.32.216.15 - - [06/Mar/2024:06:12:25 -0500] "POST /sipse/faces/presentacion/financiero/solicitudProyectoActividad/asociarProyectoSolicitud.xhtml HTTP/1.1" 200 1696
181.32.216.15 - - [06/Mar/2024:06:12:26 -0500] "POST /sipse/faces/presentacion/financiero/solicitudProyectoActividad/asociarProyectoSolicitud.xhtml HTTP/1.1" 200 75079
181.32.216.15 - - [06/Mar/2024:06:12:27 -0500] "GET /sipse/faces/javax.faces.resource/primefaces.css?ln=primefaces&v=4.0 HTTP/1.1" 304 -
181.32.216.15 - - [06/Mar/2024:06:12:27 -0500] "GET /sipse/faces/javax.faces.resource/theme.css?ln=primefaces-sipse HTTP/1.1" 304 -
181.32.216.15 - - [06/Mar/2024:06:12:27 -0500] "GET /sipse/faces/javax.faces.resource/layout/layout.css?ln=primefaces&v=4.0 HTTP/1.1" 304 -
181.32.216.15 - - [06/Mar/2024:06:12:27 -0500] "GET /sipse/faces/javax.faces.resource/jquery/jquery.js?ln=primefaces&v=4.0 HTTP/1.1" 304 -
181.32.216.15 - - [06/Mar/2024:06:12:27 -0500] "GET /sipse/faces/javax.faces.resource/jquery/jquery-plugins.js?ln=primefaces&v=4.0 HTTP/1.1" 304 -
181.32.216.15 - - [06/Mar/2024:06:12:27 -0500] "GET /sipse/faces/javax.faces.resource/primefaces.js?ln=primefaces&v=4.0 HTTP/1.1" 304 -
181.32.216.15 - - [06/Mar/2024:06:12:27 -0500] "GET /sipse/faces/javax.faces.resource/layout/layout.js?ln=primefaces&v=4.0 HTTP/1.1" 304 -
3.224.220.101 - - [06/Mar/2024:06:12:28 -0500] "GET /BLA/resoluciones/index.php?dir=RESOLUCIONES%202004/RES%202004%201751-1800/&order=desc&sort=name HTTP/1.1" 200 12362
181.53.13.222 - - [06/Mar/2024:06:12:26 -0500] "POST /sipse/faces/presentacion/financiero/solicitudProceso/listarSolicitudProceso.xhtml HTTP/1.1" 200 1556
181.53.13.222 - - [06/Mar/2024:06:12:31 -0500] "POST /sipse/faces/presentacion/financiero/solicitudProceso/listarSolicitudProceso.xhtml HTTP/1.1" 200 18845
181.32.216.15 - - [06/Mar/2024:06:12:33 -0500] "POST /sipse/faces/presentacion/financiero/solicitudProyectoActividad/asociarActividadSolicitud.xhtml HTTP/1.1" 200 20187
181.32.216.15 - - [06/Mar/2024:06:12:33 -0500] "GET /sipse/faces/javax.faces.resource/theme.css?ln=primefaces-sipse HTTP/1.1" 304 -
181.32.216.15 - - [06/Mar/2024:06:12:33 -0500] "GET /sipse/faces/javax.faces.resource/primefaces.css?ln=primefaces&v=4.0 HTTP/1.1" 304 -
181.32.216.15 - - [06/Mar/2024:06:12:33 -0500] "GET /sipse/faces/javax.faces.resource/layout/layout.css?ln=primefaces&v=4.0 HTTP/1.1" 304 -
181.32.216.15 - - [06/Mar/2024:06:12:33 -0500] "GET /sipse/faces/javax.faces.resource/jquery/jquery.js?ln=primefaces&v=4.0 HTTP/1.1" 304 -
181.32.216.15 - - [06/Mar/2024:06:12:33 -0500] "GET /sipse/faces/javax.faces.resource/jquery/jquery-plugins.js?ln=primefaces&v=4.0 HTTP/1.1" 304 -
181.32.216.15 - - [06/Mar/2024:06:12:33 -0500] "GET /sipse/faces/javax.faces.resource/primefaces.js?ln=primefaces&v=4.0 HTTP/1.1" 304 -
181.32.216.15 - - [06/Mar/2024:06:12:33 -0500] "GET /sipse/faces/javax.faces.resource/layout/layout.js?ln=primefaces&v=4.0 HTTP/1.1" 304 -
23.22.35.162 - - [06/Mar/2024:06:12:33 -0500] "GET /BLA/resoluciones/index.php?dir=RESOLUCIONES%202004/RES%202004%201701-1750/ HTTP/1.1" 200 12358
23.22.35.162 - - [06/Mar/2024:06:12:36 -0500] "GET /BLA/resoluciones/RESOLUCIONES%202004/RES%202004%201701-1750/INDEX.DAT HTTP/1.1" 200 2000
181.53.13.222 - - [06/Mar/2024:06:12:36 -0500] "POST /sipse/faces/presentacion/financiero/solicitudProceso/listarSolicitudProceso.xhtml HTTP/1.1" 200 48316
181.53.13.222 - - [06/Mar/2024:06:12:37 -0500] "POST /sipse/faces/presentacion/financiero/solicitudProceso/listarSolicitudProceso.xhtml HTTP/1.1" 200 48589
181.32.216.15 - - [06/Mar/2024:06:12:46 -0500] "GET /sipse/faces/javax.faces.resource/theme.css?ln=primefaces-sipse HTTP/1.1" 304 -
181.32.216.15 - - [06/Mar/2024:06:12:46 -0500] "GET /sipse/faces/javax.faces.resource/primefaces.css?ln=primefaces&v=4.0 HTTP/1.1" 304 -
181.32.216.15 - - [06/Mar/2024:06:12:46 -0500] "POST /sipse/faces/presentacion/financiero/solicitudProyectoActividad/asociarFuentesSolicitud.xhtml HTTP/1.1" 200 83239
181.32.216.15 - - [06/Mar/2024:06:12:46 -0500] "GET /sipse/faces/javax.faces.resource/layout/layout.css?ln=primefaces&v=4.0 HTTP/1.1" 304 -
181.32.216.15 - - [06/Mar/2024:06:12:46 -0500] "GET /sipse/faces/javax.faces.resource/primefaces.js?ln=primefaces&v=4.0 HTTP/1.1" 304 -
181.32.216.15 - - [06/Mar/2024:06:12:46 -0500] "GET /sipse/faces/javax.faces.resource/layout/layout.js?ln=primefaces&v=4.0 HTTP/1.1" 304 -
181.32.216.15 - - [06/Mar/2024:06:12:46 -0500] "GET /sipse/faces/javax.faces.resource/jquery/jquery.js?ln=primefaces&v=4.0 HTTP/1.1" 304 -
181.32.216.15 - - [06/Mar/2024:06:12:46 -0500] "GET /sipse/faces/javax.faces.resource/jquery/jquery-plugins.js?ln=primefaces&v=4.0 HTTP/1.1" 304 -
23.22.35.162 - - [06/Mar/2024:06:12:52 -0500] "GET /BLA/resoluciones/index.php?dir=RESOLUCIONES%202004/RES%202004%201701-1750/&order=asc&sort=date HTTP/1.1" 200 12358
181.53.13.222 - - [06/Mar/2024:06:12:52 -0500] "POST /sipse/faces/presentacion/financiero/solicitudProceso/listarSolicitudProceso.xhtml HTTP/1.1" 200 21997
3.224.220.101 - - [06/Mar/2024:06:12:56 -0500] "GET /BLA/resoluciones/index.php?dir=RESOLUCIONES%202004/RES%202004%201701-1750/&order=desc&sort=date HTTP/1.1" 200 12357
181.32.216.15 - - [06/Mar/2024:06:12:51 -0500] "POST /sipse/faces/presentacion/financiero/solicitudProceso/crearModificarSolicitudProceso.xhtml HTTP/1.1" 200 45626
181.32.216.15 - - [06/Mar/2024:06:13:01 -0500] "GET /sipse/faces/javax.faces.resource/theme.css?ln=primefaces-sipse HTTP/1.1" 304 -
181.32.216.15 - - [06/Mar/2024:06:13:01 -0500] "GET /sipse/faces/javax.faces.resource/primefaces.css?ln=primefaces&v=4.0 HTTP/1.1" 304 -
181.32.216.15 - - [06/Mar/2024:06:13:01 -0500] "GET /sipse/faces/javax.faces.resource/layout/layout.css?ln=primefaces&v=4.0 HTTP/1.1" 304 -
181.32.216.15 - - [06/Mar/2024:06:13:01 -0500] "GET /sipse/faces/javax.faces.resource/jquery/jquery.js?ln=primefaces&v=4.0 HTTP/1.1" 304 -
181.32.216.15 - - [06/Mar/2024:06:13:01 -0500] "GET /sipse/faces/javax.faces.resource/jquery/jquery-plugins.js?ln=primefaces&v=4.0 HTTP/1.1" 304 -
181.32.216.15 - - [06/Mar/2024:06:13:01 -0500] "GET /sipse/faces/javax.faces.resource/primefaces.js?ln=primefaces&v=4.0 HTTP/1.1" 304 -
181.32.216.15 - - [06/Mar/2024:06:13:01 -0500] "GET /sipse/faces/javax.faces.resource/layout/layout.js?ln=primefaces&v=4.0 HTTP/1.1" 304 -
181.53.13.222 - - [06/Mar/2024:06:12:59 -0500] "POST /sipse/faces/presentacion/financiero/solicitudProceso/listarSolicitudProceso.xhtml HTTP/1.1" 200 151803
181.53.13.222 - - [06/Mar/2024:06:13:01 -0500] "GET /sipse/faces/javax.faces.resource/layout/layout.css?ln=primefaces&v=4.0 HTTP/1.1" 304 -
181.53.13.222 - - [06/Mar/2024:06:13:01 -0500] "GET /sipse/faces/javax.faces.resource/theme.css?ln=primefaces-sipse HTTP/1.1" 304 -
181.53.13.222 - - [06/Mar/2024:06:13:01 -0500] "GET /sipse/faces/javax.faces.resource/primefaces.css?ln=primefaces&v=4.0 HTTP/1.1" 304 -
181.53.13.222 - - [06/Mar/2024:06:13:01 -0500] "GET /sipse/faces/javax.faces.resource/jquery/jquery.js?ln=primefaces&v=4.0 HTTP/1.1" 304 -
181.53.13.222 - - [06/Mar/2024:06:13:01 -0500] "GET /sipse/faces/javax.faces.resource/jquery/jquery-plugins.js?ln=primefaces&v=4.0 HTTP/1.1" 304 -
181.53.13.222 - - [06/Mar/2024:06:13:01 -0500] "GET /sipse/faces/javax.faces.resource/primefaces.js?ln=primefaces&v=4.0 HTTP/1.1" 304 -
181.53.13.222 - - [06/Mar/2024:06:13:02 -0500] "GET /sipse/faces/javax.faces.resource/layout/layout.js?ln=primefaces&v=4.0 HTTP/1.1" 304 -
181.53.13.222 - - [06/Mar/2024:06:13:02 -0500] "GET /sipse/faces/javax.faces.resource/dynamiccontent.properties?ln=primefaces&pfdrid=XjOR5%2F%2FfPAZAuY9TpWQeCiM0BhlXxYRBGKi%2FQcXXfeA%3D&pfdrid_c=false HTTP/1.1" 500 383
52.70.240.171 - - [06/Mar/2024:06:13:06 -0500] "GET /BLA/resoluciones/index.php?dir=RESOLUCIONES%202004/RES%202004%201701-1750/&order=asc&sort=name HTTP/1.1" 200 12358
3.224.220.101 - - [06/Mar/2024:06:13:08 -0500] "GET /BLA/resoluciones/index.php?dir=RESOLUCIONES%202004/RES%202004%201701-1750/&order=asc&sort=size HTTP/1.1" 200 12358
181.53.13.222 - - [06/Mar/2024:06:13:10 -0500] "POST /sipse/faces/presentacion/financiero/solicitudProceso/consultarSolicitudProceso.xhtml HTTP/1.1" 200 78061
23.22.35.162 - - [06/Mar/2024:06:13:20 -0500] "GET /BLA/resoluciones/index.php?dir=RESOLUCIONES%202004/RES%202004%201701-1750/&order=desc&sort=size HTTP/1.1" 200 12357
181.32.216.15 - - [06/Mar/2024:06:13:03 -0500] "POST /sipse/faces/presentacion/financiero/solicitudBienServicio/asociarBienServicioSolicitud.xhtml HTTP/1.1" 200 2720
181.32.216.15 - - [06/Mar/2024:06:13:23 -0500] "POST /sipse/faces/presentacion/financiero/solicitudBienServicio/asociarBienServicioSolicitud.xhtml HTTP/1.1" 200 78939
181.32.216.15 - - [06/Mar/2024:06:13:23 -0500] "GET /sipse/faces/javax.faces.resource/theme.css?ln=primefaces-sipse HTTP/1.1" 304 -
181.32.216.15 - - [06/Mar/2024:06:13:23 -0500] "GET /sipse/faces/javax.faces.resource/layout/layout.css?ln=primefaces&v=4.0 HTTP/1.1" 304 -
181.32.216.15 - - [06/Mar/2024:06:13:23 -0500] "GET /sipse/faces/javax.faces.resource/primefaces.css?ln=primefaces&v=4.0 HTTP/1.1" 304 -
181.32.216.15 - - [06/Mar/2024:06:13:23 -0500] "GET /sipse/faces/javax.faces.resource/jquery/jquery.js?ln=primefaces&v=4.0 HTTP/1.1" 304 -
181.32.216.15 - - [06/Mar/2024:06:13:23 -0500] "GET /sipse/faces/javax.faces.resource/jquery/jquery-plugins.js?ln=primefaces&v=4.0 HTTP/1.1" 304 -
181.32.216.15 - - [06/Mar/2024:06:13:23 -0500] "GET /sipse/faces/javax.faces.resource/primefaces.js?ln=primefaces&v=4.0 HTTP/1.1" 304 -
181.32.216.15 - - [06/Mar/2024:06:13:23 -0500] "GET /sipse/faces/javax.faces.resource/layout/layout.js?ln=primefaces&v=4.0 HTTP/1.1" 304 -
52.70.240.171 - - [06/Mar/2024:06:13:28 -0500] "GET /BLA/resoluciones/index.php?dir=RESOLUCIONES%202004/RES%202004%201701-1750/&order=desc&sort=name HTTP/1.1" 200 12357
181.32.216.15 - - [06/Mar/2024:06:13:37 -0500] "POST /sipse/faces/presentacion/financiero/solicitudProceso/crearModificarSolicitudProceso.xhtml HTTP/1.1" 200 64030
181.32.216.15 - - [06/Mar/2024:06:13:39 -0500] "GET /sipse/faces/javax.faces.resource/theme.css?ln=primefaces-sipse HTTP/1.1" 304 -
181.32.216.15 - - [06/Mar/2024:06:13:39 -0500] "GET /sipse/faces/javax.faces.resource/primefaces.css?ln=primefaces&v=4.0 HTTP/1.1" 304 -
181.32.216.15 - - [06/Mar/2024:06:13:39 -0500] "GET /sipse/faces/javax.faces.resource/layout/layout.css?ln=primefaces&v=4.0 HTTP/1.1" 304 -
181.32.216.15 - - [06/Mar/2024:06:13:39 -0500] "GET /sipse/faces/javax.faces.resource/jquery/jquery.js?ln=primefaces&v=4.0 HTTP/1.1" 304 -
181.32.216.15 - - [06/Mar/2024:06:13:39 -0500] "GET /sipse/faces/javax.faces.resource/jquery/jquery-plugins.js?ln=primefaces&v=4.0 HTTP/1.1" 304 -
181.32.216.15 - - [06/Mar/2024:06:13:39 -0500] "GET /sipse/faces/javax.faces.resource/primefaces.js?ln=primefaces&v=4.0 HTTP/1.1" 304 -
181.32.216.15 - - [06/Mar/2024:06:13:39 -0500] "GET /sipse/faces/javax.faces.resource/layout/layout.js?ln=primefaces&v=4.0 HTTP/1.1" 304 -
181.32.216.15 - - [06/Mar/2024:06:13:39 -0500] "POST /sipse/faces/presentacion/financiero/solicitudProceso/listarSolicitudProceso.xhtml HTTP/1.1" 200 1556
52.70.240.171 - - [06/Mar/2024:06:13:40 -0500] "GET /BLA/resoluciones/index.php?dir=RESOLUCIONES%202004/RES%202004%201651-1700/ HTTP/1.1" 200 12370
181.32.216.15 - - [06/Mar/2024:06:13:42 -0500] "POST /sipse/faces/presentacion/financiero/solicitudProceso/listarSolicitudProceso.xhtml HTTP/1.1" 200 87633
181.32.216.15 - - [06/Mar/2024:06:13:43 -0500] "POST /sipse/faces/presentacion/financiero/solicitudProceso/listarSolicitudProceso.xhtml HTTP/1.1" 200 90756
181.32.216.15 - - [06/Mar/2024:06:13:43 -0500] "POST /sipse/faces/presentacion/financiero/solicitudProceso/listarSolicitudProceso.xhtml HTTP/1.1" 200 103079
52.70.240.171 - - [06/Mar/2024:06:13:44 -0500] "GET /BLA/resoluciones/RESOLUCIONES%202004/RES%202004%201651-1700/INDEX.DAT HTTP/1.1" 200 2000
181.32.216.15 - - [06/Mar/2024:06:13:49 -0500] "POST /sipse/faces/presentacion/financiero/solicitudProceso/listarSolicitudProceso.xhtml HTTP/1.1" 200 120706
181.32.216.15 - - [06/Mar/2024:06:13:49 -0500] "GET /sipse/faces/javax.faces.resource/layout/layout.css?ln=primefaces&v=4.0 HTTP/1.1" 304 -
181.32.216.15 - - [06/Mar/2024:06:13:49 -0500] "GET /sipse/faces/javax.faces.resource/primefaces.css?ln=primefaces&v=4.0 HTTP/1.1" 304 -
181.32.216.15 - - [06/Mar/2024:06:13:49 -0500] "GET /sipse/faces/javax.faces.resource/theme.css?ln=primefaces-sipse HTTP/1.1" 304 -
181.32.216.15 - - [06/Mar/2024:06:13:49 -0500] "GET /sipse/faces/javax.faces.resource/jquery/jquery.js?ln=primefaces&v=4.0 HTTP/1.1" 304 -
181.32.216.15 - - [06/Mar/2024:06:13:49 -0500] "GET /sipse/faces/javax.faces.resource/jquery/jquery-plugins.js?ln=primefaces&v=4.0 HTTP/1.1" 304 -
181.32.216.15 - - [06/Mar/2024:06:13:50 -0500] "GET /sipse/faces/javax.faces.resource/primefaces.js?ln=primefaces&v=4.0 HTTP/1.1" 304 -
181.32.216.15 - - [06/Mar/2024:06:13:50 -0500] "GET /sipse/faces/javax.faces.resource/layout/layout.js?ln=primefaces&v=4.0 HTTP/1.1" 304 -
181.32.216.15 - - [06/Mar/2024:06:13:50 -0500] "GET /sipse/faces/javax.faces.resource/dynamiccontent.properties?ln=primefaces&pfdrid=XjOR5%2F%2FfPAZAuY9TpWQeCiM0BhlXxYRBGKi%2FQcXXfeA%3D&pfdrid_c=false HTTP/1.1" 500 383
3.224.220.101 - - [06/Mar/2024:06:14:08 -0500] "GET /BLA/resoluciones/index.php?dir=RESOLUCIONES%202004/RES%202004%201651-1700/&order=asc&sort=date HTTP/1.1" 200 12370
23.22.35.162 - - [06/Mar/2024:06:14:12 -0500] "GET /BLA/resoluciones/index.php?dir=RESOLUCIONES%202004/RES%202004%201651-1700/&order=desc&sort=date HTTP/1.1" 200 12369
52.70.240.171 - - [06/Mar/2024:06:14:16 -0500] "GET /BLA/resoluciones/index.php?dir=RESOLUCIONES%202004/RES%202004%201651-1700/&order=asc&sort=name HTTP/1.1" 200 12370
181.32.216.15 - - [06/Mar/2024:06:14:19 -0500] "POST /sipse/faces/presentacion/financiero/solicitudProceso/consultarSolicitudProceso.xhtml HTTP/1.1" 200 46150
181.32.216.15 - - [06/Mar/2024:06:14:19 -0500] "GET /sipse/faces/javax.faces.resource/theme.css?ln=primefaces-sipse HTTP/1.1" 304 -
181.32.216.15 - - [06/Mar/2024:06:14:19 -0500] "GET /sipse/faces/javax.faces.resource/primefaces.css?ln=primefaces&v=4.0 HTTP/1.1" 304 -
181.32.216.15 - - [06/Mar/2024:06:14:19 -0500] "GET /sipse/faces/javax.faces.resource/layout/layout.css?ln=primefaces&v=4.0 HTTP/1.1" 304 -
181.32.216.15 - - [06/Mar/2024:06:14:19 -0500] "GET /sipse/faces/javax.faces.resource/jquery/jquery.js?ln=primefaces&v=4.0 HTTP/1.1" 304 -
181.32.216.15 - - [06/Mar/2024:06:14:19 -0500] "GET /sipse/faces/javax.faces.resource/jquery/jquery-plugins.js?ln=primefaces&v=4.0 HTTP/1.1" 304 -
181.32.216.15 - - [06/Mar/2024:06:14:19 -0500] "GET /sipse/faces/javax.faces.resource/primefaces.js?ln=primefaces&v=4.0 HTTP/1.1" 304 -
181.32.216.15 - - [06/Mar/2024:06:14:19 -0500] "GET /sipse/faces/javax.faces.resource/layout/layout.js?ln=primefaces&v=4.0 HTTP/1.1" 304 -
181.32.216.15 - - [06/Mar/2024:06:14:23 -0500] "POST /sipse/faces/presentacion/financiero/estudioPrevio/personalSolicitado/personalSolicitadoSolicitudProceso.xhtml HTTP/1.1" 200 7027
181.32.216.15 - - [06/Mar/2024:06:14:27 -0500] "POST /sipse/faces/presentacion/financiero/estudioPrevio/personalSolicitado/personalSolicitadoSolicitudProceso.xhtml HTTP/1.1" 200 36857
181.32.216.15 - - [06/Mar/2024:06:14:28 -0500] "GET /sipse/faces/javax.faces.resource/layout/layout.css?ln=primefaces&v=4.0 HTTP/1.1" 304 -
181.32.216.15 - - [06/Mar/2024:06:14:28 -0500] "GET /sipse/faces/javax.faces.resource/theme.css?ln=primefaces-sipse HTTP/1.1" 304 -
181.32.216.15 - - [06/Mar/2024:06:14:28 -0500] "GET /sipse/faces/javax.faces.resource/primefaces.css?ln=primefaces&v=4.0 HTTP/1.1" 304 -
181.32.216.15 - - [06/Mar/2024:06:14:28 -0500] "GET /sipse/faces/javax.faces.resource/jquery/jquery.js?ln=primefaces&v=4.0 HTTP/1.1" 304 -
181.32.216.15 - - [06/Mar/2024:06:14:28 -0500] "GET /sipse/faces/javax.faces.resource/jquery/jquery-plugins.js?ln=primefaces&v=4.0 HTTP/1.1" 304 -
181.32.216.15 - - [06/Mar/2024:06:14:28 -0500] "GET /sipse/faces/javax.faces.resource/primefaces.js?ln=primefaces&v=4.0 HTTP/1.1" 304 -
181.32.216.15 - - [06/Mar/2024:06:14:28 -0500] "GET /sipse/faces/javax.faces.resource/layout/layout.js?ln=primefaces&v=4.0 HTTP/1.1" 304 -
3.224.220.101 - - [06/Mar/2024:06:14:28 -0500] "GET /BLA/resoluciones/index.php?dir=RESOLUCIONES%202004/RES%202004%201651-1700/&order=asc&sort=size HTTP/1.1" 200 12370
181.32.216.15 - - [06/Mar/2024:06:14:31 -0500] "POST /sipse/faces/presentacion/financiero/estudioPrevio/personalSolicitado/asociarProfesionPersonalSolicitado.xhtml HTTP/1.1" 200 21323
52.70.240.171 - - [06/Mar/2024:06:14:32 -0500] "GET /BLA/resoluciones/index.php?dir=RESOLUCIONES%202004/RES%202004%201651-1700/&order=desc&sort=size HTTP/1.1" 200 12369
181.32.216.15 - - [06/Mar/2024:06:14:34 -0500] "POST /sipse/faces/presentacion/financiero/estudioPrevio/personalSolicitado/asociarProfesionPersonalSolicitado.xhtml HTTP/1.1" 200 50832
181.32.216.15 - - [06/Mar/2024:06:14:34 -0500] "GET /sipse/faces/javax.faces.resource/theme.css?ln=primefaces-sipse HTTP/1.1" 304 -
181.32.216.15 - - [06/Mar/2024:06:14:34 -0500] "GET /sipse/faces/javax.faces.resource/primefaces.css?ln=primefaces&v=4.0 HTTP/1.1" 304 -
181.32.216.15 - - [06/Mar/2024:06:14:34 -0500] "GET /sipse/faces/javax.faces.resource/layout/layout.css?ln=primefaces&v=4.0 HTTP/1.1" 304 -
181.32.216.15 - - [06/Mar/2024:06:14:34 -0500] "GET /sipse/faces/javax.faces.resource/jquery/jquery-plugins.js?ln=primefaces&v=4.0 HTTP/1.1" 304 -
181.32.216.15 - - [06/Mar/2024:06:14:34 -0500] "GET /sipse/faces/javax.faces.resource/jquery/jquery.js?ln=primefaces&v=4.0 HTTP/1.1" 304 -
181.32.216.15 - - [06/Mar/2024:06:14:34 -0500] "GET /sipse/faces/javax.faces.resource/primefaces.js?ln=primefaces&v=4.0 HTTP/1.1" 304 -
181.32.216.15 - - [06/Mar/2024:06:14:34 -0500] "GET /sipse/faces/javax.faces.resource/layout/layout.js?ln=primefaces&v=4.0 HTTP/1.1" 304 -
3.224.220.101 - - [06/Mar/2024:06:14:36 -0500] "GET /BLA/resoluciones/index.php?dir=RESOLUCIONES%202004/RES%202004%201651-1700/&order=desc&sort=name HTTP/1.1" 200 12369
3.224.220.101 - - [06/Mar/2024:06:14:40 -0500] "GET /BLA/resoluciones/index.php?dir=RESOLUCIONES%202004/RES%202004%201601-1650/ HTTP/1.1" 200 12359
181.32.216.15 - - [06/Mar/2024:06:14:45 -0500] "GET /sipse/faces/javax.faces.resource/theme.css?ln=primefaces-sipse HTTP/1.1" 304 -
181.32.216.15 - - [06/Mar/2024:06:14:45 -0500] "GET /sipse/faces/javax.faces.resource/primefaces.css?ln=primefaces&v=4.0 HTTP/1.1" 304 -
181.32.216.15 - - [06/Mar/2024:06:14:45 -0500] "GET /sipse/faces/javax.faces.resource/layout/layout.css?ln=primefaces&v=4.0 HTTP/1.1" 304 -
181.32.216.15 - - [06/Mar/2024:06:14:45 -0500] "GET /sipse/faces/javax.faces.resource/jquery/jquery.js?ln=primefaces&v=4.0 HTTP/1.1" 304 -
181.32.216.15 - - [06/Mar/2024:06:14:45 -0500] "GET /sipse/faces/javax.faces.resource/jquery/jquery-plugins.js?ln=primefaces&v=4.0 HTTP/1.1" 304 -
181.32.216.15 - - [06/Mar/2024:06:14:45 -0500] "GET /sipse/faces/javax.faces.resource/primefaces.js?ln=primefaces&v=4.0 HTTP/1.1" 304 -
181.32.216.15 - - [06/Mar/2024:06:14:45 -0500] "GET /sipse/faces/javax.faces.resource/layout/layout.js?ln=primefaces&v=4.0 HTTP/1.1" 304 -
181.32.216.15 - - [06/Mar/2024:06:14:44 -0500] "POST /sipse/faces/presentacion/financiero/estudioPrevio/personalSolicitado/personalSolicitadoSolicitudProceso.xhtml HTTP/1.1" 200 176553
181.32.216.15 - - [06/Mar/2024:06:14:45 -0500] "GET /sipse/faces/javax.faces.resource/dynamiccontent.properties?ln=primefaces&pfdrid=XjOR5%2F%2FfPAZAuY9TpWQeCiM0BhlXxYRBGKi%2FQcXXfeA%3D&pfdrid_c=false HTTP/1.1" 500 383
3.224.220.101 - - [06/Mar/2024:06:14:45 -0500] "GET /BLA/resoluciones/RESOLUCIONES%202004/RES%202004%201601-1650/INDEX.DAT HTTP/1.1" 200 2000
172.22.2.4 - - [06/Mar/2024:06:13:05 -0500] "HEAD /BLA/boletinlegal/ HTTP/1.1" 200 -
181.32.216.15 - - [06/Mar/2024:06:14:50 -0500] "POST /sipse/faces/presentacion/financiero/solicitudProceso/consultarSolicitudProceso.xhtml HTTP/1.1" 200 21243
181.32.216.15 - - [06/Mar/2024:06:14:50 -0500] "GET /sipse/faces/javax.faces.resource/theme.css?ln=primefaces-sipse HTTP/1.1" 304 -
181.32.216.15 - - [06/Mar/2024:06:14:50 -0500] "GET /sipse/faces/javax.faces.resource/jquery/jquery-plugins.js?ln=primefaces&v=4.0 HTTP/1.1" 304 -
181.32.216.15 - - [06/Mar/2024:06:14:50 -0500] "GET /sipse/faces/javax.faces.resource/layout/layout.css?ln=primefaces&v=4.0 HTTP/1.1" 304 -
181.32.216.15 - - [06/Mar/2024:06:14:50 -0500] "GET /sipse/faces/javax.faces.resource/primefaces.css?ln=primefaces&v=4.0 HTTP/1.1" 304 -
181.32.216.15 - - [06/Mar/2024:06:14:50 -0500] "GET /sipse/faces/javax.faces.resource/jquery/jquery.js?ln=primefaces&v=4.0 HTTP/1.1" 304 -
181.32.216.15 - - [06/Mar/2024:06:14:50 -0500] "GET /sipse/faces/javax.faces.resource/primefaces.js?ln=primefaces&v=4.0 HTTP/1.1" 304 -
181.32.216.15 - - [06/Mar/2024:06:14:50 -0500] "GET /sipse/faces/javax.faces.resource/layout/layout.js?ln=primefaces&v=4.0 HTTP/1.1" 304 -
181.32.216.15 - - [06/Mar/2024:06:14:50 -0500] "GET /sipse/faces/javax.faces.resource/fileupload/fileupload.css?ln=primefaces&v=4.0 HTTP/1.1" 304 -
181.32.216.15 - - [06/Mar/2024:06:14:50 -0500] "GET /sipse/faces/javax.faces.resource/fileupload/fileupload.js?ln=primefaces&v=4.0 HTTP/1.1" 304 -
23.22.35.162 - - [06/Mar/2024:06:14:56 -0500] "GET /BLA/resoluciones/index.php?dir=RESOLUCIONES%202004/RES%202004%201601-1650/&order=asc&sort=date HTTP/1.1" 200 12359
181.32.216.15 - - [06/Mar/2024:06:15:03 -0500] "GET /sipse/faces/javax.faces.resource/theme.css?ln=primefaces-sipse HTTP/1.1" 304 -
181.32.216.15 - - [06/Mar/2024:06:15:03 -0500] "GET /sipse/faces/javax.faces.resource/primefaces.css?ln=primefaces&v=4.0 HTTP/1.1" 304 -
181.32.216.15 - - [06/Mar/2024:06:15:03 -0500] "GET /sipse/faces/javax.faces.resource/jquery/jquery.js?ln=primefaces&v=4.0 HTTP/1.1" 304 -
181.32.216.15 - - [06/Mar/2024:06:15:03 -0500] "GET /sipse/faces/javax.faces.resource/layout/layout.css?ln=primefaces&v=4.0 HTTP/1.1" 304 -
181.32.216.15 - - [06/Mar/2024:06:15:03 -0500] "GET /sipse/faces/javax.faces.resource/jquery/jquery-plugins.js?ln=primefaces&v=4.0 HTTP/1.1" 304 -
181.32.216.15 - - [06/Mar/2024:06:15:03 -0500] "GET /sipse/faces/javax.faces.resource/primefaces.js?ln=primefaces&v=4.0 HTTP/1.1" 304 -
181.32.216.15 - - [06/Mar/2024:06:15:03 -0500] "GET /sipse/faces/javax.faces.resource/layout/layout.js?ln=primefaces&v=4.0 HTTP/1.1" 304 -
181.32.216.15 - - [06/Mar/2024:06:15:03 -0500] "POST /sipse/faces/presentacion/sistema/anexos/cargarAnexoSolicitudProceso.xhtml HTTP/1.1" 200 178241
181.32.216.15 - - [06/Mar/2024:06:15:03 -0500] "GET /sipse/faces/javax.faces.resource/dynamiccontent.properties?ln=primefaces&pfdrid=XjOR5%2F%2FfPAZAuY9TpWQeCiM0BhlXxYRBGKi%2FQcXXfeA%3D&pfdrid_c=false HTTP/1.1" 500 383
181.32.216.15 - - [06/Mar/2024:06:15:07 -0500] "GET /sipse/faces/javax.faces.resource/jquery/jquery.js?ln=primefaces&v=4.0 HTTP/1.1" 304 -
181.32.216.15 - - [06/Mar/2024:06:15:07 -0500] "GET /sipse/faces/javax.faces.resource/layout/layout.css?ln=primefaces&v=4.0 HTTP/1.1" 304 -
181.32.216.15 - - [06/Mar/2024:06:15:07 -0500] "GET /sipse/faces/javax.faces.resource/theme.css?ln=primefaces-sipse HTTP/1.1" 304 -
181.32.216.15 - - [06/Mar/2024:06:15:07 -0500] "GET /sipse/faces/javax.faces.resource/primefaces.css?ln=primefaces&v=4.0 HTTP/1.1" 304 -
181.32.216.15 - - [06/Mar/2024:06:15:07 -0500] "POST /sipse/faces/presentacion/financiero/solicitudProceso/consultarSolicitudProceso.xhtml HTTP/1.1" 200 21243
181.32.216.15 - - [06/Mar/2024:06:15:07 -0500] "GET /sipse/faces/javax.faces.resource/jquery/jquery-plugins.js?ln=primefaces&v=4.0 HTTP/1.1" 304 -
181.32.216.15 - - [06/Mar/2024:06:15:07 -0500] "GET /sipse/faces/javax.faces.resource/fileupload/fileupload.css?ln=primefaces&v=4.0 HTTP/1.1" 304 -
181.32.216.15 - - [06/Mar/2024:06:15:07 -0500] "GET /sipse/faces/javax.faces.resource/primefaces.js?ln=primefaces&v=4.0 HTTP/1.1" 304 -
181.32.216.15 - - [06/Mar/2024:06:15:07 -0500] "GET /sipse/faces/javax.faces.resource/layout/layout.js?ln=primefaces&v=4.0 HTTP/1.1" 304 -
181.32.216.15 - - [06/Mar/2024:06:15:07 -0500] "GET /sipse/faces/javax.faces.resource/fileupload/fileupload.js?ln=primefaces&v=4.0 HTTP/1.1" 304 -
216.245.221.92 - - [06/Mar/2024:06:15:08 -0500] "HEAD / HTTP/1.1" 200 -
23.22.35.162 - - [06/Mar/2024:06:15:12 -0500] "GET /BLA/resoluciones/index.php?dir=RESOLUCIONES%202004/RES%202004%201601-1650/&order=desc&sort=date HTTP/1.1" 200 12358
52.70.240.171 - - [06/Mar/2024:06:15:16 -0500] "GET /BLA/resoluciones/index.php?dir=RESOLUCIONES%202004/RES%202004%201601-1650/&order=asc&sort=name HTTP/1.1" 200 12359
23.22.35.162 - - [06/Mar/2024:06:15:20 -0500] "GET /BLA/resoluciones/index.php?dir=RESOLUCIONES%202004/RES%202004%201601-1650/&order=asc&sort=size HTTP/1.1" 200 12359
201.245.192.253 - - [06/Mar/2024:06:15:20 -0500] "POST /kwsrmcab/Wsrmcab  HTTP/1.1" 200 39632
181.32.216.15 - - [06/Mar/2024:06:15:23 -0500] "GET /sipse/faces/javax.faces.resource/theme.css?ln=primefaces-sipse HTTP/1.1" 304 -
181.32.216.15 - - [06/Mar/2024:06:15:23 -0500] "GET /sipse/faces/javax.faces.resource/primefaces.css?ln=primefaces&v=4.0 HTTP/1.1" 304 -
181.32.216.15 - - [06/Mar/2024:06:15:23 -0500] "GET /sipse/faces/javax.faces.resource/layout/layout.css?ln=primefaces&v=4.0 HTTP/1.1" 304 -
181.32.216.15 - - [06/Mar/2024:06:15:23 -0500] "GET /sipse/faces/javax.faces.resource/jquery/jquery-plugins.js?ln=primefaces&v=4.0 HTTP/1.1" 304 -
181.32.216.15 - - [06/Mar/2024:06:15:23 -0500] "GET /sipse/faces/javax.faces.resource/jquery/jquery.js?ln=primefaces&v=4.0 HTTP/1.1" 304 -
181.32.216.15 - - [06/Mar/2024:06:15:23 -0500] "GET /sipse/faces/javax.faces.resource/primefaces.js?ln=primefaces&v=4.0 HTTP/1.1" 304 -
181.32.216.15 - - [06/Mar/2024:06:15:23 -0500] "POST /sipse/faces/presentacion/sistema/anexos/cargarAnexoSolicitudProceso.xhtml HTTP/1.1" 200 180055
181.32.216.15 - - [06/Mar/2024:06:15:23 -0500] "GET /sipse/faces/javax.faces.resource/layout/layout.js?ln=primefaces&v=4.0 HTTP/1.1" 304 -
181.32.216.15 - - [06/Mar/2024:06:15:23 -0500] "GET /sipse/faces/javax.faces.resource/dynamiccontent.properties?ln=primefaces&pfdrid=XjOR5%2F%2FfPAZAuY9TpWQeCiM0BhlXxYRBGKi%2FQcXXfeA%3D&pfdrid_c=false HTTP/1.1" 500 383
23.22.35.162 - - [06/Mar/2024:06:15:25 -0500] "GET /BLA/resoluciones/index.php?dir=RESOLUCIONES%202004/RES%202004%201601-1650/&order=desc&sort=size HTTP/1.1" 200 12358
3.224.220.101 - - [06/Mar/2024:06:15:28 -0500] "GET /BLA/resoluciones/index.php?dir=RESOLUCIONES%202004/RES%202004%201601-1650/&order=desc&sort=name HTTP/1.1" 200 12358
181.32.216.15 - - [06/Mar/2024:06:15:28 -0500] "POST /sipse/faces/presentacion/financiero/solicitudProceso/consultarSolicitudProceso.xhtml HTTP/1.1" 200 64076
181.32.216.15 - - [06/Mar/2024:06:15:30 -0500] "GET /sipse/faces/javax.faces.resource/theme.css?ln=primefaces-sipse HTTP/1.1" 304 -
181.32.216.15 - - [06/Mar/2024:06:15:30 -0500] "GET /sipse/faces/javax.faces.resource/primefaces.css?ln=primefaces&v=4.0 HTTP/1.1" 304 -
181.32.216.15 - - [06/Mar/2024:06:15:30 -0500] "GET /sipse/faces/javax.faces.resource/layout/layout.css?ln=primefaces&v=4.0 HTTP/1.1" 304 -
181.32.216.15 - - [06/Mar/2024:06:15:31 -0500] "GET /sipse/faces/javax.faces.resource/jquery/jquery.js?ln=primefaces&v=4.0 HTTP/1.1" 304 -
181.32.216.15 - - [06/Mar/2024:06:15:31 -0500] "GET /sipse/faces/javax.faces.resource/jquery/jquery-plugins.js?ln=primefaces&v=4.0 HTTP/1.1" 304 -
181.32.216.15 - - [06/Mar/2024:06:15:31 -0500] "GET /sipse/faces/javax.faces.resource/primefaces.js?ln=primefaces&v=4.0 HTTP/1.1" 304 -
181.32.216.15 - - [06/Mar/2024:06:15:31 -0500] "GET /sipse/faces/javax.faces.resource/layout/layout.js?ln=primefaces&v=4.0 HTTP/1.1" 304 -
181.32.216.15 - - [06/Mar/2024:06:15:31 -0500] "POST /sipse/faces/presentacion/financiero/solicitudProceso/listarSolicitudProceso.xhtml HTTP/1.1" 200 1556
23.22.35.162 - - [06/Mar/2024:06:15:33 -0500] "GET /BLA/resoluciones/index.php?dir=RESOLUCIONES%202004/RES%202004%201551-1600/ HTTP/1.1" 200 12345
52.70.240.171 - - [06/Mar/2024:06:15:36 -0500] "GET /BLA/resoluciones/RESOLUCIONES%202004/RES%202004%201551-1600/INDEX.DAT HTTP/1.1" 200 2000
172.22.2.4 - - [06/Mar/2024:06:13:56 -0500] "GET /BLA/boletinlegal/ HTTP/1.1" 200 58273
181.32.216.15 - - [06/Mar/2024:06:15:38 -0500] "POST /sipse/faces/presentacion/financiero/solicitudProceso/listarSolicitudProceso.xhtml HTTP/1.1" 200 90642
181.32.216.15 - - [06/Mar/2024:06:15:39 -0500] "POST /sipse/faces/presentacion/financiero/solicitudProceso/listarSolicitudProceso.xhtml HTTP/1.1" 200 90744
181.32.216.15 - - [06/Mar/2024:06:15:39 -0500] "POST /sipse/faces/presentacion/financiero/solicitudProceso/listarSolicitudProceso.xhtml HTTP/1.1" 200 103067
52.70.240.171 - - [06/Mar/2024:06:15:44 -0500] "GET /BLA/resoluciones/index.php?dir=RESOLUCIONES%202004/RES%202004%201551-1600/&order=asc&sort=date HTTP/1.1" 200 12345
23.22.35.162 - - [06/Mar/2024:06:15:48 -0500] "GET /BLA/resoluciones/index.php?dir=RESOLUCIONES%202004/RES%202004%201551-1600/&order=desc&sort=date HTTP/1.1" 200 12344
23.22.35.162 - - [06/Mar/2024:06:15:57 -0500] "GET /BLA/resoluciones/index.php?dir=RESOLUCIONES%202004/RES%202004%201551-1600/&order=asc&sort=name HTTP/1.1" 200 12345
3.224.220.101 - - [06/Mar/2024:06:16:00 -0500] "GET /BLA/resoluciones/index.php?dir=RESOLUCIONES%202004/RES%202004%201551-1600/&order=asc&sort=size HTTP/1.1" 200 12345
181.32.216.15 - - [06/Mar/2024:06:16:01 -0500] "POST /sipse/faces/presentacion/financiero/solicitudProceso/listarSolicitudProceso.xhtml HTTP/1.1" 200 59177
181.32.216.15 - - [06/Mar/2024:06:16:02 -0500] "GET /sipse/faces/javax.faces.resource/theme.css?ln=primefaces-sipse HTTP/1.1" 304 -
181.32.216.15 - - [06/Mar/2024:06:16:02 -0500] "GET /sipse/faces/javax.faces.resource/primefaces.css?ln=primefaces&v=4.0 HTTP/1.1" 304 -
181.32.216.15 - - [06/Mar/2024:06:16:02 -0500] "GET /sipse/faces/javax.faces.resource/layout/layout.css?ln=primefaces&v=4.0 HTTP/1.1" 304 -
181.32.216.15 - - [06/Mar/2024:06:16:02 -0500] "GET /sipse/faces/javax.faces.resource/jquery/jquery.js?ln=primefaces&v=4.0 HTTP/1.1" 304 -
181.32.216.15 - - [06/Mar/2024:06:16:02 -0500] "GET /sipse/faces/javax.faces.resource/jquery/jquery-plugins.js?ln=primefaces&v=4.0 HTTP/1.1" 304 -
181.32.216.15 - - [06/Mar/2024:06:16:02 -0500] "GET /sipse/faces/javax.faces.resource/primefaces.js?ln=primefaces&v=4.0 HTTP/1.1" 304 -
181.32.216.15 - - [06/Mar/2024:06:16:02 -0500] "GET /sipse/faces/javax.faces.resource/layout/layout.js?ln=primefaces&v=4.0 HTTP/1.1" 304 -
181.32.216.15 - - [06/Mar/2024:06:16:04 -0500] "POST /sipse/faces/presentacion/financiero/solicitudProceso/crearModificarSolicitudProceso.xhtml HTTP/1.1" 200 51773
181.32.216.15 - - [06/Mar/2024:06:16:07 -0500] "POST /sipse/faces/presentacion/financiero/solicitudProceso/crearModificarSolicitudProceso.xhtml HTTP/1.1" 200 25138
3.224.220.101 - - [06/Mar/2024:06:16:08 -0500] "GET /BLA/resoluciones/index.php?dir=RESOLUCIONES%202004/RES%202004%201551-1600/&order=desc&sort=size HTTP/1.1" 200 12344
181.32.216.15 - - [06/Mar/2024:06:16:14 -0500] "POST /sipse/faces/presentacion/financiero/solicitudProceso/crearModificarSolicitudProceso.xhtml HTTP/1.1" 200 6307
181.53.13.222 - - [06/Mar/2024:06:16:15 -0500] "GET /sipse/faces/index.xhtml HTTP/1.1" 200 677
181.53.13.222 - - [06/Mar/2024:06:16:17 -0500] "GET /sipse/faces/javax.faces.resource/theme.css?ln=primefaces-sipse HTTP/1.1" 304 -
181.53.13.222 - - [06/Mar/2024:06:16:18 -0500] "GET /sipse/faces/faces/autenticacion.xhtml HTTP/1.1" 200 12405
181.53.13.222 - - [06/Mar/2024:06:16:18 -0500] "GET /sipse/faces/javax.faces.resource/theme.css?ln=primefaces-sipse HTTP/1.1" 304 -
181.53.13.222 - - [06/Mar/2024:06:16:18 -0500] "GET /sipse/faces/javax.faces.resource/layout/layout.css?ln=primefaces&v=4.0 HTTP/1.1" 304 -
181.53.13.222 - - [06/Mar/2024:06:16:18 -0500] "GET /sipse/faces/javax.faces.resource/primefaces.js?ln=primefaces&v=4.0 HTTP/1.1" 304 -
181.53.13.222 - - [06/Mar/2024:06:16:18 -0500] "GET /sipse/faces/javax.faces.resource/layout/layout.js?ln=primefaces&v=4.0 HTTP/1.1" 304 -
181.53.13.222 - - [06/Mar/2024:06:16:18 -0500] "GET /sipse/faces/javax.faces.resource/jquery/jquery.js?ln=primefaces&v=4.0 HTTP/1.1" 304 -
181.53.13.222 - - [06/Mar/2024:06:16:18 -0500] "GET /sipse/faces/javax.faces.resource/primefaces.css?ln=primefaces&v=4.0 HTTP/1.1" 304 -
181.53.13.222 - - [06/Mar/2024:06:16:18 -0500] "GET /sipse/faces/javax.faces.resource/jquery/jquery-plugins.js?ln=primefaces&v=4.0 HTTP/1.1" 304 -
181.53.13.222 - - [06/Mar/2024:06:16:18 -0500] "GET /sipse/faces/javax.faces.resource/images/ui-icons_898989_256x240.png?ln=primefaces-aristo HTTP/1.1" 304 -
23.22.35.162 - - [06/Mar/2024:06:16:20 -0500] "GET /BLA/resoluciones/index.php?dir=RESOLUCIONES%202004/RES%202004%201551-1600/&order=desc&sort=name HTTP/1.1" 200 12344
