3.224.220.101 - - [06/Mar/2024:05:20:36 -0500] "GET /BLA/resoluciones/RESOLUCIONES%202007/RES%202007%201001%20AL%201100/RESOLUCION%201023%20DE%202007.pdf HTTP/1.1" 200 142258
23.22.35.162 - - [06/Mar/2024:05:20:40 -0500] "GET /BLA/resoluciones/RESOLUCIONES%202007/RES%202007%201001%20AL%201100/RESOLUCION%201022%20DE%202007.pdf HTTP/1.1" 200 688106
52.70.240.171 - - [06/Mar/2024:05:20:44 -0500] "GET /BLA/resoluciones/RESOLUCIONES%202007/RES%202007%201001%20AL%201100/RESOLUCION%201021%20DE%202007.pdf HTTP/1.1" 200 26703
52.70.240.171 - - [06/Mar/2024:05:20:48 -0500] "GET /BLA/resoluciones/RESOLUCIONES%202007/RES%202007%201001%20AL%201100/RESOLUCION%201020%20DE%202007.pdf HTTP/1.1" 200 1018942
3.224.220.101 - - [06/Mar/2024:05:20:52 -0500] "GET /BLA/resoluciones/RESOLUCIONES%202007/RES%202007%201001%20AL%201100/RESOLUCION%201019%20DE%202007.pdf HTTP/1.1" 200 884397
3.224.220.101 - - [06/Mar/2024:05:20:56 -0500] "GET /BLA/resoluciones/RESOLUCIONES%202007/RES%202007%201001%20AL%201100/RESOLUCION%201018%20DE%202007.pdf HTTP/1.1" 200 583179
23.22.35.162 - - [06/Mar/2024:05:21:00 -0500] "GET /BLA/resoluciones/RESOLUCIONES%202007/RES%202007%201001%20AL%201100/RESOLUCION%201017%20DE%202007.pdf HTTP/1.1" 200 28107
3.224.220.101 - - [06/Mar/2024:05:21:04 -0500] "GET /BLA/resoluciones/RESOLUCIONES%202007/RES%202007%201001%20AL%201100/RESOLUCION%201016%20DE%202007.pdf HTTP/1.1" 200 27526
3.224.220.101 - - [06/Mar/2024:05:21:08 -0500] "GET /BLA/resoluciones/RESOLUCIONES%202007/RES%202007%201001%20AL%201100/RESOLUCION%201015%20DE%202007.pdf HTTP/1.1" 200 56192
23.22.35.162 - - [06/Mar/2024:05:21:12 -0500] "GET /BLA/resoluciones/RESOLUCIONES%202007/RES%202007%201001%20AL%201100/RESOLUCION%201014%20DE%202007.pdf HTTP/1.1" 200 51314
52.70.240.171 - - [06/Mar/2024:05:21:16 -0500] "GET /BLA/resoluciones/RESOLUCIONES%202007/RES%202007%201001%20AL%201100/RESOLUCION%201013%20DE%202007.pdf HTTP/1.1" 200 171394
23.22.35.162 - - [06/Mar/2024:05:21:20 -0500] "GET /BLA/resoluciones/RESOLUCIONES%202007/RES%202007%201001%20AL%201100/RESOLUCION%201012%20DE%202007.pdf HTTP/1.1" 200 322705
3.224.220.101 - - [06/Mar/2024:05:21:24 -0500] "GET /BLA/resoluciones/RESOLUCIONES%202007/RES%202007%201001%20AL%201100/RESOLUCION%201011%20DE%202007.pdf HTTP/1.1" 200 232094
52.70.240.171 - - [06/Mar/2024:05:21:29 -0500] "GET /BLA/resoluciones/RESOLUCIONES%202007/RES%202007%201001%20AL%201100/RESOLUCION%201010%20DE%202007.pdf HTTP/1.1" 200 1552724
52.70.240.171 - - [06/Mar/2024:05:21:34 -0500] "GET /BLA/resoluciones/RESOLUCIONES%202007/RES%202007%201001%20AL%201100/RESOLUCION%201009%20DE%202007.pdf HTTP/1.1" 200 1306025
3.224.220.101 - - [06/Mar/2024:05:21:36 -0500] "GET /BLA/resoluciones/RESOLUCIONES%202007/RES%202007%201001%20AL%201100/RESOLUCION%201008%20DE%202007.pdf HTTP/1.1" 200 416962
66.249.66.20 - - [06/Mar/2024:05:21:39 -0500] "GET /BLA/resoluciones/RESOLUCIONES%202009/7251.pdf HTTP/1.1" 200 117132
3.224.220.101 - - [06/Mar/2024:05:21:40 -0500] "GET /BLA/resoluciones/RESOLUCIONES%202007/RES%202007%201001%20AL%201100/RESOLUCION%201007%20DE%202007.pdf HTTP/1.1" 200 221601
23.22.35.162 - - [06/Mar/2024:05:21:44 -0500] "GET /BLA/resoluciones/RESOLUCIONES%202007/RES%202007%201001%20AL%201100/RESOLUCION%201006%20DE%202007.pdf HTTP/1.1" 200 421437
52.70.240.171 - - [06/Mar/2024:05:21:48 -0500] "GET /BLA/resoluciones/RESOLUCIONES%202007/RES%202007%201001%20AL%201100/RESOLUCION%201005%20DE%202007.pdf HTTP/1.1" 200 739229
3.224.220.101 - - [06/Mar/2024:05:21:52 -0500] "GET /BLA/resoluciones/RESOLUCIONES%202007/RES%202007%201001%20AL%201100/RESOLUCION%201004%20DE%202007.pdf HTTP/1.1" 200 241439
23.22.35.162 - - [06/Mar/2024:05:21:57 -0500] "GET /BLA/resoluciones/RESOLUCIONES%202007/RES%202007%201001%20AL%201100/RESOLUCION%201003%20DE%202007.pdf HTTP/1.1" 200 265318
23.22.35.162 - - [06/Mar/2024:05:22:00 -0500] "GET /BLA/resoluciones/RESOLUCIONES%202007/RES%202007%201001%20AL%201100/RESOLUCION%201002%20DE%202007.pdf HTTP/1.1" 200 362511
52.70.240.171 - - [06/Mar/2024:05:22:04 -0500] "GET /BLA/resoluciones/RESOLUCIONES%202007/RES%202007%201001%20AL%201100/RESOLUCION%201001%20DE%202007.pdf HTTP/1.1" 200 325632
52.70.240.171 - - [06/Mar/2024:05:22:08 -0500] "GET /BLA/resoluciones/RESOLUCIONES%202007/RES%202007%201101%20AL%201200/RESOLUCION%201192%20DE%202007.pdf HTTP/1.1" 200 1326734
23.22.35.162 - - [06/Mar/2024:05:22:12 -0500] "GET /BLA/resoluciones/RESOLUCIONES%202007/RES%202007%201101%20AL%201200/RESOLUCION%201191%20DE%202007.pdf HTTP/1.1" 200 1616210
172.22.2.4 - - [06/Mar/2024:05:20:35 -0500] "HEAD /BLA/boletinlegal/ HTTP/1.1" 200 -
3.224.220.101 - - [06/Mar/2024:05:22:16 -0500] "GET /BLA/resoluciones/RESOLUCIONES%202007/RES%202007%201101%20AL%201200/RESOLUCION%201190%20DE%202007.pdf HTTP/1.1" 200 1816563
52.70.240.171 - - [06/Mar/2024:05:22:21 -0500] "GET /BLA/resoluciones/RESOLUCIONES%202007/RES%202007%201101%20AL%201200/RESOLUCION%201189%20DE%202007.pdf HTTP/1.1" 200 756381
52.70.240.171 - - [06/Mar/2024:05:22:24 -0500] "GET /BLA/resoluciones/RESOLUCIONES%202007/RES%202007%201101%20AL%201200/RESOLUCION%201188%20DE%202007.pdf HTTP/1.1" 200 432956
23.22.35.162 - - [06/Mar/2024:05:22:29 -0500] "GET /BLA/resoluciones/RESOLUCIONES%202007/RES%202007%201101%20AL%201200/RESOLUCION%201187%20DE%202007.pdf HTTP/1.1" 200 311132
3.224.220.101 - - [06/Mar/2024:05:22:32 -0500] "GET /BLA/resoluciones/RESOLUCIONES%202007/RES%202007%201101%20AL%201200/RESOLUCION%201186%20DE%202007.pdf HTTP/1.1" 200 316434
66.249.73.14 - - [06/Mar/2024:05:22:36 -0500] "GET /el-agua-recurso-vital-para-la-conservacion-de-los-ecosistemas.html HTTP/1.1" 200 870
3.224.220.101 - - [06/Mar/2024:05:22:36 -0500] "GET /BLA/resoluciones/RESOLUCIONES%202007/RES%202007%201101%20AL%201200/RESOLUCION%201185%20DE%202007.pdf HTTP/1.1" 200 972758
52.167.144.23 - - [06/Mar/2024:05:22:40 -0500] "GET /Publicaciones/2023EE255832.pdf HTTP/1.1" 404 228
52.70.240.171 - - [06/Mar/2024:05:22:40 -0500] "GET /BLA/resoluciones/RESOLUCIONES%202007/RES%202007%201101%20AL%201200/RESOLUCION%201184%20DE%202007.pdf HTTP/1.1" 200 426605
3.224.220.101 - - [06/Mar/2024:05:22:44 -0500] "GET /BLA/resoluciones/RESOLUCIONES%202007/RES%202007%201101%20AL%201200/RESOLUCION%201183%20DE%202007.pdf HTTP/1.1" 200 191406
52.70.240.171 - - [06/Mar/2024:05:22:49 -0500] "GET /BLA/resoluciones/RESOLUCIONES%202007/RES%202007%201101%20AL%201200/RESOLUCION%201182%20DE%202007.pdf HTTP/1.1" 200 338024
52.70.240.171 - - [06/Mar/2024:05:22:52 -0500] "GET /BLA/resoluciones/RESOLUCIONES%202007/RES%202007%201101%20AL%201200/RESOLUCION%201181%20DE%202007.pdf HTTP/1.1" 200 1729801
52.70.240.171 - - [06/Mar/2024:05:22:57 -0500] "GET /BLA/resoluciones/RESOLUCIONES%202007/RES%202007%201101%20AL%201200/RESOLUCION%201180%20DE%202007.pdf HTTP/1.1" 200 1057539
23.22.35.162 - - [06/Mar/2024:05:23:00 -0500] "GET /BLA/resoluciones/RESOLUCIONES%202007/RES%202007%201101%20AL%201200/RESOLUCION%201179%20DE%202007.pdf HTTP/1.1" 200 635395
3.224.220.101 - - [06/Mar/2024:05:23:04 -0500] "GET /BLA/resoluciones/RESOLUCIONES%202007/RES%202007%201101%20AL%201200/RESOLUCION%201178%20DE%202007.pdf HTTP/1.1" 200 600533
172.22.2.4 - - [06/Mar/2024:05:21:26 -0500] "GET /BLA/boletinlegal/ HTTP/1.1" 200 53818
23.22.35.162 - - [06/Mar/2024:05:23:08 -0500] "GET /BLA/resoluciones/RESOLUCIONES%202007/RES%202007%201101%20AL%201200/RESOLUCION%201177%20DE%202007.pdf HTTP/1.1" 200 796161
23.22.35.162 - - [06/Mar/2024:05:23:12 -0500] "GET /BLA/resoluciones/RESOLUCIONES%202007/RES%202007%201101%20AL%201200/RESOLUCION%201176%20DE%202007.pdf HTTP/1.1" 200 1320590
3.224.220.101 - - [06/Mar/2024:05:23:16 -0500] "GET /BLA/resoluciones/RESOLUCIONES%202007/RES%202007%201101%20AL%201200/RESOLUCION%201175%20DE%202007.pdf HTTP/1.1" 200 501229
52.70.240.171 - - [06/Mar/2024:05:23:20 -0500] "GET /BLA/resoluciones/RESOLUCIONES%202007/RES%202007%201101%20AL%201200/RESOLUCION%201174%20DE%202007.pdf HTTP/1.1" 200 1291541
52.70.240.171 - - [06/Mar/2024:05:23:25 -0500] "GET /BLA/resoluciones/RESOLUCIONES%202007/RES%202007%201101%20AL%201200/RESOLUCION%201173%20DE%202007.pdf HTTP/1.1" 200 399966
23.22.35.162 - - [06/Mar/2024:05:23:29 -0500] "GET /BLA/resoluciones/RESOLUCIONES%202007/RES%202007%201101%20AL%201200/RESOLUCION%201172%20DE%202007.pdf HTTP/1.1" 200 1317806
52.70.240.171 - - [06/Mar/2024:05:23:32 -0500] "GET /BLA/resoluciones/RESOLUCIONES%202007/RES%202007%201101%20AL%201200/RESOLUCION%201171%20DE%202007.pdf HTTP/1.1" 200 1224669
23.22.35.162 - - [06/Mar/2024:05:23:36 -0500] "GET /BLA/resoluciones/RESOLUCIONES%202007/RES%202007%201101%20AL%201200/RESOLUCION%201170%20DE%202007.pdf HTTP/1.1" 200 240649
3.224.220.101 - - [06/Mar/2024:05:23:40 -0500] "GET /BLA/resoluciones/RESOLUCIONES%202007/RES%202007%201101%20AL%201200/RESOLUCION%201169%20DE%202007.pdf HTTP/1.1" 200 246433
23.22.35.162 - - [06/Mar/2024:05:23:44 -0500] "GET /BLA/resoluciones/RESOLUCIONES%202007/RES%202007%201101%20AL%201200/RESOLUCION%201168%20DE%202007.pdf HTTP/1.1" 200 369666
23.22.35.162 - - [06/Mar/2024:05:23:48 -0500] "GET /BLA/resoluciones/RESOLUCIONES%202007/RES%202007%201101%20AL%201200/RESOLUCION%201167%20DE%202007.pdf HTTP/1.1" 200 277043
3.224.220.101 - - [06/Mar/2024:05:23:52 -0500] "GET /BLA/resoluciones/RESOLUCIONES%202007/RES%202007%201101%20AL%201200/RESOLUCION%201166%20DE%202007.pdf HTTP/1.1" 200 299704
52.70.240.171 - - [06/Mar/2024:05:23:56 -0500] "GET /BLA/resoluciones/RESOLUCIONES%202007/RES%202007%201101%20AL%201200/RESOLUCION%201165%20DE%202007.pdf HTTP/1.1" 200 292512
23.22.35.162 - - [06/Mar/2024:05:24:00 -0500] "GET /BLA/resoluciones/RESOLUCIONES%202007/RES%202007%201101%20AL%201200/RESOLUCION%201164%20DE%202007.pdf HTTP/1.1" 200 508038
23.22.35.162 - - [06/Mar/2024:05:24:04 -0500] "GET /BLA/resoluciones/RESOLUCIONES%202007/RES%202007%201101%20AL%201200/RESOLUCION%201163%20DE%202007.pdf HTTP/1.1" 200 31653
172.22.2.4 - - [06/Mar/2024:05:24:05 -0500] "GET /BLA/boletinlegal/actos.php HTTP/1.1" 200 9738
3.224.220.101 - - [06/Mar/2024:05:24:08 -0500] "GET /BLA/resoluciones/RESOLUCIONES%202007/RES%202007%201101%20AL%201200/RESOLUCION%201162%20DE%202007.pdf HTTP/1.1" 200 923300
3.224.220.101 - - [06/Mar/2024:05:24:12 -0500] "GET /BLA/resoluciones/RESOLUCIONES%202007/RES%202007%201101%20AL%201200/RESOLUCION%201161%20DE%202007.pdf HTTP/1.1" 200 413759
23.22.35.162 - - [06/Mar/2024:05:24:16 -0500] "GET /BLA/resoluciones/RESOLUCIONES%202007/RES%202007%201101%20AL%201200/RESOLUCION%201160%20DE%202007.pdf HTTP/1.1" 200 354430
52.70.240.171 - - [06/Mar/2024:05:24:21 -0500] "GET /BLA/resoluciones/RESOLUCIONES%202007/RES%202007%201101%20AL%201200/RESOLUCION%201159%20DE%202007.pdf HTTP/1.1" 200 189591
52.70.240.171 - - [06/Mar/2024:05:24:25 -0500] "GET /BLA/resoluciones/RESOLUCIONES%202007/RES%202007%201101%20AL%201200/RESOLUCION%201158%20DE%202007.pdf HTTP/1.1" 200 226522
3.224.220.101 - - [06/Mar/2024:05:24:28 -0500] "GET /BLA/resoluciones/RESOLUCIONES%202007/RES%202007%201101%20AL%201200/RESOLUCION%201157%20DE%202007.pdf HTTP/1.1" 200 327794
52.70.240.171 - - [06/Mar/2024:05:24:32 -0500] "GET /BLA/resoluciones/RESOLUCIONES%202007/RES%202007%201101%20AL%201200/RESOLUCION%201156%20DE%202007.pdf HTTP/1.1" 200 552224
3.224.220.101 - - [06/Mar/2024:05:24:36 -0500] "GET /BLA/resoluciones/RESOLUCIONES%202007/RES%202007%201101%20AL%201200/RESOLUCION%201155%20DE%202007.pdf HTTP/1.1" 200 742860
3.224.220.101 - - [06/Mar/2024:05:24:40 -0500] "GET /BLA/resoluciones/RESOLUCIONES%202007/RES%202007%201101%20AL%201200/RESOLUCION%201154%20DE%202007.pdf HTTP/1.1" 200 499676
52.70.240.171 - - [06/Mar/2024:05:24:45 -0500] "GET /BLA/resoluciones/RESOLUCIONES%202007/RES%202007%201101%20AL%201200/RESOLUCION%201153%20DE%202007.pdf HTTP/1.1" 200 81350
3.224.220.101 - - [06/Mar/2024:05:24:48 -0500] "GET /BLA/resoluciones/RESOLUCIONES%202007/RES%202007%201101%20AL%201200/RESOLUCION%201152%20DE%202007.pdf HTTP/1.1" 200 1138408
52.70.240.171 - - [06/Mar/2024:05:24:52 -0500] "GET /BLA/resoluciones/RESOLUCIONES%202007/RES%202007%201101%20AL%201200/RESOLUCION%201151%20DE%202007.pdf HTTP/1.1" 200 106312
23.22.35.162 - - [06/Mar/2024:05:24:56 -0500] "GET /BLA/resoluciones/RESOLUCIONES%202007/RES%202007%201101%20AL%201200/RESOLUCION%201150%20DE%202007.pdf HTTP/1.1" 200 127230
3.224.220.101 - - [06/Mar/2024:05:25:00 -0500] "GET /BLA/resoluciones/RESOLUCIONES%202007/RES%202007%201101%20AL%201200/RESOLUCION%201149%20DE%202007.pdf HTTP/1.1" 200 795636
52.70.240.171 - - [06/Mar/2024:05:25:04 -0500] "GET /BLA/resoluciones/RESOLUCIONES%202007/RES%202007%201101%20AL%201200/RESOLUCION%201148%20DE%202007.pdf HTTP/1.1" 200 332854
216.245.221.92 - - [06/Mar/2024:05:25:08 -0500] "HEAD / HTTP/1.1" 200 -
52.70.240.171 - - [06/Mar/2024:05:25:09 -0500] "GET /BLA/resoluciones/RESOLUCIONES%202007/RES%202007%201101%20AL%201200/RESOLUCION%201147%20DE%202007.pdf HTTP/1.1" 200 497954
23.22.35.162 - - [06/Mar/2024:05:25:12 -0500] "GET /BLA/resoluciones/RESOLUCIONES%202007/RES%202007%201101%20AL%201200/RESOLUCION%201146%20DE%202007.pdf HTTP/1.1" 200 98939
52.70.240.171 - - [06/Mar/2024:05:25:16 -0500] "GET /BLA/resoluciones/RESOLUCIONES%202007/RES%202007%201101%20AL%201200/RESOLUCION%201145%20DE%202007.pdf HTTP/1.1" 200 532955
3.224.220.101 - - [06/Mar/2024:05:25:20 -0500] "GET /BLA/resoluciones/RESOLUCIONES%202007/RES%202007%201101%20AL%201200/RESOLUCION%201144%20DE%202007.pdf HTTP/1.1" 200 419547
3.224.220.101 - - [06/Mar/2024:05:25:24 -0500] "GET /BLA/resoluciones/RESOLUCIONES%202007/RES%202007%201101%20AL%201200/RESOLUCION%201143%20DE%202007.pdf HTTP/1.1" 200 30553
23.22.35.162 - - [06/Mar/2024:05:25:28 -0500] "GET /BLA/resoluciones/RESOLUCIONES%202007/RES%202007%201101%20AL%201200/RESOLUCION%201142%20DE%202007.pdf HTTP/1.1" 200 59457
3.224.220.101 - - [06/Mar/2024:05:25:32 -0500] "GET /BLA/resoluciones/RESOLUCIONES%202007/RES%202007%201101%20AL%201200/RESOLUCION%201141%20DE%202007.pdf HTTP/1.1" 200 919130
201.245.192.253 - - [06/Mar/2024:05:25:31 -0500] "POST /kwsrmcab/Wsrmcab  HTTP/1.1" 200 39632
3.224.220.101 - - [06/Mar/2024:05:25:36 -0500] "GET /BLA/resoluciones/RESOLUCIONES%202007/RES%202007%201101%20AL%201200/RESOLUCION%201140%20DE%202007.pdf HTTP/1.1" 200 1669585
23.22.35.162 - - [06/Mar/2024:05:25:40 -0500] "GET /BLA/resoluciones/RESOLUCIONES%202007/RES%202007%201101%20AL%201200/RESOLUCION%201139%20DE%202007.pdf HTTP/1.1" 200 548818
23.22.35.162 - - [06/Mar/2024:05:25:45 -0500] "GET /BLA/resoluciones/RESOLUCIONES%202007/RES%202007%201101%20AL%201200/RESOLUCION%201138%20DE%202007.pdf HTTP/1.1" 200 811613
23.22.35.162 - - [06/Mar/2024:05:25:48 -0500] "GET /BLA/resoluciones/RESOLUCIONES%202007/RES%202007%201101%20AL%201200/RESOLUCION%201137%20DE%202007.pdf HTTP/1.1" 200 80629
23.22.35.162 - - [06/Mar/2024:05:25:52 -0500] "GET /BLA/resoluciones/RESOLUCIONES%202007/RES%202007%201101%20AL%201200/RESOLUCION%201136%20DE%202007.pdf HTTP/1.1" 200 677138
52.70.240.171 - - [06/Mar/2024:05:25:56 -0500] "GET /BLA/resoluciones/RESOLUCIONES%202007/RES%202007%201101%20AL%201200/RESOLUCION%201135%20DE%202007.pdf HTTP/1.1" 200 157699
3.224.220.101 - - [06/Mar/2024:05:26:00 -0500] "GET /BLA/resoluciones/RESOLUCIONES%202007/RES%202007%201101%20AL%201200/RESOLUCION%201134%20DE%202007.pdf HTTP/1.1" 200 312384
23.22.35.162 - - [06/Mar/2024:05:26:04 -0500] "GET /BLA/resoluciones/RESOLUCIONES%202007/RES%202007%201101%20AL%201200/RESOLUCION%201133%20DE%202007.pdf HTTP/1.1" 200 222947
23.22.35.162 - - [06/Mar/2024:05:26:08 -0500] "GET /BLA/resoluciones/RESOLUCIONES%202007/RES%202007%201101%20AL%201200/RESOLUCION%201132%20DE%202007.pdf HTTP/1.1" 200 237264
3.224.220.101 - - [06/Mar/2024:05:26:12 -0500] "GET /BLA/resoluciones/RESOLUCIONES%202007/RES%202007%201101%20AL%201200/RESOLUCION%201131%20DE%202007.pdf HTTP/1.1" 200 231391
3.224.220.101 - - [06/Mar/2024:05:26:16 -0500] "GET /BLA/resoluciones/RESOLUCIONES%202007/RES%202007%201101%20AL%201200/RESOLUCION%201130%20DE%202007.pdf HTTP/1.1" 200 631535
23.22.35.162 - - [06/Mar/2024:05:26:20 -0500] "GET /BLA/resoluciones/RESOLUCIONES%202007/RES%202007%201101%20AL%201200/RESOLUCION%201129%20DE%202007.pdf HTTP/1.1" 200 204557
3.224.220.101 - - [06/Mar/2024:05:26:24 -0500] "GET /BLA/resoluciones/RESOLUCIONES%202007/RES%202007%201101%20AL%201200/RESOLUCION%201128%20DE%202007.pdf HTTP/1.1" 200 262757
23.22.35.162 - - [06/Mar/2024:05:26:28 -0500] "GET /BLA/resoluciones/RESOLUCIONES%202007/RES%202007%201101%20AL%201200/RESOLUCION%201127%20DE%202007.pdf HTTP/1.1" 200 222181
23.22.35.162 - - [06/Mar/2024:05:26:32 -0500] "GET /BLA/resoluciones/RESOLUCIONES%202007/RES%202007%201101%20AL%201200/RESOLUCION%201126%20DE%202007.pdf HTTP/1.1" 200 291264
52.70.240.171 - - [06/Mar/2024:05:26:37 -0500] "GET /BLA/resoluciones/RESOLUCIONES%202007/RES%202007%201101%20AL%201200/RESOLUCION%201125%20DE%202007.pdf HTTP/1.1" 200 362512
3.224.220.101 - - [06/Mar/2024:05:26:40 -0500] "GET /BLA/resoluciones/RESOLUCIONES%202007/RES%202007%201101%20AL%201200/RESOLUCION%201124%20DE%202007.pdf HTTP/1.1" 200 29554
52.70.240.171 - - [06/Mar/2024:05:26:44 -0500] "GET /BLA/resoluciones/RESOLUCIONES%202007/RES%202007%201101%20AL%201200/RESOLUCION%201123%20DE%202007.pdf HTTP/1.1" 200 205115
52.70.240.171 - - [06/Mar/2024:05:26:49 -0500] "GET /BLA/resoluciones/RESOLUCIONES%202007/RES%202007%201101%20AL%201200/RESOLUCION%201122%20DE%202007.pdf HTTP/1.1" 200 153056
23.22.35.162 - - [06/Mar/2024:05:26:52 -0500] "GET /BLA/resoluciones/RESOLUCIONES%202007/RES%202007%201101%20AL%201200/RESOLUCION%201121%20DE%202007.pdf HTTP/1.1" 200 514184
52.70.240.171 - - [06/Mar/2024:05:27:00 -0500] "GET /BLA/resoluciones/RESOLUCIONES%202007/RES%202007%201101%20AL%201200/RESOLUCION%201120%20DE%202007.pdf HTTP/1.1" 200 265754
23.22.35.162 - - [06/Mar/2024:05:27:01 -0500] "GET /BLA/resoluciones/RESOLUCIONES%202007/RES%202007%201101%20AL%201200/RESOLUCION%201119%20DE%202007.pdf HTTP/1.1" 200 317929
52.70.240.171 - - [06/Mar/2024:05:27:05 -0500] "GET /BLA/resoluciones/RESOLUCIONES%202007/RES%202007%201101%20AL%201200/RESOLUCION%201118%20DE%202007.pdf HTTP/1.1" 200 347464
52.70.240.171 - - [06/Mar/2024:05:27:08 -0500] "GET /BLA/resoluciones/RESOLUCIONES%202007/RES%202007%201101%20AL%201200/RESOLUCION%201117%20DE%202007.pdf HTTP/1.1" 200 347464
181.61.157.160 - - [06/Mar/2024:05:27:10 -0500] "GET /sipse/faces/javax.faces.resource/theme.css?ln=primefaces-sipse HTTP/1.1" 304 -
181.61.157.160 - - [06/Mar/2024:05:27:09 -0500] "POST /sipse/faces/presentacion/financiero/solicitudProceso/consultarSolicitudProceso.xhtml HTTP/1.1" 200 187587
181.61.157.160 - - [06/Mar/2024:05:27:10 -0500] "GET /sipse/faces/javax.faces.resource/primefaces.css?ln=primefaces&v=4.0 HTTP/1.1" 304 -
181.61.157.160 - - [06/Mar/2024:05:27:10 -0500] "GET /sipse/faces/javax.faces.resource/layout/layout.css?ln=primefaces&v=4.0 HTTP/1.1" 304 -
181.61.157.160 - - [06/Mar/2024:05:27:10 -0500] "GET /sipse/faces/javax.faces.resource/jquery/jquery-plugins.js?ln=primefaces&v=4.0 HTTP/1.1" 304 -
181.61.157.160 - - [06/Mar/2024:05:27:10 -0500] "GET /sipse/faces/javax.faces.resource/jquery/jquery.js?ln=primefaces&v=4.0 HTTP/1.1" 304 -
181.61.157.160 - - [06/Mar/2024:05:27:10 -0500] "GET /sipse/faces/javax.faces.resource/layout/layout.js?ln=primefaces&v=4.0 HTTP/1.1" 304 -
181.61.157.160 - - [06/Mar/2024:05:27:10 -0500] "GET /sipse/faces/javax.faces.resource/primefaces.js?ln=primefaces&v=4.0 HTTP/1.1" 304 -
23.22.35.162 - - [06/Mar/2024:05:27:13 -0500] "GET /BLA/resoluciones/RESOLUCIONES%202007/RES%202007%201101%20AL%201200/RESOLUCION%201116%20DE%202007.pdf HTTP/1.1" 200 141106
181.61.157.160 - - [06/Mar/2024:05:27:13 -0500] "GET /sipse/faces/javax.faces.resource/images/ui-icons_898989_256x240.png?ln=primefaces-aristo HTTP/1.1" 304 -
181.61.157.160 - - [06/Mar/2024:05:27:14 -0500] "GET /sipse/css/imagen/contrasena.png HTTP/1.1" 404 383
23.22.35.162 - - [06/Mar/2024:05:27:16 -0500] "GET /BLA/resoluciones/RESOLUCIONES%202007/RES%202007%201101%20AL%201200/RESOLUCION%201115%20DE%202007.pdf HTTP/1.1" 200 133294
181.61.157.160 - - [06/Mar/2024:05:27:17 -0500] "GET /sipse/faces/javax.faces.resource/images/ui-bg_flat_0_2d5972_40x100.png?ln=primefaces-aristo HTTP/1.1" 304 -
181.61.157.160 - - [06/Mar/2024:05:27:17 -0500] "POST /sipse/faces/presentacion/financiero/solicitudProceso/consultarSolicitudProceso.xhtml HTTP/1.1" 200 58966
181.61.157.160 - - [06/Mar/2024:05:27:20 -0500] "GET /sipse/faces/javax.faces.resource/theme.css?ln=primefaces-sipse HTTP/1.1" 304 -
181.61.157.160 - - [06/Mar/2024:05:27:20 -0500] "GET /sipse/faces/javax.faces.resource/primefaces.css?ln=primefaces&v=4.0 HTTP/1.1" 304 -
181.61.157.160 - - [06/Mar/2024:05:27:20 -0500] "GET /sipse/faces/javax.faces.resource/layout/layout.css?ln=primefaces&v=4.0 HTTP/1.1" 304 -
181.61.157.160 - - [06/Mar/2024:05:27:20 -0500] "GET /sipse/faces/javax.faces.resource/jquery/jquery.js?ln=primefaces&v=4.0 HTTP/1.1" 304 -
181.61.157.160 - - [06/Mar/2024:05:27:20 -0500] "GET /sipse/faces/javax.faces.resource/jquery/jquery-plugins.js?ln=primefaces&v=4.0 HTTP/1.1" 304 -
3.224.220.101 - - [06/Mar/2024:05:27:20 -0500] "GET /BLA/resoluciones/RESOLUCIONES%202007/RES%202007%201101%20AL%201200/RESOLUCION%201114%20DE%202007.pdf HTTP/1.1" 200 232969
181.61.157.160 - - [06/Mar/2024:05:27:20 -0500] "GET /sipse/faces/javax.faces.resource/primefaces.js?ln=primefaces&v=4.0 HTTP/1.1" 304 -
181.61.157.160 - - [06/Mar/2024:05:27:20 -0500] "GET /sipse/faces/javax.faces.resource/layout/layout.js?ln=primefaces&v=4.0 HTTP/1.1" 304 -
181.61.157.160 - - [06/Mar/2024:05:27:20 -0500] "GET /sipse/faces/javax.faces.resource/messages/messages.png?ln=primefaces&v=4.0 HTTP/1.1" 304 -
181.61.157.160 - - [06/Mar/2024:05:27:20 -0500] "POST /sipse/faces/presentacion/financiero/solicitudProceso/listarSolicitudProceso.xhtml HTTP/1.1" 200 1556
23.22.35.162 - - [06/Mar/2024:05:27:24 -0500] "GET /BLA/resoluciones/RESOLUCIONES%202007/RES%202007%201101%20AL%201200/RESOLUCION%201113%20DE%202007.pdf HTTP/1.1" 200 237589
3.224.220.101 - - [06/Mar/2024:05:27:28 -0500] "GET /BLA/resoluciones/RESOLUCIONES%202007/RES%202007%201101%20AL%201200/RESOLUCION%201112%20DE%202007.pdf HTTP/1.1" 200 301708
23.22.35.162 - - [06/Mar/2024:05:27:32 -0500] "GET /BLA/resoluciones/RESOLUCIONES%202007/RES%202007%201101%20AL%201200/RESOLUCION%201111%20DE%202007.pdf HTTP/1.1" 200 221885
3.224.220.101 - - [06/Mar/2024:05:27:36 -0500] "GET /BLA/resoluciones/RESOLUCIONES%202007/RES%202007%201101%20AL%201200/RESOLUCION%201110%20DE%202007.pdf HTTP/1.1" 200 195116
52.167.144.212 - - [06/Mar/2024:05:27:40 -0500] "GET /BLA/resoluciones/RESOLUCIONES%202021/1531.pdf HTTP/1.1" 304 -
3.224.220.101 - - [06/Mar/2024:05:27:40 -0500] "GET /BLA/resoluciones/RESOLUCIONES%202007/RES%202007%201101%20AL%201200/RESOLUCION%201109%20DE%202007.pdf HTTP/1.1" 200 268222
52.70.240.171 - - [06/Mar/2024:05:27:45 -0500] "GET /BLA/resoluciones/RESOLUCIONES%202007/RES%202007%201101%20AL%201200/RESOLUCION%201108%20DE%202007.pdf HTTP/1.1" 200 306552
3.224.220.101 - - [06/Mar/2024:05:27:48 -0500] "GET /BLA/resoluciones/RESOLUCIONES%202007/RES%202007%201101%20AL%201200/RESOLUCION%201107%20DE%202007.pdf HTTP/1.1" 200 298603
3.224.220.101 - - [06/Mar/2024:05:27:52 -0500] "GET /BLA/resoluciones/RESOLUCIONES%202007/RES%202007%201101%20AL%201200/RESOLUCION%201106%20DE%202007.pdf HTTP/1.1" 200 402016
181.61.157.160 - - [06/Mar/2024:05:27:53 -0500] "POST /sipse/faces/presentacion/financiero/solicitudProceso/listarSolicitudProceso.xhtml HTTP/1.1" 200 25438
23.22.35.162 - - [06/Mar/2024:05:27:58 -0500] "GET /BLA/resoluciones/RESOLUCIONES%202007/RES%202007%201101%20AL%201200/RESOLUCION%201105%20DE%202007.pdf HTTP/1.1" 200 161833
181.61.157.160 - - [06/Mar/2024:05:27:58 -0500] "POST /sipse/faces/presentacion/financiero/solicitudProceso/listarSolicitudProceso.xhtml HTTP/1.1" 200 139191
181.61.157.160 - - [06/Mar/2024:05:27:59 -0500] "GET /sipse/faces/javax.faces.resource/theme.css?ln=primefaces-sipse HTTP/1.1" 304 -
181.61.157.160 - - [06/Mar/2024:05:27:59 -0500] "GET /sipse/faces/javax.faces.resource/primefaces.css?ln=primefaces&v=4.0 HTTP/1.1" 304 -
181.61.157.160 - - [06/Mar/2024:05:27:59 -0500] "GET /sipse/faces/javax.faces.resource/layout/layout.css?ln=primefaces&v=4.0 HTTP/1.1" 304 -
181.61.157.160 - - [06/Mar/2024:05:27:59 -0500] "GET /sipse/faces/javax.faces.resource/jquery/jquery.js?ln=primefaces&v=4.0 HTTP/1.1" 304 -
181.61.157.160 - - [06/Mar/2024:05:27:59 -0500] "GET /sipse/faces/javax.faces.resource/jquery/jquery-plugins.js?ln=primefaces&v=4.0 HTTP/1.1" 304 -
181.61.157.160 - - [06/Mar/2024:05:27:59 -0500] "GET /sipse/faces/javax.faces.resource/primefaces.js?ln=primefaces&v=4.0 HTTP/1.1" 304 -
181.61.157.160 - - [06/Mar/2024:05:27:59 -0500] "GET /sipse/faces/javax.faces.resource/layout/layout.js?ln=primefaces&v=4.0 HTTP/1.1" 304 -
52.70.240.171 - - [06/Mar/2024:05:28:01 -0500] "GET /BLA/resoluciones/RESOLUCIONES%202007/RES%202007%201101%20AL%201200/RESOLUCION%201104%20DE%202007.pdf HTTP/1.1" 200 544876
52.70.240.171 - - [06/Mar/2024:05:28:05 -0500] "GET /BLA/resoluciones/RESOLUCIONES%202007/RES%202007%201101%20AL%201200/RESOLUCION%201103%20DE%202007.pdf HTTP/1.1" 200 230020
172.22.2.4 - - [06/Mar/2024:05:26:25 -0500] "HEAD /BLA/boletinlegal/ HTTP/1.1" 200 -
181.32.216.15 - - [06/Mar/2024:05:28:07 -0500] "POST /sipse/faces/presentacion/financiero/estudioPrevio/personalSolicitado/personalSolicitadoSolicitudProceso.xhtml HTTP/1.1" 200 44057
181.32.216.15 - - [06/Mar/2024:05:28:07 -0500] "GET /sipse/faces/javax.faces.resource/primefaces.js?ln=primefaces&v=4.0 HTTP/1.1" 304 -
181.32.216.15 - - [06/Mar/2024:05:28:07 -0500] "GET /sipse/faces/javax.faces.resource/primefaces.css?ln=primefaces&v=4.0 HTTP/1.1" 304 -
181.32.216.15 - - [06/Mar/2024:05:28:07 -0500] "GET /sipse/faces/javax.faces.resource/layout/layout.css?ln=primefaces&v=4.0 HTTP/1.1" 304 -
181.32.216.15 - - [06/Mar/2024:05:28:07 -0500] "GET /sipse/faces/javax.faces.resource/layout/layout.js?ln=primefaces&v=4.0 HTTP/1.1" 304 -
181.32.216.15 - - [06/Mar/2024:05:28:07 -0500] "GET /sipse/faces/javax.faces.resource/theme.css?ln=primefaces-sipse HTTP/1.1" 304 -
181.32.216.15 - - [06/Mar/2024:05:28:07 -0500] "GET /sipse/faces/javax.faces.resource/jquery/jquery-plugins.js?ln=primefaces&v=4.0 HTTP/1.1" 304 -
181.32.216.15 - - [06/Mar/2024:05:28:07 -0500] "GET /sipse/faces/javax.faces.resource/jquery/jquery.js?ln=primefaces&v=4.0 HTTP/1.1" 304 -
181.32.216.15 - - [06/Mar/2024:05:28:07 -0500] "GET /sipse/css/imagen/contrasena.png HTTP/1.1" 404 383
181.32.216.15 - - [06/Mar/2024:05:28:07 -0500] "GET /sipse/faces/javax.faces.resource/images/ui-icons_898989_256x240.png?ln=primefaces-aristo HTTP/1.1" 304 -
181.32.216.15 - - [06/Mar/2024:05:28:07 -0500] "GET /sipse/faces/javax.faces.resource/messages/messages.png?ln=primefaces&v=4.0 HTTP/1.1" 304 -
23.22.35.162 - - [06/Mar/2024:05:28:08 -0500] "GET /BLA/resoluciones/RESOLUCIONES%202007/RES%202007%201101%20AL%201200/RESOLUCION%201102%20DE%202007.pdf HTTP/1.1" 200 294638
3.224.220.101 - - [06/Mar/2024:05:28:12 -0500] "GET /BLA/resoluciones/RESOLUCIONES%202007/RES%202007%201101%20AL%201200/RESOLUCION%201101%20DE%202007.pdf HTTP/1.1" 200 221558
181.61.157.160 - - [06/Mar/2024:05:28:17 -0500] "POST /sipse/faces/presentacion/financiero/solicitudProceso/consultarSolicitudProceso.xhtml HTTP/1.1" 200 5514
52.70.240.171 - - [06/Mar/2024:05:28:17 -0500] "GET /BLA/resoluciones/RESOLUCIONES%202007/RES%202007%201201%20AL%201300/RESOLUCION%201295%20DE%202007.pdf HTTP/1.1" 200 2503255
3.224.220.101 - - [06/Mar/2024:05:28:20 -0500] "GET /BLA/resoluciones/RESOLUCIONES%202007/RES%202007%201201%20AL%201300/RESOLUCION%201294%20DE%202007.pdf HTTP/1.1" 200 826373
181.32.216.15 - - [06/Mar/2024:05:28:23 -0500] "GET /sipse/faces/index.xhtml HTTP/1.1" 200 677
181.32.216.15 - - [06/Mar/2024:05:28:24 -0500] "GET /sipse/faces/javax.faces.resource/theme.css?ln=primefaces-sipse HTTP/1.1" 304 -
181.32.216.15 - - [06/Mar/2024:05:28:24 -0500] "GET /sipse/faces/faces/autenticacion.xhtml HTTP/1.1" 200 12414
181.32.216.15 - - [06/Mar/2024:05:28:24 -0500] "GET /sipse/faces/javax.faces.resource/theme.css?ln=primefaces-sipse HTTP/1.1" 304 -
181.32.216.15 - - [06/Mar/2024:05:28:24 -0500] "GET /sipse/faces/javax.faces.resource/primefaces.css?ln=primefaces&v=4.0 HTTP/1.1" 304 -
181.32.216.15 - - [06/Mar/2024:05:28:24 -0500] "GET /sipse/faces/javax.faces.resource/layout/layout.js?ln=primefaces&v=4.0 HTTP/1.1" 304 -
181.32.216.15 - - [06/Mar/2024:05:28:24 -0500] "GET /sipse/faces/javax.faces.resource/primefaces.js?ln=primefaces&v=4.0 HTTP/1.1" 304 -
181.32.216.15 - - [06/Mar/2024:05:28:24 -0500] "GET /sipse/faces/javax.faces.resource/layout/layout.css?ln=primefaces&v=4.0 HTTP/1.1" 304 -
181.32.216.15 - - [06/Mar/2024:05:28:24 -0500] "GET /sipse/faces/javax.faces.resource/jquery/jquery-plugins.js?ln=primefaces&v=4.0 HTTP/1.1" 304 -
181.32.216.15 - - [06/Mar/2024:05:28:24 -0500] "GET /sipse/faces/javax.faces.resource/jquery/jquery.js?ln=primefaces&v=4.0 HTTP/1.1" 304 -
181.32.216.15 - - [06/Mar/2024:05:28:24 -0500] "GET /sipse/faces/javax.faces.resource/images/ui-icons_898989_256x240.png?ln=primefaces-aristo HTTP/1.1" 304 -
52.70.240.171 - - [06/Mar/2024:05:28:25 -0500] "GET /BLA/resoluciones/RESOLUCIONES%202007/RES%202007%201201%20AL%201300/RESOLUCION%201293%20DE%202007.pdf HTTP/1.1" 200 916458
181.32.216.15 - - [06/Mar/2024:05:28:27 -0500] "POST /sipse/faces/autenticacion.xhtml HTTP/1.1" 200 2220
3.224.220.101 - - [06/Mar/2024:05:28:28 -0500] "GET /BLA/resoluciones/RESOLUCIONES%202007/RES%202007%201201%20AL%201300/RESOLUCION%201292%20DE%202007.pdf HTTP/1.1" 200 879548
181.32.216.15 - - [06/Mar/2024:05:28:29 -0500] "POST /sipse/faces/autenticacion.xhtml HTTP/1.1" 200 16509
181.32.216.15 - - [06/Mar/2024:05:28:29 -0500] "GET /sipse/faces/javax.faces.resource/theme.css?ln=primefaces-sipse HTTP/1.1" 304 -
181.32.216.15 - - [06/Mar/2024:05:28:29 -0500] "GET /sipse/faces/javax.faces.resource/layout/layout.css?ln=primefaces&v=4.0 HTTP/1.1" 304 -
181.32.216.15 - - [06/Mar/2024:05:28:29 -0500] "GET /sipse/faces/javax.faces.resource/primefaces.css?ln=primefaces&v=4.0 HTTP/1.1" 304 -
181.32.216.15 - - [06/Mar/2024:05:28:29 -0500] "GET /sipse/faces/javax.faces.resource/jquery/jquery.js?ln=primefaces&v=4.0 HTTP/1.1" 304 -
181.32.216.15 - - [06/Mar/2024:05:28:29 -0500] "GET /sipse/faces/javax.faces.resource/jquery/jquery-plugins.js?ln=primefaces&v=4.0 HTTP/1.1" 304 -
181.32.216.15 - - [06/Mar/2024:05:28:29 -0500] "GET /sipse/faces/javax.faces.resource/primefaces.js?ln=primefaces&v=4.0 HTTP/1.1" 304 -
181.32.216.15 - - [06/Mar/2024:05:28:29 -0500] "GET /sipse/faces/javax.faces.resource/layout/layout.js?ln=primefaces&v=4.0 HTTP/1.1" 304 -
172.22.2.4 - - [06/Mar/2024:05:28:29 -0500] "GET /BLA/boletinlegal/robots.txt HTTP/1.1" 404 1038
3.224.220.101 - - [06/Mar/2024:05:28:32 -0500] "GET /BLA/resoluciones/RESOLUCIONES%202007/RES%202007%201201%20AL%201300/RESOLUCION%201291%20DE%202007.pdf HTTP/1.1" 200 961550
181.32.216.15 - - [06/Mar/2024:05:28:35 -0500] "GET /sipse/faces/javax.faces.resource/images/ui-bg_flat_0_2d5972_40x100.png?ln=primefaces-aristo HTTP/1.1" 304 -
181.32.216.15 - - [06/Mar/2024:05:28:35 -0500] "POST /sipse/faces/bienvenido.xhtml HTTP/1.1" 200 2658
23.22.35.162 - - [06/Mar/2024:05:28:36 -0500] "GET /BLA/resoluciones/RESOLUCIONES%202007/RES%202007%201201%20AL%201300/RESOLUCION%201290%20DE%202007.pdf HTTP/1.1" 200 50004
181.32.216.15 - - [06/Mar/2024:05:28:36 -0500] "POST /sipse/faces/bienvenido.xhtml HTTP/1.1" 200 64392
181.32.216.15 - - [06/Mar/2024:05:28:38 -0500] "GET /sipse/faces/javax.faces.resource/theme.css?ln=primefaces-sipse HTTP/1.1" 304 -
181.32.216.15 - - [06/Mar/2024:05:28:38 -0500] "GET /sipse/faces/javax.faces.resource/primefaces.css?ln=primefaces&v=4.0 HTTP/1.1" 304 -
181.32.216.15 - - [06/Mar/2024:05:28:38 -0500] "GET /sipse/faces/javax.faces.resource/layout/layout.css?ln=primefaces&v=4.0 HTTP/1.1" 304 -
181.32.216.15 - - [06/Mar/2024:05:28:38 -0500] "GET /sipse/faces/javax.faces.resource/jquery/jquery.js?ln=primefaces&v=4.0 HTTP/1.1" 304 -
181.32.216.15 - - [06/Mar/2024:05:28:38 -0500] "GET /sipse/faces/javax.faces.resource/jquery/jquery-plugins.js?ln=primefaces&v=4.0 HTTP/1.1" 304 -
181.32.216.15 - - [06/Mar/2024:05:28:38 -0500] "GET /sipse/faces/javax.faces.resource/primefaces.js?ln=primefaces&v=4.0 HTTP/1.1" 304 -
181.32.216.15 - - [06/Mar/2024:05:28:38 -0500] "GET /sipse/faces/javax.faces.resource/layout/layout.js?ln=primefaces&v=4.0 HTTP/1.1" 304 -
181.32.216.15 - - [06/Mar/2024:05:28:38 -0500] "POST /sipse/faces/presentacion/financiero/solicitudProceso/listarSolicitudProceso.xhtml HTTP/1.1" 200 1556
23.22.35.162 - - [06/Mar/2024:05:28:40 -0500] "GET /BLA/resoluciones/RESOLUCIONES%202007/RES%202007%201201%20AL%201300/RESOLUCION%201289%20DE%202007.pdf HTTP/1.1" 200 1037348
23.22.35.162 - - [06/Mar/2024:05:28:44 -0500] "GET /BLA/resoluciones/RESOLUCIONES%202007/RES%202007%201201%20AL%201300/RESOLUCION%201288%20DE%202007.pdf HTTP/1.1" 200 159278
23.22.35.162 - - [06/Mar/2024:05:28:48 -0500] "GET /BLA/resoluciones/RESOLUCIONES%202007/RES%202007%201201%20AL%201300/RESOLUCION%201287%20DE%202007.pdf HTTP/1.1" 200 53908
23.22.35.162 - - [06/Mar/2024:05:28:52 -0500] "GET /BLA/resoluciones/RESOLUCIONES%202007/RES%202007%201201%20AL%201300/RESOLUCION%201286%20DE%202007.pdf HTTP/1.1" 200 295006
172.22.2.4 - - [06/Mar/2024:05:27:16 -0500] "GET /BLA/boletinlegal/ HTTP/1.1" 200 58720
23.22.35.162 - - [06/Mar/2024:05:28:57 -0500] "GET /BLA/resoluciones/RESOLUCIONES%202007/RES%202007%201201%20AL%201300/RESOLUCION%201285%20DE%202007.pdf HTTP/1.1" 200 922699
186.80.108.8 - - [06/Mar/2024:05:28:58 -0500] "GET /sipse/faces/faces/autenticacion.xhtml HTTP/1.1" 200 12405
186.80.108.8 - - [06/Mar/2024:05:28:58 -0500] "GET /sipse/faces/javax.faces.resource/primefaces.css?ln=primefaces&v=4.0 HTTP/1.1" 304 -
186.80.108.8 - - [06/Mar/2024:05:28:58 -0500] "GET /sipse/faces/javax.faces.resource/theme.css?ln=primefaces-sipse HTTP/1.1" 304 -
186.80.108.8 - - [06/Mar/2024:05:28:58 -0500] "GET /sipse/faces/javax.faces.resource/jquery/jquery-plugins.js?ln=primefaces&v=4.0 HTTP/1.1" 304 -
186.80.108.8 - - [06/Mar/2024:05:28:58 -0500] "GET /sipse/faces/javax.faces.resource/layout/layout.css?ln=primefaces&v=4.0 HTTP/1.1" 304 -
186.80.108.8 - - [06/Mar/2024:05:28:58 -0500] "GET /sipse/faces/javax.faces.resource/primefaces.js?ln=primefaces&v=4.0 HTTP/1.1" 304 -
186.80.108.8 - - [06/Mar/2024:05:28:58 -0500] "GET /sipse/faces/javax.faces.resource/jquery/jquery.js?ln=primefaces&v=4.0 HTTP/1.1" 304 -
186.80.108.8 - - [06/Mar/2024:05:28:58 -0500] "GET /sipse/faces/javax.faces.resource/layout/layout.js?ln=primefaces&v=4.0 HTTP/1.1" 304 -
186.80.108.8 - - [06/Mar/2024:05:28:58 -0500] "GET /sipse/faces/javax.faces.resource/images/ui-icons_898989_256x240.png?ln=primefaces-aristo HTTP/1.1" 304 -
186.80.108.8 - - [06/Mar/2024:05:28:58 -0500] "GET /sipse/faces/faces/index.xhtml HTTP/1.1" 200 677
186.80.108.8 - - [06/Mar/2024:05:28:59 -0500] "GET /sipse/faces/javax.faces.resource/theme.css?ln=primefaces-sipse HTTP/1.1" 304 -
186.80.108.8 - - [06/Mar/2024:05:28:59 -0500] "GET /sipse/faces/faces/faces/autenticacion.xhtml HTTP/1.1" 200 12405
186.80.108.8 - - [06/Mar/2024:05:28:59 -0500] "GET /sipse/faces/javax.faces.resource/layout/layout.css?ln=primefaces&v=4.0 HTTP/1.1" 304 -
186.80.108.8 - - [06/Mar/2024:05:28:59 -0500] "GET /sipse/faces/javax.faces.resource/theme.css?ln=primefaces-sipse HTTP/1.1" 304 -
186.80.108.8 - - [06/Mar/2024:05:28:59 -0500] "GET /sipse/faces/javax.faces.resource/primefaces.css?ln=primefaces&v=4.0 HTTP/1.1" 304 -
186.80.108.8 - - [06/Mar/2024:05:28:59 -0500] "GET /sipse/faces/javax.faces.resource/primefaces.js?ln=primefaces&v=4.0 HTTP/1.1" 304 -
186.80.108.8 - - [06/Mar/2024:05:28:59 -0500] "GET /sipse/faces/javax.faces.resource/jquery/jquery.js?ln=primefaces&v=4.0 HTTP/1.1" 304 -
186.80.108.8 - - [06/Mar/2024:05:28:59 -0500] "GET /sipse/faces/javax.faces.resource/jquery/jquery-plugins.js?ln=primefaces&v=4.0 HTTP/1.1" 304 -
186.80.108.8 - - [06/Mar/2024:05:28:59 -0500] "GET /sipse/faces/javax.faces.resource/layout/layout.js?ln=primefaces&v=4.0 HTTP/1.1" 304 -
3.224.220.101 - - [06/Mar/2024:05:29:00 -0500] "GET /BLA/resoluciones/RESOLUCIONES%202007/RES%202007%201201%20AL%201300/RESOLUCION%201284%20DE%202007.pdf HTTP/1.1" 200 31881
186.80.108.8 - - [06/Mar/2024:05:29:03 -0500] "POST /sipse/faces/autenticacion.xhtml HTTP/1.1" 200 11258
186.80.108.8 - - [06/Mar/2024:05:29:03 -0500] "GET /sipse/faces/javax.faces.resource/theme.css?ln=primefaces-sipse HTTP/1.1" 304 -
186.80.108.8 - - [06/Mar/2024:05:29:03 -0500] "GET /sipse/faces/javax.faces.resource/primefaces.css?ln=primefaces&v=4.0 HTTP/1.1" 304 -
186.80.108.8 - - [06/Mar/2024:05:29:03 -0500] "GET /sipse/faces/javax.faces.resource/layout/layout.css?ln=primefaces&v=4.0 HTTP/1.1" 304 -
186.80.108.8 - - [06/Mar/2024:05:29:03 -0500] "GET /sipse/faces/javax.faces.resource/jquery/jquery.js?ln=primefaces&v=4.0 HTTP/1.1" 304 -
186.80.108.8 - - [06/Mar/2024:05:29:03 -0500] "GET /sipse/faces/javax.faces.resource/jquery/jquery-plugins.js?ln=primefaces&v=4.0 HTTP/1.1" 304 -
186.80.108.8 - - [06/Mar/2024:05:29:03 -0500] "GET /sipse/faces/javax.faces.resource/primefaces.js?ln=primefaces&v=4.0 HTTP/1.1" 304 -
186.80.108.8 - - [06/Mar/2024:05:29:03 -0500] "GET /sipse/faces/javax.faces.resource/layout/layout.js?ln=primefaces&v=4.0 HTTP/1.1" 304 -
186.80.108.8 - - [06/Mar/2024:05:29:03 -0500] "GET /sipse/faces/javax.faces.resource/messages/messages.png?ln=primefaces&v=4.0 HTTP/1.1" 304 -
23.22.35.162 - - [06/Mar/2024:05:29:04 -0500] "GET /BLA/resoluciones/RESOLUCIONES%202007/RES%202007%201201%20AL%201300/RESOLUCION%201283%20DE%202007.pdf HTTP/1.1" 200 223508
181.32.216.15 - - [06/Mar/2024:05:29:05 -0500] "POST /sipse/faces/presentacion/financiero/solicitudProceso/listarSolicitudProceso.xhtml HTTP/1.1" 200 12837
186.80.108.8 - - [06/Mar/2024:05:29:06 -0500] "GET /sipse/faces/javax.faces.resource/images/ui-icons_898989_256x240.png?ln=primefaces-aristo HTTP/1.1" 304 -
186.80.108.8 - - [06/Mar/2024:05:29:07 -0500] "POST /sipse/faces/presentacion/sistema/seguridad/seleccionRol.xhtml HTTP/1.1" 200 5624
186.80.108.8 - - [06/Mar/2024:05:29:08 -0500] "POST /sipse/faces/presentacion/sistema/seguridad/seleccionRol.xhtml HTTP/1.1" 200 15241
186.80.108.8 - - [06/Mar/2024:05:29:08 -0500] "GET /sipse/faces/javax.faces.resource/theme.css?ln=primefaces-sipse HTTP/1.1" 304 -
186.80.108.8 - - [06/Mar/2024:05:29:08 -0500] "GET /sipse/faces/javax.faces.resource/primefaces.css?ln=primefaces&v=4.0 HTTP/1.1" 304 -
186.80.108.8 - - [06/Mar/2024:05:29:08 -0500] "GET /sipse/faces/javax.faces.resource/layout/layout.css?ln=primefaces&v=4.0 HTTP/1.1" 304 -
186.80.108.8 - - [06/Mar/2024:05:29:08 -0500] "GET /sipse/faces/javax.faces.resource/jquery/jquery.js?ln=primefaces&v=4.0 HTTP/1.1" 304 -
186.80.108.8 - - [06/Mar/2024:05:29:08 -0500] "GET /sipse/faces/javax.faces.resource/jquery/jquery-plugins.js?ln=primefaces&v=4.0 HTTP/1.1" 304 -
186.80.108.8 - - [06/Mar/2024:05:29:08 -0500] "GET /sipse/faces/javax.faces.resource/primefaces.js?ln=primefaces&v=4.0 HTTP/1.1" 304 -
186.80.108.8 - - [06/Mar/2024:05:29:08 -0500] "GET /sipse/faces/javax.faces.resource/layout/layout.js?ln=primefaces&v=4.0 HTTP/1.1" 304 -
186.80.108.8 - - [06/Mar/2024:05:29:08 -0500] "GET /sipse/css/imagen/contrasena.png HTTP/1.1" 404 383
52.70.240.171 - - [06/Mar/2024:05:29:08 -0500] "GET /BLA/resoluciones/RESOLUCIONES%202007/RES%202007%201201%20AL%201300/RESOLUCION%201282%20DE%202007.pdf HTTP/1.1" 200 837034
186.80.108.8 - - [06/Mar/2024:05:29:10 -0500] "GET /sipse/faces/javax.faces.resource/images/ui-bg_flat_0_2d5972_40x100.png?ln=primefaces-aristo HTTP/1.1" 304 -
186.80.108.8 - - [06/Mar/2024:05:29:10 -0500] "POST /sipse/faces/bienvenido.xhtml HTTP/1.1" 200 3246
186.80.108.8 - - [06/Mar/2024:05:29:11 -0500] "POST /sipse/faces/bienvenido.xhtml HTTP/1.1" 200 63489
186.80.108.8 - - [06/Mar/2024:05:29:11 -0500] "GET /sipse/faces/javax.faces.resource/theme.css?ln=primefaces-sipse HTTP/1.1" 304 -
186.80.108.8 - - [06/Mar/2024:05:29:11 -0500] "GET /sipse/faces/javax.faces.resource/layout/layout.css?ln=primefaces&v=4.0 HTTP/1.1" 304 -
186.80.108.8 - - [06/Mar/2024:05:29:11 -0500] "GET /sipse/faces/javax.faces.resource/primefaces.css?ln=primefaces&v=4.0 HTTP/1.1" 304 -
186.80.108.8 - - [06/Mar/2024:05:29:11 -0500] "GET /sipse/faces/javax.faces.resource/jquery/jquery.js?ln=primefaces&v=4.0 HTTP/1.1" 304 -
186.80.108.8 - - [06/Mar/2024:05:29:11 -0500] "GET /sipse/faces/javax.faces.resource/jquery/jquery-plugins.js?ln=primefaces&v=4.0 HTTP/1.1" 304 -
186.80.108.8 - - [06/Mar/2024:05:29:11 -0500] "GET /sipse/faces/javax.faces.resource/primefaces.js?ln=primefaces&v=4.0 HTTP/1.1" 304 -
186.80.108.8 - - [06/Mar/2024:05:29:11 -0500] "GET /sipse/faces/javax.faces.resource/layout/layout.js?ln=primefaces&v=4.0 HTTP/1.1" 304 -
186.80.108.8 - - [06/Mar/2024:05:29:12 -0500] "POST /sipse/faces/presentacion/financiero/solicitudProceso/listarSolicitudProceso.xhtml HTTP/1.1" 200 1556
3.224.220.101 - - [06/Mar/2024:05:29:12 -0500] "GET /BLA/resoluciones/RESOLUCIONES%202007/RES%202007%201201%20AL%201300/RESOLUCION%201281%20DE%202007.pdf HTTP/1.1" 200 715494
3.224.220.101 - - [06/Mar/2024:05:29:16 -0500] "GET /BLA/resoluciones/RESOLUCIONES%202007/RES%202007%201201%20AL%201300/RESOLUCION%201280%20DE%202007.pdf HTTP/1.1" 200 95154
23.22.35.162 - - [06/Mar/2024:05:29:20 -0500] "GET /BLA/resoluciones/RESOLUCIONES%202007/RES%202007%201201%20AL%201300/RESOLUCION%201279%20DE%202007.pdf HTTP/1.1" 200 352925
66.249.73.129 - - [06/Mar/2024:05:29:24 -0500] "GET /portaldeninos/2021/05/30/gestion-del-riesgo/ HTTP/1.1" 200 94036
52.70.240.171 - - [06/Mar/2024:05:29:25 -0500] "GET /BLA/resoluciones/RESOLUCIONES%202007/RES%202007%201201%20AL%201300/RESOLUCION%201278%20DE%202007.pdf HTTP/1.1" 200 1162666
186.80.108.8 - - [06/Mar/2024:05:29:28 -0500] "POST /sipse/faces/presentacion/financiero/solicitudProceso/listarSolicitudProceso.xhtml HTTP/1.1" 200 20939
23.22.35.162 - - [06/Mar/2024:05:29:29 -0500] "GET /BLA/resoluciones/RESOLUCIONES%202007/RES%202007%201201%20AL%201300/RESOLUCION%201277%20DE%202007.pdf HTTP/1.1" 200 965490
52.70.240.171 - - [06/Mar/2024:05:29:32 -0500] "GET /BLA/resoluciones/RESOLUCIONES%202007/RES%202007%201201%20AL%201300/RESOLUCION%201276%20DE%202007.pdf HTTP/1.1" 200 489105
201.245.192.253 - - [06/Mar/2024:05:29:11 -0500] "POST /kwsrmcab/Wsrmcab HTTP/1.1" 200 37791
201.245.192.253 - - [06/Mar/2024:05:29:30 -0500] "POST /kwsrmcab/Wsrmcab HTTP/1.1" 200 37940
201.245.192.253 - - [06/Mar/2024:05:29:35 -0500] "POST /kwsrmcab/Wsrmcab HTTP/1.1" 200 37917
52.70.240.171 - - [06/Mar/2024:05:29:37 -0500] "GET /BLA/resoluciones/RESOLUCIONES%202007/RES%202007%201201%20AL%201300/RESOLUCION%201275%20DE%202007.pdf HTTP/1.1" 200 1043053
181.61.157.160 - - [06/Mar/2024:05:29:40 -0500] "POST /sipse/faces/presentacion/financiero/solicitudProceso/consultarSolicitudProceso.xhtml HTTP/1.1" 200 5525
52.70.240.171 - - [06/Mar/2024:05:29:40 -0500] "GET /BLA/resoluciones/RESOLUCIONES%202007/RES%202007%201201%20AL%201300/RESOLUCION%201274%20DE%202007.pdf HTTP/1.1" 200 887193
181.61.157.160 - - [06/Mar/2024:05:29:41 -0500] "GET /sipse/faces/javax.faces.resource/dynamiccontent.properties?ln=primefaces&pfdrid=XjOR5%2F%2FfPAZAuY9TpWQeCiM0BhlXxYRBGKi%2FQcXXfeA%3D&pfdrid_c=false HTTP/1.1" 200 120485
23.22.35.162 - - [06/Mar/2024:05:29:44 -0500] "GET /BLA/resoluciones/RESOLUCIONES%202007/RES%202007%201201%20AL%201300/RESOLUCION%201273%20DE%202007.pdf HTTP/1.1" 200 739487
181.32.216.15 - - [06/Mar/2024:05:29:46 -0500] "POST /sipse/faces/presentacion/financiero/solicitudProceso/listarSolicitudProceso.xhtml HTTP/1.1" 200 12837
23.22.35.162 - - [06/Mar/2024:05:29:48 -0500] "GET /BLA/resoluciones/RESOLUCIONES%202007/RES%202007%201201%20AL%201300/RESOLUCION%201272%20DE%202007.pdf HTTP/1.1" 200 304172
3.224.220.101 - - [06/Mar/2024:05:29:52 -0500] "GET /BLA/resoluciones/RESOLUCIONES%202007/RES%202007%201201%20AL%201300/RESOLUCION%201271%20DE%202007.pdf HTTP/1.1" 200 868044
3.224.220.101 - - [06/Mar/2024:05:29:56 -0500] "GET /BLA/resoluciones/RESOLUCIONES%202007/RES%202007%201201%20AL%201300/RESOLUCION%201270%20DE%202007.pdf HTTP/1.1" 200 213263
3.224.220.101 - - [06/Mar/2024:05:30:00 -0500] "GET /BLA/resoluciones/RESOLUCIONES%202007/RES%202007%201201%20AL%201300/RESOLUCION%201269%20DE%202007.pdf HTTP/1.1" 200 38200
23.22.35.162 - - [06/Mar/2024:05:30:04 -0500] "GET /BLA/resoluciones/RESOLUCIONES%202007/RES%202007%201201%20AL%201300/RESOLUCION%201268%20DE%202007.pdf HTTP/1.1" 200 77394
3.224.220.101 - - [06/Mar/2024:05:30:08 -0500] "GET /BLA/resoluciones/RESOLUCIONES%202007/RES%202007%201201%20AL%201300/RESOLUCION%201267%20DE%202007.pdf HTTP/1.1" 200 53204
216.245.221.92 - - [06/Mar/2024:05:30:08 -0500] "HEAD / HTTP/1.1" 200 -
23.22.35.162 - - [06/Mar/2024:05:30:12 -0500] "GET /BLA/resoluciones/RESOLUCIONES%202007/RES%202007%201201%20AL%201300/RESOLUCION%201266%20DE%202007.pdf HTTP/1.1" 200 663074
186.80.108.8 - - [06/Mar/2024:05:30:12 -0500] "POST /sipse/faces/presentacion/financiero/solicitudProceso/listarSolicitudProceso.xhtml HTTP/1.1" 200 124908
186.80.108.8 - - [06/Mar/2024:05:30:14 -0500] "GET /sipse/faces/javax.faces.resource/theme.css?ln=primefaces-sipse HTTP/1.1" 304 -
186.80.108.8 - - [06/Mar/2024:05:30:14 -0500] "GET /sipse/faces/javax.faces.resource/primefaces.css?ln=primefaces&v=4.0 HTTP/1.1" 304 -
186.80.108.8 - - [06/Mar/2024:05:30:14 -0500] "GET /sipse/faces/javax.faces.resource/layout/layout.css?ln=primefaces&v=4.0 HTTP/1.1" 304 -
186.80.108.8 - - [06/Mar/2024:05:30:14 -0500] "GET /sipse/faces/javax.faces.resource/jquery/jquery.js?ln=primefaces&v=4.0 HTTP/1.1" 304 -
186.80.108.8 - - [06/Mar/2024:05:30:14 -0500] "GET /sipse/faces/javax.faces.resource/jquery/jquery-plugins.js?ln=primefaces&v=4.0 HTTP/1.1" 304 -
186.80.108.8 - - [06/Mar/2024:05:30:14 -0500] "GET /sipse/faces/javax.faces.resource/primefaces.js?ln=primefaces&v=4.0 HTTP/1.1" 304 -
186.80.108.8 - - [06/Mar/2024:05:30:14 -0500] "GET /sipse/faces/javax.faces.resource/layout/layout.js?ln=primefaces&v=4.0 HTTP/1.1" 304 -
186.80.108.8 - - [06/Mar/2024:05:30:14 -0500] "GET /sipse/faces/javax.faces.resource/dynamiccontent.properties?ln=primefaces&pfdrid=XjOR5%2F%2FfPAZAuY9TpWQeCiM0BhlXxYRBGKi%2FQcXXfeA%3D&pfdrid_c=false HTTP/1.1" 500 383
201.245.192.253 - - [06/Mar/2024:05:30:14 -0500] "POST /kwsrmcab/Wsrmcab HTTP/1.1" 200 37917
3.224.220.101 - - [06/Mar/2024:05:30:16 -0500] "GET /BLA/resoluciones/RESOLUCIONES%202007/RES%202007%201201%20AL%201300/RESOLUCION%201265%20DE%202007.pdf HTTP/1.1" 200 990858
186.80.108.8 - - [06/Mar/2024:05:30:18 -0500] "POST /sipse/faces/presentacion/financiero/solicitudProceso/consultarSolicitudProceso.xhtml HTTP/1.1" 200 5503
52.70.240.171 - - [06/Mar/2024:05:30:20 -0500] "GET /BLA/resoluciones/RESOLUCIONES%202007/RES%202007%201201%20AL%201300/RESOLUCION%201264%20DE%202007.pdf HTTP/1.1" 200 279954
52.70.240.171 - - [06/Mar/2024:05:30:24 -0500] "GET /BLA/resoluciones/RESOLUCIONES%202007/RES%202007%201201%20AL%201300/RESOLUCION%201263%20DE%202007.pdf HTTP/1.1" 200 692492
23.22.35.162 - - [06/Mar/2024:05:30:29 -0500] "GET /BLA/resoluciones/RESOLUCIONES%202007/RES%202007%201201%20AL%201300/RESOLUCION%201262%20DE%202007.pdf HTTP/1.1" 200 270394
23.22.35.162 - - [06/Mar/2024:05:30:32 -0500] "GET /BLA/resoluciones/RESOLUCIONES%202007/RES%202007%201201%20AL%201300/RESOLUCION%201260%20DE%202007.pdf HTTP/1.1" 200 840831
181.61.157.160 - - [06/Mar/2024:05:30:32 -0500] "POST /sipse/faces/presentacion/financiero/solicitudProceso/consultarSolicitudProceso.xhtml HTTP/1.1" 200 138832
201.245.192.253 - - [06/Mar/2024:05:30:30 -0500] "POST /kwsrmcab/Wsrmcab  HTTP/1.1" 200 39632
181.61.157.160 - - [06/Mar/2024:05:30:34 -0500] "POST /sipse/faces/presentacion/financiero/solicitudProceso/consultarSolicitudProceso.xhtml HTTP/1.1" 200 2137926
23.22.35.162 - - [06/Mar/2024:05:30:36 -0500] "GET /BLA/resoluciones/RESOLUCIONES%202007/RES%202007%201201%20AL%201300/RESOLUCION%201259%20DE%202007.pdf HTTP/1.1" 200 266946
23.22.35.162 - - [06/Mar/2024:05:30:41 -0500] "GET /BLA/resoluciones/RESOLUCIONES%202007/RES%202007%201201%20AL%201300/RESOLUCION%201258%20DE%202007.pdf HTTP/1.1" 200 1232726
181.61.157.160 - - [06/Mar/2024:05:30:38 -0500] "POST /sipse/faces/presentacion/financiero/solicitudProceso/consultarSolicitudProceso.xhtml HTTP/1.1" 200 4749613
34.201.130.220 - - [06/Mar/2024:05:30:43 -0500] "GET /galeria/galeria/fotos/2CaminataP6.jpg HTTP/1.1" 200 27065
3.224.220.101 - - [06/Mar/2024:05:30:44 -0500] "GET /BLA/resoluciones/RESOLUCIONES%202007/RES%202007%201201%20AL%201300/RESOLUCION%201257%20DE%202007.pdf HTTP/1.1" 200 112867
181.61.157.160 - - [06/Mar/2024:05:30:36 -0500] "POST /sipse/faces/presentacion/financiero/solicitudProceso/consultarSolicitudProceso.xhtml HTTP/1.1" 200 4755352
181.61.157.160 - - [06/Mar/2024:05:30:45 -0500] "POST /sipse/faces/presentacion/financiero/solicitudProceso/consultarSolicitudProceso.xhtml HTTP/1.1" 200 81880
181.32.216.15 - - [06/Mar/2024:05:30:47 -0500] "POST /sipse/faces/presentacion/financiero/solicitudProceso/listarSolicitudProceso.xhtml HTTP/1.1" 200 30131
181.32.216.15 - - [06/Mar/2024:05:30:47 -0500] "POST /sipse/faces/presentacion/financiero/solicitudProceso/listarSolicitudProceso.xhtml HTTP/1.1" 200 30131
3.224.220.101 - - [06/Mar/2024:05:30:48 -0500] "GET /BLA/resoluciones/RESOLUCIONES%202007/RES%202007%201201%20AL%201300/RESOLUCION%201256%20DE%202007.pdf HTTP/1.1" 200 380999
181.32.216.15 - - [06/Mar/2024:05:30:47 -0500] "POST /sipse/faces/presentacion/financiero/solicitudProceso/listarSolicitudProceso.xhtml HTTP/1.1" 200 1392
181.32.216.15 - - [06/Mar/2024:05:30:48 -0500] "POST /sipse/faces/presentacion/financiero/solicitudProceso/listarSolicitudProceso.xhtml HTTP/1.1" 200 1388
40.77.167.54 - - [06/Mar/2024:05:30:50 -0500] "GET /portaldeninos/wp-content/uploads/2019/09/Nogal-%C3%A1rboles.jpg HTTP/1.1" 200 378405
52.70.240.171 - - [06/Mar/2024:05:30:52 -0500] "GET /BLA/resoluciones/RESOLUCIONES%202007/RES%202007%201201%20AL%201300/RESOLUCION%201255%20DE%202007.pdf HTTP/1.1" 200 1953488
181.32.216.15 - - [06/Mar/2024:05:30:55 -0500] "POST /sipse/faces/presentacion/financiero/solicitudProceso/listarSolicitudProceso.xhtml HTTP/1.1" 200 30131
