23.22.35.162 - - [06/Mar/2024:01:27:17 -0500] "GET /BLA/resoluciones/RESOLUCIONES%202007/RES%202007%203501%20AL%203600/RESOLUCION%203571%20DE%202007.pdf HTTP/1.1" 200 78317
201.245.192.253 - - [06/Mar/2024:01:27:17 -0500] "POST /kwsrmcab/Wsrmcab  HTTP/1.1" 200 39632
52.70.240.171 - - [06/Mar/2024:01:27:24 -0500] "GET /BLA/resoluciones/RESOLUCIONES%202007/RES%202007%203501%20AL%203600/RESOLUCION%203570%20DE%202007.pdf HTTP/1.1" 200 84394
3.224.220.101 - - [06/Mar/2024:01:27:25 -0500] "GET /BLA/resoluciones/RESOLUCIONES%202007/RES%202007%203501%20AL%203600/RESOLUCION%203569%20DE%202007.pdf HTTP/1.1" 200 76209
191.107.131.132 - - [06/Mar/2024:01:27:27 -0500] "POST /sipse/faces/presentacion/financiero/solicitudProceso/crearModificarSolicitudProceso.xhtml HTTP/1.1" 200 7378
3.224.220.101 - - [06/Mar/2024:01:27:29 -0500] "GET /BLA/resoluciones/RESOLUCIONES%202007/RES%202007%203501%20AL%203600/RESOLUCION%203568%20DE%202007.pdf HTTP/1.1" 200 49935
52.70.240.171 - - [06/Mar/2024:01:27:33 -0500] "GET /BLA/resoluciones/RESOLUCIONES%202007/RES%202007%203501%20AL%203600/RESOLUCION%203567%20DE%202007.pdf HTTP/1.1" 200 26448
52.70.240.171 - - [06/Mar/2024:01:27:37 -0500] "GET /BLA/resoluciones/RESOLUCIONES%202007/RES%202007%203501%20AL%203600/RESOLUCION%203566%20DE%202007.pdf HTTP/1.1" 200 41325
52.70.240.171 - - [06/Mar/2024:01:27:41 -0500] "GET /BLA/resoluciones/RESOLUCIONES%202007/RES%202007%203501%20AL%203600/RESOLUCION%203565%20DE%202007.pdf HTTP/1.1" 200 225604
23.22.35.162 - - [06/Mar/2024:01:27:45 -0500] "GET /BLA/resoluciones/RESOLUCIONES%202007/RES%202007%203501%20AL%203600/RESOLUCION%203564%20DE%202007.pdf HTTP/1.1" 200 82577
3.224.220.101 - - [06/Mar/2024:01:27:49 -0500] "GET /BLA/resoluciones/RESOLUCIONES%202007/RES%202007%203501%20AL%203600/RESOLUCION%203563%20DE%202007.pdf HTTP/1.1" 200 949552
52.70.240.171 - - [06/Mar/2024:01:27:53 -0500] "GET /BLA/resoluciones/RESOLUCIONES%202007/RES%202007%203501%20AL%203600/RESOLUCION%203562%20DE%202007.pdf HTTP/1.1" 200 709005
23.22.35.162 - - [06/Mar/2024:01:27:57 -0500] "GET /BLA/resoluciones/RESOLUCIONES%202007/RES%202007%203501%20AL%203600/RESOLUCION%203561%20DE%202007.pdf HTTP/1.1" 200 44919
52.70.240.171 - - [06/Mar/2024:01:28:01 -0500] "GET /BLA/resoluciones/RESOLUCIONES%202007/RES%202007%203501%20AL%203600/RESOLUCION%203560%20DE%202007.pdf HTTP/1.1" 200 78964
3.224.220.101 - - [06/Mar/2024:01:28:05 -0500] "GET /BLA/resoluciones/RESOLUCIONES%202007/RES%202007%203501%20AL%203600/RESOLUCION%203559%20DE%202007.pdf HTTP/1.1" 200 25453
23.22.35.162 - - [06/Mar/2024:01:28:13 -0500] "GET /BLA/resoluciones/RESOLUCIONES%202007/RES%202007%203501%20AL%203600/RESOLUCION%203558%20DE%202007.pdf HTTP/1.1" 200 69279
52.70.240.171 - - [06/Mar/2024:01:28:13 -0500] "GET /BLA/resoluciones/RESOLUCIONES%202007/RES%202007%203501%20AL%203600/RESOLUCION%203557%20DE%202007.pdf HTTP/1.1" 200 660076
3.224.220.101 - - [06/Mar/2024:01:28:17 -0500] "GET /BLA/resoluciones/RESOLUCIONES%202007/RES%202007%203501%20AL%203600/RESOLUCION%203556%20DE%202007.pdf HTTP/1.1" 200 108455
23.22.35.162 - - [06/Mar/2024:01:28:22 -0500] "GET /BLA/resoluciones/RESOLUCIONES%202007/RES%202007%203501%20AL%203600/RESOLUCION%203555%20DE%202007.pdf HTTP/1.1" 200 343910
3.224.220.101 - - [06/Mar/2024:01:28:25 -0500] "GET /BLA/resoluciones/RESOLUCIONES%202007/RES%202007%203501%20AL%203600/RESOLUCION%203554%20DE%202007.pdf HTTP/1.1" 200 267283
52.70.240.171 - - [06/Mar/2024:01:28:29 -0500] "GET /BLA/resoluciones/RESOLUCIONES%202007/RES%202007%203501%20AL%203600/RESOLUCION%203553%20DE%202007.pdf HTTP/1.1" 200 171241
23.22.35.162 - - [06/Mar/2024:01:28:33 -0500] "GET /BLA/resoluciones/RESOLUCIONES%202007/RES%202007%203501%20AL%203600/RESOLUCION%203552%20DE%202007.pdf HTTP/1.1" 200 306482
52.70.240.171 - - [06/Mar/2024:01:28:37 -0500] "GET /BLA/resoluciones/RESOLUCIONES%202007/RES%202007%203501%20AL%203600/RESOLUCION%203551%20DE%202007.pdf HTTP/1.1" 200 26111
52.70.240.171 - - [06/Mar/2024:01:28:41 -0500] "GET /BLA/resoluciones/RESOLUCIONES%202007/RES%202007%203501%20AL%203600/RESOLUCION%203550%20DE%202007.pdf HTTP/1.1" 200 24811
52.70.240.171 - - [06/Mar/2024:01:28:45 -0500] "GET /BLA/resoluciones/RESOLUCIONES%202007/RES%202007%203501%20AL%203600/RESOLUCION%203549%20DE%202007.pdf HTTP/1.1" 200 850103
52.70.240.171 - - [06/Mar/2024:01:28:49 -0500] "GET /BLA/resoluciones/RESOLUCIONES%202007/RES%202007%203501%20AL%203600/RESOLUCION%203548%20DE%202007.pdf HTTP/1.1" 200 49698
52.70.240.171 - - [06/Mar/2024:01:28:53 -0500] "GET /BLA/resoluciones/RESOLUCIONES%202007/RES%202007%203501%20AL%203600/RESOLUCION%203547%20DE%202007.pdf HTTP/1.1" 200 766604
172.22.2.4 - - [06/Mar/2024:01:27:16 -0500] "HEAD /BLA/boletinlegal/ HTTP/1.1" 200 -
52.70.240.171 - - [06/Mar/2024:01:28:57 -0500] "GET /BLA/resoluciones/RESOLUCIONES%202007/RES%202007%203501%20AL%203600/RESOLUCION%203546%20DE%202007.pdf HTTP/1.1" 200 318515
23.22.35.162 - - [06/Mar/2024:01:29:01 -0500] "GET /BLA/resoluciones/RESOLUCIONES%202007/RES%202007%203501%20AL%203600/RESOLUCION%203545%20DE%202007.pdf HTTP/1.1" 200 617222
23.22.35.162 - - [06/Mar/2024:01:29:05 -0500] "GET /BLA/resoluciones/RESOLUCIONES%202007/RES%202007%203501%20AL%203600/RESOLUCION%203544%20DE%202007.pdf HTTP/1.1" 200 174099
52.70.240.171 - - [06/Mar/2024:01:29:09 -0500] "GET /BLA/resoluciones/RESOLUCIONES%202007/RES%202007%203501%20AL%203600/RESOLUCION%203543%20DE%202007.pdf HTTP/1.1" 200 53323
3.224.220.101 - - [06/Mar/2024:01:29:13 -0500] "GET /BLA/resoluciones/RESOLUCIONES%202007/RES%202007%203501%20AL%203600/RESOLUCION%203542%20DE%202007.pdf HTTP/1.1" 200 1141750
201.245.192.253 - - [06/Mar/2024:01:29:12 -0500] "POST /kwsrmcab/Wsrmcab HTTP/1.1" 200 37785
201.245.192.253 - - [06/Mar/2024:01:29:14 -0500] "POST /kwsrmcab/Wsrmcab HTTP/1.1" 200 37911
3.224.220.101 - - [06/Mar/2024:01:29:17 -0500] "GET /BLA/resoluciones/RESOLUCIONES%202007/RES%202007%203501%20AL%203600/RESOLUCION%203541%20DE%202007.pdf HTTP/1.1" 200 829220
23.22.35.162 - - [06/Mar/2024:01:29:21 -0500] "GET /BLA/resoluciones/RESOLUCIONES%202007/RES%202007%203501%20AL%203600/RESOLUCION%203540%20DE%202007.pdf HTTP/1.1" 200 718051
3.224.220.101 - - [06/Mar/2024:01:29:25 -0500] "GET /BLA/resoluciones/RESOLUCIONES%202007/RES%202007%203501%20AL%203600/RESOLUCION%203539%20DE%202007.pdf HTTP/1.1" 200 1543329
3.224.220.101 - - [06/Mar/2024:01:29:29 -0500] "GET /BLA/resoluciones/RESOLUCIONES%202007/RES%202007%203501%20AL%203600/RESOLUCION%203538%20DE%202007.pdf HTTP/1.1" 200 1231833
201.245.192.253 - - [06/Mar/2024:01:29:31 -0500] "POST /kwsrmcab/Wsrmcab HTTP/1.1" 200 37800
23.22.35.162 - - [06/Mar/2024:01:29:33 -0500] "GET /BLA/resoluciones/RESOLUCIONES%202007/RES%202007%203501%20AL%203600/RESOLUCION%203537%20DE%202007.pdf HTTP/1.1" 200 490217
3.224.220.101 - - [06/Mar/2024:01:29:37 -0500] "GET /BLA/resoluciones/RESOLUCIONES%202007/RES%202007%203501%20AL%203600/RESOLUCION%203536%20DE%202007.pdf HTTP/1.1" 200 568603
191.107.131.132 - - [06/Mar/2024:01:29:38 -0500] "POST /sipse/faces/presentacion/financiero/solicitudProceso/crearModificarSolicitudProceso.xhtml HTTP/1.1" 200 24673
191.107.131.132 - - [06/Mar/2024:01:29:39 -0500] "GET /sipse/faces/javax.faces.resource/theme.css?ln=primefaces-sipse HTTP/1.1" 304 -
191.107.131.132 - - [06/Mar/2024:01:29:39 -0500] "GET /sipse/faces/javax.faces.resource/primefaces.css?ln=primefaces&v=4.0 HTTP/1.1" 304 -
191.107.131.132 - - [06/Mar/2024:01:29:39 -0500] "GET /sipse/faces/javax.faces.resource/jquery/jquery.js?ln=primefaces&v=4.0 HTTP/1.1" 304 -
191.107.131.132 - - [06/Mar/2024:01:29:39 -0500] "GET /sipse/faces/javax.faces.resource/layout/layout.css?ln=primefaces&v=4.0 HTTP/1.1" 304 -
191.107.131.132 - - [06/Mar/2024:01:29:39 -0500] "GET /sipse/faces/javax.faces.resource/jquery/jquery-plugins.js?ln=primefaces&v=4.0 HTTP/1.1" 304 -
191.107.131.132 - - [06/Mar/2024:01:29:39 -0500] "GET /sipse/faces/javax.faces.resource/primefaces.js?ln=primefaces&v=4.0 HTTP/1.1" 304 -
191.107.131.132 - - [06/Mar/2024:01:29:39 -0500] "GET /sipse/faces/javax.faces.resource/layout/layout.js?ln=primefaces&v=4.0 HTTP/1.1" 304 -
157.245.32.244 - - [06/Mar/2024:01:29:42 -0500] "\x16\x03\x01\x01\xfd\x01" 400 226
52.70.240.171 - - [06/Mar/2024:01:29:42 -0500] "GET /BLA/resoluciones/RESOLUCIONES%202007/RES%202007%203501%20AL%203600/RESOLUCION%203535%20DE%202007.pdf HTTP/1.1" 200 528408
23.22.35.162 - - [06/Mar/2024:01:29:45 -0500] "GET /BLA/resoluciones/RESOLUCIONES%202007/RES%202007%203501%20AL%203600/RESOLUCION%203534%20DE%202007.pdf HTTP/1.1" 200 469941
191.107.131.132 - - [06/Mar/2024:01:29:46 -0500] "POST /sipse/faces/presentacion/financiero/solicitudProyectoActividad/asociarProyectoSolicitud.xhtml HTTP/1.1" 200 6543
172.22.2.4 - - [06/Mar/2024:01:28:07 -0500] "GET /BLA/boletinlegal/ HTTP/1.1" 200 53818
191.107.131.132 - - [06/Mar/2024:01:29:48 -0500] "POST /sipse/faces/presentacion/financiero/solicitudProyectoActividad/asociarProyectoSolicitud.xhtml HTTP/1.1" 200 1696
52.70.240.171 - - [06/Mar/2024:01:29:49 -0500] "GET /BLA/resoluciones/RESOLUCIONES%202007/RES%202007%203501%20AL%203600/RESOLUCION%203533%20DE%202007.pdf HTTP/1.1" 200 395702
191.107.131.132 - - [06/Mar/2024:01:29:49 -0500] "POST /sipse/faces/presentacion/financiero/solicitudProyectoActividad/asociarProyectoSolicitud.xhtml HTTP/1.1" 200 75079
191.107.131.132 - - [06/Mar/2024:01:29:49 -0500] "GET /sipse/faces/javax.faces.resource/theme.css?ln=primefaces-sipse HTTP/1.1" 304 -
191.107.131.132 - - [06/Mar/2024:01:29:49 -0500] "GET /sipse/faces/javax.faces.resource/primefaces.css?ln=primefaces&v=4.0 HTTP/1.1" 304 -
191.107.131.132 - - [06/Mar/2024:01:29:49 -0500] "GET /sipse/faces/javax.faces.resource/layout/layout.css?ln=primefaces&v=4.0 HTTP/1.1" 304 -
191.107.131.132 - - [06/Mar/2024:01:29:49 -0500] "GET /sipse/faces/javax.faces.resource/jquery/jquery.js?ln=primefaces&v=4.0 HTTP/1.1" 304 -
191.107.131.132 - - [06/Mar/2024:01:29:49 -0500] "GET /sipse/faces/javax.faces.resource/jquery/jquery-plugins.js?ln=primefaces&v=4.0 HTTP/1.1" 304 -
191.107.131.132 - - [06/Mar/2024:01:29:49 -0500] "GET /sipse/faces/javax.faces.resource/primefaces.js?ln=primefaces&v=4.0 HTTP/1.1" 304 -
191.107.131.132 - - [06/Mar/2024:01:29:49 -0500] "GET /sipse/faces/javax.faces.resource/layout/layout.js?ln=primefaces&v=4.0 HTTP/1.1" 304 -
23.22.35.162 - - [06/Mar/2024:01:29:53 -0500] "GET /BLA/resoluciones/RESOLUCIONES%202007/RES%202007%203501%20AL%203600/RESOLUCION%203532%20DE%202007.pdf HTTP/1.1" 200 609564
52.70.240.171 - - [06/Mar/2024:01:29:57 -0500] "GET /BLA/resoluciones/RESOLUCIONES%202007/RES%202007%203501%20AL%203600/RESOLUCION%203531%20DE%202007.pdf HTTP/1.1" 200 231701
23.22.35.162 - - [06/Mar/2024:01:30:01 -0500] "GET /BLA/resoluciones/RESOLUCIONES%202007/RES%202007%203501%20AL%203600/RESOLUCION%203530%20DE%202007.pdf HTTP/1.1" 200 449488
52.70.240.171 - - [06/Mar/2024:01:30:05 -0500] "GET /BLA/resoluciones/RESOLUCIONES%202007/RES%202007%203501%20AL%203600/RESOLUCION%203529%20DE%202007.pdf HTTP/1.1" 200 334646
201.245.192.253 - - [06/Mar/2024:01:30:05 -0500] "POST /kwsrmcab/Wsrmcab HTTP/1.1" 200 37911
52.70.240.171 - - [06/Mar/2024:01:30:09 -0500] "GET /BLA/resoluciones/RESOLUCIONES%202007/RES%202007%203501%20AL%203600/RESOLUCION%203528%20DE%202007.pdf HTTP/1.1" 200 367884
216.245.221.92 - - [06/Mar/2024:01:30:09 -0500] "HEAD / HTTP/1.1" 200 -
172.22.2.4 - - [06/Mar/2024:01:30:09 -0500] "GET /BLA/boletinlegal/Circulares/2012/Circular%20No.%2010%20del%2022%20de%20Agosto%20de%202012.pdf HTTP/1.1" 200 1563219
3.224.220.101 - - [06/Mar/2024:01:30:13 -0500] "GET /BLA/resoluciones/RESOLUCIONES%202007/RES%202007%203501%20AL%203600/RESOLUCION%203527%20DE%202007.pdf HTTP/1.1" 200 188309
3.224.220.101 - - [06/Mar/2024:01:30:16 -0500] "GET /BLA/resoluciones/RESOLUCIONES%202007/RES%202007%203501%20AL%203600/RESOLUCION%203526%20DE%202007.pdf HTTP/1.1" 200 208928
191.107.131.132 - - [06/Mar/2024:01:30:20 -0500] "POST /sipse/faces/presentacion/financiero/solicitudProyectoActividad/asociarActividadSolicitud.xhtml HTTP/1.1" 200 20187
191.107.131.132 - - [06/Mar/2024:01:30:21 -0500] "GET /sipse/faces/javax.faces.resource/theme.css?ln=primefaces-sipse HTTP/1.1" 304 -
191.107.131.132 - - [06/Mar/2024:01:30:21 -0500] "GET /sipse/faces/javax.faces.resource/primefaces.css?ln=primefaces&v=4.0 HTTP/1.1" 304 -
191.107.131.132 - - [06/Mar/2024:01:30:21 -0500] "GET /sipse/faces/javax.faces.resource/layout/layout.css?ln=primefaces&v=4.0 HTTP/1.1" 304 -
191.107.131.132 - - [06/Mar/2024:01:30:21 -0500] "GET /sipse/faces/javax.faces.resource/jquery/jquery.js?ln=primefaces&v=4.0 HTTP/1.1" 304 -
191.107.131.132 - - [06/Mar/2024:01:30:21 -0500] "GET /sipse/faces/javax.faces.resource/jquery/jquery-plugins.js?ln=primefaces&v=4.0 HTTP/1.1" 304 -
191.107.131.132 - - [06/Mar/2024:01:30:21 -0500] "GET /sipse/faces/javax.faces.resource/primefaces.js?ln=primefaces&v=4.0 HTTP/1.1" 304 -
191.107.131.132 - - [06/Mar/2024:01:30:21 -0500] "GET /sipse/faces/javax.faces.resource/layout/layout.js?ln=primefaces&v=4.0 HTTP/1.1" 304 -
23.22.35.162 - - [06/Mar/2024:01:30:21 -0500] "GET /BLA/resoluciones/RESOLUCIONES%202007/RES%202007%203501%20AL%203600/RESOLUCION%203525%20DE%202007.pdf HTTP/1.1" 200 331442
3.224.220.101 - - [06/Mar/2024:01:30:25 -0500] "GET /BLA/resoluciones/RESOLUCIONES%202007/RES%202007%203501%20AL%203600/RESOLUCION%203524%20DE%202007.pdf HTTP/1.1" 200 86765
23.22.35.162 - - [06/Mar/2024:01:30:29 -0500] "GET /BLA/resoluciones/RESOLUCIONES%202007/RES%202007%203501%20AL%203600/RESOLUCION%203523%20DE%202007.pdf HTTP/1.1" 200 170560
23.22.35.162 - - [06/Mar/2024:01:30:33 -0500] "GET /BLA/resoluciones/RESOLUCIONES%202007/RES%202007%203501%20AL%203600/RESOLUCION%203521%20DE%202007.pdf HTTP/1.1" 200 366555
52.70.240.171 - - [06/Mar/2024:01:30:37 -0500] "GET /BLA/resoluciones/RESOLUCIONES%202007/RES%202007%203501%20AL%203600/RESOLUCION%203520%20DE%202007.pdf HTTP/1.1" 200 373976
23.22.35.162 - - [06/Mar/2024:01:30:41 -0500] "GET /BLA/resoluciones/RESOLUCIONES%202007/RES%202007%203501%20AL%203600/RESOLUCION%203519%20DE%202007.pdf HTTP/1.1" 200 431721
23.22.35.162 - - [06/Mar/2024:01:30:45 -0500] "GET /BLA/resoluciones/RESOLUCIONES%202007/RES%202007%203501%20AL%203600/RESOLUCION%203518%20DE%202007.pdf HTTP/1.1" 200 282519
3.224.220.101 - - [06/Mar/2024:01:30:49 -0500] "GET /BLA/resoluciones/RESOLUCIONES%202007/RES%202007%203501%20AL%203600/RESOLUCION%203517%20DE%202007.pdf HTTP/1.1" 200 53512
23.22.35.162 - - [06/Mar/2024:01:30:53 -0500] "GET /BLA/resoluciones/RESOLUCIONES%202007/RES%202007%203501%20AL%203600/RESOLUCION%203516%20DE%202007.pdf HTTP/1.1" 200 462568
191.107.131.132 - - [06/Mar/2024:01:30:54 -0500] "GET /sipse/faces/javax.faces.resource/theme.css?ln=primefaces-sipse HTTP/1.1" 304 -
191.107.131.132 - - [06/Mar/2024:01:30:54 -0500] "GET /sipse/faces/javax.faces.resource/primefaces.js?ln=primefaces&v=4.0 HTTP/1.1" 304 -
191.107.131.132 - - [06/Mar/2024:01:30:54 -0500] "GET /sipse/faces/javax.faces.resource/primefaces.css?ln=primefaces&v=4.0 HTTP/1.1" 304 -
191.107.131.132 - - [06/Mar/2024:01:30:54 -0500] "GET /sipse/faces/javax.faces.resource/jquery/jquery.js?ln=primefaces&v=4.0 HTTP/1.1" 304 -
191.107.131.132 - - [06/Mar/2024:01:30:54 -0500] "GET /sipse/faces/javax.faces.resource/layout/layout.css?ln=primefaces&v=4.0 HTTP/1.1" 304 -
191.107.131.132 - - [06/Mar/2024:01:30:54 -0500] "GET /sipse/faces/javax.faces.resource/jquery/jquery-plugins.js?ln=primefaces&v=4.0 HTTP/1.1" 304 -
191.107.131.132 - - [06/Mar/2024:01:30:54 -0500] "GET /sipse/faces/javax.faces.resource/layout/layout.js?ln=primefaces&v=4.0 HTTP/1.1" 304 -
191.107.131.132 - - [06/Mar/2024:01:30:54 -0500] "POST /sipse/faces/presentacion/financiero/solicitudProyectoActividad/asociarFuentesSolicitud.xhtml HTTP/1.1" 200 83219
3.224.220.101 - - [06/Mar/2024:01:30:57 -0500] "GET /BLA/resoluciones/RESOLUCIONES%202007/RES%202007%203501%20AL%203600/RESOLUCION%203515%20DE%202007.pdf HTTP/1.1" 200 531116
52.70.240.171 - - [06/Mar/2024:01:31:01 -0500] "GET /BLA/resoluciones/RESOLUCIONES%202007/RES%202007%203501%20AL%203600/RESOLUCION%203514%20DE%202007.pdf HTTP/1.1" 200 1035650
3.224.220.101 - - [06/Mar/2024:01:31:05 -0500] "GET /BLA/resoluciones/RESOLUCIONES%202007/RES%202007%203501%20AL%203600/RESOLUCION%203513%20DE%202007.pdf HTTP/1.1" 200 735417
191.107.131.132 - - [06/Mar/2024:01:30:59 -0500] "POST /sipse/faces/presentacion/financiero/solicitudProceso/crearModificarSolicitudProceso.xhtml HTTP/1.1" 200 45626
191.107.131.132 - - [06/Mar/2024:01:31:09 -0500] "GET /sipse/faces/javax.faces.resource/theme.css?ln=primefaces-sipse HTTP/1.1" 304 -
191.107.131.132 - - [06/Mar/2024:01:31:09 -0500] "GET /sipse/faces/javax.faces.resource/layout/layout.css?ln=primefaces&v=4.0 HTTP/1.1" 304 -
191.107.131.132 - - [06/Mar/2024:01:31:09 -0500] "GET /sipse/faces/javax.faces.resource/primefaces.css?ln=primefaces&v=4.0 HTTP/1.1" 304 -
191.107.131.132 - - [06/Mar/2024:01:31:09 -0500] "GET /sipse/faces/javax.faces.resource/jquery/jquery.js?ln=primefaces&v=4.0 HTTP/1.1" 304 -
191.107.131.132 - - [06/Mar/2024:01:31:09 -0500] "GET /sipse/faces/javax.faces.resource/jquery/jquery-plugins.js?ln=primefaces&v=4.0 HTTP/1.1" 304 -
191.107.131.132 - - [06/Mar/2024:01:31:09 -0500] "GET /sipse/faces/javax.faces.resource/primefaces.js?ln=primefaces&v=4.0 HTTP/1.1" 304 -
191.107.131.132 - - [06/Mar/2024:01:31:09 -0500] "GET /sipse/faces/javax.faces.resource/layout/layout.js?ln=primefaces&v=4.0 HTTP/1.1" 304 -
52.70.240.171 - - [06/Mar/2024:01:31:09 -0500] "GET /BLA/resoluciones/RESOLUCIONES%202007/RES%202007%203501%20AL%203600/RESOLUCION%203512%20DE%202007.pdf HTTP/1.1" 200 723353
3.224.220.101 - - [06/Mar/2024:01:31:13 -0500] "GET /BLA/resoluciones/RESOLUCIONES%202007/RES%202007%203501%20AL%203600/RESOLUCION%203511%20DE%202007.pdf HTTP/1.1" 200 408103
52.70.240.171 - - [06/Mar/2024:01:31:17 -0500] "GET /BLA/resoluciones/RESOLUCIONES%202007/RES%202007%203501%20AL%203600/RESOLUCION%203510%20DE%202007.pdf HTTP/1.1" 200 280584
23.22.35.162 - - [06/Mar/2024:01:31:21 -0500] "GET /BLA/resoluciones/RESOLUCIONES%202007/RES%202007%203501%20AL%203600/RESOLUCION%203509%20DE%202007.pdf HTTP/1.1" 200 715788
52.70.240.171 - - [06/Mar/2024:01:31:25 -0500] "GET /BLA/resoluciones/RESOLUCIONES%202007/RES%202007%203501%20AL%203600/RESOLUCION%203508%20DE%202007.pdf HTTP/1.1" 200 407742
191.107.131.132 - - [06/Mar/2024:01:31:12 -0500] "POST /sipse/faces/presentacion/financiero/solicitudBienServicio/asociarBienServicioSolicitud.xhtml HTTP/1.1" 200 2720
52.70.240.171 - - [06/Mar/2024:01:31:29 -0500] "GET /BLA/resoluciones/RESOLUCIONES%202007/RES%202007%203501%20AL%203600/RESOLUCION%203507%20DE%202007.pdf HTTP/1.1" 200 454834
191.107.131.132 - - [06/Mar/2024:01:31:32 -0500] "POST /sipse/faces/presentacion/financiero/solicitudBienServicio/asociarBienServicioSolicitud.xhtml HTTP/1.1" 200 78919
191.107.131.132 - - [06/Mar/2024:01:31:32 -0500] "GET /sipse/faces/javax.faces.resource/theme.css?ln=primefaces-sipse HTTP/1.1" 304 -
191.107.131.132 - - [06/Mar/2024:01:31:32 -0500] "GET /sipse/faces/javax.faces.resource/primefaces.css?ln=primefaces&v=4.0 HTTP/1.1" 304 -
191.107.131.132 - - [06/Mar/2024:01:31:32 -0500] "GET /sipse/faces/javax.faces.resource/layout/layout.css?ln=primefaces&v=4.0 HTTP/1.1" 304 -
191.107.131.132 - - [06/Mar/2024:01:31:32 -0500] "GET /sipse/faces/javax.faces.resource/jquery/jquery.js?ln=primefaces&v=4.0 HTTP/1.1" 304 -
191.107.131.132 - - [06/Mar/2024:01:31:32 -0500] "GET /sipse/faces/javax.faces.resource/jquery/jquery-plugins.js?ln=primefaces&v=4.0 HTTP/1.1" 304 -
191.107.131.132 - - [06/Mar/2024:01:31:32 -0500] "GET /sipse/faces/javax.faces.resource/primefaces.js?ln=primefaces&v=4.0 HTTP/1.1" 304 -
191.107.131.132 - - [06/Mar/2024:01:31:32 -0500] "GET /sipse/faces/javax.faces.resource/layout/layout.js?ln=primefaces&v=4.0 HTTP/1.1" 304 -
3.224.220.101 - - [06/Mar/2024:01:31:33 -0500] "GET /BLA/resoluciones/RESOLUCIONES%202007/RES%202007%203501%20AL%203600/RESOLUCION%203506%20DE%202007.pdf HTTP/1.1" 200 257841
23.22.35.162 - - [06/Mar/2024:01:31:37 -0500] "GET /BLA/resoluciones/RESOLUCIONES%202007/RES%202007%203501%20AL%203600/RESOLUCION%203505%20DE%202007.pdf HTTP/1.1" 200 993622
23.22.35.162 - - [06/Mar/2024:01:31:41 -0500] "GET /BLA/resoluciones/RESOLUCIONES%202007/RES%202007%203501%20AL%203600/RESOLUCION%203504%20DE%202007.pdf HTTP/1.1" 200 371810
52.70.240.171 - - [06/Mar/2024:01:31:46 -0500] "GET /BLA/resoluciones/RESOLUCIONES%202007/RES%202007%203501%20AL%203600/RESOLUCION%203503%20DE%202007.pdf HTTP/1.1" 200 1001424
66.249.66.20 - - [06/Mar/2024:01:31:47 -0500] "GET /resoluciones/RESOLUCIONES%202008/2789.pdf HTTP/1.1" 404 1018
23.22.35.162 - - [06/Mar/2024:01:31:49 -0500] "GET /BLA/resoluciones/RESOLUCIONES%202007/RES%202007%203501%20AL%203600/RESOLUCION%203502%20DE%202007.pdf HTTP/1.1" 200 790243
191.107.131.132 - - [06/Mar/2024:01:31:47 -0500] "POST /sipse/faces/presentacion/financiero/solicitudProceso/crearModificarSolicitudProceso.xhtml HTTP/1.1" 200 64030
191.107.131.132 - - [06/Mar/2024:01:31:50 -0500] "GET /sipse/faces/javax.faces.resource/theme.css?ln=primefaces-sipse HTTP/1.1" 304 -
191.107.131.132 - - [06/Mar/2024:01:31:50 -0500] "GET /sipse/faces/javax.faces.resource/primefaces.css?ln=primefaces&v=4.0 HTTP/1.1" 304 -
191.107.131.132 - - [06/Mar/2024:01:31:50 -0500] "GET /sipse/faces/javax.faces.resource/jquery/jquery.js?ln=primefaces&v=4.0 HTTP/1.1" 304 -
191.107.131.132 - - [06/Mar/2024:01:31:50 -0500] "GET /sipse/faces/javax.faces.resource/jquery/jquery-plugins.js?ln=primefaces&v=4.0 HTTP/1.1" 304 -
191.107.131.132 - - [06/Mar/2024:01:31:50 -0500] "GET /sipse/faces/javax.faces.resource/primefaces.js?ln=primefaces&v=4.0 HTTP/1.1" 304 -
191.107.131.132 - - [06/Mar/2024:01:31:50 -0500] "GET /sipse/faces/javax.faces.resource/layout/layout.js?ln=primefaces&v=4.0 HTTP/1.1" 304 -
191.107.131.132 - - [06/Mar/2024:01:31:50 -0500] "GET /sipse/faces/javax.faces.resource/layout/layout.css?ln=primefaces&v=4.0 HTTP/1.1" 304 -
191.107.131.132 - - [06/Mar/2024:01:31:50 -0500] "POST /sipse/faces/presentacion/financiero/solicitudProceso/listarSolicitudProceso.xhtml HTTP/1.1" 200 1556
3.224.220.101 - - [06/Mar/2024:01:31:53 -0500] "GET /BLA/resoluciones/RESOLUCIONES%202007/RES%202007%203501%20AL%203600/RESOLUCION%203501%20DE%202007.pdf HTTP/1.1" 200 1093656
52.70.240.171 - - [06/Mar/2024:01:31:57 -0500] "GET /BLA/resoluciones/RESOLUCIONES%202007/RES%202007%203501%20AL%203600/RESOLUCION%203585%20%20DE%202007.pdf HTTP/1.1" 200 84821
3.224.220.101 - - [06/Mar/2024:01:32:01 -0500] "GET /BLA/resoluciones/RESOLUCIONES%202007/RES%202007%203501%20AL%203600/RESOLUCION%203522%20%20DE%202007.pdf HTTP/1.1" 200 220128
191.107.131.132 - - [06/Mar/2024:01:32:05 -0500] "POST /sipse/faces/presentacion/financiero/solicitudProceso/listarSolicitudProceso.xhtml HTTP/1.1" 200 75652
52.70.240.171 - - [06/Mar/2024:01:32:05 -0500] "GET /BLA/resoluciones/index.php?dir=RESOLUCIONES%202007/RES%202007%203501%20AL%203600/&order=asc&sort=date HTTP/1.1" 200 26836
191.107.131.132 - - [06/Mar/2024:01:32:06 -0500] "POST /sipse/faces/presentacion/financiero/solicitudProceso/listarSolicitudProceso.xhtml HTTP/1.1" 200 78759
191.107.131.132 - - [06/Mar/2024:01:32:07 -0500] "POST /sipse/faces/presentacion/financiero/solicitudProceso/listarSolicitudProceso.xhtml HTTP/1.1" 200 91078
52.70.240.171 - - [06/Mar/2024:01:32:09 -0500] "GET /BLA/resoluciones/index.php?dir=RESOLUCIONES%202007/RES%202007%203501%20AL%203600/&order=desc&sort=date HTTP/1.1" 200 26835
40.77.167.27 - - [06/Mar/2024:01:32:13 -0500] "GET /sipse/faces/faces/autenticacion.xhtml HTTP/1.1" 200 12727
201.245.192.253 - - [06/Mar/2024:01:32:16 -0500] "POST /kwsrmcab/Wsrmcab  HTTP/1.1" 200 39632
52.70.240.171 - - [06/Mar/2024:01:32:21 -0500] "GET /BLA/resoluciones/index.php?dir=RESOLUCIONES%202007/RES%202007%203501%20AL%203600/&order=asc&sort=name HTTP/1.1" 200 26836
52.70.240.171 - - [06/Mar/2024:01:32:25 -0500] "GET /BLA/resoluciones/index.php?dir=RESOLUCIONES%202007/RES%202007%203501%20AL%203600/&order=asc&sort=size HTTP/1.1" 200 26836
3.224.220.101 - - [06/Mar/2024:01:32:29 -0500] "GET /BLA/resoluciones/index.php?dir=RESOLUCIONES%202007/RES%202007%203501%20AL%203600/&order=desc&sort=size HTTP/1.1" 200 26835
3.224.220.101 - - [06/Mar/2024:01:32:37 -0500] "GET /BLA/resoluciones/index.php?dir=RESOLUCIONES%202007/RES%202007%203501%20AL%203600/&order=desc&sort=name HTTP/1.1" 200 26835
3.224.220.101 - - [06/Mar/2024:01:33:01 -0500] "GET /BLA/resoluciones/index.php?dir=RESOLUCIONES%202007/RES%202007%203401%20AL%203500/ HTTP/1.1" 200 26618
52.70.240.171 - - [06/Mar/2024:01:33:05 -0500] "GET /BLA/resoluciones/RESOLUCIONES%202007/RES%202007%203401%20AL%203500/RESOLUCION%203500%20DE%202007.pdf HTTP/1.1" 200 1220600
23.22.35.162 - - [06/Mar/2024:01:33:09 -0500] "GET /BLA/resoluciones/RESOLUCIONES%202007/RES%202007%203401%20AL%203500/RESOLUCION%203499%20DE%202007.pdf HTTP/1.1" 200 1166826
3.224.220.101 - - [06/Mar/2024:01:33:13 -0500] "GET /BLA/resoluciones/RESOLUCIONES%202007/RES%202007%203401%20AL%203500/RESOLUCION%203498%20DE%202007.pdf HTTP/1.1" 200 1403136
52.70.240.171 - - [06/Mar/2024:01:33:17 -0500] "GET /BLA/resoluciones/RESOLUCIONES%202007/RES%202007%203401%20AL%203500/RESOLUCION%203497%20DE%202007.pdf HTTP/1.1" 200 421317
23.22.35.162 - - [06/Mar/2024:01:33:21 -0500] "GET /BLA/resoluciones/RESOLUCIONES%202007/RES%202007%203401%20AL%203500/RESOLUCION%203496%20DE%202007.pdf HTTP/1.1" 200 580842
52.70.240.171 - - [06/Mar/2024:01:33:25 -0500] "GET /BLA/resoluciones/RESOLUCIONES%202007/RES%202007%203401%20AL%203500/RESOLUCION%203495%20DE%202007.pdf HTTP/1.1" 200 523532
52.70.240.171 - - [06/Mar/2024:01:33:29 -0500] "GET /BLA/resoluciones/RESOLUCIONES%202007/RES%202007%203401%20AL%203500/RESOLUCION%203493%20DE%202007.pdf HTTP/1.1" 200 819763
23.22.35.162 - - [06/Mar/2024:01:33:33 -0500] "GET /BLA/resoluciones/RESOLUCIONES%202007/RES%202007%203401%20AL%203500/RESOLUCION%203492%20DE%202007.pdf HTTP/1.1" 200 277307
52.70.240.171 - - [06/Mar/2024:01:33:37 -0500] "GET /BLA/resoluciones/RESOLUCIONES%202007/RES%202007%203401%20AL%203500/RESOLUCION%203491%20DE%202007.pdf HTTP/1.1" 200 673307
23.22.35.162 - - [06/Mar/2024:01:33:41 -0500] "GET /BLA/resoluciones/RESOLUCIONES%202007/RES%202007%203401%20AL%203500/RESOLUCION%203490%20DE%202007.pdf HTTP/1.1" 200 648673
52.70.240.171 - - [06/Mar/2024:01:33:45 -0500] "GET /BLA/resoluciones/RESOLUCIONES%202007/RES%202007%203401%20AL%203500/RESOLUCION%203489%20DE%202007.pdf HTTP/1.1" 200 832666
3.224.220.101 - - [06/Mar/2024:01:33:49 -0500] "GET /BLA/resoluciones/RESOLUCIONES%202007/RES%202007%203401%20AL%203500/RESOLUCION%203488%20DE%202007.pdf HTTP/1.1" 200 735232
3.224.220.101 - - [06/Mar/2024:01:33:53 -0500] "GET /BLA/resoluciones/RESOLUCIONES%202007/RES%202007%203401%20AL%203500/RESOLUCION%203487%20DE%202007.pdf HTTP/1.1" 200 354803
52.70.240.171 - - [06/Mar/2024:01:33:57 -0500] "GET /BLA/resoluciones/RESOLUCIONES%202007/RES%202007%203401%20AL%203500/RESOLUCION%203486%20DE%202007.pdf HTTP/1.1" 200 2239049
3.224.220.101 - - [06/Mar/2024:01:34:01 -0500] "GET /BLA/resoluciones/RESOLUCIONES%202007/RES%202007%203401%20AL%203500/RESOLUCION%203485%20DE%202007.pdf HTTP/1.1" 200 2832571
23.22.35.162 - - [06/Mar/2024:01:34:05 -0500] "GET /BLA/resoluciones/RESOLUCIONES%202007/RES%202007%203401%20AL%203500/RESOLUCION%203484%20DE%202007.pdf HTTP/1.1" 200 820548
23.22.35.162 - - [06/Mar/2024:01:34:09 -0500] "GET /BLA/resoluciones/RESOLUCIONES%202007/RES%202007%203401%20AL%203500/RESOLUCION%203483%20DE%202007.pdf HTTP/1.1" 200 1785157
3.224.220.101 - - [06/Mar/2024:01:34:13 -0500] "GET /BLA/resoluciones/RESOLUCIONES%202007/RES%202007%203401%20AL%203500/RESOLUCION%203482%20DE%202007.pdf HTTP/1.1" 200 1004537
23.22.35.162 - - [06/Mar/2024:01:34:18 -0500] "GET /BLA/resoluciones/RESOLUCIONES%202007/RES%202007%203401%20AL%203500/RESOLUCION%203481%20DE%202007.pdf HTTP/1.1" 200 346050
3.224.220.101 - - [06/Mar/2024:01:34:21 -0500] "GET /BLA/resoluciones/RESOLUCIONES%202007/RES%202007%203401%20AL%203500/RESOLUCION%203480%20DE%202007.pdf HTTP/1.1" 200 542920
52.70.240.171 - - [06/Mar/2024:01:34:25 -0500] "GET /BLA/resoluciones/RESOLUCIONES%202007/RES%202007%203401%20AL%203500/RESOLUCION%203479%20DE%202007.pdf HTTP/1.1" 200 528519
3.224.220.101 - - [06/Mar/2024:01:34:29 -0500] "GET /BLA/resoluciones/RESOLUCIONES%202007/RES%202007%203401%20AL%203500/RESOLUCION%203478%20DE%202007.pdf HTTP/1.1" 200 166968
23.22.35.162 - - [06/Mar/2024:01:34:33 -0500] "GET /BLA/resoluciones/RESOLUCIONES%202007/RES%202007%203401%20AL%203500/RESOLUCION%203477%20DE%202007.pdf HTTP/1.1" 200 248926
3.224.220.101 - - [06/Mar/2024:01:34:37 -0500] "GET /BLA/resoluciones/RESOLUCIONES%202007/RES%202007%203401%20AL%203500/RESOLUCION%203476%20DE%202007.pdf HTTP/1.1" 200 43423
191.107.131.132 - - [06/Mar/2024:01:34:37 -0500] "POST /sipse/faces/presentacion/financiero/solicitudProceso/listarSolicitudProceso.xhtml HTTP/1.1" 200 120686
191.107.131.132 - - [06/Mar/2024:01:34:38 -0500] "GET /sipse/faces/javax.faces.resource/theme.css?ln=primefaces-sipse HTTP/1.1" 304 -
191.107.131.132 - - [06/Mar/2024:01:34:38 -0500] "GET /sipse/faces/javax.faces.resource/layout/layout.css?ln=primefaces&v=4.0 HTTP/1.1" 304 -
191.107.131.132 - - [06/Mar/2024:01:34:38 -0500] "GET /sipse/css/imagen/contrasena.png HTTP/1.1" 404 383
191.107.131.132 - - [06/Mar/2024:01:34:38 -0500] "GET /sipse/faces/javax.faces.resource/primefaces.css?ln=primefaces&v=4.0 HTTP/1.1" 304 -
191.107.131.132 - - [06/Mar/2024:01:34:38 -0500] "GET /sipse/faces/javax.faces.resource/jquery/jquery.js?ln=primefaces&v=4.0 HTTP/1.1" 304 -
191.107.131.132 - - [06/Mar/2024:01:34:38 -0500] "GET /sipse/faces/javax.faces.resource/jquery/jquery-plugins.js?ln=primefaces&v=4.0 HTTP/1.1" 304 -
191.107.131.132 - - [06/Mar/2024:01:34:38 -0500] "GET /sipse/faces/javax.faces.resource/primefaces.js?ln=primefaces&v=4.0 HTTP/1.1" 304 -
191.107.131.132 - - [06/Mar/2024:01:34:38 -0500] "GET /sipse/faces/javax.faces.resource/layout/layout.js?ln=primefaces&v=4.0 HTTP/1.1" 304 -
191.107.131.132 - - [06/Mar/2024:01:34:38 -0500] "GET /sipse/faces/javax.faces.resource/images/ui-icons_898989_256x240.png?ln=primefaces-aristo HTTP/1.1" 304 -
191.107.131.132 - - [06/Mar/2024:01:34:38 -0500] "GET /sipse/faces/javax.faces.resource/dynamiccontent.properties?ln=primefaces&pfdrid=XjOR5%2F%2FfPAZAuY9TpWQeCiM0BhlXxYRBGKi%2FQcXXfeA%3D&pfdrid_c=false HTTP/1.1" 500 383
52.70.240.171 - - [06/Mar/2024:01:34:41 -0500] "GET /BLA/resoluciones/RESOLUCIONES%202007/RES%202007%203401%20AL%203500/RESOLUCION%203475%20DE%202007.pdf HTTP/1.1" 200 1174268
52.70.240.171 - - [06/Mar/2024:01:34:45 -0500] "GET /BLA/resoluciones/RESOLUCIONES%202007/RES%202007%203401%20AL%203500/RESOLUCION%203474%20DE%202007.pdf HTTP/1.1" 200 919818
172.22.2.4 - - [06/Mar/2024:01:33:06 -0500] "HEAD /BLA/boletinlegal/ HTTP/1.1" 200 -
3.224.220.101 - - [06/Mar/2024:01:34:49 -0500] "GET /BLA/resoluciones/RESOLUCIONES%202007/RES%202007%203401%20AL%203500/RESOLUCION%203473%20DE%202007.pdf HTTP/1.1" 200 709358
3.224.220.101 - - [06/Mar/2024:01:34:53 -0500] "GET /BLA/resoluciones/RESOLUCIONES%202007/RES%202007%203401%20AL%203500/RESOLUCION%203472%20DE%202007.pdf HTTP/1.1" 200 407196
52.70.240.171 - - [06/Mar/2024:01:34:57 -0500] "GET /BLA/resoluciones/RESOLUCIONES%202007/RES%202007%203401%20AL%203500/RESOLUCION%203471%20DE%202007.pdf HTTP/1.1" 200 602579
191.107.131.132 - - [06/Mar/2024:01:34:59 -0500] "GET /sipse/faces/javax.faces.resource/images/ui-bg_flat_0_2d5972_40x100.png?ln=primefaces-aristo HTTP/1.1" 304 -
191.107.131.132 - - [06/Mar/2024:01:34:59 -0500] "POST /sipse/faces/presentacion/financiero/solicitudProceso/consultarSolicitudProceso.xhtml HTTP/1.1" 200 4525
191.107.131.132 - - [06/Mar/2024:01:34:59 -0500] "GET /sipse/faces/javax.faces.resource/messages/messages.png?ln=primefaces&v=4.0 HTTP/1.1" 304 -
23.22.35.162 - - [06/Mar/2024:01:35:02 -0500] "GET /BLA/resoluciones/RESOLUCIONES%202007/RES%202007%203401%20AL%203500/RESOLUCION%203470%20DE%202007.pdf HTTP/1.1" 200 829030
3.224.220.101 - - [06/Mar/2024:01:35:05 -0500] "GET /BLA/resoluciones/RESOLUCIONES%202007/RES%202007%203401%20AL%203500/RESOLUCION%203469%20DE%202007.pdf HTTP/1.1" 200 369340
52.70.240.171 - - [06/Mar/2024:01:35:09 -0500] "GET /BLA/resoluciones/RESOLUCIONES%202007/RES%202007%203401%20AL%203500/RESOLUCION%203468%20DE%202007.pdf HTTP/1.1" 200 815765
216.245.221.92 - - [06/Mar/2024:01:35:09 -0500] "HEAD / HTTP/1.1" 200 -
23.22.35.162 - - [06/Mar/2024:01:35:12 -0500] "GET /BLA/resoluciones/RESOLUCIONES%202007/RES%202007%203401%20AL%203500/RESOLUCION%203467%20DE%202007.pdf HTTP/1.1" 200 551974
3.224.220.101 - - [06/Mar/2024:01:35:17 -0500] "GET /BLA/resoluciones/RESOLUCIONES%202007/RES%202007%203401%20AL%203500/RESOLUCION%203466%20DE%202007.pdf HTTP/1.1" 200 264573
191.107.131.132 - - [06/Mar/2024:01:35:20 -0500] "POST /sipse/faces/presentacion/financiero/solicitudProceso/consultarSolicitudProceso.xhtml HTTP/1.1" 200 21243
191.107.131.132 - - [06/Mar/2024:01:35:21 -0500] "GET /sipse/faces/javax.faces.resource/theme.css?ln=primefaces-sipse HTTP/1.1" 304 -
191.107.131.132 - - [06/Mar/2024:01:35:21 -0500] "GET /sipse/faces/javax.faces.resource/primefaces.css?ln=primefaces&v=4.0 HTTP/1.1" 304 -
191.107.131.132 - - [06/Mar/2024:01:35:21 -0500] "GET /sipse/faces/javax.faces.resource/fileupload/fileupload.css?ln=primefaces&v=4.0 HTTP/1.1" 304 -
191.107.131.132 - - [06/Mar/2024:01:35:21 -0500] "GET /sipse/faces/javax.faces.resource/layout/layout.css?ln=primefaces&v=4.0 HTTP/1.1" 304 -
191.107.131.132 - - [06/Mar/2024:01:35:21 -0500] "GET /sipse/faces/javax.faces.resource/jquery/jquery.js?ln=primefaces&v=4.0 HTTP/1.1" 304 -
191.107.131.132 - - [06/Mar/2024:01:35:21 -0500] "GET /sipse/faces/javax.faces.resource/jquery/jquery-plugins.js?ln=primefaces&v=4.0 HTTP/1.1" 304 -
191.107.131.132 - - [06/Mar/2024:01:35:21 -0500] "GET /sipse/faces/javax.faces.resource/primefaces.js?ln=primefaces&v=4.0 HTTP/1.1" 304 -
191.107.131.132 - - [06/Mar/2024:01:35:21 -0500] "GET /sipse/faces/javax.faces.resource/layout/layout.js?ln=primefaces&v=4.0 HTTP/1.1" 304 -
191.107.131.132 - - [06/Mar/2024:01:35:21 -0500] "GET /sipse/faces/javax.faces.resource/fileupload/fileupload.js?ln=primefaces&v=4.0 HTTP/1.1" 304 -
23.22.35.162 - - [06/Mar/2024:01:35:21 -0500] "GET /BLA/resoluciones/RESOLUCIONES%202007/RES%202007%203401%20AL%203500/RESOLUCION%203465%20DE%202007.pdf HTTP/1.1" 200 585244
3.224.220.101 - - [06/Mar/2024:01:35:25 -0500] "GET /BLA/resoluciones/RESOLUCIONES%202007/RES%202007%203401%20AL%203500/RESOLUCION%203464%20DE%202007.pdf HTTP/1.1" 200 287869
52.70.240.171 - - [06/Mar/2024:01:35:29 -0500] "GET /BLA/resoluciones/RESOLUCIONES%202007/RES%202007%203401%20AL%203500/RESOLUCION%203463%20DE%202007.pdf HTTP/1.1" 200 281457
191.107.131.132 - - [06/Mar/2024:01:35:29 -0500] "GET /sipse/faces/javax.faces.resource/primefaces.css?ln=primefaces&v=4.0 HTTP/1.1" 304 -
191.107.131.132 - - [06/Mar/2024:01:35:29 -0500] "GET /sipse/faces/javax.faces.resource/theme.css?ln=primefaces-sipse HTTP/1.1" 304 -
191.107.131.132 - - [06/Mar/2024:01:35:29 -0500] "GET /sipse/faces/javax.faces.resource/layout/layout.css?ln=primefaces&v=4.0 HTTP/1.1" 304 -
191.107.131.132 - - [06/Mar/2024:01:35:29 -0500] "GET /sipse/faces/javax.faces.resource/jquery/jquery-plugins.js?ln=primefaces&v=4.0 HTTP/1.1" 304 -
191.107.131.132 - - [06/Mar/2024:01:35:29 -0500] "GET /sipse/faces/javax.faces.resource/jquery/jquery.js?ln=primefaces&v=4.0 HTTP/1.1" 304 -
191.107.131.132 - - [06/Mar/2024:01:35:29 -0500] "GET /sipse/faces/javax.faces.resource/primefaces.js?ln=primefaces&v=4.0 HTTP/1.1" 304 -
191.107.131.132 - - [06/Mar/2024:01:35:29 -0500] "GET /sipse/faces/javax.faces.resource/layout/layout.js?ln=primefaces&v=4.0 HTTP/1.1" 304 -
191.107.131.132 - - [06/Mar/2024:01:35:28 -0500] "POST /sipse/faces/presentacion/sistema/anexos/cargarAnexoSolicitudProceso.xhtml HTTP/1.1" 200 168406
191.107.131.132 - - [06/Mar/2024:01:35:29 -0500] "GET /sipse/faces/javax.faces.resource/dynamiccontent.properties?ln=primefaces&pfdrid=XjOR5%2F%2FfPAZAuY9TpWQeCiM0BhlXxYRBGKi%2FQcXXfeA%3D&pfdrid_c=false HTTP/1.1" 500 383
52.70.240.171 - - [06/Mar/2024:01:35:33 -0500] "GET /BLA/resoluciones/RESOLUCIONES%202007/RES%202007%203401%20AL%203500/RESOLUCION%203461%20DE%202007.pdf HTTP/1.1" 200 413939
172.22.2.4 - - [06/Mar/2024:01:33:57 -0500] "GET /BLA/boletinlegal/ HTTP/1.1" 200 58720
52.70.240.171 - - [06/Mar/2024:01:35:37 -0500] "GET /BLA/resoluciones/RESOLUCIONES%202007/RES%202007%203401%20AL%203500/RESOLUCION%203460%20DE%202007.pdf HTTP/1.1" 200 293444
23.22.35.162 - - [06/Mar/2024:01:35:41 -0500] "GET /BLA/resoluciones/RESOLUCIONES%202007/RES%202007%203401%20AL%203500/RESOLUCION%203459%20DE%202007.pdf HTTP/1.1" 200 395033
3.224.220.101 - - [06/Mar/2024:01:35:45 -0500] "GET /BLA/resoluciones/RESOLUCIONES%202007/RES%202007%203401%20AL%203500/RESOLUCION%203458%20DE%202007.pdf HTTP/1.1" 200 251566
3.224.220.101 - - [06/Mar/2024:01:35:49 -0500] "GET /BLA/resoluciones/RESOLUCIONES%202007/RES%202007%203401%20AL%203500/RESOLUCION%203457%20DE%202007.pdf HTTP/1.1" 200 141138
52.70.240.171 - - [06/Mar/2024:01:35:53 -0500] "GET /BLA/resoluciones/RESOLUCIONES%202007/RES%202007%203401%20AL%203500/RESOLUCION%203456%20DE%202007.pdf HTTP/1.1" 200 112621
52.70.240.171 - - [06/Mar/2024:01:35:57 -0500] "GET /BLA/resoluciones/RESOLUCIONES%202007/RES%202007%203401%20AL%203500/RESOLUCION%203455%20DE%202007.pdf HTTP/1.1" 200 999779
191.107.131.132 - - [06/Mar/2024:01:36:00 -0500] "POST /sipse/faces/presentacion/financiero/solicitudProceso/consultarSolicitudProceso.xhtml HTTP/1.1" 200 21243
191.107.131.132 - - [06/Mar/2024:01:36:00 -0500] "GET /sipse/faces/javax.faces.resource/theme.css?ln=primefaces-sipse HTTP/1.1" 304 -
191.107.131.132 - - [06/Mar/2024:01:36:00 -0500] "GET /sipse/faces/javax.faces.resource/jquery/jquery-plugins.js?ln=primefaces&v=4.0 HTTP/1.1" 304 -
191.107.131.132 - - [06/Mar/2024:01:36:00 -0500] "GET /sipse/faces/javax.faces.resource/primefaces.css?ln=primefaces&v=4.0 HTTP/1.1" 304 -
191.107.131.132 - - [06/Mar/2024:01:36:00 -0500] "GET /sipse/faces/javax.faces.resource/fileupload/fileupload.css?ln=primefaces&v=4.0 HTTP/1.1" 304 -
191.107.131.132 - - [06/Mar/2024:01:36:00 -0500] "GET /sipse/faces/javax.faces.resource/layout/layout.css?ln=primefaces&v=4.0 HTTP/1.1" 304 -
191.107.131.132 - - [06/Mar/2024:01:36:00 -0500] "GET /sipse/faces/javax.faces.resource/jquery/jquery.js?ln=primefaces&v=4.0 HTTP/1.1" 304 -
191.107.131.132 - - [06/Mar/2024:01:36:00 -0500] "GET /sipse/faces/javax.faces.resource/primefaces.js?ln=primefaces&v=4.0 HTTP/1.1" 304 -
191.107.131.132 - - [06/Mar/2024:01:36:00 -0500] "GET /sipse/faces/javax.faces.resource/layout/layout.js?ln=primefaces&v=4.0 HTTP/1.1" 304 -
191.107.131.132 - - [06/Mar/2024:01:36:00 -0500] "GET /sipse/faces/javax.faces.resource/fileupload/fileupload.js?ln=primefaces&v=4.0 HTTP/1.1" 304 -
23.22.35.162 - - [06/Mar/2024:01:36:01 -0500] "GET /BLA/resoluciones/RESOLUCIONES%202007/RES%202007%203401%20AL%203500/RESOLUCION%203454%20DE%202007.pdf HTTP/1.1" 200 170285
52.70.240.171 - - [06/Mar/2024:01:36:05 -0500] "GET /BLA/resoluciones/RESOLUCIONES%202007/RES%202007%203401%20AL%203500/RESOLUCION%203453%20DE%202007.pdf HTTP/1.1" 200 715663
3.224.220.101 - - [06/Mar/2024:01:36:09 -0500] "GET /BLA/resoluciones/RESOLUCIONES%202007/RES%202007%203401%20AL%203500/RESOLUCION%203452%20DE%202007.pdf HTTP/1.1" 200 879345
52.70.240.171 - - [06/Mar/2024:01:36:13 -0500] "GET /BLA/resoluciones/RESOLUCIONES%202007/RES%202007%203401%20AL%203500/RESOLUCION%203451%20DE%202007.pdf HTTP/1.1" 200 373080
52.70.240.171 - - [06/Mar/2024:01:36:17 -0500] "GET /BLA/resoluciones/RESOLUCIONES%202007/RES%202007%203401%20AL%203500/RESOLUCION%203450%20DE%202007.pdf HTTP/1.1" 200 326258
3.224.220.101 - - [06/Mar/2024:01:36:21 -0500] "GET /BLA/resoluciones/RESOLUCIONES%202007/RES%202007%203401%20AL%203500/RESOLUCION%203449%20DE%202007.pdf HTTP/1.1" 200 555677
191.107.131.132 - - [06/Mar/2024:01:36:23 -0500] "GET /sipse/faces/javax.faces.resource/theme.css?ln=primefaces-sipse HTTP/1.1" 304 -
191.107.131.132 - - [06/Mar/2024:01:36:23 -0500] "GET /sipse/faces/javax.faces.resource/jquery/jquery.js?ln=primefaces&v=4.0 HTTP/1.1" 304 -
191.107.131.132 - - [06/Mar/2024:01:36:23 -0500] "GET /sipse/faces/javax.faces.resource/layout/layout.css?ln=primefaces&v=4.0 HTTP/1.1" 304 -
191.107.131.132 - - [06/Mar/2024:01:36:23 -0500] "GET /sipse/faces/javax.faces.resource/primefaces.css?ln=primefaces&v=4.0 HTTP/1.1" 304 -
191.107.131.132 - - [06/Mar/2024:01:36:23 -0500] "GET /sipse/faces/javax.faces.resource/primefaces.js?ln=primefaces&v=4.0 HTTP/1.1" 304 -
191.107.131.132 - - [06/Mar/2024:01:36:23 -0500] "GET /sipse/faces/javax.faces.resource/jquery/jquery-plugins.js?ln=primefaces&v=4.0 HTTP/1.1" 304 -
191.107.131.132 - - [06/Mar/2024:01:36:22 -0500] "POST /sipse/faces/presentacion/sistema/anexos/cargarAnexoSolicitudProceso.xhtml HTTP/1.1" 200 170220
191.107.131.132 - - [06/Mar/2024:01:36:23 -0500] "GET /sipse/faces/javax.faces.resource/layout/layout.js?ln=primefaces&v=4.0 HTTP/1.1" 304 -
191.107.131.132 - - [06/Mar/2024:01:36:23 -0500] "GET /sipse/faces/javax.faces.resource/dynamiccontent.properties?ln=primefaces&pfdrid=XjOR5%2F%2FfPAZAuY9TpWQeCiM0BhlXxYRBGKi%2FQcXXfeA%3D&pfdrid_c=false HTTP/1.1" 500 383
23.22.35.162 - - [06/Mar/2024:01:36:25 -0500] "GET /BLA/resoluciones/RESOLUCIONES%202007/RES%202007%203401%20AL%203500/RESOLUCION%203448%20DE%202007.pdf HTTP/1.1" 200 1048712
23.22.35.162 - - [06/Mar/2024:01:36:29 -0500] "GET /BLA/resoluciones/RESOLUCIONES%202007/RES%202007%203401%20AL%203500/RESOLUCION%203447%20DE%202007.pdf HTTP/1.1" 200 873298
191.107.131.132 - - [06/Mar/2024:01:36:30 -0500] "POST /sipse/faces/presentacion/financiero/solicitudProceso/consultarSolicitudProceso.xhtml HTTP/1.1" 200 46150
191.107.131.132 - - [06/Mar/2024:01:36:31 -0500] "GET /sipse/faces/javax.faces.resource/primefaces.css?ln=primefaces&v=4.0 HTTP/1.1" 304 -
191.107.131.132 - - [06/Mar/2024:01:36:31 -0500] "GET /sipse/faces/javax.faces.resource/theme.css?ln=primefaces-sipse HTTP/1.1" 304 -
191.107.131.132 - - [06/Mar/2024:01:36:31 -0500] "GET /sipse/faces/javax.faces.resource/layout/layout.css?ln=primefaces&v=4.0 HTTP/1.1" 304 -
191.107.131.132 - - [06/Mar/2024:01:36:31 -0500] "GET /sipse/faces/javax.faces.resource/jquery/jquery.js?ln=primefaces&v=4.0 HTTP/1.1" 304 -
191.107.131.132 - - [06/Mar/2024:01:36:31 -0500] "GET /sipse/faces/javax.faces.resource/jquery/jquery-plugins.js?ln=primefaces&v=4.0 HTTP/1.1" 304 -
191.107.131.132 - - [06/Mar/2024:01:36:31 -0500] "GET /sipse/faces/javax.faces.resource/primefaces.js?ln=primefaces&v=4.0 HTTP/1.1" 304 -
191.107.131.132 - - [06/Mar/2024:01:36:31 -0500] "GET /sipse/faces/javax.faces.resource/layout/layout.js?ln=primefaces&v=4.0 HTTP/1.1" 304 -
52.70.240.171 - - [06/Mar/2024:01:36:33 -0500] "GET /BLA/resoluciones/RESOLUCIONES%202007/RES%202007%203401%20AL%203500/RESOLUCION%203446%20DE%202007.pdf HTTP/1.1" 200 833109
191.107.131.132 - - [06/Mar/2024:01:36:36 -0500] "POST /sipse/faces/presentacion/financiero/estudioPrevio/personalSolicitado/personalSolicitadoSolicitudProceso.xhtml HTTP/1.1" 200 7027
52.70.240.171 - - [06/Mar/2024:01:36:37 -0500] "GET /BLA/resoluciones/RESOLUCIONES%202007/RES%202007%203401%20AL%203500/RESOLUCION%203445%20DE%202007.pdf HTTP/1.1" 200 1371428
52.70.240.171 - - [06/Mar/2024:01:36:41 -0500] "GET /BLA/resoluciones/RESOLUCIONES%202007/RES%202007%203401%20AL%203500/RESOLUCION%203444%20DE%202007.pdf HTTP/1.1" 200 555275
191.107.131.132 - - [06/Mar/2024:01:36:41 -0500] "POST /sipse/faces/presentacion/financiero/estudioPrevio/personalSolicitado/personalSolicitadoSolicitudProceso.xhtml HTTP/1.1" 200 36857
191.107.131.132 - - [06/Mar/2024:01:36:42 -0500] "GET /sipse/faces/javax.faces.resource/theme.css?ln=primefaces-sipse HTTP/1.1" 304 -
191.107.131.132 - - [06/Mar/2024:01:36:42 -0500] "GET /sipse/faces/javax.faces.resource/layout/layout.css?ln=primefaces&v=4.0 HTTP/1.1" 304 -
191.107.131.132 - - [06/Mar/2024:01:36:42 -0500] "GET /sipse/faces/javax.faces.resource/primefaces.css?ln=primefaces&v=4.0 HTTP/1.1" 304 -
191.107.131.132 - - [06/Mar/2024:01:36:42 -0500] "GET /sipse/faces/javax.faces.resource/jquery/jquery.js?ln=primefaces&v=4.0 HTTP/1.1" 304 -
191.107.131.132 - - [06/Mar/2024:01:36:42 -0500] "GET /sipse/faces/javax.faces.resource/jquery/jquery-plugins.js?ln=primefaces&v=4.0 HTTP/1.1" 304 -
191.107.131.132 - - [06/Mar/2024:01:36:42 -0500] "GET /sipse/faces/javax.faces.resource/primefaces.js?ln=primefaces&v=4.0 HTTP/1.1" 304 -
191.107.131.132 - - [06/Mar/2024:01:36:42 -0500] "GET /sipse/faces/javax.faces.resource/layout/layout.js?ln=primefaces&v=4.0 HTTP/1.1" 304 -
191.107.131.132 - - [06/Mar/2024:01:36:44 -0500] "POST /sipse/faces/presentacion/financiero/estudioPrevio/personalSolicitado/asociarProfesionPersonalSolicitado.xhtml HTTP/1.1" 200 21179
191.107.131.132 - - [06/Mar/2024:01:36:45 -0500] "POST /sipse/faces/presentacion/financiero/estudioPrevio/personalSolicitado/asociarProfesionPersonalSolicitado.xhtml HTTP/1.1" 200 21179
23.22.35.162 - - [06/Mar/2024:01:36:46 -0500] "GET /BLA/resoluciones/RESOLUCIONES%202007/RES%202007%203401%20AL%203500/RESOLUCION%203443%20DE%202007.pdf HTTP/1.1" 200 679699
191.107.131.132 - - [06/Mar/2024:01:36:46 -0500] "POST /sipse/faces/presentacion/financiero/estudioPrevio/personalSolicitado/asociarProfesionPersonalSolicitado.xhtml HTTP/1.1" 200 21327
191.107.131.132 - - [06/Mar/2024:01:36:48 -0500] "GET /sipse/faces/javax.faces.resource/images/ui-icons_898989_256x240.png?ln=primefaces-aristo HTTP/1.1" 304 -
52.70.240.171 - - [06/Mar/2024:01:36:49 -0500] "GET /BLA/resoluciones/RESOLUCIONES%202007/RES%202007%203401%20AL%203500/RESOLUCION%203442%20DE%202007.pdf HTTP/1.1" 200 554108
191.107.131.132 - - [06/Mar/2024:01:36:49 -0500] "POST /sipse/faces/presentacion/financiero/estudioPrevio/personalSolicitado/asociarProfesionPersonalSolicitado.xhtml HTTP/1.1" 200 50832
191.107.131.132 - - [06/Mar/2024:01:36:50 -0500] "GET /sipse/faces/javax.faces.resource/theme.css?ln=primefaces-sipse HTTP/1.1" 304 -
191.107.131.132 - - [06/Mar/2024:01:36:50 -0500] "GET /sipse/faces/javax.faces.resource/layout/layout.css?ln=primefaces&v=4.0 HTTP/1.1" 304 -
191.107.131.132 - - [06/Mar/2024:01:36:50 -0500] "GET /sipse/faces/javax.faces.resource/primefaces.css?ln=primefaces&v=4.0 HTTP/1.1" 304 -
191.107.131.132 - - [06/Mar/2024:01:36:50 -0500] "GET /sipse/faces/javax.faces.resource/jquery/jquery.js?ln=primefaces&v=4.0 HTTP/1.1" 304 -
191.107.131.132 - - [06/Mar/2024:01:36:50 -0500] "GET /sipse/faces/javax.faces.resource/jquery/jquery-plugins.js?ln=primefaces&v=4.0 HTTP/1.1" 304 -
191.107.131.132 - - [06/Mar/2024:01:36:50 -0500] "GET /sipse/faces/javax.faces.resource/primefaces.js?ln=primefaces&v=4.0 HTTP/1.1" 304 -
191.107.131.132 - - [06/Mar/2024:01:36:50 -0500] "GET /sipse/faces/javax.faces.resource/layout/layout.js?ln=primefaces&v=4.0 HTTP/1.1" 304 -
3.224.220.101 - - [06/Mar/2024:01:36:53 -0500] "GET /BLA/resoluciones/RESOLUCIONES%202007/RES%202007%203401%20AL%203500/RESOLUCION%203441%20DE%202007.pdf HTTP/1.1" 200 271474
52.70.240.171 - - [06/Mar/2024:01:36:57 -0500] "GET /BLA/resoluciones/RESOLUCIONES%202007/RES%202007%203401%20AL%203500/RESOLUCION%203440%20DE%202007.pdf HTTP/1.1" 200 535664
3.224.220.101 - - [06/Mar/2024:01:37:01 -0500] "GET /BLA/resoluciones/RESOLUCIONES%202007/RES%202007%203401%20AL%203500/RESOLUCION%203439%20DE%202007.pdf HTTP/1.1" 200 744915
23.22.35.162 - - [06/Mar/2024:01:37:05 -0500] "GET /BLA/resoluciones/RESOLUCIONES%202007/RES%202007%203401%20AL%203500/RESOLUCION%203438%20DE%202007.pdf HTTP/1.1" 200 731540
3.224.220.101 - - [06/Mar/2024:01:37:09 -0500] "GET /BLA/resoluciones/RESOLUCIONES%202007/RES%202007%203401%20AL%203500/RESOLUCION%203437%20DE%202007.pdf HTTP/1.1" 200 553563
3.224.220.101 - - [06/Mar/2024:01:37:13 -0500] "GET /BLA/resoluciones/RESOLUCIONES%202007/RES%202007%203401%20AL%203500/RESOLUCION%203436%20DE%202007.pdf HTTP/1.1" 200 791783
191.107.131.132 - - [06/Mar/2024:01:37:13 -0500] "GET /sipse/faces/javax.faces.resource/theme.css?ln=primefaces-sipse HTTP/1.1" 304 -
191.107.131.132 - - [06/Mar/2024:01:37:13 -0500] "GET /sipse/faces/javax.faces.resource/primefaces.css?ln=primefaces&v=4.0 HTTP/1.1" 304 -
191.107.131.132 - - [06/Mar/2024:01:37:13 -0500] "GET /sipse/faces/javax.faces.resource/layout/layout.css?ln=primefaces&v=4.0 HTTP/1.1" 304 -
191.107.131.132 - - [06/Mar/2024:01:37:13 -0500] "GET /sipse/faces/javax.faces.resource/jquery/jquery.js?ln=primefaces&v=4.0 HTTP/1.1" 304 -
191.107.131.132 - - [06/Mar/2024:01:37:13 -0500] "GET /sipse/faces/javax.faces.resource/jquery/jquery-plugins.js?ln=primefaces&v=4.0 HTTP/1.1" 304 -
191.107.131.132 - - [06/Mar/2024:01:37:13 -0500] "GET /sipse/faces/javax.faces.resource/primefaces.js?ln=primefaces&v=4.0 HTTP/1.1" 304 -
191.107.131.132 - - [06/Mar/2024:01:37:12 -0500] "POST /sipse/faces/presentacion/financiero/estudioPrevio/personalSolicitado/personalSolicitadoSolicitudProceso.xhtml HTTP/1.1" 200 180033
191.107.131.132 - - [06/Mar/2024:01:37:13 -0500] "GET /sipse/faces/javax.faces.resource/layout/layout.js?ln=primefaces&v=4.0 HTTP/1.1" 304 -
191.107.131.132 - - [06/Mar/2024:01:37:13 -0500] "GET /sipse/faces/javax.faces.resource/dynamiccontent.properties?ln=primefaces&pfdrid=XjOR5%2F%2FfPAZAuY9TpWQeCiM0BhlXxYRBGKi%2FQcXXfeA%3D&pfdrid_c=false HTTP/1.1" 500 383
3.224.220.101 - - [06/Mar/2024:01:37:17 -0500] "GET /BLA/resoluciones/RESOLUCIONES%202007/RES%202007%203401%20AL%203500/RESOLUCION%203434%20DE%202007.pdf HTTP/1.1" 200 44117
201.245.192.253 - - [06/Mar/2024:01:37:15 -0500] "POST /kwsrmcab/Wsrmcab  HTTP/1.1" 200 39632
23.22.35.162 - - [06/Mar/2024:01:37:21 -0500] "GET /BLA/resoluciones/RESOLUCIONES%202007/RES%202007%203401%20AL%203500/RESOLUCION%203433%20DE%202007.pdf HTTP/1.1" 200 672687
3.224.220.101 - - [06/Mar/2024:01:37:25 -0500] "GET /BLA/resoluciones/RESOLUCIONES%202007/RES%202007%203401%20AL%203500/RESOLUCION%203432%20DE%202007.pdf HTTP/1.1" 200 492568
191.107.131.132 - - [06/Mar/2024:01:37:25 -0500] "POST /sipse/faces/presentacion/financiero/solicitudProceso/consultarSolicitudProceso.xhtml HTTP/1.1" 200 64076
