191.107.131.132 - - [06/Mar/2024:00:21:14 -0500] "GET /sipse/faces/javax.faces.resource/primefaces.css?ln=primefaces&v=4.0 HTTP/1.1" 304 -
191.107.131.132 - - [06/Mar/2024:00:21:14 -0500] "GET /sipse/faces/javax.faces.resource/layout/layout.css?ln=primefaces&v=4.0 HTTP/1.1" 304 -
191.107.131.132 - - [06/Mar/2024:00:21:14 -0500] "GET /sipse/faces/javax.faces.resource/jquery/jquery.js?ln=primefaces&v=4.0 HTTP/1.1" 304 -
191.107.131.132 - - [06/Mar/2024:00:21:14 -0500] "GET /sipse/faces/javax.faces.resource/jquery/jquery-plugins.js?ln=primefaces&v=4.0 HTTP/1.1" 304 -
191.107.131.132 - - [06/Mar/2024:00:21:14 -0500] "GET /sipse/faces/javax.faces.resource/primefaces.js?ln=primefaces&v=4.0 HTTP/1.1" 304 -
191.107.131.132 - - [06/Mar/2024:00:21:14 -0500] "GET /sipse/faces/javax.faces.resource/layout/layout.js?ln=primefaces&v=4.0 HTTP/1.1" 304 -
23.22.35.162 - - [06/Mar/2024:00:21:17 -0500] "GET /BLA/resoluciones/index.php?dir=RESOLUCIONES%202003/RES%202003%20201-250/&order=desc&sort=size HTTP/1.1" 200 12347
3.224.220.101 - - [06/Mar/2024:00:21:25 -0500] "GET /BLA/resoluciones/index.php?dir=RESOLUCIONES%202003/RES%202003%20201-250/&order=desc&sort=name HTTP/1.1" 200 12347
23.22.35.162 - - [06/Mar/2024:00:21:30 -0500] "GET /BLA/resoluciones/index.php?dir=RESOLUCIONES%202003/RES%202003%20151-200/ HTTP/1.1" 200 12346
52.70.240.171 - - [06/Mar/2024:00:21:45 -0500] "GET /BLA/resoluciones/index.php?dir=RESOLUCIONES%202003/RES%202003%20151-200/&order=asc&sort=date HTTP/1.1" 200 12346
23.22.35.162 - - [06/Mar/2024:00:21:49 -0500] "GET /BLA/resoluciones/index.php?dir=RESOLUCIONES%202003/RES%202003%20151-200/&order=desc&sort=date HTTP/1.1" 200 12345
3.224.220.101 - - [06/Mar/2024:00:21:53 -0500] "GET /BLA/resoluciones/index.php?dir=RESOLUCIONES%202003/RES%202003%20151-200/&order=asc&sort=name HTTP/1.1" 200 12346
52.70.240.171 - - [06/Mar/2024:00:22:13 -0500] "GET /BLA/resoluciones/index.php?dir=RESOLUCIONES%202003/RES%202003%20151-200/&order=asc&sort=size HTTP/1.1" 200 12346
52.70.240.171 - - [06/Mar/2024:00:22:17 -0500] "GET /BLA/resoluciones/index.php?dir=RESOLUCIONES%202003/RES%202003%20151-200/&order=desc&sort=size HTTP/1.1" 200 12345
52.70.240.171 - - [06/Mar/2024:00:22:21 -0500] "GET /BLA/resoluciones/index.php?dir=RESOLUCIONES%202003/RES%202003%20151-200/&order=desc&sort=name HTTP/1.1" 200 12345
172.22.2.4 - - [06/Mar/2024:00:22:37 -0500] "GET /BLA/boletinlegal/Circulares/2012/Circular%20No.%2013%20del%2006%20de%20Septiembre%20de%202012.pdf HTTP/1.1" 304 -
3.224.220.101 - - [06/Mar/2024:00:22:41 -0500] "GET /BLA/resoluciones/index.php?dir=RESOLUCIONES%202003/RES%202003%20101-150/ HTTP/1.1" 200 12355
23.22.35.162 - - [06/Mar/2024:00:22:46 -0500] "GET /BLA/resoluciones/index.php?dir=RESOLUCIONES%202003/RES%202003%20101-150/&order=asc&sort=date HTTP/1.1" 200 12355
3.224.220.101 - - [06/Mar/2024:00:22:53 -0500] "GET /BLA/resoluciones/index.php?dir=RESOLUCIONES%202003/RES%202003%20101-150/&order=desc&sort=date HTTP/1.1" 200 12354
191.107.131.132 - - [06/Mar/2024:00:23:00 -0500] "GET /sipse/faces/javax.faces.resource/images/ui-icons_898989_256x240.png?ln=primefaces-aristo HTTP/1.1" 304 -
186.102.25.167 - - [06/Mar/2024:00:23:11 -0500] "GET /kwssiamovil/sm/acme/a?s=U2FsdGVkX18y62yBNXVvzLsfW2YEp5Ndna/4JV+8eFrDTKTDklI81uclcuo2klLFE6SgLh7dM1ErCY8zzBDyr4t5hf+5z5uzeaVTZkMv5DWwXTu1Bi9hndumhtF4U/oGbEJeWmo3TYhAPTqj+t2dNdrAETTE6t/rf4zT2PapXBcAamVlPUmZNxYyov6QiXNSIn6xMny+xkEoaJg0fcY9etIxm9X8tMexEkF3qnnyimsKIABhhXUl9JlvF3ScK/ljDdr0apY5C5b9P3iyOizAag==&u=U2FsdGVkX19KdOQY/ZulO4wDeT3DnLIzAHY1JpBU8y/kAAkRe2eBJPaP26GvN7dl&y=U2FsdGVkX18KFAKzqPuPgtgbg2CTXxLUmszHE/+aTUub9J6m8311DLnHpQt3EPXI HTTP/1.1" 200 26
186.102.25.167 - - [06/Mar/2024:00:23:11 -0500] "GET /kwssiamovil/sm/acme/a?s=U2FsdGVkX18fdpZiWvTvwZhjRaNHl8h/iJi4zf8WjxXMNcvTRBKhWIAnavFJFCYR2BQkp36yMXhulRH74w4j/7v0i/RVHZ3nGsrLglru0CZMQhCorJ4ciqOeNiIdDMfw536ineeOcC6n6M8JoddMKQYUJa1/GhpK04LCrf4zZ9q3r+O48sxPe6w/qkCv12jqyz0ge2fIKBj0JE0+mtAcxFRHJXdTv/nIetYpXZr3Xr97XbVzZkjrqD4ruSj5wBPP9B1WEBf0Y4ly3y7LU1IrpNDRVYjPIgV8R9PFI1Et9c1CguDRRYbTmvSth7JiBtbwpuzE2XgrgwmObi96nuMmwV7jOrr7KNygTWI/NUrS4ig3fRgylfum2IMYO797SI47mdeQlsj/5pcVrCmw4sDaxKvQvkMsJK0xlqeG1A3pui2ranbYup3CH6Drc59UE4XJ78FR5yCUyCItOQFg/xhwOn9m0Z87qiaGLrVld5L9xVvipMbFZNBMS2IdgFw4EcU6Y8DI3nqYUG8iQO+4IG0twz8UZ2MEtbb9RMSvv4bsIunCH0fmqy9rjXbexCUpixtZS2sG0G9IQbaHBG3DLyGz81wz9vVMkx5cuOym6neGiuBQHRcDwIz5UuD7B02WBB49A7gruNAarGgLHzK/MLWtO2E9xB0HUjANpVghdow1efxoP1IsNIbZWC00VHU9AvbW1YwzIC3rqkVT9toIptxwEJZa8v4xWZK1gWSImNaI37Bet60dMZ2QiZ/d0A04s3vOZfSS291njsOQXcDqO0xugYRpEOaXDy2A21RTys6KGDmYhs5r3EOJUNx/Uk7rq2Jv8dkz+Kc85PQHDQwiIPIA0xrWwwEvq/62+rvMnLdyU7Ck4vJGlnHQ4l+yOM2S/P+IAwS4tkinLYb1ZHP9d5Sod0/0S/uhBJGnSZlq15Imy4rP6Hj4uu+WmP4kCYkGH+AlkTjO8zugDz4YjYcf0ffBtdVxE87lbHZGYEl7MkIcwoo5BIiFLslfyPqPH64vjXQyqrHRxYkm2wyxCe7g0ZXyJlxNFfsJrWjGZkcecJpvQwmmGHck8Xc/3ufdOQ0feip4GAQjDZy/Uv1phClGDncIxuCcDt2uqf10W3AdncLKqn9TSqpbGoFuQNcDAluJ+X+oQBUBH65FqMmDSzv/X/QDWb0IWzboFrRJ1WZF59V2OIY84rvTSNqCB1eUsE6vETcrmHyvOq2itU6XPnt7Ljzo8sX1G8pl0PFI+pHOs6xUM9WKncubPkBHnh7VApj0d9kFUYB21VO7Y7a8dHurzWegkDlM48TLF/2BhUx2khCqwld93ezLohN1ltOMd+thhrUn5K+VylRwObf7eTPXmrJNVrA9dNp1fAJm//wVM6dzNutzLx4S08rJi4UmY+cK1t8hXwLOyacMwLHH3qG11cOpzsV6dVFYfLLGO7xRIwZ/1xZtd/0rFjnFUDi/hyI/TN2bGcD8OCdyNCMTZ46VL+47y3C/eKnj6ZPAq2EXJW44Uz1N/cqwtlG5p9xiWyJ66/xrJ7NSXtX6DW7Qqnxrwq4VOmFLy+fkQfsMDhFJ2E3v28hm2gR4ijTsCFyfPA7Jm3hDuV5eAL+jVFsqD0YEo3hEYg1RIj0E0qOX048R4uLQOc4=&u=U2FsdGVkX19KdOQY/ZulO4wDeT3DnLIzAHY1JpBU8y/kAAkRe2eBJPaP26GvN7dl&y=U2FsdGVkX18KFAKzqPuPgtgbg2CTXxLUmszHE/+aTUub9J6m8311DLnHpQt3EPXI HTTP/1.1" 200 26
186.102.25.167 - - [06/Mar/2024:00:23:11 -0500] "GET /kwssiamovil/sm/acme/a?s=U2FsdGVkX199Sfp3DqIVcP6hanJYAyIDtYEsZ7zeJZw5cnbvMuVNTG9G1q5oogievJNsk1+I8Ozl8IczjPfyr2dVkgufy+vc/GZhtWodHxWkHSA4LHGrQ8N5ZN8gP5OELGvpxWV0mX/g3dDLLw7OH0f4bww/ljzHguBaTqgJvuE=&u=U2FsdGVkX19KdOQY/ZulO4wDeT3DnLIzAHY1JpBU8y/kAAkRe2eBJPaP26GvN7dl&y=U2FsdGVkX18KFAKzqPuPgtgbg2CTXxLUmszHE/+aTUub9J6m8311DLnHpQt3EPXI HTTP/1.1" 200 26
186.102.25.167 - - [06/Mar/2024:00:23:11 -0500] "GET /kwssiamovil/sm/acme/a?s=U2FsdGVkX19HbsMpell/nEbqvXeYxeLugFZUdyP5nk7YRe5SO4B7IdqCdq6LiTvVyTZgvIklZiC9p9c4GJtg5w+tj4egY2S6VPN6f84fm5uYnDmj0VobkRS22hDxZB9jO9KBrIe9IQazE7bQFTC+ieYJcvB3OTcS+C/FRUaO3OE=&u=U2FsdGVkX19KdOQY/ZulO4wDeT3DnLIzAHY1JpBU8y/kAAkRe2eBJPaP26GvN7dl&y=U2FsdGVkX18KFAKzqPuPgtgbg2CTXxLUmszHE/+aTUub9J6m8311DLnHpQt3EPXI HTTP/1.1" 200 26
186.102.25.167 - - [06/Mar/2024:00:23:12 -0500] "GET /kwssiamovil/sm/acme/a?s=U2FsdGVkX1+ymYGV8r4DHO0vzDtzwwj5DM0Vi9aGecgU/0yCWLtjLnMfonXfMJwzeNsrvPbfNbSX6UjQKbTp/FmInDyxhi/hAVLJc9EfxKJHVUi4nGsCq0+Jeh+z1K0ecswjHjsD3DmcHxvhvUNpGbnocF111u8gnsg6ziIIMHI=&u=U2FsdGVkX19KdOQY/ZulO4wDeT3DnLIzAHY1JpBU8y/kAAkRe2eBJPaP26GvN7dl&y=U2FsdGVkX18KFAKzqPuPgtgbg2CTXxLUmszHE/+aTUub9J6m8311DLnHpQt3EPXI HTTP/1.1" 200 26
186.102.25.167 - - [06/Mar/2024:00:23:12 -0500] "GET /kwssiamovil/sm/acme/a?s=U2FsdGVkX19iNLO62XUaDw3zl3o1qJhByRW/GNa/79qfJGrjSIHbVH9naX9eojiT/vpfvPQikKu0aaOkFkMTU7IRG5EEJMUZjtvWDPJ34n+iQO9XU1M26TwS/Ygx8iHR9rjZ2ftt1zv2rrHWkf4gr+l89mSQIHq2v/zdHU7u1slCHynCheby26kAFEIgXlPxJ6iOzNlf+Y3Hp3sw6cY2aA==&u=U2FsdGVkX19KdOQY/ZulO4wDeT3DnLIzAHY1JpBU8y/kAAkRe2eBJPaP26GvN7dl&y=U2FsdGVkX18KFAKzqPuPgtgbg2CTXxLUmszHE/+aTUub9J6m8311DLnHpQt3EPXI HTTP/1.1" 200 26
23.22.35.162 - - [06/Mar/2024:00:23:13 -0500] "GET /BLA/resoluciones/index.php?dir=RESOLUCIONES%202003/RES%202003%20101-150/&order=asc&sort=name HTTP/1.1" 200 12355
3.224.220.101 - - [06/Mar/2024:00:23:17 -0500] "GET /BLA/resoluciones/index.php?dir=RESOLUCIONES%202003/RES%202003%20101-150/&order=asc&sort=size HTTP/1.1" 200 12355
52.70.240.171 - - [06/Mar/2024:00:23:29 -0500] "GET /BLA/resoluciones/index.php?dir=RESOLUCIONES%202003/RES%202003%20101-150/&order=desc&sort=size HTTP/1.1" 200 12354
52.70.240.171 - - [06/Mar/2024:00:23:33 -0500] "GET /BLA/resoluciones/index.php?dir=RESOLUCIONES%202003/RES%202003%20101-150/&order=desc&sort=name HTTP/1.1" 200 12354
23.22.35.162 - - [06/Mar/2024:00:23:37 -0500] "GET /BLA/resoluciones/index.php?dir=RESOLUCIONES%202003/RES%202003%20051-100/ HTTP/1.1" 200 11998
191.107.131.132 - - [06/Mar/2024:00:23:40 -0500] "POST /sipse/faces/presentacion/financiero/solicitudProyectoActividad/asociarActividadSolicitud.xhtml HTTP/1.1" 200 20187
191.107.131.132 - - [06/Mar/2024:00:23:40 -0500] "GET /sipse/faces/javax.faces.resource/theme.css?ln=primefaces-sipse HTTP/1.1" 304 -
191.107.131.132 - - [06/Mar/2024:00:23:40 -0500] "GET /sipse/faces/javax.faces.resource/layout/layout.css?ln=primefaces&v=4.0 HTTP/1.1" 304 -
191.107.131.132 - - [06/Mar/2024:00:23:40 -0500] "GET /sipse/faces/javax.faces.resource/primefaces.css?ln=primefaces&v=4.0 HTTP/1.1" 304 -
191.107.131.132 - - [06/Mar/2024:00:23:40 -0500] "GET /sipse/faces/javax.faces.resource/jquery/jquery.js?ln=primefaces&v=4.0 HTTP/1.1" 304 -
191.107.131.132 - - [06/Mar/2024:00:23:40 -0500] "GET /sipse/faces/javax.faces.resource/jquery/jquery-plugins.js?ln=primefaces&v=4.0 HTTP/1.1" 304 -
191.107.131.132 - - [06/Mar/2024:00:23:40 -0500] "GET /sipse/faces/javax.faces.resource/primefaces.js?ln=primefaces&v=4.0 HTTP/1.1" 304 -
191.107.131.132 - - [06/Mar/2024:00:23:40 -0500] "GET /sipse/faces/javax.faces.resource/layout/layout.js?ln=primefaces&v=4.0 HTTP/1.1" 304 -
52.70.240.171 - - [06/Mar/2024:00:23:53 -0500] "GET /BLA/resoluciones/index.php?dir=RESOLUCIONES%202003/RES%202003%20051-100/&order=asc&sort=date HTTP/1.1" 200 11998
3.224.220.101 - - [06/Mar/2024:00:24:01 -0500] "GET /BLA/resoluciones/index.php?dir=RESOLUCIONES%202003/RES%202003%20051-100/&order=desc&sort=date HTTP/1.1" 200 11997
23.22.35.162 - - [06/Mar/2024:00:24:13 -0500] "GET /BLA/resoluciones/index.php?dir=RESOLUCIONES%202003/RES%202003%20051-100/&order=asc&sort=name HTTP/1.1" 200 11998
52.70.240.171 - - [06/Mar/2024:00:24:21 -0500] "GET /BLA/resoluciones/index.php?dir=RESOLUCIONES%202003/RES%202003%20051-100/&order=asc&sort=size HTTP/1.1" 200 11998
3.224.220.101 - - [06/Mar/2024:00:24:29 -0500] "GET /BLA/resoluciones/index.php?dir=RESOLUCIONES%202003/RES%202003%20051-100/&order=desc&sort=size HTTP/1.1" 200 11997
3.224.220.101 - - [06/Mar/2024:00:24:33 -0500] "GET /BLA/resoluciones/index.php?dir=RESOLUCIONES%202003/RES%202003%20051-100/&order=desc&sort=name HTTP/1.1" 200 11997
191.107.131.132 - - [06/Mar/2024:00:24:33 -0500] "POST /sipse/faces/presentacion/financiero/solicitudProyectoActividad/asociarFuentesSolicitud.xhtml HTTP/1.1" 200 83270
191.107.131.132 - - [06/Mar/2024:00:24:33 -0500] "GET /sipse/faces/javax.faces.resource/theme.css?ln=primefaces-sipse HTTP/1.1" 304 -
191.107.131.132 - - [06/Mar/2024:00:24:33 -0500] "GET /sipse/faces/javax.faces.resource/jquery/jquery.js?ln=primefaces&v=4.0 HTTP/1.1" 304 -
191.107.131.132 - - [06/Mar/2024:00:24:33 -0500] "GET /sipse/faces/javax.faces.resource/primefaces.css?ln=primefaces&v=4.0 HTTP/1.1" 304 -
191.107.131.132 - - [06/Mar/2024:00:24:33 -0500] "GET /sipse/faces/javax.faces.resource/layout/layout.css?ln=primefaces&v=4.0 HTTP/1.1" 304 -
191.107.131.132 - - [06/Mar/2024:00:24:33 -0500] "GET /sipse/faces/javax.faces.resource/jquery/jquery-plugins.js?ln=primefaces&v=4.0 HTTP/1.1" 304 -
191.107.131.132 - - [06/Mar/2024:00:24:33 -0500] "GET /sipse/faces/javax.faces.resource/layout/layout.js?ln=primefaces&v=4.0 HTTP/1.1" 304 -
191.107.131.132 - - [06/Mar/2024:00:24:33 -0500] "GET /sipse/faces/javax.faces.resource/primefaces.js?ln=primefaces&v=4.0 HTTP/1.1" 304 -
23.22.35.162 - - [06/Mar/2024:00:24:37 -0500] "GET /BLA/resoluciones/index.php?dir=RESOLUCIONES%202003/RES%202003%20001-050/ HTTP/1.1" 200 12161
23.22.35.162 - - [06/Mar/2024:00:24:41 -0500] "GET /BLA/resoluciones/index.php?dir=RESOLUCIONES%202003/RES%202003%20001-050/&order=asc&sort=date HTTP/1.1" 200 12161
172.22.2.4 - - [06/Mar/2024:00:23:06 -0500] "HEAD /BLA/boletinlegal/ HTTP/1.1" 200 -
52.70.240.171 - - [06/Mar/2024:00:24:53 -0500] "GET /BLA/resoluciones/index.php?dir=RESOLUCIONES%202003/RES%202003%20001-050/&order=desc&sort=date HTTP/1.1" 200 12160
23.22.35.162 - - [06/Mar/2024:00:25:02 -0500] "GET /BLA/resoluciones/index.php?dir=RESOLUCIONES%202003/RES%202003%20001-050/&order=asc&sort=name HTTP/1.1" 200 12161
52.70.240.171 - - [06/Mar/2024:00:25:05 -0500] "GET /BLA/resoluciones/index.php?dir=RESOLUCIONES%202003/RES%202003%20001-050/&order=asc&sort=size HTTP/1.1" 200 12161
3.224.220.101 - - [06/Mar/2024:00:25:09 -0500] "GET /BLA/resoluciones/index.php?dir=RESOLUCIONES%202003/RES%202003%20001-050/&order=desc&sort=size HTTP/1.1" 200 12160
216.245.221.92 - - [06/Mar/2024:00:25:09 -0500] "HEAD / HTTP/1.1" 200 -
191.107.131.132 - - [06/Mar/2024:00:25:01 -0500] "POST /sipse/faces/presentacion/financiero/solicitudProceso/crearModificarSolicitudProceso.xhtml HTTP/1.1" 200 45626
191.107.131.132 - - [06/Mar/2024:00:25:11 -0500] "GET /sipse/faces/javax.faces.resource/theme.css?ln=primefaces-sipse HTTP/1.1" 304 -
191.107.131.132 - - [06/Mar/2024:00:25:11 -0500] "GET /sipse/faces/javax.faces.resource/primefaces.css?ln=primefaces&v=4.0 HTTP/1.1" 304 -
191.107.131.132 - - [06/Mar/2024:00:25:11 -0500] "GET /sipse/faces/javax.faces.resource/jquery/jquery.js?ln=primefaces&v=4.0 HTTP/1.1" 304 -
191.107.131.132 - - [06/Mar/2024:00:25:11 -0500] "GET /sipse/faces/javax.faces.resource/layout/layout.css?ln=primefaces&v=4.0 HTTP/1.1" 304 -
191.107.131.132 - - [06/Mar/2024:00:25:11 -0500] "GET /sipse/faces/javax.faces.resource/jquery/jquery-plugins.js?ln=primefaces&v=4.0 HTTP/1.1" 304 -
191.107.131.132 - - [06/Mar/2024:00:25:11 -0500] "GET /sipse/faces/javax.faces.resource/primefaces.js?ln=primefaces&v=4.0 HTTP/1.1" 304 -
191.107.131.132 - - [06/Mar/2024:00:25:11 -0500] "GET /sipse/faces/javax.faces.resource/layout/layout.js?ln=primefaces&v=4.0 HTTP/1.1" 304 -
207.46.13.125 - - [06/Mar/2024:00:25:13 -0500] "GET /BLA/resoluciones/AUTOS%202023/1357.pdf HTTP/1.1" 304 -
201.245.192.253 - - [06/Mar/2024:00:25:26 -0500] "POST /kwsrmcab/Wsrmcab  HTTP/1.1" 200 39632
191.107.131.132 - - [06/Mar/2024:00:25:15 -0500] "POST /sipse/faces/presentacion/financiero/solicitudBienServicio/asociarBienServicioSolicitud.xhtml HTTP/1.1" 200 2720
23.22.35.162 - - [06/Mar/2024:00:25:34 -0500] "GET /BLA/resoluciones/index.php?dir=RESOLUCIONES%202003/RES%202003%20001-050/&order=desc&sort=name HTTP/1.1" 200 12160
172.22.2.4 - - [06/Mar/2024:00:23:57 -0500] "GET /BLA/boletinlegal/ HTTP/1.1" 200 58273
3.224.220.101 - - [06/Mar/2024:00:25:41 -0500] "GET /BLA/resoluciones/index.php?dir=RESOLUCIONES%202003/ANEXOS%20RES%202048/ HTTP/1.1" 200 7160
191.107.131.132 - - [06/Mar/2024:00:25:41 -0500] "POST /sipse/faces/presentacion/financiero/solicitudBienServicio/asociarBienServicioSolicitud.xhtml HTTP/1.1" 200 78970
191.107.131.132 - - [06/Mar/2024:00:25:41 -0500] "GET /sipse/faces/javax.faces.resource/theme.css?ln=primefaces-sipse HTTP/1.1" 304 -
191.107.131.132 - - [06/Mar/2024:00:25:41 -0500] "GET /sipse/faces/javax.faces.resource/layout/layout.css?ln=primefaces&v=4.0 HTTP/1.1" 304 -
191.107.131.132 - - [06/Mar/2024:00:25:41 -0500] "GET /sipse/faces/javax.faces.resource/primefaces.css?ln=primefaces&v=4.0 HTTP/1.1" 304 -
191.107.131.132 - - [06/Mar/2024:00:25:41 -0500] "GET /sipse/faces/javax.faces.resource/jquery/jquery.js?ln=primefaces&v=4.0 HTTP/1.1" 304 -
191.107.131.132 - - [06/Mar/2024:00:25:41 -0500] "GET /sipse/faces/javax.faces.resource/jquery/jquery-plugins.js?ln=primefaces&v=4.0 HTTP/1.1" 304 -
191.107.131.132 - - [06/Mar/2024:00:25:41 -0500] "GET /sipse/faces/javax.faces.resource/primefaces.js?ln=primefaces&v=4.0 HTTP/1.1" 304 -
191.107.131.132 - - [06/Mar/2024:00:25:41 -0500] "GET /sipse/faces/javax.faces.resource/layout/layout.js?ln=primefaces&v=4.0 HTTP/1.1" 304 -
172.22.2.4 - - [06/Mar/2024:00:25:51 -0500] "GET /BLA/boletinlegal/Circulares/2011/Circular%20No.%203%20del%2023%20de%20Junio%20de%202011.pdf HTTP/1.1" 200 1452758
23.22.35.162 - - [06/Mar/2024:00:25:57 -0500] "GET /BLA/resoluciones/index.php?dir=RESOLUCIONES%202003/ANEXOS%20RES%202048/&order=asc&sort=date HTTP/1.1" 200 7160
3.224.220.101 - - [06/Mar/2024:00:26:01 -0500] "GET /BLA/resoluciones/index.php?dir=RESOLUCIONES%202003/ANEXOS%20RES%202048/&order=desc&sort=date HTTP/1.1" 200 7159
191.107.131.132 - - [06/Mar/2024:00:26:02 -0500] "POST /sipse/faces/presentacion/financiero/solicitudProceso/crearModificarSolicitudProceso.xhtml HTTP/1.1" 200 37232
191.107.131.132 - - [06/Mar/2024:00:26:04 -0500] "GET /sipse/faces/javax.faces.resource/theme.css?ln=primefaces-sipse HTTP/1.1" 304 -
191.107.131.132 - - [06/Mar/2024:00:26:04 -0500] "GET /sipse/faces/javax.faces.resource/primefaces.css?ln=primefaces&v=4.0 HTTP/1.1" 304 -
191.107.131.132 - - [06/Mar/2024:00:26:04 -0500] "GET /sipse/faces/javax.faces.resource/layout/layout.css?ln=primefaces&v=4.0 HTTP/1.1" 304 -
191.107.131.132 - - [06/Mar/2024:00:26:04 -0500] "GET /sipse/faces/javax.faces.resource/jquery/jquery.js?ln=primefaces&v=4.0 HTTP/1.1" 304 -
191.107.131.132 - - [06/Mar/2024:00:26:04 -0500] "GET /sipse/faces/javax.faces.resource/jquery/jquery-plugins.js?ln=primefaces&v=4.0 HTTP/1.1" 304 -
191.107.131.132 - - [06/Mar/2024:00:26:04 -0500] "GET /sipse/faces/javax.faces.resource/primefaces.js?ln=primefaces&v=4.0 HTTP/1.1" 304 -
191.107.131.132 - - [06/Mar/2024:00:26:04 -0500] "GET /sipse/faces/javax.faces.resource/layout/layout.js?ln=primefaces&v=4.0 HTTP/1.1" 304 -
191.107.131.132 - - [06/Mar/2024:00:26:04 -0500] "POST /sipse/faces/presentacion/financiero/solicitudProceso/listarSolicitudProceso.xhtml HTTP/1.1" 200 1392
52.70.240.171 - - [06/Mar/2024:00:26:06 -0500] "GET /BLA/resoluciones/index.php?dir=RESOLUCIONES%202003/ANEXOS%20RES%202048/&order=asc&sort=name HTTP/1.1" 200 7160
23.22.35.162 - - [06/Mar/2024:00:26:09 -0500] "GET /BLA/resoluciones/index.php?dir=RESOLUCIONES%202003/ANEXOS%20RES%202048/&order=asc&sort=size HTTP/1.1" 200 7160
66.249.73.15 - - [06/Mar/2024:00:26:16 -0500] "GET /dia-mundial-de-la-eficiencia-energetica-una-fecha-para-reflexionar-y-cambiar-habitos.html HTTP/1.1" 200 925
23.22.35.162 - - [06/Mar/2024:00:26:17 -0500] "GET /BLA/resoluciones/index.php?dir=RESOLUCIONES%202003/ANEXOS%20RES%202048/&order=desc&sort=size HTTP/1.1" 200 7159
191.107.131.132 - - [06/Mar/2024:00:26:18 -0500] "POST /sipse/faces/presentacion/financiero/solicitudProceso/listarSolicitudProceso.xhtml HTTP/1.1" 200 4360
3.224.220.101 - - [06/Mar/2024:00:26:21 -0500] "GET /BLA/resoluciones/index.php?dir=RESOLUCIONES%202003/ANEXOS%20RES%202048/&order=desc&sort=name HTTP/1.1" 200 7159
191.107.131.132 - - [06/Mar/2024:00:26:24 -0500] "POST /sipse/faces/presentacion/financiero/solicitudProceso/listarSolicitudProceso.xhtml HTTP/1.1" 200 66792
191.107.131.132 - - [06/Mar/2024:00:26:25 -0500] "POST /sipse/faces/presentacion/financiero/solicitudProceso/listarSolicitudProceso.xhtml HTTP/1.1" 200 79057
3.224.220.101 - - [06/Mar/2024:00:26:25 -0500] "GET /BLA/resoluciones/index.php?dir=RESOLUCIONES%202003/&order=asc&sort=date HTTP/1.1" 200 34282
52.70.240.171 - - [06/Mar/2024:00:26:33 -0500] "GET /BLA/resoluciones/index.php?dir=RESOLUCIONES%202003/&order=desc&sort=date HTTP/1.1" 200 34281
23.22.35.162 - - [06/Mar/2024:00:26:37 -0500] "GET /BLA/resoluciones/index.php?dir=RESOLUCIONES%202003/&order=asc&sort=name HTTP/1.1" 200 34282
52.70.240.171 - - [06/Mar/2024:00:26:41 -0500] "GET /BLA/resoluciones/index.php?dir=RESOLUCIONES%202003/&order=asc&sort=size HTTP/1.1" 200 34282
191.107.131.132 - - [06/Mar/2024:00:26:46 -0500] "POST /sipse/faces/presentacion/financiero/solicitudProceso/listarSolicitudProceso.xhtml HTTP/1.1" 200 120737
191.107.131.132 - - [06/Mar/2024:00:26:47 -0500] "GET /sipse/faces/javax.faces.resource/theme.css?ln=primefaces-sipse HTTP/1.1" 304 -
191.107.131.132 - - [06/Mar/2024:00:26:47 -0500] "GET /sipse/faces/javax.faces.resource/layout/layout.css?ln=primefaces&v=4.0 HTTP/1.1" 304 -
191.107.131.132 - - [06/Mar/2024:00:26:47 -0500] "GET /sipse/faces/javax.faces.resource/primefaces.css?ln=primefaces&v=4.0 HTTP/1.1" 304 -
191.107.131.132 - - [06/Mar/2024:00:26:47 -0500] "GET /sipse/faces/javax.faces.resource/jquery/jquery.js?ln=primefaces&v=4.0 HTTP/1.1" 304 -
191.107.131.132 - - [06/Mar/2024:00:26:47 -0500] "GET /sipse/faces/javax.faces.resource/jquery/jquery-plugins.js?ln=primefaces&v=4.0 HTTP/1.1" 304 -
191.107.131.132 - - [06/Mar/2024:00:26:47 -0500] "GET /sipse/faces/javax.faces.resource/primefaces.js?ln=primefaces&v=4.0 HTTP/1.1" 304 -
191.107.131.132 - - [06/Mar/2024:00:26:47 -0500] "GET /sipse/faces/javax.faces.resource/layout/layout.js?ln=primefaces&v=4.0 HTTP/1.1" 304 -
191.107.131.132 - - [06/Mar/2024:00:26:48 -0500] "GET /sipse/faces/javax.faces.resource/dynamiccontent.properties?ln=primefaces&pfdrid=XjOR5%2F%2FfPAZAuY9TpWQeCiM0BhlXxYRBGKi%2FQcXXfeA%3D&pfdrid_c=false HTTP/1.1" 500 383
23.22.35.162 - - [06/Mar/2024:00:26:57 -0500] "GET /BLA/resoluciones/index.php?dir=RESOLUCIONES%202003/&order=desc&sort=size HTTP/1.1" 200 34281
191.107.131.132 - - [06/Mar/2024:00:26:59 -0500] "POST /sipse/faces/presentacion/financiero/solicitudProceso/consultarSolicitudProceso.xhtml HTTP/1.1" 200 21243
191.107.131.132 - - [06/Mar/2024:00:27:00 -0500] "GET /sipse/faces/javax.faces.resource/theme.css?ln=primefaces-sipse HTTP/1.1" 304 -
191.107.131.132 - - [06/Mar/2024:00:27:00 -0500] "GET /sipse/faces/javax.faces.resource/primefaces.css?ln=primefaces&v=4.0 HTTP/1.1" 304 -
191.107.131.132 - - [06/Mar/2024:00:27:00 -0500] "GET /sipse/faces/javax.faces.resource/jquery/jquery-plugins.js?ln=primefaces&v=4.0 HTTP/1.1" 304 -
191.107.131.132 - - [06/Mar/2024:00:27:00 -0500] "GET /sipse/faces/javax.faces.resource/layout/layout.css?ln=primefaces&v=4.0 HTTP/1.1" 304 -
191.107.131.132 - - [06/Mar/2024:00:27:00 -0500] "GET /sipse/faces/javax.faces.resource/primefaces.js?ln=primefaces&v=4.0 HTTP/1.1" 304 -
191.107.131.132 - - [06/Mar/2024:00:27:00 -0500] "GET /sipse/faces/javax.faces.resource/fileupload/fileupload.css?ln=primefaces&v=4.0 HTTP/1.1" 304 -
191.107.131.132 - - [06/Mar/2024:00:27:00 -0500] "GET /sipse/faces/javax.faces.resource/layout/layout.js?ln=primefaces&v=4.0 HTTP/1.1" 304 -
191.107.131.132 - - [06/Mar/2024:00:27:00 -0500] "GET /sipse/faces/javax.faces.resource/jquery/jquery.js?ln=primefaces&v=4.0 HTTP/1.1" 304 -
191.107.131.132 - - [06/Mar/2024:00:27:00 -0500] "GET /sipse/faces/javax.faces.resource/fileupload/fileupload.js?ln=primefaces&v=4.0 HTTP/1.1" 304 -
23.22.35.162 - - [06/Mar/2024:00:27:13 -0500] "GET /BLA/resoluciones/index.php?dir=RESOLUCIONES%202003/&order=desc&sort=name HTTP/1.1" 200 34281
3.224.220.101 - - [06/Mar/2024:00:27:21 -0500] "GET /BLA/resoluciones/index.php?dir=RESOLUCIONES%202023/&order=asc&sort=date HTTP/1.1" 200 140793
191.107.131.132 - - [06/Mar/2024:00:27:28 -0500] "GET /sipse/faces/javax.faces.resource/theme.css?ln=primefaces-sipse HTTP/1.1" 304 -
191.107.131.132 - - [06/Mar/2024:00:27:28 -0500] "GET /sipse/faces/javax.faces.resource/jquery/jquery-plugins.js?ln=primefaces&v=4.0 HTTP/1.1" 304 -
191.107.131.132 - - [06/Mar/2024:00:27:28 -0500] "GET /sipse/faces/javax.faces.resource/primefaces.css?ln=primefaces&v=4.0 HTTP/1.1" 304 -
191.107.131.132 - - [06/Mar/2024:00:27:28 -0500] "GET /sipse/faces/javax.faces.resource/layout/layout.css?ln=primefaces&v=4.0 HTTP/1.1" 304 -
191.107.131.132 - - [06/Mar/2024:00:27:28 -0500] "GET /sipse/faces/javax.faces.resource/primefaces.js?ln=primefaces&v=4.0 HTTP/1.1" 304 -
191.107.131.132 - - [06/Mar/2024:00:27:28 -0500] "GET /sipse/faces/javax.faces.resource/jquery/jquery.js?ln=primefaces&v=4.0 HTTP/1.1" 304 -
191.107.131.132 - - [06/Mar/2024:00:27:28 -0500] "GET /sipse/faces/javax.faces.resource/layout/layout.js?ln=primefaces&v=4.0 HTTP/1.1" 304 -
191.107.131.132 - - [06/Mar/2024:00:27:27 -0500] "POST /sipse/faces/presentacion/sistema/anexos/cargarAnexoSolicitudProceso.xhtml HTTP/1.1" 200 168469
191.107.131.132 - - [06/Mar/2024:00:27:28 -0500] "GET /sipse/faces/javax.faces.resource/dynamiccontent.properties?ln=primefaces&pfdrid=XjOR5%2F%2FfPAZAuY9TpWQeCiM0BhlXxYRBGKi%2FQcXXfeA%3D&pfdrid_c=false HTTP/1.1" 500 383
191.107.131.132 - - [06/Mar/2024:00:27:36 -0500] "POST /sipse/faces/presentacion/financiero/solicitudProceso/consultarSolicitudProceso.xhtml HTTP/1.1" 200 21243
191.107.131.132 - - [06/Mar/2024:00:27:37 -0500] "GET /sipse/faces/javax.faces.resource/theme.css?ln=primefaces-sipse HTTP/1.1" 304 -
191.107.131.132 - - [06/Mar/2024:00:27:37 -0500] "GET /sipse/faces/javax.faces.resource/primefaces.css?ln=primefaces&v=4.0 HTTP/1.1" 304 -
191.107.131.132 - - [06/Mar/2024:00:27:37 -0500] "GET /sipse/faces/javax.faces.resource/jquery/jquery.js?ln=primefaces&v=4.0 HTTP/1.1" 304 -
191.107.131.132 - - [06/Mar/2024:00:27:37 -0500] "GET /sipse/faces/javax.faces.resource/jquery/jquery-plugins.js?ln=primefaces&v=4.0 HTTP/1.1" 304 -
191.107.131.132 - - [06/Mar/2024:00:27:37 -0500] "GET /sipse/faces/javax.faces.resource/layout/layout.css?ln=primefaces&v=4.0 HTTP/1.1" 304 -
191.107.131.132 - - [06/Mar/2024:00:27:37 -0500] "GET /sipse/faces/javax.faces.resource/fileupload/fileupload.css?ln=primefaces&v=4.0 HTTP/1.1" 304 -
191.107.131.132 - - [06/Mar/2024:00:27:37 -0500] "GET /sipse/faces/javax.faces.resource/primefaces.js?ln=primefaces&v=4.0 HTTP/1.1" 304 -
191.107.131.132 - - [06/Mar/2024:00:27:37 -0500] "GET /sipse/faces/javax.faces.resource/layout/layout.js?ln=primefaces&v=4.0 HTTP/1.1" 304 -
191.107.131.132 - - [06/Mar/2024:00:27:37 -0500] "GET /sipse/faces/javax.faces.resource/fileupload/fileupload.js?ln=primefaces&v=4.0 HTTP/1.1" 304 -
52.70.240.171 - - [06/Mar/2024:00:27:41 -0500] "GET /BLA/resoluciones/index.php?dir=RESOLUCIONES%202023/&order=desc&sort=date HTTP/1.1" 200 140792
3.224.220.101 - - [06/Mar/2024:00:27:49 -0500] "GET /BLA/resoluciones/index.php?dir=RESOLUCIONES%202023/&order=asc&sort=name HTTP/1.1" 200 140793
191.107.131.132 - - [06/Mar/2024:00:27:51 -0500] "GET /sipse/faces/javax.faces.resource/theme.css?ln=primefaces-sipse HTTP/1.1" 304 -
191.107.131.132 - - [06/Mar/2024:00:27:51 -0500] "GET /sipse/faces/javax.faces.resource/jquery/jquery-plugins.js?ln=primefaces&v=4.0 HTTP/1.1" 304 -
191.107.131.132 - - [06/Mar/2024:00:27:51 -0500] "GET /sipse/faces/javax.faces.resource/layout/layout.css?ln=primefaces&v=4.0 HTTP/1.1" 304 -
191.107.131.132 - - [06/Mar/2024:00:27:51 -0500] "GET /sipse/faces/javax.faces.resource/primefaces.css?ln=primefaces&v=4.0 HTTP/1.1" 304 -
191.107.131.132 - - [06/Mar/2024:00:27:51 -0500] "GET /sipse/faces/javax.faces.resource/jquery/jquery.js?ln=primefaces&v=4.0 HTTP/1.1" 304 -
191.107.131.132 - - [06/Mar/2024:00:27:51 -0500] "GET /sipse/faces/javax.faces.resource/layout/layout.js?ln=primefaces&v=4.0 HTTP/1.1" 304 -
191.107.131.132 - - [06/Mar/2024:00:27:51 -0500] "GET /sipse/faces/javax.faces.resource/primefaces.js?ln=primefaces&v=4.0 HTTP/1.1" 304 -
191.107.131.132 - - [06/Mar/2024:00:27:50 -0500] "POST /sipse/faces/presentacion/sistema/anexos/cargarAnexoSolicitudProceso.xhtml HTTP/1.1" 200 170270
191.107.131.132 - - [06/Mar/2024:00:27:51 -0500] "GET /sipse/faces/javax.faces.resource/dynamiccontent.properties?ln=primefaces&pfdrid=XjOR5%2F%2FfPAZAuY9TpWQeCiM0BhlXxYRBGKi%2FQcXXfeA%3D&pfdrid_c=false HTTP/1.1" 500 383
23.22.35.162 - - [06/Mar/2024:00:27:54 -0500] "GET /BLA/resoluciones/index.php?dir=RESOLUCIONES%202023/&order=asc&sort=size HTTP/1.1" 200 140793
3.224.220.101 - - [06/Mar/2024:00:28:05 -0500] "GET /BLA/resoluciones/index.php?dir=RESOLUCIONES%202023/&order=desc&sort=size HTTP/1.1" 200 140792
52.70.240.171 - - [06/Mar/2024:00:28:13 -0500] "GET /BLA/resoluciones/index.php?dir=RESOLUCIONES%202023/&order=desc&sort=name HTTP/1.1" 200 140792
3.224.220.101 - - [06/Mar/2024:00:28:17 -0500] "GET /BLA/resoluciones/index.php?dir=RESOLUCIONES%202007/RES%202007%204301%20AL%204352/ HTTP/1.1" 200 14905
23.22.35.162 - - [06/Mar/2024:00:28:21 -0500] "GET /BLA/resoluciones/RESOLUCIONES%202007/RES%202007%204301%20AL%204352/RESOLUCION%204352%20DE%202007.pdf HTTP/1.1" 200 605687
3.224.220.101 - - [06/Mar/2024:00:28:25 -0500] "GET /BLA/resoluciones/RESOLUCIONES%202007/RES%202007%204301%20AL%204352/RESOLUCION%204351%20DE%202007.pdf HTTP/1.1" 200 243291
23.22.35.162 - - [06/Mar/2024:00:28:29 -0500] "GET /BLA/resoluciones/RESOLUCIONES%202007/RES%202007%204301%20AL%204352/RESOLUCION%204350%20DE%202007.pdf HTTP/1.1" 200 630772
52.167.144.186 - - [06/Mar/2024:00:28:34 -0500] "GET /bla/resoluciones/RESOLUCIONES%202021/0703.pdf HTTP/1.1" 200 522889
52.70.240.171 - - [06/Mar/2024:00:28:34 -0500] "GET /BLA/resoluciones/RESOLUCIONES%202007/RES%202007%204301%20AL%204352/RESOLUCION%204349%20DE%202007.pdf HTTP/1.1" 200 217677
3.224.220.101 - - [06/Mar/2024:00:28:37 -0500] "GET /BLA/resoluciones/RESOLUCIONES%202007/RES%202007%204301%20AL%204352/RESOLUCION%204348%20DE%202007.pdf HTTP/1.1" 200 282665
3.224.220.101 - - [06/Mar/2024:00:28:41 -0500] "GET /BLA/resoluciones/RESOLUCIONES%202007/RES%202007%204301%20AL%204352/RESOLUCION%204347%20DE%202007.pdf HTTP/1.1" 200 258989
3.224.220.101 - - [06/Mar/2024:00:28:45 -0500] "GET /BLA/resoluciones/RESOLUCIONES%202007/RES%202007%204301%20AL%204352/RESOLUCION%204346%20DE%202007.pdf HTTP/1.1" 200 227269
52.70.240.171 - - [06/Mar/2024:00:28:49 -0500] "GET /BLA/resoluciones/RESOLUCIONES%202007/RES%202007%204301%20AL%204352/RESOLUCION%204345%20DE%202007.pdf HTTP/1.1" 200 231448
3.224.220.101 - - [06/Mar/2024:00:28:53 -0500] "GET /BLA/resoluciones/RESOLUCIONES%202007/RES%202007%204301%20AL%204352/RESOLUCION%204344%20DE%202007.pdf HTTP/1.1" 200 157364
52.70.240.171 - - [06/Mar/2024:00:28:57 -0500] "GET /BLA/resoluciones/RESOLUCIONES%202007/RES%202007%204301%20AL%204352/RESOLUCION%204343%20DE%202007.pdf HTTP/1.1" 200 480755
23.22.35.162 - - [06/Mar/2024:00:29:01 -0500] "GET /BLA/resoluciones/RESOLUCIONES%202007/RES%202007%204301%20AL%204352/RESOLUCION%204342%20DE%202007.pdf HTTP/1.1" 200 241218
52.70.240.171 - - [06/Mar/2024:00:29:05 -0500] "GET /BLA/resoluciones/RESOLUCIONES%202007/RES%202007%204301%20AL%204352/RESOLUCION%204339%20DE%202007.pdf HTTP/1.1" 200 895090
23.22.35.162 - - [06/Mar/2024:00:29:09 -0500] "GET /BLA/resoluciones/RESOLUCIONES%202007/RES%202007%204301%20AL%204352/RESOLUCION%204338%20DE%202007.pdf HTTP/1.1" 200 1199054
52.70.240.171 - - [06/Mar/2024:00:29:13 -0500] "GET /BLA/resoluciones/RESOLUCIONES%202007/RES%202007%204301%20AL%204352/RESOLUCION%204337%20DE%202007.pdf HTTP/1.1" 200 535581
201.245.192.253 - - [06/Mar/2024:00:29:12 -0500] "POST /kwsrmcab/Wsrmcab HTTP/1.1" 200 37794
201.245.192.253 - - [06/Mar/2024:00:29:14 -0500] "POST /kwsrmcab/Wsrmcab HTTP/1.1" 200 37906
3.224.220.101 - - [06/Mar/2024:00:29:17 -0500] "GET /BLA/resoluciones/RESOLUCIONES%202007/RES%202007%204301%20AL%204352/RESOLUCION%204336%20DE%202007.pdf HTTP/1.1" 200 299022
3.224.220.101 - - [06/Mar/2024:00:29:21 -0500] "GET /BLA/resoluciones/RESOLUCIONES%202007/RES%202007%204301%20AL%204352/RESOLUCION%204335%20DE%202007.pdf HTTP/1.1" 200 873496
52.70.240.171 - - [06/Mar/2024:00:29:26 -0500] "GET /BLA/resoluciones/RESOLUCIONES%202007/RES%202007%204301%20AL%204352/RESOLUCION%204334%20DE%202007.pdf HTTP/1.1" 200 435413
23.22.35.162 - - [06/Mar/2024:00:29:29 -0500] "GET /BLA/resoluciones/RESOLUCIONES%202007/RES%202007%204301%20AL%204352/RESOLUCION%204333%20DE%202007.pdf HTTP/1.1" 200 1560346
201.245.192.253 - - [06/Mar/2024:00:29:30 -0500] "POST /kwsrmcab/Wsrmcab HTTP/1.1" 200 37758
3.224.220.101 - - [06/Mar/2024:00:29:33 -0500] "GET /BLA/resoluciones/RESOLUCIONES%202007/RES%202007%204301%20AL%204352/RESOLUCION%204332%20DE%202007.pdf HTTP/1.1" 200 672169
23.22.35.162 - - [06/Mar/2024:00:29:37 -0500] "GET /BLA/resoluciones/RESOLUCIONES%202007/RES%202007%204301%20AL%204352/RESOLUCION%204331%20DE%202007.pdf HTTP/1.1" 200 249557
23.22.35.162 - - [06/Mar/2024:00:29:41 -0500] "GET /BLA/resoluciones/RESOLUCIONES%202007/RES%202007%204301%20AL%204352/RESOLUCION%204330%20DE%202007.pdf HTTP/1.1" 200 357391
3.224.220.101 - - [06/Mar/2024:00:29:45 -0500] "GET /BLA/resoluciones/RESOLUCIONES%202007/RES%202007%204301%20AL%204352/RESOLUCION%204329%20DE%202007.pdf HTTP/1.1" 200 653903
168.119.252.253 - - [06/Mar/2024:00:29:47 -0500] "GET / HTTP/1.1" 200 4720
52.70.240.171 - - [06/Mar/2024:00:29:49 -0500] "GET /BLA/resoluciones/RESOLUCIONES%202007/RES%202007%204301%20AL%204352/RESOLUCION%204328%20DE%202007.pdf HTTP/1.1" 200 229542
52.70.240.171 - - [06/Mar/2024:00:29:53 -0500] "GET /BLA/resoluciones/RESOLUCIONES%202007/RES%202007%204301%20AL%204352/RESOLUCION%204327%20DE%202007.pdf HTTP/1.1" 200 402895
3.224.220.101 - - [06/Mar/2024:00:29:57 -0500] "GET /BLA/resoluciones/RESOLUCIONES%202007/RES%202007%204301%20AL%204352/RESOLUCION%204326%20DE%202007.pdf HTTP/1.1" 200 235895
3.224.220.101 - - [06/Mar/2024:00:30:01 -0500] "GET /BLA/resoluciones/RESOLUCIONES%202007/RES%202007%204301%20AL%204352/RESOLUCION%204325%20DE%202007.pdf HTTP/1.1" 200 983740
201.245.192.253 - - [06/Mar/2024:00:30:02 -0500] "POST /kwsrmcab/Wsrmcab HTTP/1.1" 200 37906
52.70.240.171 - - [06/Mar/2024:00:30:05 -0500] "GET /BLA/resoluciones/RESOLUCIONES%202007/RES%202007%204301%20AL%204352/RESOLUCION%204324%20DE%202007.pdf HTTP/1.1" 200 1032107
52.70.240.171 - - [06/Mar/2024:00:30:09 -0500] "GET /BLA/resoluciones/RESOLUCIONES%202007/RES%202007%204301%20AL%204352/RESOLUCION%204323%20DE%202007.pdf HTTP/1.1" 200 531801
216.245.221.92 - - [06/Mar/2024:00:30:09 -0500] "HEAD / HTTP/1.1" 200 -
52.70.240.171 - - [06/Mar/2024:00:30:13 -0500] "GET /BLA/resoluciones/RESOLUCIONES%202007/RES%202007%204301%20AL%204352/RESOLUCION%204322%20DE%202007.pdf HTTP/1.1" 200 680436
52.70.240.171 - - [06/Mar/2024:00:30:17 -0500] "GET /BLA/resoluciones/RESOLUCIONES%202007/RES%202007%204301%20AL%204352/RESOLUCION%204321%20DE%202007.pdf HTTP/1.1" 200 355719
3.224.220.101 - - [06/Mar/2024:00:30:21 -0500] "GET /BLA/resoluciones/RESOLUCIONES%202007/RES%202007%204301%20AL%204352/RESOLUCION%204320%20DE%202007.pdf HTTP/1.1" 200 758475
3.224.220.101 - - [06/Mar/2024:00:30:25 -0500] "GET /BLA/resoluciones/RESOLUCIONES%202007/RES%202007%204301%20AL%204352/RESOLUCION%204319%20DE%202007.pdf HTTP/1.1" 200 540007
185.254.196.81 - - [06/Mar/2024:00:30:25 -0500] "GET /BLA/boletinlegal/admin/index.php HTTP/1.1" 200 2324
157.55.39.11 - - [06/Mar/2024:00:30:26 -0500] "GET /BLA/resoluciones/AUTOS%202022/2166.pdf HTTP/1.1" 304 -
201.245.192.253 - - [06/Mar/2024:00:30:25 -0500] "POST /kwsrmcab/Wsrmcab  HTTP/1.1" 200 39632
52.70.240.171 - - [06/Mar/2024:00:30:29 -0500] "GET /BLA/resoluciones/RESOLUCIONES%202007/RES%202007%204301%20AL%204352/RESOLUCION%204318%20DE%202007.pdf HTTP/1.1" 200 163923
23.22.35.162 - - [06/Mar/2024:00:30:33 -0500] "GET /BLA/resoluciones/RESOLUCIONES%202007/RES%202007%204301%20AL%204352/RESOLUCION%204317%20DE%202007.pdf HTTP/1.1" 200 297437
172.22.2.4 - - [06/Mar/2024:00:28:56 -0500] "HEAD /BLA/boletinlegal/ HTTP/1.1" 200 -
3.224.220.101 - - [06/Mar/2024:00:30:37 -0500] "GET /BLA/resoluciones/RESOLUCIONES%202007/RES%202007%204301%20AL%204352/RESOLUCION%204316%20DE%202007.pdf HTTP/1.1" 200 162418
3.224.220.101 - - [06/Mar/2024:00:30:41 -0500] "GET /BLA/resoluciones/RESOLUCIONES%202007/RES%202007%204301%20AL%204352/RESOLUCION%204315%20DE%202007.pdf HTTP/1.1" 200 317775
3.224.220.101 - - [06/Mar/2024:00:30:45 -0500] "GET /BLA/resoluciones/RESOLUCIONES%202007/RES%202007%204301%20AL%204352/RESOLUCION%204314%20DE%202007.pdf HTTP/1.1" 200 800970
23.22.35.162 - - [06/Mar/2024:00:30:49 -0500] "GET /BLA/resoluciones/RESOLUCIONES%202007/RES%202007%204301%20AL%204352/RESOLUCION%204313%20DE%202007.pdf HTTP/1.1" 200 913135
191.107.131.132 - - [06/Mar/2024:00:30:49 -0500] "POST /sipse/faces/presentacion/financiero/solicitudProceso/consultarSolicitudProceso.xhtml HTTP/1.1" 200 46150
191.107.131.132 - - [06/Mar/2024:00:30:49 -0500] "GET /sipse/faces/javax.faces.resource/theme.css?ln=primefaces-sipse HTTP/1.1" 304 -
191.107.131.132 - - [06/Mar/2024:00:30:49 -0500] "GET /sipse/faces/javax.faces.resource/layout/layout.css?ln=primefaces&v=4.0 HTTP/1.1" 304 -
191.107.131.132 - - [06/Mar/2024:00:30:49 -0500] "GET /sipse/faces/javax.faces.resource/primefaces.css?ln=primefaces&v=4.0 HTTP/1.1" 304 -
191.107.131.132 - - [06/Mar/2024:00:30:49 -0500] "GET /sipse/faces/javax.faces.resource/jquery/jquery.js?ln=primefaces&v=4.0 HTTP/1.1" 304 -
191.107.131.132 - - [06/Mar/2024:00:30:49 -0500] "GET /sipse/faces/javax.faces.resource/jquery/jquery-plugins.js?ln=primefaces&v=4.0 HTTP/1.1" 304 -
191.107.131.132 - - [06/Mar/2024:00:30:49 -0500] "GET /sipse/faces/javax.faces.resource/primefaces.js?ln=primefaces&v=4.0 HTTP/1.1" 304 -
191.107.131.132 - - [06/Mar/2024:00:30:50 -0500] "GET /sipse/faces/javax.faces.resource/layout/layout.js?ln=primefaces&v=4.0 HTTP/1.1" 304 -
3.224.220.101 - - [06/Mar/2024:00:30:53 -0500] "GET /BLA/resoluciones/RESOLUCIONES%202007/RES%202007%204301%20AL%204352/RESOLUCION%204312%20DE%202007.pdf HTTP/1.1" 200 501010
191.107.131.132 - - [06/Mar/2024:00:30:56 -0500] "POST /sipse/faces/presentacion/financiero/estudioPrevio/personalSolicitado/personalSolicitadoSolicitudProceso.xhtml HTTP/1.1" 200 7027
3.224.220.101 - - [06/Mar/2024:00:30:57 -0500] "GET /BLA/resoluciones/RESOLUCIONES%202007/RES%202007%204301%20AL%204352/RESOLUCION%204311%20DE%202007.pdf HTTP/1.1" 200 664654
52.70.240.171 - - [06/Mar/2024:00:31:01 -0500] "GET /BLA/resoluciones/RESOLUCIONES%202007/RES%202007%204301%20AL%204352/RESOLUCION%204310%20DE%202007.pdf HTTP/1.1" 200 907614
3.224.220.101 - - [06/Mar/2024:00:31:05 -0500] "GET /BLA/resoluciones/RESOLUCIONES%202007/RES%202007%204301%20AL%204352/RESOLUCION%204309%20DE%202007.pdf HTTP/1.1" 200 906291
52.70.240.171 - - [06/Mar/2024:00:31:09 -0500] "GET /BLA/resoluciones/RESOLUCIONES%202007/RES%202007%204301%20AL%204352/RESOLUCION%204308%20DE%202007.pdf HTTP/1.1" 200 851417
52.70.240.171 - - [06/Mar/2024:00:31:13 -0500] "GET /BLA/resoluciones/RESOLUCIONES%202007/RES%202007%204301%20AL%204352/RESOLUCION%204307%20DE%202007.pdf HTTP/1.1" 200 673783
52.70.240.171 - - [06/Mar/2024:00:31:20 -0500] "GET /BLA/resoluciones/RESOLUCIONES%202007/RES%202007%204301%20AL%204352/RESOLUCION%204306%20DE%202007.pdf HTTP/1.1" 200 1042275
52.70.240.171 - - [06/Mar/2024:00:31:21 -0500] "GET /BLA/resoluciones/RESOLUCIONES%202007/RES%202007%204301%20AL%204352/RESOLUCION%204305%20DE%202007.pdf HTTP/1.1" 200 858324
52.70.240.171 - - [06/Mar/2024:00:31:25 -0500] "GET /BLA/resoluciones/RESOLUCIONES%202007/RES%202007%204301%20AL%204352/RESOLUCION%204304%20DE%202007.pdf HTTP/1.1" 200 778947
172.22.2.4 - - [06/Mar/2024:00:29:47 -0500] "GET /BLA/boletinlegal/ HTTP/1.1" 200 53419
23.22.35.162 - - [06/Mar/2024:00:31:30 -0500] "GET /BLA/resoluciones/RESOLUCIONES%202007/RES%202007%204301%20AL%204352/RESOLUCION%204303%20DE%202007.pdf HTTP/1.1" 200 846752
52.70.240.171 - - [06/Mar/2024:00:31:33 -0500] "GET /BLA/resoluciones/RESOLUCIONES%202007/RES%202007%204301%20AL%204352/RESOLUCION%204302%20DE%202007.pdf HTTP/1.1" 200 297392
23.22.35.162 - - [06/Mar/2024:00:31:37 -0500] "GET /BLA/resoluciones/RESOLUCIONES%202007/RES%202007%204301%20AL%204352/RESOLUCION%204301%20DE%202007.pdf HTTP/1.1" 200 323490
52.70.240.171 - - [06/Mar/2024:00:31:41 -0500] "GET /BLA/resoluciones/RESOLUCIONES%202007/RES%202007%204301%20AL%204352/RESOLUCION%204341%20%20DE%202007.pdf HTTP/1.1" 200 649965
3.224.220.101 - - [06/Mar/2024:00:31:45 -0500] "GET /BLA/resoluciones/RESOLUCIONES%202007/RES%202007%204301%20AL%204352/RESOLUCION%204340%20%20DE%202007.pdf HTTP/1.1" 200 706806
23.22.35.162 - - [06/Mar/2024:00:31:53 -0500] "GET /BLA/resoluciones/index.php?dir=RESOLUCIONES%202007/RES%202007%204301%20AL%204352/&order=asc&sort=date HTTP/1.1" 200 14905
191.107.131.132 - - [06/Mar/2024:00:31:57 -0500] "POST /sipse/faces/presentacion/financiero/estudioPrevio/personalSolicitado/personalSolicitadoSolicitudProceso.xhtml HTTP/1.1" 200 36857
191.107.131.132 - - [06/Mar/2024:00:31:57 -0500] "GET /sipse/faces/javax.faces.resource/theme.css?ln=primefaces-sipse HTTP/1.1" 304 -
191.107.131.132 - - [06/Mar/2024:00:31:57 -0500] "GET /sipse/faces/javax.faces.resource/layout/layout.css?ln=primefaces&v=4.0 HTTP/1.1" 304 -
191.107.131.132 - - [06/Mar/2024:00:31:57 -0500] "GET /sipse/faces/javax.faces.resource/primefaces.css?ln=primefaces&v=4.0 HTTP/1.1" 304 -
191.107.131.132 - - [06/Mar/2024:00:31:57 -0500] "GET /sipse/faces/javax.faces.resource/jquery/jquery.js?ln=primefaces&v=4.0 HTTP/1.1" 304 -
191.107.131.132 - - [06/Mar/2024:00:31:57 -0500] "GET /sipse/faces/javax.faces.resource/jquery/jquery-plugins.js?ln=primefaces&v=4.0 HTTP/1.1" 304 -
191.107.131.132 - - [06/Mar/2024:00:31:57 -0500] "GET /sipse/faces/javax.faces.resource/primefaces.js?ln=primefaces&v=4.0 HTTP/1.1" 304 -
191.107.131.132 - - [06/Mar/2024:00:31:57 -0500] "GET /sipse/faces/javax.faces.resource/layout/layout.js?ln=primefaces&v=4.0 HTTP/1.1" 304 -
3.224.220.101 - - [06/Mar/2024:00:32:01 -0500] "GET /BLA/resoluciones/index.php?dir=RESOLUCIONES%202007/RES%202007%204301%20AL%204352/&order=desc&sort=date HTTP/1.1" 200 14904
191.107.131.132 - - [06/Mar/2024:00:32:04 -0500] "POST /sipse/faces/presentacion/financiero/estudioPrevio/personalSolicitado/asociarProfesionPersonalSolicitado.xhtml HTTP/1.1" 200 1451
23.22.35.162 - - [06/Mar/2024:00:32:07 -0500] "GET /BLA/resoluciones/index.php?dir=RESOLUCIONES%202007/RES%202007%204301%20AL%204352/&order=asc&sort=name HTTP/1.1" 200 14905
191.107.131.132 - - [06/Mar/2024:00:32:08 -0500] "POST /sipse/faces/presentacion/financiero/estudioPrevio/personalSolicitado/asociarProfesionPersonalSolicitado.xhtml HTTP/1.1" 200 1431
17.241.219.251 - - [06/Mar/2024:00:32:09 -0500] "GET /dos-grandes-caminatas-para-noviembre-con-la-secretaria-de-ambiente.html HTTP/1.1" 200 881
191.107.131.132 - - [06/Mar/2024:00:32:17 -0500] "POST /sipse/faces/presentacion/financiero/estudioPrevio/personalSolicitado/asociarProfesionPersonalSolicitado.xhtml HTTP/1.1" 200 4490
52.70.240.171 - - [06/Mar/2024:00:32:21 -0500] "GET /BLA/resoluciones/index.php?dir=RESOLUCIONES%202007/RES%202007%204301%20AL%204352/&order=asc&sort=size HTTP/1.1" 200 14905
3.224.220.101 - - [06/Mar/2024:00:32:25 -0500] "GET /BLA/resoluciones/index.php?dir=RESOLUCIONES%202007/RES%202007%204301%20AL%204352/&order=desc&sort=size HTTP/1.1" 200 14904
3.224.220.101 - - [06/Mar/2024:00:32:29 -0500] "GET /BLA/resoluciones/index.php?dir=RESOLUCIONES%202007/RES%202007%204301%20AL%204352/&order=desc&sort=name HTTP/1.1" 200 14904
191.107.131.132 - - [06/Mar/2024:00:32:35 -0500] "POST /sipse/faces/presentacion/financiero/estudioPrevio/personalSolicitado/asociarProfesionPersonalSolicitado.xhtml HTTP/1.1" 200 21367
3.224.220.101 - - [06/Mar/2024:00:32:41 -0500] "GET /BLA/resoluciones/index.php?dir=RESOLUCIONES%202007/RES%202007%204201%20AL%204300/ HTTP/1.1" 200 26607
191.107.131.132 - - [06/Mar/2024:00:32:43 -0500] "POST /sipse/faces/presentacion/financiero/estudioPrevio/personalSolicitado/asociarProfesionPersonalSolicitado.xhtml HTTP/1.1" 200 50832
191.107.131.132 - - [06/Mar/2024:00:32:43 -0500] "GET /sipse/faces/javax.faces.resource/theme.css?ln=primefaces-sipse HTTP/1.1" 304 -
191.107.131.132 - - [06/Mar/2024:00:32:43 -0500] "GET /sipse/faces/javax.faces.resource/primefaces.css?ln=primefaces&v=4.0 HTTP/1.1" 304 -
191.107.131.132 - - [06/Mar/2024:00:32:43 -0500] "GET /sipse/faces/javax.faces.resource/layout/layout.css?ln=primefaces&v=4.0 HTTP/1.1" 304 -
191.107.131.132 - - [06/Mar/2024:00:32:43 -0500] "GET /sipse/faces/javax.faces.resource/jquery/jquery.js?ln=primefaces&v=4.0 HTTP/1.1" 304 -
191.107.131.132 - - [06/Mar/2024:00:32:43 -0500] "GET /sipse/faces/javax.faces.resource/primefaces.js?ln=primefaces&v=4.0 HTTP/1.1" 304 -
191.107.131.132 - - [06/Mar/2024:00:32:43 -0500] "GET /sipse/faces/javax.faces.resource/layout/layout.js?ln=primefaces&v=4.0 HTTP/1.1" 304 -
191.107.131.132 - - [06/Mar/2024:00:32:43 -0500] "GET /sipse/faces/javax.faces.resource/jquery/jquery-plugins.js?ln=primefaces&v=4.0 HTTP/1.1" 304 -
52.70.240.171 - - [06/Mar/2024:00:32:45 -0500] "GET /BLA/resoluciones/RESOLUCIONES%202007/RES%202007%204201%20AL%204300/RESOLUCION%204300%20DE%202007.pdf HTTP/1.1" 200 581651
3.224.220.101 - - [06/Mar/2024:00:32:49 -0500] "GET /BLA/resoluciones/RESOLUCIONES%202007/RES%202007%204201%20AL%204300/RESOLUCION%204299%20DE%202007.pdf HTTP/1.1" 200 720821
52.70.240.171 - - [06/Mar/2024:00:32:53 -0500] "GET /BLA/resoluciones/RESOLUCIONES%202007/RES%202007%204201%20AL%204300/RESOLUCION%204298%20DE%202007.pdf HTTP/1.1" 200 185791
3.224.220.101 - - [06/Mar/2024:00:32:57 -0500] "GET /BLA/resoluciones/RESOLUCIONES%202007/RES%202007%204201%20AL%204300/RESOLUCION%204297%20DE%202007.pdf HTTP/1.1" 200 365223
23.22.35.162 - - [06/Mar/2024:00:33:01 -0500] "GET /BLA/resoluciones/RESOLUCIONES%202007/RES%202007%204201%20AL%204300/RESOLUCION%204296%20DE%202007.pdf HTTP/1.1" 200 180937
52.70.240.171 - - [06/Mar/2024:00:33:05 -0500] "GET /BLA/resoluciones/RESOLUCIONES%202007/RES%202007%204201%20AL%204300/RESOLUCION%204295%20DE%202007.pdf HTTP/1.1" 200 426177
191.107.131.132 - - [06/Mar/2024:00:33:07 -0500] "GET /sipse/faces/javax.faces.resource/theme.css?ln=primefaces-sipse HTTP/1.1" 304 -
191.107.131.132 - - [06/Mar/2024:00:33:07 -0500] "GET /sipse/faces/javax.faces.resource/primefaces.css?ln=primefaces&v=4.0 HTTP/1.1" 304 -
191.107.131.132 - - [06/Mar/2024:00:33:07 -0500] "GET /sipse/faces/javax.faces.resource/layout/layout.css?ln=primefaces&v=4.0 HTTP/1.1" 304 -
191.107.131.132 - - [06/Mar/2024:00:33:07 -0500] "GET /sipse/faces/javax.faces.resource/jquery/jquery.js?ln=primefaces&v=4.0 HTTP/1.1" 304 -
191.107.131.132 - - [06/Mar/2024:00:33:07 -0500] "GET /sipse/faces/javax.faces.resource/primefaces.js?ln=primefaces&v=4.0 HTTP/1.1" 304 -
191.107.131.132 - - [06/Mar/2024:00:33:07 -0500] "GET /sipse/faces/javax.faces.resource/jquery/jquery-plugins.js?ln=primefaces&v=4.0 HTTP/1.1" 304 -
191.107.131.132 - - [06/Mar/2024:00:33:07 -0500] "GET /sipse/faces/javax.faces.resource/layout/layout.js?ln=primefaces&v=4.0 HTTP/1.1" 304 -
191.107.131.132 - - [06/Mar/2024:00:33:03 -0500] "POST /sipse/faces/presentacion/financiero/estudioPrevio/personalSolicitado/personalSolicitadoSolicitudProceso.xhtml HTTP/1.1" 200 180083
191.107.131.132 - - [06/Mar/2024:00:33:07 -0500] "GET /sipse/faces/javax.faces.resource/dynamiccontent.properties?ln=primefaces&pfdrid=XjOR5%2F%2FfPAZAuY9TpWQeCiM0BhlXxYRBGKi%2FQcXXfeA%3D&pfdrid_c=false HTTP/1.1" 500 383
3.224.220.101 - - [06/Mar/2024:00:33:09 -0500] "GET /BLA/resoluciones/RESOLUCIONES%202007/RES%202007%204201%20AL%204300/RESOLUCION%204294%20DE%202007.pdf HTTP/1.1" 200 278921
3.224.220.101 - - [06/Mar/2024:00:33:13 -0500] "GET /BLA/resoluciones/RESOLUCIONES%202007/RES%202007%204201%20AL%204300/RESOLUCION%204291%20DE%202007.pdf HTTP/1.1" 200 361423
23.22.35.162 - - [06/Mar/2024:00:33:17 -0500] "GET /BLA/resoluciones/RESOLUCIONES%202007/RES%202007%204201%20AL%204300/RESOLUCION%204290%20DE%202007.pdf HTTP/1.1" 200 2119819
3.224.220.101 - - [06/Mar/2024:00:33:21 -0500] "GET /BLA/resoluciones/RESOLUCIONES%202007/RES%202007%204201%20AL%204300/RESOLUCION%204289%20DE%202007.pdf HTTP/1.1" 200 226637
52.70.240.171 - - [06/Mar/2024:00:33:25 -0500] "GET /BLA/resoluciones/RESOLUCIONES%202007/RES%202007%204201%20AL%204300/RESOLUCION%204288%20DE%202007.pdf HTTP/1.1" 200 48327
23.22.35.162 - - [06/Mar/2024:00:33:29 -0500] "GET /BLA/resoluciones/RESOLUCIONES%202007/RES%202007%204201%20AL%204300/RESOLUCION%204287%20DE%202007.pdf HTTP/1.1" 200 201051
23.22.35.162 - - [06/Mar/2024:00:33:33 -0500] "GET /BLA/resoluciones/RESOLUCIONES%202007/RES%202007%204201%20AL%204300/RESOLUCION%204286%20DE%202007.pdf HTTP/1.1" 200 1257578
23.22.35.162 - - [06/Mar/2024:00:33:37 -0500] "GET /BLA/resoluciones/RESOLUCIONES%202007/RES%202007%204201%20AL%204300/RESOLUCION%204285%20DE%202007.pdf HTTP/1.1" 200 325271
52.70.240.171 - - [06/Mar/2024:00:33:41 -0500] "GET /BLA/resoluciones/RESOLUCIONES%202007/RES%202007%204201%20AL%204300/RESOLUCION%204284%20DE%202007.pdf HTTP/1.1" 200 345928
3.224.220.101 - - [06/Mar/2024:00:33:45 -0500] "GET /BLA/resoluciones/RESOLUCIONES%202007/RES%202007%204201%20AL%204300/RESOLUCION%204283%20DE%202007.pdf HTTP/1.1" 200 408927
52.70.240.171 - - [06/Mar/2024:00:33:49 -0500] "GET /BLA/resoluciones/RESOLUCIONES%202007/RES%202007%204201%20AL%204300/RESOLUCION%204282%20DE%202007.pdf HTTP/1.1" 200 1251604
52.70.240.171 - - [06/Mar/2024:00:33:53 -0500] "GET /BLA/resoluciones/RESOLUCIONES%202007/RES%202007%204201%20AL%204300/RESOLUCION%204281%20DE%202007.pdf HTTP/1.1" 200 405031
52.70.240.171 - - [06/Mar/2024:00:33:57 -0500] "GET /BLA/resoluciones/RESOLUCIONES%202007/RES%202007%204201%20AL%204300/RESOLUCION%204280%20DE%202007.pdf HTTP/1.1" 200 528136
23.22.35.162 - - [06/Mar/2024:00:34:01 -0500] "GET /BLA/resoluciones/RESOLUCIONES%202007/RES%202007%204201%20AL%204300/RESOLUCION%204279%20DE%202007.pdf HTTP/1.1" 200 558474
3.224.220.101 - - [06/Mar/2024:00:34:05 -0500] "GET /BLA/resoluciones/RESOLUCIONES%202007/RES%202007%204201%20AL%204300/RESOLUCION%204278%20DE%202007.pdf HTTP/1.1" 200 1307428
3.224.220.101 - - [06/Mar/2024:00:34:09 -0500] "GET /BLA/resoluciones/RESOLUCIONES%202007/RES%202007%204201%20AL%204300/RESOLUCION%204277%20DE%202007.pdf HTTP/1.1" 200 1272615
52.70.240.171 - - [06/Mar/2024:00:34:13 -0500] "GET /BLA/resoluciones/RESOLUCIONES%202007/RES%202007%204201%20AL%204300/RESOLUCION%204276%20DE%202007.pdf HTTP/1.1" 200 1065937
52.70.240.171 - - [06/Mar/2024:00:34:17 -0500] "GET /BLA/resoluciones/RESOLUCIONES%202007/RES%202007%204201%20AL%204300/RESOLUCION%204275%20DE%202007.pdf HTTP/1.1" 200 849575
52.70.240.171 - - [06/Mar/2024:00:34:21 -0500] "GET /BLA/resoluciones/RESOLUCIONES%202007/RES%202007%204201%20AL%204300/RESOLUCION%204274%20DE%202007.pdf HTTP/1.1" 200 311077
52.70.240.171 - - [06/Mar/2024:00:34:26 -0500] "GET /BLA/resoluciones/RESOLUCIONES%202007/RES%202007%204201%20AL%204300/RESOLUCION%204273%20DE%202007.pdf HTTP/1.1" 200 214272
23.22.35.162 - - [06/Mar/2024:00:34:29 -0500] "GET /BLA/resoluciones/RESOLUCIONES%202007/RES%202007%204201%20AL%204300/RESOLUCION%204272%20DE%202007.pdf HTTP/1.1" 200 162335
23.22.35.162 - - [06/Mar/2024:00:34:33 -0500] "GET /BLA/resoluciones/RESOLUCIONES%202007/RES%202007%204201%20AL%204300/RESOLUCION%204271%20DE%202007.pdf HTTP/1.1" 200 250744
52.70.240.171 - - [06/Mar/2024:00:34:38 -0500] "GET /BLA/resoluciones/RESOLUCIONES%202007/RES%202007%204201%20AL%204300/RESOLUCION%204270%20DE%202007.pdf HTTP/1.1" 200 259308
