181.32.216.15 - - [06/Mar/2024:06:01:53 -0500] "GET /sipse/faces/javax.faces.resource/jquery/jquery.js?ln=primefaces&v=4.0 HTTP/1.1" 304 -
181.32.216.15 - - [06/Mar/2024:06:01:53 -0500] "GET /sipse/faces/javax.faces.resource/jquery/jquery-plugins.js?ln=primefaces&v=4.0 HTTP/1.1" 304 -
181.32.216.15 - - [06/Mar/2024:06:01:53 -0500] "GET /sipse/faces/javax.faces.resource/primefaces.js?ln=primefaces&v=4.0 HTTP/1.1" 304 -
181.32.216.15 - - [06/Mar/2024:06:01:53 -0500] "GET /sipse/faces/javax.faces.resource/layout/layout.js?ln=primefaces&v=4.0 HTTP/1.1" 304 -
181.32.216.15 - - [06/Mar/2024:06:01:53 -0500] "GET /sipse/faces/javax.faces.resource/dynamiccontent.properties?ln=primefaces&pfdrid=XjOR5%2F%2FfPAZAuY9TpWQeCiM0BhlXxYRBGKi%2FQcXXfeA%3D&pfdrid_c=false HTTP/1.1" 500 383
52.70.240.171 - - [06/Mar/2024:06:01:56 -0500] "GET /BLA/resoluciones/index.php?dir=RESOLUCIONES%202004/RES%202004%202251-2300/&order=asc&sort=name HTTP/1.1" 200 12363
52.70.240.171 - - [06/Mar/2024:06:02:00 -0500] "GET /BLA/resoluciones/index.php?dir=RESOLUCIONES%202004/RES%202004%202251-2300/&order=asc&sort=size HTTP/1.1" 200 12363
23.22.35.162 - - [06/Mar/2024:06:02:09 -0500] "GET /BLA/resoluciones/index.php?dir=RESOLUCIONES%202004/RES%202004%202251-2300/&order=desc&sort=size HTTP/1.1" 200 12362
52.70.240.171 - - [06/Mar/2024:06:02:16 -0500] "GET /BLA/resoluciones/index.php?dir=RESOLUCIONES%202004/RES%202004%202251-2300/&order=desc&sort=name HTTP/1.1" 200 12362
52.70.240.171 - - [06/Mar/2024:06:02:28 -0500] "GET /BLA/resoluciones/index.php?dir=RESOLUCIONES%202004/RES%202004%202201-2250/ HTTP/1.1" 200 12358
23.22.35.162 - - [06/Mar/2024:06:02:32 -0500] "GET /BLA/resoluciones/RESOLUCIONES%202004/RES%202004%202201-2250/INDEX.DAT HTTP/1.1" 200 2000
186.80.108.8 - - [06/Mar/2024:06:02:45 -0500] "POST /sipse/faces/presentacion/financiero/solicitudProceso/consultarSolicitudProceso.xhtml HTTP/1.1" 200 57697
186.80.108.8 - - [06/Mar/2024:06:02:46 -0500] "GET /sipse/faces/javax.faces.resource/theme.css?ln=primefaces-sipse HTTP/1.1" 304 -
186.80.108.8 - - [06/Mar/2024:06:02:46 -0500] "GET /sipse/faces/javax.faces.resource/primefaces.css?ln=primefaces&v=4.0 HTTP/1.1" 304 -
186.80.108.8 - - [06/Mar/2024:06:02:46 -0500] "GET /sipse/faces/javax.faces.resource/layout/layout.css?ln=primefaces&v=4.0 HTTP/1.1" 304 -
186.80.108.8 - - [06/Mar/2024:06:02:46 -0500] "GET /sipse/faces/javax.faces.resource/jquery/jquery-plugins.js?ln=primefaces&v=4.0 HTTP/1.1" 304 -
186.80.108.8 - - [06/Mar/2024:06:02:46 -0500] "GET /sipse/faces/javax.faces.resource/jquery/jquery.js?ln=primefaces&v=4.0 HTTP/1.1" 304 -
186.80.108.8 - - [06/Mar/2024:06:02:46 -0500] "GET /sipse/faces/javax.faces.resource/layout/layout.js?ln=primefaces&v=4.0 HTTP/1.1" 304 -
186.80.108.8 - - [06/Mar/2024:06:02:46 -0500] "GET /sipse/faces/javax.faces.resource/primefaces.js?ln=primefaces&v=4.0 HTTP/1.1" 304 -
186.80.108.8 - - [06/Mar/2024:06:02:46 -0500] "POST /sipse/faces/presentacion/financiero/solicitudProceso/listarSolicitudProceso.xhtml HTTP/1.1" 200 1524
186.80.108.8 - - [06/Mar/2024:06:02:46 -0500] "POST /sipse/faces/presentacion/financiero/solicitudProceso/listarSolicitudProceso.xhtml HTTP/1.1" 200 1528
3.224.220.101 - - [06/Mar/2024:06:02:48 -0500] "GET /BLA/resoluciones/index.php?dir=RESOLUCIONES%202004/RES%202004%202201-2250/&order=asc&sort=date HTTP/1.1" 200 12358
186.80.108.8 - - [06/Mar/2024:06:03:02 -0500] "POST /sipse/faces/presentacion/financiero/solicitudProceso/listarSolicitudProceso.xhtml HTTP/1.1" 200 144659
186.80.108.8 - - [06/Mar/2024:06:03:03 -0500] "GET /sipse/faces/javax.faces.resource/theme.css?ln=primefaces-sipse HTTP/1.1" 304 -
186.80.108.8 - - [06/Mar/2024:06:03:03 -0500] "GET /sipse/faces/javax.faces.resource/primefaces.css?ln=primefaces&v=4.0 HTTP/1.1" 304 -
186.80.108.8 - - [06/Mar/2024:06:03:03 -0500] "GET /sipse/faces/javax.faces.resource/layout/layout.css?ln=primefaces&v=4.0 HTTP/1.1" 304 -
186.80.108.8 - - [06/Mar/2024:06:03:03 -0500] "GET /sipse/faces/javax.faces.resource/jquery/jquery.js?ln=primefaces&v=4.0 HTTP/1.1" 304 -
186.80.108.8 - - [06/Mar/2024:06:03:03 -0500] "GET /sipse/faces/javax.faces.resource/jquery/jquery-plugins.js?ln=primefaces&v=4.0 HTTP/1.1" 304 -
186.80.108.8 - - [06/Mar/2024:06:03:03 -0500] "GET /sipse/faces/javax.faces.resource/primefaces.js?ln=primefaces&v=4.0 HTTP/1.1" 304 -
186.80.108.8 - - [06/Mar/2024:06:03:03 -0500] "GET /sipse/faces/javax.faces.resource/layout/layout.js?ln=primefaces&v=4.0 HTTP/1.1" 304 -
186.80.108.8 - - [06/Mar/2024:06:03:04 -0500] "GET /sipse/faces/javax.faces.resource/dynamiccontent.properties?ln=primefaces&pfdrid=XjOR5%2F%2FfPAZAuY9TpWQeCiM0BhlXxYRBGKi%2FQcXXfeA%3D&pfdrid_c=false HTTP/1.1" 500 383
172.22.2.4 - - [06/Mar/2024:06:01:25 -0500] "HEAD /BLA/boletinlegal/ HTTP/1.1" 200 -
186.80.108.8 - - [06/Mar/2024:06:03:06 -0500] "POST /sipse/faces/presentacion/financiero/solicitudProceso/consultarSolicitudProceso.xhtml HTTP/1.1" 200 85951
23.22.35.162 - - [06/Mar/2024:06:03:12 -0500] "GET /BLA/resoluciones/index.php?dir=RESOLUCIONES%202004/RES%202004%202201-2250/&order=desc&sort=date HTTP/1.1" 200 12357
3.224.220.101 - - [06/Mar/2024:06:03:16 -0500] "GET /BLA/resoluciones/index.php?dir=RESOLUCIONES%202004/RES%202004%202201-2250/&order=asc&sort=name HTTP/1.1" 200 12358
3.224.220.101 - - [06/Mar/2024:06:03:24 -0500] "GET /BLA/resoluciones/index.php?dir=RESOLUCIONES%202004/RES%202004%202201-2250/&order=asc&sort=size HTTP/1.1" 200 12358
3.224.220.101 - - [06/Mar/2024:06:03:40 -0500] "GET /BLA/resoluciones/index.php?dir=RESOLUCIONES%202004/RES%202004%202201-2250/&order=desc&sort=size HTTP/1.1" 200 12357
66.249.66.19 - - [06/Mar/2024:06:03:47 -0500] "GET /BLA/resoluciones/Notificaciones/AUTOS%202023/5842.pdf HTTP/1.1" 200 392620
52.70.240.171 - - [06/Mar/2024:06:03:48 -0500] "GET /BLA/resoluciones/index.php?dir=RESOLUCIONES%202004/RES%202004%202201-2250/&order=desc&sort=name HTTP/1.1" 200 12357
3.224.220.101 - - [06/Mar/2024:06:03:52 -0500] "GET /BLA/resoluciones/index.php?dir=RESOLUCIONES%202004/RES%202004%202151-2200/ HTTP/1.1" 200 12359
3.224.220.101 - - [06/Mar/2024:06:03:56 -0500] "GET /BLA/resoluciones/RESOLUCIONES%202004/RES%202004%202151-2200/INDEX.DAT HTTP/1.1" 200 2000
172.22.2.4 - - [06/Mar/2024:06:02:16 -0500] "GET /BLA/boletinlegal/ HTTP/1.1" 200 58720
3.224.220.101 - - [06/Mar/2024:06:04:04 -0500] "GET /BLA/resoluciones/index.php?dir=RESOLUCIONES%202004/RES%202004%202151-2200/&order=asc&sort=date HTTP/1.1" 200 12359
181.32.216.15 - - [06/Mar/2024:06:04:09 -0500] "POST /sipse/faces/presentacion/financiero/solicitudProceso/consultarSolicitudProceso.xhtml HTTP/1.1" 200 36932
181.32.216.15 - - [06/Mar/2024:06:04:09 -0500] "GET /sipse/faces/javax.faces.resource/theme.css?ln=primefaces-sipse HTTP/1.1" 304 -
181.32.216.15 - - [06/Mar/2024:06:04:09 -0500] "GET /sipse/faces/javax.faces.resource/primefaces.css?ln=primefaces&v=4.0 HTTP/1.1" 304 -
181.32.216.15 - - [06/Mar/2024:06:04:09 -0500] "GET /sipse/faces/javax.faces.resource/layout/layout.css?ln=primefaces&v=4.0 HTTP/1.1" 304 -
181.32.216.15 - - [06/Mar/2024:06:04:09 -0500] "GET /sipse/faces/javax.faces.resource/jquery/jquery.js?ln=primefaces&v=4.0 HTTP/1.1" 304 -
181.32.216.15 - - [06/Mar/2024:06:04:09 -0500] "GET /sipse/faces/javax.faces.resource/jquery/jquery-plugins.js?ln=primefaces&v=4.0 HTTP/1.1" 304 -
181.32.216.15 - - [06/Mar/2024:06:04:09 -0500] "GET /sipse/css/imagen/contrasena.png HTTP/1.1" 404 383
181.32.216.15 - - [06/Mar/2024:06:04:09 -0500] "GET /sipse/faces/javax.faces.resource/primefaces.js?ln=primefaces&v=4.0 HTTP/1.1" 304 -
181.32.216.15 - - [06/Mar/2024:06:04:09 -0500] "GET /sipse/faces/javax.faces.resource/layout/layout.js?ln=primefaces&v=4.0 HTTP/1.1" 304 -
181.32.216.15 - - [06/Mar/2024:06:04:09 -0500] "GET /sipse/faces/javax.faces.resource/images/ui-icons_898989_256x240.png?ln=primefaces-aristo HTTP/1.1" 304 -
181.32.216.15 - - [06/Mar/2024:06:04:09 -0500] "POST /sipse/faces/presentacion/financiero/solicitudProceso/listarSolicitudProceso.xhtml HTTP/1.1" 200 30181
181.32.216.15 - - [06/Mar/2024:06:04:09 -0500] "GET /sipse/faces/javax.faces.resource/images/ui-bg_flat_0_2d5972_40x100.png?ln=primefaces-aristo HTTP/1.1" 304 -
181.32.216.15 - - [06/Mar/2024:06:04:09 -0500] "POST /sipse/faces/presentacion/financiero/solicitudProceso/listarSolicitudProceso.xhtml HTTP/1.1" 200 30181
181.32.216.15 - - [06/Mar/2024:06:04:10 -0500] "POST /sipse/faces/presentacion/financiero/solicitudProceso/listarSolicitudProceso.xhtml HTTP/1.1" 200 1392
181.32.216.15 - - [06/Mar/2024:06:04:10 -0500] "POST /sipse/faces/presentacion/financiero/solicitudProceso/listarSolicitudProceso.xhtml HTTP/1.1" 200 1388
181.32.216.15 - - [06/Mar/2024:06:04:10 -0500] "POST /sipse/faces/presentacion/financiero/solicitudProceso/listarSolicitudProceso.xhtml HTTP/1.1" 200 1400
186.80.108.8 - - [06/Mar/2024:06:04:17 -0500] "POST /sipse/faces/presentacion/financiero/solicitudProceso/consultarSolicitudProceso.xhtml HTTP/1.1" 200 57697
186.80.108.8 - - [06/Mar/2024:06:04:18 -0500] "GET /sipse/faces/javax.faces.resource/theme.css?ln=primefaces-sipse HTTP/1.1" 304 -
186.80.108.8 - - [06/Mar/2024:06:04:18 -0500] "GET /sipse/faces/javax.faces.resource/primefaces.css?ln=primefaces&v=4.0 HTTP/1.1" 304 -
186.80.108.8 - - [06/Mar/2024:06:04:18 -0500] "GET /sipse/faces/javax.faces.resource/layout/layout.css?ln=primefaces&v=4.0 HTTP/1.1" 304 -
186.80.108.8 - - [06/Mar/2024:06:04:18 -0500] "GET /sipse/faces/javax.faces.resource/jquery/jquery.js?ln=primefaces&v=4.0 HTTP/1.1" 304 -
186.80.108.8 - - [06/Mar/2024:06:04:18 -0500] "GET /sipse/faces/javax.faces.resource/jquery/jquery-plugins.js?ln=primefaces&v=4.0 HTTP/1.1" 304 -
186.80.108.8 - - [06/Mar/2024:06:04:18 -0500] "GET /sipse/faces/javax.faces.resource/layout/layout.js?ln=primefaces&v=4.0 HTTP/1.1" 304 -
186.80.108.8 - - [06/Mar/2024:06:04:18 -0500] "GET /sipse/faces/javax.faces.resource/primefaces.js?ln=primefaces&v=4.0 HTTP/1.1" 304 -
186.80.108.8 - - [06/Mar/2024:06:04:18 -0500] "POST /sipse/faces/presentacion/financiero/solicitudProceso/listarSolicitudProceso.xhtml HTTP/1.1" 200 1524
186.80.108.8 - - [06/Mar/2024:06:04:19 -0500] "POST /sipse/faces/presentacion/financiero/solicitudProceso/listarSolicitudProceso.xhtml HTTP/1.1" 200 1528
52.70.240.171 - - [06/Mar/2024:06:04:20 -0500] "GET /BLA/resoluciones/index.php?dir=RESOLUCIONES%202004/RES%202004%202151-2200/&order=desc&sort=date HTTP/1.1" 200 12358
23.22.35.162 - - [06/Mar/2024:06:04:33 -0500] "GET /BLA/resoluciones/index.php?dir=RESOLUCIONES%202004/RES%202004%202151-2200/&order=asc&sort=name HTTP/1.1" 200 12359
181.32.216.15 - - [06/Mar/2024:06:04:35 -0500] "POST /sipse/faces/presentacion/financiero/solicitudProceso/listarSolicitudProceso.xhtml HTTP/1.1" 200 30181
181.32.216.15 - - [06/Mar/2024:06:04:35 -0500] "POST /sipse/faces/presentacion/financiero/solicitudProceso/listarSolicitudProceso.xhtml HTTP/1.1" 200 30181
181.32.216.15 - - [06/Mar/2024:06:04:35 -0500] "POST /sipse/faces/presentacion/financiero/solicitudProceso/listarSolicitudProceso.xhtml HTTP/1.1" 200 30181
181.32.216.15 - - [06/Mar/2024:06:04:35 -0500] "POST /sipse/faces/presentacion/financiero/solicitudProceso/listarSolicitudProceso.xhtml HTTP/1.1" 200 30181
186.80.108.8 - - [06/Mar/2024:06:04:35 -0500] "POST /sipse/faces/presentacion/financiero/solicitudProceso/listarSolicitudProceso.xhtml HTTP/1.1" 200 144717
186.80.108.8 - - [06/Mar/2024:06:04:36 -0500] "GET /sipse/faces/javax.faces.resource/theme.css?ln=primefaces-sipse HTTP/1.1" 304 -
186.80.108.8 - - [06/Mar/2024:06:04:36 -0500] "GET /sipse/faces/javax.faces.resource/primefaces.css?ln=primefaces&v=4.0 HTTP/1.1" 304 -
186.80.108.8 - - [06/Mar/2024:06:04:36 -0500] "GET /sipse/faces/javax.faces.resource/layout/layout.css?ln=primefaces&v=4.0 HTTP/1.1" 304 -
186.80.108.8 - - [06/Mar/2024:06:04:36 -0500] "GET /sipse/faces/javax.faces.resource/jquery/jquery.js?ln=primefaces&v=4.0 HTTP/1.1" 304 -
181.32.216.15 - - [06/Mar/2024:06:04:36 -0500] "POST /sipse/faces/presentacion/financiero/solicitudProceso/listarSolicitudProceso.xhtml HTTP/1.1" 200 1392
186.80.108.8 - - [06/Mar/2024:06:04:36 -0500] "GET /sipse/faces/javax.faces.resource/jquery/jquery-plugins.js?ln=primefaces&v=4.0 HTTP/1.1" 304 -
186.80.108.8 - - [06/Mar/2024:06:04:36 -0500] "GET /sipse/faces/javax.faces.resource/primefaces.js?ln=primefaces&v=4.0 HTTP/1.1" 304 -
186.80.108.8 - - [06/Mar/2024:06:04:36 -0500] "GET /sipse/faces/javax.faces.resource/layout/layout.js?ln=primefaces&v=4.0 HTTP/1.1" 304 -
181.32.216.15 - - [06/Mar/2024:06:04:36 -0500] "POST /sipse/faces/presentacion/financiero/solicitudProceso/listarSolicitudProceso.xhtml HTTP/1.1" 200 1388
181.32.216.15 - - [06/Mar/2024:06:04:36 -0500] "POST /sipse/faces/presentacion/financiero/solicitudProceso/listarSolicitudProceso.xhtml HTTP/1.1" 200 1400
186.80.108.8 - - [06/Mar/2024:06:04:36 -0500] "GET /sipse/faces/javax.faces.resource/dynamiccontent.properties?ln=primefaces&pfdrid=XjOR5%2F%2FfPAZAuY9TpWQeCiM0BhlXxYRBGKi%2FQcXXfeA%3D&pfdrid_c=false HTTP/1.1" 500 383
23.22.35.162 - - [06/Mar/2024:06:04:36 -0500] "GET /BLA/resoluciones/index.php?dir=RESOLUCIONES%202004/RES%202004%202151-2200/&order=asc&sort=size HTTP/1.1" 200 12359
181.32.216.15 - - [06/Mar/2024:06:04:36 -0500] "POST /sipse/faces/presentacion/financiero/solicitudProceso/listarSolicitudProceso.xhtml HTTP/1.1" 200 1388
181.32.216.15 - - [06/Mar/2024:06:04:37 -0500] "POST /sipse/faces/presentacion/financiero/solicitudProceso/listarSolicitudProceso.xhtml HTTP/1.1" 200 59177
181.32.216.15 - - [06/Mar/2024:06:04:37 -0500] "GET /sipse/faces/javax.faces.resource/theme.css?ln=primefaces-sipse HTTP/1.1" 304 -
181.32.216.15 - - [06/Mar/2024:06:04:37 -0500] "GET /sipse/faces/javax.faces.resource/primefaces.css?ln=primefaces&v=4.0 HTTP/1.1" 304 -
181.32.216.15 - - [06/Mar/2024:06:04:37 -0500] "GET /sipse/faces/javax.faces.resource/jquery/jquery.js?ln=primefaces&v=4.0 HTTP/1.1" 304 -
181.32.216.15 - - [06/Mar/2024:06:04:37 -0500] "GET /sipse/faces/javax.faces.resource/layout/layout.css?ln=primefaces&v=4.0 HTTP/1.1" 304 -
181.32.216.15 - - [06/Mar/2024:06:04:37 -0500] "GET /sipse/faces/javax.faces.resource/jquery/jquery-plugins.js?ln=primefaces&v=4.0 HTTP/1.1" 304 -
181.32.216.15 - - [06/Mar/2024:06:04:37 -0500] "GET /sipse/faces/javax.faces.resource/primefaces.js?ln=primefaces&v=4.0 HTTP/1.1" 304 -
181.32.216.15 - - [06/Mar/2024:06:04:37 -0500] "GET /sipse/faces/javax.faces.resource/layout/layout.js?ln=primefaces&v=4.0 HTTP/1.1" 304 -
186.80.108.8 - - [06/Mar/2024:06:04:39 -0500] "POST /sipse/faces/presentacion/financiero/solicitudProceso/consultarSolicitudProceso.xhtml HTTP/1.1" 200 86007
23.22.35.162 - - [06/Mar/2024:06:04:40 -0500] "GET /BLA/resoluciones/index.php?dir=RESOLUCIONES%202004/RES%202004%202151-2200/&order=desc&sort=size HTTP/1.1" 200 12358
181.32.216.15 - - [06/Mar/2024:06:04:40 -0500] "POST /sipse/faces/presentacion/financiero/solicitudProceso/crearModificarSolicitudProceso.xhtml HTTP/1.1" 200 51773
23.22.35.162 - - [06/Mar/2024:06:04:44 -0500] "GET /BLA/resoluciones/index.php?dir=RESOLUCIONES%202004/RES%202004%202151-2200/&order=desc&sort=name HTTP/1.1" 200 12358
181.32.216.15 - - [06/Mar/2024:06:04:48 -0500] "POST /sipse/faces/presentacion/financiero/solicitudProceso/crearModificarSolicitudProceso.xhtml HTTP/1.1" 200 25138
23.22.35.162 - - [06/Mar/2024:06:04:48 -0500] "GET /BLA/resoluciones/index.php?dir=RESOLUCIONES%202004/RES%202004%202101-2150/ HTTP/1.1" 200 12359
3.224.220.101 - - [06/Mar/2024:06:04:52 -0500] "GET /BLA/resoluciones/RESOLUCIONES%202004/RES%202004%202101-2150/INDEX.DAT HTTP/1.1" 200 2000
181.32.216.15 - - [06/Mar/2024:06:04:55 -0500] "POST /sipse/faces/presentacion/financiero/solicitudProceso/crearModificarSolicitudProceso.xhtml HTTP/1.1" 200 6307
3.224.220.101 - - [06/Mar/2024:06:04:56 -0500] "GET /BLA/resoluciones/index.php?dir=RESOLUCIONES%202004/RES%202004%202101-2150/&order=asc&sort=date HTTP/1.1" 200 12359
23.22.35.162 - - [06/Mar/2024:06:05:00 -0500] "GET /BLA/resoluciones/index.php?dir=RESOLUCIONES%202004/RES%202004%202101-2150/&order=desc&sort=date HTTP/1.1" 200 12358
181.32.216.15 - - [06/Mar/2024:06:05:05 -0500] "POST /sipse/faces/presentacion/financiero/solicitudProceso/crearModificarSolicitudProceso.xhtml HTTP/1.1" 200 10247
216.245.221.92 - - [06/Mar/2024:06:05:08 -0500] "HEAD / HTTP/1.1" 200 -
3.224.220.101 - - [06/Mar/2024:06:05:08 -0500] "GET /BLA/resoluciones/index.php?dir=RESOLUCIONES%202004/RES%202004%202101-2150/&order=asc&sort=name HTTP/1.1" 200 12359
181.32.216.15 - - [06/Mar/2024:06:05:13 -0500] "POST /sipse/faces/presentacion/financiero/solicitudProceso/crearModificarSolicitudProceso.xhtml HTTP/1.1" 200 7378
52.70.240.171 - - [06/Mar/2024:06:05:21 -0500] "GET /BLA/resoluciones/index.php?dir=RESOLUCIONES%202004/RES%202004%202101-2150/&order=asc&sort=size HTTP/1.1" 200 12359
52.70.240.171 - - [06/Mar/2024:06:05:24 -0500] "GET /BLA/resoluciones/index.php?dir=RESOLUCIONES%202004/RES%202004%202101-2150/&order=desc&sort=size HTTP/1.1" 200 12358
201.245.192.253 - - [06/Mar/2024:06:05:22 -0500] "POST /kwsrmcab/Wsrmcab  HTTP/1.1" 200 39632
181.32.216.15 - - [06/Mar/2024:06:05:31 -0500] "POST /sipse/faces/presentacion/financiero/solicitudProceso/crearModificarSolicitudProceso.xhtml HTTP/1.1" 200 24673
181.32.216.15 - - [06/Mar/2024:06:05:31 -0500] "GET /sipse/faces/javax.faces.resource/theme.css?ln=primefaces-sipse HTTP/1.1" 304 -
181.32.216.15 - - [06/Mar/2024:06:05:31 -0500] "GET /sipse/faces/javax.faces.resource/primefaces.css?ln=primefaces&v=4.0 HTTP/1.1" 304 -
181.32.216.15 - - [06/Mar/2024:06:05:32 -0500] "GET /sipse/faces/javax.faces.resource/jquery/jquery.js?ln=primefaces&v=4.0 HTTP/1.1" 304 -
181.32.216.15 - - [06/Mar/2024:06:05:32 -0500] "GET /sipse/faces/javax.faces.resource/layout/layout.css?ln=primefaces&v=4.0 HTTP/1.1" 304 -
181.32.216.15 - - [06/Mar/2024:06:05:32 -0500] "GET /sipse/faces/javax.faces.resource/primefaces.js?ln=primefaces&v=4.0 HTTP/1.1" 304 -
181.32.216.15 - - [06/Mar/2024:06:05:32 -0500] "GET /sipse/faces/javax.faces.resource/layout/layout.js?ln=primefaces&v=4.0 HTTP/1.1" 304 -
181.32.216.15 - - [06/Mar/2024:06:05:32 -0500] "GET /sipse/faces/javax.faces.resource/jquery/jquery-plugins.js?ln=primefaces&v=4.0 HTTP/1.1" 304 -
23.22.35.162 - - [06/Mar/2024:06:05:32 -0500] "GET /BLA/resoluciones/index.php?dir=RESOLUCIONES%202004/RES%202004%202101-2150/&order=desc&sort=name HTTP/1.1" 200 12358
181.32.216.15 - - [06/Mar/2024:06:05:37 -0500] "POST /sipse/faces/presentacion/financiero/solicitudProyectoActividad/asociarProyectoSolicitud.xhtml HTTP/1.1" 200 6543
181.32.216.15 - - [06/Mar/2024:06:05:39 -0500] "POST /sipse/faces/presentacion/financiero/solicitudProyectoActividad/asociarProyectoSolicitud.xhtml HTTP/1.1" 200 1696
181.32.216.15 - - [06/Mar/2024:06:05:40 -0500] "POST /sipse/faces/presentacion/financiero/solicitudProyectoActividad/asociarProyectoSolicitud.xhtml HTTP/1.1" 200 75079
181.32.216.15 - - [06/Mar/2024:06:05:40 -0500] "GET /sipse/faces/javax.faces.resource/primefaces.css?ln=primefaces&v=4.0 HTTP/1.1" 304 -
181.32.216.15 - - [06/Mar/2024:06:05:40 -0500] "GET /sipse/faces/javax.faces.resource/theme.css?ln=primefaces-sipse HTTP/1.1" 304 -
181.32.216.15 - - [06/Mar/2024:06:05:40 -0500] "GET /sipse/faces/javax.faces.resource/layout/layout.css?ln=primefaces&v=4.0 HTTP/1.1" 304 -
181.32.216.15 - - [06/Mar/2024:06:05:40 -0500] "GET /sipse/faces/javax.faces.resource/jquery/jquery.js?ln=primefaces&v=4.0 HTTP/1.1" 304 -
181.32.216.15 - - [06/Mar/2024:06:05:40 -0500] "GET /sipse/faces/javax.faces.resource/jquery/jquery-plugins.js?ln=primefaces&v=4.0 HTTP/1.1" 304 -
181.32.216.15 - - [06/Mar/2024:06:05:40 -0500] "GET /sipse/faces/javax.faces.resource/primefaces.js?ln=primefaces&v=4.0 HTTP/1.1" 304 -
181.32.216.15 - - [06/Mar/2024:06:05:40 -0500] "GET /sipse/faces/javax.faces.resource/layout/layout.js?ln=primefaces&v=4.0 HTTP/1.1" 304 -
3.224.220.101 - - [06/Mar/2024:06:05:44 -0500] "GET /BLA/resoluciones/index.php?dir=RESOLUCIONES%202004/RES%202004%202051-2100/ HTTP/1.1" 200 12370
23.22.35.162 - - [06/Mar/2024:06:05:48 -0500] "GET /BLA/resoluciones/RESOLUCIONES%202004/RES%202004%202051-2100/INDEX.DAT HTTP/1.1" 200 2000
181.32.216.15 - - [06/Mar/2024:06:05:51 -0500] "GET /sipse/faces/javax.faces.resource/images/ui-icons_898989_256x240.png?ln=primefaces-aristo HTTP/1.1" 304 -
181.32.216.15 - - [06/Mar/2024:06:05:52 -0500] "POST /sipse/faces/presentacion/financiero/solicitudProyectoActividad/asociarActividadSolicitud.xhtml HTTP/1.1" 200 20187
181.32.216.15 - - [06/Mar/2024:06:05:52 -0500] "GET /sipse/faces/javax.faces.resource/theme.css?ln=primefaces-sipse HTTP/1.1" 304 -
181.32.216.15 - - [06/Mar/2024:06:05:52 -0500] "GET /sipse/faces/javax.faces.resource/primefaces.css?ln=primefaces&v=4.0 HTTP/1.1" 304 -
181.32.216.15 - - [06/Mar/2024:06:05:52 -0500] "GET /sipse/faces/javax.faces.resource/layout/layout.css?ln=primefaces&v=4.0 HTTP/1.1" 304 -
181.32.216.15 - - [06/Mar/2024:06:05:52 -0500] "GET /sipse/faces/javax.faces.resource/jquery/jquery.js?ln=primefaces&v=4.0 HTTP/1.1" 304 -
181.32.216.15 - - [06/Mar/2024:06:05:52 -0500] "GET /sipse/faces/javax.faces.resource/jquery/jquery-plugins.js?ln=primefaces&v=4.0 HTTP/1.1" 304 -
181.32.216.15 - - [06/Mar/2024:06:05:52 -0500] "GET /sipse/faces/javax.faces.resource/primefaces.js?ln=primefaces&v=4.0 HTTP/1.1" 304 -
181.32.216.15 - - [06/Mar/2024:06:05:52 -0500] "GET /sipse/faces/javax.faces.resource/layout/layout.js?ln=primefaces&v=4.0 HTTP/1.1" 304 -
52.70.240.171 - - [06/Mar/2024:06:06:04 -0500] "GET /BLA/resoluciones/index.php?dir=RESOLUCIONES%202004/RES%202004%202051-2100/&order=asc&sort=date HTTP/1.1" 200 12370
3.224.220.101 - - [06/Mar/2024:06:06:08 -0500] "GET /BLA/resoluciones/index.php?dir=RESOLUCIONES%202004/RES%202004%202051-2100/&order=desc&sort=date HTTP/1.1" 200 12369
3.224.220.101 - - [06/Mar/2024:06:06:16 -0500] "GET /BLA/resoluciones/index.php?dir=RESOLUCIONES%202004/RES%202004%202051-2100/&order=asc&sort=name HTTP/1.1" 200 12370
181.32.216.15 - - [06/Mar/2024:06:06:22 -0500] "POST /sipse/faces/presentacion/financiero/solicitudProyectoActividad/asociarFuentesSolicitud.xhtml HTTP/1.1" 200 83239
181.32.216.15 - - [06/Mar/2024:06:06:23 -0500] "GET /sipse/faces/javax.faces.resource/theme.css?ln=primefaces-sipse HTTP/1.1" 304 -
181.32.216.15 - - [06/Mar/2024:06:06:23 -0500] "GET /sipse/faces/javax.faces.resource/primefaces.css?ln=primefaces&v=4.0 HTTP/1.1" 304 -
181.32.216.15 - - [06/Mar/2024:06:06:23 -0500] "GET /sipse/faces/javax.faces.resource/layout/layout.js?ln=primefaces&v=4.0 HTTP/1.1" 304 -
181.32.216.15 - - [06/Mar/2024:06:06:23 -0500] "GET /sipse/faces/javax.faces.resource/primefaces.js?ln=primefaces&v=4.0 HTTP/1.1" 304 -
181.32.216.15 - - [06/Mar/2024:06:06:23 -0500] "GET /sipse/faces/javax.faces.resource/layout/layout.css?ln=primefaces&v=4.0 HTTP/1.1" 304 -
181.32.216.15 - - [06/Mar/2024:06:06:23 -0500] "GET /sipse/faces/javax.faces.resource/jquery/jquery.js?ln=primefaces&v=4.0 HTTP/1.1" 304 -
181.32.216.15 - - [06/Mar/2024:06:06:23 -0500] "GET /sipse/faces/javax.faces.resource/jquery/jquery-plugins.js?ln=primefaces&v=4.0 HTTP/1.1" 304 -
23.22.35.162 - - [06/Mar/2024:06:06:28 -0500] "GET /BLA/resoluciones/index.php?dir=RESOLUCIONES%202004/RES%202004%202051-2100/&order=asc&sort=size HTTP/1.1" 200 12370
23.22.35.162 - - [06/Mar/2024:06:06:32 -0500] "GET /BLA/resoluciones/index.php?dir=RESOLUCIONES%202004/RES%202004%202051-2100/&order=desc&sort=size HTTP/1.1" 200 12369
191.95.50.202 - - [06/Mar/2024:06:06:33 -0500] "GET /sipse/faces/index.xhtml HTTP/1.1" 200 677
191.95.50.202 - - [06/Mar/2024:06:06:33 -0500] "GET /sipse/faces/javax.faces.resource/theme.css?ln=primefaces-sipse HTTP/1.1" 200 50058
191.95.50.202 - - [06/Mar/2024:06:06:33 -0500] "GET /favicon.ico HTTP/1.1" 200 7782
191.95.50.202 - - [06/Mar/2024:06:06:33 -0500] "GET /sipse/faces/faces/autenticacion.xhtml HTTP/1.1" 200 12405
191.95.50.202 - - [06/Mar/2024:06:06:33 -0500] "GET /sipse/js/disable_browser_buttons.js HTTP/1.1" 200 3230
191.95.50.202 - - [06/Mar/2024:06:06:33 -0500] "GET /sipse/js/funciones.js HTTP/1.1" 200 12592
191.95.50.202 - - [06/Mar/2024:06:06:33 -0500] "GET /sipse/css/custom_css_sg_prime_login.css HTTP/1.1" 200 443
191.95.50.202 - - [06/Mar/2024:06:06:33 -0500] "GET /sipse/faces/javax.faces.resource/layout/layout.css?ln=primefaces&v=4.0 HTTP/1.1" 200 542
191.95.50.202 - - [06/Mar/2024:06:06:33 -0500] "GET /sipse/css/custom_css_sg.css HTTP/1.1" 200 9694
191.95.50.202 - - [06/Mar/2024:06:06:33 -0500] "GET /sipse/faces/javax.faces.resource/theme.css?ln=primefaces-sipse HTTP/1.1" 304 -
191.95.50.202 - - [06/Mar/2024:06:06:33 -0500] "GET /sipse/faces/javax.faces.resource/layout/layout.js?ln=primefaces&v=4.0 HTTP/1.1" 200 87560
191.95.50.202 - - [06/Mar/2024:06:06:33 -0500] "GET /sipse/faces/javax.faces.resource/jquery/jquery.js?ln=primefaces&v=4.0 HTTP/1.1" 200 105384
191.95.50.202 - - [06/Mar/2024:06:06:33 -0500] "GET /sipse/faces/javax.faces.resource/primefaces.css?ln=primefaces&v=4.0 HTTP/1.1" 200 53295
191.95.50.202 - - [06/Mar/2024:06:06:33 -0500] "GET /sipse/faces/javax.faces.resource/jquery/jquery-plugins.js?ln=primefaces&v=4.0 HTTP/1.1" 200 220526
191.95.50.202 - - [06/Mar/2024:06:06:33 -0500] "GET /sipse/faces/javax.faces.resource/primefaces.js?ln=primefaces&v=4.0 HTTP/1.1" 200 276924
191.95.50.202 - - [06/Mar/2024:06:06:34 -0500] "GET /sipse/css/imagen/loginimg.png HTTP/1.1" 200 71635
191.95.50.202 - - [06/Mar/2024:06:06:34 -0500] "GET /sipse/css/imagen/logoSDG.png HTTP/1.1" 200 53064
191.95.50.202 - - [06/Mar/2024:06:06:34 -0500] "GET /sipse/faces/javax.faces.resource/images/ui-icons_898989_256x240.png?ln=primefaces-aristo HTTP/1.1" 200 5355
181.32.216.15 - - [06/Mar/2024:06:06:28 -0500] "POST /sipse/faces/presentacion/financiero/solicitudProceso/crearModificarSolicitudProceso.xhtml HTTP/1.1" 200 45626
181.32.216.15 - - [06/Mar/2024:06:06:37 -0500] "GET /sipse/faces/javax.faces.resource/primefaces.css?ln=primefaces&v=4.0 HTTP/1.1" 304 -
181.32.216.15 - - [06/Mar/2024:06:06:37 -0500] "GET /sipse/faces/javax.faces.resource/layout/layout.css?ln=primefaces&v=4.0 HTTP/1.1" 304 -
181.32.216.15 - - [06/Mar/2024:06:06:37 -0500] "GET /sipse/faces/javax.faces.resource/theme.css?ln=primefaces-sipse HTTP/1.1" 304 -
181.32.216.15 - - [06/Mar/2024:06:06:37 -0500] "GET /sipse/faces/javax.faces.resource/jquery/jquery.js?ln=primefaces&v=4.0 HTTP/1.1" 304 -
181.32.216.15 - - [06/Mar/2024:06:06:37 -0500] "GET /sipse/faces/javax.faces.resource/jquery/jquery-plugins.js?ln=primefaces&v=4.0 HTTP/1.1" 304 -
181.32.216.15 - - [06/Mar/2024:06:06:37 -0500] "GET /sipse/faces/javax.faces.resource/primefaces.js?ln=primefaces&v=4.0 HTTP/1.1" 304 -
181.32.216.15 - - [06/Mar/2024:06:06:37 -0500] "GET /sipse/faces/javax.faces.resource/layout/layout.js?ln=primefaces&v=4.0 HTTP/1.1" 304 -
52.70.240.171 - - [06/Mar/2024:06:06:53 -0500] "GET /BLA/resoluciones/index.php?dir=RESOLUCIONES%202004/RES%202004%202051-2100/&order=desc&sort=name HTTP/1.1" 200 12369
3.224.220.101 - - [06/Mar/2024:06:07:05 -0500] "GET /BLA/resoluciones/index.php?dir=RESOLUCIONES%202004/RES%202004%202001-2050/ HTTP/1.1" 200 12347
181.32.216.15 - - [06/Mar/2024:06:06:49 -0500] "POST /sipse/faces/presentacion/financiero/solicitudBienServicio/asociarBienServicioSolicitud.xhtml HTTP/1.1" 200 2720
52.70.240.171 - - [06/Mar/2024:06:07:08 -0500] "GET /BLA/resoluciones/RESOLUCIONES%202004/RES%202004%202001-2050/INDEX.DAT HTTP/1.1" 200 2000
181.32.216.15 - - [06/Mar/2024:06:07:09 -0500] "POST /sipse/faces/presentacion/financiero/solicitudBienServicio/asociarBienServicioSolicitud.xhtml HTTP/1.1" 200 78939
181.32.216.15 - - [06/Mar/2024:06:07:09 -0500] "GET /sipse/faces/javax.faces.resource/theme.css?ln=primefaces-sipse HTTP/1.1" 304 -
181.32.216.15 - - [06/Mar/2024:06:07:09 -0500] "GET /sipse/faces/javax.faces.resource/primefaces.css?ln=primefaces&v=4.0 HTTP/1.1" 304 -
181.32.216.15 - - [06/Mar/2024:06:07:09 -0500] "GET /sipse/faces/javax.faces.resource/layout/layout.css?ln=primefaces&v=4.0 HTTP/1.1" 304 -
181.32.216.15 - - [06/Mar/2024:06:07:09 -0500] "GET /sipse/faces/javax.faces.resource/jquery/jquery.js?ln=primefaces&v=4.0 HTTP/1.1" 304 -
181.32.216.15 - - [06/Mar/2024:06:07:09 -0500] "GET /sipse/faces/javax.faces.resource/jquery/jquery-plugins.js?ln=primefaces&v=4.0 HTTP/1.1" 304 -
181.32.216.15 - - [06/Mar/2024:06:07:09 -0500] "GET /sipse/faces/javax.faces.resource/primefaces.js?ln=primefaces&v=4.0 HTTP/1.1" 304 -
181.32.216.15 - - [06/Mar/2024:06:07:09 -0500] "GET /sipse/faces/javax.faces.resource/layout/layout.js?ln=primefaces&v=4.0 HTTP/1.1" 304 -
3.224.220.101 - - [06/Mar/2024:06:07:16 -0500] "GET /BLA/resoluciones/index.php?dir=RESOLUCIONES%202004/RES%202004%202001-2050/&order=asc&sort=date HTTP/1.1" 200 12347
52.70.240.171 - - [06/Mar/2024:06:07:20 -0500] "GET /BLA/resoluciones/index.php?dir=RESOLUCIONES%202004/RES%202004%202001-2050/&order=desc&sort=date HTTP/1.1" 200 12346
23.22.35.162 - - [06/Mar/2024:06:07:24 -0500] "GET /BLA/resoluciones/index.php?dir=RESOLUCIONES%202004/RES%202004%202001-2050/&order=asc&sort=name HTTP/1.1" 200 12347
181.32.216.15 - - [06/Mar/2024:06:07:23 -0500] "POST /sipse/faces/presentacion/financiero/solicitudProceso/crearModificarSolicitudProceso.xhtml HTTP/1.1" 200 37387
181.32.216.15 - - [06/Mar/2024:06:07:25 -0500] "GET /sipse/faces/javax.faces.resource/theme.css?ln=primefaces-sipse HTTP/1.1" 304 -
181.32.216.15 - - [06/Mar/2024:06:07:25 -0500] "GET /sipse/faces/javax.faces.resource/primefaces.css?ln=primefaces&v=4.0 HTTP/1.1" 304 -
181.32.216.15 - - [06/Mar/2024:06:07:25 -0500] "GET /sipse/faces/javax.faces.resource/layout/layout.css?ln=primefaces&v=4.0 HTTP/1.1" 304 -
181.32.216.15 - - [06/Mar/2024:06:07:25 -0500] "GET /sipse/faces/javax.faces.resource/jquery/jquery.js?ln=primefaces&v=4.0 HTTP/1.1" 304 -
181.32.216.15 - - [06/Mar/2024:06:07:25 -0500] "GET /sipse/faces/javax.faces.resource/jquery/jquery-plugins.js?ln=primefaces&v=4.0 HTTP/1.1" 304 -
181.32.216.15 - - [06/Mar/2024:06:07:25 -0500] "GET /sipse/faces/javax.faces.resource/primefaces.js?ln=primefaces&v=4.0 HTTP/1.1" 304 -
181.32.216.15 - - [06/Mar/2024:06:07:25 -0500] "GET /sipse/faces/javax.faces.resource/layout/layout.js?ln=primefaces&v=4.0 HTTP/1.1" 304 -
181.32.216.15 - - [06/Mar/2024:06:07:25 -0500] "GET /sipse/faces/javax.faces.resource/messages/messages.png?ln=primefaces&v=4.0 HTTP/1.1" 304 -
181.32.216.15 - - [06/Mar/2024:06:07:25 -0500] "POST /sipse/faces/presentacion/financiero/solicitudProceso/listarSolicitudProceso.xhtml HTTP/1.1" 200 1392
181.32.216.15 - - [06/Mar/2024:06:07:28 -0500] "POST /sipse/faces/presentacion/financiero/solicitudProceso/listarSolicitudProceso.xhtml HTTP/1.1" 200 4457
181.32.216.15 - - [06/Mar/2024:06:07:29 -0500] "POST /sipse/faces/presentacion/financiero/solicitudProceso/listarSolicitudProceso.xhtml HTTP/1.1" 200 87747
181.32.216.15 - - [06/Mar/2024:06:07:29 -0500] "POST /sipse/faces/presentacion/financiero/solicitudProceso/listarSolicitudProceso.xhtml HTTP/1.1" 200 100066
23.22.35.162 - - [06/Mar/2024:06:07:40 -0500] "GET /BLA/resoluciones/index.php?dir=RESOLUCIONES%202004/RES%202004%202001-2050/&order=asc&sort=size HTTP/1.1" 200 12347
181.32.216.15 - - [06/Mar/2024:06:07:42 -0500] "POST /sipse/faces/presentacion/financiero/solicitudProceso/listarSolicitudProceso.xhtml HTTP/1.1" 200 117305
181.32.216.15 - - [06/Mar/2024:06:07:43 -0500] "GET /sipse/faces/javax.faces.resource/theme.css?ln=primefaces-sipse HTTP/1.1" 304 -
181.32.216.15 - - [06/Mar/2024:06:07:43 -0500] "GET /sipse/faces/javax.faces.resource/layout/layout.css?ln=primefaces&v=4.0 HTTP/1.1" 304 -
181.32.216.15 - - [06/Mar/2024:06:07:43 -0500] "GET /sipse/faces/javax.faces.resource/primefaces.css?ln=primefaces&v=4.0 HTTP/1.1" 304 -
181.32.216.15 - - [06/Mar/2024:06:07:43 -0500] "GET /sipse/faces/javax.faces.resource/jquery/jquery.js?ln=primefaces&v=4.0 HTTP/1.1" 304 -
181.32.216.15 - - [06/Mar/2024:06:07:43 -0500] "GET /sipse/faces/javax.faces.resource/jquery/jquery-plugins.js?ln=primefaces&v=4.0 HTTP/1.1" 304 -
181.32.216.15 - - [06/Mar/2024:06:07:43 -0500] "GET /sipse/faces/javax.faces.resource/primefaces.js?ln=primefaces&v=4.0 HTTP/1.1" 304 -
181.32.216.15 - - [06/Mar/2024:06:07:43 -0500] "GET /sipse/faces/javax.faces.resource/layout/layout.js?ln=primefaces&v=4.0 HTTP/1.1" 304 -
181.32.216.15 - - [06/Mar/2024:06:07:43 -0500] "GET /sipse/faces/javax.faces.resource/dynamiccontent.properties?ln=primefaces&pfdrid=XjOR5%2F%2FfPAZAuY9TpWQeCiM0BhlXxYRBGKi%2FQcXXfeA%3D&pfdrid_c=false HTTP/1.1" 500 383
23.22.35.162 - - [06/Mar/2024:06:07:44 -0500] "GET /BLA/resoluciones/index.php?dir=RESOLUCIONES%202004/RES%202004%202001-2050/&order=desc&sort=size HTTP/1.1" 200 12346
52.70.240.171 - - [06/Mar/2024:06:07:48 -0500] "GET /BLA/resoluciones/index.php?dir=RESOLUCIONES%202004/RES%202004%202001-2050/&order=desc&sort=name HTTP/1.1" 200 12346
52.70.240.171 - - [06/Mar/2024:06:07:53 -0500] "GET /BLA/resoluciones/index.php?dir=RESOLUCIONES%202004/RES%202004%201951-2000/ HTTP/1.1" 200 12355
23.22.35.162 - - [06/Mar/2024:06:07:57 -0500] "GET /BLA/resoluciones/RESOLUCIONES%202004/RES%202004%201951-2000/INDEX.DAT HTTP/1.1" 200 2000
23.22.35.162 - - [06/Mar/2024:06:08:00 -0500] "GET /BLA/resoluciones/index.php?dir=RESOLUCIONES%202004/RES%202004%201951-2000/&order=asc&sort=date HTTP/1.1" 200 12355
181.32.216.15 - - [06/Mar/2024:06:08:11 -0500] "POST /sipse/faces/presentacion/financiero/solicitudProceso/consultarSolicitudProceso.xhtml HTTP/1.1" 200 21243
181.32.216.15 - - [06/Mar/2024:06:08:11 -0500] "GET /sipse/faces/javax.faces.resource/theme.css?ln=primefaces-sipse HTTP/1.1" 304 -
181.32.216.15 - - [06/Mar/2024:06:08:11 -0500] "GET /sipse/faces/javax.faces.resource/jquery/jquery.js?ln=primefaces&v=4.0 HTTP/1.1" 304 -
181.32.216.15 - - [06/Mar/2024:06:08:11 -0500] "GET /sipse/faces/javax.faces.resource/primefaces.css?ln=primefaces&v=4.0 HTTP/1.1" 304 -
181.32.216.15 - - [06/Mar/2024:06:08:11 -0500] "GET /sipse/faces/javax.faces.resource/jquery/jquery-plugins.js?ln=primefaces&v=4.0 HTTP/1.1" 304 -
181.32.216.15 - - [06/Mar/2024:06:08:11 -0500] "GET /sipse/faces/javax.faces.resource/fileupload/fileupload.css?ln=primefaces&v=4.0 HTTP/1.1" 304 -
181.32.216.15 - - [06/Mar/2024:06:08:11 -0500] "GET /sipse/faces/javax.faces.resource/layout/layout.css?ln=primefaces&v=4.0 HTTP/1.1" 304 -
181.32.216.15 - - [06/Mar/2024:06:08:11 -0500] "GET /sipse/faces/javax.faces.resource/primefaces.js?ln=primefaces&v=4.0 HTTP/1.1" 304 -
181.32.216.15 - - [06/Mar/2024:06:08:11 -0500] "GET /sipse/faces/javax.faces.resource/layout/layout.js?ln=primefaces&v=4.0 HTTP/1.1" 304 -
181.32.216.15 - - [06/Mar/2024:06:08:11 -0500] "GET /sipse/faces/javax.faces.resource/fileupload/fileupload.js?ln=primefaces&v=4.0 HTTP/1.1" 304 -
52.70.240.171 - - [06/Mar/2024:06:08:16 -0500] "GET /BLA/resoluciones/index.php?dir=RESOLUCIONES%202004/RES%202004%201951-2000/&order=desc&sort=date HTTP/1.1" 200 12354
181.32.216.15 - - [06/Mar/2024:06:08:20 -0500] "GET /sipse/faces/javax.faces.resource/theme.css?ln=primefaces-sipse HTTP/1.1" 304 -
181.32.216.15 - - [06/Mar/2024:06:08:20 -0500] "GET /sipse/faces/javax.faces.resource/primefaces.css?ln=primefaces&v=4.0 HTTP/1.1" 304 -
181.32.216.15 - - [06/Mar/2024:06:08:20 -0500] "GET /sipse/faces/javax.faces.resource/layout/layout.css?ln=primefaces&v=4.0 HTTP/1.1" 304 -
181.32.216.15 - - [06/Mar/2024:06:08:20 -0500] "GET /sipse/faces/javax.faces.resource/jquery/jquery.js?ln=primefaces&v=4.0 HTTP/1.1" 304 -
181.32.216.15 - - [06/Mar/2024:06:08:20 -0500] "GET /sipse/faces/javax.faces.resource/jquery/jquery-plugins.js?ln=primefaces&v=4.0 HTTP/1.1" 304 -
181.32.216.15 - - [06/Mar/2024:06:08:20 -0500] "GET /sipse/faces/javax.faces.resource/layout/layout.js?ln=primefaces&v=4.0 HTTP/1.1" 304 -
181.32.216.15 - - [06/Mar/2024:06:08:20 -0500] "GET /sipse/faces/javax.faces.resource/primefaces.js?ln=primefaces&v=4.0 HTTP/1.1" 304 -
181.32.216.15 - - [06/Mar/2024:06:08:19 -0500] "POST /sipse/faces/presentacion/sistema/anexos/cargarAnexoSolicitudProceso.xhtml HTTP/1.1" 200 165037
181.32.216.15 - - [06/Mar/2024:06:08:20 -0500] "GET /sipse/faces/javax.faces.resource/dynamiccontent.properties?ln=primefaces&pfdrid=XjOR5%2F%2FfPAZAuY9TpWQeCiM0BhlXxYRBGKi%2FQcXXfeA%3D&pfdrid_c=false HTTP/1.1" 500 383
181.32.216.15 - - [06/Mar/2024:06:08:26 -0500] "POST /sipse/faces/presentacion/financiero/solicitudProceso/consultarSolicitudProceso.xhtml HTTP/1.1" 200 44256
181.32.216.15 - - [06/Mar/2024:06:08:26 -0500] "GET /sipse/faces/javax.faces.resource/primefaces.css?ln=primefaces&v=4.0 HTTP/1.1" 304 -
181.32.216.15 - - [06/Mar/2024:06:08:26 -0500] "GET /sipse/faces/javax.faces.resource/theme.css?ln=primefaces-sipse HTTP/1.1" 304 -
181.32.216.15 - - [06/Mar/2024:06:08:26 -0500] "GET /sipse/faces/javax.faces.resource/layout/layout.css?ln=primefaces&v=4.0 HTTP/1.1" 304 -
181.32.216.15 - - [06/Mar/2024:06:08:26 -0500] "GET /sipse/faces/javax.faces.resource/jquery/jquery.js?ln=primefaces&v=4.0 HTTP/1.1" 304 -
181.32.216.15 - - [06/Mar/2024:06:08:26 -0500] "GET /sipse/faces/javax.faces.resource/jquery/jquery-plugins.js?ln=primefaces&v=4.0 HTTP/1.1" 304 -
181.32.216.15 - - [06/Mar/2024:06:08:26 -0500] "GET /sipse/faces/javax.faces.resource/primefaces.js?ln=primefaces&v=4.0 HTTP/1.1" 304 -
181.32.216.15 - - [06/Mar/2024:06:08:26 -0500] "GET /sipse/faces/javax.faces.resource/layout/layout.js?ln=primefaces&v=4.0 HTTP/1.1" 304 -
181.32.216.15 - - [06/Mar/2024:06:08:33 -0500] "GET /sipse/faces/javax.faces.resource/primefaces.css?ln=primefaces&v=4.0 HTTP/1.1" 304 -
181.32.216.15 - - [06/Mar/2024:06:08:33 -0500] "GET /sipse/faces/javax.faces.resource/theme.css?ln=primefaces-sipse HTTP/1.1" 304 -
181.32.216.15 - - [06/Mar/2024:06:08:33 -0500] "GET /sipse/faces/javax.faces.resource/jquery/jquery.js?ln=primefaces&v=4.0 HTTP/1.1" 304 -
181.32.216.15 - - [06/Mar/2024:06:08:33 -0500] "GET /sipse/faces/javax.faces.resource/layout/layout.css?ln=primefaces&v=4.0 HTTP/1.1" 304 -
181.32.216.15 - - [06/Mar/2024:06:08:33 -0500] "GET /sipse/faces/javax.faces.resource/jquery/jquery-plugins.js?ln=primefaces&v=4.0 HTTP/1.1" 304 -
181.32.216.15 - - [06/Mar/2024:06:08:33 -0500] "GET /sipse/faces/javax.faces.resource/primefaces.js?ln=primefaces&v=4.0 HTTP/1.1" 304 -
181.32.216.15 - - [06/Mar/2024:06:08:33 -0500] "GET /sipse/faces/javax.faces.resource/layout/layout.js?ln=primefaces&v=4.0 HTTP/1.1" 304 -
181.32.216.15 - - [06/Mar/2024:06:08:33 -0500] "POST /sipse/faces/presentacion/financiero/estudioPrevio/personalSolicitado/personalSolicitadoSolicitudProceso.xhtml HTTP/1.1" 200 165037
181.32.216.15 - - [06/Mar/2024:06:08:33 -0500] "GET /sipse/faces/javax.faces.resource/dynamiccontent.properties?ln=primefaces&pfdrid=XjOR5%2F%2FfPAZAuY9TpWQeCiM0BhlXxYRBGKi%2FQcXXfeA%3D&pfdrid_c=false HTTP/1.1" 500 383
181.61.157.160 - - [06/Mar/2024:06:08:29 -0500] "POST /sipse/faces/presentacion/financiero/solicitudProceso/consultarSolicitudProceso.xhtml HTTP/1.1" 200 52869
181.61.157.160 - - [06/Mar/2024:06:08:35 -0500] "GET /sipse/faces/javax.faces.resource/theme.css?ln=primefaces-sipse HTTP/1.1" 304 -
181.61.157.160 - - [06/Mar/2024:06:08:35 -0500] "GET /sipse/faces/javax.faces.resource/primefaces.css?ln=primefaces&v=4.0 HTTP/1.1" 304 -
181.61.157.160 - - [06/Mar/2024:06:08:35 -0500] "GET /sipse/faces/javax.faces.resource/layout/layout.css?ln=primefaces&v=4.0 HTTP/1.1" 304 -
181.61.157.160 - - [06/Mar/2024:06:08:35 -0500] "GET /sipse/faces/javax.faces.resource/jquery/jquery.js?ln=primefaces&v=4.0 HTTP/1.1" 304 -
181.61.157.160 - - [06/Mar/2024:06:08:35 -0500] "GET /sipse/faces/javax.faces.resource/jquery/jquery-plugins.js?ln=primefaces&v=4.0 HTTP/1.1" 304 -
181.61.157.160 - - [06/Mar/2024:06:08:35 -0500] "GET /sipse/faces/javax.faces.resource/primefaces.js?ln=primefaces&v=4.0 HTTP/1.1" 304 -
181.61.157.160 - - [06/Mar/2024:06:08:35 -0500] "GET /sipse/faces/javax.faces.resource/layout/layout.js?ln=primefaces&v=4.0 HTTP/1.1" 304 -
181.61.157.160 - - [06/Mar/2024:06:08:36 -0500] "POST /sipse/faces/presentacion/financiero/solicitudProceso/listarSolicitudProceso.xhtml HTTP/1.1" 200 1524
181.61.157.160 - - [06/Mar/2024:06:08:39 -0500] "POST /sipse/faces/presentacion/financiero/solicitudProceso/listarSolicitudProceso.xhtml HTTP/1.1" 200 19604
3.224.220.101 - - [06/Mar/2024:06:08:40 -0500] "GET /BLA/resoluciones/index.php?dir=RESOLUCIONES%202004/RES%202004%201951-2000/&order=asc&sort=name HTTP/1.1" 200 12355
181.32.216.15 - - [06/Mar/2024:06:08:41 -0500] "POST /sipse/faces/presentacion/financiero/solicitudProceso/consultarSolicitudProceso.xhtml HTTP/1.1" 200 21243
181.32.216.15 - - [06/Mar/2024:06:08:41 -0500] "GET /sipse/faces/javax.faces.resource/theme.css?ln=primefaces-sipse HTTP/1.1" 304 -
181.32.216.15 - - [06/Mar/2024:06:08:41 -0500] "GET /sipse/faces/javax.faces.resource/primefaces.css?ln=primefaces&v=4.0 HTTP/1.1" 304 -
181.32.216.15 - - [06/Mar/2024:06:08:41 -0500] "GET /sipse/faces/javax.faces.resource/layout/layout.css?ln=primefaces&v=4.0 HTTP/1.1" 304 -
181.32.216.15 - - [06/Mar/2024:06:08:41 -0500] "GET /sipse/faces/javax.faces.resource/jquery/jquery.js?ln=primefaces&v=4.0 HTTP/1.1" 304 -
181.32.216.15 - - [06/Mar/2024:06:08:41 -0500] "GET /sipse/faces/javax.faces.resource/fileupload/fileupload.css?ln=primefaces&v=4.0 HTTP/1.1" 304 -
181.32.216.15 - - [06/Mar/2024:06:08:41 -0500] "GET /sipse/faces/javax.faces.resource/primefaces.js?ln=primefaces&v=4.0 HTTP/1.1" 304 -
181.32.216.15 - - [06/Mar/2024:06:08:41 -0500] "GET /sipse/faces/javax.faces.resource/jquery/jquery-plugins.js?ln=primefaces&v=4.0 HTTP/1.1" 304 -
181.32.216.15 - - [06/Mar/2024:06:08:41 -0500] "GET /sipse/faces/javax.faces.resource/layout/layout.js?ln=primefaces&v=4.0 HTTP/1.1" 304 -
181.32.216.15 - - [06/Mar/2024:06:08:41 -0500] "GET /sipse/faces/javax.faces.resource/fileupload/fileupload.js?ln=primefaces&v=4.0 HTTP/1.1" 304 -
52.70.240.171 - - [06/Mar/2024:06:08:44 -0500] "GET /BLA/resoluciones/index.php?dir=RESOLUCIONES%202004/RES%202004%201951-2000/&order=asc&sort=size HTTP/1.1" 200 12355
181.61.157.160 - - [06/Mar/2024:06:08:49 -0500] "POST /sipse/faces/presentacion/financiero/solicitudProceso/listarSolicitudProceso.xhtml HTTP/1.1" 200 144131
181.61.157.160 - - [06/Mar/2024:06:08:50 -0500] "GET /sipse/faces/javax.faces.resource/theme.css?ln=primefaces-sipse HTTP/1.1" 304 -
181.61.157.160 - - [06/Mar/2024:06:08:50 -0500] "GET /sipse/faces/javax.faces.resource/primefaces.css?ln=primefaces&v=4.0 HTTP/1.1" 304 -
181.61.157.160 - - [06/Mar/2024:06:08:50 -0500] "GET /sipse/faces/javax.faces.resource/layout/layout.css?ln=primefaces&v=4.0 HTTP/1.1" 304 -
181.61.157.160 - - [06/Mar/2024:06:08:50 -0500] "GET /sipse/faces/javax.faces.resource/jquery/jquery.js?ln=primefaces&v=4.0 HTTP/1.1" 304 -
181.61.157.160 - - [06/Mar/2024:06:08:50 -0500] "GET /sipse/faces/javax.faces.resource/jquery/jquery-plugins.js?ln=primefaces&v=4.0 HTTP/1.1" 304 -
181.61.157.160 - - [06/Mar/2024:06:08:50 -0500] "GET /sipse/faces/javax.faces.resource/primefaces.js?ln=primefaces&v=4.0 HTTP/1.1" 304 -
181.61.157.160 - - [06/Mar/2024:06:08:50 -0500] "GET /sipse/faces/javax.faces.resource/layout/layout.js?ln=primefaces&v=4.0 HTTP/1.1" 304 -
181.61.157.160 - - [06/Mar/2024:06:08:51 -0500] "GET /sipse/faces/javax.faces.resource/dynamiccontent.properties?ln=primefaces&pfdrid=XjOR5%2F%2FfPAZAuY9TpWQeCiM0BhlXxYRBGKi%2FQcXXfeA%3D&pfdrid_c=false HTTP/1.1" 500 383
3.224.220.101 - - [06/Mar/2024:06:08:52 -0500] "GET /BLA/resoluciones/index.php?dir=RESOLUCIONES%202004/RES%202004%201951-2000/&order=desc&sort=size HTTP/1.1" 200 12354
181.32.216.15 - - [06/Mar/2024:06:08:53 -0500] "GET /sipse/faces/javax.faces.resource/layout/layout.css?ln=primefaces&v=4.0 HTTP/1.1" 304 -
181.32.216.15 - - [06/Mar/2024:06:08:53 -0500] "GET /sipse/faces/javax.faces.resource/theme.css?ln=primefaces-sipse HTTP/1.1" 304 -
181.32.216.15 - - [06/Mar/2024:06:08:53 -0500] "GET /sipse/faces/javax.faces.resource/primefaces.css?ln=primefaces&v=4.0 HTTP/1.1" 304 -
181.32.216.15 - - [06/Mar/2024:06:08:53 -0500] "GET /sipse/faces/javax.faces.resource/jquery/jquery-plugins.js?ln=primefaces&v=4.0 HTTP/1.1" 304 -
181.32.216.15 - - [06/Mar/2024:06:08:53 -0500] "GET /sipse/faces/javax.faces.resource/jquery/jquery.js?ln=primefaces&v=4.0 HTTP/1.1" 304 -
181.32.216.15 - - [06/Mar/2024:06:08:53 -0500] "GET /sipse/faces/javax.faces.resource/primefaces.js?ln=primefaces&v=4.0 HTTP/1.1" 304 -
181.32.216.15 - - [06/Mar/2024:06:08:53 -0500] "GET /sipse/faces/javax.faces.resource/layout/layout.js?ln=primefaces&v=4.0 HTTP/1.1" 304 -
181.32.216.15 - - [06/Mar/2024:06:08:52 -0500] "POST /sipse/faces/presentacion/sistema/anexos/cargarAnexoSolicitudProceso.xhtml HTTP/1.1" 200 166841
181.32.216.15 - - [06/Mar/2024:06:08:53 -0500] "GET /sipse/faces/javax.faces.resource/dynamiccontent.properties?ln=primefaces&pfdrid=XjOR5%2F%2FfPAZAuY9TpWQeCiM0BhlXxYRBGKi%2FQcXXfeA%3D&pfdrid_c=false HTTP/1.1" 500 383
172.22.2.4 - - [06/Mar/2024:06:07:15 -0500] "HEAD /BLA/boletinlegal/ HTTP/1.1" 200 -
3.224.220.101 - - [06/Mar/2024:06:08:56 -0500] "GET /BLA/resoluciones/index.php?dir=RESOLUCIONES%202004/RES%202004%201951-2000/&order=desc&sort=name HTTP/1.1" 200 12354
181.61.157.160 - - [06/Mar/2024:06:08:56 -0500] "GET /sipse/faces/javax.faces.resource/theme.css?ln=primefaces-sipse HTTP/1.1" 304 -
181.61.157.160 - - [06/Mar/2024:06:08:56 -0500] "GET /sipse/faces/javax.faces.resource/primefaces.css?ln=primefaces&v=4.0 HTTP/1.1" 304 -
181.61.157.160 - - [06/Mar/2024:06:08:56 -0500] "GET /sipse/faces/javax.faces.resource/jquery/jquery.js?ln=primefaces&v=4.0 HTTP/1.1" 304 -
181.61.157.160 - - [06/Mar/2024:06:08:56 -0500] "GET /sipse/faces/javax.faces.resource/layout/layout.css?ln=primefaces&v=4.0 HTTP/1.1" 304 -
181.61.157.160 - - [06/Mar/2024:06:08:56 -0500] "GET /sipse/faces/javax.faces.resource/jquery/jquery-plugins.js?ln=primefaces&v=4.0 HTTP/1.1" 304 -
181.61.157.160 - - [06/Mar/2024:06:08:56 -0500] "GET /sipse/faces/javax.faces.resource/primefaces.js?ln=primefaces&v=4.0 HTTP/1.1" 304 -
181.61.157.160 - - [06/Mar/2024:06:08:56 -0500] "GET /sipse/faces/javax.faces.resource/layout/layout.js?ln=primefaces&v=4.0 HTTP/1.1" 304 -
181.61.157.160 - - [06/Mar/2024:06:08:55 -0500] "POST /sipse/faces/presentacion/financiero/solicitudProceso/consultarSolicitudProceso.xhtml HTTP/1.1" 200 32097
3.224.220.101 - - [06/Mar/2024:06:09:00 -0500] "GET /BLA/resoluciones/index.php?dir=RESOLUCIONES%202004/RES%202004%201901-1950/ HTTP/1.1" 200 12350
52.70.240.171 - - [06/Mar/2024:06:09:06 -0500] "GET /BLA/resoluciones/RESOLUCIONES%202004/RES%202004%201901-1950/INDEX.DAT HTTP/1.1" 200 2000
181.61.157.160 - - [06/Mar/2024:06:09:03 -0500] "POST /sipse/faces/presentacion/financiero/solicitudProceso/consultarHistorialSolProceso.xhtml HTTP/1.1" 200 189877
181.61.157.160 - - [06/Mar/2024:06:09:09 -0500] "GET /sipse/faces/javax.faces.resource/theme.css?ln=primefaces-sipse HTTP/1.1" 304 -
181.61.157.160 - - [06/Mar/2024:06:09:09 -0500] "GET /sipse/faces/javax.faces.resource/layout/layout.css?ln=primefaces&v=4.0 HTTP/1.1" 304 -
181.61.157.160 - - [06/Mar/2024:06:09:09 -0500] "GET /sipse/faces/javax.faces.resource/layout/layout.js?ln=primefaces&v=4.0 HTTP/1.1" 304 -
181.61.157.160 - - [06/Mar/2024:06:09:09 -0500] "GET /sipse/faces/javax.faces.resource/primefaces.css?ln=primefaces&v=4.0 HTTP/1.1" 304 -
181.61.157.160 - - [06/Mar/2024:06:09:09 -0500] "GET /sipse/faces/javax.faces.resource/primefaces.js?ln=primefaces&v=4.0 HTTP/1.1" 304 -
181.61.157.160 - - [06/Mar/2024:06:09:09 -0500] "GET /sipse/faces/javax.faces.resource/jquery/jquery-plugins.js?ln=primefaces&v=4.0 HTTP/1.1" 304 -
181.61.157.160 - - [06/Mar/2024:06:09:09 -0500] "GET /sipse/faces/javax.faces.resource/jquery/jquery.js?ln=primefaces&v=4.0 HTTP/1.1" 304 -
181.61.157.160 - - [06/Mar/2024:06:09:10 -0500] "GET /sipse/faces/javax.faces.resource/dynamiccontent.properties?ln=primefaces&pfdrid=XjOR5%2F%2FfPAZAuY9TpWQeCiM0BhlXxYRBGKi%2FQcXXfeA%3D&pfdrid_c=false HTTP/1.1" 500 383
181.32.216.15 - - [06/Mar/2024:06:09:18 -0500] "POST /sipse/faces/presentacion/financiero/solicitudProceso/consultarSolicitudProceso.xhtml HTTP/1.1" 200 25054
181.32.216.15 - - [06/Mar/2024:06:09:18 -0500] "GET /sipse/faces/javax.faces.resource/theme.css?ln=primefaces-sipse HTTP/1.1" 304 -
181.32.216.15 - - [06/Mar/2024:06:09:18 -0500] "GET /sipse/faces/javax.faces.resource/primefaces.css?ln=primefaces&v=4.0 HTTP/1.1" 304 -
181.32.216.15 - - [06/Mar/2024:06:09:18 -0500] "GET /sipse/faces/javax.faces.resource/jquery/jquery.js?ln=primefaces&v=4.0 HTTP/1.1" 304 -
181.32.216.15 - - [06/Mar/2024:06:09:18 -0500] "GET /sipse/faces/javax.faces.resource/layout/layout.css?ln=primefaces&v=4.0 HTTP/1.1" 304 -
181.32.216.15 - - [06/Mar/2024:06:09:18 -0500] "GET /sipse/faces/javax.faces.resource/jquery/jquery-plugins.js?ln=primefaces&v=4.0 HTTP/1.1" 304 -
181.32.216.15 - - [06/Mar/2024:06:09:18 -0500] "GET /sipse/faces/javax.faces.resource/layout/layout.js?ln=primefaces&v=4.0 HTTP/1.1" 304 -
181.32.216.15 - - [06/Mar/2024:06:09:18 -0500] "GET /sipse/faces/javax.faces.resource/primefaces.js?ln=primefaces&v=4.0 HTTP/1.1" 304 -
181.32.216.15 - - [06/Mar/2024:06:09:21 -0500] "GET /sipse/faces/javax.faces.resource/theme.css?ln=primefaces-sipse HTTP/1.1" 304 -
181.32.216.15 - - [06/Mar/2024:06:09:21 -0500] "GET /sipse/faces/javax.faces.resource/primefaces.css?ln=primefaces&v=4.0 HTTP/1.1" 304 -
181.32.216.15 - - [06/Mar/2024:06:09:21 -0500] "GET /sipse/faces/javax.faces.resource/layout/layout.css?ln=primefaces&v=4.0 HTTP/1.1" 304 -
181.32.216.15 - - [06/Mar/2024:06:09:21 -0500] "GET /sipse/faces/javax.faces.resource/jquery/jquery-plugins.js?ln=primefaces&v=4.0 HTTP/1.1" 304 -
181.32.216.15 - - [06/Mar/2024:06:09:21 -0500] "GET /sipse/faces/javax.faces.resource/jquery/jquery.js?ln=primefaces&v=4.0 HTTP/1.1" 304 -
181.32.216.15 - - [06/Mar/2024:06:09:21 -0500] "GET /sipse/faces/javax.faces.resource/primefaces.js?ln=primefaces&v=4.0 HTTP/1.1" 304 -
181.32.216.15 - - [06/Mar/2024:06:09:21 -0500] "GET /sipse/faces/javax.faces.resource/layout/layout.js?ln=primefaces&v=4.0 HTTP/1.1" 304 -
181.32.216.15 - - [06/Mar/2024:06:09:21 -0500] "POST /sipse/faces/presentacion/financiero/solicitudProceso/consultarHistorialSolProceso.xhtml HTTP/1.1" 200 166841
