52.70.240.171 - - [06/Mar/2024:01:19:05 -0500] "GET /BLA/resoluciones/RESOLUCIONES%202007/RES%202007%203601%20AL%203700/RESOLUCION%203679%20DE%202007.pdf HTTP/1.1" 200 197043
52.70.240.171 - - [06/Mar/2024:01:19:09 -0500] "GET /BLA/resoluciones/RESOLUCIONES%202007/RES%202007%203601%20AL%203700/RESOLUCION%203678%20DE%202007.pdf HTTP/1.1" 200 266589
191.107.131.132 - - [06/Mar/2024:01:19:12 -0500] "POST /sipse/faces/presentacion/financiero/solicitudProceso/crearModificarSolicitudProceso.xhtml HTTP/1.1" 200 7378
23.22.35.162 - - [06/Mar/2024:01:19:13 -0500] "GET /BLA/resoluciones/RESOLUCIONES%202007/RES%202007%203601%20AL%203700/RESOLUCION%203677%20DE%202007.pdf HTTP/1.1" 200 80357
201.245.192.253 - - [06/Mar/2024:01:19:12 -0500] "POST /kwsrmcab/Wsrmcab HTTP/1.1" 200 37785
201.245.192.253 - - [06/Mar/2024:01:19:15 -0500] "POST /kwsrmcab/Wsrmcab HTTP/1.1" 200 37911
23.22.35.162 - - [06/Mar/2024:01:19:17 -0500] "GET /BLA/resoluciones/RESOLUCIONES%202007/RES%202007%203601%20AL%203700/RESOLUCION%203676%20DE%202007.pdf HTTP/1.1" 200 90953
3.224.220.101 - - [06/Mar/2024:01:19:21 -0500] "GET /BLA/resoluciones/RESOLUCIONES%202007/RES%202007%203601%20AL%203700/RESOLUCION%203675%20DE%202007.pdf HTTP/1.1" 200 751497
52.70.240.171 - - [06/Mar/2024:01:19:25 -0500] "GET /BLA/resoluciones/RESOLUCIONES%202007/RES%202007%203601%20AL%203700/RESOLUCION%203674%20DE%202007.pdf HTTP/1.1" 200 2012620
3.224.220.101 - - [06/Mar/2024:01:19:29 -0500] "GET /BLA/resoluciones/RESOLUCIONES%202007/RES%202007%203601%20AL%203700/RESOLUCION%203672%20DE%202007.pdf HTTP/1.1" 200 336713
191.107.131.132 - - [06/Mar/2024:01:19:32 -0500] "POST /sipse/faces/presentacion/financiero/solicitudProceso/crearModificarSolicitudProceso.xhtml HTTP/1.1" 200 24673
191.107.131.132 - - [06/Mar/2024:01:19:32 -0500] "GET /sipse/faces/javax.faces.resource/theme.css?ln=primefaces-sipse HTTP/1.1" 304 -
191.107.131.132 - - [06/Mar/2024:01:19:32 -0500] "GET /sipse/faces/javax.faces.resource/primefaces.css?ln=primefaces&v=4.0 HTTP/1.1" 304 -
191.107.131.132 - - [06/Mar/2024:01:19:32 -0500] "GET /sipse/faces/javax.faces.resource/jquery/jquery-plugins.js?ln=primefaces&v=4.0 HTTP/1.1" 304 -
191.107.131.132 - - [06/Mar/2024:01:19:32 -0500] "GET /sipse/faces/javax.faces.resource/layout/layout.css?ln=primefaces&v=4.0 HTTP/1.1" 304 -
191.107.131.132 - - [06/Mar/2024:01:19:32 -0500] "GET /sipse/faces/javax.faces.resource/layout/layout.js?ln=primefaces&v=4.0 HTTP/1.1" 304 -
191.107.131.132 - - [06/Mar/2024:01:19:32 -0500] "GET /sipse/faces/javax.faces.resource/jquery/jquery.js?ln=primefaces&v=4.0 HTTP/1.1" 304 -
191.107.131.132 - - [06/Mar/2024:01:19:32 -0500] "GET /sipse/faces/javax.faces.resource/primefaces.js?ln=primefaces&v=4.0 HTTP/1.1" 304 -
201.245.192.253 - - [06/Mar/2024:01:19:31 -0500] "POST /kwsrmcab/Wsrmcab HTTP/1.1" 200 37800
3.224.220.101 - - [06/Mar/2024:01:19:33 -0500] "GET /BLA/resoluciones/RESOLUCIONES%202007/RES%202007%203601%20AL%203700/RESOLUCION%203671%20DE%202007.pdf HTTP/1.1" 200 12898755
52.70.240.171 - - [06/Mar/2024:01:19:37 -0500] "GET /BLA/resoluciones/RESOLUCIONES%202007/RES%202007%203601%20AL%203700/RESOLUCION%203670%20DE%202007.pdf HTTP/1.1" 200 176565
52.70.240.171 - - [06/Mar/2024:01:19:41 -0500] "GET /BLA/resoluciones/RESOLUCIONES%202007/RES%202007%203601%20AL%203700/RESOLUCION%203669%20DE%202007.pdf HTTP/1.1" 200 80100
3.224.220.101 - - [06/Mar/2024:01:19:45 -0500] "GET /BLA/resoluciones/RESOLUCIONES%202007/RES%202007%203601%20AL%203700/RESOLUCION%203668%20DE%202007.pdf HTTP/1.1" 200 168732
3.224.220.101 - - [06/Mar/2024:01:19:49 -0500] "GET /BLA/resoluciones/RESOLUCIONES%202007/RES%202007%203601%20AL%203700/RESOLUCION%203667%20DE%202007.pdf HTTP/1.1" 200 189982
23.22.35.162 - - [06/Mar/2024:01:19:53 -0500] "GET /BLA/resoluciones/RESOLUCIONES%202007/RES%202007%203601%20AL%203700/RESOLUCION%203666%20DE%202007.pdf HTTP/1.1" 200 304660
23.22.35.162 - - [06/Mar/2024:01:19:57 -0500] "GET /BLA/resoluciones/RESOLUCIONES%202007/RES%202007%203601%20AL%203700/RESOLUCION%203665%20DE%202007.pdf HTTP/1.1" 200 132808
3.224.220.101 - - [06/Mar/2024:01:20:01 -0500] "GET /BLA/resoluciones/RESOLUCIONES%202007/RES%202007%203601%20AL%203700/RESOLUCION%203664%20DE%202007.pdf HTTP/1.1" 200 535401
191.107.131.132 - - [06/Mar/2024:01:20:03 -0500] "POST /sipse/faces/presentacion/financiero/solicitudProyectoActividad/asociarProyectoSolicitud.xhtml HTTP/1.1" 200 6543
52.70.240.171 - - [06/Mar/2024:01:20:05 -0500] "GET /BLA/resoluciones/RESOLUCIONES%202007/RES%202007%203601%20AL%203700/RESOLUCION%203663%20DE%202007.pdf HTTP/1.1" 200 602323
191.107.131.132 - - [06/Mar/2024:01:20:06 -0500] "POST /sipse/faces/presentacion/financiero/solicitudProyectoActividad/asociarProyectoSolicitud.xhtml HTTP/1.1" 200 1696
201.245.192.253 - - [06/Mar/2024:01:20:06 -0500] "POST /kwsrmcab/Wsrmcab HTTP/1.1" 200 37911
23.22.35.162 - - [06/Mar/2024:01:20:09 -0500] "GET /BLA/resoluciones/RESOLUCIONES%202007/RES%202007%203601%20AL%203700/RESOLUCION%203662%20DE%202007.pdf HTTP/1.1" 200 674847
216.245.221.92 - - [06/Mar/2024:01:20:09 -0500] "HEAD / HTTP/1.1" 200 -
191.107.131.132 - - [06/Mar/2024:01:20:09 -0500] "POST /sipse/faces/presentacion/financiero/solicitudProyectoActividad/asociarProyectoSolicitud.xhtml HTTP/1.1" 200 75079
191.107.131.132 - - [06/Mar/2024:01:20:09 -0500] "GET /sipse/faces/javax.faces.resource/theme.css?ln=primefaces-sipse HTTP/1.1" 304 -
191.107.131.132 - - [06/Mar/2024:01:20:09 -0500] "GET /sipse/faces/javax.faces.resource/layout/layout.css?ln=primefaces&v=4.0 HTTP/1.1" 304 -
191.107.131.132 - - [06/Mar/2024:01:20:09 -0500] "GET /sipse/faces/javax.faces.resource/primefaces.css?ln=primefaces&v=4.0 HTTP/1.1" 304 -
191.107.131.132 - - [06/Mar/2024:01:20:09 -0500] "GET /sipse/faces/javax.faces.resource/jquery/jquery.js?ln=primefaces&v=4.0 HTTP/1.1" 304 -
191.107.131.132 - - [06/Mar/2024:01:20:09 -0500] "GET /sipse/faces/javax.faces.resource/jquery/jquery-plugins.js?ln=primefaces&v=4.0 HTTP/1.1" 304 -
191.107.131.132 - - [06/Mar/2024:01:20:09 -0500] "GET /sipse/faces/javax.faces.resource/primefaces.js?ln=primefaces&v=4.0 HTTP/1.1" 304 -
191.107.131.132 - - [06/Mar/2024:01:20:09 -0500] "GET /sipse/faces/javax.faces.resource/layout/layout.js?ln=primefaces&v=4.0 HTTP/1.1" 304 -
3.224.220.101 - - [06/Mar/2024:01:20:13 -0500] "GET /BLA/resoluciones/RESOLUCIONES%202007/RES%202007%203601%20AL%203700/RESOLUCION%203661%20DE%202007.pdf HTTP/1.1" 200 858622
3.224.220.101 - - [06/Mar/2024:01:20:17 -0500] "GET /BLA/resoluciones/RESOLUCIONES%202007/RES%202007%203601%20AL%203700/RESOLUCION%203660%20DE%202007.pdf HTTP/1.1" 200 344496
52.70.240.171 - - [06/Mar/2024:01:20:21 -0500] "GET /BLA/resoluciones/RESOLUCIONES%202007/RES%202007%203601%20AL%203700/RESOLUCION%203659%20DE%202007.pdf HTTP/1.1" 200 709579
3.224.220.101 - - [06/Mar/2024:01:20:25 -0500] "GET /BLA/resoluciones/RESOLUCIONES%202007/RES%202007%203601%20AL%203700/RESOLUCION%203658%20DE%202007.pdf HTTP/1.1" 200 1139557
3.224.220.101 - - [06/Mar/2024:01:20:29 -0500] "GET /BLA/resoluciones/RESOLUCIONES%202007/RES%202007%203601%20AL%203700/RESOLUCION%203657%20DE%202007.pdf HTTP/1.1" 200 382465
52.70.240.171 - - [06/Mar/2024:01:20:33 -0500] "GET /BLA/resoluciones/RESOLUCIONES%202007/RES%202007%203601%20AL%203700/RESOLUCION%203656%20DE%202007.pdf HTTP/1.1" 200 613712
191.107.131.132 - - [06/Mar/2024:01:20:37 -0500] "POST /sipse/faces/presentacion/financiero/solicitudProyectoActividad/asociarActividadSolicitud.xhtml HTTP/1.1" 200 20187
191.107.131.132 - - [06/Mar/2024:01:20:37 -0500] "GET /sipse/faces/javax.faces.resource/theme.css?ln=primefaces-sipse HTTP/1.1" 304 -
191.107.131.132 - - [06/Mar/2024:01:20:37 -0500] "GET /sipse/faces/javax.faces.resource/layout/layout.css?ln=primefaces&v=4.0 HTTP/1.1" 304 -
191.107.131.132 - - [06/Mar/2024:01:20:37 -0500] "GET /sipse/faces/javax.faces.resource/primefaces.css?ln=primefaces&v=4.0 HTTP/1.1" 304 -
191.107.131.132 - - [06/Mar/2024:01:20:37 -0500] "GET /sipse/faces/javax.faces.resource/jquery/jquery.js?ln=primefaces&v=4.0 HTTP/1.1" 304 -
191.107.131.132 - - [06/Mar/2024:01:20:37 -0500] "GET /sipse/faces/javax.faces.resource/jquery/jquery-plugins.js?ln=primefaces&v=4.0 HTTP/1.1" 304 -
191.107.131.132 - - [06/Mar/2024:01:20:37 -0500] "GET /sipse/faces/javax.faces.resource/primefaces.js?ln=primefaces&v=4.0 HTTP/1.1" 304 -
191.107.131.132 - - [06/Mar/2024:01:20:37 -0500] "GET /sipse/faces/javax.faces.resource/layout/layout.js?ln=primefaces&v=4.0 HTTP/1.1" 304 -
23.22.35.162 - - [06/Mar/2024:01:20:37 -0500] "GET /BLA/resoluciones/RESOLUCIONES%202007/RES%202007%203601%20AL%203700/RESOLUCION%203655%20DE%202007.pdf HTTP/1.1" 200 628631
185.180.143.7 - - [06/Mar/2024:01:20:38 -0500] "GET /js/NewWindow_2_all.js HTTP/1.1" 404 1018
3.224.220.101 - - [06/Mar/2024:01:20:41 -0500] "GET /BLA/resoluciones/RESOLUCIONES%202007/RES%202007%203601%20AL%203700/RESOLUCION%203654%20DE%202007.pdf HTTP/1.1" 200 339337
52.70.240.171 - - [06/Mar/2024:01:20:46 -0500] "GET /BLA/resoluciones/RESOLUCIONES%202007/RES%202007%203601%20AL%203700/RESOLUCION%203653%20DE%202007.pdf HTTP/1.1" 200 640040
52.70.240.171 - - [06/Mar/2024:01:20:49 -0500] "GET /BLA/resoluciones/RESOLUCIONES%202007/RES%202007%203601%20AL%203700/RESOLUCION%203652%20DE%202007.pdf HTTP/1.1" 200 509971
52.70.240.171 - - [06/Mar/2024:01:20:53 -0500] "GET /BLA/resoluciones/RESOLUCIONES%202007/RES%202007%203601%20AL%203700/RESOLUCION%203651%20DE%202007.pdf HTTP/1.1" 200 308890
191.107.131.132 - - [06/Mar/2024:01:20:56 -0500] "GET /sipse/faces/javax.faces.resource/theme.css?ln=primefaces-sipse HTTP/1.1" 304 -
191.107.131.132 - - [06/Mar/2024:01:20:56 -0500] "GET /sipse/faces/javax.faces.resource/primefaces.css?ln=primefaces&v=4.0 HTTP/1.1" 304 -
191.107.131.132 - - [06/Mar/2024:01:20:56 -0500] "GET /sipse/faces/javax.faces.resource/layout/layout.css?ln=primefaces&v=4.0 HTTP/1.1" 304 -
191.107.131.132 - - [06/Mar/2024:01:20:56 -0500] "GET /sipse/faces/javax.faces.resource/jquery/jquery.js?ln=primefaces&v=4.0 HTTP/1.1" 304 -
191.107.131.132 - - [06/Mar/2024:01:20:56 -0500] "GET /sipse/faces/javax.faces.resource/jquery/jquery-plugins.js?ln=primefaces&v=4.0 HTTP/1.1" 304 -
191.107.131.132 - - [06/Mar/2024:01:20:56 -0500] "GET /sipse/faces/javax.faces.resource/primefaces.js?ln=primefaces&v=4.0 HTTP/1.1" 304 -
191.107.131.132 - - [06/Mar/2024:01:20:56 -0500] "GET /sipse/faces/javax.faces.resource/layout/layout.js?ln=primefaces&v=4.0 HTTP/1.1" 304 -
191.107.131.132 - - [06/Mar/2024:01:20:55 -0500] "POST /sipse/faces/presentacion/financiero/solicitudProyectoActividad/asociarFuentesSolicitud.xhtml HTTP/1.1" 200 83222
52.70.240.171 - - [06/Mar/2024:01:20:57 -0500] "GET /BLA/resoluciones/RESOLUCIONES%202007/RES%202007%203601%20AL%203700/RESOLUCION%203650%20DE%202007.pdf HTTP/1.1" 200 314948
23.22.35.162 - - [06/Mar/2024:01:21:01 -0500] "GET /BLA/resoluciones/RESOLUCIONES%202007/RES%202007%203601%20AL%203700/RESOLUCION%203649%20DE%202007.pdf HTTP/1.1" 200 560133
52.70.240.171 - - [06/Mar/2024:01:21:05 -0500] "GET /BLA/resoluciones/RESOLUCIONES%202007/RES%202007%203601%20AL%203700/RESOLUCION%203648%20DE%202007.pdf HTTP/1.1" 200 298700
3.224.220.101 - - [06/Mar/2024:01:21:09 -0500] "GET /BLA/resoluciones/RESOLUCIONES%202007/RES%202007%203601%20AL%203700/RESOLUCION%203647%20DE%202007.pdf HTTP/1.1" 200 201180
52.167.144.189 - - [06/Mar/2024:01:21:13 -0500] "GET /reportes_sipse/ HTTP/1.1" 200 2935
3.224.220.101 - - [06/Mar/2024:01:21:13 -0500] "GET /BLA/resoluciones/RESOLUCIONES%202007/RES%202007%203601%20AL%203700/RESOLUCION%203646%20DE%202007.pdf HTTP/1.1" 200 200559
191.107.131.132 - - [06/Mar/2024:01:21:06 -0500] "POST /sipse/faces/presentacion/financiero/solicitudProceso/crearModificarSolicitudProceso.xhtml HTTP/1.1" 200 45626
191.107.131.132 - - [06/Mar/2024:01:21:16 -0500] "GET /sipse/faces/javax.faces.resource/theme.css?ln=primefaces-sipse HTTP/1.1" 304 -
191.107.131.132 - - [06/Mar/2024:01:21:16 -0500] "GET /sipse/faces/javax.faces.resource/primefaces.css?ln=primefaces&v=4.0 HTTP/1.1" 304 -
191.107.131.132 - - [06/Mar/2024:01:21:16 -0500] "GET /sipse/faces/javax.faces.resource/layout/layout.css?ln=primefaces&v=4.0 HTTP/1.1" 304 -
191.107.131.132 - - [06/Mar/2024:01:21:16 -0500] "GET /sipse/faces/javax.faces.resource/primefaces.js?ln=primefaces&v=4.0 HTTP/1.1" 304 -
191.107.131.132 - - [06/Mar/2024:01:21:16 -0500] "GET /sipse/faces/javax.faces.resource/jquery/jquery-plugins.js?ln=primefaces&v=4.0 HTTP/1.1" 304 -
191.107.131.132 - - [06/Mar/2024:01:21:16 -0500] "GET /sipse/faces/javax.faces.resource/layout/layout.js?ln=primefaces&v=4.0 HTTP/1.1" 304 -
191.107.131.132 - - [06/Mar/2024:01:21:16 -0500] "GET /sipse/faces/javax.faces.resource/jquery/jquery.js?ln=primefaces&v=4.0 HTTP/1.1" 304 -
23.22.35.162 - - [06/Mar/2024:01:21:17 -0500] "GET /BLA/resoluciones/RESOLUCIONES%202007/RES%202007%203601%20AL%203700/RESOLUCION%203645%20DE%202007.pdf HTTP/1.1" 200 307417
52.70.240.171 - - [06/Mar/2024:01:21:21 -0500] "GET /BLA/resoluciones/RESOLUCIONES%202007/RES%202007%203601%20AL%203700/RESOLUCION%203644%20DE%202007.pdf HTTP/1.1" 200 279712
3.224.220.101 - - [06/Mar/2024:01:21:25 -0500] "GET /BLA/resoluciones/RESOLUCIONES%202007/RES%202007%203601%20AL%203700/RESOLUCION%203643%20DE%202007.pdf HTTP/1.1" 200 165884
52.70.240.171 - - [06/Mar/2024:01:21:29 -0500] "GET /BLA/resoluciones/RESOLUCIONES%202007/RES%202007%203601%20AL%203700/RESOLUCION%203642%20DE%202007.pdf HTTP/1.1" 200 385783
23.22.35.162 - - [06/Mar/2024:01:21:33 -0500] "GET /BLA/resoluciones/RESOLUCIONES%202007/RES%202007%203601%20AL%203700/RESOLUCION%203641%20DE%202007.pdf HTTP/1.1" 200 152084
191.107.131.132 - - [06/Mar/2024:01:21:19 -0500] "POST /sipse/faces/presentacion/financiero/solicitudBienServicio/asociarBienServicioSolicitud.xhtml HTTP/1.1" 200 2720
3.224.220.101 - - [06/Mar/2024:01:21:37 -0500] "GET /BLA/resoluciones/RESOLUCIONES%202007/RES%202007%203601%20AL%203700/RESOLUCION%203640%20DE%202007.pdf HTTP/1.1" 200 188992
52.70.240.171 - - [06/Mar/2024:01:21:41 -0500] "GET /BLA/resoluciones/RESOLUCIONES%202007/RES%202007%203601%20AL%203700/RESOLUCION%203639%20DE%202007.pdf HTTP/1.1" 200 69795
3.224.220.101 - - [06/Mar/2024:01:21:45 -0500] "GET /BLA/resoluciones/RESOLUCIONES%202007/RES%202007%203601%20AL%203700/RESOLUCION%203638%20DE%202007.pdf HTTP/1.1" 200 396048
40.77.167.24 - - [06/Mar/2024:01:21:48 -0500] "GET /Publicaciones/2024EE39205.pdf HTTP/1.1" 404 227
52.70.240.171 - - [06/Mar/2024:01:21:49 -0500] "GET /BLA/resoluciones/RESOLUCIONES%202007/RES%202007%203601%20AL%203700/RESOLUCION%203637%20DE%202007.pdf HTTP/1.1" 200 48864
191.107.131.132 - - [06/Mar/2024:01:21:52 -0500] "POST /sipse/faces/presentacion/financiero/solicitudBienServicio/asociarBienServicioSolicitud.xhtml HTTP/1.1" 200 78922
191.107.131.132 - - [06/Mar/2024:01:21:52 -0500] "GET /sipse/faces/javax.faces.resource/theme.css?ln=primefaces-sipse HTTP/1.1" 304 -
191.107.131.132 - - [06/Mar/2024:01:21:52 -0500] "GET /sipse/faces/javax.faces.resource/layout/layout.css?ln=primefaces&v=4.0 HTTP/1.1" 304 -
191.107.131.132 - - [06/Mar/2024:01:21:52 -0500] "GET /sipse/faces/javax.faces.resource/primefaces.css?ln=primefaces&v=4.0 HTTP/1.1" 304 -
191.107.131.132 - - [06/Mar/2024:01:21:52 -0500] "GET /sipse/faces/javax.faces.resource/jquery/jquery.js?ln=primefaces&v=4.0 HTTP/1.1" 304 -
191.107.131.132 - - [06/Mar/2024:01:21:52 -0500] "GET /sipse/faces/javax.faces.resource/jquery/jquery-plugins.js?ln=primefaces&v=4.0 HTTP/1.1" 304 -
191.107.131.132 - - [06/Mar/2024:01:21:52 -0500] "GET /sipse/faces/javax.faces.resource/primefaces.js?ln=primefaces&v=4.0 HTTP/1.1" 304 -
191.107.131.132 - - [06/Mar/2024:01:21:52 -0500] "GET /sipse/faces/javax.faces.resource/layout/layout.js?ln=primefaces&v=4.0 HTTP/1.1" 304 -
52.70.240.171 - - [06/Mar/2024:01:21:53 -0500] "GET /BLA/resoluciones/RESOLUCIONES%202007/RES%202007%203601%20AL%203700/RESOLUCION%203636%20DE%202007.pdf HTTP/1.1" 200 267106
52.70.240.171 - - [06/Mar/2024:01:21:57 -0500] "GET /BLA/resoluciones/RESOLUCIONES%202007/RES%202007%203601%20AL%203700/RESOLUCION%203635%20DE%202007.pdf HTTP/1.1" 200 1775802
3.224.220.101 - - [06/Mar/2024:01:22:01 -0500] "GET /BLA/resoluciones/RESOLUCIONES%202007/RES%202007%203601%20AL%203700/RESOLUCION%203634%20DE%202007.pdf HTTP/1.1" 200 241583
23.22.35.162 - - [06/Mar/2024:01:22:05 -0500] "GET /BLA/resoluciones/RESOLUCIONES%202007/RES%202007%203601%20AL%203700/RESOLUCION%203633%20DE%202007.pdf HTTP/1.1" 200 1159489
191.107.131.132 - - [06/Mar/2024:01:22:03 -0500] "POST /sipse/faces/presentacion/financiero/solicitudProceso/crearModificarSolicitudProceso.xhtml HTTP/1.1" 200 64030
191.107.131.132 - - [06/Mar/2024:01:22:06 -0500] "GET /sipse/faces/javax.faces.resource/primefaces.css?ln=primefaces&v=4.0 HTTP/1.1" 304 -
191.107.131.132 - - [06/Mar/2024:01:22:06 -0500] "GET /sipse/faces/javax.faces.resource/theme.css?ln=primefaces-sipse HTTP/1.1" 304 -
191.107.131.132 - - [06/Mar/2024:01:22:06 -0500] "GET /sipse/faces/javax.faces.resource/layout/layout.css?ln=primefaces&v=4.0 HTTP/1.1" 304 -
191.107.131.132 - - [06/Mar/2024:01:22:06 -0500] "GET /sipse/faces/javax.faces.resource/jquery/jquery.js?ln=primefaces&v=4.0 HTTP/1.1" 304 -
191.107.131.132 - - [06/Mar/2024:01:22:06 -0500] "GET /sipse/faces/javax.faces.resource/jquery/jquery-plugins.js?ln=primefaces&v=4.0 HTTP/1.1" 304 -
191.107.131.132 - - [06/Mar/2024:01:22:06 -0500] "GET /sipse/faces/javax.faces.resource/primefaces.js?ln=primefaces&v=4.0 HTTP/1.1" 304 -
191.107.131.132 - - [06/Mar/2024:01:22:06 -0500] "GET /sipse/faces/javax.faces.resource/layout/layout.js?ln=primefaces&v=4.0 HTTP/1.1" 304 -
191.107.131.132 - - [06/Mar/2024:01:22:06 -0500] "POST /sipse/faces/presentacion/financiero/solicitudProceso/listarSolicitudProceso.xhtml HTTP/1.1" 200 1556
52.70.240.171 - - [06/Mar/2024:01:22:09 -0500] "GET /BLA/resoluciones/RESOLUCIONES%202007/RES%202007%203601%20AL%203700/RESOLUCION%203632%20DE%202007.pdf HTTP/1.1" 200 654997
191.107.131.132 - - [06/Mar/2024:01:22:11 -0500] "POST /sipse/faces/presentacion/financiero/solicitudProceso/listarSolicitudProceso.xhtml HTTP/1.1" 200 72675
23.22.35.162 - - [06/Mar/2024:01:22:13 -0500] "GET /BLA/resoluciones/RESOLUCIONES%202007/RES%202007%203601%20AL%203700/RESOLUCION%203631%20DE%202007.pdf HTTP/1.1" 200 400480
191.107.131.132 - - [06/Mar/2024:01:22:13 -0500] "POST /sipse/faces/presentacion/financiero/solicitudProceso/listarSolicitudProceso.xhtml HTTP/1.1" 200 75778
191.107.131.132 - - [06/Mar/2024:01:22:14 -0500] "POST /sipse/faces/presentacion/financiero/solicitudProceso/listarSolicitudProceso.xhtml HTTP/1.1" 200 88101
3.224.220.101 - - [06/Mar/2024:01:22:17 -0500] "GET /BLA/resoluciones/RESOLUCIONES%202007/RES%202007%203601%20AL%203700/RESOLUCION%203630%20DE%202007.pdf HTTP/1.1" 200 1286579
201.245.192.253 - - [06/Mar/2024:01:22:19 -0500] "POST /kwsrmcab/Wsrmcab  HTTP/1.1" 200 39632
3.224.220.101 - - [06/Mar/2024:01:22:21 -0500] "GET /BLA/resoluciones/RESOLUCIONES%202007/RES%202007%203601%20AL%203700/RESOLUCION%203629%20DE%202007.pdf HTTP/1.1" 200 705947
52.70.240.171 - - [06/Mar/2024:01:22:25 -0500] "GET /BLA/resoluciones/RESOLUCIONES%202007/RES%202007%203601%20AL%203700/RESOLUCION%203628%20DE%202007.pdf HTTP/1.1" 200 405560
52.70.240.171 - - [06/Mar/2024:01:22:29 -0500] "GET /BLA/resoluciones/RESOLUCIONES%202007/RES%202007%203601%20AL%203700/RESOLUCION%203627%20DE%202007.pdf HTTP/1.1" 200 656421
23.22.35.162 - - [06/Mar/2024:01:22:33 -0500] "GET /BLA/resoluciones/RESOLUCIONES%202007/RES%202007%203601%20AL%203700/RESOLUCION%203626%20DE%202007.pdf HTTP/1.1" 200 443803
3.224.220.101 - - [06/Mar/2024:01:22:37 -0500] "GET /BLA/resoluciones/RESOLUCIONES%202007/RES%202007%203601%20AL%203700/RESOLUCION%203625%20DE%202007.pdf HTTP/1.1" 200 640070
23.22.35.162 - - [06/Mar/2024:01:22:41 -0500] "GET /BLA/resoluciones/RESOLUCIONES%202007/RES%202007%203601%20AL%203700/RESOLUCION%203624%20DE%202007.pdf HTTP/1.1" 200 1415046
52.70.240.171 - - [06/Mar/2024:01:22:45 -0500] "GET /BLA/resoluciones/RESOLUCIONES%202007/RES%202007%203601%20AL%203700/RESOLUCION%203623%20DE%202007.pdf HTTP/1.1" 200 856087
3.224.220.101 - - [06/Mar/2024:01:22:49 -0500] "GET /BLA/resoluciones/RESOLUCIONES%202007/RES%202007%203601%20AL%203700/RESOLUCION%203622%20DE%202007.pdf HTTP/1.1" 200 769103
191.107.131.132 - - [06/Mar/2024:01:22:48 -0500] "POST /sipse/faces/presentacion/financiero/solicitudProceso/listarSolicitudProceso.xhtml HTTP/1.1" 200 120689
191.107.131.132 - - [06/Mar/2024:01:22:49 -0500] "GET /sipse/faces/javax.faces.resource/theme.css?ln=primefaces-sipse HTTP/1.1" 304 -
191.107.131.132 - - [06/Mar/2024:01:22:49 -0500] "GET /sipse/faces/javax.faces.resource/primefaces.css?ln=primefaces&v=4.0 HTTP/1.1" 304 -
191.107.131.132 - - [06/Mar/2024:01:22:49 -0500] "GET /sipse/faces/javax.faces.resource/layout/layout.css?ln=primefaces&v=4.0 HTTP/1.1" 304 -
191.107.131.132 - - [06/Mar/2024:01:22:49 -0500] "GET /sipse/faces/javax.faces.resource/jquery/jquery.js?ln=primefaces&v=4.0 HTTP/1.1" 304 -
191.107.131.132 - - [06/Mar/2024:01:22:49 -0500] "GET /sipse/faces/javax.faces.resource/jquery/jquery-plugins.js?ln=primefaces&v=4.0 HTTP/1.1" 304 -
191.107.131.132 - - [06/Mar/2024:01:22:49 -0500] "GET /sipse/faces/javax.faces.resource/primefaces.js?ln=primefaces&v=4.0 HTTP/1.1" 304 -
191.107.131.132 - - [06/Mar/2024:01:22:49 -0500] "GET /sipse/faces/javax.faces.resource/layout/layout.js?ln=primefaces&v=4.0 HTTP/1.1" 304 -
191.107.131.132 - - [06/Mar/2024:01:22:49 -0500] "GET /sipse/faces/javax.faces.resource/dynamiccontent.properties?ln=primefaces&pfdrid=XjOR5%2F%2FfPAZAuY9TpWQeCiM0BhlXxYRBGKi%2FQcXXfeA%3D&pfdrid_c=false HTTP/1.1" 500 383
23.22.35.162 - - [06/Mar/2024:01:22:53 -0500] "GET /BLA/resoluciones/RESOLUCIONES%202007/RES%202007%203601%20AL%203700/RESOLUCION%203621%20DE%202007.pdf HTTP/1.1" 200 691400
3.224.220.101 - - [06/Mar/2024:01:22:57 -0500] "GET /BLA/resoluciones/RESOLUCIONES%202007/RES%202007%203601%20AL%203700/RESOLUCION%203620%20DE%202007.pdf HTTP/1.1" 200 628941
3.224.220.101 - - [06/Mar/2024:01:23:01 -0500] "GET /BLA/resoluciones/RESOLUCIONES%202007/RES%202007%203601%20AL%203700/RESOLUCION%203619%20DE%202007.pdf HTTP/1.1" 200 998334
3.224.220.101 - - [06/Mar/2024:01:23:05 -0500] "GET /BLA/resoluciones/RESOLUCIONES%202007/RES%202007%203601%20AL%203700/RESOLUCION%203618%20DE%202007.pdf HTTP/1.1" 200 267136
172.22.2.4 - - [06/Mar/2024:01:21:26 -0500] "HEAD /BLA/boletinlegal/ HTTP/1.1" 200 -
191.107.131.132 - - [06/Mar/2024:01:23:06 -0500] "POST /sipse/faces/presentacion/financiero/solicitudProceso/consultarSolicitudProceso.xhtml HTTP/1.1" 200 46150
191.107.131.132 - - [06/Mar/2024:01:23:06 -0500] "GET /sipse/faces/javax.faces.resource/theme.css?ln=primefaces-sipse HTTP/1.1" 304 -
191.107.131.132 - - [06/Mar/2024:01:23:06 -0500] "GET /sipse/faces/javax.faces.resource/primefaces.css?ln=primefaces&v=4.0 HTTP/1.1" 304 -
191.107.131.132 - - [06/Mar/2024:01:23:06 -0500] "GET /sipse/faces/javax.faces.resource/layout/layout.css?ln=primefaces&v=4.0 HTTP/1.1" 304 -
191.107.131.132 - - [06/Mar/2024:01:23:07 -0500] "GET /sipse/faces/javax.faces.resource/jquery/jquery.js?ln=primefaces&v=4.0 HTTP/1.1" 304 -
191.107.131.132 - - [06/Mar/2024:01:23:07 -0500] "GET /sipse/faces/javax.faces.resource/jquery/jquery-plugins.js?ln=primefaces&v=4.0 HTTP/1.1" 304 -
191.107.131.132 - - [06/Mar/2024:01:23:07 -0500] "GET /sipse/faces/javax.faces.resource/primefaces.js?ln=primefaces&v=4.0 HTTP/1.1" 304 -
191.107.131.132 - - [06/Mar/2024:01:23:07 -0500] "GET /sipse/faces/javax.faces.resource/layout/layout.js?ln=primefaces&v=4.0 HTTP/1.1" 304 -
3.224.220.101 - - [06/Mar/2024:01:23:09 -0500] "GET /BLA/resoluciones/RESOLUCIONES%202007/RES%202007%203601%20AL%203700/RESOLUCION%203617%20DE%202007.pdf HTTP/1.1" 200 400257
191.107.131.132 - - [06/Mar/2024:01:23:10 -0500] "POST /sipse/faces/presentacion/financiero/estudioPrevio/personalSolicitado/personalSolicitadoSolicitudProceso.xhtml HTTP/1.1" 200 7027
23.22.35.162 - - [06/Mar/2024:01:23:13 -0500] "GET /BLA/resoluciones/RESOLUCIONES%202007/RES%202007%203601%20AL%203700/RESOLUCION%203616%20DE%202007.pdf HTTP/1.1" 200 266078
191.107.131.132 - - [06/Mar/2024:01:23:15 -0500] "POST /sipse/faces/presentacion/financiero/estudioPrevio/personalSolicitado/personalSolicitadoSolicitudProceso.xhtml HTTP/1.1" 200 36857
191.107.131.132 - - [06/Mar/2024:01:23:15 -0500] "GET /sipse/faces/javax.faces.resource/theme.css?ln=primefaces-sipse HTTP/1.1" 304 -
191.107.131.132 - - [06/Mar/2024:01:23:15 -0500] "GET /sipse/faces/javax.faces.resource/primefaces.css?ln=primefaces&v=4.0 HTTP/1.1" 304 -
191.107.131.132 - - [06/Mar/2024:01:23:15 -0500] "GET /sipse/faces/javax.faces.resource/layout/layout.css?ln=primefaces&v=4.0 HTTP/1.1" 304 -
191.107.131.132 - - [06/Mar/2024:01:23:15 -0500] "GET /sipse/faces/javax.faces.resource/jquery/jquery.js?ln=primefaces&v=4.0 HTTP/1.1" 304 -
191.107.131.132 - - [06/Mar/2024:01:23:15 -0500] "GET /sipse/faces/javax.faces.resource/jquery/jquery-plugins.js?ln=primefaces&v=4.0 HTTP/1.1" 304 -
191.107.131.132 - - [06/Mar/2024:01:23:15 -0500] "GET /sipse/faces/javax.faces.resource/primefaces.js?ln=primefaces&v=4.0 HTTP/1.1" 304 -
191.107.131.132 - - [06/Mar/2024:01:23:15 -0500] "GET /sipse/faces/javax.faces.resource/layout/layout.js?ln=primefaces&v=4.0 HTTP/1.1" 304 -
52.70.240.171 - - [06/Mar/2024:01:23:17 -0500] "GET /BLA/resoluciones/RESOLUCIONES%202007/RES%202007%203601%20AL%203700/RESOLUCION%203615%20DE%202007.pdf HTTP/1.1" 200 1065164
23.22.35.162 - - [06/Mar/2024:01:23:20 -0500] "GET /BLA/resoluciones/RESOLUCIONES%202007/RES%202007%203601%20AL%203700/RESOLUCION%203614%20DE%202007.pdf HTTP/1.1" 200 434293
52.70.240.171 - - [06/Mar/2024:01:23:25 -0500] "GET /BLA/resoluciones/RESOLUCIONES%202007/RES%202007%203601%20AL%203700/RESOLUCION%203613%20DE%202007.pdf HTTP/1.1" 200 401493
191.107.131.132 - - [06/Mar/2024:01:23:25 -0500] "POST /sipse/faces/presentacion/financiero/estudioPrevio/personalSolicitado/asociarProfesionPersonalSolicitado.xhtml HTTP/1.1" 200 21039
191.107.131.132 - - [06/Mar/2024:01:23:25 -0500] "POST /sipse/faces/presentacion/financiero/estudioPrevio/personalSolicitado/asociarProfesionPersonalSolicitado.xhtml HTTP/1.1" 200 21035
191.107.131.132 - - [06/Mar/2024:01:23:27 -0500] "POST /sipse/faces/presentacion/financiero/estudioPrevio/personalSolicitado/asociarProfesionPersonalSolicitado.xhtml HTTP/1.1" 200 21327
23.22.35.162 - - [06/Mar/2024:01:23:29 -0500] "GET /BLA/resoluciones/RESOLUCIONES%202007/RES%202007%203601%20AL%203700/RESOLUCION%203612%20DE%202007.pdf HTTP/1.1" 200 602102
3.224.220.101 - - [06/Mar/2024:01:23:33 -0500] "GET /BLA/resoluciones/RESOLUCIONES%202007/RES%202007%203601%20AL%203700/RESOLUCION%203611%20DE%202007.pdf HTTP/1.1" 200 1457761
191.107.131.132 - - [06/Mar/2024:01:23:33 -0500] "POST /sipse/faces/presentacion/financiero/estudioPrevio/personalSolicitado/asociarProfesionPersonalSolicitado.xhtml HTTP/1.1" 200 50832
191.107.131.132 - - [06/Mar/2024:01:23:33 -0500] "GET /sipse/faces/javax.faces.resource/theme.css?ln=primefaces-sipse HTTP/1.1" 304 -
191.107.131.132 - - [06/Mar/2024:01:23:33 -0500] "GET /sipse/faces/javax.faces.resource/primefaces.css?ln=primefaces&v=4.0 HTTP/1.1" 304 -
191.107.131.132 - - [06/Mar/2024:01:23:33 -0500] "GET /sipse/faces/javax.faces.resource/layout/layout.css?ln=primefaces&v=4.0 HTTP/1.1" 304 -
191.107.131.132 - - [06/Mar/2024:01:23:33 -0500] "GET /sipse/faces/javax.faces.resource/jquery/jquery.js?ln=primefaces&v=4.0 HTTP/1.1" 304 -
191.107.131.132 - - [06/Mar/2024:01:23:33 -0500] "GET /sipse/faces/javax.faces.resource/jquery/jquery-plugins.js?ln=primefaces&v=4.0 HTTP/1.1" 304 -
191.107.131.132 - - [06/Mar/2024:01:23:33 -0500] "GET /sipse/faces/javax.faces.resource/primefaces.js?ln=primefaces&v=4.0 HTTP/1.1" 304 -
191.107.131.132 - - [06/Mar/2024:01:23:33 -0500] "GET /sipse/faces/javax.faces.resource/layout/layout.js?ln=primefaces&v=4.0 HTTP/1.1" 304 -
52.70.240.171 - - [06/Mar/2024:01:23:37 -0500] "GET /BLA/resoluciones/RESOLUCIONES%202007/RES%202007%203601%20AL%203700/RESOLUCION%203610%20DE%202007.pdf HTTP/1.1" 200 182598
191.107.131.132 - - [06/Mar/2024:01:23:38 -0500] "GET /sipse/faces/javax.faces.resource/theme.css?ln=primefaces-sipse HTTP/1.1" 304 -
191.107.131.132 - - [06/Mar/2024:01:23:38 -0500] "GET /sipse/faces/javax.faces.resource/jquery/jquery-plugins.js?ln=primefaces&v=4.0 HTTP/1.1" 304 -
191.107.131.132 - - [06/Mar/2024:01:23:38 -0500] "GET /sipse/faces/javax.faces.resource/jquery/jquery.js?ln=primefaces&v=4.0 HTTP/1.1" 304 -
191.107.131.132 - - [06/Mar/2024:01:23:38 -0500] "GET /sipse/faces/javax.faces.resource/primefaces.css?ln=primefaces&v=4.0 HTTP/1.1" 304 -
191.107.131.132 - - [06/Mar/2024:01:23:38 -0500] "GET /sipse/faces/javax.faces.resource/layout/layout.css?ln=primefaces&v=4.0 HTTP/1.1" 304 -
191.107.131.132 - - [06/Mar/2024:01:23:38 -0500] "GET /sipse/faces/javax.faces.resource/primefaces.js?ln=primefaces&v=4.0 HTTP/1.1" 304 -
191.107.131.132 - - [06/Mar/2024:01:23:38 -0500] "GET /sipse/faces/javax.faces.resource/layout/layout.js?ln=primefaces&v=4.0 HTTP/1.1" 304 -
191.107.131.132 - - [06/Mar/2024:01:23:37 -0500] "POST /sipse/faces/presentacion/financiero/estudioPrevio/personalSolicitado/personalSolicitadoSolicitudProceso.xhtml HTTP/1.1" 200 176536
191.107.131.132 - - [06/Mar/2024:01:23:38 -0500] "GET /sipse/faces/javax.faces.resource/dynamiccontent.properties?ln=primefaces&pfdrid=XjOR5%2F%2FfPAZAuY9TpWQeCiM0BhlXxYRBGKi%2FQcXXfeA%3D&pfdrid_c=false HTTP/1.1" 500 383
23.22.35.162 - - [06/Mar/2024:01:23:42 -0500] "GET /BLA/resoluciones/RESOLUCIONES%202007/RES%202007%203601%20AL%203700/RESOLUCION%203609%20DE%202007.pdf HTTP/1.1" 200 82315
191.107.131.132 - - [06/Mar/2024:01:23:44 -0500] "POST /sipse/faces/presentacion/financiero/solicitudProceso/consultarSolicitudProceso.xhtml HTTP/1.1" 200 21243
191.107.131.132 - - [06/Mar/2024:01:23:44 -0500] "GET /sipse/faces/javax.faces.resource/theme.css?ln=primefaces-sipse HTTP/1.1" 304 -
191.107.131.132 - - [06/Mar/2024:01:23:44 -0500] "GET /sipse/faces/javax.faces.resource/primefaces.css?ln=primefaces&v=4.0 HTTP/1.1" 304 -
191.107.131.132 - - [06/Mar/2024:01:23:44 -0500] "GET /sipse/faces/javax.faces.resource/layout/layout.css?ln=primefaces&v=4.0 HTTP/1.1" 304 -
191.107.131.132 - - [06/Mar/2024:01:23:44 -0500] "GET /sipse/faces/javax.faces.resource/jquery/jquery.js?ln=primefaces&v=4.0 HTTP/1.1" 304 -
191.107.131.132 - - [06/Mar/2024:01:23:44 -0500] "GET /sipse/faces/javax.faces.resource/fileupload/fileupload.css?ln=primefaces&v=4.0 HTTP/1.1" 304 -
191.107.131.132 - - [06/Mar/2024:01:23:44 -0500] "GET /sipse/faces/javax.faces.resource/jquery/jquery-plugins.js?ln=primefaces&v=4.0 HTTP/1.1" 304 -
191.107.131.132 - - [06/Mar/2024:01:23:44 -0500] "GET /sipse/faces/javax.faces.resource/primefaces.js?ln=primefaces&v=4.0 HTTP/1.1" 304 -
191.107.131.132 - - [06/Mar/2024:01:23:44 -0500] "GET /sipse/faces/javax.faces.resource/fileupload/fileupload.js?ln=primefaces&v=4.0 HTTP/1.1" 304 -
191.107.131.132 - - [06/Mar/2024:01:23:44 -0500] "GET /sipse/faces/javax.faces.resource/layout/layout.js?ln=primefaces&v=4.0 HTTP/1.1" 304 -
52.70.240.171 - - [06/Mar/2024:01:23:45 -0500] "GET /BLA/resoluciones/RESOLUCIONES%202007/RES%202007%203601%20AL%203700/RESOLUCION%203608%20DE%202007.pdf HTTP/1.1" 200 80103
23.22.35.162 - - [06/Mar/2024:01:23:50 -0500] "GET /BLA/resoluciones/RESOLUCIONES%202007/RES%202007%203601%20AL%203700/RESOLUCION%203607%20DE%202007.pdf HTTP/1.1" 200 46110
3.224.220.101 - - [06/Mar/2024:01:23:53 -0500] "GET /BLA/resoluciones/RESOLUCIONES%202007/RES%202007%203601%20AL%203700/RESOLUCION%203606%20DE%202007.pdf HTTP/1.1" 200 303627
191.107.131.132 - - [06/Mar/2024:01:23:53 -0500] "POST /sipse/faces/presentacion/sistema/anexos/cargarAnexoSolicitudProceso.xhtml HTTP/1.1" 200 178222
191.107.131.132 - - [06/Mar/2024:01:23:53 -0500] "GET /sipse/faces/javax.faces.resource/theme.css?ln=primefaces-sipse HTTP/1.1" 304 -
191.107.131.132 - - [06/Mar/2024:01:23:53 -0500] "GET /sipse/faces/javax.faces.resource/layout/layout.css?ln=primefaces&v=4.0 HTTP/1.1" 304 -
191.107.131.132 - - [06/Mar/2024:01:23:53 -0500] "GET /sipse/faces/javax.faces.resource/jquery/jquery.js?ln=primefaces&v=4.0 HTTP/1.1" 304 -
191.107.131.132 - - [06/Mar/2024:01:23:53 -0500] "GET /sipse/faces/javax.faces.resource/jquery/jquery-plugins.js?ln=primefaces&v=4.0 HTTP/1.1" 304 -
191.107.131.132 - - [06/Mar/2024:01:23:53 -0500] "GET /sipse/faces/javax.faces.resource/primefaces.js?ln=primefaces&v=4.0 HTTP/1.1" 304 -
191.107.131.132 - - [06/Mar/2024:01:23:53 -0500] "GET /sipse/faces/javax.faces.resource/primefaces.css?ln=primefaces&v=4.0 HTTP/1.1" 304 -
191.107.131.132 - - [06/Mar/2024:01:23:53 -0500] "GET /sipse/faces/javax.faces.resource/layout/layout.js?ln=primefaces&v=4.0 HTTP/1.1" 304 -
191.107.131.132 - - [06/Mar/2024:01:23:53 -0500] "GET /sipse/faces/javax.faces.resource/dynamiccontent.properties?ln=primefaces&pfdrid=XjOR5%2F%2FfPAZAuY9TpWQeCiM0BhlXxYRBGKi%2FQcXXfeA%3D&pfdrid_c=false HTTP/1.1" 500 383
52.70.240.171 - - [06/Mar/2024:01:23:57 -0500] "GET /BLA/resoluciones/RESOLUCIONES%202007/RES%202007%203601%20AL%203700/RESOLUCION%203605%20DE%202007.pdf HTTP/1.1" 200 724413
172.22.2.4 - - [06/Mar/2024:01:22:17 -0500] "GET /BLA/boletinlegal/ HTTP/1.1" 200 60380
191.107.131.132 - - [06/Mar/2024:01:23:59 -0500] "POST /sipse/faces/presentacion/financiero/solicitudProceso/consultarSolicitudProceso.xhtml HTTP/1.1" 200 21243
191.107.131.132 - - [06/Mar/2024:01:24:00 -0500] "GET /sipse/faces/javax.faces.resource/theme.css?ln=primefaces-sipse HTTP/1.1" 304 -
191.107.131.132 - - [06/Mar/2024:01:24:00 -0500] "GET /sipse/faces/javax.faces.resource/jquery/jquery-plugins.js?ln=primefaces&v=4.0 HTTP/1.1" 304 -
191.107.131.132 - - [06/Mar/2024:01:24:00 -0500] "GET /sipse/faces/javax.faces.resource/primefaces.css?ln=primefaces&v=4.0 HTTP/1.1" 304 -
191.107.131.132 - - [06/Mar/2024:01:24:00 -0500] "GET /sipse/faces/javax.faces.resource/layout/layout.css?ln=primefaces&v=4.0 HTTP/1.1" 304 -
191.107.131.132 - - [06/Mar/2024:01:24:00 -0500] "GET /sipse/faces/javax.faces.resource/jquery/jquery.js?ln=primefaces&v=4.0 HTTP/1.1" 304 -
191.107.131.132 - - [06/Mar/2024:01:24:00 -0500] "GET /sipse/faces/javax.faces.resource/fileupload/fileupload.css?ln=primefaces&v=4.0 HTTP/1.1" 304 -
191.107.131.132 - - [06/Mar/2024:01:24:00 -0500] "GET /sipse/faces/javax.faces.resource/primefaces.js?ln=primefaces&v=4.0 HTTP/1.1" 304 -
191.107.131.132 - - [06/Mar/2024:01:24:00 -0500] "GET /sipse/faces/javax.faces.resource/layout/layout.js?ln=primefaces&v=4.0 HTTP/1.1" 304 -
191.107.131.132 - - [06/Mar/2024:01:24:00 -0500] "GET /sipse/faces/javax.faces.resource/fileupload/fileupload.js?ln=primefaces&v=4.0 HTTP/1.1" 304 -
23.22.35.162 - - [06/Mar/2024:01:24:01 -0500] "GET /BLA/resoluciones/RESOLUCIONES%202007/RES%202007%203601%20AL%203700/RESOLUCION%203604%20DE%202007.pdf HTTP/1.1" 200 610578
3.224.220.101 - - [06/Mar/2024:01:24:05 -0500] "GET /BLA/resoluciones/RESOLUCIONES%202007/RES%202007%203601%20AL%203700/RESOLUCION%203603%20DE%202007.pdf HTTP/1.1" 200 492243
23.22.35.162 - - [06/Mar/2024:01:24:09 -0500] "GET /BLA/resoluciones/RESOLUCIONES%202007/RES%202007%203601%20AL%203700/RESOLUCION%203602%20DE%202007.pdf HTTP/1.1" 200 1333499
52.70.240.171 - - [06/Mar/2024:01:24:13 -0500] "GET /BLA/resoluciones/RESOLUCIONES%202007/RES%202007%203601%20AL%203700/RESOLUCION%203601%20DE%202007.pdf HTTP/1.1" 200 373555
3.224.220.101 - - [06/Mar/2024:01:24:17 -0500] "GET /BLA/resoluciones/RESOLUCIONES%202007/RES%202007%203601%20AL%203700/RESOLUCION%203673%20%20DE%202007.pdf HTTP/1.1" 200 963280
191.107.131.132 - - [06/Mar/2024:01:24:25 -0500] "GET /sipse/faces/javax.faces.resource/theme.css?ln=primefaces-sipse HTTP/1.1" 304 -
191.107.131.132 - - [06/Mar/2024:01:24:25 -0500] "GET /sipse/faces/javax.faces.resource/jquery/jquery.js?ln=primefaces&v=4.0 HTTP/1.1" 304 -
191.107.131.132 - - [06/Mar/2024:01:24:25 -0500] "GET /sipse/faces/javax.faces.resource/primefaces.css?ln=primefaces&v=4.0 HTTP/1.1" 304 -
191.107.131.132 - - [06/Mar/2024:01:24:25 -0500] "GET /sipse/faces/javax.faces.resource/layout/layout.css?ln=primefaces&v=4.0 HTTP/1.1" 304 -
191.107.131.132 - - [06/Mar/2024:01:24:25 -0500] "GET /sipse/faces/javax.faces.resource/primefaces.js?ln=primefaces&v=4.0 HTTP/1.1" 304 -
191.107.131.132 - - [06/Mar/2024:01:24:25 -0500] "GET /sipse/faces/javax.faces.resource/jquery/jquery-plugins.js?ln=primefaces&v=4.0 HTTP/1.1" 304 -
191.107.131.132 - - [06/Mar/2024:01:24:25 -0500] "GET /sipse/faces/javax.faces.resource/layout/layout.js?ln=primefaces&v=4.0 HTTP/1.1" 304 -
191.107.131.132 - - [06/Mar/2024:01:24:24 -0500] "POST /sipse/faces/presentacion/sistema/anexos/cargarAnexoSolicitudProceso.xhtml HTTP/1.1" 200 180036
191.107.131.132 - - [06/Mar/2024:01:24:25 -0500] "GET /sipse/faces/javax.faces.resource/dynamiccontent.properties?ln=primefaces&pfdrid=XjOR5%2F%2FfPAZAuY9TpWQeCiM0BhlXxYRBGKi%2FQcXXfeA%3D&pfdrid_c=false HTTP/1.1" 500 383
66.249.66.20 - - [06/Mar/2024:01:24:35 -0500] "GET /PDC/actos/1789.pdf HTTP/1.1" 200 1121404
191.107.131.132 - - [06/Mar/2024:01:24:38 -0500] "POST /sipse/faces/presentacion/financiero/solicitudProceso/consultarSolicitudProceso.xhtml HTTP/1.1" 200 64076
191.107.131.132 - - [06/Mar/2024:01:24:40 -0500] "GET /sipse/faces/javax.faces.resource/layout/layout.css?ln=primefaces&v=4.0 HTTP/1.1" 304 -
191.107.131.132 - - [06/Mar/2024:01:24:40 -0500] "GET /sipse/faces/javax.faces.resource/theme.css?ln=primefaces-sipse HTTP/1.1" 304 -
191.107.131.132 - - [06/Mar/2024:01:24:40 -0500] "GET /sipse/faces/javax.faces.resource/primefaces.css?ln=primefaces&v=4.0 HTTP/1.1" 304 -
191.107.131.132 - - [06/Mar/2024:01:24:40 -0500] "GET /sipse/faces/javax.faces.resource/jquery/jquery.js?ln=primefaces&v=4.0 HTTP/1.1" 304 -
191.107.131.132 - - [06/Mar/2024:01:24:40 -0500] "GET /sipse/faces/javax.faces.resource/jquery/jquery-plugins.js?ln=primefaces&v=4.0 HTTP/1.1" 304 -
191.107.131.132 - - [06/Mar/2024:01:24:40 -0500] "GET /sipse/faces/javax.faces.resource/primefaces.js?ln=primefaces&v=4.0 HTTP/1.1" 304 -
191.107.131.132 - - [06/Mar/2024:01:24:40 -0500] "GET /sipse/faces/javax.faces.resource/layout/layout.js?ln=primefaces&v=4.0 HTTP/1.1" 304 -
191.107.131.132 - - [06/Mar/2024:01:24:40 -0500] "POST /sipse/faces/presentacion/financiero/solicitudProceso/listarSolicitudProceso.xhtml HTTP/1.1" 200 1556
52.70.240.171 - - [06/Mar/2024:01:24:41 -0500] "GET /BLA/resoluciones/index.php?dir=RESOLUCIONES%202007/RES%202007%203601%20AL%203700/&order=asc&sort=date HTTP/1.1" 200 26855
3.224.220.101 - - [06/Mar/2024:01:24:49 -0500] "GET /BLA/resoluciones/index.php?dir=RESOLUCIONES%202007/RES%202007%203601%20AL%203700/&order=desc&sort=date HTTP/1.1" 200 26854
23.22.35.162 - - [06/Mar/2024:01:24:53 -0500] "GET /BLA/resoluciones/index.php?dir=RESOLUCIONES%202007/RES%202007%203601%20AL%203700/&order=asc&sort=name HTTP/1.1" 200 26855
191.107.131.132 - - [06/Mar/2024:01:24:54 -0500] "POST /sipse/faces/presentacion/financiero/solicitudProceso/listarSolicitudProceso.xhtml HTTP/1.1" 200 75664
191.107.131.132 - - [06/Mar/2024:01:24:57 -0500] "POST /sipse/faces/presentacion/financiero/solicitudProceso/listarSolicitudProceso.xhtml HTTP/1.1" 200 75766
191.107.131.132 - - [06/Mar/2024:01:24:57 -0500] "POST /sipse/faces/presentacion/financiero/solicitudProceso/listarSolicitudProceso.xhtml HTTP/1.1" 200 88089
52.70.240.171 - - [06/Mar/2024:01:25:01 -0500] "GET /BLA/resoluciones/index.php?dir=RESOLUCIONES%202007/RES%202007%203601%20AL%203700/&order=asc&sort=size HTTP/1.1" 200 26855
52.70.240.171 - - [06/Mar/2024:01:25:09 -0500] "GET /BLA/resoluciones/index.php?dir=RESOLUCIONES%202007/RES%202007%203601%20AL%203700/&order=desc&sort=size HTTP/1.1" 200 26854
216.245.221.92 - - [06/Mar/2024:01:25:09 -0500] "HEAD / HTTP/1.1" 200 -
3.224.220.101 - - [06/Mar/2024:01:25:13 -0500] "GET /BLA/resoluciones/index.php?dir=RESOLUCIONES%202007/RES%202007%203601%20AL%203700/&order=desc&sort=name HTTP/1.1" 200 26854
152.61.128.50 - - [06/Mar/2024:01:25:18 -0500] "GET / HTTP/1.1" 200 319
52.70.240.171 - - [06/Mar/2024:01:25:21 -0500] "GET /BLA/resoluciones/index.php?dir=RESOLUCIONES%202007/RES%202007%203501%20AL%203600/ HTTP/1.1" 200 26836
23.22.35.162 - - [06/Mar/2024:01:25:25 -0500] "GET /BLA/resoluciones/RESOLUCIONES%202007/RES%202007%203501%20AL%203600/RESOLUCION%203600%20DE%202007.pdf HTTP/1.1" 200 527282
23.22.35.162 - - [06/Mar/2024:01:25:29 -0500] "GET /BLA/resoluciones/RESOLUCIONES%202007/RES%202007%203501%20AL%203600/RESOLUCION%203599%20DE%202007.pdf HTTP/1.1" 200 1087955
3.224.220.101 - - [06/Mar/2024:01:25:33 -0500] "GET /BLA/resoluciones/RESOLUCIONES%202007/RES%202007%203501%20AL%203600/RESOLUCION%203598%20DE%202007.pdf HTTP/1.1" 200 381071
66.249.66.21 - - [06/Mar/2024:01:25:33 -0500] "GET /BLA/resoluciones/RESOLUCIONES%202011/5977.pdf HTTP/1.1" 200 289299
23.22.35.162 - - [06/Mar/2024:01:25:37 -0500] "GET /BLA/resoluciones/RESOLUCIONES%202007/RES%202007%203501%20AL%203600/RESOLUCION%203597%20DE%202007.pdf HTTP/1.1" 200 413718
52.70.240.171 - - [06/Mar/2024:01:25:41 -0500] "GET /BLA/resoluciones/RESOLUCIONES%202007/RES%202007%203501%20AL%203600/RESOLUCION%203596%20DE%202007.pdf HTTP/1.1" 200 304524
3.224.220.101 - - [06/Mar/2024:01:25:45 -0500] "GET /BLA/resoluciones/RESOLUCIONES%202007/RES%202007%203501%20AL%203600/RESOLUCION%203595%20DE%202007.pdf HTTP/1.1" 200 829985
23.22.35.162 - - [06/Mar/2024:01:25:49 -0500] "GET /BLA/resoluciones/RESOLUCIONES%202007/RES%202007%203501%20AL%203600/RESOLUCION%203594%20DE%202007.pdf HTTP/1.1" 200 470277
52.70.240.171 - - [06/Mar/2024:01:25:53 -0500] "GET /BLA/resoluciones/RESOLUCIONES%202007/RES%202007%203501%20AL%203600/RESOLUCION%203593%20DE%202007.pdf HTTP/1.1" 200 889690
3.224.220.101 - - [06/Mar/2024:01:25:57 -0500] "GET /BLA/resoluciones/RESOLUCIONES%202007/RES%202007%203501%20AL%203600/RESOLUCION%203592%20DE%202007.pdf HTTP/1.1" 200 751657
52.70.240.171 - - [06/Mar/2024:01:26:01 -0500] "GET /BLA/resoluciones/RESOLUCIONES%202007/RES%202007%203501%20AL%203600/RESOLUCION%203591%20DE%202007.pdf HTTP/1.1" 200 622888
52.70.240.171 - - [06/Mar/2024:01:26:05 -0500] "GET /BLA/resoluciones/RESOLUCIONES%202007/RES%202007%203501%20AL%203600/RESOLUCION%203590%20DE%202007.pdf HTTP/1.1" 200 293931
191.107.131.132 - - [06/Mar/2024:01:26:09 -0500] "POST /sipse/faces/presentacion/financiero/solicitudProceso/listarSolicitudProceso.xhtml HTTP/1.1" 200 184
191.107.131.132 - - [06/Mar/2024:01:26:09 -0500] "POST /sipse/faces/presentacion/financiero/solicitudProceso/listarSolicitudProceso.xhtml HTTP/1.1" 200 184
23.22.35.162 - - [06/Mar/2024:01:26:09 -0500] "GET /BLA/resoluciones/RESOLUCIONES%202007/RES%202007%203501%20AL%203600/RESOLUCION%203589%20DE%202007.pdf HTTP/1.1" 200 666320
191.107.131.132 - - [06/Mar/2024:01:26:09 -0500] "GET /sipse/faces/presentacion/financiero/solicitudAnulacion/solicitudAnulacion.xhtml HTTP/1.1" 200 17832
191.107.131.132 - - [06/Mar/2024:01:26:09 -0500] "GET /sipse/faces/presentacion/financiero/solicitudAnulacion/solicitudAnulacion.xhtml HTTP/1.1" 200 31786
191.107.131.132 - - [06/Mar/2024:01:26:09 -0500] "GET /sipse/faces/javax.faces.resource/theme.css?ln=primefaces-sipse HTTP/1.1" 304 -
191.107.131.132 - - [06/Mar/2024:01:26:09 -0500] "GET /sipse/faces/javax.faces.resource/primefaces.css?ln=primefaces&v=4.0 HTTP/1.1" 304 -
191.107.131.132 - - [06/Mar/2024:01:26:09 -0500] "GET /sipse/faces/javax.faces.resource/jquery/jquery.js?ln=primefaces&v=4.0 HTTP/1.1" 304 -
191.107.131.132 - - [06/Mar/2024:01:26:09 -0500] "GET /sipse/faces/javax.faces.resource/layout/layout.css?ln=primefaces&v=4.0 HTTP/1.1" 304 -
191.107.131.132 - - [06/Mar/2024:01:26:09 -0500] "GET /sipse/faces/javax.faces.resource/jquery/jquery-plugins.js?ln=primefaces&v=4.0 HTTP/1.1" 304 -
191.107.131.132 - - [06/Mar/2024:01:26:09 -0500] "GET /sipse/faces/javax.faces.resource/layout/layout.js?ln=primefaces&v=4.0 HTTP/1.1" 304 -
191.107.131.132 - - [06/Mar/2024:01:26:09 -0500] "GET /sipse/faces/javax.faces.resource/primefaces.js?ln=primefaces&v=4.0 HTTP/1.1" 304 -
191.107.131.132 - - [06/Mar/2024:01:26:09 -0500] "POST /sipse/faces/presentacion/financiero/solicitudAnulacion/solicitudAnulacion.xhtml HTTP/1.1" 200 10464
191.107.131.132 - - [06/Mar/2024:01:26:11 -0500] "POST /sipse/faces/presentacion/financiero/solicitudAnulacion/solicitudAnulacion.xhtml HTTP/1.1" 200 63575
191.107.131.132 - - [06/Mar/2024:01:26:11 -0500] "GET /sipse/faces/javax.faces.resource/primefaces.css?ln=primefaces&v=4.0 HTTP/1.1" 304 -
191.107.131.132 - - [06/Mar/2024:01:26:11 -0500] "GET /sipse/faces/javax.faces.resource/layout/layout.css?ln=primefaces&v=4.0 HTTP/1.1" 304 -
191.107.131.132 - - [06/Mar/2024:01:26:11 -0500] "GET /sipse/faces/javax.faces.resource/theme.css?ln=primefaces-sipse HTTP/1.1" 304 -
191.107.131.132 - - [06/Mar/2024:01:26:11 -0500] "GET /sipse/faces/javax.faces.resource/jquery/jquery.js?ln=primefaces&v=4.0 HTTP/1.1" 304 -
191.107.131.132 - - [06/Mar/2024:01:26:11 -0500] "GET /sipse/faces/javax.faces.resource/jquery/jquery-plugins.js?ln=primefaces&v=4.0 HTTP/1.1" 304 -
191.107.131.132 - - [06/Mar/2024:01:26:12 -0500] "GET /sipse/faces/javax.faces.resource/primefaces.js?ln=primefaces&v=4.0 HTTP/1.1" 304 -
191.107.131.132 - - [06/Mar/2024:01:26:12 -0500] "GET /sipse/faces/javax.faces.resource/layout/layout.js?ln=primefaces&v=4.0 HTTP/1.1" 304 -
191.107.131.132 - - [06/Mar/2024:01:26:12 -0500] "POST /sipse/faces/presentacion/financiero/solicitudProceso/listarSolicitudProceso.xhtml HTTP/1.1" 200 1556
3.224.220.101 - - [06/Mar/2024:01:26:13 -0500] "GET /BLA/resoluciones/RESOLUCIONES%202007/RES%202007%203501%20AL%203600/RESOLUCION%203588%20DE%202007.pdf HTTP/1.1" 200 558148
191.107.131.132 - - [06/Mar/2024:01:26:13 -0500] "POST /sipse/faces/presentacion/financiero/solicitudProceso/listarSolicitudProceso.xhtml HTTP/1.1" 200 59177
191.107.131.132 - - [06/Mar/2024:01:26:13 -0500] "GET /sipse/faces/javax.faces.resource/primefaces.css?ln=primefaces&v=4.0 HTTP/1.1" 304 -
191.107.131.132 - - [06/Mar/2024:01:26:13 -0500] "GET /sipse/faces/javax.faces.resource/layout/layout.css?ln=primefaces&v=4.0 HTTP/1.1" 304 -
191.107.131.132 - - [06/Mar/2024:01:26:13 -0500] "GET /sipse/faces/javax.faces.resource/theme.css?ln=primefaces-sipse HTTP/1.1" 304 -
191.107.131.132 - - [06/Mar/2024:01:26:13 -0500] "GET /sipse/faces/javax.faces.resource/jquery/jquery.js?ln=primefaces&v=4.0 HTTP/1.1" 304 -
191.107.131.132 - - [06/Mar/2024:01:26:13 -0500] "GET /sipse/faces/javax.faces.resource/jquery/jquery-plugins.js?ln=primefaces&v=4.0 HTTP/1.1" 304 -
191.107.131.132 - - [06/Mar/2024:01:26:13 -0500] "GET /sipse/faces/javax.faces.resource/primefaces.js?ln=primefaces&v=4.0 HTTP/1.1" 304 -
191.107.131.132 - - [06/Mar/2024:01:26:13 -0500] "GET /sipse/faces/javax.faces.resource/layout/layout.js?ln=primefaces&v=4.0 HTTP/1.1" 304 -
23.22.35.162 - - [06/Mar/2024:01:26:17 -0500] "GET /BLA/resoluciones/RESOLUCIONES%202007/RES%202007%203501%20AL%203600/RESOLUCION%203587%20DE%202007.pdf HTTP/1.1" 200 647264
3.224.220.101 - - [06/Mar/2024:01:26:21 -0500] "GET /BLA/resoluciones/RESOLUCIONES%202007/RES%202007%203501%20AL%203600/RESOLUCION%203586%20DE%202007.pdf HTTP/1.1" 200 288264
52.70.240.171 - - [06/Mar/2024:01:26:25 -0500] "GET /BLA/resoluciones/RESOLUCIONES%202007/RES%202007%203501%20AL%203600/RESOLUCION%203584%20DE%202007.pdf HTTP/1.1" 200 78621
52.70.240.171 - - [06/Mar/2024:01:26:31 -0500] "GET /BLA/resoluciones/RESOLUCIONES%202007/RES%202007%203501%20AL%203600/RESOLUCION%203583%20DE%202007.pdf HTTP/1.1" 200 162738
52.70.240.171 - - [06/Mar/2024:01:26:33 -0500] "GET /BLA/resoluciones/RESOLUCIONES%202007/RES%202007%203501%20AL%203600/RESOLUCION%203582%20DE%202007.pdf HTTP/1.1" 200 63830
191.107.131.132 - - [06/Mar/2024:01:26:36 -0500] "POST /sipse/faces/presentacion/financiero/solicitudProceso/crearModificarSolicitudProceso.xhtml HTTP/1.1" 200 51773
52.70.240.171 - - [06/Mar/2024:01:26:38 -0500] "GET /BLA/resoluciones/RESOLUCIONES%202007/RES%202007%203501%20AL%203600/RESOLUCION%203581%20DE%202007.pdf HTTP/1.1" 200 149166
52.70.240.171 - - [06/Mar/2024:01:26:41 -0500] "GET /BLA/resoluciones/RESOLUCIONES%202007/RES%202007%203501%20AL%203600/RESOLUCION%203580%20DE%202007.pdf HTTP/1.1" 200 135346
191.107.131.132 - - [06/Mar/2024:01:26:41 -0500] "POST /sipse/faces/presentacion/financiero/solicitudProceso/crearModificarSolicitudProceso.xhtml HTTP/1.1" 200 25138
52.70.240.171 - - [06/Mar/2024:01:26:45 -0500] "GET /BLA/resoluciones/RESOLUCIONES%202007/RES%202007%203501%20AL%203600/RESOLUCION%203579%20DE%202007.pdf HTTP/1.1" 200 2650316
3.224.220.101 - - [06/Mar/2024:01:26:49 -0500] "GET /BLA/resoluciones/RESOLUCIONES%202007/RES%202007%203501%20AL%203600/RESOLUCION%203578%20DE%202007.pdf HTTP/1.1" 200 28844
191.107.131.132 - - [06/Mar/2024:01:26:50 -0500] "POST /sipse/faces/presentacion/financiero/solicitudProceso/crearModificarSolicitudProceso.xhtml HTTP/1.1" 200 6307
23.22.35.162 - - [06/Mar/2024:01:26:53 -0500] "GET /BLA/resoluciones/RESOLUCIONES%202007/RES%202007%203501%20AL%203600/RESOLUCION%203577%20DE%202007.pdf HTTP/1.1" 200 253921
52.70.240.171 - - [06/Mar/2024:01:26:57 -0500] "GET /BLA/resoluciones/RESOLUCIONES%202007/RES%202007%203501%20AL%203600/RESOLUCION%203576%20DE%202007.pdf HTTP/1.1" 200 232291
191.107.131.132 - - [06/Mar/2024:01:26:57 -0500] "POST /sipse/faces/presentacion/financiero/solicitudProceso/crearModificarSolicitudProceso.xhtml HTTP/1.1" 200 10247
23.22.35.162 - - [06/Mar/2024:01:27:01 -0500] "GET /BLA/resoluciones/RESOLUCIONES%202007/RES%202007%203501%20AL%203600/RESOLUCION%203575%20DE%202007.pdf HTTP/1.1" 200 43982
3.224.220.101 - - [06/Mar/2024:01:27:05 -0500] "GET /BLA/resoluciones/RESOLUCIONES%202007/RES%202007%203501%20AL%203600/RESOLUCION%203574%20DE%202007.pdf HTTP/1.1" 200 480234
52.70.240.171 - - [06/Mar/2024:01:27:09 -0500] "GET /BLA/resoluciones/RESOLUCIONES%202007/RES%202007%203501%20AL%203600/RESOLUCION%203573%20DE%202007.pdf HTTP/1.1" 200 78560
52.70.240.171 - - [06/Mar/2024:01:27:13 -0500] "GET /BLA/resoluciones/RESOLUCIONES%202007/RES%202007%203501%20AL%203600/RESOLUCION%203572%20DE%202007.pdf HTTP/1.1" 200 83891
