23.22.35.162 - - [06/Mar/2024:05:37:16 -0500] "GET /BLA/resoluciones/RESOLUCIONES%202007/RES%202007%201301%20AL%201400/RESOLUCION%201354%20DE%202007.pdf HTTP/1.1" 200 57294
3.224.220.101 - - [06/Mar/2024:05:37:20 -0500] "GET /BLA/resoluciones/RESOLUCIONES%202007/RES%202007%201301%20AL%201400/RESOLUCION%201353%20DE%202007.pdf HTTP/1.1" 200 26664
52.70.240.171 - - [06/Mar/2024:05:37:25 -0500] "GET /BLA/resoluciones/RESOLUCIONES%202007/RES%202007%201301%20AL%201400/RESOLUCION%201352%20DE%202007.pdf HTTP/1.1" 200 45890
52.70.240.171 - - [06/Mar/2024:05:37:29 -0500] "GET /BLA/resoluciones/RESOLUCIONES%202007/RES%202007%201301%20AL%201400/RESOLUCION%201351%20DE%202007.pdf HTTP/1.1" 200 25735
52.70.240.171 - - [06/Mar/2024:05:37:32 -0500] "GET /BLA/resoluciones/RESOLUCIONES%202007/RES%202007%201301%20AL%201400/RESOLUCION%201350%20DE%202007.pdf HTTP/1.1" 200 27556
3.224.220.101 - - [06/Mar/2024:05:37:36 -0500] "GET /BLA/resoluciones/RESOLUCIONES%202007/RES%202007%201301%20AL%201400/RESOLUCION%201349%20DE%202007.pdf HTTP/1.1" 200 26078
181.32.216.15 - - [06/Mar/2024:05:37:36 -0500] "GET /sipse/faces/javax.faces.resource/theme.css?ln=primefaces-sipse HTTP/1.1" 304 -
181.32.216.15 - - [06/Mar/2024:05:37:36 -0500] "GET /sipse/faces/javax.faces.resource/primefaces.css?ln=primefaces&v=4.0 HTTP/1.1" 304 -
181.32.216.15 - - [06/Mar/2024:05:37:36 -0500] "GET /sipse/faces/javax.faces.resource/layout/layout.css?ln=primefaces&v=4.0 HTTP/1.1" 304 -
181.32.216.15 - - [06/Mar/2024:05:37:36 -0500] "GET /sipse/faces/javax.faces.resource/jquery/jquery-plugins.js?ln=primefaces&v=4.0 HTTP/1.1" 304 -
181.32.216.15 - - [06/Mar/2024:05:37:36 -0500] "GET /sipse/faces/javax.faces.resource/jquery/jquery.js?ln=primefaces&v=4.0 HTTP/1.1" 304 -
181.32.216.15 - - [06/Mar/2024:05:37:36 -0500] "GET /sipse/faces/javax.faces.resource/primefaces.js?ln=primefaces&v=4.0 HTTP/1.1" 304 -
181.32.216.15 - - [06/Mar/2024:05:37:36 -0500] "GET /sipse/faces/javax.faces.resource/layout/layout.js?ln=primefaces&v=4.0 HTTP/1.1" 304 -
181.32.216.15 - - [06/Mar/2024:05:37:36 -0500] "POST /sipse/faces/presentacion/financiero/estudioPrevio/personalSolicitado/personalSolicitadoSolicitudProceso.xhtml HTTP/1.1" 200 180011
3.224.220.101 - - [06/Mar/2024:05:37:40 -0500] "GET /BLA/resoluciones/RESOLUCIONES%202007/RES%202007%201301%20AL%201400/RESOLUCION%201348%20DE%202007.pdf HTTP/1.1" 200 26469
186.80.108.8 - - [06/Mar/2024:05:37:42 -0500] "POST /sipse/faces/presentacion/financiero/solicitudProceso/consultarSolicitudProceso.xhtml HTTP/1.1" 200 54870
186.80.108.8 - - [06/Mar/2024:05:37:43 -0500] "GET /sipse/faces/javax.faces.resource/theme.css?ln=primefaces-sipse HTTP/1.1" 304 -
186.80.108.8 - - [06/Mar/2024:05:37:43 -0500] "GET /sipse/faces/javax.faces.resource/primefaces.css?ln=primefaces&v=4.0 HTTP/1.1" 304 -
186.80.108.8 - - [06/Mar/2024:05:37:43 -0500] "GET /sipse/faces/javax.faces.resource/primefaces.js?ln=primefaces&v=4.0 HTTP/1.1" 304 -
186.80.108.8 - - [06/Mar/2024:05:37:43 -0500] "GET /sipse/faces/javax.faces.resource/jquery/jquery.js?ln=primefaces&v=4.0 HTTP/1.1" 304 -
186.80.108.8 - - [06/Mar/2024:05:37:43 -0500] "GET /sipse/faces/javax.faces.resource/layout/layout.css?ln=primefaces&v=4.0 HTTP/1.1" 304 -
186.80.108.8 - - [06/Mar/2024:05:37:43 -0500] "GET /sipse/faces/javax.faces.resource/jquery/jquery-plugins.js?ln=primefaces&v=4.0 HTTP/1.1" 304 -
186.80.108.8 - - [06/Mar/2024:05:37:43 -0500] "GET /sipse/faces/javax.faces.resource/layout/layout.js?ln=primefaces&v=4.0 HTTP/1.1" 304 -
186.80.108.8 - - [06/Mar/2024:05:37:43 -0500] "POST /sipse/faces/presentacion/financiero/solicitudProceso/listarSolicitudProceso.xhtml HTTP/1.1" 200 1492
186.80.108.8 - - [06/Mar/2024:05:37:44 -0500] "POST /sipse/faces/presentacion/financiero/solicitudProceso/listarSolicitudProceso.xhtml HTTP/1.1" 200 1496
3.224.220.101 - - [06/Mar/2024:05:37:44 -0500] "GET /BLA/resoluciones/RESOLUCIONES%202007/RES%202007%201301%20AL%201400/RESOLUCION%201347%20DE%202007.pdf HTTP/1.1" 200 26143
181.32.216.15 - - [06/Mar/2024:05:37:42 -0500] "POST /sipse/faces/presentacion/financiero/solicitudProceso/consultarSolicitudProceso.xhtml HTTP/1.1" 200 64076
181.32.216.15 - - [06/Mar/2024:05:37:44 -0500] "GET /sipse/faces/javax.faces.resource/primefaces.css?ln=primefaces&v=4.0 HTTP/1.1" 304 -
181.32.216.15 - - [06/Mar/2024:05:37:44 -0500] "GET /sipse/faces/javax.faces.resource/theme.css?ln=primefaces-sipse HTTP/1.1" 304 -
181.32.216.15 - - [06/Mar/2024:05:37:44 -0500] "GET /sipse/faces/javax.faces.resource/layout/layout.css?ln=primefaces&v=4.0 HTTP/1.1" 304 -
181.32.216.15 - - [06/Mar/2024:05:37:44 -0500] "GET /sipse/faces/javax.faces.resource/jquery/jquery.js?ln=primefaces&v=4.0 HTTP/1.1" 304 -
181.32.216.15 - - [06/Mar/2024:05:37:44 -0500] "GET /sipse/faces/javax.faces.resource/jquery/jquery-plugins.js?ln=primefaces&v=4.0 HTTP/1.1" 304 -
181.32.216.15 - - [06/Mar/2024:05:37:44 -0500] "GET /sipse/faces/javax.faces.resource/primefaces.js?ln=primefaces&v=4.0 HTTP/1.1" 304 -
181.32.216.15 - - [06/Mar/2024:05:37:44 -0500] "GET /sipse/faces/javax.faces.resource/layout/layout.js?ln=primefaces&v=4.0 HTTP/1.1" 304 -
181.32.216.15 - - [06/Mar/2024:05:37:44 -0500] "POST /sipse/faces/presentacion/financiero/solicitudProceso/listarSolicitudProceso.xhtml HTTP/1.1" 200 1556
52.70.240.171 - - [06/Mar/2024:05:37:48 -0500] "GET /BLA/resoluciones/RESOLUCIONES%202007/RES%202007%201301%20AL%201400/RESOLUCION%201346%20DE%202007.pdf HTTP/1.1" 200 26579
3.224.220.101 - - [06/Mar/2024:05:37:52 -0500] "GET /BLA/resoluciones/RESOLUCIONES%202007/RES%202007%201301%20AL%201400/RESOLUCION%201345%20DE%202007.pdf HTTP/1.1" 200 45836
186.80.108.8 - - [06/Mar/2024:05:37:55 -0500] "POST /sipse/faces/presentacion/financiero/solicitudProceso/listarSolicitudProceso.xhtml HTTP/1.1" 200 127164
186.80.108.8 - - [06/Mar/2024:05:37:56 -0500] "GET /sipse/faces/javax.faces.resource/theme.css?ln=primefaces-sipse HTTP/1.1" 304 -
186.80.108.8 - - [06/Mar/2024:05:37:56 -0500] "GET /sipse/faces/javax.faces.resource/primefaces.css?ln=primefaces&v=4.0 HTTP/1.1" 304 -
186.80.108.8 - - [06/Mar/2024:05:37:56 -0500] "GET /sipse/faces/javax.faces.resource/layout/layout.css?ln=primefaces&v=4.0 HTTP/1.1" 304 -
186.80.108.8 - - [06/Mar/2024:05:37:56 -0500] "GET /sipse/faces/javax.faces.resource/jquery/jquery.js?ln=primefaces&v=4.0 HTTP/1.1" 304 -
186.80.108.8 - - [06/Mar/2024:05:37:56 -0500] "GET /sipse/faces/javax.faces.resource/jquery/jquery-plugins.js?ln=primefaces&v=4.0 HTTP/1.1" 304 -
186.80.108.8 - - [06/Mar/2024:05:37:56 -0500] "GET /sipse/faces/javax.faces.resource/primefaces.js?ln=primefaces&v=4.0 HTTP/1.1" 304 -
186.80.108.8 - - [06/Mar/2024:05:37:56 -0500] "GET /sipse/faces/javax.faces.resource/layout/layout.js?ln=primefaces&v=4.0 HTTP/1.1" 304 -
23.22.35.162 - - [06/Mar/2024:05:37:58 -0500] "GET /BLA/resoluciones/RESOLUCIONES%202007/RES%202007%201301%20AL%201400/RESOLUCION%201344%20DE%202007.pdf HTTP/1.1" 200 39334
186.80.108.8 - - [06/Mar/2024:05:38:00 -0500] "POST /sipse/faces/presentacion/financiero/solicitudProceso/consultarSolicitudProceso.xhtml HTTP/1.1" 200 5531
52.70.240.171 - - [06/Mar/2024:05:38:00 -0500] "GET /BLA/resoluciones/RESOLUCIONES%202007/RES%202007%201301%20AL%201400/RESOLUCION%201343%20DE%202007.pdf HTTP/1.1" 200 26433
23.22.35.162 - - [06/Mar/2024:05:38:04 -0500] "GET /BLA/resoluciones/RESOLUCIONES%202007/RES%202007%201301%20AL%201400/RESOLUCION%201342%20DE%202007.pdf HTTP/1.1" 200 27702
3.224.220.101 - - [06/Mar/2024:05:38:08 -0500] "GET /BLA/resoluciones/RESOLUCIONES%202007/RES%202007%201301%20AL%201400/RESOLUCION%201341%20DE%202007.pdf HTTP/1.1" 200 47436
23.22.35.162 - - [06/Mar/2024:05:38:13 -0500] "GET /BLA/resoluciones/RESOLUCIONES%202007/RES%202007%201301%20AL%201400/RESOLUCION%201340%20DE%202007.pdf HTTP/1.1" 200 27194
23.22.35.162 - - [06/Mar/2024:05:38:16 -0500] "GET /BLA/resoluciones/RESOLUCIONES%202007/RES%202007%201301%20AL%201400/RESOLUCION%201339%20DE%202007.pdf HTTP/1.1" 200 27839
52.70.240.171 - - [06/Mar/2024:05:38:20 -0500] "GET /BLA/resoluciones/RESOLUCIONES%202007/RES%202007%201301%20AL%201400/RESOLUCION%201338%20DE%202007.pdf HTTP/1.1" 200 26666
23.22.35.162 - - [06/Mar/2024:05:38:24 -0500] "GET /BLA/resoluciones/RESOLUCIONES%202007/RES%202007%201301%20AL%201400/RESOLUCION%201337%20DE%202007.pdf HTTP/1.1" 200 26729
23.22.35.162 - - [06/Mar/2024:05:38:28 -0500] "GET /BLA/resoluciones/RESOLUCIONES%202007/RES%202007%201301%20AL%201400/RESOLUCION%201336%20DE%202007.pdf HTTP/1.1" 200 26663
52.70.240.171 - - [06/Mar/2024:05:38:33 -0500] "GET /BLA/resoluciones/RESOLUCIONES%202007/RES%202007%201301%20AL%201400/RESOLUCION%201335%20DE%202007.pdf HTTP/1.1" 200 25322
3.224.220.101 - - [06/Mar/2024:05:38:36 -0500] "GET /BLA/resoluciones/RESOLUCIONES%202007/RES%202007%201301%20AL%201400/RESOLUCION%201334%20DE%202007.pdf HTTP/1.1" 200 71412
3.224.220.101 - - [06/Mar/2024:05:38:40 -0500] "GET /BLA/resoluciones/RESOLUCIONES%202007/RES%202007%201301%20AL%201400/RESOLUCION%201333%20DE%202007.pdf HTTP/1.1" 200 57642
23.22.35.162 - - [06/Mar/2024:05:38:44 -0500] "GET /BLA/resoluciones/RESOLUCIONES%202007/RES%202007%201301%20AL%201400/RESOLUCION%201332%20DE%202007.pdf HTTP/1.1" 200 253329
181.32.216.15 - - [06/Mar/2024:05:38:44 -0500] "POST /sipse/faces/presentacion/financiero/solicitudProceso/listarSolicitudProceso.xhtml HTTP/1.1" 200 59177
181.32.216.15 - - [06/Mar/2024:05:38:45 -0500] "GET /sipse/faces/javax.faces.resource/theme.css?ln=primefaces-sipse HTTP/1.1" 304 -
181.32.216.15 - - [06/Mar/2024:05:38:45 -0500] "GET /sipse/faces/javax.faces.resource/layout/layout.css?ln=primefaces&v=4.0 HTTP/1.1" 304 -
181.32.216.15 - - [06/Mar/2024:05:38:45 -0500] "GET /sipse/faces/javax.faces.resource/primefaces.css?ln=primefaces&v=4.0 HTTP/1.1" 304 -
181.32.216.15 - - [06/Mar/2024:05:38:45 -0500] "GET /sipse/faces/javax.faces.resource/jquery/jquery.js?ln=primefaces&v=4.0 HTTP/1.1" 304 -
181.32.216.15 - - [06/Mar/2024:05:38:45 -0500] "GET /sipse/faces/javax.faces.resource/jquery/jquery-plugins.js?ln=primefaces&v=4.0 HTTP/1.1" 304 -
181.32.216.15 - - [06/Mar/2024:05:38:45 -0500] "GET /sipse/faces/javax.faces.resource/primefaces.js?ln=primefaces&v=4.0 HTTP/1.1" 304 -
181.32.216.15 - - [06/Mar/2024:05:38:45 -0500] "GET /sipse/faces/javax.faces.resource/layout/layout.js?ln=primefaces&v=4.0 HTTP/1.1" 304 -
3.224.220.101 - - [06/Mar/2024:05:38:48 -0500] "GET /BLA/resoluciones/RESOLUCIONES%202007/RES%202007%201301%20AL%201400/RESOLUCION%201331%20DE%202007.pdf HTTP/1.1" 200 462236
52.70.240.171 - - [06/Mar/2024:05:38:53 -0500] "GET /BLA/resoluciones/RESOLUCIONES%202007/RES%202007%201301%20AL%201400/RESOLUCION%201330%20DE%202007.pdf HTTP/1.1" 200 567400
52.70.240.171 - - [06/Mar/2024:05:38:56 -0500] "GET /BLA/resoluciones/RESOLUCIONES%202007/RES%202007%201301%20AL%201400/RESOLUCION%201329%20DE%202007.pdf HTTP/1.1" 200 276885
52.70.240.171 - - [06/Mar/2024:05:39:01 -0500] "GET /BLA/resoluciones/RESOLUCIONES%202007/RES%202007%201301%20AL%201400/RESOLUCION%201328%20DE%202007.pdf HTTP/1.1" 200 252131
186.80.108.8 - - [06/Mar/2024:05:39:01 -0500] "POST /sipse/faces/presentacion/financiero/solicitudProceso/consultarSolicitudProceso.xhtml HTTP/1.1" 200 54870
186.80.108.8 - - [06/Mar/2024:05:39:02 -0500] "GET /sipse/faces/javax.faces.resource/theme.css?ln=primefaces-sipse HTTP/1.1" 304 -
186.80.108.8 - - [06/Mar/2024:05:39:02 -0500] "GET /sipse/faces/javax.faces.resource/primefaces.css?ln=primefaces&v=4.0 HTTP/1.1" 304 -
186.80.108.8 - - [06/Mar/2024:05:39:02 -0500] "GET /sipse/faces/javax.faces.resource/layout/layout.css?ln=primefaces&v=4.0 HTTP/1.1" 304 -
186.80.108.8 - - [06/Mar/2024:05:39:02 -0500] "GET /sipse/faces/javax.faces.resource/jquery/jquery.js?ln=primefaces&v=4.0 HTTP/1.1" 304 -
186.80.108.8 - - [06/Mar/2024:05:39:02 -0500] "GET /sipse/faces/javax.faces.resource/layout/layout.js?ln=primefaces&v=4.0 HTTP/1.1" 304 -
186.80.108.8 - - [06/Mar/2024:05:39:02 -0500] "GET /sipse/faces/javax.faces.resource/primefaces.js?ln=primefaces&v=4.0 HTTP/1.1" 304 -
186.80.108.8 - - [06/Mar/2024:05:39:02 -0500] "GET /sipse/faces/javax.faces.resource/jquery/jquery-plugins.js?ln=primefaces&v=4.0 HTTP/1.1" 304 -
186.80.108.8 - - [06/Mar/2024:05:39:02 -0500] "POST /sipse/faces/presentacion/financiero/solicitudProceso/listarSolicitudProceso.xhtml HTTP/1.1" 200 1492
186.80.108.8 - - [06/Mar/2024:05:39:02 -0500] "POST /sipse/faces/presentacion/financiero/solicitudProceso/listarSolicitudProceso.xhtml HTTP/1.1" 200 1496
52.70.240.171 - - [06/Mar/2024:05:39:04 -0500] "GET /BLA/resoluciones/RESOLUCIONES%202007/RES%202007%201301%20AL%201400/RESOLUCION%201327%20DE%202007.pdf HTTP/1.1" 200 233451
181.32.216.15 - - [06/Mar/2024:05:39:05 -0500] "POST /sipse/faces/presentacion/financiero/solicitudProceso/crearModificarSolicitudProceso.xhtml HTTP/1.1" 200 51773
23.22.35.162 - - [06/Mar/2024:05:39:08 -0500] "GET /BLA/resoluciones/RESOLUCIONES%202007/RES%202007%201301%20AL%201400/RESOLUCION%201326%20DE%202007.pdf HTTP/1.1" 200 350512
23.22.35.162 - - [06/Mar/2024:05:39:13 -0500] "GET /BLA/resoluciones/RESOLUCIONES%202007/RES%202007%201301%20AL%201400/RESOLUCION%201325%20DE%202007.pdf HTTP/1.1" 200 208952
181.32.216.15 - - [06/Mar/2024:05:39:13 -0500] "POST /sipse/faces/presentacion/financiero/solicitudProceso/crearModificarSolicitudProceso.xhtml HTTP/1.1" 200 25138
186.80.108.8 - - [06/Mar/2024:05:39:16 -0500] "POST /sipse/faces/presentacion/financiero/solicitudProceso/listarSolicitudProceso.xhtml HTTP/1.1" 200 129469
186.80.108.8 - - [06/Mar/2024:05:39:17 -0500] "GET /sipse/faces/javax.faces.resource/primefaces.css?ln=primefaces&v=4.0 HTTP/1.1" 304 -
186.80.108.8 - - [06/Mar/2024:05:39:17 -0500] "GET /sipse/faces/javax.faces.resource/layout/layout.css?ln=primefaces&v=4.0 HTTP/1.1" 304 -
186.80.108.8 - - [06/Mar/2024:05:39:17 -0500] "GET /sipse/faces/javax.faces.resource/theme.css?ln=primefaces-sipse HTTP/1.1" 304 -
186.80.108.8 - - [06/Mar/2024:05:39:17 -0500] "GET /sipse/faces/javax.faces.resource/jquery/jquery.js?ln=primefaces&v=4.0 HTTP/1.1" 304 -
186.80.108.8 - - [06/Mar/2024:05:39:17 -0500] "GET /sipse/faces/javax.faces.resource/jquery/jquery-plugins.js?ln=primefaces&v=4.0 HTTP/1.1" 304 -
52.70.240.171 - - [06/Mar/2024:05:39:17 -0500] "GET /BLA/resoluciones/RESOLUCIONES%202007/RES%202007%201301%20AL%201400/RESOLUCION%201324%20DE%202007.pdf HTTP/1.1" 200 237963
186.80.108.8 - - [06/Mar/2024:05:39:17 -0500] "GET /sipse/faces/javax.faces.resource/primefaces.js?ln=primefaces&v=4.0 HTTP/1.1" 304 -
186.80.108.8 - - [06/Mar/2024:05:39:17 -0500] "GET /sipse/faces/javax.faces.resource/layout/layout.js?ln=primefaces&v=4.0 HTTP/1.1" 304 -
186.80.108.8 - - [06/Mar/2024:05:39:20 -0500] "POST /sipse/faces/presentacion/financiero/solicitudProceso/consultarSolicitudProceso.xhtml HTTP/1.1" 200 5503
23.22.35.162 - - [06/Mar/2024:05:39:21 -0500] "GET /BLA/resoluciones/RESOLUCIONES%202007/RES%202007%201301%20AL%201400/RESOLUCION%201323%20DE%202007.pdf HTTP/1.1" 200 307925
181.32.216.15 - - [06/Mar/2024:05:39:21 -0500] "POST /sipse/faces/presentacion/financiero/solicitudProceso/crearModificarSolicitudProceso.xhtml HTTP/1.1" 200 6307
23.22.35.162 - - [06/Mar/2024:05:39:24 -0500] "GET /BLA/resoluciones/RESOLUCIONES%202007/RES%202007%201301%20AL%201400/RESOLUCION%201322%20DE%202007.pdf HTTP/1.1" 200 264826
3.224.220.101 - - [06/Mar/2024:05:39:28 -0500] "GET /BLA/resoluciones/RESOLUCIONES%202007/RES%202007%201301%20AL%201400/RESOLUCION%201321%20DE%202007.pdf HTTP/1.1" 200 326217
181.32.216.15 - - [06/Mar/2024:05:39:30 -0500] "POST /sipse/faces/presentacion/financiero/solicitudProceso/crearModificarSolicitudProceso.xhtml HTTP/1.1" 200 10247
23.22.35.162 - - [06/Mar/2024:05:39:32 -0500] "GET /BLA/resoluciones/RESOLUCIONES%202007/RES%202007%201301%20AL%201400/RESOLUCION%201320%20DE%202007.pdf HTTP/1.1" 200 199565
201.245.192.253 - - [06/Mar/2024:05:39:11 -0500] "POST /kwsrmcab/Wsrmcab HTTP/1.1" 200 37791
201.245.192.253 - - [06/Mar/2024:05:39:29 -0500] "POST /kwsrmcab/Wsrmcab HTTP/1.1" 200 37940
201.245.192.253 - - [06/Mar/2024:05:39:33 -0500] "POST /kwsrmcab/Wsrmcab HTTP/1.1" 200 37917
3.224.220.101 - - [06/Mar/2024:05:39:36 -0500] "GET /BLA/resoluciones/RESOLUCIONES%202007/RES%202007%201301%20AL%201400/RESOLUCION%201319%20DE%202007.pdf HTTP/1.1" 200 216860
181.32.216.15 - - [06/Mar/2024:05:39:36 -0500] "POST /sipse/faces/presentacion/financiero/solicitudProceso/crearModificarSolicitudProceso.xhtml HTTP/1.1" 200 7378
3.224.220.101 - - [06/Mar/2024:05:39:40 -0500] "GET /BLA/resoluciones/RESOLUCIONES%202007/RES%202007%201301%20AL%201400/RESOLUCION%201318%20DE%202007.pdf HTTP/1.1" 200 322351
52.70.240.171 - - [06/Mar/2024:05:39:44 -0500] "GET /BLA/resoluciones/RESOLUCIONES%202007/RES%202007%201301%20AL%201400/RESOLUCION%201317%20DE%202007.pdf HTTP/1.1" 200 430924
172.22.2.4 - - [06/Mar/2024:05:38:05 -0500] "HEAD /BLA/boletinlegal/ HTTP/1.1" 200 -
23.22.35.162 - - [06/Mar/2024:05:39:48 -0500] "GET /BLA/resoluciones/RESOLUCIONES%202007/RES%202007%201301%20AL%201400/RESOLUCION%201316%20DE%202007.pdf HTTP/1.1" 200 322813
3.224.220.101 - - [06/Mar/2024:05:39:52 -0500] "GET /BLA/resoluciones/RESOLUCIONES%202007/RES%202007%201301%20AL%201400/RESOLUCION%201315%20DE%202007.pdf HTTP/1.1" 200 573836
23.22.35.162 - - [06/Mar/2024:05:39:56 -0500] "GET /BLA/resoluciones/RESOLUCIONES%202007/RES%202007%201301%20AL%201400/RESOLUCION%201314%20DE%202007.pdf HTTP/1.1" 200 307512
3.224.220.101 - - [06/Mar/2024:05:40:00 -0500] "GET /BLA/resoluciones/RESOLUCIONES%202007/RES%202007%201301%20AL%201400/RESOLUCION%201313%20DE%202007.pdf HTTP/1.1" 200 307512
52.70.240.171 - - [06/Mar/2024:05:40:05 -0500] "GET /BLA/resoluciones/RESOLUCIONES%202007/RES%202007%201301%20AL%201400/RESOLUCION%201312%20DE%202007.pdf HTTP/1.1" 200 410809
216.245.221.92 - - [06/Mar/2024:05:40:08 -0500] "HEAD / HTTP/1.1" 200 -
23.22.35.162 - - [06/Mar/2024:05:40:08 -0500] "GET /BLA/resoluciones/RESOLUCIONES%202007/RES%202007%201301%20AL%201400/RESOLUCION%201311%20DE%202007.pdf HTTP/1.1" 200 137481
23.22.35.162 - - [06/Mar/2024:05:40:13 -0500] "GET /BLA/resoluciones/RESOLUCIONES%202007/RES%202007%201301%20AL%201400/RESOLUCION%201310%20DE%202007.pdf HTTP/1.1" 200 163153
3.224.220.101 - - [06/Mar/2024:05:40:16 -0500] "GET /BLA/resoluciones/RESOLUCIONES%202007/RES%202007%201301%20AL%201400/RESOLUCION%201309%20DE%202007.pdf HTTP/1.1" 200 507997
23.22.35.162 - - [06/Mar/2024:05:40:20 -0500] "GET /BLA/resoluciones/RESOLUCIONES%202007/RES%202007%201301%20AL%201400/RESOLUCION%201308%20DE%202007.pdf HTTP/1.1" 200 342640
201.245.192.253 - - [06/Mar/2024:05:40:12 -0500] "POST /kwsrmcab/Wsrmcab HTTP/1.1" 200 37917
3.224.220.101 - - [06/Mar/2024:05:40:24 -0500] "GET /BLA/resoluciones/RESOLUCIONES%202007/RES%202007%201301%20AL%201400/RESOLUCION%201307%20DE%202007.pdf HTTP/1.1" 200 269444
3.224.220.101 - - [06/Mar/2024:05:40:28 -0500] "GET /BLA/resoluciones/RESOLUCIONES%202007/RES%202007%201301%20AL%201400/RESOLUCION%201306%20DE%202007.pdf HTTP/1.1" 200 211137
201.245.192.253 - - [06/Mar/2024:05:40:27 -0500] "POST /kwsrmcab/Wsrmcab  HTTP/1.1" 200 39632
52.70.240.171 - - [06/Mar/2024:05:40:32 -0500] "GET /BLA/resoluciones/RESOLUCIONES%202007/RES%202007%201301%20AL%201400/RESOLUCION%201305%20DE%202007.pdf HTTP/1.1" 200 70169
52.167.144.223 - - [06/Mar/2024:05:40:33 -0500] "GET /BLA/resoluciones/RESOLUCIONES%202023/2263.pdf HTTP/1.1" 200 3436912
172.22.2.4 - - [06/Mar/2024:05:38:56 -0500] "GET /BLA/boletinlegal/ HTTP/1.1" 200 59967
23.22.35.162 - - [06/Mar/2024:05:40:36 -0500] "GET /BLA/resoluciones/RESOLUCIONES%202007/RES%202007%201301%20AL%201400/RESOLUCION%201304%20DE%202007.pdf HTTP/1.1" 200 61586
23.22.35.162 - - [06/Mar/2024:05:40:41 -0500] "GET /BLA/resoluciones/RESOLUCIONES%202007/RES%202007%201301%20AL%201400/RESOLUCION%201303%20DE%202007.pdf HTTP/1.1" 200 66890
23.22.35.162 - - [06/Mar/2024:05:40:44 -0500] "GET /BLA/resoluciones/RESOLUCIONES%202007/RES%202007%201301%20AL%201400/RESOLUCION%201302%20DE%202007.pdf HTTP/1.1" 200 389529
3.224.220.101 - - [06/Mar/2024:05:40:52 -0500] "GET /BLA/resoluciones/RESOLUCIONES%202007/RES%202007%201301%20AL%201400/RESOLUCION%201301%20DE%202007.pdf HTTP/1.1" 200 409934
3.224.220.101 - - [06/Mar/2024:05:40:52 -0500] "GET /BLA/resoluciones/RESOLUCIONES%202007/RES%202007%201201%20AL%201300/RESOLUCION%201261%20%20DE%202007.pdf HTTP/1.1" 200 840832
3.224.220.101 - - [06/Mar/2024:05:40:56 -0500] "GET /BLA/resoluciones/RESOLUCIONES%202007/RES%202007%201201%20AL%201300/RESOLUCION%201246%20%20DE%202007.pdf HTTP/1.1" 200 798512
3.224.220.101 - - [06/Mar/2024:05:41:00 -0500] "GET /BLA/resoluciones/RESOLUCIONES%202007/RES%202007%201201%20AL%201300/RESOLUCION%201235%20%20DE%202007.pdf HTTP/1.1" 200 191916
52.70.240.171 - - [06/Mar/2024:05:41:04 -0500] "GET /BLA/resoluciones/RESOLUCIONES%202007/RES%202007%201201%20AL%201300/RESOLUCION%201234%20%20DE%202007.pdf HTTP/1.1" 200 201095
3.224.220.101 - - [06/Mar/2024:05:41:12 -0500] "GET /BLA/resoluciones/index.php?dir=RESOLUCIONES%202020/&order=desc&sort=date HTTP/1.1" 200 170604
3.224.220.101 - - [06/Mar/2024:05:41:16 -0500] "GET /BLA/resoluciones/index.php?dir=RESOLUCIONES%202020/&order=asc&sort=name HTTP/1.1" 200 170605
52.70.240.171 - - [06/Mar/2024:05:41:20 -0500] "GET /BLA/resoluciones/index.php?dir=RESOLUCIONES%201993/&order=desc&sort=size HTTP/1.1" 200 2878
3.224.220.101 - - [06/Mar/2024:05:41:24 -0500] "GET /BLA/resoluciones/index.php?dir=RESOLUCIONES%202015/&order=desc&sort=size HTTP/1.1" 200 130731
3.224.220.101 - - [06/Mar/2024:05:41:32 -0500] "GET /BLA/resoluciones/index.php?dir=RESOLUCIONES%201993/&order=desc&sort=date HTTP/1.1" 200 2878
23.22.35.162 - - [06/Mar/2024:05:41:36 -0500] "GET /BLA/resoluciones/index.php?dir=RESOLUCIONES%201993/&order=asc&sort=name HTTP/1.1" 200 2879
3.224.220.101 - - [06/Mar/2024:05:41:56 -0500] "GET /BLA/resoluciones/index.php?dir=RESOLUCIONES%202015/&order=desc&sort=date HTTP/1.1" 200 130731
23.22.35.162 - - [06/Mar/2024:05:42:02 -0500] "GET /BLA/resoluciones/index.php?dir=RESOLUCIONES%202015/&order=asc&sort=name HTTP/1.1" 200 130732
3.224.220.101 - - [06/Mar/2024:05:42:20 -0500] "GET /BLA/resoluciones/index.php?dir=RESOLUCIONES%202007/RES%202007%20701%20AL%20800/&order=asc&sort=date HTTP/1.1" 200 26639
52.70.240.171 - - [06/Mar/2024:05:42:38 -0500] "GET /BLA/resoluciones/index.php?dir=RESOLUCIONES%202007/RES%202007%20701%20AL%20800/&order=desc&sort=date HTTP/1.1" 200 26638
52.70.240.171 - - [06/Mar/2024:05:42:40 -0500] "GET /BLA/resoluciones/index.php?dir=RESOLUCIONES%202007/RES%202007%20701%20AL%20800/&order=asc&sort=name HTTP/1.1" 200 26639
23.22.35.162 - - [06/Mar/2024:05:42:45 -0500] "GET /BLA/resoluciones/index.php?dir=RESOLUCIONES%202007/RES%202007%20701%20AL%20800/&order=asc&sort=size HTTP/1.1" 200 26639
52.70.240.171 - - [06/Mar/2024:05:43:02 -0500] "GET /BLA/resoluciones/index.php?dir=RESOLUCIONES%202007/RES%202007%20701%20AL%20800/&order=desc&sort=size HTTP/1.1" 200 26638
52.70.240.171 - - [06/Mar/2024:05:43:08 -0500] "GET /BLA/resoluciones/index.php?dir=RESOLUCIONES%202007/RES%202007%20701%20AL%20800/&order=desc&sort=name HTTP/1.1" 200 26638
52.70.240.171 - - [06/Mar/2024:05:43:13 -0500] "GET /BLA/resoluciones/index.php?dir=RESOLUCIONES%202007/&order=desc&sort=size HTTP/1.1" 200 37997
3.224.220.101 - - [06/Mar/2024:05:43:28 -0500] "GET /BLA/resoluciones/index.php?dir=RESOLUCIONES%202007/&order=desc&sort=date HTTP/1.1" 200 37997
3.224.220.101 - - [06/Mar/2024:05:43:33 -0500] "GET /BLA/resoluciones/index.php?dir=RESOLUCIONES%202007/&order=asc&sort=name HTTP/1.1" 200 37998
3.224.220.101 - - [06/Mar/2024:05:43:36 -0500] "GET /BLA/resoluciones/index.php?dir=RESOLUCIONES%202007/RES%202007%201%20AL%20100/&order=asc&sort=date HTTP/1.1" 200 26175
3.224.220.101 - - [06/Mar/2024:05:43:48 -0500] "GET /BLA/resoluciones/index.php?dir=RESOLUCIONES%202007/RES%202007%201%20AL%20100/&order=desc&sort=date HTTP/1.1" 200 26174
52.70.240.171 - - [06/Mar/2024:05:43:52 -0500] "GET /BLA/resoluciones/index.php?dir=RESOLUCIONES%202007/RES%202007%201%20AL%20100/&order=asc&sort=name HTTP/1.1" 200 26175
52.70.240.171 - - [06/Mar/2024:05:44:12 -0500] "GET /BLA/resoluciones/index.php?dir=RESOLUCIONES%202007/RES%202007%201%20AL%20100/&order=asc&sort=size HTTP/1.1" 200 26175
23.22.35.162 - - [06/Mar/2024:05:44:20 -0500] "GET /BLA/resoluciones/index.php?dir=RESOLUCIONES%202007/RES%202007%201%20AL%20100/&order=desc&sort=size HTTP/1.1" 200 26174
17.241.75.116 - - [06/Mar/2024:05:44:22 -0500] "GET /bogota-reverdece-219-nuevos-arboles-plantados-en-ciudad-bolivar.html HTTP/1.1" 200 849
3.224.220.101 - - [06/Mar/2024:05:44:24 -0500] "GET /BLA/resoluciones/index.php?dir=RESOLUCIONES%202007/RES%202007%201%20AL%20100/&order=desc&sort=name HTTP/1.1" 200 26174
3.224.220.101 - - [06/Mar/2024:05:44:32 -0500] "GET /BLA/resoluciones/index.php?dir=RESOLUCIONES%202007/RES%202007%20101%20AL%20200/&order=asc&sort=date HTTP/1.1" 200 26931
3.224.220.101 - - [06/Mar/2024:05:44:37 -0500] "GET /BLA/resoluciones/index.php?dir=RESOLUCIONES%202007/RES%202007%20101%20AL%20200/&order=desc&sort=date HTTP/1.1" 200 26930
23.22.35.162 - - [06/Mar/2024:05:44:40 -0500] "GET /BLA/resoluciones/index.php?dir=RESOLUCIONES%202007/RES%202007%20101%20AL%20200/&order=asc&sort=name HTTP/1.1" 200 26931
40.77.167.27 - - [06/Mar/2024:05:44:42 -0500] "GET /BLA/resoluciones/AUTOS%202023/3519.pdf HTTP/1.1" 304 -
23.22.35.162 - - [06/Mar/2024:05:44:44 -0500] "GET /BLA/resoluciones/index.php?dir=RESOLUCIONES%202007/RES%202007%20101%20AL%20200/&order=asc&sort=size HTTP/1.1" 200 26931
52.70.240.171 - - [06/Mar/2024:05:44:49 -0500] "GET /BLA/resoluciones/index.php?dir=RESOLUCIONES%202007/RES%202007%20101%20AL%20200/&order=desc&sort=size HTTP/1.1" 200 26930
23.22.35.162 - - [06/Mar/2024:05:44:52 -0500] "GET /BLA/resoluciones/index.php?dir=RESOLUCIONES%202007/RES%202007%20101%20AL%20200/&order=desc&sort=name HTTP/1.1" 200 26930
52.70.240.171 - - [06/Mar/2024:05:44:56 -0500] "GET /BLA/resoluciones/index.php?dir=RESOLUCIONES%202007/RES%202007%20301%20AL%20400/&order=asc&sort=date HTTP/1.1" 200 26381
3.224.220.101 - - [06/Mar/2024:05:45:08 -0500] "GET /BLA/resoluciones/index.php?dir=RESOLUCIONES%202007/RES%202007%20301%20AL%20400/&order=desc&sort=date HTTP/1.1" 200 26380
216.245.221.92 - - [06/Mar/2024:05:45:08 -0500] "HEAD / HTTP/1.1" 200 -
123.149.79.104 - - [06/Mar/2024:05:45:15 -0500] "GET /robots.txt HTTP/1.1" 404 1018
23.22.35.162 - - [06/Mar/2024:05:45:16 -0500] "GET /BLA/resoluciones/index.php?dir=RESOLUCIONES%202007/RES%202007%20301%20AL%20400/&order=asc&sort=name HTTP/1.1" 200 26381
3.224.220.101 - - [06/Mar/2024:05:45:20 -0500] "GET /BLA/resoluciones/index.php?dir=RESOLUCIONES%202007/RES%202007%20301%20AL%20400/&order=asc&sort=size HTTP/1.1" 200 26381
52.70.240.171 - - [06/Mar/2024:05:45:24 -0500] "GET /BLA/resoluciones/index.php?dir=RESOLUCIONES%202007/RES%202007%20301%20AL%20400/&order=desc&sort=size HTTP/1.1" 200 26380
201.245.192.253 - - [06/Mar/2024:05:45:27 -0500] "POST /kwsrmcab/Wsrmcab  HTTP/1.1" 200 39632
3.224.220.101 - - [06/Mar/2024:05:45:32 -0500] "GET /BLA/resoluciones/index.php?dir=RESOLUCIONES%202007/RES%202007%20301%20AL%20400/&order=desc&sort=name HTTP/1.1" 200 26380
172.22.2.4 - - [06/Mar/2024:05:43:55 -0500] "HEAD /BLA/boletinlegal/ HTTP/1.1" 200 -
3.224.220.101 - - [06/Mar/2024:05:45:36 -0500] "GET /BLA/resoluciones/index.php?dir=RESOLUCIONES%202007/RES%202007%20201%20AL%20300/&order=asc&sort=date HTTP/1.1" 200 27110
157.90.251.233 - - [06/Mar/2024:05:45:46 -0500] "GET / HTTP/1.1" 200 4720
3.224.220.101 - - [06/Mar/2024:05:45:48 -0500] "GET /BLA/resoluciones/index.php?dir=RESOLUCIONES%202007/RES%202007%20201%20AL%20300/&order=desc&sort=date HTTP/1.1" 200 27109
52.70.240.171 - - [06/Mar/2024:05:46:12 -0500] "GET /BLA/resoluciones/index.php?dir=RESOLUCIONES%202007/RES%202007%20201%20AL%20300/&order=asc&sort=name HTTP/1.1" 200 27110
172.22.2.4 - - [06/Mar/2024:05:44:46 -0500] "GET /BLA/boletinlegal/ HTTP/1.1" 200 53419
23.22.35.162 - - [06/Mar/2024:05:46:32 -0500] "GET /BLA/resoluciones/index.php?dir=RESOLUCIONES%202007/RES%202007%20201%20AL%20300/&order=asc&sort=size HTTP/1.1" 200 27110
52.70.240.171 - - [06/Mar/2024:05:46:36 -0500] "GET /BLA/resoluciones/index.php?dir=RESOLUCIONES%202007/RES%202007%20201%20AL%20300/&order=desc&sort=size HTTP/1.1" 200 27109
52.70.240.171 - - [06/Mar/2024:05:46:40 -0500] "GET /BLA/resoluciones/index.php?dir=RESOLUCIONES%202007/RES%202007%20201%20AL%20300/&order=desc&sort=name HTTP/1.1" 200 27109
181.32.216.15 - - [06/Mar/2024:05:46:43 -0500] "POST /sipse/faces/presentacion/financiero/solicitudProceso/crearModificarSolicitudProceso.xhtml HTTP/1.1" 200 24673
181.32.216.15 - - [06/Mar/2024:05:46:44 -0500] "GET /sipse/faces/javax.faces.resource/theme.css?ln=primefaces-sipse HTTP/1.1" 304 -
181.32.216.15 - - [06/Mar/2024:05:46:44 -0500] "GET /sipse/faces/javax.faces.resource/primefaces.css?ln=primefaces&v=4.0 HTTP/1.1" 304 -
181.32.216.15 - - [06/Mar/2024:05:46:44 -0500] "GET /sipse/faces/javax.faces.resource/jquery/jquery.js?ln=primefaces&v=4.0 HTTP/1.1" 304 -
181.32.216.15 - - [06/Mar/2024:05:46:44 -0500] "GET /sipse/faces/javax.faces.resource/layout/layout.css?ln=primefaces&v=4.0 HTTP/1.1" 304 -
181.32.216.15 - - [06/Mar/2024:05:46:44 -0500] "GET /sipse/faces/javax.faces.resource/layout/layout.js?ln=primefaces&v=4.0 HTTP/1.1" 304 -
181.32.216.15 - - [06/Mar/2024:05:46:44 -0500] "GET /sipse/faces/javax.faces.resource/primefaces.js?ln=primefaces&v=4.0 HTTP/1.1" 304 -
181.32.216.15 - - [06/Mar/2024:05:46:44 -0500] "GET /sipse/faces/javax.faces.resource/jquery/jquery-plugins.js?ln=primefaces&v=4.0 HTTP/1.1" 304 -
181.32.216.15 - - [06/Mar/2024:05:46:44 -0500] "GET /sipse/faces/javax.faces.resource/images/ui-icons_898989_256x240.png?ln=primefaces-aristo HTTP/1.1" 304 -
52.70.240.171 - - [06/Mar/2024:05:46:45 -0500] "GET /BLA/resoluciones/index.php?dir=RESOLUCIONES%202007/RES%202007%20801%20AL%20900/&order=asc&sort=date HTTP/1.1" 200 26642
186.80.108.8 - - [06/Mar/2024:05:46:45 -0500] "POST /sipse/faces/presentacion/financiero/solicitudProceso/consultarSolicitudProceso.xhtml HTTP/1.1" 200 54870
186.80.108.8 - - [06/Mar/2024:05:46:46 -0500] "GET /sipse/faces/javax.faces.resource/theme.css?ln=primefaces-sipse HTTP/1.1" 304 -
186.80.108.8 - - [06/Mar/2024:05:46:46 -0500] "GET /sipse/faces/javax.faces.resource/primefaces.css?ln=primefaces&v=4.0 HTTP/1.1" 304 -
186.80.108.8 - - [06/Mar/2024:05:46:46 -0500] "GET /sipse/faces/javax.faces.resource/layout/layout.css?ln=primefaces&v=4.0 HTTP/1.1" 304 -
186.80.108.8 - - [06/Mar/2024:05:46:46 -0500] "GET /sipse/faces/javax.faces.resource/jquery/jquery.js?ln=primefaces&v=4.0 HTTP/1.1" 304 -
186.80.108.8 - - [06/Mar/2024:05:46:46 -0500] "GET /sipse/faces/javax.faces.resource/jquery/jquery-plugins.js?ln=primefaces&v=4.0 HTTP/1.1" 304 -
186.80.108.8 - - [06/Mar/2024:05:46:46 -0500] "GET /sipse/faces/javax.faces.resource/primefaces.js?ln=primefaces&v=4.0 HTTP/1.1" 304 -
186.80.108.8 - - [06/Mar/2024:05:46:46 -0500] "GET /sipse/faces/javax.faces.resource/layout/layout.js?ln=primefaces&v=4.0 HTTP/1.1" 304 -
186.80.108.8 - - [06/Mar/2024:05:46:46 -0500] "GET /sipse/faces/javax.faces.resource/images/ui-icons_898989_256x240.png?ln=primefaces-aristo HTTP/1.1" 304 -
186.80.108.8 - - [06/Mar/2024:05:46:46 -0500] "GET /sipse/css/imagen/contrasena.png HTTP/1.1" 404 383
186.80.108.8 - - [06/Mar/2024:05:46:46 -0500] "GET /sipse/faces/javax.faces.resource/images/ui-bg_flat_0_2d5972_40x100.png?ln=primefaces-aristo HTTP/1.1" 304 -
186.80.108.8 - - [06/Mar/2024:05:46:46 -0500] "POST /sipse/faces/presentacion/financiero/solicitudProceso/listarSolicitudProceso.xhtml HTTP/1.1" 200 1492
186.80.108.8 - - [06/Mar/2024:05:46:46 -0500] "POST /sipse/faces/presentacion/financiero/solicitudProceso/listarSolicitudProceso.xhtml HTTP/1.1" 200 1496
181.32.216.15 - - [06/Mar/2024:05:46:51 -0500] "GET /sipse/faces/javax.faces.resource/images/ui-bg_flat_0_2d5972_40x100.png?ln=primefaces-aristo HTTP/1.1" 304 -
181.32.216.15 - - [06/Mar/2024:05:46:51 -0500] "POST /sipse/faces/presentacion/financiero/solicitudProyectoActividad/asociarProyectoSolicitud.xhtml HTTP/1.1" 200 6543
23.22.35.162 - - [06/Mar/2024:05:46:52 -0500] "GET /BLA/resoluciones/index.php?dir=RESOLUCIONES%202007/RES%202007%20801%20AL%20900/&order=desc&sort=date HTTP/1.1" 200 26641
181.32.216.15 - - [06/Mar/2024:05:46:53 -0500] "POST /sipse/faces/presentacion/financiero/solicitudProyectoActividad/asociarProyectoSolicitud.xhtml HTTP/1.1" 200 1696
181.32.216.15 - - [06/Mar/2024:05:46:54 -0500] "POST /sipse/faces/presentacion/financiero/solicitudProyectoActividad/asociarProyectoSolicitud.xhtml HTTP/1.1" 200 75079
181.32.216.15 - - [06/Mar/2024:05:46:54 -0500] "GET /sipse/faces/javax.faces.resource/primefaces.css?ln=primefaces&v=4.0 HTTP/1.1" 304 -
181.32.216.15 - - [06/Mar/2024:05:46:54 -0500] "GET /sipse/faces/javax.faces.resource/theme.css?ln=primefaces-sipse HTTP/1.1" 304 -
181.32.216.15 - - [06/Mar/2024:05:46:54 -0500] "GET /sipse/faces/javax.faces.resource/layout/layout.css?ln=primefaces&v=4.0 HTTP/1.1" 304 -
181.32.216.15 - - [06/Mar/2024:05:46:54 -0500] "GET /sipse/faces/javax.faces.resource/jquery/jquery.js?ln=primefaces&v=4.0 HTTP/1.1" 304 -
181.32.216.15 - - [06/Mar/2024:05:46:54 -0500] "GET /sipse/faces/javax.faces.resource/jquery/jquery-plugins.js?ln=primefaces&v=4.0 HTTP/1.1" 304 -
181.32.216.15 - - [06/Mar/2024:05:46:54 -0500] "GET /sipse/faces/javax.faces.resource/primefaces.js?ln=primefaces&v=4.0 HTTP/1.1" 304 -
181.32.216.15 - - [06/Mar/2024:05:46:54 -0500] "GET /sipse/faces/javax.faces.resource/layout/layout.js?ln=primefaces&v=4.0 HTTP/1.1" 304 -
23.22.35.162 - - [06/Mar/2024:05:46:56 -0500] "GET /BLA/resoluciones/index.php?dir=RESOLUCIONES%202007/RES%202007%20801%20AL%20900/&order=asc&sort=name HTTP/1.1" 200 26642
172.22.2.4 - - [06/Mar/2024:05:45:18 -0500] "GET /BLA/boletinlegal/ HTTP/1.1" 200 56779
52.167.144.55 - - [06/Mar/2024:05:47:00 -0500] "GET /robots.txt HTTP/1.1" 404 1049
3.224.220.101 - - [06/Mar/2024:05:47:01 -0500] "GET /BLA/resoluciones/index.php?dir=RESOLUCIONES%202007/RES%202007%20801%20AL%20900/&order=asc&sort=size HTTP/1.1" 200 26642
40.77.167.132 - - [06/Mar/2024:05:47:03 -0500] "GET /BLA/boletinlegal/Directivas/2014/Directiva%20No.%202%20del%205%20de%20Mayo%20de%202014.pdf HTTP/1.1" 304 -
186.80.108.8 - - [06/Mar/2024:05:47:05 -0500] "POST /sipse/faces/presentacion/financiero/solicitudProceso/listarSolicitudProceso.xhtml HTTP/1.1" 200 129280
186.80.108.8 - - [06/Mar/2024:05:47:06 -0500] "GET /sipse/faces/javax.faces.resource/theme.css?ln=primefaces-sipse HTTP/1.1" 304 -
186.80.108.8 - - [06/Mar/2024:05:47:06 -0500] "GET /sipse/faces/javax.faces.resource/primefaces.css?ln=primefaces&v=4.0 HTTP/1.1" 304 -
186.80.108.8 - - [06/Mar/2024:05:47:06 -0500] "GET /sipse/faces/javax.faces.resource/layout/layout.css?ln=primefaces&v=4.0 HTTP/1.1" 304 -
181.32.216.15 - - [06/Mar/2024:05:47:06 -0500] "POST /sipse/faces/presentacion/financiero/solicitudProyectoActividad/asociarActividadSolicitud.xhtml HTTP/1.1" 200 20187
186.80.108.8 - - [06/Mar/2024:05:47:06 -0500] "GET /sipse/faces/javax.faces.resource/jquery/jquery.js?ln=primefaces&v=4.0 HTTP/1.1" 304 -
181.32.216.15 - - [06/Mar/2024:05:47:06 -0500] "GET /sipse/faces/javax.faces.resource/layout/layout.css?ln=primefaces&v=4.0 HTTP/1.1" 304 -
181.32.216.15 - - [06/Mar/2024:05:47:06 -0500] "GET /sipse/faces/javax.faces.resource/primefaces.css?ln=primefaces&v=4.0 HTTP/1.1" 304 -
181.32.216.15 - - [06/Mar/2024:05:47:06 -0500] "GET /sipse/faces/javax.faces.resource/theme.css?ln=primefaces-sipse HTTP/1.1" 304 -
181.32.216.15 - - [06/Mar/2024:05:47:06 -0500] "GET /sipse/faces/javax.faces.resource/jquery/jquery.js?ln=primefaces&v=4.0 HTTP/1.1" 304 -
186.80.108.8 - - [06/Mar/2024:05:47:06 -0500] "GET /sipse/faces/javax.faces.resource/jquery/jquery-plugins.js?ln=primefaces&v=4.0 HTTP/1.1" 304 -
181.32.216.15 - - [06/Mar/2024:05:47:06 -0500] "GET /sipse/faces/javax.faces.resource/jquery/jquery-plugins.js?ln=primefaces&v=4.0 HTTP/1.1" 304 -
181.32.216.15 - - [06/Mar/2024:05:47:06 -0500] "GET /sipse/faces/javax.faces.resource/primefaces.js?ln=primefaces&v=4.0 HTTP/1.1" 304 -
181.32.216.15 - - [06/Mar/2024:05:47:07 -0500] "GET /sipse/faces/javax.faces.resource/layout/layout.js?ln=primefaces&v=4.0 HTTP/1.1" 304 -
186.80.108.8 - - [06/Mar/2024:05:47:07 -0500] "GET /sipse/faces/javax.faces.resource/primefaces.js?ln=primefaces&v=4.0 HTTP/1.1" 304 -
186.80.108.8 - - [06/Mar/2024:05:47:07 -0500] "GET /sipse/faces/javax.faces.resource/layout/layout.js?ln=primefaces&v=4.0 HTTP/1.1" 304 -
186.80.108.8 - - [06/Mar/2024:05:47:10 -0500] "POST /sipse/faces/presentacion/financiero/solicitudProceso/consultarSolicitudProceso.xhtml HTTP/1.1" 200 5503
23.22.35.162 - - [06/Mar/2024:05:47:12 -0500] "GET /BLA/resoluciones/index.php?dir=RESOLUCIONES%202007/RES%202007%20801%20AL%20900/&order=desc&sort=size HTTP/1.1" 200 26641
181.61.157.160 - - [06/Mar/2024:05:47:11 -0500] "POST /sipse/faces/presentacion/financiero/solicitudProceso/consultarSolicitudProceso.xhtml HTTP/1.1" 200 55775
181.61.157.160 - - [06/Mar/2024:05:47:14 -0500] "GET /sipse/faces/javax.faces.resource/theme.css?ln=primefaces-sipse HTTP/1.1" 304 -
181.61.157.160 - - [06/Mar/2024:05:47:14 -0500] "GET /sipse/faces/javax.faces.resource/layout/layout.css?ln=primefaces&v=4.0 HTTP/1.1" 304 -
181.61.157.160 - - [06/Mar/2024:05:47:14 -0500] "GET /sipse/faces/javax.faces.resource/primefaces.css?ln=primefaces&v=4.0 HTTP/1.1" 304 -
181.61.157.160 - - [06/Mar/2024:05:47:14 -0500] "GET /sipse/faces/javax.faces.resource/jquery/jquery.js?ln=primefaces&v=4.0 HTTP/1.1" 304 -
181.61.157.160 - - [06/Mar/2024:05:47:14 -0500] "GET /sipse/faces/javax.faces.resource/jquery/jquery-plugins.js?ln=primefaces&v=4.0 HTTP/1.1" 304 -
181.61.157.160 - - [06/Mar/2024:05:47:14 -0500] "GET /sipse/css/imagen/contrasena.png HTTP/1.1" 404 383
181.61.157.160 - - [06/Mar/2024:05:47:14 -0500] "GET /sipse/faces/javax.faces.resource/primefaces.js?ln=primefaces&v=4.0 HTTP/1.1" 304 -
181.61.157.160 - - [06/Mar/2024:05:47:14 -0500] "GET /sipse/faces/javax.faces.resource/layout/layout.js?ln=primefaces&v=4.0 HTTP/1.1" 304 -
181.61.157.160 - - [06/Mar/2024:05:47:15 -0500] "POST /sipse/faces/presentacion/financiero/solicitudProceso/listarSolicitudProceso.xhtml HTTP/1.1" 200 1540
181.61.157.160 - - [06/Mar/2024:05:47:19 -0500] "POST /sipse/faces/presentacion/financiero/solicitudProceso/listarSolicitudProceso.xhtml HTTP/1.1" 200 22532
52.70.240.171 - - [06/Mar/2024:05:47:20 -0500] "GET /BLA/resoluciones/index.php?dir=RESOLUCIONES%202007/RES%202007%20801%20AL%20900/&order=desc&sort=name HTTP/1.1" 200 26641
181.61.157.160 - - [06/Mar/2024:05:47:34 -0500] "POST /sipse/faces/presentacion/financiero/solicitudProceso/listarSolicitudProceso.xhtml HTTP/1.1" 200 144161
181.61.157.160 - - [06/Mar/2024:05:47:35 -0500] "GET /sipse/faces/javax.faces.resource/theme.css?ln=primefaces-sipse HTTP/1.1" 304 -
181.61.157.160 - - [06/Mar/2024:05:47:35 -0500] "GET /sipse/faces/javax.faces.resource/primefaces.css?ln=primefaces&v=4.0 HTTP/1.1" 304 -
181.61.157.160 - - [06/Mar/2024:05:47:35 -0500] "GET /sipse/faces/javax.faces.resource/layout/layout.css?ln=primefaces&v=4.0 HTTP/1.1" 304 -
181.61.157.160 - - [06/Mar/2024:05:47:35 -0500] "GET /sipse/faces/javax.faces.resource/jquery/jquery.js?ln=primefaces&v=4.0 HTTP/1.1" 304 -
181.61.157.160 - - [06/Mar/2024:05:47:35 -0500] "GET /sipse/faces/javax.faces.resource/jquery/jquery-plugins.js?ln=primefaces&v=4.0 HTTP/1.1" 304 -
181.61.157.160 - - [06/Mar/2024:05:47:35 -0500] "GET /sipse/faces/javax.faces.resource/primefaces.js?ln=primefaces&v=4.0 HTTP/1.1" 304 -
181.61.157.160 - - [06/Mar/2024:05:47:35 -0500] "GET /sipse/faces/javax.faces.resource/layout/layout.js?ln=primefaces&v=4.0 HTTP/1.1" 304 -
52.70.240.171 - - [06/Mar/2024:05:47:48 -0500] "GET /BLA/resoluciones/index.php?dir=RESOLUCIONES%202007/RES%202007%20501%20AL%20600/&order=asc&sort=date HTTP/1.1" 200 26888
181.61.157.160 - - [06/Mar/2024:05:47:49 -0500] "POST /sipse/faces/presentacion/financiero/solicitudProceso/consultarSolicitudProceso.xhtml HTTP/1.1" 200 32100
181.61.157.160 - - [06/Mar/2024:05:47:50 -0500] "GET /sipse/faces/javax.faces.resource/theme.css?ln=primefaces-sipse HTTP/1.1" 304 -
181.61.157.160 - - [06/Mar/2024:05:47:50 -0500] "GET /sipse/faces/javax.faces.resource/primefaces.css?ln=primefaces&v=4.0 HTTP/1.1" 304 -
181.61.157.160 - - [06/Mar/2024:05:47:50 -0500] "GET /sipse/faces/javax.faces.resource/layout/layout.css?ln=primefaces&v=4.0 HTTP/1.1" 304 -
181.61.157.160 - - [06/Mar/2024:05:47:50 -0500] "GET /sipse/faces/javax.faces.resource/jquery/jquery.js?ln=primefaces&v=4.0 HTTP/1.1" 304 -
181.61.157.160 - - [06/Mar/2024:05:47:50 -0500] "GET /sipse/faces/javax.faces.resource/jquery/jquery-plugins.js?ln=primefaces&v=4.0 HTTP/1.1" 304 -
181.61.157.160 - - [06/Mar/2024:05:47:50 -0500] "GET /sipse/faces/javax.faces.resource/primefaces.js?ln=primefaces&v=4.0 HTTP/1.1" 304 -
181.61.157.160 - - [06/Mar/2024:05:47:50 -0500] "GET /sipse/faces/javax.faces.resource/layout/layout.js?ln=primefaces&v=4.0 HTTP/1.1" 304 -
23.22.35.162 - - [06/Mar/2024:05:47:52 -0500] "GET /BLA/resoluciones/index.php?dir=RESOLUCIONES%202007/RES%202007%20501%20AL%20600/&order=desc&sort=date HTTP/1.1" 200 26887
181.61.157.160 - - [06/Mar/2024:05:47:54 -0500] "GET /sipse/faces/javax.faces.resource/theme.css?ln=primefaces-sipse HTTP/1.1" 304 -
181.61.157.160 - - [06/Mar/2024:05:47:54 -0500] "GET /sipse/faces/javax.faces.resource/primefaces.css?ln=primefaces&v=4.0 HTTP/1.1" 304 -
181.61.157.160 - - [06/Mar/2024:05:47:54 -0500] "GET /sipse/faces/javax.faces.resource/layout/layout.css?ln=primefaces&v=4.0 HTTP/1.1" 304 -
181.61.157.160 - - [06/Mar/2024:05:47:54 -0500] "GET /sipse/faces/javax.faces.resource/jquery/jquery-plugins.js?ln=primefaces&v=4.0 HTTP/1.1" 304 -
181.61.157.160 - - [06/Mar/2024:05:47:54 -0500] "GET /sipse/faces/javax.faces.resource/jquery/jquery.js?ln=primefaces&v=4.0 HTTP/1.1" 304 -
181.61.157.160 - - [06/Mar/2024:05:47:54 -0500] "GET /sipse/faces/javax.faces.resource/primefaces.js?ln=primefaces&v=4.0 HTTP/1.1" 304 -
181.61.157.160 - - [06/Mar/2024:05:47:54 -0500] "GET /sipse/faces/javax.faces.resource/layout/layout.js?ln=primefaces&v=4.0 HTTP/1.1" 304 -
181.61.157.160 - - [06/Mar/2024:05:47:53 -0500] "POST /sipse/faces/presentacion/financiero/solicitudProceso/consultarHistorialSolProceso.xhtml HTTP/1.1" 200 189907
3.224.220.101 - - [06/Mar/2024:05:48:00 -0500] "GET /BLA/resoluciones/index.php?dir=RESOLUCIONES%202007/RES%202007%20501%20AL%20600/&order=asc&sort=name HTTP/1.1" 200 26888
52.70.240.171 - - [06/Mar/2024:05:48:04 -0500] "GET /BLA/resoluciones/index.php?dir=RESOLUCIONES%202007/RES%202007%20501%20AL%20600/&order=asc&sort=size HTTP/1.1" 200 26888
181.61.157.160 - - [06/Mar/2024:05:48:06 -0500] "POST /sipse/faces/presentacion/financiero/solicitudProceso/consultarSolicitudProceso.xhtml HTTP/1.1" 200 5514
186.80.108.8 - - [06/Mar/2024:05:48:07 -0500] "POST /sipse/faces/presentacion/financiero/solicitudProceso/consultarSolicitudProceso.xhtml HTTP/1.1" 200 54870
186.80.108.8 - - [06/Mar/2024:05:48:08 -0500] "GET /sipse/faces/javax.faces.resource/theme.css?ln=primefaces-sipse HTTP/1.1" 304 -
186.80.108.8 - - [06/Mar/2024:05:48:08 -0500] "GET /sipse/faces/javax.faces.resource/primefaces.css?ln=primefaces&v=4.0 HTTP/1.1" 304 -
186.80.108.8 - - [06/Mar/2024:05:48:08 -0500] "GET /sipse/faces/javax.faces.resource/layout/layout.css?ln=primefaces&v=4.0 HTTP/1.1" 304 -
3.224.220.101 - - [06/Mar/2024:05:48:08 -0500] "GET /BLA/resoluciones/index.php?dir=RESOLUCIONES%202007/RES%202007%20501%20AL%20600/&order=desc&sort=size HTTP/1.1" 200 26887
186.80.108.8 - - [06/Mar/2024:05:48:08 -0500] "GET /sipse/faces/javax.faces.resource/layout/layout.js?ln=primefaces&v=4.0 HTTP/1.1" 304 -
186.80.108.8 - - [06/Mar/2024:05:48:08 -0500] "GET /sipse/faces/javax.faces.resource/primefaces.js?ln=primefaces&v=4.0 HTTP/1.1" 304 -
186.80.108.8 - - [06/Mar/2024:05:48:08 -0500] "GET /sipse/faces/javax.faces.resource/jquery/jquery.js?ln=primefaces&v=4.0 HTTP/1.1" 304 -
186.80.108.8 - - [06/Mar/2024:05:48:08 -0500] "GET /sipse/faces/javax.faces.resource/jquery/jquery-plugins.js?ln=primefaces&v=4.0 HTTP/1.1" 304 -
186.80.108.8 - - [06/Mar/2024:05:48:09 -0500] "POST /sipse/faces/presentacion/financiero/solicitudProceso/listarSolicitudProceso.xhtml HTTP/1.1" 200 1492
186.80.108.8 - - [06/Mar/2024:05:48:09 -0500] "POST /sipse/faces/presentacion/financiero/solicitudProceso/listarSolicitudProceso.xhtml HTTP/1.1" 200 1496
172.22.2.4 - - [06/Mar/2024:05:48:11 -0500] "GET /BLA/boletinlegal/ReportServer HTTP/1.1" 404 1018
52.70.240.171 - - [06/Mar/2024:05:48:16 -0500] "GET /BLA/resoluciones/index.php?dir=RESOLUCIONES%202007/RES%202007%20501%20AL%20600/&order=desc&sort=name HTTP/1.1" 200 26887
52.70.240.171 - - [06/Mar/2024:05:48:20 -0500] "GET /BLA/resoluciones/index.php?dir=RESOLUCIONES%202007/RES%202007%20401%20AL%20500/&order=asc&sort=date HTTP/1.1" 200 26642
186.80.108.8 - - [06/Mar/2024:05:48:20 -0500] "POST /sipse/faces/presentacion/financiero/solicitudProceso/listarSolicitudProceso.xhtml HTTP/1.1" 200 125445
186.80.108.8 - - [06/Mar/2024:05:48:21 -0500] "GET /sipse/faces/javax.faces.resource/theme.css?ln=primefaces-sipse HTTP/1.1" 304 -
186.80.108.8 - - [06/Mar/2024:05:48:21 -0500] "GET /sipse/faces/javax.faces.resource/primefaces.css?ln=primefaces&v=4.0 HTTP/1.1" 304 -
186.80.108.8 - - [06/Mar/2024:05:48:21 -0500] "GET /sipse/faces/javax.faces.resource/layout/layout.css?ln=primefaces&v=4.0 HTTP/1.1" 304 -
186.80.108.8 - - [06/Mar/2024:05:48:21 -0500] "GET /sipse/faces/javax.faces.resource/jquery/jquery.js?ln=primefaces&v=4.0 HTTP/1.1" 304 -
186.80.108.8 - - [06/Mar/2024:05:48:21 -0500] "GET /sipse/faces/javax.faces.resource/jquery/jquery-plugins.js?ln=primefaces&v=4.0 HTTP/1.1" 304 -
186.80.108.8 - - [06/Mar/2024:05:48:21 -0500] "GET /sipse/faces/javax.faces.resource/primefaces.js?ln=primefaces&v=4.0 HTTP/1.1" 304 -
186.80.108.8 - - [06/Mar/2024:05:48:21 -0500] "GET /sipse/faces/javax.faces.resource/layout/layout.js?ln=primefaces&v=4.0 HTTP/1.1" 304 -
52.70.240.171 - - [06/Mar/2024:05:48:28 -0500] "GET /BLA/resoluciones/index.php?dir=RESOLUCIONES%202007/RES%202007%20401%20AL%20500/&order=desc&sort=date HTTP/1.1" 200 26641
186.80.108.8 - - [06/Mar/2024:05:48:32 -0500] "POST /sipse/faces/presentacion/financiero/solicitudProceso/consultarSolicitudProceso.xhtml HTTP/1.1" 200 5531
3.224.220.101 - - [06/Mar/2024:05:48:42 -0500] "GET /BLA/resoluciones/index.php?dir=RESOLUCIONES%202007/RES%202007%20401%20AL%20500/&order=asc&sort=name HTTP/1.1" 200 26642
52.70.240.171 - - [06/Mar/2024:05:48:52 -0500] "GET /BLA/resoluciones/index.php?dir=RESOLUCIONES%202007/RES%202007%20401%20AL%20500/&order=asc&sort=size HTTP/1.1" 200 26642
52.70.240.171 - - [06/Mar/2024:05:49:00 -0500] "GET /BLA/resoluciones/index.php?dir=RESOLUCIONES%202007/RES%202007%20401%20AL%20500/&order=desc&sort=size HTTP/1.1" 200 26641
23.22.35.162 - - [06/Mar/2024:05:49:08 -0500] "GET /BLA/resoluciones/index.php?dir=RESOLUCIONES%202007/RES%202007%20401%20AL%20500/&order=desc&sort=name HTTP/1.1" 200 26641
3.224.220.101 - - [06/Mar/2024:05:49:12 -0500] "GET /BLA/resoluciones/index.php?dir=RESOLUCIONES%202007/RES%202007%20601%20AL%20700/&order=asc&sort=date HTTP/1.1" 200 26655
40.77.167.23 - - [06/Mar/2024:05:49:14 -0500] "GET /BLA/resoluciones/AUTOS%202020/4346.pdf HTTP/1.1" 200 395098
181.61.157.160 - - [06/Mar/2024:05:49:24 -0500] "POST /sipse/faces/presentacion/financiero/solicitudProceso/consultarSolicitudProceso.xhtml HTTP/1.1" 200 5525
181.61.157.160 - - [06/Mar/2024:05:49:25 -0500] "GET /sipse/faces/javax.faces.resource/dynamiccontent.properties?ln=primefaces&pfdrid=XjOR5%2F%2FfPAZAuY9TpWQeCiM0BhlXxYRBGKi%2FQcXXfeA%3D&pfdrid_c=false HTTP/1.1" 200 120614
181.61.157.160 - - [06/Mar/2024:05:49:42 -0500] "POST /sipse/faces/presentacion/financiero/solicitudProceso/consultarSolicitudProceso.xhtml HTTP/1.1" 200 2148147
181.61.157.160 - - [06/Mar/2024:05:49:46 -0500] "POST /sipse/faces/presentacion/financiero/solicitudProceso/consultarSolicitudProceso.xhtml HTTP/1.1" 200 807038
181.61.157.160 - - [06/Mar/2024:05:49:45 -0500] "POST /sipse/faces/presentacion/financiero/solicitudProceso/consultarSolicitudProceso.xhtml HTTP/1.1" 200 2079714
181.61.157.160 - - [06/Mar/2024:05:49:49 -0500] "POST /sipse/faces/presentacion/financiero/solicitudProceso/consultarSolicitudProceso.xhtml HTTP/1.1" 200 131690
181.61.157.160 - - [06/Mar/2024:05:49:51 -0500] "POST /sipse/faces/presentacion/financiero/solicitudProceso/consultarSolicitudProceso.xhtml HTTP/1.1" 200 188571
181.61.157.160 - - [06/Mar/2024:05:49:48 -0500] "POST /sipse/faces/presentacion/financiero/solicitudProceso/consultarSolicitudProceso.xhtml HTTP/1.1" 200 2231999
181.61.157.160 - - [06/Mar/2024:05:49:57 -0500] "POST /sipse/faces/presentacion/financiero/solicitudProceso/consultarSolicitudProceso.xhtml HTTP/1.1" 200 77902
216.245.221.92 - - [06/Mar/2024:05:50:08 -0500] "HEAD / HTTP/1.1" 200 -
52.70.240.171 - - [06/Mar/2024:05:50:12 -0500] "GET /BLA/resoluciones/index.php?dir=RESOLUCIONES%202007/RES%202007%20601%20AL%20700/&order=asc&sort=name HTTP/1.1" 200 26655
52.70.240.171 - - [06/Mar/2024:05:50:17 -0500] "GET /BLA/resoluciones/index.php?dir=RESOLUCIONES%202007/RES%202007%20601%20AL%20700/&order=asc&sort=size HTTP/1.1" 200 26655
52.70.240.171 - - [06/Mar/2024:05:50:18 -0500] "GET /BLA/resoluciones/index.php?dir=RESOLUCIONES%202007/RES%202007%20601%20AL%20700/&order=desc&sort=date HTTP/1.1" 200 26654
23.22.35.162 - - [06/Mar/2024:05:50:20 -0500] "GET /BLA/resoluciones/index.php?dir=RESOLUCIONES%202007/RES%202007%20601%20AL%20700/&order=desc&sort=size HTTP/1.1" 200 26654
23.22.35.162 - - [06/Mar/2024:05:50:24 -0500] "GET /BLA/resoluciones/index.php?dir=RESOLUCIONES%202007/RES%202007%20601%20AL%20700/&order=desc&sort=name HTTP/1.1" 200 26654
201.245.192.253 - - [06/Mar/2024:05:50:25 -0500] "POST /kwsrmcab/Wsrmcab  HTTP/1.1" 200 39632
52.70.240.171 - - [06/Mar/2024:05:50:33 -0500] "GET /BLA/resoluciones/index.php?dir=RESOLUCIONES%202007/RES%202007%20901%20AL%201000/&order=asc&sort=date HTTP/1.1" 200 26734
