!C99Shell v. 1.0 pre-release build #13!

Software: Apache. PHP/5.5.15 

uname -a: Windows NT SVR-DMZ 6.1 build 7600 (Windows Server 2008 R2 Enterprise Edition) i586 

SYSTEM 

Safe-mode: OFF (not secure)

E:\nuevo\apache\logs\   drwxrwxrwx
Free 9.41 GB of 239.26 GB (3.93%)
Detected drives: [ a ] [ c ] [ d ] [ e ] [ f ]
Home    Back    Forward    UPDIR    Refresh    Search    Buffer    Encoder    Tools    Proc.    FTP brute    Sec.    SQL    PHP-code    Update    Feedback    Self remove    Logout    


Viewing file:     access.2024.03.06.log (9.43 MB)      -rw-rw-rw-
Select action/file-type:
(+) | (+) | (+) | Code (+) | Session (+) | (+) | SDB (+) | (+) | (+) | (+) | (+) | (+) |
3.224.220.101 - - [06/Mar/2024:00:00:01 -0500] "GET /BLA/resoluciones/index.php?dir=RESOLUCIONES%202003/RES%202003%201301-1350/&order=asc&sort=name HTTP/1.1" 200 12156
23.22.35.162 - - [06/Mar/2024:00:00:06 -0500] "GET /BLA/resoluciones/index.php?dir=RESOLUCIONES%202003/RES%202003%201301-1350/&order=asc&sort=size HTTP/1.1" 200 12156
216.245.221.92 - - [06/Mar/2024:00:00:09 -0500] "HEAD / HTTP/1.1" 200 -
3.224.220.101 - - [06/Mar/2024:00:00:17 -0500] "GET /BLA/resoluciones/index.php?dir=RESOLUCIONES%202003/RES%202003%201301-1350/&order=desc&sort=size HTTP/1.1" 200 12155
52.70.240.171 - - [06/Mar/2024:00:00:21 -0500] "GET /BLA/resoluciones/index.php?dir=RESOLUCIONES%202003/RES%202003%201301-1350/&order=desc&sort=name HTTP/1.1" 200 12155
52.70.240.171 - - [06/Mar/2024:00:00:29 -0500] "GET /BLA/resoluciones/index.php?dir=RESOLUCIONES%202003/RES%202003%201251-1300/ HTTP/1.1" 200 12202
23.22.35.162 - - [06/Mar/2024:00:00:33 -0500] "GET /BLA/resoluciones/index.php?dir=RESOLUCIONES%202003/RES%202003%201251-1300/&order=asc&sort=date HTTP/1.1" 200 12202
201.245.192.253 - - [06/Mar/2024:00:00:34 -0500] "POST /kwsrmcab/Wsrmcab  HTTP/1.1" 200 39632
3.224.220.101 - - [06/Mar/2024:00:00:53 -0500] "GET /BLA/resoluciones/index.php?dir=RESOLUCIONES%202003/RES%202003%201251-1300/&order=desc&sort=date HTTP/1.1" 200 12201
52.70.240.171 - - [06/Mar/2024:00:01:01 -0500] "GET /BLA/resoluciones/index.php?dir=RESOLUCIONES%202003/RES%202003%201251-1300/&order=asc&sort=name HTTP/1.1" 200 12202
23.22.35.162 - - [06/Mar/2024:00:01:13 -0500] "GET /BLA/resoluciones/index.php?dir=RESOLUCIONES%202003/RES%202003%201251-1300/&order=asc&sort=size HTTP/1.1" 200 12202
172.22.2.4 - - [05/Mar/2024:23:59:46 -0500] "HEAD /BLA/boletinlegal/ HTTP/1.1" 200 -
3.224.220.101 - - [06/Mar/2024:00:01:29 -0500] "GET /BLA/resoluciones/index.php?dir=RESOLUCIONES%202003/RES%202003%201251-1300/&order=desc&sort=size HTTP/1.1" 200 12201
23.22.35.162 - - [06/Mar/2024:00:01:33 -0500] "GET /BLA/resoluciones/index.php?dir=RESOLUCIONES%202003/RES%202003%201251-1300/&order=desc&sort=name HTTP/1.1" 200 12201
23.22.35.162 - - [06/Mar/2024:00:01:37 -0500] "GET /BLA/resoluciones/index.php?dir=RESOLUCIONES%202003/RES%202003%201201-1250/ HTTP/1.1" 200 12626
23.22.35.162 - - [06/Mar/2024:00:01:41 -0500] "GET /BLA/resoluciones/index.php?dir=RESOLUCIONES%202003/RES%202003%201201-1250/&order=asc&sort=date HTTP/1.1" 200 12626
3.224.220.101 - - [06/Mar/2024:00:01:53 -0500] "GET /BLA/resoluciones/index.php?dir=RESOLUCIONES%202003/RES%202003%201201-1250/&order=desc&sort=date HTTP/1.1" 200 12625
3.224.220.101 - - [06/Mar/2024:00:01:57 -0500] "GET /BLA/resoluciones/index.php?dir=RESOLUCIONES%202003/RES%202003%201201-1250/&order=asc&sort=name HTTP/1.1" 200 12626
3.224.220.101 - - [06/Mar/2024:00:02:01 -0500] "GET /BLA/resoluciones/index.php?dir=RESOLUCIONES%202003/RES%202003%201201-1250/&order=asc&sort=size HTTP/1.1" 200 12626
52.70.240.171 - - [06/Mar/2024:00:02:13 -0500] "GET /BLA/resoluciones/index.php?dir=RESOLUCIONES%202003/RES%202003%201201-1250/&order=desc&sort=size HTTP/1.1" 200 12625
172.22.2.4 - - [06/Mar/2024:00:00:37 -0500] "GET /BLA/boletinlegal/ HTTP/1.1" 200 53419
23.22.35.162 - - [06/Mar/2024:00:02:17 -0500] "GET /BLA/resoluciones/index.php?dir=RESOLUCIONES%202003/RES%202003%201201-1250/&order=desc&sort=name HTTP/1.1" 200 12625
52.70.240.171 - - [06/Mar/2024:00:02:21 -0500] "GET /BLA/resoluciones/index.php?dir=RESOLUCIONES%202003/RES%202003%201151-1200/ HTTP/1.1" 200 11570
3.224.220.101 - - [06/Mar/2024:00:02:25 -0500] "GET /BLA/resoluciones/index.php?dir=RESOLUCIONES%202003/RES%202003%201151-1200/&order=asc&sort=date HTTP/1.1" 200 11570
23.22.35.162 - - [06/Mar/2024:00:02:29 -0500] "GET /BLA/resoluciones/index.php?dir=RESOLUCIONES%202003/RES%202003%201151-1200/&order=desc&sort=date HTTP/1.1" 200 11569
3.224.220.101 - - [06/Mar/2024:00:02:33 -0500] "GET /BLA/resoluciones/index.php?dir=RESOLUCIONES%202003/RES%202003%201151-1200/&order=asc&sort=name HTTP/1.1" 200 11570
40.77.167.5 - - [06/Mar/2024:00:02:35 -0500] "GET /BLA/resoluciones/AUTOS%202013/0486.pdf HTTP/1.1" 304 -
66.249.66.19 - - [06/Mar/2024:00:02:36 -0500] "GET /isolucionsda/Arriba.asp?Pagina=/isolucionsda/bancoconocimiento/L/Ley1564del12dejuliode2012/Ley1564del12dejuliode2012.asp&IdArticulo=6494 HTTP/1.1" 500 9068
66.249.66.19 - - [06/Mar/2024:00:02:37 -0500] "GET /isolucionsda/BancoConocimiento/Q/Quejasyreclamos_v5/Quejasyreclamos_v5.asp?IdArticulo=5070 HTTP/1.1" 404 4976
52.70.240.171 - - [06/Mar/2024:00:02:49 -0500] "GET /BLA/resoluciones/index.php?dir=RESOLUCIONES%202003/RES%202003%201151-1200/&order=asc&sort=size HTTP/1.1" 200 11570
3.224.220.101 - - [06/Mar/2024:00:02:53 -0500] "GET /BLA/resoluciones/index.php?dir=RESOLUCIONES%202003/RES%202003%201151-1200/&order=desc&sort=size HTTP/1.1" 200 11569
23.22.35.162 - - [06/Mar/2024:00:03:03 -0500] "GET /BLA/resoluciones/index.php?dir=RESOLUCIONES%202003/RES%202003%201151-1200/&order=desc&sort=name HTTP/1.1" 200 11569
52.70.240.171 - - [06/Mar/2024:00:03:05 -0500] "GET /BLA/resoluciones/index.php?dir=RESOLUCIONES%202003/RES%202003%201101-1150/ HTTP/1.1" 200 11572
52.70.240.171 - - [06/Mar/2024:00:03:17 -0500] "GET /BLA/resoluciones/index.php?dir=RESOLUCIONES%202003/RES%202003%201101-1150/&order=asc&sort=date HTTP/1.1" 200 11572
3.224.220.101 - - [06/Mar/2024:00:03:21 -0500] "GET /BLA/resoluciones/index.php?dir=RESOLUCIONES%202003/RES%202003%201101-1150/&order=desc&sort=date HTTP/1.1" 200 11571
52.70.240.171 - - [06/Mar/2024:00:03:25 -0500] "GET /BLA/resoluciones/index.php?dir=RESOLUCIONES%202003/RES%202003%201101-1150/&order=asc&sort=name HTTP/1.1" 200 11572
52.70.240.171 - - [06/Mar/2024:00:03:29 -0500] "GET /BLA/resoluciones/index.php?dir=RESOLUCIONES%202003/RES%202003%201101-1150/&order=asc&sort=size HTTP/1.1" 200 11572
52.70.240.171 - - [06/Mar/2024:00:03:53 -0500] "GET /BLA/resoluciones/index.php?dir=RESOLUCIONES%202003/RES%202003%201101-1150/&order=desc&sort=size HTTP/1.1" 200 11571
3.224.220.101 - - [06/Mar/2024:00:04:01 -0500] "GET /BLA/resoluciones/index.php?dir=RESOLUCIONES%202003/RES%202003%201101-1150/&order=desc&sort=name HTTP/1.1" 200 11571
23.22.35.162 - - [06/Mar/2024:00:04:06 -0500] "GET /BLA/resoluciones/index.php?dir=RESOLUCIONES%202003/RES%202003%201051-1100/ HTTP/1.1" 200 11571
52.70.240.171 - - [06/Mar/2024:00:04:09 -0500] "GET /BLA/resoluciones/index.php?dir=RESOLUCIONES%202003/RES%202003%201051-1100/&order=asc&sort=date HTTP/1.1" 200 11571
52.70.240.171 - - [06/Mar/2024:00:04:25 -0500] "GET /BLA/resoluciones/index.php?dir=RESOLUCIONES%202003/RES%202003%201051-1100/&order=desc&sort=date HTTP/1.1" 200 11570
52.70.240.171 - - [06/Mar/2024:00:04:30 -0500] "GET /BLA/resoluciones/index.php?dir=RESOLUCIONES%202003/RES%202003%201051-1100/&order=asc&sort=name HTTP/1.1" 200 11571
3.224.220.101 - - [06/Mar/2024:00:04:33 -0500] "GET /BLA/resoluciones/index.php?dir=RESOLUCIONES%202003/RES%202003%201051-1100/&order=asc&sort=size HTTP/1.1" 200 11571
52.70.240.171 - - [06/Mar/2024:00:04:45 -0500] "GET /BLA/resoluciones/index.php?dir=RESOLUCIONES%202003/RES%202003%201051-1100/&order=desc&sort=size HTTP/1.1" 200 11570
52.70.240.171 - - [06/Mar/2024:00:04:57 -0500] "GET /BLA/resoluciones/index.php?dir=RESOLUCIONES%202003/RES%202003%201051-1100/&order=desc&sort=name HTTP/1.1" 200 11570
52.70.240.171 - - [06/Mar/2024:00:05:06 -0500] "GET /BLA/resoluciones/index.php?dir=RESOLUCIONES%202003/RES%202003%201001-1050/ HTTP/1.1" 200 11566
23.22.35.162 - - [06/Mar/2024:00:05:09 -0500] "GET /BLA/resoluciones/index.php?dir=RESOLUCIONES%202003/RES%202003%201001-1050/&order=asc&sort=date HTTP/1.1" 200 11566
216.245.221.92 - - [06/Mar/2024:00:05:09 -0500] "HEAD / HTTP/1.1" 200 -
3.224.220.101 - - [06/Mar/2024:00:05:17 -0500] "GET /BLA/resoluciones/index.php?dir=RESOLUCIONES%202003/RES%202003%201001-1050/&order=desc&sort=date HTTP/1.1" 200 11565
23.22.35.162 - - [06/Mar/2024:00:05:21 -0500] "GET /BLA/resoluciones/index.php?dir=RESOLUCIONES%202003/RES%202003%201001-1050/&order=asc&sort=name HTTP/1.1" 200 11566
3.224.220.101 - - [06/Mar/2024:00:05:33 -0500] "GET /BLA/resoluciones/index.php?dir=RESOLUCIONES%202003/RES%202003%201001-1050/&order=asc&sort=size HTTP/1.1" 200 11566
201.245.192.253 - - [06/Mar/2024:00:05:33 -0500] "POST /kwsrmcab/Wsrmcab  HTTP/1.1" 200 39632
23.22.35.162 - - [06/Mar/2024:00:05:37 -0500] "GET /BLA/resoluciones/index.php?dir=RESOLUCIONES%202003/RES%202003%201001-1050/&order=desc&sort=size HTTP/1.1" 200 11565
23.22.35.162 - - [06/Mar/2024:00:05:41 -0500] "GET /BLA/resoluciones/index.php?dir=RESOLUCIONES%202003/RES%202003%201001-1050/&order=desc&sort=name HTTP/1.1" 200 11565
3.224.220.101 - - [06/Mar/2024:00:05:45 -0500] "GET /BLA/resoluciones/index.php?dir=RESOLUCIONES%202003/RES%202003%20951-1000/ HTTP/1.1" 200 11179
52.70.240.171 - - [06/Mar/2024:00:05:49 -0500] "GET /BLA/resoluciones/index.php?dir=RESOLUCIONES%202003/RES%202003%20951-1000/&order=asc&sort=date HTTP/1.1" 200 11179
52.70.240.171 - - [06/Mar/2024:00:06:01 -0500] "GET /BLA/resoluciones/index.php?dir=RESOLUCIONES%202003/RES%202003%20951-1000/&order=desc&sort=date HTTP/1.1" 200 11178
23.22.35.162 - - [06/Mar/2024:00:06:05 -0500] "GET /BLA/resoluciones/index.php?dir=RESOLUCIONES%202003/RES%202003%20951-1000/&order=asc&sort=name HTTP/1.1" 200 11179
52.70.240.171 - - [06/Mar/2024:00:06:15 -0500] "GET /BLA/resoluciones/index.php?dir=RESOLUCIONES%202003/RES%202003%20951-1000/&order=asc&sort=size HTTP/1.1" 200 11179
52.70.240.171 - - [06/Mar/2024:00:06:37 -0500] "GET /BLA/resoluciones/index.php?dir=RESOLUCIONES%202003/RES%202003%20951-1000/&order=desc&sort=size HTTP/1.1" 200 11178
3.224.220.101 - - [06/Mar/2024:00:06:41 -0500] "GET /BLA/resoluciones/index.php?dir=RESOLUCIONES%202003/RES%202003%20951-1000/&order=desc&sort=name HTTP/1.1" 200 11178
3.224.220.101 - - [06/Mar/2024:00:06:45 -0500] "GET /BLA/resoluciones/index.php?dir=RESOLUCIONES%202003/RES%202003%20901-950/ HTTP/1.1" 200 11306
17.241.219.39 - - [06/Mar/2024:00:06:50 -0500] "GET /abierta-convocatoria-para-postular-a-organizaciones-que-desarrollan-actividades-de-voluntariado-ambiental-en-bogota.html HTTP/1.1" 200 880
3.224.220.101 - - [06/Mar/2024:00:07:09 -0500] "GET /BLA/resoluciones/index.php?dir=RESOLUCIONES%202003/RES%202003%20901-950/&order=asc&sort=date HTTP/1.1" 200 11306
172.22.2.4 - - [06/Mar/2024:00:05:36 -0500] "HEAD /BLA/boletinlegal/ HTTP/1.1" 200 -
3.224.220.101 - - [06/Mar/2024:00:07:17 -0500] "GET /BLA/resoluciones/index.php?dir=RESOLUCIONES%202003/RES%202003%20901-950/&order=desc&sort=date HTTP/1.1" 200 11305
3.224.220.101 - - [06/Mar/2024:00:07:41 -0500] "GET /BLA/resoluciones/index.php?dir=RESOLUCIONES%202003/RES%202003%20901-950/&order=asc&sort=name HTTP/1.1" 200 11306
23.22.35.162 - - [06/Mar/2024:00:07:45 -0500] "GET /BLA/resoluciones/index.php?dir=RESOLUCIONES%202003/RES%202003%20901-950/&order=asc&sort=size HTTP/1.1" 200 11306
52.70.240.171 - - [06/Mar/2024:00:07:57 -0500] "GET /BLA/resoluciones/index.php?dir=RESOLUCIONES%202003/RES%202003%20901-950/&order=desc&sort=size HTTP/1.1" 200 11305
172.22.2.4 - - [06/Mar/2024:00:06:27 -0500] "GET /BLA/boletinlegal/ HTTP/1.1" 200 55442
23.22.35.162 - - [06/Mar/2024:00:08:09 -0500] "GET /BLA/resoluciones/index.php?dir=RESOLUCIONES%202003/RES%202003%20901-950/&order=desc&sort=name HTTP/1.1" 200 11305
52.70.240.171 - - [06/Mar/2024:00:08:13 -0500] "GET /BLA/resoluciones/index.php?dir=RESOLUCIONES%202003/RES%202003%20851-900/ HTTP/1.1" 200 11302
3.224.220.101 - - [06/Mar/2024:00:08:17 -0500] "GET /BLA/resoluciones/index.php?dir=RESOLUCIONES%202003/RES%202003%20851-900/&order=asc&sort=date HTTP/1.1" 200 11302
52.70.240.171 - - [06/Mar/2024:00:08:29 -0500] "GET /BLA/resoluciones/index.php?dir=RESOLUCIONES%202003/RES%202003%20851-900/&order=desc&sort=date HTTP/1.1" 200 11301
3.224.220.101 - - [06/Mar/2024:00:08:33 -0500] "GET /BLA/resoluciones/index.php?dir=RESOLUCIONES%202003/RES%202003%20851-900/&order=asc&sort=name HTTP/1.1" 200 11302
3.224.220.101 - - [06/Mar/2024:00:08:37 -0500] "GET /BLA/resoluciones/index.php?dir=RESOLUCIONES%202003/RES%202003%20851-900/&order=asc&sort=size HTTP/1.1" 200 11302
3.224.220.101 - - [06/Mar/2024:00:08:45 -0500] "GET /BLA/resoluciones/index.php?dir=RESOLUCIONES%202003/RES%202003%20851-900/&order=desc&sort=size HTTP/1.1" 200 11301
47.128.19.219 - - [06/Mar/2024:00:08:50 -0500] "GET /robots.txt HTTP/1.1" 404 1035
52.70.240.171 - - [06/Mar/2024:00:08:53 -0500] "GET /BLA/resoluciones/index.php?dir=RESOLUCIONES%202003/RES%202003%20851-900/&order=desc&sort=name HTTP/1.1" 200 11301
3.224.220.101 - - [06/Mar/2024:00:09:01 -0500] "GET /BLA/resoluciones/index.php?dir=RESOLUCIONES%202003/RES%202003%20801-850/ HTTP/1.1" 200 11308
3.224.220.101 - - [06/Mar/2024:00:09:07 -0500] "GET /BLA/resoluciones/index.php?dir=RESOLUCIONES%202003/RES%202003%20801-850/&order=asc&sort=date HTTP/1.1" 200 11308
23.22.35.162 - - [06/Mar/2024:00:09:09 -0500] "GET /BLA/resoluciones/index.php?dir=RESOLUCIONES%202003/RES%202003%20801-850/&order=asc&sort=size HTTP/1.1" 200 11308
52.70.240.171 - - [06/Mar/2024:00:09:17 -0500] "GET /BLA/resoluciones/index.php?dir=RESOLUCIONES%202003/RES%202003%20801-850/&order=desc&sort=date HTTP/1.1" 200 11307
52.70.240.171 - - [06/Mar/2024:00:09:21 -0500] "GET /BLA/resoluciones/index.php?dir=RESOLUCIONES%202003/RES%202003%20801-850/&order=desc&sort=size HTTP/1.1" 200 11307
3.224.220.101 - - [06/Mar/2024:00:09:25 -0500] "GET /BLA/resoluciones/index.php?dir=RESOLUCIONES%202003/RES%202003%20801-850/&order=asc&sort=name HTTP/1.1" 200 11308
3.224.220.101 - - [06/Mar/2024:00:09:45 -0500] "GET /BLA/resoluciones/index.php?dir=RESOLUCIONES%202003/RES%202003%20801-850/&order=desc&sort=name HTTP/1.1" 200 11307
52.70.240.171 - - [06/Mar/2024:00:09:57 -0500] "GET /BLA/resoluciones/index.php?dir=RESOLUCIONES%202003/RES%202003%20751-800/ HTTP/1.1" 200 11302
23.22.35.162 - - [06/Mar/2024:00:10:01 -0500] "GET /BLA/resoluciones/index.php?dir=RESOLUCIONES%202003/RES%202003%20701-750/ HTTP/1.1" 200 11298
23.22.35.162 - - [06/Mar/2024:00:10:05 -0500] "GET /BLA/resoluciones/index.php?dir=RESOLUCIONES%202003/RES%202003%20651-700/ HTTP/1.1" 200 11300
216.245.221.92 - - [06/Mar/2024:00:10:09 -0500] "HEAD / HTTP/1.1" 200 -
3.224.220.101 - - [06/Mar/2024:00:10:25 -0500] "GET /BLA/resoluciones/index.php?dir=RESOLUCIONES%202003/RES%202003%20751-800/&order=asc&sort=date HTTP/1.1" 200 11302
201.245.192.253 - - [06/Mar/2024:00:10:32 -0500] "POST /kwsrmcab/Wsrmcab  HTTP/1.1" 200 39632
3.224.220.101 - - [06/Mar/2024:00:10:53 -0500] "GET /BLA/resoluciones/index.php?dir=RESOLUCIONES%202003/RES%202003%20751-800/&order=desc&sort=date HTTP/1.1" 200 11301
23.22.35.162 - - [06/Mar/2024:00:11:01 -0500] "GET /BLA/resoluciones/index.php?dir=RESOLUCIONES%202003/RES%202003%20751-800/&order=asc&sort=name HTTP/1.1" 200 11302
23.22.35.162 - - [06/Mar/2024:00:11:09 -0500] "GET /BLA/resoluciones/index.php?dir=RESOLUCIONES%202003/RES%202003%20651-700/&order=asc&sort=date HTTP/1.1" 200 11300
23.22.35.162 - - [06/Mar/2024:00:11:13 -0500] "GET /BLA/resoluciones/index.php?dir=RESOLUCIONES%202003/RES%202003%20651-700/&order=asc&sort=size HTTP/1.1" 200 11300
52.70.240.171 - - [06/Mar/2024:00:11:21 -0500] "GET /BLA/resoluciones/index.php?dir=RESOLUCIONES%202003/RES%202003%20651-700/&order=desc&sort=size HTTP/1.1" 200 11299
3.224.220.101 - - [06/Mar/2024:00:11:25 -0500] "GET /BLA/resoluciones/index.php?dir=RESOLUCIONES%202003/RES%202003%20651-700/&order=desc&sort=date HTTP/1.1" 200 11299
186.113.73.243 - - [06/Mar/2024:00:11:40 -0500] "GET /BLA/resoluciones/ HTTP/1.1" 200 14105
186.113.73.243 - - [06/Mar/2024:00:11:40 -0500] "GET /BLA/resoluciones/dlf/styles.css HTTP/1.1" 200 3049
186.113.73.243 - - [06/Mar/2024:00:11:40 -0500] "GET /BLA/resoluciones/dlf/folder.png HTTP/1.1" 200 410
186.113.73.243 - - [06/Mar/2024:00:11:40 -0500] "GET /BLA/resoluciones/dlf/bg.gif HTTP/1.1" 200 54
186.113.73.243 - - [06/Mar/2024:00:11:41 -0500] "GET /favicon.ico HTTP/1.1" 200 7782
52.70.240.171 - - [06/Mar/2024:00:11:49 -0500] "GET /BLA/resoluciones/index.php?dir=RESOLUCIONES%202003/RES%202003%20651-700/&order=asc&sort=name HTTP/1.1" 200 11300
3.224.220.101 - - [06/Mar/2024:00:11:53 -0500] "GET /BLA/resoluciones/index.php?dir=RESOLUCIONES%202003/RES%202003%20651-700/&order=desc&sort=name HTTP/1.1" 200 11299
3.224.220.101 - - [06/Mar/2024:00:11:57 -0500] "GET /BLA/resoluciones/index.php?dir=RESOLUCIONES%202003/RES%202003%20701-750/&order=asc&sort=date HTTP/1.1" 200 11298
23.22.35.162 - - [06/Mar/2024:00:12:09 -0500] "GET /BLA/resoluciones/index.php?dir=RESOLUCIONES%202003/RES%202003%20701-750/&order=desc&sort=date HTTP/1.1" 200 11297
23.22.35.162 - - [06/Mar/2024:00:12:33 -0500] "GET /BLA/resoluciones/index.php?dir=RESOLUCIONES%202003/RES%202003%20701-750/&order=asc&sort=name HTTP/1.1" 200 11298
23.22.35.162 - - [06/Mar/2024:00:12:49 -0500] "GET /BLA/resoluciones/index.php?dir=RESOLUCIONES%202003/RES%202003%20701-750/&order=asc&sort=size HTTP/1.1" 200 11298
172.22.2.4 - - [06/Mar/2024:00:11:26 -0500] "HEAD /BLA/boletinlegal/ HTTP/1.1" 200 -
23.22.35.162 - - [06/Mar/2024:00:13:13 -0500] "GET /BLA/resoluciones/index.php?dir=RESOLUCIONES%202003/RES%202003%20701-750/&order=desc&sort=size HTTP/1.1" 200 11297
52.70.240.171 - - [06/Mar/2024:00:13:17 -0500] "GET /BLA/resoluciones/index.php?dir=RESOLUCIONES%202003/RES%202003%20701-750/&order=desc&sort=name HTTP/1.1" 200 11297
109.79.60.21 - - [06/Mar/2024:00:13:24 -0500] "GET /robots.txt HTTP/1.1" 404 1035
3.224.220.101 - - [06/Mar/2024:00:13:25 -0500] "GET /BLA/resoluciones/index.php?dir=RESOLUCIONES%202003/RES%202003%20751-800/&order=asc&sort=size HTTP/1.1" 200 11302
3.224.220.101 - - [06/Mar/2024:00:13:29 -0500] "GET /BLA/resoluciones/index.php?dir=RESOLUCIONES%202003/RES%202003%20751-800/&order=desc&sort=size HTTP/1.1" 200 11301
3.224.220.101 - - [06/Mar/2024:00:13:33 -0500] "GET /BLA/resoluciones/index.php?dir=RESOLUCIONES%202003/RES%202003%20751-800/&order=desc&sort=name HTTP/1.1" 200 11301
3.224.220.101 - - [06/Mar/2024:00:13:37 -0500] "GET /BLA/resoluciones/index.php?dir=RESOLUCIONES%202003/RES%202003%20601-650/ HTTP/1.1" 200 11292
186.31.170.99 - - [06/Mar/2024:00:13:38 -0500] "OPTIONS /kwssiamovil/sm/setfile/f? HTTP/1.1" 200 13
186.31.170.99 - - [06/Mar/2024:00:13:38 -0500] "POST /kwssiamovil/sm/setfile/f? HTTP/1.1" 200 381
23.22.35.162 - - [06/Mar/2024:00:13:41 -0500] "GET /BLA/resoluciones/index.php?dir=RESOLUCIONES%202003/RES%202003%20601-650/&order=asc&sort=date HTTP/1.1" 200 11292
186.113.73.243 - - [06/Mar/2024:00:13:42 -0500] "GET /BLA/resoluciones/dlf/dirup.png HTTP/1.1" 200 644
186.113.73.243 - - [06/Mar/2024:00:13:42 -0500] "GET /BLA/resoluciones/dlf/pdf.gif HTTP/1.1" 200 272
186.113.73.243 - - [06/Mar/2024:00:13:42 -0500] "GET /BLA/resoluciones/index.php?dir=AUTOS+2013%2F HTTP/1.1" 200 407754
23.22.35.162 - - [06/Mar/2024:00:13:46 -0500] "GET /BLA/resoluciones/index.php?dir=RESOLUCIONES%202003/RES%202003%20601-650/&order=desc&sort=date HTTP/1.1" 200 11291
3.224.220.101 - - [06/Mar/2024:00:13:53 -0500] "GET /BLA/resoluciones/index.php?dir=RESOLUCIONES%202003/RES%202003%20601-650/&order=asc&sort=name HTTP/1.1" 200 11292
172.22.2.4 - - [06/Mar/2024:00:12:17 -0500] "GET /BLA/boletinlegal/ HTTP/1.1" 200 58273
23.22.35.162 - - [06/Mar/2024:00:13:57 -0500] "GET /BLA/resoluciones/index.php?dir=RESOLUCIONES%202003/RES%202003%20601-650/&order=asc&sort=size HTTP/1.1" 200 11292
23.22.35.162 - - [06/Mar/2024:00:14:01 -0500] "GET /BLA/resoluciones/index.php?dir=RESOLUCIONES%202003/RES%202003%20601-650/&order=desc&sort=size HTTP/1.1" 200 11291
23.22.35.162 - - [06/Mar/2024:00:14:05 -0500] "GET /BLA/resoluciones/index.php?dir=RESOLUCIONES%202003/RES%202003%20601-650/&order=desc&sort=name HTTP/1.1" 200 11291
52.70.240.171 - - [06/Mar/2024:00:14:10 -0500] "GET /BLA/resoluciones/index.php?dir=RESOLUCIONES%202003/RES%202003%20551-600/ HTTP/1.1" 200 11305
23.22.35.162 - - [06/Mar/2024:00:14:14 -0500] "GET /BLA/resoluciones/index.php?dir=RESOLUCIONES%202003/RES%202003%20551-600/&order=asc&sort=date HTTP/1.1" 200 11305
52.70.240.171 - - [06/Mar/2024:00:14:17 -0500] "GET /BLA/resoluciones/index.php?dir=RESOLUCIONES%202003/RES%202003%20551-600/&order=desc&sort=date HTTP/1.1" 200 11304
186.113.73.243 - - [06/Mar/2024:00:14:20 -0500] "GET /BLA/resoluciones/index.php?dir=RESOLUCIONES+2010%2F HTTP/1.1" 200 12235
186.113.73.243 - - [06/Mar/2024:00:14:20 -0500] "GET /BLA/resoluciones/index.php?dir=RESOLUCIONES+2010%2F HTTP/1.1" 200 1307967
23.22.35.162 - - [06/Mar/2024:00:14:25 -0500] "GET /BLA/resoluciones/index.php?dir=RESOLUCIONES%202003/RES%202003%20551-600/&order=asc&sort=name HTTP/1.1" 200 11305
3.224.220.101 - - [06/Mar/2024:00:14:29 -0500] "GET /BLA/resoluciones/index.php?dir=RESOLUCIONES%202003/RES%202003%20551-600/&order=asc&sort=size HTTP/1.1" 200 11305
186.113.73.243 - - [06/Mar/2024:00:14:31 -0500] "GET /BLA/resoluciones/RESOLUCIONES%202010/6815.pdf HTTP/1.1" 200 1375775
186.113.73.243 - - [06/Mar/2024:00:14:31 -0500] "GET /BLA/resoluciones/RESOLUCIONES%202010/6815.pdf HTTP/1.1" 206 1025
186.113.73.243 - - [06/Mar/2024:00:14:31 -0500] "GET /BLA/resoluciones/RESOLUCIONES%202010/6815.pdf HTTP/1.1" 200 1375775
186.31.170.99 - - [06/Mar/2024:00:14:35 -0500] "GET /kwssiamovil/sm/acme/a?s=U2FsdGVkX18bGwpBxbwJdjRHTUMQbYT0waZJEnDVu6+cj2g/EBDar5+/axlkIksJ8JCW87VqCNz630q9ZtVwoXUvpXnbgd3kQuU1Oz6Q6ULEOgtj6+dfMhXO9W7OAEaPOi+NUFKj3v2ILnXtjxvLJB3ERq1qX2jLP0XxAD/gOWDtD/JGXKZUHkGqJ8z+nPx2fbKT554fWNZC7bgTg6ZWayqvB3CXLbYnKudOMZuTCXKoaULlMFpBGRoctInhrBzH2yY1wVzXI8IzcZKngN7NpQ==&u=U2FsdGVkX19KdOQY/ZulO4wDeT3DnLIzAHY1JpBU8y/kAAkRe2eBJPaP26GvN7dl&y=U2FsdGVkX18KFAKzqPuPgtgbg2CTXxLUmszHE/+aTUub9J6m8311DLnHpQt3EPXI HTTP/1.1" 200 26
186.31.170.99 - - [06/Mar/2024:00:14:35 -0500] "GET /kwssiamovil/sm/acme/a?s=U2FsdGVkX1+FRU27fjtPvF4ftAJIrjTE38w2Er1bDjfY77LYC5AfbdqaI3wwY/kNOgRg3oVTkIdO7+4BETJ/b+PwCfLfpGWv8VMG8V8ymtIk/DpSzkxWKUHDoEPW+IihAPFNKKfOJe7V1tgGoCota+7LA5+pjq+mMDrkj0AjwGfAaELo4watDRjKeiqjt8gCDx3X7V29Wjq0gJYKS+lWZs2Fe8vOuZ0ucH6XchnIBbVRtN3UqIeK9Q4aebEzVivuMIu83FBeZ9Jef0Q3a22x45t8Wjkna6YuwFiq6/bHtJPBSzlb4baqGWFIUOWB1qO8boE0hI313rIcehJiHjeMnjsCAqystZWNjjTRt9lpMW6k9WES313W1/aMpItKojANwRNfO6MHnh5rD/V0QUPJAb81a5a9BpPOQXhoOahmSUoxpufce+SOI4hoVweXMxTadojiCHuXTomwdC8v473GOi09M+dAxYtRjSTIoONn/W9QMIhuxJdDRHaxgQ4+O53n0JPO0RZ9AHTMTIQDKQoTKkZj7wb0M2qeTnUlceWibq7q8Ol4e0DnGFVm/D9/kaOLIbtFvMLZ2+xODkmjHBeBYeecLybDBlSaJdoNQYK/C90ui1Dj15c7NbkXj11SQPVRzw3iSDaN5A9G4bhKMmWinJqg3fMhc/HxLgn/O54PpcUj2lVTr88Sq+5fQ9QJgkRMmr5eOh5q+zeJMPwIuwZ9rkAGYnENCuCkH7LewxWLzhdrYS3c7nhosjpfjheNwQ/ywTRDSj9p9W/O4kUiljK+ALBzGMYmZGzgDUXXh7EZZiJt3PbLfemLiM+K9BwLJpDTEsEMFckrio3umZiVrpniGVjDwQwtbkYiye3S97m7FEedCvWiD8M5UKqPCpPernaTSOsSItex3h5+tppor3yyBNz2E6ulqKrs8yvZ8inpcN02APgwMHLES1Ms1pYsZ9PKpJTvcKbZnPhdB35q+Aoc89qZXMaLmUwxf17DofHhyPgzxncsF8iAkaSXlJwd2zUUdfVpKeYNPdu7jMjRrtr/Dw4sDSWWtO/oLUDQaViAkZG9OPCt+JE85I1biRhQsFciaKl2MNd1b/w36VkRQ2WcSvdUb6bgc34DcmhnHdCqLP2lTOWVh8IwvoBuKWJIwpgFBZ1ADz2O19jlYnOc0QJNNwLG0vQulWNx+HofxE79FQW+r36JV4Ww1HVjZk9mCc6GOxFNevFrAYU0g5HR01YKx4+McnVPrbuU7j9hoxokdp5+n2Zh4kB1JemuqUSONGKfFuEvIbwX6QIzFcBlDW4pbJGTKuWvQjTQrGz39NoMTco1vD/t5RkXJsgEEf6WfkTewh1AFBC+ZhizZJkK65XCob1IAbiLPr3eFFXg2JP9ZIimtO9mU2BXyDBdg+OUQQZNtGR6/6GsUAy0Vbf5YOTS5UePDHi62XBGN39YB2gZb1D3pnYAAp71Zf7Oo0qqRU/uoWm0/dnGxDMQplRVsfJWS6lmh1Y8EuGd5yLLDBLVl6lJm8FrjlMbugLLaTejG/XXTDNTo3o0rT74xAqMoMMLKsD3X8qFgPS64RU+5q2rpwjDGD1tC+OrfTvLHBgwXh9T8kCQru79W8YRAmyYLfoeeDUdYA/56kPFFRlXnJ+YPxmD+LiaheJWebrMOCyqRa7S24ZP6km2liA5+j+zCpXUtqzBqt3FEbWHVgiLfCSyzR5cCtLKObM6PZVN2oftrTIFwH5ap7ULz1IxogXMEe34Meg03DdH8HpveqS3tcaxo/Ej1DpBQNaOjCeOzIdXff4tsrrBuPCwhacB4K3E/zkQoN1XKOtwZDtycO2/0Y6M6rdRNayCcujvQd2Vz1lR/2hhc1ojayx0tJhFjaZZ0IPot7elnbhc93iB2pbHt79iNqNcBxcTdVTWXtVXWtCB3ytlzwNEtr00TFRopRfAFOYaGQMiJvcj3in2CD4veTFicKLaBslAONkvuPSti/PtgWj7HPLXOCGj1eI1xgcXTJXqTrOlIpGMuVslXFVb+Ep8vhcVx0NE+D/As2ic0yWdJi0hhoWhe2R3Sp6YwfXRuuOJmXdDphde29+kl0srM3tGq/NhwarenXd/nZxjmo73fX1bU38Hiu86g405G91kGMxN7CUf94vOit2dKjPsXM6z2A+Ew2VWO/YAehR/4x65sq5YG5OkEYLA2gcxJ5xO195b7e+Dc/NUXdkuqYSSTLxiVAqm8w7acq9bOaIvLZWP2gtAk1CLlZFDuWFgFXDdce3EnKYr0Su+XMDXqRqwc+UkkyUxZCJ3HnmRGpwMxOrRuiLm9tA+Ni3RGnxdygz/q6PhufUJcHiuY9ll33MfbqZfXIG3Ng0GdmRuswy2B6Bj80FckZ4Hne6EnfuB1fYLAAFMbaeUnOa3K6pFqV8Dl4tuz/0Ui1xX+KXPNzE8ygaOGvnQZQoTpLSqbAouRwc7Kx9X7yHP1qah63bvsW+7gXJ1S8uXZBaj4Ze9RECcxJipmtpRgyhQHVwy03+gDh3oyeQmyg==&u=U2FsdGVkX19KdOQY/ZulO4wDeT3DnLIzAHY1JpBU8y/kAAkRe2eBJPaP26GvN7dl&y=U2FsdGVkX18KFAKzqPuPgtgbg2CTXxLUmszHE/+aTUub9J6m8311DLnHpQt3EPXI HTTP/1.1" 200 26
186.31.170.99 - - [06/Mar/2024:00:14:35 -0500] "GET /kwssiamovil/sm/acme/a?s=U2FsdGVkX1+LcUb0ledBh3vf0hCct3xLT7zsnQM8GYDNl3N8t+et9Svrs/ttVGtPMGhdlTGC8fVjCoNiVZG1oILa4naHXR+Yjn6VgUqUll2j93Vt8BCIpGzeRJJnHrD1elAvlsiD0MMSsi6bkpLfo1n/E8dOO4ZewIfwzZvX8hE=&u=U2FsdGVkX19KdOQY/ZulO4wDeT3DnLIzAHY1JpBU8y/kAAkRe2eBJPaP26GvN7dl&y=U2FsdGVkX18KFAKzqPuPgtgbg2CTXxLUmszHE/+aTUub9J6m8311DLnHpQt3EPXI HTTP/1.1" 200 26
186.31.170.99 - - [06/Mar/2024:00:14:36 -0500] "GET /kwssiamovil/sm/acme/a?s=U2FsdGVkX19XN9mS0tJC306oH979N9rtyQtqibrG8CuDDog+r7ajNfIeHlF9njfOGR+fGVezu8FhwGcRsxFTuPhr0CjWUEfkDAJ7nVDXc8iqrPqXc4yUFOafEQ68yNU1noVQ+/MW3rrdVItViQ97mLxxwU0HzrrvcLZMaGRZt2k=&u=U2FsdGVkX19KdOQY/ZulO4wDeT3DnLIzAHY1JpBU8y/kAAkRe2eBJPaP26GvN7dl&y=U2FsdGVkX18KFAKzqPuPgtgbg2CTXxLUmszHE/+aTUub9J6m8311DLnHpQt3EPXI HTTP/1.1" 200 26
186.31.170.99 - - [06/Mar/2024:00:14:36 -0500] "GET /kwssiamovil/sm/acme/a?s=U2FsdGVkX19lj9F3/Wg5BxWV8Dwn8QPaYkIT3i532UmU0Tb9OJ/VSanbagohcI4a/rthrm5KaRUKDopZlhDS5UfImzgl3itchTFCcjk1uaQcopyH4WmUmorbitCaM44dbI7jrCsfZ9GYqWU9NLrn8z1KX7C1TYksszitchD9tUw=&u=U2FsdGVkX19KdOQY/ZulO4wDeT3DnLIzAHY1JpBU8y/kAAkRe2eBJPaP26GvN7dl&y=U2FsdGVkX18KFAKzqPuPgtgbg2CTXxLUmszHE/+aTUub9J6m8311DLnHpQt3EPXI HTTP/1.1" 200 26
186.31.170.99 - - [06/Mar/2024:00:14:36 -0500] "GET /kwssiamovil/sm/acme/a?s=U2FsdGVkX18o7uhdlkoz2MrcNTBb89dNkCKYgEDVRdeq2nQjX95Sh9dMhN93UjDyvYdB9V3dJxJ/z4iyVoaMrFfdob/wcmwNzu6rWkXyYL2QyhvxIRg1nO68nGTqI70Xtun3/hFw69bVFX8+uK+DPJFjCSF4lE4j70FXAG+U27UB9zJqX1tgmkzRLv6QB+7df2pRR+FrlAtDS3UQxjMD7Q==&u=U2FsdGVkX19KdOQY/ZulO4wDeT3DnLIzAHY1JpBU8y/kAAkRe2eBJPaP26GvN7dl&y=U2FsdGVkX18KFAKzqPuPgtgbg2CTXxLUmszHE/+aTUub9J6m8311DLnHpQt3EPXI HTTP/1.1" 200 26
186.31.170.99 - - [06/Mar/2024:00:14:36 -0500] "GET /kwssiamovil/sm/acme/a?s=U2FsdGVkX1+Ae9yNteaZFP1iXFb4qd2kySOu5LjM+s7ADah4TWKySzQrdBU3ggNw7RK0wk2dxuUWfQWYgKe9tr3bL+GBaT2cKoC77aV7NEqPVo4jo38mUExpIWKPyY2OV9X/v3KEqBJHoKGLjzvjqYLF+mcH+JK8qzhADtAjMOD3oQxqy0Kd/LVIf5pyqpo5fNx9JAxZfcO8NROcPiH9Cd3mh5gEHyaVF89ZWzCVisYUMabPNVhjKIE36aJwvCyJZIkgQa07w3557JTrOgxg7Zksf8y+RAYF8CVlF3WkXMVpSG3jxjXt+tAmaabStnGMhNPliNvf/XpwDcTKwqlatns3k7bm/uG6ur0Qo1acnbFRS3kGmOYNdsUhCTsnA3xRri2nrn46wihti3tM5wBxFWbhFRZck1b8QeiAtwbzgqqF9N+UKCmNW7dpZ4I0XjrPQrr0OWSeJbqrYAFOQLop/3SUAunVf/M/NiBTB0jhgv0ybYEGUYUpkwREGzzcusW7yvsMGPRUSZfw68vAjbZEPQ==&u=U2FsdGVkX19KdOQY/ZulO4wDeT3DnLIzAHY1JpBU8y/kAAkRe2eBJPaP26GvN7dl&y=U2FsdGVkX18KFAKzqPuPgtgbg2CTXxLUmszHE/+aTUub9J6m8311DLnHpQt3EPXI HTTP/1.1" 200 26
186.31.170.99 - - [06/Mar/2024:00:14:36 -0500] "GET /kwssiamovil/sm/acme/a?s=U2FsdGVkX1+k30dEIGXQSyB5jYEFWuPzeEhfFhIDJriu1vqzVrzg4STpPuVwXWOhpwYRVA+EDkGRxaUcbuBzUrN57Cb84nTg1GwqhMIS2SapAJ6R7tsswLJLONmHh79UDMehhqcBqGRHbMEDe7/zA7XSYPHilXtfSJQcp2c+cKQtOY+/LEGbPQItTshw4nasZ1vRguLaUCnt475UZW6g+smIIsPzl8jU374vpnr7mHfs3kzOvv2q9lkA6knh5lNFyy6Xtvd/MTEGhcbSsisSfvT3rRZKX+8Jshi2PyKbmbkNp+qUuOAzj94pa8oeL/47EpRKJyMHEzVijTcUYemlVPxliY0F4w2m7+AjUEWebuWvI7T9JvYT2bX8t1tsEGZBjOEXVTJWmjMYXUzwmG8QzZ0QjPmXCbNJENmaVJ0GKuu/Fl/fOyy94OktaETcPJIs3f2iZ4fJZeCYmDJ2eH68bID56oR2JNF41WWcalgfHlE=&u=U2FsdGVkX19KdOQY/ZulO4wDeT3DnLIzAHY1JpBU8y/kAAkRe2eBJPaP26GvN7dl&y=U2FsdGVkX18KFAKzqPuPgtgbg2CTXxLUmszHE/+aTUub9J6m8311DLnHpQt3EPXI HTTP/1.1" 200 26
3.224.220.101 - - [06/Mar/2024:00:14:37 -0500] "GET /BLA/resoluciones/index.php?dir=RESOLUCIONES%202003/RES%202003%20551-600/&order=desc&sort=size HTTP/1.1" 200 11304
3.224.220.101 - - [06/Mar/2024:00:14:41 -0500] "GET /BLA/resoluciones/index.php?dir=RESOLUCIONES%202003/RES%202003%20551-600/&order=desc&sort=name HTTP/1.1" 200 11304
52.70.240.171 - - [06/Mar/2024:00:14:45 -0500] "GET /BLA/resoluciones/index.php?dir=RESOLUCIONES%202003/RES%202003%20501-550/ HTTP/1.1" 200 11308
3.224.220.101 - - [06/Mar/2024:00:14:58 -0500] "GET /BLA/resoluciones/index.php?dir=RESOLUCIONES%202003/RES%202003%20501-550/&order=asc&sort=date HTTP/1.1" 200 11308
52.70.240.171 - - [06/Mar/2024:00:15:01 -0500] "GET /BLA/resoluciones/index.php?dir=RESOLUCIONES%202003/RES%202003%20501-550/&order=desc&sort=date HTTP/1.1" 200 11307
216.245.221.92 - - [06/Mar/2024:00:15:09 -0500] "HEAD / HTTP/1.1" 200 -
52.70.240.171 - - [06/Mar/2024:00:15:12 -0500] "GET /BLA/resoluciones/index.php?dir=RESOLUCIONES%202003/RES%202003%20501-550/&order=asc&sort=name HTTP/1.1" 200 11308
3.224.220.101 - - [06/Mar/2024:00:15:13 -0500] "GET /BLA/resoluciones/index.php?dir=RESOLUCIONES%202003/RES%202003%20501-550/&order=asc&sort=size HTTP/1.1" 200 11308
201.245.192.253 - - [06/Mar/2024:00:15:29 -0500] "POST /kwsrmcab/Wsrmcab  HTTP/1.1" 200 39632
3.224.220.101 - - [06/Mar/2024:00:15:33 -0500] "GET /BLA/resoluciones/index.php?dir=RESOLUCIONES%202003/RES%202003%20501-550/&order=desc&sort=size HTTP/1.1" 200 11307
3.224.220.101 - - [06/Mar/2024:00:15:41 -0500] "GET /BLA/resoluciones/index.php?dir=RESOLUCIONES%202003/RES%202003%20501-550/&order=desc&sort=name HTTP/1.1" 200 11307
3.224.220.101 - - [06/Mar/2024:00:15:45 -0500] "GET /BLA/resoluciones/index.php?dir=RESOLUCIONES%202003/RES%202003%20451-500/ HTTP/1.1" 200 11311
52.70.240.171 - - [06/Mar/2024:00:15:57 -0500] "GET /BLA/resoluciones/index.php?dir=RESOLUCIONES%202003/RES%202003%20451-500/&order=asc&sort=date HTTP/1.1" 200 11311
3.224.220.101 - - [06/Mar/2024:00:16:01 -0500] "GET /BLA/resoluciones/index.php?dir=RESOLUCIONES%202003/RES%202003%20451-500/&order=desc&sort=date HTTP/1.1" 200 11310
23.22.35.162 - - [06/Mar/2024:00:16:17 -0500] "GET /BLA/resoluciones/index.php?dir=RESOLUCIONES%202003/RES%202003%20451-500/&order=asc&sort=name HTTP/1.1" 200 11311
52.70.240.171 - - [06/Mar/2024:00:16:29 -0500] "GET /BLA/resoluciones/index.php?dir=RESOLUCIONES%202003/RES%202003%20451-500/&order=asc&sort=size HTTP/1.1" 200 11311
52.70.240.171 - - [06/Mar/2024:00:16:37 -0500] "GET /BLA/resoluciones/index.php?dir=RESOLUCIONES%202003/RES%202003%20451-500/&order=desc&sort=size HTTP/1.1" 200 11310
3.224.220.101 - - [06/Mar/2024:00:16:42 -0500] "GET /BLA/resoluciones/index.php?dir=RESOLUCIONES%202003/RES%202003%20451-500/&order=desc&sort=name HTTP/1.1" 200 11310
23.22.35.162 - - [06/Mar/2024:00:17:02 -0500] "GET /BLA/resoluciones/index.php?dir=RESOLUCIONES%202003/RES%202003%20401-450/ HTTP/1.1" 200 11312
3.224.220.101 - - [06/Mar/2024:00:17:09 -0500] "GET /BLA/resoluciones/index.php?dir=RESOLUCIONES%202003/RES%202003%20401-450/&order=asc&sort=date HTTP/1.1" 200 11312
23.22.35.162 - - [06/Mar/2024:00:17:13 -0500] "GET /BLA/resoluciones/index.php?dir=RESOLUCIONES%202003/RES%202003%20401-450/&order=desc&sort=date HTTP/1.1" 200 11311
191.107.131.132 - - [06/Mar/2024:00:17:19 -0500] "GET /sipse/faces/presentacion/financiero/solicitudProceso/consultarSolicitudProceso.xhtml HTTP/1.1" 200 125142
191.107.131.132 - - [06/Mar/2024:00:17:19 -0500] "GET /sipse/faces/javax.faces.resource/theme.css?ln=primefaces-sipse HTTP/1.1" 304 -
191.107.131.132 - - [06/Mar/2024:00:17:19 -0500] "GET /sipse/faces/javax.faces.resource/primefaces.css?ln=primefaces&v=4.0 HTTP/1.1" 304 -
191.107.131.132 - - [06/Mar/2024:00:17:19 -0500] "GET /sipse/faces/javax.faces.resource/jquery/jquery.js?ln=primefaces&v=4.0 HTTP/1.1" 304 -
191.107.131.132 - - [06/Mar/2024:00:17:19 -0500] "GET /sipse/faces/javax.faces.resource/layout/layout.css?ln=primefaces&v=4.0 HTTP/1.1" 304 -
191.107.131.132 - - [06/Mar/2024:00:17:19 -0500] "GET /sipse/faces/javax.faces.resource/jquery/jquery-plugins.js?ln=primefaces&v=4.0 HTTP/1.1" 304 -
191.107.131.132 - - [06/Mar/2024:00:17:19 -0500] "GET /sipse/faces/javax.faces.resource/primefaces.js?ln=primefaces&v=4.0 HTTP/1.1" 304 -
191.107.131.132 - - [06/Mar/2024:00:17:19 -0500] "GET /sipse/faces/javax.faces.resource/layout/layout.js?ln=primefaces&v=4.0 HTTP/1.1" 304 -
191.107.131.132 - - [06/Mar/2024:00:17:20 -0500] "GET /sipse/css/imagen/contrasena.png HTTP/1.1" 404 383
191.107.131.132 - - [06/Mar/2024:00:17:20 -0500] "GET /sipse/faces/javax.faces.resource/images/ui-icons_898989_256x240.png?ln=primefaces-aristo HTTP/1.1" 304 -
191.107.131.132 - - [06/Mar/2024:00:17:20 -0500] "GET /sipse/faces/javax.faces.resource/dynamiccontent.properties?ln=primefaces&pfdrid=XjOR5%2F%2FfPAZAuY9TpWQeCiM0BhlXxYRBGKi%2FQcXXfeA%3D&pfdrid_c=false HTTP/1.1" 500 383
52.70.240.171 - - [06/Mar/2024:00:17:21 -0500] "GET /BLA/resoluciones/index.php?dir=RESOLUCIONES%202003/RES%202003%20401-450/&order=asc&sort=name HTTP/1.1" 200 11312
191.107.131.132 - - [06/Mar/2024:00:17:23 -0500] "GET /sipse/faces/javax.faces.resource/images/ui-bg_flat_0_2d5972_40x100.png?ln=primefaces-aristo HTTP/1.1" 304 -
191.107.131.132 - - [06/Mar/2024:00:17:23 -0500] "POST /sipse/faces/presentacion/financiero/solicitudProceso/consultarSolicitudProceso.xhtml HTTP/1.1" 200 36777
191.107.131.132 - - [06/Mar/2024:00:17:24 -0500] "GET /sipse/faces/javax.faces.resource/theme.css?ln=primefaces-sipse HTTP/1.1" 304 -
191.107.131.132 - - [06/Mar/2024:00:17:24 -0500] "GET /sipse/faces/javax.faces.resource/primefaces.css?ln=primefaces&v=4.0 HTTP/1.1" 304 -
191.107.131.132 - - [06/Mar/2024:00:17:24 -0500] "GET /sipse/faces/javax.faces.resource/layout/layout.css?ln=primefaces&v=4.0 HTTP/1.1" 304 -
191.107.131.132 - - [06/Mar/2024:00:17:24 -0500] "GET /sipse/faces/javax.faces.resource/jquery/jquery.js?ln=primefaces&v=4.0 HTTP/1.1" 304 -
191.107.131.132 - - [06/Mar/2024:00:17:24 -0500] "GET /sipse/faces/javax.faces.resource/jquery/jquery-plugins.js?ln=primefaces&v=4.0 HTTP/1.1" 304 -
191.107.131.132 - - [06/Mar/2024:00:17:24 -0500] "GET /sipse/faces/javax.faces.resource/primefaces.js?ln=primefaces&v=4.0 HTTP/1.1" 304 -
191.107.131.132 - - [06/Mar/2024:00:17:24 -0500] "GET /sipse/faces/javax.faces.resource/layout/layout.js?ln=primefaces&v=4.0 HTTP/1.1" 304 -
191.107.131.132 - - [06/Mar/2024:00:17:24 -0500] "POST /sipse/faces/presentacion/financiero/solicitudProceso/listarSolicitudProceso.xhtml HTTP/1.1" 200 1392
191.107.131.132 - - [06/Mar/2024:00:17:26 -0500] "POST /sipse/faces/presentacion/financiero/solicitudProceso/listarSolicitudProceso.xhtml HTTP/1.1" 200 59177
191.107.131.132 - - [06/Mar/2024:00:17:26 -0500] "GET /sipse/faces/javax.faces.resource/primefaces.css?ln=primefaces&v=4.0 HTTP/1.1" 304 -
191.107.131.132 - - [06/Mar/2024:00:17:26 -0500] "GET /sipse/faces/javax.faces.resource/layout/layout.css?ln=primefaces&v=4.0 HTTP/1.1" 304 -
191.107.131.132 - - [06/Mar/2024:00:17:26 -0500] "GET /sipse/faces/javax.faces.resource/theme.css?ln=primefaces-sipse HTTP/1.1" 304 -
191.107.131.132 - - [06/Mar/2024:00:17:26 -0500] "GET /sipse/faces/javax.faces.resource/jquery/jquery.js?ln=primefaces&v=4.0 HTTP/1.1" 304 -
191.107.131.132 - - [06/Mar/2024:00:17:26 -0500] "GET /sipse/faces/javax.faces.resource/jquery/jquery-plugins.js?ln=primefaces&v=4.0 HTTP/1.1" 304 -
191.107.131.132 - - [06/Mar/2024:00:17:26 -0500] "GET /sipse/faces/javax.faces.resource/primefaces.js?ln=primefaces&v=4.0 HTTP/1.1" 304 -
191.107.131.132 - - [06/Mar/2024:00:17:26 -0500] "GET /sipse/faces/javax.faces.resource/layout/layout.js?ln=primefaces&v=4.0 HTTP/1.1" 304 -
191.107.131.132 - - [06/Mar/2024:00:17:33 -0500] "POST /sipse/faces/presentacion/financiero/solicitudProceso/crearModificarSolicitudProceso.xhtml HTTP/1.1" 200 51773
23.22.35.162 - - [06/Mar/2024:00:17:33 -0500] "GET /BLA/resoluciones/index.php?dir=RESOLUCIONES%202003/RES%202003%20401-450/&order=asc&sort=size HTTP/1.1" 200 11312
3.224.220.101 - - [06/Mar/2024:00:17:37 -0500] "GET /BLA/resoluciones/index.php?dir=RESOLUCIONES%202003/RES%202003%20401-450/&order=desc&sort=size HTTP/1.1" 200 11311
191.107.131.132 - - [06/Mar/2024:00:17:40 -0500] "POST /sipse/faces/presentacion/financiero/solicitudProceso/crearModificarSolicitudProceso.xhtml HTTP/1.1" 200 25138
52.70.240.171 - - [06/Mar/2024:00:17:45 -0500] "GET /BLA/resoluciones/index.php?dir=RESOLUCIONES%202003/RES%202003%20401-450/&order=desc&sort=name HTTP/1.1" 200 11311
52.70.240.171 - - [06/Mar/2024:00:17:49 -0500] "GET /BLA/resoluciones/index.php?dir=RESOLUCIONES%202003/RES%202003%20351-400/ HTTP/1.1" 200 11305
23.22.35.162 - - [06/Mar/2024:00:18:01 -0500] "GET /BLA/resoluciones/index.php?dir=RESOLUCIONES%202003/RES%202003%20351-400/&order=asc&sort=date HTTP/1.1" 200 11305
23.22.35.162 - - [06/Mar/2024:00:18:05 -0500] "GET /BLA/resoluciones/index.php?dir=RESOLUCIONES%202003/RES%202003%20351-400/&order=desc&sort=date HTTP/1.1" 200 11304
191.107.131.132 - - [06/Mar/2024:00:18:09 -0500] "POST /sipse/faces/presentacion/financiero/solicitudProceso/crearModificarSolicitudProceso.xhtml HTTP/1.1" 200 6307
52.70.240.171 - - [06/Mar/2024:00:18:09 -0500] "GET /BLA/resoluciones/index.php?dir=RESOLUCIONES%202003/RES%202003%20351-400/&order=asc&sort=name HTTP/1.1" 200 11305
3.224.220.101 - - [06/Mar/2024:00:18:13 -0500] "GET /BLA/resoluciones/index.php?dir=RESOLUCIONES%202003/RES%202003%20351-400/&order=asc&sort=size HTTP/1.1" 200 11305
191.107.131.132 - - [06/Mar/2024:00:18:18 -0500] "POST /sipse/faces/presentacion/financiero/solicitudProceso/crearModificarSolicitudProceso.xhtml HTTP/1.1" 200 10247
52.70.240.171 - - [06/Mar/2024:00:18:21 -0500] "GET /BLA/resoluciones/index.php?dir=RESOLUCIONES%202003/RES%202003%20351-400/&order=desc&sort=size HTTP/1.1" 200 11304
52.70.240.171 - - [06/Mar/2024:00:18:25 -0500] "GET /BLA/resoluciones/index.php?dir=RESOLUCIONES%202003/RES%202003%20351-400/&order=desc&sort=name HTTP/1.1" 200 11304
52.70.240.171 - - [06/Mar/2024:00:18:29 -0500] "GET /BLA/resoluciones/index.php?dir=RESOLUCIONES%202003/RES%202003%20301-350/ HTTP/1.1" 200 11308
191.107.131.132 - - [06/Mar/2024:00:18:39 -0500] "POST /sipse/faces/presentacion/financiero/solicitudProceso/crearModificarSolicitudProceso.xhtml HTTP/1.1" 200 7378
186.31.170.99 - - [06/Mar/2024:00:18:40 -0500] "GET /kwssiamovil/sm/acme/a?s=U2FsdGVkX18LcoUXi3etq+dSSBQz0tOejhFN6rW+Qb/MxSy9E1V+ZKWGjchig5de5tSy7Gc2a1e8ghVv+zbYuOUc36WICrERiEJtP+OL9vgtUGBgzwonslYZkcQjQdO+kU0XxAWYgV+Cdz0llskEriTeUiqDOEtMw+t8pEsZfgtY819/8obmxpJm+AkQGxNWPJtsbL3hdEPQC0hhBDaFNnfDDgUNBtc+s19YZ/i+Y93idWUZ4TF33i634beVjqrvCN+ZYRxg0X+QufoUDVJKkg==&u=U2FsdGVkX19KdOQY/ZulO4wDeT3DnLIzAHY1JpBU8y/kAAkRe2eBJPaP26GvN7dl&y=U2FsdGVkX18KFAKzqPuPgtgbg2CTXxLUmszHE/+aTUub9J6m8311DLnHpQt3EPXI HTTP/1.1" 200 26
186.31.170.99 - - [06/Mar/2024:00:18:41 -0500] "GET /kwssiamovil/sm/acme/a?s=U2FsdGVkX18pPlkh2U/6/O8D5Xts4a60MdEd78iQsobnHuQsKhnafGSS1laqXvqxazvDwbq4Vvr+G3AnAcWeKuejAA/1y1eO4pMORCHxsvjMogO+FQVJW3af1PlCHh0He8IHoIzqjHdy8Lyu/tZ8LfP7VCpYKSxJqCMMG3B0UOi41s7cnAM4zQ9e3x1MLZtcNFYGoWCcvxDoBwUEYyL7w3z8HOy2Vya2T4KYRJ9EMaU1yxuZb9feDhmXhzWgwZ0261cbaYmmdnq1F3x0ZRU8u5/mXt39x13xe/I33b4fzBRMc0fx+bQ6Ga+AVShNtci1IWbil9mKXunowUkaiAPjqCtEMyXilxVFbun53/CFfFAOTubPLKoFESiwexFxWlf5oHOa2WMt/dChzr3gQtXLf2X/GKoh2OesSmTPxFgq87HSuPuC0jzEueqemiDMMiCI6XL7ufLud1JY4ZwoWp9QgBLk6QGClcAaN8C6qIC5ueBOW8P9ErwAFa7y1oh+Mo84yc9DRiL6ra25D3XXJ+fGxuzzK94bP3ZYaU9PrC9XQlUoFLLprBKndfwfsOgkykXyn3SjYKy3EjPRrsd71EhyqynsDm/Rskh0c+9+oXL3QImne7bWkPZqesXfOV/xWEgYd0eHYns1nW+uvzqvVr35iCo4mXYiYgcF1VXB5N3NG5Ol9IGiz2iyGS6rKDx5gO8e30eXGll5pAKsGsZiDuBLFy2FSAqFhUwE+ospRvf8phsLnGiBX5EA5tiy6SJ7mfnnKIZg4awU73y9i6Fg/JFNusYDeb3zeki5ZC8jHBCEG8myv2BJ7a08qpDcisArUnbQhwXLY7NJbegxZOZaSxF1+GohfFsOaj6lyQUZIOkZCKQ2FQMHFo2BiULyN5+pcJUMWstHrxjfMeEXADhjhhvPXEI49oHtWETD9KltptTC0pe2cOBnEttLnexBcyfd/B6frUdeYuuuq1001JFIdVLAvzJj90CExpwYI3AZrIej2tE3yisfC3zh9wbgNkgNT7gfRtD4kezfMx+oEyHPxvh1D4pqA4m1JDrkraYAHmbXCREqDyFaOI2QpuGgofALn+9a1mRw0riW99e96F0nMBnXlYzJO8SmUXZLeUMkwuKw/E7U8/QEZk2yxQyOdfDvgFBjQZMry7dQGuMAEX5uY5Po3w4YXGsr0RGz/cUastxRemziw49JTK13s9y2XV9MpTNgWO0M7kxBuZCzSbSzmt8m/HoDsbfxOBs87iKRrul6roS6O481HNjS46G3WKrrYsBNZNtUY5b4MVGVPACcuk2VBuY7jNKYY/n6pq/TzMzizYn1Of/qnJ5X8MDE1LS9iqFI44tg/soDaF4+46sMCQ4h7FqMv0wRBibGqruUDYSD3nwLzHYIT0P1UwbN2R8EeKbZAPiuGqi2t+9I6xV6/+Z+Pq5SnzkLRw5RJ4p7RJ2oIrdLltrA/VbmSWVrpr0FpijOkN8fIx57i5aSE92027u5+CZRS8Gsb48NrZYAKJkBoLcOWq2/BCVcEfLL+/2UugFsvbLK+ZET5lKqgUg/vg/e0YxuTnLGv9aWRJ1B5VyoKmQqdUJZN9XmJ9feuri+gSBa4HW4HGxfzVgv81G3ygqvkaYtNwZMpHsNaa8/YMJzJP4A/s1duSCmKEJmBz5ZXIYJuLbg0PGpe9vdpfaYnkJ8ibJvrEm16pGLiu28uHMTpoVqwKMsrp6etkTA+W/07q4JfbHb8dZ2jxZ/2OacFtu4ZOVsyeTBMGbT8ty94r9fTmzIL6Vkcc3MuQz4Mv2TVj992v3PWKi8Yng1auU+E0pBR/cTxOB09aayTInAW3poVjEUiPrtZMg2cn0hQge9xMbb9BWXj/gITajUw7ArYYH676fPBT9Av6mzl8xRDjIYp49RHt7S2ekC8VqPxDlXP57UJlTSpaSZP3lIUUGeaEwo6OpPX8O8UEoWYDQb4xSK5hLdSa+szt7s3csfevsEsQ7gkOkhbfwkzIik3BSj4X9jKKorDF7g9MzE2YeqrFExu7o3JUPTK/DNDBlufe0ArVVOMuqk1Bqcpcu7lv1nPuBb4zWn+q1IrkbxM1jnnlLPRbQ=&u=U2FsdGVkX19KdOQY/ZulO4wDeT3DnLIzAHY1JpBU8y/kAAkRe2eBJPaP26GvN7dl&y=U2FsdGVkX18KFAKzqPuPgtgbg2CTXxLUmszHE/+aTUub9J6m8311DLnHpQt3EPXI HTTP/1.1" 200 26
186.31.170.99 - - [06/Mar/2024:00:18:41 -0500] "GET /kwssiamovil/sm/acme/a?s=U2FsdGVkX1+fZ5Sh/QT94yc4Kdu/wHvO9+cJS+jwit9SyEqcHLbTxtOw8s3lWvAbGJEaTKj8CF4/PVSnQZ1VWqYHbjYo4xJnB8dKNZwosPbXRKdrPcmQ0Dat0XgyQayfX+btk5sszlM8Z7saD+BmLVek55QtK7Pc+YygZYJed2E=&u=U2FsdGVkX19KdOQY/ZulO4wDeT3DnLIzAHY1JpBU8y/kAAkRe2eBJPaP26GvN7dl&y=U2FsdGVkX18KFAKzqPuPgtgbg2CTXxLUmszHE/+aTUub9J6m8311DLnHpQt3EPXI HTTP/1.1" 200 26
186.31.170.99 - - [06/Mar/2024:00:18:41 -0500] "GET /kwssiamovil/sm/acme/a?s=U2FsdGVkX18BoDdpIbIPXKiw7Fu3YmgEfiKQW9CPpM5wdU+19CadVpL4VOb5AYEwaPHoNiHt76F6AAtrRsYwUT7iadesE9m2tAwb4tuAOW3rD0va+Dr1JvGNWtIKJ1gc5+2MRow0drbiuC3Ucc9Epx9LE9WyP8jnFWJ8T8IKYl0=&u=U2FsdGVkX19KdOQY/ZulO4wDeT3DnLIzAHY1JpBU8y/kAAkRe2eBJPaP26GvN7dl&y=U2FsdGVkX18KFAKzqPuPgtgbg2CTXxLUmszHE/+aTUub9J6m8311DLnHpQt3EPXI HTTP/1.1" 200 26
186.31.170.99 - - [06/Mar/2024:00:18:41 -0500] "GET /kwssiamovil/sm/acme/a?s=U2FsdGVkX18UNYSCiqf82Btr9dRS7GRH9auASKT1DLdTPwODfdmN2amXQlFPiJpdq0yCDrzCvkEc7kQk/PfGEreEU+nDcmH94ODUIyh+09dWd8lrTs5PgF+nHR5uAsXhgDCIYv80rWCnKrEU+aUBKhwfNS2lm0ZmpzF82nZZaYo=&u=U2FsdGVkX19KdOQY/ZulO4wDeT3DnLIzAHY1JpBU8y/kAAkRe2eBJPaP26GvN7dl&y=U2FsdGVkX18KFAKzqPuPgtgbg2CTXxLUmszHE/+aTUub9J6m8311DLnHpQt3EPXI HTTP/1.1" 200 26
186.31.170.99 - - [06/Mar/2024:00:18:41 -0500] "GET /kwssiamovil/sm/acme/a?s=U2FsdGVkX18III4JSpZ+QE7Y+QVyT9e4MtCKtHFtGpJD3P+gZVC/6k+ir/dDFvFOL4yNgHglyb6HLoMGIRDjyVN2DlSG3/V3DDBhxLExRUu4nSzc61LBVmnDO3N1SJJ79C0KCK+8M4pLK6L5aRyQwULKLpupVOycS1LLdgBpmWSNGNnnssJcwAcfZZ3/9Z4okgafzRQd37mejDTZhKripQ==&u=U2FsdGVkX19KdOQY/ZulO4wDeT3DnLIzAHY1JpBU8y/kAAkRe2eBJPaP26GvN7dl&y=U2FsdGVkX18KFAKzqPuPgtgbg2CTXxLUmszHE/+aTUub9J6m8311DLnHpQt3EPXI HTTP/1.1" 200 26
3.224.220.101 - - [06/Mar/2024:00:18:53 -0500] "GET /BLA/resoluciones/index.php?dir=RESOLUCIONES%202003/RES%202003%20301-350/&order=asc&sort=date HTTP/1.1" 200 11308
172.22.2.4 - - [06/Mar/2024:00:17:16 -0500] "HEAD /BLA/boletinlegal/ HTTP/1.1" 200 -
52.70.240.171 - - [06/Mar/2024:00:18:57 -0500] "GET /BLA/resoluciones/index.php?dir=RESOLUCIONES%202003/RES%202003%20301-350/&order=desc&sort=date HTTP/1.1" 200 11307
23.22.35.162 - - [06/Mar/2024:00:19:09 -0500] "GET /BLA/resoluciones/index.php?dir=RESOLUCIONES%202003/RES%202003%20301-350/&order=asc&sort=name HTTP/1.1" 200 11308
201.245.192.253 - - [06/Mar/2024:00:19:13 -0500] "POST /kwsrmcab/Wsrmcab HTTP/1.1" 200 37794
201.245.192.253 - - [06/Mar/2024:00:19:14 -0500] "POST /kwsrmcab/Wsrmcab HTTP/1.1" 200 37906
3.224.220.101 - - [06/Mar/2024:00:19:17 -0500] "GET /BLA/resoluciones/index.php?dir=RESOLUCIONES%202003/RES%202003%20301-350/&order=asc&sort=size HTTP/1.1" 200 11308
23.22.35.162 - - [06/Mar/2024:00:19:22 -0500] "GET /BLA/resoluciones/index.php?dir=RESOLUCIONES%202003/RES%202003%20301-350/&order=desc&sort=size HTTP/1.1" 200 11307
201.245.192.253 - - [06/Mar/2024:00:19:31 -0500] "POST /kwsrmcab/Wsrmcab HTTP/1.1" 200 37758
23.22.35.162 - - [06/Mar/2024:00:19:33 -0500] "GET /BLA/resoluciones/index.php?dir=RESOLUCIONES%202003/RES%202003%20301-350/&order=desc&sort=name HTTP/1.1" 200 11307
52.70.240.171 - - [06/Mar/2024:00:19:41 -0500] "GET /BLA/resoluciones/index.php?dir=RESOLUCIONES%202003/RES%202003%20251-300/ HTTP/1.1" 200 11115
3.224.220.101 - - [06/Mar/2024:00:19:45 -0500] "GET /BLA/resoluciones/index.php?dir=RESOLUCIONES%202003/RES%202003%20251-300/&order=asc&sort=date HTTP/1.1" 200 11115
172.22.2.4 - - [06/Mar/2024:00:18:07 -0500] "GET /BLA/boletinlegal/ HTTP/1.1" 200 54913
3.224.220.101 - - [06/Mar/2024:00:19:49 -0500] "GET /BLA/resoluciones/index.php?dir=RESOLUCIONES%202003/RES%202003%20251-300/&order=desc&sort=date HTTP/1.1" 200 11114
52.70.240.171 - - [06/Mar/2024:00:19:53 -0500] "GET /BLA/resoluciones/index.php?dir=RESOLUCIONES%202003/RES%202003%20251-300/&order=asc&sort=name HTTP/1.1" 200 11115
185.254.196.81 - - [06/Mar/2024:00:19:53 -0500] "GET /BLA/boletinlegal/admin/index.php HTTP/1.1" 200 2324
23.22.35.162 - - [06/Mar/2024:00:19:57 -0500] "GET /BLA/resoluciones/index.php?dir=RESOLUCIONES%202003/RES%202003%20251-300/&order=asc&sort=size HTTP/1.1" 200 11115
52.70.240.171 - - [06/Mar/2024:00:20:01 -0500] "GET /BLA/resoluciones/index.php?dir=RESOLUCIONES%202003/RES%202003%20251-300/&order=desc&sort=size HTTP/1.1" 200 11114
201.245.192.253 - - [06/Mar/2024:00:20:03 -0500] "POST /kwsrmcab/Wsrmcab HTTP/1.1" 200 37906
216.245.221.92 - - [06/Mar/2024:00:20:09 -0500] "HEAD / HTTP/1.1" 200 -
191.107.131.132 - - [06/Mar/2024:00:20:13 -0500] "POST /sipse/faces/presentacion/financiero/solicitudProceso/crearModificarSolicitudProceso.xhtml HTTP/1.1" 200 83362
191.107.131.132 - - [06/Mar/2024:00:20:13 -0500] "GET /sipse/faces/javax.faces.resource/theme.css?ln=primefaces-sipse HTTP/1.1" 304 -
191.107.131.132 - - [06/Mar/2024:00:20:13 -0500] "GET /sipse/faces/javax.faces.resource/primefaces.css?ln=primefaces&v=4.0 HTTP/1.1" 304 -
191.107.131.132 - - [06/Mar/2024:00:20:13 -0500] "GET /sipse/faces/javax.faces.resource/layout/layout.css?ln=primefaces&v=4.0 HTTP/1.1" 304 -
191.107.131.132 - - [06/Mar/2024:00:20:13 -0500] "GET /sipse/faces/javax.faces.resource/jquery/jquery-plugins.js?ln=primefaces&v=4.0 HTTP/1.1" 304 -
191.107.131.132 - - [06/Mar/2024:00:20:13 -0500] "GET /sipse/faces/javax.faces.resource/primefaces.js?ln=primefaces&v=4.0 HTTP/1.1" 304 -
191.107.131.132 - - [06/Mar/2024:00:20:13 -0500] "GET /sipse/faces/javax.faces.resource/jquery/jquery.js?ln=primefaces&v=4.0 HTTP/1.1" 304 -
191.107.131.132 - - [06/Mar/2024:00:20:13 -0500] "GET /sipse/faces/javax.faces.resource/layout/layout.js?ln=primefaces&v=4.0 HTTP/1.1" 304 -
191.107.131.132 - - [06/Mar/2024:00:20:13 -0500] "GET /sipse/faces/javax.faces.resource/messages/messages.png?ln=primefaces&v=4.0 HTTP/1.1" 304 -
23.22.35.162 - - [06/Mar/2024:00:20:17 -0500] "GET /BLA/resoluciones/index.php?dir=RESOLUCIONES%202003/RES%202003%20251-300/&order=desc&sort=name HTTP/1.1" 200 11114
52.70.240.171 - - [06/Mar/2024:00:20:25 -0500] "GET /BLA/resoluciones/index.php?dir=RESOLUCIONES%202003/RES%202003%20201-250/ HTTP/1.1" 200 12348
23.22.35.162 - - [06/Mar/2024:00:20:29 -0500] "GET /BLA/resoluciones/index.php?dir=RESOLUCIONES%202003/RES%202003%20201-250/&order=asc&sort=date HTTP/1.1" 200 12348
201.245.192.253 - - [06/Mar/2024:00:20:28 -0500] "POST /kwsrmcab/Wsrmcab  HTTP/1.1" 200 39632
52.167.144.191 - - [06/Mar/2024:00:20:34 -0500] "GET /BLA/resoluciones/RESOLUCIONES%202018/0916.pdf HTTP/1.1" 304 -
3.224.220.101 - - [06/Mar/2024:00:20:37 -0500] "GET /BLA/resoluciones/index.php?dir=RESOLUCIONES%202003/RES%202003%20201-250/&order=desc&sort=date HTTP/1.1" 200 12347
191.107.131.132 - - [06/Mar/2024:00:20:45 -0500] "POST /sipse/faces/presentacion/financiero/solicitudProceso/crearModificarSolicitudProceso.xhtml HTTP/1.1" 200 24673
191.107.131.132 - - [06/Mar/2024:00:20:45 -0500] "GET /sipse/faces/javax.faces.resource/theme.css?ln=primefaces-sipse HTTP/1.1" 304 -
191.107.131.132 - - [06/Mar/2024:00:20:45 -0500] "GET /sipse/faces/javax.faces.resource/primefaces.css?ln=primefaces&v=4.0 HTTP/1.1" 304 -
191.107.131.132 - - [06/Mar/2024:00:20:45 -0500] "GET /sipse/faces/javax.faces.resource/jquery/jquery.js?ln=primefaces&v=4.0 HTTP/1.1" 304 -
191.107.131.132 - - [06/Mar/2024:00:20:45 -0500] "GET /sipse/faces/javax.faces.resource/layout/layout.css?ln=primefaces&v=4.0 HTTP/1.1" 304 -
191.107.131.132 - - [06/Mar/2024:00:20:45 -0500] "GET /sipse/faces/javax.faces.resource/jquery/jquery-plugins.js?ln=primefaces&v=4.0 HTTP/1.1" 304 -
191.107.131.132 - - [06/Mar/2024:00:20:45 -0500] "GET /sipse/faces/javax.faces.resource/layout/layout.js?ln=primefaces&v=4.0 HTTP/1.1" 304 -
191.107.131.132 - - [06/Mar/2024:00:20:45 -0500] "GET /sipse/faces/javax.faces.resource/primefaces.js?ln=primefaces&v=4.0 HTTP/1.1" 304 -
5.62.34.23 - - [06/Mar/2024:00:20:46 -0500] "GET / HTTP/1.1" 200 319
191.107.131.132 - - [06/Mar/2024:00:20:56 -0500] "POST /sipse/faces/presentacion/financiero/solicitudProyectoActividad/asociarProyectoSolicitud.xhtml HTTP/1.1" 200 6543
191.107.131.132 - - [06/Mar/2024:00:21:03 -0500] "POST /sipse/faces/presentacion/financiero/solicitudProyectoActividad/asociarProyectoSolicitud.xhtml HTTP/1.1" 200 1696
5.62.34.23 - - [06/Mar/2024:00:21:05 -0500] "GET / HTTP/1.1" 200 319
52.70.240.171 - - [06/Mar/2024:00:21:10 -0500] "GET /BLA/resoluciones/index.php?dir=RESOLUCIONES%202003/RES%202003%20201-250/&order=asc&sort=name HTTP/1.1" 200 12348
52.70.240.171 - - [06/Mar/2024:00:21:14 -0500] "GET /BLA/resoluciones/index.php?dir=RESOLUCIONES%202003/RES%202003%20201-250/&order=asc&sort=size HTTP/1.1" 200 12348
191.107.131.132 - - [06/Mar/2024:00:21:14 -0500] "POST /sipse/faces/presentacion/financiero/solicitudProyectoActividad/asociarProyectoSolicitud.xhtml HTTP/1.1" 200 75079
191.107.131.132 - - [06/Mar/2024:00:21:14 -0500] "GET /sipse/faces/javax.faces.resource/theme.css?ln=primefaces-sipse HTTP/1.1" 304 -
