186.80.108.8 - - [07/Mar/2024:06:22:08 -0500] "GET /sipse/faces/javax.faces.resource/layout/layout.css?ln=primefaces&v=4.0 HTTP/1.1" 304 -
186.80.108.8 - - [07/Mar/2024:06:22:08 -0500] "GET /sipse/faces/javax.faces.resource/primefaces.js?ln=primefaces&v=4.0 HTTP/1.1" 304 -
186.80.108.8 - - [07/Mar/2024:06:22:08 -0500] "GET /sipse/faces/javax.faces.resource/jquery/jquery-plugins.js?ln=primefaces&v=4.0 HTTP/1.1" 304 -
186.80.108.8 - - [07/Mar/2024:06:22:08 -0500] "GET /sipse/faces/javax.faces.resource/jquery/jquery.js?ln=primefaces&v=4.0 HTTP/1.1" 304 -
186.80.108.8 - - [07/Mar/2024:06:22:08 -0500] "GET /sipse/faces/javax.faces.resource/layout/layout.js?ln=primefaces&v=4.0 HTTP/1.1" 304 -
186.80.108.8 - - [07/Mar/2024:06:22:08 -0500] "POST /sipse/faces/presentacion/financiero/solicitudProceso/listarSolicitudProceso.xhtml HTTP/1.1" 200 1556
186.80.108.8 - - [07/Mar/2024:06:22:08 -0500] "POST /sipse/faces/presentacion/financiero/solicitudProceso/listarSolicitudProceso.xhtml HTTP/1.1" 200 1552
186.80.108.8 - - [07/Mar/2024:06:22:09 -0500] "POST /sipse/faces/presentacion/financiero/solicitudProceso/listarSolicitudProceso.xhtml HTTP/1.1" 200 31981
172.22.2.4 - - [07/Mar/2024:06:20:33 -0500] "GET /BLA/boletinlegal/ HTTP/1.1" 200 57889
186.80.108.8 - - [07/Mar/2024:06:22:28 -0500] "POST /sipse/faces/presentacion/financiero/solicitudProceso/listarSolicitudProceso.xhtml HTTP/1.1" 200 148293
186.80.108.8 - - [07/Mar/2024:06:22:29 -0500] "GET /sipse/faces/javax.faces.resource/theme.css?ln=primefaces-sipse HTTP/1.1" 304 -
186.80.108.8 - - [07/Mar/2024:06:22:29 -0500] "GET /sipse/faces/javax.faces.resource/primefaces.css?ln=primefaces&v=4.0 HTTP/1.1" 304 -
186.80.108.8 - - [07/Mar/2024:06:22:29 -0500] "GET /sipse/faces/javax.faces.resource/layout/layout.css?ln=primefaces&v=4.0 HTTP/1.1" 304 -
186.80.108.8 - - [07/Mar/2024:06:22:29 -0500] "GET /sipse/faces/javax.faces.resource/jquery/jquery.js?ln=primefaces&v=4.0 HTTP/1.1" 304 -
186.80.108.8 - - [07/Mar/2024:06:22:29 -0500] "GET /sipse/faces/javax.faces.resource/jquery/jquery-plugins.js?ln=primefaces&v=4.0 HTTP/1.1" 304 -
186.80.108.8 - - [07/Mar/2024:06:22:29 -0500] "GET /sipse/faces/javax.faces.resource/primefaces.js?ln=primefaces&v=4.0 HTTP/1.1" 304 -
186.80.108.8 - - [07/Mar/2024:06:22:29 -0500] "GET /sipse/faces/javax.faces.resource/layout/layout.js?ln=primefaces&v=4.0 HTTP/1.1" 304 -
186.80.108.8 - - [07/Mar/2024:06:22:32 -0500] "POST /sipse/faces/presentacion/financiero/solicitudProceso/consultarSolicitudProceso.xhtml HTTP/1.1" 200 425687
172.22.1.61 - - [07/Mar/2024:06:22:59 -0500] "GET /reportes_sipse/sdg/ServletFirma?solicitud=24830 HTTP/1.1" 200 -
66.249.66.19 - - [07/Mar/2024:06:23:04 -0500] "GET /IsolucionSDA/bancoconocimiento/E/EliminaciondeDocumentosdeArchivo_v1/EliminaciondeDocumentosdeArchivo_v1.asp?IdArticulo=9024 HTTP/1.1" 404 5044
172.22.1.61 - - [07/Mar/2024:06:23:10 -0500] "GET /reportes_sipse/sdg/ServletFirma?solicitud=24723 HTTP/1.1" 200 -
201.245.192.253 - - [07/Mar/2024:06:23:22 -0500] "POST /forms/lservlet;jsessionid=ac16012b30d65740d95aaed04376ba5bc6200a0659e1.e3iSbxaKaheRe3iNc3uNbNmQay1ynknvrkLOlQzNp65In0 HTTP/1.1" 200 2
172.22.1.61 - - [07/Mar/2024:06:23:21 -0500] "GET /reportes_sipse/sdg/ServletFirma?solicitud=24761 HTTP/1.1" 200 -
201.245.192.253 - - [07/Mar/2024:06:23:33 -0500] "POST /forms/lservlet;jsessionid=ac16012b30d684947034d65b4c4e923ce056fbb2be58.e3iSbxaKaheRe3iNc3uNbNmQay1ynknvrkLOlQzNp65In0 HTTP/1.1" 200 2
186.80.108.8 - - [07/Mar/2024:06:23:42 -0500] "POST /sipse/faces/presentacion/financiero/solicitudProceso/consultarSolicitudProceso.xhtml HTTP/1.1" 200 66958
186.80.108.8 - - [07/Mar/2024:06:23:42 -0500] "GET /sipse/faces/javax.faces.resource/theme.css?ln=primefaces-sipse HTTP/1.1" 304 -
186.80.108.8 - - [07/Mar/2024:06:23:42 -0500] "GET /sipse/faces/javax.faces.resource/primefaces.css?ln=primefaces&v=4.0 HTTP/1.1" 304 -
186.80.108.8 - - [07/Mar/2024:06:23:42 -0500] "GET /sipse/faces/javax.faces.resource/layout/layout.css?ln=primefaces&v=4.0 HTTP/1.1" 304 -
186.80.108.8 - - [07/Mar/2024:06:23:42 -0500] "GET /sipse/faces/javax.faces.resource/jquery/jquery.js?ln=primefaces&v=4.0 HTTP/1.1" 304 -
186.80.108.8 - - [07/Mar/2024:06:23:42 -0500] "GET /sipse/faces/javax.faces.resource/jquery/jquery-plugins.js?ln=primefaces&v=4.0 HTTP/1.1" 304 -
186.80.108.8 - - [07/Mar/2024:06:23:42 -0500] "GET /sipse/faces/javax.faces.resource/primefaces.js?ln=primefaces&v=4.0 HTTP/1.1" 304 -
186.80.108.8 - - [07/Mar/2024:06:23:42 -0500] "GET /sipse/faces/javax.faces.resource/layout/layout.js?ln=primefaces&v=4.0 HTTP/1.1" 304 -
186.80.108.8 - - [07/Mar/2024:06:23:43 -0500] "POST /sipse/faces/presentacion/financiero/solicitudProceso/listarSolicitudProceso.xhtml HTTP/1.1" 200 1556
186.80.108.8 - - [07/Mar/2024:06:23:43 -0500] "POST /sipse/faces/presentacion/financiero/solicitudProceso/listarSolicitudProceso.xhtml HTTP/1.1" 200 1552
186.80.108.8 - - [07/Mar/2024:06:23:44 -0500] "POST /sipse/faces/presentacion/financiero/solicitudProceso/listarSolicitudProceso.xhtml HTTP/1.1" 200 31981
186.80.108.8 - - [07/Mar/2024:06:24:18 -0500] "POST /sipse/faces/presentacion/financiero/solicitudProceso/listarSolicitudProceso.xhtml HTTP/1.1" 200 146553
186.80.108.8 - - [07/Mar/2024:06:24:19 -0500] "GET /sipse/faces/javax.faces.resource/theme.css?ln=primefaces-sipse HTTP/1.1" 304 -
186.80.108.8 - - [07/Mar/2024:06:24:19 -0500] "GET /sipse/faces/javax.faces.resource/primefaces.css?ln=primefaces&v=4.0 HTTP/1.1" 304 -
186.80.108.8 - - [07/Mar/2024:06:24:19 -0500] "GET /sipse/faces/javax.faces.resource/layout/layout.css?ln=primefaces&v=4.0 HTTP/1.1" 304 -
186.80.108.8 - - [07/Mar/2024:06:24:19 -0500] "GET /sipse/faces/javax.faces.resource/jquery/jquery.js?ln=primefaces&v=4.0 HTTP/1.1" 304 -
186.80.108.8 - - [07/Mar/2024:06:24:19 -0500] "GET /sipse/faces/javax.faces.resource/jquery/jquery-plugins.js?ln=primefaces&v=4.0 HTTP/1.1" 304 -
186.80.108.8 - - [07/Mar/2024:06:24:19 -0500] "GET /sipse/faces/javax.faces.resource/primefaces.js?ln=primefaces&v=4.0 HTTP/1.1" 304 -
186.80.108.8 - - [07/Mar/2024:06:24:19 -0500] "GET /sipse/faces/javax.faces.resource/layout/layout.js?ln=primefaces&v=4.0 HTTP/1.1" 304 -
186.80.108.8 - - [07/Mar/2024:06:24:22 -0500] "POST /sipse/faces/presentacion/financiero/solicitudProceso/consultarSolicitudProceso.xhtml HTTP/1.1" 200 423723
66.249.66.19 - - [07/Mar/2024:06:24:52 -0500] "GET /BLA/resoluciones/RESOLUCIONES%202009/3470.pdf HTTP/1.1" 200 335508
216.245.221.92 - - [07/Mar/2024:06:25:05 -0500] "HEAD / HTTP/1.1" 200 -
201.245.192.253 - - [07/Mar/2024:06:25:22 -0500] "POST /forms/lservlet;jsessionid=ac16012b30d65740d95aaed04376ba5bc6200a0659e1.e3iSbxaKaheRe3iNc3uNbNmQay1ynknvrkLOlQzNp65In0 HTTP/1.1" 200 2
201.245.192.253 - - [07/Mar/2024:06:25:33 -0500] "POST /forms/lservlet;jsessionid=ac16012b30d684947034d65b4c4e923ce056fbb2be58.e3iSbxaKaheRe3iNc3uNbNmQay1ynknvrkLOlQzNp65In0 HTTP/1.1" 200 2
186.80.108.8 - - [07/Mar/2024:06:25:36 -0500] "POST /sipse/faces/presentacion/financiero/solicitudProceso/consultarSolicitudProceso.xhtml HTTP/1.1" 200 66958
186.80.108.8 - - [07/Mar/2024:06:25:37 -0500] "GET /sipse/faces/javax.faces.resource/primefaces.css?ln=primefaces&v=4.0 HTTP/1.1" 304 -
186.80.108.8 - - [07/Mar/2024:06:25:37 -0500] "GET /sipse/faces/javax.faces.resource/theme.css?ln=primefaces-sipse HTTP/1.1" 304 -
186.80.108.8 - - [07/Mar/2024:06:25:37 -0500] "GET /sipse/faces/javax.faces.resource/layout/layout.css?ln=primefaces&v=4.0 HTTP/1.1" 304 -
186.80.108.8 - - [07/Mar/2024:06:25:37 -0500] "GET /sipse/faces/javax.faces.resource/jquery/jquery-plugins.js?ln=primefaces&v=4.0 HTTP/1.1" 304 -
186.80.108.8 - - [07/Mar/2024:06:25:37 -0500] "GET /sipse/faces/javax.faces.resource/jquery/jquery.js?ln=primefaces&v=4.0 HTTP/1.1" 304 -
186.80.108.8 - - [07/Mar/2024:06:25:37 -0500] "GET /sipse/faces/javax.faces.resource/primefaces.js?ln=primefaces&v=4.0 HTTP/1.1" 304 -
186.80.108.8 - - [07/Mar/2024:06:25:37 -0500] "GET /sipse/faces/javax.faces.resource/layout/layout.js?ln=primefaces&v=4.0 HTTP/1.1" 304 -
186.80.108.8 - - [07/Mar/2024:06:25:37 -0500] "POST /sipse/faces/presentacion/financiero/solicitudProceso/listarSolicitudProceso.xhtml HTTP/1.1" 200 1556
186.80.108.8 - - [07/Mar/2024:06:25:38 -0500] "POST /sipse/faces/presentacion/financiero/solicitudProceso/listarSolicitudProceso.xhtml HTTP/1.1" 200 1552
186.80.108.8 - - [07/Mar/2024:06:25:40 -0500] "POST /sipse/faces/presentacion/financiero/solicitudProceso/listarSolicitudProceso.xhtml HTTP/1.1" 200 31981
186.80.108.8 - - [07/Mar/2024:06:25:55 -0500] "POST /sipse/faces/presentacion/financiero/solicitudProceso/listarSolicitudProceso.xhtml HTTP/1.1" 200 144437
186.80.108.8 - - [07/Mar/2024:06:25:56 -0500] "GET /sipse/faces/javax.faces.resource/theme.css?ln=primefaces-sipse HTTP/1.1" 304 -
186.80.108.8 - - [07/Mar/2024:06:25:56 -0500] "GET /sipse/faces/javax.faces.resource/primefaces.css?ln=primefaces&v=4.0 HTTP/1.1" 304 -
186.80.108.8 - - [07/Mar/2024:06:25:56 -0500] "GET /sipse/faces/javax.faces.resource/layout/layout.css?ln=primefaces&v=4.0 HTTP/1.1" 304 -
186.80.108.8 - - [07/Mar/2024:06:25:56 -0500] "GET /sipse/faces/javax.faces.resource/jquery/jquery.js?ln=primefaces&v=4.0 HTTP/1.1" 304 -
186.80.108.8 - - [07/Mar/2024:06:25:56 -0500] "GET /sipse/faces/javax.faces.resource/jquery/jquery-plugins.js?ln=primefaces&v=4.0 HTTP/1.1" 304 -
186.80.108.8 - - [07/Mar/2024:06:25:56 -0500] "GET /sipse/faces/javax.faces.resource/primefaces.js?ln=primefaces&v=4.0 HTTP/1.1" 304 -
186.80.108.8 - - [07/Mar/2024:06:25:56 -0500] "GET /sipse/faces/javax.faces.resource/layout/layout.js?ln=primefaces&v=4.0 HTTP/1.1" 304 -
186.80.108.8 - - [07/Mar/2024:06:25:59 -0500] "POST /sipse/faces/presentacion/financiero/solicitudProceso/consultarSolicitudProceso.xhtml HTTP/1.1" 200 425385
201.245.192.253 - - [07/Mar/2024:06:26:12 -0500] "POST /kwsrmcab/Wsrmcab  HTTP/1.1" 200 39632
186.80.108.8 - - [07/Mar/2024:06:27:04 -0500] "POST /sipse/faces/presentacion/financiero/solicitudProceso/consultarSolicitudProceso.xhtml HTTP/1.1" 200 66958
186.80.108.8 - - [07/Mar/2024:06:27:05 -0500] "GET /sipse/faces/javax.faces.resource/theme.css?ln=primefaces-sipse HTTP/1.1" 304 -
186.80.108.8 - - [07/Mar/2024:06:27:05 -0500] "GET /sipse/faces/javax.faces.resource/primefaces.css?ln=primefaces&v=4.0 HTTP/1.1" 304 -
186.80.108.8 - - [07/Mar/2024:06:27:05 -0500] "GET /sipse/faces/javax.faces.resource/layout/layout.css?ln=primefaces&v=4.0 HTTP/1.1" 304 -
186.80.108.8 - - [07/Mar/2024:06:27:05 -0500] "GET /sipse/faces/javax.faces.resource/jquery/jquery.js?ln=primefaces&v=4.0 HTTP/1.1" 304 -
186.80.108.8 - - [07/Mar/2024:06:27:05 -0500] "GET /sipse/faces/javax.faces.resource/jquery/jquery-plugins.js?ln=primefaces&v=4.0 HTTP/1.1" 304 -
186.80.108.8 - - [07/Mar/2024:06:27:05 -0500] "GET /sipse/faces/javax.faces.resource/primefaces.js?ln=primefaces&v=4.0 HTTP/1.1" 304 -
186.80.108.8 - - [07/Mar/2024:06:27:05 -0500] "GET /sipse/faces/javax.faces.resource/layout/layout.js?ln=primefaces&v=4.0 HTTP/1.1" 304 -
186.80.108.8 - - [07/Mar/2024:06:27:05 -0500] "POST /sipse/faces/presentacion/financiero/solicitudProceso/listarSolicitudProceso.xhtml HTTP/1.1" 200 1556
186.80.108.8 - - [07/Mar/2024:06:27:06 -0500] "POST /sipse/faces/presentacion/financiero/solicitudProceso/listarSolicitudProceso.xhtml HTTP/1.1" 200 1552
186.80.108.8 - - [07/Mar/2024:06:27:07 -0500] "POST /sipse/faces/presentacion/financiero/solicitudProceso/listarSolicitudProceso.xhtml HTTP/1.1" 200 31981
172.22.2.4 - - [07/Mar/2024:06:25:32 -0500] "HEAD /BLA/boletinlegal/ HTTP/1.1" 200 -
201.245.192.253 - - [07/Mar/2024:06:27:22 -0500] "POST /forms/lservlet;jsessionid=ac16012b30d65740d95aaed04376ba5bc6200a0659e1.e3iSbxaKaheRe3iNc3uNbNmQay1ynknvrkLOlQzNp65In0 HTTP/1.1" 200 2
186.80.108.8 - - [07/Mar/2024:06:27:24 -0500] "POST /sipse/faces/presentacion/financiero/solicitudProceso/listarSolicitudProceso.xhtml HTTP/1.1" 200 146542
186.80.108.8 - - [07/Mar/2024:06:27:25 -0500] "GET /sipse/faces/javax.faces.resource/theme.css?ln=primefaces-sipse HTTP/1.1" 304 -
186.80.108.8 - - [07/Mar/2024:06:27:25 -0500] "GET /sipse/faces/javax.faces.resource/primefaces.css?ln=primefaces&v=4.0 HTTP/1.1" 304 -
186.80.108.8 - - [07/Mar/2024:06:27:25 -0500] "GET /sipse/faces/javax.faces.resource/layout/layout.css?ln=primefaces&v=4.0 HTTP/1.1" 304 -
186.80.108.8 - - [07/Mar/2024:06:27:25 -0500] "GET /sipse/faces/javax.faces.resource/jquery/jquery.js?ln=primefaces&v=4.0 HTTP/1.1" 304 -
186.80.108.8 - - [07/Mar/2024:06:27:25 -0500] "GET /sipse/faces/javax.faces.resource/jquery/jquery-plugins.js?ln=primefaces&v=4.0 HTTP/1.1" 304 -
186.80.108.8 - - [07/Mar/2024:06:27:25 -0500] "GET /sipse/faces/javax.faces.resource/primefaces.js?ln=primefaces&v=4.0 HTTP/1.1" 304 -
186.80.108.8 - - [07/Mar/2024:06:27:25 -0500] "GET /sipse/faces/javax.faces.resource/layout/layout.js?ln=primefaces&v=4.0 HTTP/1.1" 304 -
186.80.108.8 - - [07/Mar/2024:06:27:28 -0500] "POST /sipse/faces/presentacion/financiero/solicitudProceso/consultarSolicitudProceso.xhtml HTTP/1.1" 200 430210
162.55.175.143 - - [07/Mar/2024:06:27:32 -0500] "GET / HTTP/1.1" 200 4720
201.245.192.253 - - [07/Mar/2024:06:27:33 -0500] "POST /forms/lservlet;jsessionid=ac16012b30d684947034d65b4c4e923ce056fbb2be58.e3iSbxaKaheRe3iNc3uNbNmQay1ynknvrkLOlQzNp65In0 HTTP/1.1" 200 2
40.77.167.254 - - [07/Mar/2024:06:27:33 -0500] "GET /portaldeninos/ HTTP/1.1" 200 110175
172.22.2.4 - - [07/Mar/2024:06:26:22 -0500] "GET /BLA/boletinlegal/ HTTP/1.1" 200 58273
66.249.66.20 - - [07/Mar/2024:06:28:11 -0500] "GET /resoluciones/RESOLUCIONES%202008/1031.pdf HTTP/1.1" 404 1018
186.80.108.8 - - [07/Mar/2024:06:28:29 -0500] "POST /sipse/faces/presentacion/financiero/solicitudProceso/consultarSolicitudProceso.xhtml HTTP/1.1" 200 66958
186.80.108.8 - - [07/Mar/2024:06:28:30 -0500] "GET /sipse/faces/javax.faces.resource/theme.css?ln=primefaces-sipse HTTP/1.1" 304 -
186.80.108.8 - - [07/Mar/2024:06:28:30 -0500] "GET /sipse/faces/javax.faces.resource/primefaces.css?ln=primefaces&v=4.0 HTTP/1.1" 304 -
186.80.108.8 - - [07/Mar/2024:06:28:30 -0500] "GET /sipse/faces/javax.faces.resource/layout/layout.css?ln=primefaces&v=4.0 HTTP/1.1" 304 -
186.80.108.8 - - [07/Mar/2024:06:28:30 -0500] "GET /sipse/faces/javax.faces.resource/jquery/jquery.js?ln=primefaces&v=4.0 HTTP/1.1" 304 -
186.80.108.8 - - [07/Mar/2024:06:28:30 -0500] "GET /sipse/faces/javax.faces.resource/jquery/jquery-plugins.js?ln=primefaces&v=4.0 HTTP/1.1" 304 -
186.80.108.8 - - [07/Mar/2024:06:28:30 -0500] "GET /sipse/faces/javax.faces.resource/primefaces.js?ln=primefaces&v=4.0 HTTP/1.1" 304 -
186.80.108.8 - - [07/Mar/2024:06:28:30 -0500] "GET /sipse/faces/javax.faces.resource/layout/layout.js?ln=primefaces&v=4.0 HTTP/1.1" 304 -
186.80.108.8 - - [07/Mar/2024:06:28:30 -0500] "POST /sipse/faces/presentacion/financiero/solicitudProceso/listarSolicitudProceso.xhtml HTTP/1.1" 200 1556
186.80.108.8 - - [07/Mar/2024:06:28:31 -0500] "POST /sipse/faces/presentacion/financiero/solicitudProceso/listarSolicitudProceso.xhtml HTTP/1.1" 200 1552
186.80.108.8 - - [07/Mar/2024:06:28:31 -0500] "POST /sipse/faces/presentacion/financiero/solicitudProceso/listarSolicitudProceso.xhtml HTTP/1.1" 200 31981
186.80.108.8 - - [07/Mar/2024:06:28:34 -0500] "POST /sipse/faces/presentacion/financiero/solicitudProceso/listarSolicitudProceso.xhtml HTTP/1.1" 200 4934
66.249.66.19 - - [07/Mar/2024:06:28:48 -0500] "GET /BLA/resoluciones/AUTOS%202008/1818.pdf HTTP/1.1" 200 144095
186.80.108.8 - - [07/Mar/2024:06:28:49 -0500] "POST /sipse/faces/presentacion/financiero/solicitudProceso/listarSolicitudProceso.xhtml HTTP/1.1" 200 144738
186.80.108.8 - - [07/Mar/2024:06:28:50 -0500] "GET /sipse/faces/javax.faces.resource/primefaces.css?ln=primefaces&v=4.0 HTTP/1.1" 304 -
186.80.108.8 - - [07/Mar/2024:06:28:50 -0500] "GET /sipse/faces/javax.faces.resource/theme.css?ln=primefaces-sipse HTTP/1.1" 304 -
186.80.108.8 - - [07/Mar/2024:06:28:50 -0500] "GET /sipse/faces/javax.faces.resource/layout/layout.css?ln=primefaces&v=4.0 HTTP/1.1" 304 -
186.80.108.8 - - [07/Mar/2024:06:28:50 -0500] "GET /sipse/faces/javax.faces.resource/jquery/jquery.js?ln=primefaces&v=4.0 HTTP/1.1" 304 -
186.80.108.8 - - [07/Mar/2024:06:28:50 -0500] "GET /sipse/faces/javax.faces.resource/jquery/jquery-plugins.js?ln=primefaces&v=4.0 HTTP/1.1" 304 -
186.80.108.8 - - [07/Mar/2024:06:28:50 -0500] "GET /sipse/faces/javax.faces.resource/primefaces.js?ln=primefaces&v=4.0 HTTP/1.1" 304 -
186.80.108.8 - - [07/Mar/2024:06:28:50 -0500] "GET /sipse/faces/javax.faces.resource/layout/layout.js?ln=primefaces&v=4.0 HTTP/1.1" 304 -
186.80.108.8 - - [07/Mar/2024:06:28:54 -0500] "POST /sipse/faces/presentacion/financiero/solicitudProceso/consultarSolicitudProceso.xhtml HTTP/1.1" 200 427303
66.249.66.20 - - [07/Mar/2024:06:29:04 -0500] "GET /BLA/resoluciones/RESOLUCIONES%202012/1768.pdf HTTP/1.1" 200 773156
201.245.192.253 - - [07/Mar/2024:06:29:07 -0500] "POST /kwsrmcab/Wsrmcab HTTP/1.1" 200 39153
201.245.192.253 - - [07/Mar/2024:06:29:08 -0500] "POST /kwsrmcab/Wsrmcab HTTP/1.1" 200 37613
201.245.192.253 - - [07/Mar/2024:06:29:22 -0500] "POST /forms/lservlet;jsessionid=ac16012b30d65740d95aaed04376ba5bc6200a0659e1.e3iSbxaKaheRe3iNc3uNbNmQay1ynknvrkLOlQzNp65In0 HTTP/1.1" 200 2
201.245.192.253 - - [07/Mar/2024:06:29:26 -0500] "POST /kwsrmcab/Wsrmcab HTTP/1.1" 200 40043
201.245.192.253 - - [07/Mar/2024:06:29:33 -0500] "POST /forms/lservlet;jsessionid=ac16012b30d684947034d65b4c4e923ce056fbb2be58.e3iSbxaKaheRe3iNc3uNbNmQay1ynknvrkLOlQzNp65In0 HTTP/1.1" 200 2
216.245.221.92 - - [07/Mar/2024:06:30:05 -0500] "HEAD / HTTP/1.1" 200 -
201.245.192.253 - - [07/Mar/2024:06:30:16 -0500] "POST /kwsrmcab/Wsrmcab HTTP/1.1" 200 37613
157.55.39.11 - - [07/Mar/2024:06:31:10 -0500] "GET /BLA/resoluciones/AUTOS%202018/3613.pdf HTTP/1.1" 304 -
201.245.192.253 - - [07/Mar/2024:06:31:10 -0500] "POST /kwsrmcab/Wsrmcab  HTTP/1.1" 200 39632
201.245.192.253 - - [07/Mar/2024:06:31:22 -0500] "POST /forms/lservlet;jsessionid=ac16012b30d65740d95aaed04376ba5bc6200a0659e1.e3iSbxaKaheRe3iNc3uNbNmQay1ynknvrkLOlQzNp65In0 HTTP/1.1" 200 2
201.245.192.253 - - [07/Mar/2024:06:31:33 -0500] "POST /forms/lservlet;jsessionid=ac16012b30d684947034d65b4c4e923ce056fbb2be58.e3iSbxaKaheRe3iNc3uNbNmQay1ynknvrkLOlQzNp65In0 HTTP/1.1" 200 2
172.22.2.4 - - [07/Mar/2024:06:31:22 -0500] "HEAD /BLA/boletinlegal/ HTTP/1.1" 200 -
157.55.39.11 - - [07/Mar/2024:06:33:17 -0500] "GET /BLA/resoluciones/AUTOS%202021/0542.pdf HTTP/1.1" 304 -
201.245.192.253 - - [07/Mar/2024:06:33:22 -0500] "POST /forms/lservlet;jsessionid=ac16012b30d65740d95aaed04376ba5bc6200a0659e1.e3iSbxaKaheRe3iNc3uNbNmQay1ynknvrkLOlQzNp65In0 HTTP/1.1" 200 2
201.245.192.253 - - [07/Mar/2024:06:33:33 -0500] "POST /forms/lservlet;jsessionid=ac16012b30d684947034d65b4c4e923ce056fbb2be58.e3iSbxaKaheRe3iNc3uNbNmQay1ynknvrkLOlQzNp65In0 HTTP/1.1" 200 2
172.22.2.4 - - [07/Mar/2024:06:32:13 -0500] "GET /BLA/boletinlegal/ HTTP/1.1" 200 59083
181.60.241.64 - - [07/Mar/2024:06:34:53 -0500] "GET /mesa/contrasena.pdf HTTP/1.1" 200 443199
216.245.221.92 - - [07/Mar/2024:06:35:05 -0500] "HEAD / HTTP/1.1" 200 -
201.245.192.253 - - [07/Mar/2024:06:35:22 -0500] "POST /forms/lservlet;jsessionid=ac16012b30d65740d95aaed04376ba5bc6200a0659e1.e3iSbxaKaheRe3iNc3uNbNmQay1ynknvrkLOlQzNp65In0 HTTP/1.1" 200 2
201.245.192.253 - - [07/Mar/2024:06:35:33 -0500] "POST /forms/lservlet;jsessionid=ac16012b30d684947034d65b4c4e923ce056fbb2be58.e3iSbxaKaheRe3iNc3uNbNmQay1ynknvrkLOlQzNp65In0 HTTP/1.1" 200 2
201.245.192.253 - - [07/Mar/2024:06:36:08 -0500] "POST /kwsrmcab/Wsrmcab  HTTP/1.1" 200 39632
66.249.66.21 - - [07/Mar/2024:06:36:23 -0500] "GET /BLA/resoluciones/RESOLUCIONES%202008/2937.pdf HTTP/1.1" 200 201702
162.55.175.158 - - [07/Mar/2024:06:37:08 -0500] "GET / HTTP/1.1" 200 4720
201.245.192.253 - - [07/Mar/2024:06:37:22 -0500] "POST /forms/lservlet;jsessionid=ac16012b30d65740d95aaed04376ba5bc6200a0659e1.e3iSbxaKaheRe3iNc3uNbNmQay1ynknvrkLOlQzNp65In0 HTTP/1.1" 200 2
201.245.192.253 - - [07/Mar/2024:06:37:33 -0500] "POST /forms/lservlet;jsessionid=ac16012b30d684947034d65b4c4e923ce056fbb2be58.e3iSbxaKaheRe3iNc3uNbNmQay1ynknvrkLOlQzNp65In0 HTTP/1.1" 200 2
66.249.66.19 - - [07/Mar/2024:06:38:00 -0500] "GET /BLA/resoluciones/RESOLUCIONES%202009/7990.pdf HTTP/1.1" 200 530531
66.249.66.19 - - [07/Mar/2024:06:38:18 -0500] "GET /BLA/resoluciones/AUTOS%202011/6441.pdf HTTP/1.1" 200 102003
172.22.2.4 - - [07/Mar/2024:06:37:12 -0500] "HEAD /BLA/boletinlegal/ HTTP/1.1" 200 -
201.245.192.253 - - [07/Mar/2024:06:39:06 -0500] "POST /kwsrmcab/Wsrmcab HTTP/1.1" 200 39153
201.245.192.253 - - [07/Mar/2024:06:39:08 -0500] "POST /kwsrmcab/Wsrmcab HTTP/1.1" 200 37613
201.245.192.253 - - [07/Mar/2024:06:39:22 -0500] "POST /forms/lservlet;jsessionid=ac16012b30d65740d95aaed04376ba5bc6200a0659e1.e3iSbxaKaheRe3iNc3uNbNmQay1ynknvrkLOlQzNp65In0 HTTP/1.1" 200 2
201.245.192.253 - - [07/Mar/2024:06:39:26 -0500] "POST /kwsrmcab/Wsrmcab HTTP/1.1" 200 40043
201.245.192.253 - - [07/Mar/2024:06:39:33 -0500] "POST /forms/lservlet;jsessionid=ac16012b30d684947034d65b4c4e923ce056fbb2be58.e3iSbxaKaheRe3iNc3uNbNmQay1ynknvrkLOlQzNp65In0 HTTP/1.1" 200 2
190.27.16.31 - - [07/Mar/2024:06:39:42 -0500] "GET /sipse/faces/faces/autenticacion.xhtml HTTP/1.1" 200 12723
172.22.2.4 - - [07/Mar/2024:06:38:03 -0500] "GET /BLA/boletinlegal/ HTTP/1.1" 200 58720
190.27.16.31 - - [07/Mar/2024:06:39:43 -0500] "GET /sipse/css/custom_css_sg.css HTTP/1.1" 200 9694
190.27.16.31 - - [07/Mar/2024:06:39:43 -0500] "GET /sipse/css/custom_css_sg_prime_login.css HTTP/1.1" 200 443
190.27.16.31 - - [07/Mar/2024:06:39:43 -0500] "GET /sipse/faces/javax.faces.resource/layout/layout.css;jsessionid=Lzgk6L9uXpbhWmrNwU625T7B.undefined?ln=primefaces&v=4.0 HTTP/1.1" 200 542
190.27.16.31 - - [07/Mar/2024:06:39:43 -0500] "GET /sipse/faces/javax.faces.resource/jquery/jquery.js;jsessionid=Lzgk6L9uXpbhWmrNwU625T7B.undefined?ln=primefaces&v=4.0 HTTP/1.1" 200 105384
190.27.16.31 - - [07/Mar/2024:06:39:43 -0500] "GET /sipse/faces/javax.faces.resource/layout/layout.js;jsessionid=Lzgk6L9uXpbhWmrNwU625T7B.undefined?ln=primefaces&v=4.0 HTTP/1.1" 200 87560
190.27.16.31 - - [07/Mar/2024:06:39:43 -0500] "GET /sipse/faces/javax.faces.resource/primefaces.js;jsessionid=Lzgk6L9uXpbhWmrNwU625T7B.undefined?ln=primefaces&v=4.0 HTTP/1.1" 200 276924
190.27.16.31 - - [07/Mar/2024:06:39:43 -0500] "GET /sipse/faces/javax.faces.resource/theme.css?ln=primefaces-sipse HTTP/1.1" 200 50058
190.27.16.31 - - [07/Mar/2024:06:39:43 -0500] "GET /sipse/faces/javax.faces.resource/primefaces.css;jsessionid=Lzgk6L9uXpbhWmrNwU625T7B.undefined?ln=primefaces&v=4.0 HTTP/1.1" 200 53295
190.27.16.31 - - [07/Mar/2024:06:39:43 -0500] "GET /sipse/faces/javax.faces.resource/jquery/jquery-plugins.js;jsessionid=Lzgk6L9uXpbhWmrNwU625T7B.undefined?ln=primefaces&v=4.0 HTTP/1.1" 200 220526
190.27.16.31 - - [07/Mar/2024:06:39:43 -0500] "GET /sipse/css/imagen/logoSDG.png HTTP/1.1" 200 53064
190.27.16.31 - - [07/Mar/2024:06:39:43 -0500] "GET /sipse/faces/javax.faces.resource/images/ui-icons_898989_256x240.png?ln=primefaces-aristo HTTP/1.1" 200 5355
190.27.16.31 - - [07/Mar/2024:06:39:43 -0500] "GET /sipse/css/imagen/loginimg.png HTTP/1.1" 200 71635
190.27.16.31 - - [07/Mar/2024:06:39:44 -0500] "GET /sipse/faces/faces/index.xhtml HTTP/1.1" 200 677
190.27.16.31 - - [07/Mar/2024:06:39:45 -0500] "GET /sipse/faces/javax.faces.resource/theme.css?ln=primefaces-sipse HTTP/1.1" 304 -
190.27.16.31 - - [07/Mar/2024:06:39:45 -0500] "GET /sipse/faces/faces/faces/autenticacion.xhtml HTTP/1.1" 200 12401
190.27.16.31 - - [07/Mar/2024:06:39:46 -0500] "GET /favicon.ico HTTP/1.1" 200 7782
190.27.16.31 - - [07/Mar/2024:06:39:46 -0500] "GET /sipse/faces/javax.faces.resource/theme.css?ln=primefaces-sipse HTTP/1.1" 304 -
190.27.16.31 - - [07/Mar/2024:06:39:46 -0500] "GET /sipse/faces/javax.faces.resource/layout/layout.css?ln=primefaces&v=4.0 HTTP/1.1" 200 542
190.27.16.31 - - [07/Mar/2024:06:39:46 -0500] "GET /sipse/faces/javax.faces.resource/primefaces.css?ln=primefaces&v=4.0 HTTP/1.1" 200 53295
190.27.16.31 - - [07/Mar/2024:06:39:46 -0500] "GET /sipse/faces/javax.faces.resource/jquery/jquery.js?ln=primefaces&v=4.0 HTTP/1.1" 304 -
190.27.16.31 - - [07/Mar/2024:06:39:46 -0500] "GET /sipse/faces/javax.faces.resource/jquery/jquery-plugins.js?ln=primefaces&v=4.0 HTTP/1.1" 304 -
190.27.16.31 - - [07/Mar/2024:06:39:46 -0500] "GET /sipse/faces/javax.faces.resource/primefaces.js?ln=primefaces&v=4.0 HTTP/1.1" 304 -
190.27.16.31 - - [07/Mar/2024:06:39:46 -0500] "GET /sipse/faces/javax.faces.resource/layout/layout.js?ln=primefaces&v=4.0 HTTP/1.1" 304 -
190.27.16.31 - - [07/Mar/2024:06:39:46 -0500] "GET /sipse/faces/javax.faces.resource/images/ui-icons_898989_256x240.png?ln=primefaces-aristo HTTP/1.1" 304 -
190.27.16.31 - - [07/Mar/2024:06:39:50 -0500] "POST /sipse/faces/autenticacion.xhtml HTTP/1.1" 200 16285
190.27.16.31 - - [07/Mar/2024:06:39:50 -0500] "GET /sipse/css/custom_css_sg_prime.css HTTP/1.1" 200 5201
190.27.16.31 - - [07/Mar/2024:06:39:50 -0500] "GET /sipse/faces/javax.faces.resource/jquery/jquery.js?ln=primefaces&v=4.0 HTTP/1.1" 304 -
190.27.16.31 - - [07/Mar/2024:06:39:51 -0500] "GET /sipse/faces/javax.faces.resource/jquery/jquery-plugins.js?ln=primefaces&v=4.0 HTTP/1.1" 304 -
190.27.16.31 - - [07/Mar/2024:06:39:51 -0500] "GET /sipse/faces/javax.faces.resource/primefaces.js?ln=primefaces&v=4.0 HTTP/1.1" 304 -
190.27.16.31 - - [07/Mar/2024:06:39:51 -0500] "GET /sipse/faces/javax.faces.resource/layout/layout.js?ln=primefaces&v=4.0 HTTP/1.1" 304 -
190.27.16.31 - - [07/Mar/2024:06:39:51 -0500] "GET /sipse/css/v_mergente.css HTTP/1.1" 200 1505
190.27.16.31 - - [07/Mar/2024:06:39:51 -0500] "GET /sipse/imagenes/cargando.gif HTTP/1.1" 200 36959
190.27.16.31 - - [07/Mar/2024:06:39:51 -0500] "GET /sipse/css/imagen/contrasena.png HTTP/1.1" 404 383
190.27.16.31 - - [07/Mar/2024:06:39:51 -0500] "GET /sipse/faces/javax.faces.resource/messages/messages.png?ln=primefaces&v=4.0 HTTP/1.1" 200 27209
190.27.16.31 - - [07/Mar/2024:06:39:51 -0500] "GET /sipse/imagenes/logoAplicacion.jpg HTTP/1.1" 200 155084
190.27.16.31 - - [07/Mar/2024:06:39:52 -0500] "GET /sipse/faces/javax.faces.resource/images/ui-bg_flat_0_2d5972_40x100.png?ln=primefaces-aristo HTTP/1.1" 200 183
190.27.16.31 - - [07/Mar/2024:06:39:52 -0500] "POST /sipse/faces/bienvenido.xhtml HTTP/1.1" 200 1471
190.27.16.31 - - [07/Mar/2024:06:39:53 -0500] "POST /sipse/faces/bienvenido.xhtml HTTP/1.1" 200 61590
190.27.16.31 - - [07/Mar/2024:06:39:54 -0500] "GET /sipse/faces/javax.faces.resource/jquery/jquery.js?ln=primefaces&v=4.0 HTTP/1.1" 304 -
190.27.16.31 - - [07/Mar/2024:06:39:54 -0500] "GET /sipse/faces/javax.faces.resource/jquery/jquery-plugins.js?ln=primefaces&v=4.0 HTTP/1.1" 304 -
190.27.16.31 - - [07/Mar/2024:06:39:54 -0500] "GET /sipse/faces/javax.faces.resource/primefaces.js?ln=primefaces&v=4.0 HTTP/1.1" 304 -
190.27.16.31 - - [07/Mar/2024:06:39:54 -0500] "GET /sipse/faces/javax.faces.resource/layout/layout.js?ln=primefaces&v=4.0 HTTP/1.1" 304 -
190.27.16.31 - - [07/Mar/2024:06:39:54 -0500] "POST /sipse/faces/presentacion/financiero/solicitudProceso/listarSolicitudProceso.xhtml HTTP/1.1" 200 1556
216.245.221.92 - - [07/Mar/2024:06:40:05 -0500] "HEAD / HTTP/1.1" 200 -
20.197.112.236 - - [07/Mar/2024:06:40:14 -0500] "GET /Publicaciones/2023EE65650.pdf HTTP/1.1" 404 227
201.245.192.253 - - [07/Mar/2024:06:40:16 -0500] "POST /kwsrmcab/Wsrmcab HTTP/1.1" 200 37613
66.249.66.21 - - [07/Mar/2024:06:40:37 -0500] "GET /BLA/resoluciones/AUTOS%202013/2203.pdf HTTP/1.1" 200 573228
201.245.192.253 - - [07/Mar/2024:06:41:07 -0500] "POST /kwsrmcab/Wsrmcab  HTTP/1.1" 200 39632
201.245.192.253 - - [07/Mar/2024:06:41:22 -0500] "POST /forms/lservlet;jsessionid=ac16012b30d65740d95aaed04376ba5bc6200a0659e1.e3iSbxaKaheRe3iNc3uNbNmQay1ynknvrkLOlQzNp65In0 HTTP/1.1" 200 2
201.245.192.253 - - [07/Mar/2024:06:41:33 -0500] "POST /forms/lservlet;jsessionid=ac16012b30d684947034d65b4c4e923ce056fbb2be58.e3iSbxaKaheRe3iNc3uNbNmQay1ynknvrkLOlQzNp65In0 HTTP/1.1" 200 2
3.249.31.246 - - [07/Mar/2024:06:42:03 -0500] "GET /BLA/resoluciones/RESOLUCIONES%202013/2476.pdf HTTP/1.1" 200 501043
190.27.16.31 - - [07/Mar/2024:06:43:00 -0500] "POST /sipse/faces/presentacion/financiero/solicitudProceso/listarSolicitudProceso.xhtml HTTP/1.1" 200 13787
190.27.16.31 - - [07/Mar/2024:06:43:14 -0500] "POST /sipse/faces/presentacion/financiero/solicitudProceso/listarSolicitudProceso.xhtml HTTP/1.1" 200 13629
172.22.2.4 - - [07/Mar/2024:06:43:15 -0500] "GET /BLA/boletinlegal/robots.txt HTTP/1.1" 404 1038
172.22.2.4 - - [07/Mar/2024:06:43:16 -0500] "GET /BLA/boletinlegal/Circulares/2015/Circular%20No.%201%20del%2010%20de%20Febrero%20de%202015.pdf HTTP/1.1" 200 660637
201.245.192.253 - - [07/Mar/2024:06:43:22 -0500] "POST /forms/lservlet;jsessionid=ac16012b30d65740d95aaed04376ba5bc6200a0659e1.e3iSbxaKaheRe3iNc3uNbNmQay1ynknvrkLOlQzNp65In0 HTTP/1.1" 200 2
181.53.12.90 - - [07/Mar/2024:06:43:27 -0500] "GET /sipse/faces/index.xhtml HTTP/1.1" 200 677
181.53.12.90 - - [07/Mar/2024:06:43:27 -0500] "GET /sipse/faces/javax.faces.resource/theme.css?ln=primefaces-sipse HTTP/1.1" 304 -
181.53.12.90 - - [07/Mar/2024:06:43:27 -0500] "GET /sipse/faces/faces/autenticacion.xhtml HTTP/1.1" 200 12401
181.53.12.90 - - [07/Mar/2024:06:43:27 -0500] "GET /sipse/faces/javax.faces.resource/theme.css?ln=primefaces-sipse HTTP/1.1" 304 -
181.53.12.90 - - [07/Mar/2024:06:43:27 -0500] "GET /sipse/faces/javax.faces.resource/layout/layout.css?ln=primefaces&v=4.0 HTTP/1.1" 304 -
181.53.12.90 - - [07/Mar/2024:06:43:27 -0500] "GET /sipse/faces/javax.faces.resource/primefaces.css?ln=primefaces&v=4.0 HTTP/1.1" 304 -
181.53.12.90 - - [07/Mar/2024:06:43:27 -0500] "GET /sipse/faces/javax.faces.resource/jquery/jquery.js?ln=primefaces&v=4.0 HTTP/1.1" 304 -
181.53.12.90 - - [07/Mar/2024:06:43:27 -0500] "GET /sipse/faces/javax.faces.resource/jquery/jquery-plugins.js?ln=primefaces&v=4.0 HTTP/1.1" 304 -
181.53.12.90 - - [07/Mar/2024:06:43:27 -0500] "GET /sipse/faces/javax.faces.resource/primefaces.js?ln=primefaces&v=4.0 HTTP/1.1" 304 -
181.53.12.90 - - [07/Mar/2024:06:43:27 -0500] "GET /sipse/faces/javax.faces.resource/layout/layout.js?ln=primefaces&v=4.0 HTTP/1.1" 304 -
181.53.12.90 - - [07/Mar/2024:06:43:28 -0500] "GET /sipse/faces/javax.faces.resource/images/ui-icons_898989_256x240.png?ln=primefaces-aristo HTTP/1.1" 304 -
181.53.12.90 - - [07/Mar/2024:06:43:32 -0500] "POST /sipse/faces/autenticacion.xhtml HTTP/1.1" 200 16291
181.53.12.90 - - [07/Mar/2024:06:43:32 -0500] "GET /sipse/faces/javax.faces.resource/theme.css?ln=primefaces-sipse HTTP/1.1" 304 -
181.53.12.90 - - [07/Mar/2024:06:43:32 -0500] "GET /sipse/faces/javax.faces.resource/primefaces.css?ln=primefaces&v=4.0 HTTP/1.1" 304 -
181.53.12.90 - - [07/Mar/2024:06:43:32 -0500] "GET /sipse/faces/javax.faces.resource/layout/layout.css?ln=primefaces&v=4.0 HTTP/1.1" 304 -
181.53.12.90 - - [07/Mar/2024:06:43:32 -0500] "GET /sipse/faces/javax.faces.resource/jquery/jquery.js?ln=primefaces&v=4.0 HTTP/1.1" 304 -
181.53.12.90 - - [07/Mar/2024:06:43:32 -0500] "GET /sipse/faces/javax.faces.resource/jquery/jquery-plugins.js?ln=primefaces&v=4.0 HTTP/1.1" 304 -
181.53.12.90 - - [07/Mar/2024:06:43:32 -0500] "GET /sipse/faces/javax.faces.resource/primefaces.js?ln=primefaces&v=4.0 HTTP/1.1" 304 -
181.53.12.90 - - [07/Mar/2024:06:43:32 -0500] "GET /sipse/faces/javax.faces.resource/layout/layout.js?ln=primefaces&v=4.0 HTTP/1.1" 304 -
181.53.12.90 - - [07/Mar/2024:06:43:32 -0500] "GET /sipse/css/imagen/contrasena.png HTTP/1.1" 404 383
181.53.12.90 - - [07/Mar/2024:06:43:32 -0500] "GET /sipse/faces/javax.faces.resource/messages/messages.png?ln=primefaces&v=4.0 HTTP/1.1" 304 -
201.245.192.253 - - [07/Mar/2024:06:43:33 -0500] "POST /forms/lservlet;jsessionid=ac16012b30d684947034d65b4c4e923ce056fbb2be58.e3iSbxaKaheRe3iNc3uNbNmQay1ynknvrkLOlQzNp65In0 HTTP/1.1" 200 2
181.53.12.90 - - [07/Mar/2024:06:43:35 -0500] "GET /sipse/faces/javax.faces.resource/images/ui-bg_flat_0_2d5972_40x100.png?ln=primefaces-aristo HTTP/1.1" 304 -
181.53.12.90 - - [07/Mar/2024:06:43:35 -0500] "POST /sipse/faces/bienvenido.xhtml HTTP/1.1" 200 1471
181.53.12.90 - - [07/Mar/2024:06:43:36 -0500] "POST /sipse/faces/bienvenido.xhtml HTTP/1.1" 200 64106
181.53.12.90 - - [07/Mar/2024:06:43:37 -0500] "GET /sipse/faces/javax.faces.resource/theme.css?ln=primefaces-sipse HTTP/1.1" 304 -
181.53.12.90 - - [07/Mar/2024:06:43:37 -0500] "GET /sipse/faces/javax.faces.resource/primefaces.css?ln=primefaces&v=4.0 HTTP/1.1" 304 -
181.53.12.90 - - [07/Mar/2024:06:43:37 -0500] "GET /sipse/faces/javax.faces.resource/layout/layout.css?ln=primefaces&v=4.0 HTTP/1.1" 304 -
181.53.12.90 - - [07/Mar/2024:06:43:37 -0500] "GET /sipse/faces/javax.faces.resource/jquery/jquery.js?ln=primefaces&v=4.0 HTTP/1.1" 304 -
181.53.12.90 - - [07/Mar/2024:06:43:37 -0500] "GET /sipse/faces/javax.faces.resource/jquery/jquery-plugins.js?ln=primefaces&v=4.0 HTTP/1.1" 304 -
181.53.12.90 - - [07/Mar/2024:06:43:37 -0500] "GET /sipse/faces/javax.faces.resource/primefaces.js?ln=primefaces&v=4.0 HTTP/1.1" 304 -
181.53.12.90 - - [07/Mar/2024:06:43:37 -0500] "GET /sipse/faces/javax.faces.resource/layout/layout.js?ln=primefaces&v=4.0 HTTP/1.1" 304 -
181.53.12.90 - - [07/Mar/2024:06:43:37 -0500] "POST /sipse/faces/presentacion/financiero/solicitudProceso/listarSolicitudProceso.xhtml HTTP/1.1" 200 1556
181.53.12.90 - - [07/Mar/2024:06:43:41 -0500] "POST /sipse/faces/presentacion/financiero/solicitudProceso/listarSolicitudProceso.xhtml HTTP/1.1" 200 4667
181.53.12.90 - - [07/Mar/2024:06:43:52 -0500] "POST /sipse/faces/presentacion/financiero/solicitudProceso/listarSolicitudProceso.xhtml HTTP/1.1" 200 32021
181.53.12.90 - - [07/Mar/2024:06:44:13 -0500] "POST /sipse/faces/presentacion/financiero/solicitudProceso/listarSolicitudProceso.xhtml HTTP/1.1" 200 911
172.22.2.4 - - [07/Mar/2024:06:43:49 -0500] "GET /BLA/boletinlegal/ HTTP/1.1" 200 24523
172.22.2.4 - - [07/Mar/2024:06:43:02 -0500] "HEAD /BLA/boletinlegal/ HTTP/1.1" 200 -
17.241.75.109 - - [07/Mar/2024:06:44:55 -0500] "GET /voluntariado-ambiental-117-organizaciones-colectivos-y-ciudadanos-fueron-reconocidos-por-su-aporte-en-el-cuidado-del-medioambiente.html HTTP/1.1" 200 893
216.245.221.92 - - [07/Mar/2024:06:45:05 -0500] "HEAD / HTTP/1.1" 200 -
201.245.192.253 - - [07/Mar/2024:06:45:22 -0500] "POST /forms/lservlet;jsessionid=ac16012b30d65740d95aaed04376ba5bc6200a0659e1.e3iSbxaKaheRe3iNc3uNbNmQay1ynknvrkLOlQzNp65In0 HTTP/1.1" 200 2
172.22.2.4 - - [07/Mar/2024:06:43:52 -0500] "GET /BLA/boletinlegal/ HTTP/1.1" 200 54300
201.245.192.253 - - [07/Mar/2024:06:45:33 -0500] "POST /forms/lservlet;jsessionid=ac16012b30d684947034d65b4c4e923ce056fbb2be58.e3iSbxaKaheRe3iNc3uNbNmQay1ynknvrkLOlQzNp65In0 HTTP/1.1" 200 2
201.245.192.253 - - [07/Mar/2024:06:46:05 -0500] "POST /kwsrmcab/Wsrmcab  HTTP/1.1" 200 39632
66.249.66.21 - - [07/Mar/2024:06:46:36 -0500] "GET /BLA/resoluciones/RESOLUCIONES%202009/5070.pdf HTTP/1.1" 200 486723
66.249.66.19 - - [07/Mar/2024:06:46:54 -0500] "GET /resoluciones/RESOLUCIONES%202010/0128.pdf HTTP/1.1" 404 1018
201.245.192.253 - - [07/Mar/2024:06:47:22 -0500] "POST /forms/lservlet;jsessionid=ac16012b30d65740d95aaed04376ba5bc6200a0659e1.e3iSbxaKaheRe3iNc3uNbNmQay1ynknvrkLOlQzNp65In0 HTTP/1.1" 200 2
201.245.192.253 - - [07/Mar/2024:06:47:33 -0500] "POST /forms/lservlet;jsessionid=ac16012b30d684947034d65b4c4e923ce056fbb2be58.e3iSbxaKaheRe3iNc3uNbNmQay1ynknvrkLOlQzNp65In0 HTTP/1.1" 200 2
190.27.16.31 - - [07/Mar/2024:06:48:40 -0500] "POST /sipse/faces/presentacion/financiero/solicitudProceso/listarSolicitudProceso.xhtml HTTP/1.1" 200 7137
190.27.16.31 - - [07/Mar/2024:06:48:41 -0500] "POST /sipse/faces/presentacion/financiero/solicitudProceso/listarSolicitudProceso.xhtml HTTP/1.1" 200 27090
190.27.16.31 - - [07/Mar/2024:06:48:41 -0500] "GET /sipse/faces/javax.faces.resource/jquery/jquery.js?ln=primefaces&v=4.0 HTTP/1.1" 304 -
190.27.16.31 - - [07/Mar/2024:06:48:41 -0500] "GET /sipse/faces/javax.faces.resource/jquery/jquery-plugins.js?ln=primefaces&v=4.0 HTTP/1.1" 304 -
190.27.16.31 - - [07/Mar/2024:06:48:42 -0500] "GET /sipse/faces/javax.faces.resource/primefaces.js?ln=primefaces&v=4.0 HTTP/1.1" 304 -
190.27.16.31 - - [07/Mar/2024:06:48:42 -0500] "GET /sipse/faces/javax.faces.resource/layout/layout.js?ln=primefaces&v=4.0 HTTP/1.1" 304 -
190.27.16.31 - - [07/Mar/2024:06:48:42 -0500] "POST /sipse/faces/presentacion/sistema/reporte/listarReportes.xhtml HTTP/1.1" 200 20406
190.27.16.31 - - [07/Mar/2024:06:48:44 -0500] "POST /sipse/faces/presentacion/sistema/reporte/listarReportes.xhtml HTTP/1.1" 200 27046
190.27.16.31 - - [07/Mar/2024:06:48:44 -0500] "POST /sipse/faces/presentacion/sistema/reporte/listarReportes.xhtml HTTP/1.1" 200 27046
190.27.16.31 - - [07/Mar/2024:06:48:44 -0500] "POST /sipse/faces/presentacion/sistema/reporte/listarReportes.xhtml HTTP/1.1" 200 27046
190.27.16.31 - - [07/Mar/2024:06:48:47 -0500] "POST /sipse/faces/presentacion/sistema/reporte/listarReportes.xhtml HTTP/1.1" 200 22358
190.27.16.31 - - [07/Mar/2024:06:48:47 -0500] "GET /sipse/faces/javax.faces.resource/theme.css?ln=primefaces-sipse HTTP/1.1" 304 -
190.27.16.31 - - [07/Mar/2024:06:48:47 -0500] "GET /sipse/faces/javax.faces.resource/primefaces.css?ln=primefaces&v=4.0 HTTP/1.1" 304 -
190.27.16.31 - - [07/Mar/2024:06:48:47 -0500] "GET /sipse/faces/javax.faces.resource/layout/layout.css?ln=primefaces&v=4.0 HTTP/1.1" 304 -
190.27.16.31 - - [07/Mar/2024:06:48:47 -0500] "GET /sipse/faces/javax.faces.resource/jquery/jquery.js?ln=primefaces&v=4.0 HTTP/1.1" 304 -
190.27.16.31 - - [07/Mar/2024:06:48:47 -0500] "GET /sipse/faces/javax.faces.resource/jquery/jquery-plugins.js?ln=primefaces&v=4.0 HTTP/1.1" 304 -
190.27.16.31 - - [07/Mar/2024:06:48:47 -0500] "GET /sipse/faces/javax.faces.resource/primefaces.js?ln=primefaces&v=4.0 HTTP/1.1" 304 -
190.27.16.31 - - [07/Mar/2024:06:48:47 -0500] "GET /sipse/faces/javax.faces.resource/layout/layout.js?ln=primefaces&v=4.0 HTTP/1.1" 304 -
190.27.16.31 - - [07/Mar/2024:06:48:47 -0500] "GET /sipse/faces/javax.faces.resource/images/ui-icons_898989_256x240.png?ln=primefaces-aristo HTTP/1.1" 304 -
201.245.192.253 - - [07/Mar/2024:06:49:22 -0500] "POST /forms/lservlet;jsessionid=ac16012b30d65740d95aaed04376ba5bc6200a0659e1.e3iSbxaKaheRe3iNc3uNbNmQay1ynknvrkLOlQzNp65In0 HTTP/1.1" 200 2
201.245.192.253 - - [07/Mar/2024:06:49:33 -0500] "POST /forms/lservlet;jsessionid=ac16012b30d684947034d65b4c4e923ce056fbb2be58.e3iSbxaKaheRe3iNc3uNbNmQay1ynknvrkLOlQzNp65In0 HTTP/1.1" 200 2
216.245.221.92 - - [07/Mar/2024:06:50:05 -0500] "HEAD / HTTP/1.1" 200 -
172.22.2.4 - - [07/Mar/2024:06:48:52 -0500] "HEAD /BLA/boletinlegal/ HTTP/1.1" 200 -
172.22.2.4 - - [07/Mar/2024:06:50:57 -0500] "GET /BLA/boletinlegal/actos.php HTTP/1.1" 200 9738
201.245.192.253 - - [07/Mar/2024:06:51:03 -0500] "POST /kwsrmcab/Wsrmcab  HTTP/1.1" 200 39632
190.27.16.31 - - [07/Mar/2024:06:51:09 -0500] "GET /sipse/faces/javax.faces.resource/images/ui-bg_flat_0_2d5972_40x100.png?ln=primefaces-aristo HTTP/1.1" 200 183
190.27.16.31 - - [07/Mar/2024:06:51:09 -0500] "POST /sipse/faces/presentacion/sistema/reporte/ventanaVerReporteParametros.xhtml HTTP/1.1" 200 48849
190.27.16.31 - - [07/Mar/2024:06:51:09 -0500] "GET /sipse/faces/javax.faces.resource/jquery/jquery.js?ln=primefaces&v=4.0 HTTP/1.1" 304 -
190.27.16.31 - - [07/Mar/2024:06:51:09 -0500] "GET /sipse/faces/javax.faces.resource/jquery/jquery-plugins.js?ln=primefaces&v=4.0 HTTP/1.1" 304 -
190.27.16.31 - - [07/Mar/2024:06:51:09 -0500] "GET /sipse/faces/javax.faces.resource/primefaces.js?ln=primefaces&v=4.0 HTTP/1.1" 304 -
190.27.16.31 - - [07/Mar/2024:06:51:09 -0500] "GET /sipse/faces/javax.faces.resource/layout/layout.js?ln=primefaces&v=4.0 HTTP/1.1" 304 -
190.27.16.31 - - [07/Mar/2024:06:51:09 -0500] "POST /sipse/faces/presentacion/financiero/solicitudProceso/listarSolicitudProceso.xhtml HTTP/1.1" 200 1464
190.27.16.31 - - [07/Mar/2024:06:51:12 -0500] "POST /sipse/faces/presentacion/financiero/solicitudProceso/listarSolicitudProceso.xhtml HTTP/1.1" 200 151941
190.27.16.31 - - [07/Mar/2024:06:51:13 -0500] "GET /sipse/faces/javax.faces.resource/jquery/jquery.js?ln=primefaces&v=4.0 HTTP/1.1" 304 -
190.27.16.31 - - [07/Mar/2024:06:51:14 -0500] "GET /sipse/faces/javax.faces.resource/jquery/jquery-plugins.js?ln=primefaces&v=4.0 HTTP/1.1" 304 -
190.27.16.31 - - [07/Mar/2024:06:51:14 -0500] "GET /sipse/faces/javax.faces.resource/primefaces.js?ln=primefaces&v=4.0 HTTP/1.1" 304 -
190.27.16.31 - - [07/Mar/2024:06:51:14 -0500] "GET /sipse/faces/javax.faces.resource/layout/layout.js?ln=primefaces&v=4.0 HTTP/1.1" 304 -
66.249.66.21 - - [07/Mar/2024:06:51:16 -0500] "GET /php/ProyectosInversion/Ficha%20ebi.pdf HTTP/1.1" 404 1018
201.245.192.253 - - [07/Mar/2024:06:51:22 -0500] "POST /forms/lservlet;jsessionid=ac16012b30d65740d95aaed04376ba5bc6200a0659e1.e3iSbxaKaheRe3iNc3uNbNmQay1ynknvrkLOlQzNp65In0 HTTP/1.1" 200 2
172.22.2.4 - - [07/Mar/2024:06:49:42 -0500] "GET /BLA/boletinlegal/ HTTP/1.1" 200 59083
190.27.16.31 - - [07/Mar/2024:06:51:22 -0500] "POST /sipse/faces/presentacion/financiero/solicitudProceso/consultarSolicitudProceso.xhtml HTTP/1.1" 200 7837555
201.245.192.253 - - [07/Mar/2024:06:51:33 -0500] "POST /forms/lservlet;jsessionid=ac16012b30d684947034d65b4c4e923ce056fbb2be58.e3iSbxaKaheRe3iNc3uNbNmQay1ynknvrkLOlQzNp65In0 HTTP/1.1" 200 2
190.27.16.31 - - [07/Mar/2024:06:51:33 -0500] "POST /sipse/faces/presentacion/financiero/solicitudProceso/consultarSolicitudProceso.xhtml HTTP/1.1" 200 4246411
190.27.16.31 - - [07/Mar/2024:06:51:35 -0500] "POST /sipse/faces/presentacion/financiero/solicitudProceso/consultarSolicitudProceso.xhtml HTTP/1.1" 200 2820384
190.27.16.31 - - [07/Mar/2024:06:51:37 -0500] "POST /sipse/faces/presentacion/financiero/solicitudProceso/consultarSolicitudProceso.xhtml HTTP/1.1" 200 3685799
190.27.16.31 - - [07/Mar/2024:06:51:38 -0500] "POST /sipse/faces/presentacion/financiero/solicitudProceso/consultarSolicitudProceso.xhtml HTTP/1.1" 200 2141939
190.27.16.31 - - [07/Mar/2024:06:52:12 -0500] "POST /sipse/faces/presentacion/financiero/solicitudProceso/consultarSolicitudProceso.xhtml HTTP/1.1" 200 5525
190.27.16.31 - - [07/Mar/2024:06:52:12 -0500] "GET /sipse/faces/javax.faces.resource/dynamiccontent.properties?ln=primefaces&pfdrid=XjOR5%2F%2FfPAZAuY9TpWQeCiM0BhlXxYRBGKi%2FQcXXfeA%3D&pfdrid_c=false HTTP/1.1" 200 120599
190.27.16.31 - - [07/Mar/2024:06:52:38 -0500] "POST /sipse/faces/presentacion/financiero/solicitudProceso/consultarSolicitudProceso.xhtml HTTP/1.1" 200 82799
52.167.144.17 - - [07/Mar/2024:06:52:48 -0500] "GET /BLA/resoluciones/RESOLUCIONES%202021/3053.pdf HTTP/1.1" 200 460939
190.27.16.31 - - [07/Mar/2024:06:52:48 -0500] "POST /sipse/faces/presentacion/financiero/solicitudProceso/consultarSolicitudProceso.xhtml HTTP/1.1" 200 5514
167.248.133.126 - - [07/Mar/2024:06:52:49 -0500] "GET /portaldeninos HTTP/1.1" 404 1035
167.248.133.126 - - [07/Mar/2024:06:52:49 -0500] "PRI * HTTP/2.0" 400 946
66.249.66.20 - - [07/Mar/2024:06:53:07 -0500] "GET /BLA/resoluciones/RESOLUCIONES%202011/1160.pdf HTTP/1.1" 200 514316
201.245.192.253 - - [07/Mar/2024:06:53:22 -0500] "POST /forms/lservlet;jsessionid=ac16012b30d65740d95aaed04376ba5bc6200a0659e1.e3iSbxaKaheRe3iNc3uNbNmQay1ynknvrkLOlQzNp65In0 HTTP/1.1" 200 2
201.245.192.253 - - [07/Mar/2024:06:53:33 -0500] "POST /forms/lservlet;jsessionid=ac16012b30d684947034d65b4c4e923ce056fbb2be58.e3iSbxaKaheRe3iNc3uNbNmQay1ynknvrkLOlQzNp65In0 HTTP/1.1" 200 2
157.55.39.54 - - [07/Mar/2024:06:54:37 -0500] "GET /BLA/resoluciones/index.php?dir=AUTOS+2014%2F HTTP/1.1" 200 891672
66.249.66.19 - - [07/Mar/2024:06:54:54 -0500] "GET /BLA/resoluciones/Notificaciones/REGISTROS%202017/00158.pdf HTTP/1.1" 200 412108
216.245.221.92 - - [07/Mar/2024:06:55:05 -0500] "HEAD / HTTP/1.1" 200 -
201.245.192.253 - - [07/Mar/2024:06:55:22 -0500] "POST /forms/lservlet;jsessionid=ac16012b30d65740d95aaed04376ba5bc6200a0659e1.e3iSbxaKaheRe3iNc3uNbNmQay1ynknvrkLOlQzNp65In0 HTTP/1.1" 200 2
201.245.192.253 - - [07/Mar/2024:06:55:33 -0500] "POST /forms/lservlet;jsessionid=ac16012b30d684947034d65b4c4e923ce056fbb2be58.e3iSbxaKaheRe3iNc3uNbNmQay1ynknvrkLOlQzNp65In0 HTTP/1.1" 200 2
201.245.192.253 - - [07/Mar/2024:06:56:01 -0500] "POST /kwsrmcab/Wsrmcab  HTTP/1.1" 200 39632
172.22.2.4 - - [07/Mar/2024:06:54:42 -0500] "HEAD /BLA/boletinlegal/ HTTP/1.1" 200 -
17.241.75.161 - - [07/Mar/2024:06:57:12 -0500] "GET /secretaria-de-ambiente-libera-gavilan-y-otras-aves-silvestres-en-los-cerros-orientales.html HTTP/1.1" 200 854
172.22.2.4 - - [07/Mar/2024:06:55:32 -0500] "GET /BLA/boletinlegal/ HTTP/1.1" 200 56191
201.245.192.253 - - [07/Mar/2024:06:57:22 -0500] "POST /forms/lservlet;jsessionid=ac16012b30d65740d95aaed04376ba5bc6200a0659e1.e3iSbxaKaheRe3iNc3uNbNmQay1ynknvrkLOlQzNp65In0 HTTP/1.1" 200 2
201.245.192.253 - - [07/Mar/2024:06:57:27 -0500] "GET /sipse/faces/index.xhtml HTTP/1.1" 200 677
201.245.192.253 - - [07/Mar/2024:06:57:27 -0500] "GET /sipse/faces/javax.faces.resource/theme.css?ln=primefaces-sipse HTTP/1.1" 304 -
201.245.192.253 - - [07/Mar/2024:06:57:27 -0500] "GET /sipse/faces/faces/autenticacion.xhtml HTTP/1.1" 200 12401
201.245.192.253 - - [07/Mar/2024:06:57:28 -0500] "GET /sipse/faces/javax.faces.resource/theme.css?ln=primefaces-sipse HTTP/1.1" 304 -
201.245.192.253 - - [07/Mar/2024:06:57:28 -0500] "GET /sipse/faces/javax.faces.resource/primefaces.css?ln=primefaces&v=4.0 HTTP/1.1" 304 -
201.245.192.253 - - [07/Mar/2024:06:57:28 -0500] "GET /sipse/faces/javax.faces.resource/jquery/jquery-plugins.js?ln=primefaces&v=4.0 HTTP/1.1" 304 -
201.245.192.253 - - [07/Mar/2024:06:57:28 -0500] "GET /sipse/faces/javax.faces.resource/jquery/jquery.js?ln=primefaces&v=4.0 HTTP/1.1" 304 -
201.245.192.253 - - [07/Mar/2024:06:57:28 -0500] "GET /sipse/faces/javax.faces.resource/primefaces.js?ln=primefaces&v=4.0 HTTP/1.1" 304 -
201.245.192.253 - - [07/Mar/2024:06:57:28 -0500] "GET /sipse/faces/javax.faces.resource/layout/layout.js?ln=primefaces&v=4.0 HTTP/1.1" 304 -
201.245.192.253 - - [07/Mar/2024:06:57:28 -0500] "GET /sipse/faces/javax.faces.resource/layout/layout.css?ln=primefaces&v=4.0 HTTP/1.1" 304 -
201.245.192.253 - - [07/Mar/2024:06:57:28 -0500] "GET /sipse/faces/javax.faces.resource/images/ui-icons_898989_256x240.png?ln=primefaces-aristo HTTP/1.1" 304 -
201.245.192.253 - - [07/Mar/2024:06:57:33 -0500] "POST /forms/lservlet;jsessionid=ac16012b30d684947034d65b4c4e923ce056fbb2be58.e3iSbxaKaheRe3iNc3uNbNmQay1ynknvrkLOlQzNp65In0 HTTP/1.1" 200 2
201.245.192.253 - - [07/Mar/2024:06:57:41 -0500] "POST /sipse/faces/autenticacion.xhtml HTTP/1.1" 200 16904
201.245.192.253 - - [07/Mar/2024:06:57:42 -0500] "GET /sipse/faces/javax.faces.resource/theme.css?ln=primefaces-sipse HTTP/1.1" 304 -
201.245.192.253 - - [07/Mar/2024:06:57:42 -0500] "GET /sipse/faces/javax.faces.resource/layout/layout.css?ln=primefaces&v=4.0 HTTP/1.1" 304 -
201.245.192.253 - - [07/Mar/2024:06:57:42 -0500] "GET /sipse/faces/javax.faces.resource/primefaces.css?ln=primefaces&v=4.0 HTTP/1.1" 304 -
201.245.192.253 - - [07/Mar/2024:06:57:42 -0500] "GET /sipse/faces/javax.faces.resource/jquery/jquery.js?ln=primefaces&v=4.0 HTTP/1.1" 304 -
201.245.192.253 - - [07/Mar/2024:06:57:42 -0500] "GET /sipse/faces/javax.faces.resource/jquery/jquery-plugins.js?ln=primefaces&v=4.0 HTTP/1.1" 304 -
201.245.192.253 - - [07/Mar/2024:06:57:42 -0500] "GET /sipse/faces/javax.faces.resource/primefaces.js?ln=primefaces&v=4.0 HTTP/1.1" 304 -
201.245.192.253 - - [07/Mar/2024:06:57:42 -0500] "GET /sipse/faces/javax.faces.resource/layout/layout.js?ln=primefaces&v=4.0 HTTP/1.1" 304 -
201.245.192.253 - - [07/Mar/2024:06:57:42 -0500] "GET /sipse/css/imagen/contrasena.png HTTP/1.1" 404 383
201.245.192.253 - - [07/Mar/2024:06:57:42 -0500] "GET /sipse/faces/javax.faces.resource/messages/messages.png?ln=primefaces&v=4.0 HTTP/1.1" 304 -
201.245.192.253 - - [07/Mar/2024:06:57:45 -0500] "GET /sipse/faces/javax.faces.resource/images/ui-bg_flat_0_2d5972_40x100.png?ln=primefaces-aristo HTTP/1.1" 304 -
201.245.192.253 - - [07/Mar/2024:06:57:45 -0500] "POST /sipse/faces/bienvenido.xhtml HTTP/1.1" 200 2658
201.245.192.253 - - [07/Mar/2024:06:57:46 -0500] "POST /sipse/faces/bienvenido.xhtml HTTP/1.1" 200 62631
201.245.192.253 - - [07/Mar/2024:06:57:46 -0500] "GET /sipse/faces/javax.faces.resource/theme.css?ln=primefaces-sipse HTTP/1.1" 304 -
201.245.192.253 - - [07/Mar/2024:06:57:46 -0500] "GET /sipse/faces/javax.faces.resource/layout/layout.css?ln=primefaces&v=4.0 HTTP/1.1" 304 -
201.245.192.253 - - [07/Mar/2024:06:57:46 -0500] "GET /sipse/faces/javax.faces.resource/primefaces.css?ln=primefaces&v=4.0 HTTP/1.1" 304 -
201.245.192.253 - - [07/Mar/2024:06:57:46 -0500] "GET /sipse/faces/javax.faces.resource/jquery/jquery.js?ln=primefaces&v=4.0 HTTP/1.1" 304 -
201.245.192.253 - - [07/Mar/2024:06:57:46 -0500] "GET /sipse/faces/javax.faces.resource/jquery/jquery-plugins.js?ln=primefaces&v=4.0 HTTP/1.1" 304 -
201.245.192.253 - - [07/Mar/2024:06:57:46 -0500] "GET /sipse/faces/javax.faces.resource/primefaces.js?ln=primefaces&v=4.0 HTTP/1.1" 304 -
201.245.192.253 - - [07/Mar/2024:06:57:46 -0500] "GET /sipse/faces/javax.faces.resource/layout/layout.js?ln=primefaces&v=4.0 HTTP/1.1" 304 -
201.245.192.253 - - [07/Mar/2024:06:57:46 -0500] "POST /sipse/faces/presentacion/financiero/solicitudProceso/listarSolicitudProceso.xhtml HTTP/1.1" 200 1556
201.245.192.253 - - [07/Mar/2024:06:58:10 -0500] "POST /sipse/faces/presentacion/financiero/solicitudProceso/listarSolicitudProceso.xhtml HTTP/1.1" 200 122880
201.245.192.253 - - [07/Mar/2024:06:58:11 -0500] "GET /sipse/faces/javax.faces.resource/theme.css?ln=primefaces-sipse HTTP/1.1" 304 -
201.245.192.253 - - [07/Mar/2024:06:58:11 -0500] "GET /sipse/faces/javax.faces.resource/layout/layout.css?ln=primefaces&v=4.0 HTTP/1.1" 304 -
201.245.192.253 - - [07/Mar/2024:06:58:11 -0500] "GET /sipse/faces/javax.faces.resource/primefaces.css?ln=primefaces&v=4.0 HTTP/1.1" 304 -
201.245.192.253 - - [07/Mar/2024:06:58:11 -0500] "GET /sipse/faces/javax.faces.resource/jquery/jquery.js?ln=primefaces&v=4.0 HTTP/1.1" 304 -
201.245.192.253 - - [07/Mar/2024:06:58:11 -0500] "GET /sipse/faces/javax.faces.resource/jquery/jquery-plugins.js?ln=primefaces&v=4.0 HTTP/1.1" 304 -
