201.245.192.253 - - [08/Mar/2024:03:55:27 -0500] "POST /forms/lservlet;jsessionid=ac16012b30d65740d95aaed04376ba5bc6200a0659e1.e3iSbxaKaheRe3iNc3uNbNmQay1ynknvrkLOlQzNp65In0 HTTP/1.1" 200 2
201.245.192.253 - - [08/Mar/2024:03:54:03 -0500] "POST /kwsrmcab/Wsrmcab  HTTP/1.1" 200 14501
201.245.192.253 - - [08/Mar/2024:03:55:40 -0500] "POST /forms/lservlet;jsessionid=ac16012b30d684947034d65b4c4e923ce056fbb2be58.e3iSbxaKaheRe3iNc3uNbNmQay1ynknvrkLOlQzNp65In0 HTTP/1.1" 200 2
201.245.192.253 - - [08/Mar/2024:03:56:14 -0500] "POST /kwsrmcab/Wsrmcab  HTTP/1.1" 200 39632
172.22.2.4 - - [08/Mar/2024:03:54:39 -0500] "HEAD /BLA/boletinlegal/ HTTP/1.1" 200 -
172.22.2.4 - - [08/Mar/2024:03:55:29 -0500] "GET /BLA/boletinlegal/ HTTP/1.1" 200 57889
17.241.75.8 - - [08/Mar/2024:03:57:25 -0500] "GET /camaras-trampa-de-la-secretaria-de-ambiente-captan-fauna-silvestre-en-sumapaz.html HTTP/1.1" 200 840
201.245.192.253 - - [08/Mar/2024:03:57:27 -0500] "POST /forms/lservlet;jsessionid=ac16012b30d65740d95aaed04376ba5bc6200a0659e1.e3iSbxaKaheRe3iNc3uNbNmQay1ynknvrkLOlQzNp65In0 HTTP/1.1" 200 2
201.245.192.253 - - [08/Mar/2024:03:57:40 -0500] "POST /forms/lservlet;jsessionid=ac16012b30d684947034d65b4c4e923ce056fbb2be58.e3iSbxaKaheRe3iNc3uNbNmQay1ynknvrkLOlQzNp65In0 HTTP/1.1" 200 2
201.245.192.253 - - [08/Mar/2024:03:59:27 -0500] "POST /forms/lservlet;jsessionid=ac16012b30d65740d95aaed04376ba5bc6200a0659e1.e3iSbxaKaheRe3iNc3uNbNmQay1ynknvrkLOlQzNp65In0 HTTP/1.1" 200 2
201.245.192.253 - - [08/Mar/2024:03:59:40 -0500] "POST /forms/lservlet;jsessionid=ac16012b30d684947034d65b4c4e923ce056fbb2be58.e3iSbxaKaheRe3iNc3uNbNmQay1ynknvrkLOlQzNp65In0 HTTP/1.1" 200 2
216.245.221.92 - - [08/Mar/2024:04:00:02 -0500] "HEAD / HTTP/1.1" 200 -
201.245.192.253 - - [08/Mar/2024:04:01:27 -0500] "POST /forms/lservlet;jsessionid=ac16012b30d65740d95aaed04376ba5bc6200a0659e1.e3iSbxaKaheRe3iNc3uNbNmQay1ynknvrkLOlQzNp65In0 HTTP/1.1" 200 2
201.245.192.253 - - [08/Mar/2024:04:01:40 -0500] "POST /forms/lservlet;jsessionid=ac16012b30d684947034d65b4c4e923ce056fbb2be58.e3iSbxaKaheRe3iNc3uNbNmQay1ynknvrkLOlQzNp65In0 HTTP/1.1" 200 2
172.22.2.4 - - [08/Mar/2024:04:00:29 -0500] "HEAD /BLA/boletinlegal/ HTTP/1.1" 200 -
201.245.192.253 - - [08/Mar/2024:04:01:13 -0500] "POST /kwsrmcab/Wsrmcab  HTTP/1.1" 200 28373
201.245.192.253 - - [08/Mar/2024:04:02:22 -0500] "POST /kwsrmcab/Wsrmcab  HTTP/1.1" 200 39632
172.22.2.4 - - [08/Mar/2024:04:01:19 -0500] "GET /BLA/boletinlegal/ HTTP/1.1" 200 60380
201.245.192.253 - - [08/Mar/2024:04:03:21 -0500] "POST /kwsrmcab/Wsrmcab  HTTP/1.1" 200 39632
201.245.192.253 - - [08/Mar/2024:04:03:27 -0500] "POST /forms/lservlet;jsessionid=ac16012b30d65740d95aaed04376ba5bc6200a0659e1.e3iSbxaKaheRe3iNc3uNbNmQay1ynknvrkLOlQzNp65In0 HTTP/1.1" 200 2
201.245.192.253 - - [08/Mar/2024:04:03:40 -0500] "POST /forms/lservlet;jsessionid=ac16012b30d684947034d65b4c4e923ce056fbb2be58.e3iSbxaKaheRe3iNc3uNbNmQay1ynknvrkLOlQzNp65In0 HTTP/1.1" 200 2
52.167.144.235 - - [08/Mar/2024:04:04:57 -0500] "GET /BLA/resoluciones/RESOLUCIONES%202019/3345.pdf HTTP/1.1" 304 -
216.245.221.92 - - [08/Mar/2024:04:05:01 -0500] "HEAD / HTTP/1.1" 200 -
201.245.192.253 - - [08/Mar/2024:04:05:27 -0500] "POST /forms/lservlet;jsessionid=ac16012b30d65740d95aaed04376ba5bc6200a0659e1.e3iSbxaKaheRe3iNc3uNbNmQay1ynknvrkLOlQzNp65In0 HTTP/1.1" 200 2
201.245.192.253 - - [08/Mar/2024:04:05:40 -0500] "POST /forms/lservlet;jsessionid=ac16012b30d684947034d65b4c4e923ce056fbb2be58.e3iSbxaKaheRe3iNc3uNbNmQay1ynknvrkLOlQzNp65In0 HTTP/1.1" 200 2
201.245.192.253 - - [08/Mar/2024:04:07:27 -0500] "POST /forms/lservlet;jsessionid=ac16012b30d65740d95aaed04376ba5bc6200a0659e1.e3iSbxaKaheRe3iNc3uNbNmQay1ynknvrkLOlQzNp65In0 HTTP/1.1" 200 2
201.245.192.253 - - [08/Mar/2024:04:07:40 -0500] "POST /forms/lservlet;jsessionid=ac16012b30d684947034d65b4c4e923ce056fbb2be58.e3iSbxaKaheRe3iNc3uNbNmQay1ynknvrkLOlQzNp65In0 HTTP/1.1" 200 2
146.19.24.28 - - [08/Mar/2024:04:07:57 -0500] "GET / HTTP/1.1" 200 319
109.107.182.195 - - [08/Mar/2024:04:07:57 -0500] "GET //.env HTTP/1.1" 404 1018
172.22.2.4 - - [08/Mar/2024:04:06:19 -0500] "HEAD /BLA/boletinlegal/ HTTP/1.1" 200 -
201.245.192.253 - - [08/Mar/2024:04:08:19 -0500] "POST /kwsrmcab/Wsrmcab  HTTP/1.1" 200 39632
172.22.2.4 - - [08/Mar/2024:04:08:26 -0500] "GET /BLA/boletinlegal/actos.php HTTP/1.1" 200 9738
172.22.2.4 - - [08/Mar/2024:04:08:26 -0500] "GET /BLA/boletinlegal/styles2.css HTTP/1.1" 200 1838
172.22.2.4 - - [08/Mar/2024:04:08:26 -0500] "GET /BLA/boletinlegal/niceforms-default.css HTTP/1.1" 200 6694
172.22.2.4 - - [08/Mar/2024:04:08:26 -0500] "GET /BLA/boletinlegal/style.css HTTP/1.1" 200 9406
172.22.2.4 - - [08/Mar/2024:04:08:26 -0500] "GET /BLA/boletinlegal/js/ajax_actos.js HTTP/1.1" 200 1322
172.22.2.4 - - [08/Mar/2024:04:08:26 -0500] "GET /BLA/boletinlegal/niceforms.js HTTP/1.1" 200 22876
172.22.2.4 - - [08/Mar/2024:04:08:26 -0500] "GET /BLA/boletinlegal/js/popup.js HTTP/1.1" 200 1270
172.22.2.4 - - [08/Mar/2024:04:08:26 -0500] "GET /BLA/boletinlegal/js/lib.js HTTP/1.1" 200 6474
172.22.2.4 - - [08/Mar/2024:04:08:26 -0500] "GET /BLA/boletinlegal/js/jquery1.js HTTP/1.1" 200 29846
172.22.2.4 - - [08/Mar/2024:04:08:26 -0500] "GET /BLA/boletinlegal/images/cabezote%20BLEGAL.jpg HTTP/1.1" 200 118164
172.22.2.4 - - [08/Mar/2024:04:08:26 -0500] "GET /BLA/boletinlegal/images/subscribe-icon-big.png HTTP/1.1" 200 47702
172.22.2.4 - - [08/Mar/2024:04:08:26 -0500] "GET /BLA/boletinlegal/images/registro-usuarios.png HTTP/1.1" 200 8106
172.22.2.4 - - [08/Mar/2024:04:08:26 -0500] "GET /BLA/boletinlegal/images/historia.png HTTP/1.1" 200 52775
172.22.2.4 - - [08/Mar/2024:04:08:26 -0500] "GET /BLA/boletinlegal/images/tel.png HTTP/1.1" 200 14477
172.22.2.4 - - [08/Mar/2024:04:08:26 -0500] "GET /BLA/boletinlegal/images/green-yellow-blue-pink-th.png HTTP/1.1" 200 7394
172.22.2.4 - - [08/Mar/2024:04:08:26 -0500] "GET /BLA/boletinlegal/images/icono-email.png HTTP/1.1" 200 5544
172.22.2.4 - - [08/Mar/2024:04:08:26 -0500] "GET /BLA/boletinlegal/images/body_bg.jpg HTTP/1.1" 200 1601
172.22.2.4 - - [08/Mar/2024:04:08:26 -0500] "GET /BLA/boletinlegal/images/menu_lft.gif HTTP/1.1" 200 1713
172.22.2.4 - - [08/Mar/2024:04:08:26 -0500] "GET /BLA/boletinlegal/images/text.jpg HTTP/1.1" 200 568
172.22.2.4 - - [08/Mar/2024:04:08:26 -0500] "GET /BLA/boletinlegal/images/footer_bg.jpg HTTP/1.1" 200 586
172.22.2.4 - - [08/Mar/2024:04:08:26 -0500] "GET /BLA/boletinlegal/images/menu_rght.gif HTTP/1.1" 200 1627
172.22.2.4 - - [08/Mar/2024:04:08:26 -0500] "GET /BLA/boletinlegal/images/menu_bg.jpg HTTP/1.1" 200 620
172.22.2.4 - - [08/Mar/2024:04:08:26 -0500] "GET /BLA/boletinlegal/images/bg_top.jpg HTTP/1.1" 200 522
172.22.2.4 - - [08/Mar/2024:04:08:26 -0500] "GET /BLA/boletinlegal/images/hover.jpg HTTP/1.1" 200 640
172.22.2.4 - - [08/Mar/2024:04:08:26 -0500] "GET /BLA/boletinlegal/images/footer_bg_l.jpg HTTP/1.1" 200 776
172.22.2.4 - - [08/Mar/2024:04:08:26 -0500] "GET /BLA/boletinlegal/img/select-right.png HTTP/1.1" 200 44019
172.22.2.4 - - [08/Mar/2024:04:08:26 -0500] "GET /BLA/boletinlegal/img/0.png HTTP/1.1" 200 110
172.22.2.4 - - [08/Mar/2024:04:08:26 -0500] "GET /BLA/boletinlegal/img/select-left.png HTTP/1.1" 200 263
172.22.2.4 - - [08/Mar/2024:04:08:26 -0500] "GET /BLA/boletinlegal/img/button-left.png HTTP/1.1" 200 57071
172.22.2.4 - - [08/Mar/2024:04:08:26 -0500] "GET /BLA/boletinlegal/img/button-right.png HTTP/1.1" 200 57878
172.22.2.4 - - [08/Mar/2024:04:08:26 -0500] "GET /BLA/boletinlegal/img/button.png HTTP/1.1" 200 43241
186.83.246.35 - - [08/Mar/2024:04:08:28 -0500] "GET /BLA/resoluciones/ HTTP/1.1" 200 14105
186.83.246.35 - - [08/Mar/2024:04:08:29 -0500] "GET /BLA/resoluciones/dlf/styles.css HTTP/1.1" 200 3049
186.83.246.35 - - [08/Mar/2024:04:08:29 -0500] "GET /BLA/resoluciones/dlf/folder.png HTTP/1.1" 200 410
186.83.246.35 - - [08/Mar/2024:04:08:29 -0500] "GET /BLA/resoluciones/dlf/bg.gif HTTP/1.1" 200 54
186.83.246.35 - - [08/Mar/2024:04:08:29 -0500] "GET /favicon.ico HTTP/1.1" 200 7782
186.83.246.35 - - [08/Mar/2024:04:08:36 -0500] "GET /BLA/resoluciones/dlf/dirup.png HTTP/1.1" 200 644
186.83.246.35 - - [08/Mar/2024:04:08:36 -0500] "GET /BLA/resoluciones/dlf/archive.png HTTP/1.1" 200 632
186.83.246.35 - - [08/Mar/2024:04:08:36 -0500] "GET /BLA/resoluciones/dlf/pdf.gif HTTP/1.1" 200 272
186.83.246.35 - - [08/Mar/2024:04:08:36 -0500] "GET /BLA/resoluciones/index.php?dir=AUTOS+2023%2F HTTP/1.1" 200 503025
172.22.2.4 - - [08/Mar/2024:04:07:09 -0500] "GET /BLA/boletinlegal/ HTTP/1.1" 200 58720
201.245.192.253 - - [08/Mar/2024:04:09:27 -0500] "POST /forms/lservlet;jsessionid=ac16012b30d65740d95aaed04376ba5bc6200a0659e1.e3iSbxaKaheRe3iNc3uNbNmQay1ynknvrkLOlQzNp65In0 HTTP/1.1" 200 2
201.245.192.253 - - [08/Mar/2024:04:09:40 -0500] "POST /forms/lservlet;jsessionid=ac16012b30d684947034d65b4c4e923ce056fbb2be58.e3iSbxaKaheRe3iNc3uNbNmQay1ynknvrkLOlQzNp65In0 HTTP/1.1" 200 2
216.245.221.92 - - [08/Mar/2024:04:10:01 -0500] "HEAD / HTTP/1.1" 200 -
201.245.192.253 - - [08/Mar/2024:04:11:27 -0500] "POST /forms/lservlet;jsessionid=ac16012b30d65740d95aaed04376ba5bc6200a0659e1.e3iSbxaKaheRe3iNc3uNbNmQay1ynknvrkLOlQzNp65In0 HTTP/1.1" 200 2
201.245.192.253 - - [08/Mar/2024:04:11:40 -0500] "POST /forms/lservlet;jsessionid=ac16012b30d684947034d65b4c4e923ce056fbb2be58.e3iSbxaKaheRe3iNc3uNbNmQay1ynknvrkLOlQzNp65In0 HTTP/1.1" 200 2
186.83.246.35 - - [08/Mar/2024:04:13:22 -0500] "GET /BLA/resoluciones/AUTOS%202023/3081.pdf HTTP/1.1" 200 1292014
201.245.192.253 - - [08/Mar/2024:04:13:27 -0500] "POST /forms/lservlet;jsessionid=ac16012b30d65740d95aaed04376ba5bc6200a0659e1.e3iSbxaKaheRe3iNc3uNbNmQay1ynknvrkLOlQzNp65In0 HTTP/1.1" 200 2
201.245.192.253 - - [08/Mar/2024:04:13:40 -0500] "POST /forms/lservlet;jsessionid=ac16012b30d684947034d65b4c4e923ce056fbb2be58.e3iSbxaKaheRe3iNc3uNbNmQay1ynknvrkLOlQzNp65In0 HTTP/1.1" 200 2
172.22.2.4 - - [08/Mar/2024:04:12:09 -0500] "HEAD /BLA/boletinlegal/ HTTP/1.1" 200 -
201.245.192.253 - - [08/Mar/2024:04:14:27 -0500] "POST /kwsrmcab/Wsrmcab  HTTP/1.1" 200 39632
172.22.2.4 - - [08/Mar/2024:04:12:59 -0500] "GET /BLA/boletinlegal/ HTTP/1.1" 200 56191
201.245.192.253 - - [08/Mar/2024:04:13:18 -0500] "POST /kwsrmcab/Wsrmcab  HTTP/1.1" 200 14501
216.245.221.92 - - [08/Mar/2024:04:15:01 -0500] "HEAD / HTTP/1.1" 200 -
201.245.192.253 - - [08/Mar/2024:04:15:27 -0500] "POST /forms/lservlet;jsessionid=ac16012b30d65740d95aaed04376ba5bc6200a0659e1.e3iSbxaKaheRe3iNc3uNbNmQay1ynknvrkLOlQzNp65In0 HTTP/1.1" 200 2
201.245.192.253 - - [08/Mar/2024:04:15:30 -0500] "POST /kwsrmcab/Wsrmcab  HTTP/1.1" 200 39632
201.245.192.253 - - [08/Mar/2024:04:15:40 -0500] "POST /forms/lservlet;jsessionid=ac16012b30d684947034d65b4c4e923ce056fbb2be58.e3iSbxaKaheRe3iNc3uNbNmQay1ynknvrkLOlQzNp65In0 HTTP/1.1" 200 2
66.249.66.19 - - [08/Mar/2024:04:14:06 -0500] "GET /BLA/boletinlegal/index.php? HTTP/1.1" 200 60730
104.200.151.53 - - [08/Mar/2024:04:16:39 -0500] "GET /wp-login.php HTTP/1.1" 404 1018
66.249.66.19 - - [08/Mar/2024:04:17:16 -0500] "GET /BLA/resoluciones/RESOLUCIONES%202016/0198.pdf HTTP/1.1" 304 -
66.249.66.19 - - [08/Mar/2024:04:17:17 -0500] "GET /Publicaciones/2024EE12650.pdf HTTP/1.1" 404 227
201.245.192.253 - - [08/Mar/2024:04:17:27 -0500] "POST /forms/lservlet;jsessionid=ac16012b30d65740d95aaed04376ba5bc6200a0659e1.e3iSbxaKaheRe3iNc3uNbNmQay1ynknvrkLOlQzNp65In0 HTTP/1.1" 200 2
201.245.192.253 - - [08/Mar/2024:04:17:40 -0500] "POST /forms/lservlet;jsessionid=ac16012b30d684947034d65b4c4e923ce056fbb2be58.e3iSbxaKaheRe3iNc3uNbNmQay1ynknvrkLOlQzNp65In0 HTTP/1.1" 200 2
172.22.2.4 - - [08/Mar/2024:04:19:10 -0500] "GET /BLA/boletinlegal/robots.txt HTTP/1.1" 404 1037
172.22.2.4 - - [08/Mar/2024:04:19:11 -0500] "GET /BLA/boletinlegal/jurisprudencia/analisis/CUADRO%20ANALISIS%20SENTENCIA%20T-411%20DE%201992.doc HTTP/1.1" 304 -
201.245.192.253 - - [08/Mar/2024:04:19:02 -0500] "POST /kwsrmcab/Wsrmcab HTTP/1.1" 200 39723
201.245.192.253 - - [08/Mar/2024:04:19:22 -0500] "POST /kwsrmcab/Wsrmcab HTTP/1.1" 200 39529
201.245.192.253 - - [08/Mar/2024:04:19:27 -0500] "POST /forms/lservlet;jsessionid=ac16012b30d65740d95aaed04376ba5bc6200a0659e1.e3iSbxaKaheRe3iNc3uNbNmQay1ynknvrkLOlQzNp65In0 HTTP/1.1" 200 2
201.245.192.253 - - [08/Mar/2024:04:19:25 -0500] "POST /kwsrmcab/Wsrmcab HTTP/1.1" 200 37155
172.22.2.4 - - [08/Mar/2024:04:17:59 -0500] "HEAD /BLA/boletinlegal/ HTTP/1.1" 200 -
201.245.192.253 - - [08/Mar/2024:04:19:40 -0500] "POST /forms/lservlet;jsessionid=ac16012b30d684947034d65b4c4e923ce056fbb2be58.e3iSbxaKaheRe3iNc3uNbNmQay1ynknvrkLOlQzNp65In0 HTTP/1.1" 200 2
216.245.221.92 - - [08/Mar/2024:04:20:01 -0500] "HEAD / HTTP/1.1" 200 -
172.22.2.4 - - [08/Mar/2024:04:18:49 -0500] "GET /BLA/boletinlegal/ HTTP/1.1" 200 60730
201.245.192.253 - - [08/Mar/2024:04:20:16 -0500] "POST /kwsrmcab/Wsrmcab HTTP/1.1" 200 37155
201.245.192.253 - - [08/Mar/2024:04:20:28 -0500] "POST /kwsrmcab/Wsrmcab  HTTP/1.1" 200 39632
201.245.192.253 - - [08/Mar/2024:04:21:27 -0500] "POST /forms/lservlet;jsessionid=ac16012b30d65740d95aaed04376ba5bc6200a0659e1.e3iSbxaKaheRe3iNc3uNbNmQay1ynknvrkLOlQzNp65In0 HTTP/1.1" 200 2
201.245.192.253 - - [08/Mar/2024:04:21:40 -0500] "POST /forms/lservlet;jsessionid=ac16012b30d684947034d65b4c4e923ce056fbb2be58.e3iSbxaKaheRe3iNc3uNbNmQay1ynknvrkLOlQzNp65In0 HTTP/1.1" 200 2
40.78.129.23 - - [08/Mar/2024:04:22:16 -0500] "GET /robots.txt HTTP/1.1" 404 1032
201.245.192.253 - - [08/Mar/2024:04:23:27 -0500] "POST /forms/lservlet;jsessionid=ac16012b30d65740d95aaed04376ba5bc6200a0659e1.e3iSbxaKaheRe3iNc3uNbNmQay1ynknvrkLOlQzNp65In0 HTTP/1.1" 200 2
201.245.192.253 - - [08/Mar/2024:04:23:40 -0500] "POST /forms/lservlet;jsessionid=ac16012b30d684947034d65b4c4e923ce056fbb2be58.e3iSbxaKaheRe3iNc3uNbNmQay1ynknvrkLOlQzNp65In0 HTTP/1.1" 200 2
66.249.66.20 - - [08/Mar/2024:04:23:41 -0500] "GET /BLA/resoluciones/RESOLUCIONES%202010/1989.pdf HTTP/1.1" 200 339200
216.245.221.92 - - [08/Mar/2024:04:25:01 -0500] "HEAD / HTTP/1.1" 200 -
201.245.192.253 - - [08/Mar/2024:04:25:27 -0500] "POST /forms/lservlet;jsessionid=ac16012b30d65740d95aaed04376ba5bc6200a0659e1.e3iSbxaKaheRe3iNc3uNbNmQay1ynknvrkLOlQzNp65In0 HTTP/1.1" 200 2
201.245.192.253 - - [08/Mar/2024:04:25:27 -0500] "POST /kwsrmcab/Wsrmcab  HTTP/1.1" 200 39632
172.22.2.4 - - [08/Mar/2024:04:23:49 -0500] "HEAD /BLA/boletinlegal/ HTTP/1.1" 200 -
201.245.192.253 - - [08/Mar/2024:04:25:40 -0500] "POST /forms/lservlet;jsessionid=ac16012b30d684947034d65b4c4e923ce056fbb2be58.e3iSbxaKaheRe3iNc3uNbNmQay1ynknvrkLOlQzNp65In0 HTTP/1.1" 200 2
172.22.2.4 - - [08/Mar/2024:04:24:39 -0500] "GET /BLA/boletinlegal/ HTTP/1.1" 200 57136
207.46.13.107 - - [08/Mar/2024:04:27:26 -0500] "GET /BLA/resoluciones/RESOLUCIONES%202011/6971.pdf HTTP/1.1" 304 -
201.245.192.253 - - [08/Mar/2024:04:27:27 -0500] "POST /forms/lservlet;jsessionid=ac16012b30d65740d95aaed04376ba5bc6200a0659e1.e3iSbxaKaheRe3iNc3uNbNmQay1ynknvrkLOlQzNp65In0 HTTP/1.1" 200 2
201.245.192.253 - - [08/Mar/2024:04:27:40 -0500] "POST /forms/lservlet;jsessionid=ac16012b30d684947034d65b4c4e923ce056fbb2be58.e3iSbxaKaheRe3iNc3uNbNmQay1ynknvrkLOlQzNp65In0 HTTP/1.1" 200 2
66.249.66.21 - - [08/Mar/2024:04:28:03 -0500] "GET /resoluciones/RESOLUCIONES%202009/2646.pdf HTTP/1.1" 404 1018
201.245.192.253 - - [08/Mar/2024:04:29:22 -0500] "POST /kwsrmcab/Wsrmcab HTTP/1.1" 200 39529
201.245.192.253 - - [08/Mar/2024:04:29:02 -0500] "POST /kwsrmcab/Wsrmcab HTTP/1.1" 200 39723
201.245.192.253 - - [08/Mar/2024:04:29:27 -0500] "POST /forms/lservlet;jsessionid=ac16012b30d65740d95aaed04376ba5bc6200a0659e1.e3iSbxaKaheRe3iNc3uNbNmQay1ynknvrkLOlQzNp65In0 HTTP/1.1" 200 2
201.245.192.253 - - [08/Mar/2024:04:29:26 -0500] "POST /kwsrmcab/Wsrmcab HTTP/1.1" 200 37155
201.245.192.253 - - [08/Mar/2024:04:29:40 -0500] "POST /forms/lservlet;jsessionid=ac16012b30d684947034d65b4c4e923ce056fbb2be58.e3iSbxaKaheRe3iNc3uNbNmQay1ynknvrkLOlQzNp65In0 HTTP/1.1" 200 2
216.245.221.92 - - [08/Mar/2024:04:30:01 -0500] "HEAD / HTTP/1.1" 200 -
201.245.192.253 - - [08/Mar/2024:04:30:17 -0500] "POST /kwsrmcab/Wsrmcab HTTP/1.1" 200 37155
201.245.192.253 - - [08/Mar/2024:04:30:25 -0500] "POST /kwsrmcab/Wsrmcab  HTTP/1.1" 200 39632
172.22.2.4 - - [08/Mar/2024:04:29:39 -0500] "HEAD /BLA/boletinlegal/ HTTP/1.1" 200 -
201.245.192.253 - - [08/Mar/2024:04:31:27 -0500] "POST /forms/lservlet;jsessionid=ac16012b30d65740d95aaed04376ba5bc6200a0659e1.e3iSbxaKaheRe3iNc3uNbNmQay1ynknvrkLOlQzNp65In0 HTTP/1.1" 200 2
201.245.192.253 - - [08/Mar/2024:04:31:40 -0500] "POST /forms/lservlet;jsessionid=ac16012b30d684947034d65b4c4e923ce056fbb2be58.e3iSbxaKaheRe3iNc3uNbNmQay1ynknvrkLOlQzNp65In0 HTTP/1.1" 200 2
172.22.2.4 - - [08/Mar/2024:04:30:29 -0500] "GET /BLA/boletinlegal/ HTTP/1.1" 200 58720
201.245.192.253 - - [08/Mar/2024:04:33:27 -0500] "POST /forms/lservlet;jsessionid=ac16012b30d65740d95aaed04376ba5bc6200a0659e1.e3iSbxaKaheRe3iNc3uNbNmQay1ynknvrkLOlQzNp65In0 HTTP/1.1" 200 2
201.245.192.253 - - [08/Mar/2024:04:33:40 -0500] "POST /forms/lservlet;jsessionid=ac16012b30d684947034d65b4c4e923ce056fbb2be58.e3iSbxaKaheRe3iNc3uNbNmQay1ynknvrkLOlQzNp65In0 HTTP/1.1" 200 2
66.249.66.21 - - [08/Mar/2024:04:34:26 -0500] "GET /resoluciones/AUTOS%202007/2330.pdf HTTP/1.1" 404 1018
13.89.203.160 - - [08/Mar/2024:04:34:51 -0500] "GET /robots.txt HTTP/1.1" 404 1018
216.245.221.92 - - [08/Mar/2024:04:35:01 -0500] "HEAD / HTTP/1.1" 200 -
201.245.192.253 - - [08/Mar/2024:04:35:23 -0500] "POST /kwsrmcab/Wsrmcab  HTTP/1.1" 200 39632
201.245.192.253 - - [08/Mar/2024:04:35:27 -0500] "POST /forms/lservlet;jsessionid=ac16012b30d65740d95aaed04376ba5bc6200a0659e1.e3iSbxaKaheRe3iNc3uNbNmQay1ynknvrkLOlQzNp65In0 HTTP/1.1" 200 2
201.245.192.253 - - [08/Mar/2024:04:35:40 -0500] "POST /forms/lservlet;jsessionid=ac16012b30d684947034d65b4c4e923ce056fbb2be58.e3iSbxaKaheRe3iNc3uNbNmQay1ynknvrkLOlQzNp65In0 HTTP/1.1" 200 2
172.22.2.4 - - [08/Mar/2024:04:35:29 -0500] "HEAD /BLA/boletinlegal/ HTTP/1.1" 200 -
201.245.192.253 - - [08/Mar/2024:04:37:27 -0500] "POST /forms/lservlet;jsessionid=ac16012b30d65740d95aaed04376ba5bc6200a0659e1.e3iSbxaKaheRe3iNc3uNbNmQay1ynknvrkLOlQzNp65In0 HTTP/1.1" 200 2
201.245.192.253 - - [08/Mar/2024:04:37:40 -0500] "POST /forms/lservlet;jsessionid=ac16012b30d684947034d65b4c4e923ce056fbb2be58.e3iSbxaKaheRe3iNc3uNbNmQay1ynknvrkLOlQzNp65In0 HTTP/1.1" 200 2
172.22.2.4 - - [08/Mar/2024:04:36:19 -0500] "GET /BLA/boletinlegal/ HTTP/1.1" 200 58720
20.27.20.26 - - [08/Mar/2024:04:38:12 -0500] "GET /Publicaciones/2024EE32040.pdf HTTP/1.1" 404 227
201.245.192.253 - - [08/Mar/2024:04:39:22 -0500] "POST /kwsrmcab/Wsrmcab HTTP/1.1" 200 39529
201.245.192.253 - - [08/Mar/2024:04:39:02 -0500] "POST /kwsrmcab/Wsrmcab HTTP/1.1" 200 39723
201.245.192.253 - - [08/Mar/2024:04:39:27 -0500] "POST /forms/lservlet;jsessionid=ac16012b30d65740d95aaed04376ba5bc6200a0659e1.e3iSbxaKaheRe3iNc3uNbNmQay1ynknvrkLOlQzNp65In0 HTTP/1.1" 200 2
201.245.192.253 - - [08/Mar/2024:04:39:26 -0500] "POST /kwsrmcab/Wsrmcab HTTP/1.1" 200 37155
201.245.192.253 - - [08/Mar/2024:04:39:40 -0500] "POST /forms/lservlet;jsessionid=ac16012b30d684947034d65b4c4e923ce056fbb2be58.e3iSbxaKaheRe3iNc3uNbNmQay1ynknvrkLOlQzNp65In0 HTTP/1.1" 200 2
216.245.221.92 - - [08/Mar/2024:04:40:01 -0500] "HEAD / HTTP/1.1" 200 -
207.46.13.128 - - [08/Mar/2024:04:40:24 -0500] "GET /BLA/resoluciones/index.php?dir=AUTOS+2022%2F HTTP/1.1" 200 512260
201.245.192.253 - - [08/Mar/2024:04:40:17 -0500] "POST /kwsrmcab/Wsrmcab HTTP/1.1" 200 37155
201.245.192.253 - - [08/Mar/2024:04:40:22 -0500] "POST /kwsrmcab/Wsrmcab  HTTP/1.1" 200 39632
201.245.192.253 - - [08/Mar/2024:04:41:27 -0500] "POST /forms/lservlet;jsessionid=ac16012b30d65740d95aaed04376ba5bc6200a0659e1.e3iSbxaKaheRe3iNc3uNbNmQay1ynknvrkLOlQzNp65In0 HTTP/1.1" 200 2
201.245.192.253 - - [08/Mar/2024:04:41:40 -0500] "POST /forms/lservlet;jsessionid=ac16012b30d684947034d65b4c4e923ce056fbb2be58.e3iSbxaKaheRe3iNc3uNbNmQay1ynknvrkLOlQzNp65In0 HTTP/1.1" 200 2
168.119.253.6 - - [08/Mar/2024:04:42:46 -0500] "GET / HTTP/1.1" 200 4720
172.22.2.4 - - [08/Mar/2024:04:41:19 -0500] "HEAD /BLA/boletinlegal/ HTTP/1.1" 200 -
201.245.192.253 - - [08/Mar/2024:04:43:27 -0500] "POST /forms/lservlet;jsessionid=ac16012b30d65740d95aaed04376ba5bc6200a0659e1.e3iSbxaKaheRe3iNc3uNbNmQay1ynknvrkLOlQzNp65In0 HTTP/1.1" 200 2
201.245.192.253 - - [08/Mar/2024:04:43:40 -0500] "POST /forms/lservlet;jsessionid=ac16012b30d684947034d65b4c4e923ce056fbb2be58.e3iSbxaKaheRe3iNc3uNbNmQay1ynknvrkLOlQzNp65In0 HTTP/1.1" 200 2
172.22.2.4 - - [08/Mar/2024:04:42:09 -0500] "GET /BLA/boletinlegal/ HTTP/1.1" 200 60380
66.249.66.19 - - [08/Mar/2024:04:44:50 -0500] "GET /BLA/resoluciones/RESOLUCIONES%202008/4132.pdf HTTP/1.1" 200 775302
216.245.221.92 - - [08/Mar/2024:04:45:01 -0500] "HEAD / HTTP/1.1" 200 -
34.28.187.60 - - [08/Mar/2024:04:45:13 -0500] "GET /portaldeninos/wp-content/uploads/2021/07/residuos-pagina-ni%C3%B1os.jpg HTTP/1.1" 200 316433
201.245.192.253 - - [08/Mar/2024:04:45:21 -0500] "POST /kwsrmcab/Wsrmcab  HTTP/1.1" 200 39632
201.245.192.253 - - [08/Mar/2024:04:45:27 -0500] "POST /forms/lservlet;jsessionid=ac16012b30d65740d95aaed04376ba5bc6200a0659e1.e3iSbxaKaheRe3iNc3uNbNmQay1ynknvrkLOlQzNp65In0 HTTP/1.1" 200 2
201.245.192.253 - - [08/Mar/2024:04:45:40 -0500] "POST /forms/lservlet;jsessionid=ac16012b30d684947034d65b4c4e923ce056fbb2be58.e3iSbxaKaheRe3iNc3uNbNmQay1ynknvrkLOlQzNp65In0 HTTP/1.1" 200 2
66.249.66.20 - - [08/Mar/2024:04:46:38 -0500] "GET /pdc/actos/1469.pdf HTTP/1.1" 200 1053029
172.22.2.4 - - [08/Mar/2024:04:47:07 -0500] "GET /BLA/boletinlegal/robots.txt HTTP/1.1" 404 1038
66.249.66.19 - - [08/Mar/2024:04:47:21 -0500] "GET /resoluciones/RESOLUCIONES%202008/3449.pdf HTTP/1.1" 404 1018
201.245.192.253 - - [08/Mar/2024:04:47:27 -0500] "POST /forms/lservlet;jsessionid=ac16012b30d65740d95aaed04376ba5bc6200a0659e1.e3iSbxaKaheRe3iNc3uNbNmQay1ynknvrkLOlQzNp65In0 HTTP/1.1" 200 2
201.245.192.253 - - [08/Mar/2024:04:47:40 -0500] "POST /forms/lservlet;jsessionid=ac16012b30d684947034d65b4c4e923ce056fbb2be58.e3iSbxaKaheRe3iNc3uNbNmQay1ynknvrkLOlQzNp65In0 HTTP/1.1" 200 2
188.166.103.144 - - [08/Mar/2024:04:48:24 -0500] "\x16\x03\x01" 400 226
188.166.103.144 - - [08/Mar/2024:04:48:24 -0500] "\x16\x03\x01" 400 226
188.166.103.144 - - [08/Mar/2024:04:48:24 -0500] "GET / HTTP/1.1" 200 319
188.166.103.144 - - [08/Mar/2024:04:48:25 -0500] "GET /form.html HTTP/1.1" 404 1018
188.166.103.144 - - [08/Mar/2024:04:48:25 -0500] "GET /upl.php HTTP/1.1" 404 1018
188.166.103.144 - - [08/Mar/2024:04:48:25 -0500] "\x16\x03\x01" 400 226
188.166.103.144 - - [08/Mar/2024:04:48:26 -0500] "GET /geoip/ HTTP/1.1" 404 1018
188.166.103.144 - - [08/Mar/2024:04:48:26 -0500] "GET /favicon.ico HTTP/1.1" 200 7782
188.166.103.144 - - [08/Mar/2024:04:48:27 -0500] "GET /1.php HTTP/1.1" 404 1018
188.166.103.144 - - [08/Mar/2024:04:48:27 -0500] "GET /bundle.js HTTP/1.1" 404 1018
188.166.103.144 - - [08/Mar/2024:04:48:27 -0500] "GET /files/ HTTP/1.1" 404 1018
188.166.103.144 - - [08/Mar/2024:04:48:28 -0500] "GET /systembc/password.php HTTP/1.1" 404 1018
188.166.103.144 - - [08/Mar/2024:04:48:28 -0500] "GET /password.php HTTP/1.1" 404 1018
188.166.103.144 - - [08/Mar/2024:04:48:28 -0500] "GET /info.php HTTP/1.1" 404 1018
172.22.2.4 - - [08/Mar/2024:04:47:08 -0500] "GET /BLA/boletinlegal/index.php HTTP/1.1" 200 45535
172.22.2.4 - - [08/Mar/2024:04:47:09 -0500] "HEAD /BLA/boletinlegal/ HTTP/1.1" 200 -
172.22.2.4 - - [08/Mar/2024:04:47:09 -0500] "GET /BLA/boletinlegal/ HTTP/1.1" 200 44737
66.249.66.19 - - [08/Mar/2024:04:49:25 -0500] "GET /BLA/resoluciones/RESOLUCIONES%202009/2646.pdf HTTP/1.1" 200 218553
201.245.192.253 - - [08/Mar/2024:04:49:27 -0500] "POST /forms/lservlet;jsessionid=ac16012b30d65740d95aaed04376ba5bc6200a0659e1.e3iSbxaKaheRe3iNc3uNbNmQay1ynknvrkLOlQzNp65In0 HTTP/1.1" 200 2
172.22.2.4 - - [08/Mar/2024:04:47:59 -0500] "GET /BLA/boletinlegal/ HTTP/1.1" 200 53419
201.245.192.253 - - [08/Mar/2024:04:49:40 -0500] "POST /forms/lservlet;jsessionid=ac16012b30d684947034d65b4c4e923ce056fbb2be58.e3iSbxaKaheRe3iNc3uNbNmQay1ynknvrkLOlQzNp65In0 HTTP/1.1" 200 2
66.249.66.20 - - [08/Mar/2024:04:49:54 -0500] "GET /BLA/resoluciones/RESOLUCIONES%202008/3259.pdf HTTP/1.1" 200 675206
66.249.66.19 - - [08/Mar/2024:04:50:00 -0500] "GET /Publicaciones/2024EE42049.pdf HTTP/1.1" 404 227
216.245.221.92 - - [08/Mar/2024:04:50:01 -0500] "HEAD / HTTP/1.1" 200 -
201.245.192.253 - - [08/Mar/2024:04:50:20 -0500] "POST /kwsrmcab/Wsrmcab  HTTP/1.1" 200 39632
201.245.192.253 - - [08/Mar/2024:04:51:27 -0500] "POST /forms/lservlet;jsessionid=ac16012b30d65740d95aaed04376ba5bc6200a0659e1.e3iSbxaKaheRe3iNc3uNbNmQay1ynknvrkLOlQzNp65In0 HTTP/1.1" 200 2
201.245.192.253 - - [08/Mar/2024:04:51:29 -0500] "POST /kwsrmcab/Wsrmcab  HTTP/1.1" 200 39632
201.245.192.253 - - [08/Mar/2024:04:51:40 -0500] "POST /forms/lservlet;jsessionid=ac16012b30d684947034d65b4c4e923ce056fbb2be58.e3iSbxaKaheRe3iNc3uNbNmQay1ynknvrkLOlQzNp65In0 HTTP/1.1" 200 2
66.249.66.20 - - [08/Mar/2024:04:52:09 -0500] "GET /BLA/resoluciones/RESOLUCIONES%202009/3370.pdf HTTP/1.1" 200 559785
181.61.39.98 - - [08/Mar/2024:04:52:12 -0500] "GET /sipse/faces/index.xhtml HTTP/1.1" 200 677
181.61.39.98 - - [08/Mar/2024:04:52:12 -0500] "GET /sipse/faces/javax.faces.resource/theme.css?ln=primefaces-sipse HTTP/1.1" 304 -
181.61.39.98 - - [08/Mar/2024:04:52:12 -0500] "GET /sipse/faces/faces/autenticacion.xhtml HTTP/1.1" 200 12402
181.61.39.98 - - [08/Mar/2024:04:52:12 -0500] "GET /sipse/js/disable_browser_buttons.js HTTP/1.1" 304 -
181.61.39.98 - - [08/Mar/2024:04:52:12 -0500] "GET /sipse/faces/javax.faces.resource/theme.css?ln=primefaces-sipse HTTP/1.1" 304 -
181.61.39.98 - - [08/Mar/2024:04:52:12 -0500] "GET /sipse/css/custom_css_sg.css HTTP/1.1" 304 -
181.61.39.98 - - [08/Mar/2024:04:52:12 -0500] "GET /sipse/faces/javax.faces.resource/layout/layout.css?ln=primefaces&v=4.0 HTTP/1.1" 304 -
181.61.39.98 - - [08/Mar/2024:04:52:12 -0500] "GET /sipse/css/custom_css_sg_prime_login.css HTTP/1.1" 304 -
181.61.39.98 - - [08/Mar/2024:04:52:12 -0500] "GET /sipse/js/funciones.js HTTP/1.1" 304 -
181.61.39.98 - - [08/Mar/2024:04:52:12 -0500] "GET /sipse/faces/javax.faces.resource/primefaces.css?ln=primefaces&v=4.0 HTTP/1.1" 304 -
181.61.39.98 - - [08/Mar/2024:04:52:12 -0500] "GET /sipse/faces/javax.faces.resource/jquery/jquery.js?ln=primefaces&v=4.0 HTTP/1.1" 304 -
181.61.39.98 - - [08/Mar/2024:04:52:12 -0500] "GET /sipse/faces/javax.faces.resource/jquery/jquery-plugins.js?ln=primefaces&v=4.0 HTTP/1.1" 304 -
181.61.39.98 - - [08/Mar/2024:04:52:12 -0500] "GET /sipse/faces/javax.faces.resource/primefaces.js?ln=primefaces&v=4.0 HTTP/1.1" 304 -
181.61.39.98 - - [08/Mar/2024:04:52:13 -0500] "GET /sipse/faces/javax.faces.resource/layout/layout.js?ln=primefaces&v=4.0 HTTP/1.1" 304 -
181.61.39.98 - - [08/Mar/2024:04:52:13 -0500] "GET /sipse/css/imagen/loginimg.png HTTP/1.1" 304 -
181.61.39.98 - - [08/Mar/2024:04:52:13 -0500] "GET /sipse/css/imagen/logoSDG.png HTTP/1.1" 304 -
181.61.39.98 - - [08/Mar/2024:04:52:13 -0500] "GET /sipse/faces/javax.faces.resource/images/ui-icons_898989_256x240.png?ln=primefaces-aristo HTTP/1.1" 304 -
181.61.39.98 - - [08/Mar/2024:04:52:17 -0500] "POST /sipse/faces/autenticacion.xhtml HTTP/1.1" 200 16898
181.61.39.98 - - [08/Mar/2024:04:52:17 -0500] "GET /sipse/faces/javax.faces.resource/theme.css?ln=primefaces-sipse HTTP/1.1" 304 -
181.61.39.98 - - [08/Mar/2024:04:52:17 -0500] "GET /sipse/css/custom_css_sg_prime.css HTTP/1.1" 304 -
181.61.39.98 - - [08/Mar/2024:04:52:17 -0500] "GET /sipse/faces/javax.faces.resource/layout/layout.css?ln=primefaces&v=4.0 HTTP/1.1" 304 -
181.61.39.98 - - [08/Mar/2024:04:52:17 -0500] "GET /sipse/faces/javax.faces.resource/primefaces.css?ln=primefaces&v=4.0 HTTP/1.1" 304 -
181.61.39.98 - - [08/Mar/2024:04:52:17 -0500] "GET /sipse/js/jquery.min.js HTTP/1.1" 304 -
181.61.39.98 - - [08/Mar/2024:04:52:17 -0500] "GET /sipse/faces/javax.faces.resource/jquery/jquery.js?ln=primefaces&v=4.0 HTTP/1.1" 304 -
181.61.39.98 - - [08/Mar/2024:04:52:17 -0500] "GET /sipse/faces/javax.faces.resource/jquery/jquery-plugins.js?ln=primefaces&v=4.0 HTTP/1.1" 304 -
181.61.39.98 - - [08/Mar/2024:04:52:17 -0500] "GET /sipse/faces/javax.faces.resource/primefaces.js?ln=primefaces&v=4.0 HTTP/1.1" 304 -
181.61.39.98 - - [08/Mar/2024:04:52:17 -0500] "GET /sipse/faces/javax.faces.resource/layout/layout.js?ln=primefaces&v=4.0 HTTP/1.1" 304 -
181.61.39.98 - - [08/Mar/2024:04:52:17 -0500] "GET /sipse/css/v_mergente.css HTTP/1.1" 304 -
181.61.39.98 - - [08/Mar/2024:04:52:17 -0500] "GET /sipse/imagenes/logoAplicacion.jpg HTTP/1.1" 304 -
181.61.39.98 - - [08/Mar/2024:04:52:17 -0500] "GET /sipse/imagenes/cargando.gif HTTP/1.1" 304 -
181.61.39.98 - - [08/Mar/2024:04:52:17 -0500] "GET /sipse/css/imagen/contrasena.png HTTP/1.1" 404 383
181.61.39.98 - - [08/Mar/2024:04:52:17 -0500] "GET /sipse/faces/javax.faces.resource/messages/messages.png?ln=primefaces&v=4.0 HTTP/1.1" 304 -
181.61.39.98 - - [08/Mar/2024:04:52:22 -0500] "GET /sipse/faces/javax.faces.resource/images/ui-bg_flat_0_2d5972_40x100.png?ln=primefaces-aristo HTTP/1.1" 304 -
181.61.39.98 - - [08/Mar/2024:04:52:21 -0500] "POST /sipse/faces/bienvenido.xhtml HTTP/1.1" 200 9851
181.61.39.98 - - [08/Mar/2024:04:52:23 -0500] "POST /sipse/faces/bienvenido.xhtml HTTP/1.1" 200 1473
181.61.39.98 - - [08/Mar/2024:04:52:24 -0500] "POST /sipse/faces/bienvenido.xhtml HTTP/1.1" 200 38483
181.61.39.98 - - [08/Mar/2024:04:52:24 -0500] "GET /sipse/faces/javax.faces.resource/theme.css?ln=primefaces-sipse HTTP/1.1" 304 -
181.61.39.98 - - [08/Mar/2024:04:52:24 -0500] "GET /sipse/faces/javax.faces.resource/primefaces.css?ln=primefaces&v=4.0 HTTP/1.1" 304 -
181.61.39.98 - - [08/Mar/2024:04:52:24 -0500] "GET /sipse/faces/javax.faces.resource/layout/layout.css?ln=primefaces&v=4.0 HTTP/1.1" 304 -
181.61.39.98 - - [08/Mar/2024:04:52:24 -0500] "GET /sipse/faces/javax.faces.resource/jquery/jquery.js?ln=primefaces&v=4.0 HTTP/1.1" 304 -
181.61.39.98 - - [08/Mar/2024:04:52:24 -0500] "GET /sipse/faces/javax.faces.resource/jquery/jquery-plugins.js?ln=primefaces&v=4.0 HTTP/1.1" 304 -
181.61.39.98 - - [08/Mar/2024:04:52:25 -0500] "GET /sipse/faces/javax.faces.resource/primefaces.js?ln=primefaces&v=4.0 HTTP/1.1" 304 -
181.61.39.98 - - [08/Mar/2024:04:52:25 -0500] "GET /sipse/faces/javax.faces.resource/layout/layout.js?ln=primefaces&v=4.0 HTTP/1.1" 304 -
201.245.192.253 - - [08/Mar/2024:04:52:31 -0500] "POST /kwsrmcab/Wsrmcab  HTTP/1.1" 200 39632
181.61.39.98 - - [08/Mar/2024:04:52:56 -0500] "POST /sipse/faces/presentacion/financiero/solicitudProceso/consultar.xhtml HTTP/1.1" 200 31221
181.61.39.98 - - [08/Mar/2024:04:52:57 -0500] "POST /sipse/faces/presentacion/financiero/solicitudProceso/consultar.xhtml HTTP/1.1" 200 31217
181.61.39.98 - - [08/Mar/2024:04:52:58 -0500] "POST /sipse/faces/presentacion/financiero/solicitudProceso/consultar.xhtml HTTP/1.1" 200 3168
181.61.39.98 - - [08/Mar/2024:04:53:04 -0500] "POST /sipse/faces/presentacion/financiero/solicitudProceso/consultar.xhtml HTTP/1.1" 200 26528
181.61.39.98 - - [08/Mar/2024:04:53:04 -0500] "GET /sipse/faces/javax.faces.resource/theme.css?ln=primefaces-sipse HTTP/1.1" 304 -
181.61.39.98 - - [08/Mar/2024:04:53:04 -0500] "GET /sipse/faces/javax.faces.resource/primefaces.css?ln=primefaces&v=4.0 HTTP/1.1" 304 -
181.61.39.98 - - [08/Mar/2024:04:53:04 -0500] "GET /sipse/faces/javax.faces.resource/layout/layout.css?ln=primefaces&v=4.0 HTTP/1.1" 304 -
181.61.39.98 - - [08/Mar/2024:04:53:04 -0500] "GET /sipse/faces/javax.faces.resource/jquery/jquery.js?ln=primefaces&v=4.0 HTTP/1.1" 304 -
181.61.39.98 - - [08/Mar/2024:04:53:04 -0500] "GET /sipse/faces/javax.faces.resource/jquery/jquery-plugins.js?ln=primefaces&v=4.0 HTTP/1.1" 304 -
181.61.39.98 - - [08/Mar/2024:04:53:04 -0500] "GET /sipse/faces/javax.faces.resource/primefaces.js?ln=primefaces&v=4.0 HTTP/1.1" 304 -
181.61.39.98 - - [08/Mar/2024:04:53:04 -0500] "GET /sipse/faces/javax.faces.resource/layout/layout.js?ln=primefaces&v=4.0 HTTP/1.1" 304 -
181.61.39.98 - - [08/Mar/2024:04:53:04 -0500] "POST /sipse/faces/presentacion/contratacion/contratista/listarContratista.xhtml HTTP/1.1" 200 19813
181.61.39.98 - - [08/Mar/2024:04:53:14 -0500] "POST /sipse/faces/presentacion/contratacion/contratista/listarContratista.xhtml HTTP/1.1" 200 7806
201.245.192.253 - - [08/Mar/2024:04:53:27 -0500] "POST /forms/lservlet;jsessionid=ac16012b30d65740d95aaed04376ba5bc6200a0659e1.e3iSbxaKaheRe3iNc3uNbNmQay1ynknvrkLOlQzNp65In0 HTTP/1.1" 200 2
201.245.192.253 - - [08/Mar/2024:04:53:40 -0500] "POST /forms/lservlet;jsessionid=ac16012b30d684947034d65b4c4e923ce056fbb2be58.e3iSbxaKaheRe3iNc3uNbNmQay1ynknvrkLOlQzNp65In0 HTTP/1.1" 200 2
181.61.39.98 - - [08/Mar/2024:04:53:41 -0500] "POST /sipse/faces/presentacion/contratacion/contratista/listarContratista.xhtml HTTP/1.1" 200 7040
66.249.66.19 - - [08/Mar/2024:04:53:48 -0500] "GET /BLA/resoluciones/RESOLUCIONES%202008/5181.pdf HTTP/1.1" 200 86285
181.61.39.98 - - [08/Mar/2024:04:54:09 -0500] "GET /sipse/faces/javax.faces.resource/theme.css?ln=primefaces-sipse HTTP/1.1" 304 -
181.61.39.98 - - [08/Mar/2024:04:54:09 -0500] "GET /sipse/faces/faces/autenticacion.xhtml HTTP/1.1" 200 12402
181.61.39.98 - - [08/Mar/2024:04:54:09 -0500] "GET /sipse/faces/javax.faces.resource/theme.css?ln=primefaces-sipse HTTP/1.1" 304 -
181.61.39.98 - - [08/Mar/2024:04:54:09 -0500] "GET /sipse/faces/javax.faces.resource/primefaces.css?ln=primefaces&v=4.0 HTTP/1.1" 304 -
181.61.39.98 - - [08/Mar/2024:04:54:09 -0500] "GET /sipse/faces/javax.faces.resource/layout/layout.css?ln=primefaces&v=4.0 HTTP/1.1" 304 -
181.61.39.98 - - [08/Mar/2024:04:54:09 -0500] "GET /sipse/faces/javax.faces.resource/jquery/jquery.js?ln=primefaces&v=4.0 HTTP/1.1" 304 -
181.61.39.98 - - [08/Mar/2024:04:54:09 -0500] "GET /sipse/faces/javax.faces.resource/jquery/jquery-plugins.js?ln=primefaces&v=4.0 HTTP/1.1" 304 -
181.61.39.98 - - [08/Mar/2024:04:54:09 -0500] "GET /sipse/faces/javax.faces.resource/primefaces.js?ln=primefaces&v=4.0 HTTP/1.1" 304 -
181.61.39.98 - - [08/Mar/2024:04:54:10 -0500] "GET /sipse/faces/javax.faces.resource/layout/layout.js?ln=primefaces&v=4.0 HTTP/1.1" 304 -
181.61.39.98 - - [08/Mar/2024:04:54:10 -0500] "GET /sipse/faces/javax.faces.resource/images/ui-icons_898989_256x240.png?ln=primefaces-aristo HTTP/1.1" 304 -
181.61.39.98 - - [08/Mar/2024:04:54:14 -0500] "POST /sipse/faces/autenticacion.xhtml HTTP/1.1" 200 16898
181.61.39.98 - - [08/Mar/2024:04:54:14 -0500] "GET /sipse/faces/javax.faces.resource/theme.css?ln=primefaces-sipse HTTP/1.1" 304 -
181.61.39.98 - - [08/Mar/2024:04:54:14 -0500] "GET /sipse/faces/javax.faces.resource/primefaces.css?ln=primefaces&v=4.0 HTTP/1.1" 304 -
181.61.39.98 - - [08/Mar/2024:04:54:14 -0500] "GET /sipse/faces/javax.faces.resource/layout/layout.css?ln=primefaces&v=4.0 HTTP/1.1" 304 -
181.61.39.98 - - [08/Mar/2024:04:54:14 -0500] "GET /sipse/faces/javax.faces.resource/jquery/jquery.js?ln=primefaces&v=4.0 HTTP/1.1" 304 -
181.61.39.98 - - [08/Mar/2024:04:54:14 -0500] "GET /sipse/faces/javax.faces.resource/jquery/jquery-plugins.js?ln=primefaces&v=4.0 HTTP/1.1" 304 -
181.61.39.98 - - [08/Mar/2024:04:54:14 -0500] "GET /sipse/faces/javax.faces.resource/primefaces.js?ln=primefaces&v=4.0 HTTP/1.1" 304 -
181.61.39.98 - - [08/Mar/2024:04:54:14 -0500] "GET /sipse/faces/javax.faces.resource/layout/layout.js?ln=primefaces&v=4.0 HTTP/1.1" 304 -
181.61.39.98 - - [08/Mar/2024:04:54:14 -0500] "GET /sipse/css/imagen/contrasena.png HTTP/1.1" 404 383
181.61.39.98 - - [08/Mar/2024:04:54:14 -0500] "GET /sipse/faces/javax.faces.resource/messages/messages.png?ln=primefaces&v=4.0 HTTP/1.1" 304 -
181.61.39.98 - - [08/Mar/2024:04:54:19 -0500] "GET /sipse/faces/javax.faces.resource/images/ui-bg_flat_0_2d5972_40x100.png?ln=primefaces-aristo HTTP/1.1" 304 -
181.61.39.98 - - [08/Mar/2024:04:54:19 -0500] "POST /sipse/faces/bienvenido.xhtml HTTP/1.1" 200 2048
181.61.39.98 - - [08/Mar/2024:04:54:24 -0500] "POST /sipse/faces/bienvenido.xhtml HTTP/1.1" 200 32644
181.61.39.98 - - [08/Mar/2024:04:54:24 -0500] "GET /sipse/faces/javax.faces.resource/theme.css?ln=primefaces-sipse HTTP/1.1" 304 -
181.61.39.98 - - [08/Mar/2024:04:54:24 -0500] "GET /sipse/faces/javax.faces.resource/primefaces.css?ln=primefaces&v=4.0 HTTP/1.1" 304 -
181.61.39.98 - - [08/Mar/2024:04:54:24 -0500] "GET /sipse/faces/javax.faces.resource/layout/layout.css?ln=primefaces&v=4.0 HTTP/1.1" 304 -
181.61.39.98 - - [08/Mar/2024:04:54:24 -0500] "GET /sipse/faces/javax.faces.resource/jquery/jquery.js?ln=primefaces&v=4.0 HTTP/1.1" 304 -
181.61.39.98 - - [08/Mar/2024:04:54:24 -0500] "GET /sipse/faces/javax.faces.resource/jquery/jquery-plugins.js?ln=primefaces&v=4.0 HTTP/1.1" 304 -
181.61.39.98 - - [08/Mar/2024:04:54:24 -0500] "GET /sipse/faces/javax.faces.resource/primefaces.js?ln=primefaces&v=4.0 HTTP/1.1" 304 -
181.61.39.98 - - [08/Mar/2024:04:54:24 -0500] "GET /sipse/faces/javax.faces.resource/layout/layout.js?ln=primefaces&v=4.0 HTTP/1.1" 304 -
66.249.66.20 - - [08/Mar/2024:04:54:25 -0500] "GET /resoluciones/RESOLUCIONES%202009/7465.pdf HTTP/1.1" 404 1018
172.22.2.4 - - [08/Mar/2024:04:52:58 -0500] "HEAD /BLA/boletinlegal/ HTTP/1.1" 200 -
181.61.39.98 - - [08/Mar/2024:04:55:00 -0500] "POST /sipse/faces/presentacion/contratacion/contrato/listarContrato.xhtml HTTP/1.1" 200 7830
216.245.221.92 - - [08/Mar/2024:04:55:01 -0500] "HEAD / HTTP/1.1" 200 -
201.245.192.253 - - [08/Mar/2024:04:55:27 -0500] "POST /forms/lservlet;jsessionid=ac16012b30d65740d95aaed04376ba5bc6200a0659e1.e3iSbxaKaheRe3iNc3uNbNmQay1ynknvrkLOlQzNp65In0 HTTP/1.1" 200 2
172.22.2.4 - - [08/Mar/2024:04:53:49 -0500] "GET /BLA/boletinlegal/ HTTP/1.1" 200 58720
201.245.192.253 - - [08/Mar/2024:04:55:40 -0500] "POST /forms/lservlet;jsessionid=ac16012b30d684947034d65b4c4e923ce056fbb2be58.e3iSbxaKaheRe3iNc3uNbNmQay1ynknvrkLOlQzNp65In0 HTTP/1.1" 200 2
181.61.39.98 - - [08/Mar/2024:04:55:56 -0500] "POST /sipse/faces/presentacion/contratacion/contrato/listarContrato.xhtml HTTP/1.1" 200 7838
181.61.39.98 - - [08/Mar/2024:04:56:20 -0500] "POST /sipse/faces/presentacion/contratacion/contrato/listarContrato.xhtml HTTP/1.1" 200 3369
181.61.39.98 - - [08/Mar/2024:04:56:30 -0500] "POST /sipse/faces/presentacion/contratacion/contrato/listarContrato.xhtml HTTP/1.1" 200 7838
201.245.192.253 - - [08/Mar/2024:04:57:27 -0500] "POST /forms/lservlet;jsessionid=ac16012b30d65740d95aaed04376ba5bc6200a0659e1.e3iSbxaKaheRe3iNc3uNbNmQay1ynknvrkLOlQzNp65In0 HTTP/1.1" 200 2
201.245.192.253 - - [08/Mar/2024:04:57:29 -0500] "POST /kwsrmcab/Wsrmcab  HTTP/1.1" 200 39632
201.245.192.253 - - [08/Mar/2024:04:57:40 -0500] "POST /forms/lservlet;jsessionid=ac16012b30d684947034d65b4c4e923ce056fbb2be58.e3iSbxaKaheRe3iNc3uNbNmQay1ynknvrkLOlQzNp65In0 HTTP/1.1" 200 2
199.16.157.180 - - [08/Mar/2024:04:57:53 -0500] "GET /robots.txt HTTP/1.1" 404 1034
199.16.157.180 - - [08/Mar/2024:04:57:53 -0500] "GET /images/presentaci%C3%B3n%20convenci%C3%B3n.jpg HTTP/1.1" 404 1034
66.249.66.20 - - [08/Mar/2024:04:58:59 -0500] "GET /portel_dama/libreria/php/2006/restauracion/55_artic/xtras/13.pdf HTTP/1.1" 404 1018
201.245.192.253 - - [08/Mar/2024:04:59:27 -0500] "POST /forms/lservlet;jsessionid=ac16012b30d65740d95aaed04376ba5bc6200a0659e1.e3iSbxaKaheRe3iNc3uNbNmQay1ynknvrkLOlQzNp65In0 HTTP/1.1" 200 2
201.245.192.253 - - [08/Mar/2024:04:59:40 -0500] "POST /forms/lservlet;jsessionid=ac16012b30d684947034d65b4c4e923ce056fbb2be58.e3iSbxaKaheRe3iNc3uNbNmQay1ynknvrkLOlQzNp65In0 HTTP/1.1" 200 2
216.245.221.92 - - [08/Mar/2024:05:00:01 -0500] "HEAD / HTTP/1.1" 200 -
172.22.2.4 - - [08/Mar/2024:04:58:49 -0500] "HEAD /BLA/boletinlegal/ HTTP/1.1" 200 -
172.22.2.4 - - [08/Mar/2024:04:59:39 -0500] "GET /BLA/boletinlegal/ HTTP/1.1" 200 54300
201.245.192.253 - - [08/Mar/2024:05:01:27 -0500] "POST /forms/lservlet;jsessionid=ac16012b30d65740d95aaed04376ba5bc6200a0659e1.e3iSbxaKaheRe3iNc3uNbNmQay1ynknvrkLOlQzNp65In0 HTTP/1.1" 200 2
201.245.192.253 - - [08/Mar/2024:05:01:40 -0500] "POST /forms/lservlet;jsessionid=ac16012b30d684947034d65b4c4e923ce056fbb2be58.e3iSbxaKaheRe3iNc3uNbNmQay1ynknvrkLOlQzNp65In0 HTTP/1.1" 200 2
201.245.192.253 - - [08/Mar/2024:05:02:27 -0500] "POST /kwsrmcab/Wsrmcab  HTTP/1.1" 200 39632
201.245.192.253 - - [08/Mar/2024:05:03:27 -0500] "POST /forms/lservlet;jsessionid=ac16012b30d65740d95aaed04376ba5bc6200a0659e1.e3iSbxaKaheRe3iNc3uNbNmQay1ynknvrkLOlQzNp65In0 HTTP/1.1" 200 2
201.245.192.253 - - [08/Mar/2024:05:03:40 -0500] "POST /forms/lservlet;jsessionid=ac16012b30d684947034d65b4c4e923ce056fbb2be58.e3iSbxaKaheRe3iNc3uNbNmQay1ynknvrkLOlQzNp65In0 HTTP/1.1" 200 2
216.245.221.92 - - [08/Mar/2024:05:05:01 -0500] "HEAD / HTTP/1.1" 200 -
201.245.192.253 - - [08/Mar/2024:05:05:27 -0500] "POST /forms/lservlet;jsessionid=ac16012b30d65740d95aaed04376ba5bc6200a0659e1.e3iSbxaKaheRe3iNc3uNbNmQay1ynknvrkLOlQzNp65In0 HTTP/1.1" 200 2
201.245.192.253 - - [08/Mar/2024:05:05:40 -0500] "POST /forms/lservlet;jsessionid=ac16012b30d684947034d65b4c4e923ce056fbb2be58.e3iSbxaKaheRe3iNc3uNbNmQay1ynknvrkLOlQzNp65In0 HTTP/1.1" 200 2
172.22.2.4 - - [08/Mar/2024:05:04:38 -0500] "HEAD /BLA/boletinlegal/ HTTP/1.1" 200 -
172.22.2.4 - - [08/Mar/2024:05:05:29 -0500] "GET /BLA/boletinlegal/ HTTP/1.1" 200 56779
66.249.66.21 - - [08/Mar/2024:05:07:17 -0500] "GET /BLA/resoluciones/AUTOS%202011/4529.pdf HTTP/1.1" 200 190734
207.46.13.64 - - [08/Mar/2024:05:07:22 -0500] "GET /BLA/resoluciones/AUTOS%202023/5694.pdf HTTP/1.1" 200 422091
201.245.192.253 - - [08/Mar/2024:05:07:25 -0500] "POST /kwsrmcab/Wsrmcab  HTTP/1.1" 200 39632
201.245.192.253 - - [08/Mar/2024:05:07:27 -0500] "POST /forms/lservlet;jsessionid=ac16012b30d65740d95aaed04376ba5bc6200a0659e1.e3iSbxaKaheRe3iNc3uNbNmQay1ynknvrkLOlQzNp65In0 HTTP/1.1" 200 2
201.245.192.253 - - [08/Mar/2024:05:07:40 -0500] "POST /forms/lservlet;jsessionid=ac16012b30d684947034d65b4c4e923ce056fbb2be58.e3iSbxaKaheRe3iNc3uNbNmQay1ynknvrkLOlQzNp65In0 HTTP/1.1" 200 2
201.245.192.253 - - [08/Mar/2024:05:09:27 -0500] "POST /forms/lservlet;jsessionid=ac16012b30d65740d95aaed04376ba5bc6200a0659e1.e3iSbxaKaheRe3iNc3uNbNmQay1ynknvrkLOlQzNp65In0 HTTP/1.1" 200 2
201.245.192.253 - - [08/Mar/2024:05:09:40 -0500] "POST /forms/lservlet;jsessionid=ac16012b30d684947034d65b4c4e923ce056fbb2be58.e3iSbxaKaheRe3iNc3uNbNmQay1ynknvrkLOlQzNp65In0 HTTP/1.1" 200 2
216.245.221.92 - - [08/Mar/2024:05:10:01 -0500] "HEAD / HTTP/1.1" 200 -
201.245.192.253 - - [08/Mar/2024:05:11:27 -0500] "POST /forms/lservlet;jsessionid=ac16012b30d65740d95aaed04376ba5bc6200a0659e1.e3iSbxaKaheRe3iNc3uNbNmQay1ynknvrkLOlQzNp65In0 HTTP/1.1" 200 2
201.245.192.253 - - [08/Mar/2024:05:11:40 -0500] "POST /forms/lservlet;jsessionid=ac16012b30d684947034d65b4c4e923ce056fbb2be58.e3iSbxaKaheRe3iNc3uNbNmQay1ynknvrkLOlQzNp65In0 HTTP/1.1" 200 2
172.22.2.4 - - [08/Mar/2024:05:10:28 -0500] "HEAD /BLA/boletinlegal/ HTTP/1.1" 200 -
172.22.2.4 - - [08/Mar/2024:05:11:19 -0500] "GET /BLA/boletinlegal/ HTTP/1.1" 200 58720
201.245.192.253 - - [08/Mar/2024:05:13:27 -0500] "POST /forms/lservlet;jsessionid=ac16012b30d65740d95aaed04376ba5bc6200a0659e1.e3iSbxaKaheRe3iNc3uNbNmQay1ynknvrkLOlQzNp65In0 HTTP/1.1" 200 2
201.245.192.253 - - [08/Mar/2024:05:13:32 -0500] "POST /kwsrmcab/Wsrmcab  HTTP/1.1" 200 39632
201.245.192.253 - - [08/Mar/2024:05:13:40 -0500] "POST /forms/lservlet;jsessionid=ac16012b30d684947034d65b4c4e923ce056fbb2be58.e3iSbxaKaheRe3iNc3uNbNmQay1ynknvrkLOlQzNp65In0 HTTP/1.1" 200 2
201.245.192.253 - - [08/Mar/2024:05:12:23 -0500] "POST /kwsrmcab/Wsrmcab  HTTP/1.1" 200 28373
35.177.31.227 - - [08/Mar/2024:05:14:08 -0500] "" 400 226
201.245.192.253 - - [08/Mar/2024:05:14:35 -0500] "POST /kwsrmcab/Wsrmcab  HTTP/1.1" 200 39632
40.77.167.3 - - [08/Mar/2024:05:14:48 -0500] "GET /BLA/resoluciones/AUTOS%202021/6010.pdf HTTP/1.1" 304 -
216.245.221.92 - - [08/Mar/2024:05:15:01 -0500] "HEAD / HTTP/1.1" 200 -
172.22.2.4 - - [08/Mar/2024:05:15:03 -0500] "GET /BLA/boletinlegal/Directivas/2017/Directiva%20No.%2006%20del%2016%20de%20Agosto%20de%202017.pdf HTTP/1.1" 200 310598
201.245.192.253 - - [08/Mar/2024:05:15:27 -0500] "POST /forms/lservlet;jsessionid=ac16012b30d65740d95aaed04376ba5bc6200a0659e1.e3iSbxaKaheRe3iNc3uNbNmQay1ynknvrkLOlQzNp65In0 HTTP/1.1" 200 2
201.245.192.253 - - [08/Mar/2024:05:15:40 -0500] "POST /forms/lservlet;jsessionid=ac16012b30d684947034d65b4c4e923ce056fbb2be58.e3iSbxaKaheRe3iNc3uNbNmQay1ynknvrkLOlQzNp65In0 HTTP/1.1" 200 2
66.249.93.230 - - [08/Mar/2024:05:16:04 -0500] "GET /portaldeninos/wp-content/uploads/2020/01/Fauna-gif.gif HTTP/1.1" 200 3779027
199.16.157.183 - - [08/Mar/2024:05:16:46 -0500] "GET /images/pot-humedales-2-octubre.jpg HTTP/1.1" 200 53089
199.16.157.181 - - [08/Mar/2024:05:16:47 -0500] "GET /en-este-pot-se-le-da-la-relevancia-que-merece-a-la-emergencia-climatica-y-la-proteccion-de-la-estructura-ecologica-principal-carolina-urrutia.html HTTP/1.1" 200 1047
201.245.192.253 - - [08/Mar/2024:05:17:27 -0500] "POST /forms/lservlet;jsessionid=ac16012b30d65740d95aaed04376ba5bc6200a0659e1.e3iSbxaKaheRe3iNc3uNbNmQay1ynknvrkLOlQzNp65In0 HTTP/1.1" 200 2
201.245.192.253 - - [08/Mar/2024:05:17:40 -0500] "POST /forms/lservlet;jsessionid=ac16012b30d684947034d65b4c4e923ce056fbb2be58.e3iSbxaKaheRe3iNc3uNbNmQay1ynknvrkLOlQzNp65In0 HTTP/1.1" 200 2
172.22.2.4 - - [08/Mar/2024:05:16:18 -0500] "HEAD /BLA/boletinlegal/ HTTP/1.1" 200 -
172.22.2.4 - - [08/Mar/2024:05:17:09 -0500] "GET /BLA/boletinlegal/ HTTP/1.1" 200 53419
201.245.192.253 - - [08/Mar/2024:05:19:01 -0500] "POST /kwsrmcab/Wsrmcab HTTP/1.1" 200 39887
201.245.192.253 - - [08/Mar/2024:05:19:05 -0500] "POST /kwsrmcab/Wsrmcab HTTP/1.1" 200 37167
201.245.192.253 - - [08/Mar/2024:05:19:27 -0500] "POST /forms/lservlet;jsessionid=ac16012b30d65740d95aaed04376ba5bc6200a0659e1.e3iSbxaKaheRe3iNc3uNbNmQay1ynknvrkLOlQzNp65In0 HTTP/1.1" 200 2
172.22.2.4 - - [08/Mar/2024:05:17:47 -0500] "GET /BLA/boletinlegal/ HTTP/1.1" 200 57136
66.249.66.21 - - [08/Mar/2024:05:19:28 -0500] "GET /BLA/resoluciones/RESOLUCIONES%202009/4519.pdf HTTP/1.1" 200 372338
52.167.144.137 - - [08/Mar/2024:05:19:30 -0500] "GET /BLA/resoluciones/AUTOS%202023/04964.pdf HTTP/1.1" 200 350627
201.245.192.253 - - [08/Mar/2024:05:19:34 -0500] "POST /kwsrmcab/Wsrmcab  HTTP/1.1" 200 39632
201.245.192.253 - - [08/Mar/2024:05:19:22 -0500] "POST /kwsrmcab/Wsrmcab HTTP/1.1" 200 39546
201.245.192.253 - - [08/Mar/2024:05:19:40 -0500] "POST /forms/lservlet;jsessionid=ac16012b30d684947034d65b4c4e923ce056fbb2be58.e3iSbxaKaheRe3iNc3uNbNmQay1ynknvrkLOlQzNp65In0 HTTP/1.1" 200 2
216.245.221.92 - - [08/Mar/2024:05:20:01 -0500] "HEAD / HTTP/1.1" 200 -
201.245.192.253 - - [08/Mar/2024:05:21:27 -0500] "POST /forms/lservlet;jsessionid=ac16012b30d65740d95aaed04376ba5bc6200a0659e1.e3iSbxaKaheRe3iNc3uNbNmQay1ynknvrkLOlQzNp65In0 HTTP/1.1" 200 2
201.245.192.253 - - [08/Mar/2024:05:21:40 -0500] "POST /forms/lservlet;jsessionid=ac16012b30d684947034d65b4c4e923ce056fbb2be58.e3iSbxaKaheRe3iNc3uNbNmQay1ynknvrkLOlQzNp65In0 HTTP/1.1" 200 2
201.245.192.253 - - [08/Mar/2024:05:20:29 -0500] "POST /kwsrmcab/Wsrmcab HTTP/1.1" 200 37167
201.245.192.253 - - [08/Mar/2024:05:23:27 -0500] "POST /forms/lservlet;jsessionid=ac16012b30d65740d95aaed04376ba5bc6200a0659e1.e3iSbxaKaheRe3iNc3uNbNmQay1ynknvrkLOlQzNp65In0 HTTP/1.1" 200 2
66.249.66.20 - - [08/Mar/2024:05:23:35 -0500] "GET /sipse/faces/index.xhtml HTTP/1.1" 200 677
201.245.192.253 - - [08/Mar/2024:05:23:40 -0500] "POST /forms/lservlet;jsessionid=ac16012b30d684947034d65b4c4e923ce056fbb2be58.e3iSbxaKaheRe3iNc3uNbNmQay1ynknvrkLOlQzNp65In0 HTTP/1.1" 200 2
207.46.13.168 - - [08/Mar/2024:05:23:46 -0500] "GET /BLA/resoluciones/AUTOS%202020/1424.pdf HTTP/1.1" 200 354851
172.22.2.4 - - [08/Mar/2024:05:22:08 -0500] "HEAD /BLA/boletinlegal/ HTTP/1.1" 200 -
172.22.2.4 - - [08/Mar/2024:05:22:59 -0500] "GET /BLA/boletinlegal/ HTTP/1.1" 200 59967
172.22.2.4 - - [08/Mar/2024:05:24:48 -0500] "GET /BLA/boletinlegal/normativa.php HTTP/1.1" 200 8397
17.241.227.101 - - [08/Mar/2024:05:24:52 -0500] "GET /alcalde-mayor-recorrio-zona-del-parque-entrenubes-afectada-por-incendio-forestal.html HTTP/1.1" 200 922
216.245.221.92 - - [08/Mar/2024:05:25:01 -0500] "HEAD / HTTP/1.1" 200 -
172.22.2.4 - - [08/Mar/2024:05:25:06 -0500] "GET /BLA/boletinlegal/actos.php HTTP/1.1" 200 9738
201.245.192.253 - - [08/Mar/2024:05:25:27 -0500] "POST /forms/lservlet;jsessionid=ac16012b30d65740d95aaed04376ba5bc6200a0659e1.e3iSbxaKaheRe3iNc3uNbNmQay1ynknvrkLOlQzNp65In0 HTTP/1.1" 200 2
201.245.192.253 - - [08/Mar/2024:05:25:40 -0500] "POST /forms/lservlet;jsessionid=ac16012b30d684947034d65b4c4e923ce056fbb2be58.e3iSbxaKaheRe3iNc3uNbNmQay1ynknvrkLOlQzNp65In0 HTTP/1.1" 200 2
201.245.192.253 - - [08/Mar/2024:05:25:43 -0500] "POST /kwsrmcab/Wsrmcab  HTTP/1.1" 200 39632
201.245.192.253 - - [08/Mar/2024:05:24:34 -0500] "POST /kwsrmcab/Wsrmcab  HTTP/1.1" 200 14501
201.245.192.253 - - [08/Mar/2024:05:26:45 -0500] "POST /kwsrmcab/Wsrmcab  HTTP/1.1" 200 39632
201.245.192.253 - - [08/Mar/2024:05:27:27 -0500] "POST /forms/lservlet;jsessionid=ac16012b30d65740d95aaed04376ba5bc6200a0659e1.e3iSbxaKaheRe3iNc3uNbNmQay1ynknvrkLOlQzNp65In0 HTTP/1.1" 200 2
201.245.192.253 - - [08/Mar/2024:05:27:40 -0500] "POST /forms/lservlet;jsessionid=ac16012b30d684947034d65b4c4e923ce056fbb2be58.e3iSbxaKaheRe3iNc3uNbNmQay1ynknvrkLOlQzNp65In0 HTTP/1.1" 200 2
17.241.219.75 - - [08/Mar/2024:05:28:02 -0500] "GET /secretaria-de-ambiente-instalo-movil-en-la-quebrada-la-vieja-para-atender-a-la-fauna-silvestre.html HTTP/1.1" 200 1019
66.249.66.19 - - [08/Mar/2024:05:28:48 -0500] "GET /BLA/resoluciones/RESOLUCIONES%202011/3042.pdf HTTP/1.1" 200 708278
201.245.192.253 - - [08/Mar/2024:05:29:02 -0500] "POST /kwsrmcab/Wsrmcab HTTP/1.1" 200 39887
201.245.192.253 - - [08/Mar/2024:05:29:04 -0500] "POST /kwsrmcab/Wsrmcab HTTP/1.1" 200 37167
201.245.192.253 - - [08/Mar/2024:05:29:22 -0500] "POST /kwsrmcab/Wsrmcab HTTP/1.1" 200 39546
201.245.192.253 - - [08/Mar/2024:05:29:27 -0500] "POST /forms/lservlet;jsessionid=ac16012b30d65740d95aaed04376ba5bc6200a0659e1.e3iSbxaKaheRe3iNc3uNbNmQay1ynknvrkLOlQzNp65In0 HTTP/1.1" 200 2
172.22.2.4 - - [08/Mar/2024:05:27:58 -0500] "HEAD /BLA/boletinlegal/ HTTP/1.1" 200 -
201.245.192.253 - - [08/Mar/2024:05:29:40 -0500] "POST /forms/lservlet;jsessionid=ac16012b30d684947034d65b4c4e923ce056fbb2be58.e3iSbxaKaheRe3iNc3uNbNmQay1ynknvrkLOlQzNp65In0 HTTP/1.1" 200 2
