186.31.175.21 - - [08/Mar/2024:00:38:37 -0500] "GET /sipse/faces/javax.faces.resource/jquery/jquery-plugins.js?ln=primefaces&v=4.0 HTTP/1.1" 304 -
186.31.175.21 - - [08/Mar/2024:00:38:37 -0500] "GET /sipse/faces/javax.faces.resource/primefaces.js?ln=primefaces&v=4.0 HTTP/1.1" 304 -
186.31.175.21 - - [08/Mar/2024:00:38:37 -0500] "GET /sipse/faces/javax.faces.resource/layout/layout.js?ln=primefaces&v=4.0 HTTP/1.1" 304 -
186.31.175.21 - - [08/Mar/2024:00:38:37 -0500] "POST /sipse/faces/presentacion/financiero/solicitudProceso/listarSolicitudProceso.xhtml HTTP/1.1" 200 1556
52.167.144.16 - - [08/Mar/2024:00:38:37 -0500] "GET /BLA/resoluciones/RESOLUCIONES%202021/5121.pdf HTTP/1.1" 304 -
186.31.175.21 - - [08/Mar/2024:00:38:41 -0500] "POST /sipse/faces/presentacion/financiero/solicitudProceso/listarSolicitudProceso.xhtml HTTP/1.1" 200 17009
172.22.2.4 - - [08/Mar/2024:00:37:10 -0500] "GET /BLA/boletinlegal/ HTTP/1.1" 200 60730
186.31.175.21 - - [08/Mar/2024:00:38:54 -0500] "POST /sipse/faces/presentacion/financiero/solicitudProceso/listarSolicitudProceso.xhtml HTTP/1.1" 200 5012
186.31.175.21 - - [08/Mar/2024:00:38:58 -0500] "POST /sipse/faces/presentacion/financiero/solicitudProceso/listarSolicitudProceso.xhtml HTTP/1.1" 200 145370
186.31.175.21 - - [08/Mar/2024:00:38:59 -0500] "GET /sipse/faces/javax.faces.resource/theme.css?ln=primefaces-sipse HTTP/1.1" 304 -
186.31.175.21 - - [08/Mar/2024:00:38:59 -0500] "GET /sipse/faces/javax.faces.resource/primefaces.css?ln=primefaces&v=4.0 HTTP/1.1" 304 -
186.31.175.21 - - [08/Mar/2024:00:38:59 -0500] "GET /sipse/faces/javax.faces.resource/layout/layout.css?ln=primefaces&v=4.0 HTTP/1.1" 304 -
186.31.175.21 - - [08/Mar/2024:00:38:59 -0500] "GET /sipse/faces/javax.faces.resource/jquery/jquery.js?ln=primefaces&v=4.0 HTTP/1.1" 304 -
186.31.175.21 - - [08/Mar/2024:00:38:59 -0500] "GET /sipse/faces/javax.faces.resource/jquery/jquery-plugins.js?ln=primefaces&v=4.0 HTTP/1.1" 304 -
186.31.175.21 - - [08/Mar/2024:00:38:59 -0500] "GET /sipse/faces/javax.faces.resource/primefaces.js?ln=primefaces&v=4.0 HTTP/1.1" 304 -
186.31.175.21 - - [08/Mar/2024:00:38:59 -0500] "GET /sipse/faces/javax.faces.resource/layout/layout.js?ln=primefaces&v=4.0 HTTP/1.1" 304 -
186.31.175.21 - - [08/Mar/2024:00:39:04 -0500] "POST /sipse/faces/presentacion/financiero/solicitudProceso/consultarSolicitudProceso.xhtml HTTP/1.1" 200 19421
186.31.175.21 - - [08/Mar/2024:00:39:05 -0500] "GET /sipse/faces/javax.faces.resource/theme.css?ln=primefaces-sipse HTTP/1.1" 304 -
186.31.175.21 - - [08/Mar/2024:00:39:05 -0500] "GET /sipse/faces/javax.faces.resource/primefaces.css?ln=primefaces&v=4.0 HTTP/1.1" 304 -
186.31.175.21 - - [08/Mar/2024:00:39:05 -0500] "GET /sipse/faces/javax.faces.resource/layout/layout.css?ln=primefaces&v=4.0 HTTP/1.1" 304 -
186.31.175.21 - - [08/Mar/2024:00:39:05 -0500] "GET /sipse/faces/javax.faces.resource/fileupload/fileupload.css?ln=primefaces&v=4.0 HTTP/1.1" 304 -
186.31.175.21 - - [08/Mar/2024:00:39:05 -0500] "GET /sipse/faces/javax.faces.resource/jquery/jquery.js?ln=primefaces&v=4.0 HTTP/1.1" 304 -
186.31.175.21 - - [08/Mar/2024:00:39:05 -0500] "GET /sipse/faces/javax.faces.resource/jquery/jquery-plugins.js?ln=primefaces&v=4.0 HTTP/1.1" 304 -
186.31.175.21 - - [08/Mar/2024:00:39:05 -0500] "GET /sipse/faces/javax.faces.resource/layout/layout.js?ln=primefaces&v=4.0 HTTP/1.1" 304 -
186.31.175.21 - - [08/Mar/2024:00:39:05 -0500] "GET /sipse/faces/javax.faces.resource/primefaces.js?ln=primefaces&v=4.0 HTTP/1.1" 304 -
186.31.175.21 - - [08/Mar/2024:00:39:05 -0500] "GET /sipse/faces/javax.faces.resource/fileupload/fileupload.js?ln=primefaces&v=4.0 HTTP/1.1" 304 -
201.245.192.253 - - [08/Mar/2024:00:39:03 -0500] "POST /kwsrmcab/Wsrmcab HTTP/1.1" 200 39705
201.245.192.253 - - [08/Mar/2024:00:39:06 -0500] "POST /kwsrmcab/Wsrmcab HTTP/1.1" 200 37142
186.31.175.21 - - [08/Mar/2024:00:39:15 -0500] "GET /sipse/faces/javax.faces.resource/theme.css?ln=primefaces-sipse HTTP/1.1" 304 -
186.31.175.21 - - [08/Mar/2024:00:39:15 -0500] "GET /sipse/faces/javax.faces.resource/jquery/jquery.js?ln=primefaces&v=4.0 HTTP/1.1" 304 -
186.31.175.21 - - [08/Mar/2024:00:39:15 -0500] "GET /sipse/faces/javax.faces.resource/jquery/jquery-plugins.js?ln=primefaces&v=4.0 HTTP/1.1" 304 -
186.31.175.21 - - [08/Mar/2024:00:39:15 -0500] "GET /sipse/faces/javax.faces.resource/primefaces.css?ln=primefaces&v=4.0 HTTP/1.1" 304 -
186.31.175.21 - - [08/Mar/2024:00:39:15 -0500] "GET /sipse/faces/javax.faces.resource/layout/layout.css?ln=primefaces&v=4.0 HTTP/1.1" 304 -
186.31.175.21 - - [08/Mar/2024:00:39:15 -0500] "GET /sipse/faces/javax.faces.resource/primefaces.js?ln=primefaces&v=4.0 HTTP/1.1" 304 -
186.31.175.21 - - [08/Mar/2024:00:39:15 -0500] "GET /sipse/faces/javax.faces.resource/layout/layout.js?ln=primefaces&v=4.0 HTTP/1.1" 304 -
186.31.175.21 - - [08/Mar/2024:00:39:14 -0500] "POST /sipse/faces/presentacion/sistema/anexos/cargarAnexoSolicitudProceso.xhtml HTTP/1.1" 200 193482
186.31.175.21 - - [08/Mar/2024:00:39:21 -0500] "POST /sipse/faces/presentacion/financiero/solicitudProceso/consultarSolicitudProceso.xhtml HTTP/1.1" 200 6198
186.31.175.21 - - [08/Mar/2024:00:39:22 -0500] "POST /sipse/faces/presentacion/financiero/solicitudProceso/consultarSolicitudProceso.xhtml HTTP/1.1" 200 6198
201.245.192.253 - - [08/Mar/2024:00:39:23 -0500] "POST /kwsrmcab/Wsrmcab HTTP/1.1" 200 39689
201.245.192.253 - - [08/Mar/2024:00:39:26 -0500] "POST /forms/lservlet;jsessionid=ac16012b30d65740d95aaed04376ba5bc6200a0659e1.e3iSbxaKaheRe3iNc3uNbNmQay1ynknvrkLOlQzNp65In0 HTTP/1.1" 200 2
186.31.175.21 - - [08/Mar/2024:00:39:23 -0500] "POST /sipse/faces/presentacion/financiero/solicitudProceso/consultarSolicitudProceso.xhtml HTTP/1.1" 200 35192
186.31.175.21 - - [08/Mar/2024:00:39:26 -0500] "GET /sipse/faces/javax.faces.resource/layout/layout.css?ln=primefaces&v=4.0 HTTP/1.1" 304 -
186.31.175.21 - - [08/Mar/2024:00:39:26 -0500] "GET /sipse/faces/javax.faces.resource/theme.css?ln=primefaces-sipse HTTP/1.1" 304 -
186.31.175.21 - - [08/Mar/2024:00:39:26 -0500] "GET /sipse/faces/javax.faces.resource/primefaces.css?ln=primefaces&v=4.0 HTTP/1.1" 304 -
186.31.175.21 - - [08/Mar/2024:00:39:26 -0500] "GET /sipse/faces/javax.faces.resource/jquery/jquery.js?ln=primefaces&v=4.0 HTTP/1.1" 304 -
186.31.175.21 - - [08/Mar/2024:00:39:27 -0500] "GET /sipse/faces/javax.faces.resource/jquery/jquery-plugins.js?ln=primefaces&v=4.0 HTTP/1.1" 304 -
186.31.175.21 - - [08/Mar/2024:00:39:27 -0500] "GET /sipse/faces/javax.faces.resource/primefaces.js?ln=primefaces&v=4.0 HTTP/1.1" 304 -
186.31.175.21 - - [08/Mar/2024:00:39:27 -0500] "GET /sipse/faces/javax.faces.resource/layout/layout.js?ln=primefaces&v=4.0 HTTP/1.1" 304 -
186.31.175.21 - - [08/Mar/2024:00:39:27 -0500] "POST /sipse/faces/presentacion/financiero/solicitudProceso/listarSolicitudProceso.xhtml HTTP/1.1" 200 1392
186.31.175.21 - - [08/Mar/2024:00:39:35 -0500] "POST /sipse/faces/presentacion/financiero/solicitudProceso/listarSolicitudProceso.xhtml HTTP/1.1" 200 13849
201.245.192.253 - - [08/Mar/2024:00:39:39 -0500] "POST /forms/lservlet;jsessionid=ac16012b30d684947034d65b4c4e923ce056fbb2be58.e3iSbxaKaheRe3iNc3uNbNmQay1ynknvrkLOlQzNp65In0 HTTP/1.1" 200 2
66.249.66.39 - - [08/Mar/2024:00:39:45 -0500] "GET /participa-en-la-cuarta-convocatoria-de-sembradoras-por-la-reactivaccion.html HTTP/1.1" 304 -
216.245.221.92 - - [08/Mar/2024:00:40:02 -0500] "HEAD / HTTP/1.1" 200 -
66.249.66.21 - - [08/Mar/2024:00:40:03 -0500] "GET /BLA/resoluciones/RESOLUCIONES%202011/3772.pdf HTTP/1.1" 200 688124
201.245.192.253 - - [08/Mar/2024:00:40:16 -0500] "POST /kwsrmcab/Wsrmcab HTTP/1.1" 200 37142
40.77.167.2 - - [08/Mar/2024:00:40:50 -0500] "GET /bla/resoluciones/RESOLUCIONES%202021/0703.pdf HTTP/1.1" 200 522889
66.249.66.20 - - [08/Mar/2024:00:41:04 -0500] "GET /resoluciones/RESOLUCIONES%202008/1601.pdf HTTP/1.1" 404 1018
201.245.192.253 - - [08/Mar/2024:00:41:26 -0500] "POST /forms/lservlet;jsessionid=ac16012b30d65740d95aaed04376ba5bc6200a0659e1.e3iSbxaKaheRe3iNc3uNbNmQay1ynknvrkLOlQzNp65In0 HTTP/1.1" 200 2
66.249.66.19 - - [08/Mar/2024:00:41:26 -0500] "GET /BLA/resoluciones/RESOLUCIONES%202010/5234.pdf HTTP/1.1" 200 778733
201.245.192.253 - - [08/Mar/2024:00:41:39 -0500] "POST /forms/lservlet;jsessionid=ac16012b30d684947034d65b4c4e923ce056fbb2be58.e3iSbxaKaheRe3iNc3uNbNmQay1ynknvrkLOlQzNp65In0 HTTP/1.1" 200 2
201.245.192.253 - - [08/Mar/2024:00:41:59 -0500] "POST /kwsrmcab/Wsrmcab  HTTP/1.1" 200 39632
186.31.175.21 - - [08/Mar/2024:00:42:38 -0500] "POST /sipse/faces/presentacion/financiero/solicitudProceso/listarSolicitudProceso.xhtml HTTP/1.1" 200 4898
66.249.66.21 - - [08/Mar/2024:00:42:40 -0500] "GET /BLA/resoluciones/RESOLUCIONES%202010/4900.pdf HTTP/1.1" 200 753573
186.31.175.21 - - [08/Mar/2024:00:42:43 -0500] "POST /sipse/faces/presentacion/financiero/solicitudProceso/listarSolicitudProceso.xhtml HTTP/1.1" 200 148866
186.31.175.21 - - [08/Mar/2024:00:42:44 -0500] "GET /sipse/faces/javax.faces.resource/theme.css?ln=primefaces-sipse HTTP/1.1" 304 -
186.31.175.21 - - [08/Mar/2024:00:42:44 -0500] "GET /sipse/faces/javax.faces.resource/layout/layout.css?ln=primefaces&v=4.0 HTTP/1.1" 304 -
186.31.175.21 - - [08/Mar/2024:00:42:44 -0500] "GET /sipse/faces/javax.faces.resource/primefaces.css?ln=primefaces&v=4.0 HTTP/1.1" 304 -
186.31.175.21 - - [08/Mar/2024:00:42:44 -0500] "GET /sipse/faces/javax.faces.resource/jquery/jquery.js?ln=primefaces&v=4.0 HTTP/1.1" 304 -
186.31.175.21 - - [08/Mar/2024:00:42:44 -0500] "GET /sipse/faces/javax.faces.resource/jquery/jquery-plugins.js?ln=primefaces&v=4.0 HTTP/1.1" 304 -
186.31.175.21 - - [08/Mar/2024:00:42:44 -0500] "GET /sipse/faces/javax.faces.resource/primefaces.js?ln=primefaces&v=4.0 HTTP/1.1" 304 -
186.31.175.21 - - [08/Mar/2024:00:42:44 -0500] "GET /sipse/faces/javax.faces.resource/layout/layout.js?ln=primefaces&v=4.0 HTTP/1.1" 304 -
186.31.175.21 - - [08/Mar/2024:00:43:05 -0500] "POST /sipse/faces/presentacion/financiero/solicitudProceso/consultarSolicitudProceso.xhtml HTTP/1.1" 200 76448
201.245.192.253 - - [08/Mar/2024:00:43:26 -0500] "POST /forms/lservlet;jsessionid=ac16012b30d65740d95aaed04376ba5bc6200a0659e1.e3iSbxaKaheRe3iNc3uNbNmQay1ynknvrkLOlQzNp65In0 HTTP/1.1" 200 2
201.245.192.253 - - [08/Mar/2024:00:43:39 -0500] "POST /forms/lservlet;jsessionid=ac16012b30d684947034d65b4c4e923ce056fbb2be58.e3iSbxaKaheRe3iNc3uNbNmQay1ynknvrkLOlQzNp65In0 HTTP/1.1" 200 2
172.22.2.4 - - [08/Mar/2024:00:42:09 -0500] "HEAD /BLA/boletinlegal/ HTTP/1.1" 200 -
186.31.175.21 - - [08/Mar/2024:00:44:04 -0500] "POST /sipse/faces/presentacion/financiero/solicitudProceso/consultarSolicitudProceso.xhtml HTTP/1.1" 200 5562
201.245.192.253 - - [08/Mar/2024:00:44:22 -0500] "GET /sipse/faces/javax.faces.resource/images/ui-bg_flat_0_2d5972_40x100.png?ln=primefaces-aristo HTTP/1.1" 200 183
66.249.66.21 - - [08/Mar/2024:00:44:22 -0500] "GET /BLA/resoluciones/RESOLUCIONES%202008/2939.pdf HTTP/1.1" 200 228608
201.245.192.253 - - [08/Mar/2024:00:44:22 -0500] "POST /sipse/faces/presentacion/sistema/reporte/ventanaVerReporteParametros.xhtml HTTP/1.1" 200 41176
201.245.192.253 - - [08/Mar/2024:00:44:22 -0500] "GET /sipse/faces/javax.faces.resource/jquery/jquery.js?ln=primefaces&v=4.0 HTTP/1.1" 304 -
201.245.192.253 - - [08/Mar/2024:00:44:22 -0500] "GET /sipse/faces/javax.faces.resource/jquery/jquery-plugins.js?ln=primefaces&v=4.0 HTTP/1.1" 304 -
201.245.192.253 - - [08/Mar/2024:00:44:22 -0500] "GET /sipse/faces/javax.faces.resource/primefaces.js?ln=primefaces&v=4.0 HTTP/1.1" 304 -
201.245.192.253 - - [08/Mar/2024:00:44:22 -0500] "GET /sipse/faces/javax.faces.resource/layout/layout.js?ln=primefaces&v=4.0 HTTP/1.1" 304 -
201.245.192.253 - - [08/Mar/2024:00:44:23 -0500] "POST /sipse/faces/presentacion/financiero/solicitudProceso/listarSolicitudProceso.xhtml HTTP/1.1" 200 1392
201.245.192.253 - - [08/Mar/2024:00:44:25 -0500] "POST /sipse/faces/presentacion/financiero/solicitudProceso/listarSolicitudProceso.xhtml HTTP/1.1" 200 2093
201.245.192.253 - - [08/Mar/2024:00:44:26 -0500] "POST /sipse/faces/presentacion/financiero/solicitudProceso/listarSolicitudProceso.xhtml HTTP/1.1" 200 44876
201.245.192.253 - - [08/Mar/2024:00:44:26 -0500] "GET /sipse/faces/javax.faces.resource/jquery/jquery.js?ln=primefaces&v=4.0 HTTP/1.1" 304 -
201.245.192.253 - - [08/Mar/2024:00:44:26 -0500] "GET /sipse/faces/javax.faces.resource/jquery/jquery-plugins.js?ln=primefaces&v=4.0 HTTP/1.1" 304 -
201.245.192.253 - - [08/Mar/2024:00:44:26 -0500] "GET /sipse/faces/javax.faces.resource/primefaces.js?ln=primefaces&v=4.0 HTTP/1.1" 304 -
201.245.192.253 - - [08/Mar/2024:00:44:26 -0500] "GET /sipse/faces/javax.faces.resource/layout/layout.js?ln=primefaces&v=4.0 HTTP/1.1" 304 -
201.245.192.253 - - [08/Mar/2024:00:44:26 -0500] "POST /sipse/faces/presentacion/financiero/solicitudProceso/consultar.xhtml HTTP/1.1" 200 38174
201.245.192.253 - - [08/Mar/2024:00:44:29 -0500] "POST /sipse/faces/presentacion/financiero/solicitudProceso/consultar.xhtml HTTP/1.1" 200 12816
172.22.2.4 - - [08/Mar/2024:00:43:00 -0500] "GET /BLA/boletinlegal/ HTTP/1.1" 200 58720
216.245.221.92 - - [08/Mar/2024:00:45:02 -0500] "HEAD / HTTP/1.1" 200 -
201.245.192.253 - - [08/Mar/2024:00:45:26 -0500] "POST /forms/lservlet;jsessionid=ac16012b30d65740d95aaed04376ba5bc6200a0659e1.e3iSbxaKaheRe3iNc3uNbNmQay1ynknvrkLOlQzNp65In0 HTTP/1.1" 200 2
201.245.192.253 - - [08/Mar/2024:00:45:39 -0500] "POST /forms/lservlet;jsessionid=ac16012b30d684947034d65b4c4e923ce056fbb2be58.e3iSbxaKaheRe3iNc3uNbNmQay1ynknvrkLOlQzNp65In0 HTTP/1.1" 200 2
31.13.127.13 - - [08/Mar/2024:00:46:28 -0500] "GET /images/foto%202.jpg HTTP/1.1" 200 63300
201.245.192.253 - - [08/Mar/2024:00:46:57 -0500] "POST /kwsrmcab/Wsrmcab  HTTP/1.1" 200 39632
181.53.14.142 - - [08/Mar/2024:00:47:12 -0500] "POST /sipse/faces/autenticacion.xhtml HTTP/1.1" 200 16283
181.53.14.142 - - [08/Mar/2024:00:47:12 -0500] "GET /sipse/faces/javax.faces.resource/jquery/jquery.js?ln=primefaces&v=4.0 HTTP/1.1" 304 -
181.53.14.142 - - [08/Mar/2024:00:47:12 -0500] "GET /sipse/faces/javax.faces.resource/jquery/jquery-plugins.js?ln=primefaces&v=4.0 HTTP/1.1" 304 -
181.53.14.142 - - [08/Mar/2024:00:47:12 -0500] "GET /sipse/faces/javax.faces.resource/primefaces.js?ln=primefaces&v=4.0 HTTP/1.1" 304 -
181.53.14.142 - - [08/Mar/2024:00:47:12 -0500] "GET /sipse/faces/javax.faces.resource/layout/layout.js?ln=primefaces&v=4.0 HTTP/1.1" 304 -
181.53.14.142 - - [08/Mar/2024:00:47:12 -0500] "GET /sipse/css/imagen/contrasena.png HTTP/1.1" 404 383
181.53.14.142 - - [08/Mar/2024:00:47:12 -0500] "GET /sipse/faces/javax.faces.resource/messages/messages.png?ln=primefaces&v=4.0 HTTP/1.1" 304 -
181.53.14.142 - - [08/Mar/2024:00:47:15 -0500] "GET /sipse/faces/javax.faces.resource/images/ui-bg_flat_0_2d5972_40x100.png?ln=primefaces-aristo HTTP/1.1" 304 -
181.53.14.142 - - [08/Mar/2024:00:47:15 -0500] "POST /sipse/faces/bienvenido.xhtml HTTP/1.1" 200 1471
181.53.14.142 - - [08/Mar/2024:00:47:16 -0500] "POST /sipse/faces/bienvenido.xhtml HTTP/1.1" 200 61696
181.53.14.142 - - [08/Mar/2024:00:47:17 -0500] "GET /sipse/faces/javax.faces.resource/jquery/jquery.js?ln=primefaces&v=4.0 HTTP/1.1" 304 -
181.53.14.142 - - [08/Mar/2024:00:47:17 -0500] "GET /sipse/faces/javax.faces.resource/jquery/jquery-plugins.js?ln=primefaces&v=4.0 HTTP/1.1" 304 -
181.53.14.142 - - [08/Mar/2024:00:47:18 -0500] "GET /sipse/faces/javax.faces.resource/primefaces.js?ln=primefaces&v=4.0 HTTP/1.1" 304 -
181.53.14.142 - - [08/Mar/2024:00:47:18 -0500] "GET /sipse/faces/javax.faces.resource/layout/layout.js?ln=primefaces&v=4.0 HTTP/1.1" 304 -
181.53.14.142 - - [08/Mar/2024:00:47:18 -0500] "POST /sipse/faces/presentacion/financiero/solicitudProceso/listarSolicitudProceso.xhtml HTTP/1.1" 200 1556
201.245.192.253 - - [08/Mar/2024:00:47:26 -0500] "POST /forms/lservlet;jsessionid=ac16012b30d65740d95aaed04376ba5bc6200a0659e1.e3iSbxaKaheRe3iNc3uNbNmQay1ynknvrkLOlQzNp65In0 HTTP/1.1" 200 2
181.53.14.142 - - [08/Mar/2024:00:47:27 -0500] "POST /sipse/faces/presentacion/financiero/solicitudProceso/listarSolicitudProceso.xhtml HTTP/1.1" 200 4968
157.55.39.58 - - [08/Mar/2024:00:47:29 -0500] "GET /BLA/resoluciones/AUTOS%202020/2738.pdf HTTP/1.1" 304 -
181.53.14.142 - - [08/Mar/2024:00:47:29 -0500] "POST /sipse/faces/presentacion/financiero/solicitudProceso/listarSolicitudProceso.xhtml HTTP/1.1" 200 137917
181.53.14.142 - - [08/Mar/2024:00:47:37 -0500] "GET /sipse/faces/javax.faces.resource/jquery/jquery.js?ln=primefaces&v=4.0 HTTP/1.1" 304 -
181.53.14.142 - - [08/Mar/2024:00:47:37 -0500] "GET /sipse/faces/javax.faces.resource/jquery/jquery-plugins.js?ln=primefaces&v=4.0 HTTP/1.1" 304 -
181.53.14.142 - - [08/Mar/2024:00:47:37 -0500] "GET /sipse/faces/javax.faces.resource/primefaces.js?ln=primefaces&v=4.0 HTTP/1.1" 304 -
181.53.14.142 - - [08/Mar/2024:00:47:37 -0500] "GET /sipse/faces/javax.faces.resource/layout/layout.js?ln=primefaces&v=4.0 HTTP/1.1" 304 -
17.241.219.174 - - [08/Mar/2024:00:47:39 -0500] "GET /recuperados-1-5-kilos-de-musgo-distrito-hace-un-llamado-para-que-no-se-extraiga-o-comercialice-esta-especie.html HTTP/1.1" 200 865
201.245.192.253 - - [08/Mar/2024:00:47:39 -0500] "POST /forms/lservlet;jsessionid=ac16012b30d684947034d65b4c4e923ce056fbb2be58.e3iSbxaKaheRe3iNc3uNbNmQay1ynknvrkLOlQzNp65In0 HTTP/1.1" 200 2
181.53.14.142 - - [08/Mar/2024:00:48:11 -0500] "GET /sipse/faces/javax.faces.resource/theme.css?ln=primefaces-sipse HTTP/1.1" 304 -
181.53.14.142 - - [08/Mar/2024:00:48:11 -0500] "POST /sipse/faces/presentacion/financiero/solicitudProceso/consultarSolicitudProceso.xhtml HTTP/1.1" 200 19418
181.53.14.142 - - [08/Mar/2024:00:48:11 -0500] "GET /sipse/faces/javax.faces.resource/primefaces.css?ln=primefaces&v=4.0 HTTP/1.1" 304 -
181.53.14.142 - - [08/Mar/2024:00:48:11 -0500] "GET /sipse/faces/javax.faces.resource/layout/layout.css?ln=primefaces&v=4.0 HTTP/1.1" 304 -
181.53.14.142 - - [08/Mar/2024:00:48:11 -0500] "GET /sipse/faces/javax.faces.resource/fileupload/fileupload.js?ln=primefaces&v=4.0 HTTP/1.1" 304 -
181.53.14.142 - - [08/Mar/2024:00:48:11 -0500] "GET /sipse/faces/javax.faces.resource/primefaces.js?ln=primefaces&v=4.0 HTTP/1.1" 304 -
181.53.14.142 - - [08/Mar/2024:00:48:11 -0500] "GET /sipse/faces/javax.faces.resource/layout/layout.js?ln=primefaces&v=4.0 HTTP/1.1" 304 -
181.53.14.142 - - [08/Mar/2024:00:48:11 -0500] "GET /sipse/faces/javax.faces.resource/fileupload/fileupload.css?ln=primefaces&v=4.0 HTTP/1.1" 304 -
181.53.14.142 - - [08/Mar/2024:00:48:11 -0500] "GET /sipse/faces/javax.faces.resource/jquery/jquery-plugins.js?ln=primefaces&v=4.0 HTTP/1.1" 304 -
181.53.14.142 - - [08/Mar/2024:00:48:11 -0500] "GET /sipse/faces/javax.faces.resource/jquery/jquery.js?ln=primefaces&v=4.0 HTTP/1.1" 304 -
181.53.14.142 - - [08/Mar/2024:00:48:12 -0500] "GET /sipse/faces/javax.faces.resource/images/ui-icons_898989_256x240.png?ln=primefaces-aristo HTTP/1.1" 304 -
181.53.14.142 - - [08/Mar/2024:00:48:22 -0500] "GET /sipse/faces/javax.faces.resource/layout/layout.css?ln=primefaces&v=4.0 HTTP/1.1" 304 -
181.53.14.142 - - [08/Mar/2024:00:48:22 -0500] "GET /sipse/faces/javax.faces.resource/jquery/jquery-plugins.js?ln=primefaces&v=4.0 HTTP/1.1" 304 -
181.53.14.142 - - [08/Mar/2024:00:48:22 -0500] "GET /sipse/faces/javax.faces.resource/primefaces.css?ln=primefaces&v=4.0 HTTP/1.1" 304 -
181.53.14.142 - - [08/Mar/2024:00:48:22 -0500] "GET /sipse/faces/javax.faces.resource/primefaces.js?ln=primefaces&v=4.0 HTTP/1.1" 304 -
181.53.14.142 - - [08/Mar/2024:00:48:22 -0500] "GET /sipse/faces/javax.faces.resource/theme.css?ln=primefaces-sipse HTTP/1.1" 304 -
181.53.14.142 - - [08/Mar/2024:00:48:22 -0500] "GET /sipse/faces/javax.faces.resource/layout/layout.js?ln=primefaces&v=4.0 HTTP/1.1" 304 -
181.53.14.142 - - [08/Mar/2024:00:48:22 -0500] "GET /sipse/faces/javax.faces.resource/jquery/jquery.js?ln=primefaces&v=4.0 HTTP/1.1" 304 -
181.53.14.142 - - [08/Mar/2024:00:48:23 -0500] "GET /sipse/faces/javax.faces.resource/images/ui-icons_898989_256x240.png?ln=primefaces-aristo HTTP/1.1" 304 -
181.53.14.142 - - [08/Mar/2024:00:48:21 -0500] "POST /sipse/faces/presentacion/sistema/anexos/cargarAnexoSolicitudProceso.xhtml HTTP/1.1" 200 186014
91.92.248.17 - - [08/Mar/2024:00:48:30 -0500] "\x03" 400 226
181.53.14.142 - - [08/Mar/2024:00:48:32 -0500] "GET /sipse/faces/javax.faces.resource/images/ui-bg_flat_0_2d5972_40x100.png?ln=primefaces-aristo HTTP/1.1" 304 -
181.53.14.142 - - [08/Mar/2024:00:48:32 -0500] "POST /sipse/faces/presentacion/financiero/solicitudProceso/consultarSolicitudProceso.xhtml HTTP/1.1" 200 6198
181.53.14.142 - - [08/Mar/2024:00:48:33 -0500] "GET /sipse/faces/javax.faces.resource/messages/messages.png?ln=primefaces&v=4.0 HTTP/1.1" 304 -
181.53.14.142 - - [08/Mar/2024:00:48:34 -0500] "POST /sipse/faces/presentacion/financiero/solicitudProceso/consultarSolicitudProceso.xhtml HTTP/1.1" 200 35082
181.53.14.142 - - [08/Mar/2024:00:48:36 -0500] "GET /sipse/faces/javax.faces.resource/jquery/jquery.js?ln=primefaces&v=4.0 HTTP/1.1" 304 -
181.53.14.142 - - [08/Mar/2024:00:48:37 -0500] "GET /sipse/faces/javax.faces.resource/jquery/jquery-plugins.js?ln=primefaces&v=4.0 HTTP/1.1" 304 -
181.53.14.142 - - [08/Mar/2024:00:48:37 -0500] "GET /sipse/faces/javax.faces.resource/primefaces.js?ln=primefaces&v=4.0 HTTP/1.1" 304 -
181.53.14.142 - - [08/Mar/2024:00:48:37 -0500] "GET /sipse/faces/javax.faces.resource/layout/layout.js?ln=primefaces&v=4.0 HTTP/1.1" 304 -
181.53.14.142 - - [08/Mar/2024:00:48:37 -0500] "POST /sipse/faces/presentacion/financiero/solicitudProceso/listarSolicitudProceso.xhtml HTTP/1.1" 200 1392
181.53.14.142 - - [08/Mar/2024:00:48:54 -0500] "POST /sipse/faces/presentacion/financiero/solicitudProceso/listarSolicitudProceso.xhtml HTTP/1.1" 200 2093
181.53.14.142 - - [08/Mar/2024:00:48:55 -0500] "POST /sipse/faces/presentacion/financiero/solicitudProceso/listarSolicitudProceso.xhtml HTTP/1.1" 200 38437
181.53.14.142 - - [08/Mar/2024:00:48:57 -0500] "GET /sipse/faces/javax.faces.resource/jquery/jquery.js?ln=primefaces&v=4.0 HTTP/1.1" 304 -
181.53.14.142 - - [08/Mar/2024:00:48:57 -0500] "GET /sipse/faces/javax.faces.resource/jquery/jquery-plugins.js?ln=primefaces&v=4.0 HTTP/1.1" 304 -
181.53.14.142 - - [08/Mar/2024:00:48:57 -0500] "GET /sipse/faces/javax.faces.resource/primefaces.js?ln=primefaces&v=4.0 HTTP/1.1" 304 -
181.53.14.142 - - [08/Mar/2024:00:48:57 -0500] "GET /sipse/faces/javax.faces.resource/layout/layout.js?ln=primefaces&v=4.0 HTTP/1.1" 304 -
181.53.14.142 - - [08/Mar/2024:00:48:58 -0500] "POST /sipse/faces/presentacion/financiero/solicitudProceso/consultar.xhtml HTTP/1.1" 200 31741
181.53.14.142 - - [08/Mar/2024:00:49:00 -0500] "POST /sipse/faces/presentacion/financiero/solicitudProceso/consultar.xhtml HTTP/1.1" 200 45783
181.53.14.142 - - [08/Mar/2024:00:49:16 -0500] "POST /sipse/faces/presentacion/financiero/solicitudProceso/consultar.xhtml HTTP/1.1" 200 12931
181.53.14.142 - - [08/Mar/2024:00:49:19 -0500] "POST /sipse/faces/presentacion/financiero/solicitudProceso/consultar.xhtml HTTP/1.1" 200 35159
181.53.14.142 - - [08/Mar/2024:00:49:20 -0500] "GET /sipse/faces/javax.faces.resource/jquery/jquery.js?ln=primefaces&v=4.0 HTTP/1.1" 304 -
181.53.14.142 - - [08/Mar/2024:00:49:20 -0500] "GET /sipse/faces/javax.faces.resource/jquery/jquery-plugins.js?ln=primefaces&v=4.0 HTTP/1.1" 304 -
181.53.14.142 - - [08/Mar/2024:00:49:20 -0500] "GET /sipse/faces/javax.faces.resource/primefaces.js?ln=primefaces&v=4.0 HTTP/1.1" 304 -
181.53.14.142 - - [08/Mar/2024:00:49:21 -0500] "GET /sipse/faces/javax.faces.resource/layout/layout.js?ln=primefaces&v=4.0 HTTP/1.1" 304 -
181.53.14.142 - - [08/Mar/2024:00:49:21 -0500] "POST /sipse/faces/presentacion/financiero/solicitudProceso/listarSolicitudProceso.xhtml HTTP/1.1" 200 28437
181.53.14.142 - - [08/Mar/2024:00:49:22 -0500] "POST /sipse/faces/presentacion/financiero/solicitudProceso/listarSolicitudProceso.xhtml HTTP/1.1" 200 28437
181.53.14.142 - - [08/Mar/2024:00:49:22 -0500] "POST /sipse/faces/presentacion/financiero/solicitudProceso/listarSolicitudProceso.xhtml HTTP/1.1" 200 1392
181.53.14.142 - - [08/Mar/2024:00:49:23 -0500] "POST /sipse/faces/presentacion/financiero/solicitudProceso/listarSolicitudProceso.xhtml HTTP/1.1" 200 1388
181.53.14.142 - - [08/Mar/2024:00:49:23 -0500] "POST /sipse/faces/presentacion/financiero/solicitudProceso/listarSolicitudProceso.xhtml HTTP/1.1" 200 1400
201.245.192.253 - - [08/Mar/2024:00:49:26 -0500] "POST /forms/lservlet;jsessionid=ac16012b30d65740d95aaed04376ba5bc6200a0659e1.e3iSbxaKaheRe3iNc3uNbNmQay1ynknvrkLOlQzNp65In0 HTTP/1.1" 200 2
181.53.14.142 - - [08/Mar/2024:00:49:26 -0500] "POST /sipse/faces/presentacion/financiero/solicitudProceso/listarSolicitudProceso.xhtml HTTP/1.1" 200 4864
181.53.14.142 - - [08/Mar/2024:00:49:28 -0500] "POST /sipse/faces/presentacion/financiero/solicitudProceso/listarSolicitudProceso.xhtml HTTP/1.1" 200 139017
181.53.14.142 - - [08/Mar/2024:00:49:30 -0500] "GET /sipse/faces/javax.faces.resource/jquery/jquery.js?ln=primefaces&v=4.0 HTTP/1.1" 304 -
181.53.14.142 - - [08/Mar/2024:00:49:31 -0500] "GET /sipse/faces/javax.faces.resource/jquery/jquery-plugins.js?ln=primefaces&v=4.0 HTTP/1.1" 304 -
181.53.14.142 - - [08/Mar/2024:00:49:31 -0500] "GET /sipse/faces/javax.faces.resource/primefaces.js?ln=primefaces&v=4.0 HTTP/1.1" 304 -
181.53.14.142 - - [08/Mar/2024:00:49:31 -0500] "GET /sipse/faces/javax.faces.resource/layout/layout.js?ln=primefaces&v=4.0 HTTP/1.1" 304 -
201.245.192.253 - - [08/Mar/2024:00:49:39 -0500] "POST /forms/lservlet;jsessionid=ac16012b30d684947034d65b4c4e923ce056fbb2be58.e3iSbxaKaheRe3iNc3uNbNmQay1ynknvrkLOlQzNp65In0 HTTP/1.1" 200 2
172.22.2.4 - - [08/Mar/2024:00:47:59 -0500] "HEAD /BLA/boletinlegal/ HTTP/1.1" 200 -
216.245.221.92 - - [08/Mar/2024:00:50:02 -0500] "HEAD / HTTP/1.1" 200 -
181.53.14.142 - - [08/Mar/2024:00:50:13 -0500] "GET /sipse/faces/javax.faces.resource/theme.css?ln=primefaces-sipse HTTP/1.1" 304 -
181.53.14.142 - - [08/Mar/2024:00:50:12 -0500] "POST /sipse/faces/presentacion/financiero/solicitudProceso/consultarSolicitudProceso.xhtml HTTP/1.1" 200 19991
181.53.14.142 - - [08/Mar/2024:00:50:13 -0500] "GET /sipse/faces/javax.faces.resource/primefaces.css?ln=primefaces&v=4.0 HTTP/1.1" 304 -
181.53.14.142 - - [08/Mar/2024:00:50:13 -0500] "GET /sipse/faces/javax.faces.resource/layout/layout.js?ln=primefaces&v=4.0 HTTP/1.1" 304 -
181.53.14.142 - - [08/Mar/2024:00:50:13 -0500] "GET /sipse/faces/javax.faces.resource/jquery/jquery-plugins.js?ln=primefaces&v=4.0 HTTP/1.1" 304 -
181.53.14.142 - - [08/Mar/2024:00:50:13 -0500] "GET /sipse/faces/javax.faces.resource/fileupload/fileupload.js?ln=primefaces&v=4.0 HTTP/1.1" 304 -
181.53.14.142 - - [08/Mar/2024:00:50:13 -0500] "GET /sipse/faces/javax.faces.resource/fileupload/fileupload.css?ln=primefaces&v=4.0 HTTP/1.1" 304 -
181.53.14.142 - - [08/Mar/2024:00:50:13 -0500] "GET /sipse/faces/javax.faces.resource/primefaces.js?ln=primefaces&v=4.0 HTTP/1.1" 304 -
181.53.14.142 - - [08/Mar/2024:00:50:13 -0500] "GET /sipse/faces/javax.faces.resource/layout/layout.css?ln=primefaces&v=4.0 HTTP/1.1" 304 -
181.53.14.142 - - [08/Mar/2024:00:50:13 -0500] "GET /sipse/faces/javax.faces.resource/jquery/jquery.js?ln=primefaces&v=4.0 HTTP/1.1" 304 -
181.53.14.142 - - [08/Mar/2024:00:50:13 -0500] "GET /sipse/faces/javax.faces.resource/images/ui-icons_898989_256x240.png?ln=primefaces-aristo HTTP/1.1" 304 -
181.53.14.142 - - [08/Mar/2024:00:50:28 -0500] "GET /sipse/faces/javax.faces.resource/theme.css?ln=primefaces-sipse HTTP/1.1" 304 -
181.53.14.142 - - [08/Mar/2024:00:50:28 -0500] "GET /sipse/faces/javax.faces.resource/primefaces.css?ln=primefaces&v=4.0 HTTP/1.1" 304 -
181.53.14.142 - - [08/Mar/2024:00:50:28 -0500] "GET /sipse/faces/javax.faces.resource/layout/layout.css?ln=primefaces&v=4.0 HTTP/1.1" 304 -
181.53.14.142 - - [08/Mar/2024:00:50:28 -0500] "GET /sipse/faces/javax.faces.resource/jquery/jquery.js?ln=primefaces&v=4.0 HTTP/1.1" 304 -
181.53.14.142 - - [08/Mar/2024:00:50:28 -0500] "GET /sipse/faces/javax.faces.resource/jquery/jquery-plugins.js?ln=primefaces&v=4.0 HTTP/1.1" 304 -
181.53.14.142 - - [08/Mar/2024:00:50:28 -0500] "GET /sipse/faces/javax.faces.resource/primefaces.js?ln=primefaces&v=4.0 HTTP/1.1" 304 -
181.53.14.142 - - [08/Mar/2024:00:50:28 -0500] "GET /sipse/faces/javax.faces.resource/layout/layout.js?ln=primefaces&v=4.0 HTTP/1.1" 304 -
181.53.14.142 - - [08/Mar/2024:00:50:27 -0500] "POST /sipse/faces/presentacion/sistema/anexos/cargarAnexoSolicitudProceso.xhtml HTTP/1.1" 200 187402
181.53.14.142 - - [08/Mar/2024:00:50:29 -0500] "GET /sipse/faces/javax.faces.resource/images/ui-icons_898989_256x240.png?ln=primefaces-aristo HTTP/1.1" 304 -
172.22.2.4 - - [08/Mar/2024:00:48:50 -0500] "GET /BLA/boletinlegal/ HTTP/1.1" 200 54913
181.53.14.142 - - [08/Mar/2024:00:50:38 -0500] "GET /sipse/faces/javax.faces.resource/images/ui-bg_flat_0_2d5972_40x100.png?ln=primefaces-aristo HTTP/1.1" 304 -
181.53.14.142 - - [08/Mar/2024:00:50:38 -0500] "POST /sipse/faces/presentacion/financiero/solicitudProceso/consultarSolicitudProceso.xhtml HTTP/1.1" 200 6222
181.53.14.142 - - [08/Mar/2024:00:50:39 -0500] "GET /sipse/faces/javax.faces.resource/messages/messages.png?ln=primefaces&v=4.0 HTTP/1.1" 304 -
181.53.14.142 - - [08/Mar/2024:00:50:41 -0500] "POST /sipse/faces/presentacion/financiero/solicitudProceso/consultarSolicitudProceso.xhtml HTTP/1.1" 200 35571
181.53.14.142 - - [08/Mar/2024:00:50:43 -0500] "GET /sipse/faces/javax.faces.resource/jquery/jquery.js?ln=primefaces&v=4.0 HTTP/1.1" 304 -
181.53.14.142 - - [08/Mar/2024:00:50:43 -0500] "GET /sipse/faces/javax.faces.resource/jquery/jquery-plugins.js?ln=primefaces&v=4.0 HTTP/1.1" 304 -
181.53.14.142 - - [08/Mar/2024:00:50:43 -0500] "GET /sipse/faces/javax.faces.resource/primefaces.js?ln=primefaces&v=4.0 HTTP/1.1" 304 -
181.53.14.142 - - [08/Mar/2024:00:50:43 -0500] "GET /sipse/faces/javax.faces.resource/layout/layout.js?ln=primefaces&v=4.0 HTTP/1.1" 304 -
181.53.14.142 - - [08/Mar/2024:00:50:44 -0500] "POST /sipse/faces/presentacion/financiero/solicitudProceso/listarSolicitudProceso.xhtml HTTP/1.1" 200 1392
181.53.14.142 - - [08/Mar/2024:00:50:44 -0500] "POST /sipse/faces/presentacion/financiero/solicitudProceso/listarSolicitudProceso.xhtml HTTP/1.1" 200 1388
181.53.14.142 - - [08/Mar/2024:00:50:48 -0500] "POST /sipse/faces/presentacion/financiero/solicitudProceso/listarSolicitudProceso.xhtml HTTP/1.1" 200 41489
181.53.14.142 - - [08/Mar/2024:00:50:49 -0500] "GET /sipse/faces/javax.faces.resource/jquery/jquery.js?ln=primefaces&v=4.0 HTTP/1.1" 304 -
181.53.14.142 - - [08/Mar/2024:00:50:49 -0500] "GET /sipse/faces/javax.faces.resource/jquery/jquery-plugins.js?ln=primefaces&v=4.0 HTTP/1.1" 304 -
181.53.14.142 - - [08/Mar/2024:00:50:49 -0500] "GET /sipse/faces/javax.faces.resource/primefaces.js?ln=primefaces&v=4.0 HTTP/1.1" 304 -
181.53.14.142 - - [08/Mar/2024:00:50:49 -0500] "GET /sipse/faces/javax.faces.resource/layout/layout.js?ln=primefaces&v=4.0 HTTP/1.1" 304 -
181.53.14.142 - - [08/Mar/2024:00:50:50 -0500] "POST /sipse/faces/presentacion/financiero/solicitudProceso/consultar.xhtml HTTP/1.1" 200 34793
181.53.14.142 - - [08/Mar/2024:00:50:53 -0500] "POST /sipse/faces/presentacion/financiero/solicitudProceso/consultar.xhtml HTTP/1.1" 200 12819
66.249.66.20 - - [08/Mar/2024:00:51:05 -0500] "GET /BLA/resoluciones/AUTOS%202014/5640.pdf HTTP/1.1" 200 206044
201.245.192.253 - - [08/Mar/2024:00:51:26 -0500] "POST /forms/lservlet;jsessionid=ac16012b30d65740d95aaed04376ba5bc6200a0659e1.e3iSbxaKaheRe3iNc3uNbNmQay1ynknvrkLOlQzNp65In0 HTTP/1.1" 200 2
181.53.14.142 - - [08/Mar/2024:00:51:32 -0500] "POST /sipse/faces/presentacion/financiero/solicitudProceso/consultar.xhtml HTTP/1.1" 200 35075
181.53.14.142 - - [08/Mar/2024:00:51:35 -0500] "GET /sipse/faces/javax.faces.resource/jquery/jquery.js?ln=primefaces&v=4.0 HTTP/1.1" 304 -
181.53.14.142 - - [08/Mar/2024:00:51:35 -0500] "GET /sipse/faces/javax.faces.resource/jquery/jquery-plugins.js?ln=primefaces&v=4.0 HTTP/1.1" 304 -
181.53.14.142 - - [08/Mar/2024:00:51:36 -0500] "GET /sipse/faces/javax.faces.resource/primefaces.js?ln=primefaces&v=4.0 HTTP/1.1" 304 -
181.53.14.142 - - [08/Mar/2024:00:51:36 -0500] "GET /sipse/faces/javax.faces.resource/layout/layout.js?ln=primefaces&v=4.0 HTTP/1.1" 304 -
181.53.14.142 - - [08/Mar/2024:00:51:36 -0500] "POST /sipse/faces/presentacion/financiero/solicitudProceso/listarSolicitudProceso.xhtml HTTP/1.1" 200 28353
201.245.192.253 - - [08/Mar/2024:00:51:39 -0500] "POST /forms/lservlet;jsessionid=ac16012b30d684947034d65b4c4e923ce056fbb2be58.e3iSbxaKaheRe3iNc3uNbNmQay1ynknvrkLOlQzNp65In0 HTTP/1.1" 200 2
181.53.14.142 - - [08/Mar/2024:00:51:38 -0500] "POST /sipse/faces/presentacion/financiero/solicitudProceso/listarSolicitudProceso.xhtml HTTP/1.1" 200 28353
181.53.14.142 - - [08/Mar/2024:00:51:41 -0500] "POST /sipse/faces/presentacion/financiero/solicitudProceso/listarSolicitudProceso.xhtml HTTP/1.1" 200 1392
181.53.14.142 - - [08/Mar/2024:00:51:42 -0500] "POST /sipse/faces/presentacion/financiero/solicitudProceso/listarSolicitudProceso.xhtml HTTP/1.1" 200 1388
181.53.14.142 - - [08/Mar/2024:00:51:42 -0500] "POST /sipse/faces/presentacion/financiero/solicitudProceso/listarSolicitudProceso.xhtml HTTP/1.1" 200 1400
201.245.192.253 - - [08/Mar/2024:00:51:56 -0500] "POST /kwsrmcab/Wsrmcab  HTTP/1.1" 200 39632
181.53.14.142 - - [08/Mar/2024:00:52:14 -0500] "POST /sipse/faces/presentacion/financiero/solicitudProceso/listarSolicitudProceso.xhtml HTTP/1.1" 200 5182
181.53.14.142 - - [08/Mar/2024:00:52:17 -0500] "POST /sipse/faces/presentacion/financiero/solicitudProceso/listarSolicitudProceso.xhtml HTTP/1.1" 200 139974
181.53.14.142 - - [08/Mar/2024:00:52:21 -0500] "GET /sipse/faces/javax.faces.resource/jquery/jquery.js?ln=primefaces&v=4.0 HTTP/1.1" 304 -
181.53.14.142 - - [08/Mar/2024:00:52:21 -0500] "GET /sipse/faces/javax.faces.resource/jquery/jquery-plugins.js?ln=primefaces&v=4.0 HTTP/1.1" 304 -
181.53.14.142 - - [08/Mar/2024:00:52:21 -0500] "GET /sipse/faces/javax.faces.resource/primefaces.js?ln=primefaces&v=4.0 HTTP/1.1" 304 -
181.53.14.142 - - [08/Mar/2024:00:52:22 -0500] "GET /sipse/faces/javax.faces.resource/layout/layout.js?ln=primefaces&v=4.0 HTTP/1.1" 304 -
181.53.14.142 - - [08/Mar/2024:00:52:29 -0500] "POST /sipse/faces/presentacion/financiero/solicitudProceso/consultarSolicitudProceso.xhtml HTTP/1.1" 200 19991
181.53.14.142 - - [08/Mar/2024:00:52:29 -0500] "GET /sipse/faces/javax.faces.resource/theme.css?ln=primefaces-sipse HTTP/1.1" 304 -
181.53.14.142 - - [08/Mar/2024:00:52:29 -0500] "GET /sipse/faces/javax.faces.resource/primefaces.css?ln=primefaces&v=4.0 HTTP/1.1" 304 -
181.53.14.142 - - [08/Mar/2024:00:52:29 -0500] "GET /sipse/faces/javax.faces.resource/jquery/jquery.js?ln=primefaces&v=4.0 HTTP/1.1" 304 -
181.53.14.142 - - [08/Mar/2024:00:52:29 -0500] "GET /sipse/faces/javax.faces.resource/layout/layout.css?ln=primefaces&v=4.0 HTTP/1.1" 304 -
181.53.14.142 - - [08/Mar/2024:00:52:29 -0500] "GET /sipse/faces/javax.faces.resource/layout/layout.js?ln=primefaces&v=4.0 HTTP/1.1" 304 -
181.53.14.142 - - [08/Mar/2024:00:52:29 -0500] "GET /sipse/faces/javax.faces.resource/fileupload/fileupload.css?ln=primefaces&v=4.0 HTTP/1.1" 304 -
181.53.14.142 - - [08/Mar/2024:00:52:29 -0500] "GET /sipse/faces/javax.faces.resource/jquery/jquery-plugins.js?ln=primefaces&v=4.0 HTTP/1.1" 304 -
181.53.14.142 - - [08/Mar/2024:00:52:29 -0500] "GET /sipse/faces/javax.faces.resource/primefaces.js?ln=primefaces&v=4.0 HTTP/1.1" 304 -
181.53.14.142 - - [08/Mar/2024:00:52:29 -0500] "GET /sipse/faces/javax.faces.resource/fileupload/fileupload.js?ln=primefaces&v=4.0 HTTP/1.1" 304 -
181.53.14.142 - - [08/Mar/2024:00:52:29 -0500] "GET /sipse/faces/javax.faces.resource/images/ui-icons_898989_256x240.png?ln=primefaces-aristo HTTP/1.1" 304 -
181.53.14.142 - - [08/Mar/2024:00:52:48 -0500] "GET /sipse/faces/javax.faces.resource/theme.css?ln=primefaces-sipse HTTP/1.1" 304 -
181.53.14.142 - - [08/Mar/2024:00:52:48 -0500] "GET /sipse/faces/javax.faces.resource/primefaces.css?ln=primefaces&v=4.0 HTTP/1.1" 304 -
181.53.14.142 - - [08/Mar/2024:00:52:48 -0500] "GET /sipse/faces/javax.faces.resource/layout/layout.css?ln=primefaces&v=4.0 HTTP/1.1" 304 -
181.53.14.142 - - [08/Mar/2024:00:52:48 -0500] "GET /sipse/faces/javax.faces.resource/jquery/jquery-plugins.js?ln=primefaces&v=4.0 HTTP/1.1" 304 -
181.53.14.142 - - [08/Mar/2024:00:52:48 -0500] "GET /sipse/faces/javax.faces.resource/jquery/jquery.js?ln=primefaces&v=4.0 HTTP/1.1" 304 -
181.53.14.142 - - [08/Mar/2024:00:52:48 -0500] "GET /sipse/faces/javax.faces.resource/primefaces.js?ln=primefaces&v=4.0 HTTP/1.1" 304 -
181.53.14.142 - - [08/Mar/2024:00:52:48 -0500] "GET /sipse/faces/javax.faces.resource/layout/layout.js?ln=primefaces&v=4.0 HTTP/1.1" 304 -
181.53.14.142 - - [08/Mar/2024:00:52:48 -0500] "GET /sipse/faces/javax.faces.resource/images/ui-icons_898989_256x240.png?ln=primefaces-aristo HTTP/1.1" 304 -
181.53.14.142 - - [08/Mar/2024:00:52:46 -0500] "POST /sipse/faces/presentacion/sistema/anexos/cargarAnexoSolicitudProceso.xhtml HTTP/1.1" 200 187507
181.53.14.142 - - [08/Mar/2024:00:52:51 -0500] "GET /sipse/faces/javax.faces.resource/images/ui-bg_flat_0_2d5972_40x100.png?ln=primefaces-aristo HTTP/1.1" 304 -
181.53.14.142 - - [08/Mar/2024:00:52:51 -0500] "POST /sipse/faces/presentacion/financiero/solicitudProceso/consultarSolicitudProceso.xhtml HTTP/1.1" 200 35902
181.53.14.142 - - [08/Mar/2024:00:52:54 -0500] "GET /sipse/faces/javax.faces.resource/jquery/jquery.js?ln=primefaces&v=4.0 HTTP/1.1" 304 -
181.53.14.142 - - [08/Mar/2024:00:52:55 -0500] "GET /sipse/faces/javax.faces.resource/jquery/jquery-plugins.js?ln=primefaces&v=4.0 HTTP/1.1" 304 -
181.53.14.142 - - [08/Mar/2024:00:52:55 -0500] "GET /sipse/faces/javax.faces.resource/primefaces.js?ln=primefaces&v=4.0 HTTP/1.1" 304 -
181.53.14.142 - - [08/Mar/2024:00:52:55 -0500] "GET /sipse/faces/javax.faces.resource/layout/layout.js?ln=primefaces&v=4.0 HTTP/1.1" 304 -
181.53.14.142 - - [08/Mar/2024:00:52:55 -0500] "GET /sipse/faces/javax.faces.resource/messages/messages.png?ln=primefaces&v=4.0 HTTP/1.1" 304 -
181.53.14.142 - - [08/Mar/2024:00:52:56 -0500] "POST /sipse/faces/presentacion/financiero/solicitudProceso/listarSolicitudProceso.xhtml HTTP/1.1" 200 1392
181.53.14.142 - - [08/Mar/2024:00:52:56 -0500] "POST /sipse/faces/presentacion/financiero/solicitudProceso/listarSolicitudProceso.xhtml HTTP/1.1" 200 1388
181.53.14.142 - - [08/Mar/2024:00:53:11 -0500] "POST /sipse/faces/presentacion/financiero/solicitudProceso/listarSolicitudProceso.xhtml HTTP/1.1" 200 31658
181.53.14.142 - - [08/Mar/2024:00:53:11 -0500] "POST /sipse/faces/presentacion/financiero/solicitudProceso/listarSolicitudProceso.xhtml HTTP/1.1" 200 43691
181.53.14.142 - - [08/Mar/2024:00:53:16 -0500] "POST /sipse/faces/presentacion/financiero/solicitudProceso/listarSolicitudProceso.xhtml HTTP/1.1" 200 31620
201.245.192.253 - - [08/Mar/2024:00:53:26 -0500] "POST /forms/lservlet;jsessionid=ac16012b30d65740d95aaed04376ba5bc6200a0659e1.e3iSbxaKaheRe3iNc3uNbNmQay1ynknvrkLOlQzNp65In0 HTTP/1.1" 200 2
181.53.14.142 - - [08/Mar/2024:00:53:25 -0500] "POST /sipse/faces/presentacion/financiero/solicitudProceso/listarSolicitudProceso.xhtml HTTP/1.1" 200 149398
181.53.14.142 - - [08/Mar/2024:00:53:28 -0500] "GET /sipse/faces/javax.faces.resource/jquery/jquery.js?ln=primefaces&v=4.0 HTTP/1.1" 304 -
181.53.14.142 - - [08/Mar/2024:00:53:28 -0500] "GET /sipse/faces/javax.faces.resource/jquery/jquery-plugins.js?ln=primefaces&v=4.0 HTTP/1.1" 304 -
181.53.14.142 - - [08/Mar/2024:00:53:28 -0500] "GET /sipse/faces/javax.faces.resource/primefaces.js?ln=primefaces&v=4.0 HTTP/1.1" 304 -
181.53.14.142 - - [08/Mar/2024:00:53:30 -0500] "GET /sipse/faces/javax.faces.resource/layout/layout.js?ln=primefaces&v=4.0 HTTP/1.1" 304 -
181.53.14.142 - - [08/Mar/2024:00:53:35 -0500] "GET /sipse/faces/javax.faces.resource/theme.css?ln=primefaces-sipse HTTP/1.1" 304 -
181.53.14.142 - - [08/Mar/2024:00:53:35 -0500] "GET /sipse/faces/javax.faces.resource/primefaces.css?ln=primefaces&v=4.0 HTTP/1.1" 304 -
181.53.14.142 - - [08/Mar/2024:00:53:35 -0500] "GET /sipse/faces/javax.faces.resource/jquery/jquery.js?ln=primefaces&v=4.0 HTTP/1.1" 304 -
181.53.14.142 - - [08/Mar/2024:00:53:35 -0500] "GET /sipse/faces/javax.faces.resource/layout/layout.css?ln=primefaces&v=4.0 HTTP/1.1" 304 -
181.53.14.142 - - [08/Mar/2024:00:53:35 -0500] "GET /sipse/faces/javax.faces.resource/jquery/jquery-plugins.js?ln=primefaces&v=4.0 HTTP/1.1" 304 -
181.53.14.142 - - [08/Mar/2024:00:53:35 -0500] "GET /sipse/faces/javax.faces.resource/primefaces.js?ln=primefaces&v=4.0 HTTP/1.1" 304 -
181.53.14.142 - - [08/Mar/2024:00:53:35 -0500] "GET /sipse/faces/javax.faces.resource/layout/layout.js?ln=primefaces&v=4.0 HTTP/1.1" 304 -
181.53.14.142 - - [08/Mar/2024:00:53:34 -0500] "POST /sipse/faces/presentacion/financiero/solicitudProceso/consultarSolicitudProceso.xhtml HTTP/1.1" 200 39876
181.53.14.142 - - [08/Mar/2024:00:53:35 -0500] "GET /sipse/faces/javax.faces.resource/images/ui-icons_898989_256x240.png?ln=primefaces-aristo HTTP/1.1" 304 -
201.245.192.253 - - [08/Mar/2024:00:53:39 -0500] "POST /forms/lservlet;jsessionid=ac16012b30d684947034d65b4c4e923ce056fbb2be58.e3iSbxaKaheRe3iNc3uNbNmQay1ynknvrkLOlQzNp65In0 HTTP/1.1" 200 2
181.53.14.142 - - [08/Mar/2024:00:53:43 -0500] "GET /sipse/faces/javax.faces.resource/images/ui-bg_flat_0_2d5972_40x100.png?ln=primefaces-aristo HTTP/1.1" 304 -
181.53.14.142 - - [08/Mar/2024:00:53:43 -0500] "POST /sipse/faces/presentacion/financiero/solicitudProceso/consultarHistorialSolProceso.xhtml HTTP/1.1" 200 62269
181.53.14.142 - - [08/Mar/2024:00:53:43 -0500] "GET /sipse/faces/javax.faces.resource/jquery/jquery.js?ln=primefaces&v=4.0 HTTP/1.1" 304 -
181.53.14.142 - - [08/Mar/2024:00:53:43 -0500] "GET /sipse/faces/javax.faces.resource/jquery/jquery-plugins.js?ln=primefaces&v=4.0 HTTP/1.1" 304 -
181.53.14.142 - - [08/Mar/2024:00:53:43 -0500] "GET /sipse/faces/javax.faces.resource/primefaces.js?ln=primefaces&v=4.0 HTTP/1.1" 304 -
181.53.14.142 - - [08/Mar/2024:00:53:43 -0500] "GET /sipse/faces/javax.faces.resource/layout/layout.js?ln=primefaces&v=4.0 HTTP/1.1" 304 -
181.53.14.142 - - [08/Mar/2024:00:53:44 -0500] "POST /sipse/faces/presentacion/financiero/solicitudProceso/listarSolicitudProceso.xhtml HTTP/1.1" 200 1556
181.53.14.142 - - [08/Mar/2024:00:53:47 -0500] "POST /sipse/faces/presentacion/financiero/solicitudProceso/listarSolicitudProceso.xhtml HTTP/1.1" 200 10634
181.53.14.142 - - [08/Mar/2024:00:54:01 -0500] "POST /sipse/faces/presentacion/financiero/solicitudProceso/listarSolicitudProceso.xhtml HTTP/1.1" 200 31608
181.53.14.142 - - [08/Mar/2024:00:54:12 -0500] "POST /sipse/faces/presentacion/financiero/solicitudProceso/listarSolicitudProceso.xhtml HTTP/1.1" 200 10810
216.245.221.92 - - [08/Mar/2024:00:55:02 -0500] "HEAD / HTTP/1.1" 200 -
201.245.192.253 - - [08/Mar/2024:00:55:26 -0500] "POST /forms/lservlet;jsessionid=ac16012b30d65740d95aaed04376ba5bc6200a0659e1.e3iSbxaKaheRe3iNc3uNbNmQay1ynknvrkLOlQzNp65In0 HTTP/1.1" 200 2
172.22.2.4 - - [08/Mar/2024:00:53:49 -0500] "HEAD /BLA/boletinlegal/ HTTP/1.1" 200 -
201.245.192.253 - - [08/Mar/2024:00:55:39 -0500] "POST /forms/lservlet;jsessionid=ac16012b30d684947034d65b4c4e923ce056fbb2be58.e3iSbxaKaheRe3iNc3uNbNmQay1ynknvrkLOlQzNp65In0 HTTP/1.1" 200 2
172.22.2.4 - - [08/Mar/2024:00:54:40 -0500] "GET /BLA/boletinlegal/ HTTP/1.1" 200 56191
201.245.192.253 - - [08/Mar/2024:00:56:53 -0500] "POST /kwsrmcab/Wsrmcab  HTTP/1.1" 200 39632
201.245.192.253 - - [08/Mar/2024:00:57:26 -0500] "POST /forms/lservlet;jsessionid=ac16012b30d65740d95aaed04376ba5bc6200a0659e1.e3iSbxaKaheRe3iNc3uNbNmQay1ynknvrkLOlQzNp65In0 HTTP/1.1" 200 2
201.245.192.253 - - [08/Mar/2024:00:57:39 -0500] "POST /forms/lservlet;jsessionid=ac16012b30d684947034d65b4c4e923ce056fbb2be58.e3iSbxaKaheRe3iNc3uNbNmQay1ynknvrkLOlQzNp65In0 HTTP/1.1" 200 2
157.55.39.56 - - [08/Mar/2024:00:59:21 -0500] "GET /sipse/faces/presentacion/sistema/anexos/cargarAnexoSolicitudProceso.xhtml HTTP/1.1" 302 -
157.55.39.56 - - [08/Mar/2024:00:59:21 -0500] "GET /sipse/faces/autenticacion.xhtml HTTP/1.1" 200 12402
40.77.167.43 - - [08/Mar/2024:00:59:25 -0500] "GET /sipse/faces/autenticacion.xhtml HTTP/1.1" 200 12724
201.245.192.253 - - [08/Mar/2024:00:59:26 -0500] "POST /forms/lservlet;jsessionid=ac16012b30d65740d95aaed04376ba5bc6200a0659e1.e3iSbxaKaheRe3iNc3uNbNmQay1ynknvrkLOlQzNp65In0 HTTP/1.1" 200 2
185.191.126.213 - - [08/Mar/2024:00:59:31 -0500] "GET / HTTP/1.1" 200 319
201.245.192.253 - - [08/Mar/2024:00:59:39 -0500] "POST /forms/lservlet;jsessionid=ac16012b30d684947034d65b4c4e923ce056fbb2be58.e3iSbxaKaheRe3iNc3uNbNmQay1ynknvrkLOlQzNp65In0 HTTP/1.1" 200 2
216.245.221.92 - - [08/Mar/2024:01:00:02 -0500] "HEAD / HTTP/1.1" 200 -
186.31.175.21 - - [08/Mar/2024:01:00:15 -0500] "POST /sipse/faces/presentacion/financiero/solicitudProceso/consultarSolicitudProceso.xhtml HTTP/1.1" 200 34598
186.31.175.21 - - [08/Mar/2024:01:00:15 -0500] "GET /sipse/faces/javax.faces.resource/theme.css?ln=primefaces-sipse HTTP/1.1" 304 -
186.31.175.21 - - [08/Mar/2024:01:00:15 -0500] "GET /sipse/faces/javax.faces.resource/primefaces.css?ln=primefaces&v=4.0 HTTP/1.1" 304 -
186.31.175.21 - - [08/Mar/2024:01:00:15 -0500] "GET /sipse/faces/javax.faces.resource/layout/layout.css?ln=primefaces&v=4.0 HTTP/1.1" 304 -
186.31.175.21 - - [08/Mar/2024:01:00:15 -0500] "GET /sipse/faces/javax.faces.resource/jquery/jquery.js?ln=primefaces&v=4.0 HTTP/1.1" 304 -
186.31.175.21 - - [08/Mar/2024:01:00:15 -0500] "GET /sipse/faces/javax.faces.resource/jquery/jquery-plugins.js?ln=primefaces&v=4.0 HTTP/1.1" 304 -
186.31.175.21 - - [08/Mar/2024:01:00:15 -0500] "GET /sipse/css/imagen/contrasena.png HTTP/1.1" 404 383
186.31.175.21 - - [08/Mar/2024:01:00:16 -0500] "GET /sipse/faces/javax.faces.resource/primefaces.js?ln=primefaces&v=4.0 HTTP/1.1" 304 -
186.31.175.21 - - [08/Mar/2024:01:00:16 -0500] "GET /sipse/faces/javax.faces.resource/layout/layout.js?ln=primefaces&v=4.0 HTTP/1.1" 304 -
186.31.175.21 - - [08/Mar/2024:01:00:16 -0500] "GET /sipse/faces/javax.faces.resource/images/ui-icons_898989_256x240.png?ln=primefaces-aristo HTTP/1.1" 304 -
186.31.175.21 - - [08/Mar/2024:01:00:16 -0500] "POST /sipse/faces/presentacion/financiero/solicitudProceso/listarSolicitudProceso.xhtml HTTP/1.1" 200 27873
186.31.175.21 - - [08/Mar/2024:01:00:16 -0500] "GET /sipse/faces/javax.faces.resource/images/ui-bg_flat_0_2d5972_40x100.png?ln=primefaces-aristo HTTP/1.1" 304 -
186.31.175.21 - - [08/Mar/2024:01:00:16 -0500] "POST /sipse/faces/presentacion/financiero/solicitudProceso/listarSolicitudProceso.xhtml HTTP/1.1" 200 27873
186.31.175.21 - - [08/Mar/2024:01:00:17 -0500] "POST /sipse/faces/presentacion/financiero/solicitudProceso/listarSolicitudProceso.xhtml HTTP/1.1" 200 1392
186.31.175.21 - - [08/Mar/2024:01:00:17 -0500] "POST /sipse/faces/presentacion/financiero/solicitudProceso/listarSolicitudProceso.xhtml HTTP/1.1" 200 1388
186.31.175.21 - - [08/Mar/2024:01:00:17 -0500] "POST /sipse/faces/presentacion/financiero/solicitudProceso/listarSolicitudProceso.xhtml HTTP/1.1" 200 1400
186.31.175.21 - - [08/Mar/2024:01:00:19 -0500] "POST /sipse/faces/presentacion/financiero/solicitudProceso/listarSolicitudProceso.xhtml HTTP/1.1" 200 4751
186.31.175.21 - - [08/Mar/2024:01:00:24 -0500] "POST /sipse/faces/presentacion/financiero/solicitudProceso/listarSolicitudProceso.xhtml HTTP/1.1" 200 143532
186.31.175.21 - - [08/Mar/2024:01:00:25 -0500] "GET /sipse/faces/javax.faces.resource/theme.css?ln=primefaces-sipse HTTP/1.1" 304 -
186.31.175.21 - - [08/Mar/2024:01:00:25 -0500] "GET /sipse/faces/javax.faces.resource/primefaces.css?ln=primefaces&v=4.0 HTTP/1.1" 304 -
186.31.175.21 - - [08/Mar/2024:01:00:25 -0500] "GET /sipse/faces/javax.faces.resource/layout/layout.css?ln=primefaces&v=4.0 HTTP/1.1" 304 -
186.31.175.21 - - [08/Mar/2024:01:00:25 -0500] "GET /sipse/faces/javax.faces.resource/jquery/jquery.js?ln=primefaces&v=4.0 HTTP/1.1" 304 -
186.31.175.21 - - [08/Mar/2024:01:00:25 -0500] "GET /sipse/faces/javax.faces.resource/jquery/jquery-plugins.js?ln=primefaces&v=4.0 HTTP/1.1" 304 -
186.31.175.21 - - [08/Mar/2024:01:00:25 -0500] "GET /sipse/faces/javax.faces.resource/primefaces.js?ln=primefaces&v=4.0 HTTP/1.1" 304 -
186.31.175.21 - - [08/Mar/2024:01:00:25 -0500] "GET /sipse/faces/javax.faces.resource/layout/layout.js?ln=primefaces&v=4.0 HTTP/1.1" 304 -
186.31.175.21 - - [08/Mar/2024:01:00:25 -0500] "GET /sipse/css/imagen/contrasena.png HTTP/1.1" 404 383
186.31.175.21 - - [08/Mar/2024:01:00:30 -0500] "POST /sipse/faces/presentacion/financiero/solicitudProceso/consultarSolicitudProceso.xhtml HTTP/1.1" 200 78914
172.22.2.4 - - [08/Mar/2024:00:59:39 -0500] "HEAD /BLA/boletinlegal/ HTTP/1.1" 200 -
101.200.163.231 - - [08/Mar/2024:01:01:23 -0500] "HEAD /.vscode/sftp.json HTTP/1.1" 404 -
186.31.175.21 - - [08/Mar/2024:01:01:24 -0500] "POST /sipse/faces/presentacion/financiero/solicitudProceso/consultarSolicitudProceso.xhtml HTTP/1.1" 200 5562
201.245.192.253 - - [08/Mar/2024:01:01:26 -0500] "POST /forms/lservlet;jsessionid=ac16012b30d65740d95aaed04376ba5bc6200a0659e1.e3iSbxaKaheRe3iNc3uNbNmQay1ynknvrkLOlQzNp65In0 HTTP/1.1" 200 2
201.245.192.253 - - [08/Mar/2024:01:01:39 -0500] "POST /forms/lservlet;jsessionid=ac16012b30d684947034d65b4c4e923ce056fbb2be58.e3iSbxaKaheRe3iNc3uNbNmQay1ynknvrkLOlQzNp65In0 HTTP/1.1" 200 2
201.245.192.253 - - [08/Mar/2024:01:01:51 -0500] "POST /kwsrmcab/Wsrmcab  HTTP/1.1" 200 39632
172.22.2.4 - - [08/Mar/2024:01:00:30 -0500] "GET /BLA/boletinlegal/ HTTP/1.1" 200 59583
168.119.61.24 - - [08/Mar/2024:01:03:05 -0500] "GET / HTTP/1.1" 200 4720
201.245.192.253 - - [08/Mar/2024:01:03:26 -0500] "POST /forms/lservlet;jsessionid=ac16012b30d65740d95aaed04376ba5bc6200a0659e1.e3iSbxaKaheRe3iNc3uNbNmQay1ynknvrkLOlQzNp65In0 HTTP/1.1" 200 2
201.245.192.253 - - [08/Mar/2024:01:03:39 -0500] "POST /forms/lservlet;jsessionid=ac16012b30d684947034d65b4c4e923ce056fbb2be58.e3iSbxaKaheRe3iNc3uNbNmQay1ynknvrkLOlQzNp65In0 HTTP/1.1" 200 2
216.245.221.92 - - [08/Mar/2024:01:05:02 -0500] "HEAD / HTTP/1.1" 200 -
