216.245.221.92 - - [08/Mar/2024:05:30:01 -0500] "HEAD / HTTP/1.1" 200 -
201.245.192.253 - - [08/Mar/2024:05:30:15 -0500] "POST /kwsrmcab/Wsrmcab HTTP/1.1" 200 37167
172.22.2.4 - - [08/Mar/2024:05:28:49 -0500] "GET /BLA/boletinlegal/ HTTP/1.1" 200 58720
201.245.192.253 - - [08/Mar/2024:05:31:27 -0500] "POST /forms/lservlet;jsessionid=ac16012b30d65740d95aaed04376ba5bc6200a0659e1.e3iSbxaKaheRe3iNc3uNbNmQay1ynknvrkLOlQzNp65In0 HTTP/1.1" 200 2
201.245.192.253 - - [08/Mar/2024:05:31:40 -0500] "POST /forms/lservlet;jsessionid=ac16012b30d684947034d65b4c4e923ce056fbb2be58.e3iSbxaKaheRe3iNc3uNbNmQay1ynknvrkLOlQzNp65In0 HTTP/1.1" 200 2
201.245.192.253 - - [08/Mar/2024:05:31:43 -0500] "POST /kwsrmcab/Wsrmcab  HTTP/1.1" 200 39632
199.16.157.183 - - [08/Mar/2024:05:32:50 -0500] "GET /images/Aves%20SDA.jpeg HTTP/1.1" 200 75104
199.16.157.181 - - [08/Mar/2024:05:32:50 -0500] "GET /mis-de-50-aves-silvestres-fueron-recuperadas-en-la-localidad-de-tunjuelito.html HTTP/1.1" 200 806
201.245.192.253 - - [08/Mar/2024:05:33:27 -0500] "POST /forms/lservlet;jsessionid=ac16012b30d65740d95aaed04376ba5bc6200a0659e1.e3iSbxaKaheRe3iNc3uNbNmQay1ynknvrkLOlQzNp65In0 HTTP/1.1" 200 2
201.245.192.253 - - [08/Mar/2024:05:32:51 -0500] "POST /kwsrmcab/Wsrmcab  HTTP/1.1" 200 31845
201.245.192.253 - - [08/Mar/2024:05:33:40 -0500] "POST /forms/lservlet;jsessionid=ac16012b30d684947034d65b4c4e923ce056fbb2be58.e3iSbxaKaheRe3iNc3uNbNmQay1ynknvrkLOlQzNp65In0 HTTP/1.1" 200 2
201.245.192.253 - - [08/Mar/2024:05:33:59 -0500] "POST /kwsrmcab/Wsrmcab  HTTP/1.1" 200 39632
201.245.192.253 - - [08/Mar/2024:05:34:59 -0500] "POST /kwsrmcab/Wsrmcab  HTTP/1.1" 200 39632
216.245.221.92 - - [08/Mar/2024:05:35:01 -0500] "HEAD / HTTP/1.1" 200 -
201.245.192.253 - - [08/Mar/2024:05:35:27 -0500] "POST /forms/lservlet;jsessionid=ac16012b30d65740d95aaed04376ba5bc6200a0659e1.e3iSbxaKaheRe3iNc3uNbNmQay1ynknvrkLOlQzNp65In0 HTTP/1.1" 200 2
172.22.2.4 - - [08/Mar/2024:05:33:48 -0500] "HEAD /BLA/boletinlegal/ HTTP/1.1" 200 -
201.245.192.253 - - [08/Mar/2024:05:35:40 -0500] "POST /forms/lservlet;jsessionid=ac16012b30d684947034d65b4c4e923ce056fbb2be58.e3iSbxaKaheRe3iNc3uNbNmQay1ynknvrkLOlQzNp65In0 HTTP/1.1" 200 2
172.22.2.4 - - [08/Mar/2024:05:34:39 -0500] "GET /BLA/boletinlegal/ HTTP/1.1" 200 60380
17.241.75.85 - - [08/Mar/2024:05:36:26 -0500] "GET /participa-en-la-reciclaton-unisalle-solo-queda-un-dia.html HTTP/1.1" 200 763
201.245.192.253 - - [08/Mar/2024:05:37:27 -0500] "POST /forms/lservlet;jsessionid=ac16012b30d65740d95aaed04376ba5bc6200a0659e1.e3iSbxaKaheRe3iNc3uNbNmQay1ynknvrkLOlQzNp65In0 HTTP/1.1" 200 2
201.245.192.253 - - [08/Mar/2024:05:37:40 -0500] "POST /forms/lservlet;jsessionid=ac16012b30d684947034d65b4c4e923ce056fbb2be58.e3iSbxaKaheRe3iNc3uNbNmQay1ynknvrkLOlQzNp65In0 HTTP/1.1" 200 2
66.249.66.19 - - [08/Mar/2024:05:38:14 -0500] "GET /BLA/resoluciones/AUTOS%202012/1619.pdf HTTP/1.1" 200 392969
201.245.192.253 - - [08/Mar/2024:05:39:02 -0500] "POST /kwsrmcab/Wsrmcab HTTP/1.1" 200 39887
201.245.192.253 - - [08/Mar/2024:05:39:06 -0500] "POST /kwsrmcab/Wsrmcab HTTP/1.1" 200 37167
201.245.192.253 - - [08/Mar/2024:05:39:22 -0500] "POST /kwsrmcab/Wsrmcab HTTP/1.1" 200 39546
201.245.192.253 - - [08/Mar/2024:05:39:27 -0500] "POST /forms/lservlet;jsessionid=ac16012b30d65740d95aaed04376ba5bc6200a0659e1.e3iSbxaKaheRe3iNc3uNbNmQay1ynknvrkLOlQzNp65In0 HTTP/1.1" 200 2
201.245.192.253 - - [08/Mar/2024:05:39:40 -0500] "POST /forms/lservlet;jsessionid=ac16012b30d684947034d65b4c4e923ce056fbb2be58.e3iSbxaKaheRe3iNc3uNbNmQay1ynknvrkLOlQzNp65In0 HTTP/1.1" 200 2
216.245.221.92 - - [08/Mar/2024:05:40:01 -0500] "HEAD / HTTP/1.1" 200 -
201.245.192.253 - - [08/Mar/2024:05:39:57 -0500] "POST /kwsrmcab/Wsrmcab  HTTP/1.1" 200 39632
201.245.192.253 - - [08/Mar/2024:05:40:14 -0500] "POST /kwsrmcab/Wsrmcab HTTP/1.1" 200 37167
172.22.2.4 - - [08/Mar/2024:05:39:38 -0500] "HEAD /BLA/boletinlegal/ HTTP/1.1" 200 -
201.245.192.253 - - [08/Mar/2024:05:41:27 -0500] "POST /forms/lservlet;jsessionid=ac16012b30d65740d95aaed04376ba5bc6200a0659e1.e3iSbxaKaheRe3iNc3uNbNmQay1ynknvrkLOlQzNp65In0 HTTP/1.1" 200 2
201.245.192.253 - - [08/Mar/2024:05:41:40 -0500] "POST /forms/lservlet;jsessionid=ac16012b30d684947034d65b4c4e923ce056fbb2be58.e3iSbxaKaheRe3iNc3uNbNmQay1ynknvrkLOlQzNp65In0 HTTP/1.1" 200 2
172.22.2.4 - - [08/Mar/2024:05:40:29 -0500] "GET /BLA/boletinlegal/ HTTP/1.1" 200 58720
207.46.13.168 - - [08/Mar/2024:05:43:21 -0500] "GET /Publicaciones/2023EE132415.pdf HTTP/1.1" 404 228
201.245.192.253 - - [08/Mar/2024:05:43:27 -0500] "POST /forms/lservlet;jsessionid=ac16012b30d65740d95aaed04376ba5bc6200a0659e1.e3iSbxaKaheRe3iNc3uNbNmQay1ynknvrkLOlQzNp65In0 HTTP/1.1" 200 2
201.245.192.253 - - [08/Mar/2024:05:43:40 -0500] "POST /forms/lservlet;jsessionid=ac16012b30d684947034d65b4c4e923ce056fbb2be58.e3iSbxaKaheRe3iNc3uNbNmQay1ynknvrkLOlQzNp65In0 HTTP/1.1" 200 2
172.22.2.4 - - [08/Mar/2024:05:44:15 -0500] "GET /BLA/boletinlegal/Circulares/2012/Circular%20No.%2011%20del%2027%20de%20Agosto%20de%202012.pdf HTTP/1.1" 304 -
34.41.13.80 - - [08/Mar/2024:05:44:53 -0500] "GET /portaldeninos/wp-content/uploads/2021/09/infograf%C3%ADa-aire-septiembre.jpg HTTP/1.1" 200 333982
216.245.221.92 - - [08/Mar/2024:05:45:01 -0500] "HEAD / HTTP/1.1" 200 -
162.55.35.116 - - [08/Mar/2024:05:45:19 -0500] "GET / HTTP/1.1" 200 4720
201.245.192.253 - - [08/Mar/2024:05:45:27 -0500] "POST /forms/lservlet;jsessionid=ac16012b30d65740d95aaed04376ba5bc6200a0659e1.e3iSbxaKaheRe3iNc3uNbNmQay1ynknvrkLOlQzNp65In0 HTTP/1.1" 200 2
201.245.192.253 - - [08/Mar/2024:05:45:40 -0500] "POST /forms/lservlet;jsessionid=ac16012b30d684947034d65b4c4e923ce056fbb2be58.e3iSbxaKaheRe3iNc3uNbNmQay1ynknvrkLOlQzNp65In0 HTTP/1.1" 200 2
201.245.192.253 - - [08/Mar/2024:05:44:56 -0500] "POST /kwsrmcab/Wsrmcab  HTTP/1.1" 200 14501
201.245.192.253 - - [08/Mar/2024:05:46:05 -0500] "POST /kwsrmcab/Wsrmcab  HTTP/1.1" 200 39632
201.245.192.253 - - [08/Mar/2024:05:47:05 -0500] "POST /kwsrmcab/Wsrmcab  HTTP/1.1" 200 39632
172.22.2.4 - - [08/Mar/2024:05:45:28 -0500] "HEAD /BLA/boletinlegal/ HTTP/1.1" 200 -
201.245.192.253 - - [08/Mar/2024:05:47:27 -0500] "POST /forms/lservlet;jsessionid=ac16012b30d65740d95aaed04376ba5bc6200a0659e1.e3iSbxaKaheRe3iNc3uNbNmQay1ynknvrkLOlQzNp65In0 HTTP/1.1" 200 2
201.245.192.253 - - [08/Mar/2024:05:47:40 -0500] "POST /forms/lservlet;jsessionid=ac16012b30d684947034d65b4c4e923ce056fbb2be58.e3iSbxaKaheRe3iNc3uNbNmQay1ynknvrkLOlQzNp65In0 HTTP/1.1" 200 2
162.55.175.143 - - [08/Mar/2024:05:47:58 -0500] "GET / HTTP/1.1" 200 4720
172.22.2.4 - - [08/Mar/2024:05:46:19 -0500] "GET /BLA/boletinlegal/ HTTP/1.1" 200 57889
201.245.192.253 - - [08/Mar/2024:05:49:27 -0500] "POST /forms/lservlet;jsessionid=ac16012b30d65740d95aaed04376ba5bc6200a0659e1.e3iSbxaKaheRe3iNc3uNbNmQay1ynknvrkLOlQzNp65In0 HTTP/1.1" 200 2
201.245.192.253 - - [08/Mar/2024:05:49:40 -0500] "POST /forms/lservlet;jsessionid=ac16012b30d684947034d65b4c4e923ce056fbb2be58.e3iSbxaKaheRe3iNc3uNbNmQay1ynknvrkLOlQzNp65In0 HTTP/1.1" 200 2
216.245.221.92 - - [08/Mar/2024:05:50:01 -0500] "HEAD / HTTP/1.1" 200 -
87.236.176.230 - - [08/Mar/2024:05:50:02 -0500] "GET /portaldeninos/ HTTP/1.1" 200 110175
186.102.73.86 - - [08/Mar/2024:05:50:49 -0500] "GET /appsia/controlador HTTP/1.1" 200 4799
186.102.73.86 - - [08/Mar/2024:05:50:50 -0500] "GET /appsia/css/estilos.css HTTP/1.1" 200 4804
186.102.73.86 - - [08/Mar/2024:05:50:51 -0500] "GET /appsia/scripts/validarIngreso.js HTTP/1.1" 200 851
186.102.73.86 - - [08/Mar/2024:05:50:51 -0500] "GET /appsia/images/cabezoteHojaVida.png HTTP/1.1" 200 32493
186.102.73.86 - - [08/Mar/2024:05:50:51 -0500] "GET /appsia/images/logo_bogota_p.png HTTP/1.1" 200 14951
186.102.73.86 - - [08/Mar/2024:05:50:51 -0500] "GET /favicon.ico HTTP/1.1" 200 7782
201.245.192.253 - - [08/Mar/2024:05:51:27 -0500] "POST /forms/lservlet;jsessionid=ac16012b30d65740d95aaed04376ba5bc6200a0659e1.e3iSbxaKaheRe3iNc3uNbNmQay1ynknvrkLOlQzNp65In0 HTTP/1.1" 200 2
201.245.192.253 - - [08/Mar/2024:05:51:40 -0500] "POST /forms/lservlet;jsessionid=ac16012b30d684947034d65b4c4e923ce056fbb2be58.e3iSbxaKaheRe3iNc3uNbNmQay1ynknvrkLOlQzNp65In0 HTTP/1.1" 200 2
191.95.58.51 - - [08/Mar/2024:05:51:56 -0500] "GET /sipse/faces/faces/faces/autenticacion.xhtml HTTP/1.1" 200 12724
191.95.58.51 - - [08/Mar/2024:05:51:57 -0500] "GET /sipse/faces/javax.faces.resource/layout/layout.css;jsessionid=rLT8ZCEu62MaBl4wJDMhFyfC.undefined?ln=primefaces&v=4.0 HTTP/1.1" 200 542
191.95.58.51 - - [08/Mar/2024:05:51:57 -0500] "GET /sipse/faces/javax.faces.resource/layout/layout.js;jsessionid=rLT8ZCEu62MaBl4wJDMhFyfC.undefined?ln=primefaces&v=4.0 HTTP/1.1" 200 87560
191.95.58.51 - - [08/Mar/2024:05:51:57 -0500] "GET /sipse/faces/javax.faces.resource/theme.css?ln=primefaces-sipse HTTP/1.1" 304 -
191.95.58.51 - - [08/Mar/2024:05:51:57 -0500] "GET /sipse/faces/javax.faces.resource/jquery/jquery.js;jsessionid=rLT8ZCEu62MaBl4wJDMhFyfC.undefined?ln=primefaces&v=4.0 HTTP/1.1" 200 105384
191.95.58.51 - - [08/Mar/2024:05:51:57 -0500] "GET /sipse/faces/javax.faces.resource/primefaces.css;jsessionid=rLT8ZCEu62MaBl4wJDMhFyfC.undefined?ln=primefaces&v=4.0 HTTP/1.1" 200 53295
191.95.58.51 - - [08/Mar/2024:05:51:57 -0500] "GET /sipse/faces/javax.faces.resource/jquery/jquery-plugins.js;jsessionid=rLT8ZCEu62MaBl4wJDMhFyfC.undefined?ln=primefaces&v=4.0 HTTP/1.1" 200 220526
191.95.58.51 - - [08/Mar/2024:05:51:57 -0500] "GET /sipse/faces/javax.faces.resource/primefaces.js;jsessionid=rLT8ZCEu62MaBl4wJDMhFyfC.undefined?ln=primefaces&v=4.0 HTTP/1.1" 200 276924
191.95.58.51 - - [08/Mar/2024:05:51:58 -0500] "GET /sipse/faces/javax.faces.resource/images/ui-icons_898989_256x240.png?ln=primefaces-aristo HTTP/1.1" 304 -
201.245.192.253 - - [08/Mar/2024:05:52:04 -0500] "POST /kwsrmcab/Wsrmcab  HTTP/1.1" 200 39632
172.22.2.4 - - [08/Mar/2024:05:51:18 -0500] "HEAD /BLA/boletinlegal/ HTTP/1.1" 200 -
201.245.192.253 - - [08/Mar/2024:05:53:27 -0500] "POST /forms/lservlet;jsessionid=ac16012b30d65740d95aaed04376ba5bc6200a0659e1.e3iSbxaKaheRe3iNc3uNbNmQay1ynknvrkLOlQzNp65In0 HTTP/1.1" 200 2
186.83.246.35 - - [08/Mar/2024:05:53:29 -0500] "GET /BLA/resoluciones/index.php?dir=AUTOS+2022%2F HTTP/1.1" 200 512260
201.245.192.253 - - [08/Mar/2024:05:53:40 -0500] "POST /forms/lservlet;jsessionid=ac16012b30d684947034d65b4c4e923ce056fbb2be58.e3iSbxaKaheRe3iNc3uNbNmQay1ynknvrkLOlQzNp65In0 HTTP/1.1" 200 2
172.22.2.4 - - [08/Mar/2024:05:52:09 -0500] "GET /BLA/boletinlegal/ HTTP/1.1" 200 60730
216.245.221.92 - - [08/Mar/2024:05:55:01 -0500] "HEAD / HTTP/1.1" 200 -
201.245.192.253 - - [08/Mar/2024:05:55:27 -0500] "POST /forms/lservlet;jsessionid=ac16012b30d65740d95aaed04376ba5bc6200a0659e1.e3iSbxaKaheRe3iNc3uNbNmQay1ynknvrkLOlQzNp65In0 HTTP/1.1" 200 2
201.245.192.253 - - [08/Mar/2024:05:55:40 -0500] "POST /forms/lservlet;jsessionid=ac16012b30d684947034d65b4c4e923ce056fbb2be58.e3iSbxaKaheRe3iNc3uNbNmQay1ynknvrkLOlQzNp65In0 HTTP/1.1" 200 2
201.245.192.253 - - [08/Mar/2024:05:57:03 -0500] "POST /kwsrmcab/Wsrmcab  HTTP/1.1" 200 39632
201.245.192.253 - - [08/Mar/2024:05:57:27 -0500] "POST /forms/lservlet;jsessionid=ac16012b30d65740d95aaed04376ba5bc6200a0659e1.e3iSbxaKaheRe3iNc3uNbNmQay1ynknvrkLOlQzNp65In0 HTTP/1.1" 200 2
201.245.192.253 - - [08/Mar/2024:05:57:40 -0500] "POST /forms/lservlet;jsessionid=ac16012b30d684947034d65b4c4e923ce056fbb2be58.e3iSbxaKaheRe3iNc3uNbNmQay1ynknvrkLOlQzNp65In0 HTTP/1.1" 200 2
172.22.2.4 - - [08/Mar/2024:05:57:08 -0500] "HEAD /BLA/boletinlegal/ HTTP/1.1" 200 -
201.245.192.253 - - [08/Mar/2024:05:59:27 -0500] "POST /forms/lservlet;jsessionid=ac16012b30d65740d95aaed04376ba5bc6200a0659e1.e3iSbxaKaheRe3iNc3uNbNmQay1ynknvrkLOlQzNp65In0 HTTP/1.1" 200 2
172.22.2.4 - - [08/Mar/2024:05:57:59 -0500] "GET /BLA/boletinlegal/ HTTP/1.1" 200 55823
201.245.192.253 - - [08/Mar/2024:05:59:40 -0500] "POST /forms/lservlet;jsessionid=ac16012b30d684947034d65b4c4e923ce056fbb2be58.e3iSbxaKaheRe3iNc3uNbNmQay1ynknvrkLOlQzNp65In0 HTTP/1.1" 200 2
17.241.227.137 - - [08/Mar/2024:05:59:55 -0500] "GET /distrito-declara-alerta-zonal-por-deterioro-de-calidad-de-aire-y-toma-nuevas-decisiones-en-materia-de-movilidad.html HTTP/1.1" 200 860
216.245.221.92 - - [08/Mar/2024:06:00:01 -0500] "HEAD / HTTP/1.1" 200 -
201.245.192.253 - - [08/Mar/2024:06:01:27 -0500] "POST /forms/lservlet;jsessionid=ac16012b30d65740d95aaed04376ba5bc6200a0659e1.e3iSbxaKaheRe3iNc3uNbNmQay1ynknvrkLOlQzNp65In0 HTTP/1.1" 200 2
201.245.192.253 - - [08/Mar/2024:06:01:40 -0500] "POST /forms/lservlet;jsessionid=ac16012b30d684947034d65b4c4e923ce056fbb2be58.e3iSbxaKaheRe3iNc3uNbNmQay1ynknvrkLOlQzNp65In0 HTTP/1.1" 200 2
201.245.192.253 - - [08/Mar/2024:06:02:03 -0500] "POST /kwsrmcab/Wsrmcab  HTTP/1.1" 200 39632
207.46.13.36 - - [08/Mar/2024:06:02:25 -0500] "GET /sipse/faces/presentacion/sistema/anexos/cargarAnexoSolicitudProceso.xhtml HTTP/1.1" 302 -
207.46.13.36 - - [08/Mar/2024:06:02:26 -0500] "GET /sipse/faces/autenticacion.xhtml HTTP/1.1" 200 12402
43.153.15.128 - - [08/Mar/2024:06:02:46 -0500] "GET / HTTP/1.1" 200 319
66.249.66.19 - - [08/Mar/2024:06:03:23 -0500] "GET /bla/resoluciones/resoluciones%202007/res%202007%204001%20al%204100/resolucion%204090%20de%202007.pdf HTTP/1.1" 200 13950935
201.245.192.253 - - [08/Mar/2024:06:03:27 -0500] "POST /forms/lservlet;jsessionid=ac16012b30d65740d95aaed04376ba5bc6200a0659e1.e3iSbxaKaheRe3iNc3uNbNmQay1ynknvrkLOlQzNp65In0 HTTP/1.1" 200 2
66.249.66.19 - - [08/Mar/2024:06:03:27 -0500] "GET /silvicultura/6.pdf HTTP/1.1" 200 215404
201.245.192.253 - - [08/Mar/2024:06:03:40 -0500] "POST /forms/lservlet;jsessionid=ac16012b30d684947034d65b4c4e923ce056fbb2be58.e3iSbxaKaheRe3iNc3uNbNmQay1ynknvrkLOlQzNp65In0 HTTP/1.1" 200 2
186.102.41.77 - - [08/Mar/2024:06:03:47 -0500] "POST /appsia/controlador HTTP/1.1" 200 4799
172.22.2.4 - - [08/Mar/2024:06:03:15 -0500] "GET /BLA/boletinlegal/ HTTP/1.1" 200 24523
34.121.176.84 - - [08/Mar/2024:06:04:12 -0500] "GET /portaldeninos/wp-content/uploads/2022/04/banner-pa%CC%81gina-de-nin%CC%83os-libro-digital-abril.jpg HTTP/1.1" 200 9529
40.77.167.22 - - [08/Mar/2024:06:04:36 -0500] "GET /Publicaciones/2024EE32254.pdf HTTP/1.1" 404 227
172.22.2.4 - - [08/Mar/2024:06:02:58 -0500] "HEAD /BLA/boletinlegal/ HTTP/1.1" 200 -
216.245.221.92 - - [08/Mar/2024:06:05:01 -0500] "HEAD / HTTP/1.1" 200 -
40.77.167.235 - - [08/Mar/2024:06:05:17 -0500] "GET /BLA/resoluciones/RESOLUCIONES%202015/0740.pdf HTTP/1.1" 200 1144362
201.245.192.253 - - [08/Mar/2024:06:05:27 -0500] "POST /forms/lservlet;jsessionid=ac16012b30d65740d95aaed04376ba5bc6200a0659e1.e3iSbxaKaheRe3iNc3uNbNmQay1ynknvrkLOlQzNp65In0 HTTP/1.1" 200 2
172.22.2.4 - - [08/Mar/2024:06:03:49 -0500] "GET /BLA/boletinlegal/ HTTP/1.1" 200 53818
201.245.192.253 - - [08/Mar/2024:06:05:40 -0500] "POST /forms/lservlet;jsessionid=ac16012b30d684947034d65b4c4e923ce056fbb2be58.e3iSbxaKaheRe3iNc3uNbNmQay1ynknvrkLOlQzNp65In0 HTTP/1.1" 200 2
201.245.192.253 - - [08/Mar/2024:06:07:01 -0500] "POST /kwsrmcab/Wsrmcab  HTTP/1.1" 200 39632
201.245.192.253 - - [08/Mar/2024:06:07:27 -0500] "POST /forms/lservlet;jsessionid=ac16012b30d65740d95aaed04376ba5bc6200a0659e1.e3iSbxaKaheRe3iNc3uNbNmQay1ynknvrkLOlQzNp65In0 HTTP/1.1" 200 2
201.245.192.253 - - [08/Mar/2024:06:07:40 -0500] "POST /forms/lservlet;jsessionid=ac16012b30d684947034d65b4c4e923ce056fbb2be58.e3iSbxaKaheRe3iNc3uNbNmQay1ynknvrkLOlQzNp65In0 HTTP/1.1" 200 2
201.245.192.253 - - [08/Mar/2024:06:09:27 -0500] "POST /forms/lservlet;jsessionid=ac16012b30d65740d95aaed04376ba5bc6200a0659e1.e3iSbxaKaheRe3iNc3uNbNmQay1ynknvrkLOlQzNp65In0 HTTP/1.1" 200 2
201.245.192.253 - - [08/Mar/2024:06:09:40 -0500] "POST /forms/lservlet;jsessionid=ac16012b30d684947034d65b4c4e923ce056fbb2be58.e3iSbxaKaheRe3iNc3uNbNmQay1ynknvrkLOlQzNp65In0 HTTP/1.1" 200 2
216.245.221.92 - - [08/Mar/2024:06:10:01 -0500] "HEAD / HTTP/1.1" 200 -
172.22.2.4 - - [08/Mar/2024:06:08:22 -0500] "GET /BLA/boletinlegal/ HTTP/1.1" 200 54913
172.22.2.4 - - [08/Mar/2024:06:10:05 -0500] "GET /BLA/boletinlegal/js/jquery.scrollShow.js HTTP/1.1" 200 4586
172.22.2.4 - - [08/Mar/2024:06:08:48 -0500] "HEAD /BLA/boletinlegal/ HTTP/1.1" 200 -
66.249.66.19 - - [08/Mar/2024:06:11:00 -0500] "GET /sipse/faces/javax.faces.resource/theme.css?ln=primefaces-sipse HTTP/1.1" 200 50058
172.22.2.4 - - [08/Mar/2024:06:09:39 -0500] "GET /BLA/boletinlegal/ HTTP/1.1" 200 57136
201.245.192.253 - - [08/Mar/2024:06:11:27 -0500] "POST /forms/lservlet;jsessionid=ac16012b30d65740d95aaed04376ba5bc6200a0659e1.e3iSbxaKaheRe3iNc3uNbNmQay1ynknvrkLOlQzNp65In0 HTTP/1.1" 200 2
201.245.192.253 - - [08/Mar/2024:06:11:40 -0500] "POST /forms/lservlet;jsessionid=ac16012b30d684947034d65b4c4e923ce056fbb2be58.e3iSbxaKaheRe3iNc3uNbNmQay1ynknvrkLOlQzNp65In0 HTTP/1.1" 200 2
66.249.66.20 - - [08/Mar/2024:06:11:47 -0500] "GET /BLA/resoluciones/RESOLUCIONES%202013/1262.pdf HTTP/1.1" 304 -
201.245.192.253 - - [08/Mar/2024:06:12:00 -0500] "POST /kwsrmcab/Wsrmcab  HTTP/1.1" 200 39632
199.16.157.180 - - [08/Mar/2024:06:13:13 -0500] "GET /images/pl%C3%A1sticos%20foto%201..jpg HTTP/1.1" 404 1034
201.245.192.253 - - [08/Mar/2024:06:13:27 -0500] "POST /forms/lservlet;jsessionid=ac16012b30d65740d95aaed04376ba5bc6200a0659e1.e3iSbxaKaheRe3iNc3uNbNmQay1ynknvrkLOlQzNp65In0 HTTP/1.1" 200 2
201.245.192.253 - - [08/Mar/2024:06:13:40 -0500] "POST /forms/lservlet;jsessionid=ac16012b30d684947034d65b4c4e923ce056fbb2be58.e3iSbxaKaheRe3iNc3uNbNmQay1ynknvrkLOlQzNp65In0 HTTP/1.1" 200 2
66.249.66.20 - - [08/Mar/2024:06:14:55 -0500] "GET /BLA/resoluciones/AUTOS%202008/1748.pdf HTTP/1.1" 200 186219
216.245.221.92 - - [08/Mar/2024:06:15:01 -0500] "HEAD / HTTP/1.1" 200 -
201.245.192.253 - - [08/Mar/2024:06:15:27 -0500] "POST /forms/lservlet;jsessionid=ac16012b30d65740d95aaed04376ba5bc6200a0659e1.e3iSbxaKaheRe3iNc3uNbNmQay1ynknvrkLOlQzNp65In0 HTTP/1.1" 200 2
207.46.13.151 - - [08/Mar/2024:06:15:37 -0500] "GET /BLA/resoluciones/RESOLUCIONES%202015/1319.pdf HTTP/1.1" 200 774441
201.245.192.253 - - [08/Mar/2024:06:15:40 -0500] "POST /forms/lservlet;jsessionid=ac16012b30d684947034d65b4c4e923ce056fbb2be58.e3iSbxaKaheRe3iNc3uNbNmQay1ynknvrkLOlQzNp65In0 HTTP/1.1" 200 2
66.249.66.165 - - [08/Mar/2024:06:16:04 -0500] "GET /robots.txt HTTP/1.1" 404 1035
66.249.66.167 - - [08/Mar/2024:06:16:04 -0500] "GET /portaldeninos/gestion-del-riesgo-incendios-forestales/ HTTP/1.1" 200 86825
172.22.2.4 - - [08/Mar/2024:06:14:38 -0500] "HEAD /BLA/boletinlegal/ HTTP/1.1" 200 -
201.245.192.253 - - [08/Mar/2024:06:16:58 -0500] "POST /kwsrmcab/Wsrmcab  HTTP/1.1" 200 39632
172.22.2.4 - - [08/Mar/2024:06:15:29 -0500] "GET /BLA/boletinlegal/ HTTP/1.1" 200 57889
201.245.192.253 - - [08/Mar/2024:06:17:27 -0500] "POST /forms/lservlet;jsessionid=ac16012b30d65740d95aaed04376ba5bc6200a0659e1.e3iSbxaKaheRe3iNc3uNbNmQay1ynknvrkLOlQzNp65In0 HTTP/1.1" 200 2
201.245.192.253 - - [08/Mar/2024:06:17:40 -0500] "POST /forms/lservlet;jsessionid=ac16012b30d684947034d65b4c4e923ce056fbb2be58.e3iSbxaKaheRe3iNc3uNbNmQay1ynknvrkLOlQzNp65In0 HTTP/1.1" 200 2
173.252.107.6 - - [08/Mar/2024:06:18:01 -0500] "GET /distrito-cierra-preventivamente-los-caminos-de-los-cerros-para-evitar-incendios-forestales.html HTTP/1.1" 206 982
173.252.107.3 - - [08/Mar/2024:06:18:02 -0500] "GET /distrito-cierra-preventivamente-los-caminos-de-los-cerros-para-evitar-incendios-forestales.html HTTP/1.1" 200 982
173.252.107.12 - - [08/Mar/2024:06:18:02 -0500] "GET /distrito-cierra-preventivamente-los-caminos-de-los-cerros-para-evitar-incendios-forestales.html HTTP/1.1" 200 982
40.77.167.9 - - [08/Mar/2024:06:18:07 -0500] "GET /Publicaciones/2024EE41543.pdf HTTP/1.1" 404 227
201.245.192.253 - - [08/Mar/2024:06:19:01 -0500] "POST /kwsrmcab/Wsrmcab HTTP/1.1" 200 39739
201.245.192.253 - - [08/Mar/2024:06:19:03 -0500] "POST /kwsrmcab/Wsrmcab HTTP/1.1" 200 37157
201.245.192.253 - - [08/Mar/2024:06:19:22 -0500] "POST /kwsrmcab/Wsrmcab HTTP/1.1" 200 39399
201.245.192.253 - - [08/Mar/2024:06:19:27 -0500] "POST /forms/lservlet;jsessionid=ac16012b30d65740d95aaed04376ba5bc6200a0659e1.e3iSbxaKaheRe3iNc3uNbNmQay1ynknvrkLOlQzNp65In0 HTTP/1.1" 200 2
201.245.192.253 - - [08/Mar/2024:06:19:40 -0500] "POST /forms/lservlet;jsessionid=ac16012b30d684947034d65b4c4e923ce056fbb2be58.e3iSbxaKaheRe3iNc3uNbNmQay1ynknvrkLOlQzNp65In0 HTTP/1.1" 200 2
216.245.221.92 - - [08/Mar/2024:06:20:01 -0500] "HEAD / HTTP/1.1" 200 -
201.245.192.253 - - [08/Mar/2024:06:20:15 -0500] "POST /kwsrmcab/Wsrmcab HTTP/1.1" 200 37157
201.245.192.253 - - [08/Mar/2024:06:21:27 -0500] "POST /forms/lservlet;jsessionid=ac16012b30d65740d95aaed04376ba5bc6200a0659e1.e3iSbxaKaheRe3iNc3uNbNmQay1ynknvrkLOlQzNp65In0 HTTP/1.1" 200 2
207.46.13.125 - - [08/Mar/2024:06:21:28 -0500] "GET /BLA/resoluciones/AUTOS%202022/2827.pdf HTTP/1.1" 304 -
201.245.192.253 - - [08/Mar/2024:06:21:40 -0500] "POST /forms/lservlet;jsessionid=ac16012b30d684947034d65b4c4e923ce056fbb2be58.e3iSbxaKaheRe3iNc3uNbNmQay1ynknvrkLOlQzNp65In0 HTTP/1.1" 200 2
201.245.192.253 - - [08/Mar/2024:06:21:56 -0500] "POST /kwsrmcab/Wsrmcab  HTTP/1.1" 200 39632
172.22.2.4 - - [08/Mar/2024:06:20:28 -0500] "HEAD /BLA/boletinlegal/ HTTP/1.1" 200 -
66.249.66.19 - - [08/Mar/2024:06:22:45 -0500] "GET /resoluciones/RESOLUCIONES%202008/3741.pdf HTTP/1.1" 404 1018
172.22.2.4 - - [08/Mar/2024:06:21:19 -0500] "GET /BLA/boletinlegal/ HTTP/1.1" 200 59083
201.245.192.253 - - [08/Mar/2024:06:23:27 -0500] "POST /forms/lservlet;jsessionid=ac16012b30d65740d95aaed04376ba5bc6200a0659e1.e3iSbxaKaheRe3iNc3uNbNmQay1ynknvrkLOlQzNp65In0 HTTP/1.1" 200 2
201.245.192.253 - - [08/Mar/2024:06:23:40 -0500] "POST /forms/lservlet;jsessionid=ac16012b30d684947034d65b4c4e923ce056fbb2be58.e3iSbxaKaheRe3iNc3uNbNmQay1ynknvrkLOlQzNp65In0 HTTP/1.1" 200 2
172.22.2.4 - - [08/Mar/2024:06:24:05 -0500] "GET /BLA/boletinlegal/robots.txt HTTP/1.1" 404 1038
216.245.221.92 - - [08/Mar/2024:06:25:01 -0500] "HEAD / HTTP/1.1" 200 -
201.245.192.253 - - [08/Mar/2024:06:25:27 -0500] "POST /forms/lservlet;jsessionid=ac16012b30d65740d95aaed04376ba5bc6200a0659e1.e3iSbxaKaheRe3iNc3uNbNmQay1ynknvrkLOlQzNp65In0 HTTP/1.1" 200 2
201.245.192.253 - - [08/Mar/2024:06:25:40 -0500] "POST /forms/lservlet;jsessionid=ac16012b30d684947034d65b4c4e923ce056fbb2be58.e3iSbxaKaheRe3iNc3uNbNmQay1ynknvrkLOlQzNp65In0 HTTP/1.1" 200 2
191.104.146.227 - - [08/Mar/2024:06:25:56 -0500] "GET /sipse/faces/faces/autenticacion.xhtml HTTP/1.1" 200 12724
191.104.146.227 - - [08/Mar/2024:06:25:56 -0500] "GET /sipse/faces/javax.faces.resource/layout/layout.css;jsessionid=u71UFBg8TZ8iHQUzMCFPOQ91.undefined?ln=primefaces&v=4.0 HTTP/1.1" 200 542
191.104.146.227 - - [08/Mar/2024:06:25:56 -0500] "GET /sipse/faces/javax.faces.resource/theme.css?ln=primefaces-sipse HTTP/1.1" 304 -
191.104.146.227 - - [08/Mar/2024:06:25:56 -0500] "GET /sipse/faces/javax.faces.resource/primefaces.css;jsessionid=u71UFBg8TZ8iHQUzMCFPOQ91.undefined?ln=primefaces&v=4.0 HTTP/1.1" 200 53295
191.104.146.227 - - [08/Mar/2024:06:25:56 -0500] "GET /sipse/faces/javax.faces.resource/layout/layout.js;jsessionid=u71UFBg8TZ8iHQUzMCFPOQ91.undefined?ln=primefaces&v=4.0 HTTP/1.1" 200 87560
191.104.146.227 - - [08/Mar/2024:06:25:56 -0500] "GET /sipse/faces/javax.faces.resource/jquery/jquery.js;jsessionid=u71UFBg8TZ8iHQUzMCFPOQ91.undefined?ln=primefaces&v=4.0 HTTP/1.1" 200 105384
191.104.146.227 - - [08/Mar/2024:06:25:56 -0500] "GET /sipse/faces/javax.faces.resource/jquery/jquery-plugins.js;jsessionid=u71UFBg8TZ8iHQUzMCFPOQ91.undefined?ln=primefaces&v=4.0 HTTP/1.1" 200 220526
191.104.146.227 - - [08/Mar/2024:06:25:56 -0500] "GET /sipse/faces/javax.faces.resource/primefaces.js;jsessionid=u71UFBg8TZ8iHQUzMCFPOQ91.undefined?ln=primefaces&v=4.0 HTTP/1.1" 200 276924
172.22.2.4 - - [08/Mar/2024:06:24:16 -0500] "GET /BLA/boletinlegal/ HTTP/1.1" 200 62720
191.104.146.227 - - [08/Mar/2024:06:25:56 -0500] "GET /sipse/faces/javax.faces.resource/images/ui-icons_898989_256x240.png?ln=primefaces-aristo HTTP/1.1" 304 -
191.104.146.227 - - [08/Mar/2024:06:25:56 -0500] "GET /sipse/faces/faces/index.xhtml HTTP/1.1" 200 677
191.104.146.227 - - [08/Mar/2024:06:25:56 -0500] "GET /sipse/faces/javax.faces.resource/theme.css?ln=primefaces-sipse HTTP/1.1" 304 -
191.104.146.227 - - [08/Mar/2024:06:25:57 -0500] "GET /sipse/faces/faces/faces/autenticacion.xhtml HTTP/1.1" 200 12402
191.104.146.227 - - [08/Mar/2024:06:25:57 -0500] "GET /sipse/faces/javax.faces.resource/theme.css?ln=primefaces-sipse HTTP/1.1" 304 -
191.104.146.227 - - [08/Mar/2024:06:25:57 -0500] "GET /sipse/faces/javax.faces.resource/layout/layout.css?ln=primefaces&v=4.0 HTTP/1.1" 304 -
191.104.146.227 - - [08/Mar/2024:06:25:57 -0500] "GET /sipse/faces/javax.faces.resource/primefaces.css?ln=primefaces&v=4.0 HTTP/1.1" 304 -
191.104.146.227 - - [08/Mar/2024:06:25:57 -0500] "GET /sipse/faces/javax.faces.resource/jquery/jquery.js?ln=primefaces&v=4.0 HTTP/1.1" 304 -
191.104.146.227 - - [08/Mar/2024:06:25:57 -0500] "GET /sipse/faces/javax.faces.resource/jquery/jquery-plugins.js?ln=primefaces&v=4.0 HTTP/1.1" 304 -
191.104.146.227 - - [08/Mar/2024:06:25:57 -0500] "GET /sipse/faces/javax.faces.resource/primefaces.js?ln=primefaces&v=4.0 HTTP/1.1" 304 -
191.104.146.227 - - [08/Mar/2024:06:25:57 -0500] "GET /sipse/faces/javax.faces.resource/layout/layout.js?ln=primefaces&v=4.0 HTTP/1.1" 304 -
191.104.146.227 - - [08/Mar/2024:06:25:57 -0500] "GET /sipse/faces/javax.faces.resource/images/ui-icons_898989_256x240.png?ln=primefaces-aristo HTTP/1.1" 304 -
191.104.146.227 - - [08/Mar/2024:06:26:02 -0500] "POST /sipse/faces/autenticacion.xhtml HTTP/1.1" 200 16280
191.104.146.227 - - [08/Mar/2024:06:26:02 -0500] "GET /sipse/css/custom_css_sg_prime.css HTTP/1.1" 200 5201
191.104.146.227 - - [08/Mar/2024:06:26:02 -0500] "GET /sipse/faces/javax.faces.resource/jquery/jquery.js?ln=primefaces&v=4.0 HTTP/1.1" 304 -
191.104.146.227 - - [08/Mar/2024:06:26:02 -0500] "GET /sipse/faces/javax.faces.resource/jquery/jquery-plugins.js?ln=primefaces&v=4.0 HTTP/1.1" 304 -
191.104.146.227 - - [08/Mar/2024:06:26:02 -0500] "GET /sipse/faces/javax.faces.resource/primefaces.js?ln=primefaces&v=4.0 HTTP/1.1" 304 -
191.104.146.227 - - [08/Mar/2024:06:26:02 -0500] "GET /sipse/faces/javax.faces.resource/layout/layout.js?ln=primefaces&v=4.0 HTTP/1.1" 304 -
191.104.146.227 - - [08/Mar/2024:06:26:02 -0500] "GET /sipse/css/v_mergente.css HTTP/1.1" 200 1505
191.104.146.227 - - [08/Mar/2024:06:26:02 -0500] "GET /sipse/css/imagen/contrasena.png HTTP/1.1" 404 383
191.104.146.227 - - [08/Mar/2024:06:26:02 -0500] "GET /sipse/imagenes/cargando.gif HTTP/1.1" 200 19186
191.104.146.227 - - [08/Mar/2024:06:26:02 -0500] "GET /sipse/imagenes/logoAplicacion.jpg HTTP/1.1" 200 15711
191.104.146.227 - - [08/Mar/2024:06:26:02 -0500] "GET /sipse/faces/javax.faces.resource/messages/messages.png?ln=primefaces&v=4.0 HTTP/1.1" 200 27209
191.104.146.227 - - [08/Mar/2024:06:26:42 -0500] "GET /sipse/faces/javax.faces.resource/images/ui-bg_flat_0_2d5972_40x100.png?ln=primefaces-aristo HTTP/1.1" 304 -
191.104.146.227 - - [08/Mar/2024:06:26:42 -0500] "POST /sipse/faces/bienvenido.xhtml HTTP/1.1" 200 1471
191.104.146.227 - - [08/Mar/2024:06:26:43 -0500] "POST /sipse/faces/bienvenido.xhtml HTTP/1.1" 200 58646
191.104.146.227 - - [08/Mar/2024:06:26:43 -0500] "GET /sipse/faces/javax.faces.resource/jquery/jquery.js?ln=primefaces&v=4.0 HTTP/1.1" 304 -
191.104.146.227 - - [08/Mar/2024:06:26:43 -0500] "GET /sipse/faces/javax.faces.resource/jquery/jquery-plugins.js?ln=primefaces&v=4.0 HTTP/1.1" 304 -
191.104.146.227 - - [08/Mar/2024:06:26:43 -0500] "GET /sipse/faces/javax.faces.resource/primefaces.js?ln=primefaces&v=4.0 HTTP/1.1" 304 -
191.104.146.227 - - [08/Mar/2024:06:26:43 -0500] "GET /sipse/faces/javax.faces.resource/layout/layout.js?ln=primefaces&v=4.0 HTTP/1.1" 304 -
191.104.146.227 - - [08/Mar/2024:06:26:44 -0500] "POST /sipse/faces/presentacion/financiero/solicitudProceso/listarSolicitudProceso.xhtml HTTP/1.1" 200 1556
201.245.192.253 - - [08/Mar/2024:06:26:54 -0500] "POST /kwsrmcab/Wsrmcab  HTTP/1.1" 200 39632
191.104.146.227 - - [08/Mar/2024:06:26:56 -0500] "POST /sipse/faces/presentacion/financiero/solicitudProceso/listarSolicitudProceso.xhtml HTTP/1.1" 200 146942
191.104.146.227 - - [08/Mar/2024:06:26:57 -0500] "GET /sipse/faces/javax.faces.resource/jquery/jquery.js?ln=primefaces&v=4.0 HTTP/1.1" 304 -
191.104.146.227 - - [08/Mar/2024:06:26:57 -0500] "GET /sipse/faces/javax.faces.resource/jquery/jquery-plugins.js?ln=primefaces&v=4.0 HTTP/1.1" 304 -
191.104.146.227 - - [08/Mar/2024:06:26:57 -0500] "GET /sipse/faces/javax.faces.resource/primefaces.js?ln=primefaces&v=4.0 HTTP/1.1" 304 -
191.104.146.227 - - [08/Mar/2024:06:26:57 -0500] "GET /sipse/faces/javax.faces.resource/layout/layout.js?ln=primefaces&v=4.0 HTTP/1.1" 304 -
52.112.95.133 - - [08/Mar/2024:06:27:01 -0500] "GET /images/voluntariado%20ambiental.jpg HTTP/1.1" 200 59489
201.245.192.253 - - [08/Mar/2024:06:27:27 -0500] "POST /forms/lservlet;jsessionid=ac16012b30d65740d95aaed04376ba5bc6200a0659e1.e3iSbxaKaheRe3iNc3uNbNmQay1ynknvrkLOlQzNp65In0 HTTP/1.1" 200 2
191.104.146.227 - - [08/Mar/2024:06:27:38 -0500] "POST /sipse/faces/presentacion/financiero/solicitudProceso/consultarSolicitudProceso.xhtml HTTP/1.1" 200 188571
201.245.192.253 - - [08/Mar/2024:06:27:40 -0500] "POST /forms/lservlet;jsessionid=ac16012b30d684947034d65b4c4e923ce056fbb2be58.e3iSbxaKaheRe3iNc3uNbNmQay1ynknvrkLOlQzNp65In0 HTTP/1.1" 200 2
168.119.252.242 - - [08/Mar/2024:06:27:55 -0500] "GET / HTTP/1.1" 200 4720
172.22.2.4 - - [08/Mar/2024:06:26:18 -0500] "HEAD /BLA/boletinlegal/ HTTP/1.1" 200 -
191.104.146.227 - - [08/Mar/2024:06:28:32 -0500] "POST /sipse/faces/presentacion/financiero/solicitudProceso/consultarSolicitudProceso.xhtml HTTP/1.1" 200 80900
191.104.146.227 - - [08/Mar/2024:06:28:37 -0500] "POST /sipse/faces/presentacion/financiero/solicitudProceso/consultarSolicitudProceso.xhtml HTTP/1.1" 200 131531
172.22.2.4 - - [08/Mar/2024:06:27:09 -0500] "GET /BLA/boletinlegal/ HTTP/1.1" 200 58720
201.245.192.253 - - [08/Mar/2024:06:29:01 -0500] "POST /kwsrmcab/Wsrmcab HTTP/1.1" 200 39739
191.104.146.227 - - [08/Mar/2024:06:29:03 -0500] "POST /sipse/faces/presentacion/financiero/solicitudProceso/consultarSolicitudProceso.xhtml HTTP/1.1" 200 160699
201.245.192.253 - - [08/Mar/2024:06:29:03 -0500] "POST /kwsrmcab/Wsrmcab HTTP/1.1" 200 37157
191.104.146.227 - - [08/Mar/2024:06:29:17 -0500] "POST /sipse/faces/presentacion/financiero/solicitudProceso/consultarSolicitudProceso.xhtml HTTP/1.1" 200 131531
185.191.171.4 - - [08/Mar/2024:06:29:18 -0500] "GET /robots.txt HTTP/1.1" 404 1035
185.191.171.10 - - [08/Mar/2024:06:29:18 -0500] "GET /portaldeninos/los-arboles/tips/ HTTP/1.1" 200 87677
201.245.192.253 - - [08/Mar/2024:06:29:22 -0500] "POST /kwsrmcab/Wsrmcab HTTP/1.1" 200 39399
201.245.192.253 - - [08/Mar/2024:06:29:27 -0500] "POST /forms/lservlet;jsessionid=ac16012b30d65740d95aaed04376ba5bc6200a0659e1.e3iSbxaKaheRe3iNc3uNbNmQay1ynknvrkLOlQzNp65In0 HTTP/1.1" 200 2
191.104.146.227 - - [08/Mar/2024:06:29:28 -0500] "POST /sipse/faces/presentacion/financiero/solicitudProceso/consultarSolicitudProceso.xhtml HTTP/1.1" 200 2093987
191.104.146.227 - - [08/Mar/2024:06:29:32 -0500] "POST /sipse/faces/presentacion/financiero/solicitudProceso/consultarSolicitudProceso.xhtml HTTP/1.1" 200 3422154
191.104.146.227 - - [08/Mar/2024:06:29:36 -0500] "POST /sipse/faces/presentacion/financiero/solicitudProceso/consultarSolicitudProceso.xhtml HTTP/1.1" 200 2701204
191.104.146.227 - - [08/Mar/2024:06:29:39 -0500] "POST /sipse/faces/presentacion/financiero/solicitudProceso/consultarSolicitudProceso.xhtml HTTP/1.1" 200 1312355
201.245.192.253 - - [08/Mar/2024:06:29:40 -0500] "POST /forms/lservlet;jsessionid=ac16012b30d684947034d65b4c4e923ce056fbb2be58.e3iSbxaKaheRe3iNc3uNbNmQay1ynknvrkLOlQzNp65In0 HTTP/1.1" 200 2
216.245.221.92 - - [08/Mar/2024:06:30:01 -0500] "HEAD / HTTP/1.1" 200 -
66.249.66.20 - - [08/Mar/2024:06:30:03 -0500] "GET /BLA/resoluciones/AUTOS%202012/3002.pdf HTTP/1.1" 200 2442265
201.245.192.253 - - [08/Mar/2024:06:30:15 -0500] "POST /kwsrmcab/Wsrmcab HTTP/1.1" 200 37157
201.245.192.253 - - [08/Mar/2024:06:31:27 -0500] "POST /forms/lservlet;jsessionid=ac16012b30d65740d95aaed04376ba5bc6200a0659e1.e3iSbxaKaheRe3iNc3uNbNmQay1ynknvrkLOlQzNp65In0 HTTP/1.1" 200 2
190.25.111.155 - - [08/Mar/2024:06:31:38 -0500] "GET /distrito-cierra-preventivamente-los-caminos-de-los-cerros-para-evitar-incendios-forestales.html HTTP/1.1" 200 982
201.245.192.253 - - [08/Mar/2024:06:31:40 -0500] "POST /forms/lservlet;jsessionid=ac16012b30d684947034d65b4c4e923ce056fbb2be58.e3iSbxaKaheRe3iNc3uNbNmQay1ynknvrkLOlQzNp65In0 HTTP/1.1" 200 2
201.245.192.253 - - [08/Mar/2024:06:31:52 -0500] "POST /kwsrmcab/Wsrmcab  HTTP/1.1" 200 39632
201.245.192.253 - - [08/Mar/2024:06:33:27 -0500] "POST /forms/lservlet;jsessionid=ac16012b30d65740d95aaed04376ba5bc6200a0659e1.e3iSbxaKaheRe3iNc3uNbNmQay1ynknvrkLOlQzNp65In0 HTTP/1.1" 200 2
146.19.24.28 - - [08/Mar/2024:06:33:36 -0500] "GET / HTTP/1.1" 200 319
201.245.192.253 - - [08/Mar/2024:06:33:40 -0500] "POST /forms/lservlet;jsessionid=ac16012b30d684947034d65b4c4e923ce056fbb2be58.e3iSbxaKaheRe3iNc3uNbNmQay1ynknvrkLOlQzNp65In0 HTTP/1.1" 200 2
172.22.2.4 - - [08/Mar/2024:06:32:08 -0500] "HEAD /BLA/boletinlegal/ HTTP/1.1" 200 -
172.22.2.4 - - [08/Mar/2024:06:32:59 -0500] "GET /BLA/boletinlegal/ HTTP/1.1" 200 57136
216.245.221.92 - - [08/Mar/2024:06:35:01 -0500] "HEAD / HTTP/1.1" 200 -
201.245.192.253 - - [08/Mar/2024:06:35:27 -0500] "POST /forms/lservlet;jsessionid=ac16012b30d65740d95aaed04376ba5bc6200a0659e1.e3iSbxaKaheRe3iNc3uNbNmQay1ynknvrkLOlQzNp65In0 HTTP/1.1" 200 2
201.245.192.253 - - [08/Mar/2024:06:35:40 -0500] "POST /forms/lservlet;jsessionid=ac16012b30d684947034d65b4c4e923ce056fbb2be58.e3iSbxaKaheRe3iNc3uNbNmQay1ynknvrkLOlQzNp65In0 HTTP/1.1" 200 2
191.104.146.227 - - [08/Mar/2024:06:35:51 -0500] "POST /sipse/faces/presentacion/financiero/solicitudProceso/consultarSolicitudProceso.xhtml HTTP/1.1" 200 5525
191.104.146.227 - - [08/Mar/2024:06:35:51 -0500] "GET /sipse/faces/javax.faces.resource/dynamiccontent.properties?ln=primefaces&pfdrid=XjOR5%2F%2FfPAZAuY9TpWQeCiM0BhlXxYRBGKi%2FQcXXfeA%3D&pfdrid_c=false HTTP/1.1" 200 120859
191.104.146.227 - - [08/Mar/2024:06:36:06 -0500] "POST /sipse/faces/presentacion/financiero/solicitudProceso/consultarSolicitudProceso.xhtml HTTP/1.1" 200 5514
191.104.146.227 - - [08/Mar/2024:06:36:45 -0500] "POST /sipse/faces/presentacion/financiero/solicitudProceso/consultarSolicitudProceso.xhtml HTTP/1.1" 200 55992
191.104.146.227 - - [08/Mar/2024:06:36:47 -0500] "GET /sipse/faces/javax.faces.resource/jquery/jquery.js?ln=primefaces&v=4.0 HTTP/1.1" 304 -
191.104.146.227 - - [08/Mar/2024:06:36:47 -0500] "GET /sipse/faces/javax.faces.resource/jquery/jquery-plugins.js?ln=primefaces&v=4.0 HTTP/1.1" 304 -
191.104.146.227 - - [08/Mar/2024:06:36:47 -0500] "GET /sipse/faces/javax.faces.resource/primefaces.js?ln=primefaces&v=4.0 HTTP/1.1" 304 -
191.104.146.227 - - [08/Mar/2024:06:36:47 -0500] "GET /sipse/faces/javax.faces.resource/layout/layout.js?ln=primefaces&v=4.0 HTTP/1.1" 304 -
191.104.146.227 - - [08/Mar/2024:06:36:47 -0500] "POST /sipse/faces/presentacion/financiero/solicitudProceso/listarSolicitudProceso.xhtml HTTP/1.1" 200 1540
201.245.192.253 - - [08/Mar/2024:06:36:51 -0500] "POST /kwsrmcab/Wsrmcab  HTTP/1.1" 200 39632
66.249.66.21 - - [08/Mar/2024:06:37:12 -0500] "GET /Publicaciones/2023EE170479.pdf HTTP/1.1" 404 228
201.245.192.253 - - [08/Mar/2024:06:37:27 -0500] "POST /forms/lservlet;jsessionid=ac16012b30d65740d95aaed04376ba5bc6200a0659e1.e3iSbxaKaheRe3iNc3uNbNmQay1ynknvrkLOlQzNp65In0 HTTP/1.1" 200 2
201.245.192.253 - - [08/Mar/2024:06:37:40 -0500] "POST /forms/lservlet;jsessionid=ac16012b30d684947034d65b4c4e923ce056fbb2be58.e3iSbxaKaheRe3iNc3uNbNmQay1ynknvrkLOlQzNp65In0 HTTP/1.1" 200 2
201.245.192.253 - - [08/Mar/2024:06:39:01 -0500] "POST /kwsrmcab/Wsrmcab HTTP/1.1" 200 39739
201.245.192.253 - - [08/Mar/2024:06:39:03 -0500] "POST /kwsrmcab/Wsrmcab HTTP/1.1" 200 37157
191.104.146.227 - - [08/Mar/2024:06:39:07 -0500] "POST /sipse/faces/presentacion/financiero/solicitudProceso/listarSolicitudProceso.xhtml HTTP/1.1" 200 48827
191.104.146.227 - - [08/Mar/2024:06:39:08 -0500] "POST /sipse/faces/presentacion/financiero/solicitudProceso/listarSolicitudProceso.xhtml HTTP/1.1" 200 48827
191.104.146.227 - - [08/Mar/2024:06:39:08 -0500] "POST /sipse/faces/presentacion/financiero/solicitudProceso/listarSolicitudProceso.xhtml HTTP/1.1" 200 48827
191.104.146.227 - - [08/Mar/2024:06:39:08 -0500] "POST /sipse/faces/presentacion/financiero/solicitudProceso/listarSolicitudProceso.xhtml HTTP/1.1" 200 48827
191.104.146.227 - - [08/Mar/2024:06:39:08 -0500] "POST /sipse/faces/presentacion/financiero/solicitudProceso/listarSolicitudProceso.xhtml HTTP/1.1" 200 1540
191.104.146.227 - - [08/Mar/2024:06:39:08 -0500] "POST /sipse/faces/presentacion/financiero/solicitudProceso/listarSolicitudProceso.xhtml HTTP/1.1" 200 1544
191.104.146.227 - - [08/Mar/2024:06:39:08 -0500] "POST /sipse/faces/presentacion/financiero/solicitudProceso/listarSolicitudProceso.xhtml HTTP/1.1" 200 1544
191.104.146.227 - - [08/Mar/2024:06:39:09 -0500] "POST /sipse/faces/presentacion/financiero/solicitudProceso/listarSolicitudProceso.xhtml HTTP/1.1" 200 1544
191.104.146.227 - - [08/Mar/2024:06:39:10 -0500] "POST /sipse/faces/presentacion/financiero/solicitudProceso/listarSolicitudProceso.xhtml HTTP/1.1" 200 144167
191.104.146.227 - - [08/Mar/2024:06:39:11 -0500] "GET /sipse/faces/javax.faces.resource/jquery/jquery.js?ln=primefaces&v=4.0 HTTP/1.1" 304 -
191.104.146.227 - - [08/Mar/2024:06:39:11 -0500] "GET /sipse/faces/javax.faces.resource/jquery/jquery-plugins.js?ln=primefaces&v=4.0 HTTP/1.1" 304 -
191.104.146.227 - - [08/Mar/2024:06:39:11 -0500] "GET /sipse/faces/javax.faces.resource/primefaces.js?ln=primefaces&v=4.0 HTTP/1.1" 304 -
191.104.146.227 - - [08/Mar/2024:06:39:11 -0500] "GET /sipse/faces/javax.faces.resource/layout/layout.js?ln=primefaces&v=4.0 HTTP/1.1" 304 -
201.245.192.253 - - [08/Mar/2024:06:39:22 -0500] "POST /kwsrmcab/Wsrmcab HTTP/1.1" 200 39399
201.245.192.253 - - [08/Mar/2024:06:39:27 -0500] "POST /forms/lservlet;jsessionid=ac16012b30d65740d95aaed04376ba5bc6200a0659e1.e3iSbxaKaheRe3iNc3uNbNmQay1ynknvrkLOlQzNp65In0 HTTP/1.1" 200 2
191.104.146.227 - - [08/Mar/2024:06:39:31 -0500] "POST /sipse/faces/presentacion/financiero/solicitudProceso/consultarSolicitudProceso.xhtml HTTP/1.1" 200 100504
172.22.2.4 - - [08/Mar/2024:06:37:58 -0500] "HEAD /BLA/boletinlegal/ HTTP/1.1" 200 -
201.245.192.253 - - [08/Mar/2024:06:39:40 -0500] "POST /forms/lservlet;jsessionid=ac16012b30d684947034d65b4c4e923ce056fbb2be58.e3iSbxaKaheRe3iNc3uNbNmQay1ynknvrkLOlQzNp65In0 HTTP/1.1" 200 2
17.241.75.78 - - [08/Mar/2024:06:39:49 -0500] "GET /bogota-actualiza-su-plan-de-gestion-ambiental-para-un-conseguir-un-futuro-mas-sostenible.html HTTP/1.1" 200 796
191.104.146.227 - - [08/Mar/2024:06:39:52 -0500] "POST /sipse/faces/presentacion/financiero/solicitudProceso/consultarSolicitudProceso.xhtml HTTP/1.1" 200 84276
216.245.221.92 - - [08/Mar/2024:06:40:01 -0500] "HEAD / HTTP/1.1" 200 -
191.104.146.227 - - [08/Mar/2024:06:40:08 -0500] "POST /sipse/faces/presentacion/financiero/solicitudProceso/consultarSolicitudProceso.xhtml HTTP/1.1" 200 2559478
191.104.146.227 - - [08/Mar/2024:06:40:14 -0500] "POST /sipse/faces/presentacion/financiero/solicitudProceso/consultarSolicitudProceso.xhtml HTTP/1.1" 200 7626253
201.245.192.253 - - [08/Mar/2024:06:40:15 -0500] "POST /kwsrmcab/Wsrmcab HTTP/1.1" 200 37157
191.104.146.227 - - [08/Mar/2024:06:40:18 -0500] "POST /sipse/faces/presentacion/financiero/solicitudProceso/consultarSolicitudProceso.xhtml HTTP/1.1" 200 1123839
191.104.146.227 - - [08/Mar/2024:06:40:22 -0500] "POST /sipse/faces/presentacion/financiero/solicitudProceso/consultarSolicitudProceso.xhtml HTTP/1.1" 200 1563762
191.104.146.227 - - [08/Mar/2024:06:40:25 -0500] "POST /sipse/faces/presentacion/financiero/solicitudProceso/consultarSolicitudProceso.xhtml HTTP/1.1" 200 2141680
172.22.2.4 - - [08/Mar/2024:06:38:49 -0500] "GET /BLA/boletinlegal/ HTTP/1.1" 200 56191
191.104.146.227 - - [08/Mar/2024:06:40:34 -0500] "POST /sipse/faces/presentacion/financiero/solicitudProceso/consultarSolicitudProceso.xhtml HTTP/1.1" 200 100504
201.245.192.253 - - [08/Mar/2024:06:41:27 -0500] "POST /forms/lservlet;jsessionid=ac16012b30d65740d95aaed04376ba5bc6200a0659e1.e3iSbxaKaheRe3iNc3uNbNmQay1ynknvrkLOlQzNp65In0 HTTP/1.1" 200 2
201.245.192.253 - - [08/Mar/2024:06:41:40 -0500] "POST /forms/lservlet;jsessionid=ac16012b30d684947034d65b4c4e923ce056fbb2be58.e3iSbxaKaheRe3iNc3uNbNmQay1ynknvrkLOlQzNp65In0 HTTP/1.1" 200 2
201.245.192.253 - - [08/Mar/2024:06:41:49 -0500] "POST /kwsrmcab/Wsrmcab  HTTP/1.1" 200 39632
191.104.146.227 - - [08/Mar/2024:06:42:55 -0500] "POST /sipse/faces/presentacion/financiero/solicitudProceso/consultarSolicitudProceso.xhtml HTTP/1.1" 200 5525
191.104.146.227 - - [08/Mar/2024:06:42:55 -0500] "GET /sipse/faces/javax.faces.resource/dynamiccontent.properties?ln=primefaces&pfdrid=XjOR5%2F%2FfPAZAuY9TpWQeCiM0BhlXxYRBGKi%2FQcXXfeA%3D&pfdrid_c=false HTTP/1.1" 200 120482
191.104.146.227 - - [08/Mar/2024:06:43:14 -0500] "POST /sipse/faces/presentacion/financiero/solicitudProceso/consultarSolicitudProceso.xhtml HTTP/1.1" 200 5525
191.104.146.227 - - [08/Mar/2024:06:43:15 -0500] "GET /sipse/faces/javax.faces.resource/dynamiccontent.properties?ln=primefaces&pfdrid=XjOR5%2F%2FfPAZAuY9TpWQeCiM0BhlXxYRBGKi%2FQcXXfeA%3D&pfdrid_c=false HTTP/1.1" 200 120482
201.245.192.253 - - [08/Mar/2024:06:43:27 -0500] "POST /forms/lservlet;jsessionid=ac16012b30d65740d95aaed04376ba5bc6200a0659e1.e3iSbxaKaheRe3iNc3uNbNmQay1ynknvrkLOlQzNp65In0 HTTP/1.1" 200 2
191.104.146.227 - - [08/Mar/2024:06:43:34 -0500] "POST /sipse/faces/presentacion/financiero/solicitudProceso/consultarSolicitudProceso.xhtml HTTP/1.1" 200 5514
201.245.192.253 - - [08/Mar/2024:06:43:40 -0500] "POST /forms/lservlet;jsessionid=ac16012b30d684947034d65b4c4e923ce056fbb2be58.e3iSbxaKaheRe3iNc3uNbNmQay1ynknvrkLOlQzNp65In0 HTTP/1.1" 200 2
66.249.66.20 - - [08/Mar/2024:06:44:06 -0500] "GET /BLA/resoluciones/Notificaciones/REGISTROS%202017/00146.pdf HTTP/1.1" 200 293512
216.245.221.92 - - [08/Mar/2024:06:45:01 -0500] "HEAD / HTTP/1.1" 200 -
191.104.146.227 - - [08/Mar/2024:06:45:12 -0500] "POST /sipse/faces/presentacion/financiero/solicitudProceso/consultarSolicitudProceso.xhtml HTTP/1.1" 200 192481
191.104.146.227 - - [08/Mar/2024:06:45:13 -0500] "GET /sipse/faces/javax.faces.resource/jquery/jquery.js?ln=primefaces&v=4.0 HTTP/1.1" 304 -
191.104.146.227 - - [08/Mar/2024:06:45:13 -0500] "GET /sipse/faces/javax.faces.resource/jquery/jquery-plugins.js?ln=primefaces&v=4.0 HTTP/1.1" 304 -
191.104.146.227 - - [08/Mar/2024:06:45:13 -0500] "GET /sipse/faces/javax.faces.resource/primefaces.css?ln=primefaces&v=4.0 HTTP/1.1" 304 -
191.104.146.227 - - [08/Mar/2024:06:45:13 -0500] "GET /sipse/faces/javax.faces.resource/layout/layout.js?ln=primefaces&v=4.0 HTTP/1.1" 304 -
191.104.146.227 - - [08/Mar/2024:06:45:13 -0500] "GET /sipse/faces/javax.faces.resource/primefaces.js?ln=primefaces&v=4.0 HTTP/1.1" 304 -
191.104.146.227 - - [08/Mar/2024:06:45:13 -0500] "GET /sipse/faces/javax.faces.resource/theme.css?ln=primefaces-sipse HTTP/1.1" 304 -
191.104.146.227 - - [08/Mar/2024:06:45:13 -0500] "GET /sipse/faces/javax.faces.resource/layout/layout.css?ln=primefaces&v=4.0 HTTP/1.1" 304 -
191.104.146.227 - - [08/Mar/2024:06:45:13 -0500] "GET /sipse/faces/javax.faces.resource/images/ui-icons_898989_256x240.png?ln=primefaces-aristo HTTP/1.1" 200 5355
191.104.146.227 - - [08/Mar/2024:06:45:15 -0500] "GET /sipse/faces/javax.faces.resource/images/ui-bg_flat_0_2d5972_40x100.png?ln=primefaces-aristo HTTP/1.1" 304 -
191.104.146.227 - - [08/Mar/2024:06:45:15 -0500] "POST /sipse/faces/presentacion/financiero/solicitudProceso/consultarSolicitudProceso.xhtml HTTP/1.1" 200 53085
191.104.146.227 - - [08/Mar/2024:06:45:17 -0500] "GET /sipse/faces/javax.faces.resource/jquery/jquery.js?ln=primefaces&v=4.0 HTTP/1.1" 304 -
191.104.146.227 - - [08/Mar/2024:06:45:17 -0500] "GET /sipse/faces/javax.faces.resource/jquery/jquery-plugins.js?ln=primefaces&v=4.0 HTTP/1.1" 304 -
191.104.146.227 - - [08/Mar/2024:06:45:17 -0500] "GET /sipse/faces/javax.faces.resource/primefaces.js?ln=primefaces&v=4.0 HTTP/1.1" 304 -
191.104.146.227 - - [08/Mar/2024:06:45:17 -0500] "GET /sipse/faces/javax.faces.resource/layout/layout.js?ln=primefaces&v=4.0 HTTP/1.1" 304 -
191.104.146.227 - - [08/Mar/2024:06:45:17 -0500] "GET /sipse/faces/javax.faces.resource/messages/messages.png?ln=primefaces&v=4.0 HTTP/1.1" 304 -
191.104.146.227 - - [08/Mar/2024:06:45:17 -0500] "POST /sipse/faces/presentacion/financiero/solicitudProceso/listarSolicitudProceso.xhtml HTTP/1.1" 200 1524
191.104.146.227 - - [08/Mar/2024:06:45:23 -0500] "POST /sipse/faces/presentacion/financiero/solicitudProceso/listarSolicitudProceso.xhtml HTTP/1.1" 200 141674
191.104.146.227 - - [08/Mar/2024:06:45:24 -0500] "GET /sipse/faces/javax.faces.resource/jquery/jquery.js?ln=primefaces&v=4.0 HTTP/1.1" 304 -
191.104.146.227 - - [08/Mar/2024:06:45:24 -0500] "GET /sipse/faces/javax.faces.resource/jquery/jquery-plugins.js?ln=primefaces&v=4.0 HTTP/1.1" 304 -
191.104.146.227 - - [08/Mar/2024:06:45:24 -0500] "GET /sipse/faces/javax.faces.resource/primefaces.js?ln=primefaces&v=4.0 HTTP/1.1" 304 -
191.104.146.227 - - [08/Mar/2024:06:45:24 -0500] "GET /sipse/faces/javax.faces.resource/layout/layout.js?ln=primefaces&v=4.0 HTTP/1.1" 304 -
201.245.192.253 - - [08/Mar/2024:06:45:27 -0500] "POST /forms/lservlet;jsessionid=ac16012b30d65740d95aaed04376ba5bc6200a0659e1.e3iSbxaKaheRe3iNc3uNbNmQay1ynknvrkLOlQzNp65In0 HTTP/1.1" 200 2
172.22.2.4 - - [08/Mar/2024:06:43:48 -0500] "HEAD /BLA/boletinlegal/ HTTP/1.1" 200 -
191.104.146.227 - - [08/Mar/2024:06:45:30 -0500] "POST /sipse/faces/presentacion/financiero/solicitudProceso/consultarSolicitudProceso.xhtml HTTP/1.1" 200 37453
191.104.146.227 - - [08/Mar/2024:06:45:30 -0500] "GET /sipse/faces/javax.faces.resource/theme.css?ln=primefaces-sipse HTTP/1.1" 304 -
191.104.146.227 - - [08/Mar/2024:06:45:30 -0500] "GET /sipse/faces/javax.faces.resource/jquery/jquery.js?ln=primefaces&v=4.0 HTTP/1.1" 304 -
191.104.146.227 - - [08/Mar/2024:06:45:30 -0500] "GET /sipse/faces/javax.faces.resource/layout/layout.css?ln=primefaces&v=4.0 HTTP/1.1" 304 -
191.104.146.227 - - [08/Mar/2024:06:45:30 -0500] "GET /sipse/faces/javax.faces.resource/primefaces.css?ln=primefaces&v=4.0 HTTP/1.1" 304 -
191.104.146.227 - - [08/Mar/2024:06:45:30 -0500] "GET /sipse/faces/javax.faces.resource/jquery/jquery-plugins.js?ln=primefaces&v=4.0 HTTP/1.1" 304 -
191.104.146.227 - - [08/Mar/2024:06:45:30 -0500] "GET /sipse/faces/javax.faces.resource/primefaces.js?ln=primefaces&v=4.0 HTTP/1.1" 304 -
191.104.146.227 - - [08/Mar/2024:06:45:30 -0500] "GET /sipse/faces/javax.faces.resource/layout/layout.js?ln=primefaces&v=4.0 HTTP/1.1" 304 -
191.104.146.227 - - [08/Mar/2024:06:45:30 -0500] "GET /sipse/faces/javax.faces.resource/images/ui-icons_898989_256x240.png?ln=primefaces-aristo HTTP/1.1" 304 -
191.104.146.227 - - [08/Mar/2024:06:45:34 -0500] "POST /sipse/faces/presentacion/financiero/solicitudProceso/consultarHistorialSolProceso.xhtml HTTP/1.1" 200 187996
191.104.146.227 - - [08/Mar/2024:06:45:34 -0500] "GET /sipse/faces/javax.faces.resource/jquery/jquery-plugins.js?ln=primefaces&v=4.0 HTTP/1.1" 304 -
191.104.146.227 - - [08/Mar/2024:06:45:34 -0500] "GET /sipse/faces/javax.faces.resource/jquery/jquery.js?ln=primefaces&v=4.0 HTTP/1.1" 304 -
191.104.146.227 - - [08/Mar/2024:06:45:34 -0500] "GET /sipse/faces/javax.faces.resource/layout/layout.css?ln=primefaces&v=4.0 HTTP/1.1" 304 -
191.104.146.227 - - [08/Mar/2024:06:45:34 -0500] "GET /sipse/faces/javax.faces.resource/primefaces.css?ln=primefaces&v=4.0 HTTP/1.1" 304 -
191.104.146.227 - - [08/Mar/2024:06:45:34 -0500] "GET /sipse/faces/javax.faces.resource/theme.css?ln=primefaces-sipse HTTP/1.1" 304 -
191.104.146.227 - - [08/Mar/2024:06:45:34 -0500] "GET /sipse/faces/javax.faces.resource/primefaces.js?ln=primefaces&v=4.0 HTTP/1.1" 304 -
191.104.146.227 - - [08/Mar/2024:06:45:34 -0500] "GET /sipse/faces/javax.faces.resource/layout/layout.js?ln=primefaces&v=4.0 HTTP/1.1" 304 -
191.104.146.227 - - [08/Mar/2024:06:45:34 -0500] "GET /sipse/faces/javax.faces.resource/images/ui-icons_898989_256x240.png?ln=primefaces-aristo HTTP/1.1" 304 -
201.245.192.253 - - [08/Mar/2024:06:45:40 -0500] "POST /forms/lservlet;jsessionid=ac16012b30d684947034d65b4c4e923ce056fbb2be58.e3iSbxaKaheRe3iNc3uNbNmQay1ynknvrkLOlQzNp65In0 HTTP/1.1" 200 2
191.104.146.227 - - [08/Mar/2024:06:45:43 -0500] "GET /sipse/faces/javax.faces.resource/images/ui-bg_flat_0_2d5972_40x100.png?ln=primefaces-aristo HTTP/1.1" 304 -
191.104.146.227 - - [08/Mar/2024:06:45:43 -0500] "POST /sipse/faces/presentacion/financiero/solicitudProceso/consultarSolicitudProceso.xhtml HTTP/1.1" 200 52578
191.104.146.227 - - [08/Mar/2024:06:45:43 -0500] "GET /sipse/faces/javax.faces.resource/jquery/jquery.js?ln=primefaces&v=4.0 HTTP/1.1" 304 -
191.104.146.227 - - [08/Mar/2024:06:45:43 -0500] "GET /sipse/faces/javax.faces.resource/jquery/jquery-plugins.js?ln=primefaces&v=4.0 HTTP/1.1" 304 -
191.104.146.227 - - [08/Mar/2024:06:45:43 -0500] "GET /sipse/faces/javax.faces.resource/primefaces.js?ln=primefaces&v=4.0 HTTP/1.1" 304 -
191.104.146.227 - - [08/Mar/2024:06:45:43 -0500] "GET /sipse/faces/javax.faces.resource/layout/layout.js?ln=primefaces&v=4.0 HTTP/1.1" 304 -
191.104.146.227 - - [08/Mar/2024:06:45:43 -0500] "POST /sipse/faces/presentacion/financiero/solicitudProceso/listarSolicitudProceso.xhtml HTTP/1.1" 200 1524
66.249.66.166 - - [08/Mar/2024:06:46:00 -0500] "GET /portaldeninos/wp-content/plugins/gallery-videos/CSS/Total-Soft-Gallery-Video-Widget.css?ver=4.9.8 HTTP/1.1" 200 51554
172.22.2.4 - - [08/Mar/2024:06:44:39 -0500] "GET /BLA/boletinlegal/ HTTP/1.1" 200 58720
201.245.192.253 - - [08/Mar/2024:06:46:49 -0500] "POST /kwsrmcab/Wsrmcab  HTTP/1.1" 200 39632
201.245.192.253 - - [08/Mar/2024:06:47:27 -0500] "POST /forms/lservlet;jsessionid=ac16012b30d65740d95aaed04376ba5bc6200a0659e1.e3iSbxaKaheRe3iNc3uNbNmQay1ynknvrkLOlQzNp65In0 HTTP/1.1" 200 2
52.167.144.238 - - [08/Mar/2024:06:47:32 -0500] "GET /BLA/resoluciones/RESOLUCIONES%202023/0028.pdf HTTP/1.1" 304 -
