201.245.192.253 - - [10/Mar/2024:06:51:30 -0500] "POST /forms/lservlet;jsessionid=ac16012b30d65740d95aaed04376ba5bc6200a0659e1.e3iSbxaKaheRe3iNc3uNbNmQay1ynknvrkLOlQzNp65In0 HTTP/1.1" 200 2
66.249.65.2 - - [10/Mar/2024:06:51:52 -0500] "GET /BLA/resoluciones/AUTOS%202008/2794.pdf HTTP/1.1" 200 109420
201.245.192.253 - - [10/Mar/2024:06:52:39 -0500] "POST /kwsrmcab/Wsrmcab  HTTP/1.1" 200 39634
201.245.192.253 - - [10/Mar/2024:06:53:30 -0500] "POST /forms/lservlet;jsessionid=ac16012b30d684947034d65b4c4e923ce056fbb2be58.e3iSbxaKaheRe3iNc3uNbNmQay1ynknvrkLOlQzNp65In0 HTTP/1.1" 200 2
201.245.192.253 - - [10/Mar/2024:06:53:30 -0500] "POST /forms/lservlet;jsessionid=ac16012b30d65740d95aaed04376ba5bc6200a0659e1.e3iSbxaKaheRe3iNc3uNbNmQay1ynknvrkLOlQzNp65In0 HTTP/1.1" 200 2
172.22.2.4 - - [10/Mar/2024:06:52:12 -0500] "HEAD /BLA/boletinlegal/ HTTP/1.1" 200 -
172.22.2.4 - - [10/Mar/2024:06:53:03 -0500] "GET /BLA/boletinlegal/ HTTP/1.1" 200 54913
201.245.192.253 - - [10/Mar/2024:06:55:30 -0500] "POST /forms/lservlet;jsessionid=ac16012b30d684947034d65b4c4e923ce056fbb2be58.e3iSbxaKaheRe3iNc3uNbNmQay1ynknvrkLOlQzNp65In0 HTTP/1.1" 200 2
201.245.192.253 - - [10/Mar/2024:06:55:30 -0500] "POST /forms/lservlet;jsessionid=ac16012b30d65740d95aaed04376ba5bc6200a0659e1.e3iSbxaKaheRe3iNc3uNbNmQay1ynknvrkLOlQzNp65In0 HTTP/1.1" 200 2
216.245.221.92 - - [10/Mar/2024:06:55:55 -0500] "HEAD / HTTP/1.1" 200 -
66.249.65.15 - - [10/Mar/2024:06:56:59 -0500] "GET /BLA/resoluciones/RESOLUCIONES%202009/8509.pdf HTTP/1.1" 200 366620
201.245.192.253 - - [10/Mar/2024:06:57:30 -0500] "POST /forms/lservlet;jsessionid=ac16012b30d684947034d65b4c4e923ce056fbb2be58.e3iSbxaKaheRe3iNc3uNbNmQay1ynknvrkLOlQzNp65In0 HTTP/1.1" 200 2
201.245.192.253 - - [10/Mar/2024:06:57:30 -0500] "POST /forms/lservlet;jsessionid=ac16012b30d65740d95aaed04376ba5bc6200a0659e1.e3iSbxaKaheRe3iNc3uNbNmQay1ynknvrkLOlQzNp65In0 HTTP/1.1" 200 2
201.245.192.253 - - [10/Mar/2024:06:57:38 -0500] "POST /kwsrmcab/Wsrmcab  HTTP/1.1" 200 39634
172.22.2.4 - - [10/Mar/2024:06:58:23 -0500] "GET /BLA/boletinlegal/images/cabezote%20BLEGAL.jpg HTTP/1.1" 200 118164
172.22.2.4 - - [10/Mar/2024:06:58:23 -0500] "GET /BLA/boletinlegal/images/screen_1.png HTTP/1.1" 200 202547
172.22.2.4 - - [10/Mar/2024:06:58:23 -0500] "GET /BLA/boletinlegal/images/subscribe-icon-big.png HTTP/1.1" 200 47702
172.22.2.4 - - [10/Mar/2024:06:58:23 -0500] "GET /BLA/boletinlegal/images/historia.png HTTP/1.1" 200 52775
172.22.2.4 - - [10/Mar/2024:06:58:26 -0500] "GET /BLA/boletinlegal/actos.php HTTP/1.1" 200 9738
172.22.2.4 - - [10/Mar/2024:06:58:27 -0500] "GET /BLA/boletinlegal/img/select-right.png HTTP/1.1" 200 44019
172.22.2.4 - - [10/Mar/2024:06:58:27 -0500] "GET /BLA/boletinlegal/img/button-left.png HTTP/1.1" 200 57071
172.22.2.4 - - [10/Mar/2024:06:58:27 -0500] "GET /BLA/boletinlegal/img/button.png HTTP/1.1" 200 43241
172.22.2.4 - - [10/Mar/2024:06:58:27 -0500] "GET /BLA/boletinlegal/img/button-right.png HTTP/1.1" 200 57878
172.22.2.4 - - [10/Mar/2024:06:58:28 -0500] "GET /BLA/boletinlegal/favicon.ico HTTP/1.1" 404 1326
186.84.20.209 - - [10/Mar/2024:06:58:29 -0500] "GET /BLA/resoluciones/ HTTP/1.1" 200 14105
186.84.20.209 - - [10/Mar/2024:06:58:47 -0500] "GET /BLA/resoluciones/index.php?dir=AUTOS+2013%2F HTTP/1.1" 200 407754
200.118.62.1 - - [10/Mar/2024:06:59:01 -0500] "GET /distrito-exalto-a-246-empresas-de-bogota-por-su-alto-desempeno-y-responsabilidad-ambiental-durante-2023.html HTTP/1.1" 200 1039
172.22.2.4 - - [10/Mar/2024:06:58:22 -0500] "GET /BLA/boletinlegal/ HTTP/1.1" 200 24523
201.245.192.253 - - [10/Mar/2024:06:59:30 -0500] "POST /forms/lservlet;jsessionid=ac16012b30d684947034d65b4c4e923ce056fbb2be58.e3iSbxaKaheRe3iNc3uNbNmQay1ynknvrkLOlQzNp65In0 HTTP/1.1" 200 2
201.245.192.253 - - [10/Mar/2024:06:59:30 -0500] "POST /forms/lservlet;jsessionid=ac16012b30d65740d95aaed04376ba5bc6200a0659e1.e3iSbxaKaheRe3iNc3uNbNmQay1ynknvrkLOlQzNp65In0 HTTP/1.1" 200 2
172.22.2.4 - - [10/Mar/2024:06:58:02 -0500] "HEAD /BLA/boletinlegal/ HTTP/1.1" 200 -
40.77.167.235 - - [10/Mar/2024:06:59:47 -0500] "GET /BLA/resoluciones/AUTOS%202016/0619.pdf HTTP/1.1" 304 -
66.249.65.15 - - [10/Mar/2024:06:59:55 -0500] "GET /BLA/resoluciones/RESOLUCIONES%202011/1597.pdf HTTP/1.1" 200 84449
172.22.2.4 - - [10/Mar/2024:06:58:53 -0500] "GET /BLA/boletinlegal/ HTTP/1.1" 200 57889
216.245.221.92 - - [10/Mar/2024:07:00:55 -0500] "HEAD / HTTP/1.1" 200 -
157.55.39.204 - - [10/Mar/2024:07:01:08 -0500] "GET /galeria/galeria/jquery.fancybox.css?v=2.1.5 HTTP/1.1" 200 4895
207.46.13.6 - - [10/Mar/2024:07:01:14 -0500] "GET /galeria/galeria/jquery.fancybox.js?v=2.1.5 HTTP/1.1" 200 48706
201.245.192.253 - - [10/Mar/2024:07:01:30 -0500] "POST /forms/lservlet;jsessionid=ac16012b30d684947034d65b4c4e923ce056fbb2be58.e3iSbxaKaheRe3iNc3uNbNmQay1ynknvrkLOlQzNp65In0 HTTP/1.1" 200 2
201.245.192.253 - - [10/Mar/2024:07:01:30 -0500] "POST /forms/lservlet;jsessionid=ac16012b30d65740d95aaed04376ba5bc6200a0659e1.e3iSbxaKaheRe3iNc3uNbNmQay1ynknvrkLOlQzNp65In0 HTTP/1.1" 200 2
66.249.65.15 - - [10/Mar/2024:07:01:56 -0500] "GET /Publicaciones/2024EE04597.pdf HTTP/1.1" 404 227
216.244.66.195 - - [10/Mar/2024:07:02:32 -0500] "GET /galeria/galeria/fotos/Soratama3G.jpg HTTP/1.1" 200 159434
201.245.192.253 - - [10/Mar/2024:07:02:37 -0500] "POST /kwsrmcab/Wsrmcab  HTTP/1.1" 200 39634
66.249.65.2 - - [10/Mar/2024:07:02:40 -0500] "GET /BLA/resoluciones/RESOLUCIONES%202009/6227.pdf HTTP/1.1" 200 1128167
216.244.66.195 - - [10/Mar/2024:07:03:03 -0500] "GET /BLA/resoluciones/RESOLUCIONES%202016/1293.pdf HTTP/1.1" 200 418324
201.245.192.253 - - [10/Mar/2024:07:03:30 -0500] "POST /forms/lservlet;jsessionid=ac16012b30d684947034d65b4c4e923ce056fbb2be58.e3iSbxaKaheRe3iNc3uNbNmQay1ynknvrkLOlQzNp65In0 HTTP/1.1" 200 2
201.245.192.253 - - [10/Mar/2024:07:03:30 -0500] "POST /forms/lservlet;jsessionid=ac16012b30d65740d95aaed04376ba5bc6200a0659e1.e3iSbxaKaheRe3iNc3uNbNmQay1ynknvrkLOlQzNp65In0 HTTP/1.1" 200 2
216.244.66.195 - - [10/Mar/2024:07:04:51 -0500] "GET /BLA/resoluciones/AUTOS%202016/0161.pdf HTTP/1.1" 200 438607
216.244.66.195 - - [10/Mar/2024:07:05:27 -0500] "GET /BLA/resoluciones/AUTOS%202016/0282.pdf HTTP/1.1" 200 586234
201.245.192.253 - - [10/Mar/2024:07:05:30 -0500] "POST /forms/lservlet;jsessionid=ac16012b30d684947034d65b4c4e923ce056fbb2be58.e3iSbxaKaheRe3iNc3uNbNmQay1ynknvrkLOlQzNp65In0 HTTP/1.1" 200 2
201.245.192.253 - - [10/Mar/2024:07:05:30 -0500] "POST /forms/lservlet;jsessionid=ac16012b30d65740d95aaed04376ba5bc6200a0659e1.e3iSbxaKaheRe3iNc3uNbNmQay1ynknvrkLOlQzNp65In0 HTTP/1.1" 200 2
172.22.2.4 - - [10/Mar/2024:07:03:52 -0500] "HEAD /BLA/boletinlegal/ HTTP/1.1" 200 -
216.245.221.92 - - [10/Mar/2024:07:05:55 -0500] "HEAD / HTTP/1.1" 200 -
216.244.66.195 - - [10/Mar/2024:07:06:08 -0500] "GET /BLA/resoluciones/AUTOS%202016/0648.pdf HTTP/1.1" 200 721224
207.46.13.107 - - [10/Mar/2024:07:06:19 -0500] "GET /Publicaciones/2023EE258583.pdf HTTP/1.1" 404 228
172.22.2.4 - - [10/Mar/2024:07:04:43 -0500] "GET /BLA/boletinlegal/ HTTP/1.1" 200 58273
216.244.66.195 - - [10/Mar/2024:07:06:39 -0500] "GET /BLA/resoluciones/AUTOS%202016/1585.pdf HTTP/1.1" 200 467272
216.244.66.195 - - [10/Mar/2024:07:07:09 -0500] "GET /BLA/resoluciones/AUTOS%202016/1686.pdf HTTP/1.1" 200 523748
173.252.107.7 - - [10/Mar/2024:07:07:12 -0500] "GET /en-2021-aumentaron-en-un-45-los-negocios-verdes-verificados-por-la-secretaria-de-ambiente-frente-a-2020.html HTTP/1.1" 200 1042
173.252.107.116 - - [10/Mar/2024:07:07:12 -0500] "GET /en-2021-aumentaron-en-un-45-los-negocios-verdes-verificados-por-la-secretaria-de-ambiente-frente-a-2020.html HTTP/1.1" 200 1042
201.245.192.253 - - [10/Mar/2024:07:07:30 -0500] "POST /forms/lservlet;jsessionid=ac16012b30d684947034d65b4c4e923ce056fbb2be58.e3iSbxaKaheRe3iNc3uNbNmQay1ynknvrkLOlQzNp65In0 HTTP/1.1" 200 2
201.245.192.253 - - [10/Mar/2024:07:07:30 -0500] "POST /forms/lservlet;jsessionid=ac16012b30d65740d95aaed04376ba5bc6200a0659e1.e3iSbxaKaheRe3iNc3uNbNmQay1ynknvrkLOlQzNp65In0 HTTP/1.1" 200 2
201.245.192.253 - - [10/Mar/2024:07:07:35 -0500] "POST /kwsrmcab/Wsrmcab  HTTP/1.1" 200 39634
162.142.125.14 - - [10/Mar/2024:07:07:42 -0500] "GET / HTTP/1.1" 200 319
162.142.125.14 - - [10/Mar/2024:07:07:46 -0500] "GET / HTTP/1.1" 200 319
216.244.66.195 - - [10/Mar/2024:07:07:46 -0500] "GET /BLA/resoluciones/AUTOS%202016/1761.pdf HTTP/1.1" 200 482533
162.142.125.14 - - [10/Mar/2024:07:07:46 -0500] "PRI * HTTP/2.0" 400 946
162.142.125.14 - - [10/Mar/2024:07:07:46 -0500] "GET /favicon.ico HTTP/1.1" 200 7782
216.244.66.195 - - [10/Mar/2024:07:08:18 -0500] "GET /BLA/resoluciones/AUTOS%202016/1804.pdf HTTP/1.1" 200 493334
216.244.66.195 - - [10/Mar/2024:07:08:47 -0500] "GET /BLA/resoluciones/AUTOS%202016/1860.pdf HTTP/1.1" 200 473363
207.46.13.6 - - [10/Mar/2024:07:08:56 -0500] "GET /BLA/resoluciones/AUTOS%202013/2357.pdf HTTP/1.1" 304 -
216.244.66.195 - - [10/Mar/2024:07:09:19 -0500] "GET /BLA/resoluciones/AUTOS%202016/2040.pdf HTTP/1.1" 200 414428
20.27.20.20 - - [10/Mar/2024:07:09:22 -0500] "GET /Publicaciones/2023EE258583.pdf HTTP/1.1" 404 228
201.245.192.253 - - [10/Mar/2024:07:09:30 -0500] "POST /forms/lservlet;jsessionid=ac16012b30d684947034d65b4c4e923ce056fbb2be58.e3iSbxaKaheRe3iNc3uNbNmQay1ynknvrkLOlQzNp65In0 HTTP/1.1" 200 2
201.245.192.253 - - [10/Mar/2024:07:09:30 -0500] "POST /forms/lservlet;jsessionid=ac16012b30d65740d95aaed04376ba5bc6200a0659e1.e3iSbxaKaheRe3iNc3uNbNmQay1ynknvrkLOlQzNp65In0 HTTP/1.1" 200 2
216.244.66.195 - - [10/Mar/2024:07:09:49 -0500] "GET /BLA/resoluciones/AUTOS%202016/2054.pdf HTTP/1.1" 200 376916
216.244.66.195 - - [10/Mar/2024:07:10:15 -0500] "GET /BLA/resoluciones/AUTOS%202016/2087.pdf HTTP/1.1" 200 1369066
216.245.221.92 - - [10/Mar/2024:07:10:55 -0500] "HEAD / HTTP/1.1" 200 -
216.244.66.195 - - [10/Mar/2024:07:11:00 -0500] "GET /BLA/resoluciones/AUTOS%202016/2190.pdf HTTP/1.1" 200 820231
172.22.2.4 - - [10/Mar/2024:07:09:42 -0500] "HEAD /BLA/boletinlegal/ HTTP/1.1" 200 -
201.245.192.253 - - [10/Mar/2024:07:11:30 -0500] "POST /forms/lservlet;jsessionid=ac16012b30d684947034d65b4c4e923ce056fbb2be58.e3iSbxaKaheRe3iNc3uNbNmQay1ynknvrkLOlQzNp65In0 HTTP/1.1" 200 2
201.245.192.253 - - [10/Mar/2024:07:11:30 -0500] "POST /forms/lservlet;jsessionid=ac16012b30d65740d95aaed04376ba5bc6200a0659e1.e3iSbxaKaheRe3iNc3uNbNmQay1ynknvrkLOlQzNp65In0 HTTP/1.1" 200 2
216.244.66.195 - - [10/Mar/2024:07:11:33 -0500] "GET /BLA/resoluciones/AUTOS%202016/2411.pdf HTTP/1.1" 200 1369651
172.22.2.4 - - [10/Mar/2024:07:10:33 -0500] "GET /BLA/boletinlegal/ HTTP/1.1" 200 60380
216.244.66.195 - - [10/Mar/2024:07:12:25 -0500] "GET /BLA/resoluciones/AUTOS%202016/2507.pdf HTTP/1.1" 200 475795
201.245.192.253 - - [10/Mar/2024:07:12:34 -0500] "POST /kwsrmcab/Wsrmcab  HTTP/1.1" 200 39634
216.244.66.195 - - [10/Mar/2024:07:12:56 -0500] "GET /BLA/resoluciones/AUTOS%202016/2854.pdf HTTP/1.1" 200 375688
216.244.66.195 - - [10/Mar/2024:07:13:25 -0500] "GET /BLA/resoluciones/AUTOS%202007/0846.pdf HTTP/1.1" 200 91862
201.245.192.253 - - [10/Mar/2024:07:13:30 -0500] "POST /forms/lservlet;jsessionid=ac16012b30d684947034d65b4c4e923ce056fbb2be58.e3iSbxaKaheRe3iNc3uNbNmQay1ynknvrkLOlQzNp65In0 HTTP/1.1" 200 2
201.245.192.253 - - [10/Mar/2024:07:13:30 -0500] "POST /forms/lservlet;jsessionid=ac16012b30d65740d95aaed04376ba5bc6200a0659e1.e3iSbxaKaheRe3iNc3uNbNmQay1ynknvrkLOlQzNp65In0 HTTP/1.1" 200 2
216.244.66.195 - - [10/Mar/2024:07:13:54 -0500] "GET /BLA/resoluciones/AUTOS%202007/1947.pdf HTTP/1.1" 200 219961
216.244.66.195 - - [10/Mar/2024:07:14:21 -0500] "GET /BLA/resoluciones/AUTOS%202007/1960.pdf HTTP/1.1" 200 441199
216.244.66.195 - - [10/Mar/2024:07:15:01 -0500] "GET /BLA/resoluciones/AUTOS%202010/0471.pdf HTTP/1.1" 200 168621
201.245.192.253 - - [10/Mar/2024:07:15:30 -0500] "POST /forms/lservlet;jsessionid=ac16012b30d684947034d65b4c4e923ce056fbb2be58.e3iSbxaKaheRe3iNc3uNbNmQay1ynknvrkLOlQzNp65In0 HTTP/1.1" 200 2
201.245.192.253 - - [10/Mar/2024:07:15:30 -0500] "POST /forms/lservlet;jsessionid=ac16012b30d65740d95aaed04376ba5bc6200a0659e1.e3iSbxaKaheRe3iNc3uNbNmQay1ynknvrkLOlQzNp65In0 HTTP/1.1" 200 2
216.244.66.195 - - [10/Mar/2024:07:15:31 -0500] "GET /BLA/resoluciones/AUTOS%202010/0604.pdf HTTP/1.1" 200 188349
216.245.221.92 - - [10/Mar/2024:07:15:55 -0500] "HEAD / HTTP/1.1" 200 -
216.244.66.195 - - [10/Mar/2024:07:16:02 -0500] "GET /BLA/resoluciones/AUTOS%202010/0610.pdf HTTP/1.1" 200 161098
172.22.2.4 - - [10/Mar/2024:07:16:08 -0500] "GET /BLA/boletinlegal/consulta_actos.php?tipo=resoluciones&no=2370&usuario=&sector=SILVICULTURA&fecha=2020&resuelve= HTTP/1.1" 200 626
172.22.2.4 - - [10/Mar/2024:07:16:09 -0500] "GET /BLA/boletinlegal/consulta_actos.php?tipo=resoluciones&no=2370&usuario=&sector=SILVICULTURA&fecha=2020&resuelve= HTTP/1.1" 200 626
172.22.2.4 - - [10/Mar/2024:07:16:18 -0500] "GET /BLA/boletinlegal/consulta_actos.php?tipo=resoluciones&no=2370&usuario=idu&sector=SILVICULTURA&fecha=2020&resuelve= HTTP/1.1" 200 626
216.244.66.195 - - [10/Mar/2024:07:16:31 -0500] "GET /BLA/resoluciones/AUTOS%202010/0706.pdf HTTP/1.1" 200 184369
216.244.66.195 - - [10/Mar/2024:07:16:58 -0500] "GET /BLA/resoluciones/AUTOS%202010/0787.pdf HTTP/1.1" 200 143268
172.22.2.4 - - [10/Mar/2024:07:15:32 -0500] "HEAD /BLA/boletinlegal/ HTTP/1.1" 200 -
216.244.66.195 - - [10/Mar/2024:07:17:24 -0500] "GET /BLA/resoluciones/AUTOS%202010/1085.pdf HTTP/1.1" 200 191803
201.245.192.253 - - [10/Mar/2024:07:17:30 -0500] "POST /forms/lservlet;jsessionid=ac16012b30d684947034d65b4c4e923ce056fbb2be58.e3iSbxaKaheRe3iNc3uNbNmQay1ynknvrkLOlQzNp65In0 HTTP/1.1" 200 2
201.245.192.253 - - [10/Mar/2024:07:17:30 -0500] "POST /forms/lservlet;jsessionid=ac16012b30d65740d95aaed04376ba5bc6200a0659e1.e3iSbxaKaheRe3iNc3uNbNmQay1ynknvrkLOlQzNp65In0 HTTP/1.1" 200 2
201.245.192.253 - - [10/Mar/2024:07:17:32 -0500] "POST /kwsrmcab/Wsrmcab  HTTP/1.1" 200 39634
216.244.66.195 - - [10/Mar/2024:07:17:49 -0500] "GET /BLA/resoluciones/AUTOS%202010/1449.pdf HTTP/1.1" 200 196047
172.22.2.4 - - [10/Mar/2024:07:16:23 -0500] "GET /BLA/boletinlegal/ HTTP/1.1" 200 58273
216.244.66.195 - - [10/Mar/2024:07:18:13 -0500] "GET /BLA/resoluciones/AUTOS%202010/1467.pdf HTTP/1.1" 200 283834
216.244.66.195 - - [10/Mar/2024:07:18:38 -0500] "GET /BLA/resoluciones/AUTOS%202010/1734.pdf HTTP/1.1" 200 100751
199.16.157.181 - - [10/Mar/2024:07:18:47 -0500] "GET /robots.txt HTTP/1.1" 404 1034
199.16.157.181 - - [10/Mar/2024:07:18:47 -0500] "GET /images/Aves%20SDA.jpeg HTTP/1.1" 200 75104
199.16.157.183 - - [10/Mar/2024:07:18:47 -0500] "GET /robots.txt HTTP/1.1" 404 1034
199.16.157.183 - - [10/Mar/2024:07:18:48 -0500] "GET /images/Aves%20SDA.jpeg HTTP/1.1" 200 75104
216.244.66.195 - - [10/Mar/2024:07:19:00 -0500] "GET /BLA/resoluciones/AUTOS%202010/2362.pdf HTTP/1.1" 200 260315
66.249.65.1 - - [10/Mar/2024:07:19:11 -0500] "GET /isolucionsda/FramesetArticulo.asp?Pagina=bancoconocimiento%2FR%2FResolucion715de31demarzode2017%2FResolucion715de31demarzode2017%2Easp&IdArticulo=10934&Codigo=&Fecha=&Version=&Procedimiento=&cliente= HTTP/1.1" 200 527
216.244.66.195 - - [10/Mar/2024:07:19:26 -0500] "GET /BLA/resoluciones/AUTOS%202010/3089.pdf HTTP/1.1" 200 188487
201.245.192.253 - - [10/Mar/2024:07:19:30 -0500] "POST /forms/lservlet;jsessionid=ac16012b30d684947034d65b4c4e923ce056fbb2be58.e3iSbxaKaheRe3iNc3uNbNmQay1ynknvrkLOlQzNp65In0 HTTP/1.1" 200 2
201.245.192.253 - - [10/Mar/2024:07:19:30 -0500] "POST /forms/lservlet;jsessionid=ac16012b30d65740d95aaed04376ba5bc6200a0659e1.e3iSbxaKaheRe3iNc3uNbNmQay1ynknvrkLOlQzNp65In0 HTTP/1.1" 200 2
216.244.66.195 - - [10/Mar/2024:07:19:46 -0500] "GET /BLA/resoluciones/AUTOS%202010/3609.pdf HTTP/1.1" 200 2435176
201.245.192.253 - - [10/Mar/2024:07:19:53 -0500] "POST /kwsrmcab/Wsrmcab HTTP/1.1" 200 39727
201.245.192.253 - - [10/Mar/2024:07:19:53 -0500] "POST /kwsrmcab/Wsrmcab HTTP/1.1" 200 213
162.55.175.143 - - [10/Mar/2024:07:19:57 -0500] "GET / HTTP/1.1" 200 4720
201.245.192.253 - - [10/Mar/2024:07:20:14 -0500] "POST /kwsrmcab/Wsrmcab HTTP/1.1" 200 39116
216.244.66.195 - - [10/Mar/2024:07:20:22 -0500] "GET /BLA/resoluciones/AUTOS%202010/4391.pdf HTTP/1.1" 200 135435
157.55.39.11 - - [10/Mar/2024:07:20:27 -0500] "GET /BLA/resoluciones/AUTOS%202022/5422.pdf HTTP/1.1" 304 -
216.244.66.195 - - [10/Mar/2024:07:20:52 -0500] "GET /BLA/resoluciones/AUTOS%202010/4404.pdf HTTP/1.1" 200 124171
216.245.221.92 - - [10/Mar/2024:07:20:55 -0500] "HEAD / HTTP/1.1" 200 -
201.245.192.253 - - [10/Mar/2024:07:20:55 -0500] "POST /kwsrmcab/Wsrmcab HTTP/1.1" 200 213
216.244.66.195 - - [10/Mar/2024:07:21:21 -0500] "GET /BLA/resoluciones/AUTOS%202010/4562.pdf HTTP/1.1" 200 366456
201.245.192.253 - - [10/Mar/2024:07:21:30 -0500] "POST /forms/lservlet;jsessionid=ac16012b30d684947034d65b4c4e923ce056fbb2be58.e3iSbxaKaheRe3iNc3uNbNmQay1ynknvrkLOlQzNp65In0 HTTP/1.1" 200 2
201.245.192.253 - - [10/Mar/2024:07:21:30 -0500] "POST /forms/lservlet;jsessionid=ac16012b30d65740d95aaed04376ba5bc6200a0659e1.e3iSbxaKaheRe3iNc3uNbNmQay1ynknvrkLOlQzNp65In0 HTTP/1.1" 200 2
216.244.66.195 - - [10/Mar/2024:07:21:49 -0500] "GET /BLA/resoluciones/AUTOS%202010/4760.pdf HTTP/1.1" 200 169137
216.244.66.195 - - [10/Mar/2024:07:22:17 -0500] "GET /BLA/resoluciones/AUTOS%202010/5300.pdf HTTP/1.1" 200 1070825
201.245.192.253 - - [10/Mar/2024:07:22:31 -0500] "POST /kwsrmcab/Wsrmcab  HTTP/1.1" 200 39634
216.244.66.195 - - [10/Mar/2024:07:22:54 -0500] "GET /BLA/resoluciones/AUTOS%202010/5397.pdf HTTP/1.1" 200 1541870
172.22.2.4 - - [10/Mar/2024:07:21:22 -0500] "HEAD /BLA/boletinlegal/ HTTP/1.1" 200 -
201.245.192.253 - - [10/Mar/2024:07:23:30 -0500] "POST /forms/lservlet;jsessionid=ac16012b30d684947034d65b4c4e923ce056fbb2be58.e3iSbxaKaheRe3iNc3uNbNmQay1ynknvrkLOlQzNp65In0 HTTP/1.1" 200 2
201.245.192.253 - - [10/Mar/2024:07:23:30 -0500] "POST /forms/lservlet;jsessionid=ac16012b30d65740d95aaed04376ba5bc6200a0659e1.e3iSbxaKaheRe3iNc3uNbNmQay1ynknvrkLOlQzNp65In0 HTTP/1.1" 200 2
216.244.66.195 - - [10/Mar/2024:07:23:40 -0500] "GET /BLA/resoluciones/AUTOS%202010/5570.pdf HTTP/1.1" 200 146856
172.22.2.4 - - [10/Mar/2024:07:22:13 -0500] "GET /BLA/boletinlegal/ HTTP/1.1" 200 59967
216.244.66.195 - - [10/Mar/2024:07:24:11 -0500] "GET /BLA/resoluciones/AUTOS%202010/6661.pdf HTTP/1.1" 200 3691944
216.244.66.195 - - [10/Mar/2024:07:24:47 -0500] "GET /BLA/resoluciones/AUTOS%202010/6734.pdf HTTP/1.1" 200 218104
216.244.66.195 - - [10/Mar/2024:07:25:18 -0500] "GET /BLA/resoluciones/AUTOS%202010/6911.pdf HTTP/1.1" 200 260864
201.245.192.253 - - [10/Mar/2024:07:25:30 -0500] "POST /forms/lservlet;jsessionid=ac16012b30d684947034d65b4c4e923ce056fbb2be58.e3iSbxaKaheRe3iNc3uNbNmQay1ynknvrkLOlQzNp65In0 HTTP/1.1" 200 2
201.245.192.253 - - [10/Mar/2024:07:25:30 -0500] "POST /forms/lservlet;jsessionid=ac16012b30d65740d95aaed04376ba5bc6200a0659e1.e3iSbxaKaheRe3iNc3uNbNmQay1ynknvrkLOlQzNp65In0 HTTP/1.1" 200 2
216.244.66.195 - - [10/Mar/2024:07:25:48 -0500] "GET /BLA/resoluciones/AUTOS%202011/3280.pdf HTTP/1.1" 200 219677
34.31.202.244 - - [10/Mar/2024:07:25:52 -0500] "GET /portaldeninos/wp-content/uploads/2020/06/tw.jpg HTTP/1.1" 200 11056
216.245.221.92 - - [10/Mar/2024:07:25:55 -0500] "HEAD / HTTP/1.1" 200 -
201.245.192.253 - - [10/Mar/2024:07:27:28 -0500] "POST /kwsrmcab/Wsrmcab  HTTP/1.1" 200 39632
201.245.192.253 - - [10/Mar/2024:07:27:30 -0500] "POST /forms/lservlet;jsessionid=ac16012b30d684947034d65b4c4e923ce056fbb2be58.e3iSbxaKaheRe3iNc3uNbNmQay1ynknvrkLOlQzNp65In0 HTTP/1.1" 200 2
201.245.192.253 - - [10/Mar/2024:07:27:30 -0500] "POST /forms/lservlet;jsessionid=ac16012b30d65740d95aaed04376ba5bc6200a0659e1.e3iSbxaKaheRe3iNc3uNbNmQay1ynknvrkLOlQzNp65In0 HTTP/1.1" 200 2
172.22.2.4 - - [10/Mar/2024:07:27:12 -0500] "HEAD /BLA/boletinlegal/ HTTP/1.1" 200 -
201.245.192.253 - - [10/Mar/2024:07:29:30 -0500] "POST /forms/lservlet;jsessionid=ac16012b30d684947034d65b4c4e923ce056fbb2be58.e3iSbxaKaheRe3iNc3uNbNmQay1ynknvrkLOlQzNp65In0 HTTP/1.1" 200 2
201.245.192.253 - - [10/Mar/2024:07:29:30 -0500] "POST /forms/lservlet;jsessionid=ac16012b30d65740d95aaed04376ba5bc6200a0659e1.e3iSbxaKaheRe3iNc3uNbNmQay1ynknvrkLOlQzNp65In0 HTTP/1.1" 200 2
172.22.2.4 - - [10/Mar/2024:07:28:03 -0500] "GET /BLA/boletinlegal/ HTTP/1.1" 200 60380
201.245.192.253 - - [10/Mar/2024:07:29:52 -0500] "POST /kwsrmcab/Wsrmcab HTTP/1.1" 200 39727
201.245.192.253 - - [10/Mar/2024:07:29:53 -0500] "POST /kwsrmcab/Wsrmcab HTTP/1.1" 200 37324
157.90.251.233 - - [10/Mar/2024:07:30:15 -0500] "GET / HTTP/1.1" 200 4720
201.245.192.253 - - [10/Mar/2024:07:30:15 -0500] "POST /kwsrmcab/Wsrmcab HTTP/1.1" 200 39116
216.245.221.92 - - [10/Mar/2024:07:30:55 -0500] "HEAD / HTTP/1.1" 200 -
201.245.192.253 - - [10/Mar/2024:07:30:57 -0500] "POST /kwsrmcab/Wsrmcab HTTP/1.1" 200 37324
201.245.192.253 - - [10/Mar/2024:07:31:30 -0500] "POST /forms/lservlet;jsessionid=ac16012b30d684947034d65b4c4e923ce056fbb2be58.e3iSbxaKaheRe3iNc3uNbNmQay1ynknvrkLOlQzNp65In0 HTTP/1.1" 200 2
201.245.192.253 - - [10/Mar/2024:07:31:30 -0500] "POST /forms/lservlet;jsessionid=ac16012b30d65740d95aaed04376ba5bc6200a0659e1.e3iSbxaKaheRe3iNc3uNbNmQay1ynknvrkLOlQzNp65In0 HTTP/1.1" 200 2
172.22.2.4 - - [10/Mar/2024:07:30:29 -0500] "GET /BLA/boletinlegal/index.php HTTP/1.1" 200 62720
201.245.192.253 - - [10/Mar/2024:07:32:26 -0500] "POST /kwsrmcab/Wsrmcab  HTTP/1.1" 200 39632
162.55.35.116 - - [10/Mar/2024:07:32:31 -0500] "GET / HTTP/1.1" 200 4720
201.245.192.253 - - [10/Mar/2024:07:33:30 -0500] "POST /forms/lservlet;jsessionid=ac16012b30d684947034d65b4c4e923ce056fbb2be58.e3iSbxaKaheRe3iNc3uNbNmQay1ynknvrkLOlQzNp65In0 HTTP/1.1" 200 2
201.245.192.253 - - [10/Mar/2024:07:33:30 -0500] "POST /forms/lservlet;jsessionid=ac16012b30d65740d95aaed04376ba5bc6200a0659e1.e3iSbxaKaheRe3iNc3uNbNmQay1ynknvrkLOlQzNp65In0 HTTP/1.1" 200 2
191.95.20.64 - - [10/Mar/2024:07:33:57 -0500] "GET /sipse/faces/faces/faces/index.xhtml HTTP/1.1" 200 677
191.95.20.64 - - [10/Mar/2024:07:33:58 -0500] "GET /sipse/faces/javax.faces.resource/theme.css?ln=primefaces-sipse HTTP/1.1" 304 -
191.95.20.64 - - [10/Mar/2024:07:33:58 -0500] "GET /sipse/faces/faces/faces/faces/autenticacion.xhtml HTTP/1.1" 200 12403
191.95.20.64 - - [10/Mar/2024:07:33:58 -0500] "GET /sipse/faces/javax.faces.resource/theme.css?ln=primefaces-sipse HTTP/1.1" 304 -
191.95.20.64 - - [10/Mar/2024:07:33:58 -0500] "GET /sipse/faces/javax.faces.resource/primefaces.css?ln=primefaces&v=4.0 HTTP/1.1" 304 -
191.95.20.64 - - [10/Mar/2024:07:33:58 -0500] "GET /sipse/faces/javax.faces.resource/jquery/jquery-plugins.js?ln=primefaces&v=4.0 HTTP/1.1" 304 -
191.95.20.64 - - [10/Mar/2024:07:33:58 -0500] "GET /sipse/faces/javax.faces.resource/jquery/jquery.js?ln=primefaces&v=4.0 HTTP/1.1" 304 -
191.95.20.64 - - [10/Mar/2024:07:33:58 -0500] "GET /sipse/faces/javax.faces.resource/layout/layout.css?ln=primefaces&v=4.0 HTTP/1.1" 304 -
191.95.20.64 - - [10/Mar/2024:07:33:58 -0500] "GET /sipse/faces/javax.faces.resource/primefaces.js?ln=primefaces&v=4.0 HTTP/1.1" 304 -
191.95.20.64 - - [10/Mar/2024:07:33:58 -0500] "GET /sipse/faces/javax.faces.resource/layout/layout.js?ln=primefaces&v=4.0 HTTP/1.1" 304 -
191.95.20.64 - - [10/Mar/2024:07:33:59 -0500] "GET /sipse/faces/javax.faces.resource/images/ui-icons_898989_256x240.png?ln=primefaces-aristo HTTP/1.1" 304 -
172.22.2.4 - - [10/Mar/2024:07:33:02 -0500] "HEAD /BLA/boletinlegal/ HTTP/1.1" 200 -
201.245.192.253 - - [10/Mar/2024:07:35:30 -0500] "POST /forms/lservlet;jsessionid=ac16012b30d684947034d65b4c4e923ce056fbb2be58.e3iSbxaKaheRe3iNc3uNbNmQay1ynknvrkLOlQzNp65In0 HTTP/1.1" 200 2
201.245.192.253 - - [10/Mar/2024:07:35:30 -0500] "POST /forms/lservlet;jsessionid=ac16012b30d65740d95aaed04376ba5bc6200a0659e1.e3iSbxaKaheRe3iNc3uNbNmQay1ynknvrkLOlQzNp65In0 HTTP/1.1" 200 2
172.22.2.4 - - [10/Mar/2024:07:33:53 -0500] "GET /BLA/boletinlegal/ HTTP/1.1" 200 58273
216.245.221.92 - - [10/Mar/2024:07:35:55 -0500] "HEAD / HTTP/1.1" 200 -
40.77.167.15 - - [10/Mar/2024:07:36:44 -0500] "GET /documents/10184/5220716/panoramica+de+bogota.jpg/932ba3d1-e889-4f1e-9b36-36c0aceafb3d?t=1692044730650 HTTP/1.1" 404 1034
201.245.192.253 - - [10/Mar/2024:07:37:25 -0500] "POST /kwsrmcab/Wsrmcab  HTTP/1.1" 200 39632
201.245.192.253 - - [10/Mar/2024:07:37:30 -0500] "POST /forms/lservlet;jsessionid=ac16012b30d684947034d65b4c4e923ce056fbb2be58.e3iSbxaKaheRe3iNc3uNbNmQay1ynknvrkLOlQzNp65In0 HTTP/1.1" 200 2
201.245.192.253 - - [10/Mar/2024:07:37:30 -0500] "POST /forms/lservlet;jsessionid=ac16012b30d65740d95aaed04376ba5bc6200a0659e1.e3iSbxaKaheRe3iNc3uNbNmQay1ynknvrkLOlQzNp65In0 HTTP/1.1" 200 2
216.244.66.195 - - [10/Mar/2024:07:38:15 -0500] "GET /robots.txt HTTP/1.1" 404 1018
201.245.192.253 - - [10/Mar/2024:07:39:30 -0500] "POST /forms/lservlet;jsessionid=ac16012b30d684947034d65b4c4e923ce056fbb2be58.e3iSbxaKaheRe3iNc3uNbNmQay1ynknvrkLOlQzNp65In0 HTTP/1.1" 200 2
201.245.192.253 - - [10/Mar/2024:07:39:30 -0500] "POST /forms/lservlet;jsessionid=ac16012b30d65740d95aaed04376ba5bc6200a0659e1.e3iSbxaKaheRe3iNc3uNbNmQay1ynknvrkLOlQzNp65In0 HTTP/1.1" 200 2
201.245.192.253 - - [10/Mar/2024:07:39:53 -0500] "POST /kwsrmcab/Wsrmcab HTTP/1.1" 200 39727
201.245.192.253 - - [10/Mar/2024:07:39:53 -0500] "POST /kwsrmcab/Wsrmcab HTTP/1.1" 200 37324
201.245.192.253 - - [10/Mar/2024:07:40:14 -0500] "POST /kwsrmcab/Wsrmcab HTTP/1.1" 200 39116
172.22.2.4 - - [10/Mar/2024:07:38:52 -0500] "HEAD /BLA/boletinlegal/ HTTP/1.1" 200 -
216.245.221.92 - - [10/Mar/2024:07:40:55 -0500] "HEAD / HTTP/1.1" 200 -
201.245.192.253 - - [10/Mar/2024:07:40:56 -0500] "POST /kwsrmcab/Wsrmcab HTTP/1.1" 200 37324
172.22.2.4 - - [10/Mar/2024:07:39:43 -0500] "GET /BLA/boletinlegal/ HTTP/1.1" 200 58273
201.245.192.253 - - [10/Mar/2024:07:41:30 -0500] "POST /forms/lservlet;jsessionid=ac16012b30d684947034d65b4c4e923ce056fbb2be58.e3iSbxaKaheRe3iNc3uNbNmQay1ynknvrkLOlQzNp65In0 HTTP/1.1" 200 2
201.245.192.253 - - [10/Mar/2024:07:41:30 -0500] "POST /forms/lservlet;jsessionid=ac16012b30d65740d95aaed04376ba5bc6200a0659e1.e3iSbxaKaheRe3iNc3uNbNmQay1ynknvrkLOlQzNp65In0 HTTP/1.1" 200 2
201.245.192.253 - - [10/Mar/2024:07:42:24 -0500] "POST /kwsrmcab/Wsrmcab  HTTP/1.1" 200 39632
66.249.65.15 - - [10/Mar/2024:07:42:51 -0500] "GET /Publicaciones/2023EE290342.pdf HTTP/1.1" 404 228
201.245.192.253 - - [10/Mar/2024:07:43:30 -0500] "POST /forms/lservlet;jsessionid=ac16012b30d684947034d65b4c4e923ce056fbb2be58.e3iSbxaKaheRe3iNc3uNbNmQay1ynknvrkLOlQzNp65In0 HTTP/1.1" 200 2
201.245.192.253 - - [10/Mar/2024:07:43:30 -0500] "POST /forms/lservlet;jsessionid=ac16012b30d65740d95aaed04376ba5bc6200a0659e1.e3iSbxaKaheRe3iNc3uNbNmQay1ynknvrkLOlQzNp65In0 HTTP/1.1" 200 2
207.46.13.128 - - [10/Mar/2024:07:44:03 -0500] "GET /BLA/resoluciones/AUTOS%202018/0624.pdf HTTP/1.1" 304 -
201.245.192.253 - - [10/Mar/2024:07:45:30 -0500] "POST /forms/lservlet;jsessionid=ac16012b30d684947034d65b4c4e923ce056fbb2be58.e3iSbxaKaheRe3iNc3uNbNmQay1ynknvrkLOlQzNp65In0 HTTP/1.1" 200 2
201.245.192.253 - - [10/Mar/2024:07:45:30 -0500] "POST /forms/lservlet;jsessionid=ac16012b30d65740d95aaed04376ba5bc6200a0659e1.e3iSbxaKaheRe3iNc3uNbNmQay1ynknvrkLOlQzNp65In0 HTTP/1.1" 200 2
216.245.221.92 - - [10/Mar/2024:07:45:55 -0500] "HEAD / HTTP/1.1" 200 -
172.22.2.4 - - [10/Mar/2024:07:44:42 -0500] "HEAD /BLA/boletinlegal/ HTTP/1.1" 200 -
172.22.2.4 - - [10/Mar/2024:07:45:33 -0500] "GET /BLA/boletinlegal/ HTTP/1.1" 200 53419
201.245.192.253 - - [10/Mar/2024:07:47:22 -0500] "POST /kwsrmcab/Wsrmcab  HTTP/1.1" 200 39632
201.245.192.253 - - [10/Mar/2024:07:47:30 -0500] "POST /forms/lservlet;jsessionid=ac16012b30d684947034d65b4c4e923ce056fbb2be58.e3iSbxaKaheRe3iNc3uNbNmQay1ynknvrkLOlQzNp65In0 HTTP/1.1" 200 2
201.245.192.253 - - [10/Mar/2024:07:47:30 -0500] "POST /forms/lservlet;jsessionid=ac16012b30d65740d95aaed04376ba5bc6200a0659e1.e3iSbxaKaheRe3iNc3uNbNmQay1ynknvrkLOlQzNp65In0 HTTP/1.1" 200 2
186.84.20.209 - - [10/Mar/2024:07:48:58 -0500] "GET /BLA/resoluciones/index.php?dir=AUTOS+2013%2F HTTP/1.1" 200 407754
91.92.250.119 - - [10/Mar/2024:07:48:52 -0500] "POST /login HTTP/1.1" 404 1018
201.245.192.253 - - [10/Mar/2024:07:49:30 -0500] "POST /forms/lservlet;jsessionid=ac16012b30d684947034d65b4c4e923ce056fbb2be58.e3iSbxaKaheRe3iNc3uNbNmQay1ynknvrkLOlQzNp65In0 HTTP/1.1" 200 2
201.245.192.253 - - [10/Mar/2024:07:49:30 -0500] "POST /forms/lservlet;jsessionid=ac16012b30d65740d95aaed04376ba5bc6200a0659e1.e3iSbxaKaheRe3iNc3uNbNmQay1ynknvrkLOlQzNp65In0 HTTP/1.1" 200 2
216.245.221.92 - - [10/Mar/2024:07:50:55 -0500] "HEAD / HTTP/1.1" 200 -
201.245.192.253 - - [10/Mar/2024:07:51:30 -0500] "POST /forms/lservlet;jsessionid=ac16012b30d684947034d65b4c4e923ce056fbb2be58.e3iSbxaKaheRe3iNc3uNbNmQay1ynknvrkLOlQzNp65In0 HTTP/1.1" 200 2
201.245.192.253 - - [10/Mar/2024:07:51:30 -0500] "POST /forms/lservlet;jsessionid=ac16012b30d65740d95aaed04376ba5bc6200a0659e1.e3iSbxaKaheRe3iNc3uNbNmQay1ynknvrkLOlQzNp65In0 HTTP/1.1" 200 2
172.22.2.4 - - [10/Mar/2024:07:50:32 -0500] "HEAD /BLA/boletinlegal/ HTTP/1.1" 200 -
201.245.192.253 - - [10/Mar/2024:07:52:20 -0500] "POST /kwsrmcab/Wsrmcab  HTTP/1.1" 200 39632
216.244.66.195 - - [10/Mar/2024:07:52:58 -0500] "GET /BLA/resoluciones/index.php?dir=RESOLUCIONES+2006%2F HTTP/1.1" 200 40916
172.22.2.4 - - [10/Mar/2024:07:51:23 -0500] "GET /BLA/boletinlegal/ HTTP/1.1" 200 58273
216.244.66.195 - - [10/Mar/2024:07:53:04 -0500] "GET /sipse/faces/index.xhtml HTTP/1.1" 200 677
201.245.192.253 - - [10/Mar/2024:07:53:30 -0500] "POST /forms/lservlet;jsessionid=ac16012b30d684947034d65b4c4e923ce056fbb2be58.e3iSbxaKaheRe3iNc3uNbNmQay1ynknvrkLOlQzNp65In0 HTTP/1.1" 200 2
201.245.192.253 - - [10/Mar/2024:07:53:30 -0500] "POST /forms/lservlet;jsessionid=ac16012b30d65740d95aaed04376ba5bc6200a0659e1.e3iSbxaKaheRe3iNc3uNbNmQay1ynknvrkLOlQzNp65In0 HTTP/1.1" 200 2
199.16.157.182 - - [10/Mar/2024:07:54:17 -0500] "GET /images/pl%C3%A1sticos%20foto%201..jpg HTTP/1.1" 404 1034
201.245.192.253 - - [10/Mar/2024:07:55:30 -0500] "POST /forms/lservlet;jsessionid=ac16012b30d684947034d65b4c4e923ce056fbb2be58.e3iSbxaKaheRe3iNc3uNbNmQay1ynknvrkLOlQzNp65In0 HTTP/1.1" 200 2
201.245.192.253 - - [10/Mar/2024:07:55:30 -0500] "POST /forms/lservlet;jsessionid=ac16012b30d65740d95aaed04376ba5bc6200a0659e1.e3iSbxaKaheRe3iNc3uNbNmQay1ynknvrkLOlQzNp65In0 HTTP/1.1" 200 2
216.245.221.92 - - [10/Mar/2024:07:55:55 -0500] "HEAD / HTTP/1.1" 200 -
201.245.192.253 - - [10/Mar/2024:07:57:19 -0500] "POST /kwsrmcab/Wsrmcab  HTTP/1.1" 200 39632
201.245.192.253 - - [10/Mar/2024:07:57:30 -0500] "POST /forms/lservlet;jsessionid=ac16012b30d684947034d65b4c4e923ce056fbb2be58.e3iSbxaKaheRe3iNc3uNbNmQay1ynknvrkLOlQzNp65In0 HTTP/1.1" 200 2
201.245.192.253 - - [10/Mar/2024:07:57:30 -0500] "POST /forms/lservlet;jsessionid=ac16012b30d65740d95aaed04376ba5bc6200a0659e1.e3iSbxaKaheRe3iNc3uNbNmQay1ynknvrkLOlQzNp65In0 HTTP/1.1" 200 2
185.191.171.11 - - [10/Mar/2024:07:57:54 -0500] "GET /robots.txt HTTP/1.1" 404 1035
85.208.96.197 - - [10/Mar/2024:07:57:54 -0500] "GET /portaldeninos/relatos-urbanos-de-los-ecosistemas-bogotanos-2/ HTTP/1.1" 200 88374
216.244.66.195 - - [10/Mar/2024:07:57:56 -0500] "GET /BLA/resoluciones/index.php?dir=Decretos%2F HTTP/1.1" 200 6804
172.22.2.4 - - [10/Mar/2024:07:56:22 -0500] "HEAD /BLA/boletinlegal/ HTTP/1.1" 200 -
172.22.2.4 - - [10/Mar/2024:07:57:13 -0500] "GET /BLA/boletinlegal/ HTTP/1.1" 200 58273
201.245.192.253 - - [10/Mar/2024:07:59:30 -0500] "POST /forms/lservlet;jsessionid=ac16012b30d684947034d65b4c4e923ce056fbb2be58.e3iSbxaKaheRe3iNc3uNbNmQay1ynknvrkLOlQzNp65In0 HTTP/1.1" 200 2
201.245.192.253 - - [10/Mar/2024:07:59:30 -0500] "POST /forms/lservlet;jsessionid=ac16012b30d65740d95aaed04376ba5bc6200a0659e1.e3iSbxaKaheRe3iNc3uNbNmQay1ynknvrkLOlQzNp65In0 HTTP/1.1" 200 2
216.245.221.92 - - [10/Mar/2024:08:00:55 -0500] "HEAD / HTTP/1.1" 200 -
201.245.192.253 - - [10/Mar/2024:08:01:30 -0500] "POST /forms/lservlet;jsessionid=ac16012b30d684947034d65b4c4e923ce056fbb2be58.e3iSbxaKaheRe3iNc3uNbNmQay1ynknvrkLOlQzNp65In0 HTTP/1.1" 200 2
201.245.192.253 - - [10/Mar/2024:08:01:30 -0500] "POST /forms/lservlet;jsessionid=ac16012b30d65740d95aaed04376ba5bc6200a0659e1.e3iSbxaKaheRe3iNc3uNbNmQay1ynknvrkLOlQzNp65In0 HTTP/1.1" 200 2
216.244.66.195 - - [10/Mar/2024:08:01:54 -0500] "GET /BLA/resoluciones/AUTOS%202016/0049.pdf HTTP/1.1" 200 746827
201.245.192.253 - - [10/Mar/2024:08:02:18 -0500] "POST /kwsrmcab/Wsrmcab  HTTP/1.1" 200 39632
216.244.66.195 - - [10/Mar/2024:08:02:34 -0500] "GET /BLA/resoluciones/AUTOS%202016/0056.pdf HTTP/1.1" 200 528588
216.244.66.195 - - [10/Mar/2024:08:03:13 -0500] "GET /BLA/resoluciones/AUTOS%202016/0267.pdf HTTP/1.1" 200 561985
201.245.192.253 - - [10/Mar/2024:08:03:30 -0500] "POST /forms/lservlet;jsessionid=ac16012b30d684947034d65b4c4e923ce056fbb2be58.e3iSbxaKaheRe3iNc3uNbNmQay1ynknvrkLOlQzNp65In0 HTTP/1.1" 200 2
201.245.192.253 - - [10/Mar/2024:08:03:30 -0500] "POST /forms/lservlet;jsessionid=ac16012b30d65740d95aaed04376ba5bc6200a0659e1.e3iSbxaKaheRe3iNc3uNbNmQay1ynknvrkLOlQzNp65In0 HTTP/1.1" 200 2
216.244.66.195 - - [10/Mar/2024:08:03:46 -0500] "GET /BLA/resoluciones/AUTOS%202016/0964.pdf HTTP/1.1" 200 438652
172.22.2.4 - - [10/Mar/2024:08:02:12 -0500] "HEAD /BLA/boletinlegal/ HTTP/1.1" 200 -
216.244.66.195 - - [10/Mar/2024:08:04:18 -0500] "GET /BLA/resoluciones/AUTOS%202016/1099.pdf HTTP/1.1" 200 525510
172.22.2.4 - - [10/Mar/2024:08:03:03 -0500] "GET /BLA/boletinlegal/ HTTP/1.1" 200 58720
216.244.66.195 - - [10/Mar/2024:08:04:47 -0500] "GET /BLA/resoluciones/AUTOS%202016/1828.pdf HTTP/1.1" 200 470416
216.244.66.195 - - [10/Mar/2024:08:05:16 -0500] "GET /BLA/resoluciones/AUTOS%202016/1901.pdf HTTP/1.1" 200 301205
201.245.192.253 - - [10/Mar/2024:08:05:30 -0500] "POST /forms/lservlet;jsessionid=ac16012b30d684947034d65b4c4e923ce056fbb2be58.e3iSbxaKaheRe3iNc3uNbNmQay1ynknvrkLOlQzNp65In0 HTTP/1.1" 200 2
201.245.192.253 - - [10/Mar/2024:08:05:30 -0500] "POST /forms/lservlet;jsessionid=ac16012b30d65740d95aaed04376ba5bc6200a0659e1.e3iSbxaKaheRe3iNc3uNbNmQay1ynknvrkLOlQzNp65In0 HTTP/1.1" 200 2
216.244.66.195 - - [10/Mar/2024:08:05:46 -0500] "GET /BLA/resoluciones/AUTOS%202016/1988.pdf HTTP/1.1" 200 287739
216.245.221.92 - - [10/Mar/2024:08:05:55 -0500] "HEAD / HTTP/1.1" 200 -
216.244.66.195 - - [10/Mar/2024:08:06:14 -0500] "GET /BLA/resoluciones/AUTOS%202016/2080.pdf HTTP/1.1" 200 1075486
216.244.66.195 - - [10/Mar/2024:08:06:39 -0500] "GET /BLA/resoluciones/AUTOS%202016/2254.pdf HTTP/1.1" 200 381108
216.244.66.195 - - [10/Mar/2024:08:07:03 -0500] "GET /BLA/resoluciones/AUTOS%202016/2515.pdf HTTP/1.1" 200 518054
201.245.192.253 - - [10/Mar/2024:08:07:16 -0500] "POST /kwsrmcab/Wsrmcab  HTTP/1.1" 200 39632
216.244.66.195 - - [10/Mar/2024:08:07:26 -0500] "GET /BLA/resoluciones/AUTOS%202016/2642.pdf HTTP/1.1" 200 361336
201.245.192.253 - - [10/Mar/2024:08:07:30 -0500] "POST /forms/lservlet;jsessionid=ac16012b30d684947034d65b4c4e923ce056fbb2be58.e3iSbxaKaheRe3iNc3uNbNmQay1ynknvrkLOlQzNp65In0 HTTP/1.1" 200 2
201.245.192.253 - - [10/Mar/2024:08:07:30 -0500] "POST /forms/lservlet;jsessionid=ac16012b30d65740d95aaed04376ba5bc6200a0659e1.e3iSbxaKaheRe3iNc3uNbNmQay1ynknvrkLOlQzNp65In0 HTTP/1.1" 200 2
216.244.66.195 - - [10/Mar/2024:08:07:47 -0500] "GET /BLA/resoluciones/AUTOS%202016/2802.pdf HTTP/1.1" 200 389876
216.244.66.195 - - [10/Mar/2024:08:08:08 -0500] "GET /BLA/resoluciones/AUTOS%202016/2910.pdf HTTP/1.1" 200 336890
216.244.66.195 - - [10/Mar/2024:08:08:28 -0500] "GET /BLA/resoluciones/AUTOS%202016/3070.pdf HTTP/1.1" 200 999885
216.244.66.195 - - [10/Mar/2024:08:09:07 -0500] "GET /BLA/resoluciones/AUTOS%202016/0029.pdf HTTP/1.1" 200 520547
201.245.192.253 - - [10/Mar/2024:08:09:30 -0500] "POST /forms/lservlet;jsessionid=ac16012b30d684947034d65b4c4e923ce056fbb2be58.e3iSbxaKaheRe3iNc3uNbNmQay1ynknvrkLOlQzNp65In0 HTTP/1.1" 200 2
201.245.192.253 - - [10/Mar/2024:08:09:30 -0500] "POST /forms/lservlet;jsessionid=ac16012b30d65740d95aaed04376ba5bc6200a0659e1.e3iSbxaKaheRe3iNc3uNbNmQay1ynknvrkLOlQzNp65In0 HTTP/1.1" 200 2
172.22.2.4 - - [10/Mar/2024:08:08:02 -0500] "HEAD /BLA/boletinlegal/ HTTP/1.1" 200 -
216.244.66.195 - - [10/Mar/2024:08:09:45 -0500] "GET /BLA/resoluciones/AUTOS%202010/0054.pdf HTTP/1.1" 200 164352
207.46.13.14 - - [10/Mar/2024:08:09:46 -0500] "GET /BLA/resoluciones/AUTOS%202019/4510.pdf HTTP/1.1" 304 -
81.181.57.88 - - [10/Mar/2024:08:09:49 -0500] "GET / HTTP/1.1" 200 319
216.244.66.195 - - [10/Mar/2024:08:10:16 -0500] "GET /BLA/resoluciones/AUTOS%202010/0783.pdf HTTP/1.1" 200 117745
157.55.39.52 - - [10/Mar/2024:08:10:17 -0500] "GET /transparencia/New%20folder/11.%20EJECUCION%20VIGENCIA%20NOVIEMBRE%202020.pdf HTTP/1.1" 200 178750
172.22.2.4 - - [10/Mar/2024:08:08:53 -0500] "GET /BLA/boletinlegal/ HTTP/1.1" 200 58273
216.244.66.195 - - [10/Mar/2024:08:10:45 -0500] "GET /BLA/resoluciones/AUTOS%202010/1277.pdf HTTP/1.1" 200 318926
216.245.221.92 - - [10/Mar/2024:08:10:55 -0500] "HEAD / HTTP/1.1" 200 -
216.244.66.195 - - [10/Mar/2024:08:11:13 -0500] "GET /BLA/resoluciones/AUTOS%202010/1398.pdf HTTP/1.1" 200 246938
201.245.192.253 - - [10/Mar/2024:08:11:30 -0500] "POST /forms/lservlet;jsessionid=ac16012b30d684947034d65b4c4e923ce056fbb2be58.e3iSbxaKaheRe3iNc3uNbNmQay1ynknvrkLOlQzNp65In0 HTTP/1.1" 200 2
201.245.192.253 - - [10/Mar/2024:08:11:30 -0500] "POST /forms/lservlet;jsessionid=ac16012b30d65740d95aaed04376ba5bc6200a0659e1.e3iSbxaKaheRe3iNc3uNbNmQay1ynknvrkLOlQzNp65In0 HTTP/1.1" 200 2
216.244.66.195 - - [10/Mar/2024:08:11:42 -0500] "GET /BLA/resoluciones/AUTOS%202010/1441.pdf HTTP/1.1" 200 178960
216.244.66.195 - - [10/Mar/2024:08:12:11 -0500] "GET /BLA/resoluciones/AUTOS%202010/1903.pdf HTTP/1.1" 200 144935
201.245.192.253 - - [10/Mar/2024:08:12:14 -0500] "POST /kwsrmcab/Wsrmcab  HTTP/1.1" 200 39632
216.244.66.195 - - [10/Mar/2024:08:12:36 -0500] "GET /BLA/resoluciones/AUTOS%202010/4399.pdf HTTP/1.1" 200 247769
216.244.66.195 - - [10/Mar/2024:08:13:00 -0500] "GET /BLA/resoluciones/AUTOS%202010/4621.pdf HTTP/1.1" 200 277158
216.244.66.195 - - [10/Mar/2024:08:13:24 -0500] "GET /BLA/resoluciones/AUTOS%202010/4818.pdf HTTP/1.1" 200 374308
201.245.192.253 - - [10/Mar/2024:08:13:30 -0500] "POST /forms/lservlet;jsessionid=ac16012b30d684947034d65b4c4e923ce056fbb2be58.e3iSbxaKaheRe3iNc3uNbNmQay1ynknvrkLOlQzNp65In0 HTTP/1.1" 200 2
201.245.192.253 - - [10/Mar/2024:08:13:30 -0500] "POST /forms/lservlet;jsessionid=ac16012b30d65740d95aaed04376ba5bc6200a0659e1.e3iSbxaKaheRe3iNc3uNbNmQay1ynknvrkLOlQzNp65In0 HTTP/1.1" 200 2
216.244.66.195 - - [10/Mar/2024:08:13:46 -0500] "GET /BLA/resoluciones/AUTOS%202010/4839.pdf HTTP/1.1" 200 366299
216.244.66.195 - - [10/Mar/2024:08:14:08 -0500] "GET /BLA/resoluciones/AUTOS%202010/5217.pdf HTTP/1.1" 200 162625
216.244.66.195 - - [10/Mar/2024:08:14:28 -0500] "GET /BLA/resoluciones/AUTOS%202010/5227.pdf HTTP/1.1" 200 166153
216.244.66.195 - - [10/Mar/2024:08:14:47 -0500] "GET /BLA/resoluciones/AUTOS%202010/5369.pdf HTTP/1.1" 200 1541014
216.244.66.195 - - [10/Mar/2024:08:15:07 -0500] "GET /BLA/resoluciones/AUTOS%202010/5445.pdf HTTP/1.1" 200 1207218
66.249.65.15 - - [10/Mar/2024:08:15:30 -0500] "GET /Publicaciones/2024EE12650.pdf HTTP/1.1" 404 227
201.245.192.253 - - [10/Mar/2024:08:15:30 -0500] "POST /forms/lservlet;jsessionid=ac16012b30d684947034d65b4c4e923ce056fbb2be58.e3iSbxaKaheRe3iNc3uNbNmQay1ynknvrkLOlQzNp65In0 HTTP/1.1" 200 2
201.245.192.253 - - [10/Mar/2024:08:15:30 -0500] "POST /forms/lservlet;jsessionid=ac16012b30d65740d95aaed04376ba5bc6200a0659e1.e3iSbxaKaheRe3iNc3uNbNmQay1ynknvrkLOlQzNp65In0 HTTP/1.1" 200 2
172.22.2.4 - - [10/Mar/2024:08:13:52 -0500] "HEAD /BLA/boletinlegal/ HTTP/1.1" 200 -
216.244.66.195 - - [10/Mar/2024:08:15:46 -0500] "GET /BLA/resoluciones/AUTOS%202010/5535.pdf HTTP/1.1" 200 1006218
216.245.221.92 - - [10/Mar/2024:08:15:55 -0500] "HEAD / HTTP/1.1" 200 -
216.244.66.195 - - [10/Mar/2024:08:16:17 -0500] "GET /BLA/resoluciones/AUTOS%202010/5896.pdf HTTP/1.1" 200 239563
172.22.2.4 - - [10/Mar/2024:08:14:43 -0500] "GET /BLA/boletinlegal/ HTTP/1.1" 200 53818
216.244.66.195 - - [10/Mar/2024:08:16:49 -0500] "GET /BLA/resoluciones/AUTOS%202010/6615.pdf HTTP/1.1" 200 156259
201.245.192.253 - - [10/Mar/2024:08:17:13 -0500] "POST /kwsrmcab/Wsrmcab  HTTP/1.1" 200 39632
216.244.66.195 - - [10/Mar/2024:08:17:17 -0500] "GET /BLA/resoluciones/AUTOS%202011/3244.pdf HTTP/1.1" 200 225935
207.46.13.125 - - [10/Mar/2024:08:17:27 -0500] "GET /BLA/resoluciones/AUTOS%202014/4231.pdf HTTP/1.1" 200 123086
201.245.192.253 - - [10/Mar/2024:08:17:30 -0500] "POST /forms/lservlet;jsessionid=ac16012b30d684947034d65b4c4e923ce056fbb2be58.e3iSbxaKaheRe3iNc3uNbNmQay1ynknvrkLOlQzNp65In0 HTTP/1.1" 200 2
201.245.192.253 - - [10/Mar/2024:08:17:30 -0500] "POST /forms/lservlet;jsessionid=ac16012b30d65740d95aaed04376ba5bc6200a0659e1.e3iSbxaKaheRe3iNc3uNbNmQay1ynknvrkLOlQzNp65In0 HTTP/1.1" 200 2
216.244.66.195 - - [10/Mar/2024:08:17:44 -0500] "GET /galeria/galeria/fotos/Entrenube1G.jpg HTTP/1.1" 200 98766
216.244.66.195 - - [10/Mar/2024:08:18:10 -0500] "GET /BLA/resoluciones/RESOLUCIONES%202001/2001%20750-799.TIF HTTP/1.1" 200 8805346
216.244.66.195 - - [10/Mar/2024:08:18:43 -0500] "GET /BLA/resoluciones/RESOLUCIONES%202016/0403.pdf HTTP/1.1" 200 922306
186.102.13.65 - - [10/Mar/2024:08:19:09 -0500] "GET /secretaria-de-ambiente-invita-a-proteger-la-culebra-sabanera.html HTTP/1.1" 200 924
66.249.65.15 - - [10/Mar/2024:08:19:14 -0500] "GET /Publicaciones/2024EE29469.pdf HTTP/1.1" 404 227
216.244.66.195 - - [10/Mar/2024:08:19:15 -0500] "GET /BLA/resoluciones/RESOLUCIONES%202016/0486.pdf HTTP/1.1" 200 479892
201.245.192.253 - - [10/Mar/2024:08:19:30 -0500] "POST /forms/lservlet;jsessionid=ac16012b30d684947034d65b4c4e923ce056fbb2be58.e3iSbxaKaheRe3iNc3uNbNmQay1ynknvrkLOlQzNp65In0 HTTP/1.1" 200 2
201.245.192.253 - - [10/Mar/2024:08:19:30 -0500] "POST /forms/lservlet;jsessionid=ac16012b30d65740d95aaed04376ba5bc6200a0659e1.e3iSbxaKaheRe3iNc3uNbNmQay1ynknvrkLOlQzNp65In0 HTTP/1.1" 200 2
216.244.66.195 - - [10/Mar/2024:08:19:44 -0500] "GET /BLA/resoluciones/RESOLUCIONES%202016/0645.pdf HTTP/1.1" 200 1032376
201.245.192.253 - - [10/Mar/2024:08:19:52 -0500] "POST /kwsrmcab/Wsrmcab HTTP/1.1" 200 39740
201.245.192.253 - - [10/Mar/2024:08:19:53 -0500] "POST /kwsrmcab/Wsrmcab HTTP/1.1" 200 213
216.244.66.195 - - [10/Mar/2024:08:20:13 -0500] "GET /BLA/resoluciones/RESOLUCIONES%202016/0999.pdf HTTP/1.1" 200 452785
201.245.192.253 - - [10/Mar/2024:08:20:14 -0500] "POST /kwsrmcab/Wsrmcab HTTP/1.1" 200 39269
216.244.66.195 - - [10/Mar/2024:08:20:40 -0500] "GET /BLA/resoluciones/RESOLUCIONES%202016/1030.pdf HTTP/1.1" 200 290077
216.245.221.92 - - [10/Mar/2024:08:20:55 -0500] "HEAD / HTTP/1.1" 200 -
201.245.192.253 - - [10/Mar/2024:08:20:56 -0500] "POST /kwsrmcab/Wsrmcab HTTP/1.1" 200 213
216.244.66.195 - - [10/Mar/2024:08:21:08 -0500] "GET /BLA/resoluciones/RESOLUCIONES%202016/1879.pdf HTTP/1.1" 200 363270
172.22.2.4 - - [10/Mar/2024:08:19:42 -0500] "HEAD /BLA/boletinlegal/ HTTP/1.1" 200 -
201.245.192.253 - - [10/Mar/2024:08:21:30 -0500] "POST /forms/lservlet;jsessionid=ac16012b30d684947034d65b4c4e923ce056fbb2be58.e3iSbxaKaheRe3iNc3uNbNmQay1ynknvrkLOlQzNp65In0 HTTP/1.1" 200 2
201.245.192.253 - - [10/Mar/2024:08:21:30 -0500] "POST /forms/lservlet;jsessionid=ac16012b30d65740d95aaed04376ba5bc6200a0659e1.e3iSbxaKaheRe3iNc3uNbNmQay1ynknvrkLOlQzNp65In0 HTTP/1.1" 200 2
201.245.192.253 - - [10/Mar/2024:08:22:11 -0500] "POST /kwsrmcab/Wsrmcab  HTTP/1.1" 200 39632
172.22.2.4 - - [10/Mar/2024:08:20:33 -0500] "GET /BLA/boletinlegal/ HTTP/1.1" 200 58273
207.46.13.154 - - [10/Mar/2024:08:23:27 -0500] "GET /BLA/resoluciones/AUTOS%202021/6241.pdf HTTP/1.1" 200 333428
201.245.192.253 - - [10/Mar/2024:08:23:30 -0500] "POST /forms/lservlet;jsessionid=ac16012b30d684947034d65b4c4e923ce056fbb2be58.e3iSbxaKaheRe3iNc3uNbNmQay1ynknvrkLOlQzNp65In0 HTTP/1.1" 200 2
201.245.192.253 - - [10/Mar/2024:08:23:30 -0500] "POST /forms/lservlet;jsessionid=ac16012b30d65740d95aaed04376ba5bc6200a0659e1.e3iSbxaKaheRe3iNc3uNbNmQay1ynknvrkLOlQzNp65In0 HTTP/1.1" 200 2
172.22.2.4 - - [10/Mar/2024:08:24:02 -0500] "GET /BLA/boletinlegal/actos.php HTTP/1.1" 200 9738
66.249.65.1 - - [10/Mar/2024:08:24:12 -0500] "GET /Publicaciones/2023EE168850.pdf HTTP/1.1" 404 228
66.249.65.15 - - [10/Mar/2024:08:24:13 -0500] "GET /isolucionsda/FrameSetArticulo.asp?Pagina=/IsolucionSDA/bancoconocimiento/D/Directiva4del22deMayode2009/Directiva4del22deMayode2009.asp?IdArticulo=6469 HTTP/1.1" 200 8071
66.249.65.15 - - [10/Mar/2024:08:24:24 -0500] "GET /isolucionsda/Arriba.asp?Pagina=/IsolucionSDA/bancoconocimiento/D/Directiva4del22deMayode2009/Directiva4del22deMayode2009.asp&IdArticulo=6469 HTTP/1.1" 500 9068
66.249.65.15 - - [10/Mar/2024:08:24:25 -0500] "GET /isolucionsda/IsolucionSDA/bancoconocimiento/D/Directiva4del22deMayode2009/Directiva4del22deMayode2009.asp?IdArticulo=6469 HTTP/1.1" 404 5038
66.249.65.2 - - [10/Mar/2024:08:24:25 -0500] "GET /isolucionsda/Scripts/jquery.js HTTP/1.1" 200 299461
66.249.65.1 - - [10/Mar/2024:08:24:26 -0500] "GET /isolucionsda/Scripts/jsUtilities.js?fecha=20150217a HTTP/1.1" 200 136227
66.249.65.2 - - [10/Mar/2024:08:24:26 -0500] "GET /isolucionsda/StyleSheet/StyleSheet.css HTTP/1.1" 200 28286
172.22.2.4 - - [10/Mar/2024:08:24:42 -0500] "GET /BLA/boletinlegal/consulta_actos.php?tipo=autos&no=&usuario=&sector=VERTIMIENTOS&fecha=2024&resuelve=suelos HTTP/1.1" 200 626
172.22.2.4 - - [10/Mar/2024:08:24:46 -0500] "GET /BLA/boletinlegal/consulta_actos.php?tipo=autos&no=&usuario=&sector=VERTIMIENTOS&fecha=2024&resuelve=suelos HTTP/1.1" 200 626
172.22.2.4 - - [10/Mar/2024:08:24:51 -0500] "GET /BLA/boletinlegal/consulta_actos.php?tipo=autos&no=&usuario=&sector=VERTIMIENTOS&fecha=2024&resuelve=suelos HTTP/1.1" 200 626
172.22.2.4 - - [10/Mar/2024:08:24:53 -0500] "GET /BLA/boletinlegal/consulta_actos.php?tipo=autos&no=&usuario=&sector=VERTIMIENTOS&fecha=2024&resuelve=sancionatorio HTTP/1.1" 200 626
172.22.2.4 - - [10/Mar/2024:08:25:00 -0500] "GET /BLA/boletinlegal/consulta_actos.php?tipo=autos&no=&usuario=&sector=VERTIMIENTOS&fecha=2024&resuelve=suelo HTTP/1.1" 200 626
172.22.2.4 - - [10/Mar/2024:08:25:01 -0500] "GET /BLA/boletinlegal/consulta_actos.php?tipo=autos&no=&usuario=&sector=VERTIMIENTOS&fecha=2024&resuelve=suelo HTTP/1.1" 200 626
181.51.34.59 - - [10/Mar/2024:08:25:04 -0500] "GET /distrito-cierra-preventivamente-los-caminos-de-los-cerros-para-evitar-incendios-forestales.html?fbclid=PAAaYtGgV_saul7nxiN65KQ3UqVCal5iysOiVHkAfEsuvDCdbtJqb9aca2c3Q HTTP/1.1" 200 982
201.245.192.253 - - [10/Mar/2024:08:25:30 -0500] "POST /forms/lservlet;jsessionid=ac16012b30d684947034d65b4c4e923ce056fbb2be58.e3iSbxaKaheRe3iNc3uNbNmQay1ynknvrkLOlQzNp65In0 HTTP/1.1" 200 2
201.245.192.253 - - [10/Mar/2024:08:25:30 -0500] "POST /forms/lservlet;jsessionid=ac16012b30d65740d95aaed04376ba5bc6200a0659e1.e3iSbxaKaheRe3iNc3uNbNmQay1ynknvrkLOlQzNp65In0 HTTP/1.1" 200 2
172.22.2.4 - - [10/Mar/2024:08:23:59 -0500] "GET /BLA/boletinlegal/ HTTP/1.1" 200 61913
216.245.221.92 - - [10/Mar/2024:08:25:55 -0500] "HEAD / HTTP/1.1" 200 -
193.203.10.214 - - [10/Mar/2024:08:26:44 -0500] "POST /appsia/controlador HTTP/1.1" 200 4799
193.203.10.214 - - [10/Mar/2024:08:26:45 -0500] "GET /wp-admin/plugin-install.php?tab=plugin-information&plugin=header-footer&TB_iframe=true&width=772&height=871 HTTP/1.1" 404 1018
201.245.192.253 - - [10/Mar/2024:08:27:10 -0500] "POST /kwsrmcab/Wsrmcab  HTTP/1.1" 200 39632
172.22.2.4 - - [10/Mar/2024:08:25:32 -0500] "HEAD /BLA/boletinlegal/ HTTP/1.1" 200 -
201.245.192.253 - - [10/Mar/2024:08:27:30 -0500] "POST /forms/lservlet;jsessionid=ac16012b30d684947034d65b4c4e923ce056fbb2be58.e3iSbxaKaheRe3iNc3uNbNmQay1ynknvrkLOlQzNp65In0 HTTP/1.1" 200 2
201.245.192.253 - - [10/Mar/2024:08:27:30 -0500] "POST /forms/lservlet;jsessionid=ac16012b30d65740d95aaed04376ba5bc6200a0659e1.e3iSbxaKaheRe3iNc3uNbNmQay1ynknvrkLOlQzNp65In0 HTTP/1.1" 200 2
172.22.2.4 - - [10/Mar/2024:08:28:00 -0500] "GET /BLA/boletinlegal/actos.php HTTP/1.1" 200 9738
172.22.2.4 - - [10/Mar/2024:08:28:00 -0500] "GET /BLA/boletinlegal/favicon.ico HTTP/1.1" 404 1326
172.22.2.4 - - [10/Mar/2024:08:26:23 -0500] "GET /BLA/boletinlegal/ HTTP/1.1" 200 58720
191.95.63.35 - - [10/Mar/2024:08:28:03 -0500] "GET /BLA/resoluciones/ HTTP/1.1" 200 14105
191.95.63.35 - - [10/Mar/2024:08:28:07 -0500] "GET /BLA/resoluciones/index.php?dir=RESOLUCIONES+2023%2F HTTP/1.1" 200 141139
65.154.226.166 - - [10/Mar/2024:08:28:52 -0500] "GET /galeria/galeria/fotos/mirador4P.jpg HTTP/1.1" 200 11757
201.245.192.253 - - [10/Mar/2024:08:29:30 -0500] "POST /forms/lservlet;jsessionid=ac16012b30d684947034d65b4c4e923ce056fbb2be58.e3iSbxaKaheRe3iNc3uNbNmQay1ynknvrkLOlQzNp65In0 HTTP/1.1" 200 2
201.245.192.253 - - [10/Mar/2024:08:29:30 -0500] "POST /forms/lservlet;jsessionid=ac16012b30d65740d95aaed04376ba5bc6200a0659e1.e3iSbxaKaheRe3iNc3uNbNmQay1ynknvrkLOlQzNp65In0 HTTP/1.1" 200 2
157.55.39.54 - - [10/Mar/2024:08:29:37 -0500] "GET /Publicaciones/2024EE32021.pdf HTTP/1.1" 404 227
201.245.192.253 - - [10/Mar/2024:08:29:53 -0500] "POST /kwsrmcab/Wsrmcab HTTP/1.1" 200 39740
201.245.192.253 - - [10/Mar/2024:08:29:53 -0500] "POST /kwsrmcab/Wsrmcab HTTP/1.1" 200 37326
201.245.192.253 - - [10/Mar/2024:08:30:15 -0500] "POST /kwsrmcab/Wsrmcab HTTP/1.1" 200 39269
173.252.79.118 - - [10/Mar/2024:08:30:49 -0500] "GET /mujeres-que-reverdecen-secretaria-de-ambiente-anuncia-el-inicio-de-la-tercera-fase.html HTTP/1.1" 200 954
216.245.221.92 - - [10/Mar/2024:08:30:55 -0500] "HEAD / HTTP/1.1" 200 -
201.245.192.253 - - [10/Mar/2024:08:30:55 -0500] "POST /kwsrmcab/Wsrmcab HTTP/1.1" 200 37326
173.252.79.120 - - [10/Mar/2024:08:30:58 -0500] "GET /images/d\xc3\xada%20de%20la%20mujer%201.jpeg HTTP/1.1" 404 1034
173.252.79.118 - - [10/Mar/2024:08:31:03 -0500] "GET /images/d\xc3\xada%20de%20la%20mujer%201.jpeg HTTP/1.1" 404 1034
201.245.192.253 - - [10/Mar/2024:08:31:30 -0500] "POST /forms/lservlet;jsessionid=ac16012b30d684947034d65b4c4e923ce056fbb2be58.e3iSbxaKaheRe3iNc3uNbNmQay1ynknvrkLOlQzNp65In0 HTTP/1.1" 200 2
201.245.192.253 - - [10/Mar/2024:08:31:30 -0500] "POST /forms/lservlet;jsessionid=ac16012b30d65740d95aaed04376ba5bc6200a0659e1.e3iSbxaKaheRe3iNc3uNbNmQay1ynknvrkLOlQzNp65In0 HTTP/1.1" 200 2
201.245.192.253 - - [10/Mar/2024:08:32:08 -0500] "POST /kwsrmcab/Wsrmcab  HTTP/1.1" 200 39632
173.252.107.2 - - [10/Mar/2024:08:32:38 -0500] "GET /images/simulacro.jpg HTTP/1.1" 200 70588
