181.63.25.36 - - [10/Mar/2024:09:43:23 -0500] "POST /sipse/faces/presentacion/financiero/solicitudProceso/consultarSolicitudProceso.xhtml HTTP/1.1" 200 97714
201.245.192.253 - - [10/Mar/2024:09:43:30 -0500] "POST /forms/lservlet;jsessionid=ac16012b30d684947034d65b4c4e923ce056fbb2be58.e3iSbxaKaheRe3iNc3uNbNmQay1ynknvrkLOlQzNp65In0 HTTP/1.1" 200 2
201.245.192.253 - - [10/Mar/2024:09:43:31 -0500] "POST /forms/lservlet;jsessionid=ac16012b30d65740d95aaed04376ba5bc6200a0659e1.e3iSbxaKaheRe3iNc3uNbNmQay1ynknvrkLOlQzNp65In0 HTTP/1.1" 200 2
114.119.132.238 - - [10/Mar/2024:09:43:38 -0500] "GET /BLA/resoluciones/index.php?dir=RESOLUCIONES%2B1998/&sort=date&order=desc HTTP/1.1" 200 14311
172.22.2.4 - - [10/Mar/2024:09:42:12 -0500] "GET /BLA/boletinlegal/ HTTP/1.1" 200 54913
201.245.192.253 - - [10/Mar/2024:09:45:30 -0500] "POST /forms/lservlet;jsessionid=ac16012b30d684947034d65b4c4e923ce056fbb2be58.e3iSbxaKaheRe3iNc3uNbNmQay1ynknvrkLOlQzNp65In0 HTTP/1.1" 200 2
201.245.192.253 - - [10/Mar/2024:09:45:31 -0500] "POST /forms/lservlet;jsessionid=ac16012b30d65740d95aaed04376ba5bc6200a0659e1.e3iSbxaKaheRe3iNc3uNbNmQay1ynknvrkLOlQzNp65In0 HTTP/1.1" 200 2
216.245.221.92 - - [10/Mar/2024:09:45:55 -0500] "HEAD / HTTP/1.1" 200 -
201.245.192.253 - - [10/Mar/2024:09:46:46 -0500] "POST /kwsrmcab/Wsrmcab  HTTP/1.1" 200 39632
201.245.192.253 - - [10/Mar/2024:09:47:30 -0500] "POST /forms/lservlet;jsessionid=ac16012b30d684947034d65b4c4e923ce056fbb2be58.e3iSbxaKaheRe3iNc3uNbNmQay1ynknvrkLOlQzNp65In0 HTTP/1.1" 200 2
201.245.192.253 - - [10/Mar/2024:09:47:31 -0500] "POST /forms/lservlet;jsessionid=ac16012b30d65740d95aaed04376ba5bc6200a0659e1.e3iSbxaKaheRe3iNc3uNbNmQay1ynknvrkLOlQzNp65In0 HTTP/1.1" 200 2
172.22.2.4 - - [10/Mar/2024:09:47:12 -0500] "HEAD /BLA/boletinlegal/ HTTP/1.1" 200 -
201.245.192.253 - - [10/Mar/2024:09:49:30 -0500] "POST /forms/lservlet;jsessionid=ac16012b30d684947034d65b4c4e923ce056fbb2be58.e3iSbxaKaheRe3iNc3uNbNmQay1ynknvrkLOlQzNp65In0 HTTP/1.1" 200 2
201.245.192.253 - - [10/Mar/2024:09:49:31 -0500] "POST /forms/lservlet;jsessionid=ac16012b30d65740d95aaed04376ba5bc6200a0659e1.e3iSbxaKaheRe3iNc3uNbNmQay1ynknvrkLOlQzNp65In0 HTTP/1.1" 200 2
172.22.2.4 - - [10/Mar/2024:09:48:02 -0500] "GET /BLA/boletinlegal/ HTTP/1.1" 200 58273
181.63.25.36 - - [10/Mar/2024:09:50:25 -0500] "POST /sipse/faces/presentacion/financiero/solicitudProceso/consultarSolicitudProceso.xhtml HTTP/1.1" 200 42140
181.63.25.36 - - [10/Mar/2024:09:50:25 -0500] "GET /sipse/faces/javax.faces.resource/theme.css?ln=primefaces-sipse HTTP/1.1" 304 -
181.63.25.36 - - [10/Mar/2024:09:50:25 -0500] "GET /sipse/faces/javax.faces.resource/primefaces.css?ln=primefaces&v=4.0 HTTP/1.1" 304 -
181.63.25.36 - - [10/Mar/2024:09:50:25 -0500] "GET /sipse/faces/javax.faces.resource/layout/layout.css?ln=primefaces&v=4.0 HTTP/1.1" 304 -
181.63.25.36 - - [10/Mar/2024:09:50:25 -0500] "GET /sipse/faces/javax.faces.resource/jquery/jquery.js?ln=primefaces&v=4.0 HTTP/1.1" 304 -
181.63.25.36 - - [10/Mar/2024:09:50:25 -0500] "GET /sipse/faces/javax.faces.resource/jquery/jquery-plugins.js?ln=primefaces&v=4.0 HTTP/1.1" 304 -
181.63.25.36 - - [10/Mar/2024:09:50:26 -0500] "GET /sipse/faces/javax.faces.resource/primefaces.js?ln=primefaces&v=4.0 HTTP/1.1" 304 -
181.63.25.36 - - [10/Mar/2024:09:50:26 -0500] "GET /sipse/faces/javax.faces.resource/layout/layout.js?ln=primefaces&v=4.0 HTTP/1.1" 304 -
181.63.25.36 - - [10/Mar/2024:09:50:26 -0500] "POST /sipse/faces/presentacion/financiero/solicitudProceso/consultar.xhtml HTTP/1.1" 200 35432
181.63.25.36 - - [10/Mar/2024:09:50:26 -0500] "POST /sipse/faces/presentacion/financiero/solicitudProceso/consultar.xhtml HTTP/1.1" 200 35432
216.245.221.92 - - [10/Mar/2024:09:50:55 -0500] "HEAD / HTTP/1.1" 200 -
201.245.192.253 - - [10/Mar/2024:09:51:30 -0500] "POST /forms/lservlet;jsessionid=ac16012b30d684947034d65b4c4e923ce056fbb2be58.e3iSbxaKaheRe3iNc3uNbNmQay1ynknvrkLOlQzNp65In0 HTTP/1.1" 200 2
201.245.192.253 - - [10/Mar/2024:09:51:31 -0500] "POST /forms/lservlet;jsessionid=ac16012b30d65740d95aaed04376ba5bc6200a0659e1.e3iSbxaKaheRe3iNc3uNbNmQay1ynknvrkLOlQzNp65In0 HTTP/1.1" 200 2
201.245.192.253 - - [10/Mar/2024:09:51:44 -0500] "POST /kwsrmcab/Wsrmcab  HTTP/1.1" 200 39632
172.22.2.4 - - [10/Mar/2024:09:50:32 -0500] "GET /BLA/boletinlegal/ HTTP/1.1" 200 57291
173.252.95.21 - - [10/Mar/2024:09:52:19 -0500] "GET /images/Acuerdos%2001%20(1)%20(1).jpeg HTTP/1.1" 200 32884
42.92.120.58 - - [10/Mar/2024:09:53:07 -0500] "GET / HTTP/1.1" 200 319
183.93.65.109 - - [10/Mar/2024:09:53:16 -0500] "\x16\x03\x01" 400 226
201.245.192.253 - - [10/Mar/2024:09:53:30 -0500] "POST /forms/lservlet;jsessionid=ac16012b30d684947034d65b4c4e923ce056fbb2be58.e3iSbxaKaheRe3iNc3uNbNmQay1ynknvrkLOlQzNp65In0 HTTP/1.1" 200 2
201.245.192.253 - - [10/Mar/2024:09:53:31 -0500] "POST /forms/lservlet;jsessionid=ac16012b30d65740d95aaed04376ba5bc6200a0659e1.e3iSbxaKaheRe3iNc3uNbNmQay1ynknvrkLOlQzNp65In0 HTTP/1.1" 200 2
186.84.20.209 - - [10/Mar/2024:09:53:44 -0500] "GET /BLA/resoluciones/index.php?dir=AUTOS+2012%2F HTTP/1.1" 200 277133
181.61.157.160 - - [10/Mar/2024:09:53:59 -0500] "GET /sipse/faces/faces/ HTTP/1.1" 302 -
181.61.157.160 - - [10/Mar/2024:09:53:59 -0500] "GET /sipse/faces/autenticacion.xhtml HTTP/1.1" 200 12403
181.61.157.160 - - [10/Mar/2024:09:53:59 -0500] "GET /sipse/faces/javax.faces.resource/theme.css?ln=primefaces-sipse HTTP/1.1" 304 -
181.61.157.160 - - [10/Mar/2024:09:53:59 -0500] "GET /sipse/faces/javax.faces.resource/layout/layout.css?ln=primefaces&v=4.0 HTTP/1.1" 304 -
181.61.157.160 - - [10/Mar/2024:09:53:59 -0500] "GET /sipse/css/custom_css_sg.css HTTP/1.1" 304 -
181.61.157.160 - - [10/Mar/2024:09:53:59 -0500] "GET /sipse/faces/javax.faces.resource/primefaces.css?ln=primefaces&v=4.0 HTTP/1.1" 304 -
181.61.157.160 - - [10/Mar/2024:09:53:59 -0500] "GET /sipse/css/custom_css_sg_prime_login.css HTTP/1.1" 304 -
181.61.157.160 - - [10/Mar/2024:09:53:59 -0500] "GET /sipse/js/disable_browser_buttons.js HTTP/1.1" 304 -
181.61.157.160 - - [10/Mar/2024:09:53:59 -0500] "GET /sipse/js/funciones.js HTTP/1.1" 304 -
181.61.157.160 - - [10/Mar/2024:09:53:59 -0500] "GET /sipse/faces/javax.faces.resource/jquery/jquery.js?ln=primefaces&v=4.0 HTTP/1.1" 304 -
181.61.157.160 - - [10/Mar/2024:09:53:59 -0500] "GET /sipse/faces/javax.faces.resource/primefaces.js?ln=primefaces&v=4.0 HTTP/1.1" 304 -
181.61.157.160 - - [10/Mar/2024:09:53:59 -0500] "GET /sipse/faces/javax.faces.resource/jquery/jquery-plugins.js?ln=primefaces&v=4.0 HTTP/1.1" 304 -
181.61.157.160 - - [10/Mar/2024:09:53:59 -0500] "GET /sipse/faces/javax.faces.resource/layout/layout.js?ln=primefaces&v=4.0 HTTP/1.1" 304 -
181.61.157.160 - - [10/Mar/2024:09:54:00 -0500] "GET /sipse/css/imagen/logoSDG.png HTTP/1.1" 304 -
181.61.157.160 - - [10/Mar/2024:09:54:00 -0500] "GET /sipse/css/imagen/loginimg.png HTTP/1.1" 304 -
181.61.157.160 - - [10/Mar/2024:09:54:00 -0500] "GET /sipse/faces/javax.faces.resource/images/ui-icons_898989_256x240.png?ln=primefaces-aristo HTTP/1.1" 304 -
181.61.157.160 - - [10/Mar/2024:09:54:00 -0500] "GET /sipse/faces/index.xhtml HTTP/1.1" 200 677
181.61.157.160 - - [10/Mar/2024:09:54:00 -0500] "GET /sipse/faces/javax.faces.resource/theme.css?ln=primefaces-sipse HTTP/1.1" 304 -
181.61.157.160 - - [10/Mar/2024:09:54:00 -0500] "GET /favicon.ico HTTP/1.1" 200 7782
181.61.157.160 - - [10/Mar/2024:09:54:00 -0500] "GET /sipse/faces/faces/autenticacion.xhtml HTTP/1.1" 200 12403
181.61.157.160 - - [10/Mar/2024:09:54:00 -0500] "GET /sipse/faces/javax.faces.resource/theme.css?ln=primefaces-sipse HTTP/1.1" 304 -
181.61.157.160 - - [10/Mar/2024:09:54:00 -0500] "GET /sipse/faces/javax.faces.resource/layout/layout.css?ln=primefaces&v=4.0 HTTP/1.1" 304 -
181.61.157.160 - - [10/Mar/2024:09:54:00 -0500] "GET /sipse/faces/javax.faces.resource/jquery/jquery.js?ln=primefaces&v=4.0 HTTP/1.1" 304 -
181.61.157.160 - - [10/Mar/2024:09:54:00 -0500] "GET /sipse/faces/javax.faces.resource/primefaces.css?ln=primefaces&v=4.0 HTTP/1.1" 304 -
181.61.157.160 - - [10/Mar/2024:09:54:00 -0500] "GET /sipse/faces/javax.faces.resource/jquery/jquery-plugins.js?ln=primefaces&v=4.0 HTTP/1.1" 304 -
181.61.157.160 - - [10/Mar/2024:09:54:00 -0500] "GET /sipse/faces/javax.faces.resource/primefaces.js?ln=primefaces&v=4.0 HTTP/1.1" 304 -
181.61.157.160 - - [10/Mar/2024:09:54:00 -0500] "GET /sipse/faces/javax.faces.resource/layout/layout.js?ln=primefaces&v=4.0 HTTP/1.1" 304 -
181.61.157.160 - - [10/Mar/2024:09:54:13 -0500] "POST /sipse/faces/autenticacion.xhtml HTTP/1.1" 200 16283
181.61.157.160 - - [10/Mar/2024:09:54:13 -0500] "GET /sipse/faces/javax.faces.resource/theme.css?ln=primefaces-sipse HTTP/1.1" 304 -
181.61.157.160 - - [10/Mar/2024:09:54:13 -0500] "GET /sipse/faces/javax.faces.resource/primefaces.css?ln=primefaces&v=4.0 HTTP/1.1" 304 -
181.61.157.160 - - [10/Mar/2024:09:54:13 -0500] "GET /sipse/faces/javax.faces.resource/layout/layout.css?ln=primefaces&v=4.0 HTTP/1.1" 304 -
181.61.157.160 - - [10/Mar/2024:09:54:13 -0500] "GET /sipse/css/custom_css_sg_prime.css HTTP/1.1" 304 -
181.61.157.160 - - [10/Mar/2024:09:54:13 -0500] "GET /sipse/js/jquery.min.js HTTP/1.1" 304 -
181.61.157.160 - - [10/Mar/2024:09:54:13 -0500] "GET /sipse/faces/javax.faces.resource/jquery/jquery.js?ln=primefaces&v=4.0 HTTP/1.1" 304 -
181.61.157.160 - - [10/Mar/2024:09:54:13 -0500] "GET /sipse/faces/javax.faces.resource/jquery/jquery-plugins.js?ln=primefaces&v=4.0 HTTP/1.1" 304 -
181.61.157.160 - - [10/Mar/2024:09:54:13 -0500] "GET /sipse/faces/javax.faces.resource/primefaces.js?ln=primefaces&v=4.0 HTTP/1.1" 304 -
181.61.157.160 - - [10/Mar/2024:09:54:13 -0500] "GET /sipse/faces/javax.faces.resource/layout/layout.js?ln=primefaces&v=4.0 HTTP/1.1" 304 -
181.61.157.160 - - [10/Mar/2024:09:54:14 -0500] "GET /sipse/css/v_mergente.css HTTP/1.1" 304 -
181.61.157.160 - - [10/Mar/2024:09:54:14 -0500] "GET /sipse/imagenes/cargando.gif HTTP/1.1" 304 -
181.61.157.160 - - [10/Mar/2024:09:54:14 -0500] "GET /sipse/imagenes/logoAplicacion.jpg HTTP/1.1" 304 -
181.61.157.160 - - [10/Mar/2024:09:54:14 -0500] "GET /sipse/css/imagen/contrasena.png HTTP/1.1" 404 383
181.61.157.160 - - [10/Mar/2024:09:54:14 -0500] "GET /sipse/faces/javax.faces.resource/messages/messages.png?ln=primefaces&v=4.0 HTTP/1.1" 304 -
181.61.157.160 - - [10/Mar/2024:09:54:15 -0500] "GET /sipse/faces/javax.faces.resource/images/ui-bg_flat_0_2d5972_40x100.png?ln=primefaces-aristo HTTP/1.1" 304 -
181.61.157.160 - - [10/Mar/2024:09:54:15 -0500] "POST /sipse/faces/bienvenido.xhtml HTTP/1.1" 200 1471
181.61.157.160 - - [10/Mar/2024:09:54:16 -0500] "POST /sipse/faces/bienvenido.xhtml HTTP/1.1" 200 62164
181.61.157.160 - - [10/Mar/2024:09:54:17 -0500] "GET /sipse/faces/javax.faces.resource/theme.css?ln=primefaces-sipse HTTP/1.1" 304 -
181.61.157.160 - - [10/Mar/2024:09:54:17 -0500] "GET /sipse/faces/javax.faces.resource/primefaces.css?ln=primefaces&v=4.0 HTTP/1.1" 304 -
181.61.157.160 - - [10/Mar/2024:09:54:17 -0500] "GET /sipse/faces/javax.faces.resource/layout/layout.css?ln=primefaces&v=4.0 HTTP/1.1" 304 -
181.61.157.160 - - [10/Mar/2024:09:54:17 -0500] "GET /sipse/faces/javax.faces.resource/jquery/jquery.js?ln=primefaces&v=4.0 HTTP/1.1" 304 -
181.61.157.160 - - [10/Mar/2024:09:54:17 -0500] "GET /sipse/faces/javax.faces.resource/jquery/jquery-plugins.js?ln=primefaces&v=4.0 HTTP/1.1" 304 -
181.61.157.160 - - [10/Mar/2024:09:54:17 -0500] "GET /sipse/faces/javax.faces.resource/primefaces.js?ln=primefaces&v=4.0 HTTP/1.1" 304 -
181.61.157.160 - - [10/Mar/2024:09:54:17 -0500] "GET /sipse/faces/javax.faces.resource/layout/layout.js?ln=primefaces&v=4.0 HTTP/1.1" 304 -
181.61.157.160 - - [10/Mar/2024:09:54:17 -0500] "POST /sipse/faces/presentacion/financiero/solicitudProceso/listarSolicitudProceso.xhtml HTTP/1.1" 200 1556
181.61.157.160 - - [10/Mar/2024:09:54:21 -0500] "POST /sipse/faces/presentacion/financiero/solicitudProceso/listarSolicitudProceso.xhtml HTTP/1.1" 200 29092
181.61.157.160 - - [10/Mar/2024:09:54:34 -0500] "GET /sipse/faces/javax.faces.resource/images/ui-icons_898989_256x240.png?ln=primefaces-aristo HTTP/1.1" 304 -
181.61.157.160 - - [10/Mar/2024:09:54:35 -0500] "POST /sipse/faces/presentacion/financiero/solicitudProceso/listarSolicitudProceso.xhtml HTTP/1.1" 200 135101
181.61.157.160 - - [10/Mar/2024:09:54:36 -0500] "GET /sipse/faces/javax.faces.resource/theme.css?ln=primefaces-sipse HTTP/1.1" 304 -
181.61.157.160 - - [10/Mar/2024:09:54:36 -0500] "GET /sipse/faces/javax.faces.resource/primefaces.css?ln=primefaces&v=4.0 HTTP/1.1" 304 -
181.61.157.160 - - [10/Mar/2024:09:54:36 -0500] "GET /sipse/faces/javax.faces.resource/layout/layout.css?ln=primefaces&v=4.0 HTTP/1.1" 304 -
181.61.157.160 - - [10/Mar/2024:09:54:36 -0500] "GET /sipse/faces/javax.faces.resource/jquery/jquery.js?ln=primefaces&v=4.0 HTTP/1.1" 304 -
181.61.157.160 - - [10/Mar/2024:09:54:36 -0500] "GET /sipse/faces/javax.faces.resource/jquery/jquery-plugins.js?ln=primefaces&v=4.0 HTTP/1.1" 304 -
181.61.157.160 - - [10/Mar/2024:09:54:36 -0500] "GET /sipse/faces/javax.faces.resource/primefaces.js?ln=primefaces&v=4.0 HTTP/1.1" 304 -
181.61.157.160 - - [10/Mar/2024:09:54:36 -0500] "GET /sipse/faces/javax.faces.resource/layout/layout.js?ln=primefaces&v=4.0 HTTP/1.1" 304 -
172.22.2.4 - - [10/Mar/2024:09:53:02 -0500] "HEAD /BLA/boletinlegal/ HTTP/1.1" 200 -
181.63.25.36 - - [10/Mar/2024:09:54:42 -0500] "POST /sipse/faces/presentacion/financiero/solicitudProceso/consultar.xhtml HTTP/1.1" 200 13057
181.63.25.36 - - [10/Mar/2024:09:54:44 -0500] "POST /sipse/faces/presentacion/financiero/solicitudProceso/consultar.xhtml HTTP/1.1" 200 153376
181.63.25.36 - - [10/Mar/2024:09:54:45 -0500] "GET /sipse/faces/javax.faces.resource/theme.css?ln=primefaces-sipse HTTP/1.1" 304 -
181.63.25.36 - - [10/Mar/2024:09:54:45 -0500] "GET /sipse/faces/javax.faces.resource/primefaces.css?ln=primefaces&v=4.0 HTTP/1.1" 304 -
181.63.25.36 - - [10/Mar/2024:09:54:45 -0500] "GET /sipse/faces/javax.faces.resource/layout/layout.css?ln=primefaces&v=4.0 HTTP/1.1" 304 -
181.63.25.36 - - [10/Mar/2024:09:54:45 -0500] "GET /sipse/faces/javax.faces.resource/jquery/jquery.js?ln=primefaces&v=4.0 HTTP/1.1" 304 -
181.63.25.36 - - [10/Mar/2024:09:54:45 -0500] "GET /sipse/faces/javax.faces.resource/jquery/jquery-plugins.js?ln=primefaces&v=4.0 HTTP/1.1" 304 -
181.63.25.36 - - [10/Mar/2024:09:54:45 -0500] "GET /sipse/faces/javax.faces.resource/primefaces.js?ln=primefaces&v=4.0 HTTP/1.1" 304 -
181.63.25.36 - - [10/Mar/2024:09:54:45 -0500] "GET /sipse/faces/javax.faces.resource/layout/layout.js?ln=primefaces&v=4.0 HTTP/1.1" 304 -
181.63.25.36 - - [10/Mar/2024:09:54:51 -0500] "POST /sipse/faces/presentacion/financiero/solicitudProceso/consultarSolicitudProceso.xhtml HTTP/1.1" 200 363081
201.245.192.253 - - [10/Mar/2024:09:55:30 -0500] "POST /forms/lservlet;jsessionid=ac16012b30d684947034d65b4c4e923ce056fbb2be58.e3iSbxaKaheRe3iNc3uNbNmQay1ynknvrkLOlQzNp65In0 HTTP/1.1" 200 2
201.245.192.253 - - [10/Mar/2024:09:55:31 -0500] "POST /forms/lservlet;jsessionid=ac16012b30d65740d95aaed04376ba5bc6200a0659e1.e3iSbxaKaheRe3iNc3uNbNmQay1ynknvrkLOlQzNp65In0 HTTP/1.1" 200 2
172.22.2.4 - - [10/Mar/2024:09:53:52 -0500] "GET /BLA/boletinlegal/ HTTP/1.1" 200 58273
216.245.221.92 - - [10/Mar/2024:09:55:54 -0500] "HEAD / HTTP/1.1" 200 -
201.245.192.253 - - [10/Mar/2024:09:56:42 -0500] "POST /kwsrmcab/Wsrmcab  HTTP/1.1" 200 39632
201.245.192.253 - - [10/Mar/2024:09:57:30 -0500] "POST /forms/lservlet;jsessionid=ac16012b30d684947034d65b4c4e923ce056fbb2be58.e3iSbxaKaheRe3iNc3uNbNmQay1ynknvrkLOlQzNp65In0 HTTP/1.1" 200 2
201.245.192.253 - - [10/Mar/2024:09:57:31 -0500] "POST /forms/lservlet;jsessionid=ac16012b30d65740d95aaed04376ba5bc6200a0659e1.e3iSbxaKaheRe3iNc3uNbNmQay1ynknvrkLOlQzNp65In0 HTTP/1.1" 200 2
40.77.167.9 - - [10/Mar/2024:09:59:23 -0500] "GET /BLA/resoluciones/Notificaciones/AUTOS%202020/909.pdf HTTP/1.1" 304 -
201.245.192.253 - - [10/Mar/2024:09:59:30 -0500] "POST /forms/lservlet;jsessionid=ac16012b30d684947034d65b4c4e923ce056fbb2be58.e3iSbxaKaheRe3iNc3uNbNmQay1ynknvrkLOlQzNp65In0 HTTP/1.1" 200 2
201.245.192.253 - - [10/Mar/2024:09:59:31 -0500] "POST /forms/lservlet;jsessionid=ac16012b30d65740d95aaed04376ba5bc6200a0659e1.e3iSbxaKaheRe3iNc3uNbNmQay1ynknvrkLOlQzNp65In0 HTTP/1.1" 200 2
172.22.2.4 - - [10/Mar/2024:09:58:52 -0500] "HEAD /BLA/boletinlegal/ HTTP/1.1" 200 -
216.245.221.92 - - [10/Mar/2024:10:00:55 -0500] "HEAD / HTTP/1.1" 200 -
172.22.2.4 - - [10/Mar/2024:09:59:42 -0500] "GET /BLA/boletinlegal/ HTTP/1.1" 200 58720
201.245.192.253 - - [10/Mar/2024:10:01:30 -0500] "POST /forms/lservlet;jsessionid=ac16012b30d684947034d65b4c4e923ce056fbb2be58.e3iSbxaKaheRe3iNc3uNbNmQay1ynknvrkLOlQzNp65In0 HTTP/1.1" 200 2
201.245.192.253 - - [10/Mar/2024:10:01:31 -0500] "POST /forms/lservlet;jsessionid=ac16012b30d65740d95aaed04376ba5bc6200a0659e1.e3iSbxaKaheRe3iNc3uNbNmQay1ynknvrkLOlQzNp65In0 HTTP/1.1" 200 2
201.245.192.253 - - [10/Mar/2024:10:01:41 -0500] "POST /kwsrmcab/Wsrmcab  HTTP/1.1" 200 39632
185.242.226.10 - - [10/Mar/2024:10:02:34 -0500] "GET / HTTP/1.1" 200 319
201.245.192.253 - - [10/Mar/2024:10:03:30 -0500] "POST /forms/lservlet;jsessionid=ac16012b30d684947034d65b4c4e923ce056fbb2be58.e3iSbxaKaheRe3iNc3uNbNmQay1ynknvrkLOlQzNp65In0 HTTP/1.1" 200 2
201.245.192.253 - - [10/Mar/2024:10:03:31 -0500] "POST /forms/lservlet;jsessionid=ac16012b30d65740d95aaed04376ba5bc6200a0659e1.e3iSbxaKaheRe3iNc3uNbNmQay1ynknvrkLOlQzNp65In0 HTTP/1.1" 200 2
181.63.25.36 - - [10/Mar/2024:10:03:35 -0500] "POST /sipse/faces/presentacion/financiero/solicitudProceso/consultarSolicitudProceso.xhtml HTTP/1.1" 200 42377
181.63.25.36 - - [10/Mar/2024:10:03:36 -0500] "GET /sipse/faces/javax.faces.resource/theme.css?ln=primefaces-sipse HTTP/1.1" 304 -
181.63.25.36 - - [10/Mar/2024:10:03:36 -0500] "GET /sipse/faces/javax.faces.resource/primefaces.css?ln=primefaces&v=4.0 HTTP/1.1" 304 -
181.63.25.36 - - [10/Mar/2024:10:03:36 -0500] "GET /sipse/faces/javax.faces.resource/layout/layout.css?ln=primefaces&v=4.0 HTTP/1.1" 304 -
181.63.25.36 - - [10/Mar/2024:10:03:36 -0500] "GET /sipse/faces/javax.faces.resource/jquery/jquery.js?ln=primefaces&v=4.0 HTTP/1.1" 304 -
181.63.25.36 - - [10/Mar/2024:10:03:36 -0500] "GET /sipse/faces/javax.faces.resource/jquery/jquery-plugins.js?ln=primefaces&v=4.0 HTTP/1.1" 304 -
181.63.25.36 - - [10/Mar/2024:10:03:36 -0500] "GET /sipse/css/imagen/contrasena.png HTTP/1.1" 404 383
181.63.25.36 - - [10/Mar/2024:10:03:36 -0500] "GET /sipse/faces/javax.faces.resource/primefaces.js?ln=primefaces&v=4.0 HTTP/1.1" 304 -
181.63.25.36 - - [10/Mar/2024:10:03:36 -0500] "GET /sipse/faces/javax.faces.resource/layout/layout.js?ln=primefaces&v=4.0 HTTP/1.1" 304 -
181.63.25.36 - - [10/Mar/2024:10:03:36 -0500] "POST /sipse/faces/presentacion/financiero/solicitudProceso/consultar.xhtml HTTP/1.1" 200 35669
181.63.25.36 - - [10/Mar/2024:10:03:36 -0500] "POST /sipse/faces/presentacion/financiero/solicitudProceso/consultar.xhtml HTTP/1.1" 200 35669
181.63.25.36 - - [10/Mar/2024:10:03:36 -0500] "POST /sipse/faces/presentacion/financiero/solicitudProceso/consultar.xhtml HTTP/1.1" 200 35669
181.63.25.36 - - [10/Mar/2024:10:03:37 -0500] "POST /sipse/faces/presentacion/financiero/solicitudProceso/consultar.xhtml HTTP/1.1" 200 35669
181.63.25.36 - - [10/Mar/2024:10:04:24 -0500] "POST /sipse/faces/presentacion/financiero/solicitudProceso/consultar.xhtml HTTP/1.1" 200 13040
181.63.25.36 - - [10/Mar/2024:10:04:26 -0500] "POST /sipse/faces/presentacion/financiero/solicitudProceso/consultar.xhtml HTTP/1.1" 200 149856
181.63.25.36 - - [10/Mar/2024:10:04:27 -0500] "GET /sipse/faces/javax.faces.resource/theme.css?ln=primefaces-sipse HTTP/1.1" 304 -
181.63.25.36 - - [10/Mar/2024:10:04:27 -0500] "GET /sipse/faces/javax.faces.resource/primefaces.css?ln=primefaces&v=4.0 HTTP/1.1" 304 -
181.63.25.36 - - [10/Mar/2024:10:04:27 -0500] "GET /sipse/faces/javax.faces.resource/layout/layout.css?ln=primefaces&v=4.0 HTTP/1.1" 304 -
181.63.25.36 - - [10/Mar/2024:10:04:27 -0500] "GET /sipse/faces/javax.faces.resource/jquery/jquery.js?ln=primefaces&v=4.0 HTTP/1.1" 304 -
181.63.25.36 - - [10/Mar/2024:10:04:27 -0500] "GET /sipse/faces/javax.faces.resource/jquery/jquery-plugins.js?ln=primefaces&v=4.0 HTTP/1.1" 304 -
181.63.25.36 - - [10/Mar/2024:10:04:27 -0500] "GET /sipse/faces/javax.faces.resource/primefaces.js?ln=primefaces&v=4.0 HTTP/1.1" 304 -
181.63.25.36 - - [10/Mar/2024:10:04:27 -0500] "GET /sipse/faces/javax.faces.resource/layout/layout.js?ln=primefaces&v=4.0 HTTP/1.1" 304 -
181.63.25.36 - - [10/Mar/2024:10:04:27 -0500] "GET /sipse/css/imagen/contrasena.png HTTP/1.1" 404 383
201.245.192.253 - - [10/Mar/2024:10:05:30 -0500] "POST /forms/lservlet;jsessionid=ac16012b30d684947034d65b4c4e923ce056fbb2be58.e3iSbxaKaheRe3iNc3uNbNmQay1ynknvrkLOlQzNp65In0 HTTP/1.1" 200 2
201.245.192.253 - - [10/Mar/2024:10:05:31 -0500] "POST /forms/lservlet;jsessionid=ac16012b30d65740d95aaed04376ba5bc6200a0659e1.e3iSbxaKaheRe3iNc3uNbNmQay1ynknvrkLOlQzNp65In0 HTTP/1.1" 200 2
216.244.66.195 - - [10/Mar/2024:10:05:48 -0500] "GET /resoluciones/RESOLUCIONES%25202009/9514.pdf HTTP/1.1" 404 1018
216.245.221.92 - - [10/Mar/2024:10:05:54 -0500] "HEAD / HTTP/1.1" 200 -
172.22.2.4 - - [10/Mar/2024:10:04:42 -0500] "HEAD /BLA/boletinlegal/ HTTP/1.1" 200 -
216.244.66.195 - - [10/Mar/2024:10:06:32 -0500] "GET /BLA/resoluciones/RESOLUCIONES%202010/7552.pdf HTTP/1.1" 200 409758
201.245.192.253 - - [10/Mar/2024:10:06:38 -0500] "POST /kwsrmcab/Wsrmcab  HTTP/1.1" 200 39632
181.63.25.36 - - [10/Mar/2024:10:07:01 -0500] "POST /sipse/faces/presentacion/financiero/solicitudProceso/consultarSolicitudProceso.xhtml HTTP/1.1" 200 107914
172.22.2.4 - - [10/Mar/2024:10:05:32 -0500] "GET /BLA/boletinlegal/ HTTP/1.1" 200 58273
201.245.192.253 - - [10/Mar/2024:10:07:30 -0500] "POST /forms/lservlet;jsessionid=ac16012b30d684947034d65b4c4e923ce056fbb2be58.e3iSbxaKaheRe3iNc3uNbNmQay1ynknvrkLOlQzNp65In0 HTTP/1.1" 200 2
201.245.192.253 - - [10/Mar/2024:10:07:31 -0500] "POST /forms/lservlet;jsessionid=ac16012b30d65740d95aaed04376ba5bc6200a0659e1.e3iSbxaKaheRe3iNc3uNbNmQay1ynknvrkLOlQzNp65In0 HTTP/1.1" 200 2
216.244.66.195 - - [10/Mar/2024:10:08:13 -0500] "GET /galeria/galeria/fotos/diaSC9.jpg HTTP/1.1" 200 127141
216.244.66.195 - - [10/Mar/2024:10:09:02 -0500] "GET /Residuos/farmaceutica/farmaceutica.html HTTP/1.1" 200 1967
114.119.132.101 - - [10/Mar/2024:10:09:24 -0500] "GET /galeria/galeria/fotos/mirador4P.jpg HTTP/1.1" 200 11757
201.245.192.253 - - [10/Mar/2024:10:09:30 -0500] "POST /forms/lservlet;jsessionid=ac16012b30d684947034d65b4c4e923ce056fbb2be58.e3iSbxaKaheRe3iNc3uNbNmQay1ynknvrkLOlQzNp65In0 HTTP/1.1" 200 2
201.245.192.253 - - [10/Mar/2024:10:09:31 -0500] "POST /forms/lservlet;jsessionid=ac16012b30d65740d95aaed04376ba5bc6200a0659e1.e3iSbxaKaheRe3iNc3uNbNmQay1ynknvrkLOlQzNp65In0 HTTP/1.1" 200 2
181.61.157.160 - - [10/Mar/2024:10:10:27 -0500] "POST /sipse/faces/presentacion/financiero/solicitudProceso/consultarSolicitudProceso.xhtml HTTP/1.1" 200 4570858
181.61.157.160 - - [10/Mar/2024:10:10:35 -0500] "POST /sipse/faces/presentacion/financiero/solicitudProceso/consultarSolicitudProceso.xhtml HTTP/1.1" 200 5538
216.245.221.92 - - [10/Mar/2024:10:10:54 -0500] "HEAD / HTTP/1.1" 200 -
114.119.135.143 - - [10/Mar/2024:10:10:57 -0500] "GET /BLA/resoluciones/index.php?dir=AUTOS%2B2007/ HTTP/1.1" 200 14291
201.245.192.253 - - [10/Mar/2024:10:11:30 -0500] "POST /forms/lservlet;jsessionid=ac16012b30d684947034d65b4c4e923ce056fbb2be58.e3iSbxaKaheRe3iNc3uNbNmQay1ynknvrkLOlQzNp65In0 HTTP/1.1" 200 2
201.245.192.253 - - [10/Mar/2024:10:11:31 -0500] "POST /forms/lservlet;jsessionid=ac16012b30d65740d95aaed04376ba5bc6200a0659e1.e3iSbxaKaheRe3iNc3uNbNmQay1ynknvrkLOlQzNp65In0 HTTP/1.1" 200 2
201.245.192.253 - - [10/Mar/2024:10:11:37 -0500] "POST /kwsrmcab/Wsrmcab  HTTP/1.1" 200 39632
45.11.56.30 - - [10/Mar/2024:10:11:40 -0500] "GET /.git/config HTTP/1.1" 404 1018
172.22.2.4 - - [10/Mar/2024:10:10:32 -0500] "HEAD /BLA/boletinlegal/ HTTP/1.1" 200 -
181.61.157.160 - - [10/Mar/2024:10:12:14 -0500] "POST /sipse/faces/presentacion/financiero/solicitudProceso/consultarSolicitudProceso.xhtml HTTP/1.1" 200 5534
52.167.144.181 - - [10/Mar/2024:10:12:36 -0500] "GET /BLA/resoluciones/AUTOS%202018/3003.pdf HTTP/1.1" 304 -
172.22.2.4 - - [10/Mar/2024:10:11:22 -0500] "GET /BLA/boletinlegal/ HTTP/1.1" 200 53419
201.245.192.253 - - [10/Mar/2024:10:13:30 -0500] "POST /forms/lservlet;jsessionid=ac16012b30d684947034d65b4c4e923ce056fbb2be58.e3iSbxaKaheRe3iNc3uNbNmQay1ynknvrkLOlQzNp65In0 HTTP/1.1" 200 2
201.245.192.253 - - [10/Mar/2024:10:13:31 -0500] "POST /forms/lservlet;jsessionid=ac16012b30d65740d95aaed04376ba5bc6200a0659e1.e3iSbxaKaheRe3iNc3uNbNmQay1ynknvrkLOlQzNp65In0 HTTP/1.1" 200 2
181.63.25.36 - - [10/Mar/2024:10:14:26 -0500] "GET /sipse/faces/javax.faces.resource/images/ui-bg_flat_0_2d5972_40x100.png?ln=primefaces-aristo HTTP/1.1" 304 -
181.63.25.36 - - [10/Mar/2024:10:14:26 -0500] "POST /sipse/faces/presentacion/financiero/solicitudProceso/consultarSolicitudProceso.xhtml HTTP/1.1" 200 42360
181.63.25.36 - - [10/Mar/2024:10:14:27 -0500] "GET /sipse/faces/javax.faces.resource/theme.css?ln=primefaces-sipse HTTP/1.1" 304 -
181.63.25.36 - - [10/Mar/2024:10:14:27 -0500] "GET /sipse/faces/javax.faces.resource/primefaces.css?ln=primefaces&v=4.0 HTTP/1.1" 304 -
181.63.25.36 - - [10/Mar/2024:10:14:27 -0500] "GET /sipse/faces/javax.faces.resource/layout/layout.css?ln=primefaces&v=4.0 HTTP/1.1" 304 -
181.63.25.36 - - [10/Mar/2024:10:14:27 -0500] "GET /sipse/faces/javax.faces.resource/jquery/jquery.js?ln=primefaces&v=4.0 HTTP/1.1" 304 -
181.63.25.36 - - [10/Mar/2024:10:14:27 -0500] "GET /sipse/faces/javax.faces.resource/jquery/jquery-plugins.js?ln=primefaces&v=4.0 HTTP/1.1" 304 -
181.63.25.36 - - [10/Mar/2024:10:14:27 -0500] "GET /sipse/faces/javax.faces.resource/primefaces.js?ln=primefaces&v=4.0 HTTP/1.1" 304 -
181.63.25.36 - - [10/Mar/2024:10:14:27 -0500] "GET /sipse/faces/javax.faces.resource/layout/layout.js?ln=primefaces&v=4.0 HTTP/1.1" 304 -
181.63.25.36 - - [10/Mar/2024:10:14:27 -0500] "GET /sipse/css/imagen/contrasena.png HTTP/1.1" 404 383
181.63.25.36 - - [10/Mar/2024:10:14:27 -0500] "POST /sipse/faces/presentacion/financiero/solicitudProceso/consultar.xhtml HTTP/1.1" 200 35652
181.63.25.36 - - [10/Mar/2024:10:14:27 -0500] "POST /sipse/faces/presentacion/financiero/solicitudProceso/consultar.xhtml HTTP/1.1" 200 35652
181.63.25.36 - - [10/Mar/2024:10:14:28 -0500] "POST /sipse/faces/presentacion/financiero/solicitudProceso/consultar.xhtml HTTP/1.1" 200 35652
181.63.25.36 - - [10/Mar/2024:10:14:28 -0500] "POST /sipse/faces/presentacion/financiero/solicitudProceso/consultar.xhtml HTTP/1.1" 200 35652
181.63.25.36 - - [10/Mar/2024:10:14:28 -0500] "POST /sipse/faces/presentacion/financiero/solicitudProceso/consultar.xhtml HTTP/1.1" 200 35652
181.63.25.36 - - [10/Mar/2024:10:14:28 -0500] "POST /sipse/faces/presentacion/financiero/solicitudProceso/consultar.xhtml HTTP/1.1" 200 35652
201.245.192.253 - - [10/Mar/2024:10:15:30 -0500] "POST /forms/lservlet;jsessionid=ac16012b30d684947034d65b4c4e923ce056fbb2be58.e3iSbxaKaheRe3iNc3uNbNmQay1ynknvrkLOlQzNp65In0 HTTP/1.1" 200 2
201.245.192.253 - - [10/Mar/2024:10:15:31 -0500] "POST /forms/lservlet;jsessionid=ac16012b30d65740d95aaed04376ba5bc6200a0659e1.e3iSbxaKaheRe3iNc3uNbNmQay1ynknvrkLOlQzNp65In0 HTTP/1.1" 200 2
173.252.83.119 - - [10/Mar/2024:10:15:36 -0500] "GET /images/27%20de%20enero%20Soratama.jpg HTTP/1.1" 200 63397
216.245.221.92 - - [10/Mar/2024:10:15:54 -0500] "HEAD / HTTP/1.1" 200 -
172.22.2.4 - - [10/Mar/2024:10:16:19 -0500] "GET /BLA/boletinlegal/jurisprudencia/analisis/AnalisisT-606-15.docx HTTP/1.1" 304 -
201.245.192.253 - - [10/Mar/2024:10:16:36 -0500] "POST /kwsrmcab/Wsrmcab  HTTP/1.1" 200 39632
201.245.192.253 - - [10/Mar/2024:10:17:30 -0500] "POST /forms/lservlet;jsessionid=ac16012b30d684947034d65b4c4e923ce056fbb2be58.e3iSbxaKaheRe3iNc3uNbNmQay1ynknvrkLOlQzNp65In0 HTTP/1.1" 200 2
201.245.192.253 - - [10/Mar/2024:10:17:31 -0500] "POST /forms/lservlet;jsessionid=ac16012b30d65740d95aaed04376ba5bc6200a0659e1.e3iSbxaKaheRe3iNc3uNbNmQay1ynknvrkLOlQzNp65In0 HTTP/1.1" 200 2
172.22.2.4 - - [10/Mar/2024:10:16:22 -0500] "HEAD /BLA/boletinlegal/ HTTP/1.1" 200 -
157.55.39.10 - - [10/Mar/2024:10:18:27 -0500] "GET /Publicaciones/2024EE30732.pdf HTTP/1.1" 404 227
172.22.2.4 - - [10/Mar/2024:10:17:12 -0500] "GET /BLA/boletinlegal/ HTTP/1.1" 200 58720
66.249.65.1 - - [10/Mar/2024:10:19:17 -0500] "GET /BLA/resoluciones/RESOLUCIONES%202011/6971.pdf HTTP/1.1" 304 -
201.245.192.253 - - [10/Mar/2024:10:19:30 -0500] "POST /forms/lservlet;jsessionid=ac16012b30d684947034d65b4c4e923ce056fbb2be58.e3iSbxaKaheRe3iNc3uNbNmQay1ynknvrkLOlQzNp65In0 HTTP/1.1" 200 2
201.245.192.253 - - [10/Mar/2024:10:19:31 -0500] "POST /forms/lservlet;jsessionid=ac16012b30d65740d95aaed04376ba5bc6200a0659e1.e3iSbxaKaheRe3iNc3uNbNmQay1ynknvrkLOlQzNp65In0 HTTP/1.1" 200 2
201.245.192.253 - - [10/Mar/2024:10:19:52 -0500] "POST /kwsrmcab/Wsrmcab HTTP/1.1" 200 37142
201.245.192.253 - - [10/Mar/2024:10:19:52 -0500] "POST /kwsrmcab/Wsrmcab HTTP/1.1" 200 213
201.245.192.253 - - [10/Mar/2024:10:20:14 -0500] "POST /kwsrmcab/Wsrmcab HTTP/1.1" 200 38377
201.245.192.253 - - [10/Mar/2024:10:20:49 -0500] "POST /kwsrmcab/Wsrmcab HTTP/1.1" 200 213
216.245.221.92 - - [10/Mar/2024:10:20:54 -0500] "HEAD / HTTP/1.1" 200 -
69.63.184.1 - - [10/Mar/2024:10:21:02 -0500] "GET /images/25%20de%20enero%20M\xc3\xb3vil%20Fauna.jpg HTTP/1.1" 404 1034
201.245.192.253 - - [10/Mar/2024:10:21:30 -0500] "POST /forms/lservlet;jsessionid=ac16012b30d684947034d65b4c4e923ce056fbb2be58.e3iSbxaKaheRe3iNc3uNbNmQay1ynknvrkLOlQzNp65In0 HTTP/1.1" 200 2
201.245.192.253 - - [10/Mar/2024:10:21:31 -0500] "POST /forms/lservlet;jsessionid=ac16012b30d65740d95aaed04376ba5bc6200a0659e1.e3iSbxaKaheRe3iNc3uNbNmQay1ynknvrkLOlQzNp65In0 HTTP/1.1" 200 2
201.245.192.253 - - [10/Mar/2024:10:21:35 -0500] "POST /kwsrmcab/Wsrmcab  HTTP/1.1" 200 39632
181.63.25.36 - - [10/Mar/2024:10:21:54 -0500] "POST /sipse/faces/presentacion/financiero/solicitudProceso/consultar.xhtml HTTP/1.1" 200 13039
181.63.25.36 - - [10/Mar/2024:10:21:56 -0500] "POST /sipse/faces/presentacion/financiero/solicitudProceso/consultar.xhtml HTTP/1.1" 200 149841
181.63.25.36 - - [10/Mar/2024:10:21:57 -0500] "GET /sipse/faces/javax.faces.resource/theme.css?ln=primefaces-sipse HTTP/1.1" 304 -
181.63.25.36 - - [10/Mar/2024:10:21:57 -0500] "GET /sipse/faces/javax.faces.resource/layout/layout.css?ln=primefaces&v=4.0 HTTP/1.1" 304 -
181.63.25.36 - - [10/Mar/2024:10:21:57 -0500] "GET /sipse/faces/javax.faces.resource/primefaces.css?ln=primefaces&v=4.0 HTTP/1.1" 304 -
181.63.25.36 - - [10/Mar/2024:10:21:57 -0500] "GET /sipse/faces/javax.faces.resource/jquery/jquery.js?ln=primefaces&v=4.0 HTTP/1.1" 304 -
181.63.25.36 - - [10/Mar/2024:10:21:57 -0500] "GET /sipse/faces/javax.faces.resource/jquery/jquery-plugins.js?ln=primefaces&v=4.0 HTTP/1.1" 304 -
181.63.25.36 - - [10/Mar/2024:10:21:57 -0500] "GET /sipse/faces/javax.faces.resource/primefaces.js?ln=primefaces&v=4.0 HTTP/1.1" 304 -
181.63.25.36 - - [10/Mar/2024:10:21:57 -0500] "GET /sipse/faces/javax.faces.resource/layout/layout.js?ln=primefaces&v=4.0 HTTP/1.1" 304 -
181.63.25.36 - - [10/Mar/2024:10:21:57 -0500] "GET /sipse/css/imagen/contrasena.png HTTP/1.1" 404 383
185.191.171.10 - - [10/Mar/2024:10:22:07 -0500] "GET /robots.txt HTTP/1.1" 404 1035
185.191.171.7 - - [10/Mar/2024:10:22:07 -0500] "GET /portaldeninos/publicidad/ HTTP/1.1" 200 87569
181.63.25.36 - - [10/Mar/2024:10:22:47 -0500] "POST /sipse/faces/presentacion/financiero/solicitudProceso/consultarSolicitudProceso.xhtml HTTP/1.1" 200 42359
181.63.25.36 - - [10/Mar/2024:10:22:47 -0500] "GET /sipse/faces/javax.faces.resource/theme.css?ln=primefaces-sipse HTTP/1.1" 304 -
181.63.25.36 - - [10/Mar/2024:10:22:47 -0500] "GET /sipse/faces/javax.faces.resource/primefaces.css?ln=primefaces&v=4.0 HTTP/1.1" 304 -
181.63.25.36 - - [10/Mar/2024:10:22:47 -0500] "GET /sipse/faces/javax.faces.resource/layout/layout.css?ln=primefaces&v=4.0 HTTP/1.1" 304 -
181.63.25.36 - - [10/Mar/2024:10:22:47 -0500] "GET /sipse/faces/javax.faces.resource/jquery/jquery.js?ln=primefaces&v=4.0 HTTP/1.1" 304 -
181.63.25.36 - - [10/Mar/2024:10:22:47 -0500] "GET /sipse/faces/javax.faces.resource/jquery/jquery-plugins.js?ln=primefaces&v=4.0 HTTP/1.1" 304 -
181.63.25.36 - - [10/Mar/2024:10:22:47 -0500] "GET /sipse/faces/javax.faces.resource/primefaces.js?ln=primefaces&v=4.0 HTTP/1.1" 304 -
181.63.25.36 - - [10/Mar/2024:10:22:47 -0500] "GET /sipse/faces/javax.faces.resource/layout/layout.js?ln=primefaces&v=4.0 HTTP/1.1" 304 -
181.63.25.36 - - [10/Mar/2024:10:22:48 -0500] "GET /sipse/css/imagen/contrasena.png HTTP/1.1" 404 383
181.63.25.36 - - [10/Mar/2024:10:22:48 -0500] "POST /sipse/faces/presentacion/financiero/solicitudProceso/consultar.xhtml HTTP/1.1" 200 35651
181.63.25.36 - - [10/Mar/2024:10:22:48 -0500] "POST /sipse/faces/presentacion/financiero/solicitudProceso/consultar.xhtml HTTP/1.1" 200 35651
181.63.25.36 - - [10/Mar/2024:10:22:48 -0500] "POST /sipse/faces/presentacion/financiero/solicitudProceso/consultar.xhtml HTTP/1.1" 200 35651
181.63.25.36 - - [10/Mar/2024:10:22:48 -0500] "POST /sipse/faces/presentacion/financiero/solicitudProceso/consultar.xhtml HTTP/1.1" 200 35651
181.63.25.36 - - [10/Mar/2024:10:22:48 -0500] "POST /sipse/faces/presentacion/financiero/solicitudProceso/consultar.xhtml HTTP/1.1" 200 35651
181.63.25.36 - - [10/Mar/2024:10:22:49 -0500] "POST /sipse/faces/presentacion/financiero/solicitudProceso/consultar.xhtml HTTP/1.1" 200 35651
181.63.25.36 - - [10/Mar/2024:10:22:49 -0500] "POST /sipse/faces/presentacion/financiero/solicitudProceso/consultar.xhtml HTTP/1.1" 200 35651
181.63.25.36 - - [10/Mar/2024:10:22:49 -0500] "POST /sipse/faces/presentacion/financiero/solicitudProceso/consultar.xhtml HTTP/1.1" 200 35651
201.245.192.253 - - [10/Mar/2024:10:23:30 -0500] "POST /forms/lservlet;jsessionid=ac16012b30d684947034d65b4c4e923ce056fbb2be58.e3iSbxaKaheRe3iNc3uNbNmQay1ynknvrkLOlQzNp65In0 HTTP/1.1" 200 2
181.63.25.36 - - [10/Mar/2024:10:23:30 -0500] "POST /sipse/faces/presentacion/financiero/solicitudProceso/consultar.xhtml HTTP/1.1" 200 35651
181.63.25.36 - - [10/Mar/2024:10:23:31 -0500] "POST /sipse/faces/presentacion/financiero/solicitudProceso/consultar.xhtml HTTP/1.1" 200 35651
201.245.192.253 - - [10/Mar/2024:10:23:31 -0500] "POST /forms/lservlet;jsessionid=ac16012b30d65740d95aaed04376ba5bc6200a0659e1.e3iSbxaKaheRe3iNc3uNbNmQay1ynknvrkLOlQzNp65In0 HTTP/1.1" 200 2
181.63.25.36 - - [10/Mar/2024:10:23:31 -0500] "POST /sipse/faces/presentacion/financiero/solicitudProceso/consultar.xhtml HTTP/1.1" 200 35651
181.63.25.36 - - [10/Mar/2024:10:23:31 -0500] "POST /sipse/faces/presentacion/financiero/solicitudProceso/consultar.xhtml HTTP/1.1" 200 35651
181.63.25.36 - - [10/Mar/2024:10:23:31 -0500] "POST /sipse/faces/presentacion/financiero/solicitudProceso/consultar.xhtml HTTP/1.1" 200 35651
181.63.25.36 - - [10/Mar/2024:10:23:31 -0500] "POST /sipse/faces/presentacion/financiero/solicitudProceso/consultar.xhtml HTTP/1.1" 200 35651
181.63.25.36 - - [10/Mar/2024:10:23:32 -0500] "POST /sipse/faces/presentacion/financiero/solicitudProceso/consultar.xhtml HTTP/1.1" 200 35651
181.63.25.36 - - [10/Mar/2024:10:23:32 -0500] "POST /sipse/faces/presentacion/financiero/solicitudProceso/consultar.xhtml HTTP/1.1" 200 35651
181.63.25.36 - - [10/Mar/2024:10:23:32 -0500] "POST /sipse/faces/presentacion/financiero/solicitudProceso/consultar.xhtml HTTP/1.1" 200 35651
181.63.25.36 - - [10/Mar/2024:10:23:32 -0500] "POST /sipse/faces/presentacion/financiero/solicitudProceso/consultar.xhtml HTTP/1.1" 200 35651
172.22.2.4 - - [10/Mar/2024:10:22:12 -0500] "HEAD /BLA/boletinlegal/ HTTP/1.1" 200 -
52.167.144.216 - - [10/Mar/2024:10:23:53 -0500] "GET /portaldeninos/wp-content/uploads/2022/08/Infograf%C3%ADa-humedales-actualizada.png HTTP/1.1" 200 588022
52.167.144.225 - - [10/Mar/2024:10:24:14 -0500] "GET /BLA/resoluciones/AUTOS%202013/2115.pdf HTTP/1.1" 304 -
181.63.25.36 - - [10/Mar/2024:10:24:23 -0500] "POST /sipse/faces/presentacion/financiero/solicitudProceso/consultar.xhtml HTTP/1.1" 200 12862
172.22.2.4 - - [10/Mar/2024:10:23:02 -0500] "GET /BLA/boletinlegal/ HTTP/1.1" 200 55442
216.244.66.195 - - [10/Mar/2024:10:25:24 -0500] "GET /robots.txt HTTP/1.1" 404 1018
201.245.192.253 - - [10/Mar/2024:10:25:30 -0500] "POST /forms/lservlet;jsessionid=ac16012b30d684947034d65b4c4e923ce056fbb2be58.e3iSbxaKaheRe3iNc3uNbNmQay1ynknvrkLOlQzNp65In0 HTTP/1.1" 200 2
201.245.192.253 - - [10/Mar/2024:10:25:31 -0500] "POST /forms/lservlet;jsessionid=ac16012b30d65740d95aaed04376ba5bc6200a0659e1.e3iSbxaKaheRe3iNc3uNbNmQay1ynknvrkLOlQzNp65In0 HTTP/1.1" 200 2
216.245.221.92 - - [10/Mar/2024:10:25:54 -0500] "HEAD / HTTP/1.1" 200 -
201.245.192.253 - - [10/Mar/2024:10:26:34 -0500] "POST /kwsrmcab/Wsrmcab  HTTP/1.1" 200 39632
201.245.192.253 - - [10/Mar/2024:10:27:30 -0500] "POST /forms/lservlet;jsessionid=ac16012b30d684947034d65b4c4e923ce056fbb2be58.e3iSbxaKaheRe3iNc3uNbNmQay1ynknvrkLOlQzNp65In0 HTTP/1.1" 200 2
201.245.192.253 - - [10/Mar/2024:10:27:31 -0500] "POST /forms/lservlet;jsessionid=ac16012b30d65740d95aaed04376ba5bc6200a0659e1.e3iSbxaKaheRe3iNc3uNbNmQay1ynknvrkLOlQzNp65In0 HTTP/1.1" 200 2
186.31.149.180 - - [10/Mar/2024:10:27:52 -0500] "GET /stormWeb/ HTTP/1.1" 404 1120
186.31.149.180 - - [10/Mar/2024:10:27:52 -0500] "GET /favicon.ico HTTP/1.1" 200 7782
52.167.144.166 - - [10/Mar/2024:10:28:15 -0500] "GET /Publicaciones/2024EE29893.pdf HTTP/1.1" 404 227
192.155.88.231 - - [10/Mar/2024:10:28:38 -0500] "GET / HTTP/1.1" 200 319
172.104.11.46 - - [10/Mar/2024:10:28:49 -0500] "GET / HTTP/1.1" 200 319
201.245.192.253 - - [10/Mar/2024:10:29:30 -0500] "POST /forms/lservlet;jsessionid=ac16012b30d684947034d65b4c4e923ce056fbb2be58.e3iSbxaKaheRe3iNc3uNbNmQay1ynknvrkLOlQzNp65In0 HTTP/1.1" 200 2
201.245.192.253 - - [10/Mar/2024:10:29:31 -0500] "POST /forms/lservlet;jsessionid=ac16012b30d65740d95aaed04376ba5bc6200a0659e1.e3iSbxaKaheRe3iNc3uNbNmQay1ynknvrkLOlQzNp65In0 HTTP/1.1" 200 2
172.22.2.4 - - [10/Mar/2024:10:28:02 -0500] "HEAD /BLA/boletinlegal/ HTTP/1.1" 200 -
201.245.192.253 - - [10/Mar/2024:10:29:51 -0500] "POST /kwsrmcab/Wsrmcab HTTP/1.1" 200 37142
201.245.192.253 - - [10/Mar/2024:10:29:52 -0500] "POST /kwsrmcab/Wsrmcab HTTP/1.1" 200 37416
201.245.192.253 - - [10/Mar/2024:10:30:14 -0500] "POST /kwsrmcab/Wsrmcab HTTP/1.1" 200 38377
172.22.2.4 - - [10/Mar/2024:10:28:52 -0500] "GET /BLA/boletinlegal/ HTTP/1.1" 200 58273
201.245.192.253 - - [10/Mar/2024:10:30:52 -0500] "POST /kwsrmcab/Wsrmcab HTTP/1.1" 200 37416
216.245.221.92 - - [10/Mar/2024:10:30:54 -0500] "HEAD / HTTP/1.1" 200 -
201.245.192.253 - - [10/Mar/2024:10:31:30 -0500] "POST /forms/lservlet;jsessionid=ac16012b30d684947034d65b4c4e923ce056fbb2be58.e3iSbxaKaheRe3iNc3uNbNmQay1ynknvrkLOlQzNp65In0 HTTP/1.1" 200 2
201.245.192.253 - - [10/Mar/2024:10:31:31 -0500] "POST /forms/lservlet;jsessionid=ac16012b30d65740d95aaed04376ba5bc6200a0659e1.e3iSbxaKaheRe3iNc3uNbNmQay1ynknvrkLOlQzNp65In0 HTTP/1.1" 200 2
201.245.192.253 - - [10/Mar/2024:10:31:33 -0500] "POST /kwsrmcab/Wsrmcab  HTTP/1.1" 200 39632
201.245.192.253 - - [10/Mar/2024:10:33:30 -0500] "POST /forms/lservlet;jsessionid=ac16012b30d684947034d65b4c4e923ce056fbb2be58.e3iSbxaKaheRe3iNc3uNbNmQay1ynknvrkLOlQzNp65In0 HTTP/1.1" 200 2
201.245.192.253 - - [10/Mar/2024:10:33:31 -0500] "POST /forms/lservlet;jsessionid=ac16012b30d65740d95aaed04376ba5bc6200a0659e1.e3iSbxaKaheRe3iNc3uNbNmQay1ynknvrkLOlQzNp65In0 HTTP/1.1" 200 2
201.245.192.253 - - [10/Mar/2024:10:33:34 -0500] "POST /kwsrmcab/Wsrmcab HTTP/1.1" 200 37416
146.19.24.28 - - [10/Mar/2024:10:34:46 -0500] "GET / HTTP/1.1" 200 319
172.22.2.4 - - [10/Mar/2024:10:35:00 -0500] "GET /BLA/boletinlegal/normativa.php HTTP/1.1" 200 8397
201.245.192.253 - - [10/Mar/2024:10:35:30 -0500] "POST /forms/lservlet;jsessionid=ac16012b30d684947034d65b4c4e923ce056fbb2be58.e3iSbxaKaheRe3iNc3uNbNmQay1ynknvrkLOlQzNp65In0 HTTP/1.1" 200 2
201.245.192.253 - - [10/Mar/2024:10:35:31 -0500] "POST /forms/lservlet;jsessionid=ac16012b30d65740d95aaed04376ba5bc6200a0659e1.e3iSbxaKaheRe3iNc3uNbNmQay1ynknvrkLOlQzNp65In0 HTTP/1.1" 200 2
172.22.2.4 - - [10/Mar/2024:10:33:52 -0500] "HEAD /BLA/boletinlegal/ HTTP/1.1" 200 -
216.245.221.92 - - [10/Mar/2024:10:35:54 -0500] "HEAD / HTTP/1.1" 200 -
172.22.2.4 - - [10/Mar/2024:10:34:42 -0500] "GET /BLA/boletinlegal/ HTTP/1.1" 200 58273
201.245.192.253 - - [10/Mar/2024:10:36:31 -0500] "POST /kwsrmcab/Wsrmcab  HTTP/1.1" 200 39632
199.16.157.182 - - [10/Mar/2024:10:36:37 -0500] "GET /dia-mundial-de-la-vida-silvestre-ranas-recuperadas-en-el-aeropuerto-el-dorado-fueron-trasladadas-y-liberadas-en-narino.html HTTP/1.1" 200 903
199.16.157.183 - - [10/Mar/2024:10:36:37 -0500] "GET /images/fauna%20sda2.jpeg HTTP/1.1" 200 122749
186.102.91.1 - - [10/Mar/2024:10:37:04 -0500] "GET /sipse/faces/index.xhtml HTTP/1.1" 200 677
186.102.91.1 - - [10/Mar/2024:10:37:04 -0500] "GET /sipse/faces/javax.faces.resource/theme.css?ln=primefaces-sipse HTTP/1.1" 304 -
186.102.91.1 - - [10/Mar/2024:10:37:04 -0500] "GET /sipse/faces/faces/autenticacion.xhtml HTTP/1.1" 200 12403
186.102.91.1 - - [10/Mar/2024:10:37:04 -0500] "GET /sipse/css/custom_css_sg.css HTTP/1.1" 304 -
186.102.91.1 - - [10/Mar/2024:10:37:04 -0500] "GET /sipse/css/custom_css_sg_prime_login.css HTTP/1.1" 304 -
186.102.91.1 - - [10/Mar/2024:10:37:04 -0500] "GET /sipse/faces/javax.faces.resource/theme.css?ln=primefaces-sipse HTTP/1.1" 304 -
186.102.91.1 - - [10/Mar/2024:10:37:04 -0500] "GET /sipse/faces/javax.faces.resource/primefaces.css?ln=primefaces&v=4.0 HTTP/1.1" 304 -
186.102.91.1 - - [10/Mar/2024:10:37:04 -0500] "GET /sipse/faces/javax.faces.resource/layout/layout.css?ln=primefaces&v=4.0 HTTP/1.1" 304 -
186.102.91.1 - - [10/Mar/2024:10:37:04 -0500] "GET /sipse/js/disable_browser_buttons.js HTTP/1.1" 304 -
186.102.91.1 - - [10/Mar/2024:10:37:04 -0500] "GET /sipse/js/funciones.js HTTP/1.1" 304 -
186.102.91.1 - - [10/Mar/2024:10:37:04 -0500] "GET /sipse/faces/javax.faces.resource/jquery/jquery.js?ln=primefaces&v=4.0 HTTP/1.1" 304 -
186.102.91.1 - - [10/Mar/2024:10:37:04 -0500] "GET /sipse/faces/javax.faces.resource/jquery/jquery-plugins.js?ln=primefaces&v=4.0 HTTP/1.1" 304 -
186.102.91.1 - - [10/Mar/2024:10:37:04 -0500] "GET /sipse/faces/javax.faces.resource/layout/layout.js?ln=primefaces&v=4.0 HTTP/1.1" 304 -
186.102.91.1 - - [10/Mar/2024:10:37:04 -0500] "GET /sipse/faces/javax.faces.resource/primefaces.js?ln=primefaces&v=4.0 HTTP/1.1" 304 -
186.102.91.1 - - [10/Mar/2024:10:37:04 -0500] "GET /sipse/css/imagen/logoSDG.png HTTP/1.1" 304 -
186.102.91.1 - - [10/Mar/2024:10:37:04 -0500] "GET /sipse/css/imagen/loginimg.png HTTP/1.1" 304 -
186.102.91.1 - - [10/Mar/2024:10:37:04 -0500] "GET /sipse/faces/javax.faces.resource/images/ui-icons_898989_256x240.png?ln=primefaces-aristo HTTP/1.1" 304 -
186.102.91.1 - - [10/Mar/2024:10:37:17 -0500] "POST /sipse/faces/autenticacion.xhtml HTTP/1.1" 200 16906
186.102.91.1 - - [10/Mar/2024:10:37:17 -0500] "GET /sipse/faces/javax.faces.resource/theme.css?ln=primefaces-sipse HTTP/1.1" 304 -
186.102.91.1 - - [10/Mar/2024:10:37:17 -0500] "GET /sipse/faces/javax.faces.resource/primefaces.css?ln=primefaces&v=4.0 HTTP/1.1" 304 -
186.102.91.1 - - [10/Mar/2024:10:37:17 -0500] "GET /sipse/css/custom_css_sg_prime.css HTTP/1.1" 304 -
186.102.91.1 - - [10/Mar/2024:10:37:17 -0500] "GET /sipse/faces/javax.faces.resource/layout/layout.css?ln=primefaces&v=4.0 HTTP/1.1" 304 -
186.102.91.1 - - [10/Mar/2024:10:37:17 -0500] "GET /sipse/js/jquery.min.js HTTP/1.1" 304 -
186.102.91.1 - - [10/Mar/2024:10:37:17 -0500] "GET /sipse/faces/javax.faces.resource/jquery/jquery.js?ln=primefaces&v=4.0 HTTP/1.1" 304 -
186.102.91.1 - - [10/Mar/2024:10:37:17 -0500] "GET /sipse/faces/javax.faces.resource/jquery/jquery-plugins.js?ln=primefaces&v=4.0 HTTP/1.1" 304 -
186.102.91.1 - - [10/Mar/2024:10:37:17 -0500] "GET /sipse/faces/javax.faces.resource/primefaces.js?ln=primefaces&v=4.0 HTTP/1.1" 304 -
186.102.91.1 - - [10/Mar/2024:10:37:18 -0500] "GET /sipse/faces/javax.faces.resource/layout/layout.js?ln=primefaces&v=4.0 HTTP/1.1" 304 -
186.102.91.1 - - [10/Mar/2024:10:37:18 -0500] "GET /sipse/css/v_mergente.css HTTP/1.1" 304 -
186.102.91.1 - - [10/Mar/2024:10:37:18 -0500] "GET /sipse/css/imagen/contrasena.png HTTP/1.1" 404 383
186.102.91.1 - - [10/Mar/2024:10:37:18 -0500] "GET /sipse/imagenes/logoAplicacion.jpg HTTP/1.1" 304 -
186.102.91.1 - - [10/Mar/2024:10:37:18 -0500] "GET /sipse/imagenes/cargando.gif HTTP/1.1" 304 -
186.102.91.1 - - [10/Mar/2024:10:37:18 -0500] "GET /sipse/faces/javax.faces.resource/messages/messages.png?ln=primefaces&v=4.0 HTTP/1.1" 304 -
186.102.91.1 - - [10/Mar/2024:10:37:22 -0500] "GET /sipse/faces/javax.faces.resource/images/ui-bg_flat_0_2d5972_40x100.png?ln=primefaces-aristo HTTP/1.1" 304 -
186.102.91.1 - - [10/Mar/2024:10:37:22 -0500] "POST /sipse/faces/bienvenido.xhtml HTTP/1.1" 200 2658
186.102.91.1 - - [10/Mar/2024:10:37:23 -0500] "POST /sipse/faces/bienvenido.xhtml HTTP/1.1" 200 33155
186.102.91.1 - - [10/Mar/2024:10:37:24 -0500] "GET /sipse/faces/javax.faces.resource/layout/layout.css?ln=primefaces&v=4.0 HTTP/1.1" 304 -
186.102.91.1 - - [10/Mar/2024:10:37:24 -0500] "GET /sipse/faces/javax.faces.resource/theme.css?ln=primefaces-sipse HTTP/1.1" 304 -
186.102.91.1 - - [10/Mar/2024:10:37:24 -0500] "GET /sipse/faces/javax.faces.resource/primefaces.css?ln=primefaces&v=4.0 HTTP/1.1" 304 -
186.102.91.1 - - [10/Mar/2024:10:37:24 -0500] "GET /sipse/faces/javax.faces.resource/jquery/jquery.js?ln=primefaces&v=4.0 HTTP/1.1" 304 -
186.102.91.1 - - [10/Mar/2024:10:37:24 -0500] "GET /sipse/faces/javax.faces.resource/jquery/jquery-plugins.js?ln=primefaces&v=4.0 HTTP/1.1" 304 -
186.102.91.1 - - [10/Mar/2024:10:37:24 -0500] "GET /sipse/faces/javax.faces.resource/primefaces.js?ln=primefaces&v=4.0 HTTP/1.1" 304 -
186.102.91.1 - - [10/Mar/2024:10:37:24 -0500] "GET /sipse/faces/javax.faces.resource/layout/layout.js?ln=primefaces&v=4.0 HTTP/1.1" 304 -
186.102.91.1 - - [10/Mar/2024:10:37:24 -0500] "POST /sipse/faces/presentacion/financiero/solicitudProceso/listarSolicitudProceso.xhtml HTTP/1.1" 200 1372
186.102.91.1 - - [10/Mar/2024:10:37:26 -0500] "POST /sipse/faces/presentacion/financiero/solicitudProceso/listarSolicitudProceso.xhtml HTTP/1.1" 200 2648
186.102.91.1 - - [10/Mar/2024:10:37:28 -0500] "POST /sipse/faces/presentacion/financiero/solicitudProceso/listarSolicitudProceso.xhtml HTTP/1.1" 200 2681
186.102.91.1 - - [10/Mar/2024:10:37:30 -0500] "POST /sipse/faces/presentacion/financiero/solicitudProceso/listarSolicitudProceso.xhtml HTTP/1.1" 200 41996
186.102.91.1 - - [10/Mar/2024:10:37:30 -0500] "GET /sipse/faces/javax.faces.resource/theme.css?ln=primefaces-sipse HTTP/1.1" 304 -
186.102.91.1 - - [10/Mar/2024:10:37:30 -0500] "GET /sipse/faces/javax.faces.resource/layout/layout.css?ln=primefaces&v=4.0 HTTP/1.1" 304 -
186.102.91.1 - - [10/Mar/2024:10:37:30 -0500] "GET /sipse/faces/javax.faces.resource/primefaces.css?ln=primefaces&v=4.0 HTTP/1.1" 304 -
186.102.91.1 - - [10/Mar/2024:10:37:30 -0500] "GET /sipse/faces/javax.faces.resource/jquery/jquery.js?ln=primefaces&v=4.0 HTTP/1.1" 304 -
186.102.91.1 - - [10/Mar/2024:10:37:30 -0500] "GET /sipse/faces/javax.faces.resource/jquery/jquery-plugins.js?ln=primefaces&v=4.0 HTTP/1.1" 304 -
186.102.91.1 - - [10/Mar/2024:10:37:30 -0500] "GET /sipse/faces/javax.faces.resource/primefaces.js?ln=primefaces&v=4.0 HTTP/1.1" 304 -
186.102.91.1 - - [10/Mar/2024:10:37:30 -0500] "GET /sipse/faces/javax.faces.resource/layout/layout.js?ln=primefaces&v=4.0 HTTP/1.1" 304 -
201.245.192.253 - - [10/Mar/2024:10:37:30 -0500] "POST /forms/lservlet;jsessionid=ac16012b30d684947034d65b4c4e923ce056fbb2be58.e3iSbxaKaheRe3iNc3uNbNmQay1ynknvrkLOlQzNp65In0 HTTP/1.1" 200 2
186.102.91.1 - - [10/Mar/2024:10:37:30 -0500] "POST /sipse/faces/presentacion/financiero/solicitudProceso/consultar.xhtml HTTP/1.1" 200 35285
201.245.192.253 - - [10/Mar/2024:10:37:31 -0500] "POST /forms/lservlet;jsessionid=ac16012b30d65740d95aaed04376ba5bc6200a0659e1.e3iSbxaKaheRe3iNc3uNbNmQay1ynknvrkLOlQzNp65In0 HTTP/1.1" 200 2
186.102.91.1 - - [10/Mar/2024:10:37:37 -0500] "POST /sipse/faces/presentacion/financiero/solicitudProceso/consultar.xhtml HTTP/1.1" 200 12826
190.84.47.90 - - [10/Mar/2024:10:37:38 -0500] "GET /portaldeninos/wp-includes/js/wp-emoji-release.min.js?ver=4.9.8 HTTP/1.1" 200 12026
190.84.47.90 - - [10/Mar/2024:10:37:37 -0500] "GET /portaldeninos/parque-mirador-de-los-nevados/ HTTP/1.1" 200 89855
190.84.47.90 - - [10/Mar/2024:10:37:38 -0500] "GET /portaldeninos/wp-content/themes/betheme/style.css?ver=20.9.6 HTTP/1.1" 200 287
190.84.47.90 - - [10/Mar/2024:10:37:38 -0500] "GET /portaldeninos/wp-content/uploads/useanyfont/uaf.css?ver=1589905315 HTTP/1.1" 200 408
190.84.47.90 - - [10/Mar/2024:10:37:38 -0500] "GET /portaldeninos/wp-content/plugins/gallery-videos/CSS/Total-Soft-Gallery-Video-Widget.css?ver=4.9.8 HTTP/1.1" 200 51554
190.84.47.90 - - [10/Mar/2024:10:37:38 -0500] "GET /portaldeninos/wp-content/themes/betheme/css/base.css?ver=20.9.6 HTTP/1.1" 200 57283
190.84.47.90 - - [10/Mar/2024:10:37:38 -0500] "GET /portaldeninos/wp-content/plugins/gallery-videos/CSS/totalsoft.css?ver=4.9.8 HTTP/1.1" 200 40622
190.84.47.90 - - [10/Mar/2024:10:37:38 -0500] "GET /portaldeninos/wp-content/themes/betheme/assets/ui/jquery.ui.all.css?ver=20.9.6 HTTP/1.1" 200 18765
190.84.47.90 - - [10/Mar/2024:10:37:38 -0500] "GET /portaldeninos/wp-content/themes/betheme/assets/jplayer/css/jplayer.blue.monday.css?ver=20.9.6 HTTP/1.1" 200 9834
190.84.47.90 - - [10/Mar/2024:10:37:38 -0500] "GET /portaldeninos/wp-content/themes/betheme/assets/animations/animations.min.css?ver=20.9.6 HTTP/1.1" 200 58508
190.84.47.90 - - [10/Mar/2024:10:37:38 -0500] "GET /portaldeninos/wp-content/plugins/google-analytics-for-wordpress/assets/js/frontend-gtag.min.js?ver=8.5.0 HTTP/1.1" 200 11801
190.84.47.90 - - [10/Mar/2024:10:37:38 -0500] "GET /portaldeninos/wp-includes/js/jquery/ui/core.min.js?ver=1.11.4 HTTP/1.1" 200 4000
190.84.47.90 - - [10/Mar/2024:10:37:38 -0500] "GET /portaldeninos/wp-includes/js/jquery/jquery-migrate.min.js?ver=1.4.1 HTTP/1.1" 200 10056
