201.245.192.253 - - [10/Mar/2024:05:05:29 -0500] "POST /forms/lservlet;jsessionid=ac16012b30d684947034d65b4c4e923ce056fbb2be58.e3iSbxaKaheRe3iNc3uNbNmQay1ynknvrkLOlQzNp65In0 HTTP/1.1" 200 2
201.245.192.253 - - [10/Mar/2024:05:05:29 -0500] "POST /forms/lservlet;jsessionid=ac16012b30d65740d95aaed04376ba5bc6200a0659e1.e3iSbxaKaheRe3iNc3uNbNmQay1ynknvrkLOlQzNp65In0 HTTP/1.1" 200 2
66.249.79.106 - - [10/Mar/2024:05:05:55 -0500] "GET /BLA/resoluciones/RESOLUCIONES%202010/3113.pdf HTTP/1.1" 200 539623
216.245.221.92 - - [10/Mar/2024:05:05:55 -0500] "HEAD / HTTP/1.1" 200 -
201.245.192.253 - - [10/Mar/2024:05:07:29 -0500] "POST /forms/lservlet;jsessionid=ac16012b30d684947034d65b4c4e923ce056fbb2be58.e3iSbxaKaheRe3iNc3uNbNmQay1ynknvrkLOlQzNp65In0 HTTP/1.1" 200 2
201.245.192.253 - - [10/Mar/2024:05:07:29 -0500] "POST /forms/lservlet;jsessionid=ac16012b30d65740d95aaed04376ba5bc6200a0659e1.e3iSbxaKaheRe3iNc3uNbNmQay1ynknvrkLOlQzNp65In0 HTTP/1.1" 200 2
201.245.192.253 - - [10/Mar/2024:05:08:14 -0500] "POST /kwsrmcab/Wsrmcab  HTTP/1.1" 200 39632
172.22.2.4 - - [10/Mar/2024:05:07:12 -0500] "HEAD /BLA/boletinlegal/ HTTP/1.1" 200 -
201.245.192.253 - - [10/Mar/2024:05:09:29 -0500] "POST /forms/lservlet;jsessionid=ac16012b30d684947034d65b4c4e923ce056fbb2be58.e3iSbxaKaheRe3iNc3uNbNmQay1ynknvrkLOlQzNp65In0 HTTP/1.1" 200 2
201.245.192.253 - - [10/Mar/2024:05:09:29 -0500] "POST /forms/lservlet;jsessionid=ac16012b30d65740d95aaed04376ba5bc6200a0659e1.e3iSbxaKaheRe3iNc3uNbNmQay1ynknvrkLOlQzNp65In0 HTTP/1.1" 200 2
172.22.2.4 - - [10/Mar/2024:05:08:03 -0500] "GET /BLA/boletinlegal/ HTTP/1.1" 200 58273
66.249.79.106 - - [10/Mar/2024:05:10:35 -0500] "GET /BLA/resoluciones/RESOLUCIONES%202009/1109.pdf HTTP/1.1" 200 287500
66.249.66.166 - - [10/Mar/2024:05:10:37 -0500] "GET /portaldeninos/wp-content/themes/betheme/assets/animations/animations.min.js?ver=20.9.6 HTTP/1.1" 200 1896
66.249.66.165 - - [10/Mar/2024:05:10:38 -0500] "GET /portaldeninos/wp-content/themes/betheme/assets/jplayer/jplayer.min.js?ver=20.9.6 HTTP/1.1" 200 52702
216.245.221.92 - - [10/Mar/2024:05:10:55 -0500] "HEAD / HTTP/1.1" 200 -
216.244.66.195 - - [10/Mar/2024:05:10:58 -0500] "GET /BLA/resoluciones/AUTOS%202016/0666.pdf HTTP/1.1" 200 696161
201.245.192.253 - - [10/Mar/2024:05:11:29 -0500] "POST /forms/lservlet;jsessionid=ac16012b30d684947034d65b4c4e923ce056fbb2be58.e3iSbxaKaheRe3iNc3uNbNmQay1ynknvrkLOlQzNp65In0 HTTP/1.1" 200 2
201.245.192.253 - - [10/Mar/2024:05:11:29 -0500] "POST /forms/lservlet;jsessionid=ac16012b30d65740d95aaed04376ba5bc6200a0659e1.e3iSbxaKaheRe3iNc3uNbNmQay1ynknvrkLOlQzNp65In0 HTTP/1.1" 200 2
201.245.192.253 - - [10/Mar/2024:05:13:12 -0500] "POST /kwsrmcab/Wsrmcab  HTTP/1.1" 200 39632
201.245.192.253 - - [10/Mar/2024:05:13:29 -0500] "POST /forms/lservlet;jsessionid=ac16012b30d684947034d65b4c4e923ce056fbb2be58.e3iSbxaKaheRe3iNc3uNbNmQay1ynknvrkLOlQzNp65In0 HTTP/1.1" 200 2
201.245.192.253 - - [10/Mar/2024:05:13:29 -0500] "POST /forms/lservlet;jsessionid=ac16012b30d65740d95aaed04376ba5bc6200a0659e1.e3iSbxaKaheRe3iNc3uNbNmQay1ynknvrkLOlQzNp65In0 HTTP/1.1" 200 2
172.22.2.4 - - [10/Mar/2024:05:13:02 -0500] "HEAD /BLA/boletinlegal/ HTTP/1.1" 200 -
172.22.2.4 - - [10/Mar/2024:05:15:16 -0500] "GET /BLA/boletinlegal/Circulares/2023/CIRCULAR%20No.%2000006%20DEL%2013%20DE%20JULIO%20DEL%202023.pdf HTTP/1.1" 200 375301
172.22.2.4 - - [10/Mar/2024:05:15:16 -0500] "GET /BLA/boletinlegal/favicon.ico HTTP/1.1" 404 1498
201.245.192.253 - - [10/Mar/2024:05:15:29 -0500] "POST /forms/lservlet;jsessionid=ac16012b30d684947034d65b4c4e923ce056fbb2be58.e3iSbxaKaheRe3iNc3uNbNmQay1ynknvrkLOlQzNp65In0 HTTP/1.1" 200 2
201.245.192.253 - - [10/Mar/2024:05:15:29 -0500] "POST /forms/lservlet;jsessionid=ac16012b30d65740d95aaed04376ba5bc6200a0659e1.e3iSbxaKaheRe3iNc3uNbNmQay1ynknvrkLOlQzNp65In0 HTTP/1.1" 200 2
172.22.2.4 - - [10/Mar/2024:05:13:53 -0500] "GET /BLA/boletinlegal/ HTTP/1.1" 200 58273
216.245.221.92 - - [10/Mar/2024:05:15:55 -0500] "HEAD / HTTP/1.1" 200 -
216.244.66.195 - - [10/Mar/2024:05:16:05 -0500] "GET /BLA/resoluciones/AUTOS%202016/0253.pdf HTTP/1.1" 200 637477
216.244.66.195 - - [10/Mar/2024:05:16:10 -0500] "GET /BLA/resoluciones/AUTOS%202016/0283.pdf HTTP/1.1" 200 778207
216.244.66.195 - - [10/Mar/2024:05:16:16 -0500] "GET /BLA/resoluciones/AUTOS%202016/0621.pdf HTTP/1.1" 200 531199
216.244.66.195 - - [10/Mar/2024:05:16:26 -0500] "GET /BLA/resoluciones/AUTOS%202016/1100.pdf HTTP/1.1" 200 287168
216.244.66.195 - - [10/Mar/2024:05:16:41 -0500] "GET /BLA/resoluciones/AUTOS%202016/1142.pdf HTTP/1.1" 200 308627
216.244.66.195 - - [10/Mar/2024:05:16:57 -0500] "GET /BLA/resoluciones/AUTOS%202016/1241.pdf HTTP/1.1" 200 441912
216.244.66.195 - - [10/Mar/2024:05:17:17 -0500] "GET /BLA/resoluciones/AUTOS%202016/1335.pdf HTTP/1.1" 200 1386566
201.245.192.253 - - [10/Mar/2024:05:17:29 -0500] "POST /forms/lservlet;jsessionid=ac16012b30d684947034d65b4c4e923ce056fbb2be58.e3iSbxaKaheRe3iNc3uNbNmQay1ynknvrkLOlQzNp65In0 HTTP/1.1" 200 2
201.245.192.253 - - [10/Mar/2024:05:17:30 -0500] "POST /forms/lservlet;jsessionid=ac16012b30d65740d95aaed04376ba5bc6200a0659e1.e3iSbxaKaheRe3iNc3uNbNmQay1ynknvrkLOlQzNp65In0 HTTP/1.1" 200 2
216.244.66.195 - - [10/Mar/2024:05:17:58 -0500] "GET /BLA/resoluciones/AUTOS%202016/1623.pdf HTTP/1.1" 200 313603
201.245.192.253 - - [10/Mar/2024:05:18:10 -0500] "POST /kwsrmcab/Wsrmcab  HTTP/1.1" 200 39632
216.244.66.195 - - [10/Mar/2024:05:18:28 -0500] "GET /BLA/resoluciones/AUTOS%202016/1744.pdf HTTP/1.1" 200 478254
216.244.66.195 - - [10/Mar/2024:05:19:03 -0500] "GET /BLA/resoluciones/AUTOS%202016/1746.pdf HTTP/1.1" 200 303284
201.245.192.253 - - [10/Mar/2024:05:19:29 -0500] "POST /forms/lservlet;jsessionid=ac16012b30d684947034d65b4c4e923ce056fbb2be58.e3iSbxaKaheRe3iNc3uNbNmQay1ynknvrkLOlQzNp65In0 HTTP/1.1" 200 2
201.245.192.253 - - [10/Mar/2024:05:19:30 -0500] "POST /forms/lservlet;jsessionid=ac16012b30d65740d95aaed04376ba5bc6200a0659e1.e3iSbxaKaheRe3iNc3uNbNmQay1ynknvrkLOlQzNp65In0 HTTP/1.1" 200 2
216.244.66.195 - - [10/Mar/2024:05:19:31 -0500] "GET /BLA/resoluciones/AUTOS%202016/1810.pdf HTTP/1.1" 200 469435
201.245.192.253 - - [10/Mar/2024:05:19:53 -0500] "POST /kwsrmcab/Wsrmcab HTTP/1.1" 200 39546
201.245.192.253 - - [10/Mar/2024:05:19:53 -0500] "POST /kwsrmcab/Wsrmcab HTTP/1.1" 200 213
216.244.66.195 - - [10/Mar/2024:05:20:06 -0500] "GET /BLA/resoluciones/AUTOS%202016/1817.pdf HTTP/1.1" 200 545631
201.245.192.253 - - [10/Mar/2024:05:20:16 -0500] "POST /kwsrmcab/Wsrmcab HTTP/1.1" 200 39105
172.22.2.4 - - [10/Mar/2024:05:18:52 -0500] "HEAD /BLA/boletinlegal/ HTTP/1.1" 200 -
216.244.66.195 - - [10/Mar/2024:05:20:34 -0500] "GET /BLA/resoluciones/AUTOS%202016/1882.pdf HTTP/1.1" 200 843830
201.245.192.253 - - [10/Mar/2024:05:20:54 -0500] "POST /kwsrmcab/Wsrmcab HTTP/1.1" 200 213
216.245.221.92 - - [10/Mar/2024:05:20:55 -0500] "HEAD / HTTP/1.1" 200 -
216.244.66.195 - - [10/Mar/2024:05:21:13 -0500] "GET /BLA/resoluciones/AUTOS%202016/1892.pdf HTTP/1.1" 200 386581
172.22.2.4 - - [10/Mar/2024:05:19:43 -0500] "GET /BLA/boletinlegal/ HTTP/1.1" 200 53818
201.245.192.253 - - [10/Mar/2024:05:21:29 -0500] "POST /forms/lservlet;jsessionid=ac16012b30d684947034d65b4c4e923ce056fbb2be58.e3iSbxaKaheRe3iNc3uNbNmQay1ynknvrkLOlQzNp65In0 HTTP/1.1" 200 2
201.245.192.253 - - [10/Mar/2024:05:21:30 -0500] "POST /forms/lservlet;jsessionid=ac16012b30d65740d95aaed04376ba5bc6200a0659e1.e3iSbxaKaheRe3iNc3uNbNmQay1ynknvrkLOlQzNp65In0 HTTP/1.1" 200 2
216.244.66.195 - - [10/Mar/2024:05:21:43 -0500] "GET /BLA/resoluciones/AUTOS%202016/1995.pdf HTTP/1.1" 200 610254
216.244.66.195 - - [10/Mar/2024:05:22:18 -0500] "GET /BLA/resoluciones/AUTOS%202016/2013.pdf HTTP/1.1" 200 481685
216.244.66.195 - - [10/Mar/2024:05:22:58 -0500] "GET /BLA/resoluciones/AUTOS%202016/2073.pdf HTTP/1.1" 200 422344
201.245.192.253 - - [10/Mar/2024:05:23:09 -0500] "POST /kwsrmcab/Wsrmcab  HTTP/1.1" 200 39632
216.244.66.195 - - [10/Mar/2024:05:23:28 -0500] "GET /BLA/resoluciones/AUTOS%202016/2195.pdf HTTP/1.1" 200 619022
201.245.192.253 - - [10/Mar/2024:05:23:29 -0500] "POST /forms/lservlet;jsessionid=ac16012b30d684947034d65b4c4e923ce056fbb2be58.e3iSbxaKaheRe3iNc3uNbNmQay1ynknvrkLOlQzNp65In0 HTTP/1.1" 200 2
201.245.192.253 - - [10/Mar/2024:05:23:30 -0500] "POST /forms/lservlet;jsessionid=ac16012b30d65740d95aaed04376ba5bc6200a0659e1.e3iSbxaKaheRe3iNc3uNbNmQay1ynknvrkLOlQzNp65In0 HTTP/1.1" 200 2
185.68.184.60 - - [10/Mar/2024:05:23:51 -0500] "GET /BLA/boletinlegal/admin/index.php HTTP/1.1" 200 2324
83.142.55.88 - - [10/Mar/2024:05:23:51 -0500] "GET /BLA/boletinlegal/admin/index.php HTTP/1.1" 200 2324
93.177.118.148 - - [10/Mar/2024:05:23:51 -0500] "GET /BLA/boletinlegal/admin/index.php HTTP/1.1" 200 2324
216.244.66.195 - - [10/Mar/2024:05:24:07 -0500] "GET /BLA/resoluciones/AUTOS%202016/2196.pdf HTTP/1.1" 200 719477
138.201.157.89 - - [10/Mar/2024:05:24:17 -0500] "GET / HTTP/1.1" 200 4720
216.244.66.195 - - [10/Mar/2024:05:24:37 -0500] "GET /BLA/resoluciones/AUTOS%202016/2470.pdf HTTP/1.1" 200 443349
216.244.66.195 - - [10/Mar/2024:05:25:08 -0500] "GET /BLA/resoluciones/AUTOS%202016/2516.pdf HTTP/1.1" 200 298080
201.245.192.253 - - [10/Mar/2024:05:25:29 -0500] "POST /forms/lservlet;jsessionid=ac16012b30d684947034d65b4c4e923ce056fbb2be58.e3iSbxaKaheRe3iNc3uNbNmQay1ynknvrkLOlQzNp65In0 HTTP/1.1" 200 2
201.245.192.253 - - [10/Mar/2024:05:25:30 -0500] "POST /forms/lservlet;jsessionid=ac16012b30d65740d95aaed04376ba5bc6200a0659e1.e3iSbxaKaheRe3iNc3uNbNmQay1ynknvrkLOlQzNp65In0 HTTP/1.1" 200 2
216.244.66.195 - - [10/Mar/2024:05:25:43 -0500] "GET /BLA/resoluciones/AUTOS%202016/2607.pdf HTTP/1.1" 200 547144
216.245.221.92 - - [10/Mar/2024:05:25:55 -0500] "HEAD / HTTP/1.1" 200 -
216.244.66.195 - - [10/Mar/2024:05:26:22 -0500] "GET /BLA/resoluciones/AUTOS%202016/2633.pdf HTTP/1.1" 200 302263
172.22.2.4 - - [10/Mar/2024:05:24:42 -0500] "HEAD /BLA/boletinlegal/ HTTP/1.1" 200 -
216.244.66.195 - - [10/Mar/2024:05:27:01 -0500] "GET /BLA/resoluciones/AUTOS%202016/2673.pdf HTTP/1.1" 200 974917
172.22.2.4 - - [10/Mar/2024:05:25:33 -0500] "GET /BLA/boletinlegal/ HTTP/1.1" 200 58273
201.245.192.253 - - [10/Mar/2024:05:27:29 -0500] "POST /forms/lservlet;jsessionid=ac16012b30d684947034d65b4c4e923ce056fbb2be58.e3iSbxaKaheRe3iNc3uNbNmQay1ynknvrkLOlQzNp65In0 HTTP/1.1" 200 2
201.245.192.253 - - [10/Mar/2024:05:27:30 -0500] "POST /forms/lservlet;jsessionid=ac16012b30d65740d95aaed04376ba5bc6200a0659e1.e3iSbxaKaheRe3iNc3uNbNmQay1ynknvrkLOlQzNp65In0 HTTP/1.1" 200 2
216.244.66.195 - - [10/Mar/2024:05:27:42 -0500] "GET /BLA/resoluciones/AUTOS%202016/2839.pdf HTTP/1.1" 200 607402
201.245.192.253 - - [10/Mar/2024:05:28:08 -0500] "POST /kwsrmcab/Wsrmcab  HTTP/1.1" 200 39632
216.244.66.195 - - [10/Mar/2024:05:28:14 -0500] "GET /BLA/resoluciones/AUTOS%202014/1343.pdf HTTP/1.1" 200 613916
216.244.66.195 - - [10/Mar/2024:05:28:47 -0500] "GET /BLA/resoluciones/AUTOS%202007/1889.pdf HTTP/1.1" 200 162433
216.244.66.195 - - [10/Mar/2024:05:29:15 -0500] "GET /BLA/resoluciones/AUTOS%202007/1927.pdf HTTP/1.1" 200 71796
201.245.192.253 - - [10/Mar/2024:05:29:29 -0500] "POST /forms/lservlet;jsessionid=ac16012b30d684947034d65b4c4e923ce056fbb2be58.e3iSbxaKaheRe3iNc3uNbNmQay1ynknvrkLOlQzNp65In0 HTTP/1.1" 200 2
201.245.192.253 - - [10/Mar/2024:05:29:30 -0500] "POST /forms/lservlet;jsessionid=ac16012b30d65740d95aaed04376ba5bc6200a0659e1.e3iSbxaKaheRe3iNc3uNbNmQay1ynknvrkLOlQzNp65In0 HTTP/1.1" 200 2
216.244.66.195 - - [10/Mar/2024:05:29:42 -0500] "GET /BLA/resoluciones/AUTOS%202007/1985.pdf HTTP/1.1" 200 28990
201.245.192.253 - - [10/Mar/2024:05:29:53 -0500] "POST /kwsrmcab/Wsrmcab HTTP/1.1" 200 39546
201.245.192.253 - - [10/Mar/2024:05:29:53 -0500] "POST /kwsrmcab/Wsrmcab HTTP/1.1" 200 37289
216.244.66.195 - - [10/Mar/2024:05:30:08 -0500] "GET /BLA/resoluciones/AUTOS%202010/0863.pdf HTTP/1.1" 200 255847
201.245.192.253 - - [10/Mar/2024:05:30:15 -0500] "POST /kwsrmcab/Wsrmcab HTTP/1.1" 200 39105
216.244.66.195 - - [10/Mar/2024:05:30:33 -0500] "GET /BLA/resoluciones/AUTOS%202010/1394.pdf HTTP/1.1" 200 235210
185.61.219.223 - - [10/Mar/2024:05:30:45 -0500] "POST /appsia/controlador HTTP/1.1" 200 4799
185.61.219.223 - - [10/Mar/2024:05:30:47 -0500] "GET /wp-admin/plugin-install.php?tab=plugin-information&plugin=header-footer&TB_iframe=true&width=772&height=871 HTTP/1.1" 404 1018
201.245.192.253 - - [10/Mar/2024:05:30:52 -0500] "POST /kwsrmcab/Wsrmcab HTTP/1.1" 200 37289
216.245.221.92 - - [10/Mar/2024:05:30:55 -0500] "HEAD / HTTP/1.1" 200 -
216.244.66.195 - - [10/Mar/2024:05:30:59 -0500] "GET /BLA/resoluciones/AUTOS%202010/1407.pdf HTTP/1.1" 200 233580
216.244.66.195 - - [10/Mar/2024:05:31:24 -0500] "GET /BLA/resoluciones/AUTOS%202010/2905.pdf HTTP/1.1" 200 741488
201.245.192.253 - - [10/Mar/2024:05:31:29 -0500] "POST /forms/lservlet;jsessionid=ac16012b30d684947034d65b4c4e923ce056fbb2be58.e3iSbxaKaheRe3iNc3uNbNmQay1ynknvrkLOlQzNp65In0 HTTP/1.1" 200 2
201.245.192.253 - - [10/Mar/2024:05:31:30 -0500] "POST /forms/lservlet;jsessionid=ac16012b30d65740d95aaed04376ba5bc6200a0659e1.e3iSbxaKaheRe3iNc3uNbNmQay1ynknvrkLOlQzNp65In0 HTTP/1.1" 200 2
216.244.66.195 - - [10/Mar/2024:05:32:03 -0500] "GET /BLA/resoluciones/AUTOS%202010/3459.pdf HTTP/1.1" 200 451567
172.22.2.4 - - [10/Mar/2024:05:30:32 -0500] "HEAD /BLA/boletinlegal/ HTTP/1.1" 200 -
216.244.66.195 - - [10/Mar/2024:05:32:35 -0500] "GET /BLA/resoluciones/AUTOS%202010/3922.pdf HTTP/1.1" 200 107228
172.22.2.4 - - [10/Mar/2024:05:31:23 -0500] "GET /BLA/boletinlegal/ HTTP/1.1" 200 54913
201.245.192.253 - - [10/Mar/2024:05:33:07 -0500] "POST /kwsrmcab/Wsrmcab  HTTP/1.1" 200 39632
216.244.66.195 - - [10/Mar/2024:05:33:07 -0500] "GET /BLA/resoluciones/AUTOS%202010/4211.pdf HTTP/1.1" 200 388736
201.245.192.253 - - [10/Mar/2024:05:33:29 -0500] "POST /forms/lservlet;jsessionid=ac16012b30d684947034d65b4c4e923ce056fbb2be58.e3iSbxaKaheRe3iNc3uNbNmQay1ynknvrkLOlQzNp65In0 HTTP/1.1" 200 2
201.245.192.253 - - [10/Mar/2024:05:33:30 -0500] "POST /forms/lservlet;jsessionid=ac16012b30d65740d95aaed04376ba5bc6200a0659e1.e3iSbxaKaheRe3iNc3uNbNmQay1ynknvrkLOlQzNp65In0 HTTP/1.1" 200 2
104.248.229.49 - - [10/Mar/2024:05:33:40 -0500] "GET /aaa9 HTTP/1.1" 404 1018
104.248.229.49 - - [10/Mar/2024:05:33:43 -0500] "GET /aab8 HTTP/1.1" 404 1018
104.248.229.49 - - [10/Mar/2024:05:33:45 -0500] "GET / HTTP/1.1" 200 319
201.245.192.253 - - [10/Mar/2024:05:35:29 -0500] "POST /forms/lservlet;jsessionid=ac16012b30d684947034d65b4c4e923ce056fbb2be58.e3iSbxaKaheRe3iNc3uNbNmQay1ynknvrkLOlQzNp65In0 HTTP/1.1" 200 2
201.245.192.253 - - [10/Mar/2024:05:35:30 -0500] "POST /forms/lservlet;jsessionid=ac16012b30d65740d95aaed04376ba5bc6200a0659e1.e3iSbxaKaheRe3iNc3uNbNmQay1ynknvrkLOlQzNp65In0 HTTP/1.1" 200 2
216.245.221.92 - - [10/Mar/2024:05:35:55 -0500] "HEAD / HTTP/1.1" 200 -
104.248.86.108 - - [10/Mar/2024:05:35:55 -0500] "GET /.env HTTP/1.1" 404 1018
187.207.22.198 - - [10/Mar/2024:05:36:24 -0500] "GET / HTTP/1.1" 200 319
201.245.192.253 - - [10/Mar/2024:05:37:29 -0500] "POST /forms/lservlet;jsessionid=ac16012b30d684947034d65b4c4e923ce056fbb2be58.e3iSbxaKaheRe3iNc3uNbNmQay1ynknvrkLOlQzNp65In0 HTTP/1.1" 200 2
201.245.192.253 - - [10/Mar/2024:05:37:30 -0500] "POST /forms/lservlet;jsessionid=ac16012b30d65740d95aaed04376ba5bc6200a0659e1.e3iSbxaKaheRe3iNc3uNbNmQay1ynknvrkLOlQzNp65In0 HTTP/1.1" 200 2
172.22.2.4 - - [10/Mar/2024:05:36:22 -0500] "HEAD /BLA/boletinlegal/ HTTP/1.1" 200 -
201.245.192.253 - - [10/Mar/2024:05:38:05 -0500] "POST /kwsrmcab/Wsrmcab  HTTP/1.1" 200 39632
172.22.2.4 - - [10/Mar/2024:05:37:13 -0500] "GET /BLA/boletinlegal/ HTTP/1.1" 200 60380
201.245.192.253 - - [10/Mar/2024:05:39:29 -0500] "POST /forms/lservlet;jsessionid=ac16012b30d684947034d65b4c4e923ce056fbb2be58.e3iSbxaKaheRe3iNc3uNbNmQay1ynknvrkLOlQzNp65In0 HTTP/1.1" 200 2
201.245.192.253 - - [10/Mar/2024:05:39:30 -0500] "POST /forms/lservlet;jsessionid=ac16012b30d65740d95aaed04376ba5bc6200a0659e1.e3iSbxaKaheRe3iNc3uNbNmQay1ynknvrkLOlQzNp65In0 HTTP/1.1" 200 2
201.245.192.253 - - [10/Mar/2024:05:39:53 -0500] "POST /kwsrmcab/Wsrmcab HTTP/1.1" 200 39546
201.245.192.253 - - [10/Mar/2024:05:39:54 -0500] "POST /kwsrmcab/Wsrmcab HTTP/1.1" 200 37289
201.245.192.253 - - [10/Mar/2024:05:40:15 -0500] "POST /kwsrmcab/Wsrmcab HTTP/1.1" 200 39105
201.245.192.253 - - [10/Mar/2024:05:40:53 -0500] "POST /kwsrmcab/Wsrmcab HTTP/1.1" 200 37289
216.245.221.92 - - [10/Mar/2024:05:40:55 -0500] "HEAD / HTTP/1.1" 200 -
201.245.192.253 - - [10/Mar/2024:05:41:29 -0500] "POST /forms/lservlet;jsessionid=ac16012b30d684947034d65b4c4e923ce056fbb2be58.e3iSbxaKaheRe3iNc3uNbNmQay1ynknvrkLOlQzNp65In0 HTTP/1.1" 200 2
201.245.192.253 - - [10/Mar/2024:05:41:30 -0500] "POST /forms/lservlet;jsessionid=ac16012b30d65740d95aaed04376ba5bc6200a0659e1.e3iSbxaKaheRe3iNc3uNbNmQay1ynknvrkLOlQzNp65In0 HTTP/1.1" 200 2
69.171.251.4 - - [10/Mar/2024:05:42:39 -0500] "GET /mas-de-179-individuos-de-aves-fueron-avistados-en-el-global-big-day.html HTTP/1.1" 200 786
201.245.192.253 - - [10/Mar/2024:05:43:03 -0500] "POST /kwsrmcab/Wsrmcab  HTTP/1.1" 200 39632
201.245.192.253 - - [10/Mar/2024:05:43:29 -0500] "POST /forms/lservlet;jsessionid=ac16012b30d684947034d65b4c4e923ce056fbb2be58.e3iSbxaKaheRe3iNc3uNbNmQay1ynknvrkLOlQzNp65In0 HTTP/1.1" 200 2
201.245.192.253 - - [10/Mar/2024:05:43:30 -0500] "POST /forms/lservlet;jsessionid=ac16012b30d65740d95aaed04376ba5bc6200a0659e1.e3iSbxaKaheRe3iNc3uNbNmQay1ynknvrkLOlQzNp65In0 HTTP/1.1" 200 2
172.22.2.4 - - [10/Mar/2024:05:42:12 -0500] "HEAD /BLA/boletinlegal/ HTTP/1.1" 200 -
66.249.79.106 - - [10/Mar/2024:05:44:32 -0500] "GET /Publicaciones/2023EE301424.pdf HTTP/1.1" 404 228
172.22.2.4 - - [10/Mar/2024:05:43:03 -0500] "GET /BLA/boletinlegal/ HTTP/1.1" 200 58273
142.93.155.125 - - [10/Mar/2024:05:45:14 -0500] "GET /wp-login.php HTTP/1.1" 404 1034
201.245.192.253 - - [10/Mar/2024:05:45:29 -0500] "POST /forms/lservlet;jsessionid=ac16012b30d684947034d65b4c4e923ce056fbb2be58.e3iSbxaKaheRe3iNc3uNbNmQay1ynknvrkLOlQzNp65In0 HTTP/1.1" 200 2
201.245.192.253 - - [10/Mar/2024:05:45:30 -0500] "POST /forms/lservlet;jsessionid=ac16012b30d65740d95aaed04376ba5bc6200a0659e1.e3iSbxaKaheRe3iNc3uNbNmQay1ynknvrkLOlQzNp65In0 HTTP/1.1" 200 2
216.245.221.92 - - [10/Mar/2024:05:45:55 -0500] "HEAD / HTTP/1.1" 200 -
216.244.66.195 - - [10/Mar/2024:05:46:16 -0500] "GET /robots.txt HTTP/1.1" 404 1018
201.245.192.253 - - [10/Mar/2024:05:47:29 -0500] "POST /forms/lservlet;jsessionid=ac16012b30d684947034d65b4c4e923ce056fbb2be58.e3iSbxaKaheRe3iNc3uNbNmQay1ynknvrkLOlQzNp65In0 HTTP/1.1" 200 2
201.245.192.253 - - [10/Mar/2024:05:47:30 -0500] "POST /forms/lservlet;jsessionid=ac16012b30d65740d95aaed04376ba5bc6200a0659e1.e3iSbxaKaheRe3iNc3uNbNmQay1ynknvrkLOlQzNp65In0 HTTP/1.1" 200 2
201.245.192.253 - - [10/Mar/2024:05:48:03 -0500] "POST /kwsrmcab/Wsrmcab  HTTP/1.1" 200 39632
66.249.79.104 - - [10/Mar/2024:05:48:10 -0500] "GET /BLA/resoluciones/Notificaciones/RESOLUCIONES%202023/0388.pdf HTTP/1.1" 304 -
66.249.79.105 - - [10/Mar/2024:05:49:10 -0500] "GET /Publicaciones/2024EE42049.pdf HTTP/1.1" 404 227
201.245.192.253 - - [10/Mar/2024:05:49:29 -0500] "POST /forms/lservlet;jsessionid=ac16012b30d684947034d65b4c4e923ce056fbb2be58.e3iSbxaKaheRe3iNc3uNbNmQay1ynknvrkLOlQzNp65In0 HTTP/1.1" 200 2
201.245.192.253 - - [10/Mar/2024:05:49:30 -0500] "POST /forms/lservlet;jsessionid=ac16012b30d65740d95aaed04376ba5bc6200a0659e1.e3iSbxaKaheRe3iNc3uNbNmQay1ynknvrkLOlQzNp65In0 HTTP/1.1" 200 2
172.22.2.4 - - [10/Mar/2024:05:48:02 -0500] "HEAD /BLA/boletinlegal/ HTTP/1.1" 200 -
172.22.2.4 - - [10/Mar/2024:05:48:53 -0500] "GET /BLA/boletinlegal/ HTTP/1.1" 200 53818
216.245.221.92 - - [10/Mar/2024:05:50:55 -0500] "HEAD / HTTP/1.1" 200 -
201.245.192.253 - - [10/Mar/2024:05:51:29 -0500] "POST /forms/lservlet;jsessionid=ac16012b30d684947034d65b4c4e923ce056fbb2be58.e3iSbxaKaheRe3iNc3uNbNmQay1ynknvrkLOlQzNp65In0 HTTP/1.1" 200 2
201.245.192.253 - - [10/Mar/2024:05:51:30 -0500] "POST /forms/lservlet;jsessionid=ac16012b30d65740d95aaed04376ba5bc6200a0659e1.e3iSbxaKaheRe3iNc3uNbNmQay1ynknvrkLOlQzNp65In0 HTTP/1.1" 200 2
207.46.13.111 - - [10/Mar/2024:05:52:08 -0500] "GET /Publicaciones/2023EE313860.pdf HTTP/1.1" 404 228
201.245.192.253 - - [10/Mar/2024:05:53:01 -0500] "POST /kwsrmcab/Wsrmcab  HTTP/1.1" 200 39632
199.16.157.181 - - [10/Mar/2024:05:53:18 -0500] "GET /images/pl%C3%A1sticos%20foto%201..jpg HTTP/1.1" 404 1034
173.252.107.118 - - [10/Mar/2024:05:53:25 -0500] "GET /distrito-declara-alerta-zonal-por-deterioro-de-calidad-de-aire-y-toma-nuevas-decisiones-en-materia-de-movilidad.html HTTP/1.1" 200 860
173.252.107.118 - - [10/Mar/2024:05:53:25 -0500] "GET /distrito-declara-alerta-zonal-por-deterioro-de-calidad-de-aire-y-toma-nuevas-decisiones-en-materia-de-movilidad.html HTTP/1.1" 200 860
173.252.107.4 - - [10/Mar/2024:05:53:25 -0500] "GET /distrito-declara-alerta-zonal-por-deterioro-de-calidad-de-aire-y-toma-nuevas-decisiones-en-materia-de-movilidad.html HTTP/1.1" 200 860
201.245.192.253 - - [10/Mar/2024:05:53:29 -0500] "POST /forms/lservlet;jsessionid=ac16012b30d684947034d65b4c4e923ce056fbb2be58.e3iSbxaKaheRe3iNc3uNbNmQay1ynknvrkLOlQzNp65In0 HTTP/1.1" 200 2
201.245.192.253 - - [10/Mar/2024:05:53:30 -0500] "POST /forms/lservlet;jsessionid=ac16012b30d65740d95aaed04376ba5bc6200a0659e1.e3iSbxaKaheRe3iNc3uNbNmQay1ynknvrkLOlQzNp65In0 HTTP/1.1" 200 2
201.245.192.253 - - [10/Mar/2024:05:55:29 -0500] "POST /forms/lservlet;jsessionid=ac16012b30d684947034d65b4c4e923ce056fbb2be58.e3iSbxaKaheRe3iNc3uNbNmQay1ynknvrkLOlQzNp65In0 HTTP/1.1" 200 2
201.245.192.253 - - [10/Mar/2024:05:55:30 -0500] "POST /forms/lservlet;jsessionid=ac16012b30d65740d95aaed04376ba5bc6200a0659e1.e3iSbxaKaheRe3iNc3uNbNmQay1ynknvrkLOlQzNp65In0 HTTP/1.1" 200 2
172.22.2.4 - - [10/Mar/2024:05:53:52 -0500] "HEAD /BLA/boletinlegal/ HTTP/1.1" 200 -
216.245.221.92 - - [10/Mar/2024:05:55:55 -0500] "HEAD / HTTP/1.1" 200 -
172.22.2.4 - - [10/Mar/2024:05:54:43 -0500] "GET /BLA/boletinlegal/ HTTP/1.1" 200 58273
66.249.79.106 - - [10/Mar/2024:05:57:27 -0500] "GET /BLA/resoluciones/RESOLUCIONES%202007/RES%202007%202101%20AL%202200/RESOLUCION%202148%20DE%202007.pdf HTTP/1.1" 200 181076
201.245.192.253 - - [10/Mar/2024:05:57:29 -0500] "POST /forms/lservlet;jsessionid=ac16012b30d684947034d65b4c4e923ce056fbb2be58.e3iSbxaKaheRe3iNc3uNbNmQay1ynknvrkLOlQzNp65In0 HTTP/1.1" 200 2
201.245.192.253 - - [10/Mar/2024:05:57:30 -0500] "POST /forms/lservlet;jsessionid=ac16012b30d65740d95aaed04376ba5bc6200a0659e1.e3iSbxaKaheRe3iNc3uNbNmQay1ynknvrkLOlQzNp65In0 HTTP/1.1" 200 2
201.245.192.253 - - [10/Mar/2024:05:58:00 -0500] "POST /kwsrmcab/Wsrmcab  HTTP/1.1" 200 39632
201.245.192.253 - - [10/Mar/2024:05:59:29 -0500] "POST /forms/lservlet;jsessionid=ac16012b30d684947034d65b4c4e923ce056fbb2be58.e3iSbxaKaheRe3iNc3uNbNmQay1ynknvrkLOlQzNp65In0 HTTP/1.1" 200 2
201.245.192.253 - - [10/Mar/2024:05:59:30 -0500] "POST /forms/lservlet;jsessionid=ac16012b30d65740d95aaed04376ba5bc6200a0659e1.e3iSbxaKaheRe3iNc3uNbNmQay1ynknvrkLOlQzNp65In0 HTTP/1.1" 200 2
173.252.79.6 - - [10/Mar/2024:05:59:41 -0500] "GET /images/Rmasar%2018%20de%20febrero%20Grupo.jpg HTTP/1.1" 200 68398
216.245.221.92 - - [10/Mar/2024:06:00:55 -0500] "HEAD / HTTP/1.1" 200 -
172.22.2.4 - - [10/Mar/2024:05:59:42 -0500] "HEAD /BLA/boletinlegal/ HTTP/1.1" 200 -
201.245.192.253 - - [10/Mar/2024:06:01:29 -0500] "POST /forms/lservlet;jsessionid=ac16012b30d684947034d65b4c4e923ce056fbb2be58.e3iSbxaKaheRe3iNc3uNbNmQay1ynknvrkLOlQzNp65In0 HTTP/1.1" 200 2
201.245.192.253 - - [10/Mar/2024:06:01:30 -0500] "POST /forms/lservlet;jsessionid=ac16012b30d65740d95aaed04376ba5bc6200a0659e1.e3iSbxaKaheRe3iNc3uNbNmQay1ynknvrkLOlQzNp65In0 HTTP/1.1" 200 2
172.22.2.4 - - [10/Mar/2024:06:00:33 -0500] "GET /BLA/boletinlegal/ HTTP/1.1" 200 58273
201.245.192.253 - - [10/Mar/2024:06:02:58 -0500] "POST /kwsrmcab/Wsrmcab  HTTP/1.1" 200 39632
201.245.192.253 - - [10/Mar/2024:06:03:29 -0500] "POST /forms/lservlet;jsessionid=ac16012b30d684947034d65b4c4e923ce056fbb2be58.e3iSbxaKaheRe3iNc3uNbNmQay1ynknvrkLOlQzNp65In0 HTTP/1.1" 200 2
201.245.192.253 - - [10/Mar/2024:06:03:30 -0500] "POST /forms/lservlet;jsessionid=ac16012b30d65740d95aaed04376ba5bc6200a0659e1.e3iSbxaKaheRe3iNc3uNbNmQay1ynknvrkLOlQzNp65In0 HTTP/1.1" 200 2
193.31.126.229 - - [10/Mar/2024:06:04:37 -0500] "POST /appsia/controlador HTTP/1.1" 200 4799
193.31.126.229 - - [10/Mar/2024:06:04:38 -0500] "GET /wp-admin/plugin-install.php?tab=plugin-information&plugin=header-footer&TB_iframe=true&width=772&height=871 HTTP/1.1" 404 1018
201.245.192.253 - - [10/Mar/2024:06:05:29 -0500] "POST /forms/lservlet;jsessionid=ac16012b30d684947034d65b4c4e923ce056fbb2be58.e3iSbxaKaheRe3iNc3uNbNmQay1ynknvrkLOlQzNp65In0 HTTP/1.1" 200 2
201.245.192.253 - - [10/Mar/2024:06:05:30 -0500] "POST /forms/lservlet;jsessionid=ac16012b30d65740d95aaed04376ba5bc6200a0659e1.e3iSbxaKaheRe3iNc3uNbNmQay1ynknvrkLOlQzNp65In0 HTTP/1.1" 200 2
216.245.221.92 - - [10/Mar/2024:06:05:55 -0500] "HEAD / HTTP/1.1" 200 -
172.22.2.4 - - [10/Mar/2024:06:05:32 -0500] "HEAD /BLA/boletinlegal/ HTTP/1.1" 200 -
172.22.2.4 - - [10/Mar/2024:06:06:33 -0500] "GET /BLA/boletinlegal/ HTTP/1.1" 200 24523
201.245.192.253 - - [10/Mar/2024:06:07:29 -0500] "POST /forms/lservlet;jsessionid=ac16012b30d684947034d65b4c4e923ce056fbb2be58.e3iSbxaKaheRe3iNc3uNbNmQay1ynknvrkLOlQzNp65In0 HTTP/1.1" 200 2
201.245.192.253 - - [10/Mar/2024:06:07:30 -0500] "POST /forms/lservlet;jsessionid=ac16012b30d65740d95aaed04376ba5bc6200a0659e1.e3iSbxaKaheRe3iNc3uNbNmQay1ynknvrkLOlQzNp65In0 HTTP/1.1" 200 2
201.245.192.253 - - [10/Mar/2024:06:07:55 -0500] "POST /kwsrmcab/Wsrmcab  HTTP/1.1" 200 39632
172.22.2.4 - - [10/Mar/2024:06:06:23 -0500] "GET /BLA/boletinlegal/ HTTP/1.1" 200 51986
151.84.243.144 - - [10/Mar/2024:06:08:20 -0500] "GET / HTTP/1.0" 200 319
216.244.66.195 - - [10/Mar/2024:06:08:29 -0500] "GET /BLA/resoluciones/AUTOS%202016/1029.pdf HTTP/1.1" 200 488229
66.249.65.15 - - [10/Mar/2024:06:09:24 -0500] "GET /BLA/resoluciones/RESOLUCIONES%202009/8707.pdf HTTP/1.1" 200 582806
201.245.192.253 - - [10/Mar/2024:06:09:29 -0500] "POST /forms/lservlet;jsessionid=ac16012b30d684947034d65b4c4e923ce056fbb2be58.e3iSbxaKaheRe3iNc3uNbNmQay1ynknvrkLOlQzNp65In0 HTTP/1.1" 200 2
201.245.192.253 - - [10/Mar/2024:06:09:30 -0500] "POST /forms/lservlet;jsessionid=ac16012b30d65740d95aaed04376ba5bc6200a0659e1.e3iSbxaKaheRe3iNc3uNbNmQay1ynknvrkLOlQzNp65In0 HTTP/1.1" 200 2
216.245.221.92 - - [10/Mar/2024:06:10:55 -0500] "HEAD / HTTP/1.1" 200 -
172.22.2.4 - - [10/Mar/2024:06:11:02 -0500] "GET /BLA/boletinlegal/robots.txt HTTP/1.1" 404 1037
172.22.2.4 - - [10/Mar/2024:06:11:02 -0500] "GET /BLA/boletinlegal/Circulares/2022/CIRCULAR%20No.%2000003%20DEL%2007%20DE%20MARZO%20DEL%202022.pdf HTTP/1.1" 304 -
201.245.192.253 - - [10/Mar/2024:06:11:29 -0500] "POST /forms/lservlet;jsessionid=ac16012b30d684947034d65b4c4e923ce056fbb2be58.e3iSbxaKaheRe3iNc3uNbNmQay1ynknvrkLOlQzNp65In0 HTTP/1.1" 200 2
201.245.192.253 - - [10/Mar/2024:06:11:30 -0500] "POST /forms/lservlet;jsessionid=ac16012b30d65740d95aaed04376ba5bc6200a0659e1.e3iSbxaKaheRe3iNc3uNbNmQay1ynknvrkLOlQzNp65In0 HTTP/1.1" 200 2
201.245.192.253 - - [10/Mar/2024:06:12:54 -0500] "POST /kwsrmcab/Wsrmcab  HTTP/1.1" 200 39632
172.22.2.4 - - [10/Mar/2024:06:11:22 -0500] "HEAD /BLA/boletinlegal/ HTTP/1.1" 200 -
201.245.192.253 - - [10/Mar/2024:06:13:29 -0500] "POST /forms/lservlet;jsessionid=ac16012b30d684947034d65b4c4e923ce056fbb2be58.e3iSbxaKaheRe3iNc3uNbNmQay1ynknvrkLOlQzNp65In0 HTTP/1.1" 200 2
201.245.192.253 - - [10/Mar/2024:06:13:30 -0500] "POST /forms/lservlet;jsessionid=ac16012b30d65740d95aaed04376ba5bc6200a0659e1.e3iSbxaKaheRe3iNc3uNbNmQay1ynknvrkLOlQzNp65In0 HTTP/1.1" 200 2
216.244.66.195 - - [10/Mar/2024:06:13:51 -0500] "GET /BLA/resoluciones/AUTOS%202016/0171.pdf HTTP/1.1" 200 524750
172.22.2.4 - - [10/Mar/2024:06:12:13 -0500] "GET /BLA/boletinlegal/ HTTP/1.1" 200 53419
216.244.66.195 - - [10/Mar/2024:06:14:32 -0500] "GET /BLA/resoluciones/AUTOS%202016/0262.pdf HTTP/1.1" 200 702898
216.244.66.195 - - [10/Mar/2024:06:15:02 -0500] "GET /BLA/resoluciones/AUTOS%202016/0445.pdf HTTP/1.1" 200 711624
66.249.79.103 - - [10/Mar/2024:06:15:07 -0500] "GET /portaldeninos/wp-content/uploads/2021/07/Recorrido-Aula-Mirador-de-los-Nevados.mp4 HTTP/1.1" 200 10010971
201.245.192.253 - - [10/Mar/2024:06:15:29 -0500] "POST /forms/lservlet;jsessionid=ac16012b30d684947034d65b4c4e923ce056fbb2be58.e3iSbxaKaheRe3iNc3uNbNmQay1ynknvrkLOlQzNp65In0 HTTP/1.1" 200 2
201.245.192.253 - - [10/Mar/2024:06:15:30 -0500] "POST /forms/lservlet;jsessionid=ac16012b30d65740d95aaed04376ba5bc6200a0659e1.e3iSbxaKaheRe3iNc3uNbNmQay1ynknvrkLOlQzNp65In0 HTTP/1.1" 200 2
216.244.66.195 - - [10/Mar/2024:06:15:36 -0500] "GET /BLA/resoluciones/AUTOS%202016/0732.pdf HTTP/1.1" 200 437949
216.245.221.92 - - [10/Mar/2024:06:15:55 -0500] "HEAD / HTTP/1.1" 200 -
216.244.66.195 - - [10/Mar/2024:06:16:05 -0500] "GET /BLA/resoluciones/AUTOS%202016/1039.pdf HTTP/1.1" 200 479444
66.249.65.15 - - [10/Mar/2024:06:16:19 -0500] "GET /BLA/resoluciones/RESOLUCIONES%202010/6198.pdf HTTP/1.1" 200 665376
216.244.66.195 - - [10/Mar/2024:06:16:32 -0500] "GET /BLA/resoluciones/AUTOS%202016/1274.pdf HTTP/1.1" 200 341704
35.187.98.121 - - [10/Mar/2024:06:17:00 -0500] "GET / HTTP/1.1" 200 319
216.244.66.195 - - [10/Mar/2024:06:17:00 -0500] "GET /BLA/resoluciones/AUTOS%202016/1818.pdf HTTP/1.1" 200 308828
216.244.66.195 - - [10/Mar/2024:06:17:28 -0500] "GET /BLA/resoluciones/AUTOS%202016/1819.pdf HTTP/1.1" 200 538836
201.245.192.253 - - [10/Mar/2024:06:17:29 -0500] "POST /forms/lservlet;jsessionid=ac16012b30d684947034d65b4c4e923ce056fbb2be58.e3iSbxaKaheRe3iNc3uNbNmQay1ynknvrkLOlQzNp65In0 HTTP/1.1" 200 2
201.245.192.253 - - [10/Mar/2024:06:17:30 -0500] "POST /forms/lservlet;jsessionid=ac16012b30d65740d95aaed04376ba5bc6200a0659e1.e3iSbxaKaheRe3iNc3uNbNmQay1ynknvrkLOlQzNp65In0 HTTP/1.1" 200 2
201.245.192.253 - - [10/Mar/2024:06:17:51 -0500] "POST /kwsrmcab/Wsrmcab  HTTP/1.1" 200 39632
216.244.66.195 - - [10/Mar/2024:06:17:53 -0500] "GET /BLA/resoluciones/AUTOS%202016/1936.pdf HTTP/1.1" 200 566111
66.249.65.2 - - [10/Mar/2024:06:18:13 -0500] "GET /BLA/resoluciones/RESOLUCIONES%202009/0598.pdf HTTP/1.1" 200 302659
216.244.66.195 - - [10/Mar/2024:06:18:20 -0500] "GET /BLA/resoluciones/AUTOS%202016/1973.pdf HTTP/1.1" 200 525073
216.244.66.195 - - [10/Mar/2024:06:18:42 -0500] "GET /BLA/resoluciones/AUTOS%202016/2117.pdf HTTP/1.1" 200 340421
172.22.2.4 - - [10/Mar/2024:06:17:12 -0500] "HEAD /BLA/boletinlegal/ HTTP/1.1" 200 -
216.244.66.195 - - [10/Mar/2024:06:19:07 -0500] "GET /BLA/resoluciones/AUTOS%202016/2233.pdf HTTP/1.1" 200 528345
195.228.2.121 - - [10/Mar/2024:06:19:16 -0500] "GET / HTTP/1.0" 200 319
201.245.192.253 - - [10/Mar/2024:06:19:29 -0500] "POST /forms/lservlet;jsessionid=ac16012b30d684947034d65b4c4e923ce056fbb2be58.e3iSbxaKaheRe3iNc3uNbNmQay1ynknvrkLOlQzNp65In0 HTTP/1.1" 200 2
201.245.192.253 - - [10/Mar/2024:06:19:30 -0500] "POST /forms/lservlet;jsessionid=ac16012b30d65740d95aaed04376ba5bc6200a0659e1.e3iSbxaKaheRe3iNc3uNbNmQay1ynknvrkLOlQzNp65In0 HTTP/1.1" 200 2
216.244.66.195 - - [10/Mar/2024:06:19:30 -0500] "GET /BLA/resoluciones/AUTOS%202016/2307.pdf HTTP/1.1" 200 512231
66.249.79.131 - - [10/Mar/2024:06:19:42 -0500] "GET /robots.txt HTTP/1.1" 404 1034
172.22.2.4 - - [10/Mar/2024:06:18:03 -0500] "GET /BLA/boletinlegal/ HTTP/1.1" 200 58273
66.249.79.133 - - [10/Mar/2024:06:19:44 -0500] "GET /conoces-el-indice-bogotano-de-calidad-del-aire-y-riesgo-en-salud-iboca.html HTTP/1.1" 200 805
66.249.65.2 - - [10/Mar/2024:06:19:49 -0500] "GET /BLA/resoluciones/RESOLUCIONES%202009/8325.pdf HTTP/1.1" 200 363380
216.244.66.195 - - [10/Mar/2024:06:19:50 -0500] "GET /BLA/resoluciones/AUTOS%202016/2355.pdf HTTP/1.1" 200 381034
201.245.192.253 - - [10/Mar/2024:06:19:52 -0500] "POST /kwsrmcab/Wsrmcab HTTP/1.1" 200 39399
201.245.192.253 - - [10/Mar/2024:06:19:53 -0500] "POST /kwsrmcab/Wsrmcab HTTP/1.1" 200 213
172.22.2.4 - - [10/Mar/2024:06:20:03 -0500] "GET /BLA/boletinlegal/Circulares/2012/Circular%20No.%2011%20del%2027%20de%20Agosto%20de%202012.pdf HTTP/1.1" 304 -
216.244.66.195 - - [10/Mar/2024:06:20:09 -0500] "GET /BLA/resoluciones/AUTOS%202016/2742.pdf HTTP/1.1" 200 952282
201.245.192.253 - - [10/Mar/2024:06:20:15 -0500] "POST /kwsrmcab/Wsrmcab HTTP/1.1" 200 38944
216.244.66.195 - - [10/Mar/2024:06:20:27 -0500] "GET /BLA/resoluciones/AUTOS%202016/2963.pdf HTTP/1.1" 200 632700
201.245.192.253 - - [10/Mar/2024:06:20:53 -0500] "POST /kwsrmcab/Wsrmcab HTTP/1.1" 200 213
216.245.221.92 - - [10/Mar/2024:06:20:55 -0500] "HEAD / HTTP/1.1" 200 -
216.244.66.195 - - [10/Mar/2024:06:21:09 -0500] "GET /BLA/resoluciones/AUTOS%202016/2992.pdf HTTP/1.1" 200 441434
201.245.192.253 - - [10/Mar/2024:06:21:29 -0500] "POST /forms/lservlet;jsessionid=ac16012b30d684947034d65b4c4e923ce056fbb2be58.e3iSbxaKaheRe3iNc3uNbNmQay1ynknvrkLOlQzNp65In0 HTTP/1.1" 200 2
201.245.192.253 - - [10/Mar/2024:06:21:30 -0500] "POST /forms/lservlet;jsessionid=ac16012b30d65740d95aaed04376ba5bc6200a0659e1.e3iSbxaKaheRe3iNc3uNbNmQay1ynknvrkLOlQzNp65In0 HTTP/1.1" 200 2
216.244.66.195 - - [10/Mar/2024:06:21:47 -0500] "GET /BLA/resoluciones/AUTOS%202016/2995.pdf HTTP/1.1" 200 444932
216.244.66.195 - - [10/Mar/2024:06:22:18 -0500] "GET /BLA/resoluciones/AUTOS%202016/3145.pdf HTTP/1.1" 200 357199
216.244.66.195 - - [10/Mar/2024:06:22:46 -0500] "GET /BLA/resoluciones/AUTOS%202015/3420.pdf HTTP/1.1" 200 592646
201.245.192.253 - - [10/Mar/2024:06:22:49 -0500] "POST /kwsrmcab/Wsrmcab  HTTP/1.1" 200 39632
216.244.66.195 - - [10/Mar/2024:06:23:14 -0500] "GET /BLA/resoluciones/AUTOS%202016/1084.pdf HTTP/1.1" 200 233377
172.22.2.4 - - [10/Mar/2024:06:23:20 -0500] "GET /BLA/boletinlegal/actos.php HTTP/1.1" 200 9738
172.22.2.4 - - [10/Mar/2024:06:23:20 -0500] "GET /BLA/boletinlegal/js/ajax_actos.js HTTP/1.1" 200 1322
172.22.2.4 - - [10/Mar/2024:06:23:20 -0500] "GET /BLA/boletinlegal/styles2.css HTTP/1.1" 200 1838
172.22.2.4 - - [10/Mar/2024:06:23:20 -0500] "GET /BLA/boletinlegal/style.css HTTP/1.1" 200 9406
172.22.2.4 - - [10/Mar/2024:06:23:20 -0500] "GET /BLA/boletinlegal/niceforms-default.css HTTP/1.1" 200 6694
172.22.2.4 - - [10/Mar/2024:06:23:20 -0500] "GET /BLA/boletinlegal/niceforms.js HTTP/1.1" 200 22876
172.22.2.4 - - [10/Mar/2024:06:23:20 -0500] "GET /BLA/boletinlegal/js/jquery1.js HTTP/1.1" 200 29846
172.22.2.4 - - [10/Mar/2024:06:23:20 -0500] "GET /BLA/boletinlegal/images/cabezote%20BLEGAL.jpg HTTP/1.1" 200 118164
172.22.2.4 - - [10/Mar/2024:06:23:20 -0500] "GET /BLA/boletinlegal/js/lib.js HTTP/1.1" 200 6474
172.22.2.4 - - [10/Mar/2024:06:23:20 -0500] "GET /BLA/boletinlegal/js/popup.js HTTP/1.1" 200 1270
172.22.2.4 - - [10/Mar/2024:06:23:20 -0500] "GET /BLA/boletinlegal/images/subscribe-icon-big.png HTTP/1.1" 200 47702
172.22.2.4 - - [10/Mar/2024:06:23:20 -0500] "GET /BLA/boletinlegal/images/historia.png HTTP/1.1" 200 52775
172.22.2.4 - - [10/Mar/2024:06:23:20 -0500] "GET /BLA/boletinlegal/images/registro-usuarios.png HTTP/1.1" 200 8106
172.22.2.4 - - [10/Mar/2024:06:23:20 -0500] "GET /BLA/boletinlegal/images/green-yellow-blue-pink-th.png HTTP/1.1" 200 7394
172.22.2.4 - - [10/Mar/2024:06:23:20 -0500] "GET /BLA/boletinlegal/images/tel.png HTTP/1.1" 200 14477
172.22.2.4 - - [10/Mar/2024:06:23:20 -0500] "GET /BLA/boletinlegal/images/body_bg.jpg HTTP/1.1" 200 1601
172.22.2.4 - - [10/Mar/2024:06:23:20 -0500] "GET /BLA/boletinlegal/images/icono-email.png HTTP/1.1" 200 5544
172.22.2.4 - - [10/Mar/2024:06:23:20 -0500] "GET /BLA/boletinlegal/images/menu_lft.gif HTTP/1.1" 200 1713
172.22.2.4 - - [10/Mar/2024:06:23:20 -0500] "GET /BLA/boletinlegal/images/menu_rght.gif HTTP/1.1" 200 1627
172.22.2.4 - - [10/Mar/2024:06:23:20 -0500] "GET /BLA/boletinlegal/images/text.jpg HTTP/1.1" 200 568
172.22.2.4 - - [10/Mar/2024:06:23:20 -0500] "GET /BLA/boletinlegal/images/hover.jpg HTTP/1.1" 200 640
172.22.2.4 - - [10/Mar/2024:06:23:20 -0500] "GET /BLA/boletinlegal/images/bg_top.jpg HTTP/1.1" 200 522
172.22.2.4 - - [10/Mar/2024:06:23:20 -0500] "GET /BLA/boletinlegal/images/footer_bg.jpg HTTP/1.1" 200 586
172.22.2.4 - - [10/Mar/2024:06:23:20 -0500] "GET /BLA/boletinlegal/images/menu_bg.jpg HTTP/1.1" 200 620
172.22.2.4 - - [10/Mar/2024:06:23:20 -0500] "GET /BLA/boletinlegal/images/footer_bg_l.jpg HTTP/1.1" 200 776
172.22.2.4 - - [10/Mar/2024:06:23:20 -0500] "GET /BLA/boletinlegal/img/0.png HTTP/1.1" 200 110
172.22.2.4 - - [10/Mar/2024:06:23:20 -0500] "GET /BLA/boletinlegal/img/select-left.png HTTP/1.1" 200 263
172.22.2.4 - - [10/Mar/2024:06:23:20 -0500] "GET /BLA/boletinlegal/img/button-left.png HTTP/1.1" 200 57071
172.22.2.4 - - [10/Mar/2024:06:23:20 -0500] "GET /BLA/boletinlegal/img/button.png HTTP/1.1" 200 43241
172.22.2.4 - - [10/Mar/2024:06:23:20 -0500] "GET /BLA/boletinlegal/img/button-right.png HTTP/1.1" 200 57878
172.22.2.4 - - [10/Mar/2024:06:23:20 -0500] "GET /BLA/boletinlegal/img/select-right.png HTTP/1.1" 200 44019
172.22.2.4 - - [10/Mar/2024:06:23:20 -0500] "GET /BLA/boletinlegal/favicon.ico HTTP/1.1" 404 1326
201.245.192.253 - - [10/Mar/2024:06:23:29 -0500] "POST /forms/lservlet;jsessionid=ac16012b30d684947034d65b4c4e923ce056fbb2be58.e3iSbxaKaheRe3iNc3uNbNmQay1ynknvrkLOlQzNp65In0 HTTP/1.1" 200 2
201.245.192.253 - - [10/Mar/2024:06:23:30 -0500] "POST /forms/lservlet;jsessionid=ac16012b30d65740d95aaed04376ba5bc6200a0659e1.e3iSbxaKaheRe3iNc3uNbNmQay1ynknvrkLOlQzNp65In0 HTTP/1.1" 200 2
216.244.66.195 - - [10/Mar/2024:06:23:43 -0500] "GET /BLA/resoluciones/AUTOS%202010/0193.pdf HTTP/1.1" 200 261489
172.22.2.4 - - [10/Mar/2024:06:23:45 -0500] "GET /BLA/boletinlegal/consulta_actos.php?tipo=resoluciones&no=2370&usuario=&sector=SILVICULTURA&fecha=2020&resuelve= HTTP/1.1" 200 626
172.22.2.4 - - [10/Mar/2024:06:23:47 -0500] "GET /BLA/boletinlegal/consulta_actos.php?tipo=resoluciones&no=2370&usuario=&sector=SILVICULTURA&fecha=2020&resuelve= HTTP/1.1" 200 626
216.244.66.195 - - [10/Mar/2024:06:24:13 -0500] "GET /BLA/resoluciones/AUTOS%202010/0556.pdf HTTP/1.1" 200 247007
66.249.65.15 - - [10/Mar/2024:06:24:26 -0500] "GET /BLA/resoluciones/RESOLUCIONES%202008/2836.pdf HTTP/1.1" 200 255474
172.22.2.4 - - [10/Mar/2024:06:23:02 -0500] "HEAD /BLA/boletinlegal/ HTTP/1.1" 200 -
216.244.66.195 - - [10/Mar/2024:06:24:51 -0500] "GET /BLA/resoluciones/AUTOS%202010/0614.pdf HTTP/1.1" 200 153962
216.244.66.195 - - [10/Mar/2024:06:25:21 -0500] "GET /BLA/resoluciones/AUTOS%202010/0804.pdf HTTP/1.1" 200 180565
201.245.192.253 - - [10/Mar/2024:06:25:29 -0500] "POST /forms/lservlet;jsessionid=ac16012b30d684947034d65b4c4e923ce056fbb2be58.e3iSbxaKaheRe3iNc3uNbNmQay1ynknvrkLOlQzNp65In0 HTTP/1.1" 200 2
201.245.192.253 - - [10/Mar/2024:06:25:30 -0500] "POST /forms/lservlet;jsessionid=ac16012b30d65740d95aaed04376ba5bc6200a0659e1.e3iSbxaKaheRe3iNc3uNbNmQay1ynknvrkLOlQzNp65In0 HTTP/1.1" 200 2
172.22.2.4 - - [10/Mar/2024:06:23:53 -0500] "GET /BLA/boletinlegal/ HTTP/1.1" 200 55442
54.221.24.218 - - [10/Mar/2024:06:25:40 -0500] "GET /galeria/galeria/fotos/Jaboque3P.jpg HTTP/1.1" 200 35360
216.244.66.195 - - [10/Mar/2024:06:25:50 -0500] "GET /BLA/resoluciones/AUTOS%202010/1429.pdf HTTP/1.1" 200 167214
216.245.221.92 - - [10/Mar/2024:06:25:55 -0500] "HEAD / HTTP/1.1" 200 -
66.249.65.1 - - [10/Mar/2024:06:25:58 -0500] "GET /BLA/resoluciones/AUTOS%202011/0121.pdf HTTP/1.1" 200 188535
172.22.2.4 - - [10/Mar/2024:06:26:13 -0500] "GET /BLA/boletinlegal/consulta_actos.php?tipo=autos&no=2370&usuario=&sector=SILVICULTURA&fecha=2020&resuelve= HTTP/1.1" 200 626
172.22.2.4 - - [10/Mar/2024:06:26:14 -0500] "GET /BLA/boletinlegal/consulta_actos.php?tipo=autos&no=2370&usuario=&sector=SILVICULTURA&fecha=2020&resuelve= HTTP/1.1" 200 626
216.244.66.195 - - [10/Mar/2024:06:26:20 -0500] "GET /BLA/resoluciones/AUTOS%202010/1483.pdf HTTP/1.1" 200 264191
216.244.66.195 - - [10/Mar/2024:06:26:47 -0500] "GET /BLA/resoluciones/AUTOS%202010/1730.pdf HTTP/1.1" 200 67073
216.244.66.195 - - [10/Mar/2024:06:27:15 -0500] "GET /BLA/resoluciones/AUTOS%202010/1818.pdf HTTP/1.1" 200 281674
201.245.192.253 - - [10/Mar/2024:06:27:29 -0500] "POST /forms/lservlet;jsessionid=ac16012b30d684947034d65b4c4e923ce056fbb2be58.e3iSbxaKaheRe3iNc3uNbNmQay1ynknvrkLOlQzNp65In0 HTTP/1.1" 200 2
201.245.192.253 - - [10/Mar/2024:06:27:30 -0500] "POST /forms/lservlet;jsessionid=ac16012b30d65740d95aaed04376ba5bc6200a0659e1.e3iSbxaKaheRe3iNc3uNbNmQay1ynknvrkLOlQzNp65In0 HTTP/1.1" 200 2
216.244.66.195 - - [10/Mar/2024:06:27:40 -0500] "GET /BLA/resoluciones/AUTOS%202010/3992.pdf HTTP/1.1" 200 6186073
201.245.192.253 - - [10/Mar/2024:06:27:47 -0500] "POST /kwsrmcab/Wsrmcab  HTTP/1.1" 200 39634
216.244.66.195 - - [10/Mar/2024:06:28:27 -0500] "GET /BLA/resoluciones/AUTOS%202010/4821.pdf HTTP/1.1" 200 365934
216.244.66.195 - - [10/Mar/2024:06:28:58 -0500] "GET /BLA/resoluciones/AUTOS%202010/5313.pdf HTTP/1.1" 200 186843
216.244.66.195 - - [10/Mar/2024:06:29:27 -0500] "GET /BLA/resoluciones/AUTOS%202010/5474.pdf HTTP/1.1" 200 374130
201.245.192.253 - - [10/Mar/2024:06:29:29 -0500] "POST /forms/lservlet;jsessionid=ac16012b30d684947034d65b4c4e923ce056fbb2be58.e3iSbxaKaheRe3iNc3uNbNmQay1ynknvrkLOlQzNp65In0 HTTP/1.1" 200 2
201.245.192.253 - - [10/Mar/2024:06:29:30 -0500] "POST /forms/lservlet;jsessionid=ac16012b30d65740d95aaed04376ba5bc6200a0659e1.e3iSbxaKaheRe3iNc3uNbNmQay1ynknvrkLOlQzNp65In0 HTTP/1.1" 200 2
201.245.192.253 - - [10/Mar/2024:06:29:53 -0500] "POST /kwsrmcab/Wsrmcab HTTP/1.1" 200 39399
201.245.192.253 - - [10/Mar/2024:06:29:53 -0500] "POST /kwsrmcab/Wsrmcab HTTP/1.1" 200 37304
216.244.66.195 - - [10/Mar/2024:06:29:56 -0500] "GET /BLA/resoluciones/AUTOS%202010/5521.pdf HTTP/1.1" 200 314754
201.245.192.253 - - [10/Mar/2024:06:30:15 -0500] "POST /kwsrmcab/Wsrmcab HTTP/1.1" 200 38944
172.22.2.4 - - [10/Mar/2024:06:28:52 -0500] "HEAD /BLA/boletinlegal/ HTTP/1.1" 200 -
216.245.221.92 - - [10/Mar/2024:06:30:55 -0500] "HEAD / HTTP/1.1" 200 -
201.245.192.253 - - [10/Mar/2024:06:30:56 -0500] "POST /kwsrmcab/Wsrmcab HTTP/1.1" 200 37304
66.249.65.1 - - [10/Mar/2024:06:31:21 -0500] "GET /BLA/resoluciones/AUTOS%202010/5366.pdf HTTP/1.1" 200 1019678
172.22.2.4 - - [10/Mar/2024:06:29:43 -0500] "GET /BLA/boletinlegal/ HTTP/1.1" 200 53419
201.245.192.253 - - [10/Mar/2024:06:31:30 -0500] "POST /forms/lservlet;jsessionid=ac16012b30d684947034d65b4c4e923ce056fbb2be58.e3iSbxaKaheRe3iNc3uNbNmQay1ynknvrkLOlQzNp65In0 HTTP/1.1" 200 2
201.245.192.253 - - [10/Mar/2024:06:31:30 -0500] "POST /forms/lservlet;jsessionid=ac16012b30d65740d95aaed04376ba5bc6200a0659e1.e3iSbxaKaheRe3iNc3uNbNmQay1ynknvrkLOlQzNp65In0 HTTP/1.1" 200 2
201.245.192.253 - - [10/Mar/2024:06:32:45 -0500] "POST /kwsrmcab/Wsrmcab  HTTP/1.1" 200 39634
66.249.65.1 - - [10/Mar/2024:06:32:57 -0500] "GET /BLA/resoluciones/RESOLUCIONES%202009/0297.pdf HTTP/1.1" 200 465269
201.245.192.253 - - [10/Mar/2024:06:33:30 -0500] "POST /forms/lservlet;jsessionid=ac16012b30d684947034d65b4c4e923ce056fbb2be58.e3iSbxaKaheRe3iNc3uNbNmQay1ynknvrkLOlQzNp65In0 HTTP/1.1" 200 2
201.245.192.253 - - [10/Mar/2024:06:33:30 -0500] "POST /forms/lservlet;jsessionid=ac16012b30d65740d95aaed04376ba5bc6200a0659e1.e3iSbxaKaheRe3iNc3uNbNmQay1ynknvrkLOlQzNp65In0 HTTP/1.1" 200 2
201.245.192.253 - - [10/Mar/2024:06:35:30 -0500] "POST /forms/lservlet;jsessionid=ac16012b30d684947034d65b4c4e923ce056fbb2be58.e3iSbxaKaheRe3iNc3uNbNmQay1ynknvrkLOlQzNp65In0 HTTP/1.1" 200 2
201.245.192.253 - - [10/Mar/2024:06:35:30 -0500] "POST /forms/lservlet;jsessionid=ac16012b30d65740d95aaed04376ba5bc6200a0659e1.e3iSbxaKaheRe3iNc3uNbNmQay1ynknvrkLOlQzNp65In0 HTTP/1.1" 200 2
216.245.221.92 - - [10/Mar/2024:06:35:55 -0500] "HEAD / HTTP/1.1" 200 -
172.22.2.4 - - [10/Mar/2024:06:34:42 -0500] "HEAD /BLA/boletinlegal/ HTTP/1.1" 200 -
181.59.3.135 - - [10/Mar/2024:06:36:58 -0500] "GET /distrito-cierra-preventivamente-los-caminos-de-los-cerros-para-evitar-incendios-forestales.html?fbclid=PAAabJ9MXnlt6qQZQ0t9no72a73dTeAZOF2nF4lSQ-TpvpPHSGfAiiPRBIGl8 HTTP/1.1" 200 982
172.22.2.4 - - [10/Mar/2024:06:35:33 -0500] "GET /BLA/boletinlegal/ HTTP/1.1" 200 53419
201.245.192.253 - - [10/Mar/2024:06:37:30 -0500] "POST /forms/lservlet;jsessionid=ac16012b30d684947034d65b4c4e923ce056fbb2be58.e3iSbxaKaheRe3iNc3uNbNmQay1ynknvrkLOlQzNp65In0 HTTP/1.1" 200 2
201.245.192.253 - - [10/Mar/2024:06:37:30 -0500] "POST /forms/lservlet;jsessionid=ac16012b30d65740d95aaed04376ba5bc6200a0659e1.e3iSbxaKaheRe3iNc3uNbNmQay1ynknvrkLOlQzNp65In0 HTTP/1.1" 200 2
201.245.192.253 - - [10/Mar/2024:06:37:44 -0500] "POST /kwsrmcab/Wsrmcab  HTTP/1.1" 200 39634
66.249.65.15 - - [10/Mar/2024:06:37:53 -0500] "GET /BLA/resoluciones/RESOLUCIONES%202009/6706.pdf HTTP/1.1" 200 541391
172.22.2.4 - - [10/Mar/2024:06:37:52 -0500] "GET /BLA/boletinlegal/ HTTP/1.1" 200 45003
201.245.192.253 - - [10/Mar/2024:06:39:30 -0500] "POST /forms/lservlet;jsessionid=ac16012b30d684947034d65b4c4e923ce056fbb2be58.e3iSbxaKaheRe3iNc3uNbNmQay1ynknvrkLOlQzNp65In0 HTTP/1.1" 200 2
201.245.192.253 - - [10/Mar/2024:06:39:30 -0500] "POST /forms/lservlet;jsessionid=ac16012b30d65740d95aaed04376ba5bc6200a0659e1.e3iSbxaKaheRe3iNc3uNbNmQay1ynknvrkLOlQzNp65In0 HTTP/1.1" 200 2
201.245.192.253 - - [10/Mar/2024:06:39:53 -0500] "POST /kwsrmcab/Wsrmcab HTTP/1.1" 200 39399
201.245.192.253 - - [10/Mar/2024:06:39:53 -0500] "POST /kwsrmcab/Wsrmcab HTTP/1.1" 200 37304
201.245.192.253 - - [10/Mar/2024:06:40:15 -0500] "POST /kwsrmcab/Wsrmcab HTTP/1.1" 200 38944
173.252.107.112 - - [10/Mar/2024:06:40:48 -0500] "GET /alerta-por-calidad-del-aire-distrito-intensifica-operativos-a-industria-y-vehiculos-en-el-suroccidente-de-bogota.html HTTP/1.1" 206 987
173.252.107.120 - - [10/Mar/2024:06:40:48 -0500] "GET /alerta-por-calidad-del-aire-distrito-intensifica-operativos-a-industria-y-vehiculos-en-el-suroccidente-de-bogota.html HTTP/1.1" 206 987
173.252.107.117 - - [10/Mar/2024:06:40:49 -0500] "GET /alerta-por-calidad-del-aire-distrito-intensifica-operativos-a-industria-y-vehiculos-en-el-suroccidente-de-bogota.html HTTP/1.1" 206 987
173.252.107.120 - - [10/Mar/2024:06:40:49 -0500] "GET /alerta-por-calidad-del-aire-distrito-intensifica-operativos-a-industria-y-vehiculos-en-el-suroccidente-de-bogota.html HTTP/1.1" 206 987
173.252.107.111 - - [10/Mar/2024:06:40:49 -0500] "GET /alerta-por-calidad-del-aire-distrito-intensifica-operativos-a-industria-y-vehiculos-en-el-suroccidente-de-bogota.html HTTP/1.1" 200 987
173.252.107.9 - - [10/Mar/2024:06:40:49 -0500] "GET /alerta-por-calidad-del-aire-distrito-intensifica-operativos-a-industria-y-vehiculos-en-el-suroccidente-de-bogota.html HTTP/1.1" 200 987
216.245.221.92 - - [10/Mar/2024:06:40:55 -0500] "HEAD / HTTP/1.1" 200 -
201.245.192.253 - - [10/Mar/2024:06:40:57 -0500] "POST /kwsrmcab/Wsrmcab HTTP/1.1" 200 37304
201.245.192.253 - - [10/Mar/2024:06:41:30 -0500] "POST /forms/lservlet;jsessionid=ac16012b30d684947034d65b4c4e923ce056fbb2be58.e3iSbxaKaheRe3iNc3uNbNmQay1ynknvrkLOlQzNp65In0 HTTP/1.1" 200 2
201.245.192.253 - - [10/Mar/2024:06:41:30 -0500] "POST /forms/lservlet;jsessionid=ac16012b30d65740d95aaed04376ba5bc6200a0659e1.e3iSbxaKaheRe3iNc3uNbNmQay1ynknvrkLOlQzNp65In0 HTTP/1.1" 200 2
66.249.65.15 - - [10/Mar/2024:06:41:50 -0500] "GET /BLA/resoluciones/AUTOS%202012/1055.pdf HTTP/1.1" 200 210353
216.244.66.195 - - [10/Mar/2024:06:42:05 -0500] "GET /robots.txt HTTP/1.1" 404 1018
172.22.2.4 - - [10/Mar/2024:06:40:32 -0500] "HEAD /BLA/boletinlegal/ HTTP/1.1" 200 -
201.245.192.253 - - [10/Mar/2024:06:42:43 -0500] "POST /kwsrmcab/Wsrmcab  HTTP/1.1" 200 39634
172.22.2.4 - - [10/Mar/2024:06:41:23 -0500] "GET /BLA/boletinlegal/ HTTP/1.1" 200 53818
201.245.192.253 - - [10/Mar/2024:06:43:30 -0500] "POST /forms/lservlet;jsessionid=ac16012b30d684947034d65b4c4e923ce056fbb2be58.e3iSbxaKaheRe3iNc3uNbNmQay1ynknvrkLOlQzNp65In0 HTTP/1.1" 200 2
201.245.192.253 - - [10/Mar/2024:06:43:30 -0500] "POST /forms/lservlet;jsessionid=ac16012b30d65740d95aaed04376ba5bc6200a0659e1.e3iSbxaKaheRe3iNc3uNbNmQay1ynknvrkLOlQzNp65In0 HTTP/1.1" 200 2
201.245.192.253 - - [10/Mar/2024:06:45:30 -0500] "POST /forms/lservlet;jsessionid=ac16012b30d684947034d65b4c4e923ce056fbb2be58.e3iSbxaKaheRe3iNc3uNbNmQay1ynknvrkLOlQzNp65In0 HTTP/1.1" 200 2
201.245.192.253 - - [10/Mar/2024:06:45:30 -0500] "POST /forms/lservlet;jsessionid=ac16012b30d65740d95aaed04376ba5bc6200a0659e1.e3iSbxaKaheRe3iNc3uNbNmQay1ynknvrkLOlQzNp65In0 HTTP/1.1" 200 2
216.245.221.92 - - [10/Mar/2024:06:45:55 -0500] "HEAD / HTTP/1.1" 200 -
66.249.65.1 - - [10/Mar/2024:06:46:14 -0500] "GET /resoluciones/RESOLUCIONES%202009/9360.pdf HTTP/1.1" 404 1018
66.249.65.15 - - [10/Mar/2024:06:46:42 -0500] "GET /BLA/resoluciones/AUTOS%202014/4223.pdf HTTP/1.1" 200 312740
66.249.65.1 - - [10/Mar/2024:06:47:06 -0500] "GET /BLA/resoluciones/RESOLUCIONES%202011/6680.pdf HTTP/1.1" 200 4943628
146.19.24.28 - - [10/Mar/2024:06:47:13 -0500] "GET / HTTP/1.1" 200 319
201.245.192.253 - - [10/Mar/2024:06:47:30 -0500] "POST /forms/lservlet;jsessionid=ac16012b30d684947034d65b4c4e923ce056fbb2be58.e3iSbxaKaheRe3iNc3uNbNmQay1ynknvrkLOlQzNp65In0 HTTP/1.1" 200 2
201.245.192.253 - - [10/Mar/2024:06:47:30 -0500] "POST /forms/lservlet;jsessionid=ac16012b30d65740d95aaed04376ba5bc6200a0659e1.e3iSbxaKaheRe3iNc3uNbNmQay1ynknvrkLOlQzNp65In0 HTTP/1.1" 200 2
207.46.13.64 - - [10/Mar/2024:06:47:38 -0500] "GET /BLA/resoluciones/RESOLUCIONES%202022/3872.pdf HTTP/1.1" 304 -
201.245.192.253 - - [10/Mar/2024:06:47:41 -0500] "POST /kwsrmcab/Wsrmcab  HTTP/1.1" 200 39634
172.22.2.4 - - [10/Mar/2024:06:46:22 -0500] "HEAD /BLA/boletinlegal/ HTTP/1.1" 200 -
66.249.65.1 - - [10/Mar/2024:06:48:13 -0500] "GET /Publicaciones/2024EE32040.pdf HTTP/1.1" 404 227
172.22.2.4 - - [10/Mar/2024:06:47:13 -0500] "GET /BLA/boletinlegal/ HTTP/1.1" 200 53818
201.245.192.253 - - [10/Mar/2024:06:49:30 -0500] "POST /forms/lservlet;jsessionid=ac16012b30d684947034d65b4c4e923ce056fbb2be58.e3iSbxaKaheRe3iNc3uNbNmQay1ynknvrkLOlQzNp65In0 HTTP/1.1" 200 2
201.245.192.253 - - [10/Mar/2024:06:49:30 -0500] "POST /forms/lservlet;jsessionid=ac16012b30d65740d95aaed04376ba5bc6200a0659e1.e3iSbxaKaheRe3iNc3uNbNmQay1ynknvrkLOlQzNp65In0 HTTP/1.1" 200 2
216.245.221.92 - - [10/Mar/2024:06:50:55 -0500] "HEAD / HTTP/1.1" 200 -
201.245.192.253 - - [10/Mar/2024:06:51:30 -0500] "POST /forms/lservlet;jsessionid=ac16012b30d684947034d65b4c4e923ce056fbb2be58.e3iSbxaKaheRe3iNc3uNbNmQay1ynknvrkLOlQzNp65In0 HTTP/1.1" 200 2
