201.245.192.253 - - [11/Mar/2024:10:11:22 -0500] "GET /sipse/faces/javax.faces.resource/layout/layout.css?ln=primefaces&v=4.0 HTTP/1.1" 304 -
201.245.192.253 - - [11/Mar/2024:10:11:22 -0500] "GET /sipse/faces/javax.faces.resource/theme.css?ln=primefaces-sipse HTTP/1.1" 304 -
201.245.192.253 - - [11/Mar/2024:10:11:22 -0500] "GET /sipse/faces/javax.faces.resource/primefaces.css?ln=primefaces&v=4.0 HTTP/1.1" 304 -
201.245.192.253 - - [11/Mar/2024:10:11:22 -0500] "GET /sipse/faces/javax.faces.resource/jquery/jquery.js?ln=primefaces&v=4.0 HTTP/1.1" 304 -
201.245.192.253 - - [11/Mar/2024:10:11:22 -0500] "GET /sipse/faces/javax.faces.resource/jquery/jquery-plugins.js?ln=primefaces&v=4.0 HTTP/1.1" 304 -
201.245.192.253 - - [11/Mar/2024:10:11:22 -0500] "GET /sipse/faces/javax.faces.resource/primefaces.js?ln=primefaces&v=4.0 HTTP/1.1" 304 -
201.245.192.253 - - [11/Mar/2024:10:11:22 -0500] "GET /sipse/faces/javax.faces.resource/layout/layout.js?ln=primefaces&v=4.0 HTTP/1.1" 304 -
201.245.192.253 - - [11/Mar/2024:10:11:22 -0500] "GET /sipse/css/imagen/contrasena.png HTTP/1.1" 404 383
201.245.192.253 - - [11/Mar/2024:10:11:22 -0500] "POST /sipse/faces/presentacion/financiero/solicitudProceso/listarSolicitudProceso.xhtml HTTP/1.1" 200 30107
201.245.192.253 - - [11/Mar/2024:10:11:23 -0500] "POST /sipse/faces/presentacion/financiero/solicitudProceso/listarSolicitudProceso.xhtml HTTP/1.1" 200 30107
201.245.192.253 - - [11/Mar/2024:10:11:23 -0500] "POST /sipse/faces/presentacion/financiero/solicitudProceso/listarSolicitudProceso.xhtml HTTP/1.1" 200 30107
201.245.192.253 - - [11/Mar/2024:10:11:24 -0500] "POST /sipse/faces/presentacion/financiero/solicitudProceso/listarSolicitudProceso.xhtml HTTP/1.1" 200 30107
201.245.192.253 - - [11/Mar/2024:10:11:24 -0500] "POST /sipse/faces/presentacion/financiero/solicitudProceso/listarSolicitudProceso.xhtml HTTP/1.1" 200 30107
201.245.192.253 - - [11/Mar/2024:10:11:25 -0500] "POST /sipse/faces/presentacion/financiero/solicitudProceso/listarSolicitudProceso.xhtml HTTP/1.1" 200 30107
172.22.2.4 - - [11/Mar/2024:10:11:26 -0500] "POST /BLA/boletinlegal/admin/actos/ingresar.php HTTP/1.1" 200 7210
201.245.192.253 - - [11/Mar/2024:10:11:26 -0500] "POST /sipse/faces/presentacion/financiero/solicitudProceso/listarSolicitudProceso.xhtml HTTP/1.1" 200 30107
201.245.192.253 - - [11/Mar/2024:10:11:26 -0500] "POST /sipse/faces/presentacion/financiero/solicitudProceso/listarSolicitudProceso.xhtml HTTP/1.1" 200 30107
201.245.192.253 - - [11/Mar/2024:10:11:27 -0500] "POST /sipse/faces/presentacion/financiero/solicitudProceso/listarSolicitudProceso.xhtml HTTP/1.1" 200 30107
172.22.2.4 - - [11/Mar/2024:10:11:28 -0500] "GET /BLA/boletinlegal/actos.php HTTP/1.1" 200 9738
201.245.192.253 - - [11/Mar/2024:10:11:27 -0500] "POST /sipse/faces/presentacion/financiero/solicitudProceso/listarSolicitudProceso.xhtml HTTP/1.1" 200 30107
201.245.192.253 - - [11/Mar/2024:10:11:28 -0500] "POST /sipse/faces/presentacion/financiero/solicitudProceso/listarSolicitudProceso.xhtml HTTP/1.1" 200 30107
201.245.192.253 - - [11/Mar/2024:10:11:29 -0500] "POST /sipse/faces/presentacion/financiero/solicitudProceso/listarSolicitudProceso.xhtml HTTP/1.1" 200 30107
201.245.192.253 - - [11/Mar/2024:10:11:29 -0500] "POST /sipse/faces/presentacion/financiero/solicitudProceso/listarSolicitudProceso.xhtml HTTP/1.1" 200 1392
201.245.192.253 - - [11/Mar/2024:10:11:31 -0500] "POST /sipse/faces/presentacion/financiero/solicitudProceso/listarSolicitudProceso.xhtml HTTP/1.1" 200 1388
201.245.192.253 - - [11/Mar/2024:10:11:32 -0500] "POST /sipse/faces/presentacion/financiero/solicitudProceso/listarSolicitudProceso.xhtml HTTP/1.1" 200 1400
201.245.192.253 - - [11/Mar/2024:10:11:34 -0500] "POST /sipse/faces/presentacion/financiero/solicitudProceso/listarSolicitudProceso.xhtml HTTP/1.1" 200 1388
201.245.192.253 - - [11/Mar/2024:10:11:36 -0500] "POST /forms/lservlet;jsessionid=ac16012b30d684947034d65b4c4e923ce056fbb2be58.e3iSbxaKaheRe3iNc3uNbNmQay1ynknvrkLOlQzNp65In0 HTTP/1.1" 200 2
201.245.192.253 - - [11/Mar/2024:10:11:35 -0500] "POST /sipse/faces/presentacion/financiero/solicitudProceso/listarSolicitudProceso.xhtml HTTP/1.1" 200 1400
201.245.192.253 - - [11/Mar/2024:10:11:37 -0500] "POST /sipse/faces/presentacion/financiero/solicitudProceso/listarSolicitudProceso.xhtml HTTP/1.1" 200 1384
201.245.192.253 - - [11/Mar/2024:10:11:39 -0500] "POST /forms/lservlet;jsessionid=ac16012b30d65740d95aaed04376ba5bc6200a0659e1.e3iSbxaKaheRe3iNc3uNbNmQay1ynknvrkLOlQzNp65In0 HTTP/1.1" 200 2
201.245.192.253 - - [11/Mar/2024:10:11:38 -0500] "POST /sipse/faces/presentacion/financiero/solicitudProceso/listarSolicitudProceso.xhtml HTTP/1.1" 200 1400
201.245.192.253 - - [11/Mar/2024:10:11:40 -0500] "POST /sipse/faces/presentacion/financiero/solicitudProceso/listarSolicitudProceso.xhtml HTTP/1.1" 200 1388
201.245.192.253 - - [11/Mar/2024:10:11:41 -0500] "POST /sipse/faces/presentacion/financiero/solicitudProceso/listarSolicitudProceso.xhtml HTTP/1.1" 200 1400
172.22.2.4 - - [11/Mar/2024:10:11:44 -0500] "GET /BLA/boletinlegal/consulta_actos.php?tipo=resoluciones&no=&usuario=&sector=&fecha=2023&resuelve=sistema%20integrado%20de%20conservaci%F3 HTTP/1.1" 200 626
201.245.192.253 - - [11/Mar/2024:10:11:43 -0500] "POST /sipse/faces/presentacion/financiero/solicitudProceso/listarSolicitudProceso.xhtml HTTP/1.1" 200 1388
201.245.192.253 - - [11/Mar/2024:10:11:45 -0500] "POST /sipse/faces/presentacion/financiero/solicitudProceso/listarSolicitudProceso.xhtml HTTP/1.1" 200 1400
201.245.192.253 - - [11/Mar/2024:10:11:46 -0500] "POST /sipse/faces/presentacion/financiero/solicitudProceso/listarSolicitudProceso.xhtml HTTP/1.1" 200 1384
201.245.192.253 - - [11/Mar/2024:10:11:47 -0500] "POST /sipse/faces/presentacion/financiero/solicitudProceso/listarSolicitudProceso.xhtml HTTP/1.1" 200 1400
172.22.2.4 - - [11/Mar/2024:10:11:48 -0500] "GET /BLA/boletinlegal/consulta_actos.php?tipo=resoluciones&no=&usuario=&sector=&fecha=2022&resuelve=sistema%20integrado%20de%20conservaci%F3 HTTP/1.1" 200 626
172.22.2.4 - - [11/Mar/2024:10:11:49 -0500] "GET /BLA/boletinlegal/consulta_actos.php?tipo=resoluciones&no=&usuario=&sector=&fecha=2022&resuelve=sistema%20integrado%20de%20conservaci%F3 HTTP/1.1" 200 626
172.22.2.4 - - [11/Mar/2024:10:11:49 -0500] "GET /BLA/boletinlegal/consulta_actos.php?tipo=resoluciones&no=&usuario=&sector=&fecha=2022&resuelve=sistema%20integrado%20de%20conservaci%F3 HTTP/1.1" 200 626
186.29.230.22 - - [11/Mar/2024:10:11:50 -0500] "GET /kwssiamovil/sm/des/ldap/au?x=U2FsdGVkX1+VBdn+rtPdY/+81en09sRTSa9hgiUSGPIUtxfHAnBeIO4M8GLBu0IV&y=U2FsdGVkX1/KFgui20hDa/D4DKVfkBBiBKBwZ9lTtxj140w1XfEYFLBVqLvXo7vq HTTP/1.1" 200 31
172.22.2.4 - - [11/Mar/2024:10:11:50 -0500] "GET /BLA/boletinlegal/consulta_actos.php?tipo=resoluciones&no=&usuario=&sector=&fecha=2022&resuelve=sistema%20integrado%20de%20conservaci%F3 HTTP/1.1" 200 626
172.22.2.4 - - [11/Mar/2024:10:11:50 -0500] "GET /BLA/boletinlegal/consulta_actos.php?tipo=resoluciones&no=&usuario=&sector=&fecha=2022&resuelve=sistema%20integrado%20de%20conservaci%F3 HTTP/1.1" 200 626
172.22.2.4 - - [11/Mar/2024:10:11:50 -0500] "GET /BLA/boletinlegal/consulta_actos.php?tipo=resoluciones&no=&usuario=&sector=&fecha=2022&resuelve=sistema%20integrado%20de%20conservaci%F3 HTTP/1.1" 200 626
172.22.2.4 - - [11/Mar/2024:10:11:55 -0500] "GET /BLA/boletinlegal/consulta_actos.php?tipo=resoluciones&no=&usuario=&sector=&fecha=2021&resuelve=sistema%20integrado%20de%20conservaci%F3 HTTP/1.1" 200 626
172.22.2.4 - - [11/Mar/2024:10:11:55 -0500] "GET /BLA/boletinlegal/consulta_actos.php?tipo=resoluciones&no=&usuario=&sector=&fecha=2021&resuelve=sistema%20integrado%20de%20conservaci%F3 HTTP/1.1" 200 626
172.22.2.4 - - [11/Mar/2024:10:11:56 -0500] "GET /BLA/boletinlegal/consulta_actos.php?tipo=resoluciones&no=&usuario=&sector=&fecha=2021&resuelve=sistema%20integrado%20de%20conservaci%F3 HTTP/1.1" 200 626
172.22.2.4 - - [11/Mar/2024:10:11:56 -0500] "GET /BLA/boletinlegal/consulta_actos.php?tipo=resoluciones&no=&usuario=&sector=&fecha=2021&resuelve=sistema%20integrado%20de%20conservaci%F3 HTTP/1.1" 200 626
172.22.2.4 - - [11/Mar/2024:10:11:56 -0500] "GET /BLA/boletinlegal/consulta_actos.php?tipo=resoluciones&no=&usuario=&sector=&fecha=2021&resuelve=sistema%20integrado%20de%20conservaci%F3 HTTP/1.1" 200 626
172.22.2.4 - - [11/Mar/2024:10:11:56 -0500] "GET /BLA/boletinlegal/consulta_actos.php?tipo=resoluciones&no=&usuario=&sector=&fecha=2021&resuelve=sistema%20integrado%20de%20conservaci%F3 HTTP/1.1" 200 626
172.22.2.4 - - [11/Mar/2024:10:11:56 -0500] "GET /BLA/boletinlegal/consulta_actos.php?tipo=resoluciones&no=&usuario=&sector=&fecha=2021&resuelve=sistema%20integrado%20de%20conservaci%F3 HTTP/1.1" 200 626
172.22.2.4 - - [11/Mar/2024:10:11:59 -0500] "GET /BLA/boletinlegal/consulta_actos.php?tipo=resoluciones&no=&usuario=&sector=&fecha=2020&resuelve=sistema%20integrado%20de%20conservaci%F3 HTTP/1.1" 200 626
172.22.2.4 - - [11/Mar/2024:10:11:59 -0500] "GET /BLA/boletinlegal/consulta_actos.php?tipo=resoluciones&no=&usuario=&sector=&fecha=2020&resuelve=sistema%20integrado%20de%20conservaci%F3 HTTP/1.1" 200 626
172.22.2.4 - - [11/Mar/2024:10:12:00 -0500] "GET /BLA/boletinlegal/consulta_actos.php?tipo=resoluciones&no=&usuario=&sector=&fecha=2020&resuelve=sistema%20integrado%20de%20conservaci%F3 HTTP/1.1" 200 626
172.22.2.4 - - [11/Mar/2024:10:12:00 -0500] "GET /BLA/boletinlegal/consulta_actos.php?tipo=resoluciones&no=&usuario=&sector=&fecha=2020&resuelve=sistema%20integrado%20de%20conservaci%F3 HTTP/1.1" 200 626
172.22.2.4 - - [11/Mar/2024:10:12:00 -0500] "GET /BLA/boletinlegal/consulta_actos.php?tipo=resoluciones&no=&usuario=&sector=&fecha=2020&resuelve=sistema%20integrado%20de%20conservaci%F3 HTTP/1.1" 200 626
172.22.2.4 - - [11/Mar/2024:10:12:03 -0500] "GET /BLA/boletinlegal/consulta_actos.php?tipo=resoluciones&no=&usuario=&sector=&fecha=2019&resuelve=sistema%20integrado%20de%20conservaci%F3 HTTP/1.1" 200 626
172.22.2.4 - - [11/Mar/2024:10:12:03 -0500] "GET /BLA/boletinlegal/consulta_actos.php?tipo=resoluciones&no=&usuario=&sector=&fecha=2019&resuelve=sistema%20integrado%20de%20conservaci%F3 HTTP/1.1" 200 626
172.22.2.4 - - [11/Mar/2024:10:12:03 -0500] "GET /BLA/boletinlegal/consulta_actos.php?tipo=resoluciones&no=&usuario=&sector=&fecha=2019&resuelve=sistema%20integrado%20de%20conservaci%F3 HTTP/1.1" 200 626
172.22.2.4 - - [11/Mar/2024:10:12:03 -0500] "GET /BLA/boletinlegal/consulta_actos.php?tipo=resoluciones&no=&usuario=&sector=&fecha=2019&resuelve=sistema%20integrado%20de%20conservaci%F3 HTTP/1.1" 200 626
172.22.2.4 - - [11/Mar/2024:10:12:03 -0500] "GET /BLA/boletinlegal/consulta_actos.php?tipo=resoluciones&no=&usuario=&sector=&fecha=2019&resuelve=sistema%20integrado%20de%20conservaci%F3 HTTP/1.1" 200 626
172.22.2.4 - - [11/Mar/2024:10:12:04 -0500] "GET /BLA/boletinlegal/consulta_actos.php?tipo=resoluciones&no=&usuario=&sector=&fecha=2019&resuelve=sistema%20integrado%20de%20conservaci%F3 HTTP/1.1" 200 626
172.22.2.4 - - [11/Mar/2024:10:12:06 -0500] "GET /BLA/boletinlegal/consulta_actos.php?tipo=resoluciones&no=&usuario=&sector=&fecha=2018&resuelve=sistema%20integrado%20de%20conservaci%F3 HTTP/1.1" 200 626
172.22.2.4 - - [11/Mar/2024:10:12:06 -0500] "GET /BLA/boletinlegal/consulta_actos.php?tipo=resoluciones&no=&usuario=&sector=&fecha=2018&resuelve=sistema%20integrado%20de%20conservaci%F3 HTTP/1.1" 200 626
172.22.2.4 - - [11/Mar/2024:10:12:07 -0500] "GET /BLA/boletinlegal/consulta_actos.php?tipo=resoluciones&no=&usuario=&sector=&fecha=2018&resuelve=sistema%20integrado%20de%20conservaci%F3 HTTP/1.1" 200 626
172.22.2.4 - - [11/Mar/2024:10:12:07 -0500] "GET /BLA/boletinlegal/consulta_actos.php?tipo=resoluciones&no=&usuario=&sector=&fecha=2018&resuelve=sistema%20integrado%20de%20conservaci%F3 HTTP/1.1" 200 626
172.22.2.4 - - [11/Mar/2024:10:12:07 -0500] "GET /BLA/boletinlegal/consulta_actos.php?tipo=resoluciones&no=&usuario=&sector=&fecha=2018&resuelve=sistema%20integrado%20de%20conservaci%F3 HTTP/1.1" 200 626
172.22.2.4 - - [11/Mar/2024:10:11:26 -0500] "GET /BLA/boletinlegal/ HTTP/1.1" 200 24523
186.80.108.8 - - [11/Mar/2024:10:12:08 -0500] "POST /sipse/faces/presentacion/financiero/solicitudProceso/detalleSolicitudProcesoOtrosPagos.xhtml HTTP/1.1" 200 8268
172.22.2.4 - - [11/Mar/2024:10:12:10 -0500] "GET /BLA/boletinlegal/consulta_actos.php?tipo=resoluciones&no=&usuario=&sector=&fecha=2017&resuelve=sistema%20integrado%20de%20conservaci%F3 HTTP/1.1" 200 626
172.22.2.4 - - [11/Mar/2024:10:12:10 -0500] "GET /BLA/boletinlegal/consulta_actos.php?tipo=resoluciones&no=&usuario=&sector=&fecha=2017&resuelve=sistema%20integrado%20de%20conservaci%F3 HTTP/1.1" 200 626
172.22.2.4 - - [11/Mar/2024:10:12:10 -0500] "GET /BLA/boletinlegal/consulta_actos.php?tipo=resoluciones&no=&usuario=&sector=&fecha=2017&resuelve=sistema%20integrado%20de%20conservaci%F3 HTTP/1.1" 200 626
172.22.2.4 - - [11/Mar/2024:10:12:10 -0500] "GET /BLA/boletinlegal/consulta_actos.php?tipo=resoluciones&no=&usuario=&sector=&fecha=2017&resuelve=sistema%20integrado%20de%20conservaci%F3 HTTP/1.1" 200 626
186.80.108.8 - - [11/Mar/2024:10:12:12 -0500] "POST /sipse/faces/presentacion/financiero/solicitudProceso/detalleSolicitudProcesoOtrosPagos.xhtml HTTP/1.1" 200 36806
186.80.108.8 - - [11/Mar/2024:10:12:13 -0500] "GET /sipse/faces/javax.faces.resource/theme.css?ln=primefaces-sipse HTTP/1.1" 304 -
186.80.108.8 - - [11/Mar/2024:10:12:13 -0500] "GET /sipse/faces/javax.faces.resource/layout/layout.css?ln=primefaces&v=4.0 HTTP/1.1" 304 -
186.80.108.8 - - [11/Mar/2024:10:12:13 -0500] "GET /sipse/faces/javax.faces.resource/primefaces.css?ln=primefaces&v=4.0 HTTP/1.1" 304 -
186.80.108.8 - - [11/Mar/2024:10:12:13 -0500] "GET /sipse/faces/javax.faces.resource/jquery/jquery.js?ln=primefaces&v=4.0 HTTP/1.1" 304 -
186.80.108.8 - - [11/Mar/2024:10:12:13 -0500] "GET /sipse/faces/javax.faces.resource/jquery/jquery-plugins.js?ln=primefaces&v=4.0 HTTP/1.1" 304 -
172.22.2.4 - - [11/Mar/2024:10:12:13 -0500] "GET /BLA/boletinlegal/consulta_actos.php?tipo=resoluciones&no=&usuario=&sector=&fecha=2016&resuelve=sistema%20integrado%20de%20conservaci%F3 HTTP/1.1" 200 626
186.80.108.8 - - [11/Mar/2024:10:12:13 -0500] "GET /sipse/faces/javax.faces.resource/primefaces.js?ln=primefaces&v=4.0 HTTP/1.1" 304 -
186.80.108.8 - - [11/Mar/2024:10:12:13 -0500] "GET /sipse/faces/javax.faces.resource/layout/layout.js?ln=primefaces&v=4.0 HTTP/1.1" 304 -
172.22.2.4 - - [11/Mar/2024:10:12:13 -0500] "GET /BLA/boletinlegal/consulta_actos.php?tipo=resoluciones&no=&usuario=&sector=&fecha=2016&resuelve=sistema%20integrado%20de%20conservaci%F3 HTTP/1.1" 200 626
172.22.2.4 - - [11/Mar/2024:10:12:16 -0500] "GET /BLA/boletinlegal/consulta_actos.php?tipo=resoluciones&no=&usuario=&sector=&fecha=2016&resuelve=sistema%20integrado%20de%20conservaci%F3 HTTP/1.1" 200 626
186.29.230.22 - - [11/Mar/2024:10:12:16 -0500] "GET /kwssiamovil/sm/des/ldap/au?x=U2FsdGVkX1+/0EtbTcoDVuujoxWcKf3VSpswcQK1xYjo/Ne435vY/os4COLWGgQe&y=U2FsdGVkX18aICs5cWVT0iAAG/TRtOxzKR0QX2e/+KuZrlH/+3zT3qHSedvPo/Si HTTP/1.1" 200 30
186.29.230.22 - - [11/Mar/2024:10:12:16 -0500] "GET /kwssiamovil/sm/des/acme/s?s=U2FsdGVkX18bJw+as3sCkPL4uIHIqW9Qp7JfW2EfzTX05oQZle/4DMV3PsNCFeFmfWvlOOzVpimUV30vsYUkiPRAi98L6Vt+mYPLfpWaT0U=&u=U2FsdGVkX1/EPABejeGKQonLKxzf6h2GsqNMpzGWgGo=&y=U2FsdGVkX18aICs5cWVT0iAAG/TRtOxzKR0QX2e/+KuZrlH/+3zT3qHSedvPo/Si HTTP/1.1" 200 97
186.29.230.22 - - [11/Mar/2024:10:12:16 -0500] "GET /kwssiamovil/sm/des/acme/s?s=U2FsdGVkX1/gsUeHufxQtSid+oHSzu/LQZGnX2MrTesD/FQGczUSK4zZVymycUwPe5s5mYRplcgYjvrvjn8TP1bw4wmlUoYQB2TmessjiFiQT17/n7AcQXKu1TiFgDQpLQ5pgIeEnnUT7FTyJW3vuMPcVwdsS457E5HvkudTscx47mKhCXZR1QH7dC6OMOj9c+qqsZN3Yfg0QkgZMhET5AiQ0a57yt5mDgr7TsNiZg0Hy2x0YpwxCGZe70DmrTEzfAz2uFTpYVhSpaEjTy9KCiNcxPI3LmDSQ0aNd4VIEguzniGxA/1/3iD1gRdXiYXMsWrQx1sC49mF9zGDRvLEnAOiW0vXe6PuTViMt3YET4a9UjdeMicdlzAtmIen8lQKI1coaay0J4Rpu8AfCVGijSebwFITyIe8xnTkUiFfQw+FGgjW4l4YuaUI5fak2UCyUCHRIKw/H76xm9DOqNZE47KawARJSQ741b58LCcj1rNNwJ6MmhjL3MHolmyZQnw2AxIdhvcax64KNhBA4AM7Kzy+ZeGr1MLpHJdjfe5WXrarOWI9ajJXx/nHaFsaYIGFpZQxb8/TyBJ5LJdLX/uDfkumLGmwN7yC5YMPxxE0tjIKlFcbULDvusRPLBa8mGSGdbAYQQVV61K9UO9OuUkA5LsQL3CSciGut7X1Cp5B6/b87DIpg8wI70Pq/n2ycjQ47Pzu15u+O0b4cdOeHhy6Rk3zIG+0tiwcc6AgBD+VsALlXtZz0SMcwkI8+bzXapvM5mx4KhoLYVvznI1ms5//0NoHXxb4NYiXRytdP2KE+SIExHJY3iDk91/yYVPb4eS/tfN6OEN1PTSQ63s/7+uuH6HeDr/biuCDTxsJGrX6ojVNgiq3Fp88k4rPG1vQL7tpgz/tKC5Y3VibYDPqnhFuZ+6YVsMi1gTz5E3EKYoKU0h4bXVRp+reDFtHkx8YonjjwNlXLzQWR3rCM+7LyC2N3LHqKP0tbqaMXIpdrn884Jh5d9m2zT+xAepeF8PV3U4hSQ0VGr9slDkiLpaw14y0GQHnNmXXORPG9hTi50X4KA+TfLhQ+YQiWNt4fq2gjinYow3m1MHCu/5dyN2dO8XoMHS5bYW6w6+5n4zKMUCsfKiz0IANQrQo1p/wu/OEKP8t5wSSytxvQkF5htO2ugEqQxPvDxvCurqpi8mdwMp/TSZzc1FrGfz86ozSkXu46R1NoFcE3bJlHX35tH1gZ34+EXTqIGWN1d6vHnV29aRLx1lSlbCxWtlz5MPWDZoYHv6ZfX3QXBmjTNGkkKQIRHw9sqfTwGWw1sL3kBAt1ueYRrgsopjfPJ0FzXuroHXAZtVHqpSrkwqqB0xUZhLANNaa3odAOSyLmiXzhMUer7++KXBcZZBH88PSOwwUjJM/vIZ0hl+U+timSqBBbU7eaztlZ5Uj4woez9JFfDhBWE8YSeKot/BTpB27oNmZRtOlvReUviwDpYEJTxplyb2XBFGPdFWgQwHxzWbCwNwwIAffNIdHodLlCaD+Y4cdlyrOBYDsP0nwu0r8oX6dUiC3g0WmcCH11vDvTtidz+JST3xhGdBbWNY7BXnS/5bZn5bS1qK5ArUJYhPe1NnCxDGi8jGmpwqg5Ikm1C5DjrtsaNvGCtx1pkiy3NZXdynywcFuOYFH4qjWDBni+FcDLIMJPXI1gyUsnRdYozHqw6/iLrX+u70n9LQuyvj9JVJElX6E7Gxa9kqNyyIGrNrnXJkBryCerTSfvEymJWhPIuTZONrNUqY=&u=U2FsdGVkX1/EPABejeGKQonLKxzf6h2GsqNMpzGWgGo=&y=U2FsdGVkX18aICs5cWVT0iAAG/TRtOxzKR0QX2e/+KuZrlH/+3zT3qHSedvPo/Si HTTP/1.1" 200 3130
186.29.230.22 - - [11/Mar/2024:10:12:16 -0500] "GET /kwssiamovil/sm/des/acme/s?s=U2FsdGVkX19XQlZoa93ijhqXhueQONEW2FsSDw57ly///o5Qj4CF3qpCmA5avoEh01J/r0loxTSfhf/YSLOzOkg/k+IPAt2vk9RFbXDU1t6bWwpUwov5TSpCZbJDsKJ92IM3/pMNj9XKoUHrTN2+lw==&u=U2FsdGVkX1/EPABejeGKQonLKxzf6h2GsqNMpzGWgGo=&y=U2FsdGVkX18aICs5cWVT0iAAG/TRtOxzKR0QX2e/+KuZrlH/+3zT3qHSedvPo/Si HTTP/1.1" 200 92
186.29.230.22 - - [11/Mar/2024:10:12:16 -0500] "GET /kwssiamovil/sm/des/acme/s?s=U2FsdGVkX19wQT7qdhzlzt2Uvz14Ip55vxl66ZV7JORB6VN6raHnoQl8sic7E6skNXdsKzkJYqeHc5MWMYdNfnHuMGVaKwqwUFmVVUgMHdP0uWw/8+mxp6bGy72Rk9iSj8iBivwXp7a1e3HOlDZWbg==&u=U2FsdGVkX1/EPABejeGKQonLKxzf6h2GsqNMpzGWgGo=&y=U2FsdGVkX18aICs5cWVT0iAAG/TRtOxzKR0QX2e/+KuZrlH/+3zT3qHSedvPo/Si HTTP/1.1" 200 92
186.29.230.22 - - [11/Mar/2024:10:12:17 -0500] "GET /kwssiamovil/sm/des/acme/s?s=U2FsdGVkX1/cg/Nv8FKqT5QjN2w1suBWHjbvMO1RAuV/F4323tu7fojSIndHnkWxjwyznFuIXMhZYOBKm727CIlWAgU1MusZT2cYabEktqybYxxFM1n+yCoOVrR8hQMAO53r7u3KwjbfDmtPOLcPJA==&u=U2FsdGVkX1/EPABejeGKQonLKxzf6h2GsqNMpzGWgGo=&y=U2FsdGVkX18aICs5cWVT0iAAG/TRtOxzKR0QX2e/+KuZrlH/+3zT3qHSedvPo/Si HTTP/1.1" 200 92
172.22.2.4 - - [11/Mar/2024:10:12:17 -0500] "GET /BLA/boletinlegal/consulta_actos.php?tipo=resoluciones&no=&usuario=&sector=&fecha=2015&resuelve=sistema%20integrado%20de%20conservaci%F3 HTTP/1.1" 200 626
172.22.2.4 - - [11/Mar/2024:10:12:17 -0500] "GET /BLA/boletinlegal/consulta_actos.php?tipo=resoluciones&no=&usuario=&sector=&fecha=2015&resuelve=sistema%20integrado%20de%20conservaci%F3 HTTP/1.1" 200 626
186.29.230.22 - - [11/Mar/2024:10:12:17 -0500] "GET /kwssiamovil/sm/des/acme/s?s=U2FsdGVkX1+BWPaA7Zqc84bqJ2MkG1uVOceO8BnjKwGhAti+YG1UTc6Kk89EtEQpG3IAEDuYZ4G0o+t3eBUf7vf7ZlUBuhr1tlePmc85tcZCvH10RBpav2GD0KcAmqV/AugHA1K0J7MWZwtAGfua+g==&u=U2FsdGVkX1/EPABejeGKQonLKxzf6h2GsqNMpzGWgGo=&y=U2FsdGVkX18aICs5cWVT0iAAG/TRtOxzKR0QX2e/+KuZrlH/+3zT3qHSedvPo/Si HTTP/1.1" 200 92
186.80.108.8 - - [11/Mar/2024:10:12:17 -0500] "POST /sipse/faces/presentacion/contratacion/contrato/registroPresupuestal/expedirRP.xhtml HTTP/1.1" 200 2240
172.22.2.4 - - [11/Mar/2024:10:12:17 -0500] "GET /BLA/boletinlegal/consulta_actos.php?tipo=resoluciones&no=&usuario=&sector=&fecha=2015&resuelve=sistema%20integrado%20de%20conservaci%F3 HTTP/1.1" 200 626
186.29.230.22 - - [11/Mar/2024:10:12:17 -0500] "GET /kwssiamovil/sm/des/acme/s?s=U2FsdGVkX18G5lc6FHtzbIHaFdVS3iQFxfYZDCy4yIO6fxSjZH6jxPIFBuvO3nXmrvTTUaqKJN3Gwky5k7ewnOkSrT32XBwcWsegcggKMcmPqX5YL4nJh+nKX/HspibnaA8QX7f5VD2GlghbQgb74Q==&u=U2FsdGVkX1/EPABejeGKQonLKxzf6h2GsqNMpzGWgGo=&y=U2FsdGVkX18aICs5cWVT0iAAG/TRtOxzKR0QX2e/+KuZrlH/+3zT3qHSedvPo/Si HTTP/1.1" 200 92
172.22.2.4 - - [11/Mar/2024:10:12:17 -0500] "GET /BLA/boletinlegal/consulta_actos.php?tipo=resoluciones&no=&usuario=&sector=&fecha=2015&resuelve=sistema%20integrado%20de%20conservaci%F3 HTTP/1.1" 200 626
186.29.230.22 - - [11/Mar/2024:10:12:17 -0500] "GET /kwssiamovil/sm/des/acme/s?s=U2FsdGVkX19/r+n481bnRRse12NZwa5u7RM1446ERu3x5bGY3/YzW1tzw8rc+1+OSkCuNz7G3NcOmXVIw7FdOLwK6emxbJKifqg1cP8aao/n7y+AS+4XW6udx4LmbBkw0AAt08sU6UpEV5v17i4eBG3+RqfWtVUjCTED62TejuA4EDGOhivXmv4w7YAmOlRcHuaXh02Wk+/7qYqyoI+usgbjTy3kY+3+N+ZOI17bq5QwrF9DvOaUhoQB2Wrtxrlm6KlUA/UE9Xqd0HWAz99Ff411tbqmxhz6qEmxBKuVajaGtQElv8Mb/FUxxlfVxhBZlxUlf/nf06smuuPbjORmrPWbD+cFxaxrnJsqyNleU55VBj1ujWsn8xHmVoKAIep7tlXcIvdxZZ5GXNJ2KgJp+H1BywlzsslTpYt8vIU45OHFOXmVSF5Xvk0MEwpW6N40Id0mpYIyKt9XeEdyfqPML3V/hullJKuaRhcSx/8l3/S/u8ZPZs10rjT1O5RcAOEUdtQNqbaa+Ywmqk//aXHKgBgYVTdwd+o06q/BiNJiTXImEbibzjR5I5ESpBW35fPU+EM3jHIA9qnVbuplGjHXRccbv09wAt986DVQ3sztOZ2DY/ebnyMHz7EssK1i1PRQg/UhD4uq6ZW8hwH3mBfaQneVTXFdNJp8kExMcw8Ctyw6tbVPaBrI9D6YCbXr1n2gv4lwcTHLApGUo+J6pC+qjAeGIlTwAM4RLc6lro6daDsYLIrfBdU3Szdwj31zXK8+&u=U2FsdGVkX1/EPABejeGKQonLKxzf6h2GsqNMpzGWgGo=&y=U2FsdGVkX18aICs5cWVT0iAAG/TRtOxzKR0QX2e/+KuZrlH/+3zT3qHSedvPo/Si HTTP/1.1" 200 674
172.22.2.4 - - [11/Mar/2024:10:12:17 -0500] "GET /BLA/boletinlegal/consulta_actos.php?tipo=resoluciones&no=&usuario=&sector=&fecha=2015&resuelve=sistema%20integrado%20de%20conservaci%F3 HTTP/1.1" 200 626
186.29.230.22 - - [11/Mar/2024:10:12:17 -0500] "GET /kwssiamovil/sm/des/cjson/pre?f=2&x=U2FsdGVkX1+/0EtbTcoDVuujoxWcKf3VSpswcQK1xYjo/Ne435vY/os4COLWGgQe HTTP/1.1" 200 36250
186.29.230.22 - - [11/Mar/2024:10:12:17 -0500] "GET /kwssiamovil/sm/des/cjson/pre?f=17&x=U2FsdGVkX1+/0EtbTcoDVuujoxWcKf3VSpswcQK1xYjo/Ne435vY/os4COLWGgQe HTTP/1.1" 200 12113
172.22.2.4 - - [11/Mar/2024:10:12:21 -0500] "GET /BLA/boletinlegal/consulta_actos.php?tipo=resoluciones&no=&usuario=&sector=&fecha=2014&resuelve=sistema%20integrado%20de%20conservaci%F3 HTTP/1.1" 200 626
186.80.108.8 - - [11/Mar/2024:10:12:20 -0500] "POST /sipse/faces/presentacion/contratacion/contrato/registroPresupuestal/expedirRP.xhtml HTTP/1.1" 200 20795
186.80.108.8 - - [11/Mar/2024:10:12:22 -0500] "GET /sipse/faces/javax.faces.resource/primefaces.css?ln=primefaces&v=4.0 HTTP/1.1" 304 -
186.80.108.8 - - [11/Mar/2024:10:12:22 -0500] "GET /sipse/faces/javax.faces.resource/theme.css?ln=primefaces-sipse HTTP/1.1" 304 -
186.80.108.8 - - [11/Mar/2024:10:12:22 -0500] "GET /sipse/faces/javax.faces.resource/layout/layout.css?ln=primefaces&v=4.0 HTTP/1.1" 304 -
186.80.108.8 - - [11/Mar/2024:10:12:22 -0500] "GET /sipse/faces/javax.faces.resource/jquery/jquery.js?ln=primefaces&v=4.0 HTTP/1.1" 304 -
186.80.108.8 - - [11/Mar/2024:10:12:22 -0500] "GET /sipse/faces/javax.faces.resource/jquery/jquery-plugins.js?ln=primefaces&v=4.0 HTTP/1.1" 304 -
186.80.108.8 - - [11/Mar/2024:10:12:22 -0500] "GET /sipse/faces/javax.faces.resource/layout/layout.js?ln=primefaces&v=4.0 HTTP/1.1" 304 -
186.80.108.8 - - [11/Mar/2024:10:12:22 -0500] "GET /sipse/faces/javax.faces.resource/primefaces.js?ln=primefaces&v=4.0 HTTP/1.1" 304 -
172.22.2.4 - - [11/Mar/2024:10:12:22 -0500] "GET /BLA/boletinlegal/consulta_actos.php?tipo=resoluciones&no=&usuario=&sector=&fecha=2014&resuelve=sistema%20integrado%20de%20conservaci%F3 HTTP/1.1" 200 626
172.22.2.4 - - [11/Mar/2024:10:12:22 -0500] "GET /BLA/boletinlegal/consulta_actos.php?tipo=resoluciones&no=&usuario=&sector=&fecha=2014&resuelve=sistema%20integrado%20de%20conservaci%F3 HTTP/1.1" 200 626
172.22.2.4 - - [11/Mar/2024:10:12:22 -0500] "GET /BLA/boletinlegal/consulta_actos.php?tipo=resoluciones&no=&usuario=&sector=&fecha=2014&resuelve=sistema%20integrado%20de%20conservaci%F3 HTTP/1.1" 200 626
172.22.2.4 - - [11/Mar/2024:10:12:22 -0500] "GET /BLA/boletinlegal/consulta_actos.php?tipo=resoluciones&no=&usuario=&sector=&fecha=2014&resuelve=sistema%20integrado%20de%20conservaci%F3 HTTP/1.1" 200 626
186.80.108.8 - - [11/Mar/2024:10:12:22 -0500] "GET /sipse/faces/javax.faces.resource/images/ui-icons_898989_256x240.png?ln=primefaces-aristo HTTP/1.1" 304 -
172.22.2.4 - - [11/Mar/2024:10:12:22 -0500] "GET /BLA/boletinlegal/consulta_actos.php?tipo=resoluciones&no=&usuario=&sector=&fecha=2014&resuelve=sistema%20integrado%20de%20conservaci%F3 HTTP/1.1" 200 626
186.80.108.8 - - [11/Mar/2024:10:12:23 -0500] "POST /sipse/faces/presentacion/contratacion/contrato/registroPresupuestal/consultarActividadesRP.xhtml HTTP/1.1" 200 23002
186.80.108.8 - - [11/Mar/2024:10:12:23 -0500] "GET /sipse/faces/javax.faces.resource/theme.css?ln=primefaces-sipse HTTP/1.1" 304 -
186.80.108.8 - - [11/Mar/2024:10:12:23 -0500] "GET /sipse/faces/javax.faces.resource/primefaces.css?ln=primefaces&v=4.0 HTTP/1.1" 304 -
186.80.108.8 - - [11/Mar/2024:10:12:23 -0500] "GET /sipse/faces/javax.faces.resource/layout/layout.css?ln=primefaces&v=4.0 HTTP/1.1" 304 -
186.80.108.8 - - [11/Mar/2024:10:12:23 -0500] "GET /sipse/faces/javax.faces.resource/jquery/jquery.js?ln=primefaces&v=4.0 HTTP/1.1" 304 -
186.80.108.8 - - [11/Mar/2024:10:12:23 -0500] "GET /sipse/faces/javax.faces.resource/primefaces.js?ln=primefaces&v=4.0 HTTP/1.1" 304 -
186.80.108.8 - - [11/Mar/2024:10:12:23 -0500] "GET /sipse/faces/javax.faces.resource/jquery/jquery-plugins.js?ln=primefaces&v=4.0 HTTP/1.1" 304 -
186.80.108.8 - - [11/Mar/2024:10:12:23 -0500] "GET /sipse/faces/javax.faces.resource/layout/layout.js?ln=primefaces&v=4.0 HTTP/1.1" 304 -
186.29.230.22 - - [11/Mar/2024:10:12:18 -0500] "GET /kwssiamovil/sm/des/cjson/pre?f=19&x=U2FsdGVkX1+/0EtbTcoDVuujoxWcKf3VSpswcQK1xYjo/Ne435vY/os4COLWGgQe HTTP/1.1" 200 66027
186.29.230.22 - - [11/Mar/2024:10:12:17 -0500] "GET /kwssiamovil/sm/des/cjson/pre?f=7&x=U2FsdGVkX1+/0EtbTcoDVuujoxWcKf3VSpswcQK1xYjo/Ne435vY/os4COLWGgQe HTTP/1.1" 200 88604
200.118.16.147 - - [11/Mar/2024:10:12:26 -0500] "GET /sipse/faces/javax.faces.resource/images/ui-bg_flat_0_2d5972_40x100.png?ln=primefaces-aristo HTTP/1.1" 304 -
200.118.16.147 - - [11/Mar/2024:10:12:26 -0500] "POST /sipse/faces/presentacion/financiero/solicitudProceso/consultarSolicitudProceso.xhtml HTTP/1.1" 200 61218
186.80.108.8 - - [11/Mar/2024:10:12:27 -0500] "POST /sipse/faces/presentacion/contratacion/contrato/registroPresupuestal/asociarPresupuestoActividadesRP.xhtml HTTP/1.1" 200 36884
186.80.108.8 - - [11/Mar/2024:10:12:28 -0500] "GET /sipse/faces/javax.faces.resource/primefaces.css?ln=primefaces&v=4.0 HTTP/1.1" 304 -
186.80.108.8 - - [11/Mar/2024:10:12:28 -0500] "GET /sipse/faces/javax.faces.resource/layout/layout.css?ln=primefaces&v=4.0 HTTP/1.1" 304 -
186.80.108.8 - - [11/Mar/2024:10:12:28 -0500] "GET /sipse/faces/javax.faces.resource/theme.css?ln=primefaces-sipse HTTP/1.1" 304 -
200.118.16.147 - - [11/Mar/2024:10:12:28 -0500] "GET /sipse/faces/javax.faces.resource/jquery/jquery.js?ln=primefaces&v=4.0 HTTP/1.1" 304 -
186.80.108.8 - - [11/Mar/2024:10:12:28 -0500] "GET /sipse/faces/javax.faces.resource/jquery/jquery.js?ln=primefaces&v=4.0 HTTP/1.1" 304 -
200.118.16.147 - - [11/Mar/2024:10:12:28 -0500] "GET /sipse/faces/javax.faces.resource/jquery/jquery-plugins.js?ln=primefaces&v=4.0 HTTP/1.1" 304 -
186.80.108.8 - - [11/Mar/2024:10:12:28 -0500] "GET /sipse/faces/javax.faces.resource/jquery/jquery-plugins.js?ln=primefaces&v=4.0 HTTP/1.1" 304 -
200.118.16.147 - - [11/Mar/2024:10:12:28 -0500] "GET /sipse/faces/javax.faces.resource/primefaces.js?ln=primefaces&v=4.0 HTTP/1.1" 304 -
186.80.108.8 - - [11/Mar/2024:10:12:28 -0500] "GET /sipse/faces/javax.faces.resource/primefaces.js?ln=primefaces&v=4.0 HTTP/1.1" 304 -
200.118.16.147 - - [11/Mar/2024:10:12:28 -0500] "GET /sipse/faces/javax.faces.resource/layout/layout.js?ln=primefaces&v=4.0 HTTP/1.1" 304 -
186.80.108.8 - - [11/Mar/2024:10:12:28 -0500] "GET /sipse/faces/javax.faces.resource/layout/layout.js?ln=primefaces&v=4.0 HTTP/1.1" 304 -
200.118.16.147 - - [11/Mar/2024:10:12:28 -0500] "POST /sipse/faces/presentacion/financiero/solicitudProceso/listarSolicitudProceso.xhtml HTTP/1.1" 200 1556
168.119.253.21 - - [11/Mar/2024:10:12:29 -0500] "GET / HTTP/1.1" 200 4720
200.118.16.147 - - [11/Mar/2024:10:12:31 -0500] "POST /sipse/faces/presentacion/financiero/solicitudProceso/listarSolicitudProceso.xhtml HTTP/1.1" 200 5063
186.80.108.8 - - [11/Mar/2024:10:12:31 -0500] "POST /sipse/faces/presentacion/contratacion/contrato/registroPresupuestal/expedirRP.xhtml HTTP/1.1" 200 57665
186.80.108.8 - - [11/Mar/2024:10:12:32 -0500] "GET /sipse/faces/javax.faces.resource/layout/layout.css?ln=primefaces&v=4.0 HTTP/1.1" 304 -
186.80.108.8 - - [11/Mar/2024:10:12:32 -0500] "GET /sipse/faces/javax.faces.resource/theme.css?ln=primefaces-sipse HTTP/1.1" 304 -
186.80.108.8 - - [11/Mar/2024:10:12:32 -0500] "GET /sipse/faces/javax.faces.resource/primefaces.css?ln=primefaces&v=4.0 HTTP/1.1" 304 -
186.80.108.8 - - [11/Mar/2024:10:12:32 -0500] "GET /sipse/faces/javax.faces.resource/fileupload/fileupload.css?ln=primefaces&v=4.0 HTTP/1.1" 304 -
186.80.108.8 - - [11/Mar/2024:10:12:32 -0500] "GET /sipse/faces/javax.faces.resource/jquery/jquery.js?ln=primefaces&v=4.0 HTTP/1.1" 304 -
186.80.108.8 - - [11/Mar/2024:10:12:32 -0500] "GET /sipse/faces/javax.faces.resource/jquery/jquery-plugins.js?ln=primefaces&v=4.0 HTTP/1.1" 304 -
186.80.108.8 - - [11/Mar/2024:10:12:32 -0500] "GET /sipse/faces/javax.faces.resource/primefaces.js?ln=primefaces&v=4.0 HTTP/1.1" 304 -
186.80.108.8 - - [11/Mar/2024:10:12:33 -0500] "GET /sipse/faces/javax.faces.resource/layout/layout.js?ln=primefaces&v=4.0 HTTP/1.1" 304 -
186.80.108.8 - - [11/Mar/2024:10:12:33 -0500] "GET /sipse/faces/javax.faces.resource/fileupload/fileupload.js?ln=primefaces&v=4.0 HTTP/1.1" 304 -
172.22.2.4 - - [11/Mar/2024:10:12:33 -0500] "GET /BLA/boletinlegal/consulta_actos.php?tipo=resoluciones&no=&usuario=&sector=&fecha=2014&resuelve=preservaci%F3n%20digital HTTP/1.1" 200 626
172.22.2.4 - - [11/Mar/2024:10:12:33 -0500] "GET /BLA/boletinlegal/consulta_actos.php?tipo=resoluciones&no=&usuario=&sector=&fecha=2014&resuelve=preservaci%F3n%20digital HTTP/1.1" 200 626
172.22.2.4 - - [11/Mar/2024:10:12:34 -0500] "GET /BLA/boletinlegal/consulta_actos.php?tipo=resoluciones&no=&usuario=&sector=&fecha=2014&resuelve=preservaci%F3n%20digital HTTP/1.1" 200 626
186.80.108.8 - - [11/Mar/2024:10:12:34 -0500] "POST /sipse/faces/presentacion/financiero/solicitudProceso/detalleSolicitudProcesoOtrosPagos.xhtml HTTP/1.1" 200 190
186.80.108.8 - - [11/Mar/2024:10:12:35 -0500] "GET /sipse/faces/presentacion/financiero/solicitudProceso/solicitudProcesoOtrosPagos.xhtml HTTP/1.1" 200 30134
186.80.108.8 - - [11/Mar/2024:10:12:36 -0500] "GET /sipse/faces/javax.faces.resource/theme.css?ln=primefaces-sipse HTTP/1.1" 304 -
186.80.108.8 - - [11/Mar/2024:10:12:36 -0500] "GET /sipse/faces/javax.faces.resource/primefaces.css?ln=primefaces&v=4.0 HTTP/1.1" 304 -
186.80.108.8 - - [11/Mar/2024:10:12:36 -0500] "GET /sipse/faces/javax.faces.resource/layout/layout.css?ln=primefaces&v=4.0 HTTP/1.1" 304 -
186.80.108.8 - - [11/Mar/2024:10:12:36 -0500] "GET /sipse/faces/javax.faces.resource/jquery/jquery.js?ln=primefaces&v=4.0 HTTP/1.1" 304 -
186.80.108.8 - - [11/Mar/2024:10:12:36 -0500] "GET /sipse/faces/javax.faces.resource/jquery/jquery-plugins.js?ln=primefaces&v=4.0 HTTP/1.1" 304 -
186.80.108.8 - - [11/Mar/2024:10:12:36 -0500] "GET /sipse/faces/javax.faces.resource/primefaces.js?ln=primefaces&v=4.0 HTTP/1.1" 304 -
186.80.108.8 - - [11/Mar/2024:10:12:36 -0500] "GET /sipse/faces/javax.faces.resource/layout/layout.js?ln=primefaces&v=4.0 HTTP/1.1" 304 -
172.22.2.4 - - [11/Mar/2024:10:12:37 -0500] "POST /BLA/boletinlegal/admin/actos/ingresar.php HTTP/1.1" 200 7303
172.22.2.4 - - [11/Mar/2024:10:12:38 -0500] "GET /BLA/boletinlegal/consulta_actos.php?tipo=resoluciones&no=&usuario=&sector=&fecha=2015&resuelve=preservaci%F3n%20digital HTTP/1.1" 200 626
172.22.2.4 - - [11/Mar/2024:10:12:38 -0500] "GET /BLA/boletinlegal/consulta_actos.php?tipo=resoluciones&no=&usuario=&sector=&fecha=2015&resuelve=preservaci%F3n%20digital HTTP/1.1" 200 626
200.118.16.147 - - [11/Mar/2024:10:12:33 -0500] "POST /sipse/faces/presentacion/financiero/solicitudProceso/listarSolicitudProceso.xhtml HTTP/1.1" 200 145200
200.118.16.147 - - [11/Mar/2024:10:12:38 -0500] "GET /sipse/faces/javax.faces.resource/jquery/jquery.js?ln=primefaces&v=4.0 HTTP/1.1" 304 -
172.22.2.4 - - [11/Mar/2024:10:12:38 -0500] "GET /BLA/boletinlegal/consulta_actos.php?tipo=resoluciones&no=&usuario=&sector=&fecha=2015&resuelve=preservaci%F3n%20digital HTTP/1.1" 200 626
200.118.16.147 - - [11/Mar/2024:10:12:38 -0500] "GET /sipse/faces/javax.faces.resource/jquery/jquery-plugins.js?ln=primefaces&v=4.0 HTTP/1.1" 304 -
200.118.16.147 - - [11/Mar/2024:10:12:38 -0500] "GET /sipse/faces/javax.faces.resource/primefaces.js?ln=primefaces&v=4.0 HTTP/1.1" 304 -
200.118.16.147 - - [11/Mar/2024:10:12:38 -0500] "GET /sipse/faces/javax.faces.resource/layout/layout.js?ln=primefaces&v=4.0 HTTP/1.1" 304 -
172.22.2.4 - - [11/Mar/2024:10:12:38 -0500] "GET /BLA/boletinlegal/consulta_actos.php?tipo=resoluciones&no=&usuario=&sector=&fecha=2015&resuelve=preservaci%F3n%20digital HTTP/1.1" 200 626
172.22.2.4 - - [11/Mar/2024:10:12:41 -0500] "GET /BLA/boletinlegal/consulta_actos.php?tipo=resoluciones&no=&usuario=&sector=&fecha=2016&resuelve=preservaci%F3n%20digital HTTP/1.1" 200 626
172.22.2.4 - - [11/Mar/2024:10:12:41 -0500] "GET /BLA/boletinlegal/consulta_actos.php?tipo=resoluciones&no=&usuario=&sector=&fecha=2016&resuelve=preservaci%F3n%20digital HTTP/1.1" 200 626
172.22.2.4 - - [11/Mar/2024:10:12:41 -0500] "GET /BLA/boletinlegal/consulta_actos.php?tipo=resoluciones&no=&usuario=&sector=&fecha=2016&resuelve=preservaci%F3n%20digital HTTP/1.1" 200 626
172.22.2.4 - - [11/Mar/2024:10:12:41 -0500] "GET /BLA/boletinlegal/consulta_actos.php?tipo=resoluciones&no=&usuario=&sector=&fecha=2016&resuelve=preservaci%F3n%20digital HTTP/1.1" 200 626
172.22.2.4 - - [11/Mar/2024:10:12:43 -0500] "GET /BLA/boletinlegal/consulta_actos.php?tipo=resoluciones&no=&usuario=&sector=&fecha=2017&resuelve=preservaci%F3n%20digital HTTP/1.1" 200 626
172.22.2.4 - - [11/Mar/2024:10:12:44 -0500] "GET /BLA/boletinlegal/consulta_actos.php?tipo=resoluciones&no=&usuario=&sector=&fecha=2017&resuelve=preservaci%F3n%20digital HTTP/1.1" 200 626
172.22.2.4 - - [11/Mar/2024:10:12:44 -0500] "GET /BLA/boletinlegal/consulta_actos.php?tipo=resoluciones&no=&usuario=&sector=&fecha=2017&resuelve=preservaci%F3n%20digital HTTP/1.1" 200 626
201.245.192.253 - - [11/Mar/2024:10:12:45 -0500] "POST /kwsrmcab/Wsrmcab  HTTP/1.1" 200 39632
172.22.2.4 - - [11/Mar/2024:10:12:46 -0500] "GET /BLA/boletinlegal/consulta_actos.php?tipo=resoluciones&no=&usuario=&sector=&fecha=2018&resuelve=preservaci%F3n%20digital HTTP/1.1" 200 626
200.118.16.147 - - [11/Mar/2024:10:12:47 -0500] "GET /sipse/faces/javax.faces.resource/theme.css?ln=primefaces-sipse HTTP/1.1" 304 -
200.118.16.147 - - [11/Mar/2024:10:12:47 -0500] "GET /sipse/faces/javax.faces.resource/primefaces.css?ln=primefaces&v=4.0 HTTP/1.1" 304 -
200.118.16.147 - - [11/Mar/2024:10:12:47 -0500] "GET /sipse/faces/javax.faces.resource/layout/layout.css?ln=primefaces&v=4.0 HTTP/1.1" 304 -
200.118.16.147 - - [11/Mar/2024:10:12:47 -0500] "GET /sipse/faces/javax.faces.resource/jquery/jquery.js?ln=primefaces&v=4.0 HTTP/1.1" 304 -
172.22.2.4 - - [11/Mar/2024:10:12:47 -0500] "GET /BLA/boletinlegal/consulta_actos.php?tipo=resoluciones&no=&usuario=&sector=&fecha=2018&resuelve=preservaci%F3n%20digital HTTP/1.1" 200 626
200.118.16.147 - - [11/Mar/2024:10:12:47 -0500] "GET /sipse/faces/javax.faces.resource/jquery/jquery-plugins.js?ln=primefaces&v=4.0 HTTP/1.1" 304 -
200.118.16.147 - - [11/Mar/2024:10:12:47 -0500] "GET /sipse/faces/javax.faces.resource/primefaces.js?ln=primefaces&v=4.0 HTTP/1.1" 304 -
200.118.16.147 - - [11/Mar/2024:10:12:41 -0500] "POST /sipse/faces/presentacion/financiero/solicitudProceso/consultarSolicitudProceso.xhtml HTTP/1.1" 200 39839
200.118.16.147 - - [11/Mar/2024:10:12:47 -0500] "GET /sipse/faces/javax.faces.resource/layout/layout.js?ln=primefaces&v=4.0 HTTP/1.1" 304 -
172.22.2.4 - - [11/Mar/2024:10:12:47 -0500] "GET /BLA/boletinlegal/consulta_actos.php?tipo=resoluciones&no=&usuario=&sector=&fecha=2018&resuelve=preservaci%F3n%20digital HTTP/1.1" 200 626
200.118.16.147 - - [11/Mar/2024:10:12:47 -0500] "GET /sipse/faces/javax.faces.resource/images/ui-icons_898989_256x240.png?ln=primefaces-aristo HTTP/1.1" 304 -
172.22.2.4 - - [11/Mar/2024:10:12:47 -0500] "GET /BLA/boletinlegal/consulta_actos.php?tipo=resoluciones&no=&usuario=&sector=&fecha=2018&resuelve=preservaci%F3n%20digital HTTP/1.1" 200 626
172.22.2.4 - - [11/Mar/2024:10:12:50 -0500] "GET /BLA/boletinlegal/consulta_actos.php?tipo=resoluciones&no=&usuario=&sector=&fecha=2019&resuelve=preservaci%F3n%20digital HTTP/1.1" 200 626
172.22.2.4 - - [11/Mar/2024:10:12:50 -0500] "GET /BLA/boletinlegal/consulta_actos.php?tipo=resoluciones&no=&usuario=&sector=&fecha=2019&resuelve=preservaci%F3n%20digital HTTP/1.1" 200 626
172.22.2.4 - - [11/Mar/2024:10:12:50 -0500] "GET /BLA/boletinlegal/consulta_actos.php?tipo=resoluciones&no=&usuario=&sector=&fecha=2019&resuelve=preservaci%F3n%20digital HTTP/1.1" 200 626
172.22.2.4 - - [11/Mar/2024:10:12:50 -0500] "GET /BLA/boletinlegal/consulta_actos.php?tipo=resoluciones&no=&usuario=&sector=&fecha=2019&resuelve=preservaci%F3n%20digital HTTP/1.1" 200 626
172.22.2.4 - - [11/Mar/2024:10:12:50 -0500] "GET /BLA/boletinlegal/consulta_actos.php?tipo=resoluciones&no=&usuario=&sector=&fecha=2019&resuelve=preservaci%F3n%20digital HTTP/1.1" 200 626
172.22.2.4 - - [11/Mar/2024:10:12:51 -0500] "GET /BLA/boletinlegal/styles2.css HTTP/1.1" 200 1838
172.22.2.4 - - [11/Mar/2024:10:12:51 -0500] "GET /BLA/boletinlegal/js/jquery.js HTTP/1.1" 200 57254
172.22.2.4 - - [11/Mar/2024:10:12:51 -0500] "GET /BLA/boletinlegal/style.css HTTP/1.1" 200 9406
172.22.2.4 - - [11/Mar/2024:10:12:51 -0500] "GET /BLA/boletinlegal/js/jquery.scrollTo-min.js HTTP/1.1" 200 1150
172.22.2.4 - - [11/Mar/2024:10:12:51 -0500] "GET /BLA/boletinlegal/js/jquery.scrollShow.js HTTP/1.1" 200 4586
172.22.2.4 - - [11/Mar/2024:10:12:51 -0500] "GET /BLA/boletinlegal/images/cabezote%20BLEGAL.jpg HTTP/1.1" 200 118164
172.22.2.4 - - [11/Mar/2024:10:12:51 -0500] "GET /BLA/boletinlegal/images/screen_1.png HTTP/1.1" 200 202547
172.22.2.4 - - [11/Mar/2024:10:12:53 -0500] "GET /BLA/boletinlegal/consulta_actos.php?tipo=resoluciones&no=&usuario=&sector=&fecha=2020&resuelve=preservaci%F3n%20digital HTTP/1.1" 200 626
172.22.2.4 - - [11/Mar/2024:10:12:54 -0500] "GET /BLA/boletinlegal/consulta_actos.php?tipo=resoluciones&no=&usuario=&sector=&fecha=2020&resuelve=preservaci%F3n%20digital HTTP/1.1" 200 626
172.22.2.4 - - [11/Mar/2024:10:12:54 -0500] "GET /BLA/boletinlegal/consulta_actos.php?tipo=resoluciones&no=&usuario=&sector=&fecha=2020&resuelve=preservaci%F3n%20digital HTTP/1.1" 200 626
172.22.2.4 - - [11/Mar/2024:10:12:54 -0500] "GET /BLA/boletinlegal/consulta_actos.php?tipo=resoluciones&no=&usuario=&sector=&fecha=2020&resuelve=preservaci%F3n%20digital HTTP/1.1" 200 626
172.22.2.4 - - [11/Mar/2024:10:12:56 -0500] "GET /BLA/boletinlegal/consulta_actos.php?tipo=resoluciones&no=&usuario=&sector=&fecha=2021&resuelve=preservaci%F3n%20digital HTTP/1.1" 200 626
172.22.2.4 - - [11/Mar/2024:10:12:57 -0500] "GET /BLA/boletinlegal/consulta_actos.php?tipo=resoluciones&no=&usuario=&sector=&fecha=2021&resuelve=preservaci%F3n%20digital HTTP/1.1" 200 626
172.22.2.4 - - [11/Mar/2024:10:12:57 -0500] "GET /BLA/boletinlegal/consulta_actos.php?tipo=resoluciones&no=&usuario=&sector=&fecha=2021&resuelve=preservaci%F3n%20digital HTTP/1.1" 200 626
172.22.2.4 - - [11/Mar/2024:10:12:57 -0500] "GET /BLA/boletinlegal/consulta_actos.php?tipo=resoluciones&no=&usuario=&sector=&fecha=2021&resuelve=preservaci%F3n%20digital HTTP/1.1" 200 626
172.22.2.4 - - [11/Mar/2024:10:11:18 -0500] "HEAD /BLA/boletinlegal/ HTTP/1.1" 200 -
186.29.230.22 - - [11/Mar/2024:10:13:05 -0500] "GET /kwssiamovil/sm/des/cjson/pre?f=9&x=U2FsdGVkX19vpnVF0nGKqtyvKUUNkEhKq88669L91bXFJyEn1vsy1xIOXVn/GyYw HTTP/1.1" 200 23812
201.245.192.253 - - [11/Mar/2024:10:13:15 -0500] "GET /sipse/faces/javax.faces.resource/fileupload/fileupload.css?ln=primefaces&v=4.0 HTTP/1.1" 304 -
201.245.192.253 - - [11/Mar/2024:10:13:15 -0500] "GET /sipse/faces/javax.faces.resource/theme.css?ln=primefaces-sipse HTTP/1.1" 304 -
201.245.192.253 - - [11/Mar/2024:10:13:15 -0500] "GET /sipse/faces/javax.faces.resource/primefaces.css?ln=primefaces&v=4.0 HTTP/1.1" 304 -
201.245.192.253 - - [11/Mar/2024:10:13:15 -0500] "GET /sipse/faces/javax.faces.resource/layout/layout.css?ln=primefaces&v=4.0 HTTP/1.1" 304 -
201.245.192.253 - - [11/Mar/2024:10:13:15 -0500] "GET /sipse/faces/javax.faces.resource/jquery/jquery-plugins.js?ln=primefaces&v=4.0 HTTP/1.1" 304 -
201.245.192.253 - - [11/Mar/2024:10:13:15 -0500] "GET /sipse/faces/javax.faces.resource/jquery/jquery.js?ln=primefaces&v=4.0 HTTP/1.1" 304 -
201.245.192.253 - - [11/Mar/2024:10:13:15 -0500] "GET /sipse/faces/javax.faces.resource/primefaces.js?ln=primefaces&v=4.0 HTTP/1.1" 304 -
201.245.192.253 - - [11/Mar/2024:10:13:15 -0500] "GET /sipse/faces/javax.faces.resource/layout/layout.js?ln=primefaces&v=4.0 HTTP/1.1" 304 -
201.245.192.253 - - [11/Mar/2024:10:13:15 -0500] "GET /sipse/faces/javax.faces.resource/fileupload/fileupload.js?ln=primefaces&v=4.0 HTTP/1.1" 304 -
201.245.192.253 - - [11/Mar/2024:10:13:14 -0500] "POST /sipse/faces/presentacion/financiero/solicitudProceso/consultarSolicitudProceso.xhtml HTTP/1.1" 200 21239
186.85.212.95 - - [11/Mar/2024:10:13:20 -0500] "GET /sipse/faces/javax.faces.resource/primefaces.css?ln=primefaces&v=4.0 HTTP/1.1" 304 -
186.85.212.95 - - [11/Mar/2024:10:13:20 -0500] "GET /sipse/faces/javax.faces.resource/theme.css?ln=primefaces-sipse HTTP/1.1" 304 -
186.85.212.95 - - [11/Mar/2024:10:13:20 -0500] "GET /sipse/faces/javax.faces.resource/layout/layout.css?ln=primefaces&v=4.0 HTTP/1.1" 304 -
186.85.212.95 - - [11/Mar/2024:10:13:20 -0500] "GET /sipse/faces/javax.faces.resource/jquery/jquery.js?ln=primefaces&v=4.0 HTTP/1.1" 304 -
186.85.212.95 - - [11/Mar/2024:10:13:20 -0500] "GET /sipse/faces/javax.faces.resource/jquery/jquery-plugins.js?ln=primefaces&v=4.0 HTTP/1.1" 304 -
186.85.212.95 - - [11/Mar/2024:10:13:20 -0500] "GET /sipse/faces/javax.faces.resource/primefaces.js?ln=primefaces&v=4.0 HTTP/1.1" 304 -
186.85.212.95 - - [11/Mar/2024:10:13:20 -0500] "GET /sipse/faces/javax.faces.resource/layout/layout.js?ln=primefaces&v=4.0 HTTP/1.1" 304 -
186.85.212.95 - - [11/Mar/2024:10:13:20 -0500] "GET /sipse/css/imagen/contrasena.png HTTP/1.1" 404 383
186.85.212.95 - - [11/Mar/2024:10:13:20 -0500] "GET /sipse/faces/javax.faces.resource/images/ui-icons_898989_256x240.png?ln=primefaces-aristo HTTP/1.1" 304 -
186.85.212.95 - - [11/Mar/2024:10:13:18 -0500] "POST /sipse/faces/presentacion/financiero/solicitudProceso/consultarHistorialSolProceso.xhtml HTTP/1.1" 200 190951
186.29.230.22 - - [11/Mar/2024:10:13:18 -0500] "GET /kwssiamovil/sm/des/cjson/pre?f=7&x=U2FsdGVkX19vpnVF0nGKqtyvKUUNkEhKq88669L91bXFJyEn1vsy1xIOXVn/GyYw HTTP/1.1" 200 88604
172.22.2.4 - - [11/Mar/2024:10:12:46 -0500] "GET /BLA/boletinlegal/ HTTP/1.1" 200 24523
186.85.212.95 - - [11/Mar/2024:10:13:33 -0500] "GET /sipse/faces/javax.faces.resource/theme.css?ln=primefaces-sipse HTTP/1.1" 304 -
186.85.212.95 - - [11/Mar/2024:10:13:30 -0500] "POST /sipse/faces/presentacion/financiero/solicitudProceso/consultarSolicitudProceso.xhtml HTTP/1.1" 200 40680
186.85.212.95 - - [11/Mar/2024:10:13:33 -0500] "GET /sipse/faces/javax.faces.resource/layout/layout.css?ln=primefaces&v=4.0 HTTP/1.1" 304 -
186.85.212.95 - - [11/Mar/2024:10:13:33 -0500] "GET /sipse/faces/javax.faces.resource/primefaces.css?ln=primefaces&v=4.0 HTTP/1.1" 304 -
186.85.212.95 - - [11/Mar/2024:10:13:33 -0500] "GET /sipse/faces/javax.faces.resource/jquery/jquery.js?ln=primefaces&v=4.0 HTTP/1.1" 304 -
186.85.212.95 - - [11/Mar/2024:10:13:33 -0500] "GET /sipse/faces/javax.faces.resource/jquery/jquery-plugins.js?ln=primefaces&v=4.0 HTTP/1.1" 304 -
186.85.212.95 - - [11/Mar/2024:10:13:33 -0500] "GET /sipse/faces/javax.faces.resource/primefaces.js?ln=primefaces&v=4.0 HTTP/1.1" 304 -
186.85.212.95 - - [11/Mar/2024:10:13:33 -0500] "GET /sipse/faces/javax.faces.resource/layout/layout.js?ln=primefaces&v=4.0 HTTP/1.1" 304 -
201.245.192.253 - - [11/Mar/2024:10:13:36 -0500] "POST /forms/lservlet;jsessionid=ac16012b30d684947034d65b4c4e923ce056fbb2be58.e3iSbxaKaheRe3iNc3uNbNmQay1ynknvrkLOlQzNp65In0 HTTP/1.1" 200 2
201.245.192.253 - - [11/Mar/2024:10:13:39 -0500] "POST /forms/lservlet;jsessionid=ac16012b30d65740d95aaed04376ba5bc6200a0659e1.e3iSbxaKaheRe3iNc3uNbNmQay1ynknvrkLOlQzNp65In0 HTTP/1.1" 200 2
172.22.2.4 - - [11/Mar/2024:10:12:09 -0500] "GET /BLA/boletinlegal/ HTTP/1.1" 200 54300
172.22.2.4 - - [11/Mar/2024:10:13:50 -0500] "GET /BLA/boletinlegal/consulta_actos.php?tipo=resoluciones&no=&usuario=&sector=&fecha=2021&resuelve=preservaci%F3n%20digital HTTP/1.1" 200 626
172.22.2.4 - - [11/Mar/2024:10:13:51 -0500] "GET /BLA/boletinlegal/consulta_actos.php?tipo=resoluciones&no=&usuario=&sector=&fecha=2021&resuelve=preservaci%F3n%20digital HTTP/1.1" 200 626
40.77.167.254 - - [11/Mar/2024:10:13:53 -0500] "GET /es/historial-de-noticias HTTP/1.1" 404 1034
172.22.2.4 - - [11/Mar/2024:10:13:53 -0500] "POST /BLA/boletinlegal/admin/actos/ingresar.php HTTP/1.1" 200 7303
172.22.2.4 - - [11/Mar/2024:10:13:56 -0500] "GET /BLA/boletinlegal/consulta_actos.php?tipo=resoluciones&no=&usuario=&sector=&fecha=2022&resuelve=preservaci%F3n%20digital HTTP/1.1" 200 626
172.22.2.4 - - [11/Mar/2024:10:13:56 -0500] "GET /BLA/boletinlegal/consulta_actos.php?tipo=resoluciones&no=&usuario=&sector=&fecha=2022&resuelve=preservaci%F3n%20digital HTTP/1.1" 200 626
172.22.2.4 - - [11/Mar/2024:10:13:56 -0500] "GET /BLA/boletinlegal/consulta_actos.php?tipo=resoluciones&no=&usuario=&sector=&fecha=2022&resuelve=preservaci%F3n%20digital HTTP/1.1" 200 626
172.22.2.4 - - [11/Mar/2024:10:13:56 -0500] "GET /BLA/boletinlegal/consulta_actos.php?tipo=resoluciones&no=&usuario=&sector=&fecha=2022&resuelve=preservaci%F3n%20digital HTTP/1.1" 200 626
172.22.2.4 - - [11/Mar/2024:10:13:59 -0500] "GET /BLA/boletinlegal/consulta_actos.php?tipo=resoluciones&no=&usuario=&sector=&fecha=2023&resuelve=preservaci%F3n%20digital HTTP/1.1" 200 626
172.22.2.4 - - [11/Mar/2024:10:13:59 -0500] "GET /BLA/boletinlegal/consulta_actos.php?tipo=resoluciones&no=&usuario=&sector=&fecha=2023&resuelve=preservaci%F3n%20digital HTTP/1.1" 200 626
172.22.2.4 - - [11/Mar/2024:10:13:59 -0500] "GET /BLA/boletinlegal/consulta_actos.php?tipo=resoluciones&no=&usuario=&sector=&fecha=2023&resuelve=preservaci%F3n%20digital HTTP/1.1" 200 626
172.22.2.4 - - [11/Mar/2024:10:14:03 -0500] "GET /BLA/boletinlegal/consulta_actos.php?tipo=resoluciones&no=&usuario=&sector=&fecha=2024&resuelve=preservaci%F3n%20digital HTTP/1.1" 200 626
172.22.2.4 - - [11/Mar/2024:10:14:03 -0500] "GET /BLA/boletinlegal/consulta_actos.php?tipo=resoluciones&no=&usuario=&sector=&fecha=2024&resuelve=preservaci%F3n%20digital HTTP/1.1" 200 626
172.22.2.4 - - [11/Mar/2024:10:14:06 -0500] "GET /BLA/boletinlegal/actos.php HTTP/1.1" 200 9738
172.22.2.4 - - [11/Mar/2024:10:14:06 -0500] "GET /BLA/boletinlegal/images/historia.png HTTP/1.1" 200 52775
172.22.2.4 - - [11/Mar/2024:10:14:06 -0500] "GET /BLA/boletinlegal/images/subscribe-icon-big.png HTTP/1.1" 200 47702
172.22.2.4 - - [11/Mar/2024:10:14:06 -0500] "GET /BLA/boletinlegal/images/registro-usuarios.png HTTP/1.1" 200 8106
172.22.2.4 - - [11/Mar/2024:10:14:06 -0500] "GET /BLA/boletinlegal/images/body_bg.jpg HTTP/1.1" 200 1601
172.22.2.4 - - [11/Mar/2024:10:14:06 -0500] "GET /BLA/boletinlegal/images/footer_bg.jpg HTTP/1.1" 200 586
172.22.2.4 - - [11/Mar/2024:10:14:06 -0500] "GET /BLA/boletinlegal/images/menu_lft.gif HTTP/1.1" 200 1713
172.22.2.4 - - [11/Mar/2024:10:14:06 -0500] "GET /BLA/boletinlegal/images/menu_rght.gif HTTP/1.1" 200 1627
172.22.2.4 - - [11/Mar/2024:10:14:06 -0500] "GET /BLA/boletinlegal/images/bg_top.jpg HTTP/1.1" 200 522
172.22.2.4 - - [11/Mar/2024:10:14:06 -0500] "GET /BLA/boletinlegal/images/menu_bg.jpg HTTP/1.1" 200 620
172.22.2.4 - - [11/Mar/2024:10:14:06 -0500] "GET /BLA/boletinlegal/images/text.jpg HTTP/1.1" 200 568
172.22.2.4 - - [11/Mar/2024:10:14:06 -0500] "GET /BLA/boletinlegal/images/hover.jpg HTTP/1.1" 200 640
172.22.2.4 - - [11/Mar/2024:10:14:06 -0500] "GET /BLA/boletinlegal/images/green-yellow-blue-pink-th.png HTTP/1.1" 200 7394
172.22.2.4 - - [11/Mar/2024:10:14:06 -0500] "GET /BLA/boletinlegal/images/tel.png HTTP/1.1" 200 14477
172.22.2.4 - - [11/Mar/2024:10:14:06 -0500] "GET /BLA/boletinlegal/images/icono-email.png HTTP/1.1" 200 5544
172.22.2.4 - - [11/Mar/2024:10:14:06 -0500] "GET /BLA/boletinlegal/images/footer_bg_l.jpg HTTP/1.1" 200 776
172.22.2.4 - - [11/Mar/2024:10:14:07 -0500] "GET /BLA/boletinlegal/img/0.png HTTP/1.1" 200 110
172.22.2.4 - - [11/Mar/2024:10:14:07 -0500] "GET /BLA/boletinlegal/img/select-left.png HTTP/1.1" 200 263
172.22.2.4 - - [11/Mar/2024:10:14:07 -0500] "GET /BLA/boletinlegal/img/select-right.png HTTP/1.1" 200 44019
172.22.2.4 - - [11/Mar/2024:10:14:07 -0500] "GET /BLA/boletinlegal/img/button-left.png HTTP/1.1" 200 57071
172.22.2.4 - - [11/Mar/2024:10:14:07 -0500] "GET /BLA/boletinlegal/img/button.png HTTP/1.1" 200 43241
172.22.2.4 - - [11/Mar/2024:10:14:07 -0500] "GET /BLA/boletinlegal/img/button-right.png HTTP/1.1" 200 57878
201.245.192.253 - - [11/Mar/2024:10:14:08 -0500] "GET /sipse/faces/javax.faces.resource/theme.css?ln=primefaces-sipse HTTP/1.1" 304 -
201.245.192.253 - - [11/Mar/2024:10:14:08 -0500] "GET /sipse/faces/javax.faces.resource/jquery/jquery.js?ln=primefaces&v=4.0 HTTP/1.1" 304 -
201.245.192.253 - - [11/Mar/2024:10:14:08 -0500] "GET /sipse/faces/javax.faces.resource/jquery/jquery-plugins.js?ln=primefaces&v=4.0 HTTP/1.1" 304 -
201.245.192.253 - - [11/Mar/2024:10:14:08 -0500] "GET /sipse/faces/javax.faces.resource/primefaces.css?ln=primefaces&v=4.0 HTTP/1.1" 304 -
201.245.192.253 - - [11/Mar/2024:10:14:08 -0500] "GET /sipse/faces/javax.faces.resource/layout/layout.css?ln=primefaces&v=4.0 HTTP/1.1" 304 -
201.245.192.253 - - [11/Mar/2024:10:14:08 -0500] "GET /sipse/faces/javax.faces.resource/primefaces.js?ln=primefaces&v=4.0 HTTP/1.1" 304 -
