216.244.66.195 - - [12/Mar/2024:01:39:43 -0500] "GET /galeria/galeria/fotos/Huemdal-el-Tunjo2G.jpg HTTP/1.1" 200 388331
201.245.192.253 - - [12/Mar/2024:01:39:43 -0500] "POST /kwsrmcab/Wsrmcab HTTP/1.1" 200 39075
201.245.192.253 - - [12/Mar/2024:01:39:44 -0500] "POST /kwsrmcab/Wsrmcab HTTP/1.1" 200 37791
201.245.192.253 - - [12/Mar/2024:01:40:08 -0500] "POST /kwsrmcab/Wsrmcab HTTP/1.1" 200 37160
201.245.192.253 - - [12/Mar/2024:01:40:09 -0500] "POST /kwsrmcab/Wsrmcab  HTTP/1.1" 200 39632
172.22.2.4 - - [12/Mar/2024:01:38:46 -0500] "HEAD /BLA/boletinlegal/ HTTP/1.1" 200 -
201.245.192.253 - - [12/Mar/2024:01:40:28 -0500] "POST /forms/lservlet;jsessionid=ac16012b30d6e00f34737bca44f68864aadf19793c73.e3iSbxaKaheRe3iNc3uNbNmQay1ynknvrkLOlQzNp65In0 HTTP/1.1" 200 2
216.245.221.92 - - [12/Mar/2024:01:40:49 -0500] "HEAD / HTTP/1.1" 200 -
66.249.66.165 - - [12/Mar/2024:01:41:13 -0500] "GET /portaldeninos/2019/07/30/residuos/ HTTP/1.1" 200 94367
172.22.2.4 - - [12/Mar/2024:01:39:37 -0500] "GET /BLA/boletinlegal/ HTTP/1.1" 200 59083
157.55.39.49 - - [12/Mar/2024:01:42:05 -0500] "GET /BLA/resoluciones/AUTOS%202022/6010.pdf HTTP/1.1" 304 -
201.245.192.253 - - [12/Mar/2024:01:41:01 -0500] "POST /kwsrmcab/Wsrmcab HTTP/1.1" 200 31858
201.245.192.253 - - [12/Mar/2024:01:42:28 -0500] "POST /forms/lservlet;jsessionid=ac16012b30d6e00f34737bca44f68864aadf19793c73.e3iSbxaKaheRe3iNc3uNbNmQay1ynknvrkLOlQzNp65In0 HTTP/1.1" 200 2
66.249.66.167 - - [12/Mar/2024:01:43:15 -0500] "GET /portaldeninos/residuos/ HTTP/1.1" 200 87443
66.249.66.165 - - [12/Mar/2024:01:43:18 -0500] "GET /portaldeninos/wp-includes/js/jquery/jquery-migrate.min.js?ver=1.4.1 HTTP/1.1" 200 10056
66.249.66.165 - - [12/Mar/2024:01:43:22 -0500] "GET /portaldeninos/wp-content/plugins/gallery-videos/JS/modernizr.custom.js?ver=4.9.8 HTTP/1.1" 200 9019
66.249.66.165 - - [12/Mar/2024:01:43:56 -0500] "GET /portaldeninos/wp-includes/js/jquery/jquery-migrate.min.js?ver=1.4.1 HTTP/1.1" 200 10056
201.245.192.253 - - [12/Mar/2024:01:44:28 -0500] "POST /forms/lservlet;jsessionid=ac16012b30d6e00f34737bca44f68864aadf19793c73.e3iSbxaKaheRe3iNc3uNbNmQay1ynknvrkLOlQzNp65In0 HTTP/1.1" 200 2
201.245.192.253 - - [12/Mar/2024:01:45:08 -0500] "POST /kwsrmcab/Wsrmcab  HTTP/1.1" 200 39632
216.245.221.92 - - [12/Mar/2024:01:45:49 -0500] "HEAD / HTTP/1.1" 200 -
172.22.2.4 - - [12/Mar/2024:01:44:36 -0500] "HEAD /BLA/boletinlegal/ HTTP/1.1" 200 -
201.245.192.253 - - [12/Mar/2024:01:46:28 -0500] "POST /forms/lservlet;jsessionid=ac16012b30d6e00f34737bca44f68864aadf19793c73.e3iSbxaKaheRe3iNc3uNbNmQay1ynknvrkLOlQzNp65In0 HTTP/1.1" 200 2
167.94.138.124 - - [12/Mar/2024:01:47:05 -0500] "GET / HTTP/1.1" 200 319
172.22.2.4 - - [12/Mar/2024:01:45:26 -0500] "GET /BLA/boletinlegal/ HTTP/1.1" 200 59583
216.244.66.195 - - [12/Mar/2024:01:47:08 -0500] "GET /BLA/resoluciones/AUTOS%202016/0041.pdf HTTP/1.1" 200 732951
167.94.138.124 - - [12/Mar/2024:01:47:08 -0500] "GET / HTTP/1.1" 200 319
167.94.138.124 - - [12/Mar/2024:01:47:08 -0500] "PRI * HTTP/2.0" 400 946
167.94.138.124 - - [12/Mar/2024:01:47:08 -0500] "GET /favicon.ico HTTP/1.1" 200 7782
216.244.66.195 - - [12/Mar/2024:01:47:13 -0500] "GET /BLA/resoluciones/AUTOS%202016/0094.pdf HTTP/1.1" 200 527635
66.249.66.166 - - [12/Mar/2024:01:47:16 -0500] "GET /portaldeninos/relatos-urbanos-de-los-ecosistemas-bogotanos-2/ HTTP/1.1" 200 88374
216.244.66.195 - - [12/Mar/2024:01:47:18 -0500] "GET /BLA/resoluciones/AUTOS%202016/0750.pdf HTTP/1.1" 200 668147
216.244.66.195 - - [12/Mar/2024:01:47:22 -0500] "GET /BLA/resoluciones/AUTOS%202016/0975.pdf HTTP/1.1" 200 535281
216.244.66.195 - - [12/Mar/2024:01:47:26 -0500] "GET /BLA/resoluciones/AUTOS%202016/1036.pdf HTTP/1.1" 200 234763
216.244.66.195 - - [12/Mar/2024:01:47:30 -0500] "GET /BLA/resoluciones/AUTOS%202016/1117.pdf HTTP/1.1" 200 485313
216.244.66.195 - - [12/Mar/2024:01:47:33 -0500] "GET /BLA/resoluciones/AUTOS%202016/1185.pdf HTTP/1.1" 200 439724
216.244.66.195 - - [12/Mar/2024:01:47:36 -0500] "GET /BLA/resoluciones/AUTOS%202016/1531.pdf HTTP/1.1" 200 504760
216.244.66.195 - - [12/Mar/2024:01:47:40 -0500] "GET /BLA/resoluciones/AUTOS%202016/1935.pdf HTTP/1.1" 200 309108
216.244.66.195 - - [12/Mar/2024:01:47:43 -0500] "GET /BLA/resoluciones/AUTOS%202016/2234.pdf HTTP/1.1" 200 545226
216.244.66.195 - - [12/Mar/2024:01:47:46 -0500] "GET /BLA/resoluciones/AUTOS%202016/2620.pdf HTTP/1.1" 200 400053
216.244.66.195 - - [12/Mar/2024:01:47:50 -0500] "GET /BLA/resoluciones/AUTOS%202016/2652.pdf HTTP/1.1" 200 640379
66.249.66.20 - - [12/Mar/2024:01:47:54 -0500] "GET /Publicaciones/2023EE297164.pdf HTTP/1.1" 404 228
201.245.192.253 - - [12/Mar/2024:01:48:28 -0500] "POST /forms/lservlet;jsessionid=ac16012b30d6e00f34737bca44f68864aadf19793c73.e3iSbxaKaheRe3iNc3uNbNmQay1ynknvrkLOlQzNp65In0 HTTP/1.1" 200 2
66.249.66.167 - - [12/Mar/2024:01:49:17 -0500] "GET /portaldeninos/publicidad/ HTTP/1.1" 200 87569
66.249.66.165 - - [12/Mar/2024:01:49:27 -0500] "GET /portaldeninos/wp-content/themes/betheme/assets/animations/animations.min.js?ver=20.9.6 HTTP/1.1" 200 1896
216.244.66.195 - - [12/Mar/2024:01:50:24 -0500] "GET /BLA/resoluciones/Decretos/Decreto%20482%20de%202018.pdf HTTP/1.1" 200 465335
201.245.192.253 - - [12/Mar/2024:01:50:28 -0500] "POST /forms/lservlet;jsessionid=ac16012b30d6e00f34737bca44f68864aadf19793c73.e3iSbxaKaheRe3iNc3uNbNmQay1ynknvrkLOlQzNp65In0 HTTP/1.1" 200 2
216.245.221.92 - - [12/Mar/2024:01:50:49 -0500] "HEAD / HTTP/1.1" 200 -
201.245.192.253 - - [12/Mar/2024:01:51:15 -0500] "POST /kwsrmcab/Wsrmcab  HTTP/1.1" 200 39632
181.237.167.204 - - [12/Mar/2024:01:51:25 -0500] "GET /kwssiamovil/sm/ldap/au?x=U2FsdGVkX183OsbZt+WwuXlFAe6W1VywJnpSq0dFuTEhMh+0JSp/Pet5qzkD+i9M&y=U2FsdGVkX1/0qFFiRGDyn0X6NE7Yl+EszhjRkc7QnVY= HTTP/1.1" 200 30
181.237.167.204 - - [12/Mar/2024:01:51:25 -0500] "GET /kwssiamovil/sm/acme/s?s=U2FsdGVkX18I+sRefTKxkgRBYcdW17kQgVdCr2kNRYqgcqe2Im5ZpqajQKpE1AZnkEbyI8KbylAmdCOYvOe5kNxDAlY39BI0/P64rtQM2yY=&u=U2FsdGVkX18nJRNcJ3GEmrLgDO9Rb/AXwzFUueWdbng=&y=U2FsdGVkX1/0qFFiRGDyn0X6NE7Yl+EszhjRkc7QnVY= HTTP/1.1" 200 97
181.237.167.204 - - [12/Mar/2024:01:51:25 -0500] "GET /kwssiamovil/sm/acme/s?s=U2FsdGVkX1/P5H3DDTzHcTSOMkY1EfQ/ndwP9cqQjnV4O+C3T03GkKzKJNVUz5B768ugTgpz0DDJbC8zdsM2RyRyIHiMtubLKI47PZHaH3rFeGjNbZsFtC5Lm8UQOPEgPk/+0IZeH1GwydK0fCqxQz8Tg3H6+GUbAaym361j4V7FXvYGx/yP8MFt33vIoEgrmAtc0hhKSy9oTiuBmyFen51GKOnPKI1p0TDboBn8eJpZQJedYOA+8dI4h0aEffcvotxdCSN0HESqIJUqMms/Vvy3a6seOH3lhhKrGJu+ElruF7Fku1jhqYnMIEDhcD0Yl2QXVphfvHZbyOF6+BBF0hSVS9CXWD2QiKlPdGQXthMGfouQOLwPWWDoItYviBe+711Rc9Ly+bSqx/I4Kl4cV/ShrkszmeXAG4IOZ6ItslazZhLexKUWRJ+EnOMqJpqANgbCJ8zFN+QqmCU0GbcQ9OBL2adDnACHATn4W0GcyUvZxCoQejHS3HR0D2f2xyo41I731lEikot+iq160Zjb8lMmHxnWooG+FxTRfDdKZt7y9bwkbDtVWhT4ZQ6eagvrjHH7a2TeI0wMgiIlsEh4Jh8E+kCg55X+Pg/XgxpIUCxxGBv0TkdSQP3kyAmctZuQ/kh9bxVRQlf+Q3TQcgTrS8T+g8YG4L9KZiiwrFdLiB2ccsENUBv3uauM5s/UxKh9bBIC+OvRzuOnjVMkBnfZnjFfKWSv/9tfeZfnAzGcvrvYfQGPQ8249XR8Pxfvt78h7tNeftUAc23flrfLW6EBWKBzSmo0qVxjfM9RQ+D7XIXnNE4L+Z/wbzyVOKOAdmfp6WsGMu4GrFrkdeAus5dnfCgnusUNRMS6K8tBlvUOPWZqc6ys2jwesGi3914PlIV/2+6m+d2Mq4v9FJ/vdcoYYOzkgEUS3ci9Bcud/tTwXLh7fxD9POltjtcthLQ4wtSj3xe9DuwqzZv4aOWn9u0bWM5QYaL/UecDviRv3DfTVi5biGUvanjcvMmjBDmSnZ8HUm7M5uq1D36otCDOQaN2qEsMjLzQCvbMq/iiAEouEg48PsUF9uV9Me+OZyWTOwlZLxVivAft7zjtr/XWh3apklsyuW8k+lh+RPFLbZ6tUnvOYOCWDrOT5PefbTWpT1w6qmOULO9Dn7MSCe2GDJiSx/8OTTDVXLpihkwsXoZHr3sqe47oMoqUiJ5EizeeKSywfvjJ12ZLNSjhLmryIdLWrc6d3ym+uNZdYOdvDpM4nmhCYoR983uynwdRQMaBVpjTpQvuQ4NxLdz8gT9qMy5oAH6a5FOH2wjAZKN2QSdoaDCFl5s2QWJqVO0U+c3GODZlq6KeCZT1Zhg/xAcvHOQQGrKGMxEC9I+fpfzkimmzEgQXxy8fG9C+fnkGpj9isbwfCmNym4wwo/QFD3zk8EuwNZ8t3tILXwZ0nX1ZUDyK8lDaN35ILH63OGmxQ/T/jS6Dbxdi8y9gzh93iMOcIX66mae2ERtOYEF6GB/dUKY45h2tR3pzyc6p24DuJddlf9Xvhr6mh+j+dJNlhES0P/XAxdFFFHmkrTrruh21Xn5edojSYbtakAy3ppcgcT7BQgqEuOtTp4KvScttGTtC41D7qVhZOjmdn6usb2VqwzlD9klL2m04PfoY2fTAy+FKFw2sGZJjeGsRdCFNZCXw+gCEP7PyMo5i3bfMqDEVKLjMFgnBzdatVY4JdlgPFlpuyUb2bk/zdfxXzM5ak3jvVbZN9yJYdWmr/YuPRBVhcPxeRAI=&u=U2FsdGVkX18nJRNcJ3GEmrLgDO9Rb/AXwzFUueWdbng=&y=U2FsdGVkX1/0qFFiRGDyn0X6NE7Yl+EszhjRkc7QnVY= HTTP/1.1" 200 931
181.237.167.204 - - [12/Mar/2024:01:51:25 -0500] "GET /kwssiamovil/sm/acme/s?s=U2FsdGVkX1/Hvijz6ztmIIgzBrAg27hyAyWKXyuZ7Mpgv6C6FY7ph2U0zJ/HF1z2XMnEfCjqLYDE5I2DEBeq23t5kAYoRDJjrbfkHw4wR41UlZ6WvCazXAXnLvV7DHUX6bdBABrO+taIT5wQNGlyK5GSBLH0K+JtUwuTi90u7S38849j/UPxc0Lu3cjH8QhIO7u1FLdh5DUO6RM7FDW0a7oF8dc3HEXaSTMDok9wXj5dcJf1xWyjgru9onOSwE0ARNlsZJKf3jwpM+n41H0IowxCfNjjDcxWokXbuhriPfVgitYCbu5JOzKf4yA/zNSv5oR+y16IljU2UqhqT5NBilwXzG2C53zJs/iSrCruHId2sLBaEkFsqgG35eTO4KQKrCRDsOIupYf/jZ1ZGqwHOEDc95zvwtagPCMoYv7jrIzGvHTNmCRACNqCxvwLZsFQqY/yGI8SWKc+kfck/OvLSQ9kKxRzvfZE1Pb19jBHIwKbqTOfD+nZ1GmRGtYwrzO94m6nort1JWrv2zwt9qTDfhAajH9lZKIrT3AecOLJLOWPPMXKFvz/uGmzwm3GbLvVGXkbgcOf6muyreftecy1n96W/oXRJMOFZm9t0XTEMWvoHvlTtMp/5hxFAzKI+bGOHnfF87Rwq+82+ktSVIw/w8WVe7CIb9hdbsVylOdHVw/sO1icqEknLzY4q5gdK3u6qZA4IczXqRW5c4W4fD9YbeA6caqadz5f56b5zFyl0PYpHO17AFR9Nn0qoxJfVtJR&u=U2FsdGVkX18nJRNcJ3GEmrLgDO9Rb/AXwzFUueWdbng=&y=U2FsdGVkX1/0qFFiRGDyn0X6NE7Yl+EszhjRkc7QnVY= HTTP/1.1" 200 208
181.237.167.204 - - [12/Mar/2024:01:51:25 -0500] "GET /kwssiamovil/sm/cjson/pre?f=1&x=U2FsdGVkX183OsbZt+WwuXlFAe6W1VywJnpSq0dFuTEhMh+0JSp/Pet5qzkD+i9M HTTP/1.1" 200 30244
40.77.167.24 - - [12/Mar/2024:01:51:37 -0500] "GET /alcaldia-de-bogota-y-fundacion-exito-entregaron-en-ciudad-bolivar-la-primera-terraza-verde-de-la-capital.html HTTP/1.1" 200 852
201.245.192.253 - - [12/Mar/2024:01:50:07 -0500] "POST /kwsrmcab/Wsrmcab  HTTP/1.1" 200 28373
172.22.2.4 - - [12/Mar/2024:01:50:26 -0500] "HEAD /BLA/boletinlegal/ HTTP/1.1" 200 -
201.245.192.253 - - [12/Mar/2024:01:52:16 -0500] "POST /kwsrmcab/Wsrmcab  HTTP/1.1" 200 39632
66.249.66.167 - - [12/Mar/2024:01:52:18 -0500] "GET /portaldeninos/2021/05/30/cambio-climatico/ HTTP/1.1" 200 93898
201.245.192.253 - - [12/Mar/2024:01:52:28 -0500] "POST /forms/lservlet;jsessionid=ac16012b30d6e00f34737bca44f68864aadf19793c73.e3iSbxaKaheRe3iNc3uNbNmQay1ynknvrkLOlQzNp65In0 HTTP/1.1" 200 2
172.22.2.4 - - [12/Mar/2024:01:51:17 -0500] "GET /BLA/boletinlegal/ HTTP/1.1" 200 55823
157.55.39.49 - - [12/Mar/2024:01:54:26 -0500] "GET /BLA/resoluciones/AUTOS%202019/4420.pdf HTTP/1.1" 304 -
201.245.192.253 - - [12/Mar/2024:01:54:28 -0500] "POST /forms/lservlet;jsessionid=ac16012b30d6e00f34737bca44f68864aadf19793c73.e3iSbxaKaheRe3iNc3uNbNmQay1ynknvrkLOlQzNp65In0 HTTP/1.1" 200 2
216.245.221.92 - - [12/Mar/2024:01:55:49 -0500] "HEAD / HTTP/1.1" 200 -
66.249.66.19 - - [12/Mar/2024:01:56:27 -0500] "GET /AFLUENTESYEFUENTES/files/mobile/index.html HTTP/1.1" 304 -
201.245.192.253 - - [12/Mar/2024:01:56:28 -0500] "POST /forms/lservlet;jsessionid=ac16012b30d6e00f34737bca44f68864aadf19793c73.e3iSbxaKaheRe3iNc3uNbNmQay1ynknvrkLOlQzNp65In0 HTTP/1.1" 200 2
172.22.2.4 - - [12/Mar/2024:01:55:46 -0500] "GET /BLA/boletinlegal/ HTTP/1.1" 200 36811
216.244.66.195 - - [12/Mar/2024:01:57:34 -0500] "GET /robots.txt HTTP/1.1" 404 1018
172.22.2.4 - - [12/Mar/2024:01:56:16 -0500] "HEAD /BLA/boletinlegal/ HTTP/1.1" 200 -
66.249.66.167 - - [12/Mar/2024:01:58:19 -0500] "GET /portaldeninos/humedal-la-conejera-2/ HTTP/1.1" 200 88020
201.245.192.253 - - [12/Mar/2024:01:58:22 -0500] "POST /kwsrmcab/Wsrmcab  HTTP/1.1" 200 39632
201.245.192.253 - - [12/Mar/2024:01:57:14 -0500] "POST /kwsrmcab/Wsrmcab  HTTP/1.1" 200 39632
201.245.192.253 - - [12/Mar/2024:01:58:28 -0500] "POST /forms/lservlet;jsessionid=ac16012b30d6e00f34737bca44f68864aadf19793c73.e3iSbxaKaheRe3iNc3uNbNmQay1ynknvrkLOlQzNp65In0 HTTP/1.1" 200 2
172.22.2.4 - - [12/Mar/2024:01:57:07 -0500] "GET /BLA/boletinlegal/ HTTP/1.1" 200 58720
201.245.192.253 - - [12/Mar/2024:01:59:23 -0500] "POST /kwsrmcab/Wsrmcab  HTTP/1.1" 200 39632
40.77.167.45 - - [12/Mar/2024:01:59:35 -0500] "GET /BLA/resoluciones/AUTOS%202022/2941.pdf HTTP/1.1" 304 -
148.153.56.86 - - [12/Mar/2024:01:59:35 -0500] "GET /um7C HTTP/1.1" 404 1018
148.153.56.86 - - [12/Mar/2024:01:59:35 -0500] "GET /7Hqm HTTP/1.1" 404 1018
148.153.56.86 - - [12/Mar/2024:01:59:36 -0500] "GET /aab8 HTTP/1.1" 404 1018
148.153.56.86 - - [12/Mar/2024:01:59:36 -0500] "GET /jquery-3.3.1.slim.min.js HTTP/1.1" 404 1018
148.153.56.86 - - [12/Mar/2024:01:59:36 -0500] "GET /aab9 HTTP/1.1" 404 1018
148.153.56.86 - - [12/Mar/2024:01:59:36 -0500] "GET /jquery-3.3.2.slim.min.js HTTP/1.1" 404 1018
201.245.192.253 - - [12/Mar/2024:02:00:28 -0500] "POST /forms/lservlet;jsessionid=ac16012b30d6e00f34737bca44f68864aadf19793c73.e3iSbxaKaheRe3iNc3uNbNmQay1ynknvrkLOlQzNp65In0 HTTP/1.1" 200 2
216.245.221.92 - - [12/Mar/2024:02:00:49 -0500] "HEAD / HTTP/1.1" 200 -
173.252.107.5 - - [12/Mar/2024:02:01:04 -0500] "GET /images/Archivo%20pacto%20aire%2023%20enero.jpeg HTTP/1.1" 200 28889
173.252.107.2 - - [12/Mar/2024:02:01:05 -0500] "GET /images/19%20de%20enero%20\xc3\xa1rbol%20bosque%20San%20Carlos.jpg HTTP/1.1" 404 1034
173.252.107.7 - - [12/Mar/2024:02:01:05 -0500] "GET /images/19%20de%20enero%20\xc3\xa1rbol%20bosque%20San%20Carlos.jpg HTTP/1.1" 404 1034
173.252.107.119 - - [12/Mar/2024:02:01:05 -0500] "GET /images/Humedal%20Tunjo%20RAMSAR.jpeg HTTP/1.1" 200 120269
173.252.107.116 - - [12/Mar/2024:02:01:06 -0500] "GET /images/Fauna%20Silvestre%20SDA%2002.jpeg HTTP/1.1" 200 41590
173.252.107.9 - - [12/Mar/2024:02:01:07 -0500] "GET /images/Aire%20Reyes%20(1)%20(1).jpeg HTTP/1.1" 200 59709
173.252.107.118 - - [12/Mar/2024:02:01:15 -0500] "GET /images/Entrenubes%201%20(1)%20(1).jpeg HTTP/1.1" 200 70096
173.252.107.3 - - [12/Mar/2024:02:01:19 -0500] "GET /images/Musgo%20SDA%20(1)%20(1).png HTTP/1.1" 200 302122
173.252.107.120 - - [12/Mar/2024:02:02:02 -0500] "GET /images/lluvias-arboles-4-junio.jpeg HTTP/1.1" 200 117524
173.252.107.120 - - [12/Mar/2024:02:02:03 -0500] "GET /images/Junio%2002-experiencias-jardines-verticales-sda.jpeg HTTP/1.1" 200 31171
173.252.107.1 - - [12/Mar/2024:02:02:03 -0500] "GET /images/empresas-industrias-forestales-1-junio.jpg HTTP/1.1" 200 44019
173.252.107.5 - - [12/Mar/2024:02:02:04 -0500] "GET /images/pieza-grafica-semana-ambiental-30.jpg HTTP/1.1" 200 38850
173.252.107.5 - - [12/Mar/2024:02:02:05 -0500] "GET /images/la-vieja-mayo-24.jpg HTTP/1.1" 200 58217
173.252.107.120 - - [12/Mar/2024:02:02:05 -0500] "GET /images/visita-suspension-humedal-techo-24-mayo.jpg HTTP/1.1" 200 57365
173.252.107.10 - - [12/Mar/2024:02:02:05 -0500] "GET /images/jornadas-llantas-usadas-23-mayo.jpg HTTP/1.1" 200 148376
173.252.107.6 - - [12/Mar/2024:02:02:05 -0500] "GET /images/control-madera-ilegal-24-mayo.jpg HTTP/1.1" 200 48269
173.252.107.5 - - [12/Mar/2024:02:02:05 -0500] "GET /images/bogota-polvo-sahara-23-mayo.jpg HTTP/1.1" 200 35039
173.252.107.4 - - [12/Mar/2024:02:02:06 -0500] "GET /images/Naturalista1.jpeg HTTP/1.1" 200 202073
173.252.107.7 - - [12/Mar/2024:02:02:06 -0500] "GET /images/feria-servicios-tramites-19-mayo.jpg HTTP/1.1" 200 40581
173.252.107.4 - - [12/Mar/2024:02:02:07 -0500] "GET /images/arbolado-bogota-mayo-13.jpg HTTP/1.1" 200 62568
173.252.107.10 - - [12/Mar/2024:02:02:07 -0500] "GET /images/cronica-amanda-rodriguez-30-abril.jpg HTTP/1.1" 200 26304
173.252.107.118 - - [12/Mar/2024:02:02:08 -0500] "GET /images/secretaria-rio-bogota-avances-12-mayo.jpg HTTP/1.1" 200 37281
173.252.107.3 - - [12/Mar/2024:02:02:08 -0500] "GET /images/parque-nal-secretaria.jpg HTTP/1.1" 200 168060
173.252.107.116 - - [12/Mar/2024:02:02:08 -0500] "GET /images/feria-servicios-12-mayo-principal.jpg HTTP/1.1" 200 44744
173.252.107.6 - - [12/Mar/2024:02:02:08 -0500] "GET /images/ptar-alcaldesa-rio-bogota-12-mato.jpg HTTP/1.1" 200 40205
173.252.107.120 - - [12/Mar/2024:02:02:08 -0500] "GET /images/dia-rio-bogota-12-mayo.jpg HTTP/1.1" 200 44387
173.252.107.10 - - [12/Mar/2024:02:02:10 -0500] "GET /images/secretaria-carolina-economia-circular-6-mayo.jpg HTTP/1.1" 200 33699
173.252.107.8 - - [12/Mar/2024:02:02:10 -0500] "GET /images/Brasil1.jpeg HTTP/1.1" 200 27965
173.252.107.8 - - [12/Mar/2024:02:02:10 -0500] "GET /images/RCD1.jpg HTTP/1.1" 200 195843
173.252.107.6 - - [12/Mar/2024:02:02:11 -0500] "GET /images/Animales1.jpeg HTTP/1.1" 200 76841
173.252.107.118 - - [12/Mar/2024:02:02:11 -0500] "GET /images/accion-climatica.jpg HTTP/1.1" 200 417776
173.252.107.2 - - [12/Mar/2024:02:02:11 -0500] "GET /images/cerros-bogota-2-mayo.jpg HTTP/1.1" 200 98367
173.252.107.5 - - [12/Mar/2024:02:02:12 -0500] "GET /images/fachada-secretaria-ambiente-abril.jpg HTTP/1.1" 200 148853
173.252.107.117 - - [12/Mar/2024:02:02:13 -0500] "GET /images/operativos-residuos-peligrosos-25-ABRIL.jpg HTTP/1.1" 200 35345
173.252.107.7 - - [12/Mar/2024:02:02:14 -0500] "GET /images/actividades-dia-tierra-22-abril.jpg HTTP/1.1" 200 77276
173.252.107.117 - - [12/Mar/2024:02:02:14 -0500] "GET /images/plantacion-jbb-22-abril.jpg HTTP/1.1" 200 52184
173.252.107.117 - - [12/Mar/2024:02:02:14 -0500] "GET /images/feria-servicios-tramites-puente-aranda-21-abril.jpg HTTP/1.1" 200 28255
173.252.107.10 - - [12/Mar/2024:02:02:14 -0500] "GET /images/ecosistema-dia-internacional-tierra-21-abril.jpg HTTP/1.1" 200 30098
173.252.107.8 - - [12/Mar/2024:02:02:15 -0500] "GET /images/bogota-ciudad-pac28-enero.jpg HTTP/1.1" 200 42642
173.252.107.1 - - [12/Mar/2024:02:02:15 -0500] "GET /images/Bolsaroja.jpeg HTTP/1.1" 200 63719
173.252.107.5 - - [12/Mar/2024:02:02:16 -0500] "GET /images/JBB1.jpeg HTTP/1.1" 200 90628
173.252.107.119 - - [12/Mar/2024:02:02:17 -0500] "GET /images/zapatos-negocios-8-abril.jpg HTTP/1.1" 200 25964
173.252.107.10 - - [12/Mar/2024:02:02:18 -0500] "GET /images/pieza-mujeres-reverdecen-4-abril.jpg HTTP/1.1" 200 48916
173.252.107.116 - - [12/Mar/2024:02:02:18 -0500] "GET /images/acopiadores-llantas-control-2-abril.jpeg HTTP/1.1" 200 34334
173.252.107.116 - - [12/Mar/2024:02:02:19 -0500] "GET /images/feria-servicios-cuidamos-bogota-31-marzo.jpg HTTP/1.1" 200 109745
173.252.107.9 - - [12/Mar/2024:02:02:19 -0500] "GET /images/llantas-teusaquillo-1-abril.jpg HTTP/1.1" 200 50674
173.252.107.118 - - [12/Mar/2024:02:02:20 -0500] "GET /images/estacion-monitoreo-usme-29-marzo.jpg HTTP/1.1" 200 30383
173.252.107.2 - - [12/Mar/2024:02:02:20 -0500] "GET /images/interpretes-humedales-principal-26-marzo.jpg HTTP/1.1" 200 40211
173.252.107.6 - - [12/Mar/2024:02:02:20 -0500] "GET /images/operativos-control-residuos-hospitalarios-28-marzo.jpg HTTP/1.1" 200 36883
173.252.107.10 - - [12/Mar/2024:02:02:22 -0500] "GET /images/feria-servicios-principal-24-marzo.jpg HTTP/1.1" 200 37032
173.252.107.118 - - [12/Mar/2024:02:02:22 -0500] "GET /images/negocios-verdes-emprendimientos-24-marzo.jpg HTTP/1.1" 200 54522
173.252.107.2 - - [12/Mar/2024:02:02:22 -0500] "GET /images/jornada-llantaton-usaquen-24-marzo.jpg HTTP/1.1" 200 41830
173.252.107.8 - - [12/Mar/2024:02:02:22 -0500] "GET /images/dia-agua-participantes-22-marzo.jpg HTTP/1.1" 200 53143
173.252.107.6 - - [12/Mar/2024:02:02:23 -0500] "GET /images/humedal-agua-lluvias-bogota-18-marzo.jpg HTTP/1.1" 200 146923
173.252.107.7 - - [12/Mar/2024:02:02:25 -0500] "GET /images/llantaton-jornada.jpg HTTP/1.1" 200 356045
173.252.107.118 - - [12/Mar/2024:02:02:26 -0500] "GET /images/ecositemas-cerros-10-marzo.jpg HTTP/1.1" 200 85534
173.252.107.2 - - [12/Mar/2024:02:02:26 -0500] "GET /images/Memo1.jpg HTTP/1.1" 200 91151
173.252.107.119 - - [12/Mar/2024:02:02:27 -0500] "GET /images/reunion-plan-accion-calidad-aire-7-marzo.jpeg HTTP/1.1" 200 62356
201.245.192.253 - - [12/Mar/2024:02:02:28 -0500] "POST /forms/lservlet;jsessionid=ac16012b30d6e00f34737bca44f68864aadf19793c73.e3iSbxaKaheRe3iNc3uNbNmQay1ynknvrkLOlQzNp65In0 HTTP/1.1" 200 2
173.252.107.10 - - [12/Mar/2024:02:02:29 -0500] "GET /images/humedal-observatorio-26-febrero.jpg HTTP/1.1" 200 21641
173.252.107.117 - - [12/Mar/2024:02:02:30 -0500] "GET /images/feria-servicios-atencion-24-febrero.jpg HTTP/1.1" 200 31800
173.252.107.120 - - [12/Mar/2024:02:02:33 -0500] "GET /images/feria-bosa-17-febrero.jpg HTTP/1.1" 200 45917
173.252.107.10 - - [12/Mar/2024:02:02:33 -0500] "GET /images/pieza-reciclaton-findesemana-febrero-15.jpg HTTP/1.1" 200 35558
173.252.107.1 - - [12/Mar/2024:02:02:33 -0500] "GET /images/pieza-grafica-arboles-12-febrero.jpg HTTP/1.1" 200 41257
173.252.107.119 - - [12/Mar/2024:02:02:39 -0500] "GET /images/feria-servicios-movil-atencion-10-febrero.jpg HTTP/1.1" 200 36829
173.252.107.6 - - [12/Mar/2024:02:02:40 -0500] "GET /images/Martestarde1.jpeg HTTP/1.1" 200 124459
173.252.107.119 - - [12/Mar/2024:02:02:40 -0500] "GET /images/grafica-calidad-aire-monitoreo-7-febrero.jpg HTTP/1.1" 200 108619
173.252.107.119 - - [12/Mar/2024:02:02:41 -0500] "GET /images/pieza-calidad-aire-noche-4-febrero.jpg HTTP/1.1" 200 37476
173.252.107.4 - - [12/Mar/2024:02:02:42 -0500] "GET /images/pieza-residuos-31-enero.jpg HTTP/1.1" 200 47280
173.252.107.119 - - [12/Mar/2024:02:02:43 -0500] "GET /images/Feria.jpeg HTTP/1.1" 200 78773
173.252.107.8 - - [12/Mar/2024:02:02:43 -0500] "GET /images/bogota-ciudad-28-enero.jpg HTTP/1.1" 200 42642
173.252.107.118 - - [12/Mar/2024:02:02:46 -0500] "GET /images/acuerdos-enero-19.jpg HTTP/1.1" 200 56694
173.252.107.9 - - [12/Mar/2024:02:02:46 -0500] "GET /images/feria-servicios-enero-18.jpg HTTP/1.1" 200 51569
173.252.107.8 - - [12/Mar/2024:02:02:46 -0500] "GET /images/publicidad-politica-pagada-carteles-policia-17-enero%20.jpg HTTP/1.1" 200 67800
173.252.107.1 - - [12/Mar/2024:02:02:47 -0500] "GET /images/mono-pelo-blanco-15-enero.jpg HTTP/1.1" 200 28164
173.252.107.5 - - [12/Mar/2024:02:02:47 -0500] "GET /images/humedal-bogota-juan-amarillo-ecosistema-27-diciembre%20.jpg HTTP/1.1" 200 13804
173.252.107.6 - - [12/Mar/2024:02:02:48 -0500] "GET /images/Aire1.jpeg HTTP/1.1" 200 51706
173.252.107.119 - - [12/Mar/2024:02:02:48 -0500] "GET /images/plan-retorno-secretaria-carolina-urrutia-10-enero.jpg HTTP/1.1" 200 113325
173.252.107.117 - - [12/Mar/2024:02:02:51 -0500] "GET /images/cronica-de-mujer-diciembre-30-diciembre.jpg HTTP/1.1" 200 54008
173.252.107.1 - - [12/Mar/2024:02:02:54 -0500] "GET /images/Novenas1.jpg HTTP/1.1" 200 133200
173.252.107.10 - - [12/Mar/2024:02:02:54 -0500] "GET /images/humedales-agua-14-diciembre.jpg HTTP/1.1" 200 111054
173.252.107.5 - - [12/Mar/2024:02:02:55 -0500] "GET /images/PIGA1.jpeg HTTP/1.1" 200 167676
173.252.107.111 - - [12/Mar/2024:02:02:55 -0500] "GET /images/Mision1.jpeg HTTP/1.1" 200 129758
173.252.107.10 - - [12/Mar/2024:02:02:56 -0500] "GET /images/Aniversario1.jpg HTTP/1.1" 200 103242
173.252.107.10 - - [12/Mar/2024:02:02:57 -0500] "GET /images/atencion-ciudadano-cade-oficinaprincipalsda-7-diciembre.jpg HTTP/1.1" 200 32428
173.252.107.119 - - [12/Mar/2024:02:02:58 -0500] "GET /images/paneles-solares-22septiembre.jpeg HTTP/1.1" 200 66691
173.252.107.116 - - [12/Mar/2024:02:02:59 -0500] "GET /images/cronica-mujer-biodiveridad-30-noviembre.jpg HTTP/1.1" 200 63270
173.252.107.118 - - [12/Mar/2024:02:02:59 -0500] "GET /images/humedal-santa-maria-30-noviembre.jpg HTTP/1.1" 200 198328
173.252.107.119 - - [12/Mar/2024:02:02:59 -0500] "GET /images/siembra-parque-distrital-entrenubes-29-noviembre.jpg HTTP/1.1" 200 62799
173.252.107.5 - - [12/Mar/2024:02:03:00 -0500] "GET /images/musgo-planta-flora-bogota-27-noviembre.jpg HTTP/1.1" 200 65902
173.252.107.119 - - [12/Mar/2024:02:03:00 -0500] "GET /images/oso-peresozo-25-nov.jpg HTTP/1.1" 200 301880
173.252.107.10 - - [12/Mar/2024:02:03:01 -0500] "GET /images/reserva-thomas-van-charla-25-noviembre.jpg HTTP/1.1" 200 110800
173.252.107.117 - - [12/Mar/2024:02:03:02 -0500] "GET /images/publicidad-exterior-visual-colash-22-noviembre.jpg HTTP/1.1" 200 44629
173.252.107.117 - - [12/Mar/2024:02:03:02 -0500] "GET /images/unesco-educacion-ambiental-auambari-ambiente-20-noviembre.jpg HTTP/1.1" 200 66598
173.252.107.117 - - [12/Mar/2024:02:03:02 -0500] "GET /images/pieza-grafica-noviembre-17.jpg HTTP/1.1" 200 48558
173.252.107.2 - - [12/Mar/2024:02:03:03 -0500] "GET /images/feria-movil-sda-19-noviembre.jpg HTTP/1.1" 200 47278
173.252.107.8 - - [12/Mar/2024:02:03:05 -0500] "GET /images/nueva-jornada-reciclaton-ambiente-cajas-12-noviembre.jpg HTTP/1.1" 200 479427
173.252.107.118 - - [12/Mar/2024:02:03:05 -0500] "GET /images/mujeres-alcaldesa-reverdecen-10-noviembre.jpg HTTP/1.1" 200 72503
173.252.107.117 - - [12/Mar/2024:02:03:06 -0500] "GET /images/Sumapaz.jpg HTTP/1.1" 200 84378
173.252.107.6 - - [12/Mar/2024:02:03:06 -0500] "GET /images/residuos-construccion-demolicion-control-bogota.jpeg HTTP/1.1" 200 79264
173.252.107.9 - - [12/Mar/2024:02:03:07 -0500] "GET /images/buenas-practicas-ambientales-3-noviembre.png HTTP/1.1" 200 183375
173.252.107.117 - - [12/Mar/2024:02:03:08 -0500] "GET /images/lagartija-animal-trafico-fauna-31-octubre.jpg HTTP/1.1" 200 45684
173.252.107.8 - - [12/Mar/2024:02:03:09 -0500] "GET /images/aves-migratorias-28-octubre.jpg HTTP/1.1" 200 119264
173.252.107.4 - - [12/Mar/2024:02:03:09 -0500] "GET /images/trafico-fauna-silvestre-29-octubre.jpg HTTP/1.1" 200 64161
173.252.107.119 - - [12/Mar/2024:02:03:10 -0500] "GET /images/PAC1.jpeg HTTP/1.1" 200 66191
173.252.107.5 - - [12/Mar/2024:02:03:10 -0500] "GET /images/empresas-27-septiembre.jpeg HTTP/1.1" 200 66691
173.252.107.6 - - [12/Mar/2024:02:03:11 -0500] "GET /images/buenas-practicas-ambientales21-octubre.jpg HTTP/1.1" 200 77514
173.252.107.119 - - [12/Mar/2024:02:03:11 -0500] "GET /images/6B1941B1-4BB6-4142-BA67-1B20E6384EA5.jpeg HTTP/1.1" 200 20899
173.252.107.118 - - [12/Mar/2024:02:03:11 -0500] "GET /images/Cabildo1.jpeg HTTP/1.1" 200 32341
173.252.107.10 - - [12/Mar/2024:02:03:12 -0500] "GET /images/fachada-secretaria-ambiente-15-octubre.jpg HTTP/1.1" 200 148853
173.252.107.5 - - [12/Mar/2024:02:03:13 -0500] "GET /images/operativo-fuentes-fijas-14-octubre.jpg HTTP/1.1" 200 58397
173.252.107.9 - - [12/Mar/2024:02:03:13 -0500] "GET /images/Global-big.jpg HTTP/1.1" 200 67381
173.252.107.1 - - [12/Mar/2024:02:03:13 -0500] "GET /images/plantacion-dia-del-arbol-12-octubre.jpg HTTP/1.1" 200 149033
173.252.107.1 - - [12/Mar/2024:02:03:15 -0500] "GET /images/bogota-aire-habitos-7-septiembre.jpg HTTP/1.1" 200 45647
173.252.107.116 - - [12/Mar/2024:02:03:15 -0500] "GET /images/dinamizadores-ambientales-capacitaciones-7-octubre.jpg HTTP/1.1" 200 82767
173.252.107.8 - - [12/Mar/2024:02:03:16 -0500] "GET /images/pot-intervencion-secretaria-5-octubre.jpg HTTP/1.1" 200 117709
173.252.107.8 - - [12/Mar/2024:02:03:17 -0500] "GET /images/pot-humedales-2-octubre.jpg HTTP/1.1" 200 53089
172.22.2.4 - - [12/Mar/2024:02:02:06 -0500] "HEAD /BLA/boletinlegal/ HTTP/1.1" 200 -
201.245.192.253 - - [12/Mar/2024:02:04:21 -0500] "POST /kwsrmcab/Wsrmcab  HTTP/1.1" 200 39632
201.245.192.253 - - [12/Mar/2024:02:04:28 -0500] "POST /forms/lservlet;jsessionid=ac16012b30d6e00f34737bca44f68864aadf19793c73.e3iSbxaKaheRe3iNc3uNbNmQay1ynknvrkLOlQzNp65In0 HTTP/1.1" 200 2
172.22.2.4 - - [12/Mar/2024:02:02:56 -0500] "GET /BLA/boletinlegal/ HTTP/1.1" 200 58273
172.22.2.4 - - [12/Mar/2024:02:04:52 -0500] "GET /BLA/boletinlegal/js/jquery.scrollShow.js HTTP/1.1" 200 4586
172.22.2.4 - - [12/Mar/2024:02:04:52 -0500] "GET /BLA/boletinlegal/js/jquery.scrollTo-min.js HTTP/1.1" 200 1150
172.22.2.4 - - [12/Mar/2024:02:04:52 -0500] "GET /BLA/boletinlegal/js/jquery.js HTTP/1.1" 200 57254
172.22.2.4 - - [12/Mar/2024:02:04:35 -0500] "GET /BLA/boletinlegal/ HTTP/1.1" 200 20427
205.210.31.209 - - [12/Mar/2024:02:05:28 -0500] "GET / HTTP/1.1" 200 319
216.245.221.92 - - [12/Mar/2024:02:05:49 -0500] "HEAD / HTTP/1.1" 200 -
172.22.2.4 - - [12/Mar/2024:02:04:42 -0500] "GET /BLA/boletinlegal/ HTTP/1.1" 200 32715
172.22.2.4 - - [12/Mar/2024:02:04:36 -0500] "GET /BLA/boletinlegal/ HTTP/1.1" 200 36811
66.249.66.166 - - [12/Mar/2024:02:06:20 -0500] "GET /portaldeninos/2018/04/09/hola-mundo/ HTTP/1.1" 200 93992
66.249.66.167 - - [12/Mar/2024:02:06:23 -0500] "GET /portaldeninos/wp-content/themes/betheme/css/shortcodes.css?ver=20.9.6 HTTP/1.1" 200 138889
201.245.192.253 - - [12/Mar/2024:02:06:28 -0500] "POST /forms/lservlet;jsessionid=ac16012b30d6e00f34737bca44f68864aadf19793c73.e3iSbxaKaheRe3iNc3uNbNmQay1ynknvrkLOlQzNp65In0 HTTP/1.1" 200 2
201.245.192.253 - - [12/Mar/2024:02:08:28 -0500] "POST /forms/lservlet;jsessionid=ac16012b30d6e00f34737bca44f68864aadf19793c73.e3iSbxaKaheRe3iNc3uNbNmQay1ynknvrkLOlQzNp65In0 HTTP/1.1" 200 2
201.245.192.253 - - [12/Mar/2024:02:09:20 -0500] "POST /kwsrmcab/Wsrmcab  HTTP/1.1" 200 14501
172.22.2.4 - - [12/Mar/2024:02:09:33 -0500] "GET /BLA/boletinlegal/robots.txt HTTP/1.1" 404 1038
172.22.2.4 - - [12/Mar/2024:02:09:33 -0500] "GET /BLA/boletinlegal/jurisprudencia/analisis/AnalisisC-035-16.docx HTTP/1.1" 304 -
172.22.2.4 - - [12/Mar/2024:02:07:56 -0500] "HEAD /BLA/boletinlegal/ HTTP/1.1" 200 -
152.61.128.50 - - [12/Mar/2024:02:10:00 -0500] "GET /arcgis/services/Calidad_del_Agua_WQI/MapServer/WMSServer?request=GetCapabilities&service=WMS HTTP/1.1" 503 1020
152.61.128.50 - - [12/Mar/2024:02:10:01 -0500] "GET /arcgis/services/Calidad_del_Agua_WQI/MapServer/WMSServer?SERVICE=WMS&REQUEST=GetCapabilities HTTP/1.1" 503 1020
152.61.128.50 - - [12/Mar/2024:02:10:01 -0500] "GET /arcgis/services/Calidad_del_Agua_WQI/MapServer/WMSServer?WMTVER=1.0.0&REQUEST=capabilities HTTP/1.1" 503 1020
172.22.2.4 - - [12/Mar/2024:02:08:47 -0500] "GET /BLA/boletinlegal/ HTTP/1.1" 200 53818
201.245.192.253 - - [12/Mar/2024:02:10:28 -0500] "POST /forms/lservlet;jsessionid=ac16012b30d6e00f34737bca44f68864aadf19793c73.e3iSbxaKaheRe3iNc3uNbNmQay1ynknvrkLOlQzNp65In0 HTTP/1.1" 200 2
216.245.221.92 - - [12/Mar/2024:02:10:49 -0500] "HEAD / HTTP/1.1" 200 -
66.249.66.165 - - [12/Mar/2024:02:11:14 -0500] "GET /portaldeninos/humedal-el-tunjo/ HTTP/1.1" 200 87661
157.90.182.23 - - [12/Mar/2024:02:11:20 -0500] "GET /robots.txt HTTP/1.1" 404 1035
157.90.182.23 - - [12/Mar/2024:02:11:21 -0500] "GET /sitemap HTTP/1.1" 404 1035
157.90.182.23 - - [12/Mar/2024:02:11:26 -0500] "GET /sitemap.ashx HTTP/1.1" 404 1035
157.55.39.49 - - [12/Mar/2024:02:11:29 -0500] "GET /BLA/resoluciones/RESOLUCIONES%202021/5444.pdf HTTP/1.1" 304 -
157.90.182.23 - - [12/Mar/2024:02:11:36 -0500] "GET /sitemap.txt HTTP/1.1" 404 1035
201.245.192.253 - - [12/Mar/2024:02:11:37 -0500] "POST /kwsrmcab/Wsrmcab  HTTP/1.1" 200 39632
157.90.182.23 - - [12/Mar/2024:02:11:40 -0500] "GET /sitemap.xml HTTP/1.1" 404 1035
157.90.182.23 - - [12/Mar/2024:02:11:44 -0500] "GET /sitemap.xml.gz HTTP/1.1" 404 1035
157.90.182.23 - - [12/Mar/2024:02:11:47 -0500] "GET /sitemap_index.xml HTTP/1.1" 404 1035
157.90.182.23 - - [12/Mar/2024:02:11:49 -0500] "GET /sitemap_index.xml.gz HTTP/1.1" 404 1035
157.90.182.23 - - [12/Mar/2024:02:11:53 -0500] "GET /portaldeninos/agua-y-estructura-ecologica-principal HTTP/1.1" 301 -
157.90.182.23 - - [12/Mar/2024:02:11:54 -0500] "GET /portaldeninos/agua-y-estructura-ecologica-principal/ HTTP/1.1" 200 87488
157.55.39.49 - - [12/Mar/2024:02:11:57 -0500] "GET /Publicaciones/2024EE32021.pdf HTTP/1.1" 404 227
157.90.182.23 - - [12/Mar/2024:02:11:58 -0500] "GET /portaldeninos/biodiversidad HTTP/1.1" 301 -
201.245.192.253 - - [12/Mar/2024:02:10:28 -0500] "POST /kwsrmcab/Wsrmcab  HTTP/1.1" 200 14501
157.90.182.23 - - [12/Mar/2024:02:11:59 -0500] "GET /portaldeninos/biodiversidad/ HTTP/1.1" 200 86633
157.90.182.23 - - [12/Mar/2024:02:12:03 -0500] "GET /portaldeninos/gestion-del-riesgo-incendios-forestales HTTP/1.1" 301 -
157.90.182.23 - - [12/Mar/2024:02:12:03 -0500] "GET /portaldeninos/gestion-del-riesgo-incendios-forestales/ HTTP/1.1" 200 86825
157.90.182.23 - - [12/Mar/2024:02:12:06 -0500] "GET /portaldeninos/que-es-cambio-climatico HTTP/1.1" 301 -
157.90.182.23 - - [12/Mar/2024:02:12:07 -0500] "GET /portaldeninos/que-es-cambio-climatico/ HTTP/1.1" 200 86727
157.90.182.23 - - [12/Mar/2024:02:12:12 -0500] "GET /portaldeninos/residuos HTTP/1.1" 301 -
157.90.182.23 - - [12/Mar/2024:02:12:13 -0500] "GET /portaldeninos/residuos/ HTTP/1.1" 200 87443
201.245.192.253 - - [12/Mar/2024:02:12:28 -0500] "POST /forms/lservlet;jsessionid=ac16012b30d6e00f34737bca44f68864aadf19793c73.e3iSbxaKaheRe3iNc3uNbNmQay1ynknvrkLOlQzNp65In0 HTTP/1.1" 200 2
172.22.2.4 - - [12/Mar/2024:02:12:34 -0500] "GET /BLA/boletinlegal/robots.txt HTTP/1.1" 404 1038
172.22.2.4 - - [12/Mar/2024:02:12:34 -0500] "GET /BLA/boletinlegal/sitemap HTTP/1.1" 404 1038
201.245.192.253 - - [12/Mar/2024:02:12:37 -0500] "POST /kwsrmcab/Wsrmcab  HTTP/1.1" 200 39632
66.249.66.166 - - [12/Mar/2024:02:13:16 -0500] "GET /portaldeninos/2021/06/16/en-el-festival-de-la-colombiodiversidad-se-resalto-la-importancia-de-las-aves-bogotanas/ HTTP/1.1" 200 106902
69.63.189.120 - - [12/Mar/2024:02:13:25 -0500] "GET /agendate-para- HTTP/1.1" 404 1034
69.63.189.113 - - [12/Mar/2024:02:13:25 -0500] "GET /agendate-para- HTTP/1.1" 404 1034
69.63.189.10 - - [12/Mar/2024:02:13:25 -0500] "GET /agendate-para- HTTP/1.1" 404 1034
69.63.189.111 - - [12/Mar/2024:02:13:26 -0500] "GET /agendate-para- HTTP/1.1" 404 1034
172.22.2.4 - - [12/Mar/2024:02:13:46 -0500] "GET /BLA/boletinlegal/sitemap.ashx HTTP/1.1" 404 1038
172.22.2.4 - - [12/Mar/2024:02:13:51 -0500] "GET /BLA/boletinlegal/sitemap.txt HTTP/1.1" 404 1038
172.22.2.4 - - [12/Mar/2024:02:13:56 -0500] "GET /BLA/boletinlegal/sitemap.xml HTTP/1.1" 404 1038
172.22.2.4 - - [12/Mar/2024:02:13:59 -0500] "GET /BLA/boletinlegal/sitemap.xml.gz HTTP/1.1" 404 1038
172.22.2.4 - - [12/Mar/2024:02:14:06 -0500] "GET /BLA/boletinlegal/sitemap_index.xml HTTP/1.1" 404 1038
172.22.2.4 - - [12/Mar/2024:02:14:12 -0500] "GET /BLA/boletinlegal/sitemap_index.xml.gz HTTP/1.1" 404 1038
69.63.189.111 - - [12/Mar/2024:02:14:18 -0500] "GET /con-actividade HTTP/1.1" 404 1034
69.63.189.4 - - [12/Mar/2024:02:14:18 -0500] "GET /con-actividade HTTP/1.1" 404 1034
69.63.189.4 - - [12/Mar/2024:02:14:19 -0500] "GET /con-actividade HTTP/1.1" 404 1034
69.63.189.8 - - [12/Mar/2024:02:14:19 -0500] "GET /con-actividade HTTP/1.1" 404 1034
201.245.192.253 - - [12/Mar/2024:02:14:28 -0500] "POST /forms/lservlet;jsessionid=ac16012b30d6e00f34737bca44f68864aadf19793c73.e3iSbxaKaheRe3iNc3uNbNmQay1ynknvrkLOlQzNp65In0 HTTP/1.1" 200 2
66.249.66.19 - - [12/Mar/2024:02:14:28 -0500] "GET /BLA/resoluciones/Notificaciones/RESOLUCIONES%202022/5147.pdf HTTP/1.1" 200 450017
40.77.167.54 - - [12/Mar/2024:02:14:49 -0500] "GET /BLA/resoluciones/AUTOS%202021/2619.pdf HTTP/1.1" 304 -
66.249.66.19 - - [12/Mar/2024:02:14:59 -0500] "GET /BLA/resoluciones/Notificaciones/AUTOS%202022/7113.pdf HTTP/1.1" 200 408180
66.249.66.167 - - [12/Mar/2024:02:15:12 -0500] "GET /portaldeninos/wp-content/plugins/gallery-videos/CSS/Total-Soft-Gallery-Video-Widget.css?ver=4.9.8 HTTP/1.1" 200 51554
216.244.66.195 - - [12/Mar/2024:02:15:16 -0500] "GET /transparencia/directorioservidores/2016/septiembre2016.xlsx HTTP/1.1" 200 88994
172.22.2.4 - - [12/Mar/2024:02:13:46 -0500] "HEAD /BLA/boletinlegal/ HTTP/1.1" 200 -
117.33.163.216 - - [12/Mar/2024:02:15:26 -0500] "GET / HTTP/1.1" 200 319
216.245.221.92 - - [12/Mar/2024:02:15:49 -0500] "HEAD / HTTP/1.1" 200 -
172.22.2.4 - - [12/Mar/2024:02:14:19 -0500] "GET /BLA/boletinlegal/ HTTP/1.1" 200 46859
172.22.2.4 - - [12/Mar/2024:02:14:36 -0500] "GET /BLA/boletinlegal/ HTTP/1.1" 200 47256
66.249.66.167 - - [12/Mar/2024:02:16:17 -0500] "GET /portaldeninos/agua-y-estructura-ecologica-principal/ HTTP/1.1" 200 87488
201.245.192.253 - - [12/Mar/2024:02:16:28 -0500] "POST /forms/lservlet;jsessionid=ac16012b30d6e00f34737bca44f68864aadf19793c73.e3iSbxaKaheRe3iNc3uNbNmQay1ynknvrkLOlQzNp65In0 HTTP/1.1" 200 2
172.22.2.4 - - [12/Mar/2024:02:15:41 -0500] "GET /BLA/boletinlegal/ HTTP/1.1" 200 36811
172.22.2.4 - - [12/Mar/2024:02:16:03 -0500] "GET /BLA/boletinlegal/index.php HTTP/1.1" 200 58720
172.22.2.4 - - [12/Mar/2024:02:17:47 -0500] "GET /BLA/boletinlegal/jurisprudencia/analisis/null HTTP/1.1" 404 1038
173.252.107.3 - - [12/Mar/2024:02:18:04 -0500] "GET /BLA/resoluciones/RESOLUCIONES%202019/3918.pdf HTTP/1.1" 206 258617
173.252.107.5 - - [12/Mar/2024:02:18:04 -0500] "GET /BLA/resoluciones/RESOLUCIONES%202019/3918.pdf HTTP/1.1" 206 258617
173.252.107.3 - - [12/Mar/2024:02:18:06 -0500] "GET /robots.txt HTTP/1.1" 404 1018
173.252.107.8 - - [12/Mar/2024:02:18:06 -0500] "GET /robots.txt HTTP/1.1" 404 1018
173.252.107.10 - - [12/Mar/2024:02:18:06 -0500] "GET /BLA/resoluciones/RESOLUCIONES%202019/3918.pdf HTTP/1.1" 200 258617
173.252.107.6 - - [12/Mar/2024:02:18:07 -0500] "GET /BLA/resoluciones/RESOLUCIONES%202019/3918.pdf HTTP/1.1" 200 258617
201.245.192.253 - - [12/Mar/2024:02:18:28 -0500] "POST /forms/lservlet;jsessionid=ac16012b30d6e00f34737bca44f68864aadf19793c73.e3iSbxaKaheRe3iNc3uNbNmQay1ynknvrkLOlQzNp65In0 HTTP/1.1" 200 2
201.245.192.253 - - [12/Mar/2024:02:17:35 -0500] "POST /kwsrmcab/Wsrmcab  HTTP/1.1" 200 14501
201.245.192.253 - - [12/Mar/2024:02:18:42 -0500] "POST /kwsrmcab/Wsrmcab  HTTP/1.1" 200 39632
66.249.66.39 - - [12/Mar/2024:02:19:18 -0500] "GET /mujeres-que-reverdecen-y-sembradoras-por-la-reactivaccion-el-cuidado-y-el-ambiente-de-la-mano-por-bogota.html HTTP/1.1" 304 -
157.55.39.15 - - [12/Mar/2024:02:19:38 -0500] "GET /Publicaciones/2023EE72588.pdf HTTP/1.1" 404 227
201.245.192.253 - - [12/Mar/2024:02:19:43 -0500] "POST /kwsrmcab/Wsrmcab  HTTP/1.1" 200 39632
201.245.192.253 - - [12/Mar/2024:02:19:43 -0500] "POST /kwsrmcab/Wsrmcab HTTP/1.1" 200 38930
201.245.192.253 - - [12/Mar/2024:02:19:44 -0500] "POST /kwsrmcab/Wsrmcab HTTP/1.1" 200 37791
201.245.192.253 - - [12/Mar/2024:02:20:07 -0500] "POST /kwsrmcab/Wsrmcab HTTP/1.1" 200 36979
201.245.192.253 - - [12/Mar/2024:02:20:28 -0500] "POST /forms/lservlet;jsessionid=ac16012b30d6e00f34737bca44f68864aadf19793c73.e3iSbxaKaheRe3iNc3uNbNmQay1ynknvrkLOlQzNp65In0 HTTP/1.1" 200 2
216.245.221.92 - - [12/Mar/2024:02:20:49 -0500] "HEAD / HTTP/1.1" 200 -
172.22.2.4 - - [12/Mar/2024:02:21:10 -0500] "GET /BLA/boletinlegal/actos.php HTTP/1.1" 200 9738
172.22.2.4 - - [12/Mar/2024:02:21:11 -0500] "GET /BLA/boletinlegal/styles2.css HTTP/1.1" 200 1838
172.22.2.4 - - [12/Mar/2024:02:21:11 -0500] "GET /BLA/boletinlegal/niceforms-default.css HTTP/1.1" 200 6694
172.22.2.4 - - [12/Mar/2024:02:21:11 -0500] "GET /BLA/boletinlegal/style.css HTTP/1.1" 200 9406
172.22.2.4 - - [12/Mar/2024:02:21:12 -0500] "GET /BLA/boletinlegal/niceforms.js HTTP/1.1" 200 22876
172.22.2.4 - - [12/Mar/2024:02:19:36 -0500] "HEAD /BLA/boletinlegal/ HTTP/1.1" 200 -
66.249.66.20 - - [12/Mar/2024:02:21:41 -0500] "GET /BLA/resoluciones/RESOLUCIONES%202021/5262.pdf HTTP/1.1" 200 370932
172.22.2.4 - - [12/Mar/2024:02:21:16 -0500] "GET /BLA/boletinlegal/ HTTP/1.1" 200 20427
172.22.2.4 - - [12/Mar/2024:02:21:32 -0500] "GET /BLA/boletinlegal/ HTTP/1.1" 200 20427
172.22.2.4 - - [12/Mar/2024:02:20:26 -0500] "GET /BLA/boletinlegal/ HTTP/1.1" 200 53818
201.245.192.253 - - [12/Mar/2024:02:20:57 -0500] "POST /kwsrmcab/Wsrmcab HTTP/1.1" 200 27850
201.245.192.253 - - [12/Mar/2024:02:22:29 -0500] "POST /forms/lservlet;jsessionid=ac16012b30d6e00f34737bca44f68864aadf19793c73.e3iSbxaKaheRe3iNc3uNbNmQay1ynknvrkLOlQzNp65In0 HTTP/1.1" 200 2
40.77.167.52 - - [12/Mar/2024:02:23:57 -0500] "GET /Publicaciones/2024EE31906.pdf HTTP/1.1" 404 227
201.245.192.253 - - [12/Mar/2024:02:24:29 -0500] "POST /forms/lservlet;jsessionid=ac16012b30d6e00f34737bca44f68864aadf19793c73.e3iSbxaKaheRe3iNc3uNbNmQay1ynknvrkLOlQzNp65In0 HTTP/1.1" 200 2
201.245.192.253 - - [12/Mar/2024:02:24:41 -0500] "POST /kwsrmcab/Wsrmcab  HTTP/1.1" 200 39632
216.245.221.92 - - [12/Mar/2024:02:25:49 -0500] "HEAD / HTTP/1.1" 200 -
138.201.157.89 - - [12/Mar/2024:02:25:54 -0500] "GET / HTTP/1.1" 200 4720
201.245.192.253 - - [12/Mar/2024:02:26:29 -0500] "POST /forms/lservlet;jsessionid=ac16012b30d6e00f34737bca44f68864aadf19793c73.e3iSbxaKaheRe3iNc3uNbNmQay1ynknvrkLOlQzNp65In0 HTTP/1.1" 200 2
172.22.2.4 - - [12/Mar/2024:02:25:26 -0500] "HEAD /BLA/boletinlegal/ HTTP/1.1" 200 -
172.22.2.4 - - [12/Mar/2024:02:26:17 -0500] "GET /BLA/boletinlegal/ HTTP/1.1" 200 53818
216.244.66.195 - - [12/Mar/2024:02:28:23 -0500] "GET /Residuos/maderas/maderas.html HTTP/1.1" 200 1957
201.245.192.253 - - [12/Mar/2024:02:28:29 -0500] "POST /forms/lservlet;jsessionid=ac16012b30d6e00f34737bca44f68864aadf19793c73.e3iSbxaKaheRe3iNc3uNbNmQay1ynknvrkLOlQzNp65In0 HTTP/1.1" 200 2
201.245.192.253 - - [12/Mar/2024:02:29:40 -0500] "POST /kwsrmcab/Wsrmcab  HTTP/1.1" 200 39632
201.245.192.253 - - [12/Mar/2024:02:29:44 -0500] "POST /kwsrmcab/Wsrmcab HTTP/1.1" 200 38930
201.245.192.253 - - [12/Mar/2024:02:29:44 -0500] "POST /kwsrmcab/Wsrmcab HTTP/1.1" 200 37791
201.245.192.253 - - [12/Mar/2024:02:30:08 -0500] "POST /kwsrmcab/Wsrmcab HTTP/1.1" 200 36979
201.245.192.253 - - [12/Mar/2024:02:30:29 -0500] "POST /forms/lservlet;jsessionid=ac16012b30d6e00f34737bca44f68864aadf19793c73.e3iSbxaKaheRe3iNc3uNbNmQay1ynknvrkLOlQzNp65In0 HTTP/1.1" 200 2
216.245.221.92 - - [12/Mar/2024:02:30:49 -0500] "HEAD / HTTP/1.1" 200 -
201.245.192.253 - - [12/Mar/2024:02:30:57 -0500] "POST /kwsrmcab/Wsrmcab HTTP/1.1" 200 37791
201.245.192.253 - - [12/Mar/2024:02:32:29 -0500] "POST /forms/lservlet;jsessionid=ac16012b30d6e00f34737bca44f68864aadf19793c73.e3iSbxaKaheRe3iNc3uNbNmQay1ynknvrkLOlQzNp65In0 HTTP/1.1" 200 2
172.22.2.4 - - [12/Mar/2024:02:31:16 -0500] "HEAD /BLA/boletinlegal/ HTTP/1.1" 200 -
172.22.2.4 - - [12/Mar/2024:02:32:06 -0500] "GET /BLA/boletinlegal/ HTTP/1.1" 200 53818
201.245.192.253 - - [12/Mar/2024:02:34:29 -0500] "POST /forms/lservlet;jsessionid=ac16012b30d6e00f34737bca44f68864aadf19793c73.e3iSbxaKaheRe3iNc3uNbNmQay1ynknvrkLOlQzNp65In0 HTTP/1.1" 200 2
201.245.192.253 - - [12/Mar/2024:02:34:38 -0500] "POST /kwsrmcab/Wsrmcab  HTTP/1.1" 200 39632
216.245.221.92 - - [12/Mar/2024:02:35:49 -0500] "HEAD / HTTP/1.1" 200 -
201.245.192.253 - - [12/Mar/2024:02:36:29 -0500] "POST /forms/lservlet;jsessionid=ac16012b30d6e00f34737bca44f68864aadf19793c73.e3iSbxaKaheRe3iNc3uNbNmQay1ynknvrkLOlQzNp65In0 HTTP/1.1" 200 2
216.244.66.195 - - [12/Mar/2024:02:37:44 -0500] "GET /galeria/galeria/fotos/Capellania3G.jpg HTTP/1.1" 200 515718
216.244.66.195 - - [12/Mar/2024:02:37:48 -0500] "GET /silvicultura/12.pdf HTTP/1.1" 200 135979
66.249.66.165 - - [12/Mar/2024:02:38:19 -0500] "GET /portaldeninos/2021/06/01/agroecologia-tips-para-germinar-semillas-en-casa/ HTTP/1.1" 200 105801
201.245.192.253 - - [12/Mar/2024:02:38:29 -0500] "POST /forms/lservlet;jsessionid=ac16012b30d6e00f34737bca44f68864aadf19793c73.e3iSbxaKaheRe3iNc3uNbNmQay1ynknvrkLOlQzNp65In0 HTTP/1.1" 200 2
172.22.2.4 - - [12/Mar/2024:02:37:06 -0500] "HEAD /BLA/boletinlegal/ HTTP/1.1" 200 -
66.249.66.165 - - [12/Mar/2024:02:39:03 -0500] "GET /portaldeninos/wp-content/themes/betheme/css/base.css?ver=20.9.6 HTTP/1.1" 200 57283
66.249.66.165 - - [12/Mar/2024:02:39:04 -0500] "GET /portaldeninos/wp-content/uploads/useanyfont/uaf.css?ver=1589905315 HTTP/1.1" 200 408
216.244.66.195 - - [12/Mar/2024:02:39:32 -0500] "GET /BLA/resoluciones/AUTOS%202010/4266.pdf HTTP/1.1" 200 218221
201.245.192.253 - - [12/Mar/2024:02:39:35 -0500] "POST /kwsrmcab/Wsrmcab  HTTP/1.1" 200 39632
172.22.2.4 - - [12/Mar/2024:02:37:56 -0500] "GET /BLA/boletinlegal/ HTTP/1.1" 200 58273
201.245.192.253 - - [12/Mar/2024:02:39:44 -0500] "POST /kwsrmcab/Wsrmcab HTTP/1.1" 200 38930
201.245.192.253 - - [12/Mar/2024:02:39:45 -0500] "POST /kwsrmcab/Wsrmcab HTTP/1.1" 200 37791
201.245.192.253 - - [12/Mar/2024:02:40:08 -0500] "POST /kwsrmcab/Wsrmcab HTTP/1.1" 200 36979
201.245.192.253 - - [12/Mar/2024:02:40:29 -0500] "POST /forms/lservlet;jsessionid=ac16012b30d6e00f34737bca44f68864aadf19793c73.e3iSbxaKaheRe3iNc3uNbNmQay1ynknvrkLOlQzNp65In0 HTTP/1.1" 200 2
216.245.221.92 - - [12/Mar/2024:02:40:49 -0500] "HEAD / HTTP/1.1" 200 -
201.245.192.253 - - [12/Mar/2024:02:40:56 -0500] "POST /kwsrmcab/Wsrmcab HTTP/1.1" 200 37791
201.245.192.253 - - [12/Mar/2024:02:42:29 -0500] "POST /forms/lservlet;jsessionid=ac16012b30d6e00f34737bca44f68864aadf19793c73.e3iSbxaKaheRe3iNc3uNbNmQay1ynknvrkLOlQzNp65In0 HTTP/1.1" 200 2
201.245.192.253 - - [12/Mar/2024:02:44:29 -0500] "POST /forms/lservlet;jsessionid=ac16012b30d6e00f34737bca44f68864aadf19793c73.e3iSbxaKaheRe3iNc3uNbNmQay1ynknvrkLOlQzNp65In0 HTTP/1.1" 200 2
201.245.192.253 - - [12/Mar/2024:02:44:33 -0500] "POST /kwsrmcab/Wsrmcab  HTTP/1.1" 200 39632
172.22.2.4 - - [12/Mar/2024:02:42:56 -0500] "HEAD /BLA/boletinlegal/ HTTP/1.1" 200 -
172.22.2.4 - - [12/Mar/2024:02:43:46 -0500] "GET /BLA/boletinlegal/ HTTP/1.1" 200 58720
172.22.2.4 - - [12/Mar/2024:02:45:32 -0500] "GET /BLA/boletinlegal/jurisprudencia/analisis/AnalisisT-146-16.docx HTTP/1.1" 304 -
216.245.221.92 - - [12/Mar/2024:02:45:49 -0500] "HEAD / HTTP/1.1" 200 -
201.245.192.253 - - [12/Mar/2024:02:46:29 -0500] "POST /forms/lservlet;jsessionid=ac16012b30d6e00f34737bca44f68864aadf19793c73.e3iSbxaKaheRe3iNc3uNbNmQay1ynknvrkLOlQzNp65In0 HTTP/1.1" 200 2
59.89.184.143 - - [12/Mar/2024:02:46:41 -0500] "GET / HTTP/1.1" 200 319
216.244.66.195 - - [12/Mar/2024:02:47:33 -0500] "GET /robots.txt HTTP/1.1" 404 1018
201.245.192.253 - - [12/Mar/2024:02:48:29 -0500] "POST /forms/lservlet;jsessionid=ac16012b30d6e00f34737bca44f68864aadf19793c73.e3iSbxaKaheRe3iNc3uNbNmQay1ynknvrkLOlQzNp65In0 HTTP/1.1" 200 2
201.245.192.253 - - [12/Mar/2024:02:49:32 -0500] "POST /kwsrmcab/Wsrmcab  HTTP/1.1" 200 39632
66.249.66.20 - - [12/Mar/2024:02:49:41 -0500] "GET /isolucionsda/FrameSetArticulo.asp?Pagina=/isolucionsda/bancoconocimiento/R/Resolucion930demayo6de2008/Resolucion930demayo6de2008.asp?IdArticulo=298 HTTP/1.1" 200 527
172.22.2.4 - - [12/Mar/2024:02:48:46 -0500] "HEAD /BLA/boletinlegal/ HTTP/1.1" 200 -
201.245.192.253 - - [12/Mar/2024:02:50:29 -0500] "POST /forms/lservlet;jsessionid=ac16012b30d6e00f34737bca44f68864aadf19793c73.e3iSbxaKaheRe3iNc3uNbNmQay1ynknvrkLOlQzNp65In0 HTTP/1.1" 200 2
216.245.221.92 - - [12/Mar/2024:02:50:49 -0500] "HEAD / HTTP/1.1" 200 -
172.22.2.4 - - [12/Mar/2024:02:49:36 -0500] "GET /BLA/boletinlegal/ HTTP/1.1" 200 58720
39.109.86.7 - - [12/Mar/2024:02:52:09 -0500] "GET /portaldeninos/wp-content/uploads/2020/01/Tierra-escenario.jpg HTTP/1.1" 200 181491
201.245.192.253 - - [12/Mar/2024:02:52:29 -0500] "POST /forms/lservlet;jsessionid=ac16012b30d6e00f34737bca44f68864aadf19793c73.e3iSbxaKaheRe3iNc3uNbNmQay1ynknvrkLOlQzNp65In0 HTTP/1.1" 200 2
201.245.192.253 - - [12/Mar/2024:02:54:29 -0500] "POST /forms/lservlet;jsessionid=ac16012b30d6e00f34737bca44f68864aadf19793c73.e3iSbxaKaheRe3iNc3uNbNmQay1ynknvrkLOlQzNp65In0 HTTP/1.1" 200 2
201.245.192.253 - - [12/Mar/2024:02:54:31 -0500] "POST /kwsrmcab/Wsrmcab  HTTP/1.1" 200 39632
5.62.34.18 - - [12/Mar/2024:02:54:27 -0500] "GET /portaldeninos/ HTTP/1.1" 200 110175
5.62.34.18 - - [12/Mar/2024:02:54:52 -0500] "GET /portaldeninos/wp-content/plugins/google-analytics-for-wordpress/assets/js/frontend-gtag.min.js?ver=8.5.0 HTTP/1.1" 200 11801
5.62.34.18 - - [12/Mar/2024:02:55:30 -0500] "GET /portaldeninos/wp-includes/js/jquery/jquery.js?ver=1.12.4 HTTP/1.1" 200 97184
216.245.221.92 - - [12/Mar/2024:02:55:49 -0500] "HEAD / HTTP/1.1" 200 -
5.62.34.18 - - [12/Mar/2024:02:55:57 -0500] "GET /portaldeninos/wp-includes/js/jquery/jquery-migrate.min.js?ver=1.4.1 HTTP/1.1" 200 10056
172.22.2.4 - - [12/Mar/2024:02:54:36 -0500] "HEAD /BLA/boletinlegal/ HTTP/1.1" 200 -
201.245.192.253 - - [12/Mar/2024:02:56:29 -0500] "POST /forms/lservlet;jsessionid=ac16012b30d6e00f34737bca44f68864aadf19793c73.e3iSbxaKaheRe3iNc3uNbNmQay1ynknvrkLOlQzNp65In0 HTTP/1.1" 200 2
5.62.34.18 - - [12/Mar/2024:02:56:34 -0500] "GET /portaldeninos/wp-includes/js/jquery/ui/core.min.js?ver=1.11.4 HTTP/1.1" 200 4000
5.62.34.18 - - [12/Mar/2024:02:56:52 -0500] "GET /portaldeninos/wp-content/plugins/gallery-videos/JS/modernizr.custom.js?ver=4.9.8 HTTP/1.1" 200 9019
172.22.2.4 - - [12/Mar/2024:02:55:26 -0500] "GET /BLA/boletinlegal/ HTTP/1.1" 200 57136
5.62.34.18 - - [12/Mar/2024:02:57:07 -0500] "GET /portaldeninos/wp-content/plugins/gallery-videos/JS/Total-Soft-Gallery-Video-Widget.js?ver=4.9.8 HTTP/1.1" 200 80264
5.62.34.18 - - [12/Mar/2024:02:57:20 -0500] "GET /portaldeninos/wp-includes/js/jquery/ui/widget.min.js?ver=1.11.4 HTTP/1.1" 200 6908
172.22.2.4 - - [12/Mar/2024:02:56:57 -0500] "GET /BLA/boletinlegal/ HTTP/1.1" 200 20427
5.62.34.18 - - [12/Mar/2024:02:57:35 -0500] "GET /portaldeninos/wp-includes/js/jquery/ui/mouse.min.js?ver=1.11.4 HTTP/1.1" 200 3148
5.62.34.18 - - [12/Mar/2024:02:57:47 -0500] "GET /portaldeninos/wp-includes/js/jquery/ui/sortable.min.js?ver=1.11.4 HTTP/1.1" 200 24899
5.62.34.18 - - [12/Mar/2024:02:58:14 -0500] "GET /portaldeninos/wp-includes/js/jquery/ui/tabs.min.js?ver=1.11.4 HTTP/1.1" 200 12110
5.62.34.18 - - [12/Mar/2024:02:58:26 -0500] "GET /portaldeninos/wp-includes/js/jquery/ui/accordion.min.js?ver=1.11.4 HTTP/1.1" 200 8584
201.245.192.253 - - [12/Mar/2024:02:58:29 -0500] "POST /forms/lservlet;jsessionid=ac16012b30d6e00f34737bca44f68864aadf19793c73.e3iSbxaKaheRe3iNc3uNbNmQay1ynknvrkLOlQzNp65In0 HTTP/1.1" 200 2
5.62.34.18 - - [12/Mar/2024:02:59:02 -0500] "GET /portaldeninos/wp-content/themes/betheme/js/plugins.js?ver=20.9.6 HTTP/1.1" 200 197151
201.245.192.253 - - [12/Mar/2024:02:59:29 -0500] "POST /kwsrmcab/Wsrmcab  HTTP/1.1" 200 39632
5.62.34.18 - - [12/Mar/2024:02:59:31 -0500] "GET /portaldeninos/wp-content/themes/betheme/js/menu.js?ver=20.9.6 HTTP/1.1" 200 2449
5.62.34.18 - - [12/Mar/2024:02:59:58 -0500] "GET /portaldeninos/wp-content/themes/betheme/assets/animations/animations.min.js?ver=20.9.6 HTTP/1.1" 200 1896
66.249.66.38 - - [12/Mar/2024:03:00:21 -0500] "GET /distrito-alcanza-ya-15-acuerdos-de-conservacion-por-174-02-hectareas-para-consolidar-varios-ecosistemas-estrategicos-de-bogota.html HTTP/1.1" 200 1061
201.245.192.253 - - [12/Mar/2024:03:00:29 -0500] "POST /forms/lservlet;jsessionid=ac16012b30d6e00f34737bca44f68864aadf19793c73.e3iSbxaKaheRe3iNc3uNbNmQay1ynknvrkLOlQzNp65In0 HTTP/1.1" 200 2
5.62.34.18 - - [12/Mar/2024:03:00:33 -0500] "GET /portaldeninos/wp-content/themes/betheme/assets/jplayer/jplayer.min.js?ver=20.9.6 HTTP/1.1" 200 52702
216.245.221.92 - - [12/Mar/2024:03:00:48 -0500] "HEAD / HTTP/1.1" 200 -
5.62.34.18 - - [12/Mar/2024:03:00:58 -0500] "GET /portaldeninos/wp-content/themes/betheme/js/scripts.js?ver=20.9.6 HTTP/1.1" 200 77162
172.22.2.4 - - [12/Mar/2024:03:01:19 -0500] "POST /BLA/boletinlegal/vpnsvc/connect.cgi HTTP/1.1" 404 1018
5.62.34.18 - - [12/Mar/2024:03:01:22 -0500] "GET /portaldeninos/wp-includes/js/jquery/ui/position.min.js?ver=1.11.4 HTTP/1.1" 200 6527
5.62.34.18 - - [12/Mar/2024:03:01:46 -0500] "GET /portaldeninos/wp-content/plugins/popup-maker/assets/js/site.min.js?defer&ver=1.8.14 HTTP/1.1" 200 48457
