201.245.192.253 - - [12/Mar/2024:04:54:29 -0500] "POST /forms/lservlet;jsessionid=ac16012b30d6e00f34737bca44f68864aadf19793c73.e3iSbxaKaheRe3iNc3uNbNmQay1ynknvrkLOlQzNp65In0 HTTP/1.1" 200 2
172.22.2.4 - - [12/Mar/2024:04:55:00 -0500] "GET /BLA/boletinlegal/Directivas/2019/Directiva%20No.%200001%20del%2011%20de%20junio%20de%202019.pdf HTTP/1.1" 304 -
172.22.2.4 - - [12/Mar/2024:04:55:05 -0500] "GET /BLA/boletinlegal/robots.txt HTTP/1.1" 404 1038
216.245.221.92 - - [12/Mar/2024:04:55:48 -0500] "HEAD / HTTP/1.1" 200 -
172.22.2.4 - - [12/Mar/2024:04:54:12 -0500] "HEAD /BLA/boletinlegal/ HTTP/1.1" 200 -
201.245.192.253 - - [12/Mar/2024:04:56:29 -0500] "POST /forms/lservlet;jsessionid=ac16012b30d6e00f34737bca44f68864aadf19793c73.e3iSbxaKaheRe3iNc3uNbNmQay1ynknvrkLOlQzNp65In0 HTTP/1.1" 200 2
172.22.2.4 - - [12/Mar/2024:04:55:05 -0500] "GET /BLA/boletinlegal/ HTTP/1.1" 200 59083
172.22.2.4 - - [12/Mar/2024:04:58:02 -0500] "GET /BLA/boletinlegal/jurisprudencia/analisis/AnalisisC-035-16.docx HTTP/1.1" 304 -
201.245.192.253 - - [12/Mar/2024:04:58:29 -0500] "POST /forms/lservlet;jsessionid=ac16012b30d6e00f34737bca44f68864aadf19793c73.e3iSbxaKaheRe3iNc3uNbNmQay1ynknvrkLOlQzNp65In0 HTTP/1.1" 200 2
172.22.2.4 - - [12/Mar/2024:04:57:05 -0500] "HEAD /BLA/boletinlegal/ HTTP/1.1" 200 -
201.245.192.253 - - [12/Mar/2024:04:58:53 -0500] "POST /kwsrmcab/Wsrmcab  HTTP/1.1" 200 39634
52.167.144.55 - - [12/Mar/2024:04:59:33 -0500] "GET /robots.txt HTTP/1.1" 404 1018
172.22.2.4 - - [12/Mar/2024:04:57:56 -0500] "GET /BLA/boletinlegal/ HTTP/1.1" 200 57485
66.249.66.164 - - [12/Mar/2024:05:00:17 -0500] "GET /BLA/boletinlegal/Directivas/2014/Directiva%20No.%205%20del%2026%20de%20Diciembre%20de%202014.pdf HTTP/1.1" 200 3424865
201.245.192.253 - - [12/Mar/2024:05:00:29 -0500] "POST /forms/lservlet;jsessionid=ac16012b30d6e00f34737bca44f68864aadf19793c73.e3iSbxaKaheRe3iNc3uNbNmQay1ynknvrkLOlQzNp65In0 HTTP/1.1" 200 2
216.245.221.92 - - [12/Mar/2024:05:00:48 -0500] "HEAD / HTTP/1.1" 200 -
172.22.2.4 - - [12/Mar/2024:05:01:30 -0500] "GET /BLA/boletinlegal/jurisprudencia/analisis/G__Jurisp.%20Junio%202014_Sent%20Tutela%20Drumond.docx HTTP/1.1" 304 -
201.245.192.253 - - [12/Mar/2024:05:02:29 -0500] "POST /forms/lservlet;jsessionid=ac16012b30d6e00f34737bca44f68864aadf19793c73.e3iSbxaKaheRe3iNc3uNbNmQay1ynknvrkLOlQzNp65In0 HTTP/1.1" 200 2
201.245.192.253 - - [12/Mar/2024:05:03:51 -0500] "POST /kwsrmcab/Wsrmcab  HTTP/1.1" 200 39634
201.245.192.253 - - [12/Mar/2024:05:04:29 -0500] "POST /forms/lservlet;jsessionid=ac16012b30d6e00f34737bca44f68864aadf19793c73.e3iSbxaKaheRe3iNc3uNbNmQay1ynknvrkLOlQzNp65In0 HTTP/1.1" 200 2
172.22.2.4 - - [12/Mar/2024:05:02:55 -0500] "HEAD /BLA/boletinlegal/ HTTP/1.1" 200 -
17.241.75.14 - - [12/Mar/2024:05:04:46 -0500] "GET /robots.txt HTTP/1.1" 404 1034
17.241.75.14 - - [12/Mar/2024:05:04:46 -0500] "GET /bogota-reverdece-219-nuevos-arboles-plantados-en-ciudad-bolivar.html HTTP/1.1" 200 849
172.22.2.4 - - [12/Mar/2024:05:03:46 -0500] "GET /BLA/boletinlegal/ HTTP/1.1" 200 58273
216.245.221.92 - - [12/Mar/2024:05:05:48 -0500] "HEAD / HTTP/1.1" 200 -
157.55.39.52 - - [12/Mar/2024:05:06:15 -0500] "GET /BLA/resoluciones/RESOLUCIONES%202021/1162.pdf HTTP/1.1" 304 -
201.245.192.253 - - [12/Mar/2024:05:06:30 -0500] "POST /forms/lservlet;jsessionid=ac16012b30d6e00f34737bca44f68864aadf19793c73.e3iSbxaKaheRe3iNc3uNbNmQay1ynknvrkLOlQzNp65In0 HTTP/1.1" 200 2
201.245.192.253 - - [12/Mar/2024:05:08:30 -0500] "POST /forms/lservlet;jsessionid=ac16012b30d6e00f34737bca44f68864aadf19793c73.e3iSbxaKaheRe3iNc3uNbNmQay1ynknvrkLOlQzNp65In0 HTTP/1.1" 200 2
201.245.192.253 - - [12/Mar/2024:05:08:50 -0500] "POST /kwsrmcab/Wsrmcab  HTTP/1.1" 200 39634
172.22.2.4 - - [12/Mar/2024:05:08:45 -0500] "HEAD /BLA/boletinlegal/ HTTP/1.1" 200 -
201.245.192.253 - - [12/Mar/2024:05:10:30 -0500] "POST /forms/lservlet;jsessionid=ac16012b30d6e00f34737bca44f68864aadf19793c73.e3iSbxaKaheRe3iNc3uNbNmQay1ynknvrkLOlQzNp65In0 HTTP/1.1" 200 2
216.245.221.92 - - [12/Mar/2024:05:10:48 -0500] "HEAD / HTTP/1.1" 200 -
172.22.2.4 - - [12/Mar/2024:05:09:36 -0500] "GET /BLA/boletinlegal/ HTTP/1.1" 200 58273
168.119.253.32 - - [12/Mar/2024:05:11:45 -0500] "GET / HTTP/1.1" 200 4720
201.245.192.253 - - [12/Mar/2024:05:12:30 -0500] "POST /forms/lservlet;jsessionid=ac16012b30d6e00f34737bca44f68864aadf19793c73.e3iSbxaKaheRe3iNc3uNbNmQay1ynknvrkLOlQzNp65In0 HTTP/1.1" 200 2
201.245.192.253 - - [12/Mar/2024:05:13:49 -0500] "POST /kwsrmcab/Wsrmcab  HTTP/1.1" 200 39632
201.245.192.253 - - [12/Mar/2024:05:14:30 -0500] "POST /forms/lservlet;jsessionid=ac16012b30d6e00f34737bca44f68864aadf19793c73.e3iSbxaKaheRe3iNc3uNbNmQay1ynknvrkLOlQzNp65In0 HTTP/1.1" 200 2
66.249.66.12 - - [12/Mar/2024:05:15:37 -0500] "GET /BLA/resoluciones/Notificaciones/AUTOS%202023/5883.pdf HTTP/1.1" 304 -
216.245.221.92 - - [12/Mar/2024:05:15:48 -0500] "HEAD / HTTP/1.1" 200 -
172.22.2.4 - - [12/Mar/2024:05:14:35 -0500] "HEAD /BLA/boletinlegal/ HTTP/1.1" 200 -
201.245.192.253 - - [12/Mar/2024:05:16:30 -0500] "POST /forms/lservlet;jsessionid=ac16012b30d6e00f34737bca44f68864aadf19793c73.e3iSbxaKaheRe3iNc3uNbNmQay1ynknvrkLOlQzNp65In0 HTTP/1.1" 200 2
172.22.2.4 - - [12/Mar/2024:05:15:26 -0500] "GET /BLA/boletinlegal/ HTTP/1.1" 200 58273
201.245.192.253 - - [12/Mar/2024:05:18:30 -0500] "POST /forms/lservlet;jsessionid=ac16012b30d6e00f34737bca44f68864aadf19793c73.e3iSbxaKaheRe3iNc3uNbNmQay1ynknvrkLOlQzNp65In0 HTTP/1.1" 200 2
172.22.2.4 - - [12/Mar/2024:05:18:35 -0500] "GET /BLA/boletinlegal/conceptos.php HTTP/1.1" 200 7588
201.245.192.253 - - [12/Mar/2024:05:18:47 -0500] "POST /kwsrmcab/Wsrmcab  HTTP/1.1" 200 39632
201.245.192.253 - - [12/Mar/2024:05:19:43 -0500] "POST /kwsrmcab/Wsrmcab HTTP/1.1" 200 39105
201.245.192.253 - - [12/Mar/2024:05:19:43 -0500] "POST /kwsrmcab/Wsrmcab HTTP/1.1" 200 37806
201.245.192.253 - - [12/Mar/2024:05:20:07 -0500] "POST /kwsrmcab/Wsrmcab HTTP/1.1" 200 36993
201.245.192.253 - - [12/Mar/2024:05:20:30 -0500] "POST /forms/lservlet;jsessionid=ac16012b30d6e00f34737bca44f68864aadf19793c73.e3iSbxaKaheRe3iNc3uNbNmQay1ynknvrkLOlQzNp65In0 HTTP/1.1" 200 2
172.22.2.4 - - [12/Mar/2024:05:20:42 -0500] "GET /BLA/boletinlegal/conceptos.php HTTP/1.1" 200 7588
216.245.221.92 - - [12/Mar/2024:05:20:48 -0500] "HEAD / HTTP/1.1" 200 -
201.245.192.253 - - [12/Mar/2024:05:20:52 -0500] "POST /kwsrmcab/Wsrmcab HTTP/1.1" 200 37806
191.104.146.227 - - [12/Mar/2024:05:21:09 -0500] "GET /sipse/faces/faces/autenticacion.xhtml HTTP/1.1" 200 12724
191.104.146.227 - - [12/Mar/2024:05:21:09 -0500] "GET /sipse/faces/javax.faces.resource/layout/layout.css;jsessionid=dLvpzX6wKYrpQ3vKHR08Ht0j.undefined?ln=primefaces&v=4.0 HTTP/1.1" 200 542
191.104.146.227 - - [12/Mar/2024:05:21:09 -0500] "GET /sipse/faces/javax.faces.resource/theme.css?ln=primefaces-sipse HTTP/1.1" 304 -
191.104.146.227 - - [12/Mar/2024:05:21:09 -0500] "GET /sipse/faces/javax.faces.resource/layout/layout.js;jsessionid=dLvpzX6wKYrpQ3vKHR08Ht0j.undefined?ln=primefaces&v=4.0 HTTP/1.1" 200 87560
191.104.146.227 - - [12/Mar/2024:05:21:09 -0500] "GET /sipse/faces/javax.faces.resource/jquery/jquery.js;jsessionid=dLvpzX6wKYrpQ3vKHR08Ht0j.undefined?ln=primefaces&v=4.0 HTTP/1.1" 200 105384
191.104.146.227 - - [12/Mar/2024:05:21:09 -0500] "GET /sipse/faces/javax.faces.resource/primefaces.css;jsessionid=dLvpzX6wKYrpQ3vKHR08Ht0j.undefined?ln=primefaces&v=4.0 HTTP/1.1" 200 53295
191.104.146.227 - - [12/Mar/2024:05:21:09 -0500] "GET /sipse/faces/javax.faces.resource/jquery/jquery-plugins.js;jsessionid=dLvpzX6wKYrpQ3vKHR08Ht0j.undefined?ln=primefaces&v=4.0 HTTP/1.1" 200 220526
191.104.146.227 - - [12/Mar/2024:05:21:09 -0500] "GET /sipse/faces/javax.faces.resource/primefaces.js;jsessionid=dLvpzX6wKYrpQ3vKHR08Ht0j.undefined?ln=primefaces&v=4.0 HTTP/1.1" 200 276924
191.104.146.227 - - [12/Mar/2024:05:21:09 -0500] "GET /sipse/faces/javax.faces.resource/images/ui-icons_898989_256x240.png?ln=primefaces-aristo HTTP/1.1" 304 -
191.104.146.227 - - [12/Mar/2024:05:21:09 -0500] "GET /sipse/faces/faces/index.xhtml HTTP/1.1" 200 677
191.104.146.227 - - [12/Mar/2024:05:21:09 -0500] "GET /sipse/faces/javax.faces.resource/theme.css?ln=primefaces-sipse HTTP/1.1" 304 -
191.104.146.227 - - [12/Mar/2024:05:21:09 -0500] "GET /sipse/faces/faces/faces/autenticacion.xhtml HTTP/1.1" 200 12402
191.104.146.227 - - [12/Mar/2024:05:21:09 -0500] "GET /sipse/faces/javax.faces.resource/theme.css?ln=primefaces-sipse HTTP/1.1" 304 -
191.104.146.227 - - [12/Mar/2024:05:21:09 -0500] "GET /sipse/faces/javax.faces.resource/layout/layout.css?ln=primefaces&v=4.0 HTTP/1.1" 304 -
191.104.146.227 - - [12/Mar/2024:05:21:09 -0500] "GET /sipse/faces/javax.faces.resource/primefaces.css?ln=primefaces&v=4.0 HTTP/1.1" 304 -
191.104.146.227 - - [12/Mar/2024:05:21:09 -0500] "GET /sipse/faces/javax.faces.resource/jquery/jquery.js?ln=primefaces&v=4.0 HTTP/1.1" 304 -
191.104.146.227 - - [12/Mar/2024:05:21:09 -0500] "GET /sipse/faces/javax.faces.resource/jquery/jquery-plugins.js?ln=primefaces&v=4.0 HTTP/1.1" 304 -
191.104.146.227 - - [12/Mar/2024:05:21:09 -0500] "GET /sipse/faces/javax.faces.resource/primefaces.js?ln=primefaces&v=4.0 HTTP/1.1" 304 -
191.104.146.227 - - [12/Mar/2024:05:21:09 -0500] "GET /sipse/faces/javax.faces.resource/layout/layout.js?ln=primefaces&v=4.0 HTTP/1.1" 304 -
191.104.146.227 - - [12/Mar/2024:05:21:09 -0500] "GET /sipse/faces/javax.faces.resource/images/ui-icons_898989_256x240.png?ln=primefaces-aristo HTTP/1.1" 304 -
191.104.146.227 - - [12/Mar/2024:05:21:11 -0500] "POST /sipse/faces/autenticacion.xhtml HTTP/1.1" 200 16280
191.104.146.227 - - [12/Mar/2024:05:21:11 -0500] "GET /sipse/css/custom_css_sg_prime.css HTTP/1.1" 200 5201
191.104.146.227 - - [12/Mar/2024:05:21:11 -0500] "GET /sipse/faces/javax.faces.resource/jquery/jquery.js?ln=primefaces&v=4.0 HTTP/1.1" 304 -
191.104.146.227 - - [12/Mar/2024:05:21:11 -0500] "GET /sipse/faces/javax.faces.resource/jquery/jquery-plugins.js?ln=primefaces&v=4.0 HTTP/1.1" 304 -
191.104.146.227 - - [12/Mar/2024:05:21:11 -0500] "GET /sipse/faces/javax.faces.resource/primefaces.js?ln=primefaces&v=4.0 HTTP/1.1" 304 -
191.104.146.227 - - [12/Mar/2024:05:21:11 -0500] "GET /sipse/faces/javax.faces.resource/layout/layout.js?ln=primefaces&v=4.0 HTTP/1.1" 304 -
191.104.146.227 - - [12/Mar/2024:05:21:11 -0500] "GET /sipse/css/imagen/contrasena.png HTTP/1.1" 404 383
191.104.146.227 - - [12/Mar/2024:05:21:11 -0500] "GET /sipse/faces/javax.faces.resource/messages/messages.png?ln=primefaces&v=4.0 HTTP/1.1" 304 -
191.104.146.227 - - [12/Mar/2024:05:21:51 -0500] "GET /sipse/faces/javax.faces.resource/images/ui-bg_flat_0_2d5972_40x100.png?ln=primefaces-aristo HTTP/1.1" 304 -
191.104.146.227 - - [12/Mar/2024:05:21:51 -0500] "POST /sipse/faces/bienvenido.xhtml HTTP/1.1" 200 1471
191.104.146.227 - - [12/Mar/2024:05:21:52 -0500] "POST /sipse/faces/bienvenido.xhtml HTTP/1.1" 200 43204
191.104.146.227 - - [12/Mar/2024:05:21:52 -0500] "GET /sipse/faces/javax.faces.resource/jquery/jquery.js?ln=primefaces&v=4.0 HTTP/1.1" 304 -
191.104.146.227 - - [12/Mar/2024:05:21:52 -0500] "GET /sipse/faces/javax.faces.resource/jquery/jquery-plugins.js?ln=primefaces&v=4.0 HTTP/1.1" 304 -
191.104.146.227 - - [12/Mar/2024:05:21:52 -0500] "GET /sipse/faces/javax.faces.resource/primefaces.js?ln=primefaces&v=4.0 HTTP/1.1" 304 -
191.104.146.227 - - [12/Mar/2024:05:21:52 -0500] "GET /sipse/faces/javax.faces.resource/layout/layout.js?ln=primefaces&v=4.0 HTTP/1.1" 304 -
191.104.146.227 - - [12/Mar/2024:05:21:52 -0500] "POST /sipse/faces/presentacion/financiero/solicitudProceso/listarSolicitudProceso.xhtml HTTP/1.1" 200 1464
191.104.146.227 - - [12/Mar/2024:05:21:54 -0500] "POST /sipse/faces/presentacion/financiero/solicitudProceso/listarSolicitudProceso.xhtml HTTP/1.1" 200 148787
191.104.146.227 - - [12/Mar/2024:05:21:55 -0500] "GET /sipse/faces/javax.faces.resource/jquery/jquery.js?ln=primefaces&v=4.0 HTTP/1.1" 304 -
191.104.146.227 - - [12/Mar/2024:05:21:55 -0500] "GET /sipse/faces/javax.faces.resource/jquery/jquery-plugins.js?ln=primefaces&v=4.0 HTTP/1.1" 304 -
191.104.146.227 - - [12/Mar/2024:05:21:55 -0500] "GET /sipse/faces/javax.faces.resource/primefaces.js?ln=primefaces&v=4.0 HTTP/1.1" 304 -
191.104.146.227 - - [12/Mar/2024:05:21:55 -0500] "GET /sipse/faces/javax.faces.resource/layout/layout.js?ln=primefaces&v=4.0 HTTP/1.1" 304 -
191.104.146.227 - - [12/Mar/2024:05:22:03 -0500] "POST /sipse/faces/presentacion/financiero/solicitudProceso/consultarSolicitudProceso.xhtml HTTP/1.1" 200 298185
172.22.2.4 - - [12/Mar/2024:05:20:25 -0500] "HEAD /BLA/boletinlegal/ HTTP/1.1" 200 -
201.245.192.253 - - [12/Mar/2024:05:22:30 -0500] "POST /forms/lservlet;jsessionid=ac16012b30d6e00f34737bca44f68864aadf19793c73.e3iSbxaKaheRe3iNc3uNbNmQay1ynknvrkLOlQzNp65In0 HTTP/1.1" 200 2
172.22.2.4 - - [12/Mar/2024:05:21:16 -0500] "GET /BLA/boletinlegal/ HTTP/1.1" 200 58273
201.245.192.253 - - [12/Mar/2024:05:23:46 -0500] "POST /kwsrmcab/Wsrmcab  HTTP/1.1" 200 39632
201.245.192.253 - - [12/Mar/2024:05:24:30 -0500] "POST /forms/lservlet;jsessionid=ac16012b30d6e00f34737bca44f68864aadf19793c73.e3iSbxaKaheRe3iNc3uNbNmQay1ynknvrkLOlQzNp65In0 HTTP/1.1" 200 2
216.245.221.92 - - [12/Mar/2024:05:25:48 -0500] "HEAD / HTTP/1.1" 200 -
172.22.2.4 - - [12/Mar/2024:05:26:11 -0500] "GET /BLA/boletinlegal/Circulares/2019/Circular%20No.%200003%20del%2031%20de%20Enero%20de%202019.pdf HTTP/1.1" 304 -
201.245.192.253 - - [12/Mar/2024:05:26:30 -0500] "POST /forms/lservlet;jsessionid=ac16012b30d6e00f34737bca44f68864aadf19793c73.e3iSbxaKaheRe3iNc3uNbNmQay1ynknvrkLOlQzNp65In0 HTTP/1.1" 200 2
157.55.39.13 - - [12/Mar/2024:05:27:01 -0500] "GET /BLA/resoluciones/AUTOS%202022/1867.pdf HTTP/1.1" 304 -
189.203.191.140 - - [12/Mar/2024:05:27:15 -0500] "GET /BLA/resoluciones/RESOLUCIONES%202001/RESOLUCION%20311%20DE%202001.pdf HTTP/1.1" 200 398777
189.203.191.140 - - [12/Mar/2024:05:27:15 -0500] "GET /favicon.ico HTTP/1.1" 200 7782
172.22.2.4 - - [12/Mar/2024:05:26:15 -0500] "HEAD /BLA/boletinlegal/ HTTP/1.1" 200 -
172.22.2.4 - - [12/Mar/2024:05:28:02 -0500] "GET /BLA/boletinlegal/conceptos/2020/46.pdf HTTP/1.1" 304 -
201.245.192.253 - - [12/Mar/2024:05:28:30 -0500] "POST /forms/lservlet;jsessionid=ac16012b30d6e00f34737bca44f68864aadf19793c73.e3iSbxaKaheRe3iNc3uNbNmQay1ynknvrkLOlQzNp65In0 HTTP/1.1" 200 2
201.245.192.253 - - [12/Mar/2024:05:28:45 -0500] "POST /kwsrmcab/Wsrmcab  HTTP/1.1" 200 39632
172.22.2.4 - - [12/Mar/2024:05:27:06 -0500] "GET /BLA/boletinlegal/ HTTP/1.1" 200 58273
201.245.192.253 - - [12/Mar/2024:05:29:43 -0500] "POST /kwsrmcab/Wsrmcab HTTP/1.1" 200 39105
201.245.192.253 - - [12/Mar/2024:05:29:43 -0500] "POST /kwsrmcab/Wsrmcab HTTP/1.1" 200 37806
191.104.146.227 - - [12/Mar/2024:05:29:57 -0500] "POST /sipse/faces/presentacion/financiero/solicitudProceso/consultarSolicitudProceso.xhtml HTTP/1.1" 200 5577
191.104.146.227 - - [12/Mar/2024:05:29:58 -0500] "GET /sipse/faces/javax.faces.resource/dynamiccontent.properties?ln=primefaces&pfdrid=XjOR5%2F%2FfPAZAuY9TpWQeCiM0BhlXxYRBGKi%2FQcXXfeA%3D&pfdrid_c=false HTTP/1.1" 200 120550
201.245.192.253 - - [12/Mar/2024:05:30:07 -0500] "POST /kwsrmcab/Wsrmcab HTTP/1.1" 200 36993
191.104.146.227 - - [12/Mar/2024:05:30:14 -0500] "POST /sipse/faces/presentacion/financiero/solicitudProceso/consultarSolicitudProceso.xhtml HTTP/1.1" 200 5566
66.249.66.167 - - [12/Mar/2024:05:30:24 -0500] "GET /portaldeninos/aulas-ambientales/ HTTP/1.1" 200 88416
201.245.192.253 - - [12/Mar/2024:05:30:30 -0500] "POST /forms/lservlet;jsessionid=ac16012b30d6e00f34737bca44f68864aadf19793c73.e3iSbxaKaheRe3iNc3uNbNmQay1ynknvrkLOlQzNp65In0 HTTP/1.1" 200 2
191.104.146.227 - - [12/Mar/2024:05:30:46 -0500] "POST /sipse/faces/presentacion/financiero/solicitudProceso/consultarSolicitudProceso.xhtml HTTP/1.1" 200 9593
216.245.221.92 - - [12/Mar/2024:05:30:48 -0500] "HEAD / HTTP/1.1" 200 -
191.104.146.227 - - [12/Mar/2024:05:30:50 -0500] "POST /sipse/faces/presentacion/financiero/solicitudProceso/consultarSolicitudProceso.xhtml HTTP/1.1" 200 33729
191.104.146.227 - - [12/Mar/2024:05:30:50 -0500] "GET /sipse/faces/javax.faces.resource/jquery/jquery.js?ln=primefaces&v=4.0 HTTP/1.1" 304 -
191.104.146.227 - - [12/Mar/2024:05:30:50 -0500] "GET /sipse/faces/javax.faces.resource/jquery/jquery-plugins.js?ln=primefaces&v=4.0 HTTP/1.1" 304 -
191.104.146.227 - - [12/Mar/2024:05:30:50 -0500] "GET /sipse/faces/javax.faces.resource/primefaces.js?ln=primefaces&v=4.0 HTTP/1.1" 304 -
191.104.146.227 - - [12/Mar/2024:05:30:50 -0500] "GET /sipse/faces/javax.faces.resource/layout/layout.js?ln=primefaces&v=4.0 HTTP/1.1" 304 -
191.104.146.227 - - [12/Mar/2024:05:30:50 -0500] "POST /sipse/faces/presentacion/sistema/reporte/listarReportes.xhtml HTTP/1.1" 200 27046
191.104.146.227 - - [12/Mar/2024:05:30:51 -0500] "POST /sipse/faces/presentacion/sistema/reporte/listarReportes.xhtml HTTP/1.1" 200 27046
191.104.146.227 - - [12/Mar/2024:05:30:51 -0500] "POST /sipse/faces/presentacion/sistema/reporte/listarReportes.xhtml HTTP/1.1" 200 22357
191.104.146.227 - - [12/Mar/2024:05:30:52 -0500] "GET /sipse/faces/javax.faces.resource/jquery/jquery.js?ln=primefaces&v=4.0 HTTP/1.1" 304 -
191.104.146.227 - - [12/Mar/2024:05:30:52 -0500] "GET /sipse/faces/javax.faces.resource/primefaces.js?ln=primefaces&v=4.0 HTTP/1.1" 304 -
191.104.146.227 - - [12/Mar/2024:05:30:52 -0500] "GET /sipse/faces/javax.faces.resource/layout/layout.css?ln=primefaces&v=4.0 HTTP/1.1" 304 -
191.104.146.227 - - [12/Mar/2024:05:30:52 -0500] "GET /sipse/faces/javax.faces.resource/primefaces.css?ln=primefaces&v=4.0 HTTP/1.1" 304 -
191.104.146.227 - - [12/Mar/2024:05:30:52 -0500] "GET /sipse/faces/javax.faces.resource/jquery/jquery-plugins.js?ln=primefaces&v=4.0 HTTP/1.1" 304 -
191.104.146.227 - - [12/Mar/2024:05:30:52 -0500] "GET /sipse/faces/javax.faces.resource/layout/layout.js?ln=primefaces&v=4.0 HTTP/1.1" 304 -
191.104.146.227 - - [12/Mar/2024:05:30:52 -0500] "GET /sipse/faces/javax.faces.resource/theme.css?ln=primefaces-sipse HTTP/1.1" 304 -
191.104.146.227 - - [12/Mar/2024:05:30:52 -0500] "GET /sipse/faces/javax.faces.resource/images/ui-icons_898989_256x240.png?ln=primefaces-aristo HTTP/1.1" 304 -
201.245.192.253 - - [12/Mar/2024:05:30:52 -0500] "POST /kwsrmcab/Wsrmcab HTTP/1.1" 200 37806
191.104.146.227 - - [12/Mar/2024:05:31:08 -0500] "GET /sipse/faces/javax.faces.resource/images/ui-bg_flat_0_2d5972_40x100.png?ln=primefaces-aristo HTTP/1.1" 304 -
191.104.146.227 - - [12/Mar/2024:05:31:08 -0500] "POST /sipse/faces/presentacion/sistema/reporte/ventanaVerReporteParametros.xhtml HTTP/1.1" 200 48489
191.104.146.227 - - [12/Mar/2024:05:31:08 -0500] "GET /sipse/faces/javax.faces.resource/jquery/jquery.js?ln=primefaces&v=4.0 HTTP/1.1" 304 -
191.104.146.227 - - [12/Mar/2024:05:31:08 -0500] "GET /sipse/faces/javax.faces.resource/jquery/jquery-plugins.js?ln=primefaces&v=4.0 HTTP/1.1" 304 -
191.104.146.227 - - [12/Mar/2024:05:31:08 -0500] "GET /sipse/faces/javax.faces.resource/primefaces.js?ln=primefaces&v=4.0 HTTP/1.1" 304 -
191.104.146.227 - - [12/Mar/2024:05:31:08 -0500] "GET /sipse/faces/javax.faces.resource/layout/layout.js?ln=primefaces&v=4.0 HTTP/1.1" 304 -
191.104.146.227 - - [12/Mar/2024:05:31:08 -0500] "POST /sipse/faces/presentacion/financiero/solicitudProceso/listarSolicitudProceso.xhtml HTTP/1.1" 200 1464
191.104.146.227 - - [12/Mar/2024:05:31:10 -0500] "POST /sipse/faces/presentacion/financiero/solicitudProceso/listarSolicitudProceso.xhtml HTTP/1.1" 200 154072
191.104.146.227 - - [12/Mar/2024:05:31:11 -0500] "GET /sipse/faces/javax.faces.resource/jquery/jquery.js?ln=primefaces&v=4.0 HTTP/1.1" 304 -
191.104.146.227 - - [12/Mar/2024:05:31:11 -0500] "GET /sipse/faces/javax.faces.resource/jquery/jquery-plugins.js?ln=primefaces&v=4.0 HTTP/1.1" 304 -
191.104.146.227 - - [12/Mar/2024:05:31:11 -0500] "GET /sipse/faces/javax.faces.resource/primefaces.js?ln=primefaces&v=4.0 HTTP/1.1" 304 -
191.104.146.227 - - [12/Mar/2024:05:31:11 -0500] "GET /sipse/faces/javax.faces.resource/layout/layout.js?ln=primefaces&v=4.0 HTTP/1.1" 304 -
216.244.66.195 - - [12/Mar/2024:05:31:57 -0500] "GET /robots.txt HTTP/1.1" 404 1018
191.104.146.227 - - [12/Mar/2024:05:32:02 -0500] "GET /sipse/faces/faces/autenticacion.xhtml HTTP/1.1" 200 12724
191.104.146.227 - - [12/Mar/2024:05:32:02 -0500] "GET /sipse/faces/javax.faces.resource/layout/layout.css;jsessionid=VwExfUadYL4suQBhMdsNOY1m.undefined?ln=primefaces&v=4.0 HTTP/1.1" 200 542
191.104.146.227 - - [12/Mar/2024:05:32:02 -0500] "GET /sipse/faces/javax.faces.resource/theme.css?ln=primefaces-sipse HTTP/1.1" 304 -
191.104.146.227 - - [12/Mar/2024:05:32:02 -0500] "GET /sipse/faces/javax.faces.resource/layout/layout.js;jsessionid=VwExfUadYL4suQBhMdsNOY1m.undefined?ln=primefaces&v=4.0 HTTP/1.1" 200 87560
191.104.146.227 - - [12/Mar/2024:05:32:02 -0500] "GET /sipse/faces/javax.faces.resource/primefaces.css;jsessionid=VwExfUadYL4suQBhMdsNOY1m.undefined?ln=primefaces&v=4.0 HTTP/1.1" 200 53295
191.104.146.227 - - [12/Mar/2024:05:32:02 -0500] "GET /sipse/faces/javax.faces.resource/jquery/jquery.js;jsessionid=VwExfUadYL4suQBhMdsNOY1m.undefined?ln=primefaces&v=4.0 HTTP/1.1" 200 105384
191.104.146.227 - - [12/Mar/2024:05:32:02 -0500] "GET /sipse/faces/javax.faces.resource/jquery/jquery-plugins.js;jsessionid=VwExfUadYL4suQBhMdsNOY1m.undefined?ln=primefaces&v=4.0 HTTP/1.1" 200 220526
191.104.146.227 - - [12/Mar/2024:05:32:02 -0500] "GET /sipse/faces/javax.faces.resource/primefaces.js;jsessionid=VwExfUadYL4suQBhMdsNOY1m.undefined?ln=primefaces&v=4.0 HTTP/1.1" 200 276924
191.104.146.227 - - [12/Mar/2024:05:32:02 -0500] "GET /sipse/faces/javax.faces.resource/images/ui-icons_898989_256x240.png?ln=primefaces-aristo HTTP/1.1" 200 5355
191.104.146.227 - - [12/Mar/2024:05:32:02 -0500] "GET /sipse/css/imagen/loginimg.png HTTP/1.1" 200 26530
191.104.146.227 - - [12/Mar/2024:05:32:02 -0500] "GET /sipse/css/imagen/logoSDG.png HTTP/1.1" 200 26770
191.104.146.227 - - [12/Mar/2024:05:32:02 -0500] "GET /favicon.ico HTTP/1.1" 200 7782
191.104.146.227 - - [12/Mar/2024:05:32:02 -0500] "GET /sipse/faces/faces/index.xhtml HTTP/1.1" 200 677
191.104.146.227 - - [12/Mar/2024:05:32:02 -0500] "GET /sipse/faces/javax.faces.resource/theme.css?ln=primefaces-sipse HTTP/1.1" 304 -
191.104.146.227 - - [12/Mar/2024:05:32:03 -0500] "GET /sipse/faces/faces/faces/autenticacion.xhtml HTTP/1.1" 200 12402
191.104.146.227 - - [12/Mar/2024:05:32:03 -0500] "GET /sipse/faces/javax.faces.resource/theme.css?ln=primefaces-sipse HTTP/1.1" 304 -
191.104.146.227 - - [12/Mar/2024:05:32:03 -0500] "GET /sipse/faces/javax.faces.resource/layout/layout.css?ln=primefaces&v=4.0 HTTP/1.1" 200 542
191.104.146.227 - - [12/Mar/2024:05:32:03 -0500] "GET /sipse/faces/javax.faces.resource/jquery/jquery.js?ln=primefaces&v=4.0 HTTP/1.1" 304 -
191.104.146.227 - - [12/Mar/2024:05:32:03 -0500] "GET /sipse/faces/javax.faces.resource/primefaces.js?ln=primefaces&v=4.0 HTTP/1.1" 304 -
191.104.146.227 - - [12/Mar/2024:05:32:03 -0500] "GET /sipse/faces/javax.faces.resource/jquery/jquery-plugins.js?ln=primefaces&v=4.0 HTTP/1.1" 304 -
191.104.146.227 - - [12/Mar/2024:05:32:03 -0500] "GET /sipse/faces/javax.faces.resource/layout/layout.js?ln=primefaces&v=4.0 HTTP/1.1" 304 -
191.104.146.227 - - [12/Mar/2024:05:32:03 -0500] "GET /sipse/faces/javax.faces.resource/primefaces.css?ln=primefaces&v=4.0 HTTP/1.1" 200 53295
191.104.146.227 - - [12/Mar/2024:05:32:03 -0500] "GET /sipse/faces/javax.faces.resource/images/ui-icons_898989_256x240.png?ln=primefaces-aristo HTTP/1.1" 304 -
172.22.2.4 - - [12/Mar/2024:05:30:25 -0500] "GET /BLA/boletinlegal/ HTTP/1.1" 200 62720
191.104.146.227 - - [12/Mar/2024:05:32:06 -0500] "POST /sipse/faces/autenticacion.xhtml HTTP/1.1" 200 16280
191.104.146.227 - - [12/Mar/2024:05:32:06 -0500] "GET /sipse/css/custom_css_sg_prime.css HTTP/1.1" 200 5201
191.104.146.227 - - [12/Mar/2024:05:32:06 -0500] "GET /sipse/faces/javax.faces.resource/jquery/jquery.js?ln=primefaces&v=4.0 HTTP/1.1" 304 -
191.104.146.227 - - [12/Mar/2024:05:32:07 -0500] "GET /sipse/faces/javax.faces.resource/jquery/jquery-plugins.js?ln=primefaces&v=4.0 HTTP/1.1" 304 -
191.104.146.227 - - [12/Mar/2024:05:32:07 -0500] "GET /sipse/faces/javax.faces.resource/primefaces.js?ln=primefaces&v=4.0 HTTP/1.1" 304 -
191.104.146.227 - - [12/Mar/2024:05:32:07 -0500] "GET /sipse/faces/javax.faces.resource/layout/layout.js?ln=primefaces&v=4.0 HTTP/1.1" 304 -
191.104.146.227 - - [12/Mar/2024:05:32:07 -0500] "GET /sipse/css/imagen/contrasena.png HTTP/1.1" 404 383
191.104.146.227 - - [12/Mar/2024:05:32:07 -0500] "GET /sipse/faces/javax.faces.resource/messages/messages.png?ln=primefaces&v=4.0 HTTP/1.1" 304 -
172.22.2.4 - - [12/Mar/2024:05:32:08 -0500] "GET /BLA/boletinlegal/js/jquery.scrollShow.js HTTP/1.1" 200 4586
191.104.146.227 - - [12/Mar/2024:05:32:10 -0500] "GET /sipse/faces/javax.faces.resource/images/ui-bg_flat_0_2d5972_40x100.png?ln=primefaces-aristo HTTP/1.1" 304 -
191.104.146.227 - - [12/Mar/2024:05:32:10 -0500] "POST /sipse/faces/bienvenido.xhtml HTTP/1.1" 200 6185
191.104.146.227 - - [12/Mar/2024:05:32:14 -0500] "POST /sipse/faces/bienvenido.xhtml HTTP/1.1" 200 33158
191.104.146.227 - - [12/Mar/2024:05:32:14 -0500] "GET /sipse/faces/javax.faces.resource/jquery/jquery.js?ln=primefaces&v=4.0 HTTP/1.1" 304 -
191.104.146.227 - - [12/Mar/2024:05:32:14 -0500] "GET /sipse/faces/javax.faces.resource/jquery/jquery-plugins.js?ln=primefaces&v=4.0 HTTP/1.1" 304 -
191.104.146.227 - - [12/Mar/2024:05:32:14 -0500] "GET /sipse/faces/javax.faces.resource/primefaces.js?ln=primefaces&v=4.0 HTTP/1.1" 304 -
191.104.146.227 - - [12/Mar/2024:05:32:14 -0500] "GET /sipse/faces/javax.faces.resource/layout/layout.js?ln=primefaces&v=4.0 HTTP/1.1" 304 -
191.104.146.227 - - [12/Mar/2024:05:32:17 -0500] "POST /sipse/faces/presentacion/sistema/reporte/listarReportes.xhtml HTTP/1.1" 200 21786
191.104.146.227 - - [12/Mar/2024:05:32:17 -0500] "GET /sipse/faces/javax.faces.resource/theme.css?ln=primefaces-sipse HTTP/1.1" 304 -
191.104.146.227 - - [12/Mar/2024:05:32:17 -0500] "GET /sipse/faces/javax.faces.resource/primefaces.css?ln=primefaces&v=4.0 HTTP/1.1" 304 -
191.104.146.227 - - [12/Mar/2024:05:32:17 -0500] "GET /sipse/faces/javax.faces.resource/jquery/jquery.js?ln=primefaces&v=4.0 HTTP/1.1" 304 -
191.104.146.227 - - [12/Mar/2024:05:32:17 -0500] "GET /sipse/faces/javax.faces.resource/jquery/jquery-plugins.js?ln=primefaces&v=4.0 HTTP/1.1" 304 -
191.104.146.227 - - [12/Mar/2024:05:32:17 -0500] "GET /sipse/faces/javax.faces.resource/layout/layout.css?ln=primefaces&v=4.0 HTTP/1.1" 304 -
191.104.146.227 - - [12/Mar/2024:05:32:17 -0500] "GET /sipse/faces/javax.faces.resource/primefaces.js?ln=primefaces&v=4.0 HTTP/1.1" 304 -
191.104.146.227 - - [12/Mar/2024:05:32:17 -0500] "GET /sipse/faces/javax.faces.resource/layout/layout.js?ln=primefaces&v=4.0 HTTP/1.1" 304 -
191.104.146.227 - - [12/Mar/2024:05:32:17 -0500] "GET /sipse/faces/javax.faces.resource/images/ui-icons_898989_256x240.png?ln=primefaces-aristo HTTP/1.1" 200 5355
201.245.192.253 - - [12/Mar/2024:05:32:30 -0500] "POST /forms/lservlet;jsessionid=ac16012b30d6e00f34737bca44f68864aadf19793c73.e3iSbxaKaheRe3iNc3uNbNmQay1ynknvrkLOlQzNp65In0 HTTP/1.1" 200 2
191.104.146.227 - - [12/Mar/2024:05:33:11 -0500] "POST /sipse/faces/presentacion/financiero/solicitudProceso/consultarSolicitudProceso.xhtml HTTP/1.1" 200 48489
191.104.146.227 - - [12/Mar/2024:05:33:11 -0500] "GET /sipse/faces/javax.faces.resource/jquery/jquery.js?ln=primefaces&v=4.0 HTTP/1.1" 304 -
191.104.146.227 - - [12/Mar/2024:05:33:11 -0500] "GET /sipse/faces/javax.faces.resource/jquery/jquery-plugins.js?ln=primefaces&v=4.0 HTTP/1.1" 304 -
191.104.146.227 - - [12/Mar/2024:05:33:11 -0500] "GET /sipse/faces/javax.faces.resource/primefaces.js?ln=primefaces&v=4.0 HTTP/1.1" 304 -
191.104.146.227 - - [12/Mar/2024:05:33:11 -0500] "GET /sipse/faces/javax.faces.resource/layout/layout.js?ln=primefaces&v=4.0 HTTP/1.1" 304 -
191.104.146.227 - - [12/Mar/2024:05:33:11 -0500] "POST /sipse/faces/presentacion/financiero/solicitudProceso/listarSolicitudProceso.xhtml HTTP/1.1" 200 41766
191.104.146.227 - - [12/Mar/2024:05:33:12 -0500] "POST /sipse/faces/presentacion/financiero/solicitudProceso/listarSolicitudProceso.xhtml HTTP/1.1" 200 41766
191.104.146.227 - - [12/Mar/2024:05:33:12 -0500] "POST /sipse/faces/presentacion/financiero/solicitudProceso/listarSolicitudProceso.xhtml HTTP/1.1" 200 1464
191.104.146.227 - - [12/Mar/2024:05:33:12 -0500] "POST /sipse/faces/presentacion/financiero/solicitudProceso/listarSolicitudProceso.xhtml HTTP/1.1" 200 1460
191.104.146.227 - - [12/Mar/2024:05:33:12 -0500] "POST /sipse/faces/presentacion/financiero/solicitudProceso/listarSolicitudProceso.xhtml HTTP/1.1" 200 1468
201.245.192.253 - - [12/Mar/2024:05:33:43 -0500] "POST /kwsrmcab/Wsrmcab  HTTP/1.1" 200 39632
172.22.2.4 - - [12/Mar/2024:05:32:05 -0500] "HEAD /BLA/boletinlegal/ HTTP/1.1" 200 -
114.119.132.170 - - [12/Mar/2024:05:34:07 -0500] "GET /BLA/resoluciones/index.php?dir=2018/&sort=size&order=desc HTTP/1.1" 200 1607
201.245.192.253 - - [12/Mar/2024:05:34:30 -0500] "POST /forms/lservlet;jsessionid=ac16012b30d6e00f34737bca44f68864aadf19793c73.e3iSbxaKaheRe3iNc3uNbNmQay1ynknvrkLOlQzNp65In0 HTTP/1.1" 200 2
172.22.2.4 - - [12/Mar/2024:05:32:56 -0500] "GET /BLA/boletinlegal/ HTTP/1.1" 200 59083
185.83.185.243 - - [12/Mar/2024:05:35:48 -0500] "GET / HTTP/1.1" 200 319
216.245.221.92 - - [12/Mar/2024:05:35:48 -0500] "HEAD / HTTP/1.1" 200 -
201.245.192.253 - - [12/Mar/2024:05:36:30 -0500] "POST /forms/lservlet;jsessionid=ac16012b30d6e00f34737bca44f68864aadf19793c73.e3iSbxaKaheRe3iNc3uNbNmQay1ynknvrkLOlQzNp65In0 HTTP/1.1" 200 2
172.22.2.4 - - [12/Mar/2024:05:36:46 -0500] "GET /BLA/boletinlegal/Directivas/2022/DIRECTIVA%20No.%2000002%20DEL%2022%20DE%20JUNIO%20DEL%202022.pdf HTTP/1.1" 304 -
201.245.192.253 - - [12/Mar/2024:05:38:30 -0500] "POST /forms/lservlet;jsessionid=ac16012b30d6e00f34737bca44f68864aadf19793c73.e3iSbxaKaheRe3iNc3uNbNmQay1ynknvrkLOlQzNp65In0 HTTP/1.1" 200 2
201.245.192.253 - - [12/Mar/2024:05:38:42 -0500] "POST /kwsrmcab/Wsrmcab  HTTP/1.1" 200 39632
172.22.2.4 - - [12/Mar/2024:05:37:55 -0500] "HEAD /BLA/boletinlegal/ HTTP/1.1" 200 -
201.245.192.253 - - [12/Mar/2024:05:39:43 -0500] "POST /kwsrmcab/Wsrmcab HTTP/1.1" 200 39105
201.245.192.253 - - [12/Mar/2024:05:39:44 -0500] "POST /kwsrmcab/Wsrmcab HTTP/1.1" 200 37806
172.22.2.4 - - [12/Mar/2024:05:40:06 -0500] "GET /BLA/boletinlegal/jurisprudencia/analisis/CUADRO%20ANALISIS%20SENTENCIA%20C-554%20DE%202007.doc HTTP/1.1" 304 -
201.245.192.253 - - [12/Mar/2024:05:40:08 -0500] "POST /kwsrmcab/Wsrmcab HTTP/1.1" 200 36993
172.22.2.4 - - [12/Mar/2024:05:38:46 -0500] "GET /BLA/boletinlegal/ HTTP/1.1" 200 58273
201.245.192.253 - - [12/Mar/2024:05:40:30 -0500] "POST /forms/lservlet;jsessionid=ac16012b30d6e00f34737bca44f68864aadf19793c73.e3iSbxaKaheRe3iNc3uNbNmQay1ynknvrkLOlQzNp65In0 HTTP/1.1" 200 2
216.245.221.92 - - [12/Mar/2024:05:40:48 -0500] "HEAD / HTTP/1.1" 200 -
201.245.192.253 - - [12/Mar/2024:05:40:53 -0500] "POST /kwsrmcab/Wsrmcab HTTP/1.1" 200 37806
172.22.2.4 - - [12/Mar/2024:05:41:31 -0500] "GET /BLA/boletinlegal/images/pdf.gif HTTP/1.1" 304 -
172.22.2.4 - - [12/Mar/2024:05:42:14 -0500] "GET /BLA/boletinlegal/fileman/js/filetypes.js HTTP/1.1" 404 1038
172.22.2.4 - - [12/Mar/2024:05:42:16 -0500] "GET /BLA/boletinlegal/ckeditor/plugins/fileman/js/filetypes.js HTTP/1.1" 404 1038
172.22.2.4 - - [12/Mar/2024:05:42:17 -0500] "GET /BLA/boletinlegal/admin/fileman/js/filetypes.js HTTP/1.1" 404 1038
172.22.2.4 - - [12/Mar/2024:05:42:18 -0500] "GET /BLA/boletinlegal/manage/fileman/js/filetypes.js HTTP/1.1" 404 1038
172.22.2.4 - - [12/Mar/2024:05:42:19 -0500] "GET /BLA/boletinlegal/content/fileman/js/filetypes.js HTTP/1.1" 404 1038
172.22.2.4 - - [12/Mar/2024:05:42:20 -0500] "GET /BLA/boletinlegal/js/fileman/js/filetypes.js HTTP/1.1" 404 1038
172.22.2.4 - - [12/Mar/2024:05:42:21 -0500] "GET /BLA/boletinlegal/scripts/fileman/js/filetypes.js HTTP/1.1" 404 1038
172.22.2.4 - - [12/Mar/2024:05:42:23 -0500] "GET /BLA/boletinlegal/filemanager/js/filetypes.js HTTP/1.1" 404 1038
172.22.2.4 - - [12/Mar/2024:05:42:24 -0500] "GET /BLA/boletinlegal/ccsfileUpload/js/filetypes.js HTTP/1.1" 404 1038
172.22.2.4 - - [12/Mar/2024:05:42:25 -0500] "GET /BLA/boletinlegal/fileUpload/js/filetypes.js HTTP/1.1" 404 1038
172.22.2.4 - - [12/Mar/2024:05:42:26 -0500] "GET /BLA/boletinlegal/Provider/ckeditor/fileman/js/filetypes.js HTTP/1.1" 404 1038
172.22.2.4 - - [12/Mar/2024:05:42:27 -0500] "GET /BLA/boletinlegal/ckeditor/fileman/js/filetypes.js HTTP/1.1" 404 1038
201.245.192.253 - - [12/Mar/2024:05:42:30 -0500] "POST /forms/lservlet;jsessionid=ac16012b30d6e00f34737bca44f68864aadf19793c73.e3iSbxaKaheRe3iNc3uNbNmQay1ynknvrkLOlQzNp65In0 HTTP/1.1" 200 2
201.245.192.253 - - [12/Mar/2024:05:43:40 -0500] "POST /kwsrmcab/Wsrmcab  HTTP/1.1" 200 39632
201.245.192.253 - - [12/Mar/2024:05:44:30 -0500] "POST /forms/lservlet;jsessionid=ac16012b30d6e00f34737bca44f68864aadf19793c73.e3iSbxaKaheRe3iNc3uNbNmQay1ynknvrkLOlQzNp65In0 HTTP/1.1" 200 2
172.22.2.4 - - [12/Mar/2024:05:43:45 -0500] "HEAD /BLA/boletinlegal/ HTTP/1.1" 200 -
216.245.221.92 - - [12/Mar/2024:05:45:48 -0500] "HEAD / HTTP/1.1" 200 -
66.249.66.11 - - [12/Mar/2024:05:46:15 -0500] "GET /resoluciones/RESOLUCIONES%202009/0555.pdf HTTP/1.1" 404 1018
66.249.66.11 - - [12/Mar/2024:05:46:15 -0500] "GET /robots.txt HTTP/1.1" 404 1018
172.22.2.4 - - [12/Mar/2024:05:44:36 -0500] "GET /BLA/boletinlegal/ HTTP/1.1" 200 53419
201.245.192.253 - - [12/Mar/2024:05:46:30 -0500] "POST /forms/lservlet;jsessionid=ac16012b30d6e00f34737bca44f68864aadf19793c73.e3iSbxaKaheRe3iNc3uNbNmQay1ynknvrkLOlQzNp65In0 HTTP/1.1" 200 2
201.245.192.253 - - [12/Mar/2024:05:48:30 -0500] "POST /forms/lservlet;jsessionid=ac16012b30d6e00f34737bca44f68864aadf19793c73.e3iSbxaKaheRe3iNc3uNbNmQay1ynknvrkLOlQzNp65In0 HTTP/1.1" 200 2
191.104.146.227 - - [12/Mar/2024:05:48:31 -0500] "POST /sipse/faces/presentacion/financiero/solicitudProceso/listarSolicitudProceso.xhtml HTTP/1.1" 200 152128
191.104.146.227 - - [12/Mar/2024:05:48:32 -0500] "GET /sipse/faces/javax.faces.resource/jquery/jquery.js?ln=primefaces&v=4.0 HTTP/1.1" 304 -
191.104.146.227 - - [12/Mar/2024:05:48:32 -0500] "GET /sipse/faces/javax.faces.resource/jquery/jquery-plugins.js?ln=primefaces&v=4.0 HTTP/1.1" 304 -
191.104.146.227 - - [12/Mar/2024:05:48:32 -0500] "GET /sipse/faces/javax.faces.resource/primefaces.js?ln=primefaces&v=4.0 HTTP/1.1" 304 -
191.104.146.227 - - [12/Mar/2024:05:48:32 -0500] "GET /sipse/faces/javax.faces.resource/layout/layout.js?ln=primefaces&v=4.0 HTTP/1.1" 304 -
191.104.146.227 - - [12/Mar/2024:05:48:38 -0500] "POST /sipse/faces/presentacion/financiero/solicitudProceso/consultarSolicitudProceso.xhtml HTTP/1.1" 200 73772
201.245.192.253 - - [12/Mar/2024:05:48:39 -0500] "POST /kwsrmcab/Wsrmcab  HTTP/1.1" 200 39632
52.167.144.216 - - [12/Mar/2024:05:50:18 -0500] "GET /BLA/resoluciones/AUTOS%202017/3062.pdf HTTP/1.1" 200 288525
201.245.192.253 - - [12/Mar/2024:05:50:30 -0500] "POST /forms/lservlet;jsessionid=ac16012b30d6e00f34737bca44f68864aadf19793c73.e3iSbxaKaheRe3iNc3uNbNmQay1ynknvrkLOlQzNp65In0 HTTP/1.1" 200 2
216.245.221.92 - - [12/Mar/2024:05:50:48 -0500] "HEAD / HTTP/1.1" 200 -
172.22.2.4 - - [12/Mar/2024:05:49:35 -0500] "HEAD /BLA/boletinlegal/ HTTP/1.1" 200 -
172.22.2.4 - - [12/Mar/2024:05:50:26 -0500] "GET /BLA/boletinlegal/ HTTP/1.1" 200 58273
201.245.192.253 - - [12/Mar/2024:05:52:30 -0500] "POST /forms/lservlet;jsessionid=ac16012b30d6e00f34737bca44f68864aadf19793c73.e3iSbxaKaheRe3iNc3uNbNmQay1ynknvrkLOlQzNp65In0 HTTP/1.1" 200 2
201.245.192.253 - - [12/Mar/2024:05:53:38 -0500] "POST /kwsrmcab/Wsrmcab  HTTP/1.1" 200 39632
201.245.192.253 - - [12/Mar/2024:05:54:30 -0500] "POST /forms/lservlet;jsessionid=ac16012b30d6e00f34737bca44f68864aadf19793c73.e3iSbxaKaheRe3iNc3uNbNmQay1ynknvrkLOlQzNp65In0 HTTP/1.1" 200 2
216.244.66.195 - - [12/Mar/2024:05:54:58 -0500] "GET /silvicultura/11.pdf HTTP/1.1" 200 672381
216.245.221.92 - - [12/Mar/2024:05:55:48 -0500] "HEAD / HTTP/1.1" 200 -
172.22.2.4 - - [12/Mar/2024:05:55:51 -0500] "GET /BLA/boletinlegal/Circulares/2012/Circular%20No.%206%20del%2025%20de%20Mayo%20de%202012.pdf HTTP/1.1" 304 -
201.245.192.253 - - [12/Mar/2024:05:56:30 -0500] "POST /forms/lservlet;jsessionid=ac16012b30d6e00f34737bca44f68864aadf19793c73.e3iSbxaKaheRe3iNc3uNbNmQay1ynknvrkLOlQzNp65In0 HTTP/1.1" 200 2
172.22.2.4 - - [12/Mar/2024:05:55:25 -0500] "HEAD /BLA/boletinlegal/ HTTP/1.1" 200 -
172.22.2.4 - - [12/Mar/2024:05:56:16 -0500] "GET /BLA/boletinlegal/ HTTP/1.1" 200 60380
201.245.192.253 - - [12/Mar/2024:05:58:30 -0500] "POST /forms/lservlet;jsessionid=ac16012b30d6e00f34737bca44f68864aadf19793c73.e3iSbxaKaheRe3iNc3uNbNmQay1ynknvrkLOlQzNp65In0 HTTP/1.1" 200 2
201.245.192.253 - - [12/Mar/2024:05:58:36 -0500] "POST /kwsrmcab/Wsrmcab  HTTP/1.1" 200 39632
216.244.66.195 - - [12/Mar/2024:05:58:39 -0500] "GET /transparencia/directorioservidores/2018/noviembre.xlsx HTTP/1.1" 404 1018
66.249.66.165 - - [12/Mar/2024:06:00:17 -0500] "GET /portaldeninos/2018/06/06/hola-mundo-3-2-2/ HTTP/1.1" 200 94319
201.245.192.253 - - [12/Mar/2024:06:00:30 -0500] "POST /forms/lservlet;jsessionid=ac16012b30d6e00f34737bca44f68864aadf19793c73.e3iSbxaKaheRe3iNc3uNbNmQay1ynknvrkLOlQzNp65In0 HTTP/1.1" 200 2
216.245.221.92 - - [12/Mar/2024:06:00:48 -0500] "HEAD / HTTP/1.1" 200 -
172.22.2.4 - - [12/Mar/2024:06:00:56 -0500] "GET /BLA/boletinlegal/jurisprudencia/analisis/CUADRO%20ANALISIS%20SENTENCIA%20T-411%20DE%201992.doc HTTP/1.1" 200 41984
66.249.66.19 - - [12/Mar/2024:06:01:29 -0500] "GET /BLA/resoluciones/Notificaciones/RESOLUCIONES%202022/5123.pdf HTTP/1.1" 200 456223
201.245.192.253 - - [12/Mar/2024:06:02:30 -0500] "POST /forms/lservlet;jsessionid=ac16012b30d6e00f34737bca44f68864aadf19793c73.e3iSbxaKaheRe3iNc3uNbNmQay1ynknvrkLOlQzNp65In0 HTTP/1.1" 200 2
172.22.2.4 - - [12/Mar/2024:06:01:15 -0500] "HEAD /BLA/boletinlegal/ HTTP/1.1" 200 -
66.249.66.13 - - [12/Mar/2024:06:02:59 -0500] "GET /BLA/resoluciones/RESOLUCIONES%202009/3501.pdf HTTP/1.1" 200 697486
201.245.192.253 - - [12/Mar/2024:06:03:35 -0500] "POST /kwsrmcab/Wsrmcab  HTTP/1.1" 200 39632
172.22.2.4 - - [12/Mar/2024:06:02:06 -0500] "GET /BLA/boletinlegal/ HTTP/1.1" 200 58720
172.22.2.4 - - [12/Mar/2024:06:04:04 -0500] "GET /BLA/boletinlegal/Circulares/2022/CIRCULAR%20No.%2000003%20DEL%2007%20DE%20MARZO%20DEL%202022.pdf HTTP/1.1" 304 -
172.22.2.4 - - [12/Mar/2024:06:04:05 -0500] "GET /BLA/boletinlegal/Directivas/2011/Directiva%20No.%2010%20del%2028%20de%20Septiembre%20de%202011.pdf HTTP/1.1" 200 465887
201.245.192.253 - - [12/Mar/2024:06:04:30 -0500] "POST /forms/lservlet;jsessionid=ac16012b30d6e00f34737bca44f68864aadf19793c73.e3iSbxaKaheRe3iNc3uNbNmQay1ynknvrkLOlQzNp65In0 HTTP/1.1" 200 2
216.245.221.92 - - [12/Mar/2024:06:05:48 -0500] "HEAD / HTTP/1.1" 200 -
201.245.192.253 - - [12/Mar/2024:06:06:30 -0500] "POST /forms/lservlet;jsessionid=ac16012b30d6e00f34737bca44f68864aadf19793c73.e3iSbxaKaheRe3iNc3uNbNmQay1ynknvrkLOlQzNp65In0 HTTP/1.1" 200 2
172.22.2.4 - - [12/Mar/2024:06:06:46 -0500] "GET /BLA/boletinlegal/actos.php HTTP/1.1" 200 9738
152.203.164.33 - - [12/Mar/2024:06:06:49 -0500] "GET /BLA/resoluciones/ HTTP/1.1" 200 14105
152.203.164.33 - - [12/Mar/2024:06:06:57 -0500] "GET /BLA/resoluciones/index.php?dir=RESOLUCIONES+2011%2F HTTP/1.1" 200 747162
201.245.192.253 - - [12/Mar/2024:06:08:30 -0500] "POST /forms/lservlet;jsessionid=ac16012b30d6e00f34737bca44f68864aadf19793c73.e3iSbxaKaheRe3iNc3uNbNmQay1ynknvrkLOlQzNp65In0 HTTP/1.1" 200 2
201.245.192.253 - - [12/Mar/2024:06:08:34 -0500] "POST /kwsrmcab/Wsrmcab  HTTP/1.1" 200 39632
172.22.2.4 - - [12/Mar/2024:06:07:05 -0500] "HEAD /BLA/boletinlegal/ HTTP/1.1" 200 -
172.22.2.4 - - [12/Mar/2024:06:07:56 -0500] "GET /BLA/boletinlegal/ HTTP/1.1" 200 58273
172.22.2.4 - - [12/Mar/2024:06:09:51 -0500] "GET /BLA/boletinlegal/Circulares/2012/Circular%20No.%207%20del%2008%20de%20Agosto%20de%202012.pdf HTTP/1.1" 304 -
181.59.3.88 - - [12/Mar/2024:06:10:05 -0500] "GET /secretaria-de-ambiente-finaliza-alerta-por-calidad-del-aire-en-el-suroccidente-de-bogota.html?fbclid=PAAaa5HT63Icj4fikfLKHhqX2nvJXRpTH_n48s9d8NdF0CJ1bUhCkxuks4xek HTTP/1.1" 200 920
201.245.192.253 - - [12/Mar/2024:06:10:30 -0500] "POST /forms/lservlet;jsessionid=ac16012b30d6e00f34737bca44f68864aadf19793c73.e3iSbxaKaheRe3iNc3uNbNmQay1ynknvrkLOlQzNp65In0 HTTP/1.1" 200 2
216.245.221.92 - - [12/Mar/2024:06:10:48 -0500] "HEAD / HTTP/1.1" 200 -
186.155.17.58 - - [12/Mar/2024:06:11:14 -0500] "-" 408 -
186.155.17.58 - - [12/Mar/2024:06:11:14 -0500] "-" 408 -
201.245.192.253 - - [12/Mar/2024:06:12:30 -0500] "POST /forms/lservlet;jsessionid=ac16012b30d6e00f34737bca44f68864aadf19793c73.e3iSbxaKaheRe3iNc3uNbNmQay1ynknvrkLOlQzNp65In0 HTTP/1.1" 200 2
201.245.192.253 - - [12/Mar/2024:06:13:32 -0500] "POST /kwsrmcab/Wsrmcab  HTTP/1.1" 200 39632
66.249.66.20 - - [12/Mar/2024:06:13:42 -0500] "GET /resoluciones/RESOLUCIONES%202007/RES%202007%202801%20AL%202900/RESOLUCION%202836%20DE%202007.pdf HTTP/1.1" 404 1018
201.245.192.253 - - [12/Mar/2024:06:14:30 -0500] "POST /forms/lservlet;jsessionid=ac16012b30d6e00f34737bca44f68864aadf19793c73.e3iSbxaKaheRe3iNc3uNbNmQay1ynknvrkLOlQzNp65In0 HTTP/1.1" 200 2
172.22.2.4 - - [12/Mar/2024:06:12:55 -0500] "HEAD /BLA/boletinlegal/ HTTP/1.1" 200 -
172.22.2.4 - - [12/Mar/2024:06:13:46 -0500] "GET /BLA/boletinlegal/ HTTP/1.1" 200 53818
216.245.221.92 - - [12/Mar/2024:06:15:48 -0500] "HEAD / HTTP/1.1" 200 -
66.249.66.21 - - [12/Mar/2024:06:16:16 -0500] "GET /BLA/resoluciones/RESOLUCIONES%202014/2584.pdf HTTP/1.1" 200 281525
201.245.192.253 - - [12/Mar/2024:06:16:30 -0500] "POST /forms/lservlet;jsessionid=ac16012b30d6e00f34737bca44f68864aadf19793c73.e3iSbxaKaheRe3iNc3uNbNmQay1ynknvrkLOlQzNp65In0 HTTP/1.1" 200 2
172.22.2.4 - - [12/Mar/2024:06:18:26 -0500] "GET /BLA/boletinlegal/Circulares/2012/Circular%20No.%2011%20del%2027%20de%20Agosto%20de%202012.pdf HTTP/1.1" 304 -
201.245.192.253 - - [12/Mar/2024:06:18:30 -0500] "POST /forms/lservlet;jsessionid=ac16012b30d6e00f34737bca44f68864aadf19793c73.e3iSbxaKaheRe3iNc3uNbNmQay1ynknvrkLOlQzNp65In0 HTTP/1.1" 200 2
201.245.192.253 - - [12/Mar/2024:06:18:31 -0500] "POST /kwsrmcab/Wsrmcab  HTTP/1.1" 200 39632
172.22.2.4 - - [12/Mar/2024:06:19:31 -0500] "GET /BLA/boletinlegal/robots.txt HTTP/1.1" 404 1038
172.22.2.4 - - [12/Mar/2024:06:19:33 -0500] "GET /BLA/boletinlegal/jurisprudencia.php HTTP/1.1" 200 17637
201.245.192.253 - - [12/Mar/2024:06:19:43 -0500] "POST /kwsrmcab/Wsrmcab HTTP/1.1" 200 38944
201.245.192.253 - - [12/Mar/2024:06:19:44 -0500] "POST /kwsrmcab/Wsrmcab HTTP/1.1" 200 37799
201.245.192.253 - - [12/Mar/2024:06:20:07 -0500] "POST /kwsrmcab/Wsrmcab HTTP/1.1" 200 37008
172.22.2.4 - - [12/Mar/2024:06:18:45 -0500] "HEAD /BLA/boletinlegal/ HTTP/1.1" 200 -
201.245.192.253 - - [12/Mar/2024:06:20:30 -0500] "POST /forms/lservlet;jsessionid=ac16012b30d6e00f34737bca44f68864aadf19793c73.e3iSbxaKaheRe3iNc3uNbNmQay1ynknvrkLOlQzNp65In0 HTTP/1.1" 200 2
216.245.221.92 - - [12/Mar/2024:06:20:48 -0500] "HEAD / HTTP/1.1" 200 -
172.22.2.4 - - [12/Mar/2024:06:20:55 -0500] "GET /BLA/boletinlegal/Directivas/2017/Directiva%20No.%2004%20del%2028%20de%20Abril%20de%202017.pdf HTTP/1.1" 200 8194919
172.22.2.4 - - [12/Mar/2024:06:20:55 -0500] "GET /BLA/boletinlegal/robots.txt HTTP/1.1" 404 1037
201.245.192.253 - - [12/Mar/2024:06:21:01 -0500] "POST /kwsrmcab/Wsrmcab HTTP/1.1" 200 37799
172.22.2.4 - - [12/Mar/2024:06:19:36 -0500] "GET /BLA/boletinlegal/ HTTP/1.1" 200 54300
157.55.39.60 - - [12/Mar/2024:06:21:55 -0500] "GET /BLA/resoluciones/AUTOS%202023/05417.pdf HTTP/1.1" 200 410229
201.245.192.253 - - [12/Mar/2024:06:22:30 -0500] "POST /forms/lservlet;jsessionid=ac16012b30d6e00f34737bca44f68864aadf19793c73.e3iSbxaKaheRe3iNc3uNbNmQay1ynknvrkLOlQzNp65In0 HTTP/1.1" 200 2
172.22.2.4 - - [12/Mar/2024:06:22:43 -0500] "GET /BLA/boletinlegal/Directivas/2016/Directiva%20No.%2002%20del%2019%20de%20Abril%20de%202016.pdf HTTP/1.1" 304 -
201.245.192.253 - - [12/Mar/2024:06:23:29 -0500] "POST /kwsrmcab/Wsrmcab  HTTP/1.1" 200 39632
201.245.192.253 - - [12/Mar/2024:06:24:30 -0500] "POST /forms/lservlet;jsessionid=ac16012b30d6e00f34737bca44f68864aadf19793c73.e3iSbxaKaheRe3iNc3uNbNmQay1ynknvrkLOlQzNp65In0 HTTP/1.1" 200 2
172.22.2.4 - - [12/Mar/2024:06:24:51 -0500] "GET /BLA/boletinlegal/Directivas/2017/Directiva%20No.%2001%20del%2027%20de%20Junio%20de%202018.pdf HTTP/1.1" 200 217496
216.245.221.92 - - [12/Mar/2024:06:25:48 -0500] "HEAD / HTTP/1.1" 200 -
172.22.2.4 - - [12/Mar/2024:06:24:35 -0500] "HEAD /BLA/boletinlegal/ HTTP/1.1" 200 -
201.245.192.253 - - [12/Mar/2024:06:26:30 -0500] "POST /forms/lservlet;jsessionid=ac16012b30d6e00f34737bca44f68864aadf19793c73.e3iSbxaKaheRe3iNc3uNbNmQay1ynknvrkLOlQzNp65In0 HTTP/1.1" 200 2
172.22.2.4 - - [12/Mar/2024:06:25:26 -0500] "GET /BLA/boletinlegal/ HTTP/1.1" 200 59967
66.249.66.20 - - [12/Mar/2024:06:27:13 -0500] "GET /BLA/resoluciones/RESOLUCIONES%202009/6068.pdf HTTP/1.1" 200 537357
201.245.192.253 - - [12/Mar/2024:06:28:27 -0500] "POST /kwsrmcab/Wsrmcab  HTTP/1.1" 200 39632
201.245.192.253 - - [12/Mar/2024:06:28:30 -0500] "POST /forms/lservlet;jsessionid=ac16012b30d6e00f34737bca44f68864aadf19793c73.e3iSbxaKaheRe3iNc3uNbNmQay1ynknvrkLOlQzNp65In0 HTTP/1.1" 200 2
66.249.66.19 - - [12/Mar/2024:06:29:14 -0500] "GET /BLA/resoluciones/AUTOS%202009/0021.pdf HTTP/1.1" 200 186346
216.244.66.195 - - [12/Mar/2024:06:29:21 -0500] "GET /robots.txt HTTP/1.1" 404 1018
66.249.66.19 - - [12/Mar/2024:06:29:42 -0500] "GET /BLA/resoluciones/RESOLUCIONES%202007/RES%202007%202701%20AL%202800/RESOLUCION%202734%20DE%202007.pdf HTTP/1.1" 200 388615
201.245.192.253 - - [12/Mar/2024:06:29:43 -0500] "POST /kwsrmcab/Wsrmcab HTTP/1.1" 200 38944
201.245.192.253 - - [12/Mar/2024:06:29:44 -0500] "POST /kwsrmcab/Wsrmcab HTTP/1.1" 200 37799
201.245.192.253 - - [12/Mar/2024:06:30:07 -0500] "POST /kwsrmcab/Wsrmcab HTTP/1.1" 200 37008
157.55.39.204 - - [12/Mar/2024:06:30:16 -0500] "GET /BLA/resoluciones/AUTOS%202013/3285.pdf HTTP/1.1" 304 -
201.245.192.253 - - [12/Mar/2024:06:30:30 -0500] "POST /forms/lservlet;jsessionid=ac16012b30d6e00f34737bca44f68864aadf19793c73.e3iSbxaKaheRe3iNc3uNbNmQay1ynknvrkLOlQzNp65In0 HTTP/1.1" 200 2
216.245.221.92 - - [12/Mar/2024:06:30:48 -0500] "HEAD / HTTP/1.1" 200 -
201.245.192.253 - - [12/Mar/2024:06:31:01 -0500] "POST /kwsrmcab/Wsrmcab HTTP/1.1" 200 37799
172.22.2.4 - - [12/Mar/2024:06:30:25 -0500] "HEAD /BLA/boletinlegal/ HTTP/1.1" 200 -
172.22.2.4 - - [12/Mar/2024:06:30:39 -0500] "GET /BLA/boletinlegal/ HTTP/1.1" 200 49794
172.22.2.4 - - [12/Mar/2024:06:32:20 -0500] "GET /BLA/boletinlegal/Circulares/2020/Circular%20No.%2000018%20del%2002%20de%20diciembre%20del%202020.pdf HTTP/1.1" 200 276868
201.245.192.253 - - [12/Mar/2024:06:32:30 -0500] "POST /forms/lservlet;jsessionid=ac16012b30d6e00f34737bca44f68864aadf19793c73.e3iSbxaKaheRe3iNc3uNbNmQay1ynknvrkLOlQzNp65In0 HTTP/1.1" 200 2
172.22.2.4 - - [12/Mar/2024:06:31:16 -0500] "GET /BLA/boletinlegal/ HTTP/1.1" 200 53818
201.245.192.253 - - [12/Mar/2024:06:33:26 -0500] "POST /kwsrmcab/Wsrmcab  HTTP/1.1" 200 39632
172.22.2.4 - - [12/Mar/2024:06:33:46 -0500] "GET /BLA/boletinlegal/jurisprudencia.php HTTP/1.1" 200 17637
201.245.192.253 - - [12/Mar/2024:06:34:30 -0500] "POST /forms/lservlet;jsessionid=ac16012b30d6e00f34737bca44f68864aadf19793c73.e3iSbxaKaheRe3iNc3uNbNmQay1ynknvrkLOlQzNp65In0 HTTP/1.1" 200 2
66.249.66.19 - - [12/Mar/2024:06:35:47 -0500] "GET /Publicaciones/2024EE02533.pdf HTTP/1.1" 404 227
66.249.66.19 - - [12/Mar/2024:06:35:47 -0500] "GET /Publicaciones/2024EE35186.pdf HTTP/1.1" 404 227
66.249.66.21 - - [12/Mar/2024:06:35:48 -0500] "GET /BLA/resoluciones/Notificaciones/RESOLUCIONES%202022/5455.pdf HTTP/1.1" 304 -
216.245.221.92 - - [12/Mar/2024:06:35:48 -0500] "HEAD / HTTP/1.1" 200 -
66.249.66.19 - - [12/Mar/2024:06:35:48 -0500] "GET /BLA/resoluciones/Notificaciones/RESOLUCIONES%202023/0388.pdf HTTP/1.1" 304 -
186.121.21.135 - - [12/Mar/2024:06:36:27 -0500] "GET /BLA/resoluciones/RESOLUCIONES%202001/RESOLUCION%20311%20DE%202001.pdf HTTP/1.1" 200 398777
186.121.21.135 - - [12/Mar/2024:06:36:27 -0500] "GET /favicon.ico HTTP/1.1" 200 7782
186.121.21.135 - - [12/Mar/2024:06:36:27 -0500] "GET /BLA/resoluciones/RESOLUCIONES%202001/RESOLUCION%20311%20DE%202001.pdf HTTP/1.1" 200 398777
186.121.21.135 - - [12/Mar/2024:06:36:27 -0500] "GET /BLA/resoluciones/RESOLUCIONES%202001/RESOLUCION%20311%20DE%202001.pdf HTTP/1.1" 206 1025
201.245.192.253 - - [12/Mar/2024:06:36:30 -0500] "POST /forms/lservlet;jsessionid=ac16012b30d6e00f34737bca44f68864aadf19793c73.e3iSbxaKaheRe3iNc3uNbNmQay1ynknvrkLOlQzNp65In0 HTTP/1.1" 200 2
69.63.189.116 - - [12/Mar/2024:06:36:38 -0500] "GET /images/27%20de%20enero%20Soratama.jpg HTTP/1.1" 200 63397
172.22.2.4 - - [12/Mar/2024:06:36:15 -0500] "HEAD /BLA/boletinlegal/ HTTP/1.1" 200 -
172.22.2.4 - - [12/Mar/2024:06:37:27 -0500] "GET /BLA/boletinlegal/ HTTP/1.1" 200 24523
201.245.192.253 - - [12/Mar/2024:06:38:24 -0500] "POST /kwsrmcab/Wsrmcab  HTTP/1.1" 200 39632
201.245.192.253 - - [12/Mar/2024:06:38:30 -0500] "POST /forms/lservlet;jsessionid=ac16012b30d6e00f34737bca44f68864aadf19793c73.e3iSbxaKaheRe3iNc3uNbNmQay1ynknvrkLOlQzNp65In0 HTTP/1.1" 200 2
172.22.2.4 - - [12/Mar/2024:06:37:06 -0500] "GET /BLA/boletinlegal/ HTTP/1.1" 200 50303
66.249.66.11 - - [12/Mar/2024:06:38:48 -0500] "GET /Publicaciones/2024EE31913.pdf HTTP/1.1" 404 227
201.245.192.253 - - [12/Mar/2024:06:39:42 -0500] "POST /kwsrmcab/Wsrmcab HTTP/1.1" 200 38944
201.245.192.253 - - [12/Mar/2024:06:39:43 -0500] "POST /kwsrmcab/Wsrmcab HTTP/1.1" 200 37799
201.245.192.253 - - [12/Mar/2024:06:40:07 -0500] "POST /kwsrmcab/Wsrmcab HTTP/1.1" 200 37008
201.245.192.253 - - [12/Mar/2024:06:40:24 -0500] "GET /sipse/faces/index.xhtml HTTP/1.1" 200 677
201.245.192.253 - - [12/Mar/2024:06:40:24 -0500] "GET /sipse/faces/javax.faces.resource/theme.css?ln=primefaces-sipse HTTP/1.1" 200 50058
201.245.192.253 - - [12/Mar/2024:06:40:25 -0500] "GET /sipse/faces/faces/autenticacion.xhtml HTTP/1.1" 200 12402
201.245.192.253 - - [12/Mar/2024:06:40:25 -0500] "GET /sipse/js/disable_browser_buttons.js HTTP/1.1" 200 3230
201.245.192.253 - - [12/Mar/2024:06:40:25 -0500] "GET /sipse/css/custom_css_sg.css HTTP/1.1" 200 9694
