201.245.192.253 - - [12/Mar/2024:09:50:18 -0500] "GET /sipse/css/imagen/contrasena.png HTTP/1.1" 404 383
201.245.192.253 - - [12/Mar/2024:09:50:18 -0500] "GET /sipse/faces/javax.faces.resource/jquery/jquery.js?ln=primefaces&v=4.0 HTTP/1.1" 304 -
201.245.192.253 - - [12/Mar/2024:09:50:18 -0500] "GET /sipse/faces/javax.faces.resource/jquery/jquery-plugins.js?ln=primefaces&v=4.0 HTTP/1.1" 304 -
201.245.192.253 - - [12/Mar/2024:09:50:18 -0500] "GET /sipse/faces/javax.faces.resource/primefaces.js?ln=primefaces&v=4.0 HTTP/1.1" 304 -
201.245.192.253 - - [12/Mar/2024:09:50:18 -0500] "GET /sipse/faces/javax.faces.resource/layout/layout.js?ln=primefaces&v=4.0 HTTP/1.1" 304 -
201.245.192.253 - - [12/Mar/2024:09:50:19 -0500] "POST /sipse/faces/presentacion/financiero/solicitudProceso/consultar.xhtml HTTP/1.1" 200 3854
200.118.80.29 - - [12/Mar/2024:09:50:24 -0500] "POST /sipse/faces/presentacion/financiero/solicitudProceso/consultar.xhtml HTTP/1.1" 200 12928
201.245.192.253 - - [12/Mar/2024:09:50:24 -0500] "POST /forms/lservlet;jsessionid=ac16012b30d685a1338798bb45e4a50ba3dcf25e0c41.e3iSbxaKaheRe3iNc3uNbNmQay1ynknvrkLOlQzNp65In0 HTTP/1.1" 200 2
172.22.2.4 - - [12/Mar/2024:09:48:45 -0500] "HEAD /BLA/boletinlegal/ HTTP/1.1" 200 -
201.245.192.253 - - [12/Mar/2024:09:50:24 -0500] "POST /sipse/faces/presentacion/financiero/solicitudProceso/listarSolicitudProceso.xhtml HTTP/1.1" 200 120844
201.245.192.253 - - [12/Mar/2024:09:50:26 -0500] "GET /sipse/faces/javax.faces.resource/theme.css?ln=primefaces-sipse HTTP/1.1" 304 -
201.245.192.253 - - [12/Mar/2024:09:50:26 -0500] "GET /sipse/faces/javax.faces.resource/primefaces.css?ln=primefaces&v=4.0 HTTP/1.1" 304 -
201.245.192.253 - - [12/Mar/2024:09:50:26 -0500] "GET /sipse/faces/javax.faces.resource/layout/layout.css?ln=primefaces&v=4.0 HTTP/1.1" 304 -
201.245.192.253 - - [12/Mar/2024:09:50:26 -0500] "GET /sipse/faces/javax.faces.resource/jquery/jquery.js?ln=primefaces&v=4.0 HTTP/1.1" 304 -
201.245.192.253 - - [12/Mar/2024:09:50:26 -0500] "GET /sipse/faces/javax.faces.resource/jquery/jquery-plugins.js?ln=primefaces&v=4.0 HTTP/1.1" 304 -
201.245.192.253 - - [12/Mar/2024:09:50:26 -0500] "GET /sipse/faces/javax.faces.resource/primefaces.js?ln=primefaces&v=4.0 HTTP/1.1" 304 -
201.245.192.253 - - [12/Mar/2024:09:50:26 -0500] "GET /sipse/faces/javax.faces.resource/layout/layout.js?ln=primefaces&v=4.0 HTTP/1.1" 304 -
181.53.13.222 - - [12/Mar/2024:09:50:26 -0500] "GET /sipse/faces/index.xhtml HTTP/1.1" 200 677
201.245.192.253 - - [12/Mar/2024:09:50:23 -0500] "POST /sipse/faces/presentacion/financiero/solicitudProceso/consultar.xhtml HTTP/1.1" 200 66655
181.53.13.222 - - [12/Mar/2024:09:50:26 -0500] "GET /sipse/faces/javax.faces.resource/theme.css?ln=primefaces-sipse HTTP/1.1" 200 50058
201.245.192.253 - - [12/Mar/2024:09:50:27 -0500] "GET /sipse/faces/javax.faces.resource/theme.css?ln=primefaces-sipse HTTP/1.1" 304 -
201.245.192.253 - - [12/Mar/2024:09:50:27 -0500] "GET /sipse/faces/javax.faces.resource/layout/layout.css?ln=primefaces&v=4.0 HTTP/1.1" 304 -
201.245.192.253 - - [12/Mar/2024:09:50:27 -0500] "GET /sipse/faces/javax.faces.resource/primefaces.css?ln=primefaces&v=4.0 HTTP/1.1" 304 -
201.245.192.253 - - [12/Mar/2024:09:50:27 -0500] "GET /sipse/css/imagen/contrasena.png HTTP/1.1" 404 383
201.245.192.253 - - [12/Mar/2024:09:50:27 -0500] "GET /sipse/faces/javax.faces.resource/jquery/jquery.js?ln=primefaces&v=4.0 HTTP/1.1" 304 -
201.245.192.253 - - [12/Mar/2024:09:50:27 -0500] "GET /sipse/faces/javax.faces.resource/jquery/jquery-plugins.js?ln=primefaces&v=4.0 HTTP/1.1" 304 -
201.245.192.253 - - [12/Mar/2024:09:50:27 -0500] "GET /sipse/faces/javax.faces.resource/primefaces.js?ln=primefaces&v=4.0 HTTP/1.1" 304 -
201.245.192.253 - - [12/Mar/2024:09:50:27 -0500] "GET /sipse/faces/javax.faces.resource/layout/layout.js?ln=primefaces&v=4.0 HTTP/1.1" 304 -
181.53.13.222 - - [12/Mar/2024:09:50:27 -0500] "GET /sipse/faces/faces/autenticacion.xhtml HTTP/1.1" 200 12402
201.245.192.253 - - [12/Mar/2024:09:50:27 -0500] "POST /sipse/faces/presentacion/financiero/solicitudProceso/listarSolicitudProceso.xhtml HTTP/1.1" 200 59911
181.53.13.222 - - [12/Mar/2024:09:50:28 -0500] "GET /sipse/faces/javax.faces.resource/theme.css?ln=primefaces-sipse HTTP/1.1" 304 -
181.53.13.222 - - [12/Mar/2024:09:50:28 -0500] "GET /sipse/faces/javax.faces.resource/layout/layout.css?ln=primefaces&v=4.0 HTTP/1.1" 304 -
181.53.13.222 - - [12/Mar/2024:09:50:28 -0500] "GET /sipse/faces/javax.faces.resource/primefaces.css?ln=primefaces&v=4.0 HTTP/1.1" 304 -
181.53.13.222 - - [12/Mar/2024:09:50:28 -0500] "GET /sipse/faces/javax.faces.resource/jquery/jquery-plugins.js?ln=primefaces&v=4.0 HTTP/1.1" 304 -
181.53.13.222 - - [12/Mar/2024:09:50:28 -0500] "GET /sipse/faces/javax.faces.resource/jquery/jquery.js?ln=primefaces&v=4.0 HTTP/1.1" 304 -
181.53.13.222 - - [12/Mar/2024:09:50:28 -0500] "GET /sipse/faces/javax.faces.resource/layout/layout.js?ln=primefaces&v=4.0 HTTP/1.1" 304 -
181.53.13.222 - - [12/Mar/2024:09:50:28 -0500] "GET /sipse/faces/javax.faces.resource/primefaces.js?ln=primefaces&v=4.0 HTTP/1.1" 304 -
181.53.13.222 - - [12/Mar/2024:09:50:28 -0500] "GET /sipse/faces/javax.faces.resource/images/ui-icons_898989_256x240.png?ln=primefaces-aristo HTTP/1.1" 200 5355
181.53.13.222 - - [12/Mar/2024:09:50:28 -0500] "GET /sipse/css/imagen/logoSDG.png HTTP/1.1" 200 16070
181.53.13.222 - - [12/Mar/2024:09:50:28 -0500] "GET /sipse/css/imagen/loginimg.png HTTP/1.1" 200 12242
201.245.192.253 - - [12/Mar/2024:09:50:27 -0500] "POST /sipse/faces/presentacion/financiero/solicitudProceso/listarSolicitudProceso.xhtml HTTP/1.1" 200 1556
181.53.13.222 - - [12/Mar/2024:09:50:31 -0500] "POST /sipse/faces/autenticacion.xhtml HTTP/1.1" 200 2220
181.53.13.222 - - [12/Mar/2024:09:50:31 -0500] "GET /sipse/faces/javax.faces.resource/messages/messages.png?ln=primefaces&v=4.0 HTTP/1.1" 200 27209
216.244.66.195 - - [12/Mar/2024:09:50:32 -0500] "GET /BLA/resoluciones/AUTOS%202016/3098.pdf HTTP/1.1" 200 385133
181.53.13.222 - - [12/Mar/2024:09:50:32 -0500] "POST /sipse/faces/autenticacion.xhtml HTTP/1.1" 200 16470
181.53.13.222 - - [12/Mar/2024:09:50:33 -0500] "GET /sipse/css/custom_css_sg_prime.css HTTP/1.1" 200 5201
181.53.13.222 - - [12/Mar/2024:09:50:33 -0500] "GET /sipse/faces/javax.faces.resource/jquery/jquery.js?ln=primefaces&v=4.0 HTTP/1.1" 304 -
201.245.192.253 - - [12/Mar/2024:09:50:30 -0500] "POST /sipse/faces/presentacion/financiero/solicitudProceso/listarSolicitudProceso.xhtml HTTP/1.1" 200 1552
181.53.13.222 - - [12/Mar/2024:09:50:34 -0500] "GET /sipse/faces/javax.faces.resource/jquery/jquery-plugins.js?ln=primefaces&v=4.0 HTTP/1.1" 304 -
181.53.13.222 - - [12/Mar/2024:09:50:34 -0500] "GET /sipse/faces/javax.faces.resource/primefaces.js?ln=primefaces&v=4.0 HTTP/1.1" 304 -
181.53.13.222 - - [12/Mar/2024:09:50:34 -0500] "GET /sipse/faces/javax.faces.resource/layout/layout.js?ln=primefaces&v=4.0 HTTP/1.1" 304 -
181.53.13.222 - - [12/Mar/2024:09:50:34 -0500] "GET /sipse/imagenes/cargando.gif HTTP/1.1" 200 16770
181.53.13.222 - - [12/Mar/2024:09:50:34 -0500] "GET /sipse/imagenes/logoAplicacion.jpg HTTP/1.1" 200 15711
181.53.13.222 - - [12/Mar/2024:09:50:34 -0500] "GET /sipse/css/imagen/contrasena.png HTTP/1.1" 404 383
181.53.13.222 - - [12/Mar/2024:09:50:35 -0500] "GET /sipse/faces/javax.faces.resource/images/ui-bg_flat_0_2d5972_40x100.png?ln=primefaces-aristo HTTP/1.1" 304 -
181.53.13.222 - - [12/Mar/2024:09:50:36 -0500] "POST /sipse/faces/bienvenido.xhtml HTTP/1.1" 200 2658
200.118.80.29 - - [12/Mar/2024:09:50:36 -0500] "POST /sipse/faces/presentacion/financiero/solicitudProceso/consultar.xhtml HTTP/1.1" 200 12904
181.53.13.222 - - [12/Mar/2024:09:50:36 -0500] "POST /sipse/faces/bienvenido.xhtml HTTP/1.1" 200 65482
181.53.13.222 - - [12/Mar/2024:09:50:41 -0500] "GET /sipse/faces/javax.faces.resource/jquery/jquery.js?ln=primefaces&v=4.0 HTTP/1.1" 304 -
181.53.13.222 - - [12/Mar/2024:09:50:41 -0500] "GET /sipse/faces/javax.faces.resource/jquery/jquery-plugins.js?ln=primefaces&v=4.0 HTTP/1.1" 304 -
172.22.2.4 - - [12/Mar/2024:09:50:41 -0500] "GET /BLA/boletinlegal/consulta_actos.php?tipo=resoluciones&no=5537&usuario=&sector=&fecha=2011&resuelve= HTTP/1.1" 200 1193
181.53.13.222 - - [12/Mar/2024:09:50:41 -0500] "GET /sipse/faces/javax.faces.resource/primefaces.js?ln=primefaces&v=4.0 HTTP/1.1" 304 -
181.53.13.222 - - [12/Mar/2024:09:50:42 -0500] "GET /sipse/faces/javax.faces.resource/layout/layout.js?ln=primefaces&v=4.0 HTTP/1.1" 304 -
181.53.13.222 - - [12/Mar/2024:09:50:43 -0500] "POST /sipse/faces/presentacion/financiero/solicitudProceso/listarSolicitudProceso.xhtml HTTP/1.1" 200 1556
216.245.221.92 - - [12/Mar/2024:09:50:47 -0500] "HEAD / HTTP/1.1" 200 -
181.53.13.222 - - [12/Mar/2024:09:50:50 -0500] "POST /sipse/faces/presentacion/financiero/solicitudProceso/listarSolicitudProceso.xhtml HTTP/1.1" 200 21944
181.53.13.222 - - [12/Mar/2024:09:50:53 -0500] "POST /sipse/faces/presentacion/financiero/solicitudProceso/listarSolicitudProceso.xhtml HTTP/1.1" 200 151656
181.53.13.222 - - [12/Mar/2024:09:50:55 -0500] "GET /sipse/faces/javax.faces.resource/jquery/jquery.js?ln=primefaces&v=4.0 HTTP/1.1" 304 -
181.53.13.222 - - [12/Mar/2024:09:50:55 -0500] "GET /sipse/faces/javax.faces.resource/jquery/jquery-plugins.js?ln=primefaces&v=4.0 HTTP/1.1" 304 -
181.53.13.222 - - [12/Mar/2024:09:50:56 -0500] "GET /sipse/faces/javax.faces.resource/primefaces.js?ln=primefaces&v=4.0 HTTP/1.1" 304 -
181.53.13.222 - - [12/Mar/2024:09:50:56 -0500] "GET /sipse/faces/javax.faces.resource/layout/layout.js?ln=primefaces&v=4.0 HTTP/1.1" 304 -
200.118.80.29 - - [12/Mar/2024:09:50:58 -0500] "POST /sipse/faces/presentacion/financiero/solicitudProceso/consultar.xhtml HTTP/1.1" 200 12889
201.245.192.253 - - [12/Mar/2024:09:51:02 -0500] "GET /BLA/resoluciones/RESOLUCIONES%202011/5537.pdf HTTP/1.1" 200 820980
216.244.66.195 - - [12/Mar/2024:09:51:02 -0500] "GET /BLA/resoluciones/AUTOS%202005/1369.pdf HTTP/1.1" 200 304353
181.53.13.222 - - [12/Mar/2024:09:51:02 -0500] "POST /sipse/faces/presentacion/financiero/solicitudProceso/consultarSolicitudProceso.xhtml HTTP/1.1" 200 5598
201.245.192.253 - - [12/Mar/2024:09:51:05 -0500] "POST /sipse/faces/presentacion/financiero/solicitudProceso/listarSolicitudProceso.xhtml HTTP/1.1" 200 48691
201.245.192.253 - - [12/Mar/2024:09:51:07 -0500] "POST /sipse/faces/presentacion/financiero/solicitudProceso/listarSolicitudProceso.xhtml HTTP/1.1" 200 49107
201.245.192.253 - - [12/Mar/2024:09:51:09 -0500] "POST /sipse/faces/presentacion/financiero/solicitudProceso/listarSolicitudProceso.xhtml HTTP/1.1" 200 24532
201.245.192.253 - - [12/Mar/2024:09:51:10 -0500] "POST /sipse/faces/presentacion/financiero/solicitudProceso/listarSolicitudProceso.xhtml HTTP/1.1" 200 21656
181.53.13.222 - - [12/Mar/2024:09:51:14 -0500] "POST /sipse/faces/presentacion/financiero/solicitudProceso/consultarSolicitudProceso.xhtml HTTP/1.1" 200 5513
172.22.2.4 - - [12/Mar/2024:09:49:35 -0500] "GET /BLA/boletinlegal/ HTTP/1.1" 200 44737
181.53.13.222 - - [12/Mar/2024:09:51:16 -0500] "POST /sipse/faces/presentacion/financiero/solicitudProceso/consultarSolicitudProceso.xhtml HTTP/1.1" 200 143304
200.118.80.29 - - [12/Mar/2024:09:51:17 -0500] "POST /sipse/faces/presentacion/financiero/solicitudProceso/consultar.xhtml HTTP/1.1" 200 12976
201.245.192.253 - - [12/Mar/2024:09:51:16 -0500] "POST /sipse/faces/presentacion/financiero/solicitudProceso/listarSolicitudProceso.xhtml HTTP/1.1" 200 149351
201.245.192.253 - - [12/Mar/2024:09:51:18 -0500] "GET /sipse/faces/javax.faces.resource/theme.css?ln=primefaces-sipse HTTP/1.1" 304 -
201.245.192.253 - - [12/Mar/2024:09:51:18 -0500] "GET /sipse/faces/javax.faces.resource/layout/layout.css?ln=primefaces&v=4.0 HTTP/1.1" 304 -
201.245.192.253 - - [12/Mar/2024:09:51:18 -0500] "GET /sipse/faces/javax.faces.resource/primefaces.css?ln=primefaces&v=4.0 HTTP/1.1" 304 -
201.245.192.253 - - [12/Mar/2024:09:51:18 -0500] "GET /sipse/faces/javax.faces.resource/jquery/jquery.js?ln=primefaces&v=4.0 HTTP/1.1" 304 -
201.245.192.253 - - [12/Mar/2024:09:51:18 -0500] "GET /sipse/faces/javax.faces.resource/jquery/jquery-plugins.js?ln=primefaces&v=4.0 HTTP/1.1" 304 -
201.245.192.253 - - [12/Mar/2024:09:51:18 -0500] "GET /sipse/faces/javax.faces.resource/primefaces.js?ln=primefaces&v=4.0 HTTP/1.1" 304 -
201.245.192.253 - - [12/Mar/2024:09:51:18 -0500] "GET /sipse/faces/javax.faces.resource/layout/layout.js?ln=primefaces&v=4.0 HTTP/1.1" 304 -
201.245.192.253 - - [12/Mar/2024:09:51:18 -0500] "GET /sipse/css/imagen/contrasena.png HTTP/1.1" 404 383
181.53.13.222 - - [12/Mar/2024:09:51:18 -0500] "POST /sipse/faces/presentacion/financiero/solicitudProceso/consultarSolicitudProceso.xhtml HTTP/1.1" 200 143308
201.245.192.253 - - [12/Mar/2024:09:51:19 -0500] "GET /sipse/faces/index.xhtml HTTP/1.1" 200 677
201.245.192.253 - - [12/Mar/2024:09:51:19 -0500] "GET /sipse/faces/javax.faces.resource/theme.css?ln=primefaces-sipse HTTP/1.1" 304 -
201.245.192.253 - - [12/Mar/2024:09:51:19 -0500] "GET /sipse/faces/faces/autenticacion.xhtml HTTP/1.1" 200 12411
201.245.192.253 - - [12/Mar/2024:09:51:20 -0500] "GET /sipse/faces/javax.faces.resource/layout/layout.css?ln=primefaces&v=4.0 HTTP/1.1" 304 -
201.245.192.253 - - [12/Mar/2024:09:51:20 -0500] "GET /sipse/faces/javax.faces.resource/theme.css?ln=primefaces-sipse HTTP/1.1" 304 -
201.245.192.253 - - [12/Mar/2024:09:51:20 -0500] "GET /sipse/faces/javax.faces.resource/layout/layout.js?ln=primefaces&v=4.0 HTTP/1.1" 304 -
201.245.192.253 - - [12/Mar/2024:09:51:20 -0500] "GET /sipse/faces/javax.faces.resource/primefaces.css?ln=primefaces&v=4.0 HTTP/1.1" 304 -
201.245.192.253 - - [12/Mar/2024:09:51:20 -0500] "GET /sipse/faces/javax.faces.resource/jquery/jquery.js?ln=primefaces&v=4.0 HTTP/1.1" 304 -
201.245.192.253 - - [12/Mar/2024:09:51:20 -0500] "GET /sipse/faces/javax.faces.resource/primefaces.js?ln=primefaces&v=4.0 HTTP/1.1" 304 -
201.245.192.253 - - [12/Mar/2024:09:51:20 -0500] "GET /sipse/faces/javax.faces.resource/jquery/jquery-plugins.js?ln=primefaces&v=4.0 HTTP/1.1" 304 -
201.245.192.253 - - [12/Mar/2024:09:51:20 -0500] "GET /sipse/faces/javax.faces.resource/images/ui-icons_898989_256x240.png?ln=primefaces-aristo HTTP/1.1" 304 -
181.53.13.222 - - [12/Mar/2024:09:51:19 -0500] "POST /sipse/faces/presentacion/financiero/solicitudProceso/consultarSolicitudProceso.xhtml HTTP/1.1" 200 143304
181.53.13.222 - - [12/Mar/2024:09:51:23 -0500] "POST /sipse/faces/presentacion/financiero/solicitudProceso/consultarSolicitudProceso.xhtml HTTP/1.1" 200 5480
201.245.192.253 - - [12/Mar/2024:09:51:23 -0500] "POST /sipse/faces/presentacion/financiero/solicitudProceso/consultarSolicitudProceso.xhtml HTTP/1.1" 200 274770
201.245.192.253 - - [12/Mar/2024:09:51:24 -0500] "POST /sipse/faces/autenticacion.xhtml HTTP/1.1" 200 16939
201.245.192.253 - - [12/Mar/2024:09:51:24 -0500] "GET /sipse/faces/javax.faces.resource/theme.css?ln=primefaces-sipse HTTP/1.1" 304 -
201.245.192.253 - - [12/Mar/2024:09:51:24 -0500] "GET /sipse/faces/javax.faces.resource/layout/layout.css?ln=primefaces&v=4.0 HTTP/1.1" 304 -
201.245.192.253 - - [12/Mar/2024:09:51:24 -0500] "GET /sipse/faces/javax.faces.resource/primefaces.css?ln=primefaces&v=4.0 HTTP/1.1" 304 -
66.249.66.21 - - [12/Mar/2024:09:49:44 -0500] "GET /BLA/boletinlegal/index.php? HTTP/1.1" 200 46045
201.245.192.253 - - [12/Mar/2024:09:51:24 -0500] "GET /sipse/faces/javax.faces.resource/jquery/jquery.js?ln=primefaces&v=4.0 HTTP/1.1" 304 -
201.245.192.253 - - [12/Mar/2024:09:51:24 -0500] "GET /sipse/faces/javax.faces.resource/jquery/jquery-plugins.js?ln=primefaces&v=4.0 HTTP/1.1" 304 -
201.245.192.253 - - [12/Mar/2024:09:51:24 -0500] "GET /sipse/faces/javax.faces.resource/primefaces.js?ln=primefaces&v=4.0 HTTP/1.1" 304 -
201.245.192.253 - - [12/Mar/2024:09:51:24 -0500] "GET /sipse/faces/javax.faces.resource/layout/layout.js?ln=primefaces&v=4.0 HTTP/1.1" 304 -
201.245.192.253 - - [12/Mar/2024:09:51:24 -0500] "GET /sipse/css/imagen/contrasena.png HTTP/1.1" 404 383
201.245.192.253 - - [12/Mar/2024:09:51:24 -0500] "GET /sipse/faces/javax.faces.resource/messages/messages.png?ln=primefaces&v=4.0 HTTP/1.1" 304 -
181.53.13.222 - - [12/Mar/2024:09:51:25 -0500] "POST /sipse/faces/presentacion/financiero/solicitudProceso/consultarSolicitudProceso.xhtml HTTP/1.1" 200 26542
181.53.13.222 - - [12/Mar/2024:09:51:25 -0500] "GET /sipse/faces/javax.faces.resource/jquery/jquery.js?ln=primefaces&v=4.0 HTTP/1.1" 304 -
181.53.13.222 - - [12/Mar/2024:09:51:26 -0500] "GET /sipse/faces/javax.faces.resource/jquery/jquery-plugins.js?ln=primefaces&v=4.0 HTTP/1.1" 304 -
201.245.192.253 - - [12/Mar/2024:09:51:26 -0500] "GET /sipse/faces/javax.faces.resource/images/ui-bg_flat_0_2d5972_40x100.png?ln=primefaces-aristo HTTP/1.1" 304 -
201.245.192.253 - - [12/Mar/2024:09:51:26 -0500] "POST /sipse/faces/bienvenido.xhtml HTTP/1.1" 200 2658
181.53.13.222 - - [12/Mar/2024:09:51:26 -0500] "GET /sipse/faces/javax.faces.resource/primefaces.js?ln=primefaces&v=4.0 HTTP/1.1" 304 -
181.53.13.222 - - [12/Mar/2024:09:51:26 -0500] "GET /sipse/faces/javax.faces.resource/layout/layout.js?ln=primefaces&v=4.0 HTTP/1.1" 304 -
181.53.13.222 - - [12/Mar/2024:09:51:26 -0500] "POST /sipse/faces/presentacion/contratacion/contratista/listarContratista.xhtml HTTP/1.1" 200 19814
181.53.13.222 - - [12/Mar/2024:09:51:27 -0500] "POST /sipse/faces/presentacion/contratacion/contratista/listarContratista.xhtml HTTP/1.1" 200 19814
201.245.192.253 - - [12/Mar/2024:09:51:27 -0500] "POST /sipse/faces/bienvenido.xhtml HTTP/1.1" 200 36252
201.245.192.253 - - [12/Mar/2024:09:51:27 -0500] "GET /sipse/faces/javax.faces.resource/primefaces.css?ln=primefaces&v=4.0 HTTP/1.1" 304 -
201.245.192.253 - - [12/Mar/2024:09:51:27 -0500] "GET /sipse/faces/javax.faces.resource/theme.css?ln=primefaces-sipse HTTP/1.1" 304 -
201.245.192.253 - - [12/Mar/2024:09:51:27 -0500] "GET /sipse/faces/javax.faces.resource/layout/layout.css?ln=primefaces&v=4.0 HTTP/1.1" 304 -
201.245.192.253 - - [12/Mar/2024:09:51:27 -0500] "GET /sipse/faces/javax.faces.resource/jquery/jquery.js?ln=primefaces&v=4.0 HTTP/1.1" 304 -
201.245.192.253 - - [12/Mar/2024:09:51:27 -0500] "GET /sipse/faces/javax.faces.resource/jquery/jquery-plugins.js?ln=primefaces&v=4.0 HTTP/1.1" 304 -
201.245.192.253 - - [12/Mar/2024:09:51:27 -0500] "GET /sipse/faces/javax.faces.resource/primefaces.js?ln=primefaces&v=4.0 HTTP/1.1" 304 -
201.245.192.253 - - [12/Mar/2024:09:51:27 -0500] "GET /sipse/faces/javax.faces.resource/layout/layout.js?ln=primefaces&v=4.0 HTTP/1.1" 304 -
201.245.192.253 - - [12/Mar/2024:09:51:27 -0500] "POST /sipse/faces/presentacion/financiero/solicitudProceso/listarSolicitudProceso.xhtml HTTP/1.1" 200 1392
216.244.66.195 - - [12/Mar/2024:09:51:31 -0500] "GET /BLA/resoluciones/AUTOS%202016/0026.pdf HTTP/1.1" 200 468806
20.27.20.20 - - [12/Mar/2024:09:51:39 -0500] "GET /Publicaciones/2024EE32059.pdf HTTP/1.1" 404 227
200.118.80.29 - - [12/Mar/2024:09:51:45 -0500] "POST /sipse/faces/presentacion/financiero/solicitudProceso/consultar.xhtml HTTP/1.1" 200 12975
201.245.192.253 - - [12/Mar/2024:09:51:45 -0500] "POST /sipse/faces/presentacion/financiero/solicitudProceso/listarSolicitudProceso.xhtml HTTP/1.1" 200 122831
201.245.192.253 - - [12/Mar/2024:09:51:46 -0500] "GET /sipse/faces/javax.faces.resource/layout/layout.css?ln=primefaces&v=4.0 HTTP/1.1" 304 -
201.245.192.253 - - [12/Mar/2024:09:51:46 -0500] "GET /sipse/faces/javax.faces.resource/theme.css?ln=primefaces-sipse HTTP/1.1" 304 -
201.245.192.253 - - [12/Mar/2024:09:51:46 -0500] "GET /sipse/faces/javax.faces.resource/primefaces.css?ln=primefaces&v=4.0 HTTP/1.1" 304 -
201.245.192.253 - - [12/Mar/2024:09:51:46 -0500] "GET /sipse/faces/javax.faces.resource/jquery/jquery.js?ln=primefaces&v=4.0 HTTP/1.1" 304 -
201.245.192.253 - - [12/Mar/2024:09:51:46 -0500] "GET /sipse/faces/javax.faces.resource/jquery/jquery-plugins.js?ln=primefaces&v=4.0 HTTP/1.1" 304 -
201.245.192.253 - - [12/Mar/2024:09:51:46 -0500] "GET /sipse/faces/javax.faces.resource/primefaces.js?ln=primefaces&v=4.0 HTTP/1.1" 304 -
201.245.192.253 - - [12/Mar/2024:09:51:46 -0500] "GET /sipse/faces/javax.faces.resource/layout/layout.js?ln=primefaces&v=4.0 HTTP/1.1" 304 -
201.245.192.253 - - [12/Mar/2024:09:51:54 -0500] "GET /sipse/faces/javax.faces.resource/theme.css?ln=primefaces-sipse HTTP/1.1" 304 -
201.245.192.253 - - [12/Mar/2024:09:51:54 -0500] "GET /sipse/faces/javax.faces.resource/primefaces.css?ln=primefaces&v=4.0 HTTP/1.1" 304 -
201.245.192.253 - - [12/Mar/2024:09:51:54 -0500] "GET /sipse/faces/javax.faces.resource/layout/layout.css?ln=primefaces&v=4.0 HTTP/1.1" 304 -
201.245.192.253 - - [12/Mar/2024:09:51:54 -0500] "GET /sipse/faces/javax.faces.resource/fileupload/fileupload.css?ln=primefaces&v=4.0 HTTP/1.1" 304 -
201.245.192.253 - - [12/Mar/2024:09:51:54 -0500] "GET /sipse/faces/javax.faces.resource/jquery/jquery.js?ln=primefaces&v=4.0 HTTP/1.1" 304 -
201.245.192.253 - - [12/Mar/2024:09:51:54 -0500] "GET /sipse/faces/javax.faces.resource/jquery/jquery-plugins.js?ln=primefaces&v=4.0 HTTP/1.1" 304 -
201.245.192.253 - - [12/Mar/2024:09:51:54 -0500] "GET /sipse/faces/javax.faces.resource/primefaces.js?ln=primefaces&v=4.0 HTTP/1.1" 304 -
201.245.192.253 - - [12/Mar/2024:09:51:54 -0500] "GET /sipse/faces/javax.faces.resource/layout/layout.js?ln=primefaces&v=4.0 HTTP/1.1" 304 -
201.245.192.253 - - [12/Mar/2024:09:51:54 -0500] "GET /sipse/faces/javax.faces.resource/fileupload/fileupload.js?ln=primefaces&v=4.0 HTTP/1.1" 304 -
201.245.192.253 - - [12/Mar/2024:09:51:53 -0500] "POST /sipse/faces/presentacion/financiero/solicitudProceso/consultarSolicitudProceso.xhtml HTTP/1.1" 200 22409
181.53.13.222 - - [12/Mar/2024:09:51:54 -0500] "POST /sipse/faces/presentacion/contratacion/contratista/listarContratista.xhtml HTTP/1.1" 200 7806
201.245.192.253 - - [12/Mar/2024:09:51:57 -0500] "POST /sipse/faces/presentacion/financiero/solicitudProceso/consultarSolicitudProceso.xhtml HTTP/1.1" 200 33657
201.245.192.253 - - [12/Mar/2024:09:51:59 -0500] "GET /sipse/faces/javax.faces.resource/theme.css?ln=primefaces-sipse HTTP/1.1" 304 -
201.245.192.253 - - [12/Mar/2024:09:51:59 -0500] "GET /sipse/faces/javax.faces.resource/layout/layout.css?ln=primefaces&v=4.0 HTTP/1.1" 304 -
201.245.192.253 - - [12/Mar/2024:09:51:59 -0500] "GET /sipse/faces/javax.faces.resource/primefaces.css?ln=primefaces&v=4.0 HTTP/1.1" 304 -
201.245.192.253 - - [12/Mar/2024:09:51:59 -0500] "GET /sipse/faces/javax.faces.resource/jquery/jquery.js?ln=primefaces&v=4.0 HTTP/1.1" 304 -
201.245.192.253 - - [12/Mar/2024:09:51:59 -0500] "GET /sipse/faces/javax.faces.resource/jquery/jquery-plugins.js?ln=primefaces&v=4.0 HTTP/1.1" 304 -
201.245.192.253 - - [12/Mar/2024:09:51:59 -0500] "GET /sipse/faces/javax.faces.resource/primefaces.js?ln=primefaces&v=4.0 HTTP/1.1" 304 -
201.245.192.253 - - [12/Mar/2024:09:51:59 -0500] "GET /sipse/faces/javax.faces.resource/layout/layout.js?ln=primefaces&v=4.0 HTTP/1.1" 304 -
201.245.192.253 - - [12/Mar/2024:09:51:59 -0500] "POST /sipse/faces/presentacion/financiero/solicitudProceso/listarSolicitudProceso.xhtml HTTP/1.1" 200 1372
201.245.192.253 - - [12/Mar/2024:09:52:03 -0500] "GET /sipse/faces/javax.faces.resource/jquery/jquery.js?ln=primefaces&v=4.0 HTTP/1.1" 304 -
201.245.192.253 - - [12/Mar/2024:09:52:03 -0500] "GET /sipse/faces/javax.faces.resource/layout/layout.css?ln=primefaces&v=4.0 HTTP/1.1" 304 -
201.245.192.253 - - [12/Mar/2024:09:52:03 -0500] "GET /sipse/faces/javax.faces.resource/theme.css?ln=primefaces-sipse HTTP/1.1" 304 -
201.245.192.253 - - [12/Mar/2024:09:52:03 -0500] "GET /sipse/faces/javax.faces.resource/jquery/jquery-plugins.js?ln=primefaces&v=4.0 HTTP/1.1" 304 -
201.245.192.253 - - [12/Mar/2024:09:52:03 -0500] "GET /sipse/faces/javax.faces.resource/primefaces.css?ln=primefaces&v=4.0 HTTP/1.1" 304 -
201.245.192.253 - - [12/Mar/2024:09:52:03 -0500] "GET /sipse/faces/javax.faces.resource/primefaces.js?ln=primefaces&v=4.0 HTTP/1.1" 304 -
201.245.192.253 - - [12/Mar/2024:09:52:03 -0500] "GET /sipse/faces/javax.faces.resource/layout/layout.js?ln=primefaces&v=4.0 HTTP/1.1" 304 -
201.245.192.253 - - [12/Mar/2024:09:52:02 -0500] "POST /sipse/faces/presentacion/sistema/anexos/cargarAnexoSolicitudProceso.xhtml HTTP/1.1" 200 197573
201.245.192.253 - - [12/Mar/2024:09:52:06 -0500] "POST /sipse/faces/presentacion/financiero/solicitudProceso/consultarSolicitudProceso.xhtml HTTP/1.1" 200 22409
201.245.192.253 - - [12/Mar/2024:09:52:06 -0500] "GET /sipse/faces/javax.faces.resource/theme.css?ln=primefaces-sipse HTTP/1.1" 304 -
201.245.192.253 - - [12/Mar/2024:09:52:06 -0500] "GET /sipse/faces/javax.faces.resource/primefaces.css?ln=primefaces&v=4.0 HTTP/1.1" 304 -
201.245.192.253 - - [12/Mar/2024:09:52:06 -0500] "GET /sipse/faces/javax.faces.resource/jquery/jquery-plugins.js?ln=primefaces&v=4.0 HTTP/1.1" 304 -
201.245.192.253 - - [12/Mar/2024:09:52:06 -0500] "GET /sipse/faces/javax.faces.resource/primefaces.js?ln=primefaces&v=4.0 HTTP/1.1" 304 -
201.245.192.253 - - [12/Mar/2024:09:52:06 -0500] "GET /sipse/faces/javax.faces.resource/jquery/jquery.js?ln=primefaces&v=4.0 HTTP/1.1" 304 -
201.245.192.253 - - [12/Mar/2024:09:52:06 -0500] "GET /sipse/faces/javax.faces.resource/layout/layout.css?ln=primefaces&v=4.0 HTTP/1.1" 304 -
201.245.192.253 - - [12/Mar/2024:09:52:06 -0500] "GET /sipse/faces/javax.faces.resource/fileupload/fileupload.css?ln=primefaces&v=4.0 HTTP/1.1" 304 -
201.245.192.253 - - [12/Mar/2024:09:52:06 -0500] "GET /sipse/faces/javax.faces.resource/layout/layout.js?ln=primefaces&v=4.0 HTTP/1.1" 304 -
201.245.192.253 - - [12/Mar/2024:09:52:06 -0500] "GET /sipse/faces/javax.faces.resource/fileupload/fileupload.js?ln=primefaces&v=4.0 HTTP/1.1" 304 -
201.245.192.253 - - [12/Mar/2024:09:52:12 -0500] "GET /sipse/faces/javax.faces.resource/theme.css?ln=primefaces-sipse HTTP/1.1" 304 -
201.245.192.253 - - [12/Mar/2024:09:52:12 -0500] "GET /sipse/faces/javax.faces.resource/primefaces.css?ln=primefaces&v=4.0 HTTP/1.1" 304 -
201.245.192.253 - - [12/Mar/2024:09:52:12 -0500] "GET /sipse/faces/javax.faces.resource/jquery/jquery-plugins.js?ln=primefaces&v=4.0 HTTP/1.1" 304 -
201.245.192.253 - - [12/Mar/2024:09:52:12 -0500] "GET /sipse/faces/javax.faces.resource/jquery/jquery.js?ln=primefaces&v=4.0 HTTP/1.1" 304 -
201.245.192.253 - - [12/Mar/2024:09:52:12 -0500] "GET /sipse/faces/javax.faces.resource/layout/layout.css?ln=primefaces&v=4.0 HTTP/1.1" 304 -
201.245.192.253 - - [12/Mar/2024:09:52:12 -0500] "GET /sipse/faces/javax.faces.resource/primefaces.js?ln=primefaces&v=4.0 HTTP/1.1" 304 -
201.245.192.253 - - [12/Mar/2024:09:52:12 -0500] "GET /sipse/faces/javax.faces.resource/layout/layout.js?ln=primefaces&v=4.0 HTTP/1.1" 304 -
201.245.192.253 - - [12/Mar/2024:09:52:12 -0500] "POST /sipse/faces/presentacion/sistema/anexos/cargarAnexoSolicitudProceso.xhtml HTTP/1.1" 200 199368
200.118.80.29 - - [12/Mar/2024:09:52:15 -0500] "POST /sipse/faces/presentacion/financiero/solicitudProceso/consultar.xhtml HTTP/1.1" 200 12881
216.244.66.195 - - [12/Mar/2024:09:52:21 -0500] "GET /BLA/resoluciones/AUTOS%202007/0561.pdf HTTP/1.1" 200 93975
201.245.192.253 - - [12/Mar/2024:09:52:24 -0500] "POST /forms/lservlet;jsessionid=ac16012b30d685a1338798bb45e4a50ba3dcf25e0c41.e3iSbxaKaheRe3iNc3uNbNmQay1ynknvrkLOlQzNp65In0 HTTP/1.1" 200 2
201.245.192.253 - - [12/Mar/2024:09:52:26 -0500] "POST /kwsrmcab/Wsrmcab  HTTP/1.1" 200 39634
200.118.80.29 - - [12/Mar/2024:09:52:31 -0500] "POST /sipse/faces/presentacion/financiero/solicitudProceso/consultar.xhtml HTTP/1.1" 200 12844
201.245.192.253 - - [12/Mar/2024:09:52:32 -0500] "GET /sipse/faces/javax.faces.resource/images/ui-bg_flat_0_2d5972_40x100.png?ln=primefaces-aristo HTTP/1.1" 304 -
201.245.192.253 - - [12/Mar/2024:09:52:32 -0500] "POST /sipse/faces/presentacion/financiero/solicitudProceso/consultarSolicitudProceso.xhtml HTTP/1.1" 200 6188
201.245.192.253 - - [12/Mar/2024:09:52:32 -0500] "GET /sipse/faces/javax.faces.resource/messages/messages.png?ln=primefaces&v=4.0 HTTP/1.1" 304 -
66.249.66.21 - - [12/Mar/2024:09:52:39 -0500] "GET /isolucionsda/Arriba.asp?Pagina=/isolucionsda/bancoconocimiento/N/NTC4231/NTC4231.asp&IdArticulo=7168 HTTP/1.1" 500 9068
201.245.192.253 - - [12/Mar/2024:09:52:39 -0500] "POST /sipse/faces/presentacion/financiero/solicitudProceso/consultarSolicitudProceso.xhtml HTTP/1.1" 200 38838
201.245.192.253 - - [12/Mar/2024:09:52:44 -0500] "GET /sipse/faces/javax.faces.resource/primefaces.css?ln=primefaces&v=4.0 HTTP/1.1" 304 -
201.245.192.253 - - [12/Mar/2024:09:52:44 -0500] "GET /sipse/faces/javax.faces.resource/theme.css?ln=primefaces-sipse HTTP/1.1" 304 -
201.245.192.253 - - [12/Mar/2024:09:52:44 -0500] "GET /sipse/faces/javax.faces.resource/layout/layout.css?ln=primefaces&v=4.0 HTTP/1.1" 304 -
201.245.192.253 - - [12/Mar/2024:09:52:44 -0500] "GET /sipse/faces/javax.faces.resource/jquery/jquery.js?ln=primefaces&v=4.0 HTTP/1.1" 304 -
201.245.192.253 - - [12/Mar/2024:09:52:44 -0500] "GET /sipse/faces/javax.faces.resource/jquery/jquery-plugins.js?ln=primefaces&v=4.0 HTTP/1.1" 304 -
201.245.192.253 - - [12/Mar/2024:09:52:44 -0500] "GET /sipse/faces/javax.faces.resource/primefaces.js?ln=primefaces&v=4.0 HTTP/1.1" 304 -
201.245.192.253 - - [12/Mar/2024:09:52:44 -0500] "GET /sipse/faces/javax.faces.resource/layout/layout.js?ln=primefaces&v=4.0 HTTP/1.1" 304 -
201.245.192.253 - - [12/Mar/2024:09:52:44 -0500] "POST /sipse/faces/presentacion/financiero/solicitudProceso/listarSolicitudProceso.xhtml HTTP/1.1" 200 1392
216.244.66.195 - - [12/Mar/2024:09:52:47 -0500] "GET /BLA/resoluciones/AUTOS%202007/1939.pdf HTTP/1.1" 200 144202
200.118.80.29 - - [12/Mar/2024:09:52:51 -0500] "POST /sipse/faces/presentacion/financiero/solicitudProceso/consultar.xhtml HTTP/1.1" 200 12872
200.118.80.29 - - [12/Mar/2024:09:53:03 -0500] "POST /sipse/faces/presentacion/financiero/solicitudProceso/consultar.xhtml HTTP/1.1" 200 13059
216.244.66.195 - - [12/Mar/2024:09:53:12 -0500] "GET /BLA/resoluciones/AUTOS%202010/1042.pdf HTTP/1.1" 200 252853
200.118.80.29 - - [12/Mar/2024:09:53:15 -0500] "POST /sipse/faces/presentacion/financiero/solicitudProceso/consultar.xhtml HTTP/1.1" 200 12922
186.102.107.53 - - [12/Mar/2024:09:53:17 -0500] "GET /kwssiamovil/sm/ldap/au?x=U2FsdGVkX1/OunfKKN+V+ZVZHHvBMIxPWlhU1qMrwdDJigZfiuEASM85hmUW9GjTNxIDchYHg+Cbc9ijC5eOOQ==&y=U2FsdGVkX1+pIR6Vzrc4iY0E4ZEoLl+jttFh6+aw0PE= HTTP/1.1" 200 31
186.28.221.53 - - [12/Mar/2024:09:53:23 -0500] "POST /sipse/faces/presentacion/financiero/solicitudProceso/consultar.xhtml HTTP/1.1" 200 12936
200.118.80.29 - - [12/Mar/2024:09:53:23 -0500] "POST /sipse/faces/presentacion/financiero/solicitudProceso/consultar.xhtml HTTP/1.1" 200 13000
186.28.221.53 - - [12/Mar/2024:09:53:25 -0500] "POST /sipse/faces/presentacion/financiero/solicitudProceso/consultar.xhtml HTTP/1.1" 200 35540
186.28.221.53 - - [12/Mar/2024:09:53:25 -0500] "POST /sipse/faces/presentacion/financiero/solicitudProceso/consultar.xhtml HTTP/1.1" 200 35540
186.102.107.53 - - [12/Mar/2024:09:53:25 -0500] "GET /kwssiamovil/sm/ldap/au?x=U2FsdGVkX1+yG+qSALvbez3wYIsxLo98lRL2XdPzLIbfaj2bF/TjWk2Onk+UX9eCEb42Ov1L8XHW2FzSdkVCZg==&y=U2FsdGVkX19+M5rNWg9ElWyMFMYOMhZGdGoejNwQKPA= HTTP/1.1" 200 30
186.102.107.53 - - [12/Mar/2024:09:53:26 -0500] "GET /kwssiamovil/sm/acme/s?s=U2FsdGVkX19Wow4NyPlMZmIAJ1b9hDjB+zPn1a60HoqmFmv7JsceeG0jPaiFJw6EKS8dPrdSEv75ZI/DipgU9prtmmtFymbsxn0C0A1663g=&u=U2FsdGVkX19aJYTfT6S+INa+czXpYIQwpH9/SIXmbJ8=&y=U2FsdGVkX19+M5rNWg9ElWyMFMYOMhZGdGoejNwQKPA= HTTP/1.1" 200 97
186.102.107.53 - - [12/Mar/2024:09:53:26 -0500] "GET /kwssiamovil/sm/acme/s?s=U2FsdGVkX18q94SmZN11AEyu8nmUAWcDewrI1cNzHLmtIpoSYRiaz6fn1xaFmmOwzCyvx/hbyj+9AEVWDCiHttjaWnY6L5faU1envJCc8mQmFCK3IiqwP8NYPS3s4SroYVsIM28h8IBwhQ+SyN8KU+DGWq9rzhrsEWJ2/uB1mpjDGWik6i7VeEZ9+D7XGQ9Uxicb1C3cbx0iJhYLz4LL6O1sMsMcjBcdlAkhPh/jpW/lespaEXyUx6PPHiZZUbD9stSC01QJnqWijp4AY7BKHfSkT1YTFTj4O7MckCwZVTFALe3A3cM2wWrOe/faNfv1cf2+NSdYbCKT6TD7bgUorIAtrkhxMr5L6kt2GyfetyCSjNMg97hHRN3cy9AOeHzT0OXFrxQB411/lYcL+Xc3iuy8zoPeMe3RBu9w/lsClQpTPBEd7Q/dCFu/lthGuZjuDvX7n7hxWY7pkiNeuMPgaz3vfCGCfjCBynZ8IbsG4AfmfPpf0k2yTq3N3sCTsfOWl4iRuYneljhwfGPhXjZAr/HyYSsM7tFgYVv7iRm+izxf5qNTjCaZyHRZfjeThz1GB/ReIY7lQ2w8dzUm0a20CyLvwmEHGt0FwqO4l7qQOzlJ/KK/r5O6ve59MWjZHc0dd+NWAyCwOrXIxHQUl5p3u8OZ4lkCHxSMk8AO08cdxZg5ps3phMLk27ZpE0K4heJkVxdIqbHxh3hzCoV7s3SoAYeIqHIZvoS45958KYlj7nelvS30cK1JiznIqJOotpKC08qjq8Q4AlT03JbeBPhPP40lFeBFGaUaGGsn6rF8vTrF/Rp0AF1E8HKzp/mcIFIb1pPUUNv6if+earx0lYDpRIm0lKYS7zEJc6a35frng3MR+QgbrdLob9Zyb37BXPxfXr6sTj7aamWtVF7GkjCfJXWIG4aafTbRugJmll3gb69+32BCyE38LZcgrhl8kpW9wuHyPU2NkFzSmeFy+0vLdZ3XBngF0wriB/Ffv3MmiI0YebBdXQUQKkVPCyC8CtF4QP1WBNcVKpI+UmrmUQqawboM1517AO8OPiwLbJynUltAix9//ED2AEGpfubs3Mdhr5jf9dWy8Y0zuTV31izcayr3Rq2Jy2KkvtmHNUFTvvwDWdEbuZQDoF8VBeZ9rrlchGomddKRDVnVcqPBU+8bmiophAuS30xdq2q92qYWsYf8TDwPtsR8JBXL0WnSodITYfZaNy1q+kKRokcrq1WB95hjUYcGRScrjBH3JBqyPd/Fbwe/4M4sj+NEFIs0HGxYaT3jL1sk0mbtOLmedFR2QbtwuRi4uTf1o/LJlc0EOH8DlHnPlm7PSL0mbXvOYJR9SbAhUke/nnkMpTg1/iiIvwUBNfFjTsqZ3S3BAjTo2GEmnw0fGww9eHnPnda/K1GMwhI2bSbGpuWZl49WoGINf1Wc5iz/zFn9BlDhNIhl3l2r6Xy1f9HMFk9pv3I2qU0WHIVTDGsHj8az/4JutcmbkrZUyE+jIXEHaTEhWp19l6dBiddYdaiEWjq8Z74W75bJCHM89d/MMZq3JLZEeV9fgDPgJ9BgacEDxza4CozVkFAwqlpBOwkWHb6l5LsVHL5nbjopnFZ30Xvh/Qzo8orGt4n/hnHqeM+E+Qn+APSbtMboyHkIcx0hq8A6xXLsyELLGCM4nERfxU8Tnwb+CQbEiA5oLB2uwBnN7NY+GR5NyAF9+8nOVJXZbzkLedwKuv+c5y6he5Mi3FcGEx/vu6cnFo1J8+c+jVxuWIOHzioZb/0=&u=U2FsdGVkX19aJYTfT6S+INa+czXpYIQwpH9/SIXmbJ8=&y=U2FsdGVkX19+M5rNWg9ElWyMFMYOMhZGdGoejNwQKPA= HTTP/1.1" 200 6955
186.102.107.53 - - [12/Mar/2024:09:53:26 -0500] "GET /kwssiamovil/sm/acme/s?s=U2FsdGVkX1+j5Y1jcWwdTcQ8m9aImj+bapkh27rd1tIdLGqCz43eWShEBBXia01Ju1hs+FC/9bZHiI3CsX1okP3qW54KoqTyEjpyKhzvssKotWSY1kjKJ0OwdtGnfSBF5KFbKp4qz3WiHxmJ23EIF4cjNZi7IzK71L/XwR4Ycaqsw6kWpJk1mRWOJvxK41g+cyAjAA964rlFcwwbUPL4mL37qIfLVrlGF6Vf2qT6S5Tjmj93aXIutIHXGQ5JmqYi2YmHAB55pkj1WdH3mdZ6IydyZNSmuGbbGmiDGPS6kyg85UvGUsR4Odmij1c3sM4BGpcU7H16CWIz1EsRoZ3BP0uAwEN8PnFnq/6fR3pI42ghlwYKYX20qKSMKAsUxWwRE3ABpHYUd8uaPI69AdzwVRsmsujowZZUdWwI+yLSieanxoTCYsjlzLdjwlMcKwcxwLX9gzcoNxcSCCpt6nWokEvHASLpqphPgeTHHZaNT4if4YkkmQDbym9P0hoKj+veZqc8U122E4m8NC/bvVjwaZJUtKKh7BJI4VLfpPKu4GaWITRZ62fR069PPuZLeVJdQachW+SjTrf5zEvRbD4xX+vRMajLjM42Xj3WJlO1Goicf5d6n4Q6ulYO+7liD6zF4SQX5+W4SpjejePEgFshlYkTnyp9qRznSC1B3EdSgIf7NROddJKBnQS8QTK5KfJU6/vfmAXNltKAWbQ3iOyT0y+mtt2aiXwH0SwNMViiSlp679HIXpNdExF0cBtoyoy/&u=U2FsdGVkX19aJYTfT6S+INa+czXpYIQwpH9/SIXmbJ8=&y=U2FsdGVkX19+M5rNWg9ElWyMFMYOMhZGdGoejNwQKPA= HTTP/1.1" 200 208
186.102.107.53 - - [12/Mar/2024:09:53:26 -0500] "GET /kwssiamovil/sm/cjson/pre?f=1&x=U2FsdGVkX1+yG+qSALvbez3wYIsxLo98lRL2XdPzLIbfaj2bF/TjWk2Onk+UX9eCEb42Ov1L8XHW2FzSdkVCZg== HTTP/1.1" 200 30244
186.28.221.53 - - [12/Mar/2024:09:53:30 -0500] "POST /sipse/faces/presentacion/financiero/solicitudProceso/consultar.xhtml HTTP/1.1" 200 12928
200.118.80.29 - - [12/Mar/2024:09:53:31 -0500] "POST /sipse/faces/presentacion/financiero/solicitudProceso/consultar.xhtml HTTP/1.1" 200 13071
216.244.66.195 - - [12/Mar/2024:09:53:37 -0500] "GET /BLA/resoluciones/AUTOS%202010/1718.pdf HTTP/1.1" 200 144603
186.28.221.53 - - [12/Mar/2024:09:53:38 -0500] "POST /sipse/faces/presentacion/financiero/solicitudProceso/consultar.xhtml HTTP/1.1" 200 12973
186.28.221.53 - - [12/Mar/2024:09:53:42 -0500] "POST /sipse/faces/presentacion/financiero/solicitudProceso/consultar.xhtml HTTP/1.1" 200 12962
200.118.80.29 - - [12/Mar/2024:09:53:42 -0500] "POST /sipse/faces/presentacion/financiero/solicitudProceso/consultar.xhtml HTTP/1.1" 200 12905
161.10.164.35 - - [12/Mar/2024:09:53:54 -0500] "GET /kwssiamovil/sm/acme/a?s=U2FsdGVkX18knlZBwDU5FFb3Qn2gFfiJUMehtVlqiuYQPIwjnmRfn/YD+C0ZKBwgZNY9y3yNSyI3FiEpwJsmda3quwvdKuUtoFqUnUUfrtHBy3/wscGOic6wO0N1Gi9q0GtT5WMz0neJ/ORx+3LP8AOAUGLPRhZcsgQ7UMdJPla/oUu8CBreATCjfcukLgapYm4a5rsbafSHTMHBmZEQrSpjHKYvXbc1wzOXBHAk2XF9Jefod61LRfukVLlHAEHroMdWG6g36YRrKaLaffi2IA==&u=U2FsdGVkX1+ZtDBFTRsrHp1LqRcvi50iXH9TR0LlCWc=&y=U2FsdGVkX1+H4MIN5pd5yzu7oZuflp0fgkPdj7jxhJE= HTTP/1.1" 200 26
161.10.164.35 - - [12/Mar/2024:09:53:55 -0500] "GET /kwssiamovil/sm/acme/a?s=U2FsdGVkX18O7LNgMpxGcZQhnWRWUzEnhrnJ+atkfMbuOX7GVL4nqNfZ5pI+5Y333aq0/mPvKlkI9wE4zfflXqNd3sVNLg6XDLgmw9yRfWxxLQWTolSmw60Crpyw+0PC13Q2v63US7HIQS0cJcxPLyJKIh39vOgJLV3oxKE4bCTcpjdo0rOIGvt9vG2nNbEAoiY4kbc8dasYv7QJ8+pV3bLQHQUQk42LUXkJn6TkmbeQduqDn9NaohpPH5EcJBttwy9puUrjJnqSj/z9y+G4Wljv6GY53Hpahguca6j8y3o1P9BWD0ft5xZXNxRbL89VkCLxQQk+eQHKXsfdtWIzhR48HcngBnI3yQxn/J2ciGrUv6obNFeVapfvygIRd6NYfHabgJ/qwnh3Jh7K6M2OzzBmcKy8RJs/oZjpTM3pcfHnPUNrSq+7zMbD1HZ4PVbKd8ecpuFUSdN6f9XzMV/dzJP73+ULRIIbw75fMbuAEVBOTZqw5KHxcQSIBZN7lbh1NTz5m84FNVdlJxoSKGzPYPos3CX3e1P0vA0Y0RNj2eWCEUWTdgyj+SfKSIeEohATbBGqUPvdKt4Ub75S/aLLdQXG+BJbbW6TlZv5do5x+zKSIPYG1kY7NLNrk0ioRvgAe0D48hy7mKZ/78GV/NwlnwT1VwyfM5tCeQUGQpdzp9RopgiX+zGDrA3sQVCdiGxnohqXRABXOEMvH5chw7eLSxLXa2q9Xr8fG+DMQjciqQCjD0d//LfNVXPsT+42IWC25A2vMb9pDdMAvTfpyRxBu+QjteeHkWOKMsPfzwXcJwmstKbybpyqLLSwgPOGjqQ2Ttm6ftvht5N3SAjBk8ctlSpXc0osg78nV3+Id5xp2v30hmDuqdMy3m5szI3qrKryLVQvtimbejD0L7jkgFpigaxdkqNStKYHpA+XU6mNydnZG0jPDwEpLtkpspSmASyHHRy5cOxLHMsfR53lR1vNgT6PfjBb2k1y2c280Tmi8AQLxTSTtIcw3sY6pb4CYdBAEC0j6YLIVoL+b086fhHplLvfelq7vQ/ZLJ272+vYKvir6Cea9Gjr3zRzxDTUgOmDHsWWqWMIcBu1PvIAOIL/q86oTWc2jKx0ndI9tCjdwhMNOA8Gd0J7+BzKRUIyoWVAfHWHbUP5Dtkb80r/8jQsGGDalYWZw4EGhKe1M4L5xq2kRBL/T/yxoudARGLi31ZkR9sra4hQ+ebmKGpRVNU1SaO7VFQ76/ylTGS6pz9RbAJupIxlVnqlBXiB+prG4Jp2R/I4lydyHtV7TlqD4wc+Ey20qMUZHzoEUjExPSNS22Tclxd0jLVG9JhdgHrpNtdXPxfIv8QxQBZQXZjNXg/P74mcSoCVOoZ7OzMvH1a8HZXZPL9nSaB9u5tvbjW8H5VUjAoE/qmtqHArWUe2HPinCSYQJNbx4E/1RCNbdgyqgc8PoFMFnz8Czl7MH0r68aj9TW+EQ6qH0JpW9+WBZklUlgwoN3Xcq4Z2ICjo2Wmu9agqvc7NgDLP5qd9nEKf14kDNvOE1ln0bKRQgue0v++eMc0g1OU1dXUeI66QBQ0nMjoq+RlFIjJymGchOfI3j1OT9NjTS4fBgYU+kdWBjjUHRT9pRY0Q6hJYuKK4yvePMxkL701KExuPNUPtCgdAJxjf&u=U2FsdGVkX1+ZtDBFTRsrHp1LqRcvi50iXH9TR0LlCWc=&y=U2FsdGVkX1+H4MIN5pd5yzu7oZuflp0fgkPdj7jxhJE= HTTP/1.1" 200 26
161.10.164.35 - - [12/Mar/2024:09:53:55 -0500] "GET /kwssiamovil/sm/acme/a?s=U2FsdGVkX185VnBG3EvgXxjciXCPTY/bkIpSknX1tCGo79+WYyCy6G1TnBEh5mKGG98jvtZ//IO3pwgcP7Yp0GvjryxMu0l8T+t46lmXzSkgBLEq4RC1BJ1B+UfxMeUbUr0qbxIgQiErsGi8AZATcQxE4ANHz0NK6fQ3GGwNtYw=&u=U2FsdGVkX1+ZtDBFTRsrHp1LqRcvi50iXH9TR0LlCWc=&y=U2FsdGVkX1+H4MIN5pd5yzu7oZuflp0fgkPdj7jxhJE= HTTP/1.1" 200 26
161.10.164.35 - - [12/Mar/2024:09:53:55 -0500] "GET /kwssiamovil/sm/acme/a?s=U2FsdGVkX19zGGjSzPzF3qHf3xLNCf7YlzaXpvGodvWUlsYqSvVHGn5jsXQwd9t6XV8AOegOnW1Vj/SbP6X7ODthFeYEmBR+LNnfSb8qN0JKLzfhafFNz0v9Zk3ClHUV+yBAW4IpLUTcuC8pUhTomHb8aQ1xW9Y4SaV6RuqWqxE=&u=U2FsdGVkX1+ZtDBFTRsrHp1LqRcvi50iXH9TR0LlCWc=&y=U2FsdGVkX1+H4MIN5pd5yzu7oZuflp0fgkPdj7jxhJE= HTTP/1.1" 200 26
161.10.164.35 - - [12/Mar/2024:09:53:55 -0500] "GET /kwssiamovil/sm/acme/a?s=U2FsdGVkX18tkEq6KSXnQUn4f+DiChMofSgp63ANCa0kjkZNQydMl8EgZGfuIbphxjKCuDutOxb+EhsBrZucawXMUN+5goTST9ew0twNe1etOjdJozyOugsMyb/4/5FG4+X9/l5uVre1ONTklDaf/UgD+cj9uqJ1XMpesaz3A7U=&u=U2FsdGVkX1+ZtDBFTRsrHp1LqRcvi50iXH9TR0LlCWc=&y=U2FsdGVkX1+H4MIN5pd5yzu7oZuflp0fgkPdj7jxhJE= HTTP/1.1" 200 26
161.10.164.35 - - [12/Mar/2024:09:53:56 -0500] "GET /kwssiamovil/sm/acme/a?s=U2FsdGVkX1+XMJ1wV+rfYOmHL8ev2V8rX6YYanDx5cA1SVa0f1XbihSgqJpUiBO3iAJYSF4LhFc9p7rfd5UwowA+PythCCrdmBaHIEHuUhvBJA5SvluckeFVC6HkpjxnlCAKTmEKvyiDKPjjeivgpM4BMjEnC0RaXRlgWRWoMc1OTI/1nQTwdzqMYFMUbSNY&u=U2FsdGVkX1+ZtDBFTRsrHp1LqRcvi50iXH9TR0LlCWc=&y=U2FsdGVkX1+H4MIN5pd5yzu7oZuflp0fgkPdj7jxhJE= HTTP/1.1" 200 26
200.118.80.29 - - [12/Mar/2024:09:53:58 -0500] "POST /sipse/faces/presentacion/financiero/solicitudProceso/consultar.xhtml HTTP/1.1" 200 9853
216.244.66.195 - - [12/Mar/2024:09:54:00 -0500] "GET /BLA/resoluciones/AUTOS%202010/2042.pdf HTTP/1.1" 200 315637
201.245.192.253 - - [12/Mar/2024:09:54:03 -0500] "POST /sipse/faces/presentacion/financiero/solicitudProceso/listarSolicitudProceso.xhtml HTTP/1.1" 200 43951
201.245.192.253 - - [12/Mar/2024:09:54:03 -0500] "GET /sipse/faces/javax.faces.resource/theme.css?ln=primefaces-sipse HTTP/1.1" 304 -
201.245.192.253 - - [12/Mar/2024:09:54:03 -0500] "GET /sipse/faces/javax.faces.resource/primefaces.css?ln=primefaces&v=4.0 HTTP/1.1" 304 -
201.245.192.253 - - [12/Mar/2024:09:54:03 -0500] "GET /sipse/faces/javax.faces.resource/layout/layout.css?ln=primefaces&v=4.0 HTTP/1.1" 304 -
201.245.192.253 - - [12/Mar/2024:09:54:03 -0500] "GET /sipse/faces/javax.faces.resource/jquery/jquery.js?ln=primefaces&v=4.0 HTTP/1.1" 304 -
201.245.192.253 - - [12/Mar/2024:09:54:03 -0500] "GET /sipse/faces/javax.faces.resource/jquery/jquery-plugins.js?ln=primefaces&v=4.0 HTTP/1.1" 304 -
201.245.192.253 - - [12/Mar/2024:09:54:03 -0500] "GET /sipse/faces/javax.faces.resource/primefaces.js?ln=primefaces&v=4.0 HTTP/1.1" 304 -
201.245.192.253 - - [12/Mar/2024:09:54:03 -0500] "GET /sipse/faces/javax.faces.resource/layout/layout.js?ln=primefaces&v=4.0 HTTP/1.1" 304 -
201.245.192.253 - - [12/Mar/2024:09:54:03 -0500] "POST /sipse/faces/presentacion/financiero/solicitudProceso/consultar.xhtml HTTP/1.1" 200 37233
200.118.80.29 - - [12/Mar/2024:09:54:05 -0500] "POST /sipse/faces/presentacion/financiero/solicitudProceso/consultar.xhtml HTTP/1.1" 200 12979
201.245.192.253 - - [12/Mar/2024:09:54:09 -0500] "POST /sipse/faces/presentacion/financiero/solicitudProceso/consultar.xhtml HTTP/1.1" 200 12845
186.28.221.53 - - [12/Mar/2024:09:54:16 -0500] "POST /sipse/faces/presentacion/financiero/solicitudProceso/consultar.xhtml HTTP/1.1" 200 12966
216.244.66.195 - - [12/Mar/2024:09:54:22 -0500] "GET /BLA/resoluciones/AUTOS%202010/2455.pdf HTTP/1.1" 200 146390
201.245.192.253 - - [12/Mar/2024:09:54:24 -0500] "POST /forms/lservlet;jsessionid=ac16012b30d685a1338798bb45e4a50ba3dcf25e0c41.e3iSbxaKaheRe3iNc3uNbNmQay1ynknvrkLOlQzNp65In0 HTTP/1.1" 200 2
186.28.221.53 - - [12/Mar/2024:09:54:25 -0500] "POST /sipse/faces/presentacion/financiero/solicitudProceso/consultar.xhtml HTTP/1.1" 200 12828
200.118.80.29 - - [12/Mar/2024:09:54:29 -0500] "POST /sipse/faces/presentacion/financiero/solicitudProceso/consultar.xhtml HTTP/1.1" 200 12879
186.28.221.53 - - [12/Mar/2024:09:54:35 -0500] "POST /sipse/faces/presentacion/financiero/solicitudProceso/consultar.xhtml HTTP/1.1" 200 12916
200.118.80.29 - - [12/Mar/2024:09:54:36 -0500] "POST /sipse/faces/presentacion/financiero/solicitudProceso/consultar.xhtml HTTP/1.1" 200 12945
186.28.221.53 - - [12/Mar/2024:09:54:37 -0500] "POST /sipse/faces/presentacion/financiero/solicitudProceso/consultar.xhtml HTTP/1.1" 200 12912
186.28.221.53 - - [12/Mar/2024:09:54:40 -0500] "POST /sipse/faces/presentacion/financiero/solicitudProceso/consultar.xhtml HTTP/1.1" 200 12986
216.244.66.195 - - [12/Mar/2024:09:54:44 -0500] "GET /BLA/resoluciones/AUTOS%202010/3071.pdf HTTP/1.1" 200 2076927
200.118.80.29 - - [12/Mar/2024:09:55:06 -0500] "POST /sipse/faces/presentacion/financiero/solicitudProceso/consultar.xhtml HTTP/1.1" 200 13180
190.159.184.39 - - [12/Mar/2024:09:55:07 -0500] "GET /BLA/resoluciones/ HTTP/1.1" 200 14105
190.159.184.39 - - [12/Mar/2024:09:55:11 -0500] "GET /BLA/resoluciones/index.php?dir=AUTOS+2020%2F HTTP/1.1" 200 332687
201.245.192.253 - - [12/Mar/2024:09:55:14 -0500] "POST /sipse/faces/presentacion/financiero/solicitudProceso/listarSolicitudProceso.xhtml HTTP/1.1" 200 40041
201.245.192.253 - - [12/Mar/2024:09:55:15 -0500] "POST /sipse/faces/presentacion/financiero/solicitudProceso/listarSolicitudProceso.xhtml HTTP/1.1" 200 53521
201.245.192.253 - - [12/Mar/2024:09:55:15 -0500] "POST /sipse/faces/presentacion/financiero/solicitudProceso/listarSolicitudProceso.xhtml HTTP/1.1" 200 40041
200.118.80.29 - - [12/Mar/2024:09:55:17 -0500] "POST /sipse/faces/presentacion/financiero/solicitudProceso/consultar.xhtml HTTP/1.1" 200 13061
201.245.192.253 - - [12/Mar/2024:09:55:18 -0500] "POST /sipse/faces/presentacion/financiero/solicitudProceso/listarSolicitudProceso.xhtml HTTP/1.1" 200 10901
181.53.13.222 - - [12/Mar/2024:09:55:19 -0500] "GET /sipse/faces/autenticacion.xhtml HTTP/1.1" 200 12724
201.245.192.253 - - [12/Mar/2024:09:55:21 -0500] "POST /sipse/faces/presentacion/financiero/solicitudProceso/listarSolicitudProceso.xhtml HTTP/1.1" 200 58079
201.245.192.253 - - [12/Mar/2024:09:55:21 -0500] "GET /sipse/faces/javax.faces.resource/theme.css?ln=primefaces-sipse HTTP/1.1" 304 -
201.245.192.253 - - [12/Mar/2024:09:55:21 -0500] "GET /sipse/faces/javax.faces.resource/primefaces.css?ln=primefaces&v=4.0 HTTP/1.1" 304 -
201.245.192.253 - - [12/Mar/2024:09:55:21 -0500] "GET /sipse/faces/javax.faces.resource/layout/layout.css?ln=primefaces&v=4.0 HTTP/1.1" 304 -
201.245.192.253 - - [12/Mar/2024:09:55:21 -0500] "GET /sipse/faces/javax.faces.resource/jquery/jquery.js?ln=primefaces&v=4.0 HTTP/1.1" 304 -
201.245.192.253 - - [12/Mar/2024:09:55:21 -0500] "GET /sipse/faces/javax.faces.resource/jquery/jquery-plugins.js?ln=primefaces&v=4.0 HTTP/1.1" 304 -
201.245.192.253 - - [12/Mar/2024:09:55:21 -0500] "GET /sipse/faces/javax.faces.resource/primefaces.js?ln=primefaces&v=4.0 HTTP/1.1" 304 -
201.245.192.253 - - [12/Mar/2024:09:55:21 -0500] "GET /sipse/faces/javax.faces.resource/layout/layout.js?ln=primefaces&v=4.0 HTTP/1.1" 304 -
201.245.192.253 - - [12/Mar/2024:09:55:21 -0500] "POST /sipse/faces/presentacion/financiero/solicitudProceso/solicitudProcesoOtrosPagos.xhtml HTTP/1.1" 200 51323
201.245.192.253 - - [12/Mar/2024:09:55:22 -0500] "POST /sipse/faces/presentacion/financiero/solicitudProceso/solicitudProcesoOtrosPagos.xhtml HTTP/1.1" 200 51323
201.245.192.253 - - [12/Mar/2024:09:55:22 -0500] "POST /sipse/faces/presentacion/financiero/solicitudProceso/solicitudProcesoOtrosPagos.xhtml HTTP/1.1" 200 51323
181.53.13.222 - - [12/Mar/2024:09:55:22 -0500] "GET /sipse/css/custom_css_sg.css HTTP/1.1" 200 9694
181.53.13.222 - - [12/Mar/2024:09:55:22 -0500] "GET /sipse/faces/javax.faces.resource/layout/layout.css;jsessionid=-37ySYnZecMF05HTA8g29ZjX.undefined?ln=primefaces&v=4.0 HTTP/1.1" 200 542
201.245.192.253 - - [12/Mar/2024:09:55:22 -0500] "POST /sipse/faces/presentacion/financiero/solicitudProceso/solicitudProcesoOtrosPagos.xhtml HTTP/1.1" 200 51323
201.245.192.253 - - [12/Mar/2024:09:55:23 -0500] "POST /sipse/faces/presentacion/financiero/solicitudProceso/solicitudProcesoOtrosPagos.xhtml HTTP/1.1" 200 51323
181.53.13.222 - - [12/Mar/2024:09:55:23 -0500] "GET /sipse/js/disable_browser_buttons.js HTTP/1.1" 200 3230
201.245.192.253 - - [12/Mar/2024:09:55:25 -0500] "POST /sipse/faces/presentacion/financiero/solicitudProceso/solicitudProcesoOtrosPagos.xhtml HTTP/1.1" 200 40079
201.245.192.253 - - [12/Mar/2024:09:55:25 -0500] "GET /sipse/faces/javax.faces.resource/theme.css?ln=primefaces-sipse HTTP/1.1" 304 -
201.245.192.253 - - [12/Mar/2024:09:55:25 -0500] "GET /sipse/faces/javax.faces.resource/primefaces.css?ln=primefaces&v=4.0 HTTP/1.1" 304 -
201.245.192.253 - - [12/Mar/2024:09:55:25 -0500] "GET /sipse/faces/javax.faces.resource/fileupload/fileupload.css?ln=primefaces&v=4.0 HTTP/1.1" 200 1330
201.245.192.253 - - [12/Mar/2024:09:55:25 -0500] "GET /sipse/faces/javax.faces.resource/layout/layout.css?ln=primefaces&v=4.0 HTTP/1.1" 304 -
201.245.192.253 - - [12/Mar/2024:09:55:25 -0500] "GET /sipse/faces/javax.faces.resource/jquery/jquery.js?ln=primefaces&v=4.0 HTTP/1.1" 304 -
201.245.192.253 - - [12/Mar/2024:09:55:25 -0500] "GET /sipse/faces/javax.faces.resource/jquery/jquery-plugins.js?ln=primefaces&v=4.0 HTTP/1.1" 304 -
201.245.192.253 - - [12/Mar/2024:09:55:25 -0500] "GET /sipse/faces/javax.faces.resource/primefaces.js?ln=primefaces&v=4.0 HTTP/1.1" 304 -
201.245.192.253 - - [12/Mar/2024:09:55:25 -0500] "GET /sipse/faces/javax.faces.resource/layout/layout.js?ln=primefaces&v=4.0 HTTP/1.1" 304 -
201.245.192.253 - - [12/Mar/2024:09:55:25 -0500] "GET /sipse/faces/javax.faces.resource/jsf.js?ln=javax.faces&stage=Development HTTP/1.1" 200 110326
201.245.192.253 - - [12/Mar/2024:09:55:25 -0500] "GET /sipse/faces/javax.faces.resource/fileupload/fileupload.js?ln=primefaces&v=4.0 HTTP/1.1" 200 28091
201.245.192.253 - - [12/Mar/2024:09:55:26 -0500] "POST /sipse/faces/presentacion/financiero/solicitudProceso/registroSolicitudProcesoOtrosPagos.xhtml HTTP/1.1" 200 1852
200.118.80.29 - - [12/Mar/2024:09:55:26 -0500] "POST /sipse/faces/presentacion/financiero/solicitudProceso/consultar.xhtml HTTP/1.1" 200 13019
181.53.13.222 - - [12/Mar/2024:09:55:23 -0500] "GET /sipse/js/funciones.js HTTP/1.1" 200 12592
201.245.192.253 - - [12/Mar/2024:09:55:27 -0500] "POST /sipse/faces/presentacion/financiero/solicitudProceso/registroSolicitudProcesoOtrosPagos.xhtml HTTP/1.1" 200 193
201.245.192.253 - - [12/Mar/2024:09:55:28 -0500] "POST /sipse/faces/presentacion/financiero/solicitudProceso/registroSolicitudProcesoOtrosPagos.xhtml HTTP/1.1" 200 193
201.245.192.253 - - [12/Mar/2024:09:55:28 -0500] "POST /sipse/faces/presentacion/financiero/solicitudProceso/registroSolicitudProcesoOtrosPagos.xhtml HTTP/1.1" 200 193
201.245.192.253 - - [12/Mar/2024:09:55:28 -0500] "POST /sipse/faces/presentacion/financiero/solicitudProceso/registroSolicitudProcesoOtrosPagos.xhtml HTTP/1.1" 200 193
201.245.192.253 - - [12/Mar/2024:09:55:28 -0500] "GET /sipse/faces/presentacion/financiero/solicitudAnulacion/consultarSolicitudAnulacion.xhtml HTTP/1.1" 200 15776
201.245.192.253 - - [12/Mar/2024:09:55:28 -0500] "GET /sipse/faces/presentacion/financiero/solicitudAnulacion/consultarSolicitudAnulacion.xhtml HTTP/1.1" 200 15776
201.245.192.253 - - [12/Mar/2024:09:55:28 -0500] "POST /sipse/faces/presentacion/financiero/solicitudProceso/registroSolicitudProcesoOtrosPagos.xhtml HTTP/1.1" 200 193
201.245.192.253 - - [12/Mar/2024:09:55:28 -0500] "GET /sipse/faces/presentacion/financiero/solicitudAnulacion/consultarSolicitudAnulacion.xhtml HTTP/1.1" 200 15776
181.53.13.222 - - [12/Mar/2024:09:55:22 -0500] "GET /sipse/faces/javax.faces.resource/layout/layout.js;jsessionid=-37ySYnZecMF05HTA8g29ZjX.undefined?ln=primefaces&v=4.0 HTTP/1.1" 200 87560
201.245.192.253 - - [12/Mar/2024:09:55:28 -0500] "GET /sipse/faces/presentacion/financiero/solicitudAnulacion/consultarSolicitudAnulacion.xhtml HTTP/1.1" 200 16132
201.245.192.253 - - [12/Mar/2024:09:55:28 -0500] "POST /sipse/faces/presentacion/financiero/solicitudProceso/registroSolicitudProcesoOtrosPagos.xhtml HTTP/1.1" 200 193
201.245.192.253 - - [12/Mar/2024:09:55:28 -0500] "GET /sipse/faces/presentacion/financiero/solicitudAnulacion/consultarSolicitudAnulacion.xhtml HTTP/1.1" 200 15776
