181.53.13.222 - - [12/Mar/2024:09:34:46 -0500] "POST /sipse/faces/presentacion/financiero/solicitudProceso/consultarSolicitudProceso.xhtml HTTP/1.1" 200 5598
200.118.80.29 - - [12/Mar/2024:09:34:57 -0500] "POST /sipse/faces/presentacion/financiero/solicitudProceso/consultar.xhtml HTTP/1.1" 200 13033
172.22.2.4 - - [12/Mar/2024:09:35:15 -0500] "GET /BLA/boletinlegal/consulta_actos.php?tipo=resoluciones&no=52&usuario=&sector=&fecha=1991&resuelve= HTTP/1.1" 200 626
181.53.13.222 - - [12/Mar/2024:09:35:10 -0500] "POST /sipse/faces/presentacion/financiero/solicitudProceso/consultarSolicitudProceso.xhtml HTTP/1.1" 200 4506180
172.22.2.4 - - [12/Mar/2024:09:35:18 -0500] "GET /BLA/boletinlegal/consulta_actos.php?tipo=resoluciones&no=52&usuario=&sector=&fecha=1991&resuelve= HTTP/1.1" 200 626
172.22.2.4 - - [12/Mar/2024:09:35:18 -0500] "GET /BLA/boletinlegal/consulta_actos.php?tipo=resoluciones&no=52&usuario=&sector=&fecha=1991&resuelve= HTTP/1.1" 200 626
172.22.2.4 - - [12/Mar/2024:09:35:18 -0500] "GET /BLA/boletinlegal/consulta_actos.php?tipo=resoluciones&no=52&usuario=&sector=&fecha=1991&resuelve= HTTP/1.1" 200 626
172.22.2.4 - - [12/Mar/2024:09:35:18 -0500] "GET /BLA/boletinlegal/consulta_actos.php?tipo=resoluciones&no=52&usuario=&sector=&fecha=1991&resuelve= HTTP/1.1" 200 626
172.22.2.4 - - [12/Mar/2024:09:35:19 -0500] "GET /BLA/boletinlegal/consulta_actos.php?tipo=resoluciones&no=52&usuario=&sector=&fecha=1991&resuelve= HTTP/1.1" 200 626
200.118.80.29 - - [12/Mar/2024:09:35:23 -0500] "POST /sipse/faces/presentacion/financiero/solicitudProceso/consultar.xhtml HTTP/1.1" 200 12889
201.245.192.253 - - [12/Mar/2024:09:35:38 -0500] "POST /sipse/faces/presentacion/financiero/solicitudProceso/consultarSolicitudProceso.xhtml HTTP/1.1" 200 21212
201.245.192.253 - - [12/Mar/2024:09:35:39 -0500] "GET /sipse/faces/javax.faces.resource/theme.css?ln=primefaces-sipse HTTP/1.1" 304 -
201.245.192.253 - - [12/Mar/2024:09:35:39 -0500] "GET /sipse/faces/javax.faces.resource/fileupload/fileupload.css?ln=primefaces&v=4.0 HTTP/1.1" 304 -
201.245.192.253 - - [12/Mar/2024:09:35:39 -0500] "GET /sipse/faces/javax.faces.resource/primefaces.css?ln=primefaces&v=4.0 HTTP/1.1" 304 -
201.245.192.253 - - [12/Mar/2024:09:35:39 -0500] "GET /sipse/faces/javax.faces.resource/jquery/jquery.js?ln=primefaces&v=4.0 HTTP/1.1" 304 -
201.245.192.253 - - [12/Mar/2024:09:35:39 -0500] "GET /sipse/faces/javax.faces.resource/jquery/jquery-plugins.js?ln=primefaces&v=4.0 HTTP/1.1" 304 -
201.245.192.253 - - [12/Mar/2024:09:35:39 -0500] "GET /sipse/faces/javax.faces.resource/primefaces.js?ln=primefaces&v=4.0 HTTP/1.1" 304 -
201.245.192.253 - - [12/Mar/2024:09:35:39 -0500] "GET /sipse/faces/javax.faces.resource/layout/layout.css?ln=primefaces&v=4.0 HTTP/1.1" 304 -
201.245.192.253 - - [12/Mar/2024:09:35:39 -0500] "GET /sipse/faces/javax.faces.resource/layout/layout.js?ln=primefaces&v=4.0 HTTP/1.1" 304 -
201.245.192.253 - - [12/Mar/2024:09:35:39 -0500] "GET /sipse/faces/javax.faces.resource/fileupload/fileupload.js?ln=primefaces&v=4.0 HTTP/1.1" 304 -
201.245.192.253 - - [12/Mar/2024:09:35:39 -0500] "GET /sipse/css/imagen/contrasena.png HTTP/1.1" 404 383
201.245.192.253 - - [12/Mar/2024:09:35:39 -0500] "GET /sipse/faces/javax.faces.resource/images/ui-icons_898989_256x240.png?ln=primefaces-aristo HTTP/1.1" 304 -
201.245.192.253 - - [12/Mar/2024:09:35:46 -0500] "POST /sipse/faces/presentacion/sistema/anexos/cargarAnexoSolicitudProceso.xhtml HTTP/1.1" 200 194687
201.245.192.253 - - [12/Mar/2024:09:35:47 -0500] "GET /sipse/faces/javax.faces.resource/theme.css?ln=primefaces-sipse HTTP/1.1" 304 -
201.245.192.253 - - [12/Mar/2024:09:35:47 -0500] "GET /sipse/faces/javax.faces.resource/primefaces.js?ln=primefaces&v=4.0 HTTP/1.1" 304 -
201.245.192.253 - - [12/Mar/2024:09:35:47 -0500] "GET /sipse/faces/javax.faces.resource/layout/layout.css?ln=primefaces&v=4.0 HTTP/1.1" 304 -
201.245.192.253 - - [12/Mar/2024:09:35:47 -0500] "GET /sipse/faces/javax.faces.resource/primefaces.css?ln=primefaces&v=4.0 HTTP/1.1" 304 -
201.245.192.253 - - [12/Mar/2024:09:35:47 -0500] "GET /sipse/faces/javax.faces.resource/jquery/jquery-plugins.js?ln=primefaces&v=4.0 HTTP/1.1" 304 -
201.245.192.253 - - [12/Mar/2024:09:35:47 -0500] "GET /sipse/faces/javax.faces.resource/jquery/jquery.js?ln=primefaces&v=4.0 HTTP/1.1" 304 -
201.245.192.253 - - [12/Mar/2024:09:35:47 -0500] "GET /sipse/faces/javax.faces.resource/layout/layout.js?ln=primefaces&v=4.0 HTTP/1.1" 304 -
201.245.192.253 - - [12/Mar/2024:09:35:47 -0500] "GET /sipse/faces/javax.faces.resource/images/ui-icons_898989_256x240.png?ln=primefaces-aristo HTTP/1.1" 304 -
216.245.221.92 - - [12/Mar/2024:09:35:48 -0500] "HEAD / HTTP/1.1" 200 -
201.245.192.253 - - [12/Mar/2024:09:35:49 -0500] "POST /sipse/faces/presentacion/financiero/solicitudProceso/consultarSolicitudProceso.xhtml HTTP/1.1" 200 21212
201.245.192.253 - - [12/Mar/2024:09:35:50 -0500] "GET /sipse/faces/javax.faces.resource/theme.css?ln=primefaces-sipse HTTP/1.1" 304 -
201.245.192.253 - - [12/Mar/2024:09:35:50 -0500] "GET /sipse/faces/javax.faces.resource/jquery/jquery-plugins.js?ln=primefaces&v=4.0 HTTP/1.1" 304 -
201.245.192.253 - - [12/Mar/2024:09:35:50 -0500] "GET /sipse/faces/javax.faces.resource/jquery/jquery.js?ln=primefaces&v=4.0 HTTP/1.1" 304 -
201.245.192.253 - - [12/Mar/2024:09:35:50 -0500] "GET /sipse/faces/javax.faces.resource/layout/layout.css?ln=primefaces&v=4.0 HTTP/1.1" 304 -
201.245.192.253 - - [12/Mar/2024:09:35:50 -0500] "GET /sipse/faces/javax.faces.resource/primefaces.js?ln=primefaces&v=4.0 HTTP/1.1" 304 -
201.245.192.253 - - [12/Mar/2024:09:35:50 -0500] "GET /sipse/faces/javax.faces.resource/primefaces.css?ln=primefaces&v=4.0 HTTP/1.1" 304 -
201.245.192.253 - - [12/Mar/2024:09:35:50 -0500] "GET /sipse/faces/javax.faces.resource/fileupload/fileupload.css?ln=primefaces&v=4.0 HTTP/1.1" 304 -
201.245.192.253 - - [12/Mar/2024:09:35:50 -0500] "GET /sipse/faces/javax.faces.resource/layout/layout.js?ln=primefaces&v=4.0 HTTP/1.1" 304 -
201.245.192.253 - - [12/Mar/2024:09:35:50 -0500] "GET /sipse/faces/javax.faces.resource/fileupload/fileupload.js?ln=primefaces&v=4.0 HTTP/1.1" 304 -
172.22.2.4 - - [12/Mar/2024:09:35:53 -0500] "GET /BLA/boletinlegal/consulta_actos.php?tipo=resoluciones&no=52&usuario=&sector=&fecha=1991&resuelve= HTTP/1.1" 200 626
172.22.2.4 - - [12/Mar/2024:09:35:53 -0500] "GET /BLA/boletinlegal/consulta_actos.php?tipo=resoluciones&no=52&usuario=&sector=&fecha=1991&resuelve= HTTP/1.1" 200 626
172.22.2.4 - - [12/Mar/2024:09:35:53 -0500] "GET /BLA/boletinlegal/consulta_actos.php?tipo=resoluciones&no=52&usuario=&sector=&fecha=1991&resuelve= HTTP/1.1" 200 626
172.22.2.4 - - [12/Mar/2024:09:35:53 -0500] "GET /BLA/boletinlegal/consulta_actos.php?tipo=resoluciones&no=52&usuario=&sector=&fecha=1991&resuelve= HTTP/1.1" 200 626
201.245.192.253 - - [12/Mar/2024:09:35:58 -0500] "POST /sipse/faces/presentacion/sistema/anexos/cargarAnexoSolicitudProceso.xhtml HTTP/1.1" 200 196478
201.245.192.253 - - [12/Mar/2024:09:35:58 -0500] "GET /sipse/faces/javax.faces.resource/theme.css?ln=primefaces-sipse HTTP/1.1" 304 -
201.245.192.253 - - [12/Mar/2024:09:35:58 -0500] "GET /sipse/faces/javax.faces.resource/jquery/jquery.js?ln=primefaces&v=4.0 HTTP/1.1" 304 -
201.245.192.253 - - [12/Mar/2024:09:35:58 -0500] "GET /sipse/faces/javax.faces.resource/layout/layout.css?ln=primefaces&v=4.0 HTTP/1.1" 304 -
201.245.192.253 - - [12/Mar/2024:09:35:58 -0500] "GET /sipse/faces/javax.faces.resource/jquery/jquery-plugins.js?ln=primefaces&v=4.0 HTTP/1.1" 304 -
201.245.192.253 - - [12/Mar/2024:09:35:58 -0500] "GET /sipse/faces/javax.faces.resource/primefaces.css?ln=primefaces&v=4.0 HTTP/1.1" 304 -
201.245.192.253 - - [12/Mar/2024:09:35:58 -0500] "GET /sipse/faces/javax.faces.resource/primefaces.js?ln=primefaces&v=4.0 HTTP/1.1" 304 -
201.245.192.253 - - [12/Mar/2024:09:35:58 -0500] "GET /sipse/faces/javax.faces.resource/layout/layout.js?ln=primefaces&v=4.0 HTTP/1.1" 304 -
200.118.80.29 - - [12/Mar/2024:09:36:02 -0500] "POST /sipse/faces/presentacion/financiero/solicitudProceso/consultar.xhtml HTTP/1.1" 200 12972
201.245.192.253 - - [12/Mar/2024:09:36:02 -0500] "POST /sipse/faces/presentacion/financiero/solicitudProceso/consultarSolicitudProceso.xhtml HTTP/1.1" 200 21212
201.245.192.253 - - [12/Mar/2024:09:36:02 -0500] "GET /sipse/faces/javax.faces.resource/theme.css?ln=primefaces-sipse HTTP/1.1" 304 -
201.245.192.253 - - [12/Mar/2024:09:36:02 -0500] "GET /sipse/faces/javax.faces.resource/primefaces.css?ln=primefaces&v=4.0 HTTP/1.1" 304 -
201.245.192.253 - - [12/Mar/2024:09:36:02 -0500] "GET /sipse/faces/javax.faces.resource/jquery/jquery.js?ln=primefaces&v=4.0 HTTP/1.1" 304 -
201.245.192.253 - - [12/Mar/2024:09:36:02 -0500] "GET /sipse/faces/javax.faces.resource/jquery/jquery-plugins.js?ln=primefaces&v=4.0 HTTP/1.1" 304 -
201.245.192.253 - - [12/Mar/2024:09:36:02 -0500] "GET /sipse/faces/javax.faces.resource/primefaces.js?ln=primefaces&v=4.0 HTTP/1.1" 304 -
201.245.192.253 - - [12/Mar/2024:09:36:02 -0500] "GET /sipse/faces/javax.faces.resource/layout/layout.css?ln=primefaces&v=4.0 HTTP/1.1" 304 -
201.245.192.253 - - [12/Mar/2024:09:36:02 -0500] "GET /sipse/faces/javax.faces.resource/fileupload/fileupload.css?ln=primefaces&v=4.0 HTTP/1.1" 304 -
201.245.192.253 - - [12/Mar/2024:09:36:02 -0500] "GET /sipse/faces/javax.faces.resource/fileupload/fileupload.js?ln=primefaces&v=4.0 HTTP/1.1" 304 -
201.245.192.253 - - [12/Mar/2024:09:36:02 -0500] "GET /sipse/faces/javax.faces.resource/layout/layout.js?ln=primefaces&v=4.0 HTTP/1.1" 304 -
201.245.192.253 - - [12/Mar/2024:09:36:09 -0500] "GET /sipse/faces/javax.faces.resource/theme.css?ln=primefaces-sipse HTTP/1.1" 304 -
201.245.192.253 - - [12/Mar/2024:09:36:09 -0500] "GET /sipse/faces/javax.faces.resource/jquery/jquery-plugins.js?ln=primefaces&v=4.0 HTTP/1.1" 304 -
201.245.192.253 - - [12/Mar/2024:09:36:09 -0500] "GET /sipse/faces/javax.faces.resource/jquery/jquery.js?ln=primefaces&v=4.0 HTTP/1.1" 304 -
201.245.192.253 - - [12/Mar/2024:09:36:09 -0500] "GET /sipse/faces/javax.faces.resource/layout/layout.css?ln=primefaces&v=4.0 HTTP/1.1" 304 -
201.245.192.253 - - [12/Mar/2024:09:36:09 -0500] "GET /sipse/faces/javax.faces.resource/primefaces.css?ln=primefaces&v=4.0 HTTP/1.1" 304 -
201.245.192.253 - - [12/Mar/2024:09:36:09 -0500] "GET /sipse/faces/javax.faces.resource/primefaces.js?ln=primefaces&v=4.0 HTTP/1.1" 304 -
201.245.192.253 - - [12/Mar/2024:09:36:09 -0500] "GET /sipse/faces/javax.faces.resource/layout/layout.js?ln=primefaces&v=4.0 HTTP/1.1" 304 -
201.245.192.253 - - [12/Mar/2024:09:36:09 -0500] "POST /sipse/faces/presentacion/sistema/anexos/cargarAnexoSolicitudProceso.xhtml HTTP/1.1" 200 198276
201.245.192.253 - - [12/Mar/2024:09:36:11 -0500] "GET /sipse/faces/javax.faces.resource/images/ui-icons_898989_256x240.png?ln=primefaces-aristo HTTP/1.1" 304 -
200.118.80.29 - - [12/Mar/2024:09:36:12 -0500] "POST /sipse/faces/presentacion/financiero/solicitudProceso/consultar.xhtml HTTP/1.1" 200 12828
201.245.192.253 - - [12/Mar/2024:09:36:14 -0500] "GET /sipse/faces/javax.faces.resource/images/ui-bg_flat_0_2d5972_40x100.png?ln=primefaces-aristo HTTP/1.1" 304 -
201.245.192.253 - - [12/Mar/2024:09:36:14 -0500] "POST /sipse/faces/presentacion/financiero/solicitudProceso/consultarSolicitudProceso.xhtml HTTP/1.1" 200 6188
201.245.192.253 - - [12/Mar/2024:09:36:14 -0500] "GET /sipse/faces/javax.faces.resource/messages/messages.png?ln=primefaces&v=4.0 HTTP/1.1" 304 -
201.245.192.253 - - [12/Mar/2024:09:36:24 -0500] "POST /forms/lservlet;jsessionid=ac16012b30d685a1338798bb45e4a50ba3dcf25e0c41.e3iSbxaKaheRe3iNc3uNbNmQay1ynknvrkLOlQzNp65In0 HTTP/1.1" 200 2
201.245.192.253 - - [12/Mar/2024:09:36:24 -0500] "POST /sipse/faces/presentacion/financiero/solicitudProceso/consultarSolicitudProceso.xhtml HTTP/1.1" 200 37528
201.245.192.253 - - [12/Mar/2024:09:36:27 -0500] "GET /sipse/faces/javax.faces.resource/primefaces.css?ln=primefaces&v=4.0 HTTP/1.1" 304 -
201.245.192.253 - - [12/Mar/2024:09:36:27 -0500] "GET /sipse/faces/javax.faces.resource/theme.css?ln=primefaces-sipse HTTP/1.1" 304 -
201.245.192.253 - - [12/Mar/2024:09:36:27 -0500] "GET /sipse/faces/javax.faces.resource/layout/layout.css?ln=primefaces&v=4.0 HTTP/1.1" 304 -
201.245.192.253 - - [12/Mar/2024:09:36:27 -0500] "GET /sipse/faces/javax.faces.resource/jquery/jquery.js?ln=primefaces&v=4.0 HTTP/1.1" 304 -
201.245.192.253 - - [12/Mar/2024:09:36:27 -0500] "GET /sipse/faces/javax.faces.resource/jquery/jquery-plugins.js?ln=primefaces&v=4.0 HTTP/1.1" 304 -
201.245.192.253 - - [12/Mar/2024:09:36:27 -0500] "GET /sipse/faces/javax.faces.resource/primefaces.js?ln=primefaces&v=4.0 HTTP/1.1" 304 -
201.245.192.253 - - [12/Mar/2024:09:36:27 -0500] "GET /sipse/faces/javax.faces.resource/layout/layout.js?ln=primefaces&v=4.0 HTTP/1.1" 304 -
201.245.192.253 - - [12/Mar/2024:09:36:27 -0500] "POST /sipse/faces/presentacion/financiero/solicitudProceso/listarSolicitudProceso.xhtml HTTP/1.1" 200 1392
201.245.192.253 - - [12/Mar/2024:09:36:30 -0500] "POST /sipse/faces/presentacion/financiero/solicitudProceso/listarSolicitudProceso.xhtml HTTP/1.1" 200 32796
201.245.192.253 - - [12/Mar/2024:09:36:31 -0500] "POST /sipse/faces/presentacion/financiero/solicitudProceso/listarSolicitudProceso.xhtml HTTP/1.1" 200 23851
172.22.2.4 - - [12/Mar/2024:09:36:36 -0500] "GET /BLA/boletinlegal/robots.txt HTTP/1.1" 404 1038
200.118.80.29 - - [12/Mar/2024:09:36:36 -0500] "POST /sipse/faces/presentacion/financiero/solicitudProceso/consultar.xhtml HTTP/1.1" 200 12924
172.22.2.4 - - [12/Mar/2024:09:36:37 -0500] "GET /BLA/boletinlegal/Directivas/2019/Directiva%20No.%200001%20del%2011%20de%20junio%20de%202019.pdf HTTP/1.1" 200 228190
181.53.13.222 - - [12/Mar/2024:09:36:41 -0500] "POST /sipse/faces/presentacion/financiero/solicitudProceso/consultarSolicitudProceso.xhtml HTTP/1.1" 200 5598
200.118.80.29 - - [12/Mar/2024:09:36:56 -0500] "POST /sipse/faces/presentacion/financiero/solicitudProceso/consultar.xhtml HTTP/1.1" 200 12882
181.53.13.222 - - [12/Mar/2024:09:37:00 -0500] "GET /sipse/faces/javax.faces.resource/theme.css?ln=primefaces-sipse HTTP/1.1" 304 -
181.53.13.222 - - [12/Mar/2024:09:37:00 -0500] "GET /sipse/faces/javax.faces.resource/primefaces.js?ln=primefaces&v=4.0 HTTP/1.1" 304 -
181.53.13.222 - - [12/Mar/2024:09:37:00 -0500] "GET /sipse/faces/javax.faces.resource/primefaces.css?ln=primefaces&v=4.0 HTTP/1.1" 304 -
181.53.13.222 - - [12/Mar/2024:09:37:00 -0500] "GET /sipse/faces/javax.faces.resource/jquery/jquery.js?ln=primefaces&v=4.0 HTTP/1.1" 304 -
181.53.13.222 - - [12/Mar/2024:09:37:00 -0500] "GET /sipse/faces/javax.faces.resource/layout/layout.css?ln=primefaces&v=4.0 HTTP/1.1" 304 -
181.53.13.222 - - [12/Mar/2024:09:37:00 -0500] "GET /sipse/faces/javax.faces.resource/jquery/jquery-plugins.js?ln=primefaces&v=4.0 HTTP/1.1" 304 -
181.53.13.222 - - [12/Mar/2024:09:36:59 -0500] "POST /sipse/faces/presentacion/financiero/solicitudProceso/consultarSolicitudProceso.xhtml HTTP/1.1" 200 36774
181.53.13.222 - - [12/Mar/2024:09:37:00 -0500] "GET /sipse/faces/javax.faces.resource/layout/layout.js?ln=primefaces&v=4.0 HTTP/1.1" 304 -
172.22.2.4 - - [12/Mar/2024:09:37:05 -0500] "GET /BLA/boletinlegal/consulta_actos.php?tipo=resoluciones&no=52&usuario=&sector=&fecha=1991&resuelve= HTTP/1.1" 200 626
172.22.2.4 - - [12/Mar/2024:09:37:06 -0500] "GET /BLA/boletinlegal/consulta_actos.php?tipo=resoluciones&no=52&usuario=&sector=&fecha=1991&resuelve= HTTP/1.1" 200 626
172.22.2.4 - - [12/Mar/2024:09:37:06 -0500] "GET /BLA/boletinlegal/consulta_actos.php?tipo=resoluciones&no=52&usuario=&sector=&fecha=1991&resuelve= HTTP/1.1" 200 626
172.22.2.4 - - [12/Mar/2024:09:37:06 -0500] "GET /BLA/boletinlegal/consulta_actos.php?tipo=resoluciones&no=52&usuario=&sector=&fecha=1991&resuelve= HTTP/1.1" 200 626
172.22.2.4 - - [12/Mar/2024:09:37:06 -0500] "GET /BLA/boletinlegal/consulta_actos.php?tipo=resoluciones&no=52&usuario=&sector=&fecha=1991&resuelve= HTTP/1.1" 200 626
172.22.2.4 - - [12/Mar/2024:09:37:06 -0500] "GET /BLA/boletinlegal/consulta_actos.php?tipo=resoluciones&no=52&usuario=&sector=&fecha=1991&resuelve= HTTP/1.1" 200 626
172.22.2.4 - - [12/Mar/2024:09:37:07 -0500] "GET /BLA/boletinlegal/consulta_actos.php?tipo=resoluciones&no=52&usuario=&sector=&fecha=1991&resuelve= HTTP/1.1" 200 626
172.22.2.4 - - [12/Mar/2024:09:37:07 -0500] "GET /BLA/boletinlegal/consulta_actos.php?tipo=resoluciones&no=52&usuario=&sector=&fecha=1991&resuelve= HTTP/1.1" 200 626
172.22.2.4 - - [12/Mar/2024:09:37:07 -0500] "GET /BLA/boletinlegal/consulta_actos.php?tipo=resoluciones&no=52&usuario=&sector=&fecha=1991&resuelve= HTTP/1.1" 200 626
172.22.2.4 - - [12/Mar/2024:09:37:07 -0500] "GET /BLA/boletinlegal/consulta_actos.php?tipo=resoluciones&no=52&usuario=&sector=&fecha=1991&resuelve= HTTP/1.1" 200 626
172.22.2.4 - - [12/Mar/2024:09:37:07 -0500] "GET /BLA/boletinlegal/consulta_actos.php?tipo=resoluciones&no=52&usuario=&sector=&fecha=1991&resuelve= HTTP/1.1" 200 626
172.22.2.4 - - [12/Mar/2024:09:37:08 -0500] "GET /BLA/boletinlegal/consulta_actos.php?tipo=resoluciones&no=52&usuario=&sector=&fecha=1991&resuelve= HTTP/1.1" 200 626
152.203.164.33 - - [12/Mar/2024:09:37:08 -0500] "POST /appsia/controlador HTTP/1.1" 200 4621
181.53.13.222 - - [12/Mar/2024:09:37:10 -0500] "POST /sipse/faces/presentacion/financiero/solicitudProceso/consultarHistorialSolProceso.xhtml HTTP/1.1" 200 2721
200.118.80.29 - - [12/Mar/2024:09:37:11 -0500] "POST /sipse/faces/presentacion/financiero/solicitudProceso/consultar.xhtml HTTP/1.1" 200 12876
152.203.164.33 - - [12/Mar/2024:09:37:11 -0500] "POST /appsia/controlador HTTP/1.1" 200 7726
152.203.164.33 - - [12/Mar/2024:09:37:11 -0500] "GET /appsia/images/logo_escudo.png HTTP/1.1" 200 36965
181.53.13.222 - - [12/Mar/2024:09:37:12 -0500] "POST /sipse/faces/presentacion/financiero/solicitudProceso/consultarHistorialSolProceso.xhtml HTTP/1.1" 200 2696
181.53.13.222 - - [12/Mar/2024:09:37:15 -0500] "POST /sipse/faces/presentacion/financiero/solicitudProceso/consultarHistorialSolProceso.xhtml HTTP/1.1" 200 29473
181.53.13.222 - - [12/Mar/2024:09:37:15 -0500] "GET /sipse/faces/javax.faces.resource/theme.css?ln=primefaces-sipse HTTP/1.1" 304 -
181.53.13.222 - - [12/Mar/2024:09:37:15 -0500] "GET /sipse/faces/javax.faces.resource/primefaces.css?ln=primefaces&v=4.0 HTTP/1.1" 304 -
181.53.13.222 - - [12/Mar/2024:09:37:15 -0500] "GET /sipse/faces/javax.faces.resource/jquery/jquery.js?ln=primefaces&v=4.0 HTTP/1.1" 304 -
181.53.13.222 - - [12/Mar/2024:09:37:15 -0500] "GET /sipse/faces/javax.faces.resource/layout/layout.css?ln=primefaces&v=4.0 HTTP/1.1" 304 -
181.53.13.222 - - [12/Mar/2024:09:37:15 -0500] "GET /sipse/faces/javax.faces.resource/jquery/jquery-plugins.js?ln=primefaces&v=4.0 HTTP/1.1" 304 -
181.53.13.222 - - [12/Mar/2024:09:37:15 -0500] "GET /sipse/faces/javax.faces.resource/primefaces.js?ln=primefaces&v=4.0 HTTP/1.1" 304 -
181.53.13.222 - - [12/Mar/2024:09:37:15 -0500] "GET /sipse/faces/javax.faces.resource/layout/layout.js?ln=primefaces&v=4.0 HTTP/1.1" 304 -
181.53.13.222 - - [12/Mar/2024:09:37:18 -0500] "POST /sipse/faces/presentacion/contratacion/contratista/listarContratista.xhtml HTTP/1.1" 200 7806
172.22.2.4 - - [12/Mar/2024:09:37:27 -0500] "GET /BLA/boletinlegal/js/ajax_conceptos.js HTTP/1.1" 200 1326
172.22.2.4 - - [12/Mar/2024:09:37:27 -0500] "GET /BLA/boletinlegal/niceforms-default.css HTTP/1.1" 200 6694
172.22.2.4 - - [12/Mar/2024:09:37:28 -0500] "GET /BLA/boletinlegal/niceforms.js HTTP/1.1" 200 22876
181.51.197.36 - - [12/Mar/2024:09:37:28 -0500] "GET /sipse/faces/faces/autenticacion.xhtml HTTP/1.1" 200 12724
181.51.197.36 - - [12/Mar/2024:09:37:28 -0500] "GET /sipse/js/disable_browser_buttons.js HTTP/1.1" 304 -
181.51.197.36 - - [12/Mar/2024:09:37:28 -0500] "GET /sipse/faces/javax.faces.resource/layout/layout.css;jsessionid=2Q+yYgETayKaPId3kUHxdff3.undefined?ln=primefaces&v=4.0 HTTP/1.1" 200 542
181.51.197.36 - - [12/Mar/2024:09:37:28 -0500] "GET /sipse/css/custom_css_sg.css HTTP/1.1" 304 -
181.51.197.36 - - [12/Mar/2024:09:37:28 -0500] "GET /sipse/css/custom_css_sg_prime_login.css HTTP/1.1" 304 -
181.51.197.36 - - [12/Mar/2024:09:37:28 -0500] "GET /sipse/faces/javax.faces.resource/theme.css?ln=primefaces-sipse HTTP/1.1" 304 -
181.51.197.36 - - [12/Mar/2024:09:37:28 -0500] "GET /sipse/js/funciones.js HTTP/1.1" 304 -
181.51.197.36 - - [12/Mar/2024:09:37:28 -0500] "GET /sipse/faces/javax.faces.resource/primefaces.css;jsessionid=2Q+yYgETayKaPId3kUHxdff3.undefined?ln=primefaces&v=4.0 HTTP/1.1" 200 53295
181.51.197.36 - - [12/Mar/2024:09:37:28 -0500] "GET /sipse/faces/javax.faces.resource/layout/layout.js;jsessionid=2Q+yYgETayKaPId3kUHxdff3.undefined?ln=primefaces&v=4.0 HTTP/1.1" 200 87560
181.51.197.36 - - [12/Mar/2024:09:37:28 -0500] "GET /sipse/faces/javax.faces.resource/jquery/jquery.js;jsessionid=2Q+yYgETayKaPId3kUHxdff3.undefined?ln=primefaces&v=4.0 HTTP/1.1" 200 105384
181.51.197.36 - - [12/Mar/2024:09:37:28 -0500] "GET /sipse/faces/javax.faces.resource/primefaces.js;jsessionid=2Q+yYgETayKaPId3kUHxdff3.undefined?ln=primefaces&v=4.0 HTTP/1.1" 200 276924
181.51.197.36 - - [12/Mar/2024:09:37:28 -0500] "GET /sipse/faces/javax.faces.resource/jquery/jquery-plugins.js;jsessionid=2Q+yYgETayKaPId3kUHxdff3.undefined?ln=primefaces&v=4.0 HTTP/1.1" 200 220526
181.51.197.36 - - [12/Mar/2024:09:37:29 -0500] "GET /sipse/css/imagen/logoSDG.png HTTP/1.1" 304 -
181.51.197.36 - - [12/Mar/2024:09:37:29 -0500] "GET /sipse/css/imagen/loginimg.png HTTP/1.1" 304 -
181.51.197.36 - - [12/Mar/2024:09:37:29 -0500] "GET /sipse/faces/javax.faces.resource/images/ui-icons_898989_256x240.png?ln=primefaces-aristo HTTP/1.1" 304 -
181.51.197.36 - - [12/Mar/2024:09:37:29 -0500] "GET /sipse/faces/faces/index.xhtml HTTP/1.1" 200 677
181.51.197.36 - - [12/Mar/2024:09:37:29 -0500] "GET /sipse/faces/javax.faces.resource/theme.css?ln=primefaces-sipse HTTP/1.1" 304 -
181.51.197.36 - - [12/Mar/2024:09:37:29 -0500] "GET /sipse/faces/faces/faces/autenticacion.xhtml HTTP/1.1" 200 12402
181.51.197.36 - - [12/Mar/2024:09:37:29 -0500] "GET /sipse/faces/javax.faces.resource/layout/layout.js?ln=primefaces&v=4.0 HTTP/1.1" 304 -
181.51.197.36 - - [12/Mar/2024:09:37:29 -0500] "GET /sipse/faces/javax.faces.resource/layout/layout.css?ln=primefaces&v=4.0 HTTP/1.1" 304 -
181.51.197.36 - - [12/Mar/2024:09:37:29 -0500] "GET /sipse/faces/javax.faces.resource/primefaces.css?ln=primefaces&v=4.0 HTTP/1.1" 304 -
181.51.197.36 - - [12/Mar/2024:09:37:29 -0500] "GET /sipse/faces/javax.faces.resource/jquery/jquery.js?ln=primefaces&v=4.0 HTTP/1.1" 304 -
181.51.197.36 - - [12/Mar/2024:09:37:29 -0500] "GET /sipse/faces/javax.faces.resource/jquery/jquery-plugins.js?ln=primefaces&v=4.0 HTTP/1.1" 304 -
181.51.197.36 - - [12/Mar/2024:09:37:29 -0500] "GET /sipse/faces/javax.faces.resource/theme.css?ln=primefaces-sipse HTTP/1.1" 304 -
181.51.197.36 - - [12/Mar/2024:09:37:29 -0500] "GET /sipse/faces/javax.faces.resource/primefaces.js?ln=primefaces&v=4.0 HTTP/1.1" 304 -
200.118.80.29 - - [12/Mar/2024:09:37:31 -0500] "POST /sipse/faces/presentacion/financiero/solicitudProceso/consultar.xhtml HTTP/1.1" 200 12876
201.245.192.253 - - [12/Mar/2024:09:37:31 -0500] "POST /kwsrmcab/Wsrmcab  HTTP/1.1" 200 39634
181.53.13.222 - - [12/Mar/2024:09:37:32 -0500] "POST /sipse/faces/presentacion/contratacion/contratista/listarContratista.xhtml HTTP/1.1" 200 8731
181.51.197.36 - - [12/Mar/2024:09:37:34 -0500] "POST /sipse/faces/autenticacion.xhtml HTTP/1.1" 200 11221
181.51.197.36 - - [12/Mar/2024:09:37:34 -0500] "GET /sipse/css/custom_css_sg_prime.css HTTP/1.1" 304 -
181.51.197.36 - - [12/Mar/2024:09:37:34 -0500] "GET /sipse/faces/javax.faces.resource/layout/layout.css?ln=primefaces&v=4.0 HTTP/1.1" 304 -
181.51.197.36 - - [12/Mar/2024:09:37:34 -0500] "GET /sipse/faces/javax.faces.resource/jquery/jquery.js?ln=primefaces&v=4.0 HTTP/1.1" 304 -
181.51.197.36 - - [12/Mar/2024:09:37:34 -0500] "GET /sipse/faces/javax.faces.resource/theme.css?ln=primefaces-sipse HTTP/1.1" 304 -
181.51.197.36 - - [12/Mar/2024:09:37:34 -0500] "GET /sipse/faces/javax.faces.resource/primefaces.css?ln=primefaces&v=4.0 HTTP/1.1" 304 -
181.51.197.36 - - [12/Mar/2024:09:37:34 -0500] "GET /sipse/faces/javax.faces.resource/jquery/jquery-plugins.js?ln=primefaces&v=4.0 HTTP/1.1" 304 -
181.51.197.36 - - [12/Mar/2024:09:37:34 -0500] "GET /sipse/faces/javax.faces.resource/primefaces.js?ln=primefaces&v=4.0 HTTP/1.1" 304 -
181.51.197.36 - - [12/Mar/2024:09:37:34 -0500] "GET /sipse/faces/javax.faces.resource/layout/layout.js?ln=primefaces&v=4.0 HTTP/1.1" 304 -
181.51.197.36 - - [12/Mar/2024:09:37:34 -0500] "GET /sipse/faces/javax.faces.resource/messages/messages.png?ln=primefaces&v=4.0 HTTP/1.1" 304 -
181.51.197.36 - - [12/Mar/2024:09:37:35 -0500] "GET /sipse/faces/javax.faces.resource/images/ui-icons_898989_256x240.png?ln=primefaces-aristo HTTP/1.1" 304 -
181.51.197.36 - - [12/Mar/2024:09:37:36 -0500] "POST /sipse/faces/presentacion/sistema/seguridad/seleccionRol.xhtml HTTP/1.1" 200 5863
181.51.197.36 - - [12/Mar/2024:09:37:37 -0500] "GET /sipse/faces/javax.faces.resource/images/ui-bg_flat_0_2d5972_40x100.png?ln=primefaces-aristo HTTP/1.1" 304 -
181.51.197.36 - - [12/Mar/2024:09:37:38 -0500] "POST /sipse/faces/presentacion/sistema/seguridad/seleccionRol.xhtml HTTP/1.1" 200 16462
181.51.197.36 - - [12/Mar/2024:09:37:38 -0500] "GET /sipse/faces/javax.faces.resource/theme.css?ln=primefaces-sipse HTTP/1.1" 304 -
181.51.197.36 - - [12/Mar/2024:09:37:38 -0500] "GET /sipse/faces/javax.faces.resource/layout/layout.css?ln=primefaces&v=4.0 HTTP/1.1" 304 -
181.51.197.36 - - [12/Mar/2024:09:37:38 -0500] "GET /sipse/faces/javax.faces.resource/primefaces.css?ln=primefaces&v=4.0 HTTP/1.1" 304 -
181.51.197.36 - - [12/Mar/2024:09:37:38 -0500] "GET /sipse/js/jquery.min.js HTTP/1.1" 304 -
181.51.197.36 - - [12/Mar/2024:09:37:38 -0500] "GET /sipse/faces/javax.faces.resource/jquery/jquery.js?ln=primefaces&v=4.0 HTTP/1.1" 304 -
181.51.197.36 - - [12/Mar/2024:09:37:38 -0500] "GET /sipse/faces/javax.faces.resource/jquery/jquery-plugins.js?ln=primefaces&v=4.0 HTTP/1.1" 304 -
181.51.197.36 - - [12/Mar/2024:09:37:38 -0500] "GET /sipse/faces/javax.faces.resource/primefaces.js?ln=primefaces&v=4.0 HTTP/1.1" 304 -
181.51.197.36 - - [12/Mar/2024:09:37:38 -0500] "GET /sipse/faces/javax.faces.resource/layout/layout.js?ln=primefaces&v=4.0 HTTP/1.1" 304 -
181.51.197.36 - - [12/Mar/2024:09:37:38 -0500] "GET /sipse/css/v_mergente.css HTTP/1.1" 304 -
181.51.197.36 - - [12/Mar/2024:09:37:38 -0500] "GET /sipse/imagenes/logoAplicacion.jpg HTTP/1.1" 304 -
181.51.197.36 - - [12/Mar/2024:09:37:38 -0500] "GET /sipse/imagenes/cargando.gif HTTP/1.1" 304 -
181.51.197.36 - - [12/Mar/2024:09:37:38 -0500] "GET /sipse/css/imagen/contrasena.png HTTP/1.1" 404 383
181.53.13.222 - - [12/Mar/2024:09:37:36 -0500] "POST /sipse/faces/presentacion/contratacion/contratista/listarContratista.xhtml HTTP/1.1" 200 64415
181.53.13.222 - - [12/Mar/2024:09:37:40 -0500] "GET /sipse/faces/javax.faces.resource/theme.css?ln=primefaces-sipse HTTP/1.1" 304 -
181.53.13.222 - - [12/Mar/2024:09:37:40 -0500] "GET /sipse/faces/javax.faces.resource/primefaces.css?ln=primefaces&v=4.0 HTTP/1.1" 304 -
181.53.13.222 - - [12/Mar/2024:09:37:40 -0500] "GET /sipse/faces/javax.faces.resource/layout/layout.css?ln=primefaces&v=4.0 HTTP/1.1" 304 -
181.53.13.222 - - [12/Mar/2024:09:37:40 -0500] "GET /sipse/faces/javax.faces.resource/jquery/jquery.js?ln=primefaces&v=4.0 HTTP/1.1" 304 -
181.53.13.222 - - [12/Mar/2024:09:37:40 -0500] "GET /sipse/faces/javax.faces.resource/jquery/jquery-plugins.js?ln=primefaces&v=4.0 HTTP/1.1" 304 -
181.53.13.222 - - [12/Mar/2024:09:37:40 -0500] "GET /sipse/faces/javax.faces.resource/primefaces.js?ln=primefaces&v=4.0 HTTP/1.1" 304 -
181.53.13.222 - - [12/Mar/2024:09:37:40 -0500] "GET /sipse/faces/javax.faces.resource/layout/layout.js?ln=primefaces&v=4.0 HTTP/1.1" 304 -
181.53.13.222 - - [12/Mar/2024:09:37:40 -0500] "GET /sipse/faces/javax.faces.resource/spacer/dot_clear.gif?ln=primefaces&v=4.0 HTTP/1.1" 304 -
181.51.197.36 - - [12/Mar/2024:09:37:40 -0500] "POST /sipse/faces/bienvenido.xhtml HTTP/1.1" 200 2073
200.118.80.29 - - [12/Mar/2024:09:37:40 -0500] "POST /sipse/faces/presentacion/financiero/solicitudProceso/consultar.xhtml HTTP/1.1" 200 12895
181.51.197.36 - - [12/Mar/2024:09:37:41 -0500] "POST /sipse/faces/bienvenido.xhtml HTTP/1.1" 200 39089
181.51.197.36 - - [12/Mar/2024:09:37:41 -0500] "GET /sipse/faces/javax.faces.resource/theme.css?ln=primefaces-sipse HTTP/1.1" 304 -
181.51.197.36 - - [12/Mar/2024:09:37:41 -0500] "GET /sipse/faces/javax.faces.resource/layout/layout.css?ln=primefaces&v=4.0 HTTP/1.1" 304 -
181.51.197.36 - - [12/Mar/2024:09:37:41 -0500] "GET /sipse/faces/javax.faces.resource/primefaces.css?ln=primefaces&v=4.0 HTTP/1.1" 304 -
181.51.197.36 - - [12/Mar/2024:09:37:41 -0500] "GET /sipse/faces/javax.faces.resource/jquery/jquery.js?ln=primefaces&v=4.0 HTTP/1.1" 304 -
181.51.197.36 - - [12/Mar/2024:09:37:41 -0500] "GET /sipse/faces/javax.faces.resource/jquery/jquery-plugins.js?ln=primefaces&v=4.0 HTTP/1.1" 304 -
181.51.197.36 - - [12/Mar/2024:09:37:41 -0500] "GET /sipse/faces/javax.faces.resource/primefaces.js?ln=primefaces&v=4.0 HTTP/1.1" 304 -
181.51.197.36 - - [12/Mar/2024:09:37:41 -0500] "GET /sipse/faces/javax.faces.resource/layout/layout.js?ln=primefaces&v=4.0 HTTP/1.1" 304 -
181.51.197.36 - - [12/Mar/2024:09:37:43 -0500] "POST /sipse/faces/presentacion/financiero/solicitudProceso/consultar.xhtml HTTP/1.1" 200 3778
181.51.197.36 - - [12/Mar/2024:09:37:43 -0500] "POST /sipse/faces/presentacion/financiero/solicitudProceso/consultar.xhtml HTTP/1.1" 200 66150
181.51.197.36 - - [12/Mar/2024:09:37:44 -0500] "GET /sipse/faces/javax.faces.resource/theme.css?ln=primefaces-sipse HTTP/1.1" 304 -
181.51.197.36 - - [12/Mar/2024:09:37:44 -0500] "GET /sipse/faces/javax.faces.resource/primefaces.css?ln=primefaces&v=4.0 HTTP/1.1" 304 -
181.51.197.36 - - [12/Mar/2024:09:37:44 -0500] "GET /sipse/faces/javax.faces.resource/layout/layout.css?ln=primefaces&v=4.0 HTTP/1.1" 304 -
181.51.197.36 - - [12/Mar/2024:09:37:44 -0500] "GET /sipse/faces/javax.faces.resource/jquery/jquery.js?ln=primefaces&v=4.0 HTTP/1.1" 304 -
181.51.197.36 - - [12/Mar/2024:09:37:44 -0500] "GET /sipse/faces/javax.faces.resource/jquery/jquery-plugins.js?ln=primefaces&v=4.0 HTTP/1.1" 304 -
181.51.197.36 - - [12/Mar/2024:09:37:44 -0500] "GET /sipse/faces/javax.faces.resource/primefaces.js?ln=primefaces&v=4.0 HTTP/1.1" 304 -
181.51.197.36 - - [12/Mar/2024:09:37:44 -0500] "GET /sipse/faces/javax.faces.resource/layout/layout.js?ln=primefaces&v=4.0 HTTP/1.1" 304 -
181.51.197.36 - - [12/Mar/2024:09:37:44 -0500] "POST /sipse/faces/presentacion/financiero/solicitudProceso/listarSolicitudProceso.xhtml HTTP/1.1" 200 59414
181.51.197.36 - - [12/Mar/2024:09:37:45 -0500] "POST /sipse/faces/presentacion/financiero/solicitudProceso/listarSolicitudProceso.xhtml HTTP/1.1" 200 1556
181.51.197.36 - - [12/Mar/2024:09:37:45 -0500] "POST /sipse/faces/presentacion/financiero/solicitudProceso/listarSolicitudProceso.xhtml HTTP/1.1" 200 1552
181.53.13.222 - - [12/Mar/2024:09:37:47 -0500] "POST /sipse/faces/presentacion/contratacion/contratista/consultarContratista.xhtml HTTP/1.1" 200 34156
181.53.13.222 - - [12/Mar/2024:09:37:47 -0500] "GET /sipse/faces/javax.faces.resource/theme.css?ln=primefaces-sipse HTTP/1.1" 304 -
181.53.13.222 - - [12/Mar/2024:09:37:47 -0500] "GET /sipse/faces/javax.faces.resource/primefaces.css?ln=primefaces&v=4.0 HTTP/1.1" 304 -
181.53.13.222 - - [12/Mar/2024:09:37:47 -0500] "GET /sipse/faces/javax.faces.resource/layout/layout.css?ln=primefaces&v=4.0 HTTP/1.1" 304 -
181.53.13.222 - - [12/Mar/2024:09:37:47 -0500] "GET /sipse/faces/javax.faces.resource/jquery/jquery.js?ln=primefaces&v=4.0 HTTP/1.1" 304 -
181.51.197.36 - - [12/Mar/2024:09:37:47 -0500] "POST /sipse/faces/presentacion/financiero/solicitudProceso/listarSolicitudProceso.xhtml HTTP/1.1" 200 31929
181.53.13.222 - - [12/Mar/2024:09:37:47 -0500] "GET /sipse/faces/javax.faces.resource/jquery/jquery-plugins.js?ln=primefaces&v=4.0 HTTP/1.1" 304 -
181.53.13.222 - - [12/Mar/2024:09:37:48 -0500] "GET /sipse/faces/javax.faces.resource/primefaces.js?ln=primefaces&v=4.0 HTTP/1.1" 304 -
181.53.13.222 - - [12/Mar/2024:09:37:48 -0500] "GET /sipse/faces/javax.faces.resource/layout/layout.js?ln=primefaces&v=4.0 HTTP/1.1" 304 -
181.51.197.36 - - [12/Mar/2024:09:37:48 -0500] "POST /sipse/faces/presentacion/financiero/solicitudProceso/listarSolicitudProceso.xhtml HTTP/1.1" 200 4967
181.53.13.222 - - [12/Mar/2024:09:37:52 -0500] "POST /sipse/faces/presentacion/contratacion/contratista/listarContratista.xhtml HTTP/1.1" 200 64415
181.53.13.222 - - [12/Mar/2024:09:37:54 -0500] "GET /sipse/faces/javax.faces.resource/theme.css?ln=primefaces-sipse HTTP/1.1" 304 -
181.53.13.222 - - [12/Mar/2024:09:37:54 -0500] "GET /sipse/faces/javax.faces.resource/primefaces.css?ln=primefaces&v=4.0 HTTP/1.1" 304 -
181.53.13.222 - - [12/Mar/2024:09:37:54 -0500] "GET /sipse/faces/javax.faces.resource/jquery/jquery.js?ln=primefaces&v=4.0 HTTP/1.1" 304 -
181.53.13.222 - - [12/Mar/2024:09:37:54 -0500] "GET /sipse/faces/javax.faces.resource/layout/layout.css?ln=primefaces&v=4.0 HTTP/1.1" 304 -
161.18.118.117 - - [12/Mar/2024:09:37:54 -0500] "GET /BLA/resoluciones/index.php?dir=AUTOS+2012%2F HTTP/1.1" 200 277133
181.53.13.222 - - [12/Mar/2024:09:37:54 -0500] "GET /sipse/faces/javax.faces.resource/jquery/jquery-plugins.js?ln=primefaces&v=4.0 HTTP/1.1" 304 -
181.53.13.222 - - [12/Mar/2024:09:37:55 -0500] "GET /sipse/faces/javax.faces.resource/primefaces.js?ln=primefaces&v=4.0 HTTP/1.1" 304 -
181.53.13.222 - - [12/Mar/2024:09:37:55 -0500] "GET /sipse/faces/javax.faces.resource/layout/layout.js?ln=primefaces&v=4.0 HTTP/1.1" 304 -
181.51.197.36 - - [12/Mar/2024:09:37:59 -0500] "POST /sipse/faces/presentacion/financiero/solicitudProceso/listarSolicitudProceso.xhtml HTTP/1.1" 200 149769
181.51.197.36 - - [12/Mar/2024:09:38:00 -0500] "GET /sipse/faces/javax.faces.resource/theme.css?ln=primefaces-sipse HTTP/1.1" 304 -
181.51.197.36 - - [12/Mar/2024:09:38:00 -0500] "GET /sipse/faces/javax.faces.resource/primefaces.css?ln=primefaces&v=4.0 HTTP/1.1" 304 -
181.51.197.36 - - [12/Mar/2024:09:38:00 -0500] "GET /sipse/faces/javax.faces.resource/layout/layout.css?ln=primefaces&v=4.0 HTTP/1.1" 304 -
181.51.197.36 - - [12/Mar/2024:09:38:00 -0500] "GET /sipse/faces/javax.faces.resource/jquery/jquery.js?ln=primefaces&v=4.0 HTTP/1.1" 304 -
181.51.197.36 - - [12/Mar/2024:09:38:00 -0500] "GET /sipse/faces/javax.faces.resource/jquery/jquery-plugins.js?ln=primefaces&v=4.0 HTTP/1.1" 304 -
181.51.197.36 - - [12/Mar/2024:09:38:00 -0500] "GET /sipse/faces/javax.faces.resource/primefaces.js?ln=primefaces&v=4.0 HTTP/1.1" 304 -
181.51.197.36 - - [12/Mar/2024:09:38:00 -0500] "GET /sipse/faces/javax.faces.resource/layout/layout.js?ln=primefaces&v=4.0 HTTP/1.1" 304 -
161.18.118.117 - - [12/Mar/2024:09:38:02 -0500] "GET /BLA/resoluciones/AUTOS%202012/0190.pdf HTTP/1.1" 200 416219
161.18.118.117 - - [12/Mar/2024:09:38:02 -0500] "GET /BLA/resoluciones/AUTOS%202012/0190.pdf HTTP/1.1" 206 1025
161.18.118.117 - - [12/Mar/2024:09:38:02 -0500] "GET /BLA/resoluciones/AUTOS%202012/0190.pdf HTTP/1.1" 200 416219
200.118.80.29 - - [12/Mar/2024:09:38:03 -0500] "POST /sipse/faces/presentacion/financiero/solicitudProceso/consultar.xhtml HTTP/1.1" 200 12947
66.249.66.20 - - [12/Mar/2024:09:38:13 -0500] "GET /resoluciones/RESOLUCIONES%202007/RES%202007%20101%20AL%20200/RESOLUCION%200110%20%20DE%202007.pdf HTTP/1.1" 404 1018
200.118.80.29 - - [12/Mar/2024:09:38:20 -0500] "POST /sipse/faces/presentacion/financiero/solicitudProceso/consultar.xhtml HTTP/1.1" 200 13009
201.245.192.253 - - [12/Mar/2024:09:38:24 -0500] "POST /forms/lservlet;jsessionid=ac16012b30d685a1338798bb45e4a50ba3dcf25e0c41.e3iSbxaKaheRe3iNc3uNbNmQay1ynknvrkLOlQzNp65In0 HTTP/1.1" 200 2
157.55.39.6 - - [12/Mar/2024:09:38:25 -0500] "GET /BLA/resoluciones/RESOLUCIONES%202021/0524.pdf HTTP/1.1" 304 -
200.118.80.29 - - [12/Mar/2024:09:38:27 -0500] "POST /sipse/faces/presentacion/financiero/solicitudProceso/consultar.xhtml HTTP/1.1" 200 12982
181.51.197.36 - - [12/Mar/2024:09:38:42 -0500] "POST /sipse/faces/presentacion/financiero/solicitudProceso/consultarSolicitudProceso.xhtml HTTP/1.1" 200 911
172.22.2.4 - - [12/Mar/2024:09:37:05 -0500] "HEAD /BLA/boletinlegal/ HTTP/1.1" 200 -
200.118.80.29 - - [12/Mar/2024:09:38:47 -0500] "POST /sipse/faces/presentacion/financiero/solicitudProceso/consultar.xhtml HTTP/1.1" 200 12956
201.245.192.253 - - [12/Mar/2024:09:38:52 -0500] "POST /forms/lservlet;jsessionid=ac16012b30d685a1338798bb45e4a50ba3dcf25e0c41.e3iSbxaKaheRe3iNc3uNbNmQay1ynknvrkLOlQzNp65In0 HTTP/1.1" 200 36
201.245.192.253 - - [12/Mar/2024:09:38:52 -0500] "POST /forms/lservlet;jsessionid=ac16012b30d685a1338798bb45e4a50ba3dcf25e0c41.e3iSbxaKaheRe3iNc3uNbNmQay1ynknvrkLOlQzNp65In0 HTTP/1.1" 200 8
201.245.192.253 - - [12/Mar/2024:09:38:52 -0500] "POST /forms/lservlet;jsessionid=ac16012b30d685a1338798bb45e4a50ba3dcf25e0c41.e3iSbxaKaheRe3iNc3uNbNmQay1ynknvrkLOlQzNp65In0 HTTP/1.1" 200 2
201.245.192.253 - - [12/Mar/2024:09:38:53 -0500] "POST /forms/lservlet;jsessionid=ac16012b30d685a1338798bb45e4a50ba3dcf25e0c41.e3iSbxaKaheRe3iNc3uNbNmQay1ynknvrkLOlQzNp65In0 HTTP/1.1" 200 94
201.245.192.253 - - [12/Mar/2024:09:38:53 -0500] "POST /forms/lservlet;jsessionid=ac16012b30d685a1338798bb45e4a50ba3dcf25e0c41.e3iSbxaKaheRe3iNc3uNbNmQay1ynknvrkLOlQzNp65In0 HTTP/1.1" 200 21
201.245.192.253 - - [12/Mar/2024:09:38:54 -0500] "POST /forms/lservlet;jsessionid=ac16012b30d685a1338798bb45e4a50ba3dcf25e0c41.e3iSbxaKaheRe3iNc3uNbNmQay1ynknvrkLOlQzNp65In0 HTTP/1.1" 200 7
201.245.192.253 - - [12/Mar/2024:09:38:54 -0500] "POST /forms/lservlet;jsessionid=ac16012b30d685a1338798bb45e4a50ba3dcf25e0c41.e3iSbxaKaheRe3iNc3uNbNmQay1ynknvrkLOlQzNp65In0 HTTP/1.1" 200 529
201.245.192.253 - - [12/Mar/2024:09:38:54 -0500] "POST /forms/lservlet;jsessionid=ac16012b30d685a1338798bb45e4a50ba3dcf25e0c41.e3iSbxaKaheRe3iNc3uNbNmQay1ynknvrkLOlQzNp65In0 HTTP/1.1" 200 2
201.245.192.253 - - [12/Mar/2024:09:38:58 -0500] "POST /forms/lservlet;jsessionid=ac16012b30d685a1338798bb45e4a50ba3dcf25e0c41.e3iSbxaKaheRe3iNc3uNbNmQay1ynknvrkLOlQzNp65In0 HTTP/1.1" 200 17
201.245.192.253 - - [12/Mar/2024:09:38:58 -0500] "POST /forms/lservlet;jsessionid=ac16012b30d685a1338798bb45e4a50ba3dcf25e0c41.e3iSbxaKaheRe3iNc3uNbNmQay1ynknvrkLOlQzNp65In0 HTTP/1.1" 200 140
200.118.80.29 - - [12/Mar/2024:09:39:00 -0500] "POST /sipse/faces/presentacion/financiero/solicitudProceso/consultar.xhtml HTTP/1.1" 200 12844
201.245.192.253 - - [12/Mar/2024:09:39:05 -0500] "POST /sipse/faces/presentacion/financiero/solicitudProceso/listarSolicitudProceso.xhtml HTTP/1.1" 200 58653
201.245.192.253 - - [12/Mar/2024:09:39:06 -0500] "POST /sipse/faces/presentacion/financiero/solicitudProceso/listarSolicitudProceso.xhtml HTTP/1.1" 200 58653
181.53.13.222 - - [12/Mar/2024:09:39:09 -0500] "POST /sipse/faces/presentacion/contratacion/contratista/consultarContratista.xhtml HTTP/1.1" 200 34156
201.245.192.253 - - [12/Mar/2024:09:39:07 -0500] "POST /sipse/faces/presentacion/financiero/solicitudProceso/listarSolicitudProceso.xhtml HTTP/1.1" 200 1556
181.53.13.222 - - [12/Mar/2024:09:39:10 -0500] "GET /sipse/faces/javax.faces.resource/theme.css?ln=primefaces-sipse HTTP/1.1" 304 -
181.53.13.222 - - [12/Mar/2024:09:39:11 -0500] "GET /sipse/faces/javax.faces.resource/layout/layout.css?ln=primefaces&v=4.0 HTTP/1.1" 304 -
181.53.13.222 - - [12/Mar/2024:09:39:11 -0500] "GET /sipse/faces/javax.faces.resource/jquery/jquery.js?ln=primefaces&v=4.0 HTTP/1.1" 304 -
181.53.13.222 - - [12/Mar/2024:09:39:11 -0500] "GET /sipse/faces/javax.faces.resource/primefaces.css?ln=primefaces&v=4.0 HTTP/1.1" 304 -
181.53.13.222 - - [12/Mar/2024:09:39:11 -0500] "GET /sipse/faces/javax.faces.resource/jquery/jquery-plugins.js?ln=primefaces&v=4.0 HTTP/1.1" 304 -
181.53.13.222 - - [12/Mar/2024:09:39:12 -0500] "GET /sipse/faces/javax.faces.resource/primefaces.js?ln=primefaces&v=4.0 HTTP/1.1" 304 -
181.53.13.222 - - [12/Mar/2024:09:39:12 -0500] "GET /sipse/faces/javax.faces.resource/layout/layout.js?ln=primefaces&v=4.0 HTTP/1.1" 304 -
201.245.192.253 - - [12/Mar/2024:09:39:10 -0500] "POST /sipse/faces/presentacion/financiero/solicitudProceso/listarSolicitudProceso.xhtml HTTP/1.1" 200 1552
181.53.13.222 - - [12/Mar/2024:09:39:15 -0500] "POST /sipse/faces/presentacion/contratacion/contratista/listarContratista.xhtml HTTP/1.1" 200 39798
181.53.13.222 - - [12/Mar/2024:09:39:16 -0500] "GET /sipse/faces/javax.faces.resource/theme.css?ln=primefaces-sipse HTTP/1.1" 304 -
181.53.13.222 - - [12/Mar/2024:09:39:16 -0500] "GET /sipse/faces/javax.faces.resource/layout/layout.css?ln=primefaces&v=4.0 HTTP/1.1" 304 -
181.53.13.222 - - [12/Mar/2024:09:39:16 -0500] "GET /sipse/faces/javax.faces.resource/primefaces.css?ln=primefaces&v=4.0 HTTP/1.1" 304 -
181.53.13.222 - - [12/Mar/2024:09:39:16 -0500] "GET /sipse/faces/javax.faces.resource/jquery/jquery.js?ln=primefaces&v=4.0 HTTP/1.1" 304 -
181.53.13.222 - - [12/Mar/2024:09:39:16 -0500] "GET /sipse/faces/javax.faces.resource/jquery/jquery-plugins.js?ln=primefaces&v=4.0 HTTP/1.1" 304 -
181.53.13.222 - - [12/Mar/2024:09:39:16 -0500] "GET /sipse/faces/javax.faces.resource/primefaces.js?ln=primefaces&v=4.0 HTTP/1.1" 304 -
181.53.13.222 - - [12/Mar/2024:09:39:16 -0500] "GET /sipse/faces/javax.faces.resource/layout/layout.js?ln=primefaces&v=4.0 HTTP/1.1" 304 -
201.245.192.253 - - [12/Mar/2024:09:39:17 -0500] "POST /sipse/faces/presentacion/financiero/solicitudProceso/listarSolicitudProceso.xhtml HTTP/1.1" 200 2861
181.53.13.222 - - [12/Mar/2024:09:39:16 -0500] "POST /sipse/faces/presentacion/financiero/solicitudProceso/listarSolicitudProceso.xhtml HTTP/1.1" 200 33054
201.245.192.253 - - [12/Mar/2024:09:39:19 -0500] "POST /sipse/faces/presentacion/financiero/solicitudProceso/listarSolicitudProceso.xhtml HTTP/1.1" 200 40855
201.245.192.253 - - [12/Mar/2024:09:39:19 -0500] "GET /sipse/faces/javax.faces.resource/theme.css?ln=primefaces-sipse HTTP/1.1" 304 -
201.245.192.253 - - [12/Mar/2024:09:39:19 -0500] "GET /sipse/faces/javax.faces.resource/primefaces.css?ln=primefaces&v=4.0 HTTP/1.1" 304 -
201.245.192.253 - - [12/Mar/2024:09:39:19 -0500] "GET /sipse/faces/javax.faces.resource/layout/layout.css?ln=primefaces&v=4.0 HTTP/1.1" 304 -
201.245.192.253 - - [12/Mar/2024:09:39:19 -0500] "GET /sipse/faces/javax.faces.resource/jquery/jquery.js?ln=primefaces&v=4.0 HTTP/1.1" 304 -
201.245.192.253 - - [12/Mar/2024:09:39:19 -0500] "GET /sipse/faces/javax.faces.resource/jquery/jquery-plugins.js?ln=primefaces&v=4.0 HTTP/1.1" 304 -
201.245.192.253 - - [12/Mar/2024:09:39:19 -0500] "GET /sipse/css/imagen/contrasena.png HTTP/1.1" 404 383
201.245.192.253 - - [12/Mar/2024:09:39:19 -0500] "GET /sipse/faces/javax.faces.resource/primefaces.js?ln=primefaces&v=4.0 HTTP/1.1" 304 -
201.245.192.253 - - [12/Mar/2024:09:39:19 -0500] "GET /sipse/faces/javax.faces.resource/layout/layout.js?ln=primefaces&v=4.0 HTTP/1.1" 304 -
201.245.192.253 - - [12/Mar/2024:09:39:20 -0500] "GET /sipse/faces/javax.faces.resource/images/ui-icons_898989_256x240.png?ln=primefaces-aristo HTTP/1.1" 304 -
201.245.192.253 - - [12/Mar/2024:09:39:20 -0500] "POST /sipse/faces/presentacion/financiero/solicitudProceso/consultar.xhtml HTTP/1.1" 200 34137
181.53.13.222 - - [12/Mar/2024:09:39:19 -0500] "POST /sipse/faces/presentacion/financiero/solicitudProceso/listarSolicitudProceso.xhtml HTTP/1.1" 200 33054
181.53.13.222 - - [12/Mar/2024:09:39:21 -0500] "POST /sipse/faces/presentacion/financiero/solicitudProceso/listarSolicitudProceso.xhtml HTTP/1.1" 200 33054
201.245.192.253 - - [12/Mar/2024:09:39:23 -0500] "GET /sipse/faces/javax.faces.resource/images/ui-bg_flat_0_2d5972_40x100.png?ln=primefaces-aristo HTTP/1.1" 304 -
201.245.192.253 - - [12/Mar/2024:09:39:23 -0500] "POST /sipse/faces/presentacion/financiero/solicitudProceso/consultar.xhtml HTTP/1.1" 200 12942
181.53.13.222 - - [12/Mar/2024:09:39:22 -0500] "POST /sipse/faces/presentacion/financiero/solicitudProceso/listarSolicitudProceso.xhtml HTTP/1.1" 200 33054
181.53.13.222 - - [12/Mar/2024:09:39:24 -0500] "POST /sipse/faces/presentacion/financiero/solicitudProceso/listarSolicitudProceso.xhtml HTTP/1.1" 200 33054
201.245.192.253 - - [12/Mar/2024:09:39:25 -0500] "POST /sipse/faces/presentacion/financiero/solicitudProceso/consultar.xhtml HTTP/1.1" 200 142335
201.245.192.253 - - [12/Mar/2024:09:39:26 -0500] "GET /sipse/faces/javax.faces.resource/primefaces.css?ln=primefaces&v=4.0 HTTP/1.1" 304 -
201.245.192.253 - - [12/Mar/2024:09:39:26 -0500] "GET /sipse/faces/javax.faces.resource/theme.css?ln=primefaces-sipse HTTP/1.1" 304 -
201.245.192.253 - - [12/Mar/2024:09:39:26 -0500] "GET /sipse/faces/javax.faces.resource/layout/layout.css?ln=primefaces&v=4.0 HTTP/1.1" 304 -
201.245.192.253 - - [12/Mar/2024:09:39:26 -0500] "GET /sipse/faces/javax.faces.resource/jquery/jquery.js?ln=primefaces&v=4.0 HTTP/1.1" 304 -
201.245.192.253 - - [12/Mar/2024:09:39:26 -0500] "GET /sipse/faces/javax.faces.resource/jquery/jquery-plugins.js?ln=primefaces&v=4.0 HTTP/1.1" 304 -
201.245.192.253 - - [12/Mar/2024:09:39:26 -0500] "GET /sipse/faces/javax.faces.resource/primefaces.js?ln=primefaces&v=4.0 HTTP/1.1" 304 -
201.245.192.253 - - [12/Mar/2024:09:39:26 -0500] "GET /sipse/faces/javax.faces.resource/layout/layout.js?ln=primefaces&v=4.0 HTTP/1.1" 304 -
201.245.192.253 - - [12/Mar/2024:09:39:26 -0500] "GET /sipse/css/imagen/contrasena.png HTTP/1.1" 404 383
181.53.13.222 - - [12/Mar/2024:09:39:25 -0500] "POST /sipse/faces/presentacion/financiero/solicitudProceso/listarSolicitudProceso.xhtml HTTP/1.1" 200 1392
201.245.192.253 - - [12/Mar/2024:09:39:30 -0500] "POST /sipse/faces/presentacion/financiero/solicitudProceso/consultarSolicitudProceso.xhtml HTTP/1.1" 200 77507
181.53.13.222 - - [12/Mar/2024:09:39:29 -0500] "POST /sipse/faces/presentacion/financiero/solicitudProceso/listarSolicitudProceso.xhtml HTTP/1.1" 200 1388
201.245.192.253 - - [12/Mar/2024:09:39:35 -0500] "POST /sipse/faces/presentacion/financiero/solicitudProceso/consultarSolicitudProceso.xhtml HTTP/1.1" 200 276430
181.53.13.222 - - [12/Mar/2024:09:39:32 -0500] "POST /sipse/faces/presentacion/financiero/solicitudProceso/listarSolicitudProceso.xhtml HTTP/1.1" 200 1400
172.22.2.4 - - [12/Mar/2024:09:37:55 -0500] "GET /BLA/boletinlegal/ HTTP/1.1" 200 53419
181.53.13.222 - - [12/Mar/2024:09:39:35 -0500] "POST /sipse/faces/presentacion/financiero/solicitudProceso/listarSolicitudProceso.xhtml HTTP/1.1" 200 1388
181.53.13.222 - - [12/Mar/2024:09:39:38 -0500] "POST /sipse/faces/presentacion/financiero/solicitudProceso/listarSolicitudProceso.xhtml HTTP/1.1" 200 1400
201.245.192.253 - - [12/Mar/2024:09:39:42 -0500] "POST /kwsrmcab/Wsrmcab HTTP/1.1" 200 39278
201.245.192.253 - - [12/Mar/2024:09:39:43 -0500] "POST /kwsrmcab/Wsrmcab HTTP/1.1" 200 33413
200.118.80.29 - - [12/Mar/2024:09:39:43 -0500] "POST /sipse/faces/presentacion/financiero/solicitudProceso/consultar.xhtml HTTP/1.1" 200 12903
181.53.13.222 - - [12/Mar/2024:09:39:41 -0500] "POST /sipse/faces/presentacion/financiero/solicitudProceso/listarSolicitudProceso.xhtml HTTP/1.1" 200 1384
181.53.13.222 - - [12/Mar/2024:09:39:47 -0500] "GET /sipse/faces/javax.faces.resource/theme.css?ln=primefaces-sipse HTTP/1.1" 304 -
181.53.13.222 - - [12/Mar/2024:09:39:47 -0500] "GET /sipse/faces/javax.faces.resource/primefaces.css?ln=primefaces&v=4.0 HTTP/1.1" 304 -
181.53.13.222 - - [12/Mar/2024:09:39:47 -0500] "GET /sipse/faces/javax.faces.resource/jquery/jquery.js?ln=primefaces&v=4.0 HTTP/1.1" 304 -
181.53.13.222 - - [12/Mar/2024:09:39:47 -0500] "GET /sipse/faces/javax.faces.resource/primefaces.js?ln=primefaces&v=4.0 HTTP/1.1" 304 -
181.53.13.222 - - [12/Mar/2024:09:39:47 -0500] "GET /sipse/faces/javax.faces.resource/layout/layout.css?ln=primefaces&v=4.0 HTTP/1.1" 304 -
181.53.13.222 - - [12/Mar/2024:09:39:47 -0500] "GET /sipse/faces/javax.faces.resource/jquery/jquery-plugins.js?ln=primefaces&v=4.0 HTTP/1.1" 304 -
181.53.13.222 - - [12/Mar/2024:09:39:47 -0500] "GET /sipse/faces/javax.faces.resource/layout/layout.js?ln=primefaces&v=4.0 HTTP/1.1" 304 -
181.53.13.222 - - [12/Mar/2024:09:39:46 -0500] "GET /sipse/faces/presentacion/financiero/solicitudProceso/consultarSolicitudProceso.xhtml HTTP/1.1" 200 200731
181.53.13.222 - - [12/Mar/2024:09:39:49 -0500] "POST /sipse/faces/presentacion/financiero/solicitudProceso/consultarSolicitudProceso.xhtml HTTP/1.1" 200 39798
181.53.13.222 - - [12/Mar/2024:09:39:50 -0500] "GET /sipse/faces/javax.faces.resource/jquery/jquery.js?ln=primefaces&v=4.0 HTTP/1.1" 304 -
181.53.13.222 - - [12/Mar/2024:09:39:51 -0500] "GET /sipse/faces/javax.faces.resource/jquery/jquery-plugins.js?ln=primefaces&v=4.0 HTTP/1.1" 304 -
181.53.13.222 - - [12/Mar/2024:09:39:51 -0500] "GET /sipse/faces/javax.faces.resource/primefaces.js?ln=primefaces&v=4.0 HTTP/1.1" 304 -
181.53.13.222 - - [12/Mar/2024:09:39:51 -0500] "GET /sipse/faces/javax.faces.resource/layout/layout.js?ln=primefaces&v=4.0 HTTP/1.1" 304 -
200.118.80.29 - - [12/Mar/2024:09:39:53 -0500] "POST /sipse/faces/presentacion/financiero/solicitudProceso/consultar.xhtml HTTP/1.1" 200 12906
172.22.2.4 - - [12/Mar/2024:09:39:57 -0500] "GET /BLA/boletinlegal/consulta_actos.php?tipo=resoluciones&no=510&usuario=&sector=&fecha=1997&resuelve= HTTP/1.1" 200 1318
172.22.2.4 - - [12/Mar/2024:09:39:57 -0500] "GET /BLA/boletinlegal/images/pdf.gif HTTP/1.1" 200 567
181.53.13.222 - - [12/Mar/2024:09:39:51 -0500] "POST /sipse/faces/presentacion/financiero/solicitudProceso/listarSolicitudProceso.xhtml HTTP/1.1" 200 1392
181.53.13.222 - - [12/Mar/2024:09:39:57 -0500] "POST /sipse/faces/presentacion/financiero/solicitudProceso/listarSolicitudProceso.xhtml HTTP/1.1" 200 1388
181.53.13.222 - - [12/Mar/2024:09:40:02 -0500] "POST /sipse/faces/presentacion/financiero/solicitudProceso/listarSolicitudProceso.xhtml HTTP/1.1" 200 21944
200.118.80.29 - - [12/Mar/2024:09:40:02 -0500] "POST /sipse/faces/presentacion/financiero/solicitudProceso/consultar.xhtml HTTP/1.1" 200 12896
201.245.192.253 - - [12/Mar/2024:09:40:07 -0500] "POST /kwsrmcab/Wsrmcab HTTP/1.1" 200 37051
