201.245.192.253 - - [12/Mar/2024:09:40:07 -0500] "POST /forms/lservlet;jsessionid=ac16012b30d685a1338798bb45e4a50ba3dcf25e0c41.e3iSbxaKaheRe3iNc3uNbNmQay1ynknvrkLOlQzNp65In0 HTTP/1.1" 200 20
181.53.13.222 - - [12/Mar/2024:09:40:06 -0500] "POST /sipse/faces/presentacion/financiero/solicitudProceso/listarSolicitudProceso.xhtml HTTP/1.1" 200 153977
181.53.13.222 - - [12/Mar/2024:09:40:08 -0500] "GET /sipse/faces/javax.faces.resource/theme.css?ln=primefaces-sipse HTTP/1.1" 304 -
181.53.13.222 - - [12/Mar/2024:09:40:08 -0500] "GET /sipse/faces/javax.faces.resource/primefaces.css?ln=primefaces&v=4.0 HTTP/1.1" 304 -
181.53.13.222 - - [12/Mar/2024:09:40:08 -0500] "GET /sipse/faces/javax.faces.resource/layout/layout.css?ln=primefaces&v=4.0 HTTP/1.1" 304 -
181.53.13.222 - - [12/Mar/2024:09:40:08 -0500] "GET /sipse/faces/javax.faces.resource/jquery/jquery.js?ln=primefaces&v=4.0 HTTP/1.1" 304 -
181.53.13.222 - - [12/Mar/2024:09:40:08 -0500] "GET /sipse/faces/javax.faces.resource/jquery/jquery-plugins.js?ln=primefaces&v=4.0 HTTP/1.1" 304 -
181.53.13.222 - - [12/Mar/2024:09:40:08 -0500] "GET /sipse/faces/javax.faces.resource/primefaces.js?ln=primefaces&v=4.0 HTTP/1.1" 304 -
181.53.13.222 - - [12/Mar/2024:09:40:09 -0500] "GET /sipse/faces/javax.faces.resource/layout/layout.js?ln=primefaces&v=4.0 HTTP/1.1" 304 -
201.245.192.253 - - [12/Mar/2024:09:40:10 -0500] "POST /forms/lservlet;jsessionid=ac16012b30d685a1338798bb45e4a50ba3dcf25e0c41.e3iSbxaKaheRe3iNc3uNbNmQay1ynknvrkLOlQzNp65In0 HTTP/1.1" 200 37
200.118.80.127 - - [12/Mar/2024:09:40:13 -0500] "GET /sipse/faces/javax.faces.resource/theme.css?ln=primefaces-sipse HTTP/1.1" 304 -
200.118.80.127 - - [12/Mar/2024:09:40:13 -0500] "GET /sipse/faces/faces/autenticacion.xhtml HTTP/1.1" 200 12411
200.118.80.127 - - [12/Mar/2024:09:40:13 -0500] "GET /sipse/faces/javax.faces.resource/theme.css?ln=primefaces-sipse HTTP/1.1" 304 -
200.118.80.127 - - [12/Mar/2024:09:40:13 -0500] "GET /sipse/faces/javax.faces.resource/primefaces.css?ln=primefaces&v=4.0 HTTP/1.1" 304 -
200.118.80.127 - - [12/Mar/2024:09:40:13 -0500] "GET /sipse/faces/javax.faces.resource/layout/layout.css?ln=primefaces&v=4.0 HTTP/1.1" 304 -
200.118.80.127 - - [12/Mar/2024:09:40:13 -0500] "GET /sipse/faces/javax.faces.resource/jquery/jquery-plugins.js?ln=primefaces&v=4.0 HTTP/1.1" 304 -
200.118.80.127 - - [12/Mar/2024:09:40:13 -0500] "GET /sipse/faces/javax.faces.resource/jquery/jquery.js?ln=primefaces&v=4.0 HTTP/1.1" 304 -
200.118.80.127 - - [12/Mar/2024:09:40:13 -0500] "GET /sipse/faces/javax.faces.resource/primefaces.js?ln=primefaces&v=4.0 HTTP/1.1" 304 -
200.118.80.127 - - [12/Mar/2024:09:40:13 -0500] "GET /sipse/faces/javax.faces.resource/layout/layout.js?ln=primefaces&v=4.0 HTTP/1.1" 304 -
200.118.80.127 - - [12/Mar/2024:09:40:13 -0500] "GET /sipse/faces/javax.faces.resource/images/ui-icons_898989_256x240.png?ln=primefaces-aristo HTTP/1.1" 304 -
200.118.80.29 - - [12/Mar/2024:09:40:14 -0500] "POST /sipse/faces/presentacion/financiero/solicitudProceso/consultar.xhtml HTTP/1.1" 200 12886
181.53.13.222 - - [12/Mar/2024:09:40:16 -0500] "POST /sipse/faces/presentacion/financiero/solicitudProceso/consultarSolicitudProceso.xhtml HTTP/1.1" 200 5598
161.10.164.35 - - [12/Mar/2024:09:40:19 -0500] "GET /kwssiamovil/sm/acme/u?s=U2FsdGVkX19yZ/lhJWCvzYe8qIz0HlW1mK9H+jKf/5HJdR5cRTQZveoA+4QrzsyuS+mwtQJQSNgDAzc/sm7ANIn311tNvIpou5Xnymj9Px8m/PDNep1U/ZmBs7CxYEol2IaCWbwllF8NLINY/4Kb4x0+bgH8DXdMQTvFES1cUwk=&u=U2FsdGVkX18sxakyrUiDJC0W6ZdJ2x0Ordx/xbp9SIs=&y=U2FsdGVkX19k5kVFEmeLLy80giI52cDnrNdCM5S36wg= HTTP/1.1" 200 60
201.245.192.253 - - [12/Mar/2024:09:40:24 -0500] "POST /forms/lservlet;jsessionid=ac16012b30d685a1338798bb45e4a50ba3dcf25e0c41.e3iSbxaKaheRe3iNc3uNbNmQay1ynknvrkLOlQzNp65In0 HTTP/1.1" 200 2
181.53.13.222 - - [12/Mar/2024:09:40:26 -0500] "POST /sipse/faces/presentacion/financiero/solicitudProceso/consultarSolicitudProceso.xhtml HTTP/1.1" 200 46307
181.53.13.222 - - [12/Mar/2024:09:40:28 -0500] "GET /sipse/faces/javax.faces.resource/theme.css?ln=primefaces-sipse HTTP/1.1" 304 -
181.53.13.222 - - [12/Mar/2024:09:40:28 -0500] "GET /sipse/faces/javax.faces.resource/primefaces.css?ln=primefaces&v=4.0 HTTP/1.1" 304 -
181.53.13.222 - - [12/Mar/2024:09:40:28 -0500] "GET /sipse/faces/javax.faces.resource/layout/layout.css?ln=primefaces&v=4.0 HTTP/1.1" 304 -
181.53.13.222 - - [12/Mar/2024:09:40:28 -0500] "GET /sipse/faces/javax.faces.resource/jquery/jquery.js?ln=primefaces&v=4.0 HTTP/1.1" 304 -
181.53.13.222 - - [12/Mar/2024:09:40:28 -0500] "GET /sipse/faces/javax.faces.resource/jquery/jquery-plugins.js?ln=primefaces&v=4.0 HTTP/1.1" 304 -
181.53.13.222 - - [12/Mar/2024:09:40:28 -0500] "GET /sipse/faces/javax.faces.resource/primefaces.js?ln=primefaces&v=4.0 HTTP/1.1" 304 -
181.53.13.222 - - [12/Mar/2024:09:40:28 -0500] "GET /sipse/faces/javax.faces.resource/layout/layout.js?ln=primefaces&v=4.0 HTTP/1.1" 304 -
200.118.80.29 - - [12/Mar/2024:09:40:29 -0500] "POST /sipse/faces/presentacion/financiero/solicitudProceso/consultar.xhtml HTTP/1.1" 200 12890
181.53.13.222 - - [12/Mar/2024:09:40:32 -0500] "POST /sipse/faces/presentacion/financiero/estudioPrevio/personalSolicitado/expedirExperienciaIdoneidad.xhtml HTTP/1.1" 200 6465
181.53.13.222 - - [12/Mar/2024:09:40:32 -0500] "POST /sipse/faces/presentacion/financiero/estudioPrevio/personalSolicitado/expedirExperienciaIdoneidad.xhtml HTTP/1.1" 200 48965
181.53.13.222 - - [12/Mar/2024:09:40:32 -0500] "GET /sipse/faces/javax.faces.resource/theme.css?ln=primefaces-sipse HTTP/1.1" 304 -
181.53.13.222 - - [12/Mar/2024:09:40:32 -0500] "GET /sipse/faces/javax.faces.resource/primefaces.css?ln=primefaces&v=4.0 HTTP/1.1" 304 -
181.53.13.222 - - [12/Mar/2024:09:40:33 -0500] "GET /sipse/faces/javax.faces.resource/layout/layout.css?ln=primefaces&v=4.0 HTTP/1.1" 304 -
181.53.13.222 - - [12/Mar/2024:09:40:33 -0500] "GET /sipse/faces/javax.faces.resource/jquery/jquery-plugins.js?ln=primefaces&v=4.0 HTTP/1.1" 304 -
181.53.13.222 - - [12/Mar/2024:09:40:33 -0500] "GET /sipse/faces/javax.faces.resource/jquery/jquery.js?ln=primefaces&v=4.0 HTTP/1.1" 304 -
181.53.13.222 - - [12/Mar/2024:09:40:33 -0500] "GET /sipse/faces/javax.faces.resource/primefaces.js?ln=primefaces&v=4.0 HTTP/1.1" 304 -
181.53.13.222 - - [12/Mar/2024:09:40:33 -0500] "GET /sipse/faces/javax.faces.resource/layout/layout.js?ln=primefaces&v=4.0 HTTP/1.1" 304 -
181.53.13.222 - - [12/Mar/2024:09:40:37 -0500] "POST /sipse/faces/presentacion/financiero/estudioPrevio/personalSolicitado/expedirExperienciaIdoneidad.xhtml HTTP/1.1" 200 5833
181.53.13.222 - - [12/Mar/2024:09:40:36 -0500] "POST /sipse/faces/presentacion/financiero/estudioPrevio/personalSolicitado/expedirExperienciaIdoneidad.xhtml HTTP/1.1" 200 34575
181.53.13.222 - - [12/Mar/2024:09:40:37 -0500] "GET /sipse/faces/javax.faces.resource/theme.css?ln=primefaces-sipse HTTP/1.1" 304 -
181.53.13.222 - - [12/Mar/2024:09:40:37 -0500] "GET /sipse/faces/javax.faces.resource/primefaces.css?ln=primefaces&v=4.0 HTTP/1.1" 304 -
181.53.13.222 - - [12/Mar/2024:09:40:37 -0500] "GET /sipse/faces/javax.faces.resource/jquery/jquery.js?ln=primefaces&v=4.0 HTTP/1.1" 304 -
181.53.13.222 - - [12/Mar/2024:09:40:37 -0500] "GET /sipse/faces/javax.faces.resource/layout/layout.css?ln=primefaces&v=4.0 HTTP/1.1" 304 -
181.53.13.222 - - [12/Mar/2024:09:40:37 -0500] "GET /sipse/faces/javax.faces.resource/jquery/jquery-plugins.js?ln=primefaces&v=4.0 HTTP/1.1" 304 -
181.53.13.222 - - [12/Mar/2024:09:40:37 -0500] "GET /sipse/faces/javax.faces.resource/primefaces.js?ln=primefaces&v=4.0 HTTP/1.1" 304 -
181.53.13.222 - - [12/Mar/2024:09:40:37 -0500] "GET /sipse/faces/javax.faces.resource/layout/layout.js?ln=primefaces&v=4.0 HTTP/1.1" 304 -
181.53.13.222 - - [12/Mar/2024:09:40:39 -0500] "POST /sipse/faces/presentacion/contratacion/procesoContractual/registrarInvitacionContratista.xhtml HTTP/1.1" 200 9689
161.10.164.35 - - [12/Mar/2024:09:40:42 -0500] "GET /kwssiamovil/sm/ldap/au?x=U2FsdGVkX1+he1phsiWeWbnaGdHq2iYUWMGkeJjuLCVbZJLJJ+g2nqFxT50bdXX3&y=U2FsdGVkX1+H4MIN5pd5yzu7oZuflp0fgkPdj7jxhJE= HTTP/1.1" 200 30
161.10.164.35 - - [12/Mar/2024:09:40:42 -0500] "GET /kwssiamovil/sm/acme/s?s=U2FsdGVkX1+V/VgMfkxeaa09YR5duOt/uLe35YnPCA/SXkChA3D2qyNrxE0iO54mXJ3t98E/3PNn2U5VAeFpgAqImlUrMJYRh5xTHlDdI8U=&u=U2FsdGVkX1+ZtDBFTRsrHp1LqRcvi50iXH9TR0LlCWc=&y=U2FsdGVkX1+H4MIN5pd5yzu7oZuflp0fgkPdj7jxhJE= HTTP/1.1" 200 97
161.10.164.35 - - [12/Mar/2024:09:40:42 -0500] "GET /kwssiamovil/sm/acme/s?s=U2FsdGVkX19z8nqGvpzpf05mVo7RHANjcSBSG53xKU3uqwMMxLPkhO5gPeqnx2nHWtFX74vtrmadCGyAv7hrytf34gTheMSYpYQ4RCpC6pDrxwK02VLkhK9cw0OaR8vbHNqD4cguJdj+QCs2QJuM3+ha22rKtrqji3rNG8pSuLWgakskuot9Aauy4I3zHi6vXSBmdqW7SsKLm8p/HCxn22nFpi0JWrx7Wr2f3xvj+QF9BUJVUFnhTY2dRsiQ3HAyHHc2/mLs/pOveLaKwyd+ph4cJtzhZt5GiteMnJ/o4jVz22VALF56mcwsbKGkyVpU5k/8Qbn5hVZ9STz5yEmyqyLeEYhv3V4itlShEjJCKrA8VPeS3F2UkgOThYqJjw3kBGflg6cdA60TPrmYMmHwzoytAg2X2S2PWHEpJtUXgNqGGdKqQJA25MEl/73LiDie7dsy5iO4A97UkXtc5Kh83x7X1hSYFK4jm1duXuM6UWvLoMp52PfpVbYXCiKQ1zprkx5LtBgasjlnhpp+1HgoftFNuOQDSKM/MinPke8+OGrPGTcvx9sE9p+NcvsmHvN22HmdS5Aoy9k3/uRzhWtwD+QFtJCmjdzWAvf5USZfDpbOVUG/a6F8JdFopqu+3+SCV619NGvflGG9OGKYh7IXyES/6q/r5mlycBb+001iVJ1wNj9zaraz/8ayMauyj7WJGQw1nLGv+Yj1jviCT2Nc7mLLXimS9Y/JwiT9MAn4i89vDgPjhxdzgj9t68iUqnwEPpRsxqvRVpx4VzDQMl5n4tlIN2ga4fuemhtvOx0AP7rz2YeZXHNG1+ncGzLkzPUm7JEzTyfh7VhI24LzB6BeHMwwVQLzV1i3xAY+cMVzUyEqQeODrqRPL7NCIPJtdxXQmk3JeX9GWLooSpAElTrjRm+iDFPGDeF3P7Jsq8368fX+e7nXblJRwNMduGLx8gxUFz7eYOXor+HJV3jBBhSsLKtfAdO4lXn/IxxGokn+EP4J6JegWWJl8vdsyoeAYcEMJQgNPQ+fKlQg8aJdxun9FJh3g4tPEEh7K3xLVbATp9/l1QtYQTVSqsT0l+907rjKP3IYZBhxu0T/iZjRMUaTmyeE3C4JZh22QJ/aS4mWKhoAWkV2CdPiYAD6I+2DJxpQqD8X0QpnFNmcA//uwOGBkWoYrN8qUreDTzvB+T07xSfGNS9pJUU86MkO4BIKcSeZpNFul9Hi0xc5Z6dDoJLenO1rqgkmmF9eG1B+oympwa7+jun5dn+zgKB3lF9ILVjIN7Z25WjHEM2nduIgdWAWOXMOXF6a2QYLEjW4VIHELznOk0lUbTqRHfpjhQOeNHykzHh+sJ1ywD9xN5NceHJs9zF9H00jhS4LIkbM3eYeX24VRVHAk2fDwph3prDKQ+n0hcwyaBWO8yWEN0t6WFbJVqppWji+l0hwLEW/Q+tfrWvxu1M7OHkqtPV0rRpnLU0S2AwGcnH8yqzv9QShLv9aO93Z45TQJwBAQkavekVovZOuUBcwJ67Igz2+9Fm/xChnYx+Bq2l9CxfRQsHISd2aBvJxzabB+8gr4Ng8Cb+LqEco9ndD763xwZC69zBhc1FpCc+Jk3w8puq6FLm0KaSpwTlIbtS1Z+QRinzrhY/mIzbVbqkJUQ4wQ5Xm8Yv5Bvt9iwN2Z2xDSxZvYezWuMQ82hAZKejCBWLIx6slNaFtRtOUuVlzHey05LvX9OhFZpeTxQaN34A6ReTPTf8dlyyXFo6ZUXGzC5Fmx6ca+c2RGIs=&u=U2FsdGVkX1+ZtDBFTRsrHp1LqRcvi50iXH9TR0LlCWc=&y=U2FsdGVkX1+H4MIN5pd5yzu7oZuflp0fgkPdj7jxhJE= HTTP/1.1" 200 323
161.10.164.35 - - [12/Mar/2024:09:40:42 -0500] "GET /kwssiamovil/sm/acme/s?s=U2FsdGVkX1/dsknjqLmLCGWcwbZdPLQQOAJM/5zulwHjht+ypevSCi+DmRIvHgX0lrNzS4+LSZixGQmNE3uxmqTXXgfaUKEsEAyw4pLGDUdslTYDe7VrmX0lMFvyH+MpOWWDxl1umlHmM+pnIhuVHaLMV44vJ03qoAvw7dxI50UroD1U18T6pcdsOfDMrq5KPpk63frJ7d4syVTL/bw5BHgJQPZmjKZX0EneUHA6LIKDTY2ayxpTeigCsY3pfHvsxHTqrOf6+Y+EAW6ACoCe1ZKVli3LCdohTsC0rCR+zFq7RcI2QcZsCWoO9u0PAoKdZ5s9BWDjW5yfXUTKmO7PHRe/q/27bhuFe1X+8HTUJcwdnaLDFAfaSLemc+aWHUMK5YqUDbCftH9R9693fRB2kqWl8EG6dSafs2a2Gx2aSPE4Kk5p+gI4RzhkE91W15UOiQfU/2cN1KTr8VctW6v6/pCyUAoAXUPWYs7fu4ybu0XUA7P5in+9Tqn2iPDDCKAdMBfschgO/wK6uRlwB6gZOJg66dT5Y307CPuN2WLvPjW8YAUhJ1zI3jOMYVCiNQLwAYraoH6GLsxHl9BjzMnmWhfUMfTrs2XTAEDu/Xz/xJvyzGxTOKRkw6+bg4dAWI9lUYHBE0pYenBcLGKWwcFXbw7+63cClfwH6AB98zuh6bOO3JfMJIQBIh0EQTkQJLe5utDJ0bvdUvS7wHOE+p3FfvGZVoo1yDWJ1wlwCXPcI2WSmvODA6n2JIDVx16/ySKE&u=U2FsdGVkX1+ZtDBFTRsrHp1LqRcvi50iXH9TR0LlCWc=&y=U2FsdGVkX1+H4MIN5pd5yzu7oZuflp0fgkPdj7jxhJE= HTTP/1.1" 200 208
161.10.164.35 - - [12/Mar/2024:09:40:42 -0500] "GET /kwssiamovil/sm/cjson/pre?f=1&x=U2FsdGVkX1+he1phsiWeWbnaGdHq2iYUWMGkeJjuLCVbZJLJJ+g2nqFxT50bdXX3 HTTP/1.1" 200 30244
216.245.221.92 - - [12/Mar/2024:09:40:48 -0500] "HEAD / HTTP/1.1" 200 -
200.118.80.29 - - [12/Mar/2024:09:40:50 -0500] "POST /sipse/faces/presentacion/financiero/solicitudProceso/consultar.xhtml HTTP/1.1" 200 12926
201.245.192.253 - - [12/Mar/2024:09:41:02 -0500] "POST /kwsrmcab/Wsrmcab HTTP/1.1" 200 33413
200.118.80.29 - - [12/Mar/2024:09:41:08 -0500] "POST /sipse/faces/presentacion/financiero/solicitudProceso/consultar.xhtml HTTP/1.1" 200 12896
200.118.80.29 - - [12/Mar/2024:09:41:19 -0500] "POST /sipse/faces/presentacion/financiero/solicitudProceso/consultar.xhtml HTTP/1.1" 200 12884
181.53.13.222 - - [12/Mar/2024:09:41:24 -0500] "POST /sipse/faces/presentacion/contratacion/procesoContractual/registrarInvitacionContratista.xhtml HTTP/1.1" 200 9251
181.53.13.222 - - [12/Mar/2024:09:41:30 -0500] "POST /sipse/faces/presentacion/contratacion/procesoContractual/registrarInvitacionContratista.xhtml HTTP/1.1" 200 46307
181.53.13.222 - - [12/Mar/2024:09:41:30 -0500] "GET /sipse/faces/javax.faces.resource/theme.css?ln=primefaces-sipse HTTP/1.1" 304 -
181.53.13.222 - - [12/Mar/2024:09:41:30 -0500] "GET /sipse/faces/javax.faces.resource/layout/layout.css?ln=primefaces&v=4.0 HTTP/1.1" 304 -
181.53.13.222 - - [12/Mar/2024:09:41:30 -0500] "GET /sipse/faces/javax.faces.resource/primefaces.css?ln=primefaces&v=4.0 HTTP/1.1" 304 -
181.53.13.222 - - [12/Mar/2024:09:41:30 -0500] "GET /sipse/faces/javax.faces.resource/jquery/jquery.js?ln=primefaces&v=4.0 HTTP/1.1" 304 -
181.53.13.222 - - [12/Mar/2024:09:41:30 -0500] "GET /sipse/faces/javax.faces.resource/jquery/jquery-plugins.js?ln=primefaces&v=4.0 HTTP/1.1" 304 -
181.53.13.222 - - [12/Mar/2024:09:41:30 -0500] "GET /sipse/faces/javax.faces.resource/primefaces.js?ln=primefaces&v=4.0 HTTP/1.1" 304 -
181.53.13.222 - - [12/Mar/2024:09:41:31 -0500] "GET /sipse/faces/javax.faces.resource/layout/layout.js?ln=primefaces&v=4.0 HTTP/1.1" 304 -
200.118.80.29 - - [12/Mar/2024:09:41:35 -0500] "POST /sipse/faces/presentacion/financiero/solicitudProceso/consultar.xhtml HTTP/1.1" 200 12914
181.53.13.222 - - [12/Mar/2024:09:41:35 -0500] "POST /sipse/faces/presentacion/financiero/estudioPrevio/personalSolicitado/expedirExperienciaIdoneidad.xhtml HTTP/1.1" 200 153977
181.53.13.222 - - [12/Mar/2024:09:41:37 -0500] "GET /sipse/faces/javax.faces.resource/theme.css?ln=primefaces-sipse HTTP/1.1" 304 -
181.53.13.222 - - [12/Mar/2024:09:41:37 -0500] "GET /sipse/faces/javax.faces.resource/layout/layout.css?ln=primefaces&v=4.0 HTTP/1.1" 304 -
181.53.13.222 - - [12/Mar/2024:09:41:37 -0500] "GET /sipse/faces/javax.faces.resource/jquery/jquery.js?ln=primefaces&v=4.0 HTTP/1.1" 304 -
181.53.13.222 - - [12/Mar/2024:09:41:37 -0500] "GET /sipse/faces/javax.faces.resource/primefaces.css?ln=primefaces&v=4.0 HTTP/1.1" 304 -
181.53.13.222 - - [12/Mar/2024:09:41:37 -0500] "GET /sipse/faces/javax.faces.resource/jquery/jquery-plugins.js?ln=primefaces&v=4.0 HTTP/1.1" 304 -
181.53.13.222 - - [12/Mar/2024:09:41:37 -0500] "GET /sipse/faces/javax.faces.resource/primefaces.js?ln=primefaces&v=4.0 HTTP/1.1" 304 -
181.53.13.222 - - [12/Mar/2024:09:41:37 -0500] "GET /sipse/faces/javax.faces.resource/layout/layout.js?ln=primefaces&v=4.0 HTTP/1.1" 304 -
181.53.13.222 - - [12/Mar/2024:09:41:43 -0500] "POST /sipse/faces/presentacion/financiero/solicitudProceso/consultarSolicitudProceso.xhtml HTTP/1.1" 200 5598
201.245.192.253 - - [12/Mar/2024:09:41:52 -0500] "GET /sipse/faces/javax.faces.resource/images/ui-bg_flat_0_2d5972_40x100.png?ln=primefaces-aristo HTTP/1.1" 304 -
201.245.192.253 - - [12/Mar/2024:09:41:52 -0500] "POST /sipse/faces/presentacion/financiero/solicitudProceso/consultarSolicitudProceso.xhtml HTTP/1.1" 200 5514
181.53.13.222 - - [12/Mar/2024:09:41:55 -0500] "POST /sipse/faces/presentacion/financiero/solicitudProceso/consultarSolicitudProceso.xhtml HTTP/1.1" 200 33669
181.53.13.222 - - [12/Mar/2024:09:41:56 -0500] "GET /sipse/faces/javax.faces.resource/theme.css?ln=primefaces-sipse HTTP/1.1" 304 -
181.53.13.222 - - [12/Mar/2024:09:41:56 -0500] "GET /sipse/faces/javax.faces.resource/layout/layout.css?ln=primefaces&v=4.0 HTTP/1.1" 304 -
181.53.13.222 - - [12/Mar/2024:09:41:56 -0500] "GET /sipse/faces/javax.faces.resource/primefaces.css?ln=primefaces&v=4.0 HTTP/1.1" 304 -
181.53.13.222 - - [12/Mar/2024:09:41:56 -0500] "GET /sipse/faces/javax.faces.resource/jquery/jquery.js?ln=primefaces&v=4.0 HTTP/1.1" 304 -
181.53.13.222 - - [12/Mar/2024:09:41:56 -0500] "GET /sipse/faces/javax.faces.resource/jquery/jquery-plugins.js?ln=primefaces&v=4.0 HTTP/1.1" 304 -
181.53.13.222 - - [12/Mar/2024:09:41:56 -0500] "GET /sipse/faces/javax.faces.resource/primefaces.js?ln=primefaces&v=4.0 HTTP/1.1" 304 -
181.53.13.222 - - [12/Mar/2024:09:41:56 -0500] "GET /sipse/faces/javax.faces.resource/layout/layout.js?ln=primefaces&v=4.0 HTTP/1.1" 304 -
181.53.13.222 - - [12/Mar/2024:09:41:56 -0500] "POST /sipse/faces/presentacion/contratacion/contratista/listarContratista.xhtml HTTP/1.1" 200 26941
181.53.13.222 - - [12/Mar/2024:09:41:57 -0500] "POST /sipse/faces/presentacion/contratacion/contratista/listarContratista.xhtml HTTP/1.1" 200 26941
181.53.13.222 - - [12/Mar/2024:09:41:58 -0500] "POST /sipse/faces/presentacion/contratacion/contratista/listarContratista.xhtml HTTP/1.1" 200 8707
200.118.80.29 - - [12/Mar/2024:09:42:01 -0500] "POST /sipse/faces/presentacion/financiero/solicitudProceso/consultar.xhtml HTTP/1.1" 200 12913
181.53.13.222 - - [12/Mar/2024:09:42:02 -0500] "POST /sipse/faces/presentacion/contratacion/contratista/listarContratista.xhtml HTTP/1.1" 200 64415
181.53.13.222 - - [12/Mar/2024:09:42:05 -0500] "GET /sipse/faces/javax.faces.resource/theme.css?ln=primefaces-sipse HTTP/1.1" 304 -
181.53.13.222 - - [12/Mar/2024:09:42:05 -0500] "GET /sipse/faces/javax.faces.resource/primefaces.css?ln=primefaces&v=4.0 HTTP/1.1" 304 -
181.53.13.222 - - [12/Mar/2024:09:42:05 -0500] "GET /sipse/faces/javax.faces.resource/jquery/jquery.js?ln=primefaces&v=4.0 HTTP/1.1" 304 -
181.53.13.222 - - [12/Mar/2024:09:42:05 -0500] "GET /sipse/faces/javax.faces.resource/layout/layout.css?ln=primefaces&v=4.0 HTTP/1.1" 304 -
181.53.13.222 - - [12/Mar/2024:09:42:05 -0500] "GET /sipse/faces/javax.faces.resource/jquery/jquery-plugins.js?ln=primefaces&v=4.0 HTTP/1.1" 304 -
181.53.13.222 - - [12/Mar/2024:09:42:05 -0500] "GET /sipse/faces/javax.faces.resource/primefaces.js?ln=primefaces&v=4.0 HTTP/1.1" 304 -
181.53.13.222 - - [12/Mar/2024:09:42:05 -0500] "GET /sipse/faces/javax.faces.resource/layout/layout.js?ln=primefaces&v=4.0 HTTP/1.1" 304 -
181.53.13.222 - - [12/Mar/2024:09:42:05 -0500] "GET /sipse/faces/javax.faces.resource/spacer/dot_clear.gif?ln=primefaces&v=4.0 HTTP/1.1" 304 -
200.118.80.29 - - [12/Mar/2024:09:42:10 -0500] "POST /sipse/faces/presentacion/financiero/solicitudProceso/consultar.xhtml HTTP/1.1" 200 12930
201.245.192.253 - - [12/Mar/2024:09:42:10 -0500] "POST /sipse/faces/presentacion/financiero/solicitudProceso/consultarSolicitudProceso.xhtml HTTP/1.1" 200 46880
201.245.192.253 - - [12/Mar/2024:09:42:10 -0500] "GET /sipse/faces/javax.faces.resource/theme.css?ln=primefaces-sipse HTTP/1.1" 304 -
201.245.192.253 - - [12/Mar/2024:09:42:10 -0500] "GET /sipse/faces/javax.faces.resource/primefaces.css?ln=primefaces&v=4.0 HTTP/1.1" 304 -
201.245.192.253 - - [12/Mar/2024:09:42:10 -0500] "GET /sipse/faces/javax.faces.resource/layout/layout.css?ln=primefaces&v=4.0 HTTP/1.1" 304 -
201.245.192.253 - - [12/Mar/2024:09:42:10 -0500] "GET /sipse/faces/javax.faces.resource/jquery/jquery.js?ln=primefaces&v=4.0 HTTP/1.1" 304 -
201.245.192.253 - - [12/Mar/2024:09:42:10 -0500] "GET /sipse/faces/javax.faces.resource/jquery/jquery-plugins.js?ln=primefaces&v=4.0 HTTP/1.1" 304 -
201.245.192.253 - - [12/Mar/2024:09:42:10 -0500] "GET /sipse/faces/javax.faces.resource/primefaces.js?ln=primefaces&v=4.0 HTTP/1.1" 304 -
201.245.192.253 - - [12/Mar/2024:09:42:10 -0500] "GET /sipse/faces/javax.faces.resource/layout/layout.js?ln=primefaces&v=4.0 HTTP/1.1" 304 -
201.245.192.253 - - [12/Mar/2024:09:42:10 -0500] "GET /sipse/css/imagen/contrasena.png HTTP/1.1" 404 383
200.118.80.29 - - [12/Mar/2024:09:42:18 -0500] "POST /sipse/faces/presentacion/financiero/solicitudProceso/consultar.xhtml HTTP/1.1" 200 12921
181.53.13.222 - - [12/Mar/2024:09:42:23 -0500] "POST /sipse/faces/presentacion/contratacion/contratista/consultarContratista.xhtml HTTP/1.1" 200 34156
157.55.39.15 - - [12/Mar/2024:09:42:24 -0500] "GET /Publicaciones/2024EE32059.pdf HTTP/1.1" 404 227
201.245.192.253 - - [12/Mar/2024:09:42:24 -0500] "POST /forms/lservlet;jsessionid=ac16012b30d685a1338798bb45e4a50ba3dcf25e0c41.e3iSbxaKaheRe3iNc3uNbNmQay1ynknvrkLOlQzNp65In0 HTTP/1.1" 200 2
181.53.13.222 - - [12/Mar/2024:09:42:24 -0500] "GET /sipse/faces/javax.faces.resource/theme.css?ln=primefaces-sipse HTTP/1.1" 304 -
181.53.13.222 - - [12/Mar/2024:09:42:24 -0500] "GET /sipse/faces/javax.faces.resource/layout/layout.css?ln=primefaces&v=4.0 HTTP/1.1" 304 -
181.53.13.222 - - [12/Mar/2024:09:42:24 -0500] "GET /sipse/faces/javax.faces.resource/primefaces.css?ln=primefaces&v=4.0 HTTP/1.1" 304 -
181.53.13.222 - - [12/Mar/2024:09:42:24 -0500] "GET /sipse/faces/javax.faces.resource/jquery/jquery.js?ln=primefaces&v=4.0 HTTP/1.1" 304 -
181.53.13.222 - - [12/Mar/2024:09:42:24 -0500] "GET /sipse/faces/javax.faces.resource/jquery/jquery-plugins.js?ln=primefaces&v=4.0 HTTP/1.1" 304 -
181.53.13.222 - - [12/Mar/2024:09:42:25 -0500] "GET /sipse/faces/javax.faces.resource/primefaces.js?ln=primefaces&v=4.0 HTTP/1.1" 304 -
181.53.13.222 - - [12/Mar/2024:09:42:25 -0500] "GET /sipse/faces/javax.faces.resource/layout/layout.js?ln=primefaces&v=4.0 HTTP/1.1" 304 -
200.118.80.29 - - [12/Mar/2024:09:42:27 -0500] "POST /sipse/faces/presentacion/financiero/solicitudProceso/consultar.xhtml HTTP/1.1" 200 12862
201.245.192.253 - - [12/Mar/2024:09:42:28 -0500] "GET /sipse/faces/javax.faces.resource/theme.css?ln=primefaces-sipse HTTP/1.1" 304 -
201.245.192.253 - - [12/Mar/2024:09:42:28 -0500] "GET /sipse/faces/javax.faces.resource/primefaces.css?ln=primefaces&v=4.0 HTTP/1.1" 304 -
201.245.192.253 - - [12/Mar/2024:09:42:27 -0500] "POST /sipse/faces/presentacion/financiero/estudioPrevio/personalSolicitado/personalSolicitadoSolicitudProceso.xhtml HTTP/1.1" 200 185422
201.245.192.253 - - [12/Mar/2024:09:42:28 -0500] "GET /sipse/faces/javax.faces.resource/layout/layout.css?ln=primefaces&v=4.0 HTTP/1.1" 304 -
201.245.192.253 - - [12/Mar/2024:09:42:28 -0500] "GET /sipse/faces/javax.faces.resource/jquery/jquery.js?ln=primefaces&v=4.0 HTTP/1.1" 304 -
201.245.192.253 - - [12/Mar/2024:09:42:28 -0500] "GET /sipse/faces/javax.faces.resource/jquery/jquery-plugins.js?ln=primefaces&v=4.0 HTTP/1.1" 304 -
201.245.192.253 - - [12/Mar/2024:09:42:28 -0500] "GET /sipse/faces/javax.faces.resource/primefaces.js?ln=primefaces&v=4.0 HTTP/1.1" 304 -
201.245.192.253 - - [12/Mar/2024:09:42:28 -0500] "GET /sipse/faces/javax.faces.resource/layout/layout.js?ln=primefaces&v=4.0 HTTP/1.1" 304 -
201.245.192.253 - - [12/Mar/2024:09:42:28 -0500] "GET /sipse/faces/javax.faces.resource/images/ui-icons_898989_256x240.png?ln=primefaces-aristo HTTP/1.1" 304 -
201.245.192.253 - - [12/Mar/2024:09:42:28 -0500] "POST /kwsrmcab/Wsrmcab  HTTP/1.1" 200 39634
201.245.192.253 - - [12/Mar/2024:09:42:32 -0500] "POST /sipse/faces/presentacion/financiero/solicitudProceso/consultarSolicitudProceso.xhtml HTTP/1.1" 200 43113
201.245.192.253 - - [12/Mar/2024:09:42:33 -0500] "GET /sipse/faces/javax.faces.resource/theme.css?ln=primefaces-sipse HTTP/1.1" 304 -
201.245.192.253 - - [12/Mar/2024:09:42:33 -0500] "GET /sipse/faces/javax.faces.resource/layout/layout.css?ln=primefaces&v=4.0 HTTP/1.1" 304 -
201.245.192.253 - - [12/Mar/2024:09:42:33 -0500] "GET /sipse/faces/javax.faces.resource/primefaces.css?ln=primefaces&v=4.0 HTTP/1.1" 304 -
201.245.192.253 - - [12/Mar/2024:09:42:33 -0500] "GET /sipse/faces/javax.faces.resource/primefaces.js?ln=primefaces&v=4.0 HTTP/1.1" 304 -
201.245.192.253 - - [12/Mar/2024:09:42:33 -0500] "GET /sipse/faces/javax.faces.resource/jquery/jquery-plugins.js?ln=primefaces&v=4.0 HTTP/1.1" 304 -
201.245.192.253 - - [12/Mar/2024:09:42:33 -0500] "GET /sipse/faces/javax.faces.resource/jquery/jquery.js?ln=primefaces&v=4.0 HTTP/1.1" 304 -
201.245.192.253 - - [12/Mar/2024:09:42:33 -0500] "GET /sipse/faces/javax.faces.resource/layout/layout.js?ln=primefaces&v=4.0 HTTP/1.1" 304 -
181.53.13.222 - - [12/Mar/2024:09:42:30 -0500] "POST /sipse/faces/presentacion/contratacion/contratista/listarContratista.xhtml HTTP/1.1" 200 64415
181.53.13.222 - - [12/Mar/2024:09:42:34 -0500] "GET /sipse/faces/javax.faces.resource/theme.css?ln=primefaces-sipse HTTP/1.1" 304 -
181.53.13.222 - - [12/Mar/2024:09:42:34 -0500] "GET /sipse/faces/javax.faces.resource/primefaces.css?ln=primefaces&v=4.0 HTTP/1.1" 304 -
181.53.13.222 - - [12/Mar/2024:09:42:34 -0500] "GET /sipse/faces/javax.faces.resource/layout/layout.css?ln=primefaces&v=4.0 HTTP/1.1" 304 -
181.53.13.222 - - [12/Mar/2024:09:42:34 -0500] "GET /sipse/faces/javax.faces.resource/jquery/jquery.js?ln=primefaces&v=4.0 HTTP/1.1" 304 -
181.53.13.222 - - [12/Mar/2024:09:42:34 -0500] "GET /sipse/faces/javax.faces.resource/jquery/jquery-plugins.js?ln=primefaces&v=4.0 HTTP/1.1" 304 -
181.53.13.222 - - [12/Mar/2024:09:42:34 -0500] "GET /sipse/faces/javax.faces.resource/primefaces.js?ln=primefaces&v=4.0 HTTP/1.1" 304 -
181.53.13.222 - - [12/Mar/2024:09:42:35 -0500] "GET /sipse/faces/javax.faces.resource/layout/layout.js?ln=primefaces&v=4.0 HTTP/1.1" 304 -
216.244.66.195 - - [12/Mar/2024:09:42:41 -0500] "GET /BLA/resoluciones/AUTOS%202016/0823.pdf HTTP/1.1" 200 529341
181.53.13.222 - - [12/Mar/2024:09:42:42 -0500] "POST /sipse/faces/presentacion/contratacion/contratista/consultarContratista.xhtml HTTP/1.1" 200 34156
181.53.13.222 - - [12/Mar/2024:09:42:42 -0500] "GET /sipse/faces/javax.faces.resource/theme.css?ln=primefaces-sipse HTTP/1.1" 304 -
181.53.13.222 - - [12/Mar/2024:09:42:43 -0500] "GET /sipse/faces/javax.faces.resource/primefaces.css?ln=primefaces&v=4.0 HTTP/1.1" 304 -
181.53.13.222 - - [12/Mar/2024:09:42:43 -0500] "GET /sipse/faces/javax.faces.resource/jquery/jquery.js?ln=primefaces&v=4.0 HTTP/1.1" 304 -
181.53.13.222 - - [12/Mar/2024:09:42:43 -0500] "GET /sipse/faces/javax.faces.resource/layout/layout.css?ln=primefaces&v=4.0 HTTP/1.1" 304 -
181.53.13.222 - - [12/Mar/2024:09:42:43 -0500] "GET /sipse/faces/javax.faces.resource/jquery/jquery-plugins.js?ln=primefaces&v=4.0 HTTP/1.1" 304 -
181.53.13.222 - - [12/Mar/2024:09:42:43 -0500] "GET /sipse/faces/javax.faces.resource/primefaces.js?ln=primefaces&v=4.0 HTTP/1.1" 304 -
181.53.13.222 - - [12/Mar/2024:09:42:43 -0500] "GET /sipse/faces/javax.faces.resource/layout/layout.js?ln=primefaces&v=4.0 HTTP/1.1" 304 -
200.118.80.29 - - [12/Mar/2024:09:42:46 -0500] "POST /sipse/faces/presentacion/financiero/solicitudProceso/consultar.xhtml HTTP/1.1" 200 12851
181.53.13.222 - - [12/Mar/2024:09:42:46 -0500] "POST /sipse/faces/presentacion/contratacion/contratista/listarContratista.xhtml HTTP/1.1" 200 39798
172.22.2.4 - - [12/Mar/2024:09:42:48 -0500] "GET /BLA/boletinlegal/Circulares/2022/CIRCULAR%20No.%2000004%20DEL%2019%20DE%20MAYO%20DEL%202022.pdf HTTP/1.1" 200 252981
181.53.13.222 - - [12/Mar/2024:09:42:48 -0500] "GET /sipse/faces/javax.faces.resource/theme.css?ln=primefaces-sipse HTTP/1.1" 304 -
181.53.13.222 - - [12/Mar/2024:09:42:48 -0500] "GET /sipse/faces/javax.faces.resource/primefaces.css?ln=primefaces&v=4.0 HTTP/1.1" 304 -
181.53.13.222 - - [12/Mar/2024:09:42:48 -0500] "GET /sipse/faces/javax.faces.resource/jquery/jquery.js?ln=primefaces&v=4.0 HTTP/1.1" 304 -
181.53.13.222 - - [12/Mar/2024:09:42:48 -0500] "GET /sipse/faces/javax.faces.resource/layout/layout.css?ln=primefaces&v=4.0 HTTP/1.1" 304 -
181.53.13.222 - - [12/Mar/2024:09:42:48 -0500] "GET /sipse/faces/javax.faces.resource/jquery/jquery-plugins.js?ln=primefaces&v=4.0 HTTP/1.1" 304 -
181.53.13.222 - - [12/Mar/2024:09:42:48 -0500] "GET /sipse/faces/javax.faces.resource/primefaces.js?ln=primefaces&v=4.0 HTTP/1.1" 304 -
181.53.13.222 - - [12/Mar/2024:09:42:48 -0500] "GET /sipse/faces/javax.faces.resource/layout/layout.js?ln=primefaces&v=4.0 HTTP/1.1" 304 -
181.53.13.222 - - [12/Mar/2024:09:42:48 -0500] "POST /sipse/faces/presentacion/financiero/solicitudProceso/listarSolicitudProceso.xhtml HTTP/1.1" 200 33054
181.53.13.222 - - [12/Mar/2024:09:42:49 -0500] "POST /sipse/faces/presentacion/financiero/solicitudProceso/listarSolicitudProceso.xhtml HTTP/1.1" 200 33054
181.53.13.222 - - [12/Mar/2024:09:42:50 -0500] "POST /sipse/faces/presentacion/financiero/solicitudProceso/listarSolicitudProceso.xhtml HTTP/1.1" 200 33054
181.53.13.222 - - [12/Mar/2024:09:42:51 -0500] "POST /sipse/faces/presentacion/financiero/solicitudProceso/listarSolicitudProceso.xhtml HTTP/1.1" 200 33054
216.244.66.195 - - [12/Mar/2024:09:42:52 -0500] "GET /BLA/resoluciones/AUTOS%202016/1278.pdf HTTP/1.1" 200 430368
181.53.13.222 - - [12/Mar/2024:09:42:51 -0500] "POST /sipse/faces/presentacion/financiero/solicitudProceso/listarSolicitudProceso.xhtml HTTP/1.1" 200 33054
181.53.13.222 - - [12/Mar/2024:09:42:52 -0500] "POST /sipse/faces/presentacion/financiero/solicitudProceso/listarSolicitudProceso.xhtml HTTP/1.1" 200 33054
181.53.13.222 - - [12/Mar/2024:09:42:53 -0500] "POST /sipse/faces/presentacion/financiero/solicitudProceso/listarSolicitudProceso.xhtml HTTP/1.1" 200 33054
157.55.39.6 - - [12/Mar/2024:09:42:57 -0500] "GET /bla/resoluciones/notificaciones/autos%202017/04926.pdf HTTP/1.1" 304 -
181.53.13.222 - - [12/Mar/2024:09:42:57 -0500] "POST /sipse/faces/presentacion/financiero/solicitudProceso/listarSolicitudProceso.xhtml HTTP/1.1" 200 1392
181.53.13.222 - - [12/Mar/2024:09:43:03 -0500] "GET /sipse/faces/presentacion/financiero/estudioPrevio/personalSolicitado/expedirExperienciaIdoneidad.xhtml HTTP/1.1" 200 49303
181.53.13.222 - - [12/Mar/2024:09:43:03 -0500] "GET /sipse/faces/javax.faces.resource/theme.css?ln=primefaces-sipse HTTP/1.1" 304 -
181.53.13.222 - - [12/Mar/2024:09:43:03 -0500] "GET /sipse/faces/javax.faces.resource/primefaces.css?ln=primefaces&v=4.0 HTTP/1.1" 304 -
181.53.13.222 - - [12/Mar/2024:09:43:03 -0500] "GET /sipse/faces/javax.faces.resource/jquery/jquery-plugins.js?ln=primefaces&v=4.0 HTTP/1.1" 304 -
181.53.13.222 - - [12/Mar/2024:09:43:03 -0500] "GET /sipse/faces/javax.faces.resource/layout/layout.css?ln=primefaces&v=4.0 HTTP/1.1" 304 -
181.53.13.222 - - [12/Mar/2024:09:43:03 -0500] "GET /sipse/faces/javax.faces.resource/jquery/jquery.js?ln=primefaces&v=4.0 HTTP/1.1" 304 -
181.53.13.222 - - [12/Mar/2024:09:43:03 -0500] "GET /sipse/faces/javax.faces.resource/primefaces.js?ln=primefaces&v=4.0 HTTP/1.1" 304 -
181.53.13.222 - - [12/Mar/2024:09:43:03 -0500] "GET /sipse/faces/javax.faces.resource/layout/layout.js?ln=primefaces&v=4.0 HTTP/1.1" 304 -
181.53.13.222 - - [12/Mar/2024:09:43:01 -0500] "POST /sipse/faces/presentacion/financiero/solicitudProceso/listarSolicitudProceso.xhtml HTTP/1.1" 200 1388
181.53.13.222 - - [12/Mar/2024:09:43:18 -0500] "POST /sipse/faces/presentacion/financiero/estudioPrevio/personalSolicitado/expedirExperienciaIdoneidad.xhtml HTTP/1.1" 200 5657
181.53.13.222 - - [12/Mar/2024:09:43:19 -0500] "GET /sipse/faces/javax.faces.resource/layout/layout.css?ln=primefaces&v=4.0 HTTP/1.1" 304 -
181.53.13.222 - - [12/Mar/2024:09:43:19 -0500] "GET /sipse/faces/javax.faces.resource/theme.css?ln=primefaces-sipse HTTP/1.1" 304 -
181.53.13.222 - - [12/Mar/2024:09:43:19 -0500] "GET /sipse/faces/javax.faces.resource/primefaces.css?ln=primefaces&v=4.0 HTTP/1.1" 304 -
181.53.13.222 - - [12/Mar/2024:09:43:19 -0500] "GET /sipse/faces/javax.faces.resource/jquery/jquery.js?ln=primefaces&v=4.0 HTTP/1.1" 304 -
181.53.13.222 - - [12/Mar/2024:09:43:19 -0500] "GET /sipse/faces/javax.faces.resource/jquery/jquery-plugins.js?ln=primefaces&v=4.0 HTTP/1.1" 304 -
181.53.13.222 - - [12/Mar/2024:09:43:18 -0500] "POST /sipse/faces/presentacion/financiero/estudioPrevio/personalSolicitado/expedirExperienciaIdoneidad.xhtml HTTP/1.1" 200 48965
181.53.13.222 - - [12/Mar/2024:09:43:19 -0500] "GET /sipse/faces/javax.faces.resource/layout/layout.js?ln=primefaces&v=4.0 HTTP/1.1" 304 -
181.53.13.222 - - [12/Mar/2024:09:43:19 -0500] "GET /sipse/faces/javax.faces.resource/primefaces.js?ln=primefaces&v=4.0 HTTP/1.1" 304 -
200.118.80.29 - - [12/Mar/2024:09:43:19 -0500] "POST /sipse/faces/presentacion/financiero/solicitudProceso/consultar.xhtml HTTP/1.1" 200 12904
181.53.13.222 - - [12/Mar/2024:09:43:23 -0500] "POST /sipse/faces/presentacion/financiero/estudioPrevio/personalSolicitado/expedirExperienciaIdoneidad.xhtml HTTP/1.1" 200 5833
181.53.13.222 - - [12/Mar/2024:09:43:23 -0500] "GET /sipse/faces/javax.faces.resource/theme.css?ln=primefaces-sipse HTTP/1.1" 304 -
181.53.13.222 - - [12/Mar/2024:09:43:23 -0500] "GET /sipse/faces/javax.faces.resource/layout/layout.css?ln=primefaces&v=4.0 HTTP/1.1" 304 -
181.53.13.222 - - [12/Mar/2024:09:43:23 -0500] "GET /sipse/faces/javax.faces.resource/primefaces.css?ln=primefaces&v=4.0 HTTP/1.1" 304 -
181.53.13.222 - - [12/Mar/2024:09:43:23 -0500] "GET /sipse/faces/javax.faces.resource/jquery/jquery.js?ln=primefaces&v=4.0 HTTP/1.1" 304 -
181.53.13.222 - - [12/Mar/2024:09:43:23 -0500] "GET /sipse/faces/javax.faces.resource/layout/layout.js?ln=primefaces&v=4.0 HTTP/1.1" 304 -
181.53.13.222 - - [12/Mar/2024:09:43:23 -0500] "GET /sipse/faces/javax.faces.resource/jquery/jquery-plugins.js?ln=primefaces&v=4.0 HTTP/1.1" 304 -
181.53.13.222 - - [12/Mar/2024:09:43:23 -0500] "GET /sipse/faces/javax.faces.resource/primefaces.js?ln=primefaces&v=4.0 HTTP/1.1" 304 -
181.53.13.222 - - [12/Mar/2024:09:43:23 -0500] "POST /sipse/faces/presentacion/financiero/estudioPrevio/personalSolicitado/expedirExperienciaIdoneidad.xhtml HTTP/1.1" 200 34575
200.118.80.29 - - [12/Mar/2024:09:43:27 -0500] "POST /sipse/faces/presentacion/financiero/solicitudProceso/consultar.xhtml HTTP/1.1" 200 12899
181.53.13.222 - - [12/Mar/2024:09:43:28 -0500] "POST /sipse/faces/presentacion/contratacion/procesoContractual/registrarInvitacionContratista.xhtml HTTP/1.1" 200 9689
216.244.66.195 - - [12/Mar/2024:09:43:30 -0500] "GET /BLA/resoluciones/AUTOS%202016/1830.pdf HTTP/1.1" 200 472947
200.118.80.29 - - [12/Mar/2024:09:43:36 -0500] "POST /sipse/faces/presentacion/financiero/solicitudProceso/consultar.xhtml HTTP/1.1" 200 12859
130.250.228.26 - - [12/Mar/2024:09:43:45 -0500] "OPTIONS /kwssiamovil/sm/setfile/f? HTTP/1.1" 200 13
130.250.228.26 - - [12/Mar/2024:09:43:45 -0500] "POST /kwssiamovil/sm/setfile/f? HTTP/1.1" 200 381
181.53.13.222 - - [12/Mar/2024:09:43:49 -0500] "POST /sipse/faces/presentacion/contratacion/procesoContractual/registrarInvitacionContratista.xhtml HTTP/1.1" 200 9251
130.250.228.26 - - [12/Mar/2024:09:43:52 -0500] "GET /kwssiamovil/sm/acme/a?s=U2FsdGVkX1+opascsUtcDB6OoLbfKrAQzDGU68arFfrIluovB+YgC7ueHl4ObecJOWItwjaIUB4Kzt7EBIValhfS6meHcB/AqWDgIo7h8kCQgvBp5fErTheFAJtWK1V/m/oQijyxqfYv+UTYF2LmK4E33XYOS926VhLl6ToE4xCG2MJq5FwaXHQm4lXSMfMfiM//YTTFWIpnC1351L5fQ2lUpVgp0xrTc9S7YrHxTN1zd06a8RNcyAksuG/uQtR4a5AsA4/ffnGRrNs96t5TVQ==&u=U2FsdGVkX1+X/vlVqTMNLX3+h9j/mWK4CwlZWVjOt2g=&y=U2FsdGVkX188IIpKNn16zOZub6QKQ/Do7OJei3PzEydIaJ3T3iPJkYXlAq8/1e4V HTTP/1.1" 200 26
201.245.192.253 - - [12/Mar/2024:09:43:53 -0500] "POST /sipse/faces/presentacion/financiero/solicitudProceso/consultarSolicitudProceso.xhtml HTTP/1.1" 200 36801
201.245.192.253 - - [12/Mar/2024:09:43:53 -0500] "GET /sipse/faces/javax.faces.resource/theme.css?ln=primefaces-sipse HTTP/1.1" 304 -
201.245.192.253 - - [12/Mar/2024:09:43:53 -0500] "GET /sipse/faces/javax.faces.resource/primefaces.css?ln=primefaces&v=4.0 HTTP/1.1" 304 -
201.245.192.253 - - [12/Mar/2024:09:43:53 -0500] "GET /sipse/faces/javax.faces.resource/layout/layout.css?ln=primefaces&v=4.0 HTTP/1.1" 304 -
201.245.192.253 - - [12/Mar/2024:09:43:53 -0500] "GET /sipse/faces/javax.faces.resource/jquery/jquery.js?ln=primefaces&v=4.0 HTTP/1.1" 304 -
201.245.192.253 - - [12/Mar/2024:09:43:53 -0500] "GET /sipse/faces/javax.faces.resource/jquery/jquery-plugins.js?ln=primefaces&v=4.0 HTTP/1.1" 304 -
201.245.192.253 - - [12/Mar/2024:09:43:53 -0500] "GET /sipse/css/imagen/contrasena.png HTTP/1.1" 404 383
201.245.192.253 - - [12/Mar/2024:09:43:53 -0500] "GET /sipse/faces/javax.faces.resource/primefaces.js?ln=primefaces&v=4.0 HTTP/1.1" 304 -
201.245.192.253 - - [12/Mar/2024:09:43:53 -0500] "GET /sipse/faces/javax.faces.resource/layout/layout.js?ln=primefaces&v=4.0 HTTP/1.1" 304 -
130.250.228.26 - - [12/Mar/2024:09:43:53 -0500] "GET /kwssiamovil/sm/acme/a?s=U2FsdGVkX19m0w2P9gIfFxObENm/xBhVzXFsxxuA98s4quJe+P+H1gas/d2edgcbsNPj5rtea3tbhMDk3KGDAUSTLq4HECwtHPzbXbJFW4PdJdmeAzlrhXSqsfPKmptL28JaPo7+YeqeVdQwZ/KgJ5Wd+ooVxqJOfNx0YC1ef7i8p6wOzXPc0D/L4Zi7Rq2KtNv96RL8+8T4xNunufhf8NsO1wjnSv6T6kZA1i3QK+9uhldZY7xgM/KGX9JKei8M4liC9fXFQXoc44g0SzrfveX73SkHLDV6ZzN8xLKHxspqnn2X5abQT4iHKObdBiP/8vDIjpprLTvz5V09JUNa6AO8Gq2KzWejHo8BO354nBBPjCekPTW7i4gINdmZ+xlDc49CmHbCFa6yUiTpGp58ixqn4JucihO/TV0XKV0FzbZNyuIIZFtJ5MgHgH2TJovnmiJDIcVJtI7m7pRQ9fYkf7OemUwlbu2t3tKoUf09y31mDKbJSch/DAVvjiAXsyvgTMdIdDVzgltzDZekEWfeqXqKAPARRnu6N3Kroi2kQuafaqMHAiqwq+NNSNWxWTKjPEtbEAWXI13jhNzIC39puBIlh19alDCHW0/QvAGOvBiC+VKglCxBmu82/t0f5h1bsa6sxYWazrPy2kHSiVN8+fe2v088OiMdaNXyjZ8pGqz1CO3coq69zYCag0ofUgX4gCLeWH3NlHodY6bphZQvLC7t0MBog8Mcq+S6wJvrNQVYPTY0GcQE13xpbuq2lErmuWgJCJZV8+0tnHu0Tt02B+LyK/aGZW40ps9I3rF6Wqwm1YYoAlPDGlV8nv5X/zlzGnPlBIq+X5jhdzbjshCpx34cI87YLP0nVSiqbwGjt/2oOxPSwn62nlVvWFEqpu8ZQ9DW3eTRcMPi3Y1O3xPG+iPdYUxUuUT1U/xMOrb708eb5yTvu6OS3EAl7xgd7AAFFIiZ7PhTZBkN1xrB9e8gjiJExp5TJqkBTjsk1hKKreEu0vvH99xzEQUQ/2fRMs5v/+tdzrno/cTA1yq67EnrPwjIfL9i3OP9QcwB8mHSgd56yh03hL6Mpv3kEd+mWXyzlA3N0vUYQkSNpLcEgC0J0jcjx0aK+xdXRKyvqtlCMdT3gsbXStWT/1pAomaDCqI3bHGoYZk2qnq58kDFwajGDAH7MA83QC0AkTHIWczCklV3u1WMl+9XibyM9kbbVJZp6Qg51Jp3BmnpJaWYTqk4C6JkohBqAUP1qTBGZrXAhk0qxm2SwuznOxBJp3QsDTd+ZP0lDGss/k3QDzNyK+EQEdlBu69zF+gZ3x7sjX1XKWK1yROiQfDfS3u5lCnvUu8elPBQtITmPDDhVr08Q60R1PDIwZok+y7ps/yHFVEGkNXUbfaIkk81d7qjAbZHZZNpIgZgNFFOwVCuyYKKzyV3wnYPSRQnh/H3caOw0YAJ8gK2aoRDstSFhlo/7sUjj7vI9dlT56Pi+u0JXo1a00sKo9VduSyixjZb3/3+03SbV5YY9IjK6aVwWrFU8nLzboUb2gESkJrUogmBoIYnxBF7A9ZWBj68HEQnK9SOLP6LbAnLJ+SbVU/ZdNqVhX2jYc7eQXpYan3fnDKt760mzYWUg3zCt5KShBAyTeThbnch+cQdmdEth08faR2svehJR7nXj7tBy3apioNxhydO233Rtwq+Vq3kD5HU+TvWEslWJUWpV+lkmnmW5iUGmWantpyrzODSOsJ4I2XRKbM/CuXL5KRlwI2ErrQjiWbGxSJ7GvbzIgloBecrxAl4W8/zkI2HRHfM4HrVTSgwmke9c/qluTbpw/scIevIzAQ63z0/IGYInLpIq2LjDsSxfY2CidTmVcBMGpBHOB94MRo3GI5HIuQ7EHduET9TRW3Q7XxOxBzikBCHzS0bTOeudS+2gM1kX4j4gwY5CghtOOIBHdjSth5tqXvY25p33sXHE3WVxwNnvN2xbxmDCNciUl2nPGMG6aoOqCCG8JjlaazB5nUsqI3n4Dz2BP1ZbBHzv+0+LZucz53hf4DHeXo53vQRikmgRyDt9445rlTOBtQVhKxUwF0k9dwzzDns9v6e+XrcPa95ESfsCU6cNgzs6acXLfw3LegMrwYeuf5vgOeUYwXOz3grAy6WUXd/gxB4jnWXFitDZFxXmMuyja6pWoAnRyaB&u=U2FsdGVkX1+X/vlVqTMNLX3+h9j/mWK4CwlZWVjOt2g=&y=U2FsdGVkX188IIpKNn16zOZub6QKQ/Do7OJei3PzEydIaJ3T3iPJkYXlAq8/1e4V HTTP/1.1" 200 26
201.245.192.253 - - [12/Mar/2024:09:43:53 -0500] "POST /sipse/faces/presentacion/financiero/solicitudProceso/listarSolicitudProceso.xhtml HTTP/1.1" 200 30053
130.250.228.26 - - [12/Mar/2024:09:43:54 -0500] "GET /kwssiamovil/sm/acme/a?s=U2FsdGVkX19gHvXhE/Kvi+uVtZZzaRqARz0B99kpvTeQsfbvMgegUg6DN05UoZ4imphn6Qds7j6ldZahHhGhER9WtL7rfgtT3lrnfJjtntYl6JfWv5w2GWEJvuqbgenEjB5VLCF81PeVz4TDbiCuUIE/DYEASeZEPlrtAIEmGYU=&u=U2FsdGVkX1+X/vlVqTMNLX3+h9j/mWK4CwlZWVjOt2g=&y=U2FsdGVkX188IIpKNn16zOZub6QKQ/Do7OJei3PzEydIaJ3T3iPJkYXlAq8/1e4V HTTP/1.1" 200 26
200.118.80.29 - - [12/Mar/2024:09:43:54 -0500] "POST /sipse/faces/presentacion/financiero/solicitudProceso/consultar.xhtml HTTP/1.1" 200 12869
201.245.192.253 - - [12/Mar/2024:09:43:54 -0500] "POST /sipse/faces/presentacion/financiero/solicitudProceso/listarSolicitudProceso.xhtml HTTP/1.1" 200 30053
130.250.228.26 - - [12/Mar/2024:09:43:54 -0500] "GET /kwssiamovil/sm/acme/a?s=U2FsdGVkX18NvbQZk8VqBuI0uYun0GJVefogIRbOYRKLttmwE1LfbA8f4St9yCfXX9Znt+D9csXRGRsivEcsZ9Alqrd4emy1nJ2ap88j26tc7nJFyk51++3AYOmdHrtwvdya4mWo3szezP1GbfVsv247REUUqMsoadWZDEim6dY=&u=U2FsdGVkX1+X/vlVqTMNLX3+h9j/mWK4CwlZWVjOt2g=&y=U2FsdGVkX188IIpKNn16zOZub6QKQ/Do7OJei3PzEydIaJ3T3iPJkYXlAq8/1e4V HTTP/1.1" 200 26
130.250.228.26 - - [12/Mar/2024:09:43:54 -0500] "GET /kwssiamovil/sm/acme/a?s=U2FsdGVkX1+kr3B39q85OS0VcCXxBMS+Mgi3S9kJgDwf9iRe2clUXjKZqePwsv5+FKw0acc2CZv/FMvVNEmK6qrzx67fLTkowsINfIVy0mirEJkIGiozQKK2Ctqzc3ukrazqigsdd2YZhpJIgn/ASGM9Z5IYM24+XNDl9PcAtqE=&u=U2FsdGVkX1+X/vlVqTMNLX3+h9j/mWK4CwlZWVjOt2g=&y=U2FsdGVkX188IIpKNn16zOZub6QKQ/Do7OJei3PzEydIaJ3T3iPJkYXlAq8/1e4V HTTP/1.1" 200 26
130.250.228.26 - - [12/Mar/2024:09:43:54 -0500] "GET /kwssiamovil/sm/acme/a?s=U2FsdGVkX1/clm6zCeSnenYkfwV2IRSwd+bS8zEEjlllEttLcTZSRiokxwkuRNbMzMN9zAScBcwBf2ZgfTBw68tZpafZqf9JKJyzm+v6al08NxQNL+rokMmtEAN7fZBeBcN6FI+FNiwF88Gxb85xFbAqCeZp251XysnTjAXHEujQCMjF4xf7JgFFZI3KKaLX&u=U2FsdGVkX1+X/vlVqTMNLX3+h9j/mWK4CwlZWVjOt2g=&y=U2FsdGVkX188IIpKNn16zOZub6QKQ/Do7OJei3PzEydIaJ3T3iPJkYXlAq8/1e4V HTTP/1.1" 200 26
130.250.228.26 - - [12/Mar/2024:09:43:55 -0500] "GET /kwssiamovil/sm/acme/a?s=U2FsdGVkX1+h3E3CkVb3SPquOUJMh36gR7LEXK+B2fI3KUQfHHMIgHGZFR8osdAKbU0O4KStelBodjrM+Htn2SY4f0hSzuYmjwgUOXOXhcibeZ51yJ46awfmhOpoCCr7kJ035/n4s4tZx0BDDBHu2Z+RgiH1QWowhcQQu2KYiNomK76r4gnGKUcAnmL0xotLWXTw9y3+xkRrAUz6vbq7kMLnyW0TON/4ChLbuq1LtRdirtbFQAl3Q7SSLUex3tPdoD2KVTq7nRccGq2YZxCH/3aPytdSJK4XSfF27vsT/b0T/3ILao2AiBeUz9gYc8U5jLDrKOQ8TrwdtlYF3Y4paHjnXlxsjLpn4KqrFgtwPxOwCwnicpcDoPm/5yS3q/9lq4jtJ6NWTWEEn6p1pGyzENsWGH97OBKDGOj32N19N9IBXIplwPRI8IQH+q1CcVeN&u=U2FsdGVkX1+X/vlVqTMNLX3+h9j/mWK4CwlZWVjOt2g=&y=U2FsdGVkX188IIpKNn16zOZub6QKQ/Do7OJei3PzEydIaJ3T3iPJkYXlAq8/1e4V HTTP/1.1" 200 26
181.53.13.222 - - [12/Mar/2024:09:43:54 -0500] "POST /sipse/faces/presentacion/contratacion/procesoContractual/registrarInvitacionContratista.xhtml HTTP/1.1" 200 46307
181.53.13.222 - - [12/Mar/2024:09:43:55 -0500] "GET /sipse/faces/javax.faces.resource/theme.css?ln=primefaces-sipse HTTP/1.1" 304 -
130.250.228.26 - - [12/Mar/2024:09:43:55 -0500] "GET /kwssiamovil/sm/acme/a?s=U2FsdGVkX1/yKm8zzyoEDGswhHDxRkkcZTqwevI43p7yAymD2SAh9M04MWwC1iJRLSCbf0yFbBz5fJbVPRcc9H74ATI5DSoTCENPUi2xVHO57fmA5Nqteu/1fOiQpNJ6n+X6iT9fyNbdJ3N/N9fjE5l32u+KzDKvaAK4O+KsC3FX3yTkbUff1y8TBrKjk3HC2Zz0+QkGT1N28EoHcXPui6c998hDeX05/tkYMQuxdCGGduYFpTv7EzC3QsH9lBF5sXgaYljw4f/7CmJqFeGBKtQ+UA5vKxS8w5ose2/kotxPAzTFqU+m/DO8YjXJWEBa/5upFnGrpoHS/u3VaH7aGmhchJnhZ4w2rzukMRCG+8es3WDx9HTNLHjgdqV/cTCpiY7eQeQHm8yXhXytXLqzGfOeQYxD68J8AuIt7tPbHv8=&u=U2FsdGVkX1+X/vlVqTMNLX3+h9j/mWK4CwlZWVjOt2g=&y=U2FsdGVkX188IIpKNn16zOZub6QKQ/Do7OJei3PzEydIaJ3T3iPJkYXlAq8/1e4V HTTP/1.1" 200 26
181.53.13.222 - - [12/Mar/2024:09:43:55 -0500] "GET /sipse/faces/javax.faces.resource/layout/layout.css?ln=primefaces&v=4.0 HTTP/1.1" 304 -
181.53.13.222 - - [12/Mar/2024:09:43:55 -0500] "GET /sipse/faces/javax.faces.resource/primefaces.css?ln=primefaces&v=4.0 HTTP/1.1" 304 -
181.53.13.222 - - [12/Mar/2024:09:43:55 -0500] "GET /sipse/faces/javax.faces.resource/jquery/jquery.js?ln=primefaces&v=4.0 HTTP/1.1" 304 -
181.53.13.222 - - [12/Mar/2024:09:43:55 -0500] "GET /sipse/faces/javax.faces.resource/jquery/jquery-plugins.js?ln=primefaces&v=4.0 HTTP/1.1" 304 -
181.53.13.222 - - [12/Mar/2024:09:43:55 -0500] "GET /sipse/faces/javax.faces.resource/primefaces.js?ln=primefaces&v=4.0 HTTP/1.1" 304 -
181.53.13.222 - - [12/Mar/2024:09:43:55 -0500] "GET /sipse/faces/javax.faces.resource/layout/layout.js?ln=primefaces&v=4.0 HTTP/1.1" 304 -
201.245.192.253 - - [12/Mar/2024:09:43:54 -0500] "POST /sipse/faces/presentacion/financiero/solicitudProceso/listarSolicitudProceso.xhtml HTTP/1.1" 200 1392
201.245.192.253 - - [12/Mar/2024:09:43:56 -0500] "POST /sipse/faces/presentacion/financiero/solicitudProceso/listarSolicitudProceso.xhtml HTTP/1.1" 200 1388
201.245.192.253 - - [12/Mar/2024:09:43:57 -0500] "POST /sipse/faces/presentacion/financiero/solicitudProceso/listarSolicitudProceso.xhtml HTTP/1.1" 200 1400
216.244.66.195 - - [12/Mar/2024:09:44:01 -0500] "GET /BLA/resoluciones/AUTOS%202016/1946.pdf HTTP/1.1" 200 501183
200.118.80.29 - - [12/Mar/2024:09:44:02 -0500] "POST /sipse/faces/presentacion/financiero/solicitudProceso/consultar.xhtml HTTP/1.1" 200 12895
201.245.192.253 - - [12/Mar/2024:09:44:02 -0500] "POST /sipse/faces/presentacion/financiero/solicitudProceso/listarSolicitudProceso.xhtml HTTP/1.1" 200 10905
181.53.13.222 - - [12/Mar/2024:09:44:04 -0500] "GET /sipse/faces/javax.faces.resource/theme.css?ln=primefaces-sipse HTTP/1.1" 304 -
181.53.13.222 - - [12/Mar/2024:09:44:04 -0500] "GET /sipse/faces/javax.faces.resource/primefaces.js?ln=primefaces&v=4.0 HTTP/1.1" 304 -
181.53.13.222 - - [12/Mar/2024:09:44:04 -0500] "GET /sipse/faces/javax.faces.resource/primefaces.css?ln=primefaces&v=4.0 HTTP/1.1" 304 -
181.53.13.222 - - [12/Mar/2024:09:44:04 -0500] "GET /sipse/faces/javax.faces.resource/layout/layout.css?ln=primefaces&v=4.0 HTTP/1.1" 304 -
181.53.13.222 - - [12/Mar/2024:09:44:04 -0500] "GET /sipse/faces/javax.faces.resource/jquery/jquery.js?ln=primefaces&v=4.0 HTTP/1.1" 304 -
181.53.13.222 - - [12/Mar/2024:09:44:04 -0500] "GET /sipse/faces/javax.faces.resource/jquery/jquery-plugins.js?ln=primefaces&v=4.0 HTTP/1.1" 304 -
181.53.13.222 - - [12/Mar/2024:09:44:03 -0500] "POST /sipse/faces/presentacion/financiero/estudioPrevio/personalSolicitado/expedirExperienciaIdoneidad.xhtml HTTP/1.1" 200 44825
181.53.13.222 - - [12/Mar/2024:09:44:04 -0500] "GET /sipse/faces/javax.faces.resource/layout/layout.js?ln=primefaces&v=4.0 HTTP/1.1" 304 -
201.245.192.253 - - [12/Mar/2024:09:44:04 -0500] "POST /sipse/faces/presentacion/financiero/solicitudProceso/listarSolicitudProceso.xhtml HTTP/1.1" 200 13720
172.22.2.4 - - [12/Mar/2024:09:44:07 -0500] "GET /BLA/boletinlegal/consulta_actos.php?tipo=resoluciones&no=3110&usuario=&sector=SILVICULTURA&fecha=2019&resuelve= HTTP/1.1" 200 1155
201.245.192.253 - - [12/Mar/2024:09:44:09 -0500] "GET /BLA/resoluciones/RESOLUCIONES%202019/3110.pdf HTTP/1.1" 200 514354
201.245.192.253 - - [12/Mar/2024:09:44:09 -0500] "GET /BLA/resoluciones/RESOLUCIONES%202019/3110.pdf HTTP/1.1" 206 1025
201.245.192.253 - - [12/Mar/2024:09:44:09 -0500] "GET /BLA/resoluciones/RESOLUCIONES%202019/3110.pdf HTTP/1.1" 200 514354
200.118.80.29 - - [12/Mar/2024:09:44:11 -0500] "POST /sipse/faces/presentacion/financiero/solicitudProceso/consultar.xhtml HTTP/1.1" 200 12851
201.245.192.253 - - [12/Mar/2024:09:44:14 -0500] "GET /sipse/faces/javax.faces.resource/images/ui-bg_flat_0_2d5972_40x100.png?ln=primefaces-aristo HTTP/1.1" 304 -
201.245.192.253 - - [12/Mar/2024:09:44:14 -0500] "POST /sipse/faces/presentacion/financiero/solicitudProceso/consultarSolicitudProceso.xhtml HTTP/1.1" 200 43972
201.245.192.253 - - [12/Mar/2024:09:44:14 -0500] "GET /sipse/faces/javax.faces.resource/primefaces.css?ln=primefaces&v=4.0 HTTP/1.1" 304 -
201.245.192.253 - - [12/Mar/2024:09:44:14 -0500] "GET /sipse/faces/javax.faces.resource/theme.css?ln=primefaces-sipse HTTP/1.1" 304 -
201.245.192.253 - - [12/Mar/2024:09:44:14 -0500] "GET /sipse/faces/javax.faces.resource/layout/layout.css?ln=primefaces&v=4.0 HTTP/1.1" 304 -
201.245.192.253 - - [12/Mar/2024:09:44:14 -0500] "GET /sipse/faces/javax.faces.resource/jquery/jquery.js?ln=primefaces&v=4.0 HTTP/1.1" 304 -
201.245.192.253 - - [12/Mar/2024:09:44:14 -0500] "GET /sipse/faces/javax.faces.resource/jquery/jquery-plugins.js?ln=primefaces&v=4.0 HTTP/1.1" 304 -
201.245.192.253 - - [12/Mar/2024:09:44:14 -0500] "GET /sipse/faces/javax.faces.resource/primefaces.js?ln=primefaces&v=4.0 HTTP/1.1" 304 -
201.245.192.253 - - [12/Mar/2024:09:44:14 -0500] "GET /sipse/faces/javax.faces.resource/layout/layout.js?ln=primefaces&v=4.0 HTTP/1.1" 304 -
201.245.192.253 - - [12/Mar/2024:09:44:14 -0500] "GET /sipse/css/imagen/contrasena.png HTTP/1.1" 404 383
201.245.192.253 - - [12/Mar/2024:09:44:14 -0500] "POST /sipse/faces/presentacion/financiero/solicitudProceso/consultar.xhtml HTTP/1.1" 200 37269
181.53.13.222 - - [12/Mar/2024:09:44:14 -0500] "POST /sipse/faces/presentacion/contratacion/contrato/adicionarSupervisor.xhtml HTTP/1.1" 200 16817
201.245.192.253 - - [12/Mar/2024:09:44:15 -0500] "POST /sipse/faces/presentacion/financiero/solicitudProceso/consultar.xhtml HTTP/1.1" 200 37269
201.245.192.253 - - [12/Mar/2024:09:44:15 -0500] "POST /sipse/faces/presentacion/financiero/solicitudProceso/consultar.xhtml HTTP/1.1" 200 37269
201.245.192.253 - - [12/Mar/2024:09:44:18 -0500] "POST /sipse/faces/presentacion/financiero/solicitudProceso/consultar.xhtml HTTP/1.1" 200 12951
200.118.80.29 - - [12/Mar/2024:09:44:19 -0500] "POST /sipse/faces/presentacion/financiero/solicitudProceso/consultar.xhtml HTTP/1.1" 200 12891
181.53.13.222 - - [12/Mar/2024:09:44:22 -0500] "GET /sipse/faces/javax.faces.resource/theme.css?ln=primefaces-sipse HTTP/1.1" 304 -
181.53.13.222 - - [12/Mar/2024:09:44:22 -0500] "GET /sipse/faces/javax.faces.resource/primefaces.css?ln=primefaces&v=4.0 HTTP/1.1" 304 -
181.53.13.222 - - [12/Mar/2024:09:44:21 -0500] "POST /sipse/faces/presentacion/contratacion/contrato/adicionarSupervisor.xhtml HTTP/1.1" 200 49293
181.53.13.222 - - [12/Mar/2024:09:44:22 -0500] "GET /sipse/faces/javax.faces.resource/layout/layout.css?ln=primefaces&v=4.0 HTTP/1.1" 304 -
181.53.13.222 - - [12/Mar/2024:09:44:22 -0500] "GET /sipse/faces/javax.faces.resource/jquery/jquery.js?ln=primefaces&v=4.0 HTTP/1.1" 304 -
181.53.13.222 - - [12/Mar/2024:09:44:22 -0500] "GET /sipse/faces/javax.faces.resource/layout/layout.js?ln=primefaces&v=4.0 HTTP/1.1" 304 -
181.53.13.222 - - [12/Mar/2024:09:44:22 -0500] "GET /sipse/faces/javax.faces.resource/jquery/jquery-plugins.js?ln=primefaces&v=4.0 HTTP/1.1" 304 -
181.53.13.222 - - [12/Mar/2024:09:44:22 -0500] "GET /sipse/faces/javax.faces.resource/primefaces.js?ln=primefaces&v=4.0 HTTP/1.1" 304 -
201.245.192.253 - - [12/Mar/2024:09:44:24 -0500] "POST /forms/lservlet;jsessionid=ac16012b30d685a1338798bb45e4a50ba3dcf25e0c41.e3iSbxaKaheRe3iNc3uNbNmQay1ynknvrkLOlQzNp65In0 HTTP/1.1" 200 2
172.22.2.4 - - [12/Mar/2024:09:44:25 -0500] "GET /BLA/boletinlegal/js/jquery.scrollTo-min.js HTTP/1.1" 200 1150
181.53.13.222 - - [12/Mar/2024:09:44:25 -0500] "POST /sipse/faces/presentacion/financiero/estudioPrevio/personalSolicitado/expedirExperienciaIdoneidad.xhtml HTTP/1.1" 200 153977
181.53.13.222 - - [12/Mar/2024:09:44:28 -0500] "GET /sipse/faces/javax.faces.resource/theme.css?ln=primefaces-sipse HTTP/1.1" 304 -
181.53.13.222 - - [12/Mar/2024:09:44:28 -0500] "GET /sipse/faces/javax.faces.resource/jquery/jquery.js?ln=primefaces&v=4.0 HTTP/1.1" 304 -
181.53.13.222 - - [12/Mar/2024:09:44:28 -0500] "GET /sipse/faces/javax.faces.resource/layout/layout.css?ln=primefaces&v=4.0 HTTP/1.1" 304 -
181.53.13.222 - - [12/Mar/2024:09:44:28 -0500] "GET /sipse/faces/javax.faces.resource/primefaces.css?ln=primefaces&v=4.0 HTTP/1.1" 304 -
