47.128.40.188 - - [14/Mar/2024:03:34:44 -0500] "GET /BLA/resoluciones/AUTOS%202021/0245.php?act=img&img=ext_pdf HTTP/1.1" 200 1034
47.128.40.188 - - [14/Mar/2024:03:34:44 -0500] "GET /BLA/resoluciones/AUTOS%202021/0245.php?act=img&img=ext_exe HTTP/1.1" 200 118
47.128.40.188 - - [14/Mar/2024:03:34:44 -0500] "GET /BLA/resoluciones/AUTOS%202021/0245.php?act=img&img=ext_gif HTTP/1.1" 200 175
47.128.40.188 - - [14/Mar/2024:03:34:44 -0500] "GET /BLA/resoluciones/AUTOS%202021/0245.php?act=img&img=change HTTP/1.1" 200 290
47.128.40.188 - - [14/Mar/2024:03:34:44 -0500] "GET /BLA/resoluciones/AUTOS%202021/0245.php?act=img&img=ext_rtf HTTP/1.1" 200 164
47.128.40.188 - - [14/Mar/2024:03:34:44 -0500] "GET /BLA/resoluciones/AUTOS%202021/0245.php?act=img&img=ext_ini HTTP/1.1" 200 134
47.128.40.188 - - [14/Mar/2024:03:34:44 -0500] "GET /BLA/resoluciones/AUTOS%202021/0245.php?act=img&img=download HTTP/1.1" 200 161
201.245.192.253 - - [14/Mar/2024:03:35:03 -0500] "POST /kwsrmcab/Wsrmcab  HTTP/1.1" 200 166
201.245.192.253 - - [14/Mar/2024:03:35:08 -0500] "POST /forms/lservlet;jsessionid=ac16012b30d60c378208792d4757a508e4811830dca4.e3iSbxaKaheRe3iNc3uNbNmQay1ynknvrkLOlQzNp65In0 HTTP/1.1" 200 2
216.245.221.92 - - [14/Mar/2024:03:35:40 -0500] "HEAD / HTTP/1.1" 200 -
201.245.192.253 - - [14/Mar/2024:03:36:24 -0500] "POST /forms/lservlet;jsessionid=ac16012b30d672fb2ec093aa4748bf0691d1e088fe72.e3iSbxaKaheRe3iNc3uNbNmQay1ynknvrkLOlQzNp65In0 HTTP/1.1" 200 2
66.249.66.19 - - [14/Mar/2024:03:36:39 -0500] "GET /BLA/resoluciones/RESOLUCIONES%202008/2523.pdf HTTP/1.1" 200 424388
207.46.13.102 - - [14/Mar/2024:03:36:56 -0500] "GET /BLA/resoluciones/AUTOS%202019/5376.pdf HTTP/1.1" 304 -
201.245.192.253 - - [14/Mar/2024:03:37:08 -0500] "POST /forms/lservlet;jsessionid=ac16012b30d60c378208792d4757a508e4811830dca4.e3iSbxaKaheRe3iNc3uNbNmQay1ynknvrkLOlQzNp65In0 HTTP/1.1" 200 2
201.245.192.253 - - [14/Mar/2024:03:38:24 -0500] "POST /forms/lservlet;jsessionid=ac16012b30d672fb2ec093aa4748bf0691d1e088fe72.e3iSbxaKaheRe3iNc3uNbNmQay1ynknvrkLOlQzNp65In0 HTTP/1.1" 200 2
172.22.2.4 - - [14/Mar/2024:03:37:00 -0500] "HEAD /BLA/boletinlegal/ HTTP/1.1" 200 -
47.128.123.146 - - [14/Mar/2024:03:38:40 -0500] "GET /BLA/resoluciones/AUTOS%202021/0245.php?act=chmod&d=E%3A%5Cnuevo%5Chtdocs%5CBLA%5Cresoluciones%5CAUTOS+2021&f=1613.pdf HTTP/1.1" 200 2901
47.128.121.33 - - [14/Mar/2024:03:39:04 -0500] "GET /BLA/resoluciones/AUTOS%202021/0245.php?act=chmod&d=E%3A%5Cnuevo%5Chtdocs%5CBLA%5Cresoluciones%5CAUTOS+2021&f=4291.pdf HTTP/1.1" 200 2901
201.245.192.253 - - [14/Mar/2024:03:39:08 -0500] "POST /forms/lservlet;jsessionid=ac16012b30d60c378208792d4757a508e4811830dca4.e3iSbxaKaheRe3iNc3uNbNmQay1ynknvrkLOlQzNp65In0 HTTP/1.1" 200 2
172.22.2.4 - - [14/Mar/2024:03:37:50 -0500] "GET /BLA/boletinlegal/ HTTP/1.1" 200 58720
201.245.192.253 - - [14/Mar/2024:03:39:34 -0500] "POST /kwsrmcab/Wsrmcab HTTP/1.1" 200 166
201.245.192.253 - - [14/Mar/2024:03:40:00 -0500] "POST /kwsrmcab/Wsrmcab HTTP/1.1" 200 166
201.245.192.253 - - [14/Mar/2024:03:40:00 -0500] "POST /kwsrmcab/Wsrmcab HTTP/1.1" 200 166
201.245.192.253 - - [14/Mar/2024:03:40:03 -0500] "POST /kwsrmcab/Wsrmcab  HTTP/1.1" 200 166
201.245.192.253 - - [14/Mar/2024:03:40:24 -0500] "POST /forms/lservlet;jsessionid=ac16012b30d672fb2ec093aa4748bf0691d1e088fe72.e3iSbxaKaheRe3iNc3uNbNmQay1ynknvrkLOlQzNp65In0 HTTP/1.1" 200 2
216.245.221.92 - - [14/Mar/2024:03:40:40 -0500] "HEAD / HTTP/1.1" 200 -
201.245.192.253 - - [14/Mar/2024:03:41:08 -0500] "POST /forms/lservlet;jsessionid=ac16012b30d60c378208792d4757a508e4811830dca4.e3iSbxaKaheRe3iNc3uNbNmQay1ynknvrkLOlQzNp65In0 HTTP/1.1" 200 2
216.244.66.195 - - [14/Mar/2024:03:42:13 -0500] "GET /galeria/galeria/fotos/Huemdal-Cordoba3G.jpg HTTP/1.1" 200 445563
157.55.39.204 - - [14/Mar/2024:03:42:23 -0500] "GET /BLA/resoluciones/RESOLUCIONES%202021/2042.pdf HTTP/1.1" 304 -
201.245.192.253 - - [14/Mar/2024:03:42:24 -0500] "POST /forms/lservlet;jsessionid=ac16012b30d672fb2ec093aa4748bf0691d1e088fe72.e3iSbxaKaheRe3iNc3uNbNmQay1ynknvrkLOlQzNp65In0 HTTP/1.1" 200 2
66.249.66.21 - - [14/Mar/2024:03:42:53 -0500] "GET /BLA/resoluciones/AUTOS%202007/3632.pdf HTTP/1.1" 200 235649
216.244.66.195 - - [14/Mar/2024:03:43:04 -0500] "GET /BLA/resoluciones/RESOLUCIONES%202017/0265.pdf HTTP/1.1" 200 581686
201.245.192.253 - - [14/Mar/2024:03:43:08 -0500] "POST /forms/lservlet;jsessionid=ac16012b30d60c378208792d4757a508e4811830dca4.e3iSbxaKaheRe3iNc3uNbNmQay1ynknvrkLOlQzNp65In0 HTTP/1.1" 200 2
66.249.66.39 - - [14/Mar/2024:03:43:21 -0500] "GET /los-tramites-y-servicios-que-ofrece-la-secretaria-de-ambiente-de-bogota.html HTTP/1.1" 304 -
66.249.66.39 - - [14/Mar/2024:03:43:22 -0500] "GET /carolina-urrutia-secretaria-de-ambiente-en-el-primer-seminario-iberoamericano-de-coberturas-vegetales-urbanas.html HTTP/1.1" 200 864
66.249.66.38 - - [14/Mar/2024:03:43:23 -0500] "GET /este-jueves-muevete-sostenible-y-dale-un-respiro-a-la-ciudad-en-el-dia-sin-carro-y-sin-moto.html HTTP/1.1" 200 913
216.244.66.195 - - [14/Mar/2024:03:43:26 -0500] "GET /BLA/resoluciones/RESOLUCIONES%202017/1488.pdf HTTP/1.1" 200 682487
201.245.192.253 - - [14/Mar/2024:03:44:24 -0500] "POST /forms/lservlet;jsessionid=ac16012b30d672fb2ec093aa4748bf0691d1e088fe72.e3iSbxaKaheRe3iNc3uNbNmQay1ynknvrkLOlQzNp65In0 HTTP/1.1" 200 2
172.22.2.4 - - [14/Mar/2024:03:42:49 -0500] "HEAD /BLA/boletinlegal/ HTTP/1.1" 200 -
201.245.192.253 - - [14/Mar/2024:03:45:01 -0500] "POST /kwsrmcab/Wsrmcab  HTTP/1.1" 200 166
216.244.66.195 - - [14/Mar/2024:03:45:04 -0500] "GET /BLA/resoluciones/AUTOS%202007/0114.pdf HTTP/1.1" 200 225872
201.245.192.253 - - [14/Mar/2024:03:45:08 -0500] "POST /forms/lservlet;jsessionid=ac16012b30d60c378208792d4757a508e4811830dca4.e3iSbxaKaheRe3iNc3uNbNmQay1ynknvrkLOlQzNp65In0 HTTP/1.1" 200 2
172.22.2.4 - - [14/Mar/2024:03:43:40 -0500] "GET /BLA/boletinlegal/ HTTP/1.1" 200 60730
216.245.221.92 - - [14/Mar/2024:03:45:40 -0500] "HEAD / HTTP/1.1" 200 -
52.167.144.168 - - [14/Mar/2024:03:46:03 -0500] "GET /Publicaciones/2023EE64717.pdf HTTP/1.1" 404 227
216.244.66.195 - - [14/Mar/2024:03:46:04 -0500] "GET /BLA/resoluciones/AUTOS%202016/0070.pdf HTTP/1.1" 200 522573
66.249.66.21 - - [14/Mar/2024:03:46:15 -0500] "GET /BLA/resoluciones/RESOLUCIONES%202009/1396.pdf HTTP/1.1" 200 3068261
201.245.192.253 - - [14/Mar/2024:03:46:24 -0500] "POST /forms/lservlet;jsessionid=ac16012b30d672fb2ec093aa4748bf0691d1e088fe72.e3iSbxaKaheRe3iNc3uNbNmQay1ynknvrkLOlQzNp65In0 HTTP/1.1" 200 2
216.244.66.195 - - [14/Mar/2024:03:46:51 -0500] "GET /BLA/resoluciones/AUTOS%202016/0731.pdf HTTP/1.1" 200 440838
201.245.192.253 - - [14/Mar/2024:03:47:08 -0500] "POST /forms/lservlet;jsessionid=ac16012b30d60c378208792d4757a508e4811830dca4.e3iSbxaKaheRe3iNc3uNbNmQay1ynknvrkLOlQzNp65In0 HTTP/1.1" 200 2
216.244.66.195 - - [14/Mar/2024:03:47:31 -0500] "GET /BLA/resoluciones/AUTOS%202016/1908.pdf HTTP/1.1" 200 526912
66.249.66.21 - - [14/Mar/2024:03:47:58 -0500] "GET /BLA/resoluciones/RESOLUCIONES%202009/3446.pdf HTTP/1.1" 200 346749
216.244.66.195 - - [14/Mar/2024:03:48:03 -0500] "GET /BLA/resoluciones/AUTOS%202016/1955.pdf HTTP/1.1" 200 947366
201.245.192.253 - - [14/Mar/2024:03:48:24 -0500] "POST /forms/lservlet;jsessionid=ac16012b30d672fb2ec093aa4748bf0691d1e088fe72.e3iSbxaKaheRe3iNc3uNbNmQay1ynknvrkLOlQzNp65In0 HTTP/1.1" 200 2
216.244.66.195 - - [14/Mar/2024:03:48:34 -0500] "GET /BLA/resoluciones/AUTOS%202016/1992.pdf HTTP/1.1" 200 343566
66.249.66.20 - - [14/Mar/2024:03:48:52 -0500] "GET /BLA/resoluciones/AUTOS%202008/0368.pdf HTTP/1.1" 200 151967
216.244.66.195 - - [14/Mar/2024:03:49:02 -0500] "GET /BLA/resoluciones/AUTOS%202016/2115.pdf HTTP/1.1" 200 339780
201.245.192.253 - - [14/Mar/2024:03:49:08 -0500] "POST /forms/lservlet;jsessionid=ac16012b30d60c378208792d4757a508e4811830dca4.e3iSbxaKaheRe3iNc3uNbNmQay1ynknvrkLOlQzNp65In0 HTTP/1.1" 200 2
216.244.66.195 - - [14/Mar/2024:03:49:31 -0500] "GET /BLA/resoluciones/AUTOS%202016/2127.pdf HTTP/1.1" 200 380021
216.244.66.195 - - [14/Mar/2024:03:49:57 -0500] "GET /BLA/resoluciones/AUTOS%202016/2268.pdf HTTP/1.1" 200 376097
201.245.192.253 - - [14/Mar/2024:03:49:59 -0500] "POST /kwsrmcab/Wsrmcab  HTTP/1.1" 200 166
172.22.2.4 - - [14/Mar/2024:03:48:39 -0500] "HEAD /BLA/boletinlegal/ HTTP/1.1" 200 -
216.244.66.195 - - [14/Mar/2024:03:50:23 -0500] "GET /BLA/resoluciones/AUTOS%202016/2782.pdf HTTP/1.1" 200 433391
201.245.192.253 - - [14/Mar/2024:03:50:24 -0500] "POST /forms/lservlet;jsessionid=ac16012b30d672fb2ec093aa4748bf0691d1e088fe72.e3iSbxaKaheRe3iNc3uNbNmQay1ynknvrkLOlQzNp65In0 HTTP/1.1" 200 2
216.245.221.92 - - [14/Mar/2024:03:50:40 -0500] "HEAD / HTTP/1.1" 200 -
216.244.66.195 - - [14/Mar/2024:03:50:52 -0500] "GET /BLA/resoluciones/AUTOS%202016/2947.pdf HTTP/1.1" 200 669511
52.71.124.76 - - [14/Mar/2024:03:50:56 -0500] "GET /galeria/galeria/fotos/GuaymaralTorca4G.jpg HTTP/1.1" 200 373786
201.245.192.253 - - [14/Mar/2024:03:51:08 -0500] "POST /forms/lservlet;jsessionid=ac16012b30d60c378208792d4757a508e4811830dca4.e3iSbxaKaheRe3iNc3uNbNmQay1ynknvrkLOlQzNp65In0 HTTP/1.1" 200 2
172.22.2.4 - - [14/Mar/2024:03:49:30 -0500] "GET /BLA/boletinlegal/ HTTP/1.1" 200 60380
216.244.66.195 - - [14/Mar/2024:03:51:27 -0500] "GET /BLA/resoluciones/AUTOS%202016/3044.pdf HTTP/1.1" 200 934388
216.244.66.195 - - [14/Mar/2024:03:52:00 -0500] "GET /BLA/resoluciones/AUTOS%202016/3069.pdf HTTP/1.1" 200 907517
201.245.192.253 - - [14/Mar/2024:03:52:24 -0500] "POST /forms/lservlet;jsessionid=ac16012b30d672fb2ec093aa4748bf0691d1e088fe72.e3iSbxaKaheRe3iNc3uNbNmQay1ynknvrkLOlQzNp65In0 HTTP/1.1" 200 2
201.245.192.253 - - [14/Mar/2024:03:53:08 -0500] "POST /forms/lservlet;jsessionid=ac16012b30d60c378208792d4757a508e4811830dca4.e3iSbxaKaheRe3iNc3uNbNmQay1ynknvrkLOlQzNp65In0 HTTP/1.1" 200 2
201.245.192.253 - - [14/Mar/2024:03:54:24 -0500] "POST /forms/lservlet;jsessionid=ac16012b30d672fb2ec093aa4748bf0691d1e088fe72.e3iSbxaKaheRe3iNc3uNbNmQay1ynknvrkLOlQzNp65In0 HTTP/1.1" 200 2
201.245.192.253 - - [14/Mar/2024:03:54:58 -0500] "POST /kwsrmcab/Wsrmcab  HTTP/1.1" 200 166
201.245.192.253 - - [14/Mar/2024:03:55:08 -0500] "POST /forms/lservlet;jsessionid=ac16012b30d60c378208792d4757a508e4811830dca4.e3iSbxaKaheRe3iNc3uNbNmQay1ynknvrkLOlQzNp65In0 HTTP/1.1" 200 2
216.244.66.195 - - [14/Mar/2024:03:55:34 -0500] "GET /BLA/resoluciones/RESOLUCIONES%202001/0539.pdf HTTP/1.1" 200 487765
216.245.221.92 - - [14/Mar/2024:03:55:40 -0500] "HEAD / HTTP/1.1" 200 -
134.122.14.23 - - [14/Mar/2024:03:55:45 -0500] "GET / HTTP/1.0" 200 319
216.244.66.195 - - [14/Mar/2024:03:56:04 -0500] "GET /BLA/resoluciones/RESOLUCIONES%202001/1338.pdf HTTP/1.1" 200 279591
172.22.2.4 - - [14/Mar/2024:03:54:29 -0500] "HEAD /BLA/boletinlegal/ HTTP/1.1" 200 -
201.245.192.253 - - [14/Mar/2024:03:56:24 -0500] "POST /forms/lservlet;jsessionid=ac16012b30d672fb2ec093aa4748bf0691d1e088fe72.e3iSbxaKaheRe3iNc3uNbNmQay1ynknvrkLOlQzNp65In0 HTTP/1.1" 200 2
216.244.66.195 - - [14/Mar/2024:03:56:29 -0500] "GET /BLA/resoluciones/RESOLUCIONES%202017/2168.pdf HTTP/1.1" 200 269922
185.178.81.189 - - [14/Mar/2024:03:56:29 -0500] "GET / HTTP/1.1" 200 319
216.244.66.195 - - [14/Mar/2024:03:56:54 -0500] "GET /BLA/resoluciones/RESOLUCIONES%202019/0313.pdf HTTP/1.1" 200 373082
172.22.2.4 - - [14/Mar/2024:03:55:20 -0500] "GET /BLA/boletinlegal/ HTTP/1.1" 200 55823
201.245.192.253 - - [14/Mar/2024:03:57:08 -0500] "POST /forms/lservlet;jsessionid=ac16012b30d60c378208792d4757a508e4811830dca4.e3iSbxaKaheRe3iNc3uNbNmQay1ynknvrkLOlQzNp65In0 HTTP/1.1" 200 2
66.249.66.20 - - [14/Mar/2024:03:57:10 -0500] "GET /portel_dama/libreria/pdf/ecosistemas/restauracion/sitio/22_proye/xtras_in/4.pdf HTTP/1.1" 404 1018
216.244.66.195 - - [14/Mar/2024:03:57:17 -0500] "GET /BLA/resoluciones/RESOLUCIONES%202019/0566.pdf HTTP/1.1" 200 248029
172.22.2.4 - - [14/Mar/2024:03:56:30 -0500] "GET /BLA/boletinlegal/ HTTP/1.1" 200 36811
207.46.13.154 - - [14/Mar/2024:03:57:26 -0500] "GET /BLA/resoluciones/AUTOS%202020/4539.pdf HTTP/1.1" 200 410886
216.244.66.195 - - [14/Mar/2024:03:57:39 -0500] "GET /BLA/resoluciones/RESOLUCIONES%202019/0980.pdf HTTP/1.1" 200 388741
216.244.66.195 - - [14/Mar/2024:03:58:04 -0500] "GET /BLA/resoluciones/RESOLUCIONES%202019/1142.pdf HTTP/1.1" 200 343722
216.244.66.195 - - [14/Mar/2024:03:58:24 -0500] "GET /BLA/resoluciones/RESOLUCIONES%202019/1468.pdf HTTP/1.1" 200 309821
201.245.192.253 - - [14/Mar/2024:03:58:24 -0500] "POST /forms/lservlet;jsessionid=ac16012b30d672fb2ec093aa4748bf0691d1e088fe72.e3iSbxaKaheRe3iNc3uNbNmQay1ynknvrkLOlQzNp65In0 HTTP/1.1" 200 2
216.244.66.195 - - [14/Mar/2024:03:58:43 -0500] "GET /BLA/resoluciones/RESOLUCIONES%202019/1513.pdf HTTP/1.1" 200 378162
216.244.66.195 - - [14/Mar/2024:03:59:02 -0500] "GET /BLA/resoluciones/RESOLUCIONES%202019/1627.pdf HTTP/1.1" 200 627429
201.245.192.253 - - [14/Mar/2024:03:59:08 -0500] "POST /forms/lservlet;jsessionid=ac16012b30d60c378208792d4757a508e4811830dca4.e3iSbxaKaheRe3iNc3uNbNmQay1ynknvrkLOlQzNp65In0 HTTP/1.1" 200 2
216.244.66.195 - - [14/Mar/2024:03:59:21 -0500] "GET /BLA/resoluciones/RESOLUCIONES%202019/1971.pdf HTTP/1.1" 200 931487
199.16.157.180 - - [14/Mar/2024:03:59:30 -0500] "GET /images/cr%C3%B3nica-29-nov-1_optimized.jpeg HTTP/1.1" 404 1034
216.244.66.195 - - [14/Mar/2024:03:59:38 -0500] "GET /BLA/resoluciones/RESOLUCIONES%202019/1974.pdf HTTP/1.1" 200 464687
216.244.66.195 - - [14/Mar/2024:03:59:54 -0500] "GET /BLA/resoluciones/RESOLUCIONES%202019/2414.pdf HTTP/1.1" 200 286249
201.245.192.253 - - [14/Mar/2024:03:59:57 -0500] "POST /kwsrmcab/Wsrmcab  HTTP/1.1" 200 166
216.244.66.195 - - [14/Mar/2024:04:00:08 -0500] "GET /BLA/resoluciones/RESOLUCIONES%202019/2478.pdf HTTP/1.1" 200 373946
216.244.66.195 - - [14/Mar/2024:04:00:22 -0500] "GET /BLA/resoluciones/RESOLUCIONES%202019/2860.pdf HTTP/1.1" 200 297732
201.245.192.253 - - [14/Mar/2024:04:00:24 -0500] "POST /forms/lservlet;jsessionid=ac16012b30d672fb2ec093aa4748bf0691d1e088fe72.e3iSbxaKaheRe3iNc3uNbNmQay1ynknvrkLOlQzNp65In0 HTTP/1.1" 200 2
216.244.66.195 - - [14/Mar/2024:04:00:34 -0500] "GET /BLA/resoluciones/RESOLUCIONES%202019/3109.pdf HTTP/1.1" 200 343091
216.245.221.92 - - [14/Mar/2024:04:00:40 -0500] "HEAD / HTTP/1.1" 200 -
216.244.66.195 - - [14/Mar/2024:04:00:47 -0500] "GET /BLA/resoluciones/RESOLUCIONES%202019/3373.pdf HTTP/1.1" 200 623016
216.244.66.195 - - [14/Mar/2024:04:01:00 -0500] "GET /BLA/resoluciones/RESOLUCIONES%202019/3515.pdf HTTP/1.1" 200 266586
201.245.192.253 - - [14/Mar/2024:04:01:08 -0500] "POST /forms/lservlet;jsessionid=ac16012b30d60c378208792d4757a508e4811830dca4.e3iSbxaKaheRe3iNc3uNbNmQay1ynknvrkLOlQzNp65In0 HTTP/1.1" 200 2
216.244.66.195 - - [14/Mar/2024:04:01:09 -0500] "GET /BLA/resoluciones/RESOLUCIONES%202019/3602.pdf HTTP/1.1" 200 1537120
216.244.66.195 - - [14/Mar/2024:04:01:18 -0500] "GET /BLA/resoluciones/RESOLUCIONES%202019/3677.pdf HTTP/1.1" 200 1906202
216.244.66.195 - - [14/Mar/2024:04:01:56 -0500] "GET /BLA/resoluciones/RESOLUCIONES%202019/3775.pdf HTTP/1.1" 200 321046
172.22.2.4 - - [14/Mar/2024:04:00:19 -0500] "HEAD /BLA/boletinlegal/ HTTP/1.1" 200 -
201.245.192.253 - - [14/Mar/2024:04:02:24 -0500] "POST /forms/lservlet;jsessionid=ac16012b30d672fb2ec093aa4748bf0691d1e088fe72.e3iSbxaKaheRe3iNc3uNbNmQay1ynknvrkLOlQzNp65In0 HTTP/1.1" 200 2
172.22.2.4 - - [14/Mar/2024:04:01:10 -0500] "GET /BLA/boletinlegal/ HTTP/1.1" 200 53818
201.245.192.253 - - [14/Mar/2024:04:03:08 -0500] "POST /forms/lservlet;jsessionid=ac16012b30d60c378208792d4757a508e4811830dca4.e3iSbxaKaheRe3iNc3uNbNmQay1ynknvrkLOlQzNp65In0 HTTP/1.1" 200 2
66.249.66.37 - - [14/Mar/2024:04:03:11 -0500] "GET /senderos-en-los-cerros-orientales-cerrados-temporalmente-por-incendios-forestales.html HTTP/1.1" 200 991
60.190.226.186 - - [14/Mar/2024:04:03:46 -0500] "GET / HTTP/1.0" 200 319
115.238.44.234 - - [14/Mar/2024:04:03:59 -0500] "GET / HTTP/1.0" 200 319
201.245.192.253 - - [14/Mar/2024:04:04:25 -0500] "POST /forms/lservlet;jsessionid=ac16012b30d672fb2ec093aa4748bf0691d1e088fe72.e3iSbxaKaheRe3iNc3uNbNmQay1ynknvrkLOlQzNp65In0 HTTP/1.1" 200 2
201.245.192.253 - - [14/Mar/2024:04:04:56 -0500] "POST /kwsrmcab/Wsrmcab  HTTP/1.1" 200 166
201.245.192.253 - - [14/Mar/2024:04:05:08 -0500] "POST /forms/lservlet;jsessionid=ac16012b30d60c378208792d4757a508e4811830dca4.e3iSbxaKaheRe3iNc3uNbNmQay1ynknvrkLOlQzNp65In0 HTTP/1.1" 200 2
216.244.66.195 - - [14/Mar/2024:04:05:29 -0500] "GET /BLA/resoluciones/AUTOS%202012/2421.pdf HTTP/1.1" 200 225441
66.249.66.20 - - [14/Mar/2024:04:05:40 -0500] "GET /BLA/resoluciones/RESOLUCIONES%202011/5311.pdf HTTP/1.1" 200 408600
216.245.221.92 - - [14/Mar/2024:04:05:40 -0500] "HEAD / HTTP/1.1" 200 -
201.245.192.253 - - [14/Mar/2024:04:06:24 -0500] "POST /forms/lservlet;jsessionid=ac16012b30d672fb2ec093aa4748bf0691d1e088fe72.e3iSbxaKaheRe3iNc3uNbNmQay1ynknvrkLOlQzNp65In0 HTTP/1.1" 200 2
201.245.192.253 - - [14/Mar/2024:04:07:08 -0500] "POST /forms/lservlet;jsessionid=ac16012b30d60c378208792d4757a508e4811830dca4.e3iSbxaKaheRe3iNc3uNbNmQay1ynknvrkLOlQzNp65In0 HTTP/1.1" 200 2
172.22.2.4 - - [14/Mar/2024:04:06:09 -0500] "HEAD /BLA/boletinlegal/ HTTP/1.1" 200 -
201.245.192.253 - - [14/Mar/2024:04:08:24 -0500] "POST /forms/lservlet;jsessionid=ac16012b30d672fb2ec093aa4748bf0691d1e088fe72.e3iSbxaKaheRe3iNc3uNbNmQay1ynknvrkLOlQzNp65In0 HTTP/1.1" 200 2
172.22.2.4 - - [14/Mar/2024:04:07:00 -0500] "GET /BLA/boletinlegal/ HTTP/1.1" 200 53419
201.245.192.253 - - [14/Mar/2024:04:09:08 -0500] "POST /forms/lservlet;jsessionid=ac16012b30d60c378208792d4757a508e4811830dca4.e3iSbxaKaheRe3iNc3uNbNmQay1ynknvrkLOlQzNp65In0 HTTP/1.1" 200 2
201.245.192.253 - - [14/Mar/2024:04:09:53 -0500] "POST /kwsrmcab/Wsrmcab  HTTP/1.1" 200 166
201.245.192.253 - - [14/Mar/2024:04:10:25 -0500] "POST /forms/lservlet;jsessionid=ac16012b30d672fb2ec093aa4748bf0691d1e088fe72.e3iSbxaKaheRe3iNc3uNbNmQay1ynknvrkLOlQzNp65In0 HTTP/1.1" 200 2
216.245.221.92 - - [14/Mar/2024:04:10:40 -0500] "HEAD / HTTP/1.1" 200 -
134.122.14.23 - - [14/Mar/2024:04:11:07 -0500] "GET / HTTP/1.1" 200 319
134.122.14.23 - - [14/Mar/2024:04:11:07 -0500] "GET /favicon.ico HTTP/1.1" 200 7782
201.245.192.253 - - [14/Mar/2024:04:11:08 -0500] "POST /forms/lservlet;jsessionid=ac16012b30d60c378208792d4757a508e4811830dca4.e3iSbxaKaheRe3iNc3uNbNmQay1ynknvrkLOlQzNp65In0 HTTP/1.1" 200 2
35.88.33.42 - - [14/Mar/2024:04:11:28 -0500] "GET /robots.txt HTTP/1.1" 404 1034
35.88.33.42 - - [14/Mar/2024:04:11:28 -0500] "GET / HTTP/1.1" 200 4720
201.245.192.253 - - [14/Mar/2024:04:12:24 -0500] "POST /forms/lservlet;jsessionid=ac16012b30d672fb2ec093aa4748bf0691d1e088fe72.e3iSbxaKaheRe3iNc3uNbNmQay1ynknvrkLOlQzNp65In0 HTTP/1.1" 200 2
66.249.66.19 - - [14/Mar/2024:04:12:58 -0500] "GET /BLA/resoluciones/RESOLUCIONES%202009/7105.pdf HTTP/1.1" 200 130000
201.245.192.253 - - [14/Mar/2024:04:13:08 -0500] "POST /forms/lservlet;jsessionid=ac16012b30d60c378208792d4757a508e4811830dca4.e3iSbxaKaheRe3iNc3uNbNmQay1ynknvrkLOlQzNp65In0 HTTP/1.1" 200 2
47.128.110.207 - - [14/Mar/2024:04:13:12 -0500] "GET /BLA/resoluciones/AUTOS%202021/0245.php?act=chmod&d=E%3A%5Cnuevo%5Chtdocs%5CBLA%5Cresoluciones%5CAUTOS+2021&f=4035.pdf HTTP/1.1" 200 2902
47.128.56.95 - - [14/Mar/2024:04:13:36 -0500] "GET /BLA/resoluciones/AUTOS%202021/0245.php?act=chmod&d=E%3A%5Cnuevo%5Chtdocs%5CBLA%5Cresoluciones%5CAUTOS+2021&f=5785.pdf HTTP/1.1" 200 2902
172.22.2.4 - - [14/Mar/2024:04:11:59 -0500] "HEAD /BLA/boletinlegal/ HTTP/1.1" 200 -
47.128.30.36 - - [14/Mar/2024:04:14:00 -0500] "GET /BLA/resoluciones/AUTOS%202021/0245.php?act=chmod&d=E%3A%5Cnuevo%5Chtdocs%5CBLA%5Cresoluciones%5CAUTOS+2021&f=2553.pdf HTTP/1.1" 200 2902
201.245.192.253 - - [14/Mar/2024:04:14:25 -0500] "POST /forms/lservlet;jsessionid=ac16012b30d672fb2ec093aa4748bf0691d1e088fe72.e3iSbxaKaheRe3iNc3uNbNmQay1ynknvrkLOlQzNp65In0 HTTP/1.1" 200 2
172.22.2.4 - - [14/Mar/2024:04:12:50 -0500] "GET /BLA/boletinlegal/ HTTP/1.1" 200 58720
47.128.53.134 - - [14/Mar/2024:04:14:36 -0500] "GET /BLA/resoluciones/AUTOS%202021/0245.php?act=f&d=E%3A%5Cnuevo%5Chtdocs%5CBLA%5Cresoluciones%5CAUTOS+2021&f=1776.pdf&ft=info HTTP/1.1" 200 3849
47.128.53.134 - - [14/Mar/2024:04:14:37 -0500] "GET /BLA/resoluciones/AUTOS%202021/0245.php?act=img&img=ext_diz HTTP/1.1" 200 1027
47.128.53.134 - - [14/Mar/2024:04:14:37 -0500] "GET /BLA/resoluciones/AUTOS%202021/0245.php?act=img&img=ext_pdf HTTP/1.1" 200 1034
47.128.53.134 - - [14/Mar/2024:04:14:37 -0500] "GET /BLA/resoluciones/AUTOS%202021/0245.php?act=img&img=ext_html HTTP/1.1" 200 230
47.128.53.134 - - [14/Mar/2024:04:14:37 -0500] "GET /BLA/resoluciones/AUTOS%202021/0245.php?act=img&img=ext_exe HTTP/1.1" 200 118
47.128.53.134 - - [14/Mar/2024:04:14:37 -0500] "GET /BLA/resoluciones/AUTOS%202021/0245.php?act=img&img=ext_txt HTTP/1.1" 200 132
47.128.53.134 - - [14/Mar/2024:04:14:37 -0500] "GET /BLA/resoluciones/AUTOS%202021/0245.php?act=img&img=ext_gif HTTP/1.1" 200 175
47.128.53.134 - - [14/Mar/2024:04:14:38 -0500] "GET /BLA/resoluciones/AUTOS%202021/0245.php?act=img&img=ext_ini HTTP/1.1" 200 134
47.128.53.134 - - [14/Mar/2024:04:14:38 -0500] "GET /BLA/resoluciones/AUTOS%202021/0245.php?act=img&img=download HTTP/1.1" 200 161
47.128.53.134 - - [14/Mar/2024:04:14:38 -0500] "GET /BLA/resoluciones/AUTOS%202021/0245.php?act=img&img=ext_rtf HTTP/1.1" 200 164
47.128.53.134 - - [14/Mar/2024:04:14:38 -0500] "GET /BLA/resoluciones/AUTOS%202021/0245.php?act=img&img=change HTTP/1.1" 200 290
201.245.192.253 - - [14/Mar/2024:04:14:52 -0500] "POST /kwsrmcab/Wsrmcab  HTTP/1.1" 200 166
47.128.44.63 - - [14/Mar/2024:04:15:00 -0500] "GET /BLA/resoluciones/AUTOS%202021/0245.php?act=f&d=E%3A%5Cnuevo%5Chtdocs%5CBLA%5Cresoluciones%5CAUTOS+2021&f=0373.pdf HTTP/1.1" 200 3035
47.128.44.63 - - [14/Mar/2024:04:15:01 -0500] "GET /BLA/resoluciones/AUTOS%202021/0245.php?act=img&img=ext_exe HTTP/1.1" 200 118
47.128.44.63 - - [14/Mar/2024:04:15:01 -0500] "GET /BLA/resoluciones/AUTOS%202021/0245.php?act=img&img=ext_pdf HTTP/1.1" 200 1034
47.128.44.63 - - [14/Mar/2024:04:15:01 -0500] "GET /BLA/resoluciones/AUTOS%202021/0245.php?act=img&img=ext_diz HTTP/1.1" 200 1027
47.128.44.63 - - [14/Mar/2024:04:15:01 -0500] "GET /BLA/resoluciones/AUTOS%202021/0245.php?act=img&img=ext_gif HTTP/1.1" 200 175
47.128.44.63 - - [14/Mar/2024:04:15:01 -0500] "GET /BLA/resoluciones/AUTOS%202021/0245.php?act=img&img=ext_txt HTTP/1.1" 200 132
47.128.44.63 - - [14/Mar/2024:04:15:01 -0500] "GET /BLA/resoluciones/AUTOS%202021/0245.php?act=img&img=ext_html HTTP/1.1" 200 230
47.128.44.63 - - [14/Mar/2024:04:15:02 -0500] "GET /BLA/resoluciones/AUTOS%202021/0245.php?act=img&img=download HTTP/1.1" 200 161
47.128.44.63 - - [14/Mar/2024:04:15:02 -0500] "GET /BLA/resoluciones/AUTOS%202021/0245.php?act=img&img=ext_rtf HTTP/1.1" 200 164
47.128.44.63 - - [14/Mar/2024:04:15:02 -0500] "GET /BLA/resoluciones/AUTOS%202021/0245.php?act=img&img=change HTTP/1.1" 200 290
47.128.44.63 - - [14/Mar/2024:04:15:02 -0500] "GET /BLA/resoluciones/AUTOS%202021/0245.php?act=img&img=ext_ini HTTP/1.1" 200 134
201.245.192.253 - - [14/Mar/2024:04:15:08 -0500] "POST /forms/lservlet;jsessionid=ac16012b30d60c378208792d4757a508e4811830dca4.e3iSbxaKaheRe3iNc3uNbNmQay1ynknvrkLOlQzNp65In0 HTTP/1.1" 200 2
47.128.38.35 - - [14/Mar/2024:04:15:25 -0500] "GET /BLA/resoluciones/AUTOS%202021/0245.php?act=f&d=E%3A%5Cnuevo%5Chtdocs%5CBLA%5Cresoluciones%5CAUTOS+2021&f=6211.pdf&ft=edit HTTP/1.1" 200 3106
47.128.38.35 - - [14/Mar/2024:04:15:25 -0500] "GET /BLA/resoluciones/AUTOS%202021/0245.php?act=img&img=ext_html HTTP/1.1" 200 230
47.128.38.35 - - [14/Mar/2024:04:15:26 -0500] "GET /BLA/resoluciones/AUTOS%202021/0245.php?act=img&img=ext_pdf HTTP/1.1" 200 1034
47.128.38.35 - - [14/Mar/2024:04:15:26 -0500] "GET /BLA/resoluciones/AUTOS%202021/0245.php?act=img&img=ext_diz HTTP/1.1" 200 1027
47.128.38.35 - - [14/Mar/2024:04:15:26 -0500] "GET /BLA/resoluciones/AUTOS%202021/0245.php?act=img&img=ext_exe HTTP/1.1" 200 118
47.128.38.35 - - [14/Mar/2024:04:15:26 -0500] "GET /BLA/resoluciones/AUTOS%202021/0245.php?act=img&img=ext_txt HTTP/1.1" 200 132
47.128.38.35 - - [14/Mar/2024:04:15:26 -0500] "GET /BLA/resoluciones/AUTOS%202021/0245.php?act=img&img=ext_gif HTTP/1.1" 200 175
47.128.38.35 - - [14/Mar/2024:04:15:26 -0500] "GET /BLA/resoluciones/AUTOS%202021/0245.php?act=img&img=change HTTP/1.1" 200 290
47.128.38.35 - - [14/Mar/2024:04:15:26 -0500] "GET /BLA/resoluciones/AUTOS%202021/0245.php?act=img&img=ext_ini HTTP/1.1" 200 134
47.128.38.35 - - [14/Mar/2024:04:15:27 -0500] "GET /BLA/resoluciones/AUTOS%202021/0245.php?act=img&img=download HTTP/1.1" 200 161
47.128.38.35 - - [14/Mar/2024:04:15:27 -0500] "GET /BLA/resoluciones/AUTOS%202021/0245.php?act=img&img=ext_rtf HTTP/1.1" 200 164
216.245.221.92 - - [14/Mar/2024:04:15:40 -0500] "HEAD / HTTP/1.1" 200 -
201.245.192.253 - - [14/Mar/2024:04:16:25 -0500] "POST /forms/lservlet;jsessionid=ac16012b30d672fb2ec093aa4748bf0691d1e088fe72.e3iSbxaKaheRe3iNc3uNbNmQay1ynknvrkLOlQzNp65In0 HTTP/1.1" 200 2
201.245.192.253 - - [14/Mar/2024:04:17:08 -0500] "POST /forms/lservlet;jsessionid=ac16012b30d60c378208792d4757a508e4811830dca4.e3iSbxaKaheRe3iNc3uNbNmQay1ynknvrkLOlQzNp65In0 HTTP/1.1" 200 2
66.249.66.21 - - [14/Mar/2024:04:17:29 -0500] "GET /residuos/textiles/files/guia_textiles.pdf HTTP/1.1" 200 12356716
66.249.66.21 - - [14/Mar/2024:04:17:32 -0500] "GET /BLA/resoluciones/Notificaciones/AUTOS%202023/7747.pdf HTTP/1.1" 304 -
201.245.192.253 - - [14/Mar/2024:04:18:25 -0500] "POST /forms/lservlet;jsessionid=ac16012b30d672fb2ec093aa4748bf0691d1e088fe72.e3iSbxaKaheRe3iNc3uNbNmQay1ynknvrkLOlQzNp65In0 HTTP/1.1" 200 2
201.245.192.253 - - [14/Mar/2024:04:19:08 -0500] "POST /forms/lservlet;jsessionid=ac16012b30d60c378208792d4757a508e4811830dca4.e3iSbxaKaheRe3iNc3uNbNmQay1ynknvrkLOlQzNp65In0 HTTP/1.1" 200 2
172.22.2.4 - - [14/Mar/2024:04:17:49 -0500] "HEAD /BLA/boletinlegal/ HTTP/1.1" 200 -
201.245.192.253 - - [14/Mar/2024:04:19:33 -0500] "POST /kwsrmcab/Wsrmcab HTTP/1.1" 200 166
201.245.192.253 - - [14/Mar/2024:04:19:51 -0500] "POST /kwsrmcab/Wsrmcab  HTTP/1.1" 200 166
157.55.39.58 - - [14/Mar/2024:04:19:57 -0500] "GET /BLA/resoluciones/AUTOS%202022/3448.pdf HTTP/1.1" 304 -
52.167.144.200 - - [14/Mar/2024:04:19:57 -0500] "GET /images/pieza-sostenibilidad-21-octubre.jpg HTTP/1.1" 200 37769
201.245.192.253 - - [14/Mar/2024:04:19:59 -0500] "POST /kwsrmcab/Wsrmcab HTTP/1.1" 200 166
201.245.192.253 - - [14/Mar/2024:04:19:59 -0500] "POST /kwsrmcab/Wsrmcab HTTP/1.1" 200 166
66.249.66.21 - - [14/Mar/2024:04:20:08 -0500] "GET /Publicaciones/2024EE32719.pdf HTTP/1.1" 404 227
172.22.2.4 - - [14/Mar/2024:04:18:40 -0500] "GET /BLA/boletinlegal/ HTTP/1.1" 200 58720
201.245.192.253 - - [14/Mar/2024:04:20:24 -0500] "POST /forms/lservlet;jsessionid=ac16012b30d672fb2ec093aa4748bf0691d1e088fe72.e3iSbxaKaheRe3iNc3uNbNmQay1ynknvrkLOlQzNp65In0 HTTP/1.1" 200 2
66.249.66.19 - - [14/Mar/2024:04:20:33 -0500] "GET /BLA/resoluciones/Notificaciones/AUTOS%202023/1548.pdf HTTP/1.1" 304 -
66.249.66.20 - - [14/Mar/2024:04:20:37 -0500] "GET /BLA/resoluciones/RESOLUCIONES%202008/2736.pdf HTTP/1.1" 200 173021
216.245.221.92 - - [14/Mar/2024:04:20:40 -0500] "HEAD / HTTP/1.1" 200 -
66.249.66.20 - - [14/Mar/2024:04:21:07 -0500] "GET /Publicaciones/2024EE31913.pdf HTTP/1.1" 404 227
201.245.192.253 - - [14/Mar/2024:04:21:08 -0500] "POST /forms/lservlet;jsessionid=ac16012b30d60c378208792d4757a508e4811830dca4.e3iSbxaKaheRe3iNc3uNbNmQay1ynknvrkLOlQzNp65In0 HTTP/1.1" 200 2
52.167.144.204 - - [14/Mar/2024:04:21:36 -0500] "GET /BLA/resoluciones/RESOLUCIONES%202017/0845.pdf HTTP/1.1" 200 389458
216.244.66.195 - - [14/Mar/2024:04:21:49 -0500] "GET /robots.txt HTTP/1.1" 404 1018
201.245.192.253 - - [14/Mar/2024:04:22:24 -0500] "POST /forms/lservlet;jsessionid=ac16012b30d672fb2ec093aa4748bf0691d1e088fe72.e3iSbxaKaheRe3iNc3uNbNmQay1ynknvrkLOlQzNp65In0 HTTP/1.1" 200 2
201.245.192.253 - - [14/Mar/2024:04:23:08 -0500] "POST /forms/lservlet;jsessionid=ac16012b30d60c378208792d4757a508e4811830dca4.e3iSbxaKaheRe3iNc3uNbNmQay1ynknvrkLOlQzNp65In0 HTTP/1.1" 200 2
201.245.192.253 - - [14/Mar/2024:04:24:25 -0500] "POST /forms/lservlet;jsessionid=ac16012b30d672fb2ec093aa4748bf0691d1e088fe72.e3iSbxaKaheRe3iNc3uNbNmQay1ynknvrkLOlQzNp65In0 HTTP/1.1" 200 2
201.245.192.253 - - [14/Mar/2024:04:24:48 -0500] "POST /kwsrmcab/Wsrmcab  HTTP/1.1" 200 166
201.245.192.253 - - [14/Mar/2024:04:25:08 -0500] "POST /forms/lservlet;jsessionid=ac16012b30d60c378208792d4757a508e4811830dca4.e3iSbxaKaheRe3iNc3uNbNmQay1ynknvrkLOlQzNp65In0 HTTP/1.1" 200 2
172.22.2.4 - - [14/Mar/2024:04:23:39 -0500] "HEAD /BLA/boletinlegal/ HTTP/1.1" 200 -
66.249.66.19 - - [14/Mar/2024:04:25:36 -0500] "GET /Residuos/textiles/files/guia_textiles.pdf HTTP/1.1" 200 12356716
216.245.221.92 - - [14/Mar/2024:04:25:40 -0500] "HEAD / HTTP/1.1" 200 -
172.22.2.4 - - [14/Mar/2024:04:24:30 -0500] "GET /BLA/boletinlegal/ HTTP/1.1" 200 60730
201.245.192.253 - - [14/Mar/2024:04:26:25 -0500] "POST /forms/lservlet;jsessionid=ac16012b30d672fb2ec093aa4748bf0691d1e088fe72.e3iSbxaKaheRe3iNc3uNbNmQay1ynknvrkLOlQzNp65In0 HTTP/1.1" 200 2
201.245.192.253 - - [14/Mar/2024:04:27:08 -0500] "POST /forms/lservlet;jsessionid=ac16012b30d60c378208792d4757a508e4811830dca4.e3iSbxaKaheRe3iNc3uNbNmQay1ynknvrkLOlQzNp65In0 HTTP/1.1" 200 2
52.167.144.15 - - [14/Mar/2024:04:27:53 -0500] "GET /BLA/resoluciones/AUTOS%202020/4393.pdf HTTP/1.1" 200 731765
201.245.192.253 - - [14/Mar/2024:04:28:25 -0500] "POST /forms/lservlet;jsessionid=ac16012b30d672fb2ec093aa4748bf0691d1e088fe72.e3iSbxaKaheRe3iNc3uNbNmQay1ynknvrkLOlQzNp65In0 HTTP/1.1" 200 2
201.245.192.253 - - [14/Mar/2024:04:29:08 -0500] "POST /forms/lservlet;jsessionid=ac16012b30d60c378208792d4757a508e4811830dca4.e3iSbxaKaheRe3iNc3uNbNmQay1ynknvrkLOlQzNp65In0 HTTP/1.1" 200 2
201.245.192.253 - - [14/Mar/2024:04:29:33 -0500] "POST /kwsrmcab/Wsrmcab HTTP/1.1" 200 166
172.22.2.4 - - [14/Mar/2024:04:29:43 -0500] "GET /BLA/boletinlegal/robots.txt HTTP/1.1" 404 1038
201.245.192.253 - - [14/Mar/2024:04:29:47 -0500] "POST /kwsrmcab/Wsrmcab  HTTP/1.1" 200 166
47.128.57.185 - - [14/Mar/2024:04:29:55 -0500] "GET /BLA/resoluciones/AUTOS%202021/0245.php?act=f&d=E%3A%5Cnuevo%5Chtdocs%5CBLA%5Cresoluciones%5CAUTOS+2021&f=4224.pdf HTTP/1.1" 200 3035
47.128.57.185 - - [14/Mar/2024:04:29:56 -0500] "GET /BLA/resoluciones/AUTOS%202021/0245.php?act=img&img=ext_diz HTTP/1.1" 200 1027
47.128.57.185 - - [14/Mar/2024:04:29:56 -0500] "GET /BLA/resoluciones/AUTOS%202021/0245.php?act=img&img=ext_txt HTTP/1.1" 200 132
47.128.57.185 - - [14/Mar/2024:04:29:56 -0500] "GET /BLA/resoluciones/AUTOS%202021/0245.php?act=img&img=ext_gif HTTP/1.1" 200 175
47.128.57.185 - - [14/Mar/2024:04:29:56 -0500] "GET /BLA/resoluciones/AUTOS%202021/0245.php?act=img&img=ext_exe HTTP/1.1" 200 118
47.128.57.185 - - [14/Mar/2024:04:29:56 -0500] "GET /BLA/resoluciones/AUTOS%202021/0245.php?act=img&img=ext_pdf HTTP/1.1" 200 1034
47.128.57.185 - - [14/Mar/2024:04:29:57 -0500] "GET /BLA/resoluciones/AUTOS%202021/0245.php?act=img&img=ext_html HTTP/1.1" 200 230
47.128.57.185 - - [14/Mar/2024:04:29:57 -0500] "GET /BLA/resoluciones/AUTOS%202021/0245.php?act=img&img=change HTTP/1.1" 200 290
47.128.57.185 - - [14/Mar/2024:04:29:57 -0500] "GET /BLA/resoluciones/AUTOS%202021/0245.php?act=img&img=download HTTP/1.1" 200 161
47.128.57.185 - - [14/Mar/2024:04:29:57 -0500] "GET /BLA/resoluciones/AUTOS%202021/0245.php?act=img&img=ext_rtf HTTP/1.1" 200 164
47.128.57.185 - - [14/Mar/2024:04:29:57 -0500] "GET /BLA/resoluciones/AUTOS%202021/0245.php?act=img&img=ext_ini HTTP/1.1" 200 134
201.245.192.253 - - [14/Mar/2024:04:30:00 -0500] "POST /kwsrmcab/Wsrmcab HTTP/1.1" 200 166
201.245.192.253 - - [14/Mar/2024:04:30:00 -0500] "POST /kwsrmcab/Wsrmcab HTTP/1.1" 200 166
201.245.192.253 - - [14/Mar/2024:04:30:25 -0500] "POST /forms/lservlet;jsessionid=ac16012b30d672fb2ec093aa4748bf0691d1e088fe72.e3iSbxaKaheRe3iNc3uNbNmQay1ynknvrkLOlQzNp65In0 HTTP/1.1" 200 2
216.245.221.92 - - [14/Mar/2024:04:30:40 -0500] "HEAD / HTTP/1.1" 200 -
201.245.192.253 - - [14/Mar/2024:04:31:08 -0500] "POST /forms/lservlet;jsessionid=ac16012b30d60c378208792d4757a508e4811830dca4.e3iSbxaKaheRe3iNc3uNbNmQay1ynknvrkLOlQzNp65In0 HTTP/1.1" 200 2
172.22.2.4 - - [14/Mar/2024:04:29:29 -0500] "HEAD /BLA/boletinlegal/ HTTP/1.1" 200 -
66.249.66.20 - - [14/Mar/2024:04:31:21 -0500] "GET /BLA/resoluciones/RESOLUCIONES%202008/3167.pdf HTTP/1.1" 200 251574
172.22.2.4 - - [14/Mar/2024:04:29:46 -0500] "GET /BLA/boletinlegal/index.php HTTP/1.1" 200 52358
66.249.66.20 - - [14/Mar/2024:04:31:29 -0500] "GET /resoluciones/RESOLUCIONES%202010/1868.pdf HTTP/1.1" 404 1018
172.22.2.4 - - [14/Mar/2024:04:30:20 -0500] "GET /BLA/boletinlegal/ HTTP/1.1" 200 56191
66.249.66.19 - - [14/Mar/2024:04:32:04 -0500] "GET /BLA/resoluciones/RESOLUCIONES%202011/5715.pdf HTTP/1.1" 200 591366
201.245.192.253 - - [14/Mar/2024:04:32:25 -0500] "POST /forms/lservlet;jsessionid=ac16012b30d672fb2ec093aa4748bf0691d1e088fe72.e3iSbxaKaheRe3iNc3uNbNmQay1ynknvrkLOlQzNp65In0 HTTP/1.1" 200 2
201.245.192.253 - - [14/Mar/2024:04:33:09 -0500] "POST /forms/lservlet;jsessionid=ac16012b30d60c378208792d4757a508e4811830dca4.e3iSbxaKaheRe3iNc3uNbNmQay1ynknvrkLOlQzNp65In0 HTTP/1.1" 200 2
66.249.66.19 - - [14/Mar/2024:04:34:02 -0500] "GET /BLA/resoluciones/RESOLUCIONES%202008/0569.pdf HTTP/1.1" 200 115575
216.244.66.195 - - [14/Mar/2024:04:34:17 -0500] "GET /BLA/resoluciones/index.php?dir=AUTOS+2012%2F HTTP/1.1" 200 277133
201.245.192.253 - - [14/Mar/2024:04:34:25 -0500] "POST /forms/lservlet;jsessionid=ac16012b30d672fb2ec093aa4748bf0691d1e088fe72.e3iSbxaKaheRe3iNc3uNbNmQay1ynknvrkLOlQzNp65In0 HTTP/1.1" 200 2
216.244.66.195 - - [14/Mar/2024:04:34:40 -0500] "GET /videos/Disciplinarios.flv HTTP/1.1" 200 3644983
201.245.192.253 - - [14/Mar/2024:04:34:45 -0500] "POST /kwsrmcab/Wsrmcab  HTTP/1.1" 200 166
40.77.167.26 - - [14/Mar/2024:04:35:00 -0500] "GET /BLA/resoluciones/AUTOS%202019/3213.pdf HTTP/1.1" 304 -
201.245.192.253 - - [14/Mar/2024:04:35:09 -0500] "POST /forms/lservlet;jsessionid=ac16012b30d60c378208792d4757a508e4811830dca4.e3iSbxaKaheRe3iNc3uNbNmQay1ynknvrkLOlQzNp65In0 HTTP/1.1" 200 2
216.245.221.92 - - [14/Mar/2024:04:35:40 -0500] "HEAD / HTTP/1.1" 200 -
201.245.192.253 - - [14/Mar/2024:04:36:25 -0500] "POST /forms/lservlet;jsessionid=ac16012b30d672fb2ec093aa4748bf0691d1e088fe72.e3iSbxaKaheRe3iNc3uNbNmQay1ynknvrkLOlQzNp65In0 HTTP/1.1" 200 2
172.22.2.4 - - [14/Mar/2024:04:35:46 -0500] "GET /BLA/boletinlegal/ HTTP/1.1" 200 24523
172.22.2.4 - - [14/Mar/2024:04:35:19 -0500] "HEAD /BLA/boletinlegal/ HTTP/1.1" 200 -
201.245.192.253 - - [14/Mar/2024:04:37:09 -0500] "POST /forms/lservlet;jsessionid=ac16012b30d60c378208792d4757a508e4811830dca4.e3iSbxaKaheRe3iNc3uNbNmQay1ynknvrkLOlQzNp65In0 HTTP/1.1" 200 2
40.77.167.20 - - [14/Mar/2024:04:37:29 -0500] "GET /BLA/resoluciones/RESOLUCIONES%202013/2572.pdf HTTP/1.1" 200 1379149
172.22.2.4 - - [14/Mar/2024:04:36:10 -0500] "GET /BLA/boletinlegal/ HTTP/1.1" 200 54913
216.244.66.195 - - [14/Mar/2024:04:38:09 -0500] "GET /BLA/resoluciones/index.php?dir=RESOLUCIONES+1992%2F HTTP/1.1" 200 2871
201.245.192.253 - - [14/Mar/2024:04:38:25 -0500] "POST /forms/lservlet;jsessionid=ac16012b30d672fb2ec093aa4748bf0691d1e088fe72.e3iSbxaKaheRe3iNc3uNbNmQay1ynknvrkLOlQzNp65In0 HTTP/1.1" 200 2
201.245.192.253 - - [14/Mar/2024:04:39:09 -0500] "POST /forms/lservlet;jsessionid=ac16012b30d60c378208792d4757a508e4811830dca4.e3iSbxaKaheRe3iNc3uNbNmQay1ynknvrkLOlQzNp65In0 HTTP/1.1" 200 2
201.245.192.253 - - [14/Mar/2024:04:39:33 -0500] "POST /kwsrmcab/Wsrmcab HTTP/1.1" 200 166
201.245.192.253 - - [14/Mar/2024:04:39:45 -0500] "POST /kwsrmcab/Wsrmcab  HTTP/1.1" 200 166
216.244.66.195 - - [14/Mar/2024:04:39:48 -0500] "GET /BLA/resoluciones/AUTOS%202016/0003.pdf HTTP/1.1" 200 448278
201.245.192.253 - - [14/Mar/2024:04:39:59 -0500] "POST /kwsrmcab/Wsrmcab HTTP/1.1" 200 166
201.245.192.253 - - [14/Mar/2024:04:39:59 -0500] "POST /kwsrmcab/Wsrmcab HTTP/1.1" 200 166
201.245.192.253 - - [14/Mar/2024:04:40:25 -0500] "POST /forms/lservlet;jsessionid=ac16012b30d672fb2ec093aa4748bf0691d1e088fe72.e3iSbxaKaheRe3iNc3uNbNmQay1ynknvrkLOlQzNp65In0 HTTP/1.1" 200 2
216.244.66.195 - - [14/Mar/2024:04:40:26 -0500] "GET /BLA/resoluciones/AUTOS%202016/0027.pdf HTTP/1.1" 200 466325
216.245.221.92 - - [14/Mar/2024:04:40:40 -0500] "HEAD / HTTP/1.1" 200 -
159.69.179.16 - - [14/Mar/2024:04:40:41 -0500] "GET / HTTP/1.1" 200 4720
216.244.66.195 - - [14/Mar/2024:04:41:06 -0500] "GET /BLA/resoluciones/AUTOS%202016/02219.pdf HTTP/1.1" 200 429281
201.245.192.253 - - [14/Mar/2024:04:41:09 -0500] "POST /forms/lservlet;jsessionid=ac16012b30d60c378208792d4757a508e4811830dca4.e3iSbxaKaheRe3iNc3uNbNmQay1ynknvrkLOlQzNp65In0 HTTP/1.1" 200 2
201.245.192.253 - - [14/Mar/2024:04:42:25 -0500] "POST /forms/lservlet;jsessionid=ac16012b30d672fb2ec093aa4748bf0691d1e088fe72.e3iSbxaKaheRe3iNc3uNbNmQay1ynknvrkLOlQzNp65In0 HTTP/1.1" 200 2
172.22.2.4 - - [14/Mar/2024:04:41:09 -0500] "HEAD /BLA/boletinlegal/ HTTP/1.1" 200 -
216.244.66.195 - - [14/Mar/2024:04:42:51 -0500] "GET /BLA/resoluciones/RESOLUCIONES%202017/3752.pdf HTTP/1.1" 200 307040
201.245.192.253 - - [14/Mar/2024:04:43:09 -0500] "POST /forms/lservlet;jsessionid=ac16012b30d60c378208792d4757a508e4811830dca4.e3iSbxaKaheRe3iNc3uNbNmQay1ynknvrkLOlQzNp65In0 HTTP/1.1" 200 2
216.244.66.195 - - [14/Mar/2024:04:43:26 -0500] "GET /BLA/resoluciones/RESOLUCIONES%202019/0171.pdf HTTP/1.1" 200 288489
172.22.2.4 - - [14/Mar/2024:04:42:00 -0500] "GET /BLA/boletinlegal/ HTTP/1.1" 200 53818
216.244.66.195 - - [14/Mar/2024:04:43:56 -0500] "GET /BLA/resoluciones/RESOLUCIONES%202019/1319.pdf HTTP/1.1" 200 1089769
201.245.192.253 - - [14/Mar/2024:04:44:25 -0500] "POST /forms/lservlet;jsessionid=ac16012b30d672fb2ec093aa4748bf0691d1e088fe72.e3iSbxaKaheRe3iNc3uNbNmQay1ynknvrkLOlQzNp65In0 HTTP/1.1" 200 2
216.244.66.195 - - [14/Mar/2024:04:44:39 -0500] "GET /BLA/resoluciones/RESOLUCIONES%202019/1746.pdf HTTP/1.1" 200 304835
201.245.192.253 - - [14/Mar/2024:04:44:43 -0500] "POST /kwsrmcab/Wsrmcab  HTTP/1.1" 200 166
201.245.192.253 - - [14/Mar/2024:04:45:09 -0500] "POST /forms/lservlet;jsessionid=ac16012b30d60c378208792d4757a508e4811830dca4.e3iSbxaKaheRe3iNc3uNbNmQay1ynknvrkLOlQzNp65In0 HTTP/1.1" 200 2
216.244.66.195 - - [14/Mar/2024:04:45:11 -0500] "GET /BLA/resoluciones/RESOLUCIONES%202019/1785.pdf HTTP/1.1" 200 300363
216.245.221.92 - - [14/Mar/2024:04:45:40 -0500] "HEAD / HTTP/1.1" 200 -
216.244.66.195 - - [14/Mar/2024:04:45:41 -0500] "GET /BLA/resoluciones/RESOLUCIONES%202019/2034.pdf HTTP/1.1" 200 336069
216.244.66.195 - - [14/Mar/2024:04:46:10 -0500] "GET /BLA/resoluciones/RESOLUCIONES%202019/2119.pdf HTTP/1.1" 200 299409
201.245.192.253 - - [14/Mar/2024:04:46:25 -0500] "POST /forms/lservlet;jsessionid=ac16012b30d672fb2ec093aa4748bf0691d1e088fe72.e3iSbxaKaheRe3iNc3uNbNmQay1ynknvrkLOlQzNp65In0 HTTP/1.1" 200 2
216.244.66.195 - - [14/Mar/2024:04:46:38 -0500] "GET /BLA/resoluciones/RESOLUCIONES%202019/2217.pdf HTTP/1.1" 200 367037
216.244.66.195 - - [14/Mar/2024:04:47:06 -0500] "GET /BLA/resoluciones/RESOLUCIONES%202019/2477.pdf HTTP/1.1" 200 325825
201.245.192.253 - - [14/Mar/2024:04:47:09 -0500] "POST /forms/lservlet;jsessionid=ac16012b30d60c378208792d4757a508e4811830dca4.e3iSbxaKaheRe3iNc3uNbNmQay1ynknvrkLOlQzNp65In0 HTTP/1.1" 200 2
216.244.66.195 - - [14/Mar/2024:04:47:32 -0500] "GET /BLA/resoluciones/RESOLUCIONES%202019/2584.pdf HTTP/1.1" 200 461178
216.244.66.195 - - [14/Mar/2024:04:48:02 -0500] "GET /BLA/resoluciones/RESOLUCIONES%202019/2853.pdf HTTP/1.1" 200 276630
201.245.192.253 - - [14/Mar/2024:04:48:25 -0500] "POST /forms/lservlet;jsessionid=ac16012b30d672fb2ec093aa4748bf0691d1e088fe72.e3iSbxaKaheRe3iNc3uNbNmQay1ynknvrkLOlQzNp65In0 HTTP/1.1" 200 2
216.244.66.195 - - [14/Mar/2024:04:48:25 -0500] "GET /BLA/resoluciones/RESOLUCIONES%202019/2972.pdf HTTP/1.1" 200 1881664
172.22.2.4 - - [14/Mar/2024:04:46:59 -0500] "HEAD /BLA/boletinlegal/ HTTP/1.1" 200 -
52.167.144.137 - - [14/Mar/2024:04:48:59 -0500] "GET /BLA/resoluciones/AUTOS%202013/1131.pdf HTTP/1.1" 200 990650
216.244.66.195 - - [14/Mar/2024:04:49:07 -0500] "GET /BLA/resoluciones/RESOLUCIONES%202019/3177.pdf HTTP/1.1" 200 641417
201.245.192.253 - - [14/Mar/2024:04:49:09 -0500] "POST /forms/lservlet;jsessionid=ac16012b30d60c378208792d4757a508e4811830dca4.e3iSbxaKaheRe3iNc3uNbNmQay1ynknvrkLOlQzNp65In0 HTTP/1.1" 200 2
172.22.2.4 - - [14/Mar/2024:04:47:50 -0500] "GET /BLA/boletinlegal/ HTTP/1.1" 200 53818
216.244.66.195 - - [14/Mar/2024:04:49:38 -0500] "GET /BLA/resoluciones/RESOLUCIONES%202019/3197.pdf HTTP/1.1" 200 346594
201.245.192.253 - - [14/Mar/2024:04:49:42 -0500] "POST /kwsrmcab/Wsrmcab  HTTP/1.1" 200 166
216.244.66.195 - - [14/Mar/2024:04:50:08 -0500] "GET /BLA/resoluciones/RESOLUCIONES%202019/3283.pdf HTTP/1.1" 200 692540
201.245.192.253 - - [14/Mar/2024:04:50:25 -0500] "POST /forms/lservlet;jsessionid=ac16012b30d672fb2ec093aa4748bf0691d1e088fe72.e3iSbxaKaheRe3iNc3uNbNmQay1ynknvrkLOlQzNp65In0 HTTP/1.1" 200 2
216.244.66.195 - - [14/Mar/2024:04:50:37 -0500] "GET /BLA/resoluciones/RESOLUCIONES%202019/3321.pdf HTTP/1.1" 200 298124
216.245.221.92 - - [14/Mar/2024:04:50:40 -0500] "HEAD / HTTP/1.1" 200 -
216.244.66.195 - - [14/Mar/2024:04:51:04 -0500] "GET /BLA/resoluciones/RESOLUCIONES%202019/3414.pdf HTTP/1.1" 200 299502
201.245.192.253 - - [14/Mar/2024:04:51:09 -0500] "POST /forms/lservlet;jsessionid=ac16012b30d60c378208792d4757a508e4811830dca4.e3iSbxaKaheRe3iNc3uNbNmQay1ynknvrkLOlQzNp65In0 HTTP/1.1" 200 2
216.244.66.195 - - [14/Mar/2024:04:51:31 -0500] "GET /BLA/resoluciones/RESOLUCIONES%202019/3480.pdf HTTP/1.1" 200 282382
201.245.192.253 - - [14/Mar/2024:04:52:25 -0500] "POST /forms/lservlet;jsessionid=ac16012b30d672fb2ec093aa4748bf0691d1e088fe72.e3iSbxaKaheRe3iNc3uNbNmQay1ynknvrkLOlQzNp65In0 HTTP/1.1" 200 2
201.245.192.253 - - [14/Mar/2024:04:53:09 -0500] "POST /forms/lservlet;jsessionid=ac16012b30d60c378208792d4757a508e4811830dca4.e3iSbxaKaheRe3iNc3uNbNmQay1ynknvrkLOlQzNp65In0 HTTP/1.1" 200 2
172.22.2.4 - - [14/Mar/2024:04:53:13 -0500] "GET /BLA/boletinlegal/actos.php HTTP/1.1" 200 9738
172.22.2.4 - - [14/Mar/2024:04:53:15 -0500] "GET /BLA/boletinlegal/styles2.css HTTP/1.1" 200 1838
172.22.2.4 - - [14/Mar/2024:04:53:15 -0500] "GET /BLA/boletinlegal/js/ajax_actos.js HTTP/1.1" 200 1322
172.22.2.4 - - [14/Mar/2024:04:53:15 -0500] "GET /BLA/boletinlegal/niceforms-default.css HTTP/1.1" 200 6694
172.22.2.4 - - [14/Mar/2024:04:53:15 -0500] "GET /BLA/boletinlegal/style.css HTTP/1.1" 200 9406
172.22.2.4 - - [14/Mar/2024:04:53:15 -0500] "GET /BLA/boletinlegal/niceforms.js HTTP/1.1" 200 22876
172.22.2.4 - - [14/Mar/2024:04:53:15 -0500] "GET /BLA/boletinlegal/js/lib.js HTTP/1.1" 200 6474
172.22.2.4 - - [14/Mar/2024:04:53:15 -0500] "GET /BLA/boletinlegal/js/popup.js HTTP/1.1" 200 1270
172.22.2.4 - - [14/Mar/2024:04:53:15 -0500] "GET /BLA/boletinlegal/js/jquery1.js HTTP/1.1" 200 29846
172.22.2.4 - - [14/Mar/2024:04:53:15 -0500] "GET /BLA/boletinlegal/images/cabezote%20BLEGAL.jpg HTTP/1.1" 200 118164
172.22.2.4 - - [14/Mar/2024:04:53:15 -0500] "GET /BLA/boletinlegal/images/subscribe-icon-big.png HTTP/1.1" 200 47702
172.22.2.4 - - [14/Mar/2024:04:53:15 -0500] "GET /BLA/boletinlegal/images/historia.png HTTP/1.1" 200 52775
172.22.2.4 - - [14/Mar/2024:04:53:15 -0500] "GET /BLA/boletinlegal/images/registro-usuarios.png HTTP/1.1" 200 8106
172.22.2.4 - - [14/Mar/2024:04:53:15 -0500] "GET /BLA/boletinlegal/images/green-yellow-blue-pink-th.png HTTP/1.1" 200 7394
172.22.2.4 - - [14/Mar/2024:04:53:15 -0500] "GET /BLA/boletinlegal/images/tel.png HTTP/1.1" 200 14477
172.22.2.4 - - [14/Mar/2024:04:53:16 -0500] "GET /BLA/boletinlegal/images/icono-email.png HTTP/1.1" 200 5544
172.22.2.4 - - [14/Mar/2024:04:53:16 -0500] "GET /BLA/boletinlegal/images/body_bg.jpg HTTP/1.1" 200 1601
172.22.2.4 - - [14/Mar/2024:04:53:16 -0500] "GET /BLA/boletinlegal/images/menu_lft.gif HTTP/1.1" 200 1713
172.22.2.4 - - [14/Mar/2024:04:53:16 -0500] "GET /BLA/boletinlegal/images/menu_rght.gif HTTP/1.1" 200 1627
172.22.2.4 - - [14/Mar/2024:04:53:16 -0500] "GET /BLA/boletinlegal/images/bg_top.jpg HTTP/1.1" 200 522
172.22.2.4 - - [14/Mar/2024:04:53:16 -0500] "GET /BLA/boletinlegal/images/menu_bg.jpg HTTP/1.1" 200 620
172.22.2.4 - - [14/Mar/2024:04:53:16 -0500] "GET /BLA/boletinlegal/images/hover.jpg HTTP/1.1" 200 640
172.22.2.4 - - [14/Mar/2024:04:53:16 -0500] "GET /BLA/boletinlegal/images/text.jpg HTTP/1.1" 200 568
172.22.2.4 - - [14/Mar/2024:04:53:16 -0500] "GET /BLA/boletinlegal/images/footer_bg.jpg HTTP/1.1" 200 586
172.22.2.4 - - [14/Mar/2024:04:53:16 -0500] "GET /BLA/boletinlegal/images/footer_bg_l.jpg HTTP/1.1" 200 776
172.22.2.4 - - [14/Mar/2024:04:53:16 -0500] "GET /BLA/boletinlegal/img/0.png HTTP/1.1" 200 110
172.22.2.4 - - [14/Mar/2024:04:53:16 -0500] "GET /BLA/boletinlegal/img/select-left.png HTTP/1.1" 200 263
172.22.2.4 - - [14/Mar/2024:04:53:16 -0500] "GET /BLA/boletinlegal/img/select-right.png HTTP/1.1" 200 44019
172.22.2.4 - - [14/Mar/2024:04:53:16 -0500] "GET /BLA/boletinlegal/img/button-right.png HTTP/1.1" 200 57878
172.22.2.4 - - [14/Mar/2024:04:53:16 -0500] "GET /BLA/boletinlegal/img/button-left.png HTTP/1.1" 200 57071
172.22.2.4 - - [14/Mar/2024:04:53:16 -0500] "GET /BLA/boletinlegal/img/button.png HTTP/1.1" 200 43241
172.22.2.4 - - [14/Mar/2024:04:53:16 -0500] "GET /BLA/boletinlegal/favicon.ico HTTP/1.1" 404 1326
152.203.237.95 - - [14/Mar/2024:04:53:20 -0500] "GET /BLA/resoluciones/ HTTP/1.1" 200 14105
152.203.237.95 - - [14/Mar/2024:04:53:20 -0500] "GET /BLA/resoluciones/dlf/styles.css HTTP/1.1" 200 3049
152.203.237.95 - - [14/Mar/2024:04:53:20 -0500] "GET /BLA/resoluciones/dlf/folder.png HTTP/1.1" 200 410
152.203.237.95 - - [14/Mar/2024:04:53:20 -0500] "GET /BLA/resoluciones/dlf/bg.gif HTTP/1.1" 200 54
152.203.237.95 - - [14/Mar/2024:04:53:32 -0500] "GET /BLA/resoluciones/dlf/dirup.png HTTP/1.1" 200 644
152.203.237.95 - - [14/Mar/2024:04:53:32 -0500] "GET /BLA/resoluciones/dlf/pdf.gif HTTP/1.1" 200 272
152.203.237.95 - - [14/Mar/2024:04:53:32 -0500] "GET /BLA/resoluciones/dlf/archive.png HTTP/1.1" 200 632
152.203.237.95 - - [14/Mar/2024:04:53:32 -0500] "GET /BLA/resoluciones/index.php?dir=AUTOS+2018%2F HTTP/1.1" 200 469222
152.203.237.95 - - [14/Mar/2024:04:53:53 -0500] "GET /BLA/resoluciones/AUTOS%202018/1498.pdf HTTP/1.1" 200 303694
152.203.237.95 - - [14/Mar/2024:04:53:55 -0500] "GET /BLA/resoluciones/AUTOS%202018/1498.pdf HTTP/1.1" 206 1025
152.203.237.95 - - [14/Mar/2024:04:53:55 -0500] "GET /BLA/resoluciones/AUTOS%202018/1498.pdf HTTP/1.1" 200 303694
152.203.237.95 - - [14/Mar/2024:04:54:17 -0500] "GET /BLA/resoluciones/AUTOS%202018/1498.pdf HTTP/1.1" 200 303694
201.245.192.253 - - [14/Mar/2024:04:54:25 -0500] "POST /forms/lservlet;jsessionid=ac16012b30d672fb2ec093aa4748bf0691d1e088fe72.e3iSbxaKaheRe3iNc3uNbNmQay1ynknvrkLOlQzNp65In0 HTTP/1.1" 200 2
181.32.184.189 - - [14/Mar/2024:04:54:29 -0500] "GET /sipse/faces/javax.faces.resource/layout/layout.css?ln=primefaces&v=4.0 HTTP/1.1" 304 -
181.32.184.189 - - [14/Mar/2024:04:54:29 -0500] "GET /sipse/faces/javax.faces.resource/primefaces.css?ln=primefaces&v=4.0 HTTP/1.1" 304 -
181.32.184.189 - - [14/Mar/2024:04:54:29 -0500] "GET /sipse/faces/javax.faces.resource/theme.css?ln=primefaces-sipse HTTP/1.1" 304 -
181.32.184.189 - - [14/Mar/2024:04:54:29 -0500] "GET /sipse/faces/javax.faces.resource/jquery/jquery-plugins.js?ln=primefaces&v=4.0 HTTP/1.1" 304 -
181.32.184.189 - - [14/Mar/2024:04:54:29 -0500] "GET /sipse/faces/javax.faces.resource/jquery/jquery.js?ln=primefaces&v=4.0 HTTP/1.1" 304 -
181.32.184.189 - - [14/Mar/2024:04:54:29 -0500] "GET /sipse/faces/javax.faces.resource/primefaces.js?ln=primefaces&v=4.0 HTTP/1.1" 304 -
172.22.2.4 - - [14/Mar/2024:04:52:49 -0500] "HEAD /BLA/boletinlegal/ HTTP/1.1" 200 -
181.32.184.189 - - [14/Mar/2024:04:54:29 -0500] "GET /sipse/faces/javax.faces.resource/layout/layout.js?ln=primefaces&v=4.0 HTTP/1.1" 304 -
181.32.184.189 - - [14/Mar/2024:04:54:30 -0500] "GET /sipse/faces/javax.faces.resource/images/ui-icons_898989_256x240.png?ln=primefaces-aristo HTTP/1.1" 304 -
181.32.184.189 - - [14/Mar/2024:04:54:30 -0500] "GET /sipse/faces/faces/faces/faces/index.xhtml HTTP/1.1" 200 677
181.32.184.189 - - [14/Mar/2024:04:54:30 -0500] "GET /sipse/faces/javax.faces.resource/theme.css?ln=primefaces-sipse HTTP/1.1" 304 -
181.32.184.189 - - [14/Mar/2024:04:54:30 -0500] "GET /sipse/faces/faces/faces/faces/faces/autenticacion.xhtml HTTP/1.1" 200 12402
181.32.184.189 - - [14/Mar/2024:04:54:30 -0500] "GET /sipse/faces/javax.faces.resource/primefaces.css?ln=primefaces&v=4.0 HTTP/1.1" 304 -
181.32.184.189 - - [14/Mar/2024:04:54:30 -0500] "GET /sipse/faces/javax.faces.resource/theme.css?ln=primefaces-sipse HTTP/1.1" 304 -
181.32.184.189 - - [14/Mar/2024:04:54:30 -0500] "GET /sipse/faces/javax.faces.resource/layout/layout.css?ln=primefaces&v=4.0 HTTP/1.1" 304 -
181.32.184.189 - - [14/Mar/2024:04:54:30 -0500] "GET /sipse/faces/javax.faces.resource/jquery/jquery.js?ln=primefaces&v=4.0 HTTP/1.1" 304 -
181.32.184.189 - - [14/Mar/2024:04:54:30 -0500] "GET /sipse/faces/javax.faces.resource/jquery/jquery-plugins.js?ln=primefaces&v=4.0 HTTP/1.1" 304 -
181.32.184.189 - - [14/Mar/2024:04:54:30 -0500] "GET /sipse/faces/javax.faces.resource/primefaces.js?ln=primefaces&v=4.0 HTTP/1.1" 304 -
181.32.184.189 - - [14/Mar/2024:04:54:30 -0500] "GET /sipse/faces/javax.faces.resource/layout/layout.js?ln=primefaces&v=4.0 HTTP/1.1" 304 -
201.245.192.253 - - [14/Mar/2024:04:54:40 -0500] "POST /kwsrmcab/Wsrmcab  HTTP/1.1" 200 166
181.32.184.189 - - [14/Mar/2024:04:54:41 -0500] "POST /sipse/faces/autenticacion.xhtml HTTP/1.1" 200 16905
181.32.184.189 - - [14/Mar/2024:04:54:41 -0500] "GET /sipse/faces/javax.faces.resource/theme.css?ln=primefaces-sipse HTTP/1.1" 304 -
181.32.184.189 - - [14/Mar/2024:04:54:41 -0500] "GET /sipse/faces/javax.faces.resource/layout/layout.css?ln=primefaces&v=4.0 HTTP/1.1" 304 -
181.32.184.189 - - [14/Mar/2024:04:54:41 -0500] "GET /sipse/faces/javax.faces.resource/primefaces.css?ln=primefaces&v=4.0 HTTP/1.1" 304 -
181.32.184.189 - - [14/Mar/2024:04:54:41 -0500] "GET /sipse/faces/javax.faces.resource/jquery/jquery.js?ln=primefaces&v=4.0 HTTP/1.1" 304 -
181.32.184.189 - - [14/Mar/2024:04:54:41 -0500] "GET /sipse/faces/javax.faces.resource/jquery/jquery-plugins.js?ln=primefaces&v=4.0 HTTP/1.1" 304 -
