181.32.221.59 - - [14/Mar/2024:06:28:19 -0500] "GET /sipse/faces/javax.faces.resource/theme.css?ln=primefaces-sipse HTTP/1.1" 304 -
181.32.221.59 - - [14/Mar/2024:06:28:19 -0500] "GET /sipse/faces/javax.faces.resource/layout/layout.css?ln=primefaces&v=4.0 HTTP/1.1" 304 -
181.32.221.59 - - [14/Mar/2024:06:28:19 -0500] "GET /sipse/faces/javax.faces.resource/primefaces.css?ln=primefaces&v=4.0 HTTP/1.1" 304 -
181.32.221.59 - - [14/Mar/2024:06:28:19 -0500] "GET /sipse/faces/javax.faces.resource/jquery/jquery.js?ln=primefaces&v=4.0 HTTP/1.1" 304 -
181.32.221.59 - - [14/Mar/2024:06:28:19 -0500] "GET /sipse/faces/javax.faces.resource/jquery/jquery-plugins.js?ln=primefaces&v=4.0 HTTP/1.1" 304 -
181.32.221.59 - - [14/Mar/2024:06:28:19 -0500] "GET /sipse/faces/javax.faces.resource/primefaces.js?ln=primefaces&v=4.0 HTTP/1.1" 304 -
181.32.221.59 - - [14/Mar/2024:06:28:19 -0500] "GET /sipse/faces/javax.faces.resource/layout/layout.js?ln=primefaces&v=4.0 HTTP/1.1" 304 -
181.32.221.59 - - [14/Mar/2024:06:28:19 -0500] "POST /sipse/faces/presentacion/financiero/solicitudProceso/listarSolicitudProceso.xhtml HTTP/1.1" 200 1392
201.245.192.253 - - [14/Mar/2024:06:28:25 -0500] "POST /forms/lservlet;jsessionid=ac16012b30d672fb2ec093aa4748bf0691d1e088fe72.e3iSbxaKaheRe3iNc3uNbNmQay1ynknvrkLOlQzNp65In0 HTTP/1.1" 200 2
181.32.221.59 - - [14/Mar/2024:06:28:30 -0500] "POST /sipse/faces/presentacion/financiero/solicitudProceso/listarSolicitudProceso.xhtml HTTP/1.1" 200 132856
181.32.221.59 - - [14/Mar/2024:06:28:31 -0500] "GET /sipse/faces/javax.faces.resource/theme.css?ln=primefaces-sipse HTTP/1.1" 304 -
181.32.221.59 - - [14/Mar/2024:06:28:31 -0500] "GET /sipse/faces/javax.faces.resource/layout/layout.css?ln=primefaces&v=4.0 HTTP/1.1" 304 -
181.32.221.59 - - [14/Mar/2024:06:28:31 -0500] "GET /sipse/faces/javax.faces.resource/primefaces.css?ln=primefaces&v=4.0 HTTP/1.1" 304 -
181.32.221.59 - - [14/Mar/2024:06:28:31 -0500] "GET /sipse/faces/javax.faces.resource/jquery/jquery.js?ln=primefaces&v=4.0 HTTP/1.1" 304 -
181.32.221.59 - - [14/Mar/2024:06:28:31 -0500] "GET /sipse/faces/javax.faces.resource/jquery/jquery-plugins.js?ln=primefaces&v=4.0 HTTP/1.1" 304 -
181.32.221.59 - - [14/Mar/2024:06:28:31 -0500] "GET /sipse/faces/javax.faces.resource/primefaces.js?ln=primefaces&v=4.0 HTTP/1.1" 304 -
181.32.221.59 - - [14/Mar/2024:06:28:32 -0500] "GET /sipse/faces/javax.faces.resource/layout/layout.js?ln=primefaces&v=4.0 HTTP/1.1" 304 -
172.22.2.4 - - [14/Mar/2024:06:27:00 -0500] "GET /BLA/boletinlegal/ HTTP/1.1" 200 53419
181.32.221.59 - - [14/Mar/2024:06:28:49 -0500] "POST /sipse/faces/presentacion/financiero/solicitudProceso/consultarSolicitudProceso.xhtml HTTP/1.1" 200 38147
181.32.221.59 - - [14/Mar/2024:06:28:50 -0500] "GET /sipse/faces/javax.faces.resource/theme.css?ln=primefaces-sipse HTTP/1.1" 304 -
181.32.221.59 - - [14/Mar/2024:06:28:50 -0500] "GET /sipse/faces/javax.faces.resource/primefaces.css?ln=primefaces&v=4.0 HTTP/1.1" 304 -
181.32.221.59 - - [14/Mar/2024:06:28:50 -0500] "GET /sipse/faces/javax.faces.resource/jquery/jquery.js?ln=primefaces&v=4.0 HTTP/1.1" 304 -
181.32.221.59 - - [14/Mar/2024:06:28:50 -0500] "GET /sipse/faces/javax.faces.resource/layout/layout.css?ln=primefaces&v=4.0 HTTP/1.1" 304 -
181.32.221.59 - - [14/Mar/2024:06:28:50 -0500] "GET /sipse/faces/javax.faces.resource/jquery/jquery-plugins.js?ln=primefaces&v=4.0 HTTP/1.1" 304 -
181.32.221.59 - - [14/Mar/2024:06:28:50 -0500] "GET /sipse/faces/javax.faces.resource/primefaces.js?ln=primefaces&v=4.0 HTTP/1.1" 304 -
181.32.221.59 - - [14/Mar/2024:06:28:50 -0500] "GET /sipse/faces/javax.faces.resource/layout/layout.js?ln=primefaces&v=4.0 HTTP/1.1" 304 -
181.32.221.59 - - [14/Mar/2024:06:28:50 -0500] "POST /sipse/faces/presentacion/financiero/solicitudProceso/listarSolicitudProceso.xhtml HTTP/1.1" 200 31399
181.32.221.59 - - [14/Mar/2024:06:28:50 -0500] "POST /sipse/faces/presentacion/financiero/solicitudProceso/listarSolicitudProceso.xhtml HTTP/1.1" 200 31399
181.32.221.59 - - [14/Mar/2024:06:28:50 -0500] "POST /sipse/faces/presentacion/financiero/solicitudProceso/listarSolicitudProceso.xhtml HTTP/1.1" 200 31399
181.32.221.59 - - [14/Mar/2024:06:28:51 -0500] "POST /sipse/faces/presentacion/financiero/solicitudProceso/listarSolicitudProceso.xhtml HTTP/1.1" 200 1392
181.32.221.59 - - [14/Mar/2024:06:28:52 -0500] "POST /sipse/faces/presentacion/financiero/solicitudProceso/listarSolicitudProceso.xhtml HTTP/1.1" 200 1388
181.32.221.59 - - [14/Mar/2024:06:28:54 -0500] "POST /sipse/faces/presentacion/financiero/solicitudProceso/listarSolicitudProceso.xhtml HTTP/1.1" 200 1400
181.32.221.59 - - [14/Mar/2024:06:28:55 -0500] "POST /sipse/faces/presentacion/financiero/solicitudProceso/listarSolicitudProceso.xhtml HTTP/1.1" 200 1388
201.245.192.253 - - [14/Mar/2024:06:29:09 -0500] "POST /forms/lservlet;jsessionid=ac16012b30d60c378208792d4757a508e4811830dca4.e3iSbxaKaheRe3iNc3uNbNmQay1ynknvrkLOlQzNp65In0 HTTP/1.1" 200 2
66.249.66.20 - - [14/Mar/2024:06:29:10 -0500] "GET /Publicaciones/2024EE04597.pdf HTTP/1.1" 404 227
66.249.66.19 - - [14/Mar/2024:06:29:11 -0500] "GET /Residuos/cosmeticos/files/guia_cosmeticos-aseo.pdf HTTP/1.1" 200 13926317
201.245.192.253 - - [14/Mar/2024:06:29:13 -0500] "POST /kwsrmcab/Wsrmcab  HTTP/1.1" 200 39632
181.32.221.59 - - [14/Mar/2024:06:29:21 -0500] "POST /sipse/faces/presentacion/financiero/solicitudProceso/listarSolicitudProceso.xhtml HTTP/1.1" 200 13762
181.32.221.59 - - [14/Mar/2024:06:29:24 -0500] "POST /sipse/faces/presentacion/financiero/solicitudProceso/listarSolicitudProceso.xhtml HTTP/1.1" 200 131987
181.32.221.59 - - [14/Mar/2024:06:29:25 -0500] "GET /sipse/faces/javax.faces.resource/theme.css?ln=primefaces-sipse HTTP/1.1" 304 -
181.32.221.59 - - [14/Mar/2024:06:29:25 -0500] "GET /sipse/faces/javax.faces.resource/primefaces.css?ln=primefaces&v=4.0 HTTP/1.1" 304 -
181.32.221.59 - - [14/Mar/2024:06:29:25 -0500] "GET /sipse/faces/javax.faces.resource/layout/layout.css?ln=primefaces&v=4.0 HTTP/1.1" 304 -
181.32.221.59 - - [14/Mar/2024:06:29:25 -0500] "GET /sipse/faces/javax.faces.resource/jquery/jquery.js?ln=primefaces&v=4.0 HTTP/1.1" 304 -
181.32.221.59 - - [14/Mar/2024:06:29:25 -0500] "GET /sipse/faces/javax.faces.resource/jquery/jquery-plugins.js?ln=primefaces&v=4.0 HTTP/1.1" 304 -
181.32.221.59 - - [14/Mar/2024:06:29:25 -0500] "GET /sipse/faces/javax.faces.resource/primefaces.js?ln=primefaces&v=4.0 HTTP/1.1" 304 -
181.32.221.59 - - [14/Mar/2024:06:29:25 -0500] "GET /sipse/faces/javax.faces.resource/layout/layout.js?ln=primefaces&v=4.0 HTTP/1.1" 304 -
201.245.192.253 - - [14/Mar/2024:06:29:33 -0500] "POST /kwsrmcab/Wsrmcab HTTP/1.1" 200 37008
201.245.192.253 - - [14/Mar/2024:06:29:34 -0500] "POST /kwsrmcab/Wsrmcab HTTP/1.1" 200 213
172.22.2.4 - - [14/Mar/2024:06:29:01 -0500] "GET /BLA/boletinlegal/ HTTP/1.1" 200 36811
201.245.192.253 - - [14/Mar/2024:06:30:00 -0500] "POST /kwsrmcab/Wsrmcab HTTP/1.1" 200 37631
40.77.167.32 - - [14/Mar/2024:06:30:08 -0500] "GET /galeria/galeria/jquery.fancybox.js?v=2.1.5 HTTP/1.1" 200 48706
207.46.13.78 - - [14/Mar/2024:06:30:13 -0500] "GET /galeria/galeria/jquery.fancybox.css?v=2.1.5 HTTP/1.1" 200 4895
201.245.192.253 - - [14/Mar/2024:06:30:25 -0500] "POST /forms/lservlet;jsessionid=ac16012b30d672fb2ec093aa4748bf0691d1e088fe72.e3iSbxaKaheRe3iNc3uNbNmQay1ynknvrkLOlQzNp65In0 HTTP/1.1" 200 2
216.245.221.92 - - [14/Mar/2024:06:30:40 -0500] "HEAD / HTTP/1.1" 200 -
201.245.192.253 - - [14/Mar/2024:06:30:44 -0500] "POST /kwsrmcab/Wsrmcab HTTP/1.1" 200 213
201.245.192.253 - - [14/Mar/2024:06:31:09 -0500] "POST /forms/lservlet;jsessionid=ac16012b30d60c378208792d4757a508e4811830dca4.e3iSbxaKaheRe3iNc3uNbNmQay1ynknvrkLOlQzNp65In0 HTTP/1.1" 200 2
207.46.13.154 - - [14/Mar/2024:06:31:19 -0500] "GET /sipse/faces/faces/autenticacion.xhtml HTTP/1.1" 200 12724
181.32.221.59 - - [14/Mar/2024:06:31:45 -0500] "POST /sipse/faces/presentacion/financiero/solicitudProceso/consultarSolicitudProceso.xhtml HTTP/1.1" 200 22413
181.32.221.59 - - [14/Mar/2024:06:31:45 -0500] "GET /sipse/faces/javax.faces.resource/theme.css?ln=primefaces-sipse HTTP/1.1" 304 -
181.32.221.59 - - [14/Mar/2024:06:31:45 -0500] "GET /sipse/faces/javax.faces.resource/primefaces.css?ln=primefaces&v=4.0 HTTP/1.1" 304 -
181.32.221.59 - - [14/Mar/2024:06:31:45 -0500] "GET /sipse/faces/javax.faces.resource/layout/layout.css?ln=primefaces&v=4.0 HTTP/1.1" 304 -
181.32.221.59 - - [14/Mar/2024:06:31:45 -0500] "GET /sipse/faces/javax.faces.resource/jquery/jquery-plugins.js?ln=primefaces&v=4.0 HTTP/1.1" 304 -
181.32.221.59 - - [14/Mar/2024:06:31:45 -0500] "GET /sipse/faces/javax.faces.resource/jquery/jquery.js?ln=primefaces&v=4.0 HTTP/1.1" 304 -
181.32.221.59 - - [14/Mar/2024:06:31:45 -0500] "GET /sipse/faces/javax.faces.resource/fileupload/fileupload.css?ln=primefaces&v=4.0 HTTP/1.1" 304 -
181.32.221.59 - - [14/Mar/2024:06:31:45 -0500] "GET /sipse/faces/javax.faces.resource/primefaces.js?ln=primefaces&v=4.0 HTTP/1.1" 304 -
181.32.221.59 - - [14/Mar/2024:06:31:45 -0500] "GET /sipse/faces/javax.faces.resource/layout/layout.js?ln=primefaces&v=4.0 HTTP/1.1" 304 -
181.32.221.59 - - [14/Mar/2024:06:31:45 -0500] "GET /sipse/faces/javax.faces.resource/fileupload/fileupload.js?ln=primefaces&v=4.0 HTTP/1.1" 304 -
40.77.167.57 - - [14/Mar/2024:06:31:48 -0500] "GET /Publicaciones/2024EE30084.pdf HTTP/1.1" 404 227
181.32.221.59 - - [14/Mar/2024:06:32:08 -0500] "GET /sipse/faces/javax.faces.resource/theme.css?ln=primefaces-sipse HTTP/1.1" 304 -
181.32.221.59 - - [14/Mar/2024:06:32:08 -0500] "GET /sipse/faces/javax.faces.resource/primefaces.css?ln=primefaces&v=4.0 HTTP/1.1" 304 -
181.32.221.59 - - [14/Mar/2024:06:32:08 -0500] "GET /sipse/faces/javax.faces.resource/primefaces.js?ln=primefaces&v=4.0 HTTP/1.1" 304 -
181.32.221.59 - - [14/Mar/2024:06:32:08 -0500] "GET /sipse/faces/javax.faces.resource/jquery/jquery.js?ln=primefaces&v=4.0 HTTP/1.1" 304 -
181.32.221.59 - - [14/Mar/2024:06:32:08 -0500] "GET /sipse/faces/javax.faces.resource/jquery/jquery-plugins.js?ln=primefaces&v=4.0 HTTP/1.1" 304 -
181.32.221.59 - - [14/Mar/2024:06:32:08 -0500] "GET /sipse/faces/javax.faces.resource/layout/layout.css?ln=primefaces&v=4.0 HTTP/1.1" 304 -
181.32.221.59 - - [14/Mar/2024:06:32:07 -0500] "POST /sipse/faces/presentacion/sistema/anexos/cargarAnexoSolicitudProceso.xhtml HTTP/1.1" 200 180769
181.32.221.59 - - [14/Mar/2024:06:32:08 -0500] "GET /sipse/faces/javax.faces.resource/layout/layout.js?ln=primefaces&v=4.0 HTTP/1.1" 304 -
207.46.13.154 - - [14/Mar/2024:06:32:09 -0500] "GET /sipse/css/custom_css_sg_prime_login.css HTTP/1.1" 200 443
207.46.13.154 - - [14/Mar/2024:06:32:09 -0500] "GET /sipse/faces/javax.faces.resource/jquery/jquery-plugins.js;jsessionid=ye9IwDBoec3RymovGzgP4LCa.undefined?ln=primefaces&v=4.0 HTTP/1.1" 200 220526
207.46.13.154 - - [14/Mar/2024:06:32:10 -0500] "GET /sipse/faces/javax.faces.resource/layout/layout.css;jsessionid=ye9IwDBoec3RymovGzgP4LCa.undefined?ln=primefaces&v=4.0 HTTP/1.1" 200 542
207.46.13.154 - - [14/Mar/2024:06:32:11 -0500] "GET /sipse/faces/javax.faces.resource/primefaces.js;jsessionid=ye9IwDBoec3RymovGzgP4LCa.undefined?ln=primefaces&v=4.0 HTTP/1.1" 200 276924
52.167.144.189 - - [14/Mar/2024:06:32:16 -0500] "GET /sipse/css/custom_css_sg.css HTTP/1.1" 200 9694
52.167.144.189 - - [14/Mar/2024:06:32:16 -0500] "GET /sipse/faces/javax.faces.resource/layout/layout.js;jsessionid=ye9IwDBoec3RymovGzgP4LCa.undefined?ln=primefaces&v=4.0 HTTP/1.1" 200 87560
52.167.144.189 - - [14/Mar/2024:06:32:17 -0500] "GET /sipse/faces/javax.faces.resource/primefaces.css;jsessionid=ye9IwDBoec3RymovGzgP4LCa.undefined?ln=primefaces&v=4.0 HTTP/1.1" 200 53295
52.167.144.189 - - [14/Mar/2024:06:32:17 -0500] "GET /sipse/faces/javax.faces.resource/theme.css?ln=primefaces-sipse HTTP/1.1" 200 50058
52.167.144.189 - - [14/Mar/2024:06:32:17 -0500] "GET /sipse/js/disable_browser_buttons.js HTTP/1.1" 200 3230
201.245.192.253 - - [14/Mar/2024:06:32:25 -0500] "POST /forms/lservlet;jsessionid=ac16012b30d672fb2ec093aa4748bf0691d1e088fe72.e3iSbxaKaheRe3iNc3uNbNmQay1ynknvrkLOlQzNp65In0 HTTP/1.1" 200 2
66.249.66.169 - - [14/Mar/2024:06:32:28 -0500] "GET /portaldeninos/humedal-santa-maria-del-lago/ HTTP/1.1" 200 88988
66.249.66.169 - - [14/Mar/2024:06:32:33 -0500] "GET /portaldeninos/wp-content/themes/betheme/assets/ui/jquery.ui.all.css?ver=20.9.6 HTTP/1.1" 200 18765
181.32.221.59 - - [14/Mar/2024:06:32:55 -0500] "POST /sipse/faces/presentacion/financiero/solicitudProceso/consultarSolicitudProceso.xhtml HTTP/1.1" 200 22413
181.32.221.59 - - [14/Mar/2024:06:32:55 -0500] "GET /sipse/faces/javax.faces.resource/theme.css?ln=primefaces-sipse HTTP/1.1" 304 -
181.32.221.59 - - [14/Mar/2024:06:32:55 -0500] "GET /sipse/faces/javax.faces.resource/primefaces.css?ln=primefaces&v=4.0 HTTP/1.1" 304 -
181.32.221.59 - - [14/Mar/2024:06:32:55 -0500] "GET /sipse/faces/javax.faces.resource/primefaces.js?ln=primefaces&v=4.0 HTTP/1.1" 304 -
181.32.221.59 - - [14/Mar/2024:06:32:55 -0500] "GET /sipse/faces/javax.faces.resource/layout/layout.css?ln=primefaces&v=4.0 HTTP/1.1" 304 -
181.32.221.59 - - [14/Mar/2024:06:32:55 -0500] "GET /sipse/faces/javax.faces.resource/fileupload/fileupload.css?ln=primefaces&v=4.0 HTTP/1.1" 304 -
181.32.221.59 - - [14/Mar/2024:06:32:55 -0500] "GET /sipse/faces/javax.faces.resource/jquery/jquery-plugins.js?ln=primefaces&v=4.0 HTTP/1.1" 304 -
181.32.221.59 - - [14/Mar/2024:06:32:55 -0500] "GET /sipse/faces/javax.faces.resource/jquery/jquery.js?ln=primefaces&v=4.0 HTTP/1.1" 304 -
181.32.221.59 - - [14/Mar/2024:06:32:55 -0500] "GET /sipse/faces/javax.faces.resource/layout/layout.js?ln=primefaces&v=4.0 HTTP/1.1" 304 -
181.32.221.59 - - [14/Mar/2024:06:32:55 -0500] "GET /sipse/faces/javax.faces.resource/fileupload/fileupload.js?ln=primefaces&v=4.0 HTTP/1.1" 304 -
201.245.192.253 - - [14/Mar/2024:06:33:09 -0500] "POST /forms/lservlet;jsessionid=ac16012b30d60c378208792d4757a508e4811830dca4.e3iSbxaKaheRe3iNc3uNbNmQay1ynknvrkLOlQzNp65In0 HTTP/1.1" 200 2
181.32.221.59 - - [14/Mar/2024:06:33:29 -0500] "GET /sipse/faces/javax.faces.resource/theme.css?ln=primefaces-sipse HTTP/1.1" 304 -
181.32.221.59 - - [14/Mar/2024:06:33:29 -0500] "GET /sipse/faces/javax.faces.resource/primefaces.css?ln=primefaces&v=4.0 HTTP/1.1" 304 -
181.32.221.59 - - [14/Mar/2024:06:33:29 -0500] "GET /sipse/faces/javax.faces.resource/layout/layout.css?ln=primefaces&v=4.0 HTTP/1.1" 304 -
181.32.221.59 - - [14/Mar/2024:06:33:29 -0500] "GET /sipse/faces/javax.faces.resource/jquery/jquery.js?ln=primefaces&v=4.0 HTTP/1.1" 304 -
181.32.221.59 - - [14/Mar/2024:06:33:29 -0500] "GET /sipse/faces/javax.faces.resource/primefaces.js?ln=primefaces&v=4.0 HTTP/1.1" 304 -
181.32.221.59 - - [14/Mar/2024:06:33:29 -0500] "GET /sipse/faces/javax.faces.resource/jquery/jquery-plugins.js?ln=primefaces&v=4.0 HTTP/1.1" 304 -
181.32.221.59 - - [14/Mar/2024:06:33:29 -0500] "GET /sipse/faces/javax.faces.resource/layout/layout.js?ln=primefaces&v=4.0 HTTP/1.1" 304 -
181.32.221.59 - - [14/Mar/2024:06:33:28 -0500] "POST /sipse/faces/presentacion/sistema/anexos/cargarAnexoSolicitudProceso.xhtml HTTP/1.1" 200 182595
172.22.2.4 - - [14/Mar/2024:06:31:59 -0500] "HEAD /BLA/boletinlegal/ HTTP/1.1" 200 -
181.32.221.59 - - [14/Mar/2024:06:33:56 -0500] "POST /sipse/faces/presentacion/financiero/solicitudProceso/consultarSolicitudProceso.xhtml HTTP/1.1" 200 75918
201.245.192.253 - - [14/Mar/2024:06:34:11 -0500] "POST /kwsrmcab/Wsrmcab  HTTP/1.1" 200 39632
201.245.192.253 - - [14/Mar/2024:06:34:25 -0500] "POST /forms/lservlet;jsessionid=ac16012b30d672fb2ec093aa4748bf0691d1e088fe72.e3iSbxaKaheRe3iNc3uNbNmQay1ynknvrkLOlQzNp65In0 HTTP/1.1" 200 2
172.22.2.4 - - [14/Mar/2024:06:32:50 -0500] "GET /BLA/boletinlegal/ HTTP/1.1" 200 53419
181.32.221.59 - - [14/Mar/2024:06:34:55 -0500] "POST /sipse/faces/presentacion/financiero/solicitudProceso/consultarSolicitudProceso.xhtml HTTP/1.1" 200 40735
181.32.221.59 - - [14/Mar/2024:06:34:55 -0500] "GET /sipse/faces/javax.faces.resource/theme.css?ln=primefaces-sipse HTTP/1.1" 304 -
181.32.221.59 - - [14/Mar/2024:06:34:55 -0500] "GET /sipse/faces/javax.faces.resource/primefaces.css?ln=primefaces&v=4.0 HTTP/1.1" 304 -
181.32.221.59 - - [14/Mar/2024:06:34:55 -0500] "GET /sipse/faces/javax.faces.resource/layout/layout.css?ln=primefaces&v=4.0 HTTP/1.1" 304 -
181.32.221.59 - - [14/Mar/2024:06:34:55 -0500] "GET /sipse/faces/javax.faces.resource/jquery/jquery.js?ln=primefaces&v=4.0 HTTP/1.1" 304 -
181.32.221.59 - - [14/Mar/2024:06:34:55 -0500] "GET /sipse/faces/javax.faces.resource/jquery/jquery-plugins.js?ln=primefaces&v=4.0 HTTP/1.1" 304 -
181.32.221.59 - - [14/Mar/2024:06:34:56 -0500] "GET /sipse/faces/javax.faces.resource/primefaces.js?ln=primefaces&v=4.0 HTTP/1.1" 304 -
181.32.221.59 - - [14/Mar/2024:06:34:56 -0500] "GET /sipse/faces/javax.faces.resource/layout/layout.js?ln=primefaces&v=4.0 HTTP/1.1" 304 -
181.32.221.59 - - [14/Mar/2024:06:35:05 -0500] "POST /sipse/faces/presentacion/financiero/estudioPrevio/personalSolicitado/expedirExperienciaIdoneidad.xhtml HTTP/1.1" 200 5677
181.32.221.59 - - [14/Mar/2024:06:35:05 -0500] "POST /sipse/faces/presentacion/financiero/estudioPrevio/personalSolicitado/expedirExperienciaIdoneidad.xhtml HTTP/1.1" 200 33431
181.32.221.59 - - [14/Mar/2024:06:35:05 -0500] "GET /sipse/faces/javax.faces.resource/theme.css?ln=primefaces-sipse HTTP/1.1" 304 -
181.32.221.59 - - [14/Mar/2024:06:35:05 -0500] "GET /sipse/faces/javax.faces.resource/primefaces.css?ln=primefaces&v=4.0 HTTP/1.1" 304 -
181.32.221.59 - - [14/Mar/2024:06:35:05 -0500] "GET /sipse/faces/javax.faces.resource/jquery/jquery-plugins.js?ln=primefaces&v=4.0 HTTP/1.1" 304 -
181.32.221.59 - - [14/Mar/2024:06:35:05 -0500] "GET /sipse/faces/javax.faces.resource/layout/layout.js?ln=primefaces&v=4.0 HTTP/1.1" 304 -
181.32.221.59 - - [14/Mar/2024:06:35:05 -0500] "GET /sipse/faces/javax.faces.resource/layout/layout.css?ln=primefaces&v=4.0 HTTP/1.1" 304 -
181.32.221.59 - - [14/Mar/2024:06:35:05 -0500] "GET /sipse/faces/javax.faces.resource/primefaces.js?ln=primefaces&v=4.0 HTTP/1.1" 304 -
181.32.221.59 - - [14/Mar/2024:06:35:05 -0500] "GET /sipse/faces/javax.faces.resource/jquery/jquery.js?ln=primefaces&v=4.0 HTTP/1.1" 304 -
181.32.221.59 - - [14/Mar/2024:06:35:07 -0500] "POST /sipse/faces/presentacion/contratacion/procesoContractual/registrarInvitacionContratista.xhtml HTTP/1.1" 200 9689
201.245.192.253 - - [14/Mar/2024:06:35:09 -0500] "POST /forms/lservlet;jsessionid=ac16012b30d60c378208792d4757a508e4811830dca4.e3iSbxaKaheRe3iNc3uNbNmQay1ynknvrkLOlQzNp65In0 HTTP/1.1" 200 2
173.252.79.116 - - [14/Mar/2024:06:35:18 -0500] "GET /images/Rueda%20de%20prensa.jpeg HTTP/1.1" 200 58715
181.32.221.59 - - [14/Mar/2024:06:35:34 -0500] "POST /sipse/faces/presentacion/contratacion/procesoContractual/registrarInvitacionContratista.xhtml HTTP/1.1" 200 9251
181.32.221.59 - - [14/Mar/2024:06:35:36 -0500] "POST /sipse/faces/presentacion/contratacion/procesoContractual/registrarInvitacionContratista.xhtml HTTP/1.1" 200 41601
181.32.221.59 - - [14/Mar/2024:06:35:36 -0500] "GET /sipse/faces/javax.faces.resource/theme.css?ln=primefaces-sipse HTTP/1.1" 304 -
181.32.221.59 - - [14/Mar/2024:06:35:37 -0500] "GET /sipse/faces/javax.faces.resource/primefaces.css?ln=primefaces&v=4.0 HTTP/1.1" 304 -
181.32.221.59 - - [14/Mar/2024:06:35:37 -0500] "GET /sipse/faces/javax.faces.resource/layout/layout.css?ln=primefaces&v=4.0 HTTP/1.1" 304 -
181.32.221.59 - - [14/Mar/2024:06:35:37 -0500] "GET /sipse/faces/javax.faces.resource/jquery/jquery.js?ln=primefaces&v=4.0 HTTP/1.1" 304 -
181.32.221.59 - - [14/Mar/2024:06:35:37 -0500] "GET /sipse/faces/javax.faces.resource/jquery/jquery-plugins.js?ln=primefaces&v=4.0 HTTP/1.1" 304 -
181.32.221.59 - - [14/Mar/2024:06:35:37 -0500] "GET /sipse/faces/javax.faces.resource/primefaces.js?ln=primefaces&v=4.0 HTTP/1.1" 304 -
181.32.221.59 - - [14/Mar/2024:06:35:37 -0500] "GET /sipse/faces/javax.faces.resource/layout/layout.js?ln=primefaces&v=4.0 HTTP/1.1" 304 -
216.245.221.92 - - [14/Mar/2024:06:35:40 -0500] "HEAD / HTTP/1.1" 200 -
181.32.221.59 - - [14/Mar/2024:06:35:40 -0500] "POST /sipse/faces/presentacion/financiero/estudioPrevio/personalSolicitado/expedirExperienciaIdoneidad.xhtml HTTP/1.1" 200 24002
181.32.221.59 - - [14/Mar/2024:06:35:40 -0500] "GET /sipse/faces/javax.faces.resource/theme.css?ln=primefaces-sipse HTTP/1.1" 304 -
181.32.221.59 - - [14/Mar/2024:06:35:40 -0500] "GET /sipse/faces/javax.faces.resource/layout/layout.css?ln=primefaces&v=4.0 HTTP/1.1" 304 -
181.32.221.59 - - [14/Mar/2024:06:35:40 -0500] "GET /sipse/faces/javax.faces.resource/primefaces.css?ln=primefaces&v=4.0 HTTP/1.1" 304 -
181.32.221.59 - - [14/Mar/2024:06:35:40 -0500] "GET /sipse/faces/javax.faces.resource/jquery/jquery.js?ln=primefaces&v=4.0 HTTP/1.1" 304 -
181.32.221.59 - - [14/Mar/2024:06:35:40 -0500] "GET /sipse/faces/javax.faces.resource/jquery/jquery-plugins.js?ln=primefaces&v=4.0 HTTP/1.1" 304 -
181.32.221.59 - - [14/Mar/2024:06:35:40 -0500] "GET /sipse/faces/javax.faces.resource/primefaces.js?ln=primefaces&v=4.0 HTTP/1.1" 304 -
181.32.221.59 - - [14/Mar/2024:06:35:40 -0500] "GET /sipse/faces/javax.faces.resource/layout/layout.js?ln=primefaces&v=4.0 HTTP/1.1" 304 -
181.32.221.59 - - [14/Mar/2024:06:35:43 -0500] "POST /sipse/faces/presentacion/financiero/estudioPrevio/personalSolicitado/asociarExperienciaContratista.xhtml HTTP/1.1" 200 44597
181.32.221.59 - - [14/Mar/2024:06:35:43 -0500] "GET /sipse/faces/javax.faces.resource/theme.css?ln=primefaces-sipse HTTP/1.1" 304 -
181.32.221.59 - - [14/Mar/2024:06:35:43 -0500] "GET /sipse/faces/javax.faces.resource/primefaces.css?ln=primefaces&v=4.0 HTTP/1.1" 304 -
181.32.221.59 - - [14/Mar/2024:06:35:43 -0500] "GET /sipse/faces/javax.faces.resource/layout/layout.css?ln=primefaces&v=4.0 HTTP/1.1" 304 -
181.32.221.59 - - [14/Mar/2024:06:35:43 -0500] "GET /sipse/faces/javax.faces.resource/jquery/jquery-plugins.js?ln=primefaces&v=4.0 HTTP/1.1" 304 -
181.32.221.59 - - [14/Mar/2024:06:35:43 -0500] "GET /sipse/faces/javax.faces.resource/jquery/jquery.js?ln=primefaces&v=4.0 HTTP/1.1" 304 -
181.32.221.59 - - [14/Mar/2024:06:35:43 -0500] "GET /sipse/faces/javax.faces.resource/primefaces.js?ln=primefaces&v=4.0 HTTP/1.1" 304 -
181.32.221.59 - - [14/Mar/2024:06:35:43 -0500] "GET /sipse/faces/javax.faces.resource/layout/layout.js?ln=primefaces&v=4.0 HTTP/1.1" 304 -
181.32.221.59 - - [14/Mar/2024:06:35:47 -0500] "POST /sipse/faces/presentacion/financiero/estudioPrevio/personalSolicitado/expedirExperienciaIdoneidad.xhtml HTTP/1.1" 200 43681
181.32.221.59 - - [14/Mar/2024:06:35:47 -0500] "GET /sipse/faces/javax.faces.resource/theme.css?ln=primefaces-sipse HTTP/1.1" 304 -
181.32.221.59 - - [14/Mar/2024:06:35:47 -0500] "GET /sipse/faces/javax.faces.resource/layout/layout.css?ln=primefaces&v=4.0 HTTP/1.1" 304 -
181.32.221.59 - - [14/Mar/2024:06:35:47 -0500] "GET /sipse/faces/javax.faces.resource/jquery/jquery.js?ln=primefaces&v=4.0 HTTP/1.1" 304 -
181.32.221.59 - - [14/Mar/2024:06:35:47 -0500] "GET /sipse/faces/javax.faces.resource/primefaces.css?ln=primefaces&v=4.0 HTTP/1.1" 304 -
181.32.221.59 - - [14/Mar/2024:06:35:47 -0500] "GET /sipse/faces/javax.faces.resource/jquery/jquery-plugins.js?ln=primefaces&v=4.0 HTTP/1.1" 304 -
181.32.221.59 - - [14/Mar/2024:06:35:47 -0500] "GET /sipse/faces/javax.faces.resource/primefaces.js?ln=primefaces&v=4.0 HTTP/1.1" 304 -
181.32.221.59 - - [14/Mar/2024:06:35:47 -0500] "GET /sipse/faces/javax.faces.resource/layout/layout.js?ln=primefaces&v=4.0 HTTP/1.1" 304 -
181.32.221.59 - - [14/Mar/2024:06:35:52 -0500] "POST /sipse/faces/presentacion/contratacion/contrato/adicionarSupervisor.xhtml HTTP/1.1" 200 17101
181.32.221.59 - - [14/Mar/2024:06:35:55 -0500] "POST /sipse/faces/presentacion/contratacion/contrato/adicionarSupervisor.xhtml HTTP/1.1" 200 45714
181.32.221.59 - - [14/Mar/2024:06:35:56 -0500] "GET /sipse/faces/javax.faces.resource/theme.css?ln=primefaces-sipse HTTP/1.1" 304 -
181.32.221.59 - - [14/Mar/2024:06:35:56 -0500] "GET /sipse/faces/javax.faces.resource/primefaces.css?ln=primefaces&v=4.0 HTTP/1.1" 304 -
181.32.221.59 - - [14/Mar/2024:06:35:56 -0500] "GET /sipse/faces/javax.faces.resource/layout/layout.css?ln=primefaces&v=4.0 HTTP/1.1" 304 -
181.32.221.59 - - [14/Mar/2024:06:35:56 -0500] "GET /sipse/faces/javax.faces.resource/jquery/jquery.js?ln=primefaces&v=4.0 HTTP/1.1" 304 -
181.32.221.59 - - [14/Mar/2024:06:35:56 -0500] "GET /sipse/faces/javax.faces.resource/layout/layout.js?ln=primefaces&v=4.0 HTTP/1.1" 304 -
181.32.221.59 - - [14/Mar/2024:06:35:56 -0500] "GET /sipse/faces/javax.faces.resource/primefaces.js?ln=primefaces&v=4.0 HTTP/1.1" 304 -
181.32.221.59 - - [14/Mar/2024:06:35:56 -0500] "GET /sipse/faces/javax.faces.resource/jquery/jquery-plugins.js?ln=primefaces&v=4.0 HTTP/1.1" 304 -
52.167.144.203 - - [14/Mar/2024:06:36:09 -0500] "GET /BLA/resoluciones/AUTOS%202022/1293.pdf HTTP/1.1" 304 -
181.32.221.59 - - [14/Mar/2024:06:36:13 -0500] "POST /sipse/faces/presentacion/financiero/estudioPrevio/personalSolicitado/expedirExperienciaIdoneidad.xhtml HTTP/1.1" 200 140600
181.32.221.59 - - [14/Mar/2024:06:36:14 -0500] "GET /sipse/faces/javax.faces.resource/theme.css?ln=primefaces-sipse HTTP/1.1" 304 -
181.32.221.59 - - [14/Mar/2024:06:36:14 -0500] "GET /sipse/faces/javax.faces.resource/primefaces.css?ln=primefaces&v=4.0 HTTP/1.1" 304 -
181.32.221.59 - - [14/Mar/2024:06:36:14 -0500] "GET /sipse/faces/javax.faces.resource/layout/layout.css?ln=primefaces&v=4.0 HTTP/1.1" 304 -
181.32.221.59 - - [14/Mar/2024:06:36:14 -0500] "GET /sipse/faces/javax.faces.resource/jquery/jquery.js?ln=primefaces&v=4.0 HTTP/1.1" 304 -
181.32.221.59 - - [14/Mar/2024:06:36:14 -0500] "GET /sipse/faces/javax.faces.resource/jquery/jquery-plugins.js?ln=primefaces&v=4.0 HTTP/1.1" 304 -
181.32.221.59 - - [14/Mar/2024:06:36:14 -0500] "GET /sipse/faces/javax.faces.resource/primefaces.js?ln=primefaces&v=4.0 HTTP/1.1" 304 -
181.32.221.59 - - [14/Mar/2024:06:36:14 -0500] "GET /sipse/faces/javax.faces.resource/layout/layout.js?ln=primefaces&v=4.0 HTTP/1.1" 304 -
40.77.167.19 - - [14/Mar/2024:06:36:19 -0500] "GET /sipse/faces/javax.faces.resource/jquery/jquery.js;jsessionid=ye9IwDBoec3RymovGzgP4LCa.undefined?ln=primefaces&v=4.0 HTTP/1.1" 200 105384
40.77.167.19 - - [14/Mar/2024:06:36:20 -0500] "GET /sipse/js/funciones.js HTTP/1.1" 200 12592
40.77.167.19 - - [14/Mar/2024:06:36:20 -0500] "GET /Publicaciones/2023EE121481.pdf HTTP/1.1" 404 228
201.245.192.253 - - [14/Mar/2024:06:36:25 -0500] "POST /forms/lservlet;jsessionid=ac16012b30d672fb2ec093aa4748bf0691d1e088fe72.e3iSbxaKaheRe3iNc3uNbNmQay1ynknvrkLOlQzNp65In0 HTTP/1.1" 200 2
181.32.221.59 - - [14/Mar/2024:06:36:34 -0500] "POST /sipse/faces/presentacion/financiero/solicitudProceso/consultarSolicitudProceso.xhtml HTTP/1.1" 200 6878
181.32.221.59 - - [14/Mar/2024:06:36:41 -0500] "POST /sipse/faces/presentacion/financiero/solicitudProceso/consultarSolicitudProceso.xhtml HTTP/1.1" 200 38641
181.32.221.59 - - [14/Mar/2024:06:36:44 -0500] "GET /sipse/faces/javax.faces.resource/theme.css?ln=primefaces-sipse HTTP/1.1" 304 -
181.32.221.59 - - [14/Mar/2024:06:36:44 -0500] "GET /sipse/faces/javax.faces.resource/primefaces.css?ln=primefaces&v=4.0 HTTP/1.1" 304 -
181.32.221.59 - - [14/Mar/2024:06:36:44 -0500] "GET /sipse/faces/javax.faces.resource/layout/layout.css?ln=primefaces&v=4.0 HTTP/1.1" 304 -
181.32.221.59 - - [14/Mar/2024:06:36:44 -0500] "GET /sipse/faces/javax.faces.resource/jquery/jquery.js?ln=primefaces&v=4.0 HTTP/1.1" 304 -
181.32.221.59 - - [14/Mar/2024:06:36:44 -0500] "GET /sipse/faces/javax.faces.resource/jquery/jquery-plugins.js?ln=primefaces&v=4.0 HTTP/1.1" 304 -
181.32.221.59 - - [14/Mar/2024:06:36:44 -0500] "GET /sipse/faces/javax.faces.resource/primefaces.js?ln=primefaces&v=4.0 HTTP/1.1" 304 -
181.32.221.59 - - [14/Mar/2024:06:36:44 -0500] "GET /sipse/faces/javax.faces.resource/layout/layout.js?ln=primefaces&v=4.0 HTTP/1.1" 304 -
181.32.221.59 - - [14/Mar/2024:06:36:44 -0500] "POST /sipse/faces/presentacion/financiero/solicitudProceso/listarSolicitudProceso.xhtml HTTP/1.1" 200 1392
181.32.221.59 - - [14/Mar/2024:06:36:52 -0500] "POST /sipse/faces/presentacion/financiero/solicitudProceso/listarSolicitudProceso.xhtml HTTP/1.1" 200 132815
181.32.221.59 - - [14/Mar/2024:06:36:53 -0500] "GET /sipse/faces/javax.faces.resource/theme.css?ln=primefaces-sipse HTTP/1.1" 304 -
181.32.221.59 - - [14/Mar/2024:06:36:53 -0500] "GET /sipse/faces/javax.faces.resource/layout/layout.css?ln=primefaces&v=4.0 HTTP/1.1" 304 -
181.32.221.59 - - [14/Mar/2024:06:36:53 -0500] "GET /sipse/faces/javax.faces.resource/primefaces.css?ln=primefaces&v=4.0 HTTP/1.1" 304 -
181.32.221.59 - - [14/Mar/2024:06:36:53 -0500] "GET /sipse/faces/javax.faces.resource/jquery/jquery.js?ln=primefaces&v=4.0 HTTP/1.1" 304 -
181.32.221.59 - - [14/Mar/2024:06:36:53 -0500] "GET /sipse/faces/javax.faces.resource/jquery/jquery-plugins.js?ln=primefaces&v=4.0 HTTP/1.1" 304 -
181.32.221.59 - - [14/Mar/2024:06:36:53 -0500] "GET /sipse/faces/javax.faces.resource/primefaces.js?ln=primefaces&v=4.0 HTTP/1.1" 304 -
181.32.221.59 - - [14/Mar/2024:06:36:53 -0500] "GET /sipse/faces/javax.faces.resource/layout/layout.js?ln=primefaces&v=4.0 HTTP/1.1" 304 -
66.249.66.21 - - [14/Mar/2024:06:37:00 -0500] "GET /siipev/Diseno%20de%20Elementos%20de%20Mobiliario%20Urbano/Diseno%20pertenecientes%20al%20mobiliario%20urbano%20M10-M160/PARTE%20A/Dise%C3%B1o%20de%20Elementos%20M-40.pdf HTTP/1.1" 304 -
201.245.192.253 - - [14/Mar/2024:06:37:09 -0500] "POST /forms/lservlet;jsessionid=ac16012b30d60c378208792d4757a508e4811830dca4.e3iSbxaKaheRe3iNc3uNbNmQay1ynknvrkLOlQzNp65In0 HTTP/1.1" 200 2
173.252.107.7 - - [14/Mar/2024:06:37:25 -0500] "GET /proyecto-de-eficiencia-energetica-y-energia-solar-para-entidades-publicas-de-bogota-recibira-apoyo-de-c40.html HTTP/1.1" 200 890
173.252.107.4 - - [14/Mar/2024:06:37:25 -0500] "GET /proyecto-de-eficiencia-energetica-y-energia-solar-para-entidades-publicas-de-bogota-recibira-apoyo-de-c40.html HTTP/1.1" 200 890
181.32.221.59 - - [14/Mar/2024:06:37:24 -0500] "POST /sipse/faces/presentacion/financiero/solicitudProceso/consultarSolicitudProceso.xhtml HTTP/1.1" 200 38140
181.32.221.59 - - [14/Mar/2024:06:37:25 -0500] "GET /sipse/faces/javax.faces.resource/theme.css?ln=primefaces-sipse HTTP/1.1" 304 -
181.32.221.59 - - [14/Mar/2024:06:37:25 -0500] "GET /sipse/faces/javax.faces.resource/layout/layout.css?ln=primefaces&v=4.0 HTTP/1.1" 304 -
181.32.221.59 - - [14/Mar/2024:06:37:25 -0500] "GET /sipse/faces/javax.faces.resource/primefaces.css?ln=primefaces&v=4.0 HTTP/1.1" 304 -
181.32.221.59 - - [14/Mar/2024:06:37:25 -0500] "GET /sipse/faces/javax.faces.resource/jquery/jquery.js?ln=primefaces&v=4.0 HTTP/1.1" 304 -
181.32.221.59 - - [14/Mar/2024:06:37:25 -0500] "GET /sipse/faces/javax.faces.resource/jquery/jquery-plugins.js?ln=primefaces&v=4.0 HTTP/1.1" 304 -
181.32.221.59 - - [14/Mar/2024:06:37:25 -0500] "GET /sipse/faces/javax.faces.resource/primefaces.js?ln=primefaces&v=4.0 HTTP/1.1" 304 -
181.32.221.59 - - [14/Mar/2024:06:37:25 -0500] "GET /sipse/faces/javax.faces.resource/layout/layout.js?ln=primefaces&v=4.0 HTTP/1.1" 304 -
181.32.221.59 - - [14/Mar/2024:06:37:25 -0500] "POST /sipse/faces/presentacion/financiero/solicitudProceso/listarSolicitudProceso.xhtml HTTP/1.1" 200 31392
173.252.87.1 - - [14/Mar/2024:06:37:25 -0500] "GET /images/energia-eficiencia-26-mayo.jpg HTTP/1.1" 200 46417
181.32.221.59 - - [14/Mar/2024:06:37:25 -0500] "POST /sipse/faces/presentacion/financiero/solicitudProceso/listarSolicitudProceso.xhtml HTTP/1.1" 200 31392
181.32.221.59 - - [14/Mar/2024:06:37:26 -0500] "POST /sipse/faces/presentacion/financiero/solicitudProceso/listarSolicitudProceso.xhtml HTTP/1.1" 200 31392
181.32.221.59 - - [14/Mar/2024:06:37:26 -0500] "POST /sipse/faces/presentacion/financiero/solicitudProceso/listarSolicitudProceso.xhtml HTTP/1.1" 200 1392
181.32.221.59 - - [14/Mar/2024:06:37:27 -0500] "POST /sipse/faces/presentacion/financiero/solicitudProceso/listarSolicitudProceso.xhtml HTTP/1.1" 200 1388
201.245.192.253 - - [14/Mar/2024:06:37:27 -0500] "POST /kwsrmcab/Wsrmcab HTTP/1.1" 200 213
181.32.221.59 - - [14/Mar/2024:06:37:29 -0500] "POST /sipse/faces/presentacion/financiero/solicitudProceso/listarSolicitudProceso.xhtml HTTP/1.1" 200 1400
181.32.221.59 - - [14/Mar/2024:06:37:30 -0500] "POST /sipse/faces/presentacion/financiero/solicitudProceso/listarSolicitudProceso.xhtml HTTP/1.1" 200 1388
201.245.192.253 - - [14/Mar/2024:06:37:43 -0500] "POST /kwsrmcab/Wsrmcab HTTP/1.1" 200 166
201.245.192.253 - - [14/Mar/2024:06:38:08 -0500] "POST /kwsrmcab/Wsrmcab HTTP/1.1" 200 166
201.245.192.253 - - [14/Mar/2024:06:38:25 -0500] "POST /forms/lservlet;jsessionid=ac16012b30d672fb2ec093aa4748bf0691d1e088fe72.e3iSbxaKaheRe3iNc3uNbNmQay1ynknvrkLOlQzNp65In0 HTTP/1.1" 200 2
162.55.175.141 - - [14/Mar/2024:06:39:05 -0500] "GET / HTTP/1.1" 200 4720
201.245.192.253 - - [14/Mar/2024:06:39:09 -0500] "POST /forms/lservlet;jsessionid=ac16012b30d60c378208792d4757a508e4811830dca4.e3iSbxaKaheRe3iNc3uNbNmQay1ynknvrkLOlQzNp65In0 HTTP/1.1" 200 2
201.245.192.253 - - [14/Mar/2024:06:39:11 -0500] "POST /kwsrmcab/Wsrmcab  HTTP/1.1" 200 166
172.22.2.4 - - [14/Mar/2024:06:37:49 -0500] "HEAD /BLA/boletinlegal/ HTTP/1.1" 200 -
201.245.192.253 - - [14/Mar/2024:06:39:33 -0500] "POST /kwsrmcab/Wsrmcab HTTP/1.1" 200 166
186.155.12.195 - - [14/Mar/2024:06:39:51 -0500] "GET /kwssiamovil/sm/ldap/au?x=U2FsdGVkX1/pGmNaP8HbujkT8SHuFBbTug0jfBWTrwAjsIrJB1YoosBEZyo1Dj5f&y=U2FsdGVkX1+V4cRLZMY9GZ0Ky29zGelBfM9q7IF6HLU= HTTP/1.1" 200 30
186.155.12.195 - - [14/Mar/2024:06:39:51 -0500] "GET /kwssiamovil/sm/acme/s?s=U2FsdGVkX18h1oms39fqyqRXpEf522vU1INSwsx1sS6cz7j7mha/bRyz//MWoOaYNW321YgUYnZBtiAWzYbqqDSmA7aHR2pZzRYeQVMOw2g=&u=U2FsdGVkX182KsMjfB/tn8IdxjMr+0HpNQuZEHpxNck=&y=U2FsdGVkX1+V4cRLZMY9GZ0Ky29zGelBfM9q7IF6HLU= HTTP/1.1" 200 97
186.155.12.195 - - [14/Mar/2024:06:39:51 -0500] "GET /kwssiamovil/sm/acme/s?s=U2FsdGVkX1/qF7Nihlc4hmQEiF3HoreSDo9g8YZV1qBsfTPHaWre27bZN8ugvtmQ/Ve5aGwYWmDkNBZG7UwFXmokjftxJGzLbcUdDgNq5/oTczhgu27TqFUlK9mJFS/aurB0KF4euK72FLOLSrrIURpfJJ6p/m0z0HBA5e2RueOTJBogAUEGTn9sU5ypBA2uJ4reOcGJZZ5XNyvWw7CLhObe6ZeFyKGn0IKWMPUlwu9I+5nD66ZFOg76485SAOYU6R8hzRbNchYUvMPyLl40l/IukF0O60kReAAEeWAHjSid6w08+PNcSriYEIW00ts8PtmYmSGs+5NPRfx/Jn16aBtLdhT/DZP9X7IG7tK7O+DUky0RWMDiayWogzQyxRcv6Sgq2+arbeHPOyhyS5ahfyzRQqHZgyoMLKFqNnLD4aLyfhxcTj5BGL/ZWzghDx/W+ZHBS474dVFCq20aHlgmH7kdHxfB5jYJ9oCzr727lzgIfLtUend8Qw5DajlDf2oO7KnblYOmQlXhGFuhMi4LbX1OAWy16qUUmq8S4tDaBeimMuL5DdlDj+455qt6bpAQZLAWuldpoT4kX80mg4kL23MjmXoFmUe2BICDQBYrx09sBA0IxqXPwbV1dhU7paNdQTr4qViPKIVIJhQBUTcfBqCRpMS2Q8+ptNYt+x+pW1wlml1WlVJk18UUp0G6fwpxlIz3jKui0hFSIq5ryQba5UE0quxWTRSIQ8SrpsePaGI5OekAKJNlq24/rEnwkjmeRtQKzcIwNUB46d1HjAGxSw3iC9TIVacuQ6+qU9BpTubOJoH4hERmkxEcqCY5lHjxZorjb8pGAKKnmWxNcxSDPS2yRi+xqyOL0X+nlUPbRHemdUMRuwUtnhM93a2bvRp6HeNpTuouNhZKVEF6WYr1GvIy7UWf0YX+F73KT2efmWubkhLlDn9r9av8XFPrg0qlzXtm4ZKljDnbPOTaxDQjWt7ljlAclJmWEYfYpdOJUSOBdG4tMSJlFMgH7M1gq2yxfMYNZ2SPhrkgpi+xOgRI0ARJayY/M2z2JnWm5o2W9Qc173+Dvz+gFLVnMOJVmWkjx3NlAo/ZT4wAoIyOLzsqrpmWqLUDw/1ZKSpbwXEsKhWZf/ts3ZhMVYb1YCI9X1YWmcY6n+daZ5UW8YEQknD0U52n/xbeR/2aarIqZhwk5Kv3A3UtT8tE15jOrQTrghr5lgEhHL5QQhEmiqjQuFvXxjZdeVcB25lLbFDxLy6NNiFsn1E5zssguZ1tK2+tGinaoVJKktAmwtIxiO12vIByfHOc2xZKaeMkxVOz1OLkfOnq/3v+JbHWOdhtglVaew526/R6oqYsT6dqA/IZhjDIt5nzDSHSpuu/MaVnDNjQPziEktZj1jvKSavQ8AmXpHZUeNAUjT+exx3NL7YNJNJw1sfQgOjXvAz/zrbJxARTlJDHYEFgkV+uslwTL3qvg5HSay/I0Nxz0V1MeiLpSEVb89NrtLU7GF234drHWbmjZE8QSQbQGsVaURJht3l5uusrFDWdsbNj63rgbHzPZNsmUg/zxc1zqh/acZbDco3awPNzzjGgYSUI1NUdjgxcwc/pnGTEEbu5Rkt3Bu5uskwyyZnnYSEuFh7VW2SGGbKd+d73W2KR41hgPQvYGqNQq+quU1Zr2kcifX9D1e250WewTR6RFvZV3eK263hKa2Bf4Fje96wSaXEFChDKa3x6hTdFMgJ7PSGz7oq62hefA0TPW6PcMbpIMnURoFBLudLNmME=&u=U2FsdGVkX182KsMjfB/tn8IdxjMr+0HpNQuZEHpxNck=&y=U2FsdGVkX1+V4cRLZMY9GZ0Ky29zGelBfM9q7IF6HLU= HTTP/1.1" 200 1243
186.155.12.195 - - [14/Mar/2024:06:39:51 -0500] "GET /kwssiamovil/sm/acme/s?s=U2FsdGVkX19P+Mecndbz0xuarIaynnj5j67kHX7uvQfWwWu7zvg16u6uTnc4RSamNrjIoHpoyqs6I/TrgHCMKbpJwKsQDoRAsDzLhcvUJYsUrFkgs7Rdpnlsq7bhHtuudPRuwkQj9lQdbu9lzAzfOSJ9qgC0Ia35VmbjsPyK95SjR6Qen1j0iMGsY0aHcFIKwFPtxWVRbcYrTW7iFS+akDC3ClxPtMIl4aP8MeJ15aP7XHU+GowK2s+5RlbbqXFQSsNwaT2YUYa7CdS8fWZOXgncoN+oJLINH9W99ly4fDTnOtTNbbNIPDplL9wEhfBU+Jxhktx3KF2c3rMm+TW+s5r560D3hcDxo/VIovYixS4r3ndflDMrq52WYWThdgjfMYTgLpGgI117611F8/SdMXluzU7bI3j1U8CR8iwC8vXd28jP/qd4dFD0om9gikGLPFJl4N3TJza2/OTOhZMMlyZMPnSOiJ4dAIfjo/XS5K/i4rlNKl1G8gXVpwDPXAvngXitFpRud2b+kWVWifQPkLN9RiRDE4hTfLwaGE6gkSwL1KwNc81S/NHQyU8SI45vprl6q14kLi6feoetfnMCUYaNqHvUyFC6yWVMZh6JuGe3Anat7EAVDhKj3EVxmzHu+hjrMbLyAd+4Uien/Zio1bob8rIXcKMZODQTOwEWyl75iYJ2F0ZU1apFev2DYwQRF5BLHu8buGZsR72CK9BfbY/LCZl0hTj2QP+cBOs+XI3rGSg/UhNvE9ASI/ZqBHxv&u=U2FsdGVkX182KsMjfB/tn8IdxjMr+0HpNQuZEHpxNck=&y=U2FsdGVkX1+V4cRLZMY9GZ0Ky29zGelBfM9q7IF6HLU= HTTP/1.1" 200 208
186.155.12.195 - - [14/Mar/2024:06:39:51 -0500] "GET /kwssiamovil/sm/cjson/pre?f=1&x=U2FsdGVkX1/pGmNaP8HbujkT8SHuFBbTug0jfBWTrwAjsIrJB1YoosBEZyo1Dj5f HTTP/1.1" 200 30244
201.245.192.253 - - [14/Mar/2024:06:39:59 -0500] "POST /kwsrmcab/Wsrmcab HTTP/1.1" 200 166
201.245.192.253 - - [14/Mar/2024:06:39:59 -0500] "POST /kwsrmcab/Wsrmcab HTTP/1.1" 200 166
201.245.192.253 - - [14/Mar/2024:06:40:10 -0500] "POST /kwsrmcab/Wsrmcab  HTTP/1.1" 200 39632
172.22.2.4 - - [14/Mar/2024:06:38:40 -0500] "GET /BLA/boletinlegal/ HTTP/1.1" 200 60380
157.55.39.62 - - [14/Mar/2024:06:40:21 -0500] "GET /BLA/resoluciones/AUTOS%202013/0191.pdf HTTP/1.1" 200 235193
201.245.192.253 - - [14/Mar/2024:06:40:25 -0500] "POST /forms/lservlet;jsessionid=ac16012b30d672fb2ec093aa4748bf0691d1e088fe72.e3iSbxaKaheRe3iNc3uNbNmQay1ynknvrkLOlQzNp65In0 HTTP/1.1" 200 2
216.245.221.92 - - [14/Mar/2024:06:40:40 -0500] "HEAD / HTTP/1.1" 200 -
201.245.192.253 - - [14/Mar/2024:06:41:09 -0500] "POST /forms/lservlet;jsessionid=ac16012b30d60c378208792d4757a508e4811830dca4.e3iSbxaKaheRe3iNc3uNbNmQay1ynknvrkLOlQzNp65In0 HTTP/1.1" 200 2
201.245.192.253 - - [14/Mar/2024:06:41:10 -0500] "POST /kwsrmcab/Wsrmcab  HTTP/1.1" 200 39632
201.245.192.253 - - [14/Mar/2024:06:42:25 -0500] "POST /forms/lservlet;jsessionid=ac16012b30d672fb2ec093aa4748bf0691d1e088fe72.e3iSbxaKaheRe3iNc3uNbNmQay1ynknvrkLOlQzNp65In0 HTTP/1.1" 200 2
172.22.2.4 - - [14/Mar/2024:06:41:48 -0500] "GET /BLA/boletinlegal/ HTTP/1.1" 200 32715
172.22.2.4 - - [14/Mar/2024:06:42:32 -0500] "GET /BLA/boletinlegal/robots.txt HTTP/1.1" 404 1037
172.22.2.4 - - [14/Mar/2024:06:42:33 -0500] "GET /BLA/boletinlegal/jurisprudencia/analisis/CUADRO%20ANALISIS%20SENTENCIA%20T-411%20DE%201992.doc HTTP/1.1" 304 -
201.245.192.253 - - [14/Mar/2024:06:43:09 -0500] "POST /forms/lservlet;jsessionid=ac16012b30d60c378208792d4757a508e4811830dca4.e3iSbxaKaheRe3iNc3uNbNmQay1ynknvrkLOlQzNp65In0 HTTP/1.1" 200 2
201.245.192.253 - - [14/Mar/2024:06:43:09 -0500] "POST /kwsrmcab/Wsrmcab HTTP/1.1" 200 38024
201.245.192.253 - - [14/Mar/2024:06:43:28 -0500] "POST /kwsrmcab/Wsrmcab HTTP/1.1" 200 37801
201.245.192.253 - - [14/Mar/2024:06:43:45 -0500] "GET /appsia/controlador HTTP/1.1" 200 4799
201.245.192.253 - - [14/Mar/2024:06:43:45 -0500] "GET /appsia/scripts/validarIngreso.js HTTP/1.1" 200 851
201.245.192.253 - - [14/Mar/2024:06:43:45 -0500] "GET /appsia/css/estilos.css HTTP/1.1" 200 4804
201.245.192.253 - - [14/Mar/2024:06:43:45 -0500] "GET /appsia/images/cabezoteHojaVida.png HTTP/1.1" 200 32493
201.245.192.253 - - [14/Mar/2024:06:43:45 -0500] "GET /appsia/images/logo_bogota_p.png HTTP/1.1" 200 14951
201.245.192.253 - - [14/Mar/2024:06:43:46 -0500] "GET /favicon.ico HTTP/1.1" 200 7782
201.245.192.253 - - [14/Mar/2024:06:43:47 -0500] "POST /kwsrmcab/Wsrmcab HTTP/1.1" 200 37794
201.245.192.253 - - [14/Mar/2024:06:43:54 -0500] "POST /appsia/controlador HTTP/1.1" 200 5437
201.245.192.253 - - [14/Mar/2024:06:43:55 -0500] "POST /appsia/controlador HTTP/1.1" 200 7777
201.245.192.253 - - [14/Mar/2024:06:44:00 -0500] "POST /appsia/controlador HTTP/1.1" 200 6642
201.245.192.253 - - [14/Mar/2024:06:44:01 -0500] "POST /appsia/controlador HTTP/1.1" 200 11009
201.245.192.253 - - [14/Mar/2024:06:44:15 -0500] "POST /appsia/controlador HTTP/1.1" 200 7777
201.245.192.253 - - [14/Mar/2024:06:44:19 -0500] "POST /appsia/controlador HTTP/1.1" 200 6642
201.245.192.253 - - [14/Mar/2024:06:44:20 -0500] "POST /appsia/controlador HTTP/1.1" 200 10627
201.245.192.253 - - [14/Mar/2024:06:44:25 -0500] "POST /forms/lservlet;jsessionid=ac16012b30d672fb2ec093aa4748bf0691d1e088fe72.e3iSbxaKaheRe3iNc3uNbNmQay1ynknvrkLOlQzNp65In0 HTTP/1.1" 200 2
201.245.192.253 - - [14/Mar/2024:06:44:38 -0500] "POST /appsia/controlador HTTP/1.1" 200 7777
201.245.192.253 - - [14/Mar/2024:06:44:43 -0500] "POST /appsia/controlador HTTP/1.1" 200 6642
201.245.192.253 - - [14/Mar/2024:06:44:44 -0500] "POST /appsia/controlador HTTP/1.1" 200 11009
201.245.192.253 - - [14/Mar/2024:06:45:09 -0500] "POST /forms/lservlet;jsessionid=ac16012b30d60c378208792d4757a508e4811830dca4.e3iSbxaKaheRe3iNc3uNbNmQay1ynknvrkLOlQzNp65In0 HTTP/1.1" 200 2
172.22.2.4 - - [14/Mar/2024:06:43:39 -0500] "HEAD /BLA/boletinlegal/ HTTP/1.1" 200 -
216.245.221.92 - - [14/Mar/2024:06:45:40 -0500] "HEAD / HTTP/1.1" 200 -
201.245.192.253 - - [14/Mar/2024:06:46:08 -0500] "POST /kwsrmcab/Wsrmcab  HTTP/1.1" 200 39632
172.22.2.4 - - [14/Mar/2024:06:44:30 -0500] "GET /BLA/boletinlegal/ HTTP/1.1" 200 58273
47.128.33.81 - - [14/Mar/2024:06:46:12 -0500] "GET /BLA/resoluciones/AUTOS%202021/0245.php?act=f&d=E%3A%5Cnuevo%5Chtdocs%5CBLA%5Cresoluciones%5CAUTOS+2021&f=0848.pdf&ft=info HTTP/1.1" 200 3847
47.128.33.81 - - [14/Mar/2024:06:46:13 -0500] "GET /BLA/resoluciones/AUTOS%202021/0245.php?act=img&img=ext_html HTTP/1.1" 200 230
47.128.33.81 - - [14/Mar/2024:06:46:13 -0500] "GET /BLA/resoluciones/AUTOS%202021/0245.php?act=img&img=ext_exe HTTP/1.1" 200 118
47.128.33.81 - - [14/Mar/2024:06:46:13 -0500] "GET /BLA/resoluciones/AUTOS%202021/0245.php?act=img&img=ext_pdf HTTP/1.1" 200 1034
47.128.33.81 - - [14/Mar/2024:06:46:13 -0500] "GET /BLA/resoluciones/AUTOS%202021/0245.php?act=img&img=ext_txt HTTP/1.1" 200 132
47.128.33.81 - - [14/Mar/2024:06:46:13 -0500] "GET /BLA/resoluciones/AUTOS%202021/0245.php?act=img&img=ext_gif HTTP/1.1" 200 175
47.128.33.81 - - [14/Mar/2024:06:46:13 -0500] "GET /BLA/resoluciones/AUTOS%202021/0245.php?act=img&img=ext_diz HTTP/1.1" 200 1027
47.128.33.81 - - [14/Mar/2024:06:46:13 -0500] "GET /BLA/resoluciones/AUTOS%202021/0245.php?act=img&img=download HTTP/1.1" 200 161
47.128.33.81 - - [14/Mar/2024:06:46:13 -0500] "GET /BLA/resoluciones/AUTOS%202021/0245.php?act=img&img=ext_ini HTTP/1.1" 200 134
47.128.33.81 - - [14/Mar/2024:06:46:13 -0500] "GET /BLA/resoluciones/AUTOS%202021/0245.php?act=img&img=change HTTP/1.1" 200 290
47.128.33.81 - - [14/Mar/2024:06:46:13 -0500] "GET /BLA/resoluciones/AUTOS%202021/0245.php?act=img&img=ext_rtf HTTP/1.1" 200 164
201.245.192.253 - - [14/Mar/2024:06:46:17 -0500] "POST /appsia/controlador HTTP/1.1" 200 7777
201.245.192.253 - - [14/Mar/2024:06:46:25 -0500] "POST /forms/lservlet;jsessionid=ac16012b30d672fb2ec093aa4748bf0691d1e088fe72.e3iSbxaKaheRe3iNc3uNbNmQay1ynknvrkLOlQzNp65In0 HTTP/1.1" 200 2
18.214.133.41 - - [14/Mar/2024:06:46:34 -0500] "GET /BLA/resoluciones/Notificaciones/RESOLUCIONES%202023/00511.pdf HTTP/1.1" 200 342343
18.214.133.41 - - [14/Mar/2024:06:46:34 -0500] "GET /BLA/resoluciones/Notificaciones/RESOLUCIONES%202022/5457.pdf HTTP/1.1" 200 3935196
47.128.21.113 - - [14/Mar/2024:06:46:35 -0500] "GET /BLA/resoluciones/AUTOS%202021/0245.php?act=f&d=E%3A%5Cnuevo%5Chtdocs%5CBLA%5Cresoluciones%5CAUTOS+2021&f=4617.pdf&ft=info HTTP/1.1" 200 3849
18.214.133.41 - - [14/Mar/2024:06:46:35 -0500] "GET /BLA/resoluciones/Notificaciones/RESOLUCIONES%202023/0271.pdf HTTP/1.1" 200 3924573
18.214.133.41 - - [14/Mar/2024:06:46:36 -0500] "GET /BLA/resoluciones/Notificaciones/RESOLUCIONES%202022/4188.pdf HTTP/1.1" 200 467820
47.128.21.113 - - [14/Mar/2024:06:46:36 -0500] "GET /BLA/resoluciones/AUTOS%202021/0245.php?act=img&img=download HTTP/1.1" 200 161
18.214.133.41 - - [14/Mar/2024:06:46:36 -0500] "GET /BLA/resoluciones/Notificaciones/AUTOS%202023/1712.pdf HTTP/1.1" 200 383796
47.128.21.113 - - [14/Mar/2024:06:46:36 -0500] "GET /BLA/resoluciones/AUTOS%202021/0245.php?act=img&img=ext_gif HTTP/1.1" 200 175
47.128.21.113 - - [14/Mar/2024:06:46:36 -0500] "GET /BLA/resoluciones/AUTOS%202021/0245.php?act=img&img=ext_diz HTTP/1.1" 200 1027
18.214.133.41 - - [14/Mar/2024:06:46:36 -0500] "GET /BLA/resoluciones/Notificaciones/AUTOS%202023/1273.pdf HTTP/1.1" 200 425476
47.128.21.113 - - [14/Mar/2024:06:46:36 -0500] "GET /BLA/resoluciones/AUTOS%202021/0245.php?act=img&img=ext_txt HTTP/1.1" 200 132
47.128.21.113 - - [14/Mar/2024:06:46:36 -0500] "GET /BLA/resoluciones/AUTOS%202021/0245.php?act=img&img=ext_html HTTP/1.1" 200 230
47.128.21.113 - - [14/Mar/2024:06:46:36 -0500] "GET /BLA/resoluciones/AUTOS%202021/0245.php?act=img&img=ext_pdf HTTP/1.1" 200 1034
18.214.133.41 - - [14/Mar/2024:06:46:36 -0500] "GET /BLA/resoluciones/Notificaciones/AUTOS%202023/173.pdf HTTP/1.1" 200 2095494
18.214.133.41 - - [14/Mar/2024:06:46:36 -0500] "GET /BLA/resoluciones/Notificaciones/REGISTROS%202023/00241.pdf HTTP/1.1" 200 281089
47.128.21.113 - - [14/Mar/2024:06:46:36 -0500] "GET /BLA/resoluciones/AUTOS%202021/0245.php?act=img&img=ext_rtf HTTP/1.1" 200 164
47.128.21.113 - - [14/Mar/2024:06:46:36 -0500] "GET /BLA/resoluciones/AUTOS%202021/0245.php?act=img&img=ext_exe HTTP/1.1" 200 118
47.128.21.113 - - [14/Mar/2024:06:46:36 -0500] "GET /BLA/resoluciones/AUTOS%202021/0245.php?act=img&img=change HTTP/1.1" 200 290
47.128.21.113 - - [14/Mar/2024:06:46:36 -0500] "GET /BLA/resoluciones/AUTOS%202021/0245.php?act=img&img=ext_ini HTTP/1.1" 200 134
18.214.133.41 - - [14/Mar/2024:06:46:36 -0500] "GET /BLA/resoluciones/Notificaciones/AUTOS%202023/2276.pdf HTTP/1.1" 200 3954700
201.245.192.253 - - [14/Mar/2024:06:46:58 -0500] "POST /kwsrmcab/Wsrmcab HTTP/1.1" 200 37644
47.128.122.215 - - [14/Mar/2024:06:46:59 -0500] "GET /BLA/resoluciones/AUTOS%202021/0245.php?act=chmod&d=E%3A%5Cnuevo%5Chtdocs%5CBLA%5Cresoluciones%5CAUTOS+2021&f=5772.pdf HTTP/1.1" 200 2902
201.245.192.253 - - [14/Mar/2024:06:47:09 -0500] "POST /forms/lservlet;jsessionid=ac16012b30d60c378208792d4757a508e4811830dca4.e3iSbxaKaheRe3iNc3uNbNmQay1ynknvrkLOlQzNp65In0 HTTP/1.1" 200 2
47.128.56.134 - - [14/Mar/2024:06:47:23 -0500] "GET /BLA/resoluciones/AUTOS%202021/0245.php?act=f&d=E%3A%5Cnuevo%5Chtdocs%5CBLA%5Cresoluciones%5CAUTOS+2021&f=5943.pdf&ft=download HTTP/1.1" 200 290471
47.128.123.119 - - [14/Mar/2024:06:47:47 -0500] "GET /BLA/resoluciones/AUTOS%202021/0245.php?act=f&d=E%3A%5Cnuevo%5Chtdocs%5CBLA%5Cresoluciones%5CAUTOS+2021&f=5991.pdf HTTP/1.1" 200 3036
47.128.123.119 - - [14/Mar/2024:06:47:48 -0500] "GET /BLA/resoluciones/AUTOS%202021/0245.php?act=img&img=ext_gif HTTP/1.1" 200 175
47.128.123.119 - - [14/Mar/2024:06:47:48 -0500] "GET /BLA/resoluciones/AUTOS%202021/0245.php?act=img&img=ext_diz HTTP/1.1" 200 1027
47.128.123.119 - - [14/Mar/2024:06:47:48 -0500] "GET /BLA/resoluciones/AUTOS%202021/0245.php?act=img&img=ext_exe HTTP/1.1" 200 118
47.128.123.119 - - [14/Mar/2024:06:47:48 -0500] "GET /BLA/resoluciones/AUTOS%202021/0245.php?act=img&img=ext_html HTTP/1.1" 200 230
47.128.123.119 - - [14/Mar/2024:06:47:48 -0500] "GET /BLA/resoluciones/AUTOS%202021/0245.php?act=img&img=ext_txt HTTP/1.1" 200 132
47.128.123.119 - - [14/Mar/2024:06:47:48 -0500] "GET /BLA/resoluciones/AUTOS%202021/0245.php?act=img&img=ext_pdf HTTP/1.1" 200 1034
47.128.123.119 - - [14/Mar/2024:06:47:48 -0500] "GET /BLA/resoluciones/AUTOS%202021/0245.php?act=img&img=ext_rtf HTTP/1.1" 200 164
47.128.123.119 - - [14/Mar/2024:06:47:49 -0500] "GET /BLA/resoluciones/AUTOS%202021/0245.php?act=img&img=download HTTP/1.1" 200 161
47.128.123.119 - - [14/Mar/2024:06:47:49 -0500] "GET /BLA/resoluciones/AUTOS%202021/0245.php?act=img&img=ext_ini HTTP/1.1" 200 134
47.128.123.119 - - [14/Mar/2024:06:47:49 -0500] "GET /BLA/resoluciones/AUTOS%202021/0245.php?act=img&img=change HTTP/1.1" 200 290
66.249.66.21 - - [14/Mar/2024:06:48:21 -0500] "GET /BLA/resoluciones/AUTOS%202010/4610.pdf HTTP/1.1" 200 254608
201.245.192.253 - - [14/Mar/2024:06:48:25 -0500] "POST /forms/lservlet;jsessionid=ac16012b30d672fb2ec093aa4748bf0691d1e088fe72.e3iSbxaKaheRe3iNc3uNbNmQay1ynknvrkLOlQzNp65In0 HTTP/1.1" 200 2
40.77.190.10 - - [14/Mar/2024:06:48:37 -0500] "GET /sipse/faces/faces/index.xhtml HTTP/1.1" 200 677
40.77.190.10 - - [14/Mar/2024:06:48:38 -0500] "GET /sipse/faces/faces/faces/autenticacion.xhtml HTTP/1.1" 200 12402
40.77.190.10 - - [14/Mar/2024:06:48:38 -0500] "GET /sipse/faces/javax.faces.resource/theme.css?ln=primefaces-sipse HTTP/1.1" 304 -
40.77.190.10 - - [14/Mar/2024:06:48:38 -0500] "GET /sipse/faces/javax.faces.resource/layout/layout.css?ln=primefaces&v=4.0 HTTP/1.1" 200 542
40.77.190.10 - - [14/Mar/2024:06:48:38 -0500] "GET /sipse/faces/javax.faces.resource/layout/layout.js?ln=primefaces&v=4.0 HTTP/1.1" 200 87560
40.77.190.10 - - [14/Mar/2024:06:48:38 -0500] "GET /sipse/faces/javax.faces.resource/primefaces.css?ln=primefaces&v=4.0 HTTP/1.1" 200 53295
40.77.190.10 - - [14/Mar/2024:06:48:38 -0500] "GET /sipse/faces/javax.faces.resource/jquery/jquery.js?ln=primefaces&v=4.0 HTTP/1.1" 200 105384
40.77.190.10 - - [14/Mar/2024:06:48:38 -0500] "GET /sipse/faces/javax.faces.resource/primefaces.js?ln=primefaces&v=4.0 HTTP/1.1" 200 276924
40.77.190.10 - - [14/Mar/2024:06:48:38 -0500] "GET /sipse/faces/javax.faces.resource/jquery/jquery-plugins.js?ln=primefaces&v=4.0 HTTP/1.1" 200 220526
40.77.190.10 - - [14/Mar/2024:06:48:39 -0500] "GET /sipse/faces/javax.faces.resource/images/ui-icons_898989_256x240.png?ln=primefaces-aristo HTTP/1.1" 200 5355
201.245.192.253 - - [14/Mar/2024:06:49:09 -0500] "POST /forms/lservlet;jsessionid=ac16012b30d60c378208792d4757a508e4811830dca4.e3iSbxaKaheRe3iNc3uNbNmQay1ynknvrkLOlQzNp65In0 HTTP/1.1" 200 2
152.203.148.154 - - [14/Mar/2024:06:50:18 -0500] "GET /sipse/faces/faces/autenticacion.xhtml HTTP/1.1" 200 12724
152.203.148.154 - - [14/Mar/2024:06:50:18 -0500] "GET /sipse/faces/javax.faces.resource/layout/layout.css;jsessionid=YVCWq7AoJcsk+zwcNOBnPztN.undefined?ln=primefaces&v=4.0 HTTP/1.1" 200 542
152.203.148.154 - - [14/Mar/2024:06:50:18 -0500] "GET /sipse/faces/javax.faces.resource/theme.css?ln=primefaces-sipse HTTP/1.1" 304 -
