201.245.192.253 - - [17/Mar/2024:06:45:52 -0500] "POST /forms/lservlet;jsessionid=ac16012b30d672fb2ec093aa4748bf0691d1e088fe72.e3iSbxaKaheRe3iNc3uNbNmQay1ynknvrkLOlQzNp65In0 HTTP/1.1" 200 2
201.245.192.253 - - [17/Mar/2024:06:46:33 -0500] "POST /forms/lservlet;jsessionid=ac16012b30d60c378208792d4757a508e4811830dca4.e3iSbxaKaheRe3iNc3uNbNmQay1ynknvrkLOlQzNp65In0 HTTP/1.1" 200 2
35.203.211.73 - - [17/Mar/2024:06:47:13 -0500] "GET / HTTP/1.1" 200 319
201.245.192.253 - - [17/Mar/2024:06:47:16 -0500] "POST /kwsrmcab/Wsrmcab  HTTP/1.1" 200 37824
201.245.192.253 - - [17/Mar/2024:06:47:52 -0500] "POST /forms/lservlet;jsessionid=ac16012b30d672fb2ec093aa4748bf0691d1e088fe72.e3iSbxaKaheRe3iNc3uNbNmQay1ynknvrkLOlQzNp65In0 HTTP/1.1" 200 2
201.245.192.253 - - [17/Mar/2024:06:48:33 -0500] "POST /forms/lservlet;jsessionid=ac16012b30d60c378208792d4757a508e4811830dca4.e3iSbxaKaheRe3iNc3uNbNmQay1ynknvrkLOlQzNp65In0 HTTP/1.1" 200 2
172.22.2.4 - - [17/Mar/2024:06:47:26 -0500] "HEAD /BLA/boletinlegal/ HTTP/1.1" 200 -
201.245.192.253 - - [17/Mar/2024:06:49:52 -0500] "POST /forms/lservlet;jsessionid=ac16012b30d672fb2ec093aa4748bf0691d1e088fe72.e3iSbxaKaheRe3iNc3uNbNmQay1ynknvrkLOlQzNp65In0 HTTP/1.1" 200 2
172.22.2.4 - - [17/Mar/2024:06:48:16 -0500] "GET /BLA/boletinlegal/ HTTP/1.1" 200 53818
201.245.192.253 - - [17/Mar/2024:06:50:33 -0500] "POST /forms/lservlet;jsessionid=ac16012b30d60c378208792d4757a508e4811830dca4.e3iSbxaKaheRe3iNc3uNbNmQay1ynknvrkLOlQzNp65In0 HTTP/1.1" 200 2
216.245.221.92 - - [17/Mar/2024:06:50:47 -0500] "HEAD / HTTP/1.1" 200 -
201.245.192.253 - - [17/Mar/2024:06:51:52 -0500] "POST /forms/lservlet;jsessionid=ac16012b30d672fb2ec093aa4748bf0691d1e088fe72.e3iSbxaKaheRe3iNc3uNbNmQay1ynknvrkLOlQzNp65In0 HTTP/1.1" 200 2
201.245.192.253 - - [17/Mar/2024:06:52:14 -0500] "POST /kwsrmcab/Wsrmcab  HTTP/1.1" 200 37824
201.245.192.253 - - [17/Mar/2024:06:52:33 -0500] "POST /forms/lservlet;jsessionid=ac16012b30d60c378208792d4757a508e4811830dca4.e3iSbxaKaheRe3iNc3uNbNmQay1ynknvrkLOlQzNp65In0 HTTP/1.1" 200 2
172.22.2.4 - - [17/Mar/2024:06:51:12 -0500] "GET /BLA/boletinlegal/ HTTP/1.1" 200 62720
201.245.192.253 - - [17/Mar/2024:06:53:52 -0500] "POST /forms/lservlet;jsessionid=ac16012b30d672fb2ec093aa4748bf0691d1e088fe72.e3iSbxaKaheRe3iNc3uNbNmQay1ynknvrkLOlQzNp65In0 HTTP/1.1" 200 2
201.245.192.253 - - [17/Mar/2024:06:54:33 -0500] "POST /forms/lservlet;jsessionid=ac16012b30d60c378208792d4757a508e4811830dca4.e3iSbxaKaheRe3iNc3uNbNmQay1ynknvrkLOlQzNp65In0 HTTP/1.1" 200 2
172.22.2.4 - - [17/Mar/2024:06:53:16 -0500] "HEAD /BLA/boletinlegal/ HTTP/1.1" 200 -
172.22.2.4 - - [17/Mar/2024:06:54:06 -0500] "GET /BLA/boletinlegal/ HTTP/1.1" 200 53419
216.245.221.92 - - [17/Mar/2024:06:55:47 -0500] "HEAD / HTTP/1.1" 200 -
186.102.55.150 - - [17/Mar/2024:06:55:50 -0500] "GET /kwssiamovil/sm/ldap/au?x=U2FsdGVkX18ViklXtGhcW4x2k0xMkuBkCOv/A+VAkhzDCk9QD3bAnEB+BnPuYvUg&y=U2FsdGVkX1+4J6k2SM1JMhYq2ByKfqDJA6eIDCRhTJViq8Ijbytrx9iQAVNm02ov HTTP/1.1" 200 30
186.102.55.150 - - [17/Mar/2024:06:55:50 -0500] "GET /kwssiamovil/sm/acme/s?s=U2FsdGVkX1+PPWb+UTziLXeaqs4t68XUfWrqV5arGZt6sbwKewMNxMjbhsEOZqoDSvvgsEPgLIKPGyu0o5b4XIpQSm0xHI02PtMItPRVH8s=&u=U2FsdGVkX1+fKGt856snTflnpoi6QM5w9F9hfLnhO7c=&y=U2FsdGVkX1+4J6k2SM1JMhYq2ByKfqDJA6eIDCRhTJViq8Ijbytrx9iQAVNm02ov HTTP/1.1" 200 97
186.102.55.150 - - [17/Mar/2024:06:55:50 -0500] "GET /kwssiamovil/sm/acme/s?s=U2FsdGVkX1/M9WaRZvyrFfpcZ0MbKfAqAosqv/w1TrNmrAFmK1Kj/zF8ZlpRfOvAffFpLMXls80dmk7hmAc+ArcpyWD293sDb83ub8SkeAP+aHGzIxLgYteUh3eDbTV7XfTYppBd1tA8dke0CVU0LH3CvAjnKZoOwQo7/ZJpiw8oWg8epcutLPOTxgxzqfdBl03m/W3ScIwnA4rx2tKmjHfQujYFt7he3GW32IushJ9ENpxnH3HmxIMnkF59yrOwGd2DsVGjN3GH75mqXVjTXmL7i5qKi4xxQwZPAY57ybDweVz2suSDxgsJotAKSEkAySCYLi1F5bY6Nv9+F0pZJA33beowgTzJrzrb8grCPQt/AFQgZIwcoTuphSLN8ejcmPpJFq8F43tfbnHBIwsZp6nzPUhC672eEOYwEXcYAHDPR7ZbHre1jlS5QNyDAZ5auS3GSKjk5X9hUS+k41HaMA7jgeZx7vkiQq+HC3U6fbyljGNE2VvCY64eahc9zeuoM8cZoR0iv3OZhPvX2DKGLJuiWRAZp2lKRj/w8t40013/L+sLvds6aUW/3AjepRxN93KQ1ds01Cnn3ClDb3nUPhsSRJQlaxQ5crjuarVMdYm/p5NpQBtw/tXz0a5vg+0Kbj/+EhL1QKLKUTY+4XDZTn1FS7YPqtFST+mfzIKt1cFglL72pyD2FIemzH2rZaOP+QhOxBEIuO9/aSiFOz0PvcNeszc2JZcZIHtabYGsDsjOHCeksDCwKGfiQ9/BQ+luWVJ4g0YX7c+Y93UfmBhenkQ8fChygkTAQ6KlzItnUwYU+gcMqVpjVQ2SczR/nBs7ifNjFYlcPiYGhMwkJry2/1qMx6Y9pDsx7pldIFzU5XrsDAV4vCnR5OmYEhQhYFHY2gHqIXHrWrocLRa4ighdMaM9pDOieHJ6cEmrHinOd1ouREVhjwctOUWgYlj4yTAbIo/OeDT3o+F/gjuOc0Ox5uh54ROcs3WNgatKZUO5Cmk9Hi9aF0mUVP9nKtvC3Z8k7R4nW0MskqnwOBeIX9XWNrrd4MAnix8ejdWbMI49ZXy7+hEMQ0IKnEfuCRGAS4ksgrKhOd8K7uI9N9Qnh/OUPe5T2hjIADntnO5NOwE8q7ccsqwdXj3/p1U3p5aAEgTUEvTlORPZCZOLZoHD7HnpM+rUpmAT3vof0cEyvgGJ/8svandNOVYF6+dODPNRaAkRBFulV0S/NJRdjOZeJ5+ZPa8oeXKBRHQZiYAD2J2GttrNf8fUMJJXHM53vkWUmfBSRPMUEbonvKHLnecJtiuioMPaIgztNpi22yGaqhT8gG2mUFT7pJPOLJLewluOAPz+bRgDYCJOXd/jIx+1o8lTjUW+sDHUql1Qc+iAPjbCFpDb+GjHDZ/Ry83adqAn1q4PYBxlJA3TNLpFIeXARxEIWKYDf6Wrn62UBYGC/A541EkkybUvBrGxC/DrBF8o3ElaGqzCw0hMm53/Kt3qEEfrNAihYwAAu/emPLLP6TZ8r/+LTtvYkR6X8fwaj+PHO+6yt2Wh563LhD7ZtSIonAjJnMO6LRW0qqUAOzpbmtQDPlpQbZeKsX6usiBP7vIbqj/GKG9ms4JIXYCc2Z73aQSRjkEr+uiuMsu2Vrlvt2m3uxx0ZJ4uWtKt7NoRb/fs7nq3BtTex0Dlms6og27Y3SsgfiacT2Z9g2GlqK7BDdK376uPo+dhgCyhDSSrXabQF5EP05Cq4ApQHAgX2au21GV5flDWzkU9IyI8j/iwTv2IGwM=&u=U2FsdGVkX1+fKGt856snTflnpoi6QM5w9F9hfLnhO7c=&y=U2FsdGVkX1+4J6k2SM1JMhYq2ByKfqDJA6eIDCRhTJViq8Ijbytrx9iQAVNm02ov HTTP/1.1" 200 4171
186.102.55.150 - - [17/Mar/2024:06:55:51 -0500] "GET /kwssiamovil/sm/acme/s?s=U2FsdGVkX18Gw2tbXhptakC+ywmQSZcr4Ja+n51UxQATpBbs1y+WruEBwFJYpr8BH2zCI1et7xAK08xSXNUN0JUfxSjPy8udD1OSXLT98yVPn5JdJ/OwDQYmqS0IRIw1HuMHw1sOTF2fwo6ILmydriTopKjxmc7BW7bQainK77vlx8Ea2MD6n7pfijFAJue1Ujqqa9df1eYQ4kFatdpV7FJJU879usZQDbnNRMUuG4+c8GBMbHSYImc2JS2+io1eoPuCI3SU917udoeSKyI8IqfUYbTRYCaYUDiv6TEQggYT3YuSN7G9djCdvdo8HH0cf+Y69XLpYk7himWc/K/hOFpr7mjRVUEWWCKdDBovEcIPYt9R9kXOWySI68ldeTsBEgot194T1IDvTzRwTULR7nxz55g0WFokvckTvUQH6RXu/c15YQiF2q5Cr0LiCMZamH64r21NsMYXnljXwypYC3nLNJDa1TrtWzq732O+0C16Ij+/Vh6YiR9fhXMefT528uxNNq7qp2kF5bAZkI+SgcqONXsK+NtU+1onKvVbQRLjkSIDjwzvzuSJeZpOxkO9kg6NokyORgW4pZ/DBoBe9M+jgH7wqkJv+AAXIeZJAuFHj3Cgjf2EtQAxv7WszmiVifwqBtc4sLc3HZmWfK4+XmpV2Buau3sUjWxJVscIuKh+DmPqHizr1cdMeME6NghP62eSwxzSU/iiYKJf9dV+ptxjHLI113v6LW1yoDC1gZXBHdq2ey5A0ZgHzBtNITB3&u=U2FsdGVkX1+fKGt856snTflnpoi6QM5w9F9hfLnhO7c=&y=U2FsdGVkX1+4J6k2SM1JMhYq2ByKfqDJA6eIDCRhTJViq8Ijbytrx9iQAVNm02ov HTTP/1.1" 200 208
186.102.55.150 - - [17/Mar/2024:06:55:51 -0500] "GET /kwssiamovil/sm/cjson/pre?f=1&x=U2FsdGVkX18ViklXtGhcW4x2k0xMkuBkCOv/A+VAkhzDCk9QD3bAnEB+BnPuYvUg HTTP/1.1" 200 30244
201.245.192.253 - - [17/Mar/2024:06:55:52 -0500] "POST /forms/lservlet;jsessionid=ac16012b30d672fb2ec093aa4748bf0691d1e088fe72.e3iSbxaKaheRe3iNc3uNbNmQay1ynknvrkLOlQzNp65In0 HTTP/1.1" 200 2
201.245.192.253 - - [17/Mar/2024:06:56:33 -0500] "POST /forms/lservlet;jsessionid=ac16012b30d60c378208792d4757a508e4811830dca4.e3iSbxaKaheRe3iNc3uNbNmQay1ynknvrkLOlQzNp65In0 HTTP/1.1" 200 2
201.245.192.253 - - [17/Mar/2024:06:57:12 -0500] "POST /kwsrmcab/Wsrmcab  HTTP/1.1" 200 37824
52.167.144.220 - - [17/Mar/2024:06:57:46 -0500] "GET /iboca-presenta-intermitencia-seguimiento-de-calidad-del-aire-se-hace-por-medio-de-la-red-de-monitoreo.html HTTP/1.1" 200 1027
114.119.132.238 - - [17/Mar/2024:06:57:51 -0500] "GET /BLA/resoluciones/index.php?dir=Notificaciones/AUTOS%2B2023/&sort=name&order=asc HTTP/1.1" 200 14353
201.245.192.253 - - [17/Mar/2024:06:57:52 -0500] "POST /forms/lservlet;jsessionid=ac16012b30d672fb2ec093aa4748bf0691d1e088fe72.e3iSbxaKaheRe3iNc3uNbNmQay1ynknvrkLOlQzNp65In0 HTTP/1.1" 200 2
172.22.2.4 - - [17/Mar/2024:06:56:50 -0500] "GET /BLA/boletinlegal/ HTTP/1.1" 200 57291
201.245.192.253 - - [17/Mar/2024:06:58:33 -0500] "POST /forms/lservlet;jsessionid=ac16012b30d60c378208792d4757a508e4811830dca4.e3iSbxaKaheRe3iNc3uNbNmQay1ynknvrkLOlQzNp65In0 HTTP/1.1" 200 2
172.22.2.4 - - [17/Mar/2024:06:59:51 -0500] "GET /BLA/boletinlegal/js/jquery.scrollTo-min.js HTTP/1.1" 200 1150
201.245.192.253 - - [17/Mar/2024:06:59:52 -0500] "POST /forms/lservlet;jsessionid=ac16012b30d672fb2ec093aa4748bf0691d1e088fe72.e3iSbxaKaheRe3iNc3uNbNmQay1ynknvrkLOlQzNp65In0 HTTP/1.1" 200 2
172.22.2.4 - - [17/Mar/2024:06:58:50 -0500] "GET /BLA/boletinlegal/ HTTP/1.1" 200 52358
201.245.192.253 - - [17/Mar/2024:07:00:33 -0500] "POST /forms/lservlet;jsessionid=ac16012b30d60c378208792d4757a508e4811830dca4.e3iSbxaKaheRe3iNc3uNbNmQay1ynknvrkLOlQzNp65In0 HTTP/1.1" 200 2
172.22.2.4 - - [17/Mar/2024:06:59:06 -0500] "HEAD /BLA/boletinlegal/ HTTP/1.1" 200 -
216.245.221.92 - - [17/Mar/2024:07:00:48 -0500] "HEAD / HTTP/1.1" 200 -
172.22.2.4 - - [17/Mar/2024:07:01:18 -0500] "GET /BLA/boletinlegal/jurisprudencia.php HTTP/1.1" 200 17637
172.22.2.4 - - [17/Mar/2024:06:59:56 -0500] "GET /BLA/boletinlegal/ HTTP/1.1" 200 55823
201.245.192.253 - - [17/Mar/2024:07:01:52 -0500] "POST /forms/lservlet;jsessionid=ac16012b30d672fb2ec093aa4748bf0691d1e088fe72.e3iSbxaKaheRe3iNc3uNbNmQay1ynknvrkLOlQzNp65In0 HTTP/1.1" 200 2
201.245.192.253 - - [17/Mar/2024:07:02:10 -0500] "POST /kwsrmcab/Wsrmcab  HTTP/1.1" 200 37824
201.245.192.253 - - [17/Mar/2024:07:02:33 -0500] "POST /forms/lservlet;jsessionid=ac16012b30d60c378208792d4757a508e4811830dca4.e3iSbxaKaheRe3iNc3uNbNmQay1ynknvrkLOlQzNp65In0 HTTP/1.1" 200 2
52.167.144.235 - - [17/Mar/2024:07:02:54 -0500] "GET /catalogoisis/ HTTP/1.1" 200 8575
201.245.192.253 - - [17/Mar/2024:07:03:52 -0500] "POST /forms/lservlet;jsessionid=ac16012b30d672fb2ec093aa4748bf0691d1e088fe72.e3iSbxaKaheRe3iNc3uNbNmQay1ynknvrkLOlQzNp65In0 HTTP/1.1" 200 2
216.244.66.195 - - [17/Mar/2024:07:03:55 -0500] "GET /robots.txt HTTP/1.1" 404 1018
40.77.167.24 - - [17/Mar/2024:07:04:00 -0500] "GET /catalogoisis/Js/Enter.js HTTP/1.1" 200 1208
40.77.167.24 - - [17/Mar/2024:07:04:01 -0500] "GET /catalogoisis/Js/CriterioCombinada.js HTTP/1.1" 200 1843
40.77.167.24 - - [17/Mar/2024:07:04:01 -0500] "GET /catalogoisis/Js/Numero.js HTTP/1.1" 200 398
40.77.167.24 - - [17/Mar/2024:07:04:01 -0500] "GET /catalogoisis/Js/Remote.js HTTP/1.1" 200 436
52.167.144.235 - - [17/Mar/2024:07:04:04 -0500] "GET /catalogoisis/Css/Busqueda.css HTTP/1.1" 200 1995
157.55.39.56 - - [17/Mar/2024:07:04:05 -0500] "GET /catalogoisis/Js/AceptarLimpiar.js HTTP/1.1" 200 331
157.55.39.56 - - [17/Mar/2024:07:04:05 -0500] "GET /catalogoisis/Js/LimpiarCombinada.js HTTP/1.1" 200 207
52.22.236.30 - - [17/Mar/2024:07:04:13 -0500] "HEAD / HTTP/1.1" 200 -
52.167.144.235 - - [17/Mar/2024:07:04:14 -0500] "GET /catalogoisis/Js/Cookies.js HTTP/1.1" 200 1369
52.167.144.235 - - [17/Mar/2024:07:04:14 -0500] "GET /catalogoisis/Js/Go.js HTTP/1.1" 200 364
201.245.192.253 - - [17/Mar/2024:07:04:33 -0500] "POST /forms/lservlet;jsessionid=ac16012b30d60c378208792d4757a508e4811830dca4.e3iSbxaKaheRe3iNc3uNbNmQay1ynknvrkLOlQzNp65In0 HTTP/1.1" 200 2
216.245.221.92 - - [17/Mar/2024:07:05:47 -0500] "HEAD / HTTP/1.1" 200 -
201.245.192.253 - - [17/Mar/2024:07:05:52 -0500] "POST /forms/lservlet;jsessionid=ac16012b30d672fb2ec093aa4748bf0691d1e088fe72.e3iSbxaKaheRe3iNc3uNbNmQay1ynknvrkLOlQzNp65In0 HTTP/1.1" 200 2
201.245.192.253 - - [17/Mar/2024:07:06:33 -0500] "POST /forms/lservlet;jsessionid=ac16012b30d60c378208792d4757a508e4811830dca4.e3iSbxaKaheRe3iNc3uNbNmQay1ynknvrkLOlQzNp65In0 HTTP/1.1" 200 2
186.84.21.166 - - [17/Mar/2024:07:06:35 -0500] "GET /sipse/faces/javax.faces.resource/primefaces.css?ln=primefaces&v=4.0 HTTP/1.1" 304 -
186.84.21.166 - - [17/Mar/2024:07:06:35 -0500] "GET /sipse/faces/javax.faces.resource/theme.css?ln=primefaces-sipse HTTP/1.1" 304 -
186.84.21.166 - - [17/Mar/2024:07:06:35 -0500] "GET /sipse/faces/javax.faces.resource/layout/layout.css?ln=primefaces&v=4.0 HTTP/1.1" 304 -
186.84.21.166 - - [17/Mar/2024:07:06:35 -0500] "GET /sipse/faces/javax.faces.resource/jquery/jquery.js?ln=primefaces&v=4.0 HTTP/1.1" 304 -
186.84.21.166 - - [17/Mar/2024:07:06:35 -0500] "GET /sipse/faces/javax.faces.resource/jquery/jquery-plugins.js?ln=primefaces&v=4.0 HTTP/1.1" 304 -
186.84.21.166 - - [17/Mar/2024:07:06:35 -0500] "GET /sipse/faces/javax.faces.resource/primefaces.js?ln=primefaces&v=4.0 HTTP/1.1" 304 -
172.22.2.4 - - [17/Mar/2024:07:04:55 -0500] "HEAD /BLA/boletinlegal/ HTTP/1.1" 200 -
186.84.21.166 - - [17/Mar/2024:07:06:37 -0500] "GET /sipse/faces/javax.faces.resource/layout/layout.js?ln=primefaces&v=4.0 HTTP/1.1" 304 -
186.84.21.166 - - [17/Mar/2024:07:06:37 -0500] "GET /sipse/faces/javax.faces.resource/images/ui-icons_898989_256x240.png?ln=primefaces-aristo HTTP/1.1" 304 -
186.84.21.166 - - [17/Mar/2024:07:06:37 -0500] "GET /sipse/faces/faces/index.xhtml HTTP/1.1" 200 677
186.84.21.166 - - [17/Mar/2024:07:06:37 -0500] "GET /sipse/faces/javax.faces.resource/theme.css?ln=primefaces-sipse HTTP/1.1" 304 -
186.84.21.166 - - [17/Mar/2024:07:06:38 -0500] "GET /sipse/faces/faces/faces/autenticacion.xhtml HTTP/1.1" 200 12403
186.84.21.166 - - [17/Mar/2024:07:06:38 -0500] "GET /sipse/faces/javax.faces.resource/theme.css?ln=primefaces-sipse HTTP/1.1" 304 -
186.84.21.166 - - [17/Mar/2024:07:06:38 -0500] "GET /sipse/faces/javax.faces.resource/primefaces.css?ln=primefaces&v=4.0 HTTP/1.1" 304 -
186.84.21.166 - - [17/Mar/2024:07:06:38 -0500] "GET /sipse/faces/javax.faces.resource/layout/layout.css?ln=primefaces&v=4.0 HTTP/1.1" 304 -
186.84.21.166 - - [17/Mar/2024:07:06:38 -0500] "GET /sipse/faces/javax.faces.resource/jquery/jquery.js?ln=primefaces&v=4.0 HTTP/1.1" 304 -
186.84.21.166 - - [17/Mar/2024:07:06:38 -0500] "GET /sipse/faces/javax.faces.resource/jquery/jquery-plugins.js?ln=primefaces&v=4.0 HTTP/1.1" 304 -
186.84.21.166 - - [17/Mar/2024:07:06:38 -0500] "GET /sipse/faces/javax.faces.resource/primefaces.js?ln=primefaces&v=4.0 HTTP/1.1" 304 -
186.84.21.166 - - [17/Mar/2024:07:06:38 -0500] "GET /sipse/faces/javax.faces.resource/layout/layout.js?ln=primefaces&v=4.0 HTTP/1.1" 304 -
201.245.192.253 - - [17/Mar/2024:07:07:10 -0500] "POST /kwsrmcab/Wsrmcab  HTTP/1.1" 200 37824
172.22.2.4 - - [17/Mar/2024:07:05:46 -0500] "GET /BLA/boletinlegal/ HTTP/1.1" 200 59083
201.245.192.253 - - [17/Mar/2024:07:07:52 -0500] "POST /forms/lservlet;jsessionid=ac16012b30d672fb2ec093aa4748bf0691d1e088fe72.e3iSbxaKaheRe3iNc3uNbNmQay1ynknvrkLOlQzNp65In0 HTTP/1.1" 200 2
201.245.192.253 - - [17/Mar/2024:07:08:33 -0500] "POST /forms/lservlet;jsessionid=ac16012b30d60c378208792d4757a508e4811830dca4.e3iSbxaKaheRe3iNc3uNbNmQay1ynknvrkLOlQzNp65In0 HTTP/1.1" 200 2
66.249.66.20 - - [17/Mar/2024:07:08:41 -0500] "GET /Publicaciones/2024EE04158.pdf HTTP/1.1" 404 227
40.77.167.27 - - [17/Mar/2024:07:08:42 -0500] "GET /BLA/resoluciones/AUTOS%202013/0304.pdf HTTP/1.1" 200 1694745
207.46.13.153 - - [17/Mar/2024:07:09:04 -0500] "GET /BLA/resoluciones/AUTOS%202023/07658.pdf HTTP/1.1" 200 409022
201.245.192.253 - - [17/Mar/2024:07:09:52 -0500] "POST /forms/lservlet;jsessionid=ac16012b30d672fb2ec093aa4748bf0691d1e088fe72.e3iSbxaKaheRe3iNc3uNbNmQay1ynknvrkLOlQzNp65In0 HTTP/1.1" 200 2
201.245.192.253 - - [17/Mar/2024:07:10:33 -0500] "POST /forms/lservlet;jsessionid=ac16012b30d60c378208792d4757a508e4811830dca4.e3iSbxaKaheRe3iNc3uNbNmQay1ynknvrkLOlQzNp65In0 HTTP/1.1" 200 2
216.245.221.92 - - [17/Mar/2024:07:10:47 -0500] "HEAD / HTTP/1.1" 200 -
201.245.192.253 - - [17/Mar/2024:07:11:52 -0500] "POST /forms/lservlet;jsessionid=ac16012b30d672fb2ec093aa4748bf0691d1e088fe72.e3iSbxaKaheRe3iNc3uNbNmQay1ynknvrkLOlQzNp65In0 HTTP/1.1" 200 2
172.22.2.4 - - [17/Mar/2024:07:10:15 -0500] "HEAD /BLA/boletinlegal/ HTTP/1.1" 200 -
201.245.192.253 - - [17/Mar/2024:07:12:08 -0500] "POST /kwsrmcab/Wsrmcab  HTTP/1.1" 200 37824
172.22.2.4 - - [17/Mar/2024:07:10:45 -0500] "HEAD /BLA/boletinlegal/ HTTP/1.1" 200 -
201.245.192.253 - - [17/Mar/2024:07:12:33 -0500] "POST /forms/lservlet;jsessionid=ac16012b30d60c378208792d4757a508e4811830dca4.e3iSbxaKaheRe3iNc3uNbNmQay1ynknvrkLOlQzNp65In0 HTTP/1.1" 200 2
172.22.2.4 - - [17/Mar/2024:07:11:04 -0500] "GET /BLA/boletinlegal/ HTTP/1.1" 200 44355
172.22.2.4 - - [17/Mar/2024:07:11:36 -0500] "GET /BLA/boletinlegal/ HTTP/1.1" 200 49224
201.245.192.253 - - [17/Mar/2024:07:13:52 -0500] "POST /forms/lservlet;jsessionid=ac16012b30d672fb2ec093aa4748bf0691d1e088fe72.e3iSbxaKaheRe3iNc3uNbNmQay1ynknvrkLOlQzNp65In0 HTTP/1.1" 200 2
201.245.192.253 - - [17/Mar/2024:07:14:33 -0500] "POST /forms/lservlet;jsessionid=ac16012b30d60c378208792d4757a508e4811830dca4.e3iSbxaKaheRe3iNc3uNbNmQay1ynknvrkLOlQzNp65In0 HTTP/1.1" 200 2
216.245.221.92 - - [17/Mar/2024:07:15:47 -0500] "HEAD / HTTP/1.1" 200 -
201.245.192.253 - - [17/Mar/2024:07:15:52 -0500] "POST /forms/lservlet;jsessionid=ac16012b30d672fb2ec093aa4748bf0691d1e088fe72.e3iSbxaKaheRe3iNc3uNbNmQay1ynknvrkLOlQzNp65In0 HTTP/1.1" 200 2
201.245.192.253 - - [17/Mar/2024:07:16:33 -0500] "POST /forms/lservlet;jsessionid=ac16012b30d60c378208792d4757a508e4811830dca4.e3iSbxaKaheRe3iNc3uNbNmQay1ynknvrkLOlQzNp65In0 HTTP/1.1" 200 2
201.245.192.253 - - [17/Mar/2024:07:17:07 -0500] "POST /kwsrmcab/Wsrmcab  HTTP/1.1" 200 37824
201.245.192.253 - - [17/Mar/2024:07:17:52 -0500] "POST /forms/lservlet;jsessionid=ac16012b30d672fb2ec093aa4748bf0691d1e088fe72.e3iSbxaKaheRe3iNc3uNbNmQay1ynknvrkLOlQzNp65In0 HTTP/1.1" 200 2
47.128.126.32 - - [17/Mar/2024:07:17:55 -0500] "GET /BLA/resoluciones/AUTOS%202021/0245.php?act=f&d=E%3A%5Cnuevo%5Chtdocs%5CBLA%5Cresoluciones%5CAUTOS+2021&f=6767.pdf&ft=download HTTP/1.1" 200 20135
172.22.2.4 - - [17/Mar/2024:07:16:35 -0500] "HEAD /BLA/boletinlegal/ HTTP/1.1" 200 -
47.128.54.191 - - [17/Mar/2024:07:18:18 -0500] "GET /BLA/resoluciones/AUTOS%202021/0245.php?act=f&d=E%3A%5Cnuevo%5Chtdocs%5CBLA%5Cresoluciones%5CAUTOS+2021&f=5044.pdf&ft=edit HTTP/1.1" 200 3105
47.128.54.191 - - [17/Mar/2024:07:18:19 -0500] "GET /BLA/resoluciones/AUTOS%202021/0245.php?act=img&img=ext_txt HTTP/1.1" 200 132
47.128.54.191 - - [17/Mar/2024:07:18:19 -0500] "GET /BLA/resoluciones/AUTOS%202021/0245.php?act=img&img=ext_pdf HTTP/1.1" 200 1034
47.128.54.191 - - [17/Mar/2024:07:18:19 -0500] "GET /BLA/resoluciones/AUTOS%202021/0245.php?act=img&img=ext_html HTTP/1.1" 200 230
47.128.54.191 - - [17/Mar/2024:07:18:19 -0500] "GET /BLA/resoluciones/AUTOS%202021/0245.php?act=img&img=ext_exe HTTP/1.1" 200 118
47.128.54.191 - - [17/Mar/2024:07:18:19 -0500] "GET /BLA/resoluciones/AUTOS%202021/0245.php?act=img&img=ext_gif HTTP/1.1" 200 175
47.128.54.191 - - [17/Mar/2024:07:18:19 -0500] "GET /BLA/resoluciones/AUTOS%202021/0245.php?act=img&img=ext_diz HTTP/1.1" 200 1027
47.128.54.191 - - [17/Mar/2024:07:18:19 -0500] "GET /BLA/resoluciones/AUTOS%202021/0245.php?act=img&img=download HTTP/1.1" 200 161
47.128.54.191 - - [17/Mar/2024:07:18:20 -0500] "GET /BLA/resoluciones/AUTOS%202021/0245.php?act=img&img=change HTTP/1.1" 200 290
47.128.54.191 - - [17/Mar/2024:07:18:20 -0500] "GET /BLA/resoluciones/AUTOS%202021/0245.php?act=img&img=ext_ini HTTP/1.1" 200 134
47.128.54.191 - - [17/Mar/2024:07:18:20 -0500] "GET /BLA/resoluciones/AUTOS%202021/0245.php?act=img&img=ext_rtf HTTP/1.1" 200 164
172.22.2.4 - - [17/Mar/2024:07:18:30 -0500] "GET /BLA/boletinlegal/Circulares/2024/CIRCULAR%20No.%2000001%20DEL%2011%20DE%20ENERO%20DEL%202024.pdf HTTP/1.1" 200 298890
201.245.192.253 - - [17/Mar/2024:07:18:33 -0500] "POST /forms/lservlet;jsessionid=ac16012b30d60c378208792d4757a508e4811830dca4.e3iSbxaKaheRe3iNc3uNbNmQay1ynknvrkLOlQzNp65In0 HTTP/1.1" 200 2
216.244.66.195 - - [17/Mar/2024:07:18:38 -0500] "GET /BLA/resoluciones/RESOLUCIONES%202019/0025.pdf HTTP/1.1" 200 306981
47.128.50.54 - - [17/Mar/2024:07:18:41 -0500] "GET /BLA/resoluciones/AUTOS%202021/0245.php?act=f&d=E%3A%5Cnuevo%5Chtdocs%5CBLA%5Cresoluciones%5CAUTOS+2021%5C&f=2448.pdf&ft=img HTTP/1.1" 200 15951
47.128.50.54 - - [17/Mar/2024:07:18:42 -0500] "GET /BLA/resoluciones/AUTOS%202021/0245.php?act=img&img=ext_pdf HTTP/1.1" 200 1034
47.128.50.54 - - [17/Mar/2024:07:18:42 -0500] "GET /BLA/resoluciones/AUTOS%202021/0245.php?act=img&img=ext_txt HTTP/1.1" 200 132
47.128.50.54 - - [17/Mar/2024:07:18:42 -0500] "GET /BLA/resoluciones/AUTOS%202021/0245.php?act=img&img=ext_html HTTP/1.1" 200 230
47.128.50.54 - - [17/Mar/2024:07:18:42 -0500] "GET /BLA/resoluciones/AUTOS%202021/0245.php?act=img&img=ext_diz HTTP/1.1" 200 1027
47.128.50.54 - - [17/Mar/2024:07:18:43 -0500] "GET /BLA/resoluciones/AUTOS%202021/0245.php?act=img&img=ext_exe HTTP/1.1" 200 118
47.128.50.54 - - [17/Mar/2024:07:18:43 -0500] "GET /BLA/resoluciones/AUTOS%202021/0245.php?act=img&img=ext_gif HTTP/1.1" 200 175
47.128.50.54 - - [17/Mar/2024:07:18:43 -0500] "GET /BLA/resoluciones/AUTOS%202021/0245.php?act=img&img=download HTTP/1.1" 200 161
47.128.50.54 - - [17/Mar/2024:07:18:43 -0500] "GET /BLA/resoluciones/AUTOS%202021/0245.php?act=img&img=change HTTP/1.1" 200 290
47.128.50.54 - - [17/Mar/2024:07:18:43 -0500] "GET /BLA/resoluciones/AUTOS%202021/0245.php?act=img&img=ext_rtf HTTP/1.1" 200 164
47.128.50.54 - - [17/Mar/2024:07:18:43 -0500] "GET /BLA/resoluciones/AUTOS%202021/0245.php?act=img&img=ext_ini HTTP/1.1" 200 134
216.244.66.195 - - [17/Mar/2024:07:18:44 -0500] "GET /BLA/resoluciones/RESOLUCIONES%202019/0332.pdf HTTP/1.1" 200 481499
172.22.2.4 - - [17/Mar/2024:07:17:26 -0500] "GET /BLA/boletinlegal/ HTTP/1.1" 200 60380
216.244.66.195 - - [17/Mar/2024:07:19:06 -0500] "GET /BLA/resoluciones/RESOLUCIONES%202019/0661.pdf HTTP/1.1" 200 322768
47.128.125.48 - - [17/Mar/2024:07:19:08 -0500] "GET /BLA/resoluciones/AUTOS%202021/0245.php?act=img&img=ext_pdf HTTP/1.1" 200 1034
47.128.125.48 - - [17/Mar/2024:07:19:08 -0500] "GET /BLA/resoluciones/AUTOS%202021/0245.php?act=img&img=ext_html HTTP/1.1" 200 230
47.128.125.48 - - [17/Mar/2024:07:19:08 -0500] "GET /BLA/resoluciones/AUTOS%202021/0245.php?act=img&img=ext_diz HTTP/1.1" 200 1027
47.128.125.48 - - [17/Mar/2024:07:19:08 -0500] "GET /BLA/resoluciones/AUTOS%202021/0245.php?act=img&img=ext_txt HTTP/1.1" 200 132
47.128.125.48 - - [17/Mar/2024:07:19:08 -0500] "GET /BLA/resoluciones/AUTOS%202021/0245.php?act=img&img=ext_gif HTTP/1.1" 200 175
47.128.125.48 - - [17/Mar/2024:07:19:09 -0500] "GET /BLA/resoluciones/AUTOS%202021/0245.php?act=img&img=ext_exe HTTP/1.1" 200 118
47.128.125.48 - - [17/Mar/2024:07:19:09 -0500] "GET /BLA/resoluciones/AUTOS%202021/0245.php?act=img&img=download HTTP/1.1" 200 161
47.128.125.48 - - [17/Mar/2024:07:19:09 -0500] "GET /BLA/resoluciones/AUTOS%202021/0245.php?act=img&img=ext_ini HTTP/1.1" 200 134
47.128.125.48 - - [17/Mar/2024:07:19:09 -0500] "GET /BLA/resoluciones/AUTOS%202021/0245.php?act=img&img=ext_rtf HTTP/1.1" 200 164
47.128.125.48 - - [17/Mar/2024:07:19:09 -0500] "GET /BLA/resoluciones/AUTOS%202021/0245.php?act=img&img=change HTTP/1.1" 200 290
201.245.192.253 - - [17/Mar/2024:07:19:18 -0500] "POST /kwsrmcab/Wsrmcab HTTP/1.1" 200 39601
201.245.192.253 - - [17/Mar/2024:07:19:19 -0500] "POST /kwsrmcab/Wsrmcab HTTP/1.1" 200 37714
216.244.66.195 - - [17/Mar/2024:07:19:27 -0500] "GET /BLA/resoluciones/RESOLUCIONES%202019/1374.pdf HTTP/1.1" 200 278246
47.128.125.48 - - [17/Mar/2024:07:19:07 -0500] "GET /BLA/resoluciones/AUTOS%202021/0245.php?act=f&base64=1&d=E%3A%5Cnuevo%5Chtdocs%5CBLA%5Cresoluciones%5CAUTOS+2021%5C&f=3890.pdf&ft=info HTTP/1.1" 200 1007318
216.244.66.195 - - [17/Mar/2024:07:19:44 -0500] "GET /BLA/resoluciones/RESOLUCIONES%202019/1676.pdf HTTP/1.1" 200 283826
201.245.192.253 - - [17/Mar/2024:07:19:47 -0500] "POST /kwsrmcab/Wsrmcab HTTP/1.1" 200 37504
201.245.192.253 - - [17/Mar/2024:07:19:52 -0500] "POST /forms/lservlet;jsessionid=ac16012b30d672fb2ec093aa4748bf0691d1e088fe72.e3iSbxaKaheRe3iNc3uNbNmQay1ynknvrkLOlQzNp65In0 HTTP/1.1" 200 2
216.244.66.195 - - [17/Mar/2024:07:19:59 -0500] "GET /BLA/resoluciones/RESOLUCIONES%202019/1908.pdf HTTP/1.1" 200 295523
216.244.66.195 - - [17/Mar/2024:07:20:14 -0500] "GET /BLA/resoluciones/RESOLUCIONES%202019/2479.pdf HTTP/1.1" 200 325928
216.244.66.195 - - [17/Mar/2024:07:20:27 -0500] "GET /BLA/resoluciones/RESOLUCIONES%202019/2604.pdf HTTP/1.1" 200 282865
201.245.192.253 - - [17/Mar/2024:07:20:28 -0500] "POST /kwsrmcab/Wsrmcab HTTP/1.1" 200 37714
201.245.192.253 - - [17/Mar/2024:07:20:33 -0500] "POST /forms/lservlet;jsessionid=ac16012b30d60c378208792d4757a508e4811830dca4.e3iSbxaKaheRe3iNc3uNbNmQay1ynknvrkLOlQzNp65In0 HTTP/1.1" 200 2
216.244.66.195 - - [17/Mar/2024:07:20:42 -0500] "GET /BLA/resoluciones/RESOLUCIONES%202019/2608.pdf HTTP/1.1" 200 2843913
216.245.221.92 - - [17/Mar/2024:07:20:47 -0500] "HEAD / HTTP/1.1" 200 -
66.249.66.37 - - [17/Mar/2024:07:20:58 -0500] "GET /distrito-alcanza-ya-15-acuerdos-de-conservacion-por-174-02-hectareas-para-consolidar-varios-ecosistemas-estrategicos-de-bogota.html HTTP/1.1" 200 1061
216.244.66.195 - - [17/Mar/2024:07:21:27 -0500] "GET /BLA/resoluciones/RESOLUCIONES%202019/2624.pdf HTTP/1.1" 200 509612
216.244.66.195 - - [17/Mar/2024:07:21:52 -0500] "GET /BLA/resoluciones/RESOLUCIONES%202019/2737.pdf HTTP/1.1" 200 393726
201.245.192.253 - - [17/Mar/2024:07:21:52 -0500] "POST /forms/lservlet;jsessionid=ac16012b30d672fb2ec093aa4748bf0691d1e088fe72.e3iSbxaKaheRe3iNc3uNbNmQay1ynknvrkLOlQzNp65In0 HTTP/1.1" 200 2
201.245.192.253 - - [17/Mar/2024:07:22:06 -0500] "POST /kwsrmcab/Wsrmcab  HTTP/1.1" 200 37824
201.245.192.253 - - [17/Mar/2024:07:22:33 -0500] "POST /forms/lservlet;jsessionid=ac16012b30d60c378208792d4757a508e4811830dca4.e3iSbxaKaheRe3iNc3uNbNmQay1ynknvrkLOlQzNp65In0 HTTP/1.1" 200 2
47.128.57.16 - - [17/Mar/2024:07:23:46 -0500] "GET /BLA/resoluciones/AUTOS%202021/0245.php?act=chmod&d=E%3A%5Cnuevo%5Chtdocs%5CBLA%5Cresoluciones%5CAUTOS+2021&f=0219.pdf HTTP/1.1" 200 2901
201.245.192.253 - - [17/Mar/2024:07:23:52 -0500] "POST /forms/lservlet;jsessionid=ac16012b30d672fb2ec093aa4748bf0691d1e088fe72.e3iSbxaKaheRe3iNc3uNbNmQay1ynknvrkLOlQzNp65In0 HTTP/1.1" 200 2
172.22.2.4 - - [17/Mar/2024:07:22:25 -0500] "HEAD /BLA/boletinlegal/ HTTP/1.1" 200 -
186.84.21.166 - - [17/Mar/2024:07:24:08 -0500] "POST /sipse/faces/autenticacion.xhtml HTTP/1.1" 200 2212
186.84.21.166 - - [17/Mar/2024:07:24:08 -0500] "GET /sipse/faces/javax.faces.resource/messages/messages.png?ln=primefaces&v=4.0 HTTP/1.1" 304 -
47.128.126.14 - - [17/Mar/2024:07:24:09 -0500] "GET /BLA/resoluciones/AUTOS%202021/0245.php?act=f&d=E%3A%5Cnuevo%5Chtdocs%5CBLA%5Cresoluciones%5CAUTOS+2021&f=2141.pdf HTTP/1.1" 200 3034
47.128.126.14 - - [17/Mar/2024:07:24:10 -0500] "GET /BLA/resoluciones/AUTOS%202021/0245.php?act=img&img=ext_gif HTTP/1.1" 200 175
47.128.126.14 - - [17/Mar/2024:07:24:10 -0500] "GET /BLA/resoluciones/AUTOS%202021/0245.php?act=img&img=ext_pdf HTTP/1.1" 200 1034
47.128.126.14 - - [17/Mar/2024:07:24:10 -0500] "GET /BLA/resoluciones/AUTOS%202021/0245.php?act=img&img=ext_exe HTTP/1.1" 200 118
47.128.126.14 - - [17/Mar/2024:07:24:10 -0500] "GET /BLA/resoluciones/AUTOS%202021/0245.php?act=img&img=ext_txt HTTP/1.1" 200 132
47.128.126.14 - - [17/Mar/2024:07:24:10 -0500] "GET /BLA/resoluciones/AUTOS%202021/0245.php?act=img&img=ext_html HTTP/1.1" 200 230
47.128.126.14 - - [17/Mar/2024:07:24:10 -0500] "GET /BLA/resoluciones/AUTOS%202021/0245.php?act=img&img=ext_diz HTTP/1.1" 200 1027
47.128.126.14 - - [17/Mar/2024:07:24:11 -0500] "GET /BLA/resoluciones/AUTOS%202021/0245.php?act=img&img=download HTTP/1.1" 200 161
47.128.126.14 - - [17/Mar/2024:07:24:11 -0500] "GET /BLA/resoluciones/AUTOS%202021/0245.php?act=img&img=change HTTP/1.1" 200 290
47.128.126.14 - - [17/Mar/2024:07:24:11 -0500] "GET /BLA/resoluciones/AUTOS%202021/0245.php?act=img&img=ext_rtf HTTP/1.1" 200 164
47.128.126.14 - - [17/Mar/2024:07:24:11 -0500] "GET /BLA/resoluciones/AUTOS%202021/0245.php?act=img&img=ext_ini HTTP/1.1" 200 134
201.245.192.253 - - [17/Mar/2024:07:24:33 -0500] "POST /forms/lservlet;jsessionid=ac16012b30d60c378208792d4757a508e4811830dca4.e3iSbxaKaheRe3iNc3uNbNmQay1ynknvrkLOlQzNp65In0 HTTP/1.1" 200 2
47.128.40.91 - - [17/Mar/2024:07:24:33 -0500] "GET /BLA/resoluciones/AUTOS%202021/0245.php?act=f&d=E%3A%5Cnuevo%5Chtdocs%5CBLA%5Cresoluciones%5CAUTOS+2021&f=2229.pdf HTTP/1.1" 200 3036
47.128.40.91 - - [17/Mar/2024:07:24:34 -0500] "GET /BLA/resoluciones/AUTOS%202021/0245.php?act=img&img=ext_diz HTTP/1.1" 200 1027
47.128.40.91 - - [17/Mar/2024:07:24:34 -0500] "GET /BLA/resoluciones/AUTOS%202021/0245.php?act=img&img=ext_pdf HTTP/1.1" 200 1034
47.128.40.91 - - [17/Mar/2024:07:24:34 -0500] "GET /BLA/resoluciones/AUTOS%202021/0245.php?act=img&img=ext_gif HTTP/1.1" 200 175
47.128.40.91 - - [17/Mar/2024:07:24:34 -0500] "GET /BLA/resoluciones/AUTOS%202021/0245.php?act=img&img=ext_txt HTTP/1.1" 200 132
47.128.40.91 - - [17/Mar/2024:07:24:34 -0500] "GET /BLA/resoluciones/AUTOS%202021/0245.php?act=img&img=ext_exe HTTP/1.1" 200 118
47.128.40.91 - - [17/Mar/2024:07:24:34 -0500] "GET /BLA/resoluciones/AUTOS%202021/0245.php?act=img&img=ext_html HTTP/1.1" 200 230
47.128.40.91 - - [17/Mar/2024:07:24:34 -0500] "GET /BLA/resoluciones/AUTOS%202021/0245.php?act=img&img=ext_rtf HTTP/1.1" 200 164
47.128.40.91 - - [17/Mar/2024:07:24:35 -0500] "GET /BLA/resoluciones/AUTOS%202021/0245.php?act=img&img=change HTTP/1.1" 200 290
47.128.40.91 - - [17/Mar/2024:07:24:35 -0500] "GET /BLA/resoluciones/AUTOS%202021/0245.php?act=img&img=ext_ini HTTP/1.1" 200 134
47.128.40.91 - - [17/Mar/2024:07:24:35 -0500] "GET /BLA/resoluciones/AUTOS%202021/0245.php?act=img&img=download HTTP/1.1" 200 161
172.22.2.4 - - [17/Mar/2024:07:23:16 -0500] "GET /BLA/boletinlegal/ HTTP/1.1" 200 60380
47.128.127.219 - - [17/Mar/2024:07:24:57 -0500] "GET /BLA/resoluciones/AUTOS%202021/0245.php?act=f&d=E%3A%5Cnuevo%5Chtdocs%5CBLA%5Cresoluciones%5CAUTOS+2021&f=4067.pdf HTTP/1.1" 200 3036
47.128.127.219 - - [17/Mar/2024:07:24:58 -0500] "GET /BLA/resoluciones/AUTOS%202021/0245.php?act=img&img=ext_ini HTTP/1.1" 200 134
47.128.127.219 - - [17/Mar/2024:07:24:58 -0500] "GET /BLA/resoluciones/AUTOS%202021/0245.php?act=img&img=ext_exe HTTP/1.1" 200 118
47.128.127.219 - - [17/Mar/2024:07:24:58 -0500] "GET /BLA/resoluciones/AUTOS%202021/0245.php?act=img&img=ext_pdf HTTP/1.1" 200 1034
47.128.127.219 - - [17/Mar/2024:07:24:58 -0500] "GET /BLA/resoluciones/AUTOS%202021/0245.php?act=img&img=ext_html HTTP/1.1" 200 230
47.128.127.219 - - [17/Mar/2024:07:24:58 -0500] "GET /BLA/resoluciones/AUTOS%202021/0245.php?act=img&img=ext_gif HTTP/1.1" 200 175
47.128.127.219 - - [17/Mar/2024:07:24:58 -0500] "GET /BLA/resoluciones/AUTOS%202021/0245.php?act=img&img=ext_diz HTTP/1.1" 200 1027
47.128.127.219 - - [17/Mar/2024:07:24:59 -0500] "GET /BLA/resoluciones/AUTOS%202021/0245.php?act=img&img=download HTTP/1.1" 200 161
47.128.127.219 - - [17/Mar/2024:07:24:59 -0500] "GET /BLA/resoluciones/AUTOS%202021/0245.php?act=img&img=ext_rtf HTTP/1.1" 200 164
47.128.127.219 - - [17/Mar/2024:07:24:59 -0500] "GET /BLA/resoluciones/AUTOS%202021/0245.php?act=img&img=change HTTP/1.1" 200 290
47.128.127.219 - - [17/Mar/2024:07:24:59 -0500] "GET /BLA/resoluciones/AUTOS%202021/0245.php?act=img&img=ext_txt HTTP/1.1" 200 132
216.244.66.195 - - [17/Mar/2024:07:25:02 -0500] "GET /BLA/resoluciones/RESOLUCIONES%202011/1542.pdf HTTP/1.1" 200 72655
47.128.117.219 - - [17/Mar/2024:07:25:22 -0500] "GET /BLA/resoluciones/AUTOS%202021/0245.php?act=f&d=E%3A%5Cnuevo%5Chtdocs%5CBLA%5Cresoluciones%5CAUTOS+2021&f=4259.pdf HTTP/1.1" 200 3035
216.244.66.195 - - [17/Mar/2024:07:25:22 -0500] "GET /BLA/resoluciones/RESOLUCIONES%202011/1963.pdf HTTP/1.1" 200 268374
47.128.117.219 - - [17/Mar/2024:07:25:23 -0500] "GET /BLA/resoluciones/AUTOS%202021/0245.php?act=img&img=ext_ini HTTP/1.1" 200 134
47.128.117.219 - - [17/Mar/2024:07:25:23 -0500] "GET /BLA/resoluciones/AUTOS%202021/0245.php?act=img&img=ext_exe HTTP/1.1" 200 118
47.128.117.219 - - [17/Mar/2024:07:25:23 -0500] "GET /BLA/resoluciones/AUTOS%202021/0245.php?act=img&img=ext_pdf HTTP/1.1" 200 1034
47.128.117.219 - - [17/Mar/2024:07:25:23 -0500] "GET /BLA/resoluciones/AUTOS%202021/0245.php?act=img&img=ext_html HTTP/1.1" 200 230
47.128.117.219 - - [17/Mar/2024:07:25:23 -0500] "GET /BLA/resoluciones/AUTOS%202021/0245.php?act=img&img=ext_gif HTTP/1.1" 200 175
47.128.117.219 - - [17/Mar/2024:07:25:23 -0500] "GET /BLA/resoluciones/AUTOS%202021/0245.php?act=img&img=ext_diz HTTP/1.1" 200 1027
47.128.117.219 - - [17/Mar/2024:07:25:23 -0500] "GET /BLA/resoluciones/AUTOS%202021/0245.php?act=img&img=ext_rtf HTTP/1.1" 200 164
47.128.117.219 - - [17/Mar/2024:07:25:23 -0500] "GET /BLA/resoluciones/AUTOS%202021/0245.php?act=img&img=change HTTP/1.1" 200 290
47.128.117.219 - - [17/Mar/2024:07:25:23 -0500] "GET /BLA/resoluciones/AUTOS%202021/0245.php?act=img&img=download HTTP/1.1" 200 161
47.128.117.219 - - [17/Mar/2024:07:25:23 -0500] "GET /BLA/resoluciones/AUTOS%202021/0245.php?act=img&img=ext_txt HTTP/1.1" 200 132
216.244.66.195 - - [17/Mar/2024:07:25:42 -0500] "GET /BLA/resoluciones/RESOLUCIONES%202019/0429.pdf HTTP/1.1" 200 287755
216.245.221.92 - - [17/Mar/2024:07:25:47 -0500] "HEAD / HTTP/1.1" 200 -
201.245.192.253 - - [17/Mar/2024:07:25:52 -0500] "POST /forms/lservlet;jsessionid=ac16012b30d672fb2ec093aa4748bf0691d1e088fe72.e3iSbxaKaheRe3iNc3uNbNmQay1ynknvrkLOlQzNp65In0 HTTP/1.1" 200 2
186.84.21.166 - - [17/Mar/2024:07:25:52 -0500] "GET /sipse/faces/javax.faces.resource/theme.css?ln=primefaces-sipse HTTP/1.1" 304 -
186.84.21.166 - - [17/Mar/2024:07:25:53 -0500] "GET /sipse/faces/faces/faces/autenticacion.xhtml HTTP/1.1" 200 12403
186.84.21.166 - - [17/Mar/2024:07:25:55 -0500] "GET /sipse/faces/javax.faces.resource/theme.css?ln=primefaces-sipse HTTP/1.1" 304 -
186.84.21.166 - - [17/Mar/2024:07:25:55 -0500] "GET /sipse/faces/javax.faces.resource/primefaces.css?ln=primefaces&v=4.0 HTTP/1.1" 304 -
186.84.21.166 - - [17/Mar/2024:07:25:55 -0500] "GET /sipse/faces/javax.faces.resource/layout/layout.css?ln=primefaces&v=4.0 HTTP/1.1" 304 -
186.84.21.166 - - [17/Mar/2024:07:25:55 -0500] "GET /sipse/faces/javax.faces.resource/jquery/jquery-plugins.js?ln=primefaces&v=4.0 HTTP/1.1" 304 -
186.84.21.166 - - [17/Mar/2024:07:25:55 -0500] "GET /sipse/faces/javax.faces.resource/jquery/jquery.js?ln=primefaces&v=4.0 HTTP/1.1" 304 -
186.84.21.166 - - [17/Mar/2024:07:25:55 -0500] "GET /sipse/faces/javax.faces.resource/primefaces.js?ln=primefaces&v=4.0 HTTP/1.1" 304 -
186.84.21.166 - - [17/Mar/2024:07:25:55 -0500] "GET /sipse/faces/javax.faces.resource/layout/layout.js?ln=primefaces&v=4.0 HTTP/1.1" 304 -
186.84.21.166 - - [17/Mar/2024:07:25:55 -0500] "GET /sipse/faces/javax.faces.resource/theme.css?ln=primefaces-sipse HTTP/1.1" 304 -
186.84.21.166 - - [17/Mar/2024:07:25:55 -0500] "GET /sipse/faces/javax.faces.resource/primefaces.css?ln=primefaces&v=4.0 HTTP/1.1" 304 -
186.84.21.166 - - [17/Mar/2024:07:25:55 -0500] "GET /sipse/faces/javax.faces.resource/layout/layout.css?ln=primefaces&v=4.0 HTTP/1.1" 304 -
186.84.21.166 - - [17/Mar/2024:07:25:55 -0500] "GET /sipse/faces/javax.faces.resource/jquery/jquery.js?ln=primefaces&v=4.0 HTTP/1.1" 304 -
186.84.21.166 - - [17/Mar/2024:07:25:55 -0500] "GET /sipse/faces/javax.faces.resource/jquery/jquery-plugins.js?ln=primefaces&v=4.0 HTTP/1.1" 304 -
186.84.21.166 - - [17/Mar/2024:07:25:55 -0500] "GET /sipse/faces/javax.faces.resource/primefaces.js?ln=primefaces&v=4.0 HTTP/1.1" 304 -
186.84.21.166 - - [17/Mar/2024:07:25:56 -0500] "GET /sipse/faces/javax.faces.resource/layout/layout.js?ln=primefaces&v=4.0 HTTP/1.1" 304 -
186.84.21.166 - - [17/Mar/2024:07:25:56 -0500] "GET /sipse/faces/javax.faces.resource/images/ui-icons_898989_256x240.png?ln=primefaces-aristo HTTP/1.1" 304 -
186.84.21.166 - - [17/Mar/2024:07:25:57 -0500] "GET /sipse/faces/javax.faces.resource/images/ui-icons_898989_256x240.png?ln=primefaces-aristo HTTP/1.1" 304 -
186.84.21.166 - - [17/Mar/2024:07:25:57 -0500] "GET /sipse/faces/faces/faces/index.xhtml HTTP/1.1" 200 677
186.84.21.166 - - [17/Mar/2024:07:26:01 -0500] "GET /sipse/faces/javax.faces.resource/theme.css?ln=primefaces-sipse HTTP/1.1" 304 -
186.84.21.166 - - [17/Mar/2024:07:26:02 -0500] "GET /sipse/faces/faces/faces/faces/autenticacion.xhtml HTTP/1.1" 200 12403
186.84.21.166 - - [17/Mar/2024:07:26:02 -0500] "GET /sipse/faces/javax.faces.resource/theme.css?ln=primefaces-sipse HTTP/1.1" 304 -
186.84.21.166 - - [17/Mar/2024:07:26:02 -0500] "GET /sipse/faces/javax.faces.resource/primefaces.css?ln=primefaces&v=4.0 HTTP/1.1" 304 -
186.84.21.166 - - [17/Mar/2024:07:26:02 -0500] "GET /sipse/faces/javax.faces.resource/layout/layout.css?ln=primefaces&v=4.0 HTTP/1.1" 304 -
186.84.21.166 - - [17/Mar/2024:07:26:02 -0500] "GET /sipse/faces/javax.faces.resource/jquery/jquery-plugins.js?ln=primefaces&v=4.0 HTTP/1.1" 304 -
186.84.21.166 - - [17/Mar/2024:07:26:02 -0500] "GET /sipse/faces/javax.faces.resource/jquery/jquery.js?ln=primefaces&v=4.0 HTTP/1.1" 304 -
186.84.21.166 - - [17/Mar/2024:07:26:02 -0500] "GET /sipse/faces/javax.faces.resource/primefaces.js?ln=primefaces&v=4.0 HTTP/1.1" 304 -
186.84.21.166 - - [17/Mar/2024:07:26:02 -0500] "GET /sipse/faces/javax.faces.resource/layout/layout.js?ln=primefaces&v=4.0 HTTP/1.1" 304 -
201.245.192.253 - - [17/Mar/2024:07:26:33 -0500] "POST /forms/lservlet;jsessionid=ac16012b30d60c378208792d4757a508e4811830dca4.e3iSbxaKaheRe3iNc3uNbNmQay1ynknvrkLOlQzNp65In0 HTTP/1.1" 200 2
47.128.63.85 - - [17/Mar/2024:07:27:05 -0500] "GET /BLA/resoluciones/AUTOS%202021/0245.php?act=chmod&d=E%3A%5Cnuevo%5Chtdocs%5CBLA%5Cresoluciones%5CAUTOS+2021&f=1759.pdf HTTP/1.1" 200 2902
201.245.192.253 - - [17/Mar/2024:07:27:05 -0500] "POST /kwsrmcab/Wsrmcab  HTTP/1.1" 200 37824
47.128.17.211 - - [17/Mar/2024:07:27:29 -0500] "GET /BLA/resoluciones/AUTOS%202021/0245.php?act=chmod&d=E%3A%5Cnuevo%5Chtdocs%5CBLA%5Cresoluciones%5CAUTOS+2021&f=1438.pdf HTTP/1.1" 200 2901
201.245.192.253 - - [17/Mar/2024:07:27:52 -0500] "POST /forms/lservlet;jsessionid=ac16012b30d672fb2ec093aa4748bf0691d1e088fe72.e3iSbxaKaheRe3iNc3uNbNmQay1ynknvrkLOlQzNp65In0 HTTP/1.1" 200 2
201.245.192.253 - - [17/Mar/2024:07:28:33 -0500] "POST /forms/lservlet;jsessionid=ac16012b30d60c378208792d4757a508e4811830dca4.e3iSbxaKaheRe3iNc3uNbNmQay1ynknvrkLOlQzNp65In0 HTTP/1.1" 200 2
201.245.192.253 - - [17/Mar/2024:07:29:19 -0500] "POST /kwsrmcab/Wsrmcab HTTP/1.1" 200 39601
201.245.192.253 - - [17/Mar/2024:07:29:21 -0500] "POST /kwsrmcab/Wsrmcab HTTP/1.1" 200 37714
89.187.162.211 - - [17/Mar/2024:07:29:40 -0500] "GET / HTTP/1.1" 200 319
201.245.192.253 - - [17/Mar/2024:07:29:48 -0500] "POST /kwsrmcab/Wsrmcab HTTP/1.1" 200 37504
201.245.192.253 - - [17/Mar/2024:07:29:52 -0500] "POST /forms/lservlet;jsessionid=ac16012b30d672fb2ec093aa4748bf0691d1e088fe72.e3iSbxaKaheRe3iNc3uNbNmQay1ynknvrkLOlQzNp65In0 HTTP/1.1" 200 2
172.22.2.4 - - [17/Mar/2024:07:28:15 -0500] "HEAD /BLA/boletinlegal/ HTTP/1.1" 200 -
3.212.128.62 - - [17/Mar/2024:07:29:56 -0500] "HEAD / HTTP/1.1" 200 -
201.245.192.253 - - [17/Mar/2024:07:30:29 -0500] "POST /kwsrmcab/Wsrmcab HTTP/1.1" 200 37714
201.245.192.253 - - [17/Mar/2024:07:30:33 -0500] "POST /forms/lservlet;jsessionid=ac16012b30d60c378208792d4757a508e4811830dca4.e3iSbxaKaheRe3iNc3uNbNmQay1ynknvrkLOlQzNp65In0 HTTP/1.1" 200 2
172.22.2.4 - - [17/Mar/2024:07:29:06 -0500] "GET /BLA/boletinlegal/ HTTP/1.1" 200 53419
216.245.221.92 - - [17/Mar/2024:07:30:47 -0500] "HEAD / HTTP/1.1" 200 -
207.46.13.14 - - [17/Mar/2024:07:31:46 -0500] "GET /BLA/resoluciones/RESOLUCIONES%202023/1674.pdf HTTP/1.1" 304 -
201.245.192.253 - - [17/Mar/2024:07:31:52 -0500] "POST /forms/lservlet;jsessionid=ac16012b30d672fb2ec093aa4748bf0691d1e088fe72.e3iSbxaKaheRe3iNc3uNbNmQay1ynknvrkLOlQzNp65In0 HTTP/1.1" 200 2
201.245.192.253 - - [17/Mar/2024:07:32:04 -0500] "POST /kwsrmcab/Wsrmcab  HTTP/1.1" 200 37824
201.245.192.253 - - [17/Mar/2024:07:32:33 -0500] "POST /forms/lservlet;jsessionid=ac16012b30d60c378208792d4757a508e4811830dca4.e3iSbxaKaheRe3iNc3uNbNmQay1ynknvrkLOlQzNp65In0 HTTP/1.1" 200 2
114.119.132.101 - - [17/Mar/2024:07:32:56 -0500] "GET /BLA/resoluciones/index.php?dir=Notificaciones/RESOLUCIONES%2B2022/ HTTP/1.1" 200 14374
207.46.13.111 - - [17/Mar/2024:07:33:06 -0500] "GET /galeria/galeria/jquery.fancybox.css?v=2.1.5 HTTP/1.1" 200 4895
52.167.144.25 - - [17/Mar/2024:07:33:10 -0500] "GET /galeria/galeria/jquery.fancybox.js?v=2.1.5 HTTP/1.1" 200 48706
216.244.66.195 - - [17/Mar/2024:07:33:37 -0500] "GET /BLA/resoluciones/RESOLUCIONES%202013/1043.pdf HTTP/1.1" 200 551901
201.245.192.253 - - [17/Mar/2024:07:33:52 -0500] "POST /forms/lservlet;jsessionid=ac16012b30d672fb2ec093aa4748bf0691d1e088fe72.e3iSbxaKaheRe3iNc3uNbNmQay1ynknvrkLOlQzNp65In0 HTTP/1.1" 200 2
201.245.192.253 - - [17/Mar/2024:07:34:33 -0500] "POST /forms/lservlet;jsessionid=ac16012b30d60c378208792d4757a508e4811830dca4.e3iSbxaKaheRe3iNc3uNbNmQay1ynknvrkLOlQzNp65In0 HTTP/1.1" 200 2
172.22.2.4 - - [17/Mar/2024:07:34:05 -0500] "HEAD /BLA/boletinlegal/ HTTP/1.1" 200 -
216.245.221.92 - - [17/Mar/2024:07:35:47 -0500] "HEAD / HTTP/1.1" 200 -
201.245.192.253 - - [17/Mar/2024:07:35:52 -0500] "POST /forms/lservlet;jsessionid=ac16012b30d672fb2ec093aa4748bf0691d1e088fe72.e3iSbxaKaheRe3iNc3uNbNmQay1ynknvrkLOlQzNp65In0 HTTP/1.1" 200 2
201.245.192.253 - - [17/Mar/2024:07:36:33 -0500] "POST /forms/lservlet;jsessionid=ac16012b30d60c378208792d4757a508e4811830dca4.e3iSbxaKaheRe3iNc3uNbNmQay1ynknvrkLOlQzNp65In0 HTTP/1.1" 200 2
172.22.2.4 - - [17/Mar/2024:07:34:56 -0500] "GET /BLA/boletinlegal/ HTTP/1.1" 200 58273
201.245.192.253 - - [17/Mar/2024:07:37:02 -0500] "POST /kwsrmcab/Wsrmcab  HTTP/1.1" 200 37824
201.245.192.253 - - [17/Mar/2024:07:37:52 -0500] "POST /forms/lservlet;jsessionid=ac16012b30d672fb2ec093aa4748bf0691d1e088fe72.e3iSbxaKaheRe3iNc3uNbNmQay1ynknvrkLOlQzNp65In0 HTTP/1.1" 200 2
201.245.192.253 - - [17/Mar/2024:07:38:13 -0500] "GET /kwsrmcab/Wsrmcab?wsdl HTTP/1.1" 200 6948
201.245.192.253 - - [17/Mar/2024:07:38:33 -0500] "POST /forms/lservlet;jsessionid=ac16012b30d60c378208792d4757a508e4811830dca4.e3iSbxaKaheRe3iNc3uNbNmQay1ynknvrkLOlQzNp65In0 HTTP/1.1" 200 2
201.245.192.253 - - [17/Mar/2024:07:39:04 -0500] "POST /kwsrmcab/Wsrmcab HTTP/1.1" 200 37674
201.245.192.253 - - [17/Mar/2024:07:39:19 -0500] "POST /kwsrmcab/Wsrmcab HTTP/1.1" 200 39601
201.245.192.253 - - [17/Mar/2024:07:39:21 -0500] "POST /kwsrmcab/Wsrmcab HTTP/1.1" 200 37714
201.245.192.253 - - [17/Mar/2024:07:39:24 -0500] "POST /kwsrmcab/Wsrmcab HTTP/1.1" 200 37674
201.245.192.253 - - [17/Mar/2024:07:39:30 -0500] "POST /kwsrmcab/Wsrmcab HTTP/1.1" 200 8192
201.245.192.253 - - [17/Mar/2024:07:39:43 -0500] "POST /kwsrmcab/Wsrmcab HTTP/1.1" 200 37683
201.245.192.253 - - [17/Mar/2024:07:39:48 -0500] "POST /kwsrmcab/Wsrmcab HTTP/1.1" 200 37504
201.245.192.253 - - [17/Mar/2024:07:39:52 -0500] "POST /forms/lservlet;jsessionid=ac16012b30d672fb2ec093aa4748bf0691d1e088fe72.e3iSbxaKaheRe3iNc3uNbNmQay1ynknvrkLOlQzNp65In0 HTTP/1.1" 200 2
201.245.192.253 - - [17/Mar/2024:07:39:51 -0500] "POST /kwsrmcab/Wsrmcab HTTP/1.1" 200 37682
201.245.192.253 - - [17/Mar/2024:07:40:00 -0500] "POST /kwsrmcab/Wsrmcab HTTP/1.1" 200 37675
201.245.192.253 - - [17/Mar/2024:07:40:08 -0500] "POST /kwsrmcab/Wsrmcab HTTP/1.1" 200 37692
162.55.166.12 - - [17/Mar/2024:07:40:18 -0500] "GET / HTTP/1.1" 200 4720
201.245.192.253 - - [17/Mar/2024:07:40:13 -0500] "POST /kwsrmcab/Wsrmcab HTTP/1.1" 200 8192
201.245.192.253 - - [17/Mar/2024:07:40:26 -0500] "POST /kwsrmcab/Wsrmcab HTTP/1.1" 200 37714
201.245.192.253 - - [17/Mar/2024:07:40:27 -0500] "POST /kwsrmcab/Wsrmcab HTTP/1.1" 200 37685
201.245.192.253 - - [17/Mar/2024:07:40:33 -0500] "POST /forms/lservlet;jsessionid=ac16012b30d60c378208792d4757a508e4811830dca4.e3iSbxaKaheRe3iNc3uNbNmQay1ynknvrkLOlQzNp65In0 HTTP/1.1" 200 2
201.245.192.253 - - [17/Mar/2024:07:40:33 -0500] "POST /kwsrmcab/Wsrmcab HTTP/1.1" 200 37714
172.22.2.4 - - [17/Mar/2024:07:39:02 -0500] "HEAD /BLA/boletinlegal/ HTTP/1.1" 200 -
162.55.43.55 - - [17/Mar/2024:07:40:44 -0500] "GET / HTTP/1.1" 200 4720
216.245.221.92 - - [17/Mar/2024:07:40:47 -0500] "HEAD / HTTP/1.1" 200 -
172.22.2.4 - - [17/Mar/2024:07:40:49 -0500] "GET /BLA/boletinlegal/actos.php HTTP/1.1" 200 9738
201.245.192.253 - - [17/Mar/2024:07:41:09 -0500] "POST /kwsrmcab/Wsrmcab HTTP/1.1" 200 37714
172.22.2.4 - - [17/Mar/2024:07:39:41 -0500] "GET /BLA/boletinlegal/ HTTP/1.1" 200 44355
172.22.2.4 - - [17/Mar/2024:07:39:55 -0500] "HEAD /BLA/boletinlegal/ HTTP/1.1" 200 -
201.245.192.253 - - [17/Mar/2024:07:41:52 -0500] "POST /forms/lservlet;jsessionid=ac16012b30d672fb2ec093aa4748bf0691d1e088fe72.e3iSbxaKaheRe3iNc3uNbNmQay1ynknvrkLOlQzNp65In0 HTTP/1.1" 200 2
201.245.192.253 - - [17/Mar/2024:07:41:59 -0500] "POST /kwsrmcab/Wsrmcab  HTTP/1.1" 200 37824
201.245.192.253 - - [17/Mar/2024:07:41:35 -0500] "POST /kwsrmcab/Wsrmcab HTTP/1.1" 200 37685
201.245.192.253 - - [17/Mar/2024:07:42:15 -0500] "POST /kwsrmcab/Wsrmcab HTTP/1.1" 200 37685
201.245.192.253 - - [17/Mar/2024:07:42:22 -0500] "POST /kwsrmcab/Wsrmcab HTTP/1.1" 200 37714
172.22.2.4 - - [17/Mar/2024:07:40:46 -0500] "GET /BLA/boletinlegal/ HTTP/1.1" 200 52783
201.245.192.253 - - [17/Mar/2024:07:42:29 -0500] "POST /kwsrmcab/Wsrmcab HTTP/1.1" 200 37714
201.245.192.253 - - [17/Mar/2024:07:42:33 -0500] "POST /forms/lservlet;jsessionid=ac16012b30d60c378208792d4757a508e4811830dca4.e3iSbxaKaheRe3iNc3uNbNmQay1ynknvrkLOlQzNp65In0 HTTP/1.1" 200 2
201.245.192.253 - - [17/Mar/2024:07:42:35 -0500] "POST /kwsrmcab/Wsrmcab HTTP/1.1" 200 37692
201.245.192.253 - - [17/Mar/2024:07:42:40 -0500] "POST /kwsrmcab/Wsrmcab HTTP/1.1" 200 37675
201.245.192.253 - - [17/Mar/2024:07:42:46 -0500] "POST /kwsrmcab/Wsrmcab HTTP/1.1" 200 37682
201.245.192.253 - - [17/Mar/2024:07:42:53 -0500] "POST /kwsrmcab/Wsrmcab HTTP/1.1" 200 37683
201.245.192.253 - - [17/Mar/2024:07:42:59 -0500] "POST /kwsrmcab/Wsrmcab HTTP/1.1" 200 37674
201.245.192.253 - - [17/Mar/2024:07:43:16 -0500] "POST /kwsrmcab/Wsrmcab HTTP/1.1" 200 37714
201.245.192.253 - - [17/Mar/2024:07:43:52 -0500] "POST /forms/lservlet;jsessionid=ac16012b30d672fb2ec093aa4748bf0691d1e088fe72.e3iSbxaKaheRe3iNc3uNbNmQay1ynknvrkLOlQzNp65In0 HTTP/1.1" 200 2
201.245.192.253 - - [17/Mar/2024:07:44:33 -0500] "POST /forms/lservlet;jsessionid=ac16012b30d60c378208792d4757a508e4811830dca4.e3iSbxaKaheRe3iNc3uNbNmQay1ynknvrkLOlQzNp65In0 HTTP/1.1" 200 2
216.245.221.92 - - [17/Mar/2024:07:45:47 -0500] "HEAD / HTTP/1.1" 200 -
201.245.192.253 - - [17/Mar/2024:07:45:52 -0500] "POST /forms/lservlet;jsessionid=ac16012b30d672fb2ec093aa4748bf0691d1e088fe72.e3iSbxaKaheRe3iNc3uNbNmQay1ynknvrkLOlQzNp65In0 HTTP/1.1" 200 2
201.245.192.253 - - [17/Mar/2024:07:46:33 -0500] "POST /forms/lservlet;jsessionid=ac16012b30d60c378208792d4757a508e4811830dca4.e3iSbxaKaheRe3iNc3uNbNmQay1ynknvrkLOlQzNp65In0 HTTP/1.1" 200 2
201.245.192.253 - - [17/Mar/2024:07:46:58 -0500] "POST /kwsrmcab/Wsrmcab  HTTP/1.1" 200 37824
172.22.2.4 - - [17/Mar/2024:07:45:45 -0500] "HEAD /BLA/boletinlegal/ HTTP/1.1" 200 -
201.245.192.253 - - [17/Mar/2024:07:47:52 -0500] "POST /forms/lservlet;jsessionid=ac16012b30d672fb2ec093aa4748bf0691d1e088fe72.e3iSbxaKaheRe3iNc3uNbNmQay1ynknvrkLOlQzNp65In0 HTTP/1.1" 200 2
172.22.2.4 - - [17/Mar/2024:07:46:36 -0500] "GET /BLA/boletinlegal/ HTTP/1.1" 200 53419
201.245.192.253 - - [17/Mar/2024:07:48:33 -0500] "POST /forms/lservlet;jsessionid=ac16012b30d60c378208792d4757a508e4811830dca4.e3iSbxaKaheRe3iNc3uNbNmQay1ynknvrkLOlQzNp65In0 HTTP/1.1" 200 2
201.245.192.253 - - [17/Mar/2024:07:49:14 -0500] "POST /kwsrmcab/Wsrmcab HTTP/1.1" 200 37714
201.245.192.253 - - [17/Mar/2024:07:49:21 -0500] "POST /kwsrmcab/Wsrmcab HTTP/1.1" 200 37674
201.245.192.253 - - [17/Mar/2024:07:49:46 -0500] "POST /kwsrmcab/Wsrmcab HTTP/1.1" 200 37674
201.245.192.253 - - [17/Mar/2024:07:49:52 -0500] "POST /forms/lservlet;jsessionid=ac16012b30d672fb2ec093aa4748bf0691d1e088fe72.e3iSbxaKaheRe3iNc3uNbNmQay1ynknvrkLOlQzNp65In0 HTTP/1.1" 200 2
201.245.192.253 - - [17/Mar/2024:07:49:54 -0500] "POST /kwsrmcab/Wsrmcab HTTP/1.1" 200 37683
201.245.192.253 - - [17/Mar/2024:07:50:02 -0500] "POST /kwsrmcab/Wsrmcab HTTP/1.1" 200 37682
201.245.192.253 - - [17/Mar/2024:07:50:07 -0500] "POST /kwsrmcab/Wsrmcab HTTP/1.1" 200 37675
201.245.192.253 - - [17/Mar/2024:07:50:15 -0500] "POST /kwsrmcab/Wsrmcab HTTP/1.1" 200 213
201.245.192.253 - - [17/Mar/2024:07:50:21 -0500] "POST /kwsrmcab/Wsrmcab HTTP/1.1" 200 37692
201.245.192.253 - - [17/Mar/2024:07:50:33 -0500] "POST /forms/lservlet;jsessionid=ac16012b30d60c378208792d4757a508e4811830dca4.e3iSbxaKaheRe3iNc3uNbNmQay1ynknvrkLOlQzNp65In0 HTTP/1.1" 200 2
216.245.221.92 - - [17/Mar/2024:07:50:47 -0500] "HEAD / HTTP/1.1" 200 -
201.245.192.253 - - [17/Mar/2024:07:50:54 -0500] "POST /kwsrmcab/Wsrmcab HTTP/1.1" 200 37685
201.245.192.253 - - [17/Mar/2024:07:50:59 -0500] "POST /kwsrmcab/Wsrmcab HTTP/1.1" 200 37692
201.245.192.253 - - [17/Mar/2024:07:51:03 -0500] "POST /kwsrmcab/Wsrmcab HTTP/1.1" 200 37692
201.245.192.253 - - [17/Mar/2024:07:51:09 -0500] "POST /kwsrmcab/Wsrmcab HTTP/1.1" 200 213
201.245.192.253 - - [17/Mar/2024:07:51:15 -0500] "POST /kwsrmcab/Wsrmcab HTTP/1.1" 200 37714
201.245.192.253 - - [17/Mar/2024:07:51:21 -0500] "POST /kwsrmcab/Wsrmcab HTTP/1.1" 200 37692
201.245.192.253 - - [17/Mar/2024:07:51:52 -0500] "POST /forms/lservlet;jsessionid=ac16012b30d672fb2ec093aa4748bf0691d1e088fe72.e3iSbxaKaheRe3iNc3uNbNmQay1ynknvrkLOlQzNp65In0 HTTP/1.1" 200 2
201.245.192.253 - - [17/Mar/2024:07:51:58 -0500] "POST /kwsrmcab/Wsrmcab  HTTP/1.1" 200 37824
201.245.192.253 - - [17/Mar/2024:07:51:46 -0500] "POST /kwsrmcab/Wsrmcab HTTP/1.1" 200 37692
201.245.192.253 - - [17/Mar/2024:07:52:33 -0500] "POST /forms/lservlet;jsessionid=ac16012b30d60c378208792d4757a508e4811830dca4.e3iSbxaKaheRe3iNc3uNbNmQay1ynknvrkLOlQzNp65In0 HTTP/1.1" 200 2
186.29.101.255 - - [17/Mar/2024:07:52:47 -0500] "GET /BLA/resoluciones/ HTTP/1.1" 200 14105
186.29.101.255 - - [17/Mar/2024:07:53:06 -0500] "GET /BLA/resoluciones/index.php?dir=AUTOS+2020%2F HTTP/1.1" 200 332853
172.22.2.4 - - [17/Mar/2024:07:51:35 -0500] "HEAD /BLA/boletinlegal/ HTTP/1.1" 200 -
66.249.66.19 - - [17/Mar/2024:07:53:40 -0500] "GET /Publicaciones/2024EE09788.pdf HTTP/1.1" 404 227
201.245.192.253 - - [17/Mar/2024:07:53:52 -0500] "POST /forms/lservlet;jsessionid=ac16012b30d672fb2ec093aa4748bf0691d1e088fe72.e3iSbxaKaheRe3iNc3uNbNmQay1ynknvrkLOlQzNp65In0 HTTP/1.1" 200 2
172.22.2.4 - - [17/Mar/2024:07:52:26 -0500] "GET /BLA/boletinlegal/ HTTP/1.1" 200 58273
186.29.101.255 - - [17/Mar/2024:07:54:15 -0500] "GET /BLA/resoluciones/AUTOS%202020/00942.pdf HTTP/1.1" 200 499449
186.29.101.255 - - [17/Mar/2024:07:54:15 -0500] "GET /BLA/resoluciones/AUTOS%202020/00942.pdf HTTP/1.1" 200 499449
201.245.192.253 - - [17/Mar/2024:07:54:33 -0500] "POST /forms/lservlet;jsessionid=ac16012b30d60c378208792d4757a508e4811830dca4.e3iSbxaKaheRe3iNc3uNbNmQay1ynknvrkLOlQzNp65In0 HTTP/1.1" 200 2
