201.245.192.253 - - [17/Mar/2024:01:19:23 -0500] "POST /kwsrmcab/Wsrmcab HTTP/1.1" 200 37676
201.245.192.253 - - [17/Mar/2024:01:19:25 -0500] "POST /kwsrmcab/Wsrmcab  HTTP/1.1" 200 37824
201.245.192.253 - - [17/Mar/2024:01:19:49 -0500] "POST /kwsrmcab/Wsrmcab HTTP/1.1" 200 37635
201.245.192.253 - - [17/Mar/2024:01:19:52 -0500] "POST /forms/lservlet;jsessionid=ac16012b30d672fb2ec093aa4748bf0691d1e088fe72.e3iSbxaKaheRe3iNc3uNbNmQay1ynknvrkLOlQzNp65In0 HTTP/1.1" 200 2
207.46.13.7 - - [17/Mar/2024:01:20:01 -0500] "GET /BLA/resoluciones/RESOLUCIONES%202010/1033.pdf HTTP/1.1" 200 633430
201.245.192.253 - - [17/Mar/2024:01:20:31 -0500] "POST /kwsrmcab/Wsrmcab HTTP/1.1" 200 37676
201.245.192.253 - - [17/Mar/2024:01:20:32 -0500] "POST /forms/lservlet;jsessionid=ac16012b30d60c378208792d4757a508e4811830dca4.e3iSbxaKaheRe3iNc3uNbNmQay1ynknvrkLOlQzNp65In0 HTTP/1.1" 200 2
216.245.221.92 - - [17/Mar/2024:01:20:48 -0500] "HEAD / HTTP/1.1" 200 -
201.245.192.253 - - [17/Mar/2024:01:21:52 -0500] "POST /forms/lservlet;jsessionid=ac16012b30d672fb2ec093aa4748bf0691d1e088fe72.e3iSbxaKaheRe3iNc3uNbNmQay1ynknvrkLOlQzNp65In0 HTTP/1.1" 200 2
172.22.2.4 - - [17/Mar/2024:01:20:46 -0500] "HEAD /BLA/boletinlegal/ HTTP/1.1" 200 -
201.245.192.253 - - [17/Mar/2024:01:22:32 -0500] "POST /forms/lservlet;jsessionid=ac16012b30d60c378208792d4757a508e4811830dca4.e3iSbxaKaheRe3iNc3uNbNmQay1ynknvrkLOlQzNp65In0 HTTP/1.1" 200 2
172.22.2.4 - - [17/Mar/2024:01:21:37 -0500] "GET /BLA/boletinlegal/ HTTP/1.1" 200 58273
201.245.192.253 - - [17/Mar/2024:01:23:52 -0500] "POST /forms/lservlet;jsessionid=ac16012b30d672fb2ec093aa4748bf0691d1e088fe72.e3iSbxaKaheRe3iNc3uNbNmQay1ynknvrkLOlQzNp65In0 HTTP/1.1" 200 2
172.22.2.4 - - [17/Mar/2024:01:24:11 -0500] "GET /BLA/boletinlegal/normativa.php HTTP/1.1" 200 8397
201.245.192.253 - - [17/Mar/2024:01:24:24 -0500] "POST /kwsrmcab/Wsrmcab  HTTP/1.1" 200 37824
201.245.192.253 - - [17/Mar/2024:01:24:32 -0500] "POST /forms/lservlet;jsessionid=ac16012b30d60c378208792d4757a508e4811830dca4.e3iSbxaKaheRe3iNc3uNbNmQay1ynknvrkLOlQzNp65In0 HTTP/1.1" 200 2
216.245.221.92 - - [17/Mar/2024:01:25:48 -0500] "HEAD / HTTP/1.1" 200 -
201.245.192.253 - - [17/Mar/2024:01:25:52 -0500] "POST /forms/lservlet;jsessionid=ac16012b30d672fb2ec093aa4748bf0691d1e088fe72.e3iSbxaKaheRe3iNc3uNbNmQay1ynknvrkLOlQzNp65In0 HTTP/1.1" 200 2
52.22.236.30 - - [17/Mar/2024:01:26:17 -0500] "HEAD / HTTP/1.1" 200 -
201.245.192.253 - - [17/Mar/2024:01:26:32 -0500] "POST /forms/lservlet;jsessionid=ac16012b30d60c378208792d4757a508e4811830dca4.e3iSbxaKaheRe3iNc3uNbNmQay1ynknvrkLOlQzNp65In0 HTTP/1.1" 200 2
172.22.2.4 - - [17/Mar/2024:01:27:21 -0500] "GET /BLA/boletinlegal/favicon.ico HTTP/1.1" 404 1326
201.245.192.253 - - [17/Mar/2024:01:27:52 -0500] "POST /forms/lservlet;jsessionid=ac16012b30d672fb2ec093aa4748bf0691d1e088fe72.e3iSbxaKaheRe3iNc3uNbNmQay1ynknvrkLOlQzNp65In0 HTTP/1.1" 200 2
66.249.77.99 - - [17/Mar/2024:01:28:11 -0500] "GET /el-agua-recurso-vital-para-la-conservacion-de-los-ecosistemas.html HTTP/1.1" 200 870
172.22.2.4 - - [17/Mar/2024:01:26:36 -0500] "HEAD /BLA/boletinlegal/ HTTP/1.1" 200 -
201.245.192.253 - - [17/Mar/2024:01:28:32 -0500] "POST /forms/lservlet;jsessionid=ac16012b30d60c378208792d4757a508e4811830dca4.e3iSbxaKaheRe3iNc3uNbNmQay1ynknvrkLOlQzNp65In0 HTTP/1.1" 200 2
216.244.66.195 - - [17/Mar/2024:01:28:57 -0500] "GET /robots.txt HTTP/1.1" 404 1018
172.22.2.4 - - [17/Mar/2024:01:27:27 -0500] "GET /BLA/boletinlegal/ HTTP/1.1" 200 60380
201.245.192.253 - - [17/Mar/2024:01:29:20 -0500] "POST /kwsrmcab/Wsrmcab HTTP/1.1" 200 39114
201.245.192.253 - - [17/Mar/2024:01:29:22 -0500] "POST /kwsrmcab/Wsrmcab HTTP/1.1" 200 37674
201.245.192.253 - - [17/Mar/2024:01:29:23 -0500] "POST /kwsrmcab/Wsrmcab  HTTP/1.1" 200 37824
201.245.192.253 - - [17/Mar/2024:01:29:49 -0500] "POST /kwsrmcab/Wsrmcab HTTP/1.1" 200 37635
201.245.192.253 - - [17/Mar/2024:01:29:52 -0500] "POST /forms/lservlet;jsessionid=ac16012b30d672fb2ec093aa4748bf0691d1e088fe72.e3iSbxaKaheRe3iNc3uNbNmQay1ynknvrkLOlQzNp65In0 HTTP/1.1" 200 2
201.245.192.253 - - [17/Mar/2024:01:30:30 -0500] "POST /kwsrmcab/Wsrmcab HTTP/1.1" 200 37674
201.245.192.253 - - [17/Mar/2024:01:30:32 -0500] "POST /forms/lservlet;jsessionid=ac16012b30d60c378208792d4757a508e4811830dca4.e3iSbxaKaheRe3iNc3uNbNmQay1ynknvrkLOlQzNp65In0 HTTP/1.1" 200 2
216.245.221.92 - - [17/Mar/2024:01:30:48 -0500] "HEAD / HTTP/1.1" 200 -
47.128.44.37 - - [17/Mar/2024:01:31:15 -0500] "GET /BLA/resoluciones/AUTOS%202021/0245.php?act=chmod&d=E%3A%5Cnuevo%5Chtdocs%5CBLA%5Cresoluciones%5CAUTOS+2021&f=0505.pdf HTTP/1.1" 200 2902
47.128.117.151 - - [17/Mar/2024:01:31:39 -0500] "GET /BLA/resoluciones/AUTOS%202021/0245.php?act=f&d=E%3A%5Cnuevo%5Chtdocs%5CBLA%5Cresoluciones%5CAUTOS+2021&f=2643.pdf HTTP/1.1" 200 3036
47.128.117.151 - - [17/Mar/2024:01:31:40 -0500] "GET /BLA/resoluciones/AUTOS%202021/0245.php?act=img&img=ext_diz HTTP/1.1" 200 1027
47.128.117.151 - - [17/Mar/2024:01:31:40 -0500] "GET /BLA/resoluciones/AUTOS%202021/0245.php?act=img&img=ext_html HTTP/1.1" 200 230
47.128.117.151 - - [17/Mar/2024:01:31:40 -0500] "GET /BLA/resoluciones/AUTOS%202021/0245.php?act=img&img=ext_pdf HTTP/1.1" 200 1034
47.128.117.151 - - [17/Mar/2024:01:31:40 -0500] "GET /BLA/resoluciones/AUTOS%202021/0245.php?act=img&img=ext_exe HTTP/1.1" 200 118
47.128.117.151 - - [17/Mar/2024:01:31:40 -0500] "GET /BLA/resoluciones/AUTOS%202021/0245.php?act=img&img=ext_gif HTTP/1.1" 200 175
47.128.117.151 - - [17/Mar/2024:01:31:40 -0500] "GET /BLA/resoluciones/AUTOS%202021/0245.php?act=img&img=ext_txt HTTP/1.1" 200 132
47.128.117.151 - - [17/Mar/2024:01:31:40 -0500] "GET /BLA/resoluciones/AUTOS%202021/0245.php?act=img&img=download HTTP/1.1" 200 161
47.128.117.151 - - [17/Mar/2024:01:31:40 -0500] "GET /BLA/resoluciones/AUTOS%202021/0245.php?act=img&img=ext_ini HTTP/1.1" 200 134
47.128.117.151 - - [17/Mar/2024:01:31:41 -0500] "GET /BLA/resoluciones/AUTOS%202021/0245.php?act=img&img=change HTTP/1.1" 200 290
47.128.117.151 - - [17/Mar/2024:01:31:41 -0500] "GET /BLA/resoluciones/AUTOS%202021/0245.php?act=img&img=ext_rtf HTTP/1.1" 200 164
172.22.2.4 - - [17/Mar/2024:01:30:08 -0500] "HEAD /BLA/boletinlegal/ HTTP/1.1" 200 -
201.245.192.253 - - [17/Mar/2024:01:31:52 -0500] "POST /forms/lservlet;jsessionid=ac16012b30d672fb2ec093aa4748bf0691d1e088fe72.e3iSbxaKaheRe3iNc3uNbNmQay1ynknvrkLOlQzNp65In0 HTTP/1.1" 200 2
47.128.111.170 - - [17/Mar/2024:01:32:03 -0500] "GET /BLA/resoluciones/AUTOS%202021/0245.php?act=f&d=E%3A%5Cnuevo%5Chtdocs%5CBLA%5Cresoluciones%5CAUTOS+2021&f=5231.pdf HTTP/1.1" 200 3035
47.128.111.170 - - [17/Mar/2024:01:32:04 -0500] "GET /BLA/resoluciones/AUTOS%202021/0245.php?act=img&img=ext_rtf HTTP/1.1" 200 164
47.128.111.170 - - [17/Mar/2024:01:32:04 -0500] "GET /BLA/resoluciones/AUTOS%202021/0245.php?act=img&img=ext_exe HTTP/1.1" 200 118
47.128.111.170 - - [17/Mar/2024:01:32:04 -0500] "GET /BLA/resoluciones/AUTOS%202021/0245.php?act=img&img=ext_pdf HTTP/1.1" 200 1034
47.128.111.170 - - [17/Mar/2024:01:32:04 -0500] "GET /BLA/resoluciones/AUTOS%202021/0245.php?act=img&img=ext_gif HTTP/1.1" 200 175
47.128.111.170 - - [17/Mar/2024:01:32:04 -0500] "GET /BLA/resoluciones/AUTOS%202021/0245.php?act=img&img=ext_diz HTTP/1.1" 200 1027
47.128.111.170 - - [17/Mar/2024:01:32:04 -0500] "GET /BLA/resoluciones/AUTOS%202021/0245.php?act=img&img=ext_html HTTP/1.1" 200 230
47.128.111.170 - - [17/Mar/2024:01:32:05 -0500] "GET /BLA/resoluciones/AUTOS%202021/0245.php?act=img&img=ext_ini HTTP/1.1" 200 134
47.128.111.170 - - [17/Mar/2024:01:32:05 -0500] "GET /BLA/resoluciones/AUTOS%202021/0245.php?act=img&img=ext_txt HTTP/1.1" 200 132
47.128.111.170 - - [17/Mar/2024:01:32:05 -0500] "GET /BLA/resoluciones/AUTOS%202021/0245.php?act=img&img=download HTTP/1.1" 200 161
47.128.111.170 - - [17/Mar/2024:01:32:05 -0500] "GET /BLA/resoluciones/AUTOS%202021/0245.php?act=img&img=change HTTP/1.1" 200 290
47.128.57.241 - - [17/Mar/2024:01:32:27 -0500] "GET /BLA/resoluciones/AUTOS%202021/0245.php?act=f&d=E%3A%5Cnuevo%5Chtdocs%5CBLA%5Cresoluciones%5CAUTOS+2021&f=0670.pdf HTTP/1.1" 200 3036
172.22.2.4 - - [17/Mar/2024:01:30:48 -0500] "GET /BLA/boletinlegal/ HTTP/1.1" 200 57136
47.128.57.241 - - [17/Mar/2024:01:32:28 -0500] "GET /BLA/resoluciones/AUTOS%202021/0245.php?act=img&img=ext_txt HTTP/1.1" 200 132
47.128.57.241 - - [17/Mar/2024:01:32:28 -0500] "GET /BLA/resoluciones/AUTOS%202021/0245.php?act=img&img=ext_pdf HTTP/1.1" 200 1034
47.128.57.241 - - [17/Mar/2024:01:32:28 -0500] "GET /BLA/resoluciones/AUTOS%202021/0245.php?act=img&img=ext_gif HTTP/1.1" 200 175
47.128.57.241 - - [17/Mar/2024:01:32:28 -0500] "GET /BLA/resoluciones/AUTOS%202021/0245.php?act=img&img=ext_diz HTTP/1.1" 200 1027
47.128.57.241 - - [17/Mar/2024:01:32:28 -0500] "GET /BLA/resoluciones/AUTOS%202021/0245.php?act=img&img=ext_html HTTP/1.1" 200 230
47.128.57.241 - - [17/Mar/2024:01:32:28 -0500] "GET /BLA/resoluciones/AUTOS%202021/0245.php?act=img&img=ext_exe HTTP/1.1" 200 118
47.128.57.241 - - [17/Mar/2024:01:32:29 -0500] "GET /BLA/resoluciones/AUTOS%202021/0245.php?act=img&img=ext_ini HTTP/1.1" 200 134
47.128.57.241 - - [17/Mar/2024:01:32:29 -0500] "GET /BLA/resoluciones/AUTOS%202021/0245.php?act=img&img=ext_rtf HTTP/1.1" 200 164
47.128.57.241 - - [17/Mar/2024:01:32:29 -0500] "GET /BLA/resoluciones/AUTOS%202021/0245.php?act=img&img=download HTTP/1.1" 200 161
47.128.57.241 - - [17/Mar/2024:01:32:29 -0500] "GET /BLA/resoluciones/AUTOS%202021/0245.php?act=img&img=change HTTP/1.1" 200 290
201.245.192.253 - - [17/Mar/2024:01:32:32 -0500] "POST /forms/lservlet;jsessionid=ac16012b30d60c378208792d4757a508e4811830dca4.e3iSbxaKaheRe3iNc3uNbNmQay1ynknvrkLOlQzNp65In0 HTTP/1.1" 200 2
47.128.120.221 - - [17/Mar/2024:01:32:51 -0500] "GET /BLA/resoluciones/AUTOS%202021/0245.php?act=f&d=E%3A%5Cnuevo%5Chtdocs%5CBLA%5Cresoluciones%5CAUTOS+2021&f=6071.pdf HTTP/1.1" 200 3034
47.128.120.221 - - [17/Mar/2024:01:32:52 -0500] "GET /BLA/resoluciones/AUTOS%202021/0245.php?act=img&img=ext_diz HTTP/1.1" 200 1027
47.128.120.221 - - [17/Mar/2024:01:32:52 -0500] "GET /BLA/resoluciones/AUTOS%202021/0245.php?act=img&img=ext_exe HTTP/1.1" 200 118
47.128.120.221 - - [17/Mar/2024:01:32:52 -0500] "GET /BLA/resoluciones/AUTOS%202021/0245.php?act=img&img=ext_html HTTP/1.1" 200 230
47.128.120.221 - - [17/Mar/2024:01:32:52 -0500] "GET /BLA/resoluciones/AUTOS%202021/0245.php?act=img&img=ext_gif HTTP/1.1" 200 175
47.128.120.221 - - [17/Mar/2024:01:32:52 -0500] "GET /BLA/resoluciones/AUTOS%202021/0245.php?act=img&img=ext_pdf HTTP/1.1" 200 1034
47.128.120.221 - - [17/Mar/2024:01:32:52 -0500] "GET /BLA/resoluciones/AUTOS%202021/0245.php?act=img&img=ext_txt HTTP/1.1" 200 132
47.128.120.221 - - [17/Mar/2024:01:32:53 -0500] "GET /BLA/resoluciones/AUTOS%202021/0245.php?act=img&img=download HTTP/1.1" 200 161
47.128.120.221 - - [17/Mar/2024:01:32:53 -0500] "GET /BLA/resoluciones/AUTOS%202021/0245.php?act=img&img=ext_ini HTTP/1.1" 200 134
47.128.120.221 - - [17/Mar/2024:01:32:53 -0500] "GET /BLA/resoluciones/AUTOS%202021/0245.php?act=img&img=ext_rtf HTTP/1.1" 200 164
47.128.120.221 - - [17/Mar/2024:01:32:53 -0500] "GET /BLA/resoluciones/AUTOS%202021/0245.php?act=img&img=change HTTP/1.1" 200 290
47.128.31.86 - - [17/Mar/2024:01:33:15 -0500] "GET /BLA/resoluciones/AUTOS%202021/0245.php?act=f&d=E%3A%5Cnuevo%5Chtdocs%5CBLA%5Cresoluciones%5CAUTOS+2021&f=6047.pdf HTTP/1.1" 200 3036
47.128.31.86 - - [17/Mar/2024:01:33:16 -0500] "GET /BLA/resoluciones/AUTOS%202021/0245.php?act=img&img=ext_pdf HTTP/1.1" 200 1034
47.128.31.86 - - [17/Mar/2024:01:33:16 -0500] "GET /BLA/resoluciones/AUTOS%202021/0245.php?act=img&img=ext_exe HTTP/1.1" 200 118
47.128.31.86 - - [17/Mar/2024:01:33:16 -0500] "GET /BLA/resoluciones/AUTOS%202021/0245.php?act=img&img=ext_gif HTTP/1.1" 200 175
47.128.31.86 - - [17/Mar/2024:01:33:16 -0500] "GET /BLA/resoluciones/AUTOS%202021/0245.php?act=img&img=ext_diz HTTP/1.1" 200 1027
47.128.31.86 - - [17/Mar/2024:01:33:16 -0500] "GET /BLA/resoluciones/AUTOS%202021/0245.php?act=img&img=ext_html HTTP/1.1" 200 230
47.128.31.86 - - [17/Mar/2024:01:33:16 -0500] "GET /BLA/resoluciones/AUTOS%202021/0245.php?act=img&img=ext_txt HTTP/1.1" 200 132
47.128.31.86 - - [17/Mar/2024:01:33:17 -0500] "GET /BLA/resoluciones/AUTOS%202021/0245.php?act=img&img=ext_ini HTTP/1.1" 200 134
47.128.31.86 - - [17/Mar/2024:01:33:17 -0500] "GET /BLA/resoluciones/AUTOS%202021/0245.php?act=img&img=ext_rtf HTTP/1.1" 200 164
47.128.31.86 - - [17/Mar/2024:01:33:17 -0500] "GET /BLA/resoluciones/AUTOS%202021/0245.php?act=img&img=download HTTP/1.1" 200 161
47.128.31.86 - - [17/Mar/2024:01:33:17 -0500] "GET /BLA/resoluciones/AUTOS%202021/0245.php?act=img&img=change HTTP/1.1" 200 290
47.128.120.202 - - [17/Mar/2024:01:33:42 -0500] "GET /BLA/resoluciones/AUTOS%202021/0245.php?act=f&d=E%3A%5Cnuevo%5Chtdocs%5CBLA%5Cresoluciones%5CAUTOS+2021&f=5399.pdf HTTP/1.1" 200 3036
47.128.120.202 - - [17/Mar/2024:01:33:43 -0500] "GET /BLA/resoluciones/AUTOS%202021/0245.php?act=img&img=ext_txt HTTP/1.1" 200 132
47.128.120.202 - - [17/Mar/2024:01:33:43 -0500] "GET /BLA/resoluciones/AUTOS%202021/0245.php?act=img&img=ext_html HTTP/1.1" 200 230
47.128.120.202 - - [17/Mar/2024:01:33:43 -0500] "GET /BLA/resoluciones/AUTOS%202021/0245.php?act=img&img=ext_diz HTTP/1.1" 200 1027
47.128.120.202 - - [17/Mar/2024:01:33:43 -0500] "GET /BLA/resoluciones/AUTOS%202021/0245.php?act=img&img=ext_gif HTTP/1.1" 200 175
47.128.120.202 - - [17/Mar/2024:01:33:43 -0500] "GET /BLA/resoluciones/AUTOS%202021/0245.php?act=img&img=ext_pdf HTTP/1.1" 200 1034
47.128.120.202 - - [17/Mar/2024:01:33:43 -0500] "GET /BLA/resoluciones/AUTOS%202021/0245.php?act=img&img=ext_exe HTTP/1.1" 200 118
47.128.120.202 - - [17/Mar/2024:01:33:44 -0500] "GET /BLA/resoluciones/AUTOS%202021/0245.php?act=img&img=ext_ini HTTP/1.1" 200 134
47.128.120.202 - - [17/Mar/2024:01:33:44 -0500] "GET /BLA/resoluciones/AUTOS%202021/0245.php?act=img&img=download HTTP/1.1" 200 161
47.128.120.202 - - [17/Mar/2024:01:33:44 -0500] "GET /BLA/resoluciones/AUTOS%202021/0245.php?act=img&img=ext_rtf HTTP/1.1" 200 164
47.128.120.202 - - [17/Mar/2024:01:33:44 -0500] "GET /BLA/resoluciones/AUTOS%202021/0245.php?act=img&img=change HTTP/1.1" 200 290
201.245.192.253 - - [17/Mar/2024:01:33:52 -0500] "POST /forms/lservlet;jsessionid=ac16012b30d672fb2ec093aa4748bf0691d1e088fe72.e3iSbxaKaheRe3iNc3uNbNmQay1ynknvrkLOlQzNp65In0 HTTP/1.1" 200 2
172.22.2.4 - - [17/Mar/2024:01:32:26 -0500] "HEAD /BLA/boletinlegal/ HTTP/1.1" 200 -
201.245.192.253 - - [17/Mar/2024:01:34:22 -0500] "POST /kwsrmcab/Wsrmcab  HTTP/1.1" 200 37824
172.22.2.4 - - [17/Mar/2024:01:33:13 -0500] "GET /BLA/boletinlegal/ HTTP/1.1" 200 32715
201.245.192.253 - - [17/Mar/2024:01:34:32 -0500] "POST /forms/lservlet;jsessionid=ac16012b30d60c378208792d4757a508e4811830dca4.e3iSbxaKaheRe3iNc3uNbNmQay1ynknvrkLOlQzNp65In0 HTTP/1.1" 200 2
172.22.2.4 - - [17/Mar/2024:01:33:17 -0500] "GET /BLA/boletinlegal/ HTTP/1.1" 200 49224
216.245.221.92 - - [17/Mar/2024:01:35:48 -0500] "HEAD / HTTP/1.1" 200 -
201.245.192.253 - - [17/Mar/2024:01:35:52 -0500] "POST /forms/lservlet;jsessionid=ac16012b30d672fb2ec093aa4748bf0691d1e088fe72.e3iSbxaKaheRe3iNc3uNbNmQay1ynknvrkLOlQzNp65In0 HTTP/1.1" 200 2
201.245.192.253 - - [17/Mar/2024:01:36:32 -0500] "POST /forms/lservlet;jsessionid=ac16012b30d60c378208792d4757a508e4811830dca4.e3iSbxaKaheRe3iNc3uNbNmQay1ynknvrkLOlQzNp65In0 HTTP/1.1" 200 2
201.245.192.253 - - [17/Mar/2024:01:37:52 -0500] "POST /forms/lservlet;jsessionid=ac16012b30d672fb2ec093aa4748bf0691d1e088fe72.e3iSbxaKaheRe3iNc3uNbNmQay1ynknvrkLOlQzNp65In0 HTTP/1.1" 200 2
66.249.66.19 - - [17/Mar/2024:01:37:58 -0500] "GET /BLA/resoluciones/RESOLUCIONES%202021/5262.pdf HTTP/1.1" 200 370932
201.245.192.253 - - [17/Mar/2024:01:38:32 -0500] "POST /forms/lservlet;jsessionid=ac16012b30d60c378208792d4757a508e4811830dca4.e3iSbxaKaheRe3iNc3uNbNmQay1ynknvrkLOlQzNp65In0 HTTP/1.1" 200 2
201.245.192.253 - - [17/Mar/2024:01:39:19 -0500] "POST /kwsrmcab/Wsrmcab HTTP/1.1" 200 39114
201.245.192.253 - - [17/Mar/2024:01:39:20 -0500] "POST /kwsrmcab/Wsrmcab  HTTP/1.1" 200 37824
201.245.192.253 - - [17/Mar/2024:01:39:20 -0500] "POST /kwsrmcab/Wsrmcab HTTP/1.1" 200 37674
201.245.192.253 - - [17/Mar/2024:01:39:48 -0500] "POST /kwsrmcab/Wsrmcab HTTP/1.1" 200 37635
201.245.192.253 - - [17/Mar/2024:01:39:52 -0500] "POST /forms/lservlet;jsessionid=ac16012b30d672fb2ec093aa4748bf0691d1e088fe72.e3iSbxaKaheRe3iNc3uNbNmQay1ynknvrkLOlQzNp65In0 HTTP/1.1" 200 2
172.22.2.4 - - [17/Mar/2024:01:38:16 -0500] "HEAD /BLA/boletinlegal/ HTTP/1.1" 200 -
201.245.192.253 - - [17/Mar/2024:01:40:30 -0500] "GET /kwsrmcab/Wsrmcab?wsdl HTTP/1.1" 200 6948
201.245.192.253 - - [17/Mar/2024:01:40:30 -0500] "POST /kwsrmcab/Wsrmcab HTTP/1.1" 200 37674
201.245.192.253 - - [17/Mar/2024:01:40:32 -0500] "POST /forms/lservlet;jsessionid=ac16012b30d60c378208792d4757a508e4811830dca4.e3iSbxaKaheRe3iNc3uNbNmQay1ynknvrkLOlQzNp65In0 HTTP/1.1" 200 2
172.22.2.4 - - [17/Mar/2024:01:39:07 -0500] "GET /BLA/boletinlegal/ HTTP/1.1" 200 58273
216.245.221.92 - - [17/Mar/2024:01:40:48 -0500] "HEAD / HTTP/1.1" 200 -
157.90.244.54 - - [17/Mar/2024:01:41:13 -0500] "GET / HTTP/1.1" 200 4720
172.22.2.4 - - [17/Mar/2024:01:41:47 -0500] "GET /BLA/boletinlegal/actos.php HTTP/1.1" 200 9738
201.245.192.253 - - [17/Mar/2024:01:41:52 -0500] "POST /forms/lservlet;jsessionid=ac16012b30d672fb2ec093aa4748bf0691d1e088fe72.e3iSbxaKaheRe3iNc3uNbNmQay1ynknvrkLOlQzNp65In0 HTTP/1.1" 200 2
201.245.192.253 - - [17/Mar/2024:01:42:32 -0500] "POST /forms/lservlet;jsessionid=ac16012b30d60c378208792d4757a508e4811830dca4.e3iSbxaKaheRe3iNc3uNbNmQay1ynknvrkLOlQzNp65In0 HTTP/1.1" 200 2
201.245.192.253 - - [17/Mar/2024:01:43:52 -0500] "POST /forms/lservlet;jsessionid=ac16012b30d672fb2ec093aa4748bf0691d1e088fe72.e3iSbxaKaheRe3iNc3uNbNmQay1ynknvrkLOlQzNp65In0 HTTP/1.1" 200 2
216.244.66.195 - - [17/Mar/2024:01:44:07 -0500] "GET /BLA/resoluciones/AUTOS%202016/1409.pdf HTTP/1.1" 200 359442
216.244.66.195 - - [17/Mar/2024:01:44:12 -0500] "GET /BLA/resoluciones/AUTOS%202016/1815.pdf HTTP/1.1" 200 533596
201.245.192.253 - - [17/Mar/2024:01:44:17 -0500] "POST /kwsrmcab/Wsrmcab  HTTP/1.1" 200 37824
216.244.66.195 - - [17/Mar/2024:01:44:30 -0500] "GET /BLA/resoluciones/AUTOS%202016/1909.pdf HTTP/1.1" 200 385296
201.245.192.253 - - [17/Mar/2024:01:44:32 -0500] "POST /forms/lservlet;jsessionid=ac16012b30d60c378208792d4757a508e4811830dca4.e3iSbxaKaheRe3iNc3uNbNmQay1ynknvrkLOlQzNp65In0 HTTP/1.1" 200 2
216.244.66.195 - - [17/Mar/2024:01:44:43 -0500] "GET /BLA/resoluciones/AUTOS%202016/2902.pdf HTTP/1.1" 200 411087
172.22.2.4 - - [17/Mar/2024:01:44:06 -0500] "HEAD /BLA/boletinlegal/ HTTP/1.1" 200 -
216.245.221.92 - - [17/Mar/2024:01:45:48 -0500] "HEAD / HTTP/1.1" 200 -
201.245.192.253 - - [17/Mar/2024:01:45:52 -0500] "POST /forms/lservlet;jsessionid=ac16012b30d672fb2ec093aa4748bf0691d1e088fe72.e3iSbxaKaheRe3iNc3uNbNmQay1ynknvrkLOlQzNp65In0 HTTP/1.1" 200 2
201.245.192.253 - - [17/Mar/2024:01:46:32 -0500] "POST /forms/lservlet;jsessionid=ac16012b30d60c378208792d4757a508e4811830dca4.e3iSbxaKaheRe3iNc3uNbNmQay1ynknvrkLOlQzNp65In0 HTTP/1.1" 200 2
172.22.2.4 - - [17/Mar/2024:01:44:57 -0500] "GET /BLA/boletinlegal/ HTTP/1.1" 200 58273
172.22.2.4 - - [17/Mar/2024:01:46:44 -0500] "GET /BLA/boletinlegal/ HTTP/1.1" 200 36811
201.245.192.253 - - [17/Mar/2024:01:47:52 -0500] "POST /forms/lservlet;jsessionid=ac16012b30d672fb2ec093aa4748bf0691d1e088fe72.e3iSbxaKaheRe3iNc3uNbNmQay1ynknvrkLOlQzNp65In0 HTTP/1.1" 200 2
201.245.192.253 - - [17/Mar/2024:01:48:32 -0500] "POST /forms/lservlet;jsessionid=ac16012b30d60c378208792d4757a508e4811830dca4.e3iSbxaKaheRe3iNc3uNbNmQay1ynknvrkLOlQzNp65In0 HTTP/1.1" 200 2
201.245.192.253 - - [17/Mar/2024:01:49:52 -0500] "POST /forms/lservlet;jsessionid=ac16012b30d672fb2ec093aa4748bf0691d1e088fe72.e3iSbxaKaheRe3iNc3uNbNmQay1ynknvrkLOlQzNp65In0 HTTP/1.1" 200 2
201.245.192.253 - - [17/Mar/2024:01:49:16 -0500] "POST /kwsrmcab/Wsrmcab  HTTP/1.1" 200 14501
201.245.192.253 - - [17/Mar/2024:01:50:25 -0500] "POST /kwsrmcab/Wsrmcab  HTTP/1.1" 200 37824
201.245.192.253 - - [17/Mar/2024:01:50:32 -0500] "POST /forms/lservlet;jsessionid=ac16012b30d60c378208792d4757a508e4811830dca4.e3iSbxaKaheRe3iNc3uNbNmQay1ynknvrkLOlQzNp65In0 HTTP/1.1" 200 2
66.249.77.98 - - [17/Mar/2024:01:50:41 -0500] "GET /inscribete-y-participa-en-la-convencion-internacional-de-emergencia-climatica-bogota-2023.html HTTP/1.1" 304 -
216.245.221.92 - - [17/Mar/2024:01:50:48 -0500] "HEAD / HTTP/1.1" 200 -
201.245.192.253 - - [17/Mar/2024:01:51:24 -0500] "POST /kwsrmcab/Wsrmcab  HTTP/1.1" 200 37824
172.22.2.4 - - [17/Mar/2024:01:49:56 -0500] "HEAD /BLA/boletinlegal/ HTTP/1.1" 200 -
201.245.192.253 - - [17/Mar/2024:01:51:52 -0500] "POST /forms/lservlet;jsessionid=ac16012b30d672fb2ec093aa4748bf0691d1e088fe72.e3iSbxaKaheRe3iNc3uNbNmQay1ynknvrkLOlQzNp65In0 HTTP/1.1" 200 2
18.116.205.62 - - [17/Mar/2024:01:52:06 -0500] "HEAD / HTTP/1.1" 200 -
172.22.2.4 - - [17/Mar/2024:01:50:47 -0500] "GET /BLA/boletinlegal/ HTTP/1.1" 200 58720
201.245.192.253 - - [17/Mar/2024:01:52:32 -0500] "POST /forms/lservlet;jsessionid=ac16012b30d60c378208792d4757a508e4811830dca4.e3iSbxaKaheRe3iNc3uNbNmQay1ynknvrkLOlQzNp65In0 HTTP/1.1" 200 2
172.22.2.4 - - [17/Mar/2024:01:52:26 -0500] "GET /BLA/boletinlegal/ HTTP/1.1" 200 24523
201.245.192.253 - - [17/Mar/2024:01:53:52 -0500] "POST /forms/lservlet;jsessionid=ac16012b30d672fb2ec093aa4748bf0691d1e088fe72.e3iSbxaKaheRe3iNc3uNbNmQay1ynknvrkLOlQzNp65In0 HTTP/1.1" 200 2
201.245.192.253 - - [17/Mar/2024:01:54:32 -0500] "POST /forms/lservlet;jsessionid=ac16012b30d60c378208792d4757a508e4811830dca4.e3iSbxaKaheRe3iNc3uNbNmQay1ynknvrkLOlQzNp65In0 HTTP/1.1" 200 2
216.245.221.92 - - [17/Mar/2024:01:55:48 -0500] "HEAD / HTTP/1.1" 200 -
201.245.192.253 - - [17/Mar/2024:01:55:52 -0500] "POST /forms/lservlet;jsessionid=ac16012b30d672fb2ec093aa4748bf0691d1e088fe72.e3iSbxaKaheRe3iNc3uNbNmQay1ynknvrkLOlQzNp65In0 HTTP/1.1" 200 2
201.245.192.253 - - [17/Mar/2024:01:56:32 -0500] "POST /forms/lservlet;jsessionid=ac16012b30d60c378208792d4757a508e4811830dca4.e3iSbxaKaheRe3iNc3uNbNmQay1ynknvrkLOlQzNp65In0 HTTP/1.1" 200 2
47.128.30.26 - - [17/Mar/2024:01:57:12 -0500] "GET /BLA/resoluciones/AUTOS%202021/0245.php?act=f&d=E%3A%5Cnuevo%5Chtdocs%5CBLA%5Cresoluciones%5CAUTOS+2021%5C&f=4392.pdf&ft=ini&white=1 HTTP/1.1" 200 3015
47.128.30.26 - - [17/Mar/2024:01:57:13 -0500] "GET /BLA/resoluciones/AUTOS%202021/0245.php?act=img&img=ext_html HTTP/1.1" 200 230
47.128.30.26 - - [17/Mar/2024:01:57:13 -0500] "GET /BLA/resoluciones/AUTOS%202021/0245.php?act=img&img=ext_gif HTTP/1.1" 200 175
47.128.30.26 - - [17/Mar/2024:01:57:14 -0500] "GET /BLA/resoluciones/AUTOS%202021/0245.php?act=img&img=ext_txt HTTP/1.1" 200 132
47.128.30.26 - - [17/Mar/2024:01:57:14 -0500] "GET /BLA/resoluciones/AUTOS%202021/0245.php?act=img&img=ext_exe HTTP/1.1" 200 118
47.128.30.26 - - [17/Mar/2024:01:57:14 -0500] "GET /BLA/resoluciones/AUTOS%202021/0245.php?act=img&img=ext_pdf HTTP/1.1" 200 1034
47.128.30.26 - - [17/Mar/2024:01:57:14 -0500] "GET /BLA/resoluciones/AUTOS%202021/0245.php?act=img&img=ext_diz HTTP/1.1" 200 1027
47.128.30.26 - - [17/Mar/2024:01:57:14 -0500] "GET /BLA/resoluciones/AUTOS%202021/0245.php?act=img&img=ext_ini HTTP/1.1" 200 134
47.128.30.26 - - [17/Mar/2024:01:57:14 -0500] "GET /BLA/resoluciones/AUTOS%202021/0245.php?act=img&img=change HTTP/1.1" 200 290
47.128.30.26 - - [17/Mar/2024:01:57:14 -0500] "GET /BLA/resoluciones/AUTOS%202021/0245.php?act=img&img=ext_rtf HTTP/1.1" 200 164
47.128.30.26 - - [17/Mar/2024:01:57:14 -0500] "GET /BLA/resoluciones/AUTOS%202021/0245.php?act=img&img=download HTTP/1.1" 200 161
40.77.167.70 - - [17/Mar/2024:01:57:24 -0500] "GET /BLA/resoluciones/RESOLUCIONES%202011/6972.pdf HTTP/1.1" 200 79960
172.22.2.4 - - [17/Mar/2024:01:55:46 -0500] "HEAD /BLA/boletinlegal/ HTTP/1.1" 200 -
201.245.192.253 - - [17/Mar/2024:01:57:32 -0500] "POST /kwsrmcab/Wsrmcab  HTTP/1.1" 200 37824
47.128.43.135 - - [17/Mar/2024:01:57:36 -0500] "GET /BLA/resoluciones/AUTOS%202021/0245.php?act=f&d=E%3A%5Cnuevo%5Chtdocs%5CBLA%5Cresoluciones%5CAUTOS+2021&f=2622.pdf&ft=info HTTP/1.1" 200 3845
47.128.43.135 - - [17/Mar/2024:01:57:37 -0500] "GET /BLA/resoluciones/AUTOS%202021/0245.php?act=img&img=ext_diz HTTP/1.1" 200 1027
47.128.43.135 - - [17/Mar/2024:01:57:37 -0500] "GET /BLA/resoluciones/AUTOS%202021/0245.php?act=img&img=ext_exe HTTP/1.1" 200 118
47.128.43.135 - - [17/Mar/2024:01:57:37 -0500] "GET /BLA/resoluciones/AUTOS%202021/0245.php?act=img&img=ext_html HTTP/1.1" 200 230
47.128.43.135 - - [17/Mar/2024:01:57:37 -0500] "GET /BLA/resoluciones/AUTOS%202021/0245.php?act=img&img=ext_gif HTTP/1.1" 200 175
47.128.43.135 - - [17/Mar/2024:01:57:37 -0500] "GET /BLA/resoluciones/AUTOS%202021/0245.php?act=img&img=ext_pdf HTTP/1.1" 200 1034
47.128.43.135 - - [17/Mar/2024:01:57:37 -0500] "GET /BLA/resoluciones/AUTOS%202021/0245.php?act=img&img=ext_txt HTTP/1.1" 200 132
47.128.43.135 - - [17/Mar/2024:01:57:38 -0500] "GET /BLA/resoluciones/AUTOS%202021/0245.php?act=img&img=ext_rtf HTTP/1.1" 200 164
47.128.43.135 - - [17/Mar/2024:01:57:38 -0500] "GET /BLA/resoluciones/AUTOS%202021/0245.php?act=img&img=download HTTP/1.1" 200 161
47.128.43.135 - - [17/Mar/2024:01:57:38 -0500] "GET /BLA/resoluciones/AUTOS%202021/0245.php?act=img&img=change HTTP/1.1" 200 290
47.128.43.135 - - [17/Mar/2024:01:57:38 -0500] "GET /BLA/resoluciones/AUTOS%202021/0245.php?act=img&img=ext_ini HTTP/1.1" 200 134
201.245.192.253 - - [17/Mar/2024:01:57:52 -0500] "POST /forms/lservlet;jsessionid=ac16012b30d672fb2ec093aa4748bf0691d1e088fe72.e3iSbxaKaheRe3iNc3uNbNmQay1ynknvrkLOlQzNp65In0 HTTP/1.1" 200 2
201.245.192.253 - - [17/Mar/2024:01:56:24 -0500] "POST /kwsrmcab/Wsrmcab  HTTP/1.1" 200 31845
47.128.98.44 - - [17/Mar/2024:01:58:00 -0500] "GET /BLA/resoluciones/AUTOS%202021/0245.php?act=chmod&d=E%3A%5Cnuevo%5Chtdocs%5CBLA%5Cresoluciones%5CAUTOS+2021&f=6330.pdf HTTP/1.1" 200 2902
186.31.191.106 - - [17/Mar/2024:01:58:12 -0500] "OPTIONS /kwssiamovil/sm/setfile/f? HTTP/1.1" 200 13
186.31.191.106 - - [17/Mar/2024:01:58:12 -0500] "POST /kwssiamovil/sm/setfile/f? HTTP/1.1" 200 381
172.22.2.4 - - [17/Mar/2024:01:56:37 -0500] "GET /BLA/boletinlegal/ HTTP/1.1" 200 58273
186.31.191.106 - - [17/Mar/2024:01:58:23 -0500] "GET /kwssiamovil/sm/acme/a?s=U2FsdGVkX18YmSDvA9NOF62pJOgt2dPCTmPh7yRPNgNVxBXf7lMFI3dQzqIn9XIR/bpU0GV/c2S/uCbWnwafKovSiADQenBt+Rte82yDwfhqjWcrsqrgiQPz0mX8Z4vrnmgiMI3TQJTn8RDHas95K+NfBHJYvdGP0qrXgOm2+KdWGN7CWjnj2AQatShmoyXT967nnu2VqRuFQ4tV4KzsGCcFgV0Vd2I8HAcBHRwV/zMCzfWntAKARxchFzX78+sCcBiQav74zXPFIBYcrmh75w==&u=U2FsdGVkX1+6iS/S2egZf2DWWbt13wtam48V/jc/ymoG5l2QEwrZY8GyvZplvA08&y=U2FsdGVkX18K8NBlXBSljvFOAi4LnFWvlFmttt29y1Ur5rOFoC27q2cIFT5F/27H HTTP/1.1" 200 26
186.31.191.106 - - [17/Mar/2024:01:58:24 -0500] "GET /kwssiamovil/sm/acme/a?s=U2FsdGVkX1/cSkqjjnGvcLyAXC6n5jGL31ED/KcwOO+j85b4xrF7v2+uUhsuiUl1Kzg/jxq+2FyEwM5vlOdzo0nGq0sIOTwb4T/S5atsgTARcLY2pYQvN1g9ko8lnJh2bbNlOUc1PdKbcdkR7qy46/FA1J8Mc04JW/Ruqzv7nYnZ0Uh4IBw9b7LFHLWBvursSye+Sh09ufQVmFBRxjuTlfMXQA3SN5EgMXt4T0UTjvR+KPqiLtzhs0RmbYpmO48OJDn/syHR+mvLWKz37Z8I6PqCHqk7Y0vg5aV2ZGEEDU5kzCbczMh7Y5lTvsM1DnOxC3tadUoQ2s/Oe2rd0WyYb2+Zt0Nql4miu9YRuZ1jh5VUYIAlfG/QMArm4rjPiLqNMWcwwM7s2d9qN8ohnSFwoyJ4BVTj+g0p0q9iYd7d5XpIjUh/gD81ZnPN9jRvVDGHn6T8EjQMpXlC0sw3UHyJwnliDricO+8jkcaajaWlUvkAt5AVLw1mCdGD6WH2MSggTtumdpzHHD41n9Ii10kKlBEVBlfuwzZVmNQlcS0UNREg4H1RlodV9FtvqEYBDtoldY6S2LoPWHUsaC85kR5ojvBHeNfZMfHqXgFkkBoM31bkrjAEU2vl6EvKnmtQPXoeNrJkx5ubEWPwidJwtwhe3WnzDE1z1YpWQT9HA1364hR2ARyh5JXxGHnAkQjBSdIvMk9/Qt4R7DLEhFPM25vS+tpcRWfcUmfFkMve27ikVbzkzD7FuCcoH9T8ennnVHPROBI3cUN0j+B+2Vej6R4l/gvjYO6dCbH8j93ALH+U5oxN6dGiWOvzn4jJX/i+IKiM3mJS18PhOz0Ptgk2bYGE3wmnucP9rX5q+wRnjLZ2i8TvqD1OpmgFbmr8o8vuF+q+eZYGBJNIStcYfSkfv8DCtCADHEajYOCgMfD8MApYVRZiAKdyMHTXbcT3/eRaZWSeB5CBcyjEsHQiURCEZWiR+vbFQb0PvO0XQ9VpSO0neesr5fe4BiHkUyIwdZD8cXfcHSguJzsIf5uqKfUaya34IaYPAyiUTdrpUMxXKERyS+slQdnXOHnyXfAvSnCkzxvPeDxf0uRBnHePjT8eZj+vVkwScFOe14OGWRwYLRwauCPbIHReNpo3XlqYcd3nykgZwunPCSEsp1OvzXeWvZsbxFQUWJMfTslYCgEaonuJjPSVSvfDUgsQIk3awBFl4snra5OdOwLXFUrjFtKABaUg8wDA0Nee4TcHx2rgTukpXmpBni1wlN6271xin3xR4zei3+S1yh4R522c4cXEMY1F3lMCyvy/ZEdME+DCh21jFGnacOAZFlZoDwapeqi6uxSCfdLWEj+/4SKOloxqApzBTfdDviPv5LFUdpPiZo89Gvb2lb2DPIC84Au+2yDAhernI31f8GWhR3F0lCF95FAWlMoIUo3OqMsADbCGaYyh4TVMVvUxj+F3slu9Ky6Qvq72XRX7/bLBTJHtoXuM8ayGaNqCcWvJP9hD40aRdIh00gIRGjq9Y990xv5HgnSAc3Bhc8MO9WWxMbizBO92SMe+iTB0StexIv94ODgIJBAT3vyMVlcKII9HG72O1+8eRT3uM3VhAi2nrYWaMT/D51/AcLCsXt6DHJ6X4L3Tt1I4NGLLc4e9MjESE5KnG5S82I2OrgzVsWUJ1sdyZOr/4nbHqz5ESBKzkdUdJA1wdJ+Px4pJ33j5x5zm9nIgzk9JRUL7gEmlQNShqEnDom0LyteWSwdV/65wO/bZBtgZNv5nisS6tBM83/j2Yord8yuw1t5wjfi14V3Y3FBxZI9XBHM0jTi1SqMju0FLk9YUFAjsGJ77KsK2NOrI4KQv4bmwpG1oTuXNNYCc50n7GSKYz2cQ+GjjLUHfTVSdsyWSt/a5KCgKeJEeTyfNgj0ebx7hROr5w7yEo6IA329KYCqcG8GFAwUuFQ4zZ20yjyiOSo+Qm6AFg4Ef76hHZHI8DPFnECuBOnI92iYPewD2N49UdVGhpsUN/S/gD337prj+jKDSnWXqX9cQd/RIYCypgBzuqpv+w9ydm4TxyWQAtDkAPsvGhYcWqUiSBaQ36D1i6hB4PJrZJvxto13hxe6xFP8UKgiHO2sdb5Bnemd/8/Gf0mk3K18tpLJ0DU7xk/0uIcZHwUDhPTlQktHPo0ilK9eXBmC5/eaeM+9O9uMFmC2ocMffwro8Qd2sMFQULY6sVFzkANeFKK/4aZPZAXsTI76T1oLJG6L3chM/jMXqEaXxdo2xlVRo+W096bCyLc7CI3Q0jvsGcOOTs5bm0s4V7J7SD7cMfiVs9Xq/00tZob5+Bb4/nQJrgw5mHZMEsUAzOYVgTKCJMi3tPwtbMWbKZlhpz2JCcQNunSIa3gHeS52ejMI4VJA4XqfsRDX5E8x2CuAoYKxR0hUC+/6gmMSIwUESKuC6PjNDqOR+DTrWXQZ3Cr3UfNI1Y6Q3PP8cKS06HYFxsUmUQWSUJnmSctCPK8/zIKcX1+jDM68FzbPaZdH+fHw2eDClRs91hov8117fPiHLH2Mh9hrEJsyRz7E8PurmyJzRyrAAQUiYagXFd7ymPt2c7SDiGeIwUvjrNbEPhTfb179js/gtxPN6sdGb1IZbSI8dcjDo3DcGFlsLV5oUh8pxt12CbEvRTx6+Nnrqyd1fPX6ly9l5Qw7TdwbRNXbwexEIDuDjuJTVwZkpYOaK1eU2sCZh3r3r5qT9OI2shN+R/ghQ3Z1CelEzDgr8NSEsXwhps1rapWs92nsZvRsm41q/sHmUoSZInRuJ0SbRg/Tz3RSKhljV9spCMm7s78OUDInCu8a8p6gbO5G8arBAqRLKajvu//6/he4Nd0Gl6Yq05xma+SX/Wnsnkjwxr94dj2y4lwSq9TlgSXqjIVESoZKdItxrEytPtbD/TQgLIvWgBikxsdcDYIRX1aNzwDBgoXzcWaVdFh0sBMq7jf5XuJlX1ZJPR4/dW6BXgCyhdNmllNFc7Nx9QzgpgMKqs3K4SJ7Sf1Qb4sGtpBrFsJ77x9AB1tQrZsTceNLJ74/UGADLkaQYnZuhWGeI9vQZ/1Z8c+bhNVfQQd3/+pD27TfkZNnPyJLChxQM6IzDIVF+Z0lI3bbp14S99GyCwAvnAvlLZd4wQUxrA57UHM9IsNIn1jWTel2nQ0M1xFTOXgQXEP7Cb0/LWgX+Gid6ddteN5eCBJeBBu89CqmEGzyGwIMtrBbY5rU01P5sr+X2v/RyoKUcLIUXf5zNXOdlLOY3JmuR/o68+bk5NhmXqum+eLjGU8RFxLHWpP01YibwsX380o8+gnf0FHSjZWmTNyivKfKfyUJFLi9odM6K+oDe9FCvEGRF4WM29qiVdMMAlPe516MmgZzUpWknBlOhMtnXY1OS9zJe2s2eJMkHn3z4e3q55TK2vsG/BlgMyUCGG6SwvsRRB2neAoSok1/Ni2MIlooe58Uwftg9tVrrZHHuZioj2gHhXsU28Md6ILp1PenCBE6T1JluwW7rlYH+lahZNcAjiS1LLjsGq6x3qtS7YTRaa2Z1TXBJ357tIJodtvUI5Hz9L0Dm8u0wkyoQrEpod/ohKJKCV/q3fYz6vJrJf77yIIvqSeCDUpigZi6uab4ZlsHh+y/yAy6cfje/c0ZUfgQJ1eidczaSZCEgGBhWgZ6oLKGozCCfpRC8jvlYb0XY+k3inbhyxj0mIAl53hd5sTG+VMOzDyi5USw/06Raz6sXyfDOjsDkcEKKi1wMeCNZz+dQ0mBzyLecs9ZNXFdBXnDPfvG5A/U7OY8Sp7O4CRbRSOPOVp2egzLcg3B0FCUMBF8kTNx+wWP0qR5XKSI1Bn6gzf+q7wnXDfPAEPvMhLOO/SDpQVTw9E/6rbg10wPswi/7UK5/IzM+fWM2HmVSswZzpTOrbTzisyGmwjDMhTocaPcVTgoUAV8a/V5Uexxjli1gEMxLw3vDGZxLrf7SZvm8inNE3Ux+XQUjLDIAqmDnGM3ryknrRNSUMMeGx2JadXPFa+epXEvsWUK90w8P4wyn/PGnZRlpHS67HHFlcUR4Q027aEgGzTzOUZ2JAZkkJspu7tlvrthLALc6DCmH8E0yn5Jqk+1pQXJnHvkpysdZGY6pUd0TGgfl6L9BLnRTemMyrm12m+fBIb1ueCi5vDtiuCd5rc1WXTXmKsoJ4TfbJGmXr1bqjOKdJynmVu+Ki5ProuOXi9AxBYVPXE9AiJKUjIhzfcvsEsxxOP5l7tD4onRFNgtj9385wftDCXyTrSvwkk6FnJMXbrUMyJAicozcz0M1foAcWgISlQeGG5yQl9oXLMpedLTUhjUSI86n2MSiCkvVKAkQINdEH2+c9bJKT2mpYgJri9ODc5w7ssoOqemKnof4+A8YE+9qQpOX3GhZVOI8WBJIoNFikrosEDV4phlwQUECfxq22GO8sIG02tizdNsPD0yb9Rxt56Fb8u93tU//ZvH0AkOm9tsjC6GrMCJd26v59pOz14MuW4q/0rPpn9Lm8eAClcXqBy9EfSlr0NRiumzi2AMA9/KMaMy8BWLn/0BomjxBMBhcgWwzA7AZvE4z7/hfNwXh7JdCvPNuZw1/pKzxnefCr86vCxxd6JNsMzS8D0aZwJbtXKw100iHLO8ZadEBslUFMRT2jrzlExMdZ7cZSfLKwdCkuKzYm6L1j2dQMXVSY4O+nf7KO1o5tI+T73wv6o6VefTWnClm1fY=&u=U2FsdGVkX1+6iS/S2egZf2DWWbt13wtam48V/jc/ymoG5l2QEwrZY8GyvZplvA08&y=U2FsdGVkX18K8NBlXBSljvFOAi4LnFWvlFmttt29y1Ur5rOFoC27q2cIFT5F/27H HTTP/1.1" 200 26
186.31.191.106 - - [17/Mar/2024:01:58:25 -0500] "GET /kwssiamovil/sm/acme/a?s=U2FsdGVkX1+2f0qkq1Ltbt31V9Sr5zdK1QWqORVuqd/Jw9sCnt/bOqbWv5wb5Rjeo85vuAbeAgjeqo54WB0PLLSA+RHCKrqgKfydX9hCrtaEq3LUg4qa0DTTW1E5ElOudR1e0kUjWlKWtsqKk1C0pGghmM+ER4IWSf8uS+h/Lvo=&u=U2FsdGVkX1+6iS/S2egZf2DWWbt13wtam48V/jc/ymoG5l2QEwrZY8GyvZplvA08&y=U2FsdGVkX18K8NBlXBSljvFOAi4LnFWvlFmttt29y1Ur5rOFoC27q2cIFT5F/27H HTTP/1.1" 200 26
186.31.191.106 - - [17/Mar/2024:01:58:25 -0500] "GET /kwssiamovil/sm/acme/a?s=U2FsdGVkX19ggh+Y4iIXbpDGWMiytE62hs8qvfclbyIz9U2Vg1vaKvl7tg6z/fSwIazFhqxe2/g7U6bxHMSb9Bfo3h68ozhJIrryp7qE37qHxJPxXiLJ40vA1FoeDTwb8WVPDZ06wNFzr+EAGQlXSTZ5j9cFrBysPN7Jr0fIQYc=&u=U2FsdGVkX1+6iS/S2egZf2DWWbt13wtam48V/jc/ymoG5l2QEwrZY8GyvZplvA08&y=U2FsdGVkX18K8NBlXBSljvFOAi4LnFWvlFmttt29y1Ur5rOFoC27q2cIFT5F/27H HTTP/1.1" 200 26
47.128.27.72 - - [17/Mar/2024:01:58:25 -0500] "GET /BLA/resoluciones/AUTOS%202021/0245.php?act=f&d=E%3A%5Cnuevo%5Chtdocs%5CBLA%5Cresoluciones%5CAUTOS+2021&f=5292.pdf HTTP/1.1" 200 3036
186.31.191.106 - - [17/Mar/2024:01:58:25 -0500] "GET /kwssiamovil/sm/acme/a?s=U2FsdGVkX19QKxcS2mtRyygiDOP1KMGCYOM4UCEa0v2Dw35PsoOMJ2p2m+oM96i4OUEOEXW91UO1kJpwvPvdWy81zetPf0Zl1LsW6PChYeWDY37sarRiUJyazvepqXWIN2UQmHsHrqLlLTRT6rDyCUKJ9Wd+KYx7z8MepJYrN5U=&u=U2FsdGVkX1+6iS/S2egZf2DWWbt13wtam48V/jc/ymoG5l2QEwrZY8GyvZplvA08&y=U2FsdGVkX18K8NBlXBSljvFOAi4LnFWvlFmttt29y1Ur5rOFoC27q2cIFT5F/27H HTTP/1.1" 200 26
186.31.191.106 - - [17/Mar/2024:01:58:25 -0500] "GET /kwssiamovil/sm/acme/a?s=U2FsdGVkX1+LjkXcKrPIjMOVvEF803jKkQEqazCVQsNWXLxf6lKk1t5VHKzPQMfUjA7pUVYl5VQSgFy2cadd5vigP8wBiZbCTbUsBiW54vzthAQ4CG59+bAX8vdCdWiK+mD7sRG5w3e9ccQLlPc3Sp3TjLgLe6u890B0HkLsfbySY8PS2dikxS00F4R46ygyV06rgEhlR8MbWbU2nT4JwQ==&u=U2FsdGVkX1+6iS/S2egZf2DWWbt13wtam48V/jc/ymoG5l2QEwrZY8GyvZplvA08&y=U2FsdGVkX18K8NBlXBSljvFOAi4LnFWvlFmttt29y1Ur5rOFoC27q2cIFT5F/27H HTTP/1.1" 200 26
186.31.191.106 - - [17/Mar/2024:01:58:26 -0500] "GET /kwssiamovil/sm/acme/a?s=U2FsdGVkX19FMOW9OKOcrI5VHFS86ZX53OAF+J+DBUkkwc76oCSWVQ+4N9IhI3zrcm2vYaDygeqCU+kRXKlefX7DJ1dr5BGRh7VLZUAMSFsVG8WXc3Ngl2qHzkzk0NxieKKGWFGoihhaFfhlJY64pywpW1tkEpbs4a9Dvr1jw/4EUsq+zTPwRpE+W6KQNnSkBQiiUzYpY1a/kOmJgEfeU9UrGxiwvTWE75McooO0s1SL3eGF8v8I5kVKpNKToOhbPkF3QmT59psMefMxq54VB7xJEfBJ/37HMXyB+xn73H0L9o34fAMuLWR8gtv2f/JEH5TYsSFQzNrT5H/KJqGu/LpQj4/Clpb4UYLIszEDnASlKi7cwQ8ewFLkeChfrnlGkc7NAQs3LOn1Gmuy/PmQez7zrbdictwBpZ9HpPX0KYp+WNIoDWjpYwJ+W/2TPkolfCbRN7zVw2wQf0BK8IA/EcrdJYzFE/gCBrY+KolKo2xwylgKPTe06UWqZhTsePovBQmOTgy6PU6trQdcnKD0rojVi6hYJPTLYJA0fIQIq27wJELhXCotaoh8WjgzBZPx/YGd40qQ/TORQbi7NKVe/w==&u=U2FsdGVkX1+6iS/S2egZf2DWWbt13wtam48V/jc/ymoG5l2QEwrZY8GyvZplvA08&y=U2FsdGVkX18K8NBlXBSljvFOAi4LnFWvlFmttt29y1Ur5rOFoC27q2cIFT5F/27H HTTP/1.1" 200 26
47.128.27.72 - - [17/Mar/2024:01:58:26 -0500] "GET /BLA/resoluciones/AUTOS%202021/0245.php?act=img&img=ext_rtf HTTP/1.1" 200 164
186.31.191.106 - - [17/Mar/2024:01:58:26 -0500] "GET /kwssiamovil/sm/acme/a?s=U2FsdGVkX1/M0fxJVs2ZkP2/2gLIP4wHRS3Lm5VWLF1Gm5K6Rg9AzKzpSdtclBlYJrwQK8SQxm1KjsIYsXwJayctyuD8+dd5KN8GdYZiwN3kwC1kqvLSMtW+PBqWQXi2WzleJqx4fkb/T7r73E1sEgLqE1QVgIcRTy1XsWGczB1hm8nnBuElyW6guwnzrGJ3XcyT+JnvbyMEoWHiptJIABJiYltlOqdKSt+fQ9BN/PyPD//dZ4Sz5CPB1sh5av8QitfvLkKvk+Tnx7MubgyECS0ZCr0InQM84Tu2pz7rETPXmJfMp1UrQSF4G5+DmzzcxOU0PstQ2qUgMWGY0nsukqjNxlEEZo0qqtSRll8sO9q8Jg6seeKFlMPY7dPtkghX5dF/7EB0DvcN/I4xcgnJccv3XmO48QBxEiJ9p1sHb6ospua0MqDjtOyuc+5J+GAqF0PQcO5RA+n42vk4KAa2ExBv8PZ4lHyC25Cw8dVRP9/LdgDaOAPwMfLKbYbD11ijbzLIyC/FkJ6kGHRf7nhIMWaMJhf6gsnQN0J7twNZbeQ=&u=U2FsdGVkX1+6iS/S2egZf2DWWbt13wtam48V/jc/ymoG5l2QEwrZY8GyvZplvA08&y=U2FsdGVkX18K8NBlXBSljvFOAi4LnFWvlFmttt29y1Ur5rOFoC27q2cIFT5F/27H HTTP/1.1" 200 26
47.128.27.72 - - [17/Mar/2024:01:58:26 -0500] "GET /BLA/resoluciones/AUTOS%202021/0245.php?act=img&img=ext_pdf HTTP/1.1" 200 1034
47.128.27.72 - - [17/Mar/2024:01:58:26 -0500] "GET /BLA/resoluciones/AUTOS%202021/0245.php?act=img&img=download HTTP/1.1" 200 161
47.128.27.72 - - [17/Mar/2024:01:58:26 -0500] "GET /BLA/resoluciones/AUTOS%202021/0245.php?act=img&img=ext_html HTTP/1.1" 200 230
47.128.27.72 - - [17/Mar/2024:01:58:26 -0500] "GET /BLA/resoluciones/AUTOS%202021/0245.php?act=img&img=ext_ini HTTP/1.1" 200 134
47.128.27.72 - - [17/Mar/2024:01:58:26 -0500] "GET /BLA/resoluciones/AUTOS%202021/0245.php?act=img&img=change HTTP/1.1" 200 290
47.128.27.72 - - [17/Mar/2024:01:58:26 -0500] "GET /BLA/resoluciones/AUTOS%202021/0245.php?act=img&img=ext_diz HTTP/1.1" 200 1027
47.128.27.72 - - [17/Mar/2024:01:58:26 -0500] "GET /BLA/resoluciones/AUTOS%202021/0245.php?act=img&img=ext_txt HTTP/1.1" 200 132
47.128.27.72 - - [17/Mar/2024:01:58:26 -0500] "GET /BLA/resoluciones/AUTOS%202021/0245.php?act=img&img=ext_exe HTTP/1.1" 200 118
47.128.27.72 - - [17/Mar/2024:01:58:26 -0500] "GET /BLA/resoluciones/AUTOS%202021/0245.php?act=img&img=ext_gif HTTP/1.1" 200 175
201.245.192.253 - - [17/Mar/2024:01:58:32 -0500] "POST /forms/lservlet;jsessionid=ac16012b30d60c378208792d4757a508e4811830dca4.e3iSbxaKaheRe3iNc3uNbNmQay1ynknvrkLOlQzNp65In0 HTTP/1.1" 200 2
201.245.192.253 - - [17/Mar/2024:01:58:34 -0500] "POST /kwsrmcab/Wsrmcab  HTTP/1.1" 200 37824
216.244.66.195 - - [17/Mar/2024:01:58:47 -0500] "GET /BLA/resoluciones/AUTOS%202007/1923.pdf HTTP/1.1" 200 87601
216.244.66.195 - - [17/Mar/2024:01:59:10 -0500] "GET /BLA/resoluciones/AUTOS%202010/0084.pdf HTTP/1.1" 200 156722
172.22.2.4 - - [17/Mar/2024:01:59:19 -0500] "GET /BLA/boletinlegal/.env HTTP/1.1" 404 1038
172.22.2.4 - - [17/Mar/2024:01:59:19 -0500] "GET /BLA/boletinlegal/static../.env HTTP/1.1" 404 1038
172.22.2.4 - - [17/Mar/2024:01:59:20 -0500] "GET /BLA/boletinlegal/manage.py HTTP/1.1" 404 1038
172.22.2.4 - - [17/Mar/2024:01:59:20 -0500] "GET /BLA/boletinlegal/.env.remote HTTP/1.1" 404 1038
172.22.2.4 - - [17/Mar/2024:01:59:21 -0500] "GET /BLA/boletinlegal/static../manage.py HTTP/1.1" 404 1038
172.22.2.4 - - [17/Mar/2024:01:59:21 -0500] "GET /BLA/boletinlegal/.env.local HTTP/1.1" 404 1038
172.22.2.4 - - [17/Mar/2024:01:59:21 -0500] "GET /BLA/boletinlegal/api/static../manage.py HTTP/1.1" 404 1038
172.22.2.4 - - [17/Mar/2024:01:59:22 -0500] "GET /BLA/boletinlegal/.env.production HTTP/1.1" 404 1038
172.22.2.4 - - [17/Mar/2024:01:59:22 -0500] "GET /BLA/boletinlegal/project/static../manage.py HTTP/1.1" 404 1038
172.22.2.4 - - [17/Mar/2024:01:59:22 -0500] "GET /BLA/boletinlegal/.env.dist HTTP/1.1" 404 1038
172.22.2.4 - - [17/Mar/2024:01:59:23 -0500] "GET /BLA/boletinlegal/dev/static../manage.py HTTP/1.1" 404 1038
172.22.2.4 - - [17/Mar/2024:01:59:23 -0500] "GET /BLA/boletinlegal/prod/static../manage.py HTTP/1.1" 404 1038
216.244.66.195 - - [17/Mar/2024:01:59:31 -0500] "GET /BLA/resoluciones/AUTOS%202010/0149.pdf HTTP/1.1" 200 173025
216.244.66.195 - - [17/Mar/2024:01:59:52 -0500] "GET /BLA/resoluciones/AUTOS%202010/0156.pdf HTTP/1.1" 200 180097
201.245.192.253 - - [17/Mar/2024:01:59:52 -0500] "POST /forms/lservlet;jsessionid=ac16012b30d672fb2ec093aa4748bf0691d1e088fe72.e3iSbxaKaheRe3iNc3uNbNmQay1ynknvrkLOlQzNp65In0 HTTP/1.1" 200 2
172.22.2.4 - - [17/Mar/2024:01:58:24 -0500] "HEAD /BLA/boletinlegal/ HTTP/1.1" 200 -
216.244.66.195 - - [17/Mar/2024:02:00:11 -0500] "GET /BLA/resoluciones/AUTOS%202010/1372.pdf HTTP/1.1" 200 296872
201.245.192.253 - - [17/Mar/2024:02:00:32 -0500] "POST /forms/lservlet;jsessionid=ac16012b30d60c378208792d4757a508e4811830dca4.e3iSbxaKaheRe3iNc3uNbNmQay1ynknvrkLOlQzNp65In0 HTTP/1.1" 200 2
216.244.66.195 - - [17/Mar/2024:02:00:34 -0500] "GET /BLA/resoluciones/AUTOS%202010/1953.pdf HTTP/1.1" 200 139684
172.22.2.4 - - [17/Mar/2024:01:59:02 -0500] "GET /BLA/boletinlegal/ HTTP/1.1" 200 52783
216.245.221.92 - - [17/Mar/2024:02:00:48 -0500] "HEAD / HTTP/1.1" 200 -
216.244.66.195 - - [17/Mar/2024:02:00:52 -0500] "GET /BLA/resoluciones/AUTOS%202010/2491.pdf HTTP/1.1" 200 223318
216.244.66.195 - - [17/Mar/2024:02:01:09 -0500] "GET /BLA/resoluciones/AUTOS%202010/3134.pdf HTTP/1.1" 200 1088068
216.244.66.195 - - [17/Mar/2024:02:01:43 -0500] "GET /BLA/resoluciones/AUTOS%202010/3310.pdf HTTP/1.1" 200 141636
201.245.192.253 - - [17/Mar/2024:02:01:52 -0500] "POST /forms/lservlet;jsessionid=ac16012b30d672fb2ec093aa4748bf0691d1e088fe72.e3iSbxaKaheRe3iNc3uNbNmQay1ynknvrkLOlQzNp65In0 HTTP/1.1" 200 2
216.244.66.195 - - [17/Mar/2024:02:02:11 -0500] "GET /BLA/resoluciones/AUTOS%202010/4408.pdf HTTP/1.1" 200 80300
201.245.192.253 - - [17/Mar/2024:02:02:32 -0500] "POST /forms/lservlet;jsessionid=ac16012b30d60c378208792d4757a508e4811830dca4.e3iSbxaKaheRe3iNc3uNbNmQay1ynknvrkLOlQzNp65In0 HTTP/1.1" 200 2
216.244.66.195 - - [17/Mar/2024:02:02:38 -0500] "GET /BLA/resoluciones/AUTOS%202010/4409.pdf HTTP/1.1" 200 55480
216.244.66.195 - - [17/Mar/2024:02:03:04 -0500] "GET /BLA/resoluciones/AUTOS%202010/5213.pdf HTTP/1.1" 200 156771
172.22.2.4 - - [17/Mar/2024:02:01:36 -0500] "HEAD /BLA/boletinlegal/ HTTP/1.1" 200 -
216.244.66.195 - - [17/Mar/2024:02:03:29 -0500] "GET /BLA/resoluciones/AUTOS%202010/5429.pdf HTTP/1.1" 200 1517323
201.245.192.253 - - [17/Mar/2024:02:03:52 -0500] "POST /forms/lservlet;jsessionid=ac16012b30d672fb2ec093aa4748bf0691d1e088fe72.e3iSbxaKaheRe3iNc3uNbNmQay1ynknvrkLOlQzNp65In0 HTTP/1.1" 200 2
172.22.2.4 - - [17/Mar/2024:02:02:27 -0500] "GET /BLA/boletinlegal/ HTTP/1.1" 200 56779
216.244.66.195 - - [17/Mar/2024:02:04:14 -0500] "GET /BLA/resoluciones/AUTOS%202010/5515.pdf HTTP/1.1" 200 1135782
201.245.192.253 - - [17/Mar/2024:02:04:32 -0500] "POST /forms/lservlet;jsessionid=ac16012b30d60c378208792d4757a508e4811830dca4.e3iSbxaKaheRe3iNc3uNbNmQay1ynknvrkLOlQzNp65In0 HTTP/1.1" 200 2
201.245.192.253 - - [17/Mar/2024:02:03:32 -0500] "POST /kwsrmcab/Wsrmcab  HTTP/1.1" 200 37824
201.245.192.253 - - [17/Mar/2024:02:04:40 -0500] "POST /kwsrmcab/Wsrmcab  HTTP/1.1" 200 37824
216.244.66.195 - - [17/Mar/2024:02:04:46 -0500] "GET /BLA/resoluciones/AUTOS%202010/5644.pdf HTTP/1.1" 200 165580
216.244.66.195 - - [17/Mar/2024:02:05:15 -0500] "GET /BLA/resoluciones/AUTOS%202010/6104.pdf HTTP/1.1" 200 156825
172.22.2.4 - - [17/Mar/2024:02:05:16 -0500] "GET /BLA/boletinlegal/normativa.php HTTP/1.1" 200 8397
201.245.192.253 - - [17/Mar/2024:02:05:40 -0500] "POST /kwsrmcab/Wsrmcab  HTTP/1.1" 200 37824
216.244.66.195 - - [17/Mar/2024:02:05:43 -0500] "GET /BLA/resoluciones/AUTOS%202010/6644.pdf HTTP/1.1" 200 154907
216.245.221.92 - - [17/Mar/2024:02:05:48 -0500] "HEAD / HTTP/1.1" 200 -
201.245.192.253 - - [17/Mar/2024:02:05:52 -0500] "POST /forms/lservlet;jsessionid=ac16012b30d672fb2ec093aa4748bf0691d1e088fe72.e3iSbxaKaheRe3iNc3uNbNmQay1ynknvrkLOlQzNp65In0 HTTP/1.1" 200 2
162.142.125.223 - - [17/Mar/2024:02:05:57 -0500] "GET / HTTP/1.1" 200 319
162.142.125.223 - - [17/Mar/2024:02:06:00 -0500] "GET / HTTP/1.1" 200 319
162.142.125.223 - - [17/Mar/2024:02:06:00 -0500] "PRI * HTTP/2.0" 400 946
162.142.125.223 - - [17/Mar/2024:02:06:01 -0500] "GET /favicon.ico HTTP/1.1" 200 7782
216.244.66.195 - - [17/Mar/2024:02:06:10 -0500] "GET /BLA/resoluciones/AUTOS%202010/6655.pdf HTTP/1.1" 200 94629
47.128.37.134 - - [17/Mar/2024:02:06:24 -0500] "GET /BLA/resoluciones/AUTOS%202021/0245.php?act=chmod&d=E%3A%5Cnuevo%5Chtdocs%5CBLA%5Cresoluciones%5CAUTOS+2021&f=2056.pdf HTTP/1.1" 200 2902
201.245.192.253 - - [17/Mar/2024:02:06:32 -0500] "POST /forms/lservlet;jsessionid=ac16012b30d60c378208792d4757a508e4811830dca4.e3iSbxaKaheRe3iNc3uNbNmQay1ynknvrkLOlQzNp65In0 HTTP/1.1" 200 2
216.244.66.195 - - [17/Mar/2024:02:06:37 -0500] "GET /BLA/resoluciones/AUTOS%202010/6881.pdf HTTP/1.1" 200 204027
47.128.38.0 - - [17/Mar/2024:02:06:49 -0500] "GET /BLA/resoluciones/AUTOS%202021/0245.php?act=chmod&d=E%3A%5Cnuevo%5Chtdocs%5CBLA%5Cresoluciones%5CAUTOS+2021&f=1592.pdf HTTP/1.1" 200 2902
216.244.66.195 - - [17/Mar/2024:02:07:02 -0500] "GET /BLA/resoluciones/AUTOS%202011/3727.pdf HTTP/1.1" 200 221703
47.128.126.158 - - [17/Mar/2024:02:07:14 -0500] "GET /BLA/resoluciones/AUTOS%202021/0245.php?act=f&d=E%3A%5Cnuevo%5Chtdocs%5CBLA%5Cresoluciones%5CAUTOS+2021&f=2030.pdf HTTP/1.1" 200 3036
47.128.126.158 - - [17/Mar/2024:02:07:14 -0500] "GET /BLA/resoluciones/AUTOS%202021/0245.php?act=img&img=ext_txt HTTP/1.1" 200 132
47.128.126.158 - - [17/Mar/2024:02:07:14 -0500] "GET /BLA/resoluciones/AUTOS%202021/0245.php?act=img&img=ext_gif HTTP/1.1" 200 175
47.128.126.158 - - [17/Mar/2024:02:07:14 -0500] "GET /BLA/resoluciones/AUTOS%202021/0245.php?act=img&img=ext_html HTTP/1.1" 200 230
47.128.126.158 - - [17/Mar/2024:02:07:14 -0500] "GET /BLA/resoluciones/AUTOS%202021/0245.php?act=img&img=ext_diz HTTP/1.1" 200 1027
47.128.126.158 - - [17/Mar/2024:02:07:14 -0500] "GET /BLA/resoluciones/AUTOS%202021/0245.php?act=img&img=ext_pdf HTTP/1.1" 200 1034
47.128.126.158 - - [17/Mar/2024:02:07:14 -0500] "GET /BLA/resoluciones/AUTOS%202021/0245.php?act=img&img=ext_exe HTTP/1.1" 200 118
47.128.126.158 - - [17/Mar/2024:02:07:15 -0500] "GET /BLA/resoluciones/AUTOS%202021/0245.php?act=img&img=download HTTP/1.1" 200 161
47.128.126.158 - - [17/Mar/2024:02:07:15 -0500] "GET /BLA/resoluciones/AUTOS%202021/0245.php?act=img&img=change HTTP/1.1" 200 290
47.128.126.158 - - [17/Mar/2024:02:07:15 -0500] "GET /BLA/resoluciones/AUTOS%202021/0245.php?act=img&img=ext_rtf HTTP/1.1" 200 164
47.128.126.158 - - [17/Mar/2024:02:07:15 -0500] "GET /BLA/resoluciones/AUTOS%202021/0245.php?act=img&img=ext_ini HTTP/1.1" 200 134
216.244.66.195 - - [17/Mar/2024:02:07:27 -0500] "GET /BLA/resoluciones/AUTOS%202011/4029.pdf HTTP/1.1" 200 302676
66.249.66.19 - - [17/Mar/2024:02:07:35 -0500] "GET /BLA/resoluciones/RESOLUCIONES%202017/0568.pdf HTTP/1.1" 200 692967
128.140.0.246 - - [17/Mar/2024:02:07:38 -0500] "GET / HTTP/1.1" 200 319
47.128.48.113 - - [17/Mar/2024:02:07:39 -0500] "GET /BLA/resoluciones/AUTOS%202021/0245.php?act=f&d=E%3A%5Cnuevo%5Chtdocs%5CBLA%5Cresoluciones%5CAUTOS+2021&f=4160.pdf HTTP/1.1" 200 3036
47.128.48.113 - - [17/Mar/2024:02:07:40 -0500] "GET /BLA/resoluciones/AUTOS%202021/0245.php?act=img&img=ext_pdf HTTP/1.1" 200 1034
47.128.48.113 - - [17/Mar/2024:02:07:41 -0500] "GET /BLA/resoluciones/AUTOS%202021/0245.php?act=img&img=ext_html HTTP/1.1" 200 230
47.128.48.113 - - [17/Mar/2024:02:07:41 -0500] "GET /BLA/resoluciones/AUTOS%202021/0245.php?act=img&img=ext_exe HTTP/1.1" 200 118
47.128.48.113 - - [17/Mar/2024:02:07:41 -0500] "GET /BLA/resoluciones/AUTOS%202021/0245.php?act=img&img=ext_txt HTTP/1.1" 200 132
47.128.48.113 - - [17/Mar/2024:02:07:41 -0500] "GET /BLA/resoluciones/AUTOS%202021/0245.php?act=img&img=ext_diz HTTP/1.1" 200 1027
47.128.48.113 - - [17/Mar/2024:02:07:41 -0500] "GET /BLA/resoluciones/AUTOS%202021/0245.php?act=img&img=ext_gif HTTP/1.1" 200 175
47.128.48.113 - - [17/Mar/2024:02:07:41 -0500] "GET /BLA/resoluciones/AUTOS%202021/0245.php?act=img&img=ext_ini HTTP/1.1" 200 134
47.128.48.113 - - [17/Mar/2024:02:07:41 -0500] "GET /BLA/resoluciones/AUTOS%202021/0245.php?act=img&img=ext_rtf HTTP/1.1" 200 164
47.128.48.113 - - [17/Mar/2024:02:07:41 -0500] "GET /BLA/resoluciones/AUTOS%202021/0245.php?act=img&img=change HTTP/1.1" 200 290
47.128.48.113 - - [17/Mar/2024:02:07:41 -0500] "GET /BLA/resoluciones/AUTOS%202021/0245.php?act=img&img=download HTTP/1.1" 200 161
216.244.66.195 - - [17/Mar/2024:02:07:51 -0500] "GET /BLA/resoluciones/RESOLUCIONES%202016/0101.pdf HTTP/1.1" 200 872347
201.245.192.253 - - [17/Mar/2024:02:07:52 -0500] "POST /forms/lservlet;jsessionid=ac16012b30d672fb2ec093aa4748bf0691d1e088fe72.e3iSbxaKaheRe3iNc3uNbNmQay1ynknvrkLOlQzNp65In0 HTTP/1.1" 200 2
47.128.35.207 - - [17/Mar/2024:02:08:00 -0500] "GET /BLA/resoluciones/AUTOS%202021/0245.php?act=f&d=E%3A%5Cnuevo%5Chtdocs%5CBLA%5Cresoluciones%5CAUTOS+2021&f=2642.pdf HTTP/1.1" 200 3036
47.128.35.207 - - [17/Mar/2024:02:08:01 -0500] "GET /BLA/resoluciones/AUTOS%202021/0245.php?act=img&img=ext_gif HTTP/1.1" 200 175
47.128.35.207 - - [17/Mar/2024:02:08:01 -0500] "GET /BLA/resoluciones/AUTOS%202021/0245.php?act=img&img=ext_pdf HTTP/1.1" 200 1034
47.128.35.207 - - [17/Mar/2024:02:08:01 -0500] "GET /BLA/resoluciones/AUTOS%202021/0245.php?act=img&img=ext_txt HTTP/1.1" 200 132
47.128.35.207 - - [17/Mar/2024:02:08:01 -0500] "GET /BLA/resoluciones/AUTOS%202021/0245.php?act=img&img=ext_html HTTP/1.1" 200 230
47.128.35.207 - - [17/Mar/2024:02:08:01 -0500] "GET /BLA/resoluciones/AUTOS%202021/0245.php?act=img&img=ext_exe HTTP/1.1" 200 118
47.128.35.207 - - [17/Mar/2024:02:08:01 -0500] "GET /BLA/resoluciones/AUTOS%202021/0245.php?act=img&img=ext_diz HTTP/1.1" 200 1027
47.128.35.207 - - [17/Mar/2024:02:08:02 -0500] "GET /BLA/resoluciones/AUTOS%202021/0245.php?act=img&img=ext_ini HTTP/1.1" 200 134
47.128.35.207 - - [17/Mar/2024:02:08:02 -0500] "GET /BLA/resoluciones/AUTOS%202021/0245.php?act=img&img=change HTTP/1.1" 200 290
47.128.35.207 - - [17/Mar/2024:02:08:02 -0500] "GET /BLA/resoluciones/AUTOS%202021/0245.php?act=img&img=ext_rtf HTTP/1.1" 200 164
47.128.35.207 - - [17/Mar/2024:02:08:02 -0500] "GET /BLA/resoluciones/AUTOS%202021/0245.php?act=img&img=download HTTP/1.1" 200 161
216.244.66.195 - - [17/Mar/2024:02:08:13 -0500] "GET /BLA/resoluciones/RESOLUCIONES%202016/0345.PDF HTTP/1.1" 200 8543765
47.128.55.172 - - [17/Mar/2024:02:08:25 -0500] "GET /BLA/resoluciones/AUTOS%202021/0245.php?act=f&d=E%3A%5Cnuevo%5Chtdocs%5CBLA%5Cresoluciones%5CAUTOS+2021&f=5974.pdf HTTP/1.1" 200 3036
47.128.55.172 - - [17/Mar/2024:02:08:25 -0500] "GET /BLA/resoluciones/AUTOS%202021/0245.php?act=img&img=ext_txt HTTP/1.1" 200 132
47.128.55.172 - - [17/Mar/2024:02:08:25 -0500] "GET /BLA/resoluciones/AUTOS%202021/0245.php?act=img&img=ext_diz HTTP/1.1" 200 1027
47.128.55.172 - - [17/Mar/2024:02:08:25 -0500] "GET /BLA/resoluciones/AUTOS%202021/0245.php?act=img&img=ext_exe HTTP/1.1" 200 118
47.128.55.172 - - [17/Mar/2024:02:08:25 -0500] "GET /BLA/resoluciones/AUTOS%202021/0245.php?act=img&img=ext_pdf HTTP/1.1" 200 1034
47.128.55.172 - - [17/Mar/2024:02:08:26 -0500] "GET /BLA/resoluciones/AUTOS%202021/0245.php?act=img&img=ext_html HTTP/1.1" 200 230
47.128.55.172 - - [17/Mar/2024:02:08:26 -0500] "GET /BLA/resoluciones/AUTOS%202021/0245.php?act=img&img=ext_gif HTTP/1.1" 200 175
47.128.55.172 - - [17/Mar/2024:02:08:26 -0500] "GET /BLA/resoluciones/AUTOS%202021/0245.php?act=img&img=download HTTP/1.1" 200 161
47.128.55.172 - - [17/Mar/2024:02:08:26 -0500] "GET /BLA/resoluciones/AUTOS%202021/0245.php?act=img&img=change HTTP/1.1" 200 290
47.128.55.172 - - [17/Mar/2024:02:08:26 -0500] "GET /BLA/resoluciones/AUTOS%202021/0245.php?act=img&img=ext_rtf HTTP/1.1" 200 164
47.128.55.172 - - [17/Mar/2024:02:08:26 -0500] "GET /BLA/resoluciones/AUTOS%202021/0245.php?act=img&img=ext_ini HTTP/1.1" 200 134
201.245.192.253 - - [17/Mar/2024:02:08:32 -0500] "POST /forms/lservlet;jsessionid=ac16012b30d60c378208792d4757a508e4811830dca4.e3iSbxaKaheRe3iNc3uNbNmQay1ynknvrkLOlQzNp65In0 HTTP/1.1" 200 2
