186.80.52.85 - - [17/Mar/2024:20:35:27 -0500] "GET /sipse/faces/javax.faces.resource/primefaces.css?ln=primefaces&v=4.0 HTTP/1.1" 304 -
186.80.52.85 - - [17/Mar/2024:20:35:27 -0500] "GET /sipse/faces/javax.faces.resource/theme.css?ln=primefaces-sipse HTTP/1.1" 304 -
186.80.52.85 - - [17/Mar/2024:20:35:27 -0500] "GET /sipse/faces/javax.faces.resource/layout/layout.css?ln=primefaces&v=4.0 HTTP/1.1" 304 -
186.80.52.85 - - [17/Mar/2024:20:35:27 -0500] "GET /sipse/faces/javax.faces.resource/jquery/jquery.js?ln=primefaces&v=4.0 HTTP/1.1" 304 -
186.80.52.85 - - [17/Mar/2024:20:35:27 -0500] "GET /sipse/faces/javax.faces.resource/jquery/jquery-plugins.js?ln=primefaces&v=4.0 HTTP/1.1" 304 -
186.80.52.85 - - [17/Mar/2024:20:35:27 -0500] "GET /sipse/faces/javax.faces.resource/primefaces.js?ln=primefaces&v=4.0 HTTP/1.1" 304 -
186.80.52.85 - - [17/Mar/2024:20:35:27 -0500] "GET /sipse/faces/javax.faces.resource/fileupload/fileupload.css?ln=primefaces&v=4.0 HTTP/1.1" 304 -
186.80.52.85 - - [17/Mar/2024:20:35:27 -0500] "GET /sipse/faces/javax.faces.resource/layout/layout.js?ln=primefaces&v=4.0 HTTP/1.1" 304 -
186.80.52.85 - - [17/Mar/2024:20:35:27 -0500] "GET /sipse/faces/javax.faces.resource/fileupload/fileupload.js?ln=primefaces&v=4.0 HTTP/1.1" 304 -
186.80.52.85 - - [17/Mar/2024:20:35:32 -0500] "GET /sipse/faces/javax.faces.resource/theme.css?ln=primefaces-sipse HTTP/1.1" 304 -
186.80.52.85 - - [17/Mar/2024:20:35:32 -0500] "GET /sipse/faces/javax.faces.resource/primefaces.css?ln=primefaces&v=4.0 HTTP/1.1" 304 -
186.80.52.85 - - [17/Mar/2024:20:35:32 -0500] "GET /sipse/faces/javax.faces.resource/layout/layout.css?ln=primefaces&v=4.0 HTTP/1.1" 304 -
186.80.52.85 - - [17/Mar/2024:20:35:32 -0500] "GET /sipse/faces/javax.faces.resource/layout/layout.js?ln=primefaces&v=4.0 HTTP/1.1" 304 -
186.80.52.85 - - [17/Mar/2024:20:35:32 -0500] "GET /sipse/faces/javax.faces.resource/jquery/jquery.js?ln=primefaces&v=4.0 HTTP/1.1" 304 -
186.80.52.85 - - [17/Mar/2024:20:35:32 -0500] "GET /sipse/faces/javax.faces.resource/primefaces.js?ln=primefaces&v=4.0 HTTP/1.1" 304 -
186.80.52.85 - - [17/Mar/2024:20:35:32 -0500] "GET /sipse/faces/javax.faces.resource/jquery/jquery-plugins.js?ln=primefaces&v=4.0 HTTP/1.1" 304 -
186.80.52.85 - - [17/Mar/2024:20:35:31 -0500] "POST /sipse/faces/presentacion/sistema/anexos/cargarAnexoSolicitudProceso.xhtml HTTP/1.1" 200 194764
186.80.52.85 - - [17/Mar/2024:20:35:47 -0500] "POST /sipse/faces/presentacion/financiero/solicitudProceso/consultarSolicitudProceso.xhtml HTTP/1.1" 200 21213
186.80.52.85 - - [17/Mar/2024:20:35:47 -0500] "GET /sipse/faces/javax.faces.resource/theme.css?ln=primefaces-sipse HTTP/1.1" 304 -
186.80.52.85 - - [17/Mar/2024:20:35:47 -0500] "GET /sipse/faces/javax.faces.resource/primefaces.css?ln=primefaces&v=4.0 HTTP/1.1" 304 -
186.80.52.85 - - [17/Mar/2024:20:35:47 -0500] "GET /sipse/faces/javax.faces.resource/fileupload/fileupload.css?ln=primefaces&v=4.0 HTTP/1.1" 304 -
186.80.52.85 - - [17/Mar/2024:20:35:47 -0500] "GET /sipse/faces/javax.faces.resource/layout/layout.css?ln=primefaces&v=4.0 HTTP/1.1" 304 -
186.80.52.85 - - [17/Mar/2024:20:35:47 -0500] "GET /sipse/faces/javax.faces.resource/jquery/jquery.js?ln=primefaces&v=4.0 HTTP/1.1" 304 -
186.80.52.85 - - [17/Mar/2024:20:35:47 -0500] "GET /sipse/faces/javax.faces.resource/jquery/jquery-plugins.js?ln=primefaces&v=4.0 HTTP/1.1" 304 -
186.80.52.85 - - [17/Mar/2024:20:35:47 -0500] "GET /sipse/faces/javax.faces.resource/primefaces.js?ln=primefaces&v=4.0 HTTP/1.1" 304 -
186.80.52.85 - - [17/Mar/2024:20:35:47 -0500] "GET /sipse/faces/javax.faces.resource/layout/layout.js?ln=primefaces&v=4.0 HTTP/1.1" 304 -
186.80.52.85 - - [17/Mar/2024:20:35:47 -0500] "GET /sipse/faces/javax.faces.resource/fileupload/fileupload.js?ln=primefaces&v=4.0 HTTP/1.1" 304 -
201.245.192.253 - - [17/Mar/2024:20:35:54 -0500] "POST /forms/lservlet;jsessionid=ac16012b30d672fb2ec093aa4748bf0691d1e088fe72.e3iSbxaKaheRe3iNc3uNbNmQay1ynknvrkLOlQzNp65In0 HTTP/1.1" 200 2
186.80.52.85 - - [17/Mar/2024:20:35:55 -0500] "GET /sipse/faces/javax.faces.resource/theme.css?ln=primefaces-sipse HTTP/1.1" 304 -
186.80.52.85 - - [17/Mar/2024:20:35:55 -0500] "GET /sipse/faces/javax.faces.resource/jquery/jquery-plugins.js?ln=primefaces&v=4.0 HTTP/1.1" 304 -
186.80.52.85 - - [17/Mar/2024:20:35:55 -0500] "GET /sipse/faces/javax.faces.resource/layout/layout.css?ln=primefaces&v=4.0 HTTP/1.1" 304 -
186.80.52.85 - - [17/Mar/2024:20:35:55 -0500] "GET /sipse/faces/javax.faces.resource/primefaces.css?ln=primefaces&v=4.0 HTTP/1.1" 304 -
186.80.52.85 - - [17/Mar/2024:20:35:55 -0500] "GET /sipse/faces/javax.faces.resource/jquery/jquery.js?ln=primefaces&v=4.0 HTTP/1.1" 304 -
186.80.52.85 - - [17/Mar/2024:20:35:55 -0500] "GET /sipse/faces/javax.faces.resource/primefaces.js?ln=primefaces&v=4.0 HTTP/1.1" 304 -
186.80.52.85 - - [17/Mar/2024:20:35:55 -0500] "GET /sipse/faces/javax.faces.resource/layout/layout.js?ln=primefaces&v=4.0 HTTP/1.1" 304 -
186.80.52.85 - - [17/Mar/2024:20:35:54 -0500] "POST /sipse/faces/presentacion/sistema/anexos/cargarAnexoSolicitudProceso.xhtml HTTP/1.1" 200 196563
186.80.52.85 - - [17/Mar/2024:20:35:59 -0500] "GET /sipse/faces/javax.faces.resource/images/ui-icons_898989_256x240.png?ln=primefaces-aristo HTTP/1.1" 304 -
186.80.52.85 - - [17/Mar/2024:20:36:02 -0500] "GET /sipse/faces/javax.faces.resource/images/ui-bg_flat_0_2d5972_40x100.png?ln=primefaces-aristo HTTP/1.1" 304 -
186.80.52.85 - - [17/Mar/2024:20:36:02 -0500] "POST /sipse/faces/presentacion/financiero/solicitudProceso/consultarSolicitudProceso.xhtml HTTP/1.1" 200 6188
186.80.52.85 - - [17/Mar/2024:20:36:02 -0500] "GET /sipse/faces/javax.faces.resource/messages/messages.png?ln=primefaces&v=4.0 HTTP/1.1" 304 -
186.80.52.85 - - [17/Mar/2024:20:36:03 -0500] "POST /sipse/faces/presentacion/financiero/solicitudProceso/consultarSolicitudProceso.xhtml HTTP/1.1" 200 37473
186.80.52.85 - - [17/Mar/2024:20:36:06 -0500] "GET /sipse/faces/javax.faces.resource/theme.css?ln=primefaces-sipse HTTP/1.1" 304 -
186.80.52.85 - - [17/Mar/2024:20:36:06 -0500] "GET /sipse/faces/javax.faces.resource/primefaces.css?ln=primefaces&v=4.0 HTTP/1.1" 304 -
186.80.52.85 - - [17/Mar/2024:20:36:06 -0500] "GET /sipse/faces/javax.faces.resource/layout/layout.css?ln=primefaces&v=4.0 HTTP/1.1" 304 -
186.80.52.85 - - [17/Mar/2024:20:36:06 -0500] "GET /sipse/faces/javax.faces.resource/jquery/jquery.js?ln=primefaces&v=4.0 HTTP/1.1" 304 -
186.80.52.85 - - [17/Mar/2024:20:36:06 -0500] "GET /sipse/faces/javax.faces.resource/jquery/jquery-plugins.js?ln=primefaces&v=4.0 HTTP/1.1" 304 -
186.80.52.85 - - [17/Mar/2024:20:36:06 -0500] "GET /sipse/faces/javax.faces.resource/primefaces.js?ln=primefaces&v=4.0 HTTP/1.1" 304 -
186.80.52.85 - - [17/Mar/2024:20:36:06 -0500] "GET /sipse/faces/javax.faces.resource/layout/layout.js?ln=primefaces&v=4.0 HTTP/1.1" 304 -
186.80.52.85 - - [17/Mar/2024:20:36:06 -0500] "POST /sipse/faces/presentacion/financiero/solicitudProceso/listarSolicitudProceso.xhtml HTTP/1.1" 200 1392
186.80.52.85 - - [17/Mar/2024:20:36:10 -0500] "POST /sipse/faces/presentacion/financiero/solicitudProceso/listarSolicitudProceso.xhtml HTTP/1.1" 200 32720
186.80.52.85 - - [17/Mar/2024:20:36:12 -0500] "POST /sipse/faces/presentacion/financiero/solicitudProceso/listarSolicitudProceso.xhtml HTTP/1.1" 200 5805
186.80.52.85 - - [17/Mar/2024:20:36:14 -0500] "POST /sipse/faces/presentacion/financiero/solicitudProceso/listarSolicitudProceso.xhtml HTTP/1.1" 200 32822
172.22.2.4 - - [17/Mar/2024:20:36:18 -0500] "GET /BLA/boletinlegal/Circulares/2019/.pdf HTTP/1.1" 404 1218
201.245.192.253 - - [17/Mar/2024:20:36:35 -0500] "POST /forms/lservlet;jsessionid=ac16012b30d60c378208792d4757a508e4811830dca4.e3iSbxaKaheRe3iNc3uNbNmQay1ynknvrkLOlQzNp65In0 HTTP/1.1" 200 2
201.245.192.253 - - [17/Mar/2024:20:36:32 -0500] "POST /kwsrmcab/Wsrmcab  HTTP/1.1" 200 37824
216.245.221.92 - - [17/Mar/2024:20:37:02 -0500] "HEAD / HTTP/1.1" 200 -
201.245.192.253 - - [17/Mar/2024:20:37:54 -0500] "POST /forms/lservlet;jsessionid=ac16012b30d672fb2ec093aa4748bf0691d1e088fe72.e3iSbxaKaheRe3iNc3uNbNmQay1ynknvrkLOlQzNp65In0 HTTP/1.1" 200 2
172.22.2.4 - - [17/Mar/2024:20:36:16 -0500] "HEAD /BLA/boletinlegal/ HTTP/1.1" 200 -
3.20.63.178 - - [17/Mar/2024:20:37:57 -0500] "HEAD / HTTP/1.1" 200 -
172.22.2.4 - - [17/Mar/2024:20:38:09 -0500] "GET /BLA/boletinlegal/actos.php HTTP/1.1" 200 9738
172.22.2.4 - - [17/Mar/2024:20:38:09 -0500] "GET /BLA/boletinlegal/styles2.css HTTP/1.1" 200 1838
172.22.2.4 - - [17/Mar/2024:20:38:09 -0500] "GET /BLA/boletinlegal/js/ajax_actos.js HTTP/1.1" 200 1322
172.22.2.4 - - [17/Mar/2024:20:38:09 -0500] "GET /BLA/boletinlegal/niceforms-default.css HTTP/1.1" 200 6694
172.22.2.4 - - [17/Mar/2024:20:38:09 -0500] "GET /BLA/boletinlegal/niceforms.js HTTP/1.1" 200 22876
172.22.2.4 - - [17/Mar/2024:20:38:09 -0500] "GET /BLA/boletinlegal/js/lib.js HTTP/1.1" 200 6474
172.22.2.4 - - [17/Mar/2024:20:38:09 -0500] "GET /BLA/boletinlegal/style.css HTTP/1.1" 200 9406
172.22.2.4 - - [17/Mar/2024:20:38:09 -0500] "GET /BLA/boletinlegal/js/popup.js HTTP/1.1" 200 1270
172.22.2.4 - - [17/Mar/2024:20:38:09 -0500] "GET /BLA/boletinlegal/js/jquery1.js HTTP/1.1" 200 29846
172.22.2.4 - - [17/Mar/2024:20:38:09 -0500] "GET /BLA/boletinlegal/images/cabezote%20BLEGAL.jpg HTTP/1.1" 200 118164
172.22.2.4 - - [17/Mar/2024:20:38:09 -0500] "GET /BLA/boletinlegal/images/subscribe-icon-big.png HTTP/1.1" 200 47702
172.22.2.4 - - [17/Mar/2024:20:38:09 -0500] "GET /BLA/boletinlegal/images/historia.png HTTP/1.1" 200 52775
172.22.2.4 - - [17/Mar/2024:20:38:09 -0500] "GET /BLA/boletinlegal/images/footer_bg.jpg HTTP/1.1" 200 586
172.22.2.4 - - [17/Mar/2024:20:38:09 -0500] "GET /BLA/boletinlegal/images/body_bg.jpg HTTP/1.1" 200 1601
172.22.2.4 - - [17/Mar/2024:20:38:09 -0500] "GET /BLA/boletinlegal/images/menu_lft.gif HTTP/1.1" 200 1713
172.22.2.4 - - [17/Mar/2024:20:38:09 -0500] "GET /BLA/boletinlegal/images/menu_rght.gif HTTP/1.1" 200 1627
172.22.2.4 - - [17/Mar/2024:20:38:09 -0500] "GET /BLA/boletinlegal/images/bg_top.jpg HTTP/1.1" 200 522
172.22.2.4 - - [17/Mar/2024:20:38:09 -0500] "GET /BLA/boletinlegal/images/menu_bg.jpg HTTP/1.1" 200 620
172.22.2.4 - - [17/Mar/2024:20:38:09 -0500] "GET /BLA/boletinlegal/images/text.jpg HTTP/1.1" 200 568
172.22.2.4 - - [17/Mar/2024:20:38:09 -0500] "GET /BLA/boletinlegal/images/hover.jpg HTTP/1.1" 200 640
172.22.2.4 - - [17/Mar/2024:20:38:09 -0500] "GET /BLA/boletinlegal/images/registro-usuarios.png HTTP/1.1" 200 8106
172.22.2.4 - - [17/Mar/2024:20:38:09 -0500] "GET /BLA/boletinlegal/images/green-yellow-blue-pink-th.png HTTP/1.1" 200 7394
172.22.2.4 - - [17/Mar/2024:20:38:09 -0500] "GET /BLA/boletinlegal/images/tel.png HTTP/1.1" 200 14477
172.22.2.4 - - [17/Mar/2024:20:38:09 -0500] "GET /BLA/boletinlegal/images/icono-email.png HTTP/1.1" 200 5544
172.22.2.4 - - [17/Mar/2024:20:38:09 -0500] "GET /BLA/boletinlegal/images/footer_bg_l.jpg HTTP/1.1" 200 776
172.22.2.4 - - [17/Mar/2024:20:38:10 -0500] "GET /BLA/boletinlegal/img/0.png HTTP/1.1" 200 110
172.22.2.4 - - [17/Mar/2024:20:38:10 -0500] "GET /BLA/boletinlegal/img/select-left.png HTTP/1.1" 200 263
172.22.2.4 - - [17/Mar/2024:20:38:10 -0500] "GET /BLA/boletinlegal/img/select-right.png HTTP/1.1" 200 44019
172.22.2.4 - - [17/Mar/2024:20:38:10 -0500] "GET /BLA/boletinlegal/img/button-left.png HTTP/1.1" 200 57071
172.22.2.4 - - [17/Mar/2024:20:38:10 -0500] "GET /BLA/boletinlegal/img/button.png HTTP/1.1" 200 43241
172.22.2.4 - - [17/Mar/2024:20:38:10 -0500] "GET /BLA/boletinlegal/img/button-right.png HTTP/1.1" 200 57878
172.22.2.4 - - [17/Mar/2024:20:38:12 -0500] "GET /BLA/boletinlegal/actos.php HTTP/1.1" 200 9738
201.245.192.253 - - [17/Mar/2024:20:38:35 -0500] "POST /forms/lservlet;jsessionid=ac16012b30d60c378208792d4757a508e4811830dca4.e3iSbxaKaheRe3iNc3uNbNmQay1ynknvrkLOlQzNp65In0 HTTP/1.1" 200 2
172.22.2.4 - - [17/Mar/2024:20:37:06 -0500] "GET /BLA/boletinlegal/ HTTP/1.1" 200 53419
168.119.253.21 - - [17/Mar/2024:20:39:08 -0500] "GET / HTTP/1.1" 200 4720
201.245.192.253 - - [17/Mar/2024:20:39:45 -0500] "POST /kwsrmcab/Wsrmcab HTTP/1.1" 200 37605
201.245.192.253 - - [17/Mar/2024:20:39:15 -0500] "POST /kwsrmcab/Wsrmcab HTTP/1.1" 200 37859
201.245.192.253 - - [17/Mar/2024:20:39:47 -0500] "POST /kwsrmcab/Wsrmcab HTTP/1.1" 200 37921
201.245.192.253 - - [17/Mar/2024:20:39:54 -0500] "POST /forms/lservlet;jsessionid=ac16012b30d672fb2ec093aa4748bf0691d1e088fe72.e3iSbxaKaheRe3iNc3uNbNmQay1ynknvrkLOlQzNp65In0 HTTP/1.1" 200 2
186.86.33.138 - - [17/Mar/2024:20:40:06 -0500] "OPTIONS /kwssiamovil/sm/setfile/f? HTTP/1.1" 200 13
186.86.33.138 - - [17/Mar/2024:20:40:06 -0500] "POST /kwssiamovil/sm/setfile/f? HTTP/1.1" 200 381
186.86.33.138 - - [17/Mar/2024:20:40:10 -0500] "OPTIONS /kwssiamovil/sm/setfile/f? HTTP/1.1" 200 13
186.86.33.138 - - [17/Mar/2024:20:40:10 -0500] "POST /kwssiamovil/sm/setfile/f? HTTP/1.1" 200 381
186.86.33.138 - - [17/Mar/2024:20:40:21 -0500] "GET /kwssiamovil/sm/acme/a?s=U2FsdGVkX19vR00IMiDqWEqg/MFg19owVtNhGreJ3fmmnNqL1pdDFnLuvU0pAD8Jaiswt8/QEYUm24rBBNK6A9gyQQ/P6r3rOgOiLuwsXR3QUr33zF3Zmt2H+WLwJBTYkQYF+4bPZ81uKQm/xgIeb1SGwDO1865zapUWBCn0/mVSBtWWw4ttNPc3nD1nAZMqTqnGnnmu0t98r1kS7R9UpVzl/YEe758jS9tXsw7Cx6XVKpLXWOCR0748+aMlfWZmt9LcfmCzyU49FLQ0MrODRg==&u=U2FsdGVkX1+ITOyqJPJUtOoXF8Hw5SdxpgdJ1la3TwU=&y=U2FsdGVkX19yjZVQoDSqkGRcaOCmYfjkQ8h1dCI/r/o= HTTP/1.1" 200 26
186.86.33.138 - - [17/Mar/2024:20:40:22 -0500] "GET /kwssiamovil/sm/acme/a?s=U2FsdGVkX18Ncg6sHxj70drpOn9ajPO2W+2i6OvmOTB14UReoCdvggaKJw5WYEEmAvLRxfDVlLfq2QIMUs1s9G7+XjNFCyCePVHUVFHeZ43IgRy8vdj4eeka8NnzHJltmhQtArYMIo6dPtdllj44KxipuY6tBiZtuBb99wt9qI9z80LibRFRzPILYj5Y1u1VWl1izOQxMbjaKfR34utEmcX0MDKSzMKEONOGqFNadcY2P4/Z1RLaHRuvoPWoCs093hTehDLtG917dbOSOpk4VfpUaXmYkppG02aGdwzxPn4k1hE/zY7tZG3OFfCFv5NKHe4qUZStNgWdZY1QxNqGAV0aDAN+ppw3KXbH+fnboOF/Zs+yNf3iCaYDNEW81y9QZYmuYVVctxVwjpWqgm/2jbgKQfxniwOEuuIsV39pQr/NowwBYOzY+CqR2Tlr0YUJEY+22didPVE1lWm8rRglO4PnPITvR5mvkbN6z7NC0ABD6lG6keAq9pQGO6S/DpdLJcjoWbBEig7yy8oHtzjjTY9lTY6Go7kNOjOsP1evZpi88jaHGK1+3NUoO3Lgrev2DpJvbLDJDmvfyFW21qI9efjXG46WteBsCLF2oof7MLjUnah93iHz2CX497IgPRFXcblvgZDjSvreje6+NSej3yxcpYa6hwHdSCKPCfVkrmZgwS6YQGkDLYT1133GxlKtjrP+IAwFHIiPXmgmkRp+rQ31wsAuchvkOaksGAckDbarP9H4hzavwM0lAu9ISNA662NvYpwy/bm1PDhgRe+X9+Q53jokoAwchL50y0K0BRht6UKmR9IXXIvwygBOtCWJ1C6Ira+5meBIw6Ya1YO/ZTS1qRyXr4stNdtjT5paIsaN4SvgiigWZiCI3vVxNMzlFtzHormhX9TgxpCjjNMbKiEcGc5UwCRgbnRJw6mnVZ4QK/MdEBp9c6HTqU0+0lO8sXuW3Fcc40bwR03Q6rFJbShf81QzEAgMe6KRRFdoi5Y7CqRh9M8eAjRoSzoeVgohXxBGJh7tUC43mvJ4dDCfl/FnASyMQP2qFAUKvATy3xKa2GrAxu2RZAmTPN9jUCZNtUUJErzgfkmhXjvy8lFkSNdAPWXWPKob6MizXrr0eBsqh9UyDWzw6eNi6FAmnHJ3B77FjH9HMaHFAamRDNlkv/UbU1ZN7l3ThT3SIk1glrcncKMcBC1wj1i5KmZkIdDFvifMekW8HOva4AKvC9ol3bCdHYgHyC1XAlOZTVwZigURJNO67fESkscPCfFKlesNnZjSKQpO7/VaZ1kjd8kRy30bhK3H4zJknYaTJclheOmpnNosWgX5NyD4oJGtXt2O6KAN4u5X4J5YByM4gaEHnN82peZOsgQEdSlTxl95msJEFokdioAL8zkEzUtoF07PMWEyYhUPAk1ywzBjgU2epTcP9KbXKAICPGr4BOZRdbwM2bZWESaJWjn+ljJzsnshN7Nr9LH3k+tE6uegkqoqtEZTqfqN390b7akGX/Y0IMxLTzc55oepsiX8WB0qMgvVU2r4LHtKMhwvf890IVc86kVvlCH3wjAAhCsaC8lLvOe2QHoJ4kTuDdl9IWWN6L6yPXKsM8Mt8mLMnnaUoVKN6l2fGtQh3FSfhe/icfOCFfIkQJe3ibMe6wakmBKQHuC/BNB7I9/BQtTEbhRWhNJBau0Owu4qrMT3rjqpFBMvEFAQ+N/B0r+BAdhqgShKocvTyJ2OfA/u29FQjDHOMB6mjN6Wol8lH/QZ4mA34nSxD4Q=&u=U2FsdGVkX1+ITOyqJPJUtOoXF8Hw5SdxpgdJ1la3TwU=&y=U2FsdGVkX19yjZVQoDSqkGRcaOCmYfjkQ8h1dCI/r/o= HTTP/1.1" 200 26
186.86.33.138 - - [17/Mar/2024:20:40:22 -0500] "GET /kwssiamovil/sm/acme/a?s=U2FsdGVkX1+UqXwbly6Pmq+QGvO//qbfJP+s4J01/tndbyCS5Ra4mGGizayv7t9IxaSSN0duGC7esvNgyu1urL1oqOYsDYwlGg/5pX5VRAcI5JB4GdasyebhyfJDUFp1/0LbF5koZ5eB/iLbCKMyjLY7YlGStrj8oNfao0vLj4Q=&u=U2FsdGVkX1+ITOyqJPJUtOoXF8Hw5SdxpgdJ1la3TwU=&y=U2FsdGVkX19yjZVQoDSqkGRcaOCmYfjkQ8h1dCI/r/o= HTTP/1.1" 200 26
186.86.33.138 - - [17/Mar/2024:20:40:23 -0500] "GET /kwssiamovil/sm/acme/a?s=U2FsdGVkX19SdeSVy10noPkJYJMUtMk/JJnIdUZ4jBiJOfaJX+S6HH1Pl7arMo/Qi3fWveSP+4HUDQUy4RbaAt0v8SoDemZ785RsxPRWrB1Cg/gYf5Z+DIa7pAxEdhK0+/Ty93dLpLMO1ouk3JaqpSjQ2YkTRcoUCk5vXtxkocA=&u=U2FsdGVkX1+ITOyqJPJUtOoXF8Hw5SdxpgdJ1la3TwU=&y=U2FsdGVkX19yjZVQoDSqkGRcaOCmYfjkQ8h1dCI/r/o= HTTP/1.1" 200 26
186.86.33.138 - - [17/Mar/2024:20:40:23 -0500] "GET /kwssiamovil/sm/acme/a?s=U2FsdGVkX1+T/40afhssrSDpNF/FKijF4hpOZZHt+W3ZZOtma2PmBCrwwezqDClrUBLWHNurTwHdpOu/z2bg72rVUMVMj2sRpG1CxoOXfsEGWAvCQOtB8afpJ3KUuK6bRFYwTC1cot4sJutuxPXKi8qrbcaP3hMYXfeghhqn0jw=&u=U2FsdGVkX1+ITOyqJPJUtOoXF8Hw5SdxpgdJ1la3TwU=&y=U2FsdGVkX19yjZVQoDSqkGRcaOCmYfjkQ8h1dCI/r/o= HTTP/1.1" 200 26
186.86.33.138 - - [17/Mar/2024:20:40:23 -0500] "GET /kwssiamovil/sm/acme/a?s=U2FsdGVkX18uQvapbo5cARWZqdnom+bL+bmPTrvS5EKlNnlZbexTCFFDgJl7mJHxMgf3llm0d7jBsBYWD3rXEXANE1QqMnzWI+5EPLopnnhQzqXPS+3Wpth9inlo6F3mEUhbYyKUQAuVG2EXfDtJMt0gqRZwvubtFlenkNESEyqVCbvWQXA/x1f6eyD+Wc/x&u=U2FsdGVkX1+ITOyqJPJUtOoXF8Hw5SdxpgdJ1la3TwU=&y=U2FsdGVkX19yjZVQoDSqkGRcaOCmYfjkQ8h1dCI/r/o= HTTP/1.1" 200 26
186.86.33.138 - - [17/Mar/2024:20:40:23 -0500] "GET /kwssiamovil/sm/acme/a?s=U2FsdGVkX1+v0u3SpS6nkEAWLPRrBedK3yu0EwF9hUgJY+0dQetBG8bH95mFt2lSFZ0tpO/uOWS1BNLTC5hIEmgSbIGU698x/8Qr9vQWLoXRaINJvIALVQuCMGagPFkAFPx64cwiRIcD7ddBhb4jLMpp/WZ1EGWON/aczbbsVob7uCnP57TXPnTVFC094yZC6VnIy9kBNr0mtvjXZVpoCSL5zkIS6mJBjohn7Xtp82s=&u=U2FsdGVkX1+ITOyqJPJUtOoXF8Hw5SdxpgdJ1la3TwU=&y=U2FsdGVkX19yjZVQoDSqkGRcaOCmYfjkQ8h1dCI/r/o= HTTP/1.1" 200 26
186.86.33.138 - - [17/Mar/2024:20:40:24 -0500] "GET /kwssiamovil/sm/acme/a?s=U2FsdGVkX18PAyTQ/h1j7+X4YBaAivejG1hpkiYKsfHCQ/k02Q7kuL1xOVZsNS3tdLdXzM7v/2tS7FXD03K+7GUfcNO20baCM2cki4J/IITG6IfGNo9FlnOe0WS347KgAppiwcTsk5j7+97HhtoSLkMqZTcUessw/UdWqbA0dCaJsXqNQx4/Zskx+nDywM6gA+UHvLVHBuQUTc6V47m7Uw==&u=U2FsdGVkX1+ITOyqJPJUtOoXF8Hw5SdxpgdJ1la3TwU=&y=U2FsdGVkX19yjZVQoDSqkGRcaOCmYfjkQ8h1dCI/r/o= HTTP/1.1" 200 26
186.86.33.138 - - [17/Mar/2024:20:40:24 -0500] "GET /kwssiamovil/sm/acme/a?s=U2FsdGVkX1+hpvX+U3woNtzGXgabLNeJnglWgRwLsfiCp8WlIgzKU/RCQ0j/4X1AukI9RYbwQMbZA5mPhyUGpusd8exht2bDt1T+/lzqJEmq6RzPcidwrJ/mm0eMM7rBbZM554qCa3WZfQjNfw6T6w1dG1yjXxP/8e09anYMNHCK6THVENFdsIVcDGr98AhvMCOv/jvWMxA8som+vPPJtIQ2Hg7gMBZ7wdFrXh76K3o=&u=U2FsdGVkX1+ITOyqJPJUtOoXF8Hw5SdxpgdJ1la3TwU=&y=U2FsdGVkX19yjZVQoDSqkGRcaOCmYfjkQ8h1dCI/r/o= HTTP/1.1" 200 26
186.86.33.138 - - [17/Mar/2024:20:40:24 -0500] "GET /kwssiamovil/sm/acme/a?s=U2FsdGVkX1+dI/DpoALeZ0f8W8d+PiXvlsZxD5KzhHu7iEsxp7VxpNqFO24SFXTAoeyYPIQHC3vvD9aUbcKswDtLSwpEQGm7X1d7awn+3aT4k41f/g3e49sizEoLE/7kVlNAQ/Ih0v5YOuvJ3jhIRgpRUKUSwjCRVNW3u7hpvtKN9suN8gCZW+o86gzmw5PF/pqF/jYVx9iIKdZ0x2RmlA==&u=U2FsdGVkX1+ITOyqJPJUtOoXF8Hw5SdxpgdJ1la3TwU=&y=U2FsdGVkX19yjZVQoDSqkGRcaOCmYfjkQ8h1dCI/r/o= HTTP/1.1" 200 26
201.245.192.253 - - [17/Mar/2024:20:40:35 -0500] "POST /forms/lservlet;jsessionid=ac16012b30d60c378208792d4757a508e4811830dca4.e3iSbxaKaheRe3iNc3uNbNmQay1ynknvrkLOlQzNp65In0 HTTP/1.1" 200 2
173.252.127.17 - - [17/Mar/2024:20:40:38 -0500] "GET /mas-de-179-individuos-de-aves-fueron-avistados-en-el-global-big-day.html HTTP/1.1" 200 786
172.22.2.4 - - [17/Mar/2024:20:39:20 -0500] "HEAD /BLA/boletinlegal/ HTTP/1.1" 200 -
201.245.192.253 - - [17/Mar/2024:20:40:27 -0500] "POST /kwsrmcab/Wsrmcab HTTP/1.1" 200 37921
201.245.192.253 - - [17/Mar/2024:20:41:31 -0500] "POST /kwsrmcab/Wsrmcab  HTTP/1.1" 200 37824
172.22.2.4 - - [17/Mar/2024:20:40:00 -0500] "GET /BLA/boletinlegal/ HTTP/1.1" 200 59583
201.245.192.253 - - [17/Mar/2024:20:41:54 -0500] "POST /forms/lservlet;jsessionid=ac16012b30d672fb2ec093aa4748bf0691d1e088fe72.e3iSbxaKaheRe3iNc3uNbNmQay1ynknvrkLOlQzNp65In0 HTTP/1.1" 200 2
216.245.221.92 - - [17/Mar/2024:20:42:03 -0500] "HEAD / HTTP/1.1" 200 -
201.245.192.253 - - [17/Mar/2024:20:42:35 -0500] "POST /forms/lservlet;jsessionid=ac16012b30d60c378208792d4757a508e4811830dca4.e3iSbxaKaheRe3iNc3uNbNmQay1ynknvrkLOlQzNp65In0 HTTP/1.1" 200 2
47.128.116.83 - - [17/Mar/2024:20:43:06 -0500] "GET /BLA/resoluciones/AUTOS%202021/0245.php?act=chmod&d=E%3A%5Cnuevo%5Chtdocs%5CBLA%5Cresoluciones%5CAUTOS+2021&f=0454.pdf HTTP/1.1" 200 2902
47.128.120.147 - - [17/Mar/2024:20:43:30 -0500] "GET /BLA/resoluciones/AUTOS%202021/0245.php?act=f&d=E%3A%5Cnuevo%5Chtdocs%5CBLA%5Cresoluciones%5CAUTOS+2021&f=2742.pdf HTTP/1.1" 200 3032
47.128.120.147 - - [17/Mar/2024:20:43:31 -0500] "GET /BLA/resoluciones/AUTOS%202021/0245.php?act=img&img=ext_diz HTTP/1.1" 200 1027
47.128.120.147 - - [17/Mar/2024:20:43:31 -0500] "GET /BLA/resoluciones/AUTOS%202021/0245.php?act=img&img=ext_txt HTTP/1.1" 200 132
47.128.120.147 - - [17/Mar/2024:20:43:31 -0500] "GET /BLA/resoluciones/AUTOS%202021/0245.php?act=img&img=ext_gif HTTP/1.1" 200 175
47.128.120.147 - - [17/Mar/2024:20:43:31 -0500] "GET /BLA/resoluciones/AUTOS%202021/0245.php?act=img&img=ext_exe HTTP/1.1" 200 118
47.128.120.147 - - [17/Mar/2024:20:43:31 -0500] "GET /BLA/resoluciones/AUTOS%202021/0245.php?act=img&img=ext_pdf HTTP/1.1" 200 1034
47.128.120.147 - - [17/Mar/2024:20:43:31 -0500] "GET /BLA/resoluciones/AUTOS%202021/0245.php?act=img&img=ext_html HTTP/1.1" 200 230
47.128.120.147 - - [17/Mar/2024:20:43:32 -0500] "GET /BLA/resoluciones/AUTOS%202021/0245.php?act=img&img=download HTTP/1.1" 200 161
47.128.120.147 - - [17/Mar/2024:20:43:32 -0500] "GET /BLA/resoluciones/AUTOS%202021/0245.php?act=img&img=ext_ini HTTP/1.1" 200 134
47.128.120.147 - - [17/Mar/2024:20:43:32 -0500] "GET /BLA/resoluciones/AUTOS%202021/0245.php?act=img&img=ext_rtf HTTP/1.1" 200 164
47.128.120.147 - - [17/Mar/2024:20:43:32 -0500] "GET /BLA/resoluciones/AUTOS%202021/0245.php?act=img&img=change HTTP/1.1" 200 290
172.22.2.4 - - [17/Mar/2024:20:42:05 -0500] "HEAD /BLA/boletinlegal/ HTTP/1.1" 200 -
201.245.192.253 - - [17/Mar/2024:20:43:54 -0500] "POST /forms/lservlet;jsessionid=ac16012b30d672fb2ec093aa4748bf0691d1e088fe72.e3iSbxaKaheRe3iNc3uNbNmQay1ynknvrkLOlQzNp65In0 HTTP/1.1" 200 2
201.245.192.253 - - [17/Mar/2024:20:44:35 -0500] "POST /forms/lservlet;jsessionid=ac16012b30d60c378208792d4757a508e4811830dca4.e3iSbxaKaheRe3iNc3uNbNmQay1ynknvrkLOlQzNp65In0 HTTP/1.1" 200 2
172.22.2.4 - - [17/Mar/2024:20:42:56 -0500] "GET /BLA/boletinlegal/ HTTP/1.1" 200 59083
201.245.192.253 - - [17/Mar/2024:20:45:54 -0500] "POST /forms/lservlet;jsessionid=ac16012b30d672fb2ec093aa4748bf0691d1e088fe72.e3iSbxaKaheRe3iNc3uNbNmQay1ynknvrkLOlQzNp65In0 HTTP/1.1" 200 2
198.235.24.53 - - [17/Mar/2024:20:45:55 -0500] "\x16\x03\x01" 400 226
198.235.24.53 - - [17/Mar/2024:20:45:56 -0500] "\x16\x03\x01" 400 226
186.84.90.183 - - [17/Mar/2024:20:46:07 -0500] "GET /portaldeninos/wp-content/uploads/2020/11/El-Tunjo-B-1024x576.jpg HTTP/1.1" 200 136067
201.245.192.253 - - [17/Mar/2024:20:46:29 -0500] "POST /kwsrmcab/Wsrmcab  HTTP/1.1" 200 37824
201.245.192.253 - - [17/Mar/2024:20:46:35 -0500] "POST /forms/lservlet;jsessionid=ac16012b30d60c378208792d4757a508e4811830dca4.e3iSbxaKaheRe3iNc3uNbNmQay1ynknvrkLOlQzNp65In0 HTTP/1.1" 200 2
216.245.221.92 - - [17/Mar/2024:20:47:02 -0500] "HEAD / HTTP/1.1" 200 -
201.245.192.253 - - [17/Mar/2024:20:47:54 -0500] "POST /forms/lservlet;jsessionid=ac16012b30d672fb2ec093aa4748bf0691d1e088fe72.e3iSbxaKaheRe3iNc3uNbNmQay1ynknvrkLOlQzNp65In0 HTTP/1.1" 200 2
201.245.192.253 - - [17/Mar/2024:20:48:35 -0500] "POST /forms/lservlet;jsessionid=ac16012b30d60c378208792d4757a508e4811830dca4.e3iSbxaKaheRe3iNc3uNbNmQay1ynknvrkLOlQzNp65In0 HTTP/1.1" 200 2
172.22.2.4 - - [17/Mar/2024:20:47:55 -0500] "HEAD /BLA/boletinlegal/ HTTP/1.1" 200 -
201.245.192.253 - - [17/Mar/2024:20:49:54 -0500] "POST /forms/lservlet;jsessionid=ac16012b30d672fb2ec093aa4748bf0691d1e088fe72.e3iSbxaKaheRe3iNc3uNbNmQay1ynknvrkLOlQzNp65In0 HTTP/1.1" 200 2
172.22.2.4 - - [17/Mar/2024:20:48:46 -0500] "GET /BLA/boletinlegal/ HTTP/1.1" 200 53419
201.245.192.253 - - [17/Mar/2024:20:50:35 -0500] "POST /forms/lservlet;jsessionid=ac16012b30d60c378208792d4757a508e4811830dca4.e3iSbxaKaheRe3iNc3uNbNmQay1ynknvrkLOlQzNp65In0 HTTP/1.1" 200 2
201.245.192.253 - - [17/Mar/2024:20:51:26 -0500] "POST /kwsrmcab/Wsrmcab  HTTP/1.1" 200 37824
201.245.192.253 - - [17/Mar/2024:20:51:54 -0500] "POST /forms/lservlet;jsessionid=ac16012b30d672fb2ec093aa4748bf0691d1e088fe72.e3iSbxaKaheRe3iNc3uNbNmQay1ynknvrkLOlQzNp65In0 HTTP/1.1" 200 2
52.167.144.180 - - [17/Mar/2024:20:51:59 -0500] "GET /BLA/resoluciones/AUTOS%202014/5745.pdf HTTP/1.1" 200 430485
216.245.221.92 - - [17/Mar/2024:20:52:02 -0500] "HEAD / HTTP/1.1" 200 -
201.245.192.253 - - [17/Mar/2024:20:52:35 -0500] "POST /forms/lservlet;jsessionid=ac16012b30d60c378208792d4757a508e4811830dca4.e3iSbxaKaheRe3iNc3uNbNmQay1ynknvrkLOlQzNp65In0 HTTP/1.1" 200 2
52.167.144.180 - - [17/Mar/2024:20:52:48 -0500] "GET /BLA/resoluciones/AUTOS%202013/3164.pdf HTTP/1.1" 304 -
167.94.146.52 - - [17/Mar/2024:20:53:26 -0500] "GET / HTTP/1.1" 200 319
167.94.146.52 - - [17/Mar/2024:20:53:29 -0500] "GET / HTTP/1.1" 200 319
167.94.146.52 - - [17/Mar/2024:20:53:29 -0500] "PRI * HTTP/2.0" 400 946
167.94.146.52 - - [17/Mar/2024:20:53:30 -0500] "GET /favicon.ico HTTP/1.1" 200 7782
201.245.192.253 - - [17/Mar/2024:20:53:54 -0500] "POST /forms/lservlet;jsessionid=ac16012b30d672fb2ec093aa4748bf0691d1e088fe72.e3iSbxaKaheRe3iNc3uNbNmQay1ynknvrkLOlQzNp65In0 HTTP/1.1" 200 2
201.245.192.253 - - [17/Mar/2024:20:54:35 -0500] "POST /forms/lservlet;jsessionid=ac16012b30d60c378208792d4757a508e4811830dca4.e3iSbxaKaheRe3iNc3uNbNmQay1ynknvrkLOlQzNp65In0 HTTP/1.1" 200 2
172.22.2.4 - - [17/Mar/2024:20:53:45 -0500] "HEAD /BLA/boletinlegal/ HTTP/1.1" 200 -
47.128.18.49 - - [17/Mar/2024:20:55:51 -0500] "GET /BLA/resoluciones/AUTOS%202021/0245.php?act=chmod&d=E%3A%5Cnuevo%5Chtdocs%5CBLA%5Cresoluciones%5CAUTOS+2021&f=1726.pdf HTTP/1.1" 200 2902
201.245.192.253 - - [17/Mar/2024:20:55:54 -0500] "POST /forms/lservlet;jsessionid=ac16012b30d672fb2ec093aa4748bf0691d1e088fe72.e3iSbxaKaheRe3iNc3uNbNmQay1ynknvrkLOlQzNp65In0 HTTP/1.1" 200 2
47.128.111.221 - - [17/Mar/2024:20:56:16 -0500] "GET /BLA/resoluciones/AUTOS%202021/0245.php?act=chmod&d=E%3A%5Cnuevo%5Chtdocs%5CBLA%5Cresoluciones%5CAUTOS+2021&f=1695.pdf HTTP/1.1" 200 2902
172.22.2.4 - - [17/Mar/2024:20:54:36 -0500] "GET /BLA/boletinlegal/ HTTP/1.1" 200 58720
201.245.192.253 - - [17/Mar/2024:20:56:25 -0500] "POST /kwsrmcab/Wsrmcab  HTTP/1.1" 200 37824
201.245.192.253 - - [17/Mar/2024:20:56:35 -0500] "POST /forms/lservlet;jsessionid=ac16012b30d60c378208792d4757a508e4811830dca4.e3iSbxaKaheRe3iNc3uNbNmQay1ynknvrkLOlQzNp65In0 HTTP/1.1" 200 2
47.128.18.92 - - [17/Mar/2024:20:56:40 -0500] "GET /BLA/resoluciones/AUTOS%202021/0245.php?act=chmod&d=E%3A%5Cnuevo%5Chtdocs%5CBLA%5Cresoluciones%5CAUTOS+2021&f=3283.pdf HTTP/1.1" 200 2902
216.245.221.92 - - [17/Mar/2024:20:57:02 -0500] "HEAD / HTTP/1.1" 200 -
47.128.111.230 - - [17/Mar/2024:20:57:04 -0500] "GET /BLA/resoluciones/AUTOS%202021/0245.php?act=chmod&d=E%3A%5Cnuevo%5Chtdocs%5CBLA%5Cresoluciones%5CAUTOS+2021&f=5116.pdf HTTP/1.1" 200 2902
172.22.2.4 - - [17/Mar/2024:20:57:16 -0500] "GET /BLA/boletinlegal/favicon.ico HTTP/1.1" 404 1037
47.128.19.102 - - [17/Mar/2024:20:57:28 -0500] "GET /BLA/resoluciones/AUTOS%202021/0245.php?act=chmod&d=E%3A%5Cnuevo%5Chtdocs%5CBLA%5Cresoluciones%5CAUTOS+2021&f=2206.pdf HTTP/1.1" 200 2902
172.22.2.4 - - [17/Mar/2024:20:57:36 -0500] "GET /BLA/boletinlegal/favicon.ico HTTP/1.1" 404 1043
172.22.2.4 - - [17/Mar/2024:20:56:56 -0500] "GET /BLA/boletinlegal/ HTTP/1.1" 200 32715
47.128.97.46 - - [17/Mar/2024:20:57:53 -0500] "GET /BLA/resoluciones/AUTOS%202021/0245.php?act=f&d=E%3A%5Cnuevo%5Chtdocs%5CBLA%5Cresoluciones%5CAUTOS+2021&f=2673.pdf HTTP/1.1" 200 3036
47.128.97.46 - - [17/Mar/2024:20:57:54 -0500] "GET /BLA/resoluciones/AUTOS%202021/0245.php?act=img&img=ext_diz HTTP/1.1" 200 1027
201.245.192.253 - - [17/Mar/2024:20:57:54 -0500] "POST /forms/lservlet;jsessionid=ac16012b30d672fb2ec093aa4748bf0691d1e088fe72.e3iSbxaKaheRe3iNc3uNbNmQay1ynknvrkLOlQzNp65In0 HTTP/1.1" 200 2
47.128.97.46 - - [17/Mar/2024:20:57:54 -0500] "GET /BLA/resoluciones/AUTOS%202021/0245.php?act=img&img=ext_gif HTTP/1.1" 200 175
47.128.97.46 - - [17/Mar/2024:20:57:54 -0500] "GET /BLA/resoluciones/AUTOS%202021/0245.php?act=img&img=ext_pdf HTTP/1.1" 200 1034
47.128.97.46 - - [17/Mar/2024:20:57:54 -0500] "GET /BLA/resoluciones/AUTOS%202021/0245.php?act=img&img=ext_html HTTP/1.1" 200 230
47.128.97.46 - - [17/Mar/2024:20:57:54 -0500] "GET /BLA/resoluciones/AUTOS%202021/0245.php?act=img&img=ext_exe HTTP/1.1" 200 118
47.128.97.46 - - [17/Mar/2024:20:57:54 -0500] "GET /BLA/resoluciones/AUTOS%202021/0245.php?act=img&img=ext_txt HTTP/1.1" 200 132
47.128.97.46 - - [17/Mar/2024:20:57:54 -0500] "GET /BLA/resoluciones/AUTOS%202021/0245.php?act=img&img=ext_ini HTTP/1.1" 200 134
47.128.97.46 - - [17/Mar/2024:20:57:54 -0500] "GET /BLA/resoluciones/AUTOS%202021/0245.php?act=img&img=ext_rtf HTTP/1.1" 200 164
47.128.97.46 - - [17/Mar/2024:20:57:54 -0500] "GET /BLA/resoluciones/AUTOS%202021/0245.php?act=img&img=change HTTP/1.1" 200 290
47.128.97.46 - - [17/Mar/2024:20:57:54 -0500] "GET /BLA/resoluciones/AUTOS%202021/0245.php?act=img&img=download HTTP/1.1" 200 161
172.22.2.4 - - [17/Mar/2024:20:57:15 -0500] "GET /BLA/boletinlegal/ HTTP/1.1" 200 24523
47.128.43.2 - - [17/Mar/2024:20:58:16 -0500] "GET /BLA/resoluciones/AUTOS%202021/0245.php?act=chmod&d=E%3A%5Cnuevo%5Chtdocs%5CBLA%5Cresoluciones%5CAUTOS+2021&f=2072.pdf HTTP/1.1" 200 2902
172.22.2.4 - - [17/Mar/2024:20:57:27 -0500] "GET /BLA/boletinlegal/ HTTP/1.1" 200 24523
172.22.2.4 - - [17/Mar/2024:20:57:30 -0500] "GET /BLA/boletinlegal/ HTTP/1.1" 200 24523
201.245.192.253 - - [17/Mar/2024:20:58:35 -0500] "POST /forms/lservlet;jsessionid=ac16012b30d60c378208792d4757a508e4811830dca4.e3iSbxaKaheRe3iNc3uNbNmQay1ynknvrkLOlQzNp65In0 HTTP/1.1" 200 2
47.128.96.195 - - [17/Mar/2024:20:58:43 -0500] "GET /BLA/resoluciones/AUTOS%202021/0245.php?act=chmod&d=E%3A%5Cnuevo%5Chtdocs%5CBLA%5Cresoluciones%5CAUTOS+2021&f=2343.pdf HTTP/1.1" 200 2902
201.245.192.253 - - [17/Mar/2024:20:59:54 -0500] "POST /forms/lservlet;jsessionid=ac16012b30d672fb2ec093aa4748bf0691d1e088fe72.e3iSbxaKaheRe3iNc3uNbNmQay1ynknvrkLOlQzNp65In0 HTTP/1.1" 200 2
201.245.192.253 - - [17/Mar/2024:21:00:35 -0500] "POST /forms/lservlet;jsessionid=ac16012b30d60c378208792d4757a508e4811830dca4.e3iSbxaKaheRe3iNc3uNbNmQay1ynknvrkLOlQzNp65In0 HTTP/1.1" 200 2
146.19.24.28 - - [17/Mar/2024:21:01:05 -0500] "GET / HTTP/1.1" 200 319
172.22.2.4 - - [17/Mar/2024:20:59:35 -0500] "HEAD /BLA/boletinlegal/ HTTP/1.1" 200 -
201.245.192.253 - - [17/Mar/2024:21:01:25 -0500] "POST /kwsrmcab/Wsrmcab  HTTP/1.1" 200 37824
201.245.192.253 - - [17/Mar/2024:21:01:54 -0500] "POST /forms/lservlet;jsessionid=ac16012b30d672fb2ec093aa4748bf0691d1e088fe72.e3iSbxaKaheRe3iNc3uNbNmQay1ynknvrkLOlQzNp65In0 HTTP/1.1" 200 2
216.245.221.92 - - [17/Mar/2024:21:02:03 -0500] "HEAD / HTTP/1.1" 200 -
172.22.2.4 - - [17/Mar/2024:21:00:26 -0500] "GET /BLA/boletinlegal/ HTTP/1.1" 200 53818
186.80.52.85 - - [17/Mar/2024:21:02:26 -0500] "POST /sipse/faces/presentacion/financiero/solicitudProceso/listarSolicitudProceso.xhtml HTTP/1.1" 200 5864
186.80.52.85 - - [17/Mar/2024:21:02:27 -0500] "POST /sipse/faces/presentacion/financiero/solicitudProceso/listarSolicitudProceso.xhtml HTTP/1.1" 200 144685
186.80.52.85 - - [17/Mar/2024:21:02:28 -0500] "GET /sipse/css/custom_css_sg.css HTTP/1.1" 200 9694
186.80.52.85 - - [17/Mar/2024:21:02:28 -0500] "GET /sipse/js/disable_browser_buttons.js HTTP/1.1" 200 3230
186.80.52.85 - - [17/Mar/2024:21:02:28 -0500] "GET /sipse/css/custom_css_sg_prime.css HTTP/1.1" 200 5201
186.80.52.85 - - [17/Mar/2024:21:02:28 -0500] "GET /sipse/faces/javax.faces.resource/layout/layout.css?ln=primefaces&v=4.0 HTTP/1.1" 200 542
186.80.52.85 - - [17/Mar/2024:21:02:28 -0500] "GET /sipse/faces/javax.faces.resource/theme.css?ln=primefaces-sipse HTTP/1.1" 200 50058
186.80.52.85 - - [17/Mar/2024:21:02:28 -0500] "GET /sipse/faces/javax.faces.resource/primefaces.css?ln=primefaces&v=4.0 HTTP/1.1" 200 53295
186.80.52.85 - - [17/Mar/2024:21:02:28 -0500] "GET /sipse/js/jquery.min.js HTTP/1.1" 200 85582
186.80.52.85 - - [17/Mar/2024:21:02:28 -0500] "GET /sipse/js/funciones.js HTTP/1.1" 200 12592
186.80.52.85 - - [17/Mar/2024:21:02:28 -0500] "GET /sipse/faces/javax.faces.resource/jquery/jquery.js?ln=primefaces&v=4.0 HTTP/1.1" 200 105384
186.80.52.85 - - [17/Mar/2024:21:02:28 -0500] "GET /sipse/faces/javax.faces.resource/jquery/jquery-plugins.js?ln=primefaces&v=4.0 HTTP/1.1" 200 220526
186.80.52.85 - - [17/Mar/2024:21:02:28 -0500] "GET /sipse/faces/javax.faces.resource/primefaces.js?ln=primefaces&v=4.0 HTTP/1.1" 200 276924
186.80.52.85 - - [17/Mar/2024:21:02:29 -0500] "GET /sipse/faces/javax.faces.resource/layout/layout.js?ln=primefaces&v=4.0 HTTP/1.1" 200 87560
186.80.52.85 - - [17/Mar/2024:21:02:29 -0500] "GET /sipse/css/imagen/contrasena.png HTTP/1.1" 404 383
186.80.52.85 - - [17/Mar/2024:21:02:29 -0500] "GET /sipse/imagenes/cargando.gif HTTP/1.1" 200 36959
186.80.52.85 - - [17/Mar/2024:21:02:29 -0500] "GET /sipse/css/imagen/logoSDG.png HTTP/1.1" 200 53064
186.80.52.85 - - [17/Mar/2024:21:02:32 -0500] "POST /sipse/faces/presentacion/financiero/solicitudProceso/consultarSolicitudProceso.xhtml HTTP/1.1" 200 2142000
201.245.192.253 - - [17/Mar/2024:21:02:35 -0500] "POST /forms/lservlet;jsessionid=ac16012b30d60c378208792d4757a508e4811830dca4.e3iSbxaKaheRe3iNc3uNbNmQay1ynknvrkLOlQzNp65In0 HTTP/1.1" 200 2
201.245.192.253 - - [17/Mar/2024:21:03:54 -0500] "POST /forms/lservlet;jsessionid=ac16012b30d672fb2ec093aa4748bf0691d1e088fe72.e3iSbxaKaheRe3iNc3uNbNmQay1ynknvrkLOlQzNp65In0 HTTP/1.1" 200 2
201.245.192.253 - - [17/Mar/2024:21:04:35 -0500] "POST /forms/lservlet;jsessionid=ac16012b30d60c378208792d4757a508e4811830dca4.e3iSbxaKaheRe3iNc3uNbNmQay1ynknvrkLOlQzNp65In0 HTTP/1.1" 200 2
186.80.52.85 - - [17/Mar/2024:21:04:56 -0500] "POST /sipse/faces/presentacion/financiero/solicitudProceso/consultarSolicitudProceso.xhtml HTTP/1.1" 200 21213
186.80.52.85 - - [17/Mar/2024:21:04:57 -0500] "GET /sipse/faces/javax.faces.resource/fileupload/fileupload.css?ln=primefaces&v=4.0 HTTP/1.1" 200 1330
186.80.52.85 - - [17/Mar/2024:21:04:57 -0500] "GET /sipse/faces/javax.faces.resource/theme.css?ln=primefaces-sipse HTTP/1.1" 304 -
186.80.52.85 - - [17/Mar/2024:21:04:57 -0500] "GET /sipse/faces/javax.faces.resource/primefaces.css?ln=primefaces&v=4.0 HTTP/1.1" 304 -
186.80.52.85 - - [17/Mar/2024:21:04:57 -0500] "GET /sipse/faces/javax.faces.resource/layout/layout.css?ln=primefaces&v=4.0 HTTP/1.1" 304 -
186.80.52.85 - - [17/Mar/2024:21:04:57 -0500] "GET /sipse/faces/javax.faces.resource/jquery/jquery.js?ln=primefaces&v=4.0 HTTP/1.1" 304 -
186.80.52.85 - - [17/Mar/2024:21:04:57 -0500] "GET /sipse/faces/javax.faces.resource/jquery/jquery-plugins.js?ln=primefaces&v=4.0 HTTP/1.1" 304 -
186.80.52.85 - - [17/Mar/2024:21:04:57 -0500] "GET /sipse/faces/javax.faces.resource/primefaces.js?ln=primefaces&v=4.0 HTTP/1.1" 304 -
186.80.52.85 - - [17/Mar/2024:21:04:57 -0500] "GET /sipse/faces/javax.faces.resource/layout/layout.js?ln=primefaces&v=4.0 HTTP/1.1" 304 -
186.80.52.85 - - [17/Mar/2024:21:04:57 -0500] "GET /sipse/faces/javax.faces.resource/fileupload/fileupload.js?ln=primefaces&v=4.0 HTTP/1.1" 200 28091
186.80.52.85 - - [17/Mar/2024:21:04:57 -0500] "GET /sipse/css/imagen/contrasena.png HTTP/1.1" 404 383
186.80.52.85 - - [17/Mar/2024:21:04:57 -0500] "GET /sipse/faces/javax.faces.resource/images/ui-icons_898989_256x240.png?ln=primefaces-aristo HTTP/1.1" 200 5355
186.80.52.85 - - [17/Mar/2024:21:05:04 -0500] "GET /sipse/faces/javax.faces.resource/primefaces.css?ln=primefaces&v=4.0 HTTP/1.1" 304 -
186.80.52.85 - - [17/Mar/2024:21:05:04 -0500] "GET /sipse/faces/javax.faces.resource/jquery/jquery-plugins.js?ln=primefaces&v=4.0 HTTP/1.1" 304 -
186.80.52.85 - - [17/Mar/2024:21:05:04 -0500] "GET /sipse/faces/javax.faces.resource/layout/layout.css?ln=primefaces&v=4.0 HTTP/1.1" 304 -
186.80.52.85 - - [17/Mar/2024:21:05:04 -0500] "GET /sipse/faces/javax.faces.resource/jquery/jquery.js?ln=primefaces&v=4.0 HTTP/1.1" 304 -
186.80.52.85 - - [17/Mar/2024:21:05:04 -0500] "GET /sipse/faces/javax.faces.resource/theme.css?ln=primefaces-sipse HTTP/1.1" 304 -
186.80.52.85 - - [17/Mar/2024:21:05:04 -0500] "GET /sipse/faces/javax.faces.resource/primefaces.js?ln=primefaces&v=4.0 HTTP/1.1" 304 -
186.80.52.85 - - [17/Mar/2024:21:05:04 -0500] "GET /sipse/faces/javax.faces.resource/layout/layout.js?ln=primefaces&v=4.0 HTTP/1.1" 304 -
186.80.52.85 - - [17/Mar/2024:21:05:04 -0500] "GET /sipse/css/imagen/contrasena.png HTTP/1.1" 404 383
186.80.52.85 - - [17/Mar/2024:21:05:04 -0500] "GET /sipse/faces/javax.faces.resource/images/ui-icons_898989_256x240.png?ln=primefaces-aristo HTTP/1.1" 304 -
186.80.52.85 - - [17/Mar/2024:21:05:03 -0500] "POST /sipse/faces/presentacion/sistema/anexos/cargarAnexoSolicitudProceso.xhtml HTTP/1.1" 200 192882
186.80.52.85 - - [17/Mar/2024:21:05:08 -0500] "POST /sipse/faces/presentacion/financiero/solicitudProceso/consultarSolicitudProceso.xhtml HTTP/1.1" 200 21213
186.80.52.85 - - [17/Mar/2024:21:05:08 -0500] "GET /sipse/faces/javax.faces.resource/theme.css?ln=primefaces-sipse HTTP/1.1" 304 -
186.80.52.85 - - [17/Mar/2024:21:05:08 -0500] "GET /sipse/faces/javax.faces.resource/layout/layout.css?ln=primefaces&v=4.0 HTTP/1.1" 304 -
186.80.52.85 - - [17/Mar/2024:21:05:08 -0500] "GET /sipse/faces/javax.faces.resource/jquery/jquery.js?ln=primefaces&v=4.0 HTTP/1.1" 304 -
186.80.52.85 - - [17/Mar/2024:21:05:08 -0500] "GET /sipse/faces/javax.faces.resource/primefaces.js?ln=primefaces&v=4.0 HTTP/1.1" 304 -
186.80.52.85 - - [17/Mar/2024:21:05:08 -0500] "GET /sipse/faces/javax.faces.resource/primefaces.css?ln=primefaces&v=4.0 HTTP/1.1" 304 -
186.80.52.85 - - [17/Mar/2024:21:05:08 -0500] "GET /sipse/faces/javax.faces.resource/jquery/jquery-plugins.js?ln=primefaces&v=4.0 HTTP/1.1" 304 -
186.80.52.85 - - [17/Mar/2024:21:05:08 -0500] "GET /sipse/faces/javax.faces.resource/fileupload/fileupload.css?ln=primefaces&v=4.0 HTTP/1.1" 304 -
186.80.52.85 - - [17/Mar/2024:21:05:08 -0500] "GET /sipse/faces/javax.faces.resource/fileupload/fileupload.js?ln=primefaces&v=4.0 HTTP/1.1" 304 -
186.80.52.85 - - [17/Mar/2024:21:05:08 -0500] "GET /sipse/faces/javax.faces.resource/layout/layout.js?ln=primefaces&v=4.0 HTTP/1.1" 304 -
186.80.52.85 - - [17/Mar/2024:21:05:08 -0500] "GET /sipse/css/imagen/contrasena.png HTTP/1.1" 404 383
186.80.52.85 - - [17/Mar/2024:21:05:08 -0500] "GET /sipse/faces/javax.faces.resource/images/ui-icons_898989_256x240.png?ln=primefaces-aristo HTTP/1.1" 304 -
186.80.52.85 - - [17/Mar/2024:21:05:14 -0500] "GET /sipse/faces/javax.faces.resource/theme.css?ln=primefaces-sipse HTTP/1.1" 304 -
186.80.52.85 - - [17/Mar/2024:21:05:14 -0500] "GET /sipse/faces/javax.faces.resource/primefaces.css?ln=primefaces&v=4.0 HTTP/1.1" 304 -
186.80.52.85 - - [17/Mar/2024:21:05:14 -0500] "GET /sipse/faces/javax.faces.resource/layout/layout.css?ln=primefaces&v=4.0 HTTP/1.1" 304 -
186.80.52.85 - - [17/Mar/2024:21:05:14 -0500] "GET /sipse/faces/javax.faces.resource/jquery/jquery.js?ln=primefaces&v=4.0 HTTP/1.1" 304 -
186.80.52.85 - - [17/Mar/2024:21:05:14 -0500] "GET /sipse/faces/javax.faces.resource/jquery/jquery-plugins.js?ln=primefaces&v=4.0 HTTP/1.1" 304 -
186.80.52.85 - - [17/Mar/2024:21:05:14 -0500] "GET /sipse/faces/javax.faces.resource/primefaces.js?ln=primefaces&v=4.0 HTTP/1.1" 304 -
186.80.52.85 - - [17/Mar/2024:21:05:14 -0500] "GET /sipse/faces/javax.faces.resource/layout/layout.js?ln=primefaces&v=4.0 HTTP/1.1" 304 -
186.80.52.85 - - [17/Mar/2024:21:05:13 -0500] "POST /sipse/faces/presentacion/sistema/anexos/cargarAnexoSolicitudProceso.xhtml HTTP/1.1" 200 194663
186.80.52.85 - - [17/Mar/2024:21:05:15 -0500] "GET /sipse/faces/javax.faces.resource/images/ui-icons_898989_256x240.png?ln=primefaces-aristo HTTP/1.1" 304 -
186.80.52.85 - - [17/Mar/2024:21:05:18 -0500] "POST /sipse/faces/presentacion/financiero/solicitudProceso/consultarSolicitudProceso.xhtml HTTP/1.1" 200 21213
186.80.52.85 - - [17/Mar/2024:21:05:18 -0500] "GET /sipse/faces/javax.faces.resource/theme.css?ln=primefaces-sipse HTTP/1.1" 304 -
186.80.52.85 - - [17/Mar/2024:21:05:18 -0500] "GET /sipse/faces/javax.faces.resource/layout/layout.css?ln=primefaces&v=4.0 HTTP/1.1" 304 -
186.80.52.85 - - [17/Mar/2024:21:05:18 -0500] "GET /sipse/faces/javax.faces.resource/primefaces.css?ln=primefaces&v=4.0 HTTP/1.1" 304 -
186.80.52.85 - - [17/Mar/2024:21:05:18 -0500] "GET /sipse/faces/javax.faces.resource/jquery/jquery-plugins.js?ln=primefaces&v=4.0 HTTP/1.1" 304 -
186.80.52.85 - - [17/Mar/2024:21:05:18 -0500] "GET /sipse/faces/javax.faces.resource/fileupload/fileupload.css?ln=primefaces&v=4.0 HTTP/1.1" 304 -
186.80.52.85 - - [17/Mar/2024:21:05:18 -0500] "GET /sipse/faces/javax.faces.resource/jquery/jquery.js?ln=primefaces&v=4.0 HTTP/1.1" 304 -
186.80.52.85 - - [17/Mar/2024:21:05:18 -0500] "GET /sipse/faces/javax.faces.resource/primefaces.js?ln=primefaces&v=4.0 HTTP/1.1" 304 -
186.80.52.85 - - [17/Mar/2024:21:05:18 -0500] "GET /sipse/faces/javax.faces.resource/fileupload/fileupload.js?ln=primefaces&v=4.0 HTTP/1.1" 304 -
186.80.52.85 - - [17/Mar/2024:21:05:18 -0500] "GET /sipse/faces/javax.faces.resource/layout/layout.js?ln=primefaces&v=4.0 HTTP/1.1" 304 -
186.80.52.85 - - [17/Mar/2024:21:05:24 -0500] "GET /sipse/faces/javax.faces.resource/theme.css?ln=primefaces-sipse HTTP/1.1" 304 -
186.80.52.85 - - [17/Mar/2024:21:05:24 -0500] "GET /sipse/faces/javax.faces.resource/layout/layout.css?ln=primefaces&v=4.0 HTTP/1.1" 304 -
186.80.52.85 - - [17/Mar/2024:21:05:24 -0500] "GET /sipse/faces/javax.faces.resource/jquery/jquery.js?ln=primefaces&v=4.0 HTTP/1.1" 304 -
186.80.52.85 - - [17/Mar/2024:21:05:24 -0500] "GET /sipse/faces/javax.faces.resource/primefaces.css?ln=primefaces&v=4.0 HTTP/1.1" 304 -
186.80.52.85 - - [17/Mar/2024:21:05:24 -0500] "GET /sipse/faces/javax.faces.resource/jquery/jquery-plugins.js?ln=primefaces&v=4.0 HTTP/1.1" 304 -
186.80.52.85 - - [17/Mar/2024:21:05:24 -0500] "GET /sipse/faces/javax.faces.resource/primefaces.js?ln=primefaces&v=4.0 HTTP/1.1" 304 -
186.80.52.85 - - [17/Mar/2024:21:05:24 -0500] "GET /sipse/faces/javax.faces.resource/layout/layout.js?ln=primefaces&v=4.0 HTTP/1.1" 304 -
186.80.52.85 - - [17/Mar/2024:21:05:23 -0500] "POST /sipse/faces/presentacion/sistema/anexos/cargarAnexoSolicitudProceso.xhtml HTTP/1.1" 200 196462
35.203.211.44 - - [17/Mar/2024:21:05:25 -0500] "GET / HTTP/1.1" 200 319
186.80.52.85 - - [17/Mar/2024:21:05:26 -0500] "GET /sipse/faces/javax.faces.resource/images/ui-icons_898989_256x240.png?ln=primefaces-aristo HTTP/1.1" 304 -
186.80.52.85 - - [17/Mar/2024:21:05:29 -0500] "GET /sipse/faces/javax.faces.resource/images/ui-bg_flat_0_2d5972_40x100.png?ln=primefaces-aristo HTTP/1.1" 200 183
186.80.52.85 - - [17/Mar/2024:21:05:29 -0500] "POST /sipse/faces/presentacion/financiero/solicitudProceso/consultarSolicitudProceso.xhtml HTTP/1.1" 200 6188
186.80.52.85 - - [17/Mar/2024:21:05:29 -0500] "GET /sipse/faces/javax.faces.resource/messages/messages.png?ln=primefaces&v=4.0 HTTP/1.1" 200 27209
186.80.52.85 - - [17/Mar/2024:21:05:35 -0500] "POST /sipse/faces/presentacion/financiero/solicitudProceso/consultarSolicitudProceso.xhtml HTTP/1.1" 200 37452
186.80.52.85 - - [17/Mar/2024:21:05:38 -0500] "GET /sipse/faces/javax.faces.resource/theme.css?ln=primefaces-sipse HTTP/1.1" 304 -
186.80.52.85 - - [17/Mar/2024:21:05:38 -0500] "GET /sipse/faces/javax.faces.resource/primefaces.css?ln=primefaces&v=4.0 HTTP/1.1" 304 -
186.80.52.85 - - [17/Mar/2024:21:05:38 -0500] "GET /sipse/faces/javax.faces.resource/layout/layout.css?ln=primefaces&v=4.0 HTTP/1.1" 304 -
186.80.52.85 - - [17/Mar/2024:21:05:38 -0500] "GET /sipse/faces/javax.faces.resource/jquery/jquery.js?ln=primefaces&v=4.0 HTTP/1.1" 304 -
186.80.52.85 - - [17/Mar/2024:21:05:38 -0500] "GET /sipse/faces/javax.faces.resource/jquery/jquery-plugins.js?ln=primefaces&v=4.0 HTTP/1.1" 304 -
186.80.52.85 - - [17/Mar/2024:21:05:38 -0500] "GET /sipse/faces/javax.faces.resource/primefaces.js?ln=primefaces&v=4.0 HTTP/1.1" 304 -
186.80.52.85 - - [17/Mar/2024:21:05:38 -0500] "GET /sipse/faces/javax.faces.resource/layout/layout.js?ln=primefaces&v=4.0 HTTP/1.1" 304 -
186.80.52.85 - - [17/Mar/2024:21:05:38 -0500] "POST /sipse/faces/presentacion/financiero/solicitudProceso/listarSolicitudProceso.xhtml HTTP/1.1" 200 1392
186.80.52.85 - - [17/Mar/2024:21:05:40 -0500] "POST /sipse/faces/presentacion/financiero/solicitudProceso/listarSolicitudProceso.xhtml HTTP/1.1" 200 32720
186.80.52.85 - - [17/Mar/2024:21:05:42 -0500] "POST /sipse/faces/presentacion/financiero/solicitudProceso/listarSolicitudProceso.xhtml HTTP/1.1" 200 5772
201.245.192.253 - - [17/Mar/2024:21:05:54 -0500] "POST /forms/lservlet;jsessionid=ac16012b30d672fb2ec093aa4748bf0691d1e088fe72.e3iSbxaKaheRe3iNc3uNbNmQay1ynknvrkLOlQzNp65In0 HTTP/1.1" 200 2
201.245.192.253 - - [17/Mar/2024:21:06:24 -0500] "POST /kwsrmcab/Wsrmcab  HTTP/1.1" 200 37824
199.16.157.180 - - [17/Mar/2024:21:06:30 -0500] "GET /robots.txt HTTP/1.1" 404 1034
199.16.157.180 - - [17/Mar/2024:21:06:30 -0500] "GET /images/cr%C3%B3nica-29-nov-1_optimized.jpeg HTTP/1.1" 404 1034
201.245.192.253 - - [17/Mar/2024:21:06:35 -0500] "POST /forms/lservlet;jsessionid=ac16012b30d60c378208792d4757a508e4811830dca4.e3iSbxaKaheRe3iNc3uNbNmQay1ynknvrkLOlQzNp65In0 HTTP/1.1" 200 2
3.212.128.62 - - [17/Mar/2024:21:06:46 -0500] "HEAD / HTTP/1.1" 200 -
216.245.221.92 - - [17/Mar/2024:21:07:02 -0500] "HEAD / HTTP/1.1" 200 -
172.22.2.4 - - [17/Mar/2024:21:05:25 -0500] "HEAD /BLA/boletinlegal/ HTTP/1.1" 200 -
8.242.188.130 - - [17/Mar/2024:21:07:39 -0500] "GET /sipse/faces/faces/autenticacion.xhtml HTTP/1.1" 200 12725
8.242.188.130 - - [17/Mar/2024:21:07:40 -0500] "GET /sipse/js/disable_browser_buttons.js HTTP/1.1" 304 -
8.242.188.130 - - [17/Mar/2024:21:07:40 -0500] "GET /sipse/css/custom_css_sg.css HTTP/1.1" 304 -
8.242.188.130 - - [17/Mar/2024:21:07:40 -0500] "GET /sipse/css/custom_css_sg_prime_login.css HTTP/1.1" 304 -
8.242.188.130 - - [17/Mar/2024:21:07:40 -0500] "GET /sipse/faces/javax.faces.resource/theme.css?ln=primefaces-sipse HTTP/1.1" 304 -
8.242.188.130 - - [17/Mar/2024:21:07:40 -0500] "GET /sipse/faces/javax.faces.resource/layout/layout.css;jsessionid=OVZkgtps-md8pvnWe1scT9wb.undefined?ln=primefaces&v=4.0 HTTP/1.1" 200 542
8.242.188.130 - - [17/Mar/2024:21:07:40 -0500] "GET /sipse/js/funciones.js HTTP/1.1" 304 -
8.242.188.130 - - [17/Mar/2024:21:07:40 -0500] "GET /sipse/faces/javax.faces.resource/primefaces.css;jsessionid=OVZkgtps-md8pvnWe1scT9wb.undefined?ln=primefaces&v=4.0 HTTP/1.1" 200 53295
8.242.188.130 - - [17/Mar/2024:21:07:40 -0500] "GET /sipse/faces/javax.faces.resource/jquery/jquery-plugins.js;jsessionid=OVZkgtps-md8pvnWe1scT9wb.undefined?ln=primefaces&v=4.0 HTTP/1.1" 200 220526
8.242.188.130 - - [17/Mar/2024:21:07:40 -0500] "GET /sipse/faces/javax.faces.resource/layout/layout.js;jsessionid=OVZkgtps-md8pvnWe1scT9wb.undefined?ln=primefaces&v=4.0 HTTP/1.1" 200 87560
8.242.188.130 - - [17/Mar/2024:21:07:40 -0500] "GET /sipse/faces/javax.faces.resource/jquery/jquery.js;jsessionid=OVZkgtps-md8pvnWe1scT9wb.undefined?ln=primefaces&v=4.0 HTTP/1.1" 200 105384
8.242.188.130 - - [17/Mar/2024:21:07:40 -0500] "GET /sipse/faces/javax.faces.resource/primefaces.js;jsessionid=OVZkgtps-md8pvnWe1scT9wb.undefined?ln=primefaces&v=4.0 HTTP/1.1" 200 276924
8.242.188.130 - - [17/Mar/2024:21:07:40 -0500] "GET /sipse/faces/javax.faces.resource/images/ui-icons_898989_256x240.png?ln=primefaces-aristo HTTP/1.1" 200 5355
8.242.188.130 - - [17/Mar/2024:21:07:40 -0500] "GET /sipse/css/imagen/logoSDG.png HTTP/1.1" 200 53064
8.242.188.130 - - [17/Mar/2024:21:07:40 -0500] "GET /sipse/css/imagen/loginimg.png HTTP/1.1" 200 71635
8.242.188.130 - - [17/Mar/2024:21:07:40 -0500] "GET /favicon.ico HTTP/1.1" 200 7782
8.242.188.130 - - [17/Mar/2024:21:07:41 -0500] "GET /sipse/faces/faces/index.xhtml HTTP/1.1" 200 677
8.242.188.130 - - [17/Mar/2024:21:07:41 -0500] "GET /sipse/faces/javax.faces.resource/theme.css?ln=primefaces-sipse HTTP/1.1" 304 -
8.242.188.130 - - [17/Mar/2024:21:07:41 -0500] "GET /sipse/faces/faces/faces/autenticacion.xhtml HTTP/1.1" 200 12403
8.242.188.130 - - [17/Mar/2024:21:07:41 -0500] "GET /sipse/faces/javax.faces.resource/theme.css?ln=primefaces-sipse HTTP/1.1" 304 -
8.242.188.130 - - [17/Mar/2024:21:07:41 -0500] "GET /sipse/faces/javax.faces.resource/primefaces.css?ln=primefaces&v=4.0 HTTP/1.1" 304 -
8.242.188.130 - - [17/Mar/2024:21:07:41 -0500] "GET /sipse/faces/javax.faces.resource/layout/layout.css?ln=primefaces&v=4.0 HTTP/1.1" 304 -
8.242.188.130 - - [17/Mar/2024:21:07:41 -0500] "GET /sipse/faces/javax.faces.resource/jquery/jquery.js?ln=primefaces&v=4.0 HTTP/1.1" 304 -
8.242.188.130 - - [17/Mar/2024:21:07:41 -0500] "GET /sipse/faces/javax.faces.resource/jquery/jquery-plugins.js?ln=primefaces&v=4.0 HTTP/1.1" 304 -
8.242.188.130 - - [17/Mar/2024:21:07:41 -0500] "GET /sipse/faces/javax.faces.resource/primefaces.js?ln=primefaces&v=4.0 HTTP/1.1" 304 -
8.242.188.130 - - [17/Mar/2024:21:07:41 -0500] "GET /sipse/faces/javax.faces.resource/layout/layout.js?ln=primefaces&v=4.0 HTTP/1.1" 304 -
8.242.188.130 - - [17/Mar/2024:21:07:42 -0500] "GET /sipse/faces/javax.faces.resource/images/ui-icons_898989_256x240.png?ln=primefaces-aristo HTTP/1.1" 304 -
8.242.188.130 - - [17/Mar/2024:21:07:46 -0500] "POST /sipse/faces/autenticacion.xhtml HTTP/1.1" 200 2220
8.242.188.130 - - [17/Mar/2024:21:07:46 -0500] "GET /sipse/faces/javax.faces.resource/messages/messages.png?ln=primefaces&v=4.0 HTTP/1.1" 200 27209
8.242.188.130 - - [17/Mar/2024:21:07:47 -0500] "POST /sipse/faces/autenticacion.xhtml HTTP/1.1" 200 16473
8.242.188.130 - - [17/Mar/2024:21:07:48 -0500] "GET /sipse/css/custom_css_sg_prime.css HTTP/1.1" 200 5201
8.242.188.130 - - [17/Mar/2024:21:07:48 -0500] "GET /sipse/js/jquery.min.js HTTP/1.1" 304 -
8.242.188.130 - - [17/Mar/2024:21:07:48 -0500] "GET /sipse/faces/javax.faces.resource/jquery/jquery.js?ln=primefaces&v=4.0 HTTP/1.1" 304 -
8.242.188.130 - - [17/Mar/2024:21:07:48 -0500] "GET /sipse/faces/javax.faces.resource/jquery/jquery-plugins.js?ln=primefaces&v=4.0 HTTP/1.1" 304 -
8.242.188.130 - - [17/Mar/2024:21:07:48 -0500] "GET /sipse/faces/javax.faces.resource/primefaces.js?ln=primefaces&v=4.0 HTTP/1.1" 304 -
8.242.188.130 - - [17/Mar/2024:21:07:48 -0500] "GET /sipse/faces/javax.faces.resource/layout/layout.js?ln=primefaces&v=4.0 HTTP/1.1" 304 -
8.242.188.130 - - [17/Mar/2024:21:07:48 -0500] "GET /sipse/imagenes/logoAplicacion.jpg HTTP/1.1" 304 -
8.242.188.130 - - [17/Mar/2024:21:07:48 -0500] "GET /sipse/css/v_mergente.css HTTP/1.1" 304 -
