201.245.192.253 - - [17/Mar/2024:14:45:53 -0500] "POST /forms/lservlet;jsessionid=ac16012b30d672fb2ec093aa4748bf0691d1e088fe72.e3iSbxaKaheRe3iNc3uNbNmQay1ynknvrkLOlQzNp65In0 HTTP/1.1" 200 2
186.31.191.106 - - [17/Mar/2024:14:45:53 -0500] "GET /kwssiamovil/sm/acme/a?s=U2FsdGVkX18PCWNAd05dp4y/lOYEm0+yP0xBVKcIFRqbDYVjQspWDyAMLse+SZgli2VG0qxo7FXYqs6XJ0JwZbpUMxkQYz01/iRKFP6Yb26a+pi8nBPkVe68i1dy0AEj6MYBqCkVxPqVoqbzyoVAWEKofieNrKj0bUwgmRWxzwmkDFnNphGya1W3TQdDccuCPIl50Gh2JB4VD2UJVqF4bQ==&u=U2FsdGVkX1+6iS/S2egZf2DWWbt13wtam48V/jc/ymoG5l2QEwrZY8GyvZplvA08&y=U2FsdGVkX18K8NBlXBSljvFOAi4LnFWvlFmttt29y1Ur5rOFoC27q2cIFT5F/27H HTTP/1.1" 200 26
201.245.192.253 - - [17/Mar/2024:14:46:34 -0500] "POST /forms/lservlet;jsessionid=ac16012b30d60c378208792d4757a508e4811830dca4.e3iSbxaKaheRe3iNc3uNbNmQay1ynknvrkLOlQzNp65In0 HTTP/1.1" 200 2
173.252.107.120 - - [17/Mar/2024:14:46:35 -0500] "GET /images/pieza-arbolado-jbb-15-dic.jpg HTTP/1.1" 200 210305
66.249.66.20 - - [17/Mar/2024:14:47:16 -0500] "GET /BLA/resoluciones/RESOLUCIONES%202021/4048.pdf HTTP/1.1" 304 -
172.22.2.4 - - [17/Mar/2024:14:45:44 -0500] "HEAD /BLA/boletinlegal/ HTTP/1.1" 200 -
201.245.192.253 - - [17/Mar/2024:14:47:53 -0500] "POST /forms/lservlet;jsessionid=ac16012b30d672fb2ec093aa4748bf0691d1e088fe72.e3iSbxaKaheRe3iNc3uNbNmQay1ynknvrkLOlQzNp65In0 HTTP/1.1" 200 2
201.245.192.253 - - [17/Mar/2024:14:48:13 -0500] "POST /kwsrmcab/Wsrmcab  HTTP/1.1" 200 37824
172.22.2.4 - - [17/Mar/2024:14:46:35 -0500] "GET /BLA/boletinlegal/ HTTP/1.1" 200 58273
201.245.192.253 - - [17/Mar/2024:14:48:34 -0500] "POST /forms/lservlet;jsessionid=ac16012b30d60c378208792d4757a508e4811830dca4.e3iSbxaKaheRe3iNc3uNbNmQay1ynknvrkLOlQzNp65In0 HTTP/1.1" 200 2
40.77.167.136 - - [17/Mar/2024:14:49:26 -0500] "GET /transparencia/directorioservidores/2017/mayo.xlsx HTTP/1.1" 304 -
201.245.192.253 - - [17/Mar/2024:14:49:53 -0500] "POST /forms/lservlet;jsessionid=ac16012b30d672fb2ec093aa4748bf0691d1e088fe72.e3iSbxaKaheRe3iNc3uNbNmQay1ynknvrkLOlQzNp65In0 HTTP/1.1" 200 2
165.22.43.181 - - [17/Mar/2024:14:50:26 -0500] "GET /.git/config HTTP/1.1" 404 1018
201.245.192.253 - - [17/Mar/2024:14:50:34 -0500] "POST /forms/lservlet;jsessionid=ac16012b30d60c378208792d4757a508e4811830dca4.e3iSbxaKaheRe3iNc3uNbNmQay1ynknvrkLOlQzNp65In0 HTTP/1.1" 200 2
216.245.221.92 - - [17/Mar/2024:14:50:46 -0500] "HEAD / HTTP/1.1" 200 -
201.245.192.253 - - [17/Mar/2024:14:51:53 -0500] "POST /forms/lservlet;jsessionid=ac16012b30d672fb2ec093aa4748bf0691d1e088fe72.e3iSbxaKaheRe3iNc3uNbNmQay1ynknvrkLOlQzNp65In0 HTTP/1.1" 200 2
201.245.192.253 - - [17/Mar/2024:14:52:34 -0500] "POST /forms/lservlet;jsessionid=ac16012b30d60c378208792d4757a508e4811830dca4.e3iSbxaKaheRe3iNc3uNbNmQay1ynknvrkLOlQzNp65In0 HTTP/1.1" 200 2
201.245.192.253 - - [17/Mar/2024:14:53:12 -0500] "POST /kwsrmcab/Wsrmcab  HTTP/1.1" 200 37824
172.22.2.4 - - [17/Mar/2024:14:51:34 -0500] "HEAD /BLA/boletinlegal/ HTTP/1.1" 200 -
207.46.13.111 - - [17/Mar/2024:14:53:18 -0500] "GET /BLA/resoluciones/RESOLUCIONES%202021/0849.pdf HTTP/1.1" 200 528071
216.244.66.195 - - [17/Mar/2024:14:53:44 -0500] "GET /BLA/resoluciones/AUTOS%202016/0821.pdf HTTP/1.1" 200 475540
216.244.66.195 - - [17/Mar/2024:14:53:50 -0500] "GET /BLA/resoluciones/AUTOS%202016/0866.pdf HTTP/1.1" 200 807950
201.245.192.253 - - [17/Mar/2024:14:53:53 -0500] "POST /forms/lservlet;jsessionid=ac16012b30d672fb2ec093aa4748bf0691d1e088fe72.e3iSbxaKaheRe3iNc3uNbNmQay1ynknvrkLOlQzNp65In0 HTTP/1.1" 200 2
172.22.2.4 - - [17/Mar/2024:14:52:25 -0500] "GET /BLA/boletinlegal/ HTTP/1.1" 200 57485
201.245.192.253 - - [17/Mar/2024:14:54:34 -0500] "POST /forms/lservlet;jsessionid=ac16012b30d60c378208792d4757a508e4811830dca4.e3iSbxaKaheRe3iNc3uNbNmQay1ynknvrkLOlQzNp65In0 HTTP/1.1" 200 2
47.128.53.193 - - [17/Mar/2024:14:55:28 -0500] "GET /BLA/resoluciones/AUTOS%202021/0245.php?act=f&d=E%3A%5Cnuevo%5Chtdocs%5CBLA%5Cresoluciones%5CAUTOS+2021&f=2774.pdf HTTP/1.1" 200 3032
47.128.53.193 - - [17/Mar/2024:14:55:28 -0500] "GET /BLA/resoluciones/AUTOS%202021/0245.php?act=img&img=ext_exe HTTP/1.1" 200 118
47.128.53.193 - - [17/Mar/2024:14:55:28 -0500] "GET /BLA/resoluciones/AUTOS%202021/0245.php?act=img&img=ext_txt HTTP/1.1" 200 132
47.128.53.193 - - [17/Mar/2024:14:55:28 -0500] "GET /BLA/resoluciones/AUTOS%202021/0245.php?act=img&img=ext_gif HTTP/1.1" 200 175
47.128.53.193 - - [17/Mar/2024:14:55:28 -0500] "GET /BLA/resoluciones/AUTOS%202021/0245.php?act=img&img=ext_diz HTTP/1.1" 200 1027
47.128.53.193 - - [17/Mar/2024:14:55:28 -0500] "GET /BLA/resoluciones/AUTOS%202021/0245.php?act=img&img=ext_pdf HTTP/1.1" 200 1034
47.128.53.193 - - [17/Mar/2024:14:55:28 -0500] "GET /BLA/resoluciones/AUTOS%202021/0245.php?act=img&img=ext_html HTTP/1.1" 200 230
47.128.53.193 - - [17/Mar/2024:14:55:29 -0500] "GET /BLA/resoluciones/AUTOS%202021/0245.php?act=img&img=ext_ini HTTP/1.1" 200 134
47.128.53.193 - - [17/Mar/2024:14:55:29 -0500] "GET /BLA/resoluciones/AUTOS%202021/0245.php?act=img&img=ext_rtf HTTP/1.1" 200 164
47.128.53.193 - - [17/Mar/2024:14:55:29 -0500] "GET /BLA/resoluciones/AUTOS%202021/0245.php?act=img&img=download HTTP/1.1" 200 161
47.128.53.193 - - [17/Mar/2024:14:55:29 -0500] "GET /BLA/resoluciones/AUTOS%202021/0245.php?act=img&img=change HTTP/1.1" 200 290
216.245.221.92 - - [17/Mar/2024:14:55:46 -0500] "HEAD / HTTP/1.1" 200 -
47.128.96.54 - - [17/Mar/2024:14:55:49 -0500] "GET /BLA/resoluciones/AUTOS%202021/0245.php?act=f&d=E%3A%5Cnuevo%5Chtdocs%5CBLA%5Cresoluciones%5CAUTOS+2021&f=1717.pdf HTTP/1.1" 200 3036
47.128.96.54 - - [17/Mar/2024:14:55:50 -0500] "GET /BLA/resoluciones/AUTOS%202021/0245.php?act=img&img=ext_pdf HTTP/1.1" 200 1034
47.128.96.54 - - [17/Mar/2024:14:55:50 -0500] "GET /BLA/resoluciones/AUTOS%202021/0245.php?act=img&img=ext_exe HTTP/1.1" 200 118
47.128.96.54 - - [17/Mar/2024:14:55:50 -0500] "GET /BLA/resoluciones/AUTOS%202021/0245.php?act=img&img=ext_html HTTP/1.1" 200 230
47.128.96.54 - - [17/Mar/2024:14:55:50 -0500] "GET /BLA/resoluciones/AUTOS%202021/0245.php?act=img&img=ext_diz HTTP/1.1" 200 1027
47.128.96.54 - - [17/Mar/2024:14:55:50 -0500] "GET /BLA/resoluciones/AUTOS%202021/0245.php?act=img&img=ext_txt HTTP/1.1" 200 132
47.128.96.54 - - [17/Mar/2024:14:55:50 -0500] "GET /BLA/resoluciones/AUTOS%202021/0245.php?act=img&img=ext_gif HTTP/1.1" 200 175
47.128.96.54 - - [17/Mar/2024:14:55:50 -0500] "GET /BLA/resoluciones/AUTOS%202021/0245.php?act=img&img=download HTTP/1.1" 200 161
47.128.96.54 - - [17/Mar/2024:14:55:51 -0500] "GET /BLA/resoluciones/AUTOS%202021/0245.php?act=img&img=ext_ini HTTP/1.1" 200 134
47.128.96.54 - - [17/Mar/2024:14:55:51 -0500] "GET /BLA/resoluciones/AUTOS%202021/0245.php?act=img&img=change HTTP/1.1" 200 290
47.128.96.54 - - [17/Mar/2024:14:55:51 -0500] "GET /BLA/resoluciones/AUTOS%202021/0245.php?act=img&img=ext_rtf HTTP/1.1" 200 164
201.245.192.253 - - [17/Mar/2024:14:55:53 -0500] "POST /forms/lservlet;jsessionid=ac16012b30d672fb2ec093aa4748bf0691d1e088fe72.e3iSbxaKaheRe3iNc3uNbNmQay1ynknvrkLOlQzNp65In0 HTTP/1.1" 200 2
47.128.122.89 - - [17/Mar/2024:14:56:14 -0500] "GET /BLA/resoluciones/AUTOS%202021/0245.php?act=processes&d=E%3A%5Cnuevo%5Chtdocs%5CBLA%5Cresoluciones%5CAUTOS+2021%5C&processes_sort=0a HTTP/1.1" 200 3662
216.244.66.195 - - [17/Mar/2024:14:56:33 -0500] "GET /BLA/resoluciones/AUTOS%202010/6588.pdf HTTP/1.1" 200 6321405
201.245.192.253 - - [17/Mar/2024:14:56:34 -0500] "POST /forms/lservlet;jsessionid=ac16012b30d60c378208792d4757a508e4811830dca4.e3iSbxaKaheRe3iNc3uNbNmQay1ynknvrkLOlQzNp65In0 HTTP/1.1" 200 2
47.128.20.205 - - [17/Mar/2024:14:56:37 -0500] "GET /BLA/resoluciones/AUTOS%202021/0245.php?act=f&d=E%3A%5Cnuevo%5Chtdocs%5CBLA%5Cresoluciones%5CAUTOS+2021&f=5311.pdf&ft=edit HTTP/1.1" 200 3106
47.128.20.205 - - [17/Mar/2024:14:56:38 -0500] "GET /BLA/resoluciones/AUTOS%202021/0245.php?act=img&img=ext_exe HTTP/1.1" 200 118
47.128.20.205 - - [17/Mar/2024:14:56:38 -0500] "GET /BLA/resoluciones/AUTOS%202021/0245.php?act=img&img=ext_html HTTP/1.1" 200 230
47.128.20.205 - - [17/Mar/2024:14:56:38 -0500] "GET /BLA/resoluciones/AUTOS%202021/0245.php?act=img&img=ext_pdf HTTP/1.1" 200 1034
47.128.20.205 - - [17/Mar/2024:14:56:38 -0500] "GET /BLA/resoluciones/AUTOS%202021/0245.php?act=img&img=ext_ini HTTP/1.1" 200 134
47.128.20.205 - - [17/Mar/2024:14:56:38 -0500] "GET /BLA/resoluciones/AUTOS%202021/0245.php?act=img&img=ext_gif HTTP/1.1" 200 175
47.128.20.205 - - [17/Mar/2024:14:56:38 -0500] "GET /BLA/resoluciones/AUTOS%202021/0245.php?act=img&img=ext_diz HTTP/1.1" 200 1027
47.128.20.205 - - [17/Mar/2024:14:56:38 -0500] "GET /BLA/resoluciones/AUTOS%202021/0245.php?act=img&img=ext_rtf HTTP/1.1" 200 164
47.128.20.205 - - [17/Mar/2024:14:56:38 -0500] "GET /BLA/resoluciones/AUTOS%202021/0245.php?act=img&img=download HTTP/1.1" 200 161
47.128.20.205 - - [17/Mar/2024:14:56:38 -0500] "GET /BLA/resoluciones/AUTOS%202021/0245.php?act=img&img=change HTTP/1.1" 200 290
47.128.20.205 - - [17/Mar/2024:14:56:38 -0500] "GET /BLA/resoluciones/AUTOS%202021/0245.php?act=img&img=ext_txt HTTP/1.1" 200 132
216.244.66.195 - - [17/Mar/2024:14:56:58 -0500] "GET /BLA/resoluciones/AUTOS%202010/6767.pdf HTTP/1.1" 200 479682
47.128.118.224 - - [17/Mar/2024:14:57:01 -0500] "GET /BLA/resoluciones/AUTOS%202021/0245.php?act=f&d=E%3A%5Cnuevo%5Chtdocs%5CBLA%5Cresoluciones%5CAUTOS+2021%5C&f=6375.pdf&ft=txt HTTP/1.1" 200 3008
47.128.118.224 - - [17/Mar/2024:14:57:02 -0500] "GET /BLA/resoluciones/AUTOS%202021/0245.php?act=img&img=ext_html HTTP/1.1" 200 230
47.128.118.224 - - [17/Mar/2024:14:57:02 -0500] "GET /BLA/resoluciones/AUTOS%202021/0245.php?act=img&img=ext_txt HTTP/1.1" 200 132
47.128.118.224 - - [17/Mar/2024:14:57:02 -0500] "GET /BLA/resoluciones/AUTOS%202021/0245.php?act=img&img=ext_diz HTTP/1.1" 200 1027
47.128.118.224 - - [17/Mar/2024:14:57:02 -0500] "GET /BLA/resoluciones/AUTOS%202021/0245.php?act=img&img=ext_pdf HTTP/1.1" 200 1034
47.128.118.224 - - [17/Mar/2024:14:57:02 -0500] "GET /BLA/resoluciones/AUTOS%202021/0245.php?act=img&img=ext_exe HTTP/1.1" 200 118
47.128.118.224 - - [17/Mar/2024:14:57:02 -0500] "GET /BLA/resoluciones/AUTOS%202021/0245.php?act=img&img=ext_gif HTTP/1.1" 200 175
47.128.118.224 - - [17/Mar/2024:14:57:02 -0500] "GET /BLA/resoluciones/AUTOS%202021/0245.php?act=img&img=ext_ini HTTP/1.1" 200 134
47.128.118.224 - - [17/Mar/2024:14:57:03 -0500] "GET /BLA/resoluciones/AUTOS%202021/0245.php?act=img&img=download HTTP/1.1" 200 161
47.128.118.224 - - [17/Mar/2024:14:57:03 -0500] "GET /BLA/resoluciones/AUTOS%202021/0245.php?act=img&img=ext_rtf HTTP/1.1" 200 164
47.128.118.224 - - [17/Mar/2024:14:57:03 -0500] "GET /BLA/resoluciones/AUTOS%202021/0245.php?act=img&img=change HTTP/1.1" 200 290
216.244.66.195 - - [17/Mar/2024:14:57:36 -0500] "GET /BLA/resoluciones/RESOLUCIONES%202016/0661.pdf HTTP/1.1" 200 686653
201.245.192.253 - - [17/Mar/2024:14:57:53 -0500] "POST /forms/lservlet;jsessionid=ac16012b30d672fb2ec093aa4748bf0691d1e088fe72.e3iSbxaKaheRe3iNc3uNbNmQay1ynknvrkLOlQzNp65In0 HTTP/1.1" 200 2
216.244.66.195 - - [17/Mar/2024:14:58:07 -0500] "GET /BLA/resoluciones/RESOLUCIONES%202016/2440.pdf HTTP/1.1" 200 362041
190.66.251.149 - - [17/Mar/2024:14:58:12 -0500] "GET /kwsrmcab/Wsrmcab?wsdl HTTP/1.1" 200 6948
201.245.192.253 - - [17/Mar/2024:14:58:11 -0500] "POST /kwsrmcab/Wsrmcab  HTTP/1.1" 200 37824
201.245.192.253 - - [17/Mar/2024:14:58:34 -0500] "POST /forms/lservlet;jsessionid=ac16012b30d60c378208792d4757a508e4811830dca4.e3iSbxaKaheRe3iNc3uNbNmQay1ynknvrkLOlQzNp65In0 HTTP/1.1" 200 2
216.244.66.195 - - [17/Mar/2024:14:58:36 -0500] "GET /BLA/resoluciones/RESOLUCIONES%202017/0329.pdf HTTP/1.1" 200 2747251
190.66.251.149 - - [17/Mar/2024:14:58:22 -0500] "POST /kwsrmcab/Wsrmcab HTTP/1.1" 200 8192
190.66.251.149 - - [17/Mar/2024:14:58:49 -0500] "POST /kwsrmcab/Wsrmcab HTTP/1.1" 200 37957
172.22.2.4 - - [17/Mar/2024:14:57:24 -0500] "HEAD /BLA/boletinlegal/ HTTP/1.1" 200 -
216.244.66.195 - - [17/Mar/2024:14:59:14 -0500] "GET /BLA/resoluciones/RESOLUCIONES%202017/1117.pdf HTTP/1.1" 200 479460
216.244.66.195 - - [17/Mar/2024:14:59:49 -0500] "GET /BLA/resoluciones/RESOLUCIONES%202017/2270.pdf HTTP/1.1" 200 282003
201.245.192.253 - - [17/Mar/2024:14:59:53 -0500] "POST /forms/lservlet;jsessionid=ac16012b30d672fb2ec093aa4748bf0691d1e088fe72.e3iSbxaKaheRe3iNc3uNbNmQay1ynknvrkLOlQzNp65In0 HTTP/1.1" 200 2
172.22.2.4 - - [17/Mar/2024:14:58:15 -0500] "GET /BLA/boletinlegal/ HTTP/1.1" 200 58273
216.244.66.195 - - [17/Mar/2024:15:00:18 -0500] "GET /BLA/resoluciones/RESOLUCIONES%202017/2938.pdf HTTP/1.1" 200 307661
201.245.192.253 - - [17/Mar/2024:15:00:34 -0500] "POST /forms/lservlet;jsessionid=ac16012b30d60c378208792d4757a508e4811830dca4.e3iSbxaKaheRe3iNc3uNbNmQay1ynknvrkLOlQzNp65In0 HTTP/1.1" 200 2
216.245.221.92 - - [17/Mar/2024:15:00:46 -0500] "HEAD / HTTP/1.1" 200 -
216.244.66.195 - - [17/Mar/2024:15:00:47 -0500] "GET /BLA/resoluciones/RESOLUCIONES%202017/3507.pdf HTTP/1.1" 200 304018
216.244.66.195 - - [17/Mar/2024:15:01:15 -0500] "GET /BLA/resoluciones/RESOLUCIONES%202019/0078.pdf HTTP/1.1" 200 448281
216.244.66.195 - - [17/Mar/2024:15:01:42 -0500] "GET /BLA/resoluciones/RESOLUCIONES%202019/1470.pdf HTTP/1.1" 200 351338
201.245.192.253 - - [17/Mar/2024:15:01:53 -0500] "POST /forms/lservlet;jsessionid=ac16012b30d672fb2ec093aa4748bf0691d1e088fe72.e3iSbxaKaheRe3iNc3uNbNmQay1ynknvrkLOlQzNp65In0 HTTP/1.1" 200 2
216.244.66.195 - - [17/Mar/2024:15:02:09 -0500] "GET /BLA/resoluciones/RESOLUCIONES%202019/1538.pdf HTTP/1.1" 200 2573878
201.245.192.253 - - [17/Mar/2024:15:02:34 -0500] "POST /forms/lservlet;jsessionid=ac16012b30d60c378208792d4757a508e4811830dca4.e3iSbxaKaheRe3iNc3uNbNmQay1ynknvrkLOlQzNp65In0 HTTP/1.1" 200 2
216.244.66.195 - - [17/Mar/2024:15:02:41 -0500] "GET /BLA/resoluciones/RESOLUCIONES%202019/1720.pdf HTTP/1.1" 200 284061
34.198.201.66 - - [17/Mar/2024:15:03:05 -0500] "HEAD / HTTP/1.1" 200 -
201.245.192.253 - - [17/Mar/2024:15:03:09 -0500] "POST /kwsrmcab/Wsrmcab  HTTP/1.1" 200 37824
216.244.66.195 - - [17/Mar/2024:15:03:12 -0500] "GET /BLA/resoluciones/RESOLUCIONES%202019/2326.pdf HTTP/1.1" 200 271903
216.244.66.195 - - [17/Mar/2024:15:03:41 -0500] "GET /BLA/resoluciones/RESOLUCIONES%202019/2587.pdf HTTP/1.1" 200 357195
201.245.192.253 - - [17/Mar/2024:15:03:53 -0500] "POST /forms/lservlet;jsessionid=ac16012b30d672fb2ec093aa4748bf0691d1e088fe72.e3iSbxaKaheRe3iNc3uNbNmQay1ynknvrkLOlQzNp65In0 HTTP/1.1" 200 2
201.245.192.253 - - [17/Mar/2024:15:04:34 -0500] "POST /forms/lservlet;jsessionid=ac16012b30d60c378208792d4757a508e4811830dca4.e3iSbxaKaheRe3iNc3uNbNmQay1ynknvrkLOlQzNp65In0 HTTP/1.1" 200 2
172.22.2.4 - - [17/Mar/2024:15:03:14 -0500] "HEAD /BLA/boletinlegal/ HTTP/1.1" 200 -
172.22.2.4 - - [17/Mar/2024:15:04:05 -0500] "GET /BLA/boletinlegal/ HTTP/1.1" 200 58273
216.245.221.92 - - [17/Mar/2024:15:05:46 -0500] "HEAD / HTTP/1.1" 200 -
190.66.251.149 - - [17/Mar/2024:15:05:50 -0500] "GET /kwsrmcab/Wsrmcab?wsdl HTTP/1.1" 200 6948
190.66.251.149 - - [17/Mar/2024:15:05:51 -0500] "GET /favicon.ico HTTP/1.1" 200 7782
201.245.192.253 - - [17/Mar/2024:15:05:53 -0500] "POST /forms/lservlet;jsessionid=ac16012b30d672fb2ec093aa4748bf0691d1e088fe72.e3iSbxaKaheRe3iNc3uNbNmQay1ynknvrkLOlQzNp65In0 HTTP/1.1" 200 2
190.66.251.149 - - [17/Mar/2024:15:06:17 -0500] "GET /kwsrmcab/Wsrmcab?wsdl HTTP/1.1" 200 6948
190.66.251.149 - - [17/Mar/2024:15:04:53 -0500] "POST /kwsrmcab/Wsrmcab HTTP/1.1" 200 8192
190.66.251.149 - - [17/Mar/2024:15:06:29 -0500] "POST /kwsrmcab/Wsrmcab HTTP/1.1" 200 37957
201.245.192.253 - - [17/Mar/2024:15:06:34 -0500] "POST /forms/lservlet;jsessionid=ac16012b30d60c378208792d4757a508e4811830dca4.e3iSbxaKaheRe3iNc3uNbNmQay1ynknvrkLOlQzNp65In0 HTTP/1.1" 200 2
66.249.66.20 - - [17/Mar/2024:15:07:48 -0500] "GET /BLA/resoluciones/AUTOS%202012/1055.pdf HTTP/1.1" 304 -
201.245.192.253 - - [17/Mar/2024:15:07:53 -0500] "POST /forms/lservlet;jsessionid=ac16012b30d672fb2ec093aa4748bf0691d1e088fe72.e3iSbxaKaheRe3iNc3uNbNmQay1ynknvrkLOlQzNp65In0 HTTP/1.1" 200 2
201.245.192.253 - - [17/Mar/2024:15:08:07 -0500] "POST /kwsrmcab/Wsrmcab  HTTP/1.1" 200 37824
201.245.192.253 - - [17/Mar/2024:15:08:34 -0500] "POST /forms/lservlet;jsessionid=ac16012b30d60c378208792d4757a508e4811830dca4.e3iSbxaKaheRe3iNc3uNbNmQay1ynknvrkLOlQzNp65In0 HTTP/1.1" 200 2
172.22.2.4 - - [17/Mar/2024:15:07:42 -0500] "HEAD /BLA/boletinlegal/ HTTP/1.1" 200 -
172.22.2.4 - - [17/Mar/2024:15:09:23 -0500] "GET /BLA/boletinlegal/actos.php HTTP/1.1" 200 9738
93.56.205.216 - - [17/Mar/2024:15:09:27 -0500] "GET / HTTP/1.0" 200 319
172.22.2.4 - - [17/Mar/2024:15:09:41 -0500] "GET /BLA/boletinlegal/favicon.ico HTTP/1.1" 404 1326
201.245.192.253 - - [17/Mar/2024:15:09:53 -0500] "POST /forms/lservlet;jsessionid=ac16012b30d672fb2ec093aa4748bf0691d1e088fe72.e3iSbxaKaheRe3iNc3uNbNmQay1ynknvrkLOlQzNp65In0 HTTP/1.1" 200 2
172.22.2.4 - - [17/Mar/2024:15:08:23 -0500] "GET /BLA/boletinlegal/ HTTP/1.1" 200 47256
172.22.2.4 - - [17/Mar/2024:15:10:27 -0500] "GET /BLA/boletinlegal/normativa.php HTTP/1.1" 200 8397
172.22.2.4 - - [17/Mar/2024:15:10:27 -0500] "GET /BLA/boletinlegal/styles2.css HTTP/1.1" 200 1838
172.22.2.4 - - [17/Mar/2024:15:10:27 -0500] "GET /BLA/boletinlegal/niceforms-default.css HTTP/1.1" 200 6694
172.22.2.4 - - [17/Mar/2024:15:10:27 -0500] "GET /BLA/boletinlegal/style.css HTTP/1.1" 200 9406
172.22.2.4 - - [17/Mar/2024:15:10:27 -0500] "GET /BLA/boletinlegal/js/ajax_normativa.js HTTP/1.1" 200 1154
172.22.2.4 - - [17/Mar/2024:15:10:27 -0500] "GET /BLA/boletinlegal/niceforms.js HTTP/1.1" 200 22876
172.22.2.4 - - [17/Mar/2024:15:10:27 -0500] "GET /BLA/boletinlegal/images/cabezote%20BLEGAL.jpg HTTP/1.1" 200 118164
172.22.2.4 - - [17/Mar/2024:15:10:27 -0500] "GET /BLA/boletinlegal/images/subscribe-icon-big.png HTTP/1.1" 200 47702
172.22.2.4 - - [17/Mar/2024:15:10:27 -0500] "GET /BLA/boletinlegal/images/tel.png HTTP/1.1" 200 14477
172.22.2.4 - - [17/Mar/2024:15:10:27 -0500] "GET /BLA/boletinlegal/images/icono-email.png HTTP/1.1" 200 5544
172.22.2.4 - - [17/Mar/2024:15:10:27 -0500] "GET /BLA/boletinlegal/images/historia.png HTTP/1.1" 200 52775
172.22.2.4 - - [17/Mar/2024:15:10:27 -0500] "GET /BLA/boletinlegal/images/registro-usuarios.png HTTP/1.1" 200 8106
172.22.2.4 - - [17/Mar/2024:15:10:27 -0500] "GET /BLA/boletinlegal/images/body_bg.jpg HTTP/1.1" 200 1601
172.22.2.4 - - [17/Mar/2024:15:10:27 -0500] "GET /BLA/boletinlegal/images/bg_top.jpg HTTP/1.1" 200 522
172.22.2.4 - - [17/Mar/2024:15:10:27 -0500] "GET /BLA/boletinlegal/images/menu_rght.gif HTTP/1.1" 200 1627
172.22.2.4 - - [17/Mar/2024:15:10:27 -0500] "GET /BLA/boletinlegal/images/menu_lft.gif HTTP/1.1" 200 1713
172.22.2.4 - - [17/Mar/2024:15:10:27 -0500] "GET /BLA/boletinlegal/images/footer_bg.jpg HTTP/1.1" 200 586
172.22.2.4 - - [17/Mar/2024:15:10:27 -0500] "GET /BLA/boletinlegal/images/text.jpg HTTP/1.1" 200 568
172.22.2.4 - - [17/Mar/2024:15:10:27 -0500] "GET /BLA/boletinlegal/images/menu_bg.jpg HTTP/1.1" 200 620
172.22.2.4 - - [17/Mar/2024:15:10:27 -0500] "GET /BLA/boletinlegal/images/hover.jpg HTTP/1.1" 200 640
172.22.2.4 - - [17/Mar/2024:15:10:27 -0500] "GET /BLA/boletinlegal/images/footer_bg_l.jpg HTTP/1.1" 200 776
172.22.2.4 - - [17/Mar/2024:15:10:27 -0500] "GET /BLA/boletinlegal/img/0.png HTTP/1.1" 200 110
172.22.2.4 - - [17/Mar/2024:15:10:27 -0500] "GET /BLA/boletinlegal/img/button.png HTTP/1.1" 200 43241
172.22.2.4 - - [17/Mar/2024:15:10:27 -0500] "GET /BLA/boletinlegal/img/button-left.png HTTP/1.1" 200 57071
172.22.2.4 - - [17/Mar/2024:15:10:27 -0500] "GET /BLA/boletinlegal/img/select-left.png HTTP/1.1" 200 263
172.22.2.4 - - [17/Mar/2024:15:10:27 -0500] "GET /BLA/boletinlegal/img/select-right.png HTTP/1.1" 200 44019
172.22.2.4 - - [17/Mar/2024:15:10:27 -0500] "GET /BLA/boletinlegal/img/button-right.png HTTP/1.1" 200 57878
172.22.2.4 - - [17/Mar/2024:15:10:27 -0500] "GET /BLA/boletinlegal/favicon.ico HTTP/1.1" 404 1334
201.245.192.253 - - [17/Mar/2024:15:10:34 -0500] "POST /forms/lservlet;jsessionid=ac16012b30d60c378208792d4757a508e4811830dca4.e3iSbxaKaheRe3iNc3uNbNmQay1ynknvrkLOlQzNp65In0 HTTP/1.1" 200 2
172.22.2.4 - - [17/Mar/2024:15:09:04 -0500] "HEAD /BLA/boletinlegal/ HTTP/1.1" 200 -
216.245.221.92 - - [17/Mar/2024:15:10:46 -0500] "HEAD / HTTP/1.1" 200 -
172.22.2.4 - - [17/Mar/2024:15:11:02 -0500] "GET /BLA/boletinlegal/consulta_normativa.php?tipo=Manual&sector=licencia&ano=2022&resuelve= HTTP/1.1" 200 454
172.22.2.4 - - [17/Mar/2024:15:11:04 -0500] "GET /BLA/boletinlegal/consulta_normativa.php?tipo=Manual&sector=licencia&ano=2022&resuelve= HTTP/1.1" 200 454
172.22.2.4 - - [17/Mar/2024:15:11:05 -0500] "GET /BLA/boletinlegal/consulta_normativa.php?tipo=Manual&sector=licencia&ano=2022&resuelve= HTTP/1.1" 200 454
172.22.2.4 - - [17/Mar/2024:15:11:05 -0500] "GET /BLA/boletinlegal/consulta_normativa.php?tipo=Manual&sector=licencia&ano=2022&resuelve= HTTP/1.1" 200 454
172.22.2.4 - - [17/Mar/2024:15:11:11 -0500] "GET /BLA/boletinlegal/consulta_normativa.php?tipo=Ley&sector=licencia&ano=2022&resuelve= HTTP/1.1" 200 454
172.22.2.4 - - [17/Mar/2024:15:11:12 -0500] "GET /BLA/boletinlegal/consulta_normativa.php?tipo=Ley&sector=licencia&ano=2022&resuelve= HTTP/1.1" 200 454
172.22.2.4 - - [17/Mar/2024:15:11:18 -0500] "GET /BLA/boletinlegal/normativa.php HTTP/1.1" 200 8397
172.22.2.4 - - [17/Mar/2024:15:11:21 -0500] "GET /BLA/boletinlegal/actos.php HTTP/1.1" 200 9738
172.22.2.4 - - [17/Mar/2024:15:11:21 -0500] "GET /BLA/boletinlegal/js/ajax_actos.js HTTP/1.1" 200 1322
172.22.2.4 - - [17/Mar/2024:15:11:21 -0500] "GET /BLA/boletinlegal/js/lib.js HTTP/1.1" 200 6474
172.22.2.4 - - [17/Mar/2024:15:11:21 -0500] "GET /BLA/boletinlegal/js/popup.js HTTP/1.1" 200 1270
172.22.2.4 - - [17/Mar/2024:15:11:21 -0500] "GET /BLA/boletinlegal/js/jquery1.js HTTP/1.1" 200 29846
172.22.2.4 - - [17/Mar/2024:15:11:22 -0500] "GET /BLA/boletinlegal/images/green-yellow-blue-pink-th.png HTTP/1.1" 200 7394
172.22.2.4 - - [17/Mar/2024:15:11:23 -0500] "GET /BLA/boletinlegal/doctrina.php HTTP/1.1" 200 5667
172.22.2.4 - - [17/Mar/2024:15:11:23 -0500] "GET /BLA/boletinlegal/js/ajax_doctrina.js HTTP/1.1" 200 772
172.22.2.4 - - [17/Mar/2024:15:11:23 -0500] "GET /BLA/boletinlegal/images/sub_ul_li.gif HTTP/1.1" 200 343
172.22.2.4 - - [17/Mar/2024:15:11:24 -0500] "GET /BLA/boletinlegal/normativa.php HTTP/1.1" 200 8397
172.22.2.4 - - [17/Mar/2024:15:11:33 -0500] "GET /BLA/boletinlegal/consulta_normativa.php?tipo=Ley&sector=Aire&ano=&resuelve= HTTP/1.1" 200 454
172.22.2.4 - - [17/Mar/2024:15:11:35 -0500] "GET /BLA/boletinlegal/consulta_normativa.php?tipo=Ley&sector=Aire&ano=&resuelve= HTTP/1.1" 200 454
172.22.2.4 - - [17/Mar/2024:15:09:55 -0500] "GET /BLA/boletinlegal/ HTTP/1.1" 200 53818
201.245.192.253 - - [17/Mar/2024:15:11:53 -0500] "POST /forms/lservlet;jsessionid=ac16012b30d672fb2ec093aa4748bf0691d1e088fe72.e3iSbxaKaheRe3iNc3uNbNmQay1ynknvrkLOlQzNp65In0 HTTP/1.1" 200 2
201.245.192.253 - - [17/Mar/2024:15:12:34 -0500] "POST /forms/lservlet;jsessionid=ac16012b30d60c378208792d4757a508e4811830dca4.e3iSbxaKaheRe3iNc3uNbNmQay1ynknvrkLOlQzNp65In0 HTTP/1.1" 200 2
201.245.192.253 - - [17/Mar/2024:15:13:05 -0500] "POST /kwsrmcab/Wsrmcab  HTTP/1.1" 200 37824
201.245.192.253 - - [17/Mar/2024:15:13:53 -0500] "POST /forms/lservlet;jsessionid=ac16012b30d672fb2ec093aa4748bf0691d1e088fe72.e3iSbxaKaheRe3iNc3uNbNmQay1ynknvrkLOlQzNp65In0 HTTP/1.1" 200 2
201.245.192.253 - - [17/Mar/2024:15:14:34 -0500] "POST /forms/lservlet;jsessionid=ac16012b30d60c378208792d4757a508e4811830dca4.e3iSbxaKaheRe3iNc3uNbNmQay1ynknvrkLOlQzNp65In0 HTTP/1.1" 200 2
216.245.221.92 - - [17/Mar/2024:15:15:46 -0500] "HEAD / HTTP/1.1" 200 -
201.245.192.253 - - [17/Mar/2024:15:15:53 -0500] "POST /forms/lservlet;jsessionid=ac16012b30d672fb2ec093aa4748bf0691d1e088fe72.e3iSbxaKaheRe3iNc3uNbNmQay1ynknvrkLOlQzNp65In0 HTTP/1.1" 200 2
40.77.167.53 - - [17/Mar/2024:15:16:26 -0500] "GET /distrito-exalto-a-246-empresas-de-bogota-por-su-alto-desempeno-y-responsabilidad-ambiental-durante-2023.html HTTP/1.1" 200 1039
201.245.192.253 - - [17/Mar/2024:15:16:34 -0500] "POST /forms/lservlet;jsessionid=ac16012b30d60c378208792d4757a508e4811830dca4.e3iSbxaKaheRe3iNc3uNbNmQay1ynknvrkLOlQzNp65In0 HTTP/1.1" 200 2
172.22.2.4 - - [17/Mar/2024:15:14:54 -0500] "HEAD /BLA/boletinlegal/ HTTP/1.1" 200 -
172.22.2.4 - - [17/Mar/2024:15:15:45 -0500] "GET /BLA/boletinlegal/ HTTP/1.1" 200 60380
201.245.192.253 - - [17/Mar/2024:15:17:53 -0500] "POST /forms/lservlet;jsessionid=ac16012b30d672fb2ec093aa4748bf0691d1e088fe72.e3iSbxaKaheRe3iNc3uNbNmQay1ynknvrkLOlQzNp65In0 HTTP/1.1" 200 2
201.245.192.253 - - [17/Mar/2024:15:18:05 -0500] "POST /kwsrmcab/Wsrmcab  HTTP/1.1" 200 37824
201.245.192.253 - - [17/Mar/2024:15:18:34 -0500] "POST /forms/lservlet;jsessionid=ac16012b30d60c378208792d4757a508e4811830dca4.e3iSbxaKaheRe3iNc3uNbNmQay1ynknvrkLOlQzNp65In0 HTTP/1.1" 200 2
201.245.192.253 - - [17/Mar/2024:15:19:46 -0500] "POST /kwsrmcab/Wsrmcab HTTP/1.1" 200 37594
201.245.192.253 - - [17/Mar/2024:15:19:17 -0500] "POST /kwsrmcab/Wsrmcab HTTP/1.1" 200 37289
201.245.192.253 - - [17/Mar/2024:15:19:47 -0500] "POST /kwsrmcab/Wsrmcab HTTP/1.1" 200 37958
201.245.192.253 - - [17/Mar/2024:15:19:53 -0500] "POST /forms/lservlet;jsessionid=ac16012b30d672fb2ec093aa4748bf0691d1e088fe72.e3iSbxaKaheRe3iNc3uNbNmQay1ynknvrkLOlQzNp65In0 HTTP/1.1" 200 2
66.249.66.20 - - [17/Mar/2024:15:20:18 -0500] "GET /BLA/resoluciones/AUTOS%202021/2952.pdf HTTP/1.1" 304 -
201.245.192.253 - - [17/Mar/2024:15:20:34 -0500] "POST /forms/lservlet;jsessionid=ac16012b30d60c378208792d4757a508e4811830dca4.e3iSbxaKaheRe3iNc3uNbNmQay1ynknvrkLOlQzNp65In0 HTTP/1.1" 200 2
216.245.221.92 - - [17/Mar/2024:15:20:46 -0500] "HEAD / HTTP/1.1" 200 -
66.249.66.20 - - [17/Mar/2024:15:20:52 -0500] "GET /residuos/textiles/files/guia_textiles.pdf HTTP/1.1" 200 12356716
216.244.66.195 - - [17/Mar/2024:15:20:55 -0500] "GET /robots.txt HTTP/1.1" 404 1018
66.249.66.19 - - [17/Mar/2024:15:20:55 -0500] "GET /BLA/resoluciones/RESOLUCIONES%202021/5262.pdf HTTP/1.1" 200 370932
201.245.192.253 - - [17/Mar/2024:15:20:22 -0500] "POST /kwsrmcab/Wsrmcab HTTP/1.1" 200 14506
201.245.192.253 - - [17/Mar/2024:15:21:53 -0500] "POST /forms/lservlet;jsessionid=ac16012b30d672fb2ec093aa4748bf0691d1e088fe72.e3iSbxaKaheRe3iNc3uNbNmQay1ynknvrkLOlQzNp65In0 HTTP/1.1" 200 2
186.102.4.238 - - [17/Mar/2024:15:22:09 -0500] "GET /kwssiamovil/sm/ldap/au?x=U2FsdGVkX18ZqoRi4bNrffK6kxfPQCJGM6mqTSY+d8GTd2r18yYLvsg7f+u3yjI8&y=U2FsdGVkX18jjJ6Tzp3lUVyNCKRs6HtB/9vNFMUCkHdmRPkbkEYnS8KmqPc/qPE8 HTTP/1.1" 200 30
186.102.4.238 - - [17/Mar/2024:15:22:09 -0500] "GET /kwssiamovil/sm/acme/s?s=U2FsdGVkX195f4Mz90RUXqqpJTxe1uw/0RV83lDoBr/XZEk7zXgKGVttDKGkh5M8cHtSwfpdqY1HFLZFpnDw3WvBB2ZnhgThnnuifUgPTLM=&u=U2FsdGVkX1/rdDtgIxzd+AR8k+8V7nU2YSDQlqVxvBEp5vNKf/tJdJ7UgWFOiQ+s&y=U2FsdGVkX18jjJ6Tzp3lUVyNCKRs6HtB/9vNFMUCkHdmRPkbkEYnS8KmqPc/qPE8 HTTP/1.1" 200 97
186.102.4.238 - - [17/Mar/2024:15:22:09 -0500] "GET /kwssiamovil/sm/acme/s?s=U2FsdGVkX18kcy5uOjHibXCWV4OTzKgOFi+JOXVIZUbaP3Y/+jGfh7QaUJfq9RgkxfU1h2f9LpYNFPNnN8SuU3fMId5Tg5kV7+OCfZ6TVdzpYLOdtfTWriTdC+6l/wEIQTPcdE60JLs9YJ3sXmY5Vq+Lg5+G9ePHxLEzS6yA7zgUnRkS8pS/ybzvXbJ3VvOeGuOzTC/k2ad3gvyppqvYNdv3Z9NFVQcrgXbfUMnaHqQ9ix+su2EGi41m+9ExAcOnfH02JhV3lu9TqYax9RLrNyhqAyZ+sIb7hQ1wAgz4V7D1Tx9H9EJayP//lD+K/aysgNVI/s6oTJHqs5T+xjLA9/pTThg6rjyF1thYOoIi3T9VqUBG1TBX1LqbW0lcXhCPdun58jYU03y1zXfFQuRGg1d1J52aOWRQuatP11qRGzRcVexCwei8m3XRTP5ok/UQxfXi5UY0/QvODhKJQq9LlKpRnuGJru1qZyfHjK/PASBaOqI9NfnFKwanP71QmPLiF7lTftefNGYP56SlPULrGBdP+F4d3XBK955iALndhBGZfbJwrKk1Xai4YQNZwCzlXdSyd9fgAGdlsiiQlg16hfaXxSyjN9pVgL/z3s9bMaBC4m+Fxfkr/AG64MjiFHf3TENv8Fq8FIVgPgIx6k1BHBfjcuHmJq5FdQT7Ymqsz86nQTNkUN/2UUfSDwKsw9lgcPVjgnvqNXA7TaPsb7DApUwqsJ9wJHI811CFnr84U6h7dsE+W7W4Eg5zi/HpXTm6rD0tkvtkiDDicu+VKcRaSrWsyhyaPCmfHMYInFSTJTQLsAXTmBlz0yn99mXeqVFw5wH7Qi1R2EOlr9ZLA/0T9PGdI3hha9oBev6p/9JPdl7xC0JccqAXrksrQ7gB92hRxth2SG4fKB9Sp+rKJ+zYNZ+GaJe5hbe76E/Hxz8IVHRQxu5rM+4AuAvOWlSTW9sUDuy9ZwratVMaIydb8vskvgk+krcmtsnL/mw0k81VbHVr5ZGBjhBTAmlfiFkkKCmfOytUuhHPsSFNV1RJ1vZsj6sXi7n6sBTjYFwld3Fs1B6WErMfedzPXOveeS3NZQYD9ym9cS0Cyaej6mVqILADPOGXhHqgZLPA8c4lYbd3MQki9xcVbkO7HZAfwPjglFuI2pAmPqSo2Br22oJuetp1DDm5PEFsHusjq+jE27p/9mvE/WWcE6K+Bd1JSvWIdjwuIWUgoSzW8onzreoM+1Vz91k+f3IPC4BM4svKTnHUAyM8B7CwyTaC0CPCgQmZaT9Byqpk9jGzvOT4TrfMofl0CVJxjzxvu/ejIK6r2FgYLh6QUUV5WVkDcvU47bj49kOfEt8hu+CGBZhSIlIl7P1MT8K5SCQgZi8quPWQrQeluflWjKTKoJecGzcOJlVZT932xqqetRmiMBiidEOwbfkmnALY4Z89zBK9JFycgyWvlYPKl9zed8C3H/Oyf67tAFtsmHPuFRW8RkfbaF0hKf5B72WCwohkeKXbr06ZEOmnIO5DvCljyKDI/pUxLYiFOFRLfJRxLOu8BAeFajILqhityd4BRUy8Gg8UpPQWd60ziRmrIF+ryDF9HUhlcyp/nrNFd51uiY1hADdmvp2wn5roG1lmkrOxYAwKq+oz3FDlH3xVq6+1L/2KUHqp2jZYOQJYWv8FPqPg2pzU8r3i5v6L6GIltc+iFGz9VzfGdWiC4LKMQlo4sYkLTYX+yBCfBtPk+XEVfrVDWFJUVms8pYNO30AiuFfn3aANRrlRF8BestFLbrVqvufLn/0nl4tAyw7f&u=U2FsdGVkX1/rdDtgIxzd+AR8k+8V7nU2YSDQlqVxvBEp5vNKf/tJdJ7UgWFOiQ+s&y=U2FsdGVkX18jjJ6Tzp3lUVyNCKRs6HtB/9vNFMUCkHdmRPkbkEYnS8KmqPc/qPE8 HTTP/1.1" 200 1689
186.102.4.238 - - [17/Mar/2024:15:22:09 -0500] "GET /kwssiamovil/sm/acme/s?s=U2FsdGVkX19Ia5u/azsQv6OzC1NBW2OBH+d4B3ys70bsQqbp9hxtsvhJbhByO1/w3M8TOOeC6vWWeSfu+hG5R7AxdsLFHuc7rVMLQ4OwC5A+osSN942O46Ygt100CDzn/IUVLXWJ5qhl/sylMW5bJlGQMbIYN3lLIEgbgFkh80JZIJ0ve2JXOvMiSYSHb8yBLOrW3ZM7j+jomh6KjV0/bxW8r7PDDE0PMpxk7O21aL5/5vou+xsGML2O0deufpzwWjPhFOnjWk+aWu47FJPuxlxRqXvYbcyqPS8eOso9ls4h66JDRTXkRSjK6rM8EjYOP6NzjO22d+JPQyMKlifHTkYsOWh4Bi65TBPvD/J9zhk/nK8xDe6UlLDz4E4UUDrjzFj/IutN4j48PKuY3UFJYkFEXFBnRzTEat62sa2wgMiPr/sgoO57qw3M1HuLjTzhBKXiIG8s2QgbR5F77tXTkNFyrZNKE7qyTnTF400jCk/tRF2s1NCmrgm+JlquyqJl7216Q2VxNKyyM0lnVfqbeujnChJiikOLaIz2Ca/qi2nDPeFBVagKRZqRNnHjgW8YrlqNCM+tD6PoHEn5yyfyLPfRZ5Ik8xOMqqrHONXpVXIIl6JHPQGvCl0pvFfCuz7/X7p4YkEPZKHh5FnUg3mRXwzptR3domvLwq7GwiMM6MhdgtrdL+QB6EfaaJq5uZDVR74PbLaM7CZAP8lIe6ZfI+/uIs5peg6J/KJpeH8VB0iWDhLlHkgO47iDPwi4gHtS&u=U2FsdGVkX1/rdDtgIxzd+AR8k+8V7nU2YSDQlqVxvBEp5vNKf/tJdJ7UgWFOiQ+s&y=U2FsdGVkX18jjJ6Tzp3lUVyNCKRs6HtB/9vNFMUCkHdmRPkbkEYnS8KmqPc/qPE8 HTTP/1.1" 200 208
186.102.4.238 - - [17/Mar/2024:15:22:10 -0500] "GET /kwssiamovil/sm/cjson/pre?f=1&x=U2FsdGVkX18ZqoRi4bNrffK6kxfPQCJGM6mqTSY+d8GTd2r18yYLvsg7f+u3yjI8 HTTP/1.1" 200 30244
172.22.2.4 - - [17/Mar/2024:15:20:44 -0500] "HEAD /BLA/boletinlegal/ HTTP/1.1" 200 -
201.245.192.253 - - [17/Mar/2024:15:22:34 -0500] "POST /forms/lservlet;jsessionid=ac16012b30d60c378208792d4757a508e4811830dca4.e3iSbxaKaheRe3iNc3uNbNmQay1ynknvrkLOlQzNp65In0 HTTP/1.1" 200 2
201.245.192.253 - - [17/Mar/2024:15:23:03 -0500] "POST /kwsrmcab/Wsrmcab  HTTP/1.1" 200 37824
172.22.2.4 - - [17/Mar/2024:15:21:35 -0500] "GET /BLA/boletinlegal/ HTTP/1.1" 200 60380
201.245.192.253 - - [17/Mar/2024:15:23:53 -0500] "POST /forms/lservlet;jsessionid=ac16012b30d672fb2ec093aa4748bf0691d1e088fe72.e3iSbxaKaheRe3iNc3uNbNmQay1ynknvrkLOlQzNp65In0 HTTP/1.1" 200 2
201.245.192.253 - - [17/Mar/2024:15:24:34 -0500] "POST /forms/lservlet;jsessionid=ac16012b30d60c378208792d4757a508e4811830dca4.e3iSbxaKaheRe3iNc3uNbNmQay1ynknvrkLOlQzNp65In0 HTTP/1.1" 200 2
216.245.221.92 - - [17/Mar/2024:15:25:46 -0500] "HEAD / HTTP/1.1" 200 -
201.245.192.253 - - [17/Mar/2024:15:25:53 -0500] "POST /forms/lservlet;jsessionid=ac16012b30d672fb2ec093aa4748bf0691d1e088fe72.e3iSbxaKaheRe3iNc3uNbNmQay1ynknvrkLOlQzNp65In0 HTTP/1.1" 200 2
40.77.167.71 - - [17/Mar/2024:15:26:20 -0500] "GET /BLA/resoluciones/AUTOS%202013/0690.pdf HTTP/1.1" 304 -
186.154.44.122 - - [17/Mar/2024:15:26:30 -0500] "GET /BLA/resoluciones/ HTTP/1.1" 200 14105
201.245.192.253 - - [17/Mar/2024:15:26:34 -0500] "POST /forms/lservlet;jsessionid=ac16012b30d60c378208792d4757a508e4811830dca4.e3iSbxaKaheRe3iNc3uNbNmQay1ynknvrkLOlQzNp65In0 HTTP/1.1" 200 2
186.154.44.122 - - [17/Mar/2024:15:26:35 -0500] "GET /BLA/resoluciones/index.php?dir=AUTOS+2023%2F HTTP/1.1" 200 510672
157.90.251.233 - - [17/Mar/2024:15:26:39 -0500] "GET / HTTP/1.1" 200 4720
186.154.44.122 - - [17/Mar/2024:15:26:47 -0500] "GET /BLA/resoluciones/AUTOS%202023/0012.pdf HTTP/1.1" 200 618340
186.154.44.122 - - [17/Mar/2024:15:26:47 -0500] "GET /BLA/resoluciones/AUTOS%202023/0012.pdf HTTP/1.1" 200 618340
186.154.44.122 - - [17/Mar/2024:15:26:47 -0500] "GET /BLA/resoluciones/AUTOS%202023/0012.pdf HTTP/1.1" 206 1025
201.245.192.253 - - [17/Mar/2024:15:27:53 -0500] "POST /forms/lservlet;jsessionid=ac16012b30d672fb2ec093aa4748bf0691d1e088fe72.e3iSbxaKaheRe3iNc3uNbNmQay1ynknvrkLOlQzNp65In0 HTTP/1.1" 200 2
201.245.192.253 - - [17/Mar/2024:15:28:02 -0500] "POST /kwsrmcab/Wsrmcab  HTTP/1.1" 200 37824
172.22.2.4 - - [17/Mar/2024:15:26:34 -0500] "HEAD /BLA/boletinlegal/ HTTP/1.1" 200 -
201.245.192.253 - - [17/Mar/2024:15:28:34 -0500] "POST /forms/lservlet;jsessionid=ac16012b30d60c378208792d4757a508e4811830dca4.e3iSbxaKaheRe3iNc3uNbNmQay1ynknvrkLOlQzNp65In0 HTTP/1.1" 200 2
47.128.42.238 - - [17/Mar/2024:15:28:46 -0500] "GET /BLA/resoluciones/AUTOS%202021/0245.php?act=f&d=E%3A%5Cnuevo%5Chtdocs%5CBLA%5Cresoluciones%5CAUTOS+2021&f=2191.pdf HTTP/1.1" 200 3034
47.128.42.238 - - [17/Mar/2024:15:28:47 -0500] "GET /BLA/resoluciones/AUTOS%202021/0245.php?act=img&img=ext_rtf HTTP/1.1" 200 164
47.128.42.238 - - [17/Mar/2024:15:28:47 -0500] "GET /BLA/resoluciones/AUTOS%202021/0245.php?act=img&img=ext_diz HTTP/1.1" 200 1027
47.128.42.238 - - [17/Mar/2024:15:28:47 -0500] "GET /BLA/resoluciones/AUTOS%202021/0245.php?act=img&img=ext_txt HTTP/1.1" 200 132
47.128.42.238 - - [17/Mar/2024:15:28:47 -0500] "GET /BLA/resoluciones/AUTOS%202021/0245.php?act=img&img=ext_pdf HTTP/1.1" 200 1034
47.128.42.238 - - [17/Mar/2024:15:28:47 -0500] "GET /BLA/resoluciones/AUTOS%202021/0245.php?act=img&img=ext_exe HTTP/1.1" 200 118
47.128.42.238 - - [17/Mar/2024:15:28:47 -0500] "GET /BLA/resoluciones/AUTOS%202021/0245.php?act=img&img=ext_gif HTTP/1.1" 200 175
47.128.42.238 - - [17/Mar/2024:15:28:48 -0500] "GET /BLA/resoluciones/AUTOS%202021/0245.php?act=img&img=change HTTP/1.1" 200 290
47.128.42.238 - - [17/Mar/2024:15:28:48 -0500] "GET /BLA/resoluciones/AUTOS%202021/0245.php?act=img&img=download HTTP/1.1" 200 161
47.128.42.238 - - [17/Mar/2024:15:28:48 -0500] "GET /BLA/resoluciones/AUTOS%202021/0245.php?act=img&img=ext_ini HTTP/1.1" 200 134
47.128.42.238 - - [17/Mar/2024:15:28:48 -0500] "GET /BLA/resoluciones/AUTOS%202021/0245.php?act=img&img=ext_html HTTP/1.1" 200 230
172.22.2.4 - - [17/Mar/2024:15:27:25 -0500] "GET /BLA/boletinlegal/ HTTP/1.1" 200 58273
52.15.147.27 - - [17/Mar/2024:15:29:11 -0500] "HEAD / HTTP/1.1" 200 -
66.249.66.21 - - [17/Mar/2024:15:29:18 -0500] "GET /Publicaciones/2024EE35186.pdf HTTP/1.1" 404 227
201.245.192.253 - - [17/Mar/2024:15:29:46 -0500] "POST /kwsrmcab/Wsrmcab HTTP/1.1" 200 37594
201.245.192.253 - - [17/Mar/2024:15:29:16 -0500] "POST /kwsrmcab/Wsrmcab HTTP/1.1" 200 37289
201.245.192.253 - - [17/Mar/2024:15:29:49 -0500] "POST /kwsrmcab/Wsrmcab HTTP/1.1" 200 37958
201.245.192.253 - - [17/Mar/2024:15:29:53 -0500] "POST /forms/lservlet;jsessionid=ac16012b30d672fb2ec093aa4748bf0691d1e088fe72.e3iSbxaKaheRe3iNc3uNbNmQay1ynknvrkLOlQzNp65In0 HTTP/1.1" 200 2
31.13.127.116 - - [17/Mar/2024:15:30:02 -0500] "GET /images/Moda%20Centro%20Vive%201%20(1)%20(1).jpeg HTTP/1.1" 200 44031
201.245.192.253 - - [17/Mar/2024:15:30:34 -0500] "POST /forms/lservlet;jsessionid=ac16012b30d60c378208792d4757a508e4811830dca4.e3iSbxaKaheRe3iNc3uNbNmQay1ynknvrkLOlQzNp65In0 HTTP/1.1" 200 2
172.22.2.4 - - [17/Mar/2024:15:30:44 -0500] "GET /BLA/boletinlegal/.git/config HTTP/1.1" 404 1018
216.245.221.92 - - [17/Mar/2024:15:30:46 -0500] "HEAD / HTTP/1.1" 200 -
186.102.62.241 - - [17/Mar/2024:15:31:25 -0500] "GET /kwssiamovil/sm/acme/s?s=U2FsdGVkX18tqPTuFy13BQHb7hCTQg8rGzn3+lkPjnJJMmGEUAqhhRpWC4zrz8OVnkSrDkFEsH44KmgklwmVOWo6Vd7vfNDyVaH8zooyvsokTy7arCJ9ligKhk0Oe4+3&u=U2FsdGVkX19CNP0UtoWDbXZrlHpNHrdjR3j6RYsYx74=&y=U2FsdGVkX19HQkLVPenU4ROFVb+O/15fOk63s+zekb0= HTTP/1.1" 200 113
45.227.254.49 - - [17/Mar/2024:15:31:27 -0500] "\x03" 400 226
201.245.192.253 - - [17/Mar/2024:15:30:25 -0500] "POST /kwsrmcab/Wsrmcab HTTP/1.1" 200 24378
201.245.192.253 - - [17/Mar/2024:15:31:53 -0500] "POST /forms/lservlet;jsessionid=ac16012b30d672fb2ec093aa4748bf0691d1e088fe72.e3iSbxaKaheRe3iNc3uNbNmQay1ynknvrkLOlQzNp65In0 HTTP/1.1" 200 2
47.128.127.12 - - [17/Mar/2024:15:32:11 -0500] "GET /BLA/resoluciones/AUTOS%202021/0245.php?act=f&d=E%3A%5Cnuevo%5Chtdocs%5CBLA%5Cresoluciones%5CAUTOS+2021&f=2343.pdf HTTP/1.1" 200 3036
47.128.127.12 - - [17/Mar/2024:15:32:12 -0500] "GET /BLA/resoluciones/AUTOS%202021/0245.php?act=img&img=ext_exe HTTP/1.1" 200 118
47.128.127.12 - - [17/Mar/2024:15:32:12 -0500] "GET /BLA/resoluciones/AUTOS%202021/0245.php?act=img&img=ext_txt HTTP/1.1" 200 132
47.128.127.12 - - [17/Mar/2024:15:32:12 -0500] "GET /BLA/resoluciones/AUTOS%202021/0245.php?act=img&img=ext_pdf HTTP/1.1" 200 1034
47.128.127.12 - - [17/Mar/2024:15:32:12 -0500] "GET /BLA/resoluciones/AUTOS%202021/0245.php?act=img&img=ext_diz HTTP/1.1" 200 1027
47.128.127.12 - - [17/Mar/2024:15:32:12 -0500] "GET /BLA/resoluciones/AUTOS%202021/0245.php?act=img&img=ext_html HTTP/1.1" 200 230
47.128.127.12 - - [17/Mar/2024:15:32:12 -0500] "GET /BLA/resoluciones/AUTOS%202021/0245.php?act=img&img=ext_gif HTTP/1.1" 200 175
47.128.127.12 - - [17/Mar/2024:15:32:12 -0500] "GET /BLA/resoluciones/AUTOS%202021/0245.php?act=img&img=ext_rtf HTTP/1.1" 200 164
47.128.127.12 - - [17/Mar/2024:15:32:13 -0500] "GET /BLA/resoluciones/AUTOS%202021/0245.php?act=img&img=ext_ini HTTP/1.1" 200 134
47.128.127.12 - - [17/Mar/2024:15:32:13 -0500] "GET /BLA/resoluciones/AUTOS%202021/0245.php?act=img&img=download HTTP/1.1" 200 161
47.128.127.12 - - [17/Mar/2024:15:32:13 -0500] "GET /BLA/resoluciones/AUTOS%202021/0245.php?act=img&img=change HTTP/1.1" 200 290
201.245.192.253 - - [17/Mar/2024:15:32:34 -0500] "POST /forms/lservlet;jsessionid=ac16012b30d60c378208792d4757a508e4811830dca4.e3iSbxaKaheRe3iNc3uNbNmQay1ynknvrkLOlQzNp65In0 HTTP/1.1" 200 2
47.128.27.126 - - [17/Mar/2024:15:32:35 -0500] "GET /BLA/resoluciones/AUTOS%202021/0245.php?act=f&d=E%3A%5Cnuevo%5Chtdocs%5CBLA%5Cresoluciones%5CAUTOS+2021&f=2553.pdf HTTP/1.1" 200 3036
47.128.27.126 - - [17/Mar/2024:15:32:36 -0500] "GET /BLA/resoluciones/AUTOS%202021/0245.php?act=img&img=ext_gif HTTP/1.1" 200 175
47.128.27.126 - - [17/Mar/2024:15:32:36 -0500] "GET /BLA/resoluciones/AUTOS%202021/0245.php?act=img&img=ext_txt HTTP/1.1" 200 132
47.128.27.126 - - [17/Mar/2024:15:32:36 -0500] "GET /BLA/resoluciones/AUTOS%202021/0245.php?act=img&img=ext_html HTTP/1.1" 200 230
47.128.27.126 - - [17/Mar/2024:15:32:36 -0500] "GET /BLA/resoluciones/AUTOS%202021/0245.php?act=img&img=ext_pdf HTTP/1.1" 200 1034
47.128.27.126 - - [17/Mar/2024:15:32:36 -0500] "GET /BLA/resoluciones/AUTOS%202021/0245.php?act=img&img=ext_diz HTTP/1.1" 200 1027
47.128.27.126 - - [17/Mar/2024:15:32:36 -0500] "GET /BLA/resoluciones/AUTOS%202021/0245.php?act=img&img=ext_exe HTTP/1.1" 200 118
47.128.27.126 - - [17/Mar/2024:15:32:36 -0500] "GET /BLA/resoluciones/AUTOS%202021/0245.php?act=img&img=ext_rtf HTTP/1.1" 200 164
47.128.27.126 - - [17/Mar/2024:15:32:36 -0500] "GET /BLA/resoluciones/AUTOS%202021/0245.php?act=img&img=ext_ini HTTP/1.1" 200 134
47.128.27.126 - - [17/Mar/2024:15:32:36 -0500] "GET /BLA/resoluciones/AUTOS%202021/0245.php?act=img&img=download HTTP/1.1" 200 161
47.128.27.126 - - [17/Mar/2024:15:32:36 -0500] "GET /BLA/resoluciones/AUTOS%202021/0245.php?act=img&img=change HTTP/1.1" 200 290
47.128.54.188 - - [17/Mar/2024:15:32:59 -0500] "GET /BLA/resoluciones/AUTOS%202021/0245.php?act=f&d=E%3A%5Cnuevo%5Chtdocs%5CBLA%5Cresoluciones%5CAUTOS+2021&f=2127.pdf HTTP/1.1" 200 3036
47.128.54.188 - - [17/Mar/2024:15:33:00 -0500] "GET /BLA/resoluciones/AUTOS%202021/0245.php?act=img&img=ext_diz HTTP/1.1" 200 1027
47.128.54.188 - - [17/Mar/2024:15:33:00 -0500] "GET /BLA/resoluciones/AUTOS%202021/0245.php?act=img&img=ext_pdf HTTP/1.1" 200 1034
47.128.54.188 - - [17/Mar/2024:15:33:00 -0500] "GET /BLA/resoluciones/AUTOS%202021/0245.php?act=img&img=ext_txt HTTP/1.1" 200 132
47.128.54.188 - - [17/Mar/2024:15:33:00 -0500] "GET /BLA/resoluciones/AUTOS%202021/0245.php?act=img&img=ext_html HTTP/1.1" 200 230
47.128.54.188 - - [17/Mar/2024:15:33:00 -0500] "GET /BLA/resoluciones/AUTOS%202021/0245.php?act=img&img=ext_gif HTTP/1.1" 200 175
47.128.54.188 - - [17/Mar/2024:15:33:00 -0500] "GET /BLA/resoluciones/AUTOS%202021/0245.php?act=img&img=ext_exe HTTP/1.1" 200 118
47.128.54.188 - - [17/Mar/2024:15:33:01 -0500] "GET /BLA/resoluciones/AUTOS%202021/0245.php?act=img&img=ext_ini HTTP/1.1" 200 134
47.128.54.188 - - [17/Mar/2024:15:33:01 -0500] "GET /BLA/resoluciones/AUTOS%202021/0245.php?act=img&img=download HTTP/1.1" 200 161
47.128.54.188 - - [17/Mar/2024:15:33:01 -0500] "GET /BLA/resoluciones/AUTOS%202021/0245.php?act=img&img=ext_rtf HTTP/1.1" 200 164
47.128.54.188 - - [17/Mar/2024:15:33:01 -0500] "GET /BLA/resoluciones/AUTOS%202021/0245.php?act=img&img=change HTTP/1.1" 200 290
201.245.192.253 - - [17/Mar/2024:15:33:00 -0500] "POST /kwsrmcab/Wsrmcab  HTTP/1.1" 200 37824
47.128.61.49 - - [17/Mar/2024:15:33:24 -0500] "GET /BLA/resoluciones/AUTOS%202021/0245.php?act=f&d=E%3A%5Cnuevo%5Chtdocs%5CBLA%5Cresoluciones%5CAUTOS+2021&f=5297-.pdf HTTP/1.1" 200 3037
47.128.61.49 - - [17/Mar/2024:15:33:25 -0500] "GET /BLA/resoluciones/AUTOS%202021/0245.php?act=img&img=ext_rtf HTTP/1.1" 200 164
47.128.61.49 - - [17/Mar/2024:15:33:25 -0500] "GET /BLA/resoluciones/AUTOS%202021/0245.php?act=img&img=ext_gif HTTP/1.1" 200 175
47.128.61.49 - - [17/Mar/2024:15:33:25 -0500] "GET /BLA/resoluciones/AUTOS%202021/0245.php?act=img&img=ext_txt HTTP/1.1" 200 132
47.128.61.49 - - [17/Mar/2024:15:33:25 -0500] "GET /BLA/resoluciones/AUTOS%202021/0245.php?act=img&img=ext_pdf HTTP/1.1" 200 1034
47.128.61.49 - - [17/Mar/2024:15:33:25 -0500] "GET /BLA/resoluciones/AUTOS%202021/0245.php?act=img&img=ext_diz HTTP/1.1" 200 1027
47.128.61.49 - - [17/Mar/2024:15:33:25 -0500] "GET /BLA/resoluciones/AUTOS%202021/0245.php?act=img&img=ext_exe HTTP/1.1" 200 118
47.128.61.49 - - [17/Mar/2024:15:33:25 -0500] "GET /BLA/resoluciones/AUTOS%202021/0245.php?act=img&img=download HTTP/1.1" 200 161
47.128.61.49 - - [17/Mar/2024:15:33:25 -0500] "GET /BLA/resoluciones/AUTOS%202021/0245.php?act=img&img=change HTTP/1.1" 200 290
47.128.61.49 - - [17/Mar/2024:15:33:25 -0500] "GET /BLA/resoluciones/AUTOS%202021/0245.php?act=img&img=ext_ini HTTP/1.1" 200 134
47.128.61.49 - - [17/Mar/2024:15:33:25 -0500] "GET /BLA/resoluciones/AUTOS%202021/0245.php?act=img&img=ext_html HTTP/1.1" 200 230
47.128.27.106 - - [17/Mar/2024:15:33:47 -0500] "GET /BLA/resoluciones/AUTOS%202021/0245.php?act=f&d=E%3A%5Cnuevo%5Chtdocs%5CBLA%5Cresoluciones%5CAUTOS+2021&f=1652.pdf HTTP/1.1" 200 3033
47.128.27.106 - - [17/Mar/2024:15:33:48 -0500] "GET /BLA/resoluciones/AUTOS%202021/0245.php?act=img&img=ext_gif HTTP/1.1" 200 175
47.128.27.106 - - [17/Mar/2024:15:33:48 -0500] "GET /BLA/resoluciones/AUTOS%202021/0245.php?act=img&img=ext_exe HTTP/1.1" 200 118
47.128.27.106 - - [17/Mar/2024:15:33:48 -0500] "GET /BLA/resoluciones/AUTOS%202021/0245.php?act=img&img=ext_pdf HTTP/1.1" 200 1034
47.128.27.106 - - [17/Mar/2024:15:33:48 -0500] "GET /BLA/resoluciones/AUTOS%202021/0245.php?act=img&img=ext_txt HTTP/1.1" 200 132
47.128.27.106 - - [17/Mar/2024:15:33:48 -0500] "GET /BLA/resoluciones/AUTOS%202021/0245.php?act=img&img=ext_html HTTP/1.1" 200 230
47.128.27.106 - - [17/Mar/2024:15:33:48 -0500] "GET /BLA/resoluciones/AUTOS%202021/0245.php?act=img&img=ext_diz HTTP/1.1" 200 1027
47.128.27.106 - - [17/Mar/2024:15:33:48 -0500] "GET /BLA/resoluciones/AUTOS%202021/0245.php?act=img&img=ext_ini HTTP/1.1" 200 134
47.128.27.106 - - [17/Mar/2024:15:33:48 -0500] "GET /BLA/resoluciones/AUTOS%202021/0245.php?act=img&img=ext_rtf HTTP/1.1" 200 164
47.128.27.106 - - [17/Mar/2024:15:33:48 -0500] "GET /BLA/resoluciones/AUTOS%202021/0245.php?act=img&img=download HTTP/1.1" 200 161
47.128.27.106 - - [17/Mar/2024:15:33:48 -0500] "GET /BLA/resoluciones/AUTOS%202021/0245.php?act=img&img=change HTTP/1.1" 200 290
201.245.192.253 - - [17/Mar/2024:15:33:53 -0500] "POST /forms/lservlet;jsessionid=ac16012b30d672fb2ec093aa4748bf0691d1e088fe72.e3iSbxaKaheRe3iNc3uNbNmQay1ynknvrkLOlQzNp65In0 HTTP/1.1" 200 2
172.22.2.4 - - [17/Mar/2024:15:32:24 -0500] "HEAD /BLA/boletinlegal/ HTTP/1.1" 200 -
47.128.127.210 - - [17/Mar/2024:15:34:11 -0500] "GET /BLA/resoluciones/AUTOS%202021/0245.php?act=d&d=E%3A%5Cnuevo%5Chtdocs%5Creq HTTP/1.1" 200 2742
172.22.2.4 - - [17/Mar/2024:15:32:34 -0500] "GET /BLA/boletinlegal/ HTTP/1.1" 200 49794
201.245.192.253 - - [17/Mar/2024:15:34:34 -0500] "POST /forms/lservlet;jsessionid=ac16012b30d60c378208792d4757a508e4811830dca4.e3iSbxaKaheRe3iNc3uNbNmQay1ynknvrkLOlQzNp65In0 HTTP/1.1" 200 2
172.22.2.4 - - [17/Mar/2024:15:33:15 -0500] "GET /BLA/boletinlegal/ HTTP/1.1" 200 53818
216.245.221.92 - - [17/Mar/2024:15:35:46 -0500] "HEAD / HTTP/1.1" 200 -
201.245.192.253 - - [17/Mar/2024:15:35:53 -0500] "POST /forms/lservlet;jsessionid=ac16012b30d672fb2ec093aa4748bf0691d1e088fe72.e3iSbxaKaheRe3iNc3uNbNmQay1ynknvrkLOlQzNp65In0 HTTP/1.1" 200 2
207.46.13.126 - - [17/Mar/2024:15:36:15 -0500] "GET /BLA/resoluciones/RESOLUCIONES%202019/1307.pdf HTTP/1.1" 200 6741929
172.22.2.4 - - [17/Mar/2024:15:36:32 -0500] "GET /BLA/boletinlegal/Circulares/2019/.pdf HTTP/1.1" 404 1218
201.245.192.253 - - [17/Mar/2024:15:36:34 -0500] "POST /forms/lservlet;jsessionid=ac16012b30d60c378208792d4757a508e4811830dca4.e3iSbxaKaheRe3iNc3uNbNmQay1ynknvrkLOlQzNp65In0 HTTP/1.1" 200 2
173.252.87.7 - - [17/Mar/2024:15:36:34 -0500] "GET /caminatas-ecologicas-conocer-y-contemplar-para-conservar.html HTTP/1.1" 200 864
173.252.87.117 - - [17/Mar/2024:15:36:34 -0500] "GET /caminatas-ecologicas-conocer-y-contemplar-para-conservar.html HTTP/1.1" 200 864
201.245.192.253 - - [17/Mar/2024:15:37:53 -0500] "POST /forms/lservlet;jsessionid=ac16012b30d672fb2ec093aa4748bf0691d1e088fe72.e3iSbxaKaheRe3iNc3uNbNmQay1ynknvrkLOlQzNp65In0 HTTP/1.1" 200 2
201.245.192.253 - - [17/Mar/2024:15:37:59 -0500] "POST /kwsrmcab/Wsrmcab  HTTP/1.1" 200 37824
172.22.2.4 - - [17/Mar/2024:15:36:31 -0500] "HEAD /BLA/boletinlegal/ HTTP/1.1" 200 -
18.208.251.9 - - [17/Mar/2024:15:38:18 -0500] "GET /portaldeninos/wp-content/uploads/useanyfont/uaf.css?ver=1589905315 HTTP/1.1" 200 408
18.208.251.9 - - [17/Mar/2024:15:38:18 -0500] "GET /portaldeninos/wp-content/themes/betheme/style.css?ver=20.9.6 HTTP/1.1" 200 287
18.208.251.9 - - [17/Mar/2024:15:38:18 -0500] "GET /portaldeninos/wp-content/plugins/gallery-videos/CSS/Total-Soft-Gallery-Video-Widget.css?ver=4.9.8 HTTP/1.1" 200 51554
18.208.251.9 - - [17/Mar/2024:15:38:18 -0500] "GET /portaldeninos/wp-content/plugins/gallery-videos/CSS/totalsoft.css?ver=4.9.8 HTTP/1.1" 200 40622
18.208.251.9 - - [17/Mar/2024:15:38:18 -0500] "GET /portaldeninos/wp-content/themes/betheme/css/base.css?ver=20.9.6 HTTP/1.1" 200 57283
18.208.251.9 - - [17/Mar/2024:15:38:18 -0500] "GET /portaldeninos/wp-content/themes/betheme/assets/animations/animations.min.css?ver=20.9.6 HTTP/1.1" 200 58508
18.208.251.9 - - [17/Mar/2024:15:38:19 -0500] "GET /portaldeninos/wp-content/themes/betheme/assets/jplayer/css/jplayer.blue.monday.css?ver=20.9.6 HTTP/1.1" 200 9834
18.208.251.9 - - [17/Mar/2024:15:38:19 -0500] "GET /portaldeninos/wp-content/themes/betheme/assets/ui/jquery.ui.all.css?ver=20.9.6 HTTP/1.1" 200 18765
18.208.251.9 - - [17/Mar/2024:15:38:18 -0500] "GET /portaldeninos/wp-content/themes/betheme/css/layout.css?ver=20.9.6 HTTP/1.1" 200 116639
18.208.251.9 - - [17/Mar/2024:15:38:18 -0500] "GET /portaldeninos/wp-content/themes/betheme/css/shortcodes.css?ver=20.9.6 HTTP/1.1" 200 138889
18.208.251.9 - - [17/Mar/2024:15:38:19 -0500] "GET /portaldeninos/wp-includes/js/jquery/jquery-migrate.min.js?ver=1.4.1 HTTP/1.1" 200 10056
18.208.251.9 - - [17/Mar/2024:15:38:19 -0500] "GET /portaldeninos/wp-includes/js/jquery/ui/core.min.js?ver=1.11.4 HTTP/1.1" 200 4000
18.208.251.9 - - [17/Mar/2024:15:38:19 -0500] "GET /portaldeninos/wp-content/plugins/google-analytics-for-wordpress/assets/js/frontend-gtag.min.js?ver=8.5.0 HTTP/1.1" 200 11801
18.208.251.9 - - [17/Mar/2024:15:38:19 -0500] "GET /portaldeninos/wp-content/plugins/gallery-videos/JS/modernizr.custom.js?ver=4.9.8 HTTP/1.1" 200 9019
18.208.251.9 - - [17/Mar/2024:15:38:19 -0500] "GET /portaldeninos/wp-content/themes/betheme/css/responsive.css?ver=20.9.6 HTTP/1.1" 200 55740
18.208.251.9 - - [17/Mar/2024:15:38:19 -0500] "GET /portaldeninos/wp-includes/js/jquery/ui/mouse.min.js?ver=1.11.4 HTTP/1.1" 200 3148
18.208.251.9 - - [17/Mar/2024:15:38:19 -0500] "GET /portaldeninos/wp-includes/js/jquery/ui/widget.min.js?ver=1.11.4 HTTP/1.1" 200 6908
18.208.251.9 - - [17/Mar/2024:15:38:19 -0500] "GET /portaldeninos/wp-includes/js/jquery/jquery.js?ver=1.12.4 HTTP/1.1" 200 97184
18.208.251.9 - - [17/Mar/2024:15:38:19 -0500] "GET /portaldeninos/wp-includes/js/jquery/ui/tabs.min.js?ver=1.11.4 HTTP/1.1" 200 12110
18.208.251.9 - - [17/Mar/2024:15:38:19 -0500] "GET /portaldeninos/wp-includes/js/jquery/ui/accordion.min.js?ver=1.11.4 HTTP/1.1" 200 8584
18.208.251.9 - - [17/Mar/2024:15:38:19 -0500] "GET /portaldeninos/wp-content/plugins/gallery-videos/JS/Total-Soft-Gallery-Video-Widget.js?ver=4.9.8 HTTP/1.1" 200 80264
18.208.251.9 - - [17/Mar/2024:15:38:19 -0500] "GET /portaldeninos/wp-includes/js/jquery/ui/sortable.min.js?ver=1.11.4 HTTP/1.1" 200 24899
18.208.251.9 - - [17/Mar/2024:15:38:19 -0500] "GET /portaldeninos/wp-content/themes/betheme/js/menu.js?ver=20.9.6 HTTP/1.1" 200 2449
18.208.251.9 - - [17/Mar/2024:15:38:19 -0500] "GET /portaldeninos/wp-content/themes/betheme/assets/animations/animations.min.js?ver=20.9.6 HTTP/1.1" 200 1896
18.208.251.9 - - [17/Mar/2024:15:38:19 -0500] "GET /portaldeninos/wp-includes/js/wp-embed.min.js?ver=4.9.8 HTTP/1.1" 200 1398
18.208.251.9 - - [17/Mar/2024:15:38:19 -0500] "GET /portaldeninos/wp-includes/js/wp-emoji-release.min.js?ver=4.9.8 HTTP/1.1" 200 12026
18.208.251.9 - - [17/Mar/2024:15:38:19 -0500] "GET /portaldeninos/wp-content/themes/betheme/images/box_shadow.png HTTP/1.1" 200 108
18.208.251.9 - - [17/Mar/2024:15:38:19 -0500] "GET /portaldeninos/wp-content/themes/betheme/assets/jplayer/jplayer.min.js?ver=20.9.6 HTTP/1.1" 200 52702
18.208.251.9 - - [17/Mar/2024:15:38:19 -0500] "GET /portaldeninos/wp-content/themes/betheme/js/scripts.js?ver=20.9.6 HTTP/1.1" 200 77162
18.208.251.9 - - [17/Mar/2024:15:38:19 -0500] "GET /portaldeninos/wp-content/themes/betheme/js/plugins.js?ver=20.9.6 HTTP/1.1" 200 197151
