205.169.39.194 - - [17/Mar/2024:18:03:19 -0500] "GET /portaldeninos/wp-includes/js/wp-emoji-release.min.js?ver=4.9.8 HTTP/1.1" 200 12026
205.169.39.194 - - [17/Mar/2024:18:03:19 -0500] "GET /portaldeninos/wp-content/plugins/google-analytics-for-wordpress/assets/js/frontend-gtag.min.js?ver=8.5.0 HTTP/1.1" 200 11801
205.169.39.194 - - [17/Mar/2024:18:03:20 -0500] "GET /portaldeninos/wp-includes/js/jquery/jquery.js?ver=1.12.4 HTTP/1.1" 200 97184
205.169.39.194 - - [17/Mar/2024:18:03:21 -0500] "GET /portaldeninos/wp-includes/js/jquery/jquery-migrate.min.js?ver=1.4.1 HTTP/1.1" 200 10056
205.169.39.194 - - [17/Mar/2024:18:03:21 -0500] "GET /portaldeninos/wp-includes/js/jquery/ui/core.min.js?ver=1.11.4 HTTP/1.1" 200 4000
205.169.39.194 - - [17/Mar/2024:18:03:21 -0500] "GET /portaldeninos/wp-content/plugins/gallery-videos/JS/modernizr.custom.js?ver=4.9.8 HTTP/1.1" 200 9019
205.169.39.194 - - [17/Mar/2024:18:03:21 -0500] "GET /portaldeninos/wp-content/plugins/gallery-videos/JS/Total-Soft-Gallery-Video-Widget.js?ver=4.9.8 HTTP/1.1" 200 80264
205.169.39.194 - - [17/Mar/2024:18:03:21 -0500] "GET /portaldeninos/wp-includes/js/jquery/ui/widget.min.js?ver=1.11.4 HTTP/1.1" 200 6908
205.169.39.194 - - [17/Mar/2024:18:03:21 -0500] "GET /portaldeninos/wp-includes/js/jquery/ui/mouse.min.js?ver=1.11.4 HTTP/1.1" 200 3148
205.169.39.194 - - [17/Mar/2024:18:03:22 -0500] "GET /portaldeninos/wp-includes/js/jquery/ui/sortable.min.js?ver=1.11.4 HTTP/1.1" 200 24899
205.169.39.194 - - [17/Mar/2024:18:03:22 -0500] "GET /portaldeninos/wp-includes/js/jquery/ui/tabs.min.js?ver=1.11.4 HTTP/1.1" 200 12110
205.169.39.194 - - [17/Mar/2024:18:03:22 -0500] "GET /portaldeninos/wp-includes/js/jquery/ui/accordion.min.js?ver=1.11.4 HTTP/1.1" 200 8584
205.169.39.194 - - [17/Mar/2024:18:03:22 -0500] "GET /portaldeninos/wp-content/themes/betheme/js/plugins.js?ver=20.9.6 HTTP/1.1" 200 197151
205.169.39.194 - - [17/Mar/2024:18:03:23 -0500] "GET /portaldeninos/wp-content/themes/betheme/js/menu.js?ver=20.9.6 HTTP/1.1" 200 2449
205.169.39.194 - - [17/Mar/2024:18:03:23 -0500] "GET /portaldeninos/wp-content/themes/betheme/assets/animations/animations.min.js?ver=20.9.6 HTTP/1.1" 200 1896
205.169.39.194 - - [17/Mar/2024:18:03:23 -0500] "GET /portaldeninos/wp-content/themes/betheme/assets/jplayer/jplayer.min.js?ver=20.9.6 HTTP/1.1" 200 52702
205.169.39.194 - - [17/Mar/2024:18:03:24 -0500] "GET /portaldeninos/wp-content/themes/betheme/js/scripts.js?ver=20.9.6 HTTP/1.1" 200 77162
205.169.39.194 - - [17/Mar/2024:18:03:24 -0500] "GET /portaldeninos/wp-includes/js/wp-embed.min.js?ver=4.9.8 HTTP/1.1" 200 1398
201.245.192.253 - - [17/Mar/2024:18:03:53 -0500] "POST /forms/lservlet;jsessionid=ac16012b30d672fb2ec093aa4748bf0691d1e088fe72.e3iSbxaKaheRe3iNc3uNbNmQay1ynknvrkLOlQzNp65In0 HTTP/1.1" 200 2
201.245.192.253 - - [17/Mar/2024:18:04:34 -0500] "POST /forms/lservlet;jsessionid=ac16012b30d60c378208792d4757a508e4811830dca4.e3iSbxaKaheRe3iNc3uNbNmQay1ynknvrkLOlQzNp65In0 HTTP/1.1" 200 2
172.22.2.4 - - [17/Mar/2024:18:03:50 -0500] "HEAD /BLA/boletinlegal/ HTTP/1.1" 200 -
172.22.2.4 - - [17/Mar/2024:18:04:04 -0500] "HEAD /BLA/boletinlegal/ HTTP/1.1" 200 -
216.245.221.92 - - [17/Mar/2024:18:05:46 -0500] "HEAD / HTTP/1.1" 200 -
173.252.95.16 - - [17/Mar/2024:18:05:50 -0500] "GET /secretaria-de-ambiente-abre-las-votaciones-para-definir-las-mejores-practicas-ambientales-en-las-entidades-publicas.html HTTP/1.1" 200 996
173.252.95.14 - - [17/Mar/2024:18:05:50 -0500] "GET /secretaria-de-ambiente-abre-las-votaciones-para-definir-las-mejores-practicas-ambientales-en-las-entidades-publicas.html HTTP/1.1" 200 996
201.245.192.253 - - [17/Mar/2024:18:05:53 -0500] "POST /forms/lservlet;jsessionid=ac16012b30d672fb2ec093aa4748bf0691d1e088fe72.e3iSbxaKaheRe3iNc3uNbNmQay1ynknvrkLOlQzNp65In0 HTTP/1.1" 200 2
66.220.149.22 - - [17/Mar/2024:18:05:54 -0500] "GET /images/buenas-practicas-ambientales21-octubre.jpg HTTP/1.1" 200 77514
172.22.2.4 - - [17/Mar/2024:18:04:26 -0500] "GET /BLA/boletinlegal/ HTTP/1.1" 200 44737
52.167.144.222 - - [17/Mar/2024:18:06:22 -0500] "GET /BLA/resoluciones/AUTOS%202014/2071.pdf HTTP/1.1" 304 -
201.245.192.253 - - [17/Mar/2024:18:06:34 -0500] "POST /forms/lservlet;jsessionid=ac16012b30d60c378208792d4757a508e4811830dca4.e3iSbxaKaheRe3iNc3uNbNmQay1ynknvrkLOlQzNp65In0 HTTP/1.1" 200 2
172.22.2.4 - - [17/Mar/2024:18:04:55 -0500] "GET /BLA/boletinlegal/ HTTP/1.1" 200 49794
201.245.192.253 - - [17/Mar/2024:18:07:17 -0500] "POST /kwsrmcab/Wsrmcab  HTTP/1.1" 200 37824
201.245.192.253 - - [17/Mar/2024:18:07:53 -0500] "POST /forms/lservlet;jsessionid=ac16012b30d672fb2ec093aa4748bf0691d1e088fe72.e3iSbxaKaheRe3iNc3uNbNmQay1ynknvrkLOlQzNp65In0 HTTP/1.1" 200 2
201.245.192.253 - - [17/Mar/2024:18:08:34 -0500] "POST /forms/lservlet;jsessionid=ac16012b30d60c378208792d4757a508e4811830dca4.e3iSbxaKaheRe3iNc3uNbNmQay1ynknvrkLOlQzNp65In0 HTTP/1.1" 200 2
216.244.66.195 - - [17/Mar/2024:18:08:54 -0500] "GET /robots.txt HTTP/1.1" 404 1018
47.128.46.64 - - [17/Mar/2024:18:08:59 -0500] "GET /BLA/resoluciones/AUTOS%202021/0245.php?act=f&d=E%3A%5Cnuevo%5Chtdocs%5CBLA%5Cresoluciones%5CAUTOS+2021&f=2335.pdf HTTP/1.1" 200 3036
47.128.46.64 - - [17/Mar/2024:18:09:00 -0500] "GET /BLA/resoluciones/AUTOS%202021/0245.php?act=img&img=ext_diz HTTP/1.1" 200 1027
47.128.46.64 - - [17/Mar/2024:18:09:00 -0500] "GET /BLA/resoluciones/AUTOS%202021/0245.php?act=img&img=ext_gif HTTP/1.1" 200 175
47.128.46.64 - - [17/Mar/2024:18:09:00 -0500] "GET /BLA/resoluciones/AUTOS%202021/0245.php?act=img&img=ext_pdf HTTP/1.1" 200 1034
47.128.46.64 - - [17/Mar/2024:18:09:00 -0500] "GET /BLA/resoluciones/AUTOS%202021/0245.php?act=img&img=ext_txt HTTP/1.1" 200 132
47.128.46.64 - - [17/Mar/2024:18:09:00 -0500] "GET /BLA/resoluciones/AUTOS%202021/0245.php?act=img&img=ext_exe HTTP/1.1" 200 118
47.128.46.64 - - [17/Mar/2024:18:09:00 -0500] "GET /BLA/resoluciones/AUTOS%202021/0245.php?act=img&img=ext_html HTTP/1.1" 200 230
47.128.46.64 - - [17/Mar/2024:18:09:00 -0500] "GET /BLA/resoluciones/AUTOS%202021/0245.php?act=img&img=ext_ini HTTP/1.1" 200 134
47.128.46.64 - - [17/Mar/2024:18:09:01 -0500] "GET /BLA/resoluciones/AUTOS%202021/0245.php?act=img&img=download HTTP/1.1" 200 161
47.128.46.64 - - [17/Mar/2024:18:09:01 -0500] "GET /BLA/resoluciones/AUTOS%202021/0245.php?act=img&img=ext_rtf HTTP/1.1" 200 164
47.128.46.64 - - [17/Mar/2024:18:09:01 -0500] "GET /BLA/resoluciones/AUTOS%202021/0245.php?act=img&img=change HTTP/1.1" 200 290
201.245.192.253 - - [17/Mar/2024:18:09:53 -0500] "POST /forms/lservlet;jsessionid=ac16012b30d672fb2ec093aa4748bf0691d1e088fe72.e3iSbxaKaheRe3iNc3uNbNmQay1ynknvrkLOlQzNp65In0 HTTP/1.1" 200 2
201.245.192.253 - - [17/Mar/2024:18:10:34 -0500] "POST /forms/lservlet;jsessionid=ac16012b30d60c378208792d4757a508e4811830dca4.e3iSbxaKaheRe3iNc3uNbNmQay1ynknvrkLOlQzNp65In0 HTTP/1.1" 200 2
216.245.221.92 - - [17/Mar/2024:18:10:46 -0500] "HEAD / HTTP/1.1" 200 -
172.22.2.4 - - [17/Mar/2024:18:09:54 -0500] "HEAD /BLA/boletinlegal/ HTTP/1.1" 200 -
201.245.192.253 - - [17/Mar/2024:18:11:53 -0500] "POST /forms/lservlet;jsessionid=ac16012b30d672fb2ec093aa4748bf0691d1e088fe72.e3iSbxaKaheRe3iNc3uNbNmQay1ynknvrkLOlQzNp65In0 HTTP/1.1" 200 2
201.245.192.253 - - [17/Mar/2024:18:12:16 -0500] "POST /kwsrmcab/Wsrmcab  HTTP/1.1" 200 37824
172.22.2.4 - - [17/Mar/2024:18:10:45 -0500] "GET /BLA/boletinlegal/ HTTP/1.1" 200 58273
201.245.192.253 - - [17/Mar/2024:18:12:34 -0500] "POST /forms/lservlet;jsessionid=ac16012b30d60c378208792d4757a508e4811830dca4.e3iSbxaKaheRe3iNc3uNbNmQay1ynknvrkLOlQzNp65In0 HTTP/1.1" 200 2
172.22.2.4 - - [17/Mar/2024:18:12:52 -0500] "GET /BLA/boletinlegal/Circulares/2023/CIRCULAR%20No.%2000013%20DEL%2012%20DE%20DICIEMBRE%20DEL%202023.pdf HTTP/1.1" 200 1237263
114.119.158.113 - - [17/Mar/2024:18:13:03 -0500] "GET /BLA/resoluciones/index.php?dir=AUTOS%2B2003/ HTTP/1.1" 200 14291
54.167.223.174 - - [17/Mar/2024:18:13:36 -0500] "HEAD / HTTP/1.1" 200 -
199.16.157.180 - - [17/Mar/2024:18:13:48 -0500] "GET /images/presentaci%C3%B3n%20convenci%C3%B3n.jpg HTTP/1.1" 404 1034
201.245.192.253 - - [17/Mar/2024:18:13:53 -0500] "POST /forms/lservlet;jsessionid=ac16012b30d672fb2ec093aa4748bf0691d1e088fe72.e3iSbxaKaheRe3iNc3uNbNmQay1ynknvrkLOlQzNp65In0 HTTP/1.1" 200 2
201.245.192.253 - - [17/Mar/2024:18:14:34 -0500] "POST /forms/lservlet;jsessionid=ac16012b30d60c378208792d4757a508e4811830dca4.e3iSbxaKaheRe3iNc3uNbNmQay1ynknvrkLOlQzNp65In0 HTTP/1.1" 200 2
66.249.66.167 - - [17/Mar/2024:18:15:33 -0500] "GET /portaldeninos/2021/06/11/festival-de-la-colombiodiversidad-resalta-la-importancia-de-la-tingua-en-su-paso-migratorio-por-bogota-2/ HTTP/1.1" 200 106247
186.102.4.238 - - [17/Mar/2024:18:15:34 -0500] "GET /kwssiamovil/sm/acme/a?s=U2FsdGVkX19TGMsaKAsLmT6rICAt+Croh/GMrqVaScGH+pmVbd7wNgYTjzhPw42OcaZ8NJxkL/oYo3n8m3jGJqsE59oNIzLz9cU3GGusCVF14sKt2k/u0hnL9DTfBOdC64GzLhDW/3e6SrcFF76T+JiqDO3vWSDUIH1/shUVH0luY/hzEQwYGbxg1u43HIC9xuKbhHksfwDUZMmpG/D/qLHQpPMFFvX4Gg+BM78QpMGMCZ+bDNWNZkCfp4onhnIFQi6KWWgVFwLPz3WBo/yhdw==&u=U2FsdGVkX1/rdDtgIxzd+AR8k+8V7nU2YSDQlqVxvBEp5vNKf/tJdJ7UgWFOiQ+s&y=U2FsdGVkX18jjJ6Tzp3lUVyNCKRs6HtB/9vNFMUCkHdmRPkbkEYnS8KmqPc/qPE8 HTTP/1.1" 200 26
186.102.4.238 - - [17/Mar/2024:18:15:35 -0500] "GET /kwssiamovil/sm/acme/a?s=U2FsdGVkX19FvFRUaWPVRkv2mf8KKj/VKiGGJ5X/NZCi7vSSiu/VsOtQwebUas6ZmTmYeoB19jMTJQBl/6V5Ln/c1MX3eHTNNd6EHVU3RwsH0dZs/XPR7LkVuFb3l+6DEaXNtpoJiQR3S1n4TdHeWNk0nU5TY0hn1PLQdxBRexWwZ0iOaySxp/42vZDlSg7gXeLH5mSOA9X0XIfdA9+PDmPTrFy3hkuf9juxM+eFQh2Yv+OeBoInLbjQageAOn4rIIvx7O/DMaLimTUPAYnoy1YWwBs9FoEtwX1zNvJ3fx9kpUzAD/0kbmrm4uHNr/8ijly1UMlpDud2aE7dXRh1JSR3eF0POqood5m6svhOGuYQ+JGEPPklvj2rIDD6BXyiKowUUpZPQ8wGHfXodpeNIhyxiKi9EKBriLDOr7Ya3cQCwgS3yN/Lyhrbvm8a3MxHzARde5qrAJ5ucByArRQyUFNhs6M/zUeAJEu5xGoRUwo0CO/e+0URLAKBf0o/0hxMnDsbNQtTaK8fA0Bl4Y4GyTJrRv10h7zOeUxqUu0CXGctmUls36UO17gJVPs6sK9XNyn4SjC/vL+Zhqeso/P/IusL1VZFqVDynE7esbxTgH1EZJ9uyZAhFARxt8o3HloprTq7MVsLEywPwufOY5J7++hKGoaSqoLOhMjPhfEPek0oW0Rvh+b2s4unfB0g3TiIP1DTc+WTjZcs90K/7J7AxJbZjmDQ4NN+Mdup41sYp8yjGcgIlzpjlmCJsKZkqLUP18h0jDJRSJAw1VHRapwy8NB2Wu4UiJSJYVa4gSWJl35cfjXjfE7V532+ad8TdT5qtXTUJCLDp0/lSStJ/8778LK72bOXDj0z+jsQP8F2fuNWuFZaw7rm+XAOYsD6ZojPNh24P8n88rHCOH07PMmN8b4p5CgsVVzwsljACDpIJPskc60V79AED5DJIwlJwQa/094NYj8cU5mo0ksdqWCP+c8vcNJCfmY6bECDvLi7WMZJD1kK3LZHtqr00cat1NMMxl1W9JYt+x83DzkHttdpQRjniAgebXr/P5e5j9jZ8heMvdWyRwy732wev8Ipy3Z1nemGpBs4PmFvi+CaLUfSWYTcquGV4CUPL9Ko5vlUNB+f/YfH7VCtpAb1oLsf8UNk5W6nxI7oXfi3BXjZX1g68q9/SDbXV6YGXRW1Vico5aCRM8FiarpqkxYFR3fdGui6+UPjC3A1eZosrTmsN7nb3RopNXMFw7cZmlM81rIsdgymE0suwkbp64dxNtAz6/GzoWiQBU79PWABlAdleRhceZSR242XMCf+4iSx+bp0tLuReN1QMoOD2blUK6nB+aQhmg/IUtAvsnd0KrN+Cw+Jw9PV54VdyFNYQhBKQZPwbx9NijQH1P5hSNZntkDBp3Sc/4FMEyCB75BIojvKINyydBwXHJ78DBef4NTG9T8GyFS+NLaLiFrs4g+4E1REcePq8Fh6KzWclsVBLPexWpdSe33ghYcanyKjLmMVR6C0X2akcftj+uIFyck5JwNfcN5UGWJ2O/2hrDd1H88HvWoxuOjJlFjGDDhJKAXyhf25zktRQenZ/KLbg38cvCmwBrK6GPmAPOikhZV5+o5UvpW8IEmM0SaUCQ+yjmP3exwFgeAJ1pXvHiTkm5sDYlG3JxsQ&u=U2FsdGVkX1/rdDtgIxzd+AR8k+8V7nU2YSDQlqVxvBEp5vNKf/tJdJ7UgWFOiQ+s&y=U2FsdGVkX18jjJ6Tzp3lUVyNCKRs6HtB/9vNFMUCkHdmRPkbkEYnS8KmqPc/qPE8 HTTP/1.1" 200 26
186.102.4.238 - - [17/Mar/2024:18:15:35 -0500] "GET /kwssiamovil/sm/acme/a?s=U2FsdGVkX191UJKdLNHGIUF8IpiCujTIRc/U5zTyo21PfP2cymLTnRdAViArgpplctGK1mI9ezjbnt/1Rv62e+2R1Q3ZnBZdJaXbhAFNwL9affDErHkVLAJpISruUvmzViHC71Ex7W03NVAQI4BcSREPjZc2U8u1LE7D0aMp+P0=&u=U2FsdGVkX1/rdDtgIxzd+AR8k+8V7nU2YSDQlqVxvBEp5vNKf/tJdJ7UgWFOiQ+s&y=U2FsdGVkX18jjJ6Tzp3lUVyNCKRs6HtB/9vNFMUCkHdmRPkbkEYnS8KmqPc/qPE8 HTTP/1.1" 200 26
186.102.4.238 - - [17/Mar/2024:18:15:36 -0500] "GET /kwssiamovil/sm/acme/a?s=U2FsdGVkX184DQ1o5Mp+ASIWqojYNLLe6z+1O0p0GxNZTJVZ1e7EKToh0xyCpzsoZLbLA/5FUav2yhfzybG4XYl7hk1+aCEebK52eyBF5FJEjg1Hg2Le6mS4eI4M0WssHTV/5XK4mTon34eW1O7SXRWH8uxe5xU5sa2AWu+1abs=&u=U2FsdGVkX1/rdDtgIxzd+AR8k+8V7nU2YSDQlqVxvBEp5vNKf/tJdJ7UgWFOiQ+s&y=U2FsdGVkX18jjJ6Tzp3lUVyNCKRs6HtB/9vNFMUCkHdmRPkbkEYnS8KmqPc/qPE8 HTTP/1.1" 200 26
186.102.4.238 - - [17/Mar/2024:18:15:36 -0500] "GET /kwssiamovil/sm/acme/a?s=U2FsdGVkX18F5jBi3+aS6WKmSpzCbPAmEk4NKQujCXy8ol93iGCOuerdtvChbTJFrWTFc3qobdPFCBhCKiuRKvEYoUNvzE1bJCeCtyfNX+Rxx2lFrudJo0HpBDEG4zh04MF1QuAEHgvjs0vtKNgM+TyDNg7IQOEXkMLzKo6+/d4=&u=U2FsdGVkX1/rdDtgIxzd+AR8k+8V7nU2YSDQlqVxvBEp5vNKf/tJdJ7UgWFOiQ+s&y=U2FsdGVkX18jjJ6Tzp3lUVyNCKRs6HtB/9vNFMUCkHdmRPkbkEYnS8KmqPc/qPE8 HTTP/1.1" 200 26
186.102.4.238 - - [17/Mar/2024:18:15:36 -0500] "GET /kwssiamovil/sm/acme/a?s=U2FsdGVkX1/XpQMY4FjaQfM1l0SYHG4OHwMSCblB0qu6/UgU/cMhc1bqJIkoSwx4k79e19KadnzkRRGW16sR6lWl39inSuByJYUKSpyMNq4oNCbKbQe+jbi2scThOF9tGtccQfi8PhcREpSH78Ce1cAyYLjLJabQzD5EmxLO01FRSJh1HtpMj1rpclnzRhYNamZaUQFrztAQGc+DP403lA==&u=U2FsdGVkX1/rdDtgIxzd+AR8k+8V7nU2YSDQlqVxvBEp5vNKf/tJdJ7UgWFOiQ+s&y=U2FsdGVkX18jjJ6Tzp3lUVyNCKRs6HtB/9vNFMUCkHdmRPkbkEYnS8KmqPc/qPE8 HTTP/1.1" 200 26
216.245.221.92 - - [17/Mar/2024:18:15:46 -0500] "HEAD / HTTP/1.1" 200 -
201.245.192.253 - - [17/Mar/2024:18:15:53 -0500] "POST /forms/lservlet;jsessionid=ac16012b30d672fb2ec093aa4748bf0691d1e088fe72.e3iSbxaKaheRe3iNc3uNbNmQay1ynknvrkLOlQzNp65In0 HTTP/1.1" 200 2
207.46.13.14 - - [17/Mar/2024:18:16:24 -0500] "GET /BLA/resoluciones/RESOLUCIONES%202022/0496.pdf HTTP/1.1" 200 933695
201.245.192.253 - - [17/Mar/2024:18:16:34 -0500] "POST /forms/lservlet;jsessionid=ac16012b30d60c378208792d4757a508e4811830dca4.e3iSbxaKaheRe3iNc3uNbNmQay1ynknvrkLOlQzNp65In0 HTTP/1.1" 200 2
201.245.192.253 - - [17/Mar/2024:18:17:14 -0500] "POST /kwsrmcab/Wsrmcab  HTTP/1.1" 200 37824
172.22.2.4 - - [17/Mar/2024:18:15:44 -0500] "HEAD /BLA/boletinlegal/ HTTP/1.1" 200 -
201.245.192.253 - - [17/Mar/2024:18:17:53 -0500] "POST /forms/lservlet;jsessionid=ac16012b30d672fb2ec093aa4748bf0691d1e088fe72.e3iSbxaKaheRe3iNc3uNbNmQay1ynknvrkLOlQzNp65In0 HTTP/1.1" 200 2
172.22.2.4 - - [17/Mar/2024:18:16:35 -0500] "GET /BLA/boletinlegal/ HTTP/1.1" 200 58273
201.245.192.253 - - [17/Mar/2024:18:18:34 -0500] "POST /forms/lservlet;jsessionid=ac16012b30d60c378208792d4757a508e4811830dca4.e3iSbxaKaheRe3iNc3uNbNmQay1ynknvrkLOlQzNp65In0 HTTP/1.1" 200 2
186.102.4.238 - - [17/Mar/2024:18:19:29 -0500] "GET /kwssiamovil/sm/acme/a?s=U2FsdGVkX19zv7PvSSCnxeKIMaOlSOJ/rbZiJPQjA27SQqWaiGKyYCgZetOvAM2ii8pCuyMdMZIWAufHl7eri4oxyNg1mj+45EJ7Dy6MhZOdaIbFdIGC98N1kQ9kr7hJCz8WRyLOFX3H5YunIAIQVTsHD6XT2f/EWDrSqZI05Md3nXKHAjOR8rVNf2uGe2E92T1PXvUQhtdRfaJKDP3C4YncS7Qjlms93WbqVUYt0fOawQFheFhXbLl9RKsQF1QuGsBXplEuDrGSGvMHzVazSA==&u=U2FsdGVkX1/rdDtgIxzd+AR8k+8V7nU2YSDQlqVxvBEp5vNKf/tJdJ7UgWFOiQ+s&y=U2FsdGVkX18jjJ6Tzp3lUVyNCKRs6HtB/9vNFMUCkHdmRPkbkEYnS8KmqPc/qPE8 HTTP/1.1" 200 26
186.102.4.238 - - [17/Mar/2024:18:19:30 -0500] "GET /kwssiamovil/sm/acme/a?s=U2FsdGVkX1/fSEhNdZCiHpOepQvQsqXFmlW8niahOFEP4dJtEz+MDygw8H7vWMz6/v/7QfiRDMH1tJKYH5R3jOwjw6SH2ujz0C8KZ6Z5YH1oDjeYFKHI2SCnqo5Mc4U20bsSp9OkhhXu/7WW4fmYdxypChhalVWsgmENZnHJ+U6it7PDz5/H7u6BMxuHKPk93r5fC1zOYP2fGR2gjcKCa4UPZzAo8bBpeXUNKRFpgDosM6IauIuHlb0zIM9Wp6KBuQQ66uWpkef7Kr04vrRSuVU9ZjzstG3BcEq+m1WU7CfenjP+UHxz/Zc1jAOsCdAAx7ScKZgZUGRd6ho/bQYo+/aUKo3I3Gw08AP1/BWI5TKwa0lpcDQ51K9OJLL2x/NEGQnHe/AnpDWj7QAwF10cw6iBNRzX58m6nOZfV59kJYHPshpEvbozbQqSIK6ju3609659ab5KwCJno9TIS/9WbuJ4wixpEk9jDmrrNFo0/epgQ8S/JDzDF1f5O0KVszhVkqF+g65gQgpy9X2S5jEbLMKZM4NgIP7grjFJUkZ+AWtKTrv2FJ1u62Uw//codx3hQT5e2MfadoRhGiRQDfwoUJYsIcKzLDOGREdg2imDxePHjAf8bQSejmcl9uZe57tsIKu++SsCXqQjYElP/QKw7PQNWvgsAP5IFuU84rsEe2re+rHHUMdRJui/xZWGRWbK3NO2QRz6D7HFWlKEcN6jqVEC0cpVExHy2wW1DWQSF6PaJwr//pJuL4Mu1OSFyc/TKweQfk19LlMgQ98INyb7CzP3P+re9+XcCCxv8gKVkuLN0RotdKkv66jSVLciYOP+A1w6c7NYX3rUdW6KWrEtSWfB7SCK0yBcsd11eELVm17HhHwtaTUnStXIT7TG+QHCYTVn4W44YPsVk1L2KI/sxNlBTVF0ivPCuyTHck5WwpR27Zit5NC7NyVg234DXjncMvXBZAq4oApB/NSbQohtlonnDq0petxqgo65p66zgEXULBY/jN3k60mwZAGNqMf5qV+s+59Hsd2CgADxZLZRo4BhBIsse6pDbMvEDOusMpa2htsgKObNodEP2F0QdwODNAvLDfLPONQ3WjHXj0D4L1VniOQAG+cuEM2XBOBLewAuXC6xPXVCaGmWU0aHNqfjjRfVSvGx57RIIu+Zs8Oc4PCJUbJeVBmWK6HYOU2aWOXaahO3GL4UN0Imq7586tCeJloOzpRncHuat0k2fkXXPyh1A2m889UknQfc5jegYz9U/ATFsKf77x8U2XDf4NV3ckgcuVV3MM74uB2Mjxh/jSvl+L7gOfiJHBwhvpRfefyXdmOdDqN7SNNmko8cyHmfkssDgLMIwSlxR2inVpA9iiukC9Y3rVQ74otYTlvz8/+vtU8qI+gJnqIi69vm5awhit/x/hhqauwR50iyT6KfHttzARiNb4a3clZPccgEht5GGlOTXfaS6HusAn8ngAHZIVhwAQNPP03jIKHd4I8R24M4Q/PMfTj0gs/8SR22kqPzCKdW/dl3WpvS1x0ekfEX8iziJuANzwpptLcNJw/4jnLYt3vlgbSKtWnuNoUoMd+YSKhIXZ1qNjpUW+DtJAz3Kxm78BwTPZ1mm4dWMCGhEHRNxqfOhPPMPsrqBH4mvEfYANyACnxijI5WPcq2nauEeOErBHb5tjfh2ZWimkbIkQ==&u=U2FsdGVkX1/rdDtgIxzd+AR8k+8V7nU2YSDQlqVxvBEp5vNKf/tJdJ7UgWFOiQ+s&y=U2FsdGVkX18jjJ6Tzp3lUVyNCKRs6HtB/9vNFMUCkHdmRPkbkEYnS8KmqPc/qPE8 HTTP/1.1" 200 26
186.102.4.238 - - [17/Mar/2024:18:19:30 -0500] "GET /kwssiamovil/sm/acme/a?s=U2FsdGVkX1/vYWqFd315AS74M29x419vJj9/rwktrAOZKLbBcBJUkvn28alPF9WIQQKJJWy3cn/T8ANTqShgBCSWOhBTXEg58ARpVBgCJVHqCTys2vf+z5hG8mxLHJG1/TPmehwJjPOgZYDeOsUCd5IsKJvZ3Pg8axfR0pyBGkc=&u=U2FsdGVkX1/rdDtgIxzd+AR8k+8V7nU2YSDQlqVxvBEp5vNKf/tJdJ7UgWFOiQ+s&y=U2FsdGVkX18jjJ6Tzp3lUVyNCKRs6HtB/9vNFMUCkHdmRPkbkEYnS8KmqPc/qPE8 HTTP/1.1" 200 26
186.102.4.238 - - [17/Mar/2024:18:19:30 -0500] "GET /kwssiamovil/sm/acme/a?s=U2FsdGVkX19mha6pFj9611NUxd3Ady0vj8xUYyUxUwtqULvkHzwv9FaLyy83CFuzj0b1TCDdW3FAS33nJxPi1rWnDTAhgk6c+egmwVzqQwfNkqXqsNEL3DdH/K5/exxGf5Wnz25YZtyhH77lgkMFYKqQ/Jpc48+vGXMR4Kz4RrA=&u=U2FsdGVkX1/rdDtgIxzd+AR8k+8V7nU2YSDQlqVxvBEp5vNKf/tJdJ7UgWFOiQ+s&y=U2FsdGVkX18jjJ6Tzp3lUVyNCKRs6HtB/9vNFMUCkHdmRPkbkEYnS8KmqPc/qPE8 HTTP/1.1" 200 26
186.102.4.238 - - [17/Mar/2024:18:19:30 -0500] "GET /kwssiamovil/sm/acme/a?s=U2FsdGVkX1/iQZ1yyTz1S82mk0ySVxGMgq2DkP9vw9aHuhDY4nVIutmRLsfNvpmZ/O8HDkBagj2Ef9KanrBx+wDxrJvgzgsDiQcy7D5MeR5kR2JFWwp3j9tws3Q+Q7sFZtS0DhZ/iVIsgmkWslG0NVKxjpVje+yOMMinKbwYIxU=&u=U2FsdGVkX1/rdDtgIxzd+AR8k+8V7nU2YSDQlqVxvBEp5vNKf/tJdJ7UgWFOiQ+s&y=U2FsdGVkX18jjJ6Tzp3lUVyNCKRs6HtB/9vNFMUCkHdmRPkbkEYnS8KmqPc/qPE8 HTTP/1.1" 200 26
186.102.4.238 - - [17/Mar/2024:18:19:31 -0500] "GET /kwssiamovil/sm/acme/a?s=U2FsdGVkX18RmDh72oH5NGdjMV4+p5ywaB+i8XiYhquaFPQXHMT6ZS67GoFr5GVJttDJ65de+MfVoMkwjiswFhPMfoVtOxqgj24PARySfwqzwkDqVWs4yTXGpW2i6iH7ReLXJqwfaii8rc9ZIoVWtLidMYBiJDllTz1rHaHESAtu2yJdbH1OIVKLDfZa8LRU6YEieb3Etv43gebsfMRsyA==&u=U2FsdGVkX1/rdDtgIxzd+AR8k+8V7nU2YSDQlqVxvBEp5vNKf/tJdJ7UgWFOiQ+s&y=U2FsdGVkX18jjJ6Tzp3lUVyNCKRs6HtB/9vNFMUCkHdmRPkbkEYnS8KmqPc/qPE8 HTTP/1.1" 200 26
201.245.192.253 - - [17/Mar/2024:18:19:16 -0500] "POST /kwsrmcab/Wsrmcab HTTP/1.1" 200 37758
201.245.192.253 - - [17/Mar/2024:18:19:45 -0500] "POST /kwsrmcab/Wsrmcab HTTP/1.1" 200 37632
201.245.192.253 - - [17/Mar/2024:18:19:47 -0500] "POST /kwsrmcab/Wsrmcab HTTP/1.1" 200 37956
201.245.192.253 - - [17/Mar/2024:18:19:53 -0500] "POST /forms/lservlet;jsessionid=ac16012b30d672fb2ec093aa4748bf0691d1e088fe72.e3iSbxaKaheRe3iNc3uNbNmQay1ynknvrkLOlQzNp65In0 HTTP/1.1" 200 2
201.245.192.253 - - [17/Mar/2024:18:20:34 -0500] "POST /forms/lservlet;jsessionid=ac16012b30d60c378208792d4757a508e4811830dca4.e3iSbxaKaheRe3iNc3uNbNmQay1ynknvrkLOlQzNp65In0 HTTP/1.1" 200 2
216.245.221.92 - - [17/Mar/2024:18:20:46 -0500] "HEAD / HTTP/1.1" 200 -
201.245.192.253 - - [17/Mar/2024:18:21:53 -0500] "POST /forms/lservlet;jsessionid=ac16012b30d672fb2ec093aa4748bf0691d1e088fe72.e3iSbxaKaheRe3iNc3uNbNmQay1ynknvrkLOlQzNp65In0 HTTP/1.1" 200 2
201.245.192.253 - - [17/Mar/2024:18:20:28 -0500] "POST /kwsrmcab/Wsrmcab HTTP/1.1" 200 17970
201.245.192.253 - - [17/Mar/2024:18:22:12 -0500] "POST /kwsrmcab/Wsrmcab  HTTP/1.1" 200 37824
201.245.192.253 - - [17/Mar/2024:18:22:34 -0500] "POST /forms/lservlet;jsessionid=ac16012b30d60c378208792d4757a508e4811830dca4.e3iSbxaKaheRe3iNc3uNbNmQay1ynknvrkLOlQzNp65In0 HTTP/1.1" 200 2
172.22.2.4 - - [17/Mar/2024:18:21:34 -0500] "HEAD /BLA/boletinlegal/ HTTP/1.1" 200 -
201.245.192.253 - - [17/Mar/2024:18:23:53 -0500] "POST /forms/lservlet;jsessionid=ac16012b30d672fb2ec093aa4748bf0691d1e088fe72.e3iSbxaKaheRe3iNc3uNbNmQay1ynknvrkLOlQzNp65In0 HTTP/1.1" 200 2
172.22.2.4 - - [17/Mar/2024:18:22:25 -0500] "GET /BLA/boletinlegal/ HTTP/1.1" 200 58720
201.245.192.253 - - [17/Mar/2024:18:24:34 -0500] "POST /forms/lservlet;jsessionid=ac16012b30d60c378208792d4757a508e4811830dca4.e3iSbxaKaheRe3iNc3uNbNmQay1ynknvrkLOlQzNp65In0 HTTP/1.1" 200 2
181.78.78.237 - - [17/Mar/2024:18:25:16 -0500] "GET /sipse/faces/javax.faces.resource/images/ui-bg_flat_0_2d5972_40x100.png?ln=primefaces-aristo HTTP/1.1" 304 -
181.78.78.237 - - [17/Mar/2024:18:25:16 -0500] "POST /sipse/faces/presentacion/financiero/solicitudProceso/consultarSolicitudProceso.xhtml HTTP/1.1" 200 43919
181.78.78.237 - - [17/Mar/2024:18:25:17 -0500] "GET /sipse/faces/javax.faces.resource/theme.css?ln=primefaces-sipse HTTP/1.1" 304 -
181.78.78.237 - - [17/Mar/2024:18:25:17 -0500] "GET /sipse/faces/javax.faces.resource/primefaces.css?ln=primefaces&v=4.0 HTTP/1.1" 304 -
181.78.78.237 - - [17/Mar/2024:18:25:17 -0500] "GET /sipse/faces/javax.faces.resource/layout/layout.css?ln=primefaces&v=4.0 HTTP/1.1" 304 -
181.78.78.237 - - [17/Mar/2024:18:25:17 -0500] "GET /sipse/faces/javax.faces.resource/jquery/jquery.js?ln=primefaces&v=4.0 HTTP/1.1" 304 -
181.78.78.237 - - [17/Mar/2024:18:25:17 -0500] "GET /sipse/faces/javax.faces.resource/jquery/jquery-plugins.js?ln=primefaces&v=4.0 HTTP/1.1" 304 -
181.78.78.237 - - [17/Mar/2024:18:25:18 -0500] "GET /sipse/faces/javax.faces.resource/primefaces.js?ln=primefaces&v=4.0 HTTP/1.1" 304 -
181.78.78.237 - - [17/Mar/2024:18:25:18 -0500] "GET /sipse/faces/javax.faces.resource/layout/layout.js?ln=primefaces&v=4.0 HTTP/1.1" 304 -
181.78.78.237 - - [17/Mar/2024:18:25:19 -0500] "GET /sipse/css/imagen/contrasena.png HTTP/1.1" 404 383
181.78.78.237 - - [17/Mar/2024:18:25:19 -0500] "POST /sipse/faces/presentacion/financiero/solicitudProceso/consultar.xhtml HTTP/1.1" 200 37224
181.78.78.237 - - [17/Mar/2024:18:25:20 -0500] "POST /sipse/faces/presentacion/financiero/solicitudProceso/consultar.xhtml HTTP/1.1" 200 37224
181.78.78.237 - - [17/Mar/2024:18:25:20 -0500] "POST /sipse/faces/presentacion/financiero/solicitudProceso/consultar.xhtml HTTP/1.1" 200 37224
181.78.78.237 - - [17/Mar/2024:18:25:20 -0500] "POST /sipse/faces/presentacion/financiero/solicitudProceso/consultar.xhtml HTTP/1.1" 200 37224
181.78.78.237 - - [17/Mar/2024:18:25:21 -0500] "POST /sipse/faces/presentacion/financiero/solicitudProceso/consultar.xhtml HTTP/1.1" 200 37224
181.78.78.237 - - [17/Mar/2024:18:25:22 -0500] "POST /sipse/faces/presentacion/financiero/solicitudProceso/consultar.xhtml HTTP/1.1" 200 37224
181.78.78.237 - - [17/Mar/2024:18:25:22 -0500] "POST /sipse/faces/presentacion/financiero/solicitudProceso/consultar.xhtml HTTP/1.1" 200 37224
216.245.221.92 - - [17/Mar/2024:18:25:46 -0500] "HEAD / HTTP/1.1" 200 -
201.245.192.253 - - [17/Mar/2024:18:25:53 -0500] "POST /forms/lservlet;jsessionid=ac16012b30d672fb2ec093aa4748bf0691d1e088fe72.e3iSbxaKaheRe3iNc3uNbNmQay1ynknvrkLOlQzNp65In0 HTTP/1.1" 200 2
181.78.78.237 - - [17/Mar/2024:18:25:58 -0500] "POST /sipse/faces/presentacion/financiero/solicitudProceso/consultar.xhtml HTTP/1.1" 200 12922
181.78.78.237 - - [17/Mar/2024:18:26:02 -0500] "POST /sipse/faces/presentacion/financiero/solicitudProceso/consultar.xhtml HTTP/1.1" 200 174117
181.78.78.237 - - [17/Mar/2024:18:26:04 -0500] "GET /sipse/faces/javax.faces.resource/theme.css?ln=primefaces-sipse HTTP/1.1" 304 -
181.78.78.237 - - [17/Mar/2024:18:26:04 -0500] "GET /sipse/faces/javax.faces.resource/jquery/jquery.js?ln=primefaces&v=4.0 HTTP/1.1" 304 -
181.78.78.237 - - [17/Mar/2024:18:26:04 -0500] "GET /sipse/faces/javax.faces.resource/primefaces.css?ln=primefaces&v=4.0 HTTP/1.1" 304 -
181.78.78.237 - - [17/Mar/2024:18:26:04 -0500] "GET /sipse/faces/javax.faces.resource/layout/layout.css?ln=primefaces&v=4.0 HTTP/1.1" 304 -
181.78.78.237 - - [17/Mar/2024:18:26:04 -0500] "GET /sipse/faces/javax.faces.resource/jquery/jquery-plugins.js?ln=primefaces&v=4.0 HTTP/1.1" 304 -
181.78.78.237 - - [17/Mar/2024:18:26:04 -0500] "GET /sipse/faces/javax.faces.resource/primefaces.js?ln=primefaces&v=4.0 HTTP/1.1" 304 -
181.78.78.237 - - [17/Mar/2024:18:26:05 -0500] "GET /sipse/faces/javax.faces.resource/layout/layout.js?ln=primefaces&v=4.0 HTTP/1.1" 304 -
181.78.78.237 - - [17/Mar/2024:18:26:05 -0500] "GET /sipse/css/imagen/contrasena.png HTTP/1.1" 404 383
201.245.192.253 - - [17/Mar/2024:18:26:34 -0500] "POST /forms/lservlet;jsessionid=ac16012b30d60c378208792d4757a508e4811830dca4.e3iSbxaKaheRe3iNc3uNbNmQay1ynknvrkLOlQzNp65In0 HTTP/1.1" 200 2
201.245.192.253 - - [17/Mar/2024:18:27:11 -0500] "POST /kwsrmcab/Wsrmcab  HTTP/1.1" 200 37824
201.245.192.253 - - [17/Mar/2024:18:27:53 -0500] "POST /forms/lservlet;jsessionid=ac16012b30d672fb2ec093aa4748bf0691d1e088fe72.e3iSbxaKaheRe3iNc3uNbNmQay1ynknvrkLOlQzNp65In0 HTTP/1.1" 200 2
201.245.192.253 - - [17/Mar/2024:18:28:34 -0500] "POST /forms/lservlet;jsessionid=ac16012b30d60c378208792d4757a508e4811830dca4.e3iSbxaKaheRe3iNc3uNbNmQay1ynknvrkLOlQzNp65In0 HTTP/1.1" 200 2
172.22.2.4 - - [17/Mar/2024:18:27:24 -0500] "HEAD /BLA/boletinlegal/ HTTP/1.1" 200 -
201.245.192.253 - - [17/Mar/2024:18:29:16 -0500] "POST /kwsrmcab/Wsrmcab HTTP/1.1" 200 37758
201.245.192.253 - - [17/Mar/2024:18:29:45 -0500] "POST /kwsrmcab/Wsrmcab HTTP/1.1" 200 37632
201.245.192.253 - - [17/Mar/2024:18:29:49 -0500] "POST /kwsrmcab/Wsrmcab HTTP/1.1" 200 37956
201.245.192.253 - - [17/Mar/2024:18:29:53 -0500] "POST /forms/lservlet;jsessionid=ac16012b30d672fb2ec093aa4748bf0691d1e088fe72.e3iSbxaKaheRe3iNc3uNbNmQay1ynknvrkLOlQzNp65In0 HTTP/1.1" 200 2
172.22.2.4 - - [17/Mar/2024:18:28:15 -0500] "GET /BLA/boletinlegal/ HTTP/1.1" 200 54300
201.245.192.253 - - [17/Mar/2024:18:30:34 -0500] "POST /forms/lservlet;jsessionid=ac16012b30d60c378208792d4757a508e4811830dca4.e3iSbxaKaheRe3iNc3uNbNmQay1ynknvrkLOlQzNp65In0 HTTP/1.1" 200 2
216.245.221.92 - - [17/Mar/2024:18:30:46 -0500] "HEAD / HTTP/1.1" 200 -
186.154.44.122 - - [17/Mar/2024:18:31:25 -0500] "GET /BLA/resoluciones/ HTTP/1.1" 200 14105
186.154.44.122 - - [17/Mar/2024:18:31:28 -0500] "GET /BLA/resoluciones/index.php?dir=AUTOS+2023%2F HTTP/1.1" 200 510672
201.245.192.253 - - [17/Mar/2024:18:31:53 -0500] "POST /forms/lservlet;jsessionid=ac16012b30d672fb2ec093aa4748bf0691d1e088fe72.e3iSbxaKaheRe3iNc3uNbNmQay1ynknvrkLOlQzNp65In0 HTTP/1.1" 200 2
201.245.192.253 - - [17/Mar/2024:18:30:30 -0500] "POST /kwsrmcab/Wsrmcab HTTP/1.1" 200 37956
201.245.192.253 - - [17/Mar/2024:18:32:09 -0500] "POST /kwsrmcab/Wsrmcab  HTTP/1.1" 200 37824
201.245.192.253 - - [17/Mar/2024:18:32:34 -0500] "POST /forms/lservlet;jsessionid=ac16012b30d60c378208792d4757a508e4811830dca4.e3iSbxaKaheRe3iNc3uNbNmQay1ynknvrkLOlQzNp65In0 HTTP/1.1" 200 2
47.128.96.178 - - [17/Mar/2024:18:33:21 -0500] "GET /BLA/resoluciones/AUTOS%202021/0245.php?act=f&d=E%3A%5Cnuevo%5Chtdocs%5CBLA%5Cresoluciones%5CAUTOS+2021&f=3483.pdf&ft=download HTTP/1.1" 200 421543
47.128.118.185 - - [17/Mar/2024:18:33:48 -0500] "GET /BLA/resoluciones/AUTOS%202021/0245.php?act=ls&d=E%3A%5Cnuevo%5Chtdocs%5Ccumbre&sort=0a HTTP/1.1" 200 3381
47.128.118.185 - - [17/Mar/2024:18:33:49 -0500] "GET /BLA/resoluciones/AUTOS%202021/0245.php?act=img&img=ext_htaccess HTTP/1.1" 200 117
47.128.118.185 - - [17/Mar/2024:18:33:50 -0500] "GET /BLA/resoluciones/AUTOS%202021/0245.php?act=img&img=arrow_ltr HTTP/1.1" 200 88
172.22.2.4 - - [17/Mar/2024:18:32:11 -0500] "GET /BLA/boletinlegal/ HTTP/1.1" 200 59583
201.245.192.253 - - [17/Mar/2024:18:33:53 -0500] "POST /forms/lservlet;jsessionid=ac16012b30d672fb2ec093aa4748bf0691d1e088fe72.e3iSbxaKaheRe3iNc3uNbNmQay1ynknvrkLOlQzNp65In0 HTTP/1.1" 200 2
201.245.192.253 - - [17/Mar/2024:18:34:34 -0500] "POST /forms/lservlet;jsessionid=ac16012b30d60c378208792d4757a508e4811830dca4.e3iSbxaKaheRe3iNc3uNbNmQay1ynknvrkLOlQzNp65In0 HTTP/1.1" 200 2
172.22.2.4 - - [17/Mar/2024:18:33:14 -0500] "HEAD /BLA/boletinlegal/ HTTP/1.1" 200 -
172.22.2.4 - - [17/Mar/2024:18:34:05 -0500] "GET /BLA/boletinlegal/ HTTP/1.1" 200 46633
216.245.221.92 - - [17/Mar/2024:18:35:46 -0500] "HEAD / HTTP/1.1" 200 -
201.245.192.253 - - [17/Mar/2024:18:35:53 -0500] "POST /forms/lservlet;jsessionid=ac16012b30d672fb2ec093aa4748bf0691d1e088fe72.e3iSbxaKaheRe3iNc3uNbNmQay1ynknvrkLOlQzNp65In0 HTTP/1.1" 200 2
172.22.2.4 - - [17/Mar/2024:18:34:15 -0500] "HEAD /BLA/boletinlegal/ HTTP/1.1" 200 -
172.22.2.4 - - [17/Mar/2024:18:36:11 -0500] "GET /BLA/boletinlegal/Circulares/2019/.pdf HTTP/1.1" 404 1218
168.119.253.61 - - [17/Mar/2024:18:36:16 -0500] "GET / HTTP/1.1" 200 4720
201.245.192.253 - - [17/Mar/2024:18:36:34 -0500] "POST /forms/lservlet;jsessionid=ac16012b30d60c378208792d4757a508e4811830dca4.e3iSbxaKaheRe3iNc3uNbNmQay1ynknvrkLOlQzNp65In0 HTTP/1.1" 200 2
172.22.2.4 - - [17/Mar/2024:18:34:55 -0500] "GET /BLA/boletinlegal/ HTTP/1.1" 200 53419
201.245.192.253 - - [17/Mar/2024:18:37:07 -0500] "POST /kwsrmcab/Wsrmcab  HTTP/1.1" 200 37824
201.245.192.253 - - [17/Mar/2024:18:37:53 -0500] "POST /forms/lservlet;jsessionid=ac16012b30d672fb2ec093aa4748bf0691d1e088fe72.e3iSbxaKaheRe3iNc3uNbNmQay1ynknvrkLOlQzNp65In0 HTTP/1.1" 200 2
201.245.192.253 - - [17/Mar/2024:18:38:34 -0500] "POST /forms/lservlet;jsessionid=ac16012b30d60c378208792d4757a508e4811830dca4.e3iSbxaKaheRe3iNc3uNbNmQay1ynknvrkLOlQzNp65In0 HTTP/1.1" 200 2
201.245.192.253 - - [17/Mar/2024:18:39:46 -0500] "POST /kwsrmcab/Wsrmcab HTTP/1.1" 200 37632
201.245.192.253 - - [17/Mar/2024:18:39:16 -0500] "POST /kwsrmcab/Wsrmcab HTTP/1.1" 200 37758
201.245.192.253 - - [17/Mar/2024:18:39:48 -0500] "POST /kwsrmcab/Wsrmcab HTTP/1.1" 200 37956
201.245.192.253 - - [17/Mar/2024:18:39:53 -0500] "POST /forms/lservlet;jsessionid=ac16012b30d672fb2ec093aa4748bf0691d1e088fe72.e3iSbxaKaheRe3iNc3uNbNmQay1ynknvrkLOlQzNp65In0 HTTP/1.1" 200 2
47.128.51.93 - - [17/Mar/2024:18:40:19 -0500] "GET /BLA/resoluciones/AUTOS%202021/0245.php?act=chmod&d=E%3A%5Cnuevo%5Chtdocs%5CBLA%5Cresoluciones%5CAUTOS+2021&f=2336.pdf HTTP/1.1" 200 2902
201.245.192.253 - - [17/Mar/2024:18:40:34 -0500] "POST /forms/lservlet;jsessionid=ac16012b30d60c378208792d4757a508e4811830dca4.e3iSbxaKaheRe3iNc3uNbNmQay1ynknvrkLOlQzNp65In0 HTTP/1.1" 200 2
47.128.47.15 - - [17/Mar/2024:18:40:43 -0500] "GET /BLA/resoluciones/AUTOS%202021/0245.php?act=f&d=E%3A%5Cnuevo%5Chtdocs%5CBLA%5Cresoluciones%5CAUTOS+2021&f=4327.pdf HTTP/1.1" 200 3036
47.128.47.15 - - [17/Mar/2024:18:40:44 -0500] "GET /BLA/resoluciones/AUTOS%202021/0245.php?act=img&img=ext_ini HTTP/1.1" 200 134
47.128.47.15 - - [17/Mar/2024:18:40:44 -0500] "GET /BLA/resoluciones/AUTOS%202021/0245.php?act=img&img=ext_html HTTP/1.1" 200 230
47.128.47.15 - - [17/Mar/2024:18:40:44 -0500] "GET /BLA/resoluciones/AUTOS%202021/0245.php?act=img&img=ext_exe HTTP/1.1" 200 118
47.128.47.15 - - [17/Mar/2024:18:40:44 -0500] "GET /BLA/resoluciones/AUTOS%202021/0245.php?act=img&img=ext_pdf HTTP/1.1" 200 1034
47.128.47.15 - - [17/Mar/2024:18:40:44 -0500] "GET /BLA/resoluciones/AUTOS%202021/0245.php?act=img&img=ext_txt HTTP/1.1" 200 132
47.128.47.15 - - [17/Mar/2024:18:40:44 -0500] "GET /BLA/resoluciones/AUTOS%202021/0245.php?act=img&img=ext_diz HTTP/1.1" 200 1027
172.22.2.4 - - [17/Mar/2024:18:39:04 -0500] "HEAD /BLA/boletinlegal/ HTTP/1.1" 200 -
47.128.47.15 - - [17/Mar/2024:18:40:44 -0500] "GET /BLA/resoluciones/AUTOS%202021/0245.php?act=img&img=download HTTP/1.1" 200 161
47.128.47.15 - - [17/Mar/2024:18:40:44 -0500] "GET /BLA/resoluciones/AUTOS%202021/0245.php?act=img&img=ext_rtf HTTP/1.1" 200 164
47.128.47.15 - - [17/Mar/2024:18:40:44 -0500] "GET /BLA/resoluciones/AUTOS%202021/0245.php?act=img&img=change HTTP/1.1" 200 290
47.128.47.15 - - [17/Mar/2024:18:40:44 -0500] "GET /BLA/resoluciones/AUTOS%202021/0245.php?act=img&img=ext_gif HTTP/1.1" 200 175
216.245.221.92 - - [17/Mar/2024:18:40:46 -0500] "HEAD / HTTP/1.1" 200 -
47.128.47.217 - - [17/Mar/2024:18:41:07 -0500] "GET /BLA/resoluciones/AUTOS%202021/0245.php?act=f&d=E%3A%5Cnuevo%5Chtdocs%5CBLA%5Cresoluciones%5CAUTOS+2021&f=2874.pdf HTTP/1.1" 200 3036
47.128.47.217 - - [17/Mar/2024:18:41:08 -0500] "GET /BLA/resoluciones/AUTOS%202021/0245.php?act=img&img=ext_html HTTP/1.1" 200 230
47.128.47.217 - - [17/Mar/2024:18:41:08 -0500] "GET /BLA/resoluciones/AUTOS%202021/0245.php?act=img&img=ext_pdf HTTP/1.1" 200 1034
47.128.47.217 - - [17/Mar/2024:18:41:08 -0500] "GET /BLA/resoluciones/AUTOS%202021/0245.php?act=img&img=ext_txt HTTP/1.1" 200 132
47.128.47.217 - - [17/Mar/2024:18:41:08 -0500] "GET /BLA/resoluciones/AUTOS%202021/0245.php?act=img&img=ext_diz HTTP/1.1" 200 1027
47.128.47.217 - - [17/Mar/2024:18:41:08 -0500] "GET /BLA/resoluciones/AUTOS%202021/0245.php?act=img&img=ext_exe HTTP/1.1" 200 118
47.128.47.217 - - [17/Mar/2024:18:41:08 -0500] "GET /BLA/resoluciones/AUTOS%202021/0245.php?act=img&img=ext_gif HTTP/1.1" 200 175
47.128.47.217 - - [17/Mar/2024:18:41:08 -0500] "GET /BLA/resoluciones/AUTOS%202021/0245.php?act=img&img=ext_rtf HTTP/1.1" 200 164
47.128.47.217 - - [17/Mar/2024:18:41:08 -0500] "GET /BLA/resoluciones/AUTOS%202021/0245.php?act=img&img=download HTTP/1.1" 200 161
47.128.47.217 - - [17/Mar/2024:18:41:08 -0500] "GET /BLA/resoluciones/AUTOS%202021/0245.php?act=img&img=ext_ini HTTP/1.1" 200 134
47.128.47.217 - - [17/Mar/2024:18:41:08 -0500] "GET /BLA/resoluciones/AUTOS%202021/0245.php?act=img&img=change HTTP/1.1" 200 290
54.167.223.174 - - [17/Mar/2024:18:41:15 -0500] "HEAD / HTTP/1.1" 200 -
47.128.38.110 - - [17/Mar/2024:18:41:32 -0500] "GET /BLA/resoluciones/AUTOS%202021/0245.php?act=f&d=E%3A%5Cnuevo%5Chtdocs%5CBLA%5Cresoluciones%5CAUTOS+2021&f=2596.pdf HTTP/1.1" 200 3036
47.128.38.110 - - [17/Mar/2024:18:41:32 -0500] "GET /BLA/resoluciones/AUTOS%202021/0245.php?act=img&img=ext_html HTTP/1.1" 200 230
47.128.38.110 - - [17/Mar/2024:18:41:33 -0500] "GET /BLA/resoluciones/AUTOS%202021/0245.php?act=img&img=ext_exe HTTP/1.1" 200 118
47.128.38.110 - - [17/Mar/2024:18:41:32 -0500] "GET /BLA/resoluciones/AUTOS%202021/0245.php?act=img&img=ext_pdf HTTP/1.1" 200 1034
47.128.38.110 - - [17/Mar/2024:18:41:33 -0500] "GET /BLA/resoluciones/AUTOS%202021/0245.php?act=img&img=ext_diz HTTP/1.1" 200 1027
47.128.38.110 - - [17/Mar/2024:18:41:33 -0500] "GET /BLA/resoluciones/AUTOS%202021/0245.php?act=img&img=ext_txt HTTP/1.1" 200 132
47.128.38.110 - - [17/Mar/2024:18:41:33 -0500] "GET /BLA/resoluciones/AUTOS%202021/0245.php?act=img&img=ext_gif HTTP/1.1" 200 175
47.128.38.110 - - [17/Mar/2024:18:41:33 -0500] "GET /BLA/resoluciones/AUTOS%202021/0245.php?act=img&img=ext_ini HTTP/1.1" 200 134
47.128.38.110 - - [17/Mar/2024:18:41:33 -0500] "GET /BLA/resoluciones/AUTOS%202021/0245.php?act=img&img=ext_rtf HTTP/1.1" 200 164
47.128.38.110 - - [17/Mar/2024:18:41:33 -0500] "GET /BLA/resoluciones/AUTOS%202021/0245.php?act=img&img=change HTTP/1.1" 200 290
47.128.38.110 - - [17/Mar/2024:18:41:33 -0500] "GET /BLA/resoluciones/AUTOS%202021/0245.php?act=img&img=download HTTP/1.1" 200 161
172.22.2.4 - - [17/Mar/2024:18:39:55 -0500] "GET /BLA/boletinlegal/ HTTP/1.1" 200 58273
201.245.192.253 - - [17/Mar/2024:18:41:53 -0500] "POST /forms/lservlet;jsessionid=ac16012b30d672fb2ec093aa4748bf0691d1e088fe72.e3iSbxaKaheRe3iNc3uNbNmQay1ynknvrkLOlQzNp65In0 HTTP/1.1" 200 2
47.128.37.60 - - [17/Mar/2024:18:41:55 -0500] "GET /BLA/resoluciones/AUTOS%202021/0245.php?act=f&d=E%3A%5Cnuevo%5Chtdocs%5CBLA%5Cresoluciones%5CAUTOS+2021&f=4232.pdf HTTP/1.1" 200 3036
47.128.37.60 - - [17/Mar/2024:18:41:56 -0500] "GET /BLA/resoluciones/AUTOS%202021/0245.php?act=img&img=ext_diz HTTP/1.1" 200 1027
47.128.37.60 - - [17/Mar/2024:18:41:56 -0500] "GET /BLA/resoluciones/AUTOS%202021/0245.php?act=img&img=ext_exe HTTP/1.1" 200 118
47.128.37.60 - - [17/Mar/2024:18:41:56 -0500] "GET /BLA/resoluciones/AUTOS%202021/0245.php?act=img&img=ext_txt HTTP/1.1" 200 132
47.128.37.60 - - [17/Mar/2024:18:41:56 -0500] "GET /BLA/resoluciones/AUTOS%202021/0245.php?act=img&img=ext_pdf HTTP/1.1" 200 1034
47.128.37.60 - - [17/Mar/2024:18:41:56 -0500] "GET /BLA/resoluciones/AUTOS%202021/0245.php?act=img&img=ext_gif HTTP/1.1" 200 175
47.128.37.60 - - [17/Mar/2024:18:41:56 -0500] "GET /BLA/resoluciones/AUTOS%202021/0245.php?act=img&img=ext_html HTTP/1.1" 200 230
47.128.37.60 - - [17/Mar/2024:18:41:56 -0500] "GET /BLA/resoluciones/AUTOS%202021/0245.php?act=img&img=download HTTP/1.1" 200 161
201.245.192.253 - - [17/Mar/2024:18:40:28 -0500] "POST /kwsrmcab/Wsrmcab HTTP/1.1" 200 27850
47.128.37.60 - - [17/Mar/2024:18:41:57 -0500] "GET /BLA/resoluciones/AUTOS%202021/0245.php?act=img&img=ext_rtf HTTP/1.1" 200 164
47.128.37.60 - - [17/Mar/2024:18:41:57 -0500] "GET /BLA/resoluciones/AUTOS%202021/0245.php?act=img&img=ext_ini HTTP/1.1" 200 134
47.128.37.60 - - [17/Mar/2024:18:41:57 -0500] "GET /BLA/resoluciones/AUTOS%202021/0245.php?act=img&img=change HTTP/1.1" 200 290
20.26.80.130 - - [17/Mar/2024:18:42:04 -0500] "GET /Publicaciones/2023EE115950.pdf HTTP/1.1" 404 228
201.245.192.253 - - [17/Mar/2024:18:42:07 -0500] "POST /kwsrmcab/Wsrmcab  HTTP/1.1" 200 37824
47.128.126.134 - - [17/Mar/2024:18:42:19 -0500] "GET /BLA/resoluciones/AUTOS%202021/0245.php?act=f&d=E%3A%5Cnuevo%5Chtdocs%5CBLA%5Cresoluciones%5CAUTOS+2021&f=4124.pdf HTTP/1.1" 200 3036
47.128.126.134 - - [17/Mar/2024:18:42:20 -0500] "GET /BLA/resoluciones/AUTOS%202021/0245.php?act=img&img=ext_diz HTTP/1.1" 200 1027
47.128.126.134 - - [17/Mar/2024:18:42:20 -0500] "GET /BLA/resoluciones/AUTOS%202021/0245.php?act=img&img=ext_txt HTTP/1.1" 200 132
47.128.126.134 - - [17/Mar/2024:18:42:20 -0500] "GET /BLA/resoluciones/AUTOS%202021/0245.php?act=img&img=ext_pdf HTTP/1.1" 200 1034
47.128.126.134 - - [17/Mar/2024:18:42:20 -0500] "GET /BLA/resoluciones/AUTOS%202021/0245.php?act=img&img=ext_html HTTP/1.1" 200 230
47.128.126.134 - - [17/Mar/2024:18:42:20 -0500] "GET /BLA/resoluciones/AUTOS%202021/0245.php?act=img&img=ext_exe HTTP/1.1" 200 118
47.128.126.134 - - [17/Mar/2024:18:42:20 -0500] "GET /BLA/resoluciones/AUTOS%202021/0245.php?act=img&img=ext_gif HTTP/1.1" 200 175
47.128.126.134 - - [17/Mar/2024:18:42:20 -0500] "GET /BLA/resoluciones/AUTOS%202021/0245.php?act=img&img=ext_ini HTTP/1.1" 200 134
47.128.126.134 - - [17/Mar/2024:18:42:20 -0500] "GET /BLA/resoluciones/AUTOS%202021/0245.php?act=img&img=change HTTP/1.1" 200 290
47.128.126.134 - - [17/Mar/2024:18:42:20 -0500] "GET /BLA/resoluciones/AUTOS%202021/0245.php?act=img&img=download HTTP/1.1" 200 161
47.128.126.134 - - [17/Mar/2024:18:42:20 -0500] "GET /BLA/resoluciones/AUTOS%202021/0245.php?act=img&img=ext_rtf HTTP/1.1" 200 164
201.245.192.253 - - [17/Mar/2024:18:42:34 -0500] "POST /forms/lservlet;jsessionid=ac16012b30d60c378208792d4757a508e4811830dca4.e3iSbxaKaheRe3iNc3uNbNmQay1ynknvrkLOlQzNp65In0 HTTP/1.1" 200 2
201.245.192.253 - - [17/Mar/2024:18:43:53 -0500] "POST /forms/lservlet;jsessionid=ac16012b30d672fb2ec093aa4748bf0691d1e088fe72.e3iSbxaKaheRe3iNc3uNbNmQay1ynknvrkLOlQzNp65In0 HTTP/1.1" 200 2
201.245.192.253 - - [17/Mar/2024:18:44:34 -0500] "POST /forms/lservlet;jsessionid=ac16012b30d60c378208792d4757a508e4811830dca4.e3iSbxaKaheRe3iNc3uNbNmQay1ynknvrkLOlQzNp65In0 HTTP/1.1" 200 2
181.78.78.237 - - [17/Mar/2024:18:44:53 -0500] "GET /sipse/faces/javax.faces.resource/images/ui-bg_flat_0_2d5972_40x100.png?ln=primefaces-aristo HTTP/1.1" 304 -
181.78.78.237 - - [17/Mar/2024:18:44:53 -0500] "POST /sipse/faces/presentacion/financiero/solicitudProceso/consultarSolicitudProceso.xhtml HTTP/1.1" 200 43987
181.78.78.237 - - [17/Mar/2024:18:44:54 -0500] "GET /sipse/faces/javax.faces.resource/theme.css?ln=primefaces-sipse HTTP/1.1" 304 -
181.78.78.237 - - [17/Mar/2024:18:44:54 -0500] "GET /sipse/faces/javax.faces.resource/layout/layout.css?ln=primefaces&v=4.0 HTTP/1.1" 304 -
181.78.78.237 - - [17/Mar/2024:18:44:54 -0500] "GET /sipse/faces/javax.faces.resource/jquery/jquery.js?ln=primefaces&v=4.0 HTTP/1.1" 304 -
181.78.78.237 - - [17/Mar/2024:18:44:54 -0500] "GET /sipse/faces/javax.faces.resource/primefaces.css?ln=primefaces&v=4.0 HTTP/1.1" 304 -
181.78.78.237 - - [17/Mar/2024:18:44:54 -0500] "GET /sipse/faces/javax.faces.resource/jquery/jquery-plugins.js?ln=primefaces&v=4.0 HTTP/1.1" 304 -
181.78.78.237 - - [17/Mar/2024:18:44:54 -0500] "GET /sipse/faces/javax.faces.resource/primefaces.js?ln=primefaces&v=4.0 HTTP/1.1" 304 -
181.78.78.237 - - [17/Mar/2024:18:44:54 -0500] "GET /sipse/faces/javax.faces.resource/layout/layout.js?ln=primefaces&v=4.0 HTTP/1.1" 304 -
181.78.78.237 - - [17/Mar/2024:18:44:55 -0500] "GET /sipse/css/imagen/contrasena.png HTTP/1.1" 404 383
181.78.78.237 - - [17/Mar/2024:18:44:55 -0500] "POST /sipse/faces/presentacion/financiero/solicitudProceso/consultar.xhtml HTTP/1.1" 200 37292
181.78.78.237 - - [17/Mar/2024:18:44:55 -0500] "POST /sipse/faces/presentacion/financiero/solicitudProceso/consultar.xhtml HTTP/1.1" 200 37292
181.78.78.237 - - [17/Mar/2024:18:44:56 -0500] "POST /sipse/faces/presentacion/financiero/solicitudProceso/consultar.xhtml HTTP/1.1" 200 37292
181.78.78.237 - - [17/Mar/2024:18:44:56 -0500] "POST /sipse/faces/presentacion/financiero/solicitudProceso/consultar.xhtml HTTP/1.1" 200 37292
181.78.78.237 - - [17/Mar/2024:18:44:57 -0500] "POST /sipse/faces/presentacion/financiero/solicitudProceso/consultar.xhtml HTTP/1.1" 200 37292
181.78.78.237 - - [17/Mar/2024:18:44:57 -0500] "POST /sipse/faces/presentacion/financiero/solicitudProceso/consultar.xhtml HTTP/1.1" 200 37292
181.78.78.237 - - [17/Mar/2024:18:44:58 -0500] "POST /sipse/faces/presentacion/financiero/solicitudProceso/consultar.xhtml HTTP/1.1" 200 37292
181.78.78.237 - - [17/Mar/2024:18:44:58 -0500] "POST /sipse/faces/presentacion/financiero/solicitudProceso/consultar.xhtml HTTP/1.1" 200 37292
181.78.78.237 - - [17/Mar/2024:18:44:58 -0500] "POST /sipse/faces/presentacion/financiero/solicitudProceso/consultar.xhtml HTTP/1.1" 200 37292
181.78.78.237 - - [17/Mar/2024:18:45:22 -0500] "POST /sipse/faces/presentacion/financiero/solicitudProceso/consultar.xhtml HTTP/1.1" 200 13053
181.78.78.237 - - [17/Mar/2024:18:45:28 -0500] "POST /sipse/faces/presentacion/financiero/solicitudProceso/consultar.xhtml HTTP/1.1" 200 179613
181.78.78.237 - - [17/Mar/2024:18:45:30 -0500] "GET /sipse/faces/javax.faces.resource/theme.css?ln=primefaces-sipse HTTP/1.1" 304 -
181.78.78.237 - - [17/Mar/2024:18:45:30 -0500] "GET /sipse/faces/javax.faces.resource/jquery/jquery.js?ln=primefaces&v=4.0 HTTP/1.1" 304 -
181.78.78.237 - - [17/Mar/2024:18:45:30 -0500] "GET /sipse/faces/javax.faces.resource/primefaces.css?ln=primefaces&v=4.0 HTTP/1.1" 304 -
181.78.78.237 - - [17/Mar/2024:18:45:30 -0500] "GET /sipse/faces/javax.faces.resource/layout/layout.css?ln=primefaces&v=4.0 HTTP/1.1" 304 -
181.78.78.237 - - [17/Mar/2024:18:45:30 -0500] "GET /sipse/faces/javax.faces.resource/jquery/jquery-plugins.js?ln=primefaces&v=4.0 HTTP/1.1" 304 -
181.78.78.237 - - [17/Mar/2024:18:45:30 -0500] "GET /sipse/faces/javax.faces.resource/primefaces.js?ln=primefaces&v=4.0 HTTP/1.1" 304 -
181.78.78.237 - - [17/Mar/2024:18:45:30 -0500] "GET /sipse/faces/javax.faces.resource/layout/layout.js?ln=primefaces&v=4.0 HTTP/1.1" 304 -
181.78.78.237 - - [17/Mar/2024:18:45:30 -0500] "GET /sipse/css/imagen/contrasena.png HTTP/1.1" 404 383
216.245.221.92 - - [17/Mar/2024:18:45:46 -0500] "HEAD / HTTP/1.1" 200 -
181.78.78.237 - - [17/Mar/2024:18:45:48 -0500] "POST /sipse/faces/presentacion/financiero/solicitudProceso/consultarSolicitudProceso.xhtml HTTP/1.1" 200 108876
201.245.192.253 - - [17/Mar/2024:18:45:53 -0500] "POST /forms/lservlet;jsessionid=ac16012b30d672fb2ec093aa4748bf0691d1e088fe72.e3iSbxaKaheRe3iNc3uNbNmQay1ynknvrkLOlQzNp65In0 HTTP/1.1" 200 2
172.22.2.4 - - [17/Mar/2024:18:44:54 -0500] "HEAD /BLA/boletinlegal/ HTTP/1.1" 200 -
201.245.192.253 - - [17/Mar/2024:18:46:34 -0500] "POST /forms/lservlet;jsessionid=ac16012b30d60c378208792d4757a508e4811830dca4.e3iSbxaKaheRe3iNc3uNbNmQay1ynknvrkLOlQzNp65In0 HTTP/1.1" 200 2
201.245.192.253 - - [17/Mar/2024:18:47:05 -0500] "POST /kwsrmcab/Wsrmcab  HTTP/1.1" 200 37824
172.22.2.4 - - [17/Mar/2024:18:45:45 -0500] "GET /BLA/boletinlegal/ HTTP/1.1" 200 59083
216.244.66.195 - - [17/Mar/2024:18:47:35 -0500] "GET /BLA/resoluciones/RESOLUCIONES%202019/2318.pdf HTTP/1.1" 200 375100
201.245.192.253 - - [17/Mar/2024:18:47:53 -0500] "POST /forms/lservlet;jsessionid=ac16012b30d672fb2ec093aa4748bf0691d1e088fe72.e3iSbxaKaheRe3iNc3uNbNmQay1ynknvrkLOlQzNp65In0 HTTP/1.1" 200 2
66.220.149.120 - - [17/Mar/2024:18:48:07 -0500] "GET /images/Acuerdos%2001%20(1)%20(1).jpeg HTTP/1.1" 200 32884
181.78.78.237 - - [17/Mar/2024:18:48:19 -0500] "GET /sipse/faces/javax.faces.resource/theme.css?ln=primefaces-sipse HTTP/1.1" 304 -
181.78.78.237 - - [17/Mar/2024:18:48:20 -0500] "GET /sipse/faces/faces/autenticacion.xhtml HTTP/1.1" 200 12412
181.78.78.237 - - [17/Mar/2024:18:48:20 -0500] "GET /sipse/faces/javax.faces.resource/theme.css?ln=primefaces-sipse HTTP/1.1" 304 -
181.78.78.237 - - [17/Mar/2024:18:48:20 -0500] "GET /sipse/faces/javax.faces.resource/primefaces.css?ln=primefaces&v=4.0 HTTP/1.1" 304 -
181.78.78.237 - - [17/Mar/2024:18:48:20 -0500] "GET /sipse/faces/javax.faces.resource/layout/layout.css?ln=primefaces&v=4.0 HTTP/1.1" 304 -
181.78.78.237 - - [17/Mar/2024:18:48:20 -0500] "GET /sipse/faces/javax.faces.resource/jquery/jquery.js?ln=primefaces&v=4.0 HTTP/1.1" 304 -
181.78.78.237 - - [17/Mar/2024:18:48:20 -0500] "GET /sipse/faces/javax.faces.resource/jquery/jquery-plugins.js?ln=primefaces&v=4.0 HTTP/1.1" 304 -
181.78.78.237 - - [17/Mar/2024:18:48:20 -0500] "GET /sipse/faces/javax.faces.resource/primefaces.js?ln=primefaces&v=4.0 HTTP/1.1" 304 -
181.78.78.237 - - [17/Mar/2024:18:48:20 -0500] "GET /sipse/faces/javax.faces.resource/layout/layout.js?ln=primefaces&v=4.0 HTTP/1.1" 304 -
181.78.78.237 - - [17/Mar/2024:18:48:21 -0500] "GET /sipse/faces/javax.faces.resource/images/ui-icons_898989_256x240.png?ln=primefaces-aristo HTTP/1.1" 304 -
201.245.192.253 - - [17/Mar/2024:18:48:34 -0500] "POST /forms/lservlet;jsessionid=ac16012b30d60c378208792d4757a508e4811830dca4.e3iSbxaKaheRe3iNc3uNbNmQay1ynknvrkLOlQzNp65In0 HTTP/1.1" 200 2
172.22.2.4 - - [17/Mar/2024:18:48:43 -0500] "GET /BLA/boletinlegal/style.css HTTP/1.1" 200 9406
172.22.2.4 - - [17/Mar/2024:18:48:43 -0500] "GET /BLA/boletinlegal/styles2.css HTTP/1.1" 200 1838
172.22.2.4 - - [17/Mar/2024:18:48:43 -0500] "GET /BLA/boletinlegal/js/jquery.js HTTP/1.1" 200 57254
172.22.2.4 - - [17/Mar/2024:18:48:43 -0500] "GET /BLA/boletinlegal/js/jquery.scrollTo-min.js HTTP/1.1" 200 1150
172.22.2.4 - - [17/Mar/2024:18:48:43 -0500] "GET /BLA/boletinlegal/js/jquery.scrollShow.js HTTP/1.1" 200 4586
172.22.2.4 - - [17/Mar/2024:18:48:43 -0500] "GET /BLA/boletinlegal/images/screen_1.png HTTP/1.1" 200 202547
172.22.2.4 - - [17/Mar/2024:18:48:43 -0500] "GET /BLA/boletinlegal/images/cabezote%20BLEGAL.jpg HTTP/1.1" 200 118164
172.22.2.4 - - [17/Mar/2024:18:48:43 -0500] "GET /BLA/boletinlegal/images/screen_2.png HTTP/1.1" 200 362502
172.22.2.4 - - [17/Mar/2024:18:48:43 -0500] "GET /BLA/boletinlegal/images/screen_3.png HTTP/1.1" 200 210620
172.22.2.4 - - [17/Mar/2024:18:48:43 -0500] "GET /BLA/boletinlegal/images/subscribe-icon-big.png HTTP/1.1" 200 47702
172.22.2.4 - - [17/Mar/2024:18:48:43 -0500] "GET /BLA/boletinlegal/images/registro-usuarios.png HTTP/1.1" 200 8106
172.22.2.4 - - [17/Mar/2024:18:48:43 -0500] "GET /BLA/boletinlegal/images/historia.png HTTP/1.1" 200 52775
172.22.2.4 - - [17/Mar/2024:18:48:43 -0500] "GET /BLA/boletinlegal/images/arr_l.jpg HTTP/1.1" 200 1979
172.22.2.4 - - [17/Mar/2024:18:48:43 -0500] "GET /BLA/boletinlegal/images/screen_5.png HTTP/1.1" 200 368876
172.22.2.4 - - [17/Mar/2024:18:48:43 -0500] "GET /BLA/boletinlegal/images/launch.jpg HTTP/1.1" 200 14577
172.22.2.4 - - [17/Mar/2024:18:48:43 -0500] "GET /BLA/boletinlegal/images/body_bg.jpg HTTP/1.1" 200 1601
172.22.2.4 - - [17/Mar/2024:18:48:43 -0500] "GET /BLA/boletinlegal/images/arr_r.jpg HTTP/1.1" 200 1998
172.22.2.4 - - [17/Mar/2024:18:48:43 -0500] "GET /BLA/boletinlegal/images/menu_lft.gif HTTP/1.1" 200 1713
172.22.2.4 - - [17/Mar/2024:18:48:43 -0500] "GET /BLA/boletinlegal/images/footer_bg.jpg HTTP/1.1" 200 586
172.22.2.4 - - [17/Mar/2024:18:48:43 -0500] "GET /BLA/boletinlegal/images/bg_top.jpg HTTP/1.1" 200 522
172.22.2.4 - - [17/Mar/2024:18:48:43 -0500] "GET /BLA/boletinlegal/images/text.jpg HTTP/1.1" 200 568
172.22.2.4 - - [17/Mar/2024:18:48:43 -0500] "GET /BLA/boletinlegal/images/hover.jpg HTTP/1.1" 200 640
172.22.2.4 - - [17/Mar/2024:18:48:43 -0500] "GET /BLA/boletinlegal/images/menu_bg.jpg HTTP/1.1" 200 620
172.22.2.4 - - [17/Mar/2024:18:48:43 -0500] "GET /BLA/boletinlegal/images/menu_rght.gif HTTP/1.1" 200 1627
172.22.2.4 - - [17/Mar/2024:18:48:51 -0500] "GET /BLA/boletinlegal/images/pdf.gif HTTP/1.1" 200 567
172.22.2.4 - - [17/Mar/2024:18:49:00 -0500] "GET /BLA/boletinlegal/normativa.php HTTP/1.1" 200 8397
172.22.2.4 - - [17/Mar/2024:18:49:00 -0500] "GET /BLA/boletinlegal/js/ajax_normativa.js HTTP/1.1" 200 1154
172.22.2.4 - - [17/Mar/2024:18:49:00 -0500] "GET /BLA/boletinlegal/niceforms.js HTTP/1.1" 200 22876
172.22.2.4 - - [17/Mar/2024:18:49:00 -0500] "GET /BLA/boletinlegal/niceforms-default.css HTTP/1.1" 200 6694
172.22.2.4 - - [17/Mar/2024:18:49:00 -0500] "GET /BLA/boletinlegal/images/tel.png HTTP/1.1" 200 14477
172.22.2.4 - - [17/Mar/2024:18:49:00 -0500] "GET /BLA/boletinlegal/images/icono-email.png HTTP/1.1" 200 5544
172.22.2.4 - - [17/Mar/2024:18:49:00 -0500] "GET /BLA/boletinlegal/images/footer_bg_l.jpg HTTP/1.1" 200 776
172.22.2.4 - - [17/Mar/2024:18:49:01 -0500] "GET /BLA/boletinlegal/img/select-right.png HTTP/1.1" 200 44019
172.22.2.4 - - [17/Mar/2024:18:49:01 -0500] "GET /BLA/boletinlegal/img/button.png HTTP/1.1" 200 43241
172.22.2.4 - - [17/Mar/2024:18:49:01 -0500] "GET /BLA/boletinlegal/img/button-left.png HTTP/1.1" 200 57071
172.22.2.4 - - [17/Mar/2024:18:49:01 -0500] "GET /BLA/boletinlegal/img/button-right.png HTTP/1.1" 200 57878
172.22.2.4 - - [17/Mar/2024:18:49:01 -0500] "GET /BLA/boletinlegal/favicon.ico HTTP/1.1" 404 1334
172.22.2.4 - - [17/Mar/2024:18:49:01 -0500] "GET /BLA/boletinlegal/img/0.png HTTP/1.1" 200 110
172.22.2.4 - - [17/Mar/2024:18:49:01 -0500] "GET /BLA/boletinlegal/img/select-left.png HTTP/1.1" 200 263
172.22.2.4 - - [17/Mar/2024:18:49:15 -0500] "GET /BLA/boletinlegal/jurisprudencia/analisis/Analisis%20Sentencia%20T-1077,%202%20corregida.doc HTTP/1.1" 304 -
216.244.66.195 - - [17/Mar/2024:18:49:15 -0500] "GET /BLA/resoluciones/AUTOS%202016/0818.pdf HTTP/1.1" 200 476827
216.244.66.195 - - [17/Mar/2024:18:49:20 -0500] "GET /BLA/resoluciones/AUTOS%202016/2901.pdf HTTP/1.1" 200 1008294
201.245.192.253 - - [17/Mar/2024:18:49:53 -0500] "POST /forms/lservlet;jsessionid=ac16012b30d672fb2ec093aa4748bf0691d1e088fe72.e3iSbxaKaheRe3iNc3uNbNmQay1ynknvrkLOlQzNp65In0 HTTP/1.1" 200 2
