47.128.56.22 - - [17/Mar/2024:09:05:48 -0500] "GET /BLA/resoluciones/AUTOS%202021/0245.php?act=img&img=ext_exe HTTP/1.1" 200 118
47.128.56.22 - - [17/Mar/2024:09:05:48 -0500] "GET /BLA/resoluciones/AUTOS%202021/0245.php?act=img&img=ext_html HTTP/1.1" 200 230
47.128.56.22 - - [17/Mar/2024:09:05:48 -0500] "GET /BLA/resoluciones/AUTOS%202021/0245.php?act=img&img=ext_gif HTTP/1.1" 200 175
47.128.56.22 - - [17/Mar/2024:09:05:48 -0500] "GET /BLA/resoluciones/AUTOS%202021/0245.php?act=img&img=ext_pdf HTTP/1.1" 200 1034
47.128.56.22 - - [17/Mar/2024:09:05:49 -0500] "GET /BLA/resoluciones/AUTOS%202021/0245.php?act=img&img=change HTTP/1.1" 200 290
47.128.56.22 - - [17/Mar/2024:09:05:49 -0500] "GET /BLA/resoluciones/AUTOS%202021/0245.php?act=img&img=ext_ini HTTP/1.1" 200 134
47.128.56.22 - - [17/Mar/2024:09:05:49 -0500] "GET /BLA/resoluciones/AUTOS%202021/0245.php?act=img&img=ext_rtf HTTP/1.1" 200 164
47.128.56.22 - - [17/Mar/2024:09:05:49 -0500] "GET /BLA/resoluciones/AUTOS%202021/0245.php?act=img&img=ext_txt HTTP/1.1" 200 132
201.245.192.253 - - [17/Mar/2024:09:05:52 -0500] "POST /forms/lservlet;jsessionid=ac16012b30d672fb2ec093aa4748bf0691d1e088fe72.e3iSbxaKaheRe3iNc3uNbNmQay1ynknvrkLOlQzNp65In0 HTTP/1.1" 200 2
201.245.192.253 - - [17/Mar/2024:09:06:33 -0500] "POST /forms/lservlet;jsessionid=ac16012b30d60c378208792d4757a508e4811830dca4.e3iSbxaKaheRe3iNc3uNbNmQay1ynknvrkLOlQzNp65In0 HTTP/1.1" 200 2
66.249.66.19 - - [17/Mar/2024:09:07:47 -0500] "GET /BLA/resoluciones/RESOLUCIONES%202016/1617.pdf HTTP/1.1" 200 2202343
201.245.192.253 - - [17/Mar/2024:09:07:52 -0500] "POST /forms/lservlet;jsessionid=ac16012b30d672fb2ec093aa4748bf0691d1e088fe72.e3iSbxaKaheRe3iNc3uNbNmQay1ynknvrkLOlQzNp65In0 HTTP/1.1" 200 2
173.252.95.17 - - [17/Mar/2024:09:08:32 -0500] "GET /secretaria-de-ambiente-y-universidad-de-la-salle-firman-acuerdo-de-conservacion-en-17-hectareas.html HTTP/1.1" 200 990
173.252.95.4 - - [17/Mar/2024:09:08:32 -0500] "GET /secretaria-de-ambiente-y-universidad-de-la-salle-firman-acuerdo-de-conservacion-en-17-hectareas.html HTTP/1.1" 200 990
201.245.192.253 - - [17/Mar/2024:09:08:33 -0500] "POST /forms/lservlet;jsessionid=ac16012b30d60c378208792d4757a508e4811830dca4.e3iSbxaKaheRe3iNc3uNbNmQay1ynknvrkLOlQzNp65In0 HTTP/1.1" 200 2
172.22.2.4 - - [17/Mar/2024:09:07:25 -0500] "HEAD /BLA/boletinlegal/ HTTP/1.1" 200 -
66.220.149.2 - - [17/Mar/2024:09:09:10 -0500] "GET /images/jardines-verticales-plantas-24-mayo.jpg HTTP/1.1" 200 148288
191.95.50.176 - - [17/Mar/2024:09:09:16 -0500] "GET /secretaria-de-ambiente-y-universidad-de-la-salle-firman-acuerdo-de-conservacion-en-17-hectareas.html?fbclid=IwAR2noXDJFbzf_5J0ljMf8LI9kLdfq7Op7Gf3tNPNAhoCCVFH1LE2wQyun_U HTTP/1.1" 200 990
201.245.192.253 - - [17/Mar/2024:09:09:52 -0500] "POST /forms/lservlet;jsessionid=ac16012b30d672fb2ec093aa4748bf0691d1e088fe72.e3iSbxaKaheRe3iNc3uNbNmQay1ynknvrkLOlQzNp65In0 HTTP/1.1" 200 2
172.22.2.4 - - [17/Mar/2024:09:08:16 -0500] "GET /BLA/boletinlegal/ HTTP/1.1" 200 58720
201.245.192.253 - - [17/Mar/2024:09:09:53 -0500] "POST /kwsrmcab/Wsrmcab  HTTP/1.1" 200 37824
66.220.149.15 - - [17/Mar/2024:09:10:14 -0500] "GET /images/eficiencia-energetica-11-marzo.jpg HTTP/1.1" 200 46478
201.245.192.253 - - [17/Mar/2024:09:10:33 -0500] "POST /forms/lservlet;jsessionid=ac16012b30d60c378208792d4757a508e4811830dca4.e3iSbxaKaheRe3iNc3uNbNmQay1ynknvrkLOlQzNp65In0 HTTP/1.1" 200 2
216.245.221.92 - - [17/Mar/2024:09:10:47 -0500] "HEAD / HTTP/1.1" 200 -
172.22.2.4 - - [17/Mar/2024:09:09:38 -0500] "HEAD /BLA/boletinlegal/ HTTP/1.1" 200 -
201.245.192.253 - - [17/Mar/2024:09:11:52 -0500] "POST /forms/lservlet;jsessionid=ac16012b30d672fb2ec093aa4748bf0691d1e088fe72.e3iSbxaKaheRe3iNc3uNbNmQay1ynknvrkLOlQzNp65In0 HTTP/1.1" 200 2
172.22.2.4 - - [17/Mar/2024:09:10:21 -0500] "GET /BLA/boletinlegal/ HTTP/1.1" 200 57889
201.245.192.253 - - [17/Mar/2024:09:12:33 -0500] "POST /forms/lservlet;jsessionid=ac16012b30d60c378208792d4757a508e4811830dca4.e3iSbxaKaheRe3iNc3uNbNmQay1ynknvrkLOlQzNp65In0 HTTP/1.1" 200 2
172.22.2.4 - - [17/Mar/2024:09:12:53 -0500] "GET /BLA/boletinlegal/robots.txt HTTP/1.1" 404 1038
172.22.2.4 - - [17/Mar/2024:09:12:54 -0500] "GET /BLA/boletinlegal/actos.php HTTP/1.1" 200 9738
172.22.2.4 - - [17/Mar/2024:09:12:55 -0500] "GET /BLA/boletinlegal/actos.php HTTP/1.1" 200 9738
172.22.2.4 - - [17/Mar/2024:09:12:55 -0500] "GET /BLA/boletinlegal/styles2.css HTTP/1.1" 200 1838
172.22.2.4 - - [17/Mar/2024:09:12:55 -0500] "GET /BLA/boletinlegal/niceforms-default.css HTTP/1.1" 200 6694
172.22.2.4 - - [17/Mar/2024:09:12:55 -0500] "GET /BLA/boletinlegal/style.css HTTP/1.1" 200 9406
172.22.2.4 - - [17/Mar/2024:09:12:56 -0500] "GET /BLA/boletinlegal/js/ajax_actos.js HTTP/1.1" 200 1322
172.22.2.4 - - [17/Mar/2024:09:12:56 -0500] "GET /BLA/boletinlegal/niceforms.js HTTP/1.1" 200 22876
172.22.2.4 - - [17/Mar/2024:09:12:56 -0500] "GET /BLA/boletinlegal/js/lib.js HTTP/1.1" 200 6474
172.22.2.4 - - [17/Mar/2024:09:12:56 -0500] "GET /BLA/boletinlegal/js/popup.js HTTP/1.1" 200 1270
172.22.2.4 - - [17/Mar/2024:09:12:56 -0500] "GET /BLA/boletinlegal/js/jquery1.js HTTP/1.1" 200 29846
172.22.2.4 - - [17/Mar/2024:09:12:56 -0500] "GET /BLA/boletinlegal/images/cabezote%20BLEGAL.jpg HTTP/1.1" 200 118164
172.22.2.4 - - [17/Mar/2024:09:12:56 -0500] "GET /BLA/boletinlegal/images/subscribe-icon-big.png HTTP/1.1" 200 47702
172.22.2.4 - - [17/Mar/2024:09:12:56 -0500] "GET /BLA/boletinlegal/images/historia.png HTTP/1.1" 200 52775
172.22.2.4 - - [17/Mar/2024:09:12:56 -0500] "GET /BLA/boletinlegal/images/tel.png HTTP/1.1" 200 14477
172.22.2.4 - - [17/Mar/2024:09:12:56 -0500] "GET /BLA/boletinlegal/images/registro-usuarios.png HTTP/1.1" 200 8106
172.22.2.4 - - [17/Mar/2024:09:12:56 -0500] "GET /BLA/boletinlegal/images/green-yellow-blue-pink-th.png HTTP/1.1" 200 7394
201.245.192.253 - - [17/Mar/2024:09:13:52 -0500] "POST /forms/lservlet;jsessionid=ac16012b30d672fb2ec093aa4748bf0691d1e088fe72.e3iSbxaKaheRe3iNc3uNbNmQay1ynknvrkLOlQzNp65In0 HTTP/1.1" 200 2
201.245.192.253 - - [17/Mar/2024:09:14:33 -0500] "POST /forms/lservlet;jsessionid=ac16012b30d60c378208792d4757a508e4811830dca4.e3iSbxaKaheRe3iNc3uNbNmQay1ynknvrkLOlQzNp65In0 HTTP/1.1" 200 2
201.245.192.253 - - [17/Mar/2024:09:14:52 -0500] "POST /kwsrmcab/Wsrmcab  HTTP/1.1" 200 37824
172.22.2.4 - - [17/Mar/2024:09:13:15 -0500] "HEAD /BLA/boletinlegal/ HTTP/1.1" 200 -
172.22.2.4 - - [17/Mar/2024:09:14:06 -0500] "GET /BLA/boletinlegal/ HTTP/1.1" 200 58273
216.245.221.92 - - [17/Mar/2024:09:15:47 -0500] "HEAD / HTTP/1.1" 200 -
201.245.192.253 - - [17/Mar/2024:09:15:52 -0500] "POST /forms/lservlet;jsessionid=ac16012b30d672fb2ec093aa4748bf0691d1e088fe72.e3iSbxaKaheRe3iNc3uNbNmQay1ynknvrkLOlQzNp65In0 HTTP/1.1" 200 2
201.245.192.253 - - [17/Mar/2024:09:16:33 -0500] "POST /forms/lservlet;jsessionid=ac16012b30d60c378208792d4757a508e4811830dca4.e3iSbxaKaheRe3iNc3uNbNmQay1ynknvrkLOlQzNp65In0 HTTP/1.1" 200 2
201.245.192.253 - - [17/Mar/2024:09:17:52 -0500] "POST /forms/lservlet;jsessionid=ac16012b30d672fb2ec093aa4748bf0691d1e088fe72.e3iSbxaKaheRe3iNc3uNbNmQay1ynknvrkLOlQzNp65In0 HTTP/1.1" 200 2
52.167.144.185 - - [17/Mar/2024:09:18:16 -0500] "GET /distrito-exalto-a-246-empresas-de-bogota-por-su-alto-desempeno-y-responsabilidad-ambiental-durante-2023.html HTTP/1.1" 200 1039
201.245.192.253 - - [17/Mar/2024:09:18:33 -0500] "POST /forms/lservlet;jsessionid=ac16012b30d60c378208792d4757a508e4811830dca4.e3iSbxaKaheRe3iNc3uNbNmQay1ynknvrkLOlQzNp65In0 HTTP/1.1" 200 2
201.245.192.253 - - [17/Mar/2024:09:19:18 -0500] "POST /kwsrmcab/Wsrmcab HTTP/1.1" 200 39333
201.245.192.253 - - [17/Mar/2024:09:19:47 -0500] "POST /kwsrmcab/Wsrmcab HTTP/1.1" 200 37036
201.245.192.253 - - [17/Mar/2024:09:19:47 -0500] "POST /kwsrmcab/Wsrmcab HTTP/1.1" 200 37704
201.245.192.253 - - [17/Mar/2024:09:19:51 -0500] "POST /kwsrmcab/Wsrmcab  HTTP/1.1" 200 37824
201.245.192.253 - - [17/Mar/2024:09:19:52 -0500] "POST /forms/lservlet;jsessionid=ac16012b30d672fb2ec093aa4748bf0691d1e088fe72.e3iSbxaKaheRe3iNc3uNbNmQay1ynknvrkLOlQzNp65In0 HTTP/1.1" 200 2
201.245.192.253 - - [17/Mar/2024:09:20:24 -0500] "POST /kwsrmcab/Wsrmcab HTTP/1.1" 200 37704
201.245.192.253 - - [17/Mar/2024:09:20:33 -0500] "POST /forms/lservlet;jsessionid=ac16012b30d60c378208792d4757a508e4811830dca4.e3iSbxaKaheRe3iNc3uNbNmQay1ynknvrkLOlQzNp65In0 HTTP/1.1" 200 2
172.22.2.4 - - [17/Mar/2024:09:19:05 -0500] "HEAD /BLA/boletinlegal/ HTTP/1.1" 200 -
216.245.221.92 - - [17/Mar/2024:09:20:47 -0500] "HEAD / HTTP/1.1" 200 -
52.22.236.30 - - [17/Mar/2024:09:20:50 -0500] "HEAD / HTTP/1.1" 200 -
172.22.2.4 - - [17/Mar/2024:09:19:56 -0500] "GET /BLA/boletinlegal/ HTTP/1.1" 200 57485
201.245.192.253 - - [17/Mar/2024:09:21:52 -0500] "POST /forms/lservlet;jsessionid=ac16012b30d672fb2ec093aa4748bf0691d1e088fe72.e3iSbxaKaheRe3iNc3uNbNmQay1ynknvrkLOlQzNp65In0 HTTP/1.1" 200 2
66.249.66.39 - - [17/Mar/2024:09:22:00 -0500] "GET /participa-en-la-cuarta-convocatoria-de-sembradoras-por-la-reactivaccion.html HTTP/1.1" 304 -
201.245.192.253 - - [17/Mar/2024:09:22:33 -0500] "POST /forms/lservlet;jsessionid=ac16012b30d60c378208792d4757a508e4811830dca4.e3iSbxaKaheRe3iNc3uNbNmQay1ynknvrkLOlQzNp65In0 HTTP/1.1" 200 2
172.22.2.4 - - [17/Mar/2024:09:21:49 -0500] "GET /BLA/boletinlegal/ HTTP/1.1" 200 55442
201.245.192.253 - - [17/Mar/2024:09:23:52 -0500] "POST /forms/lservlet;jsessionid=ac16012b30d672fb2ec093aa4748bf0691d1e088fe72.e3iSbxaKaheRe3iNc3uNbNmQay1ynknvrkLOlQzNp65In0 HTTP/1.1" 200 2
172.22.2.4 - - [17/Mar/2024:09:22:50 -0500] "GET /BLA/boletinlegal/ HTTP/1.1" 200 55442
201.245.192.253 - - [17/Mar/2024:09:24:33 -0500] "POST /forms/lservlet;jsessionid=ac16012b30d60c378208792d4757a508e4811830dca4.e3iSbxaKaheRe3iNc3uNbNmQay1ynknvrkLOlQzNp65In0 HTTP/1.1" 200 2
201.245.192.253 - - [17/Mar/2024:09:24:49 -0500] "POST /kwsrmcab/Wsrmcab  HTTP/1.1" 200 37824
216.245.221.92 - - [17/Mar/2024:09:25:47 -0500] "HEAD / HTTP/1.1" 200 -
201.245.192.253 - - [17/Mar/2024:09:25:52 -0500] "POST /forms/lservlet;jsessionid=ac16012b30d672fb2ec093aa4748bf0691d1e088fe72.e3iSbxaKaheRe3iNc3uNbNmQay1ynknvrkLOlQzNp65In0 HTTP/1.1" 200 2
201.245.192.253 - - [17/Mar/2024:09:26:33 -0500] "POST /forms/lservlet;jsessionid=ac16012b30d60c378208792d4757a508e4811830dca4.e3iSbxaKaheRe3iNc3uNbNmQay1ynknvrkLOlQzNp65In0 HTTP/1.1" 200 2
172.22.2.4 - - [17/Mar/2024:09:24:55 -0500] "HEAD /BLA/boletinlegal/ HTTP/1.1" 200 -
172.22.2.4 - - [17/Mar/2024:09:25:46 -0500] "GET /BLA/boletinlegal/ HTTP/1.1" 200 58273
201.245.192.253 - - [17/Mar/2024:09:27:52 -0500] "POST /forms/lservlet;jsessionid=ac16012b30d672fb2ec093aa4748bf0691d1e088fe72.e3iSbxaKaheRe3iNc3uNbNmQay1ynknvrkLOlQzNp65In0 HTTP/1.1" 200 2
201.245.192.253 - - [17/Mar/2024:09:28:33 -0500] "POST /forms/lservlet;jsessionid=ac16012b30d60c378208792d4757a508e4811830dca4.e3iSbxaKaheRe3iNc3uNbNmQay1ynknvrkLOlQzNp65In0 HTTP/1.1" 200 2
40.77.167.54 - - [17/Mar/2024:09:29:06 -0500] "GET /BLA/resoluciones/AUTOS%202022/8494.pdf HTTP/1.1" 304 -
201.245.192.253 - - [17/Mar/2024:09:29:18 -0500] "POST /kwsrmcab/Wsrmcab HTTP/1.1" 200 39333
201.245.192.253 - - [17/Mar/2024:09:29:46 -0500] "POST /kwsrmcab/Wsrmcab HTTP/1.1" 200 37704
201.245.192.253 - - [17/Mar/2024:09:29:47 -0500] "POST /kwsrmcab/Wsrmcab  HTTP/1.1" 200 37824
201.245.192.253 - - [17/Mar/2024:09:29:47 -0500] "POST /kwsrmcab/Wsrmcab HTTP/1.1" 200 37036
201.245.192.253 - - [17/Mar/2024:09:29:52 -0500] "POST /forms/lservlet;jsessionid=ac16012b30d672fb2ec093aa4748bf0691d1e088fe72.e3iSbxaKaheRe3iNc3uNbNmQay1ynknvrkLOlQzNp65In0 HTTP/1.1" 200 2
181.61.157.160 - - [17/Mar/2024:09:30:07 -0500] "GET /sipse/faces/faces/ HTTP/1.1" 302 -
181.61.157.160 - - [17/Mar/2024:09:30:07 -0500] "GET /sipse/faces/autenticacion.xhtml HTTP/1.1" 200 12403
181.61.157.160 - - [17/Mar/2024:09:30:07 -0500] "GET /sipse/faces/javax.faces.resource/primefaces.css?ln=primefaces&v=4.0 HTTP/1.1" 304 -
181.61.157.160 - - [17/Mar/2024:09:30:07 -0500] "GET /sipse/faces/javax.faces.resource/theme.css?ln=primefaces-sipse HTTP/1.1" 304 -
181.61.157.160 - - [17/Mar/2024:09:30:07 -0500] "GET /sipse/faces/javax.faces.resource/layout/layout.css?ln=primefaces&v=4.0 HTTP/1.1" 304 -
181.61.157.160 - - [17/Mar/2024:09:30:07 -0500] "GET /sipse/faces/javax.faces.resource/jquery/jquery.js?ln=primefaces&v=4.0 HTTP/1.1" 304 -
181.61.157.160 - - [17/Mar/2024:09:30:07 -0500] "GET /sipse/faces/javax.faces.resource/jquery/jquery-plugins.js?ln=primefaces&v=4.0 HTTP/1.1" 304 -
181.61.157.160 - - [17/Mar/2024:09:30:07 -0500] "GET /sipse/faces/javax.faces.resource/primefaces.js?ln=primefaces&v=4.0 HTTP/1.1" 304 -
181.61.157.160 - - [17/Mar/2024:09:30:07 -0500] "GET /sipse/faces/javax.faces.resource/layout/layout.js?ln=primefaces&v=4.0 HTTP/1.1" 304 -
181.61.157.160 - - [17/Mar/2024:09:30:07 -0500] "GET /sipse/faces/javax.faces.resource/images/ui-icons_898989_256x240.png?ln=primefaces-aristo HTTP/1.1" 304 -
181.61.157.160 - - [17/Mar/2024:09:30:07 -0500] "GET /sipse/faces/index.xhtml HTTP/1.1" 200 677
181.61.157.160 - - [17/Mar/2024:09:30:07 -0500] "GET /sipse/faces/javax.faces.resource/theme.css?ln=primefaces-sipse HTTP/1.1" 304 -
181.61.157.160 - - [17/Mar/2024:09:30:08 -0500] "GET /sipse/faces/faces/autenticacion.xhtml HTTP/1.1" 200 12403
181.61.157.160 - - [17/Mar/2024:09:30:08 -0500] "GET /sipse/faces/javax.faces.resource/primefaces.css?ln=primefaces&v=4.0 HTTP/1.1" 304 -
181.61.157.160 - - [17/Mar/2024:09:30:08 -0500] "GET /sipse/faces/javax.faces.resource/layout/layout.css?ln=primefaces&v=4.0 HTTP/1.1" 304 -
181.61.157.160 - - [17/Mar/2024:09:30:08 -0500] "GET /sipse/faces/javax.faces.resource/theme.css?ln=primefaces-sipse HTTP/1.1" 304 -
181.61.157.160 - - [17/Mar/2024:09:30:08 -0500] "GET /sipse/faces/javax.faces.resource/jquery/jquery.js?ln=primefaces&v=4.0 HTTP/1.1" 304 -
181.61.157.160 - - [17/Mar/2024:09:30:08 -0500] "GET /sipse/faces/javax.faces.resource/jquery/jquery-plugins.js?ln=primefaces&v=4.0 HTTP/1.1" 304 -
181.61.157.160 - - [17/Mar/2024:09:30:08 -0500] "GET /sipse/faces/javax.faces.resource/primefaces.js?ln=primefaces&v=4.0 HTTP/1.1" 304 -
181.61.157.160 - - [17/Mar/2024:09:30:08 -0500] "GET /sipse/faces/javax.faces.resource/layout/layout.js?ln=primefaces&v=4.0 HTTP/1.1" 304 -
181.61.157.160 - - [17/Mar/2024:09:30:11 -0500] "POST /sipse/faces/autenticacion.xhtml HTTP/1.1" 200 16283
181.61.157.160 - - [17/Mar/2024:09:30:12 -0500] "GET /sipse/faces/javax.faces.resource/theme.css?ln=primefaces-sipse HTTP/1.1" 304 -
181.61.157.160 - - [17/Mar/2024:09:30:12 -0500] "GET /sipse/faces/javax.faces.resource/layout/layout.css?ln=primefaces&v=4.0 HTTP/1.1" 304 -
181.61.157.160 - - [17/Mar/2024:09:30:12 -0500] "GET /sipse/faces/javax.faces.resource/primefaces.css?ln=primefaces&v=4.0 HTTP/1.1" 304 -
181.61.157.160 - - [17/Mar/2024:09:30:12 -0500] "GET /sipse/faces/javax.faces.resource/jquery/jquery.js?ln=primefaces&v=4.0 HTTP/1.1" 304 -
181.61.157.160 - - [17/Mar/2024:09:30:12 -0500] "GET /sipse/faces/javax.faces.resource/jquery/jquery-plugins.js?ln=primefaces&v=4.0 HTTP/1.1" 304 -
181.61.157.160 - - [17/Mar/2024:09:30:13 -0500] "GET /sipse/faces/javax.faces.resource/primefaces.js?ln=primefaces&v=4.0 HTTP/1.1" 304 -
181.61.157.160 - - [17/Mar/2024:09:30:13 -0500] "GET /sipse/faces/javax.faces.resource/layout/layout.js?ln=primefaces&v=4.0 HTTP/1.1" 304 -
181.61.157.160 - - [17/Mar/2024:09:30:13 -0500] "GET /sipse/css/imagen/contrasena.png HTTP/1.1" 404 383
181.61.157.160 - - [17/Mar/2024:09:30:13 -0500] "GET /sipse/faces/javax.faces.resource/messages/messages.png?ln=primefaces&v=4.0 HTTP/1.1" 304 -
181.61.157.160 - - [17/Mar/2024:09:30:15 -0500] "GET /sipse/faces/javax.faces.resource/images/ui-bg_flat_0_2d5972_40x100.png?ln=primefaces-aristo HTTP/1.1" 304 -
181.61.157.160 - - [17/Mar/2024:09:30:15 -0500] "POST /sipse/faces/bienvenido.xhtml HTTP/1.1" 200 1471
181.61.157.160 - - [17/Mar/2024:09:30:16 -0500] "POST /sipse/faces/bienvenido.xhtml HTTP/1.1" 200 61642
181.61.157.160 - - [17/Mar/2024:09:30:17 -0500] "GET /sipse/faces/javax.faces.resource/theme.css?ln=primefaces-sipse HTTP/1.1" 304 -
181.61.157.160 - - [17/Mar/2024:09:30:17 -0500] "GET /sipse/faces/javax.faces.resource/primefaces.css?ln=primefaces&v=4.0 HTTP/1.1" 304 -
181.61.157.160 - - [17/Mar/2024:09:30:17 -0500] "GET /sipse/faces/javax.faces.resource/layout/layout.css?ln=primefaces&v=4.0 HTTP/1.1" 304 -
181.61.157.160 - - [17/Mar/2024:09:30:17 -0500] "GET /sipse/faces/javax.faces.resource/jquery/jquery.js?ln=primefaces&v=4.0 HTTP/1.1" 304 -
181.61.157.160 - - [17/Mar/2024:09:30:17 -0500] "GET /sipse/faces/javax.faces.resource/jquery/jquery-plugins.js?ln=primefaces&v=4.0 HTTP/1.1" 304 -
181.61.157.160 - - [17/Mar/2024:09:30:18 -0500] "GET /sipse/faces/javax.faces.resource/primefaces.js?ln=primefaces&v=4.0 HTTP/1.1" 304 -
181.61.157.160 - - [17/Mar/2024:09:30:18 -0500] "GET /sipse/faces/javax.faces.resource/layout/layout.js?ln=primefaces&v=4.0 HTTP/1.1" 304 -
181.61.157.160 - - [17/Mar/2024:09:30:18 -0500] "POST /sipse/faces/presentacion/financiero/solicitudProceso/listarSolicitudProceso.xhtml HTTP/1.1" 200 1556
201.245.192.253 - - [17/Mar/2024:09:30:33 -0500] "POST /forms/lservlet;jsessionid=ac16012b30d60c378208792d4757a508e4811830dca4.e3iSbxaKaheRe3iNc3uNbNmQay1ynknvrkLOlQzNp65In0 HTTP/1.1" 200 2
216.245.221.92 - - [17/Mar/2024:09:30:47 -0500] "HEAD / HTTP/1.1" 200 -
181.61.157.160 - - [17/Mar/2024:09:30:50 -0500] "POST /sipse/faces/presentacion/financiero/solicitudProceso/listarSolicitudProceso.xhtml HTTP/1.1" 200 25847
181.61.157.160 - - [17/Mar/2024:09:30:55 -0500] "POST /sipse/faces/presentacion/financiero/solicitudProceso/listarSolicitudProceso.xhtml HTTP/1.1" 200 19718
181.61.157.160 - - [17/Mar/2024:09:30:59 -0500] "POST /sipse/faces/presentacion/financiero/solicitudProceso/listarSolicitudProceso.xhtml HTTP/1.1" 200 4880
216.244.66.195 - - [17/Mar/2024:09:31:01 -0500] "GET /BLA/resoluciones/AUTOS%202010/6925.pdf HTTP/1.1" 200 309488
181.61.157.160 - - [17/Mar/2024:09:31:02 -0500] "POST /sipse/faces/presentacion/financiero/solicitudProceso/listarSolicitudProceso.xhtml HTTP/1.1" 200 10893
181.61.157.160 - - [17/Mar/2024:09:31:07 -0500] "POST /sipse/faces/presentacion/financiero/solicitudProceso/listarSolicitudProceso.xhtml HTTP/1.1" 200 11010
181.61.157.160 - - [17/Mar/2024:09:31:11 -0500] "POST /sipse/faces/presentacion/financiero/solicitudProceso/listarSolicitudProceso.xhtml HTTP/1.1" 200 25855
181.61.157.160 - - [17/Mar/2024:09:31:23 -0500] "POST /sipse/faces/presentacion/financiero/solicitudProceso/listarSolicitudProceso.xhtml HTTP/1.1" 200 19706
207.46.13.141 - - [17/Mar/2024:09:31:37 -0500] "GET /sipse/faces/index.xhtml HTTP/1.1" 200 677
201.245.192.253 - - [17/Mar/2024:09:31:52 -0500] "POST /forms/lservlet;jsessionid=ac16012b30d672fb2ec093aa4748bf0691d1e088fe72.e3iSbxaKaheRe3iNc3uNbNmQay1ynknvrkLOlQzNp65In0 HTTP/1.1" 200 2
201.245.192.253 - - [17/Mar/2024:09:30:25 -0500] "POST /kwsrmcab/Wsrmcab HTTP/1.1" 200 28386
172.22.2.4 - - [17/Mar/2024:09:30:45 -0500] "HEAD /BLA/boletinlegal/ HTTP/1.1" 200 -
181.53.12.90 - - [17/Mar/2024:09:32:30 -0500] "GET /sipse/faces/index.xhtml HTTP/1.1" 200 677
181.53.12.90 - - [17/Mar/2024:09:32:30 -0500] "GET /sipse/faces/javax.faces.resource/theme.css?ln=primefaces-sipse HTTP/1.1" 304 -
181.53.12.90 - - [17/Mar/2024:09:32:30 -0500] "GET /sipse/faces/faces/autenticacion.xhtml HTTP/1.1" 200 12403
181.53.12.90 - - [17/Mar/2024:09:32:30 -0500] "GET /sipse/js/disable_browser_buttons.js HTTP/1.1" 304 -
181.53.12.90 - - [17/Mar/2024:09:32:31 -0500] "GET /sipse/css/custom_css_sg_prime_login.css HTTP/1.1" 304 -
181.53.12.90 - - [17/Mar/2024:09:32:31 -0500] "GET /sipse/faces/javax.faces.resource/theme.css?ln=primefaces-sipse HTTP/1.1" 304 -
181.53.12.90 - - [17/Mar/2024:09:32:31 -0500] "GET /sipse/faces/javax.faces.resource/layout/layout.css?ln=primefaces&v=4.0 HTTP/1.1" 304 -
181.53.12.90 - - [17/Mar/2024:09:32:31 -0500] "GET /sipse/faces/javax.faces.resource/primefaces.css?ln=primefaces&v=4.0 HTTP/1.1" 304 -
181.53.12.90 - - [17/Mar/2024:09:32:31 -0500] "GET /sipse/css/custom_css_sg.css HTTP/1.1" 304 -
181.53.12.90 - - [17/Mar/2024:09:32:31 -0500] "GET /sipse/js/funciones.js HTTP/1.1" 304 -
181.53.12.90 - - [17/Mar/2024:09:32:31 -0500] "GET /sipse/faces/javax.faces.resource/jquery/jquery.js?ln=primefaces&v=4.0 HTTP/1.1" 304 -
181.53.12.90 - - [17/Mar/2024:09:32:31 -0500] "GET /sipse/faces/javax.faces.resource/jquery/jquery-plugins.js?ln=primefaces&v=4.0 HTTP/1.1" 304 -
181.53.12.90 - - [17/Mar/2024:09:32:31 -0500] "GET /sipse/faces/javax.faces.resource/primefaces.js?ln=primefaces&v=4.0 HTTP/1.1" 304 -
181.53.12.90 - - [17/Mar/2024:09:32:31 -0500] "GET /sipse/faces/javax.faces.resource/layout/layout.js?ln=primefaces&v=4.0 HTTP/1.1" 304 -
181.53.12.90 - - [17/Mar/2024:09:32:31 -0500] "GET /sipse/css/imagen/logoSDG.png HTTP/1.1" 304 -
181.53.12.90 - - [17/Mar/2024:09:32:31 -0500] "GET /sipse/css/imagen/loginimg.png HTTP/1.1" 304 -
181.53.12.90 - - [17/Mar/2024:09:32:31 -0500] "GET /sipse/faces/javax.faces.resource/images/ui-icons_898989_256x240.png?ln=primefaces-aristo HTTP/1.1" 304 -
201.245.192.253 - - [17/Mar/2024:09:32:33 -0500] "POST /forms/lservlet;jsessionid=ac16012b30d60c378208792d4757a508e4811830dca4.e3iSbxaKaheRe3iNc3uNbNmQay1ynknvrkLOlQzNp65In0 HTTP/1.1" 200 2
181.53.12.90 - - [17/Mar/2024:09:32:34 -0500] "POST /sipse/faces/autenticacion.xhtml HTTP/1.1" 200 16293
181.53.12.90 - - [17/Mar/2024:09:32:34 -0500] "GET /sipse/css/custom_css_sg_prime.css HTTP/1.1" 304 -
181.53.12.90 - - [17/Mar/2024:09:32:34 -0500] "GET /sipse/faces/javax.faces.resource/layout/layout.css?ln=primefaces&v=4.0 HTTP/1.1" 304 -
181.53.12.90 - - [17/Mar/2024:09:32:34 -0500] "GET /sipse/js/jquery.min.js HTTP/1.1" 304 -
181.53.12.90 - - [17/Mar/2024:09:32:34 -0500] "GET /sipse/faces/javax.faces.resource/theme.css?ln=primefaces-sipse HTTP/1.1" 304 -
181.53.12.90 - - [17/Mar/2024:09:32:34 -0500] "GET /sipse/faces/javax.faces.resource/primefaces.css?ln=primefaces&v=4.0 HTTP/1.1" 304 -
181.53.12.90 - - [17/Mar/2024:09:32:35 -0500] "GET /sipse/faces/javax.faces.resource/jquery/jquery.js?ln=primefaces&v=4.0 HTTP/1.1" 304 -
181.53.12.90 - - [17/Mar/2024:09:32:35 -0500] "GET /sipse/faces/javax.faces.resource/jquery/jquery-plugins.js?ln=primefaces&v=4.0 HTTP/1.1" 304 -
181.53.12.90 - - [17/Mar/2024:09:32:35 -0500] "GET /sipse/faces/javax.faces.resource/primefaces.js?ln=primefaces&v=4.0 HTTP/1.1" 304 -
181.53.12.90 - - [17/Mar/2024:09:32:35 -0500] "GET /sipse/faces/javax.faces.resource/layout/layout.js?ln=primefaces&v=4.0 HTTP/1.1" 304 -
181.53.12.90 - - [17/Mar/2024:09:32:35 -0500] "GET /sipse/css/v_mergente.css HTTP/1.1" 304 -
181.53.12.90 - - [17/Mar/2024:09:32:35 -0500] "GET /sipse/imagenes/cargando.gif HTTP/1.1" 304 -
181.53.12.90 - - [17/Mar/2024:09:32:35 -0500] "GET /sipse/imagenes/logoAplicacion.jpg HTTP/1.1" 304 -
181.53.12.90 - - [17/Mar/2024:09:32:35 -0500] "GET /sipse/css/imagen/contrasena.png HTTP/1.1" 404 383
181.53.12.90 - - [17/Mar/2024:09:32:35 -0500] "GET /sipse/faces/javax.faces.resource/messages/messages.png?ln=primefaces&v=4.0 HTTP/1.1" 304 -
181.53.12.90 - - [17/Mar/2024:09:32:37 -0500] "GET /sipse/faces/javax.faces.resource/images/ui-bg_flat_0_2d5972_40x100.png?ln=primefaces-aristo HTTP/1.1" 304 -
181.53.12.90 - - [17/Mar/2024:09:32:37 -0500] "POST /sipse/faces/bienvenido.xhtml HTTP/1.1" 200 1471
181.53.12.90 - - [17/Mar/2024:09:32:38 -0500] "POST /sipse/faces/bienvenido.xhtml HTTP/1.1" 200 64052
181.53.12.90 - - [17/Mar/2024:09:32:38 -0500] "GET /sipse/faces/javax.faces.resource/primefaces.css?ln=primefaces&v=4.0 HTTP/1.1" 304 -
181.53.12.90 - - [17/Mar/2024:09:32:38 -0500] "GET /sipse/faces/javax.faces.resource/theme.css?ln=primefaces-sipse HTTP/1.1" 304 -
181.53.12.90 - - [17/Mar/2024:09:32:38 -0500] "GET /sipse/faces/javax.faces.resource/layout/layout.css?ln=primefaces&v=4.0 HTTP/1.1" 304 -
181.53.12.90 - - [17/Mar/2024:09:32:38 -0500] "GET /sipse/faces/javax.faces.resource/jquery/jquery.js?ln=primefaces&v=4.0 HTTP/1.1" 304 -
181.53.12.90 - - [17/Mar/2024:09:32:38 -0500] "GET /sipse/faces/javax.faces.resource/jquery/jquery-plugins.js?ln=primefaces&v=4.0 HTTP/1.1" 304 -
181.53.12.90 - - [17/Mar/2024:09:32:38 -0500] "GET /sipse/faces/javax.faces.resource/primefaces.js?ln=primefaces&v=4.0 HTTP/1.1" 304 -
181.53.12.90 - - [17/Mar/2024:09:32:38 -0500] "GET /sipse/faces/javax.faces.resource/layout/layout.js?ln=primefaces&v=4.0 HTTP/1.1" 304 -
181.53.12.90 - - [17/Mar/2024:09:32:38 -0500] "POST /sipse/faces/presentacion/financiero/solicitudProceso/listarSolicitudProceso.xhtml HTTP/1.1" 200 1556
181.53.12.90 - - [17/Mar/2024:09:32:42 -0500] "POST /sipse/faces/presentacion/financiero/solicitudProceso/listarSolicitudProceso.xhtml HTTP/1.1" 200 4728
172.22.2.4 - - [17/Mar/2024:09:31:36 -0500] "GET /BLA/boletinlegal/ HTTP/1.1" 200 58720
181.53.12.90 - - [17/Mar/2024:09:33:47 -0500] "POST /sipse/faces/presentacion/financiero/solicitudProceso/listarSolicitudProceso.xhtml HTTP/1.1" 200 31775
201.245.192.253 - - [17/Mar/2024:09:33:52 -0500] "POST /forms/lservlet;jsessionid=ac16012b30d672fb2ec093aa4748bf0691d1e088fe72.e3iSbxaKaheRe3iNc3uNbNmQay1ynknvrkLOlQzNp65In0 HTTP/1.1" 200 2
181.53.12.90 - - [17/Mar/2024:09:33:59 -0500] "POST /sipse/faces/presentacion/financiero/solicitudProceso/listarSolicitudProceso.xhtml HTTP/1.1" 200 32124
201.245.192.253 - - [17/Mar/2024:09:34:33 -0500] "POST /forms/lservlet;jsessionid=ac16012b30d60c378208792d4757a508e4811830dca4.e3iSbxaKaheRe3iNc3uNbNmQay1ynknvrkLOlQzNp65In0 HTTP/1.1" 200 2
201.245.192.253 - - [17/Mar/2024:09:34:46 -0500] "POST /kwsrmcab/Wsrmcab  HTTP/1.1" 200 37824
181.53.12.90 - - [17/Mar/2024:09:34:54 -0500] "POST /sipse/faces/presentacion/financiero/solicitudProceso/listarSolicitudProceso.xhtml HTTP/1.1" 200 5638
181.53.12.90 - - [17/Mar/2024:09:34:58 -0500] "POST /sipse/faces/presentacion/financiero/solicitudProceso/listarSolicitudProceso.xhtml HTTP/1.1" 200 144150
181.53.12.90 - - [17/Mar/2024:09:34:59 -0500] "GET /sipse/faces/javax.faces.resource/theme.css?ln=primefaces-sipse HTTP/1.1" 304 -
181.53.12.90 - - [17/Mar/2024:09:34:59 -0500] "GET /sipse/faces/javax.faces.resource/layout/layout.css?ln=primefaces&v=4.0 HTTP/1.1" 304 -
181.53.12.90 - - [17/Mar/2024:09:34:59 -0500] "GET /sipse/faces/javax.faces.resource/jquery/jquery.js?ln=primefaces&v=4.0 HTTP/1.1" 304 -
181.53.12.90 - - [17/Mar/2024:09:34:59 -0500] "GET /sipse/faces/javax.faces.resource/primefaces.css?ln=primefaces&v=4.0 HTTP/1.1" 304 -
181.53.12.90 - - [17/Mar/2024:09:34:59 -0500] "GET /sipse/faces/javax.faces.resource/jquery/jquery-plugins.js?ln=primefaces&v=4.0 HTTP/1.1" 304 -
181.53.12.90 - - [17/Mar/2024:09:35:00 -0500] "GET /sipse/faces/javax.faces.resource/primefaces.js?ln=primefaces&v=4.0 HTTP/1.1" 304 -
181.53.12.90 - - [17/Mar/2024:09:35:00 -0500] "GET /sipse/faces/javax.faces.resource/layout/layout.js?ln=primefaces&v=4.0 HTTP/1.1" 304 -
40.77.188.175 - - [17/Mar/2024:09:35:11 -0500] "GET /distrito-exalto-a-246-empresas-de-bogota-por-su-alto-desempeno-y-responsabilidad-ambiental-durante-2023.html HTTP/1.1" 200 1039
181.61.157.160 - - [17/Mar/2024:09:35:43 -0500] "GET /sipse/faces/javax.faces.resource/images/ui-icons_898989_256x240.png?ln=primefaces-aristo HTTP/1.1" 304 -
181.61.157.160 - - [17/Mar/2024:09:35:43 -0500] "POST /sipse/faces/presentacion/financiero/solicitudProceso/listarSolicitudProceso.xhtml HTTP/1.1" 200 141557
181.61.157.160 - - [17/Mar/2024:09:35:45 -0500] "GET /sipse/faces/javax.faces.resource/theme.css?ln=primefaces-sipse HTTP/1.1" 304 -
181.61.157.160 - - [17/Mar/2024:09:35:45 -0500] "GET /sipse/faces/javax.faces.resource/primefaces.css?ln=primefaces&v=4.0 HTTP/1.1" 304 -
181.61.157.160 - - [17/Mar/2024:09:35:45 -0500] "GET /sipse/faces/javax.faces.resource/layout/layout.css?ln=primefaces&v=4.0 HTTP/1.1" 304 -
181.61.157.160 - - [17/Mar/2024:09:35:45 -0500] "GET /sipse/faces/javax.faces.resource/jquery/jquery.js?ln=primefaces&v=4.0 HTTP/1.1" 304 -
181.61.157.160 - - [17/Mar/2024:09:35:45 -0500] "GET /sipse/faces/javax.faces.resource/jquery/jquery-plugins.js?ln=primefaces&v=4.0 HTTP/1.1" 304 -
181.61.157.160 - - [17/Mar/2024:09:35:45 -0500] "GET /sipse/faces/javax.faces.resource/primefaces.js?ln=primefaces&v=4.0 HTTP/1.1" 304 -
181.61.157.160 - - [17/Mar/2024:09:35:45 -0500] "GET /sipse/faces/javax.faces.resource/layout/layout.js?ln=primefaces&v=4.0 HTTP/1.1" 304 -
216.245.221.92 - - [17/Mar/2024:09:35:47 -0500] "HEAD / HTTP/1.1" 200 -
201.245.192.253 - - [17/Mar/2024:09:35:52 -0500] "POST /forms/lservlet;jsessionid=ac16012b30d672fb2ec093aa4748bf0691d1e088fe72.e3iSbxaKaheRe3iNc3uNbNmQay1ynknvrkLOlQzNp65In0 HTTP/1.1" 200 2
181.61.157.160 - - [17/Mar/2024:09:35:53 -0500] "POST /sipse/faces/presentacion/financiero/solicitudProceso/consultarSolicitudProceso.xhtml HTTP/1.1" 200 736159
66.249.66.166 - - [17/Mar/2024:09:35:57 -0500] "GET /portaldeninos/2021/06/01/agroecologia-tips-para-germinar-semillas-en-casa/ HTTP/1.1" 200 105801
66.249.66.167 - - [17/Mar/2024:09:36:00 -0500] "GET /portaldeninos/wp-content/themes/betheme/assets/animations/animations.min.css?ver=20.9.6 HTTP/1.1" 200 58508
66.249.66.165 - - [17/Mar/2024:09:36:01 -0500] "GET /portaldeninos/wp-includes/js/wp-embed.min.js?ver=4.9.8 HTTP/1.1" 200 1398
201.245.192.253 - - [17/Mar/2024:09:36:33 -0500] "POST /forms/lservlet;jsessionid=ac16012b30d60c378208792d4757a508e4811830dca4.e3iSbxaKaheRe3iNc3uNbNmQay1ynknvrkLOlQzNp65In0 HTTP/1.1" 200 2
66.249.66.19 - - [17/Mar/2024:09:37:43 -0500] "GET /BLA/resoluciones/RESOLUCIONES%202016/1617.pdf HTTP/1.1" 200 2202343
201.245.192.253 - - [17/Mar/2024:09:37:52 -0500] "POST /forms/lservlet;jsessionid=ac16012b30d672fb2ec093aa4748bf0691d1e088fe72.e3iSbxaKaheRe3iNc3uNbNmQay1ynknvrkLOlQzNp65In0 HTTP/1.1" 200 2
172.22.2.4 - - [17/Mar/2024:09:36:35 -0500] "HEAD /BLA/boletinlegal/ HTTP/1.1" 200 -
201.245.192.253 - - [17/Mar/2024:09:38:33 -0500] "POST /forms/lservlet;jsessionid=ac16012b30d60c378208792d4757a508e4811830dca4.e3iSbxaKaheRe3iNc3uNbNmQay1ynknvrkLOlQzNp65In0 HTTP/1.1" 200 2
47.128.47.54 - - [17/Mar/2024:09:38:39 -0500] "GET /BLA/resoluciones/AUTOS%202021/0245.php?act=chmod&d=E%3A%5Cnuevo%5Chtdocs%5CBLA%5Cresoluciones%5CAUTOS+2021&f=2985.pdf HTTP/1.1" 200 2902
172.22.2.4 - - [17/Mar/2024:09:37:26 -0500] "GET /BLA/boletinlegal/ HTTP/1.1" 200 58273
47.128.117.224 - - [17/Mar/2024:09:39:04 -0500] "GET /BLA/resoluciones/AUTOS%202021/0245.php?act=f&d=E%3A%5Cnuevo%5Chtdocs%5CBLA%5Cresoluciones%5CAUTOS+2021%5C&f=4430.pdf&ft=html&white=1 HTTP/1.1" 200 311497
157.55.39.54 - - [17/Mar/2024:09:39:08 -0500] "GET /BLA/resoluciones/RESOLUCIONES%202017/0073.pdf HTTP/1.1" 200 461898
47.128.126.16 - - [17/Mar/2024:09:39:28 -0500] "GET /BLA/resoluciones/AUTOS%202021/0245.php?act=f&d=E%3A%5Cnuevo%5Chtdocs%5CBLA%5Cresoluciones%5CAUTOS+2021&f=3938.pdf&ft=info HTTP/1.1" 200 3845
47.128.126.16 - - [17/Mar/2024:09:39:29 -0500] "GET /BLA/resoluciones/AUTOS%202021/0245.php?act=img&img=ext_diz HTTP/1.1" 200 1027
47.128.126.16 - - [17/Mar/2024:09:39:29 -0500] "GET /BLA/resoluciones/AUTOS%202021/0245.php?act=img&img=ext_pdf HTTP/1.1" 200 1034
47.128.126.16 - - [17/Mar/2024:09:39:29 -0500] "GET /BLA/resoluciones/AUTOS%202021/0245.php?act=img&img=ext_rtf HTTP/1.1" 200 164
47.128.126.16 - - [17/Mar/2024:09:39:29 -0500] "GET /BLA/resoluciones/AUTOS%202021/0245.php?act=img&img=ext_txt HTTP/1.1" 200 132
47.128.126.16 - - [17/Mar/2024:09:39:29 -0500] "GET /BLA/resoluciones/AUTOS%202021/0245.php?act=img&img=ext_html HTTP/1.1" 200 230
47.128.126.16 - - [17/Mar/2024:09:39:29 -0500] "GET /BLA/resoluciones/AUTOS%202021/0245.php?act=img&img=ext_exe HTTP/1.1" 200 118
47.128.126.16 - - [17/Mar/2024:09:39:30 -0500] "GET /BLA/resoluciones/AUTOS%202021/0245.php?act=img&img=ext_gif HTTP/1.1" 200 175
47.128.126.16 - - [17/Mar/2024:09:39:30 -0500] "GET /BLA/resoluciones/AUTOS%202021/0245.php?act=img&img=download HTTP/1.1" 200 161
47.128.126.16 - - [17/Mar/2024:09:39:30 -0500] "GET /BLA/resoluciones/AUTOS%202021/0245.php?act=img&img=ext_ini HTTP/1.1" 200 134
47.128.126.16 - - [17/Mar/2024:09:39:30 -0500] "GET /BLA/resoluciones/AUTOS%202021/0245.php?act=img&img=change HTTP/1.1" 200 290
201.245.192.253 - - [17/Mar/2024:09:39:18 -0500] "POST /kwsrmcab/Wsrmcab HTTP/1.1" 200 39333
201.245.192.253 - - [17/Mar/2024:09:39:44 -0500] "POST /kwsrmcab/Wsrmcab HTTP/1.1" 200 37704
201.245.192.253 - - [17/Mar/2024:09:39:45 -0500] "POST /kwsrmcab/Wsrmcab  HTTP/1.1" 200 37824
201.245.192.253 - - [17/Mar/2024:09:39:47 -0500] "POST /kwsrmcab/Wsrmcab HTTP/1.1" 200 37036
47.128.61.21 - - [17/Mar/2024:09:39:51 -0500] "GET /BLA/resoluciones/AUTOS%202021/0245.php?act=f&d=E%3A%5Cnuevo%5Chtdocs%5CBLA%5Cresoluciones%5CAUTOS+2021%5C&f=1661.pdf&ft=info HTTP/1.1" 200 3846
47.128.61.21 - - [17/Mar/2024:09:39:52 -0500] "GET /BLA/resoluciones/AUTOS%202021/0245.php?act=img&img=ext_exe HTTP/1.1" 200 118
47.128.61.21 - - [17/Mar/2024:09:39:52 -0500] "GET /BLA/resoluciones/AUTOS%202021/0245.php?act=img&img=ext_diz HTTP/1.1" 200 1027
47.128.61.21 - - [17/Mar/2024:09:39:52 -0500] "GET /BLA/resoluciones/AUTOS%202021/0245.php?act=img&img=ext_pdf HTTP/1.1" 200 1034
47.128.61.21 - - [17/Mar/2024:09:39:52 -0500] "GET /BLA/resoluciones/AUTOS%202021/0245.php?act=img&img=ext_html HTTP/1.1" 200 230
47.128.61.21 - - [17/Mar/2024:09:39:52 -0500] "GET /BLA/resoluciones/AUTOS%202021/0245.php?act=img&img=ext_gif HTTP/1.1" 200 175
47.128.61.21 - - [17/Mar/2024:09:39:52 -0500] "GET /BLA/resoluciones/AUTOS%202021/0245.php?act=img&img=ext_txt HTTP/1.1" 200 132
47.128.61.21 - - [17/Mar/2024:09:39:52 -0500] "GET /BLA/resoluciones/AUTOS%202021/0245.php?act=img&img=ext_ini HTTP/1.1" 200 134
47.128.61.21 - - [17/Mar/2024:09:39:52 -0500] "GET /BLA/resoluciones/AUTOS%202021/0245.php?act=img&img=download HTTP/1.1" 200 161
47.128.61.21 - - [17/Mar/2024:09:39:52 -0500] "GET /BLA/resoluciones/AUTOS%202021/0245.php?act=img&img=ext_rtf HTTP/1.1" 200 164
47.128.61.21 - - [17/Mar/2024:09:39:52 -0500] "GET /BLA/resoluciones/AUTOS%202021/0245.php?act=img&img=change HTTP/1.1" 200 290
201.245.192.253 - - [17/Mar/2024:09:39:52 -0500] "POST /forms/lservlet;jsessionid=ac16012b30d672fb2ec093aa4748bf0691d1e088fe72.e3iSbxaKaheRe3iNc3uNbNmQay1ynknvrkLOlQzNp65In0 HTTP/1.1" 200 2
157.55.39.54 - - [17/Mar/2024:09:40:17 -0500] "GET /sipse/faces/faces/autenticacion.xhtml HTTP/1.1" 200 12725
201.245.192.253 - - [17/Mar/2024:09:40:33 -0500] "POST /forms/lservlet;jsessionid=ac16012b30d60c378208792d4757a508e4811830dca4.e3iSbxaKaheRe3iNc3uNbNmQay1ynknvrkLOlQzNp65In0 HTTP/1.1" 200 2
216.245.221.92 - - [17/Mar/2024:09:40:47 -0500] "HEAD / HTTP/1.1" 200 -
172.22.2.4 - - [17/Mar/2024:09:39:21 -0500] "HEAD /BLA/boletinlegal/ HTTP/1.1" 200 -
40.77.167.76 - - [17/Mar/2024:09:41:05 -0500] "GET /sipse/css/custom_css_sg.css HTTP/1.1" 200 9694
40.77.167.76 - - [17/Mar/2024:09:41:05 -0500] "GET /sipse/faces/javax.faces.resource/jquery/jquery-plugins.js;jsessionid=hpn9n3aDFXm9kRugdhHBVCpL.undefined?ln=primefaces&v=4.0 HTTP/1.1" 200 220526
40.77.167.76 - - [17/Mar/2024:09:41:06 -0500] "GET /sipse/faces/javax.faces.resource/primefaces.css;jsessionid=hpn9n3aDFXm9kRugdhHBVCpL.undefined?ln=primefaces&v=4.0 HTTP/1.1" 200 53295
40.77.167.76 - - [17/Mar/2024:09:41:06 -0500] "GET /sipse/faces/javax.faces.resource/theme.css?ln=primefaces-sipse HTTP/1.1" 200 50058
40.77.167.76 - - [17/Mar/2024:09:41:07 -0500] "GET /sipse/js/disable_browser_buttons.js HTTP/1.1" 200 3230
157.55.39.54 - - [17/Mar/2024:09:41:08 -0500] "GET /sipse/css/custom_css_sg_prime_login.css HTTP/1.1" 200 443
40.77.167.19 - - [17/Mar/2024:09:41:10 -0500] "GET /sipse/faces/javax.faces.resource/layout/layout.js;jsessionid=hpn9n3aDFXm9kRugdhHBVCpL.undefined?ln=primefaces&v=4.0 HTTP/1.1" 200 87560
40.77.167.19 - - [17/Mar/2024:09:41:10 -0500] "GET /sipse/faces/javax.faces.resource/primefaces.js;jsessionid=hpn9n3aDFXm9kRugdhHBVCpL.undefined?ln=primefaces&v=4.0 HTTP/1.1" 200 276924
40.77.167.19 - - [17/Mar/2024:09:41:11 -0500] "GET /sipse/js/funciones.js HTTP/1.1" 200 12592
201.245.192.253 - - [17/Mar/2024:09:40:24 -0500] "POST /kwsrmcab/Wsrmcab HTTP/1.1" 200 37704
201.245.192.253 - - [17/Mar/2024:09:41:12 -0500] "POST /kwsrmcab/Wsrmcab HTTP/1.1" 200 37704
201.245.192.253 - - [17/Mar/2024:09:41:12 -0500] "POST /kwsrmcab/Wsrmcab HTTP/1.1" 200 37711
157.55.39.54 - - [17/Mar/2024:09:41:18 -0500] "GET /sipse/faces/javax.faces.resource/jquery/jquery.js;jsessionid=hpn9n3aDFXm9kRugdhHBVCpL.undefined?ln=primefaces&v=4.0 HTTP/1.1" 200 105384
157.55.39.54 - - [17/Mar/2024:09:41:19 -0500] "GET /sipse/faces/javax.faces.resource/layout/layout.css;jsessionid=hpn9n3aDFXm9kRugdhHBVCpL.undefined?ln=primefaces&v=4.0 HTTP/1.1" 200 542
201.245.192.253 - - [17/Mar/2024:09:41:23 -0500] "POST /kwsrmcab/Wsrmcab HTTP/1.1" 200 37711
201.245.192.253 - - [17/Mar/2024:09:41:30 -0500] "POST /kwsrmcab/Wsrmcab HTTP/1.1" 200 37704
172.22.2.4 - - [17/Mar/2024:09:39:57 -0500] "GET /BLA/boletinlegal/ HTTP/1.1" 200 59583
201.245.192.253 - - [17/Mar/2024:09:41:39 -0500] "POST /kwsrmcab/Wsrmcab HTTP/1.1" 200 213
201.245.192.253 - - [17/Mar/2024:09:41:45 -0500] "POST /kwsrmcab/Wsrmcab HTTP/1.1" 200 213
201.245.192.253 - - [17/Mar/2024:09:41:52 -0500] "POST /forms/lservlet;jsessionid=ac16012b30d672fb2ec093aa4748bf0691d1e088fe72.e3iSbxaKaheRe3iNc3uNbNmQay1ynknvrkLOlQzNp65In0 HTTP/1.1" 200 2
201.245.192.253 - - [17/Mar/2024:09:41:57 -0500] "POST /kwsrmcab/Wsrmcab HTTP/1.1" 200 37694
201.245.192.253 - - [17/Mar/2024:09:42:03 -0500] "POST /kwsrmcab/Wsrmcab HTTP/1.1" 200 37682
181.61.157.160 - - [17/Mar/2024:09:42:07 -0500] "POST /sipse/faces/presentacion/financiero/solicitudProceso/consultarSolicitudProceso.xhtml HTTP/1.1" 200 86757
201.245.192.253 - - [17/Mar/2024:09:42:08 -0500] "POST /kwsrmcab/Wsrmcab HTTP/1.1" 200 37674
201.245.192.253 - - [17/Mar/2024:09:42:15 -0500] "POST /kwsrmcab/Wsrmcab HTTP/1.1" 200 37675
201.245.192.253 - - [17/Mar/2024:09:42:20 -0500] "POST /kwsrmcab/Wsrmcab HTTP/1.1" 200 37714
201.245.192.253 - - [17/Mar/2024:09:42:33 -0500] "POST /kwsrmcab/Wsrmcab HTTP/1.1" 200 37704
201.245.192.253 - - [17/Mar/2024:09:42:33 -0500] "POST /forms/lservlet;jsessionid=ac16012b30d60c378208792d4757a508e4811830dca4.e3iSbxaKaheRe3iNc3uNbNmQay1ynknvrkLOlQzNp65In0 HTTP/1.1" 200 2
201.245.192.253 - - [17/Mar/2024:09:42:59 -0500] "POST /kwsrmcab/Wsrmcab HTTP/1.1" 200 37685
201.245.192.253 - - [17/Mar/2024:09:42:53 -0500] "POST /kwsrmcab/Wsrmcab HTTP/1.1" 200 8192
201.245.192.253 - - [17/Mar/2024:09:43:05 -0500] "POST /kwsrmcab/Wsrmcab HTTP/1.1" 200 37674
201.245.192.253 - - [17/Mar/2024:09:43:09 -0500] "POST /kwsrmcab/Wsrmcab HTTP/1.1" 200 37683
201.245.192.253 - - [17/Mar/2024:09:43:14 -0500] "POST /kwsrmcab/Wsrmcab HTTP/1.1" 200 37682
201.245.192.253 - - [17/Mar/2024:09:43:18 -0500] "POST /kwsrmcab/Wsrmcab HTTP/1.1" 200 37675
201.245.192.253 - - [17/Mar/2024:09:43:23 -0500] "POST /kwsrmcab/Wsrmcab HTTP/1.1" 200 37694
201.245.192.253 - - [17/Mar/2024:09:43:28 -0500] "POST /kwsrmcab/Wsrmcab HTTP/1.1" 200 37689
201.245.192.253 - - [17/Mar/2024:09:43:32 -0500] "POST /kwsrmcab/Wsrmcab HTTP/1.1" 200 37714
201.245.192.253 - - [17/Mar/2024:09:43:37 -0500] "POST /kwsrmcab/Wsrmcab HTTP/1.1" 200 37711
201.245.192.253 - - [17/Mar/2024:09:43:41 -0500] "POST /kwsrmcab/Wsrmcab HTTP/1.1" 200 37704
201.245.192.253 - - [17/Mar/2024:09:43:52 -0500] "POST /forms/lservlet;jsessionid=ac16012b30d672fb2ec093aa4748bf0691d1e088fe72.e3iSbxaKaheRe3iNc3uNbNmQay1ynknvrkLOlQzNp65In0 HTTP/1.1" 200 2
172.22.2.4 - - [17/Mar/2024:09:42:25 -0500] "HEAD /BLA/boletinlegal/ HTTP/1.1" 200 -
201.245.192.253 - - [17/Mar/2024:09:44:33 -0500] "POST /forms/lservlet;jsessionid=ac16012b30d60c378208792d4757a508e4811830dca4.e3iSbxaKaheRe3iNc3uNbNmQay1ynknvrkLOlQzNp65In0 HTTP/1.1" 200 2
201.245.192.253 - - [17/Mar/2024:09:44:44 -0500] "POST /kwsrmcab/Wsrmcab  HTTP/1.1" 200 37824
172.22.2.4 - - [17/Mar/2024:09:43:16 -0500] "GET /BLA/boletinlegal/ HTTP/1.1" 200 53818
216.245.221.92 - - [17/Mar/2024:09:45:47 -0500] "HEAD / HTTP/1.1" 200 -
201.245.192.253 - - [17/Mar/2024:09:45:52 -0500] "POST /forms/lservlet;jsessionid=ac16012b30d672fb2ec093aa4748bf0691d1e088fe72.e3iSbxaKaheRe3iNc3uNbNmQay1ynknvrkLOlQzNp65In0 HTTP/1.1" 200 2
207.46.13.153 - - [17/Mar/2024:09:46:09 -0500] "GET /sipse/faces/faces/autenticacion.xhtml HTTP/1.1" 200 12725
201.245.192.253 - - [17/Mar/2024:09:46:33 -0500] "POST /forms/lservlet;jsessionid=ac16012b30d60c378208792d4757a508e4811830dca4.e3iSbxaKaheRe3iNc3uNbNmQay1ynknvrkLOlQzNp65In0 HTTP/1.1" 200 2
172.22.2.4 - - [17/Mar/2024:09:47:24 -0500] "GET /BLA/boletinlegal/robots.txt HTTP/1.1" 404 1038
201.245.192.253 - - [17/Mar/2024:09:47:17 -0500] "POST /kwsrmcab/Wsrmcab HTTP/1.1" 200 8192
201.245.192.253 - - [17/Mar/2024:09:47:38 -0500] "POST /kwsrmcab/Wsrmcab HTTP/1.1" 200 37711
201.245.192.253 - - [17/Mar/2024:09:47:52 -0500] "POST /forms/lservlet;jsessionid=ac16012b30d672fb2ec093aa4748bf0691d1e088fe72.e3iSbxaKaheRe3iNc3uNbNmQay1ynknvrkLOlQzNp65In0 HTTP/1.1" 200 2
52.22.236.30 - - [17/Mar/2024:09:47:53 -0500] "HEAD / HTTP/1.1" 200 -
201.245.192.253 - - [17/Mar/2024:09:47:54 -0500] "POST /kwsrmcab/Wsrmcab HTTP/1.1" 200 8192
201.245.192.253 - - [17/Mar/2024:09:48:00 -0500] "POST /kwsrmcab/Wsrmcab HTTP/1.1" 200 37711
201.245.192.253 - - [17/Mar/2024:09:48:33 -0500] "POST /forms/lservlet;jsessionid=ac16012b30d60c378208792d4757a508e4811830dca4.e3iSbxaKaheRe3iNc3uNbNmQay1ynknvrkLOlQzNp65In0 HTTP/1.1" 200 2
172.22.2.4 - - [17/Mar/2024:09:47:25 -0500] "GET /BLA/boletinlegal/index.php HTTP/1.1" 200 58273
207.46.13.14 - - [17/Mar/2024:09:49:08 -0500] "GET /BLA/resoluciones/AUTOS%202022/4897.pdf HTTP/1.1" 304 -
201.245.192.253 - - [17/Mar/2024:09:49:43 -0500] "POST /kwsrmcab/Wsrmcab  HTTP/1.1" 200 37824
66.249.66.19 - - [17/Mar/2024:09:49:47 -0500] "GET /Publicaciones/2024EE10315.pdf HTTP/1.1" 404 227
201.245.192.253 - - [17/Mar/2024:09:49:52 -0500] "POST /forms/lservlet;jsessionid=ac16012b30d672fb2ec093aa4748bf0691d1e088fe72.e3iSbxaKaheRe3iNc3uNbNmQay1ynknvrkLOlQzNp65In0 HTTP/1.1" 200 2
172.22.2.4 - - [17/Mar/2024:09:48:15 -0500] "HEAD /BLA/boletinlegal/ HTTP/1.1" 200 -
216.244.66.195 - - [17/Mar/2024:09:49:58 -0500] "GET /robots.txt HTTP/1.1" 404 1018
201.245.192.253 - - [17/Mar/2024:09:50:33 -0500] "POST /forms/lservlet;jsessionid=ac16012b30d60c378208792d4757a508e4811830dca4.e3iSbxaKaheRe3iNc3uNbNmQay1ynknvrkLOlQzNp65In0 HTTP/1.1" 200 2
172.22.2.4 - - [17/Mar/2024:09:49:06 -0500] "GET /BLA/boletinlegal/ HTTP/1.1" 200 60380
216.245.221.92 - - [17/Mar/2024:09:50:47 -0500] "HEAD / HTTP/1.1" 200 -
52.167.144.229 - - [17/Mar/2024:09:50:56 -0500] "GET /BLA/resoluciones/AUTOS%202022/3054.pdf HTTP/1.1" 304 -
201.245.192.253 - - [17/Mar/2024:09:51:52 -0500] "POST /forms/lservlet;jsessionid=ac16012b30d672fb2ec093aa4748bf0691d1e088fe72.e3iSbxaKaheRe3iNc3uNbNmQay1ynknvrkLOlQzNp65In0 HTTP/1.1" 200 2
201.245.192.253 - - [17/Mar/2024:09:52:33 -0500] "POST /forms/lservlet;jsessionid=ac16012b30d60c378208792d4757a508e4811830dca4.e3iSbxaKaheRe3iNc3uNbNmQay1ynknvrkLOlQzNp65In0 HTTP/1.1" 200 2
201.245.192.253 - - [17/Mar/2024:09:53:52 -0500] "POST /forms/lservlet;jsessionid=ac16012b30d672fb2ec093aa4748bf0691d1e088fe72.e3iSbxaKaheRe3iNc3uNbNmQay1ynknvrkLOlQzNp65In0 HTTP/1.1" 200 2
47.128.35.31 - - [17/Mar/2024:09:54:23 -0500] "GET /BLA/resoluciones/AUTOS%202021/0245.php?act=f&d=E%3A%5Cnuevo%5Chtdocs%5CBLA%5Cresoluciones%5CAUTOS+2021%5C&f=4500.pdf&ft=sdb HTTP/1.1" 200 3014
47.128.35.31 - - [17/Mar/2024:09:54:24 -0500] "GET /BLA/resoluciones/AUTOS%202021/0245.php?act=img&img=ext_diz HTTP/1.1" 200 1027
47.128.35.31 - - [17/Mar/2024:09:54:24 -0500] "GET /BLA/resoluciones/AUTOS%202021/0245.php?act=img&img=ext_html HTTP/1.1" 200 230
47.128.35.31 - - [17/Mar/2024:09:54:24 -0500] "GET /BLA/resoluciones/AUTOS%202021/0245.php?act=img&img=ext_txt HTTP/1.1" 200 132
47.128.35.31 - - [17/Mar/2024:09:54:24 -0500] "GET /BLA/resoluciones/AUTOS%202021/0245.php?act=img&img=ext_gif HTTP/1.1" 200 175
47.128.35.31 - - [17/Mar/2024:09:54:24 -0500] "GET /BLA/resoluciones/AUTOS%202021/0245.php?act=img&img=ext_pdf HTTP/1.1" 200 1034
47.128.35.31 - - [17/Mar/2024:09:54:24 -0500] "GET /BLA/resoluciones/AUTOS%202021/0245.php?act=img&img=ext_exe HTTP/1.1" 200 118
47.128.35.31 - - [17/Mar/2024:09:54:24 -0500] "GET /BLA/resoluciones/AUTOS%202021/0245.php?act=img&img=download HTTP/1.1" 200 161
47.128.35.31 - - [17/Mar/2024:09:54:25 -0500] "GET /BLA/resoluciones/AUTOS%202021/0245.php?act=img&img=ext_rtf HTTP/1.1" 200 164
47.128.35.31 - - [17/Mar/2024:09:54:25 -0500] "GET /BLA/resoluciones/AUTOS%202021/0245.php?act=img&img=ext_ini HTTP/1.1" 200 134
47.128.35.31 - - [17/Mar/2024:09:54:25 -0500] "GET /BLA/resoluciones/AUTOS%202021/0245.php?act=img&img=change HTTP/1.1" 200 290
201.245.192.253 - - [17/Mar/2024:09:54:33 -0500] "POST /forms/lservlet;jsessionid=ac16012b30d60c378208792d4757a508e4811830dca4.e3iSbxaKaheRe3iNc3uNbNmQay1ynknvrkLOlQzNp65In0 HTTP/1.1" 200 2
201.245.192.253 - - [17/Mar/2024:09:54:42 -0500] "POST /kwsrmcab/Wsrmcab  HTTP/1.1" 200 37824
47.128.47.64 - - [17/Mar/2024:09:54:47 -0500] "GET /BLA/resoluciones/AUTOS%202021/0245.php?act=f&d=E%3A%5Cnuevo%5Chtdocs%5CBLA%5Cresoluciones%5CAUTOS+2021&f=2548.pdf&ft=download HTTP/1.1" 200 675495
47.128.110.236 - - [17/Mar/2024:09:55:12 -0500] "GET /BLA/resoluciones/AUTOS%202021/0245.php?act=f&d=E%3A%5Cnuevo%5Chtdocs%5CBLA%5Cresoluciones%5CAUTOS+2021%5C&f=3242.pdf&ft=edit HTTP/1.1" 200 3105
47.128.110.236 - - [17/Mar/2024:09:55:13 -0500] "GET /BLA/resoluciones/AUTOS%202021/0245.php?act=img&img=ext_pdf HTTP/1.1" 200 1034
47.128.110.236 - - [17/Mar/2024:09:55:14 -0500] "GET /BLA/resoluciones/AUTOS%202021/0245.php?act=img&img=ext_txt HTTP/1.1" 200 132
47.128.110.236 - - [17/Mar/2024:09:55:14 -0500] "GET /BLA/resoluciones/AUTOS%202021/0245.php?act=img&img=ext_diz HTTP/1.1" 200 1027
47.128.110.236 - - [17/Mar/2024:09:55:14 -0500] "GET /BLA/resoluciones/AUTOS%202021/0245.php?act=img&img=ext_html HTTP/1.1" 200 230
47.128.110.236 - - [17/Mar/2024:09:55:14 -0500] "GET /BLA/resoluciones/AUTOS%202021/0245.php?act=img&img=ext_ini HTTP/1.1" 200 134
47.128.110.236 - - [17/Mar/2024:09:55:14 -0500] "GET /BLA/resoluciones/AUTOS%202021/0245.php?act=img&img=ext_exe HTTP/1.1" 200 118
47.128.110.236 - - [17/Mar/2024:09:55:14 -0500] "GET /BLA/resoluciones/AUTOS%202021/0245.php?act=img&img=ext_gif HTTP/1.1" 200 175
47.128.110.236 - - [17/Mar/2024:09:55:14 -0500] "GET /BLA/resoluciones/AUTOS%202021/0245.php?act=img&img=change HTTP/1.1" 200 290
47.128.110.236 - - [17/Mar/2024:09:55:14 -0500] "GET /BLA/resoluciones/AUTOS%202021/0245.php?act=img&img=download HTTP/1.1" 200 161
47.128.110.236 - - [17/Mar/2024:09:55:14 -0500] "GET /BLA/resoluciones/AUTOS%202021/0245.php?act=img&img=ext_rtf HTTP/1.1" 200 164
47.128.115.80 - - [17/Mar/2024:09:55:36 -0500] "GET /BLA/resoluciones/AUTOS%202021/0245.php?act=f&d=E%3A%5Cnuevo%5Chtdocs%5CBLA%5Cresoluciones%5CAUTOS+2021&f=4520.pdf&ft=download HTTP/1.1" 200 417447
172.22.2.4 - - [17/Mar/2024:09:54:05 -0500] "HEAD /BLA/boletinlegal/ HTTP/1.1" 200 -
216.245.221.92 - - [17/Mar/2024:09:55:47 -0500] "HEAD / HTTP/1.1" 200 -
201.245.192.253 - - [17/Mar/2024:09:55:52 -0500] "POST /forms/lservlet;jsessionid=ac16012b30d672fb2ec093aa4748bf0691d1e088fe72.e3iSbxaKaheRe3iNc3uNbNmQay1ynknvrkLOlQzNp65In0 HTTP/1.1" 200 2
201.245.192.253 - - [17/Mar/2024:09:56:33 -0500] "POST /forms/lservlet;jsessionid=ac16012b30d60c378208792d4757a508e4811830dca4.e3iSbxaKaheRe3iNc3uNbNmQay1ynknvrkLOlQzNp65In0 HTTP/1.1" 200 2
172.22.2.4 - - [17/Mar/2024:09:54:56 -0500] "GET /BLA/boletinlegal/ HTTP/1.1" 200 58273
201.245.192.253 - - [17/Mar/2024:09:57:52 -0500] "POST /forms/lservlet;jsessionid=ac16012b30d672fb2ec093aa4748bf0691d1e088fe72.e3iSbxaKaheRe3iNc3uNbNmQay1ynknvrkLOlQzNp65In0 HTTP/1.1" 200 2
201.245.192.253 - - [17/Mar/2024:09:58:33 -0500] "POST /forms/lservlet;jsessionid=ac16012b30d60c378208792d4757a508e4811830dca4.e3iSbxaKaheRe3iNc3uNbNmQay1ynknvrkLOlQzNp65In0 HTTP/1.1" 200 2
201.245.192.253 - - [17/Mar/2024:09:59:41 -0500] "POST /kwsrmcab/Wsrmcab  HTTP/1.1" 200 37824
201.245.192.253 - - [17/Mar/2024:09:59:52 -0500] "POST /forms/lservlet;jsessionid=ac16012b30d672fb2ec093aa4748bf0691d1e088fe72.e3iSbxaKaheRe3iNc3uNbNmQay1ynknvrkLOlQzNp65In0 HTTP/1.1" 200 2
172.22.2.4 - - [17/Mar/2024:10:00:06 -0500] "GET /BLA/boletinlegal/robots.txt HTTP/1.1" 404 1038
201.245.192.253 - - [17/Mar/2024:10:00:33 -0500] "POST /forms/lservlet;jsessionid=ac16012b30d60c378208792d4757a508e4811830dca4.e3iSbxaKaheRe3iNc3uNbNmQay1ynknvrkLOlQzNp65In0 HTTP/1.1" 200 2
216.245.221.92 - - [17/Mar/2024:10:00:47 -0500] "HEAD / HTTP/1.1" 200 -
172.22.2.4 - - [17/Mar/2024:09:59:55 -0500] "HEAD /BLA/boletinlegal/ HTTP/1.1" 200 -
172.22.2.4 - - [17/Mar/2024:10:00:06 -0500] "GET /BLA/boletinlegal/ HTTP/1.1" 200 48425
201.245.192.253 - - [17/Mar/2024:10:01:52 -0500] "POST /forms/lservlet;jsessionid=ac16012b30d672fb2ec093aa4748bf0691d1e088fe72.e3iSbxaKaheRe3iNc3uNbNmQay1ynknvrkLOlQzNp65In0 HTTP/1.1" 200 2
200.118.16.147 - - [17/Mar/2024:10:02:17 -0500] "GET /sipse/faces/index.xhtml HTTP/1.1" 200 677
200.118.16.147 - - [17/Mar/2024:10:02:17 -0500] "GET /sipse/faces/javax.faces.resource/theme.css?ln=primefaces-sipse HTTP/1.1" 304 -
200.118.16.147 - - [17/Mar/2024:10:02:18 -0500] "GET /sipse/faces/faces/autenticacion.xhtml HTTP/1.1" 200 12403
200.118.16.147 - - [17/Mar/2024:10:02:18 -0500] "GET /sipse/faces/javax.faces.resource/theme.css?ln=primefaces-sipse HTTP/1.1" 304 -
200.118.16.147 - - [17/Mar/2024:10:02:18 -0500] "GET /sipse/js/funciones.js HTTP/1.1" 304 -
200.118.16.147 - - [17/Mar/2024:10:02:18 -0500] "GET /sipse/css/custom_css_sg.css HTTP/1.1" 304 -
200.118.16.147 - - [17/Mar/2024:10:02:18 -0500] "GET /sipse/js/disable_browser_buttons.js HTTP/1.1" 304 -
200.118.16.147 - - [17/Mar/2024:10:02:18 -0500] "GET /sipse/css/custom_css_sg_prime_login.css HTTP/1.1" 304 -
200.118.16.147 - - [17/Mar/2024:10:02:18 -0500] "GET /sipse/faces/javax.faces.resource/primefaces.css?ln=primefaces&v=4.0 HTTP/1.1" 304 -
200.118.16.147 - - [17/Mar/2024:10:02:18 -0500] "GET /sipse/faces/javax.faces.resource/layout/layout.css?ln=primefaces&v=4.0 HTTP/1.1" 304 -
200.118.16.147 - - [17/Mar/2024:10:02:18 -0500] "GET /sipse/faces/javax.faces.resource/jquery/jquery.js?ln=primefaces&v=4.0 HTTP/1.1" 304 -
200.118.16.147 - - [17/Mar/2024:10:02:18 -0500] "GET /sipse/faces/javax.faces.resource/jquery/jquery-plugins.js?ln=primefaces&v=4.0 HTTP/1.1" 304 -
