8.242.188.130 - - [17/Mar/2024:21:07:48 -0500] "GET /sipse/imagenes/cargando.gif HTTP/1.1" 200 36959
8.242.188.130 - - [17/Mar/2024:21:07:48 -0500] "GET /sipse/css/imagen/contrasena.png HTTP/1.1" 404 383
8.242.188.130 - - [17/Mar/2024:21:07:50 -0500] "GET /sipse/faces/javax.faces.resource/images/ui-bg_flat_0_2d5972_40x100.png?ln=primefaces-aristo HTTP/1.1" 304 -
8.242.188.130 - - [17/Mar/2024:21:07:50 -0500] "POST /sipse/faces/bienvenido.xhtml HTTP/1.1" 200 2073
8.242.188.130 - - [17/Mar/2024:21:07:52 -0500] "POST /sipse/faces/bienvenido.xhtml HTTP/1.1" 200 39100
8.242.188.130 - - [17/Mar/2024:21:07:52 -0500] "GET /sipse/faces/javax.faces.resource/jquery/jquery.js?ln=primefaces&v=4.0 HTTP/1.1" 304 -
8.242.188.130 - - [17/Mar/2024:21:07:52 -0500] "GET /sipse/faces/javax.faces.resource/jquery/jquery-plugins.js?ln=primefaces&v=4.0 HTTP/1.1" 304 -
8.242.188.130 - - [17/Mar/2024:21:07:53 -0500] "GET /sipse/faces/javax.faces.resource/primefaces.js?ln=primefaces&v=4.0 HTTP/1.1" 304 -
8.242.188.130 - - [17/Mar/2024:21:07:53 -0500] "GET /sipse/faces/javax.faces.resource/layout/layout.js?ln=primefaces&v=4.0 HTTP/1.1" 304 -
201.245.192.253 - - [17/Mar/2024:21:07:54 -0500] "POST /forms/lservlet;jsessionid=ac16012b30d672fb2ec093aa4748bf0691d1e088fe72.e3iSbxaKaheRe3iNc3uNbNmQay1ynknvrkLOlQzNp65In0 HTTP/1.1" 200 2
172.22.2.4 - - [17/Mar/2024:21:06:16 -0500] "GET /BLA/boletinlegal/ HTTP/1.1" 200 58720
8.242.188.130 - - [17/Mar/2024:21:07:58 -0500] "POST /sipse/faces/presentacion/financiero/solicitudProceso/consultar.xhtml HTTP/1.1" 200 12871
201.245.192.253 - - [17/Mar/2024:21:08:35 -0500] "POST /forms/lservlet;jsessionid=ac16012b30d60c378208792d4757a508e4811830dca4.e3iSbxaKaheRe3iNc3uNbNmQay1ynknvrkLOlQzNp65In0 HTTP/1.1" 200 2
172.22.2.4 - - [17/Mar/2024:21:08:19 -0500] "GET /BLA/boletinlegal/ HTTP/1.1" 200 20427
200.118.16.147 - - [17/Mar/2024:21:09:18 -0500] "GET /sipse/faces/faces/autenticacion.xhtml HTTP/1.1" 200 12725
200.118.16.147 - - [17/Mar/2024:21:09:19 -0500] "GET /sipse/faces/javax.faces.resource/layout/layout.css;jsessionid=cZ5Tykboayv78hzY6vQqMVhy.undefined?ln=primefaces&v=4.0 HTTP/1.1" 200 542
200.118.16.147 - - [17/Mar/2024:21:09:19 -0500] "GET /sipse/faces/javax.faces.resource/theme.css?ln=primefaces-sipse HTTP/1.1" 304 -
200.118.16.147 - - [17/Mar/2024:21:09:19 -0500] "GET /sipse/faces/javax.faces.resource/primefaces.css;jsessionid=cZ5Tykboayv78hzY6vQqMVhy.undefined?ln=primefaces&v=4.0 HTTP/1.1" 200 53295
200.118.16.147 - - [17/Mar/2024:21:09:19 -0500] "GET /sipse/faces/javax.faces.resource/jquery/jquery.js;jsessionid=cZ5Tykboayv78hzY6vQqMVhy.undefined?ln=primefaces&v=4.0 HTTP/1.1" 200 105384
200.118.16.147 - - [17/Mar/2024:21:09:19 -0500] "GET /sipse/faces/javax.faces.resource/layout/layout.js;jsessionid=cZ5Tykboayv78hzY6vQqMVhy.undefined?ln=primefaces&v=4.0 HTTP/1.1" 200 87560
200.118.16.147 - - [17/Mar/2024:21:09:19 -0500] "GET /sipse/faces/javax.faces.resource/primefaces.js;jsessionid=cZ5Tykboayv78hzY6vQqMVhy.undefined?ln=primefaces&v=4.0 HTTP/1.1" 200 276924
200.118.16.147 - - [17/Mar/2024:21:09:19 -0500] "GET /sipse/faces/javax.faces.resource/jquery/jquery-plugins.js;jsessionid=cZ5Tykboayv78hzY6vQqMVhy.undefined?ln=primefaces&v=4.0 HTTP/1.1" 200 220526
200.118.16.147 - - [17/Mar/2024:21:09:19 -0500] "GET /sipse/faces/javax.faces.resource/images/ui-icons_898989_256x240.png?ln=primefaces-aristo HTTP/1.1" 304 -
200.118.16.147 - - [17/Mar/2024:21:09:19 -0500] "GET /sipse/css/imagen/logoSDG.png HTTP/1.1" 200 26770
200.118.16.147 - - [17/Mar/2024:21:09:19 -0500] "GET /sipse/faces/faces/index.xhtml HTTP/1.1" 200 677
200.118.16.147 - - [17/Mar/2024:21:09:19 -0500] "GET /sipse/faces/javax.faces.resource/theme.css?ln=primefaces-sipse HTTP/1.1" 304 -
200.118.16.147 - - [17/Mar/2024:21:09:19 -0500] "GET /sipse/faces/faces/faces/autenticacion.xhtml HTTP/1.1" 200 12403
200.118.16.147 - - [17/Mar/2024:21:09:19 -0500] "GET /sipse/faces/javax.faces.resource/theme.css?ln=primefaces-sipse HTTP/1.1" 304 -
200.118.16.147 - - [17/Mar/2024:21:09:20 -0500] "GET /sipse/faces/javax.faces.resource/primefaces.css?ln=primefaces&v=4.0 HTTP/1.1" 304 -
200.118.16.147 - - [17/Mar/2024:21:09:20 -0500] "GET /sipse/faces/javax.faces.resource/layout/layout.css?ln=primefaces&v=4.0 HTTP/1.1" 304 -
200.118.16.147 - - [17/Mar/2024:21:09:20 -0500] "GET /sipse/faces/javax.faces.resource/jquery/jquery-plugins.js?ln=primefaces&v=4.0 HTTP/1.1" 304 -
200.118.16.147 - - [17/Mar/2024:21:09:20 -0500] "GET /sipse/faces/javax.faces.resource/jquery/jquery.js?ln=primefaces&v=4.0 HTTP/1.1" 304 -
200.118.16.147 - - [17/Mar/2024:21:09:20 -0500] "GET /sipse/faces/javax.faces.resource/primefaces.js?ln=primefaces&v=4.0 HTTP/1.1" 304 -
200.118.16.147 - - [17/Mar/2024:21:09:20 -0500] "GET /sipse/faces/javax.faces.resource/layout/layout.js?ln=primefaces&v=4.0 HTTP/1.1" 304 -
200.118.16.147 - - [17/Mar/2024:21:09:20 -0500] "GET /sipse/faces/javax.faces.resource/images/ui-icons_898989_256x240.png?ln=primefaces-aristo HTTP/1.1" 304 -
200.118.16.147 - - [17/Mar/2024:21:09:24 -0500] "POST /sipse/faces/autenticacion.xhtml HTTP/1.1" 200 16282
200.118.16.147 - - [17/Mar/2024:21:09:24 -0500] "GET /sipse/css/custom_css_sg_prime.css HTTP/1.1" 200 5201
200.118.16.147 - - [17/Mar/2024:21:09:24 -0500] "GET /sipse/faces/javax.faces.resource/jquery/jquery.js?ln=primefaces&v=4.0 HTTP/1.1" 304 -
200.118.16.147 - - [17/Mar/2024:21:09:24 -0500] "GET /sipse/faces/javax.faces.resource/jquery/jquery-plugins.js?ln=primefaces&v=4.0 HTTP/1.1" 304 -
200.118.16.147 - - [17/Mar/2024:21:09:24 -0500] "GET /sipse/faces/javax.faces.resource/primefaces.js?ln=primefaces&v=4.0 HTTP/1.1" 304 -
200.118.16.147 - - [17/Mar/2024:21:09:24 -0500] "GET /sipse/faces/javax.faces.resource/layout/layout.js?ln=primefaces&v=4.0 HTTP/1.1" 304 -
200.118.16.147 - - [17/Mar/2024:21:09:24 -0500] "GET /sipse/css/imagen/contrasena.png HTTP/1.1" 404 383
200.118.16.147 - - [17/Mar/2024:21:09:24 -0500] "GET /sipse/faces/javax.faces.resource/messages/messages.png?ln=primefaces&v=4.0 HTTP/1.1" 304 -
201.245.192.253 - - [17/Mar/2024:21:09:54 -0500] "POST /forms/lservlet;jsessionid=ac16012b30d672fb2ec093aa4748bf0691d1e088fe72.e3iSbxaKaheRe3iNc3uNbNmQay1ynknvrkLOlQzNp65In0 HTTP/1.1" 200 2
201.245.192.253 - - [17/Mar/2024:21:10:35 -0500] "POST /forms/lservlet;jsessionid=ac16012b30d60c378208792d4757a508e4811830dca4.e3iSbxaKaheRe3iNc3uNbNmQay1ynknvrkLOlQzNp65In0 HTTP/1.1" 200 2
186.86.33.138 - - [17/Mar/2024:21:10:40 -0500] "GET /kwssiamovil/sm/acme/u?s=U2FsdGVkX1/dK79PyKRGih/mYZ90IN/CduJWAHtnlrN1tg3G+GE+4/VIGM1CPFG6NyONX2GuosS13zmNef5ediUZiV4rUj+iph9YmMpuhboetlkxoMy/AlwTdq0Q71SO2SZ/ir/Bg3D7vIuhqO9OEmBlUr70OATGUjgxPk3yUxM=&u=U2FsdGVkX1+ITOyqJPJUtOoXF8Hw5SdxpgdJ1la3TwU=&y=U2FsdGVkX19yjZVQoDSqkGRcaOCmYfjkQ8h1dCI/r/o= HTTP/1.1" 200 60
201.245.192.253 - - [17/Mar/2024:21:11:22 -0500] "POST /kwsrmcab/Wsrmcab  HTTP/1.1" 200 37824
201.245.192.253 - - [17/Mar/2024:21:11:54 -0500] "POST /forms/lservlet;jsessionid=ac16012b30d672fb2ec093aa4748bf0691d1e088fe72.e3iSbxaKaheRe3iNc3uNbNmQay1ynknvrkLOlQzNp65In0 HTTP/1.1" 200 2
216.245.221.92 - - [17/Mar/2024:21:12:02 -0500] "HEAD / HTTP/1.1" 200 -
201.245.192.253 - - [17/Mar/2024:21:12:35 -0500] "POST /forms/lservlet;jsessionid=ac16012b30d60c378208792d4757a508e4811830dca4.e3iSbxaKaheRe3iNc3uNbNmQay1ynknvrkLOlQzNp65In0 HTTP/1.1" 200 2
172.22.2.4 - - [17/Mar/2024:21:11:00 -0500] "HEAD /BLA/boletinlegal/ HTTP/1.1" 200 -
172.22.2.4 - - [17/Mar/2024:21:11:15 -0500] "HEAD /BLA/boletinlegal/ HTTP/1.1" 200 -
172.22.2.4 - - [17/Mar/2024:21:11:36 -0500] "GET /BLA/boletinlegal/ HTTP/1.1" 200 45104
186.86.33.138 - - [17/Mar/2024:21:13:31 -0500] "OPTIONS /kwssiamovil/sm/setfile/f? HTTP/1.1" 200 13
186.86.33.138 - - [17/Mar/2024:21:13:31 -0500] "POST /kwssiamovil/sm/setfile/f? HTTP/1.1" 200 381
186.86.33.138 - - [17/Mar/2024:21:13:35 -0500] "OPTIONS /kwssiamovil/sm/setfile/f? HTTP/1.1" 200 13
186.86.33.138 - - [17/Mar/2024:21:13:35 -0500] "POST /kwssiamovil/sm/setfile/f? HTTP/1.1" 200 381
172.22.2.4 - - [17/Mar/2024:21:12:06 -0500] "GET /BLA/boletinlegal/ HTTP/1.1" 200 51133
186.86.33.138 - - [17/Mar/2024:21:13:52 -0500] "GET /kwssiamovil/sm/acme/a?s=U2FsdGVkX18D7VvIdNuIEU1ksVLPICkRIrGseCKN8sUj6R6zEfF0Y7hjE77Ykak5Lrydd/qmlJfwt1av/Md3EUmw0XnPLr1TNRIWdlxMsq9L8j+CubSyZSwPThEzKxrrLraWbQGfm/adktDyfMIaoXPwRUxeiIxYVLtn1pZLNbvPGZ+VG5bjFkHZH59ujHdp9I4HmGH/oFRb+C+vw0u5wa1WEGSQ1XnmTsWNSYM+oZYq0b0Fbr+AQAMJuXANvCQ2zkusMit/+lYdyh95MqTXiw==&u=U2FsdGVkX1+ITOyqJPJUtOoXF8Hw5SdxpgdJ1la3TwU=&y=U2FsdGVkX19yjZVQoDSqkGRcaOCmYfjkQ8h1dCI/r/o= HTTP/1.1" 200 26
186.86.33.138 - - [17/Mar/2024:21:13:53 -0500] "GET /kwssiamovil/sm/acme/a?s=U2FsdGVkX1+KSrB1duQIC1rI8xvDabDBk7oLz86kJl41A43UpwpYOwdTO9kzriA5lgAdOekF9ENhVnISIRYKiFBy+SflyU40yEvIWKFnRdf/h0Evdxjsuhin3kL4gEP5GKmTIQkyPRg54en+GlY9BUaCJGTxtxo2qpi35F8vP3TNZJQmG0+K1/EQE5JjMgfXirfX5RHXqi+hracnBt96XFVId3YGQguu+n+dYJIWtroa91+ozqSG9n5IJhqfnzMYHyml2o/cGpBHxStDcYo7LQixgdI0n2r+fiL0+hvUmvfQkYA4FS0+VRWjbuCJZEKP/rLMB1yMVfbkdTAwDK8et8Mqo8xE8f0H/6Qglpa83+BPhusC7FIQFoPCHBU3xZZ3shsMNhi5t6f31BAvtGtIOrOCL9D5SII0h647kJiWx7Tf0AaoVS5E1P1oKq9prKRoSy1bZnKfKsqbx8SW3BbRt/4Zan2hytMNsSNfp8RD6gbSu4z8nQAegCT60vvuQxRXdw0yMm1HHXEBES8GUEuOOg2vGddqDExeA28u33GPtrwSD0t9ZCSQWpv6Ml16Zdt071YB8/+0u26zjj0hNgVI3cqhupA2fO7gCI3YQmq/0DhTDAby58Xm8AO7E2oltDey40LjO5Ih5Kat31YA3qD9ZSx6U+mdxkMDojP5+2R9k3ALT9F0+wxR6a+OWk4eWrwoS7tft8nLjIdH6zeWUT5dUI9FJTGVNEsyMBe1dRcMWMf/unkQa6nkPbUZcPimZE0xEkixmCZJ6BWQsneEQy+vLipeoMqa1DoTz1vs4J8lnMZI4fdOzyRyBlWNvJ69FVC4XgJtfTyG/tZXpR6k2sByswxtJf4NB2AlGn7xTkY3BKsaVX6vvFeHhj0vaPBJghn08gJaSuVJq6NL5/oTR0UC+8ne3m8cLGZvS/o4Cm10vr9VD7D35pAOCWM8dRm0HZCuwhGi88XWPYF4kt59CVEssrmRjiZ8p4lkWcIqfdWNu37IH7sutgzFKpDiitKDrRyfxC4HHLtasu3UyBafsyu2bTUCD1VQkbrW4hM0HSJ+UX4+MnHxUVCHzb/SxxunSFE93haG5IexTy+QioeLY3H6YbdEkvFd1/+rpViEqaPALmvQ4Dxsh/JLNVurF1J2UbdjCAe1EznzT9HPUXUEzhkpWis0/VDN/kZRTeBkgou6ObJJx4xEqZOmONP3CmnmAJQFhKjnypJkDdRUXCKjy2F509TB6EGUSjGUGz1Qty2zCyP/l99VbXhiq6jGSOCoSErrT+hoFCUG0onW0P0F7ItjucAcNUQ57knotEC5h4vj+b/foN+7EhhEhTF8bTVuzo6YL909ex9MNRxeKMmPYzSh6MFfph7jUyY/PYP/G9GlL6VgMRADub3Co2Zm2RjVDYO21YzBRVNkUuhuMlR8AYSnbvhcMKH16ikYBL6tVS1DEJwQjpvUYLF4zkSMC+9j13sQRZgaEbP7MkrfrTXL5HElqlYgdiRdFEC4t+QSqsnGV/Rx3x9dFJpqpBBsw2rB41N0Ff2qdJIDnt9noNBC7TX4ymxJcdmS64dYe1UCpLpgQj0bZV4o8fU62fXHxslWfw418Gqt+iQEarExE1z5GjeqTEcUKCtzX8T1Zh/cOKdDZSfgxKpM5rgR3NbZiSB7wgL9BWHq+INGmfP8m6eXPhemadqc8vBG1jkqkLZiVbrtFszeapGlDvAbGRmsnDnUhFj0fMhzrjfkuUWYm8UguHp3tyFJ1AAQUh5Jw1WAwxhqH9Y=&u=U2FsdGVkX1+ITOyqJPJUtOoXF8Hw5SdxpgdJ1la3TwU=&y=U2FsdGVkX19yjZVQoDSqkGRcaOCmYfjkQ8h1dCI/r/o= HTTP/1.1" 200 26
186.86.33.138 - - [17/Mar/2024:21:13:53 -0500] "GET /kwssiamovil/sm/acme/a?s=U2FsdGVkX1+8lTOjq9d47ex/2kgc8+p4inigNKt+We3At9g7EyQu9+e3Q5430WeBbyuyDV8gqyJLTmxxNQDkQ893hnmQDPpJpqeNhP6xl47IUrgS+2OWmvCn6cZ/oq4KixcV0NvlfZS5HoZIzCQNI6pO8/2o7HLcWcQGEUQlQyg=&u=U2FsdGVkX1+ITOyqJPJUtOoXF8Hw5SdxpgdJ1la3TwU=&y=U2FsdGVkX19yjZVQoDSqkGRcaOCmYfjkQ8h1dCI/r/o= HTTP/1.1" 200 26
186.86.33.138 - - [17/Mar/2024:21:13:53 -0500] "GET /kwssiamovil/sm/acme/a?s=U2FsdGVkX19onyqNkBtllmZffPukClZ3apCRmQ63aGYo684o9q7/zLI/DuwQeiNaZFRxXh1DoxLBLQnwWOxKCWuBnXuyIi6Wo4v6iVSePOKt6EYYIylN1Uv41GdEPGE5j7nf1zBfh4gtXGveFMjxN2ycQ6K7DgieXqRi9w5eZ6I=&u=U2FsdGVkX1+ITOyqJPJUtOoXF8Hw5SdxpgdJ1la3TwU=&y=U2FsdGVkX19yjZVQoDSqkGRcaOCmYfjkQ8h1dCI/r/o= HTTP/1.1" 200 26
186.86.33.138 - - [17/Mar/2024:21:13:53 -0500] "GET /kwssiamovil/sm/acme/a?s=U2FsdGVkX1+0wp4dc42U5raTv14vVxYPmn0y3Byh77u4c4oJNhXZltXfR1hCV/q36R959vN4m6kqI707iuGrtCQXY8DOV+8/kcjqmfwq3MlW8E06voniQtCy1y2l61FcU1bpVpp2uxPKt3+3WTGA1MnMrP27fyJZ8UeB7OpowU4=&u=U2FsdGVkX1+ITOyqJPJUtOoXF8Hw5SdxpgdJ1la3TwU=&y=U2FsdGVkX19yjZVQoDSqkGRcaOCmYfjkQ8h1dCI/r/o= HTTP/1.1" 200 26
186.86.33.138 - - [17/Mar/2024:21:13:53 -0500] "GET /kwssiamovil/sm/acme/a?s=U2FsdGVkX1+5u9j3wScX9HdBtdHd9y77qYgN0Q7O1jtflugu5rjEPQcZbhobqiQoGt1VKL1bPWO/hhb0T2y6N+GjB0EmeDfaPXWpfluplQh1OEqXA3jg5tVSs76oOLBUH9NqIz79732nK+KTnpg+wijY6VsW2asynb5RxBDZeRqyeYvvXr0u5l/PcSP+xc6i&u=U2FsdGVkX1+ITOyqJPJUtOoXF8Hw5SdxpgdJ1la3TwU=&y=U2FsdGVkX19yjZVQoDSqkGRcaOCmYfjkQ8h1dCI/r/o= HTTP/1.1" 200 26
201.245.192.253 - - [17/Mar/2024:21:13:54 -0500] "POST /forms/lservlet;jsessionid=ac16012b30d672fb2ec093aa4748bf0691d1e088fe72.e3iSbxaKaheRe3iNc3uNbNmQay1ynknvrkLOlQzNp65In0 HTTP/1.1" 200 2
186.86.33.138 - - [17/Mar/2024:21:13:54 -0500] "GET /kwssiamovil/sm/acme/a?s=U2FsdGVkX19Rzr+uVW2LgVS+YV2Y8MTvyeMGKvfJG+yGHqQvCNV4f2jRKEdU0YuWbRd62VAHQ8B7WSYnFmMRGEEXIOiZW2sG11YIGxM/413FoJxjWbaQCLcecwH/R18N7WPep4M2DgVEb1b+oYUK5Ovg2EKPjtr6NXKXrkZOex5n8Vnr19irGXPZKws15i8xYNrXzEvDCdGsZJ1GF1wobnsOCSCPgiGq2HfF8ikmlsc=&u=U2FsdGVkX1+ITOyqJPJUtOoXF8Hw5SdxpgdJ1la3TwU=&y=U2FsdGVkX19yjZVQoDSqkGRcaOCmYfjkQ8h1dCI/r/o= HTTP/1.1" 200 26
186.86.33.138 - - [17/Mar/2024:21:13:54 -0500] "GET /kwssiamovil/sm/acme/a?s=U2FsdGVkX1/WnAsYU4KtZViTeo5SyJBqaSBAjgGRevdFMk8QugJrwHl41GxpOHWnpvJr853reF/Jkna6wBc7kaoo3bIATfDm6pBwW5HZnRkXQHxoBmgLQM1uASIkYdix63UjsfnNZ6uijH8C59tcSXefdjTqVzNyMb1LVgn99dlTi1VMXByazCDVAwc5oIUNNlRP7mLa6rkPXB7M70c6Ag==&u=U2FsdGVkX1+ITOyqJPJUtOoXF8Hw5SdxpgdJ1la3TwU=&y=U2FsdGVkX19yjZVQoDSqkGRcaOCmYfjkQ8h1dCI/r/o= HTTP/1.1" 200 26
186.86.33.138 - - [17/Mar/2024:21:13:54 -0500] "GET /kwssiamovil/sm/acme/a?s=U2FsdGVkX1971tpsdQ1vploGQfL3fBAG8TVaQjvQnCEuNwrF5F8rNM7Y57h8rynkjXmv5aYv2li66LBfOPjwYHZ3T41F5xBlqHoyxSm1CrRKyQve9cvD0HzxYuDI3rbtlsH21lPrDY6lB5QLdZeUZOrUAnj2iLRiOkzYiZjPtTIj61AWBWqS+zv8eVuN/mT+PmcmdfcMZ9fWDdzldrHfgDNlnGt8uHVaTiWUq++xvJo=&u=U2FsdGVkX1+ITOyqJPJUtOoXF8Hw5SdxpgdJ1la3TwU=&y=U2FsdGVkX19yjZVQoDSqkGRcaOCmYfjkQ8h1dCI/r/o= HTTP/1.1" 200 26
186.86.33.138 - - [17/Mar/2024:21:13:54 -0500] "GET /kwssiamovil/sm/acme/a?s=U2FsdGVkX19nAxhFzwfYr0owjZPXsHxkSpt9ESqjW/oLjuLH5WwafESN7EUlKBB9EEs21MlNEqjOKetGv0ArTgygN90PgcTVW2rjeggh9TTQYcnUMzePamJuhss+19/Yp1eEahhihmY0ge2akTr6YHXu3UOFE8DYist1NRWHcHKY03o120kQ+Lafrc0blwgQoS3vlCR2q2idL3ONYudP+w==&u=U2FsdGVkX1+ITOyqJPJUtOoXF8Hw5SdxpgdJ1la3TwU=&y=U2FsdGVkX19yjZVQoDSqkGRcaOCmYfjkQ8h1dCI/r/o= HTTP/1.1" 200 26
186.86.33.138 - - [17/Mar/2024:21:14:18 -0500] "GET /kwssiamovil/sm/acme/u?s=U2FsdGVkX1/EopXLMFfc9P2ywCZcSSdGkbEcUyrUWNRPAJomqLVo4IgUOgtH/BqGneKyCjRYdJEAMVCnnN+sVyo1VbtYsI37OMUgqqNYfVwbHPYcspshVsNCv9xW/twgZraT08zO9K1T5GPZQ26SyirLBXeGvn9Xgzc9HdzFUKE=&u=U2FsdGVkX1+ITOyqJPJUtOoXF8Hw5SdxpgdJ1la3TwU=&y=U2FsdGVkX19yjZVQoDSqkGRcaOCmYfjkQ8h1dCI/r/o= HTTP/1.1" 200 60
201.245.192.253 - - [17/Mar/2024:21:14:35 -0500] "POST /forms/lservlet;jsessionid=ac16012b30d60c378208792d4757a508e4811830dca4.e3iSbxaKaheRe3iNc3uNbNmQay1ynknvrkLOlQzNp65In0 HTTP/1.1" 200 2
186.102.101.155 - - [17/Mar/2024:21:14:43 -0500] "GET /kwssiamovil/sm/acme/a?s=U2FsdGVkX18c53xJlbWg7rYnyxGpVhkse8hSbOJ1cPo94WiBH/2KgZEtnwifi2Clk/Cc3AmxJKucnF4+GwRZgdGt/YhSzxEsps/bqB2Wx5Tl08fTR8Kb1XhjfOwFWrw43j7iGaWCjV9+OWsDS/xRVxX1+utpw7y9bdlA6MkGpESaJ7Q3TYXKxZzZpVahQ4/pHtz0F7IquyV1aRZl3xpo9cMz2i/33iCtJ+s1NE+l03JqSzDcEXVOj958HZsMjs0iTyasYnIIXD09EAC3fWyOVQ==&u=U2FsdGVkX19K9qTf30xowVX0v3PV135EXErCLrsZXuFhFLwUWmGd05G2tdwhVz4w&y=U2FsdGVkX18xLV1NbjnO6ZqelOb3Svno262xVyzQo5YGoAQsGNVj1P5GvzKB8ZBQ HTTP/1.1" 200 26
186.102.101.155 - - [17/Mar/2024:21:14:44 -0500] "GET /kwssiamovil/sm/acme/a?s=U2FsdGVkX1+XRRRwxE+KLPYshmvHUcKrCT3GT7Dxcr1oQdUDA5KnSh+2j+U121+RrTHghIrgeOD82GDRvz2Ff3wB0xwhRz07dmLN63TxtCuOwAMwndXcwoacIall+RuzjmH6kQI6HbXY7Eu5eDJsEpHfO6BDURTW7zmBvJ9uSaXSQ+JMOGE9oG5W8aWE2+kft5+KXqh0itwKePYA4i+XC58N/6DUHRHpqu4ItK8+IXiXzo9AlGPoL5Eykh3B2+eXlZBP9IITmmPERaXJRgZLlFhZY2n/4KRcERAGZTU0wYx0segA7ghURPt0jHv7KSKSfAG4FtPniS01BkElZxn6JygQHEqBFxN+HAN9ORcJRxJPBcIQTR5yb65fSFhYjw2Mui8WIHloKFEO1yiXAXysFipe43O60NqjX7iNhftu1T+iKW/GqFEAFzH5+Tqv74nx0VsX5JDf/nh/X1CK8JyRAzYz5DaWy5N08dWOy2DzYBFf1BztQxWfLW6SkzY+nRCJGK2Fe+ck5n/zhkDFdzE98/53Xr18D+1sstZ8w6y7YLGkUkcapNp9kDtX7DLjPjlSJ9fzJjPgG6ZxF1dsAdI5uVFhfg8fE4F2CjfAloZq0pz3PNZAoO4PJaQft621phNZeLdKGCNyZDY5HnKcjIVZ3c4Bl7nuEyZnuWwXBH9AmSjYYW1xjRa6Bf735aNAKmoVFrJVcICbAs8GJAJn5l2fDCcM2fOmah8bz5OIF63bzDFgcCKSffnfnMP93b3T7lVX6a2080gLVThXtugCRkR7a2VGs1HcaBqoaQWPg2oN59A5c6MbGb75A0+FbKKNwHQtwycJRDLi+3cLSllx0XkqI2ghOM+GYwBNXxWUGcwDp5U+3J9wvncqbkmoXq04PB4vND0CXuRn16UiRvGdg2N5DmzZd3VW6C+z2n/iOvOgtJOK7TvKnoIiSA8da6CnTtbiIB+IwhhGg3D26nzef+hFe97lfVlldbE/d5Jn72+8+hHTbmGtiY5rQkpAbec8ZC+nwwRvQMSNG3YmqpYHUI9MaXRNWE1b1uevNsFPdKTz3YN/FktgrNxwcAp938e6r+b15KqiG2xooUxSO+FU9j0TH6e6w1K09bZs/g27rDAaIX3sW6gNO3cCIcMfTi0b3urH6DJK0ba0sRD6mgKtnTkclzTSd0BVLC69zJriwnYJKfbUPKw+2Ut9LR9KmoLAyngUMjJAclWtaaLazaVzCLUPCh3EkOV8aPpWnXFRXxH/FdR0yyub7wt/Yn6m+drjnlJMMRwPP+TuIo9e5Ie40S6+TzdP68FJRt+3s+3GxqghAumYbmfbJAYD0T+jgy1BS0jrqnlFzBcmYstOjx8Ky/7Q+aqZrdux1hJJtMcfmSU4kdGhNKoP/CIotKymXbDQO+3wdw0ygq89kt7swQ6+CUld3Ta21930b7BnrZlw3ye+Er9IiGYVFHIalV9P8U6D/vpS&u=U2FsdGVkX19K9qTf30xowVX0v3PV135EXErCLrsZXuFhFLwUWmGd05G2tdwhVz4w&y=U2FsdGVkX18xLV1NbjnO6ZqelOb3Svno262xVyzQo5YGoAQsGNVj1P5GvzKB8ZBQ HTTP/1.1" 200 26
186.102.101.155 - - [17/Mar/2024:21:14:44 -0500] "GET /kwssiamovil/sm/acme/a?s=U2FsdGVkX18xUdgRvniEGqgjyPHk6XCiuq7bL/ei60C0SMcuUwEVoT2vXLRV65FoKPJdeeyLaHJb46ScXszFJ/sktFNjwvdoyNgejkAoy4c4GsUzaSg+krgchTIG6WxVdKfyTFv+PzzD9oevLrUDcozJYCfMrbXu8zGR/x7g9pQ=&u=U2FsdGVkX19K9qTf30xowVX0v3PV135EXErCLrsZXuFhFLwUWmGd05G2tdwhVz4w&y=U2FsdGVkX18xLV1NbjnO6ZqelOb3Svno262xVyzQo5YGoAQsGNVj1P5GvzKB8ZBQ HTTP/1.1" 200 26
186.102.101.155 - - [17/Mar/2024:21:14:44 -0500] "GET /kwssiamovil/sm/acme/a?s=U2FsdGVkX1/LPFIQSacIZWGsaEbmq8Sg/W7qGC5dtOIajH3/RuepxnyzFXaX5T65kMLoKDLxmRuLUz/8Lu/e/+0if0unIyLFSh2A289yAATz0RXrFNC6CQJ9H5/SHM+kETbr4SXxaX+1rgZCRtGhO1WufvFMRPpPVw/dgtDCwjo=&u=U2FsdGVkX19K9qTf30xowVX0v3PV135EXErCLrsZXuFhFLwUWmGd05G2tdwhVz4w&y=U2FsdGVkX18xLV1NbjnO6ZqelOb3Svno262xVyzQo5YGoAQsGNVj1P5GvzKB8ZBQ HTTP/1.1" 200 26
186.102.101.155 - - [17/Mar/2024:21:14:44 -0500] "GET /kwssiamovil/sm/acme/a?s=U2FsdGVkX199BwruNySt12qDxYs6/Wb0aUclf2LHlLF0SRh7h8PFXdZfItkGP2FFomO4Ez+2hcor6VCB52BAu48mb5STvBRvtH3Yjqxd+XBcnY/APDwoRB7Gd1x5aJN3sRMAAlX5WMR6SH9BgHuPcinkHSQHSk3/70UO7zG0MAo=&u=U2FsdGVkX19K9qTf30xowVX0v3PV135EXErCLrsZXuFhFLwUWmGd05G2tdwhVz4w&y=U2FsdGVkX18xLV1NbjnO6ZqelOb3Svno262xVyzQo5YGoAQsGNVj1P5GvzKB8ZBQ HTTP/1.1" 200 26
186.102.101.155 - - [17/Mar/2024:21:14:45 -0500] "GET /kwssiamovil/sm/acme/a?s=U2FsdGVkX1+kTrvc8+zb7XdHxW8GpKdE2aTDt4UppkpZrFSv1zq7bmvdXTQE6+7BELBADgmb48Ye6i6NdllSwVGuZ4/eBdTHzeoq1bK9AO5Jcup7v3lPNSkOvdKC3wJOtxzaCxjFFDpLAhHnE9/n3rfg64DRutYjtEKhS5TR+9cJSko9SqRFc0Rh0J7tCb7jdtERFXddZcHKHNwFFK5ltg==&u=U2FsdGVkX19K9qTf30xowVX0v3PV135EXErCLrsZXuFhFLwUWmGd05G2tdwhVz4w&y=U2FsdGVkX18xLV1NbjnO6ZqelOb3Svno262xVyzQo5YGoAQsGNVj1P5GvzKB8ZBQ HTTP/1.1" 200 26
66.249.66.38 - - [17/Mar/2024:21:15:33 -0500] "GET /dia-mundial-de-los-humedales-mas-de-60-aves-alzaron-vuelo-en-el-humedal-el-tunjo.html HTTP/1.1" 304 -
201.245.192.253 - - [17/Mar/2024:21:15:54 -0500] "POST /forms/lservlet;jsessionid=ac16012b30d672fb2ec093aa4748bf0691d1e088fe72.e3iSbxaKaheRe3iNc3uNbNmQay1ynknvrkLOlQzNp65In0 HTTP/1.1" 200 2
66.249.66.19 - - [17/Mar/2024:21:15:58 -0500] "GET /isolucionsda/FramesetArticulo.asp?Pagina=bancoconocimiento%2FR%2FResolucion715de31demarzode2017%2FResolucion715de31demarzode2017%2Easp&IdArticulo=10934&Codigo=&Fecha=&Version=&Procedimiento=&cliente= HTTP/1.1" 200 8114
66.249.66.20 - - [17/Mar/2024:21:16:09 -0500] "GET /isolucionsda/Arriba.asp?Pagina=/IsolucionSDA/bancoconocimiento/D/Directiva4del22deMayode2009/Directiva4del22deMayode2009.asp&IdArticulo=6469 HTTP/1.1" 500 9068
66.249.66.19 - - [17/Mar/2024:21:16:09 -0500] "GET /isolucionsda/bancoconocimiento/R/Resolucion715de31demarzode2017/Resolucion715de31demarzode2017.asp?IdArticulo=10934 HTTP/1.1" 404 5025
201.245.192.253 - - [17/Mar/2024:21:16:22 -0500] "POST /kwsrmcab/Wsrmcab  HTTP/1.1" 200 37824
201.245.192.253 - - [17/Mar/2024:21:16:35 -0500] "POST /forms/lservlet;jsessionid=ac16012b30d60c378208792d4757a508e4811830dca4.e3iSbxaKaheRe3iNc3uNbNmQay1ynknvrkLOlQzNp65In0 HTTP/1.1" 200 2
172.105.128.11 - - [17/Mar/2024:21:16:46 -0500] "\x16\x03\x01" 400 226
66.249.66.19 - - [17/Mar/2024:21:16:48 -0500] "GET /BLA/resoluciones/Notificaciones/AUTOS%202023/173.pdf HTTP/1.1" 304 -
216.245.221.92 - - [17/Mar/2024:21:17:02 -0500] "HEAD / HTTP/1.1" 200 -
172.22.2.4 - - [17/Mar/2024:21:17:23 -0500] "GET /BLA/boletinlegal/.git/config HTTP/1.1" 404 1038
201.245.192.253 - - [17/Mar/2024:21:17:54 -0500] "POST /forms/lservlet;jsessionid=ac16012b30d672fb2ec093aa4748bf0691d1e088fe72.e3iSbxaKaheRe3iNc3uNbNmQay1ynknvrkLOlQzNp65In0 HTTP/1.1" 200 2
201.245.192.253 - - [17/Mar/2024:21:18:35 -0500] "POST /forms/lservlet;jsessionid=ac16012b30d60c378208792d4757a508e4811830dca4.e3iSbxaKaheRe3iNc3uNbNmQay1ynknvrkLOlQzNp65In0 HTTP/1.1" 200 2
200.118.16.147 - - [17/Mar/2024:21:18:43 -0500] "GET /sipse/faces/javax.faces.resource/images/ui-bg_flat_0_2d5972_40x100.png?ln=primefaces-aristo HTTP/1.1" 200 183
200.118.16.147 - - [17/Mar/2024:21:18:43 -0500] "POST /sipse/faces/bienvenido.xhtml HTTP/1.1" 200 1471
200.118.16.147 - - [17/Mar/2024:21:18:44 -0500] "POST /sipse/faces/bienvenido.xhtml HTTP/1.1" 200 61600
200.118.16.147 - - [17/Mar/2024:21:18:44 -0500] "GET /sipse/faces/javax.faces.resource/jquery/jquery.js?ln=primefaces&v=4.0 HTTP/1.1" 304 -
200.118.16.147 - - [17/Mar/2024:21:18:44 -0500] "GET /sipse/faces/javax.faces.resource/jquery/jquery-plugins.js?ln=primefaces&v=4.0 HTTP/1.1" 304 -
200.118.16.147 - - [17/Mar/2024:21:18:44 -0500] "GET /sipse/faces/javax.faces.resource/primefaces.js?ln=primefaces&v=4.0 HTTP/1.1" 304 -
200.118.16.147 - - [17/Mar/2024:21:18:44 -0500] "GET /sipse/faces/javax.faces.resource/layout/layout.js?ln=primefaces&v=4.0 HTTP/1.1" 304 -
200.118.16.147 - - [17/Mar/2024:21:18:44 -0500] "POST /sipse/faces/presentacion/financiero/solicitudProceso/listarSolicitudProceso.xhtml HTTP/1.1" 200 1556
172.22.2.4 - - [17/Mar/2024:21:17:05 -0500] "HEAD /BLA/boletinlegal/ HTTP/1.1" 200 -
200.118.16.147 - - [17/Mar/2024:21:18:56 -0500] "POST /sipse/faces/presentacion/financiero/solicitudProceso/listarSolicitudProceso.xhtml HTTP/1.1" 200 7859
200.118.16.147 - - [17/Mar/2024:21:18:58 -0500] "POST /sipse/faces/presentacion/financiero/solicitudProceso/listarSolicitudProceso.xhtml HTTP/1.1" 200 139154
200.118.16.147 - - [17/Mar/2024:21:18:59 -0500] "GET /sipse/faces/javax.faces.resource/jquery/jquery.js?ln=primefaces&v=4.0 HTTP/1.1" 304 -
200.118.16.147 - - [17/Mar/2024:21:18:59 -0500] "GET /sipse/faces/javax.faces.resource/jquery/jquery-plugins.js?ln=primefaces&v=4.0 HTTP/1.1" 304 -
200.118.16.147 - - [17/Mar/2024:21:18:59 -0500] "GET /sipse/faces/javax.faces.resource/primefaces.js?ln=primefaces&v=4.0 HTTP/1.1" 304 -
200.118.16.147 - - [17/Mar/2024:21:18:59 -0500] "GET /sipse/faces/javax.faces.resource/layout/layout.js?ln=primefaces&v=4.0 HTTP/1.1" 304 -
172.22.2.4 - - [17/Mar/2024:21:17:56 -0500] "GET /BLA/boletinlegal/ HTTP/1.1" 200 60380
201.245.192.253 - - [17/Mar/2024:21:19:16 -0500] "POST /kwsrmcab/Wsrmcab HTTP/1.1" 200 37858
201.245.192.253 - - [17/Mar/2024:21:19:45 -0500] "POST /kwsrmcab/Wsrmcab HTTP/1.1" 200 37582
201.245.192.253 - - [17/Mar/2024:21:19:47 -0500] "POST /kwsrmcab/Wsrmcab HTTP/1.1" 200 37911
201.245.192.253 - - [17/Mar/2024:21:19:54 -0500] "POST /forms/lservlet;jsessionid=ac16012b30d672fb2ec093aa4748bf0691d1e088fe72.e3iSbxaKaheRe3iNc3uNbNmQay1ynknvrkLOlQzNp65In0 HTTP/1.1" 200 2
201.245.192.253 - - [17/Mar/2024:21:20:24 -0500] "POST /kwsrmcab/Wsrmcab HTTP/1.1" 200 37911
201.245.192.253 - - [17/Mar/2024:21:20:35 -0500] "POST /forms/lservlet;jsessionid=ac16012b30d60c378208792d4757a508e4811830dca4.e3iSbxaKaheRe3iNc3uNbNmQay1ynknvrkLOlQzNp65In0 HTTP/1.1" 200 2
201.245.192.253 - - [17/Mar/2024:21:21:20 -0500] "POST /kwsrmcab/Wsrmcab  HTTP/1.1" 200 37824
201.245.192.253 - - [17/Mar/2024:21:21:54 -0500] "POST /forms/lservlet;jsessionid=ac16012b30d672fb2ec093aa4748bf0691d1e088fe72.e3iSbxaKaheRe3iNc3uNbNmQay1ynknvrkLOlQzNp65In0 HTTP/1.1" 200 2
45.90.97.172 - - [17/Mar/2024:21:22:00 -0500] "GET / HTTP/1.1" 200 319
216.245.221.92 - - [17/Mar/2024:21:22:02 -0500] "HEAD / HTTP/1.1" 200 -
74.125.210.199 - - [17/Mar/2024:21:22:15 -0500] "GET /galeria/galeria/fotos/micos6G.jpg HTTP/1.1" 200 270262
201.245.192.253 - - [17/Mar/2024:21:22:35 -0500] "POST /forms/lservlet;jsessionid=ac16012b30d60c378208792d4757a508e4811830dca4.e3iSbxaKaheRe3iNc3uNbNmQay1ynknvrkLOlQzNp65In0 HTTP/1.1" 200 2
40.77.167.30 - - [17/Mar/2024:21:23:23 -0500] "GET /BLA/resoluciones/index.php?dir=Notificaciones%2FREGISTROS+2021%2F HTTP/1.1" 200 23530
201.245.192.253 - - [17/Mar/2024:21:23:54 -0500] "POST /forms/lservlet;jsessionid=ac16012b30d672fb2ec093aa4748bf0691d1e088fe72.e3iSbxaKaheRe3iNc3uNbNmQay1ynknvrkLOlQzNp65In0 HTTP/1.1" 200 2
201.245.192.253 - - [17/Mar/2024:21:24:35 -0500] "POST /forms/lservlet;jsessionid=ac16012b30d60c378208792d4757a508e4811830dca4.e3iSbxaKaheRe3iNc3uNbNmQay1ynknvrkLOlQzNp65In0 HTTP/1.1" 200 2
172.22.2.4 - - [17/Mar/2024:21:22:55 -0500] "HEAD /BLA/boletinlegal/ HTTP/1.1" 200 -
172.22.2.4 - - [17/Mar/2024:21:23:46 -0500] "GET /BLA/boletinlegal/ HTTP/1.1" 200 53818
44.220.188.104 - - [17/Mar/2024:21:25:48 -0500] "GET / HTTP/1.1" 200 319
201.245.192.253 - - [17/Mar/2024:21:25:54 -0500] "POST /forms/lservlet;jsessionid=ac16012b30d672fb2ec093aa4748bf0691d1e088fe72.e3iSbxaKaheRe3iNc3uNbNmQay1ynknvrkLOlQzNp65In0 HTTP/1.1" 200 2
201.245.192.253 - - [17/Mar/2024:21:26:18 -0500] "POST /kwsrmcab/Wsrmcab  HTTP/1.1" 200 37824
201.245.192.253 - - [17/Mar/2024:21:26:35 -0500] "POST /forms/lservlet;jsessionid=ac16012b30d60c378208792d4757a508e4811830dca4.e3iSbxaKaheRe3iNc3uNbNmQay1ynknvrkLOlQzNp65In0 HTTP/1.1" 200 2
71.6.232.23 - - [17/Mar/2024:21:26:46 -0500] "GET / HTTP/1.1" 200 319
216.245.221.92 - - [17/Mar/2024:21:27:02 -0500] "HEAD / HTTP/1.1" 200 -
186.86.33.138 - - [17/Mar/2024:21:27:44 -0500] "OPTIONS /kwssiamovil/sm/setfile/f? HTTP/1.1" 200 13
186.86.33.138 - - [17/Mar/2024:21:27:44 -0500] "POST /kwssiamovil/sm/setfile/f? HTTP/1.1" 200 381
186.86.33.138 - - [17/Mar/2024:21:27:49 -0500] "OPTIONS /kwssiamovil/sm/setfile/f? HTTP/1.1" 200 13
186.86.33.138 - - [17/Mar/2024:21:27:49 -0500] "POST /kwssiamovil/sm/setfile/f? HTTP/1.1" 200 381
201.245.192.253 - - [17/Mar/2024:21:27:54 -0500] "POST /forms/lservlet;jsessionid=ac16012b30d672fb2ec093aa4748bf0691d1e088fe72.e3iSbxaKaheRe3iNc3uNbNmQay1ynknvrkLOlQzNp65In0 HTTP/1.1" 200 2
186.86.33.138 - - [17/Mar/2024:21:27:58 -0500] "GET /kwssiamovil/sm/acme/a?s=U2FsdGVkX19i5xepQSKM+9H47TN1rJg5/Zb7tRfnwpt6Z1ZcI3IxpSARNNkkd9AoveqF18Raa6wBa0LJUizUT8suGEYSC1ybuKyBeAaaTMyftpuc5787790D7kdiD6RI3cSV308TJdKxFYkmCUa4G2N4qpDLDsZTejs4VG+pSNOl0tsQkdPErG+dWeHzfCN1OUYK/16HMwIMxQby1o1fFhKfB5jEyweVocV/iydtI6IQgxlzWrGxjOxf3v6PGAp6yPW+K6bGdt+REJ9huAOr0g==&u=U2FsdGVkX1+ITOyqJPJUtOoXF8Hw5SdxpgdJ1la3TwU=&y=U2FsdGVkX19yjZVQoDSqkGRcaOCmYfjkQ8h1dCI/r/o= HTTP/1.1" 200 26
186.86.33.138 - - [17/Mar/2024:21:27:59 -0500] "GET /kwssiamovil/sm/acme/a?s=U2FsdGVkX18SlF0bUg84R390YvpvAdHiS5bshHXTj9D1qe33WyxtHKvX6QPBh8KOInJEhN0M4GQhYaQ6Ui/EKwJ806qOvg7tvAZ6RKrwNHru34Zp1yd4oLSIrbVlJUrZfWHplpvoHcEbrJ5HwysoioC41/V4FhpPBEDnzMVSTBIJcljshxOFNtqKrH8lzkfsS6qO7TxfuhsbzoZTz6+8ZSZ26/dKYeDum7vpI2F3NtrY/UpJKsMbfweZcXaWXYJFv/ZC0ilDFg24WyFSwWtJkPCUbEj/i+K6XetrB5qu/isdtTm9yaHp271Eq3ma7n9aeZsNXKbHFsvZxZrXCI0awW4Zcnm+JONYESNVPXDHbr1BTWwJ3ovpkQs2IAHcfjnSpr2HbViTgMWztSs3E1w0l9PgfOkfvpvHOi1u/qVy6wFDFM4nO8i4LCQwu9ZRDJo6R66QuyNV/gNMYUOrfcr26lvSspuqZScyDA92fShOj0MW8WLWtXzA7DUuACXDKFhCeLYfTypK70aakbkoMEsQvY8EajTcxBYecWPvoJ0D+OPrPxpIqldPpwLgBfqTjb285Gjh/AtGGT+Z62Z33WzPLofFOk19YqphQDv3WcfZ6Ur1YmSnbeqXPylaM9vBimwsggkQ0dh7nXojlosNav/PQ+ohQR99tHktI6wDicC3p5ef9bYokEFgj5uvnvWKruwZG7dz1NKcBsOZkqq02UFiLxEzHCRuGvA8lg19+DIgoPFKMWkkvtrYGfmSFtmRA6fmsmBH3oogx1MLHdXznK2wDtSuO5XP5wjZNCI9LFl+jS5oQlFJ9l4knodqyH4e9EE0atHpA76KgubjsATx0Huxu9oPPe1ejKNGxT7GqlDDeSbr9Om2Xwroca7nX3lGPhf0GFzMrLkUspfxDXtprvS5uvt6q73Cm/9NgdbIVoY/mUmbWVZVmajpLmOw1ghZnddBt6XuKpVV5cDQcj4RchGSOh/SbGK269WjE55Q1AFjKTE3apmYFADhEXPMQearl08fnbzZMgatfwWyoYX6E02CeQBn3uRR/mmjN3DQZT05PnHjbQJyYKOySB7J4b7eZbuU8xTRG7VDawaYW46Y2vUhdCxMckpOLeHzfrF4Tmkwj+FmxDZR/Op235G9QJ91VvCz/iiPT89qo/D8WZflwWayJsrC8sXJ/ndg8kwKzrZRaQQ6svqeqK8I+DlJM9L7PJDJ6+4M7HsXre8fTpeACFfGWi+oLxZPJdkaR2M70BTuHuah4U6WttkySkXxC0oJ6s9MiX9K+bMtGj+l14OQ9YXeCkOgVmQvzlwes8NjHXrZ2ecmLqfRU4lTUU5+zOz6eG42bZK9PCwiRzX2Im7RXuTgpWS/naAYcupOU6TmsJr72aveLSMZmX+9vfmWNNx3ikWL67lSislGsevhCP3FSfMVP3dA6hxPv54xADTkhmMBle6s6I/9BZs9X3gVWLsHwjnHHN0SFZ2cl/vxTAU9gXAgJLy/ilPQILwCB4hxJ52J/CVfMBXhJcXfzvveoxaZDv7+NNXFVfw7DskeFl+FVUxb25JQV1w2N8Hmx7Mt/dJgALp1iM3sFQlRyM08Ojmvqj7K23GrRPXPlfx4VnSjLzEyWdMY5NNRFlvHrBP1v7DpzkCCs5lZw4i4t5Ik4W7VAOHl7dZLGyT4TMDpTpKV2mDoXy79ta2ZsO2QasxnWF6Y9Mn2tfmZabSYubgq85fPGvCVgP5mT3nSU2SHQbw9VHgiDA==&u=U2FsdGVkX1+ITOyqJPJUtOoXF8Hw5SdxpgdJ1la3TwU=&y=U2FsdGVkX19yjZVQoDSqkGRcaOCmYfjkQ8h1dCI/r/o= HTTP/1.1" 200 26
186.86.33.138 - - [17/Mar/2024:21:27:59 -0500] "GET /kwssiamovil/sm/acme/a?s=U2FsdGVkX19CvWHBniMOSYjmdtU1wyWvyGWWfRovURnb3lVk6ddUzT/t/SvHjQ9uOtAS0emz/pLIk16cNRC7q0I2KKv6Hu+tgu09Vx3gvmtMEdEaUmUaTxvvVUkDmMr3vpW7Xn6hIuT9Ft/mKgoy+q/1T2SxIqTM0pBB9UWDln8=&u=U2FsdGVkX1+ITOyqJPJUtOoXF8Hw5SdxpgdJ1la3TwU=&y=U2FsdGVkX19yjZVQoDSqkGRcaOCmYfjkQ8h1dCI/r/o= HTTP/1.1" 200 26
186.86.33.138 - - [17/Mar/2024:21:27:59 -0500] "GET /kwssiamovil/sm/acme/a?s=U2FsdGVkX19lVrj1JFvXMuB7E2aUx/3Jq/+YCF/vezKC80EP1OMQdDX3AfUZ4OsTJJt2lA6rwchyr/gtOTd8k06bW9ly+AGc+MCkQZYsJPXH7v0nL6VXjUFPQBHKFJLoO6U/GLnbiP5G+YaVlOFTd7iNp8vvw+eBnIGSAFpD9l0=&u=U2FsdGVkX1+ITOyqJPJUtOoXF8Hw5SdxpgdJ1la3TwU=&y=U2FsdGVkX19yjZVQoDSqkGRcaOCmYfjkQ8h1dCI/r/o= HTTP/1.1" 200 26
186.86.33.138 - - [17/Mar/2024:21:27:59 -0500] "GET /kwssiamovil/sm/acme/a?s=U2FsdGVkX18dYiGPlwaiJ6DzdwSZHKgAYGzGK473pPL04HKVaUNBpcMdYQm7fO9Tp2q787t7JdHKOyBYYAGyo81Wc3xlwCHBqNqJBz2xaoDM+fKuhIz1IP/gHU4ZpemUj9KJBJvL7vbYtUFqCsg6EtLmBZqLkmSBF+nYx6Qd/l0=&u=U2FsdGVkX1+ITOyqJPJUtOoXF8Hw5SdxpgdJ1la3TwU=&y=U2FsdGVkX19yjZVQoDSqkGRcaOCmYfjkQ8h1dCI/r/o= HTTP/1.1" 200 26
186.86.33.138 - - [17/Mar/2024:21:27:59 -0500] "GET /kwssiamovil/sm/acme/a?s=U2FsdGVkX19BGI7zZ8pNrGfr2psD4dfnsjwl1ZKwfRSuwa1e2cDNKOczX3V0FRnTo9Q9yTu3qu0cSP2cmItLImtzsdVzIlUHn65g5RG8X14xw0kf0ag5ZFX1TXScP6L2JMZS+2vHrnZX5EHX7KyN78llwLwyUDbxDc6kTpOiyyDPnL+ogo8zUPHzdOHFzZ5Z&u=U2FsdGVkX1+ITOyqJPJUtOoXF8Hw5SdxpgdJ1la3TwU=&y=U2FsdGVkX19yjZVQoDSqkGRcaOCmYfjkQ8h1dCI/r/o= HTTP/1.1" 200 26
186.86.33.138 - - [17/Mar/2024:21:28:00 -0500] "GET /kwssiamovil/sm/acme/a?s=U2FsdGVkX18AupIAQFNLOyJFLujfnBkKeWs6ott9pKQAgkH2BagaBxDnC3DbOGsjRT2pq5Xtx7YixvSaVuuocFIColpqrW8ki1ndrQTyWp9h5a1CVCAyqzLiOnyZ71cMrOasEA9JAQa3SEybRCRUx99Yl6YFd74cp1rYfLL2szuhFT8HooY08iqnmpp0lk1D2K3/9My31DMDZZZvWnLd9JY60TX0Cd2P3cG4NQ8c4co=&u=U2FsdGVkX1+ITOyqJPJUtOoXF8Hw5SdxpgdJ1la3TwU=&y=U2FsdGVkX19yjZVQoDSqkGRcaOCmYfjkQ8h1dCI/r/o= HTTP/1.1" 200 26
186.86.33.138 - - [17/Mar/2024:21:28:00 -0500] "GET /kwssiamovil/sm/acme/a?s=U2FsdGVkX18Ip7csrd0wVS2sF8/LfrsfSzh5lWv23oKDC3mMhhc3QrHdceMHsW7A9sEx1sGymuKvWVb83E9AQYQ8yeMeNQEPqpyT/TzpPezaemnHeDyERECg2x6XA1BVuLw+W5t+fC99oVL6aYWXjLnb6MC7UIP2WruHEiVe6aEaeHYcNqAfLxg/pFq2B003wvp+rv5uOAKMEsEjgYdndQ==&u=U2FsdGVkX1+ITOyqJPJUtOoXF8Hw5SdxpgdJ1la3TwU=&y=U2FsdGVkX19yjZVQoDSqkGRcaOCmYfjkQ8h1dCI/r/o= HTTP/1.1" 200 26
186.86.33.138 - - [17/Mar/2024:21:28:00 -0500] "GET /kwssiamovil/sm/acme/a?s=U2FsdGVkX18EZwGHG2AN5qokq6qiiG4hVYCmzK0YDJT0c31IbBC7NakkqNsqangTcxtAe+QJCta0EftrMZHsuMiMg+SzF6BdwAWRiw+Y7mthdZ1lg3+WUDKFeEzKNaV24l9yg/I17CmlV8Pr5MRHTt2d1uWfdQHTzwLvOfX+AJjHtVH62SYZlecRLYYr6ScdgLhcb2gsojMnMM5sjpBXVQVBJk5nmPigfnOLtCmlXB0=&u=U2FsdGVkX1+ITOyqJPJUtOoXF8Hw5SdxpgdJ1la3TwU=&y=U2FsdGVkX19yjZVQoDSqkGRcaOCmYfjkQ8h1dCI/r/o= HTTP/1.1" 200 26
186.86.33.138 - - [17/Mar/2024:21:28:00 -0500] "GET /kwssiamovil/sm/acme/a?s=U2FsdGVkX18v3rQmABKHggzLeAMxNkmevI/jmeZ+md+sVMBzr/0kzcy1tk697qFl02NNglCOzrR7RBMhufV9SpUovNodwsZwKi2fhRBWcnbUJizJHsAsycCzgRsRtIFT/wFIykNNCCWC1uOzmJsvuF0k5feCaqLjq15oB1Je14A5BZopcayIhRTKCux7rs48xKe9Ab1sW0+/RufZBPg/kA==&u=U2FsdGVkX1+ITOyqJPJUtOoXF8Hw5SdxpgdJ1la3TwU=&y=U2FsdGVkX19yjZVQoDSqkGRcaOCmYfjkQ8h1dCI/r/o= HTTP/1.1" 200 26
186.86.33.138 - - [17/Mar/2024:21:28:12 -0500] "GET /kwssiamovil/sm/acme/u?s=U2FsdGVkX19UTTxd+tJX/Uhsqci2KuhwRGuZcOk+1iT3eSs1cnKB5/mkOKhVQGcJvGirUI6kZQZdIe2Wqu8DyIKOBh+xrLYzKaITE7QHo3u4nzpyvWMgfsK3KiolBUVc9sRYMKQcx8MuOqXJEdXewho+j1G2fTlwmOtuvv/rpBU=&u=U2FsdGVkX1+ITOyqJPJUtOoXF8Hw5SdxpgdJ1la3TwU=&y=U2FsdGVkX19yjZVQoDSqkGRcaOCmYfjkQ8h1dCI/r/o= HTTP/1.1" 200 60
172.22.2.4 - - [17/Mar/2024:21:28:21 -0500] "GET /BLA/boletinlegal/jurisprudencia/analisis/analisis%20C-595-2010.doc.F0C4.jsp HTTP/1.1" 404 1038
172.22.2.4 - - [17/Mar/2024:21:28:22 -0500] "HEAD /BLA/boletinlegal/jurisprudencia/analisis/analisis%20C-595-2010.doc HTTP/1.1" 200 -
201.245.192.253 - - [17/Mar/2024:21:28:35 -0500] "POST /forms/lservlet;jsessionid=ac16012b30d60c378208792d4757a508e4811830dca4.e3iSbxaKaheRe3iNc3uNbNmQay1ynknvrkLOlQzNp65In0 HTTP/1.1" 200 2
201.245.192.253 - - [17/Mar/2024:21:29:15 -0500] "POST /kwsrmcab/Wsrmcab HTTP/1.1" 200 37858
201.245.192.253 - - [17/Mar/2024:21:29:45 -0500] "POST /kwsrmcab/Wsrmcab HTTP/1.1" 200 37582
201.245.192.253 - - [17/Mar/2024:21:29:47 -0500] "POST /kwsrmcab/Wsrmcab HTTP/1.1" 200 37911
201.245.192.253 - - [17/Mar/2024:21:29:54 -0500] "POST /forms/lservlet;jsessionid=ac16012b30d672fb2ec093aa4748bf0691d1e088fe72.e3iSbxaKaheRe3iNc3uNbNmQay1ynknvrkLOlQzNp65In0 HTTP/1.1" 200 2
172.22.2.4 - - [17/Mar/2024:21:28:45 -0500] "HEAD /BLA/boletinlegal/ HTTP/1.1" 200 -
201.245.192.253 - - [17/Mar/2024:21:30:35 -0500] "POST /forms/lservlet;jsessionid=ac16012b30d60c378208792d4757a508e4811830dca4.e3iSbxaKaheRe3iNc3uNbNmQay1ynknvrkLOlQzNp65In0 HTTP/1.1" 200 2
201.245.192.253 - - [17/Mar/2024:21:30:24 -0500] "POST /kwsrmcab/Wsrmcab HTTP/1.1" 200 37911
172.22.2.4 - - [17/Mar/2024:21:29:36 -0500] "GET /BLA/boletinlegal/ HTTP/1.1" 200 58273
201.245.192.253 - - [17/Mar/2024:21:31:17 -0500] "POST /kwsrmcab/Wsrmcab  HTTP/1.1" 200 37824
201.245.192.253 - - [17/Mar/2024:21:31:54 -0500] "POST /forms/lservlet;jsessionid=ac16012b30d672fb2ec093aa4748bf0691d1e088fe72.e3iSbxaKaheRe3iNc3uNbNmQay1ynknvrkLOlQzNp65In0 HTTP/1.1" 200 2
216.245.221.92 - - [17/Mar/2024:21:32:02 -0500] "HEAD / HTTP/1.1" 200 -
201.245.192.253 - - [17/Mar/2024:21:32:35 -0500] "POST /forms/lservlet;jsessionid=ac16012b30d60c378208792d4757a508e4811830dca4.e3iSbxaKaheRe3iNc3uNbNmQay1ynknvrkLOlQzNp65In0 HTTP/1.1" 200 2
201.245.192.253 - - [17/Mar/2024:21:33:54 -0500] "POST /forms/lservlet;jsessionid=ac16012b30d672fb2ec093aa4748bf0691d1e088fe72.e3iSbxaKaheRe3iNc3uNbNmQay1ynknvrkLOlQzNp65In0 HTTP/1.1" 200 2
172.22.2.4 - - [17/Mar/2024:21:32:20 -0500] "GET /BLA/boletinlegal/ HTTP/1.1" 200 62720
201.245.192.253 - - [17/Mar/2024:21:34:35 -0500] "POST /forms/lservlet;jsessionid=ac16012b30d60c378208792d4757a508e4811830dca4.e3iSbxaKaheRe3iNc3uNbNmQay1ynknvrkLOlQzNp65In0 HTTP/1.1" 200 2
13.56.33.4 - - [17/Mar/2024:21:35:13 -0500] "HEAD / HTTP/1.1" 200 -
172.22.2.4 - - [17/Mar/2024:21:35:17 -0500] "GET /BLA/boletinlegal/normativa.php HTTP/1.1" 200 8397
201.245.192.253 - - [17/Mar/2024:21:35:54 -0500] "POST /forms/lservlet;jsessionid=ac16012b30d672fb2ec093aa4748bf0691d1e088fe72.e3iSbxaKaheRe3iNc3uNbNmQay1ynknvrkLOlQzNp65In0 HTTP/1.1" 200 2
172.22.2.4 - - [17/Mar/2024:21:34:35 -0500] "HEAD /BLA/boletinlegal/ HTTP/1.1" 200 -
201.245.192.253 - - [17/Mar/2024:21:36:15 -0500] "POST /kwsrmcab/Wsrmcab  HTTP/1.1" 200 37824
172.22.2.4 - - [17/Mar/2024:21:36:19 -0500] "GET /BLA/boletinlegal/Circulares/2019/.pdf HTTP/1.1" 404 1218
201.245.192.253 - - [17/Mar/2024:21:36:35 -0500] "POST /forms/lservlet;jsessionid=ac16012b30d60c378208792d4757a508e4811830dca4.e3iSbxaKaheRe3iNc3uNbNmQay1ynknvrkLOlQzNp65In0 HTTP/1.1" 200 2
186.154.32.232 - - [17/Mar/2024:21:36:48 -0500] "GET /galeria/galeria/fotos/GuaymaralTorca3G.jpg HTTP/1.1" 200 330310
186.154.32.232 - - [17/Mar/2024:21:36:48 -0500] "GET /favicon.ico HTTP/1.1" 200 7782
216.245.221.92 - - [17/Mar/2024:21:37:02 -0500] "HEAD / HTTP/1.1" 200 -
172.22.2.4 - - [17/Mar/2024:21:35:26 -0500] "GET /BLA/boletinlegal/ HTTP/1.1" 200 53818
201.245.192.253 - - [17/Mar/2024:21:37:54 -0500] "POST /forms/lservlet;jsessionid=ac16012b30d672fb2ec093aa4748bf0691d1e088fe72.e3iSbxaKaheRe3iNc3uNbNmQay1ynknvrkLOlQzNp65In0 HTTP/1.1" 200 2
162.55.167.166 - - [17/Mar/2024:21:37:55 -0500] "GET / HTTP/1.1" 200 4720
52.167.144.181 - - [17/Mar/2024:21:38:33 -0500] "GET /BLA/resoluciones/AUTOS%202023/0944.pdf HTTP/1.1" 200 588418
201.245.192.253 - - [17/Mar/2024:21:38:35 -0500] "POST /forms/lservlet;jsessionid=ac16012b30d60c378208792d4757a508e4811830dca4.e3iSbxaKaheRe3iNc3uNbNmQay1ynknvrkLOlQzNp65In0 HTTP/1.1" 200 2
201.245.192.253 - - [17/Mar/2024:21:39:45 -0500] "POST /kwsrmcab/Wsrmcab HTTP/1.1" 200 37582
201.245.192.253 - - [17/Mar/2024:21:39:15 -0500] "POST /kwsrmcab/Wsrmcab HTTP/1.1" 200 37858
201.245.192.253 - - [17/Mar/2024:21:39:48 -0500] "POST /kwsrmcab/Wsrmcab HTTP/1.1" 200 37911
201.245.192.253 - - [17/Mar/2024:21:39:54 -0500] "POST /forms/lservlet;jsessionid=ac16012b30d672fb2ec093aa4748bf0691d1e088fe72.e3iSbxaKaheRe3iNc3uNbNmQay1ynknvrkLOlQzNp65In0 HTTP/1.1" 200 2
201.245.192.253 - - [17/Mar/2024:21:40:24 -0500] "POST /kwsrmcab/Wsrmcab HTTP/1.1" 200 37911
201.245.192.253 - - [17/Mar/2024:21:40:24 -0500] "POST /kwsrmcab/Wsrmcab HTTP/1.1" 200 37711
201.245.192.253 - - [17/Mar/2024:21:40:35 -0500] "POST /forms/lservlet;jsessionid=ac16012b30d60c378208792d4757a508e4811830dca4.e3iSbxaKaheRe3iNc3uNbNmQay1ynknvrkLOlQzNp65In0 HTTP/1.1" 200 2
186.84.90.82 - - [17/Mar/2024:21:41:07 -0500] "GET /sipse/faces/index.xhtml HTTP/1.1" 200 677
186.84.90.82 - - [17/Mar/2024:21:41:08 -0500] "GET /sipse/faces/javax.faces.resource/theme.css?ln=primefaces-sipse HTTP/1.1" 304 -
186.84.90.82 - - [17/Mar/2024:21:41:08 -0500] "GET /sipse/faces/faces/autenticacion.xhtml HTTP/1.1" 200 12403
186.84.90.82 - - [17/Mar/2024:21:41:08 -0500] "GET /sipse/css/custom_css_sg.css HTTP/1.1" 304 -
186.84.90.82 - - [17/Mar/2024:21:41:08 -0500] "GET /sipse/css/custom_css_sg_prime_login.css HTTP/1.1" 304 -
186.84.90.82 - - [17/Mar/2024:21:41:08 -0500] "GET /sipse/faces/javax.faces.resource/theme.css?ln=primefaces-sipse HTTP/1.1" 304 -
186.84.90.82 - - [17/Mar/2024:21:41:08 -0500] "GET /sipse/js/disable_browser_buttons.js HTTP/1.1" 304 -
186.84.90.82 - - [17/Mar/2024:21:41:08 -0500] "GET /sipse/faces/javax.faces.resource/primefaces.css?ln=primefaces&v=4.0 HTTP/1.1" 304 -
186.84.90.82 - - [17/Mar/2024:21:41:08 -0500] "GET /sipse/faces/javax.faces.resource/layout/layout.css?ln=primefaces&v=4.0 HTTP/1.1" 304 -
186.84.90.82 - - [17/Mar/2024:21:41:08 -0500] "GET /sipse/js/funciones.js HTTP/1.1" 304 -
186.84.90.82 - - [17/Mar/2024:21:41:08 -0500] "GET /sipse/faces/javax.faces.resource/jquery/jquery.js?ln=primefaces&v=4.0 HTTP/1.1" 304 -
186.84.90.82 - - [17/Mar/2024:21:41:08 -0500] "GET /sipse/faces/javax.faces.resource/primefaces.js?ln=primefaces&v=4.0 HTTP/1.1" 304 -
186.84.90.82 - - [17/Mar/2024:21:41:08 -0500] "GET /sipse/faces/javax.faces.resource/layout/layout.js?ln=primefaces&v=4.0 HTTP/1.1" 304 -
186.84.90.82 - - [17/Mar/2024:21:41:08 -0500] "GET /sipse/faces/javax.faces.resource/jquery/jquery-plugins.js?ln=primefaces&v=4.0 HTTP/1.1" 304 -
186.84.90.82 - - [17/Mar/2024:21:41:08 -0500] "GET /sipse/css/imagen/logoSDG.png HTTP/1.1" 304 -
186.84.90.82 - - [17/Mar/2024:21:41:08 -0500] "GET /sipse/css/imagen/loginimg.png HTTP/1.1" 304 -
186.84.90.82 - - [17/Mar/2024:21:41:08 -0500] "GET /sipse/faces/javax.faces.resource/images/ui-icons_898989_256x240.png?ln=primefaces-aristo HTTP/1.1" 304 -
186.84.90.82 - - [17/Mar/2024:21:41:11 -0500] "POST /sipse/faces/autenticacion.xhtml HTTP/1.1" 200 2219
186.84.90.82 - - [17/Mar/2024:21:41:12 -0500] "GET /sipse/faces/javax.faces.resource/messages/messages.png?ln=primefaces&v=4.0 HTTP/1.1" 304 -
201.245.192.253 - - [17/Mar/2024:21:41:14 -0500] "POST /kwsrmcab/Wsrmcab  HTTP/1.1" 200 37824
186.84.90.82 - - [17/Mar/2024:21:41:14 -0500] "POST /sipse/faces/autenticacion.xhtml HTTP/1.1" 200 16460
186.84.90.82 - - [17/Mar/2024:21:41:15 -0500] "GET /sipse/css/custom_css_sg_prime.css HTTP/1.1" 304 -
186.84.90.82 - - [17/Mar/2024:21:41:15 -0500] "GET /sipse/faces/javax.faces.resource/layout/layout.css?ln=primefaces&v=4.0 HTTP/1.1" 304 -
186.84.90.82 - - [17/Mar/2024:21:41:15 -0500] "GET /sipse/faces/javax.faces.resource/theme.css?ln=primefaces-sipse HTTP/1.1" 304 -
186.84.90.82 - - [17/Mar/2024:21:41:15 -0500] "GET /sipse/faces/javax.faces.resource/primefaces.css?ln=primefaces&v=4.0 HTTP/1.1" 304 -
186.84.90.82 - - [17/Mar/2024:21:41:15 -0500] "GET /sipse/js/jquery.min.js HTTP/1.1" 304 -
186.84.90.82 - - [17/Mar/2024:21:41:15 -0500] "GET /sipse/faces/javax.faces.resource/jquery/jquery.js?ln=primefaces&v=4.0 HTTP/1.1" 304 -
186.84.90.82 - - [17/Mar/2024:21:41:15 -0500] "GET /sipse/faces/javax.faces.resource/jquery/jquery-plugins.js?ln=primefaces&v=4.0 HTTP/1.1" 304 -
186.84.90.82 - - [17/Mar/2024:21:41:15 -0500] "GET /sipse/faces/javax.faces.resource/primefaces.js?ln=primefaces&v=4.0 HTTP/1.1" 304 -
186.84.90.82 - - [17/Mar/2024:21:41:15 -0500] "GET /sipse/faces/javax.faces.resource/layout/layout.js?ln=primefaces&v=4.0 HTTP/1.1" 304 -
186.84.90.82 - - [17/Mar/2024:21:41:15 -0500] "GET /sipse/css/v_mergente.css HTTP/1.1" 304 -
186.84.90.82 - - [17/Mar/2024:21:41:15 -0500] "GET /sipse/css/imagen/contrasena.png HTTP/1.1" 404 383
186.84.90.82 - - [17/Mar/2024:21:41:15 -0500] "GET /sipse/imagenes/cargando.gif HTTP/1.1" 304 -
186.84.90.82 - - [17/Mar/2024:21:41:18 -0500] "GET /sipse/faces/javax.faces.resource/images/ui-bg_flat_0_2d5972_40x100.png?ln=primefaces-aristo HTTP/1.1" 304 -
186.84.90.82 - - [17/Mar/2024:21:41:18 -0500] "POST /sipse/faces/bienvenido.xhtml HTTP/1.1" 200 2658
201.245.192.253 - - [17/Mar/2024:21:41:18 -0500] "POST /kwsrmcab/Wsrmcab HTTP/1.1" 200 213
186.84.90.82 - - [17/Mar/2024:21:41:18 -0500] "POST /sipse/faces/bienvenido.xhtml HTTP/1.1" 200 64963
186.84.90.82 - - [17/Mar/2024:21:41:19 -0500] "GET /sipse/faces/javax.faces.resource/layout/layout.css?ln=primefaces&v=4.0 HTTP/1.1" 304 -
186.84.90.82 - - [17/Mar/2024:21:41:19 -0500] "GET /sipse/faces/javax.faces.resource/primefaces.css?ln=primefaces&v=4.0 HTTP/1.1" 304 -
186.84.90.82 - - [17/Mar/2024:21:41:19 -0500] "GET /sipse/faces/javax.faces.resource/theme.css?ln=primefaces-sipse HTTP/1.1" 304 -
186.84.90.82 - - [17/Mar/2024:21:41:19 -0500] "GET /sipse/faces/javax.faces.resource/jquery/jquery.js?ln=primefaces&v=4.0 HTTP/1.1" 304 -
186.84.90.82 - - [17/Mar/2024:21:41:20 -0500] "GET /sipse/faces/javax.faces.resource/jquery/jquery-plugins.js?ln=primefaces&v=4.0 HTTP/1.1" 304 -
186.84.90.82 - - [17/Mar/2024:21:41:20 -0500] "GET /sipse/faces/javax.faces.resource/primefaces.js?ln=primefaces&v=4.0 HTTP/1.1" 304 -
186.84.90.82 - - [17/Mar/2024:21:41:20 -0500] "GET /sipse/faces/javax.faces.resource/layout/layout.js?ln=primefaces&v=4.0 HTTP/1.1" 304 -
186.84.90.82 - - [17/Mar/2024:21:41:20 -0500] "POST /sipse/faces/presentacion/financiero/solicitudProceso/listarSolicitudProceso.xhtml HTTP/1.1" 200 1556
186.84.90.82 - - [17/Mar/2024:21:41:22 -0500] "POST /sipse/faces/presentacion/financiero/solicitudProceso/listarSolicitudProceso.xhtml HTTP/1.1" 200 7737
201.245.192.253 - - [17/Mar/2024:21:41:27 -0500] "POST /kwsrmcab/Wsrmcab HTTP/1.1" 200 8192
201.245.192.253 - - [17/Mar/2024:21:41:33 -0500] "POST /kwsrmcab/Wsrmcab HTTP/1.1" 200 37708
201.245.192.253 - - [17/Mar/2024:21:41:44 -0500] "POST /kwsrmcab/Wsrmcab HTTP/1.1" 200 37961
201.245.192.253 - - [17/Mar/2024:21:41:53 -0500] "POST /kwsrmcab/Wsrmcab HTTP/1.1" 200 37958
201.245.192.253 - - [17/Mar/2024:21:41:54 -0500] "POST /forms/lservlet;jsessionid=ac16012b30d672fb2ec093aa4748bf0691d1e088fe72.e3iSbxaKaheRe3iNc3uNbNmQay1ynknvrkLOlQzNp65In0 HTTP/1.1" 200 2
216.245.221.92 - - [17/Mar/2024:21:42:02 -0500] "HEAD / HTTP/1.1" 200 -
172.22.2.4 - - [17/Mar/2024:21:40:25 -0500] "HEAD /BLA/boletinlegal/ HTTP/1.1" 200 -
201.245.192.253 - - [17/Mar/2024:21:42:08 -0500] "POST /kwsrmcab/Wsrmcab HTTP/1.1" 200 37921
201.245.192.253 - - [17/Mar/2024:21:42:16 -0500] "POST /kwsrmcab/Wsrmcab HTTP/1.1" 200 37911
201.245.192.253 - - [17/Mar/2024:21:42:25 -0500] "POST /kwsrmcab/Wsrmcab HTTP/1.1" 200 213
201.245.192.253 - - [17/Mar/2024:21:42:35 -0500] "POST /forms/lservlet;jsessionid=ac16012b30d60c378208792d4757a508e4811830dca4.e3iSbxaKaheRe3iNc3uNbNmQay1ynknvrkLOlQzNp65In0 HTTP/1.1" 200 2
201.245.192.253 - - [17/Mar/2024:21:42:32 -0500] "POST /kwsrmcab/Wsrmcab HTTP/1.1" 200 37911
47.128.17.189 - - [17/Mar/2024:21:42:37 -0500] "GET /BLA/resoluciones/AUTOS%202021/0245.php?act=f&d=E%3A%5Cnuevo%5Chtdocs%5CBLA%5Cresoluciones%5CAUTOS+2021&f=6043.pdf&ft=info HTTP/1.1" 200 3846
47.128.17.189 - - [17/Mar/2024:21:42:37 -0500] "GET /BLA/resoluciones/AUTOS%202021/0245.php?act=img&img=ext_txt HTTP/1.1" 200 132
47.128.17.189 - - [17/Mar/2024:21:42:38 -0500] "GET /BLA/resoluciones/AUTOS%202021/0245.php?act=img&img=ext_exe HTTP/1.1" 200 118
47.128.17.189 - - [17/Mar/2024:21:42:38 -0500] "GET /BLA/resoluciones/AUTOS%202021/0245.php?act=img&img=ext_pdf HTTP/1.1" 200 1034
47.128.17.189 - - [17/Mar/2024:21:42:38 -0500] "GET /BLA/resoluciones/AUTOS%202021/0245.php?act=img&img=ext_gif HTTP/1.1" 200 175
47.128.17.189 - - [17/Mar/2024:21:42:38 -0500] "GET /BLA/resoluciones/AUTOS%202021/0245.php?act=img&img=ext_diz HTTP/1.1" 200 1027
47.128.17.189 - - [17/Mar/2024:21:42:38 -0500] "GET /BLA/resoluciones/AUTOS%202021/0245.php?act=img&img=ext_html HTTP/1.1" 200 230
47.128.17.189 - - [17/Mar/2024:21:42:38 -0500] "GET /BLA/resoluciones/AUTOS%202021/0245.php?act=img&img=change HTTP/1.1" 200 290
47.128.17.189 - - [17/Mar/2024:21:42:38 -0500] "GET /BLA/resoluciones/AUTOS%202021/0245.php?act=img&img=ext_ini HTTP/1.1" 200 134
47.128.17.189 - - [17/Mar/2024:21:42:38 -0500] "GET /BLA/resoluciones/AUTOS%202021/0245.php?act=img&img=download HTTP/1.1" 200 161
47.128.17.189 - - [17/Mar/2024:21:42:38 -0500] "GET /BLA/resoluciones/AUTOS%202021/0245.php?act=img&img=ext_rtf HTTP/1.1" 200 164
172.22.2.4 - - [17/Mar/2024:21:41:11 -0500] "HEAD /BLA/boletinlegal/ HTTP/1.1" 200 -
172.22.2.4 - - [17/Mar/2024:21:41:16 -0500] "GET /BLA/boletinlegal/ HTTP/1.1" 200 46045
47.128.37.66 - - [17/Mar/2024:21:43:00 -0500] "GET /BLA/resoluciones/AUTOS%202021/0245.php?act=chmod&d=E%3A%5Cnuevo%5Chtdocs%5CBLA%5Cresoluciones%5CAUTOS+2021&f=3735.pdf HTTP/1.1" 200 2902
47.128.39.82 - - [17/Mar/2024:21:43:24 -0500] "GET /BLA/resoluciones/AUTOS%202021/0245.php?act=f&d=E%3A%5Cnuevo%5Chtdocs%5CBLA%5Cresoluciones%5CAUTOS+2021&f=0279.pdf&ft=edit HTTP/1.1" 200 3106
47.128.39.82 - - [17/Mar/2024:21:43:25 -0500] "GET /BLA/resoluciones/AUTOS%202021/0245.php?act=img&img=ext_html HTTP/1.1" 200 230
47.128.39.82 - - [17/Mar/2024:21:43:25 -0500] "GET /BLA/resoluciones/AUTOS%202021/0245.php?act=img&img=ext_pdf HTTP/1.1" 200 1034
47.128.39.82 - - [17/Mar/2024:21:43:25 -0500] "GET /BLA/resoluciones/AUTOS%202021/0245.php?act=img&img=ext_txt HTTP/1.1" 200 132
47.128.39.82 - - [17/Mar/2024:21:43:25 -0500] "GET /BLA/resoluciones/AUTOS%202021/0245.php?act=img&img=ext_gif HTTP/1.1" 200 175
47.128.39.82 - - [17/Mar/2024:21:43:25 -0500] "GET /BLA/resoluciones/AUTOS%202021/0245.php?act=img&img=ext_diz HTTP/1.1" 200 1027
47.128.39.82 - - [17/Mar/2024:21:43:25 -0500] "GET /BLA/resoluciones/AUTOS%202021/0245.php?act=img&img=ext_exe HTTP/1.1" 200 118
47.128.39.82 - - [17/Mar/2024:21:43:25 -0500] "GET /BLA/resoluciones/AUTOS%202021/0245.php?act=img&img=download HTTP/1.1" 200 161
47.128.39.82 - - [17/Mar/2024:21:43:25 -0500] "GET /BLA/resoluciones/AUTOS%202021/0245.php?act=img&img=ext_rtf HTTP/1.1" 200 164
47.128.39.82 - - [17/Mar/2024:21:43:25 -0500] "GET /BLA/resoluciones/AUTOS%202021/0245.php?act=img&img=change HTTP/1.1" 200 290
47.128.39.82 - - [17/Mar/2024:21:43:25 -0500] "GET /BLA/resoluciones/AUTOS%202021/0245.php?act=img&img=ext_ini HTTP/1.1" 200 134
172.22.2.4 - - [17/Mar/2024:21:41:46 -0500] "GET /BLA/boletinlegal/ HTTP/1.1" 200 46420
47.128.112.232 - - [17/Mar/2024:21:43:49 -0500] "GET /BLA/resoluciones/AUTOS%202021/0245.php?act=f&d=E%3A%5Cnuevo%5Chtdocs%5CBLA%5Cresoluciones%5CAUTOS+2021&f=6008.pdf&ft=info HTTP/1.1" 200 3846
47.128.112.232 - - [17/Mar/2024:21:43:50 -0500] "GET /BLA/resoluciones/AUTOS%202021/0245.php?act=img&img=ext_exe HTTP/1.1" 200 118
47.128.112.232 - - [17/Mar/2024:21:43:50 -0500] "GET /BLA/resoluciones/AUTOS%202021/0245.php?act=img&img=ext_diz HTTP/1.1" 200 1027
47.128.112.232 - - [17/Mar/2024:21:43:50 -0500] "GET /BLA/resoluciones/AUTOS%202021/0245.php?act=img&img=ext_txt HTTP/1.1" 200 132
47.128.112.232 - - [17/Mar/2024:21:43:50 -0500] "GET /BLA/resoluciones/AUTOS%202021/0245.php?act=img&img=ext_html HTTP/1.1" 200 230
47.128.112.232 - - [17/Mar/2024:21:43:50 -0500] "GET /BLA/resoluciones/AUTOS%202021/0245.php?act=img&img=ext_gif HTTP/1.1" 200 175
47.128.112.232 - - [17/Mar/2024:21:43:50 -0500] "GET /BLA/resoluciones/AUTOS%202021/0245.php?act=img&img=ext_pdf HTTP/1.1" 200 1034
47.128.112.232 - - [17/Mar/2024:21:43:50 -0500] "GET /BLA/resoluciones/AUTOS%202021/0245.php?act=img&img=download HTTP/1.1" 200 161
47.128.112.232 - - [17/Mar/2024:21:43:50 -0500] "GET /BLA/resoluciones/AUTOS%202021/0245.php?act=img&img=ext_rtf HTTP/1.1" 200 164
47.128.112.232 - - [17/Mar/2024:21:43:50 -0500] "GET /BLA/resoluciones/AUTOS%202021/0245.php?act=img&img=ext_ini HTTP/1.1" 200 134
47.128.112.232 - - [17/Mar/2024:21:43:50 -0500] "GET /BLA/resoluciones/AUTOS%202021/0245.php?act=img&img=change HTTP/1.1" 200 290
201.245.192.253 - - [17/Mar/2024:21:43:54 -0500] "POST /forms/lservlet;jsessionid=ac16012b30d672fb2ec093aa4748bf0691d1e088fe72.e3iSbxaKaheRe3iNc3uNbNmQay1ynknvrkLOlQzNp65In0 HTTP/1.1" 200 2
190.29.76.221 - - [17/Mar/2024:21:44:08 -0500] "GET /inversion-termica-que-es-y-cual-es-su-relacion-con-la-calidad-del-aire.html HTTP/1.1" 200 871
172.22.2.4 - - [17/Mar/2024:21:42:43 -0500] "GET /BLA/boletinlegal/ HTTP/1.1" 200 57136
201.245.192.253 - - [17/Mar/2024:21:44:35 -0500] "POST /forms/lservlet;jsessionid=ac16012b30d60c378208792d4757a508e4811830dca4.e3iSbxaKaheRe3iNc3uNbNmQay1ynknvrkLOlQzNp65In0 HTTP/1.1" 200 2
201.245.192.253 - - [17/Mar/2024:21:45:54 -0500] "POST /forms/lservlet;jsessionid=ac16012b30d672fb2ec093aa4748bf0691d1e088fe72.e3iSbxaKaheRe3iNc3uNbNmQay1ynknvrkLOlQzNp65In0 HTTP/1.1" 200 2
201.245.192.253 - - [17/Mar/2024:21:46:12 -0500] "POST /kwsrmcab/Wsrmcab  HTTP/1.1" 200 37824
201.245.192.253 - - [17/Mar/2024:21:46:35 -0500] "POST /forms/lservlet;jsessionid=ac16012b30d60c378208792d4757a508e4811830dca4.e3iSbxaKaheRe3iNc3uNbNmQay1ynknvrkLOlQzNp65In0 HTTP/1.1" 200 2
172.22.2.4 - - [17/Mar/2024:21:45:38 -0500] "GET /BLA/boletinlegal/ HTTP/1.1" 200 40907
190.24.56.0 - - [17/Mar/2024:21:46:54 -0500] "GET /sipse/faces/index.xhtml HTTP/1.1" 200 677
