186.102.28.156 - - [19/Mar/2024:09:09:27 -0500] "GET /kwssiamovil/sm/acme/s?s=U2FsdGVkX196OIDNz27UbOnQTD+yr5dT4ObzmUktPh+RUxQ3fgGO2On31qhNAIF9VwU8f0qkJqy+JoDNd5mY8Hj+9aH7VuqdzZw5tcJZPDLXWM8w6cFNc4VdUZ/sIY90XDhHPT9hXwS9Mab7byBJTbD1JrdkxaEs+bOtu3WY+agYR6/TUcv4ksW1iK3N7dj6AUeOpy6aneBrG1gdAza1S5TB4rur0rDrpF/xAHjTLcFULvPKqv2GYgD5h0FfUGkkM+ZZctDo8aK57Gvs5lsE6VgTSutvNL0u/4luIrkk1cGEp4Xi9THbAoUttEYhceCHu+w339NezWU8CLNPesVVLbD5rtlO3dDIBsFhYX/C3Jtj/cUoawXu1jnbwFLzgSb8GNiT83TdsDLRiQrToubebIbBSqpKevDz2R7THDsrFLPKOWrvhtkaQarZXVZaRXDkF8e6szUe5cpB8w0f/PphMNtP96Z2Wx9/OOpvr+ORLBpz2RD2VUE5wcLQcVg48Lx5OM89/UObExQX5H+u+fzD1zR3N2KEfdt0L9RqvfYfssgz08csQTp3jM8QwD7fz0loO/V74alZB58BrcfgIex0Pa6sUaKKSe4vd2JDLT/ACObmk0zYt6SqFHK+lx2Zc5TNU7U7LjPlCSYRs/ys8RGF2SNhW+NOoL3NdMSi4sZeUiUZGm6fqO7aokM6o4VaQ1vG1IZSE+tNH0qqTtEHHN7ZbX6p3Ce5kP1UgB+stqPg3+ppxk4XySXbaeW3QZssn+8PjWo7D/fzlUVjT4N6mIdiow==&u=U2FsdGVkX1/VNOshH4GLxdlm5bT4V0jWmfCNj2Sk6faurvsnk8py1aX7F08VKNlc&y=U2FsdGVkX1+mgqTaOSQSVQfnyHNZASLJMqbG+R2BANStdzwrTaHOVQh+kdV6/6JO HTTP/1.1" 200 1095
186.28.136.245 - - [19/Mar/2024:09:09:27 -0500] "POST /sipse/faces/presentacion/financiero/solicitudProceso/listarSolicitudProceso.xhtml HTTP/1.1" 200 31215
186.102.28.156 - - [19/Mar/2024:09:09:27 -0500] "GET /kwssiamovil/sm/cjson/pre?f=17&x=U2FsdGVkX1+VJpB9ShTdjWMWMKsKxHCA9+Q+cECFSuUsau60/0ASu31TyEWnunPk HTTP/1.1" 200 12113
186.28.136.245 - - [19/Mar/2024:09:09:27 -0500] "POST /sipse/faces/presentacion/financiero/solicitudProceso/listarSolicitudProceso.xhtml HTTP/1.1" 200 31215
186.102.63.6 - - [19/Mar/2024:09:09:28 -0500] "GET /kwssiamovil/sm/acme/s?s=U2FsdGVkX18xcT/HV1ReUInR7evecrbQ5XKQeeeJsHCiWslcDYgrLFyIsQrkwKGy/CnIAybxpXc0mmZgzQphQkKaJBY7DWFvegbLFZ475O/YXixi4DW9DLWwwmRTKq+S&u=U2FsdGVkX18OTd+VxDsiYbBOGhzXsLZbk8GcHC6kibfanW8caoKHw6yL7FiRFr04&y=U2FsdGVkX18hUvcaMuytfsQYbCuEVmpFuDfE08afQD0/ApAUOrlIuOdG4tDJ96WG HTTP/1.1" 200 113
186.28.136.245 - - [19/Mar/2024:09:09:28 -0500] "POST /sipse/faces/presentacion/financiero/solicitudProceso/listarSolicitudProceso.xhtml HTTP/1.1" 200 31215
186.102.28.156 - - [19/Mar/2024:09:09:27 -0500] "GET /kwssiamovil/sm/cjson/pre?f=4&x=U2FsdGVkX1+VJpB9ShTdjWMWMKsKxHCA9+Q+cECFSuUsau60/0ASu31TyEWnunPk HTTP/1.1" 200 33325
186.102.28.156 - - [19/Mar/2024:09:09:27 -0500] "GET /kwssiamovil/sm/cjson/pre?f=6&x=U2FsdGVkX1+VJpB9ShTdjWMWMKsKxHCA9+Q+cECFSuUsau60/0ASu31TyEWnunPk HTTP/1.1" 200 34689
186.102.28.156 - - [19/Mar/2024:09:09:27 -0500] "GET /kwssiamovil/sm/cjson/pre?f=8&x=U2FsdGVkX1+VJpB9ShTdjWMWMKsKxHCA9+Q+cECFSuUsau60/0ASu31TyEWnunPk HTTP/1.1" 200 35458
186.28.136.245 - - [19/Mar/2024:09:09:28 -0500] "POST /sipse/faces/presentacion/financiero/solicitudProceso/listarSolicitudProceso.xhtml HTTP/1.1" 200 31215
186.102.112.88 - - [19/Mar/2024:09:09:24 -0500] "POST /sipse/faces/presentacion/financiero/solicitudProceso/listarSolicitudProceso.xhtml HTTP/1.1" 200 1556
186.28.136.245 - - [19/Mar/2024:09:09:29 -0500] "POST /sipse/faces/presentacion/financiero/solicitudProceso/listarSolicitudProceso.xhtml HTTP/1.1" 200 31215
186.28.136.245 - - [19/Mar/2024:09:09:29 -0500] "POST /sipse/faces/presentacion/financiero/solicitudProceso/listarSolicitudProceso.xhtml HTTP/1.1" 200 31215
186.102.28.156 - - [19/Mar/2024:09:09:27 -0500] "GET /kwssiamovil/sm/cjson/pre?f=3&x=U2FsdGVkX1+VJpB9ShTdjWMWMKsKxHCA9+Q+cECFSuUsau60/0ASu31TyEWnunPk HTTP/1.1" 200 89923
186.102.28.156 - - [19/Mar/2024:09:09:27 -0500] "GET /kwssiamovil/sm/cjson/pre?f=5&x=U2FsdGVkX1+VJpB9ShTdjWMWMKsKxHCA9+Q+cECFSuUsau60/0ASu31TyEWnunPk HTTP/1.1" 200 91415
186.102.28.156 - - [19/Mar/2024:09:09:27 -0500] "GET /kwssiamovil/sm/cjson/pre?f=7&x=U2FsdGVkX1+VJpB9ShTdjWMWMKsKxHCA9+Q+cECFSuUsau60/0ASu31TyEWnunPk HTTP/1.1" 200 88604
186.28.136.245 - - [19/Mar/2024:09:09:30 -0500] "POST /sipse/faces/presentacion/financiero/solicitudProceso/listarSolicitudProceso.xhtml HTTP/1.1" 200 31215
186.102.112.88 - - [19/Mar/2024:09:09:30 -0500] "POST /sipse/faces/presentacion/financiero/solicitudProceso/listarSolicitudProceso.xhtml HTTP/1.1" 200 18297
172.22.2.4 - - [19/Mar/2024:09:09:32 -0500] "GET /BLA/boletinlegal/consulta_actos.php?tipo=resoluciones&no=952&usuario=&sector=VERTIMIENTOS&fecha=2018&resuelve= HTTP/1.1" 200 1824
172.22.2.4 - - [19/Mar/2024:09:09:32 -0500] "GET /BLA/boletinlegal/images/background.gif HTTP/1.1" 200 -
172.22.2.4 - - [19/Mar/2024:09:09:32 -0500] "GET /BLA/boletinlegal/images/pdf.gif HTTP/1.1" 200 567
186.28.136.245 - - [19/Mar/2024:09:09:30 -0500] "POST /sipse/faces/presentacion/financiero/solicitudProceso/listarSolicitudProceso.xhtml HTTP/1.1" 200 1392
179.51.119.61 - - [19/Mar/2024:09:09:09 -0500] "POST /sipse/faces/presentacion/financiero/solicitudBienServicio/asociarBienServicioSolicitud.xhtml HTTP/1.1" 200 2720
172.22.2.4 - - [19/Mar/2024:09:07:55 -0500] "HEAD /BLA/boletinlegal/ HTTP/1.1" 200 -
186.28.136.245 - - [19/Mar/2024:09:09:33 -0500] "POST /sipse/faces/presentacion/financiero/solicitudProceso/listarSolicitudProceso.xhtml HTTP/1.1" 200 1388
186.102.112.88 - - [19/Mar/2024:09:09:33 -0500] "POST /sipse/faces/presentacion/financiero/solicitudProceso/listarSolicitudProceso.xhtml HTTP/1.1" 200 144565
156.59.198.136 - - [19/Mar/2024:09:09:35 -0500] "GET /portaldeninos/wp-content/uploads/2021/06/titulo-humedales-ni%C3%83%C2%B1os.png HTTP/1.0" 404 75240
186.102.112.88 - - [19/Mar/2024:09:09:36 -0500] "GET /sipse/faces/javax.faces.resource/theme.css?ln=primefaces-sipse HTTP/1.1" 304 -
186.102.112.88 - - [19/Mar/2024:09:09:37 -0500] "GET /sipse/faces/javax.faces.resource/jquery/jquery.js?ln=primefaces&v=4.0 HTTP/1.1" 304 -
186.102.112.88 - - [19/Mar/2024:09:09:37 -0500] "GET /sipse/faces/javax.faces.resource/primefaces.css?ln=primefaces&v=4.0 HTTP/1.1" 304 -
186.102.112.88 - - [19/Mar/2024:09:09:37 -0500] "GET /sipse/faces/javax.faces.resource/layout/layout.css?ln=primefaces&v=4.0 HTTP/1.1" 304 -
186.28.136.245 - - [19/Mar/2024:09:09:35 -0500] "POST /sipse/faces/presentacion/financiero/solicitudProceso/listarSolicitudProceso.xhtml HTTP/1.1" 200 1400
201.245.192.253 - - [19/Mar/2024:09:09:37 -0500] "GET /BLA/resoluciones/RESOLUCIONES%202018/0952.pdf HTTP/1.1" 200 341948
201.245.192.253 - - [19/Mar/2024:09:09:37 -0500] "GET /favicon.ico HTTP/1.1" 200 7782
186.102.112.88 - - [19/Mar/2024:09:09:37 -0500] "GET /sipse/faces/javax.faces.resource/jquery/jquery-plugins.js?ln=primefaces&v=4.0 HTTP/1.1" 304 -
186.102.112.88 - - [19/Mar/2024:09:09:38 -0500] "GET /sipse/faces/javax.faces.resource/primefaces.js?ln=primefaces&v=4.0 HTTP/1.1" 304 -
179.51.119.61 - - [19/Mar/2024:09:09:38 -0500] "POST /sipse/faces/presentacion/financiero/solicitudBienServicio/asociarBienServicioSolicitud.xhtml HTTP/1.1" 200 78346
186.102.112.88 - - [19/Mar/2024:09:09:38 -0500] "GET /sipse/faces/javax.faces.resource/layout/layout.js?ln=primefaces&v=4.0 HTTP/1.1" 304 -
179.51.119.61 - - [19/Mar/2024:09:09:38 -0500] "GET /sipse/faces/javax.faces.resource/theme.css?ln=primefaces-sipse HTTP/1.1" 304 -
179.51.119.61 - - [19/Mar/2024:09:09:38 -0500] "GET /sipse/faces/javax.faces.resource/primefaces.css?ln=primefaces&v=4.0 HTTP/1.1" 304 -
179.51.119.61 - - [19/Mar/2024:09:09:38 -0500] "GET /sipse/faces/javax.faces.resource/layout/layout.css?ln=primefaces&v=4.0 HTTP/1.1" 304 -
179.51.119.61 - - [19/Mar/2024:09:09:38 -0500] "GET /sipse/faces/javax.faces.resource/jquery/jquery.js?ln=primefaces&v=4.0 HTTP/1.1" 304 -
179.51.119.61 - - [19/Mar/2024:09:09:38 -0500] "GET /sipse/faces/javax.faces.resource/jquery/jquery-plugins.js?ln=primefaces&v=4.0 HTTP/1.1" 304 -
179.51.119.61 - - [19/Mar/2024:09:09:38 -0500] "GET /sipse/faces/javax.faces.resource/primefaces.js?ln=primefaces&v=4.0 HTTP/1.1" 304 -
179.51.119.61 - - [19/Mar/2024:09:09:38 -0500] "GET /sipse/faces/javax.faces.resource/layout/layout.js?ln=primefaces&v=4.0 HTTP/1.1" 304 -
186.102.112.88 - - [19/Mar/2024:09:09:38 -0500] "GET /sipse/css/imagen/contrasena.png HTTP/1.1" 404 383
186.28.136.245 - - [19/Mar/2024:09:09:37 -0500] "POST /sipse/faces/presentacion/financiero/solicitudProceso/listarSolicitudProceso.xhtml HTTP/1.1" 200 1388
186.28.136.245 - - [19/Mar/2024:09:09:39 -0500] "POST /sipse/faces/presentacion/financiero/solicitudProceso/listarSolicitudProceso.xhtml HTTP/1.1" 200 1400
186.28.136.245 - - [19/Mar/2024:09:09:41 -0500] "POST /sipse/faces/presentacion/financiero/solicitudProceso/listarSolicitudProceso.xhtml HTTP/1.1" 200 1384
186.28.136.245 - - [19/Mar/2024:09:09:43 -0500] "POST /sipse/faces/presentacion/financiero/solicitudProceso/listarSolicitudProceso.xhtml HTTP/1.1" 200 1400
186.28.136.245 - - [19/Mar/2024:09:09:44 -0500] "POST /sipse/faces/presentacion/financiero/solicitudProceso/listarSolicitudProceso.xhtml HTTP/1.1" 200 1388
186.102.112.88 - - [19/Mar/2024:09:09:45 -0500] "POST /sipse/faces/presentacion/financiero/solicitudProceso/consultarSolicitudProceso.xhtml HTTP/1.1" 200 86446
186.28.136.245 - - [19/Mar/2024:09:09:46 -0500] "POST /sipse/faces/presentacion/financiero/solicitudProceso/listarSolicitudProceso.xhtml HTTP/1.1" 200 1400
186.154.159.218 - - [19/Mar/2024:09:09:49 -0500] "GET /BLA/resoluciones/RESOLUCIONES%202021/0165.pdf HTTP/1.1" 200 470303
186.154.159.218 - - [19/Mar/2024:09:09:49 -0500] "GET /favicon.ico HTTP/1.1" 200 7782
186.28.136.245 - - [19/Mar/2024:09:09:48 -0500] "POST /sipse/faces/presentacion/financiero/solicitudProceso/listarSolicitudProceso.xhtml HTTP/1.1" 200 1388
186.28.136.245 - - [19/Mar/2024:09:09:49 -0500] "POST /sipse/faces/presentacion/financiero/solicitudProceso/listarSolicitudProceso.xhtml HTTP/1.1" 200 1400
186.28.136.245 - - [19/Mar/2024:09:09:52 -0500] "POST /sipse/faces/presentacion/financiero/solicitudProceso/listarSolicitudProceso.xhtml HTTP/1.1" 200 1384
179.51.119.61 - - [19/Mar/2024:09:09:50 -0500] "POST /sipse/faces/presentacion/financiero/solicitudProceso/crearModificarSolicitudProceso.xhtml HTTP/1.1" 200 37721
179.51.119.61 - - [19/Mar/2024:09:09:54 -0500] "GET /sipse/faces/javax.faces.resource/theme.css?ln=primefaces-sipse HTTP/1.1" 304 -
179.51.119.61 - - [19/Mar/2024:09:09:54 -0500] "GET /sipse/faces/javax.faces.resource/primefaces.css?ln=primefaces&v=4.0 HTTP/1.1" 304 -
179.51.119.61 - - [19/Mar/2024:09:09:54 -0500] "GET /sipse/faces/javax.faces.resource/layout/layout.css?ln=primefaces&v=4.0 HTTP/1.1" 304 -
179.51.119.61 - - [19/Mar/2024:09:09:54 -0500] "GET /sipse/faces/javax.faces.resource/jquery/jquery.js?ln=primefaces&v=4.0 HTTP/1.1" 304 -
179.51.119.61 - - [19/Mar/2024:09:09:54 -0500] "GET /sipse/faces/javax.faces.resource/jquery/jquery-plugins.js?ln=primefaces&v=4.0 HTTP/1.1" 304 -
179.51.119.61 - - [19/Mar/2024:09:09:54 -0500] "GET /sipse/faces/javax.faces.resource/primefaces.js?ln=primefaces&v=4.0 HTTP/1.1" 304 -
179.51.119.61 - - [19/Mar/2024:09:09:54 -0500] "GET /sipse/faces/javax.faces.resource/layout/layout.js?ln=primefaces&v=4.0 HTTP/1.1" 304 -
201.245.192.253 - - [19/Mar/2024:09:09:55 -0500] "GET /BLA/resoluciones/RESOLUCIONES HTTP/1.1" 404 1120
186.28.136.245 - - [19/Mar/2024:09:09:53 -0500] "POST /sipse/faces/presentacion/financiero/solicitudProceso/listarSolicitudProceso.xhtml HTTP/1.1" 200 1400
179.51.119.61 - - [19/Mar/2024:09:09:54 -0500] "POST /sipse/faces/presentacion/financiero/solicitudProceso/listarSolicitudProceso.xhtml HTTP/1.1" 200 1392
186.28.136.245 - - [19/Mar/2024:09:09:55 -0500] "POST /sipse/faces/presentacion/financiero/solicitudProceso/listarSolicitudProceso.xhtml HTTP/1.1" 200 1384
186.28.136.245 - - [19/Mar/2024:09:09:57 -0500] "POST /sipse/faces/presentacion/financiero/solicitudProceso/listarSolicitudProceso.xhtml HTTP/1.1" 200 1400
186.28.136.245 - - [19/Mar/2024:09:09:59 -0500] "POST /sipse/faces/presentacion/financiero/solicitudProceso/listarSolicitudProceso.xhtml HTTP/1.1" 200 1388
201.245.192.253 - - [19/Mar/2024:09:10:02 -0500] "POST /forms/lservlet;jsessionid=ac16012b30d672fb2ec093aa4748bf0691d1e088fe72.e3iSbxaKaheRe3iNc3uNbNmQay1ynknvrkLOlQzNp65In0 HTTP/1.1" 200 2
186.28.136.245 - - [19/Mar/2024:09:10:00 -0500] "POST /sipse/faces/presentacion/financiero/solicitudProceso/listarSolicitudProceso.xhtml HTTP/1.1" 200 1400
186.28.136.245 - - [19/Mar/2024:09:10:02 -0500] "POST /sipse/faces/presentacion/financiero/solicitudProceso/listarSolicitudProceso.xhtml HTTP/1.1" 200 1384
181.53.12.90 - - [19/Mar/2024:09:10:05 -0500] "GET /sipse/faces/index.xhtml HTTP/1.1" 200 677
181.53.12.90 - - [19/Mar/2024:09:10:05 -0500] "GET /sipse/faces/javax.faces.resource/theme.css?ln=primefaces-sipse HTTP/1.1" 304 -
181.53.12.90 - - [19/Mar/2024:09:10:05 -0500] "GET /sipse/faces/javax.faces.resource/theme.css?ln=primefaces-sipse HTTP/1.1" 304 -
181.53.12.90 - - [19/Mar/2024:09:10:05 -0500] "GET /sipse/faces/faces/autenticacion.xhtml HTTP/1.1" 200 12402
181.53.12.90 - - [19/Mar/2024:09:10:05 -0500] "GET /sipse/faces/javax.faces.resource/layout/layout.css?ln=primefaces&v=4.0 HTTP/1.1" 304 -
181.53.12.90 - - [19/Mar/2024:09:10:05 -0500] "GET /sipse/faces/javax.faces.resource/primefaces.css?ln=primefaces&v=4.0 HTTP/1.1" 304 -
181.53.12.90 - - [19/Mar/2024:09:10:05 -0500] "GET /sipse/faces/javax.faces.resource/jquery/jquery.js?ln=primefaces&v=4.0 HTTP/1.1" 304 -
181.53.12.90 - - [19/Mar/2024:09:10:05 -0500] "GET /sipse/faces/javax.faces.resource/jquery/jquery-plugins.js?ln=primefaces&v=4.0 HTTP/1.1" 304 -
181.53.12.90 - - [19/Mar/2024:09:10:05 -0500] "GET /sipse/faces/javax.faces.resource/primefaces.js?ln=primefaces&v=4.0 HTTP/1.1" 304 -
181.53.12.90 - - [19/Mar/2024:09:10:05 -0500] "GET /sipse/faces/javax.faces.resource/layout/layout.js?ln=primefaces&v=4.0 HTTP/1.1" 304 -
181.53.12.90 - - [19/Mar/2024:09:10:05 -0500] "GET /sipse/faces/javax.faces.resource/images/ui-icons_898989_256x240.png?ln=primefaces-aristo HTTP/1.1" 304 -
186.28.136.245 - - [19/Mar/2024:09:10:03 -0500] "POST /sipse/faces/presentacion/financiero/solicitudProceso/listarSolicitudProceso.xhtml HTTP/1.1" 200 1400
186.28.136.245 - - [19/Mar/2024:09:10:05 -0500] "POST /sipse/faces/presentacion/financiero/solicitudProceso/listarSolicitudProceso.xhtml HTTP/1.1" 200 1384
201.245.192.253 - - [19/Mar/2024:09:10:08 -0500] "GET /BLA/ HTTP/1.1" 200 538
181.53.12.90 - - [19/Mar/2024:09:10:08 -0500] "POST /sipse/faces/autenticacion.xhtml HTTP/1.1" 200 16292
181.53.12.90 - - [19/Mar/2024:09:10:08 -0500] "GET /sipse/faces/javax.faces.resource/layout/layout.css?ln=primefaces&v=4.0 HTTP/1.1" 304 -
181.53.12.90 - - [19/Mar/2024:09:10:08 -0500] "GET /sipse/faces/javax.faces.resource/theme.css?ln=primefaces-sipse HTTP/1.1" 304 -
181.53.12.90 - - [19/Mar/2024:09:10:08 -0500] "GET /sipse/faces/javax.faces.resource/primefaces.css?ln=primefaces&v=4.0 HTTP/1.1" 304 -
181.53.12.90 - - [19/Mar/2024:09:10:08 -0500] "GET /sipse/faces/javax.faces.resource/jquery/jquery.js?ln=primefaces&v=4.0 HTTP/1.1" 304 -
181.53.12.90 - - [19/Mar/2024:09:10:08 -0500] "GET /sipse/faces/javax.faces.resource/jquery/jquery-plugins.js?ln=primefaces&v=4.0 HTTP/1.1" 304 -
181.53.12.90 - - [19/Mar/2024:09:10:08 -0500] "GET /sipse/faces/javax.faces.resource/primefaces.js?ln=primefaces&v=4.0 HTTP/1.1" 304 -
181.53.12.90 - - [19/Mar/2024:09:10:08 -0500] "GET /sipse/faces/javax.faces.resource/layout/layout.js?ln=primefaces&v=4.0 HTTP/1.1" 304 -
181.53.12.90 - - [19/Mar/2024:09:10:08 -0500] "GET /sipse/css/imagen/contrasena.png HTTP/1.1" 404 383
181.53.12.90 - - [19/Mar/2024:09:10:08 -0500] "GET /sipse/faces/javax.faces.resource/messages/messages.png?ln=primefaces&v=4.0 HTTP/1.1" 304 -
186.28.136.245 - - [19/Mar/2024:09:10:07 -0500] "POST /sipse/faces/presentacion/financiero/solicitudProceso/listarSolicitudProceso.xhtml HTTP/1.1" 200 1400
181.53.12.90 - - [19/Mar/2024:09:10:10 -0500] "GET /sipse/faces/javax.faces.resource/images/ui-bg_flat_0_2d5972_40x100.png?ln=primefaces-aristo HTTP/1.1" 304 -
186.28.136.245 - - [19/Mar/2024:09:10:08 -0500] "POST /sipse/faces/presentacion/financiero/solicitudProceso/listarSolicitudProceso.xhtml HTTP/1.1" 200 1388
181.53.12.90 - - [19/Mar/2024:09:10:10 -0500] "POST /sipse/faces/bienvenido.xhtml HTTP/1.1" 200 1471
186.28.136.245 - - [19/Mar/2024:09:10:10 -0500] "POST /sipse/faces/presentacion/financiero/solicitudProceso/listarSolicitudProceso.xhtml HTTP/1.1" 200 1400
201.245.192.253 - - [19/Mar/2024:09:10:12 -0500] "GET /BLA/boletinlegal/style.css HTTP/1.1" 200 9406
201.245.192.253 - - [19/Mar/2024:09:10:12 -0500] "GET /BLA/boletinlegal/styles2.css HTTP/1.1" 200 1838
201.245.192.253 - - [19/Mar/2024:09:10:12 -0500] "GET /BLA/boletinlegal/js/jquery.js HTTP/1.1" 200 57254
201.245.192.253 - - [19/Mar/2024:09:10:12 -0500] "GET /BLA/boletinlegal/js/jquery.scrollTo-min.js HTTP/1.1" 200 1150
201.245.192.253 - - [19/Mar/2024:09:10:12 -0500] "GET /BLA/boletinlegal/js/jquery.scrollShow.js HTTP/1.1" 200 4586
201.245.192.253 - - [19/Mar/2024:09:10:12 -0500] "GET /BLA/boletinlegal/images/cabezote%20BLEGAL.jpg HTTP/1.1" 200 118164
201.245.192.253 - - [19/Mar/2024:09:10:12 -0500] "GET /BLA/boletinlegal/images/screen_1.png HTTP/1.1" 200 202547
181.53.12.90 - - [19/Mar/2024:09:10:12 -0500] "POST /sipse/faces/bienvenido.xhtml HTTP/1.1" 200 64051
201.245.192.253 - - [19/Mar/2024:09:10:13 -0500] "GET /BLA/boletinlegal/images/subscribe-icon-big.png HTTP/1.1" 200 47702
201.245.192.253 - - [19/Mar/2024:09:10:13 -0500] "GET /BLA/boletinlegal/images/historia.png HTTP/1.1" 200 52775
201.245.192.253 - - [19/Mar/2024:09:10:13 -0500] "GET /BLA/boletinlegal/images/registro-usuarios.png HTTP/1.1" 200 8106
201.245.192.253 - - [19/Mar/2024:09:10:13 -0500] "GET /BLA/boletinlegal/images/arr_l.jpg HTTP/1.1" 200 1979
181.53.12.90 - - [19/Mar/2024:09:10:13 -0500] "GET /sipse/faces/javax.faces.resource/primefaces.css?ln=primefaces&v=4.0 HTTP/1.1" 304 -
181.53.12.90 - - [19/Mar/2024:09:10:13 -0500] "GET /sipse/faces/javax.faces.resource/layout/layout.css?ln=primefaces&v=4.0 HTTP/1.1" 304 -
181.53.12.90 - - [19/Mar/2024:09:10:13 -0500] "GET /sipse/faces/javax.faces.resource/theme.css?ln=primefaces-sipse HTTP/1.1" 304 -
201.245.192.253 - - [19/Mar/2024:09:10:13 -0500] "GET /BLA/boletinlegal/images/launch.jpg HTTP/1.1" 200 14577
201.245.192.253 - - [19/Mar/2024:09:10:13 -0500] "GET /BLA/boletinlegal/images/body_bg.jpg HTTP/1.1" 200 1601
201.245.192.253 - - [19/Mar/2024:09:10:13 -0500] "GET /BLA/boletinlegal/images/menu_lft.gif HTTP/1.1" 200 1713
201.245.192.253 - - [19/Mar/2024:09:10:13 -0500] "GET /BLA/boletinlegal/images/menu_rght.gif HTTP/1.1" 200 1627
181.53.12.90 - - [19/Mar/2024:09:10:13 -0500] "GET /sipse/faces/javax.faces.resource/jquery/jquery.js?ln=primefaces&v=4.0 HTTP/1.1" 304 -
201.245.192.253 - - [19/Mar/2024:09:10:13 -0500] "GET /BLA/boletinlegal/images/bg_top.jpg HTTP/1.1" 200 522
201.245.192.253 - - [19/Mar/2024:09:10:13 -0500] "GET /BLA/boletinlegal/images/menu_bg.jpg HTTP/1.1" 200 620
201.245.192.253 - - [19/Mar/2024:09:10:13 -0500] "GET /BLA/boletinlegal/images/hover.jpg HTTP/1.1" 200 640
201.245.192.253 - - [19/Mar/2024:09:10:13 -0500] "GET /BLA/boletinlegal/images/text.jpg HTTP/1.1" 200 568
181.53.12.90 - - [19/Mar/2024:09:10:13 -0500] "GET /sipse/faces/javax.faces.resource/jquery/jquery-plugins.js?ln=primefaces&v=4.0 HTTP/1.1" 304 -
181.53.12.90 - - [19/Mar/2024:09:10:13 -0500] "GET /sipse/faces/javax.faces.resource/primefaces.js?ln=primefaces&v=4.0 HTTP/1.1" 304 -
181.53.12.90 - - [19/Mar/2024:09:10:13 -0500] "GET /sipse/faces/javax.faces.resource/layout/layout.js?ln=primefaces&v=4.0 HTTP/1.1" 304 -
181.53.12.90 - - [19/Mar/2024:09:10:13 -0500] "POST /sipse/faces/presentacion/financiero/solicitudProceso/listarSolicitudProceso.xhtml HTTP/1.1" 200 1556
186.28.136.245 - - [19/Mar/2024:09:10:12 -0500] "POST /sipse/faces/presentacion/financiero/solicitudProceso/listarSolicitudProceso.xhtml HTTP/1.1" 200 1384
186.28.136.245 - - [19/Mar/2024:09:10:14 -0500] "POST /sipse/faces/presentacion/financiero/solicitudProceso/listarSolicitudProceso.xhtml HTTP/1.1" 200 1400
186.28.136.245 - - [19/Mar/2024:09:10:15 -0500] "POST /sipse/faces/presentacion/financiero/solicitudProceso/listarSolicitudProceso.xhtml HTTP/1.1" 200 1384
186.28.136.245 - - [19/Mar/2024:09:10:17 -0500] "POST /sipse/faces/presentacion/financiero/solicitudProceso/listarSolicitudProceso.xhtml HTTP/1.1" 200 1400
181.53.12.90 - - [19/Mar/2024:09:10:20 -0500] "POST /sipse/faces/presentacion/financiero/solicitudProceso/listarSolicitudProceso.xhtml HTTP/1.1" 200 4659
186.28.136.245 - - [19/Mar/2024:09:10:19 -0500] "POST /sipse/faces/presentacion/financiero/solicitudProceso/listarSolicitudProceso.xhtml HTTP/1.1" 200 1388
181.53.12.90 - - [19/Mar/2024:09:10:22 -0500] "POST /sipse/faces/presentacion/financiero/solicitudProceso/listarSolicitudProceso.xhtml HTTP/1.1" 200 31831
186.28.136.245 - - [19/Mar/2024:09:10:20 -0500] "POST /sipse/faces/presentacion/financiero/solicitudProceso/listarSolicitudProceso.xhtml HTTP/1.1" 200 1400
192.168.172.47 - - [19/Mar/2024:09:10:10 -0500] "GET /BLA/boletinlegal/admin/index.php HTTP/1.1" 200 5487
192.168.172.47 - - [19/Mar/2024:09:10:23 -0500] "GET /BLA/boletinlegal/admin/index_files/index_files/tback.gif HTTP/1.1" 404 1322
186.28.136.245 - - [19/Mar/2024:09:10:22 -0500] "POST /sipse/faces/presentacion/financiero/solicitudProceso/listarSolicitudProceso.xhtml HTTP/1.1" 200 1384
201.245.192.253 - - [19/Mar/2024:09:10:24 -0500] "GET /BLA/boletinlegal/images/screen_3.png HTTP/1.1" 200 210620
201.245.192.253 - - [19/Mar/2024:09:10:24 -0500] "GET /BLA/boletinlegal/images/footer_bg.jpg HTTP/1.1" 200 586
201.245.192.253 - - [19/Mar/2024:09:10:24 -0500] "GET /BLA/boletinlegal/images/screen_2.png HTTP/1.1" 200 362502
201.245.192.253 - - [19/Mar/2024:09:10:24 -0500] "GET /BLA/boletinlegal/images/arr_r.jpg HTTP/1.1" 200 1998
201.245.192.253 - - [19/Mar/2024:09:10:24 -0500] "GET /BLA/boletinlegal/images/screen_5.png HTTP/1.1" 200 368876
186.28.136.245 - - [19/Mar/2024:09:10:24 -0500] "POST /sipse/faces/presentacion/financiero/solicitudProceso/listarSolicitudProceso.xhtml HTTP/1.1" 200 1400
172.22.2.4 - - [19/Mar/2024:09:08:46 -0500] "GET /BLA/boletinlegal/ HTTP/1.1" 200 57136
181.53.12.90 - - [19/Mar/2024:09:10:26 -0500] "POST /sipse/faces/presentacion/financiero/solicitudProceso/listarSolicitudProceso.xhtml HTTP/1.1" 200 32092
186.28.136.245 - - [19/Mar/2024:09:10:25 -0500] "POST /sipse/faces/presentacion/financiero/solicitudProceso/listarSolicitudProceso.xhtml HTTP/1.1" 200 1384
186.28.136.245 - - [19/Mar/2024:09:10:27 -0500] "POST /sipse/faces/presentacion/financiero/solicitudProceso/listarSolicitudProceso.xhtml HTTP/1.1" 200 1400
186.28.136.245 - - [19/Mar/2024:09:10:29 -0500] "POST /sipse/faces/presentacion/financiero/solicitudProceso/listarSolicitudProceso.xhtml HTTP/1.1" 200 1384
186.28.136.245 - - [19/Mar/2024:09:10:31 -0500] "POST /sipse/faces/presentacion/financiero/solicitudProceso/listarSolicitudProceso.xhtml HTTP/1.1" 200 1400
181.53.12.90 - - [19/Mar/2024:09:10:32 -0500] "POST /sipse/faces/presentacion/financiero/solicitudProceso/listarSolicitudProceso.xhtml HTTP/1.1" 200 2709
192.168.172.47 - - [19/Mar/2024:09:10:33 -0500] "GET /BLA/boletinlegal/admin/notificaciones/ingresar.php HTTP/1.1" 200 30150
192.168.172.47 - - [19/Mar/2024:09:10:33 -0500] "GET /css/global/buttons.css HTTP/1.1" 404 1312
192.168.172.47 - - [19/Mar/2024:09:10:33 -0500] "GET /BLA/boletinlegal/images/favicon.ico HTTP/1.1" 404 1334
181.53.12.90 - - [19/Mar/2024:09:10:33 -0500] "POST /sipse/faces/presentacion/financiero/solicitudProceso/listarSolicitudProceso.xhtml HTTP/1.1" 200 38450
181.53.12.90 - - [19/Mar/2024:09:10:34 -0500] "GET /sipse/faces/javax.faces.resource/theme.css?ln=primefaces-sipse HTTP/1.1" 304 -
181.53.12.90 - - [19/Mar/2024:09:10:34 -0500] "GET /sipse/faces/javax.faces.resource/primefaces.css?ln=primefaces&v=4.0 HTTP/1.1" 304 -
181.53.12.90 - - [19/Mar/2024:09:10:34 -0500] "GET /sipse/faces/javax.faces.resource/layout/layout.css?ln=primefaces&v=4.0 HTTP/1.1" 304 -
181.53.12.90 - - [19/Mar/2024:09:10:34 -0500] "GET /sipse/faces/javax.faces.resource/jquery/jquery.js?ln=primefaces&v=4.0 HTTP/1.1" 304 -
181.53.12.90 - - [19/Mar/2024:09:10:34 -0500] "GET /sipse/faces/javax.faces.resource/jquery/jquery-plugins.js?ln=primefaces&v=4.0 HTTP/1.1" 304 -
181.53.12.90 - - [19/Mar/2024:09:10:34 -0500] "GET /sipse/faces/javax.faces.resource/primefaces.js?ln=primefaces&v=4.0 HTTP/1.1" 304 -
181.53.12.90 - - [19/Mar/2024:09:10:34 -0500] "GET /sipse/faces/javax.faces.resource/layout/layout.js?ln=primefaces&v=4.0 HTTP/1.1" 304 -
186.28.136.245 - - [19/Mar/2024:09:10:32 -0500] "POST /sipse/faces/presentacion/financiero/solicitudProceso/listarSolicitudProceso.xhtml HTTP/1.1" 200 1384
181.53.12.90 - - [19/Mar/2024:09:10:34 -0500] "POST /sipse/faces/presentacion/financiero/solicitudProceso/consultar.xhtml HTTP/1.1" 200 31741
186.28.136.245 - - [19/Mar/2024:09:10:34 -0500] "POST /sipse/faces/presentacion/financiero/solicitudProceso/listarSolicitudProceso.xhtml HTTP/1.1" 200 1400
201.245.192.253 - - [19/Mar/2024:09:10:35 -0500] "POST /sipse/faces/presentacion/financiero/solicitudProceso/consultarSolicitudProceso.xhtml HTTP/1.1" 200 36762
201.245.192.253 - - [19/Mar/2024:09:10:36 -0500] "GET /sipse/faces/javax.faces.resource/layout/layout.css?ln=primefaces&v=4.0 HTTP/1.1" 304 -
201.245.192.253 - - [19/Mar/2024:09:10:36 -0500] "GET /sipse/faces/javax.faces.resource/theme.css?ln=primefaces-sipse HTTP/1.1" 304 -
201.245.192.253 - - [19/Mar/2024:09:10:36 -0500] "GET /sipse/faces/javax.faces.resource/primefaces.css?ln=primefaces&v=4.0 HTTP/1.1" 304 -
201.245.192.253 - - [19/Mar/2024:09:10:36 -0500] "GET /sipse/faces/javax.faces.resource/jquery/jquery.js?ln=primefaces&v=4.0 HTTP/1.1" 304 -
201.245.192.253 - - [19/Mar/2024:09:10:36 -0500] "GET /sipse/faces/javax.faces.resource/jquery/jquery-plugins.js?ln=primefaces&v=4.0 HTTP/1.1" 304 -
201.245.192.253 - - [19/Mar/2024:09:10:36 -0500] "GET /sipse/css/imagen/contrasena.png HTTP/1.1" 404 383
201.245.192.253 - - [19/Mar/2024:09:10:36 -0500] "GET /sipse/faces/javax.faces.resource/primefaces.js?ln=primefaces&v=4.0 HTTP/1.1" 304 -
201.245.192.253 - - [19/Mar/2024:09:10:36 -0500] "GET /sipse/faces/javax.faces.resource/layout/layout.js?ln=primefaces&v=4.0 HTTP/1.1" 304 -
201.245.192.253 - - [19/Mar/2024:09:10:36 -0500] "GET /sipse/faces/javax.faces.resource/images/ui-icons_898989_256x240.png?ln=primefaces-aristo HTTP/1.1" 304 -
201.245.192.253 - - [19/Mar/2024:09:10:36 -0500] "GET /sipse/faces/javax.faces.resource/images/ui-bg_flat_0_2d5972_40x100.png?ln=primefaces-aristo HTTP/1.1" 304 -
201.245.192.253 - - [19/Mar/2024:09:10:36 -0500] "POST /sipse/faces/presentacion/financiero/solicitudProceso/listarSolicitudProceso.xhtml HTTP/1.1" 200 1392
186.28.136.245 - - [19/Mar/2024:09:10:36 -0500] "POST /sipse/faces/presentacion/financiero/solicitudProceso/listarSolicitudProceso.xhtml HTTP/1.1" 200 1388
201.245.192.253 - - [19/Mar/2024:09:10:38 -0500] "POST /sipse/faces/presentacion/financiero/solicitudProceso/listarSolicitudProceso.xhtml HTTP/1.1" 200 6681
186.154.32.231 - - [19/Mar/2024:09:10:37 -0500] "POST /sipse/faces/presentacion/financiero/solicitudProceso/listarSolicitudProceso.xhtml HTTP/1.1" 200 60330
186.154.32.231 - - [19/Mar/2024:09:10:39 -0500] "GET /sipse/faces/javax.faces.resource/theme.css?ln=primefaces-sipse HTTP/1.1" 304 -
186.154.32.231 - - [19/Mar/2024:09:10:39 -0500] "GET /sipse/faces/javax.faces.resource/layout/layout.css?ln=primefaces&v=4.0 HTTP/1.1" 304 -
186.154.32.231 - - [19/Mar/2024:09:10:39 -0500] "GET /sipse/faces/javax.faces.resource/primefaces.css?ln=primefaces&v=4.0 HTTP/1.1" 304 -
186.154.32.231 - - [19/Mar/2024:09:10:39 -0500] "GET /sipse/faces/javax.faces.resource/jquery/jquery.js?ln=primefaces&v=4.0 HTTP/1.1" 304 -
186.154.32.231 - - [19/Mar/2024:09:10:39 -0500] "GET /sipse/faces/javax.faces.resource/jquery/jquery-plugins.js?ln=primefaces&v=4.0 HTTP/1.1" 304 -
186.154.32.231 - - [19/Mar/2024:09:10:39 -0500] "GET /sipse/css/imagen/contrasena.png HTTP/1.1" 404 383
186.154.32.231 - - [19/Mar/2024:09:10:39 -0500] "GET /sipse/faces/javax.faces.resource/primefaces.js?ln=primefaces&v=4.0 HTTP/1.1" 304 -
186.154.32.231 - - [19/Mar/2024:09:10:39 -0500] "GET /sipse/faces/javax.faces.resource/layout/layout.js?ln=primefaces&v=4.0 HTTP/1.1" 304 -
181.53.12.90 - - [19/Mar/2024:09:10:39 -0500] "POST /sipse/faces/presentacion/financiero/solicitudProceso/consultar.xhtml HTTP/1.1" 200 13046
186.154.32.231 - - [19/Mar/2024:09:10:39 -0500] "GET /sipse/faces/javax.faces.resource/images/ui-icons_898989_256x240.png?ln=primefaces-aristo HTTP/1.1" 304 -
186.28.136.245 - - [19/Mar/2024:09:10:37 -0500] "POST /sipse/faces/presentacion/financiero/solicitudProceso/listarSolicitudProceso.xhtml HTTP/1.1" 200 1400
201.245.192.253 - - [19/Mar/2024:09:10:39 -0500] "POST /forms/lservlet;jsessionid=ac16012b30d60c378208792d4757a508e4811830dca4.e3iSbxaKaheRe3iNc3uNbNmQay1ynknvrkLOlQzNp65In0 HTTP/1.1" 200 2
186.28.136.245 - - [19/Mar/2024:09:10:39 -0500] "POST /sipse/faces/presentacion/financiero/solicitudProceso/listarSolicitudProceso.xhtml HTTP/1.1" 200 1384
201.245.192.253 - - [19/Mar/2024:09:10:12 -0500] "GET /BLA/boletinlegal/index.php HTTP/1.1" 200 20427
186.28.136.245 - - [19/Mar/2024:09:10:41 -0500] "POST /sipse/faces/presentacion/financiero/solicitudProceso/listarSolicitudProceso.xhtml HTTP/1.1" 200 1400
186.154.32.231 - - [19/Mar/2024:09:10:42 -0500] "GET /sipse/faces/javax.faces.resource/images/ui-bg_flat_0_2d5972_40x100.png?ln=primefaces-aristo HTTP/1.1" 304 -
186.154.32.231 - - [19/Mar/2024:09:10:43 -0500] "POST /sipse/faces/presentacion/financiero/solicitudProceso/crearModificarSolicitudProceso.xhtml HTTP/1.1" 200 51773
186.28.136.245 - - [19/Mar/2024:09:10:42 -0500] "POST /sipse/faces/presentacion/financiero/solicitudProceso/listarSolicitudProceso.xhtml HTTP/1.1" 200 1388
181.53.12.90 - - [19/Mar/2024:09:10:43 -0500] "POST /sipse/faces/presentacion/financiero/solicitudProceso/consultar.xhtml HTTP/1.1" 200 159504
181.53.12.90 - - [19/Mar/2024:09:10:45 -0500] "GET /sipse/faces/javax.faces.resource/theme.css?ln=primefaces-sipse HTTP/1.1" 304 -
181.53.12.90 - - [19/Mar/2024:09:10:45 -0500] "GET /sipse/faces/javax.faces.resource/primefaces.css?ln=primefaces&v=4.0 HTTP/1.1" 304 -
181.53.12.90 - - [19/Mar/2024:09:10:45 -0500] "GET /sipse/faces/javax.faces.resource/layout/layout.css?ln=primefaces&v=4.0 HTTP/1.1" 304 -
181.53.12.90 - - [19/Mar/2024:09:10:45 -0500] "GET /sipse/faces/javax.faces.resource/jquery/jquery.js?ln=primefaces&v=4.0 HTTP/1.1" 304 -
181.53.12.90 - - [19/Mar/2024:09:10:45 -0500] "GET /sipse/faces/javax.faces.resource/jquery/jquery-plugins.js?ln=primefaces&v=4.0 HTTP/1.1" 304 -
181.53.12.90 - - [19/Mar/2024:09:10:45 -0500] "GET /sipse/faces/javax.faces.resource/primefaces.js?ln=primefaces&v=4.0 HTTP/1.1" 304 -
181.53.12.90 - - [19/Mar/2024:09:10:45 -0500] "GET /sipse/faces/javax.faces.resource/layout/layout.js?ln=primefaces&v=4.0 HTTP/1.1" 304 -
186.28.136.245 - - [19/Mar/2024:09:10:45 -0500] "POST /sipse/faces/presentacion/financiero/solicitudProceso/listarSolicitudProceso.xhtml HTTP/1.1" 200 1400
186.28.136.245 - - [19/Mar/2024:09:10:47 -0500] "POST /sipse/faces/presentacion/financiero/solicitudProceso/listarSolicitudProceso.xhtml HTTP/1.1" 200 1388
192.168.172.47 - - [19/Mar/2024:09:10:37 -0500] "GET /BLA/boletinlegal/admin/index.php HTTP/1.1" 200 5487
186.28.136.245 - - [19/Mar/2024:09:10:49 -0500] "POST /sipse/faces/presentacion/financiero/solicitudProceso/listarSolicitudProceso.xhtml HTTP/1.1" 200 1400
186.154.32.231 - - [19/Mar/2024:09:10:50 -0500] "POST /sipse/faces/presentacion/financiero/solicitudProceso/crearModificarSolicitudProceso.xhtml HTTP/1.1" 200 25138
172.22.2.4 - - [19/Mar/2024:09:10:54 -0500] "GET /BLA/boletinlegal/actos.php HTTP/1.1" 200 9738
186.28.136.245 - - [19/Mar/2024:09:10:55 -0500] "POST /sipse/faces/presentacion/financiero/solicitudProceso/listarSolicitudProceso.xhtml HTTP/1.1" 200 13708
172.22.2.4 - - [19/Mar/2024:09:11:00 -0500] "GET /BLA/boletinlegal/normativa.php HTTP/1.1" 200 8397
172.22.2.4 - - [19/Mar/2024:09:11:00 -0500] "GET /BLA/boletinlegal/js/ajax_normativa.js HTTP/1.1" 200 1154
192.168.172.47 - - [19/Mar/2024:09:10:44 -0500] "GET /BLA/boletinlegal/admin/index.php HTTP/1.1" 200 5487
192.168.172.47 - - [19/Mar/2024:09:11:01 -0500] "GET /BLA/boletinlegal/admin/index_files/index_files/tback.gif HTTP/1.1" 404 1322
172.22.2.4 - - [19/Mar/2024:09:11:05 -0500] "GET /BLA/boletinlegal/js/jquery.js HTTP/1.1" 200 57254
172.22.2.4 - - [19/Mar/2024:09:11:05 -0500] "GET /BLA/boletinlegal/js/jquery.scrollTo-min.js HTTP/1.1" 200 1150
172.22.2.4 - - [19/Mar/2024:09:11:05 -0500] "GET /BLA/boletinlegal/js/jquery.scrollShow.js HTTP/1.1" 200 4586
172.22.2.4 - - [19/Mar/2024:09:11:05 -0500] "GET /BLA/boletinlegal/images/screen_1.png HTTP/1.1" 200 202547
172.22.2.4 - - [19/Mar/2024:09:11:05 -0500] "GET /BLA/boletinlegal/images/arr_l.jpg HTTP/1.1" 200 1979
172.22.2.4 - - [19/Mar/2024:09:11:05 -0500] "GET /BLA/boletinlegal/images/launch.jpg HTTP/1.1" 200 14577
192.168.172.47 - - [19/Mar/2024:09:11:07 -0500] "GET /BLA/boletinlegal/admin/notificaciones/ingresar.php HTTP/1.1" 200 30150
192.168.172.47 - - [19/Mar/2024:09:11:07 -0500] "GET /css/global/buttons.css HTTP/1.1" 404 1312
172.22.2.4 - - [19/Mar/2024:09:11:13 -0500] "GET /BLA/boletinlegal/images/screen_2.png HTTP/1.1" 200 362502
172.22.2.4 - - [19/Mar/2024:09:11:13 -0500] "GET /BLA/boletinlegal/images/screen_5.png HTTP/1.1" 200 368876
172.22.2.4 - - [19/Mar/2024:09:11:13 -0500] "GET /BLA/boletinlegal/images/screen_3.png HTTP/1.1" 200 210620
172.22.2.4 - - [19/Mar/2024:09:11:13 -0500] "GET /BLA/boletinlegal/images/arr_r.jpg HTTP/1.1" 200 1998
186.154.32.231 - - [19/Mar/2024:09:11:13 -0500] "POST /sipse/faces/presentacion/financiero/solicitudProceso/crearModificarSolicitudProceso.xhtml HTTP/1.1" 200 6307
179.51.119.61 - - [19/Mar/2024:09:11:17 -0500] "POST /sipse/faces/presentacion/financiero/solicitudProceso/listarSolicitudProceso.xhtml HTTP/1.1" 200 59157
179.51.119.61 - - [19/Mar/2024:09:11:17 -0500] "GET /sipse/faces/javax.faces.resource/theme.css?ln=primefaces-sipse HTTP/1.1" 304 -
179.51.119.61 - - [19/Mar/2024:09:11:17 -0500] "GET /sipse/faces/javax.faces.resource/primefaces.css?ln=primefaces&v=4.0 HTTP/1.1" 304 -
179.51.119.61 - - [19/Mar/2024:09:11:17 -0500] "GET /sipse/faces/javax.faces.resource/jquery/jquery.js?ln=primefaces&v=4.0 HTTP/1.1" 304 -
179.51.119.61 - - [19/Mar/2024:09:11:17 -0500] "GET /sipse/faces/javax.faces.resource/layout/layout.css?ln=primefaces&v=4.0 HTTP/1.1" 304 -
179.51.119.61 - - [19/Mar/2024:09:11:17 -0500] "GET /sipse/faces/javax.faces.resource/jquery/jquery-plugins.js?ln=primefaces&v=4.0 HTTP/1.1" 304 -
179.51.119.61 - - [19/Mar/2024:09:11:17 -0500] "GET /sipse/faces/javax.faces.resource/primefaces.js?ln=primefaces&v=4.0 HTTP/1.1" 304 -
179.51.119.61 - - [19/Mar/2024:09:11:17 -0500] "GET /sipse/faces/javax.faces.resource/layout/layout.js?ln=primefaces&v=4.0 HTTP/1.1" 304 -
52.167.144.216 - - [19/Mar/2024:09:11:18 -0500] "GET /BLA/resoluciones/RESOLUCIONES%202023/03179.pdf HTTP/1.1" 304 -
69.171.231.119 - - [19/Mar/2024:09:11:19 -0500] "GET /images/Convocatoria%20Acercar%202024%20(1)%20(1).jpeg HTTP/1.1" 200 61100
179.51.119.61 - - [19/Mar/2024:09:11:20 -0500] "POST /sipse/faces/presentacion/financiero/solicitudProceso/crearModificarSolicitudProceso.xhtml HTTP/1.1" 200 51773
192.168.172.47 - - [19/Mar/2024:09:11:11 -0500] "GET /BLA/boletinlegal/admin/index.php HTTP/1.1" 200 5487
192.168.172.47 - - [19/Mar/2024:09:11:24 -0500] "GET /BLA/boletinlegal/admin/index_files/index_files/tback.gif HTTP/1.1" 404 1322
179.51.119.61 - - [19/Mar/2024:09:11:24 -0500] "POST /sipse/faces/presentacion/financiero/solicitudProceso/crearModificarSolicitudProceso.xhtml HTTP/1.1" 200 25138
192.168.172.47 - - [19/Mar/2024:09:11:26 -0500] "GET /css/global/buttons.css HTTP/1.1" 404 1312
192.168.172.47 - - [19/Mar/2024:09:11:26 -0500] "GET /BLA/boletinlegal/admin/notificaciones/ingresar.php HTTP/1.1" 200 30150
181.53.12.90 - - [19/Mar/2024:09:11:29 -0500] "POST /sipse/faces/presentacion/financiero/solicitudProceso/consultarSolicitudProceso.xhtml HTTP/1.1" 200 216988
179.51.119.61 - - [19/Mar/2024:09:11:33 -0500] "POST /sipse/faces/presentacion/financiero/solicitudProceso/crearModificarSolicitudProceso.xhtml HTTP/1.1" 200 6307
179.51.119.61 - - [19/Mar/2024:09:08:43 -0500] "POST /sipse/faces/presentacion/financiero/solicitudProceso/crearModificarSolicitudProceso.xhtml HTTP/1.1" 200 26192
185.180.143.71 - - [19/Mar/2024:09:11:38 -0500] "GET / HTTP/1.1" 200 319
185.180.143.71 - - [19/Mar/2024:09:11:38 -0500] "GET /cf_scripts/scripts/ajax/ckeditor/ckeditor.js HTTP/1.1" 404 1018
179.51.119.61 - - [19/Mar/2024:09:11:41 -0500] "POST /sipse/faces/presentacion/financiero/solicitudProceso/crearModificarSolicitudProceso.xhtml HTTP/1.1" 200 9556
186.29.147.121 - - [19/Mar/2024:09:11:44 -0500] "POST /sipse/faces/presentacion/financiero/solicitudProceso/listarSolicitudProceso.xhtml HTTP/1.1" 200 23050
192.168.172.47 - - [19/Mar/2024:09:11:32 -0500] "GET /BLA/boletinlegal/admin/index.php HTTP/1.1" 200 5487
192.168.172.47 - - [19/Mar/2024:09:11:45 -0500] "GET /BLA/boletinlegal/admin/index_files/index_files/tback.gif HTTP/1.1" 404 1322
186.154.32.231 - - [19/Mar/2024:09:11:46 -0500] "POST /sipse/faces/presentacion/financiero/solicitudProceso/crearModificarSolicitudProceso.xhtml HTTP/1.1" 200 6311
192.168.172.47 - - [19/Mar/2024:09:11:47 -0500] "GET /BLA/boletinlegal/admin/actos/ingresar.php HTTP/1.1" 200 7210
179.51.119.61 - - [19/Mar/2024:09:11:49 -0500] "POST /sipse/faces/presentacion/financiero/solicitudProceso/crearModificarSolicitudProceso.xhtml HTTP/1.1" 200 7346
186.28.136.245 - - [19/Mar/2024:09:11:51 -0500] "POST /sipse/faces/presentacion/financiero/solicitudProceso/listarSolicitudProceso.xhtml HTTP/1.1" 200 134512
186.28.136.245 - - [19/Mar/2024:09:11:52 -0500] "GET /sipse/faces/javax.faces.resource/theme.css?ln=primefaces-sipse HTTP/1.1" 304 -
186.28.136.245 - - [19/Mar/2024:09:11:52 -0500] "GET /sipse/faces/javax.faces.resource/primefaces.css?ln=primefaces&v=4.0 HTTP/1.1" 304 -
186.28.136.245 - - [19/Mar/2024:09:11:52 -0500] "GET /sipse/faces/javax.faces.resource/layout/layout.css?ln=primefaces&v=4.0 HTTP/1.1" 304 -
186.28.136.245 - - [19/Mar/2024:09:11:52 -0500] "GET /sipse/faces/javax.faces.resource/jquery/jquery.js?ln=primefaces&v=4.0 HTTP/1.1" 304 -
186.28.136.245 - - [19/Mar/2024:09:11:52 -0500] "GET /sipse/faces/javax.faces.resource/jquery/jquery-plugins.js?ln=primefaces&v=4.0 HTTP/1.1" 304 -
186.28.136.245 - - [19/Mar/2024:09:11:52 -0500] "GET /sipse/faces/javax.faces.resource/primefaces.js?ln=primefaces&v=4.0 HTTP/1.1" 304 -
186.28.136.245 - - [19/Mar/2024:09:11:52 -0500] "GET /sipse/faces/javax.faces.resource/layout/layout.js?ln=primefaces&v=4.0 HTTP/1.1" 304 -
186.102.28.156 - - [19/Mar/2024:09:11:58 -0500] "GET /kwssiamovil/sm/acme/s?s=U2FsdGVkX1+jdbnnXEFBk7atGYMJ3mhpwzS/namEXayyuXqKCbkexIkHLp7PbLlIh3WdoHlP6Q1pN4IHeTI2lRUCyoubhUXsJtpvDjNEIl0212pPYHPpG0PnWkoztNr6xudl8lImCuHbavIZtDTHs8XWM+N3puBYTm7aqEeJGYZVdf+7cilrhBV2TDmy0pUKz/1iaJz6nPOQ2Wus3dPro39ci2ue4pJ62IyYngeMv/JbpKoUmU7mKsl06gNMOWzARVXoAI/N17p3x5TizI+XaIaXY/vopcToGUAcVJ9D1Y9uQMniutQtx8AKM14GjHKnXbCbnfXJ4pBeoPM8BYoHE/yEeB3XJ3UvlhJyX9QEkKw=&u=U2FsdGVkX1/VNOshH4GLxdlm5bT4V0jWmfCNj2Sk6faurvsnk8py1aX7F08VKNlc&y=U2FsdGVkX1+mgqTaOSQSVQfnyHNZASLJMqbG+R2BANStdzwrTaHOVQh+kdV6/6JO HTTP/1.1" 200 91
186.102.28.156 - - [19/Mar/2024:09:11:58 -0500] "GET /kwssiamovil/sm/acme/s?s=U2FsdGVkX18wlbGVywVdwvrmjMt2LDrW8pABPByopL7KMZbcZduWxN5FRXEOTwALG4dp58VLkz2gSNrZEM82d6sF2YdCjnuhtMUt0nPU4oI17Hbb5MKE0lFQdqJWOGB1Nug3exq0AsnUSfj318TaS3e7d7KWrrg0p34aNaQFJC/Xxs7sp9yODUe6lHZyh0LnlizbUbkD0KeAipKEdduMQtz8L3X0ExSU53iXTLHxV+7adZsfdQAx/nT7wWvnX/6h2tS/oidYLidX6D5YlZbdgCKMLJrz5eYByDVeUuPE/BKceELFUnh6IRsWT55MPMvLxvUZSlkt36zn7B3yOR/kxVKFDoEkRa2oOd/tse6cMa4e9hqDeWUoGMjUFgnQKeSbx61cqiyZz23RBDqwehDK+tX2xzJ7a6gbyb93dTr7THk=&u=U2FsdGVkX1/VNOshH4GLxdlm5bT4V0jWmfCNj2Sk6faurvsnk8py1aX7F08VKNlc&y=U2FsdGVkX1+mgqTaOSQSVQfnyHNZASLJMqbG+R2BANStdzwrTaHOVQh+kdV6/6JO HTTP/1.1" 200 90
186.102.28.156 - - [19/Mar/2024:09:11:58 -0500] "GET /kwssiamovil/sm/acme/s?s=U2FsdGVkX1+WBVIWN7POhSfTdAShvs7z+h27wH6Ybow87jHEtZIU5yID/sTWBUdxIUHnCAOtNew0oEKHG1xGKnHQB9EM5OT4f85i7/jhjio47WbVeFW8WDwH7nc4ATIBXbcDJjHIZNfrgam/NTU4fXYTKSOaJanuz0MC5eXnQ20Q8tXylpbKNzUIlSL1rSEOCGMcY104JzIARNDm4Sxi2pObawDOEUMebTj2fkFPEwtTWAwQ4Y5ePMoYIGY3S9Jeu9c0TdFwaUI2Gt5aDchHVvQwChdh7fQoMb2Oxe1Zx0SXMHgdhSewwEc0Aq+g8L9Dyl08C+UB6O9QxO8v9rwBeAY3SRqKHtqFzVzL3wAnazs=&u=U2FsdGVkX1/VNOshH4GLxdlm5bT4V0jWmfCNj2Sk6faurvsnk8py1aX7F08VKNlc&y=U2FsdGVkX1+mgqTaOSQSVQfnyHNZASLJMqbG+R2BANStdzwrTaHOVQh+kdV6/6JO HTTP/1.1" 200 91
186.102.28.156 - - [19/Mar/2024:09:11:59 -0500] "GET /kwssiamovil/sm/acme/s?s=U2FsdGVkX18QzVNLwi7iDME15mTQQjprsbcar7POsGZHj3ur7t5noGx7b7k6FNu0+qF3V6v8860nxn17dNiMLDTw5uSHo+OKVTsbX92nw33OgIVYbgsyPoZSNkU3KNZqjX+IeXOAOZlTU1WL4E4bFz9C8jM/JuqzLjuF5oATnKzkq7Ev9TjpBcSd9fnsO9l3ZmZk/8+AADvjQpY7ErI9SaTLngH7WX1GYkcJadPBOt//biLAvpvFh/m2ASEjxb8ssi0NNZw4Y4zsGROOtHSBQU2ukThBSRdtUNnK2KZZ2OZRcdek0fc9a5Fau5d8O+oBD+0FmsqJJMMqASWvMkO2fv18joOiBuaM0Wnp/nNiicl0ZNYWfFVeyc/K4oifQil9WMy6ABC0DlaPFFydD/irtcbseIKjsCfJ6IalREx//i0=&u=U2FsdGVkX1/VNOshH4GLxdlm5bT4V0jWmfCNj2Sk6faurvsnk8py1aX7F08VKNlc&y=U2FsdGVkX1+mgqTaOSQSVQfnyHNZASLJMqbG+R2BANStdzwrTaHOVQh+kdV6/6JO HTTP/1.1" 200 90
201.245.192.253 - - [19/Mar/2024:09:12:02 -0500] "POST /forms/lservlet;jsessionid=ac16012b30d672fb2ec093aa4748bf0691d1e088fe72.e3iSbxaKaheRe3iNc3uNbNmQay1ynknvrkLOlQzNp65In0 HTTP/1.1" 200 2
186.102.28.156 - - [19/Mar/2024:09:12:06 -0500] "GET /kwssiamovil/sm/acme/a?s=U2FsdGVkX18a6yq87y8n06XxXTs5kR1wiMdJyDSgU0SQ0Lb1X1/nVfuzDgVY26PdBty3JEwNU1kJEV5hN1iyJdyqLAWFw/325aE5J9quNxyiLrdPumg4PG2PC/1hTzcBSB3lul7J7at3XsOTpMpFb/ODGa72zGg2Sj+NKHEtuZ5pRa7IEqNr9+OvPC7kIgdyGPgeNQDEVld+IE8kXTosP8TKNNzJpAkB+m+haaChamcdVKMYJlCFq3XLm4XFZoZMPRMGaQDZuGjGsbO1sWS+GPT/1hbqNGsjYYZuFOXY2FU=&u=U2FsdGVkX1/VNOshH4GLxdlm5bT4V0jWmfCNj2Sk6faurvsnk8py1aX7F08VKNlc&y=U2FsdGVkX1+mgqTaOSQSVQfnyHNZASLJMqbG+R2BANStdzwrTaHOVQh+kdV6/6JO HTTP/1.1" 200 26
186.102.28.156 - - [19/Mar/2024:09:12:07 -0500] "GET /kwssiamovil/sm/acme/u?s=U2FsdGVkX1+b+tOdqBiVyG9SABus2NITYb9IAeyVp7wP6jN1XdB0ukdjNKee8E241avXKOuCj/MtW7fsSJN5fDAry0Nz26kqIZ/XzAMNgfNmF+tfgIpovnTn08FRgkHlhU08uSVoJZYidiotRGpSfw==&u=U2FsdGVkX1/VNOshH4GLxdlm5bT4V0jWmfCNj2Sk6faurvsnk8py1aX7F08VKNlc&y=U2FsdGVkX1+mgqTaOSQSVQfnyHNZASLJMqbG+R2BANStdzwrTaHOVQh+kdV6/6JO HTTP/1.1" 200 60
186.102.28.156 - - [19/Mar/2024:09:12:07 -0500] "GET /kwssiamovil/sm/acme/u?s=U2FsdGVkX181xKEKXYjm0eS4jO/4tN6sALWTabnBSTJJLFDpeKqLE3wS3U/m1yZaIO+PWgdauecNa6UA9uer0PtB+G9FOkjIjdnk6MohjrpLuj5eBlXn7tgyZKEMBky4+EzzpJ4lAWjYgKhrruVxI6eaLW2P6tP9XoyXON1BpImLBcL/dOpPb1Srjp+8RxHf9rVrON+IFdGw4A0pSTmXl3sb/fQ8lsIUN/5gTgBIdVC+F8uf3zs8D94tk1LEhS5IMLllE/kq9Ijr8HeI7ySAs9colmlkKQkfBTKYv8yjogYPAQKzIiRPPzHoC/HcAOJc8DcWOoA7iOBz3J+jthnp+sOc5ZVlLOJjkkvmj6rCA1IY9pYhcoNGP18Nwq2kKop9iD9ut20oDjtqI7Yzc91yHwhSNNDNxPBDF7jmu9Byt4M+N5GktzpOZoWf/XU+Jd6awyI9IdPDBiDQj/wbRquW9GmL2OpB3xb5ESou+os63ViILQoUyARl+ukkhK1+F5MiWktZ9FbVulVs9af/KSw6iNXvtuVgD/wtjwMTC3OToKAEl4DlLAtvRZ5AmI/syPPQSHGeW+NS5DTekNvV4PJ3K8PbKWqPyM+0SEPHLHMx6JQYPD9XBN1pEfP8WaJfmDb9ifYXhmGkw0AR4Z3hoO6EMPrs/uBfECI2UL0TSgAkUbFnkqh5n4nP/B8i/BbSFn4fyRK4zvLvvAWkthGXeUzuGQ==&u=U2FsdGVkX1/VNOshH4GLxdlm5bT4V0jWmfCNj2Sk6faurvsnk8py1aX7F08VKNlc&y=U2FsdGVkX1+mgqTaOSQSVQfnyHNZASLJMqbG+R2BANStdzwrTaHOVQh+kdV6/6JO HTTP/1.1" 200 60
186.154.32.231 - - [19/Mar/2024:09:12:14 -0500] "POST /sipse/faces/presentacion/financiero/solicitudProceso/crearModificarSolicitudProceso.xhtml HTTP/1.1" 200 9552
179.51.119.61 - - [19/Mar/2024:09:12:15 -0500] "GET /sipse/faces/javax.faces.resource/theme.css?ln=primefaces-sipse HTTP/1.1" 304 -
179.51.119.61 - - [19/Mar/2024:09:12:15 -0500] "GET /sipse/faces/javax.faces.resource/primefaces.css?ln=primefaces&v=4.0 HTTP/1.1" 304 -
179.51.119.61 - - [19/Mar/2024:09:12:15 -0500] "GET /sipse/faces/javax.faces.resource/jquery/jquery.js?ln=primefaces&v=4.0 HTTP/1.1" 304 -
179.51.119.61 - - [19/Mar/2024:09:12:15 -0500] "GET /sipse/faces/javax.faces.resource/layout/layout.css?ln=primefaces&v=4.0 HTTP/1.1" 304 -
179.51.119.61 - - [19/Mar/2024:09:12:15 -0500] "GET /sipse/faces/javax.faces.resource/jquery/jquery-plugins.js?ln=primefaces&v=4.0 HTTP/1.1" 304 -
179.51.119.61 - - [19/Mar/2024:09:12:15 -0500] "GET /sipse/faces/javax.faces.resource/primefaces.js?ln=primefaces&v=4.0 HTTP/1.1" 304 -
179.51.119.61 - - [19/Mar/2024:09:12:14 -0500] "POST /sipse/faces/presentacion/financiero/solicitudProceso/crearModificarSolicitudProceso.xhtml HTTP/1.1" 200 24655
179.51.119.61 - - [19/Mar/2024:09:12:15 -0500] "GET /sipse/faces/javax.faces.resource/layout/layout.js?ln=primefaces&v=4.0 HTTP/1.1" 304 -
179.51.119.61 - - [19/Mar/2024:09:12:19 -0500] "POST /sipse/faces/presentacion/financiero/solicitudProyectoActividad/asociarProyectoSolicitud.xhtml HTTP/1.1" 200 6801
186.29.147.121 - - [19/Mar/2024:09:12:21 -0500] "POST /sipse/faces/presentacion/financiero/solicitudProceso/listarSolicitudProceso.xhtml HTTP/1.1" 200 32105
179.51.119.61 - - [19/Mar/2024:09:12:21 -0500] "POST /sipse/faces/presentacion/financiero/solicitudProyectoActividad/asociarProyectoSolicitud.xhtml HTTP/1.1" 200 1700
179.51.119.61 - - [19/Mar/2024:09:12:23 -0500] "POST /sipse/faces/presentacion/financiero/solicitudProyectoActividad/asociarProyectoSolicitud.xhtml HTTP/1.1" 200 76288
179.51.119.61 - - [19/Mar/2024:09:12:23 -0500] "GET /sipse/faces/javax.faces.resource/primefaces.css?ln=primefaces&v=4.0 HTTP/1.1" 304 -
179.51.119.61 - - [19/Mar/2024:09:12:23 -0500] "GET /sipse/faces/javax.faces.resource/theme.css?ln=primefaces-sipse HTTP/1.1" 304 -
179.51.119.61 - - [19/Mar/2024:09:12:23 -0500] "GET /sipse/faces/javax.faces.resource/layout/layout.css?ln=primefaces&v=4.0 HTTP/1.1" 304 -
179.51.119.61 - - [19/Mar/2024:09:12:23 -0500] "GET /sipse/faces/javax.faces.resource/jquery/jquery.js?ln=primefaces&v=4.0 HTTP/1.1" 304 -
179.51.119.61 - - [19/Mar/2024:09:12:23 -0500] "GET /sipse/faces/javax.faces.resource/jquery/jquery-plugins.js?ln=primefaces&v=4.0 HTTP/1.1" 304 -
179.51.119.61 - - [19/Mar/2024:09:12:23 -0500] "GET /sipse/faces/javax.faces.resource/primefaces.js?ln=primefaces&v=4.0 HTTP/1.1" 304 -
172.22.2.4 - - [19/Mar/2024:09:11:43 -0500] "GET /BLA/boletinlegal/ HTTP/1.1" 200 20427
179.51.119.61 - - [19/Mar/2024:09:12:23 -0500] "GET /sipse/faces/javax.faces.resource/layout/layout.js?ln=primefaces&v=4.0 HTTP/1.1" 304 -
186.29.147.121 - - [19/Mar/2024:09:12:24 -0500] "POST /sipse/faces/presentacion/financiero/solicitudProceso/listarSolicitudProceso.xhtml HTTP/1.1" 200 32416
186.154.32.231 - - [19/Mar/2024:09:12:25 -0500] "POST /sipse/faces/presentacion/financiero/solicitudProceso/crearModificarSolicitudProceso.xhtml HTTP/1.1" 200 7350
179.51.119.61 - - [19/Mar/2024:09:12:30 -0500] "POST /sipse/faces/presentacion/financiero/solicitudProyectoActividad/asociarActividadSolicitud.xhtml HTTP/1.1" 200 20093
179.51.119.61 - - [19/Mar/2024:09:12:30 -0500] "GET /sipse/faces/javax.faces.resource/theme.css?ln=primefaces-sipse HTTP/1.1" 304 -
179.51.119.61 - - [19/Mar/2024:09:12:30 -0500] "GET /sipse/faces/javax.faces.resource/primefaces.css?ln=primefaces&v=4.0 HTTP/1.1" 304 -
179.51.119.61 - - [19/Mar/2024:09:12:30 -0500] "GET /sipse/faces/javax.faces.resource/layout/layout.css?ln=primefaces&v=4.0 HTTP/1.1" 304 -
179.51.119.61 - - [19/Mar/2024:09:12:30 -0500] "GET /sipse/faces/javax.faces.resource/jquery/jquery.js?ln=primefaces&v=4.0 HTTP/1.1" 304 -
179.51.119.61 - - [19/Mar/2024:09:12:30 -0500] "GET /sipse/faces/javax.faces.resource/jquery/jquery-plugins.js?ln=primefaces&v=4.0 HTTP/1.1" 304 -
179.51.119.61 - - [19/Mar/2024:09:12:30 -0500] "GET /sipse/faces/javax.faces.resource/primefaces.js?ln=primefaces&v=4.0 HTTP/1.1" 304 -
179.51.119.61 - - [19/Mar/2024:09:12:30 -0500] "GET /sipse/faces/javax.faces.resource/layout/layout.js?ln=primefaces&v=4.0 HTTP/1.1" 304 -
186.29.147.121 - - [19/Mar/2024:09:12:39 -0500] "POST /sipse/faces/presentacion/financiero/solicitudProceso/listarSolicitudProceso.xhtml HTTP/1.1" 200 32686
201.245.192.253 - - [19/Mar/2024:09:12:39 -0500] "POST /forms/lservlet;jsessionid=ac16012b30d60c378208792d4757a508e4811830dca4.e3iSbxaKaheRe3iNc3uNbNmQay1ynknvrkLOlQzNp65In0 HTTP/1.1" 200 2
179.51.119.61 - - [19/Mar/2024:09:12:40 -0500] "GET /sipse/faces/javax.faces.resource/theme.css?ln=primefaces-sipse HTTP/1.1" 304 -
179.51.119.61 - - [19/Mar/2024:09:12:40 -0500] "GET /sipse/faces/javax.faces.resource/layout/layout.css?ln=primefaces&v=4.0 HTTP/1.1" 304 -
179.51.119.61 - - [19/Mar/2024:09:12:40 -0500] "GET /sipse/faces/javax.faces.resource/primefaces.css?ln=primefaces&v=4.0 HTTP/1.1" 304 -
179.51.119.61 - - [19/Mar/2024:09:12:40 -0500] "GET /sipse/faces/javax.faces.resource/jquery/jquery.js?ln=primefaces&v=4.0 HTTP/1.1" 304 -
179.51.119.61 - - [19/Mar/2024:09:12:40 -0500] "GET /sipse/faces/javax.faces.resource/primefaces.js?ln=primefaces&v=4.0 HTTP/1.1" 304 -
179.51.119.61 - - [19/Mar/2024:09:12:40 -0500] "GET /sipse/faces/javax.faces.resource/layout/layout.js?ln=primefaces&v=4.0 HTTP/1.1" 304 -
179.51.119.61 - - [19/Mar/2024:09:12:40 -0500] "GET /sipse/faces/javax.faces.resource/jquery/jquery-plugins.js?ln=primefaces&v=4.0 HTTP/1.1" 304 -
179.51.119.61 - - [19/Mar/2024:09:12:40 -0500] "POST /sipse/faces/presentacion/financiero/solicitudProyectoActividad/asociarFuentesSolicitud.xhtml HTTP/1.1" 200 82482
186.28.136.245 - - [19/Mar/2024:09:12:41 -0500] "POST /sipse/faces/presentacion/financiero/solicitudProceso/consultarSolicitudProceso.xhtml HTTP/1.1" 200 74178
186.29.147.121 - - [19/Mar/2024:09:12:44 -0500] "POST /sipse/faces/presentacion/financiero/solicitudProceso/listarSolicitudProceso.xhtml HTTP/1.1" 200 32659
172.22.2.4 - - [19/Mar/2024:09:11:05 -0500] "GET /BLA/boletinlegal/index.php HTTP/1.1" 200 55823
186.29.147.121 - - [19/Mar/2024:09:12:46 -0500] "POST /sipse/faces/presentacion/financiero/solicitudProceso/listarSolicitudProceso.xhtml HTTP/1.1" 200 126402
186.29.147.121 - - [19/Mar/2024:09:12:48 -0500] "GET /sipse/faces/javax.faces.resource/jquery/jquery.js?ln=primefaces&v=4.0 HTTP/1.1" 304 -
186.29.147.121 - - [19/Mar/2024:09:12:49 -0500] "GET /sipse/faces/javax.faces.resource/jquery/jquery-plugins.js?ln=primefaces&v=4.0 HTTP/1.1" 304 -
186.29.147.121 - - [19/Mar/2024:09:12:49 -0500] "GET /sipse/faces/javax.faces.resource/primefaces.js?ln=primefaces&v=4.0 HTTP/1.1" 304 -
