186.102.28.156 - - [19/Mar/2024:10:07:01 -0500] "GET /kwssiamovil/sm/acme/a?s=U2FsdGVkX1+QDUzwwWYyN0XexursE4GapMH4ASyMp5kIHEMwDvNPAO4NxG+T9WrURplz4VW55hq+Ou97UnuFxDDKpNB5B4NnT07JARYdM7lkR4sgHYcXPqsZcGjTPxI2oRQCnWJ8cZ6y06YKsgsn27drELFQ+O0q4LJy6WyvmAM=&u=U2FsdGVkX1/VNOshH4GLxdlm5bT4V0jWmfCNj2Sk6faurvsnk8py1aX7F08VKNlc&y=U2FsdGVkX1+mgqTaOSQSVQfnyHNZASLJMqbG+R2BANStdzwrTaHOVQh+kdV6/6JO HTTP/1.1" 200 26
200.75.42.226 - - [19/Mar/2024:10:06:58 -0500] "POST /sipse/faces/presentacion/financiero/solicitudProceso/listarSolicitudProceso.xhtml HTTP/1.1" 200 1556
186.102.28.156 - - [19/Mar/2024:10:07:01 -0500] "GET /kwssiamovil/sm/acme/a?s=U2FsdGVkX18e9zBOEWvsX/LhmgC4/ywCO2nWFzzo60JcP36kjjWlbslJqemNzdJ5eoTPFK3U3H0NyzrOJHUu2DoeTbVpOt8ShSjl0/W3y4yO003zg9RU4GqgSuB2YkilzdESmVeBOHvVJrsy1MCc8iNfRRBd2wOdtZAewWgFK1TjA1HO4g+Yf2oLI+Cbtcop&u=U2FsdGVkX1/VNOshH4GLxdlm5bT4V0jWmfCNj2Sk6faurvsnk8py1aX7F08VKNlc&y=U2FsdGVkX1+mgqTaOSQSVQfnyHNZASLJMqbG+R2BANStdzwrTaHOVQh+kdV6/6JO HTTP/1.1" 200 24
186.102.28.156 - - [19/Mar/2024:10:07:02 -0500] "GET /kwssiamovil/sm/acme/a?s=U2FsdGVkX1/rTOYXP6SxfWvPl2uJsCyAPX6EG9Rco7xh3w72JqcWhTMY4i5x5BezvWOa2apbURfEETi8As3DN3AvnKO3q7iwY2+NxeLdXaU5BNE+7t6ERJ5TgFNu7YFK3DYxO2yj2vi1gfOxWS23G+vAn9lB9num5jX5K8YWiZX57OPx7MW0vW2dFdxYdgLN/xXLSMARzkzsyrB6Rlblt+baFRYHwi3My1jTd0gAHBEqV6aZZcD6GW6R0tcPdZYjd6j4nI4E+SoT0VAu6Eq9T66gVcKeyuNqJAZzpRi2bDd9AGiubcldrjcAM98TqHtE9qK5LMZ7znYW+NDY4qkw1XepYcerOAIKs00t3z2lOW8gI9BUzO88km2LNcugfqJis5YCvd4gtQigV1zTtigcf7OC1kWnmcoczG0V6CjOBwYxXojH+eAmHjU+zSKX8ZIl&u=U2FsdGVkX1/VNOshH4GLxdlm5bT4V0jWmfCNj2Sk6faurvsnk8py1aX7F08VKNlc&y=U2FsdGVkX1+mgqTaOSQSVQfnyHNZASLJMqbG+R2BANStdzwrTaHOVQh+kdV6/6JO HTTP/1.1" 200 24
186.102.28.156 - - [19/Mar/2024:10:07:02 -0500] "GET /kwssiamovil/sm/acme/a?s=U2FsdGVkX188MBQ4kmNBizI4Qh1yInXNoXsoJBLDE52FsYUN88GEDlBO7zy5T3kmC4yt0u0lx42WRLbivdJD735y3Uc6YDdCdYxINXpbt/du9xQdIQiBIU9dEyhMxo7Ji/YBxJjQimNRz8nO6X+K2yv4360p0L/iI0gF6Nk55hyRXD+Tj/xOJqzyUQ23X1zZi/uH2DxX/C6mtbyjf6XIUUWstkKLkj2a2vLklLbFHeXSq+gYegolBo+SM7s3iD4ggSPGAKdT8DyV/62AZM9IMsXPaGklE+maqzC2PLcdHpAr+gchdTpqDJJlvkinaDCLNeFgKRVP8seyALmLrhKFjYYO5K8rGi7tPcBQjiiG/0Yv/E6Dp/aCJjePnvWw2nKBbze1l79a+0ZPwOIJ4a+8th3AIcmc+POLupHsQ6vq5Gw=&u=U2FsdGVkX1/VNOshH4GLxdlm5bT4V0jWmfCNj2Sk6faurvsnk8py1aX7F08VKNlc&y=U2FsdGVkX1+mgqTaOSQSVQfnyHNZASLJMqbG+R2BANStdzwrTaHOVQh+kdV6/6JO HTTP/1.1" 200 26
186.102.28.156 - - [19/Mar/2024:10:07:03 -0500] "GET /kwssiamovil/sm/acme/a?s=U2FsdGVkX1+UldivCcgfL05EPGZXRnu7QUkEWuV2h+CHJFPzYawnh4YsefQ91TaTJu+bsC9Fu1C+15xNdYZQ1hiPCIwWZiIluGrwcztpENghCAj+v/iCqjtJAz7tLPzA8DIzITeyB/Eznq2jnsbOpuXvSfLzpsT6wIiUwJz525UE2riWbs4V13KECiA2OMc7&u=U2FsdGVkX1/VNOshH4GLxdlm5bT4V0jWmfCNj2Sk6faurvsnk8py1aX7F08VKNlc&y=U2FsdGVkX1+mgqTaOSQSVQfnyHNZASLJMqbG+R2BANStdzwrTaHOVQh+kdV6/6JO HTTP/1.1" 200 24
186.102.28.156 - - [19/Mar/2024:10:07:03 -0500] "GET /kwssiamovil/sm/acme/a?s=U2FsdGVkX1+ziCdXr3WBVX4cpSNHhciue8gu4IVsv0YqCQSBvq7Cn8rU9mtZ6GHXSRQarG5dVuuYho0OHSMSfl4+CSC4UshFiySTGMgWIGwF3+tkYNrzc/jnxZav5mOXIsPd+Xd6jTcZUZr/Qi1U4C1xRN9lNdoh1cDguwrumUs=&u=U2FsdGVkX1/VNOshH4GLxdlm5bT4V0jWmfCNj2Sk6faurvsnk8py1aX7F08VKNlc&y=U2FsdGVkX1+mgqTaOSQSVQfnyHNZASLJMqbG+R2BANStdzwrTaHOVQh+kdV6/6JO HTTP/1.1" 200 26
186.102.28.156 - - [19/Mar/2024:10:07:03 -0500] "GET /kwssiamovil/sm/acme/a?s=U2FsdGVkX1+6QCGZn6ZVqV/jIQhVqBLZXNlFdPE5tOU0Zen9dthnTKB44arTnkNdIc2T3EBPJdhfY8T7YLo0M6T4xDBYOG5QuS0D4qJjHfEI36TZO1GOCoP29/YWGJyv2i82QFhQw3vxpHaxN1Nch4ak2VkPcZWZXKlFzwXhMQP3lJzCIn0lGN5wTaDLROG1&u=U2FsdGVkX1/VNOshH4GLxdlm5bT4V0jWmfCNj2Sk6faurvsnk8py1aX7F08VKNlc&y=U2FsdGVkX1+mgqTaOSQSVQfnyHNZASLJMqbG+R2BANStdzwrTaHOVQh+kdV6/6JO HTTP/1.1" 200 24
186.102.28.156 - - [19/Mar/2024:10:07:04 -0500] "GET /kwssiamovil/sm/acme/a?s=U2FsdGVkX185UG2+ttdDS78daoSAQN8cEjVt8daBtHdq6YsvPfrSJXvDSBoooM7xHxkvOb3lP6k0yz4vltUYJMgDQz0eSyCQLLdLn01hcyvy9YUBfzJGlIaUNjVJa+WUAHkH/5Srpn8DcU/4EkMUKkaw+otOwhcPcanQ/+SfTUs=&u=U2FsdGVkX1/VNOshH4GLxdlm5bT4V0jWmfCNj2Sk6faurvsnk8py1aX7F08VKNlc&y=U2FsdGVkX1+mgqTaOSQSVQfnyHNZASLJMqbG+R2BANStdzwrTaHOVQh+kdV6/6JO HTTP/1.1" 200 26
201.245.192.253 - - [19/Mar/2024:10:07:09 -0500] "POST /sipse/faces/presentacion/financiero/solicitudProceso/listarSolicitudProceso.xhtml HTTP/1.1" 200 3181
201.245.192.253 - - [19/Mar/2024:10:07:10 -0500] "POST /sipse/faces/presentacion/financiero/solicitudProceso/listarSolicitudProceso.xhtml HTTP/1.1" 200 40831
201.245.192.253 - - [19/Mar/2024:10:07:10 -0500] "GET /sipse/faces/javax.faces.resource/theme.css?ln=primefaces-sipse HTTP/1.1" 304 -
201.245.192.253 - - [19/Mar/2024:10:07:10 -0500] "GET /sipse/faces/javax.faces.resource/primefaces.css?ln=primefaces&v=4.0 HTTP/1.1" 304 -
201.245.192.253 - - [19/Mar/2024:10:07:10 -0500] "GET /sipse/faces/javax.faces.resource/layout/layout.css?ln=primefaces&v=4.0 HTTP/1.1" 304 -
201.245.192.253 - - [19/Mar/2024:10:07:10 -0500] "GET /sipse/faces/javax.faces.resource/jquery/jquery.js?ln=primefaces&v=4.0 HTTP/1.1" 304 -
201.245.192.253 - - [19/Mar/2024:10:07:10 -0500] "GET /sipse/faces/javax.faces.resource/jquery/jquery-plugins.js?ln=primefaces&v=4.0 HTTP/1.1" 304 -
201.245.192.253 - - [19/Mar/2024:10:07:10 -0500] "GET /sipse/faces/javax.faces.resource/primefaces.js?ln=primefaces&v=4.0 HTTP/1.1" 304 -
201.245.192.253 - - [19/Mar/2024:10:07:10 -0500] "GET /sipse/faces/javax.faces.resource/layout/layout.js?ln=primefaces&v=4.0 HTTP/1.1" 304 -
201.245.192.253 - - [19/Mar/2024:10:07:10 -0500] "POST /sipse/faces/presentacion/financiero/solicitudProceso/consultar.xhtml HTTP/1.1" 200 34137
200.75.42.226 - - [19/Mar/2024:10:07:14 -0500] "POST /sipse/faces/presentacion/financiero/solicitudProceso/listarSolicitudProceso.xhtml HTTP/1.1" 200 21741
200.75.42.226 - - [19/Mar/2024:10:07:18 -0500] "POST /sipse/faces/presentacion/financiero/solicitudProceso/listarSolicitudProceso.xhtml HTTP/1.1" 200 48612
200.75.42.226 - - [19/Mar/2024:10:07:20 -0500] "POST /sipse/faces/presentacion/financiero/solicitudProceso/listarSolicitudProceso.xhtml HTTP/1.1" 200 21741
201.245.192.253 - - [19/Mar/2024:10:07:28 -0500] "POST /sipse/faces/presentacion/financiero/solicitudProceso/consultar.xhtml HTTP/1.1" 200 13063
200.75.42.226 - - [19/Mar/2024:10:07:30 -0500] "POST /sipse/faces/presentacion/financiero/solicitudProceso/listarSolicitudProceso.xhtml HTTP/1.1" 200 48612
201.245.192.253 - - [19/Mar/2024:10:07:31 -0500] "POST /sipse/faces/presentacion/financiero/solicitudProceso/consultar.xhtml HTTP/1.1" 200 146449
201.245.192.253 - - [19/Mar/2024:10:07:32 -0500] "GET /sipse/faces/javax.faces.resource/theme.css?ln=primefaces-sipse HTTP/1.1" 304 -
201.245.192.253 - - [19/Mar/2024:10:07:32 -0500] "GET /sipse/faces/javax.faces.resource/layout/layout.css?ln=primefaces&v=4.0 HTTP/1.1" 304 -
201.245.192.253 - - [19/Mar/2024:10:07:32 -0500] "GET /sipse/faces/javax.faces.resource/primefaces.css?ln=primefaces&v=4.0 HTTP/1.1" 304 -
201.245.192.253 - - [19/Mar/2024:10:07:32 -0500] "GET /sipse/faces/javax.faces.resource/jquery/jquery.js?ln=primefaces&v=4.0 HTTP/1.1" 304 -
201.245.192.253 - - [19/Mar/2024:10:07:32 -0500] "GET /sipse/faces/javax.faces.resource/jquery/jquery-plugins.js?ln=primefaces&v=4.0 HTTP/1.1" 304 -
201.245.192.253 - - [19/Mar/2024:10:07:32 -0500] "GET /sipse/faces/javax.faces.resource/primefaces.js?ln=primefaces&v=4.0 HTTP/1.1" 304 -
201.245.192.253 - - [19/Mar/2024:10:07:32 -0500] "GET /sipse/faces/javax.faces.resource/layout/layout.js?ln=primefaces&v=4.0 HTTP/1.1" 304 -
200.75.42.226 - - [19/Mar/2024:10:07:32 -0500] "POST /sipse/faces/presentacion/financiero/solicitudProceso/listarSolicitudProceso.xhtml HTTP/1.1" 200 21715
190.109.20.167 - - [19/Mar/2024:10:07:35 -0500] "GET / HTTP/1.1" 200 319
190.109.20.167 - - [19/Mar/2024:10:07:35 -0500] "GET /apple-touch-icon-precomposed.png HTTP/1.1" 404 1120
190.109.20.167 - - [19/Mar/2024:10:07:35 -0500] "GET /apple-touch-icon.png HTTP/1.1" 404 1120
200.75.42.226 - - [19/Mar/2024:10:07:40 -0500] "POST /sipse/faces/presentacion/financiero/solicitudProceso/listarSolicitudProceso.xhtml HTTP/1.1" 200 48612
186.29.147.121 - - [19/Mar/2024:10:07:40 -0500] "POST /sipse/faces/presentacion/financiero/estudioPrevio/personalSolicitado/asociarProfesionPersonalSolicitado.xhtml HTTP/1.1" 200 21368
200.75.42.226 - - [19/Mar/2024:10:07:42 -0500] "POST /sipse/faces/presentacion/financiero/solicitudProceso/listarSolicitudProceso.xhtml HTTP/1.1" 200 21780
186.29.147.121 - - [19/Mar/2024:10:07:44 -0500] "POST /sipse/faces/presentacion/financiero/estudioPrevio/personalSolicitado/asociarProfesionPersonalSolicitado.xhtml HTTP/1.1" 200 56056
186.29.147.121 - - [19/Mar/2024:10:07:45 -0500] "GET /sipse/faces/javax.faces.resource/theme.css?ln=primefaces-sipse HTTP/1.1" 304 -
186.29.147.121 - - [19/Mar/2024:10:07:45 -0500] "GET /sipse/faces/javax.faces.resource/jquery/jquery-plugins.js?ln=primefaces&v=4.0 HTTP/1.1" 304 -
186.29.147.121 - - [19/Mar/2024:10:07:45 -0500] "GET /sipse/faces/javax.faces.resource/primefaces.js?ln=primefaces&v=4.0 HTTP/1.1" 304 -
186.29.147.121 - - [19/Mar/2024:10:07:45 -0500] "GET /sipse/faces/javax.faces.resource/layout/layout.js?ln=primefaces&v=4.0 HTTP/1.1" 304 -
186.29.147.121 - - [19/Mar/2024:10:07:45 -0500] "GET /sipse/faces/javax.faces.resource/jquery/jquery.js?ln=primefaces&v=4.0 HTTP/1.1" 304 -
186.29.147.121 - - [19/Mar/2024:10:07:45 -0500] "GET /sipse/faces/javax.faces.resource/layout/layout.css?ln=primefaces&v=4.0 HTTP/1.1" 304 -
186.29.147.121 - - [19/Mar/2024:10:07:45 -0500] "GET /sipse/faces/javax.faces.resource/primefaces.css?ln=primefaces&v=4.0 HTTP/1.1" 304 -
190.159.184.39 - - [19/Mar/2024:10:07:45 -0500] "GET /BLA/resoluciones/index.php?dir=RESOLUCIONES+2023%2F HTTP/1.1" 200 147025
186.29.147.121 - - [19/Mar/2024:10:07:45 -0500] "GET /sipse/faces/javax.faces.resource/images/ui-icons_898989_256x240.png?ln=primefaces-aristo HTTP/1.1" 304 -
201.245.192.253 - - [19/Mar/2024:10:07:45 -0500] "POST /sipse/faces/presentacion/financiero/solicitudProceso/consultarSolicitudProceso.xhtml HTTP/1.1" 200 91098
186.29.147.121 - - [19/Mar/2024:10:07:46 -0500] "GET /sipse/faces/javax.faces.resource/images/ui-bg_flat_0_2d5972_40x100.png?ln=primefaces-aristo HTTP/1.1" 304 -
186.29.147.121 - - [19/Mar/2024:10:07:46 -0500] "POST /sipse/faces/presentacion/financiero/estudioPrevio/personalSolicitado/personalSolicitadoSolicitudProceso.xhtml HTTP/1.1" 200 36892
186.29.147.121 - - [19/Mar/2024:10:07:47 -0500] "GET /sipse/faces/javax.faces.resource/jquery/jquery.js?ln=primefaces&v=4.0 HTTP/1.1" 304 -
186.29.147.121 - - [19/Mar/2024:10:07:47 -0500] "GET /sipse/faces/javax.faces.resource/jquery/jquery-plugins.js?ln=primefaces&v=4.0 HTTP/1.1" 304 -
186.102.28.156 - - [19/Mar/2024:10:07:47 -0500] "OPTIONS /kwssiamovil/sm/setfile/f? HTTP/1.1" 200 13
186.29.147.121 - - [19/Mar/2024:10:07:47 -0500] "GET /sipse/faces/javax.faces.resource/primefaces.js?ln=primefaces&v=4.0 HTTP/1.1" 304 -
186.29.147.121 - - [19/Mar/2024:10:07:47 -0500] "GET /sipse/faces/javax.faces.resource/layout/layout.js?ln=primefaces&v=4.0 HTTP/1.1" 304 -
200.75.42.226 - - [19/Mar/2024:10:07:48 -0500] "POST /sipse/faces/presentacion/financiero/solicitudProceso/listarSolicitudProceso.xhtml HTTP/1.1" 200 30656
200.75.42.226 - - [19/Mar/2024:10:07:50 -0500] "POST /sipse/faces/presentacion/financiero/solicitudProceso/listarSolicitudProceso.xhtml HTTP/1.1" 200 21751
186.29.147.121 - - [19/Mar/2024:10:07:50 -0500] "POST /sipse/faces/presentacion/financiero/estudioPrevio/personalSolicitado/asociarProfesionPersonalSolicitado.xhtml HTTP/1.1" 200 20798
190.159.184.39 - - [19/Mar/2024:10:07:53 -0500] "GET /BLA/resoluciones/RESOLUCIONES%202023/0491.pdf HTTP/1.1" 200 449077
186.102.28.156 - - [19/Mar/2024:10:07:47 -0500] "POST /kwssiamovil/sm/setfile/f? HTTP/1.1" 200 381
172.22.2.4 - - [19/Mar/2024:10:06:15 -0500] "HEAD /BLA/boletinlegal/ HTTP/1.1" 200 -
186.102.28.156 - - [19/Mar/2024:10:07:56 -0500] "OPTIONS /kwssiamovil/sm/setfile/f? HTTP/1.1" 200 13
186.29.147.121 - - [19/Mar/2024:10:07:57 -0500] "POST /sipse/faces/presentacion/financiero/estudioPrevio/personalSolicitado/asociarProfesionPersonalSolicitado.xhtml HTTP/1.1" 200 56056
186.29.147.121 - - [19/Mar/2024:10:07:57 -0500] "GET /sipse/faces/javax.faces.resource/theme.css?ln=primefaces-sipse HTTP/1.1" 304 -
186.29.147.121 - - [19/Mar/2024:10:07:57 -0500] "GET /sipse/faces/javax.faces.resource/primefaces.css?ln=primefaces&v=4.0 HTTP/1.1" 304 -
186.29.147.121 - - [19/Mar/2024:10:07:57 -0500] "GET /sipse/faces/javax.faces.resource/layout/layout.css?ln=primefaces&v=4.0 HTTP/1.1" 304 -
186.29.147.121 - - [19/Mar/2024:10:07:57 -0500] "GET /sipse/faces/javax.faces.resource/jquery/jquery.js?ln=primefaces&v=4.0 HTTP/1.1" 304 -
186.29.147.121 - - [19/Mar/2024:10:07:57 -0500] "GET /sipse/faces/javax.faces.resource/jquery/jquery-plugins.js?ln=primefaces&v=4.0 HTTP/1.1" 304 -
186.29.147.121 - - [19/Mar/2024:10:07:57 -0500] "GET /sipse/faces/javax.faces.resource/primefaces.js?ln=primefaces&v=4.0 HTTP/1.1" 304 -
186.29.147.121 - - [19/Mar/2024:10:07:57 -0500] "GET /sipse/faces/javax.faces.resource/layout/layout.js?ln=primefaces&v=4.0 HTTP/1.1" 304 -
186.29.147.121 - - [19/Mar/2024:10:07:57 -0500] "GET /sipse/faces/javax.faces.resource/images/ui-icons_898989_256x240.png?ln=primefaces-aristo HTTP/1.1" 304 -
191.95.60.163 - - [19/Mar/2024:10:08:00 -0500] "-" 408 -
200.75.42.226 - - [19/Mar/2024:10:08:00 -0500] "POST /sipse/faces/presentacion/financiero/solicitudProceso/listarSolicitudProceso.xhtml HTTP/1.1" 200 48612
201.245.192.253 - - [19/Mar/2024:10:08:02 -0500] "POST /forms/lservlet;jsessionid=ac16012b30d672fb2ec093aa4748bf0691d1e088fe72.e3iSbxaKaheRe3iNc3uNbNmQay1ynknvrkLOlQzNp65In0 HTTP/1.1" 200 2
200.75.42.226 - - [19/Mar/2024:10:08:02 -0500] "POST /sipse/faces/presentacion/financiero/solicitudProceso/listarSolicitudProceso.xhtml HTTP/1.1" 200 21741
162.55.167.166 - - [19/Mar/2024:10:08:04 -0500] "GET / HTTP/1.1" 200 4720
186.102.28.156 - - [19/Mar/2024:10:07:56 -0500] "POST /kwssiamovil/sm/setfile/f? HTTP/1.1" 200 381
186.102.28.156 - - [19/Mar/2024:10:08:10 -0500] "OPTIONS /kwssiamovil/sm/setfile/f? HTTP/1.1" 200 13
200.75.42.226 - - [19/Mar/2024:10:08:11 -0500] "POST /sipse/faces/presentacion/financiero/solicitudProceso/listarSolicitudProceso.xhtml HTTP/1.1" 200 36748
200.75.42.226 - - [19/Mar/2024:10:08:13 -0500] "POST /sipse/faces/presentacion/financiero/solicitudProceso/listarSolicitudProceso.xhtml HTTP/1.1" 200 21605
186.29.147.121 - - [19/Mar/2024:10:08:18 -0500] "GET /sipse/faces/javax.faces.resource/images/ui-bg_flat_0_2d5972_40x100.png?ln=primefaces-aristo HTTP/1.1" 304 -
186.29.147.121 - - [19/Mar/2024:10:08:18 -0500] "POST /sipse/faces/presentacion/financiero/estudioPrevio/personalSolicitado/personalSolicitadoSolicitudProceso.xhtml HTTP/1.1" 200 33676
186.29.147.121 - - [19/Mar/2024:10:08:19 -0500] "GET /sipse/faces/javax.faces.resource/jquery/jquery.js?ln=primefaces&v=4.0 HTTP/1.1" 304 -
186.29.147.121 - - [19/Mar/2024:10:08:19 -0500] "GET /sipse/faces/javax.faces.resource/jquery/jquery-plugins.js?ln=primefaces&v=4.0 HTTP/1.1" 304 -
186.29.147.121 - - [19/Mar/2024:10:08:19 -0500] "GET /sipse/faces/javax.faces.resource/primefaces.js?ln=primefaces&v=4.0 HTTP/1.1" 304 -
186.29.147.121 - - [19/Mar/2024:10:08:19 -0500] "GET /sipse/faces/javax.faces.resource/layout/layout.js?ln=primefaces&v=4.0 HTTP/1.1" 304 -
200.75.42.226 - - [19/Mar/2024:10:08:19 -0500] "POST /sipse/faces/presentacion/financiero/solicitudProceso/listarSolicitudProceso.xhtml HTTP/1.1" 200 36748
200.75.42.226 - - [19/Mar/2024:10:08:22 -0500] "POST /sipse/faces/presentacion/financiero/solicitudProceso/listarSolicitudProceso.xhtml HTTP/1.1" 200 21709
216.245.221.92 - - [19/Mar/2024:10:08:23 -0500] "HEAD / HTTP/1.1" 200 -
186.102.28.156 - - [19/Mar/2024:10:08:11 -0500] "POST /kwssiamovil/sm/setfile/f? HTTP/1.1" 200 381
186.102.28.156 - - [19/Mar/2024:10:08:23 -0500] "OPTIONS /kwssiamovil/sm/setfile/f? HTTP/1.1" 200 13
186.29.147.121 - - [19/Mar/2024:10:08:23 -0500] "POST /sipse/faces/presentacion/financiero/estudioPrevio/personalSolicitado/asociarEspecializacionPersonalSolicitado.xhtml HTTP/1.1" 200 11818
186.102.28.156 - - [19/Mar/2024:10:08:24 -0500] "POST /kwssiamovil/sm/setfile/f? HTTP/1.1" 200 381
200.75.42.226 - - [19/Mar/2024:10:08:35 -0500] "POST /sipse/faces/presentacion/financiero/solicitudProceso/listarSolicitudProceso.xhtml HTTP/1.1" 200 48612
200.75.42.226 - - [19/Mar/2024:10:08:36 -0500] "POST /sipse/faces/presentacion/financiero/solicitudProceso/listarSolicitudProceso.xhtml HTTP/1.1" 200 48596
200.75.42.226 - - [19/Mar/2024:10:08:37 -0500] "POST /sipse/faces/presentacion/financiero/solicitudProceso/listarSolicitudProceso.xhtml HTTP/1.1" 200 48727
186.102.28.156 - - [19/Mar/2024:10:08:39 -0500] "GET /kwssiamovil/sm/acme/a?s=U2FsdGVkX18jJh2BFEKWOg3vLKSYdWV1n7syWPcmbkz45y69fV2L+QaRBcBUHoGC83WnaG0+sZPypVn4k4YdDdQBwnycUH3kNgvuj1Cfn9M6hd6o/+sXVhrJyCmHBE3NuI1eIKfqfocbhX4iIgvyq1IsvAv9YKxEYY2O3dxqpLEytA+HYeoK6/OTpul1iD7QpmmTjIHue1XljucIEFNws3ty4b9JMKz9nqvbgVDEfWx+FCT1ce2kNXqHFX71bdZJeP3kJSeHpbLRo9ubFiTTAA==&u=U2FsdGVkX1/VNOshH4GLxdlm5bT4V0jWmfCNj2Sk6faurvsnk8py1aX7F08VKNlc&y=U2FsdGVkX1+mgqTaOSQSVQfnyHNZASLJMqbG+R2BANStdzwrTaHOVQh+kdV6/6JO HTTP/1.1" 200 26
201.245.192.253 - - [19/Mar/2024:10:08:40 -0500] "POST /forms/lservlet;jsessionid=ac16012b30d60c378208792d4757a508e4811830dca4.e3iSbxaKaheRe3iNc3uNbNmQay1ynknvrkLOlQzNp65In0 HTTP/1.1" 200 2
186.102.28.156 - - [19/Mar/2024:10:08:40 -0500] "GET /kwssiamovil/sm/acme/a?s=U2FsdGVkX18J8bMFIyKyilBmXQVXjDJn60cLwjddj3XghbewwK2XDz/BYxW1Lxer7q9c9X05KNStnfwr4iA1abaFuMuaOQAS30kPmjaUYUdosd0ez/vVED06J+P1Hko4uy52EbmS8GvuNzQiEmQ6D1/OAa9FTzlRh8Rbmb7sTQYEsVtYIJYCAn836UpFToRXMojiCAKUbS/v2G5ctjjQ2qWHG+iAWsfLALC3FhVp1tNBsP3GDta/loUdns2RBvyVYUE2Ibdnw1ziYLBVq3kYDqt4dLXFYJnOZhhRfOj4u6v9V0U7dIAt1zjfg9i1ayv/qxwrPBdYiJmkaTwzWNzKYrxnjp7xJjivHtRobptOpVRlKwIPuThLsJJeX84Xp4IMK9ZnHdTKsbuxwYcMVLI1Dg==&u=U2FsdGVkX1/VNOshH4GLxdlm5bT4V0jWmfCNj2Sk6faurvsnk8py1aX7F08VKNlc&y=U2FsdGVkX1+mgqTaOSQSVQfnyHNZASLJMqbG+R2BANStdzwrTaHOVQh+kdV6/6JO HTTP/1.1" 200 25
186.102.28.156 - - [19/Mar/2024:10:08:41 -0500] "GET /kwssiamovil/sm/acme/a?s=U2FsdGVkX19RY5Osn0awSFmxkKHyRIB3VdfjhRdr1AQJtAfSNIHke0R8ZwXuHNXeelggfLNsGli5jP3w6TGk3vb8bRABKSqGBx1Lo0nnyxWJGdZSgHzunBdbTaG/XYHcx1JIg8NuAslscKBB+uBw/Ms8XFQV4QReazsBE9rOoTtL/aUgJ+1qpKpu3z+qoIOQKi7YDO6W4t2QYQUKKk0BBDy65OuVByv6n2TQBdZD2ueesOkHjR+OI+13qxr+hJgLd8fne2EnUGyWmqu149ThmeY1abvDA6Szth9uZuP/jCocTmdPSr/XftZndiKEkJb1PxNygAUOAYctUQbhfF79KC6ZRFzyCaQ9cmhzUJeq7i46jgGyUfDFyeDGYBnjxEOBeO5I+ClwNmIZfe2Jg78XG18dYDvJtpQYfAvU17Ob7/+f7vXOGDEb/D8agGhCSn4BlAz9Mh3YbYzcufxgdTDpwSbS29isc1GhJeUC/Bq2axDoWu8dTj2rqVprK/Gc0upJaSCrZ1gbcNEOBsOE2OBoZeWz1+Z+5TSWk+SZ7C0qRQnlsRZ584TLR3HRsX7yyPEPXUpurWS2Rd41oBXrvhdfFAkj/aF2OtbS6kKd+rQxQKVkTr8eXLzk2QejcyfSGtQsugmXmXynK+BUTRvSlPcGDqdmoU4IDpiL6sdT9a3AzDd1nSmXWH81CcaCr3ze/B+9uupY1d55d76JcHvZO1wT23T9Go8IUWhpH/5IMtzvtsi7k/UhqdJHmuM7E0wsBa7W+r7TtTPcgCpTKkkpZgZERs4+wbwmW3S7SKeuVQ1BajPsS8+vKqYnw+nTZBx4w/8SjzPokSQ3ZYnHf0SaGfk3FNHxcYCH2oqJ/h7i1xDBmJ6M9jr8D0VRAKjvUejCuMFSVBtK4UAaSXeeEZdFPBxqgE+2+yf8yvtbuaDnYW2eLPGH+hCM9ZALTQItrV9h10kOsmz2w8RwiVAb6ZST6vsyqGPtLsb4BDfuhQm93SPuGBtUwGVX4UNsS9IasiGEoKp6flELbkBTCHyj+vbz5C216NO6pS4xm2B1Y0kfwX61T6/7ZJvaFUtm1qYhaghdPWPmNpd8nvQoZ3r3WlP7nZ0TAcB5K17Dn4LcOP6cOf3zQfMFbLpNRpWuItkbNjw7hhwJCACUlTaYIV0ySIqssBVfEOS7HVelVrrfNYbtGZ+ldxMrPmR7IJpkgDHMqfK81xXIp2fsEflXSE/GlSSrCOKMI+5/6wrtfa3cePHsPvCoq8KQUVoOyFop/Lcy/FulniGpoiADkj2cRXT7kDUXSkUXScQ7bsYReCXtajTqLi1HkzP6ZD/69YxeGU0ZouKCZhq6uln5Bzh9c1jVeZPyngP8OgG0tQ79lzFn1UUfBBZMfaYhEPWvx7K1yG3m7kaNEGroeGa/bRJOuJ5gMvZEFNQoUT+nwWz91ImZ1aW/FpsnulvRSIrbAyVdjbjoXc5Mtjdgdt1P7uxf4kWhvVYEoPLdS57f+gjFZlFiJPMb+3LBSPSAgSQpJgHQiLlrPQybU6wTWByBAq6hfS8khZTZPQj0H7nuB7Ecb3RR6apkOkYF2VsgN2R3hnpQBmxFujyXTiXUCaknPPJNoHnuhzWdfvbQCSk0r9KCkLKOczyKry9WrSkBK8Mhh6KdXofzsxl6YQL2xmJVDxcf5LCysmQFMLpDLQPryIjKsSzwo8Zl2wtoDH8ARr1zhe7HO06ThXMRBAhOOqmmm+5IVIGuEoU5rtrhRu1uRtHcyo4Ih3FTv4XF70STLjjTbg2/e/Aqzf4oniSZ8p3h4XVWUfwejcwcCRCc/CFL57fJm0128D7DwTO3DW6zfeYR5dNUD4VqL3ava+FOZUtKQqWQvnc8opjzyVk/5+eLe37+vJRcJDX6hcO9/Ik9CGEiZqZ/WUxH0PhGnNC2PX0kJcyimKhQ6GstKYUmHX85ZMw35Hx+8A5ZecztPoEi0fiuavF4QKMSZ+dNe4mXrjVo+v+9mJsAKxSxfUi2FvygBkVzMJwetzsycrTDebDaPgqMi0rgB+yRct7sUecDZT0onghLliZieicbw2J56FHyt7K89YF/y7eYyWbtFpsDhtp2O/D3WMithUGoHtwTyuNPpDaSBPom1KQsgRwiuPH8tKq4313ecQVT83YvMKMl/srOhW/ZHpRpyzdh/9ywf2Xr6TKMVW2duUwdoT63aFA70py7zmUQYjmjWXzwGYW/+I726AT0NKZ84chDkl/wWFVxEVNW5mOte44HFvZb/RbS9q/Z8diu09DGJz1752lEmm3sVPaOEbSqSWmYfgpmrOe4sLUT1ng3ND5mR0tXtIjTQBEvPLhllIo4+bIQdqXbxDxzEyU2C512JbH+uNB28CNqKw2qcFjsz6pMHR1YCFrts7qQwTWUoZeSIKG7h7I/aZO4LnaY4YnQpCNv+5rEB5/EOQAQDmXqoQTbULKICxg7ma/QymqwssERMTb+CFvg1wqZom2tlwUwiKGza33GsZLeKbgVxxYgyo8i6AJMcZj+ovRPWuThjHLOGRP5L/U4T+CVZ17ZuIiwUk0NyH39mQNmBXuetFKAThbyTYcW32TG6jY58ylrkFoAY5PxB5Xlsjlz9PHNkSGgdlR2GVCvXMV3lXsZgKXA5timbju4yPkO6MjqoPFMo8R2QN4Yh27ODnVruxAVwnuB6iFIV+aEF5wRzeMtDljDT76RbJ4NPkvfMe3G5SWO9aAgNK9X9/wiaDwkwFdsVfdbhUicYVAclFWl+B/gvnsnXknnSo2BT9a0dakZnDmtD+y2WS71Q+Its0u2tMgKu6Iuwmf8p3JJ&u=U2FsdGVkX1/VNOshH4GLxdlm5bT4V0jWmfCNj2Sk6faurvsnk8py1aX7F08VKNlc&y=U2FsdGVkX1+mgqTaOSQSVQfnyHNZASLJMqbG+R2BANStdzwrTaHOVQh+kdV6/6JO HTTP/1.1" 200 24
186.102.28.156 - - [19/Mar/2024:10:08:41 -0500] "GET /kwssiamovil/sm/acme/a?s=U2FsdGVkX19wy+eijmxYozNsX9q1vAdW0XbqfEFlbyY1rOMA+16nQpyts51ds9qfeQ8Vs0SixcNli3UiID3Hjc2g+8mGgizeqpWPF8442f96r0f5FE/a/O8WhrqYGYpHkoE5AsWGEQsnyGoAKqRVzR9P2TRWA7x5NAW2/HzOohI=&u=U2FsdGVkX1/VNOshH4GLxdlm5bT4V0jWmfCNj2Sk6faurvsnk8py1aX7F08VKNlc&y=U2FsdGVkX1+mgqTaOSQSVQfnyHNZASLJMqbG+R2BANStdzwrTaHOVQh+kdV6/6JO HTTP/1.1" 200 26
200.75.42.226 - - [19/Mar/2024:10:08:41 -0500] "POST /sipse/faces/presentacion/financiero/solicitudProceso/listarSolicitudProceso.xhtml HTTP/1.1" 200 21755
186.102.28.156 - - [19/Mar/2024:10:08:42 -0500] "GET /kwssiamovil/sm/acme/a?s=U2FsdGVkX1/Wu41K9m4lSgKkw8apo8ICicCO+GSlHv929Jk/65ZLWyKPHymHM3J9+DDN51mbfATsdyrCJbHATJKUTeM7G9p7AqRAPzeiY0KIfMdLt6EIN+bMUxTX+f+WeaCJQD6851jsQK+mDkhin516XuM67bwf55/UrXTI28E=&u=U2FsdGVkX1/VNOshH4GLxdlm5bT4V0jWmfCNj2Sk6faurvsnk8py1aX7F08VKNlc&y=U2FsdGVkX1+mgqTaOSQSVQfnyHNZASLJMqbG+R2BANStdzwrTaHOVQh+kdV6/6JO HTTP/1.1" 200 24
186.102.28.156 - - [19/Mar/2024:10:08:43 -0500] "GET /kwssiamovil/sm/acme/a?s=U2FsdGVkX1/YuipSclj03i8VKehf0Yl7ZVszX1Gt3aZPKdqthGXeqVPXlTOxxdmEzUAw1/JbfEjAHmVpF9VFDjivB18s8j/2yIb1wJtoeBPmCemR4tqcixZe5RKW4qEKA7M3D0cldcxawEkrruhG0Y77m/8fBaVn1XpWwJlxnLk=&u=U2FsdGVkX1/VNOshH4GLxdlm5bT4V0jWmfCNj2Sk6faurvsnk8py1aX7F08VKNlc&y=U2FsdGVkX1+mgqTaOSQSVQfnyHNZASLJMqbG+R2BANStdzwrTaHOVQh+kdV6/6JO HTTP/1.1" 200 24
201.245.192.253 - - [19/Mar/2024:10:08:41 -0500] "POST /kwsrmcab/Wsrmcab  HTTP/1.1" 200 37499
186.102.28.156 - - [19/Mar/2024:10:08:43 -0500] "GET /kwssiamovil/sm/acme/a?s=U2FsdGVkX19MxwYVbKnlPpyF3+CN7x94I148nWyqpbxcg/CkSvR83/ahrp5LI0nifEJ7bKZ1gmovWI5ilykNjCXAB0EbvVIjTejxi0cnl6VsyNpBuH3AB1H6EBzRH0Q8AGpG/rzahtbPRwBRPfn/U9gN6EOZbbDnsHJO+3lc/sMVWGl0OxC6rMWNlXrv4xVp&u=U2FsdGVkX1/VNOshH4GLxdlm5bT4V0jWmfCNj2Sk6faurvsnk8py1aX7F08VKNlc&y=U2FsdGVkX1+mgqTaOSQSVQfnyHNZASLJMqbG+R2BANStdzwrTaHOVQh+kdV6/6JO HTTP/1.1" 200 24
186.29.147.121 - - [19/Mar/2024:10:08:43 -0500] "POST /sipse/faces/presentacion/financiero/estudioPrevio/personalSolicitado/asociarEspecializacionPersonalSolicitado.xhtml HTTP/1.1" 200 57304
186.29.147.121 - - [19/Mar/2024:10:08:43 -0500] "GET /sipse/faces/javax.faces.resource/primefaces.css?ln=primefaces&v=4.0 HTTP/1.1" 304 -
186.29.147.121 - - [19/Mar/2024:10:08:43 -0500] "GET /sipse/faces/javax.faces.resource/theme.css?ln=primefaces-sipse HTTP/1.1" 304 -
186.29.147.121 - - [19/Mar/2024:10:08:44 -0500] "GET /sipse/faces/javax.faces.resource/layout/layout.css?ln=primefaces&v=4.0 HTTP/1.1" 304 -
186.29.147.121 - - [19/Mar/2024:10:08:44 -0500] "GET /sipse/faces/javax.faces.resource/primefaces.js?ln=primefaces&v=4.0 HTTP/1.1" 304 -
186.29.147.121 - - [19/Mar/2024:10:08:44 -0500] "GET /sipse/faces/javax.faces.resource/jquery/jquery.js?ln=primefaces&v=4.0 HTTP/1.1" 304 -
186.29.147.121 - - [19/Mar/2024:10:08:44 -0500] "GET /sipse/faces/javax.faces.resource/jquery/jquery-plugins.js?ln=primefaces&v=4.0 HTTP/1.1" 304 -
186.29.147.121 - - [19/Mar/2024:10:08:44 -0500] "GET /sipse/faces/javax.faces.resource/layout/layout.js?ln=primefaces&v=4.0 HTTP/1.1" 304 -
186.29.147.121 - - [19/Mar/2024:10:08:44 -0500] "GET /sipse/faces/javax.faces.resource/images/ui-icons_898989_256x240.png?ln=primefaces-aristo HTTP/1.1" 304 -
186.102.28.156 - - [19/Mar/2024:10:08:44 -0500] "GET /kwssiamovil/sm/acme/a?s=U2FsdGVkX1/MqWrBSem7yOSCYst/59UBghFKjrlfrhh5CEzflQTLo7e60bDMAbKiPdhwsohImNtdJL4bAdZ39zJ5zm/wjMLCszNDRlm57KMOhlZ8zxaIdfeVnXx7sxrCKb12QfX90e9KI+RrbV8c+mSK4T/Xs2lQjlybltza4VPhTQV+3WDZh4LKcZ0kvPk1GIYtkGq+BWDjhb1cVpLBPQ==&u=U2FsdGVkX1/VNOshH4GLxdlm5bT4V0jWmfCNj2Sk6faurvsnk8py1aX7F08VKNlc&y=U2FsdGVkX1+mgqTaOSQSVQfnyHNZASLJMqbG+R2BANStdzwrTaHOVQh+kdV6/6JO HTTP/1.1" 200 24
186.102.28.156 - - [19/Mar/2024:10:08:44 -0500] "GET /kwssiamovil/sm/acme/a?s=U2FsdGVkX18MYEfaHpWWZk8eULioKpJPrtJy47/5lfObq0/dp75VUs4M0oVtpeay+tNyZJA7J/pB5J6HruMMv7Z8J9nV27MOzqbch/r1pvQu+905s9iRmUAV9nU6aAE2aNNfEFHsynh4Xvylv259SiVTLtLWznp/VLNmLXy6LJEaJylD1k/LkwxAqYnDa37w2YvXpzZOFRIicYGg8qVZtAiUP3qOUsf6kjuYaPrZ2R1RWxyrqDHfb6M3Lsj9qsRABW7z1AoB/ib22HzTolE2jV60x3/N8R5pfO/LuZ9iqOdGcaR2fpyxi7fXFcqR4N98sPNatQkroRn9oDwdYB/BPDLjpLPL5nGr9Ex6IWiQnwTGcWKN25crBje7H0UykvLrb5v9FqMuGAm+HRBuOq7uqfOqE3XYBln7DqR+aYRXRlYYhdkcWAIVTvv9hLkIkBMFavW7WvK/qiwDrh6IVbWrm+NXH+xUHb3ONuEnDETQpK+N3lVFIHLshya5HK5sDSQjA3Y/UlIFWJN+MG8UIzjoe58ZyC3kxPVYb6R8WqUOHw0=&u=U2FsdGVkX1/VNOshH4GLxdlm5bT4V0jWmfCNj2Sk6faurvsnk8py1aX7F08VKNlc&y=U2FsdGVkX1+mgqTaOSQSVQfnyHNZASLJMqbG+R2BANStdzwrTaHOVQh+kdV6/6JO HTTP/1.1" 200 24
186.102.28.156 - - [19/Mar/2024:10:08:45 -0500] "GET /kwssiamovil/sm/acme/a?s=U2FsdGVkX1/DONu9CSZ66xbyohpJpuisdGEkBQKd1okvB7c9FpcLWUKfWrVcflys+2RrxF64+sjBQOCaS5sFNXDHjbjAR29+c7vOyq1L82ZvLLrz27OWAzBjcd4/jnOXNYR9oyovGF9LoUPpQT6OMH1cV7rThjuvHPSTKTncWu+i8NMF///UnrQZfJkx7DdwSOoQvbEggZs2etbvJdzEiA==&u=U2FsdGVkX1/VNOshH4GLxdlm5bT4V0jWmfCNj2Sk6faurvsnk8py1aX7F08VKNlc&y=U2FsdGVkX1+mgqTaOSQSVQfnyHNZASLJMqbG+R2BANStdzwrTaHOVQh+kdV6/6JO HTTP/1.1" 200 26
186.102.28.156 - - [19/Mar/2024:10:08:45 -0500] "GET /kwssiamovil/sm/acme/a?s=U2FsdGVkX1/erhIgx4HxRD4Nkx7oemRqiScWkNa4F0Vmzkc270fBij1PeQ0XgPL9cbTIKDr6oG8MJjETRVxzTST8PviIiGJDCgZWgTIjUS2WRt14E4Xf5NxY2xa5PPpJ2jOAOX/Ll6eDrEoDTmkmVhxqqyR7VrUypwoRLl0KfkhFgFteoTfVzOY3/AHrLqS7BMA6NdPZ7kdTP5GerAEhx9IBcD9DzBf5VtLQksdKoz/+FTk1bfDp9HaFnUyULr5TrHazzYO/S42Rw4rf0erL3hHWbfTdzFzuVFwm8t/kDT17LbibWQqp4BMjP4LoguM/aKjWUeNfC5c1FBEFmt6Q6fxqiriq2wkY3c1hR3YpchyOELhU+3xXh06wt/nZXLeTnuBiS5t3H0X3jK8xm2h76GMtQhhkdzENcSiAtq7hzOgakgud22h3wSpaT9LU1Gb6bN/qWF8okTcu7CYKQ67/PCMg/gqq23cbIpL2Dgh4qiWoCw6IgopKJ8XrYvEwOWciI7y8I7B+FNpadd5pxx2Mrw==&u=U2FsdGVkX1/VNOshH4GLxdlm5bT4V0jWmfCNj2Sk6faurvsnk8py1aX7F08VKNlc&y=U2FsdGVkX1+mgqTaOSQSVQfnyHNZASLJMqbG+R2BANStdzwrTaHOVQh+kdV6/6JO HTTP/1.1" 200 26
172.22.2.4 - - [19/Mar/2024:10:07:06 -0500] "GET /BLA/boletinlegal/ HTTP/1.1" 200 60380
186.29.147.121 - - [19/Mar/2024:10:08:46 -0500] "GET /sipse/faces/javax.faces.resource/images/ui-bg_flat_0_2d5972_40x100.png?ln=primefaces-aristo HTTP/1.1" 304 -
186.102.28.156 - - [19/Mar/2024:10:08:46 -0500] "GET /kwssiamovil/sm/acme/a?s=U2FsdGVkX19BZV86eXeADJS9b1uUPyQIoA4bKUeTQTcuvwza2xVj4Px6QiCcDWxIwAL+u3Q8rA/PV1kBAmfHP1/qSLza7UBgJh0lDL1sO1SxN60jqYdqJyIa6CLw5g6g0zvyMry2Cvfzl3gDGt1SicsKlzYktGvX01wWPKhWdA3hKLdOufxTK0v1J5uiOgXw&u=U2FsdGVkX1/VNOshH4GLxdlm5bT4V0jWmfCNj2Sk6faurvsnk8py1aX7F08VKNlc&y=U2FsdGVkX1+mgqTaOSQSVQfnyHNZASLJMqbG+R2BANStdzwrTaHOVQh+kdV6/6JO HTTP/1.1" 200 24
186.102.28.156 - - [19/Mar/2024:10:08:47 -0500] "GET /kwssiamovil/sm/acme/a?s=U2FsdGVkX18IsLFVD02Dzm/qY8E/H//uuhXUD19Tlp/KMKqywYtclaAZIAlI5fW2QFHRd/RsnI2+JgN8aeo+f6CZto+P8OIZQCUixxOsn6d8pFzXOrV8SVNcP5AsG1I90RCPunTWzJEFZLIrIy5wboHhEb1K38c6qoEBK9HbIHB27/zdWwqfchP1VnUlC+PSklJzpFlJnWt2w/eMnPtASw+rvOLYmBkHqS3GAaFzPV4=&u=U2FsdGVkX1/VNOshH4GLxdlm5bT4V0jWmfCNj2Sk6faurvsnk8py1aX7F08VKNlc&y=U2FsdGVkX1+mgqTaOSQSVQfnyHNZASLJMqbG+R2BANStdzwrTaHOVQh+kdV6/6JO HTTP/1.1" 200 24
186.29.147.121 - - [19/Mar/2024:10:08:46 -0500] "POST /sipse/faces/presentacion/financiero/estudioPrevio/personalSolicitado/personalSolicitadoSolicitudProceso.xhtml HTTP/1.1" 200 33680
186.29.147.121 - - [19/Mar/2024:10:08:47 -0500] "GET /sipse/faces/javax.faces.resource/jquery/jquery.js?ln=primefaces&v=4.0 HTTP/1.1" 304 -
186.29.147.121 - - [19/Mar/2024:10:08:47 -0500] "GET /sipse/faces/javax.faces.resource/jquery/jquery-plugins.js?ln=primefaces&v=4.0 HTTP/1.1" 304 -
186.29.147.121 - - [19/Mar/2024:10:08:47 -0500] "GET /sipse/faces/javax.faces.resource/primefaces.js?ln=primefaces&v=4.0 HTTP/1.1" 304 -
186.29.147.121 - - [19/Mar/2024:10:08:47 -0500] "GET /sipse/faces/javax.faces.resource/layout/layout.js?ln=primefaces&v=4.0 HTTP/1.1" 304 -
186.102.28.156 - - [19/Mar/2024:10:08:47 -0500] "GET /kwssiamovil/sm/acme/a?s=U2FsdGVkX1+LOylGqdXyOu16EZ9h9e034bFuj5M3gszvYet8m2WhMh19tOMXDY/AJZ3xMG+fB9rlU7CnyykVE/OOCg7r3XnSIznWxTnRCLetQUTaPRzt54GuQIjaMshhcRTvYPDFCIMC1p0WDZs+Z0LdyUOFE45u/6VxdaMKfig=&u=U2FsdGVkX1/VNOshH4GLxdlm5bT4V0jWmfCNj2Sk6faurvsnk8py1aX7F08VKNlc&y=U2FsdGVkX1+mgqTaOSQSVQfnyHNZASLJMqbG+R2BANStdzwrTaHOVQh+kdV6/6JO HTTP/1.1" 200 26
186.102.28.156 - - [19/Mar/2024:10:08:48 -0500] "GET /kwssiamovil/sm/acme/a?s=U2FsdGVkX19jeYtfErr/zQloZKtf3Qi2zbZhJZVyr/wWe1MYNzo3eJfE7JOG2CR8OVuD+BX+LbeBQOrO9uG8EeG/r7TQ9FqhDnzPzMF5VAe9gg7UkEE9pqjkxq0zZFP9b+Qym0NMDd7FpRsgCpYGkrMgibiZ20getDkW7Yc2KM9iACE9fqv5N0uNQk3BZFC3hfXCdb2WBmbTeWjYY8BdNg==&u=U2FsdGVkX1/VNOshH4GLxdlm5bT4V0jWmfCNj2Sk6faurvsnk8py1aX7F08VKNlc&y=U2FsdGVkX1+mgqTaOSQSVQfnyHNZASLJMqbG+R2BANStdzwrTaHOVQh+kdV6/6JO HTTP/1.1" 200 26
200.75.42.226 - - [19/Mar/2024:10:08:48 -0500] "POST /sipse/faces/presentacion/financiero/solicitudProceso/listarSolicitudProceso.xhtml HTTP/1.1" 200 48727
186.102.28.156 - - [19/Mar/2024:10:08:48 -0500] "GET /kwssiamovil/sm/acme/a?s=U2FsdGVkX19pHqOHuyib1QIa4akUmPjaf42+/zx9mkTUjITfJPtOqZlj01I5IKxbzYygLNoXxPGLwnvNmSYS1nxbM28RUVWFC6mNPffIciePcHx4BLujNgV+opGBDS8YhtwtMUVHDmgsc4zE6DK2wNhtxKNS817nUhd6NwUIBHYIgkLrkhlFYqFrBbWL5lUz&u=U2FsdGVkX1/VNOshH4GLxdlm5bT4V0jWmfCNj2Sk6faurvsnk8py1aX7F08VKNlc&y=U2FsdGVkX1+mgqTaOSQSVQfnyHNZASLJMqbG+R2BANStdzwrTaHOVQh+kdV6/6JO HTTP/1.1" 200 24
186.102.28.156 - - [19/Mar/2024:10:08:49 -0500] "GET /kwssiamovil/sm/acme/a?s=U2FsdGVkX194ECswaNz0LHzxCoN1jJ+3RqynSsXenM7BBluGGzmX8Z0RQqzcDLk5/Z6FTIMAsyN7nAHLD8nnTIFIzAg2JxIesiJWLpe6x5dC+WQpc4L6QGw35RDEuyOihK2Oa5rkd5LT8fmC/LZ57ijSgz1TmWf5Or1C3TyyboNdWLcYyX3cJ5m3PRoSDTVK7YoCvpV+2E4v08K2tIX59uGmIIsZlbt0Co4toKK+brg=&u=U2FsdGVkX1/VNOshH4GLxdlm5bT4V0jWmfCNj2Sk6faurvsnk8py1aX7F08VKNlc&y=U2FsdGVkX1+mgqTaOSQSVQfnyHNZASLJMqbG+R2BANStdzwrTaHOVQh+kdV6/6JO HTTP/1.1" 200 24
186.102.28.156 - - [19/Mar/2024:10:08:49 -0500] "GET /kwssiamovil/sm/acme/a?s=U2FsdGVkX1+5dfKhUuS1Enl++k3nTtNRiio0XweyaPOMBo4CusioIp71QJDN4yDXYCMaL/CSoCXP5Yo3QBv9WS65aOSDzVZHKIXMvtfDXTDGAGWcMxFCdJ4LrDGLOcCEVv1eQhBkWwikF6Qx8wRoweVcyU4R44ySiRlYAu4oGSk=&u=U2FsdGVkX1/VNOshH4GLxdlm5bT4V0jWmfCNj2Sk6faurvsnk8py1aX7F08VKNlc&y=U2FsdGVkX1+mgqTaOSQSVQfnyHNZASLJMqbG+R2BANStdzwrTaHOVQh+kdV6/6JO HTTP/1.1" 200 26
186.102.28.156 - - [19/Mar/2024:10:08:50 -0500] "GET /kwssiamovil/sm/acme/a?s=U2FsdGVkX19jmTKfQ05kYukehIl0ob/kqwjCa21ohFYudwVFG3iilSleQPkQuuYY9bqhfEwhSz9QjxtuunIDVCsma5QMeRdV+BndaXOc5lp0RDecmeP4foJh81UnEuxJkXGzzNcXwTZAsD0MBjwaGBidAIE5MPB2pKWHuI+X++Rq5/sx/7njYEkB5zeDnbl6w3AyP/aPNH52BUS2378KlQ==&u=U2FsdGVkX1/VNOshH4GLxdlm5bT4V0jWmfCNj2Sk6faurvsnk8py1aX7F08VKNlc&y=U2FsdGVkX1+mgqTaOSQSVQfnyHNZASLJMqbG+R2BANStdzwrTaHOVQh+kdV6/6JO HTTP/1.1" 200 26
200.75.42.226 - - [19/Mar/2024:10:08:51 -0500] "POST /sipse/faces/presentacion/financiero/solicitudProceso/listarSolicitudProceso.xhtml HTTP/1.1" 200 21715
200.75.42.226 - - [19/Mar/2024:10:08:55 -0500] "POST /sipse/faces/presentacion/financiero/solicitudProceso/listarSolicitudProceso.xhtml HTTP/1.1" 200 36748
200.75.42.226 - - [19/Mar/2024:10:08:57 -0500] "POST /sipse/faces/presentacion/financiero/solicitudProceso/listarSolicitudProceso.xhtml HTTP/1.1" 200 21728
186.29.147.121 - - [19/Mar/2024:10:08:59 -0500] "POST /sipse/faces/presentacion/financiero/estudioPrevio/personalSolicitado/asociarEspecializacionPersonalSolicitado.xhtml HTTP/1.1" 200 18637
200.75.42.226 - - [19/Mar/2024:10:09:01 -0500] "POST /sipse/faces/presentacion/financiero/solicitudProceso/listarSolicitudProceso.xhtml HTTP/1.1" 200 48727
66.249.66.20 - - [19/Mar/2024:10:09:03 -0500] "GET /BLA/resoluciones/RESOLUCIONES%202008/0273.pdf HTTP/1.1" 200 297201
200.75.42.226 - - [19/Mar/2024:10:09:05 -0500] "POST /sipse/faces/presentacion/financiero/solicitudProceso/listarSolicitudProceso.xhtml HTTP/1.1" 200 21786
186.29.147.121 - - [19/Mar/2024:10:09:12 -0500] "POST /sipse/faces/presentacion/financiero/estudioPrevio/personalSolicitado/asociarEspecializacionPersonalSolicitado.xhtml HTTP/1.1" 200 58514
186.29.147.121 - - [19/Mar/2024:10:09:12 -0500] "GET /sipse/faces/javax.faces.resource/primefaces.css?ln=primefaces&v=4.0 HTTP/1.1" 304 -
186.29.147.121 - - [19/Mar/2024:10:09:12 -0500] "GET /sipse/faces/javax.faces.resource/theme.css?ln=primefaces-sipse HTTP/1.1" 304 -
186.29.147.121 - - [19/Mar/2024:10:09:12 -0500] "GET /sipse/faces/javax.faces.resource/layout/layout.css?ln=primefaces&v=4.0 HTTP/1.1" 304 -
186.29.147.121 - - [19/Mar/2024:10:09:12 -0500] "GET /sipse/faces/javax.faces.resource/jquery/jquery.js?ln=primefaces&v=4.0 HTTP/1.1" 304 -
186.29.147.121 - - [19/Mar/2024:10:09:12 -0500] "GET /sipse/faces/javax.faces.resource/layout/layout.js?ln=primefaces&v=4.0 HTTP/1.1" 304 -
186.29.147.121 - - [19/Mar/2024:10:09:12 -0500] "GET /sipse/faces/javax.faces.resource/jquery/jquery-plugins.js?ln=primefaces&v=4.0 HTTP/1.1" 304 -
186.29.147.121 - - [19/Mar/2024:10:09:12 -0500] "GET /sipse/faces/javax.faces.resource/primefaces.js?ln=primefaces&v=4.0 HTTP/1.1" 304 -
186.29.147.121 - - [19/Mar/2024:10:09:12 -0500] "GET /sipse/faces/javax.faces.resource/images/ui-icons_898989_256x240.png?ln=primefaces-aristo HTTP/1.1" 304 -
200.75.42.226 - - [19/Mar/2024:10:09:12 -0500] "POST /sipse/faces/presentacion/financiero/solicitudProceso/listarSolicitudProceso.xhtml HTTP/1.1" 200 125379
200.75.42.226 - - [19/Mar/2024:10:09:13 -0500] "GET /sipse/faces/javax.faces.resource/theme.css?ln=primefaces-sipse HTTP/1.1" 304 -
200.75.42.226 - - [19/Mar/2024:10:09:13 -0500] "GET /sipse/faces/javax.faces.resource/primefaces.css?ln=primefaces&v=4.0 HTTP/1.1" 304 -
200.75.42.226 - - [19/Mar/2024:10:09:13 -0500] "GET /sipse/faces/javax.faces.resource/layout/layout.css?ln=primefaces&v=4.0 HTTP/1.1" 304 -
200.75.42.226 - - [19/Mar/2024:10:09:13 -0500] "GET /sipse/faces/javax.faces.resource/jquery/jquery.js?ln=primefaces&v=4.0 HTTP/1.1" 304 -
200.75.42.226 - - [19/Mar/2024:10:09:13 -0500] "GET /sipse/faces/javax.faces.resource/jquery/jquery-plugins.js?ln=primefaces&v=4.0 HTTP/1.1" 304 -
200.75.42.226 - - [19/Mar/2024:10:09:13 -0500] "GET /sipse/faces/javax.faces.resource/primefaces.js?ln=primefaces&v=4.0 HTTP/1.1" 304 -
200.75.42.226 - - [19/Mar/2024:10:09:13 -0500] "GET /sipse/faces/javax.faces.resource/layout/layout.js?ln=primefaces&v=4.0 HTTP/1.1" 304 -
186.29.147.121 - - [19/Mar/2024:10:09:16 -0500] "GET /sipse/faces/javax.faces.resource/images/ui-bg_flat_0_2d5972_40x100.png?ln=primefaces-aristo HTTP/1.1" 304 -
186.29.147.121 - - [19/Mar/2024:10:09:16 -0500] "POST /sipse/faces/presentacion/financiero/estudioPrevio/personalSolicitado/personalSolicitadoSolicitudProceso.xhtml HTTP/1.1" 200 33685
186.29.147.121 - - [19/Mar/2024:10:09:17 -0500] "GET /sipse/faces/javax.faces.resource/jquery/jquery.js?ln=primefaces&v=4.0 HTTP/1.1" 304 -
186.29.147.121 - - [19/Mar/2024:10:09:17 -0500] "GET /sipse/faces/javax.faces.resource/jquery/jquery-plugins.js?ln=primefaces&v=4.0 HTTP/1.1" 304 -
186.29.147.121 - - [19/Mar/2024:10:09:17 -0500] "GET /sipse/faces/javax.faces.resource/primefaces.js?ln=primefaces&v=4.0 HTTP/1.1" 304 -
186.29.147.121 - - [19/Mar/2024:10:09:17 -0500] "GET /sipse/faces/javax.faces.resource/layout/layout.js?ln=primefaces&v=4.0 HTTP/1.1" 304 -
186.102.28.156 - - [19/Mar/2024:10:09:23 -0500] "OPTIONS /kwssiamovil/sm/setfile/f? HTTP/1.1" 200 13
186.102.28.156 - - [19/Mar/2024:10:09:23 -0500] "POST /kwssiamovil/sm/setfile/f? HTTP/1.1" 200 381
186.29.147.121 - - [19/Mar/2024:10:09:23 -0500] "POST /sipse/faces/presentacion/financiero/estudioPrevio/personalSolicitado/asociarEspecializacionPersonalSolicitado.xhtml HTTP/1.1" 200 17883
186.29.147.121 - - [19/Mar/2024:10:09:25 -0500] "POST /sipse/faces/presentacion/financiero/estudioPrevio/personalSolicitado/asociarEspecializacionPersonalSolicitado.xhtml HTTP/1.1" 200 18035
186.29.147.121 - - [19/Mar/2024:10:09:27 -0500] "POST /sipse/faces/presentacion/financiero/estudioPrevio/personalSolicitado/asociarEspecializacionPersonalSolicitado.xhtml HTTP/1.1" 200 18043
186.29.147.121 - - [19/Mar/2024:10:09:29 -0500] "POST /sipse/faces/presentacion/financiero/estudioPrevio/personalSolicitado/asociarEspecializacionPersonalSolicitado.xhtml HTTP/1.1" 200 17887
186.102.28.156 - - [19/Mar/2024:10:09:32 -0500] "GET /kwssiamovil/sm/acme/a?s=U2FsdGVkX1+TDh+qZv4xn0btpezTKUKp4lpKjIFsXdt4JB9joQb9U9PJbcfulwY/xGc6pF/W8Kq7I7SU+5xev17LTfh2t/NBGjxPNl3PQOwnMdLkLd22w/+C9BCCGD98SKvF34JbuMzorVtin1LbTkTNIDJSkQU0WVqxZhPTTj2+gyFrPnviB2qo2CrLANkU97bFqRfNFImJYCYzxhOLDHwaOsRaIvdvI9jlomSdTN/cuweZsEVQNrsaY5jx9pYzlx9hm72hY+Kr04kE6OvpWQ==&u=U2FsdGVkX1/VNOshH4GLxdlm5bT4V0jWmfCNj2Sk6faurvsnk8py1aX7F08VKNlc&y=U2FsdGVkX1+mgqTaOSQSVQfnyHNZASLJMqbG+R2BANStdzwrTaHOVQh+kdV6/6JO HTTP/1.1" 200 26
186.29.147.121 - - [19/Mar/2024:10:09:33 -0500] "POST /sipse/faces/presentacion/financiero/estudioPrevio/personalSolicitado/asociarEspecializacionPersonalSolicitado.xhtml HTTP/1.1" 200 18413
186.102.28.156 - - [19/Mar/2024:10:09:34 -0500] "GET /kwssiamovil/sm/acme/a?s=U2FsdGVkX19AxsEtgER/Fv2+HH/dUMkGBzxkGyDGfPRllVcIxb4FZ/E4MOPMlA684QinAttZMcWmdG7ZfDnSvI47BG7XOWnoaXs+B58/5qA85pp0emUuiYsrYp2LVuzD9YQ+juTdH7MputU9lYbaPw98xgE8P5VIw66FuqQjsYmjBqNktnK1lggOWrtu2efKHQCAT476CSvoF9+uLsJc83bDtwDG/eOvY72nnnfQS1bDIFcKehAdd+ImwBL61th8YnowhBx7rRKkNW1f+VWi67Ablr9Ecsjsstn+ygqQAnHxhLF0FxWUzgheWfVavMEeQ2w7U7GmW72KUOIFGJnl6UoIFOpJPRx6wtC93NBlb8uy/KjGXTQPFN2PhynfeyYyoFby/s0uA0j2NUftv3OX0ixGageD/AJ6n+/XQCPKkMb9auXeqqvfskVK6HHc+WQQgBkB7WROS6sgkaRJOBQT+LCnUMH8mmMM+hFubaZkeHqnDLJI7T2mL7480QP9PHCi7/ByyGQq4r1nJmDDkr/XLYx9OEEXQRumnAT8er/PZYrXqlGZEHLok8gu9bf0BuDzgn50Hf8OlEZJ4Mb7N93qrzKs50pn4jKqLbqLkyBLMJSbkgI2soNuIWsRS/mf39A8eEKW58jeYOJWFOBsMAGtktBHC4zrzBXQyU/7i6ACZAKyDyp7+PtNqbUiXprST5sZGUqNeyCGGQhI+PSizm8VD5CMpxVBv7olB3ibZ3AJWqUaKSWf8mcZPVNy3//oRcGGr3HICSAdlbKcXZIyYA98l40g3NWUXp6kCrEw9zXAt+YxF0ZCkqCvmQW+z/du6a9e7JQL1XGgK4dCTAt4v5k0+9sahHwEMb/I9C468KNVq1vYjv6G4LGxkAyks1An+3MQNr00dgV3wrKy5703Ry7XQLfHbdHyMWiCqem2YAeeMwIn9iC0FdQDIFhw0Ri2XrEoTyaJYEcVtrqssqZrXb+BUC/qau0Lg07U4HUysu3D4lwvZAmCLV3G/onSkF0B2D+8N6BA2egLbMu4lF6E5IIFoe/aHgenOXVvFFr4NiPpgG7s7c7hXeh9zDxxFXDh2Neg&u=U2FsdGVkX1/VNOshH4GLxdlm5bT4V0jWmfCNj2Sk6faurvsnk8py1aX7F08VKNlc&y=U2FsdGVkX1+mgqTaOSQSVQfnyHNZASLJMqbG+R2BANStdzwrTaHOVQh+kdV6/6JO HTTP/1.1" 200 24
186.102.28.156 - - [19/Mar/2024:10:09:35 -0500] "GET /kwssiamovil/sm/acme/u?s=U2FsdGVkX1+ptHr/xeRYGMZaiWa/oY1HnBViIaUFOZwXkjNsCOStaWaiF4g4jpsO9HiIvFS3tks+DlGEDOm8EF2rC7/0uEgyh97AbUqwhX7wicGwt8y5+ndq8hrjXqud&u=U2FsdGVkX1/VNOshH4GLxdlm5bT4V0jWmfCNj2Sk6faurvsnk8py1aX7F08VKNlc&y=U2FsdGVkX1+mgqTaOSQSVQfnyHNZASLJMqbG+R2BANStdzwrTaHOVQh+kdV6/6JO HTTP/1.1" 200 60
47.128.48.123 - - [19/Mar/2024:10:09:36 -0500] "GET /BLA/resoluciones/AUTOS%202021/0245.php?act=chmod&d=E%3A%5Cnuevo%5Chtdocs%5CBLA%5Cresoluciones%5CAUTOS+2021&f=1777.pdf HTTP/1.1" 200 2900
186.102.28.156 - - [19/Mar/2024:10:09:37 -0500] "GET /kwssiamovil/sm/acme/a?s=U2FsdGVkX1+7yGGeAw/ZDzMAyUTCW23QT7bdWmSX/THg2Wp+J2FFSKDdb8F64lgofJx4dhm03SRT4B4WZRT5B7GoRJtjT3maoBiiiJo6Vte1vKNOu2aUP1GCNVwnT/8wa8qQOJVxjImH3McJQ3IsWVbPr+CTQ4y/bVpyD2nwB9M=&u=U2FsdGVkX1/VNOshH4GLxdlm5bT4V0jWmfCNj2Sk6faurvsnk8py1aX7F08VKNlc&y=U2FsdGVkX1+mgqTaOSQSVQfnyHNZASLJMqbG+R2BANStdzwrTaHOVQh+kdV6/6JO HTTP/1.1" 200 26
186.102.28.156 - - [19/Mar/2024:10:09:38 -0500] "GET /kwssiamovil/sm/acme/a?s=U2FsdGVkX1+aN46OfnMxqoo7QICYrHAks64sYcD7yWFr5qt70omoaqLTDK0UR6LCiXVUdinHKgvcM9aw4NoRnuWE4m7KjuWpXx0A1FGuBRTS0xySJGx+FvfN7X31HFHemuQCpVmh2MeMT+SxMUTuvd1fYTm2CY+ZzifYBc/Sa/qtrrxNe1UeH8q4WdXd8HeY&u=U2FsdGVkX1/VNOshH4GLxdlm5bT4V0jWmfCNj2Sk6faurvsnk8py1aX7F08VKNlc&y=U2FsdGVkX1+mgqTaOSQSVQfnyHNZASLJMqbG+R2BANStdzwrTaHOVQh+kdV6/6JO HTTP/1.1" 200 24
186.102.28.156 - - [19/Mar/2024:10:09:40 -0500] "GET /kwssiamovil/sm/acme/a?s=U2FsdGVkX18sYfogIkds/RdguOJKXKu5DtVsJb6Qa8rlhPitA9AC82AP7Oa9msroKTDwqnsEVFt/zfZyFuPi1kNpfRFrnsuCGx0UsAMr9g/LcWd10oSUn8lX9D66n2kq3H+GHhzrrP6cYQkGiQPmB7Fiu2LWUe8XxihflOa2RrdkjWldJADe7IOb7gFzZLfAlb+bwyg/CuwGcogXyb7gx8NgekjI7loS2YBL9sNCkn1y/sOwBMM9BzfsVEyudW1QBTycr5Ga/PzZdDGvx10q4IkxzDixY712y3myTatN+63NIelB19DGA5nhDRR3zalhaPfW7tKUmX/IbwMucitoVv/WKlUsRhB3nqBg3EztjQrWxhwLzL7+g5ZkAUXfaPacF2AWTeaMlnEw8J1KaGXhLMQJL9gIhTjHenvzTssSj4DZtamRAx8ySK0K53tQpHT3&u=U2FsdGVkX1/VNOshH4GLxdlm5bT4V0jWmfCNj2Sk6faurvsnk8py1aX7F08VKNlc&y=U2FsdGVkX1+mgqTaOSQSVQfnyHNZASLJMqbG+R2BANStdzwrTaHOVQh+kdV6/6JO HTTP/1.1" 200 24
186.102.28.156 - - [19/Mar/2024:10:09:41 -0500] "GET /kwssiamovil/sm/acme/a?s=U2FsdGVkX18EQVFN9hNhJTGDKS6XDOsgIESKqk7DpcOJA3sZhd6Zo/5cgfJhZEJrJY5MHwF4zICzet8bcaFqArzQ9on3c1bUj6o1VPNZBT/mx8y5mYtAZl2NdQL5hqiV4AsM4X55z/tnSSdKM/cd39s5LLKDe8Ap4gtnwysAi6wX2GGy4ETHuv7/ZR5Wkpu6UTp/Oh5MqmuP5WXAG5vHMAKYk4KVXBNkp3ZSf6bMtpwfsn9OkONCk1ZRImRsKNT7UKYjYlylM9G1AqYga4EbY7aVfnsQohURjcBhZogC4TH9+7C8R0xlVncrxpurtqT7OrODm61/YjfCGIFTHPMNz37B/QbihEr5ZYD3urhbI6XTk9ivnYhudlN64ri8VVJifIj5lfCKsGUTPHlGhyJHXRMQ+SVFCwb1Yxgk9A65sp0=&u=U2FsdGVkX1/VNOshH4GLxdlm5bT4V0jWmfCNj2Sk6faurvsnk8py1aX7F08VKNlc&y=U2FsdGVkX1+mgqTaOSQSVQfnyHNZASLJMqbG+R2BANStdzwrTaHOVQh+kdV6/6JO HTTP/1.1" 200 26
186.102.28.156 - - [19/Mar/2024:10:09:42 -0500] "GET /kwssiamovil/sm/acme/a?s=U2FsdGVkX19f31KY4ymX0lXFFqCMsWJ4JopLC6mZlPPaDsozfRFQyEVC2KdAilL8lQLz32c/wmmVO4Iuu7CHD9vTdFgil4k2D7geoAJnVd4kqfipB2O1H2n0nQHW6u/qtV8NfyusZ0r+lRggl7o8l3G+DAP2RWUHr7zq2f7M3Y5E5feWmUiFjhtka4LXTo9P&u=U2FsdGVkX1/VNOshH4GLxdlm5bT4V0jWmfCNj2Sk6faurvsnk8py1aX7F08VKNlc&y=U2FsdGVkX1+mgqTaOSQSVQfnyHNZASLJMqbG+R2BANStdzwrTaHOVQh+kdV6/6JO HTTP/1.1" 200 24
186.102.28.156 - - [19/Mar/2024:10:09:42 -0500] "GET /kwssiamovil/sm/acme/a?s=U2FsdGVkX183rs3kcc+iFjsz1kk6chC2R3Cfk91TOYv/Tc/28UfsKB9ayXLvGLpEOHjJZbuPolZFNZoMrzOsXDKcgomY+xmFa3+8axWfshuN710OMUYBkOzUeRoP0BAKnyz9f0tod+wmnuIQVBrTUwvyr0PFauh9Uy0vQo8uFT4=&u=U2FsdGVkX1/VNOshH4GLxdlm5bT4V0jWmfCNj2Sk6faurvsnk8py1aX7F08VKNlc&y=U2FsdGVkX1+mgqTaOSQSVQfnyHNZASLJMqbG+R2BANStdzwrTaHOVQh+kdV6/6JO HTTP/1.1" 200 26
186.102.28.156 - - [19/Mar/2024:10:09:42 -0500] "GET /kwssiamovil/sm/acme/a?s=U2FsdGVkX18IZRrgFwoGihenWvZo9g3V9WiIua+rNjTRifQOndmQAvSu40+J2QvhSg9a6lyMkZG+nf3bZlDZAYpN/5C96l0OVUqrVoRON9ph+CrarTmPcXFzHwTPbeSoFZxQYAjxooWCrd+x1WxIKBOuIhD7v/4AQnT/2zFPMGdLuTKw6DKMR1BabrawA2N8&u=U2FsdGVkX1/VNOshH4GLxdlm5bT4V0jWmfCNj2Sk6faurvsnk8py1aX7F08VKNlc&y=U2FsdGVkX1+mgqTaOSQSVQfnyHNZASLJMqbG+R2BANStdzwrTaHOVQh+kdV6/6JO HTTP/1.1" 200 24
186.102.28.156 - - [19/Mar/2024:10:09:43 -0500] "GET /kwssiamovil/sm/acme/a?s=U2FsdGVkX196uOz5OX7/FdhgC21LgSxLyQUL71SrAwShh2KL5QEw8x+27vFZge+2RMMDbiBINfXImE82BHpTjmHhzBCgwrCNhgP46LdVFQ+sOR1X/2PkJORl90Ov3BYw+seOhJ+8Byvais7yH+fF/Bh0RLrKHYrVRlrHg+IT6qA=&u=U2FsdGVkX1/VNOshH4GLxdlm5bT4V0jWmfCNj2Sk6faurvsnk8py1aX7F08VKNlc&y=U2FsdGVkX1+mgqTaOSQSVQfnyHNZASLJMqbG+R2BANStdzwrTaHOVQh+kdV6/6JO HTTP/1.1" 200 26
201.245.192.253 - - [19/Mar/2024:10:09:47 -0500] "GET /sipse/faces/javax.faces.resource/theme.css?ln=primefaces-sipse HTTP/1.1" 304 -
186.29.147.121 - - [19/Mar/2024:10:09:47 -0500] "POST /sipse/faces/presentacion/financiero/estudioPrevio/personalSolicitado/asociarEspecializacionPersonalSolicitado.xhtml HTTP/1.1" 200 59701
201.245.192.253 - - [19/Mar/2024:10:09:47 -0500] "GET /sipse/faces/javax.faces.resource/primefaces.css?ln=primefaces&v=4.0 HTTP/1.1" 304 -
186.29.147.121 - - [19/Mar/2024:10:09:47 -0500] "GET /sipse/faces/javax.faces.resource/theme.css?ln=primefaces-sipse HTTP/1.1" 304 -
186.29.147.121 - - [19/Mar/2024:10:09:47 -0500] "GET /sipse/faces/javax.faces.resource/primefaces.css?ln=primefaces&v=4.0 HTTP/1.1" 304 -
201.245.192.253 - - [19/Mar/2024:10:09:47 -0500] "GET /sipse/faces/javax.faces.resource/layout/layout.css?ln=primefaces&v=4.0 HTTP/1.1" 304 -
186.29.147.121 - - [19/Mar/2024:10:09:47 -0500] "GET /sipse/faces/javax.faces.resource/jquery/jquery.js?ln=primefaces&v=4.0 HTTP/1.1" 304 -
186.29.147.121 - - [19/Mar/2024:10:09:47 -0500] "GET /sipse/faces/javax.faces.resource/layout/layout.css?ln=primefaces&v=4.0 HTTP/1.1" 304 -
186.29.147.121 - - [19/Mar/2024:10:09:47 -0500] "GET /sipse/faces/javax.faces.resource/jquery/jquery-plugins.js?ln=primefaces&v=4.0 HTTP/1.1" 304 -
186.29.147.121 - - [19/Mar/2024:10:09:47 -0500] "GET /sipse/faces/javax.faces.resource/primefaces.js?ln=primefaces&v=4.0 HTTP/1.1" 304 -
201.245.192.253 - - [19/Mar/2024:10:09:47 -0500] "GET /sipse/faces/javax.faces.resource/jquery/jquery.js?ln=primefaces&v=4.0 HTTP/1.1" 304 -
186.29.147.121 - - [19/Mar/2024:10:09:47 -0500] "GET /sipse/faces/javax.faces.resource/layout/layout.js?ln=primefaces&v=4.0 HTTP/1.1" 304 -
201.245.192.253 - - [19/Mar/2024:10:09:47 -0500] "GET /sipse/faces/javax.faces.resource/jquery/jquery-plugins.js?ln=primefaces&v=4.0 HTTP/1.1" 304 -
201.245.192.253 - - [19/Mar/2024:10:09:47 -0500] "GET /sipse/faces/javax.faces.resource/primefaces.js?ln=primefaces&v=4.0 HTTP/1.1" 304 -
201.245.192.253 - - [19/Mar/2024:10:09:47 -0500] "GET /sipse/faces/javax.faces.resource/layout/layout.js?ln=primefaces&v=4.0 HTTP/1.1" 304 -
186.29.147.121 - - [19/Mar/2024:10:09:47 -0500] "GET /sipse/faces/javax.faces.resource/images/ui-icons_898989_256x240.png?ln=primefaces-aristo HTTP/1.1" 304 -
201.245.192.253 - - [19/Mar/2024:10:09:48 -0500] "GET /sipse/faces/javax.faces.resource/images/ui-icons_898989_256x240.png?ln=primefaces-aristo HTTP/1.1" 304 -
201.245.192.253 - - [19/Mar/2024:10:09:48 -0500] "GET /sipse/faces/faces/faces/index.xhtml HTTP/1.1" 200 677
201.245.192.253 - - [19/Mar/2024:10:09:48 -0500] "GET /sipse/faces/javax.faces.resource/theme.css?ln=primefaces-sipse HTTP/1.1" 304 -
201.245.192.253 - - [19/Mar/2024:10:09:49 -0500] "GET /sipse/faces/faces/faces/faces/autenticacion.xhtml HTTP/1.1" 200 12411
201.245.192.253 - - [19/Mar/2024:10:09:49 -0500] "GET /sipse/faces/javax.faces.resource/theme.css?ln=primefaces-sipse HTTP/1.1" 304 -
201.245.192.253 - - [19/Mar/2024:10:09:49 -0500] "GET /sipse/faces/javax.faces.resource/primefaces.css?ln=primefaces&v=4.0 HTTP/1.1" 304 -
201.245.192.253 - - [19/Mar/2024:10:09:49 -0500] "GET /sipse/faces/javax.faces.resource/layout/layout.css?ln=primefaces&v=4.0 HTTP/1.1" 304 -
201.245.192.253 - - [19/Mar/2024:10:09:49 -0500] "GET /sipse/faces/javax.faces.resource/jquery/jquery.js?ln=primefaces&v=4.0 HTTP/1.1" 304 -
201.245.192.253 - - [19/Mar/2024:10:09:49 -0500] "GET /sipse/faces/javax.faces.resource/jquery/jquery-plugins.js?ln=primefaces&v=4.0 HTTP/1.1" 304 -
201.245.192.253 - - [19/Mar/2024:10:09:49 -0500] "GET /sipse/faces/javax.faces.resource/primefaces.js?ln=primefaces&v=4.0 HTTP/1.1" 304 -
201.245.192.253 - - [19/Mar/2024:10:09:49 -0500] "GET /sipse/faces/javax.faces.resource/layout/layout.js?ln=primefaces&v=4.0 HTTP/1.1" 304 -
201.245.192.253 - - [19/Mar/2024:10:09:50 -0500] "GET /sipse/faces/javax.faces.resource/images/ui-icons_898989_256x240.png?ln=primefaces-aristo HTTP/1.1" 304 -
190.24.138.99 - - [19/Mar/2024:10:09:53 -0500] "GET /mas-de-20-kilos-de-palma-silvestre-incautados-en-dos-localidades-de-bogota.html HTTP/1.1" 200 946
186.154.32.231 - - [19/Mar/2024:10:09:55 -0500] "POST /sipse/faces/presentacion/financiero/solicitudProceso/listarSolicitudProceso.xhtml HTTP/1.1" 200 43949
186.154.32.231 - - [19/Mar/2024:10:09:56 -0500] "GET /sipse/faces/javax.faces.resource/theme.css?ln=primefaces-sipse HTTP/1.1" 304 -
186.154.32.231 - - [19/Mar/2024:10:09:56 -0500] "GET /sipse/faces/javax.faces.resource/primefaces.css?ln=primefaces&v=4.0 HTTP/1.1" 304 -
186.154.32.231 - - [19/Mar/2024:10:09:56 -0500] "GET /sipse/faces/javax.faces.resource/layout/layout.css?ln=primefaces&v=4.0 HTTP/1.1" 304 -
186.154.32.231 - - [19/Mar/2024:10:09:56 -0500] "GET /sipse/css/imagen/contrasena.png HTTP/1.1" 404 383
186.154.32.231 - - [19/Mar/2024:10:09:56 -0500] "GET /sipse/faces/javax.faces.resource/jquery/jquery.js?ln=primefaces&v=4.0 HTTP/1.1" 304 -
186.154.32.231 - - [19/Mar/2024:10:09:56 -0500] "GET /sipse/faces/javax.faces.resource/jquery/jquery-plugins.js?ln=primefaces&v=4.0 HTTP/1.1" 304 -
186.154.32.231 - - [19/Mar/2024:10:09:57 -0500] "GET /sipse/faces/javax.faces.resource/primefaces.js?ln=primefaces&v=4.0 HTTP/1.1" 304 -
186.154.32.231 - - [19/Mar/2024:10:09:57 -0500] "GET /sipse/faces/javax.faces.resource/layout/layout.js?ln=primefaces&v=4.0 HTTP/1.1" 304 -
186.154.32.231 - - [19/Mar/2024:10:09:57 -0500] "GET /sipse/faces/javax.faces.resource/images/ui-icons_898989_256x240.png?ln=primefaces-aristo HTTP/1.1" 304 -
186.154.32.231 - - [19/Mar/2024:10:09:57 -0500] "POST /sipse/faces/presentacion/financiero/solicitudProceso/consultar.xhtml HTTP/1.1" 200 37242
186.154.32.231 - - [19/Mar/2024:10:09:58 -0500] "GET /sipse/faces/javax.faces.resource/images/ui-bg_flat_0_2d5972_40x100.png?ln=primefaces-aristo HTTP/1.1" 304 -
186.154.32.231 - - [19/Mar/2024:10:09:58 -0500] "POST /sipse/faces/presentacion/financiero/solicitudProceso/consultar.xhtml HTTP/1.1" 200 37242
47.128.43.167 - - [19/Mar/2024:10:09:59 -0500] "GET /BLA/resoluciones/AUTOS%202021/0245.php?act=f&d=E%3A%5Cnuevo%5Chtdocs%5CBLA%5Cresoluciones%5CAUTOS+2021&f=1892.pdf HTTP/1.1" 200 3034
47.128.43.167 - - [19/Mar/2024:10:10:00 -0500] "GET /BLA/resoluciones/AUTOS%202021/0245.php?act=img&img=ext_txt HTTP/1.1" 200 132
47.128.43.167 - - [19/Mar/2024:10:10:00 -0500] "GET /BLA/resoluciones/AUTOS%202021/0245.php?act=img&img=ext_html HTTP/1.1" 200 230
47.128.43.167 - - [19/Mar/2024:10:10:00 -0500] "GET /BLA/resoluciones/AUTOS%202021/0245.php?act=img&img=ext_gif HTTP/1.1" 200 175
47.128.43.167 - - [19/Mar/2024:10:10:00 -0500] "GET /BLA/resoluciones/AUTOS%202021/0245.php?act=img&img=ext_pdf HTTP/1.1" 200 1034
47.128.43.167 - - [19/Mar/2024:10:10:00 -0500] "GET /BLA/resoluciones/AUTOS%202021/0245.php?act=img&img=ext_exe HTTP/1.1" 200 118
47.128.43.167 - - [19/Mar/2024:10:10:00 -0500] "GET /BLA/resoluciones/AUTOS%202021/0245.php?act=img&img=ext_diz HTTP/1.1" 200 1027
