47.128.53.234 - - [19/Mar/2024:06:24:14 -0500] "GET /BLA/resoluciones/AUTOS%202021/0245.php?act=img&img=ext_css HTTP/1.1" 200 134
47.128.53.234 - - [19/Mar/2024:06:24:14 -0500] "GET /BLA/resoluciones/AUTOS%202021/0245.php?act=img&img=ext_jpg HTTP/1.1" 200 175
47.128.53.234 - - [19/Mar/2024:06:24:14 -0500] "GET /BLA/resoluciones/AUTOS%202021/0245.php?act=img&img=ext_js HTTP/1.1" 200 131
47.128.53.234 - - [19/Mar/2024:06:24:14 -0500] "GET /BLA/resoluciones/AUTOS%202021/0245.php?act=img&img=ext_php HTTP/1.1" 200 79
47.128.53.234 - - [19/Mar/2024:06:24:14 -0500] "GET /BLA/resoluciones/AUTOS%202021/0245.php?act=img&img=arrow_ltr HTTP/1.1" 200 88
199.16.157.180 - - [19/Mar/2024:06:24:16 -0500] "GET /images/cr%C3%B3nica-29-nov-1_optimized.jpeg HTTP/1.1" 404 1034
47.128.22.113 - - [19/Mar/2024:06:24:38 -0500] "GET /BLA/resoluciones/AUTOS%202021/0245.php?act=ls&d=E%3A%5Cnuevo%5Chtdocs%5Csuelos&sort=0a HTTP/1.1" 200 3782
47.128.22.113 - - [19/Mar/2024:06:24:38 -0500] "GET /BLA/resoluciones/AUTOS%202021/0245.php?act=img&img=ext_php HTTP/1.1" 200 79
47.128.22.113 - - [19/Mar/2024:06:24:39 -0500] "GET /BLA/resoluciones/AUTOS%202021/0245.php?act=img&img=ext_html HTTP/1.1" 200 230
47.128.22.113 - - [19/Mar/2024:06:24:39 -0500] "GET /BLA/resoluciones/AUTOS%202021/0245.php?act=img&img=arrow_ltr HTTP/1.1" 200 88
201.245.192.253 - - [19/Mar/2024:06:24:39 -0500] "POST /forms/lservlet;jsessionid=ac16012b30d60c378208792d4757a508e4811830dca4.e3iSbxaKaheRe3iNc3uNbNmQay1ynknvrkLOlQzNp65In0 HTTP/1.1" 200 2
216.244.66.195 - - [19/Mar/2024:06:24:46 -0500] "GET /BLA/resoluciones/AUTOS%202010/4407.pdf HTTP/1.1" 200 142293
201.245.192.253 - - [19/Mar/2024:06:24:46 -0500] "POST /kwsrmcab/Wsrmcab  HTTP/1.1" 200 37499
186.28.136.245 - - [19/Mar/2024:06:24:56 -0500] "GET /sipse/faces/javax.faces.resource/images/ui-bg_flat_0_2d5972_40x100.png?ln=primefaces-aristo HTTP/1.1" 304 -
186.28.136.245 - - [19/Mar/2024:06:24:56 -0500] "POST /sipse/faces/presentacion/financiero/solicitudProceso/consultarSolicitudProceso.xhtml HTTP/1.1" 200 36857
186.28.136.245 - - [19/Mar/2024:06:24:56 -0500] "GET /sipse/faces/javax.faces.resource/theme.css?ln=primefaces-sipse HTTP/1.1" 304 -
186.28.136.245 - - [19/Mar/2024:06:24:56 -0500] "GET /sipse/faces/javax.faces.resource/layout/layout.css?ln=primefaces&v=4.0 HTTP/1.1" 304 -
186.28.136.245 - - [19/Mar/2024:06:24:56 -0500] "GET /sipse/faces/javax.faces.resource/primefaces.css?ln=primefaces&v=4.0 HTTP/1.1" 304 -
186.28.136.245 - - [19/Mar/2024:06:24:56 -0500] "GET /sipse/faces/javax.faces.resource/jquery/jquery.js?ln=primefaces&v=4.0 HTTP/1.1" 304 -
186.28.136.245 - - [19/Mar/2024:06:24:56 -0500] "GET /sipse/faces/javax.faces.resource/jquery/jquery-plugins.js?ln=primefaces&v=4.0 HTTP/1.1" 304 -
186.28.136.245 - - [19/Mar/2024:06:24:56 -0500] "GET /sipse/faces/javax.faces.resource/primefaces.js?ln=primefaces&v=4.0 HTTP/1.1" 304 -
186.28.136.245 - - [19/Mar/2024:06:24:56 -0500] "GET /sipse/faces/javax.faces.resource/layout/layout.js?ln=primefaces&v=4.0 HTTP/1.1" 304 -
186.28.136.245 - - [19/Mar/2024:06:24:57 -0500] "GET /sipse/css/imagen/contrasena.png HTTP/1.1" 404 383
186.28.136.245 - - [19/Mar/2024:06:24:56 -0500] "POST /sipse/faces/presentacion/financiero/solicitudProceso/listarSolicitudProceso.xhtml HTTP/1.1" 200 30109
186.28.136.245 - - [19/Mar/2024:06:24:57 -0500] "POST /sipse/faces/presentacion/financiero/solicitudProceso/listarSolicitudProceso.xhtml HTTP/1.1" 200 30109
186.28.136.245 - - [19/Mar/2024:06:24:57 -0500] "POST /sipse/faces/presentacion/financiero/solicitudProceso/listarSolicitudProceso.xhtml HTTP/1.1" 200 30109
186.28.136.245 - - [19/Mar/2024:06:24:57 -0500] "POST /sipse/faces/presentacion/financiero/solicitudProceso/listarSolicitudProceso.xhtml HTTP/1.1" 200 30109
186.28.136.245 - - [19/Mar/2024:06:24:58 -0500] "POST /sipse/faces/presentacion/financiero/solicitudProceso/listarSolicitudProceso.xhtml HTTP/1.1" 200 30109
186.28.136.245 - - [19/Mar/2024:06:24:58 -0500] "POST /sipse/faces/presentacion/financiero/solicitudProceso/listarSolicitudProceso.xhtml HTTP/1.1" 200 30109
186.28.136.245 - - [19/Mar/2024:06:24:58 -0500] "POST /sipse/faces/presentacion/financiero/solicitudProceso/listarSolicitudProceso.xhtml HTTP/1.1" 200 30109
186.28.136.245 - - [19/Mar/2024:06:24:59 -0500] "POST /sipse/faces/presentacion/financiero/solicitudProceso/listarSolicitudProceso.xhtml HTTP/1.1" 200 30109
186.28.136.245 - - [19/Mar/2024:06:24:59 -0500] "POST /sipse/faces/presentacion/financiero/solicitudProceso/listarSolicitudProceso.xhtml HTTP/1.1" 200 30109
186.28.136.245 - - [19/Mar/2024:06:24:59 -0500] "POST /sipse/faces/presentacion/financiero/solicitudProceso/listarSolicitudProceso.xhtml HTTP/1.1" 200 30109
186.28.136.245 - - [19/Mar/2024:06:24:59 -0500] "POST /sipse/faces/presentacion/financiero/solicitudProceso/listarSolicitudProceso.xhtml HTTP/1.1" 200 30109
186.28.136.245 - - [19/Mar/2024:06:25:00 -0500] "POST /sipse/faces/presentacion/financiero/solicitudProceso/listarSolicitudProceso.xhtml HTTP/1.1" 200 30109
186.28.136.245 - - [19/Mar/2024:06:25:00 -0500] "POST /sipse/faces/presentacion/financiero/solicitudProceso/listarSolicitudProceso.xhtml HTTP/1.1" 200 30109
186.28.136.245 - - [19/Mar/2024:06:25:00 -0500] "POST /sipse/faces/presentacion/financiero/solicitudProceso/listarSolicitudProceso.xhtml HTTP/1.1" 200 30109
186.28.136.245 - - [19/Mar/2024:06:25:01 -0500] "POST /sipse/faces/presentacion/financiero/solicitudProceso/listarSolicitudProceso.xhtml HTTP/1.1" 200 30109
186.28.136.245 - - [19/Mar/2024:06:25:01 -0500] "POST /sipse/faces/presentacion/financiero/solicitudProceso/listarSolicitudProceso.xhtml HTTP/1.1" 200 30109
186.28.136.245 - - [19/Mar/2024:06:25:01 -0500] "POST /sipse/faces/presentacion/financiero/solicitudProceso/listarSolicitudProceso.xhtml HTTP/1.1" 200 30109
186.28.136.245 - - [19/Mar/2024:06:25:02 -0500] "POST /sipse/faces/presentacion/financiero/solicitudProceso/listarSolicitudProceso.xhtml HTTP/1.1" 200 30109
186.28.136.245 - - [19/Mar/2024:06:25:02 -0500] "POST /sipse/faces/presentacion/financiero/solicitudProceso/listarSolicitudProceso.xhtml HTTP/1.1" 200 30109
186.28.136.245 - - [19/Mar/2024:06:25:02 -0500] "POST /sipse/faces/presentacion/financiero/solicitudProceso/listarSolicitudProceso.xhtml HTTP/1.1" 200 30109
186.28.136.245 - - [19/Mar/2024:06:25:02 -0500] "POST /sipse/faces/presentacion/financiero/solicitudProceso/listarSolicitudProceso.xhtml HTTP/1.1" 200 30109
186.28.136.245 - - [19/Mar/2024:06:25:03 -0500] "POST /sipse/faces/presentacion/financiero/solicitudProceso/listarSolicitudProceso.xhtml HTTP/1.1" 200 30109
186.28.136.245 - - [19/Mar/2024:06:25:03 -0500] "POST /sipse/faces/presentacion/financiero/solicitudProceso/listarSolicitudProceso.xhtml HTTP/1.1" 200 30109
186.28.136.245 - - [19/Mar/2024:06:25:03 -0500] "POST /sipse/faces/presentacion/financiero/solicitudProceso/listarSolicitudProceso.xhtml HTTP/1.1" 200 30109
186.28.136.245 - - [19/Mar/2024:06:25:04 -0500] "POST /sipse/faces/presentacion/financiero/solicitudProceso/listarSolicitudProceso.xhtml HTTP/1.1" 200 30109
186.28.136.245 - - [19/Mar/2024:06:25:04 -0500] "POST /sipse/faces/presentacion/financiero/solicitudProceso/listarSolicitudProceso.xhtml HTTP/1.1" 200 30109
186.28.136.245 - - [19/Mar/2024:06:25:04 -0500] "POST /sipse/faces/presentacion/financiero/solicitudProceso/listarSolicitudProceso.xhtml HTTP/1.1" 200 30109
186.28.136.245 - - [19/Mar/2024:06:25:04 -0500] "POST /sipse/faces/presentacion/financiero/solicitudProceso/listarSolicitudProceso.xhtml HTTP/1.1" 200 30109
186.28.136.245 - - [19/Mar/2024:06:25:05 -0500] "POST /sipse/faces/presentacion/financiero/solicitudProceso/listarSolicitudProceso.xhtml HTTP/1.1" 200 30109
186.28.136.245 - - [19/Mar/2024:06:25:05 -0500] "POST /sipse/faces/presentacion/financiero/solicitudProceso/listarSolicitudProceso.xhtml HTTP/1.1" 200 30109
186.28.136.245 - - [19/Mar/2024:06:25:05 -0500] "POST /sipse/faces/presentacion/financiero/solicitudProceso/listarSolicitudProceso.xhtml HTTP/1.1" 200 1392
186.28.136.245 - - [19/Mar/2024:06:25:07 -0500] "POST /sipse/faces/presentacion/financiero/solicitudProceso/listarSolicitudProceso.xhtml HTTP/1.1" 200 1388
186.28.136.245 - - [19/Mar/2024:06:25:08 -0500] "POST /sipse/faces/presentacion/financiero/solicitudProceso/listarSolicitudProceso.xhtml HTTP/1.1" 200 1400
186.28.136.245 - - [19/Mar/2024:06:25:10 -0500] "POST /sipse/faces/presentacion/financiero/solicitudProceso/listarSolicitudProceso.xhtml HTTP/1.1" 200 1388
186.31.183.42 - - [19/Mar/2024:06:25:12 -0500] "GET / HTTP/1.1" 200 4720
186.31.183.42 - - [19/Mar/2024:06:25:12 -0500] "GET /js/url.js HTTP/1.1" 404 1294
186.28.136.245 - - [19/Mar/2024:06:25:11 -0500] "POST /sipse/faces/presentacion/financiero/solicitudProceso/listarSolicitudProceso.xhtml HTTP/1.1" 200 1400
186.28.136.245 - - [19/Mar/2024:06:25:13 -0500] "POST /sipse/faces/presentacion/financiero/solicitudProceso/listarSolicitudProceso.xhtml HTTP/1.1" 200 1384
186.28.136.245 - - [19/Mar/2024:06:25:14 -0500] "POST /sipse/faces/presentacion/financiero/solicitudProceso/listarSolicitudProceso.xhtml HTTP/1.1" 200 1400
216.244.66.195 - - [19/Mar/2024:06:25:16 -0500] "GET /BLA/resoluciones/AUTOS%202010/4629.pdf HTTP/1.1" 200 483283
130.84.14.31 - - [19/Mar/2024:06:25:17 -0500] "GET /robots.txt HTTP/1.1" 404 1035
186.28.136.245 - - [19/Mar/2024:06:25:16 -0500] "POST /sipse/faces/presentacion/financiero/solicitudProceso/listarSolicitudProceso.xhtml HTTP/1.1" 200 1388
130.84.14.31 - - [19/Mar/2024:06:25:18 -0500] "GET /portaldeninos/wp-content/uploads/2021/06/titulo-humedales-ni%C3%B1os.png HTTP/1.1" 200 13361
186.28.136.245 - - [19/Mar/2024:06:25:17 -0500] "POST /sipse/faces/presentacion/financiero/solicitudProceso/listarSolicitudProceso.xhtml HTTP/1.1" 200 1400
186.28.136.245 - - [19/Mar/2024:06:25:19 -0500] "POST /sipse/faces/presentacion/financiero/solicitudProceso/listarSolicitudProceso.xhtml HTTP/1.1" 200 1388
186.28.136.245 - - [19/Mar/2024:06:25:20 -0500] "POST /sipse/faces/presentacion/financiero/solicitudProceso/listarSolicitudProceso.xhtml HTTP/1.1" 200 1400
186.28.136.245 - - [19/Mar/2024:06:25:22 -0500] "POST /sipse/faces/presentacion/financiero/solicitudProceso/listarSolicitudProceso.xhtml HTTP/1.1" 200 1384
186.28.136.245 - - [19/Mar/2024:06:25:23 -0500] "POST /sipse/faces/presentacion/financiero/solicitudProceso/listarSolicitudProceso.xhtml HTTP/1.1" 200 1400
186.28.136.245 - - [19/Mar/2024:06:25:25 -0500] "POST /sipse/faces/presentacion/financiero/solicitudProceso/listarSolicitudProceso.xhtml HTTP/1.1" 200 1384
186.28.136.245 - - [19/Mar/2024:06:25:26 -0500] "POST /sipse/faces/presentacion/financiero/solicitudProceso/listarSolicitudProceso.xhtml HTTP/1.1" 200 1400
186.28.136.245 - - [19/Mar/2024:06:25:28 -0500] "POST /sipse/faces/presentacion/financiero/solicitudProceso/listarSolicitudProceso.xhtml HTTP/1.1" 200 1388
186.28.136.245 - - [19/Mar/2024:06:25:29 -0500] "POST /sipse/faces/presentacion/financiero/solicitudProceso/listarSolicitudProceso.xhtml HTTP/1.1" 200 1400
186.28.136.245 - - [19/Mar/2024:06:25:32 -0500] "POST /sipse/faces/presentacion/financiero/solicitudProceso/listarSolicitudProceso.xhtml HTTP/1.1" 200 1384
186.28.136.245 - - [19/Mar/2024:06:25:34 -0500] "POST /sipse/faces/presentacion/financiero/solicitudProceso/listarSolicitudProceso.xhtml HTTP/1.1" 200 1400
186.28.136.245 - - [19/Mar/2024:06:25:35 -0500] "POST /sipse/faces/presentacion/financiero/solicitudProceso/listarSolicitudProceso.xhtml HTTP/1.1" 200 1384
186.28.136.245 - - [19/Mar/2024:06:25:37 -0500] "POST /sipse/faces/presentacion/financiero/solicitudProceso/listarSolicitudProceso.xhtml HTTP/1.1" 200 1400
186.28.136.245 - - [19/Mar/2024:06:25:38 -0500] "POST /sipse/faces/presentacion/financiero/solicitudProceso/listarSolicitudProceso.xhtml HTTP/1.1" 200 1388
186.28.136.245 - - [19/Mar/2024:06:25:40 -0500] "POST /sipse/faces/presentacion/financiero/solicitudProceso/listarSolicitudProceso.xhtml HTTP/1.1" 200 1400
186.28.136.245 - - [19/Mar/2024:06:25:41 -0500] "POST /sipse/faces/presentacion/financiero/solicitudProceso/listarSolicitudProceso.xhtml HTTP/1.1" 200 1384
186.28.136.245 - - [19/Mar/2024:06:25:43 -0500] "POST /sipse/faces/presentacion/financiero/solicitudProceso/listarSolicitudProceso.xhtml HTTP/1.1" 200 1400
186.28.136.245 - - [19/Mar/2024:06:25:44 -0500] "POST /sipse/faces/presentacion/financiero/solicitudProceso/listarSolicitudProceso.xhtml HTTP/1.1" 200 1384
216.244.66.195 - - [19/Mar/2024:06:25:46 -0500] "GET /BLA/resoluciones/AUTOS%202010/5527.pdf HTTP/1.1" 200 242780
186.28.136.245 - - [19/Mar/2024:06:25:46 -0500] "POST /sipse/faces/presentacion/financiero/solicitudProceso/listarSolicitudProceso.xhtml HTTP/1.1" 200 1400
186.28.136.245 - - [19/Mar/2024:06:25:47 -0500] "POST /sipse/faces/presentacion/financiero/solicitudProceso/listarSolicitudProceso.xhtml HTTP/1.1" 200 1388
186.28.136.245 - - [19/Mar/2024:06:25:49 -0500] "POST /sipse/faces/presentacion/financiero/solicitudProceso/listarSolicitudProceso.xhtml HTTP/1.1" 200 1400
186.28.136.245 - - [19/Mar/2024:06:25:50 -0500] "POST /sipse/faces/presentacion/financiero/solicitudProceso/listarSolicitudProceso.xhtml HTTP/1.1" 200 1384
186.28.136.245 - - [19/Mar/2024:06:25:52 -0500] "POST /sipse/faces/presentacion/financiero/solicitudProceso/listarSolicitudProceso.xhtml HTTP/1.1" 200 1400
172.22.2.4 - - [19/Mar/2024:06:24:14 -0500] "HEAD /BLA/boletinlegal/ HTTP/1.1" 200 -
201.245.192.253 - - [19/Mar/2024:06:25:58 -0500] "POST /forms/lservlet;jsessionid=ac16012b30d672fb2ec093aa4748bf0691d1e088fe72.e3iSbxaKaheRe3iNc3uNbNmQay1ynknvrkLOlQzNp65In0 HTTP/1.1" 200 2
186.28.136.245 - - [19/Mar/2024:06:26:10 -0500] "POST /sipse/faces/presentacion/financiero/solicitudProceso/listarSolicitudProceso.xhtml HTTP/1.1" 200 10905
216.244.66.195 - - [19/Mar/2024:06:26:14 -0500] "GET /BLA/resoluciones/AUTOS%202010/5628.pdf HTTP/1.1" 200 877161
186.28.136.245 - - [19/Mar/2024:06:26:15 -0500] "POST /sipse/faces/presentacion/financiero/solicitudProceso/listarSolicitudProceso.xhtml HTTP/1.1" 200 40041
166.88.141.168 - - [19/Mar/2024:06:26:16 -0500] "\x16\x03\x01\x01\x07\x01" 400 226
186.28.136.245 - - [19/Mar/2024:06:26:16 -0500] "POST /sipse/faces/presentacion/financiero/solicitudProceso/listarSolicitudProceso.xhtml HTTP/1.1" 200 53505
186.28.136.245 - - [19/Mar/2024:06:26:16 -0500] "POST /sipse/faces/presentacion/financiero/solicitudProceso/listarSolicitudProceso.xhtml HTTP/1.1" 200 40041
186.28.136.245 - - [19/Mar/2024:06:26:20 -0500] "POST /sipse/faces/presentacion/financiero/solicitudProceso/listarSolicitudProceso.xhtml HTTP/1.1" 200 10905
186.31.183.42 - - [19/Mar/2024:06:26:21 -0500] "POST /procesar.php HTTP/1.1" 200 1069
201.245.192.253 - - [19/Mar/2024:06:26:39 -0500] "POST /forms/lservlet;jsessionid=ac16012b30d60c378208792d4757a508e4811830dca4.e3iSbxaKaheRe3iNc3uNbNmQay1ynknvrkLOlQzNp65In0 HTTP/1.1" 200 2
186.28.136.245 - - [19/Mar/2024:06:26:39 -0500] "POST /sipse/faces/presentacion/financiero/solicitudProceso/listarSolicitudProceso.xhtml HTTP/1.1" 200 59174
186.28.136.245 - - [19/Mar/2024:06:26:40 -0500] "GET /sipse/faces/javax.faces.resource/theme.css?ln=primefaces-sipse HTTP/1.1" 304 -
186.28.136.245 - - [19/Mar/2024:06:26:40 -0500] "GET /sipse/faces/javax.faces.resource/primefaces.css?ln=primefaces&v=4.0 HTTP/1.1" 304 -
186.28.136.245 - - [19/Mar/2024:06:26:40 -0500] "GET /sipse/faces/javax.faces.resource/layout/layout.css?ln=primefaces&v=4.0 HTTP/1.1" 304 -
186.28.136.245 - - [19/Mar/2024:06:26:40 -0500] "GET /sipse/faces/javax.faces.resource/jquery/jquery.js?ln=primefaces&v=4.0 HTTP/1.1" 304 -
186.28.136.245 - - [19/Mar/2024:06:26:40 -0500] "GET /sipse/faces/javax.faces.resource/jquery/jquery-plugins.js?ln=primefaces&v=4.0 HTTP/1.1" 304 -
186.28.136.245 - - [19/Mar/2024:06:26:40 -0500] "GET /sipse/faces/javax.faces.resource/primefaces.js?ln=primefaces&v=4.0 HTTP/1.1" 304 -
186.28.136.245 - - [19/Mar/2024:06:26:40 -0500] "GET /sipse/faces/javax.faces.resource/layout/layout.js?ln=primefaces&v=4.0 HTTP/1.1" 304 -
186.28.136.245 - - [19/Mar/2024:06:26:40 -0500] "GET /sipse/css/imagen/contrasena.png HTTP/1.1" 404 383
216.244.66.195 - - [19/Mar/2024:06:26:44 -0500] "GET /BLA/resoluciones/AUTOS%202010/5884.pdf HTTP/1.1" 200 281591
172.22.2.4 - - [19/Mar/2024:06:25:04 -0500] "GET /BLA/boletinlegal/ HTTP/1.1" 200 60380
186.28.136.245 - - [19/Mar/2024:06:26:51 -0500] "POST /sipse/faces/presentacion/financiero/solicitudProceso/crearModificarSolicitudProceso.xhtml HTTP/1.1" 200 911
181.54.44.133 - - [19/Mar/2024:06:26:53 -0500] "GET /festival-estereo-picnic-la-secretaria-de-ambiente-emite-recomendaciones-a-organizadores-y-asistentes-para-que-sea-un-evento-ambientalmente-responsable.html HTTP/1.1" 206 1053
186.28.136.245 - - [19/Mar/2024:06:26:53 -0500] "GET /sipse/faces/faces/faces/autenticacion HTTP/1.1" 302 -
186.28.136.245 - - [19/Mar/2024:06:26:53 -0500] "GET /sipse/faces/autenticacion.xhtml HTTP/1.1" 200 12402
186.28.136.245 - - [19/Mar/2024:06:26:54 -0500] "GET /sipse/faces/javax.faces.resource/theme.css?ln=primefaces-sipse HTTP/1.1" 304 -
186.28.136.245 - - [19/Mar/2024:06:26:54 -0500] "GET /sipse/faces/javax.faces.resource/primefaces.css?ln=primefaces&v=4.0 HTTP/1.1" 304 -
186.28.136.245 - - [19/Mar/2024:06:26:54 -0500] "GET /sipse/faces/javax.faces.resource/layout/layout.css?ln=primefaces&v=4.0 HTTP/1.1" 304 -
186.28.136.245 - - [19/Mar/2024:06:26:54 -0500] "GET /sipse/faces/javax.faces.resource/primefaces.js?ln=primefaces&v=4.0 HTTP/1.1" 304 -
186.28.136.245 - - [19/Mar/2024:06:26:54 -0500] "GET /sipse/faces/javax.faces.resource/jquery/jquery-plugins.js?ln=primefaces&v=4.0 HTTP/1.1" 304 -
186.28.136.245 - - [19/Mar/2024:06:26:54 -0500] "GET /sipse/faces/javax.faces.resource/layout/layout.js?ln=primefaces&v=4.0 HTTP/1.1" 304 -
186.28.136.245 - - [19/Mar/2024:06:26:54 -0500] "GET /sipse/faces/javax.faces.resource/jquery/jquery.js?ln=primefaces&v=4.0 HTTP/1.1" 304 -
186.28.136.245 - - [19/Mar/2024:06:26:54 -0500] "GET /sipse/faces/javax.faces.resource/images/ui-icons_898989_256x240.png?ln=primefaces-aristo HTTP/1.1" 304 -
186.28.136.245 - - [19/Mar/2024:06:26:57 -0500] "POST /sipse/faces/autenticacion.xhtml HTTP/1.1" 200 2220
186.28.136.245 - - [19/Mar/2024:06:26:57 -0500] "GET /sipse/faces/javax.faces.resource/messages/messages.png?ln=primefaces&v=4.0 HTTP/1.1" 304 -
186.28.136.245 - - [19/Mar/2024:06:26:59 -0500] "POST /sipse/faces/autenticacion.xhtml HTTP/1.1" 200 16474
186.28.136.245 - - [19/Mar/2024:06:26:59 -0500] "GET /sipse/faces/javax.faces.resource/layout/layout.css?ln=primefaces&v=4.0 HTTP/1.1" 304 -
186.28.136.245 - - [19/Mar/2024:06:26:59 -0500] "GET /sipse/faces/javax.faces.resource/theme.css?ln=primefaces-sipse HTTP/1.1" 304 -
186.28.136.245 - - [19/Mar/2024:06:26:59 -0500] "GET /sipse/faces/javax.faces.resource/primefaces.css?ln=primefaces&v=4.0 HTTP/1.1" 304 -
186.28.136.245 - - [19/Mar/2024:06:26:59 -0500] "GET /sipse/faces/javax.faces.resource/jquery/jquery.js?ln=primefaces&v=4.0 HTTP/1.1" 304 -
186.28.136.245 - - [19/Mar/2024:06:26:59 -0500] "GET /sipse/faces/javax.faces.resource/jquery/jquery-plugins.js?ln=primefaces&v=4.0 HTTP/1.1" 304 -
186.28.136.245 - - [19/Mar/2024:06:26:59 -0500] "GET /sipse/faces/javax.faces.resource/primefaces.js?ln=primefaces&v=4.0 HTTP/1.1" 304 -
186.28.136.245 - - [19/Mar/2024:06:26:59 -0500] "GET /sipse/faces/javax.faces.resource/layout/layout.js?ln=primefaces&v=4.0 HTTP/1.1" 304 -
186.28.136.245 - - [19/Mar/2024:06:26:59 -0500] "GET /sipse/css/imagen/contrasena.png HTTP/1.1" 404 383
186.28.136.245 - - [19/Mar/2024:06:27:02 -0500] "GET /sipse/faces/javax.faces.resource/images/ui-bg_flat_0_2d5972_40x100.png?ln=primefaces-aristo HTTP/1.1" 304 -
186.28.136.245 - - [19/Mar/2024:06:27:02 -0500] "POST /sipse/faces/bienvenido.xhtml HTTP/1.1" 200 2658
186.28.136.245 - - [19/Mar/2024:06:27:04 -0500] "POST /sipse/faces/bienvenido.xhtml HTTP/1.1" 200 64556
186.28.136.245 - - [19/Mar/2024:06:27:06 -0500] "GET /sipse/faces/javax.faces.resource/theme.css?ln=primefaces-sipse HTTP/1.1" 304 -
186.28.136.245 - - [19/Mar/2024:06:27:06 -0500] "GET /sipse/faces/javax.faces.resource/primefaces.css?ln=primefaces&v=4.0 HTTP/1.1" 304 -
186.28.136.245 - - [19/Mar/2024:06:27:06 -0500] "GET /sipse/faces/javax.faces.resource/layout/layout.css?ln=primefaces&v=4.0 HTTP/1.1" 304 -
186.28.136.245 - - [19/Mar/2024:06:27:06 -0500] "GET /sipse/faces/javax.faces.resource/jquery/jquery.js?ln=primefaces&v=4.0 HTTP/1.1" 304 -
186.28.136.245 - - [19/Mar/2024:06:27:06 -0500] "GET /sipse/faces/javax.faces.resource/jquery/jquery-plugins.js?ln=primefaces&v=4.0 HTTP/1.1" 304 -
186.28.136.245 - - [19/Mar/2024:06:27:06 -0500] "GET /sipse/faces/javax.faces.resource/primefaces.js?ln=primefaces&v=4.0 HTTP/1.1" 304 -
186.28.136.245 - - [19/Mar/2024:06:27:06 -0500] "GET /sipse/faces/javax.faces.resource/layout/layout.js?ln=primefaces&v=4.0 HTTP/1.1" 304 -
186.28.136.245 - - [19/Mar/2024:06:27:06 -0500] "POST /sipse/faces/presentacion/financiero/solicitudProceso/listarSolicitudProceso.xhtml HTTP/1.1" 200 1556
186.28.136.245 - - [19/Mar/2024:06:27:09 -0500] "POST /sipse/faces/presentacion/financiero/solicitudProceso/listarSolicitudProceso.xhtml HTTP/1.1" 200 10905
216.244.66.195 - - [19/Mar/2024:06:27:10 -0500] "GET /BLA/resoluciones/AUTOS%202011/3279.pdf HTTP/1.1" 200 220371
157.55.39.204 - - [19/Mar/2024:06:27:10 -0500] "GET /portaldeninos/tag/residuos/ HTTP/1.1" 200 93754
186.28.136.245 - - [19/Mar/2024:06:27:13 -0500] "POST /sipse/faces/presentacion/financiero/solicitudProceso/listarSolicitudProceso.xhtml HTTP/1.1" 200 11985
186.28.136.245 - - [19/Mar/2024:06:27:33 -0500] "POST /sipse/faces/presentacion/financiero/solicitudProceso/listarSolicitudProceso.xhtml HTTP/1.1" 200 13790
216.244.66.195 - - [19/Mar/2024:06:27:38 -0500] "GET /BLA/resoluciones/AUTOS%202011/3726.pdf HTTP/1.1" 200 219277
201.245.192.253 - - [19/Mar/2024:06:27:58 -0500] "POST /forms/lservlet;jsessionid=ac16012b30d672fb2ec093aa4748bf0691d1e088fe72.e3iSbxaKaheRe3iNc3uNbNmQay1ynknvrkLOlQzNp65In0 HTTP/1.1" 200 2
216.244.66.195 - - [19/Mar/2024:06:28:03 -0500] "GET /BLA/resoluciones/AUTOS%202011/3862.pdf HTTP/1.1" 200 266911
216.245.221.92 - - [19/Mar/2024:06:28:23 -0500] "HEAD / HTTP/1.1" 200 -
216.244.66.195 - - [19/Mar/2024:06:28:26 -0500] "GET /BLA/resoluciones/AUTOS%202016/3231.pdf HTTP/1.1" 200 389139
201.245.192.253 - - [19/Mar/2024:06:28:39 -0500] "POST /forms/lservlet;jsessionid=ac16012b30d60c378208792d4757a508e4811830dca4.e3iSbxaKaheRe3iNc3uNbNmQay1ynknvrkLOlQzNp65In0 HTTP/1.1" 200 2
186.28.136.245 - - [19/Mar/2024:06:28:42 -0500] "POST /sipse/faces/presentacion/financiero/solicitudProceso/listarSolicitudProceso.xhtml HTTP/1.1" 200 13828
52.167.144.237 - - [19/Mar/2024:06:28:44 -0500] "GET /BLA/resoluciones/Notificaciones/RESOLUCIONES%202023/00090.pdf HTTP/1.1" 200 376385
216.244.66.195 - - [19/Mar/2024:06:28:48 -0500] "GET /BLA/resoluciones/RESOLUCIONES%202016/0146.pdf HTTP/1.1" 200 1414563
201.245.192.253 - - [19/Mar/2024:06:29:08 -0500] "POST /kwsrmcab/Wsrmcab HTTP/1.1" 200 37342
201.245.192.253 - - [19/Mar/2024:06:29:09 -0500] "POST /kwsrmcab/Wsrmcab HTTP/1.1" 200 37214
216.244.66.195 - - [19/Mar/2024:06:29:11 -0500] "GET /BLA/resoluciones/RESOLUCIONES%202016/0639.pdf HTTP/1.1" 200 520661
201.245.192.253 - - [19/Mar/2024:06:29:40 -0500] "POST /kwsrmcab/Wsrmcab HTTP/1.1" 200 37361
201.245.192.253 - - [19/Mar/2024:06:29:44 -0500] "POST /kwsrmcab/Wsrmcab  HTTP/1.1" 200 37499
201.245.192.253 - - [19/Mar/2024:06:29:58 -0500] "POST /forms/lservlet;jsessionid=ac16012b30d672fb2ec093aa4748bf0691d1e088fe72.e3iSbxaKaheRe3iNc3uNbNmQay1ynknvrkLOlQzNp65In0 HTTP/1.1" 200 2
201.245.192.253 - - [19/Mar/2024:06:30:19 -0500] "POST /kwsrmcab/Wsrmcab HTTP/1.1" 200 37214
201.245.192.253 - - [19/Mar/2024:06:30:39 -0500] "POST /forms/lservlet;jsessionid=ac16012b30d60c378208792d4757a508e4811830dca4.e3iSbxaKaheRe3iNc3uNbNmQay1ynknvrkLOlQzNp65In0 HTTP/1.1" 200 2
172.22.2.4 - - [19/Mar/2024:06:30:04 -0500] "HEAD /BLA/boletinlegal/ HTTP/1.1" 200 -
201.245.192.253 - - [19/Mar/2024:06:31:58 -0500] "POST /forms/lservlet;jsessionid=ac16012b30d672fb2ec093aa4748bf0691d1e088fe72.e3iSbxaKaheRe3iNc3uNbNmQay1ynknvrkLOlQzNp65In0 HTTP/1.1" 200 2
186.31.191.106 - - [19/Mar/2024:06:32:19 -0500] "GET /kwssiamovil/sm/acme/a?s=U2FsdGVkX1+ouDYzSZp7fb0cWK7olEHZpzMA2kJ0g7D36ziAh48Je4AcBGH839K2xv7BSGGFWCVZYy2Px8pLR6+Z0pB6kDLagNBuuzMGApLYcOInBpbyX8Uw+cJUm+3hoB3JvdPdwPMhR/xy7kLAUhXFhGy0AbOs+P9U5LP/M3y6266n0PcuwkBfIA9O0IPL8fPs2Wq1JykK3dXnlYQbvrvStEaK7FMRH16ds1NsFOYFUn7XMqo3hFw+SnMs6QZ6w7l/Ewn2MFSknwVKmPbQZw==&u=U2FsdGVkX1+6iS/S2egZf2DWWbt13wtam48V/jc/ymoG5l2QEwrZY8GyvZplvA08&y=U2FsdGVkX18K8NBlXBSljvFOAi4LnFWvlFmttt29y1Ur5rOFoC27q2cIFT5F/27H HTTP/1.1" 200 26
186.31.191.106 - - [19/Mar/2024:06:32:20 -0500] "GET /kwssiamovil/sm/acme/a?s=U2FsdGVkX19jNP+9qMV21OLpHHn+66EyH7r+yvWXggtnWyqVy2Xi0mhout71JumtH2YSUSOiNv42KPvpRqCQ6TPftQiRENdP+UQ8Lpt77ySsmSgoZ+gpOseoUBpdWl08UP7gqq9dkkza8sNHvMfcKnb+fCXPRp5J+4tiIwxdBwFAAUHBoz6hRG6mbfB9stX/RCmfkHgp+Cj8Zxi7fCuFdldj3/RCq0PNQtoGsIkwk+DJBfvzkHzy92AMbVibSfPopkXsDpSypmk6ZDjtDW+IZ2xYyShEoEkbiL2O0Ic3LvV4bFzxGQ4vrGgzsdLWp7ndLHzAur/d6B6Z37oftnUoT1BnJC3QT54h/E2nKOqB6qBKj77yTmHovuLHUC2WonrKYvModKPeu6/Qcke5TJVmrQC88h8sEwKLktb5GMpAI37QTb5FzYBVW9tI1GIVedniRyhLdX5A036LDWZ4YL7D4FcD1Cqav5tlz43Yfdoonuie6y0I1R/jdnqSBw8hez45c0Ivyds1ev52mOXhvXFbLEZNbJNmQFCyTUBj1jA18kemZ7I38UM1TjsMJQdz3T3gQX33e7Hz14tsAo9fZQH2pJDnL3Ftf4d3JiZpIkiD8baPCj+wW7+c2f6ZgMt1raqfPIc9iMgF6/awYQ9eav57JwfZ9+IR8G48fnK6OYFm9N4XRsmZfEk6m2jOt7SOxx+mXNPObJS03Y8IH0moXvQ/7UCRgvdI1OgoOJXJrPKFzwIXLU6DVwNL5ThzTmcp50qmL2TTa2IOt8Msf7LLkGGCc8hgtTtg691BzPe5tgzoj0IGX25t64BzsaU6q29acYCXooQgKzEC1lIffmAvQ2yKMitlQlUnthOaHjG1PmvMnrLzFaRVGram7+GXxxjOdF2PAlQFIHs36yYjC662mgIqivr6lBlYi2QiU9NX9YJNvLfWHJB21CvUyof0fa0mXocS5gFqd3y18RZNWYV3B50PghM1JiavuQeG12SbFuUp87As/k4AB2GV78alfiVFU0q8bFIjORyhxPB7TtPVimFwf8SOx5MGhnhLVvPGXrjYqy7iBBNw0KGTdh9DOfObJD0pdf5W4H7d3T9Q9NFhIRGcozq6ptH4l6NYL7SVfegzVBU/qUiQvok39cR5yHZPQZmFOSgJ65gx/yWl67VY4cXGDoCHKAJHG11JDbRRPiiijWGcWNa0ItXJ5//1NRk/huleriDVmFAsBbEMh5EYbbw9MVebxA9Z1300FeIiRi7eT+qoNKk9FJoZG5u2vHfNr79Dqq50QQLnb3EnpX4qe+uTNSYrXOMl8S6UJnC7+W23G/tR4dNyxmGiXIploRKk7DcDmSNMWoFeUZtnB+kwE2y42UToCYMXAmfFzDcqVUcJ9bwKRxiEIyKZzMKu/3P6+K8yhVnvxjEx6CkQIITHLJpNActFph1OyNNenjmnSKBgb1YXdP+LKjgke9xirD+8HUoPuyRl8dqIq5FvyiyB4r0e8T9H0z+lJi7lsca+h/80Ij+DFkOOT6Ry3qQmer0Yo4yoHDV72ZsAr9NnjdsUBoXopOsEyFcMxNxpSE2EGMhZ/BKgLWCyEaoh8IiqDuX8DgVt4JoR5c+ta5JgVc4BC4wqykMsWls1U0ZxD1yb/jRZT9jyW+83N39Ee/TWJVfMseXNIzitkLSHNOfdVABUaaQBFqjyRr8TAhdDt4ISPrPZBngsOEW9UMteHwpIhYbKGaOwPR8G7CTW/Q9zxrHHMl4pT4iBNcGfYgZJo0i1vNos1OF/8MS9ozpSPnsjFpSrO+19uGLbXFVs3EuD83MPN86sMpJq9DKVFpyFSRa4rMzGLnTYUh8xOKuCtuvpQp8PvqSmnlH7nTsnsfjBB3pOYJ+6+dXFNhCinGNG7mYz+QZd6R8bb45R4DuALm0RCsn7EDNoDfvnhUUPKsJH3kEAhVKMIAWSPa0HG2Ow3QyB7u+c1Ijzd0QtmNb8R9K6+xYpYZF4jkX/we6g9wUeiPsyCo4Oyhydc4jqpiHz49dawbmQaIp6Pyl/ekeXFSiWLFwj3VlnSjxTz38Vjp9FWYLn0T5zD0J6rlULp4v8hS8qdpENkv3ctN45mAQ7dTlw3zgxkdW2GnLqEs9mqZJKSHBH8mEjgFBh0dLEY/mL9O2cwmOOh7grerVtcjplLEsZEkVorat1CIgAzPwPfV9BeDHO0B7v4Q==&u=U2FsdGVkX1+6iS/S2egZf2DWWbt13wtam48V/jc/ymoG5l2QEwrZY8GyvZplvA08&y=U2FsdGVkX18K8NBlXBSljvFOAi4LnFWvlFmttt29y1Ur5rOFoC27q2cIFT5F/27H HTTP/1.1" 200 26
186.31.191.106 - - [19/Mar/2024:06:32:20 -0500] "GET /kwssiamovil/sm/acme/a?s=U2FsdGVkX19mnl/EaNWFrJ3CQpGVy1YOccYIkE+NHEexZdz45u0wkuW1QbuEZgIApOctQz5grci4yxwwwGKGhdcJur8oVxiahQZ7Z440nOMvY7h3LgWBmCWnRlAuXFtCro15ivjbjSCVhXWWPl3bl6R9ctlkWT1G0YAqhNXq77U=&u=U2FsdGVkX1+6iS/S2egZf2DWWbt13wtam48V/jc/ymoG5l2QEwrZY8GyvZplvA08&y=U2FsdGVkX18K8NBlXBSljvFOAi4LnFWvlFmttt29y1Ur5rOFoC27q2cIFT5F/27H HTTP/1.1" 200 26
186.31.191.106 - - [19/Mar/2024:06:32:20 -0500] "GET /kwssiamovil/sm/acme/a?s=U2FsdGVkX19ft3NynGwzhZFghom5odleFCNaBSVUlGLkfG4adgoZ7swq8cZy/rT1YaVMa7Uz61JqkNF1OfjHJcCscJJv5HJm+NlCp2Kg9rE2FcWYqkUaO8sSaFgQ3IsigpcFbg3J4gGSXjlnfo4osSO5JbQ40fkWmr86Sw1Dc8E=&u=U2FsdGVkX1+6iS/S2egZf2DWWbt13wtam48V/jc/ymoG5l2QEwrZY8GyvZplvA08&y=U2FsdGVkX18K8NBlXBSljvFOAi4LnFWvlFmttt29y1Ur5rOFoC27q2cIFT5F/27H HTTP/1.1" 200 26
186.31.191.106 - - [19/Mar/2024:06:32:21 -0500] "GET /kwssiamovil/sm/acme/a?s=U2FsdGVkX18wZ26UMeGkPXDZhuR2uyMR8QZnZvVCrQYR2+aXswnTEYZPM3r9WXpeCaUpLGUbwASxYmtVwOo2UxOOD5bnkUpQleIzBSJ7upP3V6xaRurr32rtxrD5Tvgc7f4lWYY840pCxdEEUl4/dxjTDJZNtygN0ZeCoEwc+7M=&u=U2FsdGVkX1+6iS/S2egZf2DWWbt13wtam48V/jc/ymoG5l2QEwrZY8GyvZplvA08&y=U2FsdGVkX18K8NBlXBSljvFOAi4LnFWvlFmttt29y1Ur5rOFoC27q2cIFT5F/27H HTTP/1.1" 200 26
186.31.191.106 - - [19/Mar/2024:06:32:21 -0500] "GET /kwssiamovil/sm/acme/a?s=U2FsdGVkX1/hRtUIgSPJXr0mSzt6+vdRX4WNfqJYZ+/sSHJprig8nAKd7GoRfjgS5Ghequw+dbT2uvNc53xJfbuCZO1JglsHzKkWZ4bMNs7MiTYM2Nox+IP3tPxwFlwM0qF4+eRwmwGF6u9Maz/cFlTiyLTSGs6crhk64eZDxF1HQ73i9PIuOD+Ppx2LfHisaHw21aaPlsDToL3gZJLQGg==&u=U2FsdGVkX1+6iS/S2egZf2DWWbt13wtam48V/jc/ymoG5l2QEwrZY8GyvZplvA08&y=U2FsdGVkX18K8NBlXBSljvFOAi4LnFWvlFmttt29y1Ur5rOFoC27q2cIFT5F/27H HTTP/1.1" 200 26
172.22.2.4 - - [19/Mar/2024:06:30:54 -0500] "GET /BLA/boletinlegal/ HTTP/1.1" 200 58273
201.245.192.253 - - [19/Mar/2024:06:32:39 -0500] "POST /forms/lservlet;jsessionid=ac16012b30d60c378208792d4757a508e4811830dca4.e3iSbxaKaheRe3iNc3uNbNmQay1ynknvrkLOlQzNp65In0 HTTP/1.1" 200 2
216.245.221.92 - - [19/Mar/2024:06:33:23 -0500] "HEAD / HTTP/1.1" 200 -
201.245.192.253 - - [19/Mar/2024:06:33:58 -0500] "POST /forms/lservlet;jsessionid=ac16012b30d672fb2ec093aa4748bf0691d1e088fe72.e3iSbxaKaheRe3iNc3uNbNmQay1ynknvrkLOlQzNp65In0 HTTP/1.1" 200 2
201.245.192.253 - - [19/Mar/2024:06:34:39 -0500] "POST /forms/lservlet;jsessionid=ac16012b30d60c378208792d4757a508e4811830dca4.e3iSbxaKaheRe3iNc3uNbNmQay1ynknvrkLOlQzNp65In0 HTTP/1.1" 200 2
201.245.192.253 - - [19/Mar/2024:06:34:43 -0500] "POST /kwsrmcab/Wsrmcab  HTTP/1.1" 200 37499
47.128.23.234 - - [19/Mar/2024:06:34:55 -0500] "GET /BLA/resoluciones/AUTOS%202021/0245.php?act=chmod&d=E%3A%5C&f=dmz HTTP/1.1" 200 2789
47.128.117.223 - - [19/Mar/2024:06:35:34 -0500] "GET /BLA/resoluciones/AUTOS%202021/0245.php?act=chmod&d=E%3A%5C&f=dmz HTTP/1.1" 200 2789
69.63.184.119 - - [19/Mar/2024:06:35:36 -0500] "GET /oso-melero-recuperado-en-bogota-fue-liberado-exitosamente-en-el-meta.html HTTP/1.1" 200 948
69.63.184.119 - - [19/Mar/2024:06:35:36 -0500] "GET /oso-melero-recuperado-en-bogota-fue-liberado-exitosamente-en-el-meta.html HTTP/1.1" 200 948
201.245.192.253 - - [19/Mar/2024:06:35:58 -0500] "POST /forms/lservlet;jsessionid=ac16012b30d672fb2ec093aa4748bf0691d1e088fe72.e3iSbxaKaheRe3iNc3uNbNmQay1ynknvrkLOlQzNp65In0 HTTP/1.1" 200 2
66.249.66.19 - - [19/Mar/2024:06:36:14 -0500] "GET /BLA/resoluciones/RESOLUCIONES%202009/5044.pdf HTTP/1.1" 200 504655
201.245.192.253 - - [19/Mar/2024:06:36:39 -0500] "POST /forms/lservlet;jsessionid=ac16012b30d60c378208792d4757a508e4811830dca4.e3iSbxaKaheRe3iNc3uNbNmQay1ynknvrkLOlQzNp65In0 HTTP/1.1" 200 2
172.22.2.4 - - [19/Mar/2024:06:35:54 -0500] "HEAD /BLA/boletinlegal/ HTTP/1.1" 200 -
201.245.192.253 - - [19/Mar/2024:06:37:58 -0500] "POST /forms/lservlet;jsessionid=ac16012b30d672fb2ec093aa4748bf0691d1e088fe72.e3iSbxaKaheRe3iNc3uNbNmQay1ynknvrkLOlQzNp65In0 HTTP/1.1" 200 2
216.245.221.92 - - [19/Mar/2024:06:38:23 -0500] "HEAD / HTTP/1.1" 200 -
172.22.2.4 - - [19/Mar/2024:06:36:44 -0500] "GET /BLA/boletinlegal/ HTTP/1.1" 200 58273
52.15.147.27 - - [19/Mar/2024:06:38:28 -0500] "HEAD / HTTP/1.1" 200 -
201.245.192.253 - - [19/Mar/2024:06:38:39 -0500] "POST /forms/lservlet;jsessionid=ac16012b30d60c378208792d4757a508e4811830dca4.e3iSbxaKaheRe3iNc3uNbNmQay1ynknvrkLOlQzNp65In0 HTTP/1.1" 200 2
186.28.136.245 - - [19/Mar/2024:06:38:55 -0500] "POST /sipse/faces/presentacion/financiero/solicitudProceso/listarSolicitudProceso.xhtml HTTP/1.1" 200 134536
186.28.136.245 - - [19/Mar/2024:06:38:56 -0500] "GET /sipse/faces/javax.faces.resource/theme.css?ln=primefaces-sipse HTTP/1.1" 304 -
186.28.136.245 - - [19/Mar/2024:06:38:56 -0500] "GET /sipse/faces/javax.faces.resource/layout/layout.css?ln=primefaces&v=4.0 HTTP/1.1" 304 -
186.28.136.245 - - [19/Mar/2024:06:38:56 -0500] "GET /sipse/faces/javax.faces.resource/primefaces.css?ln=primefaces&v=4.0 HTTP/1.1" 304 -
186.28.136.245 - - [19/Mar/2024:06:38:56 -0500] "GET /sipse/css/imagen/contrasena.png HTTP/1.1" 404 383
186.28.136.245 - - [19/Mar/2024:06:38:56 -0500] "GET /sipse/faces/javax.faces.resource/jquery/jquery.js?ln=primefaces&v=4.0 HTTP/1.1" 304 -
186.28.136.245 - - [19/Mar/2024:06:38:56 -0500] "GET /sipse/faces/javax.faces.resource/jquery/jquery-plugins.js?ln=primefaces&v=4.0 HTTP/1.1" 304 -
186.28.136.245 - - [19/Mar/2024:06:38:56 -0500] "GET /sipse/faces/javax.faces.resource/primefaces.js?ln=primefaces&v=4.0 HTTP/1.1" 304 -
186.28.136.245 - - [19/Mar/2024:06:38:57 -0500] "GET /sipse/faces/javax.faces.resource/layout/layout.js?ln=primefaces&v=4.0 HTTP/1.1" 304 -
201.245.192.253 - - [19/Mar/2024:06:39:08 -0500] "POST /kwsrmcab/Wsrmcab HTTP/1.1" 200 37342
201.245.192.253 - - [19/Mar/2024:06:39:11 -0500] "POST /kwsrmcab/Wsrmcab HTTP/1.1" 200 37214
201.245.192.253 - - [19/Mar/2024:06:39:40 -0500] "POST /kwsrmcab/Wsrmcab HTTP/1.1" 200 37361
201.245.192.253 - - [19/Mar/2024:06:39:41 -0500] "POST /kwsrmcab/Wsrmcab  HTTP/1.1" 200 37499
201.245.192.253 - - [19/Mar/2024:06:39:58 -0500] "POST /forms/lservlet;jsessionid=ac16012b30d672fb2ec093aa4748bf0691d1e088fe72.e3iSbxaKaheRe3iNc3uNbNmQay1ynknvrkLOlQzNp65In0 HTTP/1.1" 200 2
172.22.2.4 - - [19/Mar/2024:06:38:37 -0500] "HEAD /BLA/boletinlegal/ HTTP/1.1" 200 -
201.245.192.253 - - [19/Mar/2024:06:40:20 -0500] "POST /kwsrmcab/Wsrmcab HTTP/1.1" 200 37214
201.245.192.253 - - [19/Mar/2024:06:40:39 -0500] "POST /forms/lservlet;jsessionid=ac16012b30d60c378208792d4757a508e4811830dca4.e3iSbxaKaheRe3iNc3uNbNmQay1ynknvrkLOlQzNp65In0 HTTP/1.1" 200 2
186.28.136.245 - - [19/Mar/2024:06:40:44 -0500] "POST /sipse/faces/presentacion/financiero/solicitudProceso/consultarSolicitudProceso.xhtml HTTP/1.1" 200 76217
172.22.2.4 - - [19/Mar/2024:06:39:17 -0500] "GET /BLA/boletinlegal/ HTTP/1.1" 200 47256
172.22.2.4 - - [19/Mar/2024:06:39:18 -0500] "GET /BLA/boletinlegal/ HTTP/1.1" 200 47256
172.22.2.4 - - [19/Mar/2024:06:41:08 -0500] "GET /BLA/boletinlegal/normativa.php HTTP/1.1" 200 8397
172.22.2.4 - - [19/Mar/2024:06:41:09 -0500] "GET /BLA/boletinlegal/js/ajax_normativa.js HTTP/1.1" 200 1154
216.244.66.195 - - [19/Mar/2024:06:41:43 -0500] "GET /robots.txt HTTP/1.1" 404 1018
201.245.192.253 - - [19/Mar/2024:06:41:58 -0500] "POST /forms/lservlet;jsessionid=ac16012b30d672fb2ec093aa4748bf0691d1e088fe72.e3iSbxaKaheRe3iNc3uNbNmQay1ynknvrkLOlQzNp65In0 HTTP/1.1" 200 2
201.245.192.253 - - [19/Mar/2024:06:42:39 -0500] "POST /forms/lservlet;jsessionid=ac16012b30d60c378208792d4757a508e4811830dca4.e3iSbxaKaheRe3iNc3uNbNmQay1ynknvrkLOlQzNp65In0 HTTP/1.1" 200 2
186.28.136.245 - - [19/Mar/2024:06:42:58 -0500] "GET /sipse/faces/javax.faces.resource/images/ui-bg_flat_0_2d5972_40x100.png?ln=primefaces-aristo HTTP/1.1" 304 -
186.28.136.245 - - [19/Mar/2024:06:42:58 -0500] "POST /sipse/faces/presentacion/financiero/solicitudProceso/consultarSolicitudProceso.xhtml HTTP/1.1" 200 38058
186.28.136.245 - - [19/Mar/2024:06:42:58 -0500] "GET /sipse/faces/javax.faces.resource/primefaces.css?ln=primefaces&v=4.0 HTTP/1.1" 304 -
186.28.136.245 - - [19/Mar/2024:06:42:58 -0500] "GET /sipse/faces/javax.faces.resource/theme.css?ln=primefaces-sipse HTTP/1.1" 304 -
186.28.136.245 - - [19/Mar/2024:06:42:58 -0500] "GET /sipse/faces/javax.faces.resource/layout/layout.css?ln=primefaces&v=4.0 HTTP/1.1" 304 -
186.28.136.245 - - [19/Mar/2024:06:42:58 -0500] "GET /sipse/faces/javax.faces.resource/jquery/jquery.js?ln=primefaces&v=4.0 HTTP/1.1" 304 -
186.28.136.245 - - [19/Mar/2024:06:42:58 -0500] "GET /sipse/faces/javax.faces.resource/jquery/jquery-plugins.js?ln=primefaces&v=4.0 HTTP/1.1" 304 -
186.28.136.245 - - [19/Mar/2024:06:42:58 -0500] "GET /sipse/faces/javax.faces.resource/primefaces.js?ln=primefaces&v=4.0 HTTP/1.1" 304 -
186.28.136.245 - - [19/Mar/2024:06:42:58 -0500] "GET /sipse/faces/javax.faces.resource/layout/layout.js?ln=primefaces&v=4.0 HTTP/1.1" 304 -
186.28.136.245 - - [19/Mar/2024:06:42:59 -0500] "GET /sipse/css/imagen/contrasena.png HTTP/1.1" 404 383
186.28.136.245 - - [19/Mar/2024:06:42:59 -0500] "POST /sipse/faces/presentacion/financiero/solicitudProceso/listarSolicitudProceso.xhtml HTTP/1.1" 200 31310
186.28.136.245 - - [19/Mar/2024:06:42:59 -0500] "POST /sipse/faces/presentacion/financiero/solicitudProceso/listarSolicitudProceso.xhtml HTTP/1.1" 200 31310
186.28.136.245 - - [19/Mar/2024:06:42:59 -0500] "POST /sipse/faces/presentacion/financiero/solicitudProceso/listarSolicitudProceso.xhtml HTTP/1.1" 200 1392
186.28.136.245 - - [19/Mar/2024:06:43:01 -0500] "POST /sipse/faces/presentacion/financiero/solicitudProceso/listarSolicitudProceso.xhtml HTTP/1.1" 200 1388
66.249.66.19 - - [19/Mar/2024:06:43:03 -0500] "GET /BLA/resoluciones/RESOLUCIONES%202008/0150.pdf HTTP/1.1" 200 95011
172.22.2.4 - - [19/Mar/2024:06:41:48 -0500] "GET /BLA/boletinlegal/ HTTP/1.1" 200 36811
186.28.136.245 - - [19/Mar/2024:06:43:02 -0500] "POST /sipse/faces/presentacion/financiero/solicitudProceso/listarSolicitudProceso.xhtml HTTP/1.1" 200 1400
172.22.2.4 - - [19/Mar/2024:06:43:05 -0500] "GET /BLA/boletinlegal/norma_menu.php HTTP/1.1" 200 6382
216.245.221.92 - - [19/Mar/2024:06:43:23 -0500] "HEAD / HTTP/1.1" 200 -
172.22.2.4 - - [19/Mar/2024:06:41:43 -0500] "HEAD /BLA/boletinlegal/ HTTP/1.1" 200 -
186.28.136.245 - - [19/Mar/2024:06:43:25 -0500] "POST /sipse/faces/presentacion/financiero/solicitudProceso/listarSolicitudProceso.xhtml HTTP/1.1" 200 13750
201.245.192.253 - - [19/Mar/2024:06:43:58 -0500] "POST /forms/lservlet;jsessionid=ac16012b30d672fb2ec093aa4748bf0691d1e088fe72.e3iSbxaKaheRe3iNc3uNbNmQay1ynknvrkLOlQzNp65In0 HTTP/1.1" 200 2
172.22.2.4 - - [19/Mar/2024:06:44:01 -0500] "GET /BLA/boletinlegal/js/ajax.js HTTP/1.1" 200 772
172.22.2.4 - - [19/Mar/2024:06:44:01 -0500] "GET /BLA/boletinlegal/swfobject.js HTTP/1.1" 200 9763
172.22.2.4 - - [19/Mar/2024:06:44:04 -0500] "GET /BLA/boletinlegal/style.css HTTP/1.1" 200 9406
172.22.2.4 - - [19/Mar/2024:06:44:05 -0500] "GET /BLA/boletinlegal/styles2.css HTTP/1.1" 200 1838
172.22.2.4 - - [19/Mar/2024:06:42:34 -0500] "GET /BLA/boletinlegal/ HTTP/1.1" 200 54913
186.28.136.245 - - [19/Mar/2024:06:44:14 -0500] "POST /sipse/faces/presentacion/financiero/solicitudProceso/listarSolicitudProceso.xhtml HTTP/1.1" 200 13750
186.28.136.245 - - [19/Mar/2024:06:44:18 -0500] "POST /sipse/faces/presentacion/financiero/solicitudProceso/listarSolicitudProceso.xhtml HTTP/1.1" 200 153626
186.28.136.245 - - [19/Mar/2024:06:44:19 -0500] "GET /sipse/faces/javax.faces.resource/theme.css?ln=primefaces-sipse HTTP/1.1" 304 -
186.28.136.245 - - [19/Mar/2024:06:44:19 -0500] "GET /sipse/faces/javax.faces.resource/primefaces.css?ln=primefaces&v=4.0 HTTP/1.1" 304 -
186.28.136.245 - - [19/Mar/2024:06:44:19 -0500] "GET /sipse/faces/javax.faces.resource/layout/layout.css?ln=primefaces&v=4.0 HTTP/1.1" 304 -
186.28.136.245 - - [19/Mar/2024:06:44:19 -0500] "GET /sipse/faces/javax.faces.resource/jquery/jquery.js?ln=primefaces&v=4.0 HTTP/1.1" 304 -
186.28.136.245 - - [19/Mar/2024:06:44:19 -0500] "GET /sipse/faces/javax.faces.resource/jquery/jquery-plugins.js?ln=primefaces&v=4.0 HTTP/1.1" 304 -
186.28.136.245 - - [19/Mar/2024:06:44:19 -0500] "GET /sipse/faces/javax.faces.resource/primefaces.js?ln=primefaces&v=4.0 HTTP/1.1" 304 -
186.28.136.245 - - [19/Mar/2024:06:44:19 -0500] "GET /sipse/faces/javax.faces.resource/layout/layout.js?ln=primefaces&v=4.0 HTTP/1.1" 304 -
186.28.136.245 - - [19/Mar/2024:06:44:19 -0500] "GET /sipse/css/imagen/contrasena.png HTTP/1.1" 404 383
201.245.192.253 - - [19/Mar/2024:06:44:39 -0500] "POST /forms/lservlet;jsessionid=ac16012b30d60c378208792d4757a508e4811830dca4.e3iSbxaKaheRe3iNc3uNbNmQay1ynknvrkLOlQzNp65In0 HTTP/1.1" 200 2
201.245.192.253 - - [19/Mar/2024:06:44:39 -0500] "POST /kwsrmcab/Wsrmcab  HTTP/1.1" 200 37499
186.28.136.245 - - [19/Mar/2024:06:44:57 -0500] "POST /sipse/faces/presentacion/financiero/solicitudProceso/consultarSolicitudProceso.xhtml HTTP/1.1" 200 38060
186.28.136.245 - - [19/Mar/2024:06:44:57 -0500] "GET /sipse/faces/javax.faces.resource/theme.css?ln=primefaces-sipse HTTP/1.1" 304 -
186.28.136.245 - - [19/Mar/2024:06:44:57 -0500] "GET /sipse/faces/javax.faces.resource/layout/layout.css?ln=primefaces&v=4.0 HTTP/1.1" 304 -
186.28.136.245 - - [19/Mar/2024:06:44:57 -0500] "GET /sipse/faces/javax.faces.resource/primefaces.css?ln=primefaces&v=4.0 HTTP/1.1" 304 -
186.28.136.245 - - [19/Mar/2024:06:44:57 -0500] "GET /sipse/faces/javax.faces.resource/jquery/jquery.js?ln=primefaces&v=4.0 HTTP/1.1" 304 -
186.28.136.245 - - [19/Mar/2024:06:44:57 -0500] "GET /sipse/faces/javax.faces.resource/jquery/jquery-plugins.js?ln=primefaces&v=4.0 HTTP/1.1" 304 -
186.28.136.245 - - [19/Mar/2024:06:44:57 -0500] "GET /sipse/faces/javax.faces.resource/primefaces.js?ln=primefaces&v=4.0 HTTP/1.1" 304 -
186.28.136.245 - - [19/Mar/2024:06:44:57 -0500] "GET /sipse/faces/javax.faces.resource/layout/layout.js?ln=primefaces&v=4.0 HTTP/1.1" 304 -
186.28.136.245 - - [19/Mar/2024:06:44:57 -0500] "POST /sipse/faces/presentacion/financiero/solicitudProceso/listarSolicitudProceso.xhtml HTTP/1.1" 200 31312
186.28.136.245 - - [19/Mar/2024:06:44:58 -0500] "POST /sipse/faces/presentacion/financiero/solicitudProceso/listarSolicitudProceso.xhtml HTTP/1.1" 200 31312
186.28.136.245 - - [19/Mar/2024:06:44:58 -0500] "POST /sipse/faces/presentacion/financiero/solicitudProceso/listarSolicitudProceso.xhtml HTTP/1.1" 200 31312
186.28.136.245 - - [19/Mar/2024:06:44:58 -0500] "POST /sipse/faces/presentacion/financiero/solicitudProceso/listarSolicitudProceso.xhtml HTTP/1.1" 200 31312
186.28.136.245 - - [19/Mar/2024:06:44:59 -0500] "POST /sipse/faces/presentacion/financiero/solicitudProceso/listarSolicitudProceso.xhtml HTTP/1.1" 200 1392
186.28.136.245 - - [19/Mar/2024:06:45:00 -0500] "POST /sipse/faces/presentacion/financiero/solicitudProceso/listarSolicitudProceso.xhtml HTTP/1.1" 200 1388
186.28.136.245 - - [19/Mar/2024:06:45:02 -0500] "POST /sipse/faces/presentacion/financiero/solicitudProceso/listarSolicitudProceso.xhtml HTTP/1.1" 200 1400
186.28.136.245 - - [19/Mar/2024:06:45:03 -0500] "POST /sipse/faces/presentacion/financiero/solicitudProceso/listarSolicitudProceso.xhtml HTTP/1.1" 200 1388
186.28.136.245 - - [19/Mar/2024:06:45:05 -0500] "POST /sipse/faces/presentacion/financiero/solicitudProceso/listarSolicitudProceso.xhtml HTTP/1.1" 200 1400
186.28.136.245 - - [19/Mar/2024:06:45:09 -0500] "POST /sipse/faces/presentacion/financiero/solicitudProceso/listarSolicitudProceso.xhtml HTTP/1.1" 200 13750
186.28.136.245 - - [19/Mar/2024:06:45:39 -0500] "POST /sipse/faces/presentacion/financiero/solicitudProceso/listarSolicitudProceso.xhtml HTTP/1.1" 200 151854
186.28.136.245 - - [19/Mar/2024:06:45:40 -0500] "GET /sipse/faces/javax.faces.resource/theme.css?ln=primefaces-sipse HTTP/1.1" 304 -
186.28.136.245 - - [19/Mar/2024:06:45:40 -0500] "GET /sipse/faces/javax.faces.resource/primefaces.css?ln=primefaces&v=4.0 HTTP/1.1" 304 -
186.28.136.245 - - [19/Mar/2024:06:45:40 -0500] "GET /sipse/faces/javax.faces.resource/layout/layout.css?ln=primefaces&v=4.0 HTTP/1.1" 304 -
186.28.136.245 - - [19/Mar/2024:06:45:40 -0500] "GET /sipse/faces/javax.faces.resource/jquery/jquery.js?ln=primefaces&v=4.0 HTTP/1.1" 304 -
186.28.136.245 - - [19/Mar/2024:06:45:40 -0500] "GET /sipse/faces/javax.faces.resource/jquery/jquery-plugins.js?ln=primefaces&v=4.0 HTTP/1.1" 304 -
186.28.136.245 - - [19/Mar/2024:06:45:40 -0500] "GET /sipse/faces/javax.faces.resource/primefaces.js?ln=primefaces&v=4.0 HTTP/1.1" 304 -
186.28.136.245 - - [19/Mar/2024:06:45:40 -0500] "GET /sipse/faces/javax.faces.resource/layout/layout.js?ln=primefaces&v=4.0 HTTP/1.1" 304 -
186.28.136.245 - - [19/Mar/2024:06:45:50 -0500] "POST /sipse/faces/presentacion/financiero/solicitudProceso/consultarSolicitudProceso.xhtml HTTP/1.1" 200 79886
201.245.192.253 - - [19/Mar/2024:06:45:58 -0500] "POST /forms/lservlet;jsessionid=ac16012b30d672fb2ec093aa4748bf0691d1e088fe72.e3iSbxaKaheRe3iNc3uNbNmQay1ynknvrkLOlQzNp65In0 HTTP/1.1" 200 2
201.245.192.253 - - [19/Mar/2024:06:46:39 -0500] "POST /forms/lservlet;jsessionid=ac16012b30d60c378208792d4757a508e4811830dca4.e3iSbxaKaheRe3iNc3uNbNmQay1ynknvrkLOlQzNp65In0 HTTP/1.1" 200 2
186.28.136.245 - - [19/Mar/2024:06:47:46 -0500] "POST /sipse/faces/presentacion/financiero/solicitudProceso/consultarSolicitudProceso.xhtml HTTP/1.1" 200 38060
186.28.136.245 - - [19/Mar/2024:06:47:47 -0500] "GET /sipse/faces/javax.faces.resource/theme.css?ln=primefaces-sipse HTTP/1.1" 304 -
186.28.136.245 - - [19/Mar/2024:06:47:47 -0500] "GET /sipse/faces/javax.faces.resource/layout/layout.css?ln=primefaces&v=4.0 HTTP/1.1" 304 -
186.28.136.245 - - [19/Mar/2024:06:47:47 -0500] "GET /sipse/faces/javax.faces.resource/primefaces.css?ln=primefaces&v=4.0 HTTP/1.1" 304 -
186.28.136.245 - - [19/Mar/2024:06:47:47 -0500] "GET /sipse/faces/javax.faces.resource/jquery/jquery.js?ln=primefaces&v=4.0 HTTP/1.1" 304 -
186.28.136.245 - - [19/Mar/2024:06:47:47 -0500] "GET /sipse/faces/javax.faces.resource/jquery/jquery-plugins.js?ln=primefaces&v=4.0 HTTP/1.1" 304 -
186.28.136.245 - - [19/Mar/2024:06:47:47 -0500] "GET /sipse/faces/javax.faces.resource/primefaces.js?ln=primefaces&v=4.0 HTTP/1.1" 304 -
186.28.136.245 - - [19/Mar/2024:06:47:47 -0500] "GET /sipse/faces/javax.faces.resource/layout/layout.js?ln=primefaces&v=4.0 HTTP/1.1" 304 -
186.28.136.245 - - [19/Mar/2024:06:47:47 -0500] "POST /sipse/faces/presentacion/financiero/solicitudProceso/listarSolicitudProceso.xhtml HTTP/1.1" 200 31312
186.28.136.245 - - [19/Mar/2024:06:47:47 -0500] "POST /sipse/faces/presentacion/financiero/solicitudProceso/listarSolicitudProceso.xhtml HTTP/1.1" 200 31312
186.28.136.245 - - [19/Mar/2024:06:47:47 -0500] "POST /sipse/faces/presentacion/financiero/solicitudProceso/listarSolicitudProceso.xhtml HTTP/1.1" 200 31312
186.28.136.245 - - [19/Mar/2024:06:47:48 -0500] "POST /sipse/faces/presentacion/financiero/solicitudProceso/listarSolicitudProceso.xhtml HTTP/1.1" 200 31312
186.28.136.245 - - [19/Mar/2024:06:47:48 -0500] "POST /sipse/faces/presentacion/financiero/solicitudProceso/listarSolicitudProceso.xhtml HTTP/1.1" 200 31312
186.28.136.245 - - [19/Mar/2024:06:47:48 -0500] "POST /sipse/faces/presentacion/financiero/solicitudProceso/listarSolicitudProceso.xhtml HTTP/1.1" 200 31312
186.28.136.245 - - [19/Mar/2024:06:47:48 -0500] "POST /sipse/faces/presentacion/financiero/solicitudProceso/listarSolicitudProceso.xhtml HTTP/1.1" 200 1392
186.28.136.245 - - [19/Mar/2024:06:47:50 -0500] "POST /sipse/faces/presentacion/financiero/solicitudProceso/listarSolicitudProceso.xhtml HTTP/1.1" 200 1388
186.28.136.245 - - [19/Mar/2024:06:47:52 -0500] "POST /sipse/faces/presentacion/financiero/solicitudProceso/listarSolicitudProceso.xhtml HTTP/1.1" 200 1400
186.28.136.245 - - [19/Mar/2024:06:47:53 -0500] "POST /sipse/faces/presentacion/financiero/solicitudProceso/listarSolicitudProceso.xhtml HTTP/1.1" 200 1388
186.28.136.245 - - [19/Mar/2024:06:47:55 -0500] "POST /sipse/faces/presentacion/financiero/solicitudProceso/listarSolicitudProceso.xhtml HTTP/1.1" 200 1400
186.28.136.245 - - [19/Mar/2024:06:47:56 -0500] "POST /sipse/faces/presentacion/financiero/solicitudProceso/listarSolicitudProceso.xhtml HTTP/1.1" 200 1384
201.245.192.253 - - [19/Mar/2024:06:47:58 -0500] "POST /forms/lservlet;jsessionid=ac16012b30d672fb2ec093aa4748bf0691d1e088fe72.e3iSbxaKaheRe3iNc3uNbNmQay1ynknvrkLOlQzNp65In0 HTTP/1.1" 200 2
186.28.136.245 - - [19/Mar/2024:06:47:58 -0500] "POST /sipse/faces/presentacion/financiero/solicitudProceso/listarSolicitudProceso.xhtml HTTP/1.1" 200 1400
186.28.136.245 - - [19/Mar/2024:06:48:04 -0500] "POST /sipse/faces/presentacion/financiero/solicitudProceso/listarSolicitudProceso.xhtml HTTP/1.1" 200 13746
216.245.221.92 - - [19/Mar/2024:06:48:23 -0500] "HEAD / HTTP/1.1" 200 -
201.245.192.253 - - [19/Mar/2024:06:48:39 -0500] "POST /forms/lservlet;jsessionid=ac16012b30d60c378208792d4757a508e4811830dca4.e3iSbxaKaheRe3iNc3uNbNmQay1ynknvrkLOlQzNp65In0 HTTP/1.1" 200 2
186.28.136.245 - - [19/Mar/2024:06:48:46 -0500] "POST /sipse/faces/presentacion/financiero/solicitudProceso/listarSolicitudProceso.xhtml HTTP/1.1" 200 153626
186.28.136.245 - - [19/Mar/2024:06:48:47 -0500] "GET /sipse/faces/javax.faces.resource/theme.css?ln=primefaces-sipse HTTP/1.1" 304 -
186.28.136.245 - - [19/Mar/2024:06:48:47 -0500] "GET /sipse/faces/javax.faces.resource/layout/layout.css?ln=primefaces&v=4.0 HTTP/1.1" 304 -
186.28.136.245 - - [19/Mar/2024:06:48:47 -0500] "GET /sipse/faces/javax.faces.resource/primefaces.css?ln=primefaces&v=4.0 HTTP/1.1" 304 -
186.28.136.245 - - [19/Mar/2024:06:48:47 -0500] "GET /sipse/faces/javax.faces.resource/jquery/jquery.js?ln=primefaces&v=4.0 HTTP/1.1" 304 -
186.28.136.245 - - [19/Mar/2024:06:48:47 -0500] "GET /sipse/faces/javax.faces.resource/jquery/jquery-plugins.js?ln=primefaces&v=4.0 HTTP/1.1" 304 -
186.28.136.245 - - [19/Mar/2024:06:48:47 -0500] "GET /sipse/faces/javax.faces.resource/primefaces.js?ln=primefaces&v=4.0 HTTP/1.1" 304 -
186.28.136.245 - - [19/Mar/2024:06:48:47 -0500] "GET /sipse/faces/javax.faces.resource/layout/layout.js?ln=primefaces&v=4.0 HTTP/1.1" 304 -
162.55.41.96 - - [19/Mar/2024:06:49:04 -0500] "GET / HTTP/1.1" 200 4720
186.28.136.245 - - [19/Mar/2024:06:49:09 -0500] "POST /sipse/faces/presentacion/financiero/solicitudProceso/consultarSolicitudProceso.xhtml HTTP/1.1" 200 6177430
172.22.2.4 - - [19/Mar/2024:06:47:33 -0500] "HEAD /BLA/boletinlegal/ HTTP/1.1" 200 -
201.245.192.253 - - [19/Mar/2024:06:49:38 -0500] "POST /kwsrmcab/Wsrmcab  HTTP/1.1" 200 37499
201.245.192.253 - - [19/Mar/2024:06:49:58 -0500] "POST /forms/lservlet;jsessionid=ac16012b30d672fb2ec093aa4748bf0691d1e088fe72.e3iSbxaKaheRe3iNc3uNbNmQay1ynknvrkLOlQzNp65In0 HTTP/1.1" 200 2
172.22.2.4 - - [19/Mar/2024:06:48:24 -0500] "GET /BLA/boletinlegal/ HTTP/1.1" 200 58720
201.245.192.253 - - [19/Mar/2024:06:50:39 -0500] "POST /forms/lservlet;jsessionid=ac16012b30d60c378208792d4757a508e4811830dca4.e3iSbxaKaheRe3iNc3uNbNmQay1ynknvrkLOlQzNp65In0 HTTP/1.1" 200 2
173.252.111.13 - - [19/Mar/2024:06:50:50 -0500] "GET /mujeres-que-reverdecen-secretaria-de-ambiente-anuncia-300-cupos-para-la-tercera-fase-del-programa.html HTTP/1.1" 200 823
