47.128.43.167 - - [19/Mar/2024:10:10:00 -0500] "GET /BLA/resoluciones/AUTOS%202021/0245.php?act=img&img=download HTTP/1.1" 200 161
47.128.43.167 - - [19/Mar/2024:10:10:00 -0500] "GET /BLA/resoluciones/AUTOS%202021/0245.php?act=img&img=ext_ini HTTP/1.1" 200 134
47.128.43.167 - - [19/Mar/2024:10:10:00 -0500] "GET /BLA/resoluciones/AUTOS%202021/0245.php?act=img&img=ext_rtf HTTP/1.1" 200 164
47.128.43.167 - - [19/Mar/2024:10:10:01 -0500] "GET /BLA/resoluciones/AUTOS%202021/0245.php?act=img&img=change HTTP/1.1" 200 290
201.245.192.253 - - [19/Mar/2024:10:10:02 -0500] "POST /forms/lservlet;jsessionid=ac16012b30d672fb2ec093aa4748bf0691d1e088fe72.e3iSbxaKaheRe3iNc3uNbNmQay1ynknvrkLOlQzNp65In0 HTTP/1.1" 200 2
200.75.42.226 - - [19/Mar/2024:10:10:02 -0500] "GET /sipse/faces/javax.faces.resource/theme.css?ln=primefaces-sipse HTTP/1.1" 304 -
200.75.42.226 - - [19/Mar/2024:10:10:02 -0500] "GET /sipse/faces/javax.faces.resource/primefaces.css?ln=primefaces&v=4.0 HTTP/1.1" 304 -
200.75.42.226 - - [19/Mar/2024:10:10:02 -0500] "GET /sipse/faces/javax.faces.resource/layout/layout.css?ln=primefaces&v=4.0 HTTP/1.1" 304 -
200.75.42.226 - - [19/Mar/2024:10:10:02 -0500] "GET /sipse/faces/javax.faces.resource/jquery/jquery.js?ln=primefaces&v=4.0 HTTP/1.1" 304 -
200.75.42.226 - - [19/Mar/2024:10:10:02 -0500] "GET /sipse/faces/javax.faces.resource/primefaces.js?ln=primefaces&v=4.0 HTTP/1.1" 304 -
200.75.42.226 - - [19/Mar/2024:10:10:02 -0500] "GET /sipse/faces/javax.faces.resource/jquery/jquery-plugins.js?ln=primefaces&v=4.0 HTTP/1.1" 304 -
200.75.42.226 - - [19/Mar/2024:10:10:02 -0500] "GET /sipse/faces/javax.faces.resource/layout/layout.js?ln=primefaces&v=4.0 HTTP/1.1" 304 -
200.75.42.226 - - [19/Mar/2024:10:09:58 -0500] "POST /sipse/faces/presentacion/financiero/solicitudProceso/consultarSolicitudProceso.xhtml HTTP/1.1" 200 40914
186.154.32.231 - - [19/Mar/2024:10:10:03 -0500] "POST /sipse/faces/presentacion/financiero/solicitudProceso/consultar.xhtml HTTP/1.1" 200 12871
186.29.147.121 - - [19/Mar/2024:10:10:05 -0500] "GET /sipse/faces/javax.faces.resource/theme.css?ln=primefaces-sipse HTTP/1.1" 304 -
186.29.147.121 - - [19/Mar/2024:10:10:04 -0500] "POST /sipse/faces/presentacion/financiero/estudioPrevio/personalSolicitado/personalSolicitadoSolicitudProceso.xhtml HTTP/1.1" 200 177229
186.29.147.121 - - [19/Mar/2024:10:10:05 -0500] "GET /sipse/faces/javax.faces.resource/primefaces.css?ln=primefaces&v=4.0 HTTP/1.1" 304 -
186.29.147.121 - - [19/Mar/2024:10:10:05 -0500] "GET /sipse/faces/javax.faces.resource/layout/layout.css?ln=primefaces&v=4.0 HTTP/1.1" 304 -
186.29.147.121 - - [19/Mar/2024:10:10:05 -0500] "GET /sipse/faces/javax.faces.resource/primefaces.js?ln=primefaces&v=4.0 HTTP/1.1" 304 -
186.29.147.121 - - [19/Mar/2024:10:10:05 -0500] "GET /sipse/faces/javax.faces.resource/layout/layout.js?ln=primefaces&v=4.0 HTTP/1.1" 304 -
186.29.147.121 - - [19/Mar/2024:10:10:05 -0500] "GET /sipse/faces/javax.faces.resource/jquery/jquery.js?ln=primefaces&v=4.0 HTTP/1.1" 304 -
186.29.147.121 - - [19/Mar/2024:10:10:05 -0500] "GET /sipse/faces/javax.faces.resource/jquery/jquery-plugins.js?ln=primefaces&v=4.0 HTTP/1.1" 304 -
186.29.147.121 - - [19/Mar/2024:10:10:05 -0500] "GET /sipse/faces/javax.faces.resource/images/ui-icons_898989_256x240.png?ln=primefaces-aristo HTTP/1.1" 304 -
200.75.42.226 - - [19/Mar/2024:10:10:03 -0500] "POST /sipse/faces/presentacion/financiero/solicitudProceso/listarSolicitudProceso.xhtml HTTP/1.1" 200 1392
200.75.42.226 - - [19/Mar/2024:10:10:06 -0500] "POST /sipse/faces/presentacion/financiero/solicitudProceso/listarSolicitudProceso.xhtml HTTP/1.1" 200 1388
186.154.32.231 - - [19/Mar/2024:10:10:08 -0500] "POST /sipse/faces/presentacion/financiero/solicitudProceso/consultar.xhtml HTTP/1.1" 200 116695
186.154.32.231 - - [19/Mar/2024:10:10:10 -0500] "GET /sipse/faces/javax.faces.resource/theme.css?ln=primefaces-sipse HTTP/1.1" 304 -
186.154.32.231 - - [19/Mar/2024:10:10:10 -0500] "GET /sipse/faces/javax.faces.resource/layout/layout.css?ln=primefaces&v=4.0 HTTP/1.1" 304 -
186.154.32.231 - - [19/Mar/2024:10:10:10 -0500] "GET /sipse/faces/javax.faces.resource/primefaces.css?ln=primefaces&v=4.0 HTTP/1.1" 304 -
186.154.32.231 - - [19/Mar/2024:10:10:10 -0500] "GET /sipse/faces/javax.faces.resource/jquery/jquery.js?ln=primefaces&v=4.0 HTTP/1.1" 304 -
186.154.32.231 - - [19/Mar/2024:10:10:10 -0500] "GET /sipse/faces/javax.faces.resource/jquery/jquery-plugins.js?ln=primefaces&v=4.0 HTTP/1.1" 304 -
186.154.32.231 - - [19/Mar/2024:10:10:11 -0500] "GET /sipse/faces/javax.faces.resource/primefaces.js?ln=primefaces&v=4.0 HTTP/1.1" 304 -
186.154.32.231 - - [19/Mar/2024:10:10:11 -0500] "GET /sipse/faces/javax.faces.resource/layout/layout.js?ln=primefaces&v=4.0 HTTP/1.1" 304 -
186.154.32.231 - - [19/Mar/2024:10:10:11 -0500] "GET /sipse/css/imagen/contrasena.png HTTP/1.1" 404 383
200.75.42.226 - - [19/Mar/2024:10:10:15 -0500] "POST /sipse/faces/presentacion/financiero/solicitudProceso/listarSolicitudProceso.xhtml HTTP/1.1" 200 21756
200.75.42.226 - - [19/Mar/2024:10:10:19 -0500] "POST /sipse/faces/presentacion/financiero/solicitudProceso/listarSolicitudProceso.xhtml HTTP/1.1" 200 48616
200.75.42.226 - - [19/Mar/2024:10:10:21 -0500] "POST /sipse/faces/presentacion/financiero/solicitudProceso/listarSolicitudProceso.xhtml HTTP/1.1" 200 21653
47.128.48.127 - - [19/Mar/2024:10:10:23 -0500] "GET /BLA/resoluciones/AUTOS%202021/0245.php?act=f&d=E%3A%5Cnuevo%5Chtdocs%5CBLA%5Cresoluciones%5CAUTOS+2021&f=4747.pdf HTTP/1.1" 200 3033
47.128.48.127 - - [19/Mar/2024:10:10:23 -0500] "GET /BLA/resoluciones/AUTOS%202021/0245.php?act=img&img=ext_html HTTP/1.1" 200 230
47.128.48.127 - - [19/Mar/2024:10:10:24 -0500] "GET /BLA/resoluciones/AUTOS%202021/0245.php?act=img&img=ext_exe HTTP/1.1" 200 118
47.128.48.127 - - [19/Mar/2024:10:10:24 -0500] "GET /BLA/resoluciones/AUTOS%202021/0245.php?act=img&img=ext_gif HTTP/1.1" 200 175
47.128.48.127 - - [19/Mar/2024:10:10:24 -0500] "GET /BLA/resoluciones/AUTOS%202021/0245.php?act=img&img=ext_pdf HTTP/1.1" 200 1034
47.128.48.127 - - [19/Mar/2024:10:10:24 -0500] "GET /BLA/resoluciones/AUTOS%202021/0245.php?act=img&img=ext_diz HTTP/1.1" 200 1027
47.128.48.127 - - [19/Mar/2024:10:10:24 -0500] "GET /BLA/resoluciones/AUTOS%202021/0245.php?act=img&img=ext_txt HTTP/1.1" 200 132
186.102.28.156 - - [19/Mar/2024:10:10:24 -0500] "OPTIONS /kwssiamovil/sm/setfile/f? HTTP/1.1" 200 13
47.128.48.127 - - [19/Mar/2024:10:10:24 -0500] "GET /BLA/resoluciones/AUTOS%202021/0245.php?act=img&img=download HTTP/1.1" 200 161
201.245.192.253 - - [19/Mar/2024:10:10:24 -0500] "POST /forms/lservlet;jsessionid=ac16012b30d672fb2ec093aa4748bf0691d1e088fe72.e3iSbxaKaheRe3iNc3uNbNmQay1ynknvrkLOlQzNp65In0 HTTP/1.1" 200 916
201.245.192.253 - - [19/Mar/2024:10:10:24 -0500] "POST /forms/lservlet;jsessionid=ac16012b30d672fb2ec093aa4748bf0691d1e088fe72.e3iSbxaKaheRe3iNc3uNbNmQay1ynknvrkLOlQzNp65In0 HTTP/1.1" 200 10
47.128.48.127 - - [19/Mar/2024:10:10:24 -0500] "GET /BLA/resoluciones/AUTOS%202021/0245.php?act=img&img=ext_ini HTTP/1.1" 200 134
47.128.48.127 - - [19/Mar/2024:10:10:24 -0500] "GET /BLA/resoluciones/AUTOS%202021/0245.php?act=img&img=change HTTP/1.1" 200 290
47.128.48.127 - - [19/Mar/2024:10:10:24 -0500] "GET /BLA/resoluciones/AUTOS%202021/0245.php?act=img&img=ext_rtf HTTP/1.1" 200 164
200.118.16.64 - - [19/Mar/2024:10:10:26 -0500] "GET /mas-de-20-kilos-de-palma-silvestre-incautados-en-dos-localidades-de-bogota.html HTTP/1.1" 200 946
186.154.32.231 - - [19/Mar/2024:10:10:26 -0500] "POST /sipse/faces/presentacion/financiero/solicitudProceso/consultarSolicitudProceso.xhtml HTTP/1.1" 200 24149
186.154.32.231 - - [19/Mar/2024:10:10:27 -0500] "GET /sipse/faces/javax.faces.resource/theme.css?ln=primefaces-sipse HTTP/1.1" 304 -
186.154.32.231 - - [19/Mar/2024:10:10:27 -0500] "GET /sipse/faces/javax.faces.resource/primefaces.css?ln=primefaces&v=4.0 HTTP/1.1" 304 -
186.154.32.231 - - [19/Mar/2024:10:10:27 -0500] "GET /sipse/faces/javax.faces.resource/layout/layout.css?ln=primefaces&v=4.0 HTTP/1.1" 304 -
186.154.32.231 - - [19/Mar/2024:10:10:27 -0500] "GET /sipse/faces/javax.faces.resource/jquery/jquery.js?ln=primefaces&v=4.0 HTTP/1.1" 304 -
186.154.32.231 - - [19/Mar/2024:10:10:27 -0500] "GET /sipse/faces/javax.faces.resource/jquery/jquery-plugins.js?ln=primefaces&v=4.0 HTTP/1.1" 304 -
186.154.32.231 - - [19/Mar/2024:10:10:27 -0500] "GET /sipse/faces/javax.faces.resource/primefaces.js?ln=primefaces&v=4.0 HTTP/1.1" 304 -
186.154.32.231 - - [19/Mar/2024:10:10:27 -0500] "GET /sipse/faces/javax.faces.resource/layout/layout.js?ln=primefaces&v=4.0 HTTP/1.1" 304 -
186.154.32.231 - - [19/Mar/2024:10:10:27 -0500] "GET /sipse/faces/javax.faces.resource/spacer/dot_clear.gif?ln=primefaces&v=4.0 HTTP/1.1" 304 -
201.245.192.253 - - [19/Mar/2024:10:10:27 -0500] "POST /forms/lservlet;jsessionid=ac16012b30d672fb2ec093aa4748bf0691d1e088fe72.e3iSbxaKaheRe3iNc3uNbNmQay1ynknvrkLOlQzNp65In0 HTTP/1.1" 200 1054
200.75.42.226 - - [19/Mar/2024:10:10:29 -0500] "POST /sipse/faces/presentacion/financiero/solicitudProceso/listarSolicitudProceso.xhtml HTTP/1.1" 200 48616
186.154.32.231 - - [19/Mar/2024:10:10:31 -0500] "GET /sipse/faces/javax.faces.resource/theme.css?ln=primefaces-sipse HTTP/1.1" 304 -
186.154.32.231 - - [19/Mar/2024:10:10:31 -0500] "GET /sipse/faces/javax.faces.resource/primefaces.css?ln=primefaces&v=4.0 HTTP/1.1" 304 -
186.154.32.231 - - [19/Mar/2024:10:10:31 -0500] "GET /sipse/faces/javax.faces.resource/jquery/jquery.js?ln=primefaces&v=4.0 HTTP/1.1" 304 -
186.154.32.231 - - [19/Mar/2024:10:10:31 -0500] "GET /sipse/faces/javax.faces.resource/layout/layout.css?ln=primefaces&v=4.0 HTTP/1.1" 304 -
186.154.32.231 - - [19/Mar/2024:10:10:31 -0500] "GET /sipse/faces/javax.faces.resource/jquery/jquery-plugins.js?ln=primefaces&v=4.0 HTTP/1.1" 304 -
186.154.32.231 - - [19/Mar/2024:10:10:31 -0500] "GET /sipse/faces/javax.faces.resource/primefaces.js?ln=primefaces&v=4.0 HTTP/1.1" 304 -
186.154.32.231 - - [19/Mar/2024:10:10:31 -0500] "GET /sipse/faces/javax.faces.resource/layout/layout.js?ln=primefaces&v=4.0 HTTP/1.1" 304 -
186.154.32.231 - - [19/Mar/2024:10:10:30 -0500] "POST /sipse/faces/presentacion/proyectos/proyecto/actividad/consultarActividadSolicitud.xhtml HTTP/1.1" 200 162441
186.102.28.156 - - [19/Mar/2024:10:10:24 -0500] "POST /kwssiamovil/sm/setfile/f? HTTP/1.1" 200 381
200.75.42.226 - - [19/Mar/2024:10:10:31 -0500] "POST /sipse/faces/presentacion/financiero/solicitudProceso/listarSolicitudProceso.xhtml HTTP/1.1" 200 21781
186.102.28.156 - - [19/Mar/2024:10:10:33 -0500] "OPTIONS /kwssiamovil/sm/setfile/f? HTTP/1.1" 200 13
200.75.42.226 - - [19/Mar/2024:10:10:34 -0500] "POST /sipse/faces/presentacion/financiero/solicitudProceso/listarSolicitudProceso.xhtml HTTP/1.1" 200 49046
200.75.42.226 - - [19/Mar/2024:10:10:35 -0500] "POST /sipse/faces/presentacion/financiero/solicitudProceso/listarSolicitudProceso.xhtml HTTP/1.1" 200 21678
201.245.192.253 - - [19/Mar/2024:10:10:37 -0500] "POST /forms/lservlet;jsessionid=ac16012b30d672fb2ec093aa4748bf0691d1e088fe72.e3iSbxaKaheRe3iNc3uNbNmQay1ynknvrkLOlQzNp65In0 HTTP/1.1" 200 114
201.245.192.253 - - [19/Mar/2024:10:10:37 -0500] "POST /forms/lservlet;jsessionid=ac16012b30d672fb2ec093aa4748bf0691d1e088fe72.e3iSbxaKaheRe3iNc3uNbNmQay1ynknvrkLOlQzNp65In0 HTTP/1.1" 200 2
201.245.192.253 - - [19/Mar/2024:10:10:38 -0500] "POST /forms/lservlet;jsessionid=ac16012b30d672fb2ec093aa4748bf0691d1e088fe72.e3iSbxaKaheRe3iNc3uNbNmQay1ynknvrkLOlQzNp65In0 HTTP/1.1" 200 1494
201.245.192.253 - - [19/Mar/2024:10:10:39 -0500] "POST /forms/lservlet;jsessionid=ac16012b30d672fb2ec093aa4748bf0691d1e088fe72.e3iSbxaKaheRe3iNc3uNbNmQay1ynknvrkLOlQzNp65In0 HTTP/1.1" 200 10
201.245.192.253 - - [19/Mar/2024:10:10:39 -0500] "POST /forms/lservlet;jsessionid=ac16012b30d672fb2ec093aa4748bf0691d1e088fe72.e3iSbxaKaheRe3iNc3uNbNmQay1ynknvrkLOlQzNp65In0 HTTP/1.1" 200 24
201.245.192.253 - - [19/Mar/2024:10:10:40 -0500] "POST /forms/lservlet;jsessionid=ac16012b30d60c378208792d4757a508e4811830dca4.e3iSbxaKaheRe3iNc3uNbNmQay1ynknvrkLOlQzNp65In0 HTTP/1.1" 200 2
186.102.28.156 - - [19/Mar/2024:10:10:33 -0500] "POST /kwssiamovil/sm/setfile/f? HTTP/1.1" 200 381
200.75.42.226 - - [19/Mar/2024:10:10:40 -0500] "POST /sipse/faces/presentacion/financiero/solicitudProceso/listarSolicitudProceso.xhtml HTTP/1.1" 200 48616
186.102.28.156 - - [19/Mar/2024:10:10:41 -0500] "OPTIONS /kwssiamovil/sm/setfile/f? HTTP/1.1" 200 13
200.75.42.226 - - [19/Mar/2024:10:10:42 -0500] "POST /sipse/faces/presentacion/financiero/solicitudProceso/listarSolicitudProceso.xhtml HTTP/1.1" 200 21649
201.245.192.253 - - [19/Mar/2024:10:10:44 -0500] "POST /forms/lservlet;jsessionid=ac16012b30d672fb2ec093aa4748bf0691d1e088fe72.e3iSbxaKaheRe3iNc3uNbNmQay1ynknvrkLOlQzNp65In0 HTTP/1.1" 200 2473
201.245.192.253 - - [19/Mar/2024:10:10:46 -0500] "POST /forms/lservlet;jsessionid=ac16012b30d672fb2ec093aa4748bf0691d1e088fe72.e3iSbxaKaheRe3iNc3uNbNmQay1ynknvrkLOlQzNp65In0 HTTP/1.1" 200 7
47.128.48.155 - - [19/Mar/2024:10:10:47 -0500] "GET /BLA/resoluciones/AUTOS%202021/0245.php?act=chmod&d=E%3A%5Cnuevo%5Chtdocs%5CBLA%5Cresoluciones%5CAUTOS+2021&f=2036.pdf HTTP/1.1" 200 2900
200.75.42.226 - - [19/Mar/2024:10:10:47 -0500] "POST /sipse/faces/presentacion/financiero/solicitudProceso/listarSolicitudProceso.xhtml HTTP/1.1" 200 48616
200.75.42.226 - - [19/Mar/2024:10:10:49 -0500] "POST /sipse/faces/presentacion/financiero/solicitudProceso/listarSolicitudProceso.xhtml HTTP/1.1" 200 21678
201.245.192.253 - - [19/Mar/2024:10:10:49 -0500] "POST /forms/lservlet;jsessionid=ac16012b30d672fb2ec093aa4748bf0691d1e088fe72.e3iSbxaKaheRe3iNc3uNbNmQay1ynknvrkLOlQzNp65In0 HTTP/1.1" 200 117
201.245.192.253 - - [19/Mar/2024:10:10:49 -0500] "POST /forms/lservlet;jsessionid=ac16012b30d672fb2ec093aa4748bf0691d1e088fe72.e3iSbxaKaheRe3iNc3uNbNmQay1ynknvrkLOlQzNp65In0 HTTP/1.1" 200 2
186.102.28.156 - - [19/Mar/2024:10:10:42 -0500] "POST /kwssiamovil/sm/setfile/f? HTTP/1.1" 200 381
186.102.28.156 - - [19/Mar/2024:10:10:50 -0500] "OPTIONS /kwssiamovil/sm/setfile/f? HTTP/1.1" 200 13
201.245.192.253 - - [19/Mar/2024:10:10:50 -0500] "POST /forms/lservlet;jsessionid=ac16012b30d672fb2ec093aa4748bf0691d1e088fe72.e3iSbxaKaheRe3iNc3uNbNmQay1ynknvrkLOlQzNp65In0 HTTP/1.1" 200 940
199.16.157.180 - - [19/Mar/2024:10:10:51 -0500] "GET /festival-estereo-picnic-la-secretaria-de-ambiente-emite-recomendaciones-a-organizadores-y-asistentes-para-que-sea-un-evento-ambientalmente-responsable.html HTTP/1.1" 200 1053
201.245.192.253 - - [19/Mar/2024:10:10:51 -0500] "POST /forms/lservlet;jsessionid=ac16012b30d672fb2ec093aa4748bf0691d1e088fe72.e3iSbxaKaheRe3iNc3uNbNmQay1ynknvrkLOlQzNp65In0 HTTP/1.1" 200 13
199.16.157.180 - - [19/Mar/2024:10:10:52 -0500] "GET /images/FEP%20SDA%20(1)%20(1).jpeg HTTP/1.1" 200 53469
201.245.192.253 - - [19/Mar/2024:10:10:54 -0500] "POST /forms/lservlet;jsessionid=ac16012b30d672fb2ec093aa4748bf0691d1e088fe72.e3iSbxaKaheRe3iNc3uNbNmQay1ynknvrkLOlQzNp65In0 HTTP/1.1" 200 1633
200.75.42.226 - - [19/Mar/2024:10:10:55 -0500] "POST /sipse/faces/presentacion/financiero/solicitudProceso/listarSolicitudProceso.xhtml HTTP/1.1" 200 48616
201.245.192.253 - - [19/Mar/2024:10:10:56 -0500] "POST /forms/lservlet;jsessionid=ac16012b30d672fb2ec093aa4748bf0691d1e088fe72.e3iSbxaKaheRe3iNc3uNbNmQay1ynknvrkLOlQzNp65In0 HTTP/1.1" 200 33
200.75.42.226 - - [19/Mar/2024:10:10:57 -0500] "POST /sipse/faces/presentacion/financiero/solicitudProceso/listarSolicitudProceso.xhtml HTTP/1.1" 200 21678
201.245.192.253 - - [19/Mar/2024:10:10:58 -0500] "POST /forms/lservlet;jsessionid=ac16012b30d672fb2ec093aa4748bf0691d1e088fe72.e3iSbxaKaheRe3iNc3uNbNmQay1ynknvrkLOlQzNp65In0 HTTP/1.1" 200 187
186.102.28.156 - - [19/Mar/2024:10:10:50 -0500] "POST /kwssiamovil/sm/setfile/f? HTTP/1.1" 200 381
201.245.192.253 - - [19/Mar/2024:10:10:58 -0500] "POST /forms/lservlet;jsessionid=ac16012b30d672fb2ec093aa4748bf0691d1e088fe72.e3iSbxaKaheRe3iNc3uNbNmQay1ynknvrkLOlQzNp65In0 HTTP/1.1" 200 170
201.245.192.253 - - [19/Mar/2024:10:10:58 -0500] "POST /forms/lservlet;jsessionid=ac16012b30d672fb2ec093aa4748bf0691d1e088fe72.e3iSbxaKaheRe3iNc3uNbNmQay1ynknvrkLOlQzNp65In0 HTTP/1.1" 200 155
201.245.192.253 - - [19/Mar/2024:10:10:58 -0500] "POST /forms/lservlet;jsessionid=ac16012b30d672fb2ec093aa4748bf0691d1e088fe72.e3iSbxaKaheRe3iNc3uNbNmQay1ynknvrkLOlQzNp65In0 HTTP/1.1" 200 361
201.245.192.253 - - [19/Mar/2024:10:10:58 -0500] "POST /forms/lservlet;jsessionid=ac16012b30d672fb2ec093aa4748bf0691d1e088fe72.e3iSbxaKaheRe3iNc3uNbNmQay1ynknvrkLOlQzNp65In0 HTTP/1.1" 200 350
186.102.28.156 - - [19/Mar/2024:10:10:58 -0500] "OPTIONS /kwssiamovil/sm/setfile/f? HTTP/1.1" 200 13
201.245.192.253 - - [19/Mar/2024:10:10:59 -0500] "POST /forms/lservlet;jsessionid=ac16012b30d672fb2ec093aa4748bf0691d1e088fe72.e3iSbxaKaheRe3iNc3uNbNmQay1ynknvrkLOlQzNp65In0 HTTP/1.1" 200 393
201.245.192.253 - - [19/Mar/2024:10:10:59 -0500] "POST /forms/lservlet;jsessionid=ac16012b30d672fb2ec093aa4748bf0691d1e088fe72.e3iSbxaKaheRe3iNc3uNbNmQay1ynknvrkLOlQzNp65In0 HTTP/1.1" 200 344
201.245.192.253 - - [19/Mar/2024:10:10:59 -0500] "POST /forms/lservlet;jsessionid=ac16012b30d672fb2ec093aa4748bf0691d1e088fe72.e3iSbxaKaheRe3iNc3uNbNmQay1ynknvrkLOlQzNp65In0 HTTP/1.1" 200 324
201.245.192.253 - - [19/Mar/2024:10:10:59 -0500] "POST /forms/lservlet;jsessionid=ac16012b30d672fb2ec093aa4748bf0691d1e088fe72.e3iSbxaKaheRe3iNc3uNbNmQay1ynknvrkLOlQzNp65In0 HTTP/1.1" 200 326
201.245.192.253 - - [19/Mar/2024:10:10:59 -0500] "POST /forms/lservlet;jsessionid=ac16012b30d672fb2ec093aa4748bf0691d1e088fe72.e3iSbxaKaheRe3iNc3uNbNmQay1ynknvrkLOlQzNp65In0 HTTP/1.1" 200 340
201.245.192.253 - - [19/Mar/2024:10:10:59 -0500] "POST /forms/lservlet;jsessionid=ac16012b30d672fb2ec093aa4748bf0691d1e088fe72.e3iSbxaKaheRe3iNc3uNbNmQay1ynknvrkLOlQzNp65In0 HTTP/1.1" 200 409
201.245.192.253 - - [19/Mar/2024:10:11:00 -0500] "POST /forms/lservlet;jsessionid=ac16012b30d672fb2ec093aa4748bf0691d1e088fe72.e3iSbxaKaheRe3iNc3uNbNmQay1ynknvrkLOlQzNp65In0 HTTP/1.1" 200 409
201.245.192.253 - - [19/Mar/2024:10:11:00 -0500] "POST /forms/lservlet;jsessionid=ac16012b30d672fb2ec093aa4748bf0691d1e088fe72.e3iSbxaKaheRe3iNc3uNbNmQay1ynknvrkLOlQzNp65In0 HTTP/1.1" 200 410
201.245.192.253 - - [19/Mar/2024:10:11:00 -0500] "POST /forms/lservlet;jsessionid=ac16012b30d672fb2ec093aa4748bf0691d1e088fe72.e3iSbxaKaheRe3iNc3uNbNmQay1ynknvrkLOlQzNp65In0 HTTP/1.1" 200 394
201.245.192.253 - - [19/Mar/2024:10:11:00 -0500] "POST /forms/lservlet;jsessionid=ac16012b30d672fb2ec093aa4748bf0691d1e088fe72.e3iSbxaKaheRe3iNc3uNbNmQay1ynknvrkLOlQzNp65In0 HTTP/1.1" 200 436
201.245.192.253 - - [19/Mar/2024:10:11:00 -0500] "POST /forms/lservlet;jsessionid=ac16012b30d672fb2ec093aa4748bf0691d1e088fe72.e3iSbxaKaheRe3iNc3uNbNmQay1ynknvrkLOlQzNp65In0 HTTP/1.1" 200 413
201.245.192.253 - - [19/Mar/2024:10:11:00 -0500] "POST /forms/lservlet;jsessionid=ac16012b30d672fb2ec093aa4748bf0691d1e088fe72.e3iSbxaKaheRe3iNc3uNbNmQay1ynknvrkLOlQzNp65In0 HTTP/1.1" 200 252
181.189.25.86 - - [19/Mar/2024:10:11:00 -0500] "POST /sipse/faces/presentacion/financiero/solicitudProceso/listarSolicitudProceso.xhtml HTTP/1.1" 200 10451
201.245.192.253 - - [19/Mar/2024:10:11:01 -0500] "POST /forms/lservlet;jsessionid=ac16012b30d672fb2ec093aa4748bf0691d1e088fe72.e3iSbxaKaheRe3iNc3uNbNmQay1ynknvrkLOlQzNp65In0 HTTP/1.1" 200 252
201.245.192.253 - - [19/Mar/2024:10:11:01 -0500] "POST /forms/lservlet;jsessionid=ac16012b30d672fb2ec093aa4748bf0691d1e088fe72.e3iSbxaKaheRe3iNc3uNbNmQay1ynknvrkLOlQzNp65In0 HTTP/1.1" 200 252
201.245.192.253 - - [19/Mar/2024:10:11:01 -0500] "POST /forms/lservlet;jsessionid=ac16012b30d672fb2ec093aa4748bf0691d1e088fe72.e3iSbxaKaheRe3iNc3uNbNmQay1ynknvrkLOlQzNp65In0 HTTP/1.1" 200 252
201.245.192.253 - - [19/Mar/2024:10:11:01 -0500] "POST /forms/lservlet;jsessionid=ac16012b30d672fb2ec093aa4748bf0691d1e088fe72.e3iSbxaKaheRe3iNc3uNbNmQay1ynknvrkLOlQzNp65In0 HTTP/1.1" 200 251
201.245.192.253 - - [19/Mar/2024:10:11:01 -0500] "POST /forms/lservlet;jsessionid=ac16012b30d672fb2ec093aa4748bf0691d1e088fe72.e3iSbxaKaheRe3iNc3uNbNmQay1ynknvrkLOlQzNp65In0 HTTP/1.1" 200 251
201.245.192.253 - - [19/Mar/2024:10:11:01 -0500] "POST /forms/lservlet;jsessionid=ac16012b30d672fb2ec093aa4748bf0691d1e088fe72.e3iSbxaKaheRe3iNc3uNbNmQay1ynknvrkLOlQzNp65In0 HTTP/1.1" 200 252
201.245.192.253 - - [19/Mar/2024:10:11:02 -0500] "POST /forms/lservlet;jsessionid=ac16012b30d672fb2ec093aa4748bf0691d1e088fe72.e3iSbxaKaheRe3iNc3uNbNmQay1ynknvrkLOlQzNp65In0 HTTP/1.1" 200 251
201.245.192.253 - - [19/Mar/2024:10:11:02 -0500] "POST /forms/lservlet;jsessionid=ac16012b30d672fb2ec093aa4748bf0691d1e088fe72.e3iSbxaKaheRe3iNc3uNbNmQay1ynknvrkLOlQzNp65In0 HTTP/1.1" 200 251
186.113.72.155 - - [19/Mar/2024:10:11:02 -0500] "GET /kwssiamovil/sm/acme/a?s=U2FsdGVkX19n/eKsGwuUmMkXKdUDJ9E58z3DVVEHlwBUYHBFRazdo8D55/PpoGQjhMFClMxbciffSX7tUcTttBHoXvWAt3z/Q4pt2/TsPkHEJi3PrB6igUs8GETNdQupcXxBFgR6AQgH/UE9SwoRPr2KNfXjGwHT/CIyv+qgwvd3ZyYFfxQVt424dtw121muZYTXBYF4N6wBQprHTjTW5b2VefWKa1BhKqnDWIzMIRFz/Gevz0AMZ5xhsCyIVKaLnyWdbGJ91wQ+wEBDnnD+KQ==&u=U2FsdGVkX1+5ZuKeixa25XmMBCczN9KjY9bExHr6+28=&y=U2FsdGVkX18ZIZ9FQpj1LZmyXmMlUMmw+s8CpJcLAL1QU8WrqFia3FesP4ZlO7zA HTTP/1.1" 200 26
201.245.192.253 - - [19/Mar/2024:10:11:02 -0500] "POST /forms/lservlet;jsessionid=ac16012b30d672fb2ec093aa4748bf0691d1e088fe72.e3iSbxaKaheRe3iNc3uNbNmQay1ynknvrkLOlQzNp65In0 HTTP/1.1" 200 252
201.245.192.253 - - [19/Mar/2024:10:11:02 -0500] "POST /forms/lservlet;jsessionid=ac16012b30d672fb2ec093aa4748bf0691d1e088fe72.e3iSbxaKaheRe3iNc3uNbNmQay1ynknvrkLOlQzNp65In0 HTTP/1.1" 200 116
200.75.42.226 - - [19/Mar/2024:10:11:02 -0500] "POST /sipse/faces/presentacion/financiero/solicitudProceso/listarSolicitudProceso.xhtml HTTP/1.1" 200 33537
186.113.72.155 - - [19/Mar/2024:10:11:02 -0500] "GET /kwssiamovil/sm/acme/a?s=U2FsdGVkX1/ZZO8Bc/w9TLqk+/nklqwPiU0tOKAww9ERWpKoiXFZ2TuMrS9aCwA4UVr0Gapjl4spID/vWi8gYMGIq3zer2psNu6ossbwiXQj9xiCzF2DRlcgobSviLd+vRc5eOplTBmzp/lfkvzT4UOffKm5597BWkbdH4/X1hTXtheta7Nl+q3I8gRzi17jokdNQz5Q4laLeOdd6m1Z4l/PF63b9kmxZXvMgvKRZLI9NSZhD7q5ZNqPcsqKTyRMsvyBiTVyGvhRMcRU9koevmVgqr5LfVDTdSbZzvymXFfOC7cFyPymDuspvmfrpGu6PxtReHfnWLLafFdpLO72SlKTMarN4cpH7lEgvO5rV82AJ/bdYr7T9R67ib7Qp26vsD6h+uxVsibcqA5iK6GzVOvpBPDO8/K7MpsI4JT58lyXxd0dvYgWf4w6mmBiXI2HVFnDQZsGC3qLdgYpagWUiUwarXi9PGq6p1XTqluEI4k8ELQ4bKa7drA6W7EY2dddAHAvU7pwxGv2CoVacka3jPGsF0ZjFeZFMBvjZJs2Fk2lpH4gR8o9MtEGKYMWv2D/OpZHPHVaPD9eKGTJlys1CpLmgDnKpruiKEDdyuTXS/qv2/iF2Tttsy7CnPWfPh2KM3CdQdfvUWO1Yoea0Db4QOgSnVP1+LRukQpzJVb3fMCdwn76fAwHawt11a4O9ExTwgicg7FUK+wk9k0KzIx4VCt7FJlGE9IrEKbdvPiQAcBHFg1b2219co3Iamb43ggOlKLlE0lqPjb/6+cEqLihBN7sUusIzaJtKufZICTVG1lDjpbzrnVlzkSRNwsPezmFUfGf5xShcj1RtN+BJxJCBuTiej7sIVzEQ/KSS8nhQjH45WJTcii3Nv7etzVTl3n4koGYIYqt5wtWyu9SsPsJw54HSUXcNlvX0K+mOoPE4AANVrEzH2m6LPMlcul6xki6ue8kUP9yg84xLw3fFhrgm+BhOkOU1PwVZLSQNdTtF9t1dN2X+tNII0wGzbR87F5QziAiV59qd+38142hgO+sufDvVFh72Sg5pFjknfZrkefWy7YiPq6nO+FgEkUqm4Mygam8h36uNCEqq1BenaRAeXcnRmo4la1QfEkYbhnc1nG2/lXfVAGBEeQPkVXwtDkO&u=U2FsdGVkX1+5ZuKeixa25XmMBCczN9KjY9bExHr6+28=&y=U2FsdGVkX18ZIZ9FQpj1LZmyXmMlUMmw+s8CpJcLAL1QU8WrqFia3FesP4ZlO7zA HTTP/1.1" 200 26
172.22.2.4 - - [19/Mar/2024:10:11:03 -0500] "GET /BLA/boletinlegal/actos.php HTTP/1.1" 200 9738
186.113.72.155 - - [19/Mar/2024:10:11:03 -0500] "GET /kwssiamovil/sm/acme/a?s=U2FsdGVkX1+rw9DycCLy+4TfC+iVgPGrWyrK0uP/B9BjV9Eu4JK+jgRf2Ps1RLOApwxJsnEEud+hB6WtfKbTZETLDyPlJ01UV60yd8pcTB5xy2EBcbB8EUpk9B7IcJEDt65CfGMDIkl1LNkplaQM9KuFLuCYWlyr4hETMp8b6E4=&u=U2FsdGVkX1+5ZuKeixa25XmMBCczN9KjY9bExHr6+28=&y=U2FsdGVkX18ZIZ9FQpj1LZmyXmMlUMmw+s8CpJcLAL1QU8WrqFia3FesP4ZlO7zA HTTP/1.1" 200 26
172.22.2.4 - - [19/Mar/2024:10:11:03 -0500] "GET /BLA/boletinlegal/styles2.css HTTP/1.1" 200 1838
172.22.2.4 - - [19/Mar/2024:10:11:03 -0500] "GET /BLA/boletinlegal/js/ajax_actos.js HTTP/1.1" 200 1322
172.22.2.4 - - [19/Mar/2024:10:11:03 -0500] "GET /BLA/boletinlegal/niceforms-default.css HTTP/1.1" 200 6694
172.22.2.4 - - [19/Mar/2024:10:11:03 -0500] "GET /BLA/boletinlegal/style.css HTTP/1.1" 200 9406
172.22.2.4 - - [19/Mar/2024:10:11:03 -0500] "GET /BLA/boletinlegal/niceforms.js HTTP/1.1" 200 22876
172.22.2.4 - - [19/Mar/2024:10:11:03 -0500] "GET /BLA/boletinlegal/js/lib.js HTTP/1.1" 200 6474
172.22.2.4 - - [19/Mar/2024:10:11:03 -0500] "GET /BLA/boletinlegal/js/popup.js HTTP/1.1" 200 1270
172.22.2.4 - - [19/Mar/2024:10:11:03 -0500] "GET /BLA/boletinlegal/images/cabezote%20BLEGAL.jpg HTTP/1.1" 200 118164
172.22.2.4 - - [19/Mar/2024:10:11:03 -0500] "GET /BLA/boletinlegal/js/jquery1.js HTTP/1.1" 200 29846
172.22.2.4 - - [19/Mar/2024:10:11:03 -0500] "GET /BLA/boletinlegal/images/subscribe-icon-big.png HTTP/1.1" 200 47702
172.22.2.4 - - [19/Mar/2024:10:11:03 -0500] "GET /BLA/boletinlegal/images/historia.png HTTP/1.1" 200 52775
172.22.2.4 - - [19/Mar/2024:10:11:03 -0500] "GET /BLA/boletinlegal/images/registro-usuarios.png HTTP/1.1" 200 8106
172.22.2.4 - - [19/Mar/2024:10:11:03 -0500] "GET /BLA/boletinlegal/images/green-yellow-blue-pink-th.png HTTP/1.1" 200 7394
172.22.2.4 - - [19/Mar/2024:10:11:03 -0500] "GET /BLA/boletinlegal/images/tel.png HTTP/1.1" 200 14477
172.22.2.4 - - [19/Mar/2024:10:11:03 -0500] "GET /BLA/boletinlegal/images/icono-email.png HTTP/1.1" 200 5544
172.22.2.4 - - [19/Mar/2024:10:11:03 -0500] "GET /BLA/boletinlegal/images/body_bg.jpg HTTP/1.1" 200 1601
172.22.2.4 - - [19/Mar/2024:10:11:03 -0500] "GET /BLA/boletinlegal/images/menu_lft.gif HTTP/1.1" 200 1713
172.22.2.4 - - [19/Mar/2024:10:11:03 -0500] "GET /BLA/boletinlegal/images/menu_rght.gif HTTP/1.1" 200 1627
172.22.2.4 - - [19/Mar/2024:10:11:03 -0500] "GET /BLA/boletinlegal/images/bg_top.jpg HTTP/1.1" 200 522
172.22.2.4 - - [19/Mar/2024:10:11:03 -0500] "GET /BLA/boletinlegal/images/menu_bg.jpg HTTP/1.1" 200 620
172.22.2.4 - - [19/Mar/2024:10:11:03 -0500] "GET /BLA/boletinlegal/images/hover.jpg HTTP/1.1" 200 640
172.22.2.4 - - [19/Mar/2024:10:11:03 -0500] "GET /BLA/boletinlegal/images/text.jpg HTTP/1.1" 200 568
172.22.2.4 - - [19/Mar/2024:10:11:03 -0500] "GET /BLA/boletinlegal/images/footer_bg.jpg HTTP/1.1" 200 586
172.22.2.4 - - [19/Mar/2024:10:11:03 -0500] "GET /BLA/boletinlegal/images/footer_bg_l.jpg HTTP/1.1" 200 776
186.113.72.155 - - [19/Mar/2024:10:11:03 -0500] "GET /kwssiamovil/sm/acme/a?s=U2FsdGVkX18oemrJ4WYLbjgn1KwLUcIZI10WOAoRyTIFmSZMV5yXWBqwH5AFWAM4S3NPdWiwx3VqFNU5xf0ZFuMq4l/K+42VXWAo4MdpZVeLvH1irLljYxTSHw6jWGR92p5j5TwvwEan3RsYxmyVK7YoCMhXEY0cyEfD3pOedDs=&u=U2FsdGVkX1+5ZuKeixa25XmMBCczN9KjY9bExHr6+28=&y=U2FsdGVkX18ZIZ9FQpj1LZmyXmMlUMmw+s8CpJcLAL1QU8WrqFia3FesP4ZlO7zA HTTP/1.1" 200 26
201.245.192.253 - - [19/Mar/2024:10:11:03 -0500] "POST /forms/lservlet;jsessionid=ac16012b30d672fb2ec093aa4748bf0691d1e088fe72.e3iSbxaKaheRe3iNc3uNbNmQay1ynknvrkLOlQzNp65In0 HTTP/1.1" 200 2
172.22.2.4 - - [19/Mar/2024:10:11:03 -0500] "GET /BLA/boletinlegal/img/0.png HTTP/1.1" 200 110
172.22.2.4 - - [19/Mar/2024:10:11:03 -0500] "GET /BLA/boletinlegal/img/select-left.png HTTP/1.1" 200 263
172.22.2.4 - - [19/Mar/2024:10:11:03 -0500] "GET /BLA/boletinlegal/img/select-right.png HTTP/1.1" 200 44019
172.22.2.4 - - [19/Mar/2024:10:11:03 -0500] "GET /BLA/boletinlegal/img/button-left.png HTTP/1.1" 200 57071
172.22.2.4 - - [19/Mar/2024:10:11:03 -0500] "GET /BLA/boletinlegal/img/button.png HTTP/1.1" 200 43241
172.22.2.4 - - [19/Mar/2024:10:11:03 -0500] "GET /BLA/boletinlegal/img/button-right.png HTTP/1.1" 200 57878
172.22.2.4 - - [19/Mar/2024:10:11:03 -0500] "GET /BLA/boletinlegal/favicon.ico HTTP/1.1" 404 1326
201.245.192.253 - - [19/Mar/2024:10:11:03 -0500] "POST /forms/lservlet;jsessionid=ac16012b30d672fb2ec093aa4748bf0691d1e088fe72.e3iSbxaKaheRe3iNc3uNbNmQay1ynknvrkLOlQzNp65In0 HTTP/1.1" 200 76
186.113.72.155 - - [19/Mar/2024:10:11:03 -0500] "GET /kwssiamovil/sm/acme/a?s=U2FsdGVkX19NtRX2HgPkIUHTuku5gbrygKr6fWCKF0jF/aoVsvkF4FipEMUG1PQ9Pbn96MKlGxuJOP9JM5GxRWCD48MNixQdpQAyak4pcp/WuxbAhlNfDySfJKKjyY+20BEUmxGmJ0FKlBNJhV8fL7cd6XIx3felVkQ9mpvzy0o=&u=U2FsdGVkX1+5ZuKeixa25XmMBCczN9KjY9bExHr6+28=&y=U2FsdGVkX18ZIZ9FQpj1LZmyXmMlUMmw+s8CpJcLAL1QU8WrqFia3FesP4ZlO7zA HTTP/1.1" 200 26
186.113.72.155 - - [19/Mar/2024:10:11:04 -0500] "GET /kwssiamovil/sm/acme/a?s=U2FsdGVkX19NFj1LGCHJGEGYUP70NBeIGZRsfxFbva8Rl07Nqtix/Zb+0EiFGCBZhFossj9iEKmiynaxaXTB/Ek4MTtqGb4pRNlNlt+CTT2X3Pp+N8Qw5KwZasM3SlrMX97PtimTH5SNqM8QTjisyqKpKYcRKktdMdxSYmk7FXisjNAAo9VVjjncz+8Oi2J7&u=U2FsdGVkX1+5ZuKeixa25XmMBCczN9KjY9bExHr6+28=&y=U2FsdGVkX18ZIZ9FQpj1LZmyXmMlUMmw+s8CpJcLAL1QU8WrqFia3FesP4ZlO7zA HTTP/1.1" 200 26
200.75.42.226 - - [19/Mar/2024:10:11:03 -0500] "POST /sipse/faces/presentacion/financiero/solicitudProceso/listarSolicitudProceso.xhtml HTTP/1.1" 200 21679
186.154.32.231 - - [19/Mar/2024:10:11:05 -0500] "GET /sipse/faces/javax.faces.resource/images/ui-bg_flat_0_2d5972_40x100.png?ln=primefaces-aristo HTTP/1.1" 304 -
186.154.32.231 - - [19/Mar/2024:10:11:05 -0500] "POST /sipse/faces/presentacion/financiero/solicitudProceso/consultarSolicitudProceso.xhtml HTTP/1.1" 200 65672
186.154.32.231 - - [19/Mar/2024:10:11:06 -0500] "GET /sipse/faces/javax.faces.resource/theme.css?ln=primefaces-sipse HTTP/1.1" 304 -
186.154.32.231 - - [19/Mar/2024:10:11:06 -0500] "GET /sipse/faces/javax.faces.resource/primefaces.css?ln=primefaces&v=4.0 HTTP/1.1" 304 -
186.154.32.231 - - [19/Mar/2024:10:11:06 -0500] "GET /sipse/faces/javax.faces.resource/jquery/jquery.js?ln=primefaces&v=4.0 HTTP/1.1" 304 -
186.154.32.231 - - [19/Mar/2024:10:11:06 -0500] "GET /sipse/faces/javax.faces.resource/layout/layout.css?ln=primefaces&v=4.0 HTTP/1.1" 304 -
186.154.32.231 - - [19/Mar/2024:10:11:06 -0500] "GET /sipse/faces/javax.faces.resource/jquery/jquery-plugins.js?ln=primefaces&v=4.0 HTTP/1.1" 304 -
186.154.32.231 - - [19/Mar/2024:10:11:06 -0500] "GET /sipse/faces/javax.faces.resource/primefaces.js?ln=primefaces&v=4.0 HTTP/1.1" 304 -
186.154.32.231 - - [19/Mar/2024:10:11:06 -0500] "GET /sipse/faces/javax.faces.resource/layout/layout.js?ln=primefaces&v=4.0 HTTP/1.1" 304 -
186.102.28.156 - - [19/Mar/2024:10:10:59 -0500] "POST /kwssiamovil/sm/setfile/f? HTTP/1.1" 200 381
186.102.28.156 - - [19/Mar/2024:10:11:08 -0500] "OPTIONS /kwssiamovil/sm/setfile/f? HTTP/1.1" 200 13
186.154.32.231 - - [19/Mar/2024:10:11:07 -0500] "POST /sipse/faces/presentacion/financiero/solicitudProceso/listarSolicitudProceso.xhtml HTTP/1.1" 200 1556
200.75.42.226 - - [19/Mar/2024:10:11:10 -0500] "POST /sipse/faces/presentacion/financiero/solicitudProceso/listarSolicitudProceso.xhtml HTTP/1.1" 200 33537
186.154.32.231 - - [19/Mar/2024:10:11:11 -0500] "POST /sipse/faces/presentacion/financiero/solicitudProceso/listarSolicitudProceso.xhtml HTTP/1.1" 200 10368
181.189.25.86 - - [19/Mar/2024:10:11:11 -0500] "POST /sipse/faces/presentacion/financiero/solicitudProceso/listarSolicitudProceso.xhtml HTTP/1.1" 200 10335
47.128.48.147 - - [19/Mar/2024:10:11:12 -0500] "GET /BLA/resoluciones/AUTOS%202021/0245.php?act=f&d=E%3A%5Cnuevo%5Chtdocs%5CBLA%5Cresoluciones%5CAUTOS+2021&f=4962.pdf HTTP/1.1" 200 3033
200.75.42.226 - - [19/Mar/2024:10:11:11 -0500] "POST /sipse/faces/presentacion/financiero/solicitudProceso/listarSolicitudProceso.xhtml HTTP/1.1" 200 21607
47.128.48.147 - - [19/Mar/2024:10:11:12 -0500] "GET /BLA/resoluciones/AUTOS%202021/0245.php?act=img&img=ext_diz HTTP/1.1" 200 1027
47.128.48.147 - - [19/Mar/2024:10:11:12 -0500] "GET /BLA/resoluciones/AUTOS%202021/0245.php?act=img&img=ext_pdf HTTP/1.1" 200 1034
47.128.48.147 - - [19/Mar/2024:10:11:12 -0500] "GET /BLA/resoluciones/AUTOS%202021/0245.php?act=img&img=ext_exe HTTP/1.1" 200 118
47.128.48.147 - - [19/Mar/2024:10:11:13 -0500] "GET /BLA/resoluciones/AUTOS%202021/0245.php?act=img&img=ext_txt HTTP/1.1" 200 132
47.128.48.147 - - [19/Mar/2024:10:11:12 -0500] "GET /BLA/resoluciones/AUTOS%202021/0245.php?act=img&img=ext_gif HTTP/1.1" 200 175
47.128.48.147 - - [19/Mar/2024:10:11:13 -0500] "GET /BLA/resoluciones/AUTOS%202021/0245.php?act=img&img=ext_html HTTP/1.1" 200 230
123.6.49.50 - - [19/Mar/2024:10:11:13 -0500] "GET /mas-de-20-kilos-de-palma-silvestre-incautados-en-dos-localidades-de-bogota.html HTTP/1.1" 200 946
47.128.48.147 - - [19/Mar/2024:10:11:13 -0500] "GET /BLA/resoluciones/AUTOS%202021/0245.php?act=img&img=ext_rtf HTTP/1.1" 200 164
47.128.48.147 - - [19/Mar/2024:10:11:13 -0500] "GET /BLA/resoluciones/AUTOS%202021/0245.php?act=img&img=ext_ini HTTP/1.1" 200 134
47.128.48.147 - - [19/Mar/2024:10:11:13 -0500] "GET /BLA/resoluciones/AUTOS%202021/0245.php?act=img&img=download HTTP/1.1" 200 161
47.128.48.147 - - [19/Mar/2024:10:11:13 -0500] "GET /BLA/resoluciones/AUTOS%202021/0245.php?act=img&img=change HTTP/1.1" 200 290
186.154.32.231 - - [19/Mar/2024:10:11:13 -0500] "POST /sipse/faces/presentacion/financiero/solicitudProceso/listarSolicitudProceso.xhtml HTTP/1.1" 200 121459
186.154.32.231 - - [19/Mar/2024:10:11:15 -0500] "GET /sipse/faces/javax.faces.resource/theme.css?ln=primefaces-sipse HTTP/1.1" 304 -
186.154.32.231 - - [19/Mar/2024:10:11:15 -0500] "GET /sipse/faces/javax.faces.resource/layout/layout.css?ln=primefaces&v=4.0 HTTP/1.1" 304 -
186.154.32.231 - - [19/Mar/2024:10:11:15 -0500] "GET /sipse/faces/javax.faces.resource/primefaces.css?ln=primefaces&v=4.0 HTTP/1.1" 304 -
186.154.32.231 - - [19/Mar/2024:10:11:15 -0500] "GET /sipse/faces/javax.faces.resource/jquery/jquery.js?ln=primefaces&v=4.0 HTTP/1.1" 304 -
186.154.32.231 - - [19/Mar/2024:10:11:15 -0500] "GET /sipse/faces/javax.faces.resource/jquery/jquery-plugins.js?ln=primefaces&v=4.0 HTTP/1.1" 304 -
186.154.32.231 - - [19/Mar/2024:10:11:15 -0500] "GET /sipse/faces/javax.faces.resource/primefaces.js?ln=primefaces&v=4.0 HTTP/1.1" 304 -
186.154.32.231 - - [19/Mar/2024:10:11:15 -0500] "GET /sipse/faces/javax.faces.resource/layout/layout.js?ln=primefaces&v=4.0 HTTP/1.1" 304 -
186.102.28.156 - - [19/Mar/2024:10:11:08 -0500] "POST /kwssiamovil/sm/setfile/f? HTTP/1.1" 200 381
186.102.28.156 - - [19/Mar/2024:10:11:17 -0500] "OPTIONS /kwssiamovil/sm/setfile/f? HTTP/1.1" 200 13
172.22.2.4 - - [19/Mar/2024:10:11:20 -0500] "GET /BLA/boletinlegal/consulta_actos.php?tipo=resoluciones&no=1140&usuario=&sector=&fecha=2023&resuelve= HTTP/1.1" 200 626
181.189.25.86 - - [19/Mar/2024:10:11:21 -0500] "POST /sipse/faces/presentacion/financiero/solicitudProceso/listarSolicitudProceso.xhtml HTTP/1.1" 200 10484
186.102.28.156 - - [19/Mar/2024:10:11:17 -0500] "POST /kwssiamovil/sm/setfile/f? HTTP/1.1" 200 381
186.102.28.156 - - [19/Mar/2024:10:11:22 -0500] "OPTIONS /kwssiamovil/sm/setfile/f? HTTP/1.1" 200 13
201.245.192.253 - - [19/Mar/2024:10:11:23 -0500] "POST /forms/lservlet;jsessionid=ac16012b30d672fb2ec093aa4748bf0691d1e088fe72.e3iSbxaKaheRe3iNc3uNbNmQay1ynknvrkLOlQzNp65In0 HTTP/1.1" 200 212
201.245.192.253 - - [19/Mar/2024:10:11:23 -0500] "POST /forms/lservlet;jsessionid=ac16012b30d672fb2ec093aa4748bf0691d1e088fe72.e3iSbxaKaheRe3iNc3uNbNmQay1ynknvrkLOlQzNp65In0 HTTP/1.1" 200 2
201.245.192.253 - - [19/Mar/2024:10:11:24 -0500] "POST /forms/lservlet;jsessionid=ac16012b30d672fb2ec093aa4748bf0691d1e088fe72.e3iSbxaKaheRe3iNc3uNbNmQay1ynknvrkLOlQzNp65In0 HTTP/1.1" 200 1427
186.154.32.231 - - [19/Mar/2024:10:11:24 -0500] "POST /sipse/faces/presentacion/financiero/solicitudProceso/consultarSolicitudProceso.xhtml HTTP/1.1" 200 79760
186.154.32.231 - - [19/Mar/2024:10:11:25 -0500] "GET /sipse/faces/javax.faces.resource/theme.css?ln=primefaces-sipse HTTP/1.1" 304 -
186.154.32.231 - - [19/Mar/2024:10:11:25 -0500] "GET /sipse/faces/javax.faces.resource/primefaces.css?ln=primefaces&v=4.0 HTTP/1.1" 304 -
186.154.32.231 - - [19/Mar/2024:10:11:25 -0500] "GET /sipse/faces/javax.faces.resource/layout/layout.css?ln=primefaces&v=4.0 HTTP/1.1" 304 -
186.154.32.231 - - [19/Mar/2024:10:11:25 -0500] "GET /sipse/faces/javax.faces.resource/jquery/jquery.js?ln=primefaces&v=4.0 HTTP/1.1" 304 -
186.154.32.231 - - [19/Mar/2024:10:11:25 -0500] "GET /sipse/faces/javax.faces.resource/jquery/jquery-plugins.js?ln=primefaces&v=4.0 HTTP/1.1" 304 -
201.245.192.253 - - [19/Mar/2024:10:11:25 -0500] "POST /forms/lservlet;jsessionid=ac16012b30d672fb2ec093aa4748bf0691d1e088fe72.e3iSbxaKaheRe3iNc3uNbNmQay1ynknvrkLOlQzNp65In0 HTTP/1.1" 200 24
186.154.32.231 - - [19/Mar/2024:10:11:25 -0500] "GET /sipse/faces/javax.faces.resource/primefaces.js?ln=primefaces&v=4.0 HTTP/1.1" 304 -
186.154.32.231 - - [19/Mar/2024:10:11:25 -0500] "GET /sipse/faces/javax.faces.resource/layout/layout.js?ln=primefaces&v=4.0 HTTP/1.1" 304 -
201.245.192.253 - - [19/Mar/2024:10:11:26 -0500] "POST /forms/lservlet;jsessionid=ac16012b30d672fb2ec093aa4748bf0691d1e088fe72.e3iSbxaKaheRe3iNc3uNbNmQay1ynknvrkLOlQzNp65In0 HTTP/1.1" 200 2566
186.102.28.156 - - [19/Mar/2024:10:11:22 -0500] "POST /kwssiamovil/sm/setfile/f? HTTP/1.1" 200 381
172.22.2.4 - - [19/Mar/2024:10:09:56 -0500] "GET /BLA/boletinlegal/ HTTP/1.1" 200 57291
186.102.28.156 - - [19/Mar/2024:10:11:29 -0500] "OPTIONS /kwssiamovil/sm/setfile/f? HTTP/1.1" 200 13
181.189.25.86 - - [19/Mar/2024:10:11:29 -0500] "POST /sipse/faces/presentacion/financiero/solicitudProceso/listarSolicitudProceso.xhtml HTTP/1.1" 200 10391
201.245.192.253 - - [19/Mar/2024:10:11:30 -0500] "POST /forms/lservlet;jsessionid=ac16012b30d672fb2ec093aa4748bf0691d1e088fe72.e3iSbxaKaheRe3iNc3uNbNmQay1ynknvrkLOlQzNp65In0 HTTP/1.1" 200 13
201.245.192.253 - - [19/Mar/2024:10:11:34 -0500] "POST /forms/lservlet;jsessionid=ac16012b30d672fb2ec093aa4748bf0691d1e088fe72.e3iSbxaKaheRe3iNc3uNbNmQay1ynknvrkLOlQzNp65In0 HTTP/1.1" 200 1320
201.245.192.253 - - [19/Mar/2024:10:11:34 -0500] "POST /forms/lservlet;jsessionid=ac16012b30d672fb2ec093aa4748bf0691d1e088fe72.e3iSbxaKaheRe3iNc3uNbNmQay1ynknvrkLOlQzNp65In0 HTTP/1.1" 200 10
201.245.192.253 - - [19/Mar/2024:10:11:35 -0500] "POST /forms/lservlet;jsessionid=ac16012b30d672fb2ec093aa4748bf0691d1e088fe72.e3iSbxaKaheRe3iNc3uNbNmQay1ynknvrkLOlQzNp65In0 HTTP/1.1" 200 24
201.245.192.253 - - [19/Mar/2024:10:11:36 -0500] "POST /forms/lservlet;jsessionid=ac16012b30d672fb2ec093aa4748bf0691d1e088fe72.e3iSbxaKaheRe3iNc3uNbNmQay1ynknvrkLOlQzNp65In0 HTTP/1.1" 200 2238
47.128.28.66 - - [19/Mar/2024:10:11:37 -0500] "GET /BLA/resoluciones/AUTOS%202021/0245.php?act=chmod&d=E%3A%5Cnuevo%5Chtdocs%5CBLA%5Cresoluciones%5CAUTOS+2021&f=2228.pdf HTTP/1.1" 200 2900
186.102.28.156 - - [19/Mar/2024:10:11:29 -0500] "POST /kwssiamovil/sm/setfile/f? HTTP/1.1" 200 381
186.102.28.156 - - [19/Mar/2024:10:11:39 -0500] "OPTIONS /kwssiamovil/sm/setfile/f? HTTP/1.1" 200 13
66.249.66.19 - - [19/Mar/2024:10:11:42 -0500] "GET /BLA/resoluciones/Autos%202008/2002.pdf HTTP/1.1" 200 180049
186.102.28.156 - - [19/Mar/2024:10:11:39 -0500] "POST /kwssiamovil/sm/setfile/f? HTTP/1.1" 200 381
186.102.28.156 - - [19/Mar/2024:10:11:43 -0500] "OPTIONS /kwssiamovil/sm/setfile/f? HTTP/1.1" 200 13
186.102.28.156 - - [19/Mar/2024:10:11:43 -0500] "POST /kwssiamovil/sm/setfile/f? HTTP/1.1" 200 381
186.102.28.156 - - [19/Mar/2024:10:11:47 -0500] "OPTIONS /kwssiamovil/sm/setfile/f? HTTP/1.1" 200 13
186.102.28.156 - - [19/Mar/2024:10:11:47 -0500] "POST /kwssiamovil/sm/setfile/f? HTTP/1.1" 200 381
27.115.124.118 - - [19/Mar/2024:10:11:48 -0500] "GET / HTTP/1.1" 200 4720
27.115.124.109 - - [19/Mar/2024:10:11:49 -0500] "GET /css/bootstrap.min.css HTTP/1.1" 200 178212
27.115.124.6 - - [19/Mar/2024:10:11:49 -0500] "GET /css/style.css HTTP/1.1" 200 3473
27.115.124.53 - - [19/Mar/2024:10:11:49 -0500] "GET /js/url.js HTTP/1.1" 404 1198
27.115.124.118 - - [19/Mar/2024:10:11:49 -0500] "GET /fonts/icomoon/style.css HTTP/1.1" 200 79820
201.245.192.253 - - [19/Mar/2024:10:11:58 -0500] "POST /sipse/faces/presentacion/financiero/solicitudProceso/consultarSolicitudProceso.xhtml HTTP/1.1" 200 184
201.245.192.253 - - [19/Mar/2024:10:11:58 -0500] "POST /sipse/faces/presentacion/financiero/solicitudProceso/consultarSolicitudProceso.xhtml HTTP/1.1" 200 184
201.245.192.253 - - [19/Mar/2024:10:11:58 -0500] "GET /sipse/faces/presentacion/financiero/solicitudAnulacion/solicitudAnulacion.xhtml HTTP/1.1" 200 12304
201.245.192.253 - - [19/Mar/2024:10:11:58 -0500] "GET /sipse/faces/presentacion/financiero/solicitudAnulacion/solicitudAnulacion.xhtml HTTP/1.1" 200 43460
201.245.192.253 - - [19/Mar/2024:10:11:58 -0500] "GET /sipse/faces/javax.faces.resource/theme.css?ln=primefaces-sipse HTTP/1.1" 304 -
201.245.192.253 - - [19/Mar/2024:10:11:58 -0500] "GET /sipse/faces/javax.faces.resource/layout/layout.css?ln=primefaces&v=4.0 HTTP/1.1" 304 -
201.245.192.253 - - [19/Mar/2024:10:11:58 -0500] "GET /sipse/faces/javax.faces.resource/jquery/jquery-plugins.js?ln=primefaces&v=4.0 HTTP/1.1" 304 -
201.245.192.253 - - [19/Mar/2024:10:11:58 -0500] "GET /sipse/faces/javax.faces.resource/jquery/jquery.js?ln=primefaces&v=4.0 HTTP/1.1" 304 -
201.245.192.253 - - [19/Mar/2024:10:11:58 -0500] "GET /sipse/faces/javax.faces.resource/primefaces.css?ln=primefaces&v=4.0 HTTP/1.1" 304 -
201.245.192.253 - - [19/Mar/2024:10:11:58 -0500] "GET /sipse/faces/javax.faces.resource/primefaces.js?ln=primefaces&v=4.0 HTTP/1.1" 304 -
201.245.192.253 - - [19/Mar/2024:10:11:58 -0500] "GET /sipse/faces/javax.faces.resource/layout/layout.js?ln=primefaces&v=4.0 HTTP/1.1" 304 -
201.245.192.253 - - [19/Mar/2024:10:11:58 -0500] "POST /sipse/faces/presentacion/financiero/solicitudProceso/consultarSolicitudProceso.xhtml HTTP/1.1" 200 184
201.245.192.253 - - [19/Mar/2024:10:11:58 -0500] "GET /sipse/faces/javax.faces.resource/images/ui-icons_898989_256x240.png?ln=primefaces-aristo HTTP/1.1" 304 -
201.245.192.253 - - [19/Mar/2024:10:11:58 -0500] "GET /sipse/css/imagen/contrasena.png HTTP/1.1" 404 383
201.245.192.253 - - [19/Mar/2024:10:11:58 -0500] "GET /sipse/faces/javax.faces.resource/images/ui-bg_flat_0_2d5972_40x100.png?ln=primefaces-aristo HTTP/1.1" 304 -
201.245.192.253 - - [19/Mar/2024:10:11:58 -0500] "POST /sipse/faces/presentacion/financiero/solicitudAnulacion/solicitudAnulacion.xhtml HTTP/1.1" 200 21677
201.245.192.253 - - [19/Mar/2024:10:12:00 -0500] "POST /forms/lservlet;jsessionid=ac16012b30d672fb2ec093aa4748bf0691d1e088fe72.e3iSbxaKaheRe3iNc3uNbNmQay1ynknvrkLOlQzNp65In0 HTTP/1.1" 200 153
201.245.192.253 - - [19/Mar/2024:10:12:00 -0500] "POST /forms/lservlet;jsessionid=ac16012b30d672fb2ec093aa4748bf0691d1e088fe72.e3iSbxaKaheRe3iNc3uNbNmQay1ynknvrkLOlQzNp65In0 HTTP/1.1" 200 2
201.245.192.253 - - [19/Mar/2024:10:12:02 -0500] "POST /forms/lservlet;jsessionid=ac16012b30d672fb2ec093aa4748bf0691d1e088fe72.e3iSbxaKaheRe3iNc3uNbNmQay1ynknvrkLOlQzNp65In0 HTTP/1.1" 200 2
190.69.50.64 - - [19/Mar/2024:10:12:02 -0500] "GET /BLA/resoluciones/index.php?dir=RESOLUCIONES+2008%2F HTTP/1.1" 200 976272
181.53.12.90 - - [19/Mar/2024:10:12:05 -0500] "POST /sipse/faces/presentacion/financiero/solicitudProceso/listarSolicitudProceso.xhtml HTTP/1.1" 200 55796
181.53.12.90 - - [19/Mar/2024:10:12:05 -0500] "POST /sipse/faces/presentacion/financiero/solicitudProceso/listarSolicitudProceso.xhtml HTTP/1.1" 200 55804
47.128.114.61 - - [19/Mar/2024:10:12:06 -0500] "GET /BLA/resoluciones/AUTOS%202021/0245.php?act=f&d=E%3A%5Cnuevo%5Chtdocs%5CBLA%5Cresoluciones%5CAUTOS+2021&f=2621.pdf HTTP/1.1" 200 3034
190.69.50.64 - - [19/Mar/2024:10:12:06 -0500] "GET /BLA/resoluciones/RESOLUCIONES%202008/4043.pdf HTTP/1.1" 200 400598
181.53.12.90 - - [19/Mar/2024:10:12:06 -0500] "POST /sipse/faces/presentacion/financiero/solicitudProceso/listarSolicitudProceso.xhtml HTTP/1.1" 200 1868
181.53.12.90 - - [19/Mar/2024:10:12:06 -0500] "POST /sipse/faces/presentacion/financiero/solicitudProceso/listarSolicitudProceso.xhtml HTTP/1.1" 200 1876
47.128.114.61 - - [19/Mar/2024:10:12:07 -0500] "GET /BLA/resoluciones/AUTOS%202021/0245.php?act=img&img=ext_diz HTTP/1.1" 200 1027
47.128.114.61 - - [19/Mar/2024:10:12:07 -0500] "GET /BLA/resoluciones/AUTOS%202021/0245.php?act=img&img=ext_gif HTTP/1.1" 200 175
47.128.114.61 - - [19/Mar/2024:10:12:07 -0500] "GET /BLA/resoluciones/AUTOS%202021/0245.php?act=img&img=ext_pdf HTTP/1.1" 200 1034
47.128.114.61 - - [19/Mar/2024:10:12:07 -0500] "GET /BLA/resoluciones/AUTOS%202021/0245.php?act=img&img=ext_txt HTTP/1.1" 200 132
47.128.114.61 - - [19/Mar/2024:10:12:07 -0500] "GET /BLA/resoluciones/AUTOS%202021/0245.php?act=img&img=ext_html HTTP/1.1" 200 230
47.128.114.61 - - [19/Mar/2024:10:12:07 -0500] "GET /BLA/resoluciones/AUTOS%202021/0245.php?act=img&img=ext_exe HTTP/1.1" 200 118
181.53.12.90 - - [19/Mar/2024:10:12:07 -0500] "POST /sipse/faces/presentacion/financiero/solicitudProceso/listarSolicitudProceso.xhtml HTTP/1.1" 200 2521
47.128.114.61 - - [19/Mar/2024:10:12:07 -0500] "GET /BLA/resoluciones/AUTOS%202021/0245.php?act=img&img=ext_ini HTTP/1.1" 200 134
47.128.114.61 - - [19/Mar/2024:10:12:07 -0500] "GET /BLA/resoluciones/AUTOS%202021/0245.php?act=img&img=download HTTP/1.1" 200 161
47.128.114.61 - - [19/Mar/2024:10:12:07 -0500] "GET /BLA/resoluciones/AUTOS%202021/0245.php?act=img&img=ext_rtf HTTP/1.1" 200 164
47.128.114.61 - - [19/Mar/2024:10:12:07 -0500] "GET /BLA/resoluciones/AUTOS%202021/0245.php?act=img&img=change HTTP/1.1" 200 290
181.53.12.90 - - [19/Mar/2024:10:12:08 -0500] "POST /sipse/faces/presentacion/financiero/solicitudProceso/listarSolicitudProceso.xhtml HTTP/1.1" 200 37879
181.53.12.90 - - [19/Mar/2024:10:12:08 -0500] "GET /sipse/faces/javax.faces.resource/layout/layout.css?ln=primefaces&v=4.0 HTTP/1.1" 304 -
181.53.12.90 - - [19/Mar/2024:10:12:08 -0500] "GET /sipse/faces/javax.faces.resource/jquery/jquery.js?ln=primefaces&v=4.0 HTTP/1.1" 304 -
181.53.12.90 - - [19/Mar/2024:10:12:08 -0500] "GET /sipse/faces/javax.faces.resource/theme.css?ln=primefaces-sipse HTTP/1.1" 304 -
181.53.12.90 - - [19/Mar/2024:10:12:08 -0500] "GET /sipse/faces/javax.faces.resource/primefaces.css?ln=primefaces&v=4.0 HTTP/1.1" 304 -
181.53.12.90 - - [19/Mar/2024:10:12:08 -0500] "GET /sipse/faces/javax.faces.resource/jquery/jquery-plugins.js?ln=primefaces&v=4.0 HTTP/1.1" 304 -
181.53.12.90 - - [19/Mar/2024:10:12:08 -0500] "GET /sipse/faces/javax.faces.resource/primefaces.js?ln=primefaces&v=4.0 HTTP/1.1" 304 -
181.53.12.90 - - [19/Mar/2024:10:12:08 -0500] "GET /sipse/faces/javax.faces.resource/layout/layout.js?ln=primefaces&v=4.0 HTTP/1.1" 304 -
181.53.12.90 - - [19/Mar/2024:10:12:08 -0500] "POST /sipse/faces/presentacion/financiero/solicitudProceso/consultar.xhtml HTTP/1.1" 200 31170
181.53.12.90 - - [19/Mar/2024:10:12:12 -0500] "POST /sipse/faces/presentacion/financiero/solicitudProceso/consultar.xhtml HTTP/1.1" 200 13121
186.154.32.231 - - [19/Mar/2024:10:12:13 -0500] "POST /sipse/faces/presentacion/financiero/solicitudProceso/crearModificarSolicitudProceso.xhtml HTTP/1.1" 200 2937
186.113.72.155 - - [19/Mar/2024:10:12:15 -0500] "GET /kwssiamovil/sm/acme/u?s=U2FsdGVkX1++Vyh3LssohCqz+5mJjzydvSIH3a38ciutnSX0FR0wLmE1fUtzF6C/+A1755IQ2l7vJBRgD34dMIMe58AuE/UOL25Gkwe/rgjm1WEviG5LXHonkAqfSenPBtVhB17rBrse3xPFgaD9S7PZGb7zqrj9t4Re2oqF6uA=&u=U2FsdGVkX1+5ZuKeixa25XmMBCczN9KjY9bExHr6+28=&y=U2FsdGVkX18ZIZ9FQpj1LZmyXmMlUMmw+s8CpJcLAL1QU8WrqFia3FesP4ZlO7zA HTTP/1.1" 200 60
186.154.32.231 - - [19/Mar/2024:10:12:15 -0500] "POST /sipse/faces/presentacion/financiero/solicitudProyectoActividad/confirmDialogEliminarFuentes.xhtml HTTP/1.1" 200 24655
186.154.32.231 - - [19/Mar/2024:10:12:15 -0500] "GET /sipse/faces/javax.faces.resource/theme.css?ln=primefaces-sipse HTTP/1.1" 304 -
186.154.32.231 - - [19/Mar/2024:10:12:15 -0500] "GET /sipse/faces/javax.faces.resource/primefaces.css?ln=primefaces&v=4.0 HTTP/1.1" 304 -
186.154.32.231 - - [19/Mar/2024:10:12:15 -0500] "GET /sipse/faces/javax.faces.resource/layout/layout.css?ln=primefaces&v=4.0 HTTP/1.1" 304 -
186.154.32.231 - - [19/Mar/2024:10:12:15 -0500] "GET /sipse/faces/javax.faces.resource/jquery/jquery.js?ln=primefaces&v=4.0 HTTP/1.1" 304 -
186.154.32.231 - - [19/Mar/2024:10:12:15 -0500] "GET /sipse/faces/javax.faces.resource/jquery/jquery-plugins.js?ln=primefaces&v=4.0 HTTP/1.1" 304 -
186.154.32.231 - - [19/Mar/2024:10:12:15 -0500] "GET /sipse/faces/javax.faces.resource/primefaces.js?ln=primefaces&v=4.0 HTTP/1.1" 304 -
186.154.32.231 - - [19/Mar/2024:10:12:15 -0500] "GET /sipse/faces/javax.faces.resource/layout/layout.js?ln=primefaces&v=4.0 HTTP/1.1" 304 -
181.53.12.90 - - [19/Mar/2024:10:12:15 -0500] "POST /sipse/faces/presentacion/financiero/solicitudProceso/consultar.xhtml HTTP/1.1" 200 169827
181.53.12.90 - - [19/Mar/2024:10:12:16 -0500] "GET /sipse/faces/javax.faces.resource/primefaces.css?ln=primefaces&v=4.0 HTTP/1.1" 304 -
181.53.12.90 - - [19/Mar/2024:10:12:16 -0500] "GET /sipse/faces/javax.faces.resource/theme.css?ln=primefaces-sipse HTTP/1.1" 304 -
181.53.12.90 - - [19/Mar/2024:10:12:16 -0500] "GET /sipse/faces/javax.faces.resource/layout/layout.css?ln=primefaces&v=4.0 HTTP/1.1" 304 -
181.53.12.90 - - [19/Mar/2024:10:12:16 -0500] "GET /sipse/faces/javax.faces.resource/jquery/jquery.js?ln=primefaces&v=4.0 HTTP/1.1" 304 -
181.53.12.90 - - [19/Mar/2024:10:12:16 -0500] "GET /sipse/faces/javax.faces.resource/jquery/jquery-plugins.js?ln=primefaces&v=4.0 HTTP/1.1" 304 -
181.53.12.90 - - [19/Mar/2024:10:12:16 -0500] "GET /sipse/faces/javax.faces.resource/primefaces.js?ln=primefaces&v=4.0 HTTP/1.1" 304 -
181.53.12.90 - - [19/Mar/2024:10:12:16 -0500] "GET /sipse/faces/javax.faces.resource/layout/layout.js?ln=primefaces&v=4.0 HTTP/1.1" 304 -
201.245.192.253 - - [19/Mar/2024:10:12:17 -0500] "POST /forms/lservlet;jsessionid=ac16012b30d672fb2ec093aa4748bf0691d1e088fe72.e3iSbxaKaheRe3iNc3uNbNmQay1ynknvrkLOlQzNp65In0 HTTP/1.1" 200 169
201.245.192.253 - - [19/Mar/2024:10:12:18 -0500] "POST /forms/lservlet;jsessionid=ac16012b30d672fb2ec093aa4748bf0691d1e088fe72.e3iSbxaKaheRe3iNc3uNbNmQay1ynknvrkLOlQzNp65In0 HTTP/1.1" 200 158
201.245.192.253 - - [19/Mar/2024:10:12:18 -0500] "POST /forms/lservlet;jsessionid=ac16012b30d672fb2ec093aa4748bf0691d1e088fe72.e3iSbxaKaheRe3iNc3uNbNmQay1ynknvrkLOlQzNp65In0 HTTP/1.1" 200 158
201.245.192.253 - - [19/Mar/2024:10:12:18 -0500] "POST /forms/lservlet;jsessionid=ac16012b30d672fb2ec093aa4748bf0691d1e088fe72.e3iSbxaKaheRe3iNc3uNbNmQay1ynknvrkLOlQzNp65In0 HTTP/1.1" 200 233
201.245.192.253 - - [19/Mar/2024:10:12:18 -0500] "POST /forms/lservlet;jsessionid=ac16012b30d672fb2ec093aa4748bf0691d1e088fe72.e3iSbxaKaheRe3iNc3uNbNmQay1ynknvrkLOlQzNp65In0 HTTP/1.1" 200 233
201.245.192.253 - - [19/Mar/2024:10:12:18 -0500] "POST /forms/lservlet;jsessionid=ac16012b30d672fb2ec093aa4748bf0691d1e088fe72.e3iSbxaKaheRe3iNc3uNbNmQay1ynknvrkLOlQzNp65In0 HTTP/1.1" 200 346
