186.28.136.245 - - [19/Mar/2024:02:26:09 -0500] "POST /sipse/faces/presentacion/financiero/solicitudProceso/listarSolicitudProceso.xhtml HTTP/1.1" 200 30109
186.28.136.245 - - [19/Mar/2024:02:26:10 -0500] "POST /sipse/faces/presentacion/financiero/solicitudProceso/listarSolicitudProceso.xhtml HTTP/1.1" 200 30109
186.28.136.245 - - [19/Mar/2024:02:26:10 -0500] "POST /sipse/faces/presentacion/financiero/solicitudProceso/listarSolicitudProceso.xhtml HTTP/1.1" 200 30109
186.28.136.245 - - [19/Mar/2024:02:26:10 -0500] "POST /sipse/faces/presentacion/financiero/solicitudProceso/listarSolicitudProceso.xhtml HTTP/1.1" 200 30109
186.28.136.245 - - [19/Mar/2024:02:26:11 -0500] "POST /sipse/faces/presentacion/financiero/solicitudProceso/listarSolicitudProceso.xhtml HTTP/1.1" 200 30109
186.28.136.245 - - [19/Mar/2024:02:26:11 -0500] "POST /sipse/faces/presentacion/financiero/solicitudProceso/listarSolicitudProceso.xhtml HTTP/1.1" 200 30109
172.22.2.4 - - [19/Mar/2024:02:24:31 -0500] "HEAD /BLA/boletinlegal/ HTTP/1.1" 200 -
186.28.136.245 - - [19/Mar/2024:02:26:11 -0500] "POST /sipse/faces/presentacion/financiero/solicitudProceso/listarSolicitudProceso.xhtml HTTP/1.1" 200 30109
186.28.136.245 - - [19/Mar/2024:02:26:11 -0500] "POST /sipse/faces/presentacion/financiero/solicitudProceso/listarSolicitudProceso.xhtml HTTP/1.1" 200 30109
186.28.136.245 - - [19/Mar/2024:02:26:12 -0500] "POST /sipse/faces/presentacion/financiero/solicitudProceso/listarSolicitudProceso.xhtml HTTP/1.1" 200 30109
186.28.136.245 - - [19/Mar/2024:02:26:12 -0500] "POST /sipse/faces/presentacion/financiero/solicitudProceso/listarSolicitudProceso.xhtml HTTP/1.1" 200 30109
186.28.136.245 - - [19/Mar/2024:02:26:12 -0500] "POST /sipse/faces/presentacion/financiero/solicitudProceso/listarSolicitudProceso.xhtml HTTP/1.1" 200 30109
186.28.136.245 - - [19/Mar/2024:02:26:13 -0500] "POST /sipse/faces/presentacion/financiero/solicitudProceso/listarSolicitudProceso.xhtml HTTP/1.1" 200 30109
186.28.136.245 - - [19/Mar/2024:02:26:13 -0500] "POST /sipse/faces/presentacion/financiero/solicitudProceso/listarSolicitudProceso.xhtml HTTP/1.1" 200 30109
186.28.136.245 - - [19/Mar/2024:02:26:13 -0500] "POST /sipse/faces/presentacion/financiero/solicitudProceso/listarSolicitudProceso.xhtml HTTP/1.1" 200 30109
186.28.136.245 - - [19/Mar/2024:02:26:14 -0500] "POST /sipse/faces/presentacion/financiero/solicitudProceso/listarSolicitudProceso.xhtml HTTP/1.1" 200 30109
186.28.136.245 - - [19/Mar/2024:02:26:14 -0500] "POST /sipse/faces/presentacion/financiero/solicitudProceso/listarSolicitudProceso.xhtml HTTP/1.1" 200 30109
186.28.136.245 - - [19/Mar/2024:02:26:14 -0500] "POST /sipse/faces/presentacion/financiero/solicitudProceso/listarSolicitudProceso.xhtml HTTP/1.1" 200 30109
186.28.136.245 - - [19/Mar/2024:02:26:14 -0500] "POST /sipse/faces/presentacion/financiero/solicitudProceso/listarSolicitudProceso.xhtml HTTP/1.1" 200 30109
186.28.136.245 - - [19/Mar/2024:02:26:15 -0500] "POST /sipse/faces/presentacion/financiero/solicitudProceso/listarSolicitudProceso.xhtml HTTP/1.1" 200 1392
186.28.136.245 - - [19/Mar/2024:02:26:17 -0500] "POST /sipse/faces/presentacion/financiero/solicitudProceso/listarSolicitudProceso.xhtml HTTP/1.1" 200 1388
186.28.136.245 - - [19/Mar/2024:02:26:18 -0500] "POST /sipse/faces/presentacion/financiero/solicitudProceso/listarSolicitudProceso.xhtml HTTP/1.1" 200 1400
186.28.136.245 - - [19/Mar/2024:02:26:20 -0500] "POST /sipse/faces/presentacion/financiero/solicitudProceso/listarSolicitudProceso.xhtml HTTP/1.1" 200 1388
186.28.136.245 - - [19/Mar/2024:02:26:22 -0500] "POST /sipse/faces/presentacion/financiero/solicitudProceso/listarSolicitudProceso.xhtml HTTP/1.1" 200 1400
186.28.136.245 - - [19/Mar/2024:02:26:23 -0500] "POST /sipse/faces/presentacion/financiero/solicitudProceso/listarSolicitudProceso.xhtml HTTP/1.1" 200 1384
186.28.136.245 - - [19/Mar/2024:02:26:25 -0500] "POST /sipse/faces/presentacion/financiero/solicitudProceso/listarSolicitudProceso.xhtml HTTP/1.1" 200 1400
186.28.136.245 - - [19/Mar/2024:02:26:26 -0500] "POST /sipse/faces/presentacion/financiero/solicitudProceso/listarSolicitudProceso.xhtml HTTP/1.1" 200 1388
186.28.136.245 - - [19/Mar/2024:02:26:28 -0500] "POST /sipse/faces/presentacion/financiero/solicitudProceso/listarSolicitudProceso.xhtml HTTP/1.1" 200 1400
186.28.136.245 - - [19/Mar/2024:02:26:30 -0500] "POST /sipse/faces/presentacion/financiero/solicitudProceso/listarSolicitudProceso.xhtml HTTP/1.1" 200 1388
186.28.136.245 - - [19/Mar/2024:02:26:31 -0500] "POST /sipse/faces/presentacion/financiero/solicitudProceso/listarSolicitudProceso.xhtml HTTP/1.1" 200 1400
186.28.136.245 - - [19/Mar/2024:02:26:33 -0500] "POST /sipse/faces/presentacion/financiero/solicitudProceso/listarSolicitudProceso.xhtml HTTP/1.1" 200 1384
186.28.136.245 - - [19/Mar/2024:02:26:35 -0500] "POST /sipse/faces/presentacion/financiero/solicitudProceso/listarSolicitudProceso.xhtml HTTP/1.1" 200 1400
186.28.136.245 - - [19/Mar/2024:02:26:36 -0500] "POST /sipse/faces/presentacion/financiero/solicitudProceso/listarSolicitudProceso.xhtml HTTP/1.1" 200 1384
201.245.192.253 - - [19/Mar/2024:02:26:39 -0500] "POST /forms/lservlet;jsessionid=ac16012b30d60c378208792d4757a508e4811830dca4.e3iSbxaKaheRe3iNc3uNbNmQay1ynknvrkLOlQzNp65In0 HTTP/1.1" 200 2
186.28.136.245 - - [19/Mar/2024:02:26:38 -0500] "POST /sipse/faces/presentacion/financiero/solicitudProceso/listarSolicitudProceso.xhtml HTTP/1.1" 200 1400
186.28.136.245 - - [19/Mar/2024:02:26:39 -0500] "POST /sipse/faces/presentacion/financiero/solicitudProceso/listarSolicitudProceso.xhtml HTTP/1.1" 200 1388
186.28.136.245 - - [19/Mar/2024:02:26:41 -0500] "POST /sipse/faces/presentacion/financiero/solicitudProceso/listarSolicitudProceso.xhtml HTTP/1.1" 200 1400
186.28.136.245 - - [19/Mar/2024:02:26:43 -0500] "POST /sipse/faces/presentacion/financiero/solicitudProceso/listarSolicitudProceso.xhtml HTTP/1.1" 200 1384
186.28.136.245 - - [19/Mar/2024:02:26:44 -0500] "POST /sipse/faces/presentacion/financiero/solicitudProceso/listarSolicitudProceso.xhtml HTTP/1.1" 200 1400
186.28.136.245 - - [19/Mar/2024:02:26:46 -0500] "POST /sipse/faces/presentacion/financiero/solicitudProceso/listarSolicitudProceso.xhtml HTTP/1.1" 200 1384
186.28.136.245 - - [19/Mar/2024:02:26:48 -0500] "POST /sipse/faces/presentacion/financiero/solicitudProceso/listarSolicitudProceso.xhtml HTTP/1.1" 200 1400
186.28.136.245 - - [19/Mar/2024:02:26:49 -0500] "POST /sipse/faces/presentacion/financiero/solicitudProceso/listarSolicitudProceso.xhtml HTTP/1.1" 200 1388
186.28.136.245 - - [19/Mar/2024:02:26:51 -0500] "POST /sipse/faces/presentacion/financiero/solicitudProceso/listarSolicitudProceso.xhtml HTTP/1.1" 200 1400
186.28.136.245 - - [19/Mar/2024:02:26:53 -0500] "POST /sipse/faces/presentacion/financiero/solicitudProceso/listarSolicitudProceso.xhtml HTTP/1.1" 200 1384
186.28.136.245 - - [19/Mar/2024:02:26:54 -0500] "POST /sipse/faces/presentacion/financiero/solicitudProceso/listarSolicitudProceso.xhtml HTTP/1.1" 200 1400
186.28.136.245 - - [19/Mar/2024:02:26:56 -0500] "POST /sipse/faces/presentacion/financiero/solicitudProceso/listarSolicitudProceso.xhtml HTTP/1.1" 200 1384
186.28.136.245 - - [19/Mar/2024:02:26:57 -0500] "POST /sipse/faces/presentacion/financiero/solicitudProceso/listarSolicitudProceso.xhtml HTTP/1.1" 200 1400
186.28.136.245 - - [19/Mar/2024:02:26:59 -0500] "POST /sipse/faces/presentacion/financiero/solicitudProceso/listarSolicitudProceso.xhtml HTTP/1.1" 200 1388
172.22.2.4 - - [19/Mar/2024:02:25:22 -0500] "GET /BLA/boletinlegal/ HTTP/1.1" 200 60380
186.28.136.245 - - [19/Mar/2024:02:27:01 -0500] "POST /sipse/faces/presentacion/financiero/solicitudProceso/listarSolicitudProceso.xhtml HTTP/1.1" 200 1400
162.55.167.166 - - [19/Mar/2024:02:27:03 -0500] "GET / HTTP/1.1" 200 4720
201.245.192.253 - - [19/Mar/2024:02:27:21 -0500] "POST /kwsrmcab/Wsrmcab  HTTP/1.1" 200 37499
186.28.136.245 - - [19/Mar/2024:02:27:32 -0500] "POST /sipse/faces/presentacion/financiero/solicitudProceso/listarSolicitudProceso.xhtml HTTP/1.1" 200 141648
186.28.136.245 - - [19/Mar/2024:02:27:33 -0500] "GET /sipse/faces/javax.faces.resource/theme.css?ln=primefaces-sipse HTTP/1.1" 304 -
186.28.136.245 - - [19/Mar/2024:02:27:33 -0500] "GET /sipse/faces/javax.faces.resource/primefaces.css?ln=primefaces&v=4.0 HTTP/1.1" 304 -
186.28.136.245 - - [19/Mar/2024:02:27:33 -0500] "GET /sipse/faces/javax.faces.resource/layout/layout.css?ln=primefaces&v=4.0 HTTP/1.1" 304 -
186.28.136.245 - - [19/Mar/2024:02:27:33 -0500] "GET /sipse/faces/javax.faces.resource/jquery/jquery.js?ln=primefaces&v=4.0 HTTP/1.1" 304 -
186.28.136.245 - - [19/Mar/2024:02:27:33 -0500] "GET /sipse/faces/javax.faces.resource/jquery/jquery-plugins.js?ln=primefaces&v=4.0 HTTP/1.1" 304 -
186.28.136.245 - - [19/Mar/2024:02:27:33 -0500] "GET /sipse/faces/javax.faces.resource/primefaces.js?ln=primefaces&v=4.0 HTTP/1.1" 304 -
186.28.136.245 - - [19/Mar/2024:02:27:33 -0500] "GET /sipse/faces/javax.faces.resource/layout/layout.js?ln=primefaces&v=4.0 HTTP/1.1" 304 -
186.28.136.245 - - [19/Mar/2024:02:27:33 -0500] "GET /sipse/css/imagen/contrasena.png HTTP/1.1" 404 383
186.28.136.245 - - [19/Mar/2024:02:27:51 -0500] "POST /sipse/faces/presentacion/financiero/solicitudProceso/consultarSolicitudProceso.xhtml HTTP/1.1" 200 82205
201.245.192.253 - - [19/Mar/2024:02:27:58 -0500] "POST /forms/lservlet;jsessionid=ac16012b30d672fb2ec093aa4748bf0691d1e088fe72.e3iSbxaKaheRe3iNc3uNbNmQay1ynknvrkLOlQzNp65In0 HTTP/1.1" 200 2
216.244.66.195 - - [19/Mar/2024:02:28:13 -0500] "GET /BLA/resoluciones/AUTOS%202016/0007.pdf HTTP/1.1" 200 577785
216.244.66.195 - - [19/Mar/2024:02:28:18 -0500] "GET /BLA/resoluciones/AUTOS%202016/2918.pdf HTTP/1.1" 200 351647
216.244.66.195 - - [19/Mar/2024:02:28:22 -0500] "GET /BLA/resoluciones/AUTOS%202016/3175.pdf HTTP/1.1" 200 360803
216.245.221.92 - - [19/Mar/2024:02:28:24 -0500] "HEAD / HTTP/1.1" 200 -
201.245.192.253 - - [19/Mar/2024:02:28:39 -0500] "POST /forms/lservlet;jsessionid=ac16012b30d60c378208792d4757a508e4811830dca4.e3iSbxaKaheRe3iNc3uNbNmQay1ynknvrkLOlQzNp65In0 HTTP/1.1" 200 2
201.245.192.253 - - [19/Mar/2024:02:29:09 -0500] "POST /kwsrmcab/Wsrmcab HTTP/1.1" 200 37463
201.245.192.253 - - [19/Mar/2024:02:29:10 -0500] "POST /kwsrmcab/Wsrmcab HTTP/1.1" 200 37204
201.245.192.253 - - [19/Mar/2024:02:29:40 -0500] "POST /kwsrmcab/Wsrmcab HTTP/1.1" 200 37198
201.245.192.253 - - [19/Mar/2024:02:29:58 -0500] "POST /forms/lservlet;jsessionid=ac16012b30d672fb2ec093aa4748bf0691d1e088fe72.e3iSbxaKaheRe3iNc3uNbNmQay1ynknvrkLOlQzNp65In0 HTTP/1.1" 200 2
201.245.192.253 - - [19/Mar/2024:02:30:24 -0500] "POST /kwsrmcab/Wsrmcab HTTP/1.1" 200 37204
201.245.192.253 - - [19/Mar/2024:02:30:39 -0500] "POST /forms/lservlet;jsessionid=ac16012b30d60c378208792d4757a508e4811830dca4.e3iSbxaKaheRe3iNc3uNbNmQay1ynknvrkLOlQzNp65In0 HTTP/1.1" 200 2
66.249.66.37 - - [19/Mar/2024:02:30:39 -0500] "GET /inscribete-y-participa-en-la-convencion-internacional-de-emergencia-climatica-bogota-2023.html HTTP/1.1" 304 -
52.8.208.143 - - [19/Mar/2024:02:30:58 -0500] "HEAD / HTTP/1.1" 200 -
40.77.167.136 - - [19/Mar/2024:02:31:41 -0500] "GET /autoliquidacion2020/index.php?dir=Fauna+silvestre%2F HTTP/1.1" 200 3403
40.77.167.136 - - [19/Mar/2024:02:31:53 -0500] "GET /BLA/resoluciones/AUTOS%202020/2590.pdf HTTP/1.1" 200 362094
201.245.192.253 - - [19/Mar/2024:02:31:58 -0500] "POST /forms/lservlet;jsessionid=ac16012b30d672fb2ec093aa4748bf0691d1e088fe72.e3iSbxaKaheRe3iNc3uNbNmQay1ynknvrkLOlQzNp65In0 HTTP/1.1" 200 2
172.22.2.4 - - [19/Mar/2024:02:30:21 -0500] "HEAD /BLA/boletinlegal/ HTTP/1.1" 200 -
172.22.2.4 - - [19/Mar/2024:02:32:06 -0500] "GET /BLA/boletinlegal/favicon.ico HTTP/1.1" 404 1018
201.245.192.253 - - [19/Mar/2024:02:32:20 -0500] "POST /kwsrmcab/Wsrmcab  HTTP/1.1" 200 37499
216.244.66.195 - - [19/Mar/2024:02:32:22 -0500] "GET /BLA/resoluciones/AUTOS%202024/00419.pdf HTTP/1.1" 200 351490
172.22.2.4 - - [19/Mar/2024:02:31:47 -0500] "GET /BLA/boletinlegal/ HTTP/1.1" 200 20427
201.245.192.253 - - [19/Mar/2024:02:32:39 -0500] "POST /forms/lservlet;jsessionid=ac16012b30d60c378208792d4757a508e4811830dca4.e3iSbxaKaheRe3iNc3uNbNmQay1ynknvrkLOlQzNp65In0 HTTP/1.1" 200 2
172.22.2.4 - - [19/Mar/2024:02:31:12 -0500] "GET /BLA/boletinlegal/ HTTP/1.1" 200 43983
172.22.2.4 - - [19/Mar/2024:02:31:51 -0500] "GET /BLA/boletinlegal/ HTTP/1.1" 200 32715
172.22.2.4 - - [19/Mar/2024:02:33:07 -0500] "GET /BLA/boletinlegal/Circulares/2018/CIRCULAR%20COJUNTA%20042%20DE%202018.pdf HTTP/1.1" 200 515008
216.245.221.92 - - [19/Mar/2024:02:33:24 -0500] "HEAD / HTTP/1.1" 200 -
201.245.192.253 - - [19/Mar/2024:02:33:58 -0500] "POST /forms/lservlet;jsessionid=ac16012b30d672fb2ec093aa4748bf0691d1e088fe72.e3iSbxaKaheRe3iNc3uNbNmQay1ynknvrkLOlQzNp65In0 HTTP/1.1" 200 2
47.128.16.79 - - [19/Mar/2024:02:34:01 -0500] "GET /BLA/resoluciones/AUTOS%202021/0245.php?act=chmod&d=E%3A%5Cnuevo%5Chtdocs%5CBLA%5Cresoluciones%5CAUTOS+2021&f=2957.pdf HTTP/1.1" 200 2900
47.128.25.106 - - [19/Mar/2024:02:34:23 -0500] "GET /BLA/resoluciones/AUTOS%202021/0245.php?act=f&d=E%3A%5Cnuevo%5Chtdocs%5CBLA%5Cresoluciones%5CAUTOS+2021%5C&f=2024.pdf&ft=sdb&white=1 HTTP/1.1" 200 3012
47.128.25.106 - - [19/Mar/2024:02:34:24 -0500] "GET /BLA/resoluciones/AUTOS%202021/0245.php?act=img&img=ext_gif HTTP/1.1" 200 175
47.128.25.106 - - [19/Mar/2024:02:34:24 -0500] "GET /BLA/resoluciones/AUTOS%202021/0245.php?act=img&img=ext_diz HTTP/1.1" 200 1027
47.128.25.106 - - [19/Mar/2024:02:34:24 -0500] "GET /BLA/resoluciones/AUTOS%202021/0245.php?act=img&img=ext_pdf HTTP/1.1" 200 1034
47.128.25.106 - - [19/Mar/2024:02:34:24 -0500] "GET /BLA/resoluciones/AUTOS%202021/0245.php?act=img&img=ext_html HTTP/1.1" 200 230
47.128.25.106 - - [19/Mar/2024:02:34:24 -0500] "GET /BLA/resoluciones/AUTOS%202021/0245.php?act=img&img=ext_exe HTTP/1.1" 200 118
47.128.25.106 - - [19/Mar/2024:02:34:24 -0500] "GET /BLA/resoluciones/AUTOS%202021/0245.php?act=img&img=ext_txt HTTP/1.1" 200 132
47.128.25.106 - - [19/Mar/2024:02:34:24 -0500] "GET /BLA/resoluciones/AUTOS%202021/0245.php?act=img&img=download HTTP/1.1" 200 161
47.128.25.106 - - [19/Mar/2024:02:34:24 -0500] "GET /BLA/resoluciones/AUTOS%202021/0245.php?act=img&img=ext_rtf HTTP/1.1" 200 164
47.128.25.106 - - [19/Mar/2024:02:34:24 -0500] "GET /BLA/resoluciones/AUTOS%202021/0245.php?act=img&img=change HTTP/1.1" 200 290
47.128.25.106 - - [19/Mar/2024:02:34:24 -0500] "GET /BLA/resoluciones/AUTOS%202021/0245.php?act=img&img=ext_ini HTTP/1.1" 200 134
172.22.2.4 - - [19/Mar/2024:02:34:26 -0500] "GET /BLA/boletinlegal/normativa.php HTTP/1.1" 200 8397
201.245.192.253 - - [19/Mar/2024:02:34:39 -0500] "POST /forms/lservlet;jsessionid=ac16012b30d60c378208792d4757a508e4811830dca4.e3iSbxaKaheRe3iNc3uNbNmQay1ynknvrkLOlQzNp65In0 HTTP/1.1" 200 2
47.128.17.127 - - [19/Mar/2024:02:34:47 -0500] "GET /BLA/resoluciones/AUTOS%202021/0245.php?act=f&d=E%3A%5Cnuevo%5Chtdocs%5CBLA%5Cresoluciones%5CAUTOS+2021%5C&f=5589.pdf&ft=ini HTTP/1.1" 200 3013
47.128.17.127 - - [19/Mar/2024:02:34:48 -0500] "GET /BLA/resoluciones/AUTOS%202021/0245.php?act=img&img=ext_txt HTTP/1.1" 200 132
47.128.17.127 - - [19/Mar/2024:02:34:48 -0500] "GET /BLA/resoluciones/AUTOS%202021/0245.php?act=img&img=ext_diz HTTP/1.1" 200 1027
47.128.17.127 - - [19/Mar/2024:02:34:48 -0500] "GET /BLA/resoluciones/AUTOS%202021/0245.php?act=img&img=ext_exe HTTP/1.1" 200 118
47.128.17.127 - - [19/Mar/2024:02:34:48 -0500] "GET /BLA/resoluciones/AUTOS%202021/0245.php?act=img&img=ext_gif HTTP/1.1" 200 175
47.128.17.127 - - [19/Mar/2024:02:34:48 -0500] "GET /BLA/resoluciones/AUTOS%202021/0245.php?act=img&img=ext_html HTTP/1.1" 200 230
47.128.17.127 - - [19/Mar/2024:02:34:48 -0500] "GET /BLA/resoluciones/AUTOS%202021/0245.php?act=img&img=ext_pdf HTTP/1.1" 200 1034
47.128.17.127 - - [19/Mar/2024:02:34:48 -0500] "GET /BLA/resoluciones/AUTOS%202021/0245.php?act=img&img=ext_rtf HTTP/1.1" 200 164
47.128.17.127 - - [19/Mar/2024:02:34:48 -0500] "GET /BLA/resoluciones/AUTOS%202021/0245.php?act=img&img=download HTTP/1.1" 200 161
47.128.17.127 - - [19/Mar/2024:02:34:48 -0500] "GET /BLA/resoluciones/AUTOS%202021/0245.php?act=img&img=ext_ini HTTP/1.1" 200 134
47.128.17.127 - - [19/Mar/2024:02:34:49 -0500] "GET /BLA/resoluciones/AUTOS%202021/0245.php?act=img&img=change HTTP/1.1" 200 290
47.128.25.178 - - [19/Mar/2024:02:35:13 -0500] "GET /BLA/resoluciones/AUTOS%202021/0245.php?act=f&d=E%3A%5Cnuevo%5Chtdocs%5CBLA%5Cresoluciones%5CAUTOS+2021&f=5806.pdf&ft=download HTTP/1.1" 200 368295
201.245.192.253 - - [19/Mar/2024:02:35:58 -0500] "POST /forms/lservlet;jsessionid=ac16012b30d672fb2ec093aa4748bf0691d1e088fe72.e3iSbxaKaheRe3iNc3uNbNmQay1ynknvrkLOlQzNp65In0 HTTP/1.1" 200 2
216.244.66.195 - - [19/Mar/2024:02:36:36 -0500] "GET /BLA/resoluciones/AUTOS%202010/0611.pdf HTTP/1.1" 200 162706
201.245.192.253 - - [19/Mar/2024:02:36:39 -0500] "POST /forms/lservlet;jsessionid=ac16012b30d60c378208792d4757a508e4811830dca4.e3iSbxaKaheRe3iNc3uNbNmQay1ynknvrkLOlQzNp65In0 HTTP/1.1" 200 2
216.244.66.195 - - [19/Mar/2024:02:36:51 -0500] "GET /BLA/resoluciones/AUTOS%202010/0711.pdf HTTP/1.1" 200 379990
216.244.66.195 - - [19/Mar/2024:02:37:06 -0500] "GET /BLA/resoluciones/AUTOS%202010/1415.pdf HTTP/1.1" 200 156758
66.220.149.24 - - [19/Mar/2024:02:37:17 -0500] "GET /images/27%20de%20enero%20Soratama.jpg HTTP/1.1" 200 63397
201.245.192.253 - - [19/Mar/2024:02:37:20 -0500] "POST /kwsrmcab/Wsrmcab  HTTP/1.1" 200 37499
216.244.66.195 - - [19/Mar/2024:02:37:20 -0500] "GET /BLA/resoluciones/AUTOS%202010/1442.pdf HTTP/1.1" 200 166332
216.244.66.195 - - [19/Mar/2024:02:37:32 -0500] "GET /BLA/resoluciones/AUTOS%202010/1446.pdf HTTP/1.1" 200 170782
216.244.66.195 - - [19/Mar/2024:02:37:43 -0500] "GET /BLA/resoluciones/AUTOS%202010/1520.pdf HTTP/1.1" 200 95905
172.22.2.4 - - [19/Mar/2024:02:36:11 -0500] "HEAD /BLA/boletinlegal/ HTTP/1.1" 200 -
216.244.66.195 - - [19/Mar/2024:02:37:53 -0500] "GET /BLA/resoluciones/AUTOS%202010/1610.pdf HTTP/1.1" 200 169386
201.245.192.253 - - [19/Mar/2024:02:37:58 -0500] "POST /forms/lservlet;jsessionid=ac16012b30d672fb2ec093aa4748bf0691d1e088fe72.e3iSbxaKaheRe3iNc3uNbNmQay1ynknvrkLOlQzNp65In0 HTTP/1.1" 200 2
216.244.66.195 - - [19/Mar/2024:02:38:02 -0500] "GET /BLA/resoluciones/AUTOS%202010/1949.pdf HTTP/1.1" 200 236771
216.244.66.195 - - [19/Mar/2024:02:38:10 -0500] "GET /BLA/resoluciones/AUTOS%202010/3463.pdf HTTP/1.1" 200 392277
216.244.66.195 - - [19/Mar/2024:02:38:17 -0500] "GET /BLA/resoluciones/AUTOS%202010/3624.pdf HTTP/1.1" 200 1606925
216.245.221.92 - - [19/Mar/2024:02:38:24 -0500] "HEAD / HTTP/1.1" 200 -
216.244.66.195 - - [19/Mar/2024:02:38:24 -0500] "GET /BLA/resoluciones/AUTOS%202010/3734.pdf HTTP/1.1" 200 5722250
216.244.66.195 - - [19/Mar/2024:02:38:37 -0500] "GET /BLA/resoluciones/AUTOS%202010/4144.pdf HTTP/1.1" 200 425201
201.245.192.253 - - [19/Mar/2024:02:38:39 -0500] "POST /forms/lservlet;jsessionid=ac16012b30d60c378208792d4757a508e4811830dca4.e3iSbxaKaheRe3iNc3uNbNmQay1ynknvrkLOlQzNp65In0 HTTP/1.1" 200 2
172.22.2.4 - - [19/Mar/2024:02:37:02 -0500] "GET /BLA/boletinlegal/ HTTP/1.1" 200 58273
216.244.66.195 - - [19/Mar/2024:02:38:47 -0500] "GET /BLA/resoluciones/AUTOS%202010/4554.pdf HTTP/1.1" 200 121180
216.244.66.195 - - [19/Mar/2024:02:38:56 -0500] "GET /BLA/resoluciones/AUTOS%202010/5655.pdf HTTP/1.1" 200 201474
216.244.66.195 - - [19/Mar/2024:02:39:04 -0500] "GET /BLA/resoluciones/AUTOS%202010/6460.pdf HTTP/1.1" 200 543132
201.245.192.253 - - [19/Mar/2024:02:39:10 -0500] "POST /kwsrmcab/Wsrmcab HTTP/1.1" 200 37463
201.245.192.253 - - [19/Mar/2024:02:39:11 -0500] "POST /kwsrmcab/Wsrmcab HTTP/1.1" 200 37204
216.244.66.195 - - [19/Mar/2024:02:39:22 -0500] "GET /BLA/resoluciones/AUTOS%202011/3049.pdf HTTP/1.1" 200 217542
40.77.167.20 - - [19/Mar/2024:02:39:33 -0500] "GET /BLA/resoluciones/RESOLUCIONES%202004/RESOLUCION%20212%20DE%202004.PDF HTTP/1.1" 200 947470
172.22.2.4 - - [19/Mar/2024:02:39:35 -0500] "GET /BLA/boletinlegal/js/lib.js HTTP/1.1" 200 6474
216.244.66.195 - - [19/Mar/2024:02:39:37 -0500] "GET /BLA/resoluciones/RESOLUCIONES%201997/0542.pdf HTTP/1.1" 200 32969
216.244.66.195 - - [19/Mar/2024:02:39:49 -0500] "GET /BLA/resoluciones/RESOLUCIONES%202017/0892.pdf HTTP/1.1" 200 333960
201.245.192.253 - - [19/Mar/2024:02:39:58 -0500] "POST /forms/lservlet;jsessionid=ac16012b30d672fb2ec093aa4748bf0691d1e088fe72.e3iSbxaKaheRe3iNc3uNbNmQay1ynknvrkLOlQzNp65In0 HTTP/1.1" 200 2
201.245.192.253 - - [19/Mar/2024:02:39:40 -0500] "POST /kwsrmcab/Wsrmcab HTTP/1.1" 200 37198
216.244.66.195 - - [19/Mar/2024:02:40:01 -0500] "GET /BLA/resoluciones/RESOLUCIONES%202017/1499.pdf HTTP/1.1" 200 321385
40.77.167.20 - - [19/Mar/2024:02:40:04 -0500] "GET /Publicaciones/2023EE121320.pdf HTTP/1.1" 404 228
216.244.66.195 - - [19/Mar/2024:02:40:12 -0500] "GET /BLA/resoluciones/RESOLUCIONES%202017/2593.pdf HTTP/1.1" 200 316297
216.244.66.195 - - [19/Mar/2024:02:40:22 -0500] "GET /BLA/resoluciones/RESOLUCIONES%202017/3807.pdf HTTP/1.1" 200 316361
201.245.192.253 - - [19/Mar/2024:02:40:39 -0500] "POST /forms/lservlet;jsessionid=ac16012b30d60c378208792d4757a508e4811830dca4.e3iSbxaKaheRe3iNc3uNbNmQay1ynknvrkLOlQzNp65In0 HTTP/1.1" 200 2
201.245.192.253 - - [19/Mar/2024:02:40:42 -0500] "POST /kwsrmcab/Wsrmcab HTTP/1.1" 200 37204
216.244.66.195 - - [19/Mar/2024:02:40:53 -0500] "GET /BLA/resoluciones/RESOLUCIONES%202019/0558.pdf HTTP/1.1" 200 230668
216.244.66.195 - - [19/Mar/2024:02:41:20 -0500] "GET /BLA/resoluciones/RESOLUCIONES%202019/0634.pdf HTTP/1.1" 200 285858
216.244.66.195 - - [19/Mar/2024:02:41:44 -0500] "GET /BLA/resoluciones/RESOLUCIONES%202019/0832.pdf HTTP/1.1" 200 340581
201.245.192.253 - - [19/Mar/2024:02:41:58 -0500] "POST /forms/lservlet;jsessionid=ac16012b30d672fb2ec093aa4748bf0691d1e088fe72.e3iSbxaKaheRe3iNc3uNbNmQay1ynknvrkLOlQzNp65In0 HTTP/1.1" 200 2
216.244.66.195 - - [19/Mar/2024:02:42:07 -0500] "GET /BLA/resoluciones/RESOLUCIONES%202019/2350.pdf HTTP/1.1" 200 332952
201.245.192.253 - - [19/Mar/2024:02:42:18 -0500] "POST /kwsrmcab/Wsrmcab  HTTP/1.1" 200 37499
18.116.205.62 - - [19/Mar/2024:02:42:22 -0500] "HEAD / HTTP/1.1" 200 -
216.244.66.195 - - [19/Mar/2024:02:42:29 -0500] "GET /BLA/resoluciones/RESOLUCIONES%202019/2625.pdf HTTP/1.1" 200 368248
201.245.192.253 - - [19/Mar/2024:02:42:39 -0500] "POST /forms/lservlet;jsessionid=ac16012b30d60c378208792d4757a508e4811830dca4.e3iSbxaKaheRe3iNc3uNbNmQay1ynknvrkLOlQzNp65In0 HTTP/1.1" 200 2
216.244.66.195 - - [19/Mar/2024:02:42:50 -0500] "GET /BLA/resoluciones/RESOLUCIONES%202019/2834.pdf HTTP/1.1" 200 256925
216.244.66.195 - - [19/Mar/2024:02:43:09 -0500] "GET /BLA/resoluciones/RESOLUCIONES%202023/00348.pdf HTTP/1.1" 200 499399
216.245.221.92 - - [19/Mar/2024:02:43:24 -0500] "HEAD / HTTP/1.1" 200 -
216.244.66.195 - - [19/Mar/2024:02:43:29 -0500] "GET /BLA/resoluciones/RESOLUCIONES%202023/01502.pdf HTTP/1.1" 200 781405
172.22.2.4 - - [19/Mar/2024:02:42:01 -0500] "HEAD /BLA/boletinlegal/ HTTP/1.1" 200 -
216.244.66.195 - - [19/Mar/2024:02:43:48 -0500] "GET /BLA/resoluciones/RESOLUCIONES%202023/02936.pdf HTTP/1.1" 200 495100
201.245.192.253 - - [19/Mar/2024:02:43:58 -0500] "POST /forms/lservlet;jsessionid=ac16012b30d672fb2ec093aa4748bf0691d1e088fe72.e3iSbxaKaheRe3iNc3uNbNmQay1ynknvrkLOlQzNp65In0 HTTP/1.1" 200 2
162.55.171.94 - - [19/Mar/2024:02:44:14 -0500] "GET / HTTP/1.1" 200 4720
172.22.2.4 - - [19/Mar/2024:02:42:52 -0500] "GET /BLA/boletinlegal/ HTTP/1.1" 200 53818
201.245.192.253 - - [19/Mar/2024:02:44:39 -0500] "POST /forms/lservlet;jsessionid=ac16012b30d60c378208792d4757a508e4811830dca4.e3iSbxaKaheRe3iNc3uNbNmQay1ynknvrkLOlQzNp65In0 HTTP/1.1" 200 2
201.245.192.253 - - [19/Mar/2024:02:45:58 -0500] "POST /forms/lservlet;jsessionid=ac16012b30d672fb2ec093aa4748bf0691d1e088fe72.e3iSbxaKaheRe3iNc3uNbNmQay1ynknvrkLOlQzNp65In0 HTTP/1.1" 200 2
201.245.192.253 - - [19/Mar/2024:02:46:39 -0500] "POST /forms/lservlet;jsessionid=ac16012b30d60c378208792d4757a508e4811830dca4.e3iSbxaKaheRe3iNc3uNbNmQay1ynknvrkLOlQzNp65In0 HTTP/1.1" 200 2
212.18.127.47 - - [19/Mar/2024:02:47:15 -0500] "GET /BLA/boletinlegal/admin/index.php HTTP/1.1" 200 2324
201.245.192.253 - - [19/Mar/2024:02:47:16 -0500] "POST /kwsrmcab/Wsrmcab  HTTP/1.1" 200 37499
3.20.63.178 - - [19/Mar/2024:02:47:25 -0500] "HEAD / HTTP/1.1" 200 -
201.245.192.253 - - [19/Mar/2024:02:47:58 -0500] "POST /forms/lservlet;jsessionid=ac16012b30d672fb2ec093aa4748bf0691d1e088fe72.e3iSbxaKaheRe3iNc3uNbNmQay1ynknvrkLOlQzNp65In0 HTTP/1.1" 200 2
216.245.221.92 - - [19/Mar/2024:02:48:24 -0500] "HEAD / HTTP/1.1" 200 -
201.245.192.253 - - [19/Mar/2024:02:48:39 -0500] "POST /forms/lservlet;jsessionid=ac16012b30d60c378208792d4757a508e4811830dca4.e3iSbxaKaheRe3iNc3uNbNmQay1ynknvrkLOlQzNp65In0 HTTP/1.1" 200 2
172.22.2.4 - - [19/Mar/2024:02:47:51 -0500] "HEAD /BLA/boletinlegal/ HTTP/1.1" 200 -
201.245.192.253 - - [19/Mar/2024:02:49:58 -0500] "POST /forms/lservlet;jsessionid=ac16012b30d672fb2ec093aa4748bf0691d1e088fe72.e3iSbxaKaheRe3iNc3uNbNmQay1ynknvrkLOlQzNp65In0 HTTP/1.1" 200 2
172.22.2.4 - - [19/Mar/2024:02:48:42 -0500] "GET /BLA/boletinlegal/ HTTP/1.1" 200 58720
201.245.192.253 - - [19/Mar/2024:02:50:39 -0500] "POST /forms/lservlet;jsessionid=ac16012b30d60c378208792d4757a508e4811830dca4.e3iSbxaKaheRe3iNc3uNbNmQay1ynknvrkLOlQzNp65In0 HTTP/1.1" 200 2
201.245.192.253 - - [19/Mar/2024:02:51:58 -0500] "POST /forms/lservlet;jsessionid=ac16012b30d672fb2ec093aa4748bf0691d1e088fe72.e3iSbxaKaheRe3iNc3uNbNmQay1ynknvrkLOlQzNp65In0 HTTP/1.1" 200 2
201.245.192.253 - - [19/Mar/2024:02:52:13 -0500] "POST /kwsrmcab/Wsrmcab  HTTP/1.1" 200 37499
201.245.192.253 - - [19/Mar/2024:02:52:39 -0500] "POST /forms/lservlet;jsessionid=ac16012b30d60c378208792d4757a508e4811830dca4.e3iSbxaKaheRe3iNc3uNbNmQay1ynknvrkLOlQzNp65In0 HTTP/1.1" 200 2
52.22.236.30 - - [19/Mar/2024:02:52:41 -0500] "HEAD / HTTP/1.1" 200 -
172.22.2.4 - - [19/Mar/2024:02:53:05 -0500] "GET /BLA/boletinlegal/actos.php HTTP/1.1" 200 9738
216.245.221.92 - - [19/Mar/2024:02:53:24 -0500] "HEAD / HTTP/1.1" 200 -
201.245.192.253 - - [19/Mar/2024:02:53:58 -0500] "POST /forms/lservlet;jsessionid=ac16012b30d672fb2ec093aa4748bf0691d1e088fe72.e3iSbxaKaheRe3iNc3uNbNmQay1ynknvrkLOlQzNp65In0 HTTP/1.1" 200 2
201.245.192.253 - - [19/Mar/2024:02:54:39 -0500] "POST /forms/lservlet;jsessionid=ac16012b30d60c378208792d4757a508e4811830dca4.e3iSbxaKaheRe3iNc3uNbNmQay1ynknvrkLOlQzNp65In0 HTTP/1.1" 200 2
172.22.2.4 - - [19/Mar/2024:02:54:45 -0500] "GET /BLA/boletinlegal/Directivas/ HTTP/1.1" 200 535
172.22.2.4 - - [19/Mar/2024:02:53:41 -0500] "HEAD /BLA/boletinlegal/ HTTP/1.1" 200 -
201.245.192.253 - - [19/Mar/2024:02:55:58 -0500] "POST /forms/lservlet;jsessionid=ac16012b30d672fb2ec093aa4748bf0691d1e088fe72.e3iSbxaKaheRe3iNc3uNbNmQay1ynknvrkLOlQzNp65In0 HTTP/1.1" 200 2
172.22.2.4 - - [19/Mar/2024:02:54:32 -0500] "GET /BLA/boletinlegal/ HTTP/1.1" 200 58273
201.245.192.253 - - [19/Mar/2024:02:56:39 -0500] "POST /forms/lservlet;jsessionid=ac16012b30d60c378208792d4757a508e4811830dca4.e3iSbxaKaheRe3iNc3uNbNmQay1ynknvrkLOlQzNp65In0 HTTP/1.1" 200 2
201.245.192.253 - - [19/Mar/2024:02:57:11 -0500] "POST /kwsrmcab/Wsrmcab  HTTP/1.1" 200 37499
13.56.33.4 - - [19/Mar/2024:02:57:49 -0500] "HEAD / HTTP/1.1" 200 -
201.245.192.253 - - [19/Mar/2024:02:57:58 -0500] "POST /forms/lservlet;jsessionid=ac16012b30d672fb2ec093aa4748bf0691d1e088fe72.e3iSbxaKaheRe3iNc3uNbNmQay1ynknvrkLOlQzNp65In0 HTTP/1.1" 200 2
216.245.221.92 - - [19/Mar/2024:02:58:24 -0500] "HEAD / HTTP/1.1" 200 -
201.245.192.253 - - [19/Mar/2024:02:58:39 -0500] "POST /forms/lservlet;jsessionid=ac16012b30d60c378208792d4757a508e4811830dca4.e3iSbxaKaheRe3iNc3uNbNmQay1ynknvrkLOlQzNp65In0 HTTP/1.1" 200 2
216.244.66.195 - - [19/Mar/2024:02:59:21 -0500] "GET /robots.txt HTTP/1.1" 404 1018
5.196.102.71 - - [19/Mar/2024:02:59:50 -0500] "GET /favicon.ico HTTP/1.1" 200 7782
201.245.192.253 - - [19/Mar/2024:02:59:58 -0500] "POST /forms/lservlet;jsessionid=ac16012b30d672fb2ec093aa4748bf0691d1e088fe72.e3iSbxaKaheRe3iNc3uNbNmQay1ynknvrkLOlQzNp65In0 HTTP/1.1" 200 2
201.245.192.253 - - [19/Mar/2024:03:00:39 -0500] "POST /forms/lservlet;jsessionid=ac16012b30d60c378208792d4757a508e4811830dca4.e3iSbxaKaheRe3iNc3uNbNmQay1ynknvrkLOlQzNp65In0 HTTP/1.1" 200 2
66.249.66.21 - - [19/Mar/2024:03:01:05 -0500] "GET /BLA/resoluciones/RESOLUCIONES%202009/8707.pdf HTTP/1.1" 200 582806
172.22.2.4 - - [19/Mar/2024:02:59:31 -0500] "HEAD /BLA/boletinlegal/ HTTP/1.1" 200 -
201.245.192.253 - - [19/Mar/2024:03:01:58 -0500] "POST /forms/lservlet;jsessionid=ac16012b30d672fb2ec093aa4748bf0691d1e088fe72.e3iSbxaKaheRe3iNc3uNbNmQay1ynknvrkLOlQzNp65In0 HTTP/1.1" 200 2
172.22.2.4 - - [19/Mar/2024:03:00:22 -0500] "GET /BLA/boletinlegal/ HTTP/1.1" 200 53419
201.245.192.253 - - [19/Mar/2024:03:02:10 -0500] "POST /kwsrmcab/Wsrmcab  HTTP/1.1" 200 37499
201.245.192.253 - - [19/Mar/2024:03:02:39 -0500] "POST /forms/lservlet;jsessionid=ac16012b30d60c378208792d4757a508e4811830dca4.e3iSbxaKaheRe3iNc3uNbNmQay1ynknvrkLOlQzNp65In0 HTTP/1.1" 200 2
52.22.236.30 - - [19/Mar/2024:03:02:59 -0500] "HEAD / HTTP/1.1" 200 -
216.245.221.92 - - [19/Mar/2024:03:03:24 -0500] "HEAD / HTTP/1.1" 200 -
201.245.192.253 - - [19/Mar/2024:03:03:58 -0500] "POST /forms/lservlet;jsessionid=ac16012b30d672fb2ec093aa4748bf0691d1e088fe72.e3iSbxaKaheRe3iNc3uNbNmQay1ynknvrkLOlQzNp65In0 HTTP/1.1" 200 2
201.245.192.253 - - [19/Mar/2024:03:04:39 -0500] "POST /forms/lservlet;jsessionid=ac16012b30d60c378208792d4757a508e4811830dca4.e3iSbxaKaheRe3iNc3uNbNmQay1ynknvrkLOlQzNp65In0 HTTP/1.1" 200 2
17.241.227.69 - - [19/Mar/2024:03:04:49 -0500] "GET /el-renacer-la-huerta-de-28-reclusos-de-la-carcel-la-picota.html HTTP/1.1" 200 744
47.128.47.129 - - [19/Mar/2024:03:05:35 -0500] "GET /BLA/resoluciones/AUTOS%202021/0245.php?act=f&d=E%3A%5Cnuevo%5Chtdocs%5CBLA%5Cresoluciones%5CAUTOS+2021%5C&f=4596.pdf&ft=txt&white=1 HTTP/1.1" 200 3005
47.128.47.129 - - [19/Mar/2024:03:05:36 -0500] "GET /BLA/resoluciones/AUTOS%202021/0245.php?act=img&img=ext_rtf HTTP/1.1" 200 164
47.128.47.129 - - [19/Mar/2024:03:05:36 -0500] "GET /BLA/resoluciones/AUTOS%202021/0245.php?act=img&img=ext_exe HTTP/1.1" 200 118
47.128.47.129 - - [19/Mar/2024:03:05:36 -0500] "GET /BLA/resoluciones/AUTOS%202021/0245.php?act=img&img=ext_diz HTTP/1.1" 200 1027
47.128.47.129 - - [19/Mar/2024:03:05:36 -0500] "GET /BLA/resoluciones/AUTOS%202021/0245.php?act=img&img=ext_html HTTP/1.1" 200 230
47.128.47.129 - - [19/Mar/2024:03:05:36 -0500] "GET /BLA/resoluciones/AUTOS%202021/0245.php?act=img&img=ext_gif HTTP/1.1" 200 175
47.128.47.129 - - [19/Mar/2024:03:05:36 -0500] "GET /BLA/resoluciones/AUTOS%202021/0245.php?act=img&img=ext_txt HTTP/1.1" 200 132
47.128.47.129 - - [19/Mar/2024:03:05:36 -0500] "GET /BLA/resoluciones/AUTOS%202021/0245.php?act=img&img=change HTTP/1.1" 200 290
47.128.47.129 - - [19/Mar/2024:03:05:37 -0500] "GET /BLA/resoluciones/AUTOS%202021/0245.php?act=img&img=ext_ini HTTP/1.1" 200 134
47.128.47.129 - - [19/Mar/2024:03:05:37 -0500] "GET /BLA/resoluciones/AUTOS%202021/0245.php?act=img&img=download HTTP/1.1" 200 161
47.128.47.129 - - [19/Mar/2024:03:05:37 -0500] "GET /BLA/resoluciones/AUTOS%202021/0245.php?act=img&img=ext_pdf HTTP/1.1" 200 1034
201.245.192.253 - - [19/Mar/2024:03:05:58 -0500] "POST /forms/lservlet;jsessionid=ac16012b30d672fb2ec093aa4748bf0691d1e088fe72.e3iSbxaKaheRe3iNc3uNbNmQay1ynknvrkLOlQzNp65In0 HTTP/1.1" 200 2
47.128.46.90 - - [19/Mar/2024:03:05:59 -0500] "GET /BLA/resoluciones/AUTOS%202021/0245.php?act=f&d=E%3A%5Cnuevo%5Chtdocs%5CBLA%5Cresoluciones%5CAUTOS+2021&f=1626.pdf HTTP/1.1" 200 3034
47.128.46.90 - - [19/Mar/2024:03:06:00 -0500] "GET /BLA/resoluciones/AUTOS%202021/0245.php?act=img&img=ext_html HTTP/1.1" 200 230
47.128.46.90 - - [19/Mar/2024:03:06:00 -0500] "GET /BLA/resoluciones/AUTOS%202021/0245.php?act=img&img=ext_txt HTTP/1.1" 200 132
47.128.46.90 - - [19/Mar/2024:03:06:00 -0500] "GET /BLA/resoluciones/AUTOS%202021/0245.php?act=img&img=ext_pdf HTTP/1.1" 200 1034
47.128.46.90 - - [19/Mar/2024:03:06:00 -0500] "GET /BLA/resoluciones/AUTOS%202021/0245.php?act=img&img=ext_exe HTTP/1.1" 200 118
47.128.46.90 - - [19/Mar/2024:03:06:00 -0500] "GET /BLA/resoluciones/AUTOS%202021/0245.php?act=img&img=ext_diz HTTP/1.1" 200 1027
47.128.46.90 - - [19/Mar/2024:03:06:00 -0500] "GET /BLA/resoluciones/AUTOS%202021/0245.php?act=img&img=ext_gif HTTP/1.1" 200 175
47.128.46.90 - - [19/Mar/2024:03:06:00 -0500] "GET /BLA/resoluciones/AUTOS%202021/0245.php?act=img&img=download HTTP/1.1" 200 161
47.128.46.90 - - [19/Mar/2024:03:06:00 -0500] "GET /BLA/resoluciones/AUTOS%202021/0245.php?act=img&img=change HTTP/1.1" 200 290
47.128.46.90 - - [19/Mar/2024:03:06:00 -0500] "GET /BLA/resoluciones/AUTOS%202021/0245.php?act=img&img=ext_ini HTTP/1.1" 200 134
47.128.46.90 - - [19/Mar/2024:03:06:00 -0500] "GET /BLA/resoluciones/AUTOS%202021/0245.php?act=img&img=ext_rtf HTTP/1.1" 200 164
47.128.54.221 - - [19/Mar/2024:03:06:23 -0500] "GET /BLA/resoluciones/AUTOS%202021/0245.php?act=f&d=E%3A%5Cnuevo%5Chtdocs%5CBLA%5Cresoluciones%5CAUTOS+2021%5C&f=4440.pdf&ft=ini&white=1 HTTP/1.1" 200 3013
47.128.54.221 - - [19/Mar/2024:03:06:24 -0500] "GET /BLA/resoluciones/AUTOS%202021/0245.php?act=img&img=ext_rtf HTTP/1.1" 200 164
47.128.54.221 - - [19/Mar/2024:03:06:24 -0500] "GET /BLA/resoluciones/AUTOS%202021/0245.php?act=img&img=ext_pdf HTTP/1.1" 200 1034
47.128.54.221 - - [19/Mar/2024:03:06:24 -0500] "GET /BLA/resoluciones/AUTOS%202021/0245.php?act=img&img=ext_exe HTTP/1.1" 200 118
47.128.54.221 - - [19/Mar/2024:03:06:24 -0500] "GET /BLA/resoluciones/AUTOS%202021/0245.php?act=img&img=ext_diz HTTP/1.1" 200 1027
47.128.54.221 - - [19/Mar/2024:03:06:24 -0500] "GET /BLA/resoluciones/AUTOS%202021/0245.php?act=img&img=ext_gif HTTP/1.1" 200 175
47.128.54.221 - - [19/Mar/2024:03:06:24 -0500] "GET /BLA/resoluciones/AUTOS%202021/0245.php?act=img&img=ext_html HTTP/1.1" 200 230
47.128.54.221 - - [19/Mar/2024:03:06:24 -0500] "GET /BLA/resoluciones/AUTOS%202021/0245.php?act=img&img=download HTTP/1.1" 200 161
47.128.54.221 - - [19/Mar/2024:03:06:24 -0500] "GET /BLA/resoluciones/AUTOS%202021/0245.php?act=img&img=ext_ini HTTP/1.1" 200 134
47.128.54.221 - - [19/Mar/2024:03:06:25 -0500] "GET /BLA/resoluciones/AUTOS%202021/0245.php?act=img&img=change HTTP/1.1" 200 290
47.128.54.221 - - [19/Mar/2024:03:06:25 -0500] "GET /BLA/resoluciones/AUTOS%202021/0245.php?act=img&img=ext_txt HTTP/1.1" 200 132
201.245.192.253 - - [19/Mar/2024:03:06:39 -0500] "POST /forms/lservlet;jsessionid=ac16012b30d60c378208792d4757a508e4811830dca4.e3iSbxaKaheRe3iNc3uNbNmQay1ynknvrkLOlQzNp65In0 HTTP/1.1" 200 2
47.128.99.3 - - [19/Mar/2024:03:06:47 -0500] "GET /BLA/resoluciones/AUTOS%202021/0245.php?act=chmod&d=E%3A%5Cnuevo%5Chtdocs%5CBLA%5Cresoluciones%5CAUTOS+2021&f=1905.pdf HTTP/1.1" 200 2900
172.22.2.4 - - [19/Mar/2024:03:05:21 -0500] "HEAD /BLA/boletinlegal/ HTTP/1.1" 200 -
201.245.192.253 - - [19/Mar/2024:03:07:09 -0500] "POST /kwsrmcab/Wsrmcab  HTTP/1.1" 200 37499
172.22.2.4 - - [19/Mar/2024:03:06:12 -0500] "GET /BLA/boletinlegal/ HTTP/1.1" 200 57485
201.245.192.253 - - [19/Mar/2024:03:07:58 -0500] "POST /forms/lservlet;jsessionid=ac16012b30d672fb2ec093aa4748bf0691d1e088fe72.e3iSbxaKaheRe3iNc3uNbNmQay1ynknvrkLOlQzNp65In0 HTTP/1.1" 200 2
52.8.208.143 - - [19/Mar/2024:03:08:13 -0500] "HEAD / HTTP/1.1" 200 -
216.245.221.92 - - [19/Mar/2024:03:08:24 -0500] "HEAD / HTTP/1.1" 200 -
201.245.192.253 - - [19/Mar/2024:03:08:39 -0500] "POST /forms/lservlet;jsessionid=ac16012b30d60c378208792d4757a508e4811830dca4.e3iSbxaKaheRe3iNc3uNbNmQay1ynknvrkLOlQzNp65In0 HTTP/1.1" 200 2
201.245.192.253 - - [19/Mar/2024:03:09:58 -0500] "POST /forms/lservlet;jsessionid=ac16012b30d672fb2ec093aa4748bf0691d1e088fe72.e3iSbxaKaheRe3iNc3uNbNmQay1ynknvrkLOlQzNp65In0 HTTP/1.1" 200 2
201.245.192.253 - - [19/Mar/2024:03:10:39 -0500] "POST /forms/lservlet;jsessionid=ac16012b30d60c378208792d4757a508e4811830dca4.e3iSbxaKaheRe3iNc3uNbNmQay1ynknvrkLOlQzNp65In0 HTTP/1.1" 200 2
66.249.66.19 - - [19/Mar/2024:03:11:47 -0500] "GET /BLA/resoluciones/AUTOS%202009/0499.pdf HTTP/1.1" 200 185717
201.245.192.253 - - [19/Mar/2024:03:11:58 -0500] "POST /forms/lservlet;jsessionid=ac16012b30d672fb2ec093aa4748bf0691d1e088fe72.e3iSbxaKaheRe3iNc3uNbNmQay1ynknvrkLOlQzNp65In0 HTTP/1.1" 200 2
201.245.192.253 - - [19/Mar/2024:03:12:07 -0500] "POST /kwsrmcab/Wsrmcab  HTTP/1.1" 200 37499
201.245.192.253 - - [19/Mar/2024:03:12:39 -0500] "POST /forms/lservlet;jsessionid=ac16012b30d60c378208792d4757a508e4811830dca4.e3iSbxaKaheRe3iNc3uNbNmQay1ynknvrkLOlQzNp65In0 HTTP/1.1" 200 2
172.22.2.4 - - [19/Mar/2024:03:11:11 -0500] "HEAD /BLA/boletinlegal/ HTTP/1.1" 200 -
3.212.128.62 - - [19/Mar/2024:03:13:21 -0500] "HEAD / HTTP/1.1" 200 -
216.245.221.92 - - [19/Mar/2024:03:13:24 -0500] "HEAD / HTTP/1.1" 200 -
172.22.2.4 - - [19/Mar/2024:03:12:02 -0500] "GET /BLA/boletinlegal/ HTTP/1.1" 200 53419
201.245.192.253 - - [19/Mar/2024:03:13:58 -0500] "POST /forms/lservlet;jsessionid=ac16012b30d672fb2ec093aa4748bf0691d1e088fe72.e3iSbxaKaheRe3iNc3uNbNmQay1ynknvrkLOlQzNp65In0 HTTP/1.1" 200 2
201.245.192.253 - - [19/Mar/2024:03:14:39 -0500] "POST /forms/lservlet;jsessionid=ac16012b30d60c378208792d4757a508e4811830dca4.e3iSbxaKaheRe3iNc3uNbNmQay1ynknvrkLOlQzNp65In0 HTTP/1.1" 200 2
66.249.66.19 - - [19/Mar/2024:03:15:15 -0500] "GET /BLA/resoluciones/RESOLUCIONES%202008/0398.pdf HTTP/1.1" 200 266847
201.245.192.253 - - [19/Mar/2024:03:15:58 -0500] "POST /forms/lservlet;jsessionid=ac16012b30d672fb2ec093aa4748bf0691d1e088fe72.e3iSbxaKaheRe3iNc3uNbNmQay1ynknvrkLOlQzNp65In0 HTTP/1.1" 200 2
172.22.2.4 - - [19/Mar/2024:03:16:30 -0500] "GET /BLA/boletinlegal/robots.txt HTTP/1.1" 404 1038
66.249.66.20 - - [19/Mar/2024:03:16:31 -0500] "GET /BLA/resoluciones/RESOLUCIONES%202009/9015.pdf HTTP/1.1" 200 641553
201.245.192.253 - - [19/Mar/2024:03:16:39 -0500] "POST /forms/lservlet;jsessionid=ac16012b30d60c378208792d4757a508e4811830dca4.e3iSbxaKaheRe3iNc3uNbNmQay1ynknvrkLOlQzNp65In0 HTTP/1.1" 200 2
201.245.192.253 - - [19/Mar/2024:03:17:06 -0500] "POST /kwsrmcab/Wsrmcab  HTTP/1.1" 200 37499
172.22.2.4 - - [19/Mar/2024:03:16:31 -0500] "GET /BLA/boletinlegal/ HTTP/1.1" 200 32715
201.245.192.253 - - [19/Mar/2024:03:17:58 -0500] "POST /forms/lservlet;jsessionid=ac16012b30d672fb2ec093aa4748bf0691d1e088fe72.e3iSbxaKaheRe3iNc3uNbNmQay1ynknvrkLOlQzNp65In0 HTTP/1.1" 200 2
216.245.221.92 - - [19/Mar/2024:03:18:24 -0500] "HEAD / HTTP/1.1" 200 -
201.245.192.253 - - [19/Mar/2024:03:18:39 -0500] "POST /forms/lservlet;jsessionid=ac16012b30d60c378208792d4757a508e4811830dca4.e3iSbxaKaheRe3iNc3uNbNmQay1ynknvrkLOlQzNp65In0 HTTP/1.1" 200 2
172.22.2.4 - - [19/Mar/2024:03:17:01 -0500] "HEAD /BLA/boletinlegal/ HTTP/1.1" 200 -
52.8.208.143 - - [19/Mar/2024:03:18:46 -0500] "HEAD / HTTP/1.1" 200 -
47.128.51.25 - - [19/Mar/2024:03:19:04 -0500] "GET /BLA/resoluciones/AUTOS%202021/0245.php?act=ls&d=E%3A%5Cnuevo%5Chtdocs%5CPMA-RAMSAR&sort=0a HTTP/1.1" 200 3998
47.128.51.25 - - [19/Mar/2024:03:19:05 -0500] "GET /BLA/resoluciones/AUTOS%202021/0245.php?act=img&img=ext_pdf HTTP/1.1" 200 1034
47.128.51.25 - - [19/Mar/2024:03:19:05 -0500] "GET /BLA/resoluciones/AUTOS%202021/0245.php?act=img&img=ext_php HTTP/1.1" 200 79
47.128.51.25 - - [19/Mar/2024:03:19:05 -0500] "GET /BLA/resoluciones/AUTOS%202021/0245.php?act=img&img=arrow_ltr HTTP/1.1" 200 88
201.245.192.253 - - [19/Mar/2024:03:19:10 -0500] "POST /kwsrmcab/Wsrmcab HTTP/1.1" 200 37439
201.245.192.253 - - [19/Mar/2024:03:19:11 -0500] "POST /kwsrmcab/Wsrmcab HTTP/1.1" 200 37197
47.128.32.209 - - [19/Mar/2024:03:19:28 -0500] "GET /BLA/resoluciones/AUTOS%202021/0245.php?act=d&d=E%3A%5Cnuevo%5Chtdocs%5Cqr HTTP/1.1" 200 2748
172.22.2.4 - - [19/Mar/2024:03:17:52 -0500] "GET /BLA/boletinlegal/ HTTP/1.1" 200 58720
216.244.66.195 - - [19/Mar/2024:03:19:34 -0500] "GET /BLA/resoluciones/AUTOS%202016/1911.pdf HTTP/1.1" 200 488410
216.244.66.195 - - [19/Mar/2024:03:19:40 -0500] "GET /BLA/resoluciones/AUTOS%202016/1985.pdf HTTP/1.1" 200 430296
201.245.192.253 - - [19/Mar/2024:03:19:40 -0500] "POST /kwsrmcab/Wsrmcab HTTP/1.1" 200 37345
216.244.66.195 - - [19/Mar/2024:03:19:45 -0500] "GET /BLA/resoluciones/AUTOS%202016/2438.pdf HTTP/1.1" 200 481202
216.244.66.195 - - [19/Mar/2024:03:19:49 -0500] "GET /BLA/resoluciones/AUTOS%202016/2578.pdf HTTP/1.1" 200 442227
47.128.51.56 - - [19/Mar/2024:03:19:53 -0500] "GET /BLA/resoluciones/AUTOS%202021/0245.php?act=ls&d=E%3A%5Cnuevo%5Chtdocs%5Caccesibilidad&sort=0a HTTP/1.1" 200 3614
216.244.66.195 - - [19/Mar/2024:03:19:53 -0500] "GET /BLA/resoluciones/AUTOS%202016/2847.pdf HTTP/1.1" 200 378322
47.128.51.56 - - [19/Mar/2024:03:19:54 -0500] "GET /BLA/resoluciones/AUTOS%202021/0245.php?act=img&img=ext_html HTTP/1.1" 200 230
47.128.51.56 - - [19/Mar/2024:03:19:54 -0500] "GET /BLA/resoluciones/AUTOS%202021/0245.php?act=img&img=ext_css HTTP/1.1" 200 134
47.128.51.56 - - [19/Mar/2024:03:19:54 -0500] "GET /BLA/resoluciones/AUTOS%202021/0245.php?act=img&img=arrow_ltr HTTP/1.1" 200 88
47.128.51.56 - - [19/Mar/2024:03:19:54 -0500] "GET /BLA/resoluciones/AUTOS%202021/0245.php?act=img&img=ext_js HTTP/1.1" 200 131
201.245.192.253 - - [19/Mar/2024:03:19:58 -0500] "POST /forms/lservlet;jsessionid=ac16012b30d672fb2ec093aa4748bf0691d1e088fe72.e3iSbxaKaheRe3iNc3uNbNmQay1ynknvrkLOlQzNp65In0 HTTP/1.1" 200 2
216.244.66.195 - - [19/Mar/2024:03:20:19 -0500] "GET /BLA/resoluciones/AUTOS%202016/3149.pdf HTTP/1.1" 200 352804
201.245.192.253 - - [19/Mar/2024:03:20:20 -0500] "POST /kwsrmcab/Wsrmcab HTTP/1.1" 200 37197
201.245.192.253 - - [19/Mar/2024:03:20:39 -0500] "POST /forms/lservlet;jsessionid=ac16012b30d60c378208792d4757a508e4811830dca4.e3iSbxaKaheRe3iNc3uNbNmQay1ynknvrkLOlQzNp65In0 HTTP/1.1" 200 2
201.245.192.253 - - [19/Mar/2024:03:21:58 -0500] "POST /forms/lservlet;jsessionid=ac16012b30d672fb2ec093aa4748bf0691d1e088fe72.e3iSbxaKaheRe3iNc3uNbNmQay1ynknvrkLOlQzNp65In0 HTTP/1.1" 200 2
201.245.192.253 - - [19/Mar/2024:03:22:06 -0500] "POST /kwsrmcab/Wsrmcab  HTTP/1.1" 200 37499
66.249.66.20 - - [19/Mar/2024:03:22:26 -0500] "GET /BLA/resoluciones/AUTOS%202008/1005.pdf HTTP/1.1" 200 77248
201.245.192.253 - - [19/Mar/2024:03:22:39 -0500] "POST /forms/lservlet;jsessionid=ac16012b30d60c378208792d4757a508e4811830dca4.e3iSbxaKaheRe3iNc3uNbNmQay1ynknvrkLOlQzNp65In0 HTTP/1.1" 200 2
66.249.66.21 - - [19/Mar/2024:03:22:59 -0500] "GET /BLA/resoluciones/RESOLUCIONES%202009/0806.pdf HTTP/1.1" 200 224688
216.245.221.92 - - [19/Mar/2024:03:23:24 -0500] "HEAD / HTTP/1.1" 200 -
201.245.192.253 - - [19/Mar/2024:03:23:58 -0500] "POST /forms/lservlet;jsessionid=ac16012b30d672fb2ec093aa4748bf0691d1e088fe72.e3iSbxaKaheRe3iNc3uNbNmQay1ynknvrkLOlQzNp65In0 HTTP/1.1" 200 2
172.22.2.4 - - [19/Mar/2024:03:22:51 -0500] "HEAD /BLA/boletinlegal/ HTTP/1.1" 200 -
201.245.192.253 - - [19/Mar/2024:03:24:39 -0500] "POST /forms/lservlet;jsessionid=ac16012b30d60c378208792d4757a508e4811830dca4.e3iSbxaKaheRe3iNc3uNbNmQay1ynknvrkLOlQzNp65In0 HTTP/1.1" 200 2
3.20.63.178 - - [19/Mar/2024:03:24:40 -0500] "HEAD / HTTP/1.1" 200 -
52.167.144.20 - - [19/Mar/2024:03:25:06 -0500] "GET /BLA/resoluciones/AUTOS%202019/2483.pdf HTTP/1.1" 304 -
172.22.2.4 - - [19/Mar/2024:03:23:42 -0500] "GET /BLA/boletinlegal/ HTTP/1.1" 200 58720
201.245.192.253 - - [19/Mar/2024:03:25:58 -0500] "POST /forms/lservlet;jsessionid=ac16012b30d672fb2ec093aa4748bf0691d1e088fe72.e3iSbxaKaheRe3iNc3uNbNmQay1ynknvrkLOlQzNp65In0 HTTP/1.1" 200 2
47.128.48.195 - - [19/Mar/2024:03:26:20 -0500] "GET /BLA/resoluciones/AUTOS%202021/0245.php?act=chmod&d=E%3A%5Cnuevo%5Chtdocs&f=apache_pb2_ani.gif HTTP/1.1" 200 2845
201.245.192.253 - - [19/Mar/2024:03:26:39 -0500] "POST /forms/lservlet;jsessionid=ac16012b30d60c378208792d4757a508e4811830dca4.e3iSbxaKaheRe3iNc3uNbNmQay1ynknvrkLOlQzNp65In0 HTTP/1.1" 200 2
47.128.120.220 - - [19/Mar/2024:03:26:46 -0500] "GET /BLA/resoluciones/AUTOS%202021/0245.php?act=chmod&d=E%3A%5Cnuevo%5Chtdocs&f=galeria HTTP/1.1" 200 2839
47.128.122.89 - - [19/Mar/2024:03:27:09 -0500] "GET /BLA/resoluciones/AUTOS%202021/0245.php?act=ls&d=E%3A%5Cnuevo%5Chtdocs%5Cboletinlegal&sort=0a HTTP/1.1" 200 6435
47.128.122.89 - - [19/Mar/2024:03:27:10 -0500] "GET /BLA/resoluciones/AUTOS%202021/0245.php?act=img&img=ext_php HTTP/1.1" 200 79
47.128.122.89 - - [19/Mar/2024:03:27:10 -0500] "GET /BLA/resoluciones/AUTOS%202021/0245.php?act=img&img=ext_js HTTP/1.1" 200 131
47.128.122.89 - - [19/Mar/2024:03:27:10 -0500] "GET /BLA/resoluciones/AUTOS%202021/0245.php?act=img&img=ext_borrar HTTP/1.1" 200 1034
47.128.122.89 - - [19/Mar/2024:03:27:10 -0500] "GET /BLA/resoluciones/AUTOS%202021/0245.php?act=img&img=ext_swf HTTP/1.1" 200 254
47.128.122.89 - - [19/Mar/2024:03:27:10 -0500] "GET /BLA/resoluciones/AUTOS%202021/0245.php?act=img&img=ext_xml HTTP/1.1" 200 231
47.128.122.89 - - [19/Mar/2024:03:27:10 -0500] "GET /BLA/resoluciones/AUTOS%202021/0245.php?act=img&img=ext_css HTTP/1.1" 200 134
47.128.122.89 - - [19/Mar/2024:03:27:10 -0500] "GET /BLA/resoluciones/AUTOS%202021/0245.php?act=img&img=arrow_ltr HTTP/1.1" 200 88
216.244.66.195 - - [19/Mar/2024:03:27:30 -0500] "GET /BLA/resoluciones/AUTOS%202007/1990.pdf HTTP/1.1" 200 91893
47.128.36.86 - - [19/Mar/2024:03:27:32 -0500] "GET /BLA/resoluciones/AUTOS%202021/0245.php?act=chmod&d=E%3A%5Cnuevo%5Chtdocs%5CBLA%5Cresoluciones&f=Notificaciones HTTP/1.1" 200 2866
216.244.66.195 - - [19/Mar/2024:03:27:49 -0500] "GET /BLA/resoluciones/AUTOS%202011/3859.pdf HTTP/1.1" 200 224831
201.245.192.253 - - [19/Mar/2024:03:27:58 -0500] "POST /forms/lservlet;jsessionid=ac16012b30d672fb2ec093aa4748bf0691d1e088fe72.e3iSbxaKaheRe3iNc3uNbNmQay1ynknvrkLOlQzNp65In0 HTTP/1.1" 200 2
66.249.66.20 - - [19/Mar/2024:03:28:02 -0500] "GET /BLA/resoluciones/RESOLUCIONES%202009/6274.pdf HTTP/1.1" 200 432213
216.244.66.195 - - [19/Mar/2024:03:28:08 -0500] "GET /BLA/resoluciones/AUTOS%202016/1074.pdf HTTP/1.1" 200 233762
201.245.192.253 - - [19/Mar/2024:03:27:03 -0500] "POST /kwsrmcab/Wsrmcab  HTTP/1.1" 200 14501
201.245.192.253 - - [19/Mar/2024:03:28:12 -0500] "POST /kwsrmcab/Wsrmcab  HTTP/1.1" 200 37499
216.245.221.92 - - [19/Mar/2024:03:28:24 -0500] "HEAD / HTTP/1.1" 200 -
216.244.66.195 - - [19/Mar/2024:03:28:27 -0500] "GET /BLA/resoluciones/AUTOS%202016/2083.pdf HTTP/1.1" 200 612962
185.142.236.43 - - [19/Mar/2024:03:28:33 -0500] "GET / HTTP/1.1" 200 319
185.142.236.43 - - [19/Mar/2024:03:28:34 -0500] "GET /robots.txt HTTP/1.1" 404 1018
185.142.236.43 - - [19/Mar/2024:03:28:35 -0500] "GET /sitemap.xml HTTP/1.1" 404 1018
185.142.236.43 - - [19/Mar/2024:03:28:35 -0500] "GET /.well-known/security.txt HTTP/1.1" 404 1018
185.142.236.43 - - [19/Mar/2024:03:28:37 -0500] "GET /favicon.ico HTTP/1.1" 200 7782
201.245.192.253 - - [19/Mar/2024:03:28:39 -0500] "POST /forms/lservlet;jsessionid=ac16012b30d60c378208792d4757a508e4811830dca4.e3iSbxaKaheRe3iNc3uNbNmQay1ynknvrkLOlQzNp65In0 HTTP/1.1" 200 2
186.31.191.106 - - [19/Mar/2024:03:29:05 -0500] "GET /kwssiamovil/sm/acme/a?s=U2FsdGVkX1//U4rbyS6AEa+MLno+/mclN1b50G7ilbZI5AXSubWAD5HryPYQUu6ebS1Aj0y1coaURWAWK4snplR1ruw7KQgVrmSmH1gALNEgcUF/zRJmA9DA/IiozotPl425zIcpYyQZiIabTepUn2rTkqjPtj4n6RBEMYmKLpzPAl8+ir1G6nDvuOVFry/NJhLpsflMMRmXFeGyWRIwR0UMk2hhk9kWQ9QC1g/KbdG1FbwnhVOWKBHbVkMZPoelQdWU6sGxQvXAfy3bn1Tnsw==&u=U2FsdGVkX1+6iS/S2egZf2DWWbt13wtam48V/jc/ymoG5l2QEwrZY8GyvZplvA08&y=U2FsdGVkX18K8NBlXBSljvFOAi4LnFWvlFmttt29y1Ur5rOFoC27q2cIFT5F/27H HTTP/1.1" 200 26
186.31.191.106 - - [19/Mar/2024:03:29:06 -0500] "GET /kwssiamovil/sm/acme/a?s=U2FsdGVkX1/xDB71fBWlwT3ZwDZWccPGSdAu2H3TzLFHjADpA8XaAFgbU3dK/ADweS16+QVQqzRLz58ZLoq7Sj6che09eLALJ/eroRe84WFrjvJsV2J2uJHRdg2N79bH+D3fgfFl7DRR8/RCAQba/Uc+aviT73oaoJPrTQwB6HuyfCnUG3XCzRZtNS8dtWu+nStv9UEylCfWN2nJykQcpFdjIIWgpWvuau08tFcS2kBv6xw025P3pICWBCu6++0lURudnuEEyFUexwIMmXbsdX5kB+WgLeE4bhB9TDNKAfQ9Cwq4vNoYHLkDKxgizB84k7pEAz0AzkiwJFqR6zoVubWiy0xa3ZTiqm0gh1P//pBs7peOH7nlBOF4DCKRrWAbmswqmx+ckLrrJ7L3E8iSbGmR3lALDKb1NhLciXS/yjD+jE69+NcT+RXPhV+mfEFlijfmMg0VimlyeZgFfFM7cMzjzsFFdkibFLZFEEjm3kcSA9sQcnw96w+22tzsnDh7VY6sOpGZpkIX7fTF6/0sIP5X1flb4p9UbLI4cW/AFkTJqrtzlq5rYUE4dnilwWvxXjzN1TPZh+81G+zrBb0Y2huvpXBGvCn9oYulT9cIX0ALcH5RaQnRtfVunFQL9YR037eGETeHQQHMbL7k/S4YKd22v9I3fR4HNWP8XmzTOFKB46eTQ5a5iOSDJxkEGe3eBhTmqjq3dMxhL6DK7sXRD4jXSQoFpuU8JCD6qXvTgs1K6gNWERom2792XVoEC6mpPSsjC+jV14lwTtiX4L64AY+cOdwztZv08fmMiEMCgFqzJOwqGLiQTsTEfso5jeOkPKe8G2T76MPUm1Aw+Z9rfboODe2og9/7REYZSgVpPZEAyDwqdlRRH3kOXOsT2NIo3Gb90BGK86sd5WakTV5aMF3wpt0h/8uGmTgDXUiGihtV+Zy2XVw3qR6VayYaOE5CGWgzbMvweM4wyJftdwHd14wGfvGL3yEhON/F+hZNq1p2/skL9VoDrX6Hm+93DmE0P/9nMJ04gdLvTtzCLrsIInYOq6e1zVmolhx8u51gVSI1Fid0+Ii8ywc/yswXgjyHsvnJTFKSKAJdlpkSV4PdMzqjR6uHEXSem5enPvBPyS6SC2MTdBcRJ5qNdaeylBlBLeLijQNZnINYxEmorsvk1wMlw8b6GhPBQDtFdesGL+Pah8bjBydp9HJ4F+IMn4bj68LbQy1srqH11jJEaKp0+OCS77doCpaVf748wH5ehl3q5dFkGTBGshdcnkI9uf/f7xp2OFNg+Y29VL8RxwrHtBjpUOTalKWtMaxd2S4pHowc/AH5HXoGIrpEz+yb2rzs0DUrRvYPWMuT0/92m+zSeiAS3zoPB2wlEYBCrDAO/HuYqqndmelW9HA3V1ipXsv3W2Ogq07K6oODfv7QrrjWy7YmevXSDLjHlm+4Y2xzxuw4utFSOZ1QWfzT464/Z4KkSTqocS/cPQRY6mwgHvHQM4RWV9BjHy5Nfwbi2Bwsn0jHSY8da5dCUL7sKD8wv9Ic+K0R2LbSuMcfMPsjp/UnD4/Y6dNXnQnsZcScrWDEkLG1v0Eg5+WWgsi6K7ru42uCXukHMoesbNxx/IPQUFzAW2MECiKF4qoo+kC1oL2Aa24/2PTwPiot7ZAC+SMlrV/uQpyASRmD+8pR7Q4g3fJJb4XiyaPSY7YqOFAkstdpIf1mOZXIzle7DDKOXv6HzgQ44Ix14abdL/6uqPWxFBfQxqYPQDZxvKvoGuMhPTOr9gNBdK3QuncPNn1T76Plpwm7L94vTdFswGPV3hiYR6vpZe5m2GC2e1eN+O0kanjIELvylAGBvzKq4e+inyRbgi7X9XYaYtLSDLw3gxMngsUi74m1rLGkpdg8gLSBvqFSB26kOiAfMtxo0hBf99N81RqV1EdjXtU2w8t9JVgjR2K9m4AEhJy0Q3RZ6cSvpHgw7pXX4sOyTlq+KrXs4XcfsyKRmBzIsqJ+dpxneE4+ukrBvY58hesbZHh/azaPovPbArnoYiHsp6db+qZjIy32Po5JEpytkJryZHcc0xOC/mfGzQqXwDxigLAoTD3ZQKaCRgZJGiJi/NUQ9dgEe9TFg6B7+txq9ZuykP+QGkievx+ixHdhlsfmgJyp03zgdY1nXzs=&u=U2FsdGVkX1+6iS/S2egZf2DWWbt13wtam48V/jc/ymoG5l2QEwrZY8GyvZplvA08&y=U2FsdGVkX18K8NBlXBSljvFOAi4LnFWvlFmttt29y1Ur5rOFoC27q2cIFT5F/27H HTTP/1.1" 200 26
186.31.191.106 - - [19/Mar/2024:03:29:06 -0500] "GET /kwssiamovil/sm/acme/a?s=U2FsdGVkX1/F5jcifzn0HugTex+zDeDHkpL69TDqy/NStAZRKWr4cH4CNFQECoFbOqZ/bBwmhn0NAXs0M8IdlHqZTFKuX3bJxw9R09r71TNxMQwqwN8rFuGmRYMyRWmtaP9zKudHcwGxVs4wJN+SY6I8MOUuPjnCiy8I9OhCBaQ=&u=U2FsdGVkX1+6iS/S2egZf2DWWbt13wtam48V/jc/ymoG5l2QEwrZY8GyvZplvA08&y=U2FsdGVkX18K8NBlXBSljvFOAi4LnFWvlFmttt29y1Ur5rOFoC27q2cIFT5F/27H HTTP/1.1" 200 26
