172.22.2.4 - - [19/Mar/2024:00:32:01 -0500] "GET /BLA/boletinlegal/images/body_bg.jpg HTTP/1.1" 200 1601
172.22.2.4 - - [19/Mar/2024:00:32:01 -0500] "GET /BLA/boletinlegal/images/menu_rght.gif HTTP/1.1" 200 1627
172.22.2.4 - - [19/Mar/2024:00:32:01 -0500] "GET /BLA/boletinlegal/images/menu_lft.gif HTTP/1.1" 200 1713
172.22.2.4 - - [19/Mar/2024:00:32:01 -0500] "GET /BLA/boletinlegal/images/menu_bg.jpg HTTP/1.1" 200 620
172.22.2.4 - - [19/Mar/2024:00:32:01 -0500] "GET /BLA/boletinlegal/images/text.jpg HTTP/1.1" 200 568
172.22.2.4 - - [19/Mar/2024:00:32:01 -0500] "GET /BLA/boletinlegal/images/launch.jpg HTTP/1.1" 200 14577
172.22.2.4 - - [19/Mar/2024:00:32:01 -0500] "GET /BLA/boletinlegal/images/hover.jpg HTTP/1.1" 200 640
172.22.2.4 - - [19/Mar/2024:00:32:01 -0500] "GET /BLA/boletinlegal/images/arr_l.jpg HTTP/1.1" 200 1979
52.167.144.235 - - [19/Mar/2024:00:32:03 -0500] "GET /BLA/resoluciones/RESOLUCIONES%202010/6628.pdf HTTP/1.1" 200 905311
172.22.2.4 - - [19/Mar/2024:00:32:09 -0500] "GET /BLA/boletinlegal/images/screen_2.png HTTP/1.1" 200 362502
172.22.2.4 - - [19/Mar/2024:00:32:09 -0500] "GET /BLA/boletinlegal/images/screen_3.png HTTP/1.1" 200 210620
172.22.2.4 - - [19/Mar/2024:00:32:09 -0500] "GET /BLA/boletinlegal/images/screen_5.png HTTP/1.1" 200 368876
172.22.2.4 - - [19/Mar/2024:00:32:09 -0500] "GET /BLA/boletinlegal/images/arr_r.jpg HTTP/1.1" 200 1998
172.22.2.4 - - [19/Mar/2024:00:32:09 -0500] "GET /BLA/boletinlegal/images/footer_bg.jpg HTTP/1.1" 200 586
216.244.66.195 - - [19/Mar/2024:00:32:16 -0500] "GET /BLA/resoluciones/AUTOS%202016/2572.pdf HTTP/1.1" 200 514663
172.22.2.4 - - [19/Mar/2024:00:32:22 -0500] "GET /BLA/boletinlegal/images/pdf.gif HTTP/1.1" 200 567
201.245.192.253 - - [19/Mar/2024:00:32:38 -0500] "POST /forms/lservlet;jsessionid=ac16012b30d60c378208792d4757a508e4811830dca4.e3iSbxaKaheRe3iNc3uNbNmQay1ynknvrkLOlQzNp65In0 HTTP/1.1" 200 2
216.244.66.195 - - [19/Mar/2024:00:32:45 -0500] "GET /BLA/resoluciones/AUTOS%202016/2791.pdf HTTP/1.1" 200 371137
201.245.192.253 - - [19/Mar/2024:00:32:55 -0500] "POST /kwsrmcab/Wsrmcab  HTTP/1.1" 200 37499
172.22.2.4 - - [19/Mar/2024:00:31:59 -0500] "GET /BLA/boletinlegal/ HTTP/1.1" 200 36811
172.22.2.4 - - [19/Mar/2024:00:33:14 -0500] "GET /BLA/boletinlegal/style.css HTTP/1.1" 200 9406
172.22.2.4 - - [19/Mar/2024:00:33:14 -0500] "GET /BLA/boletinlegal/styles2.css HTTP/1.1" 200 1838
172.22.2.4 - - [19/Mar/2024:00:33:14 -0500] "GET /BLA/boletinlegal/js/jquery.js HTTP/1.1" 200 57254
172.22.2.4 - - [19/Mar/2024:00:33:14 -0500] "GET /BLA/boletinlegal/js/jquery.scrollTo-min.js HTTP/1.1" 200 1150
172.22.2.4 - - [19/Mar/2024:00:33:14 -0500] "GET /BLA/boletinlegal/js/jquery.scrollShow.js HTTP/1.1" 200 4586
172.22.2.4 - - [19/Mar/2024:00:33:14 -0500] "GET /BLA/boletinlegal/images/screen_1.png HTTP/1.1" 200 202547
172.22.2.4 - - [19/Mar/2024:00:33:14 -0500] "GET /BLA/boletinlegal/images/cabezote%20BLEGAL.jpg HTTP/1.1" 200 118164
172.22.2.4 - - [19/Mar/2024:00:33:14 -0500] "GET /BLA/boletinlegal/images/historia.png HTTP/1.1" 200 52775
172.22.2.4 - - [19/Mar/2024:00:33:14 -0500] "GET /BLA/boletinlegal/images/registro-usuarios.png HTTP/1.1" 200 8106
172.22.2.4 - - [19/Mar/2024:00:33:14 -0500] "GET /BLA/boletinlegal/images/subscribe-icon-big.png HTTP/1.1" 200 47702
172.22.2.4 - - [19/Mar/2024:00:33:14 -0500] "GET /BLA/boletinlegal/images/menu_bg.jpg HTTP/1.1" 200 620
172.22.2.4 - - [19/Mar/2024:00:33:14 -0500] "GET /BLA/boletinlegal/images/body_bg.jpg HTTP/1.1" 200 1601
172.22.2.4 - - [19/Mar/2024:00:33:14 -0500] "GET /BLA/boletinlegal/images/menu_lft.gif HTTP/1.1" 200 1713
172.22.2.4 - - [19/Mar/2024:00:33:15 -0500] "GET /BLA/boletinlegal/images/menu_rght.gif HTTP/1.1" 200 1627
172.22.2.4 - - [19/Mar/2024:00:33:15 -0500] "GET /BLA/boletinlegal/images/bg_top.jpg HTTP/1.1" 200 522
172.22.2.4 - - [19/Mar/2024:00:33:15 -0500] "GET /BLA/boletinlegal/images/text.jpg HTTP/1.1" 200 568
172.22.2.4 - - [19/Mar/2024:00:33:15 -0500] "GET /BLA/boletinlegal/images/launch.jpg HTTP/1.1" 200 14577
172.22.2.4 - - [19/Mar/2024:00:33:15 -0500] "GET /BLA/boletinlegal/images/hover.jpg HTTP/1.1" 200 640
172.22.2.4 - - [19/Mar/2024:00:33:15 -0500] "GET /BLA/boletinlegal/images/arr_l.jpg HTTP/1.1" 200 1979
216.244.66.195 - - [19/Mar/2024:00:33:16 -0500] "GET /BLA/resoluciones/AUTOS%202016/2969.pdf HTTP/1.1" 200 524036
172.22.2.4 - - [19/Mar/2024:00:33:24 -0500] "GET /BLA/boletinlegal/actos.php HTTP/1.1" 200 9738
172.22.2.4 - - [19/Mar/2024:00:33:24 -0500] "GET /BLA/boletinlegal/js/ajax_actos.js HTTP/1.1" 200 1322
172.22.2.4 - - [19/Mar/2024:00:33:24 -0500] "GET /BLA/boletinlegal/niceforms-default.css HTTP/1.1" 200 6694
172.22.2.4 - - [19/Mar/2024:00:33:24 -0500] "GET /BLA/boletinlegal/niceforms.js HTTP/1.1" 200 22876
172.22.2.4 - - [19/Mar/2024:00:33:24 -0500] "GET /BLA/boletinlegal/js/lib.js HTTP/1.1" 200 6474
172.22.2.4 - - [19/Mar/2024:00:33:24 -0500] "GET /BLA/boletinlegal/js/popup.js HTTP/1.1" 200 1270
172.22.2.4 - - [19/Mar/2024:00:33:24 -0500] "GET /BLA/boletinlegal/js/jquery1.js HTTP/1.1" 200 29846
172.22.2.4 - - [19/Mar/2024:00:33:25 -0500] "GET /BLA/boletinlegal/images/green-yellow-blue-pink-th.png HTTP/1.1" 200 7394
172.22.2.4 - - [19/Mar/2024:00:33:25 -0500] "GET /BLA/boletinlegal/images/tel.png HTTP/1.1" 200 14477
172.22.2.4 - - [19/Mar/2024:00:33:25 -0500] "GET /BLA/boletinlegal/images/icono-email.png HTTP/1.1" 200 5544
172.22.2.4 - - [19/Mar/2024:00:31:45 -0500] "HEAD /BLA/boletinlegal/ HTTP/1.1" 200 -
216.244.66.195 - - [19/Mar/2024:00:33:45 -0500] "GET /BLA/resoluciones/AUTOS%202016/3138.pdf HTTP/1.1" 200 359373
3.20.63.178 - - [19/Mar/2024:00:33:49 -0500] "HEAD / HTTP/1.1" 200 -
201.245.192.253 - - [19/Mar/2024:00:33:58 -0500] "POST /forms/lservlet;jsessionid=ac16012b30d672fb2ec093aa4748bf0691d1e088fe72.e3iSbxaKaheRe3iNc3uNbNmQay1ynknvrkLOlQzNp65In0 HTTP/1.1" 200 2
172.22.2.4 - - [19/Mar/2024:00:33:13 -0500] "GET /BLA/boletinlegal/ HTTP/1.1" 200 24523
216.244.66.195 - - [19/Mar/2024:00:34:12 -0500] "GET /BLA/resoluciones/index.php?dir=RESOLUCIONES+2012%2F HTTP/1.1" 200 140066
172.22.2.4 - - [19/Mar/2024:00:33:38 -0500] "GET /BLA/boletinlegal/ HTTP/1.1" 200 24523
172.22.2.4 - - [19/Mar/2024:00:32:57 -0500] "HEAD /BLA/boletinlegal/ HTTP/1.1" 200 -
201.245.192.253 - - [19/Mar/2024:00:34:38 -0500] "POST /forms/lservlet;jsessionid=ac16012b30d60c378208792d4757a508e4811830dca4.e3iSbxaKaheRe3iNc3uNbNmQay1ynknvrkLOlQzNp65In0 HTTP/1.1" 200 2
216.244.66.195 - - [19/Mar/2024:00:34:39 -0500] "GET /BLA/resoluciones/AUTOS%202016/2988.pdf HTTP/1.1" 200 1823266
199.16.157.181 - - [19/Mar/2024:00:34:50 -0500] "GET /robots.txt HTTP/1.1" 404 1034
199.16.157.181 - - [19/Mar/2024:00:34:50 -0500] "GET /si-tienes-ropa-y-calzado-que-ya-no-usas-aca-te-presentamos-seis-puntos-a-donde-los-puedes-llevar.html HTTP/1.1" 200 872
199.16.157.180 - - [19/Mar/2024:00:34:51 -0500] "GET /images/prendas-1_optimized.jpeg HTTP/1.1" 200 65869
216.244.66.195 - - [19/Mar/2024:00:35:33 -0500] "GET /BLA/resoluciones/AUTOS%202007/1228.pdf HTTP/1.1" 200 90497
172.22.2.4 - - [19/Mar/2024:00:35:13 -0500] "GET /BLA/boletinlegal/ HTTP/1.1" 200 24523
47.128.49.79 - - [19/Mar/2024:00:35:47 -0500] "GET /BLA/resoluciones/AUTOS%202021/0245.php?act=sql&d=E%3A%5Cnuevo%5Chtdocs%5C HTTP/1.1" 200 3015
201.245.192.253 - - [19/Mar/2024:00:35:58 -0500] "POST /forms/lservlet;jsessionid=ac16012b30d672fb2ec093aa4748bf0691d1e088fe72.e3iSbxaKaheRe3iNc3uNbNmQay1ynknvrkLOlQzNp65In0 HTTP/1.1" 200 2
216.244.66.195 - - [19/Mar/2024:00:36:05 -0500] "GET /BLA/resoluciones/AUTOS%202007/1890.pdf HTTP/1.1" 200 102965
47.128.49.44 - - [19/Mar/2024:00:36:11 -0500] "GET /BLA/resoluciones/AUTOS%202021/0245.php?act=ls&d=E%3A%5Cnuevo%5Chtdocs%5Cnuevo&sort=0a HTTP/1.1" 200 3257
47.128.49.44 - - [19/Mar/2024:00:36:11 -0500] "GET /BLA/resoluciones/AUTOS%202021/0245.php?act=img&img=arrow_ltr HTTP/1.1" 200 88
47.128.49.53 - - [19/Mar/2024:00:36:35 -0500] "GET /BLA/resoluciones/AUTOS%202021/0245.php?act=ls&d=E%3A%5Cnuevo%5Chtdocs%5C&sort=0d HTTP/1.1" 200 7387
216.244.66.195 - - [19/Mar/2024:00:36:35 -0500] "GET /BLA/resoluciones/AUTOS%202007/1908.pdf HTTP/1.1" 200 49519
47.128.49.53 - - [19/Mar/2024:00:36:37 -0500] "GET /BLA/resoluciones/AUTOS%202021/0245.php?act=img&img=ext_html HTTP/1.1" 200 230
47.128.49.53 - - [19/Mar/2024:00:36:37 -0500] "GET /BLA/resoluciones/AUTOS%202021/0245.php?act=img&img=ext_svg HTTP/1.1" 200 1034
47.128.49.53 - - [19/Mar/2024:00:36:37 -0500] "GET /BLA/resoluciones/AUTOS%202021/0245.php?act=img&img=ext_jpg HTTP/1.1" 200 175
47.128.49.53 - - [19/Mar/2024:00:36:37 -0500] "GET /BLA/resoluciones/AUTOS%202021/0245.php?act=img&img=ext_php HTTP/1.1" 200 79
47.128.49.53 - - [19/Mar/2024:00:36:37 -0500] "GET /BLA/resoluciones/AUTOS%202021/0245.php?act=img&img=ext_ico HTTP/1.1" 200 175
47.128.49.53 - - [19/Mar/2024:00:36:37 -0500] "GET /BLA/resoluciones/AUTOS%202021/0245.php?act=img&img=ext_doc HTTP/1.1" 200 140
47.128.49.53 - - [19/Mar/2024:00:36:37 -0500] "GET /BLA/resoluciones/AUTOS%202021/0245.php?act=img&img=ext_gif HTTP/1.1" 200 175
47.128.49.53 - - [19/Mar/2024:00:36:37 -0500] "GET /BLA/resoluciones/AUTOS%202021/0245.php?act=img&img=ext_png HTTP/1.1" 200 175
47.128.49.53 - - [19/Mar/2024:00:36:37 -0500] "GET /BLA/resoluciones/AUTOS%202021/0245.php?act=img&img=ext_css HTTP/1.1" 200 134
47.128.49.53 - - [19/Mar/2024:00:36:37 -0500] "GET /BLA/resoluciones/AUTOS%202021/0245.php?act=img&img=ext_falke1 HTTP/1.1" 200 1034
47.128.49.53 - - [19/Mar/2024:00:36:38 -0500] "GET /BLA/resoluciones/AUTOS%202021/0245.php?act=img&img=ext_zip HTTP/1.1" 200 577
47.128.49.53 - - [19/Mar/2024:00:36:38 -0500] "GET /BLA/resoluciones/AUTOS%202021/0245.php?act=img&img=arrow_ltr HTTP/1.1" 200 88
201.245.192.253 - - [19/Mar/2024:00:36:38 -0500] "POST /forms/lservlet;jsessionid=ac16012b30d60c378208792d4757a508e4811830dca4.e3iSbxaKaheRe3iNc3uNbNmQay1ynknvrkLOlQzNp65In0 HTTP/1.1" 200 2
40.77.167.78 - - [19/Mar/2024:00:36:41 -0500] "GET /galeria/galeria/jquery.fancybox.js?v=2.1.5 HTTP/1.1" 200 48706
52.167.144.235 - - [19/Mar/2024:00:36:45 -0500] "GET /galeria/galeria/jquery.fancybox.css?v=2.1.5 HTTP/1.1" 200 4895
47.128.49.247 - - [19/Mar/2024:00:36:59 -0500] "GET /BLA/resoluciones/AUTOS%202021/0245.php?act=chmod&d=E%3A%5Cnuevo%5Chtdocs%5CBLA%5Cresoluciones&f=AUTOS+2014 HTTP/1.1" 200 2868
216.244.66.195 - - [19/Mar/2024:00:37:03 -0500] "GET /BLA/resoluciones/AUTOS%202007/1914.pdf HTTP/1.1" 200 162660
47.128.112.230 - - [19/Mar/2024:00:37:22 -0500] "GET /BLA/resoluciones/AUTOS%202021/0245.php?act=chmod&d=E%3A%5Cnuevo%5Chtdocs%5CBLA%5Cresoluciones%5CAUTOS+2021%5C&f=5788.pdf HTTP/1.1" 200 2900
216.244.66.195 - - [19/Mar/2024:00:37:30 -0500] "GET /BLA/resoluciones/AUTOS%202010/0082.pdf HTTP/1.1" 200 263907
47.128.21.211 - - [19/Mar/2024:00:37:47 -0500] "GET /BLA/resoluciones/AUTOS%202021/0245.php?act=processes&d=E%3A%5Cnuevo%5Chtdocs%5CBLA%5Cresoluciones%5CAUTOS+2021%5C&processes_sort=0a HTTP/1.1" 200 3658
201.245.192.253 - - [19/Mar/2024:00:37:52 -0500] "POST /kwsrmcab/Wsrmcab  HTTP/1.1" 200 37499
216.244.66.195 - - [19/Mar/2024:00:37:57 -0500] "GET /BLA/resoluciones/AUTOS%202010/0612.pdf HTTP/1.1" 200 182344
201.245.192.253 - - [19/Mar/2024:00:37:58 -0500] "POST /forms/lservlet;jsessionid=ac16012b30d672fb2ec093aa4748bf0691d1e088fe72.e3iSbxaKaheRe3iNc3uNbNmQay1ynknvrkLOlQzNp65In0 HTTP/1.1" 200 2
40.77.167.132 - - [19/Mar/2024:00:38:02 -0500] "GET /BLA/resoluciones/Notificaciones/RESOLUCIONES%202023/1423.pdf HTTP/1.1" 200 398367
47.128.21.204 - - [19/Mar/2024:00:38:11 -0500] "GET /BLA/resoluciones/AUTOS%202021/0245.php?act=d&d=E%3A%5Cnuevo%5Chtdocs%5CSIIPEV HTTP/1.1" 200 2757
216.244.66.195 - - [19/Mar/2024:00:38:24 -0500] "GET /BLA/resoluciones/AUTOS%202010/5902.pdf HTTP/1.1" 200 373344
216.245.221.92 - - [19/Mar/2024:00:38:25 -0500] "HEAD / HTTP/1.1" 200 -
201.245.192.253 - - [19/Mar/2024:00:38:38 -0500] "POST /forms/lservlet;jsessionid=ac16012b30d60c378208792d4757a508e4811830dca4.e3iSbxaKaheRe3iNc3uNbNmQay1ynknvrkLOlQzNp65In0 HTTP/1.1" 200 2
216.244.66.195 - - [19/Mar/2024:00:38:48 -0500] "GET /BLA/resoluciones/RESOLUCIONES%202016/0664.pdf HTTP/1.1" 200 716183
216.244.66.195 - - [19/Mar/2024:00:39:12 -0500] "GET /BLA/resoluciones/RESOLUCIONES%202016/2455.pdf HTTP/1.1" 200 366574
201.245.192.253 - - [19/Mar/2024:00:39:10 -0500] "POST /kwsrmcab/Wsrmcab HTTP/1.1" 200 37617
201.245.192.253 - - [19/Mar/2024:00:39:14 -0500] "POST /kwsrmcab/Wsrmcab HTTP/1.1" 200 37199
216.244.66.195 - - [19/Mar/2024:00:39:35 -0500] "GET /BLA/resoluciones/RESOLUCIONES%202016/2467.pdf HTTP/1.1" 200 364528
3.20.63.178 - - [19/Mar/2024:00:39:38 -0500] "HEAD / HTTP/1.1" 200 -
172.22.2.4 - - [19/Mar/2024:00:38:00 -0500] "HEAD /BLA/boletinlegal/ HTTP/1.1" 200 -
201.245.192.253 - - [19/Mar/2024:00:39:40 -0500] "POST /kwsrmcab/Wsrmcab HTTP/1.1" 200 37350
216.244.66.195 - - [19/Mar/2024:00:39:56 -0500] "GET /BLA/resoluciones/RESOLUCIONES%202017/02079.pdf HTTP/1.1" 200 272790
201.245.192.253 - - [19/Mar/2024:00:39:58 -0500] "POST /forms/lservlet;jsessionid=ac16012b30d672fb2ec093aa4748bf0691d1e088fe72.e3iSbxaKaheRe3iNc3uNbNmQay1ynknvrkLOlQzNp65In0 HTTP/1.1" 200 2
216.244.66.195 - - [19/Mar/2024:00:40:18 -0500] "GET /BLA/resoluciones/RESOLUCIONES%202017/3060.pdf HTTP/1.1" 200 274932
201.245.192.253 - - [19/Mar/2024:00:40:25 -0500] "POST /kwsrmcab/Wsrmcab HTTP/1.1" 200 37199
172.22.2.4 - - [19/Mar/2024:00:38:51 -0500] "GET /BLA/boletinlegal/ HTTP/1.1" 200 58720
216.244.66.195 - - [19/Mar/2024:00:40:38 -0500] "GET /BLA/resoluciones/RESOLUCIONES%202018/03420.pdf HTTP/1.1" 200 371007
201.245.192.253 - - [19/Mar/2024:00:40:38 -0500] "POST /forms/lservlet;jsessionid=ac16012b30d60c378208792d4757a508e4811830dca4.e3iSbxaKaheRe3iNc3uNbNmQay1ynknvrkLOlQzNp65In0 HTTP/1.1" 200 2
52.167.144.235 - - [19/Mar/2024:00:40:45 -0500] "GET /catalogoisis/index.php HTTP/1.1" 200 8575
216.244.66.195 - - [19/Mar/2024:00:40:56 -0500] "GET /BLA/resoluciones/index.php?dir=&sort=size&order=asc HTTP/1.1" 200 14105
201.245.192.253 - - [19/Mar/2024:00:41:58 -0500] "POST /forms/lservlet;jsessionid=ac16012b30d672fb2ec093aa4748bf0691d1e088fe72.e3iSbxaKaheRe3iNc3uNbNmQay1ynknvrkLOlQzNp65In0 HTTP/1.1" 200 2
47.128.118.38 - - [19/Mar/2024:00:42:01 -0500] "GET /BLA/resoluciones/AUTOS%202021/0245.php?act=chmod&d=E%3A%5Cnuevo%5Chtdocs&f=Formatos.zip HTTP/1.1" 200 2842
201.245.192.253 - - [19/Mar/2024:00:42:38 -0500] "POST /forms/lservlet;jsessionid=ac16012b30d60c378208792d4757a508e4811830dca4.e3iSbxaKaheRe3iNc3uNbNmQay1ynknvrkLOlQzNp65In0 HTTP/1.1" 200 2
201.245.192.253 - - [19/Mar/2024:00:42:52 -0500] "POST /kwsrmcab/Wsrmcab  HTTP/1.1" 200 37499
216.245.221.92 - - [19/Mar/2024:00:43:24 -0500] "HEAD / HTTP/1.1" 200 -
201.245.192.253 - - [19/Mar/2024:00:43:58 -0500] "POST /forms/lservlet;jsessionid=ac16012b30d672fb2ec093aa4748bf0691d1e088fe72.e3iSbxaKaheRe3iNc3uNbNmQay1ynknvrkLOlQzNp65In0 HTTP/1.1" 200 2
201.245.192.253 - - [19/Mar/2024:00:44:38 -0500] "POST /forms/lservlet;jsessionid=ac16012b30d60c378208792d4757a508e4811830dca4.e3iSbxaKaheRe3iNc3uNbNmQay1ynknvrkLOlQzNp65In0 HTTP/1.1" 200 2
172.22.2.4 - - [19/Mar/2024:00:43:50 -0500] "HEAD /BLA/boletinlegal/ HTTP/1.1" 200 -
3.212.128.62 - - [19/Mar/2024:00:45:41 -0500] "HEAD / HTTP/1.1" 200 -
201.245.192.253 - - [19/Mar/2024:00:45:58 -0500] "POST /forms/lservlet;jsessionid=ac16012b30d672fb2ec093aa4748bf0691d1e088fe72.e3iSbxaKaheRe3iNc3uNbNmQay1ynknvrkLOlQzNp65In0 HTTP/1.1" 200 2
172.22.2.4 - - [19/Mar/2024:00:44:51 -0500] "GET /BLA/boletinlegal/ HTTP/1.1" 200 58273
201.245.192.253 - - [19/Mar/2024:00:46:38 -0500] "POST /forms/lservlet;jsessionid=ac16012b30d60c378208792d4757a508e4811830dca4.e3iSbxaKaheRe3iNc3uNbNmQay1ynknvrkLOlQzNp65In0 HTTP/1.1" 200 2
201.245.192.253 - - [19/Mar/2024:00:47:50 -0500] "POST /kwsrmcab/Wsrmcab  HTTP/1.1" 200 37499
201.245.192.253 - - [19/Mar/2024:00:47:58 -0500] "POST /forms/lservlet;jsessionid=ac16012b30d672fb2ec093aa4748bf0691d1e088fe72.e3iSbxaKaheRe3iNc3uNbNmQay1ynknvrkLOlQzNp65In0 HTTP/1.1" 200 2
172.22.2.4 - - [19/Mar/2024:00:46:20 -0500] "GET /BLA/boletinlegal/ HTTP/1.1" 200 52783
172.22.2.4 - - [19/Mar/2024:00:46:21 -0500] "GET /BLA/boletinlegal/ HTTP/1.1" 200 52783
216.245.221.92 - - [19/Mar/2024:00:48:24 -0500] "HEAD / HTTP/1.1" 200 -
201.245.192.253 - - [19/Mar/2024:00:48:38 -0500] "POST /forms/lservlet;jsessionid=ac16012b30d60c378208792d4757a508e4811830dca4.e3iSbxaKaheRe3iNc3uNbNmQay1ynknvrkLOlQzNp65In0 HTTP/1.1" 200 2
201.245.192.253 - - [19/Mar/2024:00:49:58 -0500] "POST /forms/lservlet;jsessionid=ac16012b30d672fb2ec093aa4748bf0691d1e088fe72.e3iSbxaKaheRe3iNc3uNbNmQay1ynknvrkLOlQzNp65In0 HTTP/1.1" 200 2
66.249.66.21 - - [19/Mar/2024:00:50:18 -0500] "GET /BLA/resoluciones/RESOLUCIONES%202008/4501.pdf HTTP/1.1" 200 75182
66.249.66.20 - - [19/Mar/2024:00:50:19 -0500] "GET /BLA/resoluciones/AUTOS%202013/3503.pdf HTTP/1.1" 200 491229
201.245.192.253 - - [19/Mar/2024:00:50:38 -0500] "POST /forms/lservlet;jsessionid=ac16012b30d60c378208792d4757a508e4811830dca4.e3iSbxaKaheRe3iNc3uNbNmQay1ynknvrkLOlQzNp65In0 HTTP/1.1" 200 2
186.31.191.106 - - [19/Mar/2024:00:51:11 -0500] "GET /kwssiamovil/sm/acme/a?s=U2FsdGVkX1/qDQotB/k+HdjSlx43PBL7CtKvuYgwN21M+gaTL0O+dsQ3PJmzrmeIS4IVQyIuEmYva3ofa+zypx9H9iEaIPmEVClspARrhmFQjqAMXbG8KZnIRAHPXh5iHdJZZTAm7r8MDp2GbKkrHB4019Rz1h6wx8Y4127I9s99d9ZyakvPpEXP4ozwCEmgFimEhlmK9W0risRowIB3oMBRBH1j/kwTwjT/3c9Ec1PIHI2MGDqoGyVGN2ZG+JB9Zdws3HlJU+qfXm9B3LYY6w==&u=U2FsdGVkX1+6iS/S2egZf2DWWbt13wtam48V/jc/ymoG5l2QEwrZY8GyvZplvA08&y=U2FsdGVkX18K8NBlXBSljvFOAi4LnFWvlFmttt29y1Ur5rOFoC27q2cIFT5F/27H HTTP/1.1" 200 26
186.31.191.106 - - [19/Mar/2024:00:51:11 -0500] "GET /kwssiamovil/sm/acme/a?s=U2FsdGVkX18u7Bja5rT4aWulCC1yFZ5GS7xRftKPcPmj46PKUInlAFPjCwi7hTfPWt5zr11o5lL9ggbltBq83KuuaaW3eeKCIwjjy14PdNRavZghlSkVo3Ew2dLMSSvtZVdG2kiVfVp4jGls8S7L1J7noaHeklV+XyYmUoB48Pq4lPKblEgeuIeUk3KbtwG9Sq7Z8Wi5Pke77E3hbY5dlllHMVp9YgKX8khWjcRpSDUhl8bxBN2DRhzwyDeOkLMNHLdEKZhCIW7gVpUNYip2QavBWFkX6rKKVIz8pNvG+8hCQm8e5GgNAyvIEB8fQ5BVckEnBZS4X/6C1q7kbwJ1g7X4Zx6ZjA60kj+9c6MDknIcYOcBXsqZSJqHhY012PMRFFxMcmARCk9nkPaJD/zndVmCjmSFsubpPwFqIli7k6MPM5E6hKPZxvBUIL7zDTdS/r641olwEo7Xky3CqWBY0glT7lqTBoPpvDDuGsD9eoS13tzdW6Dcbhum1uk3Ich765ABweI4FH74CwsDD3xg+KyXvZQh3x0Hpg4k1XYO6veUPsCJ17v+zftNwbnMjH5xim+0BkrgBrr+hyZJNNGzB3HflV3LYrdlPqj22aFucB4ExlPww0lzkegdcQPswrODkbh7F+cboDNXIYjVyNv2bAyGPkTWK9ncLOxKgFF8GiO9VO2eARVpbYmJw5fBY5wPP9TI078bBBDYj6rHN5YRlzwoT5pKSPkHR3FlwJicNCYZU6Z7rsBDHt5R8lf6TUYBc0AfX6aJfgN1DJA2xWt5/jxA9yHcDf/9sqX+10BhsVxUqLTv7bW1EwinTa1nUtVUYZtEQ0hEBnqwc6CE0QiZYCfIg0s4i0EsdPUjsNgb0KSgthQL+Lp/jhOCyIVJITAbl5bxieNaV+6TiYtpRnSgAtlzHBO4IcMVVJR5l8SUzmidYAg8Vvcr/HC7d+egQOJW8dLsH99eiJ8wbDyhS8WoOIKoai9B0hnQIcjpDHkR1ep888j0vLqwkpQZEQ4E3XWAcPl8zYTJOFHe4IC+zOomNITYAUsRKjbjXjKEInwKQ4vtMVDiK2z3gASnpdHUt4y6hS6yA8I/A26c/oBQRPo/c5EgbUAB7D7zLQxd/FuYOh0DMSca7Q0CEuW52RIin3PNtXRsomcnI2Uwrc46G8o9B8uCGtyhkKL1tKh3SP+VqhIxMYs9mi7i+M4HvsxBDhEFhaY3I2okJNpkFmI55JdqfyGXBDlChAEnD45ayv3exdpK4jaVrwzVtOJFumIi+PmjZW2eOuGkc3Bt2sZNSvoTlevN9LdXkGBHUyWoIAnfoz53qqNRZSShha78Xfdb8lSeWvWOHHc6WUolToLslLd00r8iebIk0hZIzTPRmfkVAAsyTacjucb8OiE/iQtNhF+KTfb998X89Kw8ZDwDyfuSjYRxZQgnRI5qZGhxjelyEqotFIy1bGRzWJdumCuHa5tIOBS1+8T7mbRtqgwaJbcglQlZoG82lr9aVC/JCNOtyAEZ+n9X7zmcZPjTEqn+Wec9j8R1h+v1+HnujJOhMLxGG+3vZ/yka7/+CouUlNlNF8EkgupFO8LQ7NeqLgLLSrYU0A5wGaS32L4YbrvB4pe8uzf6DTM4THGlIToFUNwpWadbkvejmMi50lPAvMkRM//SQfZtOslbHNjj4hdyR9g2riU6y6DqaLFE5RVSuQkA+brl0hcVnqZYfLz9uIVnm9DkBtCMbX0gaYGI2Cvs2fz176pCntg2tluQfSMJPAQ8tJdWbVbpwKTWWjNky9TQ19FmErXfLsrj44MCTpJEEDZoLGmeeV0L7rc9CimAh+qKVX1nofaMjwFPGH8tyRmQ52ildfAfdOerbcYO63Azu/W9dsIVu/TvyQOFut2CHJ/XnoPoY0MYGLD4ZWlhJRzA7Ge43y+rCgMFsKo76iSLwXxpDvIZLTCBc8iwLMzi5FvWwVBS1sgteVi0myzqQj7HQrjYizoEnCisHqYghfSdFIFzxRV887e+VQod9cKrxKTzSPIH5rmuTF/wIM641OwScpL6OwfknsL7ncUxt+Y+jV70Jht0VVJ/2IByQVnv1It6sZX8AdtNkhURVbm99RQgvQaLDBXZb/ZVEjYUZKNpjHOQyK1iizO5VrT1IgdOw5GWwd4htt7Snldb+XXv7jXXI1SqvDmk6P2xlXiO96ZU2qAwkxHKgk2n2q6t7mwonQRBIu1HALaZ5/FAyXspAXtF2yo/&u=U2FsdGVkX1+6iS/S2egZf2DWWbt13wtam48V/jc/ymoG5l2QEwrZY8GyvZplvA08&y=U2FsdGVkX18K8NBlXBSljvFOAi4LnFWvlFmttt29y1Ur5rOFoC27q2cIFT5F/27H HTTP/1.1" 200 26
186.31.191.106 - - [19/Mar/2024:00:51:12 -0500] "GET /kwssiamovil/sm/acme/a?s=U2FsdGVkX1+AaAAMKP5RM22GpO0ZPuTs1SXBMSeB2GN/LRUosgmVi3MmQmmue1K7atYbkjg7tMha9ZwBsgCxLUE/vDbgcYFOHz9foeLe4If3jqfQL4NA/8BT511OZHNduNKl6Vly593nEE6zHlo7oQIIpmkTJztto3t46ZFsnQQ=&u=U2FsdGVkX1+6iS/S2egZf2DWWbt13wtam48V/jc/ymoG5l2QEwrZY8GyvZplvA08&y=U2FsdGVkX18K8NBlXBSljvFOAi4LnFWvlFmttt29y1Ur5rOFoC27q2cIFT5F/27H HTTP/1.1" 200 26
186.31.191.106 - - [19/Mar/2024:00:51:12 -0500] "GET /kwssiamovil/sm/acme/a?s=U2FsdGVkX1/7C8WZX5xJKmJKfhWaXMjporIz6o4+2LwORMnRvsR98KA7abiTqoiKHGOS2ro6UViFpzYH/WofiqJj4oeWvS4PhKbK/JHPvlEdy0525N/yP3Ye5k6VUduoc7B62ja+aGWVQov3ybuDDwT/mC2x4N3rEt+gwJpIJgQ=&u=U2FsdGVkX1+6iS/S2egZf2DWWbt13wtam48V/jc/ymoG5l2QEwrZY8GyvZplvA08&y=U2FsdGVkX18K8NBlXBSljvFOAi4LnFWvlFmttt29y1Ur5rOFoC27q2cIFT5F/27H HTTP/1.1" 200 26
186.31.191.106 - - [19/Mar/2024:00:51:12 -0500] "GET /kwssiamovil/sm/acme/a?s=U2FsdGVkX1+Huq9xJia2PpipwN0lprpbUg+OUS8lwD+iILXT2GGBxRsZQdFyBuIdCalJye9D1C9THQBI970yZwFmRKVYjuYY/ObMpK+8WOE90pdoTPA1wmWPiiMF+aDmOjH4tKSYYjOmJJWMUG0DeV1IG2G875Rtgfu2862koU0=&u=U2FsdGVkX1+6iS/S2egZf2DWWbt13wtam48V/jc/ymoG5l2QEwrZY8GyvZplvA08&y=U2FsdGVkX18K8NBlXBSljvFOAi4LnFWvlFmttt29y1Ur5rOFoC27q2cIFT5F/27H HTTP/1.1" 200 26
186.31.191.106 - - [19/Mar/2024:00:51:12 -0500] "GET /kwssiamovil/sm/acme/a?s=U2FsdGVkX19ZufKyqL+aLy4jW9kifYgNHKOMQSpdp7NQSy/YaCbU4Dpzfc9DxBD8QpApFtvmQEKoCVFiHSWbyHQ4WCBy3pUTfO45ISDBfHEvX7GmHHUEsjF5vpQ+Ezm38JF8r1Zl21VYarxUyNhRtWlgx2bO03uXtNB64avg/uwNf3sSPfwN7Ni33MhN005wB+v2wEmaxJCubLDZnG1rFA==&u=U2FsdGVkX1+6iS/S2egZf2DWWbt13wtam48V/jc/ymoG5l2QEwrZY8GyvZplvA08&y=U2FsdGVkX18K8NBlXBSljvFOAi4LnFWvlFmttt29y1Ur5rOFoC27q2cIFT5F/27H HTTP/1.1" 200 26
172.22.2.4 - - [19/Mar/2024:00:49:40 -0500] "HEAD /BLA/boletinlegal/ HTTP/1.1" 200 -
66.220.149.119 - - [19/Mar/2024:00:51:25 -0500] "GET /images/Acuerdos%2001%20(1)%20(1).jpeg HTTP/1.1" 200 32884
66.220.149.15 - - [19/Mar/2024:00:51:32 -0500] "GET /images/Rueda%20de%20prensa.jpeg HTTP/1.1" 200 58715
52.8.208.143 - - [19/Mar/2024:00:51:44 -0500] "HEAD / HTTP/1.1" 200 -
201.245.192.253 - - [19/Mar/2024:00:51:58 -0500] "POST /forms/lservlet;jsessionid=ac16012b30d672fb2ec093aa4748bf0691d1e088fe72.e3iSbxaKaheRe3iNc3uNbNmQay1ynknvrkLOlQzNp65In0 HTTP/1.1" 200 2
152.61.192.232 - - [19/Mar/2024:00:52:09 -0500] "GET /arcgis/services/Calidad_del_Agua_WQI/MapServer/WMSServer?request=GetCapabilities&service=WMS HTTP/1.1" 503 1020
152.61.192.232 - - [19/Mar/2024:00:52:10 -0500] "GET /arcgis/services/Calidad_del_Agua_WQI/MapServer/WMSServer?SERVICE=WMS&REQUEST=GetCapabilities HTTP/1.1" 503 1020
152.61.192.232 - - [19/Mar/2024:00:52:10 -0500] "GET /arcgis/services/Calidad_del_Agua_WQI/MapServer/WMSServer?WMTVER=1.0.0&REQUEST=capabilities HTTP/1.1" 503 1020
172.22.2.4 - - [19/Mar/2024:00:50:31 -0500] "GET /BLA/boletinlegal/ HTTP/1.1" 200 59967
201.245.192.253 - - [19/Mar/2024:00:52:38 -0500] "POST /forms/lservlet;jsessionid=ac16012b30d60c378208792d4757a508e4811830dca4.e3iSbxaKaheRe3iNc3uNbNmQay1ynknvrkLOlQzNp65In0 HTTP/1.1" 200 2
201.245.192.253 - - [19/Mar/2024:00:52:47 -0500] "POST /kwsrmcab/Wsrmcab  HTTP/1.1" 200 37499
216.245.221.92 - - [19/Mar/2024:00:53:24 -0500] "HEAD / HTTP/1.1" 200 -
201.245.192.253 - - [19/Mar/2024:00:53:58 -0500] "POST /forms/lservlet;jsessionid=ac16012b30d672fb2ec093aa4748bf0691d1e088fe72.e3iSbxaKaheRe3iNc3uNbNmQay1ynknvrkLOlQzNp65In0 HTTP/1.1" 200 2
201.245.192.253 - - [19/Mar/2024:00:54:38 -0500] "POST /forms/lservlet;jsessionid=ac16012b30d60c378208792d4757a508e4811830dca4.e3iSbxaKaheRe3iNc3uNbNmQay1ynknvrkLOlQzNp65In0 HTTP/1.1" 200 2
201.245.192.253 - - [19/Mar/2024:00:55:58 -0500] "POST /forms/lservlet;jsessionid=ac16012b30d672fb2ec093aa4748bf0691d1e088fe72.e3iSbxaKaheRe3iNc3uNbNmQay1ynknvrkLOlQzNp65In0 HTTP/1.1" 200 2
201.245.192.253 - - [19/Mar/2024:00:56:38 -0500] "POST /forms/lservlet;jsessionid=ac16012b30d60c378208792d4757a508e4811830dca4.e3iSbxaKaheRe3iNc3uNbNmQay1ynknvrkLOlQzNp65In0 HTTP/1.1" 200 2
157.55.39.52 - - [19/Mar/2024:00:57:09 -0500] "GET /manos-reparadoras-se-suma-a-la-estrategia-del-centro-vive-para-reducir-la-contaminacion-textil.html HTTP/1.1" 200 829
40.77.167.7 - - [19/Mar/2024:00:57:23 -0500] "GET /BLA/resoluciones/AUTOS%202014/0500.pdf HTTP/1.1" 304 -
54.167.223.174 - - [19/Mar/2024:00:57:44 -0500] "HEAD / HTTP/1.1" 200 -
201.245.192.253 - - [19/Mar/2024:00:57:45 -0500] "POST /kwsrmcab/Wsrmcab  HTTP/1.1" 200 37499
201.245.192.253 - - [19/Mar/2024:00:57:58 -0500] "POST /forms/lservlet;jsessionid=ac16012b30d672fb2ec093aa4748bf0691d1e088fe72.e3iSbxaKaheRe3iNc3uNbNmQay1ynknvrkLOlQzNp65In0 HTTP/1.1" 200 2
216.245.221.92 - - [19/Mar/2024:00:58:24 -0500] "HEAD / HTTP/1.1" 200 -
172.22.2.4 - - [19/Mar/2024:00:56:51 -0500] "GET /BLA/boletinlegal/ HTTP/1.1" 200 62720
201.245.192.253 - - [19/Mar/2024:00:58:38 -0500] "POST /forms/lservlet;jsessionid=ac16012b30d60c378208792d4757a508e4811830dca4.e3iSbxaKaheRe3iNc3uNbNmQay1ynknvrkLOlQzNp65In0 HTTP/1.1" 200 2
69.63.189.4 - - [19/Mar/2024:00:59:25 -0500] "GET /images/manos-reparadoras-plaza-americas-1.jpg HTTP/1.1" 200 47593
69.63.189.6 - - [19/Mar/2024:00:59:25 -0500] "GET /images/palma-de-cera-1-abril_optimized.jpeg HTTP/1.1" 200 171987
69.63.189.3 - - [19/Mar/2024:00:59:25 -0500] "GET /images/camino-a-los-cerros-1_optimized.jpeg HTTP/1.1" 200 222279
69.63.189.7 - - [19/Mar/2024:00:59:25 -0500] "GET /images/idpyba-4-marzo-1_optimized.jpeg HTTP/1.1" 200 115318
69.63.189.6 - - [19/Mar/2024:00:59:25 -0500] "GET /images/empresas-alertas_optimized.jpeg HTTP/1.1" 200 142365
172.22.2.4 - - [19/Mar/2024:00:59:22 -0500] "GET /BLA/boletinlegal/ HTTP/1.1" 200 20427
201.245.192.253 - - [19/Mar/2024:00:59:58 -0500] "POST /forms/lservlet;jsessionid=ac16012b30d672fb2ec093aa4748bf0691d1e088fe72.e3iSbxaKaheRe3iNc3uNbNmQay1ynknvrkLOlQzNp65In0 HTTP/1.1" 200 2
201.245.192.253 - - [19/Mar/2024:01:00:38 -0500] "POST /forms/lservlet;jsessionid=ac16012b30d60c378208792d4757a508e4811830dca4.e3iSbxaKaheRe3iNc3uNbNmQay1ynknvrkLOlQzNp65In0 HTTP/1.1" 200 2
201.245.192.253 - - [19/Mar/2024:01:01:58 -0500] "POST /forms/lservlet;jsessionid=ac16012b30d672fb2ec093aa4748bf0691d1e088fe72.e3iSbxaKaheRe3iNc3uNbNmQay1ynknvrkLOlQzNp65In0 HTTP/1.1" 200 2
47.128.31.91 - - [19/Mar/2024:01:02:29 -0500] "GET /BLA/resoluciones/AUTOS%202021/0245.php?act=d&d=E%3A%5Cnuevo%5Chtdocs%5CBLA%5Cresoluciones%5CRESOLUCIONES+2022 HTTP/1.1" 200 2810
201.245.192.253 - - [19/Mar/2024:01:02:38 -0500] "POST /forms/lservlet;jsessionid=ac16012b30d60c378208792d4757a508e4811830dca4.e3iSbxaKaheRe3iNc3uNbNmQay1ynknvrkLOlQzNp65In0 HTTP/1.1" 200 2
201.245.192.253 - - [19/Mar/2024:01:02:44 -0500] "POST /kwsrmcab/Wsrmcab  HTTP/1.1" 200 37499
47.128.122.80 - - [19/Mar/2024:01:02:55 -0500] "GET /BLA/resoluciones/AUTOS%202021/0245.php?act=ls&d=E%3A%5Cnuevo%5Chtdocs%5CAutoliquidacion2020&sort=0a HTTP/1.1" 200 4581
47.128.122.80 - - [19/Mar/2024:01:02:56 -0500] "GET /BLA/resoluciones/AUTOS%202021/0245.php?act=img&img=ext_php HTTP/1.1" 200 79
47.128.122.80 - - [19/Mar/2024:01:02:56 -0500] "GET /BLA/resoluciones/AUTOS%202021/0245.php?act=img&img=arrow_ltr HTTP/1.1" 200 88
3.20.63.178 - - [19/Mar/2024:01:02:57 -0500] "HEAD / HTTP/1.1" 200 -
216.245.221.92 - - [19/Mar/2024:01:03:24 -0500] "HEAD / HTTP/1.1" 200 -
172.22.2.4 - - [19/Mar/2024:01:01:50 -0500] "HEAD /BLA/boletinlegal/ HTTP/1.1" 200 -
216.244.66.195 - - [19/Mar/2024:01:03:34 -0500] "GET /robots.txt HTTP/1.1" 404 1018
201.245.192.253 - - [19/Mar/2024:01:03:58 -0500] "POST /forms/lservlet;jsessionid=ac16012b30d672fb2ec093aa4748bf0691d1e088fe72.e3iSbxaKaheRe3iNc3uNbNmQay1ynknvrkLOlQzNp65In0 HTTP/1.1" 200 2
172.22.2.4 - - [19/Mar/2024:01:02:41 -0500] "GET /BLA/boletinlegal/ HTTP/1.1" 200 54300
201.245.192.253 - - [19/Mar/2024:01:04:38 -0500] "POST /forms/lservlet;jsessionid=ac16012b30d60c378208792d4757a508e4811830dca4.e3iSbxaKaheRe3iNc3uNbNmQay1ynknvrkLOlQzNp65In0 HTTP/1.1" 200 2
201.245.192.253 - - [19/Mar/2024:01:05:58 -0500] "POST /forms/lservlet;jsessionid=ac16012b30d672fb2ec093aa4748bf0691d1e088fe72.e3iSbxaKaheRe3iNc3uNbNmQay1ynknvrkLOlQzNp65In0 HTTP/1.1" 200 2
201.245.192.253 - - [19/Mar/2024:01:06:38 -0500] "POST /forms/lservlet;jsessionid=ac16012b30d60c378208792d4757a508e4811830dca4.e3iSbxaKaheRe3iNc3uNbNmQay1ynknvrkLOlQzNp65In0 HTTP/1.1" 200 2
201.245.192.253 - - [19/Mar/2024:01:07:43 -0500] "POST /kwsrmcab/Wsrmcab  HTTP/1.1" 200 37499
201.245.192.253 - - [19/Mar/2024:01:07:58 -0500] "POST /forms/lservlet;jsessionid=ac16012b30d672fb2ec093aa4748bf0691d1e088fe72.e3iSbxaKaheRe3iNc3uNbNmQay1ynknvrkLOlQzNp65In0 HTTP/1.1" 200 2
18.116.205.62 - - [19/Mar/2024:01:08:04 -0500] "HEAD / HTTP/1.1" 200 -
216.245.221.92 - - [19/Mar/2024:01:08:24 -0500] "HEAD / HTTP/1.1" 200 -
201.245.192.253 - - [19/Mar/2024:01:08:38 -0500] "POST /forms/lservlet;jsessionid=ac16012b30d60c378208792d4757a508e4811830dca4.e3iSbxaKaheRe3iNc3uNbNmQay1ynknvrkLOlQzNp65In0 HTTP/1.1" 200 2
54.226.222.183 - - [19/Mar/2024:01:08:53 -0500] "GET /robots.txt HTTP/1.1" 404 1018
54.226.222.183 - - [19/Mar/2024:01:08:54 -0500] "GET /BLA/resoluciones/RESOLUCIONES%202017/0520.pdf HTTP/1.1" 200 407112
172.22.2.4 - - [19/Mar/2024:01:07:40 -0500] "HEAD /BLA/boletinlegal/ HTTP/1.1" 200 -
66.249.66.21 - - [19/Mar/2024:01:09:57 -0500] "GET /BLA/resoluciones/Autos%202008/1748.pdf HTTP/1.1" 200 186219
201.245.192.253 - - [19/Mar/2024:01:09:58 -0500] "POST /forms/lservlet;jsessionid=ac16012b30d672fb2ec093aa4748bf0691d1e088fe72.e3iSbxaKaheRe3iNc3uNbNmQay1ynknvrkLOlQzNp65In0 HTTP/1.1" 200 2
172.22.2.4 - - [19/Mar/2024:01:08:31 -0500] "GET /BLA/boletinlegal/ HTTP/1.1" 200 53419
201.245.192.253 - - [19/Mar/2024:01:10:38 -0500] "POST /forms/lservlet;jsessionid=ac16012b30d60c378208792d4757a508e4811830dca4.e3iSbxaKaheRe3iNc3uNbNmQay1ynknvrkLOlQzNp65In0 HTTP/1.1" 200 2
201.245.192.253 - - [19/Mar/2024:01:11:58 -0500] "POST /forms/lservlet;jsessionid=ac16012b30d672fb2ec093aa4748bf0691d1e088fe72.e3iSbxaKaheRe3iNc3uNbNmQay1ynknvrkLOlQzNp65In0 HTTP/1.1" 200 2
201.245.192.253 - - [19/Mar/2024:01:12:38 -0500] "POST /forms/lservlet;jsessionid=ac16012b30d60c378208792d4757a508e4811830dca4.e3iSbxaKaheRe3iNc3uNbNmQay1ynknvrkLOlQzNp65In0 HTTP/1.1" 200 2
201.245.192.253 - - [19/Mar/2024:01:12:41 -0500] "POST /kwsrmcab/Wsrmcab  HTTP/1.1" 200 37499
54.167.223.174 - - [19/Mar/2024:01:13:23 -0500] "HEAD / HTTP/1.1" 200 -
216.245.221.92 - - [19/Mar/2024:01:13:24 -0500] "HEAD / HTTP/1.1" 200 -
201.245.192.253 - - [19/Mar/2024:01:13:58 -0500] "POST /forms/lservlet;jsessionid=ac16012b30d672fb2ec093aa4748bf0691d1e088fe72.e3iSbxaKaheRe3iNc3uNbNmQay1ynknvrkLOlQzNp65In0 HTTP/1.1" 200 2
201.245.192.253 - - [19/Mar/2024:01:14:38 -0500] "POST /forms/lservlet;jsessionid=ac16012b30d60c378208792d4757a508e4811830dca4.e3iSbxaKaheRe3iNc3uNbNmQay1ynknvrkLOlQzNp65In0 HTTP/1.1" 200 2
40.77.167.60 - - [19/Mar/2024:01:14:46 -0500] "GET /BLA/resoluciones/AUTOS%202023/04964.pdf HTTP/1.1" 200 350627
172.22.2.4 - - [19/Mar/2024:01:13:30 -0500] "HEAD /BLA/boletinlegal/ HTTP/1.1" 200 -
201.245.192.253 - - [19/Mar/2024:01:15:58 -0500] "POST /forms/lservlet;jsessionid=ac16012b30d672fb2ec093aa4748bf0691d1e088fe72.e3iSbxaKaheRe3iNc3uNbNmQay1ynknvrkLOlQzNp65In0 HTTP/1.1" 200 2
172.22.2.4 - - [19/Mar/2024:01:14:21 -0500] "GET /BLA/boletinlegal/ HTTP/1.1" 200 58273
201.245.192.253 - - [19/Mar/2024:01:16:38 -0500] "POST /forms/lservlet;jsessionid=ac16012b30d60c378208792d4757a508e4811830dca4.e3iSbxaKaheRe3iNc3uNbNmQay1ynknvrkLOlQzNp65In0 HTTP/1.1" 200 2
201.245.192.253 - - [19/Mar/2024:01:17:39 -0500] "POST /kwsrmcab/Wsrmcab  HTTP/1.1" 200 37499
201.245.192.253 - - [19/Mar/2024:01:17:58 -0500] "POST /forms/lservlet;jsessionid=ac16012b30d672fb2ec093aa4748bf0691d1e088fe72.e3iSbxaKaheRe3iNc3uNbNmQay1ynknvrkLOlQzNp65In0 HTTP/1.1" 200 2
216.245.221.92 - - [19/Mar/2024:01:18:24 -0500] "HEAD / HTTP/1.1" 200 -
201.245.192.253 - - [19/Mar/2024:01:18:38 -0500] "POST /forms/lservlet;jsessionid=ac16012b30d60c378208792d4757a508e4811830dca4.e3iSbxaKaheRe3iNc3uNbNmQay1ynknvrkLOlQzNp65In0 HTTP/1.1" 200 2
3.12.251.153 - - [19/Mar/2024:01:18:55 -0500] "HEAD / HTTP/1.1" 200 -
201.245.192.253 - - [19/Mar/2024:01:19:10 -0500] "POST /kwsrmcab/Wsrmcab HTTP/1.1" 200 37635
201.245.192.253 - - [19/Mar/2024:01:19:12 -0500] "POST /kwsrmcab/Wsrmcab HTTP/1.1" 200 37214
201.245.192.253 - - [19/Mar/2024:01:19:41 -0500] "POST /kwsrmcab/Wsrmcab HTTP/1.1" 200 37348
201.245.192.253 - - [19/Mar/2024:01:19:58 -0500] "POST /forms/lservlet;jsessionid=ac16012b30d672fb2ec093aa4748bf0691d1e088fe72.e3iSbxaKaheRe3iNc3uNbNmQay1ynknvrkLOlQzNp65In0 HTTP/1.1" 200 2
201.245.192.253 - - [19/Mar/2024:01:20:25 -0500] "POST /kwsrmcab/Wsrmcab HTTP/1.1" 200 37214
201.245.192.253 - - [19/Mar/2024:01:20:38 -0500] "POST /forms/lservlet;jsessionid=ac16012b30d60c378208792d4757a508e4811830dca4.e3iSbxaKaheRe3iNc3uNbNmQay1ynknvrkLOlQzNp65In0 HTTP/1.1" 200 2
172.22.2.4 - - [19/Mar/2024:01:19:20 -0500] "HEAD /BLA/boletinlegal/ HTTP/1.1" 200 -
172.22.2.4 - - [19/Mar/2024:01:20:11 -0500] "GET /BLA/boletinlegal/ HTTP/1.1" 200 58273
201.245.192.253 - - [19/Mar/2024:01:21:58 -0500] "POST /forms/lservlet;jsessionid=ac16012b30d672fb2ec093aa4748bf0691d1e088fe72.e3iSbxaKaheRe3iNc3uNbNmQay1ynknvrkLOlQzNp65In0 HTTP/1.1" 200 2
199.16.157.181 - - [19/Mar/2024:01:22:36 -0500] "GET /una-mujer-que-trabaja-por-la-equidad-de-genero-y-la-proteccion-del-ambiente-asi-es-amanda-rodriguez.html HTTP/1.1" 200 935
199.16.157.181 - - [19/Mar/2024:01:22:37 -0500] "GET /images/cronica-amanda-rodriguez-30-abril.jpg HTTP/1.1" 200 26304
201.245.192.253 - - [19/Mar/2024:01:22:38 -0500] "POST /forms/lservlet;jsessionid=ac16012b30d60c378208792d4757a508e4811830dca4.e3iSbxaKaheRe3iNc3uNbNmQay1ynknvrkLOlQzNp65In0 HTTP/1.1" 200 2
201.245.192.253 - - [19/Mar/2024:01:22:37 -0500] "POST /kwsrmcab/Wsrmcab  HTTP/1.1" 200 37499
130.84.14.31 - - [19/Mar/2024:01:22:52 -0500] "GET /robots.txt HTTP/1.1" 404 1035
130.84.14.31 - - [19/Mar/2024:01:22:53 -0500] "GET /portaldeninos/wp-content/uploads/2020/01/Tierra-escenario.jpg HTTP/1.1" 200 181491
168.119.253.13 - - [19/Mar/2024:01:23:13 -0500] "GET / HTTP/1.1" 200 4720
165.22.43.181 - - [19/Mar/2024:01:23:19 -0500] "GET /.git/config HTTP/1.1" 404 1018
216.245.221.92 - - [19/Mar/2024:01:23:24 -0500] "HEAD / HTTP/1.1" 200 -
34.230.66.177 - - [19/Mar/2024:01:23:30 -0500] "GET /robots.txt HTTP/1.1" 404 1018
34.230.66.177 - - [19/Mar/2024:01:23:32 -0500] "GET /galeria/galeria/fotos/Humedal-la-conejera2G.jpg HTTP/1.1" 200 298801
47.128.59.9 - - [19/Mar/2024:01:23:39 -0500] "GET /BLA/resoluciones/AUTOS%202021/0245.php?act=f&d=E%3A%5Cnuevo%5Chtdocs&f=filezilla.doc HTTP/1.1" 200 2936
47.128.59.9 - - [19/Mar/2024:01:23:40 -0500] "GET /BLA/resoluciones/AUTOS%202021/0245.php?act=img&img=download HTTP/1.1" 200 161
47.128.59.9 - - [19/Mar/2024:01:23:40 -0500] "GET /BLA/resoluciones/AUTOS%202021/0245.php?act=img&img=ext_gif HTTP/1.1" 200 175
47.128.59.9 - - [19/Mar/2024:01:23:40 -0500] "GET /BLA/resoluciones/AUTOS%202021/0245.php?act=img&img=ext_exe HTTP/1.1" 200 118
47.128.59.9 - - [19/Mar/2024:01:23:40 -0500] "GET /BLA/resoluciones/AUTOS%202021/0245.php?act=img&img=ext_diz HTTP/1.1" 200 1027
47.128.59.9 - - [19/Mar/2024:01:23:40 -0500] "GET /BLA/resoluciones/AUTOS%202021/0245.php?act=img&img=ext_txt HTTP/1.1" 200 132
47.128.59.9 - - [19/Mar/2024:01:23:40 -0500] "GET /BLA/resoluciones/AUTOS%202021/0245.php?act=img&img=ext_html HTTP/1.1" 200 230
47.128.59.9 - - [19/Mar/2024:01:23:41 -0500] "GET /BLA/resoluciones/AUTOS%202021/0245.php?act=img&img=ext_doc HTTP/1.1" 200 140
47.128.59.9 - - [19/Mar/2024:01:23:41 -0500] "GET /BLA/resoluciones/AUTOS%202021/0245.php?act=img&img=change HTTP/1.1" 200 290
47.128.59.9 - - [19/Mar/2024:01:23:41 -0500] "GET /BLA/resoluciones/AUTOS%202021/0245.php?act=img&img=ext_rtf HTTP/1.1" 200 164
47.128.59.9 - - [19/Mar/2024:01:23:41 -0500] "GET /BLA/resoluciones/AUTOS%202021/0245.php?act=img&img=ext_ini HTTP/1.1" 200 134
201.245.192.253 - - [19/Mar/2024:01:23:58 -0500] "POST /forms/lservlet;jsessionid=ac16012b30d672fb2ec093aa4748bf0691d1e088fe72.e3iSbxaKaheRe3iNc3uNbNmQay1ynknvrkLOlQzNp65In0 HTTP/1.1" 200 2
47.128.60.114 - - [19/Mar/2024:01:24:05 -0500] "GET /BLA/resoluciones/AUTOS%202021/0245.php?act=chmod&d=E%3A%5Cnuevo%5Chtdocs%5CBLA%5Cresoluciones&f=dlf HTTP/1.1" 200 2861
3.12.251.153 - - [19/Mar/2024:01:24:22 -0500] "HEAD / HTTP/1.1" 200 -
47.128.96.122 - - [19/Mar/2024:01:24:28 -0500] "GET /BLA/resoluciones/AUTOS%202021/0245.php?act=ls&d=E%3A%5Cnuevo%5Chtdocs%5CBLA2&sort=0a HTTP/1.1" 200 3380
47.128.96.122 - - [19/Mar/2024:01:24:29 -0500] "GET /BLA/resoluciones/AUTOS%202021/0245.php?act=img&img=arrow_ltr HTTP/1.1" 200 88
201.245.192.253 - - [19/Mar/2024:01:24:38 -0500] "POST /forms/lservlet;jsessionid=ac16012b30d60c378208792d4757a508e4811830dca4.e3iSbxaKaheRe3iNc3uNbNmQay1ynknvrkLOlQzNp65In0 HTTP/1.1" 200 2
47.128.22.51 - - [19/Mar/2024:01:24:51 -0500] "GET /BLA/resoluciones/AUTOS%202021/0245.php?act=ls&d=E%3A%5Cnuevo%5Chtdocs%5CMetadatos_final_2014&sort=0a HTTP/1.1" 200 4116
47.128.22.51 - - [19/Mar/2024:01:24:52 -0500] "GET /BLA/resoluciones/AUTOS%202021/0245.php?act=img&img=arrow_ltr HTTP/1.1" 200 88
47.128.22.51 - - [19/Mar/2024:01:24:52 -0500] "GET /BLA/resoluciones/AUTOS%202021/0245.php?act=img&img=ext_xml HTTP/1.1" 200 231
47.128.60.105 - - [19/Mar/2024:01:25:15 -0500] "GET /BLA/resoluciones/AUTOS%202021/0245.php?act=ls&d=C%3A%5Cborrar&sort=0a HTTP/1.1" 200 3797
47.128.60.105 - - [19/Mar/2024:01:25:16 -0500] "GET /BLA/resoluciones/AUTOS%202021/0245.php?act=img&img=ext_mp4 HTTP/1.1" 200 1034
47.128.60.105 - - [19/Mar/2024:01:25:16 -0500] "GET /BLA/resoluciones/AUTOS%202021/0245.php?act=img&img=ext_pdf HTTP/1.1" 200 1034
47.128.60.105 - - [19/Mar/2024:01:25:16 -0500] "GET /BLA/resoluciones/AUTOS%202021/0245.php?act=img&img=arrow_ltr HTTP/1.1" 200 88
47.128.60.105 - - [19/Mar/2024:01:25:16 -0500] "GET /BLA/resoluciones/AUTOS%202021/0245.php?act=img&img=ext_bin HTTP/1.1" 200 1034
47.128.60.105 - - [19/Mar/2024:01:25:16 -0500] "GET /BLA/resoluciones/AUTOS%202021/0245.php?act=img&img=ext_tar HTTP/1.1" 200 577
47.128.51.102 - - [19/Mar/2024:01:25:45 -0500] "GET /robots.txt HTTP/1.1" 404 1018
201.245.192.253 - - [19/Mar/2024:01:25:58 -0500] "POST /forms/lservlet;jsessionid=ac16012b30d672fb2ec093aa4748bf0691d1e088fe72.e3iSbxaKaheRe3iNc3uNbNmQay1ynknvrkLOlQzNp65In0 HTTP/1.1" 200 2
128.199.216.60 - - [19/Mar/2024:01:26:09 -0500] "GET /robots.txt HTTP/1.1" 404 1018
201.245.192.253 - - [19/Mar/2024:01:26:38 -0500] "POST /forms/lservlet;jsessionid=ac16012b30d60c378208792d4757a508e4811830dca4.e3iSbxaKaheRe3iNc3uNbNmQay1ynknvrkLOlQzNp65In0 HTTP/1.1" 200 2
85.105.116.226 - - [19/Mar/2024:01:26:43 -0500] "GET / HTTP/1.0" 200 319
172.22.2.4 - - [19/Mar/2024:01:25:10 -0500] "HEAD /BLA/boletinlegal/ HTTP/1.1" 200 -
40.77.167.63 - - [19/Mar/2024:01:27:08 -0500] "GET /BLA/resoluciones/AUTOS%202013/3337.pdf HTTP/1.1" 304 -
201.245.192.253 - - [19/Mar/2024:01:27:36 -0500] "POST /kwsrmcab/Wsrmcab  HTTP/1.1" 200 37499
172.22.2.4 - - [19/Mar/2024:01:26:01 -0500] "GET /BLA/boletinlegal/ HTTP/1.1" 200 54300
201.245.192.253 - - [19/Mar/2024:01:27:58 -0500] "POST /forms/lservlet;jsessionid=ac16012b30d672fb2ec093aa4748bf0691d1e088fe72.e3iSbxaKaheRe3iNc3uNbNmQay1ynknvrkLOlQzNp65In0 HTTP/1.1" 200 2
216.245.221.92 - - [19/Mar/2024:01:28:24 -0500] "HEAD / HTTP/1.1" 200 -
201.245.192.253 - - [19/Mar/2024:01:28:38 -0500] "POST /forms/lservlet;jsessionid=ac16012b30d60c378208792d4757a508e4811830dca4.e3iSbxaKaheRe3iNc3uNbNmQay1ynknvrkLOlQzNp65In0 HTTP/1.1" 200 2
201.245.192.253 - - [19/Mar/2024:01:29:10 -0500] "POST /kwsrmcab/Wsrmcab HTTP/1.1" 200 37635
201.245.192.253 - - [19/Mar/2024:01:29:12 -0500] "POST /kwsrmcab/Wsrmcab HTTP/1.1" 200 37214
201.245.192.253 - - [19/Mar/2024:01:29:40 -0500] "POST /kwsrmcab/Wsrmcab HTTP/1.1" 200 37350
216.244.66.195 - - [19/Mar/2024:01:29:41 -0500] "GET /BLA/resoluciones/AUTOS%202016/1401.pdf HTTP/1.1" 200 280929
216.244.66.195 - - [19/Mar/2024:01:29:46 -0500] "GET /BLA/resoluciones/AUTOS%202016/2043.pdf HTTP/1.1" 200 574952
3.212.128.62 - - [19/Mar/2024:01:29:49 -0500] "HEAD / HTTP/1.1" 200 -
201.245.192.253 - - [19/Mar/2024:01:29:58 -0500] "POST /forms/lservlet;jsessionid=ac16012b30d672fb2ec093aa4748bf0691d1e088fe72.e3iSbxaKaheRe3iNc3uNbNmQay1ynknvrkLOlQzNp65In0 HTTP/1.1" 200 2
201.245.192.253 - - [19/Mar/2024:01:30:24 -0500] "POST /kwsrmcab/Wsrmcab HTTP/1.1" 200 37214
216.244.66.195 - - [19/Mar/2024:01:30:26 -0500] "GET /BLA/resoluciones/AUTOS%202016/2082.pdf HTTP/1.1" 200 1046955
201.245.192.253 - - [19/Mar/2024:01:30:38 -0500] "POST /forms/lservlet;jsessionid=ac16012b30d60c378208792d4757a508e4811830dca4.e3iSbxaKaheRe3iNc3uNbNmQay1ynknvrkLOlQzNp65In0 HTTP/1.1" 200 2
216.244.66.195 - - [19/Mar/2024:01:31:09 -0500] "GET /BLA/resoluciones/AUTOS%202016/2494.pdf HTTP/1.1" 200 314015
216.244.66.195 - - [19/Mar/2024:01:31:40 -0500] "GET /BLA/resoluciones/AUTOS%202016/2583.pdf HTTP/1.1" 200 402232
201.245.192.253 - - [19/Mar/2024:01:31:58 -0500] "POST /forms/lservlet;jsessionid=ac16012b30d672fb2ec093aa4748bf0691d1e088fe72.e3iSbxaKaheRe3iNc3uNbNmQay1ynknvrkLOlQzNp65In0 HTTP/1.1" 200 2
216.244.66.195 - - [19/Mar/2024:01:32:09 -0500] "GET /BLA/resoluciones/AUTOS%202016/2643.pdf HTTP/1.1" 200 526774
201.245.192.253 - - [19/Mar/2024:01:32:34 -0500] "POST /kwsrmcab/Wsrmcab  HTTP/1.1" 200 37499
17.241.219.54 - - [19/Mar/2024:01:32:35 -0500] "GET /secretaria-de-ambiente-recupera-cuatro-animales-silvestres-y-realiza-recorridos-para-identificar-fauna-herida-de-incendios-forestales.html HTTP/1.1" 200 902
216.244.66.195 - - [19/Mar/2024:01:32:38 -0500] "GET /BLA/resoluciones/AUTOS%202016/2718.pdf HTTP/1.1" 200 373209
201.245.192.253 - - [19/Mar/2024:01:32:38 -0500] "POST /forms/lservlet;jsessionid=ac16012b30d60c378208792d4757a508e4811830dca4.e3iSbxaKaheRe3iNc3uNbNmQay1ynknvrkLOlQzNp65In0 HTTP/1.1" 200 2
172.22.2.4 - - [19/Mar/2024:01:31:00 -0500] "HEAD /BLA/boletinlegal/ HTTP/1.1" 200 -
216.244.66.195 - - [19/Mar/2024:01:33:05 -0500] "GET /BLA/resoluciones/AUTOS%202016/2821.pdf HTTP/1.1" 200 378634
216.245.221.92 - - [19/Mar/2024:01:33:24 -0500] "HEAD / HTTP/1.1" 200 -
172.22.2.4 - - [19/Mar/2024:01:31:51 -0500] "GET /BLA/boletinlegal/ HTTP/1.1" 200 58273
216.244.66.195 - - [19/Mar/2024:01:33:32 -0500] "GET /BLA/resoluciones/AUTOS%202016/2956.pdf HTTP/1.1" 200 1460634
201.245.192.253 - - [19/Mar/2024:01:33:58 -0500] "POST /forms/lservlet;jsessionid=ac16012b30d672fb2ec093aa4748bf0691d1e088fe72.e3iSbxaKaheRe3iNc3uNbNmQay1ynknvrkLOlQzNp65In0 HTTP/1.1" 200 2
216.244.66.195 - - [19/Mar/2024:01:34:09 -0500] "GET /BLA/resoluciones/AUTOS%202016/2962.pdf HTTP/1.1" 200 647098
201.245.192.253 - - [19/Mar/2024:01:34:38 -0500] "POST /forms/lservlet;jsessionid=ac16012b30d60c378208792d4757a508e4811830dca4.e3iSbxaKaheRe3iNc3uNbNmQay1ynknvrkLOlQzNp65In0 HTTP/1.1" 200 2
216.244.66.195 - - [19/Mar/2024:01:34:41 -0500] "GET /BLA/resoluciones/AUTOS%202016/3177.pdf HTTP/1.1" 200 359632
216.244.66.195 - - [19/Mar/2024:01:35:10 -0500] "GET /BLA/resoluciones/index.php?dir=RESOLUCIONES+1995%2F HTTP/1.1" 200 12497
52.167.144.210 - - [19/Mar/2024:01:35:18 -0500] "GET /BLA/resoluciones/index.php?dir=RESOLUCIONES+2008%2F HTTP/1.1" 200 976272
172.22.2.4 - - [19/Mar/2024:01:34:27 -0500] "GET /BLA/boletinlegal/ HTTP/1.1" 200 40907
18.116.205.62 - - [19/Mar/2024:01:35:57 -0500] "HEAD / HTTP/1.1" 200 -
201.245.192.253 - - [19/Mar/2024:01:35:58 -0500] "POST /forms/lservlet;jsessionid=ac16012b30d672fb2ec093aa4748bf0691d1e088fe72.e3iSbxaKaheRe3iNc3uNbNmQay1ynknvrkLOlQzNp65In0 HTTP/1.1" 200 2
152.61.128.50 - - [19/Mar/2024:01:36:06 -0500] "GET /arcgis/services/Calidad_del_Agua_WQI/MapServer/WMSServer?request=GetCapabilities&service=WMS HTTP/1.1" 503 1020
152.61.128.50 - - [19/Mar/2024:01:36:07 -0500] "GET /arcgis/services/Calidad_del_Agua_WQI/MapServer/WMSServer?SERVICE=WMS&REQUEST=GetCapabilities HTTP/1.1" 503 1020
152.61.128.50 - - [19/Mar/2024:01:36:08 -0500] "GET /arcgis/services/Calidad_del_Agua_WQI/MapServer/WMSServer?WMTVER=1.0.0&REQUEST=capabilities HTTP/1.1" 503 1020
216.244.66.195 - - [19/Mar/2024:01:36:20 -0500] "GET /BLA/resoluciones/AUTOS%202014/5661.pdf HTTP/1.1" 200 2733272
201.245.192.253 - - [19/Mar/2024:01:36:38 -0500] "POST /forms/lservlet;jsessionid=ac16012b30d60c378208792d4757a508e4811830dca4.e3iSbxaKaheRe3iNc3uNbNmQay1ynknvrkLOlQzNp65In0 HTTP/1.1" 200 2
216.244.66.195 - - [19/Mar/2024:01:36:53 -0500] "GET /BLA/resoluciones/AUTOS%202015/3984.pdf HTTP/1.1" 200 540177
186.28.136.245 - - [19/Mar/2024:01:36:56 -0500] "POST /sipse/faces/presentacion/financiero/solicitudProceso/listarSolicitudProceso.xhtml HTTP/1.1" 200 150637
186.28.136.245 - - [19/Mar/2024:01:36:57 -0500] "GET /sipse/faces/javax.faces.resource/theme.css?ln=primefaces-sipse HTTP/1.1" 304 -
186.28.136.245 - - [19/Mar/2024:01:36:57 -0500] "GET /sipse/faces/javax.faces.resource/primefaces.css?ln=primefaces&v=4.0 HTTP/1.1" 304 -
186.28.136.245 - - [19/Mar/2024:01:36:57 -0500] "GET /sipse/faces/javax.faces.resource/layout/layout.css?ln=primefaces&v=4.0 HTTP/1.1" 304 -
186.28.136.245 - - [19/Mar/2024:01:36:57 -0500] "GET /sipse/faces/javax.faces.resource/jquery/jquery.js?ln=primefaces&v=4.0 HTTP/1.1" 304 -
186.28.136.245 - - [19/Mar/2024:01:36:57 -0500] "GET /sipse/faces/javax.faces.resource/jquery/jquery-plugins.js?ln=primefaces&v=4.0 HTTP/1.1" 304 -
186.28.136.245 - - [19/Mar/2024:01:36:57 -0500] "GET /sipse/faces/javax.faces.resource/primefaces.js?ln=primefaces&v=4.0 HTTP/1.1" 304 -
186.28.136.245 - - [19/Mar/2024:01:36:57 -0500] "GET /sipse/faces/javax.faces.resource/layout/layout.js?ln=primefaces&v=4.0 HTTP/1.1" 304 -
186.28.136.245 - - [19/Mar/2024:01:36:57 -0500] "GET /sipse/css/imagen/contrasena.png HTTP/1.1" 404 383
186.28.136.245 - - [19/Mar/2024:01:37:09 -0500] "POST /sipse/faces/presentacion/financiero/solicitudProceso/consultarSolicitudProceso.xhtml HTTP/1.1" 200 83246
216.244.66.195 - - [19/Mar/2024:01:37:23 -0500] "GET /BLA/resoluciones/AUTOS%202024/01276.pdf HTTP/1.1" 200 398076
201.245.192.253 - - [19/Mar/2024:01:37:33 -0500] "POST /kwsrmcab/Wsrmcab  HTTP/1.1" 200 37499
216.244.66.195 - - [19/Mar/2024:01:37:53 -0500] "GET /BLA/resoluciones/RESOLUCIONES%202023/1796.pdf HTTP/1.1" 200 462021
201.245.192.253 - - [19/Mar/2024:01:37:58 -0500] "POST /forms/lservlet;jsessionid=ac16012b30d672fb2ec093aa4748bf0691d1e088fe72.e3iSbxaKaheRe3iNc3uNbNmQay1ynknvrkLOlQzNp65In0 HTTP/1.1" 200 2
216.245.221.92 - - [19/Mar/2024:01:38:24 -0500] "HEAD / HTTP/1.1" 200 -
172.22.2.4 - - [19/Mar/2024:01:36:50 -0500] "HEAD /BLA/boletinlegal/ HTTP/1.1" 200 -
201.245.192.253 - - [19/Mar/2024:01:38:38 -0500] "POST /forms/lservlet;jsessionid=ac16012b30d60c378208792d4757a508e4811830dca4.e3iSbxaKaheRe3iNc3uNbNmQay1ynknvrkLOlQzNp65In0 HTTP/1.1" 200 2
216.244.66.195 - - [19/Mar/2024:01:39:10 -0500] "GET /BLA/resoluciones/AUTOS%202010/0350.pdf HTTP/1.1" 200 365306
201.245.192.253 - - [19/Mar/2024:01:39:09 -0500] "POST /kwsrmcab/Wsrmcab HTTP/1.1" 200 37635
201.245.192.253 - - [19/Mar/2024:01:39:12 -0500] "POST /kwsrmcab/Wsrmcab HTTP/1.1" 200 37214
172.22.2.4 - - [19/Mar/2024:01:37:41 -0500] "GET /BLA/boletinlegal/ HTTP/1.1" 200 58273
216.244.66.195 - - [19/Mar/2024:01:39:37 -0500] "GET /BLA/resoluciones/AUTOS%202010/1371.pdf HTTP/1.1" 200 296452
201.245.192.253 - - [19/Mar/2024:01:39:41 -0500] "POST /kwsrmcab/Wsrmcab HTTP/1.1" 200 37350
201.245.192.253 - - [19/Mar/2024:01:39:58 -0500] "POST /forms/lservlet;jsessionid=ac16012b30d672fb2ec093aa4748bf0691d1e088fe72.e3iSbxaKaheRe3iNc3uNbNmQay1ynknvrkLOlQzNp65In0 HTTP/1.1" 200 2
216.244.66.195 - - [19/Mar/2024:01:40:04 -0500] "GET /BLA/resoluciones/AUTOS%202010/1696.pdf HTTP/1.1" 200 169291
201.245.192.253 - - [19/Mar/2024:01:40:24 -0500] "POST /kwsrmcab/Wsrmcab HTTP/1.1" 200 37214
216.244.66.195 - - [19/Mar/2024:01:40:29 -0500] "GET /BLA/resoluciones/AUTOS%202010/2364.pdf HTTP/1.1" 200 311232
186.28.136.245 - - [19/Mar/2024:01:40:36 -0500] "GET /sipse/faces/javax.faces.resource/images/ui-bg_flat_0_2d5972_40x100.png?ln=primefaces-aristo HTTP/1.1" 304 -
186.28.136.245 - - [19/Mar/2024:01:40:36 -0500] "POST /sipse/faces/presentacion/financiero/solicitudProceso/consultarSolicitudProceso.xhtml HTTP/1.1" 200 36851
186.28.136.245 - - [19/Mar/2024:01:40:36 -0500] "GET /sipse/faces/javax.faces.resource/primefaces.css?ln=primefaces&v=4.0 HTTP/1.1" 304 -
186.28.136.245 - - [19/Mar/2024:01:40:36 -0500] "GET /sipse/faces/javax.faces.resource/theme.css?ln=primefaces-sipse HTTP/1.1" 304 -
186.28.136.245 - - [19/Mar/2024:01:40:36 -0500] "GET /sipse/faces/javax.faces.resource/layout/layout.css?ln=primefaces&v=4.0 HTTP/1.1" 304 -
186.28.136.245 - - [19/Mar/2024:01:40:36 -0500] "GET /sipse/faces/javax.faces.resource/jquery/jquery.js?ln=primefaces&v=4.0 HTTP/1.1" 304 -
186.28.136.245 - - [19/Mar/2024:01:40:36 -0500] "GET /sipse/faces/javax.faces.resource/jquery/jquery-plugins.js?ln=primefaces&v=4.0 HTTP/1.1" 304 -
186.28.136.245 - - [19/Mar/2024:01:40:36 -0500] "GET /sipse/faces/javax.faces.resource/primefaces.js?ln=primefaces&v=4.0 HTTP/1.1" 304 -
186.28.136.245 - - [19/Mar/2024:01:40:36 -0500] "GET /sipse/faces/javax.faces.resource/layout/layout.js?ln=primefaces&v=4.0 HTTP/1.1" 304 -
186.28.136.245 - - [19/Mar/2024:01:40:37 -0500] "GET /sipse/css/imagen/contrasena.png HTTP/1.1" 404 383
186.28.136.245 - - [19/Mar/2024:01:40:36 -0500] "POST /sipse/faces/presentacion/financiero/solicitudProceso/listarSolicitudProceso.xhtml HTTP/1.1" 200 30103
186.28.136.245 - - [19/Mar/2024:01:40:37 -0500] "POST /sipse/faces/presentacion/financiero/solicitudProceso/listarSolicitudProceso.xhtml HTTP/1.1" 200 30103
186.28.136.245 - - [19/Mar/2024:01:40:37 -0500] "POST /sipse/faces/presentacion/financiero/solicitudProceso/listarSolicitudProceso.xhtml HTTP/1.1" 200 30103
186.28.136.245 - - [19/Mar/2024:01:40:37 -0500] "POST /sipse/faces/presentacion/financiero/solicitudProceso/listarSolicitudProceso.xhtml HTTP/1.1" 200 30103
186.28.136.245 - - [19/Mar/2024:01:40:38 -0500] "POST /sipse/faces/presentacion/financiero/solicitudProceso/listarSolicitudProceso.xhtml HTTP/1.1" 200 30103
186.28.136.245 - - [19/Mar/2024:01:40:38 -0500] "POST /sipse/faces/presentacion/financiero/solicitudProceso/listarSolicitudProceso.xhtml HTTP/1.1" 200 30103
201.245.192.253 - - [19/Mar/2024:01:40:38 -0500] "POST /forms/lservlet;jsessionid=ac16012b30d60c378208792d4757a508e4811830dca4.e3iSbxaKaheRe3iNc3uNbNmQay1ynknvrkLOlQzNp65In0 HTTP/1.1" 200 2
