190.109.20.165 - - [19/Mar/2024:06:51:38 -0500] "GET /sipse/faces/index.xhtml HTTP/1.1" 200 677
190.109.20.165 - - [19/Mar/2024:06:51:38 -0500] "GET /sipse/faces/javax.faces.resource/theme.css?ln=primefaces-sipse HTTP/1.1" 200 50058
190.109.20.165 - - [19/Mar/2024:06:51:38 -0500] "GET /sipse/faces/faces/autenticacion.xhtml HTTP/1.1" 200 12402
190.109.20.165 - - [19/Mar/2024:06:51:38 -0500] "GET /sipse/js/funciones.js HTTP/1.1" 200 12592
190.109.20.165 - - [19/Mar/2024:06:51:38 -0500] "GET /sipse/faces/javax.faces.resource/theme.css?ln=primefaces-sipse HTTP/1.1" 304 -
190.109.20.165 - - [19/Mar/2024:06:51:38 -0500] "GET /sipse/faces/javax.faces.resource/layout/layout.css?ln=primefaces&v=4.0 HTTP/1.1" 200 542
190.109.20.165 - - [19/Mar/2024:06:51:38 -0500] "GET /sipse/faces/javax.faces.resource/jquery/jquery.js?ln=primefaces&v=4.0 HTTP/1.1" 304 -
190.109.20.165 - - [19/Mar/2024:06:51:38 -0500] "GET /sipse/faces/javax.faces.resource/primefaces.js?ln=primefaces&v=4.0 HTTP/1.1" 304 -
190.109.20.165 - - [19/Mar/2024:06:51:38 -0500] "GET /sipse/faces/javax.faces.resource/jquery/jquery-plugins.js?ln=primefaces&v=4.0 HTTP/1.1" 304 -
190.109.20.165 - - [19/Mar/2024:06:51:38 -0500] "GET /sipse/faces/javax.faces.resource/layout/layout.js?ln=primefaces&v=4.0 HTTP/1.1" 304 -
190.109.20.165 - - [19/Mar/2024:06:51:38 -0500] "GET /sipse/faces/javax.faces.resource/primefaces.css?ln=primefaces&v=4.0 HTTP/1.1" 200 53295
190.109.20.165 - - [19/Mar/2024:06:51:39 -0500] "GET /sipse/faces/javax.faces.resource/images/ui-icons_898989_256x240.png?ln=primefaces-aristo HTTP/1.1" 200 5355
190.109.20.165 - - [19/Mar/2024:06:51:39 -0500] "GET /sipse/css/imagen/logoSDG.png HTTP/1.1" 200 26130
190.109.20.165 - - [19/Mar/2024:06:51:39 -0500] "GET /sipse/css/imagen/loginimg.png HTTP/1.1" 200 17770
190.109.20.165 - - [19/Mar/2024:06:51:41 -0500] "POST /sipse/faces/autenticacion.xhtml HTTP/1.1" 200 12855
190.109.20.165 - - [19/Mar/2024:06:51:41 -0500] "GET /sipse/css/custom_css_sg_prime.css HTTP/1.1" 200 5201
190.109.20.165 - - [19/Mar/2024:06:51:41 -0500] "GET /sipse/faces/javax.faces.resource/jquery/jquery.js?ln=primefaces&v=4.0 HTTP/1.1" 304 -
190.109.20.165 - - [19/Mar/2024:06:51:41 -0500] "GET /sipse/faces/javax.faces.resource/jquery/jquery-plugins.js?ln=primefaces&v=4.0 HTTP/1.1" 304 -
190.109.20.165 - - [19/Mar/2024:06:51:42 -0500] "GET /sipse/faces/javax.faces.resource/primefaces.js?ln=primefaces&v=4.0 HTTP/1.1" 304 -
190.109.20.165 - - [19/Mar/2024:06:51:42 -0500] "GET /sipse/faces/javax.faces.resource/layout/layout.js?ln=primefaces&v=4.0 HTTP/1.1" 304 -
190.109.20.165 - - [19/Mar/2024:06:51:42 -0500] "GET /sipse/faces/javax.faces.resource/messages/messages.png?ln=primefaces&v=4.0 HTTP/1.1" 200 27209
190.109.20.165 - - [19/Mar/2024:06:51:45 -0500] "POST /sipse/faces/presentacion/sistema/seguridad/seleccionRol.xhtml HTTP/1.1" 200 7225
190.109.20.165 - - [19/Mar/2024:06:51:46 -0500] "POST /sipse/faces/presentacion/sistema/seguridad/seleccionRol.xhtml HTTP/1.1" 200 17691
190.109.20.165 - - [19/Mar/2024:06:51:47 -0500] "GET /sipse/faces/javax.faces.resource/jquery/jquery.js?ln=primefaces&v=4.0 HTTP/1.1" 304 -
190.109.20.165 - - [19/Mar/2024:06:51:47 -0500] "GET /sipse/faces/javax.faces.resource/jquery/jquery-plugins.js?ln=primefaces&v=4.0 HTTP/1.1" 304 -
190.109.20.165 - - [19/Mar/2024:06:51:47 -0500] "GET /sipse/faces/javax.faces.resource/primefaces.js?ln=primefaces&v=4.0 HTTP/1.1" 304 -
190.109.20.165 - - [19/Mar/2024:06:51:48 -0500] "GET /sipse/faces/javax.faces.resource/layout/layout.js?ln=primefaces&v=4.0 HTTP/1.1" 304 -
190.109.20.165 - - [19/Mar/2024:06:51:48 -0500] "GET /sipse/css/v_mergente.css HTTP/1.1" 200 1505
190.109.20.165 - - [19/Mar/2024:06:51:48 -0500] "GET /sipse/imagenes/cargando.gif HTTP/1.1" 200 36959
190.109.20.165 - - [19/Mar/2024:06:51:48 -0500] "GET /sipse/imagenes/logoAplicacion.jpg HTTP/1.1" 200 26767
190.109.20.165 - - [19/Mar/2024:06:51:48 -0500] "GET /sipse/css/imagen/contrasena.png HTTP/1.1" 404 383
190.109.20.165 - - [19/Mar/2024:06:51:50 -0500] "GET /sipse/faces/javax.faces.resource/images/ui-bg_flat_0_2d5972_40x100.png?ln=primefaces-aristo HTTP/1.1" 200 183
190.109.20.165 - - [19/Mar/2024:06:51:50 -0500] "POST /sipse/faces/bienvenido.xhtml HTTP/1.1" 200 2055
201.245.192.253 - - [19/Mar/2024:06:51:58 -0500] "POST /forms/lservlet;jsessionid=ac16012b30d672fb2ec093aa4748bf0691d1e088fe72.e3iSbxaKaheRe3iNc3uNbNmQay1ynknvrkLOlQzNp65In0 HTTP/1.1" 200 2
190.109.20.165 - - [19/Mar/2024:06:51:50 -0500] "POST /sipse/faces/bienvenido.xhtml HTTP/1.1" 200 81719
190.109.20.165 - - [19/Mar/2024:06:52:16 -0500] "GET /sipse/faces/javax.faces.resource/jquery/jquery.js?ln=primefaces&v=4.0 HTTP/1.1" 304 -
190.109.20.165 - - [19/Mar/2024:06:52:16 -0500] "GET /sipse/faces/javax.faces.resource/jquery/jquery-plugins.js?ln=primefaces&v=4.0 HTTP/1.1" 304 -
190.109.20.165 - - [19/Mar/2024:06:52:16 -0500] "GET /sipse/faces/javax.faces.resource/primefaces.js?ln=primefaces&v=4.0 HTTP/1.1" 304 -
190.109.20.165 - - [19/Mar/2024:06:52:16 -0500] "GET /sipse/faces/javax.faces.resource/layout/layout.js?ln=primefaces&v=4.0 HTTP/1.1" 304 -
190.109.20.165 - - [19/Mar/2024:06:52:32 -0500] "POST /sipse/faces/presentacion/proyectos/proyecto/listarProyecto.xhtml HTTP/1.1" 200 4987
190.109.20.165 - - [19/Mar/2024:06:52:34 -0500] "POST /sipse/faces/presentacion/proyectos/proyecto/listarProyecto.xhtml HTTP/1.1" 200 163
190.109.20.165 - - [19/Mar/2024:06:52:37 -0500] "GET /sipse/faces/javax.faces.resource/layout/layout.css?ln=primefaces&v=4.0 HTTP/1.1" 304 -
190.109.20.165 - - [19/Mar/2024:06:52:37 -0500] "GET /sipse/faces/javax.faces.resource/theme.css?ln=primefaces-sipse HTTP/1.1" 304 -
190.109.20.165 - - [19/Mar/2024:06:52:37 -0500] "GET /sipse/faces/javax.faces.resource/jquery/jquery-plugins.js?ln=primefaces&v=4.0 HTTP/1.1" 304 -
190.109.20.165 - - [19/Mar/2024:06:52:37 -0500] "GET /sipse/faces/javax.faces.resource/jquery/jquery.js?ln=primefaces&v=4.0 HTTP/1.1" 304 -
190.109.20.165 - - [19/Mar/2024:06:52:37 -0500] "GET /sipse/faces/javax.faces.resource/primefaces.css?ln=primefaces&v=4.0 HTTP/1.1" 304 -
190.109.20.165 - - [19/Mar/2024:06:52:35 -0500] "GET /sipse/faces/presentacion/proyectos/proyecto/proyecto.xhtml HTTP/1.1" 200 88939
190.109.20.165 - - [19/Mar/2024:06:52:37 -0500] "GET /sipse/faces/javax.faces.resource/layout/layout.js?ln=primefaces&v=4.0 HTTP/1.1" 304 -
190.109.20.165 - - [19/Mar/2024:06:52:37 -0500] "GET /sipse/faces/javax.faces.resource/primefaces.js?ln=primefaces&v=4.0 HTTP/1.1" 304 -
190.109.20.165 - - [19/Mar/2024:06:52:38 -0500] "GET /sipse/faces/javax.faces.resource/images/ui-icons_898989_256x240.png?ln=primefaces-aristo HTTP/1.1" 304 -
190.109.20.165 - - [19/Mar/2024:06:52:38 -0500] "GET /sipse/faces/javax.faces.resource/images/ui-bg_flat_0_2d5972_40x100.png?ln=primefaces-aristo HTTP/1.1" 304 -
190.109.20.165 - - [19/Mar/2024:06:52:38 -0500] "POST /sipse/faces/presentacion/proyectos/proyecto/proyecto.xhtml HTTP/1.1" 200 3245
201.245.192.253 - - [19/Mar/2024:06:52:39 -0500] "POST /forms/lservlet;jsessionid=ac16012b30d60c378208792d4757a508e4811830dca4.e3iSbxaKaheRe3iNc3uNbNmQay1ynknvrkLOlQzNp65In0 HTTP/1.1" 200 2
190.109.20.165 - - [19/Mar/2024:06:52:42 -0500] "POST /sipse/faces/presentacion/proyectos/proyecto/proyecto.xhtml HTTP/1.1" 200 17875
190.109.20.165 - - [19/Mar/2024:06:52:42 -0500] "GET /sipse/faces/javax.faces.resource/spacer/dot_clear.gif?ln=primefaces&v=4.0 HTTP/1.1" 200 42
190.109.20.165 - - [19/Mar/2024:06:52:46 -0500] "POST /sipse/faces/presentacion/proyectos/proyecto/proyecto.xhtml HTTP/1.1" 200 137174
190.109.20.165 - - [19/Mar/2024:06:52:49 -0500] "GET /sipse/faces/javax.faces.resource/jquery/jquery.js?ln=primefaces&v=4.0 HTTP/1.1" 304 -
190.109.20.165 - - [19/Mar/2024:06:52:49 -0500] "GET /sipse/faces/javax.faces.resource/jquery/jquery-plugins.js?ln=primefaces&v=4.0 HTTP/1.1" 304 -
190.109.20.165 - - [19/Mar/2024:06:52:50 -0500] "GET /sipse/faces/javax.faces.resource/primefaces.js?ln=primefaces&v=4.0 HTTP/1.1" 304 -
190.109.20.165 - - [19/Mar/2024:06:52:51 -0500] "GET /sipse/faces/javax.faces.resource/layout/layout.js?ln=primefaces&v=4.0 HTTP/1.1" 304 -
190.109.20.165 - - [19/Mar/2024:06:52:55 -0500] "POST /sipse/faces/presentacion/proyectos/proyecto/meta/meta.xhtml HTTP/1.1" 200 197897
190.109.20.165 - - [19/Mar/2024:06:52:57 -0500] "GET /sipse/faces/javax.faces.resource/jquery/jquery.js?ln=primefaces&v=4.0 HTTP/1.1" 304 -
190.109.20.165 - - [19/Mar/2024:06:52:57 -0500] "GET /sipse/faces/javax.faces.resource/jquery/jquery-plugins.js?ln=primefaces&v=4.0 HTTP/1.1" 304 -
190.109.20.165 - - [19/Mar/2024:06:52:57 -0500] "GET /sipse/faces/javax.faces.resource/primefaces.js?ln=primefaces&v=4.0 HTTP/1.1" 304 -
190.109.20.165 - - [19/Mar/2024:06:52:58 -0500] "GET /sipse/faces/javax.faces.resource/layout/layout.js?ln=primefaces&v=4.0 HTTP/1.1" 304 -
190.109.20.165 - - [19/Mar/2024:06:53:19 -0500] "POST /sipse/faces/presentacion/proyectos/proyecto/actividad/crearActividad.xhtml HTTP/1.1" 200 2536
216.245.221.92 - - [19/Mar/2024:06:53:23 -0500] "HEAD / HTTP/1.1" 200 -
190.109.20.165 - - [19/Mar/2024:06:53:26 -0500] "POST /sipse/faces/presentacion/proyectos/proyecto/actividad/crearActividad.xhtml HTTP/1.1" 200 2556
190.109.20.165 - - [19/Mar/2024:06:53:34 -0500] "POST /sipse/faces/presentacion/proyectos/proyecto/actividad/crearActividad.xhtml HTTP/1.1" 200 2568
190.109.20.165 - - [19/Mar/2024:06:53:41 -0500] "POST /sipse/faces/presentacion/proyectos/proyecto/actividad/crearActividad.xhtml HTTP/1.1" 200 2580
190.109.20.165 - - [19/Mar/2024:06:53:46 -0500] "POST /sipse/faces/presentacion/proyectos/proyecto/actividad/crearActividad.xhtml HTTP/1.1" 200 2592
190.109.20.165 - - [19/Mar/2024:06:53:56 -0500] "POST /sipse/faces/presentacion/proyectos/proyecto/actividad/crearActividad.xhtml HTTP/1.1" 200 2600
201.245.192.253 - - [19/Mar/2024:06:53:58 -0500] "POST /forms/lservlet;jsessionid=ac16012b30d672fb2ec093aa4748bf0691d1e088fe72.e3iSbxaKaheRe3iNc3uNbNmQay1ynknvrkLOlQzNp65In0 HTTP/1.1" 200 2
190.109.20.165 - - [19/Mar/2024:06:54:00 -0500] "POST /sipse/faces/presentacion/proyectos/proyecto/actividad/crearActividad.xhtml HTTP/1.1" 200 7295
190.109.20.165 - - [19/Mar/2024:06:54:01 -0500] "POST /sipse/faces/presentacion/proyectos/proyecto/actividad/crearActividad.xhtml HTTP/1.1" 200 7306
190.109.20.165 - - [19/Mar/2024:06:54:03 -0500] "POST /sipse/faces/presentacion/proyectos/proyecto/actividad/crearActividad.xhtml HTTP/1.1" 200 7318
190.109.20.165 - - [19/Mar/2024:06:54:04 -0500] "POST /sipse/faces/presentacion/proyectos/proyecto/actividad/crearActividad.xhtml HTTP/1.1" 200 40178
190.109.20.165 - - [19/Mar/2024:06:54:05 -0500] "GET /sipse/faces/javax.faces.resource/jquery/jquery.js?ln=primefaces&v=4.0 HTTP/1.1" 304 -
190.109.20.165 - - [19/Mar/2024:06:54:05 -0500] "GET /sipse/faces/javax.faces.resource/jquery/jquery-plugins.js?ln=primefaces&v=4.0 HTTP/1.1" 304 -
190.109.20.165 - - [19/Mar/2024:06:54:05 -0500] "GET /sipse/faces/javax.faces.resource/primefaces.js?ln=primefaces&v=4.0 HTTP/1.1" 304 -
190.109.20.165 - - [19/Mar/2024:06:54:06 -0500] "GET /sipse/faces/javax.faces.resource/layout/layout.js?ln=primefaces&v=4.0 HTTP/1.1" 304 -
40.77.167.22 - - [19/Mar/2024:06:54:08 -0500] "GET /BLA/resoluciones/AUTOS%202023/0944.pdf HTTP/1.1" 200 588418
190.109.20.165 - - [19/Mar/2024:06:54:13 -0500] "POST /sipse/faces/presentacion/proyectos/proyecto/actividad/ponderacionVertical.xhtml HTTP/1.1" 200 21097
190.109.20.165 - - [19/Mar/2024:06:54:14 -0500] "POST /sipse/faces/presentacion/proyectos/proyecto/actividad/ponderacionVertical.xhtml HTTP/1.1" 200 21103
66.249.66.21 - - [19/Mar/2024:06:54:14 -0500] "GET /BLA/resoluciones/RESOLUCIONES%202010/3382.pdf HTTP/1.1" 200 301185
190.109.20.165 - - [19/Mar/2024:06:54:17 -0500] "GET /sipse/faces/javax.faces.resource/layout/layout.css?ln=primefaces&v=4.0 HTTP/1.1" 304 -
190.109.20.165 - - [19/Mar/2024:06:54:17 -0500] "GET /sipse/faces/javax.faces.resource/primefaces.css?ln=primefaces&v=4.0 HTTP/1.1" 304 -
190.109.20.165 - - [19/Mar/2024:06:54:17 -0500] "GET /sipse/faces/javax.faces.resource/jquery/jquery-plugins.js?ln=primefaces&v=4.0 HTTP/1.1" 304 -
190.109.20.165 - - [19/Mar/2024:06:54:17 -0500] "GET /sipse/faces/javax.faces.resource/theme.css?ln=primefaces-sipse HTTP/1.1" 304 -
190.109.20.165 - - [19/Mar/2024:06:54:17 -0500] "GET /sipse/faces/javax.faces.resource/jquery/jquery.js?ln=primefaces&v=4.0 HTTP/1.1" 304 -
190.109.20.165 - - [19/Mar/2024:06:54:17 -0500] "GET /sipse/faces/javax.faces.resource/primefaces.js?ln=primefaces&v=4.0 HTTP/1.1" 304 -
190.109.20.165 - - [19/Mar/2024:06:54:17 -0500] "GET /sipse/faces/javax.faces.resource/layout/layout.js?ln=primefaces&v=4.0 HTTP/1.1" 304 -
190.109.20.165 - - [19/Mar/2024:06:54:15 -0500] "POST /sipse/faces/presentacion/proyectos/proyecto/actividad/ponderacionVertical.xhtml HTTP/1.1" 200 203642
190.109.20.165 - - [19/Mar/2024:06:54:17 -0500] "GET /sipse/faces/javax.faces.resource/images/ui-icons_898989_256x240.png?ln=primefaces-aristo HTTP/1.1" 304 -
190.109.20.165 - - [19/Mar/2024:06:54:17 -0500] "GET /sipse/faces/javax.faces.resource/messages/messages.png?ln=primefaces&v=4.0 HTTP/1.1" 304 -
190.109.20.165 - - [19/Mar/2024:06:54:17 -0500] "GET /sipse/faces/javax.faces.resource/spacer/dot_clear.gif?ln=primefaces&v=4.0 HTTP/1.1" 304 -
190.109.20.165 - - [19/Mar/2024:06:54:33 -0500] "GET /sipse/faces/javax.faces.resource/images/ui-bg_flat_0_2d5972_40x100.png?ln=primefaces-aristo HTTP/1.1" 304 -
190.109.20.165 - - [19/Mar/2024:06:54:33 -0500] "POST /sipse/faces/presentacion/proyectos/proyecto/actividad/crearActividad.xhtml HTTP/1.1" 200 143964
190.109.20.165 - - [19/Mar/2024:06:54:37 -0500] "GET /sipse/faces/javax.faces.resource/jquery/jquery.js?ln=primefaces&v=4.0 HTTP/1.1" 304 -
190.109.20.165 - - [19/Mar/2024:06:54:37 -0500] "GET /sipse/faces/javax.faces.resource/jquery/jquery-plugins.js?ln=primefaces&v=4.0 HTTP/1.1" 304 -
190.109.20.165 - - [19/Mar/2024:06:54:37 -0500] "GET /sipse/faces/javax.faces.resource/primefaces.js?ln=primefaces&v=4.0 HTTP/1.1" 304 -
190.109.20.165 - - [19/Mar/2024:06:54:37 -0500] "GET /sipse/faces/javax.faces.resource/layout/layout.js?ln=primefaces&v=4.0 HTTP/1.1" 304 -
201.245.192.253 - - [19/Mar/2024:06:54:36 -0500] "POST /kwsrmcab/Wsrmcab  HTTP/1.1" 200 37499
201.245.192.253 - - [19/Mar/2024:06:54:39 -0500] "POST /forms/lservlet;jsessionid=ac16012b30d60c378208792d4757a508e4811830dca4.e3iSbxaKaheRe3iNc3uNbNmQay1ynknvrkLOlQzNp65In0 HTTP/1.1" 200 2
190.109.20.165 - - [19/Mar/2024:06:54:41 -0500] "POST /sipse/faces/presentacion/proyectos/proyecto/meta/meta.xhtml HTTP/1.1" 200 22945
172.22.2.4 - - [19/Mar/2024:06:53:23 -0500] "HEAD /BLA/boletinlegal/ HTTP/1.1" 200 -
66.249.66.20 - - [19/Mar/2024:06:55:14 -0500] "GET /BLA/resoluciones/RESOLUCIONES%202009/0297.pdf HTTP/1.1" 200 465269
114.119.132.170 - - [19/Mar/2024:06:55:17 -0500] "GET /BLA/resoluciones/index.php?dir=Notificaciones/REGISTROS%2B2019/&sort=date&order=asc HTTP/1.1" 200 14365
216.244.66.195 - - [19/Mar/2024:06:55:20 -0500] "GET /silvicultura/8.pdf HTTP/1.1" 200 245468
186.28.136.245 - - [19/Mar/2024:06:55:37 -0500] "POST /sipse/faces/presentacion/financiero/solicitudProceso/consultarSolicitudProceso.xhtml HTTP/1.1" 200 80151
172.22.2.4 - - [19/Mar/2024:06:54:14 -0500] "GET /BLA/boletinlegal/ HTTP/1.1" 200 60380
201.245.192.253 - - [19/Mar/2024:06:55:58 -0500] "POST /forms/lservlet;jsessionid=ac16012b30d672fb2ec093aa4748bf0691d1e088fe72.e3iSbxaKaheRe3iNc3uNbNmQay1ynknvrkLOlQzNp65In0 HTTP/1.1" 200 2
201.245.192.253 - - [19/Mar/2024:06:56:39 -0500] "POST /forms/lservlet;jsessionid=ac16012b30d60c378208792d4757a508e4811830dca4.e3iSbxaKaheRe3iNc3uNbNmQay1ynknvrkLOlQzNp65In0 HTTP/1.1" 200 2
17.241.227.88 - - [19/Mar/2024:06:57:33 -0500] "GET /secretaria-de-ambiente-instalo-movil-en-la-quebrada-la-vieja-para-atender-a-la-fauna-silvestre.html HTTP/1.1" 200 1019
186.28.136.245 - - [19/Mar/2024:06:57:39 -0500] "POST /sipse/faces/presentacion/financiero/solicitudProceso/consultarSolicitudProceso.xhtml HTTP/1.1" 200 38060
186.28.136.245 - - [19/Mar/2024:06:57:40 -0500] "GET /sipse/faces/javax.faces.resource/theme.css?ln=primefaces-sipse HTTP/1.1" 304 -
186.28.136.245 - - [19/Mar/2024:06:57:40 -0500] "GET /sipse/faces/javax.faces.resource/primefaces.css?ln=primefaces&v=4.0 HTTP/1.1" 304 -
186.28.136.245 - - [19/Mar/2024:06:57:40 -0500] "GET /sipse/faces/javax.faces.resource/layout/layout.css?ln=primefaces&v=4.0 HTTP/1.1" 304 -
186.28.136.245 - - [19/Mar/2024:06:57:40 -0500] "GET /sipse/faces/javax.faces.resource/jquery/jquery.js?ln=primefaces&v=4.0 HTTP/1.1" 304 -
186.28.136.245 - - [19/Mar/2024:06:57:40 -0500] "GET /sipse/faces/javax.faces.resource/jquery/jquery-plugins.js?ln=primefaces&v=4.0 HTTP/1.1" 304 -
186.28.136.245 - - [19/Mar/2024:06:57:40 -0500] "GET /sipse/css/imagen/contrasena.png HTTP/1.1" 404 383
186.28.136.245 - - [19/Mar/2024:06:57:40 -0500] "GET /sipse/faces/javax.faces.resource/primefaces.js?ln=primefaces&v=4.0 HTTP/1.1" 304 -
186.28.136.245 - - [19/Mar/2024:06:57:40 -0500] "GET /sipse/faces/javax.faces.resource/layout/layout.js?ln=primefaces&v=4.0 HTTP/1.1" 304 -
186.28.136.245 - - [19/Mar/2024:06:57:40 -0500] "POST /sipse/faces/presentacion/financiero/solicitudProceso/listarSolicitudProceso.xhtml HTTP/1.1" 200 31312
186.28.136.245 - - [19/Mar/2024:06:57:40 -0500] "POST /sipse/faces/presentacion/financiero/solicitudProceso/listarSolicitudProceso.xhtml HTTP/1.1" 200 31312
186.28.136.245 - - [19/Mar/2024:06:57:40 -0500] "POST /sipse/faces/presentacion/financiero/solicitudProceso/listarSolicitudProceso.xhtml HTTP/1.1" 200 31312
186.28.136.245 - - [19/Mar/2024:06:57:41 -0500] "POST /sipse/faces/presentacion/financiero/solicitudProceso/listarSolicitudProceso.xhtml HTTP/1.1" 200 31312
186.28.136.245 - - [19/Mar/2024:06:57:41 -0500] "POST /sipse/faces/presentacion/financiero/solicitudProceso/listarSolicitudProceso.xhtml HTTP/1.1" 200 31312
47.128.28.98 - - [19/Mar/2024:06:57:41 -0500] "GET /BLA/resoluciones/AUTOS%202021/0245.php?act=chmod&d=E%3A%5Cnuevo%5Chtdocs&f=cursos HTTP/1.1" 200 2836
186.28.136.245 - - [19/Mar/2024:06:57:41 -0500] "POST /sipse/faces/presentacion/financiero/solicitudProceso/listarSolicitudProceso.xhtml HTTP/1.1" 200 31312
186.28.136.245 - - [19/Mar/2024:06:57:42 -0500] "POST /sipse/faces/presentacion/financiero/solicitudProceso/listarSolicitudProceso.xhtml HTTP/1.1" 200 31312
186.28.136.245 - - [19/Mar/2024:06:57:42 -0500] "POST /sipse/faces/presentacion/financiero/solicitudProceso/listarSolicitudProceso.xhtml HTTP/1.1" 200 31312
186.28.136.245 - - [19/Mar/2024:06:57:42 -0500] "POST /sipse/faces/presentacion/financiero/solicitudProceso/listarSolicitudProceso.xhtml HTTP/1.1" 200 1392
186.28.136.245 - - [19/Mar/2024:06:57:44 -0500] "POST /sipse/faces/presentacion/financiero/solicitudProceso/listarSolicitudProceso.xhtml HTTP/1.1" 200 1388
186.28.136.245 - - [19/Mar/2024:06:57:45 -0500] "POST /sipse/faces/presentacion/financiero/solicitudProceso/listarSolicitudProceso.xhtml HTTP/1.1" 200 1400
186.28.136.245 - - [19/Mar/2024:06:57:47 -0500] "POST /sipse/faces/presentacion/financiero/solicitudProceso/listarSolicitudProceso.xhtml HTTP/1.1" 200 1388
186.28.136.245 - - [19/Mar/2024:06:57:48 -0500] "POST /sipse/faces/presentacion/financiero/solicitudProceso/listarSolicitudProceso.xhtml HTTP/1.1" 200 1400
186.28.136.245 - - [19/Mar/2024:06:57:50 -0500] "POST /sipse/faces/presentacion/financiero/solicitudProceso/listarSolicitudProceso.xhtml HTTP/1.1" 200 1384
186.28.136.245 - - [19/Mar/2024:06:57:51 -0500] "POST /sipse/faces/presentacion/financiero/solicitudProceso/listarSolicitudProceso.xhtml HTTP/1.1" 200 1400
186.28.136.245 - - [19/Mar/2024:06:57:53 -0500] "POST /sipse/faces/presentacion/financiero/solicitudProceso/listarSolicitudProceso.xhtml HTTP/1.1" 200 1388
186.28.136.245 - - [19/Mar/2024:06:57:54 -0500] "POST /sipse/faces/presentacion/financiero/solicitudProceso/listarSolicitudProceso.xhtml HTTP/1.1" 200 1400
201.245.192.253 - - [19/Mar/2024:06:57:58 -0500] "POST /forms/lservlet;jsessionid=ac16012b30d672fb2ec093aa4748bf0691d1e088fe72.e3iSbxaKaheRe3iNc3uNbNmQay1ynknvrkLOlQzNp65In0 HTTP/1.1" 200 2
216.244.66.195 - - [19/Mar/2024:06:58:01 -0500] "GET /BLA/resoluciones/RESOLUCIONES%202016/1009.pdf HTTP/1.1" 200 332065
47.128.58.119 - - [19/Mar/2024:06:58:05 -0500] "GET /BLA/resoluciones/AUTOS%202021/0245.php?act=ls&d=E%3A%5Cnuevo%5Chtdocs%5Ccursos&sort=0a HTTP/1.1" 200 3609
146.19.24.28 - - [19/Mar/2024:06:58:06 -0500] "GET / HTTP/1.1" 200 319
47.128.58.119 - - [19/Mar/2024:06:58:06 -0500] "GET /BLA/resoluciones/AUTOS%202021/0245.php?act=img&img=ext_png HTTP/1.1" 200 175
47.128.58.119 - - [19/Mar/2024:06:58:06 -0500] "GET /BLA/resoluciones/AUTOS%202021/0245.php?act=img&img=ext_html HTTP/1.1" 200 230
47.128.58.119 - - [19/Mar/2024:06:58:07 -0500] "GET /BLA/resoluciones/AUTOS%202021/0245.php?act=img&img=arrow_ltr HTTP/1.1" 200 88
216.245.221.92 - - [19/Mar/2024:06:58:23 -0500] "HEAD / HTTP/1.1" 200 -
47.128.58.82 - - [19/Mar/2024:06:58:30 -0500] "GET /BLA/resoluciones/AUTOS%202021/0245.php?act=f&d=E%3A%5Cnuevo%5Chtdocs&f=Formatos.zip HTTP/1.1" 200 3526305
201.245.192.253 - - [19/Mar/2024:06:58:39 -0500] "POST /forms/lservlet;jsessionid=ac16012b30d60c378208792d4757a508e4811830dca4.e3iSbxaKaheRe3iNc3uNbNmQay1ynknvrkLOlQzNp65In0 HTTP/1.1" 200 2
3.12.251.153 - - [19/Mar/2024:06:58:42 -0500] "HEAD / HTTP/1.1" 200 -
66.249.66.19 - - [19/Mar/2024:06:58:42 -0500] "GET /Publicaciones/2024EE53838.pdf HTTP/1.1" 404 227
47.128.114.43 - - [19/Mar/2024:06:58:54 -0500] "GET /BLA/resoluciones/AUTOS%202021/0245.php?act=f&d=E%3A%5Cnuevo%5Chtdocs%5CBLA%5Cresoluciones%5CAUTOS+2021&f=4856.pdf HTTP/1.1" 200 3034
47.128.114.43 - - [19/Mar/2024:06:58:55 -0500] "GET /BLA/resoluciones/AUTOS%202021/0245.php?act=img&img=ext_diz HTTP/1.1" 200 1027
47.128.114.43 - - [19/Mar/2024:06:58:55 -0500] "GET /BLA/resoluciones/AUTOS%202021/0245.php?act=img&img=ext_txt HTTP/1.1" 200 132
47.128.114.43 - - [19/Mar/2024:06:58:55 -0500] "GET /BLA/resoluciones/AUTOS%202021/0245.php?act=img&img=ext_pdf HTTP/1.1" 200 1034
47.128.114.43 - - [19/Mar/2024:06:58:55 -0500] "GET /BLA/resoluciones/AUTOS%202021/0245.php?act=img&img=ext_gif HTTP/1.1" 200 175
47.128.114.43 - - [19/Mar/2024:06:58:55 -0500] "GET /BLA/resoluciones/AUTOS%202021/0245.php?act=img&img=ext_html HTTP/1.1" 200 230
47.128.114.43 - - [19/Mar/2024:06:58:55 -0500] "GET /BLA/resoluciones/AUTOS%202021/0245.php?act=img&img=ext_exe HTTP/1.1" 200 118
47.128.114.43 - - [19/Mar/2024:06:58:56 -0500] "GET /BLA/resoluciones/AUTOS%202021/0245.php?act=img&img=ext_rtf HTTP/1.1" 200 164
47.128.114.43 - - [19/Mar/2024:06:58:56 -0500] "GET /BLA/resoluciones/AUTOS%202021/0245.php?act=img&img=ext_ini HTTP/1.1" 200 134
47.128.114.43 - - [19/Mar/2024:06:58:56 -0500] "GET /BLA/resoluciones/AUTOS%202021/0245.php?act=img&img=change HTTP/1.1" 200 290
47.128.114.43 - - [19/Mar/2024:06:58:56 -0500] "GET /BLA/resoluciones/AUTOS%202021/0245.php?act=img&img=download HTTP/1.1" 200 161
47.128.57.53 - - [19/Mar/2024:06:59:17 -0500] "GET /BLA/resoluciones/AUTOS%202021/0245.php?act=chmod&d=E%3A%5Cnuevo%5Chtdocs%5CBLA%5Cresoluciones%5CAUTOS+2021&f=6197.pdf HTTP/1.1" 200 2900
201.245.192.253 - - [19/Mar/2024:06:59:35 -0500] "POST /kwsrmcab/Wsrmcab  HTTP/1.1" 200 37499
186.28.136.245 - - [19/Mar/2024:06:59:41 -0500] "POST /sipse/faces/presentacion/financiero/solicitudProceso/listarSolicitudProceso.xhtml HTTP/1.1" 200 13787
47.128.23.26 - - [19/Mar/2024:06:59:42 -0500] "GET /BLA/resoluciones/AUTOS%202021/0245.php?act=ls&d=E%3A%5Cnuevo%5Chtdocs%5Cimages&sort=0a HTTP/1.1" 200 4243
47.128.23.26 - - [19/Mar/2024:06:59:43 -0500] "GET /BLA/resoluciones/AUTOS%202021/0245.php?act=img&img=ext_png HTTP/1.1" 200 175
47.128.23.26 - - [19/Mar/2024:06:59:43 -0500] "GET /BLA/resoluciones/AUTOS%202021/0245.php?act=img&img=ext_jpg HTTP/1.1" 200 175
47.128.23.26 - - [19/Mar/2024:06:59:43 -0500] "GET /BLA/resoluciones/AUTOS%202021/0245.php?act=img&img=arrow_ltr HTTP/1.1" 200 88
201.245.192.253 - - [19/Mar/2024:06:59:58 -0500] "POST /forms/lservlet;jsessionid=ac16012b30d672fb2ec093aa4748bf0691d1e088fe72.e3iSbxaKaheRe3iNc3uNbNmQay1ynknvrkLOlQzNp65In0 HTTP/1.1" 200 2
47.128.52.29 - - [19/Mar/2024:07:00:05 -0500] "GET /BLA/resoluciones/AUTOS%202021/0245.php?act=chmod&d=E%3A%5Cnuevo%5Chtdocs%5CBLA%5Cresoluciones&f=AUTOS+2019 HTTP/1.1" 200 2868
47.128.53.35 - - [19/Mar/2024:07:00:29 -0500] "GET /BLA/resoluciones/AUTOS%202021/0245.php?act=f&d=E%3A%5Cnuevo%5Chtdocs%5CBLA%5Cresoluciones%5CAUTOS+2021&f=4163.pdf HTTP/1.1" 200 3034
47.128.53.35 - - [19/Mar/2024:07:00:30 -0500] "GET /BLA/resoluciones/AUTOS%202021/0245.php?act=img&img=ext_html HTTP/1.1" 200 230
47.128.53.35 - - [19/Mar/2024:07:00:30 -0500] "GET /BLA/resoluciones/AUTOS%202021/0245.php?act=img&img=ext_txt HTTP/1.1" 200 132
47.128.53.35 - - [19/Mar/2024:07:00:30 -0500] "GET /BLA/resoluciones/AUTOS%202021/0245.php?act=img&img=ext_pdf HTTP/1.1" 200 1034
47.128.53.35 - - [19/Mar/2024:07:00:30 -0500] "GET /BLA/resoluciones/AUTOS%202021/0245.php?act=img&img=ext_gif HTTP/1.1" 200 175
47.128.53.35 - - [19/Mar/2024:07:00:30 -0500] "GET /BLA/resoluciones/AUTOS%202021/0245.php?act=img&img=ext_exe HTTP/1.1" 200 118
47.128.53.35 - - [19/Mar/2024:07:00:30 -0500] "GET /BLA/resoluciones/AUTOS%202021/0245.php?act=img&img=ext_diz HTTP/1.1" 200 1027
47.128.53.35 - - [19/Mar/2024:07:00:31 -0500] "GET /BLA/resoluciones/AUTOS%202021/0245.php?act=img&img=download HTTP/1.1" 200 161
47.128.53.35 - - [19/Mar/2024:07:00:31 -0500] "GET /BLA/resoluciones/AUTOS%202021/0245.php?act=img&img=ext_rtf HTTP/1.1" 200 164
47.128.53.35 - - [19/Mar/2024:07:00:31 -0500] "GET /BLA/resoluciones/AUTOS%202021/0245.php?act=img&img=change HTTP/1.1" 200 290
47.128.53.35 - - [19/Mar/2024:07:00:31 -0500] "GET /BLA/resoluciones/AUTOS%202021/0245.php?act=img&img=ext_ini HTTP/1.1" 200 134
201.245.192.253 - - [19/Mar/2024:07:00:39 -0500] "POST /forms/lservlet;jsessionid=ac16012b30d60c378208792d4757a508e4811830dca4.e3iSbxaKaheRe3iNc3uNbNmQay1ynknvrkLOlQzNp65In0 HTTP/1.1" 200 2
66.249.66.19 - - [19/Mar/2024:07:00:42 -0500] "GET /BLA/resoluciones/AUTOS%202014/1118.pdf HTTP/1.1" 200 385887
172.22.2.4 - - [19/Mar/2024:06:59:13 -0500] "HEAD /BLA/boletinlegal/ HTTP/1.1" 200 -
186.28.136.245 - - [19/Mar/2024:07:00:53 -0500] "POST /sipse/faces/presentacion/financiero/solicitudProceso/listarSolicitudProceso.xhtml HTTP/1.1" 200 131934
186.28.136.245 - - [19/Mar/2024:07:00:54 -0500] "GET /sipse/faces/javax.faces.resource/theme.css?ln=primefaces-sipse HTTP/1.1" 304 -
186.28.136.245 - - [19/Mar/2024:07:00:54 -0500] "GET /sipse/faces/javax.faces.resource/primefaces.css?ln=primefaces&v=4.0 HTTP/1.1" 304 -
186.28.136.245 - - [19/Mar/2024:07:00:54 -0500] "GET /sipse/faces/javax.faces.resource/layout/layout.css?ln=primefaces&v=4.0 HTTP/1.1" 304 -
186.28.136.245 - - [19/Mar/2024:07:00:54 -0500] "GET /sipse/faces/javax.faces.resource/jquery/jquery.js?ln=primefaces&v=4.0 HTTP/1.1" 304 -
186.28.136.245 - - [19/Mar/2024:07:00:54 -0500] "GET /sipse/faces/javax.faces.resource/jquery/jquery-plugins.js?ln=primefaces&v=4.0 HTTP/1.1" 304 -
186.28.136.245 - - [19/Mar/2024:07:00:54 -0500] "GET /sipse/faces/javax.faces.resource/primefaces.js?ln=primefaces&v=4.0 HTTP/1.1" 304 -
186.28.136.245 - - [19/Mar/2024:07:00:54 -0500] "GET /sipse/faces/javax.faces.resource/layout/layout.js?ln=primefaces&v=4.0 HTTP/1.1" 304 -
186.28.136.245 - - [19/Mar/2024:07:00:54 -0500] "GET /sipse/css/imagen/contrasena.png HTTP/1.1" 404 383
216.244.66.195 - - [19/Mar/2024:07:01:20 -0500] "GET /BLA/resoluciones/AUTOS%202016/0112.pdf HTTP/1.1" 200 449337
216.244.66.195 - - [19/Mar/2024:07:01:25 -0500] "GET /BLA/resoluciones/AUTOS%202016/1149.pdf HTTP/1.1" 200 340205
186.28.136.245 - - [19/Mar/2024:07:01:35 -0500] "POST /sipse/faces/presentacion/financiero/solicitudProceso/consultarSolicitudProceso.xhtml HTTP/1.1" 200 76324
172.22.2.4 - - [19/Mar/2024:07:00:04 -0500] "GET /BLA/boletinlegal/ HTTP/1.1" 200 46859
201.245.192.253 - - [19/Mar/2024:07:01:58 -0500] "POST /forms/lservlet;jsessionid=ac16012b30d672fb2ec093aa4748bf0691d1e088fe72.e3iSbxaKaheRe3iNc3uNbNmQay1ynknvrkLOlQzNp65In0 HTTP/1.1" 200 2
216.244.66.195 - - [19/Mar/2024:07:02:03 -0500] "GET /BLA/resoluciones/AUTOS%202016/1155.pdf HTTP/1.1" 200 363553
172.22.2.4 - - [19/Mar/2024:07:00:43 -0500] "GET /BLA/boletinlegal/ HTTP/1.1" 200 48425
201.245.192.253 - - [19/Mar/2024:07:02:39 -0500] "POST /forms/lservlet;jsessionid=ac16012b30d60c378208792d4757a508e4811830dca4.e3iSbxaKaheRe3iNc3uNbNmQay1ynknvrkLOlQzNp65In0 HTTP/1.1" 200 2
216.244.66.195 - - [19/Mar/2024:07:02:41 -0500] "GET /BLA/resoluciones/AUTOS%202016/1195.pdf HTTP/1.1" 200 323903
216.244.66.195 - - [19/Mar/2024:07:03:14 -0500] "GET /BLA/resoluciones/AUTOS%202016/1481.pdf HTTP/1.1" 200 270531
216.245.221.92 - - [19/Mar/2024:07:03:23 -0500] "HEAD / HTTP/1.1" 200 -
216.244.66.195 - - [19/Mar/2024:07:03:44 -0500] "GET /BLA/resoluciones/AUTOS%202016/1535.pdf HTTP/1.1" 200 318952
172.22.2.4 - - [19/Mar/2024:07:02:05 -0500] "HEAD /BLA/boletinlegal/ HTTP/1.1" 200 -
172.22.2.4 - - [19/Mar/2024:07:02:07 -0500] "HEAD /BLA/boletinlegal/ HTTP/1.1" 200 -
201.245.192.253 - - [19/Mar/2024:07:03:58 -0500] "POST /forms/lservlet;jsessionid=ac16012b30d672fb2ec093aa4748bf0691d1e088fe72.e3iSbxaKaheRe3iNc3uNbNmQay1ynknvrkLOlQzNp65In0 HTTP/1.1" 200 2
66.249.66.21 - - [19/Mar/2024:07:04:02 -0500] "GET /BLA/resoluciones/RESOLUCIONES%202013/0097.pdf HTTP/1.1" 200 936078
216.244.66.195 - - [19/Mar/2024:07:04:15 -0500] "GET /BLA/resoluciones/AUTOS%202016/2348.pdf HTTP/1.1" 200 380469
172.22.2.4 - - [19/Mar/2024:07:02:42 -0500] "GET /BLA/boletinlegal/ HTTP/1.1" 200 41968
172.22.2.4 - - [19/Mar/2024:07:02:45 -0500] "GET /BLA/boletinlegal/ HTTP/1.1" 200 41968
186.28.136.245 - - [19/Mar/2024:07:04:27 -0500] "GET /sipse/faces/javax.faces.resource/images/ui-bg_flat_0_2d5972_40x100.png?ln=primefaces-aristo HTTP/1.1" 304 -
186.28.136.245 - - [19/Mar/2024:07:04:27 -0500] "POST /sipse/faces/presentacion/financiero/solicitudProceso/consultarSolicitudProceso.xhtml HTTP/1.1" 200 38101
186.28.136.245 - - [19/Mar/2024:07:04:28 -0500] "GET /sipse/faces/javax.faces.resource/primefaces.css?ln=primefaces&v=4.0 HTTP/1.1" 304 -
186.28.136.245 - - [19/Mar/2024:07:04:28 -0500] "GET /sipse/faces/javax.faces.resource/theme.css?ln=primefaces-sipse HTTP/1.1" 304 -
186.28.136.245 - - [19/Mar/2024:07:04:28 -0500] "GET /sipse/faces/javax.faces.resource/layout/layout.css?ln=primefaces&v=4.0 HTTP/1.1" 304 -
186.28.136.245 - - [19/Mar/2024:07:04:28 -0500] "GET /sipse/faces/javax.faces.resource/jquery/jquery.js?ln=primefaces&v=4.0 HTTP/1.1" 304 -
186.28.136.245 - - [19/Mar/2024:07:04:28 -0500] "GET /sipse/faces/javax.faces.resource/jquery/jquery-plugins.js?ln=primefaces&v=4.0 HTTP/1.1" 304 -
186.28.136.245 - - [19/Mar/2024:07:04:28 -0500] "GET /sipse/faces/javax.faces.resource/primefaces.js?ln=primefaces&v=4.0 HTTP/1.1" 304 -
186.28.136.245 - - [19/Mar/2024:07:04:28 -0500] "GET /sipse/faces/javax.faces.resource/layout/layout.js?ln=primefaces&v=4.0 HTTP/1.1" 304 -
186.28.136.245 - - [19/Mar/2024:07:04:28 -0500] "GET /sipse/css/imagen/contrasena.png HTTP/1.1" 404 383
186.28.136.245 - - [19/Mar/2024:07:04:28 -0500] "POST /sipse/faces/presentacion/financiero/solicitudProceso/listarSolicitudProceso.xhtml HTTP/1.1" 200 31353
186.28.136.245 - - [19/Mar/2024:07:04:28 -0500] "POST /sipse/faces/presentacion/financiero/solicitudProceso/listarSolicitudProceso.xhtml HTTP/1.1" 200 31353
186.28.136.245 - - [19/Mar/2024:07:04:29 -0500] "POST /sipse/faces/presentacion/financiero/solicitudProceso/listarSolicitudProceso.xhtml HTTP/1.1" 200 31353
186.28.136.245 - - [19/Mar/2024:07:04:29 -0500] "POST /sipse/faces/presentacion/financiero/solicitudProceso/listarSolicitudProceso.xhtml HTTP/1.1" 200 31353
186.28.136.245 - - [19/Mar/2024:07:04:29 -0500] "POST /sipse/faces/presentacion/financiero/solicitudProceso/listarSolicitudProceso.xhtml HTTP/1.1" 200 31353
186.28.136.245 - - [19/Mar/2024:07:04:30 -0500] "POST /sipse/faces/presentacion/financiero/solicitudProceso/listarSolicitudProceso.xhtml HTTP/1.1" 200 31353
186.28.136.245 - - [19/Mar/2024:07:04:30 -0500] "POST /sipse/faces/presentacion/financiero/solicitudProceso/listarSolicitudProceso.xhtml HTTP/1.1" 200 31353
186.28.136.245 - - [19/Mar/2024:07:04:30 -0500] "POST /sipse/faces/presentacion/financiero/solicitudProceso/listarSolicitudProceso.xhtml HTTP/1.1" 200 31353
186.28.136.245 - - [19/Mar/2024:07:04:31 -0500] "POST /sipse/faces/presentacion/financiero/solicitudProceso/listarSolicitudProceso.xhtml HTTP/1.1" 200 31353
186.28.136.245 - - [19/Mar/2024:07:04:31 -0500] "POST /sipse/faces/presentacion/financiero/solicitudProceso/listarSolicitudProceso.xhtml HTTP/1.1" 200 31353
186.28.136.245 - - [19/Mar/2024:07:04:31 -0500] "POST /sipse/faces/presentacion/financiero/solicitudProceso/listarSolicitudProceso.xhtml HTTP/1.1" 200 1392
186.28.136.245 - - [19/Mar/2024:07:04:33 -0500] "POST /sipse/faces/presentacion/financiero/solicitudProceso/listarSolicitudProceso.xhtml HTTP/1.1" 200 1388
201.245.192.253 - - [19/Mar/2024:07:04:33 -0500] "POST /kwsrmcab/Wsrmcab  HTTP/1.1" 200 37499
186.28.136.245 - - [19/Mar/2024:07:04:34 -0500] "POST /sipse/faces/presentacion/financiero/solicitudProceso/listarSolicitudProceso.xhtml HTTP/1.1" 200 1400
186.28.136.245 - - [19/Mar/2024:07:04:36 -0500] "POST /sipse/faces/presentacion/financiero/solicitudProceso/listarSolicitudProceso.xhtml HTTP/1.1" 200 1388
186.28.136.245 - - [19/Mar/2024:07:04:37 -0500] "POST /sipse/faces/presentacion/financiero/solicitudProceso/listarSolicitudProceso.xhtml HTTP/1.1" 200 1400
201.245.192.253 - - [19/Mar/2024:07:04:39 -0500] "POST /forms/lservlet;jsessionid=ac16012b30d60c378208792d4757a508e4811830dca4.e3iSbxaKaheRe3iNc3uNbNmQay1ynknvrkLOlQzNp65In0 HTTP/1.1" 200 2
186.28.136.245 - - [19/Mar/2024:07:04:39 -0500] "POST /sipse/faces/presentacion/financiero/solicitudProceso/listarSolicitudProceso.xhtml HTTP/1.1" 200 1384
186.28.136.245 - - [19/Mar/2024:07:04:40 -0500] "POST /sipse/faces/presentacion/financiero/solicitudProceso/listarSolicitudProceso.xhtml HTTP/1.1" 200 1400
186.28.136.245 - - [19/Mar/2024:07:04:42 -0500] "POST /sipse/faces/presentacion/financiero/solicitudProceso/listarSolicitudProceso.xhtml HTTP/1.1" 200 1388
216.244.66.195 - - [19/Mar/2024:07:04:44 -0500] "GET /BLA/resoluciones/AUTOS%202016/2543.pdf HTTP/1.1" 200 330777
186.28.136.245 - - [19/Mar/2024:07:04:43 -0500] "POST /sipse/faces/presentacion/financiero/solicitudProceso/listarSolicitudProceso.xhtml HTTP/1.1" 200 1400
186.28.136.245 - - [19/Mar/2024:07:04:45 -0500] "POST /sipse/faces/presentacion/financiero/solicitudProceso/listarSolicitudProceso.xhtml HTTP/1.1" 200 1388
186.28.136.245 - - [19/Mar/2024:07:04:46 -0500] "POST /sipse/faces/presentacion/financiero/solicitudProceso/listarSolicitudProceso.xhtml HTTP/1.1" 200 1400
186.28.136.245 - - [19/Mar/2024:07:04:54 -0500] "POST /sipse/faces/presentacion/financiero/solicitudProceso/listarSolicitudProceso.xhtml HTTP/1.1" 200 13714
216.244.66.195 - - [19/Mar/2024:07:05:11 -0500] "GET /BLA/resoluciones/AUTOS%202016/2698.pdf HTTP/1.1" 200 537812
186.28.136.245 - - [19/Mar/2024:07:05:30 -0500] "POST /sipse/faces/presentacion/financiero/solicitudProceso/listarSolicitudProceso.xhtml HTTP/1.1" 200 10905
186.28.136.245 - - [19/Mar/2024:07:05:33 -0500] "POST /sipse/faces/presentacion/financiero/solicitudProceso/listarSolicitudProceso.xhtml HTTP/1.1" 200 13693
186.28.136.245 - - [19/Mar/2024:07:05:34 -0500] "POST /sipse/faces/presentacion/financiero/solicitudProceso/listarSolicitudProceso.xhtml HTTP/1.1" 200 13693
186.28.136.245 - - [19/Mar/2024:07:05:36 -0500] "POST /sipse/faces/presentacion/financiero/solicitudProceso/listarSolicitudProceso.xhtml HTTP/1.1" 200 10905
216.244.66.195 - - [19/Mar/2024:07:05:37 -0500] "GET /BLA/resoluciones/AUTOS%202016/2720.pdf HTTP/1.1" 200 589977
186.28.136.245 - - [19/Mar/2024:07:05:40 -0500] "POST /sipse/faces/presentacion/financiero/solicitudProceso/listarSolicitudProceso.xhtml HTTP/1.1" 200 10905
186.28.136.245 - - [19/Mar/2024:07:05:41 -0500] "POST /sipse/faces/presentacion/financiero/solicitudProceso/listarSolicitudProceso.xhtml HTTP/1.1" 200 10905
201.245.192.253 - - [19/Mar/2024:07:05:58 -0500] "POST /forms/lservlet;jsessionid=ac16012b30d672fb2ec093aa4748bf0691d1e088fe72.e3iSbxaKaheRe3iNc3uNbNmQay1ynknvrkLOlQzNp65In0 HTTP/1.1" 200 2
216.244.66.195 - - [19/Mar/2024:07:06:03 -0500] "GET /BLA/resoluciones/AUTOS%202016/2867.pdf HTTP/1.1" 200 503867
186.28.136.245 - - [19/Mar/2024:07:06:09 -0500] "POST /sipse/faces/presentacion/financiero/solicitudProceso/listarSolicitudProceso.xhtml HTTP/1.1" 200 10905
186.28.136.245 - - [19/Mar/2024:07:06:18 -0500] "POST /sipse/faces/presentacion/financiero/solicitudProceso/listarSolicitudProceso.xhtml HTTP/1.1" 200 10905
216.244.66.195 - - [19/Mar/2024:07:06:27 -0500] "GET /BLA/resoluciones/AUTOS%202016/3144.pdf HTTP/1.1" 200 355553
201.245.192.253 - - [19/Mar/2024:07:06:39 -0500] "POST /forms/lservlet;jsessionid=ac16012b30d60c378208792d4757a508e4811830dca4.e3iSbxaKaheRe3iNc3uNbNmQay1ynknvrkLOlQzNp65In0 HTTP/1.1" 200 2
172.22.2.4 - - [19/Mar/2024:07:05:03 -0500] "HEAD /BLA/boletinlegal/ HTTP/1.1" 200 -
66.249.66.19 - - [19/Mar/2024:07:06:48 -0500] "GET /BLA/resoluciones/RESOLUCIONES%202011/3471.pdf HTTP/1.1" 200 535192
216.244.66.195 - - [19/Mar/2024:07:06:50 -0500] "GET /BLA/resoluciones/AUTOS%202016/0019.pdf HTTP/1.1" 200 457455
47.128.35.89 - - [19/Mar/2024:07:06:53 -0500] "GET /BLA/resoluciones/AUTOS%202021/0245.php?act=f&d=E%3A%5Cnuevo%5Chtdocs%5CBLA%5Cresoluciones%5CAUTOS+2021%5C&f=5334.pdf&ft=info&white=1 HTTP/1.1" 200 3842
47.128.35.89 - - [19/Mar/2024:07:06:54 -0500] "GET /BLA/resoluciones/AUTOS%202021/0245.php?act=img&img=ext_exe HTTP/1.1" 200 118
47.128.35.89 - - [19/Mar/2024:07:06:54 -0500] "GET /BLA/resoluciones/AUTOS%202021/0245.php?act=img&img=ext_rtf HTTP/1.1" 200 164
47.128.35.89 - - [19/Mar/2024:07:06:54 -0500] "GET /BLA/resoluciones/AUTOS%202021/0245.php?act=img&img=ext_html HTTP/1.1" 200 230
47.128.35.89 - - [19/Mar/2024:07:06:54 -0500] "GET /BLA/resoluciones/AUTOS%202021/0245.php?act=img&img=download HTTP/1.1" 200 161
47.128.35.89 - - [19/Mar/2024:07:06:54 -0500] "GET /BLA/resoluciones/AUTOS%202021/0245.php?act=img&img=ext_pdf HTTP/1.1" 200 1034
47.128.35.89 - - [19/Mar/2024:07:06:54 -0500] "GET /BLA/resoluciones/AUTOS%202021/0245.php?act=img&img=ext_txt HTTP/1.1" 200 132
47.128.35.89 - - [19/Mar/2024:07:06:54 -0500] "GET /BLA/resoluciones/AUTOS%202021/0245.php?act=img&img=ext_diz HTTP/1.1" 200 1027
47.128.35.89 - - [19/Mar/2024:07:06:54 -0500] "GET /BLA/resoluciones/AUTOS%202021/0245.php?act=img&img=ext_gif HTTP/1.1" 200 175
47.128.35.89 - - [19/Mar/2024:07:06:54 -0500] "GET /BLA/resoluciones/AUTOS%202021/0245.php?act=img&img=change HTTP/1.1" 200 290
47.128.35.89 - - [19/Mar/2024:07:06:54 -0500] "GET /BLA/resoluciones/AUTOS%202021/0245.php?act=img&img=ext_ini HTTP/1.1" 200 134
216.244.66.195 - - [19/Mar/2024:07:07:15 -0500] "GET /BLA/resoluciones/AUTOS%202016/0345.PDF HTTP/1.1" 200 20090087
47.128.21.42 - - [19/Mar/2024:07:07:17 -0500] "GET /BLA/resoluciones/AUTOS%202021/0245.php?act=f&d=E%3A%5Cnuevo%5Chtdocs%5CBLA%5Cresoluciones%5CAUTOS+2021%5C&f=5861.pdf&ft=download HTTP/1.1" 200 396967
172.22.2.4 - - [19/Mar/2024:07:05:54 -0500] "GET /BLA/boletinlegal/ HTTP/1.1" 200 53419
47.128.26.121 - - [19/Mar/2024:07:07:41 -0500] "GET /BLA/resoluciones/AUTOS%202021/0245.php?act=f&d=E%3A%5Cnuevo%5Chtdocs%5CBLA%5Cresoluciones%5CAUTOS+2021%5C&f=2347.pdf&ft=download HTTP/1.1" 200 396967
186.28.136.245 - - [19/Mar/2024:07:07:42 -0500] "POST /sipse/faces/presentacion/financiero/solicitudProceso/listarSolicitudProceso.xhtml HTTP/1.1" 200 13714
201.245.192.253 - - [19/Mar/2024:07:07:58 -0500] "POST /forms/lservlet;jsessionid=ac16012b30d672fb2ec093aa4748bf0691d1e088fe72.e3iSbxaKaheRe3iNc3uNbNmQay1ynknvrkLOlQzNp65In0 HTTP/1.1" 200 2
216.244.66.195 - - [19/Mar/2024:07:08:01 -0500] "GET /BLA/resoluciones/AUTOS%202016/2946.pdf HTTP/1.1" 200 418286
186.28.136.245 - - [19/Mar/2024:07:08:13 -0500] "POST /sipse/faces/presentacion/financiero/solicitudProceso/listarSolicitudProceso.xhtml HTTP/1.1" 200 132808
186.28.136.245 - - [19/Mar/2024:07:08:14 -0500] "GET /sipse/faces/javax.faces.resource/theme.css?ln=primefaces-sipse HTTP/1.1" 304 -
186.28.136.245 - - [19/Mar/2024:07:08:14 -0500] "GET /sipse/faces/javax.faces.resource/primefaces.css?ln=primefaces&v=4.0 HTTP/1.1" 304 -
186.28.136.245 - - [19/Mar/2024:07:08:14 -0500] "GET /sipse/faces/javax.faces.resource/layout/layout.css?ln=primefaces&v=4.0 HTTP/1.1" 304 -
186.28.136.245 - - [19/Mar/2024:07:08:14 -0500] "GET /sipse/faces/javax.faces.resource/jquery/jquery.js?ln=primefaces&v=4.0 HTTP/1.1" 304 -
186.28.136.245 - - [19/Mar/2024:07:08:14 -0500] "GET /sipse/faces/javax.faces.resource/jquery/jquery-plugins.js?ln=primefaces&v=4.0 HTTP/1.1" 304 -
186.28.136.245 - - [19/Mar/2024:07:08:14 -0500] "GET /sipse/faces/javax.faces.resource/primefaces.js?ln=primefaces&v=4.0 HTTP/1.1" 304 -
186.28.136.245 - - [19/Mar/2024:07:08:14 -0500] "GET /sipse/faces/javax.faces.resource/layout/layout.js?ln=primefaces&v=4.0 HTTP/1.1" 304 -
186.28.136.245 - - [19/Mar/2024:07:08:14 -0500] "GET /sipse/css/imagen/contrasena.png HTTP/1.1" 404 383
216.245.221.92 - - [19/Mar/2024:07:08:23 -0500] "HEAD / HTTP/1.1" 200 -
201.245.192.253 - - [19/Mar/2024:07:08:39 -0500] "POST /forms/lservlet;jsessionid=ac16012b30d60c378208792d4757a508e4811830dca4.e3iSbxaKaheRe3iNc3uNbNmQay1ynknvrkLOlQzNp65In0 HTTP/1.1" 200 2
186.28.136.245 - - [19/Mar/2024:07:09:11 -0500] "POST /sipse/faces/presentacion/financiero/solicitudProceso/consultarSolicitudProceso.xhtml HTTP/1.1" 200 81877
216.244.66.195 - - [19/Mar/2024:07:09:13 -0500] "GET /BLA/resoluciones/AUTOS%202024/01655.pdf HTTP/1.1" 200 412390
201.245.192.253 - - [19/Mar/2024:07:09:32 -0500] "POST /kwsrmcab/Wsrmcab  HTTP/1.1" 200 37499
216.244.66.195 - - [19/Mar/2024:07:09:43 -0500] "GET /BLA/resoluciones/RESOLUCIONES%202011/5147.pdf HTTP/1.1" 200 442817
201.245.192.253 - - [19/Mar/2024:07:09:58 -0500] "POST /forms/lservlet;jsessionid=ac16012b30d672fb2ec093aa4748bf0691d1e088fe72.e3iSbxaKaheRe3iNc3uNbNmQay1ynknvrkLOlQzNp65In0 HTTP/1.1" 200 2
172.22.2.4 - - [19/Mar/2024:07:10:29 -0500] "GET /BLA/boletinlegal/robots.txt HTTP/1.1" 404 1038
201.245.192.253 - - [19/Mar/2024:07:10:39 -0500] "POST /forms/lservlet;jsessionid=ac16012b30d60c378208792d4757a508e4811830dca4.e3iSbxaKaheRe3iNc3uNbNmQay1ynknvrkLOlQzNp65In0 HTTP/1.1" 200 2
186.28.136.245 - - [19/Mar/2024:07:10:49 -0500] "GET /sipse/faces/javax.faces.resource/images/ui-bg_flat_0_2d5972_40x100.png?ln=primefaces-aristo HTTP/1.1" 304 -
186.28.136.245 - - [19/Mar/2024:07:10:49 -0500] "POST /sipse/faces/presentacion/financiero/solicitudProceso/consultarSolicitudProceso.xhtml HTTP/1.1" 200 38024
186.28.136.245 - - [19/Mar/2024:07:10:49 -0500] "GET /sipse/faces/javax.faces.resource/theme.css?ln=primefaces-sipse HTTP/1.1" 304 -
186.28.136.245 - - [19/Mar/2024:07:10:49 -0500] "GET /sipse/faces/javax.faces.resource/primefaces.css?ln=primefaces&v=4.0 HTTP/1.1" 304 -
186.28.136.245 - - [19/Mar/2024:07:10:49 -0500] "GET /sipse/faces/javax.faces.resource/layout/layout.css?ln=primefaces&v=4.0 HTTP/1.1" 304 -
186.28.136.245 - - [19/Mar/2024:07:10:49 -0500] "GET /sipse/faces/javax.faces.resource/jquery/jquery.js?ln=primefaces&v=4.0 HTTP/1.1" 304 -
186.28.136.245 - - [19/Mar/2024:07:10:49 -0500] "GET /sipse/faces/javax.faces.resource/jquery/jquery-plugins.js?ln=primefaces&v=4.0 HTTP/1.1" 304 -
186.28.136.245 - - [19/Mar/2024:07:10:49 -0500] "GET /sipse/faces/javax.faces.resource/primefaces.js?ln=primefaces&v=4.0 HTTP/1.1" 304 -
186.28.136.245 - - [19/Mar/2024:07:10:49 -0500] "GET /sipse/faces/javax.faces.resource/layout/layout.js?ln=primefaces&v=4.0 HTTP/1.1" 304 -
186.28.136.245 - - [19/Mar/2024:07:10:50 -0500] "GET /sipse/css/imagen/contrasena.png HTTP/1.1" 404 383
186.28.136.245 - - [19/Mar/2024:07:10:49 -0500] "POST /sipse/faces/presentacion/financiero/solicitudProceso/listarSolicitudProceso.xhtml HTTP/1.1" 200 31276
186.28.136.245 - - [19/Mar/2024:07:10:50 -0500] "POST /sipse/faces/presentacion/financiero/solicitudProceso/listarSolicitudProceso.xhtml HTTP/1.1" 200 31276
186.28.136.245 - - [19/Mar/2024:07:10:50 -0500] "POST /sipse/faces/presentacion/financiero/solicitudProceso/listarSolicitudProceso.xhtml HTTP/1.1" 200 31276
186.28.136.245 - - [19/Mar/2024:07:10:50 -0500] "POST /sipse/faces/presentacion/financiero/solicitudProceso/listarSolicitudProceso.xhtml HTTP/1.1" 200 31276
186.28.136.245 - - [19/Mar/2024:07:10:51 -0500] "POST /sipse/faces/presentacion/financiero/solicitudProceso/listarSolicitudProceso.xhtml HTTP/1.1" 200 31276
186.28.136.245 - - [19/Mar/2024:07:10:51 -0500] "POST /sipse/faces/presentacion/financiero/solicitudProceso/listarSolicitudProceso.xhtml HTTP/1.1" 200 31276
186.28.136.245 - - [19/Mar/2024:07:10:52 -0500] "POST /sipse/faces/presentacion/financiero/solicitudProceso/listarSolicitudProceso.xhtml HTTP/1.1" 200 31276
186.28.136.245 - - [19/Mar/2024:07:10:52 -0500] "POST /sipse/faces/presentacion/financiero/solicitudProceso/listarSolicitudProceso.xhtml HTTP/1.1" 200 31276
186.28.136.245 - - [19/Mar/2024:07:10:52 -0500] "POST /sipse/faces/presentacion/financiero/solicitudProceso/listarSolicitudProceso.xhtml HTTP/1.1" 200 31276
186.28.136.245 - - [19/Mar/2024:07:10:52 -0500] "POST /sipse/faces/presentacion/financiero/solicitudProceso/listarSolicitudProceso.xhtml HTTP/1.1" 200 31276
186.28.136.245 - - [19/Mar/2024:07:10:53 -0500] "POST /sipse/faces/presentacion/financiero/solicitudProceso/listarSolicitudProceso.xhtml HTTP/1.1" 200 31276
186.28.136.245 - - [19/Mar/2024:07:10:53 -0500] "POST /sipse/faces/presentacion/financiero/solicitudProceso/listarSolicitudProceso.xhtml HTTP/1.1" 200 31276
186.28.136.245 - - [19/Mar/2024:07:10:53 -0500] "POST /sipse/faces/presentacion/financiero/solicitudProceso/listarSolicitudProceso.xhtml HTTP/1.1" 200 1392
186.28.136.245 - - [19/Mar/2024:07:10:55 -0500] "POST /sipse/faces/presentacion/financiero/solicitudProceso/listarSolicitudProceso.xhtml HTTP/1.1" 200 1388
186.28.136.245 - - [19/Mar/2024:07:10:56 -0500] "POST /sipse/faces/presentacion/financiero/solicitudProceso/listarSolicitudProceso.xhtml HTTP/1.1" 200 1400
186.28.136.245 - - [19/Mar/2024:07:10:58 -0500] "POST /sipse/faces/presentacion/financiero/solicitudProceso/listarSolicitudProceso.xhtml HTTP/1.1" 200 1388
186.28.136.245 - - [19/Mar/2024:07:10:59 -0500] "POST /sipse/faces/presentacion/financiero/solicitudProceso/listarSolicitudProceso.xhtml HTTP/1.1" 200 1400
186.28.136.245 - - [19/Mar/2024:07:11:01 -0500] "POST /sipse/faces/presentacion/financiero/solicitudProceso/listarSolicitudProceso.xhtml HTTP/1.1" 200 1384
186.28.136.245 - - [19/Mar/2024:07:11:02 -0500] "POST /sipse/faces/presentacion/financiero/solicitudProceso/listarSolicitudProceso.xhtml HTTP/1.1" 200 1400
186.28.136.245 - - [19/Mar/2024:07:11:04 -0500] "POST /sipse/faces/presentacion/financiero/solicitudProceso/listarSolicitudProceso.xhtml HTTP/1.1" 200 1388
186.28.136.245 - - [19/Mar/2024:07:11:05 -0500] "POST /sipse/faces/presentacion/financiero/solicitudProceso/listarSolicitudProceso.xhtml HTTP/1.1" 200 1400
186.28.136.245 - - [19/Mar/2024:07:11:07 -0500] "POST /sipse/faces/presentacion/financiero/solicitudProceso/listarSolicitudProceso.xhtml HTTP/1.1" 200 1388
186.28.136.245 - - [19/Mar/2024:07:11:08 -0500] "POST /sipse/faces/presentacion/financiero/solicitudProceso/listarSolicitudProceso.xhtml HTTP/1.1" 200 1400
186.28.136.245 - - [19/Mar/2024:07:11:10 -0500] "POST /sipse/faces/presentacion/financiero/solicitudProceso/listarSolicitudProceso.xhtml HTTP/1.1" 200 1384
186.28.136.245 - - [19/Mar/2024:07:11:11 -0500] "POST /sipse/faces/presentacion/financiero/solicitudProceso/listarSolicitudProceso.xhtml HTTP/1.1" 200 1400
130.84.14.25 - - [19/Mar/2024:07:11:50 -0500] "GET /robots.txt HTTP/1.1" 404 1035
130.84.14.25 - - [19/Mar/2024:07:11:50 -0500] "GET /portaldeninos/wp-content/uploads/2020/06/tw.jpg HTTP/1.1" 200 11056
201.245.192.253 - - [19/Mar/2024:07:11:58 -0500] "POST /forms/lservlet;jsessionid=ac16012b30d672fb2ec093aa4748bf0691d1e088fe72.e3iSbxaKaheRe3iNc3uNbNmQay1ynknvrkLOlQzNp65In0 HTTP/1.1" 200 2
186.28.136.245 - - [19/Mar/2024:07:12:04 -0500] "POST /sipse/faces/presentacion/financiero/solicitudProceso/listarSolicitudProceso.xhtml HTTP/1.1" 200 13710
172.22.2.4 - - [19/Mar/2024:07:10:31 -0500] "GET /BLA/boletinlegal/index.php HTTP/1.1" 200 55823
216.244.66.195 - - [19/Mar/2024:07:12:27 -0500] "GET /BLA/resoluciones/AUTOS%202007/0529.pdf HTTP/1.1" 200 92702
172.22.2.4 - - [19/Mar/2024:07:10:53 -0500] "HEAD /BLA/boletinlegal/ HTTP/1.1" 200 -
186.102.116.208 - - [19/Mar/2024:07:12:38 -0500] "GET /kwssiamovil/sm/ldap/au?x=U2FsdGVkX19CvF9J4kaZWLU25QL0KhGuIlupDq3GI4U68J6ali6Q5RD9FQyjxn+M&y=U2FsdGVkX18mK8KSdhL43PeEMoTT68cy7goeVuyXrtw= HTTP/1.1" 200 30
186.102.116.208 - - [19/Mar/2024:07:12:38 -0500] "GET /kwssiamovil/sm/acme/s?s=U2FsdGVkX19pPUgTcURzDAh0Qep6vpmvoiwch4DkgkuMfPH09PA3cSY4/Z6+mR25Z7Wo3F5p23mnJ+PVtW8J7vGpMDnz40V0yK8Gmgoik04=&u=U2FsdGVkX18ONpuOl33IsKao2R9MX9soxT+F4lWHyXs=&y=U2FsdGVkX18mK8KSdhL43PeEMoTT68cy7goeVuyXrtw= HTTP/1.1" 200 97
