47.128.16.201 - - [20/Mar/2024:10:22:42 -0500] "GET /BLA/resoluciones/AUTOS%202021/0245.php?act=eval&d=E%3A%5Cnuevo%5Chtdocs%5Crestricted%5C HTTP/1.1" 200 2729
172.22.2.4 - - [20/Mar/2024:10:22:43 -0500] "GET /BLA/boletinlegal/actos.php HTTP/1.1" 200 9738
172.22.2.4 - - [20/Mar/2024:10:22:43 -0500] "GET /BLA/boletinlegal/favicon.ico HTTP/1.1" 404 1326
172.22.2.4 - - [20/Mar/2024:10:22:44 -0500] "GET /BLA/boletinlegal/consulta_actos.php?tipo=resoluciones&no=1864&usuario=&sector=&fecha=2021&resuelve= HTTP/1.1" 200 1391
172.22.2.4 - - [20/Mar/2024:10:22:44 -0500] "GET /BLA/boletinlegal/images/pdf.gif HTTP/1.1" 200 567
186.28.41.195 - - [20/Mar/2024:10:22:45 -0500] "GET /BLA/resoluciones/ HTTP/1.1" 200 14105
201.245.192.253 - - [20/Mar/2024:10:22:46 -0500] "GET /BLA/resoluciones/RESOLUCIONES%202021/1864.pdf HTTP/1.1" 200 370247
201.245.192.253 - - [20/Mar/2024:10:22:46 -0500] "GET /favicon.ico HTTP/1.1" 200 7782
186.28.41.195 - - [20/Mar/2024:10:22:48 -0500] "GET /BLA/resoluciones/index.php?dir=AUTOS+2023%2F HTTP/1.1" 200 513001
186.28.41.195 - - [20/Mar/2024:10:23:04 -0500] "GET /BLA/resoluciones/AUTOS%202023/2518.pdf HTTP/1.1" 200 690964
186.28.41.195 - - [20/Mar/2024:10:23:04 -0500] "GET /BLA/resoluciones/AUTOS%202023/2518.pdf HTTP/1.1" 206 1025
201.245.192.253 - - [20/Mar/2024:10:23:06 -0500] "POST /forms/lservlet;jsessionid=ac16012b30d61aff71fa34ac405d99d9c4d551ba1c6a.e3iSbxaKaheRe3iNc3uNbNmQay1ynknvrkLOlQzNp65In0 HTTP/1.1" 200 673
47.128.96.26 - - [20/Mar/2024:10:23:06 -0500] "GET /BLA/resoluciones/AUTOS%202021/0245.php?act=chmod&d=E%3A%5Cnuevo%5Chtdocs%5CBLA%5Cresoluciones%5CAUTOS+2021%5C&f=0799.pdf HTTP/1.1" 200 2900
201.245.192.253 - - [20/Mar/2024:10:23:07 -0500] "POST /forms/lservlet;jsessionid=ac16012b30d61aff71fa34ac405d99d9c4d551ba1c6a.e3iSbxaKaheRe3iNc3uNbNmQay1ynknvrkLOlQzNp65In0 HTTP/1.1" 200 13
201.245.192.253 - - [20/Mar/2024:10:23:08 -0500] "POST /forms/lservlet;jsessionid=ac16012b30d61aff71fa34ac405d99d9c4d551ba1c6a.e3iSbxaKaheRe3iNc3uNbNmQay1ynknvrkLOlQzNp65In0 HTTP/1.1" 200 557
47.128.16.246 - - [20/Mar/2024:10:23:29 -0500] "GET /BLA/resoluciones/AUTOS%202021/0245.php?act=eval&d=E%3A%5Cnuevo%5Chtdocs%5Cbogotacumbredelclima%5C HTTP/1.1" 200 2738
201.245.192.253 - - [20/Mar/2024:10:23:46 -0500] "POST /forms/lservlet;jsessionid=ac16012b30d61aff71fa34ac405d99d9c4d551ba1c6a.e3iSbxaKaheRe3iNc3uNbNmQay1ynknvrkLOlQzNp65In0 HTTP/1.1" 200 2
47.128.16.38 - - [20/Mar/2024:10:23:53 -0500] "GET /BLA/resoluciones/AUTOS%202021/0245.php?act=d&d=E%3A%5Cnuevo%5Chtdocs%5CBLA%5Cresoluciones%5CRESOLUCIONES+2008 HTTP/1.1" 200 2814
216.245.221.92 - - [20/Mar/2024:10:24:14 -0500] "HEAD / HTTP/1.1" 200 -
47.128.63.185 - - [20/Mar/2024:10:24:18 -0500] "GET /BLA/resoluciones/AUTOS%202021/0245.php?act=f&d=E%3A%5Cnuevo%5Chtdocs%5CBLA%5Cresoluciones%5CAUTOS+2021&f=2142.pdf&ft=edit HTTP/1.1" 200 3105
47.128.63.185 - - [20/Mar/2024:10:24:19 -0500] "GET /BLA/resoluciones/AUTOS%202021/0245.php?act=img&img=ext_gif HTTP/1.1" 200 175
47.128.63.185 - - [20/Mar/2024:10:24:19 -0500] "GET /BLA/resoluciones/AUTOS%202021/0245.php?act=img&img=ext_diz HTTP/1.1" 200 1027
47.128.63.185 - - [20/Mar/2024:10:24:19 -0500] "GET /BLA/resoluciones/AUTOS%202021/0245.php?act=img&img=ext_html HTTP/1.1" 200 230
47.128.63.185 - - [20/Mar/2024:10:24:19 -0500] "GET /BLA/resoluciones/AUTOS%202021/0245.php?act=img&img=ext_txt HTTP/1.1" 200 132
47.128.63.185 - - [20/Mar/2024:10:24:19 -0500] "GET /BLA/resoluciones/AUTOS%202021/0245.php?act=img&img=ext_exe HTTP/1.1" 200 118
47.128.63.185 - - [20/Mar/2024:10:24:19 -0500] "GET /BLA/resoluciones/AUTOS%202021/0245.php?act=img&img=ext_pdf HTTP/1.1" 200 1034
47.128.63.185 - - [20/Mar/2024:10:24:20 -0500] "GET /BLA/resoluciones/AUTOS%202021/0245.php?act=img&img=change HTTP/1.1" 200 290
47.128.63.185 - - [20/Mar/2024:10:24:20 -0500] "GET /BLA/resoluciones/AUTOS%202021/0245.php?act=img&img=download HTTP/1.1" 200 161
47.128.63.185 - - [20/Mar/2024:10:24:20 -0500] "GET /BLA/resoluciones/AUTOS%202021/0245.php?act=img&img=ext_rtf HTTP/1.1" 200 164
47.128.63.185 - - [20/Mar/2024:10:24:20 -0500] "GET /BLA/resoluciones/AUTOS%202021/0245.php?act=img&img=ext_ini HTTP/1.1" 200 134
162.55.175.24 - - [20/Mar/2024:10:24:38 -0500] "GET / HTTP/1.1" 200 4720
47.128.127.48 - - [20/Mar/2024:10:24:41 -0500] "GET /BLA/resoluciones/AUTOS%202021/0245.php?act=f&d=E%3A%5Cnuevo%5Chtdocs%5CBLA%5Cresoluciones%5CAUTOS+2021&f=3849.pdf HTTP/1.1" 200 3035
47.128.127.48 - - [20/Mar/2024:10:24:42 -0500] "GET /BLA/resoluciones/AUTOS%202021/0245.php?act=img&img=ext_gif HTTP/1.1" 200 175
47.128.127.48 - - [20/Mar/2024:10:24:42 -0500] "GET /BLA/resoluciones/AUTOS%202021/0245.php?act=img&img=ext_pdf HTTP/1.1" 200 1034
47.128.127.48 - - [20/Mar/2024:10:24:42 -0500] "GET /BLA/resoluciones/AUTOS%202021/0245.php?act=img&img=ext_txt HTTP/1.1" 200 132
47.128.127.48 - - [20/Mar/2024:10:24:42 -0500] "GET /BLA/resoluciones/AUTOS%202021/0245.php?act=img&img=ext_html HTTP/1.1" 200 230
47.128.127.48 - - [20/Mar/2024:10:24:42 -0500] "GET /BLA/resoluciones/AUTOS%202021/0245.php?act=img&img=ext_diz HTTP/1.1" 200 1027
47.128.127.48 - - [20/Mar/2024:10:24:42 -0500] "GET /BLA/resoluciones/AUTOS%202021/0245.php?act=img&img=ext_exe HTTP/1.1" 200 118
47.128.127.48 - - [20/Mar/2024:10:24:43 -0500] "GET /BLA/resoluciones/AUTOS%202021/0245.php?act=img&img=ext_rtf HTTP/1.1" 200 164
47.128.127.48 - - [20/Mar/2024:10:24:43 -0500] "GET /BLA/resoluciones/AUTOS%202021/0245.php?act=img&img=change HTTP/1.1" 200 290
47.128.127.48 - - [20/Mar/2024:10:24:43 -0500] "GET /BLA/resoluciones/AUTOS%202021/0245.php?act=img&img=ext_ini HTTP/1.1" 200 134
47.128.127.48 - - [20/Mar/2024:10:24:43 -0500] "GET /BLA/resoluciones/AUTOS%202021/0245.php?act=img&img=download HTTP/1.1" 200 161
201.245.192.253 - - [20/Mar/2024:09:30:12 -0500] "POST /reportes_sipse/sdg/ServletReporte?seguimiento_procesos& HTTP/1.1" 500 -
186.102.36.107 - - [20/Mar/2024:10:25:01 -0500] "GET /kwssiamovil/sm/ldap/au?x=U2FsdGVkX19nAy4ZSvv8I/tnuw6b0NP//uYYsOmRk6pF0gZKE64CKCyYipC9FVvR&y=U2FsdGVkX1+TsPM69e9H/f8+EMz6axPQsYrpungdqhSlZW6ZcV4PjRvhRy/OIQ/8 HTTP/1.1" 200 30
186.102.36.107 - - [20/Mar/2024:10:25:06 -0500] "GET /kwssiamovil/sm/acme/s?s=U2FsdGVkX1/+uiOW72IE7OhRBtpLNWYQ4AzPCiVm+qe3rfjm3/TMHdtxOmgwab+2JMxX5KeMkYdY3U1iRErSBXtGUt6OyFSUu05UhVe3Pic=&u=U2FsdGVkX1/hL++SZrRnyD01XEhfKjy/hwakDS2UV2dgZxQGAnPDHyNNWWaYD9DR&y=U2FsdGVkX1+TsPM69e9H/f8+EMz6axPQsYrpungdqhSlZW6ZcV4PjRvhRy/OIQ/8 HTTP/1.1" 200 97
47.128.115.8 - - [20/Mar/2024:10:25:05 -0500] "GET /BLA/resoluciones/AUTOS%202021/0245.php?act=f&d=E%3A%5Cnuevo%5Chtdocs%5CBLA%5Cresoluciones%5CAUTOS+2021&f=4256.pdf&ft=download HTTP/1.1" 200 249511
186.102.36.107 - - [20/Mar/2024:10:25:07 -0500] "GET /kwssiamovil/sm/acme/s?s=U2FsdGVkX184xT2wBt+je5hmylsq4ynMDfMgmLK4duy8YxAxAB+4F+D52IoA2MrYyws8/cLriWOnBOySp3pfNEGjBlJhxI1fNizBQh86hU0Td1k+s+Th+dmTeapnM6jhIpqXNjOndD5Md5lWZz11CDr2pUD+19svBuQpVxYzhwi/6KtJwbPquZClIn50k+PwXyyW8dHuwqJSZ4k1k9dOHOAVpuj7SzEneY1aHgCuwqxDQX1qbw1LPbAqJQ4QLSAZP7090Oqm9cCVI4v2PTUriqv5xcms+fJR58dRUQrRgDkd/j5vCDqERxnmbpc52KqnK9fsYb1J0syhSQ1Zvbg6mkA8HMkdAC0GP+/SGuR0IS9YiBxKzB2KEGEVD0q7fjL+vPCRiXmONbznvINlaWrQYujMAFMSgMGwjhMOFfAMkkJlD7SINLi+brYHBKHtQ8jj0A1mJUtQK0bV7QKXgQmSjOViIfFPNuw3xGr8Hkoq0YZAkDcDbt3lBsvmH2Kal/QP5mceczNtSL+nR/g9BJqsOqabniOWtFMlEzsh2w1XCZCBM1kuEQD466xI9mr2NaFs1p37GFpVnS70o5/Yi4GtY+pOw/SNUQId0rv5amTM/uVCgHXRUz1nSfvdsW6MvvT8nZiBQsXTDFYupHWtTgL83v1ZwFPLPq2MQwVqvCjlXLzWH6fJo7t/4Xh69qMkDlX3KXSENEUD70QUmvjp6c6+jHTZDi3qCu/UeoDFUhHXltna8LJRGNa7u+N+SBld+xoE0sbfeAENH7v/BU308BGaLdv+7X6eG5qIthG6yxqopV2nQZ+gW1YtX3C6QnWQYQZnAuX4XW7TMtQPFuZ08TNy1ImDYuvFdy+ysnPaey5xhr8271KjlJSYrKM1BSHK6QE8t/xSV651LJm0HHMTWvdgw2UkRQvIZMEF5xPwf7+iiw9qFQkGq9hSU4qycrPef9Zw2/RWPUD2AI42Cwzw/BoB3NDDdaX4m/jZGtDVqRYKDAlq+c9wKt/II3YemtGp5DIvOnsNn43rYJlkUkB+i0peoE1tmJ685jdRv6lXZ6UgDTjwjuKFt+dSeECQoFiTKTN4RzErspqDJcEBqA90bhizLnaXgusw5aVbUjj1+5+jE8BWyKdXll66J3rrDvbpaVf/ps0QWBoTd01Jy+NGdDgq5AjKKbxNBvaaQsuFSJY3Xn3c3YLoEVChVBaMNDMvEaFgqD7o1qjYpWW3S3dDWYE8YL4OB8x7tuYpaNm8VKIaAnrjsBznB+qaRlpTthQohsHXzOk1v8wz643cyQeccehps6eLY3ts+JVGtyr24rZDs+bfi95kFmr8Hq6RI5p5IiNcTL59mbD1teK1tT0bE1xXUcoV5ugDC7vD5CWH2X9BNUCtCe+yy5VOSxGGebCImbbjaXFfSv12tKOon1eO7/sLd5ZyJiZagQb6cz3XcU+SuIhnOy/dEx1kejkdRq4Nmv5xaOALXYOY6y35zXTixZBZxpSWItDPilcOR354mN0SqB+kuhkc4htoKGczn7+BWRH3OdLazU23WypW4cNZq2+8t2U0xPJXt9ItQR/DmXsWUZPAujKiM8m4XSlD5X4Q4ehuP0KVx8Q3A/h5tE/aZrowwoaS/DN+G4lrFev0lrwOiqLtp8FYzpYGy7bAQGMr7ZKD6KGoLYrbT3kZa3g83N5xZhh3U6qupaNdMaDEepmmNjMSGBBhmRzuGs2284s84JzAZX5QTj5QuUFfvTfiEETPbWqaovF1M0gLVvjbeYUWVmk8axn+LxHxPNiM/rxIB3Zg&u=U2FsdGVkX1/hL++SZrRnyD01XEhfKjy/hwakDS2UV2dgZxQGAnPDHyNNWWaYD9DR&y=U2FsdGVkX1+TsPM69e9H/f8+EMz6axPQsYrpungdqhSlZW6ZcV4PjRvhRy/OIQ/8 HTTP/1.1" 200 315
186.102.36.107 - - [20/Mar/2024:10:25:11 -0500] "GET /kwssiamovil/sm/acme/s?s=U2FsdGVkX1+z4WF7Gr6rwG+eUAU3q7/IN8JoUsybNQgbZOMWlcXWcAB2nYECADJBDxXYLqQcldVVbs2OjZM9temYy5s1dn1Ks2fv2olswjAUIGbb5ORSsIMZdhgO2nelHyA4GeMcNjcXjKpQ8vBEzW087twasyPba9a9jV9mMzxbcamjc3bBKHYVr3UcxUW4s8/sDnzpiMRH6MAvR+thNV/0DlFix/TaD/528QAVau8Q4nJaeNMqSJuSgtRB+AegFkCpUFkVVyYKZ1l3whQXC4kR2rASrqCV1ogw44eRX3uOzkf85kw3NwxYFqCXG6IfcIPxTgYubNSrpJodHeLH1Wf7apWftVIe2CJDw+2if6q2O4RVNypoPTkXp9vTF6nGVWffcpp5kAzUAkf4/xdC8pb56ZknvJyB1quu+wynzrFkCGOh7EMaZsZDm7beasUVxDqLgc6UeOeF0abWpeeK3aFpbCebz9zD7EsDKe6j5tW6gcllYRse3fNEHgQ31jCzzKZ9T0Xgybrou7H40ILQZwe35Kdy/KDCgegGJwrQ84+a3NBQaljPxQo9gFAUyKu0OwV94Yg7Ku1PO/O/Cu/jcmW+NZUBRZHYZxG9k9ow0DYUe4i32/lWwJP/MvwjrCAsgthxofh3gdtmam/QhTc4odzoCUqH1nvQNlnDF/DcTZQ26A6Oj8ini/6hN+JgXgYJBSalwfrLtEcJQk4NhN70EEgjlV9gEPc457lNii5cpSvP7YqkeGbedQQa/ACumojX&u=U2FsdGVkX1/hL++SZrRnyD01XEhfKjy/hwakDS2UV2dgZxQGAnPDHyNNWWaYD9DR&y=U2FsdGVkX1+TsPM69e9H/f8+EMz6axPQsYrpungdqhSlZW6ZcV4PjRvhRy/OIQ/8 HTTP/1.1" 200 1095
186.102.36.107 - - [20/Mar/2024:10:25:16 -0500] "GET /kwssiamovil/sm/cjson/pre?f=17&x=U2FsdGVkX19nAy4ZSvv8I/tnuw6b0NP//uYYsOmRk6pF0gZKE64CKCyYipC9FVvR HTTP/1.1" 200 12113
186.102.36.107 - - [20/Mar/2024:10:25:16 -0500] "GET /kwssiamovil/sm/cjson/pre?f=3&x=U2FsdGVkX19nAy4ZSvv8I/tnuw6b0NP//uYYsOmRk6pF0gZKE64CKCyYipC9FVvR HTTP/1.1" 200 14478
172.22.2.4 - - [20/Mar/2024:10:23:40 -0500] "HEAD /BLA/boletinlegal/ HTTP/1.1" 200 -
201.245.192.253 - - [20/Mar/2024:10:25:28 -0500] "POST /forms/lservlet;jsessionid=ac16012b30d61aff71fa34ac405d99d9c4d551ba1c6a.e3iSbxaKaheRe3iNc3uNbNmQay1ynknvrkLOlQzNp65In0 HTTP/1.1" 200 21
201.245.192.253 - - [20/Mar/2024:10:25:29 -0500] "POST /forms/lservlet;jsessionid=ac16012b30d61aff71fa34ac405d99d9c4d551ba1c6a.e3iSbxaKaheRe3iNc3uNbNmQay1ynknvrkLOlQzNp65In0 HTTP/1.1" 200 1648
191.102.207.218 - - [20/Mar/2024:10:25:29 -0500] "GET /appsia/controlador HTTP/1.1" 200 4799
191.102.207.218 - - [20/Mar/2024:10:25:29 -0500] "GET /appsia/css/estilos.css HTTP/1.1" 200 4804
191.102.207.218 - - [20/Mar/2024:10:25:29 -0500] "GET /appsia/scripts/validarIngreso.js HTTP/1.1" 200 851
191.102.207.218 - - [20/Mar/2024:10:25:29 -0500] "GET /appsia/images/logo_bogota_p.png HTTP/1.1" 200 14951
191.102.207.218 - - [20/Mar/2024:10:25:29 -0500] "GET /appsia/images/cabezoteHojaVida.png HTTP/1.1" 200 32493
191.102.207.218 - - [20/Mar/2024:10:25:29 -0500] "GET /favicon.ico HTTP/1.1" 200 7782
47.128.52.2 - - [20/Mar/2024:10:25:30 -0500] "GET /BLA/resoluciones/AUTOS%202021/0245.php?act=f&d=E%3A%5Cnuevo%5Chtdocs%5CBLA%5Cresoluciones%5CAUTOS+2021%5C&f=5892.pdf&ft=info HTTP/1.1" 200 3843
47.128.52.2 - - [20/Mar/2024:10:25:31 -0500] "GET /BLA/resoluciones/AUTOS%202021/0245.php?act=img&img=ext_pdf HTTP/1.1" 200 1034
201.245.192.253 - - [20/Mar/2024:10:25:31 -0500] "POST /forms/lservlet;jsessionid=ac16012b30d61aff71fa34ac405d99d9c4d551ba1c6a.e3iSbxaKaheRe3iNc3uNbNmQay1ynknvrkLOlQzNp65In0 HTTP/1.1" 200 528
47.128.52.2 - - [20/Mar/2024:10:25:31 -0500] "GET /BLA/resoluciones/AUTOS%202021/0245.php?act=img&img=ext_exe HTTP/1.1" 200 118
47.128.52.2 - - [20/Mar/2024:10:25:31 -0500] "GET /BLA/resoluciones/AUTOS%202021/0245.php?act=img&img=ext_txt HTTP/1.1" 200 132
47.128.52.2 - - [20/Mar/2024:10:25:31 -0500] "GET /BLA/resoluciones/AUTOS%202021/0245.php?act=img&img=ext_gif HTTP/1.1" 200 175
201.245.192.253 - - [20/Mar/2024:10:25:31 -0500] "POST /forms/lservlet;jsessionid=ac16012b30d61aff71fa34ac405d99d9c4d551ba1c6a.e3iSbxaKaheRe3iNc3uNbNmQay1ynknvrkLOlQzNp65In0 HTTP/1.1" 200 2
47.128.52.2 - - [20/Mar/2024:10:25:31 -0500] "GET /BLA/resoluciones/AUTOS%202021/0245.php?act=img&img=ext_html HTTP/1.1" 200 230
47.128.52.2 - - [20/Mar/2024:10:25:31 -0500] "GET /BLA/resoluciones/AUTOS%202021/0245.php?act=img&img=ext_diz HTTP/1.1" 200 1027
47.128.52.2 - - [20/Mar/2024:10:25:31 -0500] "GET /BLA/resoluciones/AUTOS%202021/0245.php?act=img&img=download HTTP/1.1" 200 161
47.128.52.2 - - [20/Mar/2024:10:25:32 -0500] "GET /BLA/resoluciones/AUTOS%202021/0245.php?act=img&img=ext_rtf HTTP/1.1" 200 164
47.128.52.2 - - [20/Mar/2024:10:25:32 -0500] "GET /BLA/resoluciones/AUTOS%202021/0245.php?act=img&img=change HTTP/1.1" 200 290
47.128.52.2 - - [20/Mar/2024:10:25:32 -0500] "GET /BLA/resoluciones/AUTOS%202021/0245.php?act=img&img=ext_ini HTTP/1.1" 200 134
191.102.207.218 - - [20/Mar/2024:10:25:32 -0500] "POST /appsia/controlador HTTP/1.1" 200 5437
40.77.167.20 - - [20/Mar/2024:10:25:33 -0500] "GET /Publicaciones/2024EE41901.pdf HTTP/1.1" 404 227
201.245.192.253 - - [20/Mar/2024:10:25:34 -0500] "POST /forms/lservlet;jsessionid=ac16012b30d61aff71fa34ac405d99d9c4d551ba1c6a.e3iSbxaKaheRe3iNc3uNbNmQay1ynknvrkLOlQzNp65In0 HTTP/1.1" 200 13500
201.245.192.253 - - [20/Mar/2024:10:25:34 -0500] "POST /forms/lservlet;jsessionid=ac16012b30d61aff71fa34ac405d99d9c4d551ba1c6a.e3iSbxaKaheRe3iNc3uNbNmQay1ynknvrkLOlQzNp65In0 HTTP/1.1" 200 10
191.102.207.218 - - [20/Mar/2024:10:25:34 -0500] "POST /appsia/controlador HTTP/1.1" 200 7773
201.245.192.253 - - [20/Mar/2024:10:25:36 -0500] "POST /forms/lservlet;jsessionid=ac16012b30d61aff71fa34ac405d99d9c4d551ba1c6a.e3iSbxaKaheRe3iNc3uNbNmQay1ynknvrkLOlQzNp65In0 HTTP/1.1" 200 13
191.102.207.218 - - [20/Mar/2024:10:25:36 -0500] "POST /appsia/controlador HTTP/1.1" 200 6638
201.245.192.253 - - [20/Mar/2024:10:25:37 -0500] "POST /forms/lservlet;jsessionid=ac16012b30d61aff71fa34ac405d99d9c4d551ba1c6a.e3iSbxaKaheRe3iNc3uNbNmQay1ynknvrkLOlQzNp65In0 HTTP/1.1" 200 1771
201.245.192.253 - - [20/Mar/2024:10:25:38 -0500] "POST /forms/lservlet;jsessionid=ac16012b30d61aff71fa34ac405d99d9c4d551ba1c6a.e3iSbxaKaheRe3iNc3uNbNmQay1ynknvrkLOlQzNp65In0 HTTP/1.1" 200 1124
191.102.207.218 - - [20/Mar/2024:10:25:38 -0500] "POST /appsia/controlador HTTP/1.1" 200 10968
201.245.192.253 - - [20/Mar/2024:10:25:38 -0500] "POST /forms/lservlet;jsessionid=ac16012b30d61aff71fa34ac405d99d9c4d551ba1c6a.e3iSbxaKaheRe3iNc3uNbNmQay1ynknvrkLOlQzNp65In0 HTTP/1.1" 200 1007
201.245.192.253 - - [20/Mar/2024:10:25:39 -0500] "POST /forms/lservlet;jsessionid=ac16012b30d61aff71fa34ac405d99d9c4d551ba1c6a.e3iSbxaKaheRe3iNc3uNbNmQay1ynknvrkLOlQzNp65In0 HTTP/1.1" 200 1067
201.245.192.253 - - [20/Mar/2024:10:25:39 -0500] "POST /forms/lservlet;jsessionid=ac16012b30d61aff71fa34ac405d99d9c4d551ba1c6a.e3iSbxaKaheRe3iNc3uNbNmQay1ynknvrkLOlQzNp65In0 HTTP/1.1" 200 838
201.245.192.253 - - [20/Mar/2024:10:25:39 -0500] "POST /forms/lservlet;jsessionid=ac16012b30d61aff71fa34ac405d99d9c4d551ba1c6a.e3iSbxaKaheRe3iNc3uNbNmQay1ynknvrkLOlQzNp65In0 HTTP/1.1" 200 825
201.245.192.253 - - [20/Mar/2024:10:25:40 -0500] "POST /forms/lservlet;jsessionid=ac16012b30d61aff71fa34ac405d99d9c4d551ba1c6a.e3iSbxaKaheRe3iNc3uNbNmQay1ynknvrkLOlQzNp65In0 HTTP/1.1" 200 1198
13.56.33.4 - - [20/Mar/2024:10:25:45 -0500] "HEAD / HTTP/1.1" 200 -
201.245.192.253 - - [20/Mar/2024:10:25:46 -0500] "POST /forms/lservlet;jsessionid=ac16012b30d61aff71fa34ac405d99d9c4d551ba1c6a.e3iSbxaKaheRe3iNc3uNbNmQay1ynknvrkLOlQzNp65In0 HTTP/1.1" 200 2
201.245.192.253 - - [20/Mar/2024:10:25:48 -0500] "POST /kwsrmcab/Wsrmcab  HTTP/1.1" 200 37499
3.12.251.153 - - [20/Mar/2024:10:25:49 -0500] "HEAD / HTTP/1.1" 200 -
47.128.63.168 - - [20/Mar/2024:10:25:54 -0500] "GET /BLA/resoluciones/AUTOS%202021/0245.php?act=ls&d=E%3A%5Cnuevo%5Chtdocs%5Ccumbredelclima%5C&sort=3a HTTP/1.1" 200 4543
47.128.63.168 - - [20/Mar/2024:10:25:55 -0500] "GET /BLA/resoluciones/AUTOS%202021/0245.php?act=img&img=ext_php HTTP/1.1" 200 79
47.128.63.168 - - [20/Mar/2024:10:25:56 -0500] "GET /BLA/resoluciones/AUTOS%202021/0245.php?act=img&img=ext_html HTTP/1.1" 200 230
47.128.63.168 - - [20/Mar/2024:10:25:56 -0500] "GET /BLA/resoluciones/AUTOS%202021/0245.php?act=img&img=arrow_ltr HTTP/1.1" 200 88
47.128.63.168 - - [20/Mar/2024:10:25:56 -0500] "GET /BLA/resoluciones/AUTOS%202021/0245.php?act=img&img=ext_htaccess HTTP/1.1" 200 117
47.128.63.168 - - [20/Mar/2024:10:25:56 -0500] "GET /BLA/resoluciones/AUTOS%202021/0245.php?act=img&img=ext_txt HTTP/1.1" 200 132
201.245.192.253 - - [20/Mar/2024:10:25:56 -0500] "POST /forms/lservlet;jsessionid=ac16012b30d61aff71fa34ac405d99d9c4d551ba1c6a.e3iSbxaKaheRe3iNc3uNbNmQay1ynknvrkLOlQzNp65In0 HTTP/1.1" 200 11798
201.245.192.253 - - [20/Mar/2024:10:25:57 -0500] "POST /forms/lservlet;jsessionid=ac16012b30d61aff71fa34ac405d99d9c4d551ba1c6a.e3iSbxaKaheRe3iNc3uNbNmQay1ynknvrkLOlQzNp65In0 HTTP/1.1" 200 10
201.245.192.253 - - [20/Mar/2024:10:25:57 -0500] "POST /forms/lservlet;jsessionid=ac16012b30d61aff71fa34ac405d99d9c4d551ba1c6a.e3iSbxaKaheRe3iNc3uNbNmQay1ynknvrkLOlQzNp65In0 HTTP/1.1" 200 13
201.245.192.253 - - [20/Mar/2024:10:26:00 -0500] "POST /forms/lservlet;jsessionid=ac16012b30d61aff71fa34ac405d99d9c4d551ba1c6a.e3iSbxaKaheRe3iNc3uNbNmQay1ynknvrkLOlQzNp65In0 HTTP/1.1" 200 219
201.245.192.253 - - [20/Mar/2024:10:26:00 -0500] "POST /forms/lservlet;jsessionid=ac16012b30d61aff71fa34ac405d99d9c4d551ba1c6a.e3iSbxaKaheRe3iNc3uNbNmQay1ynknvrkLOlQzNp65In0 HTTP/1.1" 200 1669
201.245.192.253 - - [20/Mar/2024:10:26:01 -0500] "POST /forms/lservlet;jsessionid=ac16012b30d61aff71fa34ac405d99d9c4d551ba1c6a.e3iSbxaKaheRe3iNc3uNbNmQay1ynknvrkLOlQzNp65In0 HTTP/1.1" 200 14
201.245.192.253 - - [20/Mar/2024:10:26:02 -0500] "POST /forms/lservlet;jsessionid=ac16012b30d61aff71fa34ac405d99d9c4d551ba1c6a.e3iSbxaKaheRe3iNc3uNbNmQay1ynknvrkLOlQzNp65In0 HTTP/1.1" 200 1244
201.245.192.253 - - [20/Mar/2024:10:26:02 -0500] "POST /forms/lservlet;jsessionid=ac16012b30d61aff71fa34ac405d99d9c4d551ba1c6a.e3iSbxaKaheRe3iNc3uNbNmQay1ynknvrkLOlQzNp65In0 HTTP/1.1" 200 1067
201.245.192.253 - - [20/Mar/2024:10:26:03 -0500] "POST /forms/lservlet;jsessionid=ac16012b30d61aff71fa34ac405d99d9c4d551ba1c6a.e3iSbxaKaheRe3iNc3uNbNmQay1ynknvrkLOlQzNp65In0 HTTP/1.1" 200 89
201.245.192.253 - - [20/Mar/2024:10:26:04 -0500] "POST /forms/lservlet;jsessionid=ac16012b30d61aff71fa34ac405d99d9c4d551ba1c6a.e3iSbxaKaheRe3iNc3uNbNmQay1ynknvrkLOlQzNp65In0 HTTP/1.1" 200 961
201.245.192.253 - - [20/Mar/2024:10:26:04 -0500] "POST /forms/lservlet;jsessionid=ac16012b30d61aff71fa34ac405d99d9c4d551ba1c6a.e3iSbxaKaheRe3iNc3uNbNmQay1ynknvrkLOlQzNp65In0 HTTP/1.1" 200 806
201.245.192.253 - - [20/Mar/2024:10:26:05 -0500] "POST /forms/lservlet;jsessionid=ac16012b30d61aff71fa34ac405d99d9c4d551ba1c6a.e3iSbxaKaheRe3iNc3uNbNmQay1ynknvrkLOlQzNp65In0 HTTP/1.1" 200 1456
162.243.135.32 - - [20/Mar/2024:10:26:09 -0500] "MGLNDD_190.27.245.106_80" 501 953
172.22.2.4 - - [20/Mar/2024:10:24:31 -0500] "GET /BLA/boletinlegal/ HTTP/1.1" 200 59583
47.128.62.47 - - [20/Mar/2024:10:26:17 -0500] "GET /BLA/resoluciones/AUTOS%202021/0245.php?act=ls&d=E%3A%5Cnuevo%5Chtdocs%5CBLA%5Cresoluciones%5CRESOLUCIONES+2000&sort=0a HTTP/1.1" 200 10313
47.128.62.47 - - [20/Mar/2024:10:26:19 -0500] "GET /BLA/resoluciones/AUTOS%202021/0245.php?act=img&img=ext_db HTTP/1.1" 200 1034
47.128.62.47 - - [20/Mar/2024:10:26:19 -0500] "GET /BLA/resoluciones/AUTOS%202021/0245.php?act=img&img=ext_tif HTTP/1.1" 200 175
47.128.62.47 - - [20/Mar/2024:10:26:19 -0500] "GET /BLA/resoluciones/AUTOS%202021/0245.php?act=img&img=ext_pdf HTTP/1.1" 200 1034
47.128.62.47 - - [20/Mar/2024:10:26:19 -0500] "GET /BLA/resoluciones/AUTOS%202021/0245.php?act=img&img=arrow_ltr HTTP/1.1" 200 88
191.156.42.112 - - [20/Mar/2024:10:21:27 -0500] "POST /sipse/faces/presentacion/financiero/solicitudProceso/consultarSolicitudProceso.xhtml HTTP/1.1" 200 -
191.156.42.62 - - [20/Mar/2024:10:23:57 -0500] "GET /sipse/faces/index.xhtml HTTP/1.1" 502 1346
201.245.192.253 - - [20/Mar/2024:10:21:28 -0500] "POST /sipse/faces/presentacion/financiero/solicitudProceso/listarSolicitudProceso.xhtml HTTP/1.1" 502 1463
186.85.234.113 - - [20/Mar/2024:10:25:47 -0500] "GET /sipse/faces/index.xhtml HTTP/1.1" 502 1346
201.245.192.253 - - [20/Mar/2024:10:26:18 -0500] "GET /sipse/faces/presentacion/financiero/solicitudProceso/crearModificarSolicitudProceso.xhtml HTTP/1.1" 502 1478
201.245.192.253 - - [20/Mar/2024:10:26:04 -0500] "GET /sipse/faces/autenticacion.xhtml HTTP/1.1" 502 1362
201.245.192.253 - - [20/Mar/2024:10:22:08 -0500] "GET /sipse/faces/autenticacion.xhtml HTTP/1.1" 502 1362
201.245.192.253 - - [20/Mar/2024:10:26:09 -0500] "GET /sipse/faces/index.xhtml HTTP/1.1" 502 1346
201.245.192.253 - - [20/Mar/2024:10:24:48 -0500] "GET /sipse/faces/faces/autenticacion.xhtml HTTP/1.1" 502 1374
201.245.192.253 - - [20/Mar/2024:10:22:29 -0500] "POST /sipse/faces/presentacion/financiero/solicitudProceso/listarSolicitudProceso.xhtml HTTP/1.1" 502 1463
201.245.192.253 - - [20/Mar/2024:10:25:29 -0500] "GET /sipse/faces/autenticacion.xhtml HTTP/1.1" 502 1362
201.245.192.253 - - [20/Mar/2024:10:24:56 -0500] "GET /sipse/faces/autenticacion.xhtml HTTP/1.1" 502 1362
179.1.193.245 - - [20/Mar/2024:10:22:54 -0500] "GET /sipse/faces/faces/autenticacion.xhtml HTTP/1.1" 502 1374
186.85.234.113 - - [20/Mar/2024:10:26:33 -0500] "GET /sipse/faces/index.xhtml HTTP/1.1" 502 1346
190.66.251.149 - - [20/Mar/2024:10:22:46 -0500] "GET /sipse/faces/faces/autenticacion.xhtml HTTP/1.1" 502 1374
201.245.192.253 - - [20/Mar/2024:10:22:12 -0500] "POST /sipse/faces/presentacion/financiero/solicitudProceso/crearModificarSolicitudProceso.xhtml HTTP/1.1" 502 1479
186.85.234.113 - - [20/Mar/2024:10:25:22 -0500] "GET /sipse/faces/index.xhtml HTTP/1.1" 502 1346
201.245.192.253 - - [20/Mar/2024:10:22:29 -0500] "GET /sipse/faces/presentacion/financiero/solicitudProceso/crearModificarSolicitudProceso.xhtml HTTP/1.1" 502 1478
201.245.192.253 - - [20/Mar/2024:10:24:41 -0500] "GET /sipse/faces/presentacion/financiero/solicitudProceso/crearModificarSolicitudProceso.xhtml HTTP/1.1" 502 1478
191.156.36.149 - - [20/Mar/2024:10:22:44 -0500] "GET /sipse/faces/index.xhtml HTTP/1.1" 502 1346
201.245.192.253 - - [20/Mar/2024:10:21:30 -0500] "POST /sipse/faces/presentacion/financiero/solicitudProceso/consultar.xhtml HTTP/1.1" 502 1437
201.245.192.253 - - [20/Mar/2024:10:25:00 -0500] "GET /sipse/faces/presentacion/financiero/solicitudProceso/crearModificarSolicitudProceso.xhtml HTTP/1.1" 502 1478
179.1.193.245 - - [20/Mar/2024:10:26:27 -0500] "GET /sipse/faces/faces/autenticacion.xhtml HTTP/1.1" 502 1374
201.245.192.253 - - [20/Mar/2024:10:21:27 -0500] "POST /sipse/faces/presentacion/financiero/solicitudProceso/listarSolicitudProceso.xhtml HTTP/1.1" 502 1463
186.85.234.113 - - [20/Mar/2024:10:24:21 -0500] "GET /sipse/faces/index.xhtml HTTP/1.1" 502 1346
191.156.250.224 - - [20/Mar/2024:10:25:01 -0500] "GET /sipse/faces/index.xhtml HTTP/1.1" 502 1346
201.245.192.253 - - [20/Mar/2024:10:23:42 -0500] "GET /sipse/faces/presentacion/financiero/solicitudProceso/crearModificarSolicitudProceso.xhtml HTTP/1.1" 502 1478
201.245.192.253 - - [20/Mar/2024:10:26:35 -0500] "GET /favicon.ico HTTP/1.1" 200 7782
201.245.192.253 - - [20/Mar/2024:10:26:35 -0500] "GET /favicon.ico HTTP/1.1" 200 7782
201.245.192.253 - - [20/Mar/2024:10:26:35 -0500] "POST /sipse/faces/presentacion/financiero/solicitudProceso/listarSolicitudProceso.xhtml HTTP/1.1" 503 1124
201.245.192.253 - - [20/Mar/2024:10:26:35 -0500] "POST /sipse/faces/presentacion/financiero/solicitudProceso/listarSolicitudProceso.xhtml HTTP/1.1" 503 1124
201.245.192.253 - - [20/Mar/2024:10:26:35 -0500] "POST /sipse/faces/presentacion/financiero/solicitudProceso/listarSolicitudProceso.xhtml HTTP/1.1" 503 1124
201.245.192.253 - - [20/Mar/2024:10:26:36 -0500] "POST /sipse/faces/presentacion/financiero/solicitudProceso/listarSolicitudProceso.xhtml HTTP/1.1" 503 1124
201.245.192.253 - - [20/Mar/2024:10:26:36 -0500] "POST /sipse/faces/presentacion/financiero/solicitudProceso/listarSolicitudProceso.xhtml HTTP/1.1" 503 1124
201.245.192.253 - - [20/Mar/2024:10:26:37 -0500] "GET /sipse/faces/autenticacion.xhtml HTTP/1.1" 503 1124
186.102.36.107 - - [20/Mar/2024:10:26:37 -0500] "GET /kwssiamovil/sm/ldap/au?x=U2FsdGVkX1+gJ4SD+jvukiDzWN/00b1n2R3zb+Rb9VVBucRqKtlaxpWSuQ95QyPP&y=U2FsdGVkX18J/hnNWOktfTKd/UGjmLXcJgP2LmvLzJtdHpRa7sgbnawVnSkfTGkP HTTP/1.1" 200 30
201.245.192.253 - - [20/Mar/2024:10:26:37 -0500] "GET /sipse/faces/autenticacion.xhtml HTTP/1.1" 503 1124
201.245.192.253 - - [20/Mar/2024:10:26:36 -0500] "POST /sipse/faces/presentacion/financiero/solicitudProceso/listarSolicitudProceso.xhtml HTTP/1.1" 503 1124
201.245.192.253 - - [20/Mar/2024:10:26:36 -0500] "POST /sipse/faces/presentacion/financiero/solicitudProceso/listarSolicitudProceso.xhtml HTTP/1.1" 503 1124
186.102.36.107 - - [20/Mar/2024:10:26:37 -0500] "GET /kwssiamovil/sm/acme/s?s=U2FsdGVkX190XB70YKMnLSsUBYMrBw3vjiDCJPvsrSm2xKthU5qe2vPSYJt/vTLDRG2fTIoKBzl2E2uHlrey/VgIumoKD5+q8fovqOxejvE=&u=U2FsdGVkX1+Qdyyd37XVuiE/iwPy5dlJtDXJvST+phGxmIWhNg0UZp9KzsVCVCLm&y=U2FsdGVkX18J/hnNWOktfTKd/UGjmLXcJgP2LmvLzJtdHpRa7sgbnawVnSkfTGkP HTTP/1.1" 200 97
186.102.36.107 - - [20/Mar/2024:10:26:38 -0500] "GET /kwssiamovil/sm/acme/s?s=U2FsdGVkX19sc1wCQfq4cveGKa35zxBBIcLqZs0jLKCwP4wkng7qGYn8ykYFRFpPTBxnqcn6ZKXgwQFdO8DFxu7h99JRhOkIVNEuW7g+7cQoI+bMG2CRfGQVEDSWoiX0ShHvbehAtAuy1o+kD0ZwzPWmwI2bZ/b+eG7Hr3o01fV3NukSZ8YXWau74K7s60Tm4aZuFsHXasVfvnZx6NozXu/uivtrhNP+q7EWAPCmJBZfCKfTz61dbJpD+1s7cmOQ5lc5yRvW9pTY1q/Y6Ph0rtyl/baSmOUXJNy+cC9oU2kFH38SvPFz+4pZH819eDx8Bj1jeVJDKdmfuKwFL6vURtCG1p3KND2y9D/tchY5GhNLU4BRO/bE7chLNJ2+WpWxDct3x3RRfPGTF+hUx7eqLSNMQy+MyzrWdvJf5lsdqAyyXsUvHEKp0xJXXcGsUWKOjwlOmRM7CWr6AvWEJhUxpPuY51ShjC8jlGMnZ+mzRHq/0NVLEptBMDmy+QTZ7Oz+csRwuM3hSMD7wfGVVK7laDkpodAwUZeCV903dK4rGol3hn2kSqK5IAcgnhelktQlqWcRpOlxQzMWo+UzGP00dTmyovKxUtW/LPr3WEzTl+J8wsT2A8L9iVYaKpfgLzdZQCgDybiSGcLJQYi36updyfl7ycpSh97n/OO2gr7bKTnQOYZysl3qlwkED/w191dUlzYIiA+PUR2MFSCL6wMNK9X7hFrBtRxEsBUDD9cz33R3Kw/HrkRfzL5cbPsmy41F3mfGpRX+tcjHRPKqQYLOJ0f97RSqzE+f9c6TybIdaICkRQ7IWaFQRzZK5RSMzmneayUw+V9N4E1k2oRDOaaCrZz4Wb8Bj/rCl7Mp/Mrn09JBZ/7mwzQB6iZ7WVasFsqQV0yo79+3wwO0VNVe3g6vetqLYWMeh7N7Y2SMh3tMYc7bHkVKj/FUVjAGEX+3iIpsPiUDOhof8tyFN5paWhwDetH3pZr45TYmrdJeWbR71zXEStYTAlPPjPmpCZsxJAk2rN7O4fSbaL1O5ybs6WqP1My4yWszU5SVJWK93iacEfka/4RjOsEGfjPZh5MMWos0sGD5zksL0apXLHIeRAcc50m8aV+ayqAPfMLsDIIdduoVjwMoV4H5QITci99vz7dOyenc/Y8EkvmQ3ZMw8Qz2c01e2cjes85e9WdT6ajUirjzBAx6vBZkKXeJOIkC9O2g5alEf8VGUWTVi5vJRxcFi9AQnp81ZSR07nWlPVnm3rBnpWSGVUG4Z5I4z02FYqaTNCq5SJaH0A6BuazJDwJ/XwJPj0xQmq4vBIso0oULwiBGkiuZPFnBAmeGMl7LtxavWn1GN8aCEtkJzwL23C44qE8e1n8s8LUleUpqSvWrpj3XyIZ+Utz2IseQUOxeShqlnmPzdVDgv+llKLhyvNTXuWlLsUjbpf8PNV0//RskIf5ragJQH+LFNgfyZfrIRLncxrWIH0YJUMV9b8XtRtaYYP0kdYzbFDT4L2HmEYkmgWft1p9m+wZlYR1SKUHieFy6wHcWddLV8YDO0oS3AQ/Gaqkz7jIG4f+qQac9/TJ14Y03djR2xtgmhzZnAkblp9KBr6lRfsxiWFsCO2kXc1rUa8ANI58epgDen8MFBh70zytwk55Z8qVOR5MPeK1cliCdKyoxlkpNmfMNca0XakzuiwlzOuV4moOUf+7Lf9bBR2yMBn6KOWaFestJluCM5kbMg+XGOoLzyuXSd+YQBlH8cN60/pvPC6rXkiu5JS8rkGOgzvDK2lnhA6mhdQIfouXd&u=U2FsdGVkX1+Qdyyd37XVuiE/iwPy5dlJtDXJvST+phGxmIWhNg0UZp9KzsVCVCLm&y=U2FsdGVkX18J/hnNWOktfTKd/UGjmLXcJgP2LmvLzJtdHpRa7sgbnawVnSkfTGkP HTTP/1.1" 200 315
186.102.36.107 - - [20/Mar/2024:10:26:38 -0500] "GET /kwssiamovil/sm/acme/s?s=U2FsdGVkX18gFkqW/A7b/PZgS0fiNts+xpsUZu0w9Ob/O28ZsT6Z9VsmeEHgz6IP9KDM5dJhScBgdw6GPkYpc74+lWTtB9/VqqqTsj6nARRP2MbfGQxbC+3tFKD2s5Q+wJZmlXUVURFNpRshbtH4GXCS1GBnC0YbYFZfXOSPDiMSsZcoOn2wsHyPI6buGVgPIWHhjZ4f/8Mk7jrlOiYEpt0cdRBgETtOVKJrXoq0b2rAWOfwbVQ8quHYthdF+CF8ysP0BxXpmPMMuJvwb7A3YtpH4/zJWZiWtlIK7BbcWQDBLHKkAhC+N/+go3Lycwk3WZTlk/LM4eR4uZlxKW972//y8AMAbnP+RJkL0w9M7XcbiF1XuHYmxCMDIsc82wfuqt7g+mEDf4QQDTr0br7IG+5/BUjdf9Ozz5dsOKbvAZsWUtNKJbH8Qij+EOijHxCSD0ss29fpq6uEIAra0r3/eseIVgFI1nzVKCYn60RPua440/B4g6hfe/486IkrrpZjOZ1ZZxrkMzi6ZloiHgfZNRYCBRQglEbh6yt5IK5ug3vzzfYSgcn29t/aIAYkrDBlg/F/HwwfN2/+369XdsVGKpS9x9bO20oIG1A6Jgzca8BIZ0p1gOT65pNIkZ55c6bBypWw8akuP+AyYMtMX6dZ2pH6CSlRTB1FyW64YWSRZyT67sy5GvbDst/yf1Q32HWjy3ZlJxTmtjT+6gzx1Fs41GAC0ZpPIbJf1xmHZaF2wBDrrqn8L/Mk7qVBxM6FrtYy&u=U2FsdGVkX1+Qdyyd37XVuiE/iwPy5dlJtDXJvST+phGxmIWhNg0UZp9KzsVCVCLm&y=U2FsdGVkX18J/hnNWOktfTKd/UGjmLXcJgP2LmvLzJtdHpRa7sgbnawVnSkfTGkP HTTP/1.1" 200 1095
186.102.36.107 - - [20/Mar/2024:10:26:38 -0500] "GET /kwssiamovil/sm/cjson/pre?f=17&x=U2FsdGVkX1+gJ4SD+jvukiDzWN/00b1n2R3zb+Rb9VVBucRqKtlaxpWSuQ95QyPP HTTP/1.1" 200 12113
201.245.192.253 - - [20/Mar/2024:10:26:37 -0500] "POST /sipse/faces/presentacion/financiero/solicitudProceso/listarSolicitudProceso.xhtml HTTP/1.1" 503 1124
201.245.192.253 - - [20/Mar/2024:10:26:38 -0500] "POST /sipse/faces/presentacion/financiero/solicitudProceso/listarSolicitudProceso.xhtml HTTP/1.1" 503 1124
201.245.192.253 - - [20/Mar/2024:10:26:38 -0500] "POST /sipse/faces/presentacion/financiero/solicitudProceso/listarSolicitudProceso.xhtml HTTP/1.1" 503 1124
201.245.192.253 - - [20/Mar/2024:10:26:38 -0500] "GET /sipse/faces/autenticacion.xhtml HTTP/1.1" 503 1124
186.102.36.107 - - [20/Mar/2024:10:26:38 -0500] "GET /kwssiamovil/sm/cjson/pre?f=8&x=U2FsdGVkX1+gJ4SD+jvukiDzWN/00b1n2R3zb+Rb9VVBucRqKtlaxpWSuQ95QyPP HTTP/1.1" 200 35458
186.102.36.107 - - [20/Mar/2024:10:26:38 -0500] "GET /kwssiamovil/sm/cjson/pre?f=4&x=U2FsdGVkX1+gJ4SD+jvukiDzWN/00b1n2R3zb+Rb9VVBucRqKtlaxpWSuQ95QyPP HTTP/1.1" 200 33325
186.102.36.107 - - [20/Mar/2024:10:26:38 -0500] "GET /kwssiamovil/sm/cjson/pre?f=6&x=U2FsdGVkX1+gJ4SD+jvukiDzWN/00b1n2R3zb+Rb9VVBucRqKtlaxpWSuQ95QyPP HTTP/1.1" 200 34689
201.245.192.253 - - [20/Mar/2024:10:26:39 -0500] "GET /sipse/faces/autenticacion.xhtml HTTP/1.1" 503 1124
201.245.192.253 - - [20/Mar/2024:10:26:40 -0500] "GET /sipse/faces/autenticacion.xhtml HTTP/1.1" 503 1124
186.154.38.115 - - [20/Mar/2024:09:54:44 -0500] "POST /reportes_sipse/sdg/ServletControlador HTTP/1.1" 200 -
186.154.38.115 - - [20/Mar/2024:09:58:12 -0500] "POST /reportes_sipse/sdg/ServletControlador HTTP/1.1" 200 -
186.154.38.115 - - [20/Mar/2024:09:59:21 -0500] "POST /reportes_sipse/sdg/ServletControlador HTTP/1.1" 502 1375
201.245.192.253 - - [20/Mar/2024:10:07:22 -0500] "POST /reportes_sipse/sdg/ServletControlador HTTP/1.1" 200 -
201.245.192.253 - - [20/Mar/2024:09:27:41 -0500] "POST /reportes_sipse/sdg/ServletControlador HTTP/1.1" 502 1375
201.245.192.253 - - [20/Mar/2024:09:27:42 -0500] "POST /reportes_sipse/sdg/ServletControlador HTTP/1.1" 502 1375
201.245.192.253 - - [20/Mar/2024:09:40:59 -0500] "POST /reportes_sipse/sdg/ServletReporte?seguimiento_procesos& HTTP/1.1" 502 1367
201.245.192.253 - - [20/Mar/2024:09:41:00 -0500] "POST /reportes_sipse/sdg/ServletReporte?seguimiento_procesos& HTTP/1.1" 502 1367
201.245.192.253 - - [20/Mar/2024:09:27:40 -0500] "POST /reportes_sipse/sdg/ServletControlador HTTP/1.1" 502 1375
201.245.192.253 - - [20/Mar/2024:09:27:40 -0500] "POST /reportes_sipse/sdg/ServletControlador HTTP/1.1" 502 1375
201.245.192.253 - - [20/Mar/2024:09:27:41 -0500] "POST /reportes_sipse/sdg/ServletControlador HTTP/1.1" 502 1375
201.245.192.253 - - [20/Mar/2024:09:27:42 -0500] "POST /reportes_sipse/sdg/ServletControlador HTTP/1.1" 502 1375
201.245.192.253 - - [20/Mar/2024:09:27:42 -0500] "POST /reportes_sipse/sdg/ServletControlador HTTP/1.1" 502 1375
186.102.36.107 - - [20/Mar/2024:10:26:38 -0500] "GET /kwssiamovil/sm/cjson/pre?f=7&x=U2FsdGVkX1+gJ4SD+jvukiDzWN/00b1n2R3zb+Rb9VVBucRqKtlaxpWSuQ95QyPP HTTP/1.1" 200 88604
186.102.36.107 - - [20/Mar/2024:10:26:38 -0500] "GET /kwssiamovil/sm/cjson/pre?f=5&x=U2FsdGVkX1+gJ4SD+jvukiDzWN/00b1n2R3zb+Rb9VVBucRqKtlaxpWSuQ95QyPP HTTP/1.1" 200 91415
186.102.36.107 - - [20/Mar/2024:10:26:38 -0500] "GET /kwssiamovil/sm/cjson/pre?f=3&x=U2FsdGVkX1+gJ4SD+jvukiDzWN/00b1n2R3zb+Rb9VVBucRqKtlaxpWSuQ95QyPP HTTP/1.1" 200 89923
201.245.192.253 - - [20/Mar/2024:10:26:41 -0500] "GET /sipse/faces/autenticacion.xhtml HTTP/1.1" 503 1124
201.245.192.253 - - [20/Mar/2024:10:26:41 -0500] "POST /forms/lservlet;jsessionid=ac16012b30d61aff71fa34ac405d99d9c4d551ba1c6a.e3iSbxaKaheRe3iNc3uNbNmQay1ynknvrkLOlQzNp65In0 HTTP/1.1" 200 1012
201.245.192.253 - - [20/Mar/2024:10:26:41 -0500] "POST /forms/lservlet;jsessionid=ac16012b30d61aff71fa34ac405d99d9c4d551ba1c6a.e3iSbxaKaheRe3iNc3uNbNmQay1ynknvrkLOlQzNp65In0 HTTP/1.1" 200 10
201.245.192.253 - - [20/Mar/2024:10:26:41 -0500] "GET /sipse/faces/index.xhtml HTTP/1.1" 503 1124
201.245.192.253 - - [20/Mar/2024:10:26:42 -0500] "GET /sipse/faces/autenticacion.xhtml HTTP/1.1" 503 1124
201.245.192.253 - - [20/Mar/2024:10:26:42 -0500] "POST /forms/lservlet;jsessionid=ac16012b30d61aff71fa34ac405d99d9c4d551ba1c6a.e3iSbxaKaheRe3iNc3uNbNmQay1ynknvrkLOlQzNp65In0 HTTP/1.1" 200 13
201.245.192.253 - - [20/Mar/2024:10:26:42 -0500] "GET /sipse/faces/autenticacion.xhtml HTTP/1.1" 503 1124
201.245.192.253 - - [20/Mar/2024:10:26:42 -0500] "GET /sipse/faces/autenticacion.xhtml HTTP/1.1" 503 1124
201.245.192.253 - - [20/Mar/2024:10:26:43 -0500] "GET /sipse/faces/autenticacion.xhtml HTTP/1.1" 503 1124
201.245.192.253 - - [20/Mar/2024:10:26:44 -0500] "POST /forms/lservlet;jsessionid=ac16012b30d61aff71fa34ac405d99d9c4d551ba1c6a.e3iSbxaKaheRe3iNc3uNbNmQay1ynknvrkLOlQzNp65In0 HTTP/1.1" 200 17
201.245.192.253 - - [20/Mar/2024:10:26:44 -0500] "GET /sipse/faces/autenticacion.xhtml HTTP/1.1" 503 1124
201.245.192.253 - - [20/Mar/2024:10:26:45 -0500] "GET /sipse/faces/autenticacion.xhtml HTTP/1.1" 503 1124
201.245.192.253 - - [20/Mar/2024:10:26:45 -0500] "GET /sipse/faces/autenticacion.xhtml HTTP/1.1" 503 1124
201.245.192.253 - - [20/Mar/2024:10:26:45 -0500] "GET /sipse/faces/index.xhtml HTTP/1.1" 503 1124
201.245.192.253 - - [20/Mar/2024:10:26:46 -0500] "POST /forms/lservlet;jsessionid=ac16012b30d61aff71fa34ac405d99d9c4d551ba1c6a.e3iSbxaKaheRe3iNc3uNbNmQay1ynknvrkLOlQzNp65In0 HTTP/1.1" 200 1435
201.245.192.253 - - [20/Mar/2024:10:26:50 -0500] "GET /sipse/faces/autenticacion.xhtml HTTP/1.1" 503 1124
201.245.192.253 - - [20/Mar/2024:10:26:52 -0500] "GET /sipse/faces/autenticacion.xhtml HTTP/1.1" 503 1124
47.128.62.20 - - [20/Mar/2024:10:26:42 -0500] "GET /BLA/resoluciones/AUTOS%202021/0245.php?act=update&d=E%3A%5Cnuevo%5Chtdocs%5Ccumbredelclima%5C HTTP/1.1" 200 2665
201.245.192.253 - - [20/Mar/2024:10:26:59 -0500] "GET /sipse/faces/index.xhtml HTTP/1.1" 503 1124
201.245.192.253 - - [20/Mar/2024:10:27:02 -0500] "POST /forms/lservlet;jsessionid=ac16012b30d61aff71fa34ac405d99d9c4d551ba1c6a.e3iSbxaKaheRe3iNc3uNbNmQay1ynknvrkLOlQzNp65In0 HTTP/1.1" 200 890
201.245.192.253 - - [20/Mar/2024:10:27:02 -0500] "POST /forms/lservlet;jsessionid=ac16012b30d61aff71fa34ac405d99d9c4d551ba1c6a.e3iSbxaKaheRe3iNc3uNbNmQay1ynknvrkLOlQzNp65In0 HTTP/1.1" 200 10
201.245.192.253 - - [20/Mar/2024:10:27:02 -0500] "POST /forms/lservlet;jsessionid=ac16012b30d61aff71fa34ac405d99d9c4d551ba1c6a.e3iSbxaKaheRe3iNc3uNbNmQay1ynknvrkLOlQzNp65In0 HTTP/1.1" 200 13
201.245.192.253 - - [20/Mar/2024:10:27:05 -0500] "POST /forms/lservlet;jsessionid=ac16012b30d61aff71fa34ac405d99d9c4d551ba1c6a.e3iSbxaKaheRe3iNc3uNbNmQay1ynknvrkLOlQzNp65In0 HTTP/1.1" 200 17
201.245.192.253 - - [20/Mar/2024:10:27:07 -0500] "POST /forms/lservlet;jsessionid=ac16012b30d61aff71fa34ac405d99d9c4d551ba1c6a.e3iSbxaKaheRe3iNc3uNbNmQay1ynknvrkLOlQzNp65In0 HTTP/1.1" 200 1157
201.245.192.253 - - [20/Mar/2024:10:27:23 -0500] "POST /forms/lservlet;jsessionid=ac16012b30d61aff71fa34ac405d99d9c4d551ba1c6a.e3iSbxaKaheRe3iNc3uNbNmQay1ynknvrkLOlQzNp65In0 HTTP/1.1" 200 863
201.245.192.253 - - [20/Mar/2024:10:27:23 -0500] "POST /forms/lservlet;jsessionid=ac16012b30d61aff71fa34ac405d99d9c4d551ba1c6a.e3iSbxaKaheRe3iNc3uNbNmQay1ynknvrkLOlQzNp65In0 HTTP/1.1" 200 10
201.245.192.253 - - [20/Mar/2024:10:27:24 -0500] "POST /forms/lservlet;jsessionid=ac16012b30d61aff71fa34ac405d99d9c4d551ba1c6a.e3iSbxaKaheRe3iNc3uNbNmQay1ynknvrkLOlQzNp65In0 HTTP/1.1" 200 13
201.245.192.253 - - [20/Mar/2024:10:27:26 -0500] "POST /forms/lservlet;jsessionid=ac16012b30d61aff71fa34ac405d99d9c4d551ba1c6a.e3iSbxaKaheRe3iNc3uNbNmQay1ynknvrkLOlQzNp65In0 HTTP/1.1" 200 17
201.245.192.253 - - [20/Mar/2024:10:27:28 -0500] "POST /forms/lservlet;jsessionid=ac16012b30d61aff71fa34ac405d99d9c4d551ba1c6a.e3iSbxaKaheRe3iNc3uNbNmQay1ynknvrkLOlQzNp65In0 HTTP/1.1" 200 1186
66.249.66.21 - - [20/Mar/2024:10:27:30 -0500] "GET /BLA/resoluciones/Autos%202008/0851.pdf HTTP/1.1" 200 76780
201.245.192.253 - - [20/Mar/2024:10:27:40 -0500] "POST /forms/lservlet;jsessionid=ac16012b30d61aff71fa34ac405d99d9c4d551ba1c6a.e3iSbxaKaheRe3iNc3uNbNmQay1ynknvrkLOlQzNp65In0 HTTP/1.1" 200 863
201.245.192.253 - - [20/Mar/2024:10:27:40 -0500] "POST /forms/lservlet;jsessionid=ac16012b30d61aff71fa34ac405d99d9c4d551ba1c6a.e3iSbxaKaheRe3iNc3uNbNmQay1ynknvrkLOlQzNp65In0 HTTP/1.1" 200 10
201.245.192.253 - - [20/Mar/2024:10:27:41 -0500] "POST /forms/lservlet;jsessionid=ac16012b30d61aff71fa34ac405d99d9c4d551ba1c6a.e3iSbxaKaheRe3iNc3uNbNmQay1ynknvrkLOlQzNp65In0 HTTP/1.1" 200 13
201.245.192.253 - - [20/Mar/2024:10:27:43 -0500] "POST /forms/lservlet;jsessionid=ac16012b30d61aff71fa34ac405d99d9c4d551ba1c6a.e3iSbxaKaheRe3iNc3uNbNmQay1ynknvrkLOlQzNp65In0 HTTP/1.1" 200 17
201.245.192.253 - - [20/Mar/2024:10:27:44 -0500] "POST /forms/lservlet;jsessionid=ac16012b30d61aff71fa34ac405d99d9c4d551ba1c6a.e3iSbxaKaheRe3iNc3uNbNmQay1ynknvrkLOlQzNp65In0 HTTP/1.1" 200 1118
201.245.192.253 - - [20/Mar/2024:10:27:46 -0500] "POST /forms/lservlet;jsessionid=ac16012b30d61aff71fa34ac405d99d9c4d551ba1c6a.e3iSbxaKaheRe3iNc3uNbNmQay1ynknvrkLOlQzNp65In0 HTTP/1.1" 200 2
201.245.192.253 - - [20/Mar/2024:10:27:56 -0500] "POST /sipse/faces/presentacion/financiero/solicitudProceso/listarSolicitudProceso.xhtml HTTP/1.1" 404 1212
191.156.241.119 - - [20/Mar/2024:10:27:58 -0500] "GET /sipse/faces/index.xhtml HTTP/1.1" 404 1038
201.245.192.253 - - [20/Mar/2024:10:28:08 -0500] "POST /forms/lservlet;jsessionid=ac16012b30d61aff71fa34ac405d99d9c4d551ba1c6a.e3iSbxaKaheRe3iNc3uNbNmQay1ynknvrkLOlQzNp65In0 HTTP/1.1" 200 863
201.245.192.253 - - [20/Mar/2024:10:28:08 -0500] "POST /forms/lservlet;jsessionid=ac16012b30d61aff71fa34ac405d99d9c4d551ba1c6a.e3iSbxaKaheRe3iNc3uNbNmQay1ynknvrkLOlQzNp65In0 HTTP/1.1" 200 10
201.245.192.253 - - [20/Mar/2024:10:28:09 -0500] "POST /forms/lservlet;jsessionid=ac16012b30d61aff71fa34ac405d99d9c4d551ba1c6a.e3iSbxaKaheRe3iNc3uNbNmQay1ynknvrkLOlQzNp65In0 HTTP/1.1" 200 13
201.245.192.253 - - [20/Mar/2024:10:28:12 -0500] "POST /forms/lservlet;jsessionid=ac16012b30d61aff71fa34ac405d99d9c4d551ba1c6a.e3iSbxaKaheRe3iNc3uNbNmQay1ynknvrkLOlQzNp65In0 HTTP/1.1" 200 17
191.156.241.119 - - [20/Mar/2024:10:28:10 -0500] "GET /sipse/faces/index.xhtml HTTP/1.1" 404 1038
201.245.192.253 - - [20/Mar/2024:10:28:14 -0500] "POST /forms/lservlet;jsessionid=ac16012b30d61aff71fa34ac405d99d9c4d551ba1c6a.e3iSbxaKaheRe3iNc3uNbNmQay1ynknvrkLOlQzNp65In0 HTTP/1.1" 200 1509
66.249.66.21 - - [20/Mar/2024:10:28:25 -0500] "GET /resoluciones/RESOLUCIONES%202007/RES%202007%20101%20AL%20200/RESOLUCION%200110%20%20DE%202007.pdf HTTP/1.1" 404 1018
191.156.241.119 - - [20/Mar/2024:10:28:31 -0500] "GET /sipse/faces/index.xhtml HTTP/1.1" 200 677
191.156.241.119 - - [20/Mar/2024:10:28:31 -0500] "GET /sipse/faces/javax.faces.resource/theme.css?ln=primefaces-sipse HTTP/1.1" 304 -
191.156.241.119 - - [20/Mar/2024:10:28:31 -0500] "GET /sipse/faces/faces/autenticacion.xhtml HTTP/1.1" 200 12415
191.156.241.119 - - [20/Mar/2024:10:28:32 -0500] "GET /sipse/faces/javax.faces.resource/theme.css?ln=primefaces-sipse HTTP/1.1" 304 -
191.156.241.119 - - [20/Mar/2024:10:28:32 -0500] "GET /sipse/faces/javax.faces.resource/jquery/jquery.js?ln=primefaces&v=4.0 HTTP/1.1" 304 -
191.156.250.224 - - [20/Mar/2024:10:28:32 -0500] "GET /sipse/faces/javax.faces.resource/layout/layout.css?ln=primefaces&v=4.0 HTTP/1.1" 304 -
191.156.250.224 - - [20/Mar/2024:10:28:32 -0500] "GET /sipse/faces/javax.faces.resource/primefaces.css?ln=primefaces&v=4.0 HTTP/1.1" 304 -
191.156.241.119 - - [20/Mar/2024:10:28:32 -0500] "GET /sipse/faces/javax.faces.resource/jquery/jquery-plugins.js?ln=primefaces&v=4.0 HTTP/1.1" 304 -
191.156.241.119 - - [20/Mar/2024:10:28:32 -0500] "GET /sipse/faces/javax.faces.resource/layout/layout.js?ln=primefaces&v=4.0 HTTP/1.1" 304 -
191.156.241.119 - - [20/Mar/2024:10:28:32 -0500] "GET /sipse/faces/javax.faces.resource/primefaces.js?ln=primefaces&v=4.0 HTTP/1.1" 304 -
191.156.241.119 - - [20/Mar/2024:10:28:32 -0500] "GET /sipse/faces/javax.faces.resource/images/ui-icons_898989_256x240.png?ln=primefaces-aristo HTTP/1.1" 304 -
201.245.192.253 - - [20/Mar/2024:10:28:32 -0500] "GET /sipse/faces/index.xhtml HTTP/1.1" 200 677
201.245.192.253 - - [20/Mar/2024:10:28:32 -0500] "GET /sipse/faces/javax.faces.resource/theme.css?ln=primefaces-sipse HTTP/1.1" 200 50058
201.245.192.253 - - [20/Mar/2024:10:28:32 -0500] "GET /sipse/faces/faces/autenticacion.xhtml HTTP/1.1" 200 12415
201.245.192.253 - - [20/Mar/2024:10:28:32 -0500] "GET /sipse/css/custom_css_sg.css HTTP/1.1" 200 9694
201.245.192.253 - - [20/Mar/2024:10:28:32 -0500] "GET /sipse/css/custom_css_sg_prime_login.css HTTP/1.1" 200 443
201.245.192.253 - - [20/Mar/2024:10:28:32 -0500] "GET /sipse/faces/javax.faces.resource/theme.css?ln=primefaces-sipse HTTP/1.1" 304 -
201.245.192.253 - - [20/Mar/2024:10:28:32 -0500] "GET /sipse/faces/javax.faces.resource/layout/layout.css?ln=primefaces&v=4.0 HTTP/1.1" 200 542
201.245.192.253 - - [20/Mar/2024:10:28:32 -0500] "GET /sipse/faces/javax.faces.resource/jquery/jquery.js?ln=primefaces&v=4.0 HTTP/1.1" 304 -
201.245.192.253 - - [20/Mar/2024:10:28:32 -0500] "GET /sipse/faces/javax.faces.resource/jquery/jquery-plugins.js?ln=primefaces&v=4.0 HTTP/1.1" 304 -
201.245.192.253 - - [20/Mar/2024:10:28:32 -0500] "GET /sipse/faces/javax.faces.resource/primefaces.js?ln=primefaces&v=4.0 HTTP/1.1" 304 -
201.245.192.253 - - [20/Mar/2024:10:28:32 -0500] "GET /sipse/faces/javax.faces.resource/layout/layout.js?ln=primefaces&v=4.0 HTTP/1.1" 304 -
201.245.192.253 - - [20/Mar/2024:10:28:32 -0500] "GET /sipse/faces/javax.faces.resource/primefaces.css?ln=primefaces&v=4.0 HTTP/1.1" 200 53295
201.245.192.253 - - [20/Mar/2024:10:28:32 -0500] "GET /sipse/css/imagen/loginimg.png HTTP/1.1" 200 71635
201.245.192.253 - - [20/Mar/2024:10:28:32 -0500] "GET /sipse/faces/javax.faces.resource/images/ui-icons_898989_256x240.png?ln=primefaces-aristo HTTP/1.1" 200 5355
201.245.192.253 - - [20/Mar/2024:10:28:32 -0500] "GET /sipse/css/imagen/logoSDG.png HTTP/1.1" 200 53064
191.156.241.119 - - [20/Mar/2024:10:28:35 -0500] "POST /sipse/faces/autenticacion.xhtml HTTP/1.1" 200 2215
191.156.241.119 - - [20/Mar/2024:10:28:36 -0500] "GET /sipse/faces/javax.faces.resource/messages/messages.png?ln=primefaces&v=4.0 HTTP/1.1" 304 -
191.156.241.119 - - [20/Mar/2024:10:28:36 -0500] "POST /sipse/faces/autenticacion.xhtml HTTP/1.1" 200 16463
191.156.241.119 - - [20/Mar/2024:10:28:37 -0500] "GET /sipse/faces/javax.faces.resource/primefaces.css?ln=primefaces&v=4.0 HTTP/1.1" 304 -
191.156.241.119 - - [20/Mar/2024:10:28:37 -0500] "GET /sipse/faces/javax.faces.resource/layout/layout.css?ln=primefaces&v=4.0 HTTP/1.1" 304 -
191.156.241.119 - - [20/Mar/2024:10:28:37 -0500] "GET /sipse/faces/javax.faces.resource/theme.css?ln=primefaces-sipse HTTP/1.1" 304 -
191.156.250.224 - - [20/Mar/2024:10:28:37 -0500] "GET /sipse/faces/javax.faces.resource/jquery/jquery.js?ln=primefaces&v=4.0 HTTP/1.1" 304 -
191.156.250.224 - - [20/Mar/2024:10:28:37 -0500] "GET /sipse/faces/javax.faces.resource/jquery/jquery-plugins.js?ln=primefaces&v=4.0 HTTP/1.1" 304 -
191.156.250.224 - - [20/Mar/2024:10:28:37 -0500] "GET /sipse/faces/javax.faces.resource/primefaces.js?ln=primefaces&v=4.0 HTTP/1.1" 304 -
191.156.250.224 - - [20/Mar/2024:10:28:37 -0500] "GET /sipse/faces/javax.faces.resource/layout/layout.js?ln=primefaces&v=4.0 HTTP/1.1" 304 -
191.156.250.224 - - [20/Mar/2024:10:28:38 -0500] "GET /sipse/css/imagen/contrasena.png HTTP/1.1" 404 383
201.245.192.253 - - [20/Mar/2024:10:28:38 -0500] "POST /forms/lservlet;jsessionid=ac16012b30d61aff71fa34ac405d99d9c4d551ba1c6a.e3iSbxaKaheRe3iNc3uNbNmQay1ynknvrkLOlQzNp65In0 HTTP/1.1" 200 895
201.245.192.253 - - [20/Mar/2024:10:28:38 -0500] "POST /forms/lservlet;jsessionid=ac16012b30d61aff71fa34ac405d99d9c4d551ba1c6a.e3iSbxaKaheRe3iNc3uNbNmQay1ynknvrkLOlQzNp65In0 HTTP/1.1" 200 10
201.245.192.253 - - [20/Mar/2024:10:28:38 -0500] "POST /forms/lservlet;jsessionid=ac16012b30d61aff71fa34ac405d99d9c4d551ba1c6a.e3iSbxaKaheRe3iNc3uNbNmQay1ynknvrkLOlQzNp65In0 HTTP/1.1" 200 13
191.156.241.119 - - [20/Mar/2024:10:28:39 -0500] "GET /sipse/faces/javax.faces.resource/images/ui-bg_flat_0_2d5972_40x100.png?ln=primefaces-aristo HTTP/1.1" 304 -
191.156.250.224 - - [20/Mar/2024:10:28:39 -0500] "POST /sipse/faces/bienvenido.xhtml HTTP/1.1" 200 2073
201.245.192.253 - - [20/Mar/2024:10:28:40 -0500] "POST /forms/lservlet;jsessionid=ac16012b30d61aff71fa34ac405d99d9c4d551ba1c6a.e3iSbxaKaheRe3iNc3uNbNmQay1ynknvrkLOlQzNp65In0 HTTP/1.1" 200 17
216.244.66.195 - - [20/Mar/2024:10:28:41 -0500] "GET /robots.txt HTTP/1.1" 404 1018
191.156.250.224 - - [20/Mar/2024:10:28:40 -0500] "POST /sipse/faces/bienvenido.xhtml HTTP/1.1" 200 39102
191.156.241.119 - - [20/Mar/2024:10:28:41 -0500] "GET /sipse/faces/javax.faces.resource/jquery/jquery.js?ln=primefaces&v=4.0 HTTP/1.1" 304 -
191.156.250.224 - - [20/Mar/2024:10:28:41 -0500] "GET /sipse/faces/javax.faces.resource/theme.css?ln=primefaces-sipse HTTP/1.1" 304 -
191.156.241.119 - - [20/Mar/2024:10:28:41 -0500] "GET /sipse/faces/javax.faces.resource/layout/layout.css?ln=primefaces&v=4.0 HTTP/1.1" 304 -
191.156.241.119 - - [20/Mar/2024:10:28:41 -0500] "GET /sipse/faces/javax.faces.resource/primefaces.css?ln=primefaces&v=4.0 HTTP/1.1" 304 -
191.156.250.224 - - [20/Mar/2024:10:28:41 -0500] "GET /sipse/faces/javax.faces.resource/jquery/jquery-plugins.js?ln=primefaces&v=4.0 HTTP/1.1" 304 -
191.156.250.224 - - [20/Mar/2024:10:28:42 -0500] "GET /sipse/faces/javax.faces.resource/primefaces.js?ln=primefaces&v=4.0 HTTP/1.1" 304 -
191.156.250.224 - - [20/Mar/2024:10:28:42 -0500] "GET /sipse/faces/javax.faces.resource/layout/layout.js?ln=primefaces&v=4.0 HTTP/1.1" 304 -
191.156.250.224 - - [20/Mar/2024:10:28:42 -0500] "GET /sipse/css/imagen/contrasena.png HTTP/1.1" 404 383
201.245.192.253 - - [20/Mar/2024:10:28:42 -0500] "POST /forms/lservlet;jsessionid=ac16012b30d61aff71fa34ac405d99d9c4d551ba1c6a.e3iSbxaKaheRe3iNc3uNbNmQay1ynknvrkLOlQzNp65In0 HTTP/1.1" 200 221
201.245.192.253 - - [20/Mar/2024:10:28:43 -0500] "POST /forms/lservlet;jsessionid=ac16012b30d61aff71fa34ac405d99d9c4d551ba1c6a.e3iSbxaKaheRe3iNc3uNbNmQay1ynknvrkLOlQzNp65In0 HTTP/1.1" 200 2
201.245.192.253 - - [20/Mar/2024:10:28:43 -0500] "POST /forms/lservlet;jsessionid=ac16012b30d61aff71fa34ac405d99d9c4d551ba1c6a.e3iSbxaKaheRe3iNc3uNbNmQay1ynknvrkLOlQzNp65In0 HTTP/1.1" 200 1290
191.156.250.224 - - [20/Mar/2024:10:28:44 -0500] "POST /sipse/faces/presentacion/financiero/solicitudProceso/consultar.xhtml HTTP/1.1" 200 12806
201.245.192.253 - - [20/Mar/2024:10:29:03 -0500] "GET /sipse/faces/index.xhtml HTTP/1.1" 200 677
201.245.192.253 - - [20/Mar/2024:10:29:03 -0500] "GET /sipse/faces/javax.faces.resource/theme.css?ln=primefaces-sipse HTTP/1.1" 200 50058
201.245.192.253 - - [20/Mar/2024:10:29:04 -0500] "GET /sipse/faces/faces/autenticacion.xhtml HTTP/1.1" 200 12415
201.245.192.253 - - [20/Mar/2024:10:29:04 -0500] "GET /sipse/faces/javax.faces.resource/theme.css?ln=primefaces-sipse HTTP/1.1" 304 -
201.245.192.253 - - [20/Mar/2024:10:29:04 -0500] "GET /sipse/faces/javax.faces.resource/layout/layout.css?ln=primefaces&v=4.0 HTTP/1.1" 200 542
201.245.192.253 - - [20/Mar/2024:10:29:04 -0500] "GET /sipse/faces/javax.faces.resource/jquery/jquery.js?ln=primefaces&v=4.0 HTTP/1.1" 304 -
201.245.192.253 - - [20/Mar/2024:10:29:04 -0500] "GET /sipse/faces/javax.faces.resource/jquery/jquery-plugins.js?ln=primefaces&v=4.0 HTTP/1.1" 304 -
201.245.192.253 - - [20/Mar/2024:10:29:04 -0500] "GET /sipse/faces/javax.faces.resource/primefaces.js?ln=primefaces&v=4.0 HTTP/1.1" 304 -
201.245.192.253 - - [20/Mar/2024:10:29:04 -0500] "GET /sipse/faces/javax.faces.resource/layout/layout.js?ln=primefaces&v=4.0 HTTP/1.1" 304 -
201.245.192.253 - - [20/Mar/2024:10:29:04 -0500] "GET /sipse/faces/javax.faces.resource/primefaces.css?ln=primefaces&v=4.0 HTTP/1.1" 200 53295
201.245.192.253 - - [20/Mar/2024:10:29:04 -0500] "GET /sipse/faces/javax.faces.resource/images/ui-icons_898989_256x240.png?ln=primefaces-aristo HTTP/1.1" 200 5355
201.245.192.253 - - [20/Mar/2024:10:29:03 -0500] "POST /kwsrmcab/Wsrmcab HTTP/1.1" 200 37328
201.245.192.253 - - [20/Mar/2024:10:29:06 -0500] "POST /kwsrmcab/Wsrmcab HTTP/1.1" 200 35278
201.245.192.253 - - [20/Mar/2024:10:29:07 -0500] "POST /forms/lservlet;jsessionid=ac16012b30d61aff71fa34ac405d99d9c4d551ba1c6a.e3iSbxaKaheRe3iNc3uNbNmQay1ynknvrkLOlQzNp65In0 HTTP/1.1" 200 857
201.245.192.253 - - [20/Mar/2024:10:29:07 -0500] "POST /forms/lservlet;jsessionid=ac16012b30d61aff71fa34ac405d99d9c4d551ba1c6a.e3iSbxaKaheRe3iNc3uNbNmQay1ynknvrkLOlQzNp65In0 HTTP/1.1" 200 10
201.245.192.253 - - [20/Mar/2024:10:29:07 -0500] "POST /sipse/faces/autenticacion.xhtml HTTP/1.1" 200 12036
201.245.192.253 - - [20/Mar/2024:10:29:07 -0500] "GET /sipse/css/custom_css_sg_prime.css HTTP/1.1" 200 5201
201.245.192.253 - - [20/Mar/2024:10:29:07 -0500] "GET /sipse/faces/javax.faces.resource/jquery/jquery.js?ln=primefaces&v=4.0 HTTP/1.1" 304 -
201.245.192.253 - - [20/Mar/2024:10:29:07 -0500] "GET /sipse/faces/javax.faces.resource/jquery/jquery-plugins.js?ln=primefaces&v=4.0 HTTP/1.1" 304 -
201.245.192.253 - - [20/Mar/2024:10:29:07 -0500] "GET /sipse/faces/javax.faces.resource/primefaces.js?ln=primefaces&v=4.0 HTTP/1.1" 304 -
201.245.192.253 - - [20/Mar/2024:10:29:07 -0500] "POST /forms/lservlet;jsessionid=ac16012b30d61aff71fa34ac405d99d9c4d551ba1c6a.e3iSbxaKaheRe3iNc3uNbNmQay1ynknvrkLOlQzNp65In0 HTTP/1.1" 200 13
201.245.192.253 - - [20/Mar/2024:10:29:07 -0500] "GET /sipse/faces/javax.faces.resource/layout/layout.js?ln=primefaces&v=4.0 HTTP/1.1" 304 -
201.245.192.253 - - [20/Mar/2024:10:29:07 -0500] "GET /sipse/faces/javax.faces.resource/messages/messages.png?ln=primefaces&v=4.0 HTTP/1.1" 200 27209
