47.128.38.103 - - [20/Mar/2024:03:35:55 -0500] "GET /BLA/resoluciones/AUTOS%202021/0245.php?act=img&img=ext_rtf HTTP/1.1" 200 164
216.244.66.195 - - [20/Mar/2024:03:35:57 -0500] "GET /BLA/resoluciones/RESOLUCIONES%202019/1930.pdf HTTP/1.1" 200 393986
66.249.66.19 - - [20/Mar/2024:03:36:03 -0500] "GET /BLA/resoluciones/AUTOS%202009/0021.pdf HTTP/1.1" 200 186346
47.128.38.141 - - [20/Mar/2024:03:36:18 -0500] "GET /BLA/resoluciones/AUTOS%202021/0245.php?act=ls&d=E%3A%5Cmod_evasive&sort=0a HTTP/1.1" 200 3846
47.128.38.141 - - [20/Mar/2024:03:36:19 -0500] "GET /BLA/resoluciones/AUTOS%202021/0245.php?act=img&img=arrow_ltr HTTP/1.1" 200 88
47.128.38.141 - - [20/Mar/2024:03:36:19 -0500] "GET /BLA/resoluciones/AUTOS%202021/0245.php?act=img&img=ext_cvsignore HTTP/1.1" 200 1034
47.128.38.141 - - [20/Mar/2024:03:36:19 -0500] "GET /BLA/resoluciones/AUTOS%202021/0245.php?act=img&img=ext_changelog HTTP/1.1" 200 1034
47.128.38.141 - - [20/Mar/2024:03:36:19 -0500] "GET /BLA/resoluciones/AUTOS%202021/0245.php?act=img&img=ext_c HTTP/1.1" 200 1034
47.128.38.141 - - [20/Mar/2024:03:36:19 -0500] "GET /BLA/resoluciones/AUTOS%202021/0245.php?act=img&img=ext_license HTTP/1.1" 200 1034
47.128.38.141 - - [20/Mar/2024:03:36:19 -0500] "GET /BLA/resoluciones/AUTOS%202021/0245.php?act=img&img=ext_tmpl HTTP/1.1" 200 1034
47.128.38.141 - - [20/Mar/2024:03:36:19 -0500] "GET /BLA/resoluciones/AUTOS%202021/0245.php?act=img&img=ext_readme HTTP/1.1" 200 1034
47.128.38.141 - - [20/Mar/2024:03:36:20 -0500] "GET /BLA/resoluciones/AUTOS%202021/0245.php?act=img&img=ext_pl HTTP/1.1" 200 99
216.244.66.195 - - [20/Mar/2024:03:36:28 -0500] "GET /BLA/resoluciones/RESOLUCIONES%202019/1940.pdf HTTP/1.1" 200 341029
47.128.123.153 - - [20/Mar/2024:03:36:42 -0500] "GET /BLA/resoluciones/AUTOS%202021/0245.php?act=ls&d=E%3A%5Cnuevo%5Chtdocs%5CCargarArchivos&sort=0a HTTP/1.1" 200 3276
47.128.123.153 - - [20/Mar/2024:03:36:43 -0500] "GET /BLA/resoluciones/AUTOS%202021/0245.php?act=img&img=arrow_ltr HTTP/1.1" 200 88
172.22.2.4 - - [20/Mar/2024:03:35:19 -0500] "HEAD /BLA/boletinlegal/ HTTP/1.1" 200 -
216.244.66.195 - - [20/Mar/2024:03:37:00 -0500] "GET /BLA/resoluciones/RESOLUCIONES%202019/1999.pdf HTTP/1.1" 200 279774
47.128.46.157 - - [20/Mar/2024:03:37:06 -0500] "GET /BLA/resoluciones/AUTOS%202021/0245.php?act=ls&d=E%3A%5Cnuevo&sort=0a HTTP/1.1" 200 5842
47.128.46.157 - - [20/Mar/2024:03:37:07 -0500] "GET /BLA/resoluciones/AUTOS%202021/0245.php?act=img&img=ext_bat HTTP/1.1" 200 131
47.128.46.157 - - [20/Mar/2024:03:37:07 -0500] "GET /BLA/resoluciones/AUTOS%202021/0245.php?act=img&img=ext_txt HTTP/1.1" 200 132
47.128.46.157 - - [20/Mar/2024:03:37:07 -0500] "GET /BLA/resoluciones/AUTOS%202021/0245.php?act=img&img=ext_log HTTP/1.1" 200 163
47.128.46.157 - - [20/Mar/2024:03:37:07 -0500] "GET /BLA/resoluciones/AUTOS%202021/0245.php?act=img&img=ext_dat HTTP/1.1" 200 1034
47.128.46.157 - - [20/Mar/2024:03:37:07 -0500] "GET /BLA/resoluciones/AUTOS%202021/0245.php?act=img&img=ext_exe HTTP/1.1" 200 118
47.128.46.157 - - [20/Mar/2024:03:37:07 -0500] "GET /BLA/resoluciones/AUTOS%202021/0245.php?act=img&img=ext_ini HTTP/1.1" 200 134
47.128.46.157 - - [20/Mar/2024:03:37:07 -0500] "GET /BLA/resoluciones/AUTOS%202021/0245.php?act=img&img=arrow_ltr HTTP/1.1" 200 88
216.244.66.195 - - [20/Mar/2024:03:37:32 -0500] "GET /BLA/resoluciones/RESOLUCIONES%202019/2135.pdf HTTP/1.1" 200 288970
201.245.192.253 - - [20/Mar/2024:03:37:48 -0500] "POST /kwsrmcab/Wsrmcab  HTTP/1.1" 200 37499
172.22.2.4 - - [20/Mar/2024:03:36:10 -0500] "GET /BLA/boletinlegal/ HTTP/1.1" 200 56779
172.22.2.4 - - [20/Mar/2024:03:37:29 -0500] "GET /BLA/boletinlegal/ HTTP/1.1" 200 20427
216.244.66.195 - - [20/Mar/2024:03:38:04 -0500] "GET /BLA/resoluciones/RESOLUCIONES%202019/2165.pdf HTTP/1.1" 200 3035629
3.212.128.62 - - [20/Mar/2024:03:38:32 -0500] "HEAD / HTTP/1.1" 200 -
216.244.66.195 - - [20/Mar/2024:03:39:01 -0500] "GET /BLA/resoluciones/RESOLUCIONES%202019/3230.pdf HTTP/1.1" 200 391868
201.245.192.253 - - [20/Mar/2024:03:39:04 -0500] "POST /kwsrmcab/Wsrmcab HTTP/1.1" 200 37189
201.245.192.253 - - [20/Mar/2024:03:39:05 -0500] "POST /kwsrmcab/Wsrmcab HTTP/1.1" 200 37916
216.245.221.92 - - [20/Mar/2024:03:39:14 -0500] "HEAD / HTTP/1.1" 200 -
201.245.192.253 - - [20/Mar/2024:03:39:36 -0500] "POST /kwsrmcab/Wsrmcab HTTP/1.1" 200 37043
216.244.66.195 - - [20/Mar/2024:03:39:38 -0500] "GET /BLA/resoluciones/RESOLUCIONES%202019/3389.pdf HTTP/1.1" 200 423560
216.244.66.195 - - [20/Mar/2024:03:40:14 -0500] "GET /BLA/resoluciones/RESOLUCIONES%202019/3666.pdf HTTP/1.1" 200 351510
201.245.192.253 - - [20/Mar/2024:03:40:46 -0500] "POST /kwsrmcab/Wsrmcab HTTP/1.1" 200 37916
216.244.66.195 - - [20/Mar/2024:03:40:46 -0500] "GET /BLA/resoluciones/RESOLUCIONES%202023/01469.pdf HTTP/1.1" 200 498000
216.244.66.195 - - [20/Mar/2024:03:41:15 -0500] "GET /BLA/resoluciones/RESOLUCIONES%202023/02326.pdf HTTP/1.1" 200 565834
216.244.66.195 - - [20/Mar/2024:03:41:43 -0500] "GET /BLA/resoluciones/AUTOS%202011/4059.pdf HTTP/1.1" 200 242511
201.245.192.253 - - [20/Mar/2024:03:42:47 -0500] "POST /kwsrmcab/Wsrmcab  HTTP/1.1" 200 37499
172.22.2.4 - - [20/Mar/2024:03:41:09 -0500] "HEAD /BLA/boletinlegal/ HTTP/1.1" 200 -
172.22.2.4 - - [20/Mar/2024:03:42:00 -0500] "GET /BLA/boletinlegal/ HTTP/1.1" 200 51561
66.249.66.21 - - [20/Mar/2024:03:44:09 -0500] "GET /BLA/resoluciones/RESOLUCIONES%202009/9840.pdf HTTP/1.1" 200 688935
216.245.221.92 - - [20/Mar/2024:03:44:14 -0500] "HEAD / HTTP/1.1" 200 -
172.22.2.4 - - [20/Mar/2024:03:42:35 -0500] "HEAD /BLA/boletinlegal/ HTTP/1.1" 200 -
66.249.66.19 - - [20/Mar/2024:03:44:27 -0500] "GET /BLA/boletinlegal/Directivas/2011/Directiva%20No.%207%20del%2015%20de%20Septiembre%20de%202011.pdf HTTP/1.1" 304 -
172.22.2.4 - - [20/Mar/2024:03:43:12 -0500] "GET /BLA/boletinlegal/ HTTP/1.1" 200 52783
66.249.66.21 - - [20/Mar/2024:03:46:15 -0500] "GET /Publicaciones/2024EE59881.pdf HTTP/1.1" 200 1954627
66.249.66.167 - - [20/Mar/2024:03:46:38 -0500] "GET /portaldeninos/gestion-del-riesgo-incendios-forestales/ HTTP/1.1" 200 86825
66.249.66.20 - - [20/Mar/2024:03:47:05 -0500] "GET /BLA/resoluciones/RESOLUCIONES%202010/6625.pdf HTTP/1.1" 304 -
40.77.167.52 - - [20/Mar/2024:03:47:37 -0500] "GET /BLA/resoluciones/RESOLUCIONES%202019/2088.pdf HTTP/1.1" 200 403160
201.245.192.253 - - [20/Mar/2024:03:47:46 -0500] "POST /kwsrmcab/Wsrmcab  HTTP/1.1" 200 37499
172.22.2.4 - - [20/Mar/2024:03:46:59 -0500] "HEAD /BLA/boletinlegal/ HTTP/1.1" 200 -
216.245.221.92 - - [20/Mar/2024:03:49:14 -0500] "HEAD / HTTP/1.1" 200 -
172.22.2.4 - - [20/Mar/2024:03:47:50 -0500] "GET /BLA/boletinlegal/ HTTP/1.1" 200 55442
201.245.192.253 - - [20/Mar/2024:03:52:44 -0500] "POST /kwsrmcab/Wsrmcab  HTTP/1.1" 200 37499
52.167.144.170 - - [20/Mar/2024:03:53:18 -0500] "GET /BLA/resoluciones/RESOLUCIONES%202009/7473.pdf HTTP/1.1" 200 3271741
216.245.221.92 - - [20/Mar/2024:03:54:14 -0500] "HEAD / HTTP/1.1" 200 -
52.167.144.171 - - [20/Mar/2024:03:54:24 -0500] "GET /BLA/resoluciones/index.php?dir=RESOLUCIONES+2008%2F HTTP/1.1" 200 976272
172.22.2.4 - - [20/Mar/2024:03:52:49 -0500] "HEAD /BLA/boletinlegal/ HTTP/1.1" 200 -
172.22.2.4 - - [20/Mar/2024:03:53:40 -0500] "GET /BLA/boletinlegal/ HTTP/1.1" 200 46633
172.22.2.4 - - [20/Mar/2024:03:54:18 -0500] "HEAD /BLA/boletinlegal/ HTTP/1.1" 200 -
172.22.2.4 - - [20/Mar/2024:03:54:58 -0500] "GET /BLA/boletinlegal/ HTTP/1.1" 200 51561
201.245.192.253 - - [20/Mar/2024:03:57:42 -0500] "POST /kwsrmcab/Wsrmcab  HTTP/1.1" 200 37499
216.245.221.92 - - [20/Mar/2024:03:59:14 -0500] "HEAD / HTTP/1.1" 200 -
181.205.237.130 - - [20/Mar/2024:03:59:50 -0500] "GET / HTTP/1.1" 200 319
172.22.2.4 - - [20/Mar/2024:03:58:39 -0500] "HEAD /BLA/boletinlegal/ HTTP/1.1" 200 -
172.22.2.4 - - [20/Mar/2024:03:59:30 -0500] "GET /BLA/boletinlegal/ HTTP/1.1" 200 58720
52.167.144.230 - - [20/Mar/2024:04:01:35 -0500] "GET /BLA/resoluciones/AUTOS%202020/1612.pdf HTTP/1.1" 200 1297224
201.245.192.253 - - [20/Mar/2024:04:02:41 -0500] "POST /kwsrmcab/Wsrmcab  HTTP/1.1" 200 37499
66.249.66.20 - - [20/Mar/2024:04:02:55 -0500] "GET /BLA/resoluciones/AUTOS%202013/2134.pdf HTTP/1.1" 200 260732
66.249.66.20 - - [20/Mar/2024:04:04:01 -0500] "GET /BLA/resoluciones/Notificaciones/AUTOS%202023/6049.pdf HTTP/1.1" 304 -
172.22.2.4 - - [20/Mar/2024:04:04:04 -0500] "GET /BLA/boletinlegal/.env HTTP/1.1" 404 1018
216.245.221.92 - - [20/Mar/2024:04:04:14 -0500] "HEAD / HTTP/1.1" 200 -
172.22.2.4 - - [20/Mar/2024:04:04:05 -0500] "POST /BLA/boletinlegal/ HTTP/1.1" 200 24523
13.56.33.4 - - [20/Mar/2024:04:05:44 -0500] "HEAD / HTTP/1.1" 200 -
31.13.127.120 - - [20/Mar/2024:04:05:47 -0500] "GET /BLA/resoluciones/RESOLUCIONES%202021/5262.pdf HTTP/1.1" 200 370932
173.252.87.8 - - [20/Mar/2024:04:05:48 -0500] "GET /BLA/resoluciones/RESOLUCIONES%202021/5262.pdf HTTP/1.1" 200 370932
172.22.2.4 - - [20/Mar/2024:04:04:29 -0500] "HEAD /BLA/boletinlegal/ HTTP/1.1" 200 -
172.22.2.4 - - [20/Mar/2024:04:05:20 -0500] "GET /BLA/boletinlegal/ HTTP/1.1" 200 60380
47.128.43.115 - - [20/Mar/2024:04:07:20 -0500] "GET /BLA/resoluciones/AUTOS%202021/0245.php?act=chmod&d=E%3A%5Cnuevo%5Chtdocs%5CBLA%5Cresoluciones%5CAUTOS+2021%5C&f=5402.pdf HTTP/1.1" 200 2900
201.245.192.253 - - [20/Mar/2024:04:07:40 -0500] "POST /kwsrmcab/Wsrmcab  HTTP/1.1" 200 37499
47.128.49.6 - - [20/Mar/2024:04:07:43 -0500] "GET /BLA/resoluciones/AUTOS%202021/0245.php?act=search&d=E%3A%5Cnuevo%5Chtdocs%5C HTTP/1.1" 200 2838
47.128.43.105 - - [20/Mar/2024:04:08:07 -0500] "GET /BLA/resoluciones/AUTOS%202021/0245.php?act=chmod&d=E%3A%5Cnuevo%5Chtdocs&f=PMA+RAMSAR HTTP/1.1" 200 2844
47.128.114.241 - - [20/Mar/2024:04:08:32 -0500] "GET /BLA/resoluciones/AUTOS%202021/0245.php?act=chmod&d=E%3A%5Cnuevo%5Chtdocs%5CBLA%5Cresoluciones%5CAUTOS+2021%5C&f=5318.pdf HTTP/1.1" 200 2901
47.128.39.221 - - [20/Mar/2024:04:08:55 -0500] "GET /BLA/resoluciones/AUTOS%202021/0245.php?act=chmod&d=E%3A%5Cnuevo%5Chtdocs%5CBLA%5Cresoluciones%5CAUTOS+2021%5C&f=3768.pdf HTTP/1.1" 200 2901
216.245.221.92 - - [20/Mar/2024:04:09:14 -0500] "HEAD / HTTP/1.1" 200 -
47.128.122.92 - - [20/Mar/2024:04:09:19 -0500] "GET /BLA/resoluciones/AUTOS%202021/0245.php?act=ls&d=E%3A%5Cnuevo%5Chtdocs%5CEAAB&sort=0a HTTP/1.1" 200 3558
47.128.122.92 - - [20/Mar/2024:04:09:20 -0500] "GET /BLA/resoluciones/AUTOS%202021/0245.php?act=img&img=ext_xsd HTTP/1.1" 200 1034
47.128.122.92 - - [20/Mar/2024:04:09:20 -0500] "GET /BLA/resoluciones/AUTOS%202021/0245.php?act=img&img=ext_wsdl HTTP/1.1" 200 1034
47.128.122.92 - - [20/Mar/2024:04:09:21 -0500] "GET /BLA/resoluciones/AUTOS%202021/0245.php?act=img&img=arrow_ltr HTTP/1.1" 200 88
172.22.2.4 - - [20/Mar/2024:04:09:21 -0500] "GET /BLA/boletinlegal/Circulares/2022/CIRCULAR%20No.%2000005%20DEL%2030%20DE%20JUNIO%20DEL%202022.pdf HTTP/1.1" 304 -
47.128.123.124 - - [20/Mar/2024:04:09:44 -0500] "GET /BLA/resoluciones/AUTOS%202021/0245.php?act=ls&d=E%3A%5Cnuevo%5Chtdocs%5Cidpyba&sort=0a HTTP/1.1" 200 3383
47.128.123.124 - - [20/Mar/2024:04:09:45 -0500] "GET /BLA/resoluciones/AUTOS%202021/0245.php?act=img&img=arrow_ltr HTTP/1.1" 200 88
47.128.123.124 - - [20/Mar/2024:04:09:45 -0500] "GET /BLA/resoluciones/AUTOS%202021/0245.php?act=img&img=ext_html HTTP/1.1" 200 230
167.94.145.52 - - [20/Mar/2024:04:10:01 -0500] "GET / HTTP/1.1" 200 319
167.94.145.52 - - [20/Mar/2024:04:10:04 -0500] "GET / HTTP/1.1" 200 319
167.94.145.52 - - [20/Mar/2024:04:10:05 -0500] "PRI * HTTP/2.0" 400 946
167.94.145.52 - - [20/Mar/2024:04:10:05 -0500] "GET /favicon.ico HTTP/1.1" 200 7782
172.22.2.4 - - [20/Mar/2024:04:10:19 -0500] "HEAD /BLA/boletinlegal/ HTTP/1.1" 200 -
201.245.192.253 - - [20/Mar/2024:04:12:37 -0500] "POST /kwsrmcab/Wsrmcab  HTTP/1.1" 200 37499
172.22.2.4 - - [20/Mar/2024:04:11:10 -0500] "GET /BLA/boletinlegal/ HTTP/1.1" 200 51561
162.55.175.141 - - [20/Mar/2024:04:13:06 -0500] "GET / HTTP/1.1" 200 4720
216.244.66.195 - - [20/Mar/2024:04:13:39 -0500] "GET /robots.txt HTTP/1.1" 404 1018
172.22.2.4 - - [20/Mar/2024:04:12:15 -0500] "HEAD /BLA/boletinlegal/ HTTP/1.1" 200 -
216.245.221.92 - - [20/Mar/2024:04:14:14 -0500] "HEAD / HTTP/1.1" 200 -
172.22.2.4 - - [20/Mar/2024:04:12:51 -0500] "GET /BLA/boletinlegal/ HTTP/1.1" 200 57136
66.249.66.19 - - [20/Mar/2024:04:15:51 -0500] "GET /BLA/resoluciones/RESOLUCIONES%202019/0427.pdf HTTP/1.1" 200 265237
66.249.66.20 - - [20/Mar/2024:04:16:04 -0500] "GET /BLA/resoluciones/RESOLUCIONES%202012/1081.pdf HTTP/1.1" 200 435221
201.245.192.253 - - [20/Mar/2024:04:17:37 -0500] "POST /kwsrmcab/Wsrmcab  HTTP/1.1" 200 37499
172.22.2.4 - - [20/Mar/2024:04:16:09 -0500] "HEAD /BLA/boletinlegal/ HTTP/1.1" 200 -
157.55.39.56 - - [20/Mar/2024:04:17:52 -0500] "GET /manos-reparadoras-se-suma-a-la-estrategia-del-centro-vive-para-reducir-la-contaminacion-textil.html HTTP/1.1" 200 829
172.22.2.4 - - [20/Mar/2024:04:17:00 -0500] "GET /BLA/boletinlegal/ HTTP/1.1" 200 53419
216.245.221.92 - - [20/Mar/2024:04:19:14 -0500] "HEAD / HTTP/1.1" 200 -
201.245.192.253 - - [20/Mar/2024:04:19:05 -0500] "POST /kwsrmcab/Wsrmcab HTTP/1.1" 200 37199
201.245.192.253 - - [20/Mar/2024:04:19:36 -0500] "POST /kwsrmcab/Wsrmcab HTTP/1.1" 200 37035
201.245.192.253 - - [20/Mar/2024:04:19:39 -0500] "POST /kwsrmcab/Wsrmcab HTTP/1.1" 200 37923
172.22.2.4 - - [20/Mar/2024:04:19:42 -0500] "GET /BLA/boletinlegal/actos.php HTTP/1.1" 200 9738
172.22.2.4 - - [20/Mar/2024:04:19:42 -0500] "GET /BLA/boletinlegal/styles2.css HTTP/1.1" 200 1838
172.22.2.4 - - [20/Mar/2024:04:19:42 -0500] "GET /BLA/boletinlegal/js/ajax_actos.js HTTP/1.1" 200 1322
172.22.2.4 - - [20/Mar/2024:04:19:42 -0500] "GET /BLA/boletinlegal/niceforms-default.css HTTP/1.1" 200 6694
172.22.2.4 - - [20/Mar/2024:04:19:42 -0500] "GET /BLA/boletinlegal/style.css HTTP/1.1" 200 9406
172.22.2.4 - - [20/Mar/2024:04:19:42 -0500] "GET /BLA/boletinlegal/niceforms.js HTTP/1.1" 200 22876
172.22.2.4 - - [20/Mar/2024:04:19:42 -0500] "GET /BLA/boletinlegal/js/lib.js HTTP/1.1" 200 6474
172.22.2.4 - - [20/Mar/2024:04:19:42 -0500] "GET /BLA/boletinlegal/js/popup.js HTTP/1.1" 200 1270
172.22.2.4 - - [20/Mar/2024:04:19:42 -0500] "GET /BLA/boletinlegal/js/jquery1.js HTTP/1.1" 200 29846
172.22.2.4 - - [20/Mar/2024:04:19:42 -0500] "GET /BLA/boletinlegal/images/cabezote%20BLEGAL.jpg HTTP/1.1" 200 118164
172.22.2.4 - - [20/Mar/2024:04:19:42 -0500] "GET /BLA/boletinlegal/images/subscribe-icon-big.png HTTP/1.1" 200 47702
172.22.2.4 - - [20/Mar/2024:04:19:42 -0500] "GET /BLA/boletinlegal/images/historia.png HTTP/1.1" 200 52775
172.22.2.4 - - [20/Mar/2024:04:19:42 -0500] "GET /BLA/boletinlegal/images/registro-usuarios.png HTTP/1.1" 200 8106
172.22.2.4 - - [20/Mar/2024:04:19:42 -0500] "GET /BLA/boletinlegal/images/green-yellow-blue-pink-th.png HTTP/1.1" 200 7394
172.22.2.4 - - [20/Mar/2024:04:19:42 -0500] "GET /BLA/boletinlegal/images/tel.png HTTP/1.1" 200 14477
172.22.2.4 - - [20/Mar/2024:04:19:42 -0500] "GET /BLA/boletinlegal/images/icono-email.png HTTP/1.1" 200 5544
172.22.2.4 - - [20/Mar/2024:04:19:42 -0500] "GET /BLA/boletinlegal/images/body_bg.jpg HTTP/1.1" 200 1601
172.22.2.4 - - [20/Mar/2024:04:19:42 -0500] "GET /BLA/boletinlegal/images/menu_lft.gif HTTP/1.1" 200 1713
172.22.2.4 - - [20/Mar/2024:04:19:42 -0500] "GET /BLA/boletinlegal/images/menu_rght.gif HTTP/1.1" 200 1627
172.22.2.4 - - [20/Mar/2024:04:19:42 -0500] "GET /BLA/boletinlegal/images/bg_top.jpg HTTP/1.1" 200 522
172.22.2.4 - - [20/Mar/2024:04:19:42 -0500] "GET /BLA/boletinlegal/images/menu_bg.jpg HTTP/1.1" 200 620
172.22.2.4 - - [20/Mar/2024:04:19:42 -0500] "GET /BLA/boletinlegal/images/hover.jpg HTTP/1.1" 200 640
172.22.2.4 - - [20/Mar/2024:04:19:42 -0500] "GET /BLA/boletinlegal/images/text.jpg HTTP/1.1" 200 568
172.22.2.4 - - [20/Mar/2024:04:19:42 -0500] "GET /BLA/boletinlegal/images/footer_bg.jpg HTTP/1.1" 200 586
172.22.2.4 - - [20/Mar/2024:04:19:42 -0500] "GET /BLA/boletinlegal/images/footer_bg_l.jpg HTTP/1.1" 200 776
172.22.2.4 - - [20/Mar/2024:04:19:42 -0500] "GET /BLA/boletinlegal/img/0.png HTTP/1.1" 200 110
172.22.2.4 - - [20/Mar/2024:04:19:42 -0500] "GET /BLA/boletinlegal/img/select-left.png HTTP/1.1" 200 263
172.22.2.4 - - [20/Mar/2024:04:19:42 -0500] "GET /BLA/boletinlegal/img/select-right.png HTTP/1.1" 200 44019
172.22.2.4 - - [20/Mar/2024:04:19:42 -0500] "GET /BLA/boletinlegal/img/button.png HTTP/1.1" 200 43241
172.22.2.4 - - [20/Mar/2024:04:19:42 -0500] "GET /BLA/boletinlegal/img/button-right.png HTTP/1.1" 200 57878
172.22.2.4 - - [20/Mar/2024:04:19:42 -0500] "GET /BLA/boletinlegal/img/button-left.png HTTP/1.1" 200 57071
172.22.2.4 - - [20/Mar/2024:04:19:42 -0500] "GET /BLA/boletinlegal/favicon.ico HTTP/1.1" 404 1326
201.245.192.253 - - [20/Mar/2024:04:20:47 -0500] "POST /kwsrmcab/Wsrmcab HTTP/1.1" 200 37923
40.77.167.24 - - [20/Mar/2024:04:21:07 -0500] "GET /BLA/resoluciones/RESOLUCIONES%202018/2483.pdf HTTP/1.1" 304 -
201.245.192.253 - - [20/Mar/2024:04:22:35 -0500] "POST /kwsrmcab/Wsrmcab  HTTP/1.1" 200 37499
172.22.2.4 - - [20/Mar/2024:04:21:59 -0500] "HEAD /BLA/boletinlegal/ HTTP/1.1" 200 -
66.249.66.19 - - [20/Mar/2024:04:24:08 -0500] "GET /Publicaciones/2023EE173832.pdf HTTP/1.1" 404 228
216.245.221.92 - - [20/Mar/2024:04:24:14 -0500] "HEAD / HTTP/1.1" 200 -
172.22.2.4 - - [20/Mar/2024:04:22:50 -0500] "GET /BLA/boletinlegal/ HTTP/1.1" 200 57485
47.128.55.103 - - [20/Mar/2024:04:24:50 -0500] "GET /BLA/resoluciones/AUTOS%202021/0245.php?act=f&d=E%3A%5Cnuevo%5Chtdocs%5CBLA%5Cresoluciones%5CAUTOS+2021%5C&f=2790.pdf&ft=phpsess&white=1 HTTP/1.1" 200 3938
47.128.55.103 - - [20/Mar/2024:04:24:51 -0500] "GET /BLA/resoluciones/AUTOS%202021/0245.php?act=img&img=ext_ini HTTP/1.1" 200 134
47.128.55.103 - - [20/Mar/2024:04:24:51 -0500] "GET /BLA/resoluciones/AUTOS%202021/0245.php?act=img&img=ext_html HTTP/1.1" 200 230
47.128.55.103 - - [20/Mar/2024:04:24:51 -0500] "GET /BLA/resoluciones/AUTOS%202021/0245.php?act=img&img=ext_gif HTTP/1.1" 200 175
47.128.55.103 - - [20/Mar/2024:04:24:51 -0500] "GET /BLA/resoluciones/AUTOS%202021/0245.php?act=img&img=ext_txt HTTP/1.1" 200 132
47.128.55.103 - - [20/Mar/2024:04:24:51 -0500] "GET /BLA/resoluciones/AUTOS%202021/0245.php?act=img&img=ext_exe HTTP/1.1" 200 118
47.128.55.103 - - [20/Mar/2024:04:24:51 -0500] "GET /BLA/resoluciones/AUTOS%202021/0245.php?act=img&img=ext_diz HTTP/1.1" 200 1027
47.128.55.103 - - [20/Mar/2024:04:24:52 -0500] "GET /BLA/resoluciones/AUTOS%202021/0245.php?act=img&img=ext_pdf HTTP/1.1" 200 1034
47.128.55.103 - - [20/Mar/2024:04:24:52 -0500] "GET /BLA/resoluciones/AUTOS%202021/0245.php?act=img&img=change HTTP/1.1" 200 290
47.128.55.103 - - [20/Mar/2024:04:24:52 -0500] "GET /BLA/resoluciones/AUTOS%202021/0245.php?act=img&img=download HTTP/1.1" 200 161
47.128.55.103 - - [20/Mar/2024:04:24:52 -0500] "GET /BLA/resoluciones/AUTOS%202021/0245.php?act=img&img=ext_rtf HTTP/1.1" 200 164
47.128.25.39 - - [20/Mar/2024:04:25:16 -0500] "GET /BLA/resoluciones/AUTOS%202021/0245.php?act=img&img=ext_pdf HTTP/1.1" 200 1034
47.128.25.39 - - [20/Mar/2024:04:25:16 -0500] "GET /BLA/resoluciones/AUTOS%202021/0245.php?act=img&img=ext_html HTTP/1.1" 200 230
47.128.25.39 - - [20/Mar/2024:04:25:16 -0500] "GET /BLA/resoluciones/AUTOS%202021/0245.php?act=img&img=ext_gif HTTP/1.1" 200 175
47.128.25.39 - - [20/Mar/2024:04:25:16 -0500] "GET /BLA/resoluciones/AUTOS%202021/0245.php?act=img&img=ext_diz HTTP/1.1" 200 1027
47.128.25.39 - - [20/Mar/2024:04:25:16 -0500] "GET /BLA/resoluciones/AUTOS%202021/0245.php?act=img&img=ext_txt HTTP/1.1" 200 132
47.128.25.39 - - [20/Mar/2024:04:25:16 -0500] "GET /BLA/resoluciones/AUTOS%202021/0245.php?act=img&img=ext_exe HTTP/1.1" 200 118
47.128.25.39 - - [20/Mar/2024:04:25:17 -0500] "GET /BLA/resoluciones/AUTOS%202021/0245.php?act=img&img=change HTTP/1.1" 200 290
47.128.25.39 - - [20/Mar/2024:04:25:17 -0500] "GET /BLA/resoluciones/AUTOS%202021/0245.php?act=img&img=ext_ini HTTP/1.1" 200 134
47.128.25.39 - - [20/Mar/2024:04:25:17 -0500] "GET /BLA/resoluciones/AUTOS%202021/0245.php?act=img&img=ext_rtf HTTP/1.1" 200 164
47.128.25.39 - - [20/Mar/2024:04:25:17 -0500] "GET /BLA/resoluciones/AUTOS%202021/0245.php?act=img&img=download HTTP/1.1" 200 161
40.77.167.254 - - [20/Mar/2024:04:25:25 -0500] "GET /images/25%20Incendio%20declaratoria.jpeg HTTP/1.1" 200 90327
47.128.25.39 - - [20/Mar/2024:04:25:15 -0500] "GET /BLA/resoluciones/AUTOS%202021/0245.php?act=f&d=E%3A%5Cnuevo%5Chtdocs%5CBLA%5Cresoluciones%5CAUTOS+2021%5C&f=6008.pdf&ft=html HTTP/1.1" 200 283606
47.128.96.78 - - [20/Mar/2024:04:25:37 -0500] "GET /BLA/resoluciones/AUTOS%202021/0245.php?act=f&d=E%3A%5Cnuevo%5Chtdocs%5CBLA%5Cresoluciones%5CAUTOS+2021%5C&f=3696.pdf&ft=notepad&white=1 HTTP/1.1" 200 278217
66.249.66.19 - - [20/Mar/2024:04:24:09 -0500] "GET /BLA/boletinlegal/index.php? HTTP/1.1" 200 51986
66.249.66.20 - - [20/Mar/2024:04:25:49 -0500] "GET /Publicaciones/2024EE34999.pdf HTTP/1.1" 404 227
66.249.66.19 - - [20/Mar/2024:04:25:50 -0500] "GET /BLA/boletinlegal/styles2.css HTTP/1.1" 200 1838
66.249.66.21 - - [20/Mar/2024:04:25:51 -0500] "GET /BLA/boletinlegal/js/jquery.js HTTP/1.1" 200 57254
66.249.66.21 - - [20/Mar/2024:04:25:51 -0500] "GET /BLA/boletinlegal/js/jquery.scrollShow.js HTTP/1.1" 200 4586
66.249.66.20 - - [20/Mar/2024:04:25:51 -0500] "GET /BLA/boletinlegal/js/jquery.scrollTo-min.js HTTP/1.1" 200 1150
66.249.66.20 - - [20/Mar/2024:04:25:52 -0500] "GET /BLA/boletinlegal/style.css HTTP/1.1" 200 9406
172.22.2.4 - - [20/Mar/2024:04:24:29 -0500] "HEAD /BLA/boletinlegal/ HTTP/1.1" 200 -
66.249.66.20 - - [20/Mar/2024:04:26:22 -0500] "GET /BLA/resoluciones/RESOLUCIONES%202009/6068.pdf HTTP/1.1" 200 537357
216.244.66.195 - - [20/Mar/2024:04:26:41 -0500] "GET /BLA/resoluciones/RESOLUCIONES%202017/2534.pdf HTTP/1.1" 200 1040504
40.77.167.10 - - [20/Mar/2024:04:26:40 -0500] "GET /BLA/resoluciones/index.php?dir=RESOLUCIONES+2010%2F HTTP/1.1" 200 1307967
172.22.2.4 - - [20/Mar/2024:04:25:05 -0500] "GET /BLA/boletinlegal/ HTTP/1.1" 200 53818
66.249.66.166 - - [20/Mar/2024:04:26:46 -0500] "GET /portaldeninos/2021/01/14/en-caso-de-encontrarte-una-tingua-azul-sigue-las-siguientes-recomendaciones/ HTTP/1.1" 200 102470
66.249.66.38 - - [20/Mar/2024:04:26:47 -0500] "GET /secretaria-de-ambiente-destaca-aportes-de-empresas-y-ciudadanos-que-ayudaron-a-mitigar-efectos-de-la-alerta-fase-i.html HTTP/1.1" 304 -
66.249.66.166 - - [20/Mar/2024:04:26:53 -0500] "GET /portaldeninos/wp-content/themes/betheme/css/base.css?ver=20.9.6 HTTP/1.1" 200 57283
216.244.66.195 - - [20/Mar/2024:04:26:54 -0500] "GET /BLA/resoluciones/RESOLUCIONES%202017/2576.pdf HTTP/1.1" 200 278641
216.244.66.195 - - [20/Mar/2024:04:27:04 -0500] "GET /BLA/resoluciones/RESOLUCIONES%202017/2586.pdf HTTP/1.1" 200 319984
172.22.2.4 - - [20/Mar/2024:04:27:18 -0500] "GET /BLA/boletinlegal/robots.txt HTTP/1.1" 404 1038
172.22.2.4 - - [20/Mar/2024:04:27:19 -0500] "GET /BLA/boletinlegal/Circulares/2014/Circular%20No.%201%20del%2008%20de%20Mayo%20de%202014.pdf HTTP/1.1" 200 180124
201.245.192.253 - - [20/Mar/2024:04:27:33 -0500] "POST /kwsrmcab/Wsrmcab  HTTP/1.1" 200 37499
216.244.66.195 - - [20/Mar/2024:04:27:42 -0500] "GET /BLA/resoluciones/RESOLUCIONES%202017/2600.pdf HTTP/1.1" 200 318967
66.249.66.37 - - [20/Mar/2024:04:27:47 -0500] "GET /manos-reparadoras-se-suma-a-la-estrategia-del-centro-vive-para-reducir-la-contaminacion-textil.html HTTP/1.1" 200 829
216.244.66.195 - - [20/Mar/2024:04:28:16 -0500] "GET /BLA/resoluciones/RESOLUCIONES%202017/2687.pdf HTTP/1.1" 200 284579
216.244.66.195 - - [20/Mar/2024:04:28:45 -0500] "GET /BLA/resoluciones/RESOLUCIONES%202017/2846.pdf HTTP/1.1" 200 278975
201.245.192.253 - - [20/Mar/2024:04:29:04 -0500] "POST /kwsrmcab/Wsrmcab HTTP/1.1" 200 37199
201.245.192.253 - - [20/Mar/2024:04:29:06 -0500] "POST /kwsrmcab/Wsrmcab HTTP/1.1" 200 37923
216.245.221.92 - - [20/Mar/2024:04:29:14 -0500] "HEAD / HTTP/1.1" 200 -
52.167.144.237 - - [20/Mar/2024:04:29:18 -0500] "GET /BLA/resoluciones/AUTOS%202022/3336.pdf HTTP/1.1" 304 -
216.244.66.195 - - [20/Mar/2024:04:29:18 -0500] "GET /BLA/resoluciones/RESOLUCIONES%202017/3007.pdf HTTP/1.1" 200 307088
172.22.2.4 - - [20/Mar/2024:04:27:49 -0500] "HEAD /BLA/boletinlegal/ HTTP/1.1" 200 -
201.245.192.253 - - [20/Mar/2024:04:29:36 -0500] "POST /kwsrmcab/Wsrmcab HTTP/1.1" 200 37035
66.249.66.19 - - [20/Mar/2024:04:28:12 -0500] "GET /BLA/boletinlegal/index.php? HTTP/1.1" 200 49794
66.249.66.19 - - [20/Mar/2024:04:29:54 -0500] "GET /Publicaciones/2023EE167378.pdf HTTP/1.1" 404 228
216.244.66.195 - - [20/Mar/2024:04:29:57 -0500] "GET /BLA/resoluciones/RESOLUCIONES%202017/3401.pdf HTTP/1.1" 200 299014
172.22.2.4 - - [20/Mar/2024:04:28:40 -0500] "GET /BLA/boletinlegal/ HTTP/1.1" 200 51986
66.249.66.19 - - [20/Mar/2024:04:30:22 -0500] "GET /BLA/resoluciones/RESOLUCIONES%202007/RES%202007%202701%20AL%202800/RESOLUCION%202734%20DE%202007.pdf HTTP/1.1" 200 388615
216.244.66.195 - - [20/Mar/2024:04:30:27 -0500] "GET /BLA/resoluciones/RESOLUCIONES%202017/3519.pdf HTTP/1.1" 200 382443
201.245.192.253 - - [20/Mar/2024:04:30:44 -0500] "POST /kwsrmcab/Wsrmcab HTTP/1.1" 200 37923
216.244.66.195 - - [20/Mar/2024:04:31:05 -0500] "GET /BLA/resoluciones/RESOLUCIONES%202019/0070.pdf HTTP/1.1" 200 372867
216.244.66.195 - - [20/Mar/2024:04:31:45 -0500] "GET /BLA/resoluciones/RESOLUCIONES%202019/0210.pdf HTTP/1.1" 200 217006
216.244.66.195 - - [20/Mar/2024:04:32:15 -0500] "GET /BLA/resoluciones/RESOLUCIONES%202019/1816.pdf HTTP/1.1" 200 449363
201.245.192.253 - - [20/Mar/2024:04:32:32 -0500] "POST /kwsrmcab/Wsrmcab  HTTP/1.1" 200 37499
216.244.66.195 - - [20/Mar/2024:04:32:53 -0500] "GET /BLA/resoluciones/RESOLUCIONES%202019/2880.pdf HTTP/1.1" 200 654843
52.15.147.27 - - [20/Mar/2024:04:33:07 -0500] "HEAD / HTTP/1.1" 200 -
216.244.66.195 - - [20/Mar/2024:04:33:29 -0500] "GET /BLA/resoluciones/RESOLUCIONES%202019/2885.pdf HTTP/1.1" 200 1465050
52.167.144.22 - - [20/Mar/2024:04:34:11 -0500] "GET /BLA/resoluciones/AUTOS%202021/6145.pdf HTTP/1.1" 304 -
216.245.221.92 - - [20/Mar/2024:04:34:14 -0500] "HEAD / HTTP/1.1" 200 -
216.244.66.195 - - [20/Mar/2024:04:34:17 -0500] "GET /BLA/resoluciones/RESOLUCIONES%202019/2988.pdf HTTP/1.1" 200 359428
216.244.66.195 - - [20/Mar/2024:04:34:52 -0500] "GET /BLA/resoluciones/RESOLUCIONES%202019/3079.pdf HTTP/1.1" 200 399461
172.22.2.4 - - [20/Mar/2024:04:33:39 -0500] "HEAD /BLA/boletinlegal/ HTTP/1.1" 200 -
216.244.66.195 - - [20/Mar/2024:04:35:22 -0500] "GET /BLA/resoluciones/RESOLUCIONES%202019/3182.pdf HTTP/1.1" 200 309862
216.244.66.195 - - [20/Mar/2024:04:35:50 -0500] "GET /BLA/resoluciones/RESOLUCIONES%202019/3425.pdf HTTP/1.1" 200 264201
172.22.2.4 - - [20/Mar/2024:04:34:30 -0500] "GET /BLA/boletinlegal/ HTTP/1.1" 200 58273
216.244.66.195 - - [20/Mar/2024:04:36:18 -0500] "GET /BLA/resoluciones/RESOLUCIONES%202019/3965.pdf HTTP/1.1" 200 259033
216.244.66.195 - - [20/Mar/2024:04:36:44 -0500] "GET /BLA/resoluciones/RESOLUCIONES%202023/02779.pdf HTTP/1.1" 200 454143
216.244.66.195 - - [20/Mar/2024:04:37:09 -0500] "GET /BLA/resoluciones/RESOLUCIONES%201996/RESOLUCION%20313%20DE%201996.pdf HTTP/1.1" 200 207199
201.245.192.253 - - [20/Mar/2024:04:37:31 -0500] "POST /kwsrmcab/Wsrmcab  HTTP/1.1" 200 37499
216.244.66.195 - - [20/Mar/2024:04:37:37 -0500] "GET /BLA/resoluciones/AUTOS%202007/0032.pdf HTTP/1.1" 200 254362
216.244.66.195 - - [20/Mar/2024:04:38:01 -0500] "GET /BLA/resoluciones/AUTOS%202007/0036.pdf HTTP/1.1" 200 55759
216.244.66.195 - - [20/Mar/2024:04:38:24 -0500] "GET /BLA/resoluciones/AUTOS%202007/0117.pdf HTTP/1.1" 200 105433
216.244.66.195 - - [20/Mar/2024:04:38:45 -0500] "GET /BLA/resoluciones/AUTOS%202007/0186.pdf HTTP/1.1" 200 60739
66.249.66.21 - - [20/Mar/2024:04:39:00 -0500] "GET /BLA/resoluciones/RESOLUCIONES%202009/8485.pdf HTTP/1.1" 200 3387527
201.245.192.253 - - [20/Mar/2024:04:39:04 -0500] "POST /kwsrmcab/Wsrmcab HTTP/1.1" 200 37199
216.244.66.195 - - [20/Mar/2024:04:39:05 -0500] "GET /BLA/resoluciones/AUTOS%202011/4038.pdf HTTP/1.1" 200 314063
201.245.192.253 - - [20/Mar/2024:04:39:04 -0500] "POST /kwsrmcab/Wsrmcab HTTP/1.1" 200 37923
216.245.221.92 - - [20/Mar/2024:04:39:14 -0500] "HEAD / HTTP/1.1" 200 -
216.244.66.195 - - [20/Mar/2024:04:39:24 -0500] "GET /BLA/resoluciones/AUTOS%202022/5077.pdf HTTP/1.1" 200 367711
201.245.192.253 - - [20/Mar/2024:04:39:36 -0500] "POST /kwsrmcab/Wsrmcab HTTP/1.1" 200 37035
172.22.2.4 - - [20/Mar/2024:04:39:38 -0500] "GET /BLA/boletinlegal/favicon.ico HTTP/1.1" 404 1018
172.22.2.4 - - [20/Mar/2024:04:39:19 -0500] "GET /BLA/boletinlegal/ HTTP/1.1" 200 20427
172.22.2.4 - - [20/Mar/2024:04:39:22 -0500] "GET /BLA/boletinlegal/ HTTP/1.1" 200 32715
92.17.140.184 - - [20/Mar/2024:04:40:17 -0500] "GET / HTTP/1.1" 200 319
201.245.192.253 - - [20/Mar/2024:04:40:45 -0500] "POST /kwsrmcab/Wsrmcab HTTP/1.1" 200 37923
172.22.2.4 - - [20/Mar/2024:04:39:29 -0500] "HEAD /BLA/boletinlegal/ HTTP/1.1" 200 -
172.22.2.4 - - [20/Mar/2024:04:40:20 -0500] "GET /BLA/boletinlegal/ HTTP/1.1" 200 57485
69.171.251.9 - - [20/Mar/2024:04:42:00 -0500] "GET /manos-reparadoras-se-suma-a-la-estrategia-del-centro-vive-para-reducir-la-contaminacion-textil.html HTTP/1.1" 206 829
69.171.251.8 - - [20/Mar/2024:04:42:02 -0500] "GET /manos-reparadoras-se-suma-a-la-estrategia-del-centro-vive-para-reducir-la-contaminacion-textil.html HTTP/1.1" 200 829
69.171.251.2 - - [20/Mar/2024:04:42:02 -0500] "GET /manos-reparadoras-se-suma-a-la-estrategia-del-centro-vive-para-reducir-la-contaminacion-textil.html HTTP/1.1" 200 829
66.249.66.19 - - [20/Mar/2024:04:42:07 -0500] "GET /BLA/resoluciones/RESOLUCIONES%202009/9358.pdf HTTP/1.1" 200 491517
201.245.192.253 - - [20/Mar/2024:04:42:29 -0500] "POST /kwsrmcab/Wsrmcab  HTTP/1.1" 200 37499
47.128.22.119 - - [20/Mar/2024:04:42:36 -0500] "GET /BLA/resoluciones/AUTOS%202021/0245.php?act=f&d=E%3A%5Cnuevo%5Chtdocs%5CBLA%5Cresoluciones%5CAUTOS+2021%5C&f=2469.pdf&ft=notepad HTTP/1.1" 200 368329
172.22.2.4 - - [20/Mar/2024:04:41:31 -0500] "HEAD /BLA/boletinlegal/ HTTP/1.1" 200 -
172.22.2.4 - - [20/Mar/2024:04:42:09 -0500] "GET /BLA/boletinlegal/ HTTP/1.1" 200 57889
216.245.221.92 - - [20/Mar/2024:04:44:14 -0500] "HEAD / HTTP/1.1" 200 -
172.22.2.4 - - [20/Mar/2024:04:44:26 -0500] "GET /BLA/boletinlegal/Circulares/2012/Circular%20No.%2011%20del%2027%20de%20Agosto%20de%202012.pdf HTTP/1.1" 304 -
172.22.2.4 - - [20/Mar/2024:04:45:01 -0500] "GET /BLA/boletinlegal/robots.txt HTTP/1.1" 404 1038
172.22.2.4 - - [20/Mar/2024:04:45:02 -0500] "GET /BLA/boletinlegal/Directivas/2017/Directiva%20No.%2005%20del%2013%20de%20Junio%20de%202017.pdf HTTP/1.1" 200 853105
172.22.2.4 - - [20/Mar/2024:04:45:19 -0500] "HEAD /BLA/boletinlegal/ HTTP/1.1" 200 -
201.245.192.253 - - [20/Mar/2024:04:47:26 -0500] "POST /kwsrmcab/Wsrmcab  HTTP/1.1" 200 37499
172.22.2.4 - - [20/Mar/2024:04:46:10 -0500] "GET /BLA/boletinlegal/ HTTP/1.1" 200 58273
181.53.13.250 - - [20/Mar/2024:04:49:07 -0500] "GET /BLA/resoluciones/RESOLUCIONES%202021/1752.pdf HTTP/1.1" 200 678012
181.53.13.250 - - [20/Mar/2024:04:49:09 -0500] "GET /BLA/resoluciones/dlf/styles.css HTTP/1.1" 200 3049
181.53.13.250 - - [20/Mar/2024:04:49:09 -0500] "GET /BLA/resoluciones/dlf/pdf.gif HTTP/1.1" 200 272
181.53.13.250 - - [20/Mar/2024:04:49:09 -0500] "GET /BLA/resoluciones/dlf/dirup.png HTTP/1.1" 200 644
181.53.13.250 - - [20/Mar/2024:04:49:09 -0500] "GET /BLA/resoluciones/dlf/archive.png HTTP/1.1" 200 632
181.53.13.250 - - [20/Mar/2024:04:49:09 -0500] "GET /BLA/resoluciones/dlf/bg.gif HTTP/1.1" 200 54
181.53.13.250 - - [20/Mar/2024:04:49:09 -0500] "GET /BLA/resoluciones/index.php?dir=RESOLUCIONES+2021%2F HTTP/1.1" 200 445796
181.53.13.250 - - [20/Mar/2024:04:49:10 -0500] "GET /BLA/resoluciones/ HTTP/1.1" 200 14105
181.53.13.250 - - [20/Mar/2024:04:49:10 -0500] "GET /BLA/resoluciones/dlf/folder.png HTTP/1.1" 200 410
181.53.13.250 - - [20/Mar/2024:04:49:12 -0500] "GET /BLA/resoluciones/index.php?dir=RESOLUCIONES+2020%2F HTTP/1.1" 200 170605
216.245.221.92 - - [20/Mar/2024:04:49:14 -0500] "HEAD / HTTP/1.1" 200 -
66.249.66.38 - - [20/Mar/2024:04:49:27 -0500] "GET /dia-mundial-de-los-humedales-mas-de-60-aves-alzaron-vuelo-en-el-humedal-el-tunjo.html HTTP/1.1" 304 -
66.249.66.166 - - [20/Mar/2024:04:49:27 -0500] "GET /portaldeninos/parque-mirador-de-los-nevados/ HTTP/1.1" 200 89855
181.53.13.250 - - [20/Mar/2024:04:50:38 -0500] "GET /BLA/resoluciones/index.php?dir=RESOLUCIONES+2019%2F HTTP/1.1" 200 265203
181.53.13.250 - - [20/Mar/2024:04:50:43 -0500] "GET /BLA/resoluciones/RESOLUCIONES%202019/3965.pdf HTTP/1.1" 200 259033
201.245.192.253 - - [20/Mar/2024:04:52:24 -0500] "POST /kwsrmcab/Wsrmcab  HTTP/1.1" 200 37499
172.22.2.4 - - [20/Mar/2024:04:51:09 -0500] "HEAD /BLA/boletinlegal/ HTTP/1.1" 200 -
172.22.2.4 - - [20/Mar/2024:04:52:00 -0500] "GET /BLA/boletinlegal/ HTTP/1.1" 200 53818
216.245.221.92 - - [20/Mar/2024:04:54:14 -0500] "HEAD / HTTP/1.1" 200 -
172.22.2.4 - - [20/Mar/2024:04:52:48 -0500] "HEAD /BLA/boletinlegal/ HTTP/1.1" 200 -
172.22.2.4 - - [20/Mar/2024:04:53:27 -0500] "GET /BLA/boletinlegal/ HTTP/1.1" 200 51133
146.19.24.28 - - [20/Mar/2024:04:55:29 -0500] "GET / HTTP/1.1" 200 319
173.252.107.1 - - [20/Mar/2024:04:56:59 -0500] "GET /images/OperativoSDAmarzo%20(1)%20(1).jpeg HTTP/1.1" 200 68421
173.252.111.120 - - [20/Mar/2024:04:57:19 -0500] "GET /mas-de-20-kilos-de-palma-silvestre-incautados-en-dos-localidades-de-bogota.html HTTP/1.1" 200 946
173.252.95.5 - - [20/Mar/2024:04:57:22 -0500] "GET /mas-de-20-kilos-de-palma-silvestre-incautados-en-dos-localidades-de-bogota.html HTTP/1.1" 200 946
201.245.192.253 - - [20/Mar/2024:04:57:24 -0500] "POST /kwsrmcab/Wsrmcab  HTTP/1.1" 200 37499
172.22.2.4 - - [20/Mar/2024:04:56:59 -0500] "HEAD /BLA/boletinlegal/ HTTP/1.1" 200 -
18.116.205.62 - - [20/Mar/2024:04:58:57 -0500] "HEAD / HTTP/1.1" 200 -
216.245.221.92 - - [20/Mar/2024:04:59:14 -0500] "HEAD / HTTP/1.1" 200 -
172.22.2.4 - - [20/Mar/2024:04:57:50 -0500] "GET /BLA/boletinlegal/ HTTP/1.1" 200 58273
47.128.119.31 - - [20/Mar/2024:04:59:54 -0500] "GET /BLA/resoluciones/AUTOS%202021/0245.php?act=chmod&d=E%3A%5Cnuevo%5Chtdocs&f=retrato.svg HTTP/1.1" 200 2842
47.128.31.242 - - [20/Mar/2024:05:00:19 -0500] "GET /BLA/resoluciones/AUTOS%202021/0245.php?act=ls&d=E%3A%5Cnuevo%5Chtdocs%5CBLA&sort=0a HTTP/1.1" 200 3937
47.128.31.242 - - [20/Mar/2024:05:00:19 -0500] "GET /BLA/resoluciones/AUTOS%202021/0245.php?act=img&img=ext_php HTTP/1.1" 200 79
47.128.31.242 - - [20/Mar/2024:05:00:20 -0500] "GET /BLA/resoluciones/AUTOS%202021/0245.php?act=img&img=arrow_ltr HTTP/1.1" 200 88
23.22.35.162 - - [20/Mar/2024:05:00:42 -0500] "GET /BLA/resoluciones/RESOLUCIONES%202007/RES%202007 HTTP/1.1" 404 1018
47.128.44.229 - - [20/Mar/2024:05:00:54 -0500] "GET /BLA/resoluciones/AUTOS%202021/0245.php?act=chmod&d=E%3A%5Cnuevo%5Chtdocs&f=apache_pb2.gif HTTP/1.1" 200 2844
47.128.28.232 - - [20/Mar/2024:05:01:18 -0500] "GET /BLA/resoluciones/AUTOS%202021/0245.php?act=ls&d=E%3A%5Cnuevo%5Chtdocs%5Crdc&sort=0a HTTP/1.1" 200 3775
47.128.28.232 - - [20/Mar/2024:05:01:19 -0500] "GET /BLA/resoluciones/AUTOS%202021/0245.php?act=img&img=ext_php HTTP/1.1" 200 79
47.128.28.232 - - [20/Mar/2024:05:01:19 -0500] "GET /BLA/resoluciones/AUTOS%202021/0245.php?act=img&img=ext_css HTTP/1.1" 200 134
47.128.28.232 - - [20/Mar/2024:05:01:19 -0500] "GET /BLA/resoluciones/AUTOS%202021/0245.php?act=img&img=ext_js HTTP/1.1" 200 131
47.128.28.232 - - [20/Mar/2024:05:01:19 -0500] "GET /BLA/resoluciones/AUTOS%202021/0245.php?act=img&img=arrow_ltr HTTP/1.1" 200 88
47.128.28.7 - - [20/Mar/2024:05:01:45 -0500] "GET /BLA/resoluciones/AUTOS%202021/0245.php?act=ls&d=E%3A%5Cnuevo%5Chtdocs%5CFormatos&sort=0a HTTP/1.1" 200 3302
47.128.28.7 - - [20/Mar/2024:05:01:45 -0500] "GET /BLA/resoluciones/AUTOS%202021/0245.php?act=img&img=arrow_ltr HTTP/1.1" 200 88
47.128.20.103 - - [20/Mar/2024:05:02:06 -0500] "GET /BLA/resoluciones/AUTOS%202021/0245.php?act=d&d=E%3A%5Cnuevo%5Chtdocs%5CBLA%5Cresoluciones%5CAUTOS+2023 HTTP/1.1" 200 2802
201.245.192.253 - - [20/Mar/2024:05:02:23 -0500] "POST /kwsrmcab/Wsrmcab  HTTP/1.1" 200 37499
47.128.49.123 - - [20/Mar/2024:05:02:31 -0500] "GET /BLA/resoluciones/AUTOS%202021/0245.php?act=ls&d=E%3A%5Cnuevo%5Chtdocs%5CSRHS&sort=0a HTTP/1.1" 200 3306
47.128.49.123 - - [20/Mar/2024:05:02:31 -0500] "GET /BLA/resoluciones/AUTOS%202021/0245.php?act=img&img=arrow_ltr HTTP/1.1" 200 88
172.22.2.4 - - [20/Mar/2024:05:03:03 -0500] "GET /BLA/boletinlegal/actos.php HTTP/1.1" 200 9738
172.22.2.4 - - [20/Mar/2024:05:03:03 -0500] "GET /BLA/boletinlegal/style.css HTTP/1.1" 200 9406
172.22.2.4 - - [20/Mar/2024:05:03:04 -0500] "GET /BLA/boletinlegal/styles2.css HTTP/1.1" 200 1838
172.22.2.4 - - [20/Mar/2024:05:03:04 -0500] "GET /BLA/boletinlegal/niceforms-default.css HTTP/1.1" 200 6694
172.22.2.4 - - [20/Mar/2024:05:03:04 -0500] "GET /BLA/boletinlegal/js/ajax_actos.js HTTP/1.1" 200 1322
172.22.2.4 - - [20/Mar/2024:05:03:04 -0500] "GET /BLA/boletinlegal/js/lib.js HTTP/1.1" 200 6474
172.22.2.4 - - [20/Mar/2024:05:03:05 -0500] "GET /BLA/boletinlegal/niceforms.js HTTP/1.1" 200 22876
172.22.2.4 - - [20/Mar/2024:05:03:05 -0500] "GET /BLA/boletinlegal/js/popup.js HTTP/1.1" 200 1270
172.22.2.4 - - [20/Mar/2024:05:03:05 -0500] "GET /BLA/boletinlegal/js/jquery1.js HTTP/1.1" 200 29846
216.245.221.92 - - [20/Mar/2024:05:04:14 -0500] "HEAD / HTTP/1.1" 200 -
172.22.2.4 - - [20/Mar/2024:05:02:49 -0500] "HEAD /BLA/boletinlegal/ HTTP/1.1" 200 -
172.22.2.4 - - [20/Mar/2024:05:03:40 -0500] "GET /BLA/boletinlegal/ HTTP/1.1" 200 53419
201.245.192.253 - - [20/Mar/2024:05:07:21 -0500] "POST /kwsrmcab/Wsrmcab  HTTP/1.1" 200 37499
191.156.228.125 - - [20/Mar/2024:05:08:31 -0500] "GET /conoce-las-actividades-de-conmemoracion-dia-mundial-del-agua.html?fbclid=PAAaY7UX4vScOq6ttceP2Jmww8rJ-7NWYMfKEteO7CUvwVVNm47FLnf9M3D3U HTTP/1.1" 200 933
216.244.66.195 - - [20/Mar/2024:05:08:55 -0500] "GET /robots.txt HTTP/1.1" 404 1018
66.249.66.21 - - [20/Mar/2024:05:09:08 -0500] "GET /Publicaciones/2024EE09963.pdf HTTP/1.1" 404 227
216.245.221.92 - - [20/Mar/2024:05:09:14 -0500] "HEAD / HTTP/1.1" 200 -
47.128.98.223 - - [20/Mar/2024:05:09:15 -0500] "GET /BLA/resoluciones/AUTOS%202021/0245.php?act=f&d=E%3A%5Cnuevo%5Chtdocs%5CBLA%5Cresoluciones%5CAUTOS+2021%5C&f=0799.pdf&ft=sdb&white=1 HTTP/1.1" 200 3014
47.128.98.223 - - [20/Mar/2024:05:09:16 -0500] "GET /BLA/resoluciones/AUTOS%202021/0245.php?act=img&img=ext_txt HTTP/1.1" 200 132
47.128.98.223 - - [20/Mar/2024:05:09:16 -0500] "GET /BLA/resoluciones/AUTOS%202021/0245.php?act=img&img=ext_gif HTTP/1.1" 200 175
47.128.98.223 - - [20/Mar/2024:05:09:16 -0500] "GET /BLA/resoluciones/AUTOS%202021/0245.php?act=img&img=ext_pdf HTTP/1.1" 200 1034
47.128.98.223 - - [20/Mar/2024:05:09:16 -0500] "GET /BLA/resoluciones/AUTOS%202021/0245.php?act=img&img=ext_exe HTTP/1.1" 200 118
47.128.98.223 - - [20/Mar/2024:05:09:16 -0500] "GET /BLA/resoluciones/AUTOS%202021/0245.php?act=img&img=ext_html HTTP/1.1" 200 230
47.128.98.223 - - [20/Mar/2024:05:09:16 -0500] "GET /BLA/resoluciones/AUTOS%202021/0245.php?act=img&img=ext_diz HTTP/1.1" 200 1027
47.128.98.223 - - [20/Mar/2024:05:09:17 -0500] "GET /BLA/resoluciones/AUTOS%202021/0245.php?act=img&img=download HTTP/1.1" 200 161
47.128.98.223 - - [20/Mar/2024:05:09:17 -0500] "GET /BLA/resoluciones/AUTOS%202021/0245.php?act=img&img=ext_rtf HTTP/1.1" 200 164
47.128.98.223 - - [20/Mar/2024:05:09:17 -0500] "GET /BLA/resoluciones/AUTOS%202021/0245.php?act=img&img=change HTTP/1.1" 200 290
47.128.98.223 - - [20/Mar/2024:05:09:17 -0500] "GET /BLA/resoluciones/AUTOS%202021/0245.php?act=img&img=ext_ini HTTP/1.1" 200 134
47.128.29.209 - - [20/Mar/2024:05:09:41 -0500] "GET /BLA/resoluciones/AUTOS%202021/0245.php?act=f&d=E%3A%5Cnuevo%5Chtdocs%5CBLA%5Cresoluciones%5CAUTOS+2021&f=5877.pdf&ft=edit HTTP/1.1" 200 3106
47.128.29.209 - - [20/Mar/2024:05:09:42 -0500] "GET /BLA/resoluciones/AUTOS%202021/0245.php?act=img&img=ext_pdf HTTP/1.1" 200 1034
47.128.29.209 - - [20/Mar/2024:05:09:42 -0500] "GET /BLA/resoluciones/AUTOS%202021/0245.php?act=img&img=ext_exe HTTP/1.1" 200 118
47.128.29.209 - - [20/Mar/2024:05:09:42 -0500] "GET /BLA/resoluciones/AUTOS%202021/0245.php?act=img&img=ext_txt HTTP/1.1" 200 132
47.128.29.209 - - [20/Mar/2024:05:09:42 -0500] "GET /BLA/resoluciones/AUTOS%202021/0245.php?act=img&img=ext_gif HTTP/1.1" 200 175
47.128.29.209 - - [20/Mar/2024:05:09:42 -0500] "GET /BLA/resoluciones/AUTOS%202021/0245.php?act=img&img=ext_diz HTTP/1.1" 200 1027
47.128.29.209 - - [20/Mar/2024:05:09:42 -0500] "GET /BLA/resoluciones/AUTOS%202021/0245.php?act=img&img=ext_html HTTP/1.1" 200 230
47.128.29.209 - - [20/Mar/2024:05:09:42 -0500] "GET /BLA/resoluciones/AUTOS%202021/0245.php?act=img&img=change HTTP/1.1" 200 290
47.128.29.209 - - [20/Mar/2024:05:09:43 -0500] "GET /BLA/resoluciones/AUTOS%202021/0245.php?act=img&img=download HTTP/1.1" 200 161
47.128.29.209 - - [20/Mar/2024:05:09:43 -0500] "GET /BLA/resoluciones/AUTOS%202021/0245.php?act=img&img=ext_ini HTTP/1.1" 200 134
47.128.29.209 - - [20/Mar/2024:05:09:43 -0500] "GET /BLA/resoluciones/AUTOS%202021/0245.php?act=img&img=ext_rtf HTTP/1.1" 200 164
47.128.29.235 - - [20/Mar/2024:05:10:04 -0500] "GET /BLA/resoluciones/AUTOS%202021/0245.php?act=chmod&d=E%3A%5Cnuevo%5Chtdocs%5CBLA%5Cresoluciones%5CAUTOS+2021&f=1479.pdf HTTP/1.1" 200 2902
172.22.2.4 - - [20/Mar/2024:05:08:39 -0500] "HEAD /BLA/boletinlegal/ HTTP/1.1" 200 -
192.133.77.17 - - [20/Mar/2024:05:10:28 -0500] "GET /robots.txt HTTP/1.1" 404 1034
47.128.56.229 - - [20/Mar/2024:05:10:28 -0500] "GET /BLA/resoluciones/AUTOS%202021/0245.php?act=f&d=E%3A%5Cnuevo%5Chtdocs%5CBLA%5Cresoluciones%5CAUTOS+2021&f=1982.pdf&ft=edit HTTP/1.1" 200 3105
192.133.77.17 - - [20/Mar/2024:05:10:28 -0500] "GET /mis-de-50-aves-silvestres-fueron-recuperadas-en-la-localidad-de-tunjuelito.html HTTP/1.1" 200 806
47.128.56.229 - - [20/Mar/2024:05:10:29 -0500] "GET /BLA/resoluciones/AUTOS%202021/0245.php?act=img&img=ext_rtf HTTP/1.1" 200 164
47.128.56.229 - - [20/Mar/2024:05:10:29 -0500] "GET /BLA/resoluciones/AUTOS%202021/0245.php?act=img&img=ext_exe HTTP/1.1" 200 118
47.128.56.229 - - [20/Mar/2024:05:10:29 -0500] "GET /BLA/resoluciones/AUTOS%202021/0245.php?act=img&img=ext_txt HTTP/1.1" 200 132
47.128.56.229 - - [20/Mar/2024:05:10:29 -0500] "GET /BLA/resoluciones/AUTOS%202021/0245.php?act=img&img=ext_gif HTTP/1.1" 200 175
192.133.77.15 - - [20/Mar/2024:05:10:29 -0500] "GET /robots.txt HTTP/1.1" 404 1034
47.128.56.229 - - [20/Mar/2024:05:10:29 -0500] "GET /BLA/resoluciones/AUTOS%202021/0245.php?act=img&img=ext_diz HTTP/1.1" 200 1027
47.128.56.229 - - [20/Mar/2024:05:10:29 -0500] "GET /BLA/resoluciones/AUTOS%202021/0245.php?act=img&img=ext_pdf HTTP/1.1" 200 1034
192.133.77.15 - - [20/Mar/2024:05:10:29 -0500] "GET /images/Aves%20SDA.jpeg HTTP/1.1" 200 75104
47.128.56.229 - - [20/Mar/2024:05:10:29 -0500] "GET /BLA/resoluciones/AUTOS%202021/0245.php?act=img&img=ext_ini HTTP/1.1" 200 134
47.128.56.229 - - [20/Mar/2024:05:10:29 -0500] "GET /BLA/resoluciones/AUTOS%202021/0245.php?act=img&img=download HTTP/1.1" 200 161
47.128.56.229 - - [20/Mar/2024:05:10:30 -0500] "GET /BLA/resoluciones/AUTOS%202021/0245.php?act=img&img=ext_html HTTP/1.1" 200 230
47.128.56.229 - - [20/Mar/2024:05:10:30 -0500] "GET /BLA/resoluciones/AUTOS%202021/0245.php?act=img&img=change HTTP/1.1" 200 290
172.22.2.4 - - [20/Mar/2024:05:09:30 -0500] "GET /BLA/boletinlegal/ HTTP/1.1" 200 43983
172.22.2.4 - - [20/Mar/2024:05:09:48 -0500] "HEAD /BLA/boletinlegal/ HTTP/1.1" 200 -
172.22.2.4 - - [20/Mar/2024:05:10:24 -0500] "GET /BLA/boletinlegal/ HTTP/1.1" 200 50303
185.224.128.43 - - [20/Mar/2024:05:12:09 -0500] "GET / HTTP/1.1" 200 319
199.16.157.182 - - [20/Mar/2024:05:12:15 -0500] "GET /images/Acuerdos%2001%20(1)%20(1).jpeg HTTP/1.1" 200 32884
201.245.192.253 - - [20/Mar/2024:05:12:18 -0500] "POST /kwsrmcab/Wsrmcab  HTTP/1.1" 200 37499
66.249.66.37 - - [20/Mar/2024:05:12:46 -0500] "GET /el-agua-recurso-vital-para-la-conservacion-de-los-ecosistemas.html HTTP/1.1" 200 870
216.245.221.92 - - [20/Mar/2024:05:14:14 -0500] "HEAD / HTTP/1.1" 200 -
172.22.2.4 - - [20/Mar/2024:05:14:29 -0500] "HEAD /BLA/boletinlegal/ HTTP/1.1" 200 -
172.22.2.4 - - [20/Mar/2024:05:15:20 -0500] "GET /BLA/boletinlegal/ HTTP/1.1" 200 53818
201.245.192.253 - - [20/Mar/2024:05:17:18 -0500] "POST /kwsrmcab/Wsrmcab  HTTP/1.1" 200 37499
201.245.192.253 - - [20/Mar/2024:05:19:04 -0500] "POST /kwsrmcab/Wsrmcab HTTP/1.1" 200 37199
201.245.192.253 - - [20/Mar/2024:05:19:05 -0500] "POST /kwsrmcab/Wsrmcab HTTP/1.1" 200 37914
216.245.221.92 - - [20/Mar/2024:05:19:14 -0500] "HEAD / HTTP/1.1" 200 -
172.22.2.4 - - [20/Mar/2024:05:17:55 -0500] "GET /BLA/boletinlegal/ HTTP/1.1" 200 62720
201.245.192.253 - - [20/Mar/2024:05:19:36 -0500] "POST /kwsrmcab/Wsrmcab HTTP/1.1" 200 37200
216.244.66.195 - - [20/Mar/2024:05:20:55 -0500] "GET /BLA/resoluciones/AUTOS%202024/01488.pdf HTTP/1.1" 200 408118
201.245.192.253 - - [20/Mar/2024:05:20:46 -0500] "POST /kwsrmcab/Wsrmcab HTTP/1.1" 200 37914
216.244.66.195 - - [20/Mar/2024:05:21:13 -0500] "GET /BLA/resoluciones/RESOLUCIONES%202019/1761.pdf HTTP/1.1" 200 285206
216.244.66.195 - - [20/Mar/2024:05:21:25 -0500] "GET /BLA/resoluciones/RESOLUCIONES%202019/1801.pdf HTTP/1.1" 200 416946
172.22.2.4 - - [20/Mar/2024:05:20:19 -0500] "HEAD /BLA/boletinlegal/ HTTP/1.1" 200 -
216.244.66.195 - - [20/Mar/2024:05:22:07 -0500] "GET /BLA/resoluciones/RESOLUCIONES%202019/1842.pdf HTTP/1.1" 200 312274
201.245.192.253 - - [20/Mar/2024:05:22:17 -0500] "POST /kwsrmcab/Wsrmcab  HTTP/1.1" 200 37499
216.244.66.195 - - [20/Mar/2024:05:22:38 -0500] "GET /BLA/resoluciones/RESOLUCIONES%202019/2116.pdf HTTP/1.1" 200 283376
172.22.2.4 - - [20/Mar/2024:05:21:10 -0500] "GET /BLA/boletinlegal/ HTTP/1.1" 200 44737
172.22.2.4 - - [20/Mar/2024:05:21:21 -0500] "HEAD /BLA/boletinlegal/ HTTP/1.1" 200 -
216.244.66.195 - - [20/Mar/2024:05:23:07 -0500] "GET /BLA/resoluciones/RESOLUCIONES%202019/2306.pdf HTTP/1.1" 200 301020
172.22.2.4 - - [20/Mar/2024:05:23:28 -0500] "GET /BLA/boletinlegal/robots.txt HTTP/1.1" 404 1038
216.244.66.195 - - [20/Mar/2024:05:23:37 -0500] "GET /BLA/resoluciones/RESOLUCIONES%202019/2677.pdf HTTP/1.1" 200 298935
172.22.2.4 - - [20/Mar/2024:05:21:59 -0500] "GET /BLA/boletinlegal/ HTTP/1.1" 200 51986
216.244.66.195 - - [20/Mar/2024:05:24:08 -0500] "GET /BLA/resoluciones/RESOLUCIONES%202023/00229.pdf HTTP/1.1" 200 7365284
190.158.100.67 - - [20/Mar/2024:05:24:13 -0500] "GET /sipse/faces/presentacion/financiero/solicitudProceso/consultarHistorialSolProceso.xhtml HTTP/1.1" 302 -
190.158.100.67 - - [20/Mar/2024:05:24:13 -0500] "GET /sipse/faces/autenticacion.xhtml HTTP/1.1" 200 12406
190.158.100.67 - - [20/Mar/2024:05:24:14 -0500] "GET /sipse/faces/javax.faces.resource/theme.css?ln=primefaces-sipse HTTP/1.1" 304 -
190.158.100.67 - - [20/Mar/2024:05:24:14 -0500] "GET /sipse/faces/javax.faces.resource/primefaces.css?ln=primefaces&v=4.0 HTTP/1.1" 304 -
190.158.100.67 - - [20/Mar/2024:05:24:14 -0500] "GET /sipse/faces/javax.faces.resource/layout/layout.css?ln=primefaces&v=4.0 HTTP/1.1" 304 -
190.158.100.67 - - [20/Mar/2024:05:24:14 -0500] "GET /sipse/faces/javax.faces.resource/jquery/jquery-plugins.js?ln=primefaces&v=4.0 HTTP/1.1" 304 -
190.158.100.67 - - [20/Mar/2024:05:24:14 -0500] "GET /sipse/faces/javax.faces.resource/primefaces.js?ln=primefaces&v=4.0 HTTP/1.1" 304 -
190.158.100.67 - - [20/Mar/2024:05:24:14 -0500] "GET /sipse/faces/javax.faces.resource/layout/layout.js?ln=primefaces&v=4.0 HTTP/1.1" 304 -
190.158.100.67 - - [20/Mar/2024:05:24:14 -0500] "GET /sipse/faces/javax.faces.resource/jquery/jquery.js?ln=primefaces&v=4.0 HTTP/1.1" 304 -
190.158.100.67 - - [20/Mar/2024:05:24:14 -0500] "GET /sipse/faces/javax.faces.resource/images/ui-icons_898989_256x240.png?ln=primefaces-aristo HTTP/1.1" 304 -
216.245.221.92 - - [20/Mar/2024:05:24:14 -0500] "HEAD / HTTP/1.1" 200 -
66.249.66.21 - - [20/Mar/2024:05:24:28 -0500] "GET /BLA/resoluciones/Autos%202008/1005.pdf HTTP/1.1" 200 77248
190.158.100.67 - - [20/Mar/2024:05:24:35 -0500] "POST /sipse/faces/autenticacion.xhtml HTTP/1.1" 200 11225
190.158.100.67 - - [20/Mar/2024:05:24:35 -0500] "GET /sipse/faces/javax.faces.resource/theme.css?ln=primefaces-sipse HTTP/1.1" 304 -
190.158.100.67 - - [20/Mar/2024:05:24:35 -0500] "GET /sipse/faces/javax.faces.resource/jquery/jquery.js?ln=primefaces&v=4.0 HTTP/1.1" 304 -
190.158.100.67 - - [20/Mar/2024:05:24:35 -0500] "GET /sipse/faces/javax.faces.resource/layout/layout.css?ln=primefaces&v=4.0 HTTP/1.1" 304 -
190.158.100.67 - - [20/Mar/2024:05:24:35 -0500] "GET /sipse/faces/javax.faces.resource/primefaces.css?ln=primefaces&v=4.0 HTTP/1.1" 304 -
190.158.100.67 - - [20/Mar/2024:05:24:35 -0500] "GET /sipse/faces/javax.faces.resource/jquery/jquery-plugins.js?ln=primefaces&v=4.0 HTTP/1.1" 304 -
190.158.100.67 - - [20/Mar/2024:05:24:36 -0500] "GET /sipse/faces/javax.faces.resource/primefaces.js?ln=primefaces&v=4.0 HTTP/1.1" 304 -
190.158.100.67 - - [20/Mar/2024:05:24:36 -0500] "GET /sipse/faces/javax.faces.resource/layout/layout.js?ln=primefaces&v=4.0 HTTP/1.1" 304 -
190.158.100.67 - - [20/Mar/2024:05:24:36 -0500] "GET /sipse/faces/javax.faces.resource/messages/messages.png?ln=primefaces&v=4.0 HTTP/1.1" 304 -
190.158.100.67 - - [20/Mar/2024:05:24:41 -0500] "POST /sipse/faces/presentacion/sistema/seguridad/seleccionRol.xhtml HTTP/1.1" 200 5863
190.158.100.67 - - [20/Mar/2024:05:24:42 -0500] "GET /sipse/faces/javax.faces.resource/images/ui-bg_flat_0_2d5972_40x100.png?ln=primefaces-aristo HTTP/1.1" 304 -
190.158.100.67 - - [20/Mar/2024:05:24:43 -0500] "POST /sipse/faces/presentacion/sistema/seguridad/seleccionRol.xhtml HTTP/1.1" 200 16466
190.158.100.67 - - [20/Mar/2024:05:24:44 -0500] "GET /sipse/faces/javax.faces.resource/theme.css?ln=primefaces-sipse HTTP/1.1" 304 -
190.158.100.67 - - [20/Mar/2024:05:24:44 -0500] "GET /sipse/faces/javax.faces.resource/primefaces.css?ln=primefaces&v=4.0 HTTP/1.1" 304 -
190.158.100.67 - - [20/Mar/2024:05:24:44 -0500] "GET /sipse/faces/javax.faces.resource/layout/layout.css?ln=primefaces&v=4.0 HTTP/1.1" 304 -
190.158.100.67 - - [20/Mar/2024:05:24:44 -0500] "GET /sipse/faces/javax.faces.resource/jquery/jquery.js?ln=primefaces&v=4.0 HTTP/1.1" 304 -
190.158.100.67 - - [20/Mar/2024:05:24:44 -0500] "GET /sipse/faces/javax.faces.resource/jquery/jquery-plugins.js?ln=primefaces&v=4.0 HTTP/1.1" 304 -
