200.118.80.38 - - [20/Mar/2024:09:56:54 -0500] "POST /kwsrmcab/Wsrmcab HTTP/1.1" 200 37926
179.51.119.61 - - [20/Mar/2024:09:56:56 -0500] "GET /sipse/faces/javax.faces.resource/theme.css?ln=primefaces-sipse HTTP/1.1" 304 -
179.51.119.61 - - [20/Mar/2024:09:56:56 -0500] "GET /sipse/faces/faces/autenticacion.xhtml HTTP/1.1" 200 12406
179.51.119.61 - - [20/Mar/2024:09:56:57 -0500] "GET /sipse/faces/javax.faces.resource/theme.css?ln=primefaces-sipse HTTP/1.1" 304 -
179.51.119.61 - - [20/Mar/2024:09:56:57 -0500] "GET /sipse/faces/javax.faces.resource/layout/layout.js?ln=primefaces&v=4.0 HTTP/1.1" 304 -
179.51.119.61 - - [20/Mar/2024:09:56:57 -0500] "GET /sipse/faces/javax.faces.resource/jquery/jquery-plugins.js?ln=primefaces&v=4.0 HTTP/1.1" 304 -
179.51.119.61 - - [20/Mar/2024:09:56:57 -0500] "GET /sipse/faces/javax.faces.resource/layout/layout.css?ln=primefaces&v=4.0 HTTP/1.1" 304 -
179.51.119.61 - - [20/Mar/2024:09:56:57 -0500] "GET /sipse/faces/javax.faces.resource/primefaces.js?ln=primefaces&v=4.0 HTTP/1.1" 304 -
179.51.119.61 - - [20/Mar/2024:09:56:57 -0500] "GET /sipse/faces/javax.faces.resource/jquery/jquery.js?ln=primefaces&v=4.0 HTTP/1.1" 304 -
179.51.119.61 - - [20/Mar/2024:09:56:57 -0500] "GET /sipse/faces/javax.faces.resource/primefaces.css?ln=primefaces&v=4.0 HTTP/1.1" 304 -
179.51.119.61 - - [20/Mar/2024:09:56:57 -0500] "GET /sipse/faces/javax.faces.resource/images/ui-icons_898989_256x240.png?ln=primefaces-aristo HTTP/1.1" 304 -
172.22.2.4 - - [20/Mar/2024:09:55:20 -0500] "GET /BLA/boletinlegal/ HTTP/1.1" 200 57485
200.118.80.38 - - [20/Mar/2024:09:57:01 -0500] "POST /kwsrmcab/Wsrmcab HTTP/1.1" 200 37935
179.51.119.61 - - [20/Mar/2024:09:57:00 -0500] "POST /sipse/faces/autenticacion.xhtml HTTP/1.1" 200 2219
179.51.119.61 - - [20/Mar/2024:09:57:02 -0500] "GET /sipse/faces/javax.faces.resource/messages/messages.png?ln=primefaces&v=4.0 HTTP/1.1" 304 -
179.51.119.61 - - [20/Mar/2024:09:57:04 -0500] "POST /sipse/faces/autenticacion.xhtml HTTP/1.1" 200 16463
179.51.119.61 - - [20/Mar/2024:09:57:07 -0500] "GET /sipse/faces/javax.faces.resource/jquery/jquery.js?ln=primefaces&v=4.0 HTTP/1.1" 304 -
179.51.119.61 - - [20/Mar/2024:09:57:07 -0500] "GET /sipse/faces/javax.faces.resource/theme.css?ln=primefaces-sipse HTTP/1.1" 304 -
179.51.119.61 - - [20/Mar/2024:09:57:07 -0500] "GET /sipse/faces/javax.faces.resource/primefaces.css?ln=primefaces&v=4.0 HTTP/1.1" 304 -
179.51.119.61 - - [20/Mar/2024:09:57:07 -0500] "GET /sipse/faces/javax.faces.resource/layout/layout.css?ln=primefaces&v=4.0 HTTP/1.1" 304 -
179.51.119.61 - - [20/Mar/2024:09:57:07 -0500] "GET /sipse/faces/javax.faces.resource/jquery/jquery-plugins.js?ln=primefaces&v=4.0 HTTP/1.1" 304 -
179.51.119.61 - - [20/Mar/2024:09:57:08 -0500] "GET /sipse/faces/javax.faces.resource/primefaces.js?ln=primefaces&v=4.0 HTTP/1.1" 304 -
179.51.119.61 - - [20/Mar/2024:09:57:08 -0500] "GET /sipse/faces/javax.faces.resource/layout/layout.js?ln=primefaces&v=4.0 HTTP/1.1" 304 -
179.51.119.61 - - [20/Mar/2024:09:57:08 -0500] "GET /sipse/css/imagen/contrasena.png HTTP/1.1" 404 383
179.51.119.61 - - [20/Mar/2024:09:57:10 -0500] "GET /sipse/faces/javax.faces.resource/images/ui-bg_flat_0_2d5972_40x100.png?ln=primefaces-aristo HTTP/1.1" 304 -
179.51.119.61 - - [20/Mar/2024:09:57:10 -0500] "POST /sipse/faces/bienvenido.xhtml HTTP/1.1" 200 2073
201.245.192.253 - - [20/Mar/2024:09:57:18 -0500] "POST /forms/lservlet;jsessionid=ac16012b30d61aff71fa34ac405d99d9c4d551ba1c6a.e3iSbxaKaheRe3iNc3uNbNmQay1ynknvrkLOlQzNp65In0 HTTP/1.1" 200 2
179.51.119.61 - - [20/Mar/2024:09:57:13 -0500] "POST /sipse/faces/bienvenido.xhtml HTTP/1.1" 200 39090
179.51.119.61 - - [20/Mar/2024:09:57:19 -0500] "GET /sipse/faces/javax.faces.resource/primefaces.css?ln=primefaces&v=4.0 HTTP/1.1" 304 -
179.51.119.61 - - [20/Mar/2024:09:57:19 -0500] "GET /sipse/faces/javax.faces.resource/theme.css?ln=primefaces-sipse HTTP/1.1" 304 -
179.51.119.61 - - [20/Mar/2024:09:57:19 -0500] "GET /sipse/faces/javax.faces.resource/jquery/jquery.js?ln=primefaces&v=4.0 HTTP/1.1" 304 -
179.51.119.61 - - [20/Mar/2024:09:57:19 -0500] "GET /sipse/faces/javax.faces.resource/layout/layout.css?ln=primefaces&v=4.0 HTTP/1.1" 304 -
179.51.119.61 - - [20/Mar/2024:09:57:19 -0500] "GET /sipse/faces/javax.faces.resource/jquery/jquery-plugins.js?ln=primefaces&v=4.0 HTTP/1.1" 304 -
179.51.119.61 - - [20/Mar/2024:09:57:19 -0500] "GET /sipse/faces/javax.faces.resource/primefaces.js?ln=primefaces&v=4.0 HTTP/1.1" 304 -
179.51.119.61 - - [20/Mar/2024:09:57:19 -0500] "GET /sipse/faces/javax.faces.resource/layout/layout.js?ln=primefaces&v=4.0 HTTP/1.1" 304 -
216.244.66.195 - - [20/Mar/2024:09:57:21 -0500] "GET /BLA/resoluciones/RESOLUCIONES%202017/2059.pdf HTTP/1.1" 200 317638
179.51.119.61 - - [20/Mar/2024:09:57:25 -0500] "POST /sipse/faces/presentacion/financiero/solicitudProceso/consultar.xhtml HTTP/1.1" 200 2250
179.51.119.61 - - [20/Mar/2024:09:57:33 -0500] "POST /sipse/faces/presentacion/financiero/solicitudProceso/consultar.xhtml HTTP/1.1" 200 2250
216.244.66.195 - - [20/Mar/2024:09:57:47 -0500] "GET /BLA/resoluciones/RESOLUCIONES%202017/2251.pdf HTTP/1.1" 200 660520
186.154.38.115 - - [20/Mar/2024:09:57:47 -0500] "GET /reportes_sipse/jsp/inicio.jsp HTTP/1.1" 200 2935
186.154.38.115 - - [20/Mar/2024:09:57:47 -0500] "GET /reportes_sipse/css/estilos.css HTTP/1.1" 200 9135
186.154.38.115 - - [20/Mar/2024:09:57:47 -0500] "GET /reportes_sipse/imagenes/fondo.jpg HTTP/1.1" 200 20235
186.154.38.115 - - [20/Mar/2024:09:57:47 -0500] "GET /reportes_sipse/imagenes/logoAplicacion.jpg HTTP/1.1" 200 26872
186.154.38.115 - - [20/Mar/2024:09:57:47 -0500] "GET /favicon.ico HTTP/1.1" 200 7782
200.75.47.134 - - [20/Mar/2024:09:57:47 -0500] "GET /sipse/faces/index.xhtml HTTP/1.1" 200 677
200.75.47.134 - - [20/Mar/2024:09:57:47 -0500] "GET /sipse/faces/javax.faces.resource/theme.css?ln=primefaces-sipse HTTP/1.1" 304 -
200.75.47.134 - - [20/Mar/2024:09:57:48 -0500] "GET /sipse/faces/faces/autenticacion.xhtml HTTP/1.1" 200 12406
200.75.47.134 - - [20/Mar/2024:09:57:49 -0500] "GET /sipse/faces/javax.faces.resource/theme.css?ln=primefaces-sipse HTTP/1.1" 304 -
200.75.47.134 - - [20/Mar/2024:09:57:49 -0500] "GET /sipse/faces/javax.faces.resource/primefaces.css?ln=primefaces&v=4.0 HTTP/1.1" 304 -
200.75.47.134 - - [20/Mar/2024:09:57:49 -0500] "GET /sipse/faces/javax.faces.resource/primefaces.js?ln=primefaces&v=4.0 HTTP/1.1" 304 -
200.75.47.134 - - [20/Mar/2024:09:57:49 -0500] "GET /sipse/faces/javax.faces.resource/jquery/jquery.js?ln=primefaces&v=4.0 HTTP/1.1" 304 -
200.75.47.134 - - [20/Mar/2024:09:57:49 -0500] "GET /sipse/faces/javax.faces.resource/layout/layout.css?ln=primefaces&v=4.0 HTTP/1.1" 304 -
200.75.47.134 - - [20/Mar/2024:09:57:49 -0500] "GET /sipse/faces/javax.faces.resource/layout/layout.js?ln=primefaces&v=4.0 HTTP/1.1" 304 -
200.75.47.134 - - [20/Mar/2024:09:57:49 -0500] "GET /sipse/faces/javax.faces.resource/jquery/jquery-plugins.js?ln=primefaces&v=4.0 HTTP/1.1" 304 -
200.75.47.134 - - [20/Mar/2024:09:57:49 -0500] "GET /sipse/faces/javax.faces.resource/images/ui-icons_898989_256x240.png?ln=primefaces-aristo HTTP/1.1" 304 -
200.75.47.134 - - [20/Mar/2024:09:57:52 -0500] "POST /sipse/faces/autenticacion.xhtml HTTP/1.1" 200 2217
200.75.47.134 - - [20/Mar/2024:09:57:54 -0500] "GET /sipse/faces/javax.faces.resource/messages/messages.png?ln=primefaces&v=4.0 HTTP/1.1" 304 -
200.75.47.134 - - [20/Mar/2024:09:57:54 -0500] "POST /sipse/faces/autenticacion.xhtml HTTP/1.1" 200 2221
200.75.47.134 - - [20/Mar/2024:09:57:56 -0500] "POST /sipse/faces/autenticacion.xhtml HTTP/1.1" 200 16450
200.75.47.134 - - [20/Mar/2024:09:57:59 -0500] "GET /sipse/faces/javax.faces.resource/primefaces.css?ln=primefaces&v=4.0 HTTP/1.1" 304 -
200.75.47.134 - - [20/Mar/2024:09:57:59 -0500] "GET /sipse/faces/javax.faces.resource/theme.css?ln=primefaces-sipse HTTP/1.1" 304 -
200.75.47.134 - - [20/Mar/2024:09:57:59 -0500] "GET /sipse/faces/javax.faces.resource/layout/layout.css?ln=primefaces&v=4.0 HTTP/1.1" 304 -
200.75.47.134 - - [20/Mar/2024:09:57:59 -0500] "GET /sipse/faces/javax.faces.resource/jquery/jquery.js?ln=primefaces&v=4.0 HTTP/1.1" 304 -
200.75.47.134 - - [20/Mar/2024:09:57:59 -0500] "GET /sipse/faces/javax.faces.resource/jquery/jquery-plugins.js?ln=primefaces&v=4.0 HTTP/1.1" 304 -
200.75.47.134 - - [20/Mar/2024:09:57:59 -0500] "GET /sipse/faces/javax.faces.resource/primefaces.js?ln=primefaces&v=4.0 HTTP/1.1" 304 -
200.75.47.134 - - [20/Mar/2024:09:57:59 -0500] "GET /sipse/faces/javax.faces.resource/layout/layout.js?ln=primefaces&v=4.0 HTTP/1.1" 304 -
200.75.47.134 - - [20/Mar/2024:09:58:00 -0500] "GET /sipse/css/imagen/contrasena.png HTTP/1.1" 404 383
200.75.47.134 - - [20/Mar/2024:09:58:01 -0500] "GET /sipse/faces/javax.faces.resource/images/ui-bg_flat_0_2d5972_40x100.png?ln=primefaces-aristo HTTP/1.1" 304 -
200.75.47.134 - - [20/Mar/2024:09:58:01 -0500] "POST /sipse/faces/bienvenido.xhtml HTTP/1.1" 200 2658
186.154.38.115 - - [20/Mar/2024:09:58:00 -0500] "POST /reportes_sipse/sdg/ServletReporte?saldo_actividades_contratacion_columnas& HTTP/1.1" 200 5986
186.154.38.115 - - [20/Mar/2024:09:58:02 -0500] "GET /reportes_sipse/js/date-picker.js HTTP/1.1" 200 16768
186.154.38.115 - - [20/Mar/2024:09:58:02 -0500] "GET /reportes_sipse/imagenes/pdf.gif HTTP/1.1" 200 598
186.154.38.115 - - [20/Mar/2024:09:58:02 -0500] "GET /reportes_sipse/imagenes/calendario.gif HTTP/1.1" 200 1387
186.154.38.115 - - [20/Mar/2024:09:58:02 -0500] "GET /reportes_sipse/js/funciones.js HTTP/1.1" 200 4709
186.154.38.115 - - [20/Mar/2024:09:58:02 -0500] "GET /reportes_sipse/imagenes/excel.gif HTTP/1.1" 200 613
186.154.38.115 - - [20/Mar/2024:09:58:07 -0500] "GET /reportes_sipse/imagenes/avanzaMes.gif HTTP/1.1" 200 660
186.154.38.115 - - [20/Mar/2024:09:58:07 -0500] "GET /reportes_sipse/imagenes/avanzaAgno.gif HTTP/1.1" 200 779
186.154.38.115 - - [20/Mar/2024:09:58:07 -0500] "GET /reportes_sipse/imagenes/retrocedeAgno.gif HTTP/1.1" 200 781
186.154.38.115 - - [20/Mar/2024:09:58:07 -0500] "GET /reportes_sipse/imagenes/retrocedeMes.gif HTTP/1.1" 200 459
179.51.119.61 - - [20/Mar/2024:09:58:05 -0500] "POST /sipse/faces/presentacion/financiero/solicitudProceso/consultar.xhtml HTTP/1.1" 200 32379
216.244.66.195 - - [20/Mar/2024:09:58:12 -0500] "GET /BLA/resoluciones/RESOLUCIONES%202017/2396.pdf HTTP/1.1" 200 273676
179.51.119.61 - - [20/Mar/2024:09:58:10 -0500] "POST /sipse/faces/presentacion/financiero/solicitudProceso/consultar.xhtml HTTP/1.1" 200 32379
179.51.119.61 - - [20/Mar/2024:09:58:19 -0500] "POST /sipse/faces/presentacion/financiero/solicitudProceso/consultar.xhtml HTTP/1.1" 200 10019
216.244.66.195 - - [20/Mar/2024:09:58:35 -0500] "GET /BLA/resoluciones/RESOLUCIONES%202017/2492.pdf HTTP/1.1" 200 278742
216.244.66.195 - - [20/Mar/2024:09:58:56 -0500] "GET /BLA/resoluciones/RESOLUCIONES%202017/2686.pdf HTTP/1.1" 200 279004
201.245.192.253 - - [20/Mar/2024:09:53:57 -0500] "POST /sipse/faces/presentacion/financiero/solicitudProceso/consultar.xhtml HTTP/1.1" 200 10463
201.245.192.253 - - [20/Mar/2024:09:59:00 -0500] "GET /sipse/faces/javax.faces.resource/messages/messages.png?ln=primefaces&v=4.0 HTTP/1.1" 304 -
179.51.119.61 - - [20/Mar/2024:09:58:58 -0500] "POST /sipse/faces/presentacion/financiero/solicitudProceso/consultar.xhtml HTTP/1.1" 200 10027
216.245.221.92 - - [20/Mar/2024:09:59:14 -0500] "HEAD / HTTP/1.1" 200 -
179.51.119.61 - - [20/Mar/2024:09:59:11 -0500] "POST /sipse/faces/presentacion/financiero/solicitudProceso/consultar.xhtml HTTP/1.1" 200 4953
179.51.119.61 - - [20/Mar/2024:09:59:14 -0500] "POST /sipse/faces/presentacion/financiero/solicitudProceso/consultar.xhtml HTTP/1.1" 200 4957
216.244.66.195 - - [20/Mar/2024:09:59:17 -0500] "GET /BLA/resoluciones/RESOLUCIONES%202017/2794.pdf HTTP/1.1" 200 306044
201.245.192.253 - - [20/Mar/2024:09:59:18 -0500] "POST /forms/lservlet;jsessionid=ac16012b30d61aff71fa34ac405d99d9c4d551ba1c6a.e3iSbxaKaheRe3iNc3uNbNmQay1ynknvrkLOlQzNp65In0 HTTP/1.1" 200 2
201.245.192.253 - - [20/Mar/2024:09:59:26 -0500] "POST /sipse/faces/presentacion/financiero/solicitudProceso/consultar.xhtml HTTP/1.1" 200 2270
201.245.192.253 - - [20/Mar/2024:09:59:32 -0500] "POST /sipse/faces/presentacion/financiero/solicitudProceso/consultar.xhtml HTTP/1.1" 200 10057
216.244.66.195 - - [20/Mar/2024:09:59:39 -0500] "GET /BLA/resoluciones/RESOLUCIONES%202017/2855.pdf HTTP/1.1" 200 280300
200.75.47.134 - - [20/Mar/2024:09:58:03 -0500] "POST /sipse/faces/bienvenido.xhtml HTTP/1.1" 200 64495
200.75.47.134 - - [20/Mar/2024:09:59:51 -0500] "GET /sipse/faces/javax.faces.resource/theme.css?ln=primefaces-sipse HTTP/1.1" 304 -
200.75.47.134 - - [20/Mar/2024:09:59:51 -0500] "GET /sipse/faces/javax.faces.resource/primefaces.css?ln=primefaces&v=4.0 HTTP/1.1" 304 -
200.75.47.134 - - [20/Mar/2024:09:59:51 -0500] "GET /sipse/faces/javax.faces.resource/jquery/jquery.js?ln=primefaces&v=4.0 HTTP/1.1" 304 -
200.75.47.134 - - [20/Mar/2024:09:59:51 -0500] "GET /sipse/faces/javax.faces.resource/jquery/jquery-plugins.js?ln=primefaces&v=4.0 HTTP/1.1" 304 -
200.75.47.134 - - [20/Mar/2024:09:59:51 -0500] "GET /sipse/faces/javax.faces.resource/primefaces.js?ln=primefaces&v=4.0 HTTP/1.1" 304 -
200.75.47.134 - - [20/Mar/2024:09:59:51 -0500] "GET /sipse/faces/javax.faces.resource/layout/layout.js?ln=primefaces&v=4.0 HTTP/1.1" 304 -
200.75.47.134 - - [20/Mar/2024:09:59:52 -0500] "GET /sipse/faces/javax.faces.resource/layout/layout.css?ln=primefaces&v=4.0 HTTP/1.1" 304 -
216.244.66.195 - - [20/Mar/2024:09:59:57 -0500] "GET /BLA/resoluciones/RESOLUCIONES%202017/2983.pdf HTTP/1.1" 200 305886
179.51.119.61 - - [20/Mar/2024:09:59:27 -0500] "POST /sipse/faces/presentacion/financiero/solicitudProceso/consultar.xhtml HTTP/1.1" 200 123753
179.51.119.61 - - [20/Mar/2024:10:00:04 -0500] "GET /sipse/faces/javax.faces.resource/primefaces.css?ln=primefaces&v=4.0 HTTP/1.1" 304 -
179.51.119.61 - - [20/Mar/2024:10:00:04 -0500] "GET /sipse/faces/javax.faces.resource/theme.css?ln=primefaces-sipse HTTP/1.1" 304 -
179.51.119.61 - - [20/Mar/2024:10:00:04 -0500] "GET /sipse/faces/javax.faces.resource/jquery/jquery.js?ln=primefaces&v=4.0 HTTP/1.1" 304 -
179.51.119.61 - - [20/Mar/2024:10:00:04 -0500] "GET /sipse/faces/javax.faces.resource/layout/layout.css?ln=primefaces&v=4.0 HTTP/1.1" 304 -
179.51.119.61 - - [20/Mar/2024:10:00:04 -0500] "GET /sipse/faces/javax.faces.resource/jquery/jquery-plugins.js?ln=primefaces&v=4.0 HTTP/1.1" 304 -
179.51.119.61 - - [20/Mar/2024:10:00:04 -0500] "GET /sipse/faces/javax.faces.resource/primefaces.js?ln=primefaces&v=4.0 HTTP/1.1" 304 -
179.51.119.61 - - [20/Mar/2024:10:00:04 -0500] "GET /sipse/faces/javax.faces.resource/layout/layout.js?ln=primefaces&v=4.0 HTTP/1.1" 304 -
216.244.66.195 - - [20/Mar/2024:10:00:15 -0500] "GET /BLA/resoluciones/RESOLUCIONES%202017/3452.pdf HTTP/1.1" 200 1226703
200.75.47.134 - - [20/Mar/2024:10:00:30 -0500] "GET /sipse/faces/index.xhtml HTTP/1.1" 200 677
200.75.47.134 - - [20/Mar/2024:10:00:31 -0500] "GET /sipse/faces/javax.faces.resource/theme.css?ln=primefaces-sipse HTTP/1.1" 304 -
200.75.47.134 - - [20/Mar/2024:10:00:31 -0500] "GET /sipse/faces/faces/autenticacion.xhtml HTTP/1.1" 200 12406
200.75.47.134 - - [20/Mar/2024:10:00:33 -0500] "GET /sipse/js/disable_browser_buttons.js HTTP/1.1" 304 -
200.75.47.134 - - [20/Mar/2024:10:00:33 -0500] "GET /sipse/js/funciones.js HTTP/1.1" 304 -
200.75.47.134 - - [20/Mar/2024:10:00:33 -0500] "GET /sipse/faces/javax.faces.resource/theme.css?ln=primefaces-sipse HTTP/1.1" 304 -
200.75.47.134 - - [20/Mar/2024:10:00:33 -0500] "GET /sipse/css/custom_css_sg.css HTTP/1.1" 200 9694
200.75.47.134 - - [20/Mar/2024:10:00:33 -0500] "GET /sipse/css/custom_css_sg_prime_login.css HTTP/1.1" 200 443
200.75.47.134 - - [20/Mar/2024:10:00:33 -0500] "GET /sipse/faces/javax.faces.resource/layout/layout.css?ln=primefaces&v=4.0 HTTP/1.1" 304 -
200.75.47.134 - - [20/Mar/2024:10:00:33 -0500] "GET /sipse/faces/javax.faces.resource/primefaces.css?ln=primefaces&v=4.0 HTTP/1.1" 304 -
200.75.47.134 - - [20/Mar/2024:10:00:33 -0500] "GET /sipse/faces/javax.faces.resource/jquery/jquery.js?ln=primefaces&v=4.0 HTTP/1.1" 304 -
200.75.47.134 - - [20/Mar/2024:10:00:33 -0500] "GET /sipse/faces/javax.faces.resource/jquery/jquery-plugins.js?ln=primefaces&v=4.0 HTTP/1.1" 304 -
200.75.47.134 - - [20/Mar/2024:10:00:33 -0500] "GET /sipse/faces/javax.faces.resource/primefaces.js?ln=primefaces&v=4.0 HTTP/1.1" 304 -
200.75.47.134 - - [20/Mar/2024:10:00:33 -0500] "GET /sipse/faces/javax.faces.resource/layout/layout.js?ln=primefaces&v=4.0 HTTP/1.1" 304 -
200.75.47.134 - - [20/Mar/2024:10:00:33 -0500] "GET /sipse/css/imagen/logoSDG.png HTTP/1.1" 200 53064
200.75.47.134 - - [20/Mar/2024:10:00:33 -0500] "GET /sipse/faces/javax.faces.resource/images/ui-icons_898989_256x240.png?ln=primefaces-aristo HTTP/1.1" 200 5355
200.75.47.134 - - [20/Mar/2024:10:00:33 -0500] "GET /sipse/css/imagen/loginimg.png HTTP/1.1" 200 71635
200.75.47.134 - - [20/Mar/2024:10:00:35 -0500] "POST /sipse/faces/autenticacion.xhtml HTTP/1.1" 200 2217
200.75.47.134 - - [20/Mar/2024:10:00:38 -0500] "GET /sipse/faces/javax.faces.resource/messages/messages.png?ln=primefaces&v=4.0 HTTP/1.1" 200 27209
200.75.47.134 - - [20/Mar/2024:10:00:38 -0500] "POST /sipse/faces/autenticacion.xhtml HTTP/1.1" 200 2221
201.245.192.253 - - [20/Mar/2024:10:00:55 -0500] "POST /kwsrmcab/Wsrmcab  HTTP/1.1" 200 37499
200.75.47.134 - - [20/Mar/2024:10:00:58 -0500] "POST /sipse/faces/autenticacion.xhtml HTTP/1.1" 200 16450
200.75.47.134 - - [20/Mar/2024:10:01:01 -0500] "GET /sipse/css/custom_css_sg_prime.css HTTP/1.1" 304 -
200.75.47.134 - - [20/Mar/2024:10:01:01 -0500] "GET /sipse/js/jquery.min.js HTTP/1.1" 304 -
200.75.47.134 - - [20/Mar/2024:10:01:01 -0500] "GET /sipse/faces/javax.faces.resource/jquery/jquery.js?ln=primefaces&v=4.0 HTTP/1.1" 304 -
200.75.47.134 - - [20/Mar/2024:10:01:02 -0500] "GET /sipse/faces/javax.faces.resource/jquery/jquery-plugins.js?ln=primefaces&v=4.0 HTTP/1.1" 304 -
200.75.47.134 - - [20/Mar/2024:10:01:02 -0500] "GET /sipse/faces/javax.faces.resource/primefaces.js?ln=primefaces&v=4.0 HTTP/1.1" 304 -
201.245.192.253 - - [20/Mar/2024:10:00:55 -0500] "POST /sipse/faces/presentacion/financiero/solicitudProceso/listarSolicitudProceso.xhtml HTTP/1.1" 200 33141
200.75.47.134 - - [20/Mar/2024:10:01:02 -0500] "GET /sipse/faces/javax.faces.resource/layout/layout.js?ln=primefaces&v=4.0 HTTP/1.1" 304 -
200.75.47.134 - - [20/Mar/2024:10:01:02 -0500] "GET /sipse/css/v_mergente.css HTTP/1.1" 200 1505
200.75.47.134 - - [20/Mar/2024:10:01:02 -0500] "GET /sipse/imagenes/cargando.gif HTTP/1.1" 200 36959
200.75.47.134 - - [20/Mar/2024:10:01:02 -0500] "GET /sipse/imagenes/logoAplicacion.jpg HTTP/1.1" 200 155084
200.75.47.134 - - [20/Mar/2024:10:01:02 -0500] "GET /sipse/css/imagen/contrasena.png HTTP/1.1" 404 383
216.244.66.195 - - [20/Mar/2024:10:01:05 -0500] "GET /BLA/resoluciones/RESOLUCIONES%202017/3717.pdf HTTP/1.1" 200 278038
186.154.38.115 - - [20/Mar/2024:10:01:11 -0500] "GET /sipse/faces/index.xhtml HTTP/1.1" 200 677
186.154.38.115 - - [20/Mar/2024:10:01:12 -0500] "GET /sipse/faces/javax.faces.resource/theme.css?ln=primefaces-sipse HTTP/1.1" 304 -
186.154.38.115 - - [20/Mar/2024:10:01:12 -0500] "GET /sipse/faces/faces/autenticacion.xhtml HTTP/1.1" 200 12406
186.154.38.115 - - [20/Mar/2024:10:01:13 -0500] "GET /sipse/js/disable_browser_buttons.js HTTP/1.1" 304 -
186.154.38.115 - - [20/Mar/2024:10:01:13 -0500] "GET /sipse/css/custom_css_sg_prime_login.css HTTP/1.1" 304 -
186.154.38.115 - - [20/Mar/2024:10:01:13 -0500] "GET /sipse/faces/javax.faces.resource/layout/layout.css?ln=primefaces&v=4.0 HTTP/1.1" 304 -
186.154.38.115 - - [20/Mar/2024:10:01:13 -0500] "GET /sipse/css/custom_css_sg.css HTTP/1.1" 304 -
186.154.38.115 - - [20/Mar/2024:10:01:13 -0500] "GET /sipse/faces/javax.faces.resource/jquery/jquery.js?ln=primefaces&v=4.0 HTTP/1.1" 304 -
186.154.38.115 - - [20/Mar/2024:10:01:13 -0500] "GET /sipse/faces/javax.faces.resource/theme.css?ln=primefaces-sipse HTTP/1.1" 304 -
186.154.38.115 - - [20/Mar/2024:10:01:13 -0500] "GET /sipse/faces/javax.faces.resource/layout/layout.js?ln=primefaces&v=4.0 HTTP/1.1" 304 -
186.154.38.115 - - [20/Mar/2024:10:01:13 -0500] "GET /sipse/faces/javax.faces.resource/primefaces.css?ln=primefaces&v=4.0 HTTP/1.1" 304 -
186.154.38.115 - - [20/Mar/2024:10:01:13 -0500] "GET /sipse/js/funciones.js HTTP/1.1" 304 -
186.154.38.115 - - [20/Mar/2024:10:01:13 -0500] "GET /sipse/faces/javax.faces.resource/jquery/jquery-plugins.js?ln=primefaces&v=4.0 HTTP/1.1" 304 -
186.154.38.115 - - [20/Mar/2024:10:01:13 -0500] "GET /sipse/faces/javax.faces.resource/primefaces.js?ln=primefaces&v=4.0 HTTP/1.1" 304 -
186.154.38.115 - - [20/Mar/2024:10:01:13 -0500] "GET /sipse/css/imagen/loginimg.png HTTP/1.1" 304 -
186.154.38.115 - - [20/Mar/2024:10:01:13 -0500] "GET /sipse/css/imagen/logoSDG.png HTTP/1.1" 304 -
186.154.38.115 - - [20/Mar/2024:10:01:13 -0500] "GET /sipse/faces/javax.faces.resource/images/ui-icons_898989_256x240.png?ln=primefaces-aristo HTTP/1.1" 304 -
52.167.144.214 - - [20/Mar/2024:10:01:21 -0500] "GET /mas-de-738-personas-asistieron-a-la-feria-ambiental-de-servicios-a-la-ciudadania-2023.html HTTP/1.1" 200 942
186.154.38.115 - - [20/Mar/2024:10:01:21 -0500] "POST /sipse/faces/autenticacion.xhtml HTTP/1.1" 200 2218
186.154.38.115 - - [20/Mar/2024:10:01:23 -0500] "GET /sipse/faces/javax.faces.resource/messages/messages.png?ln=primefaces&v=4.0 HTTP/1.1" 304 -
201.245.192.253 - - [20/Mar/2024:10:01:19 -0500] "POST /sipse/faces/presentacion/financiero/solicitudProceso/listarSolicitudProceso.xhtml HTTP/1.1" 200 33161
186.154.38.115 - - [20/Mar/2024:10:01:25 -0500] "POST /sipse/faces/autenticacion.xhtml HTTP/1.1" 200 16466
186.154.38.115 - - [20/Mar/2024:10:01:29 -0500] "GET /sipse/css/custom_css_sg_prime.css HTTP/1.1" 304 -
186.154.38.115 - - [20/Mar/2024:10:01:29 -0500] "GET /sipse/js/jquery.min.js HTTP/1.1" 304 -
186.154.38.115 - - [20/Mar/2024:10:01:29 -0500] "GET /sipse/faces/javax.faces.resource/theme.css?ln=primefaces-sipse HTTP/1.1" 304 -
201.245.192.253 - - [20/Mar/2024:10:01:29 -0500] "POST /forms/lservlet;jsessionid=ac16012b30d61aff71fa34ac405d99d9c4d551ba1c6a.e3iSbxaKaheRe3iNc3uNbNmQay1ynknvrkLOlQzNp65In0 HTTP/1.1" 200 2
186.154.38.115 - - [20/Mar/2024:10:01:29 -0500] "GET /sipse/faces/javax.faces.resource/layout/layout.css?ln=primefaces&v=4.0 HTTP/1.1" 304 -
186.154.38.115 - - [20/Mar/2024:10:01:29 -0500] "GET /sipse/faces/javax.faces.resource/jquery/jquery.js?ln=primefaces&v=4.0 HTTP/1.1" 304 -
186.154.38.115 - - [20/Mar/2024:10:01:29 -0500] "GET /sipse/faces/javax.faces.resource/primefaces.css?ln=primefaces&v=4.0 HTTP/1.1" 304 -
186.154.38.115 - - [20/Mar/2024:10:01:29 -0500] "GET /sipse/faces/javax.faces.resource/jquery/jquery-plugins.js?ln=primefaces&v=4.0 HTTP/1.1" 304 -
186.154.38.115 - - [20/Mar/2024:10:01:29 -0500] "GET /sipse/faces/javax.faces.resource/primefaces.js?ln=primefaces&v=4.0 HTTP/1.1" 304 -
186.154.38.115 - - [20/Mar/2024:10:01:29 -0500] "GET /sipse/faces/javax.faces.resource/layout/layout.js?ln=primefaces&v=4.0 HTTP/1.1" 304 -
186.154.38.115 - - [20/Mar/2024:10:01:29 -0500] "GET /sipse/css/v_mergente.css HTTP/1.1" 304 -
186.154.38.115 - - [20/Mar/2024:10:01:29 -0500] "GET /sipse/imagenes/logoAplicacion.jpg HTTP/1.1" 304 -
186.154.38.115 - - [20/Mar/2024:10:01:29 -0500] "GET /sipse/css/imagen/contrasena.png HTTP/1.1" 404 383
186.154.38.115 - - [20/Mar/2024:10:01:29 -0500] "GET /sipse/imagenes/cargando.gif HTTP/1.1" 304 -
190.66.251.149 - - [20/Mar/2024:10:01:29 -0500] "GET /kwsrmcab/Wsrmcab?wsdl HTTP/1.1" 200 6948
186.154.38.115 - - [20/Mar/2024:10:01:29 -0500] "POST /sipse/faces/bienvenido.xhtml HTTP/1.1" 200 732
179.51.119.61 - - [20/Mar/2024:10:01:35 -0500] "GET /sipse/faces/javax.faces.resource/theme.css?ln=primefaces-sipse HTTP/1.1" 304 -
179.51.119.61 - - [20/Mar/2024:10:01:35 -0500] "GET /sipse/faces/javax.faces.resource/jquery/jquery.js?ln=primefaces&v=4.0 HTTP/1.1" 304 -
179.51.119.61 - - [20/Mar/2024:10:01:35 -0500] "GET /sipse/faces/javax.faces.resource/primefaces.css?ln=primefaces&v=4.0 HTTP/1.1" 304 -
179.51.119.61 - - [20/Mar/2024:10:01:35 -0500] "GET /sipse/faces/javax.faces.resource/jquery/jquery-plugins.js?ln=primefaces&v=4.0 HTTP/1.1" 304 -
179.51.119.61 - - [20/Mar/2024:10:01:35 -0500] "GET /sipse/faces/javax.faces.resource/layout/layout.css?ln=primefaces&v=4.0 HTTP/1.1" 304 -
179.51.119.61 - - [20/Mar/2024:10:00:40 -0500] "POST /sipse/faces/presentacion/financiero/solicitudProceso/consultarSolicitudProceso.xhtml HTTP/1.1" 200 45667
179.51.119.61 - - [20/Mar/2024:10:01:35 -0500] "GET /sipse/faces/javax.faces.resource/primefaces.js?ln=primefaces&v=4.0 HTTP/1.1" 304 -
179.51.119.61 - - [20/Mar/2024:10:01:35 -0500] "GET /sipse/faces/javax.faces.resource/layout/layout.js?ln=primefaces&v=4.0 HTTP/1.1" 304 -
201.245.192.253 - - [20/Mar/2024:10:01:37 -0500] "GET /appsia/controlador HTTP/1.1" 200 4799
201.245.192.253 - - [20/Mar/2024:10:01:37 -0500] "GET /appsia/css/estilos.css HTTP/1.1" 200 4804
201.245.192.253 - - [20/Mar/2024:10:01:37 -0500] "GET /appsia/scripts/validarIngreso.js HTTP/1.1" 200 851
201.245.192.253 - - [20/Mar/2024:10:01:37 -0500] "GET /appsia/images/cabezoteHojaVida.png HTTP/1.1" 200 32493
201.245.192.253 - - [20/Mar/2024:10:01:37 -0500] "GET /appsia/images/logo_bogota_p.png HTTP/1.1" 200 14951
201.245.192.253 - - [20/Mar/2024:10:01:28 -0500] "POST /sipse/faces/presentacion/financiero/solicitudProceso/listarSolicitudProceso.xhtml HTTP/1.1" 200 33153
186.154.38.115 - - [20/Mar/2024:10:01:38 -0500] "GET /sipse/faces/javax.faces.resource/images/ui-bg_flat_0_2d5972_40x100.png?ln=primefaces-aristo HTTP/1.1" 304 -
200.75.47.134 - - [20/Mar/2024:09:59:52 -0500] "POST /sipse/faces/presentacion/financiero/solicitudProceso/listarSolicitudProceso.xhtml HTTP/1.1" 200 1556
186.154.38.115 - - [20/Mar/2024:10:01:38 -0500] "POST /sipse/faces/bienvenido.xhtml HTTP/1.1" 200 2060
216.244.66.195 - - [20/Mar/2024:10:01:43 -0500] "GET /BLA/resoluciones/RESOLUCIONES%202019/0071.pdf HTTP/1.1" 200 373419
200.75.47.134 - - [20/Mar/2024:10:01:40 -0500] "POST /sipse/faces/presentacion/financiero/solicitudProceso/listarSolicitudProceso.xhtml HTTP/1.1" 200 4764
201.245.192.253 - - [20/Mar/2024:10:01:45 -0500] "POST /appsia/controlador HTTP/1.1" 200 5437
201.245.192.253 - - [20/Mar/2024:10:01:46 -0500] "POST /appsia/controlador HTTP/1.1" 200 7793
201.245.192.253 - - [20/Mar/2024:10:01:39 -0500] "POST /sipse/faces/presentacion/financiero/solicitudProceso/listarSolicitudProceso.xhtml HTTP/1.1" 200 20867
186.154.38.115 - - [20/Mar/2024:10:01:40 -0500] "POST /sipse/faces/bienvenido.xhtml HTTP/1.1" 200 32560
186.154.38.115 - - [20/Mar/2024:10:01:46 -0500] "GET /sipse/faces/javax.faces.resource/primefaces.css?ln=primefaces&v=4.0 HTTP/1.1" 304 -
186.154.38.115 - - [20/Mar/2024:10:01:46 -0500] "GET /sipse/faces/javax.faces.resource/theme.css?ln=primefaces-sipse HTTP/1.1" 304 -
186.154.38.115 - - [20/Mar/2024:10:01:46 -0500] "GET /sipse/faces/javax.faces.resource/layout/layout.css?ln=primefaces&v=4.0 HTTP/1.1" 304 -
186.154.38.115 - - [20/Mar/2024:10:01:46 -0500] "GET /sipse/faces/javax.faces.resource/jquery/jquery.js?ln=primefaces&v=4.0 HTTP/1.1" 304 -
186.154.38.115 - - [20/Mar/2024:10:01:46 -0500] "GET /sipse/faces/javax.faces.resource/jquery/jquery-plugins.js?ln=primefaces&v=4.0 HTTP/1.1" 304 -
186.154.38.115 - - [20/Mar/2024:10:01:46 -0500] "GET /sipse/faces/javax.faces.resource/primefaces.js?ln=primefaces&v=4.0 HTTP/1.1" 304 -
186.154.38.115 - - [20/Mar/2024:10:01:46 -0500] "GET /sipse/faces/javax.faces.resource/layout/layout.js?ln=primefaces&v=4.0 HTTP/1.1" 304 -
201.245.192.253 - - [20/Mar/2024:10:01:48 -0500] "POST /appsia/controlador HTTP/1.1" 200 6666
186.154.38.115 - - [20/Mar/2024:10:01:46 -0500] "POST /sipse/faces/presentacion/financiero/solicitudProceso/listarSolicitudProceso.xhtml HTTP/1.1" 200 1372
201.245.192.253 - - [20/Mar/2024:10:01:49 -0500] "POST /appsia/controlador HTTP/1.1" 200 10154
201.245.192.253 - - [20/Mar/2024:10:01:51 -0500] "POST /appsia/controlador HTTP/1.1" 200 75787
201.245.192.253 - - [20/Mar/2024:10:01:46 -0500] "POST /sipse/faces/presentacion/financiero/solicitudProceso/listarSolicitudProceso.xhtml HTTP/1.1" 200 20863
179.51.119.61 - - [20/Mar/2024:10:01:49 -0500] "POST /sipse/faces/presentacion/financiero/solicitudProceso/consultar.xhtml HTTP/1.1" 200 12976
201.245.192.253 - - [20/Mar/2024:10:01:52 -0500] "POST /sipse/faces/presentacion/financiero/solicitudProceso/listarSolicitudProceso.xhtml HTTP/1.1" 200 20871
172.22.2.4 - - [20/Mar/2024:10:00:19 -0500] "HEAD /BLA/boletinlegal/ HTTP/1.1" 200 -
59.182.38.0 - - [20/Mar/2024:10:02:05 -0500] "GET / HTTP/1.1" 200 319
186.154.38.115 - - [20/Mar/2024:10:02:04 -0500] "POST /sipse/faces/presentacion/financiero/solicitudProceso/listarSolicitudProceso.xhtml HTTP/1.1" 200 25820
186.154.38.115 - - [20/Mar/2024:10:02:08 -0500] "POST /sipse/faces/presentacion/financiero/solicitudProceso/listarSolicitudProceso.xhtml HTTP/1.1" 200 25820
172.22.2.4 - - [20/Mar/2024:10:02:15 -0500] "GET /BLA/boletinlegal/normativa.php HTTP/1.1" 200 8397
186.154.38.115 - - [20/Mar/2024:10:02:13 -0500] "POST /sipse/faces/presentacion/financiero/solicitudProceso/listarSolicitudProceso.xhtml HTTP/1.1" 200 1372
186.154.38.115 - - [20/Mar/2024:10:02:16 -0500] "POST /sipse/faces/presentacion/financiero/solicitudProceso/listarSolicitudProceso.xhtml HTTP/1.1" 200 1376
172.22.2.4 - - [20/Mar/2024:10:02:19 -0500] "GET /BLA/boletinlegal/actos.php HTTP/1.1" 200 9738
201.245.192.253 - - [20/Mar/2024:10:02:20 -0500] "GET /BLA/resoluciones/ HTTP/1.1" 200 14105
200.75.47.134 - - [20/Mar/2024:10:01:52 -0500] "POST /sipse/faces/presentacion/financiero/solicitudProceso/listarSolicitudProceso.xhtml HTTP/1.1" 200 44937
201.245.192.253 - - [20/Mar/2024:10:02:24 -0500] "GET /BLA/resoluciones/index.php?dir=RESOLUCIONES+2023%2F HTTP/1.1" 200 147198
216.244.66.195 - - [20/Mar/2024:10:02:26 -0500] "GET /BLA/resoluciones/RESOLUCIONES%202019/0427.pdf HTTP/1.1" 200 265237
201.245.192.253 - - [20/Mar/2024:10:02:28 -0500] "GET /BLA/resoluciones/RESOLUCIONES%202023/0051.pdf HTTP/1.1" 200 1039482
186.154.38.115 - - [20/Mar/2024:10:02:29 -0500] "POST /sipse/faces/presentacion/financiero/solicitudProceso/listarSolicitudProceso.xhtml HTTP/1.1" 200 2652
201.245.192.253 - - [20/Mar/2024:10:02:34 -0500] "GET /BLA/resoluciones/index.php?dir=RESOLUCIONES+2023%2F HTTP/1.1" 200 147198
179.51.119.61 - - [20/Mar/2024:10:01:55 -0500] "POST /sipse/faces/presentacion/financiero/solicitudProceso/consultar.xhtml HTTP/1.1" 200 137768
179.51.119.61 - - [20/Mar/2024:10:02:36 -0500] "GET /sipse/faces/javax.faces.resource/theme.css?ln=primefaces-sipse HTTP/1.1" 304 -
179.51.119.61 - - [20/Mar/2024:10:02:36 -0500] "GET /sipse/faces/javax.faces.resource/jquery/jquery.js?ln=primefaces&v=4.0 HTTP/1.1" 304 -
179.51.119.61 - - [20/Mar/2024:10:02:36 -0500] "GET /sipse/faces/javax.faces.resource/primefaces.css?ln=primefaces&v=4.0 HTTP/1.1" 304 -
179.51.119.61 - - [20/Mar/2024:10:02:36 -0500] "GET /sipse/faces/javax.faces.resource/layout/layout.css?ln=primefaces&v=4.0 HTTP/1.1" 304 -
179.51.119.61 - - [20/Mar/2024:10:02:36 -0500] "GET /sipse/faces/javax.faces.resource/jquery/jquery-plugins.js?ln=primefaces&v=4.0 HTTP/1.1" 304 -
179.51.119.61 - - [20/Mar/2024:10:02:36 -0500] "GET /sipse/faces/javax.faces.resource/primefaces.js?ln=primefaces&v=4.0 HTTP/1.1" 304 -
186.154.38.115 - - [20/Mar/2024:10:02:34 -0500] "POST /sipse/faces/presentacion/financiero/solicitudProceso/listarSolicitudProceso.xhtml HTTP/1.1" 200 2655
179.51.119.61 - - [20/Mar/2024:10:02:36 -0500] "GET /sipse/faces/javax.faces.resource/layout/layout.js?ln=primefaces&v=4.0 HTTP/1.1" 304 -
201.245.192.253 - - [20/Mar/2024:08:22:45 -0500] "POST /reportes_sipse/sdg/ServletReporte?seguimiento_procesos& HTTP/1.1" 502 1367
201.245.192.253 - - [20/Mar/2024:10:02:45 -0500] "GET /BLA/resoluciones/RESOLUCIONES%202023/3035.pdf HTTP/1.1" 200 880467
200.75.47.134 - - [20/Mar/2024:10:02:33 -0500] "POST /sipse/faces/presentacion/financiero/solicitudProceso/listarSolicitudProceso.xhtml HTTP/1.1" 200 16384
172.22.2.4 - - [20/Mar/2024:10:01:09 -0500] "GET /BLA/boletinlegal/ HTTP/1.1" 200 56779
172.22.2.4 - - [20/Mar/2024:10:02:13 -0500] "GET /BLA/boletinlegal/ HTTP/1.1" 200 24523
216.244.66.195 - - [20/Mar/2024:10:03:00 -0500] "GET /BLA/resoluciones/RESOLUCIONES%202019/1769.pdf HTTP/1.1" 200 527866
200.75.47.134 - - [20/Mar/2024:10:03:07 -0500] "GET /sipse/faces/javax.faces.resource/images/ui-bg_flat_0_2d5972_40x100.png?ln=primefaces-aristo HTTP/1.1" 200 183
201.245.192.253 - - [20/Mar/2024:10:02:21 -0500] "POST /sipse/faces/presentacion/financiero/solicitudProceso/listarSolicitudProceso.xhtml HTTP/1.1" 200 153756
201.245.192.253 - - [20/Mar/2024:10:03:07 -0500] "GET /sipse/faces/javax.faces.resource/jquery/jquery.js?ln=primefaces&v=4.0 HTTP/1.1" 304 -
201.245.192.253 - - [20/Mar/2024:10:03:07 -0500] "GET /sipse/faces/javax.faces.resource/jquery/jquery-plugins.js?ln=primefaces&v=4.0 HTTP/1.1" 304 -
201.245.192.253 - - [20/Mar/2024:10:03:07 -0500] "GET /sipse/faces/javax.faces.resource/primefaces.js?ln=primefaces&v=4.0 HTTP/1.1" 304 -
201.245.192.253 - - [20/Mar/2024:10:03:07 -0500] "GET /sipse/faces/javax.faces.resource/layout/layout.js?ln=primefaces&v=4.0 HTTP/1.1" 304 -
200.75.47.134 - - [20/Mar/2024:10:03:07 -0500] "POST /sipse/faces/bienvenido.xhtml HTTP/1.1" 200 2658
190.66.251.149 - - [20/Mar/2024:10:02:06 -0500] "POST /kwsrmcab/Wsrmcab HTTP/1.1" 200 37956
190.66.251.149 - - [20/Mar/2024:10:03:10 -0500] "POST /kwsrmcab/Wsrmcab HTTP/1.1" 200 37956
200.118.80.38 - - [20/Mar/2024:10:03:14 -0500] "POST /kwsrmcab/Wsrmcab HTTP/1.1" 200 37935
190.66.251.149 - - [20/Mar/2024:10:03:17 -0500] "POST /kwsrmcab/Wsrmcab HTTP/1.1" 200 37941
200.118.80.38 - - [20/Mar/2024:10:03:18 -0500] "POST /kwsrmcab/Wsrmcab HTTP/1.1" 200 37914
201.245.192.253 - - [20/Mar/2024:10:03:11 -0500] "POST /sipse/faces/presentacion/financiero/solicitudProceso/consultarSolicitudProceso.xhtml HTTP/1.1" 200 47471
190.66.251.149 - - [20/Mar/2024:10:03:21 -0500] "POST /kwsrmcab/Wsrmcab HTTP/1.1" 200 36896
200.118.80.38 - - [20/Mar/2024:10:03:24 -0500] "POST /kwsrmcab/Wsrmcab HTTP/1.1" 200 37941
190.66.251.149 - - [20/Mar/2024:10:03:27 -0500] "POST /kwsrmcab/Wsrmcab HTTP/1.1" 200 37914
190.66.251.149 - - [20/Mar/2024:10:03:33 -0500] "POST /kwsrmcab/Wsrmcab HTTP/1.1" 200 37923
201.245.192.253 - - [20/Mar/2024:10:03:34 -0500] "POST /forms/lservlet;jsessionid=ac16012b30d61aff71fa34ac405d99d9c4d551ba1c6a.e3iSbxaKaheRe3iNc3uNbNmQay1ynknvrkLOlQzNp65In0 HTTP/1.1" 200 2
216.244.66.195 - - [20/Mar/2024:10:03:41 -0500] "GET /BLA/resoluciones/RESOLUCIONES%202019/1831.pdf HTTP/1.1" 200 253430
201.245.192.253 - - [20/Mar/2024:10:04:07 -0500] "POST /sipse/faces/presentacion/financiero/solicitudProceso/consultar.xhtml HTTP/1.1" 200 3902
216.244.66.195 - - [20/Mar/2024:10:04:12 -0500] "GET /BLA/resoluciones/RESOLUCIONES%202019/2115.pdf HTTP/1.1" 200 282572
216.245.221.92 - - [20/Mar/2024:10:04:14 -0500] "HEAD / HTTP/1.1" 200 -
200.118.80.38 - - [20/Mar/2024:10:04:15 -0500] "POST /kwsrmcab/Wsrmcab HTTP/1.1" 200 37926
201.245.192.253 - - [20/Mar/2024:10:04:16 -0500] "POST /sipse/faces/presentacion/financiero/solicitudProceso/consultar.xhtml HTTP/1.1" 200 23073
200.118.80.38 - - [20/Mar/2024:10:04:20 -0500] "POST /kwsrmcab/Wsrmcab HTTP/1.1" 200 37935
200.118.80.38 - - [20/Mar/2024:10:04:25 -0500] "POST /kwsrmcab/Wsrmcab HTTP/1.1" 200 37916
201.245.192.253 - - [20/Mar/2024:10:04:23 -0500] "POST /sipse/faces/presentacion/financiero/solicitudProceso/consultar.xhtml HTTP/1.1" 200 12796
200.118.80.38 - - [20/Mar/2024:10:04:30 -0500] "POST /kwsrmcab/Wsrmcab HTTP/1.1" 200 37923
52.167.144.191 - - [20/Mar/2024:10:04:32 -0500] "GET /Publicaciones/2024EE35186.pdf HTTP/1.1" 404 227
200.118.80.38 - - [20/Mar/2024:10:04:35 -0500] "POST /kwsrmcab/Wsrmcab HTTP/1.1" 200 37914
200.118.80.38 - - [20/Mar/2024:10:04:40 -0500] "POST /kwsrmcab/Wsrmcab HTTP/1.1" 200 37921
216.244.66.195 - - [20/Mar/2024:10:04:41 -0500] "GET /BLA/resoluciones/RESOLUCIONES%202019/2130.pdf HTTP/1.1" 200 289588
200.118.80.38 - - [20/Mar/2024:10:04:45 -0500] "POST /kwsrmcab/Wsrmcab HTTP/1.1" 200 37941
201.245.192.253 - - [20/Mar/2024:10:04:45 -0500] "POST /sipse/faces/presentacion/financiero/solicitudProceso/consultar.xhtml HTTP/1.1" 200 10101
200.118.80.38 - - [20/Mar/2024:10:04:50 -0500] "POST /kwsrmcab/Wsrmcab HTTP/1.1" 200 37956
200.118.80.38 - - [20/Mar/2024:10:04:57 -0500] "POST /kwsrmcab/Wsrmcab HTTP/1.1" 200 36896
201.245.192.253 - - [20/Mar/2024:10:04:55 -0500] "POST /sipse/faces/presentacion/financiero/solicitudProceso/consultar.xhtml HTTP/1.1" 200 4962
186.154.38.115 - - [20/Mar/2024:10:05:00 -0500] "GET /sipse/faces/index.xhtml HTTP/1.1" 200 677
186.154.38.115 - - [20/Mar/2024:10:05:01 -0500] "GET /sipse/faces/javax.faces.resource/theme.css?ln=primefaces-sipse HTTP/1.1" 304 -
186.154.38.115 - - [20/Mar/2024:10:05:01 -0500] "GET /sipse/faces/faces/autenticacion.xhtml HTTP/1.1" 200 12413
186.154.38.115 - - [20/Mar/2024:10:05:02 -0500] "GET /sipse/faces/javax.faces.resource/theme.css?ln=primefaces-sipse HTTP/1.1" 304 -
186.154.38.115 - - [20/Mar/2024:10:05:02 -0500] "GET /sipse/faces/javax.faces.resource/primefaces.css?ln=primefaces&v=4.0 HTTP/1.1" 304 -
186.154.38.115 - - [20/Mar/2024:10:05:02 -0500] "GET /sipse/faces/javax.faces.resource/layout/layout.css?ln=primefaces&v=4.0 HTTP/1.1" 304 -
186.154.38.115 - - [20/Mar/2024:10:05:02 -0500] "GET /sipse/faces/javax.faces.resource/primefaces.js?ln=primefaces&v=4.0 HTTP/1.1" 304 -
186.154.38.115 - - [20/Mar/2024:10:05:02 -0500] "GET /sipse/faces/javax.faces.resource/layout/layout.js?ln=primefaces&v=4.0 HTTP/1.1" 304 -
186.154.38.115 - - [20/Mar/2024:10:05:02 -0500] "GET /sipse/faces/javax.faces.resource/jquery/jquery.js?ln=primefaces&v=4.0 HTTP/1.1" 304 -
186.154.38.115 - - [20/Mar/2024:10:05:02 -0500] "GET /sipse/faces/javax.faces.resource/jquery/jquery-plugins.js?ln=primefaces&v=4.0 HTTP/1.1" 304 -
186.154.38.115 - - [20/Mar/2024:10:05:11 -0500] "POST /sipse/faces/autenticacion.xhtml HTTP/1.1" 200 2218
186.154.38.115 - - [20/Mar/2024:10:05:14 -0500] "POST /sipse/faces/autenticacion.xhtml HTTP/1.1" 200 2222
201.245.192.253 - - [20/Mar/2024:10:04:31 -0500] "POST /sipse/faces/presentacion/financiero/solicitudProceso/consultar.xhtml HTTP/1.1" 200 148942
201.245.192.253 - - [20/Mar/2024:10:05:17 -0500] "GET /sipse/faces/javax.faces.resource/jquery/jquery.js?ln=primefaces&v=4.0 HTTP/1.1" 304 -
201.245.192.253 - - [20/Mar/2024:10:05:17 -0500] "GET /sipse/faces/javax.faces.resource/jquery/jquery-plugins.js?ln=primefaces&v=4.0 HTTP/1.1" 304 -
216.244.66.195 - - [20/Mar/2024:10:05:17 -0500] "GET /BLA/resoluciones/RESOLUCIONES%202019/2709.pdf HTTP/1.1" 200 467698
201.245.192.253 - - [20/Mar/2024:10:05:18 -0500] "GET /sipse/faces/javax.faces.resource/primefaces.js?ln=primefaces&v=4.0 HTTP/1.1" 304 -
201.245.192.253 - - [20/Mar/2024:10:05:18 -0500] "GET /sipse/faces/javax.faces.resource/layout/layout.js?ln=primefaces&v=4.0 HTTP/1.1" 304 -
200.75.47.134 - - [20/Mar/2024:10:03:19 -0500] "POST /sipse/faces/bienvenido.xhtml HTTP/1.1" 200 64495
200.75.47.134 - - [20/Mar/2024:10:05:20 -0500] "GET /sipse/faces/javax.faces.resource/jquery/jquery.js?ln=primefaces&v=4.0 HTTP/1.1" 304 -
186.154.38.115 - - [20/Mar/2024:10:05:16 -0500] "POST /sipse/faces/autenticacion.xhtml HTTP/1.1" 200 16486
186.154.38.115 - - [20/Mar/2024:10:05:20 -0500] "GET /sipse/faces/javax.faces.resource/layout/layout.css?ln=primefaces&v=4.0 HTTP/1.1" 304 -
200.75.47.134 - - [20/Mar/2024:10:05:20 -0500] "GET /sipse/faces/javax.faces.resource/jquery/jquery-plugins.js?ln=primefaces&v=4.0 HTTP/1.1" 304 -
186.154.38.115 - - [20/Mar/2024:10:05:20 -0500] "GET /sipse/faces/javax.faces.resource/jquery/jquery.js?ln=primefaces&v=4.0 HTTP/1.1" 304 -
186.154.38.115 - - [20/Mar/2024:10:05:20 -0500] "GET /sipse/faces/javax.faces.resource/primefaces.css?ln=primefaces&v=4.0 HTTP/1.1" 304 -
186.154.38.115 - - [20/Mar/2024:10:05:20 -0500] "GET /sipse/faces/javax.faces.resource/theme.css?ln=primefaces-sipse HTTP/1.1" 304 -
186.154.38.115 - - [20/Mar/2024:10:05:20 -0500] "GET /sipse/faces/javax.faces.resource/jquery/jquery-plugins.js?ln=primefaces&v=4.0 HTTP/1.1" 304 -
186.154.38.115 - - [20/Mar/2024:10:05:20 -0500] "GET /sipse/faces/javax.faces.resource/primefaces.js?ln=primefaces&v=4.0 HTTP/1.1" 304 -
186.154.38.115 - - [20/Mar/2024:10:05:20 -0500] "GET /sipse/faces/javax.faces.resource/layout/layout.js?ln=primefaces&v=4.0 HTTP/1.1" 304 -
200.75.47.134 - - [20/Mar/2024:10:05:20 -0500] "GET /sipse/faces/javax.faces.resource/primefaces.js?ln=primefaces&v=4.0 HTTP/1.1" 304 -
200.75.47.134 - - [20/Mar/2024:10:05:20 -0500] "GET /sipse/faces/javax.faces.resource/layout/layout.js?ln=primefaces&v=4.0 HTTP/1.1" 304 -
186.154.38.115 - - [20/Mar/2024:10:05:20 -0500] "POST /sipse/faces/bienvenido.xhtml HTTP/1.1" 200 732
186.154.38.115 - - [20/Mar/2024:10:05:23 -0500] "POST /sipse/faces/bienvenido.xhtml HTTP/1.1" 200 2055
66.249.66.20 - - [20/Mar/2024:10:05:33 -0500] "GET /portel_dama/libreria/php/2006/ECOSISTEMAS%20FINAL%20web_mz27/incendios/sitio/xtras/2.pdf HTTP/1.1" 404 1018
66.249.66.20 - - [20/Mar/2024:10:05:33 -0500] "GET /robots.txt HTTP/1.1" 404 1018
201.245.192.253 - - [20/Mar/2024:10:05:46 -0500] "POST /forms/lservlet;jsessionid=ac16012b30d61aff71fa34ac405d99d9c4d551ba1c6a.e3iSbxaKaheRe3iNc3uNbNmQay1ynknvrkLOlQzNp65In0 HTTP/1.1" 200 2
201.245.192.253 - - [20/Mar/2024:10:05:49 -0500] "POST /forms/lservlet;jsessionid=ac16012b30d61aff71fa34ac405d99d9c4d551ba1c6a.e3iSbxaKaheRe3iNc3uNbNmQay1ynknvrkLOlQzNp65In0 HTTP/1.1" 200 1326
201.245.192.253 - - [20/Mar/2024:10:05:49 -0500] "POST /forms/lservlet;jsessionid=ac16012b30d61aff71fa34ac405d99d9c4d551ba1c6a.e3iSbxaKaheRe3iNc3uNbNmQay1ynknvrkLOlQzNp65In0 HTTP/1.1" 200 10
201.245.192.253 - - [20/Mar/2024:10:05:52 -0500] "POST /forms/lservlet;jsessionid=ac16012b30d61aff71fa34ac405d99d9c4d551ba1c6a.e3iSbxaKaheRe3iNc3uNbNmQay1ynknvrkLOlQzNp65In0 HTTP/1.1" 200 13
201.245.192.253 - - [20/Mar/2024:10:05:53 -0500] "POST /forms/lservlet;jsessionid=ac16012b30d61aff71fa34ac405d99d9c4d551ba1c6a.e3iSbxaKaheRe3iNc3uNbNmQay1ynknvrkLOlQzNp65In0 HTTP/1.1" 200 207
201.245.192.253 - - [20/Mar/2024:10:05:53 -0500] "POST /forms/lservlet;jsessionid=ac16012b30d61aff71fa34ac405d99d9c4d551ba1c6a.e3iSbxaKaheRe3iNc3uNbNmQay1ynknvrkLOlQzNp65In0 HTTP/1.1" 200 21
201.245.192.253 - - [20/Mar/2024:10:05:53 -0500] "POST /forms/lservlet;jsessionid=ac16012b30d61aff71fa34ac405d99d9c4d551ba1c6a.e3iSbxaKaheRe3iNc3uNbNmQay1ynknvrkLOlQzNp65In0 HTTP/1.1" 200 7
201.245.192.253 - - [20/Mar/2024:10:05:53 -0500] "POST /forms/lservlet;jsessionid=ac16012b30d61aff71fa34ac405d99d9c4d551ba1c6a.e3iSbxaKaheRe3iNc3uNbNmQay1ynknvrkLOlQzNp65In0 HTTP/1.1" 200 97
201.245.192.253 - - [20/Mar/2024:10:05:54 -0500] "POST /forms/lservlet;jsessionid=ac16012b30d61aff71fa34ac405d99d9c4d551ba1c6a.e3iSbxaKaheRe3iNc3uNbNmQay1ynknvrkLOlQzNp65In0 HTTP/1.1" 200 2
201.245.192.253 - - [20/Mar/2024:10:05:55 -0500] "POST /forms/lservlet;jsessionid=ac16012b30d61aff71fa34ac405d99d9c4d551ba1c6a.e3iSbxaKaheRe3iNc3uNbNmQay1ynknvrkLOlQzNp65In0 HTTP/1.1" 200 83
201.245.192.253 - - [20/Mar/2024:10:05:55 -0500] "POST /forms/lservlet;jsessionid=ac16012b30d61aff71fa34ac405d99d9c4d551ba1c6a.e3iSbxaKaheRe3iNc3uNbNmQay1ynknvrkLOlQzNp65In0 HTTP/1.1" 200 53
216.244.66.195 - - [20/Mar/2024:10:05:55 -0500] "GET /BLA/resoluciones/RESOLUCIONES%202019/2740.pdf HTTP/1.1" 200 702744
201.245.192.253 - - [20/Mar/2024:10:05:15 -0500] "POST /sipse/faces/presentacion/financiero/solicitudProceso/consultar.xhtml HTTP/1.1" 200 125815
201.245.192.253 - - [20/Mar/2024:10:05:55 -0500] "GET /sipse/faces/javax.faces.resource/theme.css?ln=primefaces-sipse HTTP/1.1" 304 -
201.245.192.253 - - [20/Mar/2024:10:05:55 -0500] "POST /forms/lservlet;jsessionid=ac16012b30d61aff71fa34ac405d99d9c4d551ba1c6a.e3iSbxaKaheRe3iNc3uNbNmQay1ynknvrkLOlQzNp65In0 HTTP/1.1" 200 2
201.245.192.253 - - [20/Mar/2024:10:05:55 -0500] "POST /forms/lservlet;jsessionid=ac16012b30d61aff71fa34ac405d99d9c4d551ba1c6a.e3iSbxaKaheRe3iNc3uNbNmQay1ynknvrkLOlQzNp65In0 HTTP/1.1" 200 75
201.245.192.253 - - [20/Mar/2024:10:05:55 -0500] "GET /sipse/faces/javax.faces.resource/jquery/jquery.js?ln=primefaces&v=4.0 HTTP/1.1" 304 -
201.245.192.253 - - [20/Mar/2024:10:05:55 -0500] "GET /sipse/faces/javax.faces.resource/layout/layout.css?ln=primefaces&v=4.0 HTTP/1.1" 304 -
201.245.192.253 - - [20/Mar/2024:10:05:55 -0500] "GET /sipse/faces/javax.faces.resource/jquery/jquery-plugins.js?ln=primefaces&v=4.0 HTTP/1.1" 304 -
201.245.192.253 - - [20/Mar/2024:10:05:55 -0500] "GET /sipse/faces/javax.faces.resource/primefaces.css?ln=primefaces&v=4.0 HTTP/1.1" 304 -
201.245.192.253 - - [20/Mar/2024:10:05:55 -0500] "GET /sipse/faces/javax.faces.resource/primefaces.js?ln=primefaces&v=4.0 HTTP/1.1" 304 -
201.245.192.253 - - [20/Mar/2024:10:05:55 -0500] "GET /sipse/faces/javax.faces.resource/layout/layout.js?ln=primefaces&v=4.0 HTTP/1.1" 304 -
201.245.192.253 - - [20/Mar/2024:10:05:55 -0500] "GET /sipse/css/imagen/contrasena.png HTTP/1.1" 404 383
201.245.192.253 - - [20/Mar/2024:10:05:53 -0500] "POST /kwsrmcab/Wsrmcab  HTTP/1.1" 200 37499
201.245.192.253 - - [20/Mar/2024:10:05:56 -0500] "POST /forms/lservlet;jsessionid=ac16012b30d61aff71fa34ac405d99d9c4d551ba1c6a.e3iSbxaKaheRe3iNc3uNbNmQay1ynknvrkLOlQzNp65In0 HTTP/1.1" 200 2576
201.245.192.253 - - [20/Mar/2024:10:05:57 -0500] "POST /forms/lservlet;jsessionid=ac16012b30d61aff71fa34ac405d99d9c4d551ba1c6a.e3iSbxaKaheRe3iNc3uNbNmQay1ynknvrkLOlQzNp65In0 HTTP/1.1" 200 13
201.245.192.253 - - [20/Mar/2024:10:06:09 -0500] "POST /forms/lservlet;jsessionid=ac16012b30d61aff71fa34ac405d99d9c4d551ba1c6a.e3iSbxaKaheRe3iNc3uNbNmQay1ynknvrkLOlQzNp65In0 HTTP/1.1" 200 1844
201.245.192.253 - - [20/Mar/2024:10:06:09 -0500] "POST /forms/lservlet;jsessionid=ac16012b30d61aff71fa34ac405d99d9c4d551ba1c6a.e3iSbxaKaheRe3iNc3uNbNmQay1ynknvrkLOlQzNp65In0 HTTP/1.1" 200 10
201.245.192.253 - - [20/Mar/2024:10:06:09 -0500] "POST /forms/lservlet;jsessionid=ac16012b30d61aff71fa34ac405d99d9c4d551ba1c6a.e3iSbxaKaheRe3iNc3uNbNmQay1ynknvrkLOlQzNp65In0 HTTP/1.1" 200 13
201.245.192.253 - - [20/Mar/2024:10:06:10 -0500] "POST /forms/lservlet;jsessionid=ac16012b30d61aff71fa34ac405d99d9c4d551ba1c6a.e3iSbxaKaheRe3iNc3uNbNmQay1ynknvrkLOlQzNp65In0 HTTP/1.1" 200 89
201.245.192.253 - - [20/Mar/2024:10:06:10 -0500] "POST /forms/lservlet;jsessionid=ac16012b30d61aff71fa34ac405d99d9c4d551ba1c6a.e3iSbxaKaheRe3iNc3uNbNmQay1ynknvrkLOlQzNp65In0 HTTP/1.1" 200 21
201.245.192.253 - - [20/Mar/2024:10:06:11 -0500] "POST /forms/lservlet;jsessionid=ac16012b30d61aff71fa34ac405d99d9c4d551ba1c6a.e3iSbxaKaheRe3iNc3uNbNmQay1ynknvrkLOlQzNp65In0 HTTP/1.1" 200 7
201.245.192.253 - - [20/Mar/2024:10:06:11 -0500] "POST /forms/lservlet;jsessionid=ac16012b30d61aff71fa34ac405d99d9c4d551ba1c6a.e3iSbxaKaheRe3iNc3uNbNmQay1ynknvrkLOlQzNp65In0 HTTP/1.1" 200 97
201.245.192.253 - - [20/Mar/2024:10:06:11 -0500] "POST /forms/lservlet;jsessionid=ac16012b30d61aff71fa34ac405d99d9c4d551ba1c6a.e3iSbxaKaheRe3iNc3uNbNmQay1ynknvrkLOlQzNp65In0 HTTP/1.1" 200 2
201.245.192.253 - - [20/Mar/2024:10:06:13 -0500] "POST /forms/lservlet;jsessionid=ac16012b30d61aff71fa34ac405d99d9c4d551ba1c6a.e3iSbxaKaheRe3iNc3uNbNmQay1ynknvrkLOlQzNp65In0 HTTP/1.1" 200 35
201.245.192.253 - - [20/Mar/2024:10:06:13 -0500] "POST /forms/lservlet;jsessionid=ac16012b30d61aff71fa34ac405d99d9c4d551ba1c6a.e3iSbxaKaheRe3iNc3uNbNmQay1ynknvrkLOlQzNp65In0 HTTP/1.1" 200 48
201.245.192.253 - - [20/Mar/2024:10:06:13 -0500] "POST /forms/lservlet;jsessionid=ac16012b30d61aff71fa34ac405d99d9c4d551ba1c6a.e3iSbxaKaheRe3iNc3uNbNmQay1ynknvrkLOlQzNp65In0 HTTP/1.1" 200 2
201.245.192.253 - - [20/Mar/2024:10:06:13 -0500] "POST /forms/lservlet;jsessionid=ac16012b30d61aff71fa34ac405d99d9c4d551ba1c6a.e3iSbxaKaheRe3iNc3uNbNmQay1ynknvrkLOlQzNp65In0 HTTP/1.1" 200 70
201.245.192.253 - - [20/Mar/2024:10:06:14 -0500] "POST /forms/lservlet;jsessionid=ac16012b30d61aff71fa34ac405d99d9c4d551ba1c6a.e3iSbxaKaheRe3iNc3uNbNmQay1ynknvrkLOlQzNp65In0 HTTP/1.1" 200 2168
190.66.251.149 - - [20/Mar/2024:10:06:13 -0500] "POST /kwsrmcab/Wsrmcab HTTP/1.1" 200 37923
201.245.192.253 - - [20/Mar/2024:10:06:15 -0500] "POST /forms/lservlet;jsessionid=ac16012b30d61aff71fa34ac405d99d9c4d551ba1c6a.e3iSbxaKaheRe3iNc3uNbNmQay1ynknvrkLOlQzNp65In0 HTTP/1.1" 200 13
216.244.66.195 - - [20/Mar/2024:10:06:27 -0500] "GET /BLA/resoluciones/RESOLUCIONES%202019/2747.pdf HTTP/1.1" 200 526238
201.245.192.253 - - [20/Mar/2024:10:06:18 -0500] "POST /sipse/faces/presentacion/financiero/solicitudProceso/consultarSolicitudProceso.xhtml HTTP/1.1" 200 76030
201.245.192.253 - - [20/Mar/2024:10:06:34 -0500] "POST /forms/lservlet;jsessionid=ac16012b30d61aff71fa34ac405d99d9c4d551ba1c6a.e3iSbxaKaheRe3iNc3uNbNmQay1ynknvrkLOlQzNp65In0 HTTP/1.1" 200 1329
201.245.192.253 - - [20/Mar/2024:10:06:34 -0500] "POST /forms/lservlet;jsessionid=ac16012b30d61aff71fa34ac405d99d9c4d551ba1c6a.e3iSbxaKaheRe3iNc3uNbNmQay1ynknvrkLOlQzNp65In0 HTTP/1.1" 200 10
201.245.192.253 - - [20/Mar/2024:10:06:34 -0500] "POST /forms/lservlet;jsessionid=ac16012b30d61aff71fa34ac405d99d9c4d551ba1c6a.e3iSbxaKaheRe3iNc3uNbNmQay1ynknvrkLOlQzNp65In0 HTTP/1.1" 200 13
201.245.192.253 - - [20/Mar/2024:10:06:35 -0500] "POST /forms/lservlet;jsessionid=ac16012b30d61aff71fa34ac405d99d9c4d551ba1c6a.e3iSbxaKaheRe3iNc3uNbNmQay1ynknvrkLOlQzNp65In0 HTTP/1.1" 200 89
201.245.192.253 - - [20/Mar/2024:10:06:35 -0500] "POST /forms/lservlet;jsessionid=ac16012b30d61aff71fa34ac405d99d9c4d551ba1c6a.e3iSbxaKaheRe3iNc3uNbNmQay1ynknvrkLOlQzNp65In0 HTTP/1.1" 200 21
201.245.192.253 - - [20/Mar/2024:10:06:35 -0500] "POST /forms/lservlet;jsessionid=ac16012b30d61aff71fa34ac405d99d9c4d551ba1c6a.e3iSbxaKaheRe3iNc3uNbNmQay1ynknvrkLOlQzNp65In0 HTTP/1.1" 200 7
201.245.192.253 - - [20/Mar/2024:10:06:35 -0500] "POST /forms/lservlet;jsessionid=ac16012b30d61aff71fa34ac405d99d9c4d551ba1c6a.e3iSbxaKaheRe3iNc3uNbNmQay1ynknvrkLOlQzNp65In0 HTTP/1.1" 200 105
201.245.192.253 - - [20/Mar/2024:10:06:36 -0500] "POST /forms/lservlet;jsessionid=ac16012b30d61aff71fa34ac405d99d9c4d551ba1c6a.e3iSbxaKaheRe3iNc3uNbNmQay1ynknvrkLOlQzNp65In0 HTTP/1.1" 200 2
