191.95.55.24 - - [20/Mar/2024:08:08:07 -0500] "GET /sipse/faces/javax.faces.resource/primefaces.css?ln=primefaces&v=4.0 HTTP/1.1" 304 -
191.95.55.24 - - [20/Mar/2024:08:08:07 -0500] "GET /sipse/faces/javax.faces.resource/theme.css?ln=primefaces-sipse HTTP/1.1" 304 -
191.95.55.24 - - [20/Mar/2024:08:08:07 -0500] "GET /sipse/faces/javax.faces.resource/layout/layout.css?ln=primefaces&v=4.0 HTTP/1.1" 304 -
191.95.55.24 - - [20/Mar/2024:08:08:07 -0500] "GET /sipse/faces/javax.faces.resource/jquery/jquery.js?ln=primefaces&v=4.0 HTTP/1.1" 304 -
191.95.55.24 - - [20/Mar/2024:08:08:07 -0500] "GET /sipse/faces/javax.faces.resource/jquery/jquery-plugins.js?ln=primefaces&v=4.0 HTTP/1.1" 304 -
191.95.55.24 - - [20/Mar/2024:08:08:07 -0500] "GET /sipse/faces/javax.faces.resource/primefaces.js?ln=primefaces&v=4.0 HTTP/1.1" 304 -
191.95.55.24 - - [20/Mar/2024:08:08:07 -0500] "GET /sipse/faces/javax.faces.resource/layout/layout.js?ln=primefaces&v=4.0 HTTP/1.1" 304 -
186.102.99.62 - - [20/Mar/2024:08:08:10 -0500] "POST /sipse/faces/presentacion/financiero/solicitudProceso/listarSolicitudProceso.xhtml HTTP/1.1" 302 -
186.102.99.62 - - [20/Mar/2024:08:08:11 -0500] "GET /sipse/faces/autenticacion.xhtml HTTP/1.1" 200 1099
186.102.99.62 - - [20/Mar/2024:08:08:13 -0500] "POST /sipse/faces/presentacion/financiero/solicitudProceso/listarSolicitudProceso.xhtml HTTP/1.1" 302 -
186.102.99.62 - - [20/Mar/2024:08:08:14 -0500] "GET /sipse/faces/autenticacion.xhtml HTTP/1.1" 200 1099
216.244.66.195 - - [20/Mar/2024:08:08:19 -0500] "GET /BLA/resoluciones/RESOLUCIONES%202016/2566.pdf HTTP/1.1" 200 989554
186.102.99.62 - - [20/Mar/2024:08:08:27 -0500] "POST /sipse/faces/presentacion/financiero/solicitudProceso/listarSolicitudProceso.xhtml HTTP/1.1" 302 -
186.102.99.62 - - [20/Mar/2024:08:08:28 -0500] "GET /sipse/faces/autenticacion.xhtml HTTP/1.1" 200 1099
201.245.192.253 - - [20/Mar/2024:08:08:43 -0500] "POST /forms/lservlet;jsessionid=ac16012b30d61aff71fa34ac405d99d9c4d551ba1c6a.e3iSbxaKaheRe3iNc3uNbNmQay1ynknvrkLOlQzNp65In0 HTTP/1.1" 200 2
191.95.55.24 - - [20/Mar/2024:08:08:43 -0500] "POST /sipse/faces/presentacion/financiero/noHay/crearNoHay.xhtml HTTP/1.1" 200 142599
191.95.55.24 - - [20/Mar/2024:08:08:44 -0500] "GET /sipse/faces/javax.faces.resource/theme.css?ln=primefaces-sipse HTTP/1.1" 304 -
191.95.55.24 - - [20/Mar/2024:08:08:44 -0500] "GET /sipse/faces/javax.faces.resource/primefaces.css?ln=primefaces&v=4.0 HTTP/1.1" 304 -
191.95.55.24 - - [20/Mar/2024:08:08:44 -0500] "GET /sipse/faces/javax.faces.resource/layout/layout.css?ln=primefaces&v=4.0 HTTP/1.1" 304 -
191.95.55.24 - - [20/Mar/2024:08:08:44 -0500] "GET /sipse/faces/javax.faces.resource/jquery/jquery.js?ln=primefaces&v=4.0 HTTP/1.1" 304 -
191.95.55.24 - - [20/Mar/2024:08:08:44 -0500] "GET /sipse/faces/javax.faces.resource/jquery/jquery-plugins.js?ln=primefaces&v=4.0 HTTP/1.1" 304 -
191.95.55.24 - - [20/Mar/2024:08:08:44 -0500] "GET /sipse/faces/javax.faces.resource/primefaces.js?ln=primefaces&v=4.0 HTTP/1.1" 304 -
191.95.55.24 - - [20/Mar/2024:08:08:44 -0500] "GET /sipse/faces/javax.faces.resource/layout/layout.js?ln=primefaces&v=4.0 HTTP/1.1" 304 -
186.31.178.89 - - [20/Mar/2024:08:08:44 -0500] "POST /sipse/faces/presentacion/financiero/solicitudProceso/listarSolicitudProceso.xhtml HTTP/1.1" 200 163182
186.31.178.89 - - [20/Mar/2024:08:08:45 -0500] "GET /sipse/faces/javax.faces.resource/theme.css?ln=primefaces-sipse HTTP/1.1" 304 -
186.31.178.89 - - [20/Mar/2024:08:08:45 -0500] "GET /sipse/faces/javax.faces.resource/primefaces.css?ln=primefaces&v=4.0 HTTP/1.1" 304 -
186.31.178.89 - - [20/Mar/2024:08:08:45 -0500] "GET /sipse/faces/javax.faces.resource/layout/layout.css?ln=primefaces&v=4.0 HTTP/1.1" 304 -
186.31.178.89 - - [20/Mar/2024:08:08:45 -0500] "GET /sipse/faces/javax.faces.resource/jquery/jquery.js?ln=primefaces&v=4.0 HTTP/1.1" 304 -
186.31.178.89 - - [20/Mar/2024:08:08:45 -0500] "GET /sipse/faces/javax.faces.resource/jquery/jquery-plugins.js?ln=primefaces&v=4.0 HTTP/1.1" 304 -
186.31.178.89 - - [20/Mar/2024:08:08:45 -0500] "GET /sipse/faces/javax.faces.resource/primefaces.js?ln=primefaces&v=4.0 HTTP/1.1" 304 -
186.31.178.89 - - [20/Mar/2024:08:08:45 -0500] "GET /sipse/faces/javax.faces.resource/layout/layout.js?ln=primefaces&v=4.0 HTTP/1.1" 304 -
216.244.66.195 - - [20/Mar/2024:08:08:57 -0500] "GET /BLA/resoluciones/RESOLUCIONES%202017/0126.pdf HTTP/1.1" 200 506486
186.31.178.89 - - [20/Mar/2024:08:08:58 -0500] "POST /sipse/faces/presentacion/financiero/solicitudProceso/consultarSolicitudProceso.xhtml HTTP/1.1" 200 53980
3.12.251.153 - - [20/Mar/2024:08:09:00 -0500] "HEAD / HTTP/1.1" 200 -
191.95.55.24 - - [20/Mar/2024:08:09:07 -0500] "POST /sipse/faces/presentacion/financiero/solicitudProceso/consultarSolicitudProceso.xhtml HTTP/1.1" 200 24144
191.95.55.24 - - [20/Mar/2024:08:09:08 -0500] "GET /sipse/faces/javax.faces.resource/theme.css?ln=primefaces-sipse HTTP/1.1" 304 -
191.95.55.24 - - [20/Mar/2024:08:09:08 -0500] "GET /sipse/faces/javax.faces.resource/layout/layout.css?ln=primefaces&v=4.0 HTTP/1.1" 304 -
191.95.55.24 - - [20/Mar/2024:08:09:08 -0500] "GET /sipse/faces/javax.faces.resource/primefaces.css?ln=primefaces&v=4.0 HTTP/1.1" 304 -
191.95.55.24 - - [20/Mar/2024:08:09:08 -0500] "GET /sipse/faces/javax.faces.resource/jquery/jquery.js?ln=primefaces&v=4.0 HTTP/1.1" 304 -
191.95.55.24 - - [20/Mar/2024:08:09:08 -0500] "GET /sipse/faces/javax.faces.resource/jquery/jquery-plugins.js?ln=primefaces&v=4.0 HTTP/1.1" 304 -
191.95.55.24 - - [20/Mar/2024:08:09:08 -0500] "GET /sipse/faces/javax.faces.resource/primefaces.js?ln=primefaces&v=4.0 HTTP/1.1" 304 -
191.95.55.24 - - [20/Mar/2024:08:09:08 -0500] "GET /sipse/faces/javax.faces.resource/layout/layout.js?ln=primefaces&v=4.0 HTTP/1.1" 304 -
216.245.221.92 - - [20/Mar/2024:08:09:14 -0500] "HEAD / HTTP/1.1" 200 -
216.244.66.195 - - [20/Mar/2024:08:09:32 -0500] "GET /BLA/resoluciones/RESOLUCIONES%202017/0231.pdf HTTP/1.1" 200 392713
191.95.55.24 - - [20/Mar/2024:08:09:57 -0500] "POST /sipse/faces/presentacion/financiero/noHay/verdetalleNoHay.xhtml HTTP/1.1" 200 142116
191.95.55.24 - - [20/Mar/2024:08:09:58 -0500] "GET /sipse/faces/javax.faces.resource/theme.css?ln=primefaces-sipse HTTP/1.1" 304 -
191.95.55.24 - - [20/Mar/2024:08:09:58 -0500] "GET /sipse/faces/javax.faces.resource/primefaces.css?ln=primefaces&v=4.0 HTTP/1.1" 304 -
191.95.55.24 - - [20/Mar/2024:08:09:58 -0500] "GET /sipse/faces/javax.faces.resource/layout/layout.css?ln=primefaces&v=4.0 HTTP/1.1" 304 -
191.95.55.24 - - [20/Mar/2024:08:09:58 -0500] "GET /sipse/faces/javax.faces.resource/jquery/jquery.js?ln=primefaces&v=4.0 HTTP/1.1" 304 -
191.95.55.24 - - [20/Mar/2024:08:09:58 -0500] "GET /sipse/faces/javax.faces.resource/jquery/jquery-plugins.js?ln=primefaces&v=4.0 HTTP/1.1" 304 -
191.95.55.24 - - [20/Mar/2024:08:09:58 -0500] "GET /sipse/faces/javax.faces.resource/primefaces.js?ln=primefaces&v=4.0 HTTP/1.1" 304 -
191.95.55.24 - - [20/Mar/2024:08:09:58 -0500] "GET /sipse/faces/javax.faces.resource/layout/layout.js?ln=primefaces&v=4.0 HTTP/1.1" 304 -
216.244.66.195 - - [20/Mar/2024:08:10:06 -0500] "GET /BLA/resoluciones/RESOLUCIONES%202017/0319.pdf HTTP/1.1" 200 395029
172.22.2.4 - - [20/Mar/2024:08:10:12 -0500] "GET /BLA/boletinlegal/actos.php HTTP/1.1" 200 9738
172.22.2.4 - - [20/Mar/2024:08:10:12 -0500] "GET /BLA/boletinlegal/js/ajax_actos.js HTTP/1.1" 200 1322
172.22.2.4 - - [20/Mar/2024:08:10:12 -0500] "GET /BLA/boletinlegal/styles2.css HTTP/1.1" 200 1838
172.22.2.4 - - [20/Mar/2024:08:10:12 -0500] "GET /BLA/boletinlegal/niceforms-default.css HTTP/1.1" 200 6694
172.22.2.4 - - [20/Mar/2024:08:10:12 -0500] "GET /BLA/boletinlegal/style.css HTTP/1.1" 200 9406
172.22.2.4 - - [20/Mar/2024:08:10:12 -0500] "GET /BLA/boletinlegal/niceforms.js HTTP/1.1" 200 22876
172.22.2.4 - - [20/Mar/2024:08:10:12 -0500] "GET /BLA/boletinlegal/js/lib.js HTTP/1.1" 200 6474
172.22.2.4 - - [20/Mar/2024:08:10:12 -0500] "GET /BLA/boletinlegal/js/popup.js HTTP/1.1" 200 1270
172.22.2.4 - - [20/Mar/2024:08:10:12 -0500] "GET /BLA/boletinlegal/js/jquery1.js HTTP/1.1" 200 29846
172.22.2.4 - - [20/Mar/2024:08:10:12 -0500] "GET /BLA/boletinlegal/images/cabezote%20BLEGAL.jpg HTTP/1.1" 200 118164
172.22.2.4 - - [20/Mar/2024:08:10:12 -0500] "GET /BLA/boletinlegal/images/subscribe-icon-big.png HTTP/1.1" 200 47702
172.22.2.4 - - [20/Mar/2024:08:10:12 -0500] "GET /BLA/boletinlegal/images/green-yellow-blue-pink-th.png HTTP/1.1" 200 7394
172.22.2.4 - - [20/Mar/2024:08:10:12 -0500] "GET /BLA/boletinlegal/images/registro-usuarios.png HTTP/1.1" 200 8106
172.22.2.4 - - [20/Mar/2024:08:10:12 -0500] "GET /BLA/boletinlegal/images/historia.png HTTP/1.1" 200 52775
172.22.2.4 - - [20/Mar/2024:08:10:12 -0500] "GET /BLA/boletinlegal/images/tel.png HTTP/1.1" 200 14477
172.22.2.4 - - [20/Mar/2024:08:10:12 -0500] "GET /BLA/boletinlegal/images/body_bg.jpg HTTP/1.1" 200 1601
172.22.2.4 - - [20/Mar/2024:08:10:12 -0500] "GET /BLA/boletinlegal/images/icono-email.png HTTP/1.1" 200 5544
172.22.2.4 - - [20/Mar/2024:08:10:12 -0500] "GET /BLA/boletinlegal/images/menu_lft.gif HTTP/1.1" 200 1713
172.22.2.4 - - [20/Mar/2024:08:10:12 -0500] "GET /BLA/boletinlegal/images/menu_rght.gif HTTP/1.1" 200 1627
172.22.2.4 - - [20/Mar/2024:08:10:12 -0500] "GET /BLA/boletinlegal/images/menu_bg.jpg HTTP/1.1" 200 620
172.22.2.4 - - [20/Mar/2024:08:10:12 -0500] "GET /BLA/boletinlegal/images/bg_top.jpg HTTP/1.1" 200 522
172.22.2.4 - - [20/Mar/2024:08:10:12 -0500] "GET /BLA/boletinlegal/images/text.jpg HTTP/1.1" 200 568
172.22.2.4 - - [20/Mar/2024:08:10:12 -0500] "GET /BLA/boletinlegal/images/hover.jpg HTTP/1.1" 200 640
172.22.2.4 - - [20/Mar/2024:08:10:12 -0500] "GET /BLA/boletinlegal/images/footer_bg.jpg HTTP/1.1" 200 586
172.22.2.4 - - [20/Mar/2024:08:10:12 -0500] "GET /BLA/boletinlegal/images/footer_bg_l.jpg HTTP/1.1" 200 776
172.22.2.4 - - [20/Mar/2024:08:10:13 -0500] "GET /BLA/boletinlegal/img/0.png HTTP/1.1" 200 110
172.22.2.4 - - [20/Mar/2024:08:10:13 -0500] "GET /BLA/boletinlegal/img/button.png HTTP/1.1" 200 43241
172.22.2.4 - - [20/Mar/2024:08:10:13 -0500] "GET /BLA/boletinlegal/img/button-left.png HTTP/1.1" 200 57071
172.22.2.4 - - [20/Mar/2024:08:10:13 -0500] "GET /BLA/boletinlegal/img/select-left.png HTTP/1.1" 200 263
172.22.2.4 - - [20/Mar/2024:08:10:13 -0500] "GET /BLA/boletinlegal/img/select-right.png HTTP/1.1" 200 44019
172.22.2.4 - - [20/Mar/2024:08:10:13 -0500] "GET /BLA/boletinlegal/img/button-right.png HTTP/1.1" 200 57878
172.22.2.4 - - [20/Mar/2024:08:10:13 -0500] "GET /BLA/boletinlegal/favicon.ico HTTP/1.1" 404 1326
186.31.178.89 - - [20/Mar/2024:08:10:13 -0500] "POST /sipse/faces/presentacion/financiero/solicitudProceso/consultarSolicitudProceso.xhtml HTTP/1.1" 200 52455
201.245.215.107 - - [20/Mar/2024:08:10:15 -0500] "GET /sipse/faces/index.xhtml HTTP/1.1" 200 677
201.245.215.107 - - [20/Mar/2024:08:10:15 -0500] "GET /sipse/faces/javax.faces.resource/theme.css?ln=primefaces-sipse HTTP/1.1" 304 -
201.245.215.107 - - [20/Mar/2024:08:10:16 -0500] "GET /sipse/faces/faces/autenticacion.xhtml HTTP/1.1" 200 12406
201.245.215.107 - - [20/Mar/2024:08:10:16 -0500] "GET /sipse/faces/javax.faces.resource/theme.css?ln=primefaces-sipse HTTP/1.1" 304 -
201.245.215.107 - - [20/Mar/2024:08:10:16 -0500] "GET /sipse/faces/javax.faces.resource/primefaces.js?ln=primefaces&v=4.0 HTTP/1.1" 304 -
201.245.215.107 - - [20/Mar/2024:08:10:16 -0500] "GET /sipse/faces/javax.faces.resource/primefaces.css?ln=primefaces&v=4.0 HTTP/1.1" 304 -
201.245.215.107 - - [20/Mar/2024:08:10:16 -0500] "GET /sipse/faces/javax.faces.resource/layout/layout.css?ln=primefaces&v=4.0 HTTP/1.1" 304 -
201.245.215.107 - - [20/Mar/2024:08:10:16 -0500] "GET /sipse/faces/javax.faces.resource/jquery/jquery.js?ln=primefaces&v=4.0 HTTP/1.1" 304 -
201.245.215.107 - - [20/Mar/2024:08:10:16 -0500] "GET /sipse/faces/javax.faces.resource/jquery/jquery-plugins.js?ln=primefaces&v=4.0 HTTP/1.1" 304 -
201.245.215.107 - - [20/Mar/2024:08:10:16 -0500] "GET /sipse/faces/javax.faces.resource/layout/layout.js?ln=primefaces&v=4.0 HTTP/1.1" 304 -
201.245.215.107 - - [20/Mar/2024:08:10:16 -0500] "GET /sipse/faces/javax.faces.resource/images/ui-icons_898989_256x240.png?ln=primefaces-aristo HTTP/1.1" 304 -
186.84.21.166 - - [20/Mar/2024:08:10:16 -0500] "GET /sipse/faces/index.xhtml HTTP/1.1" 200 677
186.84.21.166 - - [20/Mar/2024:08:10:16 -0500] "GET /sipse/faces/javax.faces.resource/theme.css?ln=primefaces-sipse HTTP/1.1" 304 -
186.84.21.166 - - [20/Mar/2024:08:10:16 -0500] "GET /favicon.ico HTTP/1.1" 200 7782
186.84.21.166 - - [20/Mar/2024:08:10:16 -0500] "GET /sipse/faces/faces/autenticacion.xhtml HTTP/1.1" 200 12406
186.84.21.166 - - [20/Mar/2024:08:10:16 -0500] "GET /sipse/js/disable_browser_buttons.js HTTP/1.1" 304 -
186.84.21.166 - - [20/Mar/2024:08:10:17 -0500] "GET /sipse/js/funciones.js HTTP/1.1" 304 -
186.84.21.166 - - [20/Mar/2024:08:10:17 -0500] "GET /sipse/css/custom_css_sg.css HTTP/1.1" 304 -
186.84.21.166 - - [20/Mar/2024:08:10:17 -0500] "GET /sipse/faces/javax.faces.resource/layout/layout.css?ln=primefaces&v=4.0 HTTP/1.1" 304 -
186.84.21.166 - - [20/Mar/2024:08:10:17 -0500] "GET /sipse/css/custom_css_sg_prime_login.css HTTP/1.1" 304 -
186.84.21.166 - - [20/Mar/2024:08:10:17 -0500] "GET /sipse/faces/javax.faces.resource/theme.css?ln=primefaces-sipse HTTP/1.1" 304 -
186.84.21.166 - - [20/Mar/2024:08:10:17 -0500] "GET /sipse/faces/javax.faces.resource/primefaces.css?ln=primefaces&v=4.0 HTTP/1.1" 304 -
186.84.21.166 - - [20/Mar/2024:08:10:17 -0500] "GET /sipse/faces/javax.faces.resource/jquery/jquery.js?ln=primefaces&v=4.0 HTTP/1.1" 304 -
186.84.21.166 - - [20/Mar/2024:08:10:17 -0500] "GET /sipse/faces/javax.faces.resource/primefaces.js?ln=primefaces&v=4.0 HTTP/1.1" 304 -
186.84.21.166 - - [20/Mar/2024:08:10:17 -0500] "GET /sipse/faces/javax.faces.resource/jquery/jquery-plugins.js?ln=primefaces&v=4.0 HTTP/1.1" 304 -
186.84.21.166 - - [20/Mar/2024:08:10:17 -0500] "GET /sipse/faces/javax.faces.resource/layout/layout.js?ln=primefaces&v=4.0 HTTP/1.1" 304 -
186.84.21.166 - - [20/Mar/2024:08:10:17 -0500] "GET /sipse/css/imagen/logoSDG.png HTTP/1.1" 304 -
186.84.21.166 - - [20/Mar/2024:08:10:17 -0500] "GET /sipse/css/imagen/loginimg.png HTTP/1.1" 304 -
186.84.21.166 - - [20/Mar/2024:08:10:17 -0500] "GET /sipse/faces/javax.faces.resource/images/ui-icons_898989_256x240.png?ln=primefaces-aristo HTTP/1.1" 304 -
45.238.182.143 - - [20/Mar/2024:08:10:20 -0500] "GET /sipse/faces/javax.faces.resource/theme.css?ln=primefaces-sipse HTTP/1.1" 304 -
45.238.182.143 - - [20/Mar/2024:08:10:20 -0500] "GET /sipse/faces/javax.faces.resource/primefaces.css?ln=primefaces&v=4.0 HTTP/1.1" 304 -
45.238.182.143 - - [20/Mar/2024:08:10:20 -0500] "GET /sipse/faces/javax.faces.resource/jquery/jquery.js?ln=primefaces&v=4.0 HTTP/1.1" 304 -
45.238.182.143 - - [20/Mar/2024:08:10:20 -0500] "GET /sipse/faces/javax.faces.resource/layout/layout.css?ln=primefaces&v=4.0 HTTP/1.1" 304 -
45.238.182.143 - - [20/Mar/2024:08:10:20 -0500] "GET /sipse/faces/javax.faces.resource/primefaces.js?ln=primefaces&v=4.0 HTTP/1.1" 304 -
45.238.182.143 - - [20/Mar/2024:08:10:20 -0500] "GET /sipse/faces/javax.faces.resource/jquery/jquery-plugins.js?ln=primefaces&v=4.0 HTTP/1.1" 304 -
45.238.182.143 - - [20/Mar/2024:08:10:20 -0500] "GET /sipse/faces/javax.faces.resource/layout/layout.js?ln=primefaces&v=4.0 HTTP/1.1" 304 -
45.238.182.143 - - [20/Mar/2024:08:10:19 -0500] "POST /sipse/faces/presentacion/financiero/solicitudProceso/consultarSolicitudProceso.xhtml HTTP/1.1" 200 170364
172.22.2.4 - - [20/Mar/2024:08:10:20 -0500] "GET /BLA/boletinlegal/consulta_actos.php?tipo=resoluciones&no=&usuario=&sector=&fecha=2024&resuelve= HTTP/1.1" 200 23709
172.22.2.4 - - [20/Mar/2024:08:10:20 -0500] "GET /BLA/boletinlegal/images/pdf.gif HTTP/1.1" 200 567
172.22.2.4 - - [20/Mar/2024:08:10:20 -0500] "GET /BLA/boletinlegal/images/background.gif HTTP/1.1" 200 -
201.245.215.107 - - [20/Mar/2024:08:10:20 -0500] "POST /sipse/faces/autenticacion.xhtml HTTP/1.1" 200 2116
201.245.215.107 - - [20/Mar/2024:08:10:20 -0500] "GET /sipse/faces/javax.faces.resource/messages/messages.png?ln=primefaces&v=4.0 HTTP/1.1" 304 -
186.84.21.166 - - [20/Mar/2024:08:10:21 -0500] "POST /sipse/faces/autenticacion.xhtml HTTP/1.1" 200 11225
186.84.21.166 - - [20/Mar/2024:08:10:21 -0500] "GET /sipse/faces/javax.faces.resource/layout/layout.css?ln=primefaces&v=4.0 HTTP/1.1" 304 -
186.84.21.166 - - [20/Mar/2024:08:10:21 -0500] "GET /sipse/faces/javax.faces.resource/theme.css?ln=primefaces-sipse HTTP/1.1" 304 -
186.84.21.166 - - [20/Mar/2024:08:10:21 -0500] "GET /sipse/faces/javax.faces.resource/jquery/jquery.js?ln=primefaces&v=4.0 HTTP/1.1" 304 -
186.84.21.166 - - [20/Mar/2024:08:10:21 -0500] "GET /sipse/faces/javax.faces.resource/primefaces.css?ln=primefaces&v=4.0 HTTP/1.1" 304 -
186.84.21.166 - - [20/Mar/2024:08:10:21 -0500] "GET /sipse/css/custom_css_sg_prime.css HTTP/1.1" 304 -
186.84.21.166 - - [20/Mar/2024:08:10:21 -0500] "GET /sipse/faces/javax.faces.resource/jquery/jquery-plugins.js?ln=primefaces&v=4.0 HTTP/1.1" 304 -
186.84.21.166 - - [20/Mar/2024:08:10:21 -0500] "GET /sipse/faces/javax.faces.resource/primefaces.js?ln=primefaces&v=4.0 HTTP/1.1" 304 -
186.84.21.166 - - [20/Mar/2024:08:10:21 -0500] "GET /sipse/faces/javax.faces.resource/layout/layout.js?ln=primefaces&v=4.0 HTTP/1.1" 304 -
186.84.21.166 - - [20/Mar/2024:08:10:21 -0500] "GET /sipse/faces/javax.faces.resource/messages/messages.png?ln=primefaces&v=4.0 HTTP/1.1" 304 -
201.245.215.107 - - [20/Mar/2024:08:10:24 -0500] "POST /sipse/faces/autenticacion.xhtml HTTP/1.1" 200 2224
186.84.21.166 - - [20/Mar/2024:08:10:25 -0500] "POST /sipse/faces/presentacion/sistema/seguridad/seleccionRol.xhtml HTTP/1.1" 200 5863
186.84.21.166 - - [20/Mar/2024:08:10:27 -0500] "GET /sipse/faces/javax.faces.resource/images/ui-bg_flat_0_2d5972_40x100.png?ln=primefaces-aristo HTTP/1.1" 304 -
186.84.21.166 - - [20/Mar/2024:08:10:28 -0500] "POST /sipse/faces/presentacion/sistema/seguridad/seleccionRol.xhtml HTTP/1.1" 200 16466
186.84.21.166 - - [20/Mar/2024:08:10:28 -0500] "GET /sipse/faces/javax.faces.resource/theme.css?ln=primefaces-sipse HTTP/1.1" 304 -
186.84.21.166 - - [20/Mar/2024:08:10:28 -0500] "GET /sipse/faces/javax.faces.resource/primefaces.css?ln=primefaces&v=4.0 HTTP/1.1" 304 -
186.84.21.166 - - [20/Mar/2024:08:10:28 -0500] "GET /sipse/faces/javax.faces.resource/layout/layout.css?ln=primefaces&v=4.0 HTTP/1.1" 304 -
186.84.21.166 - - [20/Mar/2024:08:10:28 -0500] "GET /sipse/js/jquery.min.js HTTP/1.1" 304 -
186.84.21.166 - - [20/Mar/2024:08:10:29 -0500] "GET /sipse/faces/javax.faces.resource/jquery/jquery.js?ln=primefaces&v=4.0 HTTP/1.1" 304 -
186.84.21.166 - - [20/Mar/2024:08:10:29 -0500] "GET /sipse/faces/javax.faces.resource/jquery/jquery-plugins.js?ln=primefaces&v=4.0 HTTP/1.1" 304 -
186.84.21.166 - - [20/Mar/2024:08:10:29 -0500] "GET /sipse/faces/javax.faces.resource/primefaces.js?ln=primefaces&v=4.0 HTTP/1.1" 304 -
186.84.21.166 - - [20/Mar/2024:08:10:29 -0500] "GET /sipse/faces/javax.faces.resource/layout/layout.js?ln=primefaces&v=4.0 HTTP/1.1" 304 -
186.84.21.166 - - [20/Mar/2024:08:10:29 -0500] "GET /sipse/css/v_mergente.css HTTP/1.1" 304 -
186.84.21.166 - - [20/Mar/2024:08:10:29 -0500] "GET /sipse/imagenes/cargando.gif HTTP/1.1" 304 -
186.84.21.166 - - [20/Mar/2024:08:10:29 -0500] "GET /sipse/imagenes/logoAplicacion.jpg HTTP/1.1" 304 -
186.84.21.166 - - [20/Mar/2024:08:10:29 -0500] "GET /sipse/css/imagen/contrasena.png HTTP/1.1" 404 383
192.133.77.16 - - [20/Mar/2024:08:10:30 -0500] "GET /images/Chingaza%20(2)%20(1)%20(1).jpg HTTP/1.1" 404 1034
186.84.21.166 - - [20/Mar/2024:08:10:31 -0500] "POST /sipse/faces/bienvenido.xhtml HTTP/1.1" 200 2658
45.238.182.143 - - [20/Mar/2024:08:10:30 -0500] "POST /sipse/faces/presentacion/financiero/solicitudProceso/consultarSolicitudProceso.xhtml HTTP/1.1" 200 5571
201.245.215.107 - - [20/Mar/2024:08:10:32 -0500] "POST /sipse/faces/autenticacion.xhtml HTTP/1.1" 200 16463
201.245.215.107 - - [20/Mar/2024:08:10:33 -0500] "GET /sipse/css/custom_css_sg_prime.css HTTP/1.1" 304 -
201.245.215.107 - - [20/Mar/2024:08:10:33 -0500] "GET /sipse/js/jquery.min.js HTTP/1.1" 304 -
201.245.215.107 - - [20/Mar/2024:08:10:33 -0500] "GET /sipse/faces/javax.faces.resource/layout/layout.css?ln=primefaces&v=4.0 HTTP/1.1" 304 -
201.245.215.107 - - [20/Mar/2024:08:10:33 -0500] "GET /sipse/faces/javax.faces.resource/primefaces.css?ln=primefaces&v=4.0 HTTP/1.1" 304 -
201.245.215.107 - - [20/Mar/2024:08:10:33 -0500] "GET /sipse/faces/javax.faces.resource/theme.css?ln=primefaces-sipse HTTP/1.1" 304 -
201.245.215.107 - - [20/Mar/2024:08:10:33 -0500] "GET /sipse/faces/javax.faces.resource/jquery/jquery.js?ln=primefaces&v=4.0 HTTP/1.1" 304 -
201.245.215.107 - - [20/Mar/2024:08:10:33 -0500] "GET /sipse/faces/javax.faces.resource/jquery/jquery-plugins.js?ln=primefaces&v=4.0 HTTP/1.1" 304 -
201.245.215.107 - - [20/Mar/2024:08:10:33 -0500] "GET /sipse/faces/javax.faces.resource/primefaces.js?ln=primefaces&v=4.0 HTTP/1.1" 304 -
201.245.215.107 - - [20/Mar/2024:08:10:33 -0500] "GET /sipse/faces/javax.faces.resource/layout/layout.js?ln=primefaces&v=4.0 HTTP/1.1" 304 -
201.245.215.107 - - [20/Mar/2024:08:10:33 -0500] "GET /sipse/css/v_mergente.css HTTP/1.1" 304 -
201.245.215.107 - - [20/Mar/2024:08:10:33 -0500] "GET /sipse/imagenes/cargando.gif HTTP/1.1" 304 -
201.245.215.107 - - [20/Mar/2024:08:10:33 -0500] "GET /sipse/imagenes/logoAplicacion.jpg HTTP/1.1" 304 -
201.245.215.107 - - [20/Mar/2024:08:10:33 -0500] "GET /sipse/css/imagen/contrasena.png HTTP/1.1" 404 383
201.245.215.107 - - [20/Mar/2024:08:10:35 -0500] "GET /sipse/faces/javax.faces.resource/images/ui-bg_flat_0_2d5972_40x100.png?ln=primefaces-aristo HTTP/1.1" 304 -
201.245.215.107 - - [20/Mar/2024:08:10:35 -0500] "POST /sipse/faces/bienvenido.xhtml HTTP/1.1" 200 2658
186.84.21.166 - - [20/Mar/2024:08:10:33 -0500] "POST /sipse/faces/bienvenido.xhtml HTTP/1.1" 200 65094
186.84.21.166 - - [20/Mar/2024:08:10:36 -0500] "GET /sipse/faces/javax.faces.resource/theme.css?ln=primefaces-sipse HTTP/1.1" 304 -
186.84.21.166 - - [20/Mar/2024:08:10:36 -0500] "GET /sipse/faces/javax.faces.resource/primefaces.css?ln=primefaces&v=4.0 HTTP/1.1" 304 -
186.84.21.166 - - [20/Mar/2024:08:10:36 -0500] "GET /sipse/faces/javax.faces.resource/layout/layout.css?ln=primefaces&v=4.0 HTTP/1.1" 304 -
186.84.21.166 - - [20/Mar/2024:08:10:36 -0500] "GET /sipse/faces/javax.faces.resource/jquery/jquery.js?ln=primefaces&v=4.0 HTTP/1.1" 304 -
186.84.21.166 - - [20/Mar/2024:08:10:36 -0500] "GET /sipse/faces/javax.faces.resource/jquery/jquery-plugins.js?ln=primefaces&v=4.0 HTTP/1.1" 304 -
186.84.21.166 - - [20/Mar/2024:08:10:36 -0500] "GET /sipse/faces/javax.faces.resource/primefaces.js?ln=primefaces&v=4.0 HTTP/1.1" 304 -
186.84.21.166 - - [20/Mar/2024:08:10:36 -0500] "GET /sipse/faces/javax.faces.resource/layout/layout.js?ln=primefaces&v=4.0 HTTP/1.1" 304 -
201.245.215.107 - - [20/Mar/2024:08:10:37 -0500] "POST /sipse/faces/bienvenido.xhtml HTTP/1.1" 200 2073
186.84.21.166 - - [20/Mar/2024:08:10:36 -0500] "POST /sipse/faces/presentacion/financiero/solicitudProceso/listarSolicitudProceso.xhtml HTTP/1.1" 200 1556
201.245.215.107 - - [20/Mar/2024:08:10:38 -0500] "POST /sipse/faces/bienvenido.xhtml HTTP/1.1" 200 40848
201.245.215.107 - - [20/Mar/2024:08:10:40 -0500] "GET /sipse/faces/javax.faces.resource/theme.css?ln=primefaces-sipse HTTP/1.1" 304 -
201.245.215.107 - - [20/Mar/2024:08:10:40 -0500] "GET /sipse/faces/javax.faces.resource/primefaces.css?ln=primefaces&v=4.0 HTTP/1.1" 304 -
201.245.215.107 - - [20/Mar/2024:08:10:40 -0500] "GET /sipse/faces/javax.faces.resource/layout/layout.css?ln=primefaces&v=4.0 HTTP/1.1" 304 -
201.245.215.107 - - [20/Mar/2024:08:10:40 -0500] "GET /sipse/faces/javax.faces.resource/jquery/jquery.js?ln=primefaces&v=4.0 HTTP/1.1" 304 -
201.245.215.107 - - [20/Mar/2024:08:10:40 -0500] "GET /sipse/faces/javax.faces.resource/jquery/jquery-plugins.js?ln=primefaces&v=4.0 HTTP/1.1" 304 -
201.245.215.107 - - [20/Mar/2024:08:10:40 -0500] "GET /sipse/faces/javax.faces.resource/primefaces.js?ln=primefaces&v=4.0 HTTP/1.1" 304 -
201.245.215.107 - - [20/Mar/2024:08:10:40 -0500] "GET /sipse/faces/javax.faces.resource/layout/layout.js?ln=primefaces&v=4.0 HTTP/1.1" 304 -
186.84.21.166 - - [20/Mar/2024:08:10:42 -0500] "POST /sipse/faces/presentacion/financiero/solicitudProceso/listarSolicitudProceso.xhtml HTTP/1.1" 200 6706
201.245.192.253 - - [20/Mar/2024:08:10:43 -0500] "POST /forms/lservlet;jsessionid=ac16012b30d61aff71fa34ac405d99d9c4d551ba1c6a.e3iSbxaKaheRe3iNc3uNbNmQay1ynknvrkLOlQzNp65In0 HTTP/1.1" 200 2
201.245.192.253 - - [20/Mar/2024:08:10:45 -0500] "POST /kwsrmcab/Wsrmcab HTTP/1.1" 200 213
45.238.182.143 - - [20/Mar/2024:08:10:45 -0500] "POST /sipse/faces/presentacion/financiero/solicitudProceso/consultarSolicitudProceso.xhtml HTTP/1.1" 200 5571
216.244.66.195 - - [20/Mar/2024:08:10:47 -0500] "GET /BLA/resoluciones/RESOLUCIONES%202017/0519.pdf HTTP/1.1" 200 988136
201.245.215.107 - - [20/Mar/2024:08:10:49 -0500] "POST /sipse/faces/presentacion/financiero/solicitudProceso/consultar.xhtml HTTP/1.1" 200 13208
186.84.21.166 - - [20/Mar/2024:08:10:45 -0500] "POST /sipse/faces/presentacion/financiero/solicitudProceso/listarSolicitudProceso.xhtml HTTP/1.1" 200 157971
186.84.21.166 - - [20/Mar/2024:08:10:50 -0500] "GET /sipse/faces/javax.faces.resource/theme.css?ln=primefaces-sipse HTTP/1.1" 304 -
186.84.21.166 - - [20/Mar/2024:08:10:50 -0500] "GET /sipse/faces/javax.faces.resource/primefaces.css?ln=primefaces&v=4.0 HTTP/1.1" 304 -
186.84.21.166 - - [20/Mar/2024:08:10:50 -0500] "GET /sipse/faces/javax.faces.resource/layout/layout.css?ln=primefaces&v=4.0 HTTP/1.1" 304 -
186.84.21.166 - - [20/Mar/2024:08:10:50 -0500] "GET /sipse/faces/javax.faces.resource/jquery/jquery.js?ln=primefaces&v=4.0 HTTP/1.1" 304 -
186.84.21.166 - - [20/Mar/2024:08:10:50 -0500] "GET /sipse/faces/javax.faces.resource/jquery/jquery-plugins.js?ln=primefaces&v=4.0 HTTP/1.1" 304 -
186.84.21.166 - - [20/Mar/2024:08:10:50 -0500] "GET /sipse/faces/javax.faces.resource/primefaces.js?ln=primefaces&v=4.0 HTTP/1.1" 304 -
186.84.21.166 - - [20/Mar/2024:08:10:50 -0500] "GET /sipse/faces/javax.faces.resource/layout/layout.js?ln=primefaces&v=4.0 HTTP/1.1" 304 -
201.245.192.253 - - [20/Mar/2024:08:10:51 -0500] "POST /kwsrmcab/Wsrmcab HTTP/1.1" 200 37943
201.245.215.107 - - [20/Mar/2024:08:10:52 -0500] "POST /sipse/faces/presentacion/financiero/solicitudProceso/consultar.xhtml HTTP/1.1" 200 126938
201.245.215.107 - - [20/Mar/2024:08:10:56 -0500] "GET /sipse/faces/javax.faces.resource/theme.css?ln=primefaces-sipse HTTP/1.1" 304 -
201.245.215.107 - - [20/Mar/2024:08:10:56 -0500] "GET /sipse/faces/javax.faces.resource/primefaces.css?ln=primefaces&v=4.0 HTTP/1.1" 304 -
201.245.215.107 - - [20/Mar/2024:08:10:56 -0500] "GET /sipse/faces/javax.faces.resource/layout/layout.css?ln=primefaces&v=4.0 HTTP/1.1" 304 -
201.245.215.107 - - [20/Mar/2024:08:10:56 -0500] "GET /sipse/faces/javax.faces.resource/jquery/jquery.js?ln=primefaces&v=4.0 HTTP/1.1" 304 -
201.245.215.107 - - [20/Mar/2024:08:10:56 -0500] "GET /sipse/faces/javax.faces.resource/jquery/jquery-plugins.js?ln=primefaces&v=4.0 HTTP/1.1" 304 -
201.245.215.107 - - [20/Mar/2024:08:10:56 -0500] "GET /sipse/faces/javax.faces.resource/primefaces.js?ln=primefaces&v=4.0 HTTP/1.1" 304 -
201.245.215.107 - - [20/Mar/2024:08:10:56 -0500] "GET /sipse/faces/javax.faces.resource/layout/layout.js?ln=primefaces&v=4.0 HTTP/1.1" 304 -
201.245.192.253 - - [20/Mar/2024:08:10:59 -0500] "POST /kwsrmcab/Wsrmcab HTTP/1.1" 200 37935
45.238.182.143 - - [20/Mar/2024:08:10:59 -0500] "POST /sipse/faces/presentacion/financiero/solicitudProceso/consultarSolicitudProceso.xhtml HTTP/1.1" 200 5571
186.84.21.166 - - [20/Mar/2024:08:11:01 -0500] "POST /sipse/faces/presentacion/financiero/solicitudProceso/consultarSolicitudProceso.xhtml HTTP/1.1" 200 3006009
172.22.2.4 - - [20/Mar/2024:08:09:29 -0500] "HEAD /BLA/boletinlegal/ HTTP/1.1" 200 -
201.245.192.253 - - [20/Mar/2024:08:11:12 -0500] "POST /kwsrmcab/Wsrmcab HTTP/1.1" 200 37030
186.102.99.62 - - [20/Mar/2024:08:11:18 -0500] "GET /sipse/faces/index.xhtml HTTP/1.1" 200 677
186.102.99.62 - - [20/Mar/2024:08:11:18 -0500] "GET /sipse/faces/javax.faces.resource/theme.css?ln=primefaces-sipse HTTP/1.1" 304 -
186.102.99.62 - - [20/Mar/2024:08:11:18 -0500] "GET /sipse/faces/faces/autenticacion.xhtml HTTP/1.1" 200 12406
186.102.99.62 - - [20/Mar/2024:08:11:19 -0500] "GET /sipse/faces/javax.faces.resource/theme.css?ln=primefaces-sipse HTTP/1.1" 304 -
186.102.99.62 - - [20/Mar/2024:08:11:19 -0500] "GET /sipse/faces/javax.faces.resource/primefaces.css?ln=primefaces&v=4.0 HTTP/1.1" 304 -
186.102.99.62 - - [20/Mar/2024:08:11:19 -0500] "GET /sipse/faces/javax.faces.resource/jquery/jquery-plugins.js?ln=primefaces&v=4.0 HTTP/1.1" 304 -
186.102.99.62 - - [20/Mar/2024:08:11:19 -0500] "GET /sipse/faces/javax.faces.resource/jquery/jquery.js?ln=primefaces&v=4.0 HTTP/1.1" 304 -
186.102.99.62 - - [20/Mar/2024:08:11:19 -0500] "GET /sipse/faces/javax.faces.resource/layout/layout.css?ln=primefaces&v=4.0 HTTP/1.1" 304 -
186.102.99.62 - - [20/Mar/2024:08:11:19 -0500] "GET /sipse/faces/javax.faces.resource/primefaces.js?ln=primefaces&v=4.0 HTTP/1.1" 304 -
186.102.99.62 - - [20/Mar/2024:08:11:19 -0500] "GET /sipse/faces/javax.faces.resource/layout/layout.js?ln=primefaces&v=4.0 HTTP/1.1" 304 -
201.245.192.253 - - [20/Mar/2024:08:11:19 -0500] "POST /kwsrmcab/Wsrmcab HTTP/1.1" 200 37018
186.102.99.62 - - [20/Mar/2024:08:11:19 -0500] "GET /sipse/faces/javax.faces.resource/images/ui-icons_898989_256x240.png?ln=primefaces-aristo HTTP/1.1" 304 -
216.244.66.195 - - [20/Mar/2024:08:11:22 -0500] "GET /BLA/resoluciones/RESOLUCIONES%202017/0792.pdf HTTP/1.1" 200 590102
186.102.99.62 - - [20/Mar/2024:08:11:27 -0500] "POST /sipse/faces/autenticacion.xhtml HTTP/1.1" 200 16914
201.245.192.253 - - [20/Mar/2024:08:11:28 -0500] "POST /kwsrmcab/Wsrmcab HTTP/1.1" 200 38150
186.102.99.62 - - [20/Mar/2024:08:11:29 -0500] "GET /sipse/faces/javax.faces.resource/layout/layout.css?ln=primefaces&v=4.0 HTTP/1.1" 304 -
186.102.99.62 - - [20/Mar/2024:08:11:29 -0500] "GET /sipse/faces/javax.faces.resource/theme.css?ln=primefaces-sipse HTTP/1.1" 304 -
186.102.99.62 - - [20/Mar/2024:08:11:29 -0500] "GET /sipse/faces/javax.faces.resource/primefaces.css?ln=primefaces&v=4.0 HTTP/1.1" 304 -
186.102.99.62 - - [20/Mar/2024:08:11:29 -0500] "GET /sipse/faces/javax.faces.resource/jquery/jquery.js?ln=primefaces&v=4.0 HTTP/1.1" 304 -
201.245.192.253 - - [20/Mar/2024:08:11:29 -0500] "POST /kwsrmcab/Wsrmcab  HTTP/1.1" 200 37499
186.102.99.62 - - [20/Mar/2024:08:11:29 -0500] "GET /sipse/faces/javax.faces.resource/jquery/jquery-plugins.js?ln=primefaces&v=4.0 HTTP/1.1" 304 -
186.102.99.62 - - [20/Mar/2024:08:11:30 -0500] "GET /sipse/faces/javax.faces.resource/primefaces.js?ln=primefaces&v=4.0 HTTP/1.1" 304 -
186.102.99.62 - - [20/Mar/2024:08:11:30 -0500] "GET /sipse/faces/javax.faces.resource/layout/layout.js?ln=primefaces&v=4.0 HTTP/1.1" 304 -
186.102.99.62 - - [20/Mar/2024:08:11:30 -0500] "GET /sipse/css/v_mergente.css HTTP/1.1" 200 1505
186.102.99.62 - - [20/Mar/2024:08:11:30 -0500] "GET /sipse/css/imagen/contrasena.png HTTP/1.1" 404 383
186.102.99.62 - - [20/Mar/2024:08:11:30 -0500] "GET /sipse/faces/javax.faces.resource/messages/messages.png?ln=primefaces&v=4.0 HTTP/1.1" 304 -
186.102.99.62 - - [20/Mar/2024:08:11:30 -0500] "GET /sipse/imagenes/cargando.gif HTTP/1.1" 200 36959
186.31.178.89 - - [20/Mar/2024:08:11:27 -0500] "POST /sipse/faces/presentacion/financiero/solicitudProceso/consultarSolicitudProceso.xhtml HTTP/1.1" 200 61971
186.31.178.89 - - [20/Mar/2024:08:11:32 -0500] "GET /sipse/faces/javax.faces.resource/theme.css?ln=primefaces-sipse HTTP/1.1" 304 -
186.31.178.89 - - [20/Mar/2024:08:11:32 -0500] "GET /sipse/faces/javax.faces.resource/layout/layout.css?ln=primefaces&v=4.0 HTTP/1.1" 304 -
186.31.178.89 - - [20/Mar/2024:08:11:32 -0500] "GET /sipse/faces/javax.faces.resource/primefaces.css?ln=primefaces&v=4.0 HTTP/1.1" 304 -
186.31.178.89 - - [20/Mar/2024:08:11:32 -0500] "GET /sipse/faces/javax.faces.resource/jquery/jquery.js?ln=primefaces&v=4.0 HTTP/1.1" 304 -
186.31.178.89 - - [20/Mar/2024:08:11:32 -0500] "GET /sipse/faces/javax.faces.resource/jquery/jquery-plugins.js?ln=primefaces&v=4.0 HTTP/1.1" 304 -
186.102.99.62 - - [20/Mar/2024:08:11:30 -0500] "GET /sipse/imagenes/logoAplicacion.jpg HTTP/1.1" 200 155084
186.31.178.89 - - [20/Mar/2024:08:11:32 -0500] "GET /sipse/faces/javax.faces.resource/primefaces.js?ln=primefaces&v=4.0 HTTP/1.1" 304 -
186.31.178.89 - - [20/Mar/2024:08:11:32 -0500] "GET /sipse/faces/javax.faces.resource/layout/layout.js?ln=primefaces&v=4.0 HTTP/1.1" 304 -
186.31.178.89 - - [20/Mar/2024:08:11:32 -0500] "POST /sipse/faces/presentacion/financiero/solicitudProceso/listarSolicitudProceso.xhtml HTTP/1.1" 200 1556
186.102.99.62 - - [20/Mar/2024:08:11:33 -0500] "GET /sipse/faces/javax.faces.resource/images/ui-bg_flat_0_2d5972_40x100.png?ln=primefaces-aristo HTTP/1.1" 304 -
186.102.99.62 - - [20/Mar/2024:08:11:33 -0500] "POST /sipse/faces/bienvenido.xhtml HTTP/1.1" 200 9852
201.245.192.253 - - [20/Mar/2024:08:11:34 -0500] "POST /kwsrmcab/Wsrmcab HTTP/1.1" 200 37032
186.102.99.62 - - [20/Mar/2024:08:11:35 -0500] "POST /sipse/faces/bienvenido.xhtml HTTP/1.1" 200 9852
186.31.178.89 - - [20/Mar/2024:08:11:36 -0500] "POST /sipse/faces/presentacion/financiero/solicitudProceso/listarSolicitudProceso.xhtml HTTP/1.1" 200 4733
186.102.99.62 - - [20/Mar/2024:08:11:38 -0500] "POST /sipse/faces/bienvenido.xhtml HTTP/1.1" 200 2658
45.238.182.143 - - [20/Mar/2024:08:11:39 -0500] "POST /sipse/faces/presentacion/financiero/solicitudProceso/consultarSolicitudProceso.xhtml HTTP/1.1" 200 5571
186.102.99.62 - - [20/Mar/2024:08:11:41 -0500] "POST /sipse/faces/bienvenido.xhtml HTTP/1.1" 200 48407
186.102.99.62 - - [20/Mar/2024:08:11:42 -0500] "GET /sipse/faces/javax.faces.resource/layout/layout.css?ln=primefaces&v=4.0 HTTP/1.1" 304 -
186.102.99.62 - - [20/Mar/2024:08:11:42 -0500] "GET /sipse/faces/javax.faces.resource/primefaces.css?ln=primefaces&v=4.0 HTTP/1.1" 304 -
186.102.99.62 - - [20/Mar/2024:08:11:42 -0500] "GET /sipse/faces/javax.faces.resource/theme.css?ln=primefaces-sipse HTTP/1.1" 304 -
186.102.99.62 - - [20/Mar/2024:08:11:42 -0500] "GET /sipse/faces/javax.faces.resource/jquery/jquery.js?ln=primefaces&v=4.0 HTTP/1.1" 304 -
186.102.99.62 - - [20/Mar/2024:08:11:42 -0500] "GET /sipse/faces/javax.faces.resource/jquery/jquery-plugins.js?ln=primefaces&v=4.0 HTTP/1.1" 304 -
186.102.99.62 - - [20/Mar/2024:08:11:43 -0500] "GET /sipse/faces/javax.faces.resource/primefaces.js?ln=primefaces&v=4.0 HTTP/1.1" 304 -
186.102.99.62 - - [20/Mar/2024:08:11:43 -0500] "GET /sipse/faces/javax.faces.resource/layout/layout.js?ln=primefaces&v=4.0 HTTP/1.1" 304 -
186.102.99.62 - - [20/Mar/2024:08:11:43 -0500] "POST /sipse/faces/presentacion/financiero/solicitudProceso/listarSolicitudProceso.xhtml HTTP/1.1" 200 1480
172.22.2.4 - - [20/Mar/2024:08:10:20 -0500] "GET /BLA/boletinlegal/ HTTP/1.1" 200 49794
186.102.99.62 - - [20/Mar/2024:08:12:00 -0500] "POST /sipse/faces/presentacion/financiero/solicitudProceso/listarSolicitudProceso.xhtml HTTP/1.1" 200 124542
45.238.182.143 - - [20/Mar/2024:08:12:01 -0500] "POST /sipse/faces/presentacion/financiero/solicitudProceso/consultarSolicitudProceso.xhtml HTTP/1.1" 200 33007
45.238.182.143 - - [20/Mar/2024:08:12:03 -0500] "GET /sipse/faces/javax.faces.resource/theme.css?ln=primefaces-sipse HTTP/1.1" 304 -
45.238.182.143 - - [20/Mar/2024:08:12:03 -0500] "GET /sipse/faces/javax.faces.resource/primefaces.css?ln=primefaces&v=4.0 HTTP/1.1" 304 -
45.238.182.143 - - [20/Mar/2024:08:12:03 -0500] "GET /sipse/faces/javax.faces.resource/layout/layout.css?ln=primefaces&v=4.0 HTTP/1.1" 304 -
45.238.182.143 - - [20/Mar/2024:08:12:03 -0500] "GET /sipse/faces/javax.faces.resource/jquery/jquery.js?ln=primefaces&v=4.0 HTTP/1.1" 304 -
45.238.182.143 - - [20/Mar/2024:08:12:03 -0500] "GET /sipse/faces/javax.faces.resource/jquery/jquery-plugins.js?ln=primefaces&v=4.0 HTTP/1.1" 304 -
45.238.182.143 - - [20/Mar/2024:08:12:03 -0500] "GET /sipse/faces/javax.faces.resource/primefaces.js?ln=primefaces&v=4.0 HTTP/1.1" 304 -
45.238.182.143 - - [20/Mar/2024:08:12:04 -0500] "GET /sipse/faces/javax.faces.resource/layout/layout.js?ln=primefaces&v=4.0 HTTP/1.1" 304 -
186.102.99.62 - - [20/Mar/2024:08:12:04 -0500] "GET /sipse/faces/javax.faces.resource/theme.css?ln=primefaces-sipse HTTP/1.1" 304 -
186.102.99.62 - - [20/Mar/2024:08:12:04 -0500] "GET /sipse/faces/javax.faces.resource/primefaces.css?ln=primefaces&v=4.0 HTTP/1.1" 304 -
45.238.182.143 - - [20/Mar/2024:08:12:04 -0500] "POST /sipse/faces/presentacion/financiero/solicitudProceso/listarSolicitudProceso.xhtml HTTP/1.1" 200 1372
186.102.99.62 - - [20/Mar/2024:08:12:04 -0500] "GET /sipse/faces/javax.faces.resource/jquery/jquery.js?ln=primefaces&v=4.0 HTTP/1.1" 304 -
186.102.99.62 - - [20/Mar/2024:08:12:04 -0500] "GET /sipse/faces/javax.faces.resource/layout/layout.css?ln=primefaces&v=4.0 HTTP/1.1" 304 -
186.102.99.62 - - [20/Mar/2024:08:12:04 -0500] "GET /sipse/faces/javax.faces.resource/jquery/jquery-plugins.js?ln=primefaces&v=4.0 HTTP/1.1" 304 -
186.102.99.62 - - [20/Mar/2024:08:12:05 -0500] "GET /sipse/faces/javax.faces.resource/primefaces.js?ln=primefaces&v=4.0 HTTP/1.1" 304 -
186.102.99.62 - - [20/Mar/2024:08:12:06 -0500] "GET /sipse/faces/javax.faces.resource/layout/layout.js?ln=primefaces&v=4.0 HTTP/1.1" 304 -
216.244.66.195 - - [20/Mar/2024:08:12:06 -0500] "GET /BLA/resoluciones/RESOLUCIONES%202017/0951.pdf HTTP/1.1" 200 405405
191.95.55.24 - - [20/Mar/2024:08:12:19 -0500] "POST /sipse/faces/presentacion/financiero/solicitudProceso/consultarSolicitudProceso.xhtml HTTP/1.1" 200 5293
191.95.55.24 - - [20/Mar/2024:08:12:22 -0500] "POST /sipse/faces/presentacion/financiero/solicitudProceso/consultarSolicitudProceso.xhtml HTTP/1.1" 200 41999
191.95.55.24 - - [20/Mar/2024:08:12:23 -0500] "GET /sipse/faces/javax.faces.resource/theme.css?ln=primefaces-sipse HTTP/1.1" 304 -
191.95.55.24 - - [20/Mar/2024:08:12:23 -0500] "GET /sipse/faces/javax.faces.resource/primefaces.css?ln=primefaces&v=4.0 HTTP/1.1" 304 -
191.95.55.24 - - [20/Mar/2024:08:12:23 -0500] "GET /sipse/faces/javax.faces.resource/layout/layout.css?ln=primefaces&v=4.0 HTTP/1.1" 304 -
191.95.55.24 - - [20/Mar/2024:08:12:23 -0500] "GET /sipse/faces/javax.faces.resource/jquery/jquery.js?ln=primefaces&v=4.0 HTTP/1.1" 304 -
191.95.55.24 - - [20/Mar/2024:08:12:23 -0500] "GET /sipse/faces/javax.faces.resource/jquery/jquery-plugins.js?ln=primefaces&v=4.0 HTTP/1.1" 304 -
191.95.55.24 - - [20/Mar/2024:08:12:23 -0500] "GET /sipse/faces/javax.faces.resource/primefaces.js?ln=primefaces&v=4.0 HTTP/1.1" 304 -
191.95.55.24 - - [20/Mar/2024:08:12:23 -0500] "GET /sipse/faces/javax.faces.resource/layout/layout.js?ln=primefaces&v=4.0 HTTP/1.1" 304 -
191.95.55.24 - - [20/Mar/2024:08:12:23 -0500] "POST /sipse/faces/presentacion/financiero/solicitudProceso/consultar.xhtml HTTP/1.1" 200 35285
191.95.55.24 - - [20/Mar/2024:08:12:23 -0500] "POST /sipse/faces/presentacion/financiero/solicitudProceso/consultar.xhtml HTTP/1.1" 200 35285
191.95.55.24 - - [20/Mar/2024:08:12:24 -0500] "POST /sipse/faces/presentacion/financiero/solicitudProceso/consultar.xhtml HTTP/1.1" 200 35285
191.95.55.24 - - [20/Mar/2024:08:12:24 -0500] "POST /sipse/faces/presentacion/financiero/solicitudProceso/consultar.xhtml HTTP/1.1" 200 35285
191.95.55.24 - - [20/Mar/2024:08:12:25 -0500] "POST /sipse/faces/presentacion/financiero/solicitudProceso/consultar.xhtml HTTP/1.1" 200 35285
191.95.55.24 - - [20/Mar/2024:08:12:25 -0500] "POST /sipse/faces/presentacion/financiero/solicitudProceso/consultar.xhtml HTTP/1.1" 200 35285
201.245.215.107 - - [20/Mar/2024:08:12:28 -0500] "POST /sipse/faces/presentacion/financiero/solicitudProceso/consultarSolicitudProceso.xhtml HTTP/1.1" 200 40389
201.245.215.107 - - [20/Mar/2024:08:12:29 -0500] "GET /sipse/faces/javax.faces.resource/primefaces.css?ln=primefaces&v=4.0 HTTP/1.1" 304 -
201.245.215.107 - - [20/Mar/2024:08:12:29 -0500] "GET /sipse/faces/javax.faces.resource/theme.css?ln=primefaces-sipse HTTP/1.1" 304 -
201.245.215.107 - - [20/Mar/2024:08:12:29 -0500] "GET /sipse/faces/javax.faces.resource/layout/layout.css?ln=primefaces&v=4.0 HTTP/1.1" 304 -
201.245.215.107 - - [20/Mar/2024:08:12:29 -0500] "GET /sipse/faces/javax.faces.resource/layout/layout.js?ln=primefaces&v=4.0 HTTP/1.1" 304 -
201.245.215.107 - - [20/Mar/2024:08:12:29 -0500] "GET /sipse/faces/javax.faces.resource/jquery/jquery-plugins.js?ln=primefaces&v=4.0 HTTP/1.1" 304 -
201.245.215.107 - - [20/Mar/2024:08:12:29 -0500] "GET /sipse/faces/javax.faces.resource/primefaces.js?ln=primefaces&v=4.0 HTTP/1.1" 304 -
201.245.215.107 - - [20/Mar/2024:08:12:29 -0500] "GET /sipse/faces/javax.faces.resource/jquery/jquery.js?ln=primefaces&v=4.0 HTTP/1.1" 304 -
172.22.2.4 - - [20/Mar/2024:08:12:34 -0500] "GET /BLA/boletinlegal/images/screen_2.png HTTP/1.1" 200 362502
172.22.2.4 - - [20/Mar/2024:08:12:34 -0500] "GET /BLA/boletinlegal/images/screen_3.png HTTP/1.1" 200 210620
172.22.2.4 - - [20/Mar/2024:08:12:34 -0500] "GET /BLA/boletinlegal/images/screen_5.png HTTP/1.1" 200 368876
172.22.2.4 - - [20/Mar/2024:08:12:34 -0500] "GET /BLA/boletinlegal/images/arr_r.jpg HTTP/1.1" 200 1998
191.95.55.24 - - [20/Mar/2024:08:12:39 -0500] "POST /sipse/faces/presentacion/financiero/solicitudProceso/consultar.xhtml HTTP/1.1" 200 12835
216.244.66.195 - - [20/Mar/2024:08:12:41 -0500] "GET /BLA/resoluciones/RESOLUCIONES%202017/1260.pdf HTTP/1.1" 200 329948
201.245.192.253 - - [20/Mar/2024:08:12:43 -0500] "POST /forms/lservlet;jsessionid=ac16012b30d61aff71fa34ac405d99d9c4d551ba1c6a.e3iSbxaKaheRe3iNc3uNbNmQay1ynknvrkLOlQzNp65In0 HTTP/1.1" 200 2
191.95.55.24 - - [20/Mar/2024:08:12:43 -0500] "POST /sipse/faces/presentacion/financiero/solicitudProceso/consultar.xhtml HTTP/1.1" 200 151764
191.95.55.24 - - [20/Mar/2024:08:12:44 -0500] "GET /sipse/faces/javax.faces.resource/theme.css?ln=primefaces-sipse HTTP/1.1" 304 -
191.95.55.24 - - [20/Mar/2024:08:12:44 -0500] "GET /sipse/faces/javax.faces.resource/primefaces.css?ln=primefaces&v=4.0 HTTP/1.1" 304 -
191.95.55.24 - - [20/Mar/2024:08:12:44 -0500] "GET /sipse/faces/javax.faces.resource/layout/layout.css?ln=primefaces&v=4.0 HTTP/1.1" 304 -
191.95.55.24 - - [20/Mar/2024:08:12:45 -0500] "GET /sipse/faces/javax.faces.resource/jquery/jquery.js?ln=primefaces&v=4.0 HTTP/1.1" 304 -
191.95.55.24 - - [20/Mar/2024:08:12:45 -0500] "GET /sipse/faces/javax.faces.resource/jquery/jquery-plugins.js?ln=primefaces&v=4.0 HTTP/1.1" 304 -
191.95.55.24 - - [20/Mar/2024:08:12:45 -0500] "GET /sipse/faces/javax.faces.resource/primefaces.js?ln=primefaces&v=4.0 HTTP/1.1" 304 -
191.95.55.24 - - [20/Mar/2024:08:12:45 -0500] "GET /sipse/faces/javax.faces.resource/layout/layout.js?ln=primefaces&v=4.0 HTTP/1.1" 304 -
201.245.215.107 - - [20/Mar/2024:08:12:45 -0500] "GET /sipse/faces/javax.faces.resource/theme.css?ln=primefaces-sipse HTTP/1.1" 304 -
201.245.215.107 - - [20/Mar/2024:08:12:45 -0500] "GET /sipse/faces/javax.faces.resource/primefaces.css?ln=primefaces&v=4.0 HTTP/1.1" 304 -
201.245.215.107 - - [20/Mar/2024:08:12:45 -0500] "GET /sipse/faces/javax.faces.resource/layout/layout.css?ln=primefaces&v=4.0 HTTP/1.1" 304 -
201.245.215.107 - - [20/Mar/2024:08:12:45 -0500] "GET /sipse/faces/javax.faces.resource/jquery/jquery-plugins.js?ln=primefaces&v=4.0 HTTP/1.1" 304 -
201.245.215.107 - - [20/Mar/2024:08:12:45 -0500] "GET /sipse/faces/javax.faces.resource/jquery/jquery.js?ln=primefaces&v=4.0 HTTP/1.1" 304 -
201.245.215.107 - - [20/Mar/2024:08:12:45 -0500] "GET /sipse/faces/javax.faces.resource/primefaces.js?ln=primefaces&v=4.0 HTTP/1.1" 304 -
201.245.215.107 - - [20/Mar/2024:08:12:45 -0500] "GET /sipse/faces/javax.faces.resource/layout/layout.js?ln=primefaces&v=4.0 HTTP/1.1" 304 -
201.245.215.107 - - [20/Mar/2024:08:12:44 -0500] "POST /sipse/faces/presentacion/financiero/solicitudProceso/consultarHistorialSolProceso.xhtml HTTP/1.1" 200 172204
191.95.55.24 - - [20/Mar/2024:08:12:59 -0500] "POST /sipse/faces/presentacion/financiero/solicitudProceso/consultarSolicitudProceso.xhtml HTTP/1.1" 200 57408
191.95.55.24 - - [20/Mar/2024:08:13:00 -0500] "GET /sipse/faces/javax.faces.resource/theme.css?ln=primefaces-sipse HTTP/1.1" 304 -
191.95.55.24 - - [20/Mar/2024:08:13:00 -0500] "GET /sipse/faces/javax.faces.resource/layout/layout.css?ln=primefaces&v=4.0 HTTP/1.1" 304 -
191.95.55.24 - - [20/Mar/2024:08:13:00 -0500] "GET /sipse/faces/javax.faces.resource/primefaces.css?ln=primefaces&v=4.0 HTTP/1.1" 304 -
191.95.55.24 - - [20/Mar/2024:08:13:00 -0500] "GET /sipse/faces/javax.faces.resource/jquery/jquery.js?ln=primefaces&v=4.0 HTTP/1.1" 304 -
191.95.55.24 - - [20/Mar/2024:08:13:00 -0500] "GET /sipse/faces/javax.faces.resource/jquery/jquery-plugins.js?ln=primefaces&v=4.0 HTTP/1.1" 304 -
191.95.55.24 - - [20/Mar/2024:08:13:00 -0500] "GET /sipse/faces/javax.faces.resource/layout/layout.js?ln=primefaces&v=4.0 HTTP/1.1" 304 -
191.95.55.24 - - [20/Mar/2024:08:13:00 -0500] "GET /sipse/faces/javax.faces.resource/primefaces.js?ln=primefaces&v=4.0 HTTP/1.1" 304 -
172.22.2.4 - - [20/Mar/2024:08:11:26 -0500] "HEAD /BLA/boletinlegal/ HTTP/1.1" 200 -
216.244.66.195 - - [20/Mar/2024:08:13:13 -0500] "GET /BLA/resoluciones/RESOLUCIONES%202017/1526.pdf HTTP/1.1" 200 1056734
172.22.2.4 - - [20/Mar/2024:08:12:30 -0500] "GET /BLA/boletinlegal/ HTTP/1.1" 200 24523
172.22.2.4 - - [20/Mar/2024:08:12:04 -0500] "GET /BLA/boletinlegal/ HTTP/1.1" 200 42478
172.22.2.4 - - [20/Mar/2024:08:12:23 -0500] "GET /BLA/boletinlegal/index.php HTTP/1.1" 200 36811
191.156.153.111 - - [20/Mar/2024:08:13:59 -0500] "GET /BLA/resoluciones/RESOLUCIONES%202024/00379.pdf HTTP/1.1" 304 -
216.244.66.195 - - [20/Mar/2024:08:14:03 -0500] "GET /BLA/resoluciones/RESOLUCIONES%202017/1527.pdf HTTP/1.1" 200 717823
172.22.2.4 - - [20/Mar/2024:08:12:31 -0500] "GET /BLA/boletinlegal/index.php HTTP/1.1" 200 45003
216.245.221.92 - - [20/Mar/2024:08:14:14 -0500] "HEAD / HTTP/1.1" 200 -
186.102.99.62 - - [20/Mar/2024:08:14:40 -0500] "POST /sipse/faces/presentacion/financiero/solicitudProceso/consultarSolicitudProceso.xhtml HTTP/1.1" 200 48407
186.102.99.62 - - [20/Mar/2024:08:14:42 -0500] "GET /sipse/faces/javax.faces.resource/theme.css?ln=primefaces-sipse HTTP/1.1" 304 -
186.102.99.62 - - [20/Mar/2024:08:14:43 -0500] "GET /sipse/faces/javax.faces.resource/layout/layout.css?ln=primefaces&v=4.0 HTTP/1.1" 304 -
186.102.99.62 - - [20/Mar/2024:08:14:43 -0500] "GET /sipse/faces/javax.faces.resource/jquery/jquery.js?ln=primefaces&v=4.0 HTTP/1.1" 304 -
186.102.99.62 - - [20/Mar/2024:08:14:43 -0500] "GET /sipse/faces/javax.faces.resource/primefaces.css?ln=primefaces&v=4.0 HTTP/1.1" 304 -
201.245.192.253 - - [20/Mar/2024:08:14:43 -0500] "POST /forms/lservlet;jsessionid=ac16012b30d61aff71fa34ac405d99d9c4d551ba1c6a.e3iSbxaKaheRe3iNc3uNbNmQay1ynknvrkLOlQzNp65In0 HTTP/1.1" 200 2
186.102.99.62 - - [20/Mar/2024:08:14:43 -0500] "GET /sipse/faces/javax.faces.resource/jquery/jquery-plugins.js?ln=primefaces&v=4.0 HTTP/1.1" 304 -
186.102.99.62 - - [20/Mar/2024:08:14:43 -0500] "GET /sipse/faces/javax.faces.resource/primefaces.js?ln=primefaces&v=4.0 HTTP/1.1" 304 -
186.102.99.62 - - [20/Mar/2024:08:14:44 -0500] "GET /sipse/faces/javax.faces.resource/layout/layout.js?ln=primefaces&v=4.0 HTTP/1.1" 304 -
186.102.99.62 - - [20/Mar/2024:08:14:44 -0500] "POST /sipse/faces/presentacion/financiero/solicitudProceso/listarSolicitudProceso.xhtml HTTP/1.1" 200 41662
172.22.2.4 - - [20/Mar/2024:08:13:06 -0500] "GET /BLA/boletinlegal/index.php HTTP/1.1" 200 54300
186.102.99.62 - - [20/Mar/2024:08:14:45 -0500] "POST /sipse/faces/presentacion/financiero/solicitudProceso/listarSolicitudProceso.xhtml HTTP/1.1" 200 41662
186.102.99.62 - - [20/Mar/2024:08:14:46 -0500] "POST /sipse/faces/presentacion/financiero/solicitudProceso/listarSolicitudProceso.xhtml HTTP/1.1" 200 1480
186.102.99.62 - - [20/Mar/2024:08:14:46 -0500] "POST /sipse/faces/presentacion/financiero/solicitudProceso/listarSolicitudProceso.xhtml HTTP/1.1" 200 1484
186.102.99.62 - - [20/Mar/2024:08:14:47 -0500] "POST /sipse/faces/presentacion/financiero/solicitudProceso/listarSolicitudProceso.xhtml HTTP/1.1" 200 1484
216.244.66.195 - - [20/Mar/2024:08:14:49 -0500] "GET /BLA/resoluciones/RESOLUCIONES%202017/1578.pdf HTTP/1.1" 200 466832
181.53.14.142 - - [20/Mar/2024:08:15:01 -0500] "GET /sipse/faces/javax.faces.resource/primefaces.css?ln=primefaces&v=4.0 HTTP/1.1" 200 26018
181.53.14.142 - - [20/Mar/2024:08:15:01 -0500] "GET /sipse/faces/faces/index.xhtml HTTP/1.1" 200 677
181.53.14.142 - - [20/Mar/2024:08:15:02 -0500] "GET /sipse/faces/javax.faces.resource/theme.css?ln=primefaces-sipse HTTP/1.1" 304 -
181.53.14.142 - - [20/Mar/2024:08:15:02 -0500] "GET /sipse/faces/faces/faces/autenticacion.xhtml HTTP/1.1" 200 12406
181.53.14.142 - - [20/Mar/2024:08:15:02 -0500] "GET /sipse/js/funciones.js HTTP/1.1" 304 -
181.53.14.142 - - [20/Mar/2024:08:15:02 -0500] "GET /sipse/js/disable_browser_buttons.js HTTP/1.1" 304 -
181.53.14.142 - - [20/Mar/2024:08:15:02 -0500] "GET /sipse/css/custom_css_sg.css HTTP/1.1" 304 -
181.53.14.142 - - [20/Mar/2024:08:15:02 -0500] "GET /sipse/faces/javax.faces.resource/layout/layout.css?ln=primefaces&v=4.0 HTTP/1.1" 304 -
181.53.14.142 - - [20/Mar/2024:08:15:02 -0500] "GET /sipse/faces/javax.faces.resource/jquery/jquery.js?ln=primefaces&v=4.0 HTTP/1.1" 304 -
181.53.14.142 - - [20/Mar/2024:08:15:02 -0500] "GET /sipse/faces/javax.faces.resource/primefaces.css?ln=primefaces&v=4.0 HTTP/1.1" 304 -
181.53.14.142 - - [20/Mar/2024:08:15:02 -0500] "GET /sipse/css/custom_css_sg_prime_login.css HTTP/1.1" 304 -
181.53.14.142 - - [20/Mar/2024:08:15:02 -0500] "GET /sipse/faces/javax.faces.resource/jquery/jquery-plugins.js?ln=primefaces&v=4.0 HTTP/1.1" 304 -
181.53.14.142 - - [20/Mar/2024:08:15:02 -0500] "GET /sipse/faces/javax.faces.resource/primefaces.js?ln=primefaces&v=4.0 HTTP/1.1" 304 -
181.53.14.142 - - [20/Mar/2024:08:15:02 -0500] "GET /sipse/faces/javax.faces.resource/theme.css?ln=primefaces-sipse HTTP/1.1" 200 50058
