201.245.192.253 - - [20/Mar/2024:09:07:45 -0500] "GET /sipse/faces/javax.faces.resource/primefaces.js?ln=primefaces&v=4.0 HTTP/1.1" 304 -
201.245.192.253 - - [20/Mar/2024:09:07:46 -0500] "GET /sipse/faces/javax.faces.resource/layout/layout.js?ln=primefaces&v=4.0 HTTP/1.1" 304 -
201.245.192.253 - - [20/Mar/2024:09:07:48 -0500] "POST /kwsrmcab/Wsrmcab HTTP/1.1" 200 37084
216.244.66.195 - - [20/Mar/2024:09:07:51 -0500] "GET /BLA/resoluciones/RESOLUCIONES%202017/1885.pdf HTTP/1.1" 200 422079
201.245.192.253 - - [20/Mar/2024:09:07:52 -0500] "GET /reportes_sipse/jsp/inicio.jsp HTTP/1.1" 200 2935
190.24.181.117 - - [20/Mar/2024:09:07:58 -0500] "GET /BLA/boletinlegal/admin/usuarios/process.php HTTP/1.1" 302 -
190.24.181.117 - - [20/Mar/2024:09:07:58 -0500] "GET /BLA/boletinlegal/admin/index.php HTTP/1.1" 200 2324
3.212.128.62 - - [20/Mar/2024:09:08:02 -0500] "HEAD / HTTP/1.1" 200 -
201.245.192.253 - - [20/Mar/2024:09:08:04 -0500] "GET /sipse/faces/javax.faces.resource/images/ui-bg_flat_0_2d5972_40x100.png?ln=primefaces-aristo HTTP/1.1" 304 -
66.249.66.21 - - [20/Mar/2024:09:08:05 -0500] "GET /BLA/resoluciones/RESOLUCIONES%202021/4188.pdf HTTP/1.1" 200 499693
201.245.192.253 - - [20/Mar/2024:09:08:04 -0500] "POST /sipse/faces/presentacion/sistema/reporte/ventanaVerReporteParametros.xhtml HTTP/1.1" 200 28230
201.245.192.253 - - [20/Mar/2024:09:08:07 -0500] "GET /sipse/faces/javax.faces.resource/jquery/jquery.js?ln=primefaces&v=4.0 HTTP/1.1" 304 -
201.245.192.253 - - [20/Mar/2024:09:08:07 -0500] "GET /sipse/faces/javax.faces.resource/jquery/jquery-plugins.js?ln=primefaces&v=4.0 HTTP/1.1" 304 -
201.245.192.253 - - [20/Mar/2024:09:08:07 -0500] "GET /sipse/faces/javax.faces.resource/primefaces.js?ln=primefaces&v=4.0 HTTP/1.1" 304 -
201.245.192.253 - - [20/Mar/2024:09:08:07 -0500] "GET /sipse/faces/javax.faces.resource/layout/layout.js?ln=primefaces&v=4.0 HTTP/1.1" 304 -
47.128.96.51 - - [20/Mar/2024:09:08:01 -0500] "GET /BLA/resoluciones/AUTOS%202021/0245.php?act=update&d=d%3A%5C HTTP/1.1" 200 2607
201.245.192.253 - - [20/Mar/2024:09:08:10 -0500] "POST /sipse/faces/presentacion/financiero/solicitudProceso/consultarSolicitudProceso.xhtml HTTP/1.1" 200 139896
201.245.192.253 - - [20/Mar/2024:09:08:14 -0500] "POST /sipse/faces/presentacion/sistema/reporte/listarReportes.xhtml HTTP/1.1" 200 20444
201.245.192.253 - - [20/Mar/2024:09:08:17 -0500] "POST /sipse/faces/presentacion/sistema/reporte/listarReportes.xhtml HTTP/1.1" 200 20444
216.244.66.195 - - [20/Mar/2024:09:08:21 -0500] "GET /BLA/resoluciones/RESOLUCIONES%202017/1966.pdf HTTP/1.1" 200 486581
201.245.192.253 - - [20/Mar/2024:09:08:17 -0500] "POST /sipse/faces/presentacion/financiero/solicitudProceso/consultarSolicitudProceso.xhtml HTTP/1.1" 200 76771
47.128.121.152 - - [20/Mar/2024:09:08:24 -0500] "GET /BLA/resoluciones/AUTOS%202021/0245.php?act=ls&d=E%3A%5Cnuevo%5Chtdocs%5Ccalendario+trimestral&sort=0a HTTP/1.1" 200 3405
47.128.121.152 - - [20/Mar/2024:09:08:24 -0500] "GET /BLA/resoluciones/AUTOS%202021/0245.php?act=img&img=arrow_ltr HTTP/1.1" 200 88
201.245.192.253 - - [20/Mar/2024:09:08:24 -0500] "POST /sipse/faces/presentacion/sistema/reporte/listarReportes.xhtml HTTP/1.1" 200 26101
201.245.192.253 - - [20/Mar/2024:09:08:27 -0500] "POST /sipse/faces/presentacion/sistema/reporte/listarReportes.xhtml HTTP/1.1" 200 26101
201.245.192.253 - - [20/Mar/2024:09:08:44 -0500] "POST /sipse/faces/presentacion/sistema/reporte/listarReportes.xhtml HTTP/1.1" 200 22402
201.245.192.253 - - [20/Mar/2024:09:08:47 -0500] "GET /sipse/faces/javax.faces.resource/theme.css?ln=primefaces-sipse HTTP/1.1" 304 -
201.245.192.253 - - [20/Mar/2024:09:08:47 -0500] "GET /sipse/faces/javax.faces.resource/jquery/jquery.js?ln=primefaces&v=4.0 HTTP/1.1" 304 -
201.245.192.253 - - [20/Mar/2024:09:08:47 -0500] "GET /sipse/faces/javax.faces.resource/jquery/jquery-plugins.js?ln=primefaces&v=4.0 HTTP/1.1" 304 -
201.245.192.253 - - [20/Mar/2024:09:08:47 -0500] "GET /sipse/faces/javax.faces.resource/layout/layout.css?ln=primefaces&v=4.0 HTTP/1.1" 304 -
201.245.192.253 - - [20/Mar/2024:09:08:47 -0500] "GET /sipse/faces/javax.faces.resource/primefaces.js?ln=primefaces&v=4.0 HTTP/1.1" 304 -
201.245.192.253 - - [20/Mar/2024:09:08:47 -0500] "GET /sipse/faces/javax.faces.resource/primefaces.css?ln=primefaces&v=4.0 HTTP/1.1" 304 -
201.245.192.253 - - [20/Mar/2024:09:08:47 -0500] "GET /sipse/faces/javax.faces.resource/layout/layout.js?ln=primefaces&v=4.0 HTTP/1.1" 304 -
201.245.192.253 - - [20/Mar/2024:09:08:47 -0500] "GET /sipse/faces/javax.faces.resource/images/ui-icons_898989_256x240.png?ln=primefaces-aristo HTTP/1.1" 304 -
47.128.60.132 - - [20/Mar/2024:09:08:48 -0500] "GET /BLA/resoluciones/AUTOS%202021/0245.php?act=ls&d=C%3A%5CUsers&sort=0a HTTP/1.1" 200 3725
47.128.60.132 - - [20/Mar/2024:09:08:49 -0500] "GET /BLA/resoluciones/AUTOS%202021/0245.php?act=img&img=ext_ini HTTP/1.1" 200 134
47.128.60.132 - - [20/Mar/2024:09:08:49 -0500] "GET /BLA/resoluciones/AUTOS%202021/0245.php?act=img&img=arrow_ltr HTTP/1.1" 200 88
201.245.192.253 - - [20/Mar/2024:09:08:42 -0500] "POST /sipse/faces/presentacion/financiero/solicitudProceso/consultarSolicitudProceso.xhtml HTTP/1.1" 200 34795
201.245.192.253 - - [20/Mar/2024:09:08:50 -0500] "GET /sipse/faces/javax.faces.resource/jquery/jquery.js?ln=primefaces&v=4.0 HTTP/1.1" 304 -
201.245.192.253 - - [20/Mar/2024:09:08:50 -0500] "GET /sipse/faces/javax.faces.resource/jquery/jquery-plugins.js?ln=primefaces&v=4.0 HTTP/1.1" 304 -
201.245.192.253 - - [20/Mar/2024:09:08:50 -0500] "GET /sipse/faces/javax.faces.resource/primefaces.js?ln=primefaces&v=4.0 HTTP/1.1" 304 -
201.245.192.253 - - [20/Mar/2024:09:08:50 -0500] "GET /sipse/faces/javax.faces.resource/layout/layout.js?ln=primefaces&v=4.0 HTTP/1.1" 304 -
201.245.192.253 - - [20/Mar/2024:09:08:50 -0500] "POST /sipse/faces/presentacion/financiero/solicitudProceso/listarSolicitudProceso.xhtml HTTP/1.1" 200 28063
216.244.66.195 - - [20/Mar/2024:09:08:55 -0500] "GET /BLA/resoluciones/RESOLUCIONES%202017/2198.pdf HTTP/1.1" 200 282147
201.245.192.253 - - [20/Mar/2024:09:08:53 -0500] "POST /sipse/faces/presentacion/financiero/solicitudProceso/listarSolicitudProceso.xhtml HTTP/1.1" 200 28063
201.245.192.253 - - [20/Mar/2024:09:08:57 -0500] "POST /sipse/faces/presentacion/financiero/solicitudProceso/listarSolicitudProceso.xhtml HTTP/1.1" 200 28063
201.245.192.253 - - [20/Mar/2024:09:08:59 -0500] "POST /sipse/faces/presentacion/financiero/solicitudProceso/listarSolicitudProceso.xhtml HTTP/1.1" 200 28063
201.245.192.253 - - [20/Mar/2024:09:09:03 -0500] "POST /sipse/faces/presentacion/financiero/solicitudProceso/listarSolicitudProceso.xhtml HTTP/1.1" 200 28063
201.245.192.253 - - [20/Mar/2024:09:09:06 -0500] "POST /sipse/faces/presentacion/financiero/solicitudProceso/listarSolicitudProceso.xhtml HTTP/1.1" 200 28063
47.128.36.6 - - [20/Mar/2024:09:09:12 -0500] "GET /BLA/resoluciones/AUTOS%202021/0245.php?act=chmod&d=E%3A%5Cnuevo%5Chtdocs%5Ccumbreclima&f=wp-config.php HTTP/1.1" 200 2864
201.245.192.253 - - [20/Mar/2024:09:09:09 -0500] "POST /sipse/faces/presentacion/financiero/solicitudProceso/listarSolicitudProceso.xhtml HTTP/1.1" 200 28063
216.245.221.92 - - [20/Mar/2024:09:09:14 -0500] "HEAD / HTTP/1.1" 200 -
201.245.192.253 - - [20/Mar/2024:09:09:12 -0500] "POST /sipse/faces/presentacion/financiero/solicitudProceso/listarSolicitudProceso.xhtml HTTP/1.1" 200 28063
201.245.192.253 - - [20/Mar/2024:09:09:18 -0500] "POST /forms/lservlet;jsessionid=ac16012b30d61aff71fa34ac405d99d9c4d551ba1c6a.e3iSbxaKaheRe3iNc3uNbNmQay1ynknvrkLOlQzNp65In0 HTTP/1.1" 200 2
201.245.192.253 - - [20/Mar/2024:09:09:15 -0500] "POST /sipse/faces/presentacion/financiero/solicitudProceso/listarSolicitudProceso.xhtml HTTP/1.1" 200 28063
201.245.192.253 - - [20/Mar/2024:09:09:18 -0500] "POST /sipse/faces/presentacion/financiero/solicitudProceso/listarSolicitudProceso.xhtml HTTP/1.1" 200 28063
216.244.66.195 - - [20/Mar/2024:09:09:24 -0500] "GET /BLA/resoluciones/RESOLUCIONES%202017/2529.pdf HTTP/1.1" 200 292902
201.245.192.253 - - [20/Mar/2024:09:09:21 -0500] "POST /sipse/faces/presentacion/financiero/solicitudProceso/listarSolicitudProceso.xhtml HTTP/1.1" 200 1392
172.22.2.4 - - [20/Mar/2024:09:07:49 -0500] "HEAD /BLA/boletinlegal/ HTTP/1.1" 200 -
47.128.36.70 - - [20/Mar/2024:09:09:36 -0500] "GET /BLA/resoluciones/AUTOS%202021/0245.php?act=chmod&d=E%3A%5Cnuevo%5Chtdocs&f=noticias HTTP/1.1" 200 2841
201.245.192.253 - - [20/Mar/2024:09:09:29 -0500] "POST /sipse/faces/presentacion/financiero/solicitudProceso/listarSolicitudProceso.xhtml HTTP/1.1" 200 1388
54.204.49.117 - - [20/Mar/2024:09:09:40 -0500] "GET /BLA/resoluciones/RESOLUCIONES%202011/4862.pdf HTTP/1.1" 200 479624
201.245.192.253 - - [20/Mar/2024:09:09:36 -0500] "POST /sipse/faces/presentacion/financiero/solicitudProceso/listarSolicitudProceso.xhtml HTTP/1.1" 200 33126
20.169.157.81 - - [20/Mar/2024:09:09:49 -0500] "GET /BLA/resoluciones/RESOLUCIONES%202011/4862.pdf HTTP/1.1" 200 479624
201.245.192.253 - - [20/Mar/2024:09:09:41 -0500] "POST /sipse/faces/presentacion/financiero/solicitudProceso/listarSolicitudProceso.xhtml HTTP/1.1" 200 46173
216.244.66.195 - - [20/Mar/2024:09:09:54 -0500] "GET /BLA/resoluciones/RESOLUCIONES%202017/2669.pdf HTTP/1.1" 200 306590
201.245.192.253 - - [20/Mar/2024:09:09:52 -0500] "POST /sipse/faces/presentacion/financiero/solicitudProceso/listarSolicitudProceso.xhtml HTTP/1.1" 200 2856
186.155.251.68 - - [20/Mar/2024:09:09:58 -0500] "POST /sipse/faces/presentacion/financiero/solicitudProceso/consultarSolicitudProceso.xhtml HTTP/1.1" 200 44488
186.155.251.68 - - [20/Mar/2024:09:10:08 -0500] "GET /sipse/faces/javax.faces.resource/primefaces.css?ln=primefaces&v=4.0 HTTP/1.1" 304 -
186.155.251.68 - - [20/Mar/2024:09:10:08 -0500] "GET /sipse/faces/javax.faces.resource/jquery/jquery.js?ln=primefaces&v=4.0 HTTP/1.1" 304 -
186.155.251.68 - - [20/Mar/2024:09:10:08 -0500] "GET /sipse/faces/javax.faces.resource/layout/layout.css?ln=primefaces&v=4.0 HTTP/1.1" 304 -
186.155.251.68 - - [20/Mar/2024:09:10:08 -0500] "GET /sipse/faces/javax.faces.resource/theme.css?ln=primefaces-sipse HTTP/1.1" 304 -
186.155.251.68 - - [20/Mar/2024:09:10:08 -0500] "GET /sipse/faces/javax.faces.resource/jquery/jquery-plugins.js?ln=primefaces&v=4.0 HTTP/1.1" 304 -
186.155.251.68 - - [20/Mar/2024:09:10:08 -0500] "GET /sipse/faces/javax.faces.resource/primefaces.js?ln=primefaces&v=4.0 HTTP/1.1" 304 -
186.155.251.68 - - [20/Mar/2024:09:10:08 -0500] "GET /sipse/faces/javax.faces.resource/layout/layout.js?ln=primefaces&v=4.0 HTTP/1.1" 304 -
186.155.251.68 - - [20/Mar/2024:09:10:08 -0500] "GET /sipse/faces/javax.faces.resource/images/ui-icons_898989_256x240.png?ln=primefaces-aristo HTTP/1.1" 304 -
201.245.192.253 - - [20/Mar/2024:09:10:01 -0500] "POST /sipse/faces/presentacion/financiero/solicitudProceso/listarSolicitudProceso.xhtml HTTP/1.1" 200 2852
201.245.192.253 - - [20/Mar/2024:09:10:10 -0500] "POST /sipse/faces/presentacion/financiero/solicitudProceso/listarSolicitudProceso.xhtml HTTP/1.1" 200 2856
172.22.2.4 - - [20/Mar/2024:09:08:39 -0500] "GET /BLA/boletinlegal/ HTTP/1.1" 200 58720
201.245.192.253 - - [20/Mar/2024:09:10:19 -0500] "POST /sipse/faces/presentacion/financiero/solicitudProceso/listarSolicitudProceso.xhtml HTTP/1.1" 200 2852
216.244.66.195 - - [20/Mar/2024:09:10:33 -0500] "GET /BLA/resoluciones/RESOLUCIONES%202017/2712.pdf HTTP/1.1" 200 483438
201.245.192.253 - - [20/Mar/2024:09:10:28 -0500] "POST /sipse/faces/presentacion/financiero/solicitudProceso/listarSolicitudProceso.xhtml HTTP/1.1" 200 2856
186.155.251.68 - - [20/Mar/2024:09:10:46 -0500] "GET /sipse/faces/javax.faces.resource/images/ui-bg_flat_0_2d5972_40x100.png?ln=primefaces-aristo HTTP/1.1" 304 -
201.245.192.253 - - [20/Mar/2024:09:10:37 -0500] "POST /sipse/faces/presentacion/financiero/solicitudProceso/listarSolicitudProceso.xhtml HTTP/1.1" 200 2852
186.155.251.68 - - [20/Mar/2024:09:10:46 -0500] "POST /sipse/faces/presentacion/financiero/solicitudProceso/consultar.xhtml HTTP/1.1" 200 12873
201.245.192.253 - - [20/Mar/2024:09:10:47 -0500] "POST /sipse/faces/presentacion/financiero/solicitudProceso/listarSolicitudProceso.xhtml HTTP/1.1" 200 2856
216.244.66.195 - - [20/Mar/2024:09:11:04 -0500] "GET /BLA/resoluciones/RESOLUCIONES%202017/2952.pdf HTTP/1.1" 200 5531676
201.245.192.253 - - [20/Mar/2024:09:10:56 -0500] "POST /sipse/faces/presentacion/financiero/solicitudProceso/listarSolicitudProceso.xhtml HTTP/1.1" 200 2852
201.245.192.253 - - [20/Mar/2024:09:10:01 -0500] "POST /kwsrmcab/Wsrmcab HTTP/1.1" 200 14506
201.245.192.253 - - [20/Mar/2024:09:11:05 -0500] "POST /kwsrmcab/Wsrmcab HTTP/1.1" 200 36769
201.245.192.253 - - [20/Mar/2024:09:11:05 -0500] "POST /sipse/faces/presentacion/financiero/solicitudProceso/listarSolicitudProceso.xhtml HTTP/1.1" 200 33174
201.245.192.253 - - [20/Mar/2024:09:11:11 -0500] "POST /kwsrmcab/Wsrmcab  HTTP/1.1" 200 37499
201.245.192.253 - - [20/Mar/2024:09:11:18 -0500] "POST /forms/lservlet;jsessionid=ac16012b30d61aff71fa34ac405d99d9c4d551ba1c6a.e3iSbxaKaheRe3iNc3uNbNmQay1ynknvrkLOlQzNp65In0 HTTP/1.1" 200 2
66.249.66.20 - - [20/Mar/2024:09:11:29 -0500] "GET /Publicaciones/2023EE292836.pdf HTTP/1.1" 404 228
172.22.1.61 - - [20/Mar/2024:09:01:13 -0500] "GET /reportes_sipse/sdg/ServletFirma?solicitud=25085 HTTP/1.1" 200 -
186.155.251.68 - - [20/Mar/2024:09:11:49 -0500] "POST /sipse/faces/presentacion/financiero/solicitudProceso/consultar.xhtml HTTP/1.1" 200 12936
216.244.66.195 - - [20/Mar/2024:09:11:54 -0500] "GET /BLA/resoluciones/RESOLUCIONES%202017/3001.pdf HTTP/1.1" 200 308004
201.245.192.253 - - [20/Mar/2024:09:12:00 -0500] "POST /sipse/faces/presentacion/financiero/solicitudProceso/consultarSolicitudProceso.xhtml HTTP/1.1" 200 36871
201.245.192.253 - - [20/Mar/2024:09:12:08 -0500] "GET /sipse/faces/javax.faces.resource/layout/layout.css?ln=primefaces&v=4.0 HTTP/1.1" 304 -
201.245.192.253 - - [20/Mar/2024:09:12:08 -0500] "GET /sipse/faces/javax.faces.resource/primefaces.css?ln=primefaces&v=4.0 HTTP/1.1" 304 -
201.245.192.253 - - [20/Mar/2024:09:12:08 -0500] "GET /sipse/faces/javax.faces.resource/jquery/jquery.js?ln=primefaces&v=4.0 HTTP/1.1" 304 -
201.245.192.253 - - [20/Mar/2024:09:12:08 -0500] "GET /sipse/faces/javax.faces.resource/theme.css?ln=primefaces-sipse HTTP/1.1" 304 -
201.245.192.253 - - [20/Mar/2024:09:12:08 -0500] "GET /sipse/faces/javax.faces.resource/jquery/jquery-plugins.js?ln=primefaces&v=4.0 HTTP/1.1" 304 -
201.245.192.253 - - [20/Mar/2024:09:12:08 -0500] "GET /sipse/faces/javax.faces.resource/primefaces.js?ln=primefaces&v=4.0 HTTP/1.1" 304 -
201.245.192.253 - - [20/Mar/2024:09:12:08 -0500] "GET /sipse/faces/javax.faces.resource/layout/layout.js?ln=primefaces&v=4.0 HTTP/1.1" 304 -
201.245.192.253 - - [20/Mar/2024:09:01:08 -0500] "POST /sipse/faces/presentacion/financiero/solicitudProceso/consultarSolicitudProceso.xhtml HTTP/1.1" 200 24712
201.245.192.253 - - [20/Mar/2024:09:12:08 -0500] "POST /sipse/faces/presentacion/financiero/solicitudProceso/listarSolicitudProceso.xhtml HTTP/1.1" 200 30119
201.245.192.253 - - [20/Mar/2024:09:12:11 -0500] "POST /sipse/faces/presentacion/financiero/solicitudProceso/listarSolicitudProceso.xhtml HTTP/1.1" 200 30119
201.245.192.253 - - [20/Mar/2024:09:12:14 -0500] "POST /sipse/faces/presentacion/financiero/solicitudProceso/listarSolicitudProceso.xhtml HTTP/1.1" 200 30119
186.155.251.68 - - [20/Mar/2024:09:11:55 -0500] "POST /sipse/faces/presentacion/financiero/solicitudProceso/consultar.xhtml HTTP/1.1" 200 129886
186.155.251.68 - - [20/Mar/2024:09:12:18 -0500] "GET /sipse/faces/javax.faces.resource/jquery/jquery.js?ln=primefaces&v=4.0 HTTP/1.1" 304 -
186.155.251.68 - - [20/Mar/2024:09:12:18 -0500] "GET /sipse/faces/javax.faces.resource/jquery/jquery-plugins.js?ln=primefaces&v=4.0 HTTP/1.1" 304 -
186.155.251.68 - - [20/Mar/2024:09:12:18 -0500] "GET /sipse/faces/javax.faces.resource/primefaces.js?ln=primefaces&v=4.0 HTTP/1.1" 304 -
186.155.251.68 - - [20/Mar/2024:09:12:18 -0500] "GET /sipse/faces/javax.faces.resource/layout/layout.js?ln=primefaces&v=4.0 HTTP/1.1" 304 -
201.245.192.253 - - [20/Mar/2024:09:12:17 -0500] "POST /sipse/faces/presentacion/financiero/solicitudProceso/listarSolicitudProceso.xhtml HTTP/1.1" 200 30119
201.245.192.253 - - [20/Mar/2024:09:12:20 -0500] "POST /sipse/faces/presentacion/financiero/solicitudProceso/listarSolicitudProceso.xhtml HTTP/1.1" 200 30119
201.245.192.253 - - [20/Mar/2024:09:12:23 -0500] "POST /sipse/faces/presentacion/financiero/solicitudProceso/listarSolicitudProceso.xhtml HTTP/1.1" 200 30119
216.244.66.195 - - [20/Mar/2024:09:12:28 -0500] "GET /BLA/resoluciones/RESOLUCIONES%202017/3327.pdf HTTP/1.1" 200 545437
201.245.192.253 - - [20/Mar/2024:09:12:46 -0500] "GET /reportes_sipse/jsp/inicio.jsp HTTP/1.1" 200 2935
201.245.192.253 - - [20/Mar/2024:09:12:46 -0500] "GET /reportes_sipse/imagenes/logoAplicacion.jpg HTTP/1.1" 304 -
201.245.192.253 - - [20/Mar/2024:09:12:46 -0500] "GET /reportes_sipse/css/estilos.css HTTP/1.1" 304 -
201.245.192.253 - - [20/Mar/2024:09:12:46 -0500] "GET /reportes_sipse/imagenes/fondo.jpg HTTP/1.1" 304 -
186.155.251.68 - - [20/Mar/2024:09:12:39 -0500] "POST /sipse/faces/presentacion/financiero/solicitudProceso/consultarSolicitudProceso.xhtml HTTP/1.1" 200 44510
186.155.251.68 - - [20/Mar/2024:09:12:48 -0500] "GET /sipse/faces/javax.faces.resource/theme.css?ln=primefaces-sipse HTTP/1.1" 304 -
186.155.251.68 - - [20/Mar/2024:09:12:48 -0500] "GET /sipse/faces/javax.faces.resource/layout/layout.js?ln=primefaces&v=4.0 HTTP/1.1" 304 -
186.155.251.68 - - [20/Mar/2024:09:12:48 -0500] "GET /sipse/faces/javax.faces.resource/jquery/jquery-plugins.js?ln=primefaces&v=4.0 HTTP/1.1" 304 -
186.155.251.68 - - [20/Mar/2024:09:12:48 -0500] "GET /sipse/faces/javax.faces.resource/primefaces.css?ln=primefaces&v=4.0 HTTP/1.1" 304 -
186.155.251.68 - - [20/Mar/2024:09:12:48 -0500] "GET /sipse/faces/javax.faces.resource/layout/layout.css?ln=primefaces&v=4.0 HTTP/1.1" 304 -
186.155.251.68 - - [20/Mar/2024:09:12:48 -0500] "GET /sipse/faces/javax.faces.resource/jquery/jquery.js?ln=primefaces&v=4.0 HTTP/1.1" 304 -
186.155.251.68 - - [20/Mar/2024:09:12:48 -0500] "GET /sipse/faces/javax.faces.resource/primefaces.js?ln=primefaces&v=4.0 HTTP/1.1" 304 -
186.155.251.68 - - [20/Mar/2024:09:12:48 -0500] "GET /sipse/faces/javax.faces.resource/images/ui-icons_898989_256x240.png?ln=primefaces-aristo HTTP/1.1" 304 -
181.237.161.12 - - [20/Mar/2024:09:12:55 -0500] "GET /sipse/faces/faces/autenticacion.xhtml HTTP/1.1" 200 12728
181.237.161.12 - - [20/Mar/2024:09:12:56 -0500] "GET /sipse/css/custom_css_sg.css HTTP/1.1" 200 9694
181.237.161.12 - - [20/Mar/2024:09:12:56 -0500] "GET /sipse/css/custom_css_sg_prime_login.css HTTP/1.1" 200 443
181.237.161.12 - - [20/Mar/2024:09:12:56 -0500] "GET /sipse/faces/javax.faces.resource/layout/layout.css;jsessionid=dpESIA2zS4MkNdZkPmn5LiR6.undefined?ln=primefaces&v=4.0 HTTP/1.1" 200 542
181.237.161.12 - - [20/Mar/2024:09:12:56 -0500] "GET /sipse/faces/javax.faces.resource/jquery/jquery.js;jsessionid=dpESIA2zS4MkNdZkPmn5LiR6.undefined?ln=primefaces&v=4.0 HTTP/1.1" 200 105384
181.237.161.12 - - [20/Mar/2024:09:12:56 -0500] "GET /sipse/js/disable_browser_buttons.js HTTP/1.1" 304 -
181.237.161.12 - - [20/Mar/2024:09:12:56 -0500] "GET /sipse/js/funciones.js HTTP/1.1" 304 -
181.237.161.12 - - [20/Mar/2024:09:12:56 -0500] "GET /sipse/faces/javax.faces.resource/primefaces.js;jsessionid=dpESIA2zS4MkNdZkPmn5LiR6.undefined?ln=primefaces&v=4.0 HTTP/1.1" 200 276924
181.237.161.12 - - [20/Mar/2024:09:12:56 -0500] "GET /sipse/faces/javax.faces.resource/jquery/jquery-plugins.js;jsessionid=dpESIA2zS4MkNdZkPmn5LiR6.undefined?ln=primefaces&v=4.0 HTTP/1.1" 200 220526
181.237.161.12 - - [20/Mar/2024:09:12:56 -0500] "GET /sipse/faces/javax.faces.resource/layout/layout.js;jsessionid=dpESIA2zS4MkNdZkPmn5LiR6.undefined?ln=primefaces&v=4.0 HTTP/1.1" 200 87560
181.237.161.12 - - [20/Mar/2024:09:12:56 -0500] "GET /sipse/faces/javax.faces.resource/theme.css?ln=primefaces-sipse HTTP/1.1" 200 50058
181.237.161.12 - - [20/Mar/2024:09:12:56 -0500] "GET /sipse/faces/javax.faces.resource/primefaces.css;jsessionid=dpESIA2zS4MkNdZkPmn5LiR6.undefined?ln=primefaces&v=4.0 HTTP/1.1" 200 53295
181.237.161.12 - - [20/Mar/2024:09:12:57 -0500] "GET /sipse/css/imagen/logoSDG.png HTTP/1.1" 200 53064
181.237.161.12 - - [20/Mar/2024:09:12:57 -0500] "GET /sipse/css/imagen/loginimg.png HTTP/1.1" 200 71635
181.237.161.12 - - [20/Mar/2024:09:12:57 -0500] "GET /sipse/faces/javax.faces.resource/images/ui-icons_898989_256x240.png?ln=primefaces-aristo HTTP/1.1" 200 5355
181.237.161.12 - - [20/Mar/2024:09:12:57 -0500] "GET /favicon.ico HTTP/1.1" 200 7782
181.237.161.12 - - [20/Mar/2024:09:12:57 -0500] "GET /sipse/faces/faces/index.xhtml HTTP/1.1" 200 677
181.237.161.12 - - [20/Mar/2024:09:12:57 -0500] "GET /sipse/faces/javax.faces.resource/theme.css?ln=primefaces-sipse HTTP/1.1" 304 -
181.237.161.12 - - [20/Mar/2024:09:12:57 -0500] "GET /sipse/faces/faces/faces/autenticacion.xhtml HTTP/1.1" 200 12406
181.237.161.12 - - [20/Mar/2024:09:12:58 -0500] "GET /sipse/faces/javax.faces.resource/theme.css?ln=primefaces-sipse HTTP/1.1" 304 -
181.237.161.12 - - [20/Mar/2024:09:12:58 -0500] "GET /sipse/faces/javax.faces.resource/layout/layout.css?ln=primefaces&v=4.0 HTTP/1.1" 304 -
181.237.161.12 - - [20/Mar/2024:09:12:58 -0500] "GET /sipse/faces/javax.faces.resource/primefaces.css?ln=primefaces&v=4.0 HTTP/1.1" 304 -
181.237.161.12 - - [20/Mar/2024:09:12:58 -0500] "GET /sipse/faces/javax.faces.resource/layout/layout.js?ln=primefaces&v=4.0 HTTP/1.1" 200 87560
181.237.161.12 - - [20/Mar/2024:09:12:58 -0500] "GET /sipse/faces/javax.faces.resource/jquery/jquery.js?ln=primefaces&v=4.0 HTTP/1.1" 200 105384
181.237.161.12 - - [20/Mar/2024:09:12:58 -0500] "GET /sipse/faces/javax.faces.resource/jquery/jquery-plugins.js?ln=primefaces&v=4.0 HTTP/1.1" 200 220526
181.237.161.12 - - [20/Mar/2024:09:12:58 -0500] "GET /sipse/faces/javax.faces.resource/primefaces.js?ln=primefaces&v=4.0 HTTP/1.1" 200 276924
181.237.161.12 - - [20/Mar/2024:09:12:58 -0500] "GET /sipse/faces/javax.faces.resource/images/ui-icons_898989_256x240.png?ln=primefaces-aristo HTTP/1.1" 304 -
186.155.251.68 - - [20/Mar/2024:09:13:00 -0500] "GET /sipse/faces/javax.faces.resource/images/ui-bg_flat_0_2d5972_40x100.png?ln=primefaces-aristo HTTP/1.1" 304 -
186.155.251.68 - - [20/Mar/2024:09:13:00 -0500] "POST /sipse/faces/presentacion/financiero/solicitudProceso/consultar.xhtml HTTP/1.1" 200 13001
181.237.161.12 - - [20/Mar/2024:09:13:02 -0500] "POST /sipse/faces/autenticacion.xhtml HTTP/1.1" 200 2216
181.237.161.12 - - [20/Mar/2024:09:13:04 -0500] "GET /sipse/faces/javax.faces.resource/messages/messages.png?ln=primefaces&v=4.0 HTTP/1.1" 304 -
216.244.66.195 - - [20/Mar/2024:09:13:07 -0500] "GET /BLA/resoluciones/RESOLUCIONES%202017/3636.pdf HTTP/1.1" 200 603603
181.237.161.12 - - [20/Mar/2024:09:13:06 -0500] "POST /sipse/faces/autenticacion.xhtml HTTP/1.1" 200 16464
181.237.161.12 - - [20/Mar/2024:09:13:08 -0500] "GET /sipse/css/custom_css_sg_prime.css HTTP/1.1" 304 -
181.237.161.12 - - [20/Mar/2024:09:13:08 -0500] "GET /sipse/js/jquery.min.js HTTP/1.1" 304 -
181.237.161.12 - - [20/Mar/2024:09:13:08 -0500] "GET /sipse/faces/javax.faces.resource/jquery/jquery.js?ln=primefaces&v=4.0 HTTP/1.1" 304 -
181.237.161.12 - - [20/Mar/2024:09:13:08 -0500] "GET /sipse/faces/javax.faces.resource/jquery/jquery-plugins.js?ln=primefaces&v=4.0 HTTP/1.1" 304 -
181.237.161.12 - - [20/Mar/2024:09:13:08 -0500] "GET /sipse/faces/javax.faces.resource/primefaces.js?ln=primefaces&v=4.0 HTTP/1.1" 304 -
181.237.161.12 - - [20/Mar/2024:09:13:08 -0500] "GET /sipse/faces/javax.faces.resource/layout/layout.js?ln=primefaces&v=4.0 HTTP/1.1" 304 -
181.237.161.12 - - [20/Mar/2024:09:13:08 -0500] "GET /sipse/css/v_mergente.css HTTP/1.1" 304 -
181.237.161.12 - - [20/Mar/2024:09:13:08 -0500] "GET /sipse/imagenes/logoAplicacion.jpg HTTP/1.1" 304 -
181.237.161.12 - - [20/Mar/2024:09:13:08 -0500] "GET /sipse/imagenes/cargando.gif HTTP/1.1" 304 -
181.237.161.12 - - [20/Mar/2024:09:13:08 -0500] "GET /sipse/css/imagen/contrasena.png HTTP/1.1" 404 383
201.245.192.253 - - [20/Mar/2024:09:12:26 -0500] "POST /sipse/faces/presentacion/financiero/solicitudProceso/listarSolicitudProceso.xhtml HTTP/1.1" 200 1392
181.237.161.12 - - [20/Mar/2024:09:13:12 -0500] "GET /sipse/faces/javax.faces.resource/images/ui-bg_flat_0_2d5972_40x100.png?ln=primefaces-aristo HTTP/1.1" 304 -
181.237.161.12 - - [20/Mar/2024:09:13:12 -0500] "POST /sipse/faces/bienvenido.xhtml HTTP/1.1" 200 2055
181.237.161.12 - - [20/Mar/2024:09:13:16 -0500] "POST /sipse/faces/bienvenido.xhtml HTTP/1.1" 200 6185
201.245.192.253 - - [20/Mar/2024:09:13:18 -0500] "POST /forms/lservlet;jsessionid=ac16012b30d61aff71fa34ac405d99d9c4d551ba1c6a.e3iSbxaKaheRe3iNc3uNbNmQay1ynknvrkLOlQzNp65In0 HTTP/1.1" 200 2
181.237.161.12 - - [20/Mar/2024:09:13:20 -0500] "POST /sipse/faces/bienvenido.xhtml HTTP/1.1" 200 28272
181.237.161.12 - - [20/Mar/2024:09:13:23 -0500] "GET /sipse/faces/javax.faces.resource/jquery/jquery.js?ln=primefaces&v=4.0 HTTP/1.1" 304 -
181.237.161.12 - - [20/Mar/2024:09:13:23 -0500] "GET /sipse/faces/javax.faces.resource/jquery/jquery-plugins.js?ln=primefaces&v=4.0 HTTP/1.1" 304 -
181.237.161.12 - - [20/Mar/2024:09:13:23 -0500] "GET /sipse/faces/javax.faces.resource/primefaces.js?ln=primefaces&v=4.0 HTTP/1.1" 304 -
181.237.161.12 - - [20/Mar/2024:09:13:23 -0500] "GET /sipse/faces/javax.faces.resource/layout/layout.js?ln=primefaces&v=4.0 HTTP/1.1" 304 -
181.237.161.12 - - [20/Mar/2024:09:13:30 -0500] "POST /sipse/faces/presentacion/sistema/reporte/listarReportes.xhtml HTTP/1.1" 200 23592
181.237.161.12 - - [20/Mar/2024:09:13:32 -0500] "GET /sipse/faces/javax.faces.resource/primefaces.css?ln=primefaces&v=4.0 HTTP/1.1" 304 -
181.237.161.12 - - [20/Mar/2024:09:13:32 -0500] "GET /sipse/faces/javax.faces.resource/jquery/jquery-plugins.js?ln=primefaces&v=4.0 HTTP/1.1" 304 -
181.237.161.12 - - [20/Mar/2024:09:13:32 -0500] "GET /sipse/faces/javax.faces.resource/theme.css?ln=primefaces-sipse HTTP/1.1" 304 -
181.237.161.12 - - [20/Mar/2024:09:13:32 -0500] "GET /sipse/faces/javax.faces.resource/jquery/jquery.js?ln=primefaces&v=4.0 HTTP/1.1" 304 -
181.237.161.12 - - [20/Mar/2024:09:13:32 -0500] "GET /sipse/faces/javax.faces.resource/layout/layout.css?ln=primefaces&v=4.0 HTTP/1.1" 304 -
181.237.161.12 - - [20/Mar/2024:09:13:32 -0500] "GET /sipse/faces/javax.faces.resource/primefaces.js?ln=primefaces&v=4.0 HTTP/1.1" 304 -
181.237.161.12 - - [20/Mar/2024:09:13:32 -0500] "GET /sipse/faces/javax.faces.resource/layout/layout.js?ln=primefaces&v=4.0 HTTP/1.1" 304 -
181.237.161.12 - - [20/Mar/2024:09:13:33 -0500] "GET /sipse/faces/javax.faces.resource/images/ui-icons_898989_256x240.png?ln=primefaces-aristo HTTP/1.1" 304 -
172.22.2.4 - - [20/Mar/2024:09:13:37 -0500] "GET /BLA/boletinlegal/styles2.css HTTP/1.1" 200 1838
172.22.2.4 - - [20/Mar/2024:09:13:37 -0500] "GET /BLA/boletinlegal/style.css HTTP/1.1" 200 9406
172.22.2.4 - - [20/Mar/2024:09:13:37 -0500] "GET /BLA/boletinlegal/js/jquery.js HTTP/1.1" 200 57254
172.22.2.4 - - [20/Mar/2024:09:13:37 -0500] "GET /BLA/boletinlegal/js/jquery.scrollTo-min.js HTTP/1.1" 200 1150
172.22.2.4 - - [20/Mar/2024:09:13:37 -0500] "GET /BLA/boletinlegal/js/jquery.scrollShow.js HTTP/1.1" 200 4586
172.22.2.4 - - [20/Mar/2024:09:13:37 -0500] "GET /BLA/boletinlegal/images/cabezote%20BLEGAL.jpg HTTP/1.1" 200 118164
172.22.2.4 - - [20/Mar/2024:09:13:37 -0500] "GET /BLA/boletinlegal/images/subscribe-icon-big.png HTTP/1.1" 200 47702
172.22.2.4 - - [20/Mar/2024:09:13:37 -0500] "GET /BLA/boletinlegal/images/historia.png HTTP/1.1" 200 52775
172.22.2.4 - - [20/Mar/2024:09:13:37 -0500] "GET /BLA/boletinlegal/images/registro-usuarios.png HTTP/1.1" 200 8106
172.22.2.4 - - [20/Mar/2024:09:13:37 -0500] "GET /BLA/boletinlegal/images/arr_l.jpg HTTP/1.1" 200 1979
172.22.2.4 - - [20/Mar/2024:09:13:37 -0500] "GET /BLA/boletinlegal/images/screen_1.png HTTP/1.1" 200 202547
172.22.2.4 - - [20/Mar/2024:09:13:37 -0500] "GET /BLA/boletinlegal/images/launch.jpg HTTP/1.1" 200 14577
172.22.2.4 - - [20/Mar/2024:09:13:38 -0500] "GET /BLA/boletinlegal/images/menu_rght.gif HTTP/1.1" 200 1627
172.22.2.4 - - [20/Mar/2024:09:13:38 -0500] "GET /BLA/boletinlegal/images/body_bg.jpg HTTP/1.1" 200 1601
172.22.2.4 - - [20/Mar/2024:09:13:38 -0500] "GET /BLA/boletinlegal/images/menu_lft.gif HTTP/1.1" 200 1713
172.22.2.4 - - [20/Mar/2024:09:13:38 -0500] "GET /BLA/boletinlegal/images/bg_top.jpg HTTP/1.1" 200 522
172.22.2.4 - - [20/Mar/2024:09:13:38 -0500] "GET /BLA/boletinlegal/images/menu_bg.jpg HTTP/1.1" 200 620
172.22.2.4 - - [20/Mar/2024:09:13:38 -0500] "GET /BLA/boletinlegal/images/hover.jpg HTTP/1.1" 200 640
172.22.2.4 - - [20/Mar/2024:09:13:38 -0500] "GET /BLA/boletinlegal/images/text.jpg HTTP/1.1" 200 568
172.22.2.4 - - [20/Mar/2024:09:13:47 -0500] "GET /BLA/boletinlegal/images/screen_3.png HTTP/1.1" 200 210620
172.22.2.4 - - [20/Mar/2024:09:13:47 -0500] "GET /BLA/boletinlegal/images/screen_2.png HTTP/1.1" 200 362502
172.22.2.4 - - [20/Mar/2024:09:13:47 -0500] "GET /BLA/boletinlegal/images/screen_5.png HTTP/1.1" 200 368876
172.22.2.4 - - [20/Mar/2024:09:13:47 -0500] "GET /BLA/boletinlegal/images/arr_r.jpg HTTP/1.1" 200 1998
172.22.2.4 - - [20/Mar/2024:09:13:49 -0500] "GET /BLA/boletinlegal/images/footer_bg.jpg HTTP/1.1" 200 586
216.244.66.195 - - [20/Mar/2024:09:13:51 -0500] "GET /BLA/resoluciones/RESOLUCIONES%202017/3773.pdf HTTP/1.1" 200 729010
172.22.2.4 - - [20/Mar/2024:09:13:52 -0500] "GET /BLA/boletinlegal/.well-known/traffic-advice HTTP/1.1" 404 1038
201.245.192.253 - - [20/Mar/2024:09:13:52 -0500] "GET /reportes_sipse/jsp/inicio.jsp HTTP/1.1" 200 2935
172.22.2.4 - - [20/Mar/2024:09:13:52 -0500] "GET /BLA/boletinlegal/actos.php HTTP/1.1" 200 9738
201.245.192.253 - - [20/Mar/2024:09:13:09 -0500] "POST /sipse/faces/presentacion/financiero/solicitudProceso/listarSolicitudProceso.xhtml HTTP/1.1" 200 1388
186.102.83.228 - - [20/Mar/2024:09:13:57 -0500] "GET /appsia/controlador HTTP/1.1" 200 4799
186.102.83.228 - - [20/Mar/2024:09:13:58 -0500] "GET /appsia/css/estilos.css HTTP/1.1" 200 4804
186.102.83.228 - - [20/Mar/2024:09:13:58 -0500] "GET /appsia/images/cabezoteHojaVida.png HTTP/1.1" 200 32493
186.102.83.228 - - [20/Mar/2024:09:13:58 -0500] "GET /appsia/images/logo_bogota_p.png HTTP/1.1" 200 14951
186.102.83.228 - - [20/Mar/2024:09:13:58 -0500] "GET /favicon.ico HTTP/1.1" 200 7782
172.22.2.4 - - [20/Mar/2024:09:14:02 -0500] "GET /BLA/boletinlegal/actos.php HTTP/1.1" 200 9738
172.22.2.4 - - [20/Mar/2024:09:14:03 -0500] "GET /BLA/boletinlegal/images/pdf.gif HTTP/1.1" 200 567
172.22.2.4 - - [20/Mar/2024:09:14:03 -0500] "GET /BLA/boletinlegal/favicon.ico HTTP/1.1" 404 1326
172.22.2.4 - - [20/Mar/2024:09:14:03 -0500] "GET /BLA/boletinlegal/actos.php HTTP/1.1" 200 9738
172.22.2.4 - - [20/Mar/2024:09:14:05 -0500] "GET /BLA/boletinlegal/actos.php HTTP/1.1" 200 9738
172.22.2.4 - - [20/Mar/2024:09:14:05 -0500] "GET /BLA/boletinlegal/js/ajax_actos.js HTTP/1.1" 200 1322
172.22.2.4 - - [20/Mar/2024:09:14:05 -0500] "GET /BLA/boletinlegal/niceforms-default.css HTTP/1.1" 200 6694
172.22.2.4 - - [20/Mar/2024:09:14:05 -0500] "GET /BLA/boletinlegal/js/popup.js HTTP/1.1" 200 1270
172.22.2.4 - - [20/Mar/2024:09:14:05 -0500] "GET /BLA/boletinlegal/niceforms.js HTTP/1.1" 200 22876
172.22.2.4 - - [20/Mar/2024:09:14:05 -0500] "GET /BLA/boletinlegal/js/jquery1.js HTTP/1.1" 200 29846
172.22.2.4 - - [20/Mar/2024:09:14:05 -0500] "GET /BLA/boletinlegal/js/lib.js HTTP/1.1" 200 6474
172.22.2.4 - - [20/Mar/2024:09:14:05 -0500] "GET /BLA/boletinlegal/images/green-yellow-blue-pink-th.png HTTP/1.1" 200 7394
172.22.2.4 - - [20/Mar/2024:09:14:05 -0500] "GET /BLA/boletinlegal/images/tel.png HTTP/1.1" 200 14477
172.22.2.4 - - [20/Mar/2024:09:14:05 -0500] "GET /BLA/boletinlegal/images/icono-email.png HTTP/1.1" 200 5544
172.22.2.4 - - [20/Mar/2024:09:14:05 -0500] "GET /BLA/boletinlegal/images/footer_bg_l.jpg HTTP/1.1" 200 776
172.22.2.4 - - [20/Mar/2024:09:14:05 -0500] "GET /BLA/boletinlegal/img/0.png HTTP/1.1" 200 110
172.22.2.4 - - [20/Mar/2024:09:14:05 -0500] "GET /BLA/boletinlegal/img/select-left.png HTTP/1.1" 200 263
172.22.2.4 - - [20/Mar/2024:09:14:05 -0500] "GET /BLA/boletinlegal/img/button-left.png HTTP/1.1" 200 57071
172.22.2.4 - - [20/Mar/2024:09:14:05 -0500] "GET /BLA/boletinlegal/img/button.png HTTP/1.1" 200 43241
172.22.2.4 - - [20/Mar/2024:09:14:05 -0500] "GET /BLA/boletinlegal/img/select-right.png HTTP/1.1" 200 44019
172.22.2.4 - - [20/Mar/2024:09:14:05 -0500] "GET /BLA/boletinlegal/img/button-right.png HTTP/1.1" 200 57878
172.22.2.4 - - [20/Mar/2024:09:14:05 -0500] "GET /BLA/boletinlegal/favicon.ico HTTP/1.1" 404 1326
216.245.221.92 - - [20/Mar/2024:09:14:14 -0500] "HEAD / HTTP/1.1" 200 -
172.22.2.4 - - [20/Mar/2024:09:14:16 -0500] "GET /BLA/boletinlegal/consulta_actos.php?tipo=resoluciones&no=&usuario=&sector=&fecha=2024&resuelve= HTTP/1.1" 200 23709
172.22.2.4 - - [20/Mar/2024:09:14:15 -0500] "GET /BLA/boletinlegal/consulta_actos.php?tipo=resoluciones&no=&usuario=&sector=&fecha=2024&resuelve= HTTP/1.1" 200 23709
172.22.2.4 - - [20/Mar/2024:09:14:16 -0500] "GET /BLA/boletinlegal/images/background.gif HTTP/1.1" 200 -
216.244.66.195 - - [20/Mar/2024:09:14:22 -0500] "GET /BLA/resoluciones/RESOLUCIONES%202019/0191.pdf HTTP/1.1" 200 699903
186.155.251.68 - - [20/Mar/2024:09:14:21 -0500] "POST /sipse/faces/presentacion/financiero/solicitudProceso/consultar.xhtml HTTP/1.1" 200 12883
186.102.83.228 - - [20/Mar/2024:09:14:23 -0500] "POST /appsia/controlador HTTP/1.1" 200 5437
186.102.34.64 - - [20/Mar/2024:09:14:27 -0500] "GET /kwssiamovil/sm/ldap/au?x=U2FsdGVkX18g27ER58A0HH43UwsHSJF+gHyThhI7iYQsssK5l3mdvJKllLrjLzAJ&y=U2FsdGVkX18yYRp/soxeTFY3RGbdFHfo0DKu4bAgdvuZVxYaTGgcT5koS47bXXqV HTTP/1.1" 200 30
186.102.34.64 - - [20/Mar/2024:09:14:27 -0500] "GET /kwssiamovil/sm/acme/s?s=U2FsdGVkX18c5G98tpIX5buF3ojUuS0QeyQ2whetn5sugz8f7vo7UgImrR0zAMLp9EkWjbMqckwSZRIoTpMFTYWt8dsn5aPPl6D+3uQr1yI=&u=U2FsdGVkX1+xoLk9w/p54EVSiMhYD7s9SBw2b+cebry86Wv6A5U2VRWgd+H1gh3L&y=U2FsdGVkX18yYRp/soxeTFY3RGbdFHfo0DKu4bAgdvuZVxYaTGgcT5koS47bXXqV HTTP/1.1" 200 70
186.102.34.64 - - [20/Mar/2024:09:14:28 -0500] "GET /kwssiamovil/sm/acme/s?s=U2FsdGVkX19ja7lXZxnn/QW9hOl2OVQp/H+u9+lLxA/OAZJJoGWRJsA0RHO/cEZ7tWBAVbCDHNEEqb2PWoirmSvn0726dnRKks0gR80W0M9HKhImGWwmrHmeRGbJlN5RwqM/NdDr1aM9fCAE38BO/rf9R4cyP/iKhe4npKkSBh3WlFQXe2I/qpNwP+aseX+0coWNVFbnxoxAAZLUw8f3OiLFLXAS9lTiXpJRTW/TlLRw+DbUT2ob9tG0tuuzTOlwgCEBNs4sNV+7lgATIrL6ad6Ug8jUX4shCdJaaRCV1JrpykWjoNLIbN62UGSFsAfcRb6up4BojtgV6F/8yj8wVQooMJduqLIhAvjsDB0si/RvKzOjreHCwPrKYM2OS+WSTPZpRK/bf4jlaJUQ4K0yQ3UQevXJ1mpevl0ZDeVIhhONowoa+A7VtL034fFzThUYRSPR76+wAg8h/zZQxAnjBFkHZQYzpJcNVRgMgshfPEg9r2/znvSweUlT8D/Eyg6LtTyxkgb2SCG0/iO7aUs6MsN3kJDTOt8WeMAkUmb/Sax2G6LbZhDESe1TFwwUkevI2e0M4D2+hAXNAntv6PEjbeC76mpgd1WOyG8T3Q2bhGdxKoBDD6XJ0TCMlktgF0yHvRENQvdy4XbQKk15GYYs61MHVZeXDgO9vGMGKII+oOvqQ67qJ2NzXHZm/Kz3aUmXhcpGKRZ5yVonvgKBsAqeu7nEL6453k8gko2QoMHJ6qMQ2/WxHstsLKBB8GhyyJgAbwmGkKfBvs2ImNOKRG4PrPcV5oq/XSPAixM54kZQhiMoV78aF6nhDq9hVQZHD7qr4nBYxGuZ9AyGwOUuJsYTXnbK33HlpJPYP3X09e6OIMWDyex1LAU1B/GEoh/ixwRG+GxRVMU3tT+aTbQADXRRvTQUvLEK+G1r10EKmytKI0iZdKLVUhghjh/GQGDNBpVkPYT0A9gQ1UII4DSH1wqxPhEjWFZMfP8vhZEhWEyQp5W95c/l6Db7HqfxI4p2sRN1NIutI6JDg2MNCYgq3JvkffICw7YANDJQO4zETBVMa6xl+KNV+J3Qs9JO5ZCESJyjr+Y5K9dKKblBkgMWPQs4jFATx3QAZCAqrLiMfJU+mTiYof/NvJcgkU07uSnU0xocY8aYO/hn2h6jxFrQphxQA1xb0gg3/mfSVQ5hmTZ9uhHPy692/Fls24alB+95G1A5R67lxaqirgz6/KDD8KGv6mDB4iPtOF39udSKwOi2CCY0hI0kjg1VmJAa6Uzuc9lIQYQjAi4srLBXqEL+o+pXn6VdPOBj7x4O5kYyDTVaLve0s0sR0xsBRHCozMh6BtrP9YfBgS2O2MFDMJMLpgOizNEKigxz76sfK+K1QOK6aYJbxqU938jYgR1N82+xljI3b2GAi0OZ+SjazTvsKbSbO2YDc9IO3Rw7BN/3lFeLalopM0RNvH6b9uObH1h+/N7NkAjdH6lQDr8igLKI11uRx+XiFlG4CRmxrQgiylHDU7HogEqFTMOUL63YY1xkMGFBTLy/t+fIP8HNCtINiJfAsLtmJYiJFGVHs9wTja5UZJkM9K5nlVmi3gl5C/fArof7cavSL5jBj5A1p9q9yr3ygamZUTMM4ymKgE55OZEhEiH/fzDDh5qhv/OF8uHI0h/C7thDKU7cgcM1JhYRlm7VHOoSm9VfHwsSHy9lAZVyIt90gxLG0Sozsf+aFqOHrJkN4aSCyK8wDqHOU6Cu7K5srrqqRl3tcX4q2j6lXEnu5kppyzeOOtMga+I8gM2lAUHi&u=U2FsdGVkX1+xoLk9w/p54EVSiMhYD7s9SBw2b+cebry86Wv6A5U2VRWgd+H1gh3L&y=U2FsdGVkX18yYRp/soxeTFY3RGbdFHfo0DKu4bAgdvuZVxYaTGgcT5koS47bXXqV HTTP/1.1" 200 4319
186.102.34.64 - - [20/Mar/2024:09:14:28 -0500] "GET /kwssiamovil/sm/acme/s?s=U2FsdGVkX1++La/Cafyrm1KKpsali/6FF9MC0t+/qIHTPnNDE6iy1zSW1hzeln3U65hEiBWRZkMh6xQ4GvOg49xqX0X6BiYmXdihF8pUMPISDNGCXQkszp9dbpwlVEmQiWRn7WSpjxgmmnmexA4YmXUvto0JNXS7Cai/dXEEPVhSYtjbMJ5T08lH/ypPP/svPMZKG/j82cBHzqdqkt+39NLIxnU90UFiJEblpw8IRx9mD1a2haYOVaK8HSqIz4VnzvpjrPGxwmbuU8xg7hlMmogY/Hzz7scKlC98+ahqmdZ1uIjE5YnZMmWdtyriwu85pOVtLAdxlTlu2i57eoX9DsgARHWRhnSVoEsp/kHsWbau8bBIGWmn7WOIgnHkjD/oOO+LGDxUG6xALA0SZxgtSNw5Ck8JEvrLkltYuxiQ8YaO6mAPUXxfZiGw17hVWm/Eo1baEVI18y7YttSPiCj1qIEjPxjntZp+Pn65Kt+MuUHydSbDm9wcwOVtzfBGA4/zBHQG9B/QI+l4aq+MKmLND6Gus+jQv60mCKPPdkl6ktNnXX+W3GLUjdvaAv85ze5jybKIAU2Xx/GGL/VT+oDWuhZjhFZaKYwTpyv7E+LgH8w7AdHptFm1DfBtYLbzAQ4sOBH9g6Bc2zDUJCIrD4jG8mRWmVAGGDo5Ascvz2o5GwrEpL30+Cmx3URPXzzQdeZSlOmaGFCF+i1C/ZPwI1t+4/a9zBl2m35ObHItqnaCkJ/q+FFHucKNQ9HMqHsTNqqo&u=U2FsdGVkX1+xoLk9w/p54EVSiMhYD7s9SBw2b+cebry86Wv6A5U2VRWgd+H1gh3L&y=U2FsdGVkX18yYRp/soxeTFY3RGbdFHfo0DKu4bAgdvuZVxYaTGgcT5koS47bXXqV HTTP/1.1" 200 208
186.102.83.228 - - [20/Mar/2024:09:14:28 -0500] "POST /appsia/controlador HTTP/1.1" 200 7783
186.84.88.119 - - [20/Mar/2024:09:14:09 -0500] "POST /sipse/faces/presentacion/financiero/solicitudProceso/consultarSolicitudProceso.xhtml HTTP/1.1" 200 67849
186.84.88.119 - - [20/Mar/2024:09:14:28 -0500] "GET /sipse/faces/javax.faces.resource/jquery/jquery.js?ln=primefaces&v=4.0 HTTP/1.1" 304 -
186.84.88.119 - - [20/Mar/2024:09:14:28 -0500] "GET /sipse/faces/javax.faces.resource/layout/layout.css?ln=primefaces&v=4.0 HTTP/1.1" 304 -
186.84.88.119 - - [20/Mar/2024:09:14:28 -0500] "GET /sipse/faces/javax.faces.resource/primefaces.css?ln=primefaces&v=4.0 HTTP/1.1" 304 -
186.84.88.119 - - [20/Mar/2024:09:14:28 -0500] "GET /sipse/faces/javax.faces.resource/primefaces.js?ln=primefaces&v=4.0 HTTP/1.1" 304 -
186.84.88.119 - - [20/Mar/2024:09:14:28 -0500] "GET /sipse/faces/javax.faces.resource/theme.css?ln=primefaces-sipse HTTP/1.1" 304 -
186.84.88.119 - - [20/Mar/2024:09:14:28 -0500] "GET /sipse/faces/javax.faces.resource/jquery/jquery-plugins.js?ln=primefaces&v=4.0 HTTP/1.1" 304 -
186.84.88.119 - - [20/Mar/2024:09:14:28 -0500] "GET /sipse/faces/javax.faces.resource/layout/layout.js?ln=primefaces&v=4.0 HTTP/1.1" 304 -
186.84.88.119 - - [20/Mar/2024:09:14:28 -0500] "GET /sipse/css/imagen/contrasena.png HTTP/1.1" 404 383
186.84.88.119 - - [20/Mar/2024:09:14:28 -0500] "GET /sipse/faces/javax.faces.resource/images/ui-icons_898989_256x240.png?ln=primefaces-aristo HTTP/1.1" 304 -
186.84.88.119 - - [20/Mar/2024:09:14:28 -0500] "GET /sipse/faces/javax.faces.resource/images/ui-bg_flat_0_2d5972_40x100.png?ln=primefaces-aristo HTTP/1.1" 304 -
186.102.34.64 - - [20/Mar/2024:09:14:28 -0500] "GET /kwssiamovil/sm/cjson/pre?f=1&x=U2FsdGVkX18g27ER58A0HH43UwsHSJF+gHyThhI7iYQsssK5l3mdvJKllLrjLzAJ HTTP/1.1" 200 30244
186.102.83.228 - - [20/Mar/2024:09:14:35 -0500] "POST /appsia/controlador HTTP/1.1" 200 6648
186.102.83.228 - - [20/Mar/2024:09:14:37 -0500] "POST /appsia/controlador HTTP/1.1" 200 10970
201.245.192.253 - - [20/Mar/2024:09:13:53 -0500] "POST /sipse/faces/presentacion/financiero/solicitudProceso/listarSolicitudProceso.xhtml HTTP/1.1" 200 1400
186.84.88.119 - - [20/Mar/2024:09:14:28 -0500] "POST /sipse/faces/presentacion/financiero/solicitudProceso/listarSolicitudProceso.xhtml HTTP/1.1" 200 1556
172.22.2.4 - - [20/Mar/2024:09:13:38 -0500] "OPTIONS /BLA/boletinlegal/ HTTP/1.1" 200 24523
201.245.192.253 - - [20/Mar/2024:09:14:42 -0500] "POST /reportes_sipse/sdg/ServletReporte?adquisiciones_sipse_detallado& HTTP/1.1" 200 6273
186.155.251.68 - - [20/Mar/2024:09:14:45 -0500] "POST /sipse/faces/presentacion/financiero/solicitudProceso/consultar.xhtml HTTP/1.1" 200 12815
201.245.192.253 - - [20/Mar/2024:09:14:48 -0500] "GET /reportes_sipse/jsp/inicio.jsp HTTP/1.1" 200 2935
201.245.192.253 - - [20/Mar/2024:09:14:45 -0500] "POST /reportes_sipse/sdg/ServletReporte?adquisiciones_sipse_detallado& HTTP/1.1" 200 6273
186.84.88.119 - - [20/Mar/2024:09:14:39 -0500] "POST /sipse/faces/presentacion/financiero/solicitudProceso/listarSolicitudProceso.xhtml HTTP/1.1" 200 1552
201.245.192.253 - - [20/Mar/2024:09:14:46 -0500] "POST /reportes_sipse/sdg/ServletReporte?adquisiciones_sipse_detallado& HTTP/1.1" 200 6273
201.245.192.253 - - [20/Mar/2024:09:14:52 -0500] "POST /reportes_sipse/sdg/ServletReporte?adquisiciones_sipse_detallado& HTTP/1.1" 200 6273
201.245.192.253 - - [20/Mar/2024:09:14:58 -0500] "GET /reportes_sipse/js/funciones.js HTTP/1.1" 200 4709
201.245.192.253 - - [20/Mar/2024:09:14:58 -0500] "GET /reportes_sipse/js/date-picker.js HTTP/1.1" 200 16768
201.245.192.253 - - [20/Mar/2024:09:14:58 -0500] "GET /reportes_sipse/imagenes/pdf.gif HTTP/1.1" 200 598
201.245.192.253 - - [20/Mar/2024:09:14:58 -0500] "GET /reportes_sipse/imagenes/calendario.gif HTTP/1.1" 200 1387
201.245.192.253 - - [20/Mar/2024:09:14:58 -0500] "GET /reportes_sipse/imagenes/excel.gif HTTP/1.1" 200 613
201.245.192.253 - - [20/Mar/2024:09:14:58 -0500] "GET /sipse/faces/index.xhtml HTTP/1.1" 200 677
201.245.192.253 - - [20/Mar/2024:09:14:58 -0500] "GET /sipse/faces/javax.faces.resource/theme.css?ln=primefaces-sipse HTTP/1.1" 304 -
181.237.161.12 - - [20/Mar/2024:09:14:59 -0500] "GET /sipse/faces/javax.faces.resource/images/ui-bg_flat_0_2d5972_40x100.png?ln=primefaces-aristo HTTP/1.1" 304 -
201.245.192.253 - - [20/Mar/2024:09:14:58 -0500] "GET /sipse/faces/faces/autenticacion.xhtml HTTP/1.1" 200 12406
201.245.192.253 - - [20/Mar/2024:09:14:59 -0500] "GET /sipse/faces/javax.faces.resource/layout/layout.css?ln=primefaces&v=4.0 HTTP/1.1" 304 -
201.245.192.253 - - [20/Mar/2024:09:14:59 -0500] "GET /sipse/faces/javax.faces.resource/jquery/jquery.js?ln=primefaces&v=4.0 HTTP/1.1" 304 -
201.245.192.253 - - [20/Mar/2024:09:14:59 -0500] "GET /sipse/faces/javax.faces.resource/primefaces.js?ln=primefaces&v=4.0 HTTP/1.1" 304 -
201.245.192.253 - - [20/Mar/2024:09:14:59 -0500] "GET /sipse/faces/javax.faces.resource/layout/layout.js?ln=primefaces&v=4.0 HTTP/1.1" 304 -
201.245.192.253 - - [20/Mar/2024:09:14:59 -0500] "GET /sipse/faces/javax.faces.resource/theme.css?ln=primefaces-sipse HTTP/1.1" 304 -
201.245.192.253 - - [20/Mar/2024:09:14:59 -0500] "GET /sipse/faces/javax.faces.resource/primefaces.css?ln=primefaces&v=4.0 HTTP/1.1" 304 -
201.245.192.253 - - [20/Mar/2024:09:14:59 -0500] "GET /sipse/faces/javax.faces.resource/jquery/jquery-plugins.js?ln=primefaces&v=4.0 HTTP/1.1" 304 -
201.245.192.253 - - [20/Mar/2024:09:14:59 -0500] "GET /sipse/faces/javax.faces.resource/images/ui-icons_898989_256x240.png?ln=primefaces-aristo HTTP/1.1" 304 -
216.244.66.195 - - [20/Mar/2024:09:15:00 -0500] "GET /BLA/resoluciones/RESOLUCIONES%202019/0409.pdf HTTP/1.1" 200 270972
181.237.161.12 - - [20/Mar/2024:09:14:59 -0500] "POST /sipse/faces/presentacion/sistema/reporte/ventanaVerReporteParametros.xhtml HTTP/1.1" 200 28272
181.237.161.12 - - [20/Mar/2024:09:15:02 -0500] "GET /sipse/faces/javax.faces.resource/jquery/jquery.js?ln=primefaces&v=4.0 HTTP/1.1" 304 -
186.84.88.119 - - [20/Mar/2024:09:14:58 -0500] "POST /sipse/faces/presentacion/financiero/solicitudProceso/listarSolicitudProceso.xhtml HTTP/1.1" 200 30756
181.237.161.12 - - [20/Mar/2024:09:15:02 -0500] "GET /sipse/faces/javax.faces.resource/jquery/jquery-plugins.js?ln=primefaces&v=4.0 HTTP/1.1" 304 -
181.237.161.12 - - [20/Mar/2024:09:15:02 -0500] "GET /sipse/faces/javax.faces.resource/primefaces.js?ln=primefaces&v=4.0 HTTP/1.1" 304 -
181.237.161.12 - - [20/Mar/2024:09:15:02 -0500] "GET /sipse/faces/javax.faces.resource/layout/layout.js?ln=primefaces&v=4.0 HTTP/1.1" 304 -
201.245.192.253 - - [20/Mar/2024:09:15:01 -0500] "POST /sipse/faces/autenticacion.xhtml HTTP/1.1" 200 2220
201.245.192.253 - - [20/Mar/2024:09:15:03 -0500] "GET /sipse/faces/javax.faces.resource/messages/messages.png?ln=primefaces&v=4.0 HTTP/1.1" 304 -
117.201.176.44 - - [20/Mar/2024:09:15:06 -0500] "GET / HTTP/1.1" 200 319
186.84.88.119 - - [20/Mar/2024:09:15:05 -0500] "POST /sipse/faces/presentacion/financiero/solicitudProceso/listarSolicitudProceso.xhtml HTTP/1.1" 200 22462
181.237.161.12 - - [20/Mar/2024:09:15:06 -0500] "POST /sipse/faces/presentacion/sistema/reporte/listarReportes.xhtml HTTP/1.1" 200 23592
181.237.161.12 - - [20/Mar/2024:09:15:09 -0500] "GET /sipse/faces/javax.faces.resource/primefaces.css?ln=primefaces&v=4.0 HTTP/1.1" 304 -
181.237.161.12 - - [20/Mar/2024:09:15:09 -0500] "GET /sipse/faces/javax.faces.resource/theme.css?ln=primefaces-sipse HTTP/1.1" 304 -
181.237.161.12 - - [20/Mar/2024:09:15:09 -0500] "GET /sipse/faces/javax.faces.resource/jquery/jquery-plugins.js?ln=primefaces&v=4.0 HTTP/1.1" 304 -
181.237.161.12 - - [20/Mar/2024:09:15:09 -0500] "GET /sipse/faces/javax.faces.resource/layout/layout.css?ln=primefaces&v=4.0 HTTP/1.1" 304 -
181.237.161.12 - - [20/Mar/2024:09:15:09 -0500] "GET /sipse/faces/javax.faces.resource/layout/layout.js?ln=primefaces&v=4.0 HTTP/1.1" 304 -
181.237.161.12 - - [20/Mar/2024:09:15:09 -0500] "GET /sipse/faces/javax.faces.resource/jquery/jquery.js?ln=primefaces&v=4.0 HTTP/1.1" 304 -
181.237.161.12 - - [20/Mar/2024:09:15:09 -0500] "GET /sipse/faces/javax.faces.resource/primefaces.js?ln=primefaces&v=4.0 HTTP/1.1" 304 -
181.237.161.12 - - [20/Mar/2024:09:15:09 -0500] "GET /sipse/faces/javax.faces.resource/images/ui-icons_898989_256x240.png?ln=primefaces-aristo HTTP/1.1" 304 -
172.22.2.4 - - [20/Mar/2024:09:13:37 -0500] "GET /BLA/boletinlegal/ HTTP/1.1" 200 34120
201.245.192.253 - - [20/Mar/2024:09:15:18 -0500] "POST /forms/lservlet;jsessionid=ac16012b30d61aff71fa34ac405d99d9c4d551ba1c6a.e3iSbxaKaheRe3iNc3uNbNmQay1ynknvrkLOlQzNp65In0 HTTP/1.1" 200 2
172.22.2.4 - - [20/Mar/2024:09:13:38 -0500] "GET /BLA/boletinlegal/ HTTP/1.1" 200 32715
172.22.2.4 - - [20/Mar/2024:09:13:39 -0500] "HEAD /BLA/boletinlegal/ HTTP/1.1" 200 -
172.22.2.4 - - [20/Mar/2024:09:13:52 -0500] "GET /BLA/boletinlegal/ HTTP/1.1" 200 24523
172.22.2.4 - - [20/Mar/2024:09:13:56 -0500] "GET /BLA/boletinlegal/ HTTP/1.1" 200 24523
201.245.192.253 - - [20/Mar/2024:09:15:12 -0500] "POST /sipse/faces/presentacion/financiero/solicitudProceso/consultarSolicitudProceso.xhtml HTTP/1.1" 200 5503
201.245.192.253 - - [20/Mar/2024:09:14:39 -0500] "POST /sipse/faces/presentacion/financiero/solicitudProceso/listarSolicitudProceso.xhtml HTTP/1.1" 200 1388
216.244.66.195 - - [20/Mar/2024:09:15:30 -0500] "GET /BLA/resoluciones/RESOLUCIONES%202019/0551.pdf HTTP/1.1" 200 233543
186.155.251.68 - - [20/Mar/2024:09:15:08 -0500] "POST /sipse/faces/presentacion/financiero/solicitudProceso/consultar.xhtml HTTP/1.1" 200 141733
186.155.251.68 - - [20/Mar/2024:09:15:35 -0500] "GET /sipse/faces/javax.faces.resource/jquery/jquery.js?ln=primefaces&v=4.0 HTTP/1.1" 304 -
186.155.251.68 - - [20/Mar/2024:09:15:35 -0500] "GET /sipse/faces/javax.faces.resource/jquery/jquery-plugins.js?ln=primefaces&v=4.0 HTTP/1.1" 304 -
186.155.251.68 - - [20/Mar/2024:09:15:35 -0500] "GET /sipse/faces/javax.faces.resource/primefaces.js?ln=primefaces&v=4.0 HTTP/1.1" 304 -
186.155.251.68 - - [20/Mar/2024:09:15:35 -0500] "GET /sipse/faces/javax.faces.resource/layout/layout.js?ln=primefaces&v=4.0 HTTP/1.1" 304 -
66.249.66.19 - - [20/Mar/2024:09:15:39 -0500] "GET /BLA/resoluciones/RESOLUCIONES%202010/4501.pdf HTTP/1.1" 200 4070663
40.77.167.54 - - [20/Mar/2024:09:15:48 -0500] "GET /Publicaciones/2023EE181765.pdf HTTP/1.1" 404 228
69.171.231.8 - - [20/Mar/2024:09:15:54 -0500] "GET /images/Moda%20Centro%20Vive%201%20(1)%20(1).jpeg HTTP/1.1" 200 44031
216.244.66.195 - - [20/Mar/2024:09:16:00 -0500] "GET /BLA/resoluciones/RESOLUCIONES%202019/0699.pdf HTTP/1.1" 200 373866
186.155.251.68 - - [20/Mar/2024:09:15:48 -0500] "POST /sipse/faces/presentacion/financiero/solicitudProceso/consultarSolicitudProceso.xhtml HTTP/1.1" 200 5514
201.245.192.253 - - [20/Mar/2024:09:15:58 -0500] "POST /sipse/faces/autenticacion.xhtml HTTP/1.1" 200 16478
201.245.192.253 - - [20/Mar/2024:09:16:01 -0500] "GET /sipse/faces/javax.faces.resource/layout/layout.css?ln=primefaces&v=4.0 HTTP/1.1" 304 -
201.245.192.253 - - [20/Mar/2024:09:16:01 -0500] "GET /sipse/faces/javax.faces.resource/theme.css?ln=primefaces-sipse HTTP/1.1" 304 -
201.245.192.253 - - [20/Mar/2024:09:16:01 -0500] "GET /sipse/faces/javax.faces.resource/primefaces.css?ln=primefaces&v=4.0 HTTP/1.1" 304 -
201.245.192.253 - - [20/Mar/2024:09:16:01 -0500] "GET /sipse/faces/javax.faces.resource/jquery/jquery.js?ln=primefaces&v=4.0 HTTP/1.1" 304 -
201.245.192.253 - - [20/Mar/2024:09:16:01 -0500] "GET /sipse/faces/javax.faces.resource/jquery/jquery-plugins.js?ln=primefaces&v=4.0 HTTP/1.1" 304 -
201.245.192.253 - - [20/Mar/2024:09:16:01 -0500] "GET /sipse/faces/javax.faces.resource/primefaces.js?ln=primefaces&v=4.0 HTTP/1.1" 304 -
201.245.192.253 - - [20/Mar/2024:09:16:01 -0500] "GET /sipse/faces/javax.faces.resource/layout/layout.js?ln=primefaces&v=4.0 HTTP/1.1" 304 -
201.245.192.253 - - [20/Mar/2024:09:16:01 -0500] "GET /sipse/css/imagen/contrasena.png HTTP/1.1" 404 383
201.245.192.253 - - [20/Mar/2024:09:16:02 -0500] "GET /sipse/faces/javax.faces.resource/images/ui-bg_flat_0_2d5972_40x100.png?ln=primefaces-aristo HTTP/1.1" 304 -
201.245.192.253 - - [20/Mar/2024:09:16:02 -0500] "POST /sipse/faces/bienvenido.xhtml HTTP/1.1" 200 2658
201.245.192.253 - - [20/Mar/2024:09:16:09 -0500] "POST /kwsrmcab/Wsrmcab  HTTP/1.1" 200 37499
172.22.2.4 - - [20/Mar/2024:09:14:30 -0500] "GET /BLA/boletinlegal/ HTTP/1.1" 200 39318
201.245.192.253 - - [20/Mar/2024:09:16:02 -0500] "POST /sipse/faces/presentacion/financiero/solicitudProceso/consultarSolicitudProceso.xhtml HTTP/1.1" 200 5503
201.245.192.253 - - [20/Mar/2024:09:15:27 -0500] "POST /sipse/faces/presentacion/financiero/solicitudProceso/listarSolicitudProceso.xhtml HTTP/1.1" 200 1400
172.22.2.4 - - [20/Mar/2024:09:14:48 -0500] "HEAD /BLA/boletinlegal/ HTTP/1.1" 200 -
216.244.66.195 - - [20/Mar/2024:09:16:30 -0500] "GET /BLA/resoluciones/RESOLUCIONES%202019/1723.pdf HTTP/1.1" 200 378221
