172.22.2.4 - - [20/Mar/2024:06:27:46 -0500] "GET /BLA/boletinlegal/js/jquery.scrollShow.js HTTP/1.1" 200 4586
172.22.2.4 - - [20/Mar/2024:06:27:46 -0500] "GET /BLA/boletinlegal/images/cabezote%20BLEGAL.jpg HTTP/1.1" 200 118164
172.22.2.4 - - [20/Mar/2024:06:27:46 -0500] "GET /BLA/boletinlegal/images/subscribe-icon-big.png HTTP/1.1" 200 47702
172.22.2.4 - - [20/Mar/2024:06:27:46 -0500] "GET /BLA/boletinlegal/images/historia.png HTTP/1.1" 200 52775
172.22.2.4 - - [20/Mar/2024:06:27:46 -0500] "GET /BLA/boletinlegal/images/registro-usuarios.png HTTP/1.1" 200 8106
172.22.2.4 - - [20/Mar/2024:06:27:46 -0500] "GET /BLA/boletinlegal/images/launch.jpg HTTP/1.1" 200 14577
172.22.2.4 - - [20/Mar/2024:06:27:46 -0500] "GET /BLA/boletinlegal/images/arr_l.jpg HTTP/1.1" 200 1979
172.22.2.4 - - [20/Mar/2024:06:27:46 -0500] "GET /BLA/boletinlegal/images/body_bg.jpg HTTP/1.1" 200 1601
172.22.2.4 - - [20/Mar/2024:06:27:46 -0500] "GET /BLA/boletinlegal/images/menu_lft.gif HTTP/1.1" 200 1713
172.22.2.4 - - [20/Mar/2024:06:27:46 -0500] "GET /BLA/boletinlegal/images/menu_bg.jpg HTTP/1.1" 200 620
172.22.2.4 - - [20/Mar/2024:06:27:46 -0500] "GET /BLA/boletinlegal/images/bg_top.jpg HTTP/1.1" 200 522
172.22.2.4 - - [20/Mar/2024:06:27:46 -0500] "GET /BLA/boletinlegal/images/menu_rght.gif HTTP/1.1" 200 1627
172.22.2.4 - - [20/Mar/2024:06:27:46 -0500] "GET /BLA/boletinlegal/images/hover.jpg HTTP/1.1" 200 640
172.22.2.4 - - [20/Mar/2024:06:27:46 -0500] "GET /BLA/boletinlegal/images/text.jpg HTTP/1.1" 200 568
172.22.2.4 - - [20/Mar/2024:06:27:53 -0500] "GET /BLA/boletinlegal/images/screen_2.png HTTP/1.1" 200 362502
172.22.2.4 - - [20/Mar/2024:06:27:53 -0500] "GET /BLA/boletinlegal/images/screen_5.png HTTP/1.1" 200 368876
172.22.2.4 - - [20/Mar/2024:06:27:53 -0500] "GET /BLA/boletinlegal/images/arr_r.jpg HTTP/1.1" 200 1998
172.22.2.4 - - [20/Mar/2024:06:27:53 -0500] "GET /BLA/boletinlegal/images/screen_3.png HTTP/1.1" 200 210620
172.22.2.4 - - [20/Mar/2024:06:27:53 -0500] "GET /BLA/boletinlegal/images/footer_bg.jpg HTTP/1.1" 200 586
172.22.2.4 - - [20/Mar/2024:06:27:56 -0500] "GET /BLA/boletinlegal/normativa.php HTTP/1.1" 200 8397
172.22.2.4 - - [20/Mar/2024:06:27:57 -0500] "GET /BLA/boletinlegal/js/ajax_normativa.js HTTP/1.1" 200 1154
172.22.2.4 - - [20/Mar/2024:06:27:57 -0500] "GET /BLA/boletinlegal/niceforms-default.css HTTP/1.1" 200 6694
172.22.2.4 - - [20/Mar/2024:06:27:57 -0500] "GET /BLA/boletinlegal/niceforms.js HTTP/1.1" 200 22876
172.22.2.4 - - [20/Mar/2024:06:27:57 -0500] "GET /BLA/boletinlegal/images/tel.png HTTP/1.1" 200 14477
172.22.2.4 - - [20/Mar/2024:06:27:57 -0500] "GET /BLA/boletinlegal/images/icono-email.png HTTP/1.1" 200 5544
172.22.2.4 - - [20/Mar/2024:06:27:57 -0500] "GET /BLA/boletinlegal/images/footer_bg_l.jpg HTTP/1.1" 200 776
172.22.2.4 - - [20/Mar/2024:06:27:57 -0500] "GET /BLA/boletinlegal/img/0.png HTTP/1.1" 200 110
172.22.2.4 - - [20/Mar/2024:06:27:57 -0500] "GET /BLA/boletinlegal/img/select-right.png HTTP/1.1" 200 44019
172.22.2.4 - - [20/Mar/2024:06:27:57 -0500] "GET /BLA/boletinlegal/img/select-left.png HTTP/1.1" 200 263
172.22.2.4 - - [20/Mar/2024:06:27:57 -0500] "GET /BLA/boletinlegal/img/button-left.png HTTP/1.1" 200 57071
172.22.2.4 - - [20/Mar/2024:06:27:57 -0500] "GET /BLA/boletinlegal/img/button.png HTTP/1.1" 200 43241
172.22.2.4 - - [20/Mar/2024:06:27:57 -0500] "GET /BLA/boletinlegal/img/button-right.png HTTP/1.1" 200 57878
172.22.2.4 - - [20/Mar/2024:06:27:57 -0500] "GET /BLA/boletinlegal/favicon.ico HTTP/1.1" 404 1334
216.244.66.195 - - [20/Mar/2024:06:28:01 -0500] "GET /BLA/resoluciones/AUTOS%202007/0404.pdf HTTP/1.1" 200 15827
172.22.2.4 - - [20/Mar/2024:06:28:08 -0500] "GET /BLA/boletinlegal/actos.php HTTP/1.1" 200 9738
172.22.2.4 - - [20/Mar/2024:06:28:09 -0500] "GET /BLA/boletinlegal/js/ajax_actos.js HTTP/1.1" 200 1322
172.22.2.4 - - [20/Mar/2024:06:28:09 -0500] "GET /BLA/boletinlegal/js/lib.js HTTP/1.1" 200 6474
172.22.2.4 - - [20/Mar/2024:06:28:09 -0500] "GET /BLA/boletinlegal/js/popup.js HTTP/1.1" 200 1270
172.22.2.4 - - [20/Mar/2024:06:28:09 -0500] "GET /BLA/boletinlegal/js/jquery1.js HTTP/1.1" 200 29846
172.22.2.4 - - [20/Mar/2024:06:28:09 -0500] "GET /BLA/boletinlegal/images/green-yellow-blue-pink-th.png HTTP/1.1" 200 7394
172.22.2.4 - - [20/Mar/2024:06:27:46 -0500] "GET /BLA/boletinlegal/ HTTP/1.1" 200 32715
216.244.66.195 - - [20/Mar/2024:06:28:28 -0500] "GET /BLA/resoluciones/AUTOS%202007/0603.pdf HTTP/1.1" 200 32576
172.22.2.4 - - [20/Mar/2024:06:28:39 -0500] "GET /BLA/boletinlegal/consulta_actos.php?tipo=resoluciones&no=02805&usuario=&sector=&fecha=2023&resuelve=%C1rboles%20 HTTP/1.1" 200 626
172.22.2.4 - - [20/Mar/2024:06:28:50 -0500] "GET /BLA/boletinlegal/consulta_actos.php?tipo=resoluciones&no=02805&usuario=&sector=&fecha=2023&resuelve=%C1rboles%20patrimoniales HTTP/1.1" 200 626
216.244.66.195 - - [20/Mar/2024:06:28:54 -0500] "GET /BLA/resoluciones/AUTOS%202007/0667.pdf HTTP/1.1" 200 65067
201.245.192.253 - - [20/Mar/2024:06:29:04 -0500] "POST /kwsrmcab/Wsrmcab HTTP/1.1" 200 37054
201.245.192.253 - - [20/Mar/2024:06:29:06 -0500] "POST /kwsrmcab/Wsrmcab HTTP/1.1" 200 37921
216.245.221.92 - - [20/Mar/2024:06:29:14 -0500] "HEAD / HTTP/1.1" 200 -
216.244.66.195 - - [20/Mar/2024:06:29:19 -0500] "GET /BLA/resoluciones/AUTOS%202007/0936.pdf HTTP/1.1" 200 23003
201.245.192.253 - - [20/Mar/2024:06:29:35 -0500] "POST /kwsrmcab/Wsrmcab HTTP/1.1" 200 37201
216.244.66.195 - - [20/Mar/2024:06:29:44 -0500] "GET /BLA/resoluciones/AUTOS%202007/0953.pdf HTTP/1.1" 200 22624
172.22.2.4 - - [20/Mar/2024:06:29:44 -0500] "GET /BLA/boletinlegal/consulta_actos.php?tipo=resoluciones&no=02805&usuario=&sector=&fecha=2023&resuelve=%C1rboles%20patrimoniales HTTP/1.1" 200 626
172.22.2.4 - - [20/Mar/2024:06:29:45 -0500] "GET /BLA/boletinlegal/consulta_actos.php?tipo=resoluciones&no=02805&usuario=&sector=&fecha=2023&resuelve=%C1rboles%20patrimoniales HTTP/1.1" 200 626
172.22.2.4 - - [20/Mar/2024:06:29:48 -0500] "GET /BLA/boletinlegal/actos.php HTTP/1.1" 200 9738
172.22.2.4 - - [20/Mar/2024:06:29:58 -0500] "GET /BLA/boletinlegal/consulta_actos.php?tipo=resoluciones&no=02805&usuario=&sector=&fecha=2023&resuelve= HTTP/1.1" 200 626
216.244.66.195 - - [20/Mar/2024:06:30:07 -0500] "GET /BLA/resoluciones/AUTOS%202007/1091.pdf HTTP/1.1" 200 29920
216.244.66.195 - - [20/Mar/2024:06:30:29 -0500] "GET /BLA/resoluciones/AUTOS%202007/1137.pdf HTTP/1.1" 200 30111
201.245.192.253 - - [20/Mar/2024:06:30:42 -0500] "POST /kwsrmcab/Wsrmcab HTTP/1.1" 200 37921
216.244.66.195 - - [20/Mar/2024:06:30:50 -0500] "GET /BLA/resoluciones/AUTOS%202007/1335.pdf HTTP/1.1" 200 51940
190.158.100.67 - - [20/Mar/2024:06:30:52 -0500] "POST /sipse/faces/presentacion/financiero/solicitudProceso/listarSolicitudProceso.xhtml HTTP/1.1" 200 59163
190.158.100.67 - - [20/Mar/2024:06:30:52 -0500] "GET /sipse/faces/javax.faces.resource/theme.css?ln=primefaces-sipse HTTP/1.1" 304 -
190.158.100.67 - - [20/Mar/2024:06:30:52 -0500] "GET /sipse/faces/javax.faces.resource/primefaces.css?ln=primefaces&v=4.0 HTTP/1.1" 304 -
190.158.100.67 - - [20/Mar/2024:06:30:52 -0500] "GET /sipse/faces/javax.faces.resource/layout/layout.css?ln=primefaces&v=4.0 HTTP/1.1" 304 -
190.158.100.67 - - [20/Mar/2024:06:30:52 -0500] "GET /sipse/faces/javax.faces.resource/jquery/jquery.js?ln=primefaces&v=4.0 HTTP/1.1" 304 -
190.158.100.67 - - [20/Mar/2024:06:30:52 -0500] "GET /sipse/faces/javax.faces.resource/jquery/jquery-plugins.js?ln=primefaces&v=4.0 HTTP/1.1" 304 -
190.158.100.67 - - [20/Mar/2024:06:30:52 -0500] "GET /sipse/faces/javax.faces.resource/primefaces.js?ln=primefaces&v=4.0 HTTP/1.1" 304 -
190.158.100.67 - - [20/Mar/2024:06:30:52 -0500] "GET /sipse/faces/javax.faces.resource/layout/layout.js?ln=primefaces&v=4.0 HTTP/1.1" 304 -
190.158.100.67 - - [20/Mar/2024:06:30:57 -0500] "POST /sipse/faces/presentacion/financiero/solicitudProceso/crearModificarSolicitudProceso.xhtml HTTP/1.1" 200 51773
190.158.100.67 - - [20/Mar/2024:06:31:04 -0500] "POST /sipse/faces/presentacion/financiero/solicitudProceso/crearModificarSolicitudProceso.xhtml HTTP/1.1" 200 25138
190.158.100.67 - - [20/Mar/2024:06:31:08 -0500] "POST /sipse/faces/presentacion/financiero/solicitudProceso/crearModificarSolicitudProceso.xhtml HTTP/1.1" 200 6307
216.244.66.195 - - [20/Mar/2024:06:31:11 -0500] "GET /BLA/resoluciones/AUTOS%202007/1556.pdf HTTP/1.1" 200 27290
190.158.100.67 - - [20/Mar/2024:06:31:17 -0500] "POST /sipse/faces/presentacion/financiero/solicitudProceso/crearModificarSolicitudProceso.xhtml HTTP/1.1" 200 9556
216.244.66.195 - - [20/Mar/2024:06:31:30 -0500] "GET /BLA/resoluciones/AUTOS%202007/1765.pdf HTTP/1.1" 200 37641
190.158.100.67 - - [20/Mar/2024:06:31:36 -0500] "POST /sipse/faces/presentacion/financiero/solicitudProceso/crearModificarSolicitudProceso.xhtml HTTP/1.1" 200 7346
20.240.13.244 - - [20/Mar/2024:06:31:41 -0500] "GET /Publicaciones/2024EE35185.pdf HTTP/1.1" 404 227
216.244.66.195 - - [20/Mar/2024:06:31:48 -0500] "GET /BLA/resoluciones/AUTOS%202009/0889.pdf HTTP/1.1" 200 119655
201.245.192.253 - - [20/Mar/2024:06:31:57 -0500] "POST /kwsrmcab/Wsrmcab  HTTP/1.1" 200 37499
172.22.2.4 - - [20/Mar/2024:06:30:19 -0500] "HEAD /BLA/boletinlegal/ HTTP/1.1" 200 -
216.244.66.195 - - [20/Mar/2024:06:32:06 -0500] "GET /BLA/resoluciones/AUTOS%202009/1316.pdf HTTP/1.1" 200 110484
190.158.100.67 - - [20/Mar/2024:06:32:08 -0500] "GET /sipse/faces/javax.faces.resource/theme.css?ln=primefaces-sipse HTTP/1.1" 304 -
190.158.100.67 - - [20/Mar/2024:06:32:08 -0500] "GET /sipse/faces/javax.faces.resource/primefaces.css?ln=primefaces&v=4.0 HTTP/1.1" 304 -
190.158.100.67 - - [20/Mar/2024:06:32:08 -0500] "GET /sipse/faces/javax.faces.resource/layout/layout.css?ln=primefaces&v=4.0 HTTP/1.1" 304 -
190.158.100.67 - - [20/Mar/2024:06:32:08 -0500] "GET /sipse/faces/javax.faces.resource/jquery/jquery.js?ln=primefaces&v=4.0 HTTP/1.1" 304 -
190.158.100.67 - - [20/Mar/2024:06:32:08 -0500] "GET /sipse/faces/javax.faces.resource/jquery/jquery-plugins.js?ln=primefaces&v=4.0 HTTP/1.1" 304 -
190.158.100.67 - - [20/Mar/2024:06:32:08 -0500] "GET /sipse/faces/javax.faces.resource/primefaces.js?ln=primefaces&v=4.0 HTTP/1.1" 304 -
190.158.100.67 - - [20/Mar/2024:06:32:08 -0500] "GET /sipse/faces/javax.faces.resource/layout/layout.js?ln=primefaces&v=4.0 HTTP/1.1" 304 -
190.158.100.67 - - [20/Mar/2024:06:32:08 -0500] "POST /sipse/faces/presentacion/financiero/solicitudProceso/crearModificarSolicitudProceso.xhtml HTTP/1.1" 200 24662
216.244.66.195 - - [20/Mar/2024:06:32:24 -0500] "GET /BLA/resoluciones/AUTOS%202009/1481.pdf HTTP/1.1" 200 194785
190.158.100.67 - - [20/Mar/2024:06:32:25 -0500] "POST /sipse/faces/presentacion/financiero/solicitudProyectoActividad/asociarProyectoSolicitud.xhtml HTTP/1.1" 200 6707
190.158.100.67 - - [20/Mar/2024:06:32:26 -0500] "POST /sipse/faces/presentacion/financiero/solicitudProyectoActividad/asociarProyectoSolicitud.xhtml HTTP/1.1" 200 1696
190.158.100.67 - - [20/Mar/2024:06:32:27 -0500] "POST /sipse/faces/presentacion/financiero/solicitudProyectoActividad/asociarProyectoSolicitud.xhtml HTTP/1.1" 200 77735
190.158.100.67 - - [20/Mar/2024:06:32:28 -0500] "GET /sipse/faces/javax.faces.resource/theme.css?ln=primefaces-sipse HTTP/1.1" 304 -
190.158.100.67 - - [20/Mar/2024:06:32:28 -0500] "GET /sipse/faces/javax.faces.resource/jquery/jquery.js?ln=primefaces&v=4.0 HTTP/1.1" 304 -
190.158.100.67 - - [20/Mar/2024:06:32:28 -0500] "GET /sipse/faces/javax.faces.resource/primefaces.css?ln=primefaces&v=4.0 HTTP/1.1" 304 -
190.158.100.67 - - [20/Mar/2024:06:32:28 -0500] "GET /sipse/faces/javax.faces.resource/layout/layout.css?ln=primefaces&v=4.0 HTTP/1.1" 304 -
190.158.100.67 - - [20/Mar/2024:06:32:28 -0500] "GET /sipse/faces/javax.faces.resource/jquery/jquery-plugins.js?ln=primefaces&v=4.0 HTTP/1.1" 304 -
190.158.100.67 - - [20/Mar/2024:06:32:28 -0500] "GET /sipse/faces/javax.faces.resource/primefaces.js?ln=primefaces&v=4.0 HTTP/1.1" 304 -
190.158.100.67 - - [20/Mar/2024:06:32:28 -0500] "GET /sipse/faces/javax.faces.resource/layout/layout.js?ln=primefaces&v=4.0 HTTP/1.1" 304 -
190.158.100.67 - - [20/Mar/2024:06:32:39 -0500] "POST /sipse/faces/presentacion/financiero/solicitudProyectoActividad/asociarActividadSolicitud.xhtml HTTP/1.1" 200 20207
190.158.100.67 - - [20/Mar/2024:06:32:39 -0500] "GET /sipse/faces/javax.faces.resource/theme.css?ln=primefaces-sipse HTTP/1.1" 304 -
190.158.100.67 - - [20/Mar/2024:06:32:39 -0500] "GET /sipse/faces/javax.faces.resource/primefaces.css?ln=primefaces&v=4.0 HTTP/1.1" 304 -
190.158.100.67 - - [20/Mar/2024:06:32:39 -0500] "GET /sipse/faces/javax.faces.resource/layout/layout.css?ln=primefaces&v=4.0 HTTP/1.1" 304 -
190.158.100.67 - - [20/Mar/2024:06:32:39 -0500] "GET /sipse/faces/javax.faces.resource/jquery/jquery.js?ln=primefaces&v=4.0 HTTP/1.1" 304 -
190.158.100.67 - - [20/Mar/2024:06:32:39 -0500] "GET /sipse/faces/javax.faces.resource/jquery/jquery-plugins.js?ln=primefaces&v=4.0 HTTP/1.1" 304 -
190.158.100.67 - - [20/Mar/2024:06:32:39 -0500] "GET /sipse/faces/javax.faces.resource/primefaces.js?ln=primefaces&v=4.0 HTTP/1.1" 304 -
190.158.100.67 - - [20/Mar/2024:06:32:39 -0500] "GET /sipse/faces/javax.faces.resource/layout/layout.js?ln=primefaces&v=4.0 HTTP/1.1" 304 -
216.244.66.195 - - [20/Mar/2024:06:32:40 -0500] "GET /BLA/resoluciones/AUTOS%202009/1483.pdf HTTP/1.1" 200 194290
172.22.2.4 - - [20/Mar/2024:06:31:10 -0500] "GET /BLA/boletinlegal/ HTTP/1.1" 200 60380
216.244.66.195 - - [20/Mar/2024:06:32:54 -0500] "GET /BLA/resoluciones/AUTOS%202009/1499.pdf HTTP/1.1" 200 190245
190.156.204.37 - - [20/Mar/2024:06:33:04 -0500] "GET /sipse/faces/faces/autenticacion.xhtml HTTP/1.1" 200 12728
190.156.204.37 - - [20/Mar/2024:06:33:04 -0500] "GET /sipse/css/custom_css_sg.css HTTP/1.1" 200 9694
190.156.204.37 - - [20/Mar/2024:06:33:04 -0500] "GET /sipse/js/disable_browser_buttons.js HTTP/1.1" 200 3230
190.156.204.37 - - [20/Mar/2024:06:33:04 -0500] "GET /sipse/css/custom_css_sg_prime_login.css HTTP/1.1" 200 443
190.156.204.37 - - [20/Mar/2024:06:33:04 -0500] "GET /sipse/faces/javax.faces.resource/layout/layout.css;jsessionid=aRSB-kqsiXopazcgGHjYjuCY.undefined?ln=primefaces&v=4.0 HTTP/1.1" 200 542
190.156.204.37 - - [20/Mar/2024:06:33:04 -0500] "GET /sipse/js/funciones.js HTTP/1.1" 304 -
190.156.204.37 - - [20/Mar/2024:06:33:04 -0500] "GET /sipse/faces/javax.faces.resource/jquery/jquery.js;jsessionid=aRSB-kqsiXopazcgGHjYjuCY.undefined?ln=primefaces&v=4.0 HTTP/1.1" 200 105384
190.156.204.37 - - [20/Mar/2024:06:33:04 -0500] "GET /sipse/faces/javax.faces.resource/layout/layout.js;jsessionid=aRSB-kqsiXopazcgGHjYjuCY.undefined?ln=primefaces&v=4.0 HTTP/1.1" 200 87560
190.156.204.37 - - [20/Mar/2024:06:33:04 -0500] "GET /sipse/faces/javax.faces.resource/theme.css?ln=primefaces-sipse HTTP/1.1" 304 -
190.156.204.37 - - [20/Mar/2024:06:33:04 -0500] "GET /sipse/faces/javax.faces.resource/primefaces.css;jsessionid=aRSB-kqsiXopazcgGHjYjuCY.undefined?ln=primefaces&v=4.0 HTTP/1.1" 200 53295
190.156.204.37 - - [20/Mar/2024:06:33:04 -0500] "GET /sipse/faces/javax.faces.resource/jquery/jquery-plugins.js;jsessionid=aRSB-kqsiXopazcgGHjYjuCY.undefined?ln=primefaces&v=4.0 HTTP/1.1" 200 220526
190.156.204.37 - - [20/Mar/2024:06:33:04 -0500] "GET /sipse/faces/javax.faces.resource/primefaces.js;jsessionid=aRSB-kqsiXopazcgGHjYjuCY.undefined?ln=primefaces&v=4.0 HTTP/1.1" 200 276924
190.156.204.37 - - [20/Mar/2024:06:33:04 -0500] "GET /sipse/faces/javax.faces.resource/images/ui-icons_898989_256x240.png?ln=primefaces-aristo HTTP/1.1" 304 -
190.156.204.37 - - [20/Mar/2024:06:33:04 -0500] "GET /sipse/css/imagen/loginimg.png HTTP/1.1" 200 71635
190.156.204.37 - - [20/Mar/2024:06:33:04 -0500] "GET /sipse/css/imagen/logoSDG.png HTTP/1.1" 200 53064
190.158.100.67 - - [20/Mar/2024:06:33:04 -0500] "POST /sipse/faces/presentacion/financiero/solicitudProyectoActividad/asociarFuentesSolicitud.xhtml HTTP/1.1" 200 82823
190.156.204.37 - - [20/Mar/2024:06:33:04 -0500] "GET /sipse/faces/faces/index.xhtml HTTP/1.1" 200 677
190.158.100.67 - - [20/Mar/2024:06:33:04 -0500] "GET /sipse/faces/javax.faces.resource/theme.css?ln=primefaces-sipse HTTP/1.1" 304 -
190.156.204.37 - - [20/Mar/2024:06:33:04 -0500] "GET /sipse/faces/javax.faces.resource/theme.css?ln=primefaces-sipse HTTP/1.1" 304 -
190.158.100.67 - - [20/Mar/2024:06:33:04 -0500] "GET /sipse/faces/javax.faces.resource/primefaces.css?ln=primefaces&v=4.0 HTTP/1.1" 304 -
190.158.100.67 - - [20/Mar/2024:06:33:04 -0500] "GET /sipse/faces/javax.faces.resource/primefaces.js?ln=primefaces&v=4.0 HTTP/1.1" 304 -
190.158.100.67 - - [20/Mar/2024:06:33:04 -0500] "GET /sipse/faces/javax.faces.resource/layout/layout.css?ln=primefaces&v=4.0 HTTP/1.1" 304 -
190.158.100.67 - - [20/Mar/2024:06:33:04 -0500] "GET /sipse/faces/javax.faces.resource/layout/layout.js?ln=primefaces&v=4.0 HTTP/1.1" 304 -
190.158.100.67 - - [20/Mar/2024:06:33:04 -0500] "GET /sipse/faces/javax.faces.resource/jquery/jquery.js?ln=primefaces&v=4.0 HTTP/1.1" 304 -
190.158.100.67 - - [20/Mar/2024:06:33:04 -0500] "GET /sipse/faces/javax.faces.resource/jquery/jquery-plugins.js?ln=primefaces&v=4.0 HTTP/1.1" 304 -
190.156.204.37 - - [20/Mar/2024:06:33:04 -0500] "GET /sipse/faces/faces/faces/autenticacion.xhtml HTTP/1.1" 200 12406
190.156.204.37 - - [20/Mar/2024:06:33:04 -0500] "GET /sipse/faces/javax.faces.resource/layout/layout.css?ln=primefaces&v=4.0 HTTP/1.1" 200 542
190.156.204.37 - - [20/Mar/2024:06:33:04 -0500] "GET /sipse/faces/javax.faces.resource/theme.css?ln=primefaces-sipse HTTP/1.1" 304 -
190.156.204.37 - - [20/Mar/2024:06:33:04 -0500] "GET /sipse/faces/javax.faces.resource/primefaces.css?ln=primefaces&v=4.0 HTTP/1.1" 304 -
190.156.204.37 - - [20/Mar/2024:06:33:04 -0500] "GET /sipse/faces/javax.faces.resource/layout/layout.js?ln=primefaces&v=4.0 HTTP/1.1" 304 -
190.156.204.37 - - [20/Mar/2024:06:33:04 -0500] "GET /sipse/faces/javax.faces.resource/jquery/jquery.js?ln=primefaces&v=4.0 HTTP/1.1" 304 -
190.156.204.37 - - [20/Mar/2024:06:33:04 -0500] "GET /sipse/faces/javax.faces.resource/jquery/jquery-plugins.js?ln=primefaces&v=4.0 HTTP/1.1" 304 -
190.156.204.37 - - [20/Mar/2024:06:33:05 -0500] "GET /sipse/faces/javax.faces.resource/primefaces.js?ln=primefaces&v=4.0 HTTP/1.1" 304 -
190.156.204.37 - - [20/Mar/2024:06:33:05 -0500] "GET /sipse/faces/javax.faces.resource/images/ui-icons_898989_256x240.png?ln=primefaces-aristo HTTP/1.1" 304 -
216.244.66.195 - - [20/Mar/2024:06:33:08 -0500] "GET /BLA/resoluciones/AUTOS%202009/1550.pdf HTTP/1.1" 200 111454
216.244.66.195 - - [20/Mar/2024:06:33:22 -0500] "GET /BLA/resoluciones/AUTOS%202009/1599.pdf HTTP/1.1" 200 126997
190.158.100.67 - - [20/Mar/2024:06:33:29 -0500] "GET /sipse/faces/javax.faces.resource/theme.css?ln=primefaces-sipse HTTP/1.1" 304 -
190.158.100.67 - - [20/Mar/2024:06:33:29 -0500] "GET /sipse/faces/javax.faces.resource/layout/layout.css?ln=primefaces&v=4.0 HTTP/1.1" 304 -
190.158.100.67 - - [20/Mar/2024:06:33:29 -0500] "GET /sipse/faces/javax.faces.resource/primefaces.css?ln=primefaces&v=4.0 HTTP/1.1" 304 -
190.158.100.67 - - [20/Mar/2024:06:33:29 -0500] "GET /sipse/faces/javax.faces.resource/jquery/jquery.js?ln=primefaces&v=4.0 HTTP/1.1" 304 -
190.158.100.67 - - [20/Mar/2024:06:33:29 -0500] "GET /sipse/faces/javax.faces.resource/jquery/jquery-plugins.js?ln=primefaces&v=4.0 HTTP/1.1" 304 -
190.158.100.67 - - [20/Mar/2024:06:33:29 -0500] "GET /sipse/faces/javax.faces.resource/primefaces.js?ln=primefaces&v=4.0 HTTP/1.1" 304 -
190.158.100.67 - - [20/Mar/2024:06:33:29 -0500] "GET /sipse/faces/javax.faces.resource/layout/layout.js?ln=primefaces&v=4.0 HTTP/1.1" 304 -
190.158.100.67 - - [20/Mar/2024:06:33:17 -0500] "POST /sipse/faces/presentacion/financiero/solicitudProceso/crearModificarSolicitudProceso.xhtml HTTP/1.1" 200 45615
216.244.66.195 - - [20/Mar/2024:06:33:34 -0500] "GET /BLA/resoluciones/AUTOS%202009/1680.pdf HTTP/1.1" 200 122580
47.128.122.138 - - [20/Mar/2024:06:33:43 -0500] "GET /BLA/resoluciones/AUTOS%202021/0245.php?act=ls&d=E%3A%5Cnuevo%5Chtdocs%5Cpdc&sort=0a HTTP/1.1" 200 3712
47.128.122.138 - - [20/Mar/2024:06:33:44 -0500] "GET /BLA/resoluciones/AUTOS%202021/0245.php?act=img&img=ext_php HTTP/1.1" 200 79
216.244.66.195 - - [20/Mar/2024:06:33:44 -0500] "GET /BLA/resoluciones/AUTOS%202009/1742.pdf HTTP/1.1" 200 104426
47.128.122.138 - - [20/Mar/2024:06:33:44 -0500] "GET /BLA/resoluciones/AUTOS%202021/0245.php?act=img&img=arrow_ltr HTTP/1.1" 200 88
190.158.100.67 - - [20/Mar/2024:06:33:33 -0500] "POST /sipse/faces/presentacion/financiero/solicitudBienServicio/asociarBienServicioSolicitud.xhtml HTTP/1.1" 200 2720
216.244.66.195 - - [20/Mar/2024:06:33:54 -0500] "GET /BLA/resoluciones/AUTOS%202009/1764.pdf HTTP/1.1" 200 97214
190.158.100.67 - - [20/Mar/2024:06:33:57 -0500] "POST /sipse/faces/presentacion/financiero/solicitudBienServicio/asociarBienServicioSolicitud.xhtml HTTP/1.1" 200 78579
190.158.100.67 - - [20/Mar/2024:06:33:57 -0500] "GET /sipse/faces/javax.faces.resource/theme.css?ln=primefaces-sipse HTTP/1.1" 304 -
190.158.100.67 - - [20/Mar/2024:06:33:58 -0500] "GET /sipse/faces/javax.faces.resource/primefaces.css?ln=primefaces&v=4.0 HTTP/1.1" 304 -
190.158.100.67 - - [20/Mar/2024:06:33:58 -0500] "GET /sipse/faces/javax.faces.resource/layout/layout.css?ln=primefaces&v=4.0 HTTP/1.1" 304 -
190.158.100.67 - - [20/Mar/2024:06:33:58 -0500] "GET /sipse/faces/javax.faces.resource/jquery/jquery.js?ln=primefaces&v=4.0 HTTP/1.1" 304 -
190.158.100.67 - - [20/Mar/2024:06:33:58 -0500] "GET /sipse/faces/javax.faces.resource/jquery/jquery-plugins.js?ln=primefaces&v=4.0 HTTP/1.1" 304 -
190.158.100.67 - - [20/Mar/2024:06:33:58 -0500] "GET /sipse/faces/javax.faces.resource/primefaces.js?ln=primefaces&v=4.0 HTTP/1.1" 304 -
190.158.100.67 - - [20/Mar/2024:06:33:58 -0500] "GET /sipse/faces/javax.faces.resource/layout/layout.js?ln=primefaces&v=4.0 HTTP/1.1" 304 -
216.244.66.195 - - [20/Mar/2024:06:34:02 -0500] "GET /BLA/resoluciones/AUTOS%202009/1825.pdf HTTP/1.1" 200 123034
47.128.46.210 - - [20/Mar/2024:06:34:08 -0500] "GET /BLA/resoluciones/AUTOS%202021/0245.php?act=chmod&d=E%3A%5Cnuevo%5Chtdocs%5CBLA%5Cresoluciones%5CAUTOS+2021%5C&f=0239.pdf HTTP/1.1" 200 2899
190.158.100.67 - - [20/Mar/2024:06:34:08 -0500] "POST /sipse/faces/presentacion/financiero/solicitudProceso/crearModificarSolicitudProceso.xhtml HTTP/1.1" 200 65549
190.158.100.67 - - [20/Mar/2024:06:34:10 -0500] "GET /sipse/faces/javax.faces.resource/theme.css?ln=primefaces-sipse HTTP/1.1" 304 -
190.158.100.67 - - [20/Mar/2024:06:34:10 -0500] "GET /sipse/faces/javax.faces.resource/jquery/jquery.js?ln=primefaces&v=4.0 HTTP/1.1" 304 -
190.158.100.67 - - [20/Mar/2024:06:34:10 -0500] "GET /sipse/faces/javax.faces.resource/primefaces.css?ln=primefaces&v=4.0 HTTP/1.1" 304 -
190.158.100.67 - - [20/Mar/2024:06:34:10 -0500] "GET /sipse/faces/javax.faces.resource/layout/layout.css?ln=primefaces&v=4.0 HTTP/1.1" 304 -
190.158.100.67 - - [20/Mar/2024:06:34:10 -0500] "GET /sipse/faces/javax.faces.resource/jquery/jquery-plugins.js?ln=primefaces&v=4.0 HTTP/1.1" 304 -
190.158.100.67 - - [20/Mar/2024:06:34:10 -0500] "GET /sipse/faces/javax.faces.resource/primefaces.js?ln=primefaces&v=4.0 HTTP/1.1" 304 -
190.158.100.67 - - [20/Mar/2024:06:34:10 -0500] "GET /sipse/faces/javax.faces.resource/layout/layout.js?ln=primefaces&v=4.0 HTTP/1.1" 304 -
190.158.100.67 - - [20/Mar/2024:06:34:11 -0500] "POST /sipse/faces/presentacion/financiero/solicitudProceso/listarSolicitudProceso.xhtml HTTP/1.1" 200 1556
216.244.66.195 - - [20/Mar/2024:06:34:11 -0500] "GET /BLA/resoluciones/AUTOS%202009/1836.pdf HTTP/1.1" 200 102227
216.245.221.92 - - [20/Mar/2024:06:34:14 -0500] "HEAD / HTTP/1.1" 200 -
190.158.100.67 - - [20/Mar/2024:06:34:17 -0500] "POST /sipse/faces/presentacion/financiero/solicitudProceso/listarSolicitudProceso.xhtml HTTP/1.1" 200 31967
216.244.66.195 - - [20/Mar/2024:06:34:18 -0500] "GET /BLA/resoluciones/AUTOS%202009/1876.pdf HTTP/1.1" 200 99347
190.158.100.67 - - [20/Mar/2024:06:34:18 -0500] "POST /sipse/faces/presentacion/financiero/solicitudProceso/listarSolicitudProceso.xhtml HTTP/1.1" 200 17552
216.244.66.195 - - [20/Mar/2024:06:34:23 -0500] "GET /BLA/resoluciones/AUTOS%202009/2000.pdf HTTP/1.1" 200 99343
216.244.66.195 - - [20/Mar/2024:06:34:28 -0500] "GET /BLA/resoluciones/AUTOS%202009/2037.pdf HTTP/1.1" 200 366704
216.244.66.195 - - [20/Mar/2024:06:34:33 -0500] "GET /BLA/resoluciones/AUTOS%202012/3012.pdf HTTP/1.1" 200 308025
190.158.100.67 - - [20/Mar/2024:06:34:40 -0500] "POST /sipse/faces/presentacion/financiero/solicitudProceso/listarSolicitudProceso.xhtml HTTP/1.1" 200 120349
190.158.100.67 - - [20/Mar/2024:06:34:42 -0500] "GET /sipse/faces/javax.faces.resource/theme.css?ln=primefaces-sipse HTTP/1.1" 304 -
190.158.100.67 - - [20/Mar/2024:06:34:42 -0500] "GET /sipse/faces/javax.faces.resource/primefaces.css?ln=primefaces&v=4.0 HTTP/1.1" 304 -
190.158.100.67 - - [20/Mar/2024:06:34:42 -0500] "GET /sipse/faces/javax.faces.resource/layout/layout.css?ln=primefaces&v=4.0 HTTP/1.1" 304 -
190.158.100.67 - - [20/Mar/2024:06:34:42 -0500] "GET /sipse/faces/javax.faces.resource/jquery/jquery.js?ln=primefaces&v=4.0 HTTP/1.1" 304 -
190.158.100.67 - - [20/Mar/2024:06:34:42 -0500] "GET /sipse/faces/javax.faces.resource/jquery/jquery-plugins.js?ln=primefaces&v=4.0 HTTP/1.1" 304 -
190.158.100.67 - - [20/Mar/2024:06:34:42 -0500] "GET /sipse/faces/javax.faces.resource/primefaces.js?ln=primefaces&v=4.0 HTTP/1.1" 304 -
190.158.100.67 - - [20/Mar/2024:06:34:42 -0500] "GET /sipse/faces/javax.faces.resource/layout/layout.js?ln=primefaces&v=4.0 HTTP/1.1" 304 -
216.244.66.195 - - [20/Mar/2024:06:34:43 -0500] "GET /BLA/resoluciones/AUTOS%202019/0375.pdf HTTP/1.1" 200 235896
216.244.66.195 - - [20/Mar/2024:06:34:51 -0500] "GET /BLA/resoluciones/AUTOS%202021/1401.pdf HTTP/1.1" 200 374600
216.244.66.195 - - [20/Mar/2024:06:34:58 -0500] "GET /BLA/resoluciones/AUTOS%202021/3196.pdf HTTP/1.1" 200 1496517
190.158.100.67 - - [20/Mar/2024:06:35:00 -0500] "POST /sipse/faces/presentacion/financiero/solicitudProceso/consultarSolicitudProceso.xhtml HTTP/1.1" 200 46139
190.158.100.67 - - [20/Mar/2024:06:35:00 -0500] "GET /sipse/faces/javax.faces.resource/theme.css?ln=primefaces-sipse HTTP/1.1" 304 -
190.158.100.67 - - [20/Mar/2024:06:35:00 -0500] "GET /sipse/faces/javax.faces.resource/layout/layout.css?ln=primefaces&v=4.0 HTTP/1.1" 304 -
190.158.100.67 - - [20/Mar/2024:06:35:00 -0500] "GET /sipse/faces/javax.faces.resource/jquery/jquery.js?ln=primefaces&v=4.0 HTTP/1.1" 304 -
190.158.100.67 - - [20/Mar/2024:06:35:00 -0500] "GET /sipse/faces/javax.faces.resource/primefaces.css?ln=primefaces&v=4.0 HTTP/1.1" 304 -
190.158.100.67 - - [20/Mar/2024:06:35:00 -0500] "GET /sipse/faces/javax.faces.resource/jquery/jquery-plugins.js?ln=primefaces&v=4.0 HTTP/1.1" 304 -
190.158.100.67 - - [20/Mar/2024:06:35:00 -0500] "GET /sipse/faces/javax.faces.resource/primefaces.js?ln=primefaces&v=4.0 HTTP/1.1" 304 -
190.158.100.67 - - [20/Mar/2024:06:35:00 -0500] "GET /sipse/faces/javax.faces.resource/layout/layout.js?ln=primefaces&v=4.0 HTTP/1.1" 304 -
66.249.66.21 - - [20/Mar/2024:06:35:26 -0500] "GET /BLA/resoluciones/RESOLUCIONES%202021/5262.pdf HTTP/1.1" 200 370932
190.158.100.67 - - [20/Mar/2024:06:35:28 -0500] "POST /sipse/faces/presentacion/financiero/estudioPrevio/personalSolicitado/personalSolicitadoSolicitudProceso.xhtml HTTP/1.1" 200 7027
190.158.100.67 - - [20/Mar/2024:06:35:33 -0500] "POST /sipse/faces/presentacion/financiero/estudioPrevio/personalSolicitado/personalSolicitadoSolicitudProceso.xhtml HTTP/1.1" 200 36846
190.158.100.67 - - [20/Mar/2024:06:35:34 -0500] "GET /sipse/faces/javax.faces.resource/theme.css?ln=primefaces-sipse HTTP/1.1" 304 -
190.158.100.67 - - [20/Mar/2024:06:35:34 -0500] "GET /sipse/faces/javax.faces.resource/primefaces.css?ln=primefaces&v=4.0 HTTP/1.1" 304 -
190.158.100.67 - - [20/Mar/2024:06:35:34 -0500] "GET /sipse/faces/javax.faces.resource/jquery/jquery.js?ln=primefaces&v=4.0 HTTP/1.1" 304 -
190.158.100.67 - - [20/Mar/2024:06:35:34 -0500] "GET /sipse/faces/javax.faces.resource/layout/layout.css?ln=primefaces&v=4.0 HTTP/1.1" 304 -
190.158.100.67 - - [20/Mar/2024:06:35:34 -0500] "GET /sipse/faces/javax.faces.resource/jquery/jquery-plugins.js?ln=primefaces&v=4.0 HTTP/1.1" 304 -
190.158.100.67 - - [20/Mar/2024:06:35:34 -0500] "GET /sipse/faces/javax.faces.resource/primefaces.js?ln=primefaces&v=4.0 HTTP/1.1" 304 -
190.158.100.67 - - [20/Mar/2024:06:35:34 -0500] "GET /sipse/faces/javax.faces.resource/layout/layout.js?ln=primefaces&v=4.0 HTTP/1.1" 304 -
190.158.100.67 - - [20/Mar/2024:06:35:37 -0500] "POST /sipse/faces/presentacion/financiero/estudioPrevio/personalSolicitado/asociarProfesionPersonalSolicitado.xhtml HTTP/1.1" 200 14053
216.244.66.195 - - [20/Mar/2024:06:35:38 -0500] "GET /BLA/resoluciones/AUTOS%202023/1713.pdf HTTP/1.1" 200 454105
190.158.100.67 - - [20/Mar/2024:06:35:38 -0500] "POST /sipse/faces/presentacion/financiero/estudioPrevio/personalSolicitado/asociarProfesionPersonalSolicitado.xhtml HTTP/1.1" 200 14049
190.158.100.67 - - [20/Mar/2024:06:35:40 -0500] "POST /sipse/faces/presentacion/financiero/estudioPrevio/personalSolicitado/asociarProfesionPersonalSolicitado.xhtml HTTP/1.1" 200 3217
190.158.100.67 - - [20/Mar/2024:06:35:44 -0500] "POST /sipse/faces/presentacion/financiero/estudioPrevio/personalSolicitado/asociarProfesionPersonalSolicitado.xhtml HTTP/1.1" 200 52068
190.158.100.67 - - [20/Mar/2024:06:35:44 -0500] "GET /sipse/faces/javax.faces.resource/theme.css?ln=primefaces-sipse HTTP/1.1" 304 -
190.158.100.67 - - [20/Mar/2024:06:35:44 -0500] "GET /sipse/faces/javax.faces.resource/primefaces.css?ln=primefaces&v=4.0 HTTP/1.1" 304 -
190.158.100.67 - - [20/Mar/2024:06:35:44 -0500] "GET /sipse/faces/javax.faces.resource/layout/layout.css?ln=primefaces&v=4.0 HTTP/1.1" 304 -
190.158.100.67 - - [20/Mar/2024:06:35:44 -0500] "GET /sipse/faces/javax.faces.resource/jquery/jquery-plugins.js?ln=primefaces&v=4.0 HTTP/1.1" 304 -
190.158.100.67 - - [20/Mar/2024:06:35:44 -0500] "GET /sipse/faces/javax.faces.resource/primefaces.js?ln=primefaces&v=4.0 HTTP/1.1" 304 -
190.158.100.67 - - [20/Mar/2024:06:35:44 -0500] "GET /sipse/faces/javax.faces.resource/layout/layout.js?ln=primefaces&v=4.0 HTTP/1.1" 304 -
190.158.100.67 - - [20/Mar/2024:06:35:44 -0500] "GET /sipse/faces/javax.faces.resource/jquery/jquery.js?ln=primefaces&v=4.0 HTTP/1.1" 304 -
190.158.100.67 - - [20/Mar/2024:06:35:54 -0500] "POST /sipse/faces/presentacion/financiero/estudioPrevio/personalSolicitado/personalSolicitadoSolicitudProceso.xhtml HTTP/1.1" 200 36852
190.158.100.67 - - [20/Mar/2024:06:35:54 -0500] "GET /sipse/faces/javax.faces.resource/theme.css?ln=primefaces-sipse HTTP/1.1" 304 -
190.158.100.67 - - [20/Mar/2024:06:35:54 -0500] "GET /sipse/faces/javax.faces.resource/jquery/jquery.js?ln=primefaces&v=4.0 HTTP/1.1" 304 -
190.158.100.67 - - [20/Mar/2024:06:35:54 -0500] "GET /sipse/faces/javax.faces.resource/layout/layout.css?ln=primefaces&v=4.0 HTTP/1.1" 304 -
190.158.100.67 - - [20/Mar/2024:06:35:54 -0500] "GET /sipse/faces/javax.faces.resource/primefaces.css?ln=primefaces&v=4.0 HTTP/1.1" 304 -
190.158.100.67 - - [20/Mar/2024:06:35:54 -0500] "GET /sipse/faces/javax.faces.resource/jquery/jquery-plugins.js?ln=primefaces&v=4.0 HTTP/1.1" 304 -
190.158.100.67 - - [20/Mar/2024:06:35:54 -0500] "GET /sipse/faces/javax.faces.resource/primefaces.js?ln=primefaces&v=4.0 HTTP/1.1" 304 -
190.158.100.67 - - [20/Mar/2024:06:35:54 -0500] "GET /sipse/faces/javax.faces.resource/layout/layout.js?ln=primefaces&v=4.0 HTTP/1.1" 304 -
190.158.100.67 - - [20/Mar/2024:06:35:59 -0500] "POST /sipse/faces/presentacion/financiero/estudioPrevio/personalSolicitado/asociarProfesionPersonalSolicitado.xhtml HTTP/1.1" 200 21322
190.158.100.67 - - [20/Mar/2024:06:36:00 -0500] "POST /sipse/faces/presentacion/financiero/estudioPrevio/personalSolicitado/asociarProfesionPersonalSolicitado.xhtml HTTP/1.1" 200 21318
190.158.100.67 - - [20/Mar/2024:06:36:05 -0500] "POST /sipse/faces/presentacion/financiero/estudioPrevio/personalSolicitado/asociarProfesionPersonalSolicitado.xhtml HTTP/1.1" 200 53341
190.158.100.67 - - [20/Mar/2024:06:36:05 -0500] "GET /sipse/faces/javax.faces.resource/theme.css?ln=primefaces-sipse HTTP/1.1" 304 -
190.158.100.67 - - [20/Mar/2024:06:36:05 -0500] "GET /sipse/faces/javax.faces.resource/jquery/jquery-plugins.js?ln=primefaces&v=4.0 HTTP/1.1" 304 -
190.158.100.67 - - [20/Mar/2024:06:36:05 -0500] "GET /sipse/faces/javax.faces.resource/primefaces.css?ln=primefaces&v=4.0 HTTP/1.1" 304 -
190.158.100.67 - - [20/Mar/2024:06:36:05 -0500] "GET /sipse/faces/javax.faces.resource/layout/layout.css?ln=primefaces&v=4.0 HTTP/1.1" 304 -
190.158.100.67 - - [20/Mar/2024:06:36:05 -0500] "GET /sipse/faces/javax.faces.resource/jquery/jquery.js?ln=primefaces&v=4.0 HTTP/1.1" 304 -
190.158.100.67 - - [20/Mar/2024:06:36:05 -0500] "GET /sipse/faces/javax.faces.resource/primefaces.js?ln=primefaces&v=4.0 HTTP/1.1" 304 -
190.158.100.67 - - [20/Mar/2024:06:36:05 -0500] "GET /sipse/faces/javax.faces.resource/layout/layout.js?ln=primefaces&v=4.0 HTTP/1.1" 304 -
190.158.100.67 - - [20/Mar/2024:06:36:08 -0500] "POST /sipse/faces/presentacion/financiero/estudioPrevio/personalSolicitado/personalSolicitadoSolicitudProceso.xhtml HTTP/1.1" 200 36857
190.158.100.67 - - [20/Mar/2024:06:36:08 -0500] "GET /sipse/faces/javax.faces.resource/theme.css?ln=primefaces-sipse HTTP/1.1" 304 -
190.158.100.67 - - [20/Mar/2024:06:36:08 -0500] "GET /sipse/faces/javax.faces.resource/layout/layout.css?ln=primefaces&v=4.0 HTTP/1.1" 304 -
190.158.100.67 - - [20/Mar/2024:06:36:08 -0500] "GET /sipse/faces/javax.faces.resource/primefaces.css?ln=primefaces&v=4.0 HTTP/1.1" 304 -
190.158.100.67 - - [20/Mar/2024:06:36:08 -0500] "GET /sipse/faces/javax.faces.resource/jquery/jquery.js?ln=primefaces&v=4.0 HTTP/1.1" 304 -
190.158.100.67 - - [20/Mar/2024:06:36:08 -0500] "GET /sipse/faces/javax.faces.resource/jquery/jquery-plugins.js?ln=primefaces&v=4.0 HTTP/1.1" 304 -
190.158.100.67 - - [20/Mar/2024:06:36:08 -0500] "GET /sipse/faces/javax.faces.resource/primefaces.js?ln=primefaces&v=4.0 HTTP/1.1" 304 -
190.158.100.67 - - [20/Mar/2024:06:36:08 -0500] "GET /sipse/faces/javax.faces.resource/layout/layout.js?ln=primefaces&v=4.0 HTTP/1.1" 304 -
216.244.66.195 - - [20/Mar/2024:06:36:11 -0500] "GET /BLA/resoluciones/AUTOS%202023/4108.pdf HTTP/1.1" 200 387325
190.158.100.67 - - [20/Mar/2024:06:36:11 -0500] "POST /sipse/faces/presentacion/financiero/estudioPrevio/personalSolicitado/asociarProfesionPersonalSolicitado.xhtml HTTP/1.1" 200 21364
190.158.100.67 - - [20/Mar/2024:06:36:13 -0500] "POST /sipse/faces/presentacion/financiero/estudioPrevio/personalSolicitado/asociarProfesionPersonalSolicitado.xhtml HTTP/1.1" 200 21364
190.158.100.67 - - [20/Mar/2024:06:36:16 -0500] "POST /sipse/faces/presentacion/financiero/estudioPrevio/personalSolicitado/asociarProfesionPersonalSolicitado.xhtml HTTP/1.1" 200 54607
190.158.100.67 - - [20/Mar/2024:06:36:16 -0500] "GET /sipse/faces/javax.faces.resource/theme.css?ln=primefaces-sipse HTTP/1.1" 304 -
190.158.100.67 - - [20/Mar/2024:06:36:16 -0500] "GET /sipse/faces/javax.faces.resource/primefaces.css?ln=primefaces&v=4.0 HTTP/1.1" 304 -
190.158.100.67 - - [20/Mar/2024:06:36:16 -0500] "GET /sipse/faces/javax.faces.resource/layout/layout.css?ln=primefaces&v=4.0 HTTP/1.1" 304 -
190.158.100.67 - - [20/Mar/2024:06:36:16 -0500] "GET /sipse/faces/javax.faces.resource/jquery/jquery.js?ln=primefaces&v=4.0 HTTP/1.1" 304 -
190.158.100.67 - - [20/Mar/2024:06:36:16 -0500] "GET /sipse/faces/javax.faces.resource/jquery/jquery-plugins.js?ln=primefaces&v=4.0 HTTP/1.1" 304 -
190.158.100.67 - - [20/Mar/2024:06:36:16 -0500] "GET /sipse/faces/javax.faces.resource/primefaces.js?ln=primefaces&v=4.0 HTTP/1.1" 304 -
190.158.100.67 - - [20/Mar/2024:06:36:16 -0500] "GET /sipse/faces/javax.faces.resource/layout/layout.js?ln=primefaces&v=4.0 HTTP/1.1" 304 -
190.158.100.67 - - [20/Mar/2024:06:36:25 -0500] "GET /sipse/faces/javax.faces.resource/theme.css?ln=primefaces-sipse HTTP/1.1" 304 -
190.158.100.67 - - [20/Mar/2024:06:36:25 -0500] "GET /sipse/faces/javax.faces.resource/jquery/jquery.js?ln=primefaces&v=4.0 HTTP/1.1" 304 -
190.158.100.67 - - [20/Mar/2024:06:36:25 -0500] "GET /sipse/faces/javax.faces.resource/primefaces.css?ln=primefaces&v=4.0 HTTP/1.1" 304 -
190.158.100.67 - - [20/Mar/2024:06:36:25 -0500] "GET /sipse/faces/javax.faces.resource/layout/layout.css?ln=primefaces&v=4.0 HTTP/1.1" 304 -
190.158.100.67 - - [20/Mar/2024:06:36:25 -0500] "GET /sipse/faces/javax.faces.resource/primefaces.js?ln=primefaces&v=4.0 HTTP/1.1" 304 -
190.158.100.67 - - [20/Mar/2024:06:36:25 -0500] "GET /sipse/faces/javax.faces.resource/jquery/jquery-plugins.js?ln=primefaces&v=4.0 HTTP/1.1" 304 -
190.158.100.67 - - [20/Mar/2024:06:36:25 -0500] "GET /sipse/faces/javax.faces.resource/layout/layout.js?ln=primefaces&v=4.0 HTTP/1.1" 304 -
190.158.100.67 - - [20/Mar/2024:06:36:24 -0500] "POST /sipse/faces/presentacion/financiero/estudioPrevio/personalSolicitado/personalSolicitadoSolicitudProceso.xhtml HTTP/1.1" 200 175940
190.158.100.67 - - [20/Mar/2024:06:36:31 -0500] "POST /sipse/faces/presentacion/financiero/solicitudProceso/consultarSolicitudProceso.xhtml HTTP/1.1" 200 21232
190.158.100.67 - - [20/Mar/2024:06:36:31 -0500] "GET /sipse/faces/javax.faces.resource/theme.css?ln=primefaces-sipse HTTP/1.1" 304 -
190.158.100.67 - - [20/Mar/2024:06:36:31 -0500] "GET /sipse/faces/javax.faces.resource/primefaces.css?ln=primefaces&v=4.0 HTTP/1.1" 304 -
190.158.100.67 - - [20/Mar/2024:06:36:31 -0500] "GET /sipse/faces/javax.faces.resource/layout/layout.js?ln=primefaces&v=4.0 HTTP/1.1" 304 -
190.158.100.67 - - [20/Mar/2024:06:36:31 -0500] "GET /sipse/faces/javax.faces.resource/layout/layout.css?ln=primefaces&v=4.0 HTTP/1.1" 304 -
190.158.100.67 - - [20/Mar/2024:06:36:31 -0500] "GET /sipse/faces/javax.faces.resource/jquery/jquery-plugins.js?ln=primefaces&v=4.0 HTTP/1.1" 304 -
190.158.100.67 - - [20/Mar/2024:06:36:31 -0500] "GET /sipse/faces/javax.faces.resource/jquery/jquery.js?ln=primefaces&v=4.0 HTTP/1.1" 304 -
190.158.100.67 - - [20/Mar/2024:06:36:31 -0500] "GET /sipse/faces/javax.faces.resource/primefaces.js?ln=primefaces&v=4.0 HTTP/1.1" 304 -
190.158.100.67 - - [20/Mar/2024:06:36:31 -0500] "GET /sipse/faces/javax.faces.resource/fileupload/fileupload.css?ln=primefaces&v=4.0 HTTP/1.1" 304 -
190.158.100.67 - - [20/Mar/2024:06:36:31 -0500] "GET /sipse/faces/javax.faces.resource/fileupload/fileupload.js?ln=primefaces&v=4.0 HTTP/1.1" 304 -
190.158.100.67 - - [20/Mar/2024:06:36:41 -0500] "GET /sipse/faces/javax.faces.resource/theme.css?ln=primefaces-sipse HTTP/1.1" 304 -
190.158.100.67 - - [20/Mar/2024:06:36:41 -0500] "GET /sipse/faces/javax.faces.resource/primefaces.css?ln=primefaces&v=4.0 HTTP/1.1" 304 -
190.158.100.67 - - [20/Mar/2024:06:36:41 -0500] "GET /sipse/faces/javax.faces.resource/layout/layout.css?ln=primefaces&v=4.0 HTTP/1.1" 304 -
190.158.100.67 - - [20/Mar/2024:06:36:41 -0500] "GET /sipse/faces/javax.faces.resource/jquery/jquery.js?ln=primefaces&v=4.0 HTTP/1.1" 304 -
190.158.100.67 - - [20/Mar/2024:06:36:41 -0500] "GET /sipse/faces/javax.faces.resource/primefaces.js?ln=primefaces&v=4.0 HTTP/1.1" 304 -
190.158.100.67 - - [20/Mar/2024:06:36:41 -0500] "GET /sipse/faces/javax.faces.resource/jquery/jquery-plugins.js?ln=primefaces&v=4.0 HTTP/1.1" 304 -
190.158.100.67 - - [20/Mar/2024:06:36:41 -0500] "GET /sipse/faces/javax.faces.resource/layout/layout.js?ln=primefaces&v=4.0 HTTP/1.1" 304 -
190.158.100.67 - - [20/Mar/2024:06:36:41 -0500] "POST /sipse/faces/presentacion/sistema/anexos/cargarAnexoSolicitudProceso.xhtml HTTP/1.1" 200 177624
190.158.100.67 - - [20/Mar/2024:06:36:44 -0500] "POST /sipse/faces/presentacion/financiero/solicitudProceso/consultarSolicitudProceso.xhtml HTTP/1.1" 200 21232
190.158.100.67 - - [20/Mar/2024:06:36:45 -0500] "GET /sipse/faces/javax.faces.resource/theme.css?ln=primefaces-sipse HTTP/1.1" 304 -
190.158.100.67 - - [20/Mar/2024:06:36:45 -0500] "GET /sipse/faces/javax.faces.resource/primefaces.css?ln=primefaces&v=4.0 HTTP/1.1" 304 -
190.158.100.67 - - [20/Mar/2024:06:36:45 -0500] "GET /sipse/faces/javax.faces.resource/layout/layout.css?ln=primefaces&v=4.0 HTTP/1.1" 304 -
190.158.100.67 - - [20/Mar/2024:06:36:45 -0500] "GET /sipse/faces/javax.faces.resource/jquery/jquery-plugins.js?ln=primefaces&v=4.0 HTTP/1.1" 304 -
190.158.100.67 - - [20/Mar/2024:06:36:45 -0500] "GET /sipse/faces/javax.faces.resource/jquery/jquery.js?ln=primefaces&v=4.0 HTTP/1.1" 304 -
190.158.100.67 - - [20/Mar/2024:06:36:45 -0500] "GET /sipse/faces/javax.faces.resource/fileupload/fileupload.css?ln=primefaces&v=4.0 HTTP/1.1" 304 -
190.158.100.67 - - [20/Mar/2024:06:36:45 -0500] "GET /sipse/faces/javax.faces.resource/fileupload/fileupload.js?ln=primefaces&v=4.0 HTTP/1.1" 304 -
190.158.100.67 - - [20/Mar/2024:06:36:45 -0500] "GET /sipse/faces/javax.faces.resource/layout/layout.js?ln=primefaces&v=4.0 HTTP/1.1" 304 -
190.158.100.67 - - [20/Mar/2024:06:36:45 -0500] "GET /sipse/faces/javax.faces.resource/primefaces.js?ln=primefaces&v=4.0 HTTP/1.1" 304 -
66.249.66.21 - - [20/Mar/2024:06:36:53 -0500] "GET /BLA/resoluciones/RESOLUCIONES%202009/0291.pdf HTTP/1.1" 200 562301
201.245.192.253 - - [20/Mar/2024:06:36:55 -0500] "POST /kwsrmcab/Wsrmcab  HTTP/1.1" 200 37499
190.158.100.67 - - [20/Mar/2024:06:37:00 -0500] "GET /sipse/faces/javax.faces.resource/primefaces.css?ln=primefaces&v=4.0 HTTP/1.1" 304 -
190.158.100.67 - - [20/Mar/2024:06:37:00 -0500] "GET /sipse/faces/javax.faces.resource/theme.css?ln=primefaces-sipse HTTP/1.1" 304 -
190.158.100.67 - - [20/Mar/2024:06:37:00 -0500] "GET /sipse/faces/javax.faces.resource/layout/layout.css?ln=primefaces&v=4.0 HTTP/1.1" 304 -
190.158.100.67 - - [20/Mar/2024:06:37:00 -0500] "GET /sipse/faces/javax.faces.resource/jquery/jquery.js?ln=primefaces&v=4.0 HTTP/1.1" 304 -
190.158.100.67 - - [20/Mar/2024:06:37:00 -0500] "GET /sipse/faces/javax.faces.resource/jquery/jquery-plugins.js?ln=primefaces&v=4.0 HTTP/1.1" 304 -
190.158.100.67 - - [20/Mar/2024:06:37:00 -0500] "GET /sipse/faces/javax.faces.resource/layout/layout.js?ln=primefaces&v=4.0 HTTP/1.1" 304 -
190.158.100.67 - - [20/Mar/2024:06:37:00 -0500] "GET /sipse/faces/javax.faces.resource/primefaces.js?ln=primefaces&v=4.0 HTTP/1.1" 304 -
190.158.100.67 - - [20/Mar/2024:06:36:59 -0500] "POST /sipse/faces/presentacion/sistema/anexos/cargarAnexoSolicitudProceso.xhtml HTTP/1.1" 200 179424
190.158.100.67 - - [20/Mar/2024:06:37:10 -0500] "POST /sipse/faces/presentacion/financiero/solicitudProceso/consultarSolicitudProceso.xhtml HTTP/1.1" 200 65595
190.158.100.67 - - [20/Mar/2024:06:37:13 -0500] "GET /sipse/faces/javax.faces.resource/theme.css?ln=primefaces-sipse HTTP/1.1" 304 -
190.158.100.67 - - [20/Mar/2024:06:37:13 -0500] "GET /sipse/faces/javax.faces.resource/primefaces.css?ln=primefaces&v=4.0 HTTP/1.1" 304 -
190.158.100.67 - - [20/Mar/2024:06:37:13 -0500] "GET /sipse/faces/javax.faces.resource/layout/layout.css?ln=primefaces&v=4.0 HTTP/1.1" 304 -
190.158.100.67 - - [20/Mar/2024:06:37:13 -0500] "GET /sipse/faces/javax.faces.resource/jquery/jquery.js?ln=primefaces&v=4.0 HTTP/1.1" 304 -
190.158.100.67 - - [20/Mar/2024:06:37:13 -0500] "GET /sipse/faces/javax.faces.resource/jquery/jquery-plugins.js?ln=primefaces&v=4.0 HTTP/1.1" 304 -
190.158.100.67 - - [20/Mar/2024:06:37:13 -0500] "GET /sipse/faces/javax.faces.resource/primefaces.js?ln=primefaces&v=4.0 HTTP/1.1" 304 -
190.158.100.67 - - [20/Mar/2024:06:37:13 -0500] "GET /sipse/faces/javax.faces.resource/layout/layout.js?ln=primefaces&v=4.0 HTTP/1.1" 304 -
190.158.100.67 - - [20/Mar/2024:06:37:13 -0500] "POST /sipse/faces/presentacion/financiero/solicitudProceso/listarSolicitudProceso.xhtml HTTP/1.1" 200 1556
66.249.66.19 - - [20/Mar/2024:06:37:28 -0500] "GET /BLA/resoluciones/RESOLUCIONES%202009/3501.pdf HTTP/1.1" 200 697486
172.22.2.4 - - [20/Mar/2024:06:36:09 -0500] "HEAD /BLA/boletinlegal/ HTTP/1.1" 200 -
173.252.107.111 - - [20/Mar/2024:06:38:27 -0500] "GET /bogota-inicia-la-semana-con-buenas-condiciones-de-calidad-del-aire.html HTTP/1.1" 200 960
172.22.2.4 - - [20/Mar/2024:06:37:00 -0500] "GET /BLA/boletinlegal/ HTTP/1.1" 200 57889
201.245.192.253 - - [20/Mar/2024:06:39:04 -0500] "POST /kwsrmcab/Wsrmcab HTTP/1.1" 200 37054
201.245.192.253 - - [20/Mar/2024:06:39:07 -0500] "POST /kwsrmcab/Wsrmcab HTTP/1.1" 200 37921
216.245.221.92 - - [20/Mar/2024:06:39:14 -0500] "HEAD / HTTP/1.1" 200 -
172.22.2.4 - - [20/Mar/2024:06:39:21 -0500] "GET /BLA/boletinlegal/Directivas/2022/DIRECTIVA%20No.%2000001%20DEL%2015%20DE%20JUNIO%20DEL%202022.pdf HTTP/1.1" 304 -
172.22.2.4 - - [20/Mar/2024:06:39:21 -0500] "GET /BLA/boletinlegal/robots.txt HTTP/1.1" 404 1037
201.245.192.253 - - [20/Mar/2024:06:39:36 -0500] "POST /kwsrmcab/Wsrmcab HTTP/1.1" 200 37201
172.22.2.4 - - [20/Mar/2024:06:38:11 -0500] "HEAD /BLA/boletinlegal/ HTTP/1.1" 200 -
172.22.2.4 - - [20/Mar/2024:06:38:52 -0500] "GET /BLA/boletinlegal/ HTTP/1.1" 200 59967
201.245.192.253 - - [20/Mar/2024:06:40:42 -0500] "POST /kwsrmcab/Wsrmcab HTTP/1.1" 200 37921
172.22.2.4 - - [20/Mar/2024:06:41:11 -0500] "GET /BLA/boletinlegal/ HTTP/1.1" 200 24523
201.245.192.253 - - [20/Mar/2024:06:41:54 -0500] "POST /kwsrmcab/Wsrmcab  HTTP/1.1" 200 37499
117.233.198.78 - - [20/Mar/2024:06:42:56 -0500] "GET / HTTP/1.1" 200 319
172.22.2.4 - - [20/Mar/2024:06:41:59 -0500] "HEAD /BLA/boletinlegal/ HTTP/1.1" 200 -
66.249.66.167 - - [20/Mar/2024:06:43:46 -0500] "GET /portaldeninos/2021/06/11/festival-de-la-colombiodiversidad-resalta-la-importancia-de-la-tingua-en-su-paso-migratorio-por-bogota-2/ HTTP/1.1" 200 106247
216.245.221.92 - - [20/Mar/2024:06:44:14 -0500] "HEAD / HTTP/1.1" 200 -
172.22.2.4 - - [20/Mar/2024:06:42:50 -0500] "GET /BLA/boletinlegal/ HTTP/1.1" 200 53419
66.249.66.19 - - [20/Mar/2024:06:46:40 -0500] "GET /BLA/resoluciones/RESOLUCIONES%202009/0159.pdf HTTP/1.1" 200 190105
52.22.236.30 - - [20/Mar/2024:06:46:54 -0500] "HEAD / HTTP/1.1" 200 -
201.245.192.253 - - [20/Mar/2024:06:46:53 -0500] "POST /kwsrmcab/Wsrmcab  HTTP/1.1" 200 37499
66.249.66.167 - - [20/Mar/2024:06:47:11 -0500] "GET /portaldeninos/wp-includes/js/jquery/ui/widget.min.js?ver=1.11.4 HTTP/1.1" 200 6908
66.249.66.20 - - [20/Mar/2024:06:48:43 -0500] "GET /BLA/resoluciones/RESOLUCIONES%202007/RES%202007%20301%20AL%20400/RESOLUCION%200374%20DE%202007.pdf HTTP/1.1" 200 391014
66.249.66.19 - - [20/Mar/2024:06:48:59 -0500] "GET /BLA/resoluciones/RESOLUCIONES%202009/0150.pdf HTTP/1.1" 200 289740
162.55.165.184 - - [20/Mar/2024:06:49:07 -0500] "GET / HTTP/1.1" 200 4720
181.53.14.142 - - [20/Mar/2024:06:49:14 -0500] "GET /sipse/faces/javax.faces.resource/theme.css?ln=primefaces-sipse HTTP/1.1" 304 -
181.53.14.142 - - [20/Mar/2024:06:49:14 -0500] "GET /sipse/faces/javax.faces.resource/primefaces.css?ln=primefaces&v=4.0 HTTP/1.1" 304 -
181.53.14.142 - - [20/Mar/2024:06:49:14 -0500] "GET /sipse/faces/javax.faces.resource/layout/layout.css?ln=primefaces&v=4.0 HTTP/1.1" 304 -
181.53.14.142 - - [20/Mar/2024:06:49:14 -0500] "GET /sipse/faces/javax.faces.resource/jquery/jquery.js?ln=primefaces&v=4.0 HTTP/1.1" 304 -
181.53.14.142 - - [20/Mar/2024:06:49:14 -0500] "GET /sipse/faces/javax.faces.resource/jquery/jquery-plugins.js?ln=primefaces&v=4.0 HTTP/1.1" 304 -
181.53.14.142 - - [20/Mar/2024:06:49:14 -0500] "GET /sipse/faces/javax.faces.resource/primefaces.js?ln=primefaces&v=4.0 HTTP/1.1" 304 -
216.245.221.92 - - [20/Mar/2024:06:49:14 -0500] "HEAD / HTTP/1.1" 200 -
181.53.14.142 - - [20/Mar/2024:06:49:14 -0500] "GET /sipse/faces/javax.faces.resource/layout/layout.js?ln=primefaces&v=4.0 HTTP/1.1" 304 -
181.53.14.142 - - [20/Mar/2024:06:49:14 -0500] "GET /sipse/faces/javax.faces.resource/images/ui-icons_898989_256x240.png?ln=primefaces-aristo HTTP/1.1" 304 -
181.53.14.142 - - [20/Mar/2024:06:49:14 -0500] "GET /sipse/faces/faces/faces/index.xhtml HTTP/1.1" 200 677
181.53.14.142 - - [20/Mar/2024:06:49:14 -0500] "GET /sipse/faces/javax.faces.resource/theme.css?ln=primefaces-sipse HTTP/1.1" 304 -
181.53.14.142 - - [20/Mar/2024:06:49:15 -0500] "GET /sipse/faces/faces/faces/faces/autenticacion.xhtml HTTP/1.1" 200 12406
181.53.14.142 - - [20/Mar/2024:06:49:15 -0500] "GET /sipse/faces/javax.faces.resource/theme.css?ln=primefaces-sipse HTTP/1.1" 304 -
181.53.14.142 - - [20/Mar/2024:06:49:15 -0500] "GET /sipse/faces/javax.faces.resource/primefaces.css?ln=primefaces&v=4.0 HTTP/1.1" 304 -
181.53.14.142 - - [20/Mar/2024:06:49:15 -0500] "GET /sipse/faces/javax.faces.resource/layout/layout.css?ln=primefaces&v=4.0 HTTP/1.1" 304 -
181.53.14.142 - - [20/Mar/2024:06:49:15 -0500] "GET /sipse/faces/javax.faces.resource/jquery/jquery.js?ln=primefaces&v=4.0 HTTP/1.1" 304 -
181.53.14.142 - - [20/Mar/2024:06:49:15 -0500] "GET /sipse/faces/javax.faces.resource/jquery/jquery-plugins.js?ln=primefaces&v=4.0 HTTP/1.1" 304 -
181.53.14.142 - - [20/Mar/2024:06:49:15 -0500] "GET /sipse/faces/javax.faces.resource/primefaces.js?ln=primefaces&v=4.0 HTTP/1.1" 304 -
181.53.14.142 - - [20/Mar/2024:06:49:15 -0500] "GET /sipse/faces/javax.faces.resource/layout/layout.js?ln=primefaces&v=4.0 HTTP/1.1" 304 -
181.53.14.142 - - [20/Mar/2024:06:49:15 -0500] "GET /sipse/faces/javax.faces.resource/theme.css?ln=primefaces-sipse HTTP/1.1" 304 -
181.53.14.142 - - [20/Mar/2024:06:49:15 -0500] "GET /sipse/faces/faces/faces/autenticacion.xhtml HTTP/1.1" 200 12406
181.53.14.142 - - [20/Mar/2024:06:49:19 -0500] "GET /sipse/faces/javax.faces.resource/primefaces.css?ln=primefaces&v=4.0 HTTP/1.1" 304 -
181.53.14.142 - - [20/Mar/2024:06:49:19 -0500] "GET /sipse/faces/javax.faces.resource/theme.css?ln=primefaces-sipse HTTP/1.1" 304 -
181.53.14.142 - - [20/Mar/2024:06:49:19 -0500] "GET /sipse/faces/javax.faces.resource/layout/layout.css?ln=primefaces&v=4.0 HTTP/1.1" 304 -
181.53.14.142 - - [20/Mar/2024:06:49:19 -0500] "GET /sipse/faces/javax.faces.resource/jquery/jquery.js?ln=primefaces&v=4.0 HTTP/1.1" 304 -
181.53.14.142 - - [20/Mar/2024:06:49:19 -0500] "GET /sipse/faces/javax.faces.resource/jquery/jquery-plugins.js?ln=primefaces&v=4.0 HTTP/1.1" 304 -
181.53.14.142 - - [20/Mar/2024:06:49:19 -0500] "GET /sipse/faces/javax.faces.resource/primefaces.js?ln=primefaces&v=4.0 HTTP/1.1" 304 -
