201.245.192.253 - - [20/Mar/2024:08:35:01 -0500] "GET /sipse/faces/javax.faces.resource/primefaces.css?ln=primefaces&v=4.0 HTTP/1.1" 304 -
201.245.192.253 - - [20/Mar/2024:08:35:01 -0500] "GET /sipse/faces/javax.faces.resource/primefaces.js?ln=primefaces&v=4.0 HTTP/1.1" 304 -
201.245.192.253 - - [20/Mar/2024:08:35:01 -0500] "GET /sipse/faces/javax.faces.resource/images/ui-icons_898989_256x240.png?ln=primefaces-aristo HTTP/1.1" 304 -
201.245.192.253 - - [20/Mar/2024:08:35:04 -0500] "POST /sipse/faces/autenticacion.xhtml HTTP/1.1" 200 2220
201.245.192.253 - - [20/Mar/2024:08:35:05 -0500] "GET /sipse/faces/javax.faces.resource/messages/messages.png?ln=primefaces&v=4.0 HTTP/1.1" 304 -
201.245.192.253 - - [20/Mar/2024:08:35:08 -0500] "POST /sipse/faces/autenticacion.xhtml HTTP/1.1" 200 16474
201.245.192.253 - - [20/Mar/2024:08:35:09 -0500] "GET /sipse/faces/javax.faces.resource/theme.css?ln=primefaces-sipse HTTP/1.1" 304 -
201.245.192.253 - - [20/Mar/2024:08:35:09 -0500] "GET /sipse/faces/javax.faces.resource/primefaces.css?ln=primefaces&v=4.0 HTTP/1.1" 304 -
201.245.192.253 - - [20/Mar/2024:08:35:09 -0500] "GET /sipse/faces/javax.faces.resource/layout/layout.css?ln=primefaces&v=4.0 HTTP/1.1" 304 -
201.245.192.253 - - [20/Mar/2024:08:35:09 -0500] "GET /sipse/faces/javax.faces.resource/jquery/jquery.js?ln=primefaces&v=4.0 HTTP/1.1" 304 -
201.245.192.253 - - [20/Mar/2024:08:35:09 -0500] "GET /sipse/faces/javax.faces.resource/jquery/jquery-plugins.js?ln=primefaces&v=4.0 HTTP/1.1" 304 -
201.245.192.253 - - [20/Mar/2024:08:35:09 -0500] "GET /sipse/faces/javax.faces.resource/primefaces.js?ln=primefaces&v=4.0 HTTP/1.1" 304 -
201.245.192.253 - - [20/Mar/2024:08:35:09 -0500] "GET /sipse/faces/javax.faces.resource/layout/layout.js?ln=primefaces&v=4.0 HTTP/1.1" 304 -
201.245.192.253 - - [20/Mar/2024:08:35:09 -0500] "GET /sipse/css/imagen/contrasena.png HTTP/1.1" 404 383
181.53.14.142 - - [20/Mar/2024:08:35:05 -0500] "POST /sipse/faces/presentacion/financiero/solicitudProceso/consultarSolicitudProceso.xhtml HTTP/1.1" 200 5514
201.245.192.253 - - [20/Mar/2024:08:35:18 -0500] "POST /forms/lservlet;jsessionid=ac16012b30d61aff71fa34ac405d99d9c4d551ba1c6a.e3iSbxaKaheRe3iNc3uNbNmQay1ynknvrkLOlQzNp65In0 HTTP/1.1" 200 2
172.22.2.4 - - [20/Mar/2024:08:33:39 -0500] "GET /BLA/boletinlegal/ HTTP/1.1" 200 58720
201.245.192.253 - - [20/Mar/2024:08:35:26 -0500] "GET /sipse/faces/javax.faces.resource/images/ui-bg_flat_0_2d5972_40x100.png?ln=primefaces-aristo HTTP/1.1" 304 -
201.245.192.253 - - [20/Mar/2024:08:35:26 -0500] "POST /sipse/faces/bienvenido.xhtml HTTP/1.1" 200 2073
201.234.181.227 - - [20/Mar/2024:08:32:30 -0500] "POST /sipse/faces/presentacion/financiero/solicitudProceso/consultarSolicitudProceso.xhtml HTTP/1.1" 200 15776
186.155.251.68 - - [20/Mar/2024:08:35:40 -0500] "GET /sipse/faces/faces/autenticacion.xhtml HTTP/1.1" 200 12728
201.245.192.253 - - [20/Mar/2024:08:35:27 -0500] "POST /sipse/faces/bienvenido.xhtml HTTP/1.1" 200 39101
201.245.192.253 - - [20/Mar/2024:08:35:42 -0500] "GET /sipse/faces/javax.faces.resource/theme.css?ln=primefaces-sipse HTTP/1.1" 304 -
201.245.192.253 - - [20/Mar/2024:08:35:42 -0500] "GET /sipse/faces/javax.faces.resource/layout/layout.css?ln=primefaces&v=4.0 HTTP/1.1" 304 -
201.245.192.253 - - [20/Mar/2024:08:35:42 -0500] "GET /sipse/faces/javax.faces.resource/primefaces.css?ln=primefaces&v=4.0 HTTP/1.1" 304 -
201.245.192.253 - - [20/Mar/2024:08:35:42 -0500] "GET /sipse/faces/javax.faces.resource/jquery/jquery.js?ln=primefaces&v=4.0 HTTP/1.1" 304 -
201.245.192.253 - - [20/Mar/2024:08:35:42 -0500] "GET /sipse/faces/javax.faces.resource/jquery/jquery-plugins.js?ln=primefaces&v=4.0 HTTP/1.1" 304 -
201.245.192.253 - - [20/Mar/2024:08:35:42 -0500] "GET /sipse/faces/javax.faces.resource/primefaces.js?ln=primefaces&v=4.0 HTTP/1.1" 304 -
201.245.192.253 - - [20/Mar/2024:08:35:42 -0500] "GET /sipse/faces/javax.faces.resource/layout/layout.js?ln=primefaces&v=4.0 HTTP/1.1" 304 -
186.155.251.68 - - [20/Mar/2024:08:35:42 -0500] "GET /sipse/css/custom_css_sg_prime_login.css HTTP/1.1" 200 443
186.155.251.68 - - [20/Mar/2024:08:35:42 -0500] "GET /sipse/css/custom_css_sg.css HTTP/1.1" 200 9694
186.155.251.68 - - [20/Mar/2024:08:35:42 -0500] "GET /sipse/faces/javax.faces.resource/theme.css?ln=primefaces-sipse HTTP/1.1" 200 50058
201.245.192.253 - - [20/Mar/2024:08:35:47 -0500] "POST /sipse/faces/presentacion/financiero/solicitudProceso/consultar.xhtml HTTP/1.1" 200 12802
201.245.192.253 - - [20/Mar/2024:08:35:48 -0500] "POST /sipse/faces/presentacion/financiero/solicitudProceso/listarSolicitudProceso.xhtml HTTP/1.1" 200 28128
201.245.192.253 - - [20/Mar/2024:08:35:50 -0500] "POST /sipse/faces/presentacion/financiero/solicitudProceso/listarSolicitudProceso.xhtml HTTP/1.1" 200 28128
186.155.251.68 - - [20/Mar/2024:08:35:52 -0500] "GET /sipse/faces/javax.faces.resource/layout/layout.css;jsessionid=IdL1FD8uwtMMKEkUJxsU1HhG.undefined?ln=primefaces&v=4.0 HTTP/1.1" 200 542
186.155.251.68 - - [20/Mar/2024:08:35:52 -0500] "GET /sipse/faces/javax.faces.resource/jquery/jquery.js;jsessionid=IdL1FD8uwtMMKEkUJxsU1HhG.undefined?ln=primefaces&v=4.0 HTTP/1.1" 200 105384
186.155.251.68 - - [20/Mar/2024:08:35:52 -0500] "GET /sipse/faces/javax.faces.resource/layout/layout.js;jsessionid=IdL1FD8uwtMMKEkUJxsU1HhG.undefined?ln=primefaces&v=4.0 HTTP/1.1" 200 87560
186.155.251.68 - - [20/Mar/2024:08:35:52 -0500] "GET /sipse/faces/javax.faces.resource/jquery/jquery-plugins.js;jsessionid=IdL1FD8uwtMMKEkUJxsU1HhG.undefined?ln=primefaces&v=4.0 HTTP/1.1" 200 220526
186.155.251.68 - - [20/Mar/2024:08:35:52 -0500] "GET /sipse/faces/javax.faces.resource/primefaces.js;jsessionid=IdL1FD8uwtMMKEkUJxsU1HhG.undefined?ln=primefaces&v=4.0 HTTP/1.1" 200 276924
186.155.251.68 - - [20/Mar/2024:08:35:52 -0500] "GET /sipse/faces/javax.faces.resource/primefaces.css;jsessionid=IdL1FD8uwtMMKEkUJxsU1HhG.undefined?ln=primefaces&v=4.0 HTTP/1.1" 200 53295
201.245.192.253 - - [20/Mar/2024:08:35:51 -0500] "POST /sipse/faces/presentacion/financiero/solicitudProceso/listarSolicitudProceso.xhtml HTTP/1.1" 200 1392
186.155.251.68 - - [20/Mar/2024:08:35:55 -0500] "GET /favicon.ico HTTP/1.1" 200 7782
201.245.192.253 - - [20/Mar/2024:08:35:54 -0500] "POST /sipse/faces/presentacion/financiero/solicitudProceso/listarSolicitudProceso.xhtml HTTP/1.1" 200 1388
186.155.251.68 - - [20/Mar/2024:08:35:57 -0500] "GET /sipse/css/imagen/loginimg.png HTTP/1.1" 200 71635
186.155.251.68 - - [20/Mar/2024:08:35:57 -0500] "GET /sipse/css/imagen/logoSDG.png HTTP/1.1" 200 53064
186.155.251.68 - - [20/Mar/2024:08:35:57 -0500] "GET /sipse/faces/javax.faces.resource/images/ui-icons_898989_256x240.png?ln=primefaces-aristo HTTP/1.1" 200 5355
201.245.192.253 - - [20/Mar/2024:08:35:56 -0500] "POST /sipse/faces/presentacion/financiero/solicitudProceso/listarSolicitudProceso.xhtml HTTP/1.1" 200 13712
186.155.251.68 - - [20/Mar/2024:08:35:59 -0500] "GET /sipse/faces/faces/index.xhtml HTTP/1.1" 200 677
186.155.251.68 - - [20/Mar/2024:08:35:59 -0500] "GET /sipse/faces/javax.faces.resource/theme.css?ln=primefaces-sipse HTTP/1.1" 304 -
186.155.251.68 - - [20/Mar/2024:08:35:59 -0500] "GET /sipse/faces/faces/faces/autenticacion.xhtml HTTP/1.1" 200 12406
186.155.251.68 - - [20/Mar/2024:08:36:00 -0500] "GET /sipse/faces/javax.faces.resource/theme.css?ln=primefaces-sipse HTTP/1.1" 304 -
186.155.251.68 - - [20/Mar/2024:08:36:00 -0500] "GET /sipse/faces/javax.faces.resource/layout/layout.css?ln=primefaces&v=4.0 HTTP/1.1" 200 542
186.155.251.68 - - [20/Mar/2024:08:36:00 -0500] "GET /sipse/faces/javax.faces.resource/primefaces.css?ln=primefaces&v=4.0 HTTP/1.1" 200 53295
201.245.192.253 - - [20/Mar/2024:08:36:00 -0500] "POST /sipse/faces/autenticacion.xhtml HTTP/1.1" 200 2220
201.245.192.253 - - [20/Mar/2024:08:36:03 -0500] "POST /sipse/faces/autenticacion.xhtml HTTP/1.1" 200 16474
201.245.192.253 - - [20/Mar/2024:08:36:04 -0500] "GET /sipse/faces/javax.faces.resource/theme.css?ln=primefaces-sipse HTTP/1.1" 304 -
201.245.192.253 - - [20/Mar/2024:08:36:04 -0500] "GET /sipse/faces/javax.faces.resource/layout/layout.css?ln=primefaces&v=4.0 HTTP/1.1" 304 -
201.245.192.253 - - [20/Mar/2024:08:36:04 -0500] "GET /sipse/faces/javax.faces.resource/primefaces.css?ln=primefaces&v=4.0 HTTP/1.1" 304 -
201.245.192.253 - - [20/Mar/2024:08:36:04 -0500] "GET /sipse/faces/javax.faces.resource/jquery/jquery.js?ln=primefaces&v=4.0 HTTP/1.1" 304 -
201.245.192.253 - - [20/Mar/2024:08:36:04 -0500] "GET /sipse/faces/javax.faces.resource/jquery/jquery-plugins.js?ln=primefaces&v=4.0 HTTP/1.1" 304 -
201.245.192.253 - - [20/Mar/2024:08:36:04 -0500] "GET /sipse/faces/javax.faces.resource/primefaces.js?ln=primefaces&v=4.0 HTTP/1.1" 304 -
201.245.192.253 - - [20/Mar/2024:08:36:04 -0500] "GET /sipse/faces/javax.faces.resource/layout/layout.js?ln=primefaces&v=4.0 HTTP/1.1" 304 -
201.245.192.253 - - [20/Mar/2024:08:36:04 -0500] "POST /sipse/faces/bienvenido.xhtml HTTP/1.1" 200 732
201.245.192.253 - - [20/Mar/2024:08:36:06 -0500] "POST /sipse/faces/bienvenido.xhtml HTTP/1.1" 200 2658
201.245.192.253 - - [20/Mar/2024:08:36:08 -0500] "POST /sipse/faces/bienvenido.xhtml HTTP/1.1" 200 2073
186.155.251.68 - - [20/Mar/2024:08:36:10 -0500] "GET /sipse/faces/javax.faces.resource/jquery/jquery.js?ln=primefaces&v=4.0 HTTP/1.1" 304 -
186.155.251.68 - - [20/Mar/2024:08:36:10 -0500] "GET /sipse/faces/javax.faces.resource/jquery/jquery-plugins.js?ln=primefaces&v=4.0 HTTP/1.1" 304 -
186.155.251.68 - - [20/Mar/2024:08:36:10 -0500] "GET /sipse/faces/javax.faces.resource/primefaces.js?ln=primefaces&v=4.0 HTTP/1.1" 304 -
186.155.251.68 - - [20/Mar/2024:08:36:10 -0500] "GET /sipse/faces/javax.faces.resource/layout/layout.js?ln=primefaces&v=4.0 HTTP/1.1" 304 -
186.155.251.68 - - [20/Mar/2024:08:36:14 -0500] "GET /sipse/faces/javax.faces.resource/images/ui-icons_898989_256x240.png?ln=primefaces-aristo HTTP/1.1" 304 -
201.245.192.253 - - [20/Mar/2024:08:36:05 -0500] "POST /sipse/faces/presentacion/financiero/solicitudProceso/listarSolicitudProceso.xhtml HTTP/1.1" 200 153020
201.245.192.253 - - [20/Mar/2024:08:36:18 -0500] "GET /sipse/faces/javax.faces.resource/primefaces.css?ln=primefaces&v=4.0 HTTP/1.1" 304 -
201.245.192.253 - - [20/Mar/2024:08:36:18 -0500] "GET /sipse/faces/javax.faces.resource/theme.css?ln=primefaces-sipse HTTP/1.1" 304 -
201.245.192.253 - - [20/Mar/2024:08:36:18 -0500] "GET /sipse/faces/javax.faces.resource/layout/layout.css?ln=primefaces&v=4.0 HTTP/1.1" 304 -
201.245.192.253 - - [20/Mar/2024:08:36:18 -0500] "GET /sipse/faces/javax.faces.resource/jquery/jquery.js?ln=primefaces&v=4.0 HTTP/1.1" 304 -
201.245.192.253 - - [20/Mar/2024:08:36:18 -0500] "GET /sipse/faces/javax.faces.resource/jquery/jquery-plugins.js?ln=primefaces&v=4.0 HTTP/1.1" 304 -
201.245.192.253 - - [20/Mar/2024:08:36:18 -0500] "GET /sipse/faces/javax.faces.resource/primefaces.js?ln=primefaces&v=4.0 HTTP/1.1" 304 -
201.245.192.253 - - [20/Mar/2024:08:36:18 -0500] "GET /sipse/faces/javax.faces.resource/layout/layout.js?ln=primefaces&v=4.0 HTTP/1.1" 304 -
201.245.192.253 - - [20/Mar/2024:08:36:21 -0500] "POST /kwsrmcab/Wsrmcab  HTTP/1.1" 200 37499
201.245.192.253 - - [20/Mar/2024:08:36:09 -0500] "POST /sipse/faces/bienvenido.xhtml HTTP/1.1" 200 40859
201.245.192.253 - - [20/Mar/2024:08:36:27 -0500] "GET /sipse/faces/javax.faces.resource/layout/layout.css?ln=primefaces&v=4.0 HTTP/1.1" 304 -
201.245.192.253 - - [20/Mar/2024:08:36:27 -0500] "GET /sipse/faces/javax.faces.resource/theme.css?ln=primefaces-sipse HTTP/1.1" 304 -
201.245.192.253 - - [20/Mar/2024:08:36:27 -0500] "GET /sipse/faces/javax.faces.resource/primefaces.css?ln=primefaces&v=4.0 HTTP/1.1" 304 -
201.245.192.253 - - [20/Mar/2024:08:36:27 -0500] "GET /sipse/faces/javax.faces.resource/jquery/jquery.js?ln=primefaces&v=4.0 HTTP/1.1" 304 -
201.245.192.253 - - [20/Mar/2024:08:36:27 -0500] "GET /sipse/faces/javax.faces.resource/jquery/jquery-plugins.js?ln=primefaces&v=4.0 HTTP/1.1" 304 -
201.245.192.253 - - [20/Mar/2024:08:36:27 -0500] "GET /sipse/faces/javax.faces.resource/primefaces.js?ln=primefaces&v=4.0 HTTP/1.1" 304 -
201.245.192.253 - - [20/Mar/2024:08:36:27 -0500] "GET /sipse/faces/javax.faces.resource/layout/layout.js?ln=primefaces&v=4.0 HTTP/1.1" 304 -
201.245.192.253 - - [20/Mar/2024:08:36:27 -0500] "GET /reportes_sipse/jsp/inicio.jsp HTTP/1.1" 200 2935
201.245.192.253 - - [20/Mar/2024:08:36:25 -0500] "POST /sipse/faces/presentacion/financiero/solicitudProceso/consultarSolicitudProceso.xhtml HTTP/1.1" 200 82138
181.53.14.142 - - [20/Mar/2024:08:36:31 -0500] "POST /sipse/faces/presentacion/financiero/solicitudProceso/consultarSolicitudProceso.xhtml HTTP/1.1" 200 61793
181.53.14.142 - - [20/Mar/2024:08:36:37 -0500] "GET /sipse/faces/javax.faces.resource/theme.css?ln=primefaces-sipse HTTP/1.1" 304 -
181.53.14.142 - - [20/Mar/2024:08:36:37 -0500] "GET /sipse/faces/javax.faces.resource/layout/layout.css?ln=primefaces&v=4.0 HTTP/1.1" 304 -
181.53.14.142 - - [20/Mar/2024:08:36:37 -0500] "GET /sipse/faces/javax.faces.resource/primefaces.css?ln=primefaces&v=4.0 HTTP/1.1" 304 -
181.53.14.142 - - [20/Mar/2024:08:36:37 -0500] "GET /sipse/faces/javax.faces.resource/jquery/jquery.js?ln=primefaces&v=4.0 HTTP/1.1" 304 -
181.53.14.142 - - [20/Mar/2024:08:36:37 -0500] "GET /sipse/faces/javax.faces.resource/jquery/jquery-plugins.js?ln=primefaces&v=4.0 HTTP/1.1" 304 -
181.53.14.142 - - [20/Mar/2024:08:36:37 -0500] "GET /sipse/faces/javax.faces.resource/primefaces.js?ln=primefaces&v=4.0 HTTP/1.1" 304 -
181.53.14.142 - - [20/Mar/2024:08:36:38 -0500] "GET /sipse/faces/javax.faces.resource/layout/layout.js?ln=primefaces&v=4.0 HTTP/1.1" 304 -
181.53.14.142 - - [20/Mar/2024:08:36:38 -0500] "POST /sipse/faces/presentacion/financiero/solicitudProceso/listarSolicitudProceso.xhtml HTTP/1.1" 200 55067
201.245.192.253 - - [20/Mar/2024:08:36:40 -0500] "POST /sipse/faces/presentacion/financiero/solicitudProceso/consultar.xhtml HTTP/1.1" 200 12802
181.53.14.142 - - [20/Mar/2024:08:36:41 -0500] "POST /sipse/faces/presentacion/financiero/solicitudProceso/listarSolicitudProceso.xhtml HTTP/1.1" 200 55067
181.53.14.142 - - [20/Mar/2024:08:36:44 -0500] "POST /sipse/faces/presentacion/financiero/solicitudProceso/listarSolicitudProceso.xhtml HTTP/1.1" 200 55067
181.53.14.142 - - [20/Mar/2024:08:36:46 -0500] "POST /sipse/faces/presentacion/financiero/solicitudProceso/listarSolicitudProceso.xhtml HTTP/1.1" 200 55067
181.53.14.142 - - [20/Mar/2024:08:36:49 -0500] "POST /sipse/faces/presentacion/financiero/solicitudProceso/listarSolicitudProceso.xhtml HTTP/1.1" 200 55067
181.53.14.142 - - [20/Mar/2024:08:36:51 -0500] "POST /sipse/faces/presentacion/financiero/solicitudProceso/listarSolicitudProceso.xhtml HTTP/1.1" 200 55067
181.53.14.142 - - [20/Mar/2024:08:36:54 -0500] "POST /sipse/faces/presentacion/financiero/solicitudProceso/listarSolicitudProceso.xhtml HTTP/1.1" 200 55067
181.53.14.142 - - [20/Mar/2024:08:36:56 -0500] "POST /sipse/faces/presentacion/financiero/solicitudProceso/listarSolicitudProceso.xhtml HTTP/1.1" 200 55067
181.53.14.142 - - [20/Mar/2024:08:36:58 -0500] "POST /sipse/faces/presentacion/financiero/solicitudProceso/listarSolicitudProceso.xhtml HTTP/1.1" 200 1556
181.53.14.142 - - [20/Mar/2024:08:36:59 -0500] "POST /sipse/faces/presentacion/financiero/solicitudProceso/listarSolicitudProceso.xhtml HTTP/1.1" 200 1552
181.53.14.142 - - [20/Mar/2024:08:37:01 -0500] "POST /sipse/faces/presentacion/financiero/solicitudProceso/listarSolicitudProceso.xhtml HTTP/1.1" 200 1564
186.155.251.68 - - [20/Mar/2024:08:37:02 -0500] "POST /sipse/faces/autenticacion.xhtml HTTP/1.1" 200 16290
186.155.251.68 - - [20/Mar/2024:08:37:03 -0500] "GET /sipse/css/custom_css_sg_prime.css HTTP/1.1" 200 5201
181.53.14.142 - - [20/Mar/2024:08:37:03 -0500] "POST /sipse/faces/presentacion/financiero/solicitudProceso/listarSolicitudProceso.xhtml HTTP/1.1" 200 1552
181.53.14.142 - - [20/Mar/2024:08:37:05 -0500] "POST /sipse/faces/presentacion/financiero/solicitudProceso/listarSolicitudProceso.xhtml HTTP/1.1" 200 1564
181.53.14.142 - - [20/Mar/2024:08:37:06 -0500] "POST /sipse/faces/presentacion/financiero/solicitudProceso/listarSolicitudProceso.xhtml HTTP/1.1" 200 1552
181.53.14.142 - - [20/Mar/2024:08:37:08 -0500] "POST /sipse/faces/presentacion/financiero/solicitudProceso/listarSolicitudProceso.xhtml HTTP/1.1" 200 1564
181.53.14.142 - - [20/Mar/2024:08:37:09 -0500] "POST /sipse/faces/presentacion/financiero/solicitudProceso/listarSolicitudProceso.xhtml HTTP/1.1" 200 1552
181.53.14.142 - - [20/Mar/2024:08:37:11 -0500] "POST /sipse/faces/presentacion/financiero/solicitudProceso/listarSolicitudProceso.xhtml HTTP/1.1" 200 1564
186.155.251.68 - - [20/Mar/2024:08:37:13 -0500] "GET /sipse/faces/javax.faces.resource/jquery/jquery.js?ln=primefaces&v=4.0 HTTP/1.1" 304 -
186.155.251.68 - - [20/Mar/2024:08:37:15 -0500] "GET /sipse/faces/javax.faces.resource/jquery/jquery-plugins.js?ln=primefaces&v=4.0 HTTP/1.1" 304 -
186.155.251.68 - - [20/Mar/2024:08:37:16 -0500] "GET /sipse/faces/javax.faces.resource/primefaces.js?ln=primefaces&v=4.0 HTTP/1.1" 304 -
186.155.251.68 - - [20/Mar/2024:08:37:17 -0500] "GET /sipse/faces/javax.faces.resource/layout/layout.js?ln=primefaces&v=4.0 HTTP/1.1" 304 -
186.155.251.68 - - [20/Mar/2024:08:37:17 -0500] "GET /sipse/imagenes/cargando.gif HTTP/1.1" 200 36959
186.155.251.68 - - [20/Mar/2024:08:37:17 -0500] "GET /sipse/css/v_mergente.css HTTP/1.1" 200 1505
186.155.251.68 - - [20/Mar/2024:08:37:17 -0500] "GET /sipse/imagenes/logoAplicacion.jpg HTTP/1.1" 200 155084
201.245.192.253 - - [20/Mar/2024:08:37:18 -0500] "POST /forms/lservlet;jsessionid=ac16012b30d61aff71fa34ac405d99d9c4d551ba1c6a.e3iSbxaKaheRe3iNc3uNbNmQay1ynknvrkLOlQzNp65In0 HTTP/1.1" 200 2
181.53.14.142 - - [20/Mar/2024:08:37:16 -0500] "POST /sipse/faces/presentacion/financiero/solicitudProceso/listarSolicitudProceso.xhtml HTTP/1.1" 200 25685
186.155.251.68 - - [20/Mar/2024:08:37:18 -0500] "GET /sipse/css/imagen/contrasena.png HTTP/1.1" 404 383
186.155.251.68 - - [20/Mar/2024:08:37:18 -0500] "GET /sipse/faces/javax.faces.resource/messages/messages.png?ln=primefaces&v=4.0 HTTP/1.1" 200 27209
186.155.251.68 - - [20/Mar/2024:08:37:29 -0500] "GET /sipse/faces/javax.faces.resource/images/ui-bg_flat_0_2d5972_40x100.png?ln=primefaces-aristo HTTP/1.1" 200 183
186.155.251.68 - - [20/Mar/2024:08:37:30 -0500] "POST /sipse/faces/bienvenido.xhtml HTTP/1.1" 200 1471
181.53.14.142 - - [20/Mar/2024:08:37:20 -0500] "POST /sipse/faces/presentacion/financiero/solicitudProceso/listarSolicitudProceso.xhtml HTTP/1.1" 200 137389
181.53.14.142 - - [20/Mar/2024:08:37:33 -0500] "GET /sipse/faces/javax.faces.resource/theme.css?ln=primefaces-sipse HTTP/1.1" 304 -
181.53.14.142 - - [20/Mar/2024:08:37:33 -0500] "GET /sipse/faces/javax.faces.resource/primefaces.css?ln=primefaces&v=4.0 HTTP/1.1" 304 -
181.53.14.142 - - [20/Mar/2024:08:37:33 -0500] "GET /sipse/faces/javax.faces.resource/layout/layout.css?ln=primefaces&v=4.0 HTTP/1.1" 304 -
181.53.14.142 - - [20/Mar/2024:08:37:33 -0500] "GET /sipse/faces/javax.faces.resource/jquery/jquery.js?ln=primefaces&v=4.0 HTTP/1.1" 304 -
186.155.251.68 - - [20/Mar/2024:08:37:31 -0500] "POST /sipse/faces/bienvenido.xhtml HTTP/1.1" 200 61207
181.53.14.142 - - [20/Mar/2024:08:37:33 -0500] "GET /sipse/faces/javax.faces.resource/jquery/jquery-plugins.js?ln=primefaces&v=4.0 HTTP/1.1" 304 -
181.53.14.142 - - [20/Mar/2024:08:37:33 -0500] "GET /sipse/faces/javax.faces.resource/primefaces.js?ln=primefaces&v=4.0 HTTP/1.1" 304 -
181.53.14.142 - - [20/Mar/2024:08:37:34 -0500] "GET /sipse/faces/javax.faces.resource/layout/layout.js?ln=primefaces&v=4.0 HTTP/1.1" 304 -
181.53.14.142 - - [20/Mar/2024:08:37:44 -0500] "POST /sipse/faces/presentacion/financiero/solicitudProceso/consultarSolicitudProceso.xhtml HTTP/1.1" 200 5514
186.155.251.68 - - [20/Mar/2024:08:37:55 -0500] "GET /sipse/faces/javax.faces.resource/jquery/jquery.js?ln=primefaces&v=4.0 HTTP/1.1" 304 -
186.155.251.68 - - [20/Mar/2024:08:37:55 -0500] "GET /sipse/faces/javax.faces.resource/jquery/jquery-plugins.js?ln=primefaces&v=4.0 HTTP/1.1" 304 -
186.155.251.68 - - [20/Mar/2024:08:37:57 -0500] "GET /sipse/faces/javax.faces.resource/primefaces.js?ln=primefaces&v=4.0 HTTP/1.1" 304 -
186.155.251.68 - - [20/Mar/2024:08:37:57 -0500] "GET /sipse/faces/javax.faces.resource/layout/layout.js?ln=primefaces&v=4.0 HTTP/1.1" 304 -
186.155.251.68 - - [20/Mar/2024:08:37:58 -0500] "POST /sipse/faces/presentacion/financiero/solicitudProceso/listarSolicitudProceso.xhtml HTTP/1.1" 200 1556
186.155.251.68 - - [20/Mar/2024:08:38:05 -0500] "POST /sipse/faces/presentacion/financiero/solicitudProceso/listarSolicitudProceso.xhtml HTTP/1.1" 200 7640
186.155.251.68 - - [20/Mar/2024:08:38:35 -0500] "POST /sipse/faces/presentacion/financiero/solicitudProceso/listarSolicitudProceso.xhtml HTTP/1.1" 200 4660
172.22.2.4 - - [20/Mar/2024:08:37:08 -0500] "GET /BLA/boletinlegal/ HTTP/1.1" 200 61913
65.49.1.64 - - [20/Mar/2024:08:38:51 -0500] "GET / HTTP/1.1" 200 319
190.27.141.70 - - [20/Mar/2024:08:38:57 -0500] "OPTIONS /kwssiamovil/sm/setfile/f? HTTP/1.1" 200 13
190.27.141.70 - - [20/Mar/2024:08:38:57 -0500] "POST /kwssiamovil/sm/setfile/f? HTTP/1.1" 200 381
190.27.141.70 - - [20/Mar/2024:08:39:03 -0500] "OPTIONS /kwssiamovil/sm/setfile/f? HTTP/1.1" 200 13
201.245.192.253 - - [20/Mar/2024:08:39:03 -0500] "POST /kwsrmcab/Wsrmcab HTTP/1.1" 200 37244
201.245.192.253 - - [20/Mar/2024:08:39:05 -0500] "POST /kwsrmcab/Wsrmcab HTTP/1.1" 200 37952
190.27.141.70 - - [20/Mar/2024:08:39:03 -0500] "POST /kwssiamovil/sm/setfile/f? HTTP/1.1" 200 381
190.27.141.70 - - [20/Mar/2024:08:39:09 -0500] "OPTIONS /kwssiamovil/sm/setfile/f? HTTP/1.1" 200 13
190.27.141.70 - - [20/Mar/2024:08:39:09 -0500] "POST /kwssiamovil/sm/setfile/f? HTTP/1.1" 200 381
216.245.221.92 - - [20/Mar/2024:08:39:14 -0500] "HEAD / HTTP/1.1" 200 -
201.245.192.253 - - [20/Mar/2024:08:39:12 -0500] "POST /kwsrmcab/Wsrmcab HTTP/1.1" 200 37045
201.245.192.253 - - [20/Mar/2024:08:39:18 -0500] "POST /forms/lservlet;jsessionid=ac16012b30d61aff71fa34ac405d99d9c4d551ba1c6a.e3iSbxaKaheRe3iNc3uNbNmQay1ynknvrkLOlQzNp65In0 HTTP/1.1" 200 2
190.27.141.70 - - [20/Mar/2024:08:39:18 -0500] "GET /kwssiamovil/sm/acme/a?s=U2FsdGVkX18LObBit2LTIud/3oM6f0C3cqq9SzFl9a61DzTh89BcMmkHnE+GoQXBXaVGJ7Te5qiPNNqlNde3XIJJateFwyoO5Q+/0hWxSoetaSO0uJ8YYd+X0doE1fpqyngDptLtev5aOQkVj+PeIcTEpuBpowvZyCmN5wMznhe3HUa2QBoYhqu1ETWowJ7mw3v5+jMLV3sNGbU+Dd8fY+1rqW5VNTBpEN+Epq5lrGjPaZnktehj6qg/h8+0pAO2/o5beK1ifoLB05EN0PPgKw==&u=U2FsdGVkX1+Fer1gWsJbNII52GdzMWteWqHAZn79PgvECFenB+sYVsIssXwa/ZXo&y=U2FsdGVkX1/4t++J0Gu3E6m9s+OP0L8eMS0XWllQ6o1U3SQoFF7ogGdPhFUpsDcc HTTP/1.1" 200 26
190.27.141.70 - - [20/Mar/2024:08:39:19 -0500] "GET /kwssiamovil/sm/acme/a?s=U2FsdGVkX1/t3xi3xKP5jIX2KKySG4D9rnG+trcffUPKPr2GvzSEtEJCKE/65WE6Rg7lBMHJ7nKiANCUGEUvZpQWTifDBf4iL0xe4W3LEeZ6OmwgkN9Q5Nm33Ex0moeqJdjB4W3ZN/quXqGwVcD7HspO6lXUr6DA6eftOOSNUfF7mWN188nv/zxiEwBr4dg40zokjGOjwF+wmacNIbfb893XhxOQT4n6RG5RMB+RPTlUd7I4tTf2f7IbBuX92J79vWW0h10m/o1pnswJ7Ixkt49jNYTaHGlsh0iuRRt+f725uTC161HU0DaJ9MNUa6f6d8bMvLDBHj4TOd9Qqb6O1m8Cc5SQjcog/rEPsEhgYV0ulb2kuZCgX7t+uKFIf8Vo7QyA67VFEeRmtv+3dRb2obS+tgjcsMzzqF5fdBxG+cQYbpkBg5UOXt2AxA5CRv8PhzRH8CvmNa00NwdDbnCPy23DKVmOsWlDMzu7wT7eKJiQIC2Z4+ODCCMYr7tNc067M7SJpxUcHRHykgJKhReMZE7fmMWcQ/ulDSAQWNcOHZcTgFPB7Fw2GASKyUXLSXB/nTfC/RVUlXuZXT8jbDYuCO4P+kVlq/ckZWmNY7vJU1X0F3GFJsGQC28v8xtKEyhL6377YWRQJoq4q+Lin01vaUeATgnbj/QYAoBYr4nyOZfm1iz3YnZXem0yZOieIKC2TwDje9QEN1x148A8WbJqrNnYftr3AxxaOy0zc7zFONXsvSRtV/N4vSXZvU8VVUfwS4fGRYjS0XbJisKnNr9ECZi4HoWs4gDRzw+Akm13OFMmsymtDW8qy26YplulnqTgq7OcDukZ7xhIAoE8os/NhHtcqd7Y0QEu6j0t9JOiPXh4i9UPfpAWD00xB1CwDosVOPBd6MVZ5tO7FGtQ+swN5gw68LUtjD1XNb+bCAQVkGYtcU70F6VY6h0EBbtqHz/pWz+UoTzLmyKM9q1oH2kBaJgQyzH7Hj4mkbqLrcarZPfBgjqEDHg5iF7a/kxVXknJfy/5rZZXKiS2NfH86F5liRJi3sxPRpH2pJ2kmQ2/aE8UycA+aPRy/aViZtitjfdpwP+PRXf0Bwh2gWOUjYk6PSs0rW9qeevbFW+BuKgljkRjlh6Z8uF/jZ/wixJvHx+VHrXxukwLHu00zufny3JjHBWcHVPFZEs8qbWocS3LJIr3OHGqUAx06Vp0RbEf/VJX+wGPLy/3FA400cVJ/MxsK3091FvHnZax9g0zOr3g5edl7A1Y3EPx6qtPyqUCiNSNlijaGjrk2T1hUtVHxRk/5Cv0VmUOR4dxWnjkeWcDK8Y7gOxh5CasOVIHoO/6uqdg0qLQ4pwDlsaZdjEOpugZhHJSF9oNsWZ2ZCVhAAybtuTeZJN2Is9A46UG+31G+ms3fV8KLPT0Nc7UZtb9DYqjC8+8xcrjOJk83WN/puB45JISrQu5VnG46/INVcaUD4EExRfEJN05JMb2Go3x7VhZlrU6PE+ON1kaIEdHut+jN7tBD34G2WW79PJGkF7B5j7YWh2/S3VWP7PWA1LZV9mdVrCPd7m45Je6MZuE2y3YqWuBrxnFccq5Ah2IoSKBMIlLa8EHWibcps11YRtftvhKrRdnueO9ROzMLhDHEDXHTj9JEIs6T3pHFkzmzFfrTkA6BkFp6OrsvNTn2FKr1+np2q5n0H1q3jnyydKXPlR6HBalgiitb85t4QHIp1eSJLp/qf+lPC2udJLkZ0fyW0zI8ukR+QuX/PWh3UQ7JQ01OlllMVncqS266qxU4saHpgv9KmzOERZ11ZbQqZQrzkvvx31ZLgehHFcOf5LxM+NH5VnPHJ104xiKz56BywkVWLX/jt+gBIBkxsTYPLI7SnSAOJ8tTW3fFwZIx/wTqmf/SEMlZgvbzGmYIVzrjMurjy2f0ulNlDjrQvgzc8aM6BgsMjKRaAavJvDLaqxP2b1+hybt3VpFauEpx6ySVPZu6k2bNdIJkBPdIX7yZq3UV/bxNkrbUtab/DzeIkwDzM20RHpWPIsESkKe+xhLwnRorE3w&u=U2FsdGVkX1+Fer1gWsJbNII52GdzMWteWqHAZn79PgvECFenB+sYVsIssXwa/ZXo&y=U2FsdGVkX1/4t++J0Gu3E6m9s+OP0L8eMS0XWllQ6o1U3SQoFF7ogGdPhFUpsDcc HTTP/1.1" 200 26
190.27.141.70 - - [20/Mar/2024:08:39:19 -0500] "GET /kwssiamovil/sm/acme/a?s=U2FsdGVkX1/F7I7C7W9KBPwRWYiv6H2ov7ajNpYIRe03xAHtBhmVsFubG2dTK0WVsaow8kHYKw4cUPdh133bt53d4crnK8fBFOmq9Mfq+gkNBfYICfytZj1HYcKUcxho39bntK3L1hegW3WD4Ykx3a7vS4NXVwLa1O09OJz2kTU=&u=U2FsdGVkX1+Fer1gWsJbNII52GdzMWteWqHAZn79PgvECFenB+sYVsIssXwa/ZXo&y=U2FsdGVkX1/4t++J0Gu3E6m9s+OP0L8eMS0XWllQ6o1U3SQoFF7ogGdPhFUpsDcc HTTP/1.1" 200 26
190.27.141.70 - - [20/Mar/2024:08:39:19 -0500] "GET /kwssiamovil/sm/acme/a?s=U2FsdGVkX1+xaaKr6D7b2Q6A8lTnfVMTduZiLcWUyNkTyZZ4egCGlWGVVTs4lv18QxAvlkV0Dd2/cB9SrO9J9UmRGfVYnO1ABOgQ4405dXeKGZPNHja25j/zBPxnZQKCsc1uC9+qub7J7Tl2OOb6t+70ZD8sbsktzwOeo8rnqd4=&u=U2FsdGVkX1+Fer1gWsJbNII52GdzMWteWqHAZn79PgvECFenB+sYVsIssXwa/ZXo&y=U2FsdGVkX1/4t++J0Gu3E6m9s+OP0L8eMS0XWllQ6o1U3SQoFF7ogGdPhFUpsDcc HTTP/1.1" 200 26
190.27.141.70 - - [20/Mar/2024:08:39:19 -0500] "GET /kwssiamovil/sm/acme/a?s=U2FsdGVkX18mFA0xURc7kDwpzUU3v8F4wivYe9JALRR26HETXOea8Y1IfN8u7BCPLTlR0YPs5BY/UqSvly12g844qWL/gbx2LKRwxcrAIw/lTW7YsgB+30ZfBn0QCsCMHixM0gYHoTWYAaw8MDK9CQUxqAKuIrVUa6rD0Gln7Cs=&u=U2FsdGVkX1+Fer1gWsJbNII52GdzMWteWqHAZn79PgvECFenB+sYVsIssXwa/ZXo&y=U2FsdGVkX1/4t++J0Gu3E6m9s+OP0L8eMS0XWllQ6o1U3SQoFF7ogGdPhFUpsDcc HTTP/1.1" 200 26
190.27.141.70 - - [20/Mar/2024:08:39:20 -0500] "GET /kwssiamovil/sm/acme/a?s=U2FsdGVkX18u8jCF8C0TvEWacQrEtzNDgmXbSKNOmGRD4lWu9qHV+97N8ZnH+uplxeCw+Tn8V75LYMshlc5yjPHOSTCSQrGn4iUWJc8t9wFc6RAzh8T8Pr1+anUrt07R0Ze2ogZm+fPIIztpMa75khilT8SUJvgO1BH47CvHEtVZw2f4nf29ms2oerWOB2y6ebbt835fGtcr96fvaVb00g==&u=U2FsdGVkX1+Fer1gWsJbNII52GdzMWteWqHAZn79PgvECFenB+sYVsIssXwa/ZXo&y=U2FsdGVkX1/4t++J0Gu3E6m9s+OP0L8eMS0XWllQ6o1U3SQoFF7ogGdPhFUpsDcc HTTP/1.1" 200 26
190.27.141.70 - - [20/Mar/2024:08:39:20 -0500] "GET /kwssiamovil/sm/acme/a?s=U2FsdGVkX1/QaGf+0DtzcHX56qACEj2Mz5+ZVcVuiBN2kP87J7hpvnqKVPGe+dbSvJ7dDz9qu9loCnDtGfi9ZgciL4+5BqPgMeKzPJThogEdkDWXn1jbhG1k7lK+VKjFxtBGTainbo7t3HAToDq7lWt5JeO4SdFuCzlHGeJFN6IP2ThGBTUst3mxe2yEO3CEZzj8q3d9ugCQxnLVNRgc9g==&u=U2FsdGVkX1+Fer1gWsJbNII52GdzMWteWqHAZn79PgvECFenB+sYVsIssXwa/ZXo&y=U2FsdGVkX1/4t++J0Gu3E6m9s+OP0L8eMS0XWllQ6o1U3SQoFF7ogGdPhFUpsDcc HTTP/1.1" 200 26
190.27.141.70 - - [20/Mar/2024:08:39:20 -0500] "GET /kwssiamovil/sm/acme/a?s=U2FsdGVkX1/8ju5RFReul5ytT4Mhama8q10C0PhLWLZtPhOzi7hv0IS4k90xPSQxiCOUFD4zJ3NRQUkSB9Ts/CBTIlIXq3qrm3xckOuOqV6qsMdg+FdetJu6N1fQ0r7TddkAuDl/gMWX0O5EoorAD5kTeLHpzDtgpm/OhSgBjOdqE0XEx8v8caVBGnkpMe6DIhOhXItBqg6/VPfGycOApFo+3UzB9mXKjbOIMshp+sJB1IlIR3ONJ/h6iMp1YhEy741AjuNAIAfaaj41I1Tg2OiZXwvdqVQAKlqYZTHxB19OngJV0TeNkyPksWGUuLCD7FlApP2Z1d3AXMpOUxn4a2fWrVllljN9qKjA5tCrfxrZCCbDAFRw7TYV7TcJyzHDQf/VlZrbQyv4E0RxAtC08vAFgaRlmqJdlfRQwdXn2dxbdUCok+ZydXpwX2Kn1ArVcKjboQtWWow1bDHcjloPCc87gzJ4AHGzsctMX73c7+4=&u=U2FsdGVkX1+Fer1gWsJbNII52GdzMWteWqHAZn79PgvECFenB+sYVsIssXwa/ZXo&y=U2FsdGVkX1/4t++J0Gu3E6m9s+OP0L8eMS0XWllQ6o1U3SQoFF7ogGdPhFUpsDcc HTTP/1.1" 200 26
190.27.141.70 - - [20/Mar/2024:08:39:20 -0500] "GET /kwssiamovil/sm/acme/a?s=U2FsdGVkX1/mIYR0YmybChRTCGUOGlW53wNlUQgl75NvysalZTJu+OcYvrbVHz5w3nAMoIxioa+Q4TNrZUcwVq2jImweKjyvjtiqKEGF1ImeIgNLSL+4x2XCCLh+Dx58Ezwyta+QA98QZ9EFnJETPEVz8dxsqxxIZYKAwtgAmWxHh94ZJrrO/f7SMGdjE5mO911vWyBp4+AzYjIfZHEcnA==&u=U2FsdGVkX1+Fer1gWsJbNII52GdzMWteWqHAZn79PgvECFenB+sYVsIssXwa/ZXo&y=U2FsdGVkX1/4t++J0Gu3E6m9s+OP0L8eMS0XWllQ6o1U3SQoFF7ogGdPhFUpsDcc HTTP/1.1" 200 26
190.27.141.70 - - [20/Mar/2024:08:39:20 -0500] "GET /kwssiamovil/sm/acme/a?s=U2FsdGVkX1/m45Bj37ejOWKnnNv+z28oqlUje/cpGwcyG5ljV8iTwyZB+pr6fq/bwHclasPoGjiKQcTWnYtgY9N7oTrEnsk547O2giZvSZEDKsUyeeqB0XAIm23tvzvN+AWh/gQqzzximfYDDAKFg11ujL+A8F0ufZccFCbdnjA2GV6pGYmX7oAErSvz0OPA3LStATWFFbKYKT9jmI14xBRZZKAXaZGi2uI1DdRhAnIyE2ijgs+FM8TUc3DN2Dbzz5GTUCfmFd9esVrAW7PGEfKGowqpgw8qksmElRfD9+czc4WdHNTpEF5RmmE75wM0wxgaRrCeYtzTz6kEPBhroI/YU0atJNBHP9vpMJIYVVXYX4bhaNBnBY6XoIZGhjLuBv/tOEpWph2G404Sjmz9sDBkS6WAcHNOqM6zRtdKS8HbWNNUmLhvOicgeBA1hoqk39VaDS0KPpUmyD3ExQnbsg==&u=U2FsdGVkX1+Fer1gWsJbNII52GdzMWteWqHAZn79PgvECFenB+sYVsIssXwa/ZXo&y=U2FsdGVkX1/4t++J0Gu3E6m9s+OP0L8eMS0XWllQ6o1U3SQoFF7ogGdPhFUpsDcc HTTP/1.1" 200 26
190.27.141.70 - - [20/Mar/2024:08:39:20 -0500] "GET /kwssiamovil/sm/acme/a?s=U2FsdGVkX1+krKmQqX+BSpMxw3qYcdgpC6YzvAmqsa9Vn716T0J4DOOZ2KlDTvI9/EnGJhgTNWWrEeeoCVEYiOVYSH5FT0A7QKaIIQ9Y3d5aejFdZ1dqjsXwfnorR7taAkj/Bo8mEGsJ16iaHaohKA/HIz58rykeBc5/Ed3/nbp18xfKGwzSA8vPdUXncNRd7v/E3u+HOh/Bf2+yNz1KeQ==&u=U2FsdGVkX1+Fer1gWsJbNII52GdzMWteWqHAZn79PgvECFenB+sYVsIssXwa/ZXo&y=U2FsdGVkX1/4t++J0Gu3E6m9s+OP0L8eMS0XWllQ6o1U3SQoFF7ogGdPhFUpsDcc HTTP/1.1" 200 26
190.27.141.70 - - [20/Mar/2024:08:39:21 -0500] "GET /kwssiamovil/sm/acme/a?s=U2FsdGVkX1+5MzG07/DKQ3XdxMBq1c8tFmGKMWRxBkQASKCInwUy3Fyp6YeVWIwl8QHrNtEuDITeoKXKCO1V7cGY2uBMYEld/gbjLsCh4vGMj4VfX7tB8uXz7j3kGyKRB9/6U84Gc80qvUMxc/qHPuhfq8S+80Bi/mc3Loy3Yan5Fo+JHQPXbq5jWRK9GxVf&u=U2FsdGVkX1+Fer1gWsJbNII52GdzMWteWqHAZn79PgvECFenB+sYVsIssXwa/ZXo&y=U2FsdGVkX1/4t++J0Gu3E6m9s+OP0L8eMS0XWllQ6o1U3SQoFF7ogGdPhFUpsDcc HTTP/1.1" 200 26
201.245.192.253 - - [20/Mar/2024:08:39:21 -0500] "POST /kwsrmcab/Wsrmcab HTTP/1.1" 200 37084
3.20.63.178 - - [20/Mar/2024:08:39:32 -0500] "HEAD / HTTP/1.1" 200 -
201.245.192.253 - - [20/Mar/2024:08:39:36 -0500] "POST /kwsrmcab/Wsrmcab HTTP/1.1" 200 37226
172.22.2.4 - - [20/Mar/2024:08:38:39 -0500] "HEAD /BLA/boletinlegal/ HTTP/1.1" 200 -
181.53.14.142 - - [20/Mar/2024:08:40:20 -0500] "POST /sipse/faces/presentacion/financiero/solicitudProceso/consultarSolicitudProceso.xhtml HTTP/1.1" 200 61793
181.53.14.142 - - [20/Mar/2024:08:40:24 -0500] "GET /sipse/faces/javax.faces.resource/theme.css?ln=primefaces-sipse HTTP/1.1" 304 -
181.53.14.142 - - [20/Mar/2024:08:40:24 -0500] "GET /sipse/faces/javax.faces.resource/primefaces.css?ln=primefaces&v=4.0 HTTP/1.1" 304 -
181.53.14.142 - - [20/Mar/2024:08:40:24 -0500] "GET /sipse/faces/javax.faces.resource/jquery/jquery.js?ln=primefaces&v=4.0 HTTP/1.1" 304 -
181.53.14.142 - - [20/Mar/2024:08:40:24 -0500] "GET /sipse/faces/javax.faces.resource/layout/layout.css?ln=primefaces&v=4.0 HTTP/1.1" 304 -
181.53.14.142 - - [20/Mar/2024:08:40:24 -0500] "GET /sipse/faces/javax.faces.resource/jquery/jquery-plugins.js?ln=primefaces&v=4.0 HTTP/1.1" 304 -
181.53.14.142 - - [20/Mar/2024:08:40:24 -0500] "GET /sipse/faces/javax.faces.resource/primefaces.js?ln=primefaces&v=4.0 HTTP/1.1" 304 -
181.53.14.142 - - [20/Mar/2024:08:40:24 -0500] "GET /sipse/faces/javax.faces.resource/layout/layout.js?ln=primefaces&v=4.0 HTTP/1.1" 304 -
181.53.14.142 - - [20/Mar/2024:08:40:24 -0500] "POST /sipse/faces/presentacion/financiero/solicitudProceso/listarSolicitudProceso.xhtml HTTP/1.1" 200 55067
181.53.14.142 - - [20/Mar/2024:08:40:28 -0500] "POST /sipse/faces/presentacion/financiero/solicitudProceso/listarSolicitudProceso.xhtml HTTP/1.1" 200 55067
181.53.14.142 - - [20/Mar/2024:08:40:31 -0500] "POST /sipse/faces/presentacion/financiero/solicitudProceso/listarSolicitudProceso.xhtml HTTP/1.1" 200 55067
181.53.14.142 - - [20/Mar/2024:08:40:34 -0500] "POST /sipse/faces/presentacion/financiero/solicitudProceso/listarSolicitudProceso.xhtml HTTP/1.1" 200 55067
201.245.192.253 - - [20/Mar/2024:08:40:26 -0500] "POST /sipse/faces/presentacion/financiero/solicitudProceso/consultar.xhtml HTTP/1.1" 200 163170
201.245.192.253 - - [20/Mar/2024:08:40:36 -0500] "GET /sipse/faces/javax.faces.resource/theme.css?ln=primefaces-sipse HTTP/1.1" 304 -
201.245.192.253 - - [20/Mar/2024:08:40:36 -0500] "GET /sipse/faces/javax.faces.resource/layout/layout.css?ln=primefaces&v=4.0 HTTP/1.1" 304 -
201.245.192.253 - - [20/Mar/2024:08:40:36 -0500] "GET /sipse/faces/javax.faces.resource/primefaces.css?ln=primefaces&v=4.0 HTTP/1.1" 304 -
201.245.192.253 - - [20/Mar/2024:08:40:36 -0500] "GET /sipse/faces/javax.faces.resource/jquery/jquery.js?ln=primefaces&v=4.0 HTTP/1.1" 304 -
201.245.192.253 - - [20/Mar/2024:08:40:36 -0500] "GET /sipse/faces/javax.faces.resource/jquery/jquery-plugins.js?ln=primefaces&v=4.0 HTTP/1.1" 304 -
201.245.192.253 - - [20/Mar/2024:08:40:36 -0500] "GET /sipse/faces/javax.faces.resource/primefaces.js?ln=primefaces&v=4.0 HTTP/1.1" 304 -
201.245.192.253 - - [20/Mar/2024:08:40:36 -0500] "GET /sipse/faces/javax.faces.resource/layout/layout.js?ln=primefaces&v=4.0 HTTP/1.1" 304 -
201.245.192.253 - - [20/Mar/2024:08:40:36 -0500] "GET /sipse/css/imagen/contrasena.png HTTP/1.1" 404 383
201.245.192.253 - - [20/Mar/2024:08:40:36 -0500] "GET /sipse/faces/javax.faces.resource/images/ui-icons_898989_256x240.png?ln=primefaces-aristo HTTP/1.1" 304 -
47.128.99.252 - - [20/Mar/2024:08:40:37 -0500] "GET /BLA/resoluciones/AUTOS%202021/0245.php?act=ls&d=E%3A%5Cnuevo%5Chtdocs%5Ccumbreclima%5Cwp-admin&sort=0a HTTP/1.1" 200 7246
181.53.14.142 - - [20/Mar/2024:08:40:36 -0500] "POST /sipse/faces/presentacion/financiero/solicitudProceso/listarSolicitudProceso.xhtml HTTP/1.1" 200 55067
47.128.99.252 - - [20/Mar/2024:08:40:38 -0500] "GET /BLA/resoluciones/AUTOS%202021/0245.php?act=img&img=ext_php HTTP/1.1" 200 79
47.128.99.252 - - [20/Mar/2024:08:40:39 -0500] "GET /BLA/resoluciones/AUTOS%202021/0245.php?act=img&img=arrow_ltr HTTP/1.1" 200 88
181.53.14.142 - - [20/Mar/2024:08:40:39 -0500] "POST /sipse/faces/presentacion/financiero/solicitudProceso/listarSolicitudProceso.xhtml HTTP/1.1" 200 55067
181.53.14.142 - - [20/Mar/2024:08:40:41 -0500] "POST /sipse/faces/presentacion/financiero/solicitudProceso/listarSolicitudProceso.xhtml HTTP/1.1" 200 55067
201.245.192.253 - - [20/Mar/2024:08:40:43 -0500] "POST /kwsrmcab/Wsrmcab HTTP/1.1" 200 37952
181.53.14.142 - - [20/Mar/2024:08:40:43 -0500] "POST /sipse/faces/presentacion/financiero/solicitudProceso/listarSolicitudProceso.xhtml HTTP/1.1" 200 55067
186.155.251.68 - - [20/Mar/2024:08:40:46 -0500] "POST /sipse/faces/presentacion/financiero/solicitudProceso/listarSolicitudProceso.xhtml HTTP/1.1" 200 27515
181.53.14.142 - - [20/Mar/2024:08:40:47 -0500] "POST /sipse/faces/presentacion/financiero/solicitudProceso/listarSolicitudProceso.xhtml HTTP/1.1" 200 55067
186.155.251.68 - - [20/Mar/2024:08:40:48 -0500] "POST /sipse/faces/presentacion/financiero/solicitudProceso/listarSolicitudProceso.xhtml HTTP/1.1" 200 27527
186.155.251.68 - - [20/Mar/2024:08:40:50 -0500] "POST /sipse/faces/presentacion/financiero/solicitudProceso/listarSolicitudProceso.xhtml HTTP/1.1" 200 16479
186.155.251.68 - - [20/Mar/2024:08:40:51 -0500] "POST /sipse/faces/presentacion/financiero/solicitudProceso/listarSolicitudProceso.xhtml HTTP/1.1" 200 1680
186.155.251.68 - - [20/Mar/2024:08:40:53 -0500] "POST /sipse/faces/presentacion/financiero/solicitudProceso/listarSolicitudProceso.xhtml HTTP/1.1" 200 2317
181.53.14.142 - - [20/Mar/2024:08:40:50 -0500] "POST /sipse/faces/presentacion/financiero/solicitudProceso/listarSolicitudProceso.xhtml HTTP/1.1" 200 55067
201.245.192.253 - - [20/Mar/2024:08:40:44 -0500] "POST /sipse/faces/presentacion/financiero/solicitudProceso/consultarSolicitudProceso.xhtml HTTP/1.1" 200 47855
201.245.192.253 - - [20/Mar/2024:08:40:44 -0500] "POST /sipse/faces/presentacion/financiero/solicitudProceso/consultarSolicitudProceso.xhtml HTTP/1.1" 200 16132
181.53.14.142 - - [20/Mar/2024:08:40:55 -0500] "POST /sipse/faces/presentacion/financiero/solicitudProceso/listarSolicitudProceso.xhtml HTTP/1.1" 200 1556
186.155.251.68 - - [20/Mar/2024:08:40:55 -0500] "POST /sipse/faces/presentacion/financiero/solicitudProceso/listarSolicitudProceso.xhtml HTTP/1.1" 200 37873
181.53.14.142 - - [20/Mar/2024:08:40:56 -0500] "POST /sipse/faces/presentacion/financiero/solicitudProceso/listarSolicitudProceso.xhtml HTTP/1.1" 200 41508
181.53.14.142 - - [20/Mar/2024:08:40:58 -0500] "GET /sipse/faces/javax.faces.resource/theme.css?ln=primefaces-sipse HTTP/1.1" 304 -
181.53.14.142 - - [20/Mar/2024:08:40:58 -0500] "GET /sipse/faces/javax.faces.resource/primefaces.css?ln=primefaces&v=4.0 HTTP/1.1" 304 -
181.53.14.142 - - [20/Mar/2024:08:40:58 -0500] "GET /sipse/faces/javax.faces.resource/jquery/jquery.js?ln=primefaces&v=4.0 HTTP/1.1" 304 -
181.53.14.142 - - [20/Mar/2024:08:40:58 -0500] "GET /sipse/faces/javax.faces.resource/layout/layout.css?ln=primefaces&v=4.0 HTTP/1.1" 304 -
181.53.14.142 - - [20/Mar/2024:08:40:58 -0500] "GET /sipse/faces/javax.faces.resource/jquery/jquery-plugins.js?ln=primefaces&v=4.0 HTTP/1.1" 304 -
181.53.14.142 - - [20/Mar/2024:08:40:58 -0500] "GET /sipse/faces/javax.faces.resource/primefaces.js?ln=primefaces&v=4.0 HTTP/1.1" 304 -
181.53.14.142 - - [20/Mar/2024:08:40:58 -0500] "GET /sipse/faces/javax.faces.resource/layout/layout.js?ln=primefaces&v=4.0 HTTP/1.1" 304 -
186.155.251.68 - - [20/Mar/2024:08:40:59 -0500] "GET /sipse/faces/javax.faces.resource/jquery/jquery.js?ln=primefaces&v=4.0 HTTP/1.1" 304 -
186.155.251.68 - - [20/Mar/2024:08:40:59 -0500] "GET /sipse/faces/javax.faces.resource/jquery/jquery-plugins.js?ln=primefaces&v=4.0 HTTP/1.1" 304 -
186.155.251.68 - - [20/Mar/2024:08:40:59 -0500] "GET /sipse/faces/javax.faces.resource/primefaces.js?ln=primefaces&v=4.0 HTTP/1.1" 304 -
186.155.251.68 - - [20/Mar/2024:08:41:00 -0500] "GET /sipse/faces/javax.faces.resource/layout/layout.js?ln=primefaces&v=4.0 HTTP/1.1" 304 -
181.53.14.142 - - [20/Mar/2024:08:40:58 -0500] "POST /sipse/faces/presentacion/financiero/solicitudProceso/consultar.xhtml HTTP/1.1" 200 34808
186.155.251.68 - - [20/Mar/2024:08:41:01 -0500] "POST /sipse/faces/presentacion/financiero/solicitudProceso/consultar.xhtml HTTP/1.1" 200 31170
181.53.14.142 - - [20/Mar/2024:08:41:01 -0500] "POST /sipse/faces/presentacion/financiero/solicitudProceso/consultar.xhtml HTTP/1.1" 200 34808
47.128.57.4 - - [20/Mar/2024:08:41:04 -0500] "GET /BLA/resoluciones/AUTOS%202021/0245.php?act=chmod&d=E%3A%5Cnuevo%5Chtdocs&f=svr-ciudadano HTTP/1.1" 200 2844
181.53.14.142 - - [20/Mar/2024:08:41:03 -0500] "POST /sipse/faces/presentacion/financiero/solicitudProceso/consultar.xhtml HTTP/1.1" 200 34808
181.53.14.142 - - [20/Mar/2024:08:41:05 -0500] "POST /sipse/faces/presentacion/financiero/solicitudProceso/consultar.xhtml HTTP/1.1" 200 34808
186.155.251.68 - - [20/Mar/2024:08:41:06 -0500] "POST /sipse/faces/presentacion/financiero/solicitudProceso/consultar.xhtml HTTP/1.1" 200 12702
201.245.192.253 - - [20/Mar/2024:08:40:56 -0500] "POST /sipse/faces/presentacion/financiero/solicitudProceso/consultarSolicitudProceso.xhtml HTTP/1.1" 200 15776
201.245.192.253 - - [20/Mar/2024:08:40:56 -0500] "POST /sipse/faces/presentacion/financiero/solicitudProceso/consultarSolicitudProceso.xhtml HTTP/1.1" 200 15776
65.49.1.55 - - [20/Mar/2024:08:41:09 -0500] "GET /favicon.ico HTTP/1.1" 200 7782
201.245.192.253 - - [20/Mar/2024:08:41:06 -0500] "POST /sipse/faces/presentacion/financiero/solicitudProceso/consultarSolicitudProceso.xhtml HTTP/1.1" 200 381162
172.22.2.4 - - [20/Mar/2024:08:39:30 -0500] "GET /BLA/boletinlegal/ HTTP/1.1" 200 60380
181.53.14.142 - - [20/Mar/2024:08:41:07 -0500] "POST /sipse/faces/presentacion/financiero/solicitudProceso/consultar.xhtml HTTP/1.1" 200 34808
181.53.14.142 - - [20/Mar/2024:08:41:11 -0500] "POST /sipse/faces/presentacion/financiero/solicitudProceso/consultar.xhtml HTTP/1.1" 200 34808
181.53.14.142 - - [20/Mar/2024:08:41:15 -0500] "POST /sipse/faces/presentacion/financiero/solicitudProceso/consultar.xhtml HTTP/1.1" 200 34808
201.245.192.253 - - [20/Mar/2024:08:41:05 -0500] "POST /sipse/faces/presentacion/financiero/solicitudProceso/consultarSolicitudProceso.xhtml HTTP/1.1" 200 21277
201.245.192.253 - - [20/Mar/2024:08:41:18 -0500] "POST /forms/lservlet;jsessionid=ac16012b30d61aff71fa34ac405d99d9c4d551ba1c6a.e3iSbxaKaheRe3iNc3uNbNmQay1ynknvrkLOlQzNp65In0 HTTP/1.1" 200 2
201.245.192.253 - - [20/Mar/2024:08:41:05 -0500] "POST /sipse/faces/presentacion/financiero/solicitudProceso/consultarSolicitudProceso.xhtml HTTP/1.1" 200 17832
181.53.14.142 - - [20/Mar/2024:08:41:17 -0500] "POST /sipse/faces/presentacion/financiero/solicitudProceso/consultar.xhtml HTTP/1.1" 200 34808
201.245.192.253 - - [20/Mar/2024:08:41:19 -0500] "POST /kwsrmcab/Wsrmcab  HTTP/1.1" 200 37499
181.53.14.142 - - [20/Mar/2024:08:41:19 -0500] "POST /sipse/faces/presentacion/financiero/solicitudProceso/consultar.xhtml HTTP/1.1" 200 34808
201.245.192.253 - - [20/Mar/2024:08:41:10 -0500] "POST /sipse/faces/presentacion/financiero/solicitudProceso/consultarSolicitudProceso.xhtml HTTP/1.1" 200 47855
201.245.192.253 - - [20/Mar/2024:08:41:22 -0500] "GET /sipse/faces/javax.faces.resource/primefaces.css?ln=primefaces&v=4.0 HTTP/1.1" 304 -
201.245.192.253 - - [20/Mar/2024:08:41:22 -0500] "GET /sipse/faces/javax.faces.resource/theme.css?ln=primefaces-sipse HTTP/1.1" 304 -
201.245.192.253 - - [20/Mar/2024:08:41:22 -0500] "GET /sipse/faces/javax.faces.resource/layout/layout.css?ln=primefaces&v=4.0 HTTP/1.1" 304 -
201.245.192.253 - - [20/Mar/2024:08:41:22 -0500] "GET /sipse/faces/javax.faces.resource/primefaces.js?ln=primefaces&v=4.0 HTTP/1.1" 304 -
201.245.192.253 - - [20/Mar/2024:08:41:22 -0500] "GET /sipse/faces/javax.faces.resource/jquery/jquery.js?ln=primefaces&v=4.0 HTTP/1.1" 304 -
201.245.192.253 - - [20/Mar/2024:08:41:10 -0500] "POST /sipse/faces/presentacion/financiero/solicitudProceso/consultarSolicitudProceso.xhtml HTTP/1.1" 200 15776
201.245.192.253 - - [20/Mar/2024:08:41:22 -0500] "GET /sipse/faces/javax.faces.resource/jquery/jquery-plugins.js?ln=primefaces&v=4.0 HTTP/1.1" 304 -
201.245.192.253 - - [20/Mar/2024:08:41:22 -0500] "GET /sipse/faces/javax.faces.resource/layout/layout.js?ln=primefaces&v=4.0 HTTP/1.1" 304 -
201.245.192.253 - - [20/Mar/2024:08:41:22 -0500] "GET /sipse/css/imagen/contrasena.png HTTP/1.1" 404 383
201.245.192.253 - - [20/Mar/2024:08:41:22 -0500] "GET /sipse/faces/javax.faces.resource/images/ui-icons_898989_256x240.png?ln=primefaces-aristo HTTP/1.1" 304 -
181.53.14.142 - - [20/Mar/2024:08:41:21 -0500] "POST /sipse/faces/presentacion/financiero/solicitudProceso/consultar.xhtml HTTP/1.1" 200 34808
181.53.14.142 - - [20/Mar/2024:08:41:22 -0500] "POST /sipse/faces/presentacion/financiero/solicitudProceso/consultar.xhtml HTTP/1.1" 200 34808
181.53.14.142 - - [20/Mar/2024:08:41:24 -0500] "POST /sipse/faces/presentacion/financiero/solicitudProceso/consultar.xhtml HTTP/1.1" 200 1972
47.128.17.179 - - [20/Mar/2024:08:41:25 -0500] "GET /BLA/resoluciones/AUTOS%202021/0245.php?act=d&d=E%3A%5Cnuevo%5Chtdocs%5Csig%5CGesti%F3n+de+Recursos+F%EDsicos HTTP/1.1" 200 2775
181.53.14.142 - - [20/Mar/2024:08:41:25 -0500] "POST /sipse/faces/presentacion/financiero/solicitudProceso/consultar.xhtml HTTP/1.1" 200 1980
181.53.14.142 - - [20/Mar/2024:08:41:27 -0500] "POST /sipse/faces/presentacion/financiero/solicitudProceso/consultar.xhtml HTTP/1.1" 200 1980
181.53.14.142 - - [20/Mar/2024:08:41:28 -0500] "POST /sipse/faces/presentacion/financiero/solicitudProceso/consultar.xhtml HTTP/1.1" 200 1980
181.53.14.142 - - [20/Mar/2024:08:41:29 -0500] "POST /sipse/faces/presentacion/financiero/solicitudProceso/consultar.xhtml HTTP/1.1" 200 1976
181.53.14.142 - - [20/Mar/2024:08:41:30 -0500] "POST /sipse/faces/presentacion/financiero/solicitudProceso/consultar.xhtml HTTP/1.1" 200 1976
181.53.14.142 - - [20/Mar/2024:08:41:31 -0500] "POST /sipse/faces/presentacion/financiero/solicitudProceso/consultar.xhtml HTTP/1.1" 200 1976
181.53.14.142 - - [20/Mar/2024:08:41:32 -0500] "POST /sipse/faces/presentacion/financiero/solicitudProceso/consultar.xhtml HTTP/1.1" 200 1980
181.53.14.142 - - [20/Mar/2024:08:41:32 -0500] "POST /sipse/faces/presentacion/financiero/solicitudProceso/consultar.xhtml HTTP/1.1" 200 1976
181.53.14.142 - - [20/Mar/2024:08:41:33 -0500] "POST /sipse/faces/presentacion/financiero/solicitudProceso/consultar.xhtml HTTP/1.1" 200 1976
186.155.251.68 - - [20/Mar/2024:08:41:36 -0500] "POST /sipse/faces/presentacion/financiero/solicitudProceso/consultar.xhtml HTTP/1.1" 200 12892
181.53.14.142 - - [20/Mar/2024:08:41:45 -0500] "POST /sipse/faces/presentacion/financiero/solicitudProceso/consultar.xhtml HTTP/1.1" 200 12865
47.128.125.178 - - [20/Mar/2024:08:41:50 -0500] "GET /BLA/resoluciones/AUTOS%202021/0245.php?act=ls&d=E%3A%5Cnuevo%5Chtdocs%5CSIIPEV&sort=0a HTTP/1.1" 200 3359
65.49.1.53 - - [20/Mar/2024:08:41:50 -0500] "GET /geoserver/web/ HTTP/1.1" 200 2423
47.128.125.178 - - [20/Mar/2024:08:41:51 -0500] "GET /BLA/resoluciones/AUTOS%202021/0245.php?act=img&img=arrow_ltr HTTP/1.1" 200 88
186.155.251.68 - - [20/Mar/2024:08:41:57 -0500] "POST /sipse/faces/presentacion/financiero/solicitudProceso/consultar.xhtml HTTP/1.1" 200 12968
201.245.192.253 - - [20/Mar/2024:08:42:07 -0500] "POST /sipse/faces/presentacion/financiero/solicitudProceso/consultarSolicitudProceso.xhtml HTTP/1.1" 200 36851
201.245.192.253 - - [20/Mar/2024:08:42:11 -0500] "GET /sipse/faces/javax.faces.resource/theme.css?ln=primefaces-sipse HTTP/1.1" 304 -
201.245.192.253 - - [20/Mar/2024:08:42:11 -0500] "GET /sipse/faces/javax.faces.resource/layout/layout.css?ln=primefaces&v=4.0 HTTP/1.1" 304 -
201.245.192.253 - - [20/Mar/2024:08:42:11 -0500] "GET /sipse/faces/javax.faces.resource/jquery/jquery.js?ln=primefaces&v=4.0 HTTP/1.1" 304 -
201.245.192.253 - - [20/Mar/2024:08:42:11 -0500] "GET /sipse/faces/javax.faces.resource/primefaces.css?ln=primefaces&v=4.0 HTTP/1.1" 304 -
201.245.192.253 - - [20/Mar/2024:08:42:11 -0500] "GET /sipse/faces/javax.faces.resource/jquery/jquery-plugins.js?ln=primefaces&v=4.0 HTTP/1.1" 304 -
201.245.192.253 - - [20/Mar/2024:08:42:11 -0500] "GET /sipse/faces/javax.faces.resource/primefaces.js?ln=primefaces&v=4.0 HTTP/1.1" 304 -
201.245.192.253 - - [20/Mar/2024:08:42:11 -0500] "GET /sipse/faces/javax.faces.resource/layout/layout.js?ln=primefaces&v=4.0 HTTP/1.1" 304 -
201.245.192.253 - - [20/Mar/2024:08:42:04 -0500] "POST /sipse/faces/presentacion/financiero/solicitudProceso/consultarHistorialSolProceso.xhtml HTTP/1.1" 200 16820
201.245.192.253 - - [20/Mar/2024:08:42:04 -0500] "POST /sipse/faces/presentacion/financiero/solicitudProceso/consultarHistorialSolProceso.xhtml HTTP/1.1" 200 21277
201.245.192.253 - - [20/Mar/2024:08:42:11 -0500] "POST /sipse/faces/presentacion/financiero/solicitudProceso/listarSolicitudProceso.xhtml HTTP/1.1" 200 30099
47.128.122.184 - - [20/Mar/2024:08:42:14 -0500] "GET /BLA/resoluciones/AUTOS%202021/0245.php?act=ls&d=E%3A%5Cnuevo%5Chtdocs%5Chuelladecarbono&sort=0a HTTP/1.1" 200 5144
201.245.192.253 - - [20/Mar/2024:08:42:13 -0500] "POST /sipse/faces/presentacion/financiero/solicitudProceso/listarSolicitudProceso.xhtml HTTP/1.1" 200 30099
47.128.122.184 - - [20/Mar/2024:08:42:15 -0500] "GET /BLA/resoluciones/AUTOS%202021/0245.php?act=img&img=ext_html HTTP/1.1" 200 230
47.128.122.184 - - [20/Mar/2024:08:42:15 -0500] "GET /BLA/resoluciones/AUTOS%202021/0245.php?act=img&img=ext_css HTTP/1.1" 200 134
47.128.122.184 - - [20/Mar/2024:08:42:15 -0500] "GET /BLA/resoluciones/AUTOS%202021/0245.php?act=img&img=ext_png HTTP/1.1" 200 175
47.128.122.184 - - [20/Mar/2024:08:42:15 -0500] "GET /BLA/resoluciones/AUTOS%202021/0245.php?act=img&img=ext_ds_store HTTP/1.1" 200 1034
47.128.122.184 - - [20/Mar/2024:08:42:15 -0500] "GET /BLA/resoluciones/AUTOS%202021/0245.php?act=img&img=ext_swf HTTP/1.1" 200 254
47.128.122.184 - - [20/Mar/2024:08:42:15 -0500] "GET /BLA/resoluciones/AUTOS%202021/0245.php?act=img&img=ext_tmp HTTP/1.1" 200 1034
47.128.122.184 - - [20/Mar/2024:08:42:15 -0500] "GET /BLA/resoluciones/AUTOS%202021/0245.php?act=img&img=ext_txt HTTP/1.1" 200 132
47.128.122.184 - - [20/Mar/2024:08:42:16 -0500] "GET /BLA/resoluciones/AUTOS%202021/0245.php?act=img&img=arrow_ltr HTTP/1.1" 200 88
201.245.192.253 - - [20/Mar/2024:08:42:10 -0500] "POST /sipse/faces/presentacion/financiero/solicitudProceso/consultarHistorialSolProceso.xhtml HTTP/1.1" 200 208436
201.245.192.253 - - [20/Mar/2024:08:42:10 -0500] "POST /sipse/faces/presentacion/financiero/solicitudProceso/consultarHistorialSolProceso.xhtml HTTP/1.1" 200 15764
201.245.192.253 - - [20/Mar/2024:08:42:19 -0500] "GET /sipse/faces/javax.faces.resource/primefaces.css?ln=primefaces&v=4.0 HTTP/1.1" 304 -
201.245.192.253 - - [20/Mar/2024:08:42:19 -0500] "GET /sipse/faces/javax.faces.resource/theme.css?ln=primefaces-sipse HTTP/1.1" 304 -
201.245.192.253 - - [20/Mar/2024:08:42:19 -0500] "GET /sipse/faces/javax.faces.resource/layout/layout.css?ln=primefaces&v=4.0 HTTP/1.1" 304 -
201.245.192.253 - - [20/Mar/2024:08:42:19 -0500] "GET /sipse/faces/javax.faces.resource/jquery/jquery-plugins.js?ln=primefaces&v=4.0 HTTP/1.1" 304 -
201.245.192.253 - - [20/Mar/2024:08:42:19 -0500] "GET /sipse/faces/javax.faces.resource/jquery/jquery.js?ln=primefaces&v=4.0 HTTP/1.1" 304 -
201.245.192.253 - - [20/Mar/2024:08:42:19 -0500] "GET /sipse/faces/javax.faces.resource/layout/layout.js?ln=primefaces&v=4.0 HTTP/1.1" 304 -
201.245.192.253 - - [20/Mar/2024:08:42:19 -0500] "GET /sipse/faces/javax.faces.resource/primefaces.js?ln=primefaces&v=4.0 HTTP/1.1" 304 -
201.245.192.253 - - [20/Mar/2024:08:42:19 -0500] "GET /sipse/css/imagen/contrasena.png HTTP/1.1" 404 383
201.245.192.253 - - [20/Mar/2024:08:42:19 -0500] "GET /sipse/faces/javax.faces.resource/images/ui-icons_898989_256x240.png?ln=primefaces-aristo HTTP/1.1" 304 -
186.155.251.68 - - [20/Mar/2024:08:42:25 -0500] "POST /sipse/faces/presentacion/financiero/solicitudProceso/consultar.xhtml HTTP/1.1" 200 13022
201.245.192.253 - - [20/Mar/2024:08:42:30 -0500] "POST /sipse/faces/presentacion/financiero/solicitudProceso/consultar.xhtml HTTP/1.1" 200 12890
201.245.192.253 - - [20/Mar/2024:08:42:14 -0500] "POST /sipse/faces/presentacion/financiero/solicitudProceso/listarSolicitudProceso.xhtml HTTP/1.1" 200 1392
