190.158.100.67 - - [20/Mar/2024:06:06:21 -0500] "GET /sipse/faces/javax.faces.resource/layout/layout.css?ln=primefaces&v=4.0 HTTP/1.1" 304 -
190.158.100.67 - - [20/Mar/2024:06:06:21 -0500] "GET /sipse/faces/javax.faces.resource/primefaces.css?ln=primefaces&v=4.0 HTTP/1.1" 304 -
190.158.100.67 - - [20/Mar/2024:06:06:21 -0500] "GET /sipse/faces/javax.faces.resource/jquery/jquery.js?ln=primefaces&v=4.0 HTTP/1.1" 304 -
190.158.100.67 - - [20/Mar/2024:06:06:21 -0500] "GET /sipse/faces/javax.faces.resource/fileupload/fileupload.css?ln=primefaces&v=4.0 HTTP/1.1" 304 -
190.158.100.67 - - [20/Mar/2024:06:06:21 -0500] "GET /sipse/faces/javax.faces.resource/primefaces.js?ln=primefaces&v=4.0 HTTP/1.1" 304 -
190.158.100.67 - - [20/Mar/2024:06:06:21 -0500] "GET /sipse/faces/javax.faces.resource/layout/layout.js?ln=primefaces&v=4.0 HTTP/1.1" 304 -
190.158.100.67 - - [20/Mar/2024:06:06:21 -0500] "GET /sipse/faces/javax.faces.resource/jquery/jquery-plugins.js?ln=primefaces&v=4.0 HTTP/1.1" 304 -
190.158.100.67 - - [20/Mar/2024:06:06:21 -0500] "GET /sipse/faces/javax.faces.resource/fileupload/fileupload.js?ln=primefaces&v=4.0 HTTP/1.1" 304 -
190.158.100.67 - - [20/Mar/2024:06:06:42 -0500] "GET /sipse/faces/javax.faces.resource/theme.css?ln=primefaces-sipse HTTP/1.1" 304 -
190.158.100.67 - - [20/Mar/2024:06:06:42 -0500] "GET /sipse/faces/javax.faces.resource/primefaces.css?ln=primefaces&v=4.0 HTTP/1.1" 304 -
190.158.100.67 - - [20/Mar/2024:06:06:42 -0500] "GET /sipse/faces/javax.faces.resource/layout/layout.css?ln=primefaces&v=4.0 HTTP/1.1" 304 -
190.158.100.67 - - [20/Mar/2024:06:06:42 -0500] "GET /sipse/faces/javax.faces.resource/jquery/jquery.js?ln=primefaces&v=4.0 HTTP/1.1" 304 -
190.158.100.67 - - [20/Mar/2024:06:06:42 -0500] "GET /sipse/faces/javax.faces.resource/primefaces.js?ln=primefaces&v=4.0 HTTP/1.1" 304 -
190.158.100.67 - - [20/Mar/2024:06:06:42 -0500] "GET /sipse/faces/javax.faces.resource/jquery/jquery-plugins.js?ln=primefaces&v=4.0 HTTP/1.1" 304 -
190.158.100.67 - - [20/Mar/2024:06:06:42 -0500] "GET /sipse/faces/javax.faces.resource/layout/layout.js?ln=primefaces&v=4.0 HTTP/1.1" 304 -
190.158.100.67 - - [20/Mar/2024:06:06:41 -0500] "POST /sipse/faces/presentacion/sistema/anexos/cargarAnexoSolicitudProceso.xhtml HTTP/1.1" 200 177458
172.22.2.4 - - [20/Mar/2024:06:06:45 -0500] "GET /BLA/boletinlegal/robots.txt HTTP/1.1" 404 1038
190.158.100.67 - - [20/Mar/2024:06:06:46 -0500] "POST /sipse/faces/presentacion/financiero/solicitudProceso/consultarSolicitudProceso.xhtml HTTP/1.1" 200 21232
190.158.100.67 - - [20/Mar/2024:06:06:46 -0500] "GET /sipse/faces/javax.faces.resource/theme.css?ln=primefaces-sipse HTTP/1.1" 304 -
190.158.100.67 - - [20/Mar/2024:06:06:46 -0500] "GET /sipse/faces/javax.faces.resource/primefaces.css?ln=primefaces&v=4.0 HTTP/1.1" 304 -
190.158.100.67 - - [20/Mar/2024:06:06:46 -0500] "GET /sipse/faces/javax.faces.resource/jquery/jquery-plugins.js?ln=primefaces&v=4.0 HTTP/1.1" 304 -
190.158.100.67 - - [20/Mar/2024:06:06:46 -0500] "GET /sipse/faces/javax.faces.resource/primefaces.js?ln=primefaces&v=4.0 HTTP/1.1" 304 -
190.158.100.67 - - [20/Mar/2024:06:06:46 -0500] "GET /sipse/faces/javax.faces.resource/layout/layout.css?ln=primefaces&v=4.0 HTTP/1.1" 304 -
190.158.100.67 - - [20/Mar/2024:06:06:46 -0500] "GET /sipse/faces/javax.faces.resource/jquery/jquery.js?ln=primefaces&v=4.0 HTTP/1.1" 304 -
190.158.100.67 - - [20/Mar/2024:06:06:46 -0500] "GET /sipse/faces/javax.faces.resource/layout/layout.js?ln=primefaces&v=4.0 HTTP/1.1" 304 -
190.158.100.67 - - [20/Mar/2024:06:06:46 -0500] "GET /sipse/faces/javax.faces.resource/fileupload/fileupload.css?ln=primefaces&v=4.0 HTTP/1.1" 304 -
190.158.100.67 - - [20/Mar/2024:06:06:46 -0500] "GET /sipse/faces/javax.faces.resource/fileupload/fileupload.js?ln=primefaces&v=4.0 HTTP/1.1" 304 -
190.158.100.67 - - [20/Mar/2024:06:07:02 -0500] "GET /sipse/faces/javax.faces.resource/primefaces.css?ln=primefaces&v=4.0 HTTP/1.1" 304 -
190.158.100.67 - - [20/Mar/2024:06:07:02 -0500] "GET /sipse/faces/javax.faces.resource/theme.css?ln=primefaces-sipse HTTP/1.1" 304 -
190.158.100.67 - - [20/Mar/2024:06:07:02 -0500] "GET /sipse/faces/javax.faces.resource/layout/layout.css?ln=primefaces&v=4.0 HTTP/1.1" 304 -
190.158.100.67 - - [20/Mar/2024:06:07:02 -0500] "GET /sipse/faces/javax.faces.resource/layout/layout.js?ln=primefaces&v=4.0 HTTP/1.1" 304 -
190.158.100.67 - - [20/Mar/2024:06:07:02 -0500] "GET /sipse/faces/javax.faces.resource/primefaces.js?ln=primefaces&v=4.0 HTTP/1.1" 304 -
190.158.100.67 - - [20/Mar/2024:06:07:02 -0500] "GET /sipse/faces/javax.faces.resource/jquery/jquery.js?ln=primefaces&v=4.0 HTTP/1.1" 304 -
190.158.100.67 - - [20/Mar/2024:06:07:02 -0500] "GET /sipse/faces/javax.faces.resource/jquery/jquery-plugins.js?ln=primefaces&v=4.0 HTTP/1.1" 304 -
190.158.100.67 - - [20/Mar/2024:06:07:01 -0500] "POST /sipse/faces/presentacion/sistema/anexos/cargarAnexoSolicitudProceso.xhtml HTTP/1.1" 200 179258
201.245.192.253 - - [20/Mar/2024:06:07:03 -0500] "POST /kwsrmcab/Wsrmcab  HTTP/1.1" 200 37499
190.158.100.67 - - [20/Mar/2024:06:07:07 -0500] "POST /sipse/faces/presentacion/financiero/solicitudProceso/consultarSolicitudProceso.xhtml HTTP/1.1" 200 65595
190.158.100.67 - - [20/Mar/2024:06:07:10 -0500] "GET /sipse/faces/javax.faces.resource/theme.css?ln=primefaces-sipse HTTP/1.1" 304 -
190.158.100.67 - - [20/Mar/2024:06:07:10 -0500] "GET /sipse/faces/javax.faces.resource/primefaces.css?ln=primefaces&v=4.0 HTTP/1.1" 304 -
190.158.100.67 - - [20/Mar/2024:06:07:10 -0500] "GET /sipse/faces/javax.faces.resource/layout/layout.css?ln=primefaces&v=4.0 HTTP/1.1" 304 -
190.158.100.67 - - [20/Mar/2024:06:07:10 -0500] "GET /sipse/faces/javax.faces.resource/jquery/jquery.js?ln=primefaces&v=4.0 HTTP/1.1" 304 -
190.158.100.67 - - [20/Mar/2024:06:07:10 -0500] "GET /sipse/faces/javax.faces.resource/jquery/jquery-plugins.js?ln=primefaces&v=4.0 HTTP/1.1" 304 -
190.158.100.67 - - [20/Mar/2024:06:07:10 -0500] "GET /sipse/faces/javax.faces.resource/primefaces.js?ln=primefaces&v=4.0 HTTP/1.1" 304 -
190.158.100.67 - - [20/Mar/2024:06:07:10 -0500] "GET /sipse/faces/javax.faces.resource/layout/layout.js?ln=primefaces&v=4.0 HTTP/1.1" 304 -
190.158.100.67 - - [20/Mar/2024:06:07:10 -0500] "POST /sipse/faces/presentacion/financiero/solicitudProceso/listarSolicitudProceso.xhtml HTTP/1.1" 200 1556
172.22.2.4 - - [20/Mar/2024:06:06:59 -0500] "HEAD /BLA/boletinlegal/ HTTP/1.1" 200 -
216.245.221.92 - - [20/Mar/2024:06:09:14 -0500] "HEAD / HTTP/1.1" 200 -
172.22.2.4 - - [20/Mar/2024:06:07:36 -0500] "HEAD /BLA/boletinlegal/ HTTP/1.1" 200 -
172.22.2.4 - - [20/Mar/2024:06:07:50 -0500] "GET /BLA/boletinlegal/ HTTP/1.1" 200 45535
172.22.2.4 - - [20/Mar/2024:06:08:19 -0500] "GET /BLA/boletinlegal/ HTTP/1.1" 200 51986
201.245.192.253 - - [20/Mar/2024:06:12:02 -0500] "POST /kwsrmcab/Wsrmcab  HTTP/1.1" 200 37499
168.119.253.21 - - [20/Mar/2024:06:12:02 -0500] "GET / HTTP/1.1" 200 4720
66.249.66.19 - - [20/Mar/2024:06:12:54 -0500] "GET /BLA/resoluciones/RESOLUCIONES%202009/5288.pdf HTTP/1.1" 200 510511
190.158.100.67 - - [20/Mar/2024:06:13:56 -0500] "POST /sipse/faces/presentacion/financiero/solicitudProceso/listarSolicitudProceso.xhtml HTTP/1.1" 200 58354
190.158.100.67 - - [20/Mar/2024:06:13:57 -0500] "POST /sipse/faces/presentacion/financiero/solicitudProceso/listarSolicitudProceso.xhtml HTTP/1.1" 200 58354
190.158.100.67 - - [20/Mar/2024:06:13:57 -0500] "POST /sipse/faces/presentacion/financiero/solicitudProceso/listarSolicitudProceso.xhtml HTTP/1.1" 200 1556
190.158.100.67 - - [20/Mar/2024:06:13:58 -0500] "POST /sipse/faces/presentacion/financiero/solicitudProceso/listarSolicitudProceso.xhtml HTTP/1.1" 200 1552
190.158.100.67 - - [20/Mar/2024:06:14:00 -0500] "POST /sipse/faces/presentacion/financiero/solicitudProceso/listarSolicitudProceso.xhtml HTTP/1.1" 200 59163
190.158.100.67 - - [20/Mar/2024:06:14:00 -0500] "GET /sipse/faces/javax.faces.resource/theme.css?ln=primefaces-sipse HTTP/1.1" 304 -
190.158.100.67 - - [20/Mar/2024:06:14:00 -0500] "GET /sipse/faces/javax.faces.resource/jquery/jquery.js?ln=primefaces&v=4.0 HTTP/1.1" 304 -
190.158.100.67 - - [20/Mar/2024:06:14:00 -0500] "GET /sipse/faces/javax.faces.resource/primefaces.css?ln=primefaces&v=4.0 HTTP/1.1" 304 -
190.158.100.67 - - [20/Mar/2024:06:14:00 -0500] "GET /sipse/faces/javax.faces.resource/layout/layout.css?ln=primefaces&v=4.0 HTTP/1.1" 304 -
190.158.100.67 - - [20/Mar/2024:06:14:00 -0500] "GET /sipse/faces/javax.faces.resource/jquery/jquery-plugins.js?ln=primefaces&v=4.0 HTTP/1.1" 304 -
190.158.100.67 - - [20/Mar/2024:06:14:00 -0500] "GET /sipse/css/imagen/contrasena.png HTTP/1.1" 404 383
190.158.100.67 - - [20/Mar/2024:06:14:00 -0500] "GET /sipse/faces/javax.faces.resource/primefaces.js?ln=primefaces&v=4.0 HTTP/1.1" 304 -
190.158.100.67 - - [20/Mar/2024:06:14:01 -0500] "GET /sipse/faces/javax.faces.resource/layout/layout.js?ln=primefaces&v=4.0 HTTP/1.1" 304 -
190.158.100.67 - - [20/Mar/2024:06:14:01 -0500] "GET /sipse/faces/javax.faces.resource/images/ui-icons_898989_256x240.png?ln=primefaces-aristo HTTP/1.1" 304 -
190.158.100.67 - - [20/Mar/2024:06:14:06 -0500] "GET /sipse/faces/javax.faces.resource/images/ui-bg_flat_0_2d5972_40x100.png?ln=primefaces-aristo HTTP/1.1" 304 -
190.158.100.67 - - [20/Mar/2024:06:14:06 -0500] "POST /sipse/faces/presentacion/financiero/solicitudProceso/crearModificarSolicitudProceso.xhtml HTTP/1.1" 200 51773
190.158.100.67 - - [20/Mar/2024:06:14:12 -0500] "POST /sipse/faces/presentacion/financiero/solicitudProceso/crearModificarSolicitudProceso.xhtml HTTP/1.1" 200 25138
216.245.221.92 - - [20/Mar/2024:06:14:14 -0500] "HEAD / HTTP/1.1" 200 -
190.158.100.67 - - [20/Mar/2024:06:14:29 -0500] "POST /sipse/faces/presentacion/financiero/solicitudProceso/crearModificarSolicitudProceso.xhtml HTTP/1.1" 200 6307
186.102.116.252 - - [20/Mar/2024:06:14:29 -0500] "GET /appsia/controlador HTTP/1.1" 200 4799
186.102.116.252 - - [20/Mar/2024:06:14:29 -0500] "GET /appsia/scripts/validarIngreso.js HTTP/1.1" 200 851
186.102.116.252 - - [20/Mar/2024:06:14:29 -0500] "GET /appsia/css/estilos.css HTTP/1.1" 200 4804
172.22.2.4 - - [20/Mar/2024:06:12:49 -0500] "HEAD /BLA/boletinlegal/ HTTP/1.1" 200 -
186.102.116.252 - - [20/Mar/2024:06:14:29 -0500] "GET /appsia/images/logo_bogota_p.png HTTP/1.1" 200 14951
186.102.116.252 - - [20/Mar/2024:06:14:29 -0500] "GET /appsia/images/cabezoteHojaVida.png HTTP/1.1" 200 32493
186.102.116.252 - - [20/Mar/2024:06:14:29 -0500] "GET /favicon.ico HTTP/1.1" 200 7782
186.102.116.252 - - [20/Mar/2024:06:14:33 -0500] "POST /appsia/controlador HTTP/1.1" 200 5437
186.102.116.252 - - [20/Mar/2024:06:14:36 -0500] "POST /appsia/controlador HTTP/1.1" 200 7773
190.158.100.67 - - [20/Mar/2024:06:14:37 -0500] "POST /sipse/faces/presentacion/financiero/solicitudProceso/crearModificarSolicitudProceso.xhtml HTTP/1.1" 200 9556
186.102.116.252 - - [20/Mar/2024:06:14:42 -0500] "POST /appsia/controlador HTTP/1.1" 200 6638
190.158.100.67 - - [20/Mar/2024:06:14:44 -0500] "POST /sipse/faces/presentacion/financiero/solicitudProceso/crearModificarSolicitudProceso.xhtml HTTP/1.1" 200 7346
186.102.116.252 - - [20/Mar/2024:06:14:45 -0500] "POST /appsia/controlador HTTP/1.1" 200 10278
66.249.66.20 - - [20/Mar/2024:06:15:02 -0500] "GET /Publicaciones/2024EE59680.pdf HTTP/1.1" 200 343315
66.249.66.20 - - [20/Mar/2024:06:15:03 -0500] "GET /Publicaciones/2024EE32719.pdf HTTP/1.1" 404 227
172.22.2.4 - - [20/Mar/2024:06:13:40 -0500] "GET /BLA/boletinlegal/ HTTP/1.1" 200 53818
190.158.100.67 - - [20/Mar/2024:06:15:50 -0500] "GET /sipse/faces/javax.faces.resource/theme.css?ln=primefaces-sipse HTTP/1.1" 304 -
190.158.100.67 - - [20/Mar/2024:06:15:50 -0500] "POST /sipse/faces/presentacion/financiero/solicitudProceso/crearModificarSolicitudProceso.xhtml HTTP/1.1" 200 24662
190.158.100.67 - - [20/Mar/2024:06:15:50 -0500] "GET /sipse/faces/javax.faces.resource/primefaces.css?ln=primefaces&v=4.0 HTTP/1.1" 304 -
190.158.100.67 - - [20/Mar/2024:06:15:50 -0500] "GET /sipse/faces/javax.faces.resource/primefaces.js?ln=primefaces&v=4.0 HTTP/1.1" 304 -
190.158.100.67 - - [20/Mar/2024:06:15:50 -0500] "GET /sipse/faces/javax.faces.resource/layout/layout.js?ln=primefaces&v=4.0 HTTP/1.1" 304 -
190.158.100.67 - - [20/Mar/2024:06:15:50 -0500] "GET /sipse/faces/javax.faces.resource/jquery/jquery.js?ln=primefaces&v=4.0 HTTP/1.1" 304 -
190.158.100.67 - - [20/Mar/2024:06:15:50 -0500] "GET /sipse/faces/javax.faces.resource/jquery/jquery-plugins.js?ln=primefaces&v=4.0 HTTP/1.1" 304 -
190.158.100.67 - - [20/Mar/2024:06:15:50 -0500] "GET /sipse/faces/javax.faces.resource/layout/layout.css?ln=primefaces&v=4.0 HTTP/1.1" 304 -
190.158.100.67 - - [20/Mar/2024:06:15:50 -0500] "GET /sipse/faces/javax.faces.resource/images/ui-icons_898989_256x240.png?ln=primefaces-aristo HTTP/1.1" 304 -
186.102.116.252 - - [20/Mar/2024:06:16:03 -0500] "GET /appsia/controlador?comando=ingresarMenuPrincipal&id=79470656&funcionario=OSWALDO+MARTIN+MORALES&desde=79470656&hasta=79470656&version=79470656&accion=Regresar HTTP/1.1" 200 5437
190.158.100.67 - - [20/Mar/2024:06:16:05 -0500] "GET /sipse/faces/javax.faces.resource/images/ui-bg_flat_0_2d5972_40x100.png?ln=primefaces-aristo HTTP/1.1" 304 -
190.158.100.67 - - [20/Mar/2024:06:16:05 -0500] "POST /sipse/faces/presentacion/financiero/solicitudProyectoActividad/asociarProyectoSolicitud.xhtml HTTP/1.1" 200 6773
190.158.100.67 - - [20/Mar/2024:06:16:06 -0500] "POST /sipse/faces/presentacion/financiero/solicitudProyectoActividad/asociarProyectoSolicitud.xhtml HTTP/1.1" 200 1696
186.102.116.252 - - [20/Mar/2024:06:16:06 -0500] "POST /appsia/controlador HTTP/1.1" 200 9250
186.102.116.252 - - [20/Mar/2024:06:16:06 -0500] "GET /appsia/images/logo_escudo.png HTTP/1.1" 200 36965
190.158.100.67 - - [20/Mar/2024:06:16:07 -0500] "POST /sipse/faces/presentacion/financiero/solicitudProyectoActividad/asociarProyectoSolicitud.xhtml HTTP/1.1" 200 65840
190.158.100.67 - - [20/Mar/2024:06:16:07 -0500] "GET /sipse/faces/javax.faces.resource/theme.css?ln=primefaces-sipse HTTP/1.1" 304 -
190.158.100.67 - - [20/Mar/2024:06:16:07 -0500] "GET /sipse/faces/javax.faces.resource/primefaces.css?ln=primefaces&v=4.0 HTTP/1.1" 304 -
190.158.100.67 - - [20/Mar/2024:06:16:07 -0500] "GET /sipse/faces/javax.faces.resource/jquery/jquery.js?ln=primefaces&v=4.0 HTTP/1.1" 304 -
190.158.100.67 - - [20/Mar/2024:06:16:07 -0500] "GET /sipse/faces/javax.faces.resource/layout/layout.css?ln=primefaces&v=4.0 HTTP/1.1" 304 -
190.158.100.67 - - [20/Mar/2024:06:16:07 -0500] "GET /sipse/faces/javax.faces.resource/jquery/jquery-plugins.js?ln=primefaces&v=4.0 HTTP/1.1" 304 -
190.158.100.67 - - [20/Mar/2024:06:16:07 -0500] "GET /sipse/faces/javax.faces.resource/primefaces.js?ln=primefaces&v=4.0 HTTP/1.1" 304 -
190.158.100.67 - - [20/Mar/2024:06:16:07 -0500] "GET /sipse/faces/javax.faces.resource/layout/layout.js?ln=primefaces&v=4.0 HTTP/1.1" 304 -
190.158.100.67 - - [20/Mar/2024:06:16:18 -0500] "POST /sipse/faces/presentacion/financiero/solicitudProyectoActividad/asociarActividadSolicitud.xhtml HTTP/1.1" 200 20198
190.158.100.67 - - [20/Mar/2024:06:16:18 -0500] "GET /sipse/faces/javax.faces.resource/theme.css?ln=primefaces-sipse HTTP/1.1" 304 -
190.158.100.67 - - [20/Mar/2024:06:16:18 -0500] "GET /sipse/faces/javax.faces.resource/primefaces.css?ln=primefaces&v=4.0 HTTP/1.1" 304 -
190.158.100.67 - - [20/Mar/2024:06:16:18 -0500] "GET /sipse/faces/javax.faces.resource/layout/layout.css?ln=primefaces&v=4.0 HTTP/1.1" 304 -
190.158.100.67 - - [20/Mar/2024:06:16:18 -0500] "GET /sipse/faces/javax.faces.resource/jquery/jquery.js?ln=primefaces&v=4.0 HTTP/1.1" 304 -
190.158.100.67 - - [20/Mar/2024:06:16:18 -0500] "GET /sipse/faces/javax.faces.resource/jquery/jquery-plugins.js?ln=primefaces&v=4.0 HTTP/1.1" 304 -
190.158.100.67 - - [20/Mar/2024:06:16:18 -0500] "GET /sipse/faces/javax.faces.resource/primefaces.js?ln=primefaces&v=4.0 HTTP/1.1" 304 -
190.158.100.67 - - [20/Mar/2024:06:16:18 -0500] "GET /sipse/faces/javax.faces.resource/layout/layout.js?ln=primefaces&v=4.0 HTTP/1.1" 304 -
186.102.116.252 - - [20/Mar/2024:06:16:22 -0500] "POST /appsia/controlador HTTP/1.1" 200 5437
190.158.100.67 - - [20/Mar/2024:06:16:41 -0500] "POST /sipse/faces/presentacion/financiero/solicitudProyectoActividad/asociarFuentesSolicitud.xhtml HTTP/1.1" 200 82629
190.158.100.67 - - [20/Mar/2024:06:16:41 -0500] "GET /sipse/faces/javax.faces.resource/theme.css?ln=primefaces-sipse HTTP/1.1" 304 -
190.158.100.67 - - [20/Mar/2024:06:16:41 -0500] "GET /sipse/faces/javax.faces.resource/primefaces.css?ln=primefaces&v=4.0 HTTP/1.1" 304 -
190.158.100.67 - - [20/Mar/2024:06:16:41 -0500] "GET /sipse/faces/javax.faces.resource/jquery/jquery.js?ln=primefaces&v=4.0 HTTP/1.1" 304 -
190.158.100.67 - - [20/Mar/2024:06:16:41 -0500] "GET /sipse/faces/javax.faces.resource/layout/layout.css?ln=primefaces&v=4.0 HTTP/1.1" 304 -
190.158.100.67 - - [20/Mar/2024:06:16:41 -0500] "GET /sipse/faces/javax.faces.resource/primefaces.js?ln=primefaces&v=4.0 HTTP/1.1" 304 -
190.158.100.67 - - [20/Mar/2024:06:16:41 -0500] "GET /sipse/faces/javax.faces.resource/layout/layout.js?ln=primefaces&v=4.0 HTTP/1.1" 304 -
190.158.100.67 - - [20/Mar/2024:06:16:41 -0500] "GET /sipse/faces/javax.faces.resource/jquery/jquery-plugins.js?ln=primefaces&v=4.0 HTTP/1.1" 304 -
190.158.100.67 - - [20/Mar/2024:06:16:41 -0500] "GET /sipse/faces/javax.faces.resource/images/ui-icons_898989_256x240.png?ln=primefaces-aristo HTTP/1.1" 304 -
190.158.100.67 - - [20/Mar/2024:06:16:41 -0500] "GET /sipse/css/imagen/contrasena.png HTTP/1.1" 404 383
216.244.66.195 - - [20/Mar/2024:06:16:47 -0500] "GET /BLA/resoluciones/RESOLUCIONES%202023/1816.pdf HTTP/1.1" 200 474366
190.158.100.67 - - [20/Mar/2024:06:17:00 -0500] "GET /sipse/faces/javax.faces.resource/theme.css?ln=primefaces-sipse HTTP/1.1" 304 -
190.158.100.67 - - [20/Mar/2024:06:17:00 -0500] "GET /sipse/faces/javax.faces.resource/primefaces.css?ln=primefaces&v=4.0 HTTP/1.1" 304 -
190.158.100.67 - - [20/Mar/2024:06:17:00 -0500] "GET /sipse/faces/javax.faces.resource/layout/layout.css?ln=primefaces&v=4.0 HTTP/1.1" 304 -
190.158.100.67 - - [20/Mar/2024:06:17:00 -0500] "GET /sipse/faces/javax.faces.resource/jquery/jquery-plugins.js?ln=primefaces&v=4.0 HTTP/1.1" 304 -
190.158.100.67 - - [20/Mar/2024:06:17:00 -0500] "GET /sipse/faces/javax.faces.resource/jquery/jquery.js?ln=primefaces&v=4.0 HTTP/1.1" 304 -
190.158.100.67 - - [20/Mar/2024:06:17:00 -0500] "GET /sipse/faces/javax.faces.resource/primefaces.js?ln=primefaces&v=4.0 HTTP/1.1" 304 -
190.158.100.67 - - [20/Mar/2024:06:17:00 -0500] "GET /sipse/faces/javax.faces.resource/layout/layout.js?ln=primefaces&v=4.0 HTTP/1.1" 304 -
190.158.100.67 - - [20/Mar/2024:06:16:48 -0500] "POST /sipse/faces/presentacion/financiero/solicitudProceso/crearModificarSolicitudProceso.xhtml HTTP/1.1" 200 45615
201.245.192.253 - - [20/Mar/2024:06:17:01 -0500] "POST /kwsrmcab/Wsrmcab  HTTP/1.1" 200 37499
190.158.100.67 - - [20/Mar/2024:06:17:08 -0500] "POST /sipse/faces/presentacion/financiero/solicitudBienServicio/asociarBienServicioSolicitud.xhtml HTTP/1.1" 200 2720
66.249.66.19 - - [20/Mar/2024:06:17:29 -0500] "GET /BLA/resoluciones/RESOLUCIONES%202008/0476.pdf HTTP/1.1" 200 382584
216.244.66.195 - - [20/Mar/2024:06:17:33 -0500] "GET /BLA/resoluciones/RESOLUCIONES%202017/1747.pdf HTTP/1.1" 200 417425
190.158.100.67 - - [20/Mar/2024:06:17:27 -0500] "POST /sipse/faces/presentacion/financiero/solicitudBienServicio/asociarBienServicioSolicitud.xhtml HTTP/1.1" 200 2720
190.158.100.67 - - [20/Mar/2024:06:17:47 -0500] "GET /sipse/faces/javax.faces.resource/images/ui-icons_898989_256x240.png?ln=primefaces-aristo HTTP/1.1" 304 -
216.244.66.195 - - [20/Mar/2024:06:17:48 -0500] "GET /BLA/resoluciones/RESOLUCIONES%202017/2321.pdf HTTP/1.1" 200 909992
190.158.100.67 - - [20/Mar/2024:06:17:48 -0500] "POST /sipse/faces/presentacion/financiero/solicitudBienServicio/asociarBienServicioSolicitud.xhtml HTTP/1.1" 200 78385
190.158.100.67 - - [20/Mar/2024:06:17:49 -0500] "GET /sipse/faces/javax.faces.resource/theme.css?ln=primefaces-sipse HTTP/1.1" 304 -
190.158.100.67 - - [20/Mar/2024:06:17:49 -0500] "GET /sipse/faces/javax.faces.resource/primefaces.css?ln=primefaces&v=4.0 HTTP/1.1" 304 -
190.158.100.67 - - [20/Mar/2024:06:17:49 -0500] "GET /sipse/faces/javax.faces.resource/layout/layout.css?ln=primefaces&v=4.0 HTTP/1.1" 304 -
190.158.100.67 - - [20/Mar/2024:06:17:49 -0500] "GET /sipse/faces/javax.faces.resource/jquery/jquery.js?ln=primefaces&v=4.0 HTTP/1.1" 304 -
190.158.100.67 - - [20/Mar/2024:06:17:49 -0500] "GET /sipse/faces/javax.faces.resource/jquery/jquery-plugins.js?ln=primefaces&v=4.0 HTTP/1.1" 304 -
190.158.100.67 - - [20/Mar/2024:06:17:49 -0500] "GET /sipse/faces/javax.faces.resource/primefaces.js?ln=primefaces&v=4.0 HTTP/1.1" 304 -
190.158.100.67 - - [20/Mar/2024:06:17:49 -0500] "GET /sipse/faces/javax.faces.resource/layout/layout.js?ln=primefaces&v=4.0 HTTP/1.1" 304 -
216.244.66.195 - - [20/Mar/2024:06:18:01 -0500] "GET /BLA/resoluciones/RESOLUCIONES%202017/2457.pdf HTTP/1.1" 200 526045
216.244.66.195 - - [20/Mar/2024:06:18:11 -0500] "GET /BLA/resoluciones/RESOLUCIONES%202017/2526.pdf HTTP/1.1" 200 376666
216.244.66.195 - - [20/Mar/2024:06:18:21 -0500] "GET /BLA/resoluciones/RESOLUCIONES%202017/2616.pdf HTTP/1.1" 200 254683
190.158.100.67 - - [20/Mar/2024:06:18:23 -0500] "POST /sipse/faces/presentacion/financiero/solicitudProceso/crearModificarSolicitudProceso.xhtml HTTP/1.1" 200 65549
190.158.100.67 - - [20/Mar/2024:06:18:26 -0500] "GET /sipse/faces/javax.faces.resource/theme.css?ln=primefaces-sipse HTTP/1.1" 304 -
190.158.100.67 - - [20/Mar/2024:06:18:26 -0500] "GET /sipse/faces/javax.faces.resource/jquery/jquery.js?ln=primefaces&v=4.0 HTTP/1.1" 304 -
190.158.100.67 - - [20/Mar/2024:06:18:26 -0500] "GET /sipse/faces/javax.faces.resource/layout/layout.css?ln=primefaces&v=4.0 HTTP/1.1" 304 -
190.158.100.67 - - [20/Mar/2024:06:18:26 -0500] "GET /sipse/faces/javax.faces.resource/primefaces.css?ln=primefaces&v=4.0 HTTP/1.1" 304 -
190.158.100.67 - - [20/Mar/2024:06:18:26 -0500] "GET /sipse/faces/javax.faces.resource/jquery/jquery-plugins.js?ln=primefaces&v=4.0 HTTP/1.1" 304 -
190.158.100.67 - - [20/Mar/2024:06:18:26 -0500] "GET /sipse/faces/javax.faces.resource/primefaces.js?ln=primefaces&v=4.0 HTTP/1.1" 304 -
190.158.100.67 - - [20/Mar/2024:06:18:26 -0500] "GET /sipse/faces/javax.faces.resource/layout/layout.js?ln=primefaces&v=4.0 HTTP/1.1" 304 -
190.158.100.67 - - [20/Mar/2024:06:18:26 -0500] "GET /sipse/faces/javax.faces.resource/messages/messages.png?ln=primefaces&v=4.0 HTTP/1.1" 304 -
190.158.100.67 - - [20/Mar/2024:06:18:26 -0500] "POST /sipse/faces/presentacion/financiero/solicitudProceso/listarSolicitudProceso.xhtml HTTP/1.1" 200 1556
190.158.100.67 - - [20/Mar/2024:06:18:28 -0500] "POST /sipse/faces/presentacion/financiero/solicitudProceso/listarSolicitudProceso.xhtml HTTP/1.1" 200 31967
190.158.100.67 - - [20/Mar/2024:06:18:30 -0500] "POST /sipse/faces/presentacion/financiero/solicitudProceso/listarSolicitudProceso.xhtml HTTP/1.1" 200 14302
216.244.66.195 - - [20/Mar/2024:06:18:31 -0500] "GET /BLA/resoluciones/RESOLUCIONES%202017/2914.pdf HTTP/1.1" 200 291277
190.158.100.67 - - [20/Mar/2024:06:18:34 -0500] "POST /sipse/faces/presentacion/financiero/solicitudProceso/listarSolicitudProceso.xhtml HTTP/1.1" 200 120155
190.158.100.67 - - [20/Mar/2024:06:18:36 -0500] "GET /sipse/faces/javax.faces.resource/theme.css?ln=primefaces-sipse HTTP/1.1" 304 -
190.158.100.67 - - [20/Mar/2024:06:18:36 -0500] "GET /sipse/faces/javax.faces.resource/primefaces.css?ln=primefaces&v=4.0 HTTP/1.1" 304 -
190.158.100.67 - - [20/Mar/2024:06:18:36 -0500] "GET /sipse/faces/javax.faces.resource/layout/layout.css?ln=primefaces&v=4.0 HTTP/1.1" 304 -
190.158.100.67 - - [20/Mar/2024:06:18:36 -0500] "GET /sipse/faces/javax.faces.resource/jquery/jquery.js?ln=primefaces&v=4.0 HTTP/1.1" 304 -
190.158.100.67 - - [20/Mar/2024:06:18:36 -0500] "GET /sipse/faces/javax.faces.resource/jquery/jquery-plugins.js?ln=primefaces&v=4.0 HTTP/1.1" 304 -
190.158.100.67 - - [20/Mar/2024:06:18:36 -0500] "GET /sipse/faces/javax.faces.resource/primefaces.js?ln=primefaces&v=4.0 HTTP/1.1" 304 -
190.158.100.67 - - [20/Mar/2024:06:18:36 -0500] "GET /sipse/faces/javax.faces.resource/layout/layout.js?ln=primefaces&v=4.0 HTTP/1.1" 304 -
216.244.66.195 - - [20/Mar/2024:06:18:38 -0500] "GET /BLA/resoluciones/RESOLUCIONES%202017/3479.pdf HTTP/1.1" 200 354597
216.245.221.92 - - [20/Mar/2024:06:19:14 -0500] "HEAD / HTTP/1.1" 200 -
216.244.66.195 - - [20/Mar/2024:06:19:15 -0500] "GET /BLA/resoluciones/RESOLUCIONES%202017/3684.pdf HTTP/1.1" 200 1089257
52.8.208.143 - - [20/Mar/2024:06:19:27 -0500] "HEAD / HTTP/1.1" 200 -
201.245.192.253 - - [20/Mar/2024:06:19:04 -0500] "POST /kwsrmcab/Wsrmcab HTTP/1.1" 200 37054
201.245.192.253 - - [20/Mar/2024:06:19:32 -0500] "POST /kwsrmcab/Wsrmcab HTTP/1.1" 200 37921
190.158.100.67 - - [20/Mar/2024:06:19:33 -0500] "POST /sipse/faces/presentacion/financiero/solicitudProceso/consultarSolicitudProceso.xhtml HTTP/1.1" 200 46139
190.158.100.67 - - [20/Mar/2024:06:19:34 -0500] "GET /sipse/faces/javax.faces.resource/theme.css?ln=primefaces-sipse HTTP/1.1" 304 -
190.158.100.67 - - [20/Mar/2024:06:19:34 -0500] "GET /sipse/faces/javax.faces.resource/primefaces.css?ln=primefaces&v=4.0 HTTP/1.1" 304 -
190.158.100.67 - - [20/Mar/2024:06:19:34 -0500] "GET /sipse/faces/javax.faces.resource/layout/layout.css?ln=primefaces&v=4.0 HTTP/1.1" 304 -
190.158.100.67 - - [20/Mar/2024:06:19:34 -0500] "GET /sipse/faces/javax.faces.resource/jquery/jquery.js?ln=primefaces&v=4.0 HTTP/1.1" 304 -
190.158.100.67 - - [20/Mar/2024:06:19:34 -0500] "GET /sipse/faces/javax.faces.resource/jquery/jquery-plugins.js?ln=primefaces&v=4.0 HTTP/1.1" 304 -
190.158.100.67 - - [20/Mar/2024:06:19:34 -0500] "GET /sipse/faces/javax.faces.resource/primefaces.js?ln=primefaces&v=4.0 HTTP/1.1" 304 -
190.158.100.67 - - [20/Mar/2024:06:19:34 -0500] "GET /sipse/faces/javax.faces.resource/layout/layout.js?ln=primefaces&v=4.0 HTTP/1.1" 304 -
201.245.192.253 - - [20/Mar/2024:06:19:36 -0500] "POST /kwsrmcab/Wsrmcab HTTP/1.1" 200 37201
190.158.100.67 - - [20/Mar/2024:06:19:47 -0500] "POST /sipse/faces/presentacion/financiero/estudioPrevio/personalSolicitado/personalSolicitadoSolicitudProceso.xhtml HTTP/1.1" 200 7027
216.244.66.195 - - [20/Mar/2024:06:19:53 -0500] "GET /BLA/resoluciones/RESOLUCIONES%202019/0481.pdf HTTP/1.1" 200 587877
190.158.100.67 - - [20/Mar/2024:06:19:53 -0500] "POST /sipse/faces/presentacion/financiero/estudioPrevio/personalSolicitado/personalSolicitadoSolicitudProceso.xhtml HTTP/1.1" 200 36846
190.158.100.67 - - [20/Mar/2024:06:19:53 -0500] "GET /sipse/faces/javax.faces.resource/theme.css?ln=primefaces-sipse HTTP/1.1" 304 -
190.158.100.67 - - [20/Mar/2024:06:19:53 -0500] "GET /sipse/faces/javax.faces.resource/jquery/jquery.js?ln=primefaces&v=4.0 HTTP/1.1" 304 -
190.158.100.67 - - [20/Mar/2024:06:19:53 -0500] "GET /sipse/faces/javax.faces.resource/layout/layout.css?ln=primefaces&v=4.0 HTTP/1.1" 304 -
190.158.100.67 - - [20/Mar/2024:06:19:53 -0500] "GET /sipse/faces/javax.faces.resource/primefaces.css?ln=primefaces&v=4.0 HTTP/1.1" 304 -
190.158.100.67 - - [20/Mar/2024:06:19:53 -0500] "GET /sipse/faces/javax.faces.resource/jquery/jquery-plugins.js?ln=primefaces&v=4.0 HTTP/1.1" 304 -
190.158.100.67 - - [20/Mar/2024:06:19:53 -0500] "GET /sipse/faces/javax.faces.resource/primefaces.js?ln=primefaces&v=4.0 HTTP/1.1" 304 -
190.158.100.67 - - [20/Mar/2024:06:19:53 -0500] "GET /sipse/faces/javax.faces.resource/layout/layout.js?ln=primefaces&v=4.0 HTTP/1.1" 304 -
172.22.2.4 - - [20/Mar/2024:06:18:16 -0500] "GET /BLA/boletinlegal/ HTTP/1.1" 200 54300
190.158.100.67 - - [20/Mar/2024:06:19:56 -0500] "POST /sipse/faces/presentacion/financiero/estudioPrevio/personalSolicitado/asociarProfesionPersonalSolicitado.xhtml HTTP/1.1" 200 21318
190.158.100.67 - - [20/Mar/2024:06:19:57 -0500] "POST /sipse/faces/presentacion/financiero/estudioPrevio/personalSolicitado/asociarProfesionPersonalSolicitado.xhtml HTTP/1.1" 200 21318
190.158.100.67 - - [20/Mar/2024:06:19:59 -0500] "POST /sipse/faces/presentacion/financiero/estudioPrevio/personalSolicitado/asociarProfesionPersonalSolicitado.xhtml HTTP/1.1" 200 21326
190.158.100.67 - - [20/Mar/2024:06:20:14 -0500] "POST /sipse/faces/presentacion/financiero/estudioPrevio/personalSolicitado/asociarProfesionPersonalSolicitado.xhtml HTTP/1.1" 200 50823
190.158.100.67 - - [20/Mar/2024:06:20:15 -0500] "GET /sipse/faces/javax.faces.resource/theme.css?ln=primefaces-sipse HTTP/1.1" 304 -
190.158.100.67 - - [20/Mar/2024:06:20:15 -0500] "GET /sipse/faces/javax.faces.resource/primefaces.css?ln=primefaces&v=4.0 HTTP/1.1" 304 -
190.158.100.67 - - [20/Mar/2024:06:20:15 -0500] "GET /sipse/faces/javax.faces.resource/layout/layout.css?ln=primefaces&v=4.0 HTTP/1.1" 304 -
190.158.100.67 - - [20/Mar/2024:06:20:15 -0500] "GET /sipse/faces/javax.faces.resource/jquery/jquery-plugins.js?ln=primefaces&v=4.0 HTTP/1.1" 304 -
190.158.100.67 - - [20/Mar/2024:06:20:15 -0500] "GET /sipse/faces/javax.faces.resource/layout/layout.js?ln=primefaces&v=4.0 HTTP/1.1" 304 -
190.158.100.67 - - [20/Mar/2024:06:20:15 -0500] "GET /sipse/faces/javax.faces.resource/jquery/jquery.js?ln=primefaces&v=4.0 HTTP/1.1" 304 -
190.158.100.67 - - [20/Mar/2024:06:20:15 -0500] "GET /sipse/faces/javax.faces.resource/primefaces.js?ln=primefaces&v=4.0 HTTP/1.1" 304 -
172.22.2.4 - - [20/Mar/2024:06:18:39 -0500] "HEAD /BLA/boletinlegal/ HTTP/1.1" 200 -
190.158.100.67 - - [20/Mar/2024:06:20:19 -0500] "POST /sipse/faces/presentacion/financiero/estudioPrevio/personalSolicitado/personalSolicitadoSolicitudProceso.xhtml HTTP/1.1" 200 36850
190.158.100.67 - - [20/Mar/2024:06:20:19 -0500] "GET /sipse/faces/javax.faces.resource/theme.css?ln=primefaces-sipse HTTP/1.1" 304 -
190.158.100.67 - - [20/Mar/2024:06:20:19 -0500] "GET /sipse/faces/javax.faces.resource/primefaces.css?ln=primefaces&v=4.0 HTTP/1.1" 304 -
190.158.100.67 - - [20/Mar/2024:06:20:19 -0500] "GET /sipse/faces/javax.faces.resource/jquery/jquery.js?ln=primefaces&v=4.0 HTTP/1.1" 304 -
190.158.100.67 - - [20/Mar/2024:06:20:19 -0500] "GET /sipse/faces/javax.faces.resource/layout/layout.css?ln=primefaces&v=4.0 HTTP/1.1" 304 -
190.158.100.67 - - [20/Mar/2024:06:20:19 -0500] "GET /sipse/faces/javax.faces.resource/jquery/jquery-plugins.js?ln=primefaces&v=4.0 HTTP/1.1" 304 -
190.158.100.67 - - [20/Mar/2024:06:20:20 -0500] "GET /sipse/faces/javax.faces.resource/primefaces.js?ln=primefaces&v=4.0 HTTP/1.1" 304 -
190.158.100.67 - - [20/Mar/2024:06:20:20 -0500] "GET /sipse/faces/javax.faces.resource/layout/layout.js?ln=primefaces&v=4.0 HTTP/1.1" 304 -
190.158.100.67 - - [20/Mar/2024:06:20:22 -0500] "POST /sipse/faces/presentacion/financiero/estudioPrevio/personalSolicitado/asociarProfesionPersonalSolicitado.xhtml HTTP/1.1" 200 10383
190.158.100.67 - - [20/Mar/2024:06:20:22 -0500] "POST /sipse/faces/presentacion/financiero/estudioPrevio/personalSolicitado/asociarProfesionPersonalSolicitado.xhtml HTTP/1.1" 200 10383
216.244.66.195 - - [20/Mar/2024:06:20:24 -0500] "GET /BLA/resoluciones/RESOLUCIONES%202019/0495.pdf HTTP/1.1" 200 303564
190.158.100.67 - - [20/Mar/2024:06:20:27 -0500] "GET /sipse/faces/javax.faces.resource/primefaces.css?ln=primefaces&v=4.0 HTTP/1.1" 304 -
190.158.100.67 - - [20/Mar/2024:06:20:27 -0500] "GET /sipse/faces/javax.faces.resource/theme.css?ln=primefaces-sipse HTTP/1.1" 304 -
190.158.100.67 - - [20/Mar/2024:06:20:26 -0500] "POST /sipse/faces/presentacion/financiero/estudioPrevio/personalSolicitado/asociarProfesionPersonalSolicitado.xhtml HTTP/1.1" 200 52106
190.158.100.67 - - [20/Mar/2024:06:20:27 -0500] "GET /sipse/faces/javax.faces.resource/layout/layout.css?ln=primefaces&v=4.0 HTTP/1.1" 304 -
190.158.100.67 - - [20/Mar/2024:06:20:27 -0500] "GET /sipse/faces/javax.faces.resource/jquery/jquery.js?ln=primefaces&v=4.0 HTTP/1.1" 304 -
190.158.100.67 - - [20/Mar/2024:06:20:27 -0500] "GET /sipse/faces/javax.faces.resource/jquery/jquery-plugins.js?ln=primefaces&v=4.0 HTTP/1.1" 304 -
190.158.100.67 - - [20/Mar/2024:06:20:27 -0500] "GET /sipse/faces/javax.faces.resource/primefaces.js?ln=primefaces&v=4.0 HTTP/1.1" 304 -
190.158.100.67 - - [20/Mar/2024:06:20:27 -0500] "GET /sipse/faces/javax.faces.resource/layout/layout.js?ln=primefaces&v=4.0 HTTP/1.1" 304 -
201.245.192.253 - - [20/Mar/2024:06:20:38 -0500] "POST /kwsrmcab/Wsrmcab HTTP/1.1" 200 37921
216.244.66.195 - - [20/Mar/2024:06:20:53 -0500] "GET /BLA/resoluciones/RESOLUCIONES%202019/0503.pdf HTTP/1.1" 200 273308
172.22.2.4 - - [20/Mar/2024:06:19:30 -0500] "GET /BLA/boletinlegal/ HTTP/1.1" 200 44737
216.244.66.195 - - [20/Mar/2024:06:21:22 -0500] "GET /BLA/resoluciones/RESOLUCIONES%202019/0559.pdf HTTP/1.1" 200 1877920
172.22.2.4 - - [20/Mar/2024:06:19:44 -0500] "HEAD /BLA/boletinlegal/ HTTP/1.1" 200 -
190.158.100.67 - - [20/Mar/2024:06:21:28 -0500] "POST /sipse/faces/presentacion/financiero/estudioPrevio/personalSolicitado/personalSolicitadoSolicitudProceso.xhtml HTTP/1.1" 200 36854
190.158.100.67 - - [20/Mar/2024:06:21:29 -0500] "GET /sipse/faces/javax.faces.resource/theme.css?ln=primefaces-sipse HTTP/1.1" 304 -
190.158.100.67 - - [20/Mar/2024:06:21:29 -0500] "GET /sipse/faces/javax.faces.resource/jquery/jquery.js?ln=primefaces&v=4.0 HTTP/1.1" 304 -
190.158.100.67 - - [20/Mar/2024:06:21:29 -0500] "GET /sipse/faces/javax.faces.resource/layout/layout.css?ln=primefaces&v=4.0 HTTP/1.1" 304 -
190.158.100.67 - - [20/Mar/2024:06:21:29 -0500] "GET /sipse/faces/javax.faces.resource/primefaces.css?ln=primefaces&v=4.0 HTTP/1.1" 304 -
190.158.100.67 - - [20/Mar/2024:06:21:29 -0500] "GET /sipse/faces/javax.faces.resource/jquery/jquery-plugins.js?ln=primefaces&v=4.0 HTTP/1.1" 304 -
190.158.100.67 - - [20/Mar/2024:06:21:29 -0500] "GET /sipse/faces/javax.faces.resource/primefaces.js?ln=primefaces&v=4.0 HTTP/1.1" 304 -
190.158.100.67 - - [20/Mar/2024:06:21:29 -0500] "GET /sipse/faces/javax.faces.resource/layout/layout.js?ln=primefaces&v=4.0 HTTP/1.1" 304 -
190.158.100.67 - - [20/Mar/2024:06:21:31 -0500] "POST /sipse/faces/presentacion/financiero/estudioPrevio/personalSolicitado/asociarProfesionPersonalSolicitado.xhtml HTTP/1.1" 200 20794
190.158.100.67 - - [20/Mar/2024:06:21:32 -0500] "POST /sipse/faces/presentacion/financiero/estudioPrevio/personalSolicitado/asociarProfesionPersonalSolicitado.xhtml HTTP/1.1" 200 20790
190.158.100.67 - - [20/Mar/2024:06:21:39 -0500] "POST /sipse/faces/presentacion/financiero/estudioPrevio/personalSolicitado/asociarProfesionPersonalSolicitado.xhtml HTTP/1.1" 200 54622
190.158.100.67 - - [20/Mar/2024:06:21:39 -0500] "GET /sipse/faces/javax.faces.resource/theme.css?ln=primefaces-sipse HTTP/1.1" 304 -
190.158.100.67 - - [20/Mar/2024:06:21:39 -0500] "GET /sipse/faces/javax.faces.resource/primefaces.css?ln=primefaces&v=4.0 HTTP/1.1" 304 -
190.158.100.67 - - [20/Mar/2024:06:21:39 -0500] "GET /sipse/faces/javax.faces.resource/primefaces.js?ln=primefaces&v=4.0 HTTP/1.1" 304 -
190.158.100.67 - - [20/Mar/2024:06:21:39 -0500] "GET /sipse/faces/javax.faces.resource/layout/layout.css?ln=primefaces&v=4.0 HTTP/1.1" 304 -
190.158.100.67 - - [20/Mar/2024:06:21:39 -0500] "GET /sipse/faces/javax.faces.resource/jquery/jquery.js?ln=primefaces&v=4.0 HTTP/1.1" 304 -
190.158.100.67 - - [20/Mar/2024:06:21:39 -0500] "GET /sipse/faces/javax.faces.resource/jquery/jquery-plugins.js?ln=primefaces&v=4.0 HTTP/1.1" 304 -
190.158.100.67 - - [20/Mar/2024:06:21:39 -0500] "GET /sipse/faces/javax.faces.resource/layout/layout.js?ln=primefaces&v=4.0 HTTP/1.1" 304 -
190.158.100.67 - - [20/Mar/2024:06:21:44 -0500] "POST /sipse/faces/presentacion/financiero/estudioPrevio/personalSolicitado/personalSolicitadoSolicitudProceso.xhtml HTTP/1.1" 200 36860
190.158.100.67 - - [20/Mar/2024:06:21:45 -0500] "GET /sipse/faces/javax.faces.resource/theme.css?ln=primefaces-sipse HTTP/1.1" 304 -
190.158.100.67 - - [20/Mar/2024:06:21:45 -0500] "GET /sipse/faces/javax.faces.resource/primefaces.css?ln=primefaces&v=4.0 HTTP/1.1" 304 -
190.158.100.67 - - [20/Mar/2024:06:21:45 -0500] "GET /sipse/faces/javax.faces.resource/jquery/jquery.js?ln=primefaces&v=4.0 HTTP/1.1" 304 -
190.158.100.67 - - [20/Mar/2024:06:21:45 -0500] "GET /sipse/faces/javax.faces.resource/layout/layout.css?ln=primefaces&v=4.0 HTTP/1.1" 304 -
190.158.100.67 - - [20/Mar/2024:06:21:45 -0500] "GET /sipse/faces/javax.faces.resource/jquery/jquery-plugins.js?ln=primefaces&v=4.0 HTTP/1.1" 304 -
190.158.100.67 - - [20/Mar/2024:06:21:45 -0500] "GET /sipse/faces/javax.faces.resource/primefaces.js?ln=primefaces&v=4.0 HTTP/1.1" 304 -
190.158.100.67 - - [20/Mar/2024:06:21:45 -0500] "GET /sipse/faces/javax.faces.resource/layout/layout.js?ln=primefaces&v=4.0 HTTP/1.1" 304 -
190.158.100.67 - - [20/Mar/2024:06:21:47 -0500] "POST /sipse/faces/presentacion/financiero/estudioPrevio/personalSolicitado/asociarProfesionPersonalSolicitado.xhtml HTTP/1.1" 200 21157
190.158.100.67 - - [20/Mar/2024:06:21:48 -0500] "POST /sipse/faces/presentacion/financiero/estudioPrevio/personalSolicitado/asociarProfesionPersonalSolicitado.xhtml HTTP/1.1" 200 21153
190.158.100.67 - - [20/Mar/2024:06:21:50 -0500] "POST /sipse/faces/presentacion/financiero/estudioPrevio/personalSolicitado/asociarProfesionPersonalSolicitado.xhtml HTTP/1.1" 200 21368
190.158.100.67 - - [20/Mar/2024:06:21:54 -0500] "POST /sipse/faces/presentacion/financiero/estudioPrevio/personalSolicitado/asociarProfesionPersonalSolicitado.xhtml HTTP/1.1" 200 55889
190.158.100.67 - - [20/Mar/2024:06:21:54 -0500] "GET /sipse/faces/javax.faces.resource/theme.css?ln=primefaces-sipse HTTP/1.1" 304 -
190.158.100.67 - - [20/Mar/2024:06:21:54 -0500] "GET /sipse/faces/javax.faces.resource/primefaces.css?ln=primefaces&v=4.0 HTTP/1.1" 304 -
190.158.100.67 - - [20/Mar/2024:06:21:54 -0500] "GET /sipse/faces/javax.faces.resource/jquery/jquery.js?ln=primefaces&v=4.0 HTTP/1.1" 304 -
190.158.100.67 - - [20/Mar/2024:06:21:54 -0500] "GET /sipse/faces/javax.faces.resource/layout/layout.css?ln=primefaces&v=4.0 HTTP/1.1" 304 -
190.158.100.67 - - [20/Mar/2024:06:21:54 -0500] "GET /sipse/faces/javax.faces.resource/jquery/jquery-plugins.js?ln=primefaces&v=4.0 HTTP/1.1" 304 -
190.158.100.67 - - [20/Mar/2024:06:21:54 -0500] "GET /sipse/faces/javax.faces.resource/primefaces.js?ln=primefaces&v=4.0 HTTP/1.1" 304 -
190.158.100.67 - - [20/Mar/2024:06:21:54 -0500] "GET /sipse/faces/javax.faces.resource/layout/layout.js?ln=primefaces&v=4.0 HTTP/1.1" 304 -
201.245.192.253 - - [20/Mar/2024:06:22:01 -0500] "POST /kwsrmcab/Wsrmcab  HTTP/1.1" 200 37499
190.158.100.67 - - [20/Mar/2024:06:22:04 -0500] "GET /sipse/faces/javax.faces.resource/theme.css?ln=primefaces-sipse HTTP/1.1" 304 -
190.158.100.67 - - [20/Mar/2024:06:22:04 -0500] "GET /sipse/faces/javax.faces.resource/primefaces.css?ln=primefaces&v=4.0 HTTP/1.1" 304 -
190.158.100.67 - - [20/Mar/2024:06:22:04 -0500] "GET /sipse/faces/javax.faces.resource/primefaces.js?ln=primefaces&v=4.0 HTTP/1.1" 304 -
190.158.100.67 - - [20/Mar/2024:06:22:04 -0500] "GET /sipse/faces/javax.faces.resource/layout/layout.css?ln=primefaces&v=4.0 HTTP/1.1" 304 -
190.158.100.67 - - [20/Mar/2024:06:22:04 -0500] "GET /sipse/faces/javax.faces.resource/jquery/jquery-plugins.js?ln=primefaces&v=4.0 HTTP/1.1" 304 -
190.158.100.67 - - [20/Mar/2024:06:22:04 -0500] "GET /sipse/faces/javax.faces.resource/jquery/jquery.js?ln=primefaces&v=4.0 HTTP/1.1" 304 -
190.158.100.67 - - [20/Mar/2024:06:22:04 -0500] "GET /sipse/faces/javax.faces.resource/layout/layout.js?ln=primefaces&v=4.0 HTTP/1.1" 304 -
190.158.100.67 - - [20/Mar/2024:06:22:03 -0500] "POST /sipse/faces/presentacion/financiero/estudioPrevio/personalSolicitado/personalSolicitadoSolicitudProceso.xhtml HTTP/1.1" 200 175746
190.158.100.67 - - [20/Mar/2024:06:22:06 -0500] "POST /sipse/faces/presentacion/financiero/solicitudProceso/consultarSolicitudProceso.xhtml HTTP/1.1" 200 21232
190.158.100.67 - - [20/Mar/2024:06:22:07 -0500] "GET /sipse/faces/javax.faces.resource/theme.css?ln=primefaces-sipse HTTP/1.1" 304 -
190.158.100.67 - - [20/Mar/2024:06:22:07 -0500] "GET /sipse/faces/javax.faces.resource/primefaces.css?ln=primefaces&v=4.0 HTTP/1.1" 304 -
190.158.100.67 - - [20/Mar/2024:06:22:07 -0500] "GET /sipse/faces/javax.faces.resource/layout/layout.css?ln=primefaces&v=4.0 HTTP/1.1" 304 -
190.158.100.67 - - [20/Mar/2024:06:22:07 -0500] "GET /sipse/faces/javax.faces.resource/fileupload/fileupload.css?ln=primefaces&v=4.0 HTTP/1.1" 304 -
190.158.100.67 - - [20/Mar/2024:06:22:07 -0500] "GET /sipse/faces/javax.faces.resource/jquery/jquery.js?ln=primefaces&v=4.0 HTTP/1.1" 304 -
190.158.100.67 - - [20/Mar/2024:06:22:07 -0500] "GET /sipse/faces/javax.faces.resource/jquery/jquery-plugins.js?ln=primefaces&v=4.0 HTTP/1.1" 304 -
190.158.100.67 - - [20/Mar/2024:06:22:07 -0500] "GET /sipse/faces/javax.faces.resource/primefaces.js?ln=primefaces&v=4.0 HTTP/1.1" 304 -
190.158.100.67 - - [20/Mar/2024:06:22:07 -0500] "GET /sipse/faces/javax.faces.resource/layout/layout.js?ln=primefaces&v=4.0 HTTP/1.1" 304 -
190.158.100.67 - - [20/Mar/2024:06:22:07 -0500] "GET /sipse/faces/javax.faces.resource/fileupload/fileupload.js?ln=primefaces&v=4.0 HTTP/1.1" 304 -
172.22.2.4 - - [20/Mar/2024:06:20:31 -0500] "GET /BLA/boletinlegal/ HTTP/1.1" 200 54913
216.244.66.195 - - [20/Mar/2024:06:22:12 -0500] "GET /BLA/resoluciones/RESOLUCIONES%202019/1613.pdf HTTP/1.1" 200 292767
190.158.100.67 - - [20/Mar/2024:06:22:39 -0500] "GET /sipse/faces/javax.faces.resource/theme.css?ln=primefaces-sipse HTTP/1.1" 304 -
190.158.100.67 - - [20/Mar/2024:06:22:40 -0500] "GET /sipse/faces/javax.faces.resource/layout/layout.css?ln=primefaces&v=4.0 HTTP/1.1" 304 -
190.158.100.67 - - [20/Mar/2024:06:22:40 -0500] "GET /sipse/faces/javax.faces.resource/primefaces.css?ln=primefaces&v=4.0 HTTP/1.1" 304 -
190.158.100.67 - - [20/Mar/2024:06:22:40 -0500] "GET /sipse/faces/javax.faces.resource/jquery/jquery.js?ln=primefaces&v=4.0 HTTP/1.1" 304 -
190.158.100.67 - - [20/Mar/2024:06:22:40 -0500] "GET /sipse/faces/javax.faces.resource/jquery/jquery-plugins.js?ln=primefaces&v=4.0 HTTP/1.1" 304 -
190.158.100.67 - - [20/Mar/2024:06:22:40 -0500] "GET /sipse/faces/javax.faces.resource/primefaces.js?ln=primefaces&v=4.0 HTTP/1.1" 304 -
190.158.100.67 - - [20/Mar/2024:06:22:40 -0500] "GET /sipse/faces/javax.faces.resource/layout/layout.js?ln=primefaces&v=4.0 HTTP/1.1" 304 -
190.158.100.67 - - [20/Mar/2024:06:22:39 -0500] "POST /sipse/faces/presentacion/sistema/anexos/cargarAnexoSolicitudProceso.xhtml HTTP/1.1" 200 177430
190.158.100.67 - - [20/Mar/2024:06:22:44 -0500] "POST /sipse/faces/presentacion/financiero/solicitudProceso/consultarSolicitudProceso.xhtml HTTP/1.1" 200 21232
216.244.66.195 - - [20/Mar/2024:06:22:44 -0500] "GET /BLA/resoluciones/RESOLUCIONES%202019/1937.pdf HTTP/1.1" 200 547627
190.158.100.67 - - [20/Mar/2024:06:22:44 -0500] "GET /sipse/faces/javax.faces.resource/theme.css?ln=primefaces-sipse HTTP/1.1" 304 -
190.158.100.67 - - [20/Mar/2024:06:22:44 -0500] "GET /sipse/faces/javax.faces.resource/primefaces.css?ln=primefaces&v=4.0 HTTP/1.1" 304 -
190.158.100.67 - - [20/Mar/2024:06:22:44 -0500] "GET /sipse/faces/javax.faces.resource/jquery/jquery-plugins.js?ln=primefaces&v=4.0 HTTP/1.1" 304 -
190.158.100.67 - - [20/Mar/2024:06:22:44 -0500] "GET /sipse/faces/javax.faces.resource/fileupload/fileupload.css?ln=primefaces&v=4.0 HTTP/1.1" 304 -
190.158.100.67 - - [20/Mar/2024:06:22:44 -0500] "GET /sipse/faces/javax.faces.resource/layout/layout.css?ln=primefaces&v=4.0 HTTP/1.1" 304 -
190.158.100.67 - - [20/Mar/2024:06:22:44 -0500] "GET /sipse/faces/javax.faces.resource/primefaces.js?ln=primefaces&v=4.0 HTTP/1.1" 304 -
190.158.100.67 - - [20/Mar/2024:06:22:44 -0500] "GET /sipse/faces/javax.faces.resource/jquery/jquery.js?ln=primefaces&v=4.0 HTTP/1.1" 304 -
190.158.100.67 - - [20/Mar/2024:06:22:44 -0500] "GET /sipse/faces/javax.faces.resource/layout/layout.js?ln=primefaces&v=4.0 HTTP/1.1" 304 -
190.158.100.67 - - [20/Mar/2024:06:22:44 -0500] "GET /sipse/faces/javax.faces.resource/fileupload/fileupload.js?ln=primefaces&v=4.0 HTTP/1.1" 304 -
190.158.100.67 - - [20/Mar/2024:06:23:16 -0500] "GET /sipse/faces/javax.faces.resource/theme.css?ln=primefaces-sipse HTTP/1.1" 304 -
190.158.100.67 - - [20/Mar/2024:06:23:16 -0500] "GET /sipse/faces/javax.faces.resource/primefaces.css?ln=primefaces&v=4.0 HTTP/1.1" 304 -
190.158.100.67 - - [20/Mar/2024:06:23:16 -0500] "GET /sipse/faces/javax.faces.resource/layout/layout.css?ln=primefaces&v=4.0 HTTP/1.1" 304 -
190.158.100.67 - - [20/Mar/2024:06:23:16 -0500] "GET /sipse/faces/javax.faces.resource/jquery/jquery.js?ln=primefaces&v=4.0 HTTP/1.1" 304 -
190.158.100.67 - - [20/Mar/2024:06:23:16 -0500] "GET /sipse/faces/javax.faces.resource/primefaces.js?ln=primefaces&v=4.0 HTTP/1.1" 304 -
190.158.100.67 - - [20/Mar/2024:06:23:16 -0500] "GET /sipse/faces/javax.faces.resource/jquery/jquery-plugins.js?ln=primefaces&v=4.0 HTTP/1.1" 304 -
190.158.100.67 - - [20/Mar/2024:06:23:16 -0500] "GET /sipse/faces/javax.faces.resource/layout/layout.js?ln=primefaces&v=4.0 HTTP/1.1" 304 -
190.158.100.67 - - [20/Mar/2024:06:23:15 -0500] "POST /sipse/faces/presentacion/sistema/anexos/cargarAnexoSolicitudProceso.xhtml HTTP/1.1" 200 179229
216.244.66.195 - - [20/Mar/2024:06:23:26 -0500] "GET /BLA/resoluciones/RESOLUCIONES%202019/1983.pdf HTTP/1.1" 200 739153
66.249.66.19 - - [20/Mar/2024:06:23:37 -0500] "GET /BLA/resoluciones/Notificaciones/AUTOS%202023/6090.pdf HTTP/1.1" 304 -
190.158.100.67 - - [20/Mar/2024:06:23:53 -0500] "POST /sipse/faces/presentacion/financiero/solicitudProceso/consultarSolicitudProceso.xhtml HTTP/1.1" 200 65595
190.158.100.67 - - [20/Mar/2024:06:23:55 -0500] "GET /sipse/faces/javax.faces.resource/theme.css?ln=primefaces-sipse HTTP/1.1" 304 -
190.158.100.67 - - [20/Mar/2024:06:23:55 -0500] "GET /sipse/faces/javax.faces.resource/jquery/jquery.js?ln=primefaces&v=4.0 HTTP/1.1" 304 -
190.158.100.67 - - [20/Mar/2024:06:23:55 -0500] "GET /sipse/faces/javax.faces.resource/layout/layout.css?ln=primefaces&v=4.0 HTTP/1.1" 304 -
190.158.100.67 - - [20/Mar/2024:06:23:55 -0500] "GET /sipse/faces/javax.faces.resource/primefaces.css?ln=primefaces&v=4.0 HTTP/1.1" 304 -
190.158.100.67 - - [20/Mar/2024:06:23:55 -0500] "GET /sipse/faces/javax.faces.resource/jquery/jquery-plugins.js?ln=primefaces&v=4.0 HTTP/1.1" 304 -
190.158.100.67 - - [20/Mar/2024:06:23:55 -0500] "GET /sipse/faces/javax.faces.resource/primefaces.js?ln=primefaces&v=4.0 HTTP/1.1" 304 -
190.158.100.67 - - [20/Mar/2024:06:23:55 -0500] "GET /sipse/faces/javax.faces.resource/layout/layout.js?ln=primefaces&v=4.0 HTTP/1.1" 304 -
190.158.100.67 - - [20/Mar/2024:06:23:55 -0500] "POST /sipse/faces/presentacion/financiero/solicitudProceso/listarSolicitudProceso.xhtml HTTP/1.1" 200 1556
190.158.100.67 - - [20/Mar/2024:06:24:02 -0500] "POST /sipse/faces/presentacion/financiero/solicitudProceso/listarSolicitudProceso.xhtml HTTP/1.1" 200 31967
190.158.100.67 - - [20/Mar/2024:06:24:04 -0500] "POST /sipse/faces/presentacion/financiero/solicitudProceso/listarSolicitudProceso.xhtml HTTP/1.1" 200 14295
216.244.66.195 - - [20/Mar/2024:06:24:11 -0500] "GET /BLA/resoluciones/RESOLUCIONES%202023/02659.pdf HTTP/1.1" 200 433510
216.245.221.92 - - [20/Mar/2024:06:24:14 -0500] "HEAD / HTTP/1.1" 200 -
52.167.144.16 - - [20/Mar/2024:06:24:41 -0500] "GET /BLA/resoluciones/AUTOS%202022/1614.pdf HTTP/1.1" 304 -
216.244.66.195 - - [20/Mar/2024:06:24:45 -0500] "GET /BLA/resoluciones/RESOLUCIONES%201996/RESOLUCION%20441%20DE%201996.pdf HTTP/1.1" 200 57375
52.167.144.16 - - [20/Mar/2024:06:25:00 -0500] "GET /catalogoisis/Js/CriterioCombinada.js HTTP/1.1" 200 1843
52.167.144.16 - - [20/Mar/2024:06:25:00 -0500] "GET /bla/resoluciones/resoluciones%202022/0045.pdf HTTP/1.1" 200 344331
52.167.144.16 - - [20/Mar/2024:06:25:02 -0500] "GET /catalogoisis/Js/Enter.js HTTP/1.1" 200 1208
52.167.144.16 - - [20/Mar/2024:06:25:03 -0500] "GET /catalogoisis/Js/Numero.js HTTP/1.1" 200 398
52.167.144.16 - - [20/Mar/2024:06:25:08 -0500] "GET /catalogoisis/Js/Remote.js HTTP/1.1" 200 436
40.77.167.57 - - [20/Mar/2024:06:25:14 -0500] "GET /catalogoisis/Js/AceptarLimpiar.js HTTP/1.1" 200 331
40.77.167.57 - - [20/Mar/2024:06:25:15 -0500] "GET /catalogoisis/Js/LimpiarCombinada.js HTTP/1.1" 200 207
216.244.66.195 - - [20/Mar/2024:06:25:15 -0500] "GET /BLA/resoluciones/RESOLUCIONES%201997/RESOLUCION%201333%20DE%201997.pdf HTTP/1.1" 200 94916
216.244.66.195 - - [20/Mar/2024:06:25:44 -0500] "GET /BLA/resoluciones/AUTOS%202007/0066.pdf HTTP/1.1" 200 46583
52.167.144.233 - - [20/Mar/2024:06:26:01 -0500] "GET /catalogoisis/Css/Busqueda.css HTTP/1.1" 200 1995
52.167.144.233 - - [20/Mar/2024:06:26:02 -0500] "GET /catalogoisis/Js/Cookies.js HTTP/1.1" 200 1369
52.167.144.233 - - [20/Mar/2024:06:26:04 -0500] "GET /catalogoisis/Js/Go.js HTTP/1.1" 200 364
172.22.2.4 - - [20/Mar/2024:06:24:29 -0500] "HEAD /BLA/boletinlegal/ HTTP/1.1" 200 -
216.244.66.195 - - [20/Mar/2024:06:26:11 -0500] "GET /BLA/resoluciones/AUTOS%202007/0099.pdf HTTP/1.1" 200 48353
66.249.66.19 - - [20/Mar/2024:06:26:35 -0500] "GET /BLA/resoluciones/RESOLUCIONES%202008/3152.pdf HTTP/1.1" 200 1132215
216.244.66.195 - - [20/Mar/2024:06:26:37 -0500] "GET /BLA/resoluciones/AUTOS%202007/0106.pdf HTTP/1.1" 200 47319
201.245.192.253 - - [20/Mar/2024:06:26:59 -0500] "POST /kwsrmcab/Wsrmcab  HTTP/1.1" 200 37499
172.22.2.4 - - [20/Mar/2024:06:25:20 -0500] "GET /BLA/boletinlegal/ HTTP/1.1" 200 57485
5.11.223.206 - - [20/Mar/2024:06:27:01 -0500] "GET / HTTP/1.0" 200 319
216.244.66.195 - - [20/Mar/2024:06:27:02 -0500] "GET /BLA/resoluciones/AUTOS%202007/0135.pdf HTTP/1.1" 200 106717
216.244.66.195 - - [20/Mar/2024:06:27:26 -0500] "GET /BLA/resoluciones/AUTOS%202007/0156.pdf HTTP/1.1" 200 357310
172.22.2.4 - - [20/Mar/2024:06:27:46 -0500] "GET /BLA/boletinlegal/style.css HTTP/1.1" 200 9406
172.22.2.4 - - [20/Mar/2024:06:27:46 -0500] "GET /BLA/boletinlegal/styles2.css HTTP/1.1" 200 1838
172.22.2.4 - - [20/Mar/2024:06:27:46 -0500] "GET /BLA/boletinlegal/js/jquery.scrollTo-min.js HTTP/1.1" 200 1150
172.22.2.4 - - [20/Mar/2024:06:27:46 -0500] "GET /BLA/boletinlegal/js/jquery.js HTTP/1.1" 200 57254
172.22.2.4 - - [20/Mar/2024:06:27:46 -0500] "GET /BLA/boletinlegal/images/screen_1.png HTTP/1.1" 200 202547
