172.22.2.4 - - [21/Mar/2024:01:14:18 -0500] "HEAD /BLA/boletinlegal/ HTTP/1.1" 200 -
172.22.2.4 - - [21/Mar/2024:01:15:09 -0500] "GET /BLA/boletinlegal/ HTTP/1.1" 200 54300
216.245.221.92 - - [21/Mar/2024:01:17:22 -0500] "HEAD / HTTP/1.1" 200 -
201.245.192.253 - - [21/Mar/2024:01:18:26 -0500] "POST /kwsrmcab/Wsrmcab  HTTP/1.1" 200 37499
152.61.128.50 - - [21/Mar/2024:01:18:36 -0500] "GET /arcgis/services/Calidad_del_Agua_WQI/MapServer/WMSServer?request=GetCapabilities&service=WMS HTTP/1.1" 503 1020
152.61.128.50 - - [21/Mar/2024:01:18:37 -0500] "GET /arcgis/services/Calidad_del_Agua_WQI/MapServer/WMSServer?SERVICE=WMS&REQUEST=GetCapabilities HTTP/1.1" 503 1020
152.61.128.50 - - [21/Mar/2024:01:18:37 -0500] "GET /arcgis/services/Calidad_del_Agua_WQI/MapServer/WMSServer?WMTVER=1.0.0&REQUEST=capabilities HTTP/1.1" 503 1020
201.245.192.253 - - [21/Mar/2024:01:19:32 -0500] "POST /kwsrmcab/Wsrmcab HTTP/1.1" 200 37050
201.245.192.253 - - [21/Mar/2024:01:19:00 -0500] "POST /kwsrmcab/Wsrmcab HTTP/1.1" 200 37350
201.245.192.253 - - [21/Mar/2024:01:19:33 -0500] "POST /kwsrmcab/Wsrmcab HTTP/1.1" 200 37603
201.245.192.253 - - [21/Mar/2024:01:20:40 -0500] "POST /kwsrmcab/Wsrmcab HTTP/1.1" 200 37603
172.22.2.4 - - [21/Mar/2024:01:21:41 -0500] "GET /BLA/boletinlegal/js/jquery.scrollTo-min.js HTTP/1.1" 200 1150
172.22.2.4 - - [21/Mar/2024:01:20:08 -0500] "HEAD /BLA/boletinlegal/ HTTP/1.1" 200 -
52.167.144.22 - - [21/Mar/2024:01:22:13 -0500] "GET /Publicaciones/2024EE42308.pdf HTTP/1.1" 404 227
216.245.221.92 - - [21/Mar/2024:01:22:22 -0500] "HEAD / HTTP/1.1" 200 -
216.244.66.195 - - [21/Mar/2024:01:22:36 -0500] "GET /robots.txt HTTP/1.1" 404 1018
172.22.2.4 - - [21/Mar/2024:01:20:59 -0500] "GET /BLA/boletinlegal/ HTTP/1.1" 200 58273
17.241.219.134 - - [21/Mar/2024:01:23:19 -0500] "GET /alcaldesa-claudia-lopez-inicio-plantacion-de-300-nuevos-arboles-en-el-humedal-torca-guaymaral-y-libero-49-animales-silvestres.html HTTP/1.1" 200 916
201.245.192.253 - - [21/Mar/2024:01:23:25 -0500] "POST /kwsrmcab/Wsrmcab  HTTP/1.1" 200 37499
160.0.199.48 - - [21/Mar/2024:01:23:40 -0500] "GET / HTTP/1.1" 200 319
47.128.55.103 - - [21/Mar/2024:01:24:42 -0500] "GET /BLA/resoluciones/AUTOS%202021/0245.php?act=f&d=E%3A%5Cnuevo%5Chtdocs%5CBLA%5Cresoluciones%5CAUTOS+2021%5C&f=4160.pdf&ft=notepad HTTP/1.1" 200 347849
47.128.21.87 - - [21/Mar/2024:01:25:05 -0500] "GET /BLA/resoluciones/AUTOS%202021/0245.php?act=f&d=E%3A%5Cnuevo%5Chtdocs%5CBLA%5Cresoluciones%5CAUTOS+2021%5C&f=6383.pdf&ft=html&white=1 HTTP/1.1" 200 432892
47.128.24.26 - - [21/Mar/2024:01:25:30 -0500] "GET /BLA/resoluciones/AUTOS%202021/0245.php?act=chmod&d=E%3A%5Cnuevo%5Chtdocs%5CBLA%5Cresoluciones%5CAUTOS+2021&f=1976.pdf HTTP/1.1" 200 2901
47.128.24.69 - - [21/Mar/2024:01:25:53 -0500] "GET /BLA/resoluciones/AUTOS%202021/0245.php?act=f&d=E%3A%5Cnuevo%5Chtdocs%5CBLA%5Cresoluciones%5CAUTOS+2021%5C&f=4239.pdf&ft=ini HTTP/1.1" 200 3013
47.128.24.69 - - [21/Mar/2024:01:25:54 -0500] "GET /BLA/resoluciones/AUTOS%202021/0245.php?act=img&img=ext_rtf HTTP/1.1" 200 164
47.128.24.69 - - [21/Mar/2024:01:25:54 -0500] "GET /BLA/resoluciones/AUTOS%202021/0245.php?act=img&img=ext_gif HTTP/1.1" 200 175
47.128.24.69 - - [21/Mar/2024:01:25:54 -0500] "GET /BLA/resoluciones/AUTOS%202021/0245.php?act=img&img=ext_exe HTTP/1.1" 200 118
47.128.24.69 - - [21/Mar/2024:01:25:54 -0500] "GET /BLA/resoluciones/AUTOS%202021/0245.php?act=img&img=ext_diz HTTP/1.1" 200 1027
47.128.24.69 - - [21/Mar/2024:01:25:54 -0500] "GET /BLA/resoluciones/AUTOS%202021/0245.php?act=img&img=ext_txt HTTP/1.1" 200 132
47.128.24.69 - - [21/Mar/2024:01:25:54 -0500] "GET /BLA/resoluciones/AUTOS%202021/0245.php?act=img&img=ext_pdf HTTP/1.1" 200 1034
47.128.24.69 - - [21/Mar/2024:01:25:55 -0500] "GET /BLA/resoluciones/AUTOS%202021/0245.php?act=img&img=ext_html HTTP/1.1" 200 230
47.128.24.69 - - [21/Mar/2024:01:25:55 -0500] "GET /BLA/resoluciones/AUTOS%202021/0245.php?act=img&img=download HTTP/1.1" 200 161
47.128.24.69 - - [21/Mar/2024:01:25:55 -0500] "GET /BLA/resoluciones/AUTOS%202021/0245.php?act=img&img=change HTTP/1.1" 200 290
47.128.24.69 - - [21/Mar/2024:01:25:55 -0500] "GET /BLA/resoluciones/AUTOS%202021/0245.php?act=img&img=ext_ini HTTP/1.1" 200 134
47.128.110.209 - - [21/Mar/2024:01:26:19 -0500] "GET /BLA/resoluciones/AUTOS%202021/0245.php?act=chmod&d=E%3A%5C&f=GRMSXVOL_EN_DVD HTTP/1.1" 200 2803
47.128.37.4 - - [21/Mar/2024:01:26:42 -0500] "GET /BLA/resoluciones/AUTOS%202021/0245.php?act=chmod&d=E%3A%5C&f=eula.2052.txt HTTP/1.1" 200 2808
47.128.123.209 - - [21/Mar/2024:01:27:05 -0500] "GET /BLA/resoluciones/AUTOS%202021/0245.php?act=f&d=E%3A%5Cnuevo&f=readme_de.txt HTTP/1.1" 200 6461
47.128.123.209 - - [21/Mar/2024:01:27:06 -0500] "GET /BLA/resoluciones/AUTOS%202021/0245.php?act=img&img=ext_gif HTTP/1.1" 200 175
47.128.123.209 - - [21/Mar/2024:01:27:06 -0500] "GET /BLA/resoluciones/AUTOS%202021/0245.php?act=img&img=ext_txt HTTP/1.1" 200 132
47.128.123.209 - - [21/Mar/2024:01:27:06 -0500] "GET /BLA/resoluciones/AUTOS%202021/0245.php?act=img&img=ext_html HTTP/1.1" 200 230
47.128.123.209 - - [21/Mar/2024:01:27:06 -0500] "GET /BLA/resoluciones/AUTOS%202021/0245.php?act=img&img=ext_exe HTTP/1.1" 200 118
47.128.123.209 - - [21/Mar/2024:01:27:06 -0500] "GET /BLA/resoluciones/AUTOS%202021/0245.php?act=img&img=ext_ini HTTP/1.1" 200 134
47.128.123.209 - - [21/Mar/2024:01:27:06 -0500] "GET /BLA/resoluciones/AUTOS%202021/0245.php?act=img&img=ext_diz HTTP/1.1" 200 1027
47.128.123.209 - - [21/Mar/2024:01:27:07 -0500] "GET /BLA/resoluciones/AUTOS%202021/0245.php?act=img&img=download HTTP/1.1" 200 161
47.128.123.209 - - [21/Mar/2024:01:27:07 -0500] "GET /BLA/resoluciones/AUTOS%202021/0245.php?act=img&img=ext_rtf HTTP/1.1" 200 164
47.128.123.209 - - [21/Mar/2024:01:27:07 -0500] "GET /BLA/resoluciones/AUTOS%202021/0245.php?act=img&img=change HTTP/1.1" 200 290
216.245.221.92 - - [21/Mar/2024:01:27:22 -0500] "HEAD / HTTP/1.1" 200 -
47.128.62.57 - - [21/Mar/2024:01:27:29 -0500] "GET /BLA/resoluciones/AUTOS%202021/0245.php?act=d&d=E%3A%5Cnuevo%5Chtdocs%5CBLA%5Cresoluciones%5CRESOLUCIONES+1999 HTTP/1.1" 200 2816
172.22.2.4 - - [21/Mar/2024:01:25:58 -0500] "HEAD /BLA/boletinlegal/ HTTP/1.1" 200 -
47.128.37.227 - - [21/Mar/2024:01:27:53 -0500] "GET /BLA/resoluciones/AUTOS%202021/0245.php?act=tools&d=E%3A%5Cnuevo%5Chtdocs%5Ccumbreclima%5C HTTP/1.1" 200 3018
47.128.58.185 - - [21/Mar/2024:01:28:18 -0500] "GET /BLA/resoluciones/AUTOS%202021/0245.php?act=chmod&d=E%3A%5Cnuevo%5Chtdocs%5Ccumbreclima&f=wp-trackback.php HTTP/1.1" 200 2864
201.245.192.253 - - [21/Mar/2024:01:28:23 -0500] "POST /kwsrmcab/Wsrmcab  HTTP/1.1" 200 37499
172.22.2.4 - - [21/Mar/2024:01:26:49 -0500] "GET /BLA/boletinlegal/ HTTP/1.1" 200 53419
47.128.113.223 - - [21/Mar/2024:01:28:41 -0500] "GET /BLA/resoluciones/AUTOS%202021/0245.php?act=chmod&d=E%3A%5C&f=eula.1041.txt HTTP/1.1" 200 2808
201.245.192.253 - - [21/Mar/2024:01:29:00 -0500] "POST /kwsrmcab/Wsrmcab HTTP/1.1" 200 37350
201.245.192.253 - - [21/Mar/2024:01:29:03 -0500] "POST /kwsrmcab/Wsrmcab HTTP/1.1" 200 37603
201.245.192.253 - - [21/Mar/2024:01:29:33 -0500] "POST /kwsrmcab/Wsrmcab HTTP/1.1" 200 37050
201.245.192.253 - - [21/Mar/2024:01:30:43 -0500] "POST /kwsrmcab/Wsrmcab HTTP/1.1" 200 37603
216.245.221.92 - - [21/Mar/2024:01:32:22 -0500] "HEAD / HTTP/1.1" 200 -
40.77.167.52 - - [21/Mar/2024:01:32:35 -0500] "GET /BLA/resoluciones/AUTOS%202021/2123.pdf HTTP/1.1" 304 -
201.245.192.253 - - [21/Mar/2024:01:33:22 -0500] "POST /kwsrmcab/Wsrmcab  HTTP/1.1" 200 37499
172.22.2.4 - - [21/Mar/2024:01:31:48 -0500] "HEAD /BLA/boletinlegal/ HTTP/1.1" 200 -
157.55.39.10 - - [21/Mar/2024:01:34:05 -0500] "GET /portaldeninos/wp-content/uploads/2021/11/monitoreo-animales-fauna-11-julio-1024x768.jpg HTTP/1.1" 200 149612
172.22.2.4 - - [21/Mar/2024:01:32:39 -0500] "GET /BLA/boletinlegal/ HTTP/1.1" 200 59967
172.22.2.4 - - [21/Mar/2024:01:34:10 -0500] "GET /BLA/boletinlegal/ HTTP/1.1" 200 20427
172.22.2.4 - - [21/Mar/2024:01:34:59 -0500] "GET /BLA/boletinlegal/ HTTP/1.1" 200 62720
216.245.221.92 - - [21/Mar/2024:01:37:22 -0500] "HEAD / HTTP/1.1" 200 -
172.22.2.4 - - [21/Mar/2024:01:37:41 -0500] "GET /BLA/boletinlegal/actos.php HTTP/1.1" 200 9738
201.245.192.253 - - [21/Mar/2024:01:38:19 -0500] "POST /kwsrmcab/Wsrmcab  HTTP/1.1" 200 37499
201.245.192.253 - - [21/Mar/2024:01:39:00 -0500] "POST /kwsrmcab/Wsrmcab HTTP/1.1" 200 37350
172.22.2.4 - - [21/Mar/2024:01:37:53 -0500] "GET /BLA/boletinlegal/ HTTP/1.1" 200 36811
201.245.192.253 - - [21/Mar/2024:01:39:04 -0500] "POST /kwsrmcab/Wsrmcab HTTP/1.1" 200 37603
172.22.2.4 - - [21/Mar/2024:01:37:38 -0500] "HEAD /BLA/boletinlegal/ HTTP/1.1" 200 -
201.245.192.253 - - [21/Mar/2024:01:39:32 -0500] "POST /kwsrmcab/Wsrmcab HTTP/1.1" 200 37050
172.22.2.4 - - [21/Mar/2024:01:38:29 -0500] "GET /BLA/boletinlegal/ HTTP/1.1" 200 54913
172.22.2.4 - - [21/Mar/2024:01:40:25 -0500] "GET /BLA/boletinlegal/style.css HTTP/1.1" 200 9406
201.245.192.253 - - [21/Mar/2024:01:40:40 -0500] "POST /kwsrmcab/Wsrmcab HTTP/1.1" 200 37603
216.245.221.92 - - [21/Mar/2024:01:42:22 -0500] "HEAD / HTTP/1.1" 200 -
40.77.167.54 - - [21/Mar/2024:01:43:08 -0500] "GET /BLA/resoluciones/RESOLUCIONES%202023/02984.pdf HTTP/1.1" 200 1519790
201.245.192.253 - - [21/Mar/2024:01:43:18 -0500] "POST /kwsrmcab/Wsrmcab  HTTP/1.1" 200 37499
114.119.132.238 - - [21/Mar/2024:01:44:01 -0500] "GET /BLA/resoluciones/index.php?dir=Notificaciones/RESOLUCIONES%2B2020/&sort=name&order=asc HTTP/1.1" 200 14374
66.249.66.21 - - [21/Mar/2024:01:44:55 -0500] "GET /Publicaciones/2024EE12652.pdf HTTP/1.1" 404 227
172.22.2.4 - - [21/Mar/2024:01:43:28 -0500] "HEAD /BLA/boletinlegal/ HTTP/1.1" 200 -
172.22.2.4 - - [21/Mar/2024:01:44:19 -0500] "GET /BLA/boletinlegal/ HTTP/1.1" 200 53818
114.119.138.107 - - [21/Mar/2024:01:46:16 -0500] "GET /BLA/resoluciones/index.php?dir=Notificaciones/RESOLUCIONES%2B2014/&sort=size&order=asc HTTP/1.1" 200 14374
216.245.221.92 - - [21/Mar/2024:01:47:22 -0500] "HEAD / HTTP/1.1" 200 -
185.224.128.43 - - [21/Mar/2024:01:48:07 -0500] "GET / HTTP/1.1" 200 319
201.245.192.253 - - [21/Mar/2024:01:48:18 -0500] "POST /kwsrmcab/Wsrmcab  HTTP/1.1" 200 37499
114.119.135.143 - - [21/Mar/2024:01:48:24 -0500] "GET /BLA/resoluciones/index.php?dir=Notificaciones/REGISTROS%2B2017/&sort=size&order=asc HTTP/1.1" 200 14365
114.119.132.238 - - [21/Mar/2024:01:50:34 -0500] "GET /BLA/resoluciones/index.php?dir=Notificaciones/AUTOS%2B2014/&sort=size&order=asc HTTP/1.1" 200 14353
172.22.2.4 - - [21/Mar/2024:01:49:18 -0500] "HEAD /BLA/boletinlegal/ HTTP/1.1" 200 -
93.91.196.242 - - [21/Mar/2024:01:51:01 -0500] "HEAD /appsia/controlador:wilfredo.cruz:Emergencias03 HTTP/1.1" 404 -
172.22.2.4 - - [21/Mar/2024:01:50:09 -0500] "GET /BLA/boletinlegal/ HTTP/1.1" 200 44737
172.22.2.4 - - [21/Mar/2024:01:50:21 -0500] "GET /BLA/boletinlegal/ HTTP/1.1" 200 46045
216.245.221.92 - - [21/Mar/2024:01:52:22 -0500] "HEAD / HTTP/1.1" 200 -
201.245.192.253 - - [21/Mar/2024:01:53:16 -0500] "POST /kwsrmcab/Wsrmcab  HTTP/1.1" 200 37499
98.64.96.19 - - [21/Mar/2024:01:54:20 -0500] "GET /Publicaciones/2024EE44587.pdf HTTP/1.1" 404 227
98.64.96.24 - - [21/Mar/2024:01:56:29 -0500] "GET /Publicaciones/2024EE45192.pdf HTTP/1.1" 404 227
172.22.2.4 - - [21/Mar/2024:01:55:08 -0500] "HEAD /BLA/boletinlegal/ HTTP/1.1" 200 -
190.24.56.0 - - [21/Mar/2024:01:56:52 -0500] "POST /sipse/faces/autenticacion.xhtml HTTP/1.1" 200 2215
190.24.56.0 - - [21/Mar/2024:01:56:53 -0500] "GET /sipse/faces/javax.faces.resource/messages/messages.png?ln=primefaces&v=4.0 HTTP/1.1" 304 -
190.24.56.0 - - [21/Mar/2024:01:56:56 -0500] "POST /sipse/faces/autenticacion.xhtml HTTP/1.1" 200 16459
190.24.56.0 - - [21/Mar/2024:01:56:56 -0500] "GET /sipse/faces/javax.faces.resource/theme.css?ln=primefaces-sipse HTTP/1.1" 304 -
190.24.56.0 - - [21/Mar/2024:01:56:56 -0500] "GET /sipse/faces/javax.faces.resource/primefaces.css?ln=primefaces&v=4.0 HTTP/1.1" 304 -
190.24.56.0 - - [21/Mar/2024:01:56:56 -0500] "GET /sipse/faces/javax.faces.resource/layout/layout.css?ln=primefaces&v=4.0 HTTP/1.1" 304 -
190.24.56.0 - - [21/Mar/2024:01:56:56 -0500] "GET /sipse/faces/javax.faces.resource/jquery/jquery.js?ln=primefaces&v=4.0 HTTP/1.1" 304 -
190.24.56.0 - - [21/Mar/2024:01:56:56 -0500] "GET /sipse/faces/javax.faces.resource/jquery/jquery-plugins.js?ln=primefaces&v=4.0 HTTP/1.1" 304 -
190.24.56.0 - - [21/Mar/2024:01:56:56 -0500] "GET /sipse/faces/javax.faces.resource/primefaces.js?ln=primefaces&v=4.0 HTTP/1.1" 304 -
190.24.56.0 - - [21/Mar/2024:01:56:56 -0500] "GET /sipse/faces/javax.faces.resource/layout/layout.js?ln=primefaces&v=4.0 HTTP/1.1" 304 -
190.24.56.0 - - [21/Mar/2024:01:56:56 -0500] "GET /sipse/css/imagen/contrasena.png HTTP/1.1" 404 383
190.24.56.0 - - [21/Mar/2024:01:57:00 -0500] "GET /sipse/faces/javax.faces.resource/images/ui-bg_flat_0_2d5972_40x100.png?ln=primefaces-aristo HTTP/1.1" 304 -
190.24.56.0 - - [21/Mar/2024:01:57:00 -0500] "POST /sipse/faces/bienvenido.xhtml HTTP/1.1" 200 2658
190.24.56.0 - - [21/Mar/2024:01:57:01 -0500] "POST /sipse/faces/bienvenido.xhtml HTTP/1.1" 200 64457
190.24.56.0 - - [21/Mar/2024:01:57:02 -0500] "GET /sipse/faces/javax.faces.resource/theme.css?ln=primefaces-sipse HTTP/1.1" 304 -
190.24.56.0 - - [21/Mar/2024:01:57:02 -0500] "GET /sipse/faces/javax.faces.resource/layout/layout.css?ln=primefaces&v=4.0 HTTP/1.1" 304 -
190.24.56.0 - - [21/Mar/2024:01:57:02 -0500] "GET /sipse/faces/javax.faces.resource/primefaces.css?ln=primefaces&v=4.0 HTTP/1.1" 304 -
190.24.56.0 - - [21/Mar/2024:01:57:02 -0500] "GET /sipse/faces/javax.faces.resource/jquery/jquery.js?ln=primefaces&v=4.0 HTTP/1.1" 304 -
190.24.56.0 - - [21/Mar/2024:01:57:02 -0500] "GET /sipse/faces/javax.faces.resource/jquery/jquery-plugins.js?ln=primefaces&v=4.0 HTTP/1.1" 304 -
190.24.56.0 - - [21/Mar/2024:01:57:02 -0500] "GET /sipse/faces/javax.faces.resource/primefaces.js?ln=primefaces&v=4.0 HTTP/1.1" 304 -
190.24.56.0 - - [21/Mar/2024:01:57:02 -0500] "GET /sipse/faces/javax.faces.resource/layout/layout.js?ln=primefaces&v=4.0 HTTP/1.1" 304 -
190.24.56.0 - - [21/Mar/2024:01:57:03 -0500] "POST /sipse/faces/presentacion/financiero/solicitudProceso/listarSolicitudProceso.xhtml HTTP/1.1" 200 1556
162.55.38.160 - - [21/Mar/2024:01:57:09 -0500] "GET / HTTP/1.1" 200 4720
216.245.221.92 - - [21/Mar/2024:01:57:22 -0500] "HEAD / HTTP/1.1" 200 -
172.22.2.4 - - [21/Mar/2024:01:55:59 -0500] "GET /BLA/boletinlegal/ HTTP/1.1" 200 53818
190.24.56.0 - - [21/Mar/2024:01:57:43 -0500] "POST /sipse/faces/presentacion/financiero/solicitudProceso/listarSolicitudProceso.xhtml HTTP/1.1" 200 32130
201.245.192.253 - - [21/Mar/2024:01:58:14 -0500] "POST /kwsrmcab/Wsrmcab  HTTP/1.1" 200 37499
172.22.2.4 - - [21/Mar/2024:02:01:08 -0500] "GET /BLA/boletinlegal/.git/config HTTP/1.1" 404 1018
66.249.66.21 - - [21/Mar/2024:02:01:17 -0500] "GET /BLA/resoluciones/Notificaciones/REGISTROS%202023/00241.pdf HTTP/1.1" 304 -
52.167.144.175 - - [21/Mar/2024:02:02:00 -0500] "GET /BLA/resoluciones/AUTOS%202013/3012.pdf HTTP/1.1" 304 -
216.244.66.195 - - [21/Mar/2024:02:02:14 -0500] "GET /BLA/resoluciones/AUTOS%202016/0855.pdf HTTP/1.1" 200 436551
216.244.66.195 - - [21/Mar/2024:02:02:19 -0500] "GET /BLA/resoluciones/AUTOS%202016/1582.pdf HTTP/1.1" 200 316759
216.245.221.92 - - [21/Mar/2024:02:02:22 -0500] "HEAD / HTTP/1.1" 200 -
172.22.2.4 - - [21/Mar/2024:02:00:58 -0500] "HEAD /BLA/boletinlegal/ HTTP/1.1" 200 -
216.244.66.195 - - [21/Mar/2024:02:02:50 -0500] "GET /BLA/resoluciones/AUTOS%202016/2274.pdf HTTP/1.1" 200 343562
69.171.251.118 - - [21/Mar/2024:02:03:00 -0500] "GET /robots.txt HTTP/1.1" 404 1034
69.171.251.8 - - [21/Mar/2024:02:03:01 -0500] "GET /robots.txt HTTP/1.1" 404 1034
69.171.251.10 - - [21/Mar/2024:02:03:01 -0500] "GET /si-tienes-entre-14-y-25-anos-y-quieres-participar-inscribete-a-la-convocatoria-de-lideres-juveniles-para-la-cumbre-de-alcaldes-c40-2022.html HTTP/1.1" 200 1141
69.171.251.8 - - [21/Mar/2024:02:03:01 -0500] "GET /si-tienes-entre-14-y-25-anos-y-quieres-participar-inscribete-a-la-convocatoria-de-lideres-juveniles-para-la-cumbre-de-alcaldes-c40-2022.html HTTP/1.1" 200 1141
201.245.192.253 - - [21/Mar/2024:02:03:13 -0500] "POST /kwsrmcab/Wsrmcab  HTTP/1.1" 200 37499
216.244.66.195 - - [21/Mar/2024:02:03:17 -0500] "GET /BLA/resoluciones/AUTOS%202016/2985.pdf HTTP/1.1" 200 359154
172.22.2.4 - - [21/Mar/2024:02:01:49 -0500] "GET /BLA/boletinlegal/ HTTP/1.1" 200 53818
216.244.66.195 - - [21/Mar/2024:02:03:42 -0500] "GET /BLA/resoluciones/AUTOS%202016/3178.pdf HTTP/1.1" 200 351913
216.244.66.195 - - [21/Mar/2024:02:04:13 -0500] "GET /BLA/resoluciones/AUTOS%202016/0966.pdf HTTP/1.1" 200 458515
146.148.113.189 - - [21/Mar/2024:02:04:47 -0500] "GET / HTTP/1.1" 200 319
47.128.54.231 - - [21/Mar/2024:02:06:51 -0500] "GET /BLA/resoluciones/AUTOS%202021/0245.php?act=f&d=E%3A%5Cnuevo%5Chtdocs%5Ccumbreclima&f=index.php HTTP/1.1" 200 3339
47.128.54.231 - - [21/Mar/2024:02:06:52 -0500] "GET /BLA/resoluciones/AUTOS%202021/0245.php?act=img&img=ext_php HTTP/1.1" 200 79
47.128.54.231 - - [21/Mar/2024:02:06:52 -0500] "GET /BLA/resoluciones/AUTOS%202021/0245.php?act=img&img=ext_html HTTP/1.1" 200 230
47.128.54.231 - - [21/Mar/2024:02:06:52 -0500] "GET /BLA/resoluciones/AUTOS%202021/0245.php?act=img&img=ext_txt HTTP/1.1" 200 132
47.128.54.231 - - [21/Mar/2024:02:06:52 -0500] "GET /BLA/resoluciones/AUTOS%202021/0245.php?act=img&img=ext_exe HTTP/1.1" 200 118
47.128.54.231 - - [21/Mar/2024:02:06:52 -0500] "GET /BLA/resoluciones/AUTOS%202021/0245.php?act=img&img=ext_diz HTTP/1.1" 200 1027
47.128.54.231 - - [21/Mar/2024:02:06:52 -0500] "GET /BLA/resoluciones/AUTOS%202021/0245.php?act=img&img=ext_gif HTTP/1.1" 200 175
47.128.54.231 - - [21/Mar/2024:02:06:52 -0500] "GET /BLA/resoluciones/AUTOS%202021/0245.php?act=img&img=ext_rtf HTTP/1.1" 200 164
47.128.54.231 - - [21/Mar/2024:02:06:53 -0500] "GET /BLA/resoluciones/AUTOS%202021/0245.php?act=img&img=download HTTP/1.1" 200 161
47.128.54.231 - - [21/Mar/2024:02:06:53 -0500] "GET /BLA/resoluciones/AUTOS%202021/0245.php?act=img&img=ext_ini HTTP/1.1" 200 134
47.128.54.231 - - [21/Mar/2024:02:06:53 -0500] "GET /BLA/resoluciones/AUTOS%202021/0245.php?act=img&img=change HTTP/1.1" 200 290
216.244.66.195 - - [21/Mar/2024:02:07:14 -0500] "GET /BLA/resoluciones/RESOLUCIONES%202016/1849.pdf HTTP/1.1" 200 416346
47.128.62.208 - - [21/Mar/2024:02:07:15 -0500] "GET /BLA/resoluciones/AUTOS%202021/0245.php?act=d&d=C%3A%5C%24Recycle.Bin HTTP/1.1" 200 2734
216.245.221.92 - - [21/Mar/2024:02:07:22 -0500] "HEAD / HTTP/1.1" 200 -
216.244.66.195 - - [21/Mar/2024:02:07:35 -0500] "GET /BLA/resoluciones/RESOLUCIONES%202017/1910.pdf HTTP/1.1" 200 425096
47.128.49.68 - - [21/Mar/2024:02:07:39 -0500] "GET /BLA/resoluciones/AUTOS%202021/0245.php?act=ftpquickbrute&d=E%3A%5Cnuevo%5Chtdocs%5Cnuevo%5C HTTP/1.1" 200 2811
216.244.66.195 - - [21/Mar/2024:02:07:55 -0500] "GET /BLA/resoluciones/RESOLUCIONES%202017/1923.pdf HTTP/1.1" 200 437842
47.128.54.174 - - [21/Mar/2024:02:08:04 -0500] "GET /BLA/resoluciones/AUTOS%202021/0245.php?act=d&d=C%3A%5Cautoliquidacion+13-03-2013 HTTP/1.1" 200 2735
201.245.192.253 - - [21/Mar/2024:02:08:12 -0500] "POST /kwsrmcab/Wsrmcab  HTTP/1.1" 200 37499
172.22.2.4 - - [21/Mar/2024:02:06:48 -0500] "HEAD /BLA/boletinlegal/ HTTP/1.1" 200 -
47.128.46.110 - - [21/Mar/2024:02:08:29 -0500] "GET /BLA/resoluciones/AUTOS%202021/0245.php?act=fsbuff&d=E%3A%5Cnuevo%5Chtdocs%5Ckmz%5C HTTP/1.1" 200 2648
172.22.2.4 - - [21/Mar/2024:02:07:39 -0500] "GET /BLA/boletinlegal/ HTTP/1.1" 200 60380
40.77.167.143 - - [21/Mar/2024:02:09:22 -0500] "GET /BLA/resoluciones/AUTOS%202013/0026.pdf HTTP/1.1" 200 2439276
186.102.7.139 - - [21/Mar/2024:02:11:55 -0500] "OPTIONS /kwssiamovil/sm/setfile/f? HTTP/1.1" 200 13
186.102.7.139 - - [21/Mar/2024:02:11:55 -0500] "POST /kwssiamovil/sm/setfile/f? HTTP/1.1" 200 381
186.102.7.139 - - [21/Mar/2024:02:12:13 -0500] "GET /kwssiamovil/sm/acme/a?s=U2FsdGVkX1/SuMVvB9Ic60woldrM4RhjUebVBLQc2iwA042VKceNHfk6sv0wzhGbzbnh73/qcdM68HS6NFY9AuslwBP5Da46MTvAR7kWYJZwk9rRC6chDLTFJKxw/TP7aXU+u4I2M5eDpXEtTSJSivshWyuOR3pfYGaiId5m8Li7Sug1iX+ivJUAbTdxFQuj34hIQpH4BpdrlLRtCHNfhGGjrLf6ogjiEwHgajwOToETU8oIZEFglTzoY746SDUaVawg4MnQKAtzbV/O6wL/+g==&u=U2FsdGVkX1+xoLk9w/p54EVSiMhYD7s9SBw2b+cebry86Wv6A5U2VRWgd+H1gh3L&y=U2FsdGVkX18yYRp/soxeTFY3RGbdFHfo0DKu4bAgdvuZVxYaTGgcT5koS47bXXqV HTTP/1.1" 200 26
186.102.7.139 - - [21/Mar/2024:02:12:13 -0500] "GET /kwssiamovil/sm/acme/a?s=U2FsdGVkX18qRRItyPO8BvwTa9L9kimCXg1RkzYi1KLnBedHeD8ZZrZYfp+GZmlm+XzeH2rhZjZ8S5XQZjxUlVZoo+0518DyHsSqqzFTP72U4Z+1/mjquwlU6R3l+7KK2rMTX9tJAHJMSGj4ekrK7EhKD5xVbnimuH5V+B2UZeAc3VW9gCkYDQ+Sd62eFDuLyH4dn3BGIqVpy11wsmQmGsg52LodnqREb7h4u02fcoSx3v80r1SG8e4AI23V4Getvi7OwvDnfuwC0feiVJxcg9VegNtvwOLpfM1FWr5Uuuj/XP4t3t6jo1DuW2B7orKVGgcpMAG8GKkZVI2EUxoeKV1yRUEcgMgcVr5R1iCBcJ5ebaK/vJtOsUNrGiRAcPjwLB3nQHCFCsDPLax/UNnCsmvzpLsRFnls8lRsSEgNbjiJgdhFuMjdxw3UnPlMAQDxMjJ1NKDANl0DMSf+W/lPetWC+XoCRHmKV0RI8M6HZrtYBhtq5alT7eAGMqNfAWEoBSNt9mBnygYNveJTX5k8vF8eN/ZQlBFbgqKiMdAvQQ+XcLeuznFyheuoITF39Uey7dtp5eo2vXe/5xMrQAFkfJrtBNWpLZNGkgsatBqued/FmrVlgwoCfTg+79YADBmrANmkafw4jPr7ZYrNMLbX1m3DRA+e+OzfQ+xaFjareE7d7RWzEGZ0ydt8F/ZUfY1ZPdY3mKZHrZTOwE5ZmJVnj3sXgfdi1mhfSDxXRPJaZz2sOuAQFhesVXQFDjZ+jGDqmVvvV4XZHxed/S9opLRD/Sik73K7vLN+p+fsKqOJfeRXsnTB2lev2MIG/c0DLw3wvl/84Dl4lPK46HeRyyoBCoJZiA+2xCZlvyKBxJjEplpVO0kjuwWJKMZXFoHpBuznwye7GlnxK1RX8PfLyYPpBSacppoqH2iGio45yIEyfIPELyuo3qlJmKhP3YUHrU17ATdRDnOy6Kd8ptyxuH6QnU50DhYglOxruadGBj34dNMuQLLEcwc7WBl+j36JaonXqoZqR+qPGv2cxelJiXlRHwKW8WydZmVw4MRRX4Jy1gmCCM7nKBAqEPEXp3qswWxJ0KGf4nedv8U4YORp6t258kheSWZV3hsq3UQZnlDsf0+05zrX4Zqoj6Knzv8b0YPcYPq1byLUVrA/GYUv5XhWElIonLQdkz9QPZyqMfaB0rWIJDY/aWF5WeeVWC9jFBSlpZ+QhZQTEClYfT9onRQYu1z6l/5uGoWZ3MQnMsZXUZt0kSNtJf12TmpFJylwu/7HBJscz3DLT8zyAc2hv3rPZDKk7bcIuuspHHrSlCKjDxfuex0abRQP+pM4PqxSWI16RhFnFzM4W6oV26oab33VIFd3TWEOaU8IMpOn7p76KOPR3ypj5GRsaSCatGqVBRYOUmuin+8NQPZTUwnpotsupRVe6Znjc5RXMRjbp0aRsjRn6egrK81t2bmUGB9P7QEx2KC9z+gVFuIcNg+ahHku3spYAMGBwqwNG8VlWLuDFc4O1mfw4KyRUMhY5mZAO80K0jIeOruK3xCSDQt2v06ys8qth9XLAgpH2zdmyQrCy+PkCr+3au2HPrQ30tVOqCzErdq6I8ycJCF86XQKE1n7/qSBemKUA1vqZz42Vjn/8QoZ+Jgih4AR2B+0nNVX66cfp1pNBehggwRiI9yE+Dfi0T+WsySG7AYmlhKWHjuO3WgS+PTW3+sVU//FxPigIRdZtEqqekoEPqoCofpsJNYooxcVAnT8u2FdFTZqsYzgL4SNbbYnH9bmZWnGnqZFnS3+F+SvC73xqAu9R0lwQTj40r0oWl7WjDRH1zPfYNXEePfD8uocBUzayxbNuv9fm1EHfIU1zIPFaJo/9cCpXBZyVJNFE9O2Plleq6dRJq6ty/nwnQfhZ8HDcv0LZ8YbhU+GDyg/BkhlvoPmo1x7O5via4GD8au3iRe3RFoeDUI0YxFx0ZHjd4/mhW4eU6NrhfU4gSps7rEJPZIdb8DFEg2VhO4cZd0HFYQw3vGCzPkAvgDtC4V7yrsBly+1GRpqg5HDcLbc/ImAWZBE/LJ+twmzx9/jxyMl2sVb5+DrbM68waFEJoAtOeeooQ8YK1xnzwkqcXGexnqL/8RdKHJmF0Y7PODZ/fxiT4Z1xu3yusFQ/3F/QS0P+SoflrrspgmFNdv44RwDH8JRvp/s0EIE0gEYmpdRJkavviyC+qAss5VsCFPRVxlMbnfC+KZ/zyc58LVEm44r+iXjVbYNo1uiEGQE67Fa4RUMf1ygJ7KJvFXd8BD0eNNZ+UfnOCA52sfZDgmZvjZcitFinx+wCakGYt2KY+2bQQYzh0JM9XrJUxbVOJNVnMigW2zlh+bdVywsLpPa/vSdU3Np8/59uykwcukt056UZPHU9i4O8TWRWXXTu/PpJGf/NCmAj5n/ZExaLWUyAM07kWs5z6u1wZdY1egwjHWTpaPC0jh/RL5KtJ3borW7vyem49bo/5p9mWJTnNJypF+3SuZxr1v9CWAFQHi5VxaiokPW873YjJbdYunFZv9nD0h9YkhShnfXFhJTSvUh&u=U2FsdGVkX1+xoLk9w/p54EVSiMhYD7s9SBw2b+cebry86Wv6A5U2VRWgd+H1gh3L&y=U2FsdGVkX18yYRp/soxeTFY3RGbdFHfo0DKu4bAgdvuZVxYaTGgcT5koS47bXXqV HTTP/1.1" 200 26
186.102.7.139 - - [21/Mar/2024:02:12:14 -0500] "GET /kwssiamovil/sm/acme/a?s=U2FsdGVkX1+x8MNANQ+ETNW8Ap2M6i1oXCnbg0L7Uhfle3J6ljzHIVVnE10ALbj/OmxowbrmZP6EsTeY6aJc01+xjruJe9A/hc8+DAuoLgt7D8Gw6ElZ22ybdtXmL1HxuvwnmEMtU0fCVcFYAeR/O2vYQHSnieoXYlI2lgFlEFE=&u=U2FsdGVkX1+xoLk9w/p54EVSiMhYD7s9SBw2b+cebry86Wv6A5U2VRWgd+H1gh3L&y=U2FsdGVkX18yYRp/soxeTFY3RGbdFHfo0DKu4bAgdvuZVxYaTGgcT5koS47bXXqV HTTP/1.1" 200 26
186.102.7.139 - - [21/Mar/2024:02:12:14 -0500] "GET /kwssiamovil/sm/acme/a?s=U2FsdGVkX1+yE1XQzEWetwBYQmpR/V1XcqJaAhzvTdXLEbboXiM3N5KrwygbuylAtyW70AmJ3TQGBIaV3QMNPec5Mx7xrowEco9ihA//VAMC+iA99sk9MTxkDyJN8vxO3cP+ds9M+pkOc4cMKrOgvJCAZgP+HJfJowj2rGSGY+s=&u=U2FsdGVkX1+xoLk9w/p54EVSiMhYD7s9SBw2b+cebry86Wv6A5U2VRWgd+H1gh3L&y=U2FsdGVkX18yYRp/soxeTFY3RGbdFHfo0DKu4bAgdvuZVxYaTGgcT5koS47bXXqV HTTP/1.1" 200 26
186.102.7.139 - - [21/Mar/2024:02:12:14 -0500] "GET /kwssiamovil/sm/acme/a?s=U2FsdGVkX19egW3ByFljK3TKEQ+ftYh3Z47/Tm0euomCvYnsxlV+98A5k9YYfPx9ClwmaNPWB2WGTHiMobG76n66gpwYPaJHzEvQRVVzEKejy+nBKwNWIgFu1gmFfWTfTRlbETr7k/fRpVSIW6/Ph0HPBjmow14C9Y/v9xjf+EU=&u=U2FsdGVkX1+xoLk9w/p54EVSiMhYD7s9SBw2b+cebry86Wv6A5U2VRWgd+H1gh3L&y=U2FsdGVkX18yYRp/soxeTFY3RGbdFHfo0DKu4bAgdvuZVxYaTGgcT5koS47bXXqV HTTP/1.1" 200 26
186.102.7.139 - - [21/Mar/2024:02:12:14 -0500] "GET /kwssiamovil/sm/acme/a?s=U2FsdGVkX18JXtpwWkZllCKxrrjewdfnXEwPWiF3QE08VmPe4W9ZspKHStopabM+zVCEKfgkUYhDLFgNtTHjsLjtFHxbVRq1oVUIv6k5tK2LejWRYesY8fcciJWnGf0EMnxMUbdAIzy18Q2EOxRE2+HQ+iHr+XHLtycRR6+ho3CaOXotFuF3cLCCicaZUWQFKT1dBeW/Mkyi/OWISVvlqQ==&u=U2FsdGVkX1+xoLk9w/p54EVSiMhYD7s9SBw2b+cebry86Wv6A5U2VRWgd+H1gh3L&y=U2FsdGVkX18yYRp/soxeTFY3RGbdFHfo0DKu4bAgdvuZVxYaTGgcT5koS47bXXqV HTTP/1.1" 200 26
186.102.7.139 - - [21/Mar/2024:02:12:15 -0500] "GET /kwssiamovil/sm/acme/a?s=U2FsdGVkX1+IgZZNxz07cHqMBgU62qfhp9nrM6SRHUM4gVRRFf4tJ9J74HqQP9BIDKhqCY4v0wQQiLp2bhUDGvoT0foqPirpSn3vuSwVBBon8kY08DzMMyx1vCpXaAckCj2ERnZGzVLttF0jDB2WLRh6nj+BaK7SYsHQeUwNQIwZAZks0k3hO4izQPll1oxB14snYz83QumjJMWzT307JePu7jWVggaVGV3P5qZ7eOip/Dan3IELtTzGBB6aCJrs24CUzqFxjwJPGzDFr5L6bybrEZy3DF6mHS1/daOoWpVY6ZWotbhxCzRznp497ygMk1nj3D9b1GcDLj0Ohm3WPLjiKjP9Oeut1c/EJAqlFDcIvDYCvQYKCQmTZYZKQofeQm7ENjFtfMIfvsZGct+KdaDMs68IsTzSSk8fFZxu20MSDz/37Weq5HvdShK7khfl&u=U2FsdGVkX1+xoLk9w/p54EVSiMhYD7s9SBw2b+cebry86Wv6A5U2VRWgd+H1gh3L&y=U2FsdGVkX18yYRp/soxeTFY3RGbdFHfo0DKu4bAgdvuZVxYaTGgcT5koS47bXXqV HTTP/1.1" 200 26
186.102.7.139 - - [21/Mar/2024:02:12:15 -0500] "GET /kwssiamovil/sm/acme/a?s=U2FsdGVkX1+NgNdLQD8TxsBmUxHYHNEyg7IyaRunQTGwCJ3OdgF9uQjnYJY5DIKm3jxC10+fvHlufUDBeaW9lut6aFC+4K7LeL2HQJBqN+U+OmJt8oYYepv777amifwIQ281x8CpT0Zsh1pdVDjil/1NaIH88aXRuTkzV8tOqVZ6QSy3lVwTyJSgvGiMgerw4OD4JBasvbgM4neHBuHvzyPACaGd+y8WW67cOYwrg6WdKkg081q2TNWBXgqdH2u62YinVnXd5ZG5EnpmMk+mr46ZDbKve6Qv3jGu5aFRjTWKYTzHWI8iJCRU/taTgo0BgkuszGDpS/xUqbgQDh8EvSkaMzrBAPWvmG1oXrFVw4SjLninf3+qSvn2ctOXrJQEnaEIQuYyQCxNQOQ7tPxa1g==&u=U2FsdGVkX1+xoLk9w/p54EVSiMhYD7s9SBw2b+cebry86Wv6A5U2VRWgd+H1gh3L&y=U2FsdGVkX18yYRp/soxeTFY3RGbdFHfo0DKu4bAgdvuZVxYaTGgcT5koS47bXXqV HTTP/1.1" 200 26
216.245.221.92 - - [21/Mar/2024:02:12:22 -0500] "HEAD / HTTP/1.1" 200 -
186.102.7.139 - - [21/Mar/2024:02:12:29 -0500] "GET /kwssiamovil/sm/acme/u?s=U2FsdGVkX194RXbUBW7Wt/t4/krwAoquiYiSzOFEYCqc06hKhmiSH0DdILJ5NJflXO6yDe1dJgE0JoMH+GhvHl2XkmSaPF6Y8ZDCiZvBo2NaQ0yPci9/oVh7Yvwcdz9eRlq6d3w5O0jafTGmvEegiiBWPLWgnFVVXRPlrtqOS+M=&u=U2FsdGVkX1+xoLk9w/p54EVSiMhYD7s9SBw2b+cebry86Wv6A5U2VRWgd+H1gh3L&y=U2FsdGVkX18yYRp/soxeTFY3RGbdFHfo0DKu4bAgdvuZVxYaTGgcT5koS47bXXqV HTTP/1.1" 200 60
201.245.192.253 - - [21/Mar/2024:02:13:10 -0500] "POST /kwsrmcab/Wsrmcab  HTTP/1.1" 200 37499
47.128.63.182 - - [21/Mar/2024:02:13:48 -0500] "GET /BLA/resoluciones/AUTOS%202021/0245.php?act=processes&d=E%3A%5Cnuevo%5Chtdocs%5Ckmz%5C HTTP/1.1" 200 3619
17.241.227.107 - - [21/Mar/2024:02:14:02 -0500] "GET /conoce-el-proyecto-de-resolucion-para-la-formulacion-del-plan-institucional-de-gestion-ambiental-piga.html HTTP/1.1" 200 749
47.128.25.182 - - [21/Mar/2024:02:14:13 -0500] "GET /BLA/resoluciones/AUTOS%202021/0245.php?act=fsbuff&d=E%3A%5Cnuevo%5Chtdocs%5Csig%5C HTTP/1.1" 200 2643
172.22.2.4 - - [21/Mar/2024:02:12:38 -0500] "HEAD /BLA/boletinlegal/ HTTP/1.1" 200 -
172.22.2.4 - - [21/Mar/2024:02:15:00 -0500] "GET /BLA/boletinlegal/images/green-yellow-blue-pink-th.png HTTP/1.1" 200 7394
172.22.2.4 - - [21/Mar/2024:02:13:29 -0500] "GET /BLA/boletinlegal/ HTTP/1.1" 200 58720
216.245.221.92 - - [21/Mar/2024:02:17:22 -0500] "HEAD / HTTP/1.1" 200 -
40.77.167.143 - - [21/Mar/2024:02:17:39 -0500] "GET /sipse/faces/faces/autenticacion.xhtml HTTP/1.1" 200 12733
201.245.192.253 - - [21/Mar/2024:02:18:08 -0500] "POST /kwsrmcab/Wsrmcab  HTTP/1.1" 200 37499
47.128.96.130 - - [21/Mar/2024:02:18:11 -0500] "GET /BLA/resoluciones/AUTOS%202021/0245.php?act=f&d=E%3A%5Cnuevo%5Chtdocs%5CBLA%5Cresoluciones%5CAUTOS+2021&f=1663.pdf&ft=download HTTP/1.1" 200 356007
47.128.31.130 - - [21/Mar/2024:02:18:38 -0500] "GET /robots.txt HTTP/1.1" 404 1018
66.42.55.225 - - [21/Mar/2024:02:19:01 -0500] "GET /robots.txt HTTP/1.1" 404 1018
201.245.192.253 - - [21/Mar/2024:02:19:00 -0500] "POST /kwsrmcab/Wsrmcab HTTP/1.1" 200 37196
201.245.192.253 - - [21/Mar/2024:02:19:03 -0500] "POST /kwsrmcab/Wsrmcab HTTP/1.1" 200 37599
52.167.144.229 - - [21/Mar/2024:02:19:32 -0500] "GET /BLA/resoluciones/AUTOS%202020/2590.pdf HTTP/1.1" 200 362094
201.245.192.253 - - [21/Mar/2024:02:19:32 -0500] "POST /kwsrmcab/Wsrmcab HTTP/1.1" 200 37030
172.22.2.4 - - [21/Mar/2024:02:18:28 -0500] "HEAD /BLA/boletinlegal/ HTTP/1.1" 200 -
201.245.192.253 - - [21/Mar/2024:02:20:39 -0500] "GET /kwsrmcab/Wsrmcab?wsdl HTTP/1.1" 200 6948
201.245.192.253 - - [21/Mar/2024:02:20:39 -0500] "POST /kwsrmcab/Wsrmcab HTTP/1.1" 200 37599
172.22.2.4 - - [21/Mar/2024:02:19:19 -0500] "GET /BLA/boletinlegal/ HTTP/1.1" 200 59083
216.245.221.92 - - [21/Mar/2024:02:22:22 -0500] "HEAD / HTTP/1.1" 200 -
201.245.192.253 - - [21/Mar/2024:02:23:06 -0500] "POST /kwsrmcab/Wsrmcab  HTTP/1.1" 200 37499
17.241.227.183 - - [21/Mar/2024:02:24:12 -0500] "GET /en-este-puente-de-reyes-evita-movilizar-comercializar-o-traer-animales-silvestres-a-bogota.html HTTP/1.1" 200 859
172.22.2.4 - - [21/Mar/2024:02:24:18 -0500] "HEAD /BLA/boletinlegal/ HTTP/1.1" 200 -
172.22.2.4 - - [21/Mar/2024:02:25:09 -0500] "GET /BLA/boletinlegal/ HTTP/1.1" 200 58273
216.245.221.92 - - [21/Mar/2024:02:27:22 -0500] "HEAD / HTTP/1.1" 200 -
201.245.192.253 - - [21/Mar/2024:02:28:04 -0500] "POST /kwsrmcab/Wsrmcab  HTTP/1.1" 200 37499
201.245.192.253 - - [21/Mar/2024:02:29:00 -0500] "POST /kwsrmcab/Wsrmcab HTTP/1.1" 200 37196
201.245.192.253 - - [21/Mar/2024:02:29:03 -0500] "GET /kwsrmcab/Wsrmcab?wsdl HTTP/1.1" 200 6948
201.245.192.253 - - [21/Mar/2024:02:29:03 -0500] "POST /kwsrmcab/Wsrmcab HTTP/1.1" 200 37599
201.245.192.253 - - [21/Mar/2024:02:29:32 -0500] "POST /kwsrmcab/Wsrmcab HTTP/1.1" 200 37030
201.245.192.253 - - [21/Mar/2024:02:30:40 -0500] "POST /kwsrmcab/Wsrmcab HTTP/1.1" 200 37599
35.216.215.94 - - [21/Mar/2024:02:31:03 -0500] "GET / HTTP/1.1" 200 319
172.22.2.4 - - [21/Mar/2024:02:30:08 -0500] "HEAD /BLA/boletinlegal/ HTTP/1.1" 200 -
216.245.221.92 - - [21/Mar/2024:02:32:22 -0500] "HEAD / HTTP/1.1" 200 -
172.22.2.4 - - [21/Mar/2024:02:30:59 -0500] "GET /BLA/boletinlegal/ HTTP/1.1" 200 53419
201.245.192.253 - - [21/Mar/2024:02:33:04 -0500] "POST /kwsrmcab/Wsrmcab  HTTP/1.1" 200 37499
216.245.221.92 - - [21/Mar/2024:02:37:22 -0500] "HEAD / HTTP/1.1" 200 -
172.22.2.4 - - [21/Mar/2024:02:35:58 -0500] "HEAD /BLA/boletinlegal/ HTTP/1.1" 200 -
201.245.192.253 - - [21/Mar/2024:02:38:03 -0500] "POST /kwsrmcab/Wsrmcab  HTTP/1.1" 200 37499
172.22.2.4 - - [21/Mar/2024:02:36:49 -0500] "GET /BLA/boletinlegal/ HTTP/1.1" 200 58273
35.171.153.234 - - [21/Mar/2024:02:38:50 -0500] "GET /galeria/galeria/fotos/Humedal-vaca6P.jpg HTTP/1.1" 200 11678
201.245.192.253 - - [21/Mar/2024:02:39:00 -0500] "POST /kwsrmcab/Wsrmcab HTTP/1.1" 200 37198
201.245.192.253 - - [21/Mar/2024:02:39:04 -0500] "POST /kwsrmcab/Wsrmcab HTTP/1.1" 200 37599
172.22.2.4 - - [21/Mar/2024:02:39:04 -0500] "GET /BLA/boletinlegal/images/launch.jpg HTTP/1.1" 200 14577
201.245.192.253 - - [21/Mar/2024:02:39:33 -0500] "POST /kwsrmcab/Wsrmcab HTTP/1.1" 200 37030
201.245.192.253 - - [21/Mar/2024:02:40:41 -0500] "POST /kwsrmcab/Wsrmcab HTTP/1.1" 200 37599
151.106.160.165 - - [21/Mar/2024:02:40:50 -0500] "GET /robots.txt HTTP/1.1" 404 1034
151.106.160.165 - - [21/Mar/2024:02:40:50 -0500] "GET / HTTP/1.1" 200 4720
172.22.2.4 - - [21/Mar/2024:02:40:52 -0500] "GET /BLA/boletinlegal/actos.php HTTP/1.1" 200 9738
172.22.2.4 - - [21/Mar/2024:02:40:17 -0500] "GET /BLA/boletinlegal/ HTTP/1.1" 200 62310
17.241.75.225 - - [21/Mar/2024:02:42:13 -0500] "GET /aeropuerto-el-dorado-distrito-sensibilizo-a-viajeros-para-evitar-el-trafico-de-especies-silvestres.html HTTP/1.1" 200 851
216.245.221.92 - - [21/Mar/2024:02:42:22 -0500] "HEAD / HTTP/1.1" 200 -
172.22.2.4 - - [21/Mar/2024:02:42:43 -0500] "GET /BLA/boletinlegal/styles2.css HTTP/1.1" 200 1838
201.245.192.253 - - [21/Mar/2024:02:43:01 -0500] "POST /kwsrmcab/Wsrmcab  HTTP/1.1" 200 37499
172.22.2.4 - - [21/Mar/2024:02:41:48 -0500] "HEAD /BLA/boletinlegal/ HTTP/1.1" 200 -
43.156.135.246 - - [21/Mar/2024:02:44:10 -0500] "GET /galeria/galeria/fotos/Humedal-la-conejera3P.jpg HTTP/1.1" 200 31355
172.22.2.4 - - [21/Mar/2024:02:42:39 -0500] "GET /BLA/boletinlegal/ HTTP/1.1" 200 54300
40.77.167.143 - - [21/Mar/2024:02:44:54 -0500] "GET /BLA/resoluciones/AUTOS%202017/0558.pdf HTTP/1.1" 200 845842
47.128.121.47 - - [21/Mar/2024:02:45:20 -0500] "GET /BLA/resoluciones/AUTOS%202021/0245.php?act=f&d=E%3A%5Cnuevo%5Chtdocs%5CBLA%5Cresoluciones%5CAUTOS+2021%5C&f=2092.pdf&ft=sdb HTTP/1.1" 200 3015
47.128.121.47 - - [21/Mar/2024:02:45:21 -0500] "GET /BLA/resoluciones/AUTOS%202021/0245.php?act=img&img=ext_txt HTTP/1.1" 200 132
47.128.121.47 - - [21/Mar/2024:02:45:21 -0500] "GET /BLA/resoluciones/AUTOS%202021/0245.php?act=img&img=ext_exe HTTP/1.1" 200 118
47.128.121.47 - - [21/Mar/2024:02:45:21 -0500] "GET /BLA/resoluciones/AUTOS%202021/0245.php?act=img&img=ext_gif HTTP/1.1" 200 175
47.128.121.47 - - [21/Mar/2024:02:45:21 -0500] "GET /BLA/resoluciones/AUTOS%202021/0245.php?act=img&img=ext_pdf HTTP/1.1" 200 1034
47.128.121.47 - - [21/Mar/2024:02:45:21 -0500] "GET /BLA/resoluciones/AUTOS%202021/0245.php?act=img&img=ext_html HTTP/1.1" 200 230
47.128.121.47 - - [21/Mar/2024:02:45:21 -0500] "GET /BLA/resoluciones/AUTOS%202021/0245.php?act=img&img=ext_diz HTTP/1.1" 200 1027
47.128.121.47 - - [21/Mar/2024:02:45:21 -0500] "GET /BLA/resoluciones/AUTOS%202021/0245.php?act=img&img=ext_rtf HTTP/1.1" 200 164
47.128.121.47 - - [21/Mar/2024:02:45:21 -0500] "GET /BLA/resoluciones/AUTOS%202021/0245.php?act=img&img=ext_ini HTTP/1.1" 200 134
47.128.121.47 - - [21/Mar/2024:02:45:21 -0500] "GET /BLA/resoluciones/AUTOS%202021/0245.php?act=img&img=change HTTP/1.1" 200 290
47.128.121.47 - - [21/Mar/2024:02:45:21 -0500] "GET /BLA/resoluciones/AUTOS%202021/0245.php?act=img&img=download HTTP/1.1" 200 161
47.128.121.38 - - [21/Mar/2024:02:45:44 -0500] "GET /BLA/resoluciones/AUTOS%202021/0245.php?act=chmod&d=E%3A%5Cnuevo%5Chtdocs%5Ckmz%5C HTTP/1.1" 200 2840
47.128.121.212 - - [21/Mar/2024:02:46:08 -0500] "GET /BLA/resoluciones/AUTOS%202021/0245.php?act=d&d=E%3A%5Cxampp HTTP/1.1" 200 2720
40.77.167.5 - - [21/Mar/2024:02:46:42 -0500] "GET /BLA/resoluciones/RESOLUCIONES%202017/1538.pdf HTTP/1.1" 200 279986
216.245.221.92 - - [21/Mar/2024:02:47:22 -0500] "HEAD / HTTP/1.1" 200 -
52.167.144.11 - - [21/Mar/2024:02:47:26 -0500] "GET /BLA/resoluciones/RESOLUCIONES%202013/1138.pdf HTTP/1.1" 304 -
201.245.192.253 - - [21/Mar/2024:02:47:59 -0500] "POST /kwsrmcab/Wsrmcab  HTTP/1.1" 200 37499
103.203.56.1 - - [21/Mar/2024:02:48:28 -0500] "GET / HTTP/1.1" 200 319
172.22.2.4 - - [21/Mar/2024:02:47:38 -0500] "HEAD /BLA/boletinlegal/ HTTP/1.1" 200 -
51.222.137.23 - - [21/Mar/2024:02:50:01 -0500] "GET /mysql/index.php?lang=en HTTP/1.1" 404 1018
51.222.137.23 - - [21/Mar/2024:02:50:02 -0500] "GET /phpMyAdmin-5.2.1-all-languages/index.php?lang=en HTTP/1.1" 403 1165
51.222.137.23 - - [21/Mar/2024:02:50:02 -0500] "GET /phpMyAdmin-4/index.php?lang=en HTTP/1.1" 403 1165
51.222.137.23 - - [21/Mar/2024:02:50:02 -0500] "GET /phpMyAdmin-latest-english/index.php?lang=en HTTP/1.1" 403 1165
51.222.137.23 - - [21/Mar/2024:02:50:02 -0500] "GET /phpMyAdmin-5.1.0/index.php?lang=en HTTP/1.1" 403 1165
51.222.137.23 - - [21/Mar/2024:02:50:02 -0500] "GET /phpMyAdmin1/index.php?lang=en HTTP/1.1" 403 1165
51.222.137.23 - - [21/Mar/2024:02:50:02 -0500] "GET /phpmyadmin3/index.php?lang=en HTTP/1.1" 403 1165
51.222.137.23 - - [21/Mar/2024:02:50:02 -0500] "GET /sql/myadmin/index.php?lang=en HTTP/1.1" 404 1018
51.222.137.23 - - [21/Mar/2024:02:50:02 -0500] "GET /wp-content/plugins/portable-phpmyadmin/wp-pma-mod/index.php?lang=en HTTP/1.1" 404 1018
51.222.137.23 - - [21/Mar/2024:02:50:02 -0500] "GET /phpMyAdmin6/index.php?lang=en HTTP/1.1" 403 1165
51.222.137.23 - - [21/Mar/2024:02:50:03 -0500] "GET /2phpmyadmin/index.php?lang=en HTTP/1.1" 404 1018
51.222.137.23 - - [21/Mar/2024:02:50:03 -0500] "GET /mysqladmin/index.php?lang=en HTTP/1.1" 404 1018
51.222.137.23 - - [21/Mar/2024:02:50:03 -0500] "GET /sqlmanager/index.php?lang=en HTTP/1.1" 404 1018
51.222.137.23 - - [21/Mar/2024:02:50:03 -0500] "GET /mysql/web/index.php?lang=en HTTP/1.1" 404 1018
51.222.137.23 - - [21/Mar/2024:02:50:03 -0500] "GET /administrator/pma/index.php?lang=en HTTP/1.1" 404 1018
51.222.137.23 - - [21/Mar/2024:02:50:03 -0500] "GET /shopdb/index.php?lang=en HTTP/1.1" 404 1018
51.222.137.23 - - [21/Mar/2024:02:50:03 -0500] "GET /phpMyAdmin_/index.php?lang=en HTTP/1.1" 403 1165
51.222.137.23 - - [21/Mar/2024:02:50:03 -0500] "GET /phpmyadmin2022/index.php?lang=en HTTP/1.1" 403 1165
51.222.137.23 - - [21/Mar/2024:02:50:03 -0500] "GET /admin/pma/index.php?lang=en HTTP/1.1" 404 1018
51.222.137.23 - - [21/Mar/2024:02:50:04 -0500] "GET /phpmyadmin2021/index.php?lang=en HTTP/1.1" 403 1165
51.222.137.23 - - [21/Mar/2024:02:50:04 -0500] "GET /PMA/index.php?lang=en HTTP/1.1" 404 1018
51.222.137.23 - - [21/Mar/2024:02:50:04 -0500] "GET /sql/phpMyAdmin2/index.php?lang=en HTTP/1.1" 404 1018
51.222.137.23 - - [21/Mar/2024:02:50:04 -0500] "GET /db/phpmyadmin4/index.php?lang=en HTTP/1.1" 404 1018
51.222.137.23 - - [21/Mar/2024:02:50:04 -0500] "GET /mysql/mysqlmanager/index.php?lang=en HTTP/1.1" 404 1018
51.222.137.23 - - [21/Mar/2024:02:50:04 -0500] "GET /phpmyadmin4/index.php?lang=en HTTP/1.1" 403 1165
51.222.137.23 - - [21/Mar/2024:02:50:04 -0500] "GET /phpMyAdmin-latest-all-languages/index.php?lang=en HTTP/1.1" 403 1165
51.222.137.23 - - [21/Mar/2024:02:50:04 -0500] "GET /sql/sql-admin/index.php?lang=en HTTP/1.1" 404 1018
51.222.137.23 - - [21/Mar/2024:02:50:05 -0500] "GET /phpmyadmin2018/index.php?lang=en HTTP/1.1" 403 1165
51.222.137.23 - - [21/Mar/2024:02:50:05 -0500] "GET /admin/phpMyAdmin/index.php?lang=en HTTP/1.1" 404 1018
51.222.137.23 - - [21/Mar/2024:02:50:05 -0500] "GET /phpMyAdmin4/index.php?lang=en HTTP/1.1" 403 1165
51.222.137.23 - - [21/Mar/2024:02:50:05 -0500] "GET /pma/index.php?lang=en HTTP/1.1" 404 1018
51.222.137.23 - - [21/Mar/2024:02:50:05 -0500] "GET /db/phpMyAdmin3/index.php?lang=en HTTP/1.1" 404 1018
51.222.137.23 - - [21/Mar/2024:02:50:05 -0500] "GET /phpMyAdmin-5/index.php?lang=en HTTP/1.1" 403 1165
51.222.137.23 - - [21/Mar/2024:02:50:05 -0500] "GET /1phpmyadmin/index.php?lang=en HTTP/1.1" 404 1018
51.222.137.23 - - [21/Mar/2024:02:50:05 -0500] "GET /phpmy/index.php?lang=en HTTP/1.1" 404 1018
51.222.137.23 - - [21/Mar/2024:02:50:05 -0500] "GET /phpMyAdmin-5.2.0/index.php?lang=en HTTP/1.1" 403 1165
51.222.137.23 - - [21/Mar/2024:02:50:06 -0500] "GET /phppma/index.php?lang=en HTTP/1.1" 404 1018
51.222.137.23 - - [21/Mar/2024:02:50:06 -0500] "GET /phpmyAdmin/index.php?lang=en HTTP/1.1" 403 1165
51.222.137.23 - - [21/Mar/2024:02:50:06 -0500] "GET /db/db-admin/index.php?lang=en HTTP/1.1" 404 1018
51.222.137.23 - - [21/Mar/2024:02:50:06 -0500] "GET /administrator/admin/index.php?lang=en HTTP/1.1" 404 1018
51.222.137.23 - - [21/Mar/2024:02:50:06 -0500] "GET /phpMyAdmin2/index.php?lang=en HTTP/1.1" 403 1165
51.222.137.23 - - [21/Mar/2024:02:50:06 -0500] "GET /phpmyadmin/index.php?lang=en HTTP/1.1" 403 1165
51.222.137.23 - - [21/Mar/2024:02:50:06 -0500] "GET /phpMyAdmin-5.2/index.php?lang=en HTTP/1.1" 403 1165
51.222.137.23 - - [21/Mar/2024:02:50:06 -0500] "GET /phpMyAdmin/index.php?lang=en HTTP/1.1" 403 1165
51.222.137.23 - - [21/Mar/2024:02:50:07 -0500] "GET /phpmy-admin/index.php?lang=en HTTP/1.1" 404 1018
51.222.137.23 - - [21/Mar/2024:02:50:07 -0500] "GET /admin/index.php?lang=en HTTP/1.1" 404 1018
51.222.137.23 - - [21/Mar/2024:02:50:07 -0500] "GET /phpmyadmin6/index.php?lang=en HTTP/1.1" 403 1165
51.222.137.23 - - [21/Mar/2024:02:50:07 -0500] "GET /mysql/db/index.php?lang=en HTTP/1.1" 404 1018
51.222.137.23 - - [21/Mar/2024:02:50:07 -0500] "GET /phpMyAdmin6.0/index.php?lang=en HTTP/1.1" 403 1165
51.222.137.23 - - [21/Mar/2024:02:50:07 -0500] "GET /sql/phpmyadmin5/index.php?lang=en HTTP/1.1" 404 1018
51.222.137.23 - - [21/Mar/2024:02:50:07 -0500] "GET /php-my-admin/index.php?lang=en HTTP/1.1" 404 1018
51.222.137.23 - - [21/Mar/2024:02:50:07 -0500] "GET /_phpMyAdmin/index.php?lang=en HTTP/1.1" 404 1018
51.222.137.23 - - [21/Mar/2024:02:50:07 -0500] "GET /sql/phpmy-admin/index.php?lang=en HTTP/1.1" 404 1018
51.222.137.23 - - [21/Mar/2024:02:50:08 -0500] "GET /phpMyAdmin3/index.php?lang=en HTTP/1.1" 403 1165
51.222.137.23 - - [21/Mar/2024:02:50:08 -0500] "GET /administrator/web/index.php?lang=en HTTP/1.1" 404 1018
51.222.137.23 - - [21/Mar/2024:02:50:08 -0500] "GET /mysql/admin/index.php?lang=en HTTP/1.1" 404 1018
51.222.137.23 - - [21/Mar/2024:02:50:08 -0500] "GET /phpMyAdmin5.1/index.php?lang=en HTTP/1.1" 403 1165
51.222.137.23 - - [21/Mar/2024:02:50:08 -0500] "GET /admin/phpmyadmin/index.php?lang=en HTTP/1.1" 404 1018
51.222.137.23 - - [21/Mar/2024:02:50:08 -0500] "GET /db/phpmyadmin/index.php?lang=en HTTP/1.1" 404 1018
51.222.137.23 - - [21/Mar/2024:02:50:08 -0500] "GET /_phpmyadmin_/index.php?lang=en HTTP/1.1" 404 1018
51.222.137.23 - - [21/Mar/2024:02:50:08 -0500] "GET /mysql/pma/index.php?lang=en HTTP/1.1" 404 1018
51.222.137.23 - - [21/Mar/2024:02:50:09 -0500] "GET /db/webadmin/index.php?lang=en HTTP/1.1" 404 1018
51.222.137.23 - - [21/Mar/2024:02:50:09 -0500] "GET /db/phpMyAdmin-5/index.php?lang=en HTTP/1.1" 404 1018
51.222.137.23 - - [21/Mar/2024:02:50:09 -0500] "GET /admin/db/index.php?lang=en HTTP/1.1" 404 1018
172.22.2.4 - - [21/Mar/2024:02:48:29 -0500] "GET /BLA/boletinlegal/ HTTP/1.1" 200 53419
51.222.137.23 - - [21/Mar/2024:02:50:09 -0500] "GET /phpmyadmin2020/index.php?lang=en HTTP/1.1" 403 1165
51.222.137.23 - - [21/Mar/2024:02:50:09 -0500] "GET /db/phpmyadmin3/index.php?lang=en HTTP/1.1" 404 1018
51.222.137.23 - - [21/Mar/2024:02:50:09 -0500] "GET /phpMyAdmin-5.1.1/index.php?lang=en HTTP/1.1" 403 1165
51.222.137.23 - - [21/Mar/2024:02:50:09 -0500] "GET /sql/phpmanager/index.php?lang=en HTTP/1.1" 404 1018
51.222.137.23 - - [21/Mar/2024:02:50:09 -0500] "GET /administrator/phpMyAdmin/index.php?lang=en HTTP/1.1" 404 1018
51.222.137.23 - - [21/Mar/2024:02:50:09 -0500] "GET /phpMyAdmin-5.1.2/index.php?lang=en HTTP/1.1" 403 1165
51.222.137.23 - - [21/Mar/2024:02:50:10 -0500] "GET /db/index.php?lang=en HTTP/1.1" 404 1018
51.222.137.23 - - [21/Mar/2024:02:50:10 -0500] "GET /phpMyAdmin-5.1.3/index.php?lang=en HTTP/1.1" 403 1165
51.222.137.23 - - [21/Mar/2024:02:50:10 -0500] "GET /mysql/pMA/index.php?lang=en HTTP/1.1" 404 1018
51.222.137.23 - - [21/Mar/2024:02:50:10 -0500] "GET /phpMyAdmin-3/index.php?lang=en HTTP/1.1" 403 1165
51.222.137.23 - - [21/Mar/2024:02:50:10 -0500] "GET /admin/web/index.php?lang=en HTTP/1.1" 404 1018
51.222.137.23 - - [21/Mar/2024:02:50:10 -0500] "GET /myadmin/index.php?lang=en HTTP/1.1" 404 1018
51.222.137.23 - - [21/Mar/2024:02:50:10 -0500] "GET /phpMyAdmin-5.2.1/index.php?lang=en HTTP/1.1" 403 1165
51.222.137.23 - - [21/Mar/2024:02:50:10 -0500] "GET /mysql/dbadmin/index.php?lang=en HTTP/1.1" 404 1018
51.222.137.23 - - [21/Mar/2024:02:50:11 -0500] "GET /phpmyadmin2/index.php?lang=en HTTP/1.1" 403 1165
51.222.137.23 - - [21/Mar/2024:02:50:11 -0500] "GET /mysql/sqlmanager/index.php?lang=en HTTP/1.1" 404 1018
51.222.137.23 - - [21/Mar/2024:02:50:11 -0500] "GET /db/phpMyAdmin-3/index.php?lang=en HTTP/1.1" 404 1018
51.222.137.23 - - [21/Mar/2024:02:50:11 -0500] "GET /sql/php-myadmin/index.php?lang=en HTTP/1.1" 404 1018
51.222.137.23 - - [21/Mar/2024:02:50:11 -0500] "GET /phpMyAdmin5/index.php?lang=en HTTP/1.1" 403 1165
51.222.137.23 - - [21/Mar/2024:02:50:11 -0500] "GET /dbadmin/index.php?lang=en HTTP/1.1" 404 1018
51.222.137.23 - - [21/Mar/2024:02:50:11 -0500] "GET /db/phpMyAdmin/index.php?lang=en HTTP/1.1" 404 1018
51.222.137.23 - - [21/Mar/2024:02:50:11 -0500] "GET /db/dbadmin/index.php?lang=en HTTP/1.1" 404 1018
51.222.137.23 - - [21/Mar/2024:02:50:11 -0500] "GET /php-myadmin/index.php?lang=en HTTP/1.1" 404 1018
51.222.137.23 - - [21/Mar/2024:02:50:12 -0500] "GET /phpMyAdmin-5.2.0-all-languages/index.php?lang=en HTTP/1.1" 403 1165
51.222.137.23 - - [21/Mar/2024:02:50:12 -0500] "GET /administrator/PMA/index.php?lang=en HTTP/1.1" 404 1018
51.222.137.23 - - [21/Mar/2024:02:50:12 -0500] "GET /mysql-admin/index.php?lang=en HTTP/1.1" 404 1018
51.222.137.23 - - [21/Mar/2024:02:50:12 -0500] "GET /administrator/phpmyadmin/index.php?lang=en HTTP/1.1" 404 1018
51.222.137.23 - - [21/Mar/2024:02:50:12 -0500] "GET /db/phpmyadmin5/index.php?lang=en HTTP/1.1" 404 1018
51.222.137.23 - - [21/Mar/2024:02:50:12 -0500] "GET /sql/sql/index.php?lang=en HTTP/1.1" 404 1018
51.222.137.23 - - [21/Mar/2024:02:50:12 -0500] "GET /sql/websql/index.php?lang=en HTTP/1.1" 404 1018
51.222.137.23 - - [21/Mar/2024:02:50:12 -0500] "GET /program/index.php?lang=en HTTP/1.1" 404 1018
51.222.137.23 - - [21/Mar/2024:02:50:13 -0500] "GET /phpMyAdmin-latest/index.php?lang=en HTTP/1.1" 403 1165
51.222.137.23 - - [21/Mar/2024:02:50:13 -0500] "GET /db/websql/index.php?lang=en HTTP/1.1" 404 1018
51.222.137.23 - - [21/Mar/2024:02:50:13 -0500] "GET /sql/sqladmin/index.php?lang=en HTTP/1.1" 404 1018
51.222.137.23 - - [21/Mar/2024:02:50:13 -0500] "GET /db/dbweb/index.php?lang=en HTTP/1.1" 404 1018
51.222.137.23 - - [21/Mar/2024:02:50:13 -0500] "GET /_phpmyadmin/index.php?lang=en HTTP/1.1" 404 1018
51.222.137.23 - - [21/Mar/2024:02:50:13 -0500] "GET /sql/webadmin/index.php?lang=en HTTP/1.1" 404 1018
51.222.137.23 - - [21/Mar/2024:02:50:13 -0500] "GET /phpMyAdmin-4.9.7/index.php?lang=en HTTP/1.1" 403 1165
51.222.137.23 - - [21/Mar/2024:02:50:13 -0500] "GET /index.php?lang=en HTTP/1.1" 404 1018
51.222.137.23 - - [21/Mar/2024:02:50:13 -0500] "GET /sql/phpmyadmin4/index.php?lang=en HTTP/1.1" 404 1018
51.222.137.23 - - [21/Mar/2024:02:50:14 -0500] "GET /phpMyAdmin-4.9.10-all-languages/index.php?lang=en HTTP/1.1" 403 1165
51.222.137.23 - - [21/Mar/2024:02:50:14 -0500] "GET /phpmyadmin1/index.php?lang=en HTTP/1.1" 403 1165
51.222.137.23 - - [21/Mar/2024:02:50:14 -0500] "GET /sql/phpmyadmin3/index.php?lang=en HTTP/1.1" 404 1018
51.222.137.23 - - [21/Mar/2024:02:50:14 -0500] "GET /phpmyadmin2019/index.php?lang=en HTTP/1.1" 403 1165
51.222.137.23 - - [21/Mar/2024:02:50:14 -0500] "GET /phpMyAdmin5.2/index.php?lang=en HTTP/1.1" 403 1165
51.222.137.23 - - [21/Mar/2024:02:50:14 -0500] "GET /phpMyadmin/index.php?lang=en HTTP/1.1" 403 1165
51.222.137.23 - - [21/Mar/2024:02:50:14 -0500] "GET /MyAdmin/index.php?lang=en HTTP/1.1" 404 1018
51.222.137.23 - - [21/Mar/2024:02:50:14 -0500] "GET /phpMyAdmin-5.2.1-english/index.php?lang=en HTTP/1.1" 403 1165
51.222.137.23 - - [21/Mar/2024:02:50:15 -0500] "GET /__phpmyadmin/index.php?lang=en HTTP/1.1" 404 1018
51.222.137.23 - - [21/Mar/2024:02:50:15 -0500] "GET /admin/sysadmin/index.php?lang=en HTTP/1.1" 404 1018
51.222.137.23 - - [21/Mar/2024:02:50:15 -0500] "GET /db/webdb/index.php?lang=en HTTP/1.1" 404 1018
51.222.137.23 - - [21/Mar/2024:02:50:15 -0500] "GET /sql/sqlweb/index.php?lang=en HTTP/1.1" 404 1018
51.222.137.23 - - [21/Mar/2024:02:50:15 -0500] "GET /phpmyadmin2017/index.php?lang=en HTTP/1.1" 403 1165
51.222.137.23 - - [21/Mar/2024:02:50:15 -0500] "GET /administrator/db/index.php?lang=en HTTP/1.1" 404 1018
51.222.137.23 - - [21/Mar/2024:02:50:15 -0500] "GET /phpmyadmin_/index.php?lang=en HTTP/1.1" 403 1165
51.222.137.23 - - [21/Mar/2024:02:50:15 -0500] "GET /db/phpMyAdmin-4/index.php?lang=en HTTP/1.1" 404 1018
51.222.137.23 - - [21/Mar/2024:02:50:15 -0500] "GET /db/myadmin/index.php?lang=en HTTP/1.1" 404 1018
51.222.137.23 - - [21/Mar/2024:02:50:16 -0500] "GET /mysqlmanager/index.php?lang=en HTTP/1.1" 404 1018
51.222.137.23 - - [21/Mar/2024:02:50:16 -0500] "GET /database/index.php?lang=en HTTP/1.1" 404 1018
51.222.137.23 - - [21/Mar/2024:02:50:16 -0500] "GET /sql/phpMyAdmin/index.php?lang=en HTTP/1.1" 404 1018
51.222.137.23 - - [21/Mar/2024:02:50:16 -0500] "GET /phpmyadmin5/index.php?lang=en HTTP/1.1" 403 1165
51.222.137.23 - - [21/Mar/2024:02:50:16 -0500] "GET /admin/sqladmin/index.php?lang=en HTTP/1.1" 404 1018
51.222.137.23 - - [21/Mar/2024:02:50:16 -0500] "GET /sql/webdb/index.php?lang=en HTTP/1.1" 404 1018
216.245.221.92 - - [21/Mar/2024:02:52:22 -0500] "HEAD / HTTP/1.1" 200 -
157.55.39.222 - - [21/Mar/2024:02:52:22 -0500] "GET /robots.txt HTTP/1.1" 404 1049
52.167.144.168 - - [21/Mar/2024:02:52:30 -0500] "GET /sitemap.xml HTTP/1.1" 404 1049
201.245.192.253 - - [21/Mar/2024:02:52:58 -0500] "POST /kwsrmcab/Wsrmcab  HTTP/1.1" 200 37499
17.241.227.19 - - [21/Mar/2024:02:54:38 -0500] "GET /el-renacer-la-huerta-de-28-reclusos-de-la-carcel-la-picota.html HTTP/1.1" 200 744
172.22.2.4 - - [21/Mar/2024:02:53:28 -0500] "HEAD /BLA/boletinlegal/ HTTP/1.1" 200 -
172.22.2.4 - - [21/Mar/2024:02:54:19 -0500] "GET /BLA/boletinlegal/ HTTP/1.1" 200 53419
136.243.220.214 - - [21/Mar/2024:02:56:28 -0500] "GET /distrito-exalto-a-246-empresas-de-bogota-por-su-alto-desempeno-y-responsabilidad-ambiental-durante-2023.html HTTP/1.1" 200 1039
216.245.221.92 - - [21/Mar/2024:02:57:22 -0500] "HEAD / HTTP/1.1" 200 -
66.249.66.19 - - [21/Mar/2024:02:57:23 -0500] "GET /resoluciones/RESOLUCIONES%202007/RES%202007%20701%20AL%20800/RESOLUCION%200717%20DE%202007.pdf HTTP/1.1" 404 1018
201.245.192.253 - - [21/Mar/2024:02:57:56 -0500] "POST /kwsrmcab/Wsrmcab  HTTP/1.1" 200 37499
172.22.2.4 - - [21/Mar/2024:03:00:43 -0500] "GET /BLA/boletinlegal/robots.txt HTTP/1.1" 404 1038
172.22.2.4 - - [21/Mar/2024:03:00:44 -0500] "GET /BLA/boletinlegal/robots.txt HTTP/1.1" 404 1038
172.22.2.4 - - [21/Mar/2024:02:59:18 -0500] "HEAD /BLA/boletinlegal/ HTTP/1.1" 200 -
193.35.18.40 - - [21/Mar/2024:03:01:26 -0500] "GET /SetupWizard.aspx/PiwvXhWuOt HTTP/1.1" 404 1018
172.22.2.4 - - [21/Mar/2024:03:00:09 -0500] "GET /BLA/boletinlegal/ HTTP/1.1" 200 53818
216.245.221.92 - - [21/Mar/2024:03:02:22 -0500] "HEAD / HTTP/1.1" 200 -
201.245.192.253 - - [21/Mar/2024:03:02:55 -0500] "POST /kwsrmcab/Wsrmcab  HTTP/1.1" 200 37499
52.167.144.209 - - [21/Mar/2024:03:05:43 -0500] "GET /BLA/resoluciones/AUTOS%202023/2055.pdf HTTP/1.1" 304 -
