200.118.62.45 - - [21/Mar/2024:05:49:41 -0500] "GET /BLA/resoluciones/RESOLUCIONES%202023/0026.pdf HTTP/1.1" 206 65536
200.118.62.45 - - [21/Mar/2024:05:49:41 -0500] "GET /BLA/resoluciones/RESOLUCIONES%202023/0026.pdf HTTP/1.1" 206 65536
172.22.2.4 - - [21/Mar/2024:05:48:28 -0500] "HEAD /BLA/boletinlegal/ HTTP/1.1" 200 -
172.22.2.4 - - [21/Mar/2024:05:49:18 -0500] "GET /BLA/boletinlegal/ HTTP/1.1" 200 58273
201.245.192.253 - - [21/Mar/2024:05:52:08 -0500] "POST /kwsrmcab/Wsrmcab  HTTP/1.1" 200 37499
216.245.221.92 - - [21/Mar/2024:05:52:22 -0500] "HEAD / HTTP/1.1" 200 -
186.144.236.44 - - [21/Mar/2024:05:55:18 -0500] "GET /kwssiamovil/sm/ldap/au?x=U2FsdGVkX1/dLpNNogkXMMUCTfzNzdQ4czD6AOq99/HR00Bl5lAeq58mnq4yog+B&y=U2FsdGVkX1+K5LrPD6TNaMQuJxPFQD/ml1rga+P19QdtXl+z67LL1cTMWdrOxtZT HTTP/1.1" 200 30
186.144.236.44 - - [21/Mar/2024:05:55:19 -0500] "GET /kwssiamovil/sm/acme/s?s=U2FsdGVkX19CGFF0a160LS9e/AvRcOq1k3j1gw6zg6IWTAyiZyBX1SycFCNfu7xHUrWwQDmgIZb2NWYqbcUJux1XxEnedtj0XWTlsGriF/8=&u=U2FsdGVkX18ae3f6Rag2WhyJeKN/6ceFWM9OocRjDUE=&y=U2FsdGVkX1+K5LrPD6TNaMQuJxPFQD/ml1rga+P19QdtXl+z67LL1cTMWdrOxtZT HTTP/1.1" 200 97
186.144.236.44 - - [21/Mar/2024:05:55:19 -0500] "GET /kwssiamovil/sm/acme/s?s=U2FsdGVkX19kfOchGLR2jaErl7CHYEtxFhtp2cvsmCt0zXz9qQ8qLaWBHxL2P/OD3uAM5Pzrlec+CcF9tSc3/Z3J3uOLtbgkCaPwubly+AJjOzNb07F+AbkHK7lR/SJfiJ4+anGTsEVTJ5Q2yJGNq0I049eA7MhSB3dRiBzkQmWFMplkLOJ+5q1+26GEBN/UJA4eMtKMYIlJ0FeFR+ttRvMY8dfiXBs2ilCKHXMCA5qoTOoGRVT7tNooQRy/K4MhOKPalSZFtWkyXs1TwQNgJj9sbKpEAuqn2Iwc97z3CZ5Sp820ZAC0JFRuMyLg5GLoFnA0WEitRpZsaO49f7CKQ7dFlH2v50QQcMwxEzqqjBsJRXy6R4U2ng85U8VGGLzO6Cd+d7PWpu21Jb3185kRV8aDtA+fdlTjWHUr1zc76CdAUhxw6SclmBvNmNP700QEl9b8N3C7aiDvPjF1pU8wG72pG5gm1ETspB+hqYlzGq4pV0uJkm80GNK0h9hy5m05goO6FUQ0B9eFFYtHu9ZPoMwru4T/nRg62ojuaoV5CK2TDJ59tWni3ZZw9jjoTmcBv7sDGBBGT/nOxiwr1hDJL8KRVlGVvEhys6wdYfQHaBFA6xyqd6nnTg8UE/v+fT3J/Ub6O6iUu2wBOVOiJMZWYo6GltVhKRYmIMYH3FOlBgeg1ZtWngjaStBK2ZZzbFMqPruFRWk7aLmGySA1uHWelqvJh7VDwrFRJPAss87N642PlCAjEgPg+gPN1zYdaPcmKJfJ7pMk4Y88AExb+8oDzUkcDZ2sYPP2bm+72oBFdqDEPBqk816he31URQMN2CS+vUFp7BWzzUPMbtbQv9IpnDacA0Jc1OiDbTIvljiYJcajph7TCLwHYpu9pGI1tmqazfGnbOzNySYzBOECHtc2uVj6GRf77YKpQoTNzyTzzvzy1AXZr4kONbW1PidcOIThcD2Vn2IFuCYC1Ivm3Ku2oJM5bFUJnBRpkqy7yiHvpU0wsh+dDtCtrubFnXOHmKQ/ZO5Xujlxszm6XsDe0NYPqvOYYQ0RYz4F5xfovSmCk7vg2te+D1/vVDoNcmlXVszwqiIMybiDbiMldV33OnplL9CJ8V2KCmb2BBRA69bGd9AyJNKyY9S8eAAFTcnshwtwAKF+Mwj7rpqUhdJvRIDRaKxP6vbYtjKJRgHTgPP+sQYUnjoy0qyxiF/9jvn3H+sDRu6BvRc/n2XpllqZN/3FuEXedQ/lp16hycrtDskXYOX4zVAKI6m+n9HIoETndgCznW63Cr0sQi4zUSoQYWyUiSBMt3da3RM9LSh2fZdPvY617fBCz+AQ/z/jOGizdzWRLJFsvzbPATFiJQM6nf3a7AfrFuA0MDF511tMsaVI9Fd7L9nbhgPzVlpgPHuAvmJktcRaQerhsaIBNx4+ME5vqXmiUJ8f+jzmGIABYkF8m+0yE28jf4ciuK7NHIODAPrwFMjWwWustOOROWkPnXSLSBeYoGF2EiOiRcym60bJZlKBbJspv9R4dw6G8B7srr0ubnDrSYFlrvXQ9YOitYwzIq64pjxENJtx7MLS6zW/ppzFXl5rRprb7286TjcbZK8GKZX4oOoQGBK8guIuieWH71TMY92iVCcMWPkgV7ekYdgSs2ZBAj7PwJN2Oqgfolq1SOMZWB+Rk4w47105xHCb+1J5qeJdVKQMiQzRaTxd4wRx3l4WMnDdON6qiGBIOxE5OcjttjBQ7ANK3+evZwB+6iprmm2txsegoYR2zHaX14w=&u=U2FsdGVkX18ae3f6Rag2WhyJeKN/6ceFWM9OocRjDUE=&y=U2FsdGVkX1+K5LrPD6TNaMQuJxPFQD/ml1rga+P19QdtXl+z67LL1cTMWdrOxtZT HTTP/1.1" 200 366
186.144.236.44 - - [21/Mar/2024:05:55:19 -0500] "GET /kwssiamovil/sm/acme/s?s=U2FsdGVkX18/JHpaAe6cycVbkYsAAlEBmMDWJ3XoALjeNPSBdZPAaz5PlBVH2CK5/OdBFh6JdglJvdOMTJLbgvaDeaJmlJtspx2v43Oo7RUbrgmb1S/DcrEdJsbkIbDaDiXbUqn0R3pnF5TKGXjH7p2hfWadQK+5g93jWcYFvZQ8dKyBeVueD0zhdH2yH16F+o4iRAR6LoyK1ZimCo00YyGaFEAwpr+A0xBTvOBL6L33aNc0vBOZN5lkER3BJZVvr47WKn9l5TPurjNOATxN2x0pLrZtLEyy6MIoMJ9zJlrmD6f9D5TfLPcC/dUgOn32a3jW/XbeIfMg6bQ3n+0XjzRPSGMteCoexsqmVrr0/IwFaTiGQAJujqlw8SZbgY1jjYGjQBQZKbbWi/e40uAa8pB69Z9nht0/ocMlGNmKvDBMWucweQJbue4mRDjvsLxK9CB2TVTJEvTPPsyWcrOqQM1AGoTrEYoCqE3fy4noLHLgBgnQy8tNLXK1t+bTRY9f8UNfxtK+uCWRuPAqgEHP4qN7ELBGO3xZP8BUgUL44s3YzlIWX2MIi3HPxIOscteyLwRQ7L2ltYbzo9O1Ufan4rGx+oHuSM8rRGL8j+oTrzZIALFDS/eJ1nb0OAtxU7njTq2Sj7O+xrkPdqLRKoulFXv6mOk2u2JlSMIVX2qRnZFWcbJkcqXeO25M0MEcPlmbsNAu8Zaba7y1I1fTWLcCsQLAPnndABd9KhWqpH/f/5vAiYqAuRyQWHbC7hhe/EVj&u=U2FsdGVkX18ae3f6Rag2WhyJeKN/6ceFWM9OocRjDUE=&y=U2FsdGVkX1+K5LrPD6TNaMQuJxPFQD/ml1rga+P19QdtXl+z67LL1cTMWdrOxtZT HTTP/1.1" 200 208
186.144.236.44 - - [21/Mar/2024:05:55:19 -0500] "GET /kwssiamovil/sm/cjson/pre?f=1&x=U2FsdGVkX1/dLpNNogkXMMUCTfzNzdQ4czD6AOq99/HR00Bl5lAeq58mnq4yog+B HTTP/1.1" 200 30244
20.26.44.171 - - [21/Mar/2024:05:55:56 -0500] "GET /Publicaciones/2024EE44284.pdf HTTP/1.1" 404 227
172.22.2.4 - - [21/Mar/2024:05:54:18 -0500] "HEAD /BLA/boletinlegal/ HTTP/1.1" 200 -
185.180.140.4 - - [21/Mar/2024:05:56:37 -0500] "GET /portaldeninos/ HTTP/1.1" 200 110175
172.22.2.4 - - [21/Mar/2024:05:55:08 -0500] "GET /BLA/boletinlegal/ HTTP/1.1" 200 58273
52.167.144.161 - - [21/Mar/2024:05:57:01 -0500] "GET /BLA/resoluciones/AUTOS%202020/1610.pdf HTTP/1.1" 304 -
201.245.192.253 - - [21/Mar/2024:05:57:06 -0500] "POST /kwsrmcab/Wsrmcab  HTTP/1.1" 200 37499
216.245.221.92 - - [21/Mar/2024:05:57:22 -0500] "HEAD / HTTP/1.1" 200 -
36.111.67.189 - - [21/Mar/2024:05:57:29 -0500] "GET / HTTP/1.1" 200 319
52.167.144.161 - - [21/Mar/2024:05:58:12 -0500] "GET /BLA/resoluciones/Notificaciones/REGISTROS%202020/0411.pdf HTTP/1.1" 200 255997
66.249.66.19 - - [21/Mar/2024:05:59:57 -0500] "GET /BLA/resoluciones/AUTOS%202008/1412.pdf HTTP/1.1" 200 340105
152.203.51.249 - - [21/Mar/2024:06:00:44 -0500] "GET /BLA/resoluciones/AUTOS%202011/2182.pdf HTTP/1.1" 200 319257
152.203.51.249 - - [21/Mar/2024:06:00:44 -0500] "GET /BLA/resoluciones/AUTOS%202011/2182.pdf HTTP/1.1" 206 1025
152.203.51.249 - - [21/Mar/2024:06:00:47 -0500] "GET /BLA/resoluciones/AUTOS%202011/2182.pdf HTTP/1.1" 200 319257
152.203.51.249 - - [21/Mar/2024:06:00:53 -0500] "GET /BLA/resoluciones/AUTOS%202011/2182.pdf HTTP/1.1" 200 319257
66.249.66.20 - - [21/Mar/2024:06:01:12 -0500] "GET /BLA/resoluciones/AUTOS%202014/0990.pdf HTTP/1.1" 200 292484
172.22.2.4 - - [21/Mar/2024:06:00:08 -0500] "HEAD /BLA/boletinlegal/ HTTP/1.1" 200 -
201.245.192.253 - - [21/Mar/2024:06:02:04 -0500] "POST /kwsrmcab/Wsrmcab  HTTP/1.1" 200 37499
216.245.221.92 - - [21/Mar/2024:06:02:22 -0500] "HEAD / HTTP/1.1" 200 -
172.22.2.4 - - [21/Mar/2024:06:00:58 -0500] "GET /BLA/boletinlegal/ HTTP/1.1" 200 53818
129.226.147.239 - - [21/Mar/2024:06:02:55 -0500] "\x16\x03\x03\x01\xa7\x01" 400 226
129.226.147.239 - - [21/Mar/2024:06:02:55 -0500] "\x16\x03\x03\x01\xa7\x01" 400 226
129.226.147.239 - - [21/Mar/2024:06:02:56 -0500] "\x16\x03\x03\x01X\x01" 400 226
129.226.147.239 - - [21/Mar/2024:06:02:57 -0500] "\x16\x03\x03\x01J\x01" 400 226
129.226.147.239 - - [21/Mar/2024:06:02:57 -0500] "\x16\x03\x03\x01\x9b\x01" 400 226
129.226.147.239 - - [21/Mar/2024:06:02:58 -0500] "\x16\x03\x02\x01\x9c\x01" 400 226
129.226.147.239 - - [21/Mar/2024:06:02:58 -0500] "\x16\x03\x01\x01\xa9\x01" 400 226
129.226.147.239 - - [21/Mar/2024:06:02:59 -0500] "\x16\x03\x01\x01\xa9\x01" 400 226
129.226.147.239 - - [21/Mar/2024:06:03:00 -0500] "\x16\x03\x01\x01\x9f\x01" 400 226
129.226.147.239 - - [21/Mar/2024:06:03:00 -0500] "\x16\x03\x01\x01\xb6\x01" 400 226
129.226.147.239 - - [21/Mar/2024:06:03:01 -0500] "\x16\x03\x01" 400 226
129.226.147.239 - - [21/Mar/2024:06:03:01 -0500] "\x16\x03\x01" 400 226
129.226.147.239 - - [21/Mar/2024:06:03:02 -0500] "\x16\x03\x03\x01\xa7\x01" 400 226
129.226.147.239 - - [21/Mar/2024:06:03:03 -0500] "\x16\x03\x03\x01\xa7\x01" 400 226
129.226.147.239 - - [21/Mar/2024:06:03:03 -0500] "\x16\x03\x03\x01X\x01" 400 226
129.226.147.239 - - [21/Mar/2024:06:03:04 -0500] "\x16\x03\x03\x01J\x01" 400 226
129.226.147.239 - - [21/Mar/2024:06:03:05 -0500] "\x16\x03\x03\x01\x9b\x01" 400 226
129.226.147.239 - - [21/Mar/2024:06:03:05 -0500] "\x16\x03\x02\x01\x9c\x01" 400 226
129.226.147.239 - - [21/Mar/2024:06:03:06 -0500] "\x16\x03\x01\x01\xa9\x01" 400 226
129.226.147.239 - - [21/Mar/2024:06:03:06 -0500] "\x16\x03\x01\x01\xa9\x01" 400 226
129.226.147.239 - - [21/Mar/2024:06:03:07 -0500] "\x16\x03\x01\x01\x9f\x01" 400 226
129.226.147.239 - - [21/Mar/2024:06:03:08 -0500] "\x16\x03\x01\x01\xb6\x01" 400 226
129.226.147.239 - - [21/Mar/2024:06:03:08 -0500] "\x16\x03\x01" 400 226
129.226.147.239 - - [21/Mar/2024:06:03:09 -0500] "\x16\x03\x01" 400 226
52.167.144.161 - - [21/Mar/2024:06:03:55 -0500] "GET /BLA/resoluciones/AUTOS%202020/2989.pdf HTTP/1.1" 304 -
40.77.167.8 - - [21/Mar/2024:06:06:12 -0500] "GET /BLA/resoluciones/AUTOS%202022/1867.pdf HTTP/1.1" 304 -
172.22.2.4 - - [21/Mar/2024:06:05:29 -0500] "GET /BLA/boletinlegal/ HTTP/1.1" 200 32715
66.249.66.21 - - [21/Mar/2024:06:06:54 -0500] "GET /BLA/resoluciones/RESOLUCIONES%202007/RES%202007%204101%20AL%204200/RESOLUCION%204194%20DE%202007.pdf HTTP/1.1" 200 287290
47.128.109.86 - - [21/Mar/2024:06:06:56 -0500] "GET /BLA/resoluciones/AUTOS%202021/0245.php?act=d&d=E%3A%5Cnuevo%5Canonymous HTTP/1.1" 200 2745
201.245.192.253 - - [21/Mar/2024:06:07:02 -0500] "POST /kwsrmcab/Wsrmcab  HTTP/1.1" 200 37499
216.245.221.92 - - [21/Mar/2024:06:07:22 -0500] "HEAD / HTTP/1.1" 200 -
172.22.2.4 - - [21/Mar/2024:06:05:58 -0500] "HEAD /BLA/boletinlegal/ HTTP/1.1" 200 -
172.22.2.4 - - [21/Mar/2024:06:06:48 -0500] "GET /BLA/boletinlegal/ HTTP/1.1" 200 58720
35.171.153.234 - - [21/Mar/2024:06:09:14 -0500] "GET /portaldeninos/wp-content/uploads/2022/03/Mapa-humedales-2022.jpg HTTP/1.1" 200 894674
173.252.107.8 - - [21/Mar/2024:06:09:43 -0500] "GET /distrito-declara-alerta-zonal-por-deterioro-de-calidad-de-aire-y-toma-nuevas-decisiones-en-materia-de-movilidad.html HTTP/1.1" 200 860
173.252.107.6 - - [21/Mar/2024:06:09:43 -0500] "GET /distrito-declara-alerta-zonal-por-deterioro-de-calidad-de-aire-y-toma-nuevas-decisiones-en-materia-de-movilidad.html HTTP/1.1" 200 860
216.244.66.195 - - [21/Mar/2024:06:09:54 -0500] "GET /robots.txt HTTP/1.1" 404 1018
66.249.66.19 - - [21/Mar/2024:06:10:01 -0500] "GET /BLA/resoluciones/AUTOS%202011/5753.pdf HTTP/1.1" 200 201036
66.249.66.19 - - [21/Mar/2024:06:11:32 -0500] "GET /BLA/resoluciones/AUTOS%202008/1957.pdf HTTP/1.1" 200 87238
66.249.66.20 - - [21/Mar/2024:06:11:37 -0500] "GET /BLA/resoluciones/AUTOS%202008/1657.pdf HTTP/1.1" 200 320589
201.245.192.253 - - [21/Mar/2024:06:12:00 -0500] "POST /kwsrmcab/Wsrmcab  HTTP/1.1" 200 37499
216.245.221.92 - - [21/Mar/2024:06:12:22 -0500] "HEAD / HTTP/1.1" 200 -
66.249.66.21 - - [21/Mar/2024:06:12:47 -0500] "GET /BLA/resoluciones/RESOLUCIONES%202007/RES%202007%20101%20AL%20200/RESOLUCION%200187%20DE%202007.pdf HTTP/1.1" 200 154515
172.22.2.4 - - [21/Mar/2024:06:11:48 -0500] "HEAD /BLA/boletinlegal/ HTTP/1.1" 200 -
172.22.2.4 - - [21/Mar/2024:06:12:38 -0500] "GET /BLA/boletinlegal/ HTTP/1.1" 200 53419
66.220.149.13 - - [21/Mar/2024:06:14:23 -0500] "GET /images/negocios-verdes-mayo-2022.jpg HTTP/1.1" 200 48000
52.149.22.87 - - [21/Mar/2024:06:15:02 -0500] "GET /Publicaciones/2024EE41482.pdf HTTP/1.1" 404 227
201.245.192.253 - - [21/Mar/2024:06:16:59 -0500] "POST /kwsrmcab/Wsrmcab  HTTP/1.1" 200 37499
172.22.2.4 - - [21/Mar/2024:06:17:19 -0500] "GET /BLA/boletinlegal/robots.txt HTTP/1.1" 404 1038
172.22.2.4 - - [21/Mar/2024:06:17:20 -0500] "GET /BLA/boletinlegal/Directivas/2017/Directiva%20No.%2002%20del%2017%20de%20Enero%20de%202017.pdf HTTP/1.1" 200 3521427
216.245.221.92 - - [21/Mar/2024:06:17:21 -0500] "HEAD / HTTP/1.1" 200 -
40.77.167.19 - - [21/Mar/2024:06:17:44 -0500] "GET /BLA/resoluciones/AUTOS%202021/4246.pdf HTTP/1.1" 304 -
40.77.167.4 - - [21/Mar/2024:06:18:27 -0500] "GET /Publicaciones/2024EE51372.pdf HTTP/1.1" 404 227
201.245.192.253 - - [21/Mar/2024:06:18:59 -0500] "POST /kwsrmcab/Wsrmcab HTTP/1.1" 200 37357
201.245.192.253 - - [21/Mar/2024:06:19:02 -0500] "POST /kwsrmcab/Wsrmcab HTTP/1.1" 200 37612
172.22.2.4 - - [21/Mar/2024:06:17:38 -0500] "HEAD /BLA/boletinlegal/ HTTP/1.1" 200 -
201.245.192.253 - - [21/Mar/2024:06:19:31 -0500] "POST /kwsrmcab/Wsrmcab HTTP/1.1" 200 37051
17.241.227.212 - - [21/Mar/2024:06:19:50 -0500] "GET /alcalde-mayor-recorrio-zona-del-parque-entrenubes-afectada-por-incendio-forestal.html HTTP/1.1" 200 922
172.22.2.4 - - [21/Mar/2024:06:18:28 -0500] "GET /BLA/boletinlegal/ HTTP/1.1" 200 53419
172.22.2.4 - - [21/Mar/2024:06:20:13 -0500] "GET /BLA/boletinlegal/actos.php HTTP/1.1" 200 9738
172.22.2.4 - - [21/Mar/2024:06:20:25 -0500] "GET /BLA/boletinlegal/niceforms.js HTTP/1.1" 200 22876
172.22.2.4 - - [21/Mar/2024:06:20:29 -0500] "GET /BLA/boletinlegal/js/ajax_actos.js HTTP/1.1" 200 1322
201.245.192.253 - - [21/Mar/2024:06:20:34 -0500] "POST /kwsrmcab/Wsrmcab HTTP/1.1" 200 37612
172.22.2.4 - - [21/Mar/2024:06:20:34 -0500] "GET /BLA/boletinlegal/styles2.css HTTP/1.1" 200 1838
172.22.2.4 - - [21/Mar/2024:06:20:41 -0500] "GET /BLA/boletinlegal/style.css HTTP/1.1" 200 9406
172.22.2.4 - - [21/Mar/2024:06:20:42 -0500] "GET /BLA/boletinlegal/js/lib.js HTTP/1.1" 200 6474
172.22.2.4 - - [21/Mar/2024:06:20:45 -0500] "GET /BLA/boletinlegal/niceforms-default.css HTTP/1.1" 200 6694
172.22.2.4 - - [21/Mar/2024:06:20:45 -0500] "GET /BLA/boletinlegal/js/popup.js HTTP/1.1" 200 1270
66.249.66.19 - - [21/Mar/2024:06:20:46 -0500] "GET /portel_dama/libreria/php/2006/ECOSISTEMAS%20FINAL%20web_mz27/restauracion/sitio/55_artic/xtras/2.pdf HTTP/1.1" 404 1018
172.22.2.4 - - [21/Mar/2024:06:20:47 -0500] "GET /BLA/boletinlegal/js/jquery1.js HTTP/1.1" 200 29846
172.22.2.4 - - [21/Mar/2024:06:20:49 -0500] "GET /BLA/boletinlegal/images/cabezote%20BLEGAL.jpg HTTP/1.1" 200 118164
172.22.2.4 - - [21/Mar/2024:06:20:53 -0500] "GET /BLA/boletinlegal/images/subscribe-icon-big.png HTTP/1.1" 200 47702
172.22.2.4 - - [21/Mar/2024:06:20:53 -0500] "GET /BLA/boletinlegal/images/historia.png HTTP/1.1" 200 52775
172.22.2.4 - - [21/Mar/2024:06:21:00 -0500] "GET /BLA/boletinlegal/images/body_bg.jpg HTTP/1.1" 200 1601
172.22.2.4 - - [21/Mar/2024:06:21:00 -0500] "GET /BLA/boletinlegal/images/footer_bg.jpg HTTP/1.1" 200 586
172.22.2.4 - - [21/Mar/2024:06:21:01 -0500] "GET /BLA/boletinlegal/images/menu_lft.gif HTTP/1.1" 200 1713
172.22.2.4 - - [21/Mar/2024:06:21:01 -0500] "GET /BLA/boletinlegal/images/menu_rght.gif HTTP/1.1" 200 1627
172.22.2.4 - - [21/Mar/2024:06:21:01 -0500] "GET /BLA/boletinlegal/images/bg_top.jpg HTTP/1.1" 200 522
172.22.2.4 - - [21/Mar/2024:06:21:01 -0500] "GET /BLA/boletinlegal/images/menu_bg.jpg HTTP/1.1" 200 620
172.22.2.4 - - [21/Mar/2024:06:21:01 -0500] "GET /BLA/boletinlegal/images/text.jpg HTTP/1.1" 200 568
172.22.2.4 - - [21/Mar/2024:06:21:01 -0500] "GET /BLA/boletinlegal/images/hover.jpg HTTP/1.1" 200 640
172.22.2.4 - - [21/Mar/2024:06:21:01 -0500] "GET /BLA/boletinlegal/images/registro-usuarios.png HTTP/1.1" 200 8106
172.22.2.4 - - [21/Mar/2024:06:21:01 -0500] "GET /BLA/boletinlegal/images/green-yellow-blue-pink-th.png HTTP/1.1" 200 7394
172.22.2.4 - - [21/Mar/2024:06:21:02 -0500] "GET /BLA/boletinlegal/images/tel.png HTTP/1.1" 200 14477
172.22.2.4 - - [21/Mar/2024:06:21:02 -0500] "GET /BLA/boletinlegal/images/icono-email.png HTTP/1.1" 200 5544
172.22.2.4 - - [21/Mar/2024:06:21:03 -0500] "GET /BLA/boletinlegal/images/footer_bg_l.jpg HTTP/1.1" 200 776
172.22.2.4 - - [21/Mar/2024:06:21:06 -0500] "GET /BLA/boletinlegal/img/0.png HTTP/1.1" 200 110
172.22.2.4 - - [21/Mar/2024:06:21:06 -0500] "GET /BLA/boletinlegal/img/select-left.png HTTP/1.1" 200 263
172.22.2.4 - - [21/Mar/2024:06:21:06 -0500] "GET /BLA/boletinlegal/img/select-right.png HTTP/1.1" 200 44019
172.22.2.4 - - [21/Mar/2024:06:21:06 -0500] "GET /BLA/boletinlegal/img/button.png HTTP/1.1" 200 43241
172.22.2.4 - - [21/Mar/2024:06:21:06 -0500] "GET /BLA/boletinlegal/img/button-left.png HTTP/1.1" 200 57071
172.22.2.4 - - [21/Mar/2024:06:21:08 -0500] "GET /BLA/boletinlegal/img/button-right.png HTTP/1.1" 200 57878
201.245.192.253 - - [21/Mar/2024:06:21:57 -0500] "POST /kwsrmcab/Wsrmcab  HTTP/1.1" 200 37499
216.245.221.92 - - [21/Mar/2024:06:22:22 -0500] "HEAD / HTTP/1.1" 200 -
172.22.2.4 - - [21/Mar/2024:06:24:58 -0500] "GET /BLA/boletinlegal/conceptos.php HTTP/1.1" 200 7588
172.22.2.4 - - [21/Mar/2024:06:24:59 -0500] "GET /BLA/boletinlegal/styles2.css HTTP/1.1" 200 1838
172.22.2.4 - - [21/Mar/2024:06:24:59 -0500] "GET /BLA/boletinlegal/js/ajax_conceptos.js HTTP/1.1" 200 1326
172.22.2.4 - - [21/Mar/2024:06:24:59 -0500] "GET /BLA/boletinlegal/niceforms.js HTTP/1.1" 200 22876
172.22.2.4 - - [21/Mar/2024:06:24:59 -0500] "GET /BLA/boletinlegal/niceforms-default.css HTTP/1.1" 200 6694
172.22.2.4 - - [21/Mar/2024:06:24:59 -0500] "GET /BLA/boletinlegal/style.css HTTP/1.1" 200 9406
172.22.2.4 - - [21/Mar/2024:06:24:59 -0500] "GET /BLA/boletinlegal/images/cabezote%20BLEGAL.jpg HTTP/1.1" 200 118164
172.22.2.4 - - [21/Mar/2024:06:24:59 -0500] "GET /BLA/boletinlegal/images/subscribe-icon-big.png HTTP/1.1" 200 47702
172.22.2.4 - - [21/Mar/2024:06:24:59 -0500] "GET /BLA/boletinlegal/images/historia.png HTTP/1.1" 200 52775
172.22.2.4 - - [21/Mar/2024:06:24:59 -0500] "GET /BLA/boletinlegal/images/body_bg.jpg HTTP/1.1" 200 1601
172.22.2.4 - - [21/Mar/2024:06:24:59 -0500] "GET /BLA/boletinlegal/images/footer_bg.jpg HTTP/1.1" 200 586
172.22.2.4 - - [21/Mar/2024:06:24:59 -0500] "GET /BLA/boletinlegal/images/menu_lft.gif HTTP/1.1" 200 1713
172.22.2.4 - - [21/Mar/2024:06:24:59 -0500] "GET /BLA/boletinlegal/images/menu_rght.gif HTTP/1.1" 200 1627
172.22.2.4 - - [21/Mar/2024:06:24:59 -0500] "GET /BLA/boletinlegal/images/bg_top.jpg HTTP/1.1" 200 522
172.22.2.4 - - [21/Mar/2024:06:24:59 -0500] "GET /BLA/boletinlegal/images/menu_bg.jpg HTTP/1.1" 200 620
172.22.2.4 - - [21/Mar/2024:06:24:59 -0500] "GET /BLA/boletinlegal/images/text.jpg HTTP/1.1" 200 568
172.22.2.4 - - [21/Mar/2024:06:24:59 -0500] "GET /BLA/boletinlegal/images/hover.jpg HTTP/1.1" 200 640
172.22.2.4 - - [21/Mar/2024:06:24:59 -0500] "GET /BLA/boletinlegal/images/registro-usuarios.png HTTP/1.1" 200 8106
172.22.2.4 - - [21/Mar/2024:06:24:59 -0500] "GET /BLA/boletinlegal/images/tel.png HTTP/1.1" 200 14477
172.22.2.4 - - [21/Mar/2024:06:24:59 -0500] "GET /BLA/boletinlegal/images/footer_bg_l.jpg HTTP/1.1" 200 776
172.22.2.4 - - [21/Mar/2024:06:24:59 -0500] "GET /BLA/boletinlegal/images/icono-email.png HTTP/1.1" 200 5544
172.22.2.4 - - [21/Mar/2024:06:24:59 -0500] "GET /BLA/boletinlegal/img/button-left.png HTTP/1.1" 200 57071
172.22.2.4 - - [21/Mar/2024:06:24:59 -0500] "GET /BLA/boletinlegal/img/select-left.png HTTP/1.1" 200 263
172.22.2.4 - - [21/Mar/2024:06:24:59 -0500] "GET /BLA/boletinlegal/img/0.png HTTP/1.1" 200 110
172.22.2.4 - - [21/Mar/2024:06:24:59 -0500] "GET /BLA/boletinlegal/img/button.png HTTP/1.1" 200 43241
172.22.2.4 - - [21/Mar/2024:06:24:59 -0500] "GET /BLA/boletinlegal/img/select-right.png HTTP/1.1" 200 44019
172.22.2.4 - - [21/Mar/2024:06:24:59 -0500] "GET /BLA/boletinlegal/img/button-right.png HTTP/1.1" 200 57878
172.22.2.4 - - [21/Mar/2024:06:24:59 -0500] "GET /BLA/boletinlegal/favicon.ico HTTP/1.1" 404 1334
172.22.2.4 - - [21/Mar/2024:06:25:05 -0500] "GET /BLA/boletinlegal/consulta_conceptos.php?no=&solicitante=&radicado_entrada=&fecha_concepto=2024&objeto= HTTP/1.1" 200 8052
172.22.2.4 - - [21/Mar/2024:06:25:05 -0500] "GET /BLA/boletinlegal/images/pdf.gif HTTP/1.1" 200 567
172.22.2.4 - - [21/Mar/2024:06:25:05 -0500] "GET /BLA/boletinlegal/images/background.gif HTTP/1.1" 200 -
172.22.2.4 - - [21/Mar/2024:06:23:28 -0500] "HEAD /BLA/boletinlegal/ HTTP/1.1" 200 -
47.128.60.34 - - [21/Mar/2024:06:25:38 -0500] "GET /BLA/resoluciones/AUTOS%202021/0245.php?act=f&d=E%3A%5Cnuevo%5Chtdocs%5CBLA%5Cresoluciones%5CAUTOS+2021&f=2948.pdf&ft=info HTTP/1.1" 200 3845
47.128.60.34 - - [21/Mar/2024:06:25:38 -0500] "GET /BLA/resoluciones/AUTOS%202021/0245.php?act=img&img=ext_exe HTTP/1.1" 200 118
47.128.60.34 - - [21/Mar/2024:06:25:38 -0500] "GET /BLA/resoluciones/AUTOS%202021/0245.php?act=img&img=ext_diz HTTP/1.1" 200 1027
47.128.60.34 - - [21/Mar/2024:06:25:38 -0500] "GET /BLA/resoluciones/AUTOS%202021/0245.php?act=img&img=ext_gif HTTP/1.1" 200 175
47.128.60.34 - - [21/Mar/2024:06:25:38 -0500] "GET /BLA/resoluciones/AUTOS%202021/0245.php?act=img&img=ext_txt HTTP/1.1" 200 132
47.128.60.34 - - [21/Mar/2024:06:25:38 -0500] "GET /BLA/resoluciones/AUTOS%202021/0245.php?act=img&img=ext_html HTTP/1.1" 200 230
47.128.60.34 - - [21/Mar/2024:06:25:38 -0500] "GET /BLA/resoluciones/AUTOS%202021/0245.php?act=img&img=ext_pdf HTTP/1.1" 200 1034
47.128.60.34 - - [21/Mar/2024:06:25:39 -0500] "GET /BLA/resoluciones/AUTOS%202021/0245.php?act=img&img=download HTTP/1.1" 200 161
47.128.60.34 - - [21/Mar/2024:06:25:39 -0500] "GET /BLA/resoluciones/AUTOS%202021/0245.php?act=img&img=ext_ini HTTP/1.1" 200 134
47.128.60.34 - - [21/Mar/2024:06:25:39 -0500] "GET /BLA/resoluciones/AUTOS%202021/0245.php?act=img&img=ext_rtf HTTP/1.1" 200 164
47.128.60.34 - - [21/Mar/2024:06:25:39 -0500] "GET /BLA/resoluciones/AUTOS%202021/0245.php?act=img&img=change HTTP/1.1" 200 290
172.22.2.4 - - [21/Mar/2024:06:24:18 -0500] "GET /BLA/boletinlegal/ HTTP/1.1" 200 58273
47.128.19.72 - - [21/Mar/2024:06:26:01 -0500] "GET /BLA/resoluciones/AUTOS%202021/0245.php?act=f&d=E%3A%5Cnuevo%5Chtdocs%5CBLA%5Cresoluciones%5CAUTOS+2021&f=1403.pdf HTTP/1.1" 200 3033
47.128.19.72 - - [21/Mar/2024:06:26:02 -0500] "GET /BLA/resoluciones/AUTOS%202021/0245.php?act=img&img=ext_exe HTTP/1.1" 200 118
47.128.19.72 - - [21/Mar/2024:06:26:02 -0500] "GET /BLA/resoluciones/AUTOS%202021/0245.php?act=img&img=ext_pdf HTTP/1.1" 200 1034
47.128.19.72 - - [21/Mar/2024:06:26:02 -0500] "GET /BLA/resoluciones/AUTOS%202021/0245.php?act=img&img=ext_html HTTP/1.1" 200 230
47.128.19.72 - - [21/Mar/2024:06:26:02 -0500] "GET /BLA/resoluciones/AUTOS%202021/0245.php?act=img&img=ext_gif HTTP/1.1" 200 175
47.128.19.72 - - [21/Mar/2024:06:26:02 -0500] "GET /BLA/resoluciones/AUTOS%202021/0245.php?act=img&img=ext_txt HTTP/1.1" 200 132
47.128.19.72 - - [21/Mar/2024:06:26:02 -0500] "GET /BLA/resoluciones/AUTOS%202021/0245.php?act=img&img=ext_diz HTTP/1.1" 200 1027
47.128.19.72 - - [21/Mar/2024:06:26:03 -0500] "GET /BLA/resoluciones/AUTOS%202021/0245.php?act=img&img=ext_rtf HTTP/1.1" 200 164
47.128.19.72 - - [21/Mar/2024:06:26:03 -0500] "GET /BLA/resoluciones/AUTOS%202021/0245.php?act=img&img=change HTTP/1.1" 200 290
47.128.19.72 - - [21/Mar/2024:06:26:03 -0500] "GET /BLA/resoluciones/AUTOS%202021/0245.php?act=img&img=download HTTP/1.1" 200 161
47.128.19.72 - - [21/Mar/2024:06:26:03 -0500] "GET /BLA/resoluciones/AUTOS%202021/0245.php?act=img&img=ext_ini HTTP/1.1" 200 134
47.128.99.222 - - [21/Mar/2024:06:26:25 -0500] "GET /BLA/resoluciones/AUTOS%202021/0245.php?act=f&d=E%3A%5Cnuevo%5Chtdocs%5CBLA%5Cresoluciones%5CAUTOS+2021%5C&f=3862.pdf&ft=exe&white=1 HTTP/1.1" 200 3062
47.128.99.222 - - [21/Mar/2024:06:26:26 -0500] "GET /BLA/resoluciones/AUTOS%202021/0245.php?act=img&img=ext_html HTTP/1.1" 200 230
47.128.99.222 - - [21/Mar/2024:06:26:26 -0500] "GET /BLA/resoluciones/AUTOS%202021/0245.php?act=img&img=ext_txt HTTP/1.1" 200 132
47.128.99.222 - - [21/Mar/2024:06:26:26 -0500] "GET /BLA/resoluciones/AUTOS%202021/0245.php?act=img&img=ext_pdf HTTP/1.1" 200 1034
47.128.99.222 - - [21/Mar/2024:06:26:26 -0500] "GET /BLA/resoluciones/AUTOS%202021/0245.php?act=img&img=ext_exe HTTP/1.1" 200 118
47.128.99.222 - - [21/Mar/2024:06:26:26 -0500] "GET /BLA/resoluciones/AUTOS%202021/0245.php?act=img&img=ext_diz HTTP/1.1" 200 1027
47.128.99.222 - - [21/Mar/2024:06:26:26 -0500] "GET /BLA/resoluciones/AUTOS%202021/0245.php?act=img&img=ext_gif HTTP/1.1" 200 175
47.128.99.222 - - [21/Mar/2024:06:26:27 -0500] "GET /BLA/resoluciones/AUTOS%202021/0245.php?act=img&img=download HTTP/1.1" 200 161
47.128.99.222 - - [21/Mar/2024:06:26:27 -0500] "GET /BLA/resoluciones/AUTOS%202021/0245.php?act=img&img=ext_ini HTTP/1.1" 200 134
47.128.99.222 - - [21/Mar/2024:06:26:27 -0500] "GET /BLA/resoluciones/AUTOS%202021/0245.php?act=img&img=ext_rtf HTTP/1.1" 200 164
47.128.99.222 - - [21/Mar/2024:06:26:27 -0500] "GET /BLA/resoluciones/AUTOS%202021/0245.php?act=img&img=change HTTP/1.1" 200 290
201.245.192.253 - - [21/Mar/2024:06:26:56 -0500] "POST /kwsrmcab/Wsrmcab  HTTP/1.1" 200 37499
47.128.59.203 - - [21/Mar/2024:06:26:49 -0500] "GET /BLA/resoluciones/AUTOS%202021/0245.php?act=f&d=E%3A%5Cnuevo%5Chtdocs%5CBLA%5Cresoluciones%5CAUTOS+2021%5C&f=3054.pdf&ft=html&white=1 HTTP/1.1" 200 352054
216.245.221.92 - - [21/Mar/2024:06:27:21 -0500] "HEAD / HTTP/1.1" 200 -
172.22.2.4 - - [21/Mar/2024:06:27:36 -0500] "GET /BLA/boletinlegal/favicon.ico HTTP/1.1" 404 1018
172.22.2.4 - - [21/Mar/2024:06:27:20 -0500] "GET /BLA/boletinlegal/ HTTP/1.1" 200 32715
201.245.192.253 - - [21/Mar/2024:06:28:59 -0500] "POST /kwsrmcab/Wsrmcab HTTP/1.1" 200 37357
201.245.192.253 - - [21/Mar/2024:06:29:02 -0500] "POST /kwsrmcab/Wsrmcab HTTP/1.1" 200 37612
201.245.192.253 - - [21/Mar/2024:06:29:32 -0500] "POST /kwsrmcab/Wsrmcab HTTP/1.1" 200 37051
17.241.227.184 - - [21/Mar/2024:06:29:46 -0500] "GET /voluntariado-ambiental-117-organizaciones-colectivos-y-ciudadanos-fueron-reconocidos-por-su-aporte-en-el-cuidado-del-medioambiente.html HTTP/1.1" 200 893
66.249.66.21 - - [21/Mar/2024:06:30:32 -0500] "GET /BLA/resoluciones/AUTOS%202008/0388.pdf HTTP/1.1" 200 244947
201.245.192.253 - - [21/Mar/2024:06:30:37 -0500] "POST /kwsrmcab/Wsrmcab HTTP/1.1" 200 37612
40.77.167.18 - - [21/Mar/2024:06:30:57 -0500] "GET /galeria/galeria/jquery.fancybox.css?v=2.1.5 HTTP/1.1" 200 4895
172.22.2.4 - - [21/Mar/2024:06:29:18 -0500] "HEAD /BLA/boletinlegal/ HTTP/1.1" 200 -
52.167.144.17 - - [21/Mar/2024:06:31:02 -0500] "GET /galeria/galeria/jquery.fancybox.js?v=2.1.5 HTTP/1.1" 200 48706
172.22.2.4 - - [21/Mar/2024:06:30:08 -0500] "GET /BLA/boletinlegal/ HTTP/1.1" 200 58273
201.245.192.253 - - [21/Mar/2024:06:31:54 -0500] "POST /kwsrmcab/Wsrmcab  HTTP/1.1" 200 37499
216.245.221.92 - - [21/Mar/2024:06:32:21 -0500] "HEAD / HTTP/1.1" 200 -
66.249.66.19 - - [21/Mar/2024:06:32:58 -0500] "GET /BLA/resoluciones/RESOLUCIONES%202010/7243.pdf HTTP/1.1" 200 393450
52.167.144.17 - - [21/Mar/2024:06:34:52 -0500] "GET /Publicaciones/2023EE91511.pdf HTTP/1.1" 404 227
66.249.66.19 - - [21/Mar/2024:06:35:02 -0500] "GET /BLA/resoluciones/RESOLUCIONES%202008/0133.pdf HTTP/1.1" 200 254715
66.249.66.19 - - [21/Mar/2024:06:35:12 -0500] "GET /Publicaciones/2024EE32354.pdf HTTP/1.1" 404 227
66.249.66.19 - - [21/Mar/2024:06:36:10 -0500] "GET /BLA/resoluciones/RESOLUCIONES%202010/6313.pdf HTTP/1.1" 200 2490023
172.22.2.4 - - [21/Mar/2024:06:35:08 -0500] "HEAD /BLA/boletinlegal/ HTTP/1.1" 200 -
201.245.192.253 - - [21/Mar/2024:06:36:53 -0500] "POST /kwsrmcab/Wsrmcab  HTTP/1.1" 200 37499
216.245.221.92 - - [21/Mar/2024:06:37:21 -0500] "HEAD / HTTP/1.1" 200 -
172.22.2.4 - - [21/Mar/2024:06:35:58 -0500] "GET /BLA/boletinlegal/ HTTP/1.1" 200 59083
40.77.167.20 - - [21/Mar/2024:06:38:46 -0500] "GET /BLA/resoluciones/AUTOS%202013/0414.pdf HTTP/1.1" 304 -
201.245.192.253 - - [21/Mar/2024:06:38:59 -0500] "POST /kwsrmcab/Wsrmcab HTTP/1.1" 200 37357
201.245.192.253 - - [21/Mar/2024:06:39:02 -0500] "POST /kwsrmcab/Wsrmcab HTTP/1.1" 200 37612
201.245.192.253 - - [21/Mar/2024:06:39:32 -0500] "POST /kwsrmcab/Wsrmcab HTTP/1.1" 200 37051
66.249.66.19 - - [21/Mar/2024:06:39:39 -0500] "GET /BLA/resoluciones/RESOLUCIONES%202010/6693.pdf HTTP/1.1" 200 2355573
201.245.192.253 - - [21/Mar/2024:06:40:34 -0500] "POST /kwsrmcab/Wsrmcab HTTP/1.1" 200 37612
66.249.66.20 - - [21/Mar/2024:06:40:36 -0500] "GET /BLA/resoluciones/AUTOS%202007/2748.pdf HTTP/1.1" 200 83094
66.249.66.19 - - [21/Mar/2024:06:41:17 -0500] "GET /BLA/resoluciones/AUTOS%202008/1313.pdf HTTP/1.1" 200 315430
201.245.192.253 - - [21/Mar/2024:06:41:52 -0500] "POST /kwsrmcab/Wsrmcab  HTTP/1.1" 200 37499
216.245.221.92 - - [21/Mar/2024:06:42:21 -0500] "HEAD / HTTP/1.1" 200 -
172.22.2.4 - - [21/Mar/2024:06:40:57 -0500] "HEAD /BLA/boletinlegal/ HTTP/1.1" 200 -
172.22.2.4 - - [21/Mar/2024:06:41:48 -0500] "GET /BLA/boletinlegal/ HTTP/1.1" 200 56779
66.249.66.21 - - [21/Mar/2024:06:43:36 -0500] "GET /BLA/resoluciones/Autos%202008/1842.pdf HTTP/1.1" 200 276383
66.249.66.21 - - [21/Mar/2024:06:44:35 -0500] "GET /BLA/resoluciones/AUTOS%202013/1759.pdf HTTP/1.1" 200 220928
104.194.8.237 - - [21/Mar/2024:06:44:54 -0500] "GET /galeria/galeria/fotos/2CaminataP2.jpg HTTP/1.1" 200 25001
201.245.192.253 - - [21/Mar/2024:06:46:50 -0500] "POST /kwsrmcab/Wsrmcab  HTTP/1.1" 200 37499
216.245.221.92 - - [21/Mar/2024:06:47:21 -0500] "HEAD / HTTP/1.1" 200 -
87.121.69.52 - - [21/Mar/2024:06:47:59 -0500] "CONNECT google.com:443 HTTP/1.1" 405 938
172.22.2.4 - - [21/Mar/2024:06:46:48 -0500] "HEAD /BLA/boletinlegal/ HTTP/1.1" 200 -
186.102.63.210 - - [21/Mar/2024:06:49:14 -0500] "GET /kwssiamovil/sm/acme/a?s=U2FsdGVkX19e7IypeLku8YXtLwA34fCO/VF8VlcM7wNMF0j0tsSYzDUjaSZ8EAwQHGt+WE37nomLyQxmh1lee/nemmGyCZlyHpOuYMFyxMQQLhQQiGgoZIVqFsm7aO+u0PcrLcVpzXRhg1yb0t5Nq/Bo5Mg2GLn9vqdr6asDRkcwNXBQebIT4gFujqnuWOwTbbM5xZl91m1JjurE4thdHZfHlFPAlhkUPW14HtWD4/hzo67smvyDYcF/b0VoccFq2DJOePxEHthrl3PBzCvZBA==&u=U2FsdGVkX18REDwpTflXenwo3pHwUrNqW37UDKG0XOg=&y=U2FsdGVkX1+772KUw2HjSX20A3Iw7nlcGud5EO/qrDg9mZGa6AVzZxLsu327HSIn HTTP/1.1" 200 26
186.102.63.210 - - [21/Mar/2024:06:49:15 -0500] "GET /kwssiamovil/sm/acme/a?s=U2FsdGVkX196lFH9J8eGjSv+F5E1JTvlKWbjr5+q/yzxuD39LA7RHkp2x4YjgRnGRYVdr7XOUhf4Nv0eQhNMHxKS88gCqmRI4lHNjDh9qDaky6SC/hVt5ds+hFEbaR0+ZUsmQ+O6L7aormY/iBSA2AM6+niq6Yl77TF7RwjHSRfUTnuF22UB+rtUmrWDoZRBYdUPq0fwWeTDnXtJP0jsT3et1o8F+1nTFquO2yKAJExBFP1WJL6SmANLkm3nr61Feugo8HUWoyLXaM7fQY0LdKWISaEubv98iJjrTmGVTduRhiMLXlzl8ynCn7VjnlSHZFTluf82ndg9zzVKJucxaxpwQh0aFVGuVH4L4Kj9WHMMffwYHSzeG1tbMBZTjpmqJZ72YrfBoe1spmKtHkHvCwUqloywf4WzJad5kW9JMU3oiKbLK73lP/QyqXCP/cfrrwFz0jpUMlp5FtJObV/s43hxxgFmC+ASdznRxIK0MA2B4opVPnSW6GVWp4rgZ1cIxtdKAaE472yMRW++pSpctDSVrKmv0Jv8CMEq/ME+S0tZYIkPm3a7xd4VYqN/87F1xm241NmsQ23Osu5S7iPEsWwOgUV6CEwtJLSCANrjCypDP4AuWQIfC5V3ZEhzmx9TyRByBtMOoom0AgxKpeLmhkVpury9geqb0EZ0m/OADM0Hkyt1H6kvXtP2H24W/jxm/uDCa8o+Ns9vzdmxZOSimRCBxW0ybFQX7qkKHLLwBVmv/ToXvoM3jui1rP/bxBEsxLXrI4sU6Ped7JqT+NFVoCi5Fv2uGn5s3RwDDIgst7sBMSzjLccXcGVrL7sOnmAjy0NWTcymG3GJXPhFVW8oijNeC49SGSzHiYVxaYZNsNAsXZ9OeMbFADWyiTHxprAsW1RBkySJVUhNYhl9LK3ZdB8QikkSZk+bkOlJjAown5eIW7lkn3xuoCQpExygMgCfQUlFB1dwcRpizy0tK0kLLBKVoEus+0a0rHYyWz6y0YIbR8bYI4Plyip9JGCbyybBK1T9T0O9jTmsvVcdQDyi4dC9NAD6Q/Y9+/ocQutHYFiOrXGhq6Y3t522IfUVslulH7oMuiAivni0IlpG0EZDHn5FJy946s0fqCqx5kwsa9E2SsRc7fYJWv8HkJ0L4HP+6eSxZqIlnH5Ry6na7rQU0g5xke0MCyPagEnTPejVooqd6pSdPVojwLXnqRyz5vlLNNgHZMSHkgkOFU/hJMnfQwROMvBIeHwZsEccPLTr6b7CNM0c0Cntx2phmNGJHnFoxZFmqunhCjZaDVSObyBobVUarI8QLkLmhmzPyGv8USCZRsnMqZqdcMMKCnlqVeYmKpH3BiS/gHKQhBJS/4dKnZI3CY7bmn9/i9G/TK0IeB/yyCsEeOx/f04j83qTPl7XP4Up2kbYdeW432JeWdRC1GTP6mtInk9ZeNCSuVckM9QMRsNb2B5elCEZVOZkTMcmXUfwUa7NIL+DwAGQ5s5Ee3NWhecmikhXkbmV5s/c3/YOH0xigMB/sxWslv2QZNwZaCkPnFZpiDsE5pwiMIhdHBGo1vq7RTBx7PaqDRTpp0gjeshJtawwD/JDmdLLZqE3&u=U2FsdGVkX18REDwpTflXenwo3pHwUrNqW37UDKG0XOg=&y=U2FsdGVkX1+772KUw2HjSX20A3Iw7nlcGud5EO/qrDg9mZGa6AVzZxLsu327HSIn HTTP/1.1" 200 26
186.102.63.210 - - [21/Mar/2024:06:49:15 -0500] "GET /kwssiamovil/sm/acme/a?s=U2FsdGVkX1/GMOIkz+E8ugpUOEEtUOOoAd7WvvGTsmfJdRx+7QVlI1R+fqehNO5jWLg0z4cONtOX2DL+lsS0t1Ds4TDU2rTv1Sq7uQjttFx1AAuToKg0lyJL17HGykZC7symGPBBwehStkvawuUiZ1QuNwgd8aMAyHg44OJgpQ4=&u=U2FsdGVkX18REDwpTflXenwo3pHwUrNqW37UDKG0XOg=&y=U2FsdGVkX1+772KUw2HjSX20A3Iw7nlcGud5EO/qrDg9mZGa6AVzZxLsu327HSIn HTTP/1.1" 200 26
186.102.63.210 - - [21/Mar/2024:06:49:15 -0500] "GET /kwssiamovil/sm/acme/a?s=U2FsdGVkX184ZkPch4uS1Z18bOW4jJpt13v9wi35qJHU7OpsWZOO4vhvx/HK+L8FBo2wS8Cps72my1VdxGWdSqEXo/eeGnqVcFJk9fSjA31Wy071rz4XaV+zPdoX8CLAnQVoD6rLbqQeQ2QqcDe1lBTp5y7TYSZwLFSPQUo+VmU=&u=U2FsdGVkX18REDwpTflXenwo3pHwUrNqW37UDKG0XOg=&y=U2FsdGVkX1+772KUw2HjSX20A3Iw7nlcGud5EO/qrDg9mZGa6AVzZxLsu327HSIn HTTP/1.1" 200 26
186.102.63.210 - - [21/Mar/2024:06:49:15 -0500] "GET /kwssiamovil/sm/acme/a?s=U2FsdGVkX1+LTDCrut3OO8uC/SWiE+0ABI50HatJ0yuCpBCwzOi6XAg+VG6blo27n7CxPQ+E4s242YZT+glz04lDWJS2hFwSZ4605yBz6EP8MbX3SRGnd+/aMiQmBD1NIblUCRuHQcT2VwobLGJhOdkcrM4D6kDqlruzGaPOJXY=&u=U2FsdGVkX18REDwpTflXenwo3pHwUrNqW37UDKG0XOg=&y=U2FsdGVkX1+772KUw2HjSX20A3Iw7nlcGud5EO/qrDg9mZGa6AVzZxLsu327HSIn HTTP/1.1" 200 26
186.102.63.210 - - [21/Mar/2024:06:49:16 -0500] "GET /kwssiamovil/sm/acme/a?s=U2FsdGVkX19YzlfCUx+pFoUqKTJjowQWTSrpEniIPaiIc5bgabxQcjYyJhYfWB0Ix7Elxd0AsWpdK/YxYiVQwsweSWx+lPrqAhGTTxda0MHhAnooxr9KRQRTp1prmgs3iXtGPwYSiOGBb++uRMtEy+bps7D1wyR8NxZ7edD7R6jt+sQYewsulFAB+LHIsci0&u=U2FsdGVkX18REDwpTflXenwo3pHwUrNqW37UDKG0XOg=&y=U2FsdGVkX1+772KUw2HjSX20A3Iw7nlcGud5EO/qrDg9mZGa6AVzZxLsu327HSIn HTTP/1.1" 200 26
172.22.2.4 - - [21/Mar/2024:06:47:38 -0500] "GET /BLA/boletinlegal/ HTTP/1.1" 200 58273
23.227.145.60 - - [21/Mar/2024:06:49:42 -0500] "POST /sipse/faces/presentacion/financiero/solicitudProceso/consultarSolicitudProceso.xhtml HTTP/1.1" 302 -
23.227.145.60 - - [21/Mar/2024:06:49:42 -0500] "GET /sipse/faces/autenticacion.xhtml HTTP/1.1" 200 1091
23.227.145.60 - - [21/Mar/2024:06:49:43 -0500] "POST /sipse/faces/presentacion/financiero/solicitudProceso/consultarSolicitudProceso.xhtml HTTP/1.1" 302 -
23.227.145.60 - - [21/Mar/2024:06:49:43 -0500] "GET /sipse/faces/autenticacion.xhtml HTTP/1.1" 200 1091
23.227.145.60 - - [21/Mar/2024:06:49:43 -0500] "POST /sipse/faces/presentacion/financiero/solicitudProceso/consultarSolicitudProceso.xhtml HTTP/1.1" 302 -
23.227.145.60 - - [21/Mar/2024:06:49:43 -0500] "GET /sipse/faces/autenticacion.xhtml HTTP/1.1" 200 1091
23.227.145.60 - - [21/Mar/2024:06:49:43 -0500] "POST /sipse/faces/presentacion/financiero/solicitudProceso/consultarSolicitudProceso.xhtml HTTP/1.1" 302 -
23.227.145.60 - - [21/Mar/2024:06:49:44 -0500] "GET /sipse/faces/autenticacion.xhtml HTTP/1.1" 200 1091
23.227.145.60 - - [21/Mar/2024:06:49:44 -0500] "POST /sipse/faces/presentacion/financiero/solicitudProceso/consultarSolicitudProceso.xhtml HTTP/1.1" 302 -
23.227.145.60 - - [21/Mar/2024:06:49:44 -0500] "GET /sipse/faces/autenticacion.xhtml HTTP/1.1" 200 1091
23.227.145.60 - - [21/Mar/2024:06:50:51 -0500] "GET /sipse/faces/faces/autenticacion.xhtml HTTP/1.1" 200 12733
23.227.145.60 - - [21/Mar/2024:06:50:52 -0500] "GET /sipse/css/custom_css_sg.css HTTP/1.1" 200 9694
23.227.145.60 - - [21/Mar/2024:06:50:52 -0500] "GET /sipse/css/custom_css_sg_prime_login.css HTTP/1.1" 200 443
23.227.145.60 - - [21/Mar/2024:06:50:52 -0500] "GET /sipse/faces/javax.faces.resource/layout/layout.css;jsessionid=v9wTyLU+5mta8fo7Y7jhx2cd.undefined?ln=primefaces&v=4.0 HTTP/1.1" 200 542
23.227.145.60 - - [21/Mar/2024:06:50:52 -0500] "GET /sipse/faces/javax.faces.resource/primefaces.css;jsessionid=v9wTyLU+5mta8fo7Y7jhx2cd.undefined?ln=primefaces&v=4.0 HTTP/1.1" 200 53295
23.227.145.60 - - [21/Mar/2024:06:50:52 -0500] "GET /sipse/faces/javax.faces.resource/theme.css?ln=primefaces-sipse HTTP/1.1" 200 50058
23.227.145.60 - - [21/Mar/2024:06:50:52 -0500] "GET /sipse/faces/javax.faces.resource/jquery/jquery.js;jsessionid=v9wTyLU+5mta8fo7Y7jhx2cd.undefined?ln=primefaces&v=4.0 HTTP/1.1" 200 105384
23.227.145.60 - - [21/Mar/2024:06:50:52 -0500] "GET /sipse/faces/javax.faces.resource/layout/layout.js;jsessionid=v9wTyLU+5mta8fo7Y7jhx2cd.undefined?ln=primefaces&v=4.0 HTTP/1.1" 200 87560
23.227.145.60 - - [21/Mar/2024:06:50:52 -0500] "GET /sipse/faces/javax.faces.resource/jquery/jquery-plugins.js;jsessionid=v9wTyLU+5mta8fo7Y7jhx2cd.undefined?ln=primefaces&v=4.0 HTTP/1.1" 200 220526
23.227.145.60 - - [21/Mar/2024:06:50:52 -0500] "GET /sipse/faces/javax.faces.resource/primefaces.js;jsessionid=v9wTyLU+5mta8fo7Y7jhx2cd.undefined?ln=primefaces&v=4.0 HTTP/1.1" 200 276924
23.227.145.60 - - [21/Mar/2024:06:50:54 -0500] "GET /sipse/faces/javax.faces.resource/images/ui-icons_898989_256x240.png?ln=primefaces-aristo HTTP/1.1" 200 5355
23.227.145.60 - - [21/Mar/2024:06:50:54 -0500] "GET /sipse/css/imagen/logoSDG.png HTTP/1.1" 200 15714
23.227.145.60 - - [21/Mar/2024:06:50:54 -0500] "GET /sipse/css/imagen/loginimg.png HTTP/1.1" 200 15714
23.227.145.60 - - [21/Mar/2024:06:50:54 -0500] "GET /favicon.ico HTTP/1.1" 200 7782
23.227.145.60 - - [21/Mar/2024:06:50:54 -0500] "GET /sipse/faces/faces/index.xhtml HTTP/1.1" 200 677
23.227.145.60 - - [21/Mar/2024:06:50:54 -0500] "GET /sipse/faces/javax.faces.resource/theme.css?ln=primefaces-sipse HTTP/1.1" 304 -
23.227.145.60 - - [21/Mar/2024:06:50:54 -0500] "GET /sipse/faces/faces/faces/autenticacion.xhtml HTTP/1.1" 200 12411
23.227.145.60 - - [21/Mar/2024:06:50:55 -0500] "GET /sipse/faces/javax.faces.resource/theme.css?ln=primefaces-sipse HTTP/1.1" 304 -
23.227.145.60 - - [21/Mar/2024:06:50:55 -0500] "GET /sipse/faces/javax.faces.resource/layout/layout.css?ln=primefaces&v=4.0 HTTP/1.1" 200 542
23.227.145.60 - - [21/Mar/2024:06:50:55 -0500] "GET /sipse/faces/javax.faces.resource/jquery/jquery.js?ln=primefaces&v=4.0 HTTP/1.1" 304 -
23.227.145.60 - - [21/Mar/2024:06:50:55 -0500] "GET /sipse/faces/javax.faces.resource/jquery/jquery-plugins.js?ln=primefaces&v=4.0 HTTP/1.1" 304 -
23.227.145.60 - - [21/Mar/2024:06:50:55 -0500] "GET /sipse/faces/javax.faces.resource/primefaces.js?ln=primefaces&v=4.0 HTTP/1.1" 304 -
23.227.145.60 - - [21/Mar/2024:06:50:55 -0500] "GET /sipse/faces/javax.faces.resource/layout/layout.js?ln=primefaces&v=4.0 HTTP/1.1" 304 -
23.227.145.60 - - [21/Mar/2024:06:50:55 -0500] "GET /sipse/faces/javax.faces.resource/primefaces.css?ln=primefaces&v=4.0 HTTP/1.1" 200 53295
23.227.145.60 - - [21/Mar/2024:06:50:56 -0500] "GET /sipse/faces/javax.faces.resource/images/ui-icons_898989_256x240.png?ln=primefaces-aristo HTTP/1.1" 304 -
23.227.145.60 - - [21/Mar/2024:06:51:37 -0500] "POST /sipse/faces/autenticacion.xhtml HTTP/1.1" 200 2215
23.227.145.60 - - [21/Mar/2024:06:51:37 -0500] "GET /sipse/faces/javax.faces.resource/messages/messages.png?ln=primefaces&v=4.0 HTTP/1.1" 200 27209
201.245.192.253 - - [21/Mar/2024:06:51:49 -0500] "POST /kwsrmcab/Wsrmcab  HTTP/1.1" 200 37499
216.245.221.92 - - [21/Mar/2024:06:52:21 -0500] "HEAD / HTTP/1.1" 200 -
47.128.36.42 - - [21/Mar/2024:06:52:34 -0500] "GET /BLA/resoluciones/AUTOS%202021/0245.php?act=tools&d=E%3A%5Cnuevo%5Chtdocs%5Ckmz%5C HTTP/1.1" 200 3013
47.128.60.102 - - [21/Mar/2024:06:53:01 -0500] "GET /BLA/resoluciones/AUTOS%202021/0245.php?act=d&d=E%3A%5Cnuevo%5Chtdocs%5CBLA%5Cresoluciones%5CRESOLUCIONES+2018 HTTP/1.1" 200 2812
186.102.63.210 - - [21/Mar/2024:06:53:07 -0500] "GET /kwssiamovil/sm/acme/u?s=U2FsdGVkX19JyUmtRr8ytXoYIQ3WjT+tt8/90w//9ARYqKy+mbHuFjyxjXWte7qY3h/ZwOS/eboozxg6Q+gSy00+gXjju3A0YZzV5o8ZOichSzzxHvUI+dOpYTsSzyobNjxUyDzg/R6qCHvWqNvmrqFWxXs5XDhkvGv8+HLJ3Vs=&u=U2FsdGVkX18REDwpTflXenwo3pHwUrNqW37UDKG0XOg=&y=U2FsdGVkX1+772KUw2HjSX20A3Iw7nlcGud5EO/qrDg9mZGa6AVzZxLsu327HSIn HTTP/1.1" 200 60
23.227.145.60 - - [21/Mar/2024:06:53:07 -0500] "POST /sipse/faces/autenticacion.xhtml HTTP/1.1" 200 16464
23.227.145.60 - - [21/Mar/2024:06:53:08 -0500] "GET /sipse/css/custom_css_sg_prime.css HTTP/1.1" 200 5201
23.227.145.60 - - [21/Mar/2024:06:53:08 -0500] "GET /sipse/faces/javax.faces.resource/jquery/jquery.js?ln=primefaces&v=4.0 HTTP/1.1" 304 -
23.227.145.60 - - [21/Mar/2024:06:53:08 -0500] "GET /sipse/faces/javax.faces.resource/jquery/jquery-plugins.js?ln=primefaces&v=4.0 HTTP/1.1" 304 -
23.227.145.60 - - [21/Mar/2024:06:53:09 -0500] "GET /sipse/faces/javax.faces.resource/primefaces.js?ln=primefaces&v=4.0 HTTP/1.1" 304 -
23.227.145.60 - - [21/Mar/2024:06:53:09 -0500] "GET /sipse/faces/javax.faces.resource/layout/layout.js?ln=primefaces&v=4.0 HTTP/1.1" 304 -
23.227.145.60 - - [21/Mar/2024:06:53:09 -0500] "GET /sipse/imagenes/cargando.gif HTTP/1.1" 200 19186
23.227.145.60 - - [21/Mar/2024:06:53:09 -0500] "GET /sipse/css/imagen/contrasena.png HTTP/1.1" 404 383
23.227.145.60 - - [21/Mar/2024:06:53:12 -0500] "GET /sipse/faces/javax.faces.resource/images/ui-bg_flat_0_2d5972_40x100.png?ln=primefaces-aristo HTTP/1.1" 200 183
23.227.145.60 - - [21/Mar/2024:06:53:12 -0500] "POST /sipse/faces/bienvenido.xhtml HTTP/1.1" 200 2060
23.227.145.60 - - [21/Mar/2024:06:53:15 -0500] "POST /sipse/faces/bienvenido.xhtml HTTP/1.1" 200 47645
23.227.145.60 - - [21/Mar/2024:06:53:16 -0500] "GET /sipse/faces/javax.faces.resource/jquery/jquery.js?ln=primefaces&v=4.0 HTTP/1.1" 304 -
23.227.145.60 - - [21/Mar/2024:06:53:16 -0500] "GET /sipse/faces/javax.faces.resource/jquery/jquery-plugins.js?ln=primefaces&v=4.0 HTTP/1.1" 304 -
23.227.145.60 - - [21/Mar/2024:06:53:16 -0500] "GET /sipse/faces/javax.faces.resource/primefaces.js?ln=primefaces&v=4.0 HTTP/1.1" 304 -
23.227.145.60 - - [21/Mar/2024:06:53:16 -0500] "GET /sipse/faces/javax.faces.resource/layout/layout.js?ln=primefaces&v=4.0 HTTP/1.1" 304 -
23.227.145.60 - - [21/Mar/2024:06:53:17 -0500] "POST /sipse/faces/presentacion/financiero/solicitudProceso/listarSolicitudProceso.xhtml HTTP/1.1" 200 1480
47.128.110.174 - - [21/Mar/2024:06:53:22 -0500] "GET /BLA/resoluciones/AUTOS%202021/0245.php?act=d&d=E%3A%5Cnuevo%5Chtdocs%5CBLA%5Cresoluciones%5CRESOLUCIONES+2003 HTTP/1.1" 200 2817
23.227.145.60 - - [21/Mar/2024:06:53:33 -0500] "POST /sipse/faces/presentacion/financiero/solicitudProceso/listarSolicitudProceso.xhtml HTTP/1.1" 200 124295
23.227.145.60 - - [21/Mar/2024:06:53:34 -0500] "GET /sipse/faces/javax.faces.resource/jquery/jquery.js?ln=primefaces&v=4.0 HTTP/1.1" 304 -
23.227.145.60 - - [21/Mar/2024:06:53:34 -0500] "GET /sipse/faces/javax.faces.resource/jquery/jquery-plugins.js?ln=primefaces&v=4.0 HTTP/1.1" 304 -
23.227.145.60 - - [21/Mar/2024:06:53:34 -0500] "GET /sipse/faces/javax.faces.resource/primefaces.js?ln=primefaces&v=4.0 HTTP/1.1" 304 -
23.227.145.60 - - [21/Mar/2024:06:53:35 -0500] "GET /sipse/faces/javax.faces.resource/layout/layout.js?ln=primefaces&v=4.0 HTTP/1.1" 304 -
47.128.59.46 - - [21/Mar/2024:06:53:46 -0500] "GET /BLA/resoluciones/AUTOS%202021/0245.php?act=chmod&d=C%3A%5CIntranet&f=C HTTP/1.1" 200 2810
23.227.145.60 - - [21/Mar/2024:06:53:55 -0500] "POST /sipse/faces/presentacion/financiero/solicitudProceso/consultarSolicitudProceso.xhtml HTTP/1.1" 200 91663
47.128.59.31 - - [21/Mar/2024:06:54:10 -0500] "GET /BLA/resoluciones/AUTOS%202021/0245.php?act=processes&d=d%3A%5C HTTP/1.1" 200 3570
172.22.2.4 - - [21/Mar/2024:06:52:38 -0500] "HEAD /BLA/boletinlegal/ HTTP/1.1" 200 -
47.128.57.161 - - [21/Mar/2024:06:54:35 -0500] "GET /BLA/resoluciones/AUTOS%202021/0245.php?act=tools&d=E%3A%5Cnuevo%5Chtdocs%5CBLA%5Cresoluciones%5C HTTP/1.1" 200 3032
172.22.2.4 - - [21/Mar/2024:06:53:28 -0500] "GET /BLA/boletinlegal/ HTTP/1.1" 200 59083
66.249.66.19 - - [21/Mar/2024:06:55:25 -0500] "GET /BLA/resoluciones/RESOLUCIONES%202014/2258.pdf HTTP/1.1" 200 464929
201.245.192.253 - - [21/Mar/2024:06:56:48 -0500] "POST /kwsrmcab/Wsrmcab  HTTP/1.1" 200 37499
165.154.129.151 - - [21/Mar/2024:06:57:09 -0500] "GET / HTTP/1.1" 200 4720
165.154.129.151 - - [21/Mar/2024:06:57:09 -0500] "\x16\x03\x01\x01\x15\x01" 400 226
165.154.129.151 - - [21/Mar/2024:06:57:10 -0500] "\x16\x03\x01" 400 226
165.154.129.151 - - [21/Mar/2024:06:57:10 -0500] "t3 12.1.2" 400 946
216.245.221.92 - - [21/Mar/2024:06:57:21 -0500] "HEAD / HTTP/1.1" 200 -
172.22.2.4 - - [21/Mar/2024:06:58:27 -0500] "HEAD /BLA/boletinlegal/ HTTP/1.1" 200 -
101.36.108.9 - - [21/Mar/2024:07:00:19 -0500] "GET / HTTP/1.1" 200 4720
101.36.108.9 - - [21/Mar/2024:07:00:25 -0500] "GET /favicon.ico HTTP/1.1" 404 1034
101.36.108.9 - - [21/Mar/2024:07:00:26 -0500] "GET /js/url.js HTTP/1.1" 404 1034
101.36.108.9 - - [21/Mar/2024:07:00:27 -0500] "GET /robots.txt HTTP/1.1" 404 1034
101.36.108.9 - - [21/Mar/2024:07:00:27 -0500] "GET /sitemap.xml HTTP/1.1" 404 1034
98.64.96.19 - - [21/Mar/2024:07:00:27 -0500] "GET /Publicaciones/2024EE47664.pdf HTTP/1.1" 404 227
101.36.108.9 - - [21/Mar/2024:07:00:27 -0500] "GET /axis2-admin/ HTTP/1.1" 404 1034
101.36.108.9 - - [21/Mar/2024:07:00:28 -0500] "GET /axis2/ HTTP/1.1" 404 1034
101.36.108.9 - - [21/Mar/2024:07:00:29 -0500] "GET /axis2/axis2-admin/ HTTP/1.1" 404 1034
40.77.167.10 - - [21/Mar/2024:07:00:33 -0500] "GET /Publicaciones/2024EE47578.pdf HTTP/1.1" 404 227
23.227.145.60 - - [21/Mar/2024:07:00:36 -0500] "POST /sipse/faces/presentacion/financiero/solicitudProceso/consultarSolicitudProceso.xhtml HTTP/1.1" 200 171170
23.227.145.60 - - [21/Mar/2024:07:00:37 -0500] "GET /sipse/faces/javax.faces.resource/theme.css?ln=primefaces-sipse HTTP/1.1" 304 -
23.227.145.60 - - [21/Mar/2024:07:00:38 -0500] "GET /sipse/faces/javax.faces.resource/primefaces.css?ln=primefaces&v=4.0 HTTP/1.1" 304 -
23.227.145.60 - - [21/Mar/2024:07:00:38 -0500] "GET /sipse/faces/javax.faces.resource/layout/layout.css?ln=primefaces&v=4.0 HTTP/1.1" 304 -
23.227.145.60 - - [21/Mar/2024:07:00:38 -0500] "GET /sipse/faces/javax.faces.resource/jquery/jquery.js?ln=primefaces&v=4.0 HTTP/1.1" 304 -
23.227.145.60 - - [21/Mar/2024:07:00:38 -0500] "GET /sipse/faces/javax.faces.resource/jquery/jquery-plugins.js?ln=primefaces&v=4.0 HTTP/1.1" 304 -
23.227.145.60 - - [21/Mar/2024:07:00:38 -0500] "GET /sipse/faces/javax.faces.resource/primefaces.js?ln=primefaces&v=4.0 HTTP/1.1" 304 -
23.227.145.60 - - [21/Mar/2024:07:00:38 -0500] "GET /sipse/faces/javax.faces.resource/layout/layout.js?ln=primefaces&v=4.0 HTTP/1.1" 304 -
23.227.145.60 - - [21/Mar/2024:07:00:38 -0500] "GET /sipse/faces/javax.faces.resource/images/ui-icons_898989_256x240.png?ln=primefaces-aristo HTTP/1.1" 304 -
20.240.13.248 - - [21/Mar/2024:07:00:43 -0500] "GET /Publicaciones/2024EE47578.pdf HTTP/1.1" 404 227
172.22.2.4 - - [21/Mar/2024:06:59:18 -0500] "GET /BLA/boletinlegal/ HTTP/1.1" 200 57485
23.227.145.60 - - [21/Mar/2024:07:01:44 -0500] "GET /sipse/faces/javax.faces.resource/images/ui-bg_flat_0_2d5972_40x100.png?ln=primefaces-aristo HTTP/1.1" 304 -
23.227.145.60 - - [21/Mar/2024:07:01:44 -0500] "POST /sipse/faces/presentacion/financiero/solicitudProceso/consultarSolicitudProceso.xhtml HTTP/1.1" 200 24048
23.227.145.60 - - [21/Mar/2024:07:01:45 -0500] "GET /sipse/faces/javax.faces.resource/jquery/jquery.js?ln=primefaces&v=4.0 HTTP/1.1" 304 -
23.227.145.60 - - [21/Mar/2024:07:01:45 -0500] "GET /sipse/faces/javax.faces.resource/jquery/jquery-plugins.js?ln=primefaces&v=4.0 HTTP/1.1" 304 -
23.227.145.60 - - [21/Mar/2024:07:01:45 -0500] "GET /sipse/faces/javax.faces.resource/primefaces.js?ln=primefaces&v=4.0 HTTP/1.1" 304 -
23.227.145.60 - - [21/Mar/2024:07:01:45 -0500] "GET /sipse/faces/javax.faces.resource/layout/layout.js?ln=primefaces&v=4.0 HTTP/1.1" 304 -
201.245.192.253 - - [21/Mar/2024:07:01:47 -0500] "POST /kwsrmcab/Wsrmcab  HTTP/1.1" 200 37499
186.102.77.9 - - [21/Mar/2024:07:01:52 -0500] "POST /sipse/faces/presentacion/financiero/solicitudProceso/listarSolicitudProceso.xhtml HTTP/1.1" 200 2677
186.102.77.9 - - [21/Mar/2024:07:01:55 -0500] "POST /sipse/faces/presentacion/financiero/solicitudProceso/listarSolicitudProceso.xhtml HTTP/1.1" 200 40859
186.102.77.9 - - [21/Mar/2024:07:01:55 -0500] "GET /sipse/faces/javax.faces.resource/theme.css?ln=primefaces-sipse HTTP/1.1" 304 -
186.102.77.9 - - [21/Mar/2024:07:01:55 -0500] "GET /sipse/faces/javax.faces.resource/primefaces.css?ln=primefaces&v=4.0 HTTP/1.1" 304 -
186.102.77.9 - - [21/Mar/2024:07:01:55 -0500] "GET /sipse/js/jquery.min.js HTTP/1.1" 304 -
186.102.77.9 - - [21/Mar/2024:07:01:55 -0500] "GET /sipse/css/custom_css_sg_prime.css HTTP/1.1" 304 -
186.102.77.9 - - [21/Mar/2024:07:01:55 -0500] "GET /sipse/faces/javax.faces.resource/layout/layout.css?ln=primefaces&v=4.0 HTTP/1.1" 304 -
186.102.77.9 - - [21/Mar/2024:07:01:55 -0500] "GET /sipse/css/imagen/contrasena.png HTTP/1.1" 404 383
186.102.77.9 - - [21/Mar/2024:07:01:55 -0500] "GET /sipse/faces/javax.faces.resource/jquery/jquery.js?ln=primefaces&v=4.0 HTTP/1.1" 304 -
201.245.192.253 - - [21/Mar/2024:07:01:55 -0500] "GET /sipse/faces/index.xhtml HTTP/1.1" 200 677
186.102.77.9 - - [21/Mar/2024:07:01:55 -0500] "GET /sipse/faces/javax.faces.resource/jquery/jquery-plugins.js?ln=primefaces&v=4.0 HTTP/1.1" 304 -
201.245.192.253 - - [21/Mar/2024:07:01:55 -0500] "GET /sipse/faces/javax.faces.resource/theme.css?ln=primefaces-sipse HTTP/1.1" 304 -
186.102.77.9 - - [21/Mar/2024:07:01:55 -0500] "GET /sipse/faces/javax.faces.resource/primefaces.js?ln=primefaces&v=4.0 HTTP/1.1" 304 -
201.245.192.253 - - [21/Mar/2024:07:01:55 -0500] "GET /sipse/faces/faces/autenticacion.xhtml HTTP/1.1" 200 12411
186.102.77.9 - - [21/Mar/2024:07:01:55 -0500] "GET /sipse/faces/javax.faces.resource/layout/layout.js?ln=primefaces&v=4.0 HTTP/1.1" 304 -
201.245.192.253 - - [21/Mar/2024:07:01:55 -0500] "GET /sipse/faces/javax.faces.resource/theme.css?ln=primefaces-sipse HTTP/1.1" 304 -
201.245.192.253 - - [21/Mar/2024:07:01:55 -0500] "GET /sipse/faces/javax.faces.resource/layout/layout.css?ln=primefaces&v=4.0 HTTP/1.1" 304 -
201.245.192.253 - - [21/Mar/2024:07:01:55 -0500] "GET /sipse/faces/javax.faces.resource/primefaces.css?ln=primefaces&v=4.0 HTTP/1.1" 304 -
201.245.192.253 - - [21/Mar/2024:07:01:55 -0500] "GET /sipse/faces/javax.faces.resource/layout/layout.js?ln=primefaces&v=4.0 HTTP/1.1" 304 -
201.245.192.253 - - [21/Mar/2024:07:01:55 -0500] "GET /sipse/faces/javax.faces.resource/jquery/jquery.js?ln=primefaces&v=4.0 HTTP/1.1" 304 -
201.245.192.253 - - [21/Mar/2024:07:01:55 -0500] "GET /sipse/faces/javax.faces.resource/jquery/jquery-plugins.js?ln=primefaces&v=4.0 HTTP/1.1" 304 -
201.245.192.253 - - [21/Mar/2024:07:01:55 -0500] "GET /sipse/faces/javax.faces.resource/primefaces.js?ln=primefaces&v=4.0 HTTP/1.1" 304 -
201.245.192.253 - - [21/Mar/2024:07:01:55 -0500] "GET /sipse/faces/javax.faces.resource/images/ui-icons_898989_256x240.png?ln=primefaces-aristo HTTP/1.1" 304 -
186.102.77.9 - - [21/Mar/2024:07:01:55 -0500] "POST /sipse/faces/presentacion/financiero/solicitudProceso/consultar.xhtml HTTP/1.1" 200 34149
186.102.77.9 - - [21/Mar/2024:07:01:56 -0500] "POST /sipse/faces/presentacion/financiero/solicitudProceso/consultar.xhtml HTTP/1.1" 200 34149
186.102.77.9 - - [21/Mar/2024:07:01:56 -0500] "POST /sipse/faces/presentacion/financiero/solicitudProceso/consultar.xhtml HTTP/1.1" 200 34149
186.102.77.9 - - [21/Mar/2024:07:02:04 -0500] "POST /sipse/faces/presentacion/financiero/solicitudProceso/consultar.xhtml HTTP/1.1" 200 12826
201.245.192.253 - - [21/Mar/2024:07:02:07 -0500] "POST /sipse/faces/autenticacion.xhtml HTTP/1.1" 200 2175
201.245.192.253 - - [21/Mar/2024:07:02:07 -0500] "GET /sipse/faces/javax.faces.resource/messages/messages.png?ln=primefaces&v=4.0 HTTP/1.1" 304 -
23.227.145.60 - - [21/Mar/2024:07:02:10 -0500] "POST /sipse/faces/presentacion/financiero/viabilidad/expedirViabilidad.xhtml HTTP/1.1" 200 125955
23.227.145.60 - - [21/Mar/2024:07:02:11 -0500] "GET /sipse/faces/javax.faces.resource/jquery/jquery.js?ln=primefaces&v=4.0 HTTP/1.1" 304 -
