66.249.66.19 - - [22/Mar/2024:04:13:59 -0500] "GET /BLA/resoluciones/RESOLUCIONES%202010/4357.pdf HTTP/1.1" 200 501475
201.245.192.253 - - [22/Mar/2024:04:14:05 -0500] "POST /forms/lservlet;jsessionid=ac16012b30d65e7a44aedd6c4e8b8a078f956b9fbf50.e3iSbxaKaheRe3iNc3uNbNmQay1ynknvrkLOlQzNp65In0 HTTP/1.1" 200 2
172.22.2.4 - - [22/Mar/2024:04:12:59 -0500] "GET /BLA/boletinlegal/ HTTP/1.1" 200 53818
201.245.192.253 - - [22/Mar/2024:04:14:43 -0500] "POST /forms/lservlet;jsessionid=ac16012b30d6a3adf64eb8e9433c86d0dc471af886a3.e3iSbxaKaheRe3iNc3uNbNmQay1ynknvrkLOlQzNp65In0 HTTP/1.1" 200 2
216.244.66.195 - - [22/Mar/2024:04:15:08 -0500] "GET /robots.txt HTTP/1.1" 404 1018
201.245.192.253 - - [22/Mar/2024:04:16:14 -0500] "POST /forms/lservlet;jsessionid=ac16012b30d65e7a44aedd6c4e8b8a078f956b9fbf50.e3iSbxaKaheRe3iNc3uNbNmQay1ynknvrkLOlQzNp65In0 HTTP/1.1" 200 2
201.245.192.253 - - [22/Mar/2024:04:16:53 -0500] "POST /forms/lservlet;jsessionid=ac16012b30d6a3adf64eb8e9433c86d0dc471af886a3.e3iSbxaKaheRe3iNc3uNbNmQay1ynknvrkLOlQzNp65In0 HTTP/1.1" 200 2
216.245.221.92 - - [22/Mar/2024:04:16:53 -0500] "HEAD / HTTP/1.1" 200 -
201.245.192.253 - - [22/Mar/2024:04:17:52 -0500] "POST /kwsrmcab/Wsrmcab  HTTP/1.1" 200 37499
201.245.192.253 - - [22/Mar/2024:04:18:14 -0500] "POST /forms/lservlet;jsessionid=ac16012b30d65e7a44aedd6c4e8b8a078f956b9fbf50.e3iSbxaKaheRe3iNc3uNbNmQay1ynknvrkLOlQzNp65In0 HTTP/1.1" 200 2
66.249.66.21 - - [22/Mar/2024:04:18:17 -0500] "GET /BLA/resoluciones/AUTOS%202014/0441.pdf HTTP/1.1" 200 357658
18.116.205.62 - - [22/Mar/2024:04:18:36 -0500] "HEAD / HTTP/1.1" 200 -
201.245.192.253 - - [22/Mar/2024:04:18:55 -0500] "POST /kwsrmcab/Wsrmcab HTTP/1.1" 200 37035
201.245.192.253 - - [22/Mar/2024:04:18:55 -0500] "POST /kwsrmcab/Wsrmcab HTTP/1.1" 200 38081
201.245.192.253 - - [22/Mar/2024:04:19:14 -0500] "POST /forms/lservlet;jsessionid=ac16012b30d6a3adf64eb8e9433c86d0dc471af886a3.e3iSbxaKaheRe3iNc3uNbNmQay1ynknvrkLOlQzNp65In0 HTTP/1.1" 200 2
201.245.192.253 - - [22/Mar/2024:04:19:28 -0500] "POST /kwsrmcab/Wsrmcab HTTP/1.1" 200 37756
172.22.2.4 - - [22/Mar/2024:04:17:58 -0500] "HEAD /BLA/boletinlegal/ HTTP/1.1" 200 -
201.245.192.253 - - [22/Mar/2024:04:20:23 -0500] "POST /kwsrmcab/Wsrmcab HTTP/1.1" 200 38081
172.22.2.4 - - [22/Mar/2024:04:18:49 -0500] "GET /BLA/boletinlegal/ HTTP/1.1" 200 53818
201.245.192.253 - - [22/Mar/2024:04:20:36 -0500] "POST /forms/lservlet;jsessionid=ac16012b30d65e7a44aedd6c4e8b8a078f956b9fbf50.e3iSbxaKaheRe3iNc3uNbNmQay1ynknvrkLOlQzNp65In0 HTTP/1.1" 200 2
201.245.192.253 - - [22/Mar/2024:04:21:14 -0500] "POST /forms/lservlet;jsessionid=ac16012b30d6a3adf64eb8e9433c86d0dc471af886a3.e3iSbxaKaheRe3iNc3uNbNmQay1ynknvrkLOlQzNp65In0 HTTP/1.1" 200 2
216.245.221.92 - - [22/Mar/2024:04:21:53 -0500] "HEAD / HTTP/1.1" 200 -
40.77.167.2 - - [22/Mar/2024:04:21:55 -0500] "GET /Publicaciones/2023EE72605.pdf HTTP/1.1" 404 227
201.245.192.253 - - [22/Mar/2024:04:22:51 -0500] "POST /kwsrmcab/Wsrmcab  HTTP/1.1" 200 37499
201.245.192.253 - - [22/Mar/2024:04:23:18 -0500] "POST /forms/lservlet;jsessionid=ac16012b30d65e7a44aedd6c4e8b8a078f956b9fbf50.e3iSbxaKaheRe3iNc3uNbNmQay1ynknvrkLOlQzNp65In0 HTTP/1.1" 200 2
40.77.167.2 - - [22/Mar/2024:04:23:35 -0500] "GET /Publicaciones/2024EE44840.pdf HTTP/1.1" 404 227
201.245.192.253 - - [22/Mar/2024:04:23:56 -0500] "POST /forms/lservlet;jsessionid=ac16012b30d6a3adf64eb8e9433c86d0dc471af886a3.e3iSbxaKaheRe3iNc3uNbNmQay1ynknvrkLOlQzNp65In0 HTTP/1.1" 200 2
35.216.244.245 - - [22/Mar/2024:04:24:17 -0500] "\x16\x03\x01" 400 226
35.216.244.245 - - [22/Mar/2024:04:24:17 -0500] "GET / HTTP/1.1" 200 319
35.216.244.245 - - [22/Mar/2024:04:24:17 -0500] "HELP" 501 953
35.216.244.245 - - [22/Mar/2024:04:24:17 -0500] "GET / HTTP/1.1" 200 319
35.216.244.245 - - [22/Mar/2024:04:24:18 -0500] "GET /info.php HTTP/1.1" 404 1018
35.216.244.245 - - [22/Mar/2024:04:24:18 -0500] "GET /.git/config HTTP/1.1" 404 1018
35.216.244.245 - - [22/Mar/2024:04:24:18 -0500] "GET /server-status HTTP/1.1" 403 1165
35.216.244.245 - - [22/Mar/2024:04:24:19 -0500] "GET /config.json HTTP/1.1" 404 1018
35.216.244.245 - - [22/Mar/2024:04:24:19 -0500] "GET /.env HTTP/1.1" 404 1018
35.216.244.245 - - [22/Mar/2024:04:24:19 -0500] "GET /telescope/requests HTTP/1.1" 404 1018
172.22.2.4 - - [22/Mar/2024:04:23:48 -0500] "HEAD /BLA/boletinlegal/ HTTP/1.1" 200 -
172.22.2.4 - - [22/Mar/2024:04:24:39 -0500] "GET /BLA/boletinlegal/ HTTP/1.1" 200 58720
201.245.192.253 - - [22/Mar/2024:04:26:34 -0500] "POST /forms/lservlet;jsessionid=ac16012b30d65e7a44aedd6c4e8b8a078f956b9fbf50.e3iSbxaKaheRe3iNc3uNbNmQay1ynknvrkLOlQzNp65In0 HTTP/1.1" 200 2
172.22.2.4 - - [22/Mar/2024:04:26:47 -0500] "GET /BLA/boletinlegal/login/ HTTP/1.1" 404 1018
216.245.221.92 - - [22/Mar/2024:04:26:53 -0500] "HEAD / HTTP/1.1" 200 -
201.245.192.253 - - [22/Mar/2024:04:27:12 -0500] "POST /forms/lservlet;jsessionid=ac16012b30d6a3adf64eb8e9433c86d0dc471af886a3.e3iSbxaKaheRe3iNc3uNbNmQay1ynknvrkLOlQzNp65In0 HTTP/1.1" 200 2
201.245.192.253 - - [22/Mar/2024:04:27:49 -0500] "POST /kwsrmcab/Wsrmcab  HTTP/1.1" 200 37499
201.245.192.253 - - [22/Mar/2024:04:28:36 -0500] "POST /forms/lservlet;jsessionid=ac16012b30d65e7a44aedd6c4e8b8a078f956b9fbf50.e3iSbxaKaheRe3iNc3uNbNmQay1ynknvrkLOlQzNp65In0 HTTP/1.1" 200 2
201.245.192.253 - - [22/Mar/2024:04:28:55 -0500] "POST /kwsrmcab/Wsrmcab HTTP/1.1" 200 37035
201.245.192.253 - - [22/Mar/2024:04:28:56 -0500] "POST /kwsrmcab/Wsrmcab HTTP/1.1" 200 38081
201.245.192.253 - - [22/Mar/2024:04:29:14 -0500] "POST /forms/lservlet;jsessionid=ac16012b30d6a3adf64eb8e9433c86d0dc471af886a3.e3iSbxaKaheRe3iNc3uNbNmQay1ynknvrkLOlQzNp65In0 HTTP/1.1" 200 2
201.245.192.253 - - [22/Mar/2024:04:29:28 -0500] "POST /kwsrmcab/Wsrmcab HTTP/1.1" 200 37756
201.245.192.253 - - [22/Mar/2024:04:30:24 -0500] "POST /kwsrmcab/Wsrmcab HTTP/1.1" 200 38081
17.241.227.50 - - [22/Mar/2024:04:30:28 -0500] "GET /desde-el-proximo-25-de-noviembre-bogota-se-ilumina-con-majestuosos-el-festival-de-luces-del-jardin-botanico.html HTTP/1.1" 200 818
201.245.192.253 - - [22/Mar/2024:04:30:36 -0500] "POST /forms/lservlet;jsessionid=ac16012b30d65e7a44aedd6c4e8b8a078f956b9fbf50.e3iSbxaKaheRe3iNc3uNbNmQay1ynknvrkLOlQzNp65In0 HTTP/1.1" 200 2
207.46.13.168 - - [22/Mar/2024:04:31:14 -0500] "GET /portaldeninos/ HTTP/1.1" 200 110175
172.22.2.4 - - [22/Mar/2024:04:29:38 -0500] "HEAD /BLA/boletinlegal/ HTTP/1.1" 200 -
216.245.221.92 - - [22/Mar/2024:04:31:53 -0500] "HEAD / HTTP/1.1" 200 -
201.245.192.253 - - [22/Mar/2024:04:32:03 -0500] "POST /forms/lservlet;jsessionid=ac16012b30d6a3adf64eb8e9433c86d0dc471af886a3.e3iSbxaKaheRe3iNc3uNbNmQay1ynknvrkLOlQzNp65In0 HTTP/1.1" 200 2
172.22.2.4 - - [22/Mar/2024:04:30:29 -0500] "GET /BLA/boletinlegal/ HTTP/1.1" 200 58720
201.245.192.253 - - [22/Mar/2024:04:32:48 -0500] "POST /kwsrmcab/Wsrmcab  HTTP/1.1" 200 37499
40.77.167.26 - - [22/Mar/2024:04:32:55 -0500] "GET /BLA/resoluciones/index.php?dir=RESOLUCIONES+2023%2F HTTP/1.1" 200 147198
201.245.192.253 - - [22/Mar/2024:04:33:25 -0500] "POST /forms/lservlet;jsessionid=ac16012b30d65e7a44aedd6c4e8b8a078f956b9fbf50.e3iSbxaKaheRe3iNc3uNbNmQay1ynknvrkLOlQzNp65In0 HTTP/1.1" 200 2
52.167.144.233 - - [22/Mar/2024:04:33:45 -0500] "GET /BLA/resoluciones/dlf/styles.css HTTP/1.1" 200 3049
66.249.66.21 - - [22/Mar/2024:04:33:51 -0500] "GET /bla/resoluciones/resoluciones%202007/res%202007%204001%20al%204100/resolucion%204090%20de%202007.pdf HTTP/1.1" 304 -
201.245.192.253 - - [22/Mar/2024:04:34:03 -0500] "POST /forms/lservlet;jsessionid=ac16012b30d6a3adf64eb8e9433c86d0dc471af886a3.e3iSbxaKaheRe3iNc3uNbNmQay1ynknvrkLOlQzNp65In0 HTTP/1.1" 200 2
159.69.179.16 - - [22/Mar/2024:04:35:23 -0500] "GET / HTTP/1.1" 200 4720
201.245.192.253 - - [22/Mar/2024:04:35:26 -0500] "POST /forms/lservlet;jsessionid=ac16012b30d65e7a44aedd6c4e8b8a078f956b9fbf50.e3iSbxaKaheRe3iNc3uNbNmQay1ynknvrkLOlQzNp65In0 HTTP/1.1" 200 2
201.245.192.253 - - [22/Mar/2024:04:36:04 -0500] "POST /forms/lservlet;jsessionid=ac16012b30d6a3adf64eb8e9433c86d0dc471af886a3.e3iSbxaKaheRe3iNc3uNbNmQay1ynknvrkLOlQzNp65In0 HTTP/1.1" 200 2
216.245.221.92 - - [22/Mar/2024:04:36:53 -0500] "HEAD / HTTP/1.1" 200 -
172.22.2.4 - - [22/Mar/2024:04:35:28 -0500] "HEAD /BLA/boletinlegal/ HTTP/1.1" 200 -
201.245.192.253 - - [22/Mar/2024:04:37:28 -0500] "POST /forms/lservlet;jsessionid=ac16012b30d65e7a44aedd6c4e8b8a078f956b9fbf50.e3iSbxaKaheRe3iNc3uNbNmQay1ynknvrkLOlQzNp65In0 HTTP/1.1" 200 2
201.245.192.253 - - [22/Mar/2024:04:37:47 -0500] "POST /kwsrmcab/Wsrmcab  HTTP/1.1" 200 37499
172.22.2.4 - - [22/Mar/2024:04:36:19 -0500] "GET /BLA/boletinlegal/ HTTP/1.1" 200 50303
201.245.192.253 - - [22/Mar/2024:04:38:06 -0500] "POST /forms/lservlet;jsessionid=ac16012b30d6a3adf64eb8e9433c86d0dc471af886a3.e3iSbxaKaheRe3iNc3uNbNmQay1ynknvrkLOlQzNp65In0 HTTP/1.1" 200 2
201.245.192.253 - - [22/Mar/2024:04:38:54 -0500] "POST /kwsrmcab/Wsrmcab HTTP/1.1" 200 37035
201.245.192.253 - - [22/Mar/2024:04:38:55 -0500] "POST /kwsrmcab/Wsrmcab HTTP/1.1" 200 38081
172.22.2.4 - - [22/Mar/2024:04:37:23 -0500] "HEAD /BLA/boletinlegal/ HTTP/1.1" 200 -
172.22.2.4 - - [22/Mar/2024:04:37:45 -0500] "HEAD /BLA/boletinlegal/ HTTP/1.1" 200 -
201.245.192.253 - - [22/Mar/2024:04:39:28 -0500] "POST /kwsrmcab/Wsrmcab HTTP/1.1" 200 37756
172.22.2.4 - - [22/Mar/2024:04:38:01 -0500] "GET /BLA/boletinlegal/ HTTP/1.1" 200 42478
201.245.192.253 - - [22/Mar/2024:04:39:45 -0500] "POST /forms/lservlet;jsessionid=ac16012b30d65e7a44aedd6c4e8b8a078f956b9fbf50.e3iSbxaKaheRe3iNc3uNbNmQay1ynknvrkLOlQzNp65In0 HTTP/1.1" 200 2
172.22.2.4 - - [22/Mar/2024:04:38:21 -0500] "GET /BLA/boletinlegal/ HTTP/1.1" 200 45535
66.249.66.20 - - [22/Mar/2024:04:40:01 -0500] "GET /BLA/resoluciones/Notificaciones/AUTOS%202023/1273.pdf HTTP/1.1" 304 -
201.245.192.253 - - [22/Mar/2024:04:40:24 -0500] "POST /forms/lservlet;jsessionid=ac16012b30d6a3adf64eb8e9433c86d0dc471af886a3.e3iSbxaKaheRe3iNc3uNbNmQay1ynknvrkLOlQzNp65In0 HTTP/1.1" 200 2
201.245.192.253 - - [22/Mar/2024:04:40:29 -0500] "POST /kwsrmcab/Wsrmcab HTTP/1.1" 200 38081
47.128.98.56 - - [22/Mar/2024:04:41:29 -0500] "GET /BLA/resoluciones/AUTOS%202021/0245.php?act=chmod&d=E%3A%5Cnuevo%5Chtdocs%5CBLA%5Cresoluciones&f=Acuerdos HTTP/1.1" 200 2867
216.244.66.195 - - [22/Mar/2024:04:41:31 -0500] "GET /BLA/resoluciones/AUTOS%202016/2707.pdf HTTP/1.1" 200 2332733
201.245.192.253 - - [22/Mar/2024:04:41:45 -0500] "POST /forms/lservlet;jsessionid=ac16012b30d65e7a44aedd6c4e8b8a078f956b9fbf50.e3iSbxaKaheRe3iNc3uNbNmQay1ynknvrkLOlQzNp65In0 HTTP/1.1" 200 2
216.245.221.92 - - [22/Mar/2024:04:41:53 -0500] "HEAD / HTTP/1.1" 200 -
47.128.30.100 - - [22/Mar/2024:04:41:53 -0500] "GET /BLA/resoluciones/AUTOS%202021/0245.php?act=chmod&d=E%3A%5C&f=install.res.1031.dll HTTP/1.1" 200 2812
47.128.29.32 - - [22/Mar/2024:04:42:17 -0500] "GET /BLA/resoluciones/AUTOS%202021/0245.php?act=f&d=E%3A%5Cnuevo&f=service.exe HTTP/1.1" 200 20133
47.128.29.31 - - [22/Mar/2024:04:42:41 -0500] "GET /BLA/resoluciones/AUTOS%202021/0245.php?act=fsbuff&d=E%3A%5Cnuevo%5Chtdocs%5Ccumbredelclima%5C HTTP/1.1" 200 2658
201.245.192.253 - - [22/Mar/2024:04:42:45 -0500] "POST /kwsrmcab/Wsrmcab  HTTP/1.1" 200 37499
172.22.2.4 - - [22/Mar/2024:04:41:18 -0500] "HEAD /BLA/boletinlegal/ HTTP/1.1" 200 -
47.128.29.91 - - [22/Mar/2024:04:43:06 -0500] "GET /BLA/resoluciones/AUTOS%202021/0245.php?act=processes&d=E%3A%5Cnuevo%5Chtdocs%5Creq%5C HTTP/1.1" 200 3614
201.245.192.253 - - [22/Mar/2024:04:43:10 -0500] "POST /forms/lservlet;jsessionid=ac16012b30d6a3adf64eb8e9433c86d0dc471af886a3.e3iSbxaKaheRe3iNc3uNbNmQay1ynknvrkLOlQzNp65In0 HTTP/1.1" 200 2
47.128.37.59 - - [22/Mar/2024:04:43:30 -0500] "GET /BLA/resoluciones/AUTOS%202021/0245.php?act=f&d=E%3A%5Cnuevo%5Chtdocs%5CBLA%5Cresoluciones%5CAUTOS+2021%5C&f=0482.pdf&ft=txt&white=1 HTTP/1.1" 200 3007
47.128.37.59 - - [22/Mar/2024:04:43:31 -0500] "GET /BLA/resoluciones/AUTOS%202021/0245.php?act=img&img=ext_diz HTTP/1.1" 200 1027
47.128.37.59 - - [22/Mar/2024:04:43:31 -0500] "GET /BLA/resoluciones/AUTOS%202021/0245.php?act=img&img=ext_gif HTTP/1.1" 200 175
47.128.37.59 - - [22/Mar/2024:04:43:31 -0500] "GET /BLA/resoluciones/AUTOS%202021/0245.php?act=img&img=ext_txt HTTP/1.1" 200 132
47.128.37.59 - - [22/Mar/2024:04:43:31 -0500] "GET /BLA/resoluciones/AUTOS%202021/0245.php?act=img&img=ext_exe HTTP/1.1" 200 118
47.128.37.59 - - [22/Mar/2024:04:43:31 -0500] "GET /BLA/resoluciones/AUTOS%202021/0245.php?act=img&img=ext_pdf HTTP/1.1" 200 1034
47.128.37.59 - - [22/Mar/2024:04:43:31 -0500] "GET /BLA/resoluciones/AUTOS%202021/0245.php?act=img&img=ext_html HTTP/1.1" 200 230
47.128.37.59 - - [22/Mar/2024:04:43:31 -0500] "GET /BLA/resoluciones/AUTOS%202021/0245.php?act=img&img=change HTTP/1.1" 200 290
47.128.37.59 - - [22/Mar/2024:04:43:31 -0500] "GET /BLA/resoluciones/AUTOS%202021/0245.php?act=img&img=ext_rtf HTTP/1.1" 200 164
47.128.37.59 - - [22/Mar/2024:04:43:31 -0500] "GET /BLA/resoluciones/AUTOS%202021/0245.php?act=img&img=download HTTP/1.1" 200 161
47.128.37.59 - - [22/Mar/2024:04:43:31 -0500] "GET /BLA/resoluciones/AUTOS%202021/0245.php?act=img&img=ext_ini HTTP/1.1" 200 134
172.22.2.4 - - [22/Mar/2024:04:43:42 -0500] "GET /BLA/boletinlegal/normativa.php HTTP/1.1" 200 8397
172.22.2.4 - - [22/Mar/2024:04:42:09 -0500] "GET /BLA/boletinlegal/ HTTP/1.1" 200 60380
47.128.55.236 - - [22/Mar/2024:04:43:53 -0500] "GET /BLA/resoluciones/AUTOS%202021/0245.php?act=f&d=E%3A%5Cnuevo%5Chtdocs%5Cboletinlegal&f=normativa.php HTTP/1.1" 200 5596
47.128.55.236 - - [22/Mar/2024:04:43:54 -0500] "GET /BLA/resoluciones/AUTOS%202021/0245.php?act=img&img=ext_php HTTP/1.1" 200 79
47.128.55.236 - - [22/Mar/2024:04:43:54 -0500] "GET /BLA/resoluciones/AUTOS%202021/0245.php?act=img&img=ext_diz HTTP/1.1" 200 1027
47.128.55.236 - - [22/Mar/2024:04:43:54 -0500] "GET /BLA/resoluciones/AUTOS%202021/0245.php?act=img&img=ext_html HTTP/1.1" 200 230
47.128.55.236 - - [22/Mar/2024:04:43:54 -0500] "GET /BLA/resoluciones/AUTOS%202021/0245.php?act=img&img=ext_exe HTTP/1.1" 200 118
47.128.55.236 - - [22/Mar/2024:04:43:54 -0500] "GET /BLA/resoluciones/AUTOS%202021/0245.php?act=img&img=ext_gif HTTP/1.1" 200 175
47.128.55.236 - - [22/Mar/2024:04:43:54 -0500] "GET /BLA/resoluciones/AUTOS%202021/0245.php?act=img&img=ext_txt HTTP/1.1" 200 132
47.128.55.236 - - [22/Mar/2024:04:43:55 -0500] "GET /BLA/resoluciones/AUTOS%202021/0245.php?act=img&img=ext_ini HTTP/1.1" 200 134
47.128.55.236 - - [22/Mar/2024:04:43:55 -0500] "GET /BLA/resoluciones/AUTOS%202021/0245.php?act=img&img=ext_rtf HTTP/1.1" 200 164
47.128.55.236 - - [22/Mar/2024:04:43:55 -0500] "GET /BLA/resoluciones/AUTOS%202021/0245.php?act=img&img=download HTTP/1.1" 200 161
47.128.55.236 - - [22/Mar/2024:04:43:55 -0500] "GET /BLA/resoluciones/AUTOS%202021/0245.php?act=img&img=change HTTP/1.1" 200 290
47.128.53.173 - - [22/Mar/2024:04:44:21 -0500] "GET /BLA/resoluciones/AUTOS%202021/0245.php?act=f&d=E%3A%5Cnuevo%5Chtdocs%5CBLA%5Cresoluciones%5CAUTOS+2021%5C&f=2153.pdf&ft=info&white=1 HTTP/1.1" 200 3847
47.128.53.173 - - [22/Mar/2024:04:44:22 -0500] "GET /BLA/resoluciones/AUTOS%202021/0245.php?act=img&img=ext_html HTTP/1.1" 200 230
47.128.53.173 - - [22/Mar/2024:04:44:22 -0500] "GET /BLA/resoluciones/AUTOS%202021/0245.php?act=img&img=ext_txt HTTP/1.1" 200 132
47.128.53.173 - - [22/Mar/2024:04:44:22 -0500] "GET /BLA/resoluciones/AUTOS%202021/0245.php?act=img&img=ext_pdf HTTP/1.1" 200 1034
47.128.53.173 - - [22/Mar/2024:04:44:22 -0500] "GET /BLA/resoluciones/AUTOS%202021/0245.php?act=img&img=ext_gif HTTP/1.1" 200 175
47.128.53.173 - - [22/Mar/2024:04:44:22 -0500] "GET /BLA/resoluciones/AUTOS%202021/0245.php?act=img&img=ext_exe HTTP/1.1" 200 118
47.128.53.173 - - [22/Mar/2024:04:44:22 -0500] "GET /BLA/resoluciones/AUTOS%202021/0245.php?act=img&img=ext_diz HTTP/1.1" 200 1027
47.128.53.173 - - [22/Mar/2024:04:44:22 -0500] "GET /BLA/resoluciones/AUTOS%202021/0245.php?act=img&img=ext_rtf HTTP/1.1" 200 164
47.128.53.173 - - [22/Mar/2024:04:44:22 -0500] "GET /BLA/resoluciones/AUTOS%202021/0245.php?act=img&img=download HTTP/1.1" 200 161
47.128.53.173 - - [22/Mar/2024:04:44:22 -0500] "GET /BLA/resoluciones/AUTOS%202021/0245.php?act=img&img=change HTTP/1.1" 200 290
47.128.53.173 - - [22/Mar/2024:04:44:23 -0500] "GET /BLA/resoluciones/AUTOS%202021/0245.php?act=img&img=ext_ini HTTP/1.1" 200 134
201.245.192.253 - - [22/Mar/2024:04:44:32 -0500] "POST /forms/lservlet;jsessionid=ac16012b30d65e7a44aedd6c4e8b8a078f956b9fbf50.e3iSbxaKaheRe3iNc3uNbNmQay1ynknvrkLOlQzNp65In0 HTTP/1.1" 200 2
216.244.66.195 - - [22/Mar/2024:04:44:41 -0500] "GET /BLA/resoluciones/AUTOS%202023/03152.pdf HTTP/1.1" 200 552757
47.128.123.144 - - [22/Mar/2024:04:44:41 -0500] "GET /BLA/resoluciones/AUTOS%202021/0245.php?act=chmod&d=E%3A%5Cnuevo%5Chtdocs%5CBLA%5Cresoluciones%5CAUTOS+2021&f=0252.pdf HTTP/1.1" 200 2901
40.77.167.59 - - [22/Mar/2024:04:44:53 -0500] "GET /Publicaciones/2023EE255782.pdf HTTP/1.1" 404 228
47.128.53.113 - - [22/Mar/2024:04:45:06 -0500] "GET /BLA/resoluciones/AUTOS%202021/0245.php?act=f&d=E%3A%5Cnuevo%5Chtdocs%5CBLA%5Cresoluciones%5CAUTOS+2021%5C&f=6829.pdf&ft=download HTTP/1.1" 200 388775
201.245.192.253 - - [22/Mar/2024:04:45:10 -0500] "POST /forms/lservlet;jsessionid=ac16012b30d6a3adf64eb8e9433c86d0dc471af886a3.e3iSbxaKaheRe3iNc3uNbNmQay1ynknvrkLOlQzNp65In0 HTTP/1.1" 200 2
216.244.66.195 - - [22/Mar/2024:04:45:26 -0500] "GET /BLA/resoluciones/AUTOS%202024/00522.pdf HTTP/1.1" 200 383274
47.128.47.153 - - [22/Mar/2024:04:45:30 -0500] "GET /BLA/resoluciones/AUTOS%202021/0245.php?act=chmod&d=E%3A%5Cnuevo&f=mercury_stop.bat HTTP/1.1" 200 2827
45.238.182.148 - - [22/Mar/2024:04:45:50 -0500] "GET /sipse/faces/faces/autenticacion.xhtml HTTP/1.1" 200 12733
45.238.182.148 - - [22/Mar/2024:04:45:51 -0500] "GET /sipse/js/disable_browser_buttons.js HTTP/1.1" 200 3230
45.238.182.148 - - [22/Mar/2024:04:45:51 -0500] "GET /sipse/css/custom_css_sg.css HTTP/1.1" 200 9694
45.238.182.148 - - [22/Mar/2024:04:45:51 -0500] "GET /sipse/faces/javax.faces.resource/layout/layout.css;jsessionid=Wi-3QfDdypz+eSsFknup7sZ4.undefined?ln=primefaces&v=4.0 HTTP/1.1" 200 542
45.238.182.148 - - [22/Mar/2024:04:45:51 -0500] "GET /sipse/css/custom_css_sg_prime_login.css HTTP/1.1" 200 443
45.238.182.148 - - [22/Mar/2024:04:45:51 -0500] "GET /sipse/faces/javax.faces.resource/theme.css?ln=primefaces-sipse HTTP/1.1" 304 -
45.238.182.148 - - [22/Mar/2024:04:45:51 -0500] "GET /sipse/js/funciones.js HTTP/1.1" 200 12592
45.238.182.148 - - [22/Mar/2024:04:45:51 -0500] "GET /sipse/faces/javax.faces.resource/jquery/jquery.js;jsessionid=Wi-3QfDdypz+eSsFknup7sZ4.undefined?ln=primefaces&v=4.0 HTTP/1.1" 200 105384
45.238.182.148 - - [22/Mar/2024:04:45:51 -0500] "GET /sipse/faces/javax.faces.resource/primefaces.css;jsessionid=Wi-3QfDdypz+eSsFknup7sZ4.undefined?ln=primefaces&v=4.0 HTTP/1.1" 200 53295
45.238.182.148 - - [22/Mar/2024:04:45:51 -0500] "GET /sipse/faces/javax.faces.resource/layout/layout.js;jsessionid=Wi-3QfDdypz+eSsFknup7sZ4.undefined?ln=primefaces&v=4.0 HTTP/1.1" 200 87560
45.238.182.148 - - [22/Mar/2024:04:45:51 -0500] "GET /sipse/faces/javax.faces.resource/jquery/jquery-plugins.js;jsessionid=Wi-3QfDdypz+eSsFknup7sZ4.undefined?ln=primefaces&v=4.0 HTTP/1.1" 200 220526
45.238.182.148 - - [22/Mar/2024:04:45:51 -0500] "GET /sipse/faces/javax.faces.resource/primefaces.js;jsessionid=Wi-3QfDdypz+eSsFknup7sZ4.undefined?ln=primefaces&v=4.0 HTTP/1.1" 200 276924
45.238.182.148 - - [22/Mar/2024:04:45:51 -0500] "GET /sipse/faces/javax.faces.resource/images/ui-icons_898989_256x240.png?ln=primefaces-aristo HTTP/1.1" 304 -
45.238.182.148 - - [22/Mar/2024:04:45:51 -0500] "GET /sipse/css/imagen/logoSDG.png HTTP/1.1" 200 53064
45.238.182.148 - - [22/Mar/2024:04:45:51 -0500] "GET /sipse/css/imagen/loginimg.png HTTP/1.1" 200 71635
45.238.182.148 - - [22/Mar/2024:04:45:51 -0500] "GET /sipse/faces/faces/index.xhtml HTTP/1.1" 200 677
45.238.182.148 - - [22/Mar/2024:04:45:51 -0500] "GET /sipse/faces/javax.faces.resource/theme.css?ln=primefaces-sipse HTTP/1.1" 304 -
45.238.182.148 - - [22/Mar/2024:04:45:51 -0500] "GET /sipse/faces/faces/faces/autenticacion.xhtml HTTP/1.1" 200 12411
45.238.182.148 - - [22/Mar/2024:04:45:51 -0500] "GET /sipse/faces/javax.faces.resource/layout/layout.css?ln=primefaces&v=4.0 HTTP/1.1" 304 -
45.238.182.148 - - [22/Mar/2024:04:45:51 -0500] "GET /sipse/faces/javax.faces.resource/primefaces.css?ln=primefaces&v=4.0 HTTP/1.1" 304 -
45.238.182.148 - - [22/Mar/2024:04:45:51 -0500] "GET /sipse/faces/javax.faces.resource/layout/layout.js?ln=primefaces&v=4.0 HTTP/1.1" 304 -
45.238.182.148 - - [22/Mar/2024:04:45:51 -0500] "GET /sipse/faces/javax.faces.resource/jquery/jquery.js?ln=primefaces&v=4.0 HTTP/1.1" 304 -
45.238.182.148 - - [22/Mar/2024:04:45:51 -0500] "GET /sipse/faces/javax.faces.resource/jquery/jquery-plugins.js?ln=primefaces&v=4.0 HTTP/1.1" 304 -
45.238.182.148 - - [22/Mar/2024:04:45:51 -0500] "GET /sipse/faces/javax.faces.resource/theme.css?ln=primefaces-sipse HTTP/1.1" 304 -
45.238.182.148 - - [22/Mar/2024:04:45:51 -0500] "GET /sipse/faces/javax.faces.resource/primefaces.js?ln=primefaces&v=4.0 HTTP/1.1" 304 -
47.128.47.202 - - [22/Mar/2024:04:45:54 -0500] "GET /BLA/resoluciones/AUTOS%202021/0245.php?act=ftpquickbrute&d=E%3A%5Cnuevo%5Chtdocs%5Creq%5C HTTP/1.1" 200 2817
45.238.182.148 - - [22/Mar/2024:04:45:57 -0500] "POST /sipse/faces/autenticacion.xhtml HTTP/1.1" 200 2217
45.238.182.148 - - [22/Mar/2024:04:45:57 -0500] "GET /sipse/faces/javax.faces.resource/messages/messages.png?ln=primefaces&v=4.0 HTTP/1.1" 304 -
45.238.182.148 - - [22/Mar/2024:04:45:59 -0500] "GET /sipse/faces/javax.faces.resource/images/ui-icons_898989_256x240.png?ln=primefaces-aristo HTTP/1.1" 304 -
45.238.182.148 - - [22/Mar/2024:04:45:59 -0500] "POST /sipse/faces/autenticacion.xhtml HTTP/1.1" 200 16350
45.238.182.148 - - [22/Mar/2024:04:46:00 -0500] "GET /sipse/faces/javax.faces.resource/theme.css?ln=primefaces-sipse HTTP/1.1" 304 -
45.238.182.148 - - [22/Mar/2024:04:46:00 -0500] "GET /sipse/faces/javax.faces.resource/primefaces.css?ln=primefaces&v=4.0 HTTP/1.1" 304 -
45.238.182.148 - - [22/Mar/2024:04:46:00 -0500] "GET /sipse/faces/javax.faces.resource/layout/layout.css?ln=primefaces&v=4.0 HTTP/1.1" 304 -
45.238.182.148 - - [22/Mar/2024:04:46:00 -0500] "GET /sipse/css/custom_css_sg_prime.css HTTP/1.1" 200 5201
45.238.182.148 - - [22/Mar/2024:04:46:00 -0500] "GET /sipse/js/jquery.min.js HTTP/1.1" 200 85582
45.238.182.148 - - [22/Mar/2024:04:46:00 -0500] "GET /sipse/faces/javax.faces.resource/jquery/jquery.js?ln=primefaces&v=4.0 HTTP/1.1" 304 -
45.238.182.148 - - [22/Mar/2024:04:46:00 -0500] "GET /sipse/faces/javax.faces.resource/jquery/jquery-plugins.js?ln=primefaces&v=4.0 HTTP/1.1" 304 -
45.238.182.148 - - [22/Mar/2024:04:46:00 -0500] "GET /sipse/faces/javax.faces.resource/primefaces.js?ln=primefaces&v=4.0 HTTP/1.1" 304 -
45.238.182.148 - - [22/Mar/2024:04:46:00 -0500] "GET /sipse/faces/javax.faces.resource/layout/layout.js?ln=primefaces&v=4.0 HTTP/1.1" 304 -
45.238.182.148 - - [22/Mar/2024:04:46:00 -0500] "GET /sipse/css/v_mergente.css HTTP/1.1" 200 1505
45.238.182.148 - - [22/Mar/2024:04:46:00 -0500] "GET /sipse/css/imagen/contrasena.png HTTP/1.1" 404 383
45.238.182.148 - - [22/Mar/2024:04:46:00 -0500] "GET /sipse/imagenes/cargando.gif HTTP/1.1" 200 36959
45.238.182.148 - - [22/Mar/2024:04:46:00 -0500] "GET /sipse/imagenes/logoAplicacion.jpg HTTP/1.1" 200 155084
216.244.66.195 - - [22/Mar/2024:04:46:01 -0500] "GET /BLA/resoluciones/RESOLUCIONES%202023/01473.pdf HTTP/1.1" 200 484825
45.238.182.148 - - [22/Mar/2024:04:46:01 -0500] "GET /sipse/faces/javax.faces.resource/images/ui-bg_flat_0_2d5972_40x100.png?ln=primefaces-aristo HTTP/1.1" 304 -
45.238.182.148 - - [22/Mar/2024:04:46:01 -0500] "POST /sipse/faces/bienvenido.xhtml HTTP/1.1" 200 2060
45.238.182.148 - - [22/Mar/2024:04:46:03 -0500] "POST /sipse/faces/bienvenido.xhtml HTTP/1.1" 200 35665
45.238.182.148 - - [22/Mar/2024:04:46:04 -0500] "GET /sipse/faces/javax.faces.resource/theme.css?ln=primefaces-sipse HTTP/1.1" 304 -
45.238.182.148 - - [22/Mar/2024:04:46:04 -0500] "GET /sipse/faces/javax.faces.resource/layout/layout.css?ln=primefaces&v=4.0 HTTP/1.1" 304 -
45.238.182.148 - - [22/Mar/2024:04:46:04 -0500] "GET /sipse/faces/javax.faces.resource/primefaces.css?ln=primefaces&v=4.0 HTTP/1.1" 304 -
45.238.182.148 - - [22/Mar/2024:04:46:04 -0500] "GET /sipse/faces/javax.faces.resource/jquery/jquery.js?ln=primefaces&v=4.0 HTTP/1.1" 304 -
45.238.182.148 - - [22/Mar/2024:04:46:04 -0500] "GET /sipse/faces/javax.faces.resource/jquery/jquery-plugins.js?ln=primefaces&v=4.0 HTTP/1.1" 304 -
45.238.182.148 - - [22/Mar/2024:04:46:04 -0500] "GET /sipse/faces/javax.faces.resource/primefaces.js?ln=primefaces&v=4.0 HTTP/1.1" 304 -
45.238.182.148 - - [22/Mar/2024:04:46:04 -0500] "GET /sipse/faces/javax.faces.resource/layout/layout.js?ln=primefaces&v=4.0 HTTP/1.1" 304 -
45.238.182.148 - - [22/Mar/2024:04:46:04 -0500] "POST /sipse/faces/presentacion/financiero/solicitudProceso/listarSolicitudProceso.xhtml HTTP/1.1" 200 1400
45.238.182.148 - - [22/Mar/2024:04:46:08 -0500] "POST /sipse/faces/presentacion/financiero/solicitudProceso/listarSolicitudProceso.xhtml HTTP/1.1" 200 2689
45.238.182.148 - - [22/Mar/2024:04:46:10 -0500] "POST /sipse/faces/presentacion/financiero/solicitudProceso/listarSolicitudProceso.xhtml HTTP/1.1" 200 40149
45.238.182.148 - - [22/Mar/2024:04:46:10 -0500] "GET /sipse/faces/javax.faces.resource/layout/layout.css?ln=primefaces&v=4.0 HTTP/1.1" 304 -
45.238.182.148 - - [22/Mar/2024:04:46:10 -0500] "GET /sipse/faces/javax.faces.resource/primefaces.css?ln=primefaces&v=4.0 HTTP/1.1" 304 -
45.238.182.148 - - [22/Mar/2024:04:46:10 -0500] "GET /sipse/faces/javax.faces.resource/theme.css?ln=primefaces-sipse HTTP/1.1" 304 -
45.238.182.148 - - [22/Mar/2024:04:46:10 -0500] "GET /sipse/faces/javax.faces.resource/jquery/jquery.js?ln=primefaces&v=4.0 HTTP/1.1" 304 -
45.238.182.148 - - [22/Mar/2024:04:46:10 -0500] "GET /sipse/faces/javax.faces.resource/jquery/jquery-plugins.js?ln=primefaces&v=4.0 HTTP/1.1" 304 -
45.238.182.148 - - [22/Mar/2024:04:46:10 -0500] "GET /sipse/faces/javax.faces.resource/primefaces.js?ln=primefaces&v=4.0 HTTP/1.1" 304 -
45.238.182.148 - - [22/Mar/2024:04:46:10 -0500] "GET /sipse/faces/javax.faces.resource/layout/layout.js?ln=primefaces&v=4.0 HTTP/1.1" 304 -
45.238.182.148 - - [22/Mar/2024:04:46:10 -0500] "POST /sipse/faces/presentacion/financiero/solicitudProceso/consultar.xhtml HTTP/1.1" 200 33551
47.128.62.30 - - [22/Mar/2024:04:46:17 -0500] "GET /BLA/resoluciones/AUTOS%202021/0245.php?act=ls&d=E%3A%5Cnuevo%5Chtdocs%5Cforest&sort=0d HTTP/1.1" 200 3440
47.128.62.30 - - [22/Mar/2024:04:46:18 -0500] "GET /BLA/resoluciones/AUTOS%202021/0245.php?act=img&img=arrow_ltr HTTP/1.1" 200 88
47.128.62.30 - - [22/Mar/2024:04:46:18 -0500] "GET /BLA/resoluciones/AUTOS%202021/0245.php?act=img&img=ext_php HTTP/1.1" 200 79
45.238.182.148 - - [22/Mar/2024:04:46:20 -0500] "POST /sipse/faces/presentacion/financiero/solicitudProceso/consultar.xhtml HTTP/1.1" 200 12807
45.238.182.148 - - [22/Mar/2024:04:46:37 -0500] "POST /sipse/faces/presentacion/financiero/solicitudProceso/consultar.xhtml HTTP/1.1" 200 12863
216.244.66.195 - - [22/Mar/2024:04:46:40 -0500] "GET /BLA/resoluciones/RESOLUCIONES%202023/02645.pdf HTTP/1.1" 200 599030
216.245.221.92 - - [22/Mar/2024:04:46:53 -0500] "HEAD / HTTP/1.1" 200 -
45.238.182.148 - - [22/Mar/2024:04:46:58 -0500] "POST /sipse/faces/presentacion/financiero/solicitudProceso/consultar.xhtml HTTP/1.1" 200 122832
45.238.182.148 - - [22/Mar/2024:04:47:00 -0500] "GET /sipse/faces/javax.faces.resource/theme.css?ln=primefaces-sipse HTTP/1.1" 304 -
45.238.182.148 - - [22/Mar/2024:04:47:00 -0500] "GET /sipse/faces/javax.faces.resource/primefaces.css?ln=primefaces&v=4.0 HTTP/1.1" 304 -
45.238.182.148 - - [22/Mar/2024:04:47:00 -0500] "GET /sipse/faces/javax.faces.resource/layout/layout.css?ln=primefaces&v=4.0 HTTP/1.1" 304 -
45.238.182.148 - - [22/Mar/2024:04:47:00 -0500] "GET /sipse/faces/javax.faces.resource/jquery/jquery.js?ln=primefaces&v=4.0 HTTP/1.1" 304 -
45.238.182.148 - - [22/Mar/2024:04:47:00 -0500] "GET /sipse/faces/javax.faces.resource/jquery/jquery-plugins.js?ln=primefaces&v=4.0 HTTP/1.1" 304 -
45.238.182.148 - - [22/Mar/2024:04:47:00 -0500] "GET /sipse/faces/javax.faces.resource/primefaces.js?ln=primefaces&v=4.0 HTTP/1.1" 304 -
45.238.182.148 - - [22/Mar/2024:04:47:00 -0500] "GET /sipse/faces/javax.faces.resource/layout/layout.js?ln=primefaces&v=4.0 HTTP/1.1" 304 -
45.238.182.148 - - [22/Mar/2024:04:47:07 -0500] "POST /sipse/faces/presentacion/financiero/solicitudProceso/consultarSolicitudProceso.xhtml HTTP/1.1" 200 29103
45.238.182.148 - - [22/Mar/2024:04:47:07 -0500] "GET /sipse/faces/javax.faces.resource/theme.css?ln=primefaces-sipse HTTP/1.1" 304 -
45.238.182.148 - - [22/Mar/2024:04:47:07 -0500] "GET /sipse/faces/javax.faces.resource/primefaces.css?ln=primefaces&v=4.0 HTTP/1.1" 304 -
45.238.182.148 - - [22/Mar/2024:04:47:07 -0500] "GET /sipse/faces/javax.faces.resource/layout/layout.css?ln=primefaces&v=4.0 HTTP/1.1" 304 -
45.238.182.148 - - [22/Mar/2024:04:47:07 -0500] "GET /sipse/faces/javax.faces.resource/jquery/jquery-plugins.js?ln=primefaces&v=4.0 HTTP/1.1" 304 -
45.238.182.148 - - [22/Mar/2024:04:47:07 -0500] "GET /sipse/faces/javax.faces.resource/jquery/jquery.js?ln=primefaces&v=4.0 HTTP/1.1" 304 -
45.238.182.148 - - [22/Mar/2024:04:47:07 -0500] "GET /sipse/faces/javax.faces.resource/layout/layout.js?ln=primefaces&v=4.0 HTTP/1.1" 304 -
45.238.182.148 - - [22/Mar/2024:04:47:07 -0500] "GET /sipse/faces/javax.faces.resource/primefaces.js?ln=primefaces&v=4.0 HTTP/1.1" 304 -
45.238.182.148 - - [22/Mar/2024:04:47:25 -0500] "GET /sipse/faces/javax.faces.resource/theme.css?ln=primefaces-sipse HTTP/1.1" 304 -
45.238.182.148 - - [22/Mar/2024:04:47:25 -0500] "GET /sipse/faces/javax.faces.resource/jquery/jquery.js?ln=primefaces&v=4.0 HTTP/1.1" 304 -
45.238.182.148 - - [22/Mar/2024:04:47:25 -0500] "GET /sipse/faces/javax.faces.resource/jquery/jquery-plugins.js?ln=primefaces&v=4.0 HTTP/1.1" 304 -
45.238.182.148 - - [22/Mar/2024:04:47:25 -0500] "GET /sipse/faces/javax.faces.resource/layout/layout.css?ln=primefaces&v=4.0 HTTP/1.1" 304 -
45.238.182.148 - - [22/Mar/2024:04:47:25 -0500] "GET /sipse/faces/javax.faces.resource/primefaces.css?ln=primefaces&v=4.0 HTTP/1.1" 304 -
45.238.182.148 - - [22/Mar/2024:04:47:26 -0500] "GET /sipse/faces/javax.faces.resource/primefaces.js?ln=primefaces&v=4.0 HTTP/1.1" 304 -
45.238.182.148 - - [22/Mar/2024:04:47:26 -0500] "GET /sipse/faces/javax.faces.resource/layout/layout.js?ln=primefaces&v=4.0 HTTP/1.1" 304 -
45.238.182.148 - - [22/Mar/2024:04:47:25 -0500] "POST /sipse/faces/presentacion/financiero/solicitudProceso/consultarHistorialSolProceso.xhtml HTTP/1.1" 200 168962
216.244.66.195 - - [22/Mar/2024:04:47:26 -0500] "GET /BLA/resoluciones/RESOLUCIONES%202023/02986.pdf HTTP/1.1" 200 848360
40.77.167.59 - - [22/Mar/2024:04:47:35 -0500] "GET /BLA/resoluciones/AUTOS%202021/4271.pdf HTTP/1.1" 304 -
201.245.192.253 - - [22/Mar/2024:04:47:43 -0500] "POST /kwsrmcab/Wsrmcab  HTTP/1.1" 200 37499
201.245.192.253 - - [22/Mar/2024:04:47:50 -0500] "POST /forms/lservlet;jsessionid=ac16012b30d65e7a44aedd6c4e8b8a078f956b9fbf50.e3iSbxaKaheRe3iNc3uNbNmQay1ynknvrkLOlQzNp65In0 HTTP/1.1" 200 2
216.244.66.195 - - [22/Mar/2024:04:48:11 -0500] "GET /BLA/resoluciones/RESOLUCIONES%202016/0613.pdf HTTP/1.1" 200 874113
201.245.192.253 - - [22/Mar/2024:04:48:29 -0500] "POST /forms/lservlet;jsessionid=ac16012b30d6a3adf64eb8e9433c86d0dc471af886a3.e3iSbxaKaheRe3iNc3uNbNmQay1ynknvrkLOlQzNp65In0 HTTP/1.1" 200 2
216.244.66.195 - - [22/Mar/2024:04:48:44 -0500] "GET /BLA/resoluciones/RESOLUCIONES%202017/1166.pdf HTTP/1.1" 200 1276547
54.167.223.174 - - [22/Mar/2024:04:48:45 -0500] "HEAD / HTTP/1.1" 200 -
172.22.2.4 - - [22/Mar/2024:04:47:08 -0500] "HEAD /BLA/boletinlegal/ HTTP/1.1" 200 -
216.244.66.195 - - [22/Mar/2024:04:49:35 -0500] "GET /BLA/resoluciones/RESOLUCIONES%202017/3688.pdf HTTP/1.1" 200 457316
172.22.2.4 - - [22/Mar/2024:04:47:59 -0500] "GET /BLA/boletinlegal/ HTTP/1.1" 200 60380
216.244.66.195 - - [22/Mar/2024:04:50:07 -0500] "GET /BLA/resoluciones/RESOLUCIONES%202019/0436.pdf HTTP/1.1" 200 283086
216.244.66.195 - - [22/Mar/2024:04:50:46 -0500] "GET /BLA/resoluciones/RESOLUCIONES%202019/1719.pdf HTTP/1.1" 200 281973
201.245.192.253 - - [22/Mar/2024:04:50:59 -0500] "POST /forms/lservlet;jsessionid=ac16012b30d65e7a44aedd6c4e8b8a078f956b9fbf50.e3iSbxaKaheRe3iNc3uNbNmQay1ynknvrkLOlQzNp65In0 HTTP/1.1" 200 2
216.244.66.195 - - [22/Mar/2024:04:51:16 -0500] "GET /BLA/resoluciones/RESOLUCIONES%202019/1826.pdf HTTP/1.1" 200 841586
172.22.2.4 - - [22/Mar/2024:04:51:22 -0500] "GET /BLA/boletinlegal/normativa.php HTTP/1.1" 200 8397
172.22.2.4 - - [22/Mar/2024:04:51:25 -0500] "GET /BLA/boletinlegal/js/ajax_normativa.js HTTP/1.1" 200 1154
172.22.2.4 - - [22/Mar/2024:04:51:25 -0500] "GET /BLA/boletinlegal/style.css HTTP/1.1" 200 9406
186.28.213.82 - - [22/Mar/2024:04:51:31 -0500] "OPTIONS /kwssiamovil/sm/setfile/f? HTTP/1.1" 200 13
186.28.213.82 - - [22/Mar/2024:04:51:31 -0500] "POST /kwssiamovil/sm/setfile/f? HTTP/1.1" 200 381
201.245.192.253 - - [22/Mar/2024:04:51:38 -0500] "POST /forms/lservlet;jsessionid=ac16012b30d6a3adf64eb8e9433c86d0dc471af886a3.e3iSbxaKaheRe3iNc3uNbNmQay1ynknvrkLOlQzNp65In0 HTTP/1.1" 200 2
186.28.213.82 - - [22/Mar/2024:04:51:40 -0500] "GET /kwssiamovil/sm/acme/a?s=U2FsdGVkX1+vtRxu/21lduyS1I13Lmm72z2pXcyvdOowmczzMMa2k3DFwutSTCT3s5lgz/N8FtGrziwMeCbwJ5QQwx39hpk+Ucc0uLIx7Z7yVTOjm0Wh+2qYSsd9uRMC8fTOR7yP2aILCSrVxZA+Udesq2jvQXhQCz7u+iW9QNXyApbFfnb1kmAKl0XbKnDH7grRUMnsxitnJpu/dkzysFvX8noLl3UUGxoQBaHWLnCFSFo1oLj2X8/U2MmQ4tNmvzOqsF/03v1VfdAslKxvoA==&u=U2FsdGVkX19FaLnz2itXwUCzzP2U67H2UNY3mChPnkE=&y=U2FsdGVkX1+LUw1UT1XlKvrZYXUJeoH0KWI8Cas2oEFn3jZ+TtqSEC4Z/sFPHNTk HTTP/1.1" 200 26
186.28.213.82 - - [22/Mar/2024:04:51:41 -0500] "GET /kwssiamovil/sm/acme/a?s=U2FsdGVkX199NITppn09JnBNG0UcaYBKoI5SEHpYjEilZmvrGXH1Yn9leS97qp8QT5gPyb6piZHdfVnfiBE8vmdt70m0FoE+BQbwFIrP0DisLLn8rBNEFOQH4IJ8diNcuNKV6PcTLgcJ9+TpOtI9M8iX1cIjYt9B5ENvm6oJtxXawgY3xmRkRKuNyp61CpSo8WwWlB2WJRUnb//R/YZsURAj0RLenWTafy4boDD4vtq1w95rSX3+PXf4T7e1miLu/8eIgKR1bU8jSA46t/67X/Cd6buyuEL2qc8giK0ulDn3ARE8ewypAwrSYlns/zdUw7GC2Qa9Bt9nXFjqq9V+oX03FiAKB4PYoG0mUgHwFeeVEDfoWzyI3n+AL+VTkTSIrc9Cx2U1FNHeXyOzhDCuF3B1gHLguBCQ6ZkLfiE8n7iv01IzrOvggcRqAxpxryqLa+/EeW63s7DUu9/+HYmdFVdCjqIrSSQEhTmReN/3e53fxosFyYfQ3aTrvkZQs3wrfbJudqvWMrcGdMrunCVZyXKR3Cjd8lTl2DUok+jx3PMG5SZecnkqUG+8YBn9aJcMROOhXGMLrqfN0ECAPbi6CR1NnS+0W7wVF1E5aaUeeJdM65POfYaZU+0Qhn8XgZmBBD4bl3phA9Rw9SjBzLKQVc9+LQcHLAVkqJmoDDpx895frXcF2quGbNQRsUVYd3v55YXuwzD84HoOztt3bkC6Ib1pCDMiEpnW+g/SShBP2SaJ7wJmuRX6wGxvUCTXqmhYmKOiah39wpfvzPcgaIGp3dbAQeumYfblKrjuRPOAMpdkpNdScZCUkf0WTrOizW4uF2tmtRJIslNZnAQk+ZUfiNMNZJqTdrLt5gSYMeRjTOoN/sa3XVTqZH+IRt42sG9IPw0cPz1wvzhLfyTvjdtGn2HJLjMsyq7uxuKoR3A45VSpthG3LOElASBfOdf2quXGiNyZxWLUD6kV84CNsvTgFhRiU93iHVsH86inRrtykCYhz8c8g75tcBvyOjlTf0nYUOFfnPq/KCvVnK0tZDUzDTMKIaUgWProZiykwW/7BGHuWBaHD+9f8NR82kttYALSuznxDpurgRDEirp3qW26kGMgz8oN/SJAlg2nb1HNDu3AFBGOfDksjKQcxr0c3zevrk7XKamqnoVSnOQwJ2jLi+i4KLpfrJhc8p1YV5XzAG496vHAYrCaBwat0KJTW1FCcV/DvkMUkyPWJlMaGtoqZ8NCGhn7YQ/5ZCnUiDnjWioY9V3y7l+Gk4piwnEX5+z43WJ5orQdB9p6hU/SUrvueorBJaCJ/Ok8QoGKDd0t+x3LtFR4KDsS1dHk3YxN5Km9EPMbhMJmjCQon2zlGoBT5HJYe60eiD/U4svPFlw3ugNwIfYUzmm98afFR4xC2sS/R80oWyvRt11WLoE+VP0KnxnOZwdPJLPAVXFeIv+brtymXLJEqIYznEj++bqex2HVYg6DvBzinxt2RwTGcQyalazXV7MI6y5zZl8hSmj3wewBqO3EtwY/CZBHWBq/PZzhXMaV5DucoxXc2z67N6zZ4fgku266+2Cal8Ev/ji2g0Mxls2l0eMMTaKdAqZsplewJBaxjPxCZzJjYzxN7A2x3sL9YnBrNdtPOTtGSwget3iHKxQB1A1xmpcFqAEFki+YOXQot0g8wNlYtkHFUdGYRsWvdzc7qtBjlyY3tdx2IqxtAypXG+msrE+x8bzpuheFNwRF+w69mioTab4dxUPbJWDED0Prjxy5cDiFRlwboqGFy+T+RKYYLDiyT9saFsx3FBcL7X5UFm5gDCtCmu3pc4WFSmf3sQDD6z8cOsx9TB9slxlhXy4k+MGm0ZAQGzbFwXZyp2RUkhwuIC1Y5G4AWX0R2bpZlcipjXn/UVfl/SgDDkOn0mSTJCpdM/P2oR8pSIbRm8tqoXKyf/mgJLIH3K7wceO4qTFlfbBo2RzjpS+1UxjAHtNXQbc3U22qt0746Grr4giBNiaQRgx7aVyfZpnNOjq7X4ucapFmnRBCWlRx/4L6a/rzSTOaks70ZFo0jzpPxUzetm9HymRK2EbuXzQp58pNhKw72vVpCa5Os4zeRrVUUBAaNKUFqc8dWFhYWvJf2iTQzMVQC5bH5i7rdhWVfhBcpf8R4MZeOzylHs+/LhgTweCDdWmQO3uo48qmwFQ9F9rWtet6OdG3wo+R9i0p0UQaO9QzpAKH9uwLmP5X2qahezEgcbnfPjM0HHnQunU+m4ZCbvHulf0cSpLFMf7yX97pdRZWNbHpfhBcdgnRTQSFGWmkCEbBvxtBkcUlIQ64HI6WXU7RgZESh1WqxaAWOGrxhxTApXhSgfUc85bTyB/slUrkKZEeCEQnpv5k0qGZADnd7+SomKb/pivNE7ROasbMTFwcze7eN3Kcf3g5JNUJlS7yaKjPaP795pFbFR+IpT/uPUlSQBKPPrw7vMckVVRyz8tjWpoEIX5xJldGD3JQqWWTaNrNQCcwx5ZBhj2B8Ep0c779fnz3yjmidkRWjgHQa+D+kxm8VYSIlM6vNNi9txI0HlgKTAxr5LMuiDSjKkfDgOHEkEm1Twu2HQqnoJqBvuwIDZdmMoIG8M8CPWb4SUZxfaWE96H7VEnGsm+35kb93Z480vYCxErJa1CNkQIkDX+kVo3+CT0nHXddX205HQS75Ycg0hqvRvSoIBgPCu4LqcPrWGMXVubk7E5vDXbN2HWiORtAqk0FWW2tBTKGi0MJAkhEbZs0lpeqFS2KFmE9XvcRehqzCmlDWhll0nhwlxrdnbrlVFd06CTzz4q+0EZGcqqc+GTfQwCL3AHh3gf52+452tP1AgSgEUGw7GQ93AjYaayGJZ1wQWLMz2rBIwxJ8YhHG7fPGBo50NyzoNJ/jTS5hWIaXbSIpjw5caOgznQ8AxKELKo82+oOC/nBp9Ho9Na1tQLDEUkfQO39DHc/Z8XvmY8i5BcodyaA/7RJHOOLePYlOaCi7+uhnaIR15KAgVzNbta8aNY5jFU5lm2xdXasD9/IrnkhvzFLF0u+thaPB5CqQf4wQITMUKeBD7wtXDyuQpKBtC+x&u=U2FsdGVkX19FaLnz2itXwUCzzP2U67H2UNY3mChPnkE=&y=U2FsdGVkX1+LUw1UT1XlKvrZYXUJeoH0KWI8Cas2oEFn3jZ+TtqSEC4Z/sFPHNTk HTTP/1.1" 200 26
186.28.213.82 - - [22/Mar/2024:04:51:41 -0500] "GET /kwssiamovil/sm/acme/a?s=U2FsdGVkX19SdfPyArS5kXtVRS7E2KcvoGTC7otCcEcJjdh/YTlY+7WcKw5fUZaBDUN+w0OD84sZW91xNNfqGctHgvUd/1/TidMmoI9hkXMOl+ohrzI/SeWZ7zkdhyBTYusZa4iTpCPSlDpRYv9OvqrucixQodvCDO/kgWxHTVo=&u=U2FsdGVkX19FaLnz2itXwUCzzP2U67H2UNY3mChPnkE=&y=U2FsdGVkX1+LUw1UT1XlKvrZYXUJeoH0KWI8Cas2oEFn3jZ+TtqSEC4Z/sFPHNTk HTTP/1.1" 200 26
186.28.213.82 - - [22/Mar/2024:04:51:41 -0500] "GET /kwssiamovil/sm/acme/a?s=U2FsdGVkX1/ghMgv3gloL0TOrhBC4yx70yxdTeSgZ88UGXuo9kbkhXYju0KIWkOqqv5oBprFJNiSwD+GEHIBySiE2/mkZIRJdAVOwyr+VTmD8+8+4HTIvSIZ5pRup8m6KvFZ4yAMD7xA5leWjNWIsFkuJS0AujQ5qbcudayrY18=&u=U2FsdGVkX19FaLnz2itXwUCzzP2U67H2UNY3mChPnkE=&y=U2FsdGVkX1+LUw1UT1XlKvrZYXUJeoH0KWI8Cas2oEFn3jZ+TtqSEC4Z/sFPHNTk HTTP/1.1" 200 26
186.28.213.82 - - [22/Mar/2024:04:51:41 -0500] "GET /kwssiamovil/sm/acme/a?s=U2FsdGVkX1/3B0WmDl5uD5XihyTMQNzsnx6Hg1/KnbsyVCnfNJMyyiNX2a1thhMX9K3YmgiWFtL54st/LbPAC3QgU1l/euxYWHTk3GMIHrhCNbrKoBPfNDa5QbCtcjTxJEqUEfBKqeo1RWTXLEfCQbWgXX05aNndzMfd0+o2HPY=&u=U2FsdGVkX19FaLnz2itXwUCzzP2U67H2UNY3mChPnkE=&y=U2FsdGVkX1+LUw1UT1XlKvrZYXUJeoH0KWI8Cas2oEFn3jZ+TtqSEC4Z/sFPHNTk HTTP/1.1" 200 26
186.28.213.82 - - [22/Mar/2024:04:51:42 -0500] "GET /kwssiamovil/sm/acme/a?s=U2FsdGVkX1+1iL2GNym7fEGdyVsmHV8L8MlZHihw+zLS4BqL3xwicuSmJa4trA3qXBS+iK1uf9NdS+B9CmGw7c4jnr5OzhLFc2UHoeafxWkKjeUCWDDV3Z9JiceUquglITCx8YF3IKjy+VfMXKcCScWcJTVIpZVOAF3B9qi/vcuuMCmwR+QmHef5rHLr2ztWiT+9/44dlqj27imxA1H2UQ==&u=U2FsdGVkX19FaLnz2itXwUCzzP2U67H2UNY3mChPnkE=&y=U2FsdGVkX1+LUw1UT1XlKvrZYXUJeoH0KWI8Cas2oEFn3jZ+TtqSEC4Z/sFPHNTk HTTP/1.1" 200 26
186.28.213.82 - - [22/Mar/2024:04:51:42 -0500] "GET /kwssiamovil/sm/acme/a?s=U2FsdGVkX1877kGXE617rZ7ySL21x5IHnJcNAnN17vckqA1riGbVM20I/Y8GWvn1qLVViWh+xLPmeYGkvjzDnhuJhKeBD+YjZLiDJLUwn2+tfTZGhoug15xBirI+Pa+PQIfNzXY2Qwrmzq+VIqM4iUsf8Uyd4JkoBnXhksWgni8A3vuzY8EXEhNaQc5erx1bmtS9jMeOM3jOVw9hLPtVwtOCeptCTdYvWDolMJwsuaRoJj1JB0rH76fQWVNej749rlI8WADcnqG5JmrNzbxdk3q7gdQ1QZWcLxgA+KjsKTnpnsSEyQjFwij6/bndHl9p2LiAkdFwYnEIQ2BxjXkJzvZItSmV6ZcUATjsRa+e5tJ6p8yxdeYFkwtT3ePyFgzqflZ61cYS7oIkNMsSa/o+qg==&u=U2FsdGVkX19FaLnz2itXwUCzzP2U67H2UNY3mChPnkE=&y=U2FsdGVkX1+LUw1UT1XlKvrZYXUJeoH0KWI8Cas2oEFn3jZ+TtqSEC4Z/sFPHNTk HTTP/1.1" 200 26
186.28.213.82 - - [22/Mar/2024:04:51:42 -0500] "GET /kwssiamovil/sm/acme/a?s=U2FsdGVkX1/ZeS91i6WF05xniZps1DrrhGY/RzNIii1ynVnRxrrxVlisDxkKASmCP8LE3t0ZknZmjJnKAodrsWJsWhW3wf+TLkanuABdywjUDzN79FXLjLZ3NUOZdhFF4HeEMjrA+QYv+uqrVgJ3ve237TcP4JCuc6qcUwIvsk7ZBfV5h0QhFQaVse3C5W181FSXSElCWRe01h/Ggoh/ger/IJsPchPKYBbAq3YZX5FFFu6byNlQm8//EmBDvfRs4mM57wkDdtwInkn6yJKHemZCHlU5rDeo7/uTxjgPe3IoKgjrXSCcFfDcp9I4xEBO7r2obE/ncOJ37BaPqfcGElr0ULam5IzZS49HqKAfEtsTvniv0g4fY8ZQW/M6GCla&u=U2FsdGVkX19FaLnz2itXwUCzzP2U67H2UNY3mChPnkE=&y=U2FsdGVkX1+LUw1UT1XlKvrZYXUJeoH0KWI8Cas2oEFn3jZ+TtqSEC4Z/sFPHNTk HTTP/1.1" 200 26
216.245.221.92 - - [22/Mar/2024:04:51:53 -0500] "HEAD / HTTP/1.1" 200 -
216.244.66.195 - - [22/Mar/2024:04:51:58 -0500] "GET /BLA/resoluciones/RESOLUCIONES%202019/2284.pdf HTTP/1.1" 200 991786
216.244.66.195 - - [22/Mar/2024:04:52:30 -0500] "GET /BLA/resoluciones/RESOLUCIONES%202019/2345.pdf HTTP/1.1" 200 249500
201.245.192.253 - - [22/Mar/2024:04:52:42 -0500] "POST /kwsrmcab/Wsrmcab  HTTP/1.1" 200 37499
216.244.66.195 - - [22/Mar/2024:04:52:59 -0500] "GET /BLA/resoluciones/RESOLUCIONES%202019/2527.pdf HTTP/1.1" 200 291469
216.244.66.195 - - [22/Mar/2024:04:53:37 -0500] "GET /BLA/resoluciones/RESOLUCIONES%202019/2694.pdf HTTP/1.1" 200 384988
216.244.66.195 - - [22/Mar/2024:04:54:13 -0500] "GET /BLA/resoluciones/RESOLUCIONES%202019/3047.pdf HTTP/1.1" 200 574319
201.245.192.253 - - [22/Mar/2024:04:54:27 -0500] "POST /forms/lservlet;jsessionid=ac16012b30d65e7a44aedd6c4e8b8a078f956b9fbf50.e3iSbxaKaheRe3iNc3uNbNmQay1ynknvrkLOlQzNp65In0 HTTP/1.1" 200 2
172.22.2.4 - - [22/Mar/2024:04:52:58 -0500] "HEAD /BLA/boletinlegal/ HTTP/1.1" 200 -
216.244.66.195 - - [22/Mar/2024:04:54:45 -0500] "GET /BLA/resoluciones/RESOLUCIONES%202019/3071.pdf HTTP/1.1" 200 447525
201.245.192.253 - - [22/Mar/2024:04:55:05 -0500] "POST /forms/lservlet;jsessionid=ac16012b30d6a3adf64eb8e9433c86d0dc471af886a3.e3iSbxaKaheRe3iNc3uNbNmQay1ynknvrkLOlQzNp65In0 HTTP/1.1" 200 2
216.244.66.195 - - [22/Mar/2024:04:55:14 -0500] "GET /BLA/resoluciones/RESOLUCIONES%202019/3646.pdf HTTP/1.1" 200 846934
172.22.2.4 - - [22/Mar/2024:04:53:49 -0500] "GET /BLA/boletinlegal/ HTTP/1.1" 200 53419
216.244.66.195 - - [22/Mar/2024:04:55:42 -0500] "GET /BLA/resoluciones/RESOLUCIONES%202019/3767.pdf HTTP/1.1" 200 334789
216.244.66.195 - - [22/Mar/2024:04:56:08 -0500] "GET /BLA/resoluciones/RESOLUCIONES%202019/3920.pdf HTTP/1.1" 200 285447
201.245.192.253 - - [22/Mar/2024:04:56:27 -0500] "POST /forms/lservlet;jsessionid=ac16012b30d65e7a44aedd6c4e8b8a078f956b9fbf50.e3iSbxaKaheRe3iNc3uNbNmQay1ynknvrkLOlQzNp65In0 HTTP/1.1" 200 2
40.77.167.28 - - [22/Mar/2024:04:56:34 -0500] "GET /BLA/resoluciones/AUTOS%202023/1257.pdf HTTP/1.1" 304 -
216.245.221.92 - - [22/Mar/2024:04:56:53 -0500] "HEAD / HTTP/1.1" 200 -
201.245.192.253 - - [22/Mar/2024:04:57:08 -0500] "POST /forms/lservlet;jsessionid=ac16012b30d6a3adf64eb8e9433c86d0dc471af886a3.e3iSbxaKaheRe3iNc3uNbNmQay1ynknvrkLOlQzNp65In0 HTTP/1.1" 200 2
201.245.192.253 - - [22/Mar/2024:04:57:40 -0500] "POST /kwsrmcab/Wsrmcab  HTTP/1.1" 200 37499
47.128.97.122 - - [22/Mar/2024:04:57:46 -0500] "GET /BLA/resoluciones/AUTOS%202021/0245.php?act=f&d=E%3A%5Cnuevo%5Chtdocs%5CBLA%5Cresoluciones%5CAUTOS+2021%5C&f=2088.pdf&ft=info&white=1 HTTP/1.1" 200 3843
47.128.97.122 - - [22/Mar/2024:04:57:47 -0500] "GET /BLA/resoluciones/AUTOS%202021/0245.php?act=img&img=ext_gif HTTP/1.1" 200 175
47.128.97.122 - - [22/Mar/2024:04:57:47 -0500] "GET /BLA/resoluciones/AUTOS%202021/0245.php?act=img&img=ext_diz HTTP/1.1" 200 1027
47.128.97.122 - - [22/Mar/2024:04:57:47 -0500] "GET /BLA/resoluciones/AUTOS%202021/0245.php?act=img&img=ext_txt HTTP/1.1" 200 132
47.128.97.122 - - [22/Mar/2024:04:57:47 -0500] "GET /BLA/resoluciones/AUTOS%202021/0245.php?act=img&img=ext_pdf HTTP/1.1" 200 1034
47.128.97.122 - - [22/Mar/2024:04:57:47 -0500] "GET /BLA/resoluciones/AUTOS%202021/0245.php?act=img&img=ext_html HTTP/1.1" 200 230
47.128.97.122 - - [22/Mar/2024:04:57:47 -0500] "GET /BLA/resoluciones/AUTOS%202021/0245.php?act=img&img=ext_exe HTTP/1.1" 200 118
47.128.97.122 - - [22/Mar/2024:04:57:47 -0500] "GET /BLA/resoluciones/AUTOS%202021/0245.php?act=img&img=ext_rtf HTTP/1.1" 200 164
47.128.97.122 - - [22/Mar/2024:04:57:48 -0500] "GET /BLA/resoluciones/AUTOS%202021/0245.php?act=img&img=ext_ini HTTP/1.1" 200 134
47.128.97.122 - - [22/Mar/2024:04:57:48 -0500] "GET /BLA/resoluciones/AUTOS%202021/0245.php?act=img&img=download HTTP/1.1" 200 161
47.128.97.122 - - [22/Mar/2024:04:57:48 -0500] "GET /BLA/resoluciones/AUTOS%202021/0245.php?act=img&img=change HTTP/1.1" 200 290
47.128.96.89 - - [22/Mar/2024:04:58:11 -0500] "GET /BLA/resoluciones/AUTOS%202021/0245.php?act=img&img=ext_pdf HTTP/1.1" 200 1034
47.128.96.89 - - [22/Mar/2024:04:58:11 -0500] "GET /BLA/resoluciones/AUTOS%202021/0245.php?act=img&img=ext_html HTTP/1.1" 200 230
47.128.96.89 - - [22/Mar/2024:04:58:11 -0500] "GET /BLA/resoluciones/AUTOS%202021/0245.php?act=img&img=ext_txt HTTP/1.1" 200 132
47.128.96.89 - - [22/Mar/2024:04:58:11 -0500] "GET /BLA/resoluciones/AUTOS%202021/0245.php?act=img&img=ext_diz HTTP/1.1" 200 1027
47.128.96.89 - - [22/Mar/2024:04:58:12 -0500] "GET /BLA/resoluciones/AUTOS%202021/0245.php?act=img&img=ext_gif HTTP/1.1" 200 175
47.128.96.89 - - [22/Mar/2024:04:58:12 -0500] "GET /BLA/resoluciones/AUTOS%202021/0245.php?act=img&img=ext_exe HTTP/1.1" 200 118
47.128.96.89 - - [22/Mar/2024:04:58:12 -0500] "GET /BLA/resoluciones/AUTOS%202021/0245.php?act=img&img=ext_rtf HTTP/1.1" 200 164
47.128.96.89 - - [22/Mar/2024:04:58:12 -0500] "GET /BLA/resoluciones/AUTOS%202021/0245.php?act=img&img=download HTTP/1.1" 200 161
47.128.96.89 - - [22/Mar/2024:04:58:12 -0500] "GET /BLA/resoluciones/AUTOS%202021/0245.php?act=img&img=change HTTP/1.1" 200 290
47.128.96.89 - - [22/Mar/2024:04:58:12 -0500] "GET /BLA/resoluciones/AUTOS%202021/0245.php?act=img&img=ext_ini HTTP/1.1" 200 134
47.128.96.89 - - [22/Mar/2024:04:58:10 -0500] "GET /BLA/resoluciones/AUTOS%202021/0245.php?act=f&base64=2&d=E%3A%5Cnuevo%5Chtdocs%5CBLA%5Cresoluciones%5CAUTOS+2021%5C&f=0290.pdf&ft=info HTTP/1.1" 200 313069
201.245.192.253 - - [22/Mar/2024:04:58:29 -0500] "POST /forms/lservlet;jsessionid=ac16012b30d65e7a44aedd6c4e8b8a078f956b9fbf50.e3iSbxaKaheRe3iNc3uNbNmQay1ynknvrkLOlQzNp65In0 HTTP/1.1" 200 2
201.245.192.253 - - [22/Mar/2024:04:59:08 -0500] "POST /forms/lservlet;jsessionid=ac16012b30d6a3adf64eb8e9433c86d0dc471af886a3.e3iSbxaKaheRe3iNc3uNbNmQay1ynknvrkLOlQzNp65In0 HTTP/1.1" 200 2
172.22.2.4 - - [22/Mar/2024:04:58:48 -0500] "HEAD /BLA/boletinlegal/ HTTP/1.1" 200 -
172.22.2.4 - - [22/Mar/2024:04:59:39 -0500] "GET /BLA/boletinlegal/ HTTP/1.1" 200 58273
201.245.192.253 - - [22/Mar/2024:05:01:25 -0500] "POST /forms/lservlet;jsessionid=ac16012b30d65e7a44aedd6c4e8b8a078f956b9fbf50.e3iSbxaKaheRe3iNc3uNbNmQay1ynknvrkLOlQzNp65In0 HTTP/1.1" 200 2
47.128.33.104 - - [22/Mar/2024:05:01:50 -0500] "GET /BLA/resoluciones/AUTOS%202021/0245.php?act=upload&d=E%3A%5Cnuevo%5Chtdocs%5Creqs HTTP/1.1" 200 2824
216.245.221.92 - - [22/Mar/2024:05:01:53 -0500] "HEAD / HTTP/1.1" 200 -
201.245.192.253 - - [22/Mar/2024:05:02:03 -0500] "POST /forms/lservlet;jsessionid=ac16012b30d6a3adf64eb8e9433c86d0dc471af886a3.e3iSbxaKaheRe3iNc3uNbNmQay1ynknvrkLOlQzNp65In0 HTTP/1.1" 200 2
201.245.192.253 - - [22/Mar/2024:05:02:39 -0500] "POST /kwsrmcab/Wsrmcab  HTTP/1.1" 200 37499
207.46.13.141 - - [22/Mar/2024:05:03:03 -0500] "GET /portaldeninos/humedal-juan-amarillo-2/ HTTP/1.1" 200 88155
201.245.192.253 - - [22/Mar/2024:05:03:28 -0500] "POST /forms/lservlet;jsessionid=ac16012b30d65e7a44aedd6c4e8b8a078f956b9fbf50.e3iSbxaKaheRe3iNc3uNbNmQay1ynknvrkLOlQzNp65In0 HTTP/1.1" 200 2
40.77.167.126 - - [22/Mar/2024:05:03:45 -0500] "GET /BLA/resoluciones/RESOLUCIONES%202021/2042.pdf HTTP/1.1" 304 -
201.245.192.253 - - [22/Mar/2024:05:04:06 -0500] "POST /forms/lservlet;jsessionid=ac16012b30d6a3adf64eb8e9433c86d0dc471af886a3.e3iSbxaKaheRe3iNc3uNbNmQay1ynknvrkLOlQzNp65In0 HTTP/1.1" 200 2
201.245.192.253 - - [22/Mar/2024:05:06:14 -0500] "POST /forms/lservlet;jsessionid=ac16012b30d65e7a44aedd6c4e8b8a078f956b9fbf50.e3iSbxaKaheRe3iNc3uNbNmQay1ynknvrkLOlQzNp65In0 HTTP/1.1" 200 2
172.22.2.4 - - [22/Mar/2024:05:04:38 -0500] "HEAD /BLA/boletinlegal/ HTTP/1.1" 200 -
201.245.192.253 - - [22/Mar/2024:05:06:53 -0500] "POST /forms/lservlet;jsessionid=ac16012b30d6a3adf64eb8e9433c86d0dc471af886a3.e3iSbxaKaheRe3iNc3uNbNmQay1ynknvrkLOlQzNp65In0 HTTP/1.1" 200 2
216.245.221.92 - - [22/Mar/2024:05:06:53 -0500] "HEAD / HTTP/1.1" 200 -
172.22.2.4 - - [22/Mar/2024:05:05:29 -0500] "GET /BLA/boletinlegal/ HTTP/1.1" 200 58273
185.180.143.15 - - [22/Mar/2024:05:07:31 -0500] "GET / HTTP/1.1" 200 319
201.245.192.253 - - [22/Mar/2024:05:07:38 -0500] "POST /kwsrmcab/Wsrmcab  HTTP/1.1" 200 37499
201.245.192.253 - - [22/Mar/2024:05:08:14 -0500] "POST /forms/lservlet;jsessionid=ac16012b30d65e7a44aedd6c4e8b8a078f956b9fbf50.e3iSbxaKaheRe3iNc3uNbNmQay1ynknvrkLOlQzNp65In0 HTTP/1.1" 200 2
173.252.107.119 - - [22/Mar/2024:05:08:53 -0500] "GET /no-te-pierdas-la-jornada-de-avistamiento-de-aves-en-el-humedal-santa-maria-del-lago.html HTTP/1.1" 200 1003
173.252.107.6 - - [22/Mar/2024:05:08:54 -0500] "GET /no-te-pierdas-la-jornada-de-avistamiento-de-aves-en-el-humedal-santa-maria-del-lago.html HTTP/1.1" 200 1003
173.252.107.118 - - [22/Mar/2024:05:08:55 -0500] "GET /images/avistamiento-aves-humedal-juan-amarillo-3-febrero.jpg HTTP/1.1" 200 45352
186.102.99.62 - - [22/Mar/2024:05:08:57 -0500] "GET /sipse/faces/index.xhtml HTTP/1.1" 200 677
186.102.99.62 - - [22/Mar/2024:05:08:57 -0500] "GET /sipse/faces/javax.faces.resource/theme.css?ln=primefaces-sipse HTTP/1.1" 304 -
186.102.99.62 - - [22/Mar/2024:05:08:57 -0500] "GET /sipse/faces/javax.faces.resource/theme.css?ln=primefaces-sipse HTTP/1.1" 304 -
186.102.99.62 - - [22/Mar/2024:05:08:57 -0500] "GET /sipse/faces/javax.faces.resource/layout/layout.js?ln=primefaces&v=4.0 HTTP/1.1" 304 -
186.102.99.62 - - [22/Mar/2024:05:08:57 -0500] "GET /sipse/faces/javax.faces.resource/jquery/jquery-plugins.js?ln=primefaces&v=4.0 HTTP/1.1" 304 -
186.102.99.62 - - [22/Mar/2024:05:08:57 -0500] "GET /sipse/faces/javax.faces.resource/primefaces.css?ln=primefaces&v=4.0 HTTP/1.1" 304 -
186.102.99.62 - - [22/Mar/2024:05:08:57 -0500] "GET /sipse/faces/javax.faces.resource/layout/layout.css?ln=primefaces&v=4.0 HTTP/1.1" 304 -
186.102.99.62 - - [22/Mar/2024:05:08:57 -0500] "GET /sipse/faces/javax.faces.resource/jquery/jquery.js?ln=primefaces&v=4.0 HTTP/1.1" 304 -
186.102.99.62 - - [22/Mar/2024:05:08:57 -0500] "GET /sipse/faces/faces/autenticacion.xhtml HTTP/1.1" 200 12411
186.102.99.62 - - [22/Mar/2024:05:08:57 -0500] "GET /sipse/faces/javax.faces.resource/primefaces.js?ln=primefaces&v=4.0 HTTP/1.1" 304 -
186.102.99.62 - - [22/Mar/2024:05:08:57 -0500] "GET /sipse/faces/javax.faces.resource/images/ui-icons_898989_256x240.png?ln=primefaces-aristo HTTP/1.1" 304 -
