186.84.22.216 - - [22/Mar/2024:08:37:28 -0500] "GET /sipse/faces/javax.faces.resource/jquery/jquery-plugins.js?ln=primefaces&v=4.0 HTTP/1.1" 304 -
186.84.22.216 - - [22/Mar/2024:08:37:28 -0500] "GET /sipse/faces/javax.faces.resource/primefaces.js?ln=primefaces&v=4.0 HTTP/1.1" 304 -
186.84.22.216 - - [22/Mar/2024:08:37:28 -0500] "GET /sipse/faces/javax.faces.resource/layout/layout.js?ln=primefaces&v=4.0 HTTP/1.1" 304 -
186.84.22.216 - - [22/Mar/2024:08:37:28 -0500] "GET /sipse/css/v_mergente.css HTTP/1.1" 200 1505
186.84.22.216 - - [22/Mar/2024:08:37:28 -0500] "GET /sipse/css/imagen/contrasena.png HTTP/1.1" 404 383
186.84.22.216 - - [22/Mar/2024:08:37:28 -0500] "GET /sipse/imagenes/logoAplicacion.jpg HTTP/1.1" 200 155084
186.84.22.216 - - [22/Mar/2024:08:37:28 -0500] "GET /sipse/imagenes/cargando.gif HTTP/1.1" 200 36959
192.168.172.47 - - [22/Mar/2024:08:37:32 -0500] "POST /BLA/boletinlegal/admin/actos/ingresar.php HTTP/1.1" 200 7303
172.22.2.4 - - [22/Mar/2024:08:37:35 -0500] "GET /BLA/boletinlegal/consulta_actos.php?tipo=autos&no=1698&usuario=&sector=&fecha=2024&resuelve= HTTP/1.1" 200 1086
123.6.49.10 - - [22/Mar/2024:08:37:46 -0500] "GET /sipse/faces/index.xhtml HTTP/1.1" 200 677
123.6.49.10 - - [22/Mar/2024:08:37:46 -0500] "GET /sipse/faces/javax.faces.resource/theme.css?ln=primefaces-sipse HTTP/1.1" 200 50058
123.6.49.47 - - [22/Mar/2024:08:37:50 -0500] "GET /sipse/js/disable_browser_buttons.js HTTP/1.1" 200 3230
123.6.49.42 - - [22/Mar/2024:08:37:50 -0500] "GET /sipse/css/custom_css_sg.css HTTP/1.1" 200 9694
123.6.49.15 - - [22/Mar/2024:08:37:50 -0500] "GET /sipse/css/custom_css_sg_prime_login.css HTTP/1.1" 200 443
123.6.49.15 - - [22/Mar/2024:08:37:51 -0500] "GET /sipse/faces/javax.faces.resource/layout/layout.css?ln=primefaces&v=4.0 HTTP/1.1" 200 542
181.78.209.201 - - [22/Mar/2024:08:37:51 -0500] "GET /sipse/faces/javax.faces.resource/theme.css?ln=primefaces-sipse HTTP/1.1" 304 -
123.6.49.47 - - [22/Mar/2024:08:37:51 -0500] "GET /sipse/js/funciones.js HTTP/1.1" 200 12592
181.78.209.201 - - [22/Mar/2024:08:37:51 -0500] "GET /sipse/faces/javax.faces.resource/primefaces.css?ln=primefaces&v=4.0 HTTP/1.1" 304 -
181.78.209.201 - - [22/Mar/2024:08:37:51 -0500] "GET /sipse/faces/javax.faces.resource/jquery/jquery.js?ln=primefaces&v=4.0 HTTP/1.1" 304 -
181.78.209.201 - - [22/Mar/2024:08:37:51 -0500] "GET /sipse/faces/javax.faces.resource/primefaces.js?ln=primefaces&v=4.0 HTTP/1.1" 304 -
181.78.209.201 - - [22/Mar/2024:08:37:51 -0500] "GET /sipse/faces/javax.faces.resource/layout/layout.css?ln=primefaces&v=4.0 HTTP/1.1" 304 -
181.78.209.201 - - [22/Mar/2024:08:37:51 -0500] "GET /sipse/faces/javax.faces.resource/jquery/jquery-plugins.js?ln=primefaces&v=4.0 HTTP/1.1" 304 -
181.78.209.201 - - [22/Mar/2024:08:37:51 -0500] "GET /sipse/faces/javax.faces.resource/layout/layout.js?ln=primefaces&v=4.0 HTTP/1.1" 304 -
123.6.49.10 - - [22/Mar/2024:08:37:50 -0500] "GET /sipse/faces/faces/autenticacion.xhtml HTTP/1.1" 200 12411
181.78.209.201 - - [22/Mar/2024:08:37:50 -0500] "POST /sipse/faces/presentacion/financiero/estudioPrevio/personalSolicitado/personalSolicitadoSolicitudProceso.xhtml HTTP/1.1" 200 175350
123.6.49.18 - - [22/Mar/2024:08:37:50 -0500] "GET /sipse/faces/javax.faces.resource/theme.css?ln=primefaces-sipse HTTP/1.1" 200 50058
123.6.49.47 - - [22/Mar/2024:08:37:51 -0500] "GET /sipse/faces/javax.faces.resource/primefaces.css?ln=primefaces&v=4.0 HTTP/1.1" 200 53295
123.6.49.47 - - [22/Mar/2024:08:37:51 -0500] "GET /sipse/faces/javax.faces.resource/layout/layout.js?ln=primefaces&v=4.0 HTTP/1.1" 200 87560
123.6.49.15 - - [22/Mar/2024:08:37:51 -0500] "GET /sipse/faces/javax.faces.resource/jquery/jquery.js?ln=primefaces&v=4.0 HTTP/1.1" 200 105384
123.6.49.42 - - [22/Mar/2024:08:37:51 -0500] "GET /sipse/faces/javax.faces.resource/jquery/jquery-plugins.js?ln=primefaces&v=4.0 HTTP/1.1" 200 220526
123.6.49.10 - - [22/Mar/2024:08:37:51 -0500] "GET /sipse/faces/javax.faces.resource/primefaces.js?ln=primefaces&v=4.0 HTTP/1.1" 200 90112
172.22.2.4 - - [22/Mar/2024:08:37:54 -0500] "GET /BLA/boletinlegal/consulta_actos.php?tipo=autos&no=1697&usuario=&sector=&fecha=2024&resuelve= HTTP/1.1" 200 626
190.24.181.117 - - [22/Mar/2024:08:38:05 -0500] "POST /BLA/boletinlegal/admin/actos/ingresar.php HTTP/1.1" 200 7303
186.84.22.216 - - [22/Mar/2024:08:38:06 -0500] "GET /sipse/faces/javax.faces.resource/images/ui-bg_flat_0_2d5972_40x100.png?ln=primefaces-aristo HTTP/1.1" 304 -
186.84.22.216 - - [22/Mar/2024:08:38:06 -0500] "POST /sipse/faces/bienvenido.xhtml HTTP/1.1" 200 2073
186.84.22.216 - - [22/Mar/2024:08:38:07 -0500] "POST /sipse/faces/bienvenido.xhtml HTTP/1.1" 200 38981
186.84.22.216 - - [22/Mar/2024:08:38:07 -0500] "GET /sipse/faces/javax.faces.resource/primefaces.css?ln=primefaces&v=4.0 HTTP/1.1" 304 -
186.84.22.216 - - [22/Mar/2024:08:38:07 -0500] "GET /sipse/faces/javax.faces.resource/theme.css?ln=primefaces-sipse HTTP/1.1" 304 -
186.84.22.216 - - [22/Mar/2024:08:38:07 -0500] "GET /sipse/faces/javax.faces.resource/layout/layout.css?ln=primefaces&v=4.0 HTTP/1.1" 304 -
186.84.22.216 - - [22/Mar/2024:08:38:07 -0500] "GET /sipse/faces/javax.faces.resource/jquery/jquery.js?ln=primefaces&v=4.0 HTTP/1.1" 304 -
186.84.22.216 - - [22/Mar/2024:08:38:07 -0500] "GET /sipse/faces/javax.faces.resource/jquery/jquery-plugins.js?ln=primefaces&v=4.0 HTTP/1.1" 304 -
186.84.22.216 - - [22/Mar/2024:08:38:07 -0500] "GET /sipse/faces/javax.faces.resource/primefaces.js?ln=primefaces&v=4.0 HTTP/1.1" 304 -
186.84.22.216 - - [22/Mar/2024:08:38:07 -0500] "GET /sipse/faces/javax.faces.resource/layout/layout.js?ln=primefaces&v=4.0 HTTP/1.1" 304 -
181.78.209.201 - - [22/Mar/2024:08:38:08 -0500] "POST /sipse/faces/presentacion/financiero/solicitudProceso/consultarSolicitudProceso.xhtml HTTP/1.1" 200 21107
181.78.209.201 - - [22/Mar/2024:08:38:08 -0500] "GET /sipse/faces/javax.faces.resource/theme.css?ln=primefaces-sipse HTTP/1.1" 304 -
181.78.209.201 - - [22/Mar/2024:08:38:08 -0500] "GET /sipse/faces/javax.faces.resource/primefaces.css?ln=primefaces&v=4.0 HTTP/1.1" 304 -
181.78.209.201 - - [22/Mar/2024:08:38:08 -0500] "GET /sipse/faces/javax.faces.resource/jquery/jquery.js?ln=primefaces&v=4.0 HTTP/1.1" 304 -
181.78.209.201 - - [22/Mar/2024:08:38:08 -0500] "GET /sipse/faces/javax.faces.resource/fileupload/fileupload.css?ln=primefaces&v=4.0 HTTP/1.1" 304 -
181.78.209.201 - - [22/Mar/2024:08:38:08 -0500] "GET /sipse/faces/javax.faces.resource/primefaces.js?ln=primefaces&v=4.0 HTTP/1.1" 304 -
181.78.209.201 - - [22/Mar/2024:08:38:08 -0500] "GET /sipse/faces/javax.faces.resource/layout/layout.css?ln=primefaces&v=4.0 HTTP/1.1" 304 -
181.78.209.201 - - [22/Mar/2024:08:38:08 -0500] "GET /sipse/faces/javax.faces.resource/jquery/jquery-plugins.js?ln=primefaces&v=4.0 HTTP/1.1" 304 -
181.78.209.201 - - [22/Mar/2024:08:38:08 -0500] "GET /sipse/faces/javax.faces.resource/fileupload/fileupload.js?ln=primefaces&v=4.0 HTTP/1.1" 304 -
181.78.209.201 - - [22/Mar/2024:08:38:08 -0500] "GET /sipse/faces/javax.faces.resource/layout/layout.js?ln=primefaces&v=4.0 HTTP/1.1" 304 -
186.84.22.216 - - [22/Mar/2024:08:38:16 -0500] "POST /sipse/faces/presentacion/financiero/solicitudProceso/consultar.xhtml HTTP/1.1" 200 13204
201.245.192.253 - - [22/Mar/2024:08:38:20 -0500] "POST /forms/lservlet;jsessionid=ac16012b30d65e7a44aedd6c4e8b8a078f956b9fbf50.e3iSbxaKaheRe3iNc3uNbNmQay1ynknvrkLOlQzNp65In0 HTTP/1.1" 200 2
186.84.22.216 - - [22/Mar/2024:08:38:21 -0500] "POST /sipse/faces/presentacion/financiero/solicitudProceso/consultar.xhtml HTTP/1.1" 200 125076
186.84.22.216 - - [22/Mar/2024:08:38:22 -0500] "GET /sipse/faces/javax.faces.resource/primefaces.css?ln=primefaces&v=4.0 HTTP/1.1" 304 -
186.84.22.216 - - [22/Mar/2024:08:38:22 -0500] "GET /sipse/faces/javax.faces.resource/theme.css?ln=primefaces-sipse HTTP/1.1" 304 -
186.84.22.216 - - [22/Mar/2024:08:38:22 -0500] "GET /sipse/faces/javax.faces.resource/layout/layout.css?ln=primefaces&v=4.0 HTTP/1.1" 304 -
186.84.22.216 - - [22/Mar/2024:08:38:22 -0500] "GET /sipse/faces/javax.faces.resource/jquery/jquery.js?ln=primefaces&v=4.0 HTTP/1.1" 304 -
186.84.22.216 - - [22/Mar/2024:08:38:22 -0500] "GET /sipse/faces/javax.faces.resource/jquery/jquery-plugins.js?ln=primefaces&v=4.0 HTTP/1.1" 304 -
186.84.22.216 - - [22/Mar/2024:08:38:22 -0500] "GET /sipse/faces/javax.faces.resource/primefaces.js?ln=primefaces&v=4.0 HTTP/1.1" 304 -
186.84.22.216 - - [22/Mar/2024:08:38:22 -0500] "GET /sipse/faces/javax.faces.resource/layout/layout.js?ln=primefaces&v=4.0 HTTP/1.1" 304 -
179.33.113.236 - - [22/Mar/2024:08:38:31 -0500] "POST /sipse/faces/presentacion/financiero/solicitudProceso/consultarSolicitudProceso.xhtml HTTP/1.1" 200 39072
179.33.113.236 - - [22/Mar/2024:08:38:33 -0500] "GET /sipse/faces/javax.faces.resource/jquery/jquery.js?ln=primefaces&v=4.0 HTTP/1.1" 304 -
179.33.113.236 - - [22/Mar/2024:08:38:33 -0500] "GET /sipse/faces/javax.faces.resource/jquery/jquery-plugins.js?ln=primefaces&v=4.0 HTTP/1.1" 304 -
179.33.113.236 - - [22/Mar/2024:08:38:33 -0500] "GET /sipse/faces/javax.faces.resource/primefaces.js?ln=primefaces&v=4.0 HTTP/1.1" 304 -
179.33.113.236 - - [22/Mar/2024:08:38:33 -0500] "GET /sipse/faces/javax.faces.resource/layout/layout.js?ln=primefaces&v=4.0 HTTP/1.1" 304 -
179.33.113.236 - - [22/Mar/2024:08:38:33 -0500] "GET /sipse/faces/javax.faces.resource/messages/messages.png?ln=primefaces&v=4.0 HTTP/1.1" 304 -
179.33.113.236 - - [22/Mar/2024:08:38:33 -0500] "POST /sipse/faces/presentacion/financiero/solicitudProceso/listarSolicitudProceso.xhtml HTTP/1.1" 200 1420
192.168.172.47 - - [22/Mar/2024:08:38:37 -0500] "POST /BLA/boletinlegal/admin/actos/ingresar.php HTTP/1.1" 200 7303
179.33.113.236 - - [22/Mar/2024:08:38:44 -0500] "POST /sipse/faces/presentacion/financiero/solicitudProceso/listarSolicitudProceso.xhtml HTTP/1.1" 200 123479
179.33.113.236 - - [22/Mar/2024:08:38:45 -0500] "GET /sipse/faces/javax.faces.resource/jquery/jquery.js?ln=primefaces&v=4.0 HTTP/1.1" 304 -
179.33.113.236 - - [22/Mar/2024:08:38:45 -0500] "GET /sipse/faces/javax.faces.resource/jquery/jquery-plugins.js?ln=primefaces&v=4.0 HTTP/1.1" 304 -
179.33.113.236 - - [22/Mar/2024:08:38:45 -0500] "GET /sipse/faces/javax.faces.resource/primefaces.js?ln=primefaces&v=4.0 HTTP/1.1" 304 -
179.33.113.236 - - [22/Mar/2024:08:38:45 -0500] "GET /sipse/faces/javax.faces.resource/layout/layout.js?ln=primefaces&v=4.0 HTTP/1.1" 304 -
172.22.2.4 - - [22/Mar/2024:08:38:46 -0500] "GET /BLA/boletinlegal/consulta_actos.php?tipo=autos&no=1697&usuario=&sector=&fecha=2024&resuelve= HTTP/1.1" 200 1086
201.245.192.253 - - [22/Mar/2024:08:38:54 -0500] "POST /kwsrmcab/Wsrmcab HTTP/1.1" 200 37226
201.245.192.253 - - [22/Mar/2024:08:38:54 -0500] "POST /kwsrmcab/Wsrmcab HTTP/1.1" 200 38110
201.245.192.253 - - [22/Mar/2024:08:38:58 -0500] "POST /forms/lservlet;jsessionid=ac16012b30d6a3adf64eb8e9433c86d0dc471af886a3.e3iSbxaKaheRe3iNc3uNbNmQay1ynknvrkLOlQzNp65In0 HTTP/1.1" 200 2
172.22.2.4 - - [22/Mar/2024:08:39:02 -0500] "GET /BLA/boletinlegal/consulta_actos.php?tipo=autos&no=1696&usuario=&sector=&fecha=2024&resuelve= HTTP/1.1" 200 626
181.78.209.201 - - [22/Mar/2024:08:39:16 -0500] "GET /sipse/faces/javax.faces.resource/theme.css?ln=primefaces-sipse HTTP/1.1" 304 -
181.78.209.201 - - [22/Mar/2024:08:39:16 -0500] "GET /sipse/faces/javax.faces.resource/layout/layout.css?ln=primefaces&v=4.0 HTTP/1.1" 304 -
181.78.209.201 - - [22/Mar/2024:08:39:16 -0500] "GET /sipse/faces/javax.faces.resource/primefaces.css?ln=primefaces&v=4.0 HTTP/1.1" 304 -
181.78.209.201 - - [22/Mar/2024:08:39:16 -0500] "GET /sipse/faces/javax.faces.resource/primefaces.js?ln=primefaces&v=4.0 HTTP/1.1" 304 -
181.78.209.201 - - [22/Mar/2024:08:39:16 -0500] "GET /sipse/faces/javax.faces.resource/jquery/jquery-plugins.js?ln=primefaces&v=4.0 HTTP/1.1" 304 -
181.78.209.201 - - [22/Mar/2024:08:39:16 -0500] "GET /sipse/faces/javax.faces.resource/jquery/jquery.js?ln=primefaces&v=4.0 HTTP/1.1" 304 -
181.78.209.201 - - [22/Mar/2024:08:39:16 -0500] "GET /sipse/faces/javax.faces.resource/layout/layout.js?ln=primefaces&v=4.0 HTTP/1.1" 304 -
181.78.209.201 - - [22/Mar/2024:08:39:15 -0500] "POST /sipse/faces/presentacion/sistema/anexos/cargarAnexoSolicitudProceso.xhtml HTTP/1.1" 200 177018
181.78.209.201 - - [22/Mar/2024:08:39:23 -0500] "GET /sipse/faces/javax.faces.resource/theme.css?ln=primefaces-sipse HTTP/1.1" 304 -
181.78.209.201 - - [22/Mar/2024:08:39:23 -0500] "POST /sipse/faces/presentacion/financiero/solicitudProceso/consultarSolicitudProceso.xhtml HTTP/1.1" 200 21107
181.78.209.201 - - [22/Mar/2024:08:39:23 -0500] "GET /sipse/faces/javax.faces.resource/jquery/jquery.js?ln=primefaces&v=4.0 HTTP/1.1" 304 -
181.78.209.201 - - [22/Mar/2024:08:39:23 -0500] "GET /sipse/faces/javax.faces.resource/layout/layout.css?ln=primefaces&v=4.0 HTTP/1.1" 304 -
181.78.209.201 - - [22/Mar/2024:08:39:23 -0500] "GET /sipse/faces/javax.faces.resource/fileupload/fileupload.css?ln=primefaces&v=4.0 HTTP/1.1" 304 -
181.78.209.201 - - [22/Mar/2024:08:39:23 -0500] "GET /sipse/faces/javax.faces.resource/primefaces.css?ln=primefaces&v=4.0 HTTP/1.1" 304 -
181.78.209.201 - - [22/Mar/2024:08:39:23 -0500] "GET /sipse/faces/javax.faces.resource/jquery/jquery-plugins.js?ln=primefaces&v=4.0 HTTP/1.1" 304 -
181.78.209.201 - - [22/Mar/2024:08:39:23 -0500] "GET /sipse/faces/javax.faces.resource/primefaces.js?ln=primefaces&v=4.0 HTTP/1.1" 304 -
181.78.209.201 - - [22/Mar/2024:08:39:23 -0500] "GET /sipse/faces/javax.faces.resource/layout/layout.js?ln=primefaces&v=4.0 HTTP/1.1" 304 -
181.78.209.201 - - [22/Mar/2024:08:39:23 -0500] "GET /sipse/faces/javax.faces.resource/fileupload/fileupload.js?ln=primefaces&v=4.0 HTTP/1.1" 304 -
123.6.49.50 - - [22/Mar/2024:08:39:25 -0500] "GET /sipse/js/disable_browser_buttons.js HTTP/1.1" 200 3230
123.6.49.50 - - [22/Mar/2024:08:39:25 -0500] "GET /sipse/faces/faces/autenticacion.xhtml HTTP/1.1" 200 12733
123.6.49.41 - - [22/Mar/2024:08:39:26 -0500] "GET /sipse/css/custom_css_sg_prime_login.css HTTP/1.1" 200 443
123.6.49.41 - - [22/Mar/2024:08:39:26 -0500] "GET /sipse/css/custom_css_sg.css HTTP/1.1" 200 9694
190.24.181.117 - - [22/Mar/2024:08:39:26 -0500] "POST /BLA/boletinlegal/admin/actos/ingresar.php HTTP/1.1" 200 7303
123.6.49.41 - - [22/Mar/2024:08:39:26 -0500] "GET /sipse/faces/javax.faces.resource/layout/layout.css;jsessionid=hnMxYADi7mkeA4-qO6f9TACA.undefined?ln=primefaces&v=4.0 HTTP/1.1" 200 542
123.6.49.50 - - [22/Mar/2024:08:39:26 -0500] "GET /sipse/js/funciones.js HTTP/1.1" 200 12592
123.6.49.41 - - [22/Mar/2024:08:39:26 -0500] "GET /sipse/faces/javax.faces.resource/theme.css?ln=primefaces-sipse HTTP/1.1" 200 50058
123.6.49.18 - - [22/Mar/2024:08:39:26 -0500] "GET /sipse/faces/javax.faces.resource/primefaces.css;jsessionid=hnMxYADi7mkeA4-qO6f9TACA.undefined?ln=primefaces&v=4.0 HTTP/1.1" 200 53295
201.245.192.253 - - [22/Mar/2024:08:39:27 -0500] "POST /kwsrmcab/Wsrmcab HTTP/1.1" 200 37797
123.6.49.50 - - [22/Mar/2024:08:39:27 -0500] "GET /sipse/faces/javax.faces.resource/layout/layout.js;jsessionid=hnMxYADi7mkeA4-qO6f9TACA.undefined?ln=primefaces&v=4.0 HTTP/1.1" 200 87560
123.6.49.50 - - [22/Mar/2024:08:39:26 -0500] "GET /sipse/faces/javax.faces.resource/jquery/jquery.js;jsessionid=hnMxYADi7mkeA4-qO6f9TACA.undefined?ln=primefaces&v=4.0 HTTP/1.1" 200 105384
123.6.49.41 - - [22/Mar/2024:08:39:27 -0500] "GET /sipse/faces/javax.faces.resource/primefaces.js;jsessionid=hnMxYADi7mkeA4-qO6f9TACA.undefined?ln=primefaces&v=4.0 HTTP/1.1" 200 276924
123.6.49.41 - - [22/Mar/2024:08:39:27 -0500] "GET /sipse/faces/javax.faces.resource/jquery/jquery-plugins.js;jsessionid=hnMxYADi7mkeA4-qO6f9TACA.undefined?ln=primefaces&v=4.0 HTTP/1.1" 200 220526
123.6.49.41 - - [22/Mar/2024:08:39:29 -0500] "GET /sipse/faces/javax.faces.resource/images/ui-icons_898989_256x240.png?ln=primefaces-aristo HTTP/1.1" 200 5355
123.6.49.41 - - [22/Mar/2024:08:39:29 -0500] "GET /sipse/css/imagen/loginimg.png HTTP/1.1" 200 71635
123.6.49.50 - - [22/Mar/2024:08:39:29 -0500] "GET /sipse/css/imagen/logoSDG.png HTTP/1.1" 200 53064
123.6.49.50 - - [22/Mar/2024:08:39:30 -0500] "GET /sipse/faces/faces/index.xhtml HTTP/1.1" 200 677
123.6.49.50 - - [22/Mar/2024:08:39:31 -0500] "GET /sipse/faces/javax.faces.resource/theme.css?ln=primefaces-sipse HTTP/1.1" 200 50058
123.6.49.50 - - [22/Mar/2024:08:39:32 -0500] "GET /sipse/faces/faces/faces/autenticacion.xhtml HTTP/1.1" 200 12411
181.78.209.201 - - [22/Mar/2024:08:39:34 -0500] "GET /sipse/faces/javax.faces.resource/theme.css?ln=primefaces-sipse HTTP/1.1" 304 -
181.78.209.201 - - [22/Mar/2024:08:39:34 -0500] "GET /sipse/faces/javax.faces.resource/jquery/jquery.js?ln=primefaces&v=4.0 HTTP/1.1" 304 -
181.78.209.201 - - [22/Mar/2024:08:39:34 -0500] "GET /sipse/faces/javax.faces.resource/jquery/jquery-plugins.js?ln=primefaces&v=4.0 HTTP/1.1" 304 -
181.78.209.201 - - [22/Mar/2024:08:39:34 -0500] "GET /sipse/faces/javax.faces.resource/layout/layout.css?ln=primefaces&v=4.0 HTTP/1.1" 304 -
181.78.209.201 - - [22/Mar/2024:08:39:34 -0500] "GET /sipse/faces/javax.faces.resource/primefaces.css?ln=primefaces&v=4.0 HTTP/1.1" 304 -
181.78.209.201 - - [22/Mar/2024:08:39:34 -0500] "GET /sipse/faces/javax.faces.resource/primefaces.js?ln=primefaces&v=4.0 HTTP/1.1" 304 -
181.78.209.201 - - [22/Mar/2024:08:39:34 -0500] "GET /sipse/faces/javax.faces.resource/layout/layout.js?ln=primefaces&v=4.0 HTTP/1.1" 304 -
181.78.209.201 - - [22/Mar/2024:08:39:33 -0500] "POST /sipse/faces/presentacion/sistema/anexos/cargarAnexoSolicitudProceso.xhtml HTTP/1.1" 200 178829
172.22.2.4 - - [22/Mar/2024:08:39:38 -0500] "GET /BLA/boletinlegal/jurisprudencia/analisis/Analisis%20jurisprudencial%20Sentencia%20C-366-11.doc HTTP/1.1" 200 59392
181.78.209.201 - - [22/Mar/2024:08:39:47 -0500] "POST /sipse/faces/presentacion/financiero/solicitudProceso/consultarSolicitudProceso.xhtml HTTP/1.1" 200 64988
181.78.209.201 - - [22/Mar/2024:08:39:49 -0500] "GET /sipse/faces/javax.faces.resource/theme.css?ln=primefaces-sipse HTTP/1.1" 304 -
181.78.209.201 - - [22/Mar/2024:08:39:49 -0500] "GET /sipse/faces/javax.faces.resource/jquery/jquery.js?ln=primefaces&v=4.0 HTTP/1.1" 304 -
181.78.209.201 - - [22/Mar/2024:08:39:49 -0500] "GET /sipse/faces/javax.faces.resource/primefaces.css?ln=primefaces&v=4.0 HTTP/1.1" 304 -
181.78.209.201 - - [22/Mar/2024:08:39:49 -0500] "GET /sipse/faces/javax.faces.resource/layout/layout.css?ln=primefaces&v=4.0 HTTP/1.1" 304 -
181.78.209.201 - - [22/Mar/2024:08:39:50 -0500] "GET /sipse/faces/javax.faces.resource/jquery/jquery-plugins.js?ln=primefaces&v=4.0 HTTP/1.1" 304 -
181.78.209.201 - - [22/Mar/2024:08:39:50 -0500] "GET /sipse/faces/javax.faces.resource/primefaces.js?ln=primefaces&v=4.0 HTTP/1.1" 304 -
181.78.209.201 - - [22/Mar/2024:08:39:50 -0500] "GET /sipse/faces/javax.faces.resource/layout/layout.js?ln=primefaces&v=4.0 HTTP/1.1" 304 -
181.78.209.201 - - [22/Mar/2024:08:39:50 -0500] "POST /sipse/faces/presentacion/financiero/solicitudProceso/listarSolicitudProceso.xhtml HTTP/1.1" 200 1560
192.168.172.47 - - [22/Mar/2024:08:39:52 -0500] "POST /BLA/boletinlegal/admin/actos/ingresar.php HTTP/1.1" 200 7303
181.78.209.201 - - [22/Mar/2024:08:39:54 -0500] "POST /sipse/faces/presentacion/financiero/solicitudProceso/listarSolicitudProceso.xhtml HTTP/1.1" 200 4613
172.22.2.4 - - [22/Mar/2024:08:39:55 -0500] "GET /BLA/boletinlegal/consulta_actos.php?tipo=autos&no=1696&usuario=&sector=&fecha=2024&resuelve= HTTP/1.1" 200 1086
186.84.22.216 - - [22/Mar/2024:08:39:59 -0500] "POST /sipse/faces/presentacion/financiero/solicitudProceso/consultarSolicitudProceso.xhtml HTTP/1.1" 200 5826
186.84.22.216 - - [22/Mar/2024:08:40:00 -0500] "POST /sipse/faces/presentacion/financiero/solicitudProceso/consultarSolicitudProceso.xhtml HTTP/1.1" 200 65557
186.84.22.216 - - [22/Mar/2024:08:40:01 -0500] "GET /sipse/faces/javax.faces.resource/theme.css?ln=primefaces-sipse HTTP/1.1" 304 -
186.84.22.216 - - [22/Mar/2024:08:40:01 -0500] "GET /sipse/faces/javax.faces.resource/primefaces.css?ln=primefaces&v=4.0 HTTP/1.1" 304 -
186.84.22.216 - - [22/Mar/2024:08:40:01 -0500] "GET /sipse/faces/javax.faces.resource/layout/layout.css?ln=primefaces&v=4.0 HTTP/1.1" 304 -
186.84.22.216 - - [22/Mar/2024:08:40:01 -0500] "GET /sipse/faces/javax.faces.resource/jquery/jquery.js?ln=primefaces&v=4.0 HTTP/1.1" 304 -
186.84.22.216 - - [22/Mar/2024:08:40:01 -0500] "GET /sipse/faces/javax.faces.resource/jquery/jquery-plugins.js?ln=primefaces&v=4.0 HTTP/1.1" 304 -
186.84.22.216 - - [22/Mar/2024:08:40:01 -0500] "GET /sipse/faces/javax.faces.resource/primefaces.js?ln=primefaces&v=4.0 HTTP/1.1" 304 -
186.84.22.216 - - [22/Mar/2024:08:40:01 -0500] "GET /sipse/faces/javax.faces.resource/layout/layout.js?ln=primefaces&v=4.0 HTTP/1.1" 304 -
186.84.22.216 - - [22/Mar/2024:08:40:01 -0500] "POST /sipse/faces/presentacion/financiero/solicitudProceso/listarSolicitudProceso.xhtml HTTP/1.1" 200 58941
186.84.22.216 - - [22/Mar/2024:08:40:02 -0500] "POST /sipse/faces/presentacion/financiero/solicitudProceso/listarSolicitudProceso.xhtml HTTP/1.1" 200 58941
186.84.22.216 - - [22/Mar/2024:08:40:02 -0500] "POST /sipse/faces/presentacion/financiero/solicitudProceso/listarSolicitudProceso.xhtml HTTP/1.1" 200 1560
186.84.22.216 - - [22/Mar/2024:08:40:03 -0500] "POST /sipse/faces/presentacion/financiero/solicitudProceso/listarSolicitudProceso.xhtml HTTP/1.1" 200 1568
186.84.22.216 - - [22/Mar/2024:08:40:04 -0500] "POST /sipse/faces/presentacion/financiero/solicitudProceso/listarSolicitudProceso.xhtml HTTP/1.1" 200 1568
186.84.22.216 - - [22/Mar/2024:08:40:06 -0500] "POST /sipse/faces/presentacion/financiero/solicitudProceso/listarSolicitudProceso.xhtml HTTP/1.1" 200 10439
201.245.192.253 - - [22/Mar/2024:08:40:15 -0500] "POST /kwsrmcab/Wsrmcab HTTP/1.1" 200 38110
172.22.2.4 - - [22/Mar/2024:08:40:16 -0500] "GET /BLA/boletinlegal/consulta_actos.php?tipo=autos&no=1695&usuario=&sector=&fecha=2024&resuelve= HTTP/1.1" 200 1087
172.22.2.4 - - [22/Mar/2024:08:40:18 -0500] "GET /BLA/boletinlegal/consulta_actos.php?tipo=autos&no=1695&usuario=&sector=&fecha=2024&resuelve= HTTP/1.1" 200 1087
186.84.22.216 - - [22/Mar/2024:08:40:19 -0500] "POST /sipse/faces/presentacion/financiero/solicitudProceso/listarSolicitudProceso.xhtml HTTP/1.1" 200 10435
201.245.192.253 - - [22/Mar/2024:08:40:20 -0500] "POST /forms/lservlet;jsessionid=ac16012b30d65e7a44aedd6c4e8b8a078f956b9fbf50.e3iSbxaKaheRe3iNc3uNbNmQay1ynknvrkLOlQzNp65In0 HTTP/1.1" 200 2
186.84.22.216 - - [22/Mar/2024:08:40:20 -0500] "POST /sipse/faces/presentacion/financiero/solicitudProceso/listarSolicitudProceso.xhtml HTTP/1.1" 200 10582
172.22.2.4 - - [22/Mar/2024:08:40:35 -0500] "GET /BLA/boletinlegal/consulta_actos.php?tipo=autos&no=1694&usuario=&sector=&fecha=2024&resuelve= HTTP/1.1" 200 626
186.84.22.216 - - [22/Mar/2024:08:40:35 -0500] "POST /sipse/faces/presentacion/financiero/solicitudProceso/listarSolicitudProceso.xhtml HTTP/1.1" 200 141536
186.84.22.216 - - [22/Mar/2024:08:40:36 -0500] "GET /sipse/faces/javax.faces.resource/theme.css?ln=primefaces-sipse HTTP/1.1" 304 -
186.84.22.216 - - [22/Mar/2024:08:40:36 -0500] "GET /sipse/faces/javax.faces.resource/primefaces.css?ln=primefaces&v=4.0 HTTP/1.1" 304 -
186.84.22.216 - - [22/Mar/2024:08:40:36 -0500] "GET /sipse/faces/javax.faces.resource/layout/layout.css?ln=primefaces&v=4.0 HTTP/1.1" 304 -
186.84.22.216 - - [22/Mar/2024:08:40:36 -0500] "GET /sipse/faces/javax.faces.resource/jquery/jquery.js?ln=primefaces&v=4.0 HTTP/1.1" 304 -
186.84.22.216 - - [22/Mar/2024:08:40:36 -0500] "GET /sipse/faces/javax.faces.resource/jquery/jquery-plugins.js?ln=primefaces&v=4.0 HTTP/1.1" 304 -
186.84.22.216 - - [22/Mar/2024:08:40:36 -0500] "GET /sipse/faces/javax.faces.resource/primefaces.js?ln=primefaces&v=4.0 HTTP/1.1" 304 -
186.84.22.216 - - [22/Mar/2024:08:40:36 -0500] "GET /sipse/faces/javax.faces.resource/layout/layout.js?ln=primefaces&v=4.0 HTTP/1.1" 304 -
186.84.22.216 - - [22/Mar/2024:08:40:44 -0500] "POST /sipse/faces/presentacion/financiero/solicitudProceso/consultarSolicitudProceso.xhtml HTTP/1.1" 200 46569
186.84.22.216 - - [22/Mar/2024:08:40:45 -0500] "GET /sipse/faces/javax.faces.resource/jquery/jquery.js?ln=primefaces&v=4.0 HTTP/1.1" 304 -
186.84.22.216 - - [22/Mar/2024:08:40:45 -0500] "GET /sipse/faces/javax.faces.resource/theme.css?ln=primefaces-sipse HTTP/1.1" 304 -
186.84.22.216 - - [22/Mar/2024:08:40:45 -0500] "GET /sipse/faces/javax.faces.resource/primefaces.css?ln=primefaces&v=4.0 HTTP/1.1" 304 -
186.84.22.216 - - [22/Mar/2024:08:40:45 -0500] "GET /sipse/faces/javax.faces.resource/layout/layout.css?ln=primefaces&v=4.0 HTTP/1.1" 304 -
186.84.22.216 - - [22/Mar/2024:08:40:45 -0500] "GET /sipse/faces/javax.faces.resource/primefaces.js?ln=primefaces&v=4.0 HTTP/1.1" 304 -
186.84.22.216 - - [22/Mar/2024:08:40:45 -0500] "GET /sipse/faces/javax.faces.resource/layout/layout.js?ln=primefaces&v=4.0 HTTP/1.1" 304 -
186.84.22.216 - - [22/Mar/2024:08:40:45 -0500] "GET /sipse/faces/javax.faces.resource/jquery/jquery-plugins.js?ln=primefaces&v=4.0 HTTP/1.1" 304 -
201.245.192.253 - - [22/Mar/2024:08:40:58 -0500] "POST /forms/lservlet;jsessionid=ac16012b30d6a3adf64eb8e9433c86d0dc471af886a3.e3iSbxaKaheRe3iNc3uNbNmQay1ynknvrkLOlQzNp65In0 HTTP/1.1" 200 2
123.6.49.18 - - [22/Mar/2024:08:41:09 -0500] "GET /sipse/faces/presentacion/financiero/solicitudProceso/consultarSolicitudProceso.xhtml HTTP/1.1" 302 -
123.6.49.47 - - [22/Mar/2024:08:41:10 -0500] "GET /sipse/css/custom_css_sg_prime_login.css HTTP/1.1" 200 443
123.6.49.10 - - [22/Mar/2024:08:41:10 -0500] "GET /sipse/css/custom_css_sg.css HTTP/1.1" 200 9694
123.6.49.18 - - [22/Mar/2024:08:41:10 -0500] "GET /sipse/faces/javax.faces.resource/layout/layout.css?ln=primefaces&v=4.0 HTTP/1.1" 200 542
123.6.49.18 - - [22/Mar/2024:08:41:09 -0500] "GET /sipse/faces/autenticacion.xhtml HTTP/1.1" 200 12411
123.6.49.47 - - [22/Mar/2024:08:41:10 -0500] "GET /sipse/js/disable_browser_buttons.js HTTP/1.1" 200 3230
123.6.49.18 - - [22/Mar/2024:08:41:10 -0500] "GET /sipse/js/funciones.js HTTP/1.1" 200 12592
123.6.49.9 - - [22/Mar/2024:08:41:10 -0500] "GET /sipse/faces/javax.faces.resource/theme.css?ln=primefaces-sipse HTTP/1.1" 200 50058
123.6.49.50 - - [22/Mar/2024:08:41:10 -0500] "GET /sipse/faces/javax.faces.resource/primefaces.css?ln=primefaces&v=4.0 HTTP/1.1" 200 53295
123.6.49.10 - - [22/Mar/2024:08:41:11 -0500] "GET /sipse/faces/javax.faces.resource/layout/layout.js?ln=primefaces&v=4.0 HTTP/1.1" 200 87560
123.6.49.18 - - [22/Mar/2024:08:41:10 -0500] "GET /sipse/faces/javax.faces.resource/jquery/jquery.js?ln=primefaces&v=4.0 HTTP/1.1" 200 105384
123.6.49.18 - - [22/Mar/2024:08:41:10 -0500] "GET /sipse/faces/javax.faces.resource/primefaces.js?ln=primefaces&v=4.0 HTTP/1.1" 200 276924
123.6.49.47 - - [22/Mar/2024:08:41:10 -0500] "GET /sipse/faces/javax.faces.resource/jquery/jquery-plugins.js?ln=primefaces&v=4.0 HTTP/1.1" 200 220526
123.6.49.18 - - [22/Mar/2024:08:41:14 -0500] "GET /sipse/faces/javax.faces.resource/images/ui-icons_898989_256x240.png?ln=primefaces-aristo HTTP/1.1" 200 5355
123.6.49.47 - - [22/Mar/2024:08:41:14 -0500] "GET /sipse/css/imagen/logoSDG.png HTTP/1.1" 200 53064
123.6.49.18 - - [22/Mar/2024:08:41:14 -0500] "GET /sipse/css/imagen/loginimg.png HTTP/1.1" 200 71635
123.6.49.18 - - [22/Mar/2024:08:41:15 -0500] "GET /sipse/faces/index.xhtml HTTP/1.1" 200 677
123.6.49.18 - - [22/Mar/2024:08:41:15 -0500] "GET /sipse/faces/javax.faces.resource/theme.css?ln=primefaces-sipse HTTP/1.1" 200 50058
192.168.172.47 - - [22/Mar/2024:08:41:25 -0500] "POST /BLA/boletinlegal/admin/actos/ingresar.php HTTP/1.1" 200 7303
186.84.22.216 - - [22/Mar/2024:08:41:27 -0500] "GET /sipse/faces/javax.faces.resource/theme.css?ln=primefaces-sipse HTTP/1.1" 304 -
186.84.22.216 - - [22/Mar/2024:08:41:27 -0500] "GET /sipse/faces/javax.faces.resource/jquery/jquery.js?ln=primefaces&v=4.0 HTTP/1.1" 304 -
186.84.22.216 - - [22/Mar/2024:08:41:27 -0500] "GET /sipse/faces/javax.faces.resource/layout/layout.css?ln=primefaces&v=4.0 HTTP/1.1" 304 -
186.84.22.216 - - [22/Mar/2024:08:41:27 -0500] "GET /sipse/faces/javax.faces.resource/primefaces.css?ln=primefaces&v=4.0 HTTP/1.1" 304 -
186.84.22.216 - - [22/Mar/2024:08:41:27 -0500] "GET /sipse/faces/javax.faces.resource/jquery/jquery-plugins.js?ln=primefaces&v=4.0 HTTP/1.1" 304 -
186.84.22.216 - - [22/Mar/2024:08:41:27 -0500] "GET /sipse/faces/javax.faces.resource/primefaces.js?ln=primefaces&v=4.0 HTTP/1.1" 304 -
186.84.22.216 - - [22/Mar/2024:08:41:27 -0500] "GET /sipse/faces/javax.faces.resource/layout/layout.js?ln=primefaces&v=4.0 HTTP/1.1" 304 -
186.84.22.216 - - [22/Mar/2024:08:41:26 -0500] "POST /sipse/faces/presentacion/financiero/solicitudProceso/consultarHistorialSolProceso.xhtml HTTP/1.1" 200 187378
186.84.22.216 - - [22/Mar/2024:08:41:28 -0500] "POST /sipse/faces/presentacion/financiero/solicitudProceso/consultarSolicitudProceso.xhtml HTTP/1.1" 200 38489
186.84.22.216 - - [22/Mar/2024:08:41:28 -0500] "GET /sipse/faces/javax.faces.resource/theme.css?ln=primefaces-sipse HTTP/1.1" 304 -
186.84.22.216 - - [22/Mar/2024:08:41:28 -0500] "GET /sipse/faces/javax.faces.resource/primefaces.css?ln=primefaces&v=4.0 HTTP/1.1" 304 -
186.84.22.216 - - [22/Mar/2024:08:41:28 -0500] "GET /sipse/faces/javax.faces.resource/layout/layout.css?ln=primefaces&v=4.0 HTTP/1.1" 304 -
186.84.22.216 - - [22/Mar/2024:08:41:28 -0500] "GET /sipse/faces/javax.faces.resource/jquery/jquery.js?ln=primefaces&v=4.0 HTTP/1.1" 304 -
186.84.22.216 - - [22/Mar/2024:08:41:28 -0500] "GET /sipse/faces/javax.faces.resource/jquery/jquery-plugins.js?ln=primefaces&v=4.0 HTTP/1.1" 304 -
186.84.22.216 - - [22/Mar/2024:08:41:28 -0500] "GET /sipse/faces/javax.faces.resource/primefaces.js?ln=primefaces&v=4.0 HTTP/1.1" 304 -
186.84.22.216 - - [22/Mar/2024:08:41:28 -0500] "GET /sipse/faces/javax.faces.resource/layout/layout.js?ln=primefaces&v=4.0 HTTP/1.1" 304 -
172.22.2.4 - - [22/Mar/2024:08:41:29 -0500] "GET /BLA/boletinlegal/consulta_actos.php?tipo=autos&no=1694&usuario=&sector=&fecha=2024&resuelve= HTTP/1.1" 200 1094
186.84.22.216 - - [22/Mar/2024:08:41:29 -0500] "POST /sipse/faces/presentacion/financiero/solicitudProceso/listarSolicitudProceso.xhtml HTTP/1.1" 200 1400
190.24.181.117 - - [22/Mar/2024:08:41:31 -0500] "POST /BLA/boletinlegal/admin/actos/ingresar.php HTTP/1.1" 200 7303
201.245.192.253 - - [22/Mar/2024:08:41:34 -0500] "POST /kwsrmcab/Wsrmcab  HTTP/1.1" 200 37499
186.84.22.216 - - [22/Mar/2024:08:41:35 -0500] "POST /sipse/faces/presentacion/financiero/solicitudProceso/listarSolicitudProceso.xhtml HTTP/1.1" 200 10587
186.84.22.216 - - [22/Mar/2024:08:41:44 -0500] "POST /sipse/faces/presentacion/financiero/solicitudProceso/listarSolicitudProceso.xhtml HTTP/1.1" 200 10583
186.84.22.216 - - [22/Mar/2024:08:41:45 -0500] "POST /sipse/faces/presentacion/financiero/solicitudProceso/listarSolicitudProceso.xhtml HTTP/1.1" 200 10397
172.22.2.4 - - [22/Mar/2024:08:41:15 -0500] "GET /BLA/boletinlegal/ HTTP/1.1" 200 20427
216.245.221.92 - - [22/Mar/2024:08:41:53 -0500] "HEAD / HTTP/1.1" 200 -
186.84.22.216 - - [22/Mar/2024:08:41:53 -0500] "POST /sipse/faces/presentacion/financiero/solicitudProceso/listarSolicitudProceso.xhtml HTTP/1.1" 200 10393
192.168.172.47 - - [22/Mar/2024:08:41:44 -0500] "GET /BLA/boletinlegal/admin/index.php HTTP/1.1" 200 5543
192.168.172.47 - - [22/Mar/2024:08:41:56 -0500] "GET /BLA/boletinlegal/admin/index_files/index_files/tback.gif HTTP/1.1" 404 1322
186.84.22.216 - - [22/Mar/2024:08:41:56 -0500] "POST /sipse/faces/presentacion/financiero/solicitudProceso/listarSolicitudProceso.xhtml HTTP/1.1" 200 10500
192.168.172.47 - - [22/Mar/2024:08:41:58 -0500] "GET /BLA/boletinlegal/admin/notificaciones/modificar.php HTTP/1.1" 200 37431
192.168.172.47 - - [22/Mar/2024:08:41:58 -0500] "GET /BLA/boletinlegal/images/search.gif HTTP/1.1" 200 626
192.168.172.47 - - [22/Mar/2024:08:41:58 -0500] "GET /css/global/buttons.css HTTP/1.1" 404 1312
186.84.22.216 - - [22/Mar/2024:08:42:05 -0500] "POST /sipse/faces/presentacion/financiero/solicitudProceso/listarSolicitudProceso.xhtml HTTP/1.1" 200 10496
186.84.22.216 - - [22/Mar/2024:08:42:07 -0500] "POST /sipse/faces/presentacion/financiero/solicitudProceso/listarSolicitudProceso.xhtml HTTP/1.1" 200 10543
172.22.2.4 - - [22/Mar/2024:08:40:28 -0500] "HEAD /BLA/boletinlegal/ HTTP/1.1" 200 -
192.168.172.47 - - [22/Mar/2024:08:42:01 -0500] "GET /BLA/boletinlegal/admin/index.php HTTP/1.1" 200 5543
186.84.22.216 - - [22/Mar/2024:08:42:19 -0500] "POST /sipse/faces/presentacion/financiero/solicitudProceso/listarSolicitudProceso.xhtml HTTP/1.1" 200 10539
201.245.192.253 - - [22/Mar/2024:08:42:20 -0500] "POST /forms/lservlet;jsessionid=ac16012b30d65e7a44aedd6c4e8b8a078f956b9fbf50.e3iSbxaKaheRe3iNc3uNbNmQay1ynknvrkLOlQzNp65In0 HTTP/1.1" 200 2
186.84.22.216 - - [22/Mar/2024:08:42:21 -0500] "POST /sipse/faces/presentacion/financiero/solicitudProceso/listarSolicitudProceso.xhtml HTTP/1.1" 200 10441
192.168.172.47 - - [22/Mar/2024:08:42:08 -0500] "GET /BLA/boletinlegal/admin/index.php HTTP/1.1" 200 5543
192.168.172.47 - - [22/Mar/2024:08:42:25 -0500] "GET /BLA/boletinlegal/admin/index_files/index_files/tback.gif HTTP/1.1" 404 1322
186.84.22.216 - - [22/Mar/2024:08:42:30 -0500] "POST /sipse/faces/presentacion/financiero/solicitudProceso/listarSolicitudProceso.xhtml HTTP/1.1" 200 10437
192.168.172.47 - - [22/Mar/2024:08:42:32 -0500] "GET /BLA/boletinlegal/admin/actos/modificar.php HTTP/1.1" 200 5896
192.168.172.47 - - [22/Mar/2024:08:42:32 -0500] "GET /BLA/boletinlegal/admin/img/bg_infobox.gif HTTP/1.1" 200 2314
186.84.22.216 - - [22/Mar/2024:08:42:32 -0500] "POST /sipse/faces/presentacion/financiero/solicitudProceso/listarSolicitudProceso.xhtml HTTP/1.1" 200 10532
192.168.172.47 - - [22/Mar/2024:08:42:34 -0500] "GET /BLA/boletinlegal/tabla_files/orangebrownie.css HTTP/1.1" 404 1314
192.168.172.47 - - [22/Mar/2024:08:42:34 -0500] "GET /css/global/buttons.css HTTP/1.1" 404 1312
192.168.172.47 - - [22/Mar/2024:08:42:34 -0500] "GET /BLA/boletinlegal/admin/actos/mostrar.php HTTP/1.1" 200 362746
201.245.192.253 - - [22/Mar/2024:08:42:41 -0500] "POST /sipse/faces/presentacion/contratacion/contrato/adicionarSupervisor.xhtml HTTP/1.1" 302 -
201.245.192.253 - - [22/Mar/2024:08:42:41 -0500] "GET /sipse/faces/autenticacion.xhtml HTTP/1.1" 200 12411
201.245.192.253 - - [22/Mar/2024:08:42:41 -0500] "GET /sipse/js/disable_browser_buttons.js HTTP/1.1" 200 3230
201.245.192.253 - - [22/Mar/2024:08:42:41 -0500] "GET /sipse/css/custom_css_sg.css HTTP/1.1" 200 9694
201.245.192.253 - - [22/Mar/2024:08:42:41 -0500] "GET /sipse/faces/javax.faces.resource/theme.css?ln=primefaces-sipse HTTP/1.1" 304 -
201.245.192.253 - - [22/Mar/2024:08:42:41 -0500] "GET /sipse/js/funciones.js HTTP/1.1" 200 12592
201.245.192.253 - - [22/Mar/2024:08:42:41 -0500] "GET /sipse/css/custom_css_sg_prime_login.css HTTP/1.1" 200 443
201.245.192.253 - - [22/Mar/2024:08:42:41 -0500] "GET /sipse/faces/javax.faces.resource/primefaces.css?ln=primefaces&v=4.0 HTTP/1.1" 304 -
201.245.192.253 - - [22/Mar/2024:08:42:41 -0500] "GET /sipse/faces/javax.faces.resource/layout/layout.css?ln=primefaces&v=4.0 HTTP/1.1" 304 -
201.245.192.253 - - [22/Mar/2024:08:42:41 -0500] "GET /sipse/faces/javax.faces.resource/jquery/jquery.js?ln=primefaces&v=4.0 HTTP/1.1" 304 -
201.245.192.253 - - [22/Mar/2024:08:42:41 -0500] "GET /sipse/faces/javax.faces.resource/jquery/jquery-plugins.js?ln=primefaces&v=4.0 HTTP/1.1" 304 -
201.245.192.253 - - [22/Mar/2024:08:42:41 -0500] "GET /sipse/faces/javax.faces.resource/primefaces.js?ln=primefaces&v=4.0 HTTP/1.1" 304 -
201.245.192.253 - - [22/Mar/2024:08:42:41 -0500] "GET /sipse/faces/javax.faces.resource/layout/layout.js?ln=primefaces&v=4.0 HTTP/1.1" 304 -
201.245.192.253 - - [22/Mar/2024:08:42:41 -0500] "GET /sipse/faces/javax.faces.resource/images/ui-icons_898989_256x240.png?ln=primefaces-aristo HTTP/1.1" 304 -
201.245.192.253 - - [22/Mar/2024:08:42:41 -0500] "GET /sipse/css/imagen/logoSDG.png HTTP/1.1" 200 53064
201.245.192.253 - - [22/Mar/2024:08:42:41 -0500] "GET /sipse/css/imagen/loginimg.png HTTP/1.1" 200 71635
190.24.181.117 - - [22/Mar/2024:08:42:42 -0500] "POST /BLA/boletinlegal/admin/actos/ingresar.php HTTP/1.1" 200 7303
192.168.172.47 - - [22/Mar/2024:08:42:43 -0500] "GET /BLA/boletinlegal/tabla_files/orangebrownie.css HTTP/1.1" 404 1314
192.168.172.47 - - [22/Mar/2024:08:42:43 -0500] "GET /css/global/buttons.css HTTP/1.1" 404 1312
192.168.172.47 - - [22/Mar/2024:08:42:43 -0500] "POST /BLA/boletinlegal/admin/actos/mostrar.php HTTP/1.1" 200 85506
201.245.192.253 - - [22/Mar/2024:08:42:45 -0500] "POST /sipse/faces/autenticacion.xhtml HTTP/1.1" 200 16171
201.245.192.253 - - [22/Mar/2024:08:42:45 -0500] "GET /sipse/css/custom_css_sg_prime.css HTTP/1.1" 200 5201
201.245.192.253 - - [22/Mar/2024:08:42:45 -0500] "GET /sipse/js/jquery.min.js HTTP/1.1" 200 85582
201.245.192.253 - - [22/Mar/2024:08:42:45 -0500] "GET /sipse/faces/javax.faces.resource/jquery/jquery.js?ln=primefaces&v=4.0 HTTP/1.1" 304 -
201.245.192.253 - - [22/Mar/2024:08:42:45 -0500] "GET /sipse/faces/javax.faces.resource/jquery/jquery-plugins.js?ln=primefaces&v=4.0 HTTP/1.1" 304 -
201.245.192.253 - - [22/Mar/2024:08:42:45 -0500] "GET /sipse/faces/javax.faces.resource/primefaces.js?ln=primefaces&v=4.0 HTTP/1.1" 304 -
186.84.22.216 - - [22/Mar/2024:08:42:45 -0500] "POST /sipse/faces/presentacion/financiero/solicitudProceso/listarSolicitudProceso.xhtml HTTP/1.1" 200 10531
201.245.192.253 - - [22/Mar/2024:08:42:45 -0500] "GET /sipse/faces/javax.faces.resource/layout/layout.js?ln=primefaces&v=4.0 HTTP/1.1" 304 -
201.245.192.253 - - [22/Mar/2024:08:42:45 -0500] "GET /sipse/css/v_mergente.css HTTP/1.1" 200 1505
201.245.192.253 - - [22/Mar/2024:08:42:45 -0500] "GET /sipse/imagenes/cargando.gif HTTP/1.1" 200 36959
201.245.192.253 - - [22/Mar/2024:08:42:45 -0500] "GET /sipse/imagenes/logoAplicacion.jpg HTTP/1.1" 200 155084
201.245.192.253 - - [22/Mar/2024:08:42:45 -0500] "GET /sipse/css/imagen/contrasena.png HTTP/1.1" 404 383
201.245.192.253 - - [22/Mar/2024:08:42:45 -0500] "GET /sipse/faces/javax.faces.resource/messages/messages.png?ln=primefaces&v=4.0 HTTP/1.1" 304 -
192.168.172.47 - - [22/Mar/2024:08:42:51 -0500] "POST /BLA/boletinlegal/admin/actos/modificar.php HTTP/1.1" 200 6106
186.84.22.216 - - [22/Mar/2024:08:42:53 -0500] "POST /sipse/faces/presentacion/financiero/solicitudProceso/listarSolicitudProceso.xhtml HTTP/1.1" 200 10539
186.84.22.216 - - [22/Mar/2024:08:42:55 -0500] "POST /sipse/faces/presentacion/financiero/solicitudProceso/listarSolicitudProceso.xhtml HTTP/1.1" 200 10546
201.245.192.253 - - [22/Mar/2024:08:42:58 -0500] "POST /forms/lservlet;jsessionid=ac16012b30d6a3adf64eb8e9433c86d0dc471af886a3.e3iSbxaKaheRe3iNc3uNbNmQay1ynknvrkLOlQzNp65In0 HTTP/1.1" 200 2
172.22.2.4 - - [22/Mar/2024:08:41:19 -0500] "GET /BLA/boletinlegal/ HTTP/1.1" 200 53818
186.84.22.216 - - [22/Mar/2024:08:43:04 -0500] "POST /sipse/faces/presentacion/financiero/solicitudProceso/listarSolicitudProceso.xhtml HTTP/1.1" 200 10549
192.168.172.47 - - [22/Mar/2024:08:43:10 -0500] "POST /BLA/boletinlegal/admin/actos/modificar.php HTTP/1.1" 200 6004
172.22.2.4 - - [22/Mar/2024:08:43:13 -0500] "GET /BLA/boletinlegal/consulta_actos.php?tipo=autos&no=1694&usuario=&sector=&fecha=2024&resuelve= HTTP/1.1" 200 1086
201.245.192.253 - - [22/Mar/2024:08:43:17 -0500] "GET /sipse/faces/javax.faces.resource/images/ui-bg_flat_0_2d5972_40x100.png?ln=primefaces-aristo HTTP/1.1" 304 -
201.245.192.253 - - [22/Mar/2024:08:43:17 -0500] "POST /sipse/faces/bienvenido.xhtml HTTP/1.1" 200 1471
201.245.192.253 - - [22/Mar/2024:08:43:18 -0500] "POST /sipse/faces/bienvenido.xhtml HTTP/1.1" 200 62516
201.245.192.253 - - [22/Mar/2024:08:43:18 -0500] "GET /sipse/faces/javax.faces.resource/jquery/jquery.js?ln=primefaces&v=4.0 HTTP/1.1" 304 -
201.245.192.253 - - [22/Mar/2024:08:43:18 -0500] "GET /sipse/faces/javax.faces.resource/jquery/jquery-plugins.js?ln=primefaces&v=4.0 HTTP/1.1" 304 -
201.245.192.253 - - [22/Mar/2024:08:43:18 -0500] "GET /sipse/faces/javax.faces.resource/primefaces.js?ln=primefaces&v=4.0 HTTP/1.1" 304 -
201.245.192.253 - - [22/Mar/2024:08:43:19 -0500] "GET /sipse/faces/javax.faces.resource/layout/layout.js?ln=primefaces&v=4.0 HTTP/1.1" 304 -
201.245.192.253 - - [22/Mar/2024:08:43:19 -0500] "POST /sipse/faces/presentacion/financiero/solicitudProceso/listarSolicitudProceso.xhtml HTTP/1.1" 200 1560
201.245.192.253 - - [22/Mar/2024:08:43:37 -0500] "POST /sipse/faces/presentacion/financiero/solicitudProceso/listarSolicitudProceso.xhtml HTTP/1.1" 200 14832
201.245.192.253 - - [22/Mar/2024:08:43:42 -0500] "GET /kwsrmcab/Wsrmcab?wsdl HTTP/1.1" 200 6948
201.245.192.253 - - [22/Mar/2024:08:43:43 -0500] "GET /kwsrmcab/Wsrmcab?wsdl HTTP/1.1" 200 6948
201.245.192.253 - - [22/Mar/2024:08:43:43 -0500] "GET /kwsrmcab/Wsrmcab?wsdl HTTP/1.1" 200 6948
190.24.181.117 - - [22/Mar/2024:08:43:55 -0500] "POST /BLA/boletinlegal/admin/actos/ingresar.php HTTP/1.1" 200 7303
201.245.192.253 - - [22/Mar/2024:08:44:20 -0500] "POST /forms/lservlet;jsessionid=ac16012b30d65e7a44aedd6c4e8b8a078f956b9fbf50.e3iSbxaKaheRe3iNc3uNbNmQay1ynknvrkLOlQzNp65In0 HTTP/1.1" 200 2
172.22.2.4 - - [22/Mar/2024:08:44:32 -0500] "GET /BLA/boletinlegal/consulta_actos.php?tipo=autos&no=1693&usuario=&sector=&fecha=2024&resuelve= HTTP/1.1" 200 626
201.245.192.253 - - [22/Mar/2024:08:44:56 -0500] "POST /sipse/faces/presentacion/financiero/solicitudProceso/consultarHistorialSolProceso.xhtml HTTP/1.1" 200 42102
201.245.192.253 - - [22/Mar/2024:08:44:56 -0500] "GET /sipse/faces/javax.faces.resource/theme.css?ln=primefaces-sipse HTTP/1.1" 304 -
201.245.192.253 - - [22/Mar/2024:08:44:56 -0500] "GET /sipse/faces/javax.faces.resource/primefaces.css?ln=primefaces&v=4.0 HTTP/1.1" 304 -
201.245.192.253 - - [22/Mar/2024:08:44:56 -0500] "GET /sipse/faces/javax.faces.resource/layout/layout.css?ln=primefaces&v=4.0 HTTP/1.1" 304 -
201.245.192.253 - - [22/Mar/2024:08:44:56 -0500] "GET /sipse/faces/javax.faces.resource/jquery/jquery.js?ln=primefaces&v=4.0 HTTP/1.1" 304 -
201.245.192.253 - - [22/Mar/2024:08:44:56 -0500] "GET /sipse/faces/javax.faces.resource/jquery/jquery-plugins.js?ln=primefaces&v=4.0 HTTP/1.1" 304 -
201.245.192.253 - - [22/Mar/2024:08:44:56 -0500] "GET /sipse/faces/javax.faces.resource/primefaces.js?ln=primefaces&v=4.0 HTTP/1.1" 304 -
201.245.192.253 - - [22/Mar/2024:08:44:56 -0500] "GET /sipse/faces/javax.faces.resource/layout/layout.js?ln=primefaces&v=4.0 HTTP/1.1" 304 -
201.245.192.253 - - [22/Mar/2024:08:44:58 -0500] "POST /sipse/faces/presentacion/financiero/solicitudProceso/consultar.xhtml HTTP/1.1" 200 23069
201.245.192.253 - - [22/Mar/2024:08:44:58 -0500] "POST /forms/lservlet;jsessionid=ac16012b30d6a3adf64eb8e9433c86d0dc471af886a3.e3iSbxaKaheRe3iNc3uNbNmQay1ynknvrkLOlQzNp65In0 HTTP/1.1" 200 2
216.244.66.195 - - [22/Mar/2024:08:45:05 -0500] "GET /BLA/resoluciones/RESOLUCIONES%202017/0262.pdf HTTP/1.1" 200 461094
201.245.192.253 - - [22/Mar/2024:08:45:06 -0500] "POST /sipse/faces/presentacion/financiero/solicitudProceso/consultar.xhtml HTTP/1.1" 200 12835
201.245.192.253 - - [22/Mar/2024:08:45:08 -0500] "POST /sipse/faces/presentacion/financiero/solicitudProceso/consultar.xhtml HTTP/1.1" 200 130865
201.245.192.253 - - [22/Mar/2024:08:45:09 -0500] "GET /sipse/faces/javax.faces.resource/theme.css?ln=primefaces-sipse HTTP/1.1" 304 -
201.245.192.253 - - [22/Mar/2024:08:45:09 -0500] "GET /sipse/faces/javax.faces.resource/primefaces.css?ln=primefaces&v=4.0 HTTP/1.1" 304 -
201.245.192.253 - - [22/Mar/2024:08:45:09 -0500] "GET /sipse/faces/javax.faces.resource/layout/layout.css?ln=primefaces&v=4.0 HTTP/1.1" 304 -
201.245.192.253 - - [22/Mar/2024:08:45:09 -0500] "GET /sipse/faces/javax.faces.resource/jquery/jquery.js?ln=primefaces&v=4.0 HTTP/1.1" 304 -
201.245.192.253 - - [22/Mar/2024:08:45:09 -0500] "GET /sipse/faces/javax.faces.resource/jquery/jquery-plugins.js?ln=primefaces&v=4.0 HTTP/1.1" 304 -
201.245.192.253 - - [22/Mar/2024:08:45:09 -0500] "GET /sipse/faces/javax.faces.resource/primefaces.js?ln=primefaces&v=4.0 HTTP/1.1" 304 -
201.245.192.253 - - [22/Mar/2024:08:45:09 -0500] "GET /sipse/faces/javax.faces.resource/layout/layout.js?ln=primefaces&v=4.0 HTTP/1.1" 304 -
201.245.192.253 - - [22/Mar/2024:08:45:12 -0500] "POST /sipse/faces/presentacion/financiero/solicitudProceso/consultarSolicitudProceso.xhtml HTTP/1.1" 200 35999
201.245.192.253 - - [22/Mar/2024:08:45:13 -0500] "GET /sipse/faces/javax.faces.resource/theme.css?ln=primefaces-sipse HTTP/1.1" 304 -
201.245.192.253 - - [22/Mar/2024:08:45:13 -0500] "GET /sipse/faces/javax.faces.resource/primefaces.css?ln=primefaces&v=4.0 HTTP/1.1" 304 -
201.245.192.253 - - [22/Mar/2024:08:45:13 -0500] "GET /sipse/faces/javax.faces.resource/layout/layout.css?ln=primefaces&v=4.0 HTTP/1.1" 304 -
201.245.192.253 - - [22/Mar/2024:08:45:13 -0500] "GET /sipse/faces/javax.faces.resource/jquery/jquery-plugins.js?ln=primefaces&v=4.0 HTTP/1.1" 304 -
201.245.192.253 - - [22/Mar/2024:08:45:13 -0500] "GET /sipse/faces/javax.faces.resource/jquery/jquery.js?ln=primefaces&v=4.0 HTTP/1.1" 304 -
201.245.192.253 - - [22/Mar/2024:08:45:13 -0500] "GET /sipse/faces/javax.faces.resource/primefaces.js?ln=primefaces&v=4.0 HTTP/1.1" 304 -
201.245.192.253 - - [22/Mar/2024:08:45:13 -0500] "GET /sipse/faces/javax.faces.resource/layout/layout.js?ln=primefaces&v=4.0 HTTP/1.1" 304 -
17.241.227.138 - - [22/Mar/2024:08:45:14 -0500] "GET /robots.txt HTTP/1.1" 404 1034
17.241.227.138 - - [22/Mar/2024:08:45:14 -0500] "GET /la-estructura-ecologica-principal-del-distrito-como-base-natural-para-la-conexion-regional.html HTTP/1.1" 200 1051
172.22.2.4 - - [22/Mar/2024:08:45:40 -0500] "GET /BLA/boletinlegal/consulta_actos.php?tipo=autos&no=1693&usuario=&sector=&fecha=2024&resuelve= HTTP/1.1" 200 626
192.168.172.47 - - [22/Mar/2024:08:45:44 -0500] "GET /BLA/boletinlegal/admin/index.php HTTP/1.1" 200 5543
192.168.172.47 - - [22/Mar/2024:08:45:56 -0500] "GET /BLA/boletinlegal/admin/index_files/index_files/tback.gif HTTP/1.1" 404 1322
192.168.172.47 - - [22/Mar/2024:08:45:57 -0500] "GET /BLA/boletinlegal/admin/actos/ingresar.php HTTP/1.1" 200 7210
54.36.148.245 - - [22/Mar/2024:08:46:04 -0500] "GET /robots.txt HTTP/1.1" 404 1018
201.245.192.253 - - [22/Mar/2024:08:46:20 -0500] "POST /forms/lservlet;jsessionid=ac16012b30d65e7a44aedd6c4e8b8a078f956b9fbf50.e3iSbxaKaheRe3iNc3uNbNmQay1ynknvrkLOlQzNp65In0 HTTP/1.1" 200 2
192.168.172.47 - - [22/Mar/2024:08:46:25 -0500] "POST /BLA/boletinlegal/admin/actos/ingresar.php HTTP/1.1" 200 7303
172.22.2.4 - - [22/Mar/2024:08:46:28 -0500] "GET /BLA/boletinlegal/consulta_actos.php?tipo=autos&no=1693&usuario=&sector=&fecha=2024&resuelve= HTTP/1.1" 200 1086
201.245.192.253 - - [22/Mar/2024:08:46:32 -0500] "POST /kwsrmcab/Wsrmcab  HTTP/1.1" 200 37499
216.245.221.92 - - [22/Mar/2024:08:46:53 -0500] "HEAD / HTTP/1.1" 200 -
201.245.192.253 - - [22/Mar/2024:08:46:58 -0500] "POST /forms/lservlet;jsessionid=ac16012b30d6a3adf64eb8e9433c86d0dc471af886a3.e3iSbxaKaheRe3iNc3uNbNmQay1ynknvrkLOlQzNp65In0 HTTP/1.1" 200 2
201.245.192.253 - - [22/Mar/2024:08:47:07 -0500] "POST /sipse/faces/presentacion/financiero/solicitudProceso/consultarHistorialSolProceso.xhtml HTTP/1.1" 200 176995
201.245.192.253 - - [22/Mar/2024:08:47:08 -0500] "GET /sipse/faces/javax.faces.resource/theme.css?ln=primefaces-sipse HTTP/1.1" 304 -
201.245.192.253 - - [22/Mar/2024:08:47:08 -0500] "GET /sipse/faces/javax.faces.resource/layout/layout.css?ln=primefaces&v=4.0 HTTP/1.1" 304 -
201.245.192.253 - - [22/Mar/2024:08:47:08 -0500] "GET /sipse/faces/javax.faces.resource/jquery/jquery.js?ln=primefaces&v=4.0 HTTP/1.1" 304 -
201.245.192.253 - - [22/Mar/2024:08:47:08 -0500] "GET /sipse/faces/javax.faces.resource/primefaces.css?ln=primefaces&v=4.0 HTTP/1.1" 304 -
201.245.192.253 - - [22/Mar/2024:08:47:08 -0500] "GET /sipse/faces/javax.faces.resource/jquery/jquery-plugins.js?ln=primefaces&v=4.0 HTTP/1.1" 304 -
201.245.192.253 - - [22/Mar/2024:08:47:08 -0500] "GET /sipse/faces/javax.faces.resource/primefaces.js?ln=primefaces&v=4.0 HTTP/1.1" 304 -
201.245.192.253 - - [22/Mar/2024:08:47:08 -0500] "GET /sipse/faces/javax.faces.resource/layout/layout.js?ln=primefaces&v=4.0 HTTP/1.1" 304 -
201.245.192.253 - - [22/Mar/2024:08:47:20 -0500] "POST /sipse/faces/presentacion/financiero/solicitudProceso/consultarSolicitudProceso.xhtml HTTP/1.1" 200 64551
201.245.192.253 - - [22/Mar/2024:08:47:21 -0500] "GET /sipse/faces/javax.faces.resource/jquery/jquery.js?ln=primefaces&v=4.0 HTTP/1.1" 304 -
201.245.192.253 - - [22/Mar/2024:08:47:21 -0500] "GET /sipse/faces/javax.faces.resource/jquery/jquery-plugins.js?ln=primefaces&v=4.0 HTTP/1.1" 304 -
201.245.192.253 - - [22/Mar/2024:08:47:21 -0500] "GET /sipse/faces/javax.faces.resource/primefaces.js?ln=primefaces&v=4.0 HTTP/1.1" 304 -
201.245.192.253 - - [22/Mar/2024:08:47:21 -0500] "GET /sipse/faces/javax.faces.resource/layout/layout.js?ln=primefaces&v=4.0 HTTP/1.1" 304 -
201.245.192.253 - - [22/Mar/2024:08:47:22 -0500] "POST /sipse/faces/presentacion/financiero/solicitudProceso/listarSolicitudProceso.xhtml HTTP/1.1" 200 57951
201.245.192.253 - - [22/Mar/2024:08:47:22 -0500] "POST /sipse/faces/presentacion/financiero/solicitudProceso/listarSolicitudProceso.xhtml HTTP/1.1" 200 57951
201.245.192.253 - - [22/Mar/2024:08:47:22 -0500] "POST /sipse/faces/presentacion/financiero/solicitudProceso/listarSolicitudProceso.xhtml HTTP/1.1" 200 1560
201.245.192.253 - - [22/Mar/2024:08:47:22 -0500] "POST /sipse/faces/presentacion/financiero/solicitudProceso/listarSolicitudProceso.xhtml HTTP/1.1" 200 1568
201.245.192.253 - - [22/Mar/2024:08:47:22 -0500] "POST /sipse/faces/presentacion/financiero/solicitudProceso/listarSolicitudProceso.xhtml HTTP/1.1" 200 1568
201.245.192.253 - - [22/Mar/2024:08:47:27 -0500] "POST /sipse/faces/presentacion/financiero/solicitudProceso/consultarSolicitudProceso.xhtml HTTP/1.1" 200 35999
201.245.192.253 - - [22/Mar/2024:08:47:27 -0500] "GET /sipse/faces/javax.faces.resource/theme.css?ln=primefaces-sipse HTTP/1.1" 304 -
201.245.192.253 - - [22/Mar/2024:08:47:27 -0500] "GET /sipse/faces/javax.faces.resource/primefaces.css?ln=primefaces&v=4.0 HTTP/1.1" 304 -
