47.128.52.115 - - [22/Mar/2024:00:24:35 -0500] "GET /BLA/resoluciones/AUTOS%202021/0245.php?act=img&img=download HTTP/1.1" 200 161
47.128.52.115 - - [22/Mar/2024:00:24:35 -0500] "GET /BLA/resoluciones/AUTOS%202021/0245.php?act=img&img=ext_rtf HTTP/1.1" 200 164
47.128.52.115 - - [22/Mar/2024:00:24:35 -0500] "GET /BLA/resoluciones/AUTOS%202021/0245.php?act=img&img=change HTTP/1.1" 200 290
18.116.205.62 - - [22/Mar/2024:00:24:42 -0500] "HEAD / HTTP/1.1" 200 -
47.128.52.106 - - [22/Mar/2024:00:24:58 -0500] "GET /BLA/resoluciones/AUTOS%202021/0245.php?act=f&d=E%3A%5Cnuevo%5Chtdocs%5CBLA%5Cresoluciones%5CAUTOS+2021%5C&f=2299.pdf&ft=download HTTP/1.1" 200 360103
66.249.66.21 - - [22/Mar/2024:00:25:01 -0500] "GET /BLA/resoluciones/RESOLUCIONES%202009/7105.pdf HTTP/1.1" 200 130000
40.77.167.25 - - [22/Mar/2024:00:25:19 -0500] "GET /Publicaciones/2024EE41488.pdf HTTP/1.1" 404 227
201.245.192.253 - - [22/Mar/2024:00:25:36 -0500] "POST /forms/lservlet;jsessionid=ac16012b30d65e7a44aedd6c4e8b8a078f956b9fbf50.e3iSbxaKaheRe3iNc3uNbNmQay1ynknvrkLOlQzNp65In0 HTTP/1.1" 200 2
201.245.192.253 - - [22/Mar/2024:00:26:14 -0500] "POST /forms/lservlet;jsessionid=ac16012b30d6a3adf64eb8e9433c86d0dc471af886a3.e3iSbxaKaheRe3iNc3uNbNmQay1ynknvrkLOlQzNp65In0 HTTP/1.1" 200 2
172.22.2.4 - - [22/Mar/2024:00:24:36 -0500] "HEAD /BLA/boletinlegal/ HTTP/1.1" 200 -
152.61.128.50 - - [22/Mar/2024:00:26:47 -0500] "GET / HTTP/1.1" 200 319
216.245.221.92 - - [22/Mar/2024:00:26:54 -0500] "HEAD / HTTP/1.1" 200 -
172.22.2.4 - - [22/Mar/2024:00:25:27 -0500] "GET /BLA/boletinlegal/ HTTP/1.1" 200 58720
201.245.192.253 - - [22/Mar/2024:00:27:37 -0500] "POST /forms/lservlet;jsessionid=ac16012b30d65e7a44aedd6c4e8b8a078f956b9fbf50.e3iSbxaKaheRe3iNc3uNbNmQay1ynknvrkLOlQzNp65In0 HTTP/1.1" 200 2
201.245.192.253 - - [22/Mar/2024:00:28:05 -0500] "POST /kwsrmcab/Wsrmcab  HTTP/1.1" 200 37499
40.77.167.2 - - [22/Mar/2024:00:28:14 -0500] "GET /Publicaciones/2024EE44284.pdf HTTP/1.1" 404 227
201.245.192.253 - - [22/Mar/2024:00:28:16 -0500] "POST /forms/lservlet;jsessionid=ac16012b30d6a3adf64eb8e9433c86d0dc471af886a3.e3iSbxaKaheRe3iNc3uNbNmQay1ynknvrkLOlQzNp65In0 HTTP/1.1" 200 2
172.22.2.4 - - [22/Mar/2024:00:28:23 -0500] "GET /BLA/boletinlegal/actos.php HTTP/1.1" 200 9738
172.22.2.4 - - [22/Mar/2024:00:28:23 -0500] "GET /BLA/boletinlegal/styles2.css HTTP/1.1" 200 1838
172.22.2.4 - - [22/Mar/2024:00:28:23 -0500] "GET /BLA/boletinlegal/js/ajax_actos.js HTTP/1.1" 200 1322
172.22.2.4 - - [22/Mar/2024:00:28:23 -0500] "GET /BLA/boletinlegal/niceforms-default.css HTTP/1.1" 200 6694
172.22.2.4 - - [22/Mar/2024:00:28:24 -0500] "GET /BLA/boletinlegal/style.css HTTP/1.1" 200 9406
172.22.2.4 - - [22/Mar/2024:00:28:24 -0500] "GET /BLA/boletinlegal/niceforms.js HTTP/1.1" 200 22876
172.22.2.4 - - [22/Mar/2024:00:28:24 -0500] "GET /BLA/boletinlegal/js/lib.js HTTP/1.1" 200 6474
172.22.2.4 - - [22/Mar/2024:00:28:24 -0500] "GET /BLA/boletinlegal/js/jquery1.js HTTP/1.1" 200 29846
172.22.2.4 - - [22/Mar/2024:00:28:24 -0500] "GET /BLA/boletinlegal/js/popup.js HTTP/1.1" 200 1270
172.22.2.4 - - [22/Mar/2024:00:28:24 -0500] "GET /BLA/boletinlegal/images/cabezote%20BLEGAL.jpg HTTP/1.1" 200 118164
172.22.2.4 - - [22/Mar/2024:00:28:24 -0500] "GET /BLA/boletinlegal/images/subscribe-icon-big.png HTTP/1.1" 200 47702
172.22.2.4 - - [22/Mar/2024:00:28:24 -0500] "GET /BLA/boletinlegal/images/historia.png HTTP/1.1" 200 52775
172.22.2.4 - - [22/Mar/2024:00:28:24 -0500] "GET /BLA/boletinlegal/images/registro-usuarios.png HTTP/1.1" 200 8106
172.22.2.4 - - [22/Mar/2024:00:28:24 -0500] "GET /BLA/boletinlegal/images/green-yellow-blue-pink-th.png HTTP/1.1" 200 7394
172.22.2.4 - - [22/Mar/2024:00:28:24 -0500] "GET /BLA/boletinlegal/images/tel.png HTTP/1.1" 200 14477
172.22.2.4 - - [22/Mar/2024:00:28:24 -0500] "GET /BLA/boletinlegal/images/icono-email.png HTTP/1.1" 200 5544
172.22.2.4 - - [22/Mar/2024:00:28:24 -0500] "GET /BLA/boletinlegal/images/body_bg.jpg HTTP/1.1" 200 1601
172.22.2.4 - - [22/Mar/2024:00:28:24 -0500] "GET /BLA/boletinlegal/images/menu_lft.gif HTTP/1.1" 200 1713
172.22.2.4 - - [22/Mar/2024:00:28:24 -0500] "GET /BLA/boletinlegal/images/menu_rght.gif HTTP/1.1" 200 1627
172.22.2.4 - - [22/Mar/2024:00:28:24 -0500] "GET /BLA/boletinlegal/images/bg_top.jpg HTTP/1.1" 200 522
172.22.2.4 - - [22/Mar/2024:00:28:24 -0500] "GET /BLA/boletinlegal/images/menu_bg.jpg HTTP/1.1" 200 620
172.22.2.4 - - [22/Mar/2024:00:28:24 -0500] "GET /BLA/boletinlegal/images/hover.jpg HTTP/1.1" 200 640
172.22.2.4 - - [22/Mar/2024:00:28:24 -0500] "GET /BLA/boletinlegal/images/text.jpg HTTP/1.1" 200 568
172.22.2.4 - - [22/Mar/2024:00:28:24 -0500] "GET /BLA/boletinlegal/images/footer_bg.jpg HTTP/1.1" 200 586
172.22.2.4 - - [22/Mar/2024:00:28:24 -0500] "GET /BLA/boletinlegal/images/footer_bg_l.jpg HTTP/1.1" 200 776
172.22.2.4 - - [22/Mar/2024:00:28:24 -0500] "GET /BLA/boletinlegal/img/0.png HTTP/1.1" 200 110
172.22.2.4 - - [22/Mar/2024:00:28:24 -0500] "GET /BLA/boletinlegal/img/select-left.png HTTP/1.1" 200 263
172.22.2.4 - - [22/Mar/2024:00:28:24 -0500] "GET /BLA/boletinlegal/img/select-right.png HTTP/1.1" 200 44019
172.22.2.4 - - [22/Mar/2024:00:28:24 -0500] "GET /BLA/boletinlegal/img/button.png HTTP/1.1" 200 43241
172.22.2.4 - - [22/Mar/2024:00:28:24 -0500] "GET /BLA/boletinlegal/img/button-left.png HTTP/1.1" 200 57071
172.22.2.4 - - [22/Mar/2024:00:28:24 -0500] "GET /BLA/boletinlegal/img/button-right.png HTTP/1.1" 200 57878
172.22.2.4 - - [22/Mar/2024:00:28:24 -0500] "GET /BLA/boletinlegal/favicon.ico HTTP/1.1" 404 1326
201.245.192.253 - - [22/Mar/2024:00:28:55 -0500] "POST /kwsrmcab/Wsrmcab HTTP/1.1" 200 37202
172.22.2.4 - - [22/Mar/2024:00:29:07 -0500] "GET /BLA/boletinlegal/consulta_actos.php?tipo=autos&no=3972&usuario=amarillo&sector=&fecha=2011&resuelve= HTTP/1.1" 200 626
201.245.192.253 - - [22/Mar/2024:00:29:07 -0500] "POST /kwsrmcab/Wsrmcab HTTP/1.1" 200 38078
172.22.2.4 - - [22/Mar/2024:00:29:11 -0500] "GET /BLA/boletinlegal/consulta_actos.php?tipo=autos&no=3972&usuario=amarillo&sector=&fecha=2011&resuelve= HTTP/1.1" 200 626
186.84.22.109 - - [22/Mar/2024:00:29:15 -0500] "GET /BLA/resoluciones/ HTTP/1.1" 200 14105
186.84.22.109 - - [22/Mar/2024:00:29:15 -0500] "GET /BLA/resoluciones/dlf/styles.css HTTP/1.1" 200 3049
186.84.22.109 - - [22/Mar/2024:00:29:15 -0500] "GET /BLA/resoluciones/dlf/folder.png HTTP/1.1" 200 410
186.84.22.109 - - [22/Mar/2024:00:29:15 -0500] "GET /BLA/resoluciones/dlf/bg.gif HTTP/1.1" 200 54
186.84.22.109 - - [22/Mar/2024:00:29:16 -0500] "GET /favicon.ico HTTP/1.1" 200 7782
186.84.22.109 - - [22/Mar/2024:00:29:23 -0500] "GET /BLA/resoluciones/dlf/dirup.png HTTP/1.1" 200 644
186.84.22.109 - - [22/Mar/2024:00:29:23 -0500] "GET /BLA/resoluciones/dlf/pdf.gif HTTP/1.1" 200 272
186.84.22.109 - - [22/Mar/2024:00:29:22 -0500] "GET /BLA/resoluciones/index.php?dir=AUTOS+2011%2F HTTP/1.1" 200 638566
201.245.192.253 - - [22/Mar/2024:00:29:28 -0500] "POST /kwsrmcab/Wsrmcab HTTP/1.1" 200 37750
186.102.7.139 - - [22/Mar/2024:00:29:33 -0500] "GET /kwssiamovil/sm/acme/a?s=U2FsdGVkX1+PuJQGVr7EX5VVZuz1HYjNzAp0qggXOmEjamIm691Jbh5q6189+bLfgXD2iGWA66m+ykv62x5fWJB/8TLvFJxArrvIkPeryHc9TRMji3uifvbgZZuTziL08Z9ORO1Y85imiM2fFLFMnTek+igZRGnXMqsIBc1v/Q5oCGvGwVc2Q4aG8MEp76wDxXuzBvQSIPR5pUzTJNVKhazZySf22l6Y/+od8OAMoc4GAJGq6SUKA43ZYTS8rVxAlO6CAXCVyc7eQe105QnSIQ==&u=U2FsdGVkX19vu5M00ehfCLF2J+M2tspOaV0oUPrhtmG42f8yF+H3iMTdUXJr6RJR&y=U2FsdGVkX19A5PfD03jCo2XIF3nlcm2m9gPLjBKgniCD6dqSPvQxZid1iUsF4ivW HTTP/1.1" 200 26
186.102.7.139 - - [22/Mar/2024:00:29:34 -0500] "GET /kwssiamovil/sm/acme/a?s=U2FsdGVkX1/QHWepav/QDDBZ5w0saVPdJQ9BLnxuis6Kay0h90+quuj6SKgEPpD9T0mFvG8yh4BHYwr0uOAlNxYauIECPy6KOTj7QgmKPNZpLf0on65NoI7YVLa1gL3GIsYN8LvP8MqrfqnPPfIw83hLgXwGU/101rFVWFyI5gakbvxClcYm7RSaQxkgHHG4txboH10uhhoayDyrFEtYzO+SllJi/Tknx5t61TMRc4pe23GsdCSQ5jLvPwUtRMg6Hwk4vpqXpl/b5lW3tpbvidCvPeYK0j7b0BTQbBbfoTsp7zdsaBoDO0pveHoIaDV1k+haCuZkutsGMrQiS+cTe8EG95rl0p3DjKkFxDpqtQ38D5+5HMemeuosA8QUmWEXWNt9qX2lBKiBVpzJHQVObjnfz2By/lsM08+yAWgXNl14DMf/6Eahak6Jh7rXGys16U4D/ngItS85wyXUcCmE8tumHViWYPu+/M6KCR5Hfhj0lM/ed3yat0omdHTV44hzjY/H4tK1LUucCKIZKnItZSb+YQLi/iwI14LFK7mv0cvuI4uT0WQ+t8Cmlz9LZQxoG3LjZp/bVAS/hge/mrdhhGImpM8jhM9V/QbS+LTsshd+kKdnG3BBLHLCCBq7tUgiL33iF8WFUW94NF47IdOgUStYE55UZ6Aa7NwbrewU9mTXU+4BaFLw38zRSPxHsmbSLiN15Hjyv7vfloEEqBtGXShx6J02NJxeSIh3LWRpf4BBCalQLWEjfpCRwQ7xgCVM9ZR9XqyszOA+cIhIpZf2TJXT3ohIiB3QADw7Z3ca4Cq5TwMZDx4RbpThD+nHhuE+1p9cfERMlImkVHs6+J53zAuH05FMp4ej602r6AhHGKCjdkvl5B+4IFuejRu4USzWO6kg9G3miajEB+2Amg6dNGyp9uAjv6x6Tunosjf15ojLVpMT1bGkLFqLBG8eizgc9gPmHV6xHQlRuRK/k13JPhMgLH5BXDWIDE/avuXgMaizUR3EJz5s//zBH1DTE67/abBE38y9w/MfOyjsX+AcUM4bYtzZlqWE+SRdnIWg9No1yTMqcq5DU/1WE/bxqpcxUO3xrfjNJKAVG0AhVym2vVMVmKW/d4U/AMlj+KV+9U+VlftCvoOWDBOvckR+elcGAh3oJi2tcSGRk/66F5t03+xOhy7tLA0emt9PTjGF8JmU34/YGl9cLfY1IA3bCPr5wvYk5xD7abbCf9O98x3zmvcHZo5qIxTBU2O/cgRRgPhufm23ZkQ7w2YZxH5KUFSBODSJzma1wh9oJiictqz5TRvtPiRQtR1POvgc47j6tU+kD5yEEgPitT1g4zhbFKRvfg7BWuI5UcOQ67XZ/HMiCas7o3GZj5yGMILFGoHORQKQakU1QQO6qvosJ+BL+S2HbhE+srK/ODeqWKwCunO7jo05P0rIjjxbKy6EOp2RgqClx1poqtUI9AgG/t+pUiSX&u=U2FsdGVkX19vu5M00ehfCLF2J+M2tspOaV0oUPrhtmG42f8yF+H3iMTdUXJr6RJR&y=U2FsdGVkX19A5PfD03jCo2XIF3nlcm2m9gPLjBKgniCD6dqSPvQxZid1iUsF4ivW HTTP/1.1" 200 26
186.102.7.139 - - [22/Mar/2024:00:29:34 -0500] "GET /kwssiamovil/sm/acme/a?s=U2FsdGVkX19kaqB0JBpGP9olUCGcieIA+mqU3LqK6IAko7qZ61nxsXnZuLmArqenlTGj+xlTXY1xxx/2jXyirz1QwH4Kq5w3G/PfBg2hqyYM16djjgLlfrvYB/pDF6KjHVVwdxpK3X3YQTm5EC/jGfCOB8TYZ5ayF82H3itoSPc=&u=U2FsdGVkX19vu5M00ehfCLF2J+M2tspOaV0oUPrhtmG42f8yF+H3iMTdUXJr6RJR&y=U2FsdGVkX19A5PfD03jCo2XIF3nlcm2m9gPLjBKgniCD6dqSPvQxZid1iUsF4ivW HTTP/1.1" 200 26
186.102.7.139 - - [22/Mar/2024:00:29:34 -0500] "GET /kwssiamovil/sm/acme/a?s=U2FsdGVkX18iui7KC5joCSvDIonwSMi+EvA+V7VF2mC5yLeAJUzKuBKbQuSOv2WFXeE0ROYAGJsYz0lJrO6wd0wt5ypZkF8Y2BfwifhuG4vcBJFjiymNyP+EcokKO7e7XSj926DaA2OhfDzI9bVqWBIhgbIIgzECTX45u/N6ym4=&u=U2FsdGVkX19vu5M00ehfCLF2J+M2tspOaV0oUPrhtmG42f8yF+H3iMTdUXJr6RJR&y=U2FsdGVkX19A5PfD03jCo2XIF3nlcm2m9gPLjBKgniCD6dqSPvQxZid1iUsF4ivW HTTP/1.1" 200 26
186.102.7.139 - - [22/Mar/2024:00:29:35 -0500] "GET /kwssiamovil/sm/acme/a?s=U2FsdGVkX1+j00ad8ecrrFuP8II41Nc0kS43/SCuPdon1N6UH3ps0yPO/MQ/hrvBp3uEzP1WZNkPjQ4F8Lm1AWAMlZpeQIW57rZApNAwTtstOVlhQH73T9fwSQotnX47UXFCy+F5ttPJT4dwzdbb69mGzfXr0TFIvxPdy9HEsAs=&u=U2FsdGVkX19vu5M00ehfCLF2J+M2tspOaV0oUPrhtmG42f8yF+H3iMTdUXJr6RJR&y=U2FsdGVkX19A5PfD03jCo2XIF3nlcm2m9gPLjBKgniCD6dqSPvQxZid1iUsF4ivW HTTP/1.1" 200 26
186.102.7.139 - - [22/Mar/2024:00:29:35 -0500] "GET /kwssiamovil/sm/acme/a?s=U2FsdGVkX1+2MgbmGKhOVp0Ayk+6LfxyL0pBqx+oSQpKAhxLU7rB8jjbPV2NwtlcVqYk0X4HkYTtcvGjUVDYDn9gQFs9ZtcrtxegHaSHCTZrDhbamFBglOyGEICv2NHf/QQ8R49lveqFEXOTpQDS97vuuLI/mUhSmeH9sswHgsJCbiiqpLwJJygHrtPsPoXjqrjv6KKrxC4UyMh92Y1RiA==&u=U2FsdGVkX19vu5M00ehfCLF2J+M2tspOaV0oUPrhtmG42f8yF+H3iMTdUXJr6RJR&y=U2FsdGVkX19A5PfD03jCo2XIF3nlcm2m9gPLjBKgniCD6dqSPvQxZid1iUsF4ivW HTTP/1.1" 200 26
66.249.66.21 - - [22/Mar/2024:00:29:37 -0500] "GET /BLA/resoluciones/AUTOS%202010/4610.pdf HTTP/1.1" 200 254608
201.245.192.253 - - [22/Mar/2024:00:29:39 -0500] "POST /forms/lservlet;jsessionid=ac16012b30d65e7a44aedd6c4e8b8a078f956b9fbf50.e3iSbxaKaheRe3iNc3uNbNmQay1ynknvrkLOlQzNp65In0 HTTP/1.1" 200 2
186.102.7.139 - - [22/Mar/2024:00:29:52 -0500] "GET /kwssiamovil/sm/acme/u?s=U2FsdGVkX1/OL+HM2ZuntVKOFbb1DAsJxDdvGdhXlCU18+TvdWHAdZxUY+IPEd7OIjbmd0DvKD2huvp/23hiQ5MeHtozONlf3u5Wj9BiJU5+SCcwfgTuJyGysAUVpsnEafFrQwaWNJtnTHWCrWnD7WH1Jx2TOBfgI3B5QS8IsHI=&u=U2FsdGVkX19vu5M00ehfCLF2J+M2tspOaV0oUPrhtmG42f8yF+H3iMTdUXJr6RJR&y=U2FsdGVkX19A5PfD03jCo2XIF3nlcm2m9gPLjBKgniCD6dqSPvQxZid1iUsF4ivW HTTP/1.1" 200 60
201.245.192.253 - - [22/Mar/2024:00:30:17 -0500] "POST /forms/lservlet;jsessionid=ac16012b30d6a3adf64eb8e9433c86d0dc471af886a3.e3iSbxaKaheRe3iNc3uNbNmQay1ynknvrkLOlQzNp65In0 HTTP/1.1" 200 2
172.22.2.4 - - [22/Mar/2024:00:30:22 -0500] "GET /BLA/boletinlegal/consulta_actos.php?tipo=resoluciones&no=3972&usuario=&sector=&fecha=2011&resuelve= HTTP/1.1" 200 1088
172.22.2.4 - - [22/Mar/2024:00:30:23 -0500] "GET /BLA/boletinlegal/images/pdf.gif HTTP/1.1" 200 567
186.84.22.109 - - [22/Mar/2024:00:30:28 -0500] "GET /BLA/resoluciones/RESOLUCIONES%202011/3972.pdf HTTP/1.1" 200 790434
201.245.192.253 - - [22/Mar/2024:00:30:28 -0500] "POST /kwsrmcab/Wsrmcab HTTP/1.1" 200 38078
66.249.66.19 - - [22/Mar/2024:00:30:34 -0500] "GET /Publicaciones/2024EE34657.pdf HTTP/1.1" 404 227
201.245.192.253 - - [22/Mar/2024:00:31:39 -0500] "POST /forms/lservlet;jsessionid=ac16012b30d65e7a44aedd6c4e8b8a078f956b9fbf50.e3iSbxaKaheRe3iNc3uNbNmQay1ynknvrkLOlQzNp65In0 HTTP/1.1" 200 2
216.245.221.92 - - [22/Mar/2024:00:31:54 -0500] "HEAD / HTTP/1.1" 200 -
172.22.2.4 - - [22/Mar/2024:00:30:27 -0500] "HEAD /BLA/boletinlegal/ HTTP/1.1" 200 -
201.245.192.253 - - [22/Mar/2024:00:32:47 -0500] "POST /forms/lservlet;jsessionid=ac16012b30d6a3adf64eb8e9433c86d0dc471af886a3.e3iSbxaKaheRe3iNc3uNbNmQay1ynknvrkLOlQzNp65In0 HTTP/1.1" 200 2
172.22.2.4 - - [22/Mar/2024:00:31:18 -0500] "GET /BLA/boletinlegal/ HTTP/1.1" 200 58273
201.245.192.253 - - [22/Mar/2024:00:33:03 -0500] "POST /kwsrmcab/Wsrmcab  HTTP/1.1" 200 37499
201.245.192.253 - - [22/Mar/2024:00:34:09 -0500] "POST /forms/lservlet;jsessionid=ac16012b30d65e7a44aedd6c4e8b8a078f956b9fbf50.e3iSbxaKaheRe3iNc3uNbNmQay1ynknvrkLOlQzNp65In0 HTTP/1.1" 200 2
201.245.192.253 - - [22/Mar/2024:00:34:47 -0500] "POST /forms/lservlet;jsessionid=ac16012b30d6a3adf64eb8e9433c86d0dc471af886a3.e3iSbxaKaheRe3iNc3uNbNmQay1ynknvrkLOlQzNp65In0 HTTP/1.1" 200 2
66.249.66.20 - - [22/Mar/2024:00:36:04 -0500] "GET /portel_dama/libreria/php/2006/ECOSISTEMAS%20FINAL%20web_mz27/x%20restauracion/sitio/22_proye/xtras_in/3a.pdf HTTP/1.1" 404 1018
201.245.192.253 - - [22/Mar/2024:00:36:18 -0500] "POST /forms/lservlet;jsessionid=ac16012b30d65e7a44aedd6c4e8b8a078f956b9fbf50.e3iSbxaKaheRe3iNc3uNbNmQay1ynknvrkLOlQzNp65In0 HTTP/1.1" 200 2
216.245.221.92 - - [22/Mar/2024:00:36:54 -0500] "HEAD / HTTP/1.1" 200 -
201.245.192.253 - - [22/Mar/2024:00:36:57 -0500] "POST /forms/lservlet;jsessionid=ac16012b30d6a3adf64eb8e9433c86d0dc471af886a3.e3iSbxaKaheRe3iNc3uNbNmQay1ynknvrkLOlQzNp65In0 HTTP/1.1" 200 2
40.77.167.143 - - [22/Mar/2024:00:37:08 -0500] "GET /BLA/resoluciones/RESOLUCIONES%202010/1034.pdf HTTP/1.1" 200 580323
66.249.66.167 - - [22/Mar/2024:00:37:40 -0500] "GET /portaldeninos/gestion-del-riesgo-incendios-forestales/ HTTP/1.1" 200 86825
66.249.66.39 - - [22/Mar/2024:00:37:41 -0500] "GET /distrito-alcanza-ya-15-acuerdos-de-conservacion-por-174-02-hectareas-para-consolidar-varios-ecosistemas-estrategicos-de-bogota.html HTTP/1.1" 200 1061
66.249.66.167 - - [22/Mar/2024:00:37:42 -0500] "GET /portaldeninos/que-es-cambio-climatico/ HTTP/1.1" 200 86727
66.249.66.165 - - [22/Mar/2024:00:37:42 -0500] "GET /portaldeninos/wp-content/themes/betheme/assets/jplayer/jplayer.min.js?ver=20.9.6 HTTP/1.1" 200 52702
172.22.2.4 - - [22/Mar/2024:00:36:18 -0500] "HEAD /BLA/boletinlegal/ HTTP/1.1" 200 -
172.22.2.4 - - [22/Mar/2024:00:37:59 -0500] "GET /BLA/boletinlegal/robots.txt HTTP/1.1" 404 1038
172.22.2.4 - - [22/Mar/2024:00:38:00 -0500] "GET /BLA/boletinlegal/Circulares/2011/Circular%20No.%203%20del%2016%20de%20Junio%20de%202011.pdf HTTP/1.1" 200 346378
201.245.192.253 - - [22/Mar/2024:00:38:01 -0500] "POST /kwsrmcab/Wsrmcab  HTTP/1.1" 200 37499
66.249.66.166 - - [22/Mar/2024:00:38:17 -0500] "GET /portaldeninos/wp-content/themes/betheme/css/responsive.css?ver=20.9.6 HTTP/1.1" 200 55740
172.22.2.4 - - [22/Mar/2024:00:37:09 -0500] "GET /BLA/boletinlegal/ HTTP/1.1" 200 58273
201.245.192.253 - - [22/Mar/2024:00:38:52 -0500] "POST /forms/lservlet;jsessionid=ac16012b30d65e7a44aedd6c4e8b8a078f956b9fbf50.e3iSbxaKaheRe3iNc3uNbNmQay1ynknvrkLOlQzNp65In0 HTTP/1.1" 200 2
201.245.192.253 - - [22/Mar/2024:00:38:55 -0500] "POST /kwsrmcab/Wsrmcab HTTP/1.1" 200 37202
201.245.192.253 - - [22/Mar/2024:00:38:56 -0500] "POST /kwsrmcab/Wsrmcab HTTP/1.1" 200 38078
201.245.192.253 - - [22/Mar/2024:00:39:30 -0500] "POST /forms/lservlet;jsessionid=ac16012b30d6a3adf64eb8e9433c86d0dc471af886a3.e3iSbxaKaheRe3iNc3uNbNmQay1ynknvrkLOlQzNp65In0 HTTP/1.1" 200 2
201.245.192.253 - - [22/Mar/2024:00:39:29 -0500] "POST /kwsrmcab/Wsrmcab HTTP/1.1" 200 37750
40.77.188.149 - - [22/Mar/2024:00:40:21 -0500] "GET /secretaria-de-ambiente-lanza-convocatoria-para-el-programa-de-excelencia-ambiental-distrital-pread-2024.html HTTP/1.1" 200 958
201.245.192.253 - - [22/Mar/2024:00:40:27 -0500] "POST /kwsrmcab/Wsrmcab HTTP/1.1" 200 38078
47.128.124.131 - - [22/Mar/2024:00:41:31 -0500] "GET /BLA/resoluciones/AUTOS%202021/0245.php?act=d&d=E%3A%5Cnuevo%5Chtdocs%5CBLA%5Cresoluciones%5CRESOLUCIONES+2016 HTTP/1.1" 200 2815
216.245.221.92 - - [22/Mar/2024:00:41:54 -0500] "HEAD / HTTP/1.1" 200 -
47.128.25.227 - - [22/Mar/2024:00:41:56 -0500] "GET /BLA/resoluciones/AUTOS%202021/0245.php?act=d&d=E%3A%5Cnuevo%5Chtdocs%5CBLA%5Cresoluciones%5CRESOLUCIONES+2021 HTTP/1.1" 200 2815
201.245.192.253 - - [22/Mar/2024:00:42:02 -0500] "POST /forms/lservlet;jsessionid=ac16012b30d65e7a44aedd6c4e8b8a078f956b9fbf50.e3iSbxaKaheRe3iNc3uNbNmQay1ynknvrkLOlQzNp65In0 HTTP/1.1" 200 2
47.128.17.63 - - [22/Mar/2024:00:42:20 -0500] "GET /BLA/resoluciones/AUTOS%202021/0245.php?act=chmod&d=E%3A%5Cnuevo%5Chtdocs%5Cbogotacumbredelclima&f=wp-mail.php HTTP/1.1" 200 2875
201.245.192.253 - - [22/Mar/2024:00:42:41 -0500] "POST /forms/lservlet;jsessionid=ac16012b30d6a3adf64eb8e9433c86d0dc471af886a3.e3iSbxaKaheRe3iNc3uNbNmQay1ynknvrkLOlQzNp65In0 HTTP/1.1" 200 2
47.128.29.192 - - [22/Mar/2024:00:42:43 -0500] "GET /BLA/resoluciones/AUTOS%202021/0245.php?act=d&d=E%3A%5Cnuevo%5Chtdocs%5CBLA%5Cresoluciones%5CRESOLUCIONES+2020 HTTP/1.1" 200 2809
201.245.192.253 - - [22/Mar/2024:00:42:59 -0500] "POST /kwsrmcab/Wsrmcab  HTTP/1.1" 200 37499
47.128.18.30 - - [22/Mar/2024:00:43:08 -0500] "GET /BLA/resoluciones/AUTOS%202021/0245.php?act=f&d=E%3A%5Cnuevo%5Chtdocs%5Crequerimientos_old&f=header.php HTTP/1.1" 200 3524
47.128.18.30 - - [22/Mar/2024:00:43:09 -0500] "GET /BLA/resoluciones/AUTOS%202021/0245.php?act=img&img=ext_php HTTP/1.1" 200 79
47.128.18.30 - - [22/Mar/2024:00:43:09 -0500] "GET /BLA/resoluciones/AUTOS%202021/0245.php?act=img&img=ext_gif HTTP/1.1" 200 175
47.128.18.30 - - [22/Mar/2024:00:43:09 -0500] "GET /BLA/resoluciones/AUTOS%202021/0245.php?act=img&img=ext_exe HTTP/1.1" 200 118
47.128.18.30 - - [22/Mar/2024:00:43:09 -0500] "GET /BLA/resoluciones/AUTOS%202021/0245.php?act=img&img=ext_html HTTP/1.1" 200 230
47.128.18.30 - - [22/Mar/2024:00:43:09 -0500] "GET /BLA/resoluciones/AUTOS%202021/0245.php?act=img&img=ext_diz HTTP/1.1" 200 1027
47.128.18.30 - - [22/Mar/2024:00:43:09 -0500] "GET /BLA/resoluciones/AUTOS%202021/0245.php?act=img&img=ext_txt HTTP/1.1" 200 132
47.128.18.30 - - [22/Mar/2024:00:43:09 -0500] "GET /BLA/resoluciones/AUTOS%202021/0245.php?act=img&img=download HTTP/1.1" 200 161
47.128.18.30 - - [22/Mar/2024:00:43:09 -0500] "GET /BLA/resoluciones/AUTOS%202021/0245.php?act=img&img=ext_rtf HTTP/1.1" 200 164
47.128.18.30 - - [22/Mar/2024:00:43:09 -0500] "GET /BLA/resoluciones/AUTOS%202021/0245.php?act=img&img=change HTTP/1.1" 200 290
47.128.18.30 - - [22/Mar/2024:00:43:09 -0500] "GET /BLA/resoluciones/AUTOS%202021/0245.php?act=img&img=ext_ini HTTP/1.1" 200 134
64.62.197.8 - - [22/Mar/2024:00:43:11 -0500] "GET /portaldeninos/ HTTP/1.1" 200 88121
47.128.127.117 - - [22/Mar/2024:00:43:31 -0500] "GET /BLA/resoluciones/AUTOS%202021/0245.php?act=eval&d=E%3A%5Cnuevo%5Chtdocs%5CPruebasSTORM%5C HTTP/1.1" 200 2729
172.22.2.4 - - [22/Mar/2024:00:42:09 -0500] "HEAD /BLA/boletinlegal/ HTTP/1.1" 200 -
47.128.116.249 - - [22/Mar/2024:00:43:55 -0500] "GET /BLA/resoluciones/AUTOS%202021/0245.php?act=d&d=E%3A%5Cnuevo%5Chtdocs%5CBLA%5Cresoluciones%5CRESOLUCIONES+2024 HTTP/1.1" 200 2812
201.245.192.253 - - [22/Mar/2024:00:44:02 -0500] "POST /forms/lservlet;jsessionid=ac16012b30d65e7a44aedd6c4e8b8a078f956b9fbf50.e3iSbxaKaheRe3iNc3uNbNmQay1ynknvrkLOlQzNp65In0 HTTP/1.1" 200 2
152.61.192.232 - - [22/Mar/2024:00:44:24 -0500] "GET /arcgis/services/Calidad_del_Agua_WQI/MapServer/WMSServer?request=GetCapabilities&service=WMS HTTP/1.1" 503 1020
152.61.192.232 - - [22/Mar/2024:00:44:25 -0500] "GET /arcgis/services/Calidad_del_Agua_WQI/MapServer/WMSServer?SERVICE=WMS&REQUEST=GetCapabilities HTTP/1.1" 503 1020
152.61.192.232 - - [22/Mar/2024:00:44:25 -0500] "GET /arcgis/services/Calidad_del_Agua_WQI/MapServer/WMSServer?WMTVER=1.0.0&REQUEST=capabilities HTTP/1.1" 503 1020
172.22.2.4 - - [22/Mar/2024:00:43:00 -0500] "GET /BLA/boletinlegal/ HTTP/1.1" 200 57485
201.245.192.253 - - [22/Mar/2024:00:44:42 -0500] "POST /forms/lservlet;jsessionid=ac16012b30d6a3adf64eb8e9433c86d0dc471af886a3.e3iSbxaKaheRe3iNc3uNbNmQay1ynknvrkLOlQzNp65In0 HTTP/1.1" 200 2
172.22.2.4 - - [22/Mar/2024:00:44:50 -0500] "GET /BLA/boletinlegal/robots.txt HTTP/1.1" 404 1037
172.22.2.4 - - [22/Mar/2024:00:44:50 -0500] "GET /BLA/boletinlegal/jurisprudencia/analisis/AnalisisT-146-16.docx HTTP/1.1" 304 -
201.245.192.253 - - [22/Mar/2024:00:46:04 -0500] "POST /forms/lservlet;jsessionid=ac16012b30d65e7a44aedd6c4e8b8a078f956b9fbf50.e3iSbxaKaheRe3iNc3uNbNmQay1ynknvrkLOlQzNp65In0 HTTP/1.1" 200 2
136.243.228.177 - - [22/Mar/2024:00:46:22 -0500] "GET /robots.txt HTTP/1.1" 404 1035
136.243.228.177 - - [22/Mar/2024:00:46:23 -0500] "GET /robots.txt HTTP/1.1" 404 1035
136.243.228.177 - - [22/Mar/2024:00:46:24 -0500] "GET /sitemap.xml HTTP/1.1" 404 1035
136.243.228.177 - - [22/Mar/2024:00:46:23 -0500] "GET /portaldeninos/ HTTP/1.1" 200 110175
172.22.2.4 - - [22/Mar/2024:00:46:31 -0500] "GET /BLA/boletinlegal/actos.php HTTP/1.1" 200 9738
52.15.147.27 - - [22/Mar/2024:00:46:32 -0500] "HEAD / HTTP/1.1" 200 -
172.22.2.4 - - [22/Mar/2024:00:46:33 -0500] "GET /BLA/boletinlegal/normativa.php HTTP/1.1" 200 8397
201.245.192.253 - - [22/Mar/2024:00:46:42 -0500] "POST /forms/lservlet;jsessionid=ac16012b30d6a3adf64eb8e9433c86d0dc471af886a3.e3iSbxaKaheRe3iNc3uNbNmQay1ynknvrkLOlQzNp65In0 HTTP/1.1" 200 2
216.245.221.92 - - [22/Mar/2024:00:46:54 -0500] "HEAD / HTTP/1.1" 200 -
172.22.2.4 - - [22/Mar/2024:00:45:16 -0500] "HEAD /BLA/boletinlegal/ HTTP/1.1" 200 -
172.22.2.4 - - [22/Mar/2024:00:47:00 -0500] "GET /BLA/boletinlegal/norma_menu.php HTTP/1.1" 200 6382
207.46.13.7 - - [22/Mar/2024:00:47:12 -0500] "GET /portaldeninos/wp-content/uploads/2020/01/Fauna-gif.gif HTTP/1.1" 200 3779027
216.244.66.195 - - [22/Mar/2024:00:47:20 -0500] "GET /BLA/resoluciones/AUTOS%202016/0744.pdf HTTP/1.1" 200 544505
136.243.228.177 - - [22/Mar/2024:00:47:22 -0500] "GET /portaldeninos/corresponsal-ambiental/ HTTP/1.1" 200 93768
136.243.228.177 - - [22/Mar/2024:00:47:25 -0500] "GET /portaldeninos/agua-y-estructura-ecologica-principal HTTP/1.1" 301 -
216.244.66.195 - - [22/Mar/2024:00:47:26 -0500] "GET /BLA/resoluciones/AUTOS%202016/0919.pdf HTTP/1.1" 200 479531
136.243.228.177 - - [22/Mar/2024:00:47:27 -0500] "GET /portaldeninos/fauna/ HTTP/1.1" 200 88429
136.243.228.177 - - [22/Mar/2024:00:47:31 -0500] "GET /portaldeninos/humedal-cordoba-2/ HTTP/1.1" 200 88041
172.22.2.4 - - [22/Mar/2024:00:45:52 -0500] "GET /BLA/boletinlegal/ HTTP/1.1" 200 45104
216.244.66.195 - - [22/Mar/2024:00:47:33 -0500] "GET /BLA/resoluciones/AUTOS%202016/0977.pdf HTTP/1.1" 200 537329
136.243.228.177 - - [22/Mar/2024:00:47:33 -0500] "GET /portaldeninos/ruido/ HTTP/1.1" 200 88494
172.22.2.4 - - [22/Mar/2024:00:47:35 -0500] "GET /BLA/boletinlegal/doctrina.php HTTP/1.1" 200 5667
136.243.228.177 - - [22/Mar/2024:00:47:37 -0500] "GET /portaldeninos/humedal-santa-maria-del-lago/ HTTP/1.1" 200 88988
216.244.66.195 - - [22/Mar/2024:00:47:39 -0500] "GET /BLA/resoluciones/AUTOS%202016/1015.pdf HTTP/1.1" 200 238136
136.243.228.177 - - [22/Mar/2024:00:47:39 -0500] "GET /portaldeninos/aulas-ambientales-2/parque-ecologico-distrital-de-montana-entrenubes/ HTTP/1.1" 200 90406
172.22.2.4 - - [22/Mar/2024:00:46:02 -0500] "HEAD /BLA/boletinlegal/ HTTP/1.1" 200 -
136.243.228.177 - - [22/Mar/2024:00:47:42 -0500] "GET /portaldeninos/humedal-juan-amarillo-2/ HTTP/1.1" 200 88155
136.243.228.177 - - [22/Mar/2024:00:47:45 -0500] "GET /portaldeninos/publicidad/ HTTP/1.1" 200 87569
216.244.66.195 - - [22/Mar/2024:00:47:50 -0500] "GET /BLA/resoluciones/AUTOS%202016/1017.pdf HTTP/1.1" 200 234632
136.243.228.177 - - [22/Mar/2024:00:47:49 -0500] "GET /portaldeninos/humedal-el-burro-2/ HTTP/1.1" 200 87926
136.243.228.177 - - [22/Mar/2024:00:47:52 -0500] "GET /portaldeninos/aulas-ambientales/ HTTP/1.1" 200 88416
136.243.228.177 - - [22/Mar/2024:00:47:55 -0500] "GET /portaldeninos/relatos-urbanos-de-los-ecosistemas-bogotanos-2/ HTTP/1.1" 200 88374
136.243.228.177 - - [22/Mar/2024:00:47:57 -0500] "GET /portaldeninos/parque-mirador-de-los-nevados/ HTTP/1.1" 200 89855
201.245.192.253 - - [22/Mar/2024:00:47:57 -0500] "POST /kwsrmcab/Wsrmcab  HTTP/1.1" 200 37499
136.243.228.177 - - [22/Mar/2024:00:48:00 -0500] "GET /portaldeninos/aulas-ambientales/aula-ambiental-sorotama/ HTTP/1.1" 200 89596
136.243.228.177 - - [22/Mar/2024:00:48:03 -0500] "GET /portaldeninos/humedal-la-vaca-2/ HTTP/1.1" 200 87837
216.244.66.195 - - [22/Mar/2024:00:48:05 -0500] "GET /BLA/resoluciones/AUTOS%202016/1046.pdf HTTP/1.1" 200 237066
201.245.192.253 - - [22/Mar/2024:00:48:06 -0500] "POST /forms/lservlet;jsessionid=ac16012b30d65e7a44aedd6c4e8b8a078f956b9fbf50.e3iSbxaKaheRe3iNc3uNbNmQay1ynknvrkLOlQzNp65In0 HTTP/1.1" 200 2
136.243.228.177 - - [22/Mar/2024:00:48:05 -0500] "GET /portaldeninos/humedal-tibanica-2/ HTTP/1.1" 200 87771
136.243.228.177 - - [22/Mar/2024:00:48:09 -0500] "GET /portaldeninos/residuos HTTP/1.1" 301 -
136.243.228.177 - - [22/Mar/2024:00:48:10 -0500] "GET /portaldeninos/los-arboles/tips/ HTTP/1.1" 200 87677
136.243.228.177 - - [22/Mar/2024:00:48:14 -0500] "GET /portaldeninos/parque-ecologico-distrital-humedal-santa-maria-del-lago/ HTTP/1.1" 200 90199
216.244.66.195 - - [22/Mar/2024:00:48:16 -0500] "GET /BLA/resoluciones/AUTOS%202016/1572.pdf HTTP/1.1" 200 347881
136.243.228.177 - - [22/Mar/2024:00:48:16 -0500] "GET /portaldeninos/biodiversidad HTTP/1.1" 301 -
172.22.2.4 - - [22/Mar/2024:00:46:38 -0500] "GET /BLA/boletinlegal/ HTTP/1.1" 200 44737
136.243.228.177 - - [22/Mar/2024:00:48:18 -0500] "GET /portaldeninos/aula-ambiental-artistica-itinerante-auambari/ HTTP/1.1" 200 89306
136.243.228.177 - - [22/Mar/2024:00:48:22 -0500] "GET /portaldeninos/humedal-torca-y-guaymaral-2/ HTTP/1.1" 200 88086
216.244.66.195 - - [22/Mar/2024:00:48:26 -0500] "GET /BLA/resoluciones/AUTOS%202016/1592.pdf HTTP/1.1" 200 471897
136.243.228.177 - - [22/Mar/2024:00:48:26 -0500] "GET /portaldeninos/humedal-jaboque-2/ HTTP/1.1" 200 87846
172.22.2.4 - - [22/Mar/2024:00:48:28 -0500] "GET /BLA/boletinlegal/jurisprudencia.php HTTP/1.1" 200 17637
172.22.2.4 - - [22/Mar/2024:00:48:30 -0500] "GET /BLA/boletinlegal/conceptos.php HTTP/1.1" 200 7588
136.243.228.177 - - [22/Mar/2024:00:48:28 -0500] "GET /portaldeninos/humedal-capellania-2/ HTTP/1.1" 200 87949
172.22.2.4 - - [22/Mar/2024:00:48:32 -0500] "GET /BLA/boletinlegal/sugerencias.php HTTP/1.1" 200 8615
136.243.228.177 - - [22/Mar/2024:00:48:31 -0500] "GET /portaldeninos/glosario/ HTTP/1.1" 200 97198
136.243.228.177 - - [22/Mar/2024:00:48:34 -0500] "GET /portaldeninos/aire/ HTTP/1.1" 200 88215
136.243.228.177 - - [22/Mar/2024:00:48:37 -0500] "GET /portaldeninos/los-arboles/ HTTP/1.1" 200 87546
136.243.228.177 - - [22/Mar/2024:00:48:40 -0500] "GET /portaldeninos/tipos-de-arboles-en-bogota/ HTTP/1.1" 200 109802
136.243.228.177 - - [22/Mar/2024:00:48:42 -0500] "GET /portaldeninos/contactanos/ HTTP/1.1" 200 88135
201.245.192.253 - - [22/Mar/2024:00:48:44 -0500] "POST /forms/lservlet;jsessionid=ac16012b30d6a3adf64eb8e9433c86d0dc471af886a3.e3iSbxaKaheRe3iNc3uNbNmQay1ynknvrkLOlQzNp65In0 HTTP/1.1" 200 2
136.243.228.177 - - [22/Mar/2024:00:48:45 -0500] "GET /portaldeninos/humedal-el-tunjo/ HTTP/1.1" 200 87661
216.244.66.195 - - [22/Mar/2024:00:48:48 -0500] "GET /BLA/resoluciones/AUTOS%202016/1883.pdf HTTP/1.1" 200 880363
136.243.228.177 - - [22/Mar/2024:00:48:48 -0500] "GET /portaldeninos/humedales-ramsar/ HTTP/1.1" 200 89255
136.243.228.177 - - [22/Mar/2024:00:48:51 -0500] "GET /portaldeninos/humedal-la-conejera-2/ HTTP/1.1" 200 88020
136.243.228.177 - - [22/Mar/2024:00:48:55 -0500] "GET /portaldeninos/que-es-cambio-climatico HTTP/1.1" 301 -
136.243.228.177 - - [22/Mar/2024:00:48:56 -0500] "GET /portaldeninos/gestion-del-riesgo-incendios-forestales HTTP/1.1" 301 -
136.243.228.177 - - [22/Mar/2024:00:48:58 -0500] "GET /portaldeninos/agua-y-estructura-ecologica-principal/ HTTP/1.1" 200 87488
172.22.2.4 - - [22/Mar/2024:00:49:03 -0500] "GET /BLA/boletinlegal/jurisprudencia/analisis/null HTTP/1.1" 404 1038
136.243.228.177 - - [22/Mar/2024:00:49:02 -0500] "GET /portaldeninos/residuos/ HTTP/1.1" 200 87443
216.244.66.195 - - [22/Mar/2024:00:49:06 -0500] "GET /BLA/resoluciones/AUTOS%202016/1933.pdf HTTP/1.1" 200 288351
136.243.228.177 - - [22/Mar/2024:00:49:05 -0500] "GET /portaldeninos/biodiversidad/ HTTP/1.1" 200 86633
172.22.2.4 - - [22/Mar/2024:00:47:36 -0500] "GET /BLA/boletinlegal/index.php HTTP/1.1" 200 40907
136.243.228.177 - - [22/Mar/2024:00:49:19 -0500] "GET /portaldeninos/que-es-cambio-climatico/ HTTP/1.1" 200 86727
216.244.66.195 - - [22/Mar/2024:00:49:22 -0500] "GET /BLA/resoluciones/AUTOS%202016/2218.pdf HTTP/1.1" 200 544279
136.243.228.177 - - [22/Mar/2024:00:49:22 -0500] "GET /portaldeninos/gestion-del-riesgo-incendios-forestales/ HTTP/1.1" 200 86825
216.244.66.195 - - [22/Mar/2024:00:49:37 -0500] "GET /BLA/resoluciones/AUTOS%202016/2229.pdf HTTP/1.1" 200 483750
172.22.2.4 - - [22/Mar/2024:00:47:59 -0500] "HEAD /BLA/boletinlegal/ HTTP/1.1" 200 -
216.244.66.195 - - [22/Mar/2024:00:49:52 -0500] "GET /BLA/resoluciones/AUTOS%202016/2294.pdf HTTP/1.1" 200 731331
216.244.66.195 - - [22/Mar/2024:00:50:06 -0500] "GET /BLA/resoluciones/AUTOS%202016/2471.pdf HTTP/1.1" 200 417660
201.245.192.253 - - [22/Mar/2024:00:50:08 -0500] "POST /forms/lservlet;jsessionid=ac16012b30d65e7a44aedd6c4e8b8a078f956b9fbf50.e3iSbxaKaheRe3iNc3uNbNmQay1ynknvrkLOlQzNp65In0 HTTP/1.1" 200 2
172.22.2.4 - - [22/Mar/2024:00:50:24 -0500] "GET /BLA/boletinlegal/actos.php HTTP/1.1" 200 9738
216.244.66.195 - - [22/Mar/2024:00:50:26 -0500] "GET /BLA/resoluciones/AUTOS%202016/2565.pdf HTTP/1.1" 200 519303
191.102.85.241 - - [22/Mar/2024:00:50:27 -0500] "GET /BLA/resoluciones/ HTTP/1.1" 200 14105
172.22.2.4 - - [22/Mar/2024:00:48:50 -0500] "GET /BLA/boletinlegal/ HTTP/1.1" 200 54913
191.102.85.241 - - [22/Mar/2024:00:50:29 -0500] "GET /BLA/resoluciones/index.php?dir=AUTOS+2023%2F HTTP/1.1" 200 514165
201.245.192.253 - - [22/Mar/2024:00:50:47 -0500] "POST /forms/lservlet;jsessionid=ac16012b30d6a3adf64eb8e9433c86d0dc471af886a3.e3iSbxaKaheRe3iNc3uNbNmQay1ynknvrkLOlQzNp65In0 HTTP/1.1" 200 2
216.244.66.195 - - [22/Mar/2024:00:50:56 -0500] "GET /BLA/resoluciones/AUTOS%202016/2778.pdf HTTP/1.1" 200 361604
216.244.66.195 - - [22/Mar/2024:00:51:21 -0500] "GET /BLA/resoluciones/AUTOS%202016/3171.pdf HTTP/1.1" 200 359253
216.244.66.195 - - [22/Mar/2024:00:51:44 -0500] "GET /BLA/resoluciones/AUTOS%202016/2640.pdf HTTP/1.1" 200 389977
216.245.221.92 - - [22/Mar/2024:00:51:54 -0500] "HEAD / HTTP/1.1" 200 -
201.245.192.253 - - [22/Mar/2024:00:52:45 -0500] "POST /forms/lservlet;jsessionid=ac16012b30d65e7a44aedd6c4e8b8a078f956b9fbf50.e3iSbxaKaheRe3iNc3uNbNmQay1ynknvrkLOlQzNp65In0 HTTP/1.1" 200 2
216.244.66.195 - - [22/Mar/2024:00:52:56 -0500] "GET /BLA/resoluciones/RESOLUCIONES%202017/02137.pdf HTTP/1.1" 200 272736
201.245.192.253 - - [22/Mar/2024:00:52:56 -0500] "POST /kwsrmcab/Wsrmcab  HTTP/1.1" 200 37499
40.77.167.235 - - [22/Mar/2024:00:53:16 -0500] "GET /Publicaciones/2023EE72605.pdf HTTP/1.1" 404 227
201.245.192.253 - - [22/Mar/2024:00:53:24 -0500] "POST /forms/lservlet;jsessionid=ac16012b30d6a3adf64eb8e9433c86d0dc471af886a3.e3iSbxaKaheRe3iNc3uNbNmQay1ynknvrkLOlQzNp65In0 HTTP/1.1" 200 2
40.77.167.46 - - [22/Mar/2024:00:53:52 -0500] "GET /Publicaciones/2024EE45209.pdf HTTP/1.1" 404 227
201.245.192.253 - - [22/Mar/2024:00:54:45 -0500] "POST /forms/lservlet;jsessionid=ac16012b30d65e7a44aedd6c4e8b8a078f956b9fbf50.e3iSbxaKaheRe3iNc3uNbNmQay1ynknvrkLOlQzNp65In0 HTTP/1.1" 200 2
172.22.2.4 - - [22/Mar/2024:00:53:49 -0500] "HEAD /BLA/boletinlegal/ HTTP/1.1" 200 -
201.245.192.253 - - [22/Mar/2024:00:55:37 -0500] "POST /forms/lservlet;jsessionid=ac16012b30d6a3adf64eb8e9433c86d0dc471af886a3.e3iSbxaKaheRe3iNc3uNbNmQay1ynknvrkLOlQzNp65In0 HTTP/1.1" 200 2
216.244.66.195 - - [22/Mar/2024:00:55:49 -0500] "GET /BLA/resoluciones/RESOLUCIONES%201996/0040.pdf HTTP/1.1" 200 131823
216.244.66.195 - - [22/Mar/2024:00:56:09 -0500] "GET /BLA/resoluciones/RESOLUCIONES%202016/0523.pdf HTTP/1.1" 200 404760
172.22.2.4 - - [22/Mar/2024:00:54:40 -0500] "GET /BLA/boletinlegal/ HTTP/1.1" 200 58273
216.244.66.195 - - [22/Mar/2024:00:56:29 -0500] "GET /BLA/resoluciones/RESOLUCIONES%202019/3327.pdf HTTP/1.1" 200 1678747
216.245.221.92 - - [22/Mar/2024:00:56:54 -0500] "HEAD / HTTP/1.1" 200 -
201.245.192.253 - - [22/Mar/2024:00:56:58 -0500] "POST /forms/lservlet;jsessionid=ac16012b30d65e7a44aedd6c4e8b8a078f956b9fbf50.e3iSbxaKaheRe3iNc3uNbNmQay1ynknvrkLOlQzNp65In0 HTTP/1.1" 200 2
216.244.66.195 - - [22/Mar/2024:00:57:01 -0500] "GET /BLA/resoluciones/RESOLUCIONES%202019/3501.pdf HTTP/1.1" 200 252817
216.244.66.195 - - [22/Mar/2024:00:57:26 -0500] "GET /BLA/resoluciones/RESOLUCIONES%202019/3510.pdf HTTP/1.1" 200 296890
52.167.144.166 - - [22/Mar/2024:00:57:28 -0500] "GET /BLA/boletinlegal/jurisprudencia.php HTTP/1.1" 200 17637
201.245.192.253 - - [22/Mar/2024:00:57:37 -0500] "POST /forms/lservlet;jsessionid=ac16012b30d6a3adf64eb8e9433c86d0dc471af886a3.e3iSbxaKaheRe3iNc3uNbNmQay1ynknvrkLOlQzNp65In0 HTTP/1.1" 200 2
216.244.66.195 - - [22/Mar/2024:00:57:51 -0500] "GET /BLA/resoluciones/RESOLUCIONES%202019/3746.pdf HTTP/1.1" 200 250439
201.245.192.253 - - [22/Mar/2024:00:57:54 -0500] "POST /kwsrmcab/Wsrmcab  HTTP/1.1" 200 37499
216.244.66.195 - - [22/Mar/2024:00:58:15 -0500] "GET /BLA/resoluciones/RESOLUCIONES%202019/3758.pdf HTTP/1.1" 200 258632
20.99.210.66 - - [22/Mar/2024:00:58:59 -0500] "GET /Publicaciones/2024EE40103.pdf HTTP/1.1" 404 227
201.245.192.253 - - [22/Mar/2024:00:59:01 -0500] "POST /forms/lservlet;jsessionid=ac16012b30d65e7a44aedd6c4e8b8a078f956b9fbf50.e3iSbxaKaheRe3iNc3uNbNmQay1ynknvrkLOlQzNp65In0 HTTP/1.1" 200 2
201.245.192.253 - - [22/Mar/2024:00:59:39 -0500] "POST /forms/lservlet;jsessionid=ac16012b30d6a3adf64eb8e9433c86d0dc471af886a3.e3iSbxaKaheRe3iNc3uNbNmQay1ynknvrkLOlQzNp65In0 HTTP/1.1" 200 2
52.167.144.235 - - [22/Mar/2024:00:59:42 -0500] "GET /Publicaciones/2024EE44914.pdf HTTP/1.1" 404 227
172.22.2.4 - - [22/Mar/2024:00:59:39 -0500] "HEAD /BLA/boletinlegal/ HTTP/1.1" 200 -
216.245.221.92 - - [22/Mar/2024:01:01:54 -0500] "HEAD / HTTP/1.1" 200 -
172.22.2.4 - - [22/Mar/2024:01:00:30 -0500] "GET /BLA/boletinlegal/ HTTP/1.1" 200 60380
201.245.192.253 - - [22/Mar/2024:01:02:20 -0500] "POST /forms/lservlet;jsessionid=ac16012b30d65e7a44aedd6c4e8b8a078f956b9fbf50.e3iSbxaKaheRe3iNc3uNbNmQay1ynknvrkLOlQzNp65In0 HTTP/1.1" 200 2
168.119.253.21 - - [22/Mar/2024:01:02:30 -0500] "GET / HTTP/1.1" 200 4720
201.245.192.253 - - [22/Mar/2024:01:02:53 -0500] "POST /kwsrmcab/Wsrmcab  HTTP/1.1" 200 37499
201.245.192.253 - - [22/Mar/2024:01:02:59 -0500] "POST /forms/lservlet;jsessionid=ac16012b30d6a3adf64eb8e9433c86d0dc471af886a3.e3iSbxaKaheRe3iNc3uNbNmQay1ynknvrkLOlQzNp65In0 HTTP/1.1" 200 2
47.128.127.43 - - [22/Mar/2024:01:04:43 -0500] "GET /BLA/resoluciones/AUTOS%202021/0245.php?act=chmod&d=C%3A%5C&f=New+folder HTTP/1.1" 200 2795
201.245.192.253 - - [22/Mar/2024:01:04:53 -0500] "POST /forms/lservlet;jsessionid=ac16012b30d65e7a44aedd6c4e8b8a078f956b9fbf50.e3iSbxaKaheRe3iNc3uNbNmQay1ynknvrkLOlQzNp65In0 HTTP/1.1" 200 2
47.128.127.81 - - [22/Mar/2024:01:05:06 -0500] "GET /BLA/resoluciones/AUTOS%202021/0245.php?act=f&d=E%3A%5Cnuevo%5Chtdocs%5CBLA%5Cresoluciones&f=index.php HTTP/1.1" 200 10382
47.128.127.81 - - [22/Mar/2024:01:05:07 -0500] "GET /BLA/resoluciones/AUTOS%202021/0245.php?act=img&img=ext_php HTTP/1.1" 200 79
47.128.127.81 - - [22/Mar/2024:01:05:07 -0500] "GET /BLA/resoluciones/AUTOS%202021/0245.php?act=img&img=ext_diz HTTP/1.1" 200 1027
47.128.127.81 - - [22/Mar/2024:01:05:07 -0500] "GET /BLA/resoluciones/AUTOS%202021/0245.php?act=img&img=ext_txt HTTP/1.1" 200 132
47.128.127.81 - - [22/Mar/2024:01:05:07 -0500] "GET /BLA/resoluciones/AUTOS%202021/0245.php?act=img&img=ext_exe HTTP/1.1" 200 118
47.128.127.81 - - [22/Mar/2024:01:05:07 -0500] "GET /BLA/resoluciones/AUTOS%202021/0245.php?act=img&img=ext_html HTTP/1.1" 200 230
47.128.127.81 - - [22/Mar/2024:01:05:07 -0500] "GET /BLA/resoluciones/AUTOS%202021/0245.php?act=img&img=ext_gif HTTP/1.1" 200 175
47.128.127.81 - - [22/Mar/2024:01:05:07 -0500] "GET /BLA/resoluciones/AUTOS%202021/0245.php?act=img&img=download HTTP/1.1" 200 161
47.128.127.81 - - [22/Mar/2024:01:05:07 -0500] "GET /BLA/resoluciones/AUTOS%202021/0245.php?act=img&img=change HTTP/1.1" 200 290
47.128.127.81 - - [22/Mar/2024:01:05:07 -0500] "GET /BLA/resoluciones/AUTOS%202021/0245.php?act=img&img=ext_rtf HTTP/1.1" 200 164
47.128.127.81 - - [22/Mar/2024:01:05:07 -0500] "GET /BLA/resoluciones/AUTOS%202021/0245.php?act=img&img=ext_ini HTTP/1.1" 200 134
201.245.192.253 - - [22/Mar/2024:01:05:31 -0500] "POST /forms/lservlet;jsessionid=ac16012b30d6a3adf64eb8e9433c86d0dc471af886a3.e3iSbxaKaheRe3iNc3uNbNmQay1ynknvrkLOlQzNp65In0 HTTP/1.1" 200 2
47.128.23.15 - - [22/Mar/2024:01:05:31 -0500] "GET /BLA/resoluciones/AUTOS%202021/0245.php?act=ls&d=E%3A%5Cnuevo%5Chtdocs%5Ctransparencia&sort=0d HTTP/1.1" 200 3704
47.128.23.15 - - [22/Mar/2024:01:05:32 -0500] "GET /BLA/resoluciones/AUTOS%202021/0245.php?act=img&img=ext_php HTTP/1.1" 200 79
47.128.23.15 - - [22/Mar/2024:01:05:32 -0500] "GET /BLA/resoluciones/AUTOS%202021/0245.php?act=img&img=arrow_ltr HTTP/1.1" 200 88
47.128.23.15 - - [22/Mar/2024:01:05:32 -0500] "GET /BLA/resoluciones/AUTOS%202021/0245.php?act=img&img=ext_png HTTP/1.1" 200 175
66.249.66.21 - - [22/Mar/2024:01:05:34 -0500] "GET /Publicaciones/2024EE04158.pdf HTTP/1.1" 404 227
47.128.23.161 - - [22/Mar/2024:01:05:54 -0500] "GET /BLA/resoluciones/AUTOS%202021/0245.php?act=f&d=E%3A%5Cnuevo%5Chtdocs%5Cbogotacumbredelclima&f=xmlrpc.php HTTP/1.1" 200 4773
47.128.23.161 - - [22/Mar/2024:01:05:55 -0500] "GET /BLA/resoluciones/AUTOS%202021/0245.php?act=img&img=ext_txt HTTP/1.1" 200 132
47.128.23.161 - - [22/Mar/2024:01:05:55 -0500] "GET /BLA/resoluciones/AUTOS%202021/0245.php?act=img&img=ext_php HTTP/1.1" 200 79
47.128.23.161 - - [22/Mar/2024:01:05:55 -0500] "GET /BLA/resoluciones/AUTOS%202021/0245.php?act=img&img=ext_html HTTP/1.1" 200 230
47.128.23.161 - - [22/Mar/2024:01:05:55 -0500] "GET /BLA/resoluciones/AUTOS%202021/0245.php?act=img&img=ext_gif HTTP/1.1" 200 175
47.128.23.161 - - [22/Mar/2024:01:05:55 -0500] "GET /BLA/resoluciones/AUTOS%202021/0245.php?act=img&img=ext_exe HTTP/1.1" 200 118
47.128.23.161 - - [22/Mar/2024:01:05:55 -0500] "GET /BLA/resoluciones/AUTOS%202021/0245.php?act=img&img=ext_diz HTTP/1.1" 200 1027
47.128.23.161 - - [22/Mar/2024:01:05:55 -0500] "GET /BLA/resoluciones/AUTOS%202021/0245.php?act=img&img=change HTTP/1.1" 200 290
47.128.23.161 - - [22/Mar/2024:01:05:55 -0500] "GET /BLA/resoluciones/AUTOS%202021/0245.php?act=img&img=ext_ini HTTP/1.1" 200 134
47.128.23.161 - - [22/Mar/2024:01:05:55 -0500] "GET /BLA/resoluciones/AUTOS%202021/0245.php?act=img&img=ext_rtf HTTP/1.1" 200 164
47.128.23.161 - - [22/Mar/2024:01:05:55 -0500] "GET /BLA/resoluciones/AUTOS%202021/0245.php?act=img&img=download HTTP/1.1" 200 161
47.128.18.101 - - [22/Mar/2024:01:06:20 -0500] "GET /BLA/resoluciones/AUTOS%202021/0245.php?act=chmod&d=E%3A%5Cnuevo%5Chtdocs%5Cvideos&f=Bicicleta.flv HTTP/1.1" 200 2860
177.241.53.64 - - [22/Mar/2024:01:06:28 -0500] "GET /BLA/resoluciones/RESOLUCIONES%202001/RESOLUCION%20311%20DE%202001.pdf HTTP/1.1" 200 398777
177.241.53.64 - - [22/Mar/2024:01:06:28 -0500] "GET /favicon.ico HTTP/1.1" 200 7782
17.241.75.54 - - [22/Mar/2024:01:06:33 -0500] "GET /mis-de-50-aves-silvestres-fueron-recuperadas-en-la-localidad-de-tunjuelito.html HTTP/1.1" 200 806
47.128.58.10 - - [22/Mar/2024:01:06:42 -0500] "GET /BLA/resoluciones/AUTOS%202021/0245.php?act=encoder&d=E%3A%5Cnuevo%5Chtdocs%5CPruebasSTORM%5C HTTP/1.1" 200 3076
201.245.192.253 - - [22/Mar/2024:01:06:53 -0500] "POST /forms/lservlet;jsessionid=ac16012b30d65e7a44aedd6c4e8b8a078f956b9fbf50.e3iSbxaKaheRe3iNc3uNbNmQay1ynknvrkLOlQzNp65In0 HTTP/1.1" 200 2
216.245.221.92 - - [22/Mar/2024:01:06:54 -0500] "HEAD / HTTP/1.1" 200 -
47.128.56.30 - - [22/Mar/2024:01:07:06 -0500] "GET /BLA/resoluciones/AUTOS%202021/0245.php?act=f&d=E%3A%5Cnuevo%5Chtdocs%5Ccumbredelclima&f=wp-cron.php HTTP/1.1" 200 4894
47.128.56.30 - - [22/Mar/2024:01:07:07 -0500] "GET /BLA/resoluciones/AUTOS%202021/0245.php?act=img&img=ext_txt HTTP/1.1" 200 132
47.128.56.30 - - [22/Mar/2024:01:07:07 -0500] "GET /BLA/resoluciones/AUTOS%202021/0245.php?act=img&img=ext_exe HTTP/1.1" 200 118
47.128.56.30 - - [22/Mar/2024:01:07:07 -0500] "GET /BLA/resoluciones/AUTOS%202021/0245.php?act=img&img=ext_php HTTP/1.1" 200 79
47.128.56.30 - - [22/Mar/2024:01:07:07 -0500] "GET /BLA/resoluciones/AUTOS%202021/0245.php?act=img&img=ext_diz HTTP/1.1" 200 1027
47.128.56.30 - - [22/Mar/2024:01:07:07 -0500] "GET /BLA/resoluciones/AUTOS%202021/0245.php?act=img&img=ext_html HTTP/1.1" 200 230
47.128.56.30 - - [22/Mar/2024:01:07:07 -0500] "GET /BLA/resoluciones/AUTOS%202021/0245.php?act=img&img=ext_gif HTTP/1.1" 200 175
47.128.56.30 - - [22/Mar/2024:01:07:08 -0500] "GET /BLA/resoluciones/AUTOS%202021/0245.php?act=img&img=ext_ini HTTP/1.1" 200 134
47.128.56.30 - - [22/Mar/2024:01:07:08 -0500] "GET /BLA/resoluciones/AUTOS%202021/0245.php?act=img&img=change HTTP/1.1" 200 290
47.128.56.30 - - [22/Mar/2024:01:07:08 -0500] "GET /BLA/resoluciones/AUTOS%202021/0245.php?act=img&img=download HTTP/1.1" 200 161
47.128.56.30 - - [22/Mar/2024:01:07:08 -0500] "GET /BLA/resoluciones/AUTOS%202021/0245.php?act=img&img=ext_rtf HTTP/1.1" 200 164
172.22.2.4 - - [22/Mar/2024:01:05:29 -0500] "HEAD /BLA/boletinlegal/ HTTP/1.1" 200 -
66.249.66.21 - - [22/Mar/2024:01:07:15 -0500] "GET /BLA/resoluciones/Notificaciones/RESOLUCIONES%202023/1302.pdf HTTP/1.1" 304 -
201.245.192.253 - - [22/Mar/2024:01:07:52 -0500] "POST /forms/lservlet;jsessionid=ac16012b30d6a3adf64eb8e9433c86d0dc471af886a3.e3iSbxaKaheRe3iNc3uNbNmQay1ynknvrkLOlQzNp65In0 HTTP/1.1" 200 2
201.245.192.253 - - [22/Mar/2024:01:07:51 -0500] "POST /kwsrmcab/Wsrmcab  HTTP/1.1" 200 37499
172.22.2.4 - - [22/Mar/2024:01:06:20 -0500] "GET /BLA/boletinlegal/ HTTP/1.1" 200 56191
172.22.2.4 - - [22/Mar/2024:01:07:33 -0500] "GET /BLA/boletinlegal/ HTTP/1.1" 200 60380
201.245.192.253 - - [22/Mar/2024:01:09:13 -0500] "POST /forms/lservlet;jsessionid=ac16012b30d65e7a44aedd6c4e8b8a078f956b9fbf50.e3iSbxaKaheRe3iNc3uNbNmQay1ynknvrkLOlQzNp65In0 HTTP/1.1" 200 2
201.245.192.253 - - [22/Mar/2024:01:09:52 -0500] "POST /forms/lservlet;jsessionid=ac16012b30d6a3adf64eb8e9433c86d0dc471af886a3.e3iSbxaKaheRe3iNc3uNbNmQay1ynknvrkLOlQzNp65In0 HTTP/1.1" 200 2
34.198.201.66 - - [22/Mar/2024:01:09:52 -0500] "HEAD / HTTP/1.1" 200 -
201.245.192.253 - - [22/Mar/2024:01:11:29 -0500] "POST /forms/lservlet;jsessionid=ac16012b30d65e7a44aedd6c4e8b8a078f956b9fbf50.e3iSbxaKaheRe3iNc3uNbNmQay1ynknvrkLOlQzNp65In0 HTTP/1.1" 200 2
216.245.221.92 - - [22/Mar/2024:01:11:54 -0500] "HEAD / HTTP/1.1" 200 -
201.245.192.253 - - [22/Mar/2024:01:12:08 -0500] "POST /forms/lservlet;jsessionid=ac16012b30d6a3adf64eb8e9433c86d0dc471af886a3.e3iSbxaKaheRe3iNc3uNbNmQay1ynknvrkLOlQzNp65In0 HTTP/1.1" 200 2
172.22.2.4 - - [22/Mar/2024:01:10:50 -0500] "HEAD /BLA/boletinlegal/ HTTP/1.1" 200 -
201.245.192.253 - - [22/Mar/2024:01:12:50 -0500] "POST /kwsrmcab/Wsrmcab  HTTP/1.1" 200 37499
172.22.2.4 - - [22/Mar/2024:01:11:19 -0500] "HEAD /BLA/boletinlegal/ HTTP/1.1" 200 -
172.22.2.4 - - [22/Mar/2024:01:11:26 -0500] "GET /BLA/boletinlegal/ HTTP/1.1" 200 40264
207.46.13.31 - - [22/Mar/2024:01:13:13 -0500] "GET / HTTP/1.1" 200 4720
20.110.58.60 - - [22/Mar/2024:01:13:14 -0500] "GET / HTTP/1.1" 200 4720
40.77.167.60 - - [22/Mar/2024:01:13:15 -0500] "GET /favicon.ico HTTP/1.1" 404 1034
20.110.58.60 - - [22/Mar/2024:01:13:15 -0500] "GET /favicon.ico HTTP/1.1" 404 1034
207.46.13.31 - - [22/Mar/2024:01:13:16 -0500] "GET / HTTP/1.1" 200 4720
20.110.58.60 - - [22/Mar/2024:01:13:16 -0500] "GET / HTTP/1.1" 200 4720
40.77.167.60 - - [22/Mar/2024:01:13:17 -0500] "GET /favicon.ico HTTP/1.1" 404 1034
172.22.2.4 - - [22/Mar/2024:01:11:39 -0500] "HEAD /BLA/boletinlegal/ HTTP/1.1" 200 -
172.22.2.4 - - [22/Mar/2024:01:12:09 -0500] "GET /BLA/boletinlegal/ HTTP/1.1" 200 41968
172.22.2.4 - - [22/Mar/2024:01:12:23 -0500] "GET /BLA/boletinlegal/ HTTP/1.1" 200 45104
201.245.192.253 - - [22/Mar/2024:01:14:48 -0500] "POST /forms/lservlet;jsessionid=ac16012b30d65e7a44aedd6c4e8b8a078f956b9fbf50.e3iSbxaKaheRe3iNc3uNbNmQay1ynknvrkLOlQzNp65In0 HTTP/1.1" 200 2
52.167.144.228 - - [22/Mar/2024:01:15:20 -0500] "GET /autoliquidacion/solicitud%20de%20licencia%20ambiental/Lista%20de%20Chequeo%20(Licencia%20Ambiental).xls HTTP/1.1" 200 89600
201.245.192.253 - - [22/Mar/2024:01:15:27 -0500] "POST /forms/lservlet;jsessionid=ac16012b30d6a3adf64eb8e9433c86d0dc471af886a3.e3iSbxaKaheRe3iNc3uNbNmQay1ynknvrkLOlQzNp65In0 HTTP/1.1" 200 2
152.61.128.50 - - [22/Mar/2024:01:15:37 -0500] "GET /arcgis/services/Calidad_del_Agua_WQI/MapServer/WMSServer?request=GetCapabilities&service=WMS HTTP/1.1" 503 1020
152.61.128.50 - - [22/Mar/2024:01:15:39 -0500] "GET /arcgis/services/Calidad_del_Agua_WQI/MapServer/WMSServer?SERVICE=WMS&REQUEST=GetCapabilities HTTP/1.1" 503 1020
152.61.128.50 - - [22/Mar/2024:01:15:39 -0500] "GET /arcgis/services/Calidad_del_Agua_WQI/MapServer/WMSServer?WMTVER=1.0.0&REQUEST=capabilities HTTP/1.1" 503 1020
216.245.221.92 - - [22/Mar/2024:01:16:54 -0500] "HEAD / HTTP/1.1" 200 -
201.245.192.253 - - [22/Mar/2024:01:17:15 -0500] "POST /forms/lservlet;jsessionid=ac16012b30d65e7a44aedd6c4e8b8a078f956b9fbf50.e3iSbxaKaheRe3iNc3uNbNmQay1ynknvrkLOlQzNp65In0 HTTP/1.1" 200 2
201.245.192.253 - - [22/Mar/2024:01:17:54 -0500] "POST /forms/lservlet;jsessionid=ac16012b30d6a3adf64eb8e9433c86d0dc471af886a3.e3iSbxaKaheRe3iNc3uNbNmQay1ynknvrkLOlQzNp65In0 HTTP/1.1" 200 2
172.22.2.4 - - [22/Mar/2024:01:17:09 -0500] "HEAD /BLA/boletinlegal/ HTTP/1.1" 200 -
201.245.192.253 - - [22/Mar/2024:01:18:55 -0500] "POST /kwsrmcab/Wsrmcab HTTP/1.1" 200 37035
201.245.192.253 - - [22/Mar/2024:01:18:57 -0500] "POST /kwsrmcab/Wsrmcab  HTTP/1.1" 200 37499
201.245.192.253 - - [22/Mar/2024:01:19:00 -0500] "POST /kwsrmcab/Wsrmcab HTTP/1.1" 200 38083
201.245.192.253 - - [22/Mar/2024:01:19:15 -0500] "POST /forms/lservlet;jsessionid=ac16012b30d65e7a44aedd6c4e8b8a078f956b9fbf50.e3iSbxaKaheRe3iNc3uNbNmQay1ynknvrkLOlQzNp65In0 HTTP/1.1" 200 2
201.245.192.253 - - [22/Mar/2024:01:17:49 -0500] "POST /kwsrmcab/Wsrmcab  HTTP/1.1" 200 31845
201.245.192.253 - - [22/Mar/2024:01:19:28 -0500] "POST /kwsrmcab/Wsrmcab HTTP/1.1" 200 37762
172.22.2.4 - - [22/Mar/2024:01:17:59 -0500] "GET /BLA/boletinlegal/ HTTP/1.1" 200 53419
201.245.192.253 - - [22/Mar/2024:01:19:59 -0500] "POST /kwsrmcab/Wsrmcab  HTTP/1.1" 200 37499
201.245.192.253 - - [22/Mar/2024:01:20:26 -0500] "POST /kwsrmcab/Wsrmcab HTTP/1.1" 200 38083
216.244.66.195 - - [22/Mar/2024:01:21:05 -0500] "GET /robots.txt HTTP/1.1" 404 1018
201.245.192.253 - - [22/Mar/2024:01:21:25 -0500] "POST /forms/lservlet;jsessionid=ac16012b30d6a3adf64eb8e9433c86d0dc471af886a3.e3iSbxaKaheRe3iNc3uNbNmQay1ynknvrkLOlQzNp65In0 HTTP/1.1" 200 2
216.245.221.92 - - [22/Mar/2024:01:21:54 -0500] "HEAD / HTTP/1.1" 200 -
40.77.167.136 - - [22/Mar/2024:01:22:27 -0500] "GET /BLA/resoluciones/RESOLUCIONES%202021/4997.pdf HTTP/1.1" 304 -
201.245.192.253 - - [22/Mar/2024:01:22:47 -0500] "POST /forms/lservlet;jsessionid=ac16012b30d65e7a44aedd6c4e8b8a078f956b9fbf50.e3iSbxaKaheRe3iNc3uNbNmQay1ynknvrkLOlQzNp65In0 HTTP/1.1" 200 2
201.245.192.253 - - [22/Mar/2024:01:23:25 -0500] "POST /forms/lservlet;jsessionid=ac16012b30d6a3adf64eb8e9433c86d0dc471af886a3.e3iSbxaKaheRe3iNc3uNbNmQay1ynknvrkLOlQzNp65In0 HTTP/1.1" 200 2
40.77.167.32 - - [22/Mar/2024:01:23:29 -0500] "GET /BLA/resoluciones/AUTOS%202020/1928.pdf HTTP/1.1" 200 370238
66.249.66.19 - - [22/Mar/2024:01:23:37 -0500] "GET /Publicaciones/2024EE33798.pdf HTTP/1.1" 404 227
172.22.2.4 - - [22/Mar/2024:01:22:59 -0500] "HEAD /BLA/boletinlegal/ HTTP/1.1" 200 -
201.245.192.253 - - [22/Mar/2024:01:24:57 -0500] "POST /kwsrmcab/Wsrmcab  HTTP/1.1" 200 37499
172.22.2.4 - - [22/Mar/2024:01:25:06 -0500] "GET /BLA/boletinlegal/images/screen_3.png HTTP/1.1" 304 -
172.22.2.4 - - [22/Mar/2024:01:25:06 -0500] "GET /BLA/boletinlegal/robots.txt HTTP/1.1" 404 1038
172.22.2.4 - - [22/Mar/2024:01:23:49 -0500] "GET /BLA/boletinlegal/ HTTP/1.1" 200 58273
201.245.192.253 - - [22/Mar/2024:01:25:48 -0500] "POST /forms/lservlet;jsessionid=ac16012b30d65e7a44aedd6c4e8b8a078f956b9fbf50.e3iSbxaKaheRe3iNc3uNbNmQay1ynknvrkLOlQzNp65In0 HTTP/1.1" 200 2
201.245.192.253 - - [22/Mar/2024:01:26:27 -0500] "POST /forms/lservlet;jsessionid=ac16012b30d6a3adf64eb8e9433c86d0dc471af886a3.e3iSbxaKaheRe3iNc3uNbNmQay1ynknvrkLOlQzNp65In0 HTTP/1.1" 200 2
47.128.54.9 - - [22/Mar/2024:01:26:37 -0500] "GET /BLA/resoluciones/AUTOS%202021/0245.php?act=img&img=ext_pdf HTTP/1.1" 200 1034
47.128.54.9 - - [22/Mar/2024:01:26:37 -0500] "GET /BLA/resoluciones/AUTOS%202021/0245.php?act=img&img=ext_txt HTTP/1.1" 200 132
47.128.54.9 - - [22/Mar/2024:01:26:37 -0500] "GET /BLA/resoluciones/AUTOS%202021/0245.php?act=img&img=ext_gif HTTP/1.1" 200 175
47.128.54.9 - - [22/Mar/2024:01:26:37 -0500] "GET /BLA/resoluciones/AUTOS%202021/0245.php?act=img&img=ext_html HTTP/1.1" 200 230
47.128.54.9 - - [22/Mar/2024:01:26:37 -0500] "GET /BLA/resoluciones/AUTOS%202021/0245.php?act=img&img=ext_exe HTTP/1.1" 200 118
47.128.54.9 - - [22/Mar/2024:01:26:37 -0500] "GET /BLA/resoluciones/AUTOS%202021/0245.php?act=img&img=ext_ini HTTP/1.1" 200 134
47.128.54.9 - - [22/Mar/2024:01:26:38 -0500] "GET /BLA/resoluciones/AUTOS%202021/0245.php?act=img&img=change HTTP/1.1" 200 290
47.128.54.9 - - [22/Mar/2024:01:26:38 -0500] "GET /BLA/resoluciones/AUTOS%202021/0245.php?act=img&img=download HTTP/1.1" 200 161
47.128.54.9 - - [22/Mar/2024:01:26:38 -0500] "GET /BLA/resoluciones/AUTOS%202021/0245.php?act=img&img=ext_rtf HTTP/1.1" 200 164
