201.245.192.253 - - [22/Mar/2024:06:47:09 -0500] "POST /kwsrmcab/Wsrmcab  HTTP/1.1" 200 37499
201.245.192.253 - - [22/Mar/2024:06:47:23 -0500] "POST /forms/lservlet;jsessionid=ac16012b30d65e7a44aedd6c4e8b8a078f956b9fbf50.e3iSbxaKaheRe3iNc3uNbNmQay1ynknvrkLOlQzNp65In0 HTTP/1.1" 200 2
172.22.2.4 - - [22/Mar/2024:06:46:17 -0500] "HEAD /BLA/boletinlegal/ HTTP/1.1" 200 -
201.245.192.253 - - [22/Mar/2024:06:48:01 -0500] "POST /forms/lservlet;jsessionid=ac16012b30d6a3adf64eb8e9433c86d0dc471af886a3.e3iSbxaKaheRe3iNc3uNbNmQay1ynknvrkLOlQzNp65In0 HTTP/1.1" 200 2
191.156.158.229 - - [22/Mar/2024:06:48:07 -0500] "POST /appsia/controlador HTTP/1.1" 200 7732
191.156.149.210 - - [22/Mar/2024:06:48:08 -0500] "GET /appsia/images/logo_escudo.png HTTP/1.1" 200 36965
172.22.2.4 - - [22/Mar/2024:06:46:38 -0500] "HEAD /BLA/boletinlegal/ HTTP/1.1" 200 -
34.198.201.66 - - [22/Mar/2024:06:48:33 -0500] "HEAD / HTTP/1.1" 200 -
172.22.2.4 - - [22/Mar/2024:06:46:57 -0500] "GET /BLA/boletinlegal/ HTTP/1.1" 200 43593
172.22.2.4 - - [22/Mar/2024:06:47:18 -0500] "GET /BLA/boletinlegal/ HTTP/1.1" 200 45535
191.156.146.158 - - [22/Mar/2024:06:49:36 -0500] "POST /appsia/controlador HTTP/1.1" 200 4621
191.156.146.158 - - [22/Mar/2024:06:49:45 -0500] "POST /appsia/controlador HTTP/1.1" 200 4799
191.156.146.158 - - [22/Mar/2024:06:49:51 -0500] "GET /appsia/controlador HTTP/1.1" 200 4799
201.245.192.253 - - [22/Mar/2024:06:50:14 -0500] "POST /forms/lservlet;jsessionid=ac16012b30d65e7a44aedd6c4e8b8a078f956b9fbf50.e3iSbxaKaheRe3iNc3uNbNmQay1ynknvrkLOlQzNp65In0 HTTP/1.1" 200 2
186.102.108.148 - - [22/Mar/2024:06:50:26 -0500] "GET /kwssiamovil/sm/acme/u?s=U2FsdGVkX1+k1VDWSjmDejm0V63P/JI47xJ71J9Yl425O/ypiGQ7qXK4HXmcz+Otx3pUyS5CdwuNv/YygHajfj1unrmMy1QRRi+rn8QpfA5Um2HtKj0tHlrs9z8CJLf3bzPDEFZg7BM9hGq7bDIjsKNOOdgpRnA92WHxazMCDuc=&u=U2FsdGVkX18REDwpTflXenwo3pHwUrNqW37UDKG0XOg=&y=U2FsdGVkX1+772KUw2HjSX20A3Iw7nlcGud5EO/qrDg9mZGa6AVzZxLsu327HSIn HTTP/1.1" 200 60
201.245.192.253 - - [22/Mar/2024:06:50:53 -0500] "POST /forms/lservlet;jsessionid=ac16012b30d6a3adf64eb8e9433c86d0dc471af886a3.e3iSbxaKaheRe3iNc3uNbNmQay1ynknvrkLOlQzNp65In0 HTTP/1.1" 200 2
172.22.2.4 - - [22/Mar/2024:06:49:38 -0500] "HEAD /BLA/boletinlegal/ HTTP/1.1" 200 -
216.244.66.195 - - [22/Mar/2024:06:51:40 -0500] "GET /BLA/resoluciones/AUTOS%202010/6556.pdf HTTP/1.1" 200 157094
216.244.66.195 - - [22/Mar/2024:06:51:46 -0500] "GET /BLA/resoluciones/AUTOS%202023/3193.pdf HTTP/1.1" 200 422357
216.245.221.92 - - [22/Mar/2024:06:51:53 -0500] "HEAD / HTTP/1.1" 200 -
216.244.66.195 - - [22/Mar/2024:06:52:03 -0500] "GET /BLA/resoluciones/AUTOS%202023/3220.pdf HTTP/1.1" 200 341489
201.245.192.253 - - [22/Mar/2024:06:52:08 -0500] "POST /kwsrmcab/Wsrmcab  HTTP/1.1" 200 37499
172.22.2.4 - - [22/Mar/2024:06:50:29 -0500] "GET /BLA/boletinlegal/ HTTP/1.1" 200 58720
216.244.66.195 - - [22/Mar/2024:06:52:28 -0500] "GET /BLA/resoluciones/RESOLUCIONES%202016/0744.pdf HTTP/1.1" 200 250645
201.245.192.253 - - [22/Mar/2024:06:52:45 -0500] "POST /forms/lservlet;jsessionid=ac16012b30d65e7a44aedd6c4e8b8a078f956b9fbf50.e3iSbxaKaheRe3iNc3uNbNmQay1ynknvrkLOlQzNp65In0 HTTP/1.1" 200 2
216.244.66.195 - - [22/Mar/2024:06:52:51 -0500] "GET /BLA/resoluciones/RESOLUCIONES%202016/1813.pdf HTTP/1.1" 200 290026
216.244.66.195 - - [22/Mar/2024:06:53:13 -0500] "GET /BLA/resoluciones/RESOLUCIONES%202016/2305.pdf HTTP/1.1" 200 364272
201.245.192.253 - - [22/Mar/2024:06:53:23 -0500] "POST /forms/lservlet;jsessionid=ac16012b30d6a3adf64eb8e9433c86d0dc471af886a3.e3iSbxaKaheRe3iNc3uNbNmQay1ynknvrkLOlQzNp65In0 HTTP/1.1" 200 2
172.22.2.4 - - [22/Mar/2024:06:53:36 -0500] "GET /BLA/boletinlegal/normativa.php HTTP/1.1" 200 8397
216.244.66.195 - - [22/Mar/2024:06:53:36 -0500] "GET /BLA/resoluciones/RESOLUCIONES%202017/0061.pdf HTTP/1.1" 200 317800
172.22.2.4 - - [22/Mar/2024:06:53:36 -0500] "GET /BLA/boletinlegal/js/ajax_normativa.js HTTP/1.1" 200 1154
216.244.66.195 - - [22/Mar/2024:06:54:11 -0500] "GET /BLA/resoluciones/RESOLUCIONES%202017/2412.pdf HTTP/1.1" 200 303196
216.244.66.195 - - [22/Mar/2024:06:54:46 -0500] "GET /BLA/resoluciones/RESOLUCIONES%202017/2802.pdf HTTP/1.1" 200 331474
201.245.192.253 - - [22/Mar/2024:06:54:51 -0500] "GET /appsia/controlador HTTP/1.1" 200 4799
201.245.192.253 - - [22/Mar/2024:06:54:52 -0500] "GET /appsia/scripts/validarIngreso.js HTTP/1.1" 200 851
201.245.192.253 - - [22/Mar/2024:06:54:52 -0500] "GET /appsia/css/estilos.css HTTP/1.1" 200 4804
201.245.192.253 - - [22/Mar/2024:06:54:52 -0500] "GET /appsia/images/cabezoteHojaVida.png HTTP/1.1" 200 32493
201.245.192.253 - - [22/Mar/2024:06:54:52 -0500] "GET /appsia/images/logo_bogota_p.png HTTP/1.1" 200 14951
201.245.192.253 - - [22/Mar/2024:06:54:52 -0500] "GET /favicon.ico HTTP/1.1" 200 7782
201.245.192.253 - - [22/Mar/2024:06:54:54 -0500] "POST /appsia/controlador HTTP/1.1" 200 5437
201.245.192.253 - - [22/Mar/2024:06:55:01 -0500] "POST /appsia/controlador HTTP/1.1" 200 7781
201.245.192.253 - - [22/Mar/2024:06:55:03 -0500] "POST /appsia/controlador HTTP/1.1" 200 6646
201.245.192.253 - - [22/Mar/2024:06:55:04 -0500] "POST /appsia/controlador HTTP/1.1" 200 12472
201.245.192.253 - - [22/Mar/2024:06:55:17 -0500] "POST /forms/lservlet;jsessionid=ac16012b30d65e7a44aedd6c4e8b8a078f956b9fbf50.e3iSbxaKaheRe3iNc3uNbNmQay1ynknvrkLOlQzNp65In0 HTTP/1.1" 200 2
216.244.66.195 - - [22/Mar/2024:06:55:25 -0500] "GET /BLA/resoluciones/RESOLUCIONES%202017/3347.pdf HTTP/1.1" 200 430222
201.245.192.253 - - [22/Mar/2024:06:55:24 -0500] "POST /sipse/faces/presentacion/financiero/solicitudProceso/consultarSolicitudProceso.xhtml HTTP/1.1" 200 46642
201.245.192.253 - - [22/Mar/2024:06:55:25 -0500] "GET /sipse/js/jquery.min.js HTTP/1.1" 304 -
201.245.192.253 - - [22/Mar/2024:06:55:25 -0500] "GET /sipse/js/disable_browser_buttons.js HTTP/1.1" 304 -
201.245.192.253 - - [22/Mar/2024:06:55:25 -0500] "GET /sipse/css/custom_css_sg_prime.css HTTP/1.1" 304 -
201.245.192.253 - - [22/Mar/2024:06:55:25 -0500] "GET /sipse/css/custom_css_sg.css HTTP/1.1" 304 -
201.245.192.253 - - [22/Mar/2024:06:55:25 -0500] "GET /sipse/faces/javax.faces.resource/primefaces.css?ln=primefaces&v=4.0 HTTP/1.1" 304 -
201.245.192.253 - - [22/Mar/2024:06:55:25 -0500] "GET /sipse/faces/javax.faces.resource/theme.css?ln=primefaces-sipse HTTP/1.1" 304 -
201.245.192.253 - - [22/Mar/2024:06:55:25 -0500] "GET /sipse/faces/javax.faces.resource/layout/layout.css?ln=primefaces&v=4.0 HTTP/1.1" 304 -
201.245.192.253 - - [22/Mar/2024:06:55:25 -0500] "GET /sipse/js/funciones.js HTTP/1.1" 304 -
201.245.192.253 - - [22/Mar/2024:06:55:25 -0500] "GET /sipse/faces/javax.faces.resource/jquery/jquery.js?ln=primefaces&v=4.0 HTTP/1.1" 304 -
201.245.192.253 - - [22/Mar/2024:06:55:25 -0500] "GET /sipse/faces/javax.faces.resource/jquery/jquery-plugins.js?ln=primefaces&v=4.0 HTTP/1.1" 304 -
201.245.192.253 - - [22/Mar/2024:06:55:25 -0500] "GET /sipse/faces/javax.faces.resource/primefaces.js?ln=primefaces&v=4.0 HTTP/1.1" 304 -
201.245.192.253 - - [22/Mar/2024:06:55:25 -0500] "GET /sipse/faces/javax.faces.resource/layout/layout.js?ln=primefaces&v=4.0 HTTP/1.1" 304 -
201.245.192.253 - - [22/Mar/2024:06:55:25 -0500] "GET /sipse/imagenes/cargando.gif HTTP/1.1" 304 -
201.245.192.253 - - [22/Mar/2024:06:55:25 -0500] "GET /sipse/css/imagen/logoSDG.png HTTP/1.1" 304 -
201.245.192.253 - - [22/Mar/2024:06:55:25 -0500] "GET /sipse/css/imagen/contrasena.png HTTP/1.1" 404 383
201.245.192.253 - - [22/Mar/2024:06:55:25 -0500] "GET /sipse/faces/javax.faces.resource/images/ui-icons_898989_256x240.png?ln=primefaces-aristo HTTP/1.1" 304 -
201.245.192.253 - - [22/Mar/2024:06:55:32 -0500] "GET /sipse/faces/javax.faces.resource/images/ui-bg_flat_0_2d5972_40x100.png?ln=primefaces-aristo HTTP/1.1" 304 -
157.55.39.56 - - [22/Mar/2024:06:55:38 -0500] "GET /bogota-fue-calificada-y-reconocida-internacionalmente-por-avanzar-en-la-accion-climatica.html HTTP/1.1" 200 963
201.245.192.253 - - [22/Mar/2024:06:55:32 -0500] "POST /sipse/faces/presentacion/financiero/solicitudProceso/consultar.xhtml HTTP/1.1" 200 189779
201.245.192.253 - - [22/Mar/2024:06:55:41 -0500] "GET /sipse/faces/javax.faces.resource/theme.css?ln=primefaces-sipse HTTP/1.1" 304 -
201.245.192.253 - - [22/Mar/2024:06:55:41 -0500] "GET /sipse/faces/javax.faces.resource/primefaces.css?ln=primefaces&v=4.0 HTTP/1.1" 304 -
201.245.192.253 - - [22/Mar/2024:06:55:41 -0500] "GET /sipse/faces/javax.faces.resource/layout/layout.css?ln=primefaces&v=4.0 HTTP/1.1" 304 -
201.245.192.253 - - [22/Mar/2024:06:55:41 -0500] "GET /sipse/faces/javax.faces.resource/jquery/jquery.js?ln=primefaces&v=4.0 HTTP/1.1" 304 -
201.245.192.253 - - [22/Mar/2024:06:55:41 -0500] "GET /sipse/faces/javax.faces.resource/jquery/jquery-plugins.js?ln=primefaces&v=4.0 HTTP/1.1" 304 -
201.245.192.253 - - [22/Mar/2024:06:55:41 -0500] "GET /sipse/faces/javax.faces.resource/primefaces.js?ln=primefaces&v=4.0 HTTP/1.1" 304 -
201.245.192.253 - - [22/Mar/2024:06:55:41 -0500] "GET /sipse/faces/javax.faces.resource/layout/layout.js?ln=primefaces&v=4.0 HTTP/1.1" 304 -
201.245.192.253 - - [22/Mar/2024:06:55:55 -0500] "POST /forms/lservlet;jsessionid=ac16012b30d6a3adf64eb8e9433c86d0dc471af886a3.e3iSbxaKaheRe3iNc3uNbNmQay1ynknvrkLOlQzNp65In0 HTTP/1.1" 200 2
216.244.66.195 - - [22/Mar/2024:06:56:04 -0500] "GET /BLA/resoluciones/RESOLUCIONES%202017/3731.pdf HTTP/1.1" 200 281142
216.244.66.195 - - [22/Mar/2024:06:56:38 -0500] "GET /BLA/resoluciones/RESOLUCIONES%202019/0357.pdf HTTP/1.1" 200 297612
173.252.127.9 - - [22/Mar/2024:06:56:46 -0500] "GET /distrito-declara-alerta-zonal-por-deterioro-de-calidad-de-aire-y-toma-nuevas-decisiones-en-materia-de-movilidad.html HTTP/1.1" 200 860
216.245.221.92 - - [22/Mar/2024:06:56:53 -0500] "HEAD / HTTP/1.1" 200 -
201.245.192.253 - - [22/Mar/2024:06:57:05 -0500] "POST /kwsrmcab/Wsrmcab  HTTP/1.1" 200 37499
172.22.2.4 - - [22/Mar/2024:06:55:28 -0500] "HEAD /BLA/boletinlegal/ HTTP/1.1" 200 -
216.244.66.195 - - [22/Mar/2024:06:57:09 -0500] "GET /BLA/resoluciones/RESOLUCIONES%202019/0962.pdf HTTP/1.1" 200 376933
201.245.192.253 - - [22/Mar/2024:06:57:17 -0500] "POST /forms/lservlet;jsessionid=ac16012b30d65e7a44aedd6c4e8b8a078f956b9fbf50.e3iSbxaKaheRe3iNc3uNbNmQay1ynknvrkLOlQzNp65In0 HTTP/1.1" 200 2
216.244.66.195 - - [22/Mar/2024:06:57:38 -0500] "GET /BLA/resoluciones/RESOLUCIONES%202019/1226.pdf HTTP/1.1" 200 341462
172.22.2.4 - - [22/Mar/2024:06:56:19 -0500] "GET /BLA/boletinlegal/ HTTP/1.1" 200 58273
201.245.192.253 - - [22/Mar/2024:06:58:06 -0500] "POST /forms/lservlet;jsessionid=ac16012b30d6a3adf64eb8e9433c86d0dc471af886a3.e3iSbxaKaheRe3iNc3uNbNmQay1ynknvrkLOlQzNp65In0 HTTP/1.1" 200 2
216.244.66.195 - - [22/Mar/2024:06:58:11 -0500] "GET /BLA/resoluciones/RESOLUCIONES%202019/1967.pdf HTTP/1.1" 200 468302
216.244.66.195 - - [22/Mar/2024:06:58:38 -0500] "GET /BLA/resoluciones/RESOLUCIONES%202019/3696.pdf HTTP/1.1" 200 275056
216.244.66.195 - - [22/Mar/2024:06:59:07 -0500] "GET /BLA/resoluciones/RESOLUCIONES%202019/3774.pdf HTTP/1.1" 200 973846
201.245.192.253 - - [22/Mar/2024:06:59:28 -0500] "POST /forms/lservlet;jsessionid=ac16012b30d65e7a44aedd6c4e8b8a078f956b9fbf50.e3iSbxaKaheRe3iNc3uNbNmQay1ynknvrkLOlQzNp65In0 HTTP/1.1" 200 2
216.244.66.195 - - [22/Mar/2024:06:59:51 -0500] "GET /BLA/resoluciones/RESOLUCIONES%202019/3805.pdf HTTP/1.1" 200 709520
201.245.192.253 - - [22/Mar/2024:07:00:06 -0500] "POST /forms/lservlet;jsessionid=ac16012b30d6a3adf64eb8e9433c86d0dc471af886a3.e3iSbxaKaheRe3iNc3uNbNmQay1ynknvrkLOlQzNp65In0 HTTP/1.1" 200 2
201.245.192.253 - - [22/Mar/2024:07:01:41 -0500] "POST /forms/lservlet;jsessionid=ac16012b30d65e7a44aedd6c4e8b8a078f956b9fbf50.e3iSbxaKaheRe3iNc3uNbNmQay1ynknvrkLOlQzNp65In0 HTTP/1.1" 200 2
114.119.135.143 - - [22/Mar/2024:07:01:45 -0500] "GET /BLA/resoluciones/index.php?dir=Notificaciones/RESOLUCIONES%2B2016/&sort=date&order=asc HTTP/1.1" 200 14374
172.22.2.4 - - [22/Mar/2024:07:01:50 -0500] "GET /BLA/boletinlegal/actos.php HTTP/1.1" 200 9738
216.245.221.92 - - [22/Mar/2024:07:01:53 -0500] "HEAD / HTTP/1.1" 200 -
186.83.246.35 - - [22/Mar/2024:07:01:54 -0500] "GET /BLA/resoluciones/ HTTP/1.1" 200 14105
201.245.192.253 - - [22/Mar/2024:07:02:04 -0500] "POST /kwsrmcab/Wsrmcab  HTTP/1.1" 200 37499
186.83.246.35 - - [22/Mar/2024:07:02:05 -0500] "GET /BLA/resoluciones/index.php?dir=AUTOS+2023%2F HTTP/1.1" 200 514165
47.128.41.42 - - [22/Mar/2024:07:02:11 -0500] "GET /robots.txt HTTP/1.1" 404 1035
201.245.192.253 - - [22/Mar/2024:07:02:20 -0500] "POST /forms/lservlet;jsessionid=ac16012b30d6a3adf64eb8e9433c86d0dc471af886a3.e3iSbxaKaheRe3iNc3uNbNmQay1ynknvrkLOlQzNp65In0 HTTP/1.1" 200 2
172.22.2.4 - - [22/Mar/2024:07:01:18 -0500] "HEAD /BLA/boletinlegal/ HTTP/1.1" 200 -
47.128.37.19 - - [22/Mar/2024:07:03:21 -0500] "GET /portaldeninos/ HTTP/1.1" 200 110175
47.128.37.19 - - [22/Mar/2024:07:03:25 -0500] "GET /portaldeninos/wp-content/uploads/2021/06/titulo-miambiente-ni%C3%B1os.png HTTP/1.1" 200 11944
47.128.37.19 - - [22/Mar/2024:07:03:25 -0500] "GET /portaldeninos/wp-content/uploads/2021/06/titulo-cabezote-ni%C3%B1os.png HTTP/1.1" 200 64425
47.128.37.19 - - [22/Mar/2024:07:03:25 -0500] "GET /portaldeninos/wp-content/uploads/2019/08/Logo-Ambientic.png HTTP/1.1" 200 22941
47.128.37.19 - - [22/Mar/2024:07:03:27 -0500] "GET /portaldeninos/wp-content/uploads/2021/06/titulo-videos-ni%C3%B1os.png HTTP/1.1" 200 10502
47.128.37.19 - - [22/Mar/2024:07:03:26 -0500] "GET /portaldeninos/wp-content/uploads/2020/01/Tierra-escenario.jpg HTTP/1.1" 200 181491
47.128.37.19 - - [22/Mar/2024:07:03:27 -0500] "GET /portaldeninos/wp-content/uploads/2021/06/titulo-humedales-ni%C3%B1os.png HTTP/1.1" 200 13361
47.128.37.19 - - [22/Mar/2024:07:03:25 -0500] "GET /portaldeninos/wp-content/uploads/2018/10/oso.jpg HTTP/1.1" 200 305180
47.128.37.19 - - [22/Mar/2024:07:03:26 -0500] "GET /portaldeninos/wp-content/uploads/2018/11/caneca.jpg HTTP/1.1" 200 262661
47.128.37.19 - - [22/Mar/2024:07:03:28 -0500] "GET /portaldeninos/wp-content/uploads/2020/05/fb.jpg HTTP/1.1" 200 9893
47.128.37.19 - - [22/Mar/2024:07:03:25 -0500] "GET /portaldeninos/wp-content/uploads/2020/01/Frailejon-escenario.jpg HTTP/1.1" 200 357472
47.128.37.19 - - [22/Mar/2024:07:03:29 -0500] "GET /portaldeninos/wp-content/uploads/2020/05/ig.jpg HTTP/1.1" 200 11470
47.128.37.19 - - [22/Mar/2024:07:03:25 -0500] "GET /portaldeninos/wp-content/uploads/2018/11/tigrillo.jpg HTTP/1.1" 200 402961
47.128.37.19 - - [22/Mar/2024:07:03:29 -0500] "GET /portaldeninos/wp-content/uploads/2020/06/yt.jpg HTTP/1.1" 200 10577
47.128.37.19 - - [22/Mar/2024:07:03:29 -0500] "GET /portaldeninos/wp-content/uploads/2020/06/tw.jpg HTTP/1.1" 200 11056
47.128.37.19 - - [22/Mar/2024:07:03:29 -0500] "GET /portaldeninos/wp-json/pum/v1/analytics/?event=open&pid=1126&_cache=1711109028952 HTTP/1.1" 204 -
47.128.37.19 - - [22/Mar/2024:07:03:28 -0500] "GET /portaldeninos/wp-content/uploads/2022/08/Infograf%C3%ADa-humedales-actualizada.png HTTP/1.1" 200 588022
172.22.2.4 - - [22/Mar/2024:07:03:32 -0500] "GET /BLA/boletinlegal/normativa.php HTTP/1.1" 200 8397
172.22.2.4 - - [22/Mar/2024:07:03:44 -0500] "GET /BLA/boletinlegal/actos.php HTTP/1.1" 200 9738
125.236.150.12 - - [22/Mar/2024:07:03:48 -0500] "GET /robots.txt HTTP/1.1" 404 1035
172.22.2.4 - - [22/Mar/2024:07:02:09 -0500] "GET /BLA/boletinlegal/ HTTP/1.1" 200 58720
47.128.37.19 - - [22/Mar/2024:07:03:27 -0500] "GET /portaldeninos/wp-content/uploads/2022/08/HUmedalConejera03-1.jpg HTTP/1.1" 200 7076100
201.245.192.253 - - [22/Mar/2024:07:04:26 -0500] "POST /forms/lservlet;jsessionid=ac16012b30d65e7a44aedd6c4e8b8a078f956b9fbf50.e3iSbxaKaheRe3iNc3uNbNmQay1ynknvrkLOlQzNp65In0 HTTP/1.1" 200 2
201.245.192.253 - - [22/Mar/2024:07:04:31 -0500] "POST /appsia/controlador HTTP/1.1" 200 7781
201.245.192.253 - - [22/Mar/2024:07:04:52 -0500] "POST /appsia/controlador HTTP/1.1" 200 6646
201.245.192.253 - - [22/Mar/2024:07:04:53 -0500] "POST /appsia/controlador HTTP/1.1" 200 11330
172.22.2.4 - - [22/Mar/2024:07:04:06 -0500] "GET /BLA/boletinlegal/ HTTP/1.1" 200 40907
201.245.192.253 - - [22/Mar/2024:07:05:05 -0500] "POST /forms/lservlet;jsessionid=ac16012b30d6a3adf64eb8e9433c86d0dc471af886a3.e3iSbxaKaheRe3iNc3uNbNmQay1ynknvrkLOlQzNp65In0 HTTP/1.1" 200 2
201.245.192.253 - - [22/Mar/2024:07:05:23 -0500] "POST /appsia/controlador HTTP/1.1" 200 7781
201.245.192.253 - - [22/Mar/2024:07:05:29 -0500] "POST /appsia/controlador HTTP/1.1" 200 6646
201.245.192.253 - - [22/Mar/2024:07:05:30 -0500] "POST /appsia/controlador HTTP/1.1" 200 11300
201.245.192.253 - - [22/Mar/2024:07:05:52 -0500] "POST /appsia/controlador HTTP/1.1" 200 7781
201.245.192.253 - - [22/Mar/2024:07:06:06 -0500] "POST /appsia/controlador HTTP/1.1" 200 6646
201.245.192.253 - - [22/Mar/2024:07:06:07 -0500] "POST /appsia/controlador HTTP/1.1" 200 12470
201.245.192.253 - - [22/Mar/2024:07:06:16 -0500] "POST /appsia/controlador HTTP/1.1" 200 7781
201.245.192.253 - - [22/Mar/2024:07:06:22 -0500] "POST /appsia/controlador HTTP/1.1" 200 6646
201.245.192.253 - - [22/Mar/2024:07:06:23 -0500] "POST /appsia/controlador HTTP/1.1" 200 11330
216.245.221.92 - - [22/Mar/2024:07:06:53 -0500] "HEAD / HTTP/1.1" 200 -
201.245.192.253 - - [22/Mar/2024:07:07:03 -0500] "POST /kwsrmcab/Wsrmcab  HTTP/1.1" 200 37499
201.245.192.253 - - [22/Mar/2024:07:08:02 -0500] "POST /forms/lservlet;jsessionid=ac16012b30d65e7a44aedd6c4e8b8a078f956b9fbf50.e3iSbxaKaheRe3iNc3uNbNmQay1ynknvrkLOlQzNp65In0 HTTP/1.1" 200 2
201.245.192.253 - - [22/Mar/2024:07:08:40 -0500] "POST /forms/lservlet;jsessionid=ac16012b30d6a3adf64eb8e9433c86d0dc471af886a3.e3iSbxaKaheRe3iNc3uNbNmQay1ynknvrkLOlQzNp65In0 HTTP/1.1" 200 2
172.22.2.4 - - [22/Mar/2024:07:07:08 -0500] "HEAD /BLA/boletinlegal/ HTTP/1.1" 200 -
146.70.207.199 - - [22/Mar/2024:07:09:00 -0500] "GET /portaldeninos/ HTTP/1.0" 200 110175
146.70.207.199 - - [22/Mar/2024:07:09:02 -0500] "GET /portaldeninos/contactanos/ HTTP/1.0" 200 88135
146.70.207.199 - - [22/Mar/2024:07:09:05 -0500] "GET /portaldeninos/contactanos/index.php HTTP/1.0" 301 -
146.70.207.199 - - [22/Mar/2024:07:09:06 -0500] "GET /portaldeninos/contactanos/index.php HTTP/1.0" 301 -
146.70.207.199 - - [22/Mar/2024:07:09:06 -0500] "GET /portaldeninos/contactanos/index.php HTTP/1.0" 301 -
207.46.13.6 - - [22/Mar/2024:07:09:36 -0500] "GET /portaldeninos/wp-content/uploads/2019/09/Pino-Romer%C3%B3n-%C3%A1rboles.jpg HTTP/1.1" 200 414717
172.22.2.4 - - [22/Mar/2024:07:07:59 -0500] "GET /BLA/boletinlegal/ HTTP/1.1" 200 53419
201.245.192.253 - - [22/Mar/2024:07:10:00 -0500] "POST /appsia/controlador HTTP/1.1" 200 7781
201.245.192.253 - - [22/Mar/2024:07:10:02 -0500] "POST /appsia/controlador HTTP/1.1" 200 6646
201.245.192.253 - - [22/Mar/2024:07:10:02 -0500] "POST /forms/lservlet;jsessionid=ac16012b30d65e7a44aedd6c4e8b8a078f956b9fbf50.e3iSbxaKaheRe3iNc3uNbNmQay1ynknvrkLOlQzNp65In0 HTTP/1.1" 200 2
201.245.192.253 - - [22/Mar/2024:07:10:03 -0500] "POST /appsia/controlador HTTP/1.1" 200 12472
191.102.207.218 - - [22/Mar/2024:07:10:09 -0500] "GET /appsia/controlador HTTP/1.1" 200 4799
191.102.207.218 - - [22/Mar/2024:07:10:12 -0500] "POST /appsia/controlador HTTP/1.1" 200 5437
191.102.207.218 - - [22/Mar/2024:07:10:14 -0500] "POST /appsia/controlador HTTP/1.1" 200 7773
191.102.207.218 - - [22/Mar/2024:07:10:16 -0500] "POST /appsia/controlador HTTP/1.1" 200 6638
191.102.207.218 - - [22/Mar/2024:07:10:18 -0500] "POST /appsia/controlador HTTP/1.1" 200 10968
201.245.192.253 - - [22/Mar/2024:07:10:18 -0500] "POST /appsia/controlador HTTP/1.1" 200 7781
186.102.108.148 - - [22/Mar/2024:07:10:20 -0500] "GET /kwssiamovil/sm/acme/a?s=U2FsdGVkX18XFiFE0k1nghCiAhW1rREzafGC26e89m2QOiCkyLqMX+QvrI753LeqyHhwmFs/sf0zUTnLyhK836oidkrK+HRy8dNG75AIkMCSSPOhCGePiXt+pAif+poh2nqz13xQIOTpZrH78PaJy/HxrrCHC6pvBUQpKSHgHhLWdbW5HPgY5KrWSkad8nnb4/msRUcQmTrJHEGCR9MeUGGl/N1gYKWYmnEdNAIMVFzQ4KC7o4VccRX9jQPMFxvX9UV/lcZoG5ctOJM/iBnVJQ==&u=U2FsdGVkX18REDwpTflXenwo3pHwUrNqW37UDKG0XOg=&y=U2FsdGVkX1+772KUw2HjSX20A3Iw7nlcGud5EO/qrDg9mZGa6AVzZxLsu327HSIn HTTP/1.1" 200 26
186.102.108.148 - - [22/Mar/2024:07:10:21 -0500] "GET /kwssiamovil/sm/acme/a?s=U2FsdGVkX18ZAJmpGf1k0CvYcze3HQHX+7hwEWhDuP/S9PuCFqgQu8k5URGL9aJbX1T6BuSTVpP0GSOsuRjGEgPZThR1/f/JW8pMnZlZ/4Nug64NAYVIlPasUeQSoArlTbK2WJWnQoHp4QeMAuAKD0qGYMS7FTi8IQoI7BYUeQzFbf1sWA2N1tZAq+XJ78fvL4w72Cl3ww6n+v9kTXftfb2ua1FezXXRAZeGpXsbgRtNZm6O/dKANz6uIqTPSTnuNa0iOffeq+YgVhJubqh4++onLy+oTE0AzVh2MczTcVLhOBQUPpVKb6WHqiLx/eAB33FdwVwBx7tmwAHxAozwwMT0gIi761GePs7AUcNdaUDeZ4X2hiUvjpCIMXGBxMYiRTwo37an659OOjsXZZjxGTR8GdQauC4m3uZ1boi/Cu86Qm8sqxkIH1vHHFavaBMifDCKu4MVf55RETg5KX7G9b/MRz0yJyKzmP888gP4sggjTn3rvEEO/05nCoxgaRHFCznT2NCxfjeaO49zAaz9HdmkbfE0T9nT0d3O8fy0KKalcPU6sVoVhCSxdkkOjT9AVChpi50U0G2D3WQn0XuiH0oZhfFiphCGucV7+0CFSdHSLQJuwlEtuGj+9WvOJ1riG0rYEcXUC/pDDpElWfgJgrvVn0LV1NS0vu579g+eH4EDs4zdefc8xSKTQ1nWMPYqCzLTTxviBbE6i7sLg6/AqQ2sjcgvv/L0qe68ZcJrFQyVeXRFAKfN6eQ/pJ2RmiHciBtyNYNgth+dbRbwYYJ/hPiedapLNr+GBACgEaxYl9ATjFzaVJfAwA2WpF3OASBSegA8NJb1zW5NllaqapoqPFh8EXX8so3yo0nIP05eqwGfgiaYReGdH60Nh3qGFb85ALyo5tVTvu8XYnuuRVVaZTSUalUqtzGXaE0fVrry1yqOS9ElW3Jr6w1kqDYQA+Nypur6v7HHSx/NI0UjJZBw5B8khEp10cWMbTX1NWpqyjvI+ErFbUDlKOl+OyFiMQl7QXZX2Egy5tsr2OVpG/uM6TLtn7GwBm0shnmRys1K5RnXw540nCZdhaEUXlPeY9DwPA2NSmZBsdm2cBig0/nbUAtkwEO3f2MYmRISeJAI+K0HEkgr97gDDg/cYKNZHfRFqWh7N/vNmw3D7BygQ7YNa3fiTXJ7N7abqxMco4w4wme6Tetme9x+D7y5BbsRSQ2rzGXdYy/mWpNORXv+5EvGtgsma4QRl4PtpcrkGOE5SjQS1/u3oUFOVtVweCIOODmkfN09bvPD/PmV4SXHWZP5j+Ya9FWadfdbBpCZ6COqt0EWVRi+mdJImtAWuJtOSRXjMCdPF7g9jRFX8mUw83gEWQ6JjCx6QY0ZojcQa3IKE7Z5C2h1r2qEGOX+7JeMXuGVrVYWzF4E9LFPq/ji9BLOl8qQhd8D+jmx094aVVaLV7mRMhRTtmu92Ls1f96x07rYXG7aVd+IlkAQ6FRaz6B4gMYzquD6SMueGLro/jAqmlcwOzmWy4vnWyJbUBW5Gy0EV2EGoEIgTzPzg02ybVvQ62mzMw6QZ3te9QujUG/Yc6fxU+HMoxRAKHLCzR9bnLNVCNAI7Ne3uzo4CSJYRUmkRPkUOp8xDNDtE+WsCL5+vMFRc8X5br3uylSuxhjrestqLwPTvddGwHMz1svHFPCROvBEU/tunalpCUo2up0HnhR4QzVUfojCi48OCxRf8zUPX5spSQRCWcsX1gUo+BnzCqhPxUtyIMgWcpH6NJHbzg96IuJ1L7kzeoxFZ/V4Is3lMoohndtvUmC1GCxSRiFF/m5KMoii9+UBAinP+1Vn5QcqpQFuUG1cTj5x6u0I9HKu3HSQFGfNDhnmed4llNiYUlG+5aMYsXYonygAJeSLTgYKF536ihpalJBKPjtTHpm5RIz8ECVWMJdQil5/5pH2qp8Sg63Mars/mPNn9UMJozfZjUozbFFm7J+SQVf9NoT2twJ1Ax+76/jwJ4gppzpENIqyFim6lbjwksfrqyqqRiL01YJc/vsCc7tS0Mm2EVm4&u=U2FsdGVkX18REDwpTflXenwo3pHwUrNqW37UDKG0XOg=&y=U2FsdGVkX1+772KUw2HjSX20A3Iw7nlcGud5EO/qrDg9mZGa6AVzZxLsu327HSIn HTTP/1.1" 200 26
186.102.108.148 - - [22/Mar/2024:07:10:21 -0500] "GET /kwssiamovil/sm/acme/a?s=U2FsdGVkX18G7WBWA/iiihwk5lu/i1RU9hmkma0umWGcDXVpw2NfljxsqJqx/ZlD+We65MsfD17sf5uxwleLOaTmmGZrwm/qtfvNwqf/0HeduaRRSiDEqWjuxRgSWmSnwkbLrRf2vSWFE+PhYw1jIjt0Blbar06x5Am7GPbAqpc=&u=U2FsdGVkX18REDwpTflXenwo3pHwUrNqW37UDKG0XOg=&y=U2FsdGVkX1+772KUw2HjSX20A3Iw7nlcGud5EO/qrDg9mZGa6AVzZxLsu327HSIn HTTP/1.1" 200 26
186.102.108.148 - - [22/Mar/2024:07:10:21 -0500] "GET /kwssiamovil/sm/acme/a?s=U2FsdGVkX1/iWWjXhgkMLo7oyJ6Q8Qp/MBBFdop9XaicPZZ9StW6nbtY3FF7AQ0+6o6K0+MyGpn8WEu/L1NbnkgOouiVMRHFxmM3vPN/N91DmfJNoef+yz6ILrZb9BOohwkGXhQVv41mZn+nCVQeC1gm/KBZ1EB6mwsY1W83ge4=&u=U2FsdGVkX18REDwpTflXenwo3pHwUrNqW37UDKG0XOg=&y=U2FsdGVkX1+772KUw2HjSX20A3Iw7nlcGud5EO/qrDg9mZGa6AVzZxLsu327HSIn HTTP/1.1" 200 26
186.102.108.148 - - [22/Mar/2024:07:10:22 -0500] "GET /kwssiamovil/sm/acme/a?s=U2FsdGVkX19zk7CIM4lXodi/XoYeJfhsXp3wwJO1PU4afMGO5MHVOiW4FGKCxp8C1BYWXOUOk2gAucL87g2fKQdC0Nplftpe1PPtk7QybTk9QmWssjrJmdaFaPewcivjR+GpwNQRlj3Emmo4Gtmb6jVAvSgD49wiKye8e4Xjac4=&u=U2FsdGVkX18REDwpTflXenwo3pHwUrNqW37UDKG0XOg=&y=U2FsdGVkX1+772KUw2HjSX20A3Iw7nlcGud5EO/qrDg9mZGa6AVzZxLsu327HSIn HTTP/1.1" 200 26
186.102.108.148 - - [22/Mar/2024:07:10:22 -0500] "GET /kwssiamovil/sm/acme/a?s=U2FsdGVkX1/Eka/ganipm2Ao2L5xw0iq5BLaMNC9smdamHaE/zZTh8IyPw6j5zx++iLCHkxAJqDxE7BZm/J4BhliO7fn7xz9fuSxaVpAm+y+gqxQKwUOs2QHe2yRsE2yPO+dZ/CF32OcoxZ2t5LDV8J1QFBuZ3J/t1xZdpu+dyfoZegJfFWeJI1feF2//Tqc&u=U2FsdGVkX18REDwpTflXenwo3pHwUrNqW37UDKG0XOg=&y=U2FsdGVkX1+772KUw2HjSX20A3Iw7nlcGud5EO/qrDg9mZGa6AVzZxLsu327HSIn HTTP/1.1" 200 26
186.102.108.148 - - [22/Mar/2024:07:10:22 -0500] "GET /kwssiamovil/sm/acme/a?s=U2FsdGVkX1/WlRiXaLecS07X+kinq901VCQoEZ1d0Ncgh+lPyA5YneS5QiHldxXaArePnA9xxN7LokDnq4PPfZWjVt6uvrqHeLAwsdIwnPNEgRYyRuunuiQNTvurAz6S32TNKyjXojOvbOw9f3C7CUFg8SJlWJ68dvul4ipj7xwK4EznxdMsK81kfNfzgaZfbCME8nmdlQwHuyIDym0VrVlfWy8cx7PcAy6EBf2lq8Y=&u=U2FsdGVkX18REDwpTflXenwo3pHwUrNqW37UDKG0XOg=&y=U2FsdGVkX1+772KUw2HjSX20A3Iw7nlcGud5EO/qrDg9mZGa6AVzZxLsu327HSIn HTTP/1.1" 200 26
186.102.108.148 - - [22/Mar/2024:07:10:22 -0500] "GET /kwssiamovil/sm/acme/a?s=U2FsdGVkX1/1M5e8I3qWt/2pinBLsXWY94IyW/m4WSKTL8XcLPIL8UlBSYom4hBoYsIQaCEwFKQPjDHVcL7kQQs+hpLGWQYAnBxHipqABU4865M+vfns/A7pUiWFieN4JdH8llayCkOCifXeXbU0jC9NE0DIcka54rPYJw2LR9uZoiBGx4owyk+dQxWehMEb&u=U2FsdGVkX18REDwpTflXenwo3pHwUrNqW37UDKG0XOg=&y=U2FsdGVkX1+772KUw2HjSX20A3Iw7nlcGud5EO/qrDg9mZGa6AVzZxLsu327HSIn HTTP/1.1" 200 26
172.22.2.4 - - [22/Mar/2024:07:08:46 -0500] "GET /BLA/boletinlegal/ HTTP/1.1" 200 58273
201.245.192.253 - - [22/Mar/2024:07:10:29 -0500] "POST /appsia/controlador HTTP/1.1" 200 6646
201.245.192.253 - - [22/Mar/2024:07:10:30 -0500] "POST /appsia/controlador HTTP/1.1" 200 11690
201.245.192.253 - - [22/Mar/2024:07:10:51 -0500] "POST /forms/lservlet;jsessionid=ac16012b30d6a3adf64eb8e9433c86d0dc471af886a3.e3iSbxaKaheRe3iNc3uNbNmQay1ynknvrkLOlQzNp65In0 HTTP/1.1" 200 2
40.77.167.54 - - [22/Mar/2024:07:11:32 -0500] "GET /BLA/resoluciones/AUTOS%202014/2458.pdf HTTP/1.1" 304 -
47.128.23.219 - - [22/Mar/2024:07:11:44 -0500] "GET /BLA/resoluciones/AUTOS%202021/0245.php?act=f&d=E%3A%5Cnuevo%5Chtdocs%5CBLA%5Cresoluciones%5CAUTOS+2021%5C&f=4042.pdf&ft=img HTTP/1.1" 200 15951
47.128.23.219 - - [22/Mar/2024:07:11:45 -0500] "GET /BLA/resoluciones/AUTOS%202021/0245.php?act=img&img=ext_html HTTP/1.1" 200 230
47.128.23.219 - - [22/Mar/2024:07:11:45 -0500] "GET /BLA/resoluciones/AUTOS%202021/0245.php?act=img&img=ext_txt HTTP/1.1" 200 132
47.128.23.219 - - [22/Mar/2024:07:11:45 -0500] "GET /BLA/resoluciones/AUTOS%202021/0245.php?act=img&img=ext_diz HTTP/1.1" 200 1027
47.128.23.219 - - [22/Mar/2024:07:11:45 -0500] "GET /BLA/resoluciones/AUTOS%202021/0245.php?act=img&img=ext_pdf HTTP/1.1" 200 1034
47.128.23.219 - - [22/Mar/2024:07:11:45 -0500] "GET /BLA/resoluciones/AUTOS%202021/0245.php?act=img&img=ext_exe HTTP/1.1" 200 118
47.128.23.219 - - [22/Mar/2024:07:11:45 -0500] "GET /BLA/resoluciones/AUTOS%202021/0245.php?act=img&img=ext_gif HTTP/1.1" 200 175
47.128.23.219 - - [22/Mar/2024:07:11:46 -0500] "GET /BLA/resoluciones/AUTOS%202021/0245.php?act=img&img=change HTTP/1.1" 200 290
47.128.23.219 - - [22/Mar/2024:07:11:46 -0500] "GET /BLA/resoluciones/AUTOS%202021/0245.php?act=img&img=download HTTP/1.1" 200 161
47.128.23.219 - - [22/Mar/2024:07:11:46 -0500] "GET /BLA/resoluciones/AUTOS%202021/0245.php?act=img&img=ext_rtf HTTP/1.1" 200 164
47.128.23.219 - - [22/Mar/2024:07:11:46 -0500] "GET /BLA/resoluciones/AUTOS%202021/0245.php?act=img&img=ext_ini HTTP/1.1" 200 134
216.245.221.92 - - [22/Mar/2024:07:11:53 -0500] "HEAD / HTTP/1.1" 200 -
201.245.192.253 - - [22/Mar/2024:07:12:02 -0500] "POST /kwsrmcab/Wsrmcab  HTTP/1.1" 200 37499
201.245.192.253 - - [22/Mar/2024:07:12:13 -0500] "POST /forms/lservlet;jsessionid=ac16012b30d65e7a44aedd6c4e8b8a078f956b9fbf50.e3iSbxaKaheRe3iNc3uNbNmQay1ynknvrkLOlQzNp65In0 HTTP/1.1" 200 2
186.102.108.148 - - [22/Mar/2024:07:12:41 -0500] "GET /kwssiamovil/sm/acme/u?s=U2FsdGVkX19RyWSRi18N570JLy1KAslmV4pw8be4pwj/XegwQiDKXJ85GdXvDzeDMXq0/C+qr/tCDrO5c3b3i1ZAI0ilatR3Ut5ZMa3yrBYHxhOmE4DenB8WrLfH4dxgrTiq663Slhvto9n2OOfvzFo9Y457u95WdmVNlPTviRg=&u=U2FsdGVkX18REDwpTflXenwo3pHwUrNqW37UDKG0XOg=&y=U2FsdGVkX1+772KUw2HjSX20A3Iw7nlcGud5EO/qrDg9mZGa6AVzZxLsu327HSIn HTTP/1.1" 200 60
201.245.192.253 - - [22/Mar/2024:07:12:51 -0500] "POST /forms/lservlet;jsessionid=ac16012b30d6a3adf64eb8e9433c86d0dc471af886a3.e3iSbxaKaheRe3iNc3uNbNmQay1ynknvrkLOlQzNp65In0 HTTP/1.1" 200 2
47.128.18.206 - - [22/Mar/2024:07:13:58 -0500] "GET /BLA/resoluciones/AUTOS%202021/0245.php?act=chmod&d=E%3A%5Cnuevo%5Chtdocs%5CBLA%5Cresoluciones&f=RESOLUCIONES+1999 HTTP/1.1" 200 2876
47.128.36.157 - - [22/Mar/2024:07:14:22 -0500] "GET /BLA/resoluciones/AUTOS%202021/0245.php?act=chmod&d=E%3A%5Cnuevo%5Chtdocs%5Ccalculadora2&f=.. HTTP/1.1" 200 2860
181.57.235.77 - - [22/Mar/2024:07:14:29 -0500] "GET /distrito-exalto-a-246-empresas-de-bogota-por-su-alto-desempeno-y-responsabilidad-ambiental-durante-2023.html HTTP/1.1" 200 1039
201.245.192.253 - - [22/Mar/2024:07:14:33 -0500] "POST /forms/lservlet;jsessionid=ac16012b30d65e7a44aedd6c4e8b8a078f956b9fbf50.e3iSbxaKaheRe3iNc3uNbNmQay1ynknvrkLOlQzNp65In0 HTTP/1.1" 200 2
172.22.2.4 - - [22/Mar/2024:07:12:58 -0500] "HEAD /BLA/boletinlegal/ HTTP/1.1" 200 -
47.128.36.130 - - [22/Mar/2024:07:14:46 -0500] "GET /BLA/resoluciones/AUTOS%202021/0245.php?act=chmod&d=E%3A%5Cnuevo%5Chtdocs%5CBLA%5Cresoluciones&f=AUTOS+2015 HTTP/1.1" 200 2869
47.128.36.154 - - [22/Mar/2024:07:15:10 -0500] "GET /BLA/resoluciones/AUTOS%202021/0245.php?act=chmod&d=E%3A%5Cnuevo%5Chtdocs%5CBLA%5Cresoluciones%5CAUTOS+2021%5C&f=6829.pdf HTTP/1.1" 200 2901
201.245.192.253 - - [22/Mar/2024:07:15:12 -0500] "POST /forms/lservlet;jsessionid=ac16012b30d6a3adf64eb8e9433c86d0dc471af886a3.e3iSbxaKaheRe3iNc3uNbNmQay1ynknvrkLOlQzNp65In0 HTTP/1.1" 200 2
172.22.2.4 - - [22/Mar/2024:07:13:49 -0500] "GET /BLA/boletinlegal/ HTTP/1.1" 200 53818
47.128.117.179 - - [22/Mar/2024:07:15:34 -0500] "GET /BLA/resoluciones/AUTOS%202021/0245.php?act=chmod&d=E%3A%5Cnuevo%5Chtdocs%5CBLA%5Cresoluciones&f=AUTOS+2005 HTTP/1.1" 200 2868
47.128.16.230 - - [22/Mar/2024:07:15:58 -0500] "GET /BLA/resoluciones/AUTOS%202021/0245.php?act=ls&d=E%3A%5Cnuevo%5Chtdocs%5Ccumbreclima%5Cwp-includes&sort=0a HTTP/1.1" 200 8933
47.128.16.230 - - [22/Mar/2024:07:15:59 -0500] "GET /BLA/resoluciones/AUTOS%202021/0245.php?act=img&img=ext_php HTTP/1.1" 200 79
47.128.16.230 - - [22/Mar/2024:07:16:00 -0500] "GET /BLA/resoluciones/AUTOS%202021/0245.php?act=img&img=ext_xml HTTP/1.1" 200 231
47.128.16.230 - - [22/Mar/2024:07:16:01 -0500] "GET /BLA/resoluciones/AUTOS%202021/0245.php?act=img&img=arrow_ltr HTTP/1.1" 200 88
172.22.2.4 - - [22/Mar/2024:07:16:22 -0500] "GET /BLA/boletinlegal/robots.txt HTTP/1.1" 404 1038
47.128.21.250 - - [22/Mar/2024:07:16:22 -0500] "GET /BLA/resoluciones/AUTOS%202021/0245.php?act=chmod&d=E%3A%5Cnuevo%5Chtdocs%5CBLA%5Cresoluciones&f=AUTOS+2011 HTTP/1.1" 200 2869
172.22.2.4 - - [22/Mar/2024:07:16:24 -0500] "GET /BLA/boletinlegal/jurisprudencia.php HTTP/1.1" 200 17637
216.245.221.92 - - [22/Mar/2024:07:16:53 -0500] "HEAD / HTTP/1.1" 200 -
201.245.192.253 - - [22/Mar/2024:07:17:00 -0500] "POST /kwsrmcab/Wsrmcab  HTTP/1.1" 200 37499
47.128.46.166 - - [22/Mar/2024:07:16:47 -0500] "GET /BLA/resoluciones/AUTOS%202021/0245.php?act=update&d=E%3A%5Cnuevo%5C HTTP/1.1" 200 2620
191.156.187.101 - - [22/Mar/2024:07:17:51 -0500] "POST /sipse/faces/presentacion/financiero/solicitudProceso/listarSolicitudProceso.xhtml HTTP/1.1" 200 147913
191.156.187.101 - - [22/Mar/2024:07:17:52 -0500] "GET /sipse/js/jquery.min.js HTTP/1.1" 304 -
191.156.187.101 - - [22/Mar/2024:07:17:52 -0500] "GET /sipse/js/funciones.js HTTP/1.1" 304 -
191.156.187.101 - - [22/Mar/2024:07:17:52 -0500] "GET /sipse/faces/javax.faces.resource/jquery/jquery.js?ln=primefaces&v=4.0 HTTP/1.1" 304 -
191.156.187.101 - - [22/Mar/2024:07:17:53 -0500] "GET /sipse/faces/javax.faces.resource/jquery/jquery-plugins.js?ln=primefaces&v=4.0 HTTP/1.1" 304 -
191.156.187.101 - - [22/Mar/2024:07:17:53 -0500] "GET /sipse/faces/javax.faces.resource/primefaces.js?ln=primefaces&v=4.0 HTTP/1.1" 304 -
191.156.187.101 - - [22/Mar/2024:07:17:53 -0500] "GET /sipse/faces/javax.faces.resource/layout/layout.js?ln=primefaces&v=4.0 HTTP/1.1" 304 -
191.156.187.101 - - [22/Mar/2024:07:17:53 -0500] "GET /sipse/imagenes/cargando.gif HTTP/1.1" 304 -
201.245.192.253 - - [22/Mar/2024:07:17:54 -0500] "POST /forms/lservlet;jsessionid=ac16012b30d65e7a44aedd6c4e8b8a078f956b9fbf50.e3iSbxaKaheRe3iNc3uNbNmQay1ynknvrkLOlQzNp65In0 HTTP/1.1" 200 2
191.156.187.101 - - [22/Mar/2024:07:17:56 -0500] "POST /sipse/faces/presentacion/financiero/solicitudProceso/consultarSolicitudProceso.xhtml HTTP/1.1" 200 591865
201.245.192.253 - - [22/Mar/2024:07:18:00 -0500] "POST /appsia/controlador HTTP/1.1" 200 7781
201.245.192.253 - - [22/Mar/2024:07:18:04 -0500] "POST /appsia/controlador HTTP/1.1" 200 6646
201.245.192.253 - - [22/Mar/2024:07:18:05 -0500] "POST /appsia/controlador HTTP/1.1" 200 12472
191.156.178.180 - - [22/Mar/2024:07:18:18 -0500] "POST /sipse/faces/presentacion/financiero/solicitudProceso/consultarSolicitudProceso.xhtml HTTP/1.1" 200 178115
216.244.66.195 - - [22/Mar/2024:07:18:26 -0500] "GET /robots.txt HTTP/1.1" 404 1018
201.245.192.253 - - [22/Mar/2024:07:18:33 -0500] "POST /forms/lservlet;jsessionid=ac16012b30d6a3adf64eb8e9433c86d0dc471af886a3.e3iSbxaKaheRe3iNc3uNbNmQay1ynknvrkLOlQzNp65In0 HTTP/1.1" 200 2
114.119.132.101 - - [22/Mar/2024:07:18:46 -0500] "GET /BLA/resoluciones/index.php?dir=RESOLUCIONES%2B1996/&sort=size&order=desc HTTP/1.1" 200 14311
201.245.192.253 - - [22/Mar/2024:07:18:54 -0500] "POST /kwsrmcab/Wsrmcab HTTP/1.1" 200 37065
201.245.192.253 - - [22/Mar/2024:07:18:55 -0500] "POST /kwsrmcab/Wsrmcab HTTP/1.1" 200 37955
201.245.192.253 - - [22/Mar/2024:07:19:28 -0500] "POST /kwsrmcab/Wsrmcab HTTP/1.1" 200 37782
201.245.192.253 - - [22/Mar/2024:07:19:36 -0500] "POST /appsia/controlador HTTP/1.1" 200 7781
201.245.192.253 - - [22/Mar/2024:07:19:41 -0500] "POST /appsia/controlador HTTP/1.1" 200 6646
3.20.63.178 - - [22/Mar/2024:07:19:41 -0500] "HEAD / HTTP/1.1" 200 -
201.245.192.253 - - [22/Mar/2024:07:19:42 -0500] "POST /appsia/controlador HTTP/1.1" 200 12470
66.249.66.21 - - [22/Mar/2024:07:19:46 -0500] "GET /Publicaciones/2024EE35186.pdf HTTP/1.1" 404 227
201.245.192.253 - - [22/Mar/2024:07:19:52 -0500] "POST /appsia/controlador HTTP/1.1" 200 7781
201.245.192.253 - - [22/Mar/2024:07:19:59 -0500] "POST /appsia/controlador HTTP/1.1" 200 6646
201.245.192.253 - - [22/Mar/2024:07:20:00 -0500] "POST /appsia/controlador HTTP/1.1" 200 11330
172.22.2.4 - - [22/Mar/2024:07:20:11 -0500] "GET /BLA/boletinlegal/Circulares/2023/CIRCULAR%20No.%2000003%20DEL%2021%20DE%20FEBRERO%20DEL%202023.pdf HTTP/1.1" 200 355302
172.22.2.4 - - [22/Mar/2024:07:20:11 -0500] "GET /BLA/boletinlegal/favicon.ico HTTP/1.1" 404 1502
201.245.192.253 - - [22/Mar/2024:07:20:21 -0500] "POST /kwsrmcab/Wsrmcab HTTP/1.1" 200 37955
172.22.2.4 - - [22/Mar/2024:07:18:48 -0500] "HEAD /BLA/boletinlegal/ HTTP/1.1" 200 -
201.245.192.253 - - [22/Mar/2024:07:20:45 -0500] "POST /appsia/controlador HTTP/1.1" 200 7781
201.245.192.253 - - [22/Mar/2024:07:20:46 -0500] "POST /appsia/controlador HTTP/1.1" 200 6646
201.245.192.253 - - [22/Mar/2024:07:20:47 -0500] "POST /appsia/controlador HTTP/1.1" 200 12472
201.245.192.253 - - [22/Mar/2024:07:20:57 -0500] "POST /forms/lservlet;jsessionid=ac16012b30d65e7a44aedd6c4e8b8a078f956b9fbf50.e3iSbxaKaheRe3iNc3uNbNmQay1ynknvrkLOlQzNp65In0 HTTP/1.1" 200 2
172.22.2.4 - - [22/Mar/2024:07:19:39 -0500] "GET /BLA/boletinlegal/ HTTP/1.1" 200 40647
172.22.2.4 - - [22/Mar/2024:07:19:41 -0500] "HEAD /BLA/boletinlegal/ HTTP/1.1" 200 -
201.245.192.253 - - [22/Mar/2024:07:21:36 -0500] "POST /forms/lservlet;jsessionid=ac16012b30d6a3adf64eb8e9433c86d0dc471af886a3.e3iSbxaKaheRe3iNc3uNbNmQay1ynknvrkLOlQzNp65In0 HTTP/1.1" 200 2
201.245.192.253 - - [22/Mar/2024:07:21:39 -0500] "POST /appsia/controlador HTTP/1.1" 200 7781
172.22.2.4 - - [22/Mar/2024:07:19:59 -0500] "HEAD /BLA/boletinlegal/ HTTP/1.1" 200 -
66.249.66.38 - - [22/Mar/2024:07:21:45 -0500] "GET /si-eres-sujeto-del-pago-de-tasa-retributiva-no-olvides-enviarnos-tu-formulario-de-autodeclaracion-de-vertimientos-de-2021.html HTTP/1.1" 200 1165
201.245.192.253 - - [22/Mar/2024:07:21:51 -0500] "POST /appsia/controlador HTTP/1.1" 200 6646
201.245.192.253 - - [22/Mar/2024:07:21:52 -0500] "POST /appsia/controlador HTTP/1.1" 200 11330
216.245.221.92 - - [22/Mar/2024:07:21:53 -0500] "HEAD / HTTP/1.1" 200 -
201.245.192.253 - - [22/Mar/2024:07:21:59 -0500] "POST /kwsrmcab/Wsrmcab  HTTP/1.1" 200 37499
172.22.2.4 - - [22/Mar/2024:07:20:22 -0500] "GET /BLA/boletinlegal/ HTTP/1.1" 200 44737
40.77.167.4 - - [22/Mar/2024:07:22:18 -0500] "GET /BLA/resoluciones/AUTOS%202013/1691.pdf HTTP/1.1" 304 -
172.22.2.4 - - [22/Mar/2024:07:20:39 -0500] "GET /BLA/boletinlegal/ HTTP/1.1" 200 47256
201.245.192.253 - - [22/Mar/2024:07:22:57 -0500] "POST /forms/lservlet;jsessionid=ac16012b30d65e7a44aedd6c4e8b8a078f956b9fbf50.e3iSbxaKaheRe3iNc3uNbNmQay1ynknvrkLOlQzNp65In0 HTTP/1.1" 200 2
201.245.192.253 - - [22/Mar/2024:07:24:01 -0500] "POST /appsia/controlador HTTP/1.1" 200 7781
201.245.192.253 - - [22/Mar/2024:07:24:02 -0500] "POST /appsia/controlador HTTP/1.1" 200 6646
201.245.192.253 - - [22/Mar/2024:07:24:03 -0500] "POST /appsia/controlador HTTP/1.1" 200 12472
173.252.127.7 - - [22/Mar/2024:07:24:29 -0500] "GET /temporada-de-tinguas-y-mas-aves-migratorias-como-y-donde-reportarlas-si-las-ves-heridas-o-desorientadas.html HTTP/1.1" 200 784
173.252.127.15 - - [22/Mar/2024:07:24:29 -0500] "GET /temporada-de-tinguas-y-mas-aves-migratorias-como-y-donde-reportarlas-si-las-ves-heridas-o-desorientadas.html HTTP/1.1" 200 784
181.78.209.201 - - [22/Mar/2024:07:24:33 -0500] "GET /sipse/faces/index.xhtml HTTP/1.1" 200 677
181.78.209.201 - - [22/Mar/2024:07:24:34 -0500] "GET /sipse/faces/javax.faces.resource/theme.css?ln=primefaces-sipse HTTP/1.1" 304 -
181.78.209.201 - - [22/Mar/2024:07:24:35 -0500] "GET /sipse/faces/faces/autenticacion.xhtml HTTP/1.1" 200 12411
181.78.209.201 - - [22/Mar/2024:07:24:35 -0500] "GET /sipse/faces/javax.faces.resource/theme.css?ln=primefaces-sipse HTTP/1.1" 304 -
181.78.209.201 - - [22/Mar/2024:07:24:35 -0500] "GET /sipse/faces/javax.faces.resource/primefaces.css?ln=primefaces&v=4.0 HTTP/1.1" 304 -
181.78.209.201 - - [22/Mar/2024:07:24:35 -0500] "GET /sipse/faces/javax.faces.resource/layout/layout.css?ln=primefaces&v=4.0 HTTP/1.1" 304 -
181.78.209.201 - - [22/Mar/2024:07:24:35 -0500] "GET /sipse/faces/javax.faces.resource/primefaces.js?ln=primefaces&v=4.0 HTTP/1.1" 304 -
181.78.209.201 - - [22/Mar/2024:07:24:35 -0500] "GET /sipse/faces/javax.faces.resource/layout/layout.js?ln=primefaces&v=4.0 HTTP/1.1" 304 -
181.78.209.201 - - [22/Mar/2024:07:24:35 -0500] "GET /sipse/faces/javax.faces.resource/jquery/jquery.js?ln=primefaces&v=4.0 HTTP/1.1" 304 -
181.78.209.201 - - [22/Mar/2024:07:24:35 -0500] "GET /sipse/faces/javax.faces.resource/jquery/jquery-plugins.js?ln=primefaces&v=4.0 HTTP/1.1" 304 -
181.78.209.201 - - [22/Mar/2024:07:24:36 -0500] "GET /sipse/faces/javax.faces.resource/images/ui-icons_898989_256x240.png?ln=primefaces-aristo HTTP/1.1" 304 -
181.78.209.201 - - [22/Mar/2024:07:24:44 -0500] "POST /sipse/faces/autenticacion.xhtml HTTP/1.1" 200 2220
181.78.209.201 - - [22/Mar/2024:07:24:44 -0500] "GET /sipse/faces/javax.faces.resource/messages/messages.png?ln=primefaces&v=4.0 HTTP/1.1" 304 -
181.78.209.201 - - [22/Mar/2024:07:24:45 -0500] "POST /sipse/faces/autenticacion.xhtml HTTP/1.1" 200 16329
181.78.209.201 - - [22/Mar/2024:07:24:46 -0500] "GET /sipse/faces/javax.faces.resource/theme.css?ln=primefaces-sipse HTTP/1.1" 304 -
181.78.209.201 - - [22/Mar/2024:07:24:46 -0500] "GET /sipse/faces/javax.faces.resource/primefaces.css?ln=primefaces&v=4.0 HTTP/1.1" 304 -
181.78.209.201 - - [22/Mar/2024:07:24:46 -0500] "GET /sipse/faces/javax.faces.resource/layout/layout.css?ln=primefaces&v=4.0 HTTP/1.1" 304 -
181.78.209.201 - - [22/Mar/2024:07:24:46 -0500] "GET /sipse/faces/javax.faces.resource/jquery/jquery.js?ln=primefaces&v=4.0 HTTP/1.1" 304 -
181.78.209.201 - - [22/Mar/2024:07:24:46 -0500] "GET /sipse/faces/javax.faces.resource/jquery/jquery-plugins.js?ln=primefaces&v=4.0 HTTP/1.1" 304 -
181.78.209.201 - - [22/Mar/2024:07:24:46 -0500] "GET /sipse/faces/javax.faces.resource/primefaces.js?ln=primefaces&v=4.0 HTTP/1.1" 304 -
181.78.209.201 - - [22/Mar/2024:07:24:46 -0500] "GET /sipse/faces/javax.faces.resource/layout/layout.js?ln=primefaces&v=4.0 HTTP/1.1" 304 -
181.78.209.201 - - [22/Mar/2024:07:24:46 -0500] "GET /sipse/css/imagen/contrasena.png HTTP/1.1" 404 383
181.78.209.201 - - [22/Mar/2024:07:24:51 -0500] "GET /sipse/faces/javax.faces.resource/images/ui-bg_flat_0_2d5972_40x100.png?ln=primefaces-aristo HTTP/1.1" 304 -
181.78.209.201 - - [22/Mar/2024:07:24:51 -0500] "POST /sipse/faces/bienvenido.xhtml HTTP/1.1" 200 2658
181.78.209.201 - - [22/Mar/2024:07:24:52 -0500] "POST /sipse/faces/bienvenido.xhtml HTTP/1.1" 200 64374
181.78.209.201 - - [22/Mar/2024:07:24:53 -0500] "GET /sipse/faces/javax.faces.resource/theme.css?ln=primefaces-sipse HTTP/1.1" 304 -
181.78.209.201 - - [22/Mar/2024:07:24:53 -0500] "GET /sipse/faces/javax.faces.resource/primefaces.css?ln=primefaces&v=4.0 HTTP/1.1" 304 -
181.78.209.201 - - [22/Mar/2024:07:24:53 -0500] "GET /sipse/faces/javax.faces.resource/layout/layout.css?ln=primefaces&v=4.0 HTTP/1.1" 304 -
181.78.209.201 - - [22/Mar/2024:07:24:53 -0500] "GET /sipse/faces/javax.faces.resource/jquery/jquery.js?ln=primefaces&v=4.0 HTTP/1.1" 304 -
181.78.209.201 - - [22/Mar/2024:07:24:53 -0500] "GET /sipse/faces/javax.faces.resource/jquery/jquery-plugins.js?ln=primefaces&v=4.0 HTTP/1.1" 304 -
181.78.209.201 - - [22/Mar/2024:07:24:54 -0500] "GET /sipse/faces/javax.faces.resource/primefaces.js?ln=primefaces&v=4.0 HTTP/1.1" 304 -
181.78.209.201 - - [22/Mar/2024:07:24:54 -0500] "GET /sipse/faces/javax.faces.resource/layout/layout.js?ln=primefaces&v=4.0 HTTP/1.1" 304 -
181.78.209.201 - - [22/Mar/2024:07:24:54 -0500] "POST /sipse/faces/presentacion/financiero/solicitudProceso/listarSolicitudProceso.xhtml HTTP/1.1" 200 1560
52.167.144.214 - - [22/Mar/2024:07:25:12 -0500] "GET /BLA/resoluciones/RESOLUCIONES%202021/0604.pdf HTTP/1.1" 304 -
201.245.192.253 - - [22/Mar/2024:07:25:32 -0500] "POST /forms/lservlet;jsessionid=ac16012b30d6a3adf64eb8e9433c86d0dc471af886a3.e3iSbxaKaheRe3iNc3uNbNmQay1ynknvrkLOlQzNp65In0 HTTP/1.1" 200 2
201.245.192.253 - - [22/Mar/2024:07:26:01 -0500] "GET /sipse/faces/index.xhtml HTTP/1.1" 200 677
201.245.192.253 - - [22/Mar/2024:07:26:01 -0500] "GET /sipse/faces/javax.faces.resource/theme.css?ln=primefaces-sipse HTTP/1.1" 304 -
201.245.192.253 - - [22/Mar/2024:07:26:01 -0500] "GET /sipse/faces/faces/autenticacion.xhtml HTTP/1.1" 200 12411
201.245.192.253 - - [22/Mar/2024:07:26:01 -0500] "GET /sipse/js/disable_browser_buttons.js HTTP/1.1" 200 3230
201.245.192.253 - - [22/Mar/2024:07:26:01 -0500] "GET /sipse/js/funciones.js HTTP/1.1" 200 12592
201.245.192.253 - - [22/Mar/2024:07:26:01 -0500] "GET /sipse/css/custom_css_sg_prime_login.css HTTP/1.1" 200 443
201.245.192.253 - - [22/Mar/2024:07:26:01 -0500] "GET /sipse/css/custom_css_sg.css HTTP/1.1" 200 9694
201.245.192.253 - - [22/Mar/2024:07:26:01 -0500] "GET /sipse/faces/javax.faces.resource/theme.css?ln=primefaces-sipse HTTP/1.1" 304 -
201.245.192.253 - - [22/Mar/2024:07:26:01 -0500] "GET /sipse/faces/javax.faces.resource/primefaces.css?ln=primefaces&v=4.0 HTTP/1.1" 304 -
201.245.192.253 - - [22/Mar/2024:07:26:01 -0500] "GET /sipse/faces/javax.faces.resource/layout/layout.css?ln=primefaces&v=4.0 HTTP/1.1" 304 -
201.245.192.253 - - [22/Mar/2024:07:26:01 -0500] "GET /sipse/faces/javax.faces.resource/jquery/jquery.js?ln=primefaces&v=4.0 HTTP/1.1" 304 -
201.245.192.253 - - [22/Mar/2024:07:26:01 -0500] "GET /sipse/faces/javax.faces.resource/jquery/jquery-plugins.js?ln=primefaces&v=4.0 HTTP/1.1" 304 -
201.245.192.253 - - [22/Mar/2024:07:26:01 -0500] "GET /sipse/faces/javax.faces.resource/layout/layout.js?ln=primefaces&v=4.0 HTTP/1.1" 304 -
201.245.192.253 - - [22/Mar/2024:07:26:01 -0500] "GET /sipse/faces/javax.faces.resource/primefaces.js?ln=primefaces&v=4.0 HTTP/1.1" 304 -
201.245.192.253 - - [22/Mar/2024:07:26:01 -0500] "GET /sipse/css/imagen/logoSDG.png HTTP/1.1" 200 53064
201.245.192.253 - - [22/Mar/2024:07:26:01 -0500] "GET /sipse/faces/javax.faces.resource/images/ui-icons_898989_256x240.png?ln=primefaces-aristo HTTP/1.1" 304 -
201.245.192.253 - - [22/Mar/2024:07:26:01 -0500] "GET /sipse/css/imagen/loginimg.png HTTP/1.1" 200 71635
201.245.192.253 - - [22/Mar/2024:07:26:16 -0500] "POST /sipse/faces/autenticacion.xhtml HTTP/1.1" 200 16788
201.245.192.253 - - [22/Mar/2024:07:26:16 -0500] "GET /sipse/css/custom_css_sg_prime.css HTTP/1.1" 200 5201
201.245.192.253 - - [22/Mar/2024:07:26:16 -0500] "GET /sipse/faces/javax.faces.resource/layout/layout.css?ln=primefaces&v=4.0 HTTP/1.1" 304 -
201.245.192.253 - - [22/Mar/2024:07:26:16 -0500] "GET /sipse/faces/javax.faces.resource/theme.css?ln=primefaces-sipse HTTP/1.1" 304 -
201.245.192.253 - - [22/Mar/2024:07:26:16 -0500] "GET /sipse/faces/javax.faces.resource/primefaces.css?ln=primefaces&v=4.0 HTTP/1.1" 304 -
201.245.192.253 - - [22/Mar/2024:07:26:16 -0500] "GET /sipse/js/jquery.min.js HTTP/1.1" 200 85582
201.245.192.253 - - [22/Mar/2024:07:26:16 -0500] "GET /sipse/faces/javax.faces.resource/jquery/jquery.js?ln=primefaces&v=4.0 HTTP/1.1" 304 -
201.245.192.253 - - [22/Mar/2024:07:26:16 -0500] "GET /sipse/faces/javax.faces.resource/jquery/jquery-plugins.js?ln=primefaces&v=4.0 HTTP/1.1" 304 -
201.245.192.253 - - [22/Mar/2024:07:26:16 -0500] "GET /sipse/faces/javax.faces.resource/primefaces.js?ln=primefaces&v=4.0 HTTP/1.1" 304 -
201.245.192.253 - - [22/Mar/2024:07:26:16 -0500] "GET /sipse/faces/javax.faces.resource/layout/layout.js?ln=primefaces&v=4.0 HTTP/1.1" 304 -
201.245.192.253 - - [22/Mar/2024:07:26:17 -0500] "GET /sipse/css/v_mergente.css HTTP/1.1" 200 1505
201.245.192.253 - - [22/Mar/2024:07:26:17 -0500] "GET /sipse/css/imagen/contrasena.png HTTP/1.1" 404 383
201.245.192.253 - - [22/Mar/2024:07:26:17 -0500] "GET /sipse/imagenes/cargando.gif HTTP/1.1" 200 36959
201.245.192.253 - - [22/Mar/2024:07:26:17 -0500] "GET /sipse/faces/javax.faces.resource/messages/messages.png?ln=primefaces&v=4.0 HTTP/1.1" 304 -
201.245.192.253 - - [22/Mar/2024:07:26:17 -0500] "GET /sipse/imagenes/logoAplicacion.jpg HTTP/1.1" 200 155084
172.22.2.4 - - [22/Mar/2024:07:24:38 -0500] "HEAD /BLA/boletinlegal/ HTTP/1.1" 200 -
201.245.192.253 - - [22/Mar/2024:07:26:18 -0500] "GET /sipse/faces/javax.faces.resource/images/ui-bg_flat_0_2d5972_40x100.png?ln=primefaces-aristo HTTP/1.1" 304 -
201.245.192.253 - - [22/Mar/2024:07:26:18 -0500] "POST /sipse/faces/bienvenido.xhtml HTTP/1.1" 200 2658
201.245.192.253 - - [22/Mar/2024:07:26:21 -0500] "POST /sipse/faces/bienvenido.xhtml HTTP/1.1" 200 39175
201.245.192.253 - - [22/Mar/2024:07:26:21 -0500] "GET /sipse/faces/javax.faces.resource/layout/layout.css?ln=primefaces&v=4.0 HTTP/1.1" 304 -
201.245.192.253 - - [22/Mar/2024:07:26:21 -0500] "GET /sipse/faces/javax.faces.resource/primefaces.css?ln=primefaces&v=4.0 HTTP/1.1" 304 -
201.245.192.253 - - [22/Mar/2024:07:26:21 -0500] "GET /sipse/faces/javax.faces.resource/theme.css?ln=primefaces-sipse HTTP/1.1" 304 -
201.245.192.253 - - [22/Mar/2024:07:26:21 -0500] "GET /sipse/faces/javax.faces.resource/jquery/jquery.js?ln=primefaces&v=4.0 HTTP/1.1" 304 -
201.245.192.253 - - [22/Mar/2024:07:26:21 -0500] "GET /sipse/faces/javax.faces.resource/jquery/jquery-plugins.js?ln=primefaces&v=4.0 HTTP/1.1" 304 -
201.245.192.253 - - [22/Mar/2024:07:26:21 -0500] "GET /sipse/faces/javax.faces.resource/primefaces.js?ln=primefaces&v=4.0 HTTP/1.1" 304 -
201.245.192.253 - - [22/Mar/2024:07:26:21 -0500] "GET /sipse/faces/javax.faces.resource/layout/layout.js?ln=primefaces&v=4.0 HTTP/1.1" 304 -
201.245.192.253 - - [22/Mar/2024:07:26:21 -0500] "POST /sipse/faces/presentacion/financiero/solicitudProceso/listarSolicitudProceso.xhtml HTTP/1.1" 200 1420
69.63.184.119 - - [22/Mar/2024:07:26:26 -0500] "GET /images/Caminatas%20(1)%20(2).jpeg HTTP/1.1" 200 81411
201.245.192.253 - - [22/Mar/2024:07:26:27 -0500] "POST /sipse/faces/presentacion/financiero/solicitudProceso/listarSolicitudProceso.xhtml HTTP/1.1" 200 136061
201.245.192.253 - - [22/Mar/2024:07:26:28 -0500] "GET /sipse/faces/javax.faces.resource/theme.css?ln=primefaces-sipse HTTP/1.1" 304 -
201.245.192.253 - - [22/Mar/2024:07:26:28 -0500] "GET /sipse/faces/javax.faces.resource/primefaces.css?ln=primefaces&v=4.0 HTTP/1.1" 304 -
201.245.192.253 - - [22/Mar/2024:07:26:28 -0500] "GET /sipse/faces/javax.faces.resource/layout/layout.css?ln=primefaces&v=4.0 HTTP/1.1" 304 -
201.245.192.253 - - [22/Mar/2024:07:26:28 -0500] "GET /sipse/faces/javax.faces.resource/jquery/jquery.js?ln=primefaces&v=4.0 HTTP/1.1" 304 -
201.245.192.253 - - [22/Mar/2024:07:26:28 -0500] "GET /sipse/faces/javax.faces.resource/jquery/jquery-plugins.js?ln=primefaces&v=4.0 HTTP/1.1" 304 -
201.245.192.253 - - [22/Mar/2024:07:26:28 -0500] "GET /sipse/faces/javax.faces.resource/primefaces.js?ln=primefaces&v=4.0 HTTP/1.1" 304 -
201.245.192.253 - - [22/Mar/2024:07:26:28 -0500] "GET /sipse/faces/javax.faces.resource/layout/layout.js?ln=primefaces&v=4.0 HTTP/1.1" 304 -
172.22.1.61 - - [22/Mar/2024:07:26:31 -0500] "GET /reportes_sipse/sdg/ServletFirma?solicitud=25147 HTTP/1.1" 200 -
201.245.192.253 - - [22/Mar/2024:07:26:31 -0500] "POST /sipse/faces/presentacion/financiero/solicitudProceso/consultarSolicitudProceso.xhtml HTTP/1.1" 200 36687
201.245.192.253 - - [22/Mar/2024:07:26:34 -0500] "GET /sipse/faces/javax.faces.resource/theme.css?ln=primefaces-sipse HTTP/1.1" 304 -
201.245.192.253 - - [22/Mar/2024:07:26:34 -0500] "GET /sipse/faces/javax.faces.resource/layout/layout.css?ln=primefaces&v=4.0 HTTP/1.1" 304 -
201.245.192.253 - - [22/Mar/2024:07:26:34 -0500] "GET /sipse/faces/javax.faces.resource/primefaces.css?ln=primefaces&v=4.0 HTTP/1.1" 304 -
201.245.192.253 - - [22/Mar/2024:07:26:34 -0500] "GET /sipse/faces/javax.faces.resource/jquery/jquery.js?ln=primefaces&v=4.0 HTTP/1.1" 304 -
201.245.192.253 - - [22/Mar/2024:07:26:34 -0500] "GET /sipse/faces/javax.faces.resource/jquery/jquery-plugins.js?ln=primefaces&v=4.0 HTTP/1.1" 304 -
201.245.192.253 - - [22/Mar/2024:07:26:34 -0500] "GET /sipse/faces/javax.faces.resource/primefaces.js?ln=primefaces&v=4.0 HTTP/1.1" 304 -
201.245.192.253 - - [22/Mar/2024:07:26:34 -0500] "GET /sipse/faces/javax.faces.resource/layout/layout.js?ln=primefaces&v=4.0 HTTP/1.1" 304 -
201.245.192.253 - - [22/Mar/2024:07:26:34 -0500] "POST /sipse/faces/presentacion/financiero/solicitudProceso/listarSolicitudProceso.xhtml HTTP/1.1" 200 1400
201.245.192.253 - - [22/Mar/2024:07:26:36 -0500] "POST /sipse/faces/presentacion/financiero/solicitudProceso/listarSolicitudProceso.xhtml HTTP/1.1" 200 29584
